66.249.70.202 - - [19/May/2007:23:57:51 -0400] "GET /images/ACE_BoneGraft_04.pdf HTTP/1.1" 200 9952673 "-" "Mozilla/5.0 (compatible; Googlebot/2.1; +http://www.google.com/bot.html)"
209.59.12.99 - - [20/May/2007:00:01:35 -0400] "GET / HTTP/1.0" 200 367 "-" "check_http/1.81 (nagios-plugins 1.4)"
66.249.70.202 - - [20/May/2007:00:01:34 -0400] "GET /images/ACE_BoneScrewFlyer.pdf HTTP/1.1" 200 1221193 "-" "Mozilla/5.0 (compatible; Googlebot/2.1; +http://www.google.com/bot.html)"
209.59.12.99 - - [20/May/2007:00:06:36 -0400] "GET / HTTP/1.0" 200 367 "-" "check_http/1.81 (nagios-plugins 1.4)"
66.249.70.202 - - [20/May/2007:00:05:02 -0400] "GET /images/ACE_Fall04_BestBuys.pdf HTTP/1.1" 200 5886198 "-" "Mozilla/5.0 (compatible; Googlebot/2.1; +http://www.google.com/bot.html)"
209.59.12.99 - - [20/May/2007:00:11:36 -0400] "GET / HTTP/1.0" 200 367 "-" "check_http/1.81 (nagios-plugins 1.4)"
66.249.70.202 - - [20/May/2007:00:08:50 -0400] "GET /images/ACE_BoneGraft_04.pdf HTTP/1.1" 200 9952673 "-" "Mozilla/5.0 (compatible; Googlebot/2.1; +http://www.google.com/bot.html)"
66.249.70.202 - - [20/May/2007:00:12:57 -0400] "GET /images/ACE_Fall04_BestBuys.pdf HTTP/1.1" 200 5886198 "-" "Mozilla/5.0 (compatible; Googlebot/2.1; +http://www.google.com/bot.html)"
209.59.12.99 - - [20/May/2007:00:16:36 -0400] "GET / HTTP/1.0" 200 367 "-" "check_http/1.81 (nagios-plugins 1.4)"
66.249.70.202 - - [20/May/2007:00:17:25 -0400] "GET /images/ACE_BoneGraft_04.pdf HTTP/1.1" 200 9952673 "-" "Mozilla/5.0 (compatible; Googlebot/2.1; +http://www.google.com/bot.html)"
209.59.12.99 - - [20/May/2007:00:21:36 -0400] "GET / HTTP/1.0" 200 367 "-" "check_http/1.81 (nagios-plugins 1.4)"
66.249.70.202 - - [20/May/2007:00:22:10 -0400] "GET /images/ACE_Fall04_BestBuys.pdf HTTP/1.1" 200 5886198 "-" "Mozilla/5.0 (compatible; Googlebot/2.1; +http://www.google.com/bot.html)"
209.59.12.99 - - [20/May/2007:00:26:36 -0400] "GET / HTTP/1.0" 200 367 "-" "check_http/1.81 (nagios-plugins 1.4)"
66.249.70.202 - - [20/May/2007:00:27:11 -0400] "GET /images/ACE_BoneGraft_04.pdf HTTP/1.1" 200 9952673 "-" "Mozilla/5.0 (compatible; Googlebot/2.1; +http://www.google.com/bot.html)"
209.59.12.99 - - [20/May/2007:00:31:36 -0400] "GET / HTTP/1.0" 200 367 "-" "check_http/1.81 (nagios-plugins 1.4)"
66.249.70.202 - - [20/May/2007:00:32:27 -0400] "GET /images/ACE_Fall04_BestBuys.pdf HTTP/1.1" 200 5886198 "-" "Mozilla/5.0 (compatible; Googlebot/2.1; +http://www.google.com/bot.html)"
209.59.12.99 - - [20/May/2007:00:36:37 -0400] "GET / HTTP/1.0" 200 367 "-" "check_http/1.81 (nagios-plugins 1.4)"
66.249.70.202 - - [20/May/2007:00:38:00 -0400] "GET /images/ACE_BoneGraft_04.pdf HTTP/1.1" 200 9952673 "-" "Mozilla/5.0 (compatible; Googlebot/2.1; +http://www.google.com/bot.html)"
209.59.12.99 - - [20/May/2007:00:41:36 -0400] "GET / HTTP/1.0" 200 367 "-" "check_http/1.81 (nagios-plugins 1.4)"
209.59.12.99 - - [20/May/2007:00:46:37 -0400] "GET / HTTP/1.0" 200 367 "-" "check_http/1.81 (nagios-plugins 1.4)"
66.249.70.202 - - [20/May/2007:00:43:47 -0400] "GET /images/ACE_Fall04_BestBuys.pdf HTTP/1.1" 200 5886198 "-" "Mozilla/5.0 (compatible; Googlebot/2.1; +http://www.google.com/bot.html)"
209.59.12.99 - - [20/May/2007:00:51:37 -0400] "GET / HTTP/1.0" 200 367 "-" "check_http/1.81 (nagios-plugins 1.4)"
66.249.70.202 - - [20/May/2007:00:49:50 -0400] "GET /images/ACE_BoneGraft_04.pdf HTTP/1.1" 200 9952673 "-" "Mozilla/5.0 (compatible; Googlebot/2.1; +http://www.google.com/bot.html)"
209.59.12.99 - - [20/May/2007:00:56:37 -0400] "GET / HTTP/1.0" 200 367 "-" "check_http/1.81 (nagios-plugins 1.4)"
68.116.86.4 - - [20/May/2007:00:58:02 -0400] "GET /cgi-bin/lansaweb?procfun+wordpr01+webfunc+M37 HTTP/1.1" 200 38220 "http://www.acesurgical.com/home_May07.html" "Mozilla/4.0 (compatible; MSIE 7.0; Windows NT 5.1; .NET CLR 1.0.3705; Windows-Media-Player/10.00.00.3990; .NET CLR 2.0.50727; InfoPath.1)"
68.116.86.4 - - [20/May/2007:00:58:06 -0400] "GET /images/ace_logo_top.jpg HTTP/1.1" 200 2702 "http://www.aceonlinestore.com/cgi-bin/lansaweb?procfun+wordpr01+webfunc+M37" "Mozilla/4.0 (compatible; MSIE 7.0; Windows NT 5.1; .NET CLR 1.0.3705; Windows-Media-Player/10.00.00.3990; .NET CLR 2.0.50727; InfoPath.1)"
68.116.86.4 - - [20/May/2007:00:58:06 -0400] "GET /images/nav04_shop_over.jpg HTTP/1.1" 200 1722 "http://www.aceonlinestore.com/cgi-bin/lansaweb?procfun+wordpr01+webfunc+M37" "Mozilla/4.0 (compatible; MSIE 7.0; Windows NT 5.1; .NET CLR 1.0.3705; Windows-Media-Player/10.00.00.3990; .NET CLR 2.0.50727; InfoPath.1)"
68.116.86.4 - - [20/May/2007:00:58:06 -0400] "GET /images/nav04_about_off.jpg HTTP/1.1" 200 1255 "http://www.aceonlinestore.com/cgi-bin/lansaweb?procfun+wordpr01+webfunc+M37" "Mozilla/4.0 (compatible; MSIE 7.0; Windows NT 5.1; .NET CLR 1.0.3705; Windows-Media-Player/10.00.00.3990; .NET CLR 2.0.50727; InfoPath.1)"
68.116.86.4 - - [20/May/2007:00:58:06 -0400] "GET /images/nav_upper_bgrd.jpg HTTP/1.1" 200 2954 "http://www.aceonlinestore.com/cgi-bin/lansaweb?procfun+wordpr01+webfunc+M37" "Mozilla/4.0 (compatible; MSIE 7.0; Windows NT 5.1; .NET CLR 1.0.3705; Windows-Media-Player/10.00.00.3990; .NET CLR 2.0.50727; InfoPath.1)"
68.116.86.4 - - [20/May/2007:00:58:07 -0400] "GET /images/nav04_conven_off.jpg HTTP/1.1" 200 1341 "http://www.aceonlinestore.com/cgi-bin/lansaweb?procfun+wordpr01+webfunc+M37" "Mozilla/4.0 (compatible; MSIE 7.0; Windows NT 5.1; .NET CLR 1.0.3705; Windows-Media-Player/10.00.00.3990; .NET CLR 2.0.50727; InfoPath.1)"
68.116.86.4 - - [20/May/2007:00:58:07 -0400] "GET /images/nav04_download_off.jpg HTTP/1.1" 200 1206 "http://www.aceonlinestore.com/cgi-bin/lansaweb?procfun+wordpr01+webfunc+M37" "Mozilla/4.0 (compatible; MSIE 7.0; Windows NT 5.1; .NET CLR 1.0.3705; Windows-Media-Player/10.00.00.3990; .NET CLR 2.0.50727; InfoPath.1)"
68.116.86.4 - - [20/May/2007:00:58:07 -0400] "GET /images/nav04_contact_off.jpg HTTP/1.1" 200 965 "http://www.aceonlinestore.com/cgi-bin/lansaweb?procfun+wordpr01+webfunc+M37" "Mozilla/4.0 (compatible; MSIE 7.0; Windows NT 5.1; .NET CLR 1.0.3705; Windows-Media-Player/10.00.00.3990; .NET CLR 2.0.50727; InfoPath.1)"
68.116.86.4 - - [20/May/2007:00:58:07 -0400] "GET /images/ace_logo_bottom.jpg HTTP/1.1" 200 2447 "http://www.aceonlinestore.com/cgi-bin/lansaweb?procfun+wordpr01+webfunc+M37" "Mozilla/4.0 (compatible; MSIE 7.0; Windows NT 5.1; .NET CLR 1.0.3705; Windows-Media-Player/10.00.00.3990; .NET CLR 2.0.50727; InfoPath.1)"
68.116.86.4 - - [20/May/2007:00:58:08 -0400] "GET /images/nav_store_head.jpg HTTP/1.1" 200 1953 "http://www.aceonlinestore.com/cgi-bin/lansaweb?procfun+wordpr01+webfunc+M37" "Mozilla/4.0 (compatible; MSIE 7.0; Windows NT 5.1; .NET CLR 1.0.3705; Windows-Media-Player/10.00.00.3990; .NET CLR 2.0.50727; InfoPath.1)"
68.116.86.4 - - [20/May/2007:00:58:08 -0400] "GET /images/nav_store_index_off.jpg HTTP/1.1" 200 922 "http://www.aceonlinestore.com/cgi-bin/lansaweb?procfun+wordpr01+webfunc+M37" "Mozilla/4.0 (compatible; MSIE 7.0; Windows NT 5.1; .NET CLR 1.0.3705; Windows-Media-Player/10.00.00.3990; .NET CLR 2.0.50727; InfoPath.1)"
68.116.86.4 - - [20/May/2007:00:58:11 -0400] "GET /images/spacer.gif HTTP/1.1" 200 55 "http://www.aceonlinestore.com/cgi-bin/lansaweb?procfun+wordpr01+webfunc+M37" "Mozilla/4.0 (compatible; MSIE 7.0; Windows NT 5.1; .NET CLR 1.0.3705; Windows-Media-Player/10.00.00.3990; .NET CLR 2.0.50727; InfoPath.1)"
68.116.86.4 - - [20/May/2007:00:58:11 -0400] "GET /images/login.gif HTTP/1.1" 200 166 "http://www.aceonlinestore.com/cgi-bin/lansaweb?procfun+wordpr01+webfunc+M37" "Mozilla/4.0 (compatible; MSIE 7.0; Windows NT 5.1; .NET CLR 1.0.3705; Windows-Media-Player/10.00.00.3990; .NET CLR 2.0.50727; InfoPath.1)"
68.116.86.4 - - [20/May/2007:00:58:11 -0400] "GET /images/login_go.gif HTTP/1.1" 200 296 "http://www.aceonlinestore.com/cgi-bin/lansaweb?procfun+wordpr01+webfunc+M37" "Mozilla/4.0 (compatible; MSIE 7.0; Windows NT 5.1; .NET CLR 1.0.3705; Windows-Media-Player/10.00.00.3990; .NET CLR 2.0.50727; InfoPath.1)"
68.116.86.4 - - [20/May/2007:00:58:11 -0400] "GET /images/nav_lower_bgrd.jpg HTTP/1.1" 200 2321 "http://www.aceonlinestore.com/cgi-bin/lansaweb?procfun+wordpr01+webfunc+M37" "Mozilla/4.0 (compatible; MSIE 7.0; Windows NT 5.1; .NET CLR 1.0.3705; Windows-Media-Player/10.00.00.3990; .NET CLR 2.0.50727; InfoPath.1)"
68.116.86.4 - - [20/May/2007:00:58:11 -0400] "GET /images/search.gif HTTP/1.1" 200 614 "http://www.aceonlinestore.com/cgi-bin/lansaweb?procfun+wordpr01+webfunc+M37" "Mozilla/4.0 (compatible; MSIE 7.0; Windows NT 5.1; .NET CLR 1.0.3705; Windows-Media-Player/10.00.00.3990; .NET CLR 2.0.50727; InfoPath.1)"
68.116.86.4 - - [20/May/2007:00:58:11 -0400] "GET /images/psearch_go.gif HTTP/1.1" 200 296 "http://www.aceonlinestore.com/cgi-bin/lansaweb?procfun+wordpr01+webfunc+M37" "Mozilla/4.0 (compatible; MSIE 7.0; Windows NT 5.1; .NET CLR 1.0.3705; Windows-Media-Player/10.00.00.3990; .NET CLR 2.0.50727; InfoPath.1)"
68.116.86.4 - - [20/May/2007:00:58:11 -0400] "GET /images/sale_promo-icon.gif HTTP/1.1" 200 402 "http://www.aceonlinestore.com/cgi-bin/lansaweb?procfun+wordpr01+webfunc+M37" "Mozilla/4.0 (compatible; MSIE 7.0; Windows NT 5.1; .NET CLR 1.0.3705; Windows-Media-Player/10.00.00.3990; .NET CLR 2.0.50727; InfoPath.1)"
68.116.86.4 - - [20/May/2007:00:58:12 -0400] "GET /images/store_anesth_section.jpg HTTP/1.1" 200 10123 "http://www.aceonlinestore.com/cgi-bin/lansaweb?procfun+wordpr01+webfunc+M37" "Mozilla/4.0 (compatible; MSIE 7.0; Windows NT 5.1; .NET CLR 1.0.3705; Windows-Media-Player/10.00.00.3990; .NET CLR 2.0.50727; InfoPath.1)"
68.116.86.4 - - [20/May/2007:00:58:12 -0400] "GET /images/store_bone_section2.jpg HTTP/1.1" 200 21458 "http://www.aceonlinestore.com/cgi-bin/lansaweb?procfun+wordpr01+webfunc+M37" "Mozilla/4.0 (compatible; MSIE 7.0; Windows NT 5.1; .NET CLR 1.0.3705; Windows-Media-Player/10.00.00.3990; .NET CLR 2.0.50727; InfoPath.1)"
68.116.86.4 - - [20/May/2007:00:58:12 -0400] "GET /images/store_cardiac_section.jpg HTTP/1.1" 200 25730 "http://www.aceonlinestore.com/cgi-bin/lansaweb?procfun+wordpr01+webfunc+M37" "Mozilla/4.0 (compatible; MSIE 7.0; Windows NT 5.1; .NET CLR 1.0.3705; Windows-Media-Player/10.00.00.3990; .NET CLR 2.0.50727; InfoPath.1)"
68.116.86.4 - - [20/May/2007:00:58:12 -0400] "GET /images/store_implant_section.jpg HTTP/1.1" 200 8001 "http://www.aceonlinestore.com/cgi-bin/lansaweb?procfun+wordpr01+webfunc+M37" "Mozilla/4.0 (compatible; MSIE 7.0; Windows NT 5.1; .NET CLR 1.0.3705; Windows-Media-Player/10.00.00.3990; .NET CLR 2.0.50727; InfoPath.1)"
68.116.86.4 - - [20/May/2007:00:58:12 -0400] "GET /images/store_gauze_section.jpg HTTP/1.1" 200 24119 "http://www.aceonlinestore.com/cgi-bin/lansaweb?procfun+wordpr01+webfunc+M37" "Mozilla/4.0 (compatible; MSIE 7.0; Windows NT 5.1; .NET CLR 1.0.3705; Windows-Media-Player/10.00.00.3990; .NET CLR 2.0.50727; InfoPath.1)"
68.116.86.4 - - [20/May/2007:00:58:13 -0400] "GET /images/store_handpc_section.jpg HTTP/1.1" 200 23958 "http://www.aceonlinestore.com/cgi-bin/lansaweb?procfun+wordpr01+webfunc+M37" "Mozilla/4.0 (compatible; MSIE 7.0; Windows NT 5.1; .NET CLR 1.0.3705; Windows-Media-Player/10.00.00.3990; .NET CLR 2.0.50727; InfoPath.1)"
68.116.86.4 - - [20/May/2007:00:58:15 -0400] "GET /images/store_infection_section.jpg HTTP/1.1" 200 25264 "http://www.aceonlinestore.com/cgi-bin/lansaweb?procfun+wordpr01+webfunc+M37" "Mozilla/4.0 (compatible; MSIE 7.0; Windows NT 5.1; .NET CLR 1.0.3705; Windows-Media-Player/10.00.00.3990; .NET CLR 2.0.50727; InfoPath.1)"
68.116.86.4 - - [20/May/2007:00:58:15 -0400] "GET /images/store_instr_section.jpg HTTP/1.1" 200 26432 "http://www.aceonlinestore.com/cgi-bin/lansaweb?procfun+wordpr01+webfunc+M37" "Mozilla/4.0 (compatible; MSIE 7.0; Windows NT 5.1; .NET CLR 1.0.3705; Windows-Media-Player/10.00.00.3990; .NET CLR 2.0.50727; InfoPath.1)"
68.116.86.4 - - [20/May/2007:00:58:16 -0400] "GET /images/store_irrigate_section.gif HTTP/1.1" 200 10336 "http://www.aceonlinestore.com/cgi-bin/lansaweb?procfun+wordpr01+webfunc+M37" "Mozilla/4.0 (compatible; MSIE 7.0; Windows NT 5.1; .NET CLR 1.0.3705; Windows-Media-Player/10.00.00.3990; .NET CLR 2.0.50727; InfoPath.1)"
68.116.86.4 - - [20/May/2007:00:58:16 -0400] "GET /images/store_iv_admin_section.jpg HTTP/1.1" 200 9115 "http://www.aceonlinestore.com/cgi-bin/lansaweb?procfun+wordpr01+webfunc+M37" "Mozilla/4.0 (compatible; MSIE 7.0; Windows NT 5.1; .NET CLR 1.0.3705; Windows-Media-Player/10.00.00.3990; .NET CLR 2.0.50727; InfoPath.1)"
68.116.86.4 - - [20/May/2007:00:58:16 -0400] "GET /images/store_assess_section.jpg HTTP/1.1" 200 10059 "http://www.aceonlinestore.com/cgi-bin/lansaweb?procfun+wordpr01+webfunc+M37" "Mozilla/4.0 (compatible; MSIE 7.0; Windows NT 5.1; .NET CLR 1.0.3705; Windows-Media-Player/10.00.00.3990; .NET CLR 2.0.50727; InfoPath.1)"
68.116.86.4 - - [20/May/2007:00:58:17 -0400] "GET /images/store_pharma_section.jpg HTTP/1.1" 200 7953 "http://www.aceonlinestore.com/cgi-bin/lansaweb?procfun+wordpr01+webfunc+M37" "Mozilla/4.0 (compatible; MSIE 7.0; Windows NT 5.1; .NET CLR 1.0.3705; Windows-Media-Player/10.00.00.3990; .NET CLR 2.0.50727; InfoPath.1)"
68.116.86.4 - - [20/May/2007:00:58:17 -0400] "GET /images/store_sterile_section.jpg HTTP/1.1" 200 9274 "http://www.aceonlinestore.com/cgi-bin/lansaweb?procfun+wordpr01+webfunc+M37" "Mozilla/4.0 (compatible; MSIE 7.0; Windows NT 5.1; .NET CLR 1.0.3705; Windows-Media-Player/10.00.00.3990; .NET CLR 2.0.50727; InfoPath.1)"
68.116.86.4 - - [20/May/2007:00:58:17 -0400] "GET /images/store_blades_section.jpg HTTP/1.1" 200 24174 "http://www.aceonlinestore.com/cgi-bin/lansaweb?procfun+wordpr01+webfunc+M37" "Mozilla/4.0 (compatible; MSIE 7.0; Windows NT 5.1; .NET CLR 1.0.3705; Windows-Media-Player/10.00.00.3990; .NET CLR 2.0.50727; InfoPath.1)"
68.116.86.4 - - [20/May/2007:00:58:18 -0400] "GET /images/store_burs_section.jpg HTTP/1.1" 200 10892 "http://www.aceonlinestore.com/cgi-bin/lansaweb?procfun+wordpr01+webfunc+M37" "Mozilla/4.0 (compatible; MSIE 7.0; Windows NT 5.1; .NET CLR 1.0.3705; Windows-Media-Player/10.00.00.3990; .NET CLR 2.0.50727; InfoPath.1)"
68.116.86.4 - - [20/May/2007:00:58:18 -0400] "GET /images/store_saws_section.jpg HTTP/1.1" 200 10028 "http://www.aceonlinestore.com/cgi-bin/lansaweb?procfun+wordpr01+webfunc+M37" "Mozilla/4.0 (compatible; MSIE 7.0; Windows NT 5.1; .NET CLR 1.0.3705; Windows-Media-Player/10.00.00.3990; .NET CLR 2.0.50727; InfoPath.1)"
68.116.86.4 - - [20/May/2007:00:58:20 -0400] "GET /images/store_sutures_section.jpg HTTP/1.1" 200 28375 "http://www.aceonlinestore.com/cgi-bin/lansaweb?procfun+wordpr01+webfunc+M37" "Mozilla/4.0 (compatible; MSIE 7.0; Windows NT 5.1; .NET CLR 1.0.3705; Windows-Media-Player/10.00.00.3990; .NET CLR 2.0.50727; InfoPath.1)"
68.116.86.4 - - [20/May/2007:00:58:21 -0400] "GET /images/store_syringe_section.jpg HTTP/1.1" 200 9321 "http://www.aceonlinestore.com/cgi-bin/lansaweb?procfun+wordpr01+webfunc+M37" "Mozilla/4.0 (compatible; MSIE 7.0; Windows NT 5.1; .NET CLR 1.0.3705; Windows-Media-Player/10.00.00.3990; .NET CLR 2.0.50727; InfoPath.1)"
68.116.86.4 - - [20/May/2007:00:58:21 -0400] "GET /images/store_xray_section.jpg HTTP/1.1" 200 8861 "http://www.aceonlinestore.com/cgi-bin/lansaweb?procfun+wordpr01+webfunc+M37" "Mozilla/4.0 (compatible; MSIE 7.0; Windows NT 5.1; .NET CLR 1.0.3705; Windows-Media-Player/10.00.00.3990; .NET CLR 2.0.50727; InfoPath.1)"
68.116.86.4 - - [20/May/2007:00:58:22 -0400] "GET /images/nav04_conven_over.jpg HTTP/1.1" 200 1587 "http://www.aceonlinestore.com/cgi-bin/lansaweb?procfun+wordpr01+webfunc+M37" "Mozilla/4.0 (compatible; MSIE 7.0; Windows NT 5.1; .NET CLR 1.0.3705; Windows-Media-Player/10.00.00.3990; .NET CLR 2.0.50727; InfoPath.1)"
68.116.86.4 - - [20/May/2007:00:58:22 -0400] "GET /favicon.ico HTTP/1.1" 404 209 "-" "Mozilla/4.0 (compatible; MSIE 7.0; Windows NT 5.1; .NET CLR 1.0.3705; Windows-Media-Player/10.00.00.3990; .NET CLR 2.0.50727; InfoPath.1)"
68.116.86.4 - - [20/May/2007:00:58:23 -0400] "GET /images/nav04_download_over.jpg HTTP/1.1" 200 1460 "http://www.aceonlinestore.com/cgi-bin/lansaweb?procfun+wordpr01+webfunc+M37" "Mozilla/4.0 (compatible; MSIE 7.0; Windows NT 5.1; .NET CLR 1.0.3705; Windows-Media-Player/10.00.00.3990; .NET CLR 2.0.50727; InfoPath.1)"
68.116.86.4 - - [20/May/2007:00:58:23 -0400] "GET /favicon.ico HTTP/1.1" 404 209 "-" "Mozilla/5.0 (compatible; Google Desktop)"
68.116.86.4 - - [20/May/2007:00:58:23 -0400] "GET /images/nav04_contact_over.jpg HTTP/1.1" 200 1183 "http://www.aceonlinestore.com/cgi-bin/lansaweb?procfun+wordpr01+webfunc+M37" "Mozilla/4.0 (compatible; MSIE 7.0; Windows NT 5.1; .NET CLR 1.0.3705; Windows-Media-Player/10.00.00.3990; .NET CLR 2.0.50727; InfoPath.1)"
66.249.70.202 - - [20/May/2007:00:56:07 -0400] "GET /images/ACE_Fall04_BestBuys.pdf HTTP/1.1" 200 5886198 "-" "Mozilla/5.0 (compatible; Googlebot/2.1; +http://www.google.com/bot.html)"
209.59.12.99 - - [20/May/2007:01:01:37 -0400] "GET / HTTP/1.0" 200 367 "-" "check_http/1.81 (nagios-plugins 1.4)"
66.249.70.202 - - [20/May/2007:01:02:34 -0400] "GET /images/ACE_BoneGraft_04.pdf HTTP/1.1" 200 9952673 "-" "Mozilla/5.0 (compatible; Googlebot/2.1; +http://www.google.com/bot.html)"
209.59.12.99 - - [20/May/2007:01:06:37 -0400] "GET / HTTP/1.0" 200 367 "-" "check_http/1.81 (nagios-plugins 1.4)"
66.249.70.202 - - [20/May/2007:01:09:14 -0400] "GET /CGI-BIN/LANSAWEB?PROCFUN+WORDPR01+WEBFUNC+M37+FUNCPARMS+STD_DESC(A0300):50001_________________________ HTTP/1.1" 200 38220 "-" "Mozilla/5.0 (compatible; Googlebot/2.1; +http://www.google.com/bot.html)"
209.59.12.99 - - [20/May/2007:01:11:37 -0400] "GET / HTTP/1.0" 200 367 "-" "check_http/1.81 (nagios-plugins 1.4)"
209.59.12.99 - - [20/May/2007:01:16:37 -0400] "GET / HTTP/1.0" 200 367 "-" "check_http/1.81 (nagios-plugins 1.4)"
66.249.70.202 - - [20/May/2007:01:14:54 -0400] "GET /images/ACE_Fall04_BestBuys.pdf HTTP/1.1" 200 5886198 "-" "Mozilla/5.0 (compatible; Googlebot/2.1; +http://www.google.com/bot.html)"
209.59.12.99 - - [20/May/2007:01:21:36 -0400] "GET / HTTP/1.0" 200 367 "-" "check_http/1.81 (nagios-plugins 1.4)"
66.249.70.202 - - [20/May/2007:01:20:45 -0400] "GET /images/ACE_EZ_PRP_sellsheet.pdf HTTP/1.1" 200 1064438 "-" "Mozilla/5.0 (compatible; Googlebot/2.1; +http://www.google.com/bot.html)"
209.59.12.99 - - [20/May/2007:01:26:37 -0400] "GET / HTTP/1.0" 200 367 "-" "check_http/1.81 (nagios-plugins 1.4)"
66.249.70.202 - - [20/May/2007:01:26:04 -0400] "GET /images/ACE_RCF_RCT_sellsheet.pdf HTTP/1.1" 200 735799 "-" "Mozilla/5.0 (compatible; Googlebot/2.1; +http://www.google.com/bot.html)"
209.59.12.99 - - [20/May/2007:01:31:37 -0400] "GET / HTTP/1.0" 200 367 "-" "check_http/1.81 (nagios-plugins 1.4)"
66.249.70.202 - - [20/May/2007:01:30:46 -0400] "GET /images/ACE_tutor_2Stage_Ridge.pdf HTTP/1.1" 200 1581415 "-" "Mozilla/5.0 (compatible; Googlebot/2.1; +http://www.google.com/bot.html)"
75.52.222.134 - - [20/May/2007:01:32:21 -0400] "GET /cgi-bin/lansaweb?procfun+wordpr01+webfunc+M37 HTTP/1.1" 200 38220 "http://www.acesurgical.com/home_May07.html" "Mozilla/4.0 (compatible; MSIE 6.0; Windows NT 5.1; SV1; .NET CLR 1.1.4322)"
75.52.222.134 - - [20/May/2007:01:32:22 -0400] "GET /images/ace_logo_top.jpg HTTP/1.1" 200 2702 "http://www.aceonlinestore.com/cgi-bin/lansaweb?procfun+wordpr01+webfunc+M37" "Mozilla/4.0 (compatible; MSIE 6.0; Windows NT 5.1; SV1; .NET CLR 1.1.4322)"
75.52.222.134 - - [20/May/2007:01:32:22 -0400] "GET /images/nav04_about_off.jpg HTTP/1.1" 200 1255 "http://www.aceonlinestore.com/cgi-bin/lansaweb?procfun+wordpr01+webfunc+M37" "Mozilla/4.0 (compatible; MSIE 6.0; Windows NT 5.1; SV1; .NET CLR 1.1.4322)"
75.52.222.134 - - [20/May/2007:01:32:22 -0400] "GET /images/nav_upper_bgrd.jpg HTTP/1.1" 200 2954 "http://www.aceonlinestore.com/cgi-bin/lansaweb?procfun+wordpr01+webfunc+M37" "Mozilla/4.0 (compatible; MSIE 6.0; Windows NT 5.1; SV1; .NET CLR 1.1.4322)"
75.52.222.134 - - [20/May/2007:01:32:23 -0400] "GET /images/nav04_shop_over.jpg HTTP/1.1" 200 1722 "http://www.aceonlinestore.com/cgi-bin/lansaweb?procfun+wordpr01+webfunc+M37" "Mozilla/4.0 (compatible; MSIE 6.0; Windows NT 5.1; SV1; .NET CLR 1.1.4322)"
75.52.222.134 - - [20/May/2007:01:32:23 -0400] "GET /images/nav04_conven_off.jpg HTTP/1.1" 200 1341 "http://www.aceonlinestore.com/cgi-bin/lansaweb?procfun+wordpr01+webfunc+M37" "Mozilla/4.0 (compatible; MSIE 6.0; Windows NT 5.1; SV1; .NET CLR 1.1.4322)"
75.52.222.134 - - [20/May/2007:01:32:23 -0400] "GET /images/nav04_download_off.jpg HTTP/1.1" 200 1206 "http://www.aceonlinestore.com/cgi-bin/lansaweb?procfun+wordpr01+webfunc+M37" "Mozilla/4.0 (compatible; MSIE 6.0; Windows NT 5.1; SV1; .NET CLR 1.1.4322)"
75.52.222.134 - - [20/May/2007:01:32:23 -0400] "GET /images/nav04_contact_off.jpg HTTP/1.1" 200 965 "http://www.aceonlinestore.com/cgi-bin/lansaweb?procfun+wordpr01+webfunc+M37" "Mozilla/4.0 (compatible; MSIE 6.0; Windows NT 5.1; SV1; .NET CLR 1.1.4322)"
75.52.222.134 - - [20/May/2007:01:32:23 -0400] "GET /images/nav_lower_bgrd.jpg HTTP/1.1" 200 2321 "http://www.aceonlinestore.com/cgi-bin/lansaweb?procfun+wordpr01+webfunc+M37" "Mozilla/4.0 (compatible; MSIE 6.0; Windows NT 5.1; SV1; .NET CLR 1.1.4322)"
75.52.222.134 - - [20/May/2007:01:32:23 -0400] "GET /images/ace_logo_bottom.jpg HTTP/1.1" 200 2447 "http://www.aceonlinestore.com/cgi-bin/lansaweb?procfun+wordpr01+webfunc+M37" "Mozilla/4.0 (compatible; MSIE 6.0; Windows NT 5.1; SV1; .NET CLR 1.1.4322)"
75.52.222.134 - - [20/May/2007:01:32:24 -0400] "GET /images/nav_store_head.jpg HTTP/1.1" 200 1953 "http://www.aceonlinestore.com/cgi-bin/lansaweb?procfun+wordpr01+webfunc+M37" "Mozilla/4.0 (compatible; MSIE 6.0; Windows NT 5.1; SV1; .NET CLR 1.1.4322)"
75.52.222.134 - - [20/May/2007:01:32:24 -0400] "GET /images/nav_store_index_off.jpg HTTP/1.1" 200 922 "http://www.aceonlinestore.com/cgi-bin/lansaweb?procfun+wordpr01+webfunc+M37" "Mozilla/4.0 (compatible; MSIE 6.0; Windows NT 5.1; SV1; .NET CLR 1.1.4322)"
75.52.222.134 - - [20/May/2007:01:32:24 -0400] "GET /images/spacer.gif HTTP/1.1" 200 55 "http://www.aceonlinestore.com/cgi-bin/lansaweb?procfun+wordpr01+webfunc+M37" "Mozilla/4.0 (compatible; MSIE 6.0; Windows NT 5.1; SV1; .NET CLR 1.1.4322)"
75.52.222.134 - - [20/May/2007:01:32:24 -0400] "GET /images/login.gif HTTP/1.1" 200 166 "http://www.aceonlinestore.com/cgi-bin/lansaweb?procfun+wordpr01+webfunc+M37" "Mozilla/4.0 (compatible; MSIE 6.0; Windows NT 5.1; SV1; .NET CLR 1.1.4322)"
75.52.222.134 - - [20/May/2007:01:32:24 -0400] "GET /images/login_go.gif HTTP/1.1" 200 296 "http://www.aceonlinestore.com/cgi-bin/lansaweb?procfun+wordpr01+webfunc+M37" "Mozilla/4.0 (compatible; MSIE 6.0; Windows NT 5.1; SV1; .NET CLR 1.1.4322)"
75.52.222.134 - - [20/May/2007:01:32:24 -0400] "GET /images/search.gif HTTP/1.1" 200 614 "http://www.aceonlinestore.com/cgi-bin/lansaweb?procfun+wordpr01+webfunc+M37" "Mozilla/4.0 (compatible; MSIE 6.0; Windows NT 5.1; SV1; .NET CLR 1.1.4322)"
75.52.222.134 - - [20/May/2007:01:32:24 -0400] "GET /images/psearch_go.gif HTTP/1.1" 200 296 "http://www.aceonlinestore.com/cgi-bin/lansaweb?procfun+wordpr01+webfunc+M37" "Mozilla/4.0 (compatible; MSIE 6.0; Windows NT 5.1; SV1; .NET CLR 1.1.4322)"
75.52.222.134 - - [20/May/2007:01:32:24 -0400] "GET /images/sale_promo-icon.gif HTTP/1.1" 200 402 "http://www.aceonlinestore.com/cgi-bin/lansaweb?procfun+wordpr01+webfunc+M37" "Mozilla/4.0 (compatible; MSIE 6.0; Windows NT 5.1; SV1; .NET CLR 1.1.4322)"
75.52.222.134 - - [20/May/2007:01:32:25 -0400] "GET /images/store_anesth_section.jpg HTTP/1.1" 200 10123 "http://www.aceonlinestore.com/cgi-bin/lansaweb?procfun+wordpr01+webfunc+M37" "Mozilla/4.0 (compatible; MSIE 6.0; Windows NT 5.1; SV1; .NET CLR 1.1.4322)"
75.52.222.134 - - [20/May/2007:01:32:25 -0400] "GET /images/store_bone_section2.jpg HTTP/1.1" 200 21458 "http://www.aceonlinestore.com/cgi-bin/lansaweb?procfun+wordpr01+webfunc+M37" "Mozilla/4.0 (compatible; MSIE 6.0; Windows NT 5.1; SV1; .NET CLR 1.1.4322)"
75.52.222.134 - - [20/May/2007:01:32:27 -0400] "GET /images/store_cardiac_section.jpg HTTP/1.1" 200 25730 "http://www.aceonlinestore.com/cgi-bin/lansaweb?procfun+wordpr01+webfunc+M37" "Mozilla/4.0 (compatible; MSIE 6.0; Windows NT 5.1; SV1; .NET CLR 1.1.4322)"
75.52.222.134 - - [20/May/2007:01:32:27 -0400] "GET /images/store_implant_section.jpg HTTP/1.1" 200 8001 "http://www.aceonlinestore.com/cgi-bin/lansaweb?procfun+wordpr01+webfunc+M37" "Mozilla/4.0 (compatible; MSIE 6.0; Windows NT 5.1; SV1; .NET CLR 1.1.4322)"
75.52.222.134 - - [20/May/2007:01:32:27 -0400] "GET /images/store_gauze_section.jpg HTTP/1.1" 200 24119 "http://www.aceonlinestore.com/cgi-bin/lansaweb?procfun+wordpr01+webfunc+M37" "Mozilla/4.0 (compatible; MSIE 6.0; Windows NT 5.1; SV1; .NET CLR 1.1.4322)"
75.52.222.134 - - [20/May/2007:01:32:28 -0400] "GET /images/store_handpc_section.jpg HTTP/1.1" 200 23958 "http://www.aceonlinestore.com/cgi-bin/lansaweb?procfun+wordpr01+webfunc+M37" "Mozilla/4.0 (compatible; MSIE 6.0; Windows NT 5.1; SV1; .NET CLR 1.1.4322)"
75.52.222.134 - - [20/May/2007:01:32:28 -0400] "GET /images/store_infection_section.jpg HTTP/1.1" 200 25264 "http://www.aceonlinestore.com/cgi-bin/lansaweb?procfun+wordpr01+webfunc+M37" "Mozilla/4.0 (compatible; MSIE 6.0; Windows NT 5.1; SV1; .NET CLR 1.1.4322)"
75.52.222.134 - - [20/May/2007:01:32:29 -0400] "GET /images/store_instr_section.jpg HTTP/1.1" 200 26432 "http://www.aceonlinestore.com/cgi-bin/lansaweb?procfun+wordpr01+webfunc+M37" "Mozilla/4.0 (compatible; MSIE 6.0; Windows NT 5.1; SV1; .NET CLR 1.1.4322)"
75.52.222.134 - - [20/May/2007:01:32:29 -0400] "GET /images/store_irrigate_section.gif HTTP/1.1" 200 10336 "http://www.aceonlinestore.com/cgi-bin/lansaweb?procfun+wordpr01+webfunc+M37" "Mozilla/4.0 (compatible; MSIE 6.0; Windows NT 5.1; SV1; .NET CLR 1.1.4322)"
75.52.222.134 - - [20/May/2007:01:32:30 -0400] "GET /images/store_iv_admin_section.jpg HTTP/1.1" 200 9115 "http://www.aceonlinestore.com/cgi-bin/lansaweb?procfun+wordpr01+webfunc+M37" "Mozilla/4.0 (compatible; MSIE 6.0; Windows NT 5.1; SV1; .NET CLR 1.1.4322)"
75.52.222.134 - - [20/May/2007:01:32:30 -0400] "GET /images/store_assess_section.jpg HTTP/1.1" 200 10059 "http://www.aceonlinestore.com/cgi-bin/lansaweb?procfun+wordpr01+webfunc+M37" "Mozilla/4.0 (compatible; MSIE 6.0; Windows NT 5.1; SV1; .NET CLR 1.1.4322)"
75.52.222.134 - - [20/May/2007:01:32:30 -0400] "GET /images/store_pharma_section.jpg HTTP/1.1" 200 7953 "http://www.aceonlinestore.com/cgi-bin/lansaweb?procfun+wordpr01+webfunc+M37" "Mozilla/4.0 (compatible; MSIE 6.0; Windows NT 5.1; SV1; .NET CLR 1.1.4322)"
75.52.222.134 - - [20/May/2007:01:32:31 -0400] "GET /images/store_sterile_section.jpg HTTP/1.1" 200 9274 "http://www.aceonlinestore.com/cgi-bin/lansaweb?procfun+wordpr01+webfunc+M37" "Mozilla/4.0 (compatible; MSIE 6.0; Windows NT 5.1; SV1; .NET CLR 1.1.4322)"
75.52.222.134 - - [20/May/2007:01:32:31 -0400] "GET /images/store_blades_section.jpg HTTP/1.1" 200 24174 "http://www.aceonlinestore.com/cgi-bin/lansaweb?procfun+wordpr01+webfunc+M37" "Mozilla/4.0 (compatible; MSIE 6.0; Windows NT 5.1; SV1; .NET CLR 1.1.4322)"
75.52.222.134 - - [20/May/2007:01:32:31 -0400] "GET /images/store_burs_section.jpg HTTP/1.1" 200 10892 "http://www.aceonlinestore.com/cgi-bin/lansaweb?procfun+wordpr01+webfunc+M37" "Mozilla/4.0 (compatible; MSIE 6.0; Windows NT 5.1; SV1; .NET CLR 1.1.4322)"
75.52.222.134 - - [20/May/2007:01:32:32 -0400] "GET /images/store_saws_section.jpg HTTP/1.1" 200 10028 "http://www.aceonlinestore.com/cgi-bin/lansaweb?procfun+wordpr01+webfunc+M37" "Mozilla/4.0 (compatible; MSIE 6.0; Windows NT 5.1; SV1; .NET CLR 1.1.4322)"
75.52.222.134 - - [20/May/2007:01:32:32 -0400] "GET /images/store_sutures_section.jpg HTTP/1.1" 200 28375 "http://www.aceonlinestore.com/cgi-bin/lansaweb?procfun+wordpr01+webfunc+M37" "Mozilla/4.0 (compatible; MSIE 6.0; Windows NT 5.1; SV1; .NET CLR 1.1.4322)"
75.52.222.134 - - [20/May/2007:01:32:32 -0400] "GET /images/store_syringe_section.jpg HTTP/1.1" 200 9321 "http://www.aceonlinestore.com/cgi-bin/lansaweb?procfun+wordpr01+webfunc+M37" "Mozilla/4.0 (compatible; MSIE 6.0; Windows NT 5.1; SV1; .NET CLR 1.1.4322)"
75.52.222.134 - - [20/May/2007:01:32:32 -0400] "GET /images/store_xray_section.jpg HTTP/1.1" 200 8861 "http://www.aceonlinestore.com/cgi-bin/lansaweb?procfun+wordpr01+webfunc+M37" "Mozilla/4.0 (compatible; MSIE 6.0; Windows NT 5.1; SV1; .NET CLR 1.1.4322)"
75.52.222.134 - - [20/May/2007:01:32:54 -0400] "GET /images/over-store_burs_section.jpg HTTP/1.1" 200 9926 "http://www.aceonlinestore.com/cgi-bin/lansaweb?procfun+wordpr01+webfunc+M37" "Mozilla/4.0 (compatible; MSIE 6.0; Windows NT 5.1; SV1; .NET CLR 1.1.4322)"
75.52.222.134 - - [20/May/2007:01:32:55 -0400] "GET /images/over-store_bone_section2.jpg HTTP/1.1" 200 7626 "http://www.aceonlinestore.com/cgi-bin/lansaweb?procfun+wordpr01+webfunc+M37" "Mozilla/4.0 (compatible; MSIE 6.0; Windows NT 5.1; SV1; .NET CLR 1.1.4322)"
75.52.222.134 - - [20/May/2007:01:32:56 -0400] "POST /CGI-BIN/LANSAWEB?WEBEVENT+L5D5DB8072F40A800E4B3058+M37+ENG HTTP/1.1" 200 40790 "http://www.aceonlinestore.com/cgi-bin/lansaweb?procfun+wordpr01+webfunc+M37" "Mozilla/4.0 (compatible; MSIE 6.0; Windows NT 5.1; SV1; .NET CLR 1.1.4322)"
75.52.222.134 - - [20/May/2007:01:32:58 -0400] "GET /images/nav04_shop_off.jpg HTTP/1.1" 200 1390 "http://www.aceonlinestore.com/CGI-BIN/LANSAWEB?WEBEVENT+L5D5DB8072F40A800E4B3058+M37+ENG" "Mozilla/4.0 (compatible; MSIE 6.0; Windows NT 5.1; SV1; .NET CLR 1.1.4322)"
75.52.222.134 - - [20/May/2007:01:32:58 -0400] "GET /images/index_allooss.jpg HTTP/1.1" 200 15388 "http://www.aceonlinestore.com/CGI-BIN/LANSAWEB?WEBEVENT+L5D5DB8072F40A800E4B3058+M37+ENG" "Mozilla/4.0 (compatible; MSIE 6.0; Windows NT 5.1; SV1; .NET CLR 1.1.4322)"
75.52.222.134 - - [20/May/2007:01:32:59 -0400] "GET /images/index_autografter.jpg HTTP/1.1" 200 3481 "http://www.aceonlinestore.com/CGI-BIN/LANSAWEB?WEBEVENT+L5D5DB8072F40A800E4B3058+M37+ENG" "Mozilla/4.0 (compatible; MSIE 6.0; Windows NT 5.1; SV1; .NET CLR 1.1.4322)"
75.52.222.134 - - [20/May/2007:01:32:59 -0400] "GET /images/index_bonemills.jpg HTTP/1.1" 200 3935 "http://www.aceonlinestore.com/CGI-BIN/LANSAWEB?WEBEVENT+L5D5DB8072F40A800E4B3058+M37+ENG" "Mozilla/4.0 (compatible; MSIE 6.0; Windows NT 5.1; SV1; .NET CLR 1.1.4322)"
75.52.222.134 - - [20/May/2007:01:32:59 -0400] "GET /images/index_calciumsulfate.jpg HTTP/1.1" 200 18566 "http://www.aceonlinestore.com/CGI-BIN/LANSAWEB?WEBEVENT+L5D5DB8072F40A800E4B3058+M37+ENG" "Mozilla/4.0 (compatible; MSIE 6.0; Windows NT 5.1; SV1; .NET CLR 1.1.4322)"
75.52.222.134 - - [20/May/2007:01:32:59 -0400] "GET /images/index_bone.jpg HTTP/1.1" 200 2499 "http://www.aceonlinestore.com/CGI-BIN/LANSAWEB?WEBEVENT+L5D5DB8072F40A800E4B3058+M37+ENG" "Mozilla/4.0 (compatible; MSIE 6.0; Windows NT 5.1; SV1; .NET CLR 1.1.4322)"
75.52.222.134 - - [20/May/2007:01:32:59 -0400] "GET /images/index_tacking.jpg HTTP/1.1" 200 3917 "http://www.aceonlinestore.com/CGI-BIN/LANSAWEB?WEBEVENT+L5D5DB8072F40A800E4B3058+M37+ENG" "Mozilla/4.0 (compatible; MSIE 6.0; Windows NT 5.1; SV1; .NET CLR 1.1.4322)"
75.52.222.134 - - [20/May/2007:01:32:59 -0400] "GET /images/index_rcm.jpg HTTP/1.1" 200 2754 "http://www.aceonlinestore.com/CGI-BIN/LANSAWEB?WEBEVENT+L5D5DB8072F40A800E4B3058+M37+ENG" "Mozilla/4.0 (compatible; MSIE 6.0; Windows NT 5.1; SV1; .NET CLR 1.1.4322)"
75.52.222.134 - - [20/May/2007:01:33:00 -0400] "GET /images/index_nuoss.jpg HTTP/1.1" 200 16069 "http://www.aceonlinestore.com/CGI-BIN/LANSAWEB?WEBEVENT+L5D5DB8072F40A800E4B3058+M37+ENG" "Mozilla/4.0 (compatible; MSIE 6.0; Windows NT 5.1; SV1; .NET CLR 1.1.4322)"
75.52.222.134 - - [20/May/2007:01:33:00 -0400] "GET /images/index_orthoscrew.jpg HTTP/1.1" 200 13536 "http://www.aceonlinestore.com/CGI-BIN/LANSAWEB?WEBEVENT+L5D5DB8072F40A800E4B3058+M37+ENG" "Mozilla/4.0 (compatible; MSIE 6.0; Windows NT 5.1; SV1; .NET CLR 1.1.4322)"
75.52.222.134 - - [20/May/2007:01:33:00 -0400] "GET /images/index_prp.jpg HTTP/1.1" 200 4176 "http://www.aceonlinestore.com/CGI-BIN/LANSAWEB?WEBEVENT+L5D5DB8072F40A800E4B3058+M37+ENG" "Mozilla/4.0 (compatible; MSIE 6.0; Windows NT 5.1; SV1; .NET CLR 1.1.4322)"
75.52.222.134 - - [20/May/2007:01:33:00 -0400] "GET /images/index_ridgeexp.jpg HTTP/1.1" 200 4281 "http://www.aceonlinestore.com/CGI-BIN/LANSAWEB?WEBEVENT+L5D5DB8072F40A800E4B3058+M37+ENG" "Mozilla/4.0 (compatible; MSIE 6.0; Windows NT 5.1; SV1; .NET CLR 1.1.4322)"
75.52.222.134 - - [20/May/2007:01:33:00 -0400] "GET /images/index_screws.jpg HTTP/1.1" 200 3624 "http://www.aceonlinestore.com/CGI-BIN/LANSAWEB?WEBEVENT+L5D5DB8072F40A800E4B3058+M37+ENG" "Mozilla/4.0 (compatible; MSIE 6.0; Windows NT 5.1; SV1; .NET CLR 1.1.4322)"
75.52.222.134 - - [20/May/2007:01:33:01 -0400] "GET /images/index_liftkit.jpg HTTP/1.1" 200 5160 "http://www.aceonlinestore.com/CGI-BIN/LANSAWEB?WEBEVENT+L5D5DB8072F40A800E4B3058+M37+ENG" "Mozilla/4.0 (compatible; MSIE 6.0; Windows NT 5.1; SV1; .NET CLR 1.1.4322)"
75.52.222.134 - - [20/May/2007:01:33:01 -0400] "GET /images/index_sinus.jpg HTTP/1.1" 200 4773 "http://www.aceonlinestore.com/CGI-BIN/LANSAWEB?WEBEVENT+L5D5DB8072F40A800E4B3058+M37+ENG" "Mozilla/4.0 (compatible; MSIE 6.0; Windows NT 5.1; SV1; .NET CLR 1.1.4322)"
75.52.222.134 - - [20/May/2007:01:34:24 -0400] "GET /images/over-index_ridgeexp.jpg HTTP/1.1" 200 3020 "http://www.aceonlinestore.com/CGI-BIN/LANSAWEB?WEBEVENT+L5D5DB8072F40A800E4B3058+M37+ENG" "Mozilla/4.0 (compatible; MSIE 6.0; Windows NT 5.1; SV1; .NET CLR 1.1.4322)"
75.52.222.134 - - [20/May/2007:01:34:25 -0400] "GET /images/over-index_screws.jpg HTTP/1.1" 200 2516 "http://www.aceonlinestore.com/CGI-BIN/LANSAWEB?WEBEVENT+L5D5DB8072F40A800E4B3058+M37+ENG" "Mozilla/4.0 (compatible; MSIE 6.0; Windows NT 5.1; SV1; .NET CLR 1.1.4322)"
75.52.222.134 - - [20/May/2007:01:34:28 -0400] "POST /CGI-BIN/LANSAWEB?WEBEVENT+L5D5DB908261078000DE3058+M37+ENG HTTP/1.1" 200 58520 "http://www.aceonlinestore.com/CGI-BIN/LANSAWEB?WEBEVENT+L5D5DB8072F40A800E4B3058+M37+ENG" "Mozilla/4.0 (compatible; MSIE 6.0; Windows NT 5.1; SV1; .NET CLR 1.1.4322)"
75.52.222.134 - - [20/May/2007:01:34:28 -0400] "POST /CGI-BIN/LANSAWEB?WEBEVENT+L5D5DB908261078000DE3058+M37+ENG HTTP/1.1" 200 58520 "http://www.aceonlinestore.com/CGI-BIN/LANSAWEB?WEBEVENT+L5D5DB8072F40A800E4B3058+M37+ENG" "Mozilla/4.0 (compatible; MSIE 6.0; Windows NT 5.1; SV1; .NET CLR 1.1.4322)"
75.52.222.134 - - [20/May/2007:01:34:29 -0400] "GET /images/pf-a.gif HTTP/1.1" 200 798 "http://www.aceonlinestore.com/CGI-BIN/LANSAWEB?WEBEVENT+L5D5DB908261078000DE3058+M37+ENG" "Mozilla/4.0 (compatible; MSIE 6.0; Windows NT 5.1; SV1; .NET CLR 1.1.4322)"
75.52.222.134 - - [20/May/2007:01:34:29 -0400] "GET /images/items/5096000_THUMB.JPG HTTP/1.1" 200 2069 "http://www.aceonlinestore.com/CGI-BIN/LANSAWEB?WEBEVENT+L5D5DB908261078000DE3058+M37+ENG" "Mozilla/4.0 (compatible; MSIE 6.0; Windows NT 5.1; SV1; .NET CLR 1.1.4322)"
75.52.222.134 - - [20/May/2007:01:34:29 -0400] "GET /images/items/CONFORM_THUMB.JPG HTTP/1.1" 200 1623 "http://www.aceonlinestore.com/CGI-BIN/LANSAWEB?WEBEVENT+L5D5DB908261078000DE3058+M37+ENG" "Mozilla/4.0 (compatible; MSIE 6.0; Windows NT 5.1; SV1; .NET CLR 1.1.4322)"
75.52.222.134 - - [20/May/2007:01:34:30 -0400] "GET /images/space.gif HTTP/1.1" 200 43 "http://www.aceonlinestore.com/CGI-BIN/LANSAWEB?WEBEVENT+L5D5DB908261078000DE3058+M37+ENG" "Mozilla/4.0 (compatible; MSIE 6.0; Windows NT 5.1; SV1; .NET CLR 1.1.4322)"
75.52.222.134 - - [20/May/2007:01:34:30 -0400] "GET /images/next.gif HTTP/1.1" 200 249 "http://www.aceonlinestore.com/CGI-BIN/LANSAWEB?WEBEVENT+L5D5DB908261078000DE3058+M37+ENG" "Mozilla/4.0 (compatible; MSIE 6.0; Windows NT 5.1; SV1; .NET CLR 1.1.4322)"
75.52.222.134 - - [20/May/2007:01:35:47 -0400] "GET /images/ace_logo_top_over.jpg HTTP/1.1" 200 2616 "http://www.aceonlinestore.com/CGI-BIN/LANSAWEB?WEBEVENT+L5D5DB908261078000DE3058+M37+ENG" "Mozilla/4.0 (compatible; MSIE 6.0; Windows NT 5.1; SV1; .NET CLR 1.1.4322)"
75.52.222.134 - - [20/May/2007:01:35:50 -0400] "GET /images/over-index_tacking.jpg HTTP/1.1" 200 2656 "http://www.aceonlinestore.com/CGI-BIN/LANSAWEB?WEBEVENT+L5D5DB8072F40A800E4B3058+M37+ENG" "Mozilla/4.0 (compatible; MSIE 6.0; Windows NT 5.1; SV1; .NET CLR 1.1.4322)"
75.52.222.134 - - [20/May/2007:01:36:18 -0400] "GET /images/over-index_bone.jpg HTTP/1.1" 200 1741 "http://www.aceonlinestore.com/CGI-BIN/LANSAWEB?WEBEVENT+L5D5DB8072F40A800E4B3058+M37+ENG" "Mozilla/4.0 (compatible; MSIE 6.0; Windows NT 5.1; SV1; .NET CLR 1.1.4322)"
75.52.222.134 - - [20/May/2007:01:36:19 -0400] "POST /CGI-BIN/LANSAWEB?WEBEVENT+L5D5DB908261078000DE3058+M37+ENG HTTP/1.1" 200 53270 "http://www.aceonlinestore.com/CGI-BIN/LANSAWEB?WEBEVENT+L5D5DB8072F40A800E4B3058+M37+ENG" "Mozilla/4.0 (compatible; MSIE 6.0; Windows NT 5.1; SV1; .NET CLR 1.1.4322)"
66.249.70.202 - - [20/May/2007:01:35:20 -0400] "GET /images/ACE_tutor_1Stage_Ridge.pdf HTTP/1.1" 200 1610345 "-" "Mozilla/5.0 (compatible; Googlebot/2.1; +http://www.google.com/bot.html)"
209.59.12.99 - - [20/May/2007:01:36:38 -0400] "GET / HTTP/1.0" 200 367 "-" "check_http/1.81 (nagios-plugins 1.4)"
75.52.222.134 - - [20/May/2007:01:36:47 -0400] "GET /images/over-index_bone.jpg HTTP/1.1" 200 1741 "http://www.aceonlinestore.com/CGI-BIN/LANSAWEB?WEBEVENT+L5D5DB8072F40A800E4B3058+M37+ENG" "Mozilla/4.0 (compatible; MSIE 6.0; Windows NT 5.1; SV1; .NET CLR 1.1.4322)"
75.52.222.134 - - [20/May/2007:01:36:47 -0400] "GET /images/over-index_orthoscrew.jpg HTTP/1.1" 200 12452 "http://www.aceonlinestore.com/CGI-BIN/LANSAWEB?WEBEVENT+L5D5DB8072F40A800E4B3058+M37+ENG" "Mozilla/4.0 (compatible; MSIE 6.0; Windows NT 5.1; SV1; .NET CLR 1.1.4322)"
75.52.222.134 - - [20/May/2007:01:36:50 -0400] "POST /CGI-BIN/LANSAWEB?WEBEVENT+L5D5DB908261078000DE3058+M37+ENG HTTP/1.1" 200 53270 "http://www.aceonlinestore.com/CGI-BIN/LANSAWEB?WEBEVENT+L5D5DB8072F40A800E4B3058+M37+ENG" "Mozilla/4.0 (compatible; MSIE 6.0; Windows NT 5.1; SV1; .NET CLR 1.1.4322)"
75.52.222.134 - - [20/May/2007:01:36:55 -0400] "POST /CGI-BIN/LANSAWEB?WEBEVENT+L5D5DB908261078000DE3058+M37+ENG HTTP/1.1" 200 61934 "http://www.aceonlinestore.com/CGI-BIN/LANSAWEB?WEBEVENT+L5D5DB8072F40A800E4B3058+M37+ENG" "Mozilla/4.0 (compatible; MSIE 6.0; Windows NT 5.1; SV1; .NET CLR 1.1.4322)"
75.52.222.134 - - [20/May/2007:01:36:59 -0400] "GET /images/items/ALLOOSS2_THUMB.JPG HTTP/1.1" 200 2001 "http://www.aceonlinestore.com/CGI-BIN/LANSAWEB?WEBEVENT+L5D5DB908261078000DE3058+M37+ENG" "Mozilla/4.0 (compatible; MSIE 6.0; Windows NT 5.1; SV1; .NET CLR 1.1.4322)"
75.52.222.134 - - [20/May/2007:01:36:59 -0400] "GET /images/items/ALLOOSS1_THUMB.JPG HTTP/1.1" 200 1917 "http://www.aceonlinestore.com/CGI-BIN/LANSAWEB?WEBEVENT+L5D5DB908261078000DE3058+M37+ENG" "Mozilla/4.0 (compatible; MSIE 6.0; Windows NT 5.1; SV1; .NET CLR 1.1.4322)"
75.52.222.134 - - [20/May/2007:01:39:18 -0400] "GET /images/over-index_rcm.jpg HTTP/1.1" 200 1953 "http://www.aceonlinestore.com/CGI-BIN/LANSAWEB?WEBEVENT+L5D5DB8072F40A800E4B3058+M37+ENG" "Mozilla/4.0 (compatible; MSIE 6.0; Windows NT 5.1; SV1; .NET CLR 1.1.4322)"
75.52.222.134 - - [20/May/2007:01:39:22 -0400] "POST /CGI-BIN/LANSAWEB?WEBEVENT+L5D5DB908261078000DE3058+M37+ENG HTTP/1.1" 200 58520 "http://www.aceonlinestore.com/CGI-BIN/LANSAWEB?WEBEVENT+L5D5DB8072F40A800E4B3058+M37+ENG" "Mozilla/4.0 (compatible; MSIE 6.0; Windows NT 5.1; SV1; .NET CLR 1.1.4322)"
75.52.222.134 - - [20/May/2007:01:40:07 -0400] "GET /images/nav04_conven_over.jpg HTTP/1.1" 200 1587 "http://www.aceonlinestore.com/CGI-BIN/LANSAWEB?WEBEVENT+L5D5DB908261078000DE3058+M37+ENG" "Mozilla/4.0 (compatible; MSIE 6.0; Windows NT 5.1; SV1; .NET CLR 1.1.4322)"
75.52.222.134 - - [20/May/2007:01:41:00 -0400] "GET /images/over-store_anesth_section.jpg HTTP/1.1" 200 9173 "http://www.aceonlinestore.com/cgi-bin/lansaweb?procfun+wordpr01+webfunc+M37" "Mozilla/4.0 (compatible; MSIE 6.0; Windows NT 5.1; SV1; .NET CLR 1.1.4322)"
75.52.222.134 - - [20/May/2007:01:41:02 -0400] "GET /images/over-store_infection_section.jpg HTTP/1.1" 200 8680 "http://www.aceonlinestore.com/cgi-bin/lansaweb?procfun+wordpr01+webfunc+M37" "Mozilla/4.0 (compatible; MSIE 6.0; Windows NT 5.1; SV1; .NET CLR 1.1.4322)"
75.52.222.134 - - [20/May/2007:01:41:08 -0400] "GET /images/over-store_sterile_section.jpg HTTP/1.1" 200 8414 "http://www.aceonlinestore.com/cgi-bin/lansaweb?procfun+wordpr01+webfunc+M37" "Mozilla/4.0 (compatible; MSIE 6.0; Windows NT 5.1; SV1; .NET CLR 1.1.4322)"
75.52.222.134 - - [20/May/2007:01:41:10 -0400] "GET /images/over-store_gauze_section.jpg HTTP/1.1" 200 8076 "http://www.aceonlinestore.com/cgi-bin/lansaweb?procfun+wordpr01+webfunc+M37" "Mozilla/4.0 (compatible; MSIE 6.0; Windows NT 5.1; SV1; .NET CLR 1.1.4322)"
75.52.222.134 - - [20/May/2007:01:41:11 -0400] "POST /CGI-BIN/LANSAWEB?WEBEVENT+L5D5DB8072F40A800E4B3058+M37+ENG HTTP/1.1" 200 34972 "http://www.aceonlinestore.com/cgi-bin/lansaweb?procfun+wordpr01+webfunc+M37" "Mozilla/4.0 (compatible; MSIE 6.0; Windows NT 5.1; SV1; .NET CLR 1.1.4322)"
75.52.222.134 - - [20/May/2007:01:41:12 -0400] "GET /images/index8_cotgzst.jpg HTTP/1.1" 200 2002 "http://www.aceonlinestore.com/CGI-BIN/LANSAWEB?WEBEVENT+L5D5DB8072F40A800E4B3058+M37+ENG" "Mozilla/4.0 (compatible; MSIE 6.0; Windows NT 5.1; SV1; .NET CLR 1.1.4322)"
75.52.222.134 - - [20/May/2007:01:41:12 -0400] "GET /images/index8_pckingtp.jpg HTTP/1.1" 200 4330 "http://www.aceonlinestore.com/CGI-BIN/LANSAWEB?WEBEVENT+L5D5DB8072F40A800E4B3058+M37+ENG" "Mozilla/4.0 (compatible; MSIE 6.0; Windows NT 5.1; SV1; .NET CLR 1.1.4322)"
75.52.222.134 - - [20/May/2007:01:41:12 -0400] "GET /images/index8_ace_nstergz.jpg HTTP/1.1" 200 2762 "http://www.aceonlinestore.com/CGI-BIN/LANSAWEB?WEBEVENT+L5D5DB8072F40A800E4B3058+M37+ENG" "Mozilla/4.0 (compatible; MSIE 6.0; Windows NT 5.1; SV1; .NET CLR 1.1.4322)"
75.52.222.134 - - [20/May/2007:01:41:12 -0400] "GET /images/index8_ace_stergz.jpg HTTP/1.1" 200 2762 "http://www.aceonlinestore.com/CGI-BIN/LANSAWEB?WEBEVENT+L5D5DB8072F40A800E4B3058+M37+ENG" "Mozilla/4.0 (compatible; MSIE 6.0; Windows NT 5.1; SV1; .NET CLR 1.1.4322)"
75.52.222.134 - - [20/May/2007:01:41:13 -0400] "GET /images/index8_3mtap.jpg HTTP/1.1" 200 3790 "http://www.aceonlinestore.com/CGI-BIN/LANSAWEB?WEBEVENT+L5D5DB8072F40A800E4B3058+M37+ENG" "Mozilla/4.0 (compatible; MSIE 6.0; Windows NT 5.1; SV1; .NET CLR 1.1.4322)"
209.59.12.99 - - [20/May/2007:01:41:38 -0400] "GET / HTTP/1.0" 200 367 "-" "check_http/1.81 (nagios-plugins 1.4)"
75.52.222.134 - - [20/May/2007:01:42:35 -0400] "GET /images/nav04_about_over.jpg HTTP/1.1" 200 1472 "http://www.aceonlinestore.com/CGI-BIN/LANSAWEB?WEBEVENT+L5D5DB8072F40A800E4B3058+M37+ENG" "Mozilla/4.0 (compatible; MSIE 6.0; Windows NT 5.1; SV1; .NET CLR 1.1.4322)"
66.249.70.202 - - [20/May/2007:01:39:44 -0400] "GET /images/ACE_SitePrepOsteotomes.pdf HTTP/1.1" 200 5037385 "-" "Mozilla/5.0 (compatible; Googlebot/2.1; +http://www.google.com/bot.html)"
75.52.222.134 - - [20/May/2007:01:43:06 -0400] "GET /images/over-store_syringe_section.jpg HTTP/1.1" 200 8326 "http://www.aceonlinestore.com/cgi-bin/lansaweb?procfun+wordpr01+webfunc+M37" "Mozilla/4.0 (compatible; MSIE 6.0; Windows NT 5.1; SV1; .NET CLR 1.1.4322)"
75.52.222.134 - - [20/May/2007:01:43:07 -0400] "GET /images/over-store_sutures_section.jpg HTTP/1.1" 200 9504 "http://www.aceonlinestore.com/cgi-bin/lansaweb?procfun+wordpr01+webfunc+M37" "Mozilla/4.0 (compatible; MSIE 6.0; Windows NT 5.1; SV1; .NET CLR 1.1.4322)"
75.52.222.134 - - [20/May/2007:01:43:08 -0400] "POST /CGI-BIN/LANSAWEB?WEBEVENT+L5D5DB8072F40A800E4B3058+M37+ENG HTTP/1.1" 200 35534 "http://www.aceonlinestore.com/cgi-bin/lansaweb?procfun+wordpr01+webfunc+M37" "Mozilla/4.0 (compatible; MSIE 6.0; Windows NT 5.1; SV1; .NET CLR 1.1.4322)"
75.52.222.134 - - [20/May/2007:01:43:09 -0400] "GET /images/index7_david_sutures.jpg HTTP/1.1" 200 3688 "http://www.aceonlinestore.com/CGI-BIN/LANSAWEB?WEBEVENT+L5D5DB8072F40A800E4B3058+M37+ENG" "Mozilla/4.0 (compatible; MSIE 6.0; Windows NT 5.1; SV1; .NET CLR 1.1.4322)"
75.52.222.134 - - [20/May/2007:01:43:09 -0400] "GET /images/index7_ace_sutures.jpg HTTP/1.1" 200 3733 "http://www.aceonlinestore.com/CGI-BIN/LANSAWEB?WEBEVENT+L5D5DB8072F40A800E4B3058+M37+ENG" "Mozilla/4.0 (compatible; MSIE 6.0; Windows NT 5.1; SV1; .NET CLR 1.1.4322)"
75.52.222.134 - - [20/May/2007:01:43:09 -0400] "GET /images/index7_hufriedy_sutures HTTP/1.1" 404 228 "http://www.aceonlinestore.com/CGI-BIN/LANSAWEB?WEBEVENT+L5D5DB8072F40A800E4B3058+M37+ENG" "Mozilla/4.0 (compatible; MSIE 6.0; Windows NT 5.1; SV1; .NET CLR 1.1.4322)"
75.52.222.134 - - [20/May/2007:01:43:09 -0400] "GET /images/index7_ethicon_sutures.jpg HTTP/1.1" 200 4398 "http://www.aceonlinestore.com/CGI-BIN/LANSAWEB?WEBEVENT+L5D5DB8072F40A800E4B3058+M37+ENG" "Mozilla/4.0 (compatible; MSIE 6.0; Windows NT 5.1; SV1; .NET CLR 1.1.4322)"
75.52.222.134 - - [20/May/2007:01:43:10 -0400] "GET /images/index7_look_sutures.jpg HTTP/1.1" 200 4287 "http://www.aceonlinestore.com/CGI-BIN/LANSAWEB?WEBEVENT+L5D5DB8072F40A800E4B3058+M37+ENG" "Mozilla/4.0 (compatible; MSIE 6.0; Windows NT 5.1; SV1; .NET CLR 1.1.4322)"
75.52.222.134 - - [20/May/2007:01:43:10 -0400] "GET /images/index7_spolsneedls.jpg HTTP/1.1" 200 2980 "http://www.aceonlinestore.com/CGI-BIN/LANSAWEB?WEBEVENT+L5D5DB8072F40A800E4B3058+M37+ENG" "Mozilla/4.0 (compatible; MSIE 6.0; Windows NT 5.1; SV1; .NET CLR 1.1.4322)"
75.52.222.134 - - [20/May/2007:01:43:25 -0400] "GET /images/over-index7_spolsneedls.jpg HTTP/1.1" 200 2176 "http://www.aceonlinestore.com/CGI-BIN/LANSAWEB?WEBEVENT+L5D5DB8072F40A800E4B3058+M37+ENG" "Mozilla/4.0 (compatible; MSIE 6.0; Windows NT 5.1; SV1; .NET CLR 1.1.4322)"
75.52.222.134 - - [20/May/2007:01:43:27 -0400] "GET /images/over-index7_ethicon_sutures.jpg HTTP/1.1" 200 3002 "http://www.aceonlinestore.com/CGI-BIN/LANSAWEB?WEBEVENT+L5D5DB8072F40A800E4B3058+M37+ENG" "Mozilla/4.0 (compatible; MSIE 6.0; Windows NT 5.1; SV1; .NET CLR 1.1.4322)"
75.52.222.134 - - [20/May/2007:01:43:27 -0400] "GET /images/over-index7_david_sutures.jpg HTTP/1.1" 200 2567 "http://www.aceonlinestore.com/CGI-BIN/LANSAWEB?WEBEVENT+L5D5DB8072F40A800E4B3058+M37+ENG" "Mozilla/4.0 (compatible; MSIE 6.0; Windows NT 5.1; SV1; .NET CLR 1.1.4322)"
75.52.222.134 - - [20/May/2007:01:43:32 -0400] "POST /CGI-BIN/LANSAWEB?WEBEVENT+L5D5DBB01236098005893058+M37+ENG HTTP/1.1" 200 34863 "http://www.aceonlinestore.com/CGI-BIN/LANSAWEB?WEBEVENT+L5D5DB8072F40A800E4B3058+M37+ENG" "Mozilla/4.0 (compatible; MSIE 6.0; Windows NT 5.1; SV1; .NET CLR 1.1.4322)"
75.52.222.134 - - [20/May/2007:01:43:51 -0400] "GET /images/index7_hufriedy_sutures HTTP/1.1" 404 228 "http://www.aceonlinestore.com/CGI-BIN/LANSAWEB?WEBEVENT+L5D5DB8072F40A800E4B3058+M37+ENG" "Mozilla/4.0 (compatible; MSIE 6.0; Windows NT 5.1; SV1; .NET CLR 1.1.4322)"
75.52.222.134 - - [20/May/2007:01:43:59 -0400] "GET /images/over-store_pharma_section.jpg HTTP/1.1" 200 7409 "http://www.aceonlinestore.com/cgi-bin/lansaweb?procfun+wordpr01+webfunc+M37" "Mozilla/4.0 (compatible; MSIE 6.0; Windows NT 5.1; SV1; .NET CLR 1.1.4322)"
75.52.222.134 - - [20/May/2007:01:44:02 -0400] "POST /CGI-BIN/LANSAWEB?WEBEVENT+L5D5DB8072F40A800E4B3058+M37+ENG HTTP/1.1" 200 41938 "http://www.aceonlinestore.com/cgi-bin/lansaweb?procfun+wordpr01+webfunc+M37" "Mozilla/4.0 (compatible; MSIE 6.0; Windows NT 5.1; SV1; .NET CLR 1.1.4322)"
75.52.222.134 - - [20/May/2007:01:44:05 -0400] "GET /images/index6_basins.jpg HTTP/1.1" 200 2850 "http://www.aceonlinestore.com/CGI-BIN/LANSAWEB?WEBEVENT+L5D5DB8072F40A800E4B3058+M37+ENG" "Mozilla/4.0 (compatible; MSIE 6.0; Windows NT 5.1; SV1; .NET CLR 1.1.4322)"
75.52.222.134 - - [20/May/2007:01:44:06 -0400] "GET /images/index6_bibs&towls.jpg HTTP/1.1" 200 4450 "http://www.aceonlinestore.com/CGI-BIN/LANSAWEB?WEBEVENT+L5D5DB8072F40A800E4B3058+M37+ENG" "Mozilla/4.0 (compatible; MSIE 6.0; Windows NT 5.1; SV1; .NET CLR 1.1.4322)"
75.52.222.134 - - [20/May/2007:01:44:06 -0400] "GET /images/index6_halfsheets HTTP/1.1" 404 222 "http://www.aceonlinestore.com/CGI-BIN/LANSAWEB?WEBEVENT+L5D5DB8072F40A800E4B3058+M37+ENG" "Mozilla/4.0 (compatible; MSIE 6.0; Windows NT 5.1; SV1; .NET CLR 1.1.4322)"
75.52.222.134 - - [20/May/2007:01:44:06 -0400] "GET /images/index6_hdnecpacks.jpg HTTP/1.1" 200 3775 "http://www.aceonlinestore.com/CGI-BIN/LANSAWEB?WEBEVENT+L5D5DB8072F40A800E4B3058+M37+ENG" "Mozilla/4.0 (compatible; MSIE 6.0; Windows NT 5.1; SV1; .NET CLR 1.1.4322)"
75.52.222.134 - - [20/May/2007:01:44:06 -0400] "GET /images/index6_icepacks.jpg HTTP/1.1" 200 5263 "http://www.aceonlinestore.com/CGI-BIN/LANSAWEB?WEBEVENT+L5D5DB8072F40A800E4B3058+M37+ENG" "Mozilla/4.0 (compatible; MSIE 6.0; Windows NT 5.1; SV1; .NET CLR 1.1.4322)"
75.52.222.134 - - [20/May/2007:01:44:06 -0400] "GET /images/index6_med_exam.jpg HTTP/1.1" 200 2718 "http://www.aceonlinestore.com/CGI-BIN/LANSAWEB?WEBEVENT+L5D5DB8072F40A800E4B3058+M37+ENG" "Mozilla/4.0 (compatible; MSIE 6.0; Windows NT 5.1; SV1; .NET CLR 1.1.4322)"
75.52.222.134 - - [20/May/2007:01:44:06 -0400] "GET /images/index6_nonsterglovs.jpg HTTP/1.1" 200 2810 "http://www.aceonlinestore.com/CGI-BIN/LANSAWEB?WEBEVENT+L5D5DB8072F40A800E4B3058+M37+ENG" "Mozilla/4.0 (compatible; MSIE 6.0; Windows NT 5.1; SV1; .NET CLR 1.1.4322)"
75.52.222.134 - - [20/May/2007:01:44:06 -0400] "GET /images/index6_patdraps.jpg HTTP/1.1" 200 3178 "http://www.aceonlinestore.com/CGI-BIN/LANSAWEB?WEBEVENT+L5D5DB8072F40A800E4B3058+M37+ENG" "Mozilla/4.0 (compatible; MSIE 6.0; Windows NT 5.1; SV1; .NET CLR 1.1.4322)"
75.52.222.134 - - [20/May/2007:01:44:06 -0400] "GET /images/index6_shoecvrs.jpg HTTP/1.1" 200 5469 "http://www.aceonlinestore.com/CGI-BIN/LANSAWEB?WEBEVENT+L5D5DB8072F40A800E4B3058+M37+ENG" "Mozilla/4.0 (compatible; MSIE 6.0; Windows NT 5.1; SV1; .NET CLR 1.1.4322)"
75.52.222.134 - - [20/May/2007:01:44:06 -0400] "GET /images/index6_splashshlds.jpg HTTP/1.1" 200 4065 "http://www.aceonlinestore.com/CGI-BIN/LANSAWEB?WEBEVENT+L5D5DB8072F40A800E4B3058+M37+ENG" "Mozilla/4.0 (compatible; MSIE 6.0; Windows NT 5.1; SV1; .NET CLR 1.1.4322)"
75.52.222.134 - - [20/May/2007:01:44:07 -0400] "GET /images/index6_sterglovs.jpg HTTP/1.1" 200 3703 "http://www.aceonlinestore.com/CGI-BIN/LANSAWEB?WEBEVENT+L5D5DB8072F40A800E4B3058+M37+ENG" "Mozilla/4.0 (compatible; MSIE 6.0; Windows NT 5.1; SV1; .NET CLR 1.1.4322)"
