75.52.222.134 - - [20/May/2007:01:44:07 -0400] "GET /images/index6_surggown.jpg HTTP/1.1" 200 4051 "http://www.aceonlinestore.com/CGI-BIN/LANSAWEB?WEBEVENT+L5D5DB8072F40A800E4B3058+M37+ENG" "Mozilla/4.0 (compatible; MSIE 6.0; Windows NT 5.1; SV1; .NET CLR 1.1.4322)"
75.52.222.134 - - [20/May/2007:01:44:07 -0400] "GET /images/index6_surmask.jpg HTTP/1.1" 200 2939 "http://www.aceonlinestore.com/CGI-BIN/LANSAWEB?WEBEVENT+L5D5DB8072F40A800E4B3058+M37+ENG" "Mozilla/4.0 (compatible; MSIE 6.0; Windows NT 5.1; SV1; .NET CLR 1.1.4322)"
75.52.222.134 - - [20/May/2007:01:44:07 -0400] "GET /images/index6_warmupjackets.jpg HTTP/1.1" 200 5847 "http://www.aceonlinestore.com/CGI-BIN/LANSAWEB?WEBEVENT+L5D5DB8072F40A800E4B3058+M37+ENG" "Mozilla/4.0 (compatible; MSIE 6.0; Windows NT 5.1; SV1; .NET CLR 1.1.4322)"
75.52.222.134 - - [20/May/2007:01:44:07 -0400] "GET /images/index6_bibs&towls.jpg HTTP/1.1" 200 4450 "http://www.aceonlinestore.com/CGI-BIN/LANSAWEB?WEBEVENT+L5D5DB8072F40A800E4B3058+M37+ENG" "Mozilla/4.0 (compatible; MSIE 6.0; Windows NT 5.1; SV1; .NET CLR 1.1.4322)"
75.52.222.134 - - [20/May/2007:01:44:27 -0400] "GET /images/over-index6_sterglovs.jpg HTTP/1.1" 200 2530 "http://www.aceonlinestore.com/CGI-BIN/LANSAWEB?WEBEVENT+L5D5DB8072F40A800E4B3058+M37+ENG" "Mozilla/4.0 (compatible; MSIE 6.0; Windows NT 5.1; SV1; .NET CLR 1.1.4322)"
75.52.222.134 - - [20/May/2007:01:44:31 -0400] "POST /CGI-BIN/LANSAWEB?WEBEVENT+L5D5DBB04291018008DD3058+M37+ENG HTTP/1.1" 200 48375 "http://www.aceonlinestore.com/CGI-BIN/LANSAWEB?WEBEVENT+L5D5DB8072F40A800E4B3058+M37+ENG" "Mozilla/4.0 (compatible; MSIE 6.0; Windows NT 5.1; SV1; .NET CLR 1.1.4322)"
75.52.222.134 - - [20/May/2007:01:44:43 -0400] "POST /CGI-BIN/LANSAWEB?WEBEVENT+L5D5DBB0F2EF0980096E3058+M37+ENG HTTP/1.1" 200 42271 "http://www.aceonlinestore.com/CGI-BIN/LANSAWEB?WEBEVENT+L5D5DBB04291018008DD3058+M37+ENG" "Mozilla/4.0 (compatible; MSIE 6.0; Windows NT 5.1; SV1; .NET CLR 1.1.4322)"
75.52.222.134 - - [20/May/2007:01:44:46 -0400] "GET /images/items/0037215_THUMB.JPG HTTP/1.1" 200 2971 "http://www.aceonlinestore.com/CGI-BIN/LANSAWEB?WEBEVENT+L5D5DBB0F2EF0980096E3058+M37+ENG" "Mozilla/4.0 (compatible; MSIE 6.0; Windows NT 5.1; SV1; .NET CLR 1.1.4322)"
75.52.222.134 - - [20/May/2007:01:45:03 -0400] "GET /images/login_go-over.gif HTTP/1.1" 200 302 "http://www.aceonlinestore.com/CGI-BIN/LANSAWEB?WEBEVENT+L5D5DBB04291018008DD3058+M37+ENG" "Mozilla/4.0 (compatible; MSIE 6.0; Windows NT 5.1; SV1; .NET CLR 1.1.4322)"
66.249.70.202 - - [20/May/2007:01:44:18 -0400] "GET /images/ACE_Autografter_sellsheet.pdf HTTP/1.1" 200 1131847 "-" "Mozilla/5.0 (compatible; Googlebot/2.1; +http://www.google.com/bot.html)"
75.52.222.134 - - [20/May/2007:01:45:10 -0400] "GET /images/index6_halfsheets HTTP/1.1" 404 222 "http://www.aceonlinestore.com/CGI-BIN/LANSAWEB?WEBEVENT+L5D5DB8072F40A800E4B3058+M37+ENG" "Mozilla/4.0 (compatible; MSIE 6.0; Windows NT 5.1; SV1; .NET CLR 1.1.4322)"
75.52.222.134 - - [20/May/2007:01:45:17 -0400] "GET /images/over-store_implant_section.jpg HTTP/1.1" 200 7534 "http://www.aceonlinestore.com/cgi-bin/lansaweb?procfun+wordpr01+webfunc+M37" "Mozilla/4.0 (compatible; MSIE 6.0; Windows NT 5.1; SV1; .NET CLR 1.1.4322)"
75.52.222.134 - - [20/May/2007:01:45:32 -0400] "GET /images/psearch_go-over.gif HTTP/1.1" 200 302 "http://www.aceonlinestore.com/cgi-bin/lansaweb?procfun+wordpr01+webfunc+M37" "Mozilla/4.0 (compatible; MSIE 6.0; Windows NT 5.1; SV1; .NET CLR 1.1.4322)"
75.52.222.134 - - [20/May/2007:01:45:33 -0400] "POST /CGI-BIN/LANSAWEB?WEBEVENT+L5D5DB8072F905800E7B3058+M37+ENG HTTP/1.1" 200 31660 "http://www.aceonlinestore.com/cgi-bin/lansaweb?procfun+wordpr01+webfunc+M37" "Mozilla/4.0 (compatible; MSIE 6.0; Windows NT 5.1; SV1; .NET CLR 1.1.4322)"
75.52.222.134 - - [20/May/2007:01:46:08 -0400] "POST /CGI-BIN/LANSAWEB?WEBEVENT+L5D5DBB0B2CE0A800DA73058+M37+ENG HTTP/1.1" 200 31660 "http://www.aceonlinestore.com/CGI-BIN/LANSAWEB?WEBEVENT+L5D5DB8072F905800E7B3058+M37+ENG" "Mozilla/4.0 (compatible; MSIE 6.0; Windows NT 5.1; SV1; .NET CLR 1.1.4322)"
209.59.12.99 - - [20/May/2007:01:46:38 -0400] "GET / HTTP/1.0" 200 367 "-" "check_http/1.81 (nagios-plugins 1.4)"
66.249.70.202 - - [20/May/2007:01:48:28 -0400] "GET /images/tools/ HTTP/1.1" 200 3659 "-" "Mozilla/5.0 (compatible; Googlebot/2.1; +http://www.google.com/bot.html)"
209.59.12.99 - - [20/May/2007:01:51:38 -0400] "GET / HTTP/1.0" 200 367 "-" "check_http/1.81 (nagios-plugins 1.4)"
66.249.70.202 - - [20/May/2007:01:51:54 -0400] "GET /images/ACE_SitePrepOsteotomes.pdf HTTP/1.1" 200 5037385 "-" "Mozilla/5.0 (compatible; Googlebot/2.1; +http://www.google.com/bot.html)"
66.249.70.202 - - [20/May/2007:01:55:27 -0400] "GET /images/Office%20Supply/ HTTP/1.1" 200 3623 "-" "Mozilla/5.0 (compatible; Googlebot/2.1; +http://www.google.com/bot.html)"
209.59.12.99 - - [20/May/2007:01:56:43 -0400] "GET / HTTP/1.0" 200 367 "-" "check_http/1.81 (nagios-plugins 1.4)"
66.249.70.202 - - [20/May/2007:01:58:29 -0400] "GET /images/ACE_SitePrepOsteotomes.pdf HTTP/1.1" 200 5037385 "-" "Mozilla/5.0 (compatible; Googlebot/2.1; +http://www.google.com/bot.html)"
66.249.70.202 - - [20/May/2007:02:01:29 -0400] "GET /logs/error_log.Q107051800 HTTP/1.1" 200 100992 "-" "Mozilla/5.0 (compatible; Googlebot/2.1; +http://www.google.com/bot.html)"
209.59.12.99 - - [20/May/2007:02:01:38 -0400] "GET / HTTP/1.0" 200 367 "-" "check_http/1.81 (nagios-plugins 1.4)"
209.59.12.99 - - [20/May/2007:02:06:39 -0400] "GET / HTTP/1.0" 200 367 "-" "check_http/1.81 (nagios-plugins 1.4)"
66.249.70.202 - - [20/May/2007:02:05:08 -0400] "GET /images/ACE_SitePrepOsteotomes.pdf HTTP/1.1" 200 5037385 "-" "Mozilla/5.0 (compatible; Googlebot/2.1; +http://www.google.com/bot.html)"
194.72.238.62 - - [20/May/2007:02:08:47 -0400] "HEAD / HTTP/1.0" 200 - "-" "Mozilla/4.0 (compatible; MSIE 6.0; Windows NT 5.1; Netcraft SSL Server Survey - contact info@netcraft.com)"
66.249.70.202 - - [20/May/2007:02:08:08 -0400] "GET /logs/access_log.Q107051800 HTTP/1.1" 200 2816565 "-" "Mozilla/5.0 (compatible; Googlebot/2.1; +http://www.google.com/bot.html)"
209.59.12.99 - - [20/May/2007:02:11:38 -0400] "GET / HTTP/1.0" 200 367 "-" "check_http/1.81 (nagios-plugins 1.4)"
66.249.70.202 - - [20/May/2007:02:12:49 -0400] "GET /images/ACE_SitePrepOsteotomes.pdf HTTP/1.1" 200 5037385 "-" "Mozilla/5.0 (compatible; Googlebot/2.1; +http://www.google.com/bot.html)"
209.59.12.99 - - [20/May/2007:02:16:39 -0400] "GET / HTTP/1.0" 200 367 "-" "check_http/1.81 (nagios-plugins 1.4)"
66.249.70.202 - - [20/May/2007:02:18:27 -0400] "GET /logs/access_log.Q107051700 HTTP/1.1" 200 3089678 "-" "Mozilla/5.0 (compatible; Googlebot/2.1; +http://www.google.com/bot.html)"
209.59.12.99 - - [20/May/2007:02:21:39 -0400] "GET / HTTP/1.0" 200 367 "-" "check_http/1.81 (nagios-plugins 1.4)"
209.59.12.99 - - [20/May/2007:02:26:39 -0400] "GET / HTTP/1.0" 200 367 "-" "check_http/1.81 (nagios-plugins 1.4)"
66.249.70.202 - - [20/May/2007:02:26:35 -0400] "GET /images/ACE_SitePrepOsteotomes.pdf HTTP/1.1" 200 5037385 "-" "Mozilla/5.0 (compatible; Googlebot/2.1; +http://www.google.com/bot.html)"
75.52.222.134 - - [20/May/2007:02:29:37 -0400] "GET /cgi-bin/lansaweb?procfun+wordpr01+webfunc+M37 HTTP/1.1" 200 38220 "http://www.acesurgical.com/home_May07.html" "Mozilla/4.0 (compatible; MSIE 6.0; Windows NT 5.1; SV1; .NET CLR 1.1.4322)"
75.52.222.134 - - [20/May/2007:02:29:38 -0400] "GET /images/ace_logo_top.jpg HTTP/1.1" 304 - "http://www.aceonlinestore.com/cgi-bin/lansaweb?procfun+wordpr01+webfunc+M37" "Mozilla/4.0 (compatible; MSIE 6.0; Windows NT 5.1; SV1; .NET CLR 1.1.4322)"
75.52.222.134 - - [20/May/2007:02:29:38 -0400] "GET /images/nav04_about_off.jpg HTTP/1.1" 304 - "http://www.aceonlinestore.com/cgi-bin/lansaweb?procfun+wordpr01+webfunc+M37" "Mozilla/4.0 (compatible; MSIE 6.0; Windows NT 5.1; SV1; .NET CLR 1.1.4322)"
75.52.222.134 - - [20/May/2007:02:29:38 -0400] "GET /images/nav_upper_bgrd.jpg HTTP/1.1" 304 - "http://www.aceonlinestore.com/cgi-bin/lansaweb?procfun+wordpr01+webfunc+M37" "Mozilla/4.0 (compatible; MSIE 6.0; Windows NT 5.1; SV1; .NET CLR 1.1.4322)"
75.52.222.134 - - [20/May/2007:02:29:38 -0400] "GET /images/nav04_shop_over.jpg HTTP/1.1" 304 - "http://www.aceonlinestore.com/cgi-bin/lansaweb?procfun+wordpr01+webfunc+M37" "Mozilla/4.0 (compatible; MSIE 6.0; Windows NT 5.1; SV1; .NET CLR 1.1.4322)"
75.52.222.134 - - [20/May/2007:02:29:38 -0400] "GET /images/nav04_conven_off.jpg HTTP/1.1" 304 - "http://www.aceonlinestore.com/cgi-bin/lansaweb?procfun+wordpr01+webfunc+M37" "Mozilla/4.0 (compatible; MSIE 6.0; Windows NT 5.1; SV1; .NET CLR 1.1.4322)"
75.52.222.134 - - [20/May/2007:02:29:38 -0400] "GET /images/nav04_download_off.jpg HTTP/1.1" 304 - "http://www.aceonlinestore.com/cgi-bin/lansaweb?procfun+wordpr01+webfunc+M37" "Mozilla/4.0 (compatible; MSIE 6.0; Windows NT 5.1; SV1; .NET CLR 1.1.4322)"
75.52.222.134 - - [20/May/2007:02:29:39 -0400] "GET /images/nav04_contact_off.jpg HTTP/1.1" 304 - "http://www.aceonlinestore.com/cgi-bin/lansaweb?procfun+wordpr01+webfunc+M37" "Mozilla/4.0 (compatible; MSIE 6.0; Windows NT 5.1; SV1; .NET CLR 1.1.4322)"
75.52.222.134 - - [20/May/2007:02:29:39 -0400] "GET /images/ace_logo_bottom.jpg HTTP/1.1" 304 - "http://www.aceonlinestore.com/cgi-bin/lansaweb?procfun+wordpr01+webfunc+M37" "Mozilla/4.0 (compatible; MSIE 6.0; Windows NT 5.1; SV1; .NET CLR 1.1.4322)"
75.52.222.134 - - [20/May/2007:02:29:39 -0400] "GET /images/nav_store_head.jpg HTTP/1.1" 304 - "http://www.aceonlinestore.com/cgi-bin/lansaweb?procfun+wordpr01+webfunc+M37" "Mozilla/4.0 (compatible; MSIE 6.0; Windows NT 5.1; SV1; .NET CLR 1.1.4322)"
75.52.222.134 - - [20/May/2007:02:29:39 -0400] "GET /images/nav_store_index_off.jpg HTTP/1.1" 304 - "http://www.aceonlinestore.com/cgi-bin/lansaweb?procfun+wordpr01+webfunc+M37" "Mozilla/4.0 (compatible; MSIE 6.0; Windows NT 5.1; SV1; .NET CLR 1.1.4322)"
75.52.222.134 - - [20/May/2007:02:29:39 -0400] "GET /images/spacer.gif HTTP/1.1" 304 - "http://www.aceonlinestore.com/cgi-bin/lansaweb?procfun+wordpr01+webfunc+M37" "Mozilla/4.0 (compatible; MSIE 6.0; Windows NT 5.1; SV1; .NET CLR 1.1.4322)"
75.52.222.134 - - [20/May/2007:02:29:39 -0400] "GET /images/login.gif HTTP/1.1" 304 - "http://www.aceonlinestore.com/cgi-bin/lansaweb?procfun+wordpr01+webfunc+M37" "Mozilla/4.0 (compatible; MSIE 6.0; Windows NT 5.1; SV1; .NET CLR 1.1.4322)"
75.52.222.134 - - [20/May/2007:02:29:39 -0400] "GET /images/nav_lower_bgrd.jpg HTTP/1.1" 304 - "http://www.aceonlinestore.com/cgi-bin/lansaweb?procfun+wordpr01+webfunc+M37" "Mozilla/4.0 (compatible; MSIE 6.0; Windows NT 5.1; SV1; .NET CLR 1.1.4322)"
75.52.222.134 - - [20/May/2007:02:29:39 -0400] "GET /images/login_go.gif HTTP/1.1" 304 - "http://www.aceonlinestore.com/cgi-bin/lansaweb?procfun+wordpr01+webfunc+M37" "Mozilla/4.0 (compatible; MSIE 6.0; Windows NT 5.1; SV1; .NET CLR 1.1.4322)"
75.52.222.134 - - [20/May/2007:02:29:39 -0400] "GET /images/search.gif HTTP/1.1" 304 - "http://www.aceonlinestore.com/cgi-bin/lansaweb?procfun+wordpr01+webfunc+M37" "Mozilla/4.0 (compatible; MSIE 6.0; Windows NT 5.1; SV1; .NET CLR 1.1.4322)"
75.52.222.134 - - [20/May/2007:02:29:39 -0400] "GET /images/psearch_go.gif HTTP/1.1" 304 - "http://www.aceonlinestore.com/cgi-bin/lansaweb?procfun+wordpr01+webfunc+M37" "Mozilla/4.0 (compatible; MSIE 6.0; Windows NT 5.1; SV1; .NET CLR 1.1.4322)"
75.52.222.134 - - [20/May/2007:02:29:40 -0400] "GET /images/sale_promo-icon.gif HTTP/1.1" 304 - "http://www.aceonlinestore.com/cgi-bin/lansaweb?procfun+wordpr01+webfunc+M37" "Mozilla/4.0 (compatible; MSIE 6.0; Windows NT 5.1; SV1; .NET CLR 1.1.4322)"
75.52.222.134 - - [20/May/2007:02:29:40 -0400] "GET /images/store_anesth_section.jpg HTTP/1.1" 304 - "http://www.aceonlinestore.com/cgi-bin/lansaweb?procfun+wordpr01+webfunc+M37" "Mozilla/4.0 (compatible; MSIE 6.0; Windows NT 5.1; SV1; .NET CLR 1.1.4322)"
75.52.222.134 - - [20/May/2007:02:29:40 -0400] "GET /images/store_bone_section2.jpg HTTP/1.1" 304 - "http://www.aceonlinestore.com/cgi-bin/lansaweb?procfun+wordpr01+webfunc+M37" "Mozilla/4.0 (compatible; MSIE 6.0; Windows NT 5.1; SV1; .NET CLR 1.1.4322)"
75.52.222.134 - - [20/May/2007:02:29:40 -0400] "GET /images/store_cardiac_section.jpg HTTP/1.1" 304 - "http://www.aceonlinestore.com/cgi-bin/lansaweb?procfun+wordpr01+webfunc+M37" "Mozilla/4.0 (compatible; MSIE 6.0; Windows NT 5.1; SV1; .NET CLR 1.1.4322)"
75.52.222.134 - - [20/May/2007:02:29:40 -0400] "GET /images/store_implant_section.jpg HTTP/1.1" 304 - "http://www.aceonlinestore.com/cgi-bin/lansaweb?procfun+wordpr01+webfunc+M37" "Mozilla/4.0 (compatible; MSIE 6.0; Windows NT 5.1; SV1; .NET CLR 1.1.4322)"
75.52.222.134 - - [20/May/2007:02:29:40 -0400] "GET /images/store_gauze_section.jpg HTTP/1.1" 304 - "http://www.aceonlinestore.com/cgi-bin/lansaweb?procfun+wordpr01+webfunc+M37" "Mozilla/4.0 (compatible; MSIE 6.0; Windows NT 5.1; SV1; .NET CLR 1.1.4322)"
75.52.222.134 - - [20/May/2007:02:29:40 -0400] "GET /images/store_infection_section.jpg HTTP/1.1" 304 - "http://www.aceonlinestore.com/cgi-bin/lansaweb?procfun+wordpr01+webfunc+M37" "Mozilla/4.0 (compatible; MSIE 6.0; Windows NT 5.1; SV1; .NET CLR 1.1.4322)"
75.52.222.134 - - [20/May/2007:02:29:40 -0400] "GET /images/store_irrigate_section.gif HTTP/1.1" 304 - "http://www.aceonlinestore.com/cgi-bin/lansaweb?procfun+wordpr01+webfunc+M37" "Mozilla/4.0 (compatible; MSIE 6.0; Windows NT 5.1; SV1; .NET CLR 1.1.4322)"
75.52.222.134 - - [20/May/2007:02:29:40 -0400] "GET /images/store_iv_admin_section.jpg HTTP/1.1" 304 - "http://www.aceonlinestore.com/cgi-bin/lansaweb?procfun+wordpr01+webfunc+M37" "Mozilla/4.0 (compatible; MSIE 6.0; Windows NT 5.1; SV1; .NET CLR 1.1.4322)"
75.52.222.134 - - [20/May/2007:02:29:41 -0400] "GET /images/store_assess_section.jpg HTTP/1.1" 304 - "http://www.aceonlinestore.com/cgi-bin/lansaweb?procfun+wordpr01+webfunc+M37" "Mozilla/4.0 (compatible; MSIE 6.0; Windows NT 5.1; SV1; .NET CLR 1.1.4322)"
75.52.222.134 - - [20/May/2007:02:29:41 -0400] "GET /images/store_pharma_section.jpg HTTP/1.1" 304 - "http://www.aceonlinestore.com/cgi-bin/lansaweb?procfun+wordpr01+webfunc+M37" "Mozilla/4.0 (compatible; MSIE 6.0; Windows NT 5.1; SV1; .NET CLR 1.1.4322)"
75.52.222.134 - - [20/May/2007:02:29:41 -0400] "GET /images/store_sterile_section.jpg HTTP/1.1" 304 - "http://www.aceonlinestore.com/cgi-bin/lansaweb?procfun+wordpr01+webfunc+M37" "Mozilla/4.0 (compatible; MSIE 6.0; Windows NT 5.1; SV1; .NET CLR 1.1.4322)"
75.52.222.134 - - [20/May/2007:02:29:41 -0400] "GET /images/store_blades_section.jpg HTTP/1.1" 304 - "http://www.aceonlinestore.com/cgi-bin/lansaweb?procfun+wordpr01+webfunc+M37" "Mozilla/4.0 (compatible; MSIE 6.0; Windows NT 5.1; SV1; .NET CLR 1.1.4322)"
75.52.222.134 - - [20/May/2007:02:29:41 -0400] "GET /images/store_burs_section.jpg HTTP/1.1" 304 - "http://www.aceonlinestore.com/cgi-bin/lansaweb?procfun+wordpr01+webfunc+M37" "Mozilla/4.0 (compatible; MSIE 6.0; Windows NT 5.1; SV1; .NET CLR 1.1.4322)"
75.52.222.134 - - [20/May/2007:02:29:41 -0400] "GET /images/store_saws_section.jpg HTTP/1.1" 304 - "http://www.aceonlinestore.com/cgi-bin/lansaweb?procfun+wordpr01+webfunc+M37" "Mozilla/4.0 (compatible; MSIE 6.0; Windows NT 5.1; SV1; .NET CLR 1.1.4322)"
75.52.222.134 - - [20/May/2007:02:29:41 -0400] "GET /images/store_sutures_section.jpg HTTP/1.1" 304 - "http://www.aceonlinestore.com/cgi-bin/lansaweb?procfun+wordpr01+webfunc+M37" "Mozilla/4.0 (compatible; MSIE 6.0; Windows NT 5.1; SV1; .NET CLR 1.1.4322)"
75.52.222.134 - - [20/May/2007:02:29:41 -0400] "GET /images/store_syringe_section.jpg HTTP/1.1" 304 - "http://www.aceonlinestore.com/cgi-bin/lansaweb?procfun+wordpr01+webfunc+M37" "Mozilla/4.0 (compatible; MSIE 6.0; Windows NT 5.1; SV1; .NET CLR 1.1.4322)"
75.52.222.134 - - [20/May/2007:02:29:41 -0400] "GET /images/store_xray_section.jpg HTTP/1.1" 304 - "http://www.aceonlinestore.com/cgi-bin/lansaweb?procfun+wordpr01+webfunc+M37" "Mozilla/4.0 (compatible; MSIE 6.0; Windows NT 5.1; SV1; .NET CLR 1.1.4322)"
75.52.222.134 - - [20/May/2007:02:29:41 -0400] "GET /images/store_handpc_section.jpg HTTP/1.1" 304 - "http://www.aceonlinestore.com/cgi-bin/lansaweb?procfun+wordpr01+webfunc+M37" "Mozilla/4.0 (compatible; MSIE 6.0; Windows NT 5.1; SV1; .NET CLR 1.1.4322)"
75.52.222.134 - - [20/May/2007:02:29:42 -0400] "GET /images/store_infection_section.jpg HTTP/1.1" 304 - "http://www.aceonlinestore.com/cgi-bin/lansaweb?procfun+wordpr01+webfunc+M37" "Mozilla/4.0 (compatible; MSIE 6.0; Windows NT 5.1; SV1; .NET CLR 1.1.4322)"
75.52.222.134 - - [20/May/2007:02:29:42 -0400] "GET /images/over-store_instr_section.jpg HTTP/1.1" 200 9238 "http://www.aceonlinestore.com/cgi-bin/lansaweb?procfun+wordpr01+webfunc+M37" "Mozilla/4.0 (compatible; MSIE 6.0; Windows NT 5.1; SV1; .NET CLR 1.1.4322)"
75.52.222.134 - - [20/May/2007:02:29:43 -0400] "GET /images/store_instr_section.jpg HTTP/1.1" 304 - "http://www.aceonlinestore.com/cgi-bin/lansaweb?procfun+wordpr01+webfunc+M37" "Mozilla/4.0 (compatible; MSIE 6.0; Windows NT 5.1; SV1; .NET CLR 1.1.4322)"
75.52.222.134 - - [20/May/2007:02:29:47 -0400] "GET /images/over-store_infection_section.jpg HTTP/1.1" 304 - "http://www.aceonlinestore.com/cgi-bin/lansaweb?procfun+wordpr01+webfunc+M37" "Mozilla/4.0 (compatible; MSIE 6.0; Windows NT 5.1; SV1; .NET CLR 1.1.4322)"
75.52.222.134 - - [20/May/2007:02:29:48 -0400] "POST /CGI-BIN/LANSAWEB?WEBEVENT+L5D5DC50526B00800B323059+M37+ENG HTTP/1.1" 200 48161 "http://www.aceonlinestore.com/cgi-bin/lansaweb?procfun+wordpr01+webfunc+M37" "Mozilla/4.0 (compatible; MSIE 6.0; Windows NT 5.1; SV1; .NET CLR 1.1.4322)"
75.52.222.134 - - [20/May/2007:02:29:50 -0400] "GET /images/nav04_shop_off.jpg HTTP/1.1" 304 - "http://www.aceonlinestore.com/CGI-BIN/LANSAWEB?WEBEVENT+L5D5DC50526B00800B323059+M37+ENG" "Mozilla/4.0 (compatible; MSIE 6.0; Windows NT 5.1; SV1; .NET CLR 1.1.4322)"
75.52.222.134 - - [20/May/2007:02:29:50 -0400] "GET /images/index5_artic.jpg HTTP/1.1" 200 4791 "http://www.aceonlinestore.com/CGI-BIN/LANSAWEB?WEBEVENT+L5D5DC50526B00800B323059+M37+ENG" "Mozilla/4.0 (compatible; MSIE 6.0; Windows NT 5.1; SV1; .NET CLR 1.1.4322)"
75.52.222.134 - - [20/May/2007:02:29:51 -0400] "GET /images/index5_bngraf.jpg HTTP/1.1" 200 3051 "http://www.aceonlinestore.com/CGI-BIN/LANSAWEB?WEBEVENT+L5D5DC50526B00800B323059+M37+ENG" "Mozilla/4.0 (compatible; MSIE 6.0; Windows NT 5.1; SV1; .NET CLR 1.1.4322)"
75.52.222.134 - - [20/May/2007:02:29:51 -0400] "GET /images/index5_bonefrcps.jpg HTTP/1.1" 200 3587 "http://www.aceonlinestore.com/CGI-BIN/LANSAWEB?WEBEVENT+L5D5DC50526B00800B323059+M37+ENG" "Mozilla/4.0 (compatible; MSIE 6.0; Windows NT 5.1; SV1; .NET CLR 1.1.4322)"
75.52.222.134 - - [20/May/2007:02:29:51 -0400] "GET /images/index5_caliper.jpg HTTP/1.1" 200 2483 "http://www.aceonlinestore.com/CGI-BIN/LANSAWEB?WEBEVENT+L5D5DC50526B00800B323059+M37+ENG" "Mozilla/4.0 (compatible; MSIE 6.0; Windows NT 5.1; SV1; .NET CLR 1.1.4322)"
75.52.222.134 - - [20/May/2007:02:29:51 -0400] "GET /images/index5_curette.jpg HTTP/1.1" 200 2388 "http://www.aceonlinestore.com/CGI-BIN/LANSAWEB?WEBEVENT+L5D5DC50526B00800B323059+M37+ENG" "Mozilla/4.0 (compatible; MSIE 6.0; Windows NT 5.1; SV1; .NET CLR 1.1.4322)"
75.52.222.134 - - [20/May/2007:02:29:51 -0400] "GET /images/index5_tisforc.jpg HTTP/1.1" 200 2873 "http://www.aceonlinestore.com/CGI-BIN/LANSAWEB?WEBEVENT+L5D5DC50526B00800B323059+M37+ENG" "Mozilla/4.0 (compatible; MSIE 6.0; Windows NT 5.1; SV1; .NET CLR 1.1.4322)"
75.52.222.134 - - [20/May/2007:02:29:51 -0400] "GET /images/index5_mirrors.jpg HTTP/1.1" 200 2655 "http://www.aceonlinestore.com/CGI-BIN/LANSAWEB?WEBEVENT+L5D5DC50526B00800B323059+M37+ENG" "Mozilla/4.0 (compatible; MSIE 6.0; Windows NT 5.1; SV1; .NET CLR 1.1.4322)"
75.52.222.134 - - [20/May/2007:02:29:51 -0400] "GET /images/index5_fractred.jpg HTTP/1.1" 200 3896 "http://www.aceonlinestore.com/CGI-BIN/LANSAWEB?WEBEVENT+L5D5DC50526B00800B323059+M37+ENG" "Mozilla/4.0 (compatible; MSIE 6.0; Windows NT 5.1; SV1; .NET CLR 1.1.4322)"
75.52.222.134 - - [20/May/2007:02:29:51 -0400] "GET /images/index5_instrlub.jpg HTTP/1.1" 200 2931 "http://www.aceonlinestore.com/CGI-BIN/LANSAWEB?WEBEVENT+L5D5DC50526B00800B323059+M37+ENG" "Mozilla/4.0 (compatible; MSIE 6.0; Windows NT 5.1; SV1; .NET CLR 1.1.4322)"
75.52.222.134 - - [20/May/2007:02:29:52 -0400] "GET /images/index5_mallet.jpg HTTP/1.1" 200 1863 "http://www.aceonlinestore.com/CGI-BIN/LANSAWEB?WEBEVENT+L5D5DC50526B00800B323059+M37+ENG" "Mozilla/4.0 (compatible; MSIE 6.0; Windows NT 5.1; SV1; .NET CLR 1.1.4322)"
75.52.222.134 - - [20/May/2007:02:29:52 -0400] "GET /images/index5_probes.jpg HTTP/1.1" 200 3030 "http://www.aceonlinestore.com/CGI-BIN/LANSAWEB?WEBEVENT+L5D5DC50526B00800B323059+M37+ENG" "Mozilla/4.0 (compatible; MSIE 6.0; Windows NT 5.1; SV1; .NET CLR 1.1.4322)"
75.52.222.134 - - [20/May/2007:02:29:52 -0400] "GET /images/index5_mcrnedlhol.jpg HTTP/1.1" 200 2494 "http://www.aceonlinestore.com/CGI-BIN/LANSAWEB?WEBEVENT+L5D5DC50526B00800B323059+M37+ENG" "Mozilla/4.0 (compatible; MSIE 6.0; Windows NT 5.1; SV1; .NET CLR 1.1.4322)"
75.52.222.134 - - [20/May/2007:02:29:52 -0400] "GET /images/index5_microscis.jpg HTTP/1.1" 200 2226 "http://www.aceonlinestore.com/CGI-BIN/LANSAWEB?WEBEVENT+L5D5DC50526B00800B323059+M37+ENG" "Mozilla/4.0 (compatible; MSIE 6.0; Windows NT 5.1; SV1; .NET CLR 1.1.4322)"
75.52.222.134 - - [20/May/2007:02:29:53 -0400] "GET /images/index5_nedlhol.jpg HTTP/1.1" 200 4228 "http://www.aceonlinestore.com/CGI-BIN/LANSAWEB?WEBEVENT+L5D5DC50526B00800B323059+M37+ENG" "Mozilla/4.0 (compatible; MSIE 6.0; Windows NT 5.1; SV1; .NET CLR 1.1.4322)"
75.52.222.134 - - [20/May/2007:02:29:53 -0400] "GET /images/index5_morslser.jpg HTTP/1.1" 200 1884 "http://www.aceonlinestore.com/CGI-BIN/LANSAWEB?WEBEVENT+L5D5DC50526B00800B323059+M37+ENG" "Mozilla/4.0 (compatible; MSIE 6.0; Windows NT 5.1; SV1; .NET CLR 1.1.4322)"
75.52.222.134 - - [20/May/2007:02:29:53 -0400] "GET /images/index5_periolev.jpg HTTP/1.1" 200 3646 "http://www.aceonlinestore.com/CGI-BIN/LANSAWEB?WEBEVENT+L5D5DC50526B00800B323059+M37+ENG" "Mozilla/4.0 (compatible; MSIE 6.0; Windows NT 5.1; SV1; .NET CLR 1.1.4322)"
75.52.222.134 - - [20/May/2007:02:29:53 -0400] "GET /images/index5_plstcfill.jpg HTTP/1.1" 200 2179 "http://www.aceonlinestore.com/CGI-BIN/LANSAWEB?WEBEVENT+L5D5DC50526B00800B323059+M37+ENG" "Mozilla/4.0 (compatible; MSIE 6.0; Windows NT 5.1; SV1; .NET CLR 1.1.4322)"
75.52.222.134 - - [20/May/2007:02:29:54 -0400] "GET /images/index5_pliers.jpg HTTP/1.1" 200 2399 "http://www.aceonlinestore.com/CGI-BIN/LANSAWEB?WEBEVENT+L5D5DC50526B00800B323059+M37+ENG" "Mozilla/4.0 (compatible; MSIE 6.0; Windows NT 5.1; SV1; .NET CLR 1.1.4322)"
75.52.222.134 - - [20/May/2007:02:29:54 -0400] "GET /images/index5_retrctr.jpg HTTP/1.1" 200 4110 "http://www.aceonlinestore.com/CGI-BIN/LANSAWEB?WEBEVENT+L5D5DC50526B00800B323059+M37+ENG" "Mozilla/4.0 (compatible; MSIE 6.0; Windows NT 5.1; SV1; .NET CLR 1.1.4322)"
75.52.222.134 - - [20/May/2007:02:29:54 -0400] "GET /images/index5_rongeur.jpg HTTP/1.1" 200 3803 "http://www.aceonlinestore.com/CGI-BIN/LANSAWEB?WEBEVENT+L5D5DC50526B00800B323059+M37+ENG" "Mozilla/4.0 (compatible; MSIE 6.0; Windows NT 5.1; SV1; .NET CLR 1.1.4322)"
75.52.222.134 - - [20/May/2007:02:29:54 -0400] "GET /images/index5_rootelv.jpg HTTP/1.1" 200 3266 "http://www.aceonlinestore.com/CGI-BIN/LANSAWEB?WEBEVENT+L5D5DC50526B00800B323059+M37+ENG" "Mozilla/4.0 (compatible; MSIE 6.0; Windows NT 5.1; SV1; .NET CLR 1.1.4322)"
75.52.222.134 - - [20/May/2007:02:29:57 -0400] "GET /images/index5_ssproducts.jpg HTTP/1.1" 200 3909 "http://www.aceonlinestore.com/CGI-BIN/LANSAWEB?WEBEVENT+L5D5DC50526B00800B323059+M37+ENG" "Mozilla/4.0 (compatible; MSIE 6.0; Windows NT 5.1; SV1; .NET CLR 1.1.4322)"
75.52.222.134 - - [20/May/2007:02:29:57 -0400] "GET /images/index5_surgscis.jpg HTTP/1.1" 200 3404 "http://www.aceonlinestore.com/CGI-BIN/LANSAWEB?WEBEVENT+L5D5DC50526B00800B323059+M37+ENG" "Mozilla/4.0 (compatible; MSIE 6.0; Windows NT 5.1; SV1; .NET CLR 1.1.4322)"
75.52.222.134 - - [20/May/2007:02:29:57 -0400] "GET /images/index5_spat_oste.jpg HTTP/1.1" 200 1734 "http://www.aceonlinestore.com/CGI-BIN/LANSAWEB?WEBEVENT+L5D5DC50526B00800B323059+M37+ENG" "Mozilla/4.0 (compatible; MSIE 6.0; Windows NT 5.1; SV1; .NET CLR 1.1.4322)"
75.52.222.134 - - [20/May/2007:02:30:11 -0400] "GET /images/over-index5_nedlhol.jpg HTTP/1.1" 200 3080 "http://www.aceonlinestore.com/CGI-BIN/LANSAWEB?WEBEVENT+L5D5DC50526B00800B323059+M37+ENG" "Mozilla/4.0 (compatible; MSIE 6.0; Windows NT 5.1; SV1; .NET CLR 1.1.4322)"
75.52.222.134 - - [20/May/2007:02:30:15 -0400] "GET /images/over-store_anesth_section.jpg HTTP/1.1" 304 - "http://www.aceonlinestore.com/cgi-bin/lansaweb?procfun+wordpr01+webfunc+M37" "Mozilla/4.0 (compatible; MSIE 6.0; Windows NT 5.1; SV1; .NET CLR 1.1.4322)"
75.52.222.134 - - [20/May/2007:02:30:18 -0400] "GET /images/over-store_bone_section2.jpg HTTP/1.1" 304 - "http://www.aceonlinestore.com/cgi-bin/lansaweb?procfun+wordpr01+webfunc+M37" "Mozilla/4.0 (compatible; MSIE 6.0; Windows NT 5.1; SV1; .NET CLR 1.1.4322)"
75.52.222.134 - - [20/May/2007:02:30:19 -0400] "POST /CGI-BIN/LANSAWEB?WEBEVENT+L5D5DC50526B00800B323059+M37+ENG HTTP/1.1" 200 40790 "http://www.aceonlinestore.com/cgi-bin/lansaweb?procfun+wordpr01+webfunc+M37" "Mozilla/4.0 (compatible; MSIE 6.0; Windows NT 5.1; SV1; .NET CLR 1.1.4322)"
75.52.222.134 - - [20/May/2007:02:30:28 -0400] "POST /CGI-BIN/LANSAWEB?WEBEVENT+L5D5DC50526B00800B323059+M37+ENG HTTP/1.1" 200 40790 "http://www.aceonlinestore.com/cgi-bin/lansaweb?procfun+wordpr01+webfunc+M37" "Mozilla/4.0 (compatible; MSIE 6.0; Windows NT 5.1; SV1; .NET CLR 1.1.4322)"
75.52.222.134 - - [20/May/2007:02:30:28 -0400] "GET /images/over-store_irrigate_section.gif HTTP/1.1" 200 7421 "http://www.aceonlinestore.com/cgi-bin/lansaweb?procfun+wordpr01+webfunc+M37" "Mozilla/4.0 (compatible; MSIE 6.0; Windows NT 5.1; SV1; .NET CLR 1.1.4322)"
75.52.222.134 - - [20/May/2007:02:30:42 -0400] "POST /CGI-BIN/LANSAWEB?WEBEVENT+L5D5DC50526B00800B323059+M37+ENG HTTP/1.1" 200 40790 "http://www.aceonlinestore.com/cgi-bin/lansaweb?procfun+wordpr01+webfunc+M37" "Mozilla/4.0 (compatible; MSIE 6.0; Windows NT 5.1; SV1; .NET CLR 1.1.4322)"
75.52.222.134 - - [20/May/2007:02:31:05 -0400] "GET /images/over-store_gauze_section.jpg HTTP/1.1" 200 8076 "http://www.aceonlinestore.com/cgi-bin/lansaweb?procfun+wordpr01+webfunc+M37" "Mozilla/4.0 (compatible; MSIE 6.0; Windows NT 5.1; SV1; .NET CLR 1.1.4322)"
75.52.222.134 - - [20/May/2007:02:31:05 -0400] "GET /images/over-store_implant_section.jpg HTTP/1.1" 200 7534 "http://www.aceonlinestore.com/cgi-bin/lansaweb?procfun+wordpr01+webfunc+M37" "Mozilla/4.0 (compatible; MSIE 6.0; Windows NT 5.1; SV1; .NET CLR 1.1.4322)"
75.52.222.134 - - [20/May/2007:02:31:06 -0400] "GET /images/over-store_implant_section.jpg HTTP/1.1" 200 7534 "http://www.aceonlinestore.com/cgi-bin/lansaweb?procfun+wordpr01+webfunc+M37" "Mozilla/4.0 (compatible; MSIE 6.0; Windows NT 5.1; SV1; .NET CLR 1.1.4322)"
75.52.222.134 - - [20/May/2007:02:31:06 -0400] "POST /CGI-BIN/LANSAWEB?WEBEVENT+L5D5DC50526B00800B323059+M37+ENG HTTP/1.1" 200 33578 "http://www.aceonlinestore.com/cgi-bin/lansaweb?procfun+wordpr01+webfunc+M37" "Mozilla/4.0 (compatible; MSIE 6.0; Windows NT 5.1; SV1; .NET CLR 1.1.4322)"
75.52.222.134 - - [20/May/2007:02:31:31 -0400] "GET /images/index12_intconnct.jpg HTTP/1.1" 200 2999 "http://www.aceonlinestore.com/CGI-BIN/LANSAWEB?WEBEVENT+L5D5DC50526B00800B323059+M37+ENG" "Mozilla/4.0 (compatible; MSIE 6.0; Windows NT 5.1; SV1; .NET CLR 1.1.4322)"
75.52.222.134 - - [20/May/2007:02:31:33 -0400] "GET /images/index12_exhex.jpg HTTP/1.1" 200 2849 "http://www.aceonlinestore.com/CGI-BIN/LANSAWEB?WEBEVENT+L5D5DC50526B00800B323059+M37+ENG" "Mozilla/4.0 (compatible; MSIE 6.0; Windows NT 5.1; SV1; .NET CLR 1.1.4322)"
75.52.222.134 - - [20/May/2007:02:31:36 -0400] "GET /images/ace_logo_top_over.jpg HTTP/1.1" 304 - "http://www.aceonlinestore.com/CGI-BIN/LANSAWEB?WEBEVENT+L5D5DC50526B00800B323059+M37+ENG" "Mozilla/4.0 (compatible; MSIE 6.0; Windows NT 5.1; SV1; .NET CLR 1.1.4322)"
209.59.12.99 - - [20/May/2007:02:31:40 -0400] "GET / HTTP/1.0" 200 367 "-" "check_http/1.81 (nagios-plugins 1.4)"
75.52.222.134 - - [20/May/2007:02:32:02 -0400] "POST /CGI-BIN/LANSAWEB?WEBEVENT+L5D5DC50526B00800B323059+M37+ENG HTTP/1.1" 200 40790 "http://www.aceonlinestore.com/cgi-bin/lansaweb?procfun+wordpr01+webfunc+M37" "Mozilla/4.0 (compatible; MSIE 6.0; Windows NT 5.1; SV1; .NET CLR 1.1.4322)"
75.52.222.134 - - [20/May/2007:02:32:53 -0400] "GET /images/index_allooss.jpg HTTP/1.1" 304 - "http://www.aceonlinestore.com/CGI-BIN/LANSAWEB?WEBEVENT+L5D5DC50526B00800B323059+M37+ENG" "Mozilla/4.0 (compatible; MSIE 6.0; Windows NT 5.1; SV1; .NET CLR 1.1.4322)"
75.52.222.134 - - [20/May/2007:02:32:56 -0400] "GET /images/index_autografter.jpg HTTP/1.1" 304 - "http://www.aceonlinestore.com/CGI-BIN/LANSAWEB?WEBEVENT+L5D5DC50526B00800B323059+M37+ENG" "Mozilla/4.0 (compatible; MSIE 6.0; Windows NT 5.1; SV1; .NET CLR 1.1.4322)"
75.52.222.134 - - [20/May/2007:02:32:56 -0400] "GET /images/index_bonemills.jpg HTTP/1.1" 304 - "http://www.aceonlinestore.com/CGI-BIN/LANSAWEB?WEBEVENT+L5D5DC50526B00800B323059+M37+ENG" "Mozilla/4.0 (compatible; MSIE 6.0; Windows NT 5.1; SV1; .NET CLR 1.1.4322)"
75.52.222.134 - - [20/May/2007:02:32:57 -0400] "GET /images/index_calciumsulfate.jpg HTTP/1.1" 304 - "http://www.aceonlinestore.com/CGI-BIN/LANSAWEB?WEBEVENT+L5D5DC50526B00800B323059+M37+ENG" "Mozilla/4.0 (compatible; MSIE 6.0; Windows NT 5.1; SV1; .NET CLR 1.1.4322)"
75.52.222.134 - - [20/May/2007:02:32:57 -0400] "GET /images/index_bone.jpg HTTP/1.1" 304 - "http://www.aceonlinestore.com/CGI-BIN/LANSAWEB?WEBEVENT+L5D5DC50526B00800B323059+M37+ENG" "Mozilla/4.0 (compatible; MSIE 6.0; Windows NT 5.1; SV1; .NET CLR 1.1.4322)"
75.52.222.134 - - [20/May/2007:02:32:57 -0400] "GET /images/index_tacking.jpg HTTP/1.1" 304 - "http://www.aceonlinestore.com/CGI-BIN/LANSAWEB?WEBEVENT+L5D5DC50526B00800B323059+M37+ENG" "Mozilla/4.0 (compatible; MSIE 6.0; Windows NT 5.1; SV1; .NET CLR 1.1.4322)"
75.52.222.134 - - [20/May/2007:02:32:58 -0400] "GET /images/index_rcm.jpg HTTP/1.1" 304 - "http://www.aceonlinestore.com/CGI-BIN/LANSAWEB?WEBEVENT+L5D5DC50526B00800B323059+M37+ENG" "Mozilla/4.0 (compatible; MSIE 6.0; Windows NT 5.1; SV1; .NET CLR 1.1.4322)"
75.52.222.134 - - [20/May/2007:02:32:58 -0400] "GET /images/index_nuoss.jpg HTTP/1.1" 304 - "http://www.aceonlinestore.com/CGI-BIN/LANSAWEB?WEBEVENT+L5D5DC50526B00800B323059+M37+ENG" "Mozilla/4.0 (compatible; MSIE 6.0; Windows NT 5.1; SV1; .NET CLR 1.1.4322)"
75.52.222.134 - - [20/May/2007:02:33:22 -0400] "POST /CGI-BIN/LANSAWEB?WEBEVENT+L5D5DC60F2A60480032A3059+M37+ENG HTTP/1.1" 200 63714 "http://www.aceonlinestore.com/CGI-BIN/LANSAWEB?WEBEVENT+L5D5DC50526B00800B323059+M37+ENG" "Mozilla/4.0 (compatible; MSIE 6.0; Windows NT 5.1; SV1; .NET CLR 1.1.4322)"
75.52.222.134 - - [20/May/2007:02:33:24 -0400] "GET /images/pf-a.gif HTTP/1.1" 304 - "http://www.aceonlinestore.com/CGI-BIN/LANSAWEB?WEBEVENT+L5D5DC60F2A60480032A3059+M37+ENG" "Mozilla/4.0 (compatible; MSIE 6.0; Windows NT 5.1; SV1; .NET CLR 1.1.4322)"
75.52.222.134 - - [20/May/2007:02:33:24 -0400] "GET /images/items/5099001_THUMB.JPG HTTP/1.1" 200 2313 "http://www.aceonlinestore.com/CGI-BIN/LANSAWEB?WEBEVENT+L5D5DC60F2A60480032A3059+M37+ENG" "Mozilla/4.0 (compatible; MSIE 6.0; Windows NT 5.1; SV1; .NET CLR 1.1.4322)"
75.52.222.134 - - [20/May/2007:02:33:24 -0400] "GET /images/space.gif HTTP/1.1" 304 - "http://www.aceonlinestore.com/CGI-BIN/LANSAWEB?WEBEVENT+L5D5DC60F2A60480032A3059+M37+ENG" "Mozilla/4.0 (compatible; MSIE 6.0; Windows NT 5.1; SV1; .NET CLR 1.1.4322)"
75.52.222.134 - - [20/May/2007:02:33:24 -0400] "GET /images/next.gif HTTP/1.1" 304 - "http://www.aceonlinestore.com/CGI-BIN/LANSAWEB?WEBEVENT+L5D5DC60F2A60480032A3059+M37+ENG" "Mozilla/4.0 (compatible; MSIE 6.0; Windows NT 5.1; SV1; .NET CLR 1.1.4322)"
75.52.222.134 - - [20/May/2007:02:34:37 -0400] "POST /CGI-BIN/LANSAWEB?WEBEVENT+L5D5DC60B29C0F80085A3059+M37+ENG HTTP/1.1" 200 45882 "http://www.aceonlinestore.com/CGI-BIN/LANSAWEB?WEBEVENT+L5D5DC60F2A60480032A3059+M37+ENG" "Mozilla/4.0 (compatible; MSIE 6.0; Windows NT 5.1; SV1; .NET CLR 1.1.4322)"
75.52.222.134 - - [20/May/2007:02:34:40 -0400] "GET /images/prev.gif HTTP/1.1" 200 253 "http://www.aceonlinestore.com/CGI-BIN/LANSAWEB?WEBEVENT+L5D5DC60B29C0F80085A3059+M37+ENG" "Mozilla/4.0 (compatible; MSIE 6.0; Windows NT 5.1; SV1; .NET CLR 1.1.4322)"
75.52.222.134 - - [20/May/2007:02:34:49 -0400] "GET /images/nav04_conven_over.jpg HTTP/1.1" 304 - "http://www.aceonlinestore.com/CGI-BIN/LANSAWEB?WEBEVENT+L5D5DC60B29C0F80085A3059+M37+ENG" "Mozilla/4.0 (compatible; MSIE 6.0; Windows NT 5.1; SV1; .NET CLR 1.1.4322)"
75.52.222.134 - - [20/May/2007:02:34:52 -0400] "GET /images/items/NUOSSCOLLAGEN_THUMB.JPG HTTP/1.1" 200 2818 "http://www.aceonlinestore.com/CGI-BIN/LANSAWEB?WEBEVENT+L5D5DC60F2A60480032A3059+M37+ENG" "Mozilla/4.0 (compatible; MSIE 6.0; Windows NT 5.1; SV1; .NET CLR 1.1.4322)"
75.52.222.134 - - [20/May/2007:02:35:21 -0400] "GET /images/index_bonemills.jpg HTTP/1.1" 304 - "http://www.aceonlinestore.com/CGI-BIN/LANSAWEB?WEBEVENT+L5D5DC50526B00800B323059+M37+ENG" "Mozilla/4.0 (compatible; MSIE 6.0; Windows NT 5.1; SV1; .NET CLR 1.1.4322)"
75.52.222.134 - - [20/May/2007:02:35:21 -0400] "GET /images/index_orthoscrew.jpg HTTP/1.1" 304 - "http://www.aceonlinestore.com/CGI-BIN/LANSAWEB?WEBEVENT+L5D5DC50526B00800B323059+M37+ENG" "Mozilla/4.0 (compatible; MSIE 6.0; Windows NT 5.1; SV1; .NET CLR 1.1.4322)"
75.52.222.134 - - [20/May/2007:02:35:46 -0400] "GET /images/over-index_rcm.jpg HTTP/1.1" 304 - "http://www.aceonlinestore.com/CGI-BIN/LANSAWEB?WEBEVENT+L5D5DC50526B00800B323059+M37+ENG" "Mozilla/4.0 (compatible; MSIE 6.0; Windows NT 5.1; SV1; .NET CLR 1.1.4322)"
75.52.222.134 - - [20/May/2007:02:35:50 -0400] "GET /images/index_ridgeexp.jpg HTTP/1.1" 304 - "http://www.aceonlinestore.com/CGI-BIN/LANSAWEB?WEBEVENT+L5D5DC50526B00800B323059+M37+ENG" "Mozilla/4.0 (compatible; MSIE 6.0; Windows NT 5.1; SV1; .NET CLR 1.1.4322)"
75.52.222.134 - - [20/May/2007:02:35:50 -0400] "GET /images/index_prp.jpg HTTP/1.1" 304 - "http://www.aceonlinestore.com/CGI-BIN/LANSAWEB?WEBEVENT+L5D5DC50526B00800B323059+M37+ENG" "Mozilla/4.0 (compatible; MSIE 6.0; Windows NT 5.1; SV1; .NET CLR 1.1.4322)"
75.52.222.134 - - [20/May/2007:02:35:50 -0400] "GET /images/index_screws.jpg HTTP/1.1" 304 - "http://www.aceonlinestore.com/CGI-BIN/LANSAWEB?WEBEVENT+L5D5DC50526B00800B323059+M37+ENG" "Mozilla/4.0 (compatible; MSIE 6.0; Windows NT 5.1; SV1; .NET CLR 1.1.4322)"
75.52.222.134 - - [20/May/2007:02:35:50 -0400] "GET /images/index_liftkit.jpg HTTP/1.1" 304 - "http://www.aceonlinestore.com/CGI-BIN/LANSAWEB?WEBEVENT+L5D5DC50526B00800B323059+M37+ENG" "Mozilla/4.0 (compatible; MSIE 6.0; Windows NT 5.1; SV1; .NET CLR 1.1.4322)"
75.52.222.134 - - [20/May/2007:02:36:32 -0400] "GET /images/over-store_irrigate_section.gif HTTP/1.1" 200 7421 "http://www.aceonlinestore.com/cgi-bin/lansaweb?procfun+wordpr01+webfunc+M37" "Mozilla/4.0 (compatible; MSIE 6.0; Windows NT 5.1; SV1; .NET CLR 1.1.4322)"
209.59.12.99 - - [20/May/2007:02:36:39 -0400] "GET / HTTP/1.0" 200 367 "-" "check_http/1.81 (nagios-plugins 1.4)"
75.52.222.134 - - [20/May/2007:02:36:39 -0400] "GET /images/over-store_gauze_section.jpg HTTP/1.1" 206 2503 "http://www.aceonlinestore.com/cgi-bin/lansaweb?procfun+wordpr01+webfunc+M37" "Mozilla/4.0 (compatible; MSIE 6.0; Windows NT 5.1; SV1; .NET CLR 1.1.4322)"
75.52.222.134 - - [20/May/2007:02:36:43 -0400] "POST /CGI-BIN/LANSAWEB?WEBEVENT+L5D5DC50526B00800B323059+M37+ENG HTTP/1.1" 200 34972 "http://www.aceonlinestore.com/cgi-bin/lansaweb?procfun+wordpr01+webfunc+M37" "Mozilla/4.0 (compatible; MSIE 6.0; Windows NT 5.1; SV1; .NET CLR 1.1.4322)"
75.52.222.134 - - [20/May/2007:02:36:45 -0400] "GET /images/index8_cotgzst.jpg HTTP/1.1" 304 - "http://www.aceonlinestore.com/CGI-BIN/LANSAWEB?WEBEVENT+L5D5DC50526B00800B323059+M37+ENG" "Mozilla/4.0 (compatible; MSIE 6.0; Windows NT 5.1; SV1; .NET CLR 1.1.4322)"
75.52.222.134 - - [20/May/2007:02:36:46 -0400] "GET /images/index8_pckingtp.jpg HTTP/1.1" 304 - "http://www.aceonlinestore.com/CGI-BIN/LANSAWEB?WEBEVENT+L5D5DC50526B00800B323059+M37+ENG" "Mozilla/4.0 (compatible; MSIE 6.0; Windows NT 5.1; SV1; .NET CLR 1.1.4322)"
75.52.222.134 - - [20/May/2007:02:36:46 -0400] "GET /images/index8_ace_nstergz.jpg HTTP/1.1" 304 - "http://www.aceonlinestore.com/CGI-BIN/LANSAWEB?WEBEVENT+L5D5DC50526B00800B323059+M37+ENG" "Mozilla/4.0 (compatible; MSIE 6.0; Windows NT 5.1; SV1; .NET CLR 1.1.4322)"
75.52.222.134 - - [20/May/2007:02:36:46 -0400] "GET /images/index8_ace_stergz.jpg HTTP/1.1" 304 - "http://www.aceonlinestore.com/CGI-BIN/LANSAWEB?WEBEVENT+L5D5DC50526B00800B323059+M37+ENG" "Mozilla/4.0 (compatible; MSIE 6.0; Windows NT 5.1; SV1; .NET CLR 1.1.4322)"
75.52.222.134 - - [20/May/2007:02:36:48 -0400] "GET /images/index8_3mtap.jpg HTTP/1.1" 304 - "http://www.aceonlinestore.com/CGI-BIN/LANSAWEB?WEBEVENT+L5D5DC50526B00800B323059+M37+ENG" "Mozilla/4.0 (compatible; MSIE 6.0; Windows NT 5.1; SV1; .NET CLR 1.1.4322)"
75.52.222.134 - - [20/May/2007:02:36:53 -0400] "GET /images/over-index8_3mtap.jpg HTTP/1.1" 200 2592 "http://www.aceonlinestore.com/CGI-BIN/LANSAWEB?WEBEVENT+L5D5DC50526B00800B323059+M37+ENG" "Mozilla/4.0 (compatible; MSIE 6.0; Windows NT 5.1; SV1; .NET CLR 1.1.4322)"
75.52.222.134 - - [20/May/2007:02:36:54 -0400] "POST /CGI-BIN/LANSAWEB?WEBEVENT+L5D5DC70B295028004EA3059+M37+ENG HTTP/1.1" 200 53161 "http://www.aceonlinestore.com/CGI-BIN/LANSAWEB?WEBEVENT+L5D5DC50526B00800B323059+M37+ENG" "Mozilla/4.0 (compatible; MSIE 6.0; Windows NT 5.1; SV1; .NET CLR 1.1.4322)"
75.52.222.134 - - [20/May/2007:02:37:15 -0400] "POST /CGI-BIN/LANSAWEB?WEBEVENT+L5D5DC705292048005A93059+M37+ENG HTTP/1.1" 200 44004 "http://www.aceonlinestore.com/CGI-BIN/LANSAWEB?WEBEVENT+L5D5DC70B295028004EA3059+M37+ENG" "Mozilla/4.0 (compatible; MSIE 6.0; Windows NT 5.1; SV1; .NET CLR 1.1.4322)"
75.52.222.134 - - [20/May/2007:02:37:26 -0400] "POST /CGI-BIN/LANSAWEB?WEBEVENT+L5D5DC70A25F0A8006153059+M37+ENG HTTP/1.1" 200 53161 "http://www.aceonlinestore.com/CGI-BIN/LANSAWEB?WEBEVENT+L5D5DC705292048005A93059+M37+ENG" "Mozilla/4.0 (compatible; MSIE 6.0; Windows NT 5.1; SV1; .NET CLR 1.1.4322)"
75.52.222.134 - - [20/May/2007:02:37:58 -0400] "GET /images/over-store_burs_section.jpg HTTP/1.1" 200 9926 "http://www.aceonlinestore.com/cgi-bin/lansaweb?procfun+wordpr01+webfunc+M37" "Mozilla/4.0 (compatible; MSIE 6.0; Windows NT 5.1; SV1; .NET CLR 1.1.4322)"
66.249.70.202 - - [20/May/2007:02:34:58 -0400] "GET /logs/access_log.Q107051700 HTTP/1.1" 200 3089678 "-" "Mozilla/5.0 (compatible; Googlebot/2.1; +http://www.google.com/bot.html)"
75.52.222.134 - - [20/May/2007:02:38:07 -0400] "GET /images/over-store_burs_section.jpg HTTP/1.1" 206 4329 "http://www.aceonlinestore.com/cgi-bin/lansaweb?procfun+wordpr01+webfunc+M37" "Mozilla/4.0 (compatible; MSIE 6.0; Windows NT 5.1; SV1; .NET CLR 1.1.4322)"
75.52.222.134 - - [20/May/2007:02:38:13 -0400] "GET /images/over-store_handpc_section.jpg HTTP/1.1" 200 8331 "http://www.aceonlinestore.com/cgi-bin/lansaweb?procfun+wordpr01+webfunc+M37" "Mozilla/4.0 (compatible; MSIE 6.0; Windows NT 5.1; SV1; .NET CLR 1.1.4322)"
75.52.222.134 - - [20/May/2007:02:38:24 -0400] "GET /images/over-store_iv_admin_section.jpg HTTP/1.1" 200 8417 "http://www.aceonlinestore.com/cgi-bin/lansaweb?procfun+wordpr01+webfunc+M37" "Mozilla/4.0 (compatible; MSIE 6.0; Windows NT 5.1; SV1; .NET CLR 1.1.4322)"
75.52.222.134 - - [20/May/2007:02:40:17 -0400] "GET /images/over-store_assess_section.jpg HTTP/1.1" 200 9043 "http://www.aceonlinestore.com/cgi-bin/lansaweb?procfun+wordpr01+webfunc+M37" "Mozilla/4.0 (compatible; MSIE 6.0; Windows NT 5.1; SV1; .NET CLR 1.1.4322)"
75.52.222.134 - - [20/May/2007:02:40:19 -0400] "GET /images/over-store_pharma_section.jpg HTTP/1.1" 200 7409 "http://www.aceonlinestore.com/cgi-bin/lansaweb?procfun+wordpr01+webfunc+M37" "Mozilla/4.0 (compatible; MSIE 6.0; Windows NT 5.1; SV1; .NET CLR 1.1.4322)"
75.52.222.134 - - [20/May/2007:02:40:21 -0400] "GET /images/over-store_cardiac_section.jpg HTTP/1.1" 200 8882 "http://www.aceonlinestore.com/cgi-bin/lansaweb?procfun+wordpr01+webfunc+M37" "Mozilla/4.0 (compatible; MSIE 6.0; Windows NT 5.1; SV1; .NET CLR 1.1.4322)"
75.52.222.134 - - [20/May/2007:02:40:27 -0400] "POST /CGI-BIN/LANSAWEB?WEBEVENT+L5D5DC50526B00800B323059+M37+ENG HTTP/1.1" 200 40790 "http://www.aceonlinestore.com/cgi-bin/lansaweb?procfun+wordpr01+webfunc+M37" "Mozilla/4.0 (compatible; MSIE 6.0; Windows NT 5.1; SV1; .NET CLR 1.1.4322)"
75.52.222.134 - - [20/May/2007:02:40:31 -0400] "GET /images/over-index_nuoss.jpg HTTP/1.1" 200 14195 "http://www.aceonlinestore.com/CGI-BIN/LANSAWEB?WEBEVENT+L5D5DC50526B00800B323059+M37+ENG" "Mozilla/4.0 (compatible; MSIE 6.0; Windows NT 5.1; SV1; .NET CLR 1.1.4322)"
75.52.222.134 - - [20/May/2007:02:40:32 -0400] "POST /CGI-BIN/LANSAWEB?WEBEVENT+L5D5DC8002C4008002693059+M37+ENG HTTP/1.1" 200 58520 "http://www.aceonlinestore.com/CGI-BIN/LANSAWEB?WEBEVENT+L5D5DC50526B00800B323059+M37+ENG" "Mozilla/4.0 (compatible; MSIE 6.0; Windows NT 5.1; SV1; .NET CLR 1.1.4322)"
75.52.222.134 - - [20/May/2007:02:40:36 -0400] "GET /images/items/5096000_THUMB.JPG HTTP/1.1" 304 - "http://www.aceonlinestore.com/CGI-BIN/LANSAWEB?WEBEVENT+L5D5DC8002C4008002693059+M37+ENG" "Mozilla/4.0 (compatible; MSIE 6.0; Windows NT 5.1; SV1; .NET CLR 1.1.4322)"
75.52.222.134 - - [20/May/2007:02:40:36 -0400] "GET /images/items/CONFORM_THUMB.JPG HTTP/1.1" 304 - "http://www.aceonlinestore.com/CGI-BIN/LANSAWEB?WEBEVENT+L5D5DC8002C4008002693059+M37+ENG" "Mozilla/4.0 (compatible; MSIE 6.0; Windows NT 5.1; SV1; .NET CLR 1.1.4322)"
75.52.222.134 - - [20/May/2007:02:40:47 -0400] "GET /CGI-BIN/LANSAWEB?PROCFUN+WORDPR01+FULLIMG+M37+FUNCPARMS+WEBCMP(S0020):1+WEBSSN(A0240):L5D5DC50522307800B103059+WSEQ(S0060):1+OUITEM(A0200):5096000 HTTP/1.1" 200 21802 "-" "Mozilla/4.0 (compatible; MSIE 6.0; Windows NT 5.1; SV1; .NET CLR 1.1.4322)"
75.52.222.134 - - [20/May/2007:02:40:50 -0400] "GET /images/items/5096000_FULL.JPG HTTP/1.1" 200 12686 "http://www.aceonlinestore.com/CGI-BIN/LANSAWEB?PROCFUN+WORDPR01+FULLIMG+M37+FUNCPARMS+WEBCMP(S0020):1+WEBSSN(A0240):L5D5DC50522307800B103059+WSEQ(S0060):1+OUITEM(A0200):5096000" "Mozilla/4.0 (compatible; MSIE 6.0; Windows NT 5.1; SV1; .NET CLR 1.1.4322)"
75.52.222.134 - - [20/May/2007:02:41:08 -0400] "GET /images/nav04_conven_off.jpg HTTP/1.1" 304 - "http://www.aceonlinestore.com/CGI-BIN/LANSAWEB?WEBEVENT+L5D5DC8002C4008002693059+M37+ENG" "Mozilla/4.0 (compatible; MSIE 6.0; Windows NT 5.1; SV1; .NET CLR 1.1.4322)"
209.59.12.99 - - [20/May/2007:02:41:40 -0400] "GET / HTTP/1.0" 200 367 "-" "check_http/1.81 (nagios-plugins 1.4)"
209.59.12.99 - - [20/May/2007:02:46:40 -0400] "GET / HTTP/1.0" 200 367 "-" "check_http/1.81 (nagios-plugins 1.4)"
66.249.70.202 - - [20/May/2007:02:45:46 -0400] "GET /images/ACE_SitePrepOsteotomes.pdf HTTP/1.1" 200 5037385 "-" "Mozilla/5.0 (compatible; Googlebot/2.1; +http://www.google.com/bot.html)"
209.59.12.99 - - [20/May/2007:02:51:40 -0400] "GET / HTTP/1.0" 200 367 "-" "check_http/1.81 (nagios-plugins 1.4)"
209.59.12.99 - - [20/May/2007:02:56:40 -0400] "GET / HTTP/1.0" 200 367 "-" "check_http/1.81 (nagios-plugins 1.4)"
74.64.71.126 - - [20/May/2007:02:58:47 -0400] "GET /cgi-bin/lansaweb?procfun+wordpr01+webfunc+M37 HTTP/1.1" 200 38220 "http://www.acesurgical.com/home_May07.html" "Mozilla/4.0 (compatible; MSIE 7.0; Windows NT 5.1; .NET CLR 1.1.4322; InfoPath.1; IEMB3; IEMB3)"
74.64.71.126 - - [20/May/2007:02:58:49 -0400] "GET /images/ace_logo_top.jpg HTTP/1.1" 200 2702 "http://www.aceonlinestore.com/cgi-bin/lansaweb?procfun+wordpr01+webfunc+M37" "Mozilla/4.0 (compatible; MSIE 7.0; Windows NT 5.1; .NET CLR 1.1.4322; InfoPath.1; IEMB3; IEMB3)"
74.64.71.126 - - [20/May/2007:02:58:49 -0400] "GET /images/nav_upper_bgrd.jpg HTTP/1.1" 200 2954 "http://www.aceonlinestore.com/cgi-bin/lansaweb?procfun+wordpr01+webfunc+M37" "Mozilla/4.0 (compatible; MSIE 7.0; Windows NT 5.1; .NET CLR 1.1.4322; InfoPath.1; IEMB3; IEMB3)"
74.64.71.126 - - [20/May/2007:02:58:49 -0400] "GET /images/nav04_about_off.jpg HTTP/1.1" 200 1255 "http://www.aceonlinestore.com/cgi-bin/lansaweb?procfun+wordpr01+webfunc+M37" "Mozilla/4.0 (compatible; MSIE 7.0; Windows NT 5.1; .NET CLR 1.1.4322; InfoPath.1; IEMB3; IEMB3)"
74.64.71.126 - - [20/May/2007:02:58:49 -0400] "GET /images/nav04_shop_over.jpg HTTP/1.1" 200 1722 "http://www.aceonlinestore.com/cgi-bin/lansaweb?procfun+wordpr01+webfunc+M37" "Mozilla/4.0 (compatible; MSIE 7.0; Windows NT 5.1; .NET CLR 1.1.4322; InfoPath.1; IEMB3; IEMB3)"
74.64.71.126 - - [20/May/2007:02:58:49 -0400] "GET /images/nav04_conven_off.jpg HTTP/1.1" 200 1341 "http://www.aceonlinestore.com/cgi-bin/lansaweb?procfun+wordpr01+webfunc+M37" "Mozilla/4.0 (compatible; MSIE 7.0; Windows NT 5.1; .NET CLR 1.1.4322; InfoPath.1; IEMB3; IEMB3)"
74.64.71.126 - - [20/May/2007:02:58:50 -0400] "GET /images/nav04_contact_off.jpg HTTP/1.1" 200 965 "http://www.aceonlinestore.com/cgi-bin/lansaweb?procfun+wordpr01+webfunc+M37" "Mozilla/4.0 (compatible; MSIE 7.0; Windows NT 5.1; .NET CLR 1.1.4322; InfoPath.1; IEMB3; IEMB3)"
74.64.71.126 - - [20/May/2007:02:58:50 -0400] "GET /images/nav_store_head.jpg HTTP/1.1" 200 1953 "http://www.aceonlinestore.com/cgi-bin/lansaweb?procfun+wordpr01+webfunc+M37" "Mozilla/4.0 (compatible; MSIE 7.0; Windows NT 5.1; .NET CLR 1.1.4322; InfoPath.1; IEMB3; IEMB3)"
74.64.71.126 - - [20/May/2007:02:58:50 -0400] "GET /images/ace_logo_bottom.jpg HTTP/1.1" 200 2447 "http://www.aceonlinestore.com/cgi-bin/lansaweb?procfun+wordpr01+webfunc+M37" "Mozilla/4.0 (compatible; MSIE 7.0; Windows NT 5.1; .NET CLR 1.1.4322; InfoPath.1; IEMB3; IEMB3)"
74.64.71.126 - - [20/May/2007:02:58:50 -0400] "GET /images/nav04_download_off.jpg HTTP/1.1" 200 1206 "http://www.aceonlinestore.com/cgi-bin/lansaweb?procfun+wordpr01+webfunc+M37" "Mozilla/4.0 (compatible; MSIE 7.0; Windows NT 5.1; .NET CLR 1.1.4322; InfoPath.1; IEMB3; IEMB3)"
74.64.71.126 - - [20/May/2007:02:58:50 -0400] "GET /images/spacer.gif HTTP/1.1" 200 55 "http://www.aceonlinestore.com/cgi-bin/lansaweb?procfun+wordpr01+webfunc+M37" "Mozilla/4.0 (compatible; MSIE 7.0; Windows NT 5.1; .NET CLR 1.1.4322; InfoPath.1; IEMB3; IEMB3)"
74.64.71.126 - - [20/May/2007:02:58:50 -0400] "GET /images/nav_store_index_off.jpg HTTP/1.1" 200 922 "http://www.aceonlinestore.com/cgi-bin/lansaweb?procfun+wordpr01+webfunc+M37" "Mozilla/4.0 (compatible; MSIE 7.0; Windows NT 5.1; .NET CLR 1.1.4322; InfoPath.1; IEMB3; IEMB3)"
74.64.71.126 - - [20/May/2007:02:58:50 -0400] "GET /images/nav_lower_bgrd.jpg HTTP/1.1" 200 2321 "http://www.aceonlinestore.com/cgi-bin/lansaweb?procfun+wordpr01+webfunc+M37" "Mozilla/4.0 (compatible; MSIE 7.0; Windows NT 5.1; .NET CLR 1.1.4322; InfoPath.1; IEMB3; IEMB3)"
74.64.71.126 - - [20/May/2007:02:58:50 -0400] "GET /images/search.gif HTTP/1.1" 200 614 "http://www.aceonlinestore.com/cgi-bin/lansaweb?procfun+wordpr01+webfunc+M37" "Mozilla/4.0 (compatible; MSIE 7.0; Windows NT 5.1; .NET CLR 1.1.4322; InfoPath.1; IEMB3; IEMB3)"
74.64.71.126 - - [20/May/2007:02:58:50 -0400] "GET /images/login_go.gif HTTP/1.1" 200 296 "http://www.aceonlinestore.com/cgi-bin/lansaweb?procfun+wordpr01+webfunc+M37" "Mozilla/4.0 (compatible; MSIE 7.0; Windows NT 5.1; .NET CLR 1.1.4322; InfoPath.1; IEMB3; IEMB3)"
74.64.71.126 - - [20/May/2007:02:58:50 -0400] "GET /images/psearch_go.gif HTTP/1.1" 200 296 "http://www.aceonlinestore.com/cgi-bin/lansaweb?procfun+wordpr01+webfunc+M37" "Mozilla/4.0 (compatible; MSIE 7.0; Windows NT 5.1; .NET CLR 1.1.4322; InfoPath.1; IEMB3; IEMB3)"
74.64.71.126 - - [20/May/2007:02:58:50 -0400] "GET /images/sale_promo-icon.gif HTTP/1.1" 200 402 "http://www.aceonlinestore.com/cgi-bin/lansaweb?procfun+wordpr01+webfunc+M37" "Mozilla/4.0 (compatible; MSIE 7.0; Windows NT 5.1; .NET CLR 1.1.4322; InfoPath.1; IEMB3; IEMB3)"
74.64.71.126 - - [20/May/2007:02:58:50 -0400] "GET /images/store_bone_section2.jpg HTTP/1.1" 200 21458 "http://www.aceonlinestore.com/cgi-bin/lansaweb?procfun+wordpr01+webfunc+M37" "Mozilla/4.0 (compatible; MSIE 7.0; Windows NT 5.1; .NET CLR 1.1.4322; InfoPath.1; IEMB3; IEMB3)"
74.64.71.126 - - [20/May/2007:02:58:50 -0400] "GET /images/store_implant_section.jpg HTTP/1.1" 200 8001 "http://www.aceonlinestore.com/cgi-bin/lansaweb?procfun+wordpr01+webfunc+M37" "Mozilla/4.0 (compatible; MSIE 7.0; Windows NT 5.1; .NET CLR 1.1.4322; InfoPath.1; IEMB3; IEMB3)"
74.64.71.126 - - [20/May/2007:02:58:50 -0400] "GET /images/store_cardiac_section.jpg HTTP/1.1" 200 25730 "http://www.aceonlinestore.com/cgi-bin/lansaweb?procfun+wordpr01+webfunc+M37" "Mozilla/4.0 (compatible; MSIE 7.0; Windows NT 5.1; .NET CLR 1.1.4322; InfoPath.1; IEMB3; IEMB3)"
74.64.71.126 - - [20/May/2007:02:58:50 -0400] "GET /images/store_anesth_section.jpg HTTP/1.1" 200 10123 "http://www.aceonlinestore.com/cgi-bin/lansaweb?procfun+wordpr01+webfunc+M37" "Mozilla/4.0 (compatible; MSIE 7.0; Windows NT 5.1; .NET CLR 1.1.4322; InfoPath.1; IEMB3; IEMB3)"
74.64.71.126 - - [20/May/2007:02:58:50 -0400] "GET /images/store_instr_section.jpg HTTP/1.1" 200 26432 "http://www.aceonlinestore.com/cgi-bin/lansaweb?procfun+wordpr01+webfunc+M37" "Mozilla/4.0 (compatible; MSIE 7.0; Windows NT 5.1; .NET CLR 1.1.4322; InfoPath.1; IEMB3; IEMB3)"
74.64.71.126 - - [20/May/2007:02:58:50 -0400] "GET /images/store_handpc_section.jpg HTTP/1.1" 200 23958 "http://www.aceonlinestore.com/cgi-bin/lansaweb?procfun+wordpr01+webfunc+M37" "Mozilla/4.0 (compatible; MSIE 7.0; Windows NT 5.1; .NET CLR 1.1.4322; InfoPath.1; IEMB3; IEMB3)"
74.64.71.126 - - [20/May/2007:02:58:50 -0400] "GET /images/store_iv_admin_section.jpg HTTP/1.1" 200 9115 "http://www.aceonlinestore.com/cgi-bin/lansaweb?procfun+wordpr01+webfunc+M37" "Mozilla/4.0 (compatible; MSIE 7.0; Windows NT 5.1; .NET CLR 1.1.4322; InfoPath.1; IEMB3; IEMB3)"
74.64.71.126 - - [20/May/2007:02:58:50 -0400] "GET /images/store_irrigate_section.gif HTTP/1.1" 200 10336 "http://www.aceonlinestore.com/cgi-bin/lansaweb?procfun+wordpr01+webfunc+M37" "Mozilla/4.0 (compatible; MSIE 7.0; Windows NT 5.1; .NET CLR 1.1.4322; InfoPath.1; IEMB3; IEMB3)"
