74.64.71.126 - - [20/May/2007:02:58:50 -0400] "GET /images/store_assess_section.jpg HTTP/1.1" 200 10059 "http://www.aceonlinestore.com/cgi-bin/lansaweb?procfun+wordpr01+webfunc+M37" "Mozilla/4.0 (compatible; MSIE 7.0; Windows NT 5.1; .NET CLR 1.1.4322; InfoPath.1; IEMB3; IEMB3)"
74.64.71.126 - - [20/May/2007:02:58:50 -0400] "GET /images/store_gauze_section.jpg HTTP/1.1" 200 24119 "http://www.aceonlinestore.com/cgi-bin/lansaweb?procfun+wordpr01+webfunc+M37" "Mozilla/4.0 (compatible; MSIE 7.0; Windows NT 5.1; .NET CLR 1.1.4322; InfoPath.1; IEMB3; IEMB3)"
74.64.71.126 - - [20/May/2007:02:58:50 -0400] "GET /images/store_infection_section.jpg HTTP/1.1" 200 25264 "http://www.aceonlinestore.com/cgi-bin/lansaweb?procfun+wordpr01+webfunc+M37" "Mozilla/4.0 (compatible; MSIE 7.0; Windows NT 5.1; .NET CLR 1.1.4322; InfoPath.1; IEMB3; IEMB3)"
74.64.71.126 - - [20/May/2007:02:58:51 -0400] "GET /images/store_pharma_section.jpg HTTP/1.1" 200 7953 "http://www.aceonlinestore.com/cgi-bin/lansaweb?procfun+wordpr01+webfunc+M37" "Mozilla/4.0 (compatible; MSIE 7.0; Windows NT 5.1; .NET CLR 1.1.4322; InfoPath.1; IEMB3; IEMB3)"
74.64.71.126 - - [20/May/2007:02:58:51 -0400] "GET /images/store_sterile_section.jpg HTTP/1.1" 200 9274 "http://www.aceonlinestore.com/cgi-bin/lansaweb?procfun+wordpr01+webfunc+M37" "Mozilla/4.0 (compatible; MSIE 7.0; Windows NT 5.1; .NET CLR 1.1.4322; InfoPath.1; IEMB3; IEMB3)"
74.64.71.126 - - [20/May/2007:02:58:51 -0400] "GET /images/store_blades_section.jpg HTTP/1.1" 200 24174 "http://www.aceonlinestore.com/cgi-bin/lansaweb?procfun+wordpr01+webfunc+M37" "Mozilla/4.0 (compatible; MSIE 7.0; Windows NT 5.1; .NET CLR 1.1.4322; InfoPath.1; IEMB3; IEMB3)"
74.64.71.126 - - [20/May/2007:02:58:51 -0400] "GET /images/store_burs_section.jpg HTTP/1.1" 200 10892 "http://www.aceonlinestore.com/cgi-bin/lansaweb?procfun+wordpr01+webfunc+M37" "Mozilla/4.0 (compatible; MSIE 7.0; Windows NT 5.1; .NET CLR 1.1.4322; InfoPath.1; IEMB3; IEMB3)"
74.64.71.126 - - [20/May/2007:02:58:51 -0400] "GET /images/store_saws_section.jpg HTTP/1.1" 200 10028 "http://www.aceonlinestore.com/cgi-bin/lansaweb?procfun+wordpr01+webfunc+M37" "Mozilla/4.0 (compatible; MSIE 7.0; Windows NT 5.1; .NET CLR 1.1.4322; InfoPath.1; IEMB3; IEMB3)"
74.64.71.126 - - [20/May/2007:02:58:51 -0400] "GET /images/store_sutures_section.jpg HTTP/1.1" 200 28375 "http://www.aceonlinestore.com/cgi-bin/lansaweb?procfun+wordpr01+webfunc+M37" "Mozilla/4.0 (compatible; MSIE 7.0; Windows NT 5.1; .NET CLR 1.1.4322; InfoPath.1; IEMB3; IEMB3)"
74.64.71.126 - - [20/May/2007:02:58:52 -0400] "GET /images/store_syringe_section.jpg HTTP/1.1" 200 9321 "http://www.aceonlinestore.com/cgi-bin/lansaweb?procfun+wordpr01+webfunc+M37" "Mozilla/4.0 (compatible; MSIE 7.0; Windows NT 5.1; .NET CLR 1.1.4322; InfoPath.1; IEMB3; IEMB3)"
74.64.71.126 - - [20/May/2007:02:58:52 -0400] "GET /images/store_xray_section.jpg HTTP/1.1" 200 8861 "http://www.aceonlinestore.com/cgi-bin/lansaweb?procfun+wordpr01+webfunc+M37" "Mozilla/4.0 (compatible; MSIE 7.0; Windows NT 5.1; .NET CLR 1.1.4322; InfoPath.1; IEMB3; IEMB3)"
74.64.71.126 - - [20/May/2007:02:58:52 -0400] "GET /images/store_handpc_section.jpg HTTP/1.1" 206 21290 "http://www.aceonlinestore.com/cgi-bin/lansaweb?procfun+wordpr01+webfunc+M37" "Mozilla/4.0 (compatible; MSIE 7.0; Windows NT 5.1; .NET CLR 1.1.4322; InfoPath.1; IEMB3; IEMB3)"
74.64.71.126 - - [20/May/2007:02:58:52 -0400] "GET /images/over-store_sterile_section.jpg HTTP/1.1" 200 8414 "http://www.aceonlinestore.com/cgi-bin/lansaweb?procfun+wordpr01+webfunc+M37" "Mozilla/4.0 (compatible; MSIE 7.0; Windows NT 5.1; .NET CLR 1.1.4322; InfoPath.1; IEMB3; IEMB3)"
74.64.71.126 - - [20/May/2007:02:58:52 -0400] "GET /images/login.gif HTTP/1.1" 200 166 "http://www.aceonlinestore.com/cgi-bin/lansaweb?procfun+wordpr01+webfunc+M37" "Mozilla/4.0 (compatible; MSIE 7.0; Windows NT 5.1; .NET CLR 1.1.4322; InfoPath.1; IEMB3; IEMB3)"
74.64.71.126 - - [20/May/2007:02:58:57 -0400] "GET /images/over-store_instr_section.jpg HTTP/1.1" 200 9238 "http://www.aceonlinestore.com/cgi-bin/lansaweb?procfun+wordpr01+webfunc+M37" "Mozilla/4.0 (compatible; MSIE 7.0; Windows NT 5.1; .NET CLR 1.1.4322; InfoPath.1; IEMB3; IEMB3)"
74.64.71.126 - - [20/May/2007:02:58:57 -0400] "POST /CGI-BIN/LANSAWEB?WEBEVENT+L5D5DCC0A2FC0D8003A7305A+M37+ENG HTTP/1.1" 200 48161 "http://www.aceonlinestore.com/cgi-bin/lansaweb?procfun+wordpr01+webfunc+M37" "Mozilla/4.0 (compatible; MSIE 7.0; Windows NT 5.1; .NET CLR 1.1.4322; InfoPath.1; IEMB3; IEMB3)"
74.64.71.126 - - [20/May/2007:02:59:00 -0400] "GET /images/nav04_shop_off.jpg HTTP/1.1" 200 1390 "http://www.aceonlinestore.com/CGI-BIN/LANSAWEB?WEBEVENT+L5D5DCC0A2FC0D8003A7305A+M37+ENG" "Mozilla/4.0 (compatible; MSIE 7.0; Windows NT 5.1; .NET CLR 1.1.4322; InfoPath.1; IEMB3; IEMB3)"
74.64.71.126 - - [20/May/2007:02:59:01 -0400] "GET /images/index5_artic.jpg HTTP/1.1" 200 4791 "http://www.aceonlinestore.com/CGI-BIN/LANSAWEB?WEBEVENT+L5D5DCC0A2FC0D8003A7305A+M37+ENG" "Mozilla/4.0 (compatible; MSIE 7.0; Windows NT 5.1; .NET CLR 1.1.4322; InfoPath.1; IEMB3; IEMB3)"
74.64.71.126 - - [20/May/2007:02:59:01 -0400] "GET /images/index5_bngraf.jpg HTTP/1.1" 200 3051 "http://www.aceonlinestore.com/CGI-BIN/LANSAWEB?WEBEVENT+L5D5DCC0A2FC0D8003A7305A+M37+ENG" "Mozilla/4.0 (compatible; MSIE 7.0; Windows NT 5.1; .NET CLR 1.1.4322; InfoPath.1; IEMB3; IEMB3)"
74.64.71.126 - - [20/May/2007:02:59:01 -0400] "GET /images/index5_bonefrcps.jpg HTTP/1.1" 200 3587 "http://www.aceonlinestore.com/CGI-BIN/LANSAWEB?WEBEVENT+L5D5DCC0A2FC0D8003A7305A+M37+ENG" "Mozilla/4.0 (compatible; MSIE 7.0; Windows NT 5.1; .NET CLR 1.1.4322; InfoPath.1; IEMB3; IEMB3)"
74.64.71.126 - - [20/May/2007:02:59:01 -0400] "GET /images/index5_caliper.jpg HTTP/1.1" 200 2483 "http://www.aceonlinestore.com/CGI-BIN/LANSAWEB?WEBEVENT+L5D5DCC0A2FC0D8003A7305A+M37+ENG" "Mozilla/4.0 (compatible; MSIE 7.0; Windows NT 5.1; .NET CLR 1.1.4322; InfoPath.1; IEMB3; IEMB3)"
74.64.71.126 - - [20/May/2007:02:59:01 -0400] "GET /images/index5_mirrors.jpg HTTP/1.1" 200 2655 "http://www.aceonlinestore.com/CGI-BIN/LANSAWEB?WEBEVENT+L5D5DCC0A2FC0D8003A7305A+M37+ENG" "Mozilla/4.0 (compatible; MSIE 7.0; Windows NT 5.1; .NET CLR 1.1.4322; InfoPath.1; IEMB3; IEMB3)"
74.64.71.126 - - [20/May/2007:02:59:01 -0400] "GET /images/index5_curette.jpg HTTP/1.1" 200 2388 "http://www.aceonlinestore.com/CGI-BIN/LANSAWEB?WEBEVENT+L5D5DCC0A2FC0D8003A7305A+M37+ENG" "Mozilla/4.0 (compatible; MSIE 7.0; Windows NT 5.1; .NET CLR 1.1.4322; InfoPath.1; IEMB3; IEMB3)"
74.64.71.126 - - [20/May/2007:02:59:01 -0400] "GET /images/index5_fractred.jpg HTTP/1.1" 200 3896 "http://www.aceonlinestore.com/CGI-BIN/LANSAWEB?WEBEVENT+L5D5DCC0A2FC0D8003A7305A+M37+ENG" "Mozilla/4.0 (compatible; MSIE 7.0; Windows NT 5.1; .NET CLR 1.1.4322; InfoPath.1; IEMB3; IEMB3)"
74.64.71.126 - - [20/May/2007:02:59:01 -0400] "GET /images/index5_tisforc.jpg HTTP/1.1" 200 2873 "http://www.aceonlinestore.com/CGI-BIN/LANSAWEB?WEBEVENT+L5D5DCC0A2FC0D8003A7305A+M37+ENG" "Mozilla/4.0 (compatible; MSIE 7.0; Windows NT 5.1; .NET CLR 1.1.4322; InfoPath.1; IEMB3; IEMB3)"
74.64.71.126 - - [20/May/2007:02:59:01 -0400] "GET /images/index5_instrlub.jpg HTTP/1.1" 200 2931 "http://www.aceonlinestore.com/CGI-BIN/LANSAWEB?WEBEVENT+L5D5DCC0A2FC0D8003A7305A+M37+ENG" "Mozilla/4.0 (compatible; MSIE 7.0; Windows NT 5.1; .NET CLR 1.1.4322; InfoPath.1; IEMB3; IEMB3)"
74.64.71.126 - - [20/May/2007:02:59:01 -0400] "GET /images/index5_probes.jpg HTTP/1.1" 200 3030 "http://www.aceonlinestore.com/CGI-BIN/LANSAWEB?WEBEVENT+L5D5DCC0A2FC0D8003A7305A+M37+ENG" "Mozilla/4.0 (compatible; MSIE 7.0; Windows NT 5.1; .NET CLR 1.1.4322; InfoPath.1; IEMB3; IEMB3)"
74.64.71.126 - - [20/May/2007:02:59:01 -0400] "GET /images/index5_mallet.jpg HTTP/1.1" 200 1863 "http://www.aceonlinestore.com/CGI-BIN/LANSAWEB?WEBEVENT+L5D5DCC0A2FC0D8003A7305A+M37+ENG" "Mozilla/4.0 (compatible; MSIE 7.0; Windows NT 5.1; .NET CLR 1.1.4322; InfoPath.1; IEMB3; IEMB3)"
74.64.71.126 - - [20/May/2007:02:59:01 -0400] "GET /images/index5_mcrnedlhol.jpg HTTP/1.1" 200 2494 "http://www.aceonlinestore.com/CGI-BIN/LANSAWEB?WEBEVENT+L5D5DCC0A2FC0D8003A7305A+M37+ENG" "Mozilla/4.0 (compatible; MSIE 7.0; Windows NT 5.1; .NET CLR 1.1.4322; InfoPath.1; IEMB3; IEMB3)"
74.64.71.126 - - [20/May/2007:02:59:01 -0400] "GET /images/index5_microscis.jpg HTTP/1.1" 200 2226 "http://www.aceonlinestore.com/CGI-BIN/LANSAWEB?WEBEVENT+L5D5DCC0A2FC0D8003A7305A+M37+ENG" "Mozilla/4.0 (compatible; MSIE 7.0; Windows NT 5.1; .NET CLR 1.1.4322; InfoPath.1; IEMB3; IEMB3)"
74.64.71.126 - - [20/May/2007:02:59:01 -0400] "GET /images/index5_morslser.jpg HTTP/1.1" 200 1884 "http://www.aceonlinestore.com/CGI-BIN/LANSAWEB?WEBEVENT+L5D5DCC0A2FC0D8003A7305A+M37+ENG" "Mozilla/4.0 (compatible; MSIE 7.0; Windows NT 5.1; .NET CLR 1.1.4322; InfoPath.1; IEMB3; IEMB3)"
74.64.71.126 - - [20/May/2007:02:59:01 -0400] "GET /images/index5_nedlhol.jpg HTTP/1.1" 200 4228 "http://www.aceonlinestore.com/CGI-BIN/LANSAWEB?WEBEVENT+L5D5DCC0A2FC0D8003A7305A+M37+ENG" "Mozilla/4.0 (compatible; MSIE 7.0; Windows NT 5.1; .NET CLR 1.1.4322; InfoPath.1; IEMB3; IEMB3)"
74.64.71.126 - - [20/May/2007:02:59:01 -0400] "GET /images/index5_periolev.jpg HTTP/1.1" 200 3646 "http://www.aceonlinestore.com/CGI-BIN/LANSAWEB?WEBEVENT+L5D5DCC0A2FC0D8003A7305A+M37+ENG" "Mozilla/4.0 (compatible; MSIE 7.0; Windows NT 5.1; .NET CLR 1.1.4322; InfoPath.1; IEMB3; IEMB3)"
74.64.71.126 - - [20/May/2007:02:59:01 -0400] "GET /images/index5_pliers.jpg HTTP/1.1" 200 2399 "http://www.aceonlinestore.com/CGI-BIN/LANSAWEB?WEBEVENT+L5D5DCC0A2FC0D8003A7305A+M37+ENG" "Mozilla/4.0 (compatible; MSIE 7.0; Windows NT 5.1; .NET CLR 1.1.4322; InfoPath.1; IEMB3; IEMB3)"
74.64.71.126 - - [20/May/2007:02:59:01 -0400] "GET /images/index5_rongeur.jpg HTTP/1.1" 200 3803 "http://www.aceonlinestore.com/CGI-BIN/LANSAWEB?WEBEVENT+L5D5DCC0A2FC0D8003A7305A+M37+ENG" "Mozilla/4.0 (compatible; MSIE 7.0; Windows NT 5.1; .NET CLR 1.1.4322; InfoPath.1; IEMB3; IEMB3)"
74.64.71.126 - - [20/May/2007:02:59:01 -0400] "GET /images/index5_plstcfill.jpg HTTP/1.1" 200 2179 "http://www.aceonlinestore.com/CGI-BIN/LANSAWEB?WEBEVENT+L5D5DCC0A2FC0D8003A7305A+M37+ENG" "Mozilla/4.0 (compatible; MSIE 7.0; Windows NT 5.1; .NET CLR 1.1.4322; InfoPath.1; IEMB3; IEMB3)"
74.64.71.126 - - [20/May/2007:02:59:01 -0400] "GET /images/index5_spat_oste.jpg HTTP/1.1" 200 1734 "http://www.aceonlinestore.com/CGI-BIN/LANSAWEB?WEBEVENT+L5D5DCC0A2FC0D8003A7305A+M37+ENG" "Mozilla/4.0 (compatible; MSIE 7.0; Windows NT 5.1; .NET CLR 1.1.4322; InfoPath.1; IEMB3; IEMB3)"
74.64.71.126 - - [20/May/2007:02:59:01 -0400] "GET /images/index5_surgscis.jpg HTTP/1.1" 200 3404 "http://www.aceonlinestore.com/CGI-BIN/LANSAWEB?WEBEVENT+L5D5DCC0A2FC0D8003A7305A+M37+ENG" "Mozilla/4.0 (compatible; MSIE 7.0; Windows NT 5.1; .NET CLR 1.1.4322; InfoPath.1; IEMB3; IEMB3)"
74.64.71.126 - - [20/May/2007:02:59:01 -0400] "GET /images/index5_ssproducts.jpg HTTP/1.1" 200 3909 "http://www.aceonlinestore.com/CGI-BIN/LANSAWEB?WEBEVENT+L5D5DCC0A2FC0D8003A7305A+M37+ENG" "Mozilla/4.0 (compatible; MSIE 7.0; Windows NT 5.1; .NET CLR 1.1.4322; InfoPath.1; IEMB3; IEMB3)"
74.64.71.126 - - [20/May/2007:02:59:01 -0400] "GET /images/index5_retrctr.jpg HTTP/1.1" 200 4110 "http://www.aceonlinestore.com/CGI-BIN/LANSAWEB?WEBEVENT+L5D5DCC0A2FC0D8003A7305A+M37+ENG" "Mozilla/4.0 (compatible; MSIE 7.0; Windows NT 5.1; .NET CLR 1.1.4322; InfoPath.1; IEMB3; IEMB3)"
74.64.71.126 - - [20/May/2007:02:59:01 -0400] "GET /images/over-index5_bngraf.jpg HTTP/1.1" 200 2305 "http://www.aceonlinestore.com/CGI-BIN/LANSAWEB?WEBEVENT+L5D5DCC0A2FC0D8003A7305A+M37+ENG" "Mozilla/4.0 (compatible; MSIE 7.0; Windows NT 5.1; .NET CLR 1.1.4322; InfoPath.1; IEMB3; IEMB3)"
74.64.71.126 - - [20/May/2007:02:59:04 -0400] "GET /images/index5_rootelv.jpg HTTP/1.1" 200 3266 "http://www.aceonlinestore.com/CGI-BIN/LANSAWEB?WEBEVENT+L5D5DCC0A2FC0D8003A7305A+M37+ENG" "Mozilla/4.0 (compatible; MSIE 7.0; Windows NT 5.1; .NET CLR 1.1.4322; InfoPath.1; IEMB3; IEMB3)"
74.64.71.126 - - [20/May/2007:02:59:04 -0400] "GET /favicon.ico HTTP/1.1" 404 209 "-" "Mozilla/4.0 (compatible; MSIE 7.0; Windows NT 5.1; .NET CLR 1.1.4322; InfoPath.1; IEMB3; IEMB3)"
74.64.71.126 - - [20/May/2007:02:59:04 -0400] "GET /images/over-index5_mirrors.jpg HTTP/1.1" 200 1985 "http://www.aceonlinestore.com/CGI-BIN/LANSAWEB?WEBEVENT+L5D5DCC0A2FC0D8003A7305A+M37+ENG" "Mozilla/4.0 (compatible; MSIE 7.0; Windows NT 5.1; .NET CLR 1.1.4322; InfoPath.1; IEMB3; IEMB3)"
74.64.71.126 - - [20/May/2007:02:59:06 -0400] "POST /CGI-BIN/LANSAWEB?WEBEVENT+L5D5DCC032990F800487305A+M37+ENG HTTP/1.1" 200 44030 "http://www.aceonlinestore.com/CGI-BIN/LANSAWEB?WEBEVENT+L5D5DCC0A2FC0D8003A7305A+M37+ENG" "Mozilla/4.0 (compatible; MSIE 7.0; Windows NT 5.1; .NET CLR 1.1.4322; InfoPath.1; IEMB3; IEMB3)"
74.64.71.126 - - [20/May/2007:02:59:08 -0400] "GET /images/pf-a.gif HTTP/1.1" 200 798 "http://www.aceonlinestore.com/CGI-BIN/LANSAWEB?WEBEVENT+L5D5DCC032990F800487305A+M37+ENG" "Mozilla/4.0 (compatible; MSIE 7.0; Windows NT 5.1; .NET CLR 1.1.4322; InfoPath.1; IEMB3; IEMB3)"
74.64.71.126 - - [20/May/2007:02:59:08 -0400] "GET /images/space.gif HTTP/1.1" 200 43 "http://www.aceonlinestore.com/CGI-BIN/LANSAWEB?WEBEVENT+L5D5DCC032990F800487305A+M37+ENG" "Mozilla/4.0 (compatible; MSIE 7.0; Windows NT 5.1; .NET CLR 1.1.4322; InfoPath.1; IEMB3; IEMB3)"
74.64.71.126 - - [20/May/2007:02:59:08 -0400] "GET /images/items/9700014_THUMB.JPG HTTP/1.1" 200 1620 "http://www.aceonlinestore.com/CGI-BIN/LANSAWEB?WEBEVENT+L5D5DCC032990F800487305A+M37+ENG" "Mozilla/4.0 (compatible; MSIE 7.0; Windows NT 5.1; .NET CLR 1.1.4322; InfoPath.1; IEMB3; IEMB3)"
74.64.71.126 - - [20/May/2007:02:59:14 -0400] "GET /CGI-BIN/LANSAWEB?PROCFUN+WORDPR01+FULLIMG+M37+FUNCPARMS+WEBCMP(S0020):1+WEBSSN(A0240):L5D5DCC0A2AB0D800325305A+WSEQ(S0060):1+OUITEM(A0200):9700014 HTTP/1.1" 200 21802 "-" "Mozilla/4.0 (compatible; MSIE 7.0; Windows NT 5.1; .NET CLR 1.1.4322; InfoPath.1; IEMB3; IEMB3)"
74.64.71.126 - - [20/May/2007:02:59:14 -0400] "GET /images/items/9700014_FULL.JPG HTTP/1.1" 200 6460 "http://www.aceonlinestore.com/CGI-BIN/LANSAWEB?PROCFUN+WORDPR01+FULLIMG+M37+FUNCPARMS+WEBCMP(S0020):1+WEBSSN(A0240):L5D5DCC0A2AB0D800325305A+WSEQ(S0060):1+OUITEM(A0200):9700014" "Mozilla/4.0 (compatible; MSIE 7.0; Windows NT 5.1; .NET CLR 1.1.4322; InfoPath.1; IEMB3; IEMB3)"
66.249.70.202 - - [20/May/2007:02:56:43 -0400] "GET /logs/access_log.Q107051700 HTTP/1.1" 200 3089678 "-" "Mozilla/5.0 (compatible; Googlebot/2.1; +http://www.google.com/bot.html)"
74.64.71.126 - - [20/May/2007:03:01:29 -0400] "GET /images/nav04_conven_over.jpg HTTP/1.1" 200 1587 "http://www.aceonlinestore.com/CGI-BIN/LANSAWEB?WEBEVENT+L5D5DCC032990F800487305A+M37+ENG" "Mozilla/4.0 (compatible; MSIE 7.0; Windows NT 5.1; .NET CLR 1.1.4322; InfoPath.1; IEMB3; IEMB3)"
74.64.71.126 - - [20/May/2007:03:01:29 -0400] "GET /images/nav04_conven_off.jpg HTTP/1.1" 304 - "http://www.aceonlinestore.com/CGI-BIN/LANSAWEB?WEBEVENT+L5D5DCC032990F800487305A+M37+ENG" "Mozilla/4.0 (compatible; MSIE 7.0; Windows NT 5.1; .NET CLR 1.1.4322; InfoPath.1; IEMB3; IEMB3)"
209.59.12.99 - - [20/May/2007:03:01:40 -0400] "GET / HTTP/1.0" 200 367 "-" "check_http/1.81 (nagios-plugins 1.4)"
209.59.12.99 - - [20/May/2007:03:06:40 -0400] "GET / HTTP/1.0" 200 367 "-" "check_http/1.81 (nagios-plugins 1.4)"
66.249.70.202 - - [20/May/2007:03:09:52 -0400] "GET /logs/access_log.Q107051900 HTTP/1.1" 200 985882 "-" "Mozilla/5.0 (compatible; Googlebot/2.1; +http://www.google.com/bot.html)"
209.59.12.99 - - [20/May/2007:03:11:40 -0400] "GET / HTTP/1.0" 200 367 "-" "check_http/1.81 (nagios-plugins 1.4)"
209.59.12.99 - - [20/May/2007:03:16:40 -0400] "GET / HTTP/1.0" 200 367 "-" "check_http/1.81 (nagios-plugins 1.4)"
209.59.12.99 - - [20/May/2007:03:21:41 -0400] "GET / HTTP/1.0" 200 367 "-" "check_http/1.81 (nagios-plugins 1.4)"
66.249.70.202 - - [20/May/2007:03:22:04 -0400] "GET /logs/access_log.Q107051700 HTTP/1.1" 200 3089678 "-" "Mozilla/5.0 (compatible; Googlebot/2.1; +http://www.google.com/bot.html)"
209.59.12.99 - - [20/May/2007:03:26:40 -0400] "GET / HTTP/1.0" 200 367 "-" "check_http/1.81 (nagios-plugins 1.4)"
209.59.12.99 - - [20/May/2007:03:31:40 -0400] "GET / HTTP/1.0" 200 367 "-" "check_http/1.81 (nagios-plugins 1.4)"
66.249.70.202 - - [20/May/2007:03:35:33 -0400] "GET /logs/error_log.Q107051600 HTTP/1.1" 200 12852 "-" "Mozilla/5.0 (compatible; Googlebot/2.1; +http://www.google.com/bot.html)"
209.59.12.99 - - [20/May/2007:03:36:40 -0400] "GET / HTTP/1.0" 200 367 "-" "check_http/1.81 (nagios-plugins 1.4)"
209.59.12.99 - - [20/May/2007:03:41:40 -0400] "GET / HTTP/1.0" 200 367 "-" "check_http/1.81 (nagios-plugins 1.4)"
66.249.70.202 - - [20/May/2007:03:46:34 -0400] "GET /logs/error_log.Q107051700 HTTP/1.1" 200 153817 "-" "Mozilla/5.0 (compatible; Googlebot/2.1; +http://www.google.com/bot.html)"
209.59.12.99 - - [20/May/2007:03:46:40 -0400] "GET / HTTP/1.0" 200 367 "-" "check_http/1.81 (nagios-plugins 1.4)"
209.59.12.99 - - [20/May/2007:03:51:40 -0400] "GET / HTTP/1.0" 200 367 "-" "check_http/1.81 (nagios-plugins 1.4)"
66.249.70.202 - - [20/May/2007:03:55:47 -0400] "GET /logs/error_log.Q107051900 HTTP/1.1" 200 49616 "-" "Mozilla/5.0 (compatible; Googlebot/2.1; +http://www.google.com/bot.html)"
209.59.12.99 - - [20/May/2007:03:56:41 -0400] "GET / HTTP/1.0" 200 367 "-" "check_http/1.81 (nagios-plugins 1.4)"
214.1.101.252 - - [20/May/2007:03:58:15 -0400] "GET /images/over-store_handpc_section.jpg HTTP/1.1" 304 - "-" "Mozilla/4.0 (compatible;)"
209.59.12.99 - - [20/May/2007:04:01:40 -0400] "GET / HTTP/1.0" 200 367 "-" "check_http/1.81 (nagios-plugins 1.4)"
66.249.70.202 - - [20/May/2007:04:03:22 -0400] "GET /logs/access_log.Q107051600 HTTP/1.1" 200 301279 "-" "Mozilla/5.0 (compatible; Googlebot/2.1; +http://www.google.com/bot.html)"
209.59.12.99 - - [20/May/2007:04:06:40 -0400] "GET / HTTP/1.0" 200 367 "-" "check_http/1.81 (nagios-plugins 1.4)"
66.249.70.202 - - [20/May/2007:04:09:57 -0400] "GET /images/_notes/ace_logo_top.jpg.mno HTTP/1.1" 200 250 "-" "Mozilla/5.0 (compatible; Googlebot/2.1; +http://www.google.com/bot.html)"
209.59.12.99 - - [20/May/2007:04:11:41 -0400] "GET / HTTP/1.0" 200 367 "-" "check_http/1.81 (nagios-plugins 1.4)"
66.249.70.202 - - [20/May/2007:04:15:19 -0400] "GET /images/_notes/connect_anim.gif.mno HTTP/1.1" 200 251 "-" "Mozilla/5.0 (compatible; Googlebot/2.1; +http://www.google.com/bot.html)"
209.59.12.99 - - [20/May/2007:04:16:40 -0400] "GET / HTTP/1.0" 200 367 "-" "check_http/1.81 (nagios-plugins 1.4)"
66.249.70.202 - - [20/May/2007:04:19:43 -0400] "GET /images/_notes/home_welcome2.jpg.mno HTTP/1.1" 200 251 "-" "Mozilla/5.0 (compatible; Googlebot/2.1; +http://www.google.com/bot.html)"
209.59.12.99 - - [20/May/2007:04:21:40 -0400] "GET / HTTP/1.0" 200 367 "-" "check_http/1.81 (nagios-plugins 1.4)"
66.249.70.202 - - [20/May/2007:04:23:19 -0400] "GET /images/_notes/contact_fax.jpg.mno HTTP/1.1" 200 250 "-" "Mozilla/5.0 (compatible; Googlebot/2.1; +http://www.google.com/bot.html)"
66.249.70.202 - - [20/May/2007:04:26:16 -0400] "GET /images/_notes/RCM_right.jpg.mno HTTP/1.1" 200 179 "-" "Mozilla/5.0 (compatible; Googlebot/2.1; +http://www.google.com/bot.html)"
209.59.12.99 - - [20/May/2007:04:26:40 -0400] "GET / HTTP/1.0" 200 367 "-" "check_http/1.81 (nagios-plugins 1.4)"
66.249.70.202 - - [20/May/2007:04:28:41 -0400] "GET /images/_notes/contact_mail.jpg.mno HTTP/1.1" 200 250 "-" "Mozilla/5.0 (compatible; Googlebot/2.1; +http://www.google.com/bot.html)"
66.249.70.202 - - [20/May/2007:04:30:39 -0400] "GET /images/_notes/RCM_left.jpg.mno HTTP/1.1" 200 178 "-" "Mozilla/5.0 (compatible; Googlebot/2.1; +http://www.google.com/bot.html)"
209.59.12.99 - - [20/May/2007:04:31:40 -0400] "GET / HTTP/1.0" 200 367 "-" "check_http/1.81 (nagios-plugins 1.4)"
66.249.70.202 - - [20/May/2007:04:32:17 -0400] "GET /images/_notes/iso9001.gif.mno HTTP/1.1" 200 178 "-" "Mozilla/5.0 (compatible; Googlebot/2.1; +http://www.google.com/bot.html)"
66.249.70.202 - - [20/May/2007:04:33:37 -0400] "GET /images/_notes/ACE_logo.jpg.mno HTTP/1.1" 200 176 "-" "Mozilla/5.0 (compatible; Googlebot/2.1; +http://www.google.com/bot.html)"
66.249.70.202 - - [20/May/2007:04:34:43 -0400] "GET /images/_notes/ace_bkgrd.jpg.mno HTTP/1.1" 200 252 "-" "Mozilla/5.0 (compatible; Googlebot/2.1; +http://www.google.com/bot.html)"
66.249.70.202 - - [20/May/2007:04:35:37 -0400] "GET /images/_notes/store_anim.gif.mno HTTP/1.1" 200 178 "-" "Mozilla/5.0 (compatible; Googlebot/2.1; +http://www.google.com/bot.html)"
209.59.12.99 - - [20/May/2007:04:36:40 -0400] "GET / HTTP/1.0" 200 367 "-" "check_http/1.81 (nagios-plugins 1.4)"
66.249.70.202 - - [20/May/2007:04:37:36 -0400] "GET /CGI-BIN/LANSAWEB?WEBEVENT+L5D5DB30C2470D800B8F3057+M37+ENG HTTP/1.1" 500 197 "-" "Mozilla/5.0 (compatible; Googlebot/2.1; +http://www.google.com/bot.html)"
209.59.12.99 - - [20/May/2007:04:41:39 -0400] "GET / HTTP/1.0" 200 367 "-" "check_http/1.81 (nagios-plugins 1.4)"
209.59.12.99 - - [20/May/2007:04:46:40 -0400] "GET / HTTP/1.0" 200 367 "-" "check_http/1.81 (nagios-plugins 1.4)"
209.59.12.99 - - [20/May/2007:04:51:39 -0400] "GET / HTTP/1.0" 200 367 "-" "check_http/1.81 (nagios-plugins 1.4)"
209.59.12.99 - - [20/May/2007:04:56:40 -0400] "GET / HTTP/1.0" 200 367 "-" "check_http/1.81 (nagios-plugins 1.4)"
209.59.12.99 - - [20/May/2007:05:01:41 -0400] "GET / HTTP/1.0" 200 367 "-" "check_http/1.81 (nagios-plugins 1.4)"
209.59.12.99 - - [20/May/2007:05:06:40 -0400] "GET / HTTP/1.0" 200 367 "-" "check_http/1.81 (nagios-plugins 1.4)"
209.59.12.99 - - [20/May/2007:05:11:40 -0400] "GET / HTTP/1.0" 200 367 "-" "check_http/1.81 (nagios-plugins 1.4)"
209.59.12.99 - - [20/May/2007:05:16:39 -0400] "GET / HTTP/1.0" 200 367 "-" "check_http/1.81 (nagios-plugins 1.4)"
209.59.12.99 - - [20/May/2007:05:21:40 -0400] "GET / HTTP/1.0" 200 367 "-" "check_http/1.81 (nagios-plugins 1.4)"
209.59.12.99 - - [20/May/2007:05:26:41 -0400] "GET / HTTP/1.0" 200 367 "-" "check_http/1.81 (nagios-plugins 1.4)"
209.59.12.99 - - [20/May/2007:05:31:40 -0400] "GET / HTTP/1.0" 200 367 "-" "check_http/1.81 (nagios-plugins 1.4)"
209.59.12.99 - - [20/May/2007:05:36:40 -0400] "GET / HTTP/1.0" 200 367 "-" "check_http/1.81 (nagios-plugins 1.4)"
209.59.12.99 - - [20/May/2007:05:41:40 -0400] "GET / HTTP/1.0" 200 367 "-" "check_http/1.81 (nagios-plugins 1.4)"
66.249.70.202 - - [20/May/2007:05:46:21 -0400] "GET /CGI-BIN/LANSAWEB?WEBEVENT+L5D5DB30C24C09800BBF3057+M37+ENG HTTP/1.1" 500 197 "-" "Mozilla/5.0 (compatible; Googlebot/2.1; +http://www.google.com/bot.html)"
209.59.12.99 - - [20/May/2007:05:46:40 -0400] "GET / HTTP/1.0" 200 367 "-" "check_http/1.81 (nagios-plugins 1.4)"
66.249.70.202 - - [20/May/2007:05:50:40 -0400] "GET /robots.txt HTTP/1.1" 404 208 "-" "Mozilla/5.0 (compatible; Googlebot/2.1; +http://www.google.com/bot.html)"
66.249.70.202 - - [20/May/2007:05:50:40 -0400] "GET /CGI-BIN/LANSAWEB?WEBEVENT+L5D5DB30C24205800B9F3057+M37+ENG HTTP/1.1" 500 197 "-" "Mozilla/5.0 (compatible; Googlebot/2.1; +http://www.google.com/bot.html)"
209.59.12.99 - - [20/May/2007:05:51:41 -0400] "GET / HTTP/1.0" 200 367 "-" "check_http/1.81 (nagios-plugins 1.4)"
66.249.70.202 - - [20/May/2007:05:55:11 -0400] "GET /CGI-BIN/LANSAWEB?WEBEVENT+L5D5DB30C24901800BFF3057+M37+ENG HTTP/1.1" 500 197 "-" "Mozilla/5.0 (compatible; Googlebot/2.1; +http://www.google.com/bot.html)"
209.59.12.99 - - [20/May/2007:05:56:40 -0400] "GET / HTTP/1.0" 200 367 "-" "check_http/1.81 (nagios-plugins 1.4)"
216.145.14.142 - - [20/May/2007:05:57:58 -0400] "GET /robots.txt HTTP/1.0" 404 208 "http://www.whois.sc/" "SurveyBot/2.3 (Whois Source)"
216.145.14.142 - - [20/May/2007:05:57:58 -0400] "GET / HTTP/1.1" 206 367 "http://www.whois.sc/aceonlinestore.com" "SurveyBot/2.3 (Whois Source)"
66.249.70.202 - - [20/May/2007:05:59:43 -0400] "GET /robots.txt HTTP/1.1" 404 208 "-" "Mozilla/5.0 (compatible; Googlebot/2.1; +http://www.google.com/bot.html)"
66.249.70.202 - - [20/May/2007:05:59:43 -0400] "GET /CGI-BIN/LANSAWEB?WEBEVENT+L5D5DB30C24407800BAF3057+M37+ENG HTTP/1.1" 500 197 "-" "Mozilla/5.0 (compatible; Googlebot/2.1; +http://www.google.com/bot.html)"
209.59.12.99 - - [20/May/2007:06:01:44 -0400] "GET / HTTP/1.0" 200 367 "-" "check_http/1.81 (nagios-plugins 1.4)"
66.249.70.202 - - [20/May/2007:06:04:14 -0400] "GET /CGI-BIN/LANSAWEB?WEBEVENT+L5D5DB30C24E05800BCF3057+M37+ENG HTTP/1.1" 500 197 "-" "Mozilla/5.0 (compatible; Googlebot/2.1; +http://www.google.com/bot.html)"
209.59.12.99 - - [20/May/2007:06:06:40 -0400] "GET / HTTP/1.0" 200 367 "-" "check_http/1.81 (nagios-plugins 1.4)"
66.249.70.202 - - [20/May/2007:06:08:45 -0400] "GET /images/tools/LCALEN.HTM HTTP/1.1" 200 7943 "-" "Mozilla/5.0 (compatible; Googlebot/2.1; +http://www.google.com/bot.html)"
209.59.12.99 - - [20/May/2007:06:11:40 -0400] "GET / HTTP/1.0" 200 367 "-" "check_http/1.81 (nagios-plugins 1.4)"
66.249.70.202 - - [20/May/2007:06:13:17 -0400] "GET /images/Office%20Supply/Thumbs.db HTTP/1.1" 200 60416 "-" "Mozilla/5.0 (compatible; Googlebot/2.1; +http://www.google.com/bot.html)"
209.59.12.99 - - [20/May/2007:06:16:40 -0400] "GET / HTTP/1.0" 200 367 "-" "check_http/1.81 (nagios-plugins 1.4)"
66.249.70.202 - - [20/May/2007:06:17:48 -0400] "GET /images/Office%20Supply/LCALEN.HTM HTTP/1.1" 200 7957 "-" "Mozilla/5.0 (compatible; Googlebot/2.1; +http://www.google.com/bot.html)"
71.225.206.53 - - [20/May/2007:06:18:24 -0400] "GET /cgi-bin/lansaweb?procfun+wordpr01+webfunc+m37+funcparms+WEBKEY(A0100):PROMOS HTTP/1.1" 200 42268 "http://www.acesurgical.com/home_May07.html" "Mozilla/4.0 (compatible; MSIE 7.0; Windows NT 5.1; .NET CLR 1.0.3705; .NET CLR 1.1.4322; Media Center PC 4.0)"
71.225.206.53 - - [20/May/2007:06:18:26 -0400] "GET /images/ace_logo_top.jpg HTTP/1.1" 200 2702 "http://www.aceonlinestore.com/cgi-bin/lansaweb?procfun+wordpr01+webfunc+m37+funcparms+WEBKEY(A0100):PROMOS" "Mozilla/4.0 (compatible; MSIE 7.0; Windows NT 5.1; .NET CLR 1.0.3705; .NET CLR 1.1.4322; Media Center PC 4.0)"
71.225.206.53 - - [20/May/2007:06:18:26 -0400] "GET /images/nav04_about_off.jpg HTTP/1.1" 200 1255 "http://www.aceonlinestore.com/cgi-bin/lansaweb?procfun+wordpr01+webfunc+m37+funcparms+WEBKEY(A0100):PROMOS" "Mozilla/4.0 (compatible; MSIE 7.0; Windows NT 5.1; .NET CLR 1.0.3705; .NET CLR 1.1.4322; Media Center PC 4.0)"
71.225.206.53 - - [20/May/2007:06:18:26 -0400] "GET /images/nav04_shop_off.jpg HTTP/1.1" 200 1390 "http://www.aceonlinestore.com/cgi-bin/lansaweb?procfun+wordpr01+webfunc+m37+funcparms+WEBKEY(A0100):PROMOS" "Mozilla/4.0 (compatible; MSIE 7.0; Windows NT 5.1; .NET CLR 1.0.3705; .NET CLR 1.1.4322; Media Center PC 4.0)"
71.225.206.53 - - [20/May/2007:06:18:26 -0400] "GET /images/nav04_conven_off.jpg HTTP/1.1" 200 1341 "http://www.aceonlinestore.com/cgi-bin/lansaweb?procfun+wordpr01+webfunc+m37+funcparms+WEBKEY(A0100):PROMOS" "Mozilla/4.0 (compatible; MSIE 7.0; Windows NT 5.1; .NET CLR 1.0.3705; .NET CLR 1.1.4322; Media Center PC 4.0)"
71.225.206.53 - - [20/May/2007:06:18:26 -0400] "GET /images/nav04_download_off.jpg HTTP/1.1" 200 1206 "http://www.aceonlinestore.com/cgi-bin/lansaweb?procfun+wordpr01+webfunc+m37+funcparms+WEBKEY(A0100):PROMOS" "Mozilla/4.0 (compatible; MSIE 7.0; Windows NT 5.1; .NET CLR 1.0.3705; .NET CLR 1.1.4322; Media Center PC 4.0)"
71.225.206.53 - - [20/May/2007:06:18:26 -0400] "GET /images/nav04_contact_off.jpg HTTP/1.1" 200 965 "http://www.aceonlinestore.com/cgi-bin/lansaweb?procfun+wordpr01+webfunc+m37+funcparms+WEBKEY(A0100):PROMOS" "Mozilla/4.0 (compatible; MSIE 7.0; Windows NT 5.1; .NET CLR 1.0.3705; .NET CLR 1.1.4322; Media Center PC 4.0)"
71.225.206.53 - - [20/May/2007:06:18:26 -0400] "GET /images/ace_logo_bottom.jpg HTTP/1.1" 200 2447 "http://www.aceonlinestore.com/cgi-bin/lansaweb?procfun+wordpr01+webfunc+m37+funcparms+WEBKEY(A0100):PROMOS" "Mozilla/4.0 (compatible; MSIE 7.0; Windows NT 5.1; .NET CLR 1.0.3705; .NET CLR 1.1.4322; Media Center PC 4.0)"
71.225.206.53 - - [20/May/2007:06:18:26 -0400] "GET /images/nav_store_head.jpg HTTP/1.1" 200 1953 "http://www.aceonlinestore.com/cgi-bin/lansaweb?procfun+wordpr01+webfunc+m37+funcparms+WEBKEY(A0100):PROMOS" "Mozilla/4.0 (compatible; MSIE 7.0; Windows NT 5.1; .NET CLR 1.0.3705; .NET CLR 1.1.4322; Media Center PC 4.0)"
71.225.206.53 - - [20/May/2007:06:18:26 -0400] "GET /images/nav_upper_bgrd.jpg HTTP/1.1" 200 2954 "http://www.aceonlinestore.com/cgi-bin/lansaweb?procfun+wordpr01+webfunc+m37+funcparms+WEBKEY(A0100):PROMOS" "Mozilla/4.0 (compatible; MSIE 7.0; Windows NT 5.1; .NET CLR 1.0.3705; .NET CLR 1.1.4322; Media Center PC 4.0)"
71.225.206.53 - - [20/May/2007:06:18:27 -0400] "GET /images/nav_store_index_off.jpg HTTP/1.1" 200 922 "http://www.aceonlinestore.com/cgi-bin/lansaweb?procfun+wordpr01+webfunc+m37+funcparms+WEBKEY(A0100):PROMOS" "Mozilla/4.0 (compatible; MSIE 7.0; Windows NT 5.1; .NET CLR 1.0.3705; .NET CLR 1.1.4322; Media Center PC 4.0)"
71.225.206.53 - - [20/May/2007:06:18:29 -0400] "GET /images/spacer.gif HTTP/1.1" 200 55 "http://www.aceonlinestore.com/cgi-bin/lansaweb?procfun+wordpr01+webfunc+m37+funcparms+WEBKEY(A0100):PROMOS" "Mozilla/4.0 (compatible; MSIE 7.0; Windows NT 5.1; .NET CLR 1.0.3705; .NET CLR 1.1.4322; Media Center PC 4.0)"
71.225.206.53 - - [20/May/2007:06:18:29 -0400] "GET /images/login.gif HTTP/1.1" 200 166 "http://www.aceonlinestore.com/cgi-bin/lansaweb?procfun+wordpr01+webfunc+m37+funcparms+WEBKEY(A0100):PROMOS" "Mozilla/4.0 (compatible; MSIE 7.0; Windows NT 5.1; .NET CLR 1.0.3705; .NET CLR 1.1.4322; Media Center PC 4.0)"
71.225.206.53 - - [20/May/2007:06:18:29 -0400] "GET /images/login_go.gif HTTP/1.1" 200 296 "http://www.aceonlinestore.com/cgi-bin/lansaweb?procfun+wordpr01+webfunc+m37+funcparms+WEBKEY(A0100):PROMOS" "Mozilla/4.0 (compatible; MSIE 7.0; Windows NT 5.1; .NET CLR 1.0.3705; .NET CLR 1.1.4322; Media Center PC 4.0)"
71.225.206.53 - - [20/May/2007:06:18:29 -0400] "GET /images/psearch_go.gif HTTP/1.1" 200 296 "http://www.aceonlinestore.com/cgi-bin/lansaweb?procfun+wordpr01+webfunc+m37+funcparms+WEBKEY(A0100):PROMOS" "Mozilla/4.0 (compatible; MSIE 7.0; Windows NT 5.1; .NET CLR 1.0.3705; .NET CLR 1.1.4322; Media Center PC 4.0)"
71.225.206.53 - - [20/May/2007:06:18:29 -0400] "GET /images/sale_promo-icon.gif HTTP/1.1" 200 402 "http://www.aceonlinestore.com/cgi-bin/lansaweb?procfun+wordpr01+webfunc+m37+funcparms+WEBKEY(A0100):PROMOS" "Mozilla/4.0 (compatible; MSIE 7.0; Windows NT 5.1; .NET CLR 1.0.3705; .NET CLR 1.1.4322; Media Center PC 4.0)"
71.225.206.53 - - [20/May/2007:06:18:29 -0400] "GET /images/search.gif HTTP/1.1" 200 614 "http://www.aceonlinestore.com/cgi-bin/lansaweb?procfun+wordpr01+webfunc+m37+funcparms+WEBKEY(A0100):PROMOS" "Mozilla/4.0 (compatible; MSIE 7.0; Windows NT 5.1; .NET CLR 1.0.3705; .NET CLR 1.1.4322; Media Center PC 4.0)"
71.225.206.53 - - [20/May/2007:06:18:29 -0400] "GET /images/nav_lower_bgrd.jpg HTTP/1.1" 200 2321 "http://www.aceonlinestore.com/cgi-bin/lansaweb?procfun+wordpr01+webfunc+m37+funcparms+WEBKEY(A0100):PROMOS" "Mozilla/4.0 (compatible; MSIE 7.0; Wind