219.93.152.3 - - [22/May/2007:03:04:15 -0400] "GET /images/index3.taperburs HTTP/1.1" 404 221 "http://www.aceonlinestore.com/CGI-BIN/LANSAWEB?WEBEVENT+L8D50500A2B409800F46405V+M37+ENG" "Mozilla/5.0 (Windows; U; Windows NT 5.1; en-US; rv:1.8.0.11) Gecko/20070312 Firefox/1.5.0.11"
219.93.152.3 - - [22/May/2007:03:04:18 -0400] "GET /images/index3_trephine.jpg HTTP/1.1" 200 5563 "http://www.aceonlinestore.com/CGI-BIN/LANSAWEB?WEBEVENT+L8D50500A2B409800F46405V+M37+ENG" "Mozilla/5.0 (Windows; U; Windows NT 5.1; en-US; rv:1.8.0.11) Gecko/20070312 Firefox/1.5.0.11"
219.93.152.3 - - [22/May/2007:03:04:19 -0400] "GET /images/over-index3_sinus.jpg HTTP/1.1" 200 1089 "http://www.aceonlinestore.com/CGI-BIN/LANSAWEB?WEBEVENT+L8D50500A2B409800F46405V+M37+ENG" "Mozilla/5.0 (Windows; U; Windows NT 5.1; en-US; rv:1.8.0.11) Gecko/20070312 Firefox/1.5.0.11"
219.93.152.3 - - [22/May/2007:03:04:21 -0400] "GET /images/over-index3_trephine.jpg HTTP/1.1" 200 3150 "http://www.aceonlinestore.com/CGI-BIN/LANSAWEB?WEBEVENT+L8D50500A2B409800F46405V+M37+ENG" "Mozilla/5.0 (Windows; U; Windows NT 5.1; en-US; rv:1.8.0.11) Gecko/20070312 Firefox/1.5.0.11"
219.93.152.3 - - [22/May/2007:03:04:24 -0400] "POST /CGI-BIN/LANSAWEB?WEBEVENT+L8D5051062C60180021C405V+M37+ENG HTTP/1.1" 200 56638 "http://www.aceonlinestore.com/CGI-BIN/LANSAWEB?WEBEVENT+L8D50500A2B409800F46405V+M37+ENG" "Mozilla/5.0 (Windows; U; Windows NT 5.1; en-US; rv:1.8.0.11) Gecko/20070312 Firefox/1.5.0.11"
219.93.152.3 - - [22/May/2007:03:04:33 -0400] "GET /images/pf-a.gif HTTP/1.1" 200 798 "http://www.aceonlinestore.com/CGI-BIN/LANSAWEB?WEBEVENT+L8D5051062C60180021C405V+M37+ENG" "Mozilla/5.0 (Windows; U; Windows NT 5.1; en-US; rv:1.8.0.11) Gecko/20070312 Firefox/1.5.0.11"
219.93.152.3 - - [22/May/2007:03:04:34 -0400] "GET /images/items/20155411_THUMB.JPG HTTP/1.1" 200 2501 "http://www.aceonlinestore.com/CGI-BIN/LANSAWEB?WEBEVENT+L8D5051062C60180021C405V+M37+ENG" "Mozilla/5.0 (Windows; U; Windows NT 5.1; en-US; rv:1.8.0.11) Gecko/20070312 Firefox/1.5.0.11"
219.93.152.3 - - [22/May/2007:03:04:34 -0400] "GET /images/items/04948702_THUMB.JPG HTTP/1.1" 200 2621 "http://www.aceonlinestore.com/CGI-BIN/LANSAWEB?WEBEVENT+L8D5051062C60180021C405V+M37+ENG" "Mozilla/5.0 (Windows; U; Windows NT 5.1; en-US; rv:1.8.0.11) Gecko/20070312 Firefox/1.5.0.11"
219.93.152.3 - - [22/May/2007:03:04:35 -0400] "GET /images/items/04948401_THUMB.JPG HTTP/1.1" 200 2092 "http://www.aceonlinestore.com/CGI-BIN/LANSAWEB?WEBEVENT+L8D5051062C60180021C405V+M37+ENG" "Mozilla/5.0 (Windows; U; Windows NT 5.1; en-US; rv:1.8.0.11) Gecko/20070312 Firefox/1.5.0.11"
219.93.152.3 - - [22/May/2007:03:04:36 -0400] "GET /images/items/04948501_THUMB.JPG HTTP/1.1" 200 2235 "http://www.aceonlinestore.com/CGI-BIN/LANSAWEB?WEBEVENT+L8D5051062C60180021C405V+M37+ENG" "Mozilla/5.0 (Windows; U; Windows NT 5.1; en-US; rv:1.8.0.11) Gecko/20070312 Firefox/1.5.0.11"
219.93.152.3 - - [22/May/2007:03:04:42 -0400] "GET /images/items/04948502_THUMB.JPG HTTP/1.1" 200 2355 "http://www.aceonlinestore.com/CGI-BIN/LANSAWEB?WEBEVENT+L8D5051062C60180021C405V+M37+ENG" "Mozilla/5.0 (Windows; U; Windows NT 5.1; en-US; rv:1.8.0.11) Gecko/20070312 Firefox/1.5.0.11"
219.93.152.3 - - [22/May/2007:03:04:43 -0400] "GET /images/items/04948002_THUMB.JPG HTTP/1.1" 200 1724 "http://www.aceonlinestore.com/CGI-BIN/LANSAWEB?WEBEVENT+L8D5051062C60180021C405V+M37+ENG" "Mozilla/5.0 (Windows; U; Windows NT 5.1; en-US; rv:1.8.0.11) Gecko/20070312 Firefox/1.5.0.11"
219.93.152.3 - - [22/May/2007:03:04:43 -0400] "GET /images/items/04948701_THUMB.JPG HTTP/1.1" 200 2523 "http://www.aceonlinestore.com/CGI-BIN/LANSAWEB?WEBEVENT+L8D5051062C60180021C405V+M37+ENG" "Mozilla/5.0 (Windows; U; Windows NT 5.1; en-US; rv:1.8.0.11) Gecko/20070312 Firefox/1.5.0.11"
219.93.152.3 - - [22/May/2007:03:04:43 -0400] "GET /images/items/04948001_THUMB.JPG HTTP/1.1" 200 1565 "http://www.aceonlinestore.com/CGI-BIN/LANSAWEB?WEBEVENT+L8D5051062C60180021C405V+M37+ENG" "Mozilla/5.0 (Windows; U; Windows NT 5.1; en-US; rv:1.8.0.11) Gecko/20070312 Firefox/1.5.0.11"
219.93.152.3 - - [22/May/2007:03:04:44 -0400] "GET /images/items/04948201_THUMB.JPG HTTP/1.1" 200 1901 "http://www.aceonlinestore.com/CGI-BIN/LANSAWEB?WEBEVENT+L8D5051062C60180021C405V+M37+ENG" "Mozilla/5.0 (Windows; U; Windows NT 5.1; en-US; rv:1.8.0.11) Gecko/20070312 Firefox/1.5.0.11"
219.93.152.3 - - [22/May/2007:03:04:44 -0400] "GET /images/space.gif HTTP/1.1" 200 43 "http://www.aceonlinestore.com/CGI-BIN/LANSAWEB?WEBEVENT+L8D5051062C60180021C405V+M37+ENG" "Mozilla/5.0 (Windows; U; Windows NT 5.1; en-US; rv:1.8.0.11) Gecko/20070312 Firefox/1.5.0.11"
219.93.152.3 - - [22/May/2007:03:04:45 -0400] "GET /images/next.gif HTTP/1.1" 200 249 "http://www.aceonlinestore.com/CGI-BIN/LANSAWEB?WEBEVENT+L8D5051062C60180021C405V+M37+ENG" "Mozilla/5.0 (Windows; U; Windows NT 5.1; en-US; rv:1.8.0.11) Gecko/20070312 Firefox/1.5.0.11"
219.93.152.3 - - [22/May/2007:03:05:09 -0400] "POST /CGI-BIN/LANSAWEB?WEBEVENT+L8D5051062A70B80036B405V+M37+ENG HTTP/1.1" 200 49386 "http://www.aceonlinestore.com/CGI-BIN/LANSAWEB?WEBEVENT+L8D5051062C60180021C405V+M37+ENG" "Mozilla/5.0 (Windows; U; Windows NT 5.1; en-US; rv:1.8.0.11) Gecko/20070312 Firefox/1.5.0.11"
219.93.152.3 - - [22/May/2007:03:05:16 -0400] "GET /images/items/04948202_THUMB.JPG HTTP/1.1" 200 2008 "http://www.aceonlinestore.com/CGI-BIN/LANSAWEB?WEBEVENT+L8D5051062A70B80036B405V+M37+ENG" "Mozilla/5.0 (Windows; U; Windows NT 5.1; en-US; rv:1.8.0.11) Gecko/20070312 Firefox/1.5.0.11"
219.93.152.3 - - [22/May/2007:03:05:17 -0400] "GET /images/items/04949702_THUMB.JPG HTTP/1.1" 200 2272 "http://www.aceonlinestore.com/CGI-BIN/LANSAWEB?WEBEVENT+L8D5051062A70B80036B405V+M37+ENG" "Mozilla/5.0 (Windows; U; Windows NT 5.1; en-US; rv:1.8.0.11) Gecko/20070312 Firefox/1.5.0.11"
219.93.152.3 - - [22/May/2007:03:05:18 -0400] "GET /images/items/04949501_THUMB.JPG HTTP/1.1" 200 1912 "http://www.aceonlinestore.com/CGI-BIN/LANSAWEB?WEBEVENT+L8D5051062A70B80036B405V+M37+ENG" "Mozilla/5.0 (Windows; U; Windows NT 5.1; en-US; rv:1.8.0.11) Gecko/20070312 Firefox/1.5.0.11"
219.93.152.3 - - [22/May/2007:03:05:18 -0400] "GET /images/items/04949701_THUMB.JPG HTTP/1.1" 200 2051 "http://www.aceonlinestore.com/CGI-BIN/LANSAWEB?WEBEVENT+L8D5051062A70B80036B405V+M37+ENG" "Mozilla/5.0 (Windows; U; Windows NT 5.1; en-US; rv:1.8.0.11) Gecko/20070312 Firefox/1.5.0.11"
219.93.152.3 - - [22/May/2007:03:05:18 -0400] "GET /images/items/04949201_THUMB.JPG HTTP/1.1" 200 1720 "http://www.aceonlinestore.com/CGI-BIN/LANSAWEB?WEBEVENT+L8D5051062A70B80036B405V+M37+ENG" "Mozilla/5.0 (Windows; U; Windows NT 5.1; en-US; rv:1.8.0.11) Gecko/20070312 Firefox/1.5.0.11"
219.93.152.3 - - [22/May/2007:03:05:19 -0400] "GET /images/items/04949202_THUMB.JPG HTTP/1.1" 200 1720 "http://www.aceonlinestore.com/CGI-BIN/LANSAWEB?WEBEVENT+L8D5051062A70B80036B405V+M37+ENG" "Mozilla/5.0 (Windows; U; Windows NT 5.1; en-US; rv:1.8.0.11) Gecko/20070312 Firefox/1.5.0.11"
219.93.152.3 - - [22/May/2007:03:05:19 -0400] "GET /images/prev.gif HTTP/1.1" 200 253 "http://www.aceonlinestore.com/CGI-BIN/LANSAWEB?WEBEVENT+L8D5051062A70B80036B405V+M37+ENG" "Mozilla/5.0 (Windows; U; Windows NT 5.1; en-US; rv:1.8.0.11) Gecko/20070312 Firefox/1.5.0.11"
209.59.12.99 - - [22/May/2007:03:09:13 -0400] "GET / HTTP/1.0" 200 367 "-" "check_http/1.81 (nagios-plugins 1.4)"
209.59.12.99 - - [22/May/2007:03:14:12 -0400] "GET / HTTP/1.0" 200 367 "-" "check_http/1.81 (nagios-plugins 1.4)"
209.59.12.99 - - [22/May/2007:03:28:31 -0400] "GET / HTTP/1.0" 200 367 "-" "check_http/1.81 (nagios-plugins 1.4)"
209.59.12.99 - - [22/May/2007:03:33:30 -0400] "GET / HTTP/1.0" 200 367 "-" "check_http/1.81 (nagios-plugins 1.4)"
209.59.12.99 - - [22/May/2007:03:38:31 -0400] "GET / HTTP/1.0" 200 367 "-" "check_http/1.81 (nagios-plugins 1.4)"
209.59.12.99 - - [22/May/2007:03:43:31 -0400] "GET / HTTP/1.0" 200 367 "-" "check_http/1.81 (nagios-plugins 1.4)"
66.249.70.202 - - [22/May/2007:03:45:11 -0400] "GET /robots.txt HTTP/1.1" 404 208 "-" "Mozilla/5.0 (compatible; Googlebot/2.1; +http://www.google.com/bot.html)"
66.249.70.202 - - [22/May/2007:03:45:11 -0400] "GET /CGI-BIN/LANSAWEB?WEBEVENT+L5D5DB30C24E05800BCF3057+M37+ENG HTTP/1.1" 500 197 "-" "Mozilla/5.0 (compatible; Googlebot/2.1; +http://www.google.com/bot.html)"
209.59.12.99 - - [22/May/2007:03:48:32 -0400] "GET / HTTP/1.0" 200 367 "-" "check_http/1.81 (nagios-plugins 1.4)"
209.59.12.99 - - [22/May/2007:03:53:33 -0400] "GET / HTTP/1.0" 200 367 "-" "check_http/1.81 (nagios-plugins 1.4)"
209.59.12.99 - - [22/May/2007:03:58:33 -0400] "GET / HTTP/1.0" 200 367 "-" "check_http/1.81 (nagios-plugins 1.4)"
209.59.12.99 - - [22/May/2007:04:03:33 -0400] "GET / HTTP/1.0" 200 367 "-" "check_http/1.81 (nagios-plugins 1.4)"
209.59.12.99 - - [22/May/2007:04:08:34 -0400] "GET / HTTP/1.0" 200 367 "-" "check_http/1.81 (nagios-plugins 1.4)"
209.59.12.99 - - [22/May/2007:04:13:34 -0400] "GET / HTTP/1.0" 200 367 "-" "check_http/1.81 (nagios-plugins 1.4)"
209.59.12.99 - - [22/May/2007:04:18:35 -0400] "GET / HTTP/1.0" 200 367 "-" "check_http/1.81 (nagios-plugins 1.4)"
209.59.12.99 - - [22/May/2007:04:23:34 -0400] "GET / HTTP/1.0" 200 367 "-" "check_http/1.81 (nagios-plugins 1.4)"
209.59.12.99 - - [22/May/2007:04:39:40 -0400] "GET / HTTP/1.0" 200 367 "-" "check_http/1.81 (nagios-plugins 1.4)"
209.59.12.99 - - [22/May/2007:04:45:05 -0400] "GET / HTTP/1.0" 200 367 "-" "check_http/1.81 (nagios-plugins 1.4)"
209.59.12.99 - - [22/May/2007:04:50:06 -0400] "GET / HTTP/1.0" 200 367 "-" "check_http/1.81 (nagios-plugins 1.4)"
66.249.70.202 - - [22/May/2007:04:49:13 -0400] "GET /images/ACE_BoneGraft_04.pdf HTTP/1.1" 200 9952673 "-" "Mozilla/5.0 (compatible; Googlebot/2.1; +http://www.google.com/bot.html)"
209.59.12.99 - - [22/May/2007:04:55:09 -0400] "GET / HTTP/1.0" 200 367 "-" "check_http/1.81 (nagios-plugins 1.4)"
66.249.70.202 - - [22/May/2007:04:55:41 -0400] "GET /images/ACE_BoneGraft_04.pdf HTTP/1.1" 200 9952673 "-" "Mozilla/5.0 (compatible; Googlebot/2.1; +http://www.google.com/bot.html)"
209.59.12.99 - - [22/May/2007:05:00:06 -0400] "GET / HTTP/1.0" 200 367 "-" "check_http/1.81 (nagios-plugins 1.4)"
82.109.38.202 - - [22/May/2007:05:03:59 -0400] "GET /robots.txt HTTP/1.1" 404 208 "-" "Comodo HTTP(S) Crawler - http://www.instantssl.com/crawler, http://www.whichssl.com/crawler"
66.249.70.202 - - [22/May/2007:05:01:59 -0400] "GET /images/ACE_BoneGraft_04.pdf HTTP/1.1" 200 9952673 "-" "Mozilla/5.0 (compatible; Googlebot/2.1; +http://www.google.com/bot.html)"
209.59.12.99 - - [22/May/2007:05:05:07 -0400] "GET / HTTP/1.0" 200 367 "-" "check_http/1.81 (nagios-plugins 1.4)"
66.249.70.202 - - [22/May/2007:05:05:56 -0400] "GET /images/ACE_Fall04_BestBuys.pdf HTTP/1.1" 200 5886198 "-" "Mozilla/5.0 (compatible; Googlebot/2.1; +http://www.google.com/bot.html)"
209.59.12.99 - - [22/May/2007:05:10:08 -0400] "GET / HTTP/1.0" 200 367 "-" "check_http/1.81 (nagios-plugins 1.4)"
66.249.70.202 - - [22/May/2007:05:08:58 -0400] "GET /images/ACE_BoneGraft_04.pdf HTTP/1.1" 200 9952673 "-" "Mozilla/5.0 (compatible; Googlebot/2.1; +http://www.google.com/bot.html)"
66.249.70.202 - - [22/May/2007:05:12:01 -0400] "GET /images/ACE_Fall04_BestBuys.pdf HTTP/1.1" 200 5886198 "-" "Mozilla/5.0 (compatible; Googlebot/2.1; +http://www.google.com/bot.html)"
209.59.12.99 - - [22/May/2007:05:15:26 -0400] "GET / HTTP/1.0" 200 367 "-" "check_http/1.81 (nagios-plugins 1.4)"
66.249.70.202 - - [22/May/2007:05:15:08 -0400] "GET /images/ACE_BoneGraft_04.pdf HTTP/1.1" 200 9952673 "-" "Mozilla/5.0 (compatible; Googlebot/2.1; +http://www.google.com/bot.html)"
209.59.12.99 - - [22/May/2007:05:20:28 -0400] "GET / HTTP/1.0" 200 367 "-" "check_http/1.81 (nagios-plugins 1.4)"
66.249.70.202 - - [22/May/2007:05:18:19 -0400] "GET /images/ACE_Fall04_BestBuys.pdf HTTP/1.1" 200 5886198 "-" "Mozilla/5.0 (compatible; Googlebot/2.1; +http://www.google.com/bot.html)"
66.249.70.202 - - [22/May/2007:05:21:28 -0400] "GET /images/ACE_BoneGraft_04.pdf HTTP/1.1" 200 9952673 "-" "Mozilla/5.0 (compatible; Googlebot/2.1; +http://www.google.com/bot.html)"
66.249.70.202 - - [22/May/2007:05:24:39 -0400] "GET /CGI-BIN/LANSAWEB?WEBEVENT+L5D5DB30C24407800BAF3057+M37+ENG HTTP/1.1" 500 197 "-" "Mozilla/5.0 (compatible; Googlebot/2.1; +http://www.google.com/bot.html)"
209.59.12.99 - - [22/May/2007:05:25:29 -0400] "GET / HTTP/1.0" 200 367 "-" "check_http/1.81 (nagios-plugins 1.4)"
66.249.70.202 - - [22/May/2007:05:24:49 -0400] "GET /images/ACE_Fall04_BestBuys.pdf HTTP/1.1" 200 5886198 "-" "Mozilla/5.0 (compatible; Googlebot/2.1; +http://www.google.com/bot.html)"
209.59.12.99 - - [22/May/2007:05:30:30 -0400] "GET / HTTP/1.0" 200 367 "-" "check_http/1.81 (nagios-plugins 1.4)"
66.249.70.202 - - [22/May/2007:05:27:50 -0400] "GET /images/ACE_BoneGraft_04.pdf HTTP/1.1" 200 9952673 "-" "Mozilla/5.0 (compatible; Googlebot/2.1; +http://www.google.com/bot.html)"
66.249.70.202 - - [22/May/2007:05:30:58 -0400] "GET /images/ACE_Fall04_BestBuys.pdf HTTP/1.1" 200 5886198 "-" "Mozilla/5.0 (compatible; Googlebot/2.1; +http://www.google.com/bot.html)"
209.59.12.99 - - [22/May/2007:05:35:30 -0400] "GET / HTTP/1.0" 200 367 "-" "check_http/1.81 (nagios-plugins 1.4)"
66.249.70.202 - - [22/May/2007:05:33:59 -0400] "GET /images/ACE_BoneGraft_04.pdf HTTP/1.1" 200 9952673 "-" "Mozilla/5.0 (compatible; Googlebot/2.1; +http://www.google.com/bot.html)"
66.249.70.202 - - [22/May/2007:05:37:01 -0400] "GET /images/ACE_Fall04_BestBuys.pdf HTTP/1.1" 200 5886198 "-" "Mozilla/5.0 (compatible; Googlebot/2.1; +http://www.google.com/bot.html)"
209.59.12.99 - - [22/May/2007:05:40:31 -0400] "GET / HTTP/1.0" 200 367 "-" "check_http/1.81 (nagios-plugins 1.4)"
66.249.70.202 - - [22/May/2007:05:40:04 -0400] "GET /images/ACE_BoneGraft_04.pdf HTTP/1.1" 200 9952673 "-" "Mozilla/5.0 (compatible; Googlebot/2.1; +http://www.google.com/bot.html)"
209.59.12.99 - - [22/May/2007:05:45:31 -0400] "GET / HTTP/1.0" 200 367 "-" "check_http/1.81 (nagios-plugins 1.4)"
66.249.70.202 - - [22/May/2007:05:43:34 -0400] "GET /images/ACE_Fall04_BestBuys.pdf HTTP/1.1" 200 5886198 "-" "Mozilla/5.0 (compatible; Googlebot/2.1; +http://www.google.com/bot.html)"
66.249.70.202 - - [22/May/2007:05:46:44 -0400] "GET /images/ACE_BoneGraft_04.pdf HTTP/1.1" 200 9952673 "-" "Mozilla/5.0 (compatible; Googlebot/2.1; +http://www.google.com/bot.html)"
209.59.12.99 - - [22/May/2007:05:50:54 -0400] "GET / HTTP/1.0" 200 367 "-" "check_http/1.81 (nagios-plugins 1.4)"
66.249.70.248 - - [22/May/2007:05:48:26 -0400] "GET /images/ACE_BoneGraft_04.pdf HTTP/1.1" 200 9952673 "-" "Mozilla/5.0 (compatible; Googlebot/2.1; +http://www.google.com/bot.html)"
66.249.70.202 - - [22/May/2007:05:51:37 -0400] "GET /images/ACE_Fall04_BestBuys.pdf HTTP/1.1" 200 5886198 "-" "Mozilla/5.0 (compatible; Googlebot/2.1; +http://www.google.com/bot.html)"
152.163.101.17 - - [22/May/2007:05:54:54 -0400] "HEAD /images/fav_a-a.gif HTTP/1.1" 200 - "-" "Mozilla/4.0 (compatible; MSIE 7.0; AOL 9.0; Windows NT 5.1; .NET CLR 1.1.4322; .NET CLR 2.0.50727; .NET CLR 3.0.04506.30)"
152.163.100.5 - - [22/May/2007:05:54:54 -0400] "HEAD /images/index13_transferunt.jpg HTTP/1.1" 200 - "-" "Mozilla/4.0 (compatible; MSIE 7.0; AOL 9.0; Windows NT 5.1; .NET CLR 1.1.4322; .NET CLR 2.0.50727; .NET CLR 3.0.04506.30)"
152.163.101.18 - - [22/May/2007:05:54:54 -0400] "HEAD /images/fav_a-b.gif HTTP/1.1" 200 - "-" "Mozilla/4.0 (compatible; MSIE 7.0; AOL 9.0; Windows NT 5.1; .NET CLR 1.1.4322; .NET CLR 2.0.50727; .NET CLR 3.0.04506.30)"
152.163.100.5 - - [22/May/2007:05:54:54 -0400] "GET /images/index13_transferunt.jpg HTTP/1.1" 200 3768 "-" "Mozilla/4.0 (compatible; MSIE 7.0; AOL 9.0; Windows NT 5.1; .NET CLR 1.1.4322; .NET CLR 2.0.50727; .NET CLR 3.0.04506.30)"
209.59.12.99 - - [22/May/2007:05:55:54 -0400] "GET / HTTP/1.0" 200 367 "-" "check_http/1.81 (nagios-plugins 1.4)"
66.249.70.202 - - [22/May/2007:05:54:46 -0400] "GET /images/ACE_BoneGraft_04.pdf HTTP/1.1" 200 9952673 "-" "Mozilla/5.0 (compatible; Googlebot/2.1; +http://www.google.com/bot.html)"
209.59.12.99 - - [22/May/2007:06:00:57 -0400] "GET / HTTP/1.0" 200 367 "-" "check_http/1.81 (nagios-plugins 1.4)"
66.249.70.202 - - [22/May/2007:05:57:56 -0400] "GET /images/ACE_Fall04_BestBuys.pdf HTTP/1.1" 200 5886198 "-" "Mozilla/5.0 (compatible; Googlebot/2.1; +http://www.google.com/bot.html)"
66.249.70.202 - - [22/May/2007:06:01:07 -0400] "GET /images/ACE_BoneGraft_04.pdf HTTP/1.1" 200 9952673 "-" "Mozilla/5.0 (compatible; Googlebot/2.1; +http://www.google.com/bot.html)"
209.59.12.99 - - [22/May/2007:06:05:55 -0400] "GET / HTTP/1.0" 200 367 "-" "check_http/1.81 (nagios-plugins 1.4)"
66.249.70.202 - - [22/May/2007:06:04:17 -0400] "GET /images/ACE_Fall04_BestBuys.pdf HTTP/1.1" 200 5886198 "-" "Mozilla/5.0 (compatible; Googlebot/2.1; +http://www.google.com/bot.html)"
66.249.70.202 - - [22/May/2007:06:07:28 -0400] "GET /images/ACE_BoneGraft_04.pdf HTTP/1.1" 200 9952673 "-" "Mozilla/5.0 (compatible; Googlebot/2.1; +http://www.google.com/bot.html)"
209.59.12.99 - - [22/May/2007:06:10:57 -0400] "GET / HTTP/1.0" 200 367 "-" "check_http/1.81 (nagios-plugins 1.4)"
66.249.70.202 - - [22/May/2007:06:10:38 -0400] "GET /images/ACE_Fall04_BestBuys.pdf HTTP/1.1" 200 5886198 "-" "Mozilla/5.0 (compatible; Googlebot/2.1; +http://www.google.com/bot.html)"
209.59.12.99 - - [22/May/2007:06:15:56 -0400] "GET / HTTP/1.0" 200 367 "-" "check_http/1.81 (nagios-plugins 1.4)"
66.249.70.202 - - [22/May/2007:06:13:51 -0400] "GET /images/ACE_SitePrepOsteotomes.pdf HTTP/1.1" 200 5037385 "-" "Mozilla/5.0 (compatible; Googlebot/2.1; +http://www.google.com/bot.html)"
66.249.70.202 - - [22/May/2007:06:17:16 -0400] "GET /images/ACE_Fall04_BestBuys.pdf HTTP/1.1" 200 5886198 "-" "Mozilla/5.0 (compatible; Googlebot/2.1; +http://www.google.com/bot.html)"
209.59.12.99 - - [22/May/2007:06:20:57 -0400] "GET / HTTP/1.0" 200 367 "-" "check_http/1.81 (nagios-plugins 1.4)"
66.249.70.202 - - [22/May/2007:06:20:27 -0400] "GET /images/ACE_SitePrepOsteotomes.pdf HTTP/1.1" 200 5037385 "-" "Mozilla/5.0 (compatible; Googlebot/2.1; +http://www.google.com/bot.html)"
209.59.12.99 - - [22/May/2007:06:25:57 -0400] "GET / HTTP/1.0" 200 367 "-" "check_http/1.81 (nagios-plugins 1.4)"
66.249.70.202 - - [22/May/2007:06:23:56 -0400] "GET /images/ACE_Fall04_BestBuys.pdf HTTP/1.1" 200 5886198 "-" "Mozilla/5.0 (compatible; Googlebot/2.1; +http://www.google.com/bot.html)"
66.249.70.202 - - [22/May/2007:06:27:07 -0400] "GET /images/ACE_SitePrepOsteotomes.pdf HTTP/1.1" 200 5037385 "-" "Mozilla/5.0 (compatible; Googlebot/2.1; +http://www.google.com/bot.html)"
209.59.12.99 - - [22/May/2007:06:30:57 -0400] "GET / HTTP/1.0" 200 367 "-" "check_http/1.81 (nagios-plugins 1.4)"
66.249.70.202 - - [22/May/2007:06:30:36 -0400] "GET /images/ACE_Fall04_BestBuys.pdf HTTP/1.1" 200 5886198 "-" "Mozilla/5.0 (compatible; Googlebot/2.1; +http://www.google.com/bot.html)"
66.249.70.45 - - [22/May/2007:06:31:49 -0400] "GET /images/ACE_Fall04_BestBuys.pdf HTTP/1.1" 200 5886198 "-" "Mozilla/5.0 (compatible; Googlebot/2.1; +http://www.google.com/bot.html)"
209.59.12.99 - - [22/May/2007:06:35:57 -0400] "GET / HTTP/1.0" 200 367 "-" "check_http/1.81 (nagios-plugins 1.4)"
68.85.91.137 - - [22/May/2007:06:36:34 -0400] "GET /CGI-BIN/LANSAWEB?WEBEVENT+L0D5FF30B4B602600A0E3051+M37+ENG HTTP/1.1" 500 197 "-" "Mozilla/5.0 (Windows; U; Windows NT 5.1; en-US; rv:1.8.1.3) Gecko/20070309 Firefox/2.0.0.3"
68.85.91.137 - - [22/May/2007:06:36:34 -0400] "GET /favicon.ico HTTP/1.1" 404 209 "-" "Mozilla/5.0 (Windows; U; Windows NT 5.1; en-US; rv:1.8.1.3) Gecko/20070309 Firefox/2.0.0.3"
68.85.91.137 - - [22/May/2007:06:36:56 -0400] "GET /favicon.ico HTTP/1.1" 404 209 "-" "Mozilla/5.0 (Windows; U; Windows NT 5.1; en-US; rv:1.8.1.3) Gecko/20070309 Firefox/2.0.0.3"
68.85.91.137 - - [22/May/2007:06:37:02 -0400] "GET / HTTP/1.1" 200 367 "-" "Mozilla/5.0 (Windows; U; Windows NT 5.1; en-US; rv:1.8.1.3) Gecko/20070309 Firefox/2.0.0.3"
71.230.30.17 - - [22/May/2007:06:37:19 -0400] "GET /cgi-bin/lansaweb?procfun+wordpr01+webfunc+M37 HTTP/1.1" 200 38220 "http://www.acesurgical.com/home_flash.html" "Mozilla/4.0 (compatible; MSIE 7.0; Windows NT 5.1; .NET CLR 1.1.4322)"
71.230.30.17 - - [22/May/2007:06:37:21 -0400] "GET /images/nav_upper_bgrd.jpg HTTP/1.1" 200 2954 "http://www.aceonlinestore.com/cgi-bin/lansaweb?procfun+wordpr01+webfunc+M37" "Mozilla/4.0 (compatible; MSIE 7.0; Windows NT 5.1; .NET CLR 1.1.4322)"
71.230.30.17 - - [22/May/2007:06:37:21 -0400] "GET /images/ace_logo_top.jpg HTTP/1.1" 200 2702 "http://www.aceonlinestore.com/cgi-bin/lansaweb?procfun+wordpr01+webfunc+M37" "Mozilla/4.0 (compatible; MSIE 7.0; Windows NT 5.1; .NET CLR 1.1.4322)"
71.230.30.17 - - [22/May/2007:06:37:21 -0400] "GET /images/nav04_about_off.jpg HTTP/1.1" 200 1255 "http://www.aceonlinestore.com/cgi-bin/lansaweb?procfun+wordpr01+webfunc+M37" "Mozilla/4.0 (compatible; MSIE 7.0; Windows NT 5.1; .NET CLR 1.1.4322)"
71.230.30.17 - - [22/May/2007:06:37:21 -0400] "GET /images/nav04_shop_over.jpg HTTP/1.1" 200 1722 "http://www.aceonlinestore.com/cgi-bin/lansaweb?procfun+wordpr01+webfunc+M37" "Mozilla/4.0 (compatible; MSIE 7.0; Windows NT 5.1; .NET CLR 1.1.4322)"
71.230.30.17 - - [22/May/2007:06:37:21 -0400] "GET /images/nav04_conven_off.jpg HTTP/1.1" 200 1341 "http://www.aceonlinestore.com/cgi-bin/lansaweb?procfun+wordpr01+webfunc+M37" "Mozilla/4.0 (compatible; MSIE 7.0; Windows NT 5.1; .NET CLR 1.1.4322)"
71.230.30.17 - - [22/May/2007:06:37:21 -0400] "GET /images/nav04_download_off.jpg HTTP/1.1" 200 1206 "http://www.aceonlinestore.com/cgi-bin/lansaweb?procfun+wordpr01+webfunc+M37" "Mozilla/4.0 (compatible; MSIE 7.0; Windows NT 5.1; .NET CLR 1.1.4322)"
71.230.30.17 - - [22/May/2007:06:37:21 -0400] "GET /images/nav04_contact_off.jpg HTTP/1.1" 200 965 "http://www.aceonlinestore.com/cgi-bin/lansaweb?procfun+wordpr01+webfunc+M37" "Mozilla/4.0 (compatible; MSIE 7.0; Windows NT 5.1; .NET CLR 1.1.4322)"
71.230.30.17 - - [22/May/2007:06:37:21 -0400] "GET /images/nav_lower_bgrd.jpg HTTP/1.1" 200 2321 "http://www.aceonlinestore.com/cgi-bin/lansaweb?procfun+wordpr01+webfunc+M37" "Mozilla/4.0 (compatible; MSIE 7.0; Windows NT 5.1; .NET CLR 1.1.4322)"
71.230.30.17 - - [22/May/2007:06:37:21 -0400] "GET /images/ace_logo_bottom.jpg HTTP/1.1" 200 2447 "http://www.aceonlinestore.com/cgi-bin/lansaweb?procfun+wordpr01+webfunc+M37" "Mozilla/4.0 (compatible; MSIE 7.0; Windows NT 5.1; .NET CLR 1.1.4322)"
71.230.30.17 - - [22/May/2007:06:37:21 -0400] "GET /images/nav_store_head.jpg HTTP/1.1" 200 1953 "http://www.aceonlinestore.com/cgi-bin/lansaweb?procfun+wordpr01+webfunc+M37" "Mozilla/4.0 (compatible; MSIE 7.0; Windows NT 5.1; .NET CLR 1.1.4322)"
71.230.30.17 - - [22/May/2007:06:37:21 -0400] "GET /images/nav_store_index_off.jpg HTTP/1.1" 200 922 "http://www.aceonlinestore.com/cgi-bin/lansaweb?procfun+wordpr01+webfunc+M37" "Mozilla/4.0 (compatible; MSIE 7.0; Windows NT 5.1; .NET CLR 1.1.4322)"
71.230.30.17 - - [22/May/2007:06:37:21 -0400] "GET /images/spacer.gif HTTP/1.1" 200 55 "http://www.aceonlinestore.com/cgi-bin/lansaweb?procfun+wordpr01+webfunc+M37" "Mozilla/4.0 (compatible; MSIE 7.0; Windows NT 5.1; .NET CLR 1.1.4322)"
71.230.30.17 - - [22/May/2007:06:37:21 -0400] "GET /images/login.gif HTTP/1.1" 200 166 "http://www.aceonlinestore.com/cgi-bin/lansaweb?procfun+wordpr01+webfunc+M37" "Mozilla/4.0 (compatible; MSIE 7.0; Windows NT 5.1; .NET CLR 1.1.4322)"
71.230.30.17 - - [22/May/2007:06:37:21 -0400] "GET /images/login_go.gif HTTP/1.1" 200 296 "http://www.aceonlinestore.com/cgi-bin/lansaweb?procfun+wordpr01+webfunc+M37" "Mozilla/4.0 (compatible; MSIE 7.0; Windows NT 5.1; .NET CLR 1.1.4322)"
71.230.30.17 - - [22/May/2007:06:37:21 -0400] "GET /images/search.gif HTTP/1.1" 200 614 "http://www.aceonlinestore.com/cgi-bin/lansaweb?procfun+wordpr01+webfunc+M37" "Mozilla/4.0 (compatible; MSIE 7.0; Windows NT 5.1; .NET CLR 1.1.4322)"
71.230.30.17 - - [22/May/2007:06:37:21 -0400] "GET /images/psearch_go.gif HTTP/1.1" 200 296 "http://www.aceonlinestore.com/cgi-bin/lansaweb?procfun+wordpr01+webfunc+M37" "Mozilla/4.0 (compatible; MSIE 7.0; Windows NT 5.1; .NET CLR 1.1.4322)"
71.230.30.17 - - [22/May/2007:06:37:22 -0400] "GET /images/sale_promo-icon.gif HTTP/1.1" 200 402 "http://www.aceonlinestore.com/cgi-bin/lansaweb?procfun+wordpr01+webfunc+M37" "Mozilla/4.0 (compatible; MSIE 7.0; Windows NT 5.1; .NET CLR 1.1.4322)"
71.230.30.17 - - [22/May/2007:06:37:22 -0400] "GET /images/store_anesth_section.jpg HTTP/1.1" 200 10123 "http://www.aceonlinestore.com/cgi-bin/lansaweb?procfun+wordpr01+webfunc+M37" "Mozilla/4.0 (compatible; MSIE 7.0; Windows NT 5.1; .NET CLR 1.1.4322)"
71.230.30.17 - - [22/May/2007:06:37:22 -0400] "GET /images/store_bone_section2.jpg HTTP/1.1" 200 21458 "http://www.aceonlinestore.com/cgi-bin/lansaweb?procfun+wordpr01+webfunc+M37" "Mozilla/4.0 (compatible; MSIE 7.0; Windows NT 5.1; .NET CLR 1.1.4322)"
71.230.30.17 - - [22/May/2007:06:37:22 -0400] "GET /images/store_cardiac_section.jpg HTTP/1.1" 200 25730 "http://www.aceonlinestore.com/cgi-bin/lansaweb?procfun+wordpr01+webfunc+M37" "Mozilla/4.0 (compatible; MSIE 7.0; Windows NT 5.1; .NET CLR 1.1.4322)"
71.230.30.17 - - [22/May/2007:06:37:22 -0400] "GET /images/store_implant_section.jpg HTTP/1.1" 200 8001 "http://www.aceonlinestore.com/cgi-bin/lansaweb?procfun+wordpr01+webfunc+M37" "Mozilla/4.0 (compatible; MSIE 7.0; Windows NT 5.1; .NET CLR 1.1.4322)"
71.230.30.17 - - [22/May/2007:06:37:22 -0400] "GET /images/store_gauze_section.jpg HTTP/1.1" 200 24119 "http://www.aceonlinestore.com/cgi-bin/lansaweb?procfun+wordpr01+webfunc+M37" "Mozilla/4.0 (compatible; MSIE 7.0; Windows NT 5.1; .NET CLR 1.1.4322)"
71.230.30.17 - - [22/May/2007:06:37:22 -0400] "GET /images/store_handpc_section.jpg HTTP/1.1" 200 23958 "http://www.aceonlinestore.com/cgi-bin/lansaweb?procfun+wordpr01+webfunc+M37" "Mozilla/4.0 (compatible; MSIE 7.0; Windows NT 5.1; .NET CLR 1.1.4322)"
71.230.30.17 - - [22/May/2007:06:37:22 -0400] "GET /images/store_infection_section.jpg HTTP/1.1" 200 25264 "http://www.aceonlinestore.com/cgi-bin/lansaweb?procfun+wordpr01+webfunc+M37" "Mozilla/4.0 (compatible; MSIE 7.0; Windows NT 5.1; .NET CLR 1.1.4322)"
71.230.30.17 - - [22/May/2007:06:37:22 -0400] "GET /images/store_instr_section.jpg HTTP/1.1" 200 26432 "http://www.aceonlinestore.com/cgi-bin/lansaweb?procfun+wordpr01+webfunc+M37" "Mozilla/4.0 (compatible; MSIE 7.0; Windows NT 5.1; .NET CLR 1.1.4322)"
71.230.30.17 - - [22/May/2007:06:37:22 -0400] "GET /images/store_irrigate_section.gif HTTP/1.1" 200 10336 "http://www.aceonlinestore.com/cgi-bin/lansaweb?procfun+wordpr01+webfunc+M37" "Mozilla/4.0 (compatible; MSIE 7.0; Windows NT 5.1; .NET CLR 1.1.4322)"
71.230.30.17 - - [22/May/2007:06:37:22 -0400] "GET /images/store_iv_admin_section.jpg HTTP/1.1" 200 9115 "http://www.aceonlinestore.com/cgi-bin/lansaweb?procfun+wordpr01+webfunc+M37" "Mozilla/4.0 (compatible; MSIE 7.0; Windows NT 5.1; .NET CLR 1.1.4322)"
71.230.30.17 - - [22/May/2007:06:37:22 -0400] "GET /images/store_assess_section.jpg HTTP/1.1" 200 10059 "http://www.aceonlinestore.com/cgi-bin/lansaweb?procfun+wordpr01+webfunc+M37" "Mozilla/4.0 (compatible; MSIE 7.0; Windows NT 5.1; .NET CLR 1.1.4322)"
71.230.30.17 - - [22/May/2007:06:37:22 -0400] "GET /images/store_pharma_section.jpg HTTP/1.1" 200 7953 "http://www.aceonlinestore.com/cgi-bin/lansaweb?procfun+wordpr01+webfunc+M37" "Mozilla/4.0 (compatible; MSIE 7.0; Windows NT 5.1; .NET CLR 1.1.4322)"
71.230.30.17 - - [22/May/2007:06:37:23 -0400] "GET /images/store_sterile_section.jpg HTTP/1.1" 200 9274 "http://www.aceonlinestore.com/cgi-bin/lansaweb?procfun+wordpr01+webfunc+M37" "Mozilla/4.0 (compatible; MSIE 7.0; Windows NT 5.1; .NET CLR 1.1.4322)"
71.230.30.17 - - [22/May/2007:06:37:23 -0400] "GET /images/store_blades_section.jpg HTTP/1.1" 200 24174 "http://www.aceonlinestore.com/cgi-bin/lansaweb?procfun+wordpr01+webfunc+M37" "Mozilla/4.0 (compatible; MSIE 7.0; Windows NT 5.1; .NET CLR 1.1.4322)"
71.230.30.17 - - [22/May/2007:06:37:23 -0400] "GET /images/store_saws_section.jpg HTTP/1.1" 200 10028 "http://www.aceonlinestore.com/cgi-bin/lansaweb?procfun+wordpr01+webfunc+M37" "Mozilla/4.0 (compatible; MSIE 7.0; Windows NT 5.1; .NET CLR 1.1.4322)"
71.230.30.17 - - [22/May/2007:06:37:23 -0400] "GET /images/store_sutures_section.jpg HTTP/1.1" 200 28375 "http://www.aceonlinestore.com/cgi-bin/lansaweb?procfun+wordpr01+webfunc+M37" "Mozilla/4.0 (compatible; MSIE 7.0; Windows NT 5.1; .NET CLR 1.1.4322)"
71.230.30.17 - - [22/May/2007:06:37:24 -0400] "GET /images/store_syringe_section.jpg HTTP/1.1" 200 9321 "http://www.aceonlinestore.com/cgi-bin/lansaweb?procfun+wordpr01+webfunc+M37" "Mozilla/4.0 (compatible; MSIE 7.0; Windows NT 5.1; .NET CLR 1.1.4322)"
71.230.30.17 - - [22/May/2007:06:37:24 -0400] "GET /images/store_xray_section.jpg HTTP/1.1" 200 8861 "http://www.aceonlinestore.com/cgi-bin/lansaweb?procfun+wordpr01+webfunc+M37" "Mozilla/4.0 (compatible; MSIE 7.0; Windows NT 5.1; .NET CLR 1.1.4322)"
71.230.30.17 - - [22/May/2007:06:37:24 -0400] "GET /images/login_go-over.gif HTTP/1.1" 200 302 "http://www.aceonlinestore.com/cgi-bin/lansaweb?procfun+wordpr01+webfunc+M37" "Mozilla/4.0 (compatible; MSIE 7.0; Windows NT 5.1; .NET CLR 1.1.4322)"
71.230.30.17 - - [22/May/2007:06:37:25 -0400] "GET /images/store_burs_section.jpg HTTP/1.1" 200 10892 "http://www.aceonlinestore.com/cgi-bin/lansaweb?procfun+wordpr01+webfunc+M37" "Mozilla/4.0 (compatible; MSIE 7.0; Windows NT 5.1; .NET CLR 1.1.4322)"
71.230.30.17 - - [22/May/2007:06:37:28 -0400] "GET /favicon.ico HTTP/1.1" 404 209 "-" "Mozilla/4.0 (compatible; MSIE 7.0; Windows NT 5.1; .NET CLR 1.1.4322)"
71.230.30.17 - - [22/May/2007:06:37:28 -0400] "POST /CGI-BIN/LANSAWEB?WEBEVENT+L6D50800E2660E800CA5406A+M37+ENG HTTP/1.1" 200 29254 "http://www.aceonlinestore.com/cgi-bin/lansaweb?procfun+wordpr01+webfunc+M37" "Mozilla/4.0 (compatible; MSIE 7.0; Windows NT 5.1; .NET CLR 1.1.4322)"
71.230.30.17 - - [22/May/2007:06:37:30 -0400] "GET /images/nav_upper_bgrd.jpg HTTP/1.1" 200 2954 "https://www.aceonlinestore.com/CGI-BIN/LANSAWEB?WEBEVENT+L6D50800E2660E800CA5406A+M37+ENG" "Mozilla/4.0 (compatible; MSIE 7.0; Windows NT 5.1; .NET CLR 1.1.4322)"
71.230.30.17 - - [22/May/2007:06:37:30 -0400] "GET /images/ace_logo_top.jpg HTTP/1.1" 200 2702 "https://www.aceonlinestore.com/CGI-BIN/LANSAWEB?WEBEVENT+L6D50800E2660E800CA5406A+M37+ENG" "Mozilla/4.0 (compatible; MSIE 7.0; Windows NT 5.1; .NET CLR 1.1.4322)"
71.230.30.17 - - [22/May/2007:06:37:30 -0400] "GET /images/nav04_shop_off.jpg HTTP/1.1" 200 1390 "https://www.aceonlinestore.com/CGI-BIN/LANSAWEB?WEBEVENT+L6D50800E2660E800CA5406A+M37+ENG" "Mozilla/4.0 (compatible; MSIE 7.0; Windows NT 5.1; .NET CLR 1.1.4322)"
71.230.30.17 - - [22/May/2007:06:37:30 -0400] "GET /images/nav04_about_off.jpg HTTP/1.1" 200 1255 "https://www.aceonlinestore.com/CGI-BIN/LANSAWEB?WEBEVENT+L6D50800E2660E800CA5406A+M37+ENG" "Mozilla/4.0 (compatible; MSIE 7.0; Windows NT 5.1; .NET CLR 1.1.4322)"
71.230.30.17 - - [22/May/2007:06:37:30 -0400] "GET /images/nav04_download_off.jpg HTTP/1.1" 200 1206 "https://www.aceonlinestore.com/CGI-BIN/LANSAWEB?WEBEVENT+L6D50800E2660E800CA5406A+M37+ENG" "Mozilla/4.0 (compatible; MSIE 7.0; Windows NT 5.1; .NET CLR 1.1.4322)"
71.230.30.17 - - [22/May/2007:06:37:30 -0400] "GET /images/nav04_conven_off.jpg HTTP/1.1" 200 1341 "https://www.aceonlinestore.com/CGI-BIN/LANSAWEB?WEBEVENT+L6D50800E2660E800CA5406A+M37+ENG" "Mozilla/4.0 (compatible; MSIE 7.0; Windows NT 5.1; .NET CLR 1.1.4322)"
71.230.30.17 - - [22/May/2007:06:37:30 -0400] "GET /images/nav04_contact_off.jpg HTTP/1.1" 200 965 "https://www.aceonlinestore.com/CGI-BIN/LANSAWEB?WEBEVENT+L6D50800E2660E800CA5406A+M37+ENG" "Mozilla/4.0 (compatible; MSIE 7.0; Windows NT 5.1; .NET CLR 1.1.4322)"
71.230.30.17 - - [22/May/2007:06:37:30 -0400] "GET /images/nav_lower_bgrd.jpg HTTP/1.1" 200 2321 "https://www.aceonlinestore.com/CGI-BIN/LANSAWEB?WEBEVENT+L6D50800E2660E800CA5406A+M37+ENG" "Mozilla/4.0 (compatible; MSIE 7.0; Windows NT 5.1; .NET CLR 1.1.4322)"
71.230.30.17 - - [22/May/2007:06:37:30 -0400] "GET /images/nav_store_head.jpg HTTP/1.1" 200 1953 "https://www.aceonlinestore.com/CGI-BIN/LANSAWEB?WEBEVENT+L6D50800E2660E800CA5406A+M37+ENG" "Mozilla/4.0 (compatible; MSIE 7.0; Windows NT 5.1; .NET CLR 1.1.4322)"
71.230.30.17 - - [22/May/2007:06:37:30 -0400] "GET /images/ace_logo_bottom.jpg HTTP/1.1" 200 2447 "https://www.aceonlinestore.com/CGI-BIN/LANSAWEB?WEBEVENT+L6D50800E2660E800CA5406A+M37+ENG" "Mozilla/4.0 (compatible; MSIE 7.0; Windows NT 5.1; .NET CLR 1.1.4322)"
71.230.30.17 - - [22/May/2007:06:37:30 -0400] "GET /images/nav_store_index_off.jpg HTTP/1.1" 200 922 "https://www.aceonlinestore.com/CGI-BIN/LANSAWEB?WEBEVENT+L6D50800E2660E800CA5406A+M37+ENG" "Mozilla/4.0 (compatible; MSIE 7.0; Windows NT 5.1; .NET CLR 1.1.4322)"
71.230.30.17 - - [22/May/2007:06:37:30 -0400] "GET /images/login_go.gif HTTP/1.1" 200 296 "https://www.aceonlinestore.com/CGI-BIN/LANSAWEB?WEBEVENT+L6D50800E2660E800CA5406A+M37+ENG" "Mozilla/4.0 (compatible; MSIE 7.0; Windows NT 5.1; .NET CLR 1.1.4322)"
71.230.30.17 - - [22/May/2007:06:37:32 -0400] "GET /images/ace_logo_top_over.jpg HTTP/1.1" 200 2616 "https://www.aceonlinestore.com/CGI-BIN/LANSAWEB?WEBEVENT+L6D50800E2660E800CA5406A+M37+ENG" "Mozilla/4.0 (compatible; MSIE 7.0; Windows NT 5.1; .NET CLR 1.1.4322)"
71.230.30.17 - - [22/May/2007:06:37:32 -0400] "GET /images/spacer.gif HTTP/1.1" 200 55 "https://www.aceonlinestore.com/CGI-BIN/LANSAWEB?WEBEVENT+L6D50800E2660E800CA5406A+M37+ENG" "Mozilla/4.0 (compatible; MSIE 7.0; Windows NT 5.1; .NET CLR 1.1.4322)"
71.230.30.17 - - [22/May/2007:06:37:37 -0400] "GET /images/psearch_go-over.gif HTTP/1.1" 200 302 "http://www.aceonlinestore.com/cgi-bin/lansaweb?procfun+wordpr01+webfunc+M37" "Mozilla/4.0 (compatible; MSIE 7.0; Windows NT 5.1; .NET CLR 1.1.4322)"
71.230.30.17 - - [22/May/2007:06:37:37 -0400] "POST /CGI-BIN/LANSAWEB?WEBEVENT+L6D50800E2570D800C45406A+M37+ENG HTTP/1.1" 200 31655 "http://www.aceonlinestore.com/cgi-bin/lansaweb?procfun+wordpr01+webfunc+M37" "Mozilla/4.0 (compatible; MSIE 7.0; Windows NT 5.1; .NET CLR 1.1.4322)"
71.230.30.17 - - [22/May/2007:06:37:38 -0400] "GET /images/nav04_shop_off.jpg HTTP/1.1" 200 1390 "http://www.aceonlinestore.com/CGI-BIN/LANSAWEB?WEBEVENT+L6D50800E2570D800C45406A+M37+ENG" "Mozilla/4.0 (compatible; MSIE 7.0; Windows NT 5.1; .NET CLR 1.1.4322)"
71.230.30.17 - - [22/May/2007:06:37:40 -0400] "GET /images/ace_logo_top_over.jpg HTTP/1.1" 200 2616 "http://www.aceonlinestore.com/CGI-BIN/LANSAWEB?WEBEVENT+L6D50800E2570D800C45406A+M37+ENG" "Mozilla/4.0 (compatible; MSIE 7.0; Windows NT 5.1; .NET CLR 1.1.4322)"
71.230.30.17 - - [22/May/2007:06:37:42 -0400] "GET /images/over-store_instr_section.jpg HTTP/1.1" 200 9238 "http://www.aceonlinestore.com/cgi-bin/lansaweb?procfun+wordpr01+webfunc+M37" "Mozilla/4.0 (compatible; MSIE 7.0; Windows NT 5.1; .NET CLR 1.1.4322)"
71.230.30.17 - - [22/May/2007:06:37:42 -0400] "GET /images/over-store_sterile_section.jpg HTTP/1.1" 200 8414 "http://www.aceonlinestore.com/cgi-bin/lansaweb?procfun+wordpr01+webfunc+M37" "Mozilla/4.0 (compatible; MSIE 7.0; Windows NT 5.1; .NET CLR 1.1.4322)"
71.230.30.17 - - [22/May/2007:06:37:43 -0400] "GET /images/over-store_syringe_section.jpg HTTP/1.1" 200 8326 "http://www.aceonlinestore.com/cgi-bin/lansaweb?procfun+wordpr01+webfunc+M37" "Mozilla/4.0 (compatible; MSIE 7.0; Windows NT 5.1; .NET CLR 1.1.4322)"
71.230.30.17 - - [22/May/2007:06:37:44 -0400] "GET /images/over-store_xray_section.jpg HTTP/1.1" 200 7946 "http://www.aceonlinestore.com/cgi-bin/lansaweb?procfun+wordpr01+webfunc+M37" "Mozilla/4.0 (compatible; MSIE 7.0; Windows NT 5.1; .NET CLR 1.1.4322)"
71.230.30.17 - - [22/May/2007:06:37:45 -0400] "GET /images/over-store_sutures_section.jpg HTTP/1.1" 200 9504 "http://www.aceonlinestore.com/cgi-bin/lansaweb?procfun+wordpr01+webfunc+M37" "Mozilla/4.0 (compatible; MSIE 7.0; Windows NT 5.1; .NET CLR 1.1.4322)"
71.230.30.17 - - [22/May/2007:06:37:45 -0400] "GET /images/over-store_saws_section.jpg HTTP/1.1" 200 9138 "http://www.aceonlinestore.com/cgi-bin/lansaweb?procfun+wordpr01+webfunc+M37" "Mozilla/4.0 (compatible; MSIE 7.0; Windows NT 5.1; .NET CLR 1.1.4322)"
71.230.30.17 - - [22/May/2007:06:37:45 -0400] "GET /images/over-store_sutures_section.jpg HTTP/1.1" 200 9504 "http://www.aceonlinestore.com/cgi-bin/lansaweb?procfun+wordpr01+webfunc+M37" "Mozilla/4.0 (compatible; MSIE 7.0; Windows NT 5.1; .NET CLR 1.1.4322)"
71.230.30.17 - - [22/May/2007:06:37:46 -0400] "GET /images/over-store_pharma_section.jpg HTTP/1.1" 200 7409 "http://www.aceonlinestore.com/cgi-bin/lansaweb?procfun+wordpr01+webfunc+M37" "Mozilla/4.0 (compatible; MSIE 7.0; Windows NT 5.1; .NET CLR 1.1.4322)"
71.230.30.17 - - [22/May/2007:06:37:46 -0400] "GET /images/over-store_infection_section.jpg HTTP/1.1" 200 8680 "http://www.aceonlinestore.com/cgi-bin/lansaweb?procfun+wordpr01+webfunc+M37" "Mozilla/4.0 (compatible; MSIE 7.0; Windows NT 5.1; .NET CLR 1.1.4322)"
71.230.30.17 - - [22/May/2007:06:37:46 -0400] "GET /images/over-store_handpc_section.jpg HTTP/1.1" 200 8331 "http://www.aceonlinestore.com/cgi-bin/lansaweb?procfun+wordpr01+webfunc+M37" "Mozilla/4.0 (compatible; MSIE 7.0; Windows NT 5.1; .NET CLR 1.1.4322)"
71.230.30.17 - - [22/May/2007:06:37:48 -0400] "GET /images/over-store_anesth_section.jpg HTTP/1.1" 200 9173 "http://www.aceonlinestore.com/cgi-bin/lansaweb?procfun+wordpr01+webfunc+M37" "Mozilla/4.0 (compatible; MSIE 7.0; Windows NT 5.1; .NET CLR 1.1.4322)"
71.230.30.17 - - [22/May/2007:06:37:48 -0400] "GET /images/over-store_bone_section2.jpg HTTP/1.1" 200 7626 "http://www.aceonlinestore.com/cgi-bin/lansaweb?procfun+wordpr01+webfunc+M37" "Mozilla/4.0 (compatible; MSIE 7.0; Windows NT 5.1; .NET CLR 1.1.4322)"
71.230.30.17 - - [22/May/2007:06:37:48 -0400] "GET /images/over-store_cardiac_section.jpg HTTP/1.1" 200 8882 "http://www.aceonlinestore.com/cgi-bin/lansaweb?procfun+wordpr01+webfunc+M37" "Mozilla/4.0 (compatible; MSIE 7.0; Windows NT 5.1; .NET CLR 1.1.4322)"
71.230.30.17 - - [22/May/2007:06:37:49 -0400] "GET /images/over-store_implant_section.jpg HTTP/1.1" 200 7534 "http://www.aceonlinestore.com/cgi-bin/lansaweb?procfun+wordpr01+webfunc+M37" "Mozilla/4.0 (compatible; MSIE 7.0; Windows NT 5.1; .NET CLR 1.1.4322)"
71.230.30.17 - - [22/May/2007:06:37:49 -0400] "GET /images/over-store_gauze_section.jpg HTTP/1.1" 200 8076 "http://www.aceonlinestore.com/cgi-bin/lansaweb?procfun+wordpr01+webfunc+M37" "Mozilla/4.0 (compatible; MSIE 7.0; Windows NT 5.1; .NET CLR 1.1.4322)"
71.230.30.17 - - [22/May/2007:06:37:50 -0400] "POST /CGI-BIN/LANSAWEB?WEBEVENT+L6D50800E2460D800C55406A+M37+ENG HTTP/1.1" 200 34976 "http://www.aceonlinestore.com/cgi-bin/lansaweb?procfun+wordpr01+webfunc+M37" "Mozilla/4.0 (compatible; MSIE 7.0; Windows NT 5.1; .NET CLR 1.1.4322)"
71.230.30.17 - - [22/May/2007:06:37:50 -0400] "GET /images/index8_cotgzst.jpg HTTP/1.1" 200 2002 "http://www.aceonlinestore.com/CGI-BIN/LANSAWEB?WEBEVENT+L6D50800E2460D800C55406A+M37+ENG" "Mozilla/4.0 (compatible; MSIE 7.0; Windows NT 5.1; .NET CLR 1.1.4322)"
71.230.30.17 - - [22/May/2007:06:37:50 -0400] "GET /images/index8_pckingtp.jpg HTTP/1.1" 200 4330 "http://www.aceonlinestore.com/CGI-BIN/LANSAWEB?WEBEVENT+L6D50800E2460D800C55406A+M37+ENG" "Mozilla/4.0 (compatible; MSIE 7.0; Windows NT 5.1; .NET CLR 1.1.4322)"
71.230.30.17 - - [22/May/2007:06:37:51 -0400] "GET /images/index8_ace_nstergz.jpg HTTP/1.1" 200 2762 "http://www.aceonlinestore.com/CGI-BIN/LANSAWEB?WEBEVENT+L6D50800E2460D800C55406A+M37+ENG" "Mozilla/4.0 (compatible; MSIE 7.0; Windows NT 5.1; .NET CLR 1.1.4322)"
71.230.30.17 - - [22/May/2007:06:37:51 -0400] "GET /images/index8_ace_stergz.jpg HTTP/1.1" 200 2762 "http://www.aceonlinestore.com/CGI-BIN/LANSAWEB?WEBEVENT+L6D50800E2460D800C55406A+M37+ENG" "Mozilla/4.0 (compatible; MSIE 7.0; Windows NT 5.1; .NET CLR 1.1.4322)"
71.230.30.17 - - [22/May/2007:06:37:51 -0400] "GET /images/index8_3mtap.jpg HTTP/1.1" 200 3790 "http://www.aceonlinestore.com/CGI-BIN/LANSAWEB?WEBEVENT+L6D50800E2460D800C55406A+M37+ENG" "Mozilla/4.0 (compatible; MSIE 7.0; Windows NT 5.1; .NET CLR 1.1.4322)"
71.230.30.17 - - [22/May/2007:06:37:51 -0400] "GET /images/over-index8_ace_stergz.jpg HTTP/1.1" 200 2762 "http://www.aceonlinestore.com/CGI-BIN/LANSAWEB?WEBEVENT+L6D50800E2460D800C55406A+M37+ENG" "Mozilla/4.0 (compatible; MSIE 7.0; Windows NT 5.1; .NET CLR 1.1.4322)"
71.230.30.17 - - [22/May/2007:06:37:55 -0400] "GET /images/over-index8_cotgzst.jpg HTTP/1.1" 200 1449 "http://www.aceonlinestore.com/CGI-BIN/LANSAWEB?WEBEVENT+L6D50800E2460D800C55406A+M37+ENG" "Mozilla/4.0 (compatible; MSIE 7.0; Windows NT 5.1; .NET CLR 1.1.4322)"
68.85.91.137 - - [22/May/2007:06:37:56 -0400] "GET /CGI-BIN HTTP/1.1" 404 205 "-" "Mozilla/5.0 (Windows; U; Windows NT 5.1; en-US; rv:1.8.1.3) Gecko/20070309 Firefox/2.0.0.3"
71.230.30.17 - - [22/May/2007:06:37:59 -0400] "GET /images/over-store_instr_section.jpg HTTP/1.1" 200 9238 "http://www.aceonlinestore.com/cgi-bin/lansaweb?procfun+wordpr01+webfunc+M37" "Mozilla/4.0 (compatible; MSIE 7.0; Windows NT 5.1; .NET CLR 1.1.4322)"
71.230.30.17 - - [22/May/2007:06:37:59 -0400] "GET /images/over-store_irrigate_section.gif HTTP/1.1" 200 7421 "http://www.aceonlinestore.com/cgi-bin/lansaweb?procfun+wordpr01+webfunc+M37" "Mozilla/4.0 (compatible; MSIE 7.0; Windows NT 5.1; .NET CLR 1.1.4322)"
71.230.30.17 - - [22/May/2007:06:37:59 -0400] "GET /images/over-store_blades_section.jpg HTTP/1.1" 200 8357 "http://www.aceonlinestore.com/cgi-bin/lansaweb?procfun+wordpr01+webfunc+M37" "Mozilla/4.0 (compatible; MSIE 7.0; Windows NT 5.1; .NET CLR 1.1.4322)"
71.230.30.17 - - [22/May/2007:06:38:00 -0400] "GET /images/over-store_burs_section.jpg HTTP/1.1" 200 9926 "http://www.aceonlinestore.com/cgi-bin/lansaweb?procfun+wordpr01+webfunc+M37" "Mozilla/4.0 (compatible; MSIE 7.0; Windows NT 5.1; .NET CLR 1.1.4322)"
68.85.91.137 - - [22/May/2007:06:38:01 -0400] "GET /Includes/ HTTP/1.1" 200 220 "http://www.aceonlinestore.com/" "Mozilla/5.0 (Windows; U; Windows NT 5.1; en-US; rv:1.8.1.3) Gecko/20070309 Firefox/2.0.0.3"
68.85.91.137 - - [22/May/2007:06:38:02 -0400] "GET / HTTP/1.1" 200 367 "http://www.aceonlinestore.com/Includes/" "Mozilla/5.0 (Windows; U; Windows NT 5.1; en-US; rv:1.8.1.3) Gecko/20070309 Firefox/2.0.0.3"
66.249.70.202 - - [22/May/2007:06:34:59 -0400] "GET /images/ACE_SitePrepOsteotomes.pdf HTTP/1.1" 200 5037385 "-" "Mozilla/5.0 (compatible; Googlebot/2.1; +http://www.google.com/bot.html)"
71.230.30.17 - - [22/May/2007:06:38:04 -0400] "GET /images/over-store_assess_section.jpg HTTP/1.1" 200 9043 "http://www.aceonlinestore.com/cgi-bin/lansaweb?procfun+wordpr01+webfunc+M37" "Mozilla/4.0 (compatible; MSIE 7.0; Windows NT 5.1; .NET CLR 1.1.4322)"
68.85.91.137 - - [22/May/2007:06:38:03 -0400] "GET /images/ HTTP/1.1" 200 47384 "http://www.aceonlinestore.com/" "Mozilla/5.0 (Windows; U; Windows NT 5.1; en-US; rv:1.8.1.3) Gecko/20070309 Firefox/2.0.0.3"
68.85.91.137 - - [22/May/2007:06:38:19 -0400] "GET /images/ACE_tutor_1Stage_Ridge.pdf HTTP/1.1" 200 1610345 "http://www.aceonlinestore.com/images/" "Mozilla/5.0 (Windows; U; Windows NT 5.1; en-US; rv:1.8.1.3) Gecko/20070309 Firefox/2.0.0.3"
68.85.91.137 - - [22/May/2007:06:38:22 -0400] "GET /images/ACE_tutor_1Stage_Ridge.pdf HTTP/1.1" 206 1577898 "-" "Mozilla/5.0 (Windows; U; Windows NT 5.1; en-US; rv:1.8.1.3) Gecko/20070309 Firefox/2.0.0.3"
68.85.91.137 - - [22/May/2007:06:39:11 -0400] "GET /index.htm HTTP/1.1" 200 870 "http://www.aceonlinestore.com/" "Mozilla/5.0 (Windows; U; Windows NT 5.1; en-US; rv:1.8.1.3) Gecko/20070309 Firefox/2.0.0.3"
68.85.91.137 - - [22/May/2007:06:39:11 -0400] "GET /CGI-BIN/LANSAWEB?PROCFUN+WORDPR01+WEBFUNC+M37+FUNCPARMS+STD_DESC(A0300):85285_________________________ HTTP/1.1" 200 38220 "http://www.aceonlinestore.com/index.htm" "Mozilla/5.0 (Windows; U; Windows NT 5.1; en-US; rv:1.8.1.3) Gecko/20070309 Firefox/2.0.0.3"
68.85.91.137 - - [22/May/2007:06:39:12 -0400] "GET /images/login_go.gif HTTP/1.1" 200 296 "http://www.aceonlinestore.com/CGI-BIN/LANSAWEB?PROCFUN+WORDPR01+WEBFUNC+M37+FUNCPARMS+STD_DESC(A0300):85285_________________________" "Mozilla/5.0 (Windows; U; Windows NT 5.1; en-US; rv:1.8.1.3) Gecko/20070309 Firefox/2.0.0.3"
68.85.91.137 - - [22/May/2007:06:39:12 -0400] "GET /images/ace_logo_top.jpg HTTP/1.1" 200 2702 "http://www.aceonlinestore.com/CGI-BIN/LANSAWEB?PROCFUN+WORDPR01+WEBFUNC+M37+FUNCPARMS+STD_DESC(A0300):85285_________________________" "Mozilla/5.0 (Windows; U; Windows NT 5.1; en-US; rv:1.8.1.3) Gecko/20070309 Firefox/2.0.0.3"
68.85.91.137 - - [22/May/2007:06:39:12 -0400] "GET /images/nav04_about_off.jpg HTTP/1.1" 200 1255 "http://www.aceonlinestore.com/CGI-BIN/LANSAWEB?PROCFUN+WORDPR01+WEBFUNC+M37+FUNCPARMS+STD_DESC(A0300):85285_________________________" "Mozilla/5.0 (Windows; U; Windows NT 5.1; en-US; rv:1.8.1.3) Gecko/20070309 Firefox/2.0.0.3"
68.85.91.137 - - [22/May/2007:06:39:12 -0400] "GET /images/nav04_shop_over.jpg HTTP/1.1" 200 1722 "http://www.aceonlinestore.com/CGI-BIN/LANSAWEB?PROCFUN+WORDPR01+WEBFUNC+M37+FUNCPARMS+STD_DESC(A0300):85285_________________________" "Mozilla/5.0 (Windows; U; Windows NT 5.1; en-US; rv:1.8.1.3) Gecko/20070309 Firefox/2.0.0.3"
68.85.91.137 - - [22/May/2007:06:39:12 -0400] "GET /images/nav04_conven_off.jpg HTTP/1.1" 200 1341 "http://www.aceonlinestore.com/CGI-BIN/LANSAWEB?PROCFUN+WORDPR01+WEBFUNC+M37+FUNCPARMS+STD_DESC(A0300):85285_________________________" "Mozilla/5.0 (Windows; U; Windows NT 5.1; en-US; rv:1.8.1.3) Gecko/20070309 Firefox/2.0.0.3"
68.85.91.137 - - [22/May/2007:06:39:12 -0400] "GET /images/login.gif HTTP/1.1" 200 166 "http://www.aceonlinestore.com/CGI-BIN/LANSAWEB?PROCFUN+WORDPR01+WEBFUNC+M37+FUNCPARMS+STD_DESC(A0300):85285_________________________" "Mozilla/5.0 (Windows; U; Windows NT 5.1; en-US; rv:1.8.1.3) Gecko/20070309 Firefox/2.0.0.3"
68.85.91.137 - - [22/May/2007:06:39:12 -0400] "GET /images/nav04_download_off.jpg HTTP/1.1" 200 1206 "http://www.aceonlinestore.com/CGI-BIN/LANSAWEB?PROCFUN+WORDPR01+WEBFUNC+M37+FUNCPARMS+STD_DESC(A0300):85285_________________________" "Mozilla/5.0 (Windows; U; Windows NT 5.1; en-US; rv:1.8.1.3) Gecko/20070309 Firefox/2.0.0.3"
68.85.91.137 - - [22/May/2007:06:39:12 -0400] "GET /images/spacer.gif HTTP/1.1" 200 55 "http://www.aceonlinestore.com/CGI-BIN/LANSAWEB?PROCFUN+WORDPR01+WEBFUNC+M37+FUNCPARMS+STD_DESC(A0300):85285_________________________" "Mozilla/5.0 (Windows; U; Windows NT 5.1; en-US; rv:1.8.1.3) Gecko/20070309 Firefox/2.0.0.3"
68.85.91.137 - - [22/May/2007:06:39:12 -0400] "GET /images/ace_logo_bottom.jpg HTTP/1.1" 200 2447 "http://www.aceonlinestore.com/CGI-BIN/LANSAWEB?PROCFUN+WORDPR01+WEBFUNC+M37+FUNCPARMS+STD_DESC(A0300):85285_________________________" "Mozilla/5.0 (Windows; U; Windows NT 5.1; en-US; rv:1.8.1.3) Gecko/20070309 Firefox/2.0.0.3"
68.85.91.137 - - [22/May/2007:06:39:12 -0400] "GET /images/nav_store_index_off.jpg HTTP/1.1" 200 922 "http://www.aceonlinestore.com/CGI-BIN/LANSAWEB?PROCFUN+WORDPR01+WEBFUNC+M37+FUNCPARMS+STD_DESC(A0300):85285_________________________" "Mozilla/5.0 (Windows; U; Windows NT 5.1; en-US; rv:1.8.1.3) Gecko/20070309 Firefox/2.0.0.3"
68.85.91.137 - - [22/May/2007:06:39:12 -0400] "GET /images/nav04_contact_off.jpg HTTP/1.1" 200 965 "http://www.aceonlinestore.com/CGI-BIN/LANSAWEB?PROCFUN+WORDPR01+WEBFUNC+M37+FUNCPARMS+STD_DESC(A0300):85285_________________________" "Mozilla/5.0 (Windows; U; Windows NT 5.1; en-US; rv:1.8.1.3) Gecko/20070309 Firefox/2.0.0.3"
68.85.91.137 - - [22/May/2007:06:39:12 -0400] "GET /images/sale_promo-icon.gif HTTP/1.1" 200 402 "http://www.aceonlinestore.com/CGI-BIN/LANSAWEB?PROCFUN+WORDPR01+WEBFUNC+M37+FUNCPARMS+STD_DESC(A0300):85285_________________________" "Mozilla/5.0 (Windows; U; Windows NT 5.1; en-US; rv:1.8.1.3) Gecko/20070309 Firefox/2.0.0.3"
68.85.91.137 - - [22/May/2007:06:39:12 -0400] "GET /images/nav_upper_bgrd.jpg HTTP/1.1" 200 2954 "http://www.aceonlinestore.com/CGI-BIN/LANSAWEB?PROCFUN+WORDPR01+WEBFUNC+M37+FUNCPARMS+STD_DESC(A0300):85285_________________________" "Mozilla/5.0 (Windows; U; Windows NT 5.1; en-US; rv:1.8.1.3) Gecko/20070309 Firefox/2.0.0.3"
68.85.91.137 - - [22/May/2007:06:39:12 -0400] "GET /images/nav_store_head.jpg HTTP/1.1" 200 1953 "http://www.aceonlinestore.com/CGI-BIN/LANSAWEB?PROCFUN+WORDPR01+WEBFUNC+M37+FUNCPARMS+STD_DESC(A0300):85285_________________________" "Mozilla/5.0 (Windows; U; Windows NT 5.1; en-US; rv:1.8.1.3) Gecko/20070309 Firefox/2.0.0.3"
68.85.91.137 - - [22/May/2007:06:39:12 -0400] "GET /images/nav_lower_bgrd.jpg HTTP/1.1" 200 2321 "http://www.aceonlinestore.com/CGI-BIN/LANSAWEB?PROCFUN+WORDPR01+WEBFUNC+M37+FUNCPARMS+STD_DESC(A0300):85285_________________________" "Mozilla/5.0 (Windows; U; Windows NT 5.1; en-US; rv:1.8.1.3) Gecko/20070309 Firefox/2.0.0.3"
68.85.91.137 - - [22/May/2007:06:39:12 -0400] "GET /images/psearch_go.gif HTTP/1.1" 200 296 "http://www.aceonlinestore.com/CGI-BIN/LANSAWEB?PROCFUN+WORDPR01+WEBFUNC+M37+FUNCPARMS+STD_DESC(A0300):85285_________________________" "Mozilla/5.0 (Windows; U; Windows NT 5.1; en-US; rv:1.8.1.3) Gecko/20070309 Firefox/2.0.0.3"
68.85.91.137 - - [22/May/2007:06:39:12 -0400] "GET /images/search.gif HTTP/1.1" 200 614 "http://www.aceonlinestore.com/CGI-BIN/LANSAWEB?PROCFUN+WORDPR01+WEBFUNC+M37+FUNCPARMS+STD_DESC(A0300):85285_________________________" "Mozilla/5.0 (Windows; U; Windows NT 5.1; en-US; rv:1.8.1.3) Gecko/20070309 Firefox/2.0.0.3"
68.85.91.137 - - [22/May/2007:06:39:13 -0400] "GET /images/store_anesth_section.jpg HTTP/1.1" 200 10123 "http://www.aceonlinestore.com/CGI-BIN/LANSAWEB?PROCFUN+WORDPR01+WEBFUNC+M37+FUNCPARMS+STD_DESC(A0300):85285_________________________" "Mozilla/5.0 (Windows; U; Windows NT 5.1; en-US; rv:1.8.1.3) Gecko/20070309 Firefox/2.0.0.3"
68.85.91.137 - - [22/May/2007:06:39:13 -0400] "GET /images/store_bone_section2.jpg HTTP/1.1" 200 21458 "http://www.aceonlinestore.com/CGI-BIN/LANSAWEB?PROCFUN+WORDPR01+WEBFUNC+M37+FUNCPARMS+STD_DESC(A0300):85285_________________________" "Mozilla/5.0 (Windows; U; Windows NT 5.1; en-US; rv:1.8.1.3) Gecko/20070309 Firefox/2.0.0.3"
