68.239.194.198 - - [24/May/2007:11:11:16 -0400] "GET /cgi-bin/lansaweb?procfun+wordpr01+webfunc+M37 HTTP/1.1" 500 553 "http://www.acesurgical.com/home_May07.html" "Mozilla/4.0 (compatible; MSIE 7.0; Windows NT 5.1; FunWebProducts; .NET CLR 1.1.4322)"
209.59.12.99 - - [24/May/2007:11:12:57 -0400] "GET / HTTP/1.0" 200 367 "-" "check_http/1.81 (nagios-plugins 1.4)"
155.212.232.66 - - [24/May/2007:11:13:56 -0400] "GET /cgi-bin/lansaweb?procfun+wordpr01+webfunc+M37 HTTP/1.1" 500 553 "http://www.acesurgical.com/home_May07.html" "Mozilla/4.0 (compatible; MSIE 6.0; Windows NT 5.1; SV1)"
209.59.12.99 - - [24/May/2007:11:17:57 -0400] "GET / HTTP/1.0" 200 367 "-" "check_http/1.81 (nagios-plugins 1.4)"
207.13.75.126 - - [24/May/2007:11:18:50 -0400] "GET /cgi-bin/lansaweb?procfun+wordpr01+webfunc+M37 HTTP/1.1" 500 553 "http://www.acesurgical.com/home_May07.html" "Mozilla/4.0 (compatible; MSIE 6.0; Windows NT 5.1; SV1)"
207.13.75.126 - - [24/May/2007:11:18:56 -0400] "GET / HTTP/1.1" 200 367 "-" "Mozilla/4.0 (compatible; MSIE 6.0; Windows NT 5.1; SV1)"
207.13.75.126 - - [24/May/2007:11:18:59 -0400] "GET /cgi-bin/lansaweb?procfun+wordpr01+webfunc+M37 HTTP/1.1" 500 553 "http://www.acesurgical.com/home_May07.html" "Mozilla/4.0 (compatible; MSIE 6.0; Windows NT 5.1; SV1)"
209.59.12.99 - - [24/May/2007:11:22:58 -0400] "GET / HTTP/1.0" 200 367 "-" "check_http/1.81 (nagios-plugins 1.4)"
155.212.232.66 - - [24/May/2007:11:27:41 -0400] "GET /cgi-bin/lansaweb?procfun+wordpr01+webfunc+M37 HTTP/1.1" 500 553 "http://www.acesurgical.com/home_May07.html" "Mozilla/4.0 (compatible; MSIE 6.0; Windows NT 5.1; SV1; .NET CLR 1.1.4322)"
209.59.12.99 - - [24/May/2007:11:27:58 -0400] "GET / HTTP/1.0" 200 367 "-" "check_http/1.81 (nagios-plugins 1.4)"
200.73.77.92 - - [24/May/2007:11:28:44 -0400] "GET /cgi-bin/lansaweb?procfun+wordpr01+webfunc+M37 HTTP/1.1" 500 553 "http://www.acesurgical.com/home_May07.html" "Mozilla/5.0 (Macintosh; U; PPC Mac OS X; es) AppleWebKit/419 (KHTML, like Gecko) Safari/419.3"
200.73.77.92 - - [24/May/2007:11:28:45 -0400] "GET /favicon.ico HTTP/1.1" 404 209 "-" "Mozilla/5.0 (Macintosh; U; PPC Mac OS X; es) AppleWebKit/419 (KHTML, like Gecko) Safari/419.3"
205.188.117.9 - - [24/May/2007:11:32:00 -0400] "GET /cgi-bin/lansaweb?procfun+wordpr01+webfunc+M37 HTTP/1.1" 500 553 "http://acesurgical.com/home_May07.html" "Mozilla/4.0 (compatible; MSIE 7.0; AOL 9.0; Windows NT 5.1; FunWebProducts; .NET CLR 1.1.4322)"
76.197.188.175 - - [24/May/2007:11:32:40 -0400] "GET /cgi-bin/lansaweb?procfun+wordpr01+webfunc+M37 HTTP/1.1" 500 553 "http://acesurgical.com/home_May07.html" "Mozilla/5.0 (Windows; U; Windows NT 5.1; en-US; rv:1.8.0.11) Gecko/20070312 Firefox/1.5.0.11"
209.59.12.99 - - [24/May/2007:11:33:00 -0400] "GET / HTTP/1.0" 200 367 "-" "check_http/1.81 (nagios-plugins 1.4)"
71.126.61.220 - - [24/May/2007:11:36:07 -0400] "GET /cgi-bin/lansaweb?procfun+wordpr01+webfunc+M37 HTTP/1.1" 500 553 "-" "Mozilla/4.0 (compatible; MSIE 7.0; Windows NT 5.1; .NET CLR 1.1.4322)"
71.126.61.220 - - [24/May/2007:11:36:30 -0400] "GET /cgi-bin/lansaweb?procfun+wordpr01+webfunc+M37 HTTP/1.1" 500 553 "-" "Mozilla/4.0 (compatible; MSIE 7.0; Windows NT 5.1; .NET CLR 1.1.4322)"
71.126.61.220 - - [24/May/2007:11:36:35 -0400] "GET /cgi-bin/lansaweb?procfun+wordpr01+webfunc+m37+funcparms+WEBKEY(A0100):PROMOS HTTP/1.1" 500 553 "-" "Mozilla/4.0 (compatible; MSIE 7.0; Windows NT 5.1; .NET CLR 1.1.4322)"
209.59.12.99 - - [24/May/2007:11:38:00 -0400] "GET / HTTP/1.0" 200 367 "-" "check_http/1.81 (nagios-plugins 1.4)"
209.59.12.99 - - [24/May/2007:11:42:59 -0400] "GET / HTTP/1.0" 200 367 "-" "check_http/1.81 (nagios-plugins 1.4)"
209.59.12.99 - - [24/May/2007:11:47:59 -0400] "GET / HTTP/1.0" 200 367 "-" "check_http/1.81 (nagios-plugins 1.4)"
65.175.132.130 - - [24/May/2007:11:52:35 -0400] "GET /cgi-bin/lansaweb?procfun+wordpr01+webfunc+M37 HTTP/1.1" 500 553 "http://www.acesurgical.com/home_May07.html" "Mozilla/4.0 (compatible; MSIE 6.0; Windows NT 5.1; SV1; .NET CLR 2.0.50727)"
209.59.12.99 - - [24/May/2007:11:52:59 -0400] "GET / HTTP/1.0" 200 367 "-" "check_http/1.81 (nagios-plugins 1.4)"
74.141.64.131 - - [24/May/2007:11:53:30 -0400] "GET /cgi-bin/lansaweb?procfun+wordpr01+webfunc+M37 HTTP/1.1" 500 553 "http://www.acesurgical.com/home_May07.html" "Mozilla/4.0 (compatible; MSIE 7.0; Windows NT 5.1; .NET CLR 1.1.4322; .NET CLR 2.0.50727)"
74.141.64.131 - - [24/May/2007:11:53:42 -0400] "GET /cgi-bin/lansaweb?procfun+wordpr01+webfunc+M37 HTTP/1.1" 500 553 "http://www.acesurgical.com/home_May07.html" "Mozilla/4.0 (compatible; MSIE 7.0; Windows NT 5.1; .NET CLR 1.1.4322; .NET CLR 2.0.50727)"
66.249.67.82 - - [24/May/2007:11:50:50 -0400] "GET /images/ACE_SitePrepOsteotomes.pdf HTTP/1.1" 200 5037385 "-" "Mozilla/5.0 (compatible; Googlebot/2.1; +http://www.google.com/bot.html)"
74.141.64.131 - - [24/May/2007:11:53:55 -0400] "GET /cgi-bin/lansaweb?procfun+wordpr01+webfunc+M37 HTTP/1.1" 500 553 "http://www.acesurgical.com/home_May07.html" "Mozilla/4.0 (compatible; MSIE 7.0; Windows NT 5.1; .NET CLR 1.1.4322; .NET CLR 2.0.50727)"
74.141.64.131 - - [24/May/2007:11:53:57 -0400] "GET / HTTP/1.1" 200 367 "-" "Mozilla/4.0 (compatible; MSIE 7.0; Windows NT 5.1; .NET CLR 1.1.4322; .NET CLR 2.0.50727)"
74.141.64.131 - - [24/May/2007:11:54:02 -0400] "GET /cgi-bin/lansaweb?procfun+wordpr01+webfunc+M37 HTTP/1.1" 500 553 "http://www.acesurgical.com/home_May07.html" "Mozilla/4.0 (compatible; MSIE 7.0; Windows NT 5.1; .NET CLR 1.1.4322; .NET CLR 2.0.50727)"
74.141.64.131 - - [24/May/2007:11:54:15 -0400] "GET /cgi-bin/lansaweb?procfun+wordpr01+webfunc+M37 HTTP/1.1" 500 553 "http://www.acesurgical.com/home_May07.html" "Mozilla/4.0 (compatible; MSIE 7.0; Windows NT 5.1; .NET CLR 1.1.4322; .NET CLR 2.0.50727)"
74.141.64.131 - - [24/May/2007:11:54:31 -0400] "GET /cgi-bin/lansaweb?procfun+wordpr01+webfunc+M37 HTTP/1.1" 500 553 "http://www.acesurgical.com/about.html" "Mozilla/4.0 (compatible; MSIE 7.0; Windows NT 5.1; .NET CLR 1.1.4322; .NET CLR 2.0.50727)"
74.141.64.131 - - [24/May/2007:11:54:51 -0400] "GET /cgi-bin/lansaweb?procfun+wordpr01+webfunc+M37 HTTP/1.1" 500 553 "http://www.acesurgical.com/about.html" "Mozilla/4.0 (compatible; MSIE 7.0; Windows NT 5.1; .NET CLR 1.1.4322; .NET CLR 2.0.50727)"
74.141.64.131 - - [24/May/2007:11:54:53 -0400] "GET / HTTP/1.1" 200 367 "-" "Mozilla/4.0 (compatible; MSIE 7.0; Windows NT 5.1; .NET CLR 1.1.4322; .NET CLR 2.0.50727)"
74.141.64.131 - - [24/May/2007:11:54:55 -0400] "GET /index.htm HTTP/1.1" 200 870 "http://www.aceonlinestore.com/" "Mozilla/4.0 (compatible; MSIE 7.0; Windows NT 5.1; .NET CLR 1.1.4322; .NET CLR 2.0.50727)"
74.141.64.131 - - [24/May/2007:11:54:56 -0400] "GET /CGI-BIN/LANSAWEB?PROCFUN+WORDPR01+WEBFUNC+M37+FUNCPARMS+STD_DESC(A0300):20866_________________________ HTTP/1.1" 500 553 "-" "Mozilla/4.0 (compatible; MSIE 7.0; Windows NT 5.1; .NET CLR 1.1.4322; .NET CLR 2.0.50727)"
74.141.64.131 - - [24/May/2007:11:54:57 -0400] "GET / HTTP/1.1" 200 367 "-" "Mozilla/4.0 (compatible; MSIE 7.0; Windows NT 5.1; .NET CLR 1.1.4322; .NET CLR 2.0.50727)"
74.141.64.131 - - [24/May/2007:11:55:27 -0400] "GET /cgi-bin/lansaweb?procfun+wordpr01+webfunc+M37 HTTP/1.1" 500 553 "http://www.acesurgical.com/home_May07.html" "Mozilla/4.0 (compatible; MSIE 7.0; Windows NT 5.1; .NET CLR 1.1.4322; .NET CLR 2.0.50727)"
74.141.64.131 - - [24/May/2007:11:55:38 -0400] "GET /cgi-bin/lansaweb?procfun+wordpr01+webfunc+m37+funcparms+WEBKEY(A0100):PROMOS HTTP/1.1" 500 553 "http://www.acesurgical.com/home_May07.html" "Mozilla/4.0 (compatible; MSIE 7.0; Windows NT 5.1; .NET CLR 1.1.4322; .NET CLR 2.0.50727)"
209.59.12.99 - - [24/May/2007:11:57:59 -0400] "GET / HTTP/1.0" 200 367 "-" "check_http/1.81 (nagios-plugins 1.4)"
65.175.132.130 - - [24/May/2007:11:58:10 -0400] "GET /cgi-bin/lansaweb?procfun+wordpr01+webfunc+M37 HTTP/1.1" 500 553 "http://www.acesurgical.com/home_May07.html" "Mozilla/4.0 (compatible; MSIE 6.0; Windows NT 5.1; SV1; .NET CLR 2.0.50727)"
63.175.72.10 - - [24/May/2007:11:58:13 -0400] "GET /cgi-bin/lansaweb?procfun+wordpr01+webfunc+M37 HTTP/1.1" 500 553 "http://www.acesurgical.com/home_May07.html" "Mozilla/4.0 (compatible; MSIE 7.0; Windows NT 5.1; .NET CLR 1.1.4322)"
65.175.132.130 - - [24/May/2007:11:58:52 -0400] "GET /cgi-bin/lansaweb?procfun+wordpr01+webfunc+M37 HTTP/1.1" 500 553 "http://www.acesurgical.com/about.html" "Mozilla/4.0 (compatible; MSIE 6.0; Windows NT 5.1; SV1; .NET CLR 2.0.50727)"
74.141.64.131 - - [24/May/2007:11:59:04 -0400] "GET /cgi-bin/lansaweb?procfun+wordpr01+webfunc+M37 HTTP/1.1" 500 553 "http://www.acesurgical.com/home_May07.html" "Mozilla/4.0 (compatible; MSIE 7.0; Windows NT 5.2; .NET CLR 1.1.4322; .NET CLR 2.0.50727)"
75.31.162.150 - - [24/May/2007:11:59:22 -0400] "GET /cgi-bin/lansaweb?procfun+wordpr01+webfunc+M37 HTTP/1.1" 500 553 "-" "Mozilla/4.0 (compatible; MSIE 6.0; Windows NT 5.1; SV1; YPC 3.0.3; .NET CLR 1.0.3705; .NET CLR 1.1.4322; Media Center PC 3.1)"
75.31.162.150 - - [24/May/2007:11:59:31 -0400] "GET / HTTP/1.1" 200 367 "-" "Mozilla/4.0 (compatible; MSIE 6.0; Windows NT 5.1; SV1; YPC 3.0.3; .NET CLR 1.0.3705; .NET CLR 1.1.4322; Media Center PC 3.1)"
75.31.162.150 - - [24/May/2007:11:59:35 -0400] "GET /Includes/ HTTP/1.1" 200 220 "http://www.aceonlinestore.com/" "Mozilla/4.0 (compatible; MSIE 6.0; Windows NT 5.1; SV1; YPC 3.0.3; .NET CLR 1.0.3705; .NET CLR 1.1.4322; Media Center PC 3.1)"
75.31.162.150 - - [24/May/2007:11:59:36 -0400] "GET / HTTP/1.1" 200 367 "http://www.aceonlinestore.com/Includes/" "Mozilla/4.0 (compatible; MSIE 6.0; Windows NT 5.1; SV1; YPC 3.0.3; .NET CLR 1.0.3705; .NET CLR 1.1.4322; Media Center PC 3.1)"
75.31.162.150 - - [24/May/2007:11:59:38 -0400] "GET /scripts/ HTTP/1.1" 200 752 "http://www.aceonlinestore.com/" "Mozilla/4.0 (compatible; MSIE 6.0; Windows NT 5.1; SV1; YPC 3.0.3; .NET CLR 1.0.3705; .NET CLR 1.1.4322; Media Center PC 3.1)"
75.31.162.150 - - [24/May/2007:11:59:41 -0400] "GET / HTTP/1.1" 200 367 "http://www.aceonlinestore.com/Includes/" "Mozilla/4.0 (compatible; MSIE 6.0; Windows NT 5.1; SV1; YPC 3.0.3; .NET CLR 1.0.3705; .NET CLR 1.1.4322; Media Center PC 3.1)"
75.31.162.150 - - [24/May/2007:11:59:42 -0400] "GET /Includes/ HTTP/1.1" 200 220 "http://www.aceonlinestore.com/" "Mozilla/4.0 (compatible; MSIE 6.0; Windows NT 5.1; SV1; YPC 3.0.3; .NET CLR 1.0.3705; .NET CLR 1.1.4322; Media Center PC 3.1)"
75.31.162.150 - - [24/May/2007:11:59:43 -0400] "GET / HTTP/1.1" 200 367 "-" "Mozilla/4.0 (compatible; MSIE 6.0; Windows NT 5.1; SV1; YPC 3.0.3; .NET CLR 1.0.3705; .NET CLR 1.1.4322; Media Center PC 3.1)"
75.31.162.150 - - [24/May/2007:11:59:44 -0400] "GET /cgi-bin/lansaweb?procfun+wordpr01+webfunc+M37 HTTP/1.1" 500 553 "-" "Mozilla/4.0 (compatible; MSIE 6.0; Windows NT 5.1; SV1; YPC 3.0.3; .NET CLR 1.0.3705; .NET CLR 1.1.4322; Media Center PC 3.1)"
65.175.132.130 - - [24/May/2007:11:59:54 -0400] "GET /cgi-bin/lansaweb?procfun+wordpr01+webfunc+M37 HTTP/1.1" 500 553 "http://www.acesurgical.com/home_May07.html" "Mozilla/4.0 (compatible; MSIE 6.0; Windows NT 5.1; SV1; .NET CLR 2.0.50727)"
75.31.162.150 - - [24/May/2007:12:00:08 -0400] "GET /cgi-bin/lansaweb?procfun+wordpr01+webfunc+M37 HTTP/1.1" 500 553 "-" "Mozilla/4.0 (compatible; MSIE 6.0; Windows NT 5.1; SV1; YPC 3.0.3; .NET CLR 1.0.3705; .NET CLR 1.1.4322; Media Center PC 3.1)"
75.31.162.150 - - [24/May/2007:12:00:10 -0400] "GET / HTTP/1.1" 200 367 "-" "Mozilla/4.0 (compatible; MSIE 6.0; Windows NT 5.1; SV1; YPC 3.0.3; .NET CLR 1.0.3705; .NET CLR 1.1.4322; Media Center PC 3.1)"
75.31.162.150 - - [24/May/2007:12:00:12 -0400] "GET /cgi-bin/lansaweb?procfun+wordpr01+webfunc+M37 HTTP/1.1" 500 553 "-" "Mozilla/4.0 (compatible; MSIE 6.0; Windows NT 5.1; SV1; YPC 3.0.3; .NET CLR 1.0.3705; .NET CLR 1.1.4322; Media Center PC 3.1)"
66.249.67.82 - - [24/May/2007:11:57:32 -0400] "GET /images/ACE_SitePrepOsteotomes.pdf HTTP/1.1" 200 5037385 "-" "Mozilla/5.0 (compatible; Googlebot/2.1; +http://www.google.com/bot.html)"
65.175.132.130 - - [24/May/2007:12:01:13 -0400] "GET /cgi-bin/lansaweb?procfun+wordpr01+webfunc+M37 HTTP/1.1" 500 553 "http://www.acesurgical.com/home_May07.html" "Mozilla/4.0 (compatible; MSIE 6.0; Windows NT 5.1; SV1; .NET CLR 2.0.50727)"
74.141.64.131 - - [24/May/2007:12:01:25 -0400] "GET /cgi-bin/lansaweb?procfun+wordpr01+webfunc+M37 HTTP/1.1" 500 553 "http://www.acesurgical.com/home_May07.html" "Mozilla/4.0 (compatible; MSIE 7.0; Windows NT 5.1; .NET CLR 1.1.4322; .NET CLR 2.0.50727)"
65.175.132.130 - - [24/May/2007:12:01:39 -0400] "GET /cgi-bin/lansaweb?procfun+wordpr01+webfunc+M37 HTTP/1.1" 500 553 "http://www.acesurgical.com/home_May07.html" "Mozilla/4.0 (compatible; MSIE 6.0; Windows NT 5.1; SV1; .NET CLR 2.0.50727)"
65.175.132.130 - - [24/May/2007:12:01:45 -0400] "GET /cgi-bin/lansaweb?procfun+wordpr01+webfunc+m37+funcparms+WEBKEY(A0100):PROMOS HTTP/1.1" 500 553 "http://www.acesurgical.com/home_May07.html" "Mozilla/4.0 (compatible; MSIE 6.0; Windows NT 5.1; SV1; .NET CLR 2.0.50727)"
209.59.12.99 - - [24/May/2007:12:03:00 -0400] "GET / HTTP/1.0" 200 367 "-" "check_http/1.81 (nagios-plugins 1.4)"
66.249.67.82 - - [24/May/2007:12:04:16 -0400] "GET /images/ACE_SitePrepOsteotomes.pdf HTTP/1.1" 200 5037385 "-" "Mozilla/5.0 (compatible; Googlebot/2.1; +http://www.google.com/bot.html)"
209.59.12.99 - - [24/May/2007:12:07:59 -0400] "GET / HTTP/1.0" 200 367 "-" "check_http/1.81 (nagios-plugins 1.4)"
65.175.132.130 - - [24/May/2007:12:09:10 -0400] "GET /cgi-bin/lansaweb?procfun+wordpr01+webfunc+M37 HTTP/1.1" 500 553 "http://www.acesurgical.com/home_May07.html" "Mozilla/4.0 (compatible; MSIE 6.0; Windows NT 5.1; SV1; .NET CLR 2.0.50727)"
65.175.132.130 - - [24/May/2007:12:09:14 -0400] "GET /cgi-bin/lansaweb?procfun+wordpr01+webfunc+M37 HTTP/1.1" 500 553 "http://www.acesurgical.com/home_May07.html" "Mozilla/4.0 (compatible; MSIE 6.0; Windows NT 5.1; SV1; .NET CLR 2.0.50727)"
65.175.132.130 - - [24/May/2007:12:09:42 -0400] "GET /cgi-bin/lansaweb?procfun+wordpr01+webfunc+m37+funcparms+WEBKEY(A0100):PROMOS HTTP/1.1" 500 553 "http://www.acesurgical.com/home_May07.html" "Mozilla/4.0 (compatible; MSIE 6.0; Windows NT 5.1; SV1; .NET CLR 2.0.50727)"
190.84.120.194 - - [24/May/2007:12:09:50 -0400] "GET /cgi-bin/lansaweb?procfun+wordpr01+webfunc+M37 HTTP/1.1" 500 553 "http://www.acesurgical.com/home_May07.html" "Mozilla/4.0 (compatible; MSIE 6.0; Windows NT 5.1; SV1)"
65.175.132.130 - - [24/May/2007:12:10:07 -0400] "GET /cgi-bin/lansaweb?procfun+wordpr01+webfunc+m37+funcparms+WEBKEY(A0100):PROMOS HTTP/1.1" 500 553 "http://www.acesurgical.com/home_May07.html" "Mozilla/4.0 (compatible; MSIE 6.0; Windows NT 5.1; SV1; .NET CLR 2.0.50727)"
190.84.120.194 - - [24/May/2007:12:10:35 -0400] "GET / HTTP/1.1" 200 367 "-" "Mozilla/4.0 (compatible; MSIE 6.0; Windows NT 5.1; SV1)"
190.84.120.194 - - [24/May/2007:12:11:04 -0400] "GET /cgi-bin/lansaweb?procfun+wordpr01+webfunc+M37 HTTP/1.1" 500 553 "http://www.acesurgical.com/about.html" "Mozilla/4.0 (compatible; MSIE 6.0; Windows NT 5.1; SV1)"
190.84.120.194 - - [24/May/2007:12:11:12 -0400] "GET / HTTP/1.1" 200 367 "-" "Mozilla/4.0 (compatible; MSIE 6.0; Windows NT 5.1; SV1)"
190.84.120.194 - - [24/May/2007:12:11:57 -0400] "GET /cgi-bin/lansaweb?procfun+wordpr01+webfunc+M37 HTTP/1.1" 500 553 "http://www.acesurgical.com/home_May07.html" "Mozilla/4.0 (compatible; MSIE 6.0; Windows NT 5.1; SV1)"
65.175.132.130 - - [24/May/2007:12:12:42 -0400] "GET /cgi-bin/lansaweb?procfun+wordpr01+webfunc+M37 HTTP/1.1" 500 553 "http://www.acesurgical.com/home_May07.html" "Mozilla/4.0 (compatible; MSIE 7.0; Windows NT 5.1; .NET CLR 1.1.4322; .NET CLR 2.0.50727)"
209.59.12.99 - - [24/May/2007:12:12:59 -0400] "GET / HTTP/1.0" 200 367 "-" "check_http/1.81 (nagios-plugins 1.4)"
70.230.173.192 - - [24/May/2007:12:13:17 -0400] "GET /cgi-bin/lansaweb?procfun+wordpr01+webfunc+M37 HTTP/1.1" 500 553 "http://www.acesurgical.com/home_May07.html" "Mozilla/4.0 (compatible; MSIE 7.0; Windows NT 5.1; .NET CLR 1.0.3705; .NET CLR 1.1.4322)"
70.230.173.192 - - [24/May/2007:12:13:28 -0400] "GET /cgi-bin/lansaweb?procfun+wordpr01+webfunc+M37 HTTP/1.1" 500 553 "http://www.acesurgical.com/home_May07.html" "Mozilla/4.0 (compatible; MSIE 7.0; Windows NT 5.1; .NET CLR 1.0.3705; .NET CLR 1.1.4322)"
70.230.173.192 - - [24/May/2007:12:13:36 -0400] "GET /cgi-bin/lansaweb?procfun+wordpr01+webfunc+M37 HTTP/1.1" 500 553 "http://www.acesurgical.com/home_May07.html" "Mozilla/4.0 (compatible; MSIE 7.0; Windows NT 5.1; .NET CLR 1.0.3705; .NET CLR 1.1.4322)"
70.230.173.192 - - [24/May/2007:12:13:40 -0400] "GET /cgi-bin/lansaweb?procfun+wordpr01+webfunc+M37 HTTP/1.1" 500 553 "http://www.acesurgical.com/home_May07.html" "Mozilla/4.0 (compatible; MSIE 7.0; Windows NT 5.1; .NET CLR 1.0.3705; .NET CLR 1.1.4322)"
66.249.67.82 - - [24/May/2007:12:10:50 -0400] "GET /images/ACE_SitePrepOsteotomes.pdf HTTP/1.1" 200 5037385 "-" "Mozilla/5.0 (compatible; Googlebot/2.1; +http://www.google.com/bot.html)"
216.246.138.197 - - [24/May/2007:12:14:21 -0400] "GET /cgi-bin/lansaweb?procfun+wordpr01+webfunc+M37 HTTP/1.1" 500 553 "http://www.acesurgical.com/home_May07.html" "Mozilla/4.0 (compatible; MSIE 7.0; Windows NT 5.1; .NET CLR 1.1.4322; .NET CLR 2.0.50727)"
70.230.173.192 - - [24/May/2007:12:14:26 -0400] "GET /cgi-bin/lansaweb?procfun+wordpr01+webfunc+M37 HTTP/1.1" 500 553 "http://www.acesurgical.com/contact.html" "Mozilla/4.0 (compatible; MSIE 7.0; Windows NT 5.1; .NET CLR 1.0.3705; .NET CLR 1.1.4322)"
71.103.254.217 - - [24/May/2007:12:16:58 -0400] "GET /cgi-bin/lansaweb?procfun+wordpr01+webfunc+M37 HTTP/1.1" 500 553 "http://acesurgical.com/home_May07.html" "Mozilla/4.0 (compatible; MSIE 7.0; Windows NT 5.1; FunWebProducts; .NET CLR 1.1.4322)"
71.103.254.217 - - [24/May/2007:12:17:01 -0400] "GET /cgi-bin/lansaweb?procfun+wordpr01+webfunc+M37 HTTP/1.1" 500 553 "http://acesurgical.com/home_May07.html" "Mozilla/4.0 (compatible; MSIE 7.0; Windows NT 5.1; FunWebProducts; .NET CLR 1.1.4322)"
71.103.254.217 - - [24/May/2007:12:17:05 -0400] "GET / HTTP/1.1" 200 367 "-" "Mozilla/4.0 (compatible; MSIE 7.0; Windows NT 5.1; FunWebProducts; .NET CLR 1.1.4322)"
71.103.254.217 - - [24/May/2007:12:17:14 -0400] "GET /cgi-bin/lansaweb?procfun+wordpr01+webfunc+M37 HTTP/1.1" 500 553 "http://acesurgical.com/home_May07.html" "Mozilla/4.0 (compatible; MSIE 7.0; Windows NT 5.1; FunWebProducts; .NET CLR 1.1.4322)"
71.103.254.217 - - [24/May/2007:12:17:19 -0400] "GET /Includes/ HTTP/1.1" 200 220 "http://www.aceonlinestore.com/" "Mozilla/4.0 (compatible; MSIE 7.0; Windows NT 5.1; FunWebProducts; .NET CLR 1.1.4322)"
71.103.254.217 - - [24/May/2007:12:17:22 -0400] "GET / HTTP/1.1" 200 367 "http://www.aceonlinestore.com/Includes/" "Mozilla/4.0 (compatible; MSIE 7.0; Windows NT 5.1; FunWebProducts; .NET CLR 1.1.4322)"
71.103.254.217 - - [24/May/2007:12:17:33 -0400] "GET /cgi-bin/lansaweb?procfun+wordpr01+webfunc+M37 HTTP/1.1" 500 553 "http://www.acesurgical.com/about.html" "Mozilla/4.0 (compatible; MSIE 7.0; Windows NT 5.1; FunWebProducts; .NET CLR 1.1.4322)"
71.103.254.217 - - [24/May/2007:12:17:41 -0400] "GET /cgi-bin/lansaweb?procfun+wordpr01+webfunc+M37 HTTP/1.1" 500 553 "http://www.acesurgical.com/conventions.html" "Mozilla/4.0 (compatible; MSIE 7.0; Windows NT 5.1; FunWebProducts; .NET CLR 1.1.4322)"
71.103.254.217 - - [24/May/2007:12:17:48 -0400] "GET /cgi-bin/lansaweb?procfun+wordpr01+webfunc+M37 HTTP/1.1" 500 553 "http://www.acesurgical.com/downloads.html" "Mozilla/4.0 (compatible; MSIE 7.0; Windows NT 5.1; FunWebProducts; .NET CLR 1.1.4322)"
209.59.12.99 - - [24/May/2007:12:18:00 -0400] "GET / HTTP/1.0" 200 367 "-" "check_http/1.81 (nagios-plugins 1.4)"
71.103.254.217 - - [24/May/2007:12:18:24 -0400] "GET / HTTP/1.1" 200 367 "-" "Mozilla/4.0 (compatible; MSIE 7.0; Windows NT 5.1; FunWebProducts; .NET CLR 1.1.4322)"
76.197.188.175 - - [24/May/2007:12:18:30 -0400] "GET /cgi-bin/lansaweb?procfun+wordpr01+webfunc+M37 HTTP/1.1" 500 553 "http://acesurgical.com/home_May07.html" "Mozilla/5.0 (Windows; U; Windows NT 5.1; en-US; rv:1.8.0.11) Gecko/20070312 Firefox/1.5.0.11"
71.103.254.217 - - [24/May/2007:12:18:35 -0400] "GET /cgi-bin/lansaweb?procfun+wordpr01+webfunc+M37 HTTP/1.1" 500 553 "http://www.acesurgical.com/home_May07.html" "Mozilla/4.0 (compatible; MSIE 7.0; Windows NT 5.1; FunWebProducts; .NET CLR 1.1.4322)"
71.103.254.217 - - [24/May/2007:12:18:40 -0400] "GET /cgi-bin/lansaweb?procfun+wordpr01+webfunc+M37 HTTP/1.1" 500 553 "http://www.acesurgical.com/home_May07.html" "Mozilla/4.0 (compatible; MSIE 7.0; Windows NT 5.1; FunWebProducts; .NET CLR 1.1.4322)"
71.103.254.217 - - [24/May/2007:12:18:45 -0400] "GET /cgi-bin/lansaweb?procfun+wordpr01+webfunc+M37 HTTP/1.1" 500 553 "http://www.acesurgical.com/home_May07.html" "Mozilla/4.0 (compatible; MSIE 7.0; Windows NT 5.1; FunWebProducts; .NET CLR 1.1.4322)"
66.249.67.82 - - [24/May/2007:12:17:24 -0400] "GET /images/ACE_SitePrepOsteotomes.pdf HTTP/1.1" 200 5037385 "-" "Mozilla/5.0 (compatible; Googlebot/2.1; +http://www.google.com/bot.html)"
209.59.12.99 - - [24/May/2007:12:22:59 -0400] "GET / HTTP/1.0" 200 367 "-" "check_http/1.81 (nagios-plugins 1.4)"
152.163.101.7 - - [24/May/2007:12:26:45 -0400] "GET /cgi-bin/lansaweb?procfun+wordpr01+webfunc+M37 HTTP/1.1" 500 553 "http://www.acesurgical.com/downloads.html" "Mozilla/4.0 (compatible; MSIE 6.0; AOL 9.0; Windows NT 5.1; .NET CLR 1.1.4322)"
66.249.67.82 - - [24/May/2007:12:24:01 -0400] "GET /images/ACE_SitePrepOsteotomes.pdf HTTP/1.1" 200 5037385 "-" "Mozilla/5.0 (compatible; Googlebot/2.1; +http://www.google.com/bot.html)"
82.39.29.195 - - [24/May/2007:12:27:56 -0400] "GET /cgi-bin/lansaweb?procfun+wordpr01+webfunc+M37 HTTP/1.1" 500 553 "http://www.acesurgical.com/home_May07.html" "Mozilla/4.0 (compatible; MSIE 7.0; Windows NT 5.1; .NET CLR 1.1.4322)"
209.59.12.99 - - [24/May/2007:12:28:00 -0400] "GET / HTTP/1.0" 200 367 "-" "check_http/1.81 (nagios-plugins 1.4)"
70.232.176.2 - - [24/May/2007:12:28:00 -0400] "GET /cgi-bin/lansaweb?procfun+wordpr01+webfunc+M37 HTTP/1.1" 500 553 "http://www.acesurgical.com/home_May07.html" "Mozilla/4.0 (compatible; MSIE 6.0; Windows NT 5.1; SV1; .NET CLR 1.1.4322; .NET CLR 2.0.50727)"
65.160.238.180 - - [24/May/2007:12:28:05 -0400] "GET / HTTP/1.1" 200 367 "-" "Mozilla/4.0 (compatible; MSIE 6.0; Bluecoat DRTR)"
70.232.176.2 - - [24/May/2007:12:28:05 -0400] "GET / HTTP/1.1" 200 367 "-" "Mozilla/4.0 (compatible; MSIE 6.0; Windows NT 5.1; SV1; .NET CLR 1.1.4322; .NET CLR 2.0.50727)"
70.232.176.2 - - [24/May/2007:12:28:08 -0400] "GET /cgi-bin/lansaweb?procfun+wordpr01+webfunc+M37 HTTP/1.1" 500 553 "http://www.acesurgical.com/home_May07.html" "Mozilla/4.0 (compatible; MSIE 6.0; Windows NT 5.1; SV1; .NET CLR 1.1.4322; .NET CLR 2.0.50727)"
152.163.101.7 - - [24/May/2007:12:30:34 -0400] "GET /cgi-bin/lansaweb?procfun+wordpr01+webfunc+M37 HTTP/1.1" 500 553 "http://www.acesurgical.com/home_May07.html" "Mozilla/4.0 (compatible; MSIE 6.0; AOL 9.0; Windows NT 5.1; .NET CLR 1.1.4322)"
152.163.101.7 - - [24/May/2007:12:30:55 -0400] "GET /cgi-bin/lansaweb?procfun+wordpr01+webfunc+M37 HTTP/1.1" 500 553 "http://www.acesurgical.com/home_May07.html" "Mozilla/4.0 (compatible; MSIE 6.0; AOL 9.0; Windows NT 5.1; .NET CLR 1.1.4322)"
152.163.101.7 - - [24/May/2007:12:31:12 -0400] "GET /cgi-bin/lansaweb?procfun+wordpr01+webfunc+M37 HTTP/1.1" 500 553 "http://www.acesurgical.com/home_May07.html" "Mozilla/4.0 (compatible; MSIE 6.0; AOL 9.0; Windows NT 5.1; .NET CLR 1.1.4322)"
152.163.101.5 - - [24/May/2007:12:31:22 -0400] "GET /cgi-bin/lansaweb?procfun+wordpr01+webfunc+m37+funcparms+WEBKEY(A0100):PROMOS HTTP/1.1" 500 553 "http://www.acesurgical.com/home_May07.html" "Mozilla/4.0 (compatible; MSIE 6.0; AOL 9.0; Windows NT 5.1; .NET CLR 1.1.4322)"
152.163.101.5 - - [24/May/2007:12:31:27 -0400] "GET /cgi-bin/lansaweb?procfun+wordpr01+webfunc+m37+funcparms+WEBKEY(A0100):PROMOS HTTP/1.1" 500 553 "http://www.acesurgical.com/home_May07.html" "Mozilla/4.0 (compatible; MSIE 6.0; AOL 9.0; Windows NT 5.1; .NET CLR 1.1.4322)"
152.163.101.7 - - [24/May/2007:12:31:38 -0400] "GET /cgi-bin/lansaweb?procfun+wordpr01+webfunc+M37 HTTP/1.1" 500 553 "http://www.acesurgical.com/home_May07.html" "Mozilla/4.0 (compatible; MSIE 6.0; AOL 9.0; Windows NT 5.1; .NET CLR 1.1.4322)"
209.59.12.99 - - [24/May/2007:12:33:04 -0400] "GET / HTTP/1.0" 200 367 "-" "check_http/1.81 (nagios-plugins 1.4)"
66.249.67.82 - - [24/May/2007:12:30:31 -0400] "GET /images/ACE_SitePrepOsteotomes.pdf HTTP/1.1" 200 5037385 "-" "Mozilla/5.0 (compatible; Googlebot/2.1; +http://www.google.com/bot.html)"
152.163.101.7 - - [24/May/2007:12:34:45 -0400] "GET /cgi-bin/lansaweb?procfun+wordpr01+webfunc+M37 HTTP/1.1" 500 553 "http://www.acesurgical.com/contact.html" "Mozilla/4.0 (compatible; MSIE 6.0; AOL 9.0; Windows NT 5.1; .NET CLR 1.1.4322)"
66.30.62.53 - - [24/May/2007:12:36:04 -0400] "GET /cgi-bin/lansaweb?procfun+wordpr01+webfunc+M37 HTTP/1.1" 500 553 "http://www.acesurgical.com/home_May07.html" "Mozilla/4.0 (compatible; MSIE 7.0; Windows NT 6.0; SLCC1; .NET CLR 2.0.50727; Media Center PC 5.0; .NET CLR 3.0.04506)"
66.30.62.53 - - [24/May/2007:12:36:17 -0400] "GET /cgi-bin/lansaweb?procfun+wordpr01+webfunc+M37 HTTP/1.1" 500 553 "http://www.acesurgical.com/about.html" "Mozilla/4.0 (compatible; MSIE 7.0; Windows NT 6.0; SLCC1; .NET CLR 2.0.50727; Media Center PC 5.0; .NET CLR 3.0.04506)"
68.236.207.24 - - [24/May/2007:12:39:03 -0400] "GET /cgi-bin/lansaweb?procfun+wordpr01+webfunc+M37 HTTP/1.1" 500 553 "http://acesurgical.com/home_May07.html" "Mozilla/4.0 (compatible; MSIE 7.0; Windows NT 5.1; SV1; .NET CLR 1.1.4322; .NET CLR 2.0.50727; .NET CLR 3.0.04506.30)"
190.84.120.194 - - [24/May/2007:12:39:13 -0400] "GET /cgi-bin/lansaweb?procfun+wordpr01+webfunc+M37 HTTP/1.1" 500 553 "http://www.acesurgical.com/home_May07.html" "Mozilla/4.0 (compatible; MSIE 6.0; Windows NT 5.1; SV1)"
68.236.207.24 - - [24/May/2007:12:39:17 -0400] "GET /cgi-bin/lansaweb?procfun+wordpr01+webfunc+M37 HTTP/1.1" 500 553 "http://acesurgical.com/home_May07.html" "Mozilla/4.0 (compatible; MSIE 7.0; Windows NT 5.1; SV1; .NET CLR 1.1.4322; .NET CLR 2.0.50727; .NET CLR 3.0.04506.30)"
68.236.207.24 - - [24/May/2007:12:39:20 -0400] "GET / HTTP/1.1" 200 367 "-" "Mozilla/4.0 (compatible; MSIE 7.0; Windows NT 5.1; SV1; .NET CLR 1.1.4322; .NET CLR 2.0.50727; .NET CLR 3.0.04506.30)"
68.236.207.24 - - [24/May/2007:12:39:23 -0400] "GET /favicon.ico HTTP/1.1" 404 209 "-" "Mozilla/4.0 (compatible; MSIE 7.0; Windows NT 5.1; SV1; .NET CLR 1.1.4322; .NET CLR 2.0.50727; .NET CLR 3.0.04506.30)"
68.236.207.24 - - [24/May/2007:12:39:28 -0400] "GET /Includes/ HTTP/1.1" 200 220 "http://www.aceonlinestore.com/" "Mozilla/4.0 (compatible; MSIE 7.0; Windows NT 5.1; SV1; .NET CLR 1.1.4322; .NET CLR 2.0.50727; .NET CLR 3.0.04506.30)"
68.236.207.24 - - [24/May/2007:12:39:31 -0400] "GET / HTTP/1.1" 200 367 "http://www.aceonlinestore.com/Includes/" "Mozilla/4.0 (compatible; MSIE 7.0; Windows NT 5.1; SV1; .NET CLR 1.1.4322; .NET CLR 2.0.50727; .NET CLR 3.0.04506.30)"
68.236.207.24 - - [24/May/2007:12:39:33 -0400] "GET /logs/ HTTP/1.1" 200 1418 "http://www.aceonlinestore.com/" "Mozilla/4.0 (compatible; MSIE 7.0; Windows NT 5.1; SV1; .NET CLR 1.1.4322; .NET CLR 2.0.50727; .NET CLR 3.0.04506.30)"
190.84.120.194 - - [24/May/2007:12:39:40 -0400] "GET / HTTP/1.1" 200 367 "-" "Mozilla/4.0 (compatible; MSIE 6.0; Windows NT 5.1; SV1)"
66.249.67.82 - - [24/May/2007:12:37:03 -0400] "GET /images/ACE_SitePrepOsteotomes.pdf HTTP/1.1" 200 5037385 "-" "Mozilla/5.0 (compatible; Googlebot/2.1; +http://www.google.com/bot.html)"
68.236.207.24 - - [24/May/2007:12:39:36 -0400] "GET /logs/access_log.Q107051600 HTTP/1.1" 200 301279 "http://www.aceonlinestore.com/logs/" "Mozilla/4.0 (compatible; MSIE 7.0; Windows NT 5.1; SV1; .NET CLR 1.1.4322; .NET CLR 2.0.50727; .NET CLR 3.0.04506.30)"
66.249.67.82 - - [24/May/2007:12:43:34 -0400] "GET /images/ACE_SitePrepOsteotomes.pdf HTTP/1.1" 200 5037385 "-" "Mozilla/5.0 (compatible; Googlebot/2.1; +http://www.google.com/bot.html)"
209.59.12.99 - - [24/May/2007:12:51:16 -0400] "GET / HTTP/1.0" 200 367 "-" "check_http/1.81 (nagios-plugins 1.4)"
66.249.67.82 - - [24/May/2007:12:49:53 -0400] "GET /images/ACE_SitePrepOsteotomes.pdf HTTP/1.1" 200 5037385 "-" "Mozilla/5.0 (compatible; Googlebot/2.1; +http://www.google.com/bot.html)"
130.13.192.86 - - [24/May/2007:12:54:14 -0400] "GET /cgi-bin/lansaweb?procfun+wordpr01+webfunc+M37 HTTP/1.1" 500 553 "-" "Mozilla/4.0 (compatible; MSIE 6.0; Windows NT 5.1; SV1; .NET CLR 1.1.4322)"
130.13.192.86 - - [24/May/2007:12:54:36 -0400] "GET /cgi-bin/lansaweb?procfun+wordpr01+webfunc+M37 HTTP/1.1" 500 553 "http://www.acesurgical.com/home_May07.html" "Mozilla/4.0 (compatible; MSIE 6.0; Windows NT 5.1; SV1; .NET CLR 1.1.4322)"
130.13.192.86 - - [24/May/2007:12:54:51 -0400] "GET /cgi-bin/lansaweb?procfun+wordpr01+webfunc+M37 HTTP/1.1" 500 553 "http://www.acesurgical.com/home_May07.html" "Mozilla/4.0 (compatible; MSIE 6.0; Windows NT 5.1; SV1; .NET CLR 1.1.4322)"
83.54.142.22 - - [24/May/2007:12:55:33 -0400] "GET /cgi-bin/lansaweb?procfun+wordpr01+webfunc+M37 HTTP/1.1" 500 553 "http://www.acesurgical.com/home_May07.html" "Mozilla/4.0 (compatible; MSIE 6.0; Windows NT 5.1; DigExt)"
209.59.12.99 - - [24/May/2007:12:56:18 -0400] "GET / HTTP/1.0" 200 367 "-" "check_http/1.81 (nagios-plugins 1.4)"
69.65.83.43 - - [24/May/2007:12:57:40 -0400] "GET /cgi-bin/lansaweb?procfun+wordpr01+webfunc+M37 HTTP/1.1" 500 553 "http://www.acesurgical.com/home_May07.html" "Mozilla/4.0 (compatible; MSIE 7.0; Windows NT 6.0; SLCC1; .NET CLR 2.0.50727; .NET CLR 3.0.04506; InfoPath.2)"
66.249.67.82 - - [24/May/2007:12:56:13 -0400] "GET /images/ACE_SitePrepOsteotomes.pdf HTTP/1.1" 200 5037385 "-" "Mozilla/5.0 (compatible; Googlebot/2.1; +http://www.google.com/bot.html)"
76.197.188.175 - - [24/May/2007:13:00:24 -0400] "GET /cgi-bin/lansaweb?procfun+wordpr01+webfunc+M37 HTTP/1.1" 500 553 "http://acesurgical.com/home_May07.html" "Mozilla/5.0 (Windows; U; Windows NT 5.1; en-US; rv:1.8.0.11) Gecko/20070312 Firefox/1.5.0.11"
155.212.232.66 - - [24/May/2007:13:00:48 -0400] "GET /cgi-bin/lansaweb?procfun+wordpr01+webfunc+M37 HTTP/1.1" 500 553 "http://www.acesurgical.com/home_May07.html" "Mozilla/4.0 (compatible; MSIE 6.0; Windows NT 5.1; SV1)"
209.59.12.99 - - [24/May/2007:13:01:18 -0400] "GET / HTTP/1.0" 200 367 "-" "check_http/1.81 (nagios-plugins 1.4)"
196.40.66.173 - - [24/May/2007:13:03:43 -0400] "GET /cgi-bin/lansaweb?procfun+wordpr01+webfunc+M37 HTTP/1.1" 500 553 "http://www.acesurgical.com/about.html" "Mozilla/4.0 (compatible; MSIE 7.0; Windows NT 5.1)"
66.249.67.82 - - [24/May/2007:13:02:45 -0400] "GET /images/ACE_SitePrepOsteotomes.pdf HTTP/1.1" 200 5037385 "-" "Mozilla/5.0 (compatible; Googlebot/2.1; +http://www.google.com/bot.html)"
209.59.12.99 - - [24/May/2007:13:06:19 -0400] "GET / HTTP/1.0" 200 367 "-" "check_http/1.81 (nagios-plugins 1.4)"
88.233.99.51 - - [24/May/2007:13:07:34 -0400] "GET /cgi-bin/lansaweb?procfun+wordpr01+webfunc+M37 HTTP/1.1" 500 553 "http://www.acesurgical.com/connect_seminars.html" "Mozilla/4.0 (compatible; MSIE