209.59.12.99 - - [24/May/2007:00:04:38 -0400] "GET / HTTP/1.0" 200 367 "-" "check_http/1.81 (nagios-plugins 1.4)"
66.249.67.82 - - [24/May/2007:00:09:15 -0400] "GET /images/store_irrigate_section.gif HTTP/1.1" 200 10336 "-" "Googlebot-Image/1.0"
209.59.12.99 - - [24/May/2007:00:09:38 -0400] "GET / HTTP/1.0" 200 367 "-" "check_http/1.81 (nagios-plugins 1.4)"
209.59.12.99 - - [24/May/2007:00:14:38 -0400] "GET / HTTP/1.0" 200 367 "-" "check_http/1.81 (nagios-plugins 1.4)"
209.59.12.99 - - [24/May/2007:00:19:39 -0400] "GET / HTTP/1.0" 200 367 "-" "check_http/1.81 (nagios-plugins 1.4)"
209.59.12.99 - - [24/May/2007:00:24:38 -0400] "GET / HTTP/1.0" 200 367 "-" "check_http/1.81 (nagios-plugins 1.4)"
209.59.12.99 - - [24/May/2007:00:29:38 -0400] "GET / HTTP/1.0" 200 367 "-" "check_http/1.81 (nagios-plugins 1.4)"
209.59.12.99 - - [24/May/2007:00:34:37 -0400] "GET / HTTP/1.0" 200 367 "-" "check_http/1.81 (nagios-plugins 1.4)"
76.197.188.175 - - [24/May/2007:00:35:30 -0400] "POST /CGI-BIN/LANSAWEB?WEBEVENT+L0D029B0B6FD069004924021+M37+ENG HTTP/1.1" 500 553 "https://www.aceonlinestore.com/CGI-BIN/LANSAWEB?WEBEVENT+L1D62950A54B0C8001454093+M37+ENG" "Mozilla/5.0 (Windows; U; Windows NT 5.1; en-US; rv:1.8.0.11) Gecko/20070312 Firefox/1.5.0.11"
72.194.113.43 - - [24/May/2007:00:35:54 -0400] "GET /cgi-bin/lansaweb?procfun+wordpr01+webfunc+M37 HTTP/1.1" 500 553 "http://acesurgical.com/home_May07.html" "Mozilla/4.0 (compatible; MSIE 7.0; AOL 9.0; Windows NT 5.1; .NET CLR 1.0.3705; Media Center PC 4.0; .NET CLR 1.1.4322; .NET CLR 2.0.50727)"
72.194.113.43 - - [24/May/2007:00:36:05 -0400] "GET /cgi-bin/lansaweb?procfun+wordpr01+webfunc+M37 HTTP/1.1" 500 553 "http://acesurgical.com/home_May07.html" "Mozilla/4.0 (compatible; MSIE 7.0; AOL 9.0; Windows NT 5.1; .NET CLR 1.0.3705; Media Center PC 4.0; .NET CLR 1.1.4322; .NET CLR 2.0.50727)"
209.59.12.99 - - [24/May/2007:00:39:38 -0400] "GET / HTTP/1.0" 200 367 "-" "check_http/1.81 (nagios-plugins 1.4)"
209.59.12.99 - - [24/May/2007:00:44:38 -0400] "GET / HTTP/1.0" 200 367 "-" "check_http/1.81 (nagios-plugins 1.4)"
66.249.67.82 - - [24/May/2007:00:49:38 -0400] "GET /images/nav04_conven_off.jpg HTTP/1.1" 200 1341 "-" "Googlebot-Image/1.0"
209.59.12.99 - - [24/May/2007:00:49:38 -0400] "GET / HTTP/1.0" 200 367 "-" "check_http/1.81 (nagios-plugins 1.4)"
209.59.12.99 - - [24/May/2007:00:54:38 -0400] "GET / HTTP/1.0" 200 367 "-" "check_http/1.81 (nagios-plugins 1.4)"
209.59.12.99 - - [24/May/2007:00:59:38 -0400] "GET / HTTP/1.0" 200 367 "-" "check_http/1.81 (nagios-plugins 1.4)"
209.59.12.99 - - [24/May/2007:01:04:38 -0400] "GET / HTTP/1.0" 200 367 "-" "check_http/1.81 (nagios-plugins 1.4)"
66.249.67.82 - - [24/May/2007:01:08:16 -0400] "GET /robots.txt HTTP/1.1" 404 208 "-" "Mozilla/5.0 (compatible; Googlebot/2.1; +http://www.google.com/bot.html)"
66.249.67.82 - - [24/May/2007:01:08:17 -0400] "GET /logs/error_log.Q107052100 HTTP/1.1" 200 147717 "-" "Mozilla/5.0 (compatible; Googlebot/2.1; +http://www.google.com/bot.html)"
209.59.12.99 - - [24/May/2007:01:09:38 -0400] "GET / HTTP/1.0" 200 367 "-" "check_http/1.81 (nagios-plugins 1.4)"
209.59.12.99 - - [24/May/2007:01:14:38 -0400] "GET / HTTP/1.0" 200 367 "-" "check_http/1.81 (nagios-plugins 1.4)"
66.249.67.82 - - [24/May/2007:01:17:12 -0400] "GET /logs/error_log.Q107052300 HTTP/1.1" 200 131335 "-" "Mozilla/5.0 (compatible; Googlebot/2.1; +http://www.google.com/bot.html)"
209.59.12.99 - - [24/May/2007:01:19:38 -0400] "GET / HTTP/1.0" 200 367 "-" "check_http/1.81 (nagios-plugins 1.4)"
209.59.12.99 - - [24/May/2007:01:24:39 -0400] "GET / HTTP/1.0" 200 367 "-" "check_http/1.81 (nagios-plugins 1.4)"
66.249.67.82 - - [24/May/2007:01:26:36 -0400] "GET /logs/error_log.Q107052200 HTTP/1.1" 200 167144 "-" "Mozilla/5.0 (compatible; Googlebot/2.1; +http://www.google.com/bot.html)"
66.249.67.82 - - [24/May/2007:01:29:10 -0400] "GET /images/store_sutures_section.jpg HTTP/1.1" 200 28375 "-" "Googlebot-Image/1.0"
209.59.12.99 - - [24/May/2007:01:29:38 -0400] "GET / HTTP/1.0" 200 367 "-" "check_http/1.81 (nagios-plugins 1.4)"
209.59.12.99 - - [24/May/2007:01:34:38 -0400] "GET / HTTP/1.0" 200 367 "-" "check_http/1.81 (nagios-plugins 1.4)"
66.249.67.82 - - [24/May/2007:01:35:56 -0400] "GET /logs/error_log.Q107052000 HTTP/1.1" 200 41291 "-" "Mozilla/5.0 (compatible; Googlebot/2.1; +http://www.google.com/bot.html)"
66.249.67.82 - - [24/May/2007:01:36:54 -0400] "GET /images/store_syringe_section.jpg HTTP/1.1" 200 9321 "-" "Googlebot-Image/1.0"
209.59.12.99 - - [24/May/2007:01:39:38 -0400] "GET / HTTP/1.0" 200 367 "-" "check_http/1.81 (nagios-plugins 1.4)"
209.59.12.99 - - [24/May/2007:01:44:38 -0400] "GET / HTTP/1.0" 200 367 "-" "check_http/1.81 (nagios-plugins 1.4)"
66.249.67.82 - - [24/May/2007:01:45:21 -0400] "GET /logs/access_log.Q107052100 HTTP/1.1" 200 3440926 "-" "Mozilla/5.0 (compatible; Googlebot/2.1; +http://www.google.com/bot.html)"
66.249.67.82 - - [24/May/2007:01:48:21 -0400] "GET /CGI-BIN/LANSAWEB?WEBEVENT+L5D5DB30C24C09800BBF3057+M37+ENG HTTP/1.1" 500 197 "-" "Mozilla/5.0 (compatible; Googlebot/2.1; +http://www.google.com/bot.html)"
209.59.12.99 - - [24/May/2007:01:49:39 -0400] "GET / HTTP/1.0" 200 367 "-" "check_http/1.81 (nagios-plugins 1.4)"
209.59.12.99 - - [24/May/2007:01:54:38 -0400] "GET / HTTP/1.0" 200 367 "-" "check_http/1.81 (nagios-plugins 1.4)"
66.249.67.82 - - [24/May/2007:01:51:50 -0400] "GET /logs/access_log.Q107052200 HTTP/1.1" 200 3794564 "-" "Mozilla/5.0 (compatible; Googlebot/2.1; +http://www.google.com/bot.html)"
66.249.67.82 - - [24/May/2007:01:54:51 -0400] "GET /logs/access_log.Q107052100 HTTP/1.1" 200 3440926 "-" "Mozilla/5.0 (compatible; Googlebot/2.1; +http://www.google.com/bot.html)"
209.59.12.99 - - [24/May/2007:01:59:38 -0400] "GET / HTTP/1.0" 200 367 "-" "check_http/1.81 (nagios-plugins 1.4)"
66.249.67.82 - - [24/May/2007:01:57:51 -0400] "GET /logs/access_log.Q107052300 HTTP/1.1" 200 2869884 "-" "Mozilla/5.0 (compatible; Googlebot/2.1; +http://www.google.com/bot.html)"
209.59.12.99 - - [24/May/2007:02:04:39 -0400] "GET / HTTP/1.0" 200 367 "-" "check_http/1.81 (nagios-plugins 1.4)"
66.249.67.82 - - [24/May/2007:02:04:56 -0400] "GET /logs/access_log.Q107052200 HTTP/1.1" 200 3794564 "-" "Mozilla/5.0 (compatible; Googlebot/2.1; +http://www.google.com/bot.html)"
209.59.12.99 - - [24/May/2007:02:09:42 -0400] "GET / HTTP/1.0" 200 367 "-" "check_http/1.81 (nagios-plugins 1.4)"
209.59.12.99 - - [24/May/2007:02:14:39 -0400] "GET / HTTP/1.0" 200 367 "-" "check_http/1.81 (nagios-plugins 1.4)"
66.249.67.82 - - [24/May/2007:02:14:02 -0400] "GET /logs/access_log.Q107052100 HTTP/1.1" 200 3440926 "-" "Mozilla/5.0 (compatible; Googlebot/2.1; +http://www.google.com/bot.html)"
24.141.221.192 - - [24/May/2007:02:18:00 -0400] "GET /cgi-bin/lansaweb?procfun+wordpr01+webfunc+m37+funcparms+WEBKEY(A0100):PROMOS HTTP/1.1" 500 553 "http://www.acesurgical.com/home_May07.html" "Mozilla/4.0 (compatible; MSIE 6.0; Windows NT 5.1; SV1; .NET CLR 1.1.4322)"
24.141.221.192 - - [24/May/2007:02:18:06 -0400] "GET / HTTP/1.1" 200 367 "-" "Mozilla/4.0 (compatible; MSIE 6.0; Windows NT 5.1; SV1; .NET CLR 1.1.4322)"
24.141.221.192 - - [24/May/2007:02:18:11 -0400] "GET /cgi-bin/lansaweb?procfun+wordpr01+webfunc+m37+funcparms+WEBKEY(A0100):PROMOS HTTP/1.1" 500 553 "http://www.acesurgical.com/home_May07.html" "Mozilla/4.0 (compatible; MSIE 6.0; Windows NT 5.1; SV1; .NET CLR 1.1.4322)"
24.141.221.192 - - [24/May/2007:02:18:28 -0400] "GET /cgi-bin/lansaweb?procfun+wordpr01+webfunc+m37+funcparms+WEBKEY(A0100):PROMOS HTTP/1.1" 500 553 "http://www.acesurgical.com/home_May07.html" "Mozilla/4.0 (compatible; MSIE 6.0; Windows NT 5.1; SV1; .NET CLR 1.1.4322)"
24.141.221.192 - - [24/May/2007:02:18:40 -0400] "GET /cgi-bin/lansaweb?procfun+wordpr01+webfunc+M37 HTTP/1.1" 500 553 "http://www.acesurgical.com/home_May07.html" "Mozilla/4.0 (compatible; MSIE 6.0; Windows NT 5.1; SV1; .NET CLR 1.1.4322)"
24.141.221.192 - - [24/May/2007:02:18:55 -0400] "GET /cgi-bin/lansaweb?procfun+wordpr01+webfunc+M37 HTTP/1.1" 500 553 "http://www.acesurgical.com/home_May07.html" "Mozilla/4.0 (compatible; MSIE 6.0; Windows NT 5.1; SV1; .NET CLR 1.1.4322)"
209.59.12.99 - - [24/May/2007:02:19:38 -0400] "GET / HTTP/1.0" 200 367 "-" "check_http/1.81 (nagios-plugins 1.4)"
75.83.158.142 - - [24/May/2007:02:20:18 -0400] "GET /cgi-bin/lansaweb?procfun+wordpr01+webfunc+M37 HTTP/1.1" 500 553 "http://www.acesurgical.com/home_May07.html" "Mozilla/5.0 (Macintosh; U; PPC Mac OS X; en) AppleWebKit/418.9.1 (KHTML, like Gecko) Safari/419.3"
75.83.158.142 - - [24/May/2007:02:20:18 -0400] "GET /favicon.ico HTTP/1.1" 404 209 "-" "Mozilla/5.0 (Macintosh; U; PPC Mac OS X; en) AppleWebKit/418.9.1 (KHTML, like Gecko) Safari/419.3"
75.83.158.142 - - [24/May/2007:02:20:30 -0400] "GET /cgi-bin/lansaweb?procfun+wordpr01+webfunc+M37 HTTP/1.1" 500 553 "http://www.acesurgical.com/home_May07.html" "Mozilla/5.0 (Macintosh; U; PPC Mac OS X; en) AppleWebKit/418.9.1 (KHTML, like Gecko) Safari/419.3"
75.83.158.142 - - [24/May/2007:02:20:31 -0400] "GET /favicon.ico HTTP/1.1" 404 209 "-" "Mozilla/5.0 (Macintosh; U; PPC Mac OS X; en) AppleWebKit/418.9.1 (KHTML, like Gecko) Safari/419.3"
75.83.158.142 - - [24/May/2007:02:20:33 -0400] "GET / HTTP/1.1" 200 367 "http://www.aceonlinestore.com/cgi-bin/lansaweb?procfun+wordpr01+webfunc+M37" "Mozilla/5.0 (Macintosh; U; PPC Mac OS X; en) AppleWebKit/418.9.1 (KHTML, like Gecko) Safari/419.3"
75.83.158.142 - - [24/May/2007:02:20:34 -0400] "GET /favicon.ico HTTP/1.1" 404 209 "-" "Mozilla/5.0 (Macintosh; U; PPC Mac OS X; en) AppleWebKit/418.9.1 (KHTML, like Gecko) Safari/419.3"
75.83.158.142 - - [24/May/2007:02:20:59 -0400] "GET /cgi-bin/lansaweb?procfun+wordpr01+webfunc+M37 HTTP/1.1" 500 553 "http://www.acesurgical.com/about.html" "Mozilla/5.0 (Macintosh; U; PPC Mac OS X; en) AppleWebKit/418.9.1 (KHTML, like Gecko) Safari/419.3"
75.83.158.142 - - [24/May/2007:02:20:59 -0400] "GET /favicon.ico HTTP/1.1" 404 209 "-" "Mozilla/5.0 (Macintosh; U; PPC Mac OS X; en) AppleWebKit/418.9.1 (KHTML, like Gecko) Safari/419.3"
209.59.12.99 - - [24/May/2007:02:24:38 -0400] "GET / HTTP/1.0" 200 367 "-" "check_http/1.81 (nagios-plugins 1.4)"
66.249.67.82 - - [24/May/2007:02:24:21 -0400] "GET /logs/access_log.Q107052200 HTTP/1.1" 200 3794564 "-" "Mozilla/5.0 (compatible; Googlebot/2.1; +http://www.google.com/bot.html)"
209.59.12.99 - - [24/May/2007:02:29:38 -0400] "GET / HTTP/1.0" 200 367 "-" "check_http/1.81 (nagios-plugins 1.4)"
69.109.223.84 - - [24/May/2007:02:33:01 -0400] "GET /cgi-bin/lansaweb?procfun+wordpr01+webfunc+M37 HTTP/1.1" 500 553 "-" "Mozilla/4.0 (compatible; MSIE 7.0; Windows NT 5.1; .NET CLR 1.1.4322)"
69.109.223.84 - - [24/May/2007:02:33:12 -0400] "GET /cgi-bin/lansaweb?procfun+wordpr01+webfunc+M37 HTTP/1.1" 500 553 "-" "Mozilla/4.0 (compatible; MSIE 7.0; Windows NT 5.1; .NET CLR 1.1.4322)"
69.109.223.84 - - [24/May/2007:02:33:54 -0400] "GET /cgi-bin/lansaweb?procfun+wordpr01+webfunc+M37 HTTP/1.1" 500 553 "http://www.acesurgical.com/home_May07.html" "Mozilla/4.0 (compatible; MSIE 7.0; Windows NT 5.1; .NET CLR 1.1.4322)"
209.59.12.99 - - [24/May/2007:02:34:39 -0400] "GET / HTTP/1.0" 200 367 "-" "check_http/1.81 (nagios-plugins 1.4)"
76.197.188.175 - - [24/May/2007:02:39:05 -0400] "GET /cgi-bin/lansaweb?procfun+wordpr01+webfunc+M37 HTTP/1.1" 500 553 "http://acesurgical.com/home_May07.html" "Mozilla/5.0 (Windows; U; Windows NT 5.1; en-US; rv:1.8.0.11) Gecko/20070312 Firefox/1.5.0.11"
76.197.188.175 - - [24/May/2007:02:39:09 -0400] "GET / HTTP/1.1" 200 367 "http://www.aceonlinestore.com/cgi-bin/lansaweb?procfun+wordpr01+webfunc+M37" "Mozilla/5.0 (Windows; U; Windows NT 5.1; en-US; rv:1.8.0.11) Gecko/20070312 Firefox/1.5.0.11"
66.249.67.82 - - [24/May/2007:02:36:10 -0400] "GET /logs/access_log.Q107052100 HTTP/1.1" 200 3440926 "-" "Mozilla/5.0 (compatible; Googlebot/2.1; +http://www.google.com/bot.html)"
76.197.188.175 - - [24/May/2007:02:39:14 -0400] "GET /cgi-bin/lansaweb?procfun+wordpr01+webfunc+M37 HTTP/1.1" 500 553 "http://acesurgical.com/home_May07.html" "Mozilla/5.0 (Windows; U; Windows NT 5.1; en-US; rv:1.8.0.11) Gecko/20070312 Firefox/1.5.0.11"
76.197.188.175 - - [24/May/2007:02:39:19 -0400] "GET / HTTP/1.1" 200 367 "http://www.aceonlinestore.com/cgi-bin/lansaweb?procfun+wordpr01+webfunc+M37" "Mozilla/5.0 (Windows; U; Windows NT 5.1; en-US; rv:1.8.0.11) Gecko/20070312 Firefox/1.5.0.11"
76.197.188.175 - - [24/May/2007:02:39:22 -0400] "GET /Includes/ HTTP/1.1" 200 220 "http://www.aceonlinestore.com/" "Mozilla/5.0 (Windows; U; Windows NT 5.1; en-US; rv:1.8.0.11) Gecko/20070312 Firefox/1.5.0.11"
76.197.188.175 - - [24/May/2007:02:39:23 -0400] "GET / HTTP/1.1" 200 367 "http://www.aceonlinestore.com/Includes/" "Mozilla/5.0 (Windows; U; Windows NT 5.1; en-US; rv:1.8.0.11) Gecko/20070312 Firefox/1.5.0.11"
76.197.188.175 - - [24/May/2007:02:39:24 -0400] "GET /images/ HTTP/1.1" 200 47384 "http://www.aceonlinestore.com/" "Mozilla/5.0 (Windows; U; Windows NT 5.1; en-US; rv:1.8.0.11) Gecko/20070312 Firefox/1.5.0.11"
76.197.188.175 - - [24/May/2007:02:39:32 -0400] "GET /cgi-bin/lansaweb?procfun+wordpr01+webfunc+M37 HTTP/1.1" 500 553 "http://acesurgical.com/home_May07.html" "Mozilla/5.0 (Windows; U; Windows NT 5.1; en-US; rv:1.8.0.11) Gecko/20070312 Firefox/1.5.0.11"
209.59.12.99 - - [24/May/2007:02:39:38 -0400] "GET / HTTP/1.0" 200 367 "-" "check_http/1.81 (nagios-plugins 1.4)"
76.197.188.175 - - [24/May/2007:02:40:09 -0400] "GET /cgi-bin/lansaweb?procfun+wordpr01+webfunc+M37 HTTP/1.1" 500 553 "http://acesurgical.com/conventions.html" "Mozilla/5.0 (Windows; U; Windows NT 5.1; en-US; rv:1.8.0.11) Gecko/20070312 Firefox/1.5.0.11"
76.197.188.175 - - [24/May/2007:02:40:20 -0400] "GET /cgi-bin/lansaweb?procfun+wordpr01+webfunc+M37 HTTP/1.1" 500 553 "http://acesurgical.com/about.html" "Mozilla/5.0 (Windows; U; Windows NT 5.1; en-US; rv:1.8.0.11) Gecko/20070312 Firefox/1.5.0.11"
76.197.188.175 - - [24/May/2007:02:42:18 -0400] "GET /cgi-bin/lansaweb?procfun+wordpr01+webfunc+M37 HTTP/1.1" 500 553 "http://acesurgical.com/home_May07.html" "Mozilla/5.0 (Windows; U; Windows NT 5.1; en-US; rv:1.8.0.11) Gecko/20070312 Firefox/1.5.0.11"
209.59.12.99 - - [24/May/2007:02:44:38 -0400] "GET / HTTP/1.0" 200 367 "-" "check_http/1.81 (nagios-plugins 1.4)"
209.59.12.99 - - [24/May/2007:02:49:37 -0400] "GET / HTTP/1.0" 200 367 "-" "check_http/1.81 (nagios-plugins 1.4)"
66.249.67.82 - - [24/May/2007:02:49:21 -0400] "GET /logs/access_log.Q107052000 HTTP/1.1" 200 957991 "-" "Mozilla/5.0 (compatible; Googlebot/2.1; +http://www.google.com/bot.html)"
209.59.12.99 - - [24/May/2007:02:54:38 -0400] "GET / HTTP/1.0" 200 367 "-" "check_http/1.81 (nagios-plugins 1.4)"
209.59.12.99 - - [24/May/2007:02:59:39 -0400] "GET / HTTP/1.0" 200 367 "-" "check_http/1.81 (nagios-plugins 1.4)"
66.249.67.82 - - [24/May/2007:03:01:30 -0400] "GET /logs/access_log.Q107052200 HTTP/1.1" 200 3794564 "-" "Mozilla/5.0 (compatible; Googlebot/2.1; +http://www.google.com/bot.html)"
209.59.12.99 - - [24/May/2007:03:04:38 -0400] "GET / HTTP/1.0" 200 367 "-" "check_http/1.81 (nagios-plugins 1.4)"
209.59.12.99 - - [24/May/2007:03:09:39 -0400] "GET / HTTP/1.0" 200 367 "-" "check_http/1.81 (nagios-plugins 1.4)"
209.59.12.99 - - [24/May/2007:03:14:38 -0400] "GET / HTTP/1.0" 200 367 "-" "check_http/1.81 (nagios-plugins 1.4)"
66.249.67.82 - - [24/May/2007:03:15:03 -0400] "GET /logs/access_log.Q107052100 HTTP/1.1" 200 3440926 "-" "Mozilla/5.0 (compatible; Googlebot/2.1; +http://www.google.com/bot.html)"
209.59.12.99 - - [24/May/2007:03:19:38 -0400] "GET / HTTP/1.0" 200 367 "-" "check_http/1.81 (nagios-plugins 1.4)"
209.59.12.99 - - [24/May/2007:03:24:39 -0400] "GET / HTTP/1.0" 200 367 "-" "check_http/1.81 (nagios-plugins 1.4)"
209.59.12.99 - - [24/May/2007:03:29:38 -0400] "GET / HTTP/1.0" 200 367 "-" "check_http/1.81 (nagios-plugins 1.4)"
66.249.67.82 - - [24/May/2007:03:30:01 -0400] "GET /logs/access_log.Q107052200 HTTP/1.1" 200 3794564 "-" "Mozilla/5.0 (compatible; Googlebot/2.1; +http://www.google.com/bot.html)"
209.59.12.99 - - [24/May/2007:03:34:39 -0400] "GET / HTTP/1.0" 200 367 "-" "check_http/1.81 (nagios-plugins 1.4)"
209.59.12.99 - - [24/May/2007:03:39:38 -0400] "GET / HTTP/1.0" 200 367 "-" "check_http/1.81 (nagios-plugins 1.4)"
209.59.12.99 - - [24/May/2007:03:44:38 -0400] "GET / HTTP/1.0" 200 367 "-" "check_http/1.81 (nagios-plugins 1.4)"
66.249.67.82 - - [24/May/2007:03:46:09 -0400] "GET /CGI-BIN/LANSAWEB?WEBEVENT+L5D5DB30C24205800B9F3057+M37+ENG HTTP/1.1" 500 197 "-" "Mozilla/5.0 (compatible; Googlebot/2.1; +http://www.google.com/bot.html)"
209.59.12.99 - - [24/May/2007:03:49:39 -0400] "GET / HTTP/1.0" 200 367 "-" "check_http/1.81 (nagios-plugins 1.4)"
209.59.12.99 - - [24/May/2007:03:54:37 -0400] "GET / HTTP/1.0" 200 367 "-" "check_http/1.81 (nagios-plugins 1.4)"
209.59.12.99 - - [24/May/2007:03:59:39 -0400] "GET / HTTP/1.0" 200 367 "-" "check_http/1.81 (nagios-plugins 1.4)"
209.59.12.99 - - [24/May/2007:04:04:38 -0400] "GET / HTTP/1.0" 200 367 "-" "check_http/1.81 (nagios-plugins 1.4)"
192.192.90.251 - - [24/May/2007:04:09:20 -0400] "GET /images/store_sutures_section.jpg HTTP/1.1" 304 - "-" "Mozilla/4.0 (compatible;)"
209.59.12.99 - - [24/May/2007:04:09:38 -0400] "GET / HTTP/1.0" 200 367 "-" "check_http/1.81 (nagios-plugins 1.4)"
209.59.12.99 - - [24/May/2007:04:14:39 -0400] "GET / HTTP/1.0" 200 367 "-" "check_http/1.81 (nagios-plugins 1.4)"
209.59.12.99 - - [24/May/2007:04:19:37 -0400] "GET / HTTP/1.0" 200 367 "-" "check_http/1.81 (nagios-plugins 1.4)"
192.192.90.251 - - [24/May/2007:04:22:53 -0400] "GET /images/nav04_conven_off.jpg HTTP/1.1" 304 - "-" "Mozilla/4.0 (compatible;)"
209.59.12.99 - - [24/May/2007:04:24:38 -0400] "GET / HTTP/1.0" 200 367 "-" "check_http/1.81 (nagios-plugins 1.4)"
209.59.12.99 - - [24/May/2007:04:29:39 -0400] "GET / HTTP/1.0" 200 367 "-" "check_http/1.81 (nagios-plugins 1.4)"
209.59.12.99 - - [24/May/2007:04:34:38 -0400] "GET / HTTP/1.0" 200 367 "-" "check_http/1.81 (nagios-plugins 1.4)"
209.59.12.99 - - [24/May/2007:04:39:42 -0400] "GET / HTTP/1.0" 200 367 "-" "check_http/1.81 (nagios-plugins 1.4)"
82.100.245.74 - - [24/May/2007:04:43:10 -0400] "GET /cgi-bin/lansaweb?procfun+wordpr01+webfunc+M37 HTTP/1.1" 500 553 "http://www.acesurgical.com/home_May07.html" "Mozilla/5.0 (Windows; U; Windows NT 5.1; de; rv:1.8.1.3) Gecko/20070309 Firefox/2.0.0.3"
82.100.245.74 - - [24/May/2007:04:43:11 -0400] "GET /favicon.ico HTTP/1.1" 404 209 "-" "Mozilla/5.0 (Windows; U; Windows NT 5.1; de; rv:1.8.1.3) Gecko/20070309 Firefox/2.0.0.3"
209.59.12.99 - - [24/May/2007:04:44:38 -0400] "GET / HTTP/1.0" 200 367 "-" "check_http/1.81 (nagios-plugins 1.4)"
209.59.12.99 - - [24/May/2007:04:49:38 -0400] "GET / HTTP/1.0" 200 367 "-" "check_http/1.81 (nagios-plugins 1.4)"
209.59.12.99 - - [24/May/2007:04:54:39 -0400] "GET / HTTP/1.0" 200 367 "-" "check_http/1.81 (nagios-plugins 1.4)"
209.59.12.99 - - [24/May/2007:04:59:37 -0400] "GET / HTTP/1.0" 200 367 "-" "check_http/1.81 (nagios-plugins 1.4)"
209.59.12.99 - - [24/May/2007:05:04:38 -0400] "GET / HTTP/1.0" 200 367 "-" "check_http/1.81 (nagios-plugins 1.4)"
209.59.12.99 - - [24/May/2007:05:09:38 -0400] "GET / HTTP/1.0" 200 367 "-" "check_http/1.81 (nagios-plugins 1.4)"
209.59.12.99 - - [24/May/2007:05:14:38 -0400] "GET / HTTP/1.0" 200 367 "-" "check_http/1.81 (nagios-plugins 1.4)"
209.59.12.99 - - [24/May/2007:05:19:39 -0400] "GET / HTTP/1.0" 200 367 "-" "check_http/1.81 (nagios-plugins 1.4)"
209.59.12.99 - - [24/May/2007:05:24:38 -0400] "GET / HTTP/1.0" 200 367 "-" "check_http/1.81 (nagios-plugins 1.4)"
209.59.12.99 - - [24/May/2007:05:29:39 -0400] "GET / HTTP/1.0" 200 367 "-" "check_http/1.81 (nagios-plugins 1.4)"
212.174.130.124 - - [24/May/2007:05:31:38 -0400] "GET /robots.txt HTTP/1.1" 404 208 "-" "BilgiBot/1.0(beta) (http://www.bilgi.com/; bilgi at bilgi dot com)"
212.174.130.124 - - [24/May/2007:05:31:39 -0400] "GET / HTTP/1.1" 200 367 "-" "BilgiBot/1.0(beta) (http://www.bilgi.com/; bilgi at bilgi dot com)"
147.156.138.19 - - [24/May/2007:05:32:56 -0400] "GET /cgi-bin/lansaweb?procfun+wordpr01+webfunc+M37 HTTP/1.1" 500 553 "http://www.acesurgical.com/home_May07.html" "Mozilla/5.0 (Macintosh; U; PPC Mac OS X; es-es) AppleWebKit/419 (KHTML, like Gecko) Safari/419.3"
147.156.138.19 - - [24/May/2007:05:32:56 -0400] "GET /favicon.ico HTTP/1.1" 404 209 "-" "Mozilla/5.0 (Macintosh; U; PPC Mac OS X; es-es) AppleWebKit/419 (KHTML, like Gecko) Safari/419.3"
147.156.138.19 - - [24/May/2007:05:33:01 -0400] "GET /cgi-bin/lansaweb?procfun+wordpr01+webfunc+M37 HTTP/1.1" 500 553 "http://www.acesurgical.com/home_May07.html" "Mozilla/5.0 (Macintosh; U; PPC Mac OS X; es-es) AppleWebKit/419 (KHTML, like Gecko) Safari/419.3"
147.156.138.19 - - [24/May/2007:05:33:02 -0400] "GET /favicon.ico HTTP/1.1" 404 209 "-" "Mozilla/5.0 (Macintosh; U; PPC Mac OS X; es-es) AppleWebKit/419 (KHTML, like Gecko) Safari/419.3"
147.156.138.19 - - [24/May/2007:05:33:14 -0400] "GET /cgi-bin/lansaweb?procfun+wordpr01+webfunc+M37 HTTP/1.1" 500 553 "http://www.acesurgical.com/about.html" "Mozilla/5.0 (Macintosh; U; PPC Mac OS X; es-es) AppleWebKit/419 (KHTML, like Gecko) Safari/419.3"
147.156.138.19 - - [24/May/2007:05:33:15 -0400] "GET /favicon.ico HTTP/1.1" 404 209 "-" "Mozilla/5.0 (Macintosh; U; PPC Mac OS X; es-es) AppleWebKit/419 (KHTML, like Gecko) Safari/419.3"
147.156.138.19 - - [24/May/2007:05:33:16 -0400] "GET / HTTP/1.1" 200 367 "http://www.aceonlinestore.com/cgi-bin/lansaweb?procfun+wordpr01+webfunc+M37" "Mozilla/5.0 (Macintosh; U; PPC Mac OS X; es-es) AppleWebKit/419 (KHTML, like Gecko) Safari/419.3"
147.156.138.19 - - [24/May/2007:05:33:16 -0400] "GET /favicon.ico HTTP/1.1" 404 209 "-" "Mozilla/5.0 (Macintosh; U; PPC Mac OS X; es-es) AppleWebKit/419 (KHTML, like Gecko) Safari/419.3"
209.59.12.99 - - [24/May/2007:05:34:38 -0400] "GET / HTTP/1.0" 200 367 "-" "check_http/1.81 (nagios-plugins 1.4)"
66.249.67.82 - - [24/May/2007:05:36:29 -0400] "GET /CGI-BIN/LANSAWEB?PROCFUN+WORDPR01+WEBFUNC+M37+FUNCPARMS+STD_DESC(A0300):50001_________________________ HTTP/1.1" 500 553 "-" "Mozilla/5.0 (compatible; Googlebot/2.1; +http://www.google.com/bot.html)"
209.59.12.99 - - [24/May/2007:05:39:38 -0400] "GET / HTTP/1.0" 200 367 "-" "check_http/1.81 (nagios-plugins 1.4)"
209.59.12.99 - - [24/May/2007:05:44:38 -0400] "GET / HTTP/1.0" 200 367 "-" "check_http/1.81 (nagios-plugins 1.4)"
209.59.12.99 - - [24/May/2007:05:49:38 -0400] "GET / HTTP/1.0" 200 367 "-" "check_http/1.81 (nagios-plugins 1.4)"
209.59.12.99 - - [24/May/2007:05:54:38 -0400] "GET / HTTP/1.0" 200 367 "-" "check_http/1.81 (nagios-plugins 1.4)"
209.59.12.99 - - [24/May/2007:05:59:37 -0400] "GET / HTTP/1.0" 200 367 "-" "check_http/1.81 (nagios-plugins 1.4)"
209.59.12.99 - - [24/May/2007:06:04:38 -0400] "GET / HTTP/1.0" 200 367 "-" "check_http/1.81 (nagios-plugins 1.4)"
209.59.12.99 - - [24/May/2007:06:09:38 -0400] "GET / HTTP/1.0" 200 367 "-" "check_http/1.81 (nagios-plugins 1.4)"
209.59.12.99 - - [24/May/2007:06:14:38 -0400] "GET / HTTP/1.0" 200 367 "-" "check_http/1.81 (nagios-plugins 1.4)"
209.59.12.99 - - [24/May/2007:06:19:38 -0400] "GET / HTTP/1.0" 200 367 "-" "check_http/1.81 (nagios-plugins 1.4)"
209.59.12.99 - - [24/May/2007:06:24:39 -0400] "GET / HTTP/1.0" 200 367 "-" "check_http/1.81 (nagios-plugins 1.4)"
209.59.12.99 - - [24/May/2007:06:29:39 -0400] "GET / HTTP/1.0" 200 367 "-" "check_http/1.81 (nagios-plugins 1.4)"
209.59.12.99 - - [24/May/2007:06:34:38 -0400] "GET / HTTP/1.0" 200 367 "-" "check_http/1.81 (nagios-plugins 1.4)"
209.59.12.99 - - [24/May/2007:06:39:39 -0400] "GET / HTTP/1.0" 200 367 "-" "check_http/1.81 (nagios-plugins 1.4)"
209.59.12.99 - - [24/May/2007:06:44:40 -0400] "GET / HTTP/1.0" 200 367 "-" "check_http/1.81 (nagios-plugins 1.4)"
209.59.12.99 - - [24/May/2007:06:49:39 -0400] "GET / HTTP/1.0" 200 367 "-" "check_http/1.81 (nagios-plugins 1.4)"
209.59.12.99 - - [24/May/2007:06:54:39 -0400] "GET / HTTP/1.0" 200 367 "-" "check_http/1.81 (nagios-plugins 1.4)"
209.59.12.99 - - [24/May/2007:06:59:39 -0400] "GET / HTTP/1.0" 200 367 "-" "check_http/1.81 (nagios-plugins 1.4)"
209.59.12.99 - - [24/May/2007:07:04:39 -0400] "GET / HTTP/1.0" 200 367 "-" "check_http/1.81 (nagios-plugins 1.4)"
209.59.12.99 - - [24/May/2007:07:09:40 -0400] "GET / HTTP/1.0" 200 367 "-" "check_http/1.81 (nagios-plugins 1.4)"
209.59.12.99 - - [24/May/2007:07:14:39 -0400] "GET / HTTP/1.0" 200 367 "-" "check_http/1.81 (nagios-plugins 1.4)"
209.59.12.99 - - [24/May/2007:07:19:40 -0400] "GET / HTTP/1.0" 200 367 "-" "check_http/1.81 (nagios-plugins 1.4)"
209.59.12.99 - - [24/May/2007:07:27:49 -0400] "GET / HTTP/1.0" 200 367 "-" "check_http/1.81 (nagios-plugins 1.4)"
66.249.67.82 - - [24/May/2007:07:31:05 -0400] "GET /robots.txt HTTP/1.1" 404 208 "-" "Mozilla/5.0 (compatible; Googlebot/2.1; +http://www.google.com/bot.html)"
66.249.67.82 - - [24/May/2007:07:31:05 -0400] "GET /index.htm HTTP/1.1" 304 - "-" "Mozilla/5.0 (compatible; Googlebot/2.1; +http://www.google.com/bot.html)"
209.59.12.99 - - [24/May/2007:07:32:49 -0400] "GET / HTTP/1.0" 200 367 "-" "check_http/1.81 (nagios-plugins 1.4)"
209.59.12.99 - - [24/May/2007:07:37:50 -0400] "GET / HTTP/1.0" 200 367 "-" "check_http/1.81 (nagios-plugins 1.4)"
209.59.12.99 - - [24/May/2007:07:42:51 -0400] "GET / HTTP/1.0" 200 367 "-" "check_http/1.81 (nagios-plugins 1.4)"
24.123.143.89 - - [24/May/2007:07:44:20 -0400] "GET /cgi-bin/lansaweb?procfun+wordpr01+webfunc+M37 HTTP/1.1" 500 553 "http://www.acesurgical.com/home_flash.html" "Mozilla/4.0 (compatible; MSIE 6.0; Windows NT 5.1)"
24.123.143.89 - - [24/May/2007:07:44:30 -0400] "GET / HTTP/1.1" 200 367 "-" "Mozilla/4.0 (compatible; MSIE 6.0; Windows NT 5.1)"
24.123.143.89 - - [24/May/2007:07:44:34 -0400] "GET /images/ HTTP/1.1" 200 47384 "http://www.aceonlinestore.com/" "Mozilla/4.0 (compatible; MSIE 6.0; Windows NT 5.1)"
24.123.143.89 - - [24/May/2007:07:44:38 -0400] "GET / HTTP/1.1" 200 367 "http://www.aceonlinestore.com/images/" "Mozilla/4.0 (compatible; MSIE 6.0; Windows NT 5.1)"
24.123.143.89 - - [24/May/2007:07:44:41 -0400] "GET /cgi-bin/lansaweb?procfun+wordpr01+webfunc+M37 HTTP/1.1" 500 553 "http://www.acesurgical.com/home_flash.html" "Mozilla/4.0 (compatible; MSIE 6.0; Windows NT 5.1)"
24.123.143.89 - - [24/May/2007:07:44:47 -0400] "GET /cgi-bin/lansaweb?procfun+wordpr01+webfunc+M37 HTTP/1.1" 500 553 "http://www.acesurgical.com/home_flash.html" "Mozilla/4.0 (compatible; MSIE 6.0; Windows NT 5.1)"
24.123.143.89 - - [24/May/2007:07:45:20 -0400] "GET /cgi-bin/lansaweb?procfun+wordpr01+webfunc+M37 HTTP/1.1" 500 553 "http://www.acesurgical.com/home_flash.html" "Mozilla/4.0 (compatible; MSIE 6.0; Windows NT 5.1)"
24.123.143.89 - - [24/May/2007:07:45:28 -0400] "GET /cgi-bin/lansaweb?procfun+wordpr01+webfunc+M37 HTTP/1.1" 500 553 "http://www.acesurgical.com/home_flash.html" "Mozilla/4.0 (compatible; MSIE 6.0; Windows NT 5.1)"
24.123.143.89 - - [24/May/2007:07:46:02 -0400] "GET /cgi-bin/lansaweb?procfun+wordpr01+webfunc+M37 HTTP/1.1" 500 553 "http://www.acesurgical.com/home_flash.html" "Mozilla/4.0 (compatible; MSIE 6.0; Windows NT 5.1)"
24.123.143.89 - - [24/May/2007:07:46:25 -0400] "GET /cgi-bin/lansaweb?procfun+wordpr01+webfunc+M37 HTTP/1.1" 500 553 "http://www.acesurgical.com/home_flash.html" "Mozilla/4.0 (compatible; MSIE 6.0; Windows NT 5.1)"
24.123.143.89 - - [24/May/2007:07:47:06 -0400] "GET /cgi-bin/lansaweb?procfun+wordpr01+webfunc+M37 HTTP/1.1" 500 553 "http://www.acesurgical.com/home_flash.html" "Mozilla/4.0 (compatible; MSIE 6.0; Windows NT 5.1)"
209.59.12.99 - - [24/May/2007:07:47:56 -0400] "GET / HTTP/1.0" 200 367 "-" "check_http/1.81 (nagios-plugins 1.4)"
81.84.242.108 - - [24/May/2007:07:51:00 -0400] "GET /cgi-bin/lansaweb?procfun+wordpr01+webfunc+M37 HTTP/1.1" 500 553 "-" "Mozilla/4.0 (compatible; MSIE 7.0; Windows NT 6.0; SLCC1; .NET CLR 2.0.50727; Media Center PC 5.0; .NET CLR 3.0.04506)"
81.84.242.108 - - [24/May/2007:07:51:11 -0400] "GET / HTTP/1.1" 200 367 "-" "Mozilla/4.0 (compatible; MSIE 7.0; Windows NT 6.0; SLCC1; .NET CLR 2.0.50727; Media Center PC 5.0; .NET CLR 3.0.04506)"
81.84.242.108 - - [24/May/2007:07:51:20 -0400] "GET /cgi-bin/lansaweb?procfun+wordpr01+webfunc+M37 HTTP/1.1" 500 553 "-" "Mozilla/4.0 (compatible; MSIE 7.0; Windows NT 6.0; SLCC1; .NET CLR 2.0.50727; Media Center PC 5.0; .NET CLR 3.0.04506)"
209.59.12.99 - - [24/May/2007:07:52:52 -0400] "GET / HTTP/1.0" 200 367 "-" "check_http/1.81 (nagios-plugins 1.4)"
152.163.100.8 - - [24/May/2007:07:53:37 -0400] "HEAD /images/prev.gif HTTP/1.1" 200 - "-" "Mozilla/4.0 (compatible; MSIE 7.0; AOL 9.0; Windows NT 5.1; .NET CLR 1.1.4322; .NET CLR 2.0.50727; .NET CLR 3.0.04506.30)"
152.163.100.197 - - [24/May/2007:07:53:37 -0400] "HEAD /images/next.gif HTTP/1.1" 200 - "-" "Mozilla/4.0 (compatible; MSIE 7.0; AOL 9.0; Windows NT 5.1; .NET CLR 1.1.4322; .NET CLR 2.0.50727; .NET CLR 3.0.04506.30)"
152.163.101.17 - - [24/May/2007:07:53:37 -0400] "HEAD /images/fav_a-a.gif HTTP/1.1" 200 - "-" "Mozilla/4.0 (compatible; MSIE 7.0; AOL 9.0; Windows NT 5.1; .NET CLR 1.1.4322; .NET CLR 2.0.50727; .NET CLR 3.0.04506.30)"
152.163.101.18 - - [24/May/2007:07:53:37 -0400] "HEAD /images/fav_a-b.gif HTTP/1.1" 200 - "-" "Mozilla/4.0 (compatible; MSIE 7.0; AOL 9.0; Windows NT 5.1; .NET CLR 1.1.4322; .NET CLR 2.0.50727; .NET CLR 3.0.04506.30)"
152.163.100.140 - - [24/May/2007:07:53:37 -0400] "HEAD /images/psearch_go-over.gif HTTP/1.1" 200 - "-" "Mozilla/4.0 (compatible; MSIE 7.0; AOL 9.0; Windows NT 5.1; .NET CLR 1.1.4322; .NET CLR 2.0.50727; .NET CLR 3.0.04506.30)"
81.84.242.108 - - [24/May/2007:07:56:34 -0400] "GET /cgi-bin/lansaweb?procfun+wordpr01+webfunc+M37 HTTP/1.1" 500 553 "http://www.acesurgical.com/home_May07.html" "Mozilla/4.0 (compatible; MSIE 7.0; Windows NT 6.0; SLCC1; .NET CLR 2.0.50727; Media Center PC 5.0; .NET CLR 3.0.04506)"
81.84.242.108 - - [24/May/2007:07:57:40 -0400] "GET /cgi-bin/lansaweb?procfun+wordpr01+webfunc+M37 HTTP/1.1" 500 553 "http://www.acesurgical.com/home_May07.html" "Mozilla/4.0 (compatible; MSIE 7.0; Windows NT 6.0; SLCC1; .NET CLR 2.0.50727; Media Center PC 5.0; .NET CLR 3.0.04506)"
209.59.12.99 - - [24/May/2007:07:57:53 -0400] "GET / HTTP/1.0" 200 367 "-" "check_http/1.81 (nagios-plugins 1.4)"
209.59.12.99 - - [24/May/2007:08:02:52 -0400] "GET / HTTP/1.0" 200 367 "-" "check_http/1.81 (nagios-plugins 1.4)"
81.84.242.108 - - [24/May/2007:08:04:00 -0400] "GET /cgi-bin/lansaweb?procfun+wordpr01+webfunc+M37 HTTP/1.1" 500 553 "http://www.acesurgical.com/home_workshop.html" "Mozilla/4.0 (compatible; MSIE 6.0; Windows NT 5.0; .NET CLR 1.1.4322)"
81.84.242.108 - - [24/May/2007:08:04:01 -0400] "GET /favicon.ico HTTP/1.1" 404 209 "-" "Mozilla/4.0 (compatible; MSIE 6.0; Windows NT 5.0; .NET CLR 1.1.4322)"
209.59.12.99 - - [24/May/2007:08:07:52 -0400] "GET / HTTP/1.0" 200 367 "-" "check_http/1.81 (nagios-plugins 1.4)"
209.59.12.99 - - [24/May/2007:08:12:52 -0400] "GET / HTTP/1.0" 200 367 "-" "check_http/1.81 (nagios-plugins 1.4)"
81.84.242.108 - - [24/May/2007:08:13:53 -0400] "GET /cgi-bin/lansaweb?procfun+wordpr01+webfunc+M37 HTTP/1.1" 500 553 "http://www.acesurgical.com/home_May07.html" "Mozilla/4.0 (compatible; MSIE 7.0; Windows NT 6.0; SLCC1; .NET CLR 2.0.50727; Media Center PC 5.0; .NET CLR 3.0.04506)"
81.84.242.108 - - [24/May/2007:08:13:56 -0400] "GET / HTTP/1.1" 200 367 "-" "Mozilla/4.0 (compatible; MSIE 7.0; Windows NT 6.0; SLCC1; .NET CLR 2.0.50727; Media Center PC 5.0; .NET CLR 3.0.04506)"
81.84.242.108 - - [24/May/2007:08:14:00 -0400] "GET /cgi-bin/lansaweb?procfun+wordpr01+webfunc+M37 HTTP/1.1" 500 553 "http://www.acesurgical.com/home_May07.html" "Mozilla/4.0 (compatible; MSIE 7.0; Windows NT 6.0; SLCC1; .NET CLR 2.0.50727; Media Center PC 5.0; .NET CLR 3.0.04506)"
81.84.242.108 - - [24/May/2007:08:14:03 -0400] "GET /cgi-bin/lansaweb?procfun+wordpr01+webfunc+M37 HTTP/1.1" 500 553 "http://www.acesurgical.com/home_May07.html" "Mozilla/4.0 (compatible; MSIE 7.0; Windows NT 6.0; SLCC1; .NET CLR 2.0.50727; Media Center PC 5.0; .NET CLR 3.0.04506)"
209.59.12.99 - - [24/May/2007:08:17:52 -0400] "GET / HTTP/1.0" 200 367 "-" "check_http/1.81 (nagios-plugins 1.4)"
209.59.12.99 - - [24/May/2007:08:22:52 -0400] "GET / HTTP/1.0" 200 367 "-" "check_http/1.81 (nagios-plugins 1.4)"
72.85.221.102 - - [24/May/2007:08:23:15 -0400] "GET /cgi-bin/lansaweb?procfun+wordpr01+webfunc+M37 HTTP/1.1" 500 553 "http://www.acesurgical.com/home_May07.html" "Mozilla/4.0 (compatible; MSIE 6.0; Windows NT 5.1; SV1; .NET CLR 1.1.4322; .NET CLR 2.0.50727)"
72.85.221.102 - - [24/May/2007:08:23:41 -0400] "GET /cgi-bin/lansaweb?procfun+wordpr01+webfunc+M37 HTTP/1.1" 500 553 "http://www.acesurgical.com/home_May07.html" "Mozilla/4.0 (compatible; MSIE 6.0; Windows NT 5.1; SV1; .NET CLR 1.1.4322; .NET CLR 2.0.50727)"
72.85.221.102 - - [24/May/2007:08:24:25 -0400] "GET /cgi-bin/lansaweb?procfun+wordpr01+webfunc+M37 HTTP/1.1" 500 553 "http://www.acesurgical.com/home_May07.html" "Mozilla/4.0 (compatible; MSIE 6.0; Windows NT 5.1; SV1; .NET CLR 1.1.4322; .NET CLR 2.0.50727)"
72.85.221.102 - - [24/May/2007:08:24:32 -0400] "GET / HTTP/1.1" 200 367 "-" "Mozilla/4.0 (compatible; MSIE 6.0; Windows NT 5.1; SV1; .NET CLR 1.1.4322; .NET CLR 2.0.50727)"
72.85.221.102 - - [24/May/2007:08:24:39 -0400] "GET /cgi-bin/lansaweb?procfun+wordpr01+webfunc+M37 HTTP/1.1" 500 553 "http://www.acesurgical.com/home_May07.html" "Mozilla/4.0 (compatible; MSIE 6.0; Windows NT 5.1; SV1; .NET CLR 1.1.4322; .NET CLR 2.0.50727)"
72.85.221.102 - - [24/May/2007:08:24:49 -0400] "GET /cgi-bin/lansaweb?procfun+wordpr01+webfunc+M37 HTTP/1.1" 500 553 "http://www.acesurgical.com/connect.html" "Mozilla/4.0 (compatible; MSIE 6.0; Windows NT 5.1; SV1; .NET CLR 1.1.4322; .NET CLR 2.0.50727)"
72.85.221.102 - - [24/May/2007:08:25:59 -0400] "GET /cgi-bin/lansaweb?procfun+wordpr01+webfunc+M37 HTTP/1.1" 500 553 "http://www.acesurgical.com/downloads.html" "Mozilla/4.0 (compatible; MSIE 6.0; Windows NT 5.1; SV1; .NET CLR 1.1.4322; .NET CLR 2.0.50727)"
205.188.116.14 - - [24/May/2007:08:27:13 -0400] "HEAD /images/store_pharma_section.jpg HTTP/1.1" 200 - "-" "Mozilla/4.0 (compatible; MSIE 7.0; AOL 9.0; Windows NT 5.1; FunWebProducts; .NET CLR 1.1.4322)"
205.188.116.202 - - [24/May/2007:08:27:13 -0400] "HEAD /images/search.gif HTTP/1.1" 200 - "-" "Mozilla/4.0 (compatible; MSIE 7.0; AOL 9.0; Windows NT 5.1; FunWebProducts; .NET CLR 1.1.4322)"
205.188.116.140 - - [24/May/2007:08:27:13 -0400] "HEAD /images/login.gif HTTP/1.1" 200 - "-" "Mozilla/4.0 (compatible; MSIE 7.0; AOL 9.0; Windows NT 5.1; FunWebProducts; .NET CLR 1.1.4322)"
205.188.116.209 - - [24/May/2007:08:27:13 -0400] "HEAD /images/nav_store_index_over.jpg HTTP/1.1" 200 - "-" "Mozilla/4.0 (compatible; MSIE 7.0; AOL 9.0; Windows NT 5.1; FunWebProducts; .NET CLR 1.1.4322)"
205.188.117.13 - - [24/May/2007:08:27:13 -0400] "HEAD /images/store_iv_admin_section.jpg HTTP/1.1" 200 - "-" "Mozilla/4.0 (compatible; MSIE 7.0; AOL 9.0; Windows NT 5.1; FunWebProducts; .NET CLR 1.1.4322)"
205.188.117.20 - - [24/May/2007:08:27:13 -0400] "HEAD /images/spacer.gif HTTP/1.1" 200 - "-" "Mozilla/4.0 (compatible; MSIE 7.0; AOL 9.0; Windows NT 5.1; FunWebProducts; .NET CLR 1.1.4322)"
205.188.117.17 - - [24/May/2007:08:27:13 -0400] "HEAD /images/psearch_go.gif HTTP/1.1" 200 - "-" "Mozilla/4.0 (compatible; MSIE 7.0; AOL 9.0; Windows NT 5.1; FunWebProducts; .NET CLR 1.1.4322)"
205.188.117.8 - - [24/May/2007:08:27:13 -0400] "HEAD /images/nav04_shop_over.jpg HTTP/1.1" 200 - "-" "Mozilla/4.0 (compatible; MSIE 7.0; AOL 9.0; Windows NT 5.1; FunWebProducts; .NET CLR 1.1.4322)"
205.188.116.202 - - [24/May/2007:08:27:13 -0400] "HEAD /images/store_xray_section.jpg HTTP/1.1" 200 - "-" "Mozilla/4.0 (compatible; MSIE 7.0; AOL 9.0; Windows NT 5.1; FunWebProducts; .NET CLR 1.1.4322)"
205.188.116.68 - - [24/May/2007:08:27:13 -0400] "HEAD /images/store_sterile_section.jpg HTTP/1.1" 200 - "-" "Mozilla/4.0 (compatible; MSIE 7.0; AOL 9.0; Windows NT 5.1; FunWebProducts; .NET CLR 1.1.4322)"
205.188.116.132 - - [24/May/2007:08:27:13 -0400] "HEAD /images/sale_promo-icon.gif HTTP/1.1" 200 - "-" "Mozilla/4.0 (compatible; MSIE 7.0; AOL 9.0; Windows NT 5.1; FunWebProducts; .NET CLR 1.1.4322)"
205.188.117.9 - - [24/May/2007:08:27:13 -0400] "GET /cgi-bin/lansaweb?procfun+wordpr01+webfunc+M37 HTTP/1.1" 500 553 "http://acesurgical.com/home_May07.html" "Mozilla/4.0 (compatible; MSIE 7.0; AOL 9.0; Windows NT 5.1; FunWebProducts; .NET CLR 1.1.4322)"
205.188.116.77 - - [24/May/2007:08:27:13 -0400] "HEAD /images/store_syringe_section.jpg HTTP/1.1" 200 - "-" "Mozilla/4.0 (compatible; MSIE 7.0; AOL 9.0; Windows NT 5.1; FunWebProducts; .NET CLR 1.1.4322)"
205.188.116.80 - - [24/May/2007:08:27:13 -0400] "HEAD /images/login_go.gif HTTP/1.1" 200 - "-" "Mozilla/4.0 (compatible; MSIE 7.0; AOL 9.0; Windows NT 5.1; FunWebProducts; .NET CLR 1.1.4322)"
205.188.117.10 - - [24/May/2007:08:27:13 -0400] "HEAD /images/store_implant_section.jpg HTTP/1.1" 200 - "-" "Mozilla/4.0 (compatible; MSIE 7.0; AOL 9.0; Windows NT 5.1; FunWebProducts; .NET CLR 1.1.4322)"
205.188.116.80 - - [24/May/2007:08:27:27 -0400] "HEAD /images/login_go.gif HTTP/1.1" 200 - "-" "Mozilla/4.0 (compatible; MSIE 7.0; AOL 9.0; Windows NT 5.1; FunWebProducts; .NET CLR 1.1.4322)"
205.188.116.140 - - [24/May/2007:08:27:27 -0400] "HEAD /images/login.gif HTTP/1.1" 200 - "-" "Mozilla/4.0 (compatible; MSIE 7.0; AOL 9.0; Windows NT 5.1; FunWebProducts; .NET CLR 1.1.4322)"
205.188.116.68 - - [24/May/2007:08:27:27 -0400] "HEAD /images/store_sterile_section.jpg HTTP/1.1" 200 - "-" "Mozilla/4.0 (compatible; MSIE 7.0; AOL 9.0; Windows NT 5.1; FunWebProducts; .NET CLR 1.1.4322)"
205.188.116.77 - - [24/May/2007:08:27:27 -0400] "HEAD /images/store_syringe_section.jpg HTTP/1.1" 200 - "-" "Mozilla/4.0 (compatible; MSIE 7.0; AOL 9.0; Windows NT 5.1; FunWebProducts; .NET CLR 1.1.4322)"
205.188.116.202 - - [24/May/2007:08:27:27 -0400] "HEAD /images/search.gif HTTP/1.1" 200 - "-" "Mozilla/4.0 (compatible; MSIE 7.0; AOL 9.0; Windows NT 5.1; FunWebProducts; .NET CLR 1.1.4322)"
205.188.116.132 - - [24/May/2007:08:27:27 -0400] "HEAD /images/sale_promo-icon.gif HTTP/1.1" 200 - "-" "Mozilla/4.0 (compatible; MSIE 7.0; AOL 9.0; Windows NT 5.1; FunWebProducts; .NET CLR 1.1.4322)"
205.188.116.202 - - [24/May/2007:08:27:27 -0400] "HEAD /images/store_xray_section.jpg HTTP/1.1" 200 - "-" "Mozilla/4.0 (compatible; MSIE 7.0; AOL 9.0; Windows NT 5.1; FunWebProducts; .NET CLR 1.1.4322)"
205.188.117.10 - - [24/May/2007:08:27:27 -0400] "HEAD /images/store_implant_section.jpg HTTP/1.1" 200 - "-" "Mozilla/4.0 (compatible; MSIE 7.0; AOL 9.0; Windows NT 5.1; FunWebProducts; .NET CLR 1.1.4322)"
205.188.116.209 - - [24/May/2007:08:27:27 -0400] "HEAD /images/nav_store_index_over.jpg HTTP/1.1" 200 - "-" "Mozilla/4.0 (compatible; MSIE 7.0; AOL 9.0; Windows NT 5.1; FunWebProducts; .NET CLR 1.1.4322)"
205.188.117.9 - - [24/May/2007:08:27:27 -0400] "GET /cgi-bin/lansaweb?procfun+wordpr01+webfunc+M37 HTTP/1.1" 500 553 "http://acesurgical.com/home_May07.html" "Mozilla/4.0 (compatible; MSIE 7.0; AOL 9.0; Windows NT 5.1; FunWebProducts; .NET CLR 1.1.4322)"
205.188.117.20 - - [24/May/2007:08:27:31 -0400] "HEAD /images/spacer.gif HTTP/1.1" 200 - "-" "Mozilla/4.0 (compatible; MSIE 7.0; AOL 9.0; Windows NT 5.1; FunWebProducts; .NET CLR 1.1.4322)"
205.188.117.17 - - [24/May/2007:08:27:31 -0400] "HEAD /images/psearch_go.gif HTTP/1.1" 200 - "-" "Mozilla/4.0 (compatible; MSIE 7.0; AOL 9.0; Windows NT 5.1; FunWebProducts; .NET CLR 1.1.4322)"
205.188.117.13 - - [24/May/2007:08:27:31 -0400] "HEAD /images/store_iv_admin_section.jpg HTTP/1.1" 200 - "-" "Mozilla/4.0 (compatible; MSIE 7.0; AOL 9.0; Windows NT 5.1; FunWebProducts; .NET CLR 1.1.4322)"
205.188.117.8 - - [24/May/2007:08:27:31 -0400] "HEAD /images/nav04_shop_over.jpg HTTP/1.1" 200 - "-" "Mozilla/4.0 (compatible; MSIE 7.0; AOL 9.0; Windows NT 5.1; FunWebProducts; .NET CLR 1.1.4322)"
205.188.116.14 - - [24/May/2007:08:27:31 -0400] "HEAD /images/store_pharma_section.jpg HTTP/1.1" 200 - "-" "Mozilla/4.0 (compatible; MSIE 7.0; AOL 9.0; Windows NT 5.1; FunWebProducts; .NET CLR 1.1.4322)"
205.188.117.14 - - [24/May/2007:08:27:35 -0400] "GET / HTTP/1.1" 200 367 "-" "Mozilla/4.0 (compatible; MSIE 7.0; AOL 9.0; Windows NT 5.1; FunWebProducts; .NET CLR 1.1.4322)"
205.188.116.80 - - [24/May/2007:08:27:50 -0400] "HEAD /images/login_go.gif HTTP/1.1" 200 - "-" "Mozilla/4.0 (compatible; MSIE 7.0; AOL 9.0; Windows NT 5.1; FunWebProducts; .NET CLR 1.1.4322)"
205.188.116.68 - - [24/May/2007:08:27:50 -0400] "HEAD /images/store_sterile_section.jpg HTTP/1.1" 200 - "-" "Mozilla/4.0 (compatible; MSIE 7.0; AOL 9.0; Windows NT 5.1; FunWebProducts; .NET CLR 1.1.4322)"
205.188.116.202 - - [24/May/2007:08:27:50 -0400] "HEAD /images/search.gif HTTP/1.1" 200 - "-" "Mozilla/4.0 (compatible; MSIE 7.0; AOL 9.0; Windows NT 5.1; FunWebProducts; .NET CLR 1.1.4322)"
205.188.117.13 - - [24/May/2007:08:27:50 -0400] "HEAD /images/store_iv_admin_section.jpg HTTP/1.1" 200 - "-" "Mozilla/4.0 (compatible; MSIE 7.0; AOL 9.0; Windows NT 5.1; FunWebProducts; .NET CLR 1.1.4322)"
205.188.116.202 - - [24/May/2007:08:27:50 -0400] "HEAD /images/store_xray_section.jpg HTTP/1.1" 200 - "-" "Mozilla/4.0 (compatible; MSIE 7.0; AOL 9.0; Windows NT 5.1; FunWebProducts; .NET CLR 1.1.4322)"
205.188.116.209 - - [24/May/2007:08:27:50 -0400] "HEAD /images/nav_store_index_over.jpg HTTP/1.1" 200 - "-" "Mozilla/4.0 (compatible; MSIE 7.0; AOL 9.0; Windows NT 5.1; FunWebProducts; .NET CLR 1.1.4322)"
205.188.116.140 - - [24/May/2007:08:27:50 -0400] "HEAD /images/login.gif HTTP/1.1" 200 - "-" "Mozilla/4.0 (compatible; MSIE 7.0; AOL 9.0; Windows NT 5.1; FunWebProducts; .NET CLR 1.1.4322)"
205.188.116.132 - - [24/May/2007:08:27:50 -0400] "HEAD /images/sale_promo-icon.gif HTTP/1.1" 200 - "-" "Mozilla/4.0 (compatible; MSIE 7.0; AOL 9.0; Windows NT 5.1; FunWebProducts; .NET CLR 1.1.4322)"
205.188.117.17 - - [24/May/2007:08:27:50 -0400] "HEAD /images/psearch_go.gif HTTP/1.1" 200 - "-" "Mozilla/4.0 (compatible; MSIE 7.0; AOL 9.0; Windows NT 5.1; FunWebProducts; .NET CLR 1.1.4322)"
205.188.117.8 - - [24/May/2007:08:27:50 -0400] "HEAD /images/nav04_shop_over.jpg HTTP/1.1" 200 - "-" "Mozilla/4.0 (compatible; MSIE 7.0; AOL 9.0; Windows NT 5.1; FunWebProducts; .NET CLR 1.1.4322)"
205.188.117.20 - - [24/May/2007:08:27:50 -0400] "HEAD /images/spacer.gif HTTP/1.1" 200 - "-" "Mozilla/4.0 (compatible; MSIE 7.0; AOL 9.0; Windows NT 5.1; FunWebProducts; .NET CLR 1.1.4322)"
205.188.116.77 - - [24/May/2007:08:27:50 -0400] "HEAD /images/store_syringe_section.jpg HTTP/1.1" 200 - "-" "Mozilla/4.0 (compatible; MSIE 7.0; AOL 9.0; Windows NT 5.1; FunWebProducts; .NET CLR 1.1.4322)"
205.188.116.14 - - [24/May/2007:08:27:50 -0400] "HEAD /images/store_pharma_section.jpg HTTP/1.1" 200 - "-" "Mozilla/4.0 (compatible; MSIE 7.0; AOL 9.0; Windows NT 5.1; FunWebProducts; .NET CLR 1.1.4322)"
205.188.117.10 - - [24/May/2007:08:27:50 -0400] "HEAD /images/store_implant_section.jpg HTTP/1.1" 200 - "-" "Mozilla/4.0 (compatible; MSIE 7.0; AOL 9.0; Windows NT 5.1; FunWebProducts; .NET CLR 1.1.4322)"
205.188.117.9 - - [24/May/2007:08:27:50 -0400] "GET /cgi-bin/lansaweb?procfun+wordpr01+webfunc+M37 HTTP/1.1" 500 553 "http://acesurgical.com/home_May07.html" "Mozilla/4.0 (compatible; MSIE 7.0; AOL 9.0; Windows NT 5.1; FunWebProducts; .NET CLR 1.1.4322)"
209.59.12.99 - - [24/May/2007:08:27:52 -0400] "GET / HTTP/1.0" 200 367 "-" "check_http/1.81 (nagios-plugins 1.4)"
205.188.117.14 - - [24/May/2007:08:27:55 -0400] "GET / HTTP/1.1" 200 367 "-" "Mozilla/4.0 (compatible; MSIE 7.0; AOL 9.0; Windows NT 5.1; FunWebProducts; .NET CLR 1.1.4322)"
205.188.116.202 - - [24/May/2007:08:28:24 -0400] "HEAD /images/search.gif HTTP/1.1" 200 - "-" "Mozilla/4.0 (compatible; MSIE 7.0; AOL 9.0; Windows NT 5.1; FunWebProducts; .NET CLR 1.1.4322)"
205.188.116.140 - - [24/May/2007:08:28:24 -0400] "HEAD /images/login.gif HTTP/1.1" 200 - "-" "Mozilla/4.0 (compatible; MSIE 7.0; AOL 9.0; Windows NT 5.1; FunWebProducts; .NET CLR 1.1.4322)"
205.188.116.209 - - [24/May/2007:08:28:24 -0400] "HEAD /images/nav_store_index_over.jpg HTTP/1.1" 200 - "-" "Mozilla/4.0 (compatible; MSIE 7.0; AOL 9.0; Windows NT 5.1; FunWebProducts; .NET CLR 1.1.4322)"
205.188.116.77 - - [24/May/2007:08:28:24 -0400] "HEAD /images/store_syringe_section.jpg HTTP/1.1" 200 - "-" "Mozilla/4.0 (compatible; MSIE 7.0; AOL 9.0; Windows NT 5.1; FunWebProducts; .NET CLR 1.1.4322)"
205.188.116.132 - - [24/May/2007:08:28:24 -0400] "HEAD /images/sale_promo-icon.gif HTTP/1.1" 200 - "-" "Mozilla/4.0 (compatible; MSIE 7.0; AOL 9.0; Windows NT 5.1; FunWebProducts; .NET CLR 1.1.4322)"
205.188.116.202 - - [24/May/2007:08:28:24 -0400] "HEAD /images/store_xray_section.jpg HTTP/1.1" 200 - "-" "Mozilla/4.0 (compatible; MSIE 7.0; AOL 9.0; Windows NT 5.1; FunWebProducts; .NET CLR 1.1.4322)"
205.188.117.8 - - [24/May/2007:08:28:24 -0400] "HEAD /images/nav04_shop_over.jpg HTTP/1.1" 200 - "-" "Mozilla/4.0 (compatible; MSIE 7.0; AOL 9.0; Windows NT 5.1; FunWebProducts; .NET CLR 1.1.4322)"
205.188.116.80 - - [24/May/2007:08:28:24 -0400] "HEAD /images/login_go.gif HTTP/1.1" 200 - "-" "Mozilla/4.0 (compatible; MSIE 7.0; AOL 9.0; Windows NT 5.1; FunWebProducts; .NET CLR 1.1.4322)"
205.188.116.68 - - [24/May/2007:08:28:24 -0400] "HEAD /images/store_sterile_section.jpg HTTP/1.1" 200 - "-" "Mozilla/4.0 (compatible; MSIE 7.0; AOL 9.0; Windows NT 5.1; FunWebProducts; .NET CLR 1.1.4322)"
205.188.117.17 - - [24/May/2007:08:28:24 -0400] "HEAD /images/psearch_go.gif HTTP/1.1" 200 - "-" "Mozilla/4.0 (compatible; MSIE 7.0; AOL 9.0; Windows NT 5.1; FunWebProducts; .NET CLR 1.1.4322)"
205.188.117.13 - - [24/May/2007:08:28:24 -0400] "HEAD /images/store_iv_admin_section.jpg HTTP/1.1" 200 - "-" "Mozilla/4.0 (compatible; MSIE 7.0; AOL 9.0; Windows NT 5.1; FunWebProducts; .NET CLR 1.1.4322)"
205.188.117.20 - - [24/May/2007:08:28:24 -0400] "HEAD /images/spacer.gif HTTP/1.1" 200 - "-" "Mozilla/4.0 (compatible; MSIE 7.0; AOL 9.0; Windows NT 5.1; FunWebProducts; .NET CLR 1.1.4322)"
205.188.117.10 - - [24/May/2007:08:28:24 -0400] "HEAD /images/store_implant_section.jpg HTTP/1.1" 200 - "-" "Mozilla/4.0 (compatible; MSIE 7.0; AOL 9.0; Windows NT 5.1; FunWebProducts; .NET CLR 1.1.4322)"
205.188.116.14 - - [24/May/2007:08:28:24 -0400] "HEAD /images/store_pharma_section.jpg HTTP/1.1" 200 - "-" "Mozilla/4.0 (compatible; MSIE 7.0; AOL 9.0; Windows NT 5.1; FunWebProducts; .NET CLR 1.1.4322)"
205.188.117.9 - - [24/May/2007:08:28:24 -0400] "GET /cgi-bin/lansaweb?procfun+wordpr01+webfunc+M37 HTTP/1.1" 500 553 "http://acesurgical.com/home_May07.html" "Mozilla/4.0 (compatible; MSIE 7.0; AOL 9.0; Windows NT 5.1; FunWebProducts; .NET CLR 1.1.4322)"
209.59.12.99 - - [24/May/2007:08:32:53 -0400] "GET / HTTP/1.0" 200 367 "-" "check_http/1.81 (nagios-plugins 1.4)"
209.59.12.99 - - [24/May/2007:08:37:52 -0400] "GET / HTTP/1.0" 200 367 "-" "check_http/1.81 (nagios-plugins 1.4)"
66.139.106.37 - - [24/May/2007:08:41:40 -0400] "GET /cgi-bin/lansaweb?procfun+wordpr01+webfunc+M37 HTTP/1.1" 500 553 "http://www.acesurgical.com/home_May07.html" "Mozilla/4.0 (compatible; MSIE 7.0; Windows NT 5.1; FunWebProducts)"
66.139.106.37 - - [24/May/2007:08:41:43 -0400] "GET /cgi-bin/lansaweb?procfun+wordpr01+webfunc+M37 HTTP/1.1" 500 553 "http://www.acesurgical.com/home_May07.html" "Mozilla/4.0 (compatible; MSIE 7.0; Windows NT 5.1; FunWebProducts)"
66.139.106.37 - - [24/May/2007:08:41:48 -0400] "GET /cgi-bin/lansaweb?procfun+wordpr01+webfunc+M37 HTTP/1.1" 500 553 "http://www.acesurgical.com/home_May07.html" "Mozilla/4.0 (compatible; MSIE 7.0; Windows NT 5.1; FunWebProducts)"
66.139.106.37 - - [24/May/2007:08:41:50 -0400] "GET /cgi-bin/lansaweb?procfun+wordpr01+webfunc+M37 HTTP/1.1" 500 553 "http://www.acesurgical.com/home_May07.html" "Mozilla/4.0 (compatible; MSIE 7.0; Windows NT 5.1; FunWebProducts)"
209.59.12.99 - - [24/May/2007:08:42:52 -0400] "GET / HTTP/1.0" 200 367 "-" "check_http/1.81 (nagios-plugins 1.4)"
69.68.19.142 - - [24/May/2007:08:44:13 -0400] "GET /cgi-bin/lansaweb?procfun+wordpr01+webfunc+M37 HTTP/1.1" 500 553 "http://www.acesurgical.com/home_May07.html" "Mozilla/4.0 (compatible; MSIE 6.0; Windows NT 5.1; SV1; .NET CLR 1.1.4322)"
69.68.19.142 - - [24/May/2007:08:44:17 -0400] "GET / HTTP/1.1" 200 367 "-" "Mozilla/4.0 (compatible; MSIE 6.0; Windows NT 5.1; SV1; .NET CLR 1.1.4322)"
69.68.19.142 - - [24/May/2007:08:44:19 -0400] "GET /cgi-bin/lansaweb?procfun+wordpr01+webfunc+M37 HTTP/1.1" 500 553 "http://www.acesurgical.com/home_May07.html" "Mozilla/4.0 (compatible; MSIE 6.0; Windows NT 5.1; SV1; .NET CLR 1.1.4322)"
69.68.19.142 - - [24/May/2007:08:44:34 -0400] "GET /cgi-bin/lansaweb?procfun+wordpr01+webfunc+M37 HTTP/1.1" 500 553 "http://www.acesurgical.com/home_May07.html" "Mozilla/4.0 (compatible; MSIE 6.0; Windows NT 5.1; SV1; .NET CLR 1.1.4322)"
69.68.19.142 - - [24/May/2007:08:44:36 -0400] "GET / HTTP/1.1" 200 367 "-" "Mozilla/4.0 (compatible; MSIE 6.0; Windows NT 5.1; SV1; .NET CLR 1.1.4322)"
69.68.19.142 - - [24/May/2007:08:44:38 -0400] "GET /Includes/ HTTP/1.1" 200 220 "http://www.aceonlinestore.com/" "Mozilla/4.0 (compatible; MSIE 6.0; Windows NT 5.1; SV1; .NET CLR 1.1.4322)"
69.68.19.142 - - [24/May/2007:08:44:42 -0400] "GET /cgi-bin/lansaweb?procfun+wordpr01+webfunc+M37 HTTP/1.1" 500 553 "http://www.acesurgical.com/home_May07.html" "Mozilla/4.0 (compatible; MSIE 6.0; Windows NT 5.1; SV1; .NET CLR 1.1.4322)"
69.68.19.142 - - [24/May/2007:08:44:51 -0400] "GET /cgi-bin/lansaweb?procfun+wordpr01+webfunc+M37 HTTP/1.1" 500 553 "http://www.acesurgical.com/home_May07.html" "Mozilla/4.0 (compatible; MSIE 6.0; Windows NT 5.1; SV1; .NET CLR 1.1.4322)"
69.68.19.142 - - [24/May/2007:08:45:43 -0400] "GET /cgi-bin/lansaweb?procfun+wordpr01+webfunc+M37 HTTP/1.1" 500 553 "http://www.acesurgical.com/catalogs.html" "Mozilla/4.0 (compatible; MSIE 6.0; Windows NT 5.1; SV1; .NET CLR 1.1.4322)"
209.59.12.99 - - [24/May/2007:08:47:52 -0400] "GET / HTTP/1.0" 200 367 "-" "check_http/1.81 (nagios-plugins 1.4)"
209.59.12.99 - - [24/May/2007:08:52:53 -0400] "GET / HTTP/1.0" 200 367 "-" "check_http/1.81 (nagios-plugins 1.4)"
209.59.12.99 - - [24/May/2007:08:57:54 -0400] "GET / HTTP/1.0" 200 367 "-" "check_http/1.81 (nagios-plugins 1.4)"
