209.59.12.99 - - [24/May/2007:09:02:54 -0400] "GET / HTTP/1.0" 200 367 "-" "check_http/1.81 (nagios-plugins 1.4)"
69.39.150.91 - - [24/May/2007:09:03:23 -0400] "GET /cgi-bin/lansaweb?procfun+wordpr01+webfunc+M37 HTTP/1.1" 500 553 "http://acesurgical.com/home_May07.html" "Mozilla/4.0 (compatible; MSIE 6.0; Windows NT 5.1; SV1; .NET CLR 1.1.4322; .NET CLR 2.0.50727)"
69.39.150.91 - - [24/May/2007:09:03:31 -0400] "GET / HTTP/1.1" 200 367 "-" "Mozilla/4.0 (compatible; MSIE 6.0; Windows NT 5.1; SV1; .NET CLR 1.1.4322; .NET CLR 2.0.50727)"
69.39.150.91 - - [24/May/2007:09:03:34 -0400] "GET /Includes/ HTTP/1.1" 200 220 "http://www.aceonlinestore.com/" "Mozilla/4.0 (compatible; MSIE 6.0; Windows NT 5.1; SV1; .NET CLR 1.1.4322; .NET CLR 2.0.50727)"
69.39.150.91 - - [24/May/2007:09:04:29 -0400] "GET /cgi-bin/lansaweb?procfun+wordpr01+webfunc+M37 HTTP/1.1" 500 553 "http://acesurgical.com/home_May07.html" "Mozilla/4.0 (compatible; MSIE 6.0; Windows NT 5.1; SV1; .NET CLR 1.1.4322; .NET CLR 2.0.50727)"
69.39.150.91 - - [24/May/2007:09:04:43 -0400] "GET /cgi-bin/lansaweb?procfun+wordpr01+webfunc+M37 HTTP/1.1" 500 553 "http://acesurgical.com/home_May07.html" "Mozilla/4.0 (compatible; MSIE 6.0; Windows NT 5.1; SV1; .NET CLR 1.1.4322; .NET CLR 2.0.50727)"
69.39.150.91 - - [24/May/2007:09:04:47 -0400] "GET /cgi-bin/lansaweb?procfun+wordpr01+webfunc+M37 HTTP/1.1" 500 553 "http://acesurgical.com/home_May07.html" "Mozilla/4.0 (compatible; MSIE 6.0; Windows NT 5.1; SV1; .NET CLR 1.1.4322; .NET CLR 2.0.50727)"
69.39.150.91 - - [24/May/2007:09:04:56 -0400] "GET /cgi-bin/lansaweb?procfun+wordpr01+webfunc+m37+funcparms+WEBKEY(A0100):PROMOS HTTP/1.1" 500 553 "http://acesurgical.com/home_May07.html" "Mozilla/4.0 (compatible; MSIE 6.0; Windows NT 5.1; SV1; .NET CLR 1.1.4322; .NET CLR 2.0.50727)"
209.59.12.99 - - [24/May/2007:09:07:55 -0400] "GET / HTTP/1.0" 200 367 "-" "check_http/1.81 (nagios-plugins 1.4)"
24.123.143.89 - - [24/May/2007:09:08:00 -0400] "GET /cgi-bin/lansaweb?procfun+wordpr01+webfunc+M37 HTTP/1.1" 500 553 "http://www.acesurgical.com/home_flash.html" "Mozilla/4.0 (compatible; MSIE 6.0; Windows NT 5.1)"
69.68.19.142 - - [24/May/2007:09:11:40 -0400] "GET /cgi-bin/lansaweb?procfun+wordpr01+webfunc+M37 HTTP/1.1" 500 553 "http://www.acesurgical.com/home_May07.html" "Mozilla/4.0 (compatible; MSIE 6.0; Windows NT 5.1; SV1; .NET CLR 1.1.4322)"
69.68.19.142 - - [24/May/2007:09:11:57 -0400] "GET /cgi-bin/lansaweb?procfun+wordpr01+webfunc+M37 HTTP/1.1" 500 553 "http://www.acesurgical.com/home_May07.html" "Mozilla/4.0 (compatible; MSIE 6.0; Windows NT 5.1; SV1; .NET CLR 1.1.4322)"
209.59.12.99 - - [24/May/2007:09:12:54 -0400] "GET / HTTP/1.0" 200 367 "-" "check_http/1.81 (nagios-plugins 1.4)"
209.59.12.99 - - [24/May/2007:09:17:54 -0400] "GET / HTTP/1.0" 200 367 "-" "check_http/1.81 (nagios-plugins 1.4)"
24.123.143.89 - - [24/May/2007:09:22:36 -0400] "GET /cgi-bin/lansaweb?procfun+wordpr01+webfunc+M37 HTTP/1.1" 500 553 "http://www.acesurgical.com/home_flash.html" "Mozilla/4.0 (compatible; MSIE 6.0; Windows NT 5.1)"
205.188.117.9 - - [24/May/2007:09:22:40 -0400] "GET /cgi-bin/lansaweb?procfun+wordpr01+webfunc+M37 HTTP/1.1" 500 553 "http://acesurgical.com/home_May07.html" "Mozilla/4.0 (compatible; MSIE 7.0; AOL 9.0; Windows NT 5.1; FunWebProducts; .NET CLR 1.1.4322)"
209.59.12.99 - - [24/May/2007:09:22:54 -0400] "GET / HTTP/1.0" 200 367 "-" "check_http/1.81 (nagios-plugins 1.4)"
205.188.117.9 - - [24/May/2007:09:24:02 -0400] "GET /cgi-bin/lansaweb?procfun+wordpr01+webfunc+M37 HTTP/1.1" 500 553 "http://acesurgical.com/home_May07.html" "Mozilla/4.0 (compatible; MSIE 7.0; AOL 9.0; Windows NT 5.1; FunWebProducts; .NET CLR 1.1.4322)"
205.188.117.14 - - [24/May/2007:09:24:05 -0400] "GET / HTTP/1.1" 200 367 "-" "Mozilla/4.0 (compatible; MSIE 7.0; AOL 9.0; Windows NT 5.1; FunWebProducts; .NET CLR 1.1.4322)"
205.188.117.9 - - [24/May/2007:09:24:19 -0400] "GET /cgi-bin/lansaweb?procfun+wordpr01+webfunc+M37 HTTP/1.1" 500 553 "http://acesurgical.com/home_May07.html" "Mozilla/4.0 (compatible; MSIE 7.0; AOL 9.0; Windows NT 5.1; FunWebProducts; .NET CLR 1.1.4322)"
205.188.117.14 - - [24/May/2007:09:24:26 -0400] "GET / HTTP/1.1" 200 367 "-" "Mozilla/4.0 (compatible; MSIE 7.0; AOL 9.0; Windows NT 5.1; FunWebProducts; .NET CLR 1.1.4322)"
205.188.116.145 - - [24/May/2007:09:24:32 -0400] "GET /Includes/ HTTP/1.1" 200 220 "http://www.aceonlinestore.com/" "Mozilla/4.0 (compatible; MSIE 7.0; AOL 9.0; Windows NT 5.1; FunWebProducts; .NET CLR 1.1.4322)"
209.59.12.99 - - [24/May/2007:09:27:53 -0400] "GET / HTTP/1.0" 200 367 "-" "check_http/1.81 (nagios-plugins 1.4)"
66.249.67.82 - - [24/May/2007:09:26:07 -0400] "GET /images/ACE_Fall04_BestBuys.pdf HTTP/1.1" 200 5886198 "-" "Mozilla/5.0 (compatible; Googlebot/2.1; +http://www.google.com/bot.html)"
68.239.194.198 - - [24/May/2007:09:30:35 -0400] "GET / HTTP/1.1" 200 367 "-" "Mozilla/4.0 (compatible; MSIE 7.0; Windows NT 5.1; FunWebProducts; .NET CLR 1.1.4322)"
68.239.194.198 - - [24/May/2007:09:30:35 -0400] "GET /favicon.ico HTTP/1.1" 404 209 "-" "Mozilla/4.0 (compatible; MSIE 7.0; Windows NT 5.1; FunWebProducts; .NET CLR 1.1.4322)"
205.188.117.9 - - [24/May/2007:09:30:52 -0400] "GET /cgi-bin/lansaweb?procfun+wordpr01+webfunc+M37 HTTP/1.1" 500 553 "http://acesurgical.com/home_May07.html" "Mozilla/4.0 (compatible; MSIE 7.0; AOL 9.0; Windows NT 5.1; FunWebProducts; .NET CLR 1.1.4322)"
209.59.12.99 - - [24/May/2007:09:32:54 -0400] "GET / HTTP/1.0" 200 367 "-" "check_http/1.81 (nagios-plugins 1.4)"
72.150.138.10 - - [24/May/2007:09:34:33 -0400] "GET /cgi-bin/lansaweb?procfun+wordpr01+webfunc+M37 HTTP/1.1" 500 553 "http://www.acesurgical.com/home_May07.html" "Mozilla/4.0 (compatible; MSIE 6.0; Windows NT 5.0)"
205.188.117.9 - - [24/May/2007:09:34:38 -0400] "GET /cgi-bin/lansaweb?procfun+wordpr01+webfunc+M37 HTTP/1.1" 500 553 "http://acesurgical.com/home_May07.html" "Mozilla/4.0 (compatible; MSIE 7.0; AOL 9.0; Windows NT 5.1; FunWebProducts; .NET CLR 1.1.4322)"
65.160.238.180 - - [24/May/2007:09:34:39 -0400] "GET /cgi-bin/lansaweb HTTP/1.1" 408 514 "-" "Mozilla/4.0 (compatible; MSIE 6.0; Bluecoat DRTR)"
56.0.103.25 - - [24/May/2007:09:34:39 -0400] "GET /cgi-bin/lansaweb?procfun+wordpr01+webfunc+M37 HTTP/1.1" 500 553 "http://www.acesurgical.com/home_May07.html" "Mozilla/4.0 (compatible; MSIE 6.0; Windows NT 5.1; SV1; NISSC; .NET CLR 1.0.3705; .NET CLR 2.0.50727)"
205.188.117.9 - - [24/May/2007:09:34:41 -0400] "GET /cgi-bin/lansaweb?procfun+wordpr01+webfunc+M37 HTTP/1.1" 500 553 "http://acesurgical.com/home_May07.html" "Mozilla/4.0 (compatible; MSIE 7.0; AOL 9.0; Windows NT 5.1; FunWebProducts; .NET CLR 1.1.4322)"
69.68.19.142 - - [24/May/2007:09:34:48 -0400] "GET /cgi-bin/lansaweb?procfun+wordpr01+webfunc+M37 HTTP/1.1" 500 553 "http://www.acesurgical.com/home_May07.html" "Mozilla/4.0 (compatible; MSIE 6.0; Windows NT 5.1; SV1; .NET CLR 1.1.4322)"
69.68.19.142 - - [24/May/2007:09:34:50 -0400] "GET /favicon.ico HTTP/1.1" 404 209 "-" "-"
72.150.138.10 - - [24/May/2007:09:34:53 -0400] "GET /cgi-bin/lansaweb?procfun+wordpr01+webfunc+M37 HTTP/1.1" 500 553 "http://www.acesurgical.com/home_May07.html" "Mozilla/4.0 (compatible; MSIE 6.0; Windows NT 5.0)"
72.150.138.10 - - [24/May/2007:09:34:55 -0400] "GET / HTTP/1.1" 200 367 "-" "Mozilla/4.0 (compatible; MSIE 6.0; Windows NT 5.0)"
69.68.19.142 - - [24/May/2007:09:34:57 -0400] "GET / HTTP/1.1" 200 367 "-" "Mozilla/4.0 (compatible; MSIE 6.0; Windows NT 5.1; SV1; .NET CLR 1.1.4322)"
66.249.67.82 - - [24/May/2007:09:32:39 -0400] "GET /images/ACE_Fall04_BestBuys.pdf HTTP/1.1" 200 5886198 "-" "Mozilla/5.0 (compatible; Googlebot/2.1; +http://www.google.com/bot.html)"
68.239.194.198 - - [24/May/2007:09:35:50 -0400] "GET / HTTP/1.1" 200 367 "-" "Mozilla/4.0 (compatible; MSIE 7.0; Windows NT 5.1; FunWebProducts; .NET CLR 1.1.4322)"
69.68.19.142 - - [24/May/2007:09:35:51 -0400] "GET /cgi-bin/lansaweb?procfun+wordpr01+webfunc+M37 HTTP/1.1" 500 553 "http://www.acesurgical.com/home_May07.html" "Mozilla/4.0 (compatible; MSIE 6.0; Windows NT 5.1; SV1; .NET CLR 1.1.4322)"
69.68.19.142 - - [24/May/2007:09:36:25 -0400] "GET /cgi-bin/lansaweb?procfun+wordpr01+webfunc+M37 HTTP/1.1" 500 553 "http://www.acesurgical.com/catalogs.html" "Mozilla/4.0 (compatible; MSIE 6.0; Windows NT 5.1; SV1; .NET CLR 1.1.4322)"
69.68.19.142 - - [24/May/2007:09:36:27 -0400] "GET / HTTP/1.1" 200 367 "-" "Mozilla/4.0 (compatible; MSIE 6.0; Windows NT 5.1; SV1; .NET CLR 1.1.4322)"
69.68.19.142 - - [24/May/2007:09:36:30 -0400] "GET /Includes/ HTTP/1.1" 200 220 "http://www.aceonlinestore.com/" "Mozilla/4.0 (compatible; MSIE 6.0; Windows NT 5.1; SV1; .NET CLR 1.1.4322)"
69.68.19.142 - - [24/May/2007:09:36:32 -0400] "GET /cgi-bin/lansaweb?procfun+wordpr01+webfunc+M37 HTTP/1.1" 500 553 "http://www.acesurgical.com/catalogs.html" "Mozilla/4.0 (compatible; MSIE 6.0; Windows NT 5.1; SV1; .NET CLR 1.1.4322)"
68.239.194.198 - - [24/May/2007:09:37:07 -0400] "GET /cgi-bin/lansaweb?procfun+wordpr01+webfunc+M37 HTTP/1.1" 500 553 "http://www.acesurgical.com/home_May07.html" "Mozilla/4.0 (compatible; MSIE 7.0; Windows NT 5.1; FunWebProducts; .NET CLR 1.1.4322)"
68.239.194.198 - - [24/May/2007:09:37:15 -0400] "GET /cgi-bin/lansaweb?procfun+wordpr01+webfunc+M37 HTTP/1.1" 500 553 "http://www.acesurgical.com/home_May07.html" "Mozilla/4.0 (compatible; MSIE 7.0; Windows NT 5.1; FunWebProducts; .NET CLR 1.1.4322)"
209.59.12.99 - - [24/May/2007:09:37:54 -0400] "GET / HTTP/1.0" 200 367 "-" "check_http/1.81 (nagios-plugins 1.4)"
69.68.19.142 - - [24/May/2007:09:38:24 -0400] "GET /cgi-bin/lansaweb?procfun+wordpr01+webfunc+M37 HTTP/1.1" 500 553 "http://www.acesurgical.com/contact.html" "Mozilla/4.0 (compatible; MSIE 6.0; Windows NT 5.1; SV1; .NET CLR 1.1.4322)"
155.212.232.66 - - [24/May/2007:09:38:24 -0400] "GET /cgi-bin/lansaweb?procfun+wordpr01+webfunc+M37 HTTP/1.1" 500 553 "http://www.acesurgical.com/home_May07.html" "Mozilla/4.0 (compatible; MSIE 6.0; Windows NT 5.1; SV1; .NET CLR 1.0.3705)"
155.212.232.66 - - [24/May/2007:09:38:29 -0400] "GET /cgi-bin/lansaweb?procfun+wordpr01+webfunc+M37 HTTP/1.1" 500 553 "http://www.acesurgical.com/home_May07.html" "Mozilla/4.0 (compatible; MSIE 6.0; Windows NT 5.1; SV1; .NET CLR 1.0.3705)"
155.212.232.66 - - [24/May/2007:09:38:45 -0400] "GET /cgi-bin/lansaweb?procfun+wordpr01+webfunc+M37 HTTP/1.1" 500 553 "http://www.acesurgical.com/home_May07.html" "Mozilla/4.0 (compatible; MSIE 6.0; Windows NT 5.1; SV1; .NET CLR 1.0.3705)"
155.212.232.66 - - [24/May/2007:09:39:05 -0400] "GET /cgi-bin/lansaweb?procfun+wordpr01+webfunc+M37 HTTP/1.1" 500 553 "http://www.acesurgical.com/home_May07.html" "Mozilla/4.0 (compatible; MSIE 6.0; Windows NT 5.1; SV1)"
155.212.232.66 - - [24/May/2007:09:39:59 -0400] "GET /cgi-bin/lansaweb?procfun+wordpr01+webfunc+M37 HTTP/1.1" 500 553 "http://www.acesurgical.com/home_May07.html" "Mozilla/4.0 (compatible; MSIE 6.0; Windows NT 5.1; SV1; .NET CLR 1.1.4322)"
76.197.188.175 - - [24/May/2007:09:40:05 -0400] "GET /cgi-bin/lansaweb?procfun+wordpr01+webfunc+M37 HTTP/1.1" 500 553 "http://acesurgical.com/home_May07.html" "Mozilla/5.0 (Windows; U; Windows NT 5.1; en-US; rv:1.8.0.11) Gecko/20070312 Firefox/1.5.0.11"
76.197.188.175 - - [24/May/2007:09:40:10 -0400] "GET /cgi-bin/lansaweb?procfun+wordpr01+webfunc+M37 HTTP/1.1" 500 553 "http://acesurgical.com/home_May07.html" "Mozilla/5.0 (Windows; U; Windows NT 5.1; en-US; rv:1.8.0.11) Gecko/20070312 Firefox/1.5.0.11"
66.249.67.82 - - [24/May/2007:09:39:17 -0400] "GET /images/ACE_Fall04_BestBuys.pdf HTTP/1.1" 200 5886198 "-" "Mozilla/5.0 (compatible; Googlebot/2.1; +http://www.google.com/bot.html)"
209.59.12.99 - - [24/May/2007:09:42:54 -0400] "GET / HTTP/1.0" 200 367 "-" "check_http/1.81 (nagios-plugins 1.4)"
155.212.232.66 - - [24/May/2007:09:45:44 -0400] "GET /cgi-bin/lansaweb?procfun+wordpr01+webfunc+M37 HTTP/1.1" 500 553 "http://www.acesurgical.com/home_May07.html" "Mozilla/4.0 (compatible; MSIE 6.0; Windows NT 5.1; SV1)"
209.59.12.99 - - [24/May/2007:09:47:54 -0400] "GET / HTTP/1.0" 200 367 "-" "check_http/1.81 (nagios-plugins 1.4)"
66.249.67.82 - - [24/May/2007:09:45:31 -0400] "GET /images/ACE_Fall04_BestBuys.pdf HTTP/1.1" 200 5886198 "-" "Mozilla/5.0 (compatible; Googlebot/2.1; +http://www.google.com/bot.html)"
209.59.12.99 - - [24/May/2007:09:52:57 -0400] "GET / HTTP/1.0" 200 367 "-" "check_http/1.81 (nagios-plugins 1.4)"
66.249.67.82 - - [24/May/2007:09:51:56 -0400] "GET /images/ACE_Fall04_BestBuys.pdf HTTP/1.1" 200 5886198 "-" "Mozilla/5.0 (compatible; Googlebot/2.1; +http://www.google.com/bot.html)"
71.29.158.109 - - [24/May/2007:09:55:04 -0400] "GET /cgi-bin/lansaweb?procfun+wordpr01+webfunc+M37 HTTP/1.1" 500 553 "http://www.acesurgical.com/home_May07.html" "Mozilla/4.0 (compatible; MSIE 6.0; Windows NT 5.0; ZangoToolbar 4.8.3)"
217.35.79.113 - - [24/May/2007:09:55:31 -0400] "GET /cgi-bin/lansaweb?procfun+wordpr01+webfunc+M37 HTTP/1.0" 500 553 "http://www.acesurgical.com/home_May07.html" "Mozilla/4.0 (compatible; MSIE 6.0; Windows NT 5.1; SV1)"
71.29.158.109 - - [24/May/2007:09:56:12 -0400] "GET /cgi-bin/lansaweb?procfun+wordpr01+webfunc+M37 HTTP/1.1" 500 553 "http://www.acesurgical.com/about.html" "Mozilla/4.0 (compatible; MSIE 6.0; Windows NT 5.0; ZangoToolbar 4.8.3)"
71.29.158.109 - - [24/May/2007:09:56:15 -0400] "GET /cgi-bin/lansaweb?procfun+wordpr01+webfunc+M37 HTTP/1.1" 500 553 "http://www.acesurgical.com/about.html" "Mozilla/4.0 (compatible; MSIE 6.0; Windows NT 5.0; ZangoToolbar 4.8.3)"
209.59.12.99 - - [24/May/2007:09:57:54 -0400] "GET / HTTP/1.0" 200 367 "-" "check_http/1.81 (nagios-plugins 1.4)"
67.190.247.46 - - [24/May/2007:09:58:11 -0400] "GET /cgi-bin/lansaweb?procfun+wordpr01+webfunc+M37 HTTP/1.1" 500 553 "http://www.acesurgical.com/home_May07.html" "Mozilla/4.0 (compatible; MSIE 7.0; Windows NT 5.1; .NET CLR 1.1.4322)"
67.190.247.46 - - [24/May/2007:09:58:24 -0400] "GET /cgi-bin/lansaweb?procfun+wordpr01+webfunc+M37 HTTP/1.1" 500 553 "http://www.acesurgical.com/home_May07.html" "Mozilla/4.0 (compatible; MSIE 7.0; Windows NT 5.1; .NET CLR 1.1.4322)"
70.149.168.183 - - [24/May/2007:09:59:03 -0400] "GET /cgi-bin/lansaweb?procfun+wordpr01+webfunc+M37 HTTP/1.1" 500 553 "http://www.acesurgical.com/home_May07.html" "Mozilla/4.0 (compatible; MSIE 7.0; Windows NT 5.1; .NET CLR 1.1.4322; InfoPath.1)"
70.149.168.183 - - [24/May/2007:09:59:04 -0400] "GET /favicon.ico HTTP/1.1" 404 209 "-" "Mozilla/5.0 (compatible; Google Desktop)"
70.149.168.183 - - [24/May/2007:09:59:15 -0400] "GET / HTTP/1.1" 200 367 "-" "Mozilla/4.0 (compatible; MSIE 7.0; Windows NT 5.1; .NET CLR 1.1.4322; InfoPath.1)"
70.149.168.183 - - [24/May/2007:09:59:15 -0400] "GET /favicon.ico HTTP/1.1" 404 209 "-" "Mozilla/4.0 (compatible; MSIE 7.0; Windows NT 5.1; .NET CLR 1.1.4322; InfoPath.1)"
70.149.168.183 - - [24/May/2007:09:59:18 -0400] "GET /Includes/ HTTP/1.1" 200 220 "http://www.aceonlinestore.com/" "Mozilla/4.0 (compatible; MSIE 7.0; Windows NT 5.1; .NET CLR 1.1.4322; InfoPath.1)"
70.149.168.183 - - [24/May/2007:09:59:20 -0400] "GET / HTTP/1.1" 200 367 "http://www.aceonlinestore.com/Includes/" "Mozilla/4.0 (compatible; MSIE 7.0; Windows NT 5.1; .NET CLR 1.1.4322; InfoPath.1)"
70.149.168.183 - - [24/May/2007:09:59:22 -0400] "GET /images/ HTTP/1.1" 200 32065 "http://www.aceonlinestore.com/" "Mozilla/4.0 (compatible; MSIE 7.0; Windows NT 5.1; .NET CLR 1.1.4322; InfoPath.1)"
70.149.168.183 - - [24/May/2007:09:59:23 -0400] "GET /images/0034211_thumb.jpg HTTP/1.1" 200 13601 "http://www.aceonlinestore.com/images/" "Mozilla/4.0 (compatible; MSIE 7.0; Windows NT 5.1; .NET CLR 1.1.4322; InfoPath.1)"
70.149.168.183 - - [24/May/2007:09:59:28 -0400] "GET /images/ HTTP/1.1" 200 47384 "http://www.aceonlinestore.com/" "Mozilla/4.0 (compatible; MSIE 7.0; Windows NT 5.1; .NET CLR 1.1.4322; InfoPath.1)"
70.149.168.183 - - [24/May/2007:09:59:41 -0400] "GET /images/ACE_BoneScrewFlyer.pdf HTTP/1.1" 200 1221193 "http://www.aceonlinestore.com/images/" "Mozilla/4.0 (compatible; MSIE 7.0; Windows NT 5.1; .NET CLR 1.1.4322; InfoPath.1)"
70.149.168.183 - - [24/May/2007:09:59:44 -0400] "GET /images/ACE_BoneScrewFlyer.pdf HTTP/1.1" 206 1204287 "-" "Mozilla/4.0 (compatible; MSIE 7.0; Windows NT 5.1; .NET CLR 1.1.4322; InfoPath.1)"
66.249.67.82 - - [24/May/2007:09:58:00 -0400] "GET /images/ACE_Fall04_BestBuys.pdf HTTP/1.1" 200 5886198 "-" "Mozilla/5.0 (compatible; Googlebot/2.1; +http://www.google.com/bot.html)"
209.59.12.99 - - [24/May/2007:10:02:54 -0400] "GET / HTTP/1.0" 200 367 "-" "check_http/1.81 (nagios-plugins 1.4)"
69.68.19.142 - - [24/May/2007:10:05:13 -0400] "GET /cgi-bin/lansaweb?procfun+wordpr01+webfunc+M37 HTTP/1.1" 500 553 "http://www.acesurgical.com/home_May07.html" "Mozilla/4.0 (compatible; MSIE 6.0; Windows NT 5.1; SV1; .NET CLR 1.1.4322)"
66.249.67.82 - - [24/May/2007:10:04:30 -0400] "GET /images/ACE_Fall04_BestBuys.pdf HTTP/1.1" 200 5886198 "-" "Mozilla/5.0 (compatible; Googlebot/2.1; +http://www.google.com/bot.html)"
209.59.12.99 - - [24/May/2007:10:07:54 -0400] "GET / HTTP/1.0" 200 367 "-" "check_http/1.81 (nagios-plugins 1.4)"
172.16.1.174 - - [24/May/2007:10:10:16 -0400] "OPTIONS / HTTP/1.1" 200 - "-" "Microsoft-WebDAV-MiniRedir/5.1.2600"
172.16.1.174 - - [24/May/2007:10:10:17 -0400] "PROPFIND /QIBM HTTP/1.1" 405 230 "-" "Microsoft-WebDAV-MiniRedir/5.1.2600"
172.16.1.174 - - [24/May/2007:10:10:17 -0400] "PROPFIND /QIBM HTTP/1.1" 405 230 "-" "Microsoft-WebDAV-MiniRedir/5.1.2600"
155.212.232.66 - - [24/May/2007:10:12:20 -0400] "GET /cgi-bin/lansaweb?procfun+wordpr01+webfunc+M37 HTTP/1.1" 500 553 "http://www.acesurgical.com/home_May07.html" "Mozilla/4.0 (compatible; MSIE 6.0; Windows NT 5.1; SV1; .NET CLR 1.1.4322)"
209.59.12.99 - - [24/May/2007:10:13:00 -0400] "GET / HTTP/1.0" 200 367 "-" "check_http/1.81 (nagios-plugins 1.4)"
76.197.188.175 - - [24/May/2007:10:13:23 -0400] "GET /cgi-bin/lansaweb?procfun+wordpr01+webfunc+M37 HTTP/1.1" 500 553 "http://acesurgical.com/home_May07.html" "Mozilla/5.0 (Windows; U; Windows NT 5.1; en-US; rv:1.8.0.11) Gecko/20070312 Firefox/1.5.0.11"
66.249.67.82 - - [24/May/2007:10:10:34 -0400] "GET /images/ACE_Fall04_BestBuys.pdf HTTP/1.1" 200 5886198 "-" "Mozilla/5.0 (compatible; Googlebot/2.1; +http://www.google.com/bot.html)"
67.190.247.46 - - [24/May/2007:10:15:37 -0400] "GET /cgi-bin/lansaweb?procfun+wordpr01+webfunc+M37 HTTP/1.1" 500 553 "http://www.acesurgical.com/home_May07.html" "Mozilla/4.0 (compatible; MSIE 7.0; Windows NT 5.1; .NET CLR 1.1.4322)"
67.190.247.46 - - [24/May/2007:10:15:43 -0400] "GET / HTTP/1.1" 200 367 "-" "Mozilla/4.0 (compatible; MSIE 7.0; Windows NT 5.1; .NET CLR 1.1.4322)"
67.190.247.46 - - [24/May/2007:10:15:46 -0400] "GET /images/ HTTP/1.1" 200 47384 "http://www.aceonlinestore.com/" "Mozilla/4.0 (compatible; MSIE 7.0; Windows NT 5.1; .NET CLR 1.1.4322)"
67.190.247.46 - - [24/May/2007:10:15:50 -0400] "GET /cgi-bin/lansaweb?procfun+wordpr01+webfunc+M37 HTTP/1.1" 500 553 "http://www.acesurgical.com/home_May07.html" "Mozilla/4.0 (compatible; MSIE 7.0; Windows NT 5.1; .NET CLR 1.1.4322)"
67.190.247.46 - - [24/May/2007:10:15:57 -0400] "GET /cgi-bin/lansaweb?procfun+wordpr01+webfunc+M37 HTTP/1.1" 500 553 "http://www.acesurgical.com/home_May07.html" "Mozilla/4.0 (compatible; MSIE 7.0; Windows NT 5.1; .NET CLR 1.1.4322)"
67.190.247.46 - - [24/May/2007:10:16:02 -0400] "GET / HTTP/1.1" 200 367 "-" "Mozilla/4.0 (compatible; MSIE 7.0; Windows NT 5.1; .NET CLR 1.1.4322)"
67.190.247.46 - - [24/May/2007:10:16:06 -0400] "GET /index.htm HTTP/1.1" 200 870 "http://www.aceonlinestore.com/" "Mozilla/4.0 (compatible; MSIE 7.0; Windows NT 5.1; .NET CLR 1.1.4322)"
67.190.247.46 - - [24/May/2007:10:16:06 -0400] "GET /CGI-BIN/LANSAWEB?PROCFUN+WORDPR01+WEBFUNC+M37+FUNCPARMS+STD_DESC(A0300):64695_________________________ HTTP/1.1" 500 553 "-" "Mozilla/4.0 (compatible; MSIE 7.0; Windows NT 5.1; .NET CLR 1.1.4322)"
81.84.242.108 - - [24/May/2007:10:16:36 -0400] "GET /cgi-bin/lansaweb?procfun+wordpr01+webfunc+M37 HTTP/1.1" 500 553 "http://www.acesurgical.com/home_May07.html" "Mozilla/4.0 (compatible; MSIE 7.0; Windows NT 6.0; SLCC1; .NET CLR 2.0.50727; Media Center PC 5.0; .NET CLR 3.0.04506)"
72.194.113.43 - - [24/May/2007:10:16:48 -0400] "GET /cgi-bin/lansaweb?procfun+wordpr01+webfunc+M37 HTTP/1.1" 500 553 "http://acesurgical.com/home_May07.html" "Mozilla/4.0 (compatible; MSIE 7.0; AOL 9.0; Windows NT 5.1; .NET CLR 1.0.3705; Media Center PC 4.0; .NET CLR 1.1.4322; .NET CLR 2.0.50727)"
209.59.12.99 - - [24/May/2007:10:17:54 -0400] "GET / HTTP/1.0" 200 367 "-" "check_http/1.81 (nagios-plugins 1.4)"
66.249.67.82 - - [24/May/2007:10:16:43 -0400] "GET /images/ACE_Fall04_BestBuys.pdf HTTP/1.1" 200 5886198 "-" "Mozilla/5.0 (compatible; Googlebot/2.1; +http://www.google.com/bot.html)"
24.187.146.82 - - [24/May/2007:10:20:36 -0400] "GET /cgi-bin/lansaweb?procfun+wordpr01+webfunc+M37 HTTP/1.1" 500 553 "http://www.acesurgical.com/home_May07.html" "Mozilla/4.0 (compatible; MSIE 6.0; Windows NT 5.1; SV1; .NET CLR 1.1.4322; .NET CLR 2.0.50727)"
24.187.146.82 - - [24/May/2007:10:20:48 -0400] "GET /cgi-bin/lansaweb?procfun+wordpr01+webfunc+M37 HTTP/1.1" 500 553 "http://www.acesurgical.com/about.html" "Mozilla/4.0 (compatible; MSIE 6.0; Windows NT 5.1; SV1; .NET CLR 1.1.4322; .NET CLR 2.0.50727)"
24.123.143.89 - - [24/May/2007:10:21:16 -0400] "GET /cgi-bin/lansaweb?procfun+wordpr01+webfunc+M37 HTTP/1.1" 500 553 "http://www.acesurgical.com/home_flash.html" "Mozilla/4.0 (compatible; MSIE 6.0; Windows NT 5.1)"
24.123.143.89 - - [24/May/2007:10:21:57 -0400] "GET /cgi-bin/lansaweb?procfun+wordpr01+webfunc+M37 HTTP/1.1" 500 553 "http://www.acesurgical.com/connect.html" "Mozilla/4.0 (compatible; MSIE 6.0; Windows NT 5.1)"
24.123.143.89 - - [24/May/2007:10:22:18 -0400] "GET /cgi-bin/lansaweb?procfun+wordpr01+webfunc+M37 HTTP/1.1" 500 553 "http://www.acesurgical.com/about.html" "Mozilla/4.0 (compatible; MSIE 6.0; Windows NT 5.1)"
209.59.12.99 - - [24/May/2007:10:22:54 -0400] "GET / HTTP/1.0" 200 367 "-" "check_http/1.81 (nagios-plugins 1.4)"
74.223.50.35 - - [24/May/2007:10:22:55 -0400] "GET /cgi-bin/lansaweb?procfun+wordpr01+webfunc+M37 HTTP/1.1" 500 553 "http://www.acesurgical.com/home_May07.html" "Mozilla/4.0 (compatible; MSIE 6.0; Windows NT 5.1; SV1; .NET CLR 2.0.50727; .NET CLR 1.1.4322)"
74.223.50.35 - - [24/May/2007:10:23:01 -0400] "GET / HTTP/1.1" 200 367 "-" "Mozilla/4.0 (compatible; MSIE 6.0; Windows NT 5.1; SV1; .NET CLR 2.0.50727; .NET CLR 1.1.4322)"
74.223.50.35 - - [24/May/2007:10:23:03 -0400] "GET /cgi-bin/lansaweb?procfun+wordpr01+webfunc+M37 HTTP/1.1" 500 553 "http://www.acesurgical.com/home_May07.html" "Mozilla/4.0 (compatible; MSIE 6.0; Windows NT 5.1; SV1; .NET CLR 2.0.50727; .NET CLR 1.1.4322)"
74.223.50.35 - - [24/May/2007:10:23:06 -0400] "GET /cgi-bin/lansaweb?procfun+wordpr01+webfunc+M37 HTTP/1.1" 500 553 "http://www.acesurgical.com/home_May07.html" "Mozilla/4.0 (compatible; MSIE 6.0; Windows NT 5.1; SV1; .NET CLR 2.0.50727; .NET CLR 1.1.4322)"
74.223.50.35 - - [24/May/2007:10:23:15 -0400] "GET /cgi-bin/lansaweb?procfun+wordpr01+webfunc+m37+funcparms+WEBKEY(A0100):PROMOS HTTP/1.1" 500 553 "http://www.acesurgical.com/home_May07.html" "Mozilla/4.0 (compatible; MSIE 6.0; Windows NT 5.1; SV1; .NET CLR 2.0.50727; .NET CLR 1.1.4322)"
155.212.232.66 - - [24/May/2007:10:23:36 -0400] "GET /cgi-bin/lansaweb?procfun+wordpr01+webfunc+M37 HTTP/1.1" 500 553 "http://www.acesurgical.com/home_May07.html" "Mozilla/4.0 (compatible; MSIE 6.0; Windows NT 5.1; SV1; .NET CLR 1.1.4322)"
64.115.191.163 - - [24/May/2007:10:24:48 -0400] "GET /cgi-bin/lansaweb?procfun+wordpr01+webfunc+M37 HTTP/1.1" 500 553 "http://www.acesurgical.com/home_May07.html" "Mozilla/4.0 (compatible; MSIE 6.0; Windows NT 5.1; SV1; .NET CLR 1.1.4322; .NET CLR 2.0.50727)"
64.115.191.163 - - [24/May/2007:10:24:49 -0400] "GET /favicon.ico HTTP/1.1" 404 209 "-" "Mozilla/5.0 (compatible; Google Desktop)"
64.115.191.163 - - [24/May/2007:10:25:00 -0400] "GET /cgi-bin/lansaweb?procfun+wordpr01+webfunc+M37 HTTP/1.1" 500 553 "http://www.acesurgical.com/about.html" "Mozilla/4.0 (compatible; MSIE 6.0; Windows NT 5.1; SV1; .NET CLR 1.1.4322; .NET CLR 2.0.50727)"
64.115.191.163 - - [24/May/2007:10:25:05 -0400] "GET /cgi-bin/lansaweb?procfun+wordpr01+webfunc+M37 HTTP/1.1" 500 553 "http://www.acesurgical.com/about.html" "Mozilla/4.0 (compatible; MSIE 6.0; Windows NT 5.1; SV1; .NET CLR 1.1.4322; .NET CLR 2.0.50727)"
74.223.50.35 - - [24/May/2007:10:25:18 -0400] "GET /cgi-bin/lansaweb?procfun+wordpr01+webfunc+M37 HTTP/1.1" 500 553 "http://www.acesurgical.com/home_May07.html" "Mozilla/4.0 (compatible; MSIE 6.0; Windows NT 5.1; .NET CLR 1.1.4322)"
64.115.191.163 - - [24/May/2007:10:25:23 -0400] "GET /cgi-bin/lansaweb?procfun+wordpr01+webfunc+M37 HTTP/1.1" 500 553 "http://www.acesurgical.com/connect.html" "Mozilla/4.0 (compatible; MSIE 6.0; Windows NT 5.1; SV1; .NET CLR 1.1.4322; .NET CLR 2.0.50727)"
80.33.245.146 - - [24/May/2007:10:25:25 -0400] "GET /cgi-bin/lansaweb?procfun+wordpr01+webfunc+M37 HTTP/1.1" 500 553 "http://www.acesurgical.com/about.html" "Mozilla/4.0 (compatible; MSIE 6.0; Windows NT 5.0; .NET CLR 1.1.4322)"
74.223.50.35 - - [24/May/2007:10:25:37 -0400] "GET / HTTP/1.1" 200 367 "-" "Mozilla/4.0 (compatible; MSIE 6.0; Windows NT 5.1; .NET CLR 1.1.4322)"
74.223.50.35 - - [24/May/2007:10:25:42 -0400] "GET /cgi-bin/lansaweb?procfun+wordpr01+webfunc+M37 HTTP/1.1" 500 553 "http://www.acesurgical.com/home_May07.html" "Mozilla/4.0 (compatible; MSIE 6.0; Windows NT 5.1; .NET CLR 1.1.4322)"
66.249.67.82 - - [24/May/2007:10:22:44 -0400] "GET /images/ACE_Fall04_BestBuys.pdf HTTP/1.1" 200 5886198 "-" "Mozilla/5.0 (compatible; Googlebot/2.1; +http://www.google.com/bot.html)"
66.249.67.82 - - [24/May/2007:10:25:56 -0400] "GET /CGI-BIN/LANSAWEB?WEBEVENT+L5D5DB30C24C09800BBF3057+M37+ENG HTTP/1.1" 500 197 "-" "Mozilla/5.0 (compatible; Googlebot/2.1; +http://www.google.com/bot.html)"
80.33.245.146 - - [24/May/2007:10:26:06 -0400] "GET /cgi-bin/lansaweb?procfun+wordpr01+webfunc+M37 HTTP/1.1" 500 553 "http://www.acesurgical.com/downloads.html" "Mozilla/4.0 (compatible; MSIE 6.0; Windows NT 5.0; .NET CLR 1.1.4322)"
64.115.191.163 - - [24/May/2007:10:27:35 -0400] "GET /cgi-bin/lansaweb?procfun+wordpr01+webfunc+M37 HTTP/1.1" 500 553 "http://www.acesurgical.com/contact.html" "Mozilla/4.0 (compatible; MSIE 6.0; Windows NT 5.1; SV1; .NET CLR 1.1.4322; .NET CLR 2.0.50727)"
64.115.191.163 - - [24/May/2007:10:27:38 -0400] "GET / HTTP/1.1" 200 367 "-" "Mozilla/4.0 (compatible; MSIE 6.0; Windows NT 5.1; SV1; .NET CLR 1.1.4322; .NET CLR 2.0.50727)"
64.115.191.163 - - [24/May/2007:10:27:49 -0400] "GET /cgi-bin/lansaweb?procfun+wordpr01+webfunc+M37 HTTP/1.1" 500 553 "http://www.acesurgical.com/contact.html" "Mozilla/4.0 (compatible; MSIE 6.0; Windows NT 5.1; SV1; .NET CLR 1.1.4322; .NET CLR 2.0.50727)"
209.59.12.99 - - [24/May/2007:10:27:55 -0400] "GET / HTTP/1.0" 200 367 "-" "check_http/1.81 (nagios-plugins 1.4)"
64.115.191.163 - - [24/May/2007:10:27:56 -0400] "GET /cgi-bin/lansaweb?procfun+wordpr01+webfunc+M37 HTTP/1.1" 500 553 "http://www.acesurgical.com/contact.html" "Mozilla/4.0 (compatible; MSIE 6.0; Windows NT 5.1; SV1; .NET CLR 1.1.4322; .NET CLR 2.0.50727)"
71.4.197.178 - - [24/May/2007:10:28:33 -0400] "GET /cgi-bin/lansaweb?procfun+wordpr01+webfunc+M37 HTTP/1.1" 500 553 "http://www.acesurgical.com/home_May07.html" "Mozilla/4.0 (compatible; MSIE 7.0; Windows NT 5.1; .NET CLR 1.1.4322; .NET CLR 2.0.50727)"
64.115.191.163 - - [24/May/2007:10:28:34 -0400] "GET /cgi-bin/lansaweb?procfun+wordpr01+webfunc+M37 HTTP/1.1" 500 553 "http://www.acesurgical.com/home_May07.html" "Mozilla/4.0 (compatible; MSIE 6.0; Windows NT 5.1; SV1; .NET CLR 1.1.4322; .NET CLR 2.0.50727)"
155.212.232.66 - - [24/May/2007:10:28:38 -0400] "GET /cgi-bin/lansaweb?procfun+wordpr01+webfunc+M37 HTTP/1.1" 500 553 "http://www.acesurgical.com/home_May07.html" "Mozilla/4.0 (compatible; MSIE 6.0; Windows NT 5.1; SV1)"
64.115.191.163 - - [24/May/2007:10:28:41 -0400] "GET /cgi-bin/lansaweb?procfun+wordpr01+webfunc+M37 HTTP/1.1" 500 553 "http://www.acesurgical.com/home_May07.html" "Mozilla/4.0 (compatible; MSIE 6.0; Windows NT 5.1; SV1; .NET CLR 1.1.4322; .NET CLR 2.0.50727)"
64.115.191.163 - - [24/May/2007:10:29:00 -0400] "GET /cgi-bin/lansaweb?procfun+wordpr01+webfunc+m37+funcparms+WEBKEY(A0100):PROMOS HTTP/1.1" 500 553 "http://www.acesurgical.com/home_May07.html" "Mozilla/4.0 (compatible; MSIE 6.0; Windows NT 5.1; SV1; .NET CLR 1.1.4322; .NET CLR 2.0.50727)"
64.115.191.163 - - [24/May/2007:10:29:15 -0400] "GET /cgi-bin/lansaweb?procfun+wordpr01+webfunc+M37 HTTP/1.1" 500 553 "http://www.acesurgical.com/home_May07.html" "Mozilla/4.0 (compatible; MSIE 6.0; Windows NT 5.1; SV1; .NET CLR 1.1.4322; .NET CLR 2.0.50727)"
207.112.121.192 - - [24/May/2007:10:30:53 -0400] "GET /cgi-bin/lansaweb?procfun+wordpr01+webfunc+M37 HTTP/1.1" 500 553 "-" "Mozilla/4.0 (compatible; MSIE 7.0; Windows NT 5.1; .NET CLR 1.0.3705; .NET CLR 1.1.4322; Media Center PC 3.1; .NET CLR 2.0.50727)"
207.112.121.192 - - [24/May/2007:10:30:59 -0400] "GET / HTTP/1.1" 200 367 "-" "Mozilla/4.0 (compatible; MSIE 7.0; Windows NT 5.1; .NET CLR 1.0.3705; .NET CLR 1.1.4322; Media Center PC 3.1; .NET CLR 2.0.50727)"
207.112.121.192 - - [24/May/2007:10:31:00 -0400] "GET /favicon.ico HTTP/1.1" 404 209 "-" "Mozilla/4.0 (compatible; MSIE 7.0; Windows NT 5.1; .NET CLR 1.0.3705; .NET CLR 1.1.4322; Media Center PC 3.1; .NET CLR 2.0.50727)"
207.112.121.192 - - [24/May/2007:10:31:02 -0400] "GET /cgi-bin/lansaweb?procfun+wordpr01+webfunc+M37 HTTP/1.1" 500 553 "-" "Mozilla/4.0 (compatible; MSIE 7.0; Windows NT 5.1; .NET CLR 1.0.3705; .NET CLR 1.1.4322; Media Center PC 3.1; .NET CLR 2.0.50727)"
207.112.121.192 - - [24/May/2007:10:31:17 -0400] "GET /cgi-bin/lansaweb?procfun+wordpr01+webfunc+M37 HTTP/1.1" 500 553 "-" "Mozilla/4.0 (compatible; MSIE 7.0; Windows NT 5.1; .NET CLR 1.0.3705; .NET CLR 1.1.4322; Media Center PC 3.1; .NET CLR 2.0.50727)"
207.112.121.192 - - [24/May/2007:10:31:23 -0400] "GET / HTTP/1.1" 200 367 "-" "Mozilla/4.0 (compatible; MSIE 7.0; Windows NT 5.1; .NET CLR 1.0.3705; .NET CLR 1.1.4322; Media Center PC 3.1; .NET CLR 2.0.50727)"
207.112.121.192 - - [24/May/2007:10:31:47 -0400] "GET /cgi-bin/lansaweb?procfun+wordpr01+webfunc+M37 HTTP/1.1" 500 553 "-" "Mozilla/4.0 (compatible; MSIE 7.0; Windows NT 5.1; .NET CLR 1.0.3705; .NET CLR 1.1.4322; Media Center PC 3.1; .NET CLR 2.0.50727)"
66.249.67.82 - - [24/May/2007:10:28:53 -0400] "GET /images/ACE_Fall04_BestBuys.pdf HTTP/1.1" 200 5886198 "-" "Mozilla/5.0 (compatible; Googlebot/2.1; +http://www.google.com/bot.html)"
209.59.12.99 - - [24/May/2007:10:32:54 -0400] "GET / HTTP/1.0" 200 367 "-" "check_http/1.81 (nagios-plugins 1.4)"
207.112.121.192 - - [24/May/2007:10:37:36 -0400] "GET /cgi-bin/lansaweb?procfun+wordpr01+webfunc+M37 HTTP/1.1" 500 553 "-" "Mozilla/4.0 (compatible; MSIE 7.0; Windows NT 5.1; .NET CLR 1.0.3705; .NET CLR 1.1.4322; Media Center PC 3.1; .NET CLR 2.0.50727)"
209.59.12.99 - - [24/May/2007:10:37:54 -0400] "GET / HTTP/1.0" 200 367 "-" "check_http/1.81 (nagios-plugins 1.4)"
66.249.67.82 - - [24/May/2007:10:35:06 -0400] "GET /images/ACE_Fall04_BestBuys.pdf HTTP/1.1" 200 5886198 "-" "Mozilla/5.0 (compatible; Googlebot/2.1; +http://www.google.com/bot.html)"
64.223.185.79 - - [24/May/2007:10:40:31 -0400] "GET /cgi-bin/lansaweb?procfun+wordpr01+webfunc+M37 HTTP/1.1" 500 553 "http://www.acesurgical.com/home_May07.html" "Mozilla/4.0 (compatible; MSIE 7.0; Windows NT 5.1; .NET CLR 1.1.4322; .NET CLR 2.0.50727; .NET CLR 3.0.04506.30)"
64.223.185.79 - - [24/May/2007:10:40:37 -0400] "GET / HTTP/1.1" 200 367 "-" "Mozilla/4.0 (compatible; MSIE 7.0; Windows NT 5.1; .NET CLR 1.1.4322; .NET CLR 2.0.50727; .NET CLR 3.0.04506.30)"
64.223.185.79 - - [24/May/2007:10:40:38 -0400] "GET /favicon.ico HTTP/1.1" 404 209 "-" "Mozilla/4.0 (compatible; MSIE 7.0; Windows NT 5.1; .NET CLR 1.1.4322; .NET CLR 2.0.50727; .NET CLR 3.0.04506.30)"
64.223.185.79 - - [24/May/2007:10:40:42 -0400] "GET /cgi-bin/lansaweb?procfun+wordpr01+webfunc+M37 HTTP/1.1" 500 553 "http://www.acesurgical.com/home_May07.html" "Mozilla/4.0 (compatible; MSIE 7.0; Windows NT 5.1; .NET CLR 1.1.4322; .NET CLR 2.0.50727; .NET CLR 3.0.04506.30)"
64.223.185.79 - - [24/May/2007:10:40:59 -0400] "GET /cgi-bin/lansaweb?procfun+wordpr01+webfunc+m37+funcparms+WEBKEY(A0100):PROMOS HTTP/1.1" 500 553 "http://www.acesurgical.com/home_May07.html" "Mozilla/4.0 (compatible; MSIE 7.0; Windows NT 5.1; .NET CLR 1.1.4322; .NET CLR 2.0.50727; .NET CLR 3.0.04506.30)"
64.223.185.79 - - [24/May/2007:10:41:01 -0400] "GET / HTTP/1.1" 200 367 "-" "Mozilla/4.0 (compatible; MSIE 7.0; Windows NT 5.1; .NET CLR 1.1.4322; .NET CLR 2.0.50727; .NET CLR 3.0.04506.30)"
64.223.185.79 - - [24/May/2007:10:41:05 -0400] "GET /cgi-bin/lansaweb?procfun+wordpr01+webfunc+m37+funcparms+WEBKEY(A0100):PROMOS HTTP/1.1" 500 553 "http://www.acesurgical.com/home_May07.html" "Mozilla/4.0 (compatible; MSIE 7.0; Windows NT 5.1; .NET CLR 1.1.4322; .NET CLR 2.0.50727; .NET CLR 3.0.04506.30)"
64.223.185.79 - - [24/May/2007:10:41:33 -0400] "GET /cgi-bin/lansaweb?procfun+wordpr01+webfunc+M37 HTTP/1.1" 500 553 "http://www.acesurgical.com/about.html" "Mozilla/4.0 (compatible; MSIE 7.0; Windows NT 5.1; .NET CLR 1.1.4322; .NET CLR 2.0.50727; .NET CLR 3.0.04506.30)"
64.223.185.79 - - [24/May/2007:10:41:36 -0400] "GET / HTTP/1.1" 200 367 "-" "Mozilla/4.0 (compatible; MSIE 7.0; Windows NT 5.1; .NET CLR 1.1.4322; .NET CLR 2.0.50727; .NET CLR 3.0.04506.30)"
64.223.185.79 - - [24/May/2007:10:41:42 -0400] "GET /images/ HTTP/1.1" 200 47384 "http://www.aceonlinestore.com/" "Mozilla/4.0 (compatible; MSIE 7.0; Windows NT 5.1; .NET CLR 1.1.4322; .NET CLR 2.0.50727; .NET CLR 3.0.04506.30)"
75.45.229.244 - - [24/May/2007:10:42:01 -0400] "GET /cgi-bin/lansaweb?procfun+wordpr01+webfunc+M37 HTTP/1.1" 500 553 "http://www.acesurgical.com/home_May07.html" "Mozilla/4.0 (compatible; MSIE 5.01; Windows NT 5.0)"
75.45.229.244 - - [24/May/2007:10:42:08 -0400] "GET / HTTP/1.1" 200 367 "-" "Mozilla/4.0 (compatible; MSIE 5.01; Windows NT 5.0)"
75.45.229.244 - - [24/May/2007:10:42:13 -0400] "GET /cgi-bin/lansaweb?procfun+wordpr01+webfunc+M37 HTTP/1.1" 500 553 "http://www.acesurgical.com/home_May07.html" "Mozilla/4.0 (compatible; MSIE 5.01; Windows NT 5.0)"
75.45.229.244 - - [24/May/2007:10:42:25 -0400] "GET /cgi-bin/lansaweb?procfun+wordpr01+webfunc+m37+funcparms+WEBKEY(A0100):PROMOS HTTP/1.1" 500 553 "http://www.acesurgical.com/home_May07.html" "Mozilla/4.0 (compatible; MSIE 5.01; Windows NT 5.0)"
64.223.185.79 - - [24/May/2007:10:42:51 -0400] "GET /cgi-bin/lansaweb?procfun+wordpr01+webfunc+M37 HTTP/1.1" 500 553 "http://www.acesurgical.com/about.html" "Mozilla/4.0 (compatible; MSIE 7.0; Windows NT 5.1; .NET CLR 1.1.4322; .NET CLR 2.0.50727; .NET CLR 3.0.04506.30)"
209.59.12.99 - - [24/May/2007:10:42:55 -0400] "GET / HTTP/1.0" 200 367 "-" "check_http/1.81 (nagios-plugins 1.4)"
75.45.229.244 - - [24/May/2007:10:43:24 -0400] "GET /cgi-bin/lansaweb?procfun+wordpr01+webfunc+M37 HTTP/1.1" 500 553 "http://www.acesurgical.com/home_May07.html" "Mozilla/4.0 (compatible; MSIE 5.01; Windows NT 5.0)"
64.223.185.79 - - [24/May/2007:10:44:07 -0400] "GET /cgi-bin/lansaweb?procfun+wordpr01+webfunc+M37 HTTP/1.1" 500 553 "http://www.acesurgical.com/contact.html" "Mozilla/4.0 (compatible; MSIE 7.0; Windows NT 5.1; .NET CLR 1.1.4322; .NET CLR 2.0.50727; .NET CLR 3.0.04506.30)"
66.249.67.82 - - [24/May/2007:10:41:43 -0400] "GET /images/ACE_Fall04_BestBuys.pdf HTTP/1.1" 200 5886198 "-" "Mozilla/5.0 (compatible; Googlebot/2.1; +http://www.google.com/bot.html)"
75.45.229.244 - - [24/May/2007:10:47:06 -0400] "GET / HTTP/1.1" 200 367 "-" "Mozilla/4.0 (compatible; MSIE 5.01; Windows NT 5.0)"
75.45.229.244 - - [24/May/2007:10:47:11 -0400] "GET /cgi-bin/lansaweb?procfun+wordpr01+webfunc+M37 HTTP/1.1" 500 553 "http://www.acesurgical.com/home_May07.html" "Mozilla/4.0 (compatible; MSIE 5.01; Windows NT 5.0)"
75.45.229.244 - - [24/May/2007:10:47:27 -0400] "GET /cgi-bin/lansaweb?procfun+wordpr01+webfunc+M37 HTTP/1.1" 500 553 "http://www.acesurgical.com/home_May07.html" "Mozilla/4.0 (compatible; MSIE 5.01; Windows NT 5.0)"
75.45.229.244 - - [24/May/2007:10:47:27 -0400] "GET /cgi-bin/lansaweb?procfun+wordpr01+webfunc+M37 HTTP/1.1" 500 553 "http://www.acesurgical.com/home_May07.html" "Mozilla/4.0 (compatible; MSIE 5.01; Windows NT 5.0)"
209.59.12.99 - - [24/May/2007:10:47:54 -0400] "GET / HTTP/1.0" 200 367 "-" "check_http/1.81 (nagios-plugins 1.4)"
75.45.229.244 - - [24/May/2007:10:48:09 -0400] "GET /cgi-bin/lansaweb?procfun+wordpr01+webfunc+M37 HTTP/1.1" 500 553 "http://www.acesurgical.com/contact.html" "Mozilla/4.0 (compatible; MSIE 5.01; Windows NT 5.0)"
75.45.229.244 - - [24/May/2007:10:49:05 -0400] "GET /cgi-bin/lansaweb?procfun+wordpr01+webfunc+M37 HTTP/1.1" 500 553 "http://www.acesurgical.com/home_May07.html" "Mozilla/4.0 (compatible; MSIE 5.01; Windows NT 5.0)"
134.74.198.120 - - [24/May/2007:10:49:22 -0400] "GET /cgi-bin/lansaweb?procfun+wordpr01+webfunc+M37 HTTP/1.1" 500 553 "-" "Mozilla/5.0 (Windows; U; Windows NT 5.1; en-US; rv:1.8.0.11) Gecko/20070312 Firefox/1.5.0.11"
134.74.198.120 - - [24/May/2007:10:49:22 -0400] "GET /favicon.ico HTTP/1.1" 404 209 "-" "Mozilla/5.0 (Windows; U; Windows NT 5.1; en-US; rv:1.8.0.11) Gecko/20070312 Firefox/1.5.0.11"
134.74.198.120 - - [24/May/2007:10:49:25 -0400] "GET / HTTP/1.1" 200 367 "-" "Mozilla/5.0 (Windows; U; Windows NT 5.1; en-US; rv:1.8.0.11) Gecko/20070312 Firefox/1.5.0.11"
134.74.198.120 - - [24/May/2007:10:49:33 -0400] "GET /cgi-bin/lansaweb?procfun+wordpr01+webfunc+M37 HTTP/1.1" 500 553 "-" "Mozilla/5.0 (Windows; U; Windows NT 5.1; en-US; rv:1.8.0.11) Gecko/20070312 Firefox/1.5.0.11"
75.45.229.244 - - [24/May/2007:10:49:49 -0400] "GET /cgi-bin/lansaweb?procfun+wordpr01+webfunc+M37 HTTP/1.1" 500 553 "http://www.acesurgical.com/connect.html" "Mozilla/4.0 (compatible; MSIE 5.01; Windows NT 5.0)"
75.45.229.244 - - [24/May/2007:10:50:01 -0400] "GET / HTTP/1.1" 200 367 "-" "Mozilla/4.0 (compatible; MSIE 5.01; Windows NT 5.0)"
75.45.229.244 - - [24/May/2007:10:50:05 -0400] "GET /cgi-bin/lansaweb?procfun+wordpr01+webfunc+M37 HTTP/1.1" 500 553 "http://www.acesurgical.com/connect.html" "Mozilla/4.0 (compatible; MSIE 5.01; Windows NT 5.0)"
75.45.229.244 - - [24/May/2007:10:50:19 -0400] "GET /CGI-BIN/LANSAWEB?WEBEVENT+L0D754B0786A0970ADFB2F7G+M37+ENG HTTP/1.1" 500 197 "-" "Mozilla/4.0 (compatible; MSIE 5.01; Windows NT 5.0)"
75.45.229.244 - - [24/May/2007:10:50:23 -0400] "GET /cgi-bin/lansaweb?procfun+wordpr01+webfunc+M37 HTTP/1.1" 500 553 "http://www.acesurgical.com/about.html" "Mozilla/4.0 (compatible; MSIE 5.01; Windows NT 5.0)"
66.249.67.82 - - [24/May/2007:10:47:59 -0400] "GET /images/ACE_Fall04_BestBuys.pdf HTTP/1.1" 200 5886198 "-" "Mozilla/5.0 (compatible; Googlebot/2.1; +http://www.google.com/bot.html)"
75.45.229.244 - - [24/May/2007:10:52:19 -0400] "GET /CGI-BIN/LANSAWEB?WEBEVENT+L0D754B0786A0970ADFB2F7G+M37+ENG HTTP/1.1" 500 197 "-" "Mozilla/4.0 (compatible; MSIE 5.01; Windows NT 5.0)"
75.45.229.244 - - [24/May/2007:10:52:48 -0400] "GET /cgi-bin/lansaweb?procfun+wordpr01+webfunc+M37 HTTP/1.1" 500 553 "http://www.acesurgical.com/home_May07.html" "Mozilla/4.0 (compatible; MSIE 5.01; Windows NT 5.0)"
209.59.12.99 - - [24/May/2007:10:52:54 -0400] "GET / HTTP/1.0" 200 367 "-" "check_http/1.81 (nagios-plugins 1.4)"
155.212.232.66 - - [24/May/2007:10:53:22 -0400] "GET /cgi-bin/lansaweb?procfun+wordpr01+webfunc+M37 HTTP/1.1" 500 553 "http://www.acesurgical.com/home_May07.html" "Mozilla/4.0 (compatible; MSIE 6.0; Windows NT 5.1; SV1; .NET CLR 1.1.4322)"
75.45.229.244 - - [24/May/2007:10:53:24 -0400] "GET /cgi-bin/lansaweb?procfun+wordpr01+webfunc+M37 HTTP/1.1" 500 553 "http://www.acesurgical.com/contact.html" "Mozilla/4.0 (compatible; MSIE 6.0; Windows NT 5.1; {22071182-D202-0618-513A-C41EAFC9D595}; FunWebProducts; .NET CLR 1.1.4322)"
75.45.229.244 - - [24/May/2007:10:53:26 -0400] "GET /cgi-bin/lansaweb?procfun+wordpr01+webfunc+M37 HTTP/1.1" 500 553 "-" "Mozilla/4.0 (compatible; MSIE 6.0; Windows NT 5.1; {22071182-D202-0618-513A-C41EAFC9D595}; FunWebProducts; .NET CLR 1.1.4322)"
75.45.229.244 - - [24/May/2007:10:53:32 -0400] "GET / HTTP/1.1" 200 367 "-" "Mozilla/4.0 (compatible; MSIE 6.0; Windows NT 5.1; {22071182-D202-0618-513A-C41EAFC9D595}; FunWebProducts; .NET CLR 1.1.4322)"
75.45.229.244 - - [24/May/2007:10:53:34 -0400] "GET /cgi-bin/lansaweb?procfun+wordpr01+webfunc+M37 HTTP/1.1" 500 553 "-" "Mozilla/4.0 (compatible; MSIE 6.0; Windows NT 5.1; {22071182-D202-0618-513A-C41EAFC9D595}; FunWebProducts; .NET CLR 1.1.4322)"
75.45.229.244 - - [24/May/2007:10:53:43 -0400] "GET /cgi-bin/lansaweb?procfun+wordpr01+webfunc+M37 HTTP/1.1" 500 553 "http://www.acesurgical.com/contact.html" "Mozilla/4.0 (compatible; MSIE 6.0; Windows NT 5.1; {22071182-D202-0618-513A-C41EAFC9D595}; FunWebProducts; .NET CLR 1.1.4322)"
76.197.139.49 - - [24/May/2007:10:55:14 -0400] "GET /cgi-bin/lansaweb?procfun+wordpr01+webfunc+M37 HTTP/1.1" 500 553 "-" "Mozilla/4.0 (compatible; MSIE 6.0; Windows NT 5.1; .NET CLR 1.0.3705; .NET CLR 1.1.4322)"
76.197.139.49 - - [24/May/2007:10:55:15 -0400] "GET /favicon.ico HTTP/1.1" 404 209 "-" "Mozilla/4.0 (compatible; MSIE 6.0; Windows NT 5.1; .NET CLR 1.0.3705; .NET CLR 1.1.4322)"
76.197.139.49 - - [24/May/2007:10:55:21 -0400] "GET / HTTP/1.1" 200 367 "-" "Mozilla/4.0 (compatible; MSIE 6.0; Windows NT 5.1; .NET CLR 1.0.3705; .NET CLR 1.1.4322)"
76.197.139.49 - - [24/May/2007:10:55:26 -0400] "GET /Includes/ HTTP/1.1" 200 220 "http://www.aceonlinestore.com/" "Mozilla/4.0 (compatible; MSIE 6.0; Windows NT 5.1; .NET CLR 1.0.3705; .NET CLR 1.1.4322)"
76.197.139.49 - - [24/May/2007:10:55:27 -0400] "GET / HTTP/1.1" 200 367 "http://www.aceonlinestore.com/Includes/" "Mozilla/4.0 (compatible; MSIE 6.0; Windows NT 5.1; .NET CLR 1.0.3705; .NET CLR 1.1.4322)"
76.197.139.49 - - [24/May/2007:10:55:30 -0400] "GET /cgi-bin/lansaweb?procfun+wordpr01+webfunc+M37 HTTP/1.1" 500 553 "-" "Mozilla/4.0 (compatible; MSIE 6.0; Windows NT 5.1; .NET CLR 1.0.3705; .NET CLR 1.1.4322)"
76.197.139.49 - - [24/May/2007:10:55:37 -0400] "GET /cgi-bin/lansaweb?procfun+wordpr01+webfunc+M37 HTTP/1.1" 500 553 "-" "Mozilla/4.0 (compatible; MSIE 6.0; Windows NT 5.1; .NET CLR 1.0.3705; .NET CLR 1.1.4322)"
76.197.139.49 - - [24/May/2007:10:56:11 -0400] "GET /cgi-bin/lansaweb?procfun+wordpr01+webfunc+M37 HTTP/1.1" 500 553 "-" "Mozilla/4.0 (compatible; MSIE 6.0; Windows NT 5.1; .NET CLR 1.0.3705; .NET CLR 1.1.4322)"
76.197.139.49 - - [24/May/2007:10:56:26 -0400] "GET /cgi-bin/lansaweb?procfun+wordpr01+webfunc+M37 HTTP/1.1" 500 553 "-" "Mozilla/4.0 (compatible; MSIE 6.0; Windows NT 5.1; .NET CLR 1.0.3705; .NET CLR 1.1.4322)"
76.197.139.49 - - [24/May/2007:10:56:27 -0400] "GET / HTTP/1.1" 200 367 "-" "Mozilla/4.0 (compatible; MSIE 6.0; Windows NT 5.1; .NET CLR 1.0.3705; .NET CLR 1.1.4322)"
76.197.139.49 - - [24/May/2007:10:56:29 -0400] "GET /logs/ HTTP/1.1" 200 1418 "http://www.aceonlinestore.com/" "Mozilla/4.0 (compatible; MSIE 6.0; Windows NT 5.1; .NET CLR 1.0.3705; .NET CLR 1.1.4322)"
76.197.139.49 - - [24/May/2007:10:56:30 -0400] "GET /logs/access_log.Q107051800 HTTP/1.1" 200 2816565 "http://www.aceonlinestore.com/logs/" "Mozilla/4.0 (compatible; MSIE 6.0; Windows NT 5.1; .NET CLR 1.0.3705; .NET CLR 1.1.4322)"
76.197.139.49 - - [24/May/2007:10:56:33 -0400] "GET /cgi-bin/lansaweb?procfun+wordpr01+webfunc+M37 HTTP/1.1" 500 553 "-" "Mozilla/4.0 (compatible; MSIE 6.0; Windows NT 5.1; .NET CLR 1.0.3705; .NET CLR 1.1.4322)"
67.130.27.222 - - [24/May/2007:10:57:14 -0400] "GET /cgi-bin/lansaweb?procfun+wordpr01+webfunc+M37 HTTP/1.1" 500 553 "http://www.acesurgical.com/home_May07.html" "Mozilla/4.0 (compatible; MSIE 6.0; Windows NT 5.1; .NET CLR 1.0.3705)"
71.0.194.144 - - [24/May/2007:10:57:23 -0400] "GET /cgi-bin/lansaweb?procfun+wordpr01+webfunc+M37 HTTP/1.1" 500 553 "http://www.acesurgical.com/home_May07.html" "Mozilla/4.0 (compatible; MSIE 6.0; Windows NT 5.1; SV1)"
67.130.27.222 - - [24/May/2007:10:57:25 -0400] "GET /cgi-bin/lansaweb?procfun+wordpr01+webfunc+M37 HTTP/1.1" 500 553 "http://www.acesurgical.com/home_May07.html" "Mozilla/4.0 (compatible; MSIE 6.0; Windows NT 5.1; .NET CLR 1.0.3705)"
67.130.27.222 - - [24/May/2007:10:57:25 -0400] "GET /cgi-bin/lansaweb?procfun+wordpr01+webfunc+M37 HTTP/1.1" 500 553 "http://www.acesurgical.com/home_May07.html" "Mozilla/4.0 (compatible; MSIE 6.0; Windows NT 5.1; .NET CLR 1.0.3705)"
71.0.194.144 - - [24/May/2007:10:57:31 -0400] "GET / HTTP/1.1" 200 367 "-" "Mozilla/4.0 (compatible; MSIE 6.0; Windows NT 5.1; SV1)"
67.130.27.222 - - [24/May/2007:10:57:44 -0400] "GET /cgi-bin/lansaweb?procfun+wordpr01+webfunc+M37 HTTP/1.1" 500 553 "http://www.acesurgical.com/home_May07.html" "Mozilla/4.0 (compatible; MSIE 6.0; Windows NT 5.1; .NET CLR 1.0.3705)"
209.59.12.99 - - [24/May/2007:10:57:55 -0400] "GET / HTTP/1.0" 200 367 "-" "check_http/1.81 (nagios-plugins 1.4)"
67.130.27.222 - - [24/May/2007:10:57:58 -0400] "GET /cgi-bin/lansaweb?procfun+wordpr01+webfunc+M37 HTTP/1.1" 500 553 "http://www.acesurgical.com/home_May07.html" "Mozilla/4.0 (compatible; MSIE 6.0; Windows NT 5.1; .NET CLR 1.0.3705)"
67.130.27.222 - - [24/May/2007:10:57:59 -0400] "GET /cgi-bin/lansaweb?procfun+wordpr01+webfunc+M37 HTTP/1.1" 500 553 "http://www.acesurgical.com/home_May07.html" "Mozilla/4.0 (compatible; MSIE 6.0; Windows NT 5.1; .NET CLR 1.0.3705)"
67.130.27.222 - - [24/May/2007:10:57:59 -0400] "GET /cgi-bin/lansaweb?procfun+wordpr01+webfunc+M37 HTTP/1.1" 500 553 "http://www.acesurgical.com/home_May07.html" "Mozilla/4.0 (compatible; MSIE 6.0; Windows NT 5.1; .NET CLR 1.0.3705)"
67.130.27.222 - - [24/May/2007:10:57:59 -0400] "GET /cgi-bin/lansaweb?procfun+wordpr01+webfunc+M37 HTTP/1.1" 500 553 "http://www.acesurgical.com/home_May07.html" "Mozilla/4.0 (compatible; MSIE 6.0; Windows NT 5.1; .NET CLR 1.0.3705)"
71.0.194.144 - - [24/May/2007:10:58:03 -0400] "GET /cgi-bin/lansaweb?procfun+wordpr01+webfunc+M37 HTTP/1.1" 500 553 "http://www.acesurgical.com/home_May07.html" "Mozilla/4.0 (compatible; MSIE 6.0; Windows NT 5.1; SV1)"
67.130.27.222 - - [24/May/2007:10:58:05 -0400] "GET / HTTP/1.1" 200 367 "-" "Mozilla/4.0 (compatible; MSIE 6.0; Windows NT 5.1; .NET CLR 1.0.3705)"
67.130.27.222 - - [24/May/2007:10:58:09 -0400] "GET /images/ HTTP/1.1" 200 32065 "http://www.aceonlinestore.com/" "Mozilla/4.0 (compatible; MSIE 6.0; Windows NT 5.1; .NET CLR 1.0.3705)"
67.130.27.222 - - [24/May/2007:10:58:18 -0400] "GET /cgi-bin/lansaweb?procfun+wordpr01+webfunc+M37 HTTP/1.1" 500 553 "http://www.acesurgical.com/home_May07.html" "Mozilla/4.0 (compatible; MSIE 6.0; Windows NT 5.1; .NET CLR 1.0.3705)"
67.130.27.222 - - [24/May/2007:10:58:21 -0400] "GET /cgi-bin/lansaweb?procfun+wordpr01+webfunc+M37 HTTP/1.1" 500 553 "http://www.acesurgical.com/home_May07.html" "Mozilla/4.0 (compatible; MSIE 6.0; Windows NT 5.1; .NET CLR 1.0.3705)"
205.188.117.9 - - [24/May/2007:11:00:16 -0400] "GET /cgi-bin/lansaweb?procfun+wordpr01+webfunc+M37 HTTP/1.1" 500 553 "http://acesurgical.com/home_May07.html" "Mozilla/4.0 (compatible; MSIE 7.0; AOL 9.0; Windows NT 5.1; FunWebProducts; .NET CLR 1.1.4322)"
205.188.117.9 - - [24/May/2007:11:02:00 -0400] "GET /cgi-bin/lansaweb?procfun+wordpr01+webfunc+M37 HTTP/1.1" 500 553 "http://acesurgical.com/home_May07.html" "Mozilla/4.0 (compatible; MSIE 7.0; AOL 9.0; Windows NT 5.1; FunWebProducts; .NET CLR 1.1.4322)"
205.188.117.14 - - [24/May/2007:11:02:09 -0400] "GET / HTTP/1.1" 200 367 "-" "Mozilla/4.0 (compatible; MSIE 7.0; AOL 9.0; Windows NT 5.1; FunWebProducts; .NET CLR 1.1.4322)"
72.194.113.43 - - [24/May/2007:11:02:23 -0400] "GET /cgi-bin/lansaweb?procfun+wordpr01+webfunc+M37 HTTP/1.1" 500 553 "http://acesurgical.com/home_May07.html" "Mozilla/4.0 (compatible; MSIE 7.0; AOL 9.0; Windows NT 5.1; .NET CLR 1.0.3705; Media Center PC 4.0; .NET CLR 1.1.4322; .NET CLR 2.0.50727)"
205.188.117.9 - - [24/May/2007:11:02:23 -0400] "GET /cgi-bin/lansaweb?procfun+wordpr01+webfunc+M37 HTTP/1.1" 500 553 "http://acesurgical.com/home_May07.html" "Mozilla/4.0 (compatible; MSIE 7.0; AOL 9.0; Windows NT 5.1; FunWebProducts; .NET CLR 1.1.4322)"
205.188.117.9 - - [24/May/2007:11:02:28 -0400] "GET /cgi-bin/lansaweb?procfun+wordpr01+webfunc+M37 HTTP/1.1" 500 553 "http://acesurgical.com/home_May07.html" "Mozilla/4.0 (compatible; MSIE 7.0; AOL 9.0; Windows NT 5.1; FunWebProducts; .NET CLR 1.1.4322)"
205.188.117.9 - - [24/May/2007:11:02:32 -0400] "GET /cgi-bin/lansaweb?procfun+wordpr01+webfunc+M37 HTTP/1.1" 500 553 "http://acesurgical.com/home_May07.html" "Mozilla/4.0 (compatible; MSIE 7.0; AOL 9.0; Windows NT 5.1; FunWebProducts; .NET CLR 1.1.4322)"
205.188.117.9 - - [24/May/2007:11:02:44 -0400] "GET /cgi-bin/lansaweb?procfun+wordpr01+webfunc+M37 HTTP/1.1" 500 553 "http://acesurgical.com/home_May07.html" "Mozilla/4.0 (compatible; MSIE 7.0; AOL 9.0; Windows NT 5.1; FunWebProducts; .NET CLR 1.1.4322)"
205.188.117.9 - - [24/May/2007:11:02:55 -0400] "GET /cgi-bin/lansaweb?procfun+wordpr01+webfunc+M37 HTTP/1.1" 500 553 "http://acesurgical.com/downloads.html" "Mozilla/4.0 (compatible; MSIE 7.0; AOL 9.0; Windows NT 5.1; FunWebProducts; .NET CLR 1.1.4322)"
209.59.12.99 - - [24/May/2007:11:02:56 -0400] "GET / HTTP/1.0" 200 367 "-" "check_http/1.81 (nagios-plugins 1.4)"
205.188.117.9 - - [24/May/2007:11:03:58 -0400] "GET /cgi-bin/lansaweb?procfun+wordpr01+webfunc+M37 HTTP/1.1" 500 553 "http://acesurgical.com/home_May07.html" "Mozilla/4.0 (compatible; MSIE 7.0; AOL 9.0; Windows NT 5.1; FunWebProducts; .NET CLR 1.1.4322)"
75.45.229.244 - - [24/May/2007:11:05:59 -0400] "GET /cgi-bin/lansaweb?procfun+wordpr01+webfunc+M37 HTTP/1.1" 500 553 "http://www.acesurgical.com/home_May07.html" "Mozilla/4.0 (compatible; MSIE 5.01; Windows NT 5.0)"
209.59.12.99 - - [24/May/2007:11:07:57 -0400] "GET / HTTP/1.0" 200 367 "-" "check_http/1.81 (nagios-plugins 1.4)"
205.188.117.9 - - [24/May/2007:11:09:33 -0400] "GET /cgi-bin/lansaweb?procfun+wordpr01+webfunc+M37 HTTP/1.1" 500 553 "http://acesurgical.com/home_May07.html" "Mozilla/4.0 (compatible; MSIE 7.0; AOL 9.0; Windows NT 5.1; FunWebProducts; .NET CLR 1.1.4322)"
