60.248.160.127 - - [25/May/2007:01:57:48 -0400] "POST /CGI-BIN/LANSAWEB?WEBEVENT+LCD64070C51E01800DC2408Y+M37+ENG HTTP/1.1" 200 34683 "http://www.aceonlinestore.com/CGI-BIN/LANSAWEB?WEBEVENT+LCD64070A5BE01800912408Y+M37+ENG" "Mozilla/4.0 (compatible; MSIE 6.0; Windows NT 5.1; SV1)"
60.248.160.127 - - [25/May/2007:01:57:48 -0400] "GET /images/over-index12_exhex.jpg HTTP/1.1" 200 2022 "http://www.aceonlinestore.com/CGI-BIN/LANSAWEB?WEBEVENT+LCD64070A5BE01800912408Y+M37+ENG" "Mozilla/4.0 (compatible; MSIE 6.0; Windows NT 5.1; SV1)"
60.248.160.127 - - [25/May/2007:01:57:52 -0400] "GET /images/ex_hex_implant.jpg HTTP/1.1" 404 223 "http://www.aceonlinestore.com/CGI-BIN/LANSAWEB?WEBEVENT+LCD64070C51E01800DC2408Y+M37+ENG" "Mozilla/4.0 (compatible; MSIE 6.0; Windows NT 5.1; SV1)"
60.248.160.127 - - [25/May/2007:01:57:52 -0400] "GET /images/sds_implant.jpg HTTP/1.1" 404 220 "http://www.aceonlinestore.com/CGI-BIN/LANSAWEB?WEBEVENT+LCD64070C51E01800DC2408Y+M37+ENG" "Mozilla/4.0 (compatible; MSIE 6.0; Windows NT 5.1; SV1)"
60.248.160.127 - - [25/May/2007:01:57:54 -0400] "GET /images/over-ex_hex_implant.jpg HTTP/1.1" 404 228 "http://www.aceonlinestore.com/CGI-BIN/LANSAWEB?WEBEVENT+LCD64070C51E01800DC2408Y+M37+ENG" "Mozilla/4.0 (compatible; MSIE 6.0; Windows NT 5.1; SV1)"
60.248.160.127 - - [25/May/2007:01:57:56 -0400] "POST /CGI-BIN/LANSAWEB?WEBEVENT+LCD64070B5DC09800E13408Y+M37+ENG HTTP/1.1" 200 41395 "http://www.aceonlinestore.com/CGI-BIN/LANSAWEB?WEBEVENT+LCD64070C51E01800DC2408Y+M37+ENG" "Mozilla/4.0 (compatible; MSIE 6.0; Windows NT 5.1; SV1)"
60.248.160.127 - - [25/May/2007:01:58:01 -0400] "GET /images/pf-a.gif HTTP/1.1" 200 798 "http://www.aceonlinestore.com/CGI-BIN/LANSAWEB?WEBEVENT+LCD64070B5DC09800E13408Y+M37+ENG" "Mozilla/4.0 (compatible; MSIE 6.0; Windows NT 5.1; SV1)"
60.248.160.127 - - [25/May/2007:01:58:02 -0400] "GET /images/fav_a-a.gif HTTP/1.1" 200 281 "http://www.aceonlinestore.com/CGI-BIN/LANSAWEB?WEBEVENT+LCD64070B5DC09800E13408Y+M37+ENG" "Mozilla/4.0 (compatible; MSIE 6.0; Windows NT 5.1; SV1)"
60.248.160.127 - - [25/May/2007:01:58:02 -0400] "GET /images/addtocart.gif HTTP/1.1" 200 591 "http://www.aceonlinestore.com/CGI-BIN/LANSAWEB?WEBEVENT+LCD64070B5DC09800E13408Y+M37+ENG" "Mozilla/4.0 (compatible; MSIE 6.0; Windows NT 5.1; SV1)"
60.248.160.127 - - [25/May/2007:01:58:02 -0400] "GET /images/space.gif HTTP/1.1" 200 43 "http://www.aceonlinestore.com/CGI-BIN/LANSAWEB?WEBEVENT+LCD64070B5DC09800E13408Y+M37+ENG" "Mozilla/4.0 (compatible; MSIE 6.0; Windows NT 5.1; SV1)"
60.248.160.127 - - [25/May/2007:01:58:07 -0400] "GET /images/ex_hex_implant.jpg HTTP/1.1" 404 223 "http://www.aceonlinestore.com/CGI-BIN/LANSAWEB?WEBEVENT+LCD64070C51E01800DC2408Y+M37+ENG" "Mozilla/4.0 (compatible; MSIE 6.0; Windows NT 5.1; SV1)"
60.248.160.127 - - [25/May/2007:01:58:07 -0400] "GET /images/sds_implant.jpg HTTP/1.1" 404 220 "http://www.aceonlinestore.com/CGI-BIN/LANSAWEB?WEBEVENT+LCD64070C51E01800DC2408Y+M37+ENG" "Mozilla/4.0 (compatible; MSIE 6.0; Windows NT 5.1; SV1)"
60.248.160.127 - - [25/May/2007:01:58:09 -0400] "POST /CGI-BIN/LANSAWEB?WEBEVENT+LCD64070C51E01800DC2408Y+M37+ENG HTTP/1.1" 200 37383 "http://www.aceonlinestore.com/CGI-BIN/LANSAWEB?WEBEVENT+LCD64070A5BE01800912408Y+M37+ENG" "Mozilla/4.0 (compatible; MSIE 6.0; Windows NT 5.1; SV1)"
60.248.160.127 - - [25/May/2007:01:58:13 -0400] "GET /images/intconnct.jpg HTTP/1.1" 404 218 "http://www.aceonlinestore.com/CGI-BIN/LANSAWEB?WEBEVENT+LCD64070C51E01800DC2408Y+M37+ENG" "Mozilla/4.0 (compatible; MSIE 6.0; Windows NT 5.1; SV1)"
60.248.160.127 - - [25/May/2007:01:58:13 -0400] "GET /images/4_head_pros.jpg HTTP/1.1" 404 220 "http://www.aceonlinestore.com/CGI-BIN/LANSAWEB?WEBEVENT+LCD64070C51E01800DC2408Y+M37+ENG" "Mozilla/4.0 (compatible; MSIE 6.0; Windows NT 5.1; SV1)"
60.248.160.127 - - [25/May/2007:01:58:14 -0400] "GET /images/5_head_pros.jpg HTTP/1.1" 404 220 "http://www.aceonlinestore.com/CGI-BIN/LANSAWEB?WEBEVENT+LCD64070C51E01800DC2408Y+M37+ENG" "Mozilla/4.0 (compatible; MSIE 6.0; Windows NT 5.1; SV1)"
60.248.160.127 - - [25/May/2007:01:58:14 -0400] "GET /images/6_head_pros.jpeg HTTP/1.1" 404 221 "http://www.aceonlinestore.com/CGI-BIN/LANSAWEB?WEBEVENT+LCD64070C51E01800DC2408Y+M37+ENG" "Mozilla/4.0 (compatible; MSIE 6.0; Windows NT 5.1; SV1)"
60.248.160.127 - - [25/May/2007:01:58:18 -0400] "GET /images/over-4_head_pros.jpg HTTP/1.1" 404 225 "http://www.aceonlinestore.com/CGI-BIN/LANSAWEB?WEBEVENT+LCD64070C51E01800DC2408Y+M37+ENG" "Mozilla/4.0 (compatible; MSIE 6.0; Windows NT 5.1; SV1)"
60.248.160.127 - - [25/May/2007:01:58:19 -0400] "POST /CGI-BIN/LANSAWEB?WEBEVENT+LCD64070F5D409800F65408Y+M37+ENG HTTP/1.1" 200 62318 "http://www.aceonlinestore.com/CGI-BIN/LANSAWEB?WEBEVENT+LCD64070C51E01800DC2408Y+M37+ENG" "Mozilla/4.0 (compatible; MSIE 6.0; Windows NT 5.1; SV1)"
60.248.160.127 - - [25/May/2007:01:58:21 -0400] "GET /images/4_head_pros.jpg HTTP/1.1" 404 220 "http://www.aceonlinestore.com/CGI-BIN/LANSAWEB?WEBEVENT+LCD64070C51E01800DC2408Y+M37+ENG" "Mozilla/4.0 (compatible; MSIE 6.0; Windows NT 5.1; SV1)"
60.248.160.127 - - [25/May/2007:01:58:29 -0400] "GET /images/next.gif HTTP/1.1" 200 249 "http://www.aceonlinestore.com/CGI-BIN/LANSAWEB?WEBEVENT+LCD64070F5D409800F65408Y+M37+ENG" "Mozilla/4.0 (compatible; MSIE 6.0; Windows NT 5.1; SV1)"
66.249.67.82 - - [25/May/2007:01:56:59 -0400] "GET /images/ACE_BoneGraft_04.pdf HTTP/1.1" 200 9952673 "-" "Mozilla/5.0 (compatible; Googlebot/2.1; +http://www.google.com/bot.html)"
209.59.12.99 - - [25/May/2007:02:02:17 -0400] "GET / HTTP/1.0" 200 367 "-" "check_http/1.81 (nagios-plugins 1.4)"
66.249.67.82 - - [25/May/2007:02:03:37 -0400] "GET /images/ACE_BoneGraft_04.pdf HTTP/1.1" 200 9952673 "-" "Mozilla/5.0 (compatible; Googlebot/2.1; +http://www.google.com/bot.html)"
209.59.12.99 - - [25/May/2007:02:07:17 -0400] "GET / HTTP/1.0" 200 367 "-" "check_http/1.81 (nagios-plugins 1.4)"
209.59.12.99 - - [25/May/2007:02:12:17 -0400] "GET / HTTP/1.0" 200 367 "-" "check_http/1.81 (nagios-plugins 1.4)"
66.249.67.82 - - [25/May/2007:02:10:13 -0400] "GET /images/ACE_BoneGraft_04.pdf HTTP/1.1" 200 9952673 "-" "Mozilla/5.0 (compatible; Googlebot/2.1; +http://www.google.com/bot.html)"
214.1.101.252 - - [25/May/2007:02:15:08 -0400] "GET /images/nav_store_index_off.jpg HTTP/1.1" 304 - "-" "Mozilla/4.0 (compatible;)"
214.1.101.252 - - [25/May/2007:02:16:36 -0400] "GET /images/login.gif HTTP/1.1" 304 - "-" "Mozilla/4.0 (compatible;)"
209.59.12.99 - - [25/May/2007:02:17:17 -0400] "GET / HTTP/1.0" 200 367 "-" "check_http/1.81 (nagios-plugins 1.4)"
214.1.101.252 - - [25/May/2007:02:17:25 -0400] "GET /images/ace_logo_bottom.jpg HTTP/1.1" 304 - "-" "Mozilla/4.0 (compatible;)"
214.1.101.252 - - [25/May/2007:02:17:25 -0400] "GET /images/psearch_go.gif HTTP/1.1" 304 - "-" "Mozilla/4.0 (compatible;)"
214.1.101.252 - - [25/May/2007:02:18:16 -0400] "GET /images/nav04_conven_off.jpg HTTP/1.1" 304 - "-" "Mozilla/4.0 (compatible;)"
214.1.101.252 - - [25/May/2007:02:18:58 -0400] "GET /images/nav04_download_off.jpg HTTP/1.1" 304 - "-" "Mozilla/4.0 (compatible;)"
214.1.101.252 - - [25/May/2007:02:19:25 -0400] "GET /images/search.gif HTTP/1.1" 304 - "-" "Mozilla/4.0 (compatible;)"
214.1.101.252 - - [25/May/2007:02:19:31 -0400] "GET /images/nav_store_head.jpg HTTP/1.1" 304 - "-" "Mozilla/4.0 (compatible;)"
66.249.67.82 - - [25/May/2007:02:16:59 -0400] "GET /images/ACE_BoneGraft_04.pdf HTTP/1.1" 200 9952673 "-" "Mozilla/5.0 (compatible; Googlebot/2.1; +http://www.google.com/bot.html)"
214.1.101.252 - - [25/May/2007:02:20:31 -0400] "GET /images/login_go.gif HTTP/1.1" 304 - "-" "Mozilla/4.0 (compatible;)"
214.1.101.252 - - [25/May/2007:02:20:41 -0400] "GET /images/sale_promo-icon.gif HTTP/1.1" 304 - "-" "Mozilla/4.0 (compatible;)"
214.1.101.252 - - [25/May/2007:02:20:41 -0400] "GET /images/nav04_about_off.jpg HTTP/1.1" 304 - "-" "Mozilla/4.0 (compatible;)"
209.59.12.99 - - [25/May/2007:02:22:17 -0400] "GET / HTTP/1.0" 200 367 "-" "check_http/1.81 (nagios-plugins 1.4)"
66.249.67.82 - - [25/May/2007:02:23:00 -0400] "GET /images/ACE_BoneGraft_04.pdf HTTP/1.1" 200 9952673 "-" "Mozilla/5.0 (compatible; Googlebot/2.1; +http://www.google.com/bot.html)"
209.59.12.99 - - [25/May/2007:02:27:17 -0400] "GET / HTTP/1.0" 200 367 "-" "check_http/1.81 (nagios-plugins 1.4)"
214.1.101.252 - - [25/May/2007:02:31:22 -0400] "GET /images/nav04_contact_over.jpg HTTP/1.1" 304 - "-" "Mozilla/4.0 (compatible;)"
209.59.12.99 - - [25/May/2007:02:32:17 -0400] "GET / HTTP/1.0" 200 367 "-" "check_http/1.81 (nagios-plugins 1.4)"
66.249.67.82 - - [25/May/2007:02:29:40 -0400] "GET /images/ACE_BoneGraft_04.pdf HTTP/1.1" 200 9952673 "-" "Mozilla/5.0 (compatible; Googlebot/2.1; +http://www.google.com/bot.html)"
209.59.12.99 - - [25/May/2007:02:37:17 -0400] "GET / HTTP/1.0" 200 367 "-" "check_http/1.81 (nagios-plugins 1.4)"
66.249.67.82 - - [25/May/2007:02:36:06 -0400] "GET /images/ACE_BoneGraft_04.pdf HTTP/1.1" 200 9952673 "-" "Mozilla/5.0 (compatible; Googlebot/2.1; +http://www.google.com/bot.html)"
209.59.12.99 - - [25/May/2007:02:42:19 -0400] "GET / HTTP/1.0" 200 367 "-" "check_http/1.81 (nagios-plugins 1.4)"
66.249.67.82 - - [25/May/2007:02:42:16 -0400] "GET /images/ACE_BoneGraft_04.pdf HTTP/1.1" 200 9952673 "-" "Mozilla/5.0 (compatible; Googlebot/2.1; +http://www.google.com/bot.html)"
209.59.12.99 - - [25/May/2007:02:47:17 -0400] "GET / HTTP/1.0" 200 367 "-" "check_http/1.81 (nagios-plugins 1.4)"
66.249.67.82 - - [25/May/2007:02:48:22 -0400] "GET /images/ACE_BoneGraft_04.pdf HTTP/1.1" 200 9952673 "-" "Mozilla/5.0 (compatible; Googlebot/2.1; +http://www.google.com/bot.html)"
209.59.12.99 - - [25/May/2007:02:52:18 -0400] "GET / HTTP/1.0" 200 367 "-" "check_http/1.81 (nagios-plugins 1.4)"
209.59.12.99 - - [25/May/2007:02:57:18 -0400] "GET / HTTP/1.0" 200 367 "-" "check_http/1.81 (nagios-plugins 1.4)"
66.249.67.82 - - [25/May/2007:02:54:56 -0400] "GET /images/ACE_BoneGraft_04.pdf HTTP/1.1" 200 9952673 "-" "Mozilla/5.0 (compatible; Googlebot/2.1; +http://www.google.com/bot.html)"
209.59.12.99 - - [25/May/2007:03:02:17 -0400] "GET / HTTP/1.0" 200 367 "-" "check_http/1.81 (nagios-plugins 1.4)"
209.59.12.99 - - [25/May/2007:03:07:18 -0400] "GET / HTTP/1.0" 200 367 "-" "check_http/1.81 (nagios-plugins 1.4)"
209.59.12.99 - - [25/May/2007:03:12:18 -0400] "GET / HTTP/1.0" 200 367 "-" "check_http/1.81 (nagios-plugins 1.4)"
209.59.12.99 - - [25/May/2007:03:17:18 -0400] "GET / HTTP/1.0" 200 367 "-" "check_http/1.81 (nagios-plugins 1.4)"
209.59.12.99 - - [25/May/2007:03:22:18 -0400] "GET / HTTP/1.0" 200 367 "-" "check_http/1.81 (nagios-plugins 1.4)"
209.59.12.99 - - [25/May/2007:03:27:18 -0400] "GET / HTTP/1.0" 200 367 "-" "check_http/1.81 (nagios-plugins 1.4)"
209.59.12.99 - - [25/May/2007:03:32:18 -0400] "GET / HTTP/1.0" 200 367 "-" "check_http/1.81 (nagios-plugins 1.4)"
209.59.12.99 - - [25/May/2007:03:37:19 -0400] "GET / HTTP/1.0" 200 367 "-" "check_http/1.81 (nagios-plugins 1.4)"
209.59.12.99 - - [25/May/2007:03:42:17 -0400] "GET / HTTP/1.0" 200 367 "-" "check_http/1.81 (nagios-plugins 1.4)"
209.59.12.99 - - [25/May/2007:03:47:18 -0400] "GET / HTTP/1.0" 200 367 "-" "check_http/1.81 (nagios-plugins 1.4)"
209.59.12.99 - - [25/May/2007:03:52:18 -0400] "GET / HTTP/1.0" 200 367 "-" "check_http/1.81 (nagios-plugins 1.4)"
209.59.12.99 - - [25/May/2007:03:57:18 -0400] "GET / HTTP/1.0" 200 367 "-" "check_http/1.81 (nagios-plugins 1.4)"
209.59.12.99 - - [25/May/2007:04:02:19 -0400] "GET / HTTP/1.0" 200 367 "-" "check_http/1.81 (nagios-plugins 1.4)"
209.59.12.99 - - [25/May/2007:04:07:19 -0400] "GET / HTTP/1.0" 200 367 "-" "check_http/1.81 (nagios-plugins 1.4)"
209.59.12.99 - - [25/May/2007:04:12:18 -0400] "GET / HTTP/1.0" 200 367 "-" "check_http/1.81 (nagios-plugins 1.4)"
209.59.12.99 - - [25/May/2007:04:17:19 -0400] "GET / HTTP/1.0" 200 367 "-" "check_http/1.81 (nagios-plugins 1.4)"
209.59.12.99 - - [25/May/2007:04:22:18 -0400] "GET / HTTP/1.0" 200 367 "-" "check_http/1.81 (nagios-plugins 1.4)"
209.59.12.99 - - [25/May/2007:04:27:19 -0400] "GET / HTTP/1.0" 200 367 "-" "check_http/1.81 (nagios-plugins 1.4)"
209.59.12.99 - - [25/May/2007:04:32:19 -0400] "GET / HTTP/1.0" 200 367 "-" "check_http/1.81 (nagios-plugins 1.4)"
192.192.90.251 - - [25/May/2007:04:33:46 -0400] "GET /images/over-index_allooss.jpg HTTP/1.1" 304 - "-" "Mozilla/4.0 (compatible;)"
192.192.90.251 - - [25/May/2007:04:35:50 -0400] "GET /images/over-store_infection_section.jpg HTTP/1.1" 304 - "-" "Mozilla/4.0 (compatible;)"
209.59.12.99 - - [25/May/2007:04:37:19 -0400] "GET / HTTP/1.0" 200 367 "-" "check_http/1.81 (nagios-plugins 1.4)"
209.59.12.99 - - [25/May/2007:04:42:19 -0400] "GET / HTTP/1.0" 200 367 "-" "check_http/1.81 (nagios-plugins 1.4)"
209.59.12.99 - - [25/May/2007:04:47:18 -0400] "GET / HTTP/1.0" 200 367 "-" "check_http/1.81 (nagios-plugins 1.4)"
209.59.12.99 - - [25/May/2007:04:52:19 -0400] "GET / HTTP/1.0" 200 367 "-" "check_http/1.81 (nagios-plugins 1.4)"
209.59.12.99 - - [25/May/2007:04:57:19 -0400] "GET / HTTP/1.0" 200 367 "-" "check_http/1.81 (nagios-plugins 1.4)"
209.59.12.99 - - [25/May/2007:05:02:18 -0400] "GET / HTTP/1.0" 200 367 "-" "check_http/1.81 (nagios-plugins 1.4)"
209.59.12.99 - - [25/May/2007:05:07:19 -0400] "GET / HTTP/1.0" 200 367 "-" "check_http/1.81 (nagios-plugins 1.4)"
66.249.67.82 - - [25/May/2007:05:11:44 -0400] "GET /images/ACE_Creditform.pdf HTTP/1.1" 304 - "-" "Mozilla/5.0 (compatible; Googlebot/2.1; +http://www.google.com/bot.html)"
209.59.12.99 - - [25/May/2007:05:12:20 -0400] "GET / HTTP/1.0" 200 367 "-" "check_http/1.81 (nagios-plugins 1.4)"
209.59.12.99 - - [25/May/2007:05:17:19 -0400] "GET / HTTP/1.0" 200 367 "-" "check_http/1.81 (nagios-plugins 1.4)"
209.59.12.99 - - [25/May/2007:05:22:19 -0400] "GET / HTTP/1.0" 200 367 "-" "check_http/1.81 (nagios-plugins 1.4)"
209.59.12.99 - - [25/May/2007:05:27:19 -0400] "GET / HTTP/1.0" 200 367 "-" "check_http/1.81 (nagios-plugins 1.4)"
82.154.177.161 - - [25/May/2007:05:29:34 -0400] "GET /cgi-bin/lansaweb?procfun+wordpr01+webfunc+M37 HTTP/1.1" 200 38220 "http://www.acesurgical.com/home_May07.html" "Mozilla/4.0 (compatible; MSIE 6.0; Windows NT 5.1; SV1; .NET CLR 1.1.4322)"
82.154.177.161 - - [25/May/2007:05:29:36 -0400] "GET /images/nav_upper_bgrd.jpg HTTP/1.1" 200 2954 "http://www.aceonlinestore.com/cgi-bin/lansaweb?procfun+wordpr01+webfunc+M37" "Mozilla/4.0 (compatible; MSIE 6.0; Windows NT 5.1; SV1; .NET CLR 1.1.4322)"
82.154.177.161 - - [25/May/2007:05:29:36 -0400] "GET /images/nav04_about_off.jpg HTTP/1.1" 200 1255 "http://www.aceonlinestore.com/cgi-bin/lansaweb?procfun+wordpr01+webfunc+M37" "Mozilla/4.0 (compatible; MSIE 6.0; Windows NT 5.1; SV1; .NET CLR 1.1.4322)"
82.154.177.161 - - [25/May/2007:05:29:36 -0400] "GET /images/nav04_conven_off.jpg HTTP/1.1" 200 1341 "http://www.aceonlinestore.com/cgi-bin/lansaweb?procfun+wordpr01+webfunc+M37" "Mozilla/4.0 (compatible; MSIE 6.0; Windows NT 5.1; SV1; .NET CLR 1.1.4322)"
82.154.177.161 - - [25/May/2007:05:29:37 -0400] "GET /images/nav04_shop_over.jpg HTTP/1.1" 200 1722 "http://www.aceonlinestore.com/cgi-bin/lansaweb?procfun+wordpr01+webfunc+M37" "Mozilla/4.0 (compatible; MSIE 6.0; Windows NT 5.1; SV1; .NET CLR 1.1.4322)"
82.154.177.161 - - [25/May/2007:05:29:37 -0400] "GET /images/ace_logo_top.jpg HTTP/1.1" 200 2702 "http://www.aceonlinestore.com/cgi-bin/lansaweb?procfun+wordpr01+webfunc+M37" "Mozilla/4.0 (compatible; MSIE 6.0; Windows NT 5.1; SV1; .NET CLR 1.1.4322)"
82.154.177.161 - - [25/May/2007:05:29:37 -0400] "GET /images/nav04_download_off.jpg HTTP/1.1" 200 1206 "http://www.aceonlinestore.com/cgi-bin/lansaweb?procfun+wordpr01+webfunc+M37" "Mozilla/4.0 (compatible; MSIE 6.0; Windows NT 5.1; SV1; .NET CLR 1.1.4322)"
82.154.177.161 - - [25/May/2007:05:29:37 -0400] "GET /images/nav04_contact_off.jpg HTTP/1.1" 200 965 "http://www.aceonlinestore.com/cgi-bin/lansaweb?procfun+wordpr01+webfunc+M37" "Mozilla/4.0 (compatible; MSIE 6.0; Windows NT 5.1; SV1; .NET CLR 1.1.4322)"
82.154.177.161 - - [25/May/2007:05:29:37 -0400] "GET /images/ace_logo_bottom.jpg HTTP/1.1" 200 2447 "http://www.aceonlinestore.com/cgi-bin/lansaweb?procfun+wordpr01+webfunc+M37" "Mozilla/4.0 (compatible; MSIE 6.0; Windows NT 5.1; SV1; .NET CLR 1.1.4322)"
82.154.177.161 - - [25/May/2007:05:29:37 -0400] "GET /images/nav_store_head.jpg HTTP/1.1" 200 1953 "http://www.aceonlinestore.com/cgi-bin/lansaweb?procfun+wordpr01+webfunc+M37" "Mozilla/4.0 (compatible; MSIE 6.0; Windows NT 5.1; SV1; .NET CLR 1.1.4322)"
82.154.177.161 - - [25/May/2007:05:29:37 -0400] "GET /images/nav_store_index_off.jpg HTTP/1.1" 200 922 "http://www.aceonlinestore.com/cgi-bin/lansaweb?procfun+wordpr01+webfunc+M37" "Mozilla/4.0 (compatible; MSIE 6.0; Windows NT 5.1; SV1; .NET CLR 1.1.4322)"
82.154.177.161 - - [25/May/2007:05:29:38 -0400] "GET /images/nav_lower_bgrd.jpg HTTP/1.1" 200 2321 "http://www.aceonlinestore.com/cgi-bin/lansaweb?procfun+wordpr01+webfunc+M37" "Mozilla/4.0 (compatible; MSIE 6.0; Windows NT 5.1; SV1; .NET CLR 1.1.4322)"
82.154.177.161 - - [25/May/2007:05:29:38 -0400] "GET /images/spacer.gif HTTP/1.1" 200 55 "http://www.aceonlinestore.com/cgi-bin/lansaweb?procfun+wordpr01+webfunc+M37" "Mozilla/4.0 (compatible; MSIE 6.0; Windows NT 5.1; SV1; .NET CLR 1.1.4322)"
82.154.177.161 - - [25/May/2007:05:29:38 -0400] "GET /images/login.gif HTTP/1.1" 200 166 "http://www.aceonlinestore.com/cgi-bin/lansaweb?procfun+wordpr01+webfunc+M37" "Mozilla/4.0 (compatible; MSIE 6.0; Windows NT 5.1; SV1; .NET CLR 1.1.4322)"
82.154.177.161 - - [25/May/2007:05:29:38 -0400] "GET /images/login_go.gif HTTP/1.1" 200 296 "http://www.aceonlinestore.com/cgi-bin/lansaweb?procfun+wordpr01+webfunc+M37" "Mozilla/4.0 (compatible; MSIE 6.0; Windows NT 5.1; SV1; .NET CLR 1.1.4322)"
82.154.177.161 - - [25/May/2007:05:29:38 -0400] "GET /images/search.gif HTTP/1.1" 200 614 "http://www.aceonlinestore.com/cgi-bin/lansaweb?procfun+wordpr01+webfunc+M37" "Mozilla/4.0 (compatible; MSIE 6.0; Windows NT 5.1; SV1; .NET CLR 1.1.4322)"
82.154.177.161 - - [25/May/2007:05:29:38 -0400] "GET /images/psearch_go.gif HTTP/1.1" 200 296 "http://www.aceonlinestore.com/cgi-bin/lansaweb?procfun+wordpr01+webfunc+M37" "Mozilla/4.0 (compatible; MSIE 6.0; Windows NT 5.1; SV1; .NET CLR 1.1.4322)"
82.154.177.161 - - [25/May/2007:05:29:39 -0400] "GET /images/sale_promo-icon.gif HTTP/1.1" 200 402 "http://www.aceonlinestore.com/cgi-bin/lansaweb?procfun+wordpr01+webfunc+M37" "Mozilla/4.0 (compatible; MSIE 6.0; Windows NT 5.1; SV1; .NET CLR 1.1.4322)"
82.154.177.161 - - [25/May/2007:05:29:42 -0400] "GET /images/store_anesth_section.jpg HTTP/1.1" 200 10123 "http://www.aceonlinestore.com/cgi-bin/lansaweb?procfun+wordpr01+webfunc+M37" "Mozilla/4.0 (compatible; MSIE 6.0; Windows NT 5.1; SV1; .NET CLR 1.1.4322)"
82.154.177.161 - - [25/May/2007:05:29:42 -0400] "GET /images/store_implant_section.jpg HTTP/1.1" 200 8001 "http://www.aceonlinestore.com/cgi-bin/lansaweb?procfun+wordpr01+webfunc+M37" "Mozilla/4.0 (compatible; MSIE 6.0; Windows NT 5.1; SV1; .NET CLR 1.1.4322)"
82.154.177.161 - - [25/May/2007:05:29:43 -0400] "GET /images/store_cardiac_section.jpg HTTP/1.1" 200 25730 "http://www.aceonlinestore.com/cgi-bin/lansaweb?procfun+wordpr01+webfunc+M37" "Mozilla/4.0 (compatible; MSIE 6.0; Windows NT 5.1; SV1; .NET CLR 1.1.4322)"
82.154.177.161 - - [25/May/2007:05:29:43 -0400] "GET /images/store_bone_section2.jpg HTTP/1.1" 200 21458 "http://www.aceonlinestore.com/cgi-bin/lansaweb?procfun+wordpr01+webfunc+M37" "Mozilla/4.0 (compatible; MSIE 6.0; Windows NT 5.1; SV1; .NET CLR 1.1.4322)"
82.154.177.161 - - [25/May/2007:05:29:43 -0400] "GET /images/store_gauze_section.jpg HTTP/1.1" 200 24119 "http://www.aceonlinestore.com/cgi-bin/lansaweb?procfun+wordpr01+webfunc+M37" "Mozilla/4.0 (compatible; MSIE 6.0; Windows NT 5.1; SV1; .NET CLR 1.1.4322)"
82.154.177.161 - - [25/May/2007:05:29:44 -0400] "GET /images/store_handpc_section.jpg HTTP/1.1" 200 23958 "http://www.aceonlinestore.com/cgi-bin/lansaweb?procfun+wordpr01+webfunc+M37" "Mozilla/4.0 (compatible; MSIE 6.0; Windows NT 5.1; SV1; .NET CLR 1.1.4322)"
82.154.177.161 - - [25/May/2007:05:29:45 -0400] "GET /images/store_irrigate_section.gif HTTP/1.1" 200 10336 "http://www.aceonlinestore.com/cgi-bin/lansaweb?procfun+wordpr01+webfunc+M37" "Mozilla/4.0 (compatible; MSIE 6.0; Windows NT 5.1; SV1; .NET CLR 1.1.4322)"
82.154.177.161 - - [25/May/2007:05:29:45 -0400] "GET /images/store_instr_section.jpg HTTP/1.1" 200 26432 "http://www.aceonlinestore.com/cgi-bin/lansaweb?procfun+wordpr01+webfunc+M37" "Mozilla/4.0 (compatible; MSIE 6.0; Windows NT 5.1; SV1; .NET CLR 1.1.4322)"
82.154.177.161 - - [25/May/2007:05:29:46 -0400] "GET /images/store_infection_section.jpg HTTP/1.1" 200 25264 "http://www.aceonlinestore.com/cgi-bin/lansaweb?procfun+wordpr01+webfunc+M37" "Mozilla/4.0 (compatible; MSIE 6.0; Windows NT 5.1; SV1; .NET CLR 1.1.4322)"
82.154.177.161 - - [25/May/2007:05:29:46 -0400] "GET /images/store_assess_section.jpg HTTP/1.1" 200 10059 "http://www.aceonlinestore.com/cgi-bin/lansaweb?procfun+wordpr01+webfunc+M37" "Mozilla/4.0 (compatible; MSIE 6.0; Windows NT 5.1; SV1; .NET CLR 1.1.4322)"
82.154.177.161 - - [25/May/2007:05:29:47 -0400] "GET /images/store_sterile_section.jpg HTTP/1.1" 200 9274 "http://www.aceonlinestore.com/cgi-bin/lansaweb?procfun+wordpr01+webfunc+M37" "Mozilla/4.0 (compatible; MSIE 6.0; Windows NT 5.1; SV1; .NET CLR 1.1.4322)"
82.154.177.161 - - [25/May/2007:05:29:47 -0400] "GET /images/store_iv_admin_section.jpg HTTP/1.1" 200 9115 "http://www.aceonlinestore.com/cgi-bin/lansaweb?procfun+wordpr01+webfunc+M37" "Mozilla/4.0 (compatible; MSIE 6.0; Windows NT 5.1; SV1; .NET CLR 1.1.4322)"
82.154.177.161 - - [25/May/2007:05:29:48 -0400] "GET /images/store_burs_section.jpg HTTP/1.1" 200 10892 "http://www.aceonlinestore.com/cgi-bin/lansaweb?procfun+wordpr01+webfunc+M37" "Mozilla/4.0 (compatible; MSIE 6.0; Windows NT 5.1; SV1; .NET CLR 1.1.4322)"
82.154.177.161 - - [25/May/2007:05:29:48 -0400] "GET /images/store_blades_section.jpg HTTP/1.1" 200 24174 "http://www.aceonlinestore.com/cgi-bin/lansaweb?procfun+wordpr01+webfunc+M37" "Mozilla/4.0 (compatible; MSIE 6.0; Windows NT 5.1; SV1; .NET CLR 1.1.4322)"
82.154.177.161 - - [25/May/2007:05:29:49 -0400] "GET /images/store_pharma_section.jpg HTTP/1.1" 200 7953 "http://www.aceonlinestore.com/cgi-bin/lansaweb?procfun+wordpr01+webfunc+M37" "Mozilla/4.0 (compatible; MSIE 6.0; Windows NT 5.1; SV1; .NET CLR 1.1.4322)"
82.154.177.161 - - [25/May/2007:05:29:49 -0400] "GET /images/store_syringe_section.jpg HTTP/1.1" 200 9321 "http://www.aceonlinestore.com/cgi-bin/lansaweb?procfun+wordpr01+webfunc+M37" "Mozilla/4.0 (compatible; MSIE 6.0; Windows NT 5.1; SV1; .NET CLR 1.1.4322)"
82.154.177.161 - - [25/May/2007:05:29:49 -0400] "GET /images/store_saws_section.jpg HTTP/1.1" 200 10028 "http://www.aceonlinestore.com/cgi-bin/lansaweb?procfun+wordpr01+webfunc+M37" "Mozilla/4.0 (compatible; MSIE 6.0; Windows NT 5.1; SV1; .NET CLR 1.1.4322)"
82.154.177.161 - - [25/May/2007:05:29:49 -0400] "GET /images/store_sutures_section.jpg HTTP/1.1" 200 28375 "http://www.aceonlinestore.com/cgi-bin/lansaweb?procfun+wordpr01+webfunc+M37" "Mozilla/4.0 (compatible; MSIE 6.0; Windows NT 5.1; SV1; .NET CLR 1.1.4322)"
82.154.177.161 - - [25/May/2007:05:29:50 -0400] "GET /images/store_xray_section.jpg HTTP/1.1" 200 8861 "http://www.aceonlinestore.com/cgi-bin/lansaweb?procfun+wordpr01+webfunc+M37" "Mozilla/4.0 (compatible; MSIE 6.0; Windows NT 5.1; SV1; .NET CLR 1.1.4322)"
82.154.177.161 - - [25/May/2007:05:29:50 -0400] "GET /images/over-store_bone_section2.jpg HTTP/1.1" 200 7626 "http://www.aceonlinestore.com/cgi-bin/lansaweb?procfun+wordpr01+webfunc+M37" "Mozilla/4.0 (compatible; MSIE 6.0; Windows NT 5.1; SV1; .NET CLR 1.1.4322)"
82.154.177.161 - - [25/May/2007:05:29:54 -0400] "GET /images/over-store_instr_section.jpg HTTP/1.1" 200 9238 "http://www.aceonlinestore.com/cgi-bin/lansaweb?procfun+wordpr01+webfunc+M37" "Mozilla/4.0 (compatible; MSIE 6.0; Windows NT 5.1; SV1; .NET CLR 1.1.4322)"
82.154.177.161 - - [25/May/2007:05:29:54 -0400] "GET /images/over-store_cardiac_section.jpg HTTP/1.1" 200 8882 "http://www.aceonlinestore.com/cgi-bin/lansaweb?procfun+wordpr01+webfunc+M37" "Mozilla/4.0 (compatible; MSIE 6.0; Windows NT 5.1; SV1; .NET CLR 1.1.4322)"
82.154.177.161 - - [25/May/2007:05:29:55 -0400] "GET /images/over-store_instr_section.jpg HTTP/1.1" 200 9238 "http://www.aceonlinestore.com/cgi-bin/lansaweb?procfun+wordpr01+webfunc+M37" "Mozilla/4.0 (compatible; MSIE 6.0; Windows NT 5.1; SV1; .NET CLR 1.1.4322)"
82.154.177.161 - - [25/May/2007:05:29:57 -0400] "GET /images/over-store_blades_section.jpg HTTP/1.1" 200 8357 "http://www.aceonlinestore.com/cgi-bin/lansaweb?procfun+wordpr01+webfunc+M37" "Mozilla/4.0 (compatible; MSIE 6.0; Windows NT 5.1; SV1; .NET CLR 1.1.4322)"
82.154.177.161 - - [25/May/2007:05:30:00 -0400] "GET /images/over-store_burs_section.jpg HTTP/1.1" 200 9926 "http://www.aceonlinestore.com/cgi-bin/lansaweb?procfun+wordpr01+webfunc+M37" "Mozilla/4.0 (compatible; MSIE 6.0; Windows NT 5.1; SV1; .NET CLR 1.1.4322)"
82.154.177.161 - - [25/May/2007:05:30:01 -0400] "GET /images/over-store_iv_admin_section.jpg HTTP/1.1" 200 8417 "http://www.aceonlinestore.com/cgi-bin/lansaweb?procfun+wordpr01+webfunc+M37" "Mozilla/4.0 (compatible; MSIE 6.0; Windows NT 5.1; SV1; .NET CLR 1.1.4322)"
82.154.177.161 - - [25/May/2007:05:30:29 -0400] "GET /images/over-store_xray_section.jpg HTTP/1.1" 200 7946 "http://www.aceonlinestore.com/cgi-bin/lansaweb?procfun+wordpr01+webfunc+M37" "Mozilla/4.0 (compatible; MSIE 6.0; Windows NT 5.1; SV1; .NET CLR 1.1.4322)"
82.154.177.161 - - [25/May/2007:05:30:37 -0400] "GET /images/over-store_blades_section.jpg HTTP/1.1" 200 8357 "http://www.aceonlinestore.com/cgi-bin/lansaweb?procfun+wordpr01+webfunc+M37" "Mozilla/4.0 (compatible; MSIE 6.0; Windows NT 5.1; SV1; .NET CLR 1.1.4322)"
82.154.177.161 - - [25/May/2007:05:30:38 -0400] "POST /CGI-BIN/LANSAWEB?WEBEVENT+LCD64370158C078004A9408Z+M37+ENG HTTP/1.1" 200 36145 "http://www.aceonlinestore.com/cgi-bin/lansaweb?procfun+wordpr01+webfunc+M37" "Mozilla/4.0 (compatible; MSIE 6.0; Windows NT 5.1; SV1; .NET CLR 1.1.4322)"
82.154.177.161 - - [25/May/2007:05:30:39 -0400] "GET /images/nav04_shop_off.jpg HTTP/1.1" 200 1390 "http://www.aceonlinestore.com/CGI-BIN/LANSAWEB?WEBEVENT+LCD64370158C078004A9408Z+M37+ENG" "Mozilla/4.0 (compatible; MSIE 6.0; Windows NT 5.1; SV1; .NET CLR 1.1.4322)"
82.154.177.161 - - [25/May/2007:05:30:39 -0400] "GET /images/index2_bladehandles.jpg HTTP/1.1" 200 3032 "http://www.aceonlinestore.com/CGI-BIN/LANSAWEB?WEBEVENT+LCD64370158C078004A9408Z+M37+ENG" "Mozilla/4.0 (compatible; MSIE 6.0; Windows NT 5.1; SV1; .NET CLR 1.1.4322)"
82.154.177.161 - - [25/May/2007:05:30:39 -0400] "GET /images/index2_csblades.jpg HTTP/1.1" 200 3428 "http://www.aceonlinestore.com/CGI-BIN/LANSAWEB?WEBEVENT+LCD64370158C078004A9408Z+M37+ENG" "Mozilla/4.0 (compatible; MSIE 6.0; Windows NT 5.1; SV1; .NET CLR 1.1.4322)"
82.154.177.161 - - [25/May/2007:05:30:39 -0400] "GET /images/index2_minblds.jpg HTTP/1.1" 200 4362 "http://www.aceonlinestore.com/CGI-BIN/LANSAWEB?WEBEVENT+LCD64370158C078004A9408Z+M37+ENG" "Mozilla/4.0 (compatible; MSIE 6.0; Windows NT 5.1; SV1; .NET CLR 1.1.4322)"
82.154.177.161 - - [25/May/2007:05:30:40 -0400] "GET /images/index2_periotome.jpg HTTP/1.1" 200 3470 "http://www.aceonlinestore.com/CGI-BIN/LANSAWEB?WEBEVENT+LCD64370158C078004A9408Z+M37+ENG" "Mozilla/4.0 (compatible; MSIE 6.0; Windows NT 5.1; SV1; .NET CLR 1.1.4322)"
82.154.177.161 - - [25/May/2007:05:30:40 -0400] "GET /images/index2_ssblades.jpg HTTP/1.1" 200 2476 "http://www.aceonlinestore.com/CGI-BIN/LANSAWEB?WEBEVENT+LCD64370158C078004A9408Z+M37+ENG" "Mozilla/4.0 (compatible; MSIE 6.0; Windows NT 5.1; SV1; .NET CLR 1.1.4322)"
82.154.177.161 - - [25/May/2007:05:30:40 -0400] "GET /images/index2_unigraft.jpg HTTP/1.1" 200 3532 "http://www.aceonlinestore.com/CGI-BIN/LANSAWEB?WEBEVENT+LCD64370158C078004A9408Z+M37+ENG" "Mozilla/4.0 (compatible; MSIE 6.0; Windows NT 5.1; SV1; .NET CLR 1.1.4322)"
82.154.177.161 - - [25/May/2007:05:30:40 -0400] "GET /images/index2_minbldhand.jpg HTTP/1.1" 200 1768 "http://www.aceonlinestore.com/CGI-BIN/LANSAWEB?WEBEVENT+LCD64370158C078004A9408Z+M37+ENG" "Mozilla/4.0 (compatible; MSIE 6.0; Windows NT 5.1; SV1; .NET CLR 1.1.4322)"
82.154.177.161 - - [25/May/2007:05:30:41 -0400] "GET /images/over-index2_minbldhand.jpg HTTP/1.1" 200 1337 "http://www.aceonlinestore.com/CGI-BIN/LANSAWEB?WEBEVENT+LCD64370158C078004A9408Z+M37+ENG" "Mozilla/4.0 (compatible; MSIE 6.0; Windows NT 5.1; SV1; .NET CLR 1.1.4322)"
82.154.177.161 - - [25/May/2007:05:30:50 -0400] "POST /CGI-BIN/LANSAWEB?WEBEVENT+LCD64370E5ED098007F4408Z+M37+ENG HTTP/1.1" 200 47447 "http://www.aceonlinestore.com/CGI-BIN/LANSAWEB?WEBEVENT+LCD64370158C078004A9408Z+M37+ENG" "Mozilla/4.0 (compatible; MSIE 6.0; Windows NT 5.1; SV1; .NET CLR 1.1.4322)"
82.154.177.161 - - [25/May/2007:05:30:51 -0400] "GET /images/pf-a.gif HTTP/1.1" 200 798 "http://www.aceonlinestore.com/CGI-BIN/LANSAWEB?WEBEVENT+LCD64370E5ED098007F4408Z+M37+ENG" "Mozilla/4.0 (compatible; MSIE 6.0; Windows NT 5.1; SV1; .NET CLR 1.1.4322)"
82.154.177.161 - - [25/May/2007:05:30:51 -0400] "GET /images/items/6500009_THUMB.JPG HTTP/1.1" 200 2579 "http://www.aceonlinestore.com/CGI-BIN/LANSAWEB?WEBEVENT+LCD64370E5ED098007F4408Z+M37+ENG" "Mozilla/4.0 (compatible; MSIE 6.0; Windows NT 5.1; SV1; .NET CLR 1.1.4322)"
82.154.177.161 - - [25/May/2007:05:30:52 -0400] "GET /images/items/6500004_THUMB.JPG HTTP/1.1" 200 2569 "http://www.aceonlinestore.com/CGI-BIN/LANSAWEB?WEBEVENT+LCD64370E5ED098007F4408Z+M37+ENG" "Mozilla/4.0 (compatible; MSIE 6.0; Windows NT 5.1; SV1; .NET CLR 1.1.4322)"
82.154.177.161 - - [25/May/2007:05:30:52 -0400] "GET /images/space.gif HTTP/1.1" 200 43 "http://www.aceonlinestore.com/CGI-BIN/LANSAWEB?WEBEVENT+LCD64370E5ED098007F4408Z+M37+ENG" "Mozilla/4.0 (compatible; MSIE 6.0; Windows NT 5.1; SV1; .NET CLR 1.1.4322)"
82.154.177.161 - - [25/May/2007:05:31:07 -0400] "GET /CGI-BIN/LANSAWEB?PROCFUN+WORDPR01+FULLIMG+M37+FUNCPARMS+WEBCMP(S0020):1+WEBSSN(A0240):LCD643701543088004D7408Z+WSEQ(S0060):1+OUITEM(A0200):6500009 HTTP/1.1" 200 21802 "-" "Mozilla/4.0 (compatible; MSIE 6.0; Windows NT 5.1; SV1; .NET CLR 1.1.4322)"
82.154.177.161 - - [25/May/2007:05:31:10 -0400] "GET /images/items/6500009_FULL.JPG HTTP/1.1" 200 13509 "http://www.aceonlinestore.com/CGI-BIN/LANSAWEB?PROCFUN+WORDPR01+FULLIMG+M37+FUNCPARMS+WEBCMP(S0020):1+WEBSSN(A0240):LCD643701543088004D7408Z+WSEQ(S0060):1+OUITEM(A0200):6500009" "Mozilla/4.0 (compatible; MSIE 6.0; Windows NT 5.1; SV1; .NET CLR 1.1.4322)"
82.154.177.161 - - [25/May/2007:05:31:19 -0400] "GET /images/nav04_contact_over.jpg HTTP/1.1" 200 1183 "http://www.aceonlinestore.com/CGI-BIN/LANSAWEB?WEBEVENT+LCD64370E5ED098007F4408Z+M37+ENG" "Mozilla/4.0 (compatible; MSIE 6.0; Windows NT 5.1; SV1; .NET CLR 1.1.4322)"
82.154.177.161 - - [25/May/2007:05:31:28 -0400] "GET /images/over-index2_periotome.jpg HTTP/1.1" 200 2445 "http://www.aceonlinestore.com/CGI-BIN/LANSAWEB?WEBEVENT+LCD64370158C078004A9408Z+M37+ENG" "Mozilla/4.0 (compatible; MSIE 6.0; Windows NT 5.1; SV1; .NET CLR 1.1.4322)"
82.154.177.161 - - [25/May/2007:05:31:28 -0400] "GET /images/over-index2_ssblades.jpg HTTP/1.1" 200 1785 "http://www.aceonlinestore.com/CGI-BIN/LANSAWEB?WEBEVENT+LCD64370158C078004A9408Z+M37+ENG" "Mozilla/4.0 (compatible; MSIE 6.0; Windows NT 5.1; SV1; .NET CLR 1.1.4322)"
82.154.177.161 - - [25/May/2007:05:31:31 -0400] "GET /images/over-index2_unigraft.jpg HTTP/1.1" 200 2327 "http://www.aceonlinestore.com/CGI-BIN/LANSAWEB?WEBEVENT+LCD64370158C078004A9408Z+M37+ENG" "Mozilla/4.0 (compatible; MSIE 6.0; Windows NT 5.1; SV1; .NET CLR 1.1.4322)"
82.154.177.161 - - [25/May/2007:05:31:31 -0400] "POST /CGI-BIN/LANSAWEB?WEBEVENT+LCD64370E5ED098007F4408Z+M37+ENG HTTP/1.1" 200 47447 "http://www.aceonlinestore.com/CGI-BIN/LANSAWEB?WEBEVENT+LCD64370158C078004A9408Z+M37+ENG" "Mozilla/4.0 (compatible; MSIE 6.0; Windows NT 5.1; SV1; .NET CLR 1.1.4322)"
209.59.12.99 - - [25/May/2007:05:32:19 -0400] "GET / HTTP/1.0" 200 367 "-" "check_http/1.81 (nagios-plugins 1.4)"
82.154.177.161 - - [25/May/2007:05:33:46 -0400] "GET /images/pf-b.gif HTTP/1.1" 200 813 "http://www.aceonlinestore.com/CGI-BIN/LANSAWEB?WEBEVENT+LCD64370E5ED098007F4408Z+M37+ENG" "Mozilla/4.0 (compatible; MSIE 6.0; Windows NT 5.1; SV1; .NET CLR 1.1.4322)"
82.154.177.161 - - [25/May/2007:05:33:47 -0400] "GET /CGI-BIN/LANSAWEB?PROCFUN+WORDPR01+PRTSRCH+M37+FUNCPARMS+WEBCMP(S0020):1+WEBSSN(A0240):LCD643701543088004D7408Z+WEBSEQ(S0020):1+WEBPGN(S0070):6247+WEBID(S0020):1+WEBKEY(A0100):PRTITEMS HTTP/1.1" 200 38159 "-" "Mozilla/4.0 (compatible; MSIE 6.0; Windows NT 5.1; SV1; .NET CLR 1.1.4322)"
82.154.177.161 - - [25/May/2007:05:33:48 -0400] "GET /images/printheader.jpg HTTP/1.1" 200 16501 "http://www.aceonlinestore.com/CGI-BIN/LANSAWEB?PROCFUN+WORDPR01+PRTSRCH+M37+FUNCPARMS+WEBCMP(S0020):1+WEBSSN(A0240):LCD643701543088004D7408Z+WEBSEQ(S0020):1+WEBPGN(S0070):6247+WEBID(S0020):1+WEBKEY(A0100):PRTITEMS" "Mozilla/4.0 (compatible; MSIE 6.0; Windows NT 5.1; SV1; .NET CLR 1.1.4322)"
82.154.177.161 - - [25/May/2007:05:33:48 -0400] "GET /images/addtocart.gif HTTP/1.1" 200 591 "http://www.aceonlinestore.com/CGI-BIN/LANSAWEB?PROCFUN+WORDPR01+PRTSRCH+M37+FUNCPARMS+WEBCMP(S0020):1+WEBSSN(A0240):LCD643701543088004D7408Z+WEBSEQ(S0020):1+WEBPGN(S0070):6247+WEBID(S0020):1+WEBKEY(A0100):PRTITEMS" "Mozilla/4.0 (compatible; MSIE 6.0; Windows NT 5.1; SV1; .NET CLR 1.1.4322)"
82.154.177.161 - - [25/May/2007:05:33:48 -0400] "GET /images/items/6500007_THUMB.JPG HTTP/1.1" 404 228 "http://www.aceonlinestore.com/CGI-BIN/LANSAWEB?PROCFUN+WORDPR01+PRTSRCH+M37+FUNCPARMS+WEBCMP(S0020):1+WEBSSN(A0240):LCD643701543088004D7408Z+WEBSEQ(S0020):1+WEBPGN(S0070):6247+WEBID(S0020):1+WEBKEY(A0100):PRTITEMS" "Mozilla/4.0 (compatible; MSIE 6.0; Windows NT 5.1; SV1; .NET CLR 1.1.4322)"
82.154.177.161 - - [25/May/2007:05:33:48 -0400] "GET /images/items/6500005_THUMB.JPG HTTP/1.1" 404 228 "http://www.aceonlinestore.com/CGI-BIN/LANSAWEB?PROCFUN+WORDPR01+PRTSRCH+M37+FUNCPARMS+WEBCMP(S0020):1+WEBSSN(A0240):LCD643701543088004D7408Z+WEBSEQ(S0020):1+WEBPGN(S0070):6247+WEBID(S0020):1+WEBKEY(A0100):PRTITEMS" "Mozilla/4.0 (compatible; MSIE 6.0; Windows NT 5.1; SV1; .NET CLR 1.1.4322)"
82.154.177.161 - - [25/May/2007:05:33:48 -0400] "GET /images/items/6500008_THUMB.JPG HTTP/1.1" 404 228 "http://www.aceonlinestore.com/CGI-BIN/LANSAWEB?PROCFUN+WORDPR01+PRTSRCH+M37+FUNCPARMS+WEBCMP(S0020):1+WEBSSN(A0240):LCD643701543088004D7408Z+WEBSEQ(S0020):1+WEBPGN(S0070):6247+WEBID(S0020):1+WEBKEY(A0100):PRTITEMS" "Mozilla/4.0 (compatible; MSIE 6.0; Windows NT 5.1; SV1; .NET CLR 1.1.4322)"
82.154.177.161 - - [25/May/2007:05:33:48 -0400] "GET /images/items/6500014_THUMB.JPG HTTP/1.1" 404 228 "http://www.aceonlinestore.com/CGI-BIN/LANSAWEB?PROCFUN+WORDPR01+PRTSRCH+M37+FUNCPARMS+WEBCMP(S0020):1+WEBSSN(A0240):LCD643701543088004D7408Z+WEBSEQ(S0020):1+WEBPGN(S0070):6247+WEBID(S0020):1+WEBKEY(A0100):PRTITEMS" "Mozilla/4.0 (compatible; MSIE 6.0; Windows NT 5.1; SV1; .NET CLR 1.1.4322)"
82.154.177.161 - - [25/May/2007:05:33:58 -0400] "GET /images/items/6500007_THUMB.JPG HTTP/1.1" 404 228 "-" "Mozilla/4.0 (compatible; MSIE 6.0; Windows NT 5.1; SV1; .NET CLR 1.1.4322)"
82.154.177.161 - - [25/May/2007:05:33:58 -0400] "GET /images/items/6500005_THUMB.JPG HTTP/1.1" 404 228 "-" "Mozilla/4.0 (compatible; MSIE 6.0; Windows NT 5.1; SV1; .NET CLR 1.1.4322)"
82.154.177.161 - - [25/May/2007:05:33:58 -0400] "GET /images/items/6500008_THUMB.JPG HTTP/1.1" 404 228 "-" "Mozilla/4.0 (compatible; MSIE 6.0; Windows NT 5.1; SV1; .NET CLR 1.1.4322)"
82.154.177.161 - - [25/May/2007:05:33:58 -0400] "GET /images/items/6500014_THUMB.JPG HTTP/1.1" 404 228 "-" "Mozilla/4.0 (compatible; MSIE 6.0; Windows NT 5.1; SV1; .NET CLR 1.1.4322)"
82.154.177.161 - - [25/May/2007:05:34:34 -0400] "POST /CGI-BIN/LANSAWEB?WEBEVENT+LCD64370E5ED098007F4408Z+M37+ENG HTTP/1.1" 200 41069 "http://www.aceonlinestore.com/CGI-BIN/LANSAWEB?WEBEVENT+LCD64370158C078004A9408Z+M37+ENG" "Mozilla/4.0 (compatible; MSIE 6.0; Windows NT 5.1; SV1; .NET CLR 1.1.4322)"
82.154.177.161 - - [25/May/2007:05:34:36 -0400] "GET /images/items/0030992_THUMB.JPG HTTP/1.1" 200 1635 "http://www.aceonlinestore.com/CGI-BIN/LANSAWEB?WEBEVENT+LCD64370E5ED098007F4408Z+M37+ENG" "Mozilla/4.0 (compatible; MSIE 6.0; Windows NT 5.1; SV1; .NET CLR 1.1.4322)"
209.59.12.99 - - [25/May/2007:05:37:20 -0400] "GET / HTTP/1.0" 200 367 "-" "check_http/1.81 (nagios-plugins 1.4)"
214.1.3.248 - - [25/May/2007:05:38:27 -0400] "GET /images/store_infection_section.jpg HTTP/1.1" 304 - "-" "Mozilla/4.0 (compatible;)"
209.59.12.99 - - [25/May/2007:05:42:21 -0400] "GET / HTTP/1.0" 200 367 "-" "check_http/1.81 (nagios-plugins 1.4)"
221.251.28.84 - - [25/May/2007:05:45:25 -0400] "GET /cgi-bin/lansaweb?procfun+wordpr01+webfunc+M37 HTTP/1.1" 200 38220 "http://www.acesurgical.com/home_May07.html" "Mozilla/4.0 (compatible; MSIE 6.0; Windows NT 5.1; SV1; .NET CLR 1.1.4322; InfoPath.1)"
221.251.28.84 - - [25/May/2007:05:45:28 -0400] "GET /images/ace_logo_top.jpg HTTP/1.1" 304 - "http://www.aceonlinestore.com/cgi-bin/lansaweb?procfun+wordpr01+webfunc+M37" "Mozilla/4.0 (compatible; MSIE 6.0; Windows NT 5.1; SV1; .NET CLR 1.1.4322; InfoPath.1)"
221.251.28.84 - - [25/May/2007:05:45:29 -0400] "GET /images/nav04_about_off.jpg HTTP/1.1" 304 - "http://www.aceonlinestore.com/cgi-bin/lansaweb?procfun+wordpr01+webfunc+M37" "Mozilla/4.0 (compatible; MSIE 6.0; Windows NT 5.1; SV1; .NET CLR 1.1.4322; InfoPath.1)"
221.251.28.84 - - [25/May/2007:05:45:29 -0400] "GET /images/nav04_shop_over.jpg HTTP/1.1" 304 - "http://www.aceonlinestore.com/cgi-bin/lansaweb?procfun+wordpr01+webfunc+M37" "Mozilla/4.0 (compatible; MSIE 6.0; Windows NT 5.1; SV1; .NET CLR 1.1.4322; InfoPath.1)"
221.251.28.84 - - [25/May/2007:05:45:29 -0400] "GET /images/nav04_conven_off.jpg HTTP/1.1" 304 - "http://www.aceonlinestore.com/cgi-bin/lansaweb?procfun+wordpr01+webfunc+M37" "Mozilla/4.0 (compatible; MSIE 6.0; Windows NT 5.1; SV1; .NET CLR 1.1.4322; InfoPath.1)"
221.251.28.84 - - [25/May/2007:05:45:29 -0400] "GET /images/nav04_download_off.jpg HTTP/1.1" 304 - "http://www.aceonlinestore.com/cgi-bin/lansaweb?procfun+wordpr01+webfunc+M37" "Mozilla/4.0 (compatible; MSIE 6.0; Windows NT 5.1; SV1; .NET CLR 1.1.4322; InfoPath.1)"
221.251.28.84 - - [25/May/2007:05:45:30 -0400] "GET /images/nav04_contact_off.jpg HTTP/1.1" 304 - "http://www.aceonlinestore.com/cgi-bin/lansaweb?procfun+wordpr01+webfunc+M37" "Mozilla/4.0 (compatible; MSIE 6.0; Windows NT 5.1; SV1; .NET CLR 1.1.4322; InfoPath.1)"
221.251.28.84 - - [25/May/2007:05:45:30 -0400] "GET /images/ace_logo_bottom.jpg HTTP/1.1" 304 - "http://www.aceonlinestore.com/cgi-bin/lansaweb?procfun+wordpr01+webfunc+M37" "Mozilla/4.0 (compatible; MSIE 6.0; Windows NT 5.1; SV1; .NET CLR 1.1.4322; InfoPath.1)"
221.251.28.84 - - [25/May/2007:05:45:30 -0400] "GET /images/nav_store_head.jpg HTTP/1.1" 304 - "http://www.aceonlinestore.com/cgi-bin/lansaweb?procfun+wordpr01+webfunc+M37" "Mozilla/4.0 (compatible; MSIE 6.0; Windows NT 5.1; SV1; .NET CLR 1.1.4322; InfoPath.1)"
221.251.28.84 - - [25/May/2007:05:45:30 -0400] "GET /images/nav_store_index_off.jpg HTTP/1.1" 304 - "http://www.aceonlinestore.com/cgi-bin/lansaweb?procfun+wordpr01+webfunc+M37" "Mozilla/4.0 (compatible; MSIE 6.0; Windows NT 5.1; SV1; .NET CLR 1.1.4322; InfoPath.1)"
221.251.28.84 - - [25/May/2007:05:45:30 -0400] "GET /images/spacer.gif HTTP/1.1" 304 - "http://www.aceonlinestore.com/cgi-bin/lansaweb?procfun+wordpr01+webfunc+M37" "Mozilla/4.0 (compatible; MSIE 6.0; Windows NT 5.1; SV1; .NET CLR 1.1.4322; InfoPath.1)"
221.251.28.84 - - [25/May/2007:05:45:30 -0400] "GET /images/login.gif HTTP/1.1" 304 - "http://www.aceonlinestore.com/cgi-bin/lansaweb?procfun+wordpr01+webfunc+M37" "Mozilla/4.0 (compatible; MSIE 6.0; Windows NT 5.1; SV1; .NET CLR 1.1.4322; InfoPath.1)"
221.251.28.84 - - [25/May/2007:05:45:31 -0400] "GET /images/nav_upper_bgrd.jpg HTTP/1.1" 304 - "http://www.aceonlinestore.com/cgi-bin/lansaweb?procfun+wordpr01+webfunc+M37" "Mozilla/4.0 (compatible; MSIE 6.0; Windows NT 5.1; SV1; .NET CLR 1.1.4322; InfoPath.1)"
221.251.28.84 - - [25/May/2007:05:45:31 -0400] "GET /images/nav_lower_bgrd.jpg HTTP/1.1" 304 - "http://www.aceonlinestore.com/cgi-bin/lansaweb?procfun+wordpr01+webfunc+M37" "Mozilla/4.0 (compatible; MSIE 6.0; Windows NT 5.1; SV1; .NET CLR 1.1.4322; InfoPath.1)"
221.251.28.84 - - [25/May/2007:05:45:31 -0400] "GET /images/login_go.gif HTTP/1.1" 304 - "http://www.aceonlinestore.com/cgi-bin/lansaweb?procfun+wordpr01+webfunc+M37" "Mozilla/4.0 (compatible; MSIE 6.0; Windows NT 5.1; SV1; .NET CLR 1.1.4322; InfoPath.1)"
221.251.28.84 - - [25/May/2007:05:45:31 -0400] "GET /images/search.gif HTTP/1.1" 304 - "http://www.aceonlinestore.com/cgi-bin/lansaweb?procfun+wordpr01+webfunc+M37" "Mozilla/4.0 (compatible; MSIE 6.0; Windows NT 5.1; SV1; .NET CLR 1.1.4322; InfoPath.1)"
221.251.28.84 - - [25/May/2007:05:45:32 -0400] "GET /images/sale_promo-icon.gif HTTP/1.1" 304 - "http://www.aceonlinestore.com/cgi-bin/lansaweb?procfun+wordpr01+webfunc+M37" "Mozilla/4.0 (compatible; MSIE 6.0; Windows NT 5.1; SV1; .NET CLR 1.1.4322; InfoPath.1)"
221.251.28.84 - - [25/May/2007:05:45:32 -0400] "GET /images/store_anesth_section.jpg HTTP/1.1" 304 - "http://www.aceonlinestore.com/cgi-bin/lansaweb?procfun+wordpr01+webfunc+M37" "Mozilla/4.0 (compatible; MSIE 6.0; Windows NT 5.1; SV1; .NET CLR 1.1.4322; InfoPath.1)"
221.251.28.84 - - [25/May/2007:05:45:32 -0400] "GET /images/store_bone_section2.jpg HTTP/1.1" 304 - "http://www.aceonlinestore.com/cgi-bin/lansaweb?procfun+wordpr01+webfunc+M37" "Mozilla/4.0 (compatible; MSIE 6.0; Windows NT 5.1; SV1; .NET CLR 1.1.4322; InfoPath.1)"
221.251.28.84 - - [25/May/2007:05:45:32 -0400] "GET /images/store_cardiac_section.jpg HTTP/1.1" 304 - "http://www.aceonlinestore.com/cgi-bin/lansaweb?procfun+wordpr01+webfunc+M37" "Mozilla/4.0 (compatible; MSIE 6.0; Windows NT 5.1; SV1; .NET CLR 1.1.4322; InfoPath.1)"
221.251.28.84 - - [25/May/2007:05:45:32 -0400] "GET /images/store_implant_section.jpg HTTP/1.1" 304 - "http://www.aceonlinestore.com/cgi-bin/lansaweb?procfun+wordpr01+webfunc+M37" "Mozilla/4.0 (compatible; MSIE 6.0; Windows NT 5.1; SV1; .NET CLR 1.1.4322; InfoPath.1)"
221.251.28.84 - - [25/May/2007:05:45:32 -0400] "GET /images/store_gauze_section.jpg HTTP/1.1" 304 - "http://www.aceonlinestore.com/cgi-bin/lansaweb?procfun+wordpr01+webfunc+M37" "Mozilla/4.0 (compatible; MSIE 6.0; Windows NT 5.1; SV1; .NET CLR 1.1.4322; InfoPath.1)"
221.251.28.84 - - [25/May/2007:05:45:33 -0400] "GET /images/store_handpc_section.jpg HTTP/1.1" 304 - "http://www.aceonlinestore.com/cgi-bin/lansaweb?procfun+wordpr01+webfunc+M37" "Mozilla/4.0 (compatible; MSIE 6.0; Windows NT 5.1; SV1; .NET CLR 1.1.4322; InfoPath.1)"
221.251.28.84 - - [25/May/2007:05:45:33 -0400] "GET /images/store_infection_section.jpg HTTP/1.1" 304 - "http://www.aceonlinestore.com/cgi-bin/lansaweb?procfun+wordpr01+webfunc+M37" "Mozilla/4.0 (compatible; MSIE 6.0; Windows NT 5.1; SV1; .NET CLR 1.1.4322; InfoPath.1)"
221.251.28.84 - - [25/May/2007:05:45:33 -0400] "GET /images/store_instr_section.jpg HTTP/1.1" 304 - "http://www.aceonlinestore.com/cgi-bin/lansaweb?procfun+wordpr01+webfunc+M37" "Mozilla/4.0 (compatible; MSIE 6.0; Windows NT 5.1; SV1; .NET CLR 1.1.4322; InfoPath.1)"
221.251.28.84 - - [25/May/2007:05:45:33 -0400] "GET /images/store_irrigate_section.gif HTTP/1.1" 304 - "http://www.aceonlinestore.com/cgi-bin/lansaweb?procfun+wordpr01+webfunc+M37" "Mozilla/4.0 (compatible; MSIE 6.0; Windows NT 5.1; SV1; .NET CLR 1.1.4322; InfoPath.1)"
221.251.28.84 - - [25/May/2007:05:45:33 -0400] "GET /images/store_iv_admin_section.jpg HTTP/1.1" 304 - "http://www.aceonlinestore.com/cgi-bin/lansaweb?procfun+wordpr01+webfunc+M37" "Mozilla/4.0 (compatible; MSIE 6.0; Windows NT 5.1; SV1; .NET CLR 1.1.4322; InfoPath.1)"
221.251.28.84 - - [25/May/2007:05:45:33 -0400] "GET /images/store_assess_section.jpg HTTP/1.1" 304 - "http://www.aceonlinestore.com/cgi-bin/lansaweb?procfun+wordpr01+webfunc+M37" "Mozilla/4.0 (compatible; MSIE 6.0; Windows NT 5.1; SV1; .NET CLR 1.1.4322; InfoPath.1)"
221.251.28.84 - - [25/May/2007:05:45:34 -0400] "GET /images/store_sterile_section.jpg HTTP/1.1" 304 - "http://www.aceonlinestore.com/cgi-bin/lansaweb?procfun+wordpr01+webfunc+M37" "Mozilla/4.0 (compatible; MSIE 6.0; Windows NT 5.1; SV1; .NET CLR 1.1.4322; InfoPath.1)"
221.251.28.84 - - [25/May/2007:05:45:34 -0400] "GET /images/store_pharma_section.jpg HTTP/1.1" 304 - "http://www.aceonlinestore.com/cgi-bin/lansaweb?procfun+wordpr01+webfunc+M37" "Mozilla/4.0 (compatible; MSIE 6.0; Windows NT 5.1; SV1; .NET CLR 1.1.4322; InfoPath.1)"
221.251.28.84 - - [25/May/2007:05:45:34 -0400] "GET /images/store_blades_section.jpg HTTP/1.1" 304 - "http://www.aceonlinestore.com/cgi-bin/lansaweb?procfun+wordpr01+webfunc+M37" "Mozilla/4.0 (compatible; MSIE 6.0; Windows NT 5.1; SV1; .NET CLR 1.1.4322; InfoPath.1)"
221.251.28.84 - - [25/May/2007:05:45:34 -0400] "GET /images/store_burs_section.jpg HTTP/1.1" 304 - "http://www.aceonlinestore.com/cgi-bin/lansaweb?procfun+wordpr01+webfunc+M37" "Mozilla/4.0 (compatible; MSIE 6.0; Windows NT 5.1; SV1; .NET CLR 1.1.4322; InfoPath.1)"
221.251.28.84 - - [25/May/2007:05:45:34 -0400] "GET /images/store_saws_section.jpg HTTP/1.1" 304 - "http://www.aceonlinestore.com/cgi-bin/lansaweb?procfun+wordpr01+webfunc+M37" "Mozilla/4.0 (compatible; MSIE 6.0; Windows NT 5.1; SV1; .NET CLR 1.1.4322; InfoPath.1)"
221.251.28.84 - - [25/May/2007:05:45:35 -0400] "GET /images/store_sutures_section.jpg HTTP/1.1" 304 - "http://www.aceonlinestore.com/cgi-bin/lansaweb?procfun+wordpr01+webfunc+M37" "Mozilla/4.0 (compatible; MSIE 6.0; Windows NT 5.1; SV1; .NET CLR 1.1.4322; InfoPath.1)"
221.251.28.84 - - [25/May/2007:05:45:35 -0400] "GET /images/store_syringe_section.jpg HTTP/1.1" 304 - "http://www.aceonlinestore.com/cgi-bin/lansaweb?procfun+wordpr01+webfunc+M37" "Mozilla/4.0 (compatible; MSIE 6.0; Windows NT 5.1; SV1; .NET CLR 1.1.4322; InfoPath.1)"
221.251.28.84 - - [25/May/2007:05:45:35 -0400] "GET /images/store_xray_section.jpg HTTP/1.1" 304 - "http://www.aceonlinestore.com/cgi-bin/lansaweb?procfun+wordpr01+webfunc+M37" "Mozilla/4.0 (compatible; MSIE 6.0; Windows NT 5.1; SV1; .NET CLR 1.1.4322; InfoPath.1)"
221.251.28.84 - - [25/May/2007:05:45:35 -0400] "GET /images/psearch_go.gif HTTP/1.1" 304 - "http://www.aceonlinestore.com/cgi-bin/lansaweb?procfun+wordpr01+webfunc+M37" "Mozilla/4.0 (compatible; MSIE 6.0; Windows NT 5.1; SV1; .NET CLR 1.1.4322; InfoPath.1)"
221.251.28.84 - - [25/May/2007:05:45:35 -0400] "GET /images/over-store_anesth_section.jpg HTTP/1.1" 200 9173 "http://www.aceonlinestore.com/cgi-bin/lansaweb?procfun+wordpr01+webfunc+M37" "Mozilla/4.0 (compatible; MSIE 6.0; Windows NT 5.1; SV1; .NET CLR 1.1.4322; InfoPath.1)"
221.251.28.84 - - [25/May/2007:05:45:36 -0400] "GET /images/store_anesth_section.jpg HTTP/1.1" 304 - "http://www.aceonlinestore.com/cgi-bin/lansaweb?procfun+wordpr01+webfunc+M37" "Mozilla/4.0 (compatible; MSIE 6.0; Windows NT 5.1; SV1; .NET CLR 1.1.4322; InfoPath.1)"
221.251.28.84 - - [25/May/2007:05:45:36 -0400] "GET /images/over-store_bone_section2.jpg HTTP/1.1" 304 - "http://www.aceonlinestore.com/cgi-bin/lansaweb?procfun+wordpr01+webfunc+M37" "Mozilla/4.0 (compatible; MSIE 6.0; Windows NT 5.1; SV1; .NET CLR 1.1.4322; InfoPath.1)"
221.251.28.84 - - [25/May/2007:05:45:44 -0400] "POST /CGI-BIN/LANSAWEB?WEBEVENT+LDD643A0B51E0D800CDD4080+M37+ENG HTTP/1.1" 200 30182 "http://www.aceonlinestore.com/cgi-bin/lansaweb?procfun+wordpr01+webfunc+M37" "Mozilla/4.0 (compatible; MSIE 6.0; Windows NT 5.1; SV1; .NET CLR 1.1.4322; InfoPath.1)"
221.251.28.84 - - [25/May/2007:05:45:46 -0400] "GET /images/ace_logo_top.jpg HTTP/1.1" 304 - "https://www.aceonlinestore.com/CGI-BIN/LANSAWEB?WEBEVENT+LDD643A0B51E0D800CDD4080+M37+ENG" "Mozilla/4.0 (compatible; MSIE 6.0; Windows NT 5.1; SV1; .NET CLR 1.1.4322; InfoPath.1)"
221.251.28.84 - - [25/May/2007:05:45:46 -0400] "GET /images/nav_upper_bgrd.jpg HTTP/1.1" 304 - "https://www.aceonlinestore.com/CGI-BIN/LANSAWEB?WEBEVENT+LDD643A0B51E0D800CDD4080+M37+ENG" "Mozilla/4.0 (compatible; MSIE 6.0; Windows NT 5.1; SV1; .NET CLR 1.1.4322; InfoPath.1)"
221.251.28.84 - - [25/May/2007:05:45:46 -0400] "GET /images/nav04_about_off.jpg HTTP/1.1" 304 - "https://www.aceonlinestore.com/CGI-BIN/LANSAWEB?WEBEVENT+LDD643A0B51E0D800CDD4080+M37+ENG" "Mozilla/4.0 (compatible; MSIE 6.0; Windows NT 5.1; SV1; .NET CLR 1.1.4322; InfoPath.1)"
221.251.28.84 - - [25/May/2007:05:45:46 -0400] "GET /images/nav04_shop_off.jpg HTTP/1.1" 304 - "https://www.aceonlinestore.com/CGI-BIN/LANSAWEB?WEBEVENT+LDD643A0B51E0D800CDD4080+M37+ENG" "Mozilla/4.0 (compatible; MSIE 6.0; Windows NT 5.1; SV1; .NET CLR 1.1.4322; InfoPath.1)"
221.251.28.84 - - [25/May/2007:05:45:48 -0400] "GET /images/nav04_conven_off.jpg HTTP/1.1" 304 - "https://www.aceonlinestore.com/CGI-BIN/LANSAWEB?WEBEVENT+LDD643A0B51E0D800CDD4080+M37+ENG" "Mozilla/4.0 (compatible; MSIE 6.0; Windows NT 5.1; SV1; .NET CLR 1.1.4322; InfoPath.1)"
221.251.28.84 - - [25/May/2007:05:45:48 -0400] "GET /images/nav04_download_off.jpg HTTP/1.1" 304 - "https://www.aceonlinestore.com/CGI-BIN/LANSAWEB?WEBEVENT+LDD643A0B51E0D800CDD4080+M37+ENG" "Mozilla/4.0 (compatible; MSIE 6.0; Windows NT 5.1; SV1; .NET CLR 1.1.4322; InfoPath.1)"
221.251.28.84 - - [25/May/2007:05:45:48 -0400] "GET /images/nav04_contact_off.jpg HTTP/1.1" 304 - "https://www.aceonlinestore.com/CGI-BIN/LANSAWEB?WEBEVENT+LDD643A0B51E0D800CDD4080+M37+ENG" "Mozilla/4.0 (compatible; MSIE 6.0; Windows NT 5.1; SV1; .NET CLR 1.1.4322; InfoPath.1)"
221.251.28.84 - - [25/May/2007:05:45:48 -0400] "GET /images/ace_logo_bottom.jpg HTTP/1.1" 304 - "https://www.aceonlinestore.com/CGI-BIN/LANSAWEB?WEBEVENT+LDD643A0B51E0D800CDD4080+M37+ENG" "Mozilla/4.0 (compatible; MSIE 6.0; Windows NT 5.1; SV1; .NET CLR 1.1.4322; InfoPath.1)"
221.251.28.84 - - [25/May/2007:05:45:49 -0400] "GET /images/nav_store_head.jpg HTTP/1.1" 304 - "https://www.aceonlinestore.com/CGI-BIN/LANSAWEB?WEBEVENT+LDD643A0B51E0D800CDD4080+M37+ENG" "Mozilla/4.0 (compatible; MSIE 6.0; Windows NT 5.1; SV1; .NET CLR 1.1.4322; InfoPath.1)"
