209.59.12.99 - - [03/Jun/2007:00:04:31 -0400] "GET / HTTP/1.0" 200 367 "-" "check_http/1.81 (nagios-plugins 1.4)"
209.59.12.99 - - [03/Jun/2007:00:09:31 -0400] "GET / HTTP/1.0" 200 367 "-" "check_http/1.81 (nagios-plugins 1.4)"
209.59.12.99 - - [03/Jun/2007:00:14:32 -0400] "GET / HTTP/1.0" 200 367 "-" "check_http/1.81 (nagios-plugins 1.4)"
209.59.12.99 - - [03/Jun/2007:00:19:32 -0400] "GET / HTTP/1.0" 200 367 "-" "check_http/1.81 (nagios-plugins 1.4)"
209.59.12.99 - - [03/Jun/2007:00:24:36 -0400] "GET / HTTP/1.0" 200 367 "-" "check_http/1.81 (nagios-plugins 1.4)"
209.59.12.99 - - [03/Jun/2007:00:29:32 -0400] "GET / HTTP/1.0" 200 367 "-" "check_http/1.81 (nagios-plugins 1.4)"
194.30.181.170 - - [03/Jun/2007:00:30:53 -0400] "GET /images/over-store_assess_section.jpg HTTP/1.1" 200 9043 "-" "Mozilla/4.0 (compatible;)"
194.30.181.170 - - [03/Jun/2007:00:31:09 -0400] "GET /images/over-store_syringe_section.jpg HTTP/1.1" 200 8326 "-" "Mozilla/4.0 (compatible;)"
209.59.12.99 - - [03/Jun/2007:00:34:32 -0400] "GET / HTTP/1.0" 200 367 "-" "check_http/1.81 (nagios-plugins 1.4)"
209.59.12.99 - - [03/Jun/2007:00:39:32 -0400] "GET / HTTP/1.0" 200 367 "-" "check_http/1.81 (nagios-plugins 1.4)"
209.59.12.99 - - [03/Jun/2007:00:44:32 -0400] "GET / HTTP/1.0" 200 367 "-" "check_http/1.81 (nagios-plugins 1.4)"
209.59.12.99 - - [03/Jun/2007:00:49:32 -0400] "GET / HTTP/1.0" 200 367 "-" "check_http/1.81 (nagios-plugins 1.4)"
209.59.12.99 - - [03/Jun/2007:00:54:32 -0400] "GET / HTTP/1.0" 200 367 "-" "check_http/1.81 (nagios-plugins 1.4)"
209.59.12.99 - - [03/Jun/2007:00:59:32 -0400] "GET / HTTP/1.0" 200 367 "-" "check_http/1.81 (nagios-plugins 1.4)"
209.59.12.99 - - [03/Jun/2007:01:04:33 -0400] "GET / HTTP/1.0" 200 367 "-" "check_http/1.81 (nagios-plugins 1.4)"
209.59.12.99 - - [03/Jun/2007:01:09:33 -0400] "GET / HTTP/1.0" 200 367 "-" "check_http/1.81 (nagios-plugins 1.4)"
209.59.12.99 - - [03/Jun/2007:01:14:32 -0400] "GET / HTTP/1.0" 200 367 "-" "check_http/1.81 (nagios-plugins 1.4)"
209.59.12.99 - - [03/Jun/2007:01:19:33 -0400] "GET / HTTP/1.0" 200 367 "-" "check_http/1.81 (nagios-plugins 1.4)"
209.59.12.99 - - [03/Jun/2007:01:24:32 -0400] "GET / HTTP/1.0" 200 367 "-" "check_http/1.81 (nagios-plugins 1.4)"
209.59.12.99 - - [03/Jun/2007:01:29:33 -0400] "GET / HTTP/1.0" 200 367 "-" "check_http/1.81 (nagios-plugins 1.4)"
209.59.12.99 - - [03/Jun/2007:01:34:32 -0400] "GET / HTTP/1.0" 200 367 "-" "check_http/1.81 (nagios-plugins 1.4)"
209.59.12.99 - - [03/Jun/2007:01:39:33 -0400] "GET / HTTP/1.0" 200 367 "-" "check_http/1.81 (nagios-plugins 1.4)"
209.59.12.99 - - [03/Jun/2007:01:44:32 -0400] "GET / HTTP/1.0" 200 367 "-" "check_http/1.81 (nagios-plugins 1.4)"
209.59.12.99 - - [03/Jun/2007:01:49:33 -0400] "GET / HTTP/1.0" 200 367 "-" "check_http/1.81 (nagios-plugins 1.4)"
209.59.12.99 - - [03/Jun/2007:01:54:33 -0400] "GET / HTTP/1.0" 200 367 "-" "check_http/1.81 (nagios-plugins 1.4)"
209.59.12.99 - - [03/Jun/2007:01:59:34 -0400] "GET / HTTP/1.0" 200 367 "-" "check_http/1.81 (nagios-plugins 1.4)"
209.59.12.99 - - [03/Jun/2007:02:04:34 -0400] "GET / HTTP/1.0" 200 367 "-" "check_http/1.81 (nagios-plugins 1.4)"
209.59.12.99 - - [03/Jun/2007:02:09:34 -0400] "GET / HTTP/1.0" 200 367 "-" "check_http/1.81 (nagios-plugins 1.4)"
209.59.12.99 - - [03/Jun/2007:02:14:35 -0400] "GET / HTTP/1.0" 200 367 "-" "check_http/1.81 (nagios-plugins 1.4)"
209.59.12.99 - - [03/Jun/2007:02:19:34 -0400] "GET / HTTP/1.0" 200 367 "-" "check_http/1.81 (nagios-plugins 1.4)"
209.59.12.99 - - [03/Jun/2007:02:24:35 -0400] "GET / HTTP/1.0" 200 367 "-" "check_http/1.81 (nagios-plugins 1.4)"
209.59.12.99 - - [03/Jun/2007:02:29:38 -0400] "GET / HTTP/1.0" 200 367 "-" "check_http/1.81 (nagios-plugins 1.4)"
209.59.12.99 - - [03/Jun/2007:02:34:34 -0400] "GET / HTTP/1.0" 200 367 "-" "check_http/1.81 (nagios-plugins 1.4)"
209.59.12.99 - - [03/Jun/2007:02:39:34 -0400] "GET / HTTP/1.0" 200 367 "-" "check_http/1.81 (nagios-plugins 1.4)"
209.59.12.99 - - [03/Jun/2007:02:44:34 -0400] "GET / HTTP/1.0" 200 367 "-" "check_http/1.81 (nagios-plugins 1.4)"
209.59.12.99 - - [03/Jun/2007:02:49:33 -0400] "GET / HTTP/1.0" 200 367 "-" "check_http/1.81 (nagios-plugins 1.4)"
209.59.12.99 - - [03/Jun/2007:02:54:35 -0400] "GET / HTTP/1.0" 200 367 "-" "check_http/1.81 (nagios-plugins 1.4)"
209.59.12.99 - - [03/Jun/2007:02:59:33 -0400] "GET / HTTP/1.0" 200 367 "-" "check_http/1.81 (nagios-plugins 1.4)"
209.59.12.99 - - [03/Jun/2007:03:04:35 -0400] "GET / HTTP/1.0" 200 367 "-" "check_http/1.81 (nagios-plugins 1.4)"
209.59.12.99 - - [03/Jun/2007:03:09:34 -0400] "GET / HTTP/1.0" 200 367 "-" "check_http/1.81 (nagios-plugins 1.4)"
209.59.12.99 - - [03/Jun/2007:03:14:34 -0400] "GET / HTTP/1.0" 200 367 "-" "check_http/1.81 (nagios-plugins 1.4)"
209.59.12.99 - - [03/Jun/2007:03:19:33 -0400] "GET / HTTP/1.0" 200 367 "-" "check_http/1.81 (nagios-plugins 1.4)"
209.59.12.99 - - [03/Jun/2007:03:24:34 -0400] "GET / HTTP/1.0" 200 367 "-" "check_http/1.81 (nagios-plugins 1.4)"
209.59.12.99 - - [03/Jun/2007:03:29:34 -0400] "GET / HTTP/1.0" 200 367 "-" "check_http/1.81 (nagios-plugins 1.4)"
209.59.12.99 - - [03/Jun/2007:03:34:34 -0400] "GET / HTTP/1.0" 200 367 "-" "check_http/1.81 (nagios-plugins 1.4)"
209.59.12.99 - - [03/Jun/2007:03:39:34 -0400] "GET / HTTP/1.0" 200 367 "-" "check_http/1.81 (nagios-plugins 1.4)"
209.59.12.99 - - [03/Jun/2007:03:44:35 -0400] "GET / HTTP/1.0" 200 367 "-" "check_http/1.81 (nagios-plugins 1.4)"
209.59.12.99 - - [03/Jun/2007:03:49:34 -0400] "GET / HTTP/1.0" 200 367 "-" "check_http/1.81 (nagios-plugins 1.4)"
209.59.12.99 - - [03/Jun/2007:03:54:35 -0400] "GET / HTTP/1.0" 200 367 "-" "check_http/1.81 (nagios-plugins 1.4)"
209.59.12.99 - - [03/Jun/2007:03:59:36 -0400] "GET / HTTP/1.0" 200 367 "-" "check_http/1.81 (nagios-plugins 1.4)"
209.59.12.99 - - [03/Jun/2007:04:04:35 -0400] "GET / HTTP/1.0" 200 367 "-" "check_http/1.81 (nagios-plugins 1.4)"
209.59.12.99 - - [03/Jun/2007:04:09:35 -0400] "GET / HTTP/1.0" 200 367 "-" "check_http/1.81 (nagios-plugins 1.4)"
209.59.12.99 - - [03/Jun/2007:04:14:35 -0400] "GET / HTTP/1.0" 200 367 "-" "check_http/1.81 (nagios-plugins 1.4)"
209.59.12.99 - - [03/Jun/2007:04:19:36 -0400] "GET / HTTP/1.0" 200 367 "-" "check_http/1.81 (nagios-plugins 1.4)"
209.59.12.99 - - [03/Jun/2007:04:24:35 -0400] "GET / HTTP/1.0" 200 367 "-" "check_http/1.81 (nagios-plugins 1.4)"
209.59.12.99 - - [03/Jun/2007:04:29:35 -0400] "GET / HTTP/1.0" 200 367 "-" "check_http/1.81 (nagios-plugins 1.4)"
209.59.12.99 - - [03/Jun/2007:04:34:35 -0400] "GET / HTTP/1.0" 200 367 "-" "check_http/1.81 (nagios-plugins 1.4)"
209.59.12.99 - - [03/Jun/2007:04:39:34 -0400] "GET / HTTP/1.0" 200 367 "-" "check_http/1.81 (nagios-plugins 1.4)"
209.59.12.99 - - [03/Jun/2007:04:44:35 -0400] "GET / HTTP/1.0" 200 367 "-" "check_http/1.81 (nagios-plugins 1.4)"
209.59.12.99 - - [03/Jun/2007:04:49:35 -0400] "GET / HTTP/1.0" 200 367 "-" "check_http/1.81 (nagios-plugins 1.4)"
209.59.12.99 - - [03/Jun/2007:04:54:35 -0400] "GET / HTTP/1.0" 200 367 "-" "check_http/1.81 (nagios-plugins 1.4)"
209.59.12.99 - - [03/Jun/2007:04:59:35 -0400] "GET / HTTP/1.0" 200 367 "-" "check_http/1.81 (nagios-plugins 1.4)"
209.59.12.99 - - [03/Jun/2007:05:04:35 -0400] "GET / HTTP/1.0" 200 367 "-" "check_http/1.81 (nagios-plugins 1.4)"
209.59.12.99 - - [03/Jun/2007:05:09:39 -0400] "GET / HTTP/1.0" 200 367 "-" "check_http/1.81 (nagios-plugins 1.4)"
209.59.12.99 - - [03/Jun/2007:05:14:34 -0400] "GET / HTTP/1.0" 200 367 "-" "check_http/1.81 (nagios-plugins 1.4)"
209.59.12.99 - - [03/Jun/2007:05:19:35 -0400] "GET / HTTP/1.0" 200 367 "-" "check_http/1.81 (nagios-plugins 1.4)"
209.59.12.99 - - [03/Jun/2007:05:24:35 -0400] "GET / HTTP/1.0" 200 367 "-" "check_http/1.81 (nagios-plugins 1.4)"
88.149.233.161 - - [03/Jun/2007:05:27:35 -0400] "GET /cgi-bin/lansaweb?procfun+wordpr01+webfunc+M37 HTTP/1.1" 200 38202 "-" "Mozilla/4.0 (compatible; MSIE 7.0; Windows NT 5.1; .NET CLR 1.1.4322; .NET CLR 2.0.50727)"
88.149.233.161 - - [03/Jun/2007:05:27:36 -0400] "GET /images/ace_logo_top.jpg HTTP/1.1" 200 2702 "http://www.aceonlinestore.com/cgi-bin/lansaweb?procfun+wordpr01+webfunc+M37" "Mozilla/4.0 (compatible; MSIE 7.0; Windows NT 5.1; .NET CLR 1.1.4322; .NET CLR 2.0.50727)"
88.149.233.161 - - [03/Jun/2007:05:27:36 -0400] "GET /images/nav04_about_off.jpg HTTP/1.1" 200 1255 "http://www.aceonlinestore.com/cgi-bin/lansaweb?procfun+wordpr01+webfunc+M37" "Mozilla/4.0 (compatible; MSIE 7.0; Windows NT 5.1; .NET CLR 1.1.4322; .NET CLR 2.0.50727)"
88.149.233.161 - - [03/Jun/2007:05:27:37 -0400] "GET /images/nav04_shop_over.jpg HTTP/1.1" 200 1722 "http://www.aceonlinestore.com/cgi-bin/lansaweb?procfun+wordpr01+webfunc+M37" "Mozilla/4.0 (compatible; MSIE 7.0; Windows NT 5.1; .NET CLR 1.1.4322; .NET CLR 2.0.50727)"
88.149.233.161 - - [03/Jun/2007:05:27:37 -0400] "GET /images/nav04_conven_off.jpg HTTP/1.1" 200 1341 "http://www.aceonlinestore.com/cgi-bin/lansaweb?procfun+wordpr01+webfunc+M37" "Mozilla/4.0 (compatible; MSIE 7.0; Windows NT 5.1; .NET CLR 1.1.4322; .NET CLR 2.0.50727)"
88.149.233.161 - - [03/Jun/2007:05:27:37 -0400] "GET /images/nav_upper_bgrd.jpg HTTP/1.1" 200 2954 "http://www.aceonlinestore.com/cgi-bin/lansaweb?procfun+wordpr01+webfunc+M37" "Mozilla/4.0 (compatible; MSIE 7.0; Windows NT 5.1; .NET CLR 1.1.4322; .NET CLR 2.0.50727)"
88.149.233.161 - - [03/Jun/2007:05:27:37 -0400] "GET /images/nav04_download_off.jpg HTTP/1.1" 200 1206 "http://www.aceonlinestore.com/cgi-bin/lansaweb?procfun+wordpr01+webfunc+M37" "Mozilla/4.0 (compatible; MSIE 7.0; Windows NT 5.1; .NET CLR 1.1.4322; .NET CLR 2.0.50727)"
88.149.233.161 - - [03/Jun/2007:05:27:37 -0400] "GET /images/nav04_contact_off.jpg HTTP/1.1" 200 965 "http://www.aceonlinestore.com/cgi-bin/lansaweb?procfun+wordpr01+webfunc+M37" "Mozilla/4.0 (compatible; MSIE 7.0; Windows NT 5.1; .NET CLR 1.1.4322; .NET CLR 2.0.50727)"
88.149.233.161 - - [03/Jun/2007:05:27:37 -0400] "GET /images/ace_logo_bottom.jpg HTTP/1.1" 200 2447 "http://www.aceonlinestore.com/cgi-bin/lansaweb?procfun+wordpr01+webfunc+M37" "Mozilla/4.0 (compatible; MSIE 7.0; Windows NT 5.1; .NET CLR 1.1.4322; .NET CLR 2.0.50727)"
88.149.233.161 - - [03/Jun/2007:05:27:38 -0400] "GET /images/nav_store_head.jpg HTTP/1.1" 200 1953 "http://www.aceonlinestore.com/cgi-bin/lansaweb?procfun+wordpr01+webfunc+M37" "Mozilla/4.0 (compatible; MSIE 7.0; Windows NT 5.1; .NET CLR 1.1.4322; .NET CLR 2.0.50727)"
88.149.233.161 - - [03/Jun/2007:05:27:38 -0400] "GET /images/nav_store_index_off.jpg HTTP/1.1" 200 922 "http://www.aceonlinestore.com/cgi-bin/lansaweb?procfun+wordpr01+webfunc+M37" "Mozilla/4.0 (compatible; MSIE 7.0; Windows NT 5.1; .NET CLR 1.1.4322; .NET CLR 2.0.50727)"
88.149.233.161 - - [03/Jun/2007:05:27:38 -0400] "GET /images/nav_lower_bgrd.jpg HTTP/1.1" 200 2321 "http://www.aceonlinestore.com/cgi-bin/lansaweb?procfun+wordpr01+webfunc+M37" "Mozilla/4.0 (compatible; MSIE 7.0; Windows NT 5.1; .NET CLR 1.1.4322; .NET CLR 2.0.50727)"
88.149.233.161 - - [03/Jun/2007:05:27:38 -0400] "GET /images/spacer.gif HTTP/1.1" 200 55 "http://www.aceonlinestore.com/cgi-bin/lansaweb?procfun+wordpr01+webfunc+M37" "Mozilla/4.0 (compatible; MSIE 7.0; Windows NT 5.1; .NET CLR 1.1.4322; .NET CLR 2.0.50727)"
88.149.233.161 - - [03/Jun/2007:05:27:38 -0400] "GET /images/login.gif HTTP/1.1" 200 166 "http://www.aceonlinestore.com/cgi-bin/lansaweb?procfun+wordpr01+webfunc+M37" "Mozilla/4.0 (compatible; MSIE 7.0; Windows NT 5.1; .NET CLR 1.1.4322; .NET CLR 2.0.50727)"
88.149.233.161 - - [03/Jun/2007:05:27:38 -0400] "GET /images/login_go.gif HTTP/1.1" 200 296 "http://www.aceonlinestore.com/cgi-bin/lansaweb?procfun+wordpr01+webfunc+M37" "Mozilla/4.0 (compatible; MSIE 7.0; Windows NT 5.1; .NET CLR 1.1.4322; .NET CLR 2.0.50727)"
88.149.233.161 - - [03/Jun/2007:05:27:39 -0400] "GET /images/search.gif HTTP/1.1" 200 614 "http://www.aceonlinestore.com/cgi-bin/lansaweb?procfun+wordpr01+webfunc+M37" "Mozilla/4.0 (compatible; MSIE 7.0; Windows NT 5.1; .NET CLR 1.1.4322; .NET CLR 2.0.50727)"
88.149.233.161 - - [03/Jun/2007:05:27:39 -0400] "GET /images/psearch_go.gif HTTP/1.1" 200 296 "http://www.aceonlinestore.com/cgi-bin/lansaweb?procfun+wordpr01+webfunc+M37" "Mozilla/4.0 (compatible; MSIE 7.0; Windows NT 5.1; .NET CLR 1.1.4322; .NET CLR 2.0.50727)"
88.149.233.161 - - [03/Jun/2007:05:27:39 -0400] "GET /images/sale_promo-icon.gif HTTP/1.1" 200 402 "http://www.aceonlinestore.com/cgi-bin/lansaweb?procfun+wordpr01+webfunc+M37" "Mozilla/4.0 (compatible; MSIE 7.0; Windows NT 5.1; .NET CLR 1.1.4322; .NET CLR 2.0.50727)"
88.149.233.161 - - [03/Jun/2007:05:27:39 -0400] "GET /images/store_anesth_section.jpg HTTP/1.1" 200 10123 "http://www.aceonlinestore.com/cgi-bin/lansaweb?procfun+wordpr01+webfunc+M37" "Mozilla/4.0 (compatible; MSIE 7.0; Windows NT 5.1; .NET CLR 1.1.4322; .NET CLR 2.0.50727)"
88.149.233.161 - - [03/Jun/2007:05:27:39 -0400] "GET /images/store_bone_section2.jpg HTTP/1.1" 200 21458 "http://www.aceonlinestore.com/cgi-bin/lansaweb?procfun+wordpr01+webfunc+M37" "Mozilla/4.0 (compatible; MSIE 7.0; Windows NT 5.1; .NET CLR 1.1.4322; .NET CLR 2.0.50727)"
88.149.233.161 - - [03/Jun/2007:05:27:40 -0400] "GET /images/store_cardiac_section.jpg HTTP/1.1" 200 25730 "http://www.aceonlinestore.com/cgi-bin/lansaweb?procfun+wordpr01+webfunc+M37" "Mozilla/4.0 (compatible; MSIE 7.0; Windows NT 5.1; .NET CLR 1.1.4322; .NET CLR 2.0.50727)"
88.149.233.161 - - [03/Jun/2007:05:27:40 -0400] "GET /images/store_implant_section.jpg HTTP/1.1" 200 8001 "http://www.aceonlinestore.com/cgi-bin/lansaweb?procfun+wordpr01+webfunc+M37" "Mozilla/4.0 (compatible; MSIE 7.0; Windows NT 5.1; .NET CLR 1.1.4322; .NET CLR 2.0.50727)"
88.149.233.161 - - [03/Jun/2007:05:27:40 -0400] "GET /images/store_gauze_section.jpg HTTP/1.1" 200 24119 "http://www.aceonlinestore.com/cgi-bin/lansaweb?procfun+wordpr01+webfunc+M37" "Mozilla/4.0 (compatible; MSIE 7.0; Windows NT 5.1; .NET CLR 1.1.4322; .NET CLR 2.0.50727)"
88.149.233.161 - - [03/Jun/2007:05:27:40 -0400] "GET /images/store_handpc_section.jpg HTTP/1.1" 200 23958 "http://www.aceonlinestore.com/cgi-bin/lansaweb?procfun+wordpr01+webfunc+M37" "Mozilla/4.0 (compatible; MSIE 7.0; Windows NT 5.1; .NET CLR 1.1.4322; .NET CLR 2.0.50727)"
88.149.233.161 - - [03/Jun/2007:05:27:41 -0400] "GET /images/store_infection_section.jpg HTTP/1.1" 200 25264 "http://www.aceonlinestore.com/cgi-bin/lansaweb?procfun+wordpr01+webfunc+M37" "Mozilla/4.0 (compatible; MSIE 7.0; Windows NT 5.1; .NET CLR 1.1.4322; .NET CLR 2.0.50727)"
88.149.233.161 - - [03/Jun/2007:05:27:41 -0400] "GET /images/store_instr_section.jpg HTTP/1.1" 200 26432 "http://www.aceonlinestore.com/cgi-bin/lansaweb?procfun+wordpr01+webfunc+M37" "Mozilla/4.0 (compatible; MSIE 7.0; Windows NT 5.1; .NET CLR 1.1.4322; .NET CLR 2.0.50727)"
88.149.233.161 - - [03/Jun/2007:05:27:42 -0400] "GET /images/store_irrigate_section.gif HTTP/1.1" 200 10336 "http://www.aceonlinestore.com/cgi-bin/lansaweb?procfun+wordpr01+webfunc+M37" "Mozilla/4.0 (compatible; MSIE 7.0; Windows NT 5.1; .NET CLR 1.1.4322; .NET CLR 2.0.50727)"
88.149.233.161 - - [03/Jun/2007:05:27:42 -0400] "GET /images/store_iv_admin_section.jpg HTTP/1.1" 200 9115 "http://www.aceonlinestore.com/cgi-bin/lansaweb?procfun+wordpr01+webfunc+M37" "Mozilla/4.0 (compatible; MSIE 7.0; Windows NT 5.1; .NET CLR 1.1.4322; .NET CLR 2.0.50727)"
88.149.233.161 - - [03/Jun/2007:05:27:42 -0400] "GET /images/store_assess_section.jpg HTTP/1.1" 200 10059 "http://www.aceonlinestore.com/cgi-bin/lansaweb?procfun+wordpr01+webfunc+M37" "Mozilla/4.0 (compatible; MSIE 7.0; Windows NT 5.1; .NET CLR 1.1.4322; .NET CLR 2.0.50727)"
88.149.233.161 - - [03/Jun/2007:05:27:43 -0400] "GET /images/store_pharma_section.jpg HTTP/1.1" 200 7953 "http://www.aceonlinestore.com/cgi-bin/lansaweb?procfun+wordpr01+webfunc+M37" "Mozilla/4.0 (compatible; MSIE 7.0; Windows NT 5.1; .NET CLR 1.1.4322; .NET CLR 2.0.50727)"
88.149.233.161 - - [03/Jun/2007:05:27:44 -0400] "GET /images/store_sterile_section.jpg HTTP/1.1" 200 9274 "http://www.aceonlinestore.com/cgi-bin/lansaweb?procfun+wordpr01+webfunc+M37" "Mozilla/4.0 (compatible; MSIE 7.0; Windows NT 5.1; .NET CLR 1.1.4322; .NET CLR 2.0.50727)"
88.149.233.161 - - [03/Jun/2007:05:27:44 -0400] "GET /images/store_blades_section.jpg HTTP/1.1" 200 24174 "http://www.aceonlinestore.com/cgi-bin/lansaweb?procfun+wordpr01+webfunc+M37" "Mozilla/4.0 (compatible; MSIE 7.0; Windows NT 5.1; .NET CLR 1.1.4322; .NET CLR 2.0.50727)"
88.149.233.161 - - [03/Jun/2007:05:27:45 -0400] "GET /images/store_burs_section.jpg HTTP/1.1" 200 10892 "http://www.aceonlinestore.com/cgi-bin/lansaweb?procfun+wordpr01+webfunc+M37" "Mozilla/4.0 (compatible; MSIE 7.0; Windows NT 5.1; .NET CLR 1.1.4322; .NET CLR 2.0.50727)"
88.149.233.161 - - [03/Jun/2007:05:27:45 -0400] "GET /images/store_saws_section.jpg HTTP/1.1" 200 10028 "http://www.aceonlinestore.com/cgi-bin/lansaweb?procfun+wordpr01+webfunc+M37" "Mozilla/4.0 (compatible; MSIE 7.0; Windows NT 5.1; .NET CLR 1.1.4322; .NET CLR 2.0.50727)"
88.149.233.161 - - [03/Jun/2007:05:27:45 -0400] "GET /images/store_sutures_section.jpg HTTP/1.1" 200 28375 "http://www.aceonlinestore.com/cgi-bin/lansaweb?procfun+wordpr01+webfunc+M37" "Mozilla/4.0 (compatible; MSIE 7.0; Windows NT 5.1; .NET CLR 1.1.4322; .NET CLR 2.0.50727)"
88.149.233.161 - - [03/Jun/2007:05:27:45 -0400] "GET /images/store_syringe_section.jpg HTTP/1.1" 200 9321 "http://www.aceonlinestore.com/cgi-bin/lansaweb?procfun+wordpr01+webfunc+M37" "Mozilla/4.0 (compatible; MSIE 7.0; Windows NT 5.1; .NET CLR 1.1.4322; .NET CLR 2.0.50727)"
88.149.233.161 - - [03/Jun/2007:05:27:46 -0400] "GET /images/store_xray_section.jpg HTTP/1.1" 200 8861 "http://www.aceonlinestore.com/cgi-bin/lansaweb?procfun+wordpr01+webfunc+M37" "Mozilla/4.0 (compatible; MSIE 7.0; Windows NT 5.1; .NET CLR 1.1.4322; .NET CLR 2.0.50727)"
88.149.233.161 - - [03/Jun/2007:05:27:47 -0400] "GET /images/over-store_burs_section.jpg HTTP/1.1" 200 9926 "http://www.aceonlinestore.com/cgi-bin/lansaweb?procfun+wordpr01+webfunc+M37" "Mozilla/4.0 (compatible; MSIE 7.0; Windows NT 5.1; .NET CLR 1.1.4322; .NET CLR 2.0.50727)"
88.149.233.161 - - [03/Jun/2007:05:27:47 -0400] "GET /favicon.ico HTTP/1.1" 404 209 "-" "Mozilla/4.0 (compatible; MSIE 7.0; Windows NT 5.1; .NET CLR 1.1.4322; .NET CLR 2.0.50727)"
88.149.233.161 - - [03/Jun/2007:05:27:48 -0400] "GET /images/over-store_burs_section.jpg HTTP/1.1" 200 9926 "http://www.aceonlinestore.com/cgi-bin/lansaweb?procfun+wordpr01+webfunc+M37" "Mozilla/4.0 (compatible; MSIE 7.0; Windows NT 5.1; .NET CLR 1.1.4322; .NET CLR 2.0.50727)"
88.149.233.161 - - [03/Jun/2007:05:27:49 -0400] "POST /CGI-BIN/LANSAWEB?WEBEVENT+L6D6F87088B1097009C7406X+M37+ENG HTTP/1.1" 200 38726 "http://www.aceonlinestore.com/cgi-bin/lansaweb?procfun+wordpr01+webfunc+M37" "Mozilla/4.0 (compatible; MSIE 7.0; Windows NT 5.1; .NET CLR 1.1.4322; .NET CLR 2.0.50727)"
88.149.233.161 - - [03/Jun/2007:05:27:50 -0400] "GET /images/nav04_shop_off.jpg HTTP/1.1" 200 1390 "http://www.aceonlinestore.com/CGI-BIN/LANSAWEB?WEBEVENT+L6D6F87088B1097009C7406X+M37+ENG" "Mozilla/4.0 (compatible; MSIE 7.0; Windows NT 5.1; .NET CLR 1.1.4322; .NET CLR 2.0.50727)"
88.149.233.161 - - [03/Jun/2007:05:27:50 -0400] "GET /images/index3_imp_air.jpg HTTP/1.1" 200 1763 "http://www.aceonlinestore.com/CGI-BIN/LANSAWEB?WEBEVENT+L6D6F87088B1097009C7406X+M37+ENG" "Mozilla/4.0 (compatible; MSIE 7.0; Windows NT 5.1; .NET CLR 1.1.4322; .NET CLR 2.0.50727)"
88.149.233.161 - - [03/Jun/2007:05:27:50 -0400] "GET /images/index3_crestonome.jpg HTTP/1.1" 200 1509 "http://www.aceonlinestore.com/CGI-BIN/LANSAWEB?WEBEVENT+L6D6F87088B1097009C7406X+M37+ENG" "Mozilla/4.0 (compatible; MSIE 7.0; Windows NT 5.1; .NET CLR 1.1.4322; .NET CLR 2.0.50727)"
88.149.233.161 - - [03/Jun/2007:05:27:50 -0400] "GET /images/index3_cylinder.jpg HTTP/1.1" 200 1390 "http://www.aceonlinestore.com/CGI-BIN/LANSAWEB?WEBEVENT+L6D6F87088B1097009C7406X+M37+ENG" "Mozilla/4.0 (compatible; MSIE 7.0; Windows NT 5.1; .NET CLR 1.1.4322; .NET CLR 2.0.50727)"
88.149.233.161 - - [03/Jun/2007:05:27:51 -0400] "GET /images/index3_kirschner.jpg HTTP/1.1" 200 2017 "http://www.aceonlinestore.com/CGI-BIN/LANSAWEB?WEBEVENT+L6D6F87088B1097009C7406X+M37+ENG" "Mozilla/4.0 (compatible; MSIE 7.0; Windows NT 5.1; .NET CLR 1.1.4322; .NET CLR 2.0.50727)"
88.149.233.161 - - [03/Jun/2007:05:27:51 -0400] "GET /images/index3_lindemann.jpg HTTP/1.1" 200 3788 "http://www.aceonlinestore.com/CGI-BIN/LANSAWEB?WEBEVENT+L6D6F87088B1097009C7406X+M37+ENG" "Mozilla/4.0 (compatible; MSIE 7.0; Windows NT 5.1; .NET CLR 1.1.4322; .NET CLR 2.0.50727)"
88.149.233.161 - - [03/Jun/2007:05:27:51 -0400] "GET /images/index3.ovalbone.jpg HTTP/1.1" 200 2959 "http://www.aceonlinestore.com/CGI-BIN/LANSAWEB?WEBEVENT+L6D6F87088B1097009C7406X+M37+ENG" "Mozilla/4.0 (compatible; MSIE 7.0; Windows NT 5.1; .NET CLR 1.1.4322; .NET CLR 2.0.50727)"
88.149.233.161 - - [03/Jun/2007:05:27:51 -0400] "GET /images/index3.roundburs.jpg HTTP/1.1" 200 3260 "http://www.aceonlinestore.com/CGI-BIN/LANSAWEB?WEBEVENT+L6D6F87088B1097009C7406X+M37+ENG" "Mozilla/4.0 (compatible; MSIE 7.0; Windows NT 5.1; .NET CLR 1.1.4322; .NET CLR 2.0.50727)"
88.149.233.161 - - [03/Jun/2007:05:27:51 -0400] "GET /images/index3_sinus.jpg HTTP/1.1" 200 1410 "http://www.aceonlinestore.com/CGI-BIN/LANSAWEB?WEBEVENT+L6D6F87088B1097009C7406X+M37+ENG" "Mozilla/4.0 (compatible; MSIE 7.0; Windows NT 5.1; .NET CLR 1.1.4322; .NET CLR 2.0.50727)"
88.149.233.161 - - [03/Jun/2007:05:27:51 -0400] "GET /images/index3_whiteburs.jpg HTTP/1.1" 200 2734 "http://www.aceonlinestore.com/CGI-BIN/LANSAWEB?WEBEVENT+L6D6F87088B1097009C7406X+M37+ENG" "Mozilla/4.0 (compatible; MSIE 7.0; Windows NT 5.1; .NET CLR 1.1.4322; .NET CLR 2.0.50727)"
88.149.233.161 - - [03/Jun/2007:05:27:52 -0400] "GET /images/index3.taperburs HTTP/1.1" 404 221 "http://www.aceonlinestore.com/CGI-BIN/LANSAWEB?WEBEVENT+L6D6F87088B1097009C7406X+M37+ENG" "Mozilla/4.0 (compatible; MSIE 7.0; Windows NT 5.1; .NET CLR 1.1.4322; .NET CLR 2.0.50727)"
88.149.233.161 - - [03/Jun/2007:05:27:52 -0400] "GET /images/index3_trephine.jpg HTTP/1.1" 200 5563 "http://www.aceonlinestore.com/CGI-BIN/LANSAWEB?WEBEVENT+L6D6F87088B1097009C7406X+M37+ENG" "Mozilla/4.0 (compatible; MSIE 7.0; Windows NT 5.1; .NET CLR 1.1.4322; .NET CLR 2.0.50727)"
88.149.233.161 - - [03/Jun/2007:05:27:53 -0400] "GET /images/over-index3_sinus.jpg HTTP/1.1" 200 1089 "http://www.aceonlinestore.com/CGI-BIN/LANSAWEB?WEBEVENT+L6D6F87088B1097009C7406X+M37+ENG" "Mozilla/4.0 (compatible; MSIE 7.0; Windows NT 5.1; .NET CLR 1.1.4322; .NET CLR 2.0.50727)"
88.149.233.161 - - [03/Jun/2007:05:27:54 -0400] "POST /CGI-BIN/LANSAWEB?WEBEVENT+L6D6F87058B40E700A8F406X+M37+ENG HTTP/1.1" 200 39570 "http://www.aceonlinestore.com/CGI-BIN/LANSAWEB?WEBEVENT+L6D6F87088B1097009C7406X+M37+ENG" "Mozilla/4.0 (compatible; MSIE 7.0; Windows NT 5.1; .NET CLR 1.1.4322; .NET CLR 2.0.50727)"
88.149.233.161 - - [03/Jun/2007:05:27:55 -0400] "GET /images/pf-a.gif HTTP/1.1" 200 798 "http://www.aceonlinestore.com/CGI-BIN/LANSAWEB?WEBEVENT+L6D6F87058B40E700A8F406X+M37+ENG" "Mozilla/4.0 (compatible; MSIE 7.0; Windows NT 5.1; .NET CLR 1.1.4322; .NET CLR 2.0.50727)"
88.149.233.161 - - [03/Jun/2007:05:27:55 -0400] "GET /images/items/00450028_THUMB.JPG HTTP/1.1" 200 1441 "http://www.aceonlinestore.com/CGI-BIN/LANSAWEB?WEBEVENT+L6D6F87058B40E700A8F406X+M37+ENG" "Mozilla/4.0 (compatible; MSIE 7.0; Windows NT 5.1; .NET CLR 1.1.4322; .NET CLR 2.0.50727)"
88.149.233.161 - - [03/Jun/2007:05:27:55 -0400] "GET /images/space.gif HTTP/1.1" 200 43 "http://www.aceonlinestore.com/CGI-BIN/LANSAWEB?WEBEVENT+L6D6F87058B40E700A8F406X+M37+ENG" "Mozilla/4.0 (compatible; MSIE 7.0; Windows NT 5.1; .NET CLR 1.1.4322; .NET CLR 2.0.50727)"
88.149.233.161 - - [03/Jun/2007:05:28:00 -0400] "GET /images/index3.taperburs HTTP/1.1" 404 221 "http://www.aceonlinestore.com/CGI-BIN/LANSAWEB?WEBEVENT+L6D6F87088B1097009C7406X+M37+ENG" "Mozilla/4.0 (compatible; MSIE 7.0; Windows NT 5.1; .NET CLR 1.1.4322; .NET CLR 2.0.50727)"
88.149.233.161 - - [03/Jun/2007:05:28:14 -0400] "GET /images/over-store_anesth_section.jpg HTTP/1.1" 200 9173 "http://www.aceonlinestore.com/cgi-bin/lansaweb?procfun+wordpr01+webfunc+M37" "Mozilla/4.0 (compatible; MSIE 7.0; Windows NT 5.1; .NET CLR 1.1.4322; .NET CLR 2.0.50727)"
88.149.233.161 - - [03/Jun/2007:05:28:14 -0400] "GET /images/over-store_anesth_section.jpg HTTP/1.1" 200 9173 "http://www.aceonlinestore.com/cgi-bin/lansaweb?procfun+wordpr01+webfunc+M37" "Mozilla/4.0 (compatible; MSIE 7.0; Windows NT 5.1; .NET CLR 1.1.4322; .NET CLR 2.0.50727)"
88.149.233.161 - - [03/Jun/2007:05:28:14 -0400] "POST /CGI-BIN/LANSAWEB?WEBEVENT+L6D6F87088B1097009C7406X+M37+ENG HTTP/1.1" 200 49762 "http://www.aceonlinestore.com/cgi-bin/lansaweb?procfun+wordpr01+webfunc+M37" "Mozilla/4.0 (compatible; MSIE 7.0; Windows NT 5.1; .NET CLR 1.1.4322; .NET CLR 2.0.50727)"
88.149.233.161 - - [03/Jun/2007:05:28:30 -0400] "GET /images/over-store_infection_section.jpg HTTP/1.1" 200 8680 "http://www.aceonlinestore.com/cgi-bin/lansaweb?procfun+wordpr01+webfunc+M37" "Mozilla/4.0 (compatible; MSIE 7.0; Windows NT 5.1; .NET CLR 1.1.4322; .NET CLR 2.0.50727)"
88.149.233.161 - - [03/Jun/2007:05:28:30 -0400] "GET /images/over-store_instr_section.jpg HTTP/1.1" 200 9238 "http://www.aceonlinestore.com/cgi-bin/lansaweb?procfun+wordpr01+webfunc+M37" "Mozilla/4.0 (compatible; MSIE 7.0; Windows NT 5.1; .NET CLR 1.1.4322; .NET CLR 2.0.50727)"
88.149.233.161 - - [03/Jun/2007:05:28:31 -0400] "GET /images/over-store_irrigate_section.gif HTTP/1.1" 200 7421 "http://www.aceonlinestore.com/cgi-bin/lansaweb?procfun+wordpr01+webfunc+M37" "Mozilla/4.0 (compatible; MSIE 7.0; Windows NT 5.1; .NET CLR 1.1.4322; .NET CLR 2.0.50727)"
88.149.233.161 - - [03/Jun/2007:05:28:31 -0400] "GET /images/over-store_instr_section.jpg HTTP/1.1" 200 9238 "http://www.aceonlinestore.com/cgi-bin/lansaweb?procfun+wordpr01+webfunc+M37" "Mozilla/4.0 (compatible; MSIE 7.0; Windows NT 5.1; .NET CLR 1.1.4322; .NET CLR 2.0.50727)"
88.149.233.161 - - [03/Jun/2007:05:28:39 -0400] "GET /images/over-store_sutures_section.jpg HTTP/1.1" 200 9504 "http://www.aceonlinestore.com/cgi-bin/lansaweb?procfun+wordpr01+webfunc+M37" "Mozilla/4.0 (compatible; MSIE 7.0; Windows NT 5.1; .NET CLR 1.1.4322; .NET CLR 2.0.50727)"
88.149.233.161 - - [03/Jun/2007:05:28:40 -0400] "GET /images/over-store_sutures_section.jpg HTTP/1.1" 200 9504 "http://www.aceonlinestore.com/cgi-bin/lansaweb?procfun+wordpr01+webfunc+M37" "Mozilla/4.0 (compatible; MSIE 7.0; Windows NT 5.1; .NET CLR 1.1.4322; .NET CLR 2.0.50727)"
88.149.233.161 - - [03/Jun/2007:05:28:40 -0400] "POST /CGI-BIN/LANSAWEB?WEBEVENT+L6D6F87088B1097009C7406X+M37+ENG HTTP/1.1" 200 35524 "http://www.aceonlinestore.com/cgi-bin/lansaweb?procfun+wordpr01+webfunc+M37" "Mozilla/4.0 (compatible; MSIE 7.0; Windows NT 5.1; .NET CLR 1.1.4322; .NET CLR 2.0.50727)"
88.149.233.161 - - [03/Jun/2007:05:28:41 -0400] "GET /images/index7_ethicon_sutures.jpg HTTP/1.1" 200 4398 "http://www.aceonlinestore.com/CGI-BIN/LANSAWEB?WEBEVENT+L6D6F87088B1097009C7406X+M37+ENG" "Mozilla/4.0 (compatible; MSIE 7.0; Windows NT 5.1; .NET CLR 1.1.4322; .NET CLR 2.0.50727)"
88.149.233.161 - - [03/Jun/2007:05:28:41 -0400] "GET /images/index7_ace_sutures.jpg HTTP/1.1" 200 3733 "http://www.aceonlinestore.com/CGI-BIN/LANSAWEB?WEBEVENT+L6D6F87088B1097009C7406X+M37+ENG" "Mozilla/4.0 (compatible; MSIE 7.0; Windows NT 5.1; .NET CLR 1.1.4322; .NET CLR 2.0.50727)"
88.149.233.161 - - [03/Jun/2007:05:28:41 -0400] "GET /images/index7_david_sutures.jpg HTTP/1.1" 200 3688 "http://www.aceonlinestore.com/CGI-BIN/LANSAWEB?WEBEVENT+L6D6F87088B1097009C7406X+M37+ENG" "Mozilla/4.0 (compatible; MSIE 7.0; Windows NT 5.1; .NET CLR 1.1.4322; .NET CLR 2.0.50727)"
88.149.233.161 - - [03/Jun/2007:05:28:41 -0400] "GET /images/index7_hufriedy_sutures HTTP/1.1" 404 228 "http://www.aceonlinestore.com/CGI-BIN/LANSAWEB?WEBEVENT+L6D6F87088B1097009C7406X+M37+ENG" "Mozilla/4.0 (compatible; MSIE 7.0; Windows NT 5.1; .NET CLR 1.1.4322; .NET CLR 2.0.50727)"
88.149.233.161 - - [03/Jun/2007:05:28:42 -0400] "GET /images/index7_look_sutures.jpg HTTP/1.1" 200 4287 "http://www.aceonlinestore.com/CGI-BIN/LANSAWEB?WEBEVENT+L6D6F87088B1097009C7406X+M37+ENG" "Mozilla/4.0 (compatible; MSIE 7.0; Windows NT 5.1; .NET CLR 1.1.4322; .NET CLR 2.0.50727)"
88.149.233.161 - - [03/Jun/2007:05:28:42 -0400] "GET /images/index7_spolsneedls.jpg HTTP/1.1" 200 2980 "http://www.aceonlinestore.com/CGI-BIN/LANSAWEB?WEBEVENT+L6D6F87088B1097009C7406X+M37+ENG" "Mozilla/4.0 (compatible; MSIE 7.0; Windows NT 5.1; .NET CLR 1.1.4322; .NET CLR 2.0.50727)"
88.149.233.161 - - [03/Jun/2007:05:28:49 -0400] "GET /images/over-index7_spolsneedls.jpg HTTP/1.1" 200 2176 "http://www.aceonlinestore.com/CGI-BIN/LANSAWEB?WEBEVENT+L6D6F87088B1097009C7406X+M37+ENG" "Mozilla/4.0 (compatible; MSIE 7.0; Windows NT 5.1; .NET CLR 1.1.4322; .NET CLR 2.0.50727)"
88.149.233.161 - - [03/Jun/2007:05:28:50 -0400] "GET /images/ace_logo_top_over.jpg HTTP/1.1" 200 2616 "http://www.aceonlinestore.com/CGI-BIN/LANSAWEB?WEBEVENT+L6D6F87088B1097009C7406X+M37+ENG" "Mozilla/4.0 (compatible; MSIE 7.0; Windows NT 5.1; .NET CLR 1.1.4322; .NET CLR 2.0.50727)"
209.59.12.99 - - [03/Jun/2007:05:29:35 -0400] "GET / HTTP/1.0" 200 367 "-" "check_http/1.81 (nagios-plugins 1.4)"
209.59.12.99 - - [03/Jun/2007:05:34:35 -0400] "GET / HTTP/1.0" 200 367 "-" "check_http/1.81 (nagios-plugins 1.4)"
209.59.12.99 - - [03/Jun/2007:05:39:35 -0400] "GET / HTTP/1.0" 200 367 "-" "check_http/1.81 (nagios-plugins 1.4)"
209.59.12.99 - - [03/Jun/2007:05:44:34 -0400] "GET / HTTP/1.0" 200 367 "-" "check_http/1.81 (nagios-plugins 1.4)"
209.59.12.99 - - [03/Jun/2007:05:49:35 -0400] "GET / HTTP/1.0" 200 367 "-" "check_http/1.81 (nagios-plugins 1.4)"
209.59.12.99 - - [03/Jun/2007:05:54:34 -0400] "GET / HTTP/1.0" 200 367 "-" "check_http/1.81 (nagios-plugins 1.4)"
209.59.12.99 - - [03/Jun/2007:05:59:34 -0400] "GET / HTTP/1.0" 200 367 "-" "check_http/1.81 (nagios-plugins 1.4)"
209.59.12.99 - - [03/Jun/2007:06:04:35 -0400] "GET / HTTP/1.0" 200 367 "-" "check_http/1.81 (nagios-plugins 1.4)"
209.59.12.99 - - [03/Jun/2007:06:09:35 -0400] "GET / HTTP/1.0" 200 367 "-" "check_http/1.81 (nagios-plugins 1.4)"
209.59.12.99 - - [03/Jun/2007:06:14:35 -0400] "GET / HTTP/1.0" 200 367 "-" "check_http/1.81 (nagios-plugins 1.4)"
209.59.12.99 - - [03/Jun/2007:06:19:35 -0400] "GET / HTTP/1.0" 200 367 "-" "check_http/1.81 (nagios-plugins 1.4)"
209.59.12.99 - - [03/Jun/2007:06:24:35 -0400] "GET / HTTP/1.0" 200 367 "-" "check_http/1.81 (nagios-plugins 1.4)"
209.59.12.99 - - [03/Jun/2007:06:29:35 -0400] "GET / HTTP/1.0" 200 367 "-" "check_http/1.81 (nagios-plugins 1.4)"
64.246.161.190 - - [03/Jun/2007:06:29:39 -0400] "GET /robots.txt HTTP/1.0" 404 208 "http://www.whois.sc/" "SurveyBot/2.3 (Whois Source)"
64.246.161.190 - - [03/Jun/2007:06:29:40 -0400] "GET / HTTP/1.1" 206 367 "http://www.whois.sc/aceonlinestore.com" "SurveyBot/2.3 (Whois Source)"
209.59.12.99 - - [03/Jun/2007:06:34:35 -0400] "GET / HTTP/1.0" 200 367 "-" "check_http/1.81 (nagios-plugins 1.4)"
209.59.12.99 - - [03/Jun/2007:06:51:35 -0400] "GET / HTTP/1.0" 200 367 "-" "check_http/1.81 (nagios-plugins 1.4)"
209.59.12.99 - - [03/Jun/2007:06:56:36 -0400] "GET / HTTP/1.0" 200 367 "-" "check_http/1.81 (nagios-plugins 1.4)"
209.59.12.99 - - [03/Jun/2007:07:01:37 -0400] "GET / HTTP/1.0" 200 367 "-" "check_http/1.81 (nagios-plugins 1.4)"
66.249.67.82 - - [03/Jun/2007:07:04:52 -0400] "GET /robots.txt HTTP/1.1" 404 208 "-" "Mozilla/5.0 (compatible; Googlebot/2.1; +http://www.google.com/bot.html)"
209.59.12.99 - - [03/Jun/2007:07:06:38 -0400] "GET / HTTP/1.0" 200 367 "-" "check_http/1.81 (nagios-plugins 1.4)"
66.249.67.82 - - [03/Jun/2007:07:04:52 -0400] "GET /images/ACE_BoneGraft_04.pdf HTTP/1.1" 200 9952673 "-" "Mozilla/5.0 (compatible; Googlebot/2.1; +http://www.google.com/bot.html)"
66.249.67.82 - - [03/Jun/2007:07:07:52 -0400] "GET /robots.txt HTTP/1.1" 404 208 "-" "Mozilla/5.0 (compatible; Googlebot/2.1; +http://www.google.com/bot.html)"
66.249.67.82 - - [03/Jun/2007:07:07:52 -0400] "GET /CGI-BIN/LANSAWEB?WEBEVENT+L2D63AF0C5A70E800FC9409D+M37+ENG HTTP/1.1" 500 197 "-" "Mozilla/5.0 (compatible; Googlebot/2.1; +http://www.google.com/bot.html)"
24.208.243.172 - - [03/Jun/2007:07:09:47 -0400] "GET /images/nav04_shop_over.jpg HTTP/1.1" 304 - "http://www.aceonlinestore.com/CGI-BIN/LANSAWEB?WEBEVENT+L1D8E87039B4046001A84090+M37+ENG" "Mozilla/4.0 (compatible; MSIE 7.0; Windows NT 5.1; .NET CLR 1.1.4322)"
216.139.224.70 - - [03/Jun/2007:07:11:13 -0400] "GET / HTTP/1.1" 200 367 "-" "Mozilla/4.0 (compatible; MSIE 6.0; Windows NT 5.1)"
209.59.12.99 - - [03/Jun/2007:07:11:39 -0400] "GET / HTTP/1.0" 200 367 "-" "check_http/1.81 (nagios-plugins 1.4)"
24.208.243.172 - - [03/Jun/2007:07:13:00 -0400] "GET /images/psearch_go-over.gif HTTP/1.1" 304 - "http://www.aceonlinestore.com/CGI-BIN/LANSAWEB?WEBEVENT+L1D8E87039B4046001A84090+M37+ENG" "Mozilla/4.0 (compatible; MSIE 7.0; Windows NT 5.1; .NET CLR 1.1.4322)"
24.208.243.172 - - [03/Jun/2007:07:13:01 -0400] "POST /CGI-BIN/LANSAWEB?WEBEVENT+L1D8E870E9C003600C3A4090+M37+ENG HTTP/1.1" 200 31651 "http://www.aceonlinestore.com/CGI-BIN/LANSAWEB?WEBEVENT+L1D8E87039B4046001A84090+M37+ENG" "Mozilla/4.0 (compatible; MSIE 7.0; Windows NT 5.1; .NET CLR 1.1.4322)"
24.208.243.172 - - [03/Jun/2007:07:13:02 -0400] "GET /images/ace_logo_top.jpg HTTP/1.1" 304 - "http://www.aceonlinestore.com/CGI-BIN/LANSAWEB?WEBEVENT+L1D8E870E9C003600C3A4090+M37+ENG" "Mozilla/4.0 (compatible; MSIE 7.0; Windows NT 5.1; .NET CLR 1.1.4322)"
24.208.243.172 - - [03/Jun/2007:07:13:02 -0400] "GET /images/nav_upper_bgrd.jpg HTTP/1.1" 304 - "http://www.aceonlinestore.com/CGI-BIN/LANSAWEB?WEBEVENT+L1D8E870E9C003600C3A4090+M37+ENG" "Mozilla/4.0 (compatible; MSIE 7.0; Windows NT 5.1; .NET CLR 1.1.4322)"
24.208.243.172 - - [03/Jun/2007:07:13:02 -0400] "GET /images/nav04_about_off.jpg HTTP/1.1" 304 - "http://www.aceonlinestore.com/CGI-BIN/LANSAWEB?WEBEVENT+L1D8E870E9C003600C3A4090+M37+ENG" "Mozilla/4.0 (compatible; MSIE 7.0; Windows NT 5.1; .NET CLR 1.1.4322)"
24.208.243.172 - - [03/Jun/2007:07:13:02 -0400] "GET /images/nav04_shop_off.jpg HTTP/1.1" 304 - "http://www.aceonlinestore.com/CGI-BIN/LANSAWEB?WEBEVENT+L1D8E870E9C003600C3A4090+M37+ENG" "Mozilla/4.0 (compatible; MSIE 7.0; Windows NT 5.1; .NET CLR 1.1.4322)"
24.208.243.172 - - [03/Jun/2007:07:13:02 -0400] "GET /images/nav04_conven_off.jpg HTTP/1.1" 304 - "http://www.aceonlinestore.com/CGI-BIN/LANSAWEB?WEBEVENT+L1D8E870E9C003600C3A4090+M37+ENG" "Mozilla/4.0 (compatible; MSIE 7.0; Windows NT 5.1; .NET CLR 1.1.4322)"
24.208.243.172 - - [03/Jun/2007:07:13:02 -0400] "GET /images/nav04_download_off.jpg HTTP/1.1" 304 - "http://www.aceonlinestore.com/CGI-BIN/LANSAWEB?WEBEVENT+L1D8E870E9C003600C3A4090+M37+ENG" "Mozilla/4.0 (compatible; MSIE 7.0; Windows NT 5.1; .NET CLR 1.1.4322)"
24.208.243.172 - - [03/Jun/2007:07:13:02 -0400] "GET /images/nav04_contact_off.jpg HTTP/1.1" 304 - "http://www.aceonlinestore.com/CGI-BIN/LANSAWEB?WEBEVENT+L1D8E870E9C003600C3A4090+M37+ENG" "Mozilla/4.0 (compatible; MSIE 7.0; Windows NT 5.1; .NET CLR 1.1.4322)"
24.208.243.172 - - [03/Jun/2007:07:13:02 -0400] "GET /images/ace_logo_bottom.jpg HTTP/1.1" 304 - "http://www.aceonlinestore.com/CGI-BIN/LANSAWEB?WEBEVENT+L1D8E870E9C003600C3A4090+M37+ENG" "Mozilla/4.0 (compatible; MSIE 7.0; Windows NT 5.1; .NET CLR 1.1.4322)"
24.208.243.172 - - [03/Jun/2007:07:13:02 -0400] "GET /images/nav_lower_bgrd.jpg HTTP/1.1" 304 - "http://www.aceonlinestore.com/CGI-BIN/LANSAWEB?WEBEVENT+L1D8E870E9C003600C3A4090+M37+ENG" "Mozilla/4.0 (compatible; MSIE 7.0; Windows NT 5.1; .NET CLR 1.1.4322)"
24.208.243.172 - - [03/Jun/2007:07:13:02 -0400] "GET /images/nav_store_head.jpg HTTP/1.1" 304 - "http://www.aceonlinestore.com/CGI-BIN/LANSAWEB?WEBEVENT+L1D8E870E9C003600C3A4090+M37+ENG" "Mozilla/4.0 (compatible; MSIE 7.0; Windows NT 5.1; .NET CLR 1.1.4322)"
24.208.243.172 - - [03/Jun/2007:07:13:02 -0400] "GET /images/nav_store_index_off.jpg HTTP/1.1" 304 - "http://www.aceonlinestore.com/CGI-BIN/LANSAWEB?WEBEVENT+L1D8E870E9C003600C3A4090+M37+ENG" "Mozilla/4.0 (compatible; MSIE 7.0; Windows NT 5.1; .NET CLR 1.1.4322)"
24.208.243.172 - - [03/Jun/2007:07:13:02 -0400] "GET /images/spacer.gif HTTP/1.1" 304 - "http://www.aceonlinestore.com/CGI-BIN/LANSAWEB?WEBEVENT+L1D8E870E9C003600C3A4090+M37+ENG" "Mozilla/4.0 (compatible; MSIE 7.0; Windows NT 5.1; .NET CLR 1.1.4322)"
24.208.243.172 - - [03/Jun/2007:07:13:03 -0400] "GET /images/login.gif HTTP/1.1" 304 - "http://www.aceonlinestore.com/CGI-BIN/LANSAWEB?WEBEVENT+L1D8E870E9C003600C3A4090+M37+ENG" "Mozilla/4.0 (compatible; MSIE 7.0; Windows NT 5.1; .NET CLR 1.1.4322)"
24.208.243.172 - - [03/Jun/2007:07:13:03 -0400] "GET /images/login_go.gif HTTP/1.1" 304 - "http://www.aceonlinestore.com/CGI-BIN/LANSAWEB?WEBEVENT+L1D8E870E9C003600C3A4090+M37+ENG" "Mozilla/4.0 (compatible; MSIE 7.0; Windows NT 5.1; .NET CLR 1.1.4322)"
24.208.243.172 - - [03/Jun/2007:07:13:03 -0400] "GET /images/search.gif HTTP/1.1" 304 - "http://www.aceonlinestore.com/CGI-BIN/LANSAWEB?WEBEVENT+L1D8E870E9C003600C3A4090+M37+ENG" "Mozilla/4.0 (compatible; MSIE 7.0; Windows NT 5.1; .NET CLR 1.1.4322)"
24.208.243.172 - - [03/Jun/2007:07:13:03 -0400] "GET /images/sale_promo-icon.gif HTTP/1.1" 304 - "http://www.aceonlinestore.com/CGI-BIN/LANSAWEB?WEBEVENT+L1D8E870E9C003600C3A4090+M37+ENG" "Mozilla/4.0 (compatible; MSIE 7.0; Windows NT 5.1; .NET CLR 1.1.4322)"
24.208.243.172 - - [03/Jun/2007:07:13:03 -0400] "GET /images/psearch_go.gif HTTP/1.1" 304 - "http://www.aceonlinestore.com/CGI-BIN/LANSAWEB?WEBEVENT+L1D8E870E9C003600C3A4090+M37+ENG" "Mozilla/4.0 (compatible; MSIE 7.0; Windows NT 5.1; .NET CLR 1.1.4322)"
24.208.243.172 - - [03/Jun/2007:07:13:15 -0400] "POST /CGI-BIN/LANSAWEB?WEBEVENT+L1D8F9F099F7036002D6409D+M37+ENG HTTP/1.1" 200 43408 "http://www.aceonlinestore.com/CGI-BIN/LANSAWEB?WEBEVENT+L1D8E870E9C003600C3A4090+M37+ENG" "Mozilla/4.0 (compatible; MSIE 7.0; Windows NT 5.1; .NET CLR 1.1.4322)"
24.208.243.172 - - [03/Jun/2007:07:13:16 -0400] "GET /images/pf-a.gif HTTP/1.1" 304 - "http://www.aceonlinestore.com/CGI-BIN/LANSAWEB?WEBEVENT+L1D8F9F099F7036002D6409D+M37+ENG" "Mozilla/4.0 (compatible; MSIE 7.0; Windows NT 5.1; .NET CLR 1.1.4322)"
24.208.243.172 - - [03/Jun/2007:07:13:16 -0400] "GET /images/space.gif HTTP/1.1" 304 - "http://www.aceonlinestore.com/CGI-BIN/LANSAWEB?WEBEVENT+L1D8F9F099F7036002D6409D+M37+ENG" "Mozilla/4.0 (compatible; MSIE 7.0; Windows NT 5.1; .NET CLR 1.1.4322)"
66.249.67.82 - - [03/Jun/2007:07:10:55 -0400] "GET /images/ACE_BoneGraft_04.pdf HTTP/1.1" 200 9952673 "-" "Mozilla/5.0 (compatible; Googlebot/2.1; +http://www.google.com/bot.html)"
24.208.243.172 - - [03/Jun/2007:07:14:02 -0400] "GET /images/nav04_download_over.jpg HTTP/1.1" 200 1460 "http://www.aceonlinestore.com/CGI-BIN/LANSAWEB?WEBEVENT+L1D8F9F099F7036002D6409D+M37+ENG" "Mozilla/4.0 (compatible; MSIE 7.0; Windows NT 5.1; .NET CLR 1.1.4322)"
209.59.12.99 - - [03/Jun/2007:07:16:38 -0400] "GET / HTTP/1.0" 200 367 "-" "check_http/1.81 (nagios-plugins 1.4)"
24.208.243.172 - - [03/Jun/2007:07:16:57 -0400] "POST /CGI-BIN/LANSAWEB?WEBEVENT+L1D8F9F079E50A6003C8409D+M37+ENG HTTP/1.1" 200 38870 "http://www.aceonlinestore.com/CGI-BIN/LANSAWEB?WEBEVENT+L1D8F9F099F7036002D6409D+M37+ENG" "Mozilla/4.0 (compatible; MSIE 7.0; Windows NT 5.1; .NET CLR 1.1.4322)"
66.249.67.82 - - [03/Jun/2007:07:16:46 -0400] "GET /images/ACE_SitePrepOsteotomes.pdf HTTP/1.1" 200 5037385 "-" "Mozilla/5.0 (compatible; Googlebot/2.1; +http://www.google.com/bot.html)"
24.208.243.172 - - [03/Jun/2007:07:20:49 -0400] "GET /images/nav04_contact_over.jpg HTTP/1.1" 200 1183 "http://www.aceonlinestore.com/CGI-BIN/LANSAWEB?WEBEVENT+L1D8F9F079E50A6003C8409D+M37+ENG" "Mozilla/4.0 (compatible; MSIE 7.0; Windows NT 5.1; .NET CLR 1.1.4322)"
209.59.12.99 - - [03/Jun/2007:07:21:43 -0400] "GET / HTTP/1.0" 200 367 "-" "check_http/1.81 (nagios-plugins 1.4)"
66.249.67.82 - - [03/Jun/2007:07:19:47 -0400] "GET /images/ACE_BoneGraft_04.pdf HTTP/1.1" 200 9952673 "-" "Mozilla/5.0 (compatible; Googlebot/2.1; +http://www.google.com/bot.html)"
66.249.67.82 - - [03/Jun/2007:07:23:18 -0400] "GET /images/ACE_SitePrepOsteotomes.pdf HTTP/1.1" 200 5037385 "-" "Mozilla/5.0 (compatible; Googlebot/2.1; +http://www.google.com/bot.html)"
209.59.12.99 - - [03/Jun/2007:07:26:38 -0400] "GET / HTTP/1.0" 200 367 "-" "check_http/1.81 (nagios-plugins 1.4)"
66.249.67.82 - - [03/Jun/2007:07:26:19 -0400] "GET /images/ACE_BoneGraft_04.pdf HTTP/1.1" 200 9952673 "-" "Mozilla/5.0 (compatible; Googlebot/2.1; +http://www.google.com/bot.html)"
209.59.12.99 - - [03/Jun/2007:07:31:38 -0400] "GET / HTTP/1.0" 200 367 "-" "check_http/1.81 (nagios-plugins 1.4)"
24.208.243.172 - - [03/Jun/2007:07:32:06 -0400] "GET /images/psearch_go-over.gif HTTP/1.1" 304 - "http://www.aceonlinestore.com/CGI-BIN/LANSAWEB?WEBEVENT+L1D8F9F079E50A6003C8409D+M37+ENG" "Mozilla/4.0 (compatible; MSIE 7.0; Windows NT 5.1; .NET CLR 1.1.4322)"
24.208.243.172 - - [03/Jun/2007:07:32:07 -0400] "POST /CGI-BIN/LANSAWEB?WEBEVENT+L1D8FA00A922086000A7409D+M37+ENG HTTP/1.1" 200 38872 "http://www.aceonlinestore.com/CGI-BIN/LANSAWEB?WEBEVENT+L1D8F9F079E50A6003C8409D+M37+ENG" "Mozilla/4.0 (compatible; MSIE 7.0; Windows NT 5.1; .NET CLR 1.1.4322)"
24.208.243.172 - - [03/Jun/2007:07:32:08 -0400] "GET /images/ace_logo_top.jpg HTTP/1.1" 304 - "http://www.aceonlinestore.com/CGI-BIN/LANSAWEB?WEBEVENT+L1D8FA00A922086000A7409D+M37+ENG" "Mozilla/4.0 (compatible; MSIE 7.0; Windows NT 5.1; .NET CLR 1.1.4322)"
24.208.243.172 - - [03/Jun/2007:07:32:08 -0400] "GET /images/nav04_about_off.jpg HTTP/1.1" 304 - "http://www.aceonlinestore.com/CGI-BIN/LANSAWEB?WEBEVENT+L1D8FA00A922086000A7409D+M37+ENG" "Mozilla/4.0 (compatible; MSIE 7.0; Windows NT 5.1; .NET CLR 1.1.4322)"
24.208.243.172 - - [03/Jun/2007:07:32:08 -0400] "GET /images/nav04_shop_off.jpg HTTP/1.1" 304 - "http://www.aceonlinestore.com/CGI-BIN/LANSAWEB?WEBEVENT+L1D8FA00A922086000A7409D+M37+ENG" "Mozilla/4.0 (compatible; MSIE 7.0; Windows NT 5.1; .NET CLR 1.1.4322)"
24.208.243.172 - - [03/Jun/2007:07:32:08 -0400] "GET /images/nav04_conven_off.jpg HTTP/1.1" 304 - "http://www.aceonlinestore.com/CGI-BIN/LANSAWEB?WEBEVENT+L1D8FA00A922086000A7409D+M37+ENG" "Mozilla/4.0 (compatible; MSIE 7.0; Windows NT 5.1; .NET CLR 1.1.4322)"
24.208.243.172 - - [03/Jun/2007:07:32:08 -0400] "GET /images/nav04_download_off.jpg HTTP/1.1" 304 - "http://www.aceonlinestore.com/CGI-BIN/LANSAWEB?WEBEVENT+L1D8FA00A922086000A7409D+M37+ENG" "Mozilla/4.0 (compatible; MSIE 7.0; Windows NT 5.1; .NET CLR 1.1.4322)"
24.208.243.172 - - [03/Jun/2007:07:32:08 -0400] "GET /images/nav_upper_bgrd.jpg HTTP/1.1" 304 - "http://www.aceonlinestore.com/CGI-BIN/LANSAWEB?WEBEVENT+L1D8FA00A922086000A7409D+M37+ENG" "Mozilla/4.0 (compatible; MSIE 7.0; Windows NT 5.1; .NET CLR 1.1.4322)"
24.208.243.172 - - [03/Jun/2007:07:32:08 -0400] "GET /images/nav04_contact_off.jpg HTTP/1.1" 304 - "http://www.aceonlinestore.com/CGI-BIN/LANSAWEB?WEBEVENT+L1D8FA00A922086000A7409D+M37+ENG" "Mozilla/4.0 (compatible; MSIE 7.0; Windows NT 5.1; .NET CLR 1.1.4322)"
24.208.243.172 - - [03/Jun/2007:07:32:08 -0400] "GET /images/ace_logo_bottom.jpg HTTP/1.1" 304 - "http://www.aceonlinestore.com/CGI-BIN/LANSAWEB?WEBEVENT+L1D8FA00A922086000A7409D+M37+ENG" "Mozilla/4.0 (compatible; MSIE 7.0; Windows NT 5.1; .NET CLR 1.1.4322)"
24.208.243.172 - - [03/Jun/2007:07:32:08 -0400] "GET /images/nav_store_head.jpg HTTP/1.1" 304 - "http://www.aceonlinestore.com/CGI-BIN/LANSAWEB?WEBEVENT+L1D8FA00A922086000A7409D+M37+ENG" "Mozilla/4.0 (compatible; MSIE 7.0; Windows NT 5.1; .NET CLR 1.1.4322)"
24.208.243.172 - - [03/Jun/2007:07:32:08 -0400] "GET /images/nav_store_index_off.jpg HTTP/1.1" 304 - "http://www.aceonlinestore.com/CGI-BIN/LANSAWEB?WEBEVENT+L1D8FA00A922086000A7409D+M37+ENG" "Mozilla/4.0 (compatible; MSIE 7.0; Windows NT 5.1; .NET CLR 1.1.4322)"
24.208.243.172 - - [03/Jun/2007:07:32:08 -0400] "GET /images/spacer.gif HTTP/1.1" 304 - "http://www.aceonlinestore.com/CGI-BIN/LANSAWEB?WEBEVENT+L1D8FA00A922086000A7409D+M37+ENG" "Mozilla/4.0 (compatible; MSIE 7.0; Windows NT 5.1; .NET CLR 1.1.4322)"
24.208.243.172 - - [03/Jun/2007:07:32:08 -0400] "GET /images/login.gif HTTP/1.1" 304 - "http://www.aceonlinestore.com/CGI-BIN/LANSAWEB?WEBEVENT+L1D8FA00A922086000A7409D+M37+ENG" "Mozilla/4.0 (compatible; MSIE 7.0; Windows NT 5.1; .NET CLR 1.1.4322)"
24.208.243.172 - - [03/Jun/2007:07:32:09 -0400] "GET /images/login_go.gif HTTP/1.1" 304 - "http://www.aceonlinestore.com/CGI-BIN/LANSAWEB?WEBEVENT+L1D8FA00A922086000A7409D+M37+ENG" "Mozilla/4.0 (compatible; MSIE 7.0; Windows NT 5.1; .NET CLR 1.1.4322)"
24.208.243.172 - - [03/Jun/2007:07:32:09 -0400] "GET /images/search.gif HTTP/1.1" 304 - "http://www.aceonlinestore.com/CGI-BIN/LANSAWEB?WEBEVENT+L1D8FA00A922086000A7409D+M37+ENG" "Mozilla/4.0 (compatible; MSIE 7.0; Windows NT 5.1; .NET CLR 1.1.4322)"
24.208.243.172 - - [03/Jun/2007:07:32:09 -0400] "GET /images/sale_promo-icon.gif HTTP/1.1" 304 - "http://www.aceonlinestore.com/CGI-BIN/LANSAWEB?WEBEVENT+L1D8FA00A922086000A7409D+M37+ENG" "Mozilla/4.0 (compatible; MSIE 7.0; Windows NT 5.1; .NET CLR 1.1.4322)"
24.208.243.172 - - [03/Jun/2007:07:32:09 -0400] "GET /images/nav_lower_bgrd.jpg HTTP/1.1" 304 - "http://www.aceonlinestore.com/CGI-BIN/LANSAWEB?WEBEVENT+L1D8FA00A922086000A7409D+M37+ENG" "Mozilla/4.0 (compatible; MSIE 7.0; Windows NT 5.1; .NET CLR 1.1.4322)"
24.208.243.172 - - [03/Jun/2007:07:32:09 -0400] "GET /images/pf-a.gif HTTP/1.1" 304 - "http://www.aceonlinestore.com/CGI-BIN/LANSAWEB?WEBEVENT+L1D8FA00A922086000A7409D+M37+ENG" "Mozilla/4.0 (compatible; MSIE 7.0; Windows NT 5.1; .NET CLR 1.1.4322)"
24.208.243.172 - - [03/Jun/2007:07:32:09 -0400] "GET /images/space.gif HTTP/1.1" 304 - "http://www.aceonlinestore.com/CGI-BIN/LANSAWEB?WEBEVENT+L1D8FA00A922086000A7409D+M37+ENG" "Mozilla/4.0 (compatible; MSIE 7.0; Windows NT 5.1; .NET CLR 1.1.4322)"
24.208.243.172 - - [03/Jun/2007:07:32:20 -0400] "GET /images/psearch_go.gif HTTP/1.1" 304 - "http://www.aceonlinestore.com/CGI-BIN/LANSAWEB?WEBEVENT+L1D8FA00A922086000A7409D+M37+ENG" "Mozilla/4.0 (compatible; MSIE 7.0; Windows NT 5.1; .NET CLR 1.1.4322)"
66.249.67.82 - - [03/Jun/2007:07:29:22 -0400] "GET /images/ACE_Fall04_BestBuys.pdf HTTP/1.1" 200 5886198 "-" "Mozilla/5.0 (compatible; Googlebot/2.1; +http://www.google.com/bot.html)"
24.208.243.172 - - [03/Jun/2007:07:32:52 -0400] "POST /CGI-BIN/LANSAWEB?WEBEVENT+L6D6FA30E8670A700607406Z+M37+ENG HTTP/1.1" 200 38875 "http://www.aceonlinestore.com/CGI-BIN/LANSAWEB?WEBEVENT+L1D8FA00A922086000A7409D+M37+ENG" "Mozilla/4.0 (compatible; MSIE 7.0; Windows NT 5.1; .NET CLR 1.1.4322)"
24.208.243.172 - - [03/Jun/2007:07:33:25 -0400] "POST /CGI-BIN/LANSAWEB?WEBEVENT+L6D6FA3098CC077009BE406Z+M37+ENG HTTP/1.1" 200 51015 "http://www.aceonlinestore.com/CGI-BIN/LANSAWEB?WEBEVENT+L6D6FA30E8670A700607406Z+M37+ENG" "Mozilla/4.0 (compatible; MSIE 7.0; Windows NT 5.1; .NET CLR 1.1.4322)"
66.249.67.82 - - [03/Jun/2007:07:32:25 -0400] "GET /images/ACE_SitePrepOsteotomes.pdf HTTP/1.1" 200 5037385 "-" "Mozilla/5.0 (compatible; Googlebot/2.1; +http://www.google.com/bot.html)"
209.59.12.99 - - [03/Jun/2007:07:36:39 -0400] "GET / HTTP/1.0" 200 367 "-" "check_http/1.81 (nagios-plugins 1.4)"
66.249.67.82 - - [03/Jun/2007:07:35:31 -0400] "GET /images/ACE_BoneGraft_04.pdf HTTP/1.1" 200 9952673 "-" "Mozilla/5.0 (compatible; Googlebot/2.1; +http://www.google.com/bot.html)"
24.208.243.172 - - [03/Jun/2007:07:40:53 -0400] "POST /CGI-BIN/LANSAWEB?WEBEVENT+L6D6FA3098CD07700BFE406Z+M37+ENG HTTP/1.1" 200 41913 "http://www.aceonlinestore.com/CGI-BIN/LANSAWEB?WEBEVENT+L6D6FA3098CC077009BE406Z+M37+ENG" "Mozilla/4.0 (compatible; MSIE 7.0; Windows NT 5.1; .NET CLR 1.1.4322)"
66.249.67.82 - - [03/Jun/2007:07:38:41 -0400] "GET /images/ACE_Fall04_BestBuys.pdf HTTP/1.1" 200 5886198 "-" "Mozilla/5.0 (compatible; Googlebot/2.1; +http://www.google.com/bot.html)"
24.208.243.172 - - [03/Jun/2007:07:42:22 -0400] "GET /images/nav04_conven_over.jpg HTTP/1.1" 200 1587 "http://www.aceonlinestore.com/CGI-BIN/LANSAWEB?WEBEVENT+L6D6FA3098CD07700BFE406Z+M37+ENG" "Mozilla/4.0 (compatible; MSIE 7.0; Windows NT 5.1; .NET CLR 1.1.4322)"
24.208.243.172 - - [03/Jun/2007:07:42:24 -0400] "GET /images/nav04_download_over.jpg HTTP/1.1" 304 - "http://www.aceonlinestore.com/CGI-BIN/LANSAWEB?WEBEVENT+L6D6FA3098CD07700BFE406Z+M37+ENG" "Mozilla/4.0 (compatible; MSIE 7.0; Windows NT 5.1; .NET CLR 1.1.4322)"
24.208.243.172 - - [03/Jun/2007:07:42:24 -0400] "GET /images/nav04_shop_over.jpg HTTP/1.1" 304 - "http://www.aceonlinestore.com/CGI-BIN/LANSAWEB?WEBEVENT+L6D6FA3098CD07700BFE406Z+M37+ENG" "Mozilla/4.0 (compatible; MSIE 7.0; Windows NT 5.1; .NET CLR 1.1.4322)"
209.59.12.99 - - [03/Jun/2007:07:42:29 -0400] "GET / HTTP/1.0" 200 367 "-" "check_http/1.81 (nagios-plugins 1.4)"
24.208.243.172 - - [03/Jun/2007:07:42:45 -0400] "GET /images/nav04_shop_over.jpg HTTP/1.1" 304 - "http://www.aceonlinestore.com/CGI-BIN/LANSAWEB?WEBEVENT+L6D6FA3098CD07700BFE406Z+M37+ENG" "Mozilla/4.0 (compatible; MSIE 7.0; Windows NT 5.1; .NET CLR 1.1.4322)"
24.208.243.172 - - [03/Jun/2007:07:42:45 -0400] "GET /images/nav04_shop_off.jpg HTTP/1.1" 304 - "http://www.aceonlinestore.com/CGI-BIN/LANSAWEB?WEBEVENT+L6D6FA3098CD07700BFE406Z+M37+ENG" "Mozilla/4.0 (compatible; MSIE 7.0; Windows NT 5.1; .NET CLR 1.1.4322)"
209.59.12.99 - - [03/Jun/2007:07:47:29 -0400] "GET / HTTP/1.0" 200 367 "-" "check_http/1.81 (nagios-plugins 1.4)"
66.249.67.82 - - [03/Jun/2007:07:44:55 -0400] "GET /images/ACE_SitePrepOsteotomes.pdf HTTP/1.1" 200 5037385 "-" "Mozilla/5.0 (compatible; Googlebot/2.1; +http://www.google.com/bot.html)"
24.208.243.172 - - [03/Jun/2007:07:52:03 -0400] "POST /CGI-BIN/LANSAWEB?WEBEVENT+L7D6FA505899067006324060+M37+ENG HTTP/1.1" 200 53542 "http://www.aceonlinestore.com/CGI-BIN/LANSAWEB?WEBEVENT+L6D6FA3098CD07700BFE406Z+M37+ENG" "Mozilla/4.0 (compatible; MSIE 7.0; Windows NT 5.1; .NET CLR 1.1.4322)"
24.208.243.172 - - [03/Jun/2007:07:52:05 -0400] "GET /images/ace_logo_top.jpg HTTP/1.1" 304 - "http://www.aceonlinestore.com/CGI-BIN/LANSAWEB?WEBEVENT+L7D6FA505899067006324060+M37+ENG" "Mozilla/4.0 (compatible; MSIE 7.0; Windows NT 5.1; .NET CLR 1.1.4322)"
