209.59.12.99 - - [17/Jun/2007:03:34:16 -0400] "GET / HTTP/1.0" 200 367 "-" "check_http/1.81 (nagios-plugins 1.4)"
209.59.12.99 - - [17/Jun/2007:03:39:19 -0400] "GET / HTTP/1.0" 200 367 "-" "check_http/1.81 (nagios-plugins 1.4)"
209.59.12.99 - - [17/Jun/2007:03:44:15 -0400] "GET / HTTP/1.0" 200 367 "-" "check_http/1.81 (nagios-plugins 1.4)"
209.59.12.99 - - [17/Jun/2007:03:49:14 -0400] "GET / HTTP/1.0" 200 367 "-" "check_http/1.81 (nagios-plugins 1.4)"
209.59.12.99 - - [17/Jun/2007:03:54:14 -0400] "GET / HTTP/1.0" 200 367 "-" "check_http/1.81 (nagios-plugins 1.4)"
209.59.12.99 - - [17/Jun/2007:03:59:15 -0400] "GET / HTTP/1.0" 200 367 "-" "check_http/1.81 (nagios-plugins 1.4)"
66.249.70.202 - - [17/Jun/2007:04:02:50 -0400] "GET /logs/error_log.Q107052300 HTTP/1.1" 304 - "-" "Mozilla/5.0 (compatible; Googlebot/2.1; +http://www.google.com/bot.html)"
209.59.12.99 - - [17/Jun/2007:04:04:15 -0400] "GET / HTTP/1.0" 200 367 "-" "check_http/1.81 (nagios-plugins 1.4)"
209.59.12.99 - - [17/Jun/2007:04:09:15 -0400] "GET / HTTP/1.0" 200 367 "-" "check_http/1.81 (nagios-plugins 1.4)"
209.59.12.99 - - [17/Jun/2007:04:14:16 -0400] "GET / HTTP/1.0" 200 367 "-" "check_http/1.81 (nagios-plugins 1.4)"
209.59.12.99 - - [17/Jun/2007:04:19:15 -0400] "GET / HTTP/1.0" 200 367 "-" "check_http/1.81 (nagios-plugins 1.4)"
209.59.12.99 - - [17/Jun/2007:04:24:15 -0400] "GET / HTTP/1.0" 200 367 "-" "check_http/1.81 (nagios-plugins 1.4)"
66.249.70.202 - - [17/Jun/2007:04:28:17 -0400] "GET /robots.txt HTTP/1.1" 404 208 "-" "Mozilla/5.0 (compatible; Googlebot/2.1; +http://www.google.com/bot.html)"
209.59.12.99 - - [17/Jun/2007:04:29:14 -0400] "GET / HTTP/1.0" 200 367 "-" "check_http/1.81 (nagios-plugins 1.4)"
66.249.70.202 - - [17/Jun/2007:04:28:17 -0400] "GET /logs/access_log.Q107061400 HTTP/1.1" 200 4300603 "-" "Mozilla/5.0 (compatible; Googlebot/2.1; +http://www.google.com/bot.html)"
214.1.3.248 - - [17/Jun/2007:04:32:06 -0400] "GET /images/login_go.gif HTTP/1.1" 304 - "-" "Mozilla/4.0 (compatible;)"
214.1.3.248 - - [17/Jun/2007:04:32:14 -0400] "GET /images/ace_logo_top.jpg HTTP/1.1" 304 - "-" "Mozilla/4.0 (compatible;)"
209.59.12.99 - - [17/Jun/2007:04:34:15 -0400] "GET / HTTP/1.0" 200 367 "-" "check_http/1.81 (nagios-plugins 1.4)"
66.249.70.202 - - [17/Jun/2007:04:34:35 -0400] "GET /logs/access_log.Q107061400 HTTP/1.1" 200 4300603 "-" "Mozilla/5.0 (compatible; Googlebot/2.1; +http://www.google.com/bot.html)"
66.249.70.202 - - [17/Jun/2007:04:37:35 -0400] "GET /logs/access_log.Q107060600 HTTP/1.1" 304 - "-" "Mozilla/5.0 (compatible; Googlebot/2.1; +http://www.google.com/bot.html)"
66.249.70.202 - - [17/Jun/2007:04:37:45 -0400] "GET /robots.txt HTTP/1.1" 404 208 "-" "Mozilla/5.0 (compatible; Googlebot/2.1; +http://www.google.com/bot.html)"
66.249.70.202 - - [17/Jun/2007:04:37:46 -0400] "GET /CGI-BIN/LANSAWEB?WEBEVENT+L3D16260027B14400AD25044+M37+ENG HTTP/1.1" 500 197 "-" "Mozilla/5.0 (compatible; Googlebot/2.1; +http://www.google.com/bot.html)"
209.59.12.99 - - [17/Jun/2007:04:39:15 -0400] "GET / HTTP/1.0" 200 367 "-" "check_http/1.81 (nagios-plugins 1.4)"
66.249.70.202 - - [17/Jun/2007:04:40:37 -0400] "GET /logs/access_log.Q107061400 HTTP/1.1" 200 4300603 "-" "Mozilla/5.0 (compatible; Googlebot/2.1; +http://www.google.com/bot.html)"
209.59.12.99 - - [17/Jun/2007:04:44:15 -0400] "GET / HTTP/1.0" 200 367 "-" "check_http/1.81 (nagios-plugins 1.4)"
212.71.37.109 - - [17/Jun/2007:04:47:40 -0400] "GET /cgi-bin/lansaweb?procfun+wordpr01+webfunc+M37 HTTP/1.1" 200 38202 "http://www.acesurgical.com/home_June07.html" "Mozilla/4.0 (compatible; MSIE 6.0; Windows NT 5.1; SV1)"
212.71.37.110 - - [17/Jun/2007:04:47:44 -0400] "GET /images/ace_logo_top.jpg HTTP/1.1" 200 2702 "http://www.aceonlinestore.com/cgi-bin/lansaweb?procfun+wordpr01+webfunc+M37" "Mozilla/4.0 (compatible; MSIE 6.0; Windows NT 5.1; SV1)"
212.71.37.110 - - [17/Jun/2007:04:47:44 -0400] "GET /images/nav04_about_off.jpg HTTP/1.1" 200 1255 "http://www.aceonlinestore.com/cgi-bin/lansaweb?procfun+wordpr01+webfunc+M37" "Mozilla/4.0 (compatible; MSIE 6.0; Windows NT 5.1; SV1)"
212.71.37.110 - - [17/Jun/2007:04:47:44 -0400] "GET /images/nav04_shop_over.jpg HTTP/1.1" 200 1722 "http://www.aceonlinestore.com/cgi-bin/lansaweb?procfun+wordpr01+webfunc+M37" "Mozilla/4.0 (compatible; MSIE 6.0; Windows NT 5.1; SV1)"
212.71.37.110 - - [17/Jun/2007:04:47:45 -0400] "GET /images/nav_upper_bgrd.jpg HTTP/1.1" 200 2954 "http://www.aceonlinestore.com/cgi-bin/lansaweb?procfun+wordpr01+webfunc+M37" "Mozilla/4.0 (compatible; MSIE 6.0; Windows NT 5.1; SV1)"
212.71.37.109 - - [17/Jun/2007:04:47:48 -0400] "GET /images/nav04_download_off.jpg HTTP/1.1" 200 1206 "http://www.aceonlinestore.com/cgi-bin/lansaweb?procfun+wordpr01+webfunc+M37" "Mozilla/4.0 (compatible; MSIE 6.0; Windows NT 5.1; SV1)"
212.71.37.110 - - [17/Jun/2007:04:47:48 -0400] "GET /images/nav04_conven_off.jpg HTTP/1.1" 200 1341 "http://www.aceonlinestore.com/cgi-bin/lansaweb?procfun+wordpr01+webfunc+M37" "Mozilla/4.0 (compatible; MSIE 6.0; Windows NT 5.1; SV1)"
212.71.37.110 - - [17/Jun/2007:04:47:48 -0400] "GET /images/ace_logo_bottom.jpg HTTP/1.1" 200 2447 "http://www.aceonlinestore.com/cgi-bin/lansaweb?procfun+wordpr01+webfunc+M37" "Mozilla/4.0 (compatible; MSIE 6.0; Windows NT 5.1; SV1)"
212.71.37.109 - - [17/Jun/2007:04:47:48 -0400] "GET /images/nav04_contact_off.jpg HTTP/1.1" 200 965 "http://www.aceonlinestore.com/cgi-bin/lansaweb?procfun+wordpr01+webfunc+M37" "Mozilla/4.0 (compatible; MSIE 6.0; Windows NT 5.1; SV1)"
212.71.37.109 - - [17/Jun/2007:04:47:48 -0400] "GET /images/nav_store_head.jpg HTTP/1.1" 200 1953 "http://www.aceonlinestore.com/cgi-bin/lansaweb?procfun+wordpr01+webfunc+M37" "Mozilla/4.0 (compatible; MSIE 6.0; Windows NT 5.1; SV1)"
212.71.37.110 - - [17/Jun/2007:04:47:48 -0400] "GET /images/nav_store_index_off.jpg HTTP/1.1" 200 922 "http://www.aceonlinestore.com/cgi-bin/lansaweb?procfun+wordpr01+webfunc+M37" "Mozilla/4.0 (compatible; MSIE 6.0; Windows NT 5.1; SV1)"
212.71.37.110 - - [17/Jun/2007:04:47:49 -0400] "GET /images/spacer.gif HTTP/1.1" 200 55 "http://www.aceonlinestore.com/cgi-bin/lansaweb?procfun+wordpr01+webfunc+M37" "Mozilla/4.0 (compatible; MSIE 6.0; Windows NT 5.1; SV1)"
212.71.37.109 - - [17/Jun/2007:04:47:49 -0400] "GET /images/login.gif HTTP/1.1" 200 166 "http://www.aceonlinestore.com/cgi-bin/lansaweb?procfun+wordpr01+webfunc+M37" "Mozilla/4.0 (compatible; MSIE 6.0; Windows NT 5.1; SV1)"
212.71.37.109 - - [17/Jun/2007:04:47:49 -0400] "GET /images/nav_lower_bgrd.jpg HTTP/1.1" 200 2321 "http://www.aceonlinestore.com/cgi-bin/lansaweb?procfun+wordpr01+webfunc+M37" "Mozilla/4.0 (compatible; MSIE 6.0; Windows NT 5.1; SV1)"
212.71.37.110 - - [17/Jun/2007:04:47:49 -0400] "GET /images/login_go.gif HTTP/1.1" 200 296 "http://www.aceonlinestore.com/cgi-bin/lansaweb?procfun+wordpr01+webfunc+M37" "Mozilla/4.0 (compatible; MSIE 6.0; Windows NT 5.1; SV1)"
212.71.37.110 - - [17/Jun/2007:04:47:49 -0400] "GET /images/search.gif HTTP/1.1" 200 614 "http://www.aceonlinestore.com/cgi-bin/lansaweb?procfun+wordpr01+webfunc+M37" "Mozilla/4.0 (compatible; MSIE 6.0; Windows NT 5.1; SV1)"
212.71.37.109 - - [17/Jun/2007:04:47:49 -0400] "GET /images/psearch_go.gif HTTP/1.1" 200 296 "http://www.aceonlinestore.com/cgi-bin/lansaweb?procfun+wordpr01+webfunc+M37" "Mozilla/4.0 (compatible; MSIE 6.0; Windows NT 5.1; SV1)"
212.71.37.109 - - [17/Jun/2007:04:47:49 -0400] "GET /images/sale_promo-icon.gif HTTP/1.1" 200 402 "http://www.aceonlinestore.com/cgi-bin/lansaweb?procfun+wordpr01+webfunc+M37" "Mozilla/4.0 (compatible; MSIE 6.0; Windows NT 5.1; SV1)"
212.71.37.110 - - [17/Jun/2007:04:47:50 -0400] "GET /images/store_anesth_section.jpg HTTP/1.1" 200 10123 "http://www.aceonlinestore.com/cgi-bin/lansaweb?procfun+wordpr01+webfunc+M37" "Mozilla/4.0 (compatible; MSIE 6.0; Windows NT 5.1; SV1)"
212.71.37.110 - - [17/Jun/2007:04:47:51 -0400] "GET /images/store_bone_section2.jpg HTTP/1.1" 200 21458 "http://www.aceonlinestore.com/cgi-bin/lansaweb?procfun+wordpr01+webfunc+M37" "Mozilla/4.0 (compatible; MSIE 6.0; Windows NT 5.1; SV1)"
212.71.37.109 - - [17/Jun/2007:04:47:51 -0400] "GET /images/store_cardiac_section.jpg HTTP/1.1" 200 25730 "http://www.aceonlinestore.com/cgi-bin/lansaweb?procfun+wordpr01+webfunc+M37" "Mozilla/4.0 (compatible; MSIE 6.0; Windows NT 5.1; SV1)"
212.71.37.110 - - [17/Jun/2007:04:47:52 -0400] "GET /images/store_gauze_section.jpg HTTP/1.1" 200 24119 "http://www.aceonlinestore.com/cgi-bin/lansaweb?procfun+wordpr01+webfunc+M37" "Mozilla/4.0 (compatible; MSIE 6.0; Windows NT 5.1; SV1)"
212.71.37.110 - - [17/Jun/2007:04:47:52 -0400] "GET /images/store_implant_section.jpg HTTP/1.1" 200 8001 "http://www.aceonlinestore.com/cgi-bin/lansaweb?procfun+wordpr01+webfunc+M37" "Mozilla/4.0 (compatible; MSIE 6.0; Windows NT 5.1; SV1)"
212.71.37.110 - - [17/Jun/2007:04:47:53 -0400] "GET /images/store_handpc_section.jpg HTTP/1.1" 200 23958 "http://www.aceonlinestore.com/cgi-bin/lansaweb?procfun+wordpr01+webfunc+M37" "Mozilla/4.0 (compatible; MSIE 6.0; Windows NT 5.1; SV1)"
212.71.37.109 - - [17/Jun/2007:04:47:53 -0400] "GET /images/store_infection_section.jpg HTTP/1.1" 200 25264 "http://www.aceonlinestore.com/cgi-bin/lansaweb?procfun+wordpr01+webfunc+M37" "Mozilla/4.0 (compatible; MSIE 6.0; Windows NT 5.1; SV1)"
212.71.37.110 - - [17/Jun/2007:04:47:54 -0400] "GET /images/store_iv_admin_section.jpg HTTP/1.1" 200 9115 "http://www.aceonlinestore.com/cgi-bin/lansaweb?procfun+wordpr01+webfunc+M37" "Mozilla/4.0 (compatible; MSIE 6.0; Windows NT 5.1; SV1)"
212.71.37.110 - - [17/Jun/2007:04:47:54 -0400] "GET /images/store_instr_section.jpg HTTP/1.1" 200 26432 "http://www.aceonlinestore.com/cgi-bin/lansaweb?procfun+wordpr01+webfunc+M37" "Mozilla/4.0 (compatible; MSIE 6.0; Windows NT 5.1; SV1)"
212.71.37.110 - - [17/Jun/2007:04:47:56 -0400] "GET /images/store_irrigate_section.gif HTTP/1.1" 200 10336 "http://www.aceonlinestore.com/cgi-bin/lansaweb?procfun+wordpr01+webfunc+M37" "Mozilla/4.0 (compatible; MSIE 6.0; Windows NT 5.1; SV1)"
212.71.37.110 - - [17/Jun/2007:04:47:58 -0400] "GET /images/store_assess_section.jpg HTTP/1.1" 200 10059 "http://www.aceonlinestore.com/cgi-bin/lansaweb?procfun+wordpr01+webfunc+M37" "Mozilla/4.0 (compatible; MSIE 6.0; Windows NT 5.1; SV1)"
212.71.37.110 - - [17/Jun/2007:04:47:59 -0400] "GET /images/store_sterile_section.jpg HTTP/1.1" 200 9274 "http://www.aceonlinestore.com/cgi-bin/lansaweb?procfun+wordpr01+webfunc+M37" "Mozilla/4.0 (compatible; MSIE 6.0; Windows NT 5.1; SV1)"
212.71.37.109 - - [17/Jun/2007:04:47:59 -0400] "GET /images/store_blades_section.jpg HTTP/1.1" 200 24174 "http://www.aceonlinestore.com/cgi-bin/lansaweb?procfun+wordpr01+webfunc+M37" "Mozilla/4.0 (compatible; MSIE 6.0; Windows NT 5.1; SV1)"
212.71.37.109 - - [17/Jun/2007:04:48:00 -0400] "GET /images/store_burs_section.jpg HTTP/1.1" 200 10892 "http://www.aceonlinestore.com/cgi-bin/lansaweb?procfun+wordpr01+webfunc+M37" "Mozilla/4.0 (compatible; MSIE 6.0; Windows NT 5.1; SV1)"
212.71.37.110 - - [17/Jun/2007:04:48:01 -0400] "GET /images/store_saws_section.jpg HTTP/1.1" 200 10028 "http://www.aceonlinestore.com/cgi-bin/lansaweb?procfun+wordpr01+webfunc+M37" "Mozilla/4.0 (compatible; MSIE 6.0; Windows NT 5.1; SV1)"
212.71.37.109 - - [17/Jun/2007:04:48:01 -0400] "GET /images/store_sutures_section.jpg HTTP/1.1" 200 28375 "http://www.aceonlinestore.com/cgi-bin/lansaweb?procfun+wordpr01+webfunc+M37" "Mozilla/4.0 (compatible; MSIE 6.0; Windows NT 5.1; SV1)"
212.71.37.109 - - [17/Jun/2007:04:48:02 -0400] "GET /images/store_syringe_section.jpg HTTP/1.1" 200 9321 "http://www.aceonlinestore.com/cgi-bin/lansaweb?procfun+wordpr01+webfunc+M37" "Mozilla/4.0 (compatible; MSIE 6.0; Windows NT 5.1; SV1)"
212.71.37.110 - - [17/Jun/2007:04:48:02 -0400] "GET /images/store_xray_section.jpg HTTP/1.1" 200 8861 "http://www.aceonlinestore.com/cgi-bin/lansaweb?procfun+wordpr01+webfunc+M37" "Mozilla/4.0 (compatible; MSIE 6.0; Windows NT 5.1; SV1)"
212.71.37.109 - - [17/Jun/2007:04:48:02 -0400] "GET /images/store_pharma_section.jpg HTTP/1.1" 200 7953 "http://www.aceonlinestore.com/cgi-bin/lansaweb?procfun+wordpr01+webfunc+M37" "Mozilla/4.0 (compatible; MSIE 6.0; Windows NT 5.1; SV1)"
212.71.37.109 - - [17/Jun/2007:04:48:07 -0400] "GET /images/over-store_pharma_section.jpg HTTP/1.1" 200 7409 "http://www.aceonlinestore.com/cgi-bin/lansaweb?procfun+wordpr01+webfunc+M37" "Mozilla/4.0 (compatible; MSIE 6.0; Windows NT 5.1; SV1)"
212.71.37.109 - - [17/Jun/2007:04:48:12 -0400] "GET /images/over-store_sterile_section.jpg HTTP/1.1" 200 8414 "http://www.aceonlinestore.com/cgi-bin/lansaweb?procfun+wordpr01+webfunc+M37" "Mozilla/4.0 (compatible; MSIE 6.0; Windows NT 5.1; SV1)"
212.71.37.109 - - [17/Jun/2007:04:48:12 -0400] "GET /images/over-store_blades_section.jpg HTTP/1.1" 200 8357 "http://www.aceonlinestore.com/cgi-bin/lansaweb?procfun+wordpr01+webfunc+M37" "Mozilla/4.0 (compatible; MSIE 6.0; Windows NT 5.1; SV1)"
212.71.37.110 - - [17/Jun/2007:04:48:13 -0400] "GET /images/over-store_burs_section.jpg HTTP/1.1" 200 9926 "http://www.aceonlinestore.com/cgi-bin/lansaweb?procfun+wordpr01+webfunc+M37" "Mozilla/4.0 (compatible; MSIE 6.0; Windows NT 5.1; SV1)"
212.71.37.110 - - [17/Jun/2007:04:48:14 -0400] "GET /images/over-store_handpc_section.jpg HTTP/1.1" 200 8331 "http://www.aceonlinestore.com/cgi-bin/lansaweb?procfun+wordpr01+webfunc+M37" "Mozilla/4.0 (compatible; MSIE 6.0; Windows NT 5.1; SV1)"
212.71.37.109 - - [17/Jun/2007:04:48:15 -0400] "POST /CGI-BIN/LANSAWEB?WEBEVENT+L7D31180956413200CE86095+M37+ENG HTTP/1.1" 200 38198 "http://www.aceonlinestore.com/cgi-bin/lansaweb?procfun+wordpr01+webfunc+M37" "Mozilla/4.0 (compatible; MSIE 6.0; Windows NT 5.1; SV1)"
212.71.37.109 - - [17/Jun/2007:04:48:17 -0400] "GET /images/index4_bur.jpg HTTP/1.1" 200 2159 "http://www.aceonlinestore.com/CGI-BIN/LANSAWEB?WEBEVENT+L7D31180956413200CE86095+M37+ENG" "Mozilla/4.0 (compatible; MSIE 6.0; Windows NT 5.1; SV1)"
212.71.37.108 - - [17/Jun/2007:04:48:17 -0400] "GET /images/nav04_shop_off.jpg HTTP/1.1" 200 1390 "http://www.aceonlinestore.com/CGI-BIN/LANSAWEB?WEBEVENT+L7D31180956413200CE86095+M37+ENG" "Mozilla/4.0 (compatible; MSIE 6.0; Windows NT 5.1; SV1)"
212.71.37.109 - - [17/Jun/2007:04:48:17 -0400] "GET /images/index4_accessories.jpg HTTP/1.1" 200 4426 "http://www.aceonlinestore.com/CGI-BIN/LANSAWEB?WEBEVENT+L7D31180956413200CE86095+M37+ENG" "Mozilla/4.0 (compatible; MSIE 6.0; Windows NT 5.1; SV1)"
212.71.37.108 - - [17/Jun/2007:04:48:17 -0400] "GET /images/index4_halltype1.jpg HTTP/1.1" 200 1909 "http://www.aceonlinestore.com/CGI-BIN/LANSAWEB?WEBEVENT+L7D31180956413200CE86095+M37+ENG" "Mozilla/4.0 (compatible; MSIE 6.0; Windows NT 5.1; SV1)"
212.71.37.109 - - [17/Jun/2007:04:48:17 -0400] "GET /images/index4_hose.jpg HTTP/1.1" 200 3567 "http://www.aceonlinestore.com/CGI-BIN/LANSAWEB?WEBEVENT+L7D31180956413200CE86095+M37+ENG" "Mozilla/4.0 (compatible; MSIE 6.0; Windows NT 5.1; SV1)"
212.71.37.108 - - [17/Jun/2007:04:48:18 -0400] "GET /images/index4_impairhand.jpg HTTP/1.1" 200 1820 "http://www.aceonlinestore.com/CGI-BIN/LANSAWEB?WEBEVENT+L7D31180956413200CE86095+M37+ENG" "Mozilla/4.0 (compatible; MSIE 6.0; Windows NT 5.1; SV1)"
212.71.37.108 - - [17/Jun/2007:04:48:18 -0400] "GET /images/index4_conanglehp.jpg HTTP/1.1" 200 3196 "http://www.aceonlinestore.com/CGI-BIN/LANSAWEB?WEBEVENT+L7D31180956413200CE86095+M37+ENG" "Mozilla/4.0 (compatible; MSIE 6.0; Windows NT 5.1; SV1)"
212.71.37.108 - - [17/Jun/2007:04:48:18 -0400] "GET /images/index4_elcomed.jpg HTTP/1.1" 200 3273 "http://www.aceonlinestore.com/CGI-BIN/LANSAWEB?WEBEVENT+L7D31180956413200CE86095+M37+ENG" "Mozilla/4.0 (compatible; MSIE 6.0; Windows NT 5.1; SV1)"
212.71.37.109 - - [17/Jun/2007:04:48:18 -0400] "GET /images/index4_oils&lub.jpg HTTP/1.1" 200 3657 "http://www.aceonlinestore.com/CGI-BIN/LANSAWEB?WEBEVENT+L7D31180956413200CE86095+M37+ENG" "Mozilla/4.0 (compatible; MSIE 6.0; Windows NT 5.1; SV1)"
212.71.37.109 - - [17/Jun/2007:04:48:18 -0400] "GET /images/index4_straigthand.jpg HTTP/1.1" 200 3006 "http://www.aceonlinestore.com/CGI-BIN/LANSAWEB?WEBEVENT+L7D31180956413200CE86095+M37+ENG" "Mozilla/4.0 (compatible; MSIE 6.0; Windows NT 5.1; SV1)"
212.71.37.108 - - [17/Jun/2007:04:48:19 -0400] "GET /images/index4_surgidrill.jpg HTTP/1.1" 200 2040 "http://www.aceonlinestore.com/CGI-BIN/LANSAWEB?WEBEVENT+L7D31180956413200CE86095+M37+ENG" "Mozilla/4.0 (compatible; MSIE 6.0; Windows NT 5.1; SV1)"
212.71.37.108 - - [17/Jun/2007:04:48:19 -0400] "GET /images/over-index4_elcomed.jpg HTTP/1.1" 200 2334 "http://www.aceonlinestore.com/CGI-BIN/LANSAWEB?WEBEVENT+L7D31180956413200CE86095+M37+ENG" "Mozilla/4.0 (compatible; MSIE 6.0; Windows NT 5.1; SV1)"
212.71.37.108 - - [17/Jun/2007:04:48:19 -0400] "GET /images/over-index4_oils&lub.jpg HTTP/1.1" 200 2373 "http://www.aceonlinestore.com/CGI-BIN/LANSAWEB?WEBEVENT+L7D31180956413200CE86095+M37+ENG" "Mozilla/4.0 (compatible; MSIE 6.0; Windows NT 5.1; SV1)"
212.71.37.109 - - [17/Jun/2007:04:48:23 -0400] "POST /CGI-BIN/LANSAWEB?WEBEVENT+L7D31180B5D115200E006095+M37+ENG HTTP/1.1" 200 44507 "http://www.aceonlinestore.com/CGI-BIN/LANSAWEB?WEBEVENT+L7D31180956413200CE86095+M37+ENG" "Mozilla/4.0 (compatible; MSIE 6.0; Windows NT 5.1; SV1)"
212.71.37.109 - - [17/Jun/2007:04:48:24 -0400] "GET /images/pf-a.gif HTTP/1.1" 200 798 "http://www.aceonlinestore.com/CGI-BIN/LANSAWEB?WEBEVENT+L7D31180B5D115200E006095+M37+ENG" "Mozilla/4.0 (compatible; MSIE 6.0; Windows NT 5.1; SV1)"
212.71.37.108 - - [17/Jun/2007:04:48:24 -0400] "GET /images/items/7474003_THUMB.JPG HTTP/1.1" 200 2399 "http://www.aceonlinestore.com/CGI-BIN/LANSAWEB?WEBEVENT+L7D31180B5D115200E006095+M37+ENG" "Mozilla/4.0 (compatible; MSIE 6.0; Windows NT 5.1; SV1)"
212.71.37.109 - - [17/Jun/2007:04:48:24 -0400] "GET /images/items/7473003_THUMB.JPG HTTP/1.1" 200 2263 "http://www.aceonlinestore.com/CGI-BIN/LANSAWEB?WEBEVENT+L7D31180B5D115200E006095+M37+ENG" "Mozilla/4.0 (compatible; MSIE 6.0; Windows NT 5.1; SV1)"
212.71.37.109 - - [17/Jun/2007:04:48:25 -0400] "GET /images/space.gif HTTP/1.1" 200 43 "http://www.aceonlinestore.com/CGI-BIN/LANSAWEB?WEBEVENT+L7D31180B5D115200E006095+M37+ENG" "Mozilla/4.0 (compatible; MSIE 6.0; Windows NT 5.1; SV1)"
212.71.37.109 - - [17/Jun/2007:04:48:54 -0400] "GET /CGI-BIN/LANSAWEB?PROCFUN+WORDPR01+FULLIMG+M37+FUNCPARMS+WEBCMP(S0020):1+WEBSSN(A0240):L7D3118095391A200CE16095+WSEQ(S0060):1+OUITEM(A0200):7474003 HTTP/1.1" 200 21802 "-" "Mozilla/4.0 (compatible; MSIE 6.0; Windows NT 5.1; SV1)"
212.71.37.109 - - [17/Jun/2007:04:48:56 -0400] "GET /images/items/7474003_FULL.JPG HTTP/1.1" 200 10779 "http://www.aceonlinestore.com/CGI-BIN/LANSAWEB?PROCFUN+WORDPR01+FULLIMG+M37+FUNCPARMS+WEBCMP(S0020):1+WEBSSN(A0240):L7D3118095391A200CE16095+WSEQ(S0060):1+OUITEM(A0200):7474003" "Mozilla/4.0 (compatible; MSIE 6.0; Windows NT 5.1; SV1)"
212.71.37.109 - - [17/Jun/2007:04:49:14 -0400] "GET /images/nav04_about_over.jpg HTTP/1.1" 200 1472 "http://www.aceonlinestore.com/CGI-BIN/LANSAWEB?WEBEVENT+L7D31180B5D115200E006095+M37+ENG" "Mozilla/4.0 (compatible; MSIE 6.0; Windows NT 5.1; SV1)"
209.59.12.99 - - [17/Jun/2007:04:49:15 -0400] "GET / HTTP/1.0" 200 367 "-" "check_http/1.81 (nagios-plugins 1.4)"
212.71.37.109 - - [17/Jun/2007:04:49:34 -0400] "GET /CGI-BIN/LANSAWEB?PROCFUN+WORDPR01+FULLIMG+M37+FUNCPARMS+WEBCMP(S0020):1+WEBSSN(A0240):L7D3118095391A200CE16095+WSEQ(S0060):1+OUITEM(A0200):7474003 HTTP/1.1" 200 21802 "-" "Mozilla/4.0 (compatible; MSIE 6.0; Windows NT 5.1; SV1)"
66.249.70.202 - - [17/Jun/2007:04:47:14 -0400] "GET /logs/access_log.Q107061400 HTTP/1.1" 200 4300603 "-" "Mozilla/5.0 (compatible; Googlebot/2.1; +http://www.google.com/bot.html)"
209.59.12.99 - - [17/Jun/2007:04:54:15 -0400] "GET / HTTP/1.0" 200 367 "-" "check_http/1.81 (nagios-plugins 1.4)"
66.249.70.202 - - [17/Jun/2007:04:53:31 -0400] "GET /logs/access_log.Q107061400 HTTP/1.1" 200 4300603 "-" "Mozilla/5.0 (compatible; Googlebot/2.1; +http://www.google.com/bot.html)"
209.59.12.99 - - [17/Jun/2007:04:59:15 -0400] "GET / HTTP/1.0" 200 367 "-" "check_http/1.81 (nagios-plugins 1.4)"
66.249.70.202 - - [17/Jun/2007:05:00:11 -0400] "GET /logs/access_log.Q107061400 HTTP/1.1" 200 4300603 "-" "Mozilla/5.0 (compatible; Googlebot/2.1; +http://www.google.com/bot.html)"
209.59.12.99 - - [17/Jun/2007:05:04:14 -0400] "GET / HTTP/1.0" 200 367 "-" "check_http/1.81 (nagios-plugins 1.4)"
209.59.12.99 - - [17/Jun/2007:05:09:15 -0400] "GET / HTTP/1.0" 200 367 "-" "check_http/1.81 (nagios-plugins 1.4)"
66.249.70.202 - - [17/Jun/2007:05:06:53 -0400] "GET /logs/access_log.Q107061400 HTTP/1.1" 200 4300603 "-" "Mozilla/5.0 (compatible; Googlebot/2.1; +http://www.google.com/bot.html)"
66.249.70.202 - - [17/Jun/2007:05:09:56 -0400] "GET /logs/access_log.Q107060800 HTTP/1.1" 200 2972073 "-" "Mozilla/5.0 (compatible; Googlebot/2.1; +http://www.google.com/bot.html)"
209.59.12.99 - - [17/Jun/2007:05:14:16 -0400] "GET / HTTP/1.0" 200 367 "-" "check_http/1.81 (nagios-plugins 1.4)"
209.59.12.99 - - [17/Jun/2007:05:19:14 -0400] "GET / HTTP/1.0" 200 367 "-" "check_http/1.81 (nagios-plugins 1.4)"
66.249.70.202 - - [17/Jun/2007:05:16:43 -0400] "GET /logs/access_log.Q107061400 HTTP/1.1" 200 4300603 "-" "Mozilla/5.0 (compatible; Googlebot/2.1; +http://www.google.com/bot.html)"
209.59.12.99 - - [17/Jun/2007:05:24:15 -0400] "GET / HTTP/1.0" 200 367 "-" "check_http/1.81 (nagios-plugins 1.4)"
209.59.12.99 - - [17/Jun/2007:05:29:14 -0400] "GET / HTTP/1.0" 200 367 "-" "check_http/1.81 (nagios-plugins 1.4)"
66.249.70.202 - - [17/Jun/2007:05:26:15 -0400] "GET /logs/access_log.Q107061400 HTTP/1.1" 200 4300603 "-" "Mozilla/5.0 (compatible; Googlebot/2.1; +http://www.google.com/bot.html)"
209.59.12.99 - - [17/Jun/2007:05:34:15 -0400] "GET / HTTP/1.0" 200 367 "-" "check_http/1.81 (nagios-plugins 1.4)"
209.59.12.99 - - [17/Jun/2007:05:39:15 -0400] "GET / HTTP/1.0" 200 367 "-" "check_http/1.81 (nagios-plugins 1.4)"
66.249.70.202 - - [17/Jun/2007:05:38:12 -0400] "GET /logs/access_log.Q107061400 HTTP/1.1" 200 4300603 "-" "Mozilla/5.0 (compatible; Googlebot/2.1; +http://www.google.com/bot.html)"
209.59.12.99 - - [17/Jun/2007:05:44:14 -0400] "GET / HTTP/1.0" 200 367 "-" "check_http/1.81 (nagios-plugins 1.4)"
209.59.12.99 - - [17/Jun/2007:05:49:15 -0400] "GET / HTTP/1.0" 200 367 "-" "check_http/1.81 (nagios-plugins 1.4)"
66.249.70.202 - - [17/Jun/2007:05:52:18 -0400] "GET /logs/access_log.Q107060700 HTTP/1.1" 304 - "-" "Mozilla/5.0 (compatible; Googlebot/2.1; +http://www.google.com/bot.html)"
209.59.12.99 - - [17/Jun/2007:05:54:16 -0400] "GET / HTTP/1.0" 200 367 "-" "check_http/1.81 (nagios-plugins 1.4)"
209.59.12.99 - - [17/Jun/2007:05:59:15 -0400] "GET / HTTP/1.0" 200 367 "-" "check_http/1.81 (nagios-plugins 1.4)"
209.59.12.99 - - [17/Jun/2007:06:04:15 -0400] "GET / HTTP/1.0" 200 367 "-" "check_http/1.81 (nagios-plugins 1.4)"
209.59.12.99 - - [17/Jun/2007:06:09:15 -0400] "GET / HTTP/1.0" 200 367 "-" "check_http/1.81 (nagios-plugins 1.4)"
66.249.70.202 - - [17/Jun/2007:06:14:14 -0400] "GET /logs/error_log.Q107060600 HTTP/1.1" 304 - "-" "Mozilla/5.0 (compatible; Googlebot/2.1; +http://www.google.com/bot.html)"
209.59.12.99 - - [17/Jun/2007:06:14:15 -0400] "GET / HTTP/1.0" 200 367 "-" "check_http/1.81 (nagios-plugins 1.4)"
209.59.12.99 - - [17/Jun/2007:06:19:15 -0400] "GET / HTTP/1.0" 200 367 "-" "check_http/1.81 (nagios-plugins 1.4)"
209.59.12.99 - - [17/Jun/2007:06:24:19 -0400] "GET / HTTP/1.0" 200 367 "-" "check_http/1.81 (nagios-plugins 1.4)"
209.59.12.99 - - [17/Jun/2007:06:29:16 -0400] "GET / HTTP/1.0" 200 367 "-" "check_http/1.81 (nagios-plugins 1.4)"
209.59.12.99 - - [17/Jun/2007:06:34:15 -0400] "GET / HTTP/1.0" 200 367 "-" "check_http/1.81 (nagios-plugins 1.4)"
209.59.12.99 - - [17/Jun/2007:06:39:15 -0400] "GET / HTTP/1.0" 200 367 "-" "check_http/1.81 (nagios-plugins 1.4)"
209.59.12.99 - - [17/Jun/2007:06:44:15 -0400] "GET / HTTP/1.0" 200 367 "-" "check_http/1.81 (nagios-plugins 1.4)"
58.64.55.205 - - [17/Jun/2007:06:46:56 -0400] "GET /cgi-bin/lansaweb?procfun+wordpr01+webfunc+M37 HTTP/1.1" 200 38202 "http://www.acesurgical.com/about.html" "Mozilla/4.0 (compatible; MSIE 7.0; Windows NT 5.1; .NET CLR 1.1.4322)"
58.64.55.205 - - [17/Jun/2007:06:46:58 -0400] "GET /images/ace_logo_top.jpg HTTP/1.1" 200 2702 "http://www.aceonlinestore.com/cgi-bin/lansaweb?procfun+wordpr01+webfunc+M37" "Mozilla/4.0 (compatible; MSIE 7.0; Windows NT 5.1; .NET CLR 1.1.4322)"
58.64.55.205 - - [17/Jun/2007:06:46:58 -0400] "GET /images/nav04_about_off.jpg HTTP/1.1" 200 1255 "http://www.aceonlinestore.com/cgi-bin/lansaweb?procfun+wordpr01+webfunc+M37" "Mozilla/4.0 (compatible; MSIE 7.0; Windows NT 5.1; .NET CLR 1.1.4322)"
58.64.55.205 - - [17/Jun/2007:06:46:58 -0400] "GET /images/nav04_shop_over.jpg HTTP/1.1" 200 1722 "http://www.aceonlinestore.com/cgi-bin/lansaweb?procfun+wordpr01+webfunc+M37" "Mozilla/4.0 (compatible; MSIE 7.0; Windows NT 5.1; .NET CLR 1.1.4322)"
58.64.55.205 - - [17/Jun/2007:06:46:58 -0400] "GET /images/nav_upper_bgrd.jpg HTTP/1.1" 200 2954 "http://www.aceonlinestore.com/cgi-bin/lansaweb?procfun+wordpr01+webfunc+M37" "Mozilla/4.0 (compatible; MSIE 7.0; Windows NT 5.1; .NET CLR 1.1.4322)"
58.64.55.205 - - [17/Jun/2007:06:46:58 -0400] "GET /images/nav04_conven_off.jpg HTTP/1.1" 200 1341 "http://www.aceonlinestore.com/cgi-bin/lansaweb?procfun+wordpr01+webfunc+M37" "Mozilla/4.0 (compatible; MSIE 7.0; Windows NT 5.1; .NET CLR 1.1.4322)"
58.64.55.205 - - [17/Jun/2007:06:46:58 -0400] "GET /images/nav04_download_off.jpg HTTP/1.1" 200 1206 "http://www.aceonlinestore.com/cgi-bin/lansaweb?procfun+wordpr01+webfunc+M37" "Mozilla/4.0 (compatible; MSIE 7.0; Windows NT 5.1; .NET CLR 1.1.4322)"
58.64.55.205 - - [17/Jun/2007:06:46:58 -0400] "GET /images/nav04_contact_off.jpg HTTP/1.1" 200 965 "http://www.aceonlinestore.com/cgi-bin/lansaweb?procfun+wordpr01+webfunc+M37" "Mozilla/4.0 (compatible; MSIE 7.0; Windows NT 5.1; .NET CLR 1.1.4322)"
58.64.55.205 - - [17/Jun/2007:06:46:58 -0400] "GET /images/ace_logo_bottom.jpg HTTP/1.1" 200 2447 "http://www.aceonlinestore.com/cgi-bin/lansaweb?procfun+wordpr01+webfunc+M37" "Mozilla/4.0 (compatible; MSIE 7.0; Windows NT 5.1; .NET CLR 1.1.4322)"
58.64.55.205 - - [17/Jun/2007:06:46:58 -0400] "GET /images/nav_store_head.jpg HTTP/1.1" 200 1953 "http://www.aceonlinestore.com/cgi-bin/lansaweb?procfun+wordpr01+webfunc+M37" "Mozilla/4.0 (compatible; MSIE 7.0; Windows NT 5.1; .NET CLR 1.1.4322)"
58.64.55.205 - - [17/Jun/2007:06:46:58 -0400] "GET /images/nav_store_index_off.jpg HTTP/1.1" 200 922 "http://www.aceonlinestore.com/cgi-bin/lansaweb?procfun+wordpr01+webfunc+M37" "Mozilla/4.0 (compatible; MSIE 7.0; Windows NT 5.1; .NET CLR 1.1.4322)"
58.64.55.205 - - [17/Jun/2007:06:46:58 -0400] "GET /images/nav_lower_bgrd.jpg HTTP/1.1" 200 2321 "http://www.aceonlinestore.com/cgi-bin/lansaweb?procfun+wordpr01+webfunc+M37" "Mozilla/4.0 (compatible; MSIE 7.0; Windows NT 5.1; .NET CLR 1.1.4322)"
58.64.55.205 - - [17/Jun/2007:06:46:58 -0400] "GET /images/spacer.gif HTTP/1.1" 200 55 "http://www.aceonlinestore.com/cgi-bin/lansaweb?procfun+wordpr01+webfunc+M37" "Mozilla/4.0 (compatible; MSIE 7.0; Windows NT 5.1; .NET CLR 1.1.4322)"
58.64.55.205 - - [17/Jun/2007:06:46:58 -0400] "GET /images/login.gif HTTP/1.1" 200 166 "http://www.aceonlinestore.com/cgi-bin/lansaweb?procfun+wordpr01+webfunc+M37" "Mozilla/4.0 (compatible; MSIE 7.0; Windows NT 5.1; .NET CLR 1.1.4322)"
58.64.55.205 - - [17/Jun/2007:06:46:58 -0400] "GET /images/login_go.gif HTTP/1.1" 200 296 "http://www.aceonlinestore.com/cgi-bin/lansaweb?procfun+wordpr01+webfunc+M37" "Mozilla/4.0 (compatible; MSIE 7.0; Windows NT 5.1; .NET CLR 1.1.4322)"
58.64.55.205 - - [17/Jun/2007:06:46:58 -0400] "GET /images/search.gif HTTP/1.1" 200 614 "http://www.aceonlinestore.com/cgi-bin/lansaweb?procfun+wordpr01+webfunc+M37" "Mozilla/4.0 (compatible; MSIE 7.0; Windows NT 5.1; .NET CLR 1.1.4322)"
58.64.55.205 - - [17/Jun/2007:06:46:58 -0400] "GET /images/sale_promo-icon.gif HTTP/1.1" 200 402 "http://www.aceonlinestore.com/cgi-bin/lansaweb?procfun+wordpr01+webfunc+M37" "Mozilla/4.0 (compatible; MSIE 7.0; Windows NT 5.1; .NET CLR 1.1.4322)"
58.64.55.205 - - [17/Jun/2007:06:46:58 -0400] "GET /images/psearch_go.gif HTTP/1.1" 200 296 "http://www.aceonlinestore.com/cgi-bin/lansaweb?procfun+wordpr01+webfunc+M37" "Mozilla/4.0 (compatible; MSIE 7.0; Windows NT 5.1; .NET CLR 1.1.4322)"
58.64.55.205 - - [17/Jun/2007:06:47:00 -0400] "GET /images/store_anesth_section.jpg HTTP/1.1" 200 10123 "http://www.aceonlinestore.com/cgi-bin/lansaweb?procfun+wordpr01+webfunc+M37" "Mozilla/4.0 (compatible; MSIE 7.0; Windows NT 5.1; .NET CLR 1.1.4322)"
58.64.55.205 - - [17/Jun/2007:06:47:00 -0400] "GET /images/store_cardiac_section.jpg HTTP/1.1" 200 25730 "http://www.aceonlinestore.com/cgi-bin/lansaweb?procfun+wordpr01+webfunc+M37" "Mozilla/4.0 (compatible; MSIE 7.0; Windows NT 5.1; .NET CLR 1.1.4322)"
58.64.55.205 - - [17/Jun/2007:06:47:00 -0400] "GET /images/store_bone_section2.jpg HTTP/1.1" 200 21458 "http://www.aceonlinestore.com/cgi-bin/lansaweb?procfun+wordpr01+webfunc+M37" "Mozilla/4.0 (compatible; MSIE 7.0; Windows NT 5.1; .NET CLR 1.1.4322)"
58.64.55.205 - - [17/Jun/2007:06:47:00 -0400] "GET /images/store_implant_section.jpg HTTP/1.1" 200 8001 "http://www.aceonlinestore.com/cgi-bin/lansaweb?procfun+wordpr01+webfunc+M37" "Mozilla/4.0 (compatible; MSIE 7.0; Windows NT 5.1; .NET CLR 1.1.4322)"
58.64.55.205 - - [17/Jun/2007:06:47:00 -0400] "GET /images/store_gauze_section.jpg HTTP/1.1" 200 24119 "http://www.aceonlinestore.com/cgi-bin/lansaweb?procfun+wordpr01+webfunc+M37" "Mozilla/4.0 (compatible; MSIE 7.0; Windows NT 5.1; .NET CLR 1.1.4322)"
58.64.55.205 - - [17/Jun/2007:06:47:00 -0400] "GET /images/store_handpc_section.jpg HTTP/1.1" 200 23958 "http://www.aceonlinestore.com/cgi-bin/lansaweb?procfun+wordpr01+webfunc+M37" "Mozilla/4.0 (compatible; MSIE 7.0; Windows NT 5.1; .NET CLR 1.1.4322)"
58.64.55.205 - - [17/Jun/2007:06:47:00 -0400] "GET /images/store_infection_section.jpg HTTP/1.1" 200 25264 "http://www.aceonlinestore.com/cgi-bin/lansaweb?procfun+wordpr01+webfunc+M37" "Mozilla/4.0 (compatible; MSIE 7.0; Windows NT 5.1; .NET CLR 1.1.4322)"
58.64.55.205 - - [17/Jun/2007:06:47:00 -0400] "GET /images/store_instr_section.jpg HTTP/1.1" 200 26432 "http://www.aceonlinestore.com/cgi-bin/lansaweb?procfun+wordpr01+webfunc+M37" "Mozilla/4.0 (compatible; MSIE 7.0; Windows NT 5.1; .NET CLR 1.1.4322)"
58.64.55.205 - - [17/Jun/2007:06:47:00 -0400] "GET /images/store_irrigate_section.gif HTTP/1.1" 200 10336 "http://www.aceonlinestore.com/cgi-bin/lansaweb?procfun+wordpr01+webfunc+M37" "Mozilla/4.0 (compatible; MSIE 7.0; Windows NT 5.1; .NET CLR 1.1.4322)"
58.64.55.205 - - [17/Jun/2007:06:47:00 -0400] "GET /images/store_iv_admin_section.jpg HTTP/1.1" 200 9115 "http://www.aceonlinestore.com/cgi-bin/lansaweb?procfun+wordpr01+webfunc+M37" "Mozilla/4.0 (compatible; MSIE 7.0; Windows NT 5.1; .NET CLR 1.1.4322)"
58.64.55.205 - - [17/Jun/2007:06:47:00 -0400] "GET /images/store_assess_section.jpg HTTP/1.1" 200 10059 "http://www.aceonlinestore.com/cgi-bin/lansaweb?procfun+wordpr01+webfunc+M37" "Mozilla/4.0 (compatible; MSIE 7.0; Windows NT 5.1; .NET CLR 1.1.4322)"
58.64.55.205 - - [17/Jun/2007:06:47:00 -0400] "GET /images/store_pharma_section.jpg HTTP/1.1" 200 7953 "http://www.aceonlinestore.com/cgi-bin/lansaweb?procfun+wordpr01+webfunc+M37" "Mozilla/4.0 (compatible; MSIE 7.0; Windows NT 5.1; .NET CLR 1.1.4322)"
58.64.55.205 - - [17/Jun/2007:06:47:00 -0400] "GET /images/store_sterile_section.jpg HTTP/1.1" 200 9274 "http://www.aceonlinestore.com/cgi-bin/lansaweb?procfun+wordpr01+webfunc+M37" "Mozilla/4.0 (compatible; MSIE 7.0; Windows NT 5.1; .NET CLR 1.1.4322)"
58.64.55.205 - - [17/Jun/2007:06:47:00 -0400] "GET /images/store_blades_section.jpg HTTP/1.1" 200 24174 "http://www.aceonlinestore.com/cgi-bin/lansaweb?procfun+wordpr01+webfunc+M37" "Mozilla/4.0 (compatible; MSIE 7.0; Windows NT 5.1; .NET CLR 1.1.4322)"
58.64.55.205 - - [17/Jun/2007:06:47:00 -0400] "GET /images/store_burs_section.jpg HTTP/1.1" 200 10892 "http://www.aceonlinestore.com/cgi-bin/lansaweb?procfun+wordpr01+webfunc+M37" "Mozilla/4.0 (compatible; MSIE 7.0; Windows NT 5.1; .NET CLR 1.1.4322)"
58.64.55.205 - - [17/Jun/2007:06:47:00 -0400] "GET /images/store_saws_section.jpg HTTP/1.1" 200 10028 "http://www.aceonlinestore.com/cgi-bin/lansaweb?procfun+wordpr01+webfunc+M37" "Mozilla/4.0 (compatible; MSIE 7.0; Windows NT 5.1; .NET CLR 1.1.4322)"
58.64.55.205 - - [17/Jun/2007:06:47:00 -0400] "GET /images/store_sutures_section.jpg HTTP/1.1" 200 28375 "http://www.aceonlinestore.com/cgi-bin/lansaweb?procfun+wordpr01+webfunc+M37" "Mozilla/4.0 (compatible; MSIE 7.0; Windows NT 5.1; .NET CLR 1.1.4322)"
58.64.55.205 - - [17/Jun/2007:06:47:00 -0400] "GET /images/store_syringe_section.jpg HTTP/1.1" 200 9321 "http://www.aceonlinestore.com/cgi-bin/lansaweb?procfun+wordpr01+webfunc+M37" "Mozilla/4.0 (compatible; MSIE 7.0; Windows NT 5.1; .NET CLR 1.1.4322)"
58.64.55.205 - - [17/Jun/2007:06:47:01 -0400] "GET /images/store_xray_section.jpg HTTP/1.1" 200 8861 "http://www.aceonlinestore.com/cgi-bin/lansaweb?procfun+wordpr01+webfunc+M37" "Mozilla/4.0 (compatible; MSIE 7.0; Windows NT 5.1; .NET CLR 1.1.4322)"
58.64.55.205 - - [17/Jun/2007:06:47:06 -0400] "GET /images/over-store_xray_section.jpg HTTP/1.1" 200 7946 "http://www.aceonlinestore.com/cgi-bin/lansaweb?procfun+wordpr01+webfunc+M37" "Mozilla/4.0 (compatible; MSIE 7.0; Windows NT 5.1; .NET CLR 1.1.4322)"
58.64.55.205 - - [17/Jun/2007:06:47:31 -0400] "GET /images/over-store_instr_section.jpg HTTP/1.1" 200 9238 "http://www.aceonlinestore.com/cgi-bin/lansaweb?procfun+wordpr01+webfunc+M37" "Mozilla/4.0 (compatible; MSIE 7.0; Windows NT 5.1; .NET CLR 1.1.4322)"
58.64.55.205 - - [17/Jun/2007:06:47:32 -0400] "GET /images/over-store_handpc_section.jpg HTTP/1.1" 200 8331 "http://www.aceonlinestore.com/cgi-bin/lansaweb?procfun+wordpr01+webfunc+M37" "Mozilla/4.0 (compatible; MSIE 7.0; Windows NT 5.1; .NET CLR 1.1.4322)"
66.249.70.202 - - [17/Jun/2007:06:47:34 -0400] "GET /logs/error_log.Q107060500 HTTP/1.1" 304 - "-" "Mozilla/5.0 (compatible; Googlebot/2.1; +http://www.google.com/bot.html)"
58.64.55.205 - - [17/Jun/2007:06:47:35 -0400] "POST /CGI-BIN/LANSAWEB?WEBEVENT+L7D31330159E132007EE6096+M37+ENG HTTP/1.1" 200 35508 "http://www.aceonlinestore.com/cgi-bin/lansaweb?procfun+wordpr01+webfunc+M37" "Mozilla/4.0 (compatible; MSIE 7.0; Windows NT 5.1; .NET CLR 1.1.4322)"
58.64.55.205 - - [17/Jun/2007:06:47:42 -0400] "GET /images/store_sutures_section.jpg HTTP/1.1" 206 13671 "http://www.aceonlinestore.com/cgi-bin/lansaweb?procfun+wordpr01+webfunc+M37" "Mozilla/4.0 (compatible; MSIE 7.0; Windows NT 5.1; .NET CLR 1.1.4322)"
58.64.55.205 - - [17/Jun/2007:06:47:43 -0400] "GET /favicon.ico HTTP/1.1" 404 209 "-" "Mozilla/4.0 (compatible; MSIE 7.0; Windows NT 5.1; .NET CLR 1.1.4322)"
58.64.55.205 - - [17/Jun/2007:06:47:56 -0400] "GET /images/over-store_cardiac_section.jpg HTTP/1.1" 200 8882 "http://www.aceonlinestore.com/cgi-bin/lansaweb?procfun+wordpr01+webfunc+M37" "Mozilla/4.0 (compatible; MSIE 7.0; Windows NT 5.1; .NET CLR 1.1.4322)"
58.64.55.205 - - [17/Jun/2007:06:47:57 -0400] "GET /images/over-store_implant_section.jpg HTTP/1.1" 200 7534 "http://www.aceonlinestore.com/cgi-bin/lansaweb?procfun+wordpr01+webfunc+M37" "Mozilla/4.0 (compatible; MSIE 7.0; Windows NT 5.1; .NET CLR 1.1.4322)"
58.64.55.205 - - [17/Jun/2007:06:47:58 -0400] "GET /images/over-store_implant_section.jpg HTTP/1.1" 200 7534 "http://www.aceonlinestore.com/cgi-bin/lansaweb?procfun+wordpr01+webfunc+M37" "Mozilla/4.0 (compatible; MSIE 7.0; Windows NT 5.1; .NET CLR 1.1.4322)"
58.64.55.205 - - [17/Jun/2007:06:47:58 -0400] "POST /CGI-BIN/LANSAWEB?WEBEVENT+L7D31330159E132007EE6096+M37+ENG HTTP/1.1" 200 33568 "http://www.aceonlinestore.com/cgi-bin/lansaweb?procfun+wordpr01+webfunc+M37" "Mozilla/4.0 (compatible; MSIE 7.0; Windows NT 5.1; .NET CLR 1.1.4322)"
58.64.55.205 - - [17/Jun/2007:06:47:59 -0400] "POST /CGI-BIN/LANSAWEB?WEBEVENT+L7D31330159E132007EE6096+M37+ENG HTTP/1.1" 200 33568 "http://www.aceonlinestore.com/cgi-bin/lansaweb?procfun+wordpr01+webfunc+M37" "Mozilla/4.0 (compatible; MSIE 7.0; Windows NT 5.1; .NET CLR 1.1.4322)"
58.64.55.205 - - [17/Jun/2007:06:47:59 -0400] "POST /CGI-BIN/LANSAWEB?WEBEVENT+L7D31330159E132007EE6096+M37+ENG HTTP/1.1" 200 33568 "http://www.aceonlinestore.com/cgi-bin/lansaweb?procfun+wordpr01+webfunc+M37" "Mozilla/4.0 (compatible; MSIE 7.0; Windows NT 5.1; .NET CLR 1.1.4322)"
58.64.55.205 - - [17/Jun/2007:06:48:01 -0400] "GET /images/nav04_shop_off.jpg HTTP/1.1" 200 1390 "http://www.aceonlinestore.com/CGI-BIN/LANSAWEB?WEBEVENT+L7D31330159E132007EE6096+M37+ENG" "Mozilla/4.0 (compatible; MSIE 7.0; Windows NT 5.1; .NET CLR 1.1.4322)"
58.64.55.205 - - [17/Jun/2007:06:48:01 -0400] "GET /images/index12_drills.jpg HTTP/1.1" 200 3214 "http://www.aceonlinestore.com/CGI-BIN/LANSAWEB?WEBEVENT+L7D31330159E132007EE6096+M37+ENG" "Mozilla/4.0 (compatible; MSIE 7.0; Windows NT 5.1; .NET CLR 1.1.4322)"
58.64.55.205 - - [17/Jun/2007:06:48:01 -0400] "GET /images/index12_exhex.jpg HTTP/1.1" 200 2849 "http://www.aceonlinestore.com/CGI-BIN/LANSAWEB?WEBEVENT+L7D31330159E132007EE6096+M37+ENG" "Mozilla/4.0 (compatible; MSIE 7.0; Windows NT 5.1; .NET CLR 1.1.4322)"
58.64.55.205 - - [17/Jun/2007:06:48:01 -0400] "GET /images/index12_intconnct.jpg HTTP/1.1" 200 2999 "http://www.aceonlinestore.com/CGI-BIN/LANSAWEB?WEBEVENT+L7D31330159E132007EE6096+M37+ENG" "Mozilla/4.0 (compatible; MSIE 7.0; Windows NT 5.1; .NET CLR 1.1.4322)"
58.64.55.205 - - [17/Jun/2007:06:48:10 -0400] "GET /images/over-index12_exhex.jpg HTTP/1.1" 200 2022 "http://www.aceonlinestore.com/CGI-BIN/LANSAWEB?WEBEVENT+L7D31330159E132007EE6096+M37+ENG" "Mozilla/4.0 (compatible; MSIE 7.0; Windows NT 5.1; .NET CLR 1.1.4322)"
58.64.55.205 - - [17/Jun/2007:06:48:12 -0400] "GET /images/over-index12_intconnct.jpg HTTP/1.1" 200 2179 "http://www.aceonlinestore.com/CGI-BIN/LANSAWEB?WEBEVENT+L7D31330159E132007EE6096+M37+ENG" "Mozilla/4.0 (compatible; MSIE 7.0; Windows NT 5.1; .NET CLR 1.1.4322)"
58.64.55.205 - - [17/Jun/2007:06:48:15 -0400] "POST /CGI-BIN/LANSAWEB?WEBEVENT+L7D31330E5C91D200A146096+M37+ENG HTTP/1.1" 200 33988 "http://www.aceonlinestore.com/CGI-BIN/LANSAWEB?WEBEVENT+L7D31330159E132007EE6096+M37+ENG" "Mozilla/4.0 (compatible; MSIE 7.0; Windows NT 5.1; .NET CLR 1.1.4322)"
58.64.55.205 - - [17/Jun/2007:06:48:16 -0400] "GET /images/ex_hex_implant.jpg HTTP/1.1" 404 223 "http://www.aceonlinestore.com/CGI-BIN/LANSAWEB?WEBEVENT+L7D31330E5C91D200A146096+M37+ENG" "Mozilla/4.0 (compatible; MSIE 7.0; Windows NT 5.1; .NET CLR 1.1.4322)"
58.64.55.205 - - [17/Jun/2007:06:48:17 -0400] "GET /images/sds_implant.jpg HTTP/1.1" 404 220 "http://www.aceonlinestore.com/CGI-BIN/LANSAWEB?WEBEVENT+L7D31330E5C91D200A146096+M37+ENG" "Mozilla/4.0 (compatible; MSIE 7.0; Windows NT 5.1; .NET CLR 1.1.4322)"
58.64.55.205 - - [17/Jun/2007:06:48:23 -0400] "GET /images/over-index12_intconnct.jpg HTTP/1.1" 200 2179 "http://www.aceonlinestore.com/CGI-BIN/LANSAWEB?WEBEVENT+L7D31330159E132007EE6096+M37+ENG" "Mozilla/4.0 (compatible; MSIE 7.0; Windows NT 5.1; .NET CLR 1.1.4322)"
58.64.55.205 - - [17/Jun/2007:06:48:24 -0400] "POST /CGI-BIN/LANSAWEB?WEBEVENT+L7D31330E5C91D200A146096+M37+ENG HTTP/1.1" 200 36688 "http://www.aceonlinestore.com/CGI-BIN/LANSAWEB?WEBEVENT+L7D31330159E132007EE6096+M37+ENG" "Mozilla/4.0 (compatible; MSIE 7.0; Windows NT 5.1; .NET CLR 1.1.4322)"
58.64.55.205 - - [17/Jun/2007:06:48:26 -0400] "GET /images/intconnct.jpg HTTP/1.1" 404 218 "http://www.aceonlinestore.com/CGI-BIN/LANSAWEB?WEBEVENT+L7D31330E5C91D200A146096+M37+ENG" "Mozilla/4.0 (compatible; MSIE 7.0; Windows NT 5.1; .NET CLR 1.1.4322)"
58.64.55.205 - - [17/Jun/2007:06:48:26 -0400] "GET /images/4_head_pros.jpg HTTP/1.1" 404 220 "http://www.aceonlinestore.com/CGI-BIN/LANSAWEB?WEBEVENT+L7D31330E5C91D200A146096+M37+ENG" "Mozilla/4.0 (compatible; MSIE 7.0; Windows NT 5.1; .NET CLR 1.1.4322)"
58.64.55.205 - - [17/Jun/2007:06:48:26 -0400] "GET /images/5_head_pros.jpg HTTP/1.1" 404 220 "http://www.aceonlinestore.com/CGI-BIN/LANSAWEB?WEBEVENT+L7D31330E5C91D200A146096+M37+ENG" "Mozilla/4.0 (compatible; MSIE 7.0; Windows NT 5.1; .NET CLR 1.1.4322)"
58.64.55.205 - - [17/Jun/2007:06:48:26 -0400] "GET /images/6_head_pros.jpeg HTTP/1.1" 404 221 "http://www.aceonlinestore.com/CGI-BIN/LANSAWEB?WEBEVENT+L7D31330E5C91D200A146096+M37+ENG" "Mozilla/4.0 (compatible; MSIE 7.0; Windows NT 5.1; .NET CLR 1.1.4322)"
58.64.55.205 - - [17/Jun/2007:06:48:31 -0400] "GET /images/nav04_about_over.jpg HTTP/1.1" 200 1472 "http://www.aceonlinestore.com/CGI-BIN/LANSAWEB?WEBEVENT+L7D31330E5C91D200A146096+M37+ENG" "Mozilla/4.0 (compatible; MSIE 7.0; Windows NT 5.1; .NET CLR 1.1.4322)"
209.59.12.99 - - [17/Jun/2007:06:49:14 -0400] "GET / HTTP/1.0" 200 367 "-" "check_http/1.81 (nagios-plugins 1.4)"
209.59.12.99 - - [17/Jun/2007:06:54:15 -0400] "GET / HTTP/1.0" 200 367 "-" "check_http/1.81 (nagios-plugins 1.4)"
209.59.12.99 - - [17/Jun/2007:06:59:16 -0400] "GET / HTTP/1.0" 200 367 "-" "check_http/1.81 (nagios-plugins 1.4)"
209.59.12.99 - - [17/Jun/2007:07:04:16 -0400] "GET / HTTP/1.0" 200 367 "-" "check_http/1.81 (nagios-plugins 1.4)"
209.59.12.99 - - [17/Jun/2007:07:09:17 -0400] "GET / HTTP/1.0" 200 367 "-" "check_http/1.81 (nagios-plugins 1.4)"
209.59.12.99 - - [17/Jun/2007:07:14:16 -0400] "GET / HTTP/1.0" 200 367 "-" "check_http/1.81 (nagios-plugins 1.4)"
209.59.12.99 - - [17/Jun/2007:07:19:16 -0400] "GET / HTTP/1.0" 200 367 "-" "check_http/1.81 (nagios-plugins 1.4)"
64.246.165.180 - - [17/Jun/2007:07:19:42 -0400] "GET /robots.txt HTTP/1.0" 404 208 "http://www.whois.sc/" "SurveyBot/2.3 (Whois Source)"
64.246.165.180 - - [17/Jun/2007:07:19:42 -0400] "GET / HTTP/1.1" 206 367 "http://www.whois.sc/aceonlinestore.com" "SurveyBot/2.3 (Whois Source)"
66.249.70.202 - - [17/Jun/2007:07:19:56 -0400] "GET /logs/error_log.Q107060800 HTTP/1.1" 200 90127 "-" "Mozilla/5.0 (compatible; Googlebot/2.1; +http://www.google.com/bot.html)"
209.59.12.99 - - [17/Jun/2007:07:24:16 -0400] "GET / HTTP/1.0" 200 367 "-" "check_http/1.81 (nagios-plugins 1.4)"
209.59.12.99 - - [17/Jun/2007:07:29:17 -0400] "GET / HTTP/1.0" 200 367 "-" "check_http/1.81 (nagios-plugins 1.4)"
209.59.12.99 - - [17/Jun/2007:07:34:15 -0400] "GET / HTTP/1.0" 200 367 "-" "check_http/1.81 (nagios-plugins 1.4)"
209.59.12.99 - - [17/Jun/2007:07:39:16 -0400] "GET / HTTP/1.0" 200 367 "-" "check_http/1.81 (nagios-plugins 1.4)"
69.84.207.39 - - [17/Jun/2007:07:41:01 -0400] "GET / HTTP/1.1" 206 367 "-" "Mozilla/4.0 (compatible; MSIE 6.0; Windows NT 5.1; SV1; .NET CLR 1.1.4322; .NET CLR 2.0.50215)"
69.84.207.39 - - [17/Jun/2007:07:41:01 -0400] "GET /Includes HTTP/1.1" 301 247 "-" "Mozilla/4.0 (compatible; MSIE 6.0; Windows NT 5.1; SV1; .NET CLR 1.1.4322; .NET CLR 2.0.50215)"
69.84.207.39 - - [17/Jun/2007:07:41:01 -0400] "GET /logs HTTP/1.1" 301 243 "-" "Mozilla/4.0 (compatible; MSIE 6.0; Windows NT 5.1; SV1; .NET CLR 1.1.4322; .NET CLR 2.0.50215)"
69.84.207.39 - - [17/Jun/2007:07:41:13 -0400] "GET /index.htm HTTP/1.1" 206 870 "-" "Mozilla/4.0 (compatible; MSIE 6.0; Windows NT 5.1; SV1; .NET CLR 1.1.4322; .NET CLR 2.0.50215)"
69.84.207.39 - - [17/Jun/2007:07:41:16 -0400] "GET /images HTTP/1.1" 301 245 "-" "Mozilla/4.0 (compatible; MSIE 6.0; Windows NT 5.1; SV1; .NET CLR 1.1.4322; .NET CLR 2.0.50215)"
69.84.207.39 - - [17/Jun/2007:07:41:24 -0400] "GET /scripts HTTP/1.1" 301 246 "-" "Mozilla/4.0 (compatible; MSIE 6.0; Windows NT 5.1; SV1; .NET CLR 1.1.4322; .NET CLR 2.0.50215)"
209.59.12.99 - - [17/Jun/2007:07:44:16 -0400] "GET / HTTP/1.0" 200 367 "-" "check_http/1.81 (nagios-plugins 1.4)"
83.54.142.22 - - [17/Jun/2007:07:46:31 -0400] "GET /cgi-bin/lansaweb?procfun+wordpr01+webfunc+M37 HTTP/1.1" 200 38202 "http://www.acesurgical.com/connect_seminars.html" "Mozilla/4.0 (compatible; MSIE 7.0; Windows NT 5.1; .NET CLR 1.1.4322)"
83.54.142.22 - - [17/Jun/2007:07:46:36 -0400] "GET /images/ace_logo_top.jpg HTTP/1.1" 200 2702 "http://www.aceonlinestore.com/cgi-bin/lansaweb?procfun+wordpr01+webfunc+M37" "Mozilla/4.0 (compatible; MSIE 7.0; Windows NT 5.1; .NET CLR 1.1.4322)"
83.54.142.22 - - [17/Jun/2007:07:46:36 -0400] "GET /images/nav04_about_off.jpg HTTP/1.1" 200 1255 "http://www.aceonlinestore.com/cgi-bin/lansaweb?procfun+wordpr01+webfunc+M37" "Mozilla/4.0 (compatible; MSIE 7.0; Windows NT 5.1; .NET CLR 1.1.4322)"
83.54.142.22 - - [17/Jun/2007:07:46:36 -0400] "GET /images/nav_upper_bgrd.jpg HTTP/1.1" 200 2954 "http://www.aceonlinestore.com/cgi-bin/lansaweb?procfun+wordpr01+webfunc+M37" "Mozilla/4.0 (compatible; MSIE 7.0; Windows NT 5.1; .NET CLR 1.1.4322)"
83.54.142.22 - - [17/Jun/2007:07:46:36 -0400] "GET /images/nav04_shop_over.jpg HTTP/1.1" 200 1722 "http://www.aceonlinestore.com/cgi-bin/lansaweb?procfun+wordpr01+webfunc+M37" "Mozilla/4.0 (compatible; MSIE 7.0; Windows NT 5.1; .NET CLR 1.1.4322)"
83.54.142.22 - - [17/Jun/2007:07:46:37 -0400] "GET /images/nav04_conven_off.jpg HTTP/1.1" 200 1341 "http://www.aceonlinestore.com/cgi-bin/lansaweb?procfun+wordpr01+webfunc+M37" "Mozilla/4.0 (compatible; MSIE 7.0; Windows NT 5.1; .NET CLR 1.1.4322)"
83.54.142.22 - - [17/Jun/2007:07:46:37 -0400] "GET /images/nav04_download_off.jpg HTTP/1.1" 200 1206 "http://www.aceonlinestore.com/cgi-bin/lansaweb?procfun+wordpr01+webfunc+M37" "Mozilla/4.0 (compatible; MSIE 7.0; Windows NT 5.1; .NET CLR 1.1.4322)"
83.54.142.22 - - [17/Jun/2007:07:46:38 -0400] "GET /images/nav04_contact_off.jpg HTTP/1.1" 200 965 "http://www.aceonlinestore.com/cgi-bin/lansaweb?procfun+wordpr01+webfunc+M37" "Mozilla/4.0 (compatible; MSIE 7.0; Windows NT 5.1; .NET CLR 1.1.4322)"
83.54.142.22 - - [17/Jun/2007:07:46:38 -0400] "GET /images/ace_logo_bottom.jpg HTTP/1.1" 200 2447 "http://www.aceonlinestore.com/cgi-bin/lansaweb?procfun+wordpr01+webfunc+M37" "Mozilla/4.0 (compatible; MSIE 7.0; Windows NT 5.1; .NET CLR 1.1.4322)"
83.54.142.22 - - [17/Jun/2007:07:46:38 -0400] "GET /images/nav_lower_bgrd.jpg HTTP/1.1" 200 2321 "http://www.aceonlinestore.com/cgi-bin/lansaweb?procfun+wordpr01+webfunc+M37" "Mozilla/4.0 (compatible; MSIE 7.0; Windows NT 5.1; .NET CLR 1.1.4322)"
83.54.142.22 - - [17/Jun/2007:07:46:39 -0400] "GET /images/nav_store_head.jpg HTTP/1.1" 200 1953 "http://www.aceonlinestore.com/cgi-bin/lansaweb?procfun+wordpr01+webfunc+M37" "Mozilla/4.0 (compatible; MSIE 7.0; Windows NT 5.1; .NET CLR 1.1.4322)"
83.54.142.22 - - [17/Jun/2007:07:46:39 -0400] "GET /images/nav_store_index_off.jpg HTTP/1.1" 200 922 "http://www.aceonlinestore.com/cgi-bin/lansaweb?procfun+wordpr01+webfunc+M37" "Mozilla/4.0 (compatible; MSIE 7.0; Windows NT 5.1; .NET CLR 1.1.4322)"
83.54.142.22 - - [17/Jun/2007:07:46:39 -0400] "GET /images/spacer.gif HTTP/1.1" 200 55 "http://www.aceonlinestore.com/cgi-bin/lansaweb?procfun+wordpr01+webfunc+M37" "Mozilla/4.0 (compatible; MSIE 7.0; Windows NT 5.1; .NET CLR 1.1.4322)"
83.54.142.22 - - [17/Jun/2007:07:46:40 -0400] "GET /images/login.gif HTTP/1.1" 200 166 "http://www.aceonlinestore.com/cgi-bin/lansaweb?procfun+wordpr01+webfunc+M37" "Mozilla/4.0 (compatible; MSIE 7.0; Windows NT 5.1; .NET CLR 1.1.4322)"
83.54.142.22 - - [17/Jun/2007:07:46:40 -0400] "GET /images/login_go.gif HTTP/1.1" 200 296 "http://www.aceonlinestore.com/cgi-bin/lansaweb?procfun+wordpr01+webfunc+M37" "Mozilla/4.0 (compatible; MSIE 7.0; Windows NT 5.1; .NET CLR 1.1.4322)"
83.54.142.22 - - [17/Jun/2007:07:46:40 -0400] "GET /images/psearch_go.gif HTTP/1.1" 200 296 "http://www.aceonlinestore.com/cgi-bin/lansaweb?procfun+wordpr01+webfunc+M37" "Mozilla/4.0 (compatible; MSIE 7.0; Windows NT 5.1; .NET CLR 1.1.4322)"
83.54.142.22 - - [17/Jun/2007:07:46:40 -0400] "GET /images/search.gif HTTP/1.1" 200 614 "http://www.aceonlinestore.com/cgi-bin/lansaweb?procfun+wordpr01+webfunc+M37" "Mozilla/4.0 (compatible; MSIE 7.0; Windows NT 5.1; .NET CLR 1.1.4322)"
83.54.142.22 - - [17/Jun/2007:07:46:40 -0400] "GET /images/sale_promo-icon.gif HTTP/1.1" 200 402 "http://www.aceonlinestore.com/cgi-bin/lansaweb?procfun+wordpr01+webfunc+M37" "Mozilla/4.0 (compatible; MSIE 7.0; Windows NT 5.1; .NET CLR 1.1.4322)"
83.54.142.22 - - [17/Jun/2007:07:46:40 -0400] "GET /images/store_anesth_section.jpg HTTP/1.1" 200 10123 "http://www.aceonlinestore.com/cgi-bin/lansaweb?procfun+wordpr01+webfunc+M37" "Mozilla/4.0 (compatible; MSIE 7.0; Windows NT 5.1; .NET CLR 1.1.4322)"
83.54.142.22 - - [17/Jun/2007:07:46:41 -0400] "GET /images/store_bone_section2.jpg HTTP/1.1" 200 21458 "http://www.aceonlinestore.com/cgi-bin/lansaweb?procfun+wordpr01+webfunc+M37" "Mozilla/4.0 (compatible; MSIE 7.0; Windows NT 5.1; .NET CLR 1.1.4322)"
83.54.142.22 - - [17/Jun/2007:07:46:41 -0400] "GET /images/store_cardiac_section.jpg HTTP/1.1" 200 25730 "http://www.aceonlinestore.com/cgi-bin/lansaweb?procfun+wordpr01+webfunc+M37" "Mozilla/4.0 (compatible; MSIE 7.0; Windows NT 5.1; .NET CLR 1.1.4322)"
83.54.142.22 - - [17/Jun/2007:07:46:42 -0400] "GET /images/store_implant_section.jpg HTTP/1.1" 200 8001 "http://www.aceonlinestore.com/cgi-bin/lansaweb?procfun+wordpr01+webfunc+M37" "Mozilla/4.0 (compatible; MSIE 7.0; Windows NT 5.1; .NET CLR 1.1.4322)"
83.54.142.22 - - [17/Jun/2007:07:46:42 -0400] "GET /images/store_gauze_section.jpg HTTP/1.1" 200 24119 "http://www.aceonlinestore.com/cgi-bin/lansaweb?procfun+wordpr01+webfunc+M37" "Mozilla/4.0 (compatible; MSIE 7.0; Windows NT 5.1; .NET CLR 1.1.4322)"
209.59.12.99 - - [17/Jun/2007:07:49:16 -0400] "GET / HTTP/1.0" 200 367 "-" "check_http/1.81 (nagios-plugins 1.4)"
71.163.39.241 - - [17/Jun/2007:07:51:12 -0400] "GET /cgi-bin/lansaweb?procfun+wordpr01+webfunc+M37 HTTP/1.1" 200 38202 "http://www.acesurgical.com/home_June07.html" "Mozilla/4.0 (compatible; MSIE 6.0; Windows NT 5.1; SV1)"
71.163.39.241 - - [17/Jun/2007:07:51:14 -0400] "GET /images/ace_logo_top.jpg HTTP/1.1" 200 2702 "http://www.aceonlinestore.com/cgi-bin/lansaweb?procfun+wordpr01+webfunc+M37" "Mozilla/4.0 (compatible; MSIE 6.0; Windows NT 5.1; SV1)"
71.163.39.241 - - [17/Jun/2007:07:51:14 -0400] "GET /images/nav04_about_off.jpg HTTP/1.1" 200 1255 "http://www.aceonlinestore.com/cgi-bin/lansaweb?procfun+wordpr01+webfunc+M37" "Mozilla/4.0 (compatible; MSIE 6.0; Windows NT 5.1; SV1)"
