209.59.12.99 - - [19/Jun/2007:00:03:49 -0400] "GET / HTTP/1.0" 200 367 "-" "check_http/1.81 (nagios-plugins 1.4)"
66.249.70.202 - - [19/Jun/2007:00:03:12 -0400] "GET /logs/access_log.Q107061400 HTTP/1.1" 200 4300603 "-" "Mozilla/5.0 (compatible; Googlebot/2.1; +http://www.google.com/bot.html)"
209.59.12.99 - - [19/Jun/2007:00:08:50 -0400] "GET / HTTP/1.0" 200 367 "-" "check_http/1.81 (nagios-plugins 1.4)"
66.249.70.202 - - [19/Jun/2007:00:09:24 -0400] "GET /logs/access_log.Q107061400 HTTP/1.1" 200 4300603 "-" "Mozilla/5.0 (compatible; Googlebot/2.1; +http://www.google.com/bot.html)"
209.59.12.99 - - [19/Jun/2007:00:13:50 -0400] "GET / HTTP/1.0" 200 367 "-" "check_http/1.81 (nagios-plugins 1.4)"
209.59.12.99 - - [19/Jun/2007:00:18:50 -0400] "GET / HTTP/1.0" 200 367 "-" "check_http/1.81 (nagios-plugins 1.4)"
66.249.70.202 - - [19/Jun/2007:00:16:03 -0400] "GET /logs/access_log.Q107061400 HTTP/1.1" 200 4300603 "-" "Mozilla/5.0 (compatible; Googlebot/2.1; +http://www.google.com/bot.html)"
209.59.12.99 - - [19/Jun/2007:00:23:50 -0400] "GET / HTTP/1.0" 200 367 "-" "check_http/1.81 (nagios-plugins 1.4)"
66.249.70.202 - - [19/Jun/2007:00:22:25 -0400] "GET /logs/access_log.Q107061400 HTTP/1.1" 200 4300603 "-" "Mozilla/5.0 (compatible; Googlebot/2.1; +http://www.google.com/bot.html)"
76.198.149.180 - - [19/Jun/2007:00:28:47 -0400] "POST /CGI-BIN/LANSAWEB?WEBEVENT+LAD334C09526152005176091+M37+ENG HTTP/1.1" 200 30814 "https://www.aceonlinestore.com/CGI-BIN/LANSAWEB?WEBEVENT+LAD334C045B31020050F6091+M37+ENG" "Mozilla/5.0 (Windows; U; Windows NT 5.1; en-US; rv:1.8.1.4) Gecko/20070515 Firefox/2.0.0.4"
209.59.12.99 - - [19/Jun/2007:00:28:49 -0400] "GET / HTTP/1.0" 200 367 "-" "check_http/1.81 (nagios-plugins 1.4)"
66.249.70.202 - - [19/Jun/2007:00:28:42 -0400] "GET /logs/access_log.Q107061400 HTTP/1.1" 200 4300603 "-" "Mozilla/5.0 (compatible; Googlebot/2.1; +http://www.google.com/bot.html)"
209.59.12.99 - - [19/Jun/2007:00:33:50 -0400] "GET / HTTP/1.0" 200 367 "-" "check_http/1.81 (nagios-plugins 1.4)"
66.249.70.202 - - [19/Jun/2007:00:34:47 -0400] "GET /logs/access_log.Q107061400 HTTP/1.1" 200 4300603 "-" "Mozilla/5.0 (compatible; Googlebot/2.1; +http://www.google.com/bot.html)"
209.59.12.99 - - [19/Jun/2007:00:38:50 -0400] "GET / HTTP/1.0" 200 367 "-" "check_http/1.81 (nagios-plugins 1.4)"
209.59.12.99 - - [19/Jun/2007:00:43:50 -0400] "GET / HTTP/1.0" 200 367 "-" "check_http/1.81 (nagios-plugins 1.4)"
66.249.70.202 - - [19/Jun/2007:00:40:55 -0400] "GET /logs/access_log.Q107061400 HTTP/1.1" 200 4300603 "-" "Mozilla/5.0 (compatible; Googlebot/2.1; +http://www.google.com/bot.html)"
76.198.149.180 - - [19/Jun/2007:00:47:33 -0400] "GET /images/nav04_about_over.jpg HTTP/1.1" 200 1472 "https://www.aceonlinestore.com/CGI-BIN/LANSAWEB?WEBEVENT+LAD334C09526152005176091+M37+ENG" "Mozilla/5.0 (Windows; U; Windows NT 5.1; en-US; rv:1.8.1.4) Gecko/20070515 Firefox/2.0.0.4"
209.59.12.99 - - [19/Jun/2007:00:48:52 -0400] "GET / HTTP/1.0" 200 367 "-" "check_http/1.81 (nagios-plugins 1.4)"
66.249.70.202 - - [19/Jun/2007:00:47:30 -0400] "GET /logs/access_log.Q107061400 HTTP/1.1" 200 4300603 "-" "Mozilla/5.0 (compatible; Googlebot/2.1; +http://www.google.com/bot.html)"
209.59.12.99 - - [19/Jun/2007:00:53:53 -0400] "GET / HTTP/1.0" 200 367 "-" "check_http/1.81 (nagios-plugins 1.4)"
66.249.70.202 - - [19/Jun/2007:00:53:56 -0400] "GET /robots.txt HTTP/1.1" 404 208 "-" "Mozilla/5.0 (compatible; Googlebot/2.1; +http://www.google.com/bot.html)"
66.249.70.202 - - [19/Jun/2007:00:53:56 -0400] "GET /logs/access_log.Q107061400 HTTP/1.1" 200 4300603 "-" "Mozilla/5.0 (compatible; Googlebot/2.1; +http://www.google.com/bot.html)"
209.59.12.99 - - [19/Jun/2007:00:58:53 -0400] "GET / HTTP/1.0" 200 367 "-" "check_http/1.81 (nagios-plugins 1.4)"
66.249.70.202 - - [19/Jun/2007:01:00:36 -0400] "GET /logs/access_log.Q107061400 HTTP/1.1" 200 4300603 "-" "Mozilla/5.0 (compatible; Googlebot/2.1; +http://www.google.com/bot.html)"
209.59.12.99 - - [19/Jun/2007:01:03:54 -0400] "GET / HTTP/1.0" 200 367 "-" "check_http/1.81 (nagios-plugins 1.4)"
209.59.12.99 - - [19/Jun/2007:01:08:54 -0400] "GET / HTTP/1.0" 200 367 "-" "check_http/1.81 (nagios-plugins 1.4)"
66.249.70.202 - - [19/Jun/2007:01:07:13 -0400] "GET /logs/access_log.Q107061400 HTTP/1.1" 200 4300603 "-" "Mozilla/5.0 (compatible; Googlebot/2.1; +http://www.google.com/bot.html)"
209.59.12.99 - - [19/Jun/2007:01:13:54 -0400] "GET / HTTP/1.0" 200 367 "-" "check_http/1.81 (nagios-plugins 1.4)"
66.249.70.202 - - [19/Jun/2007:01:13:42 -0400] "GET /logs/access_log.Q107061400 HTTP/1.1" 200 4300603 "-" "Mozilla/5.0 (compatible; Googlebot/2.1; +http://www.google.com/bot.html)"
209.59.12.99 - - [19/Jun/2007:01:18:56 -0400] "GET / HTTP/1.0" 200 367 "-" "check_http/1.81 (nagios-plugins 1.4)"
66.249.70.202 - - [19/Jun/2007:01:20:11 -0400] "GET /logs/access_log.Q107061400 HTTP/1.1" 200 4300603 "-" "Mozilla/5.0 (compatible; Googlebot/2.1; +http://www.google.com/bot.html)"
209.59.12.99 - - [19/Jun/2007:01:23:56 -0400] "GET / HTTP/1.0" 200 367 "-" "check_http/1.81 (nagios-plugins 1.4)"
209.59.12.99 - - [19/Jun/2007:01:28:55 -0400] "GET / HTTP/1.0" 200 367 "-" "check_http/1.81 (nagios-plugins 1.4)"
66.249.70.202 - - [19/Jun/2007:01:26:13 -0400] "GET /logs/access_log.Q107061400 HTTP/1.1" 200 4300603 "-" "Mozilla/5.0 (compatible; Googlebot/2.1; +http://www.google.com/bot.html)"
209.59.12.99 - - [19/Jun/2007:01:33:57 -0400] "GET / HTTP/1.0" 200 367 "-" "check_http/1.81 (nagios-plugins 1.4)"
209.59.12.99 - - [19/Jun/2007:01:38:57 -0400] "GET / HTTP/1.0" 200 367 "-" "check_http/1.81 (nagios-plugins 1.4)"
209.59.12.99 - - [19/Jun/2007:01:43:58 -0400] "GET / HTTP/1.0" 200 367 "-" "check_http/1.81 (nagios-plugins 1.4)"
221.251.28.84 - - [19/Jun/2007:01:47:12 -0400] "GET /cgi-bin/lansaweb?procfun+wordpr01+webfunc+M37 HTTP/1.1" 200 38202 "http://www.acesurgical.com/home_workshop.html" "Mozilla/4.0 (compatible; MSIE 6.0; Windows NT 5.1; SV1; .NET CLR 1.1.4322; InfoPath.1)"
221.251.28.84 - - [19/Jun/2007:01:47:16 -0400] "GET /images/ace_logo_top.jpg HTTP/1.1" 304 - "http://www.aceonlinestore.com/cgi-bin/lansaweb?procfun+wordpr01+webfunc+M37" "Mozilla/4.0 (compatible; MSIE 6.0; Windows NT 5.1; SV1; .NET CLR 1.1.4322; InfoPath.1)"
221.251.28.84 - - [19/Jun/2007:01:47:16 -0400] "GET /images/nav04_about_off.jpg HTTP/1.1" 304 - "http://www.aceonlinestore.com/cgi-bin/lansaweb?procfun+wordpr01+webfunc+M37" "Mozilla/4.0 (compatible; MSIE 6.0; Windows NT 5.1; SV1; .NET CLR 1.1.4322; InfoPath.1)"
221.251.28.84 - - [19/Jun/2007:01:47:17 -0400] "GET /images/nav04_shop_over.jpg HTTP/1.1" 304 - "http://www.aceonlinestore.com/cgi-bin/lansaweb?procfun+wordpr01+webfunc+M37" "Mozilla/4.0 (compatible; MSIE 6.0; Windows NT 5.1; SV1; .NET CLR 1.1.4322; InfoPath.1)"
221.251.28.84 - - [19/Jun/2007:01:47:17 -0400] "GET /images/nav04_conven_off.jpg HTTP/1.1" 304 - "http://www.aceonlinestore.com/cgi-bin/lansaweb?procfun+wordpr01+webfunc+M37" "Mozilla/4.0 (compatible; MSIE 6.0; Windows NT 5.1; SV1; .NET CLR 1.1.4322; InfoPath.1)"
221.251.28.84 - - [19/Jun/2007:01:47:17 -0400] "GET /images/nav04_download_off.jpg HTTP/1.1" 304 - "http://www.aceonlinestore.com/cgi-bin/lansaweb?procfun+wordpr01+webfunc+M37" "Mozilla/4.0 (compatible; MSIE 6.0; Windows NT 5.1; SV1; .NET CLR 1.1.4322; InfoPath.1)"
221.251.28.84 - - [19/Jun/2007:01:47:18 -0400] "GET /images/nav04_contact_off.jpg HTTP/1.1" 304 - "http://www.aceonlinestore.com/cgi-bin/lansaweb?procfun+wordpr01+webfunc+M37" "Mozilla/4.0 (compatible; MSIE 6.0; Windows NT 5.1; SV1; .NET CLR 1.1.4322; InfoPath.1)"
221.251.28.84 - - [19/Jun/2007:01:47:18 -0400] "GET /images/ace_logo_bottom.jpg HTTP/1.1" 304 - "http://www.aceonlinestore.com/cgi-bin/lansaweb?procfun+wordpr01+webfunc+M37" "Mozilla/4.0 (compatible; MSIE 6.0; Windows NT 5.1; SV1; .NET CLR 1.1.4322; InfoPath.1)"
221.251.28.84 - - [19/Jun/2007:01:47:18 -0400] "GET /images/nav_upper_bgrd.jpg HTTP/1.1" 304 - "http://www.aceonlinestore.com/cgi-bin/lansaweb?procfun+wordpr01+webfunc+M37" "Mozilla/4.0 (compatible; MSIE 6.0; Windows NT 5.1; SV1; .NET CLR 1.1.4322; InfoPath.1)"
221.251.28.84 - - [19/Jun/2007:01:47:18 -0400] "GET /images/nav_store_head.jpg HTTP/1.1" 304 - "http://www.aceonlinestore.com/cgi-bin/lansaweb?procfun+wordpr01+webfunc+M37" "Mozilla/4.0 (compatible; MSIE 6.0; Windows NT 5.1; SV1; .NET CLR 1.1.4322; InfoPath.1)"
221.251.28.84 - - [19/Jun/2007:01:47:19 -0400] "GET /images/nav_lower_bgrd.jpg HTTP/1.1" 304 - "http://www.aceonlinestore.com/cgi-bin/lansaweb?procfun+wordpr01+webfunc+M37" "Mozilla/4.0 (compatible; MSIE 6.0; Windows NT 5.1; SV1; .NET CLR 1.1.4322; InfoPath.1)"
221.251.28.84 - - [19/Jun/2007:01:47:19 -0400] "GET /images/nav_store_index_off.jpg HTTP/1.1" 304 - "http://www.aceonlinestore.com/cgi-bin/lansaweb?procfun+wordpr01+webfunc+M37" "Mozilla/4.0 (compatible; MSIE 6.0; Windows NT 5.1; SV1; .NET CLR 1.1.4322; InfoPath.1)"
221.251.28.84 - - [19/Jun/2007:01:47:19 -0400] "GET /images/spacer.gif HTTP/1.1" 304 - "http://www.aceonlinestore.com/cgi-bin/lansaweb?procfun+wordpr01+webfunc+M37" "Mozilla/4.0 (compatible; MSIE 6.0; Windows NT 5.1; SV1; .NET CLR 1.1.4322; InfoPath.1)"
221.251.28.84 - - [19/Jun/2007:01:47:19 -0400] "GET /images/login.gif HTTP/1.1" 304 - "http://www.aceonlinestore.com/cgi-bin/lansaweb?procfun+wordpr01+webfunc+M37" "Mozilla/4.0 (compatible; MSIE 6.0; Windows NT 5.1; SV1; .NET CLR 1.1.4322; InfoPath.1)"
221.251.28.84 - - [19/Jun/2007:01:47:20 -0400] "GET /images/login_go.gif HTTP/1.1" 304 - "http://www.aceonlinestore.com/cgi-bin/lansaweb?procfun+wordpr01+webfunc+M37" "Mozilla/4.0 (compatible; MSIE 6.0; Windows NT 5.1; SV1; .NET CLR 1.1.4322; InfoPath.1)"
221.251.28.84 - - [19/Jun/2007:01:47:20 -0400] "GET /images/search.gif HTTP/1.1" 304 - "http://www.aceonlinestore.com/cgi-bin/lansaweb?procfun+wordpr01+webfunc+M37" "Mozilla/4.0 (compatible; MSIE 6.0; Windows NT 5.1; SV1; .NET CLR 1.1.4322; InfoPath.1)"
221.251.28.84 - - [19/Jun/2007:01:47:21 -0400] "GET /images/sale_promo-icon.gif HTTP/1.1" 304 - "http://www.aceonlinestore.com/cgi-bin/lansaweb?procfun+wordpr01+webfunc+M37" "Mozilla/4.0 (compatible; MSIE 6.0; Windows NT 5.1; SV1; .NET CLR 1.1.4322; InfoPath.1)"
221.251.28.84 - - [19/Jun/2007:01:47:21 -0400] "GET /images/store_bone_section2.jpg HTTP/1.1" 304 - "http://www.aceonlinestore.com/cgi-bin/lansaweb?procfun+wordpr01+webfunc+M37" "Mozilla/4.0 (compatible; MSIE 6.0; Windows NT 5.1; SV1; .NET CLR 1.1.4322; InfoPath.1)"
221.251.28.84 - - [19/Jun/2007:01:47:21 -0400] "GET /images/store_implant_section.jpg HTTP/1.1" 304 - "http://www.aceonlinestore.com/cgi-bin/lansaweb?procfun+wordpr01+webfunc+M37" "Mozilla/4.0 (compatible; MSIE 6.0; Windows NT 5.1; SV1; .NET CLR 1.1.4322; InfoPath.1)"
221.251.28.84 - - [19/Jun/2007:01:47:22 -0400] "GET /images/store_gauze_section.jpg HTTP/1.1" 304 - "http://www.aceonlinestore.com/cgi-bin/lansaweb?procfun+wordpr01+webfunc+M37" "Mozilla/4.0 (compatible; MSIE 6.0; Windows NT 5.1; SV1; .NET CLR 1.1.4322; InfoPath.1)"
221.251.28.84 - - [19/Jun/2007:01:47:22 -0400] "GET /images/store_handpc_section.jpg HTTP/1.1" 304 - "http://www.aceonlinestore.com/cgi-bin/lansaweb?procfun+wordpr01+webfunc+M37" "Mozilla/4.0 (compatible; MSIE 6.0; Windows NT 5.1; SV1; .NET CLR 1.1.4322; InfoPath.1)"
221.251.28.84 - - [19/Jun/2007:01:47:23 -0400] "GET /images/store_irrigate_section.gif HTTP/1.1" 304 - "http://www.aceonlinestore.com/cgi-bin/lansaweb?procfun+wordpr01+webfunc+M37" "Mozilla/4.0 (compatible; MSIE 6.0; Windows NT 5.1; SV1; .NET CLR 1.1.4322; InfoPath.1)"
221.251.28.84 - - [19/Jun/2007:01:47:23 -0400] "GET /images/store_iv_admin_section.jpg HTTP/1.1" 304 - "http://www.aceonlinestore.com/cgi-bin/lansaweb?procfun+wordpr01+webfunc+M37" "Mozilla/4.0 (compatible; MSIE 6.0; Windows NT 5.1; SV1; .NET CLR 1.1.4322; InfoPath.1)"
221.251.28.84 - - [19/Jun/2007:01:47:24 -0400] "GET /images/store_cardiac_section.jpg HTTP/1.1" 304 - "http://www.aceonlinestore.com/cgi-bin/lansaweb?procfun+wordpr01+webfunc+M37" "Mozilla/4.0 (compatible; MSIE 6.0; Windows NT 5.1; SV1; .NET CLR 1.1.4322; InfoPath.1)"
221.251.28.84 - - [19/Jun/2007:01:47:24 -0400] "GET /images/store_assess_section.jpg HTTP/1.1" 304 - "http://www.aceonlinestore.com/cgi-bin/lansaweb?procfun+wordpr01+webfunc+M37" "Mozilla/4.0 (compatible; MSIE 6.0; Windows NT 5.1; SV1; .NET CLR 1.1.4322; InfoPath.1)"
221.251.28.84 - - [19/Jun/2007:01:47:24 -0400] "GET /images/store_pharma_section.jpg HTTP/1.1" 304 - "http://www.aceonlinestore.com/cgi-bin/lansaweb?procfun+wordpr01+webfunc+M37" "Mozilla/4.0 (compatible; MSIE 6.0; Windows NT 5.1; SV1; .NET CLR 1.1.4322; InfoPath.1)"
221.251.28.84 - - [19/Jun/2007:01:47:24 -0400] "GET /images/store_sterile_section.jpg HTTP/1.1" 304 - "http://www.aceonlinestore.com/cgi-bin/lansaweb?procfun+wordpr01+webfunc+M37" "Mozilla/4.0 (compatible; MSIE 6.0; Windows NT 5.1; SV1; .NET CLR 1.1.4322; InfoPath.1)"
221.251.28.84 - - [19/Jun/2007:01:47:25 -0400] "GET /images/store_blades_section.jpg HTTP/1.1" 304 - "http://www.aceonlinestore.com/cgi-bin/lansaweb?procfun+wordpr01+webfunc+M37" "Mozilla/4.0 (compatible; MSIE 6.0; Windows NT 5.1; SV1; .NET CLR 1.1.4322; InfoPath.1)"
221.251.28.84 - - [19/Jun/2007:01:47:25 -0400] "GET /images/store_burs_section.jpg HTTP/1.1" 304 - "http://www.aceonlinestore.com/cgi-bin/lansaweb?procfun+wordpr01+webfunc+M37" "Mozilla/4.0 (compatible; MSIE 6.0; Windows NT 5.1; SV1; .NET CLR 1.1.4322; InfoPath.1)"
221.251.28.84 - - [19/Jun/2007:01:47:26 -0400] "GET /images/store_saws_section.jpg HTTP/1.1" 304 - "http://www.aceonlinestore.com/cgi-bin/lansaweb?procfun+wordpr01+webfunc+M37" "Mozilla/4.0 (compatible; MSIE 6.0; Windows NT 5.1; SV1; .NET CLR 1.1.4322; InfoPath.1)"
221.251.28.84 - - [19/Jun/2007:01:47:26 -0400] "GET /images/store_syringe_section.jpg HTTP/1.1" 304 - "http://www.aceonlinestore.com/cgi-bin/lansaweb?procfun+wordpr01+webfunc+M37" "Mozilla/4.0 (compatible; MSIE 6.0; Windows NT 5.1; SV1; .NET CLR 1.1.4322; InfoPath.1)"
221.251.28.84 - - [19/Jun/2007:01:47:27 -0400] "GET /images/store_xray_section.jpg HTTP/1.1" 304 - "http://www.aceonlinestore.com/cgi-bin/lansaweb?procfun+wordpr01+webfunc+M37" "Mozilla/4.0 (compatible; MSIE 6.0; Windows NT 5.1; SV1; .NET CLR 1.1.4322; InfoPath.1)"
221.251.28.84 - - [19/Jun/2007:01:47:27 -0400] "GET /images/psearch_go.gif HTTP/1.1" 304 - "http://www.aceonlinestore.com/cgi-bin/lansaweb?procfun+wordpr01+webfunc+M37" "Mozilla/4.0 (compatible; MSIE 6.0; Windows NT 5.1; SV1; .NET CLR 1.1.4322; InfoPath.1)"
221.251.28.84 - - [19/Jun/2007:01:47:28 -0400] "GET /images/store_instr_section.jpg HTTP/1.1" 304 - "http://www.aceonlinestore.com/cgi-bin/lansaweb?procfun+wordpr01+webfunc+M37" "Mozilla/4.0 (compatible; MSIE 6.0; Windows NT 5.1; SV1; .NET CLR 1.1.4322; InfoPath.1)"
221.251.28.84 - - [19/Jun/2007:01:47:28 -0400] "GET /images/store_infection_section.jpg HTTP/1.1" 304 - "http://www.aceonlinestore.com/cgi-bin/lansaweb?procfun+wordpr01+webfunc+M37" "Mozilla/4.0 (compatible; MSIE 6.0; Windows NT 5.1; SV1; .NET CLR 1.1.4322; InfoPath.1)"
221.251.28.84 - - [19/Jun/2007:01:47:28 -0400] "GET /images/store_sutures_section.jpg HTTP/1.1" 304 - "http://www.aceonlinestore.com/cgi-bin/lansaweb?procfun+wordpr01+webfunc+M37" "Mozilla/4.0 (compatible; MSIE 6.0; Windows NT 5.1; SV1; .NET CLR 1.1.4322; InfoPath.1)"
221.251.28.84 - - [19/Jun/2007:01:47:29 -0400] "GET /images/store_anesth_section.jpg HTTP/1.1" 304 - "http://www.aceonlinestore.com/cgi-bin/lansaweb?procfun+wordpr01+webfunc+M37" "Mozilla/4.0 (compatible; MSIE 6.0; Windows NT 5.1; SV1; .NET CLR 1.1.4322; InfoPath.1)"
221.251.28.84 - - [19/Jun/2007:01:47:35 -0400] "POST /CGI-BIN/LANSAWEB?WEBEVENT+LAD33740D5AF162002076097+M37+ENG HTTP/1.1" 200 29236 "http://www.aceonlinestore.com/cgi-bin/lansaweb?procfun+wordpr01+webfunc+M37" "Mozilla/4.0 (compatible; MSIE 6.0; Windows NT 5.1; SV1; .NET CLR 1.1.4322; InfoPath.1)"
221.251.28.84 - - [19/Jun/2007:01:47:37 -0400] "GET /images/ace_logo_top.jpg HTTP/1.1" 200 2702 "https://www.aceonlinestore.com/CGI-BIN/LANSAWEB?WEBEVENT+LAD33740D5AF162002076097+M37+ENG" "Mozilla/4.0 (compatible; MSIE 6.0; Windows NT 5.1; SV1; .NET CLR 1.1.4322; InfoPath.1)"
221.251.28.84 - - [19/Jun/2007:01:47:37 -0400] "GET /images/nav_upper_bgrd.jpg HTTP/1.1" 200 2954 "https://www.aceonlinestore.com/CGI-BIN/LANSAWEB?WEBEVENT+LAD33740D5AF162002076097+M37+ENG" "Mozilla/4.0 (compatible; MSIE 6.0; Windows NT 5.1; SV1; .NET CLR 1.1.4322; InfoPath.1)"
221.251.28.84 - - [19/Jun/2007:01:47:38 -0400] "GET /images/nav04_shop_off.jpg HTTP/1.1" 200 1390 "https://www.aceonlinestore.com/CGI-BIN/LANSAWEB?WEBEVENT+LAD33740D5AF162002076097+M37+ENG" "Mozilla/4.0 (compatible; MSIE 6.0; Windows NT 5.1; SV1; .NET CLR 1.1.4322; InfoPath.1)"
221.251.28.84 - - [19/Jun/2007:01:47:38 -0400] "GET /images/nav04_conven_off.jpg HTTP/1.1" 200 1341 "https://www.aceonlinestore.com/CGI-BIN/LANSAWEB?WEBEVENT+LAD33740D5AF162002076097+M37+ENG" "Mozilla/4.0 (compatible; MSIE 6.0; Windows NT 5.1; SV1; .NET CLR 1.1.4322; InfoPath.1)"
221.251.28.84 - - [19/Jun/2007:01:47:39 -0400] "GET /images/nav04_download_off.jpg HTTP/1.1" 200 1206 "https://www.aceonlinestore.com/CGI-BIN/LANSAWEB?WEBEVENT+LAD33740D5AF162002076097+M37+ENG" "Mozilla/4.0 (compatible; MSIE 6.0; Windows NT 5.1; SV1; .NET CLR 1.1.4322; InfoPath.1)"
221.251.28.84 - - [19/Jun/2007:01:47:43 -0400] "GET /images/psearch_go-over.gif HTTP/1.1" 304 - "http://www.aceonlinestore.com/cgi-bin/lansaweb?procfun+wordpr01+webfunc+M37" "Mozilla/4.0 (compatible; MSIE 6.0; Windows NT 5.1; SV1; .NET CLR 1.1.4322; InfoPath.1)"
221.251.28.84 - - [19/Jun/2007:01:47:43 -0400] "POST /CGI-BIN/LANSAWEB?WEBEVENT+LAD33740D5AC1E2002F76097+M37+ENG HTTP/1.1" 200 40563 "http://www.aceonlinestore.com/cgi-bin/lansaweb?procfun+wordpr01+webfunc+M37" "Mozilla/4.0 (compatible; MSIE 6.0; Windows NT 5.1; SV1; .NET CLR 1.1.4322; InfoPath.1)"
221.251.28.84 - - [19/Jun/2007:01:47:46 -0400] "GET /images/psearch_go-over.gif HTTP/1.1" 304 - "http://www.aceonlinestore.com/cgi-bin/lansaweb?procfun+wordpr01+webfunc+M37" "Mozilla/4.0 (compatible; MSIE 6.0; Windows NT 5.1; SV1; .NET CLR 1.1.4322; InfoPath.1)"
221.251.28.84 - - [19/Jun/2007:01:47:48 -0400] "GET /images/nav04_shop_off.jpg HTTP/1.1" 304 - "http://www.aceonlinestore.com/CGI-BIN/LANSAWEB?WEBEVENT+LAD33740D5AC1E2002F76097+M37+ENG" "Mozilla/4.0 (compatible; MSIE 6.0; Windows NT 5.1; SV1; .NET CLR 1.1.4322; InfoPath.1)"
221.251.28.84 - - [19/Jun/2007:01:47:49 -0400] "GET /images/items/05560201_THUMB.JPG HTTP/1.1" 200 3299 "http://www.aceonlinestore.com/CGI-BIN/LANSAWEB?WEBEVENT+LAD33740D5AC1E2002F76097+M37+ENG" "Mozilla/4.0 (compatible; MSIE 6.0; Windows NT 5.1; SV1; .NET CLR 1.1.4322; InfoPath.1)"
209.59.12.99 - - [19/Jun/2007:01:48:59 -0400] "GET / HTTP/1.0" 200 367 "-" "check_http/1.81 (nagios-plugins 1.4)"
221.251.28.84 - - [19/Jun/2007:01:49:14 -0400] "POST /CGI-BIN/LANSAWEB?WEBEVENT+LAD33740B5FB152004AF6097+M37+ENG HTTP/1.1" 200 40561 "http://www.aceonlinestore.com/CGI-BIN/LANSAWEB?WEBEVENT+LAD33740D5AC1E2002F76097+M37+ENG" "Mozilla/4.0 (compatible; MSIE 6.0; Windows NT 5.1; SV1; .NET CLR 1.1.4322; InfoPath.1)"
209.59.12.99 - - [19/Jun/2007:01:53:59 -0400] "GET / HTTP/1.0" 200 367 "-" "check_http/1.81 (nagios-plugins 1.4)"
209.59.12.99 - - [19/Jun/2007:01:58:59 -0400] "GET / HTTP/1.0" 200 367 "-" "check_http/1.81 (nagios-plugins 1.4)"
71.139.170.126 - - [19/Jun/2007:02:02:41 -0400] "GET /images/monthly_specials.jpg HTTP/1.1" 200 49916 "http://by108fd.bay108.hotmail.msn.com/cgi-bin/getmsg?a=5e4730d65a8c9bafd55f594aae5b2aa8dc9fa81623326f367d700889a2cc7673&curmbox=00000000%252d0000%252d0000%252d0000%252d000000000001&msg=9FEFB9D5-8569-492E-8FBF-4F54F175C24A&wo=&js=&_HMaction=MoveTo&cmd=&IsAddressedToUser=&tobox=1EFBB6B1-FAC0-4922-BBB0-D573C1521890" "Mozilla/5.0 (Macintosh; U; PPC Mac OS X Mach-O; en-US; rv:1.8.1.4) Gecko/20070515 Firefox/2.0.0.4"
209.59.12.99 - - [19/Jun/2007:02:03:58 -0400] "GET / HTTP/1.0" 200 367 "-" "check_http/1.81 (nagios-plugins 1.4)"
209.59.12.99 - - [19/Jun/2007:02:08:58 -0400] "GET / HTTP/1.0" 200 367 "-" "check_http/1.81 (nagios-plugins 1.4)"
209.59.12.99 - - [19/Jun/2007:02:13:59 -0400] "GET / HTTP/1.0" 200 367 "-" "check_http/1.81 (nagios-plugins 1.4)"
71.127.228.21 - - [19/Jun/2007:02:18:25 -0400] "GET /images/monthly_specials.jpg HTTP/1.1" 304 - "-" "Mozilla/4.0 (compatible; MSIE 7.0; Windows NT 5.1; .NET CLR 1.1.4322)"
209.59.12.99 - - [19/Jun/2007:02:18:59 -0400] "GET / HTTP/1.0" 200 367 "-" "check_http/1.81 (nagios-plugins 1.4)"
71.236.212.208 - - [19/Jun/2007:02:21:29 -0400] "GET /cgi-bin/lansaweb?procfun+wordpr01+webfunc+M37 HTTP/1.1" 200 38202 "http://www.acesurgical.com/home_June07.html" "Mozilla/4.0 (compatible; MSIE 6.0; Windows NT 5.1; .NET CLR 1.1.4322)"
71.236.212.208 - - [19/Jun/2007:02:21:30 -0400] "GET /images/ace_logo_top.jpg HTTP/1.1" 200 2702 "http://www.aceonlinestore.com/cgi-bin/lansaweb?procfun+wordpr01+webfunc+M37" "Mozilla/4.0 (compatible; MSIE 6.0; Windows NT 5.1; .NET CLR 1.1.4322)"
71.236.212.208 - - [19/Jun/2007:02:21:30 -0400] "GET /images/nav04_shop_over.jpg HTTP/1.1" 200 1722 "http://www.aceonlinestore.com/cgi-bin/lansaweb?procfun+wordpr01+webfunc+M37" "Mozilla/4.0 (compatible; MSIE 6.0; Windows NT 5.1; .NET CLR 1.1.4322)"
71.236.212.208 - - [19/Jun/2007:02:21:30 -0400] "GET /images/nav04_conven_off.jpg HTTP/1.1" 200 1341 "http://www.aceonlinestore.com/cgi-bin/lansaweb?procfun+wordpr01+webfunc+M37" "Mozilla/4.0 (compatible; MSIE 6.0; Windows NT 5.1; .NET CLR 1.1.4322)"
71.236.212.208 - - [19/Jun/2007:02:21:31 -0400] "GET /images/nav04_download_off.jpg HTTP/1.1" 200 1206 "http://www.aceonlinestore.com/cgi-bin/lansaweb?procfun+wordpr01+webfunc+M37" "Mozilla/4.0 (compatible; MSIE 6.0; Windows NT 5.1; .NET CLR 1.1.4322)"
71.236.212.208 - - [19/Jun/2007:02:21:31 -0400] "GET /images/nav04_contact_off.jpg HTTP/1.1" 200 965 "http://www.aceonlinestore.com/cgi-bin/lansaweb?procfun+wordpr01+webfunc+M37" "Mozilla/4.0 (compatible; MSIE 6.0; Windows NT 5.1; .NET CLR 1.1.4322)"
71.236.212.208 - - [19/Jun/2007:02:21:31 -0400] "GET /images/ace_logo_bottom.jpg HTTP/1.1" 200 2447 "http://www.aceonlinestore.com/cgi-bin/lansaweb?procfun+wordpr01+webfunc+M37" "Mozilla/4.0 (compatible; MSIE 6.0; Windows NT 5.1; .NET CLR 1.1.4322)"
71.236.212.208 - - [19/Jun/2007:02:21:31 -0400] "GET /images/nav_store_head.jpg HTTP/1.1" 200 1953 "http://www.aceonlinestore.com/cgi-bin/lansaweb?procfun+wordpr01+webfunc+M37" "Mozilla/4.0 (compatible; MSIE 6.0; Windows NT 5.1; .NET CLR 1.1.4322)"
71.236.212.208 - - [19/Jun/2007:02:21:31 -0400] "GET /images/nav_store_index_off.jpg HTTP/1.1" 200 922 "http://www.aceonlinestore.com/cgi-bin/lansaweb?procfun+wordpr01+webfunc+M37" "Mozilla/4.0 (compatible; MSIE 6.0; Windows NT 5.1; .NET CLR 1.1.4322)"
71.236.212.208 - - [19/Jun/2007:02:21:33 -0400] "GET /images/nav04_about_off.jpg HTTP/1.1" 200 1255 "http://www.aceonlinestore.com/cgi-bin/lansaweb?procfun+wordpr01+webfunc+M37" "Mozilla/4.0 (compatible; MSIE 6.0; Windows NT 5.1; .NET CLR 1.1.4322)"
71.236.212.208 - - [19/Jun/2007:02:21:33 -0400] "GET /images/nav_upper_bgrd.jpg HTTP/1.1" 200 2954 "http://www.aceonlinestore.com/cgi-bin/lansaweb?procfun+wordpr01+webfunc+M37" "Mozilla/4.0 (compatible; MSIE 6.0; Windows NT 5.1; .NET CLR 1.1.4322)"
71.236.212.208 - - [19/Jun/2007:02:21:33 -0400] "GET /images/nav_lower_bgrd.jpg HTTP/1.1" 200 2321 "http://www.aceonlinestore.com/cgi-bin/lansaweb?procfun+wordpr01+webfunc+M37" "Mozilla/4.0 (compatible; MSIE 6.0; Windows NT 5.1; .NET CLR 1.1.4322)"
71.236.212.208 - - [19/Jun/2007:02:21:34 -0400] "GET /images/spacer.gif HTTP/1.1" 200 55 "http://www.aceonlinestore.com/cgi-bin/lansaweb?procfun+wordpr01+webfunc+M37" "Mozilla/4.0 (compatible; MSIE 6.0; Windows NT 5.1; .NET CLR 1.1.4322)"
71.236.212.208 - - [19/Jun/2007:02:21:34 -0400] "GET /images/login.gif HTTP/1.1" 200 166 "http://www.aceonlinestore.com/cgi-bin/lansaweb?procfun+wordpr01+webfunc+M37" "Mozilla/4.0 (compatible; MSIE 6.0; Windows NT 5.1; .NET CLR 1.1.4322)"
71.236.212.208 - - [19/Jun/2007:02:21:34 -0400] "GET /images/login_go.gif HTTP/1.1" 200 296 "http://www.aceonlinestore.com/cgi-bin/lansaweb?procfun+wordpr01+webfunc+M37" "Mozilla/4.0 (compatible; MSIE 6.0; Windows NT 5.1; .NET CLR 1.1.4322)"
71.236.212.208 - - [19/Jun/2007:02:21:34 -0400] "GET /images/search.gif HTTP/1.1" 200 614 "http://www.aceonlinestore.com/cgi-bin/lansaweb?procfun+wordpr01+webfunc+M37" "Mozilla/4.0 (compatible; MSIE 6.0; Windows NT 5.1; .NET CLR 1.1.4322)"
71.236.212.208 - - [19/Jun/2007:02:21:34 -0400] "GET /images/psearch_go.gif HTTP/1.1" 200 296 "http://www.aceonlinestore.com/cgi-bin/lansaweb?procfun+wordpr01+webfunc+M37" "Mozilla/4.0 (compatible; MSIE 6.0; Windows NT 5.1; .NET CLR 1.1.4322)"
71.236.212.208 - - [19/Jun/2007:02:21:34 -0400] "GET /images/sale_promo-icon.gif HTTP/1.1" 200 402 "http://www.aceonlinestore.com/cgi-bin/lansaweb?procfun+wordpr01+webfunc+M37" "Mozilla/4.0 (compatible; MSIE 6.0; Windows NT 5.1; .NET CLR 1.1.4322)"
71.236.212.208 - - [19/Jun/2007:02:21:34 -0400] "GET /images/store_anesth_section.jpg HTTP/1.1" 200 10123 "http://www.aceonlinestore.com/cgi-bin/lansaweb?procfun+wordpr01+webfunc+M37" "Mozilla/4.0 (compatible; MSIE 6.0; Windows NT 5.1; .NET CLR 1.1.4322)"
71.236.212.208 - - [19/Jun/2007:02:21:35 -0400] "GET /images/store_cardiac_section.jpg HTTP/1.1" 200 25730 "http://www.aceonlinestore.com/cgi-bin/lansaweb?procfun+wordpr01+webfunc+M37" "Mozilla/4.0 (compatible; MSIE 6.0; Windows NT 5.1; .NET CLR 1.1.4322)"
71.236.212.208 - - [19/Jun/2007:02:21:35 -0400] "GET /images/store_implant_section.jpg HTTP/1.1" 200 8001 "http://www.aceonlinestore.com/cgi-bin/lansaweb?procfun+wordpr01+webfunc+M37" "Mozilla/4.0 (compatible; MSIE 6.0; Windows NT 5.1; .NET CLR 1.1.4322)"
71.236.212.208 - - [19/Jun/2007:02:21:37 -0400] "GET /images/store_bone_section2.jpg HTTP/1.1" 200 21458 "http://www.aceonlinestore.com/cgi-bin/lansaweb?procfun+wordpr01+webfunc+M37" "Mozilla/4.0 (compatible; MSIE 6.0; Windows NT 5.1; .NET CLR 1.1.4322)"
71.236.212.208 - - [19/Jun/2007:02:21:38 -0400] "GET /images/store_gauze_section.jpg HTTP/1.1" 200 24119 "http://www.aceonlinestore.com/cgi-bin/lansaweb?procfun+wordpr01+webfunc+M37" "Mozilla/4.0 (compatible; MSIE 6.0; Windows NT 5.1; .NET CLR 1.1.4322)"
71.236.212.208 - - [19/Jun/2007:02:21:38 -0400] "GET /images/store_infection_section.jpg HTTP/1.1" 200 25264 "http://www.aceonlinestore.com/cgi-bin/lansaweb?procfun+wordpr01+webfunc+M37" "Mozilla/4.0 (compatible; MSIE 6.0; Windows NT 5.1; .NET CLR 1.1.4322)"
71.236.212.208 - - [19/Jun/2007:02:21:38 -0400] "GET /images/store_handpc_section.jpg HTTP/1.1" 200 23958 "http://www.aceonlinestore.com/cgi-bin/lansaweb?procfun+wordpr01+webfunc+M37" "Mozilla/4.0 (compatible; MSIE 6.0; Windows NT 5.1; .NET CLR 1.1.4322)"
71.236.212.208 - - [19/Jun/2007:02:21:38 -0400] "GET /images/store_irrigate_section.gif HTTP/1.1" 200 10336 "http://www.aceonlinestore.com/cgi-bin/lansaweb?procfun+wordpr01+webfunc+M37" "Mozilla/4.0 (compatible; MSIE 6.0; Windows NT 5.1; .NET CLR 1.1.4322)"
71.236.212.208 - - [19/Jun/2007:02:21:38 -0400] "GET /images/store_iv_admin_section.jpg HTTP/1.1" 200 9115 "http://www.aceonlinestore.com/cgi-bin/lansaweb?procfun+wordpr01+webfunc+M37" "Mozilla/4.0 (compatible; MSIE 6.0; Windows NT 5.1; .NET CLR 1.1.4322)"
71.236.212.208 - - [19/Jun/2007:02:21:39 -0400] "GET /images/store_assess_section.jpg HTTP/1.1" 200 10059 "http://www.aceonlinestore.com/cgi-bin/lansaweb?procfun+wordpr01+webfunc+M37" "Mozilla/4.0 (compatible; MSIE 6.0; Windows NT 5.1; .NET CLR 1.1.4322)"
71.236.212.208 - - [19/Jun/2007:02:21:39 -0400] "GET /images/store_pharma_section.jpg HTTP/1.1" 200 7953 "http://www.aceonlinestore.com/cgi-bin/lansaweb?procfun+wordpr01+webfunc+M37" "Mozilla/4.0 (compatible; MSIE 6.0; Windows NT 5.1; .NET CLR 1.1.4322)"
71.236.212.208 - - [19/Jun/2007:02:21:39 -0400] "GET /images/store_sterile_section.jpg HTTP/1.1" 200 9274 "http://www.aceonlinestore.com/cgi-bin/lansaweb?procfun+wordpr01+webfunc+M37" "Mozilla/4.0 (compatible; MSIE 6.0; Windows NT 5.1; .NET CLR 1.1.4322)"
71.236.212.208 - - [19/Jun/2007:02:21:39 -0400] "GET /images/store_blades_section.jpg HTTP/1.1" 200 24174 "http://www.aceonlinestore.com/cgi-bin/lansaweb?procfun+wordpr01+webfunc+M37" "Mozilla/4.0 (compatible; MSIE 6.0; Windows NT 5.1; .NET CLR 1.1.4322)"
71.236.212.208 - - [19/Jun/2007:02:21:39 -0400] "GET /images/store_saws_section.jpg HTTP/1.1" 200 10028 "http://www.aceonlinestore.com/cgi-bin/lansaweb?procfun+wordpr01+webfunc+M37" "Mozilla/4.0 (compatible; MSIE 6.0; Windows NT 5.1; .NET CLR 1.1.4322)"
71.236.212.208 - - [19/Jun/2007:02:21:40 -0400] "GET /images/store_burs_section.jpg HTTP/1.1" 200 10892 "http://www.aceonlinestore.com/cgi-bin/lansaweb?procfun+wordpr01+webfunc+M37" "Mozilla/4.0 (compatible; MSIE 6.0; Windows NT 5.1; .NET CLR 1.1.4322)"
71.236.212.208 - - [19/Jun/2007:02:21:40 -0400] "GET /images/store_syringe_section.jpg HTTP/1.1" 200 9321 "http://www.aceonlinestore.com/cgi-bin/lansaweb?procfun+wordpr01+webfunc+M37" "Mozilla/4.0 (compatible; MSIE 6.0; Windows NT 5.1; .NET CLR 1.1.4322)"
71.236.212.208 - - [19/Jun/2007:02:21:40 -0400] "GET /images/store_xray_section.jpg HTTP/1.1" 200 8861 "http://www.aceonlinestore.com/cgi-bin/lansaweb?procfun+wordpr01+webfunc+M37" "Mozilla/4.0 (compatible; MSIE 6.0; Windows NT 5.1; .NET CLR 1.1.4322)"
71.236.212.208 - - [19/Jun/2007:02:21:40 -0400] "GET /images/store_sutures_section.jpg HTTP/1.1" 200 28375 "http://www.aceonlinestore.com/cgi-bin/lansaweb?procfun+wordpr01+webfunc+M37" "Mozilla/4.0 (compatible; MSIE 6.0; Windows NT 5.1; .NET CLR 1.1.4322)"
71.236.212.208 - - [19/Jun/2007:02:21:40 -0400] "GET /images/store_anesth_section.jpg HTTP/1.1" 200 10123 "http://www.aceonlinestore.com/cgi-bin/lansaweb?procfun+wordpr01+webfunc+M37" "Mozilla/4.0 (compatible; MSIE 6.0; Windows NT 5.1; .NET CLR 1.1.4322)"
71.236.212.208 - - [19/Jun/2007:02:21:40 -0400] "GET /images/store_bone_section2.jpg HTTP/1.1" 200 21458 "http://www.aceonlinestore.com/cgi-bin/lansaweb?procfun+wordpr01+webfunc+M37" "Mozilla/4.0 (compatible; MSIE 6.0; Windows NT 5.1; .NET CLR 1.1.4322)"
71.236.212.208 - - [19/Jun/2007:02:21:41 -0400] "GET /images/store_instr_section.jpg HTTP/1.1" 200 26432 "http://www.aceonlinestore.com/cgi-bin/lansaweb?procfun+wordpr01+webfunc+M37" "Mozilla/4.0 (compatible; MSIE 6.0; Windows NT 5.1; .NET CLR 1.1.4322)"
71.236.212.208 - - [19/Jun/2007:02:21:41 -0400] "GET /images/store_irrigate_section.gif HTTP/1.1" 200 10336 "http://www.aceonlinestore.com/cgi-bin/lansaweb?procfun+wordpr01+webfunc+M37" "Mozilla/4.0 (compatible; MSIE 6.0; Windows NT 5.1; .NET CLR 1.1.4322)"
71.236.212.208 - - [19/Jun/2007:02:21:41 -0400] "GET /images/store_iv_admin_section.jpg HTTP/1.1" 200 9115 "http://www.aceonlinestore.com/cgi-bin/lansaweb?procfun+wordpr01+webfunc+M37" "Mozilla/4.0 (compatible; MSIE 6.0; Windows NT 5.1; .NET CLR 1.1.4322)"
71.236.212.208 - - [19/Jun/2007:02:21:44 -0400] "GET /favicon.ico HTTP/1.1" 404 209 "-" "Mozilla/5.0 (compatible; Google Desktop)"
71.236.212.208 - - [19/Jun/2007:02:21:48 -0400] "GET /images/store_iv_admin_section.jpg HTTP/1.1" 200 9115 "http://www.aceonlinestore.com/cgi-bin/lansaweb?procfun+wordpr01+webfunc+M37" "Mozilla/4.0 (compatible; MSIE 6.0; Windows NT 5.1; .NET CLR 1.1.4322)"
71.236.212.208 - - [19/Jun/2007:02:21:48 -0400] "GET /images/store_irrigate_section.gif HTTP/1.1" 200 10336 "http://www.aceonlinestore.com/cgi-bin/lansaweb?procfun+wordpr01+webfunc+M37" "Mozilla/4.0 (compatible; MSIE 6.0; Windows NT 5.1; .NET CLR 1.1.4322)"
71.236.212.208 - - [19/Jun/2007:02:21:49 -0400] "GET /images/store_instr_section.jpg HTTP/1.1" 200 26432 "http://www.aceonlinestore.com/cgi-bin/lansaweb?procfun+wordpr01+webfunc+M37" "Mozilla/4.0 (compatible; MSIE 6.0; Windows NT 5.1; .NET CLR 1.1.4322)"
71.236.212.208 - - [19/Jun/2007:02:21:49 -0400] "GET /images/store_infection_section.jpg HTTP/1.1" 200 25264 "http://www.aceonlinestore.com/cgi-bin/lansaweb?procfun+wordpr01+webfunc+M37" "Mozilla/4.0 (compatible; MSIE 6.0; Windows NT 5.1; .NET CLR 1.1.4322)"
71.236.212.208 - - [19/Jun/2007:02:21:49 -0400] "GET /images/over-store_handpc_section.jpg HTTP/1.1" 200 8331 "http://www.aceonlinestore.com/cgi-bin/lansaweb?procfun+wordpr01+webfunc+M37" "Mozilla/4.0 (compatible; MSIE 6.0; Windows NT 5.1; .NET CLR 1.1.4322)"
71.236.212.208 - - [19/Jun/2007:02:21:50 -0400] "POST /CGI-BIN/LANSAWEB?WEBEVENT+LAD337B0751412200D756098+M37+ENG HTTP/1.1" 200 38198 "http://www.aceonlinestore.com/cgi-bin/lansaweb?procfun+wordpr01+webfunc+M37" "Mozilla/4.0 (compatible; MSIE 6.0; Windows NT 5.1; .NET CLR 1.1.4322)"
71.236.212.208 - - [19/Jun/2007:02:21:52 -0400] "GET /images/nav04_about_off.jpg HTTP/1.1" 200 1255 "http://www.aceonlinestore.com/CGI-BIN/LANSAWEB?WEBEVENT+LAD337B0751412200D756098+M37+ENG" "Mozilla/4.0 (compatible; MSIE 6.0; Windows NT 5.1; .NET CLR 1.1.4322)"
71.236.212.208 - - [19/Jun/2007:02:21:53 -0400] "GET /images/ace_logo_top.jpg HTTP/1.1" 200 2702 "http://www.aceonlinestore.com/CGI-BIN/LANSAWEB?WEBEVENT+LAD337B0751412200D756098+M37+ENG" "Mozilla/4.0 (compatible; MSIE 6.0; Windows NT 5.1; .NET CLR 1.1.4322)"
71.236.212.208 - - [19/Jun/2007:02:21:53 -0400] "GET /images/nav04_shop_off.jpg HTTP/1.1" 200 1390 "http://www.aceonlinestore.com/CGI-BIN/LANSAWEB?WEBEVENT+LAD337B0751412200D756098+M37+ENG" "Mozilla/4.0 (compatible; MSIE 6.0; Windows NT 5.1; .NET CLR 1.1.4322)"
71.236.212.208 - - [19/Jun/2007:02:21:53 -0400] "GET /images/nav04_conven_off.jpg HTTP/1.1" 200 1341 "http://www.aceonlinestore.com/CGI-BIN/LANSAWEB?WEBEVENT+LAD337B0751412200D756098+M37+ENG" "Mozilla/4.0 (compatible; MSIE 6.0; Windows NT 5.1; .NET CLR 1.1.4322)"
71.236.212.208 - - [19/Jun/2007:02:21:53 -0400] "GET /images/nav04_download_off.jpg HTTP/1.1" 200 1206 "http://www.aceonlinestore.com/CGI-BIN/LANSAWEB?WEBEVENT+LAD337B0751412200D756098+M37+ENG" "Mozilla/4.0 (compatible; MSIE 6.0; Windows NT 5.1; .NET CLR 1.1.4322)"
71.236.212.208 - - [19/Jun/2007:02:21:53 -0400] "GET /images/nav04_contact_off.jpg HTTP/1.1" 200 965 "http://www.aceonlinestore.com/CGI-BIN/LANSAWEB?WEBEVENT+LAD337B0751412200D756098+M37+ENG" "Mozilla/4.0 (compatible; MSIE 6.0; Windows NT 5.1; .NET CLR 1.1.4322)"
71.236.212.208 - - [19/Jun/2007:02:21:53 -0400] "GET /images/ace_logo_bottom.jpg HTTP/1.1" 200 2447 "http://www.aceonlinestore.com/CGI-BIN/LANSAWEB?WEBEVENT+LAD337B0751412200D756098+M37+ENG" "Mozilla/4.0 (compatible; MSIE 6.0; Windows NT 5.1; .NET CLR 1.1.4322)"
71.236.212.208 - - [19/Jun/2007:02:21:53 -0400] "GET /images/nav_store_head.jpg HTTP/1.1" 200 1953 "http://www.aceonlinestore.com/CGI-BIN/LANSAWEB?WEBEVENT+LAD337B0751412200D756098+M37+ENG" "Mozilla/4.0 (compatible; MSIE 6.0; Windows NT 5.1; .NET CLR 1.1.4322)"
71.236.212.208 - - [19/Jun/2007:02:21:53 -0400] "GET /images/nav_store_index_off.jpg HTTP/1.1" 200 922 "http://www.aceonlinestore.com/CGI-BIN/LANSAWEB?WEBEVENT+LAD337B0751412200D756098+M37+ENG" "Mozilla/4.0 (compatible; MSIE 6.0; Windows NT 5.1; .NET CLR 1.1.4322)"
71.236.212.208 - - [19/Jun/2007:02:21:53 -0400] "GET /images/login.gif HTTP/1.1" 200 166 "http://www.aceonlinestore.com/CGI-BIN/LANSAWEB?WEBEVENT+LAD337B0751412200D756098+M37+ENG" "Mozilla/4.0 (compatible; MSIE 6.0; Windows NT 5.1; .NET CLR 1.1.4322)"
71.236.212.208 - - [19/Jun/2007:02:21:54 -0400] "GET /images/spacer.gif HTTP/1.1" 200 55 "http://www.aceonlinestore.com/CGI-BIN/LANSAWEB?WEBEVENT+LAD337B0751412200D756098+M37+ENG" "Mozilla/4.0 (compatible; MSIE 6.0; Windows NT 5.1; .NET CLR 1.1.4322)"
71.236.212.208 - - [19/Jun/2007:02:21:54 -0400] "GET /images/nav_upper_bgrd.jpg HTTP/1.1" 200 2954 "http://www.aceonlinestore.com/CGI-BIN/LANSAWEB?WEBEVENT+LAD337B0751412200D756098+M37+ENG" "Mozilla/4.0 (compatible; MSIE 6.0; Windows NT 5.1; .NET CLR 1.1.4322)"
71.236.212.208 - - [19/Jun/2007:02:21:54 -0400] "GET /images/nav_lower_bgrd.jpg HTTP/1.1" 200 2321 "http://www.aceonlinestore.com/CGI-BIN/LANSAWEB?WEBEVENT+LAD337B0751412200D756098+M37+ENG" "Mozilla/4.0 (compatible; MSIE 6.0; Windows NT 5.1; .NET CLR 1.1.4322)"
71.236.212.208 - - [19/Jun/2007:02:21:54 -0400] "GET /images/login_go.gif HTTP/1.1" 200 296 "http://www.aceonlinestore.com/CGI-BIN/LANSAWEB?WEBEVENT+LAD337B0751412200D756098+M37+ENG" "Mozilla/4.0 (compatible; MSIE 6.0; Windows NT 5.1; .NET CLR 1.1.4322)"
71.236.212.208 - - [19/Jun/2007:02:21:54 -0400] "GET /images/search.gif HTTP/1.1" 200 614 "http://www.aceonlinestore.com/CGI-BIN/LANSAWEB?WEBEVENT+LAD337B0751412200D756098+M37+ENG" "Mozilla/4.0 (compatible; MSIE 6.0; Windows NT 5.1; .NET CLR 1.1.4322)"
71.236.212.208 - - [19/Jun/2007:02:21:54 -0400] "GET /images/psearch_go.gif HTTP/1.1" 200 296 "http://www.aceonlinestore.com/CGI-BIN/LANSAWEB?WEBEVENT+LAD337B0751412200D756098+M37+ENG" "Mozilla/4.0 (compatible; MSIE 6.0; Windows NT 5.1; .NET CLR 1.1.4322)"
71.236.212.208 - - [19/Jun/2007:02:21:54 -0400] "GET /images/sale_promo-icon.gif HTTP/1.1" 200 402 "http://www.aceonlinestore.com/CGI-BIN/LANSAWEB?WEBEVENT+LAD337B0751412200D756098+M37+ENG" "Mozilla/4.0 (compatible; MSIE 6.0; Windows NT 5.1; .NET CLR 1.1.4322)"
71.236.212.208 - - [19/Jun/2007:02:21:54 -0400] "GET /images/index4_accessories.jpg HTTP/1.1" 200 4426 "http://www.aceonlinestore.com/CGI-BIN/LANSAWEB?WEBEVENT+LAD337B0751412200D756098+M37+ENG" "Mozilla/4.0 (compatible; MSIE 6.0; Windows NT 5.1; .NET CLR 1.1.4322)"
71.236.212.208 - - [19/Jun/2007:02:21:54 -0400] "GET /images/index4_halltype1.jpg HTTP/1.1" 200 1909 "http://www.aceonlinestore.com/CGI-BIN/LANSAWEB?WEBEVENT+LAD337B0751412200D756098+M37+ENG" "Mozilla/4.0 (compatible; MSIE 6.0; Windows NT 5.1; .NET CLR 1.1.4322)"
71.236.212.208 - - [19/Jun/2007:02:21:54 -0400] "GET /images/index4_hose.jpg HTTP/1.1" 200 3567 "http://www.aceonlinestore.com/CGI-BIN/LANSAWEB?WEBEVENT+LAD337B0751412200D756098+M37+ENG" "Mozilla/4.0 (compatible; MSIE 6.0; Windows NT 5.1; .NET CLR 1.1.4322)"
71.236.212.208 - - [19/Jun/2007:02:21:55 -0400] "GET /images/index4_bur.jpg HTTP/1.1" 200 2159 "http://www.aceonlinestore.com/CGI-BIN/LANSAWEB?WEBEVENT+LAD337B0751412200D756098+M37+ENG" "Mozilla/4.0 (compatible; MSIE 6.0; Windows NT 5.1; .NET CLR 1.1.4322)"
71.236.212.208 - - [19/Jun/2007:02:21:55 -0400] "GET /images/index4_impairhand.jpg HTTP/1.1" 200 1820 "http://www.aceonlinestore.com/CGI-BIN/LANSAWEB?WEBEVENT+LAD337B0751412200D756098+M37+ENG" "Mozilla/4.0 (compatible; MSIE 6.0; Windows NT 5.1; .NET CLR 1.1.4322)"
71.236.212.208 - - [19/Jun/2007:02:21:55 -0400] "GET /images/index4_conanglehp.jpg HTTP/1.1" 200 3196 "http://www.aceonlinestore.com/CGI-BIN/LANSAWEB?WEBEVENT+LAD337B0751412200D756098+M37+ENG" "Mozilla/4.0 (compatible; MSIE 6.0; Windows NT 5.1; .NET CLR 1.1.4322)"
71.236.212.208 - - [19/Jun/2007:02:21:55 -0400] "GET /images/index4_elcomed.jpg HTTP/1.1" 200 3273 "http://www.aceonlinestore.com/CGI-BIN/LANSAWEB?WEBEVENT+LAD337B0751412200D756098+M37+ENG" "Mozilla/4.0 (compatible; MSIE 6.0; Windows NT 5.1; .NET CLR 1.1.4322)"
71.236.212.208 - - [19/Jun/2007:02:21:55 -0400] "GET /images/index4_straigthand.jpg HTTP/1.1" 200 3006 "http://www.aceonlinestore.com/CGI-BIN/LANSAWEB?WEBEVENT+LAD337B0751412200D756098+M37+ENG" "Mozilla/4.0 (compatible; MSIE 6.0; Windows NT 5.1; .NET CLR 1.1.4322)"
71.236.212.208 - - [19/Jun/2007:02:21:55 -0400] "GET /images/index4_surgidrill.jpg HTTP/1.1" 200 2040 "http://www.aceonlinestore.com/CGI-BIN/LANSAWEB?WEBEVENT+LAD337B0751412200D756098+M37+ENG" "Mozilla/4.0 (compatible; MSIE 6.0; Windows NT 5.1; .NET CLR 1.1.4322)"
71.236.212.208 - - [19/Jun/2007:02:21:55 -0400] "GET /images/index4_oils&lub.jpg HTTP/1.1" 200 3657 "http://www.aceonlinestore.com/CGI-BIN/LANSAWEB?WEBEVENT+LAD337B0751412200D756098+M37+ENG" "Mozilla/4.0 (compatible; MSIE 6.0; Windows NT 5.1; .NET CLR 1.1.4322)"
71.236.212.208 - - [19/Jun/2007:02:22:07 -0400] "GET /images/index4_halltype1.jpg HTTP/1.1" 200 1909 "http://www.aceonlinestore.com/CGI-BIN/LANSAWEB?WEBEVENT+LAD337B0751412200D756098+M37+ENG" "Mozilla/4.0 (compatible; MSIE 6.0; Windows NT 5.1; .NET CLR 1.1.4322)"
71.236.212.208 - - [19/Jun/2007:02:22:07 -0400] "GET /images/index4_bur.jpg HTTP/1.1" 200 2159 "http://www.aceonlinestore.com/CGI-BIN/LANSAWEB?WEBEVENT+LAD337B0751412200D756098+M37+ENG" "Mozilla/4.0 (compatible; MSIE 6.0; Windows NT 5.1; .NET CLR 1.1.4322)"
71.236.212.208 - - [19/Jun/2007:02:22:09 -0400] "GET /cgi-bin/lansaweb?procfun+wordpr01+webfunc+M37 HTTP/1.1" 200 38202 "http://www.acesurgical.com/home_June07.html" "Mozilla/4.0 (compatible; MSIE 6.0; Windows NT 5.1; .NET CLR 1.1.4322)"
71.236.212.208 - - [19/Jun/2007:02:22:10 -0400] "GET /images/ace_logo_top.jpg HTTP/1.1" 200 2702 "http://www.aceonlinestore.com/cgi-bin/lansaweb?procfun+wordpr01+webfunc+M37" "Mozilla/4.0 (compatible; MSIE 6.0; Windows NT 5.1; .NET CLR 1.1.4322)"
71.236.212.208 - - [19/Jun/2007:02:22:10 -0400] "GET /images/nav04_about_off.jpg HTTP/1.1" 200 1255 "http://www.aceonlinestore.com/cgi-bin/lansaweb?procfun+wordpr01+webfunc+M37" "Mozilla/4.0 (compatible; MSIE 6.0; Windows NT 5.1; .NET CLR 1.1.4322)"
71.236.212.208 - - [19/Jun/2007:02:22:11 -0400] "GET /images/nav04_shop_over.jpg HTTP/1.1" 200 1722 "http://www.aceonlinestore.com/cgi-bin/lansaweb?procfun+wordpr01+webfunc+M37" "Mozilla/4.0 (compatible; MSIE 6.0; Windows NT 5.1; .NET CLR 1.1.4322)"
71.236.212.208 - - [19/Jun/2007:02:22:11 -0400] "GET /images/nav04_conven_off.jpg HTTP/1.1" 200 1341 "http://www.aceonlinestore.com/cgi-bin/lansaweb?procfun+wordpr01+webfunc+M37" "Mozilla/4.0 (compatible; MSIE 6.0; Windows NT 5.1; .NET CLR 1.1.4322)"
71.236.212.208 - - [19/Jun/2007:02:22:11 -0400] "GET /images/nav04_download_off.jpg HTTP/1.1" 200 1206 "http://www.aceonlinestore.com/cgi-bin/lansaweb?procfun+wordpr01+webfunc+M37" "Mozilla/4.0 (compatible; MSIE 6.0; Windows NT 5.1; .NET CLR 1.1.4322)"
71.236.212.208 - - [19/Jun/2007:02:22:11 -0400] "GET /images/nav04_contact_off.jpg HTTP/1.1" 200 965 "http://www.aceonlinestore.com/cgi-bin/lansaweb?procfun+wordpr01+webfunc+M37" "Mozilla/4.0 (compatible; MSIE 6.0; Windows NT 5.1; .NET CLR 1.1.4322)"
71.236.212.208 - - [19/Jun/2007:02:22:11 -0400] "GET /images/ace_logo_bottom.jpg HTTP/1.1" 200 2447 "http://www.aceonlinestore.com/cgi-bin/lansaweb?procfun+wordpr01+webfunc+M37" "Mozilla/4.0 (compatible; MSIE 6.0; Windows NT 5.1; .NET CLR 1.1.4322)"
71.236.212.208 - - [19/Jun/2007:02:22:11 -0400] "GET /images/nav_store_head.jpg HTTP/1.1" 200 1953 "http://www.aceonlinestore.com/cgi-bin/lansaweb?procfun+wordpr01+webfunc+M37" "Mozilla/4.0 (compatible; MSIE 6.0; Windows NT 5.1; .NET CLR 1.1.4322)"
71.236.212.208 - - [19/Jun/2007:02:22:11 -0400] "GET /images/nav_store_index_off.jpg HTTP/1.1" 200 922 "http://www.aceonlinestore.com/cgi-bin/lansaweb?procfun+wordpr01+webfunc+M37" "Mozilla/4.0 (compatible; MSIE 6.0; Windows NT 5.1; .NET CLR 1.1.4322)"
71.236.212.208 - - [19/Jun/2007:02:22:11 -0400] "GET /images/nav_upper_bgrd.jpg HTTP/1.1" 200 2954 "http://www.aceonlinestore.com/cgi-bin/lansaweb?procfun+wordpr01+webfunc+M37" "Mozilla/4.0 (compatible; MSIE 6.0; Windows NT 5.1; .NET CLR 1.1.4322)"
71.236.212.208 - - [19/Jun/2007:02:22:11 -0400] "GET /images/nav_lower_bgrd.jpg HTTP/1.1" 200 2321 "http://www.aceonlinestore.com/cgi-bin/lansaweb?procfun+wordpr01+webfunc+M37" "Mozilla/4.0 (compatible; MSIE 6.0; Windows NT 5.1; .NET CLR 1.1.4322)"
71.236.212.208 - - [19/Jun/2007:02:22:11 -0400] "GET /images/spacer.gif HTTP/1.1" 200 55 "http://www.aceonlinestore.com/cgi-bin/lansaweb?procfun+wordpr01+webfunc+M37" "Mozilla/4.0 (compatible; MSIE 6.0; Windows NT 5.1; .NET CLR 1.1.4322)"
71.236.212.208 - - [19/Jun/2007:02:22:12 -0400] "GET /images/login.gif HTTP/1.1" 200 166 "http://www.aceonlinestore.com/cgi-bin/lansaweb?procfun+wordpr01+webfunc+M37" "Mozilla/4.0 (compatible; MSIE 6.0; Windows NT 5.1; .NET CLR 1.1.4322)"
71.236.212.208 - - [19/Jun/2007:02:22:12 -0400] "GET /images/login_go.gif HTTP/1.1" 200 296 "http://www.aceonlinestore.com/cgi-bin/lansaweb?procfun+wordpr01+webfunc+M37" "Mozilla/4.0 (compatible; MSIE 6.0; Windows NT 5.1; .NET CLR 1.1.4322)"
71.236.212.208 - - [19/Jun/2007:02:22:12 -0400] "GET /images/search.gif HTTP/1.1" 200 614 "http://www.aceonlinestore.com/cgi-bin/lansaweb?procfun+wordpr01+webfunc+M37" "Mozilla/4.0 (compatible; MSIE 6.0; Windows NT 5.1; .NET CLR 1.1.4322)"
71.236.212.208 - - [19/Jun/2007:02:22:12 -0400] "GET /images/psearch_go.gif HTTP/1.1" 200 296 "http://www.aceonlinestore.com/cgi-bin/lansaweb?procfun+wordpr01+webfunc+M37" "Mozilla/4.0 (compatible; MSIE 6.0; Windows NT 5.1; .NET CLR 1.1.4322)"
71.236.212.208 - - [19/Jun/2007:02:22:12 -0400] "GET /images/sale_promo-icon.gif HTTP/1.1" 200 402 "http://www.aceonlinestore.com/cgi-bin/lansaweb?procfun+wordpr01+webfunc+M37" "Mozilla/4.0 (compatible; MSIE 6.0; Windows NT 5.1; .NET CLR 1.1.4322)"
71.236.212.208 - - [19/Jun/2007:02:22:12 -0400] "GET /images/store_anesth_section.jpg HTTP/1.1" 200 10123 "http://www.aceonlinestore.com/cgi-bin/lansaweb?procfun+wordpr01+webfunc+M37" "Mozilla/4.0 (compatible; MSIE 6.0; Windows NT 5.1; .NET CLR 1.1.4322)"
71.236.212.208 - - [19/Jun/2007:02:22:12 -0400] "GET /images/store_bone_section2.jpg HTTP/1.1" 200 21458 "http://www.aceonlinestore.com/cgi-bin/lansaweb?procfun+wordpr01+webfunc+M37" "Mozilla/4.0 (compatible; MSIE 6.0; Windows NT 5.1; .NET CLR 1.1.4322)"
71.236.212.208 - - [19/Jun/2007:02:22:12 -0400] "GET /images/store_cardiac_section.jpg HTTP/1.1" 200 25730 "http://www.aceonlinestore.com/cgi-bin/lansaweb?procfun+wordpr01+webfunc+M37" "Mozilla/4.0 (compatible; MSIE 6.0; Windows NT 5.1; .NET CLR 1.1.4322)"
71.236.212.208 - - [19/Jun/2007:02:22:13 -0400] "GET /images/store_implant_section.jpg HTTP/1.1" 200 8001 "http://www.aceonlinestore.com/cgi-bin/lansaweb?procfun+wordpr01+webfunc+M37" "Mozilla/4.0 (compatible; MSIE 6.0; Windows NT 5.1; .NET CLR 1.1.4322)"
71.236.212.208 - - [19/Jun/2007:02:22:13 -0400] "GET /images/store_gauze_section.jpg HTTP/1.1" 200 24119 "http://www.aceonlinestore.com/cgi-bin/lansaweb?procfun+wordpr01+webfunc+M37" "Mozilla/4.0 (compatible; MSIE 6.0; Windows NT 5.1; .NET CLR 1.1.4322)"
71.236.212.208 - - [19/Jun/2007:02:22:13 -0400] "GET /images/store_infection_section.jpg HTTP/1.1" 200 25264 "http://www.aceonlinestore.com/cgi-bin/lansaweb?procfun+wordpr01+webfunc+M37" "Mozilla/4.0 (compatible; MSIE 6.0; Windows NT 5.1; .NET CLR 1.1.4322)"
71.236.212.208 - - [19/Jun/2007:02:22:14 -0400] "GET /images/store_instr_section.jpg HTTP/1.1" 200 26432 "http://www.aceonlinestore.com/cgi-bin/lansaweb?procfun+wordpr01+webfunc+M37" "Mozilla/4.0 (compatible; MSIE 6.0; Windows NT 5.1; .NET CLR 1.1.4322)"
71.236.212.208 - - [19/Jun/2007:02:22:14 -0400] "GET /images/store_irrigate_section.gif HTTP/1.1" 200 10336 "http://www.aceonlinestore.com/cgi-bin/lansaweb?procfun+wordpr01+webfunc+M37" "Mozilla/4.0 (compatible; MSIE 6.0; Windows NT 5.1; .NET CLR 1.1.4322)"
71.236.212.208 - - [19/Jun/2007:02:22:15 -0400] "GET /images/store_iv_admin_section.jpg HTTP/1.1" 200 9115 "http://www.aceonlinestore.com/cgi-bin/lansaweb?procfun+wordpr01+webfunc+M37" "Mozilla/4.0 (compatible; MSIE 6.0; Windows NT 5.1; .NET CLR 1.1.4322)"
71.236.212.208 - - [19/Jun/2007:02:22:15 -0400] "GET /images/store_assess_section.jpg HTTP/1.1" 200 10059 "http://www.aceonlinestore.com/cgi-bin/lansaweb?procfun+wordpr01+webfunc+M37" "Mozilla/4.0 (compatible; MSIE 6.0; Windows NT 5.1; .NET CLR 1.1.4322)"
71.236.212.208 - - [19/Jun/2007:02:22:15 -0400] "GET /images/store_pharma_section.jpg HTTP/1.1" 200 7953 "http://www.aceonlinestore.com/cgi-bin/lansaweb?procfun+wordpr01+webfunc+M37" "Mozilla/4.0 (compatible; MSIE 6.0; Windows NT 5.1; .NET CLR 1.1.4322)"
71.236.212.208 - - [19/Jun/2007:02:22:15 -0400] "GET /images/store_sterile_section.jpg HTTP/1.1" 200 9274 "http://www.aceonlinestore.com/cgi-bin/lansaweb?procfun+wordpr01+webfunc+M37" "Mozilla/4.0 (compatible; MSIE 6.0; Windows NT 5.1; .NET CLR 1.1.4322)"
71.236.212.208 - - [19/Jun/2007:02:22:15 -0400] "GET /images/store_burs_section.jpg HTTP/1.1" 200 10892 "http://www.aceonlinestore.com/cgi-bin/lansaweb?procfun+wordpr01+webfunc+M37" "Mozilla/4.0 (compatible; MSIE 6.0; Windows NT 5.1; .NET CLR 1.1.4322)"
71.236.212.208 - - [19/Jun/2007:02:22:16 -0400] "GET /images/store_saws_section.jpg HTTP/1.1" 200 10028 "http://www.aceonlinestore.com/cgi-bin/lansaweb?procfun+wordpr01+webfunc+M37" "Mozilla/4.0 (compatible; MSIE 6.0; Windows NT 5.1; .NET CLR 1.1.4322)"
71.236.212.208 - - [19/Jun/2007:02:22:16 -0400] "GET /images/store_sutures_section.jpg HTTP/1.1" 200 28375 "http://www.aceonlinestore.com/cgi-bin/lansaweb?procfun+wordpr01+webfunc+M37" "Mozilla/4.0 (compatible; MSIE 6.0; Windows NT 5.1; .NET CLR 1.1.4322)"
71.236.212.208 - - [19/Jun/2007:02:22:16 -0400] "GET /images/store_syringe_section.jpg HTTP/1.1" 200 9321 "http://www.aceonlinestore.com/cgi-bin/lansaweb?procfun+wordpr01+webfunc+M37" "Mozilla/4.0 (compatible; MSIE 6.0; Windows NT 5.1; .NET CLR 1.1.4322)"
71.236.212.208 - - [19/Jun/2007:02:22:17 -0400] "GET /images/store_xray_section.jpg HTTP/1.1" 200 8861 "http://www.aceonlinestore.com/cgi-bin/lansaweb?procfun+wordpr01+webfunc+M37" "Mozilla/4.0 (compatible; MSIE 6.0; Windows NT 5.1; .NET CLR 1.1.4322)"
71.236.212.208 - - [19/Jun/2007:02:22:17 -0400] "GET /images/store_handpc_section.jpg HTTP/1.1" 200 23958 "http://www.aceonlinestore.com/cgi-bin/lansaweb?procfun+wordpr01+webfunc+M37" "Mozilla/4.0 (compatible; MSIE 6.0; Windows NT 5.1; .NET CLR 1.1.4322)"
71.236.212.208 - - [19/Jun/2007:02:22:17 -0400] "GET /images/store_infection_section.jpg HTTP/1.1" 200 25264 "http://www.aceonlinestore.com/cgi-bin/lansaweb?procfun+wordpr01+webfunc+M37" "Mozilla/4.0 (compatible; MSIE 6.0; Windows NT 5.1; .NET CLR 1.1.4322)"
71.236.212.208 - - [19/Jun/2007:02:22:18 -0400] "GET /images/store_irrigate_section.gif HTTP/1.1" 200 10336 "http://www.aceonlinestore.com/cgi-bin/lansaweb?procfun+wordpr01+webfunc+M37" "Mozilla/4.0 (compatible; MSIE 6.0; Windows NT 5.1; .NET CLR 1.1.4322)"
71.236.212.208 - - [19/Jun/2007:02:22:18 -0400] "GET /images/store_blades_section.jpg HTTP/1.1" 200 24174 "http://www.aceonlinestore.com/cgi-bin/lansaweb?procfun+wordpr01+webfunc+M37" "Mozilla/4.0 (compatible; MSIE 6.0; Windows NT 5.1; .NET CLR 1.1.4322)"
