24.132.107.105 - - [05/Jul/2007:00:00:02 -0400] "GET /logs/access_log.Q106122000 HTTP/1.1" 404 224 "-" "Java/1.4.1_04"
24.132.107.105 - - [05/Jul/2007:00:00:10 -0400] "GET /logs/access_log.Q106122100 HTTP/1.1" 404 224 "-" "Java/1.4.1_04"
24.132.107.105 - - [05/Jul/2007:00:00:11 -0400] "GET /logs/access_log.Q106122200 HTTP/1.1" 404 224 "-" "Java/1.4.1_04"
24.132.107.105 - - [05/Jul/2007:00:00:14 -0400] "GET /logs/access_log.Q106122300 HTTP/1.1" 404 224 "-" "Java/1.4.1_04"
24.132.107.105 - - [05/Jul/2007:00:00:14 -0400] "GET /logs/access_log.Q106122400 HTTP/1.1" 404 224 "-" "Java/1.4.1_04"
24.132.107.105 - - [05/Jul/2007:00:00:14 -0400] "GET /logs/access_log.Q106122500 HTTP/1.1" 404 224 "-" "Java/1.4.1_04"
24.132.107.105 - - [05/Jul/2007:00:00:15 -0400] "GET /logs/access_log.Q106122600 HTTP/1.1" 404 224 "-" "Java/1.4.1_04"
24.132.107.105 - - [05/Jul/2007:00:00:15 -0400] "GET /logs/access_log.Q106122700 HTTP/1.1" 404 224 "-" "Java/1.4.1_04"
24.132.107.105 - - [05/Jul/2007:00:00:18 -0400] "GET /logs/access_log.Q106122800 HTTP/1.1" 404 224 "-" "Java/1.4.1_04"
24.132.107.105 - - [05/Jul/2007:00:00:18 -0400] "GET /logs/access_log.Q106122900 HTTP/1.1" 404 224 "-" "Java/1.4.1_04"
24.132.107.105 - - [05/Jul/2007:00:00:21 -0400] "GET /logs/access_log.Q106123000 HTTP/1.1" 404 224 "-" "Java/1.4.1_04"
24.132.107.105 - - [05/Jul/2007:00:00:22 -0400] "GET /logs/access_log.Q106123100 HTTP/1.1" 404 224 "-" "Java/1.4.1_04"
24.132.107.105 - - [05/Jul/2007:00:00:22 -0400] "GET /logs/access_log.Q107010100 HTTP/1.1" 404 224 "-" "Java/1.4.1_04"
24.132.107.105 - - [05/Jul/2007:00:00:22 -0400] "GET /logs/access_log.Q107010200 HTTP/1.1" 404 224 "-" "Java/1.4.1_04"
24.132.107.105 - - [05/Jul/2007:00:00:24 -0400] "GET /logs/access_log.Q107010300 HTTP/1.1" 404 224 "-" "Java/1.4.1_04"
24.132.107.105 - - [05/Jul/2007:00:00:32 -0400] "GET /logs/access_log.Q107010400 HTTP/1.1" 404 224 "-" "Java/1.4.1_04"
24.132.107.105 - - [05/Jul/2007:00:00:33 -0400] "GET /logs/access_log.Q107010500 HTTP/1.1" 404 224 "-" "Java/1.4.1_04"
209.59.12.99 - - [05/Jul/2007:00:01:32 -0400] "GET / HTTP/1.0" 200 367 "-" "check_http/1.81 (nagios-plugins 1.4)"
209.59.12.99 - - [05/Jul/2007:00:06:32 -0400] "GET / HTTP/1.0" 200 367 "-" "check_http/1.81 (nagios-plugins 1.4)"
209.59.12.99 - - [05/Jul/2007:00:11:32 -0400] "GET / HTTP/1.0" 200 367 "-" "check_http/1.81 (nagios-plugins 1.4)"
209.59.12.99 - - [05/Jul/2007:00:16:32 -0400] "GET / HTTP/1.0" 200 367 "-" "check_http/1.81 (nagios-plugins 1.4)"
209.59.12.99 - - [05/Jul/2007:00:21:32 -0400] "GET / HTTP/1.0" 200 367 "-" "check_http/1.81 (nagios-plugins 1.4)"
76.198.149.180 - - [05/Jul/2007:00:25:17 -0400] "GET /images/nav04_about_off.jpg HTTP/1.1" 200 1255 "https://www.aceonlinestore.com/CGI-BIN/LANSAWEB?WEBEVENT+L1D676A025A728100AB2705B+M37+ENG" "Mozilla/4.0 (compatible; MSIE 6.0; Windows NT 5.1; SV1; .NET CLR 1.1.4322)"
209.59.12.99 - - [05/Jul/2007:00:26:32 -0400] "GET / HTTP/1.0" 200 367 "-" "check_http/1.81 (nagios-plugins 1.4)"
209.59.12.99 - - [05/Jul/2007:00:31:33 -0400] "GET / HTTP/1.0" 200 367 "-" "check_http/1.81 (nagios-plugins 1.4)"
209.59.12.99 - - [05/Jul/2007:00:36:33 -0400] "GET / HTTP/1.0" 200 367 "-" "check_http/1.81 (nagios-plugins 1.4)"
209.59.12.99 - - [05/Jul/2007:00:41:33 -0400] "GET / HTTP/1.0" 200 367 "-" "check_http/1.81 (nagios-plugins 1.4)"
209.59.12.99 - - [05/Jul/2007:00:46:33 -0400] "GET / HTTP/1.0" 200 367 "-" "check_http/1.81 (nagios-plugins 1.4)"
76.80.43.44 - - [05/Jul/2007:00:49:37 -0400] "GET /cgi-bin/lansaweb?procfun+wordpr01+webfunc+M37 HTTP/1.1" 200 38205 "http://www.acesurgical.com/home_July07.html" "Mozilla/4.0 (compatible; MSIE 7.0; Windows NT 5.1; .NET CLR 1.1.4322; .NET CLR 2.0.50727; .NET CLR 3.0.04506.30)"
76.80.43.44 - - [05/Jul/2007:00:49:39 -0400] "GET /images/ace_logo_top.jpg HTTP/1.1" 200 2702 "http://www.aceonlinestore.com/cgi-bin/lansaweb?procfun+wordpr01+webfunc+M37" "Mozilla/4.0 (compatible; MSIE 7.0; Windows NT 5.1; .NET CLR 1.1.4322; .NET CLR 2.0.50727; .NET CLR 3.0.04506.30)"
76.80.43.44 - - [05/Jul/2007:00:49:39 -0400] "GET /images/nav04_about_off.jpg HTTP/1.1" 200 1255 "http://www.aceonlinestore.com/cgi-bin/lansaweb?procfun+wordpr01+webfunc+M37" "Mozilla/4.0 (compatible; MSIE 7.0; Windows NT 5.1; .NET CLR 1.1.4322; .NET CLR 2.0.50727; .NET CLR 3.0.04506.30)"
76.80.43.44 - - [05/Jul/2007:00:49:39 -0400] "GET /images/nav04_shop_over.jpg HTTP/1.1" 200 1722 "http://www.aceonlinestore.com/cgi-bin/lansaweb?procfun+wordpr01+webfunc+M37" "Mozilla/4.0 (compatible; MSIE 7.0; Windows NT 5.1; .NET CLR 1.1.4322; .NET CLR 2.0.50727; .NET CLR 3.0.04506.30)"
76.80.43.44 - - [05/Jul/2007:00:49:39 -0400] "GET /images/nav_upper_bgrd.jpg HTTP/1.1" 200 2954 "http://www.aceonlinestore.com/cgi-bin/lansaweb?procfun+wordpr01+webfunc+M37" "Mozilla/4.0 (compatible; MSIE 7.0; Windows NT 5.1; .NET CLR 1.1.4322; .NET CLR 2.0.50727; .NET CLR 3.0.04506.30)"
76.80.43.44 - - [05/Jul/2007:00:49:39 -0400] "GET /images/nav04_conven_off.jpg HTTP/1.1" 200 1341 "http://www.aceonlinestore.com/cgi-bin/lansaweb?procfun+wordpr01+webfunc+M37" "Mozilla/4.0 (compatible; MSIE 7.0; Windows NT 5.1; .NET CLR 1.1.4322; .NET CLR 2.0.50727; .NET CLR 3.0.04506.30)"
76.80.43.44 - - [05/Jul/2007:00:49:39 -0400] "GET /images/nav04_download_off.jpg HTTP/1.1" 200 1206 "http://www.aceonlinestore.com/cgi-bin/lansaweb?procfun+wordpr01+webfunc+M37" "Mozilla/4.0 (compatible; MSIE 7.0; Windows NT 5.1; .NET CLR 1.1.4322; .NET CLR 2.0.50727; .NET CLR 3.0.04506.30)"
76.80.43.44 - - [05/Jul/2007:00:49:39 -0400] "GET /images/nav04_contact_off.jpg HTTP/1.1" 200 965 "http://www.aceonlinestore.com/cgi-bin/lansaweb?procfun+wordpr01+webfunc+M37" "Mozilla/4.0 (compatible; MSIE 7.0; Windows NT 5.1; .NET CLR 1.1.4322; .NET CLR 2.0.50727; .NET CLR 3.0.04506.30)"
76.80.43.44 - - [05/Jul/2007:00:49:39 -0400] "GET /images/ace_logo_bottom.jpg HTTP/1.1" 200 2447 "http://www.aceonlinestore.com/cgi-bin/lansaweb?procfun+wordpr01+webfunc+M37" "Mozilla/4.0 (compatible; MSIE 7.0; Windows NT 5.1; .NET CLR 1.1.4322; .NET CLR 2.0.50727; .NET CLR 3.0.04506.30)"
76.80.43.44 - - [05/Jul/2007:00:49:40 -0400] "GET /images/nav_store_head.jpg HTTP/1.1" 200 1953 "http://www.aceonlinestore.com/cgi-bin/lansaweb?procfun+wordpr01+webfunc+M37" "Mozilla/4.0 (compatible; MSIE 7.0; Windows NT 5.1; .NET CLR 1.1.4322; .NET CLR 2.0.50727; .NET CLR 3.0.04506.30)"
76.80.43.44 - - [05/Jul/2007:00:49:40 -0400] "GET /images/nav_store_index_off.jpg HTTP/1.1" 200 922 "http://www.aceonlinestore.com/cgi-bin/lansaweb?procfun+wordpr01+webfunc+M37" "Mozilla/4.0 (compatible; MSIE 7.0; Windows NT 5.1; .NET CLR 1.1.4322; .NET CLR 2.0.50727; .NET CLR 3.0.04506.30)"
76.80.43.44 - - [05/Jul/2007:00:49:40 -0400] "GET /images/spacer.gif HTTP/1.1" 200 55 "http://www.aceonlinestore.com/cgi-bin/lansaweb?procfun+wordpr01+webfunc+M37" "Mozilla/4.0 (compatible; MSIE 7.0; Windows NT 5.1; .NET CLR 1.1.4322; .NET CLR 2.0.50727; .NET CLR 3.0.04506.30)"
76.80.43.44 - - [05/Jul/2007:00:49:40 -0400] "GET /images/login.gif HTTP/1.1" 200 166 "http://www.aceonlinestore.com/cgi-bin/lansaweb?procfun+wordpr01+webfunc+M37" "Mozilla/4.0 (compatible; MSIE 7.0; Windows NT 5.1; .NET CLR 1.1.4322; .NET CLR 2.0.50727; .NET CLR 3.0.04506.30)"
76.80.43.44 - - [05/Jul/2007:00:49:40 -0400] "GET /images/nav_lower_bgrd.jpg HTTP/1.1" 200 2321 "http://www.aceonlinestore.com/cgi-bin/lansaweb?procfun+wordpr01+webfunc+M37" "Mozilla/4.0 (compatible; MSIE 7.0; Windows NT 5.1; .NET CLR 1.1.4322; .NET CLR 2.0.50727; .NET CLR 3.0.04506.30)"
76.80.43.44 - - [05/Jul/2007:00:49:40 -0400] "GET /images/login_go.gif HTTP/1.1" 200 296 "http://www.aceonlinestore.com/cgi-bin/lansaweb?procfun+wordpr01+webfunc+M37" "Mozilla/4.0 (compatible; MSIE 7.0; Windows NT 5.1; .NET CLR 1.1.4322; .NET CLR 2.0.50727; .NET CLR 3.0.04506.30)"
76.80.43.44 - - [05/Jul/2007:00:49:40 -0400] "GET /images/search.gif HTTP/1.1" 200 614 "http://www.aceonlinestore.com/cgi-bin/lansaweb?procfun+wordpr01+webfunc+M37" "Mozilla/4.0 (compatible; MSIE 7.0; Windows NT 5.1; .NET CLR 1.1.4322; .NET CLR 2.0.50727; .NET CLR 3.0.04506.30)"
76.80.43.44 - - [05/Jul/2007:00:49:40 -0400] "GET /images/sale_promo-icon.gif HTTP/1.1" 200 402 "http://www.aceonlinestore.com/cgi-bin/lansaweb?procfun+wordpr01+webfunc+M37" "Mozilla/4.0 (compatible; MSIE 7.0; Windows NT 5.1; .NET CLR 1.1.4322; .NET CLR 2.0.50727; .NET CLR 3.0.04506.30)"
76.80.43.44 - - [05/Jul/2007:00:49:40 -0400] "GET /images/store_anesth_section.jpg HTTP/1.1" 200 10123 "http://www.aceonlinestore.com/cgi-bin/lansaweb?procfun+wordpr01+webfunc+M37" "Mozilla/4.0 (compatible; MSIE 7.0; Windows NT 5.1; .NET CLR 1.1.4322; .NET CLR 2.0.50727; .NET CLR 3.0.04506.30)"
76.80.43.44 - - [05/Jul/2007:00:49:41 -0400] "GET /images/store_bone_section2.jpg HTTP/1.1" 200 21458 "http://www.aceonlinestore.com/cgi-bin/lansaweb?procfun+wordpr01+webfunc+M37" "Mozilla/4.0 (compatible; MSIE 7.0; Windows NT 5.1; .NET CLR 1.1.4322; .NET CLR 2.0.50727; .NET CLR 3.0.04506.30)"
76.80.43.44 - - [05/Jul/2007:00:49:41 -0400] "GET /images/store_cardiac_section.jpg HTTP/1.1" 200 25730 "http://www.aceonlinestore.com/cgi-bin/lansaweb?procfun+wordpr01+webfunc+M37" "Mozilla/4.0 (compatible; MSIE 7.0; Windows NT 5.1; .NET CLR 1.1.4322; .NET CLR 2.0.50727; .NET CLR 3.0.04506.30)"
76.80.43.44 - - [05/Jul/2007:00:49:41 -0400] "GET /images/store_implant_section.jpg HTTP/1.1" 200 8001 "http://www.aceonlinestore.com/cgi-bin/lansaweb?procfun+wordpr01+webfunc+M37" "Mozilla/4.0 (compatible; MSIE 7.0; Windows NT 5.1; .NET CLR 1.1.4322; .NET CLR 2.0.50727; .NET CLR 3.0.04506.30)"
76.80.43.44 - - [05/Jul/2007:00:49:41 -0400] "GET /images/store_gauze_section.jpg HTTP/1.1" 200 24119 "http://www.aceonlinestore.com/cgi-bin/lansaweb?procfun+wordpr01+webfunc+M37" "Mozilla/4.0 (compatible; MSIE 7.0; Windows NT 5.1; .NET CLR 1.1.4322; .NET CLR 2.0.50727; .NET CLR 3.0.04506.30)"
76.80.43.44 - - [05/Jul/2007:00:49:41 -0400] "GET /images/store_handpc_section.jpg HTTP/1.1" 200 23958 "http://www.aceonlinestore.com/cgi-bin/lansaweb?procfun+wordpr01+webfunc+M37" "Mozilla/4.0 (compatible; MSIE 7.0; Windows NT 5.1; .NET CLR 1.1.4322; .NET CLR 2.0.50727; .NET CLR 3.0.04506.30)"
76.80.43.44 - - [05/Jul/2007:00:49:42 -0400] "GET /images/store_infection_section.jpg HTTP/1.1" 200 25264 "http://www.aceonlinestore.com/cgi-bin/lansaweb?procfun+wordpr01+webfunc+M37" "Mozilla/4.0 (compatible; MSIE 7.0; Windows NT 5.1; .NET CLR 1.1.4322; .NET CLR 2.0.50727; .NET CLR 3.0.04506.30)"
76.80.43.44 - - [05/Jul/2007:00:49:42 -0400] "GET /images/store_instr_section.jpg HTTP/1.1" 200 26432 "http://www.aceonlinestore.com/cgi-bin/lansaweb?procfun+wordpr01+webfunc+M37" "Mozilla/4.0 (compatible; MSIE 7.0; Windows NT 5.1; .NET CLR 1.1.4322; .NET CLR 2.0.50727; .NET CLR 3.0.04506.30)"
76.80.43.44 - - [05/Jul/2007:00:49:42 -0400] "GET /images/store_irrigate_section.gif HTTP/1.1" 200 10336 "http://www.aceonlinestore.com/cgi-bin/lansaweb?procfun+wordpr01+webfunc+M37" "Mozilla/4.0 (compatible; MSIE 7.0; Windows NT 5.1; .NET CLR 1.1.4322; .NET CLR 2.0.50727; .NET CLR 3.0.04506.30)"
76.80.43.44 - - [05/Jul/2007:00:49:43 -0400] "GET /images/store_iv_admin_section.jpg HTTP/1.1" 200 9115 "http://www.aceonlinestore.com/cgi-bin/lansaweb?procfun+wordpr01+webfunc+M37" "Mozilla/4.0 (compatible; MSIE 7.0; Windows NT 5.1; .NET CLR 1.1.4322; .NET CLR 2.0.50727; .NET CLR 3.0.04506.30)"
76.80.43.44 - - [05/Jul/2007:00:49:44 -0400] "GET /images/store_assess_section.jpg HTTP/1.1" 200 10059 "http://www.aceonlinestore.com/cgi-bin/lansaweb?procfun+wordpr01+webfunc+M37" "Mozilla/4.0 (compatible; MSIE 7.0; Windows NT 5.1; .NET CLR 1.1.4322; .NET CLR 2.0.50727; .NET CLR 3.0.04506.30)"
76.80.43.44 - - [05/Jul/2007:00:49:45 -0400] "GET /images/store_pharma_section.jpg HTTP/1.1" 200 7953 "http://www.aceonlinestore.com/cgi-bin/lansaweb?procfun+wordpr01+webfunc+M37" "Mozilla/4.0 (compatible; MSIE 7.0; Windows NT 5.1; .NET CLR 1.1.4322; .NET CLR 2.0.50727; .NET CLR 3.0.04506.30)"
76.80.43.44 - - [05/Jul/2007:00:49:45 -0400] "GET /images/store_sterile_section.jpg HTTP/1.1" 200 9274 "http://www.aceonlinestore.com/cgi-bin/lansaweb?procfun+wordpr01+webfunc+M37" "Mozilla/4.0 (compatible; MSIE 7.0; Windows NT 5.1; .NET CLR 1.1.4322; .NET CLR 2.0.50727; .NET CLR 3.0.04506.30)"
76.80.43.44 - - [05/Jul/2007:00:49:45 -0400] "GET /images/store_blades_section.jpg HTTP/1.1" 200 24174 "http://www.aceonlinestore.com/cgi-bin/lansaweb?procfun+wordpr01+webfunc+M37" "Mozilla/4.0 (compatible; MSIE 7.0; Windows NT 5.1; .NET CLR 1.1.4322; .NET CLR 2.0.50727; .NET CLR 3.0.04506.30)"
76.80.43.44 - - [05/Jul/2007:00:49:45 -0400] "GET /images/store_burs_section.jpg HTTP/1.1" 200 10892 "http://www.aceonlinestore.com/cgi-bin/lansaweb?procfun+wordpr01+webfunc+M37" "Mozilla/4.0 (compatible; MSIE 7.0; Windows NT 5.1; .NET CLR 1.1.4322; .NET CLR 2.0.50727; .NET CLR 3.0.04506.30)"
76.80.43.44 - - [05/Jul/2007:00:49:46 -0400] "GET /images/store_saws_section.jpg HTTP/1.1" 200 10028 "http://www.aceonlinestore.com/cgi-bin/lansaweb?procfun+wordpr01+webfunc+M37" "Mozilla/4.0 (compatible; MSIE 7.0; Windows NT 5.1; .NET CLR 1.1.4322; .NET CLR 2.0.50727; .NET CLR 3.0.04506.30)"
76.80.43.44 - - [05/Jul/2007:00:49:46 -0400] "GET /images/store_sutures_section.jpg HTTP/1.1" 200 28375 "http://www.aceonlinestore.com/cgi-bin/lansaweb?procfun+wordpr01+webfunc+M37" "Mozilla/4.0 (compatible; MSIE 7.0; Windows NT 5.1; .NET CLR 1.1.4322; .NET CLR 2.0.50727; .NET CLR 3.0.04506.30)"
76.80.43.44 - - [05/Jul/2007:00:49:46 -0400] "GET /images/store_syringe_section.jpg HTTP/1.1" 200 9321 "http://www.aceonlinestore.com/cgi-bin/lansaweb?procfun+wordpr01+webfunc+M37" "Mozilla/4.0 (compatible; MSIE 7.0; Windows NT 5.1; .NET CLR 1.1.4322; .NET CLR 2.0.50727; .NET CLR 3.0.04506.30)"
76.80.43.44 - - [05/Jul/2007:00:49:46 -0400] "GET /images/store_xray_section.jpg HTTP/1.1" 200 8861 "http://www.aceonlinestore.com/cgi-bin/lansaweb?procfun+wordpr01+webfunc+M37" "Mozilla/4.0 (compatible; MSIE 7.0; Windows NT 5.1; .NET CLR 1.1.4322; .NET CLR 2.0.50727; .NET CLR 3.0.04506.30)"
76.80.43.44 - - [05/Jul/2007:00:49:46 -0400] "GET /images/psearch_go.gif HTTP/1.1" 200 296 "http://www.aceonlinestore.com/cgi-bin/lansaweb?procfun+wordpr01+webfunc+M37" "Mozilla/4.0 (compatible; MSIE 7.0; Windows NT 5.1; .NET CLR 1.1.4322; .NET CLR 2.0.50727; .NET CLR 3.0.04506.30)"
76.80.43.44 - - [05/Jul/2007:00:49:47 -0400] "GET /images/over-store_infection_section.jpg HTTP/1.1" 200 8680 "http://www.aceonlinestore.com/cgi-bin/lansaweb?procfun+wordpr01+webfunc+M37" "Mozilla/4.0 (compatible; MSIE 7.0; Windows NT 5.1; .NET CLR 1.1.4322; .NET CLR 2.0.50727; .NET CLR 3.0.04506.30)"
76.80.43.44 - - [05/Jul/2007:00:49:47 -0400] "POST /CGI-BIN/LANSAWEB?WEBEVENT+L1D6785065C1221002E6705G+M37+ENG HTTP/1.1" 200 41925 "http://www.aceonlinestore.com/cgi-bin/lansaweb?procfun+wordpr01+webfunc+M37" "Mozilla/4.0 (compatible; MSIE 7.0; Windows NT 5.1; .NET CLR 1.1.4322; .NET CLR 2.0.50727; .NET CLR 3.0.04506.30)"
76.80.43.44 - - [05/Jul/2007:00:49:47 -0400] "GET /images/over-store_infection_section.jpg HTTP/1.1" 200 8680 "http://www.aceonlinestore.com/cgi-bin/lansaweb?procfun+wordpr01+webfunc+M37" "Mozilla/4.0 (compatible; MSIE 7.0; Windows NT 5.1; .NET CLR 1.1.4322; .NET CLR 2.0.50727; .NET CLR 3.0.04506.30)"
76.80.43.44 - - [05/Jul/2007:00:49:47 -0400] "GET /images/nav04_shop_off.jpg HTTP/1.1" 200 1390 "http://www.aceonlinestore.com/CGI-BIN/LANSAWEB?WEBEVENT+L1D6785065C1221002E6705G+M37+ENG" "Mozilla/4.0 (compatible; MSIE 7.0; Windows NT 5.1; .NET CLR 1.1.4322; .NET CLR 2.0.50727; .NET CLR 3.0.04506.30)"
76.80.43.44 - - [05/Jul/2007:00:49:48 -0400] "GET /images/index6_basins.jpg HTTP/1.1" 200 2850 "http://www.aceonlinestore.com/CGI-BIN/LANSAWEB?WEBEVENT+L1D6785065C1221002E6705G+M37+ENG" "Mozilla/4.0 (compatible; MSIE 7.0; Windows NT 5.1; .NET CLR 1.1.4322; .NET CLR 2.0.50727; .NET CLR 3.0.04506.30)"
76.80.43.44 - - [05/Jul/2007:00:49:48 -0400] "GET /images/index6_bibs&towls.jpg HTTP/1.1" 200 4450 "http://www.aceonlinestore.com/CGI-BIN/LANSAWEB?WEBEVENT+L1D6785065C1221002E6705G+M37+ENG" "Mozilla/4.0 (compatible; MSIE 7.0; Windows NT 5.1; .NET CLR 1.1.4322; .NET CLR 2.0.50727; .NET CLR 3.0.04506.30)"
76.80.43.44 - - [05/Jul/2007:00:49:48 -0400] "GET /images/index6_halfsheets HTTP/1.1" 404 222 "http://www.aceonlinestore.com/CGI-BIN/LANSAWEB?WEBEVENT+L1D6785065C1221002E6705G+M37+ENG" "Mozilla/4.0 (compatible; MSIE 7.0; Windows NT 5.1; .NET CLR 1.1.4322; .NET CLR 2.0.50727; .NET CLR 3.0.04506.30)"
76.80.43.44 - - [05/Jul/2007:00:49:48 -0400] "GET /images/index6_hdnecpacks.jpg HTTP/1.1" 200 3775 "http://www.aceonlinestore.com/CGI-BIN/LANSAWEB?WEBEVENT+L1D6785065C1221002E6705G+M37+ENG" "Mozilla/4.0 (compatible; MSIE 7.0; Windows NT 5.1; .NET CLR 1.1.4322; .NET CLR 2.0.50727; .NET CLR 3.0.04506.30)"
76.80.43.44 - - [05/Jul/2007:00:49:48 -0400] "GET /images/index6_icepacks.jpg HTTP/1.1" 200 5263 "http://www.aceonlinestore.com/CGI-BIN/LANSAWEB?WEBEVENT+L1D6785065C1221002E6705G+M37+ENG" "Mozilla/4.0 (compatible; MSIE 7.0; Windows NT 5.1; .NET CLR 1.1.4322; .NET CLR 2.0.50727; .NET CLR 3.0.04506.30)"
76.80.43.44 - - [05/Jul/2007:00:49:48 -0400] "GET /images/index6_med_exam.jpg HTTP/1.1" 200 2718 "http://www.aceonlinestore.com/CGI-BIN/LANSAWEB?WEBEVENT+L1D6785065C1221002E6705G+M37+ENG" "Mozilla/4.0 (compatible; MSIE 7.0; Windows NT 5.1; .NET CLR 1.1.4322; .NET CLR 2.0.50727; .NET CLR 3.0.04506.30)"
76.80.43.44 - - [05/Jul/2007:00:49:48 -0400] "GET /images/index6_nonsterglovs.jpg HTTP/1.1" 200 2810 "http://www.aceonlinestore.com/CGI-BIN/LANSAWEB?WEBEVENT+L1D6785065C1221002E6705G+M37+ENG" "Mozilla/4.0 (compatible; MSIE 7.0; Windows NT 5.1; .NET CLR 1.1.4322; .NET CLR 2.0.50727; .NET CLR 3.0.04506.30)"
76.80.43.44 - - [05/Jul/2007:00:49:48 -0400] "GET /images/index6_patdraps.jpg HTTP/1.1" 200 3178 "http://www.aceonlinestore.com/CGI-BIN/LANSAWEB?WEBEVENT+L1D6785065C1221002E6705G+M37+ENG" "Mozilla/4.0 (compatible; MSIE 7.0; Windows NT 5.1; .NET CLR 1.1.4322; .NET CLR 2.0.50727; .NET CLR 3.0.04506.30)"
76.80.43.44 - - [05/Jul/2007:00:49:49 -0400] "GET /images/index6_shoecvrs.jpg HTTP/1.1" 200 5469 "http://www.aceonlinestore.com/CGI-BIN/LANSAWEB?WEBEVENT+L1D6785065C1221002E6705G+M37+ENG" "Mozilla/4.0 (compatible; MSIE 7.0; Windows NT 5.1; .NET CLR 1.1.4322; .NET CLR 2.0.50727; .NET CLR 3.0.04506.30)"
76.80.43.44 - - [05/Jul/2007:00:49:49 -0400] "GET /images/index6_splashshlds.jpg HTTP/1.1" 200 4065 "http://www.aceonlinestore.com/CGI-BIN/LANSAWEB?WEBEVENT+L1D6785065C1221002E6705G+M37+ENG" "Mozilla/4.0 (compatible; MSIE 7.0; Windows NT 5.1; .NET CLR 1.1.4322; .NET CLR 2.0.50727; .NET CLR 3.0.04506.30)"
76.80.43.44 - - [05/Jul/2007:00:49:49 -0400] "GET /images/index6_sterglovs.jpg HTTP/1.1" 200 3703 "http://www.aceonlinestore.com/CGI-BIN/LANSAWEB?WEBEVENT+L1D6785065C1221002E6705G+M37+ENG" "Mozilla/4.0 (compatible; MSIE 7.0; Windows NT 5.1; .NET CLR 1.1.4322; .NET CLR 2.0.50727; .NET CLR 3.0.04506.30)"
76.80.43.44 - - [05/Jul/2007:00:49:49 -0400] "GET /images/index6_surggown.jpg HTTP/1.1" 200 4051 "http://www.aceonlinestore.com/CGI-BIN/LANSAWEB?WEBEVENT+L1D6785065C1221002E6705G+M37+ENG" "Mozilla/4.0 (compatible; MSIE 7.0; Windows NT 5.1; .NET CLR 1.1.4322; .NET CLR 2.0.50727; .NET CLR 3.0.04506.30)"
76.80.43.44 - - [05/Jul/2007:00:49:49 -0400] "GET /images/index6_surmask.jpg HTTP/1.1" 200 2939 "http://www.aceonlinestore.com/CGI-BIN/LANSAWEB?WEBEVENT+L1D6785065C1221002E6705G+M37+ENG" "Mozilla/4.0 (compatible; MSIE 7.0; Windows NT 5.1; .NET CLR 1.1.4322; .NET CLR 2.0.50727; .NET CLR 3.0.04506.30)"
76.80.43.44 - - [05/Jul/2007:00:49:49 -0400] "GET /images/index6_warmupjackets.jpg HTTP/1.1" 200 5847 "http://www.aceonlinestore.com/CGI-BIN/LANSAWEB?WEBEVENT+L1D6785065C1221002E6705G+M37+ENG" "Mozilla/4.0 (compatible; MSIE 7.0; Windows NT 5.1; .NET CLR 1.1.4322; .NET CLR 2.0.50727; .NET CLR 3.0.04506.30)"
76.80.43.44 - - [05/Jul/2007:00:49:50 -0400] "GET /favicon.ico HTTP/1.1" 404 209 "-" "Mozilla/4.0 (compatible; MSIE 7.0; Windows NT 5.1; .NET CLR 1.1.4322; .NET CLR 2.0.50727; .NET CLR 3.0.04506.30)"
76.80.43.44 - - [05/Jul/2007:00:49:51 -0400] "GET /images/over-index6_med_exam.jpg HTTP/1.1" 200 1883 "http://www.aceonlinestore.com/CGI-BIN/LANSAWEB?WEBEVENT+L1D6785065C1221002E6705G+M37+ENG" "Mozilla/4.0 (compatible; MSIE 7.0; Windows NT 5.1; .NET CLR 1.1.4322; .NET CLR 2.0.50727; .NET CLR 3.0.04506.30)"
76.80.43.44 - - [05/Jul/2007:00:49:53 -0400] "GET /images/over-index6_bibs&towls.jpg HTTP/1.1" 200 2767 "http://www.aceonlinestore.com/CGI-BIN/LANSAWEB?WEBEVENT+L1D6785065C1221002E6705G+M37+ENG" "Mozilla/4.0 (compatible; MSIE 7.0; Windows NT 5.1; .NET CLR 1.1.4322; .NET CLR 2.0.50727; .NET CLR 3.0.04506.30)"
76.80.43.44 - - [05/Jul/2007:00:50:02 -0400] "GET /images/over-index6_sterglovs.jpg HTTP/1.1" 200 2530 "http://www.aceonlinestore.com/CGI-BIN/LANSAWEB?WEBEVENT+L1D6785065C1221002E6705G+M37+ENG" "Mozilla/4.0 (compatible; MSIE 7.0; Windows NT 5.1; .NET CLR 1.1.4322; .NET CLR 2.0.50727; .NET CLR 3.0.04506.30)"
76.80.43.44 - - [05/Jul/2007:00:50:07 -0400] "GET /images/over-index6_halfsheets HTTP/1.1" 404 227 "http://www.aceonlinestore.com/CGI-BIN/LANSAWEB?WEBEVENT+L1D6785065C1221002E6705G+M37+ENG" "Mozilla/4.0 (compatible; MSIE 7.0; Windows NT 5.1; .NET CLR 1.1.4322; .NET CLR 2.0.50727; .NET CLR 3.0.04506.30)"
76.80.43.44 - - [05/Jul/2007:00:50:08 -0400] "POST /CGI-BIN/LANSAWEB?WEBEVENT+L1D67850F55325100242705G+M37+ENG HTTP/1.1" 200 45316 "http://www.aceonlinestore.com/CGI-BIN/LANSAWEB?WEBEVENT+L1D6785065C1221002E6705G+M37+ENG" "Mozilla/4.0 (compatible; MSIE 7.0; Windows NT 5.1; .NET CLR 1.1.4322; .NET CLR 2.0.50727; .NET CLR 3.0.04506.30)"
76.80.43.44 - - [05/Jul/2007:00:50:09 -0400] "GET /images/pf-a.gif HTTP/1.1" 200 798 "http://www.aceonlinestore.com/CGI-BIN/LANSAWEB?WEBEVENT+L1D67850F55325100242705G+M37+ENG" "Mozilla/4.0 (compatible; MSIE 7.0; Windows NT 5.1; .NET CLR 1.1.4322; .NET CLR 2.0.50727; .NET CLR 3.0.04506.30)"
76.80.43.44 - - [05/Jul/2007:00:50:09 -0400] "GET /images/space.gif HTTP/1.1" 200 43 "http://www.aceonlinestore.com/CGI-BIN/LANSAWEB?WEBEVENT+L1D67850F55325100242705G+M37+ENG" "Mozilla/4.0 (compatible; MSIE 7.0; Windows NT 5.1; .NET CLR 1.1.4322; .NET CLR 2.0.50727; .NET CLR 3.0.04506.30)"
76.80.43.44 - - [05/Jul/2007:00:50:16 -0400] "GET /images/index6_halfsheets HTTP/1.1" 404 222 "http://www.aceonlinestore.com/CGI-BIN/LANSAWEB?WEBEVENT+L1D6785065C1221002E6705G+M37+ENG" "Mozilla/4.0 (compatible; MSIE 7.0; Windows NT 5.1; .NET CLR 1.1.4322; .NET CLR 2.0.50727; .NET CLR 3.0.04506.30)"
76.80.43.44 - - [05/Jul/2007:00:50:24 -0400] "POST /CGI-BIN/LANSAWEB?WEBEVENT+L1D67850F5562D100202705G+M37+ENG HTTP/1.1" 200 31667 "http://www.aceonlinestore.com/CGI-BIN/LANSAWEB?WEBEVENT+L1D6785065C1221002E6705G+M37+ENG" "Mozilla/4.0 (compatible; MSIE 7.0; Windows NT 5.1; .NET CLR 1.1.4322; .NET CLR 2.0.50727; .NET CLR 3.0.04506.30)"
76.80.43.44 - - [05/Jul/2007:00:50:30 -0400] "POST /CGI-BIN/LANSAWEB?WEBEVENT+L1D6785025892910057B705G+M37+ENG HTTP/1.1" 200 31667 "http://www.aceonlinestore.com/CGI-BIN/LANSAWEB?WEBEVENT+L1D67850F5562D100202705G+M37+ENG" "Mozilla/4.0 (compatible; MSIE 7.0; Windows NT 5.1; .NET CLR 1.1.4322; .NET CLR 2.0.50727; .NET CLR 3.0.04506.30)"
76.80.43.44 - - [05/Jul/2007:00:50:33 -0400] "GET /images/login_go-over.gif HTTP/1.1" 200 302 "http://www.aceonlinestore.com/CGI-BIN/LANSAWEB?WEBEVENT+L1D6785025892910057B705G+M37+ENG" "Mozilla/4.0 (compatible; MSIE 7.0; Windows NT 5.1; .NET CLR 1.1.4322; .NET CLR 2.0.50727; .NET CLR 3.0.04506.30)"
76.80.43.44 - - [05/Jul/2007:00:50:35 -0400] "GET /images/nav04_about_over.jpg HTTP/1.1" 200 1472 "http://www.aceonlinestore.com/CGI-BIN/LANSAWEB?WEBEVENT+L1D6785025892910057B705G+M37+ENG" "Mozilla/4.0 (compatible; MSIE 7.0; Windows NT 5.1; .NET CLR 1.1.4322; .NET CLR 2.0.50727; .NET CLR 3.0.04506.30)"
76.80.43.44 - - [05/Jul/2007:00:50:37 -0400] "POST /CGI-BIN/LANSAWEB?WEBEVENT+L1D6785085172F10051A705G+M37+ENG HTTP/1.1" 200 38227 "http://www.aceonlinestore.com/CGI-BIN/LANSAWEB?WEBEVENT+L1D6785025892910057B705G+M37+ENG" "Mozilla/4.0 (compatible; MSIE 7.0; Windows NT 5.1; .NET CLR 1.1.4322; .NET CLR 2.0.50727; .NET CLR 3.0.04506.30)"
76.80.43.44 - - [05/Jul/2007:00:50:39 -0400] "GET /images/over-store_anesth_section.jpg HTTP/1.1" 200 9173 "http://www.aceonlinestore.com/CGI-BIN/LANSAWEB?WEBEVENT+L1D6785085172F10051A705G+M37+ENG" "Mozilla/4.0 (compatible; MSIE 7.0; Windows NT 5.1; .NET CLR 1.1.4322; .NET CLR 2.0.50727; .NET CLR 3.0.04506.30)"
76.80.43.44 - - [05/Jul/2007:00:50:40 -0400] "GET /images/over-store_implant_section.jpg HTTP/1.1" 200 7534 "http://www.aceonlinestore.com/CGI-BIN/LANSAWEB?WEBEVENT+L1D6785085172F10051A705G+M37+ENG" "Mozilla/4.0 (compatible; MSIE 7.0; Windows NT 5.1; .NET CLR 1.1.4322; .NET CLR 2.0.50727; .NET CLR 3.0.04506.30)"
76.80.43.44 - - [05/Jul/2007:00:50:41 -0400] "GET /images/over-store_gauze_section.jpg HTTP/1.1" 200 8076 "http://www.aceonlinestore.com/CGI-BIN/LANSAWEB?WEBEVENT+L1D6785085172F10051A705G+M37+ENG" "Mozilla/4.0 (compatible; MSIE 7.0; Windows NT 5.1; .NET CLR 1.1.4322; .NET CLR 2.0.50727; .NET CLR 3.0.04506.30)"
76.80.43.44 - - [05/Jul/2007:00:50:42 -0400] "GET /images/over-store_burs_section.jpg HTTP/1.1" 200 9926 "http://www.aceonlinestore.com/CGI-BIN/LANSAWEB?WEBEVENT+L1D6785085172F10051A705G+M37+ENG" "Mozilla/4.0 (compatible; MSIE 7.0; Windows NT 5.1; .NET CLR 1.1.4322; .NET CLR 2.0.50727; .NET CLR 3.0.04506.30)"
76.80.43.44 - - [05/Jul/2007:00:50:43 -0400] "GET /images/over-store_xray_section.jpg HTTP/1.1" 200 7946 "http://www.aceonlinestore.com/CGI-BIN/LANSAWEB?WEBEVENT+L1D6785085172F10051A705G+M37+ENG" "Mozilla/4.0 (compatible; MSIE 7.0; Windows NT 5.1; .NET CLR 1.1.4322; .NET CLR 2.0.50727; .NET CLR 3.0.04506.30)"
76.80.43.44 - - [05/Jul/2007:00:50:44 -0400] "GET /images/over-store_blades_section.jpg HTTP/1.1" 200 8357 "http://www.aceonlinestore.com/CGI-BIN/LANSAWEB?WEBEVENT+L1D6785085172F10051A705G+M37+ENG" "Mozilla/4.0 (compatible; MSIE 7.0; Windows NT 5.1; .NET CLR 1.1.4322; .NET CLR 2.0.50727; .NET CLR 3.0.04506.30)"
76.80.43.44 - - [05/Jul/2007:00:50:44 -0400] "GET /images/over-store_syringe_section.jpg HTTP/1.1" 200 8326 "http://www.aceonlinestore.com/CGI-BIN/LANSAWEB?WEBEVENT+L1D6785085172F10051A705G+M37+ENG" "Mozilla/4.0 (compatible; MSIE 7.0; Windows NT 5.1; .NET CLR 1.1.4322; .NET CLR 2.0.50727; .NET CLR 3.0.04506.30)"
76.80.43.44 - - [05/Jul/2007:00:50:46 -0400] "GET /images/over-store_sutures_section.jpg HTTP/1.1" 200 9504 "http://www.aceonlinestore.com/CGI-BIN/LANSAWEB?WEBEVENT+L1D6785085172F10051A705G+M37+ENG" "Mozilla/4.0 (compatible; MSIE 7.0; Windows NT 5.1; .NET CLR 1.1.4322; .NET CLR 2.0.50727; .NET CLR 3.0.04506.30)"
76.80.43.44 - - [05/Jul/2007:00:50:47 -0400] "GET /images/over-store_pharma_section.jpg HTTP/1.1" 200 7409 "http://www.aceonlinestore.com/CGI-BIN/LANSAWEB?WEBEVENT+L1D6785085172F10051A705G+M37+ENG" "Mozilla/4.0 (compatible; MSIE 7.0; Windows NT 5.1; .NET CLR 1.1.4322; .NET CLR 2.0.50727; .NET CLR 3.0.04506.30)"
76.80.43.44 - - [05/Jul/2007:00:50:47 -0400] "GET /images/over-store_sterile_section.jpg HTTP/1.1" 200 8414 "http://www.aceonlinestore.com/CGI-BIN/LANSAWEB?WEBEVENT+L1D6785085172F10051A705G+M37+ENG" "Mozilla/4.0 (compatible; MSIE 7.0; Windows NT 5.1; .NET CLR 1.1.4322; .NET CLR 2.0.50727; .NET CLR 3.0.04506.30)"
76.80.43.44 - - [05/Jul/2007:00:50:49 -0400] "GET /images/over-store_blades_section.jpg HTTP/1.1" 200 8357 "http://www.aceonlinestore.com/CGI-BIN/LANSAWEB?WEBEVENT+L1D6785085172F10051A705G+M37+ENG" "Mozilla/4.0 (compatible; MSIE 7.0; Windows NT 5.1; .NET CLR 1.1.4322; .NET CLR 2.0.50727; .NET CLR 3.0.04506.30)"
76.80.43.44 - - [05/Jul/2007:00:50:50 -0400] "GET /images/over-store_cardiac_section.jpg HTTP/1.1" 200 8882 "http://www.aceonlinestore.com/CGI-BIN/LANSAWEB?WEBEVENT+L1D6785085172F10051A705G+M37+ENG" "Mozilla/4.0 (compatible; MSIE 7.0; Windows NT 5.1; .NET CLR 1.1.4322; .NET CLR 2.0.50727; .NET CLR 3.0.04506.30)"
76.80.43.44 - - [05/Jul/2007:00:50:50 -0400] "GET /images/over-store_implant_section.jpg HTTP/1.1" 206 3413 "http://www.aceonlinestore.com/CGI-BIN/LANSAWEB?WEBEVENT+L1D6785085172F10051A705G+M37+ENG" "Mozilla/4.0 (compatible; MSIE 7.0; Windows NT 5.1; .NET CLR 1.1.4322; .NET CLR 2.0.50727; .NET CLR 3.0.04506.30)"
76.80.43.44 - - [05/Jul/2007:00:50:52 -0400] "GET /images/over-store_instr_section.jpg HTTP/1.1" 200 9238 "http://www.aceonlinestore.com/CGI-BIN/LANSAWEB?WEBEVENT+L1D6785085172F10051A705G+M37+ENG" "Mozilla/4.0 (compatible; MSIE 7.0; Windows NT 5.1; .NET CLR 1.1.4322; .NET CLR 2.0.50727; .NET CLR 3.0.04506.30)"
76.80.43.44 - - [05/Jul/2007:00:50:54 -0400] "GET /images/over-store_infection_section.jpg HTTP/1.1" 200 8680 "http://www.aceonlinestore.com/CGI-BIN/LANSAWEB?WEBEVENT+L1D6785085172F10051A705G+M37+ENG" "Mozilla/4.0 (compatible; MSIE 7.0; Windows NT 5.1; .NET CLR 1.1.4322; .NET CLR 2.0.50727; .NET CLR 3.0.04506.30)"
76.80.43.44 - - [05/Jul/2007:00:50:56 -0400] "POST /CGI-BIN/LANSAWEB?WEBEVENT+L1D67850F5F92C100507705G+M37+ENG HTTP/1.1" 200 41939 "http://www.aceonlinestore.com/CGI-BIN/LANSAWEB?WEBEVENT+L1D6785085172F10051A705G+M37+ENG" "Mozilla/4.0 (compatible; MSIE 7.0; Windows NT 5.1; .NET CLR 1.1.4322; .NET CLR 2.0.50727; .NET CLR 3.0.04506.30)"
76.80.43.44 - - [05/Jul/2007:00:50:57 -0400] "GET /images/index6_halfsheets HTTP/1.1" 404 222 "http://www.aceonlinestore.com/CGI-BIN/LANSAWEB?WEBEVENT+L1D67850F5F92C100507705G+M37+ENG" "Mozilla/4.0 (compatible; MSIE 7.0; Windows NT 5.1; .NET CLR 1.1.4322; .NET CLR 2.0.50727; .NET CLR 3.0.04506.30)"
76.80.43.44 - - [05/Jul/2007:00:51:01 -0400] "GET /images/over-index6_basins.jpg HTTP/1.1" 200 2042 "http://www.aceonlinestore.com/CGI-BIN/LANSAWEB?WEBEVENT+L1D67850F5F92C100507705G+M37+ENG" "Mozilla/4.0 (compatible; MSIE 7.0; Windows NT 5.1; .NET CLR 1.1.4322; .NET CLR 2.0.50727; .NET CLR 3.0.04506.30)"
76.80.43.44 - - [05/Jul/2007:00:51:03 -0400] "POST /CGI-BIN/LANSAWEB?WEBEVENT+L1D6785015A02C1007C7705G+M37+ENG HTTP/1.1" 200 44609 "http://www.aceonlinestore.com/CGI-BIN/LANSAWEB?WEBEVENT+L1D67850F5F92C100507705G+M37+ENG" "Mozilla/4.0 (compatible; MSIE 7.0; Windows NT 5.1; .NET CLR 1.1.4322; .NET CLR 2.0.50727; .NET CLR 3.0.04506.30)"
76.80.43.44 - - [05/Jul/2007:00:51:04 -0400] "GET /images/items/CONFORM_THUMB.JPG HTTP/1.1" 200 1623 "http://www.aceonlinestore.com/CGI-BIN/LANSAWEB?WEBEVENT+L1D6785015A02C1007C7705G+M37+ENG" "Mozilla/4.0 (compatible; MSIE 7.0; Windows NT 5.1; .NET CLR 1.1.4322; .NET CLR 2.0.50727; .NET CLR 3.0.04506.30)"
76.80.43.44 - - [05/Jul/2007:00:51:04 -0400] "GET /images/items/NUOSSCOLLAGEN_THUMB.JPG HTTP/1.1" 200 2818 "http://www.aceonlinestore.com/CGI-BIN/LANSAWEB?WEBEVENT+L1D6785015A02C1007C7705G+M37+ENG" "Mozilla/4.0 (compatible; MSIE 7.0; Windows NT 5.1; .NET CLR 1.1.4322; .NET CLR 2.0.50727; .NET CLR 3.0.04506.30)"
76.80.43.44 - - [05/Jul/2007:00:51:17 -0400] "POST /CGI-BIN/LANSAWEB?WEBEVENT+L1D67850854023100725705G+M37+ENG HTTP/1.1" 200 44609 "http://www.aceonlinestore.com/CGI-BIN/LANSAWEB?WEBEVENT+L1D6785015A02C1007C7705G+M37+ENG" "Mozilla/4.0 (compatible; MSIE 7.0; Windows NT 5.1; .NET CLR 1.1.4322; .NET CLR 2.0.50727; .NET CLR 3.0.04506.30)"
209.59.12.99 - - [05/Jul/2007:00:51:32 -0400] "GET / HTTP/1.0" 200 367 "-" "check_http/1.81 (nagios-plugins 1.4)"
209.59.12.99 - - [05/Jul/2007:00:56:33 -0400] "GET / HTTP/1.0" 200 367 "-" "check_http/1.81 (nagios-plugins 1.4)"
209.59.12.99 - - [05/Jul/2007:01:01:32 -0400] "GET / HTTP/1.0" 200 367 "-" "check_http/1.81 (nagios-plugins 1.4)"
209.59.12.99 - - [05/Jul/2007:01:06:32 -0400] "GET / HTTP/1.0" 200 367 "-" "check_http/1.81 (nagios-plugins 1.4)"
209.59.12.99 - - [05/Jul/2007:01:11:32 -0400] "GET / HTTP/1.0" 200 367 "-" "check_http/1.81 (nagios-plugins 1.4)"
209.59.12.99 - - [05/Jul/2007:01:16:33 -0400] "GET / HTTP/1.0" 200 367 "-" "check_http/1.81 (nagios-plugins 1.4)"
209.59.12.99 - - [05/Jul/2007:01:21:32 -0400] "GET / HTTP/1.0" 200 367 "-" "check_http/1.81 (nagios-plugins 1.4)"
209.59.12.99 - - [05/Jul/2007:01:26:32 -0400] "GET / HTTP/1.0" 200 367 "-" "check_http/1.81 (nagios-plugins 1.4)"
209.59.12.99 - - [05/Jul/2007:01:31:33 -0400] "GET / HTTP/1.0" 200 367 "-" "check_http/1.81 (nagios-plugins 1.4)"
66.249.72.198 - - [05/Jul/2007:01:32:44 -0400] "GET /robots.txt HTTP/1.1" 404 208 "-" "Mozilla/5.0 (compatible; Googlebot/2.1; +http://www.google.com/bot.html)"
66.249.72.198 - - [05/Jul/2007:01:32:44 -0400] "GET /CGI-BIN/LANSAWEB?WEBEVENT+L0D66F40E53F2A1009A3706B+M37+ENG HTTP/1.1" 500 197 "-" "Mozilla/5.0 (compatible; Googlebot/2.1; +http://www.google.com/bot.html)"
66.249.72.198 - - [05/Jul/2007:01:32:54 -0400] "GET /robots.txt HTTP/1.1" 404 208 "-" "Mozilla/5.0 (compatible; Googlebot/2.1; +http://www.google.com/bot.html)"
66.249.72.198 - - [05/Jul/2007:01:32:54 -0400] "GET /CGI-BIN/LANSAWEB?WEBEVENT+L0D66F40E546201009D3706B+M37+ENG HTTP/1.1" 500 197 "-" "Mozilla/5.0 (compatible; Googlebot/2.1; +http://www.google.com/bot.html)"
66.249.72.198 - - [05/Jul/2007:01:34:42 -0400] "GET /CGI-BIN/LANSAWEB?WEBEVENT+L0D66F40E544291029C3706B+M37+ENG HTTP/1.1" 500 197 "-" "Mozilla/5.0 (compatible; Googlebot/2.1; +http://www.google.com/bot.html)"
209.59.12.99 - - [05/Jul/2007:01:36:32 -0400] "GET / HTTP/1.0" 200 367 "-" "check_http/1.81 (nagios-plugins 1.4)"
66.249.72.198 - - [05/Jul/2007:01:37:13 -0400] "GET /CGI-BIN/LANSAWEB?WEBEVENT+L0D6714045622D1000FF706F+M37+ENG HTTP/1.1" 500 197 "-" "Mozilla/5.0 (compatible; Googlebot/2.1; +http://www.google.com/bot.html)"
66.249.72.198 - - [05/Jul/2007:01:39:46 -0400] "GET /CGI-BIN/LANSAWEB?WEBEVENT+L0D66F40E53A2C1009B3706B+M37+ENG HTTP/1.1" 500 197 "-" "Mozilla/5.0 (compatible; Googlebot/2.1; +http://www.google.com/bot.html)"
209.59.12.99 - - [05/Jul/2007:01:41:33 -0400] "GET / HTTP/1.0" 200 367 "-" "check_http/1.81 (nagios-plugins 1.4)"
66.249.72.198 - - [05/Jul/2007:01:42:18 -0400] "GET /CGI-BIN/LANSAWEB?WEBEVENT+L0D66F40E54228100903706B+M37+ENG HTTP/1.1" 500 197 "-" "Mozilla/5.0 (compatible; Googlebot/2.1; +http://www.google.com/bot.html)"
66.249.72.198 - - [05/Jul/2007:01:44:51 -0400] "GET /CGI-BIN/LANSAWEB?WEBEVENT+L0D6714045652F1000BF706F+M37+ENG HTTP/1.1" 500 197 "-" "Mozilla/5.0 (compatible; Googlebot/2.1; +http://www.google.com/bot.html)"
209.59.12.99 - - [05/Jul/2007:01:46:32 -0400] "GET / HTTP/1.0" 200 367 "-" "check_http/1.81 (nagios-plugins 1.4)"
66.249.72.198 - - [05/Jul/2007:01:47:23 -0400] "GET /CGI-BIN/LANSAWEB?WEBEVENT+L0D6714045602F10009F706F+M37+ENG HTTP/1.1" 500 197 "-" "Mozilla/5.0 (compatible; Googlebot/2.1; +http://www.google.com/bot.html)"
66.249.72.198 - - [05/Jul/2007:01:49:55 -0400] "GET /CGI-BIN/LANSAWEB?WEBEVENT+L0D67140455B231000BF706F+M37+ENG HTTP/1.1" 500 197 "-" "Mozilla/5.0 (compatible; Googlebot/2.1; +http://www.google.com/bot.html)"
209.59.12.99 - - [05/Jul/2007:01:51:32 -0400] "GET / HTTP/1.0" 200 367 "-" "check_http/1.81 (nagios-plugins 1.4)"
66.249.72.198 - - [05/Jul/2007:01:52:28 -0400] "GET /CGI-BIN/LANSAWEB?WEBEVENT+L0D671404567271000CF706F+M37+ENG HTTP/1.1" 500 197 "-" "Mozilla/5.0 (compatible; Googlebot/2.1; +http://www.google.com/bot.html)"
76.167.138.167 - - [05/Jul/2007:01:54:08 -0400] "GET /cgi-bin/lansaweb?procfun+wordpr01+webfunc+M37 HTTP/1.1" 200 38205 "http://www.acesurgical.com/home_July07.html" "Mozilla/5.0 (Macintosh; U; PPC Mac OS X; en) AppleWebKit/312.8.1 (KHTML, like Gecko) Safari/312.6"
76.167.138.167 - - [05/Jul/2007:01:54:13 -0400] "POST /CGI-BIN/LANSAWEB?WEBEVENT+L1D67930153822100954705J+M37+ENG HTTP/1.1" 200 34972 "http://www.aceonlinestore.com/cgi-bin/lansaweb?procfun+wordpr01+webfunc+M37" "Mozilla/5.0 (Macintosh; U; PPC Mac OS X; en) AppleWebKit/312.8.1 (KHTML, like Gecko) Safari/312.6"
76.167.138.167 - - [05/Jul/2007:01:54:14 -0400] "GET /images/index9_cannula.jpg HTTP/1.1" 404 223 "http://www.aceonlinestore.com/CGI-BIN/LANSAWEB?WEBEVENT+L1D67930153822100954705J+M37+ENG" "Mozilla/5.0 (Macintosh; U; PPC Mac OS X; en) AppleWebKit/312.8.1 (KHTML, like Gecko) Safari/312.6"
76.167.138.167 - - [05/Jul/2007:01:54:36 -0400] "POST /CGI-BIN/LANSAWEB?WEBEVENT+L1D6793065F827100942705J+M37+ENG HTTP/1.1" 200 31657 "http://www.aceonlinestore.com/CGI-BIN/LANSAWEB?WEBEVENT+L1D67930153822100954705J+M37+ENG" "Mozilla/5.0 (Macintosh; U; PPC Mac OS X; en) AppleWebKit/312.8.1 (KHTML, like Gecko) Safari/312.6"
66.249.72.198 - - [05/Jul/2007:01:54:59 -0400] "GET /CGI-BIN/LANSAWEB?WEBEVENT+L0D67140455D2F1000BF706F+M37+ENG HTTP/1.1" 500 197 "-" "Mozilla/5.0 (compatible; Googlebot/2.1; +http://www.google.com/bot.html)"
76.167.138.167 - - [05/Jul/2007:01:55:02 -0400] "POST /CGI-BIN/LANSAWEB?WEBEVENT+L1D67930C50B28100A07705J+M37+ENG HTTP/1.1" 200 31659 "http://www.aceonlinestore.com/CGI-BIN/LANSAWEB?WEBEVENT+L1D6793065F827100942705J+M37+ENG" "Mozilla/5.0 (Macintosh; U; PPC Mac OS X; en) AppleWebKit/312.8.1 (KHTML, like Gecko) Safari/312.6"
76.167.138.167 - - [05/Jul/2007:01:55:08 -0400] "GET /images/nav04_about_over.jpg HTTP/1.1" 200 1472 "http://www.aceonlinestore.com/CGI-BIN/LANSAWEB?WEBEVENT+L1D67930C50B28100A07705J+M37+ENG" "Mozilla/5.0 (Macintosh; U; PPC Mac OS X; en) AppleWebKit/312.8.1 (KHTML, like Gecko) Safari/312.6"
209.59.12.99 - - [05/Jul/2007:01:56:33 -0400] "GET / HTTP/1.0" 200 367 "-" "check_http/1.81 (nagios-plugins 1.4)"
66.249.72.198 - - [05/Jul/2007:01:57:31 -0400] "GET /CGI-BIN/LANSAWEB?WEBEVENT+L0D66F40E53C2A1009C3706B+M37+ENG HTTP/1.1" 500 197 "-" "Mozilla/5.0 (compatible; Googlebot/2.1; +http://www.google.com/bot.html)"
66.249.72.198 - - [05/Jul/2007:02:00:04 -0400] "GET /CGI-BIN/LANSAWEB?WEBEVENT+L4D2025032E126500D57709L+M37+ENG HTTP/1.1" 500 197 "-" "Mozilla/5.0 (compatible; Googlebot/2.1; +http://www.google.com/bot.html)"
209.59.12.99 - - [05/Jul/2007:02:01:32 -0400] "GET / HTTP/1.0" 200 367 "-" "check_http/1.81 (nagios-plugins 1.4)"
76.167.138.167 - - [05/Jul/2007:02:02:23 -0400] "GET /cgi-bin/lansaweb?procfun+wordpr01+webfunc+M37 HTTP/1.1" 200 38205 "http://www.acesurgical.com/home_July07.html" "Mozilla/5.0 (Macintosh; U; PPC Mac OS X; en) AppleWebKit/312.8.1 (KHTML, like Gecko) Safari/312.6"
76.167.138.167 - - [05/Jul/2007:02:02:30 -0400] "POST /CGI-BIN/LANSAWEB?WEBEVENT+L1D6795085CA211006DF705K+M37+ENG HTTP/1.1" 200 34972 "http://www.aceonlinestore.com/cgi-bin/lansaweb?procfun+wordpr01+webfunc+M37" "Mozilla/5.0 (Macintosh; U; PPC Mac OS X; en) AppleWebKit/312.8.1 (KHTML, like Gecko) Safari/312.6"
76.167.138.167 - - [05/Jul/2007:02:02:31 -0400] "GET /images/index9_cannula.jpg HTTP/1.1" 404 223 "http://www.aceonlinestore.com/CGI-BIN/LANSAWEB?WEBEVENT+L1D6795085CA211006DF705K+M37+ENG" "Mozilla/5.0 (Macintosh; U; PPC Mac OS X; en) AppleWebKit/312.8.1 (KHTML, like Gecko) Safari/312.6"
66.249.72.198 - - [05/Jul/2007:02:02:36 -0400] "GET /CGI-BIN/LANSAWEB?WEBEVENT+L4D2025032E929500D57709L+M37+ENG HTTP/1.1" 500 197 "-" "Mozilla/5.0 (compatible; Googlebot/2.1; +http://www.google.com/bot.html)"
76.167.138.167 - - [05/Jul/2007:02:02:36 -0400] "GET /images/over-index9_solution.jpg HTTP/1.1" 200 2487 "http://www.aceonlinestore.com/CGI-BIN/LANSAWEB?WEBEVENT+L1D6795085CA211006DF705K+M37+ENG" "Mozilla/5.0 (Macintosh; U; PPC Mac OS X; en) AppleWebKit/312.8.1 (KHTML, like Gecko) Safari/312.6"
76.167.138.167 - - [05/Jul/2007:02:02:39 -0400] "POST /CGI-BIN/LANSAWEB?WEBEVENT+L1D67950051628100764705K+M37+ENG HTTP/1.1" 200 56798 "http://www.aceonlinestore.com/CGI-BIN/LANSAWEB?WEBEVENT+L1D6795085CA211006DF705K+M37+ENG" "Mozilla/5.0 (Macintosh; U; PPC Mac OS X; en) AppleWebKit/312.8.1 (KHTML, like Gecko) Safari/312.6"
76.167.138.167 - - [05/Jul/2007:02:02:50 -0400] "GET /CGI-BIN/LANSAWEB?PROCFUN+WORDPR01+PRTSRCH+M37+FUNCPARMS+WEBCMP(S0020):1+WEBSSN(A0240):L1D679508596221006CD705K+WEBSEQ(S0020):1+WEBPGN(S0070):14295+WEBID(S0020):1+WEBKEY(A0100):PRTITEMS HTTP/1.1" 200 87285 "http://www.aceonlinestore.com/CGI-BIN/LANSAWEB?WEBEVENT+L1D67950051628100764705K+M37+ENG" "Mozilla/5.0 (Macintosh; U; PPC Mac OS X; en) AppleWebKit/312.8.1 (KHTML, like Gecko) Safari/312.6"
76.167.138.167 - - [05/Jul/2007:02:03:13 -0400] "POST /CGI-BIN/LANSAWEB?WEBEVENT+L1D6795085372F10075F705K+M37+ENG HTTP/1.1" 200 56501 "http://www.aceonlinestore.com/CGI-BIN/LANSAWEB?WEBEVENT+L1D67950051628100764705K+M37+ENG" "Mozilla/5.0 (Macintosh; U; PPC Mac OS X; en) AppleWebKit/312.8.1 (KHTML, like Gecko) Safari/312.6"
76.167.138.167 - - [05/Jul/2007:02:03:32 -0400] "GET /CGI-BIN/LANSAWEB?PROCFUN+WORDPR01+PRTSRCH+M37+FUNCPARMS+WEBCMP(S0020):1+WEBSSN(A0240):L1D679508596221006CD705K+WEBSEQ(S0020):1+WEBPGN(S0070):14296+WEBID(S0020):1+WEBKEY(A0100):PRTITEMS HTTP/1.1" 200 88687 "http://www.aceonlinestore.com/CGI-BIN/LANSAWEB?WEBEVENT+L1D6795085372F10075F705K+M37+ENG" "Mozilla/5.0 (Macintosh; U; PPC Mac OS X; en) AppleWebKit/312.8.1 (KHTML, like Gecko) Safari/312.6"
76.167.138.167 - - [05/Jul/2007:02:03:51 -0400] "POST /CGI-BIN/LANSAWEB?WEBEVENT+L1D67950A599281009D3705K+M37+ENG HTTP/1.1" 200 56909 "http://www.aceonlinestore.com/CGI-BIN/LANSAWEB?WEBEVENT+L1D6795085372F10075F705K+M37+ENG" "Mozilla/5.0 (Macintosh; U; PPC Mac OS X; en) AppleWebKit/312.8.1 (KHTML, like Gecko) Safari/312.6"
76.167.138.167 - - [05/Jul/2007:02:04:01 -0400] "GET /CGI-BIN/LANSAWEB?PROCFUN+WORDPR01+PRTSRCH+M37+FUNCPARMS+WEBCMP(S0020):1+WEBSSN(A0240):L1D679508596221006CD705K+WEBSEQ(S0020):1+WEBPGN(S0070):14297+WEBID(S0020):1+WEBKEY(A0100):PRTITEMS HTTP/1.1" 200 50432 "http://www.aceonlinestore.com/CGI-BIN/LANSAWEB?WEBEVENT+L1D67950A599281009D3705K+M37+ENG" "Mozilla/5.0 (Macintosh; U; PPC Mac OS X; en) AppleWebKit/312.8.1 (KHTML, like Gecko) Safari/312.6"
218.45.168.32 - - [05/Jul/2007:02:05:03 -0400] "GET /cgi-bin/lansaweb?procfun+wordpr01+webfunc+M37 HTTP/1.1" 200 38205 "http://www.acesurgical.com/about.html" "Mozilla/4.0 (compatible; MSIE 6.0; Windows NT 5.1; SV1; .NET CLR 1.1.4322)"
218.45.168.32 - - [05/Jul/2007:02:05:05 -0400] "GET /images/nav04_about_off.jpg HTTP/1.1" 200 1255 "http://www.aceonlinestore.com/cgi-bin/lansaweb?procfun+wordpr01+webfunc+M37" "Mozilla/4.0 (compatible; MSIE 6.0; Windows NT 5.1; SV1; .NET CLR 1.1.4322)"
218.45.168.32 - - [05/Jul/2007:02:05:05 -0400] "GET /images/ace_logo_top.jpg HTTP/1.1" 200 2702 "http://www.aceonlinestore.com/cgi-bin/lansaweb?procfun+wordpr01+webfunc+M37" "Mozilla/4.0 (compatible; MSIE 6.0; Windows NT 5.1; SV1; .NET CLR 1.1.4322)"
218.45.168.32 - - [05/Jul/2007:02:05:05 -0400] "GET /images/nav04_shop_over.jpg HTTP/1.1" 200 1722 "http://www.aceonlinestore.com/cgi-bin/lansaweb?procfun+wordpr01+webfunc+M37" "Mozilla/4.0 (compatible; MSIE 6.0; Windows NT 5.1; SV1; .NET CLR 1.1.4322)"
218.45.168.32 - - [05/Jul/2007:02:05:05 -0400] "GET /images/nav04_conven_off.jpg HTTP/1.1" 200 1341 "http://www.aceonlinestore.com/cgi-bin/lansaweb?procfun+wordpr01+webfunc+M37" "Mozilla/4.0 (compatible; MSIE 6.0; Windows NT 5.1; SV1; .NET CLR 1.1.4322)"
218.45.168.32 - - [05/Jul/2007:02:05:06 -0400] "GET /images/nav04_download_off.jpg HTTP/1.1" 200 1206 "http://www.aceonlinestore.com/cgi-bin/lansaweb?procfun+wordpr01+webfunc+M37" "Mozilla/4.0 (compatible; MSIE 6.0; Windows NT 5.1; SV1; .NET CLR 1.1.4322)"
218.45.168.32 - - [05/Jul/2007:02:05:06 -0400] "GET /images/nav_upper_bgrd.jpg HTTP/1.1" 200 2954 "http://www.aceonlinestore.com/cgi-bin/lansaweb?procfun+wordpr01+webfunc+M37" "Mozilla/4.0 (compatible; MSIE 6.0; Windows NT 5.1; SV1; .NET CLR 1.1.4322)"
218.45.168.32 - - [05/Jul/2007:02:05:06 -0400] "GET /images/nav04_contact_off.jpg HTTP/1.1" 200 965 "http://www.aceonlinestore.com/cgi-bin/lansaweb?procfun+wordpr01+webfunc+M37" "Mozilla/4.0 (compatible; MSIE 6.0; Windows NT 5.1; SV1; .NET CLR 1.1.4322)"
218.45.168.32 - - [05/Jul/2007:02:05:06 -0400] "GET /images/nav_lower_bgrd.jpg HTTP/1.1" 200 2321 "http://www.aceonlinestore.com/cgi-bin/lansaweb?procfun+wordpr01+webfunc+M37" "Mozilla/4.0 (compatible; MSIE 6.0; Windows NT 5.1; SV1; .NET CLR 1.1.4322)"
218.45.168.32 - - [05/Jul/2007:02:05:07 -0400] "GET /images/ace_logo_bottom.jpg HTTP/1.1" 200 2447 "http://www.aceonlinestore.com/cgi-bin/lansaweb?procfun+wordpr01+webfunc+M37" "Mozilla/4.0 (compatible; MSIE 6.0; Windows NT 5.1; SV1; .NET CLR 1.1.4322)"
218.45.168.32 - - [05/Jul/2007:02:05:07 -0400] "GET /images/nav_store_head.jpg HTTP/1.1" 200 1953 "http://www.aceonlinestore.com/cgi-bin/lansaweb?procfun+wordpr01+webfunc+M37" "Mozilla/4.0 (compatible; MSIE 6.0; Windows NT 5.1; SV1; .NET CLR 1.1.4322)"
218.45.168.32 - - [05/Jul/2007:02:05:07 -0400] "GET /images/nav_store_index_off.jpg HTTP/1.1" 200 922 "http://www.aceonlinestore.com/cgi-bin/lansaweb?procfun+wordpr01+webfunc+M37" "Mozilla/4.0 (compatible; MSIE 6.0; Windows NT 5.1; SV1; .NET CLR 1.1.4322)"
218.45.168.32 - - [05/Jul/2007:02:05:07 -0400] "GET /images/spacer.gif HTTP/1.1" 200 55 "http://www.aceonlinestore.com/cgi-bin/lansaweb?procfun+wordpr01+webfunc+M37" "Mozilla/4.0 (compatible; MSIE 6.0; Windows NT 5.1; SV1; .NET CLR 1.1.4322)"
218.45.168.32 - - [05/Jul/2007:02:05:07 -0400] "GET /images/login.gif HTTP/1.1" 200 166 "http://www.aceonlinestore.com/cgi-bin/lansaweb?procfun+wordpr01+webfunc+M37" "Mozilla/4.0 (compatible; MSIE 6.0; Windows NT 5.1; SV1; .NET CLR 1.1.4322)"
218.45.168.32 - - [05/Jul/2007:02:05:08 -0400] "GET /images/login_go.gif HTTP/1.1" 200 296 "http://www.aceonlinestore.com/cgi-bin/lansaweb?procfun+wordpr01+webfunc+M37" "Mozilla/4.0 (compatible; MSIE 6.0; Windows NT 5.1; SV1; .NET CLR 1.1.4322)"
218.45.168.32 - - [05/Jul/2007:02:05:08 -0400] "GET /images/search.gif HTTP/1.1" 200 614 "http://www.aceonlinestore.com/cgi-bin/lansaweb?procfun+wordpr01+webfunc+M37" "Mozilla/4.0 (compatible; MSIE 6.0; Windows NT 5.1; SV1; .NET CLR 1.1.4322)"
66.249.72.198 - - [05/Jul/2007:02:05:08 -0400] "GET /CGI-BIN/LANSAWEB?WEBEVENT+L4D2025032E625500D97709L+M37+ENG HTTP/1.1" 500 197 "-" "Mozilla/5.0 (compatible; Googlebot/2.1; +http://www.google.com/bot.html)"
218.45.168.32 - - [05/Jul/2007:02:05:08 -0400] "GET /images/psearch_go.gif HTTP/1.1" 200 296 "http://www.aceonlinestore.com/cgi-bin/lansaweb?procfun+wordpr01+webfunc+M37" "Mozilla/4.0 (compatible; MSIE 6.0; Windows NT 5.1; SV1; .NET CLR 1.1.4322)"
218.45.168.32 - - [05/Jul/2007:02:05:08 -0400] "GET /images/sale_promo-icon.gif HTTP/1.1" 200 402 "http://www.aceonlinestore.com/cgi-bin/lansaweb?procfun+wordpr01+webfunc+M37" "Mozilla/4.0 (compatible; MSIE 6.0; Windows NT 5.1; SV1; .NET CLR 1.1.4322)"
218.45.168.32 - - [05/Jul/2007:02:05:09 -0400] "GET /images/store_anesth_section.jpg HTTP/1.1" 200 10123 "http://www.aceonlinestore.com/cgi-bin/lansaweb?procfun+wordpr01+webfunc+M37" "Mozilla/4.0 (compatible; MSIE 6.0; Windows NT 5.1; SV1; .NET CLR 1.1.4322)"
218.45.168.32 - - [05/Jul/2007:02:05:09 -0400] "GET /images/store_bone_section2.jpg HTTP/1.1" 200 21458 "http://www.aceonlinestore.com/cgi-bin/lansaweb?procfun+wordpr01+webfunc+M37" "Mozilla/4.0 (compatible; MSIE 6.0; Windows NT 5.1; SV1; .NET CLR 1.1.4322)"
218.45.168.32 - - [05/Jul/2007:02:05:09 -0400] "GET /images/store_cardiac_section.jpg HTTP/1.1" 200 25730 "http://www.aceonlinestore.com/cgi-bin/lansaweb?procfun+wordpr01+webfunc+M37" "Mozilla/4.0 (compatible; MSIE 6.0; Windows NT 5.1; SV1; .NET CLR 1.1.4322)"
218.45.168.32 - - [05/Jul/2007:02:05:10 -0400] "GET /images/store_gauze_section.jpg HTTP/1.1" 200 24119 "http://www.aceonlinestore.com/cgi-bin/lansaweb?procfun+wordpr01+webfunc+M37" "Mozilla/4.0 (compatible; MSIE 6.0; Windows NT 5.1; SV1; .NET CLR 1.1.4322)"
218.45.168.32 - - [05/Jul/2007:02:05:10 -0400] "GET /images/store_implant_section.jpg HTTP/1.1" 200 8001 "http://www.aceonlinestore.com/cgi-bin/lansaweb?procfun+wordpr01+webfunc+M37" "Mozilla/4.0 (compatible; MSIE 6.0; Windows NT 5.1; SV1; .NET CLR 1.1.4322)"
218.45.168.32 - - [05/Jul/2007:02:05:11 -0400] "GET /images/store_infection_section.jpg HTTP/1.1" 200 25264 "http://www.aceonlinestore.com/cgi-bin/lansaweb?procfun+wordpr01+webfunc+M37" "Mozilla/4.0 (compatible; MSIE 6.0; Windows NT 5.1; SV1; .NET CLR 1.1.4322)"
218.45.168.32 - - [05/Jul/2007:02:05:11 -0400] "GET /images/store_handpc_section.jpg HTTP/1.1" 200 23958 "http://www.aceonlinestore.com/cgi-bin/lansaweb?procfun+wordpr01+webfunc+M37" "Mozilla/4.0 (compatible; MSIE 6.0; Windows NT 5.1; SV1; .NET CLR 1.1.4322)"
218.45.168.32 - - [05/Jul/2007:02:05:12 -0400] "GET /images/store_irrigate_section.gif HTTP/1.1" 200 10336 "http://www.aceonlinestore.com/cgi-bin/lansaweb?procfun+wordpr01+webfunc+M37" "Mozilla/4.0 (compatible; MSIE 6.0; Windows NT 5.1; SV1; .NET CLR 1.1.4322)"
218.45.168.32 - - [05/Jul/2007:02:05:12 -0400] "GET /images/store_instr_section.jpg HTTP/1.1" 200 26432 "http://www.aceonlinestore.com/cgi-bin/lansaweb?procfun+wordpr01+webfunc+M37" "Mozilla/4.0 (compatible; MSIE 6.0; Windows NT 5.1; SV1; .NET CLR 1.1.4322)"
218.45.168.32 - - [05/Jul/2007:02:05:12 -0400] "GET /images/store_iv_admin_section.jpg HTTP/1.1" 200 9115 "http://www.aceonlinestore.com/cgi-bin/lansaweb?procfun+wordpr01+webfunc+M37" "Mozilla/4.0 (compatible; MSIE 6.0; Windows NT 5.1; SV1; .NET CLR 1.1.4322)"
218.45.168.32 - - [05/Jul/2007:02:05:14 -0400] "GET /images/store_assess_section.jpg HTTP/1.1" 200 10059 "http://www.aceonlinestore.com/cgi-bin/lansaweb?procfun+wordpr01+webfunc+M37" "Mozilla/4.0 (compatible; MSIE 6.0; Windows NT 5.1; SV1; .NET CLR 1.1.4322)"
218.45.168.32 - - [05/Jul/2007:02:05:14 -0400] "GET /images/store_pharma_section.jpg HTTP/1.1" 200 7953 "http://www.aceonlinestore.com/cgi-bin/lansaweb?procfun+wordpr01+webfunc+M37" "Mozilla/4.0 (compatible; MSIE 6.0; Windows NT 5.1; SV1; .NET CLR 1.1.4322)"
218.45.168.32 - - [05/Jul/2007:02:05:15 -0400] "GET /images/store_sterile_section.jpg HTTP/1.1" 200 9274 "http://www.aceonlinestore.com/cgi-bin/lansaweb?procfun+wordpr01+webfunc+M37" "Mozilla/4.0 (compatible; MSIE 6.0; Windows NT 5.1; SV1; .NET CLR 1.1.4322)"
218.45.168.32 - - [05/Jul/2007:02:05:15 -0400] "GET /images/store_blades_section.jpg HTTP/1.1" 200 24174 "http://www.aceonlinestore.com/cgi-bin/lansaweb?procfun+wordpr01+webfunc+M37" "Mozilla/4.0 (compatible; MSIE 6.0; Windows NT 5.1; SV1; .NET CLR 1.1.4322)"
218.45.168.32 - - [05/Jul/2007:02:05:16 -0400] "GET /images/store_burs_section.jpg HTTP/1.1" 200 10892 "http://www.aceonlinestore.com/cgi-bin/lansaweb?procfun+wordpr01+webfunc+M37" "Mozilla/4.0 (compatible; MSIE 6.0; Windows NT 5.1; SV1; .NET CLR 1.1.4322)"
