210.131.230.82 - - [14/Jul/2007:04:06:18 -0400] "GET /images/store_infection_section.jpg HTTP/1.1" 200 25264 "http://www.aceonlinestore.com/cgi-bin/lansaweb?procfun+wordpr01+webfunc+M37" "Mozilla/4.0 (compatible; MSIE 6.0; Windows NT 5.1; SV1; .NET CLR 1.1.4322; .NET CLR 2.0.50727)"
210.131.230.82 - - [14/Jul/2007:04:06:20 -0400] "GET /images/store_irrigate_section.gif HTTP/1.1" 200 10336 "http://www.aceonlinestore.com/cgi-bin/lansaweb?procfun+wordpr01+webfunc+M37" "Mozilla/4.0 (compatible; MSIE 6.0; Windows NT 5.1; SV1; .NET CLR 1.1.4322; .NET CLR 2.0.50727)"
210.131.230.82 - - [14/Jul/2007:04:06:20 -0400] "GET /images/store_iv_admin_section.jpg HTTP/1.1" 200 9115 "http://www.aceonlinestore.com/cgi-bin/lansaweb?procfun+wordpr01+webfunc+M37" "Mozilla/4.0 (compatible; MSIE 6.0; Windows NT 5.1; SV1; .NET CLR 1.1.4322; .NET CLR 2.0.50727)"
210.131.230.82 - - [14/Jul/2007:04:06:21 -0400] "GET /images/store_assess_section.jpg HTTP/1.1" 200 10059 "http://www.aceonlinestore.com/cgi-bin/lansaweb?procfun+wordpr01+webfunc+M37" "Mozilla/4.0 (compatible; MSIE 6.0; Windows NT 5.1; SV1; .NET CLR 1.1.4322; .NET CLR 2.0.50727)"
210.131.230.82 - - [14/Jul/2007:04:06:21 -0400] "GET /images/store_pharma_section.jpg HTTP/1.1" 200 7953 "http://www.aceonlinestore.com/cgi-bin/lansaweb?procfun+wordpr01+webfunc+M37" "Mozilla/4.0 (compatible; MSIE 6.0; Windows NT 5.1; SV1; .NET CLR 1.1.4322; .NET CLR 2.0.50727)"
210.131.230.82 - - [14/Jul/2007:04:06:21 -0400] "GET /images/store_sterile_section.jpg HTTP/1.1" 200 9274 "http://www.aceonlinestore.com/cgi-bin/lansaweb?procfun+wordpr01+webfunc+M37" "Mozilla/4.0 (compatible; MSIE 6.0; Windows NT 5.1; SV1; .NET CLR 1.1.4322; .NET CLR 2.0.50727)"
210.131.230.82 - - [14/Jul/2007:04:06:22 -0400] "GET /images/store_blades_section.jpg HTTP/1.1" 200 24174 "http://www.aceonlinestore.com/cgi-bin/lansaweb?procfun+wordpr01+webfunc+M37" "Mozilla/4.0 (compatible; MSIE 6.0; Windows NT 5.1; SV1; .NET CLR 1.1.4322; .NET CLR 2.0.50727)"
210.131.230.82 - - [14/Jul/2007:04:06:22 -0400] "GET /images/store_burs_section.jpg HTTP/1.1" 200 10892 "http://www.aceonlinestore.com/cgi-bin/lansaweb?procfun+wordpr01+webfunc+M37" "Mozilla/4.0 (compatible; MSIE 6.0; Windows NT 5.1; SV1; .NET CLR 1.1.4322; .NET CLR 2.0.50727)"
210.131.230.82 - - [14/Jul/2007:04:06:22 -0400] "GET /images/store_saws_section.jpg HTTP/1.1" 200 10028 "http://www.aceonlinestore.com/cgi-bin/lansaweb?procfun+wordpr01+webfunc+M37" "Mozilla/4.0 (compatible; MSIE 6.0; Windows NT 5.1; SV1; .NET CLR 1.1.4322; .NET CLR 2.0.50727)"
210.131.230.82 - - [14/Jul/2007:04:06:22 -0400] "GET /images/store_sutures_section.jpg HTTP/1.1" 200 28375 "http://www.aceonlinestore.com/cgi-bin/lansaweb?procfun+wordpr01+webfunc+M37" "Mozilla/4.0 (compatible; MSIE 6.0; Windows NT 5.1; SV1; .NET CLR 1.1.4322; .NET CLR 2.0.50727)"
210.131.230.82 - - [14/Jul/2007:04:06:23 -0400] "GET /images/store_syringe_section.jpg HTTP/1.1" 200 9321 "http://www.aceonlinestore.com/cgi-bin/lansaweb?procfun+wordpr01+webfunc+M37" "Mozilla/4.0 (compatible; MSIE 6.0; Windows NT 5.1; SV1; .NET CLR 1.1.4322; .NET CLR 2.0.50727)"
210.131.230.82 - - [14/Jul/2007:04:06:24 -0400] "GET /images/store_xray_section.jpg HTTP/1.1" 200 8861 "http://www.aceonlinestore.com/cgi-bin/lansaweb?procfun+wordpr01+webfunc+M37" "Mozilla/4.0 (compatible; MSIE 6.0; Windows NT 5.1; SV1; .NET CLR 1.1.4322; .NET CLR 2.0.50727)"
210.131.230.82 - - [14/Jul/2007:04:06:24 -0400] "GET /images/store_anesth_section.jpg HTTP/1.1" 206 4703 "http://www.aceonlinestore.com/cgi-bin/lansaweb?procfun+wordpr01+webfunc+M37" "Mozilla/4.0 (compatible; MSIE 6.0; Windows NT 5.1; SV1; .NET CLR 1.1.4322; .NET CLR 2.0.50727)"
210.131.230.82 - - [14/Jul/2007:04:06:24 -0400] "GET /images/store_bone_section2.jpg HTTP/1.1" 200 21458 "http://www.aceonlinestore.com/cgi-bin/lansaweb?procfun+wordpr01+webfunc+M37" "Mozilla/4.0 (compatible; MSIE 6.0; Windows NT 5.1; SV1; .NET CLR 1.1.4322; .NET CLR 2.0.50727)"
210.131.230.82 - - [14/Jul/2007:04:06:24 -0400] "GET /images/store_cardiac_section.jpg HTTP/1.1" 304 - "http://www.aceonlinestore.com/cgi-bin/lansaweb?procfun+wordpr01+webfunc+M37" "Mozilla/4.0 (compatible; MSIE 6.0; Windows NT 5.1; SV1; .NET CLR 1.1.4322; .NET CLR 2.0.50727)"
210.131.230.82 - - [14/Jul/2007:04:06:25 -0400] "GET /images/store_implant_section.jpg HTTP/1.1" 304 - "http://www.aceonlinestore.com/cgi-bin/lansaweb?procfun+wordpr01+webfunc+M37" "Mozilla/4.0 (compatible; MSIE 6.0; Windows NT 5.1; SV1; .NET CLR 1.1.4322; .NET CLR 2.0.50727)"
210.131.230.82 - - [14/Jul/2007:04:06:31 -0400] "GET /images/store_irrigate_section.gif HTTP/1.1" 304 - "http://www.aceonlinestore.com/cgi-bin/lansaweb?procfun+wordpr01+webfunc+M37" "Mozilla/4.0 (compatible; MSIE 6.0; Windows NT 5.1; SV1; .NET CLR 1.1.4322; .NET CLR 2.0.50727)"
210.131.230.82 - - [14/Jul/2007:04:06:31 -0400] "GET /images/over-store_blades_section.jpg HTTP/1.1" 200 8357 "http://www.aceonlinestore.com/cgi-bin/lansaweb?procfun+wordpr01+webfunc+M37" "Mozilla/4.0 (compatible; MSIE 6.0; Windows NT 5.1; SV1; .NET CLR 1.1.4322; .NET CLR 2.0.50727)"
210.131.230.82 - - [14/Jul/2007:04:06:31 -0400] "GET /images/store_blades_section.jpg HTTP/1.1" 304 - "http://www.aceonlinestore.com/cgi-bin/lansaweb?procfun+wordpr01+webfunc+M37" "Mozilla/4.0 (compatible; MSIE 6.0; Windows NT 5.1; SV1; .NET CLR 1.1.4322; .NET CLR 2.0.50727)"
210.131.230.82 - - [14/Jul/2007:04:06:31 -0400] "GET /images/over-store_blades_section.jpg HTTP/1.1" 200 8357 "http://www.aceonlinestore.com/cgi-bin/lansaweb?procfun+wordpr01+webfunc+M37" "Mozilla/4.0 (compatible; MSIE 6.0; Windows NT 5.1; SV1; .NET CLR 1.1.4322; .NET CLR 2.0.50727)"
210.131.230.82 - - [14/Jul/2007:04:06:32 -0400] "GET /images/store_blades_section.jpg HTTP/1.1" 304 - "http://www.aceonlinestore.com/cgi-bin/lansaweb?procfun+wordpr01+webfunc+M37" "Mozilla/4.0 (compatible; MSIE 6.0; Windows NT 5.1; SV1; .NET CLR 1.1.4322; .NET CLR 2.0.50727)"
210.131.230.82 - - [14/Jul/2007:04:06:33 -0400] "GET /images/store_xray_section.jpg HTTP/1.1" 304 - "http://www.aceonlinestore.com/cgi-bin/lansaweb?procfun+wordpr01+webfunc+M37" "Mozilla/4.0 (compatible; MSIE 6.0; Windows NT 5.1; SV1; .NET CLR 1.1.4322; .NET CLR 2.0.50727)"
210.131.230.82 - - [14/Jul/2007:04:06:33 -0400] "GET /images/store_blades_section.jpg HTTP/1.1" 304 - "http://www.aceonlinestore.com/cgi-bin/lansaweb?procfun+wordpr01+webfunc+M37" "Mozilla/4.0 (compatible; MSIE 6.0; Windows NT 5.1; SV1; .NET CLR 1.1.4322; .NET CLR 2.0.50727)"
66.249.72.198 - - [14/Jul/2007:04:06:39 -0400] "GET /images/index6_bibs&towls.jpg HTTP/1.1" 200 4450 "-" "Googlebot-Image/1.0"
210.131.230.82 - - [14/Jul/2007:04:06:40 -0400] "GET /images/store_irrigate_section.gif HTTP/1.1" 304 - "http://www.aceonlinestore.com/cgi-bin/lansaweb?procfun+wordpr01+webfunc+M37" "Mozilla/4.0 (compatible; MSIE 6.0; Windows NT 5.1; SV1; .NET CLR 1.1.4322; .NET CLR 2.0.50727)"
210.131.230.82 - - [14/Jul/2007:04:06:40 -0400] "GET /images/over-store_instr_section.jpg HTTP/1.1" 200 9238 "http://www.aceonlinestore.com/cgi-bin/lansaweb?procfun+wordpr01+webfunc+M37" "Mozilla/4.0 (compatible; MSIE 6.0; Windows NT 5.1; SV1; .NET CLR 1.1.4322; .NET CLR 2.0.50727)"
210.131.230.82 - - [14/Jul/2007:04:06:41 -0400] "POST /CGI-BIN/LANSAWEB?WEBEVENT+L6D63010C8A422400DFC800L+M37+ENG HTTP/1.1" 200 48148 "http://www.aceonlinestore.com/cgi-bin/lansaweb?procfun+wordpr01+webfunc+M37" "Mozilla/4.0 (compatible; MSIE 6.0; Windows NT 5.1; SV1; .NET CLR 1.1.4322; .NET CLR 2.0.50727)"
210.131.230.82 - - [14/Jul/2007:04:06:42 -0400] "GET /images/nav04_about_off.jpg HTTP/1.1" 304 - "http://www.aceonlinestore.com/CGI-BIN/LANSAWEB?WEBEVENT+L6D63010C8A422400DFC800L+M37+ENG" "Mozilla/4.0 (compatible; MSIE 6.0; Windows NT 5.1; SV1; .NET CLR 1.1.4322; .NET CLR 2.0.50727)"
210.131.230.82 - - [14/Jul/2007:04:06:42 -0400] "GET /images/ace_logo_top.jpg HTTP/1.1" 304 - "http://www.aceonlinestore.com/CGI-BIN/LANSAWEB?WEBEVENT+L6D63010C8A422400DFC800L+M37+ENG" "Mozilla/4.0 (compatible; MSIE 6.0; Windows NT 5.1; SV1; .NET CLR 1.1.4322; .NET CLR 2.0.50727)"
210.131.230.82 - - [14/Jul/2007:04:06:42 -0400] "GET /images/nav04_conven_off.jpg HTTP/1.1" 304 - "http://www.aceonlinestore.com/CGI-BIN/LANSAWEB?WEBEVENT+L6D63010C8A422400DFC800L+M37+ENG" "Mozilla/4.0 (compatible; MSIE 6.0; Windows NT 5.1; SV1; .NET CLR 1.1.4322; .NET CLR 2.0.50727)"
210.131.230.82 - - [14/Jul/2007:04:06:43 -0400] "GET /images/nav04_shop_off.jpg HTTP/1.1" 200 1390 "http://www.aceonlinestore.com/CGI-BIN/LANSAWEB?WEBEVENT+L6D63010C8A422400DFC800L+M37+ENG" "Mozilla/4.0 (compatible; MSIE 6.0; Windows NT 5.1; SV1; .NET CLR 1.1.4322; .NET CLR 2.0.50727)"
210.131.230.82 - - [14/Jul/2007:04:06:43 -0400] "GET /images/nav04_download_off.jpg HTTP/1.1" 304 - "http://www.aceonlinestore.com/CGI-BIN/LANSAWEB?WEBEVENT+L6D63010C8A422400DFC800L+M37+ENG" "Mozilla/4.0 (compatible; MSIE 6.0; Windows NT 5.1; SV1; .NET CLR 1.1.4322; .NET CLR 2.0.50727)"
210.131.230.82 - - [14/Jul/2007:04:06:43 -0400] "GET /images/nav04_contact_off.jpg HTTP/1.1" 304 - "http://www.aceonlinestore.com/CGI-BIN/LANSAWEB?WEBEVENT+L6D63010C8A422400DFC800L+M37+ENG" "Mozilla/4.0 (compatible; MSIE 6.0; Windows NT 5.1; SV1; .NET CLR 1.1.4322; .NET CLR 2.0.50727)"
210.131.230.82 - - [14/Jul/2007:04:06:43 -0400] "GET /images/ace_logo_bottom.jpg HTTP/1.1" 304 - "http://www.aceonlinestore.com/CGI-BIN/LANSAWEB?WEBEVENT+L6D63010C8A422400DFC800L+M37+ENG" "Mozilla/4.0 (compatible; MSIE 6.0; Windows NT 5.1; SV1; .NET CLR 1.1.4322; .NET CLR 2.0.50727)"
210.131.230.82 - - [14/Jul/2007:04:06:44 -0400] "GET /images/nav_store_head.jpg HTTP/1.1" 304 - "http://www.aceonlinestore.com/CGI-BIN/LANSAWEB?WEBEVENT+L6D63010C8A422400DFC800L+M37+ENG" "Mozilla/4.0 (compatible; MSIE 6.0; Windows NT 5.1; SV1; .NET CLR 1.1.4322; .NET CLR 2.0.50727)"
210.131.230.82 - - [14/Jul/2007:04:06:44 -0400] "GET /images/nav_upper_bgrd.jpg HTTP/1.1" 304 - "http://www.aceonlinestore.com/CGI-BIN/LANSAWEB?WEBEVENT+L6D63010C8A422400DFC800L+M37+ENG" "Mozilla/4.0 (compatible; MSIE 6.0; Windows NT 5.1; SV1; .NET CLR 1.1.4322; .NET CLR 2.0.50727)"
210.131.230.82 - - [14/Jul/2007:04:06:44 -0400] "GET /images/nav_store_index_off.jpg HTTP/1.1" 304 - "http://www.aceonlinestore.com/CGI-BIN/LANSAWEB?WEBEVENT+L6D63010C8A422400DFC800L+M37+ENG" "Mozilla/4.0 (compatible; MSIE 6.0; Windows NT 5.1; SV1; .NET CLR 1.1.4322; .NET CLR 2.0.50727)"
210.131.230.82 - - [14/Jul/2007:04:06:44 -0400] "GET /images/spacer.gif HTTP/1.1" 304 - "http://www.aceonlinestore.com/CGI-BIN/LANSAWEB?WEBEVENT+L6D63010C8A422400DFC800L+M37+ENG" "Mozilla/4.0 (compatible; MSIE 6.0; Windows NT 5.1; SV1; .NET CLR 1.1.4322; .NET CLR 2.0.50727)"
210.131.230.82 - - [14/Jul/2007:04:06:44 -0400] "GET /images/login.gif HTTP/1.1" 304 - "http://www.aceonlinestore.com/CGI-BIN/LANSAWEB?WEBEVENT+L6D63010C8A422400DFC800L+M37+ENG" "Mozilla/4.0 (compatible; MSIE 6.0; Windows NT 5.1; SV1; .NET CLR 1.1.4322; .NET CLR 2.0.50727)"
210.131.230.82 - - [14/Jul/2007:04:06:44 -0400] "GET /images/login_go.gif HTTP/1.1" 304 - "http://www.aceonlinestore.com/CGI-BIN/LANSAWEB?WEBEVENT+L6D63010C8A422400DFC800L+M37+ENG" "Mozilla/4.0 (compatible; MSIE 6.0; Windows NT 5.1; SV1; .NET CLR 1.1.4322; .NET CLR 2.0.50727)"
210.131.230.82 - - [14/Jul/2007:04:06:45 -0400] "GET /images/nav_lower_bgrd.jpg HTTP/1.1" 304 - "http://www.aceonlinestore.com/CGI-BIN/LANSAWEB?WEBEVENT+L6D63010C8A422400DFC800L+M37+ENG" "Mozilla/4.0 (compatible; MSIE 6.0; Windows NT 5.1; SV1; .NET CLR 1.1.4322; .NET CLR 2.0.50727)"
210.131.230.82 - - [14/Jul/2007:04:06:45 -0400] "GET /images/search.gif HTTP/1.1" 304 - "http://www.aceonlinestore.com/CGI-BIN/LANSAWEB?WEBEVENT+L6D63010C8A422400DFC800L+M37+ENG" "Mozilla/4.0 (compatible; MSIE 6.0; Windows NT 5.1; SV1; .NET CLR 1.1.4322; .NET CLR 2.0.50727)"
210.131.230.82 - - [14/Jul/2007:04:06:45 -0400] "GET /images/psearch_go.gif HTTP/1.1" 304 - "http://www.aceonlinestore.com/CGI-BIN/LANSAWEB?WEBEVENT+L6D63010C8A422400DFC800L+M37+ENG" "Mozilla/4.0 (compatible; MSIE 6.0; Windows NT 5.1; SV1; .NET CLR 1.1.4322; .NET CLR 2.0.50727)"
210.131.230.82 - - [14/Jul/2007:04:06:45 -0400] "GET /images/sale_promo-icon.gif HTTP/1.1" 304 - "http://www.aceonlinestore.com/CGI-BIN/LANSAWEB?WEBEVENT+L6D63010C8A422400DFC800L+M37+ENG" "Mozilla/4.0 (compatible; MSIE 6.0; Windows NT 5.1; SV1; .NET CLR 1.1.4322; .NET CLR 2.0.50727)"
210.131.230.82 - - [14/Jul/2007:04:06:46 -0400] "GET /images/index5_artic.jpg HTTP/1.1" 200 4791 "http://www.aceonlinestore.com/CGI-BIN/LANSAWEB?WEBEVENT+L6D63010C8A422400DFC800L+M37+ENG" "Mozilla/4.0 (compatible; MSIE 6.0; Windows NT 5.1; SV1; .NET CLR 1.1.4322; .NET CLR 2.0.50727)"
210.131.230.82 - - [14/Jul/2007:04:06:46 -0400] "GET /images/index5_bonefrcps.jpg HTTP/1.1" 200 3587 "http://www.aceonlinestore.com/CGI-BIN/LANSAWEB?WEBEVENT+L6D63010C8A422400DFC800L+M37+ENG" "Mozilla/4.0 (compatible; MSIE 6.0; Windows NT 5.1; SV1; .NET CLR 1.1.4322; .NET CLR 2.0.50727)"
210.131.230.82 - - [14/Jul/2007:04:06:46 -0400] "GET /images/index5_bngraf.jpg HTTP/1.1" 200 3051 "http://www.aceonlinestore.com/CGI-BIN/LANSAWEB?WEBEVENT+L6D63010C8A422400DFC800L+M37+ENG" "Mozilla/4.0 (compatible; MSIE 6.0; Windows NT 5.1; SV1; .NET CLR 1.1.4322; .NET CLR 2.0.50727)"
210.131.230.82 - - [14/Jul/2007:04:06:46 -0400] "GET /images/index5_curette.jpg HTTP/1.1" 200 2388 "http://www.aceonlinestore.com/CGI-BIN/LANSAWEB?WEBEVENT+L6D63010C8A422400DFC800L+M37+ENG" "Mozilla/4.0 (compatible; MSIE 6.0; Windows NT 5.1; SV1; .NET CLR 1.1.4322; .NET CLR 2.0.50727)"
210.131.230.82 - - [14/Jul/2007:04:06:47 -0400] "GET /images/index5_caliper.jpg HTTP/1.1" 200 2483 "http://www.aceonlinestore.com/CGI-BIN/LANSAWEB?WEBEVENT+L6D63010C8A422400DFC800L+M37+ENG" "Mozilla/4.0 (compatible; MSIE 6.0; Windows NT 5.1; SV1; .NET CLR 1.1.4322; .NET CLR 2.0.50727)"
210.131.230.82 - - [14/Jul/2007:04:06:47 -0400] "GET /images/index5_fractred.jpg HTTP/1.1" 200 3896 "http://www.aceonlinestore.com/CGI-BIN/LANSAWEB?WEBEVENT+L6D63010C8A422400DFC800L+M37+ENG" "Mozilla/4.0 (compatible; MSIE 6.0; Windows NT 5.1; SV1; .NET CLR 1.1.4322; .NET CLR 2.0.50727)"
210.131.230.82 - - [14/Jul/2007:04:06:47 -0400] "GET /images/index5_mirrors.jpg HTTP/1.1" 200 2655 "http://www.aceonlinestore.com/CGI-BIN/LANSAWEB?WEBEVENT+L6D63010C8A422400DFC800L+M37+ENG" "Mozilla/4.0 (compatible; MSIE 6.0; Windows NT 5.1; SV1; .NET CLR 1.1.4322; .NET CLR 2.0.50727)"
210.131.230.82 - - [14/Jul/2007:04:06:47 -0400] "GET /images/index5_tisforc.jpg HTTP/1.1" 200 2873 "http://www.aceonlinestore.com/CGI-BIN/LANSAWEB?WEBEVENT+L6D63010C8A422400DFC800L+M37+ENG" "Mozilla/4.0 (compatible; MSIE 6.0; Windows NT 5.1; SV1; .NET CLR 1.1.4322; .NET CLR 2.0.50727)"
210.131.230.82 - - [14/Jul/2007:04:06:47 -0400] "GET /images/index5_instrlub.jpg HTTP/1.1" 200 2931 "http://www.aceonlinestore.com/CGI-BIN/LANSAWEB?WEBEVENT+L6D63010C8A422400DFC800L+M37+ENG" "Mozilla/4.0 (compatible; MSIE 6.0; Windows NT 5.1; SV1; .NET CLR 1.1.4322; .NET CLR 2.0.50727)"
210.131.230.82 - - [14/Jul/2007:04:06:47 -0400] "GET /images/index5_mcrnedlhol.jpg HTTP/1.1" 200 2494 "http://www.aceonlinestore.com/CGI-BIN/LANSAWEB?WEBEVENT+L6D63010C8A422400DFC800L+M37+ENG" "Mozilla/4.0 (compatible; MSIE 6.0; Windows NT 5.1; SV1; .NET CLR 1.1.4322; .NET CLR 2.0.50727)"
210.131.230.82 - - [14/Jul/2007:04:06:48 -0400] "GET /images/index5_probes.jpg HTTP/1.1" 200 3030 "http://www.aceonlinestore.com/CGI-BIN/LANSAWEB?WEBEVENT+L6D63010C8A422400DFC800L+M37+ENG" "Mozilla/4.0 (compatible; MSIE 6.0; Windows NT 5.1; SV1; .NET CLR 1.1.4322; .NET CLR 2.0.50727)"
210.131.230.82 - - [14/Jul/2007:04:06:48 -0400] "GET /images/index5_mallet.jpg HTTP/1.1" 200 1863 "http://www.aceonlinestore.com/CGI-BIN/LANSAWEB?WEBEVENT+L6D63010C8A422400DFC800L+M37+ENG" "Mozilla/4.0 (compatible; MSIE 6.0; Windows NT 5.1; SV1; .NET CLR 1.1.4322; .NET CLR 2.0.50727)"
210.131.230.82 - - [14/Jul/2007:04:06:48 -0400] "GET /images/index5_microscis.jpg HTTP/1.1" 200 2226 "http://www.aceonlinestore.com/CGI-BIN/LANSAWEB?WEBEVENT+L6D63010C8A422400DFC800L+M37+ENG" "Mozilla/4.0 (compatible; MSIE 6.0; Windows NT 5.1; SV1; .NET CLR 1.1.4322; .NET CLR 2.0.50727)"
210.131.230.82 - - [14/Jul/2007:04:06:48 -0400] "GET /images/index5_morslser.jpg HTTP/1.1" 200 1884 "http://www.aceonlinestore.com/CGI-BIN/LANSAWEB?WEBEVENT+L6D63010C8A422400DFC800L+M37+ENG" "Mozilla/4.0 (compatible; MSIE 6.0; Windows NT 5.1; SV1; .NET CLR 1.1.4322; .NET CLR 2.0.50727)"
210.131.230.82 - - [14/Jul/2007:04:06:49 -0400] "GET /images/index5_nedlhol.jpg HTTP/1.1" 200 4228 "http://www.aceonlinestore.com/CGI-BIN/LANSAWEB?WEBEVENT+L6D63010C8A422400DFC800L+M37+ENG" "Mozilla/4.0 (compatible; MSIE 6.0; Windows NT 5.1; SV1; .NET CLR 1.1.4322; .NET CLR 2.0.50727)"
210.131.230.82 - - [14/Jul/2007:04:06:49 -0400] "GET /images/index5_periolev.jpg HTTP/1.1" 200 3646 "http://www.aceonlinestore.com/CGI-BIN/LANSAWEB?WEBEVENT+L6D63010C8A422400DFC800L+M37+ENG" "Mozilla/4.0 (compatible; MSIE 6.0; Windows NT 5.1; SV1; .NET CLR 1.1.4322; .NET CLR 2.0.50727)"
210.131.230.82 - - [14/Jul/2007:04:06:49 -0400] "GET /images/index5_pliers.jpg HTTP/1.1" 200 2399 "http://www.aceonlinestore.com/CGI-BIN/LANSAWEB?WEBEVENT+L6D63010C8A422400DFC800L+M37+ENG" "Mozilla/4.0 (compatible; MSIE 6.0; Windows NT 5.1; SV1; .NET CLR 1.1.4322; .NET CLR 2.0.50727)"
210.131.230.82 - - [14/Jul/2007:04:06:49 -0400] "GET /images/index5_rongeur.jpg HTTP/1.1" 200 3803 "http://www.aceonlinestore.com/CGI-BIN/LANSAWEB?WEBEVENT+L6D63010C8A422400DFC800L+M37+ENG" "Mozilla/4.0 (compatible; MSIE 6.0; Windows NT 5.1; SV1; .NET CLR 1.1.4322; .NET CLR 2.0.50727)"
210.131.230.82 - - [14/Jul/2007:04:06:50 -0400] "GET /images/index5_retrctr.jpg HTTP/1.1" 200 4110 "http://www.aceonlinestore.com/CGI-BIN/LANSAWEB?WEBEVENT+L6D63010C8A422400DFC800L+M37+ENG" "Mozilla/4.0 (compatible; MSIE 6.0; Windows NT 5.1; SV1; .NET CLR 1.1.4322; .NET CLR 2.0.50727)"
210.131.230.82 - - [14/Jul/2007:04:06:50 -0400] "GET /images/index5_plstcfill.jpg HTTP/1.1" 200 2179 "http://www.aceonlinestore.com/CGI-BIN/LANSAWEB?WEBEVENT+L6D63010C8A422400DFC800L+M37+ENG" "Mozilla/4.0 (compatible; MSIE 6.0; Windows NT 5.1; SV1; .NET CLR 1.1.4322; .NET CLR 2.0.50727)"
210.131.230.82 - - [14/Jul/2007:04:06:50 -0400] "GET /images/index5_rootelv.jpg HTTP/1.1" 200 3266 "http://www.aceonlinestore.com/CGI-BIN/LANSAWEB?WEBEVENT+L6D63010C8A422400DFC800L+M37+ENG" "Mozilla/4.0 (compatible; MSIE 6.0; Windows NT 5.1; SV1; .NET CLR 1.1.4322; .NET CLR 2.0.50727)"
210.131.230.82 - - [14/Jul/2007:04:06:50 -0400] "GET /images/index5_spat_oste.jpg HTTP/1.1" 200 1734 "http://www.aceonlinestore.com/CGI-BIN/LANSAWEB?WEBEVENT+L6D63010C8A422400DFC800L+M37+ENG" "Mozilla/4.0 (compatible; MSIE 6.0; Windows NT 5.1; SV1; .NET CLR 1.1.4322; .NET CLR 2.0.50727)"
210.131.230.82 - - [14/Jul/2007:04:06:50 -0400] "GET /images/index5_ssproducts.jpg HTTP/1.1" 200 3909 "http://www.aceonlinestore.com/CGI-BIN/LANSAWEB?WEBEVENT+L6D63010C8A422400DFC800L+M37+ENG" "Mozilla/4.0 (compatible; MSIE 6.0; Windows NT 5.1; SV1; .NET CLR 1.1.4322; .NET CLR 2.0.50727)"
210.131.230.82 - - [14/Jul/2007:04:06:51 -0400] "GET /images/index5_surgscis.jpg HTTP/1.1" 200 3404 "http://www.aceonlinestore.com/CGI-BIN/LANSAWEB?WEBEVENT+L6D63010C8A422400DFC800L+M37+ENG" "Mozilla/4.0 (compatible; MSIE 6.0; Windows NT 5.1; SV1; .NET CLR 1.1.4322; .NET CLR 2.0.50727)"
210.131.230.82 - - [14/Jul/2007:04:06:51 -0400] "GET /images/index5_caliper.jpg HTTP/1.1" 304 - "http://www.aceonlinestore.com/CGI-BIN/LANSAWEB?WEBEVENT+L6D63010C8A422400DFC800L+M37+ENG" "Mozilla/4.0 (compatible; MSIE 6.0; Windows NT 5.1; SV1; .NET CLR 1.1.4322; .NET CLR 2.0.50727)"
210.131.230.82 - - [14/Jul/2007:04:06:51 -0400] "GET /images/over-index5_tisforc.jpg HTTP/1.1" 200 2179 "http://www.aceonlinestore.com/CGI-BIN/LANSAWEB?WEBEVENT+L6D63010C8A422400DFC800L+M37+ENG" "Mozilla/4.0 (compatible; MSIE 6.0; Windows NT 5.1; SV1; .NET CLR 1.1.4322; .NET CLR 2.0.50727)"
210.131.230.82 - - [14/Jul/2007:04:06:52 -0400] "GET /images/index5_tisforc.jpg HTTP/1.1" 304 - "http://www.aceonlinestore.com/CGI-BIN/LANSAWEB?WEBEVENT+L6D63010C8A422400DFC800L+M37+ENG" "Mozilla/4.0 (compatible; MSIE 6.0; Windows NT 5.1; SV1; .NET CLR 1.1.4322; .NET CLR 2.0.50727)"
210.131.230.82 - - [14/Jul/2007:04:06:53 -0400] "GET /images/index5_caliper.jpg HTTP/1.1" 304 - "http://www.aceonlinestore.com/CGI-BIN/LANSAWEB?WEBEVENT+L6D63010C8A422400DFC800L+M37+ENG" "Mozilla/4.0 (compatible; MSIE 6.0; Windows NT 5.1; SV1; .NET CLR 1.1.4322; .NET CLR 2.0.50727)"
210.131.230.82 - - [14/Jul/2007:04:06:53 -0400] "GET /images/index5_tisforc.jpg HTTP/1.1" 304 - "http://www.aceonlinestore.com/CGI-BIN/LANSAWEB?WEBEVENT+L6D63010C8A422400DFC800L+M37+ENG" "Mozilla/4.0 (compatible; MSIE 6.0; Windows NT 5.1; SV1; .NET CLR 1.1.4322; .NET CLR 2.0.50727)"
210.131.230.82 - - [14/Jul/2007:04:06:53 -0400] "GET /images/index5_instrlub.jpg HTTP/1.1" 304 - "http://www.aceonlinestore.com/CGI-BIN/LANSAWEB?WEBEVENT+L6D63010C8A422400DFC800L+M37+ENG" "Mozilla/4.0 (compatible; MSIE 6.0; Windows NT 5.1; SV1; .NET CLR 1.1.4322; .NET CLR 2.0.50727)"
210.131.230.82 - - [14/Jul/2007:04:06:55 -0400] "GET /images/index5_probes.jpg HTTP/1.1" 304 - "http://www.aceonlinestore.com/CGI-BIN/LANSAWEB?WEBEVENT+L6D63010C8A422400DFC800L+M37+ENG" "Mozilla/4.0 (compatible; MSIE 6.0; Windows NT 5.1; SV1; .NET CLR 1.1.4322; .NET CLR 2.0.50727)"
210.131.230.82 - - [14/Jul/2007:04:07:20 -0400] "GET /images/over-index5_periolev.jpg HTTP/1.1" 200 2700 "http://www.aceonlinestore.com/CGI-BIN/LANSAWEB?WEBEVENT+L6D63010C8A422400DFC800L+M37+ENG" "Mozilla/4.0 (compatible; MSIE 6.0; Windows NT 5.1; SV1; .NET CLR 1.1.4322; .NET CLR 2.0.50727)"
210.131.230.82 - - [14/Jul/2007:04:07:23 -0400] "GET /images/index5_periolev.jpg HTTP/1.1" 304 - "http://www.aceonlinestore.com/CGI-BIN/LANSAWEB?WEBEVENT+L6D63010C8A422400DFC800L+M37+ENG" "Mozilla/4.0 (compatible; MSIE 6.0; Windows NT 5.1; SV1; .NET CLR 1.1.4322; .NET CLR 2.0.50727)"
210.131.230.82 - - [14/Jul/2007:04:07:23 -0400] "GET /images/over-index5_plstcfill.jpg HTTP/1.1" 200 1750 "http://www.aceonlinestore.com/CGI-BIN/LANSAWEB?WEBEVENT+L6D63010C8A422400DFC800L+M37+ENG" "Mozilla/4.0 (compatible; MSIE 6.0; Windows NT 5.1; SV1; .NET CLR 1.1.4322; .NET CLR 2.0.50727)"
210.131.230.82 - - [14/Jul/2007:04:07:23 -0400] "GET /images/index5_plstcfill.jpg HTTP/1.1" 304 - "http://www.aceonlinestore.com/CGI-BIN/LANSAWEB?WEBEVENT+L6D63010C8A422400DFC800L+M37+ENG" "Mozilla/4.0 (compatible; MSIE 6.0; Windows NT 5.1; SV1; .NET CLR 1.1.4322; .NET CLR 2.0.50727)"
210.131.230.82 - - [14/Jul/2007:04:07:43 -0400] "GET /images/index5_nedlhol.jpg HTTP/1.1" 304 - "http://www.aceonlinestore.com/CGI-BIN/LANSAWEB?WEBEVENT+L6D63010C8A422400DFC800L+M37+ENG" "Mozilla/4.0 (compatible; MSIE 6.0; Windows NT 5.1; SV1; .NET CLR 1.1.4322; .NET CLR 2.0.50727)"
210.131.230.82 - - [14/Jul/2007:04:07:43 -0400] "GET /images/over-index5_morslser.jpg HTTP/1.1" 200 1439 "http://www.aceonlinestore.com/CGI-BIN/LANSAWEB?WEBEVENT+L6D63010C8A422400DFC800L+M37+ENG" "Mozilla/4.0 (compatible; MSIE 6.0; Windows NT 5.1; SV1; .NET CLR 1.1.4322; .NET CLR 2.0.50727)"
210.131.230.82 - - [14/Jul/2007:04:07:44 -0400] "POST /CGI-BIN/LANSAWEB?WEBEVENT+L6D63010B83525400F87800L+M37+ENG HTTP/1.1" 200 39174 "http://www.aceonlinestore.com/CGI-BIN/LANSAWEB?WEBEVENT+L6D63010C8A422400DFC800L+M37+ENG" "Mozilla/4.0 (compatible; MSIE 6.0; Windows NT 5.1; SV1; .NET CLR 1.1.4322; .NET CLR 2.0.50727)"
210.131.230.82 - - [14/Jul/2007:04:07:45 -0400] "GET /images/ace_logo_top.jpg HTTP/1.1" 304 - "http://www.aceonlinestore.com/CGI-BIN/LANSAWEB?WEBEVENT+L6D63010B83525400F87800L+M37+ENG" "Mozilla/4.0 (compatible; MSIE 6.0; Windows NT 5.1; SV1; .NET CLR 1.1.4322; .NET CLR 2.0.50727)"
210.131.230.82 - - [14/Jul/2007:04:07:46 -0400] "GET /images/nav04_about_off.jpg HTTP/1.1" 304 - "http://www.aceonlinestore.com/CGI-BIN/LANSAWEB?WEBEVENT+L6D63010B83525400F87800L+M37+ENG" "Mozilla/4.0 (compatible; MSIE 6.0; Windows NT 5.1; SV1; .NET CLR 1.1.4322; .NET CLR 2.0.50727)"
210.131.230.82 - - [14/Jul/2007:04:07:46 -0400] "GET /images/nav_upper_bgrd.jpg HTTP/1.1" 304 - "http://www.aceonlinestore.com/CGI-BIN/LANSAWEB?WEBEVENT+L6D63010B83525400F87800L+M37+ENG" "Mozilla/4.0 (compatible; MSIE 6.0; Windows NT 5.1; SV1; .NET CLR 1.1.4322; .NET CLR 2.0.50727)"
210.131.230.82 - - [14/Jul/2007:04:07:46 -0400] "GET /images/nav04_shop_off.jpg HTTP/1.1" 304 - "http://www.aceonlinestore.com/CGI-BIN/LANSAWEB?WEBEVENT+L6D63010B83525400F87800L+M37+ENG" "Mozilla/4.0 (compatible; MSIE 6.0; Windows NT 5.1; SV1; .NET CLR 1.1.4322; .NET CLR 2.0.50727)"
210.131.230.82 - - [14/Jul/2007:04:07:46 -0400] "GET /images/nav04_conven_off.jpg HTTP/1.1" 304 - "http://www.aceonlinestore.com/CGI-BIN/LANSAWEB?WEBEVENT+L6D63010B83525400F87800L+M37+ENG" "Mozilla/4.0 (compatible; MSIE 6.0; Windows NT 5.1; SV1; .NET CLR 1.1.4322; .NET CLR 2.0.50727)"
210.131.230.82 - - [14/Jul/2007:04:07:46 -0400] "GET /images/nav04_download_off.jpg HTTP/1.1" 304 - "http://www.aceonlinestore.com/CGI-BIN/LANSAWEB?WEBEVENT+L6D63010B83525400F87800L+M37+ENG" "Mozilla/4.0 (compatible; MSIE 6.0; Windows NT 5.1; SV1; .NET CLR 1.1.4322; .NET CLR 2.0.50727)"
210.131.230.82 - - [14/Jul/2007:04:07:47 -0400] "GET /images/nav04_contact_off.jpg HTTP/1.1" 304 - "http://www.aceonlinestore.com/CGI-BIN/LANSAWEB?WEBEVENT+L6D63010B83525400F87800L+M37+ENG" "Mozilla/4.0 (compatible; MSIE 6.0; Windows NT 5.1; SV1; .NET CLR 1.1.4322; .NET CLR 2.0.50727)"
210.131.230.82 - - [14/Jul/2007:04:07:47 -0400] "GET /images/nav_store_head.jpg HTTP/1.1" 304 - "http://www.aceonlinestore.com/CGI-BIN/LANSAWEB?WEBEVENT+L6D63010B83525400F87800L+M37+ENG" "Mozilla/4.0 (compatible; MSIE 6.0; Windows NT 5.1; SV1; .NET CLR 1.1.4322; .NET CLR 2.0.50727)"
210.131.230.82 - - [14/Jul/2007:04:07:47 -0400] "GET /images/ace_logo_bottom.jpg HTTP/1.1" 304 - "http://www.aceonlinestore.com/CGI-BIN/LANSAWEB?WEBEVENT+L6D63010B83525400F87800L+M37+ENG" "Mozilla/4.0 (compatible; MSIE 6.0; Windows NT 5.1; SV1; .NET CLR 1.1.4322; .NET CLR 2.0.50727)"
210.131.230.82 - - [14/Jul/2007:04:07:47 -0400] "GET /images/nav_lower_bgrd.jpg HTTP/1.1" 304 - "http://www.aceonlinestore.com/CGI-BIN/LANSAWEB?WEBEVENT+L6D63010B83525400F87800L+M37+ENG" "Mozilla/4.0 (compatible; MSIE 6.0; Windows NT 5.1; SV1; .NET CLR 1.1.4322; .NET CLR 2.0.50727)"
210.131.230.82 - - [14/Jul/2007:04:07:47 -0400] "GET /images/nav_store_index_off.jpg HTTP/1.1" 304 - "http://www.aceonlinestore.com/CGI-BIN/LANSAWEB?WEBEVENT+L6D63010B83525400F87800L+M37+ENG" "Mozilla/4.0 (compatible; MSIE 6.0; Windows NT 5.1; SV1; .NET CLR 1.1.4322; .NET CLR 2.0.50727)"
210.131.230.82 - - [14/Jul/2007:04:07:48 -0400] "GET /images/spacer.gif HTTP/1.1" 304 - "http://www.aceonlinestore.com/CGI-BIN/LANSAWEB?WEBEVENT+L6D63010B83525400F87800L+M37+ENG" "Mozilla/4.0 (compatible; MSIE 6.0; Windows NT 5.1; SV1; .NET CLR 1.1.4322; .NET CLR 2.0.50727)"
210.131.230.82 - - [14/Jul/2007:04:07:48 -0400] "GET /images/login.gif HTTP/1.1" 304 - "http://www.aceonlinestore.com/CGI-BIN/LANSAWEB?WEBEVENT+L6D63010B83525400F87800L+M37+ENG" "Mozilla/4.0 (compatible; MSIE 6.0; Windows NT 5.1; SV1; .NET CLR 1.1.4322; .NET CLR 2.0.50727)"
210.131.230.82 - - [14/Jul/2007:04:07:48 -0400] "GET /images/login_go.gif HTTP/1.1" 304 - "http://www.aceonlinestore.com/CGI-BIN/LANSAWEB?WEBEVENT+L6D63010B83525400F87800L+M37+ENG" "Mozilla/4.0 (compatible; MSIE 6.0; Windows NT 5.1; SV1; .NET CLR 1.1.4322; .NET CLR 2.0.50727)"
210.131.230.82 - - [14/Jul/2007:04:07:48 -0400] "GET /images/search.gif HTTP/1.1" 304 - "http://www.aceonlinestore.com/CGI-BIN/LANSAWEB?WEBEVENT+L6D63010B83525400F87800L+M37+ENG" "Mozilla/4.0 (compatible; MSIE 6.0; Windows NT 5.1; SV1; .NET CLR 1.1.4322; .NET CLR 2.0.50727)"
210.131.230.82 - - [14/Jul/2007:04:07:48 -0400] "GET /images/psearch_go.gif HTTP/1.1" 304 - "http://www.aceonlinestore.com/CGI-BIN/LANSAWEB?WEBEVENT+L6D63010B83525400F87800L+M37+ENG" "Mozilla/4.0 (compatible; MSIE 6.0; Windows NT 5.1; SV1; .NET CLR 1.1.4322; .NET CLR 2.0.50727)"
210.131.230.82 - - [14/Jul/2007:04:07:49 -0400] "GET /images/sale_promo-icon.gif HTTP/1.1" 304 - "http://www.aceonlinestore.com/CGI-BIN/LANSAWEB?WEBEVENT+L6D63010B83525400F87800L+M37+ENG" "Mozilla/4.0 (compatible; MSIE 6.0; Windows NT 5.1; SV1; .NET CLR 1.1.4322; .NET CLR 2.0.50727)"
210.131.230.82 - - [14/Jul/2007:04:07:49 -0400] "GET /images/pf-a.gif HTTP/1.1" 200 798 "http://www.aceonlinestore.com/CGI-BIN/LANSAWEB?WEBEVENT+L6D63010B83525400F87800L+M37+ENG" "Mozilla/4.0 (compatible; MSIE 6.0; Windows NT 5.1; SV1; .NET CLR 1.1.4322; .NET CLR 2.0.50727)"
210.131.230.82 - - [14/Jul/2007:04:07:49 -0400] "GET /images/space.gif HTTP/1.1" 200 43 "http://www.aceonlinestore.com/CGI-BIN/LANSAWEB?WEBEVENT+L6D63010B83525400F87800L+M37+ENG" "Mozilla/4.0 (compatible; MSIE 6.0; Windows NT 5.1; SV1; .NET CLR 1.1.4322; .NET CLR 2.0.50727)"
210.131.230.82 - - [14/Jul/2007:04:07:52 -0400] "GET /images/pf-b.gif HTTP/1.1" 200 813 "http://www.aceonlinestore.com/CGI-BIN/LANSAWEB?WEBEVENT+L6D63010B83525400F87800L+M37+ENG" "Mozilla/4.0 (compatible; MSIE 6.0; Windows NT 5.1; SV1; .NET CLR 1.1.4322; .NET CLR 2.0.50727)"
210.131.230.82 - - [14/Jul/2007:04:07:56 -0400] "GET /images/pf-a.gif HTTP/1.1" 304 - "http://www.aceonlinestore.com/CGI-BIN/LANSAWEB?WEBEVENT+L6D63010B83525400F87800L+M37+ENG" "Mozilla/4.0 (compatible; MSIE 6.0; Windows NT 5.1; SV1; .NET CLR 1.1.4322; .NET CLR 2.0.50727)"
210.131.230.82 - - [14/Jul/2007:04:08:04 -0400] "GET /images/nav04_about_off.jpg HTTP/1.1" 304 - "http://www.aceonlinestore.com/CGI-BIN/LANSAWEB?WEBEVENT+L6D63010B83525400F87800L+M37+ENG" "Mozilla/4.0 (compatible; MSIE 6.0; Windows NT 5.1; SV1; .NET CLR 1.1.4322; .NET CLR 2.0.50727)"
210.131.230.82 - - [14/Jul/2007:04:08:04 -0400] "GET /images/ace_logo_top.jpg HTTP/1.1" 304 - "http://www.aceonlinestore.com/CGI-BIN/LANSAWEB?WEBEVENT+L6D63010B83525400F87800L+M37+ENG" "Mozilla/4.0 (compatible; MSIE 6.0; Windows NT 5.1; SV1; .NET CLR 1.1.4322; .NET CLR 2.0.50727)"
210.131.230.82 - - [14/Jul/2007:04:08:05 -0400] "GET /images/ace_logo_top_over.jpg HTTP/1.1" 200 2616 "http://www.aceonlinestore.com/CGI-BIN/LANSAWEB?WEBEVENT+L6D63010C8A422400DFC800L+M37+ENG" "Mozilla/4.0 (compatible; MSIE 6.0; Windows NT 5.1; SV1; .NET CLR 1.1.4322; .NET CLR 2.0.50727)"
210.131.230.82 - - [14/Jul/2007:04:08:20 -0400] "GET /images/over-index5_surgscis.jpg HTTP/1.1" 200 2534 "http://www.aceonlinestore.com/CGI-BIN/LANSAWEB?WEBEVENT+L6D63010C8A422400DFC800L+M37+ENG" "Mozilla/4.0 (compatible; MSIE 6.0; Windows NT 5.1; SV1; .NET CLR 1.1.4322; .NET CLR 2.0.50727)"
210.131.230.82 - - [14/Jul/2007:04:08:21 -0400] "POST /CGI-BIN/LANSAWEB?WEBEVENT+L6D63010B83525400F87800L+M37+ENG HTTP/1.1" 200 55310 "http://www.aceonlinestore.com/CGI-BIN/LANSAWEB?WEBEVENT+L6D63010C8A422400DFC800L+M37+ENG" "Mozilla/4.0 (compatible; MSIE 6.0; Windows NT 5.1; SV1; .NET CLR 1.1.4322; .NET CLR 2.0.50727)"
210.131.230.82 - - [14/Jul/2007:04:08:22 -0400] "GET /images/ace_logo_top.jpg HTTP/1.1" 304 - "http://www.aceonlinestore.com/CGI-BIN/LANSAWEB?WEBEVENT+L6D63010B83525400F87800L+M37+ENG" "Mozilla/4.0 (compatible; MSIE 6.0; Windows NT 5.1; SV1; .NET CLR 1.1.4322; .NET CLR 2.0.50727)"
210.131.230.82 - - [14/Jul/2007:04:08:23 -0400] "GET /images/nav04_about_off.jpg HTTP/1.1" 304 - "http://www.aceonlinestore.com/CGI-BIN/LANSAWEB?WEBEVENT+L6D63010B83525400F87800L+M37+ENG" "Mozilla/4.0 (compatible; MSIE 6.0; Windows NT 5.1; SV1; .NET CLR 1.1.4322; .NET CLR 2.0.50727)"
210.131.230.82 - - [14/Jul/2007:04:08:23 -0400] "GET /images/nav_upper_bgrd.jpg HTTP/1.1" 304 - "http://www.aceonlinestore.com/CGI-BIN/LANSAWEB?WEBEVENT+L6D63010B83525400F87800L+M37+ENG" "Mozilla/4.0 (compatible; MSIE 6.0; Windows NT 5.1; SV1; .NET CLR 1.1.4322; .NET CLR 2.0.50727)"
210.131.230.82 - - [14/Jul/2007:04:08:23 -0400] "GET /images/nav04_download_off.jpg HTTP/1.1" 304 - "http://www.aceonlinestore.com/CGI-BIN/LANSAWEB?WEBEVENT+L6D63010B83525400F87800L+M37+ENG" "Mozilla/4.0 (compatible; MSIE 6.0; Windows NT 5.1; SV1; .NET CLR 1.1.4322; .NET CLR 2.0.50727)"
210.131.230.82 - - [14/Jul/2007:04:08:23 -0400] "GET /images/nav04_conven_off.jpg HTTP/1.1" 304 - "http://www.aceonlinestore.com/CGI-BIN/LANSAWEB?WEBEVENT+L6D63010B83525400F87800L+M37+ENG" "Mozilla/4.0 (compatible; MSIE 6.0; Windows NT 5.1; SV1; .NET CLR 1.1.4322; .NET CLR 2.0.50727)"
210.131.230.82 - - [14/Jul/2007:04:08:24 -0400] "GET /images/nav04_shop_off.jpg HTTP/1.1" 304 - "http://www.aceonlinestore.com/CGI-BIN/LANSAWEB?WEBEVENT+L6D63010B83525400F87800L+M37+ENG" "Mozilla/4.0 (compatible; MSIE 6.0; Windows NT 5.1; SV1; .NET CLR 1.1.4322; .NET CLR 2.0.50727)"
210.131.230.82 - - [14/Jul/2007:04:08:24 -0400] "GET /images/nav04_contact_off.jpg HTTP/1.1" 304 - "http://www.aceonlinestore.com/CGI-BIN/LANSAWEB?WEBEVENT+L6D63010B83525400F87800L+M37+ENG" "Mozilla/4.0 (compatible; MSIE 6.0; Windows NT 5.1; SV1; .NET CLR 1.1.4322; .NET CLR 2.0.50727)"
210.131.230.82 - - [14/Jul/2007:04:08:24 -0400] "GET /images/ace_logo_bottom.jpg HTTP/1.1" 304 - "http://www.aceonlinestore.com/CGI-BIN/LANSAWEB?WEBEVENT+L6D63010B83525400F87800L+M37+ENG" "Mozilla/4.0 (compatible; MSIE 6.0; Windows NT 5.1; SV1; .NET CLR 1.1.4322; .NET CLR 2.0.50727)"
210.131.230.82 - - [14/Jul/2007:04:08:24 -0400] "GET /images/nav_store_head.jpg HTTP/1.1" 304 - "http://www.aceonlinestore.com/CGI-BIN/LANSAWEB?WEBEVENT+L6D63010B83525400F87800L+M37+ENG" "Mozilla/4.0 (compatible; MSIE 6.0; Windows NT 5.1; SV1; .NET CLR 1.1.4322; .NET CLR 2.0.50727)"
210.131.230.82 - - [14/Jul/2007:04:08:25 -0400] "GET /images/nav_lower_bgrd.jpg HTTP/1.1" 304 - "http://www.aceonlinestore.com/CGI-BIN/LANSAWEB?WEBEVENT+L6D63010B83525400F87800L+M37+ENG" "Mozilla/4.0 (compatible; MSIE 6.0; Windows NT 5.1; SV1; .NET CLR 1.1.4322; .NET CLR 2.0.50727)"
210.131.230.82 - - [14/Jul/2007:04:08:25 -0400] "GET /images/nav_store_index_off.jpg HTTP/1.1" 304 - "http://www.aceonlinestore.com/CGI-BIN/LANSAWEB?WEBEVENT+L6D63010B83525400F87800L+M37+ENG" "Mozilla/4.0 (compatible; MSIE 6.0; Windows NT 5.1; SV1; .NET CLR 1.1.4322; .NET CLR 2.0.50727)"
210.131.230.82 - - [14/Jul/2007:04:08:25 -0400] "GET /images/spacer.gif HTTP/1.1" 304 - "http://www.aceonlinestore.com/CGI-BIN/LANSAWEB?WEBEVENT+L6D63010B83525400F87800L+M37+ENG" "Mozilla/4.0 (compatible; MSIE 6.0; Windows NT 5.1; SV1; .NET CLR 1.1.4322; .NET CLR 2.0.50727)"
210.131.230.82 - - [14/Jul/2007:04:08:25 -0400] "GET /images/login.gif HTTP/1.1" 304 - "http://www.aceonlinestore.com/CGI-BIN/LANSAWEB?WEBEVENT+L6D63010B83525400F87800L+M37+ENG" "Mozilla/4.0 (compatible; MSIE 6.0; Windows NT 5.1; SV1; .NET CLR 1.1.4322; .NET CLR 2.0.50727)"
210.131.230.82 - - [14/Jul/2007:04:08:25 -0400] "GET /images/login_go.gif HTTP/1.1" 304 - "http://www.aceonlinestore.com/CGI-BIN/LANSAWEB?WEBEVENT+L6D63010B83525400F87800L+M37+ENG" "Mozilla/4.0 (compatible; MSIE 6.0; Windows NT 5.1; SV1; .NET CLR 1.1.4322; .NET CLR 2.0.50727)"
210.131.230.82 - - [14/Jul/2007:04:08:25 -0400] "GET /images/search.gif HTTP/1.1" 304 - "http://www.aceonlinestore.com/CGI-BIN/LANSAWEB?WEBEVENT+L6D63010B83525400F87800L+M37+ENG" "Mozilla/4.0 (compatible; MSIE 6.0; Windows NT 5.1; SV1; .NET CLR 1.1.4322; .NET CLR 2.0.50727)"
210.131.230.82 - - [14/Jul/2007:04:08:26 -0400] "GET /images/psearch_go.gif HTTP/1.1" 304 - "http://www.aceonlinestore.com/CGI-BIN/LANSAWEB?WEBEVENT+L6D63010B83525400F87800L+M37+ENG" "Mozilla/4.0 (compatible; MSIE 6.0; Windows NT 5.1; SV1; .NET CLR 1.1.4322; .NET CLR 2.0.50727)"
210.131.230.82 - - [14/Jul/2007:04:08:26 -0400] "GET /images/sale_promo-icon.gif HTTP/1.1" 304 - "http://www.aceonlinestore.com/CGI-BIN/LANSAWEB?WEBEVENT+L6D63010B83525400F87800L+M37+ENG" "Mozilla/4.0 (compatible; MSIE 6.0; Windows NT 5.1; SV1; .NET CLR 1.1.4322; .NET CLR 2.0.50727)"
210.131.230.82 - - [14/Jul/2007:04:08:26 -0400] "GET /images/pf-a.gif HTTP/1.1" 304 - "http://www.aceonlinestore.com/CGI-BIN/LANSAWEB?WEBEVENT+L6D63010B83525400F87800L+M37+ENG" "Mozilla/4.0 (compatible; MSIE 6.0; Windows NT 5.1; SV1; .NET CLR 1.1.4322; .NET CLR 2.0.50727)"
210.131.230.82 - - [14/Jul/2007:04:08:26 -0400] "GET /images/items/4002005_THUMB.JPG HTTP/1.1" 200 2506 "http://www.aceonlinestore.com/CGI-BIN/LANSAWEB?WEBEVENT+L6D63010B83525400F87800L+M37+ENG" "Mozilla/4.0 (compatible; MSIE 6.0; Windows NT 5.1; SV1; .NET CLR 1.1.4322; .NET CLR 2.0.50727)"
210.131.230.82 - - [14/Jul/2007:04:08:27 -0400] "GET /images/items/4000011_THUMB.JPG HTTP/1.1" 200 2529 "http://www.aceonlinestore.com/CGI-BIN/LANSAWEB?WEBEVENT+L6D63010B83525400F87800L+M37+ENG" "Mozilla/4.0 (compatible; MSIE 6.0; Windows NT 5.1; SV1; .NET CLR 1.1.4322; .NET CLR 2.0.50727)"
210.131.230.82 - - [14/Jul/2007:04:08:27 -0400] "GET /images/items/4000030_THUMB.JPG HTTP/1.1" 200 2601 "http://www.aceonlinestore.com/CGI-BIN/LANSAWEB?WEBEVENT+L6D63010B83525400F87800L+M37+ENG" "Mozilla/4.0 (compatible; MSIE 6.0; Windows NT 5.1; SV1; .NET CLR 1.1.4322; .NET CLR 2.0.50727)"
210.131.230.82 - - [14/Jul/2007:04:08:27 -0400] "GET /images/items/4000009_THUMB.JPG HTTP/1.1" 200 2460 "http://www.aceonlinestore.com/CGI-BIN/LANSAWEB?WEBEVENT+L6D63010B83525400F87800L+M37+ENG" "Mozilla/4.0 (compatible; MSIE 6.0; Windows NT 5.1; SV1; .NET CLR 1.1.4322; .NET CLR 2.0.50727)"
210.131.230.82 - - [14/Jul/2007:04:08:27 -0400] "GET /images/items/4001019_THUMB.JPG HTTP/1.1" 200 2413 "http://www.aceonlinestore.com/CGI-BIN/LANSAWEB?WEBEVENT+L6D63010B83525400F87800L+M37+ENG" "Mozilla/4.0 (compatible; MSIE 6.0; Windows NT 5.1; SV1; .NET CLR 1.1.4322; .NET CLR 2.0.50727)"
210.131.230.82 - - [14/Jul/2007:04:08:27 -0400] "GET /images/items/4000001_THUMB.JPG HTTP/1.1" 200 2563 "http://www.aceonlinestore.com/CGI-BIN/LANSAWEB?WEBEVENT+L6D63010B83525400F87800L+M37+ENG" "Mozilla/4.0 (compatible; MSIE 6.0; Windows NT 5.1; SV1; .NET CLR 1.1.4322; .NET CLR 2.0.50727)"
210.131.230.82 - - [14/Jul/2007:04:08:27 -0400] "GET /images/space.gif HTTP/1.1" 304 - "http://www.aceonlinestore.com/CGI-BIN/LANSAWEB?WEBEVENT+L6D63010B83525400F87800L+M37+ENG" "Mozilla/4.0 (compatible; MSIE 6.0; Windows NT 5.1; SV1; .NET CLR 1.1.4322; .NET CLR 2.0.50727)"
210.131.230.82 - - [14/Jul/2007:04:08:28 -0400] "GET /images/next.gif HTTP/1.1" 200 249 "http://www.aceonlinestore.com/CGI-BIN/LANSAWEB?WEBEVENT+L6D63010B83525400F87800L+M37+ENG" "Mozilla/4.0 (compatible; MSIE 6.0; Windows NT 5.1; SV1; .NET CLR 1.1.4322; .NET CLR 2.0.50727)"
210.131.230.82 - - [14/Jul/2007:04:08:33 -0400] "GET /images/pf-a.gif HTTP/1.1" 304 - "http://www.aceonlinestore.com/CGI-BIN/LANSAWEB?WEBEVENT+L6D63010B83525400F87800L+M37+ENG" "Mozilla/4.0 (compatible; MSIE 6.0; Windows NT 5.1; SV1; .NET CLR 1.1.4322; .NET CLR 2.0.50727)"
210.131.230.82 - - [14/Jul/2007:04:10:20 -0400] "GET /images/nav04_about_over.jpg HTTP/1.1" 200 1472 "http://www.aceonlinestore.com/CGI-BIN/LANSAWEB?WEBEVENT+L6D63010B83525400F87800L+M37+ENG" "Mozilla/4.0 (compatible; MSIE 6.0; Windows NT 5.1; SV1; .NET CLR 1.1.4322; .NET CLR 2.0.50727)"
210.131.230.82 - - [14/Jul/2007:04:10:23 -0400] "GET /images/ace_logo_top_over.jpg HTTP/1.1" 206 1436 "http://www.aceonlinestore.com/CGI-BIN/LANSAWEB?WEBEVENT+L6D63010B83525400F87800L+M37+ENG" "Mozilla/4.0 (compatible; MSIE 6.0; Windows NT 5.1; SV1; .NET CLR 1.1.4322; .NET CLR 2.0.50727)"
209.59.12.99 - - [14/Jul/2007:04:11:00 -0400] "GET / HTTP/1.0" 200 367 "-" "check_http/1.81 (nagios-plugins 1.4)"
66.249.72.198 - - [14/Jul/2007:04:12:58 -0400] "GET /images/index8_cotgzst.jpg HTTP/1.1" 200 2002 "-" "Googlebot-Image/1.0"
209.59.12.99 - - [14/Jul/2007:04:15:59 -0400] "GET / HTTP/1.0" 200 367 "-" "check_http/1.81 (nagios-plugins 1.4)"
66.249.72.198 - - [14/Jul/2007:04:19:47 -0400] "GET /images/over-index_liftkit.jpg HTTP/1.1" 200 3561 "-" "Googlebot-Image/1.0"
209.59.12.99 - - [14/Jul/2007:04:21:00 -0400] "GET / HTTP/1.0" 200 367 "-" "check_http/1.81 (nagios-plugins 1.4)"
209.59.12.99 - - [14/Jul/2007:04:26:00 -0400] "GET / HTTP/1.0" 200 367 "-" "check_http/1.81 (nagios-plugins 1.4)"
209.59.12.99 - - [14/Jul/2007:04:30:59 -0400] "GET / HTTP/1.0" 200 367 "-" "check_http/1.81 (nagios-plugins 1.4)"
66.249.72.198 - - [14/Jul/2007:04:31:10 -0400] "GET /images/nav_store_fav_blue.jpg HTTP/1.1" 200 1522 "-" "Googlebot-Image/1.0"
66.249.72.198 - - [14/Jul/2007:04:33:49 -0400] "GET /images/nav04_login_off.jpg HTTP/1.1" 200 870 "-" "Googlebot-Image/1.0"
66.249.72.198 - - [14/Jul/2007:04:33:53 -0400] "GET /images/index_screws_over.jpg HTTP/1.1" 200 2516 "-" "Googlebot-Image/1.0"
209.59.12.99 - - [14/Jul/2007:04:36:00 -0400] "GET / HTTP/1.0" 200 367 "-" "check_http/1.81 (nagios-plugins 1.4)"
209.59.12.99 - - [14/Jul/2007:04:41:00 -0400] "GET / HTTP/1.0" 200 367 "-" "check_http/1.81 (nagios-plugins 1.4)"
66.249.72.198 - - [14/Jul/2007:04:45:27 -0400] "GET /images/headline_buy5.jpg HTTP/1.1" 200 5483 "-" "Googlebot-Image/1.0"
209.59.12.99 - - [14/Jul/2007:04:45:59 -0400] "GET / HTTP/1.0" 200 367 "-" "check_http/1.81 (nagios-plugins 1.4)"
209.59.12.99 - - [14/Jul/2007:04:51:03 -0400] "GET / HTTP/1.0" 200 367 "-" "check_http/1.81 (nagios-plugins 1.4)"
209.59.12.99 - - [14/Jul/2007:04:55:59 -0400] "GET / HTTP/1.0" 200 367 "-" "check_http/1.81 (nagios-plugins 1.4)"
209.59.12.99 - - [14/Jul/2007:05:00:59 -0400] "GET / HTTP/1.0" 200 367 "-" "check_http/1.81 (nagios-plugins 1.4)"
66.249.72.198 - - [14/Jul/2007:05:01:25 -0400] "GET /images/nav_store_hist_blue.jpg HTTP/1.1" 200 1474 "-" "Googlebot-Image/1.0"
209.59.12.99 - - [14/Jul/2007:05:06:01 -0400] "GET / HTTP/1.0" 200 367 "-" "check_http/1.81 (nagios-plugins 1.4)"
72.30.177.85 - - [14/Jul/2007:05:06:44 -0400] "GET /robots.txt HTTP/1.0" 404 208 "-" "Mozilla/5.0 (compatible; Yahoo! Slurp; http://help.yahoo.com/help/us/ysearch/slurp)"
74.6.69.134 - - [14/Jul/2007:05:06:44 -0400] "GET / HTTP/1.0" 200 367 "-" "Mozilla/5.0 (compatible; Yahoo! Slurp; http://help.yahoo.com/help/us/ysearch/slurp)"
209.59.12.99 - - [14/Jul/2007:05:11:02 -0400] "GET / HTTP/1.0" 200 367 "-" "check_http/1.81 (nagios-plugins 1.4)"
209.59.12.99 - - [14/Jul/2007:05:16:02 -0400] "GET / HTTP/1.0" 200 367 "-" "check_http/1.81 (nagios-plugins 1.4)"
209.59.12.99 - - [14/Jul/2007:05:21:02 -0400] "GET / HTTP/1.0" 200 367 "-" "check_http/1.81 (nagios-plugins 1.4)"
209.59.12.99 - - [14/Jul/2007:05:26:01 -0400] "GET / HTTP/1.0" 200 367 "-" "check_http/1.81 (nagios-plugins 1.4)"
209.59.12.99 - - [14/Jul/2007:05:31:02 -0400] "GET / HTTP/1.0" 200 367 "-" "check_http/1.81 (nagios-plugins 1.4)"
66.249.72.198 - - [14/Jul/2007:05:33:27 -0400] "GET /images/login_curve.gif HTTP/1.1" 200 81 "-" "Googlebot-Image/1.0"
209.59.12.99 - - [14/Jul/2007:05:36:02 -0400] "GET / HTTP/1.0" 200 367 "-" "check_http/1.81 (nagios-plugins 1.4)"
66.249.72.198 - - [14/Jul/2007:05:36:05 -0400] "GET /images/prt_head-space.gif HTTP/1.1" 200 73 "-" "Googlebot-Image/1.0"
66.249.72.198 - - [14/Jul/2007:05:40:32 -0400] "GET /images/index6_splashshlds.jpg HTTP/1.1" 200 4065 "-" "Googlebot-Image/1.0"
209.59.12.99 - - [14/Jul/2007:05:41:01 -0400] "GET / HTTP/1.0" 200 367 "-" "check_http/1.81 (nagios-plugins 1.4)"
209.59.12.99 - - [14/Jul/2007:05:46:05 -0400] "GET / HTTP/1.0" 200 367 "-" "check_http/1.81 (nagios-plugins 1.4)"
66.249.72.198 - - [14/Jul/2007:05:50:19 -0400] "GET /images/previous_white.gif HTTP/1.1" 200 253 "-" "Googlebot-Image/1.0"
209.59.12.99 - - [14/Jul/2007:05:51:04 -0400] "GET / HTTP/1.0" 200 367 "-" "check_http/1.81 (nagios-plugins 1.4)"
209.59.12.99 - - [14/Jul/2007:05:56:04 -0400] "GET / HTTP/1.0" 200 367 "-" "check_http/1.81 (nagios-plugins 1.4)"
209.59.12.99 - - [14/Jul/2007:06:01:05 -0400] "GET / HTTP/1.0" 200 367 "-" "check_http/1.81 (nagios-plugins 1.4)"
209.59.12.99 - - [14/Jul/2007:06:14:47 -0400] "GET / HTTP/1.0" 200 367 "-" "check_http/1.81 (nagios-plugins 1.4)"
209.59.12.99 - - [14/Jul/2007:06:19:48 -0400] "GET / HTTP/1.0" 200 367 "-" "check_http/1.81 (nagios-plugins 1.4)"
209.59.12.99 - - [14/Jul/2007:06:24:47 -0400] "GET / HTTP/1.0" 200 367 "-" "check_http/1.81 (nagios-plugins 1.4)"
66.249.72.198 - - [14/Jul/2007:06:28:34 -0400] "GET /images/download_check_back.jpg HTTP/1.1" 200 4446 "-" "Googlebot-Image/1.0"
209.59.12.99 - - [14/Jul/2007:06:29:47 -0400] "GET / HTTP/1.0" 200 367 "-" "check_http/1.81 (nagios-plugins 1.4)"
209.59.12.99 - - [14/Jul/2007:06:34:49 -0400] "GET / HTTP/1.0" 200 367 "-" "check_http/1.81 (nagios-plugins 1.4)"
209.59.12.99 - - [14/Jul/2007:06:39:49 -0400] "GET / HTTP/1.0" 200 367 "-" "check_http/1.81 (nagios-plugins 1.4)"
209.59.12.99 - - [14/Jul/2007:06:44:48 -0400] "GET / HTTP/1.0" 200 367 "-" "check_http/1.81 (nagios-plugins 1.4)"
209.59.12.99 - - [14/Jul/2007:06:49:49 -0400] "GET / HTTP/1.0" 200 367 "-" "check_http/1.81 (nagios-plugins 1.4)"
74.6.68.121 - - [14/Jul/2007:06:50:07 -0400] "GET /robots.txt HTTP/1.0" 404 208 "-" "Mozilla/5.0 (compatible; Yahoo! Slurp; http://help.yahoo.com/help/us/ysearch/slurp)"
74.6.74.89 - - [14/Jul/2007:06:50:07 -0400] "GET / HTTP/1.0" 200 367 "-" "Mozilla/5.0 (compatible; Yahoo! Slurp; http://help.yahoo.com/help/us/ysearch/slurp)"
66.249.72.198 - - [14/Jul/2007:06:52:48 -0400] "GET /images/over-index11_osseo.jpg HTTP/1.1" 200 2504 "-" "Googlebot-Image/1.0"
209.59.12.99 - - [14/Jul/2007:06:54:53 -0400] "GET / HTTP/1.0" 200 367 "-" "check_http/1.81 (nagios-plugins 1.4)"
209.59.12.99 - - [14/Jul/2007:06:59:50 -0400] "GET / HTTP/1.0" 200 367 "-" "check_http/1.81 (nagios-plugins 1.4)"
66.249.72.198 - - [14/Jul/2007:06:59:55 -0400] "GET /images/download_RCM_info.jpg HTTP/1.1" 200 3874 "-" "Googlebot-Image/1.0"
209.59.12.99 - - [14/Jul/2007:07:04:51 -0400] "GET / HTTP/1.0" 200 367 "-" "check_http/1.81 (nagios-plugins 1.4)"
66.249.72.198 - - [14/Jul/2007:07:08:22 -0400] "GET /images/bt_sep-c.gif HTTP/1.1" 200 316 "-" "Googlebot-Image/1.0"
209.59.12.99 - - [14/Jul/2007:07:09:51 -0400] "GET / HTTP/1.0" 200 367 "-" "check_http/1.81 (nagios-plugins 1.4)"
66.249.72.198 - - [14/Jul/2007:07:12:22 -0400] "GET /images/sd_left-space.gif HTTP/1.1" 200 50 "-" "Googlebot-Image/1.0"
209.59.12.99 - - [14/Jul/2007:07:14:51 -0400] "GET / HTTP/1.0" 200 367 "-" "check_http/1.81 (nagios-plugins 1.4)"
209.59.12.99 - - [14/Jul/2007:07:19:50 -0400] "GET / HTTP/1.0" 200 367 "-" "check_http/1.81 (nagios-plugins 1.4)"
66.249.72.198 - - [14/Jul/2007:07:23:26 -0400] "GET /images/over-index_membranes.jpg HTTP/1.1" 200 3290 "-" "Googlebot-Image/1.0"
209.59.12.99 - - [14/Jul/2007:07:24:51 -0400] "GET / HTTP/1.0" 200 367 "-" "check_http/1.81 (nagios-plugins 1.4)"
66.249.72.198 - - [14/Jul/2007:07:29:25 -0400] "GET /images/index3_whiteburs.jpg HTTP/1.1" 200 2734 "-" "Googlebot-Image/1.0"
209.59.12.99 - - [14/Jul/2007:07:29:51 -0400] "GET / HTTP/1.0" 200 367 "-" "check_http/1.81 (nagios-plugins 1.4)"
209.59.12.99 - - [14/Jul/2007:07:34:50 -0400] "GET / HTTP/1.0" 200 367 "-" "check_http/1.81 (nagios-plugins 1.4)"
209.59.12.99 - - [14/Jul/2007:07:39:51 -0400] "GET / HTTP/1.0" 200 367 "-" "check_http/1.81 (nagios-plugins 1.4)"
128.194.135.94 - - [14/Jul/2007:07:42:10 -0400] "GET /logs/access_log.Q107061700 HTTP/1.1" 200 748099 "-" "IRLbot/3.0 (compatible; MSIE 6.0; http://irl.cs.tamu.edu/crawler)"
128.194.135.94 - - [14/Jul/2007:07:42:57 -0400] "GET /logs/access_log.Q107060300 HTTP/1.1" 200 548872 "-" "IRLbot/3.0 (compatible; MSIE 6.0; http://irl.cs.tamu.edu/crawler)"
128.194.135.94 - - [14/Jul/2007:07:43:50 -0400] "GET /logs/access_log.Q107060200 HTTP/1.1" 200 814311 "-" "IRLbot/3.0 (compatible; MSIE 6.0; http://irl.cs.tamu.edu/crawler)"
128.194.135.94 - - [14/Jul/2007:07:44:39 -0400] "GET /logs/access_log.Q107060700 HTTP/1.1" 200 3448286 "-" "IRLbot/3.0 (compatible; MSIE 6.0; http://irl.cs.tamu.edu/crawler)"
209.59.12.99 - - [14/Jul/2007:07:44:50 -0400] "GET / HTTP/1.0" 200 367 "-" "check_http/1.81 (nagios-plugins 1.4)"
128.194.135.94 - - [14/Jul/2007:07:45:31 -0400] "GET /logs/access_log.Q107060600 HTTP/1.1" 200 2658706 "-" "IRLbot/3.0 (compatible; MSIE 6.0; http://irl.cs.tamu.edu/crawler)"
128.194.135.94 - - [14/Jul/2007:07:46:23 -0400] "GET /logs/access_log.Q107060400 HTTP/1.1" 200 3180899 "-" "IRLbot/3.0 (compatible; MSIE 6.0; http://irl.cs.tamu.edu/crawler)"
128.194.135.94 - - [14/Jul/2007:07:47:07 -0400] "GET /logs/access_log.Q107062100 HTTP/1.1" 200 2702163 "-" "IRLbot/3.0 (compatible; MSIE 6.0; http://irl.cs.tamu.edu/crawler)"
128.194.135.94 - - [14/Jul/2007:07:47:58 -0400] "GET /logs/access_log.Q107062000 HTTP/1.1" 200 2834018 "-" "IRLbot/3.0 (compatible; MSIE 6.0; http://irl.cs.tamu.edu/crawler)"
128.194.135.94 - - [14/Jul/2007:07:48:49 -0400] "GET /logs/access_log.Q107062200 HTTP/1.1" 200 1815546 "-" "IRLbot/3.0 (compatible; MSIE 6.0; http://irl.cs.tamu.edu/crawler)"
66.249.72.198 - - [14/Jul/2007:07:49:24 -0400] "GET /robots.txt HTTP/1.1" 404 208 "-" "Googlebot-Image/1.0"
66.249.72.198 - - [14/Jul/2007:07:49:24 -0400] "GET /images/index9_irrihand.jpg HTTP/1.1" 200 2617 "-" "Googlebot-Image/1.0"
128.194.135.94 - - [14/Jul/2007:07:49:34 -0400] "GET /logs/access_log.Q107062500 HTTP/1.1" 200 3230553 "-" "IRLbot/3.0 (compatible; MSIE 6.0; http://irl.cs.tamu.edu/crawler)"
209.59.12.99 - - [14/Jul/2007:07:49:51 -0400] "GET / HTTP/1.0" 200 367 "-" "check_http/1.81 (nagios-plugins 1.4)"
66.249.72.198 - - [14/Jul/2007:07:49:56 -0400] "GET /images/index19_ekgsuppl.jpg HTTP/1.1" 200 3588 "-" "Googlebot-Image/1.0"
66.249.72.198 - - [14/Jul/2007:07:51:36 -0400] "GET /images/headphones.jpg HTTP/1.1" 200 5020 "-" "Googlebot-Image/1.0"
66.249.72.198 - - [14/Jul/2007:07:54:23 -0400] "GET /images/over-index_sinus.jpg HTTP/1.1" 200 3288 "-" "Googlebot-Image/1.0"
209.59.12.99 - - [14/Jul/2007:07:54:52 -0400] "GET / HTTP/1.0" 200 367 "-" "check_http/1.81 (nagios-plugins 1.4)"
209.59.12.99 - - [14/Jul/2007:07:59:51 -0400] "GET / HTTP/1.0" 200 367 "-" "check_http/1.81 (nagios-plugins 1.4)"
209.59.12.99 - - [14/Jul/2007:08:04:51 -0400] "GET / HTTP/1.0" 200 367 "-" "check_http/1.81 (nagios-plugins 1.4)"
71.178.136.10 - - [14/Jul/2007:08:05:18 -0400] "GET /cgi-bin/lansaweb?procfun+wordpr01+webfunc+M37 HTTP/1.1" 200 38205 "-" "Mozilla/4.0 (compatible; MSIE 6.0; Windows NT 5.1; SV1; .NET CLR 1.1.4322; .NET CLR 2.0.50727)"
71.178.136.10 - - [14/Jul/2007:08:05:21 -0400] "GET /images/ace_logo_top.jpg HTTP/1.1" 200 2702 "http://www.aceonlinestore.com/cgi-bin/lansaweb?procfun+wordpr01+webfunc+M37" "Mozilla/4.0 (compatible; MSIE 6.0; Windows NT 5.1; SV1; .NET CLR 1.1.4322; .NET CLR 2.0.50727)"
