209.59.12.99 - - [14/Jul/2007:00:00:23 -0400] "GET / HTTP/1.0" 200 367 "-" "check_http/1.81 (nagios-plugins 1.4)"
209.59.12.99 - - [14/Jul/2007:00:05:28 -0400] "GET / HTTP/1.0" 200 367 "-" "check_http/1.81 (nagios-plugins 1.4)"
209.59.12.99 - - [14/Jul/2007:00:10:27 -0400] "GET / HTTP/1.0" 200 367 "-" "check_http/1.81 (nagios-plugins 1.4)"
66.30.62.53 - - [14/Jul/2007:00:12:32 -0400] "POST /CGI-BIN/LANSAWEB?WEBEVENT+L4D61FB088662740053D800V+M37+ENG HTTP/1.1" 200 30453 "https://www.aceonlinestore.com/CGI-BIN/LANSAWEB?WEBEVENT+L4D61FB0B87C2A400447800V+M37+ENG" "Mozilla/4.0 (compatible; MSIE 7.0; Windows NT 6.0; SLCC1; .NET CLR 2.0.50727; Media Center PC 5.0; .NET CLR 3.0.04506)"
66.30.62.53 - - [14/Jul/2007:00:12:33 -0400] "GET /images/ace_logo_top.jpg HTTP/1.1" 200 2702 "https://www.aceonlinestore.com/CGI-BIN/LANSAWEB?WEBEVENT+L4D61FB088662740053D800V+M37+ENG" "Mozilla/4.0 (compatible; MSIE 7.0; Windows NT 6.0; SLCC1; .NET CLR 2.0.50727; Media Center PC 5.0; .NET CLR 3.0.04506)"
66.30.62.53 - - [14/Jul/2007:00:12:33 -0400] "GET /images/nav_upper_bgrd.jpg HTTP/1.1" 200 2954 "https://www.aceonlinestore.com/CGI-BIN/LANSAWEB?WEBEVENT+L4D61FB088662740053D800V+M37+ENG" "Mozilla/4.0 (compatible; MSIE 7.0; Windows NT 6.0; SLCC1; .NET CLR 2.0.50727; Media Center PC 5.0; .NET CLR 3.0.04506)"
66.30.62.53 - - [14/Jul/2007:00:12:33 -0400] "GET /images/nav04_download_off.jpg HTTP/1.1" 200 1206 "https://www.aceonlinestore.com/CGI-BIN/LANSAWEB?WEBEVENT+L4D61FB088662740053D800V+M37+ENG" "Mozilla/4.0 (compatible; MSIE 7.0; Windows NT 6.0; SLCC1; .NET CLR 2.0.50727; Media Center PC 5.0; .NET CLR 3.0.04506)"
66.30.62.53 - - [14/Jul/2007:00:12:33 -0400] "GET /images/nav04_about_off.jpg HTTP/1.1" 200 1255 "https://www.aceonlinestore.com/CGI-BIN/LANSAWEB?WEBEVENT+L4D61FB088662740053D800V+M37+ENG" "Mozilla/4.0 (compatible; MSIE 7.0; Windows NT 6.0; SLCC1; .NET CLR 2.0.50727; Media Center PC 5.0; .NET CLR 3.0.04506)"
66.30.62.53 - - [14/Jul/2007:00:12:33 -0400] "GET /images/nav04_conven_off.jpg HTTP/1.1" 200 1341 "https://www.aceonlinestore.com/CGI-BIN/LANSAWEB?WEBEVENT+L4D61FB088662740053D800V+M37+ENG" "Mozilla/4.0 (compatible; MSIE 7.0; Windows NT 6.0; SLCC1; .NET CLR 2.0.50727; Media Center PC 5.0; .NET CLR 3.0.04506)"
66.30.62.53 - - [14/Jul/2007:00:12:33 -0400] "GET /images/nav04_shop_off.jpg HTTP/1.1" 200 1390 "https://www.aceonlinestore.com/CGI-BIN/LANSAWEB?WEBEVENT+L4D61FB088662740053D800V+M37+ENG" "Mozilla/4.0 (compatible; MSIE 7.0; Windows NT 6.0; SLCC1; .NET CLR 2.0.50727; Media Center PC 5.0; .NET CLR 3.0.04506)"
66.30.62.53 - - [14/Jul/2007:00:12:33 -0400] "GET /images/spacer.gif HTTP/1.1" 200 55 "https://www.aceonlinestore.com/CGI-BIN/LANSAWEB?WEBEVENT+L4D61FB088662740053D800V+M37+ENG" "Mozilla/4.0 (compatible; MSIE 7.0; Windows NT 6.0; SLCC1; .NET CLR 2.0.50727; Media Center PC 5.0; .NET CLR 3.0.04506)"
66.30.62.53 - - [14/Jul/2007:00:12:33 -0400] "GET /images/login.gif HTTP/1.1" 200 166 "https://www.aceonlinestore.com/CGI-BIN/LANSAWEB?WEBEVENT+L4D61FB088662740053D800V+M37+ENG" "Mozilla/4.0 (compatible; MSIE 7.0; Windows NT 6.0; SLCC1; .NET CLR 2.0.50727; Media Center PC 5.0; .NET CLR 3.0.04506)"
66.30.62.53 - - [14/Jul/2007:00:12:33 -0400] "GET /images/nav04_contact_off.jpg HTTP/1.1" 200 965 "https://www.aceonlinestore.com/CGI-BIN/LANSAWEB?WEBEVENT+L4D61FB088662740053D800V+M37+ENG" "Mozilla/4.0 (compatible; MSIE 7.0; Windows NT 6.0; SLCC1; .NET CLR 2.0.50727; Media Center PC 5.0; .NET CLR 3.0.04506)"
66.30.62.53 - - [14/Jul/2007:00:12:33 -0400] "GET /images/ace_logo_bottom.jpg HTTP/1.1" 200 2447 "https://www.aceonlinestore.com/CGI-BIN/LANSAWEB?WEBEVENT+L4D61FB088662740053D800V+M37+ENG" "Mozilla/4.0 (compatible; MSIE 7.0; Windows NT 6.0; SLCC1; .NET CLR 2.0.50727; Media Center PC 5.0; .NET CLR 3.0.04506)"
66.30.62.53 - - [14/Jul/2007:00:12:33 -0400] "GET /images/nav_store_head.jpg HTTP/1.1" 200 1953 "https://www.aceonlinestore.com/CGI-BIN/LANSAWEB?WEBEVENT+L4D61FB088662740053D800V+M37+ENG" "Mozilla/4.0 (compatible; MSIE 7.0; Windows NT 6.0; SLCC1; .NET CLR 2.0.50727; Media Center PC 5.0; .NET CLR 3.0.04506)"
66.30.62.53 - - [14/Jul/2007:00:12:34 -0400] "GET /images/nav_lower_bgrd.jpg HTTP/1.1" 200 2321 "https://www.aceonlinestore.com/CGI-BIN/LANSAWEB?WEBEVENT+L4D61FB088662740053D800V+M37+ENG" "Mozilla/4.0 (compatible; MSIE 7.0; Windows NT 6.0; SLCC1; .NET CLR 2.0.50727; Media Center PC 5.0; .NET CLR 3.0.04506)"
66.30.62.53 - - [14/Jul/2007:00:12:34 -0400] "GET /images/psearch_go.gif HTTP/1.1" 200 296 "https://www.aceonlinestore.com/CGI-BIN/LANSAWEB?WEBEVENT+L4D61FB088662740053D800V+M37+ENG" "Mozilla/4.0 (compatible; MSIE 7.0; Windows NT 6.0; SLCC1; .NET CLR 2.0.50727; Media Center PC 5.0; .NET CLR 3.0.04506)"
66.249.72.198 - - [14/Jul/2007:00:14:14 -0400] "GET /images/over-index7_david_sutures.jpg HTTP/1.1" 200 2567 "-" "Googlebot-Image/1.0"
66.249.72.198 - - [14/Jul/2007:00:14:58 -0400] "GET /images/over-store_irrigate_section.gif HTTP/1.1" 200 7421 "-" "Googlebot-Image/1.0"
209.59.12.99 - - [14/Jul/2007:00:15:29 -0400] "GET / HTTP/1.0" 200 367 "-" "check_http/1.81 (nagios-plugins 1.4)"
209.59.12.99 - - [14/Jul/2007:00:20:30 -0400] "GET / HTTP/1.0" 200 367 "-" "check_http/1.81 (nagios-plugins 1.4)"
66.249.72.198 - - [14/Jul/2007:00:23:03 -0400] "GET /logs/access_log.Q107062500 HTTP/1.1" 304 - "-" "Mozilla/5.0 (compatible; Googlebot/2.1; +http://www.google.com/bot.html)"
76.198.149.180 - - [14/Jul/2007:00:24:37 -0400] "POST /CGI-BIN/LANSAWEB?WEBEVENT+L6D62C50B8862C400CA0800G+M37+ENG HTTP/1.1" 200 30819 "https://www.aceonlinestore.com/CGI-BIN/LANSAWEB?WEBEVENT+L6D62C50689226400C3B800G+M37+ENG" "Mozilla/5.0 (Windows; U; Windows NT 5.1; en-US; rv:1.8.1.4) Gecko/20070515 Firefox/2.0.0.4"
209.59.12.99 - - [14/Jul/2007:00:25:34 -0400] "GET / HTTP/1.0" 200 367 "-" "check_http/1.81 (nagios-plugins 1.4)"
209.59.12.99 - - [14/Jul/2007:00:30:38 -0400] "GET / HTTP/1.0" 200 367 "-" "check_http/1.81 (nagios-plugins 1.4)"
66.249.72.198 - - [14/Jul/2007:00:33:27 -0400] "GET /images/contact_mail.jpg HTTP/1.1" 200 3441 "-" "Googlebot-Image/1.0"
140.153.231.84 - - [14/Jul/2007:00:35:03 -0400] "GET /images/ace_logo_top.jpg HTTP/1.1" 304 - "-" "Mozilla/4.0 (compatible;)"
140.153.231.84 - - [14/Jul/2007:00:35:20 -0400] "GET /images/psearch_go.gif HTTP/1.1" 304 - "-" "Mozilla/4.0 (compatible;)"
209.59.12.99 - - [14/Jul/2007:00:35:40 -0400] "GET / HTTP/1.0" 200 367 "-" "check_http/1.81 (nagios-plugins 1.4)"
209.59.12.99 - - [14/Jul/2007:00:40:41 -0400] "GET / HTTP/1.0" 200 367 "-" "check_http/1.81 (nagios-plugins 1.4)"
209.59.12.99 - - [14/Jul/2007:00:45:41 -0400] "GET / HTTP/1.0" 200 367 "-" "check_http/1.81 (nagios-plugins 1.4)"
209.59.12.99 - - [14/Jul/2007:00:50:42 -0400] "GET / HTTP/1.0" 200 367 "-" "check_http/1.81 (nagios-plugins 1.4)"
209.59.12.99 - - [14/Jul/2007:00:55:41 -0400] "GET / HTTP/1.0" 200 367 "-" "check_http/1.81 (nagios-plugins 1.4)"
66.249.72.198 - - [14/Jul/2007:00:59:11 -0400] "GET /logs/access_log.Q107062700 HTTP/1.1" 304 - "-" "Mozilla/5.0 (compatible; Googlebot/2.1; +http://www.google.com/bot.html)"
209.59.12.99 - - [14/Jul/2007:01:00:41 -0400] "GET / HTTP/1.0" 200 367 "-" "check_http/1.81 (nagios-plugins 1.4)"
209.59.12.99 - - [14/Jul/2007:01:05:41 -0400] "GET / HTTP/1.0" 200 367 "-" "check_http/1.81 (nagios-plugins 1.4)"
209.59.12.99 - - [14/Jul/2007:01:10:42 -0400] "GET / HTTP/1.0" 200 367 "-" "check_http/1.81 (nagios-plugins 1.4)"
209.59.12.99 - - [14/Jul/2007:01:15:42 -0400] "GET / HTTP/1.0" 200 367 "-" "check_http/1.81 (nagios-plugins 1.4)"
209.59.12.99 - - [14/Jul/2007:01:20:42 -0400] "GET / HTTP/1.0" 200 367 "-" "check_http/1.81 (nagios-plugins 1.4)"
209.59.12.99 - - [14/Jul/2007:01:25:41 -0400] "GET / HTTP/1.0" 200 367 "-" "check_http/1.81 (nagios-plugins 1.4)"
66.249.72.198 - - [14/Jul/2007:01:29:59 -0400] "GET /logs/error_log.Q107060300 HTTP/1.1" 200 24971 "-" "Mozilla/5.0 (compatible; Googlebot/2.1; +http://www.google.com/bot.html)"
209.59.12.99 - - [14/Jul/2007:01:30:41 -0400] "GET / HTTP/1.0" 200 367 "-" "check_http/1.81 (nagios-plugins 1.4)"
66.249.72.198 - - [14/Jul/2007:01:35:02 -0400] "GET /logs/error_log.Q107052700 HTTP/1.1" 304 - "-" "Mozilla/5.0 (compatible; Googlebot/2.1; +http://www.google.com/bot.html)"
66.249.72.198 - - [14/Jul/2007:01:35:23 -0400] "GET /robots.txt HTTP/1.1" 404 208 "-" "Googlebot-Image/1.0"
66.249.72.198 - - [14/Jul/2007:01:35:23 -0400] "GET /images/store_saws_sec_over.jpg HTTP/1.1" 200 9138 "-" "Googlebot-Image/1.0"
209.59.12.99 - - [14/Jul/2007:01:35:41 -0400] "GET / HTTP/1.0" 200 367 "-" "check_http/1.81 (nagios-plugins 1.4)"
209.59.12.99 - - [14/Jul/2007:01:40:42 -0400] "GET / HTTP/1.0" 200 367 "-" "check_http/1.81 (nagios-plugins 1.4)"
66.249.72.198 - - [14/Jul/2007:01:41:28 -0400] "GET /images/over-index13_socketdress.jpg HTTP/1.1" 200 2538 "-" "Googlebot-Image/1.0"
209.59.12.99 - - [14/Jul/2007:01:45:42 -0400] "GET / HTTP/1.0" 200 367 "-" "check_http/1.81 (nagios-plugins 1.4)"
209.59.12.99 - - [14/Jul/2007:01:50:41 -0400] "GET / HTTP/1.0" 200 367 "-" "check_http/1.81 (nagios-plugins 1.4)"
66.249.72.198 - - [14/Jul/2007:01:54:42 -0400] "GET /images/over-index15_cath.jpg HTTP/1.1" 200 1290 "-" "Googlebot-Image/1.0"
209.59.12.99 - - [14/Jul/2007:01:55:41 -0400] "GET / HTTP/1.0" 200 367 "-" "check_http/1.81 (nagios-plugins 1.4)"
209.59.12.99 - - [14/Jul/2007:02:00:41 -0400] "GET / HTTP/1.0" 200 367 "-" "check_http/1.81 (nagios-plugins 1.4)"
209.59.12.99 - - [14/Jul/2007:02:05:42 -0400] "GET / HTTP/1.0" 200 367 "-" "check_http/1.81 (nagios-plugins 1.4)"
209.59.12.99 - - [14/Jul/2007:02:10:41 -0400] "GET / HTTP/1.0" 200 367 "-" "check_http/1.81 (nagios-plugins 1.4)"
63.64.39.28 - - [14/Jul/2007:02:11:35 -0400] "GET /images/over-store_handpc_section.jpg HTTP/1.1" 304 - "-" "Mozilla/4.0 (compatible;)"
59.92.120.195 - - [14/Jul/2007:02:12:50 -0400] "GET /cgi-bin/lansaweb?procfun+wordpr01+webfunc+M37 HTTP/1.0" 200 38205 "http://www.acesurgical.com/about.html" "Mozilla/4.0 (compatible; MSIE 6.0; Windows NT 5.1; SV1; .NET CLR 1.1.4322)"
59.92.120.195 - - [14/Jul/2007:02:12:55 -0400] "GET /images/ace_logo_top.jpg HTTP/1.0" 304 - "http://www.aceonlinestore.com/cgi-bin/lansaweb?procfun+wordpr01+webfunc+M37" "Mozilla/4.0 (compatible; MSIE 6.0; Windows NT 5.1; SV1; .NET CLR 1.1.4322)"
59.92.120.195 - - [14/Jul/2007:02:12:55 -0400] "GET /images/nav04_about_off.jpg HTTP/1.0" 304 - "http://www.aceonlinestore.com/cgi-bin/lansaweb?procfun+wordpr01+webfunc+M37" "Mozilla/4.0 (compatible; MSIE 6.0; Windows NT 5.1; SV1; .NET CLR 1.1.4322)"
59.92.120.195 - - [14/Jul/2007:02:12:55 -0400] "GET /images/nav04_shop_over.jpg HTTP/1.0" 304 - "http://www.aceonlinestore.com/cgi-bin/lansaweb?procfun+wordpr01+webfunc+M37" "Mozilla/4.0 (compatible; MSIE 6.0; Windows NT 5.1; SV1; .NET CLR 1.1.4322)"
59.92.120.195 - - [14/Jul/2007:02:12:55 -0400] "GET /images/nav04_download_off.jpg HTTP/1.0" 304 - "http://www.aceonlinestore.com/cgi-bin/lansaweb?procfun+wordpr01+webfunc+M37" "Mozilla/4.0 (compatible; MSIE 6.0; Windows NT 5.1; SV1; .NET CLR 1.1.4322)"
59.92.120.195 - - [14/Jul/2007:02:12:55 -0400] "GET /images/nav04_conven_off.jpg HTTP/1.0" 304 - "http://www.aceonlinestore.com/cgi-bin/lansaweb?procfun+wordpr01+webfunc+M37" "Mozilla/4.0 (compatible; MSIE 6.0; Windows NT 5.1; SV1; .NET CLR 1.1.4322)"
59.92.120.195 - - [14/Jul/2007:02:12:55 -0400] "GET /images/nav04_contact_off.jpg HTTP/1.0" 304 - "http://www.aceonlinestore.com/cgi-bin/lansaweb?procfun+wordpr01+webfunc+M37" "Mozilla/4.0 (compatible; MSIE 6.0; Windows NT 5.1; SV1; .NET CLR 1.1.4322)"
59.92.120.195 - - [14/Jul/2007:02:12:55 -0400] "GET /images/nav_upper_bgrd.jpg HTTP/1.0" 304 - "http://www.aceonlinestore.com/cgi-bin/lansaweb?procfun+wordpr01+webfunc+M37" "Mozilla/4.0 (compatible; MSIE 6.0; Windows NT 5.1; SV1; .NET CLR 1.1.4322)"
59.92.120.195 - - [14/Jul/2007:02:12:55 -0400] "GET /images/ace_logo_bottom.jpg HTTP/1.0" 304 - "http://www.aceonlinestore.com/cgi-bin/lansaweb?procfun+wordpr01+webfunc+M37" "Mozilla/4.0 (compatible; MSIE 6.0; Windows NT 5.1; SV1; .NET CLR 1.1.4322)"
59.92.120.195 - - [14/Jul/2007:02:12:55 -0400] "GET /images/nav_store_head.jpg HTTP/1.0" 304 - "http://www.aceonlinestore.com/cgi-bin/lansaweb?procfun+wordpr01+webfunc+M37" "Mozilla/4.0 (compatible; MSIE 6.0; Windows NT 5.1; SV1; .NET CLR 1.1.4322)"
59.92.120.195 - - [14/Jul/2007:02:12:55 -0400] "GET /images/nav_lower_bgrd.jpg HTTP/1.0" 304 - "http://www.aceonlinestore.com/cgi-bin/lansaweb?procfun+wordpr01+webfunc+M37" "Mozilla/4.0 (compatible; MSIE 6.0; Windows NT 5.1; SV1; .NET CLR 1.1.4322)"
59.92.120.195 - - [14/Jul/2007:02:12:56 -0400] "GET /images/nav_store_index_off.jpg HTTP/1.0" 304 - "http://www.aceonlinestore.com/cgi-bin/lansaweb?procfun+wordpr01+webfunc+M37" "Mozilla/4.0 (compatible; MSIE 6.0; Windows NT 5.1; SV1; .NET CLR 1.1.4322)"
59.92.120.195 - - [14/Jul/2007:02:12:56 -0400] "GET /images/spacer.gif HTTP/1.0" 304 - "http://www.aceonlinestore.com/cgi-bin/lansaweb?procfun+wordpr01+webfunc+M37" "Mozilla/4.0 (compatible; MSIE 6.0; Windows NT 5.1; SV1; .NET CLR 1.1.4322)"
59.92.120.195 - - [14/Jul/2007:02:12:56 -0400] "GET /images/login.gif HTTP/1.0" 304 - "http://www.aceonlinestore.com/cgi-bin/lansaweb?procfun+wordpr01+webfunc+M37" "Mozilla/4.0 (compatible; MSIE 6.0; Windows NT 5.1; SV1; .NET CLR 1.1.4322)"
59.92.120.195 - - [14/Jul/2007:02:12:56 -0400] "GET /images/login_go.gif HTTP/1.0" 304 - "http://www.aceonlinestore.com/cgi-bin/lansaweb?procfun+wordpr01+webfunc+M37" "Mozilla/4.0 (compatible; MSIE 6.0; Windows NT 5.1; SV1; .NET CLR 1.1.4322)"
59.92.120.195 - - [14/Jul/2007:02:12:56 -0400] "GET /images/search.gif HTTP/1.0" 304 - "http://www.aceonlinestore.com/cgi-bin/lansaweb?procfun+wordpr01+webfunc+M37" "Mozilla/4.0 (compatible; MSIE 6.0; Windows NT 5.1; SV1; .NET CLR 1.1.4322)"
59.92.120.195 - - [14/Jul/2007:02:12:56 -0400] "GET /images/psearch_go.gif HTTP/1.0" 304 - "http://www.aceonlinestore.com/cgi-bin/lansaweb?procfun+wordpr01+webfunc+M37" "Mozilla/4.0 (compatible; MSIE 6.0; Windows NT 5.1; SV1; .NET CLR 1.1.4322)"
59.92.120.195 - - [14/Jul/2007:02:12:56 -0400] "GET /images/sale_promo-icon.gif HTTP/1.0" 304 - "http://www.aceonlinestore.com/cgi-bin/lansaweb?procfun+wordpr01+webfunc+M37" "Mozilla/4.0 (compatible; MSIE 6.0; Windows NT 5.1; SV1; .NET CLR 1.1.4322)"
59.92.120.195 - - [14/Jul/2007:02:12:59 -0400] "GET /images/store_anesth_section.jpg HTTP/1.0" 304 - "http://www.aceonlinestore.com/cgi-bin/lansaweb?procfun+wordpr01+webfunc+M37" "Mozilla/4.0 (compatible; MSIE 6.0; Windows NT 5.1; SV1; .NET CLR 1.1.4322)"
59.92.120.195 - - [14/Jul/2007:02:12:59 -0400] "GET /images/store_bone_section2.jpg HTTP/1.0" 304 - "http://www.aceonlinestore.com/cgi-bin/lansaweb?procfun+wordpr01+webfunc+M37" "Mozilla/4.0 (compatible; MSIE 6.0; Windows NT 5.1; SV1; .NET CLR 1.1.4322)"
59.92.120.195 - - [14/Jul/2007:02:12:59 -0400] "GET /images/store_cardiac_section.jpg HTTP/1.0" 304 - "http://www.aceonlinestore.com/cgi-bin/lansaweb?procfun+wordpr01+webfunc+M37" "Mozilla/4.0 (compatible; MSIE 6.0; Windows NT 5.1; SV1; .NET CLR 1.1.4322)"
59.92.120.195 - - [14/Jul/2007:02:12:59 -0400] "GET /images/store_implant_section.jpg HTTP/1.0" 304 - "http://www.aceonlinestore.com/cgi-bin/lansaweb?procfun+wordpr01+webfunc+M37" "Mozilla/4.0 (compatible; MSIE 6.0; Windows NT 5.1; SV1; .NET CLR 1.1.4322)"
59.92.120.195 - - [14/Jul/2007:02:13:00 -0400] "GET /images/store_gauze_section.jpg HTTP/1.0" 304 - "http://www.aceonlinestore.com/cgi-bin/lansaweb?procfun+wordpr01+webfunc+M37" "Mozilla/4.0 (compatible; MSIE 6.0; Windows NT 5.1; SV1; .NET CLR 1.1.4322)"
59.92.120.195 - - [14/Jul/2007:02:13:00 -0400] "GET /images/store_handpc_section.jpg HTTP/1.0" 200 23958 "http://www.aceonlinestore.com/cgi-bin/lansaweb?procfun+wordpr01+webfunc+M37" "Mozilla/4.0 (compatible; MSIE 6.0; Windows NT 5.1; SV1; .NET CLR 1.1.4322)"
59.92.120.195 - - [14/Jul/2007:02:13:00 -0400] "GET /images/store_infection_section.jpg HTTP/1.0" 304 - "http://www.aceonlinestore.com/cgi-bin/lansaweb?procfun+wordpr01+webfunc+M37" "Mozilla/4.0 (compatible; MSIE 6.0; Windows NT 5.1; SV1; .NET CLR 1.1.4322)"
59.92.120.195 - - [14/Jul/2007:02:13:00 -0400] "GET /images/store_instr_section.jpg HTTP/1.0" 304 - "http://www.aceonlinestore.com/cgi-bin/lansaweb?procfun+wordpr01+webfunc+M37" "Mozilla/4.0 (compatible; MSIE 6.0; Windows NT 5.1; SV1; .NET CLR 1.1.4322)"
59.92.120.195 - - [14/Jul/2007:02:13:00 -0400] "GET /images/store_irrigate_section.gif HTTP/1.0" 304 - "http://www.aceonlinestore.com/cgi-bin/lansaweb?procfun+wordpr01+webfunc+M37" "Mozilla/4.0 (compatible; MSIE 6.0; Windows NT 5.1; SV1; .NET CLR 1.1.4322)"
59.92.120.195 - - [14/Jul/2007:02:13:00 -0400] "GET /images/store_iv_admin_section.jpg HTTP/1.0" 200 9115 "http://www.aceonlinestore.com/cgi-bin/lansaweb?procfun+wordpr01+webfunc+M37" "Mozilla/4.0 (compatible; MSIE 6.0; Windows NT 5.1; SV1; .NET CLR 1.1.4322)"
59.92.120.195 - - [14/Jul/2007:02:13:00 -0400] "GET /images/store_assess_section.jpg HTTP/1.0" 200 10059 "http://www.aceonlinestore.com/cgi-bin/lansaweb?procfun+wordpr01+webfunc+M37" "Mozilla/4.0 (compatible; MSIE 6.0; Windows NT 5.1; SV1; .NET CLR 1.1.4322)"
59.92.120.195 - - [14/Jul/2007:02:13:00 -0400] "GET /images/store_pharma_section.jpg HTTP/1.0" 200 7953 "http://www.aceonlinestore.com/cgi-bin/lansaweb?procfun+wordpr01+webfunc+M37" "Mozilla/4.0 (compatible; MSIE 6.0; Windows NT 5.1; SV1; .NET CLR 1.1.4322)"
59.92.120.195 - - [14/Jul/2007:02:13:01 -0400] "GET /images/store_sterile_section.jpg HTTP/1.0" 200 9274 "http://www.aceonlinestore.com/cgi-bin/lansaweb?procfun+wordpr01+webfunc+M37" "Mozilla/4.0 (compatible; MSIE 6.0; Windows NT 5.1; SV1; .NET CLR 1.1.4322)"
59.92.120.195 - - [14/Jul/2007:02:13:01 -0400] "GET /images/store_blades_section.jpg HTTP/1.0" 200 24174 "http://www.aceonlinestore.com/cgi-bin/lansaweb?procfun+wordpr01+webfunc+M37" "Mozilla/4.0 (compatible; MSIE 6.0; Windows NT 5.1; SV1; .NET CLR 1.1.4322)"
59.92.120.195 - - [14/Jul/2007:02:13:01 -0400] "GET /images/store_burs_section.jpg HTTP/1.0" 200 10892 "http://www.aceonlinestore.com/cgi-bin/lansaweb?procfun+wordpr01+webfunc+M37" "Mozilla/4.0 (compatible; MSIE 6.0; Windows NT 5.1; SV1; .NET CLR 1.1.4322)"
59.92.120.195 - - [14/Jul/2007:02:13:01 -0400] "GET /images/store_sutures_section.jpg HTTP/1.0" 200 28375 "http://www.aceonlinestore.com/cgi-bin/lansaweb?procfun+wordpr01+webfunc+M37" "Mozilla/4.0 (compatible; MSIE 6.0; Windows NT 5.1; SV1; .NET CLR 1.1.4322)"
59.92.120.195 - - [14/Jul/2007:02:13:01 -0400] "GET /images/store_syringe_section.jpg HTTP/1.0" 200 9321 "http://www.aceonlinestore.com/cgi-bin/lansaweb?procfun+wordpr01+webfunc+M37" "Mozilla/4.0 (compatible; MSIE 6.0; Windows NT 5.1; SV1; .NET CLR 1.1.4322)"
59.92.120.195 - - [14/Jul/2007:02:13:01 -0400] "GET /images/store_xray_section.jpg HTTP/1.0" 200 8861 "http://www.aceonlinestore.com/cgi-bin/lansaweb?procfun+wordpr01+webfunc+M37" "Mozilla/4.0 (compatible; MSIE 6.0; Windows NT 5.1; SV1; .NET CLR 1.1.4322)"
59.92.120.195 - - [14/Jul/2007:02:13:02 -0400] "GET /images/store_saws_section.jpg HTTP/1.0" 200 10028 "http://www.aceonlinestore.com/cgi-bin/lansaweb?procfun+wordpr01+webfunc+M37" "Mozilla/4.0 (compatible; MSIE 6.0; Windows NT 5.1; SV1; .NET CLR 1.1.4322)"
66.249.72.198 - - [14/Jul/2007:02:12:49 -0400] "GET /logs/access_log.Q107052000 HTTP/1.1" 200 957991 "-" "Mozilla/5.0 (compatible; Googlebot/2.1; +http://www.google.com/bot.html)"
59.92.120.195 - - [14/Jul/2007:02:15:13 -0400] "GET /images/over-store_implant_section.jpg HTTP/1.0" 304 - "http://www.aceonlinestore.com/cgi-bin/lansaweb?procfun+wordpr01+webfunc+M37" "Mozilla/4.0 (compatible; MSIE 6.0; Windows NT 5.1; SV1; .NET CLR 1.1.4322)"
59.92.120.195 - - [14/Jul/2007:02:15:13 -0400] "GET /images/over-store_implant_section.jpg HTTP/1.0" 304 - "http://www.aceonlinestore.com/cgi-bin/lansaweb?procfun+wordpr01+webfunc+M37" "Mozilla/4.0 (compatible; MSIE 6.0; Windows NT 5.1; SV1; .NET CLR 1.1.4322)"
59.92.120.195 - - [14/Jul/2007:02:15:13 -0400] "GET /images/over-store_cardiac_section.jpg HTTP/1.0" 200 8882 "http://www.aceonlinestore.com/cgi-bin/lansaweb?procfun+wordpr01+webfunc+M37" "Mozilla/4.0 (compatible; MSIE 6.0; Windows NT 5.1; SV1; .NET CLR 1.1.4322)"
59.92.120.195 - - [14/Jul/2007:02:15:14 -0400] "GET /images/over-store_implant_section.jpg HTTP/1.0" 304 - "http://www.aceonlinestore.com/cgi-bin/lansaweb?procfun+wordpr01+webfunc+M37" "Mozilla/4.0 (compatible; MSIE 6.0; Windows NT 5.1; SV1; .NET CLR 1.1.4322)"
59.92.120.195 - - [14/Jul/2007:02:15:14 -0400] "GET /images/over-store_cardiac_section.jpg HTTP/1.0" 200 8882 "http://www.aceonlinestore.com/cgi-bin/lansaweb?procfun+wordpr01+webfunc+M37" "Mozilla/4.0 (compatible; MSIE 6.0; Windows NT 5.1; SV1; .NET CLR 1.1.4322)"
59.92.120.195 - - [14/Jul/2007:02:15:14 -0400] "GET /images/over-store_bone_section2.jpg HTTP/1.0" 200 7626 "http://www.aceonlinestore.com/cgi-bin/lansaweb?procfun+wordpr01+webfunc+M37" "Mozilla/4.0 (compatible; MSIE 6.0; Windows NT 5.1; SV1; .NET CLR 1.1.4322)"
59.92.120.195 - - [14/Jul/2007:02:15:14 -0400] "GET /images/over-store_handpc_section.jpg HTTP/1.0" 200 8331 "http://www.aceonlinestore.com/cgi-bin/lansaweb?procfun+wordpr01+webfunc+M37" "Mozilla/4.0 (compatible; MSIE 6.0; Windows NT 5.1; SV1; .NET CLR 1.1.4322)"
59.92.120.195 - - [14/Jul/2007:02:15:14 -0400] "GET /images/over-store_infection_section.jpg HTTP/1.0" 200 8680 "http://www.aceonlinestore.com/cgi-bin/lansaweb?procfun+wordpr01+webfunc+M37" "Mozilla/4.0 (compatible; MSIE 6.0; Windows NT 5.1; SV1; .NET CLR 1.1.4322)"
59.92.120.195 - - [14/Jul/2007:02:15:14 -0400] "GET /images/over-store_infection_section.jpg HTTP/1.0" 200 8680 "http://www.aceonlinestore.com/cgi-bin/lansaweb?procfun+wordpr01+webfunc+M37" "Mozilla/4.0 (compatible; MSIE 6.0; Windows NT 5.1; SV1; .NET CLR 1.1.4322)"
59.92.120.195 - - [14/Jul/2007:02:15:14 -0400] "GET /images/over-store_infection_section.jpg HTTP/1.0" 200 8680 "http://www.aceonlinestore.com/cgi-bin/lansaweb?procfun+wordpr01+webfunc+M37" "Mozilla/4.0 (compatible; MSIE 6.0; Windows NT 5.1; SV1; .NET CLR 1.1.4322)"
59.92.120.195 - - [14/Jul/2007:02:15:16 -0400] "GET /images/over-store_instr_section.jpg HTTP/1.0" 200 9238 "http://www.aceonlinestore.com/cgi-bin/lansaweb?procfun+wordpr01+webfunc+M37" "Mozilla/4.0 (compatible; MSIE 6.0; Windows NT 5.1; SV1; .NET CLR 1.1.4322)"
59.92.120.195 - - [14/Jul/2007:02:15:18 -0400] "GET /images/over-store_iv_admin_section.jpg HTTP/1.0" 200 8417 "http://www.aceonlinestore.com/cgi-bin/lansaweb?procfun+wordpr01+webfunc+M37" "Mozilla/4.0 (compatible; MSIE 6.0; Windows NT 5.1; SV1; .NET CLR 1.1.4322)"
59.92.120.195 - - [14/Jul/2007:02:15:18 -0400] "GET /images/over-store_gauze_section.jpg HTTP/1.0" 200 8076 "http://www.aceonlinestore.com/cgi-bin/lansaweb?procfun+wordpr01+webfunc+M37" "Mozilla/4.0 (compatible; MSIE 6.0; Windows NT 5.1; SV1; .NET CLR 1.1.4322)"
59.92.120.195 - - [14/Jul/2007:02:15:18 -0400] "GET /images/over-store_implant_section.jpg HTTP/1.0" 304 - "http://www.aceonlinestore.com/cgi-bin/lansaweb?procfun+wordpr01+webfunc+M37" "Mozilla/4.0 (compatible; MSIE 6.0; Windows NT 5.1; SV1; .NET CLR 1.1.4322)"
59.92.120.195 - - [14/Jul/2007:02:15:19 -0400] "POST /CGI-BIN/LANSAWEB?WEBEVENT+L6D62E809823274008D7800K+M37+ENG HTTP/1.0" 200 33565 "http://www.aceonlinestore.com/cgi-bin/lansaweb?procfun+wordpr01+webfunc+M37" "Mozilla/4.0 (compatible; MSIE 6.0; Windows NT 5.1; SV1; .NET CLR 1.1.4322)"
59.92.120.195 - - [14/Jul/2007:02:15:21 -0400] "GET /images/nav04_shop_off.jpg HTTP/1.0" 304 - "http://www.aceonlinestore.com/CGI-BIN/LANSAWEB?WEBEVENT+L6D62E809823274008D7800K+M37+ENG" "Mozilla/4.0 (compatible; MSIE 6.0; Windows NT 5.1; SV1; .NET CLR 1.1.4322)"
59.92.120.195 - - [14/Jul/2007:02:15:21 -0400] "GET /images/index12_drills.jpg HTTP/1.0" 304 - "http://www.aceonlinestore.com/CGI-BIN/LANSAWEB?WEBEVENT+L6D62E809823274008D7800K+M37+ENG" "Mozilla/4.0 (compatible; MSIE 6.0; Windows NT 5.1; SV1; .NET CLR 1.1.4322)"
59.92.120.195 - - [14/Jul/2007:02:15:21 -0400] "GET /images/index12_exhex.jpg HTTP/1.0" 304 - "http://www.aceonlinestore.com/CGI-BIN/LANSAWEB?WEBEVENT+L6D62E809823274008D7800K+M37+ENG" "Mozilla/4.0 (compatible; MSIE 6.0; Windows NT 5.1; SV1; .NET CLR 1.1.4322)"
59.92.120.195 - - [14/Jul/2007:02:15:21 -0400] "GET /images/index12_intconnct.jpg HTTP/1.0" 304 - "http://www.aceonlinestore.com/CGI-BIN/LANSAWEB?WEBEVENT+L6D62E809823274008D7800K+M37+ENG" "Mozilla/4.0 (compatible; MSIE 6.0; Windows NT 5.1; SV1; .NET CLR 1.1.4322)"
59.92.120.195 - - [14/Jul/2007:02:15:30 -0400] "GET /images/over-index12_drills.jpg HTTP/1.0" 200 2396 "http://www.aceonlinestore.com/CGI-BIN/LANSAWEB?WEBEVENT+L6D62E809823274008D7800K+M37+ENG" "Mozilla/4.0 (compatible; MSIE 6.0; Windows NT 5.1; SV1; .NET CLR 1.1.4322)"
59.92.120.195 - - [14/Jul/2007:02:15:32 -0400] "GET /images/over-index12_exhex.jpg HTTP/1.0" 304 - "http://www.aceonlinestore.com/CGI-BIN/LANSAWEB?WEBEVENT+L6D62E809823274008D7800K+M37+ENG" "Mozilla/4.0 (compatible; MSIE 6.0; Windows NT 5.1; SV1; .NET CLR 1.1.4322)"
59.92.120.195 - - [14/Jul/2007:02:15:32 -0400] "GET /images/over-index12_intconnct.jpg HTTP/1.0" 304 - "http://www.aceonlinestore.com/CGI-BIN/LANSAWEB?WEBEVENT+L6D62E809823274008D7800K+M37+ENG" "Mozilla/4.0 (compatible; MSIE 6.0; Windows NT 5.1; SV1; .NET CLR 1.1.4322)"
59.92.120.195 - - [14/Jul/2007:02:15:39 -0400] "GET /images/over-index12_exhex.jpg HTTP/1.0" 304 - "http://www.aceonlinestore.com/CGI-BIN/LANSAWEB?WEBEVENT+L6D62E809823274008D7800K+M37+ENG" "Mozilla/4.0 (compatible; MSIE 6.0; Windows NT 5.1; SV1; .NET CLR 1.1.4322)"
59.92.120.195 - - [14/Jul/2007:02:15:40 -0400] "POST /CGI-BIN/LANSAWEB?WEBEVENT+L6D62E9078312B400115800K+M37+ENG HTTP/1.0" 200 33979 "http://www.aceonlinestore.com/CGI-BIN/LANSAWEB?WEBEVENT+L6D62E809823274008D7800K+M37+ENG" "Mozilla/4.0 (compatible; MSIE 6.0; Windows NT 5.1; SV1; .NET CLR 1.1.4322)"
209.59.12.99 - - [14/Jul/2007:02:15:42 -0400] "GET / HTTP/1.0" 200 367 "-" "check_http/1.81 (nagios-plugins 1.4)"
59.92.120.195 - - [14/Jul/2007:02:15:42 -0400] "GET /images/ex_hex_implant.jpg HTTP/1.0" 404 223 "http://www.aceonlinestore.com/CGI-BIN/LANSAWEB?WEBEVENT+L6D62E9078312B400115800K+M37+ENG" "Mozilla/4.0 (compatible; MSIE 6.0; Windows NT 5.1; SV1; .NET CLR 1.1.4322)"
59.92.120.195 - - [14/Jul/2007:02:15:42 -0400] "GET /images/sds_implant.jpg HTTP/1.0" 404 220 "http://www.aceonlinestore.com/CGI-BIN/LANSAWEB?WEBEVENT+L6D62E9078312B400115800K+M37+ENG" "Mozilla/4.0 (compatible; MSIE 6.0; Windows NT 5.1; SV1; .NET CLR 1.1.4322)"
59.92.120.195 - - [14/Jul/2007:02:15:55 -0400] "POST /CGI-BIN/LANSAWEB?WEBEVENT+L6D62E90B8B62D4002B4800K+M37+ENG HTTP/1.0" 200 53373 "http://www.aceonlinestore.com/CGI-BIN/LANSAWEB?WEBEVENT+L6D62E9078312B400115800K+M37+ENG" "Mozilla/4.0 (compatible; MSIE 6.0; Windows NT 5.1; SV1; .NET CLR 1.1.4322)"
59.92.120.195 - - [14/Jul/2007:02:15:59 -0400] "GET /images/over-sds_implant.jpg HTTP/1.0" 404 225 "http://www.aceonlinestore.com/CGI-BIN/LANSAWEB?WEBEVENT+L6D62E9078312B400115800K+M37+ENG" "Mozilla/4.0 (compatible; MSIE 6.0; Windows NT 5.1; SV1; .NET CLR 1.1.4322)"
59.92.120.195 - - [14/Jul/2007:02:16:01 -0400] "GET /CGI-BIN/JavaScript:MainDSPHandleEvent('WORDPR01','WEBFUNC','SRCHNXT') HTTP/1.0" 404 267 "http://www.aceonlinestore.com:80/CGI-BIN/LANSAWEB?WEBEVENT+L6D62E90B8B62D4002B4800K+M37+ENG" "Mozilla/4.0 (compatible; MSIE 6.0; Windows NT 5.1; SV1; .NET CLR 1.1.4322)"
59.92.120.195 - - [14/Jul/2007:02:16:01 -0400] "GET /images/nav04_conven_over.jpg HTTP/1.0" 200 1587 "http://www.aceonlinestore.com/CGI-BIN/LANSAWEB?WEBEVENT+L6D62E90B8B62D4002B4800K+M37+ENG" "Mozilla/4.0 (compatible; MSIE 6.0; Windows NT 5.1; SV1; .NET CLR 1.1.4322)"
59.92.120.195 - - [14/Jul/2007:02:16:01 -0400] "GET /images/pf-a.gif HTTP/1.0" 304 - "http://www.aceonlinestore.com/CGI-BIN/LANSAWEB?WEBEVENT+L6D62E90B8B62D4002B4800K+M37+ENG" "Mozilla/4.0 (compatible; MSIE 6.0; Windows NT 5.1; SV1; .NET CLR 1.1.4322)"
59.92.120.195 - - [14/Jul/2007:02:16:01 -0400] "GET /images/next.gif HTTP/1.0" 304 - "http://www.aceonlinestore.com/CGI-BIN/LANSAWEB?WEBEVENT+L6D62E90B8B62D4002B4800K+M37+ENG" "Mozilla/4.0 (compatible; MSIE 6.0; Windows NT 5.1; SV1; .NET CLR 1.1.4322)"
59.92.120.195 - - [14/Jul/2007:02:16:01 -0400] "GET /images/space.gif HTTP/1.0" 304 - "http://www.aceonlinestore.com/CGI-BIN/LANSAWEB?WEBEVENT+L6D62E90B8B62D4002B4800K+M37+ENG" "Mozilla/4.0 (compatible; MSIE 6.0; Windows NT 5.1; SV1; .NET CLR 1.1.4322)"
59.92.120.195 - - [14/Jul/2007:02:16:21 -0400] "GET /images/pf-b.gif HTTP/1.0" 200 813 "http://www.aceonlinestore.com/CGI-BIN/LANSAWEB?WEBEVENT+L6D62E90B8B62D4002B4800K+M37+ENG" "Mozilla/4.0 (compatible; MSIE 6.0; Windows NT 5.1; SV1; .NET CLR 1.1.4322)"
59.92.120.195 - - [14/Jul/2007:02:16:57 -0400] "POST /CGI-BIN/LANSAWEB?WEBEVENT+L6D62E90A8B324400391800K+M37+ENG HTTP/1.0" 200 33603 "http://www.aceonlinestore.com/CGI-BIN/LANSAWEB?WEBEVENT+L6D62E90B8B62D4002B4800K+M37+ENG" "Mozilla/4.0 (compatible; MSIE 6.0; Windows NT 5.1; SV1; .NET CLR 1.1.4322)"
59.92.120.195 - - [14/Jul/2007:02:17:04 -0400] "POST /CGI-BIN/LANSAWEB?WEBEVENT+L6D62E9048E82140071F800K+M37+ENG HTTP/1.0" 200 44848 "http://www.aceonlinestore.com/CGI-BIN/LANSAWEB?WEBEVENT+L6D62E90A8B324400391800K+M37+ENG" "Mozilla/4.0 (compatible; MSIE 6.0; Windows NT 5.1; SV1; .NET CLR 1.1.4322)"
59.92.120.195 - - [14/Jul/2007:02:17:06 -0400] "GET /images/items/CONFORM_THUMB.JPG HTTP/1.0" 304 - "http://www.aceonlinestore.com/CGI-BIN/LANSAWEB?WEBEVENT+L6D62E9048E82140071F800K+M37+ENG" "Mozilla/4.0 (compatible; MSIE 6.0; Windows NT 5.1; SV1; .NET CLR 1.1.4322)"
59.92.120.195 - - [14/Jul/2007:02:17:06 -0400] "GET /images/items/NUOSSCOLLAGEN_THUMB.JPG HTTP/1.0" 304 - "http://www.aceonlinestore.com/CGI-BIN/LANSAWEB?WEBEVENT+L6D62E9048E82140071F800K+M37+ENG" "Mozilla/4.0 (compatible; MSIE 6.0; Windows NT 5.1; SV1; .NET CLR 1.1.4322)"
59.92.120.195 - - [14/Jul/2007:02:17:10 -0400] "GET /images/psearch_go-over.gif HTTP/1.0" 200 302 "http://www.aceonlinestore.com/CGI-BIN/LANSAWEB?WEBEVENT+L6D62E9048E82140071F800K+M37+ENG" "Mozilla/4.0 (compatible; MSIE 6.0; Windows NT 5.1; SV1; .NET CLR 1.1.4322)"
202.75.203.4 - - [14/Jul/2007:02:17:53 -0400] "GET /images/ACE_Fall04_BestBuys.pdf HTTP/1.1" 200 5886198 "-" "Mozilla/4.0 (compatible; MSIE 6.0; Windows NT 5.1; SV1; .NET CLR 1.1.4322; InfoPath.1)"
202.75.203.4 - - [14/Jul/2007:02:17:55 -0400] "GET /images/ACE_Fall04_BestBuys.pdf HTTP/1.1" 206 5880650 "-" "Mozilla/4.0 (compatible; MSIE 6.0; Windows NT 5.1; SV1; .NET CLR 1.1.4322; InfoPath.1)"
59.92.120.195 - - [14/Jul/2007:02:18:01 -0400] "GET /images/ace_logo_top_over.jpg HTTP/1.0" 304 - "http://www.aceonlinestore.com/CGI-BIN/LANSAWEB?WEBEVENT+L6D62E9048E82140071F800K+M37+ENG" "Mozilla/4.0 (compatible; MSIE 6.0; Windows NT 5.1; SV1; .NET CLR 1.1.4322)"
59.92.120.195 - - [14/Jul/2007:02:18:43 -0400] "POST /CGI-BIN/LANSAWEB?WEBEVENT+L6D62E9048F22540073F800K+M37+ENG HTTP/1.0" 200 31673 "http://www.aceonlinestore.com/CGI-BIN/LANSAWEB?WEBEVENT+L6D62E90A8B324400391800K+M37+ENG" "Mozilla/4.0 (compatible; MSIE 6.0; Windows NT 5.1; SV1; .NET CLR 1.1.4322)"
59.92.120.195 - - [14/Jul/2007:02:18:47 -0400] "GET /images/nav04_about_over.jpg HTTP/1.0" 200 1472 "http://www.aceonlinestore.com/CGI-BIN/LANSAWEB?WEBEVENT+L6D62E9048F22540073F800K+M37+ENG" "Mozilla/4.0 (compatible; MSIE 6.0; Windows NT 5.1; SV1; .NET CLR 1.1.4322)"
59.92.120.195 - - [14/Jul/2007:02:18:47 -0400] "GET /images/login_go-over.gif HTTP/1.0" 200 302 "http://www.aceonlinestore.com/CGI-BIN/LANSAWEB?WEBEVENT+L6D62E9048F22540073F800K+M37+ENG" "Mozilla/4.0 (compatible; MSIE 6.0; Windows NT 5.1; SV1; .NET CLR 1.1.4322)"
59.92.120.195 - - [14/Jul/2007:02:18:58 -0400] "POST /CGI-BIN/LANSAWEB?WEBEVENT+L6D62E90A86D26400DA5800K+M37+ENG HTTP/1.0" 200 31673 "http://www.aceonlinestore.com/CGI-BIN/LANSAWEB?WEBEVENT+L6D62E9048F22540073F800K+M37+ENG" "Mozilla/4.0 (compatible; MSIE 6.0; Windows NT 5.1; SV1; .NET CLR 1.1.4322)"
59.92.120.195 - - [14/Jul/2007:02:19:06 -0400] "GET /images/ace_logo_top_over.jpg HTTP/1.0" 304 - "http://www.aceonlinestore.com/CGI-BIN/LANSAWEB?WEBEVENT+L6D62E90A86D26400DA5800K+M37+ENG" "Mozilla/4.0 (compatible; MSIE 6.0; Windows NT 5.1; SV1; .NET CLR 1.1.4322)"
59.92.120.195 - - [14/Jul/2007:02:19:10 -0400] "POST /CGI-BIN/LANSAWEB?WEBEVENT+L6D62E9048EF2940076F800K+M37+ENG HTTP/1.0" 200 36722 "http://www.aceonlinestore.com/CGI-BIN/LANSAWEB?WEBEVENT+L6D62E90A8B324400391800K+M37+ENG" "Mozilla/4.0 (compatible; MSIE 6.0; Windows NT 5.1; SV1; .NET CLR 1.1.4322)"
59.92.120.195 - - [14/Jul/2007:02:19:12 -0400] "GET /images/intconnct.jpg HTTP/1.0" 404 218 "http://www.aceonlinestore.com/CGI-BIN/LANSAWEB?WEBEVENT+L6D62E9048EF2940076F800K+M37+ENG" "Mozilla/4.0 (compatible; MSIE 6.0; Windows NT 5.1; SV1; .NET CLR 1.1.4322)"
59.92.120.195 - - [14/Jul/2007:02:19:13 -0400] "GET /images/4_head_pros.jpg HTTP/1.0" 404 220 "http://www.aceonlinestore.com/CGI-BIN/LANSAWEB?WEBEVENT+L6D62E9048EF2940076F800K+M37+ENG" "Mozilla/4.0 (compatible; MSIE 6.0; Windows NT 5.1; SV1; .NET CLR 1.1.4322)"
59.92.120.195 - - [14/Jul/2007:02:19:13 -0400] "GET /images/5_head_pros.jpg HTTP/1.0" 404 220 "http://www.aceonlinestore.com/CGI-BIN/LANSAWEB?WEBEVENT+L6D62E9048EF2940076F800K+M37+ENG" "Mozilla/4.0 (compatible; MSIE 6.0; Windows NT 5.1; SV1; .NET CLR 1.1.4322)"
59.92.120.195 - - [14/Jul/2007:02:19:13 -0400] "GET /images/6_head_pros.jpeg HTTP/1.0" 404 221 "http://www.aceonlinestore.com/CGI-BIN/LANSAWEB?WEBEVENT+L6D62E9048EF2940076F800K+M37+ENG" "Mozilla/4.0 (compatible; MSIE 6.0; Windows NT 5.1; SV1; .NET CLR 1.1.4322)"
59.92.120.195 - - [14/Jul/2007:02:19:13 -0400] "GET /images/over-5_head_pros.jpg HTTP/1.0" 404 225 "http://www.aceonlinestore.com/CGI-BIN/LANSAWEB?WEBEVENT+L6D62E9048EF2940076F800K+M37+ENG" "Mozilla/4.0 (compatible; MSIE 6.0; Windows NT 5.1; SV1; .NET CLR 1.1.4322)"
59.92.120.195 - - [14/Jul/2007:02:19:15 -0400] "GET /images/over-6_head_pros.jpeg HTTP/1.0" 404 226 "http://www.aceonlinestore.com/CGI-BIN/LANSAWEB?WEBEVENT+L6D62E9048EF2940076F800K+M37+ENG" "Mozilla/4.0 (compatible; MSIE 6.0; Windows NT 5.1; SV1; .NET CLR 1.1.4322)"
59.92.120.195 - - [14/Jul/2007:02:19:16 -0400] "GET /images/over-intconnct.jpg HTTP/1.0" 404 223 "http://www.aceonlinestore.com/CGI-BIN/LANSAWEB?WEBEVENT+L6D62E9048EF2940076F800K+M37+ENG" "Mozilla/4.0 (compatible; MSIE 6.0; Windows NT 5.1; SV1; .NET CLR 1.1.4322)"
59.92.120.195 - - [14/Jul/2007:02:19:18 -0400] "POST /CGI-BIN/LANSAWEB?WEBEVENT+L6D62E9038BF28400F8A800K+M37+ENG HTTP/1.0" 200 53335 "http://www.aceonlinestore.com/CGI-BIN/LANSAWEB?WEBEVENT+L6D62E9048EF2940076F800K+M37+ENG" "Mozilla/4.0 (compatible; MSIE 6.0; Windows NT 5.1; SV1; .NET CLR 1.1.4322)"
202.75.203.4 - - [14/Jul/2007:02:17:56 -0400] "GET /images/ACE_Fall04_BestBuys.pdf HTTP/1.1" 206 5875479 "-" "Mozilla/4.0 (compatible; MSIE 6.0; Windows NT 5.1; SV1; .NET CLR 1.1.4322; InfoPath.1)"
59.92.120.195 - - [14/Jul/2007:02:19:46 -0400] "POST /CGI-BIN/LANSAWEB?WEBEVENT+L6D62E90B8462A400F72800K+M37+ENG HTTP/1.0" 200 53558 "http://www.aceonlinestore.com/CGI-BIN/LANSAWEB?WEBEVENT+L6D62E9038BF28400F8A800K+M37+ENG" "Mozilla/4.0 (compatible; MSIE 6.0; Windows NT 5.1; SV1; .NET CLR 1.1.4322)"
59.92.120.195 - - [14/Jul/2007:02:19:48 -0400] "GET /images/prev.gif HTTP/1.0" 200 253 "http://www.aceonlinestore.com/CGI-BIN/LANSAWEB?WEBEVENT+L6D62E90B8462A400F72800K+M37+ENG" "Mozilla/4.0 (compatible; MSIE 6.0; Windows NT 5.1; SV1; .NET CLR 1.1.4322)"
59.92.120.195 - - [14/Jul/2007:02:19:58 -0400] "POST /CGI-BIN/LANSAWEB?WEBEVENT+L6D62EA0582A2940012B800K+M37+ENG HTTP/1.0" 200 33603 "http://www.aceonlinestore.com/CGI-BIN/LANSAWEB?WEBEVENT+L6D62E90B8462A400F72800K+M37+ENG" "Mozilla/4.0 (compatible; MSIE 6.0; Windows NT 5.1; SV1; .NET CLR 1.1.4322)"
59.92.120.195 - - [14/Jul/2007:02:20:05 -0400] "GET /images/nav04_download_over.jpg HTTP/1.0" 200 1460 "http://www.aceonlinestore.com/CGI-BIN/LANSAWEB?WEBEVENT+L6D62EA0582A2940012B800K+M37+ENG" "Mozilla/4.0 (compatible; MSIE 6.0; Windows NT 5.1; SV1; .NET CLR 1.1.4322)"
59.92.120.195 - - [14/Jul/2007:02:20:06 -0400] "GET /images/nav04_download_off.jpg HTTP/1.0" 304 - "http://www.aceonlinestore.com/CGI-BIN/LANSAWEB?WEBEVENT+L6D62EA0582A2940012B800K+M37+ENG" "Mozilla/4.0 (compatible; MSIE 6.0; Windows NT 5.1; SV1; .NET CLR 1.1.4322)"
209.59.12.99 - - [14/Jul/2007:02:20:42 -0400] "GET / HTTP/1.0" 200 367 "-" "check_http/1.81 (nagios-plugins 1.4)"
202.75.203.4 - - [14/Jul/2007:02:24:37 -0400] "GET /images/ACE_Fall04_BestBuys.pdf HTTP/1.1" 206 5875158 "-" "Mozilla/4.0 (compatible; MSIE 6.0; Windows NT 5.1; SV1; .NET CLR 1.1.4322; InfoPath.1)"
202.75.203.4 - - [14/Jul/2007:02:24:38 -0400] "GET /images/ACE_Fall04_BestBuys.pdf HTTP/1.1" 206 5875158 "-" "Mozilla/4.0 (compatible; MSIE 6.0; Windows NT 5.1; SV1; .NET CLR 1.1.4322; InfoPath.1)"
209.59.12.99 - - [14/Jul/2007:02:25:41 -0400] "GET / HTTP/1.0" 200 367 "-" "check_http/1.81 (nagios-plugins 1.4)"
202.75.203.4 - - [14/Jul/2007:02:24:39 -0400] "GET /images/ACE_Fall04_BestBuys.pdf HTTP/1.1" 206 5869988 "-" "Mozilla/4.0 (compatible; MSIE 6.0; Windows NT 5.1; SV1; .NET CLR 1.1.4322; InfoPath.1)"
202.75.203.4 - - [14/Jul/2007:02:28:14 -0400] "GET /images/ACE_Fall04_BestBuys.pdf HTTP/1.1" 206 5869667 "-" "Mozilla/4.0 (compatible; MSIE 6.0; Windows NT 5.1; SV1; .NET CLR 1.1.4322; InfoPath.1)"
202.75.203.4 - - [14/Jul/2007:02:28:15 -0400] "GET /images/ACE_Fall04_BestBuys.pdf HTTP/1.1" 206 5869667 "-" "Mozilla/4.0 (compatible; MSIE 6.0; Windows NT 5.1; SV1; .NET CLR 1.1.4322; InfoPath.1)"
59.92.120.195 - - [14/Jul/2007:02:28:58 -0400] "GET /images/nav04_about_off.jpg HTTP/1.0" 304 - "http://www.aceonlinestore.com/CGI-BIN/LANSAWEB?WEBEVENT+L6D62EA0582A2940012B800K+M37+ENG" "Mozilla/4.0 (compatible; MSIE 6.0; Windows NT 5.1; SV1; .NET CLR 1.1.4322)"
59.92.120.195 - - [14/Jul/2007:02:28:58 -0400] "GET /images/ace_logo_top_over.jpg HTTP/1.0" 304 - "http://www.aceonlinestore.com/CGI-BIN/LANSAWEB?WEBEVENT+L6D62EA0582A2940012B800K+M37+ENG" "Mozilla/4.0 (compatible; MSIE 6.0; Windows NT 5.1; SV1; .NET CLR 1.1.4322)"
59.92.120.195 - - [14/Jul/2007:02:28:59 -0400] "GET /images/ace_logo_top.jpg HTTP/1.0" 304 - "http://www.aceonlinestore.com/CGI-BIN/LANSAWEB?WEBEVENT+L6D62EA0582A2940012B800K+M37+ENG" "Mozilla/4.0 (compatible; MSIE 6.0; Windows NT 5.1; SV1; .NET CLR 1.1.4322)"
59.92.120.195 - - [14/Jul/2007:02:28:59 -0400] "GET /images/nav04_about_off.jpg HTTP/1.0" 304 - "http://www.aceonlinestore.com/CGI-BIN/LANSAWEB?WEBEVENT+L6D62EA0582A2940012B800K+M37+ENG" "Mozilla/4.0 (compatible; MSIE 6.0; Windows NT 5.1; SV1; .NET CLR 1.1.4322)"
59.92.120.195 - - [14/Jul/2007:02:29:00 -0400] "GET /images/ace_logo_top_over.jpg HTTP/1.0" 304 - "http://www.aceonlinestore.com/CGI-BIN/LANSAWEB?WEBEVENT+L6D62EA0582A2940012B800K+M37+ENG" "Mozilla/4.0 (compatible; MSIE 6.0; Windows NT 5.1; SV1; .NET CLR 1.1.4322)"
59.92.120.195 - - [14/Jul/2007:02:29:01 -0400] "GET /images/nav04_shop_over.jpg HTTP/1.0" 304 - "http://www.aceonlinestore.com/CGI-BIN/LANSAWEB?WEBEVENT+L6D62EA0582A2940012B800K+M37+ENG" "Mozilla/4.0 (compatible; MSIE 6.0; Windows NT 5.1; SV1; .NET CLR 1.1.4322)"
59.92.120.195 - - [14/Jul/2007:02:29:02 -0400] "GET /images/nav04_shop_off.jpg HTTP/1.0" 304 - "http://www.aceonlinestore.com/CGI-BIN/LANSAWEB?WEBEVENT+L6D62EA0582A2940012B800K+M37+ENG" "Mozilla/4.0 (compatible; MSIE 6.0; Windows NT 5.1; SV1; .NET CLR 1.1.4322)"
59.92.120.195 - - [14/Jul/2007:02:29:05 -0400] "GET /images/nav04_conven_off.jpg HTTP/1.0" 304 - "http://www.aceonlinestore.com/CGI-BIN/LANSAWEB?WEBEVENT+L6D62EA0582A2940012B800K+M37+ENG" "Mozilla/4.0 (compatible; MSIE 6.0; Windows NT 5.1; SV1; .NET CLR 1.1.4322)"
59.92.120.195 - - [14/Jul/2007:02:29:05 -0400] "GET /images/nav04_contact_over.jpg HTTP/1.0" 304 - "http://www.aceonlinestore.com/CGI-BIN/LANSAWEB?WEBEVENT+L6D62EA0582A2940012B800K+M37+ENG" "Mozilla/4.0 (compatible; MSIE 6.0; Windows NT 5.1; SV1; .NET CLR 1.1.4322)"
59.92.120.195 - - [14/Jul/2007:02:29:06 -0400] "GET /images/nav04_contact_off.jpg HTTP/1.0" 304 - "http://www.aceonlinestore.com/CGI-BIN/LANSAWEB?WEBEVENT+L6D62EA0582A2940012B800K+M37+ENG" "Mozilla/4.0 (compatible; MSIE 6.0; Windows NT 5.1; SV1; .NET CLR 1.1.4322)"
209.59.12.99 - - [14/Jul/2007:02:30:42 -0400] "GET / HTTP/1.0" 200 367 "-" "check_http/1.81 (nagios-plugins 1.4)"
202.75.203.4 - - [14/Jul/2007:02:28:16 -0400] "GET /images/ACE_Fall04_BestBuys.pdf HTTP/1.1" 206 5864497 "-" "Mozilla/4.0 (compatible; MSIE 6.0; Windows NT 5.1; SV1; .NET CLR 1.1.4322; InfoPath.1)"
209.59.12.99 - - [14/Jul/2007:02:35:41 -0400] "GET / HTTP/1.0" 200 367 "-" "check_http/1.81 (nagios-plugins 1.4)"
209.59.12.99 - - [14/Jul/2007:02:40:41 -0400] "GET / HTTP/1.0" 200 367 "-" "check_http/1.81 (nagios-plugins 1.4)"
66.249.72.198 - - [14/Jul/2007:02:42:47 -0400] "GET /images/nav_store_fav_over.jpg HTTP/1.1" 200 1962 "-" "Googlebot-Image/1.0"
66.249.72.198 - - [14/Jul/2007:02:43:09 -0400] "GET /logs/access_log.Q107052500 HTTP/1.1" 304 - "-" "Mozilla/5.0 (compatible; Googlebot/2.1; +http://www.google.com/bot.html)"
66.249.72.198 - - [14/Jul/2007:02:43:44 -0400] "GET /images/index_sinus_over.jpg HTTP/1.1" 200 3288 "-" "Googlebot-Image/1.0"
209.59.12.99 - - [14/Jul/2007:02:45:42 -0400] "GET / HTTP/1.0" 200 367 "-" "check_http/1.81 (nagios-plugins 1.4)"
66.249.72.198 - - [14/Jul/2007:02:49:55 -0400] "GET /images/over-index6_hdnecpacks.jpg HTTP/1.1" 200 2644 "-" "Googlebot-Image/1.0"
209.59.12.99 - - [14/Jul/2007:02:50:46 -0400] "GET / HTTP/1.0" 200 367 "-" "check_http/1.81 (nagios-plugins 1.4)"
209.59.12.99 - - [14/Jul/2007:02:55:43 -0400] "GET / HTTP/1.0" 200 367 "-" "check_http/1.81 (nagios-plugins 1.4)"
209.59.12.99 - - [14/Jul/2007:03:00:43 -0400] "GET / HTTP/1.0" 200 367 "-" "check_http/1.81 (nagios-plugins 1.4)"
209.59.12.99 - - [14/Jul/2007:03:05:43 -0400] "GET / HTTP/1.0" 200 367 "-" "check_http/1.81 (nagios-plugins 1.4)"
209.59.12.99 - - [14/Jul/2007:03:26:00 -0400] "GET / HTTP/1.0" 200 367 "-" "check_http/1.81 (nagios-plugins 1.4)"
66.249.72.198 - - [14/Jul/2007:03:26:56 -0400] "GET /images/connect_anim2.gif HTTP/1.1" 200 193570 "-" "Googlebot-Image/1.0"
209.59.12.99 - - [14/Jul/2007:03:31:00 -0400] "GET / HTTP/1.0" 200 367 "-" "check_http/1.81 (nagios-plugins 1.4)"
66.249.72.198 - - [14/Jul/2007:03:33:22 -0400] "GET /images/9600050_thumb.jpg HTTP/1.1" 200 2188 "-" "Googlebot-Image/1.0"
209.59.12.99 - - [14/Jul/2007:03:35:59 -0400] "GET / HTTP/1.0" 200 367 "-" "check_http/1.81 (nagios-plugins 1.4)"
209.59.12.99 - - [14/Jul/2007:03:41:00 -0400] "GET / HTTP/1.0" 200 367 "-" "check_http/1.81 (nagios-plugins 1.4)"
209.59.12.99 - - [14/Jul/2007:03:45:58 -0400] "GET / HTTP/1.0" 200 367 "-" "check_http/1.81 (nagios-plugins 1.4)"
209.59.12.99 - - [14/Jul/2007:03:50:59 -0400] "GET / HTTP/1.0" 200 367 "-" "check_http/1.81 (nagios-plugins 1.4)"
66.249.72.198 - - [14/Jul/2007:03:54:17 -0400] "GET /images/bt_bottom.gif HTTP/1.1" 200 65 "-" "Googlebot-Image/1.0"
209.59.12.99 - - [14/Jul/2007:03:56:00 -0400] "GET / HTTP/1.0" 200 367 "-" "check_http/1.81 (nagios-plugins 1.4)"
209.59.12.99 - - [14/Jul/2007:04:00:59 -0400] "GET / HTTP/1.0" 200 367 "-" "check_http/1.81 (nagios-plugins 1.4)"
66.249.72.198 - - [14/Jul/2007:04:03:38 -0400] "GET /images/9600305_full.jpg HTTP/1.1" 200 13228 "-" "Googlebot-Image/1.0"
209.59.12.99 - - [14/Jul/2007:04:05:59 -0400] "GET / HTTP/1.0" 200 367 "-" "check_http/1.81 (nagios-plugins 1.4)"
210.131.230.82 - - [14/Jul/2007:04:06:09 -0400] "GET /cgi-bin/lansaweb?procfun+wordpr01+webfunc+M37 HTTP/1.1" 200 38205 "http://www.acesurgical.com/home_July07.html" "Mozilla/4.0 (compatible; MSIE 6.0; Windows NT 5.1; SV1; .NET CLR 1.1.4322; .NET CLR 2.0.50727)"
210.131.230.82 - - [14/Jul/2007:04:06:10 -0400] "GET /images/ace_logo_top.jpg HTTP/1.1" 200 2702 "http://www.aceonlinestore.com/cgi-bin/lansaweb?procfun+wordpr01+webfunc+M37" "Mozilla/4.0 (compatible; MSIE 6.0; Windows NT 5.1; SV1; .NET CLR 1.1.4322; .NET CLR 2.0.50727)"
210.131.230.82 - - [14/Jul/2007:04:06:10 -0400] "GET /images/nav04_about_off.jpg HTTP/1.1" 200 1255 "http://www.aceonlinestore.com/cgi-bin/lansaweb?procfun+wordpr01+webfunc+M37" "Mozilla/4.0 (compatible; MSIE 6.0; Windows NT 5.1; SV1; .NET CLR 1.1.4322; .NET CLR 2.0.50727)"
210.131.230.82 - - [14/Jul/2007:04:06:10 -0400] "GET /images/nav04_conven_off.jpg HTTP/1.1" 200 1341 "http://www.aceonlinestore.com/cgi-bin/lansaweb?procfun+wordpr01+webfunc+M37" "Mozilla/4.0 (compatible; MSIE 6.0; Windows NT 5.1; SV1; .NET CLR 1.1.4322; .NET CLR 2.0.50727)"
210.131.230.82 - - [14/Jul/2007:04:06:10 -0400] "GET /images/nav_upper_bgrd.jpg HTTP/1.1" 200 2954 "http://www.aceonlinestore.com/cgi-bin/lansaweb?procfun+wordpr01+webfunc+M37" "Mozilla/4.0 (compatible; MSIE 6.0; Windows NT 5.1; SV1; .NET CLR 1.1.4322; .NET CLR 2.0.50727)"
210.131.230.82 - - [14/Jul/2007:04:06:11 -0400] "GET /images/nav04_shop_over.jpg HTTP/1.1" 200 1722 "http://www.aceonlinestore.com/cgi-bin/lansaweb?procfun+wordpr01+webfunc+M37" "Mozilla/4.0 (compatible; MSIE 6.0; Windows NT 5.1; SV1; .NET CLR 1.1.4322; .NET CLR 2.0.50727)"
210.131.230.82 - - [14/Jul/2007:04:06:11 -0400] "GET /images/nav04_download_off.jpg HTTP/1.1" 200 1206 "http://www.aceonlinestore.com/cgi-bin/lansaweb?procfun+wordpr01+webfunc+M37" "Mozilla/4.0 (compatible; MSIE 6.0; Windows NT 5.1; SV1; .NET CLR 1.1.4322; .NET CLR 2.0.50727)"
210.131.230.82 - - [14/Jul/2007:04:06:11 -0400] "GET /images/nav04_contact_off.jpg HTTP/1.1" 200 965 "http://www.aceonlinestore.com/cgi-bin/lansaweb?procfun+wordpr01+webfunc+M37" "Mozilla/4.0 (compatible; MSIE 6.0; Windows NT 5.1; SV1; .NET CLR 1.1.4322; .NET CLR 2.0.50727)"
210.131.230.82 - - [14/Jul/2007:04:06:11 -0400] "GET /images/ace_logo_bottom.jpg HTTP/1.1" 200 2447 "http://www.aceonlinestore.com/cgi-bin/lansaweb?procfun+wordpr01+webfunc+M37" "Mozilla/4.0 (compatible; MSIE 6.0; Windows NT 5.1; SV1; .NET CLR 1.1.4322; .NET CLR 2.0.50727)"
210.131.230.82 - - [14/Jul/2007:04:06:11 -0400] "GET /images/nav_store_head.jpg HTTP/1.1" 200 1953 "http://www.aceonlinestore.com/cgi-bin/lansaweb?procfun+wordpr01+webfunc+M37" "Mozilla/4.0 (compatible; MSIE 6.0; Windows NT 5.1; SV1; .NET CLR 1.1.4322; .NET CLR 2.0.50727)"
210.131.230.82 - - [14/Jul/2007:04:06:12 -0400] "GET /images/nav_store_index_off.jpg HTTP/1.1" 200 922 "http://www.aceonlinestore.com/cgi-bin/lansaweb?procfun+wordpr01+webfunc+M37" "Mozilla/4.0 (compatible; MSIE 6.0; Windows NT 5.1; SV1; .NET CLR 1.1.4322; .NET CLR 2.0.50727)"
210.131.230.82 - - [14/Jul/2007:04:06:12 -0400] "GET /images/spacer.gif HTTP/1.1" 200 55 "http://www.aceonlinestore.com/cgi-bin/lansaweb?procfun+wordpr01+webfunc+M37" "Mozilla/4.0 (compatible; MSIE 6.0; Windows NT 5.1; SV1; .NET CLR 1.1.4322; .NET CLR 2.0.50727)"
210.131.230.82 - - [14/Jul/2007:04:06:12 -0400] "GET /images/login.gif HTTP/1.1" 200 166 "http://www.aceonlinestore.com/cgi-bin/lansaweb?procfun+wordpr01+webfunc+M37" "Mozilla/4.0 (compatible; MSIE 6.0; Windows NT 5.1; SV1; .NET CLR 1.1.4322; .NET CLR 2.0.50727)"
210.131.230.82 - - [14/Jul/2007:04:06:12 -0400] "GET /images/login_go.gif HTTP/1.1" 200 296 "http://www.aceonlinestore.com/cgi-bin/lansaweb?procfun+wordpr01+webfunc+M37" "Mozilla/4.0 (compatible; MSIE 6.0; Windows NT 5.1; SV1; .NET CLR 1.1.4322; .NET CLR 2.0.50727)"
210.131.230.82 - - [14/Jul/2007:04:06:12 -0400] "GET /images/nav_lower_bgrd.jpg HTTP/1.1" 200 2321 "http://www.aceonlinestore.com/cgi-bin/lansaweb?procfun+wordpr01+webfunc+M37" "Mozilla/4.0 (compatible; MSIE 6.0; Windows NT 5.1; SV1; .NET CLR 1.1.4322; .NET CLR 2.0.50727)"
210.131.230.82 - - [14/Jul/2007:04:06:13 -0400] "GET /images/search.gif HTTP/1.1" 200 614 "http://www.aceonlinestore.com/cgi-bin/lansaweb?procfun+wordpr01+webfunc+M37" "Mozilla/4.0 (compatible; MSIE 6.0; Windows NT 5.1; SV1; .NET CLR 1.1.4322; .NET CLR 2.0.50727)"
210.131.230.82 - - [14/Jul/2007:04:06:13 -0400] "GET /images/psearch_go.gif HTTP/1.1" 200 296 "http://www.aceonlinestore.com/cgi-bin/lansaweb?procfun+wordpr01+webfunc+M37" "Mozilla/4.0 (compatible; MSIE 6.0; Windows NT 5.1; SV1; .NET CLR 1.1.4322; .NET CLR 2.0.50727)"
210.131.230.82 - - [14/Jul/2007:04:06:13 -0400] "GET /images/sale_promo-icon.gif HTTP/1.1" 200 402 "http://www.aceonlinestore.com/cgi-bin/lansaweb?procfun+wordpr01+webfunc+M37" "Mozilla/4.0 (compatible; MSIE 6.0; Windows NT 5.1; SV1; .NET CLR 1.1.4322; .NET CLR 2.0.50727)"
210.131.230.82 - - [14/Jul/2007:04:06:13 -0400] "GET /images/store_anesth_section.jpg HTTP/1.1" 200 10123 "http://www.aceonlinestore.com/cgi-bin/lansaweb?procfun+wordpr01+webfunc+M37" "Mozilla/4.0 (compatible; MSIE 6.0; Windows NT 5.1; SV1; .NET CLR 1.1.4322; .NET CLR 2.0.50727)"
210.131.230.82 - - [14/Jul/2007:04:06:14 -0400] "GET /images/store_implant_section.jpg HTTP/1.1" 200 8001 "http://www.aceonlinestore.com/cgi-bin/lansaweb?procfun+wordpr01+webfunc+M37" "Mozilla/4.0 (compatible; MSIE 6.0; Windows NT 5.1; SV1; .NET CLR 1.1.4322; .NET CLR 2.0.50727)"
210.131.230.82 - - [14/Jul/2007:04:06:14 -0400] "GET /images/store_cardiac_section.jpg HTTP/1.1" 200 25730 "http://www.aceonlinestore.com/cgi-bin/lansaweb?procfun+wordpr01+webfunc+M37" "Mozilla/4.0 (compatible; MSIE 6.0; Windows NT 5.1; SV1; .NET CLR 1.1.4322; .NET CLR 2.0.50727)"
210.131.230.82 - - [14/Jul/2007:04:06:15 -0400] "GET /images/over-store_anesth_section.jpg HTTP/1.1" 200 9173 "http://www.aceonlinestore.com/cgi-bin/lansaweb?procfun+wordpr01+webfunc+M37" "Mozilla/4.0 (compatible; MSIE 6.0; Windows NT 5.1; SV1; .NET CLR 1.1.4322; .NET CLR 2.0.50727)"
210.131.230.82 - - [14/Jul/2007:04:06:15 -0400] "GET /images/store_gauze_section.jpg HTTP/1.1" 200 24119 "http://www.aceonlinestore.com/cgi-bin/lansaweb?procfun+wordpr01+webfunc+M37" "Mozilla/4.0 (compatible; MSIE 6.0; Windows NT 5.1; SV1; .NET CLR 1.1.4322; .NET CLR 2.0.50727)"
210.131.230.82 - - [14/Jul/2007:04:06:16 -0400] "GET /images/store_instr_section.jpg HTTP/1.1" 200 26432 "http://www.aceonlinestore.com/cgi-bin/lansaweb?procfun+wordpr01+webfunc+M37" "Mozilla/4.0 (compatible; MSIE 6.0; Windows NT 5.1; SV1; .NET CLR 1.1.4322; .NET CLR 2.0.50727)"
210.131.230.82 - - [14/Jul/2007:04:06:17 -0400] "GET /images/store_handpc_section.jpg HTTP/1.1" 200 23958 "http://www.aceonlinestore.com/cgi-bin/lansaweb?procfun+wordpr01+webfunc+M37" "Mozilla/4.0 (compatible; MSIE 6.0; Windows NT 5.1; SV1; .NET CLR 1.1.4322; .NET CLR 2.0.50727)"
