66.249.72.198 - - [20/Jul/2007:02:54:11 -0400] "GET /CGI-BIN/LANSAWEB?AIRADIO=D&ALSTCNT=CNTHOME&ALSTKEY=&ANEWCNT=&AOUITEM=0034196&AQSRKEY=&AR2DCNM=Membrane+Tacks&AR3DNAM=Bone+Grafting&AR4DCNM=&AWEBCNT=CNTHOME&AWEBCSTSAV=&AWEBCSTWRK=info&AWEBKEY=&AWEBSSN=L7C77124479E86836363E14E&AWORDSRC=&AYMAJORKEY=&SLSTCHN=10&SLSTDIV=0&SLSTPGN=0&SLSTSEQ=0&SLSTSEQMAX=0&SRCBOCD=&SRCINV=&SRCORD=&SRNCLAS=&SRNDIV=&SRNSUBS=&SRODIV=&SSAVDIV=0&SUBMIT.x=1&SUBMIT.y=1&SVODIV=&SWABOCD=0&SWAORD=0&SWEBCMP=1&SWEBID=1&SWEBORD=0&SWEBPRC=0.00&SWEBTOTVIR=0&SWSEQ=1&WEBEVENT%2BL7C7712447D78686E387EE4E%2BM37%2BENG=&_BUTTON=OK&_CALFLD=%26NULL&_COLORFLD=&_COLUMN=01&_EXCHALLBL=&_FUNCTION=WEBFUNC+&_LW3TRCID=&_NAME=%26NULL&_OFUNCTION=WEBFUNC&_OPROCESS=WORDPR01&_PANEL=WORDPR01++WEBFUNC001&_PARTITION=M37&_PROCESS=WORDPR01+&_ROW=01&_SELECT=00 HTTP/1.1" 408 514 "-" "Mozilla/5.0 (compatible; Googlebot/2.1; +http://www.google.com/bot.html)"
66.249.72.198 - - [20/Jul/2007:02:54:27 -0400] "GET /CGI-BIN/LANSAWEB?AIRADIO=D&ALSTCNT=CNTHOME&ALSTKEY=&ANEWCNT=&AOUITEM=0034196&AQSRKEY=&AR2DCNM=Membrane+Tacks&AR3DNAM=Bone+Grafting&AR4DCNM=&AWEBCNT=CNTHOME&AWEBCSTSAV=&AWEBCSTWRK=secure&AWEBKEY=&AWEBSSN=L7C77124479E86836363E14E&AWORDSRC=&AYMAJORKEY=&SLSTCHN=10&SLSTDIV=0&SLSTPGN=0&SLSTSEQ=0&SLSTSEQMAX=0&SRCBOCD=&SRCINV=&SRCORD=&SRNCLAS=&SRNDIV=&SRNSUBS=&SRODIV=&SSAVDIV=0&SUBMIT.x=1&SUBMIT.y=1&SVODIV=&SWABOCD=0&SWAORD=0&SWEBCMP=1&SWEBID=1&SWEBORD=0&SWEBPRC=0.00&SWEBTOTVIR=0&SWSEQ=1&WEBEVENT%2BL7C7712447D78686E387EE4E%2BM37%2BENG=&_BUTTON=OK&_CALFLD=%26NULL&_COLORFLD=&_COLUMN=01&_EXCHALLBL=&_FUNCTION=WEBFUNC+&_LW3TRCID=&_NAME=%26NULL&_OFUNCTION=WEBFUNC&_OPROCESS=WORDPR01&_PANEL=WORDPR01++WEBFUNC001&_PARTITION=M37&_PROCESS=WORDPR01+&_ROW=01&_SELECT=00 HTTP/1.1" 408 514 "-" "Mozilla/5.0 (compatible; Googlebot/2.1; +http://www.google.com/bot.html)"
209.59.12.99 - - [20/Jul/2007:02:55:14 -0400] "GET / HTTP/1.0" 200 367 "-" "check_http/1.81 (nagios-plugins 1.4)"
192.138.72.196 - - [20/Jul/2007:02:55:28 -0400] "GET /images/nav04_download_over.jpg HTTP/1.1" 304 - "-" "Mozilla/4.0 (compatible;)"
209.59.12.99 - - [20/Jul/2007:03:00:15 -0400] "GET / HTTP/1.0" 200 367 "-" "check_http/1.81 (nagios-plugins 1.4)"
192.138.72.196 - - [20/Jul/2007:03:04:06 -0400] "GET /images/over-store_handpc_section.jpg HTTP/1.1" 304 - "-" "Mozilla/4.0 (compatible;)"
209.59.12.99 - - [20/Jul/2007:03:05:16 -0400] "GET / HTTP/1.0" 200 367 "-" "check_http/1.81 (nagios-plugins 1.4)"
209.59.12.99 - - [20/Jul/2007:03:10:14 -0400] "GET / HTTP/1.0" 200 367 "-" "check_http/1.81 (nagios-plugins 1.4)"
212.175.80.254 - - [20/Jul/2007:03:10:52 -0400] "GET / HTTP/1.1" 200 367 "http://www.dentalonline.net/kaynaklaralisveris.HTM" "Mozilla/4.0 (compatible; MSIE 6.0; Windows NT 5.1)"
209.59.12.99 - - [20/Jul/2007:03:15:15 -0400] "GET / HTTP/1.0" 200 367 "-" "check_http/1.81 (nagios-plugins 1.4)"
209.59.12.99 - - [20/Jul/2007:03:20:15 -0400] "GET / HTTP/1.0" 200 367 "-" "check_http/1.81 (nagios-plugins 1.4)"
209.59.12.99 - - [20/Jul/2007:03:25:15 -0400] "GET / HTTP/1.0" 200 367 "-" "check_http/1.81 (nagios-plugins 1.4)"
209.59.12.99 - - [20/Jul/2007:03:30:15 -0400] "GET / HTTP/1.0" 200 367 "-" "check_http/1.81 (nagios-plugins 1.4)"
209.59.12.99 - - [20/Jul/2007:03:35:15 -0400] "GET / HTTP/1.0" 200 367 "-" "check_http/1.81 (nagios-plugins 1.4)"
209.59.12.99 - - [20/Jul/2007:03:40:16 -0400] "GET / HTTP/1.0" 200 367 "-" "check_http/1.81 (nagios-plugins 1.4)"
209.59.12.99 - - [20/Jul/2007:03:45:15 -0400] "GET / HTTP/1.0" 200 367 "-" "check_http/1.81 (nagios-plugins 1.4)"
209.59.12.99 - - [20/Jul/2007:03:50:15 -0400] "GET / HTTP/1.0" 200 367 "-" "check_http/1.81 (nagios-plugins 1.4)"
209.59.12.99 - - [20/Jul/2007:03:55:15 -0400] "GET / HTTP/1.0" 200 367 "-" "check_http/1.81 (nagios-plugins 1.4)"
209.59.12.99 - - [20/Jul/2007:04:00:15 -0400] "GET / HTTP/1.0" 200 367 "-" "check_http/1.81 (nagios-plugins 1.4)"
66.249.72.198 - - [20/Jul/2007:04:01:02 -0400] "GET /CGI-BIN/LANSAWEB?AIRADIO=D&ALSTCNT=CNTHOME&ALSTKEY=&ANEWCNT=&AOUITEM=0034196&AQSRKEY=&AR2DCNM=Membrane+Tacks&AR3DNAM=Bone+Grafting&AR4DCNM=&AWEBCNT=CNTHOME&AWEBCSTSAV=&AWEBCSTWRK=info&AWEBKEY=&AWEBSSN=L7C77124479E86836363E14E&AWORDSRC=&AYMAJORKEY=&SLSTCHN=10&SLSTDIV=0&SLSTPGN=0&SLSTSEQ=0&SLSTSEQMAX=0&SRCBOCD=&SRCINV=&SRCORD=&SRNCLAS=&SRNDIV=&SRNSUBS=&SRODIV=&SSAVDIV=0&SUBMIT.x=1&SUBMIT.y=1&SVODIV=&SWABOCD=0&SWAORD=0&SWEBCMP=1&SWEBID=1&SWEBORD=0&SWEBPRC=0.00&SWEBTOTVIR=0&SWSEQ=1&WEBEVENT%2BL7C7712447D78686E387EE4E%2BM37%2BENG=&_BUTTON=OK&_CALFLD=%26NULL&_COLORFLD=&_COLUMN=01&_EXCHALLBL=&_FUNCTION=WEBFUNC+&_LW3TRCID=&_NAME=%26NULL&_OFUNCTION=WEBFUNC&_OPROCESS=WORDPR01&_PANEL=WORDPR01++WEBFUNC001&_PARTITION=M37&_PROCESS=WORDPR01+&_ROW=01&_SELECT=00 HTTP/1.1" 408 514 "-" "Mozilla/5.0 (compatible; Googlebot/2.1; +http://www.google.com/bot.html)"
66.249.72.198 - - [20/Jul/2007:04:01:17 -0400] "GET /CGI-BIN/LANSAWEB?AIRADIO=D&ALSTCNT=CNTHOME&ALSTKEY=&ANEWCNT=&AOUITEM=0034196&AQSRKEY=&AR2DCNM=Membrane+Tacks&AR3DNAM=Bone+Grafting&AR4DCNM=&AWEBCNT=CNTHOME&AWEBCSTSAV=&AWEBCSTWRK=secure&AWEBKEY=&AWEBSSN=L7C77124479E86836363E14E&AWORDSRC=&AYMAJORKEY=&SLSTCHN=10&SLSTDIV=0&SLSTPGN=0&SLSTSEQ=0&SLSTSEQMAX=0&SRCBOCD=&SRCINV=&SRCORD=&SRNCLAS=&SRNDIV=&SRNSUBS=&SRODIV=&SSAVDIV=0&SUBMIT.x=1&SUBMIT.y=1&SVODIV=&SWABOCD=0&SWAORD=0&SWEBCMP=1&SWEBID=1&SWEBORD=0&SWEBPRC=0.00&SWEBTOTVIR=0&SWSEQ=1&WEBEVENT%2BL7C7712447D78686E387EE4E%2BM37%2BENG=&_BUTTON=OK&_CALFLD=%26NULL&_COLORFLD=&_COLUMN=01&_EXCHALLBL=&_FUNCTION=WEBFUNC+&_LW3TRCID=&_NAME=%26NULL&_OFUNCTION=WEBFUNC&_OPROCESS=WORDPR01&_PANEL=WORDPR01++WEBFUNC001&_PARTITION=M37&_PROCESS=WORDPR01+&_ROW=01&_SELECT=00 HTTP/1.1" 408 514 "-" "Mozilla/5.0 (compatible; Googlebot/2.1; +http://www.google.com/bot.html)"
66.249.72.198 - - [20/Jul/2007:04:01:33 -0400] "GET /CGI-BIN/LANSAWEB?AIRADIO=D&ALSTCNT=CNTHOME&ALSTKEY=&ANEWCNT=&AOUITEM=0034196&AQSRKEY=&AR2DCNM=Membrane+Tacks&AR3DNAM=Bone+Grafting&AR4DCNM=&AWEBCNT=CNTHOME&AWEBCSTSAV=&AWEBCSTWRK=supply&AWEBKEY=&AWEBSSN=L7C77124479E86836363E14E&AWORDSRC=&AYMAJORKEY=&SLSTCHN=10&SLSTDIV=0&SLSTPGN=0&SLSTSEQ=0&SLSTSEQMAX=0&SRCBOCD=&SRCINV=&SRCORD=&SRNCLAS=&SRNDIV=&SRNSUBS=&SRODIV=&SSAVDIV=0&SUBMIT.x=1&SUBMIT.y=1&SVODIV=&SWABOCD=0&SWAORD=0&SWEBCMP=1&SWEBID=1&SWEBORD=0&SWEBPRC=0.00&SWEBTOTVIR=0&SWSEQ=1&WEBEVENT%2BL7C7712447D78686E387EE4E%2BM37%2BENG=&_BUTTON=OK&_CALFLD=%26NULL&_COLORFLD=&_COLUMN=01&_EXCHALLBL=&_FUNCTION=WEBFUNC+&_LW3TRCID=&_NAME=%26NULL&_OFUNCTION=WEBFUNC&_OPROCESS=WORDPR01&_PANEL=WORDPR01++WEBFUNC001&_PARTITION=M37&_PROCESS=WORDPR01+&_ROW=01&_SELECT=00 HTTP/1.1" 408 514 "-" "Mozilla/5.0 (compatible; Googlebot/2.1; +http://www.google.com/bot.html)"
66.249.72.198 - - [20/Jul/2007:04:01:51 -0400] "GET /CGI-BIN/LANSAWEB?AIRADIO=D&ALSTCNT=CNTHOME&ALSTKEY=&ANEWCNT=&AOUITEM=0034196&AQSRKEY=&AR2DCNM=Membrane+Tacks&AR3DNAM=Bone+Grafting&AR4DCNM=&AWEBCNT=CNTHOME&AWEBCSTSAV=&AWEBCSTWRK=surgical&AWEBKEY=&AWEBSSN=L7C77124479E86836363E14E&AWORDSRC=&AYMAJORKEY=&SLSTCHN=10&SLSTDIV=0&SLSTPGN=0&SLSTSEQ=0&SLSTSEQMAX=0&SRCBOCD=&SRCINV=&SRCORD=&SRNCLAS=&SRNDIV=&SRNSUBS=&SRODIV=&SSAVDIV=0&SUBMIT.x=1&SUBMIT.y=1&SVODIV=&SWABOCD=0&SWAORD=0&SWEBCMP=1&SWEBID=1&SWEBORD=0&SWEBPRC=0.00&SWEBTOTVIR=0&SWSEQ=1&WEBEVENT%2BL7C7712447D78686E387EE4E%2BM37%2BENG=&_BUTTON=OK&_CALFLD=%26NULL&_COLORFLD=&_COLUMN=01&_EXCHALLBL=&_FUNCTION=WEBFUNC+&_LW3TRCID=&_NAME=%26NULL&_OFUNCTION=WEBFUNC&_OPROCESS=WORDPR01&_PANEL=WORDPR01++WEBFUNC001&_PARTITION=M37&_PROCESS=WORDPR01+&_ROW=01&_SELECT=00 HTTP/1.1" 408 514 "-" "Mozilla/5.0 (compatible; Googlebot/2.1; +http://www.google.com/bot.html)"
212.95.252.16 - - [20/Jul/2007:04:02:19 -0400] "GET / HTTP/1.0" 200 367 "-" "Mozilla/4.0 (compatible; MSIE 6.0; Windows NT 5.1)"
209.59.12.99 - - [20/Jul/2007:04:05:15 -0400] "GET / HTTP/1.0" 200 367 "-" "check_http/1.81 (nagios-plugins 1.4)"
66.249.72.198 - - [20/Jul/2007:04:09:17 -0400] "GET /robots.txt HTTP/1.1" 404 208 "-" "Mozilla/5.0 (compatible; Googlebot/2.1; +http://www.google.com/bot.html)"
66.249.72.198 - - [20/Jul/2007:04:09:17 -0400] "GET /logs/access_log.Q107060800 HTTP/1.1" 304 - "-" "Mozilla/5.0 (compatible; Googlebot/2.1; +http://www.google.com/bot.html)"
209.59.12.99 - - [20/Jul/2007:04:10:16 -0400] "GET / HTTP/1.0" 200 367 "-" "check_http/1.81 (nagios-plugins 1.4)"
74.6.28.33 - - [20/Jul/2007:04:14:08 -0400] "GET /robots.txt HTTP/1.0" 404 208 "-" "Mozilla/5.0 (compatible; Yahoo! Slurp; http://help.yahoo.com/help/us/ysearch/slurp)"
74.6.24.136 - - [20/Jul/2007:04:14:08 -0400] "GET /cgi-bin/ HTTP/1.0" 404 206 "-" "Mozilla/5.0 (compatible; Yahoo! Slurp; http://help.yahoo.com/help/us/ysearch/slurp)"
209.59.12.99 - - [20/Jul/2007:04:15:15 -0400] "GET / HTTP/1.0" 200 367 "-" "check_http/1.81 (nagios-plugins 1.4)"
209.59.12.99 - - [20/Jul/2007:04:20:15 -0400] "GET / HTTP/1.0" 200 367 "-" "check_http/1.81 (nagios-plugins 1.4)"
209.59.12.99 - - [20/Jul/2007:04:25:15 -0400] "GET / HTTP/1.0" 200 367 "-" "check_http/1.81 (nagios-plugins 1.4)"
12.192.19.2 - - [20/Jul/2007:04:29:48 -0400] "POST /CGI-BIN/LANSAWEB?WEBEVENT+L4D8A540E10C32400BBA809D+M37+ENG HTTP/1.1" 200 34621 "http://www.aceonlinestore.com/CGI-BIN/LANSAWEB?WEBEVENT+L4D8A54081583A4005D7809D+M37+ENG" "Mozilla/5.0 (Windows; U; Windows NT 5.1; en-US; rv:1.8.1.4) Gecko/20070515 Firefox/2.0.0.4"
209.59.12.99 - - [20/Jul/2007:04:30:15 -0400] "GET / HTTP/1.0" 200 367 "-" "check_http/1.81 (nagios-plugins 1.4)"
12.192.19.2 - - [20/Jul/2007:04:30:52 -0400] "POST /CGI-BIN/LANSAWEB?WEBEVENT+L4D8A92081733A400583809N+M37+ENG HTTP/1.1" 200 34621 "http://www.aceonlinestore.com/CGI-BIN/LANSAWEB?WEBEVENT+L4D8A540E10C32400BBA809D+M37+ENG" "Mozilla/5.0 (Windows; U; Windows NT 5.1; en-US; rv:1.8.1.4) Gecko/20070515 Firefox/2.0.0.4"
12.192.19.2 - - [20/Jul/2007:04:31:14 -0400] "POST /CGI-BIN/LANSAWEB?WEBEVENT+L4D8A920410639400933809N+M37+ENG HTTP/1.1" 200 34621 "http://www.aceonlinestore.com/CGI-BIN/LANSAWEB?WEBEVENT+L4D8A92081733A400583809N+M37+ENG" "Mozilla/5.0 (Windows; U; Windows NT 5.1; en-US; rv:1.8.1.4) Gecko/20070515 Firefox/2.0.0.4"
209.59.12.99 - - [20/Jul/2007:04:35:15 -0400] "GET / HTTP/1.0" 200 367 "-" "check_http/1.81 (nagios-plugins 1.4)"
209.59.12.99 - - [20/Jul/2007:04:40:15 -0400] "GET / HTTP/1.0" 200 367 "-" "check_http/1.81 (nagios-plugins 1.4)"
12.192.19.2 - - [20/Jul/2007:04:42:47 -0400] "POST /CGI-BIN/LANSAWEB?WEBEVENT+L4D8A920817A34400AEF809N+M37+ENG HTTP/1.1" 200 34621 "http://www.aceonlinestore.com/CGI-BIN/LANSAWEB?WEBEVENT+L4D8A920410639400933809N+M37+ENG" "Mozilla/5.0 (Windows; U; Windows NT 5.1; en-US; rv:1.8.1.4) Gecko/20070515 Firefox/2.0.0.4"
209.59.12.99 - - [20/Jul/2007:04:45:15 -0400] "GET / HTTP/1.0" 200 367 "-" "check_http/1.81 (nagios-plugins 1.4)"
74.6.27.40 - - [20/Jul/2007:04:47:06 -0400] "GET /cgi-bin/lansaweb?procfun+wordpr01+webfunc+M37 HTTP/1.0" 200 38205 "-" "Mozilla/5.0 (compatible; Yahoo! Slurp; http://help.yahoo.com/help/us/ysearch/slurp)"
209.59.12.99 - - [20/Jul/2007:04:50:16 -0400] "GET / HTTP/1.0" 200 367 "-" "check_http/1.81 (nagios-plugins 1.4)"
209.59.12.99 - - [20/Jul/2007:04:55:15 -0400] "GET / HTTP/1.0" 200 367 "-" "check_http/1.81 (nagios-plugins 1.4)"
214.1.24.249 - - [20/Jul/2007:04:57:20 -0400] "GET /images/nav04_shop_off.jpg HTTP/1.0" 304 - "-" "Mozilla/4.0 (compatible;)"
214.1.24.249 - - [20/Jul/2007:04:57:37 -0400] "GET /images/nav04_contact_off.jpg HTTP/1.0" 304 - "-" "Mozilla/4.0 (compatible;)"
209.59.12.99 - - [20/Jul/2007:05:00:15 -0400] "GET / HTTP/1.0" 200 367 "-" "check_http/1.81 (nagios-plugins 1.4)"
81.84.242.108 - - [20/Jul/2007:05:03:00 -0400] "GET /cgi-bin/lansaweb?procfun+wordpr01+webfunc+M37 HTTP/1.1" 200 38205 "-" "Mozilla/4.0 (compatible; MSIE 7.0; Windows NT 6.0; SLCC1; .NET CLR 2.0.50727; Media Center PC 5.0; .NET CLR 3.0.04506)"
81.84.242.108 - - [20/Jul/2007:05:03:01 -0400] "GET /images/ace_logo_top.jpg HTTP/1.1" 304 - "http://www.aceonlinestore.com/cgi-bin/lansaweb?procfun+wordpr01+webfunc+M37" "Mozilla/4.0 (compatible; MSIE 7.0; Windows NT 6.0; SLCC1; .NET CLR 2.0.50727; Media Center PC 5.0; .NET CLR 3.0.04506)"
81.84.242.108 - - [20/Jul/2007:05:03:01 -0400] "GET /images/nav04_about_off.jpg HTTP/1.1" 304 - "http://www.aceonlinestore.com/cgi-bin/lansaweb?procfun+wordpr01+webfunc+M37" "Mozilla/4.0 (compatible; MSIE 7.0; Windows NT 6.0; SLCC1; .NET CLR 2.0.50727; Media Center PC 5.0; .NET CLR 3.0.04506)"
81.84.242.108 - - [20/Jul/2007:05:03:02 -0400] "GET /images/nav04_shop_over.jpg HTTP/1.1" 304 - "http://www.aceonlinestore.com/cgi-bin/lansaweb?procfun+wordpr01+webfunc+M37" "Mozilla/4.0 (compatible; MSIE 7.0; Windows NT 6.0; SLCC1; .NET CLR 2.0.50727; Media Center PC 5.0; .NET CLR 3.0.04506)"
81.84.242.108 - - [20/Jul/2007:05:03:02 -0400] "GET /images/nav_upper_bgrd.jpg HTTP/1.1" 304 - "http://www.aceonlinestore.com/cgi-bin/lansaweb?procfun+wordpr01+webfunc+M37" "Mozilla/4.0 (compatible; MSIE 7.0; Windows NT 6.0; SLCC1; .NET CLR 2.0.50727; Media Center PC 5.0; .NET CLR 3.0.04506)"
81.84.242.108 - - [20/Jul/2007:05:03:02 -0400] "GET /images/nav04_conven_off.jpg HTTP/1.1" 304 - "http://www.aceonlinestore.com/cgi-bin/lansaweb?procfun+wordpr01+webfunc+M37" "Mozilla/4.0 (compatible; MSIE 7.0; Windows NT 6.0; SLCC1; .NET CLR 2.0.50727; Media Center PC 5.0; .NET CLR 3.0.04506)"
81.84.242.108 - - [20/Jul/2007:05:03:02 -0400] "GET /images/nav04_download_off.jpg HTTP/1.1" 304 - "http://www.aceonlinestore.com/cgi-bin/lansaweb?procfun+wordpr01+webfunc+M37" "Mozilla/4.0 (compatible; MSIE 7.0; Windows NT 6.0; SLCC1; .NET CLR 2.0.50727; Media Center PC 5.0; .NET CLR 3.0.04506)"
81.84.242.108 - - [20/Jul/2007:05:03:02 -0400] "GET /images/nav04_contact_off.jpg HTTP/1.1" 304 - "http://www.aceonlinestore.com/cgi-bin/lansaweb?procfun+wordpr01+webfunc+M37" "Mozilla/4.0 (compatible; MSIE 7.0; Windows NT 6.0; SLCC1; .NET CLR 2.0.50727; Media Center PC 5.0; .NET CLR 3.0.04506)"
81.84.242.108 - - [20/Jul/2007:05:03:02 -0400] "GET /images/ace_logo_bottom.jpg HTTP/1.1" 304 - "http://www.aceonlinestore.com/cgi-bin/lansaweb?procfun+wordpr01+webfunc+M37" "Mozilla/4.0 (compatible; MSIE 7.0; Windows NT 6.0; SLCC1; .NET CLR 2.0.50727; Media Center PC 5.0; .NET CLR 3.0.04506)"
81.84.242.108 - - [20/Jul/2007:05:03:02 -0400] "GET /images/nav_store_head.jpg HTTP/1.1" 304 - "http://www.aceonlinestore.com/cgi-bin/lansaweb?procfun+wordpr01+webfunc+M37" "Mozilla/4.0 (compatible; MSIE 7.0; Windows NT 6.0; SLCC1; .NET CLR 2.0.50727; Media Center PC 5.0; .NET CLR 3.0.04506)"
81.84.242.108 - - [20/Jul/2007:05:03:02 -0400] "GET /images/nav_store_index_off.jpg HTTP/1.1" 304 - "http://www.aceonlinestore.com/cgi-bin/lansaweb?procfun+wordpr01+webfunc+M37" "Mozilla/4.0 (compatible; MSIE 7.0; Windows NT 6.0; SLCC1; .NET CLR 2.0.50727; Media Center PC 5.0; .NET CLR 3.0.04506)"
81.84.242.108 - - [20/Jul/2007:05:03:03 -0400] "GET /images/spacer.gif HTTP/1.1" 304 - "http://www.aceonlinestore.com/cgi-bin/lansaweb?procfun+wordpr01+webfunc+M37" "Mozilla/4.0 (compatible; MSIE 7.0; Windows NT 6.0; SLCC1; .NET CLR 2.0.50727; Media Center PC 5.0; .NET CLR 3.0.04506)"
81.84.242.108 - - [20/Jul/2007:05:03:03 -0400] "GET /images/nav_lower_bgrd.jpg HTTP/1.1" 304 - "http://www.aceonlinestore.com/cgi-bin/lansaweb?procfun+wordpr01+webfunc+M37" "Mozilla/4.0 (compatible; MSIE 7.0; Windows NT 6.0; SLCC1; .NET CLR 2.0.50727; Media Center PC 5.0; .NET CLR 3.0.04506)"
81.84.242.108 - - [20/Jul/2007:05:03:03 -0400] "GET /images/login.gif HTTP/1.1" 304 - "http://www.aceonlinestore.com/cgi-bin/lansaweb?procfun+wordpr01+webfunc+M37" "Mozilla/4.0 (compatible; MSIE 7.0; Windows NT 6.0; SLCC1; .NET CLR 2.0.50727; Media Center PC 5.0; .NET CLR 3.0.04506)"
81.84.242.108 - - [20/Jul/2007:05:03:03 -0400] "GET /images/login_go.gif HTTP/1.1" 304 - "http://www.aceonlinestore.com/cgi-bin/lansaweb?procfun+wordpr01+webfunc+M37" "Mozilla/4.0 (compatible; MSIE 7.0; Windows NT 6.0; SLCC1; .NET CLR 2.0.50727; Media Center PC 5.0; .NET CLR 3.0.04506)"
81.84.242.108 - - [20/Jul/2007:05:03:03 -0400] "GET /images/search.gif HTTP/1.1" 304 - "http://www.aceonlinestore.com/cgi-bin/lansaweb?procfun+wordpr01+webfunc+M37" "Mozilla/4.0 (compatible; MSIE 7.0; Windows NT 6.0; SLCC1; .NET CLR 2.0.50727; Media Center PC 5.0; .NET CLR 3.0.04506)"
81.84.242.108 - - [20/Jul/2007:05:03:03 -0400] "GET /images/psearch_go.gif HTTP/1.1" 304 - "http://www.aceonlinestore.com/cgi-bin/lansaweb?procfun+wordpr01+webfunc+M37" "Mozilla/4.0 (compatible; MSIE 7.0; Windows NT 6.0; SLCC1; .NET CLR 2.0.50727; Media Center PC 5.0; .NET CLR 3.0.04506)"
81.84.242.108 - - [20/Jul/2007:05:03:03 -0400] "GET /images/sale_promo-icon.gif HTTP/1.1" 304 - "http://www.aceonlinestore.com/cgi-bin/lansaweb?procfun+wordpr01+webfunc+M37" "Mozilla/4.0 (compatible; MSIE 7.0; Windows NT 6.0; SLCC1; .NET CLR 2.0.50727; Media Center PC 5.0; .NET CLR 3.0.04506)"
81.84.242.108 - - [20/Jul/2007:05:03:06 -0400] "GET /images/store_anesth_section.jpg HTTP/1.1" 304 - "http://www.aceonlinestore.com/cgi-bin/lansaweb?procfun+wordpr01+webfunc+M37" "Mozilla/4.0 (compatible; MSIE 7.0; Windows NT 6.0; SLCC1; .NET CLR 2.0.50727; Media Center PC 5.0; .NET CLR 3.0.04506)"
81.84.242.108 - - [20/Jul/2007:05:03:06 -0400] "GET /images/store_bone_section2.jpg HTTP/1.1" 304 - "http://www.aceonlinestore.com/cgi-bin/lansaweb?procfun+wordpr01+webfunc+M37" "Mozilla/4.0 (compatible; MSIE 7.0; Windows NT 6.0; SLCC1; .NET CLR 2.0.50727; Media Center PC 5.0; .NET CLR 3.0.04506)"
81.84.242.108 - - [20/Jul/2007:05:03:06 -0400] "GET /images/store_cardiac_section.jpg HTTP/1.1" 304 - "http://www.aceonlinestore.com/cgi-bin/lansaweb?procfun+wordpr01+webfunc+M37" "Mozilla/4.0 (compatible; MSIE 7.0; Windows NT 6.0; SLCC1; .NET CLR 2.0.50727; Media Center PC 5.0; .NET CLR 3.0.04506)"
81.84.242.108 - - [20/Jul/2007:05:03:06 -0400] "GET /images/store_implant_section.jpg HTTP/1.1" 304 - "http://www.aceonlinestore.com/cgi-bin/lansaweb?procfun+wordpr01+webfunc+M37" "Mozilla/4.0 (compatible; MSIE 7.0; Windows NT 6.0; SLCC1; .NET CLR 2.0.50727; Media Center PC 5.0; .NET CLR 3.0.04506)"
81.84.242.108 - - [20/Jul/2007:05:03:07 -0400] "GET /images/store_gauze_section.jpg HTTP/1.1" 304 - "http://www.aceonlinestore.com/cgi-bin/lansaweb?procfun+wordpr01+webfunc+M37" "Mozilla/4.0 (compatible; MSIE 7.0; Windows NT 6.0; SLCC1; .NET CLR 2.0.50727; Media Center PC 5.0; .NET CLR 3.0.04506)"
81.84.242.108 - - [20/Jul/2007:05:03:07 -0400] "GET /images/store_handpc_section.jpg HTTP/1.1" 304 - "http://www.aceonlinestore.com/cgi-bin/lansaweb?procfun+wordpr01+webfunc+M37" "Mozilla/4.0 (compatible; MSIE 7.0; Windows NT 6.0; SLCC1; .NET CLR 2.0.50727; Media Center PC 5.0; .NET CLR 3.0.04506)"
81.84.242.108 - - [20/Jul/2007:05:03:07 -0400] "GET /images/store_infection_section.jpg HTTP/1.1" 304 - "http://www.aceonlinestore.com/cgi-bin/lansaweb?procfun+wordpr01+webfunc+M37" "Mozilla/4.0 (compatible; MSIE 7.0; Windows NT 6.0; SLCC1; .NET CLR 2.0.50727; Media Center PC 5.0; .NET CLR 3.0.04506)"
81.84.242.108 - - [20/Jul/2007:05:03:07 -0400] "GET /images/store_instr_section.jpg HTTP/1.1" 304 - "http://www.aceonlinestore.com/cgi-bin/lansaweb?procfun+wordpr01+webfunc+M37" "Mozilla/4.0 (compatible; MSIE 7.0; Windows NT 6.0; SLCC1; .NET CLR 2.0.50727; Media Center PC 5.0; .NET CLR 3.0.04506)"
81.84.242.108 - - [20/Jul/2007:05:03:07 -0400] "GET /images/store_irrigate_section.gif HTTP/1.1" 304 - "http://www.aceonlinestore.com/cgi-bin/lansaweb?procfun+wordpr01+webfunc+M37" "Mozilla/4.0 (compatible; MSIE 7.0; Windows NT 6.0; SLCC1; .NET CLR 2.0.50727; Media Center PC 5.0; .NET CLR 3.0.04506)"
81.84.242.108 - - [20/Jul/2007:05:03:07 -0400] "GET /images/store_iv_admin_section.jpg HTTP/1.1" 304 - "http://www.aceonlinestore.com/cgi-bin/lansaweb?procfun+wordpr01+webfunc+M37" "Mozilla/4.0 (compatible; MSIE 7.0; Windows NT 6.0; SLCC1; .NET CLR 2.0.50727; Media Center PC 5.0; .NET CLR 3.0.04506)"
81.84.242.108 - - [20/Jul/2007:05:03:07 -0400] "GET /images/store_assess_section.jpg HTTP/1.1" 304 - "http://www.aceonlinestore.com/cgi-bin/lansaweb?procfun+wordpr01+webfunc+M37" "Mozilla/4.0 (compatible; MSIE 7.0; Windows NT 6.0; SLCC1; .NET CLR 2.0.50727; Media Center PC 5.0; .NET CLR 3.0.04506)"
81.84.242.108 - - [20/Jul/2007:05:03:07 -0400] "GET /images/store_pharma_section.jpg HTTP/1.1" 304 - "http://www.aceonlinestore.com/cgi-bin/lansaweb?procfun+wordpr01+webfunc+M37" "Mozilla/4.0 (compatible; MSIE 7.0; Windows NT 6.0; SLCC1; .NET CLR 2.0.50727; Media Center PC 5.0; .NET CLR 3.0.04506)"
81.84.242.108 - - [20/Jul/2007:05:03:08 -0400] "GET /images/store_sterile_section.jpg HTTP/1.1" 304 - "http://www.aceonlinestore.com/cgi-bin/lansaweb?procfun+wordpr01+webfunc+M37" "Mozilla/4.0 (compatible; MSIE 7.0; Windows NT 6.0; SLCC1; .NET CLR 2.0.50727; Media Center PC 5.0; .NET CLR 3.0.04506)"
81.84.242.108 - - [20/Jul/2007:05:03:08 -0400] "GET /images/store_blades_section.jpg HTTP/1.1" 304 - "http://www.aceonlinestore.com/cgi-bin/lansaweb?procfun+wordpr01+webfunc+M37" "Mozilla/4.0 (compatible; MSIE 7.0; Windows NT 6.0; SLCC1; .NET CLR 2.0.50727; Media Center PC 5.0; .NET CLR 3.0.04506)"
81.84.242.108 - - [20/Jul/2007:05:03:08 -0400] "GET /images/store_burs_section.jpg HTTP/1.1" 304 - "http://www.aceonlinestore.com/cgi-bin/lansaweb?procfun+wordpr01+webfunc+M37" "Mozilla/4.0 (compatible; MSIE 7.0; Windows NT 6.0; SLCC1; .NET CLR 2.0.50727; Media Center PC 5.0; .NET CLR 3.0.04506)"
81.84.242.108 - - [20/Jul/2007:05:03:08 -0400] "GET /images/store_saws_section.jpg HTTP/1.1" 304 - "http://www.aceonlinestore.com/cgi-bin/lansaweb?procfun+wordpr01+webfunc+M37" "Mozilla/4.0 (compatible; MSIE 7.0; Windows NT 6.0; SLCC1; .NET CLR 2.0.50727; Media Center PC 5.0; .NET CLR 3.0.04506)"
81.84.242.108 - - [20/Jul/2007:05:03:08 -0400] "GET /images/store_sutures_section.jpg HTTP/1.1" 304 - "http://www.aceonlinestore.com/cgi-bin/lansaweb?procfun+wordpr01+webfunc+M37" "Mozilla/4.0 (compatible; MSIE 7.0; Windows NT 6.0; SLCC1; .NET CLR 2.0.50727; Media Center PC 5.0; .NET CLR 3.0.04506)"
81.84.242.108 - - [20/Jul/2007:05:03:08 -0400] "GET /images/store_syringe_section.jpg HTTP/1.1" 304 - "http://www.aceonlinestore.com/cgi-bin/lansaweb?procfun+wordpr01+webfunc+M37" "Mozilla/4.0 (compatible; MSIE 7.0; Windows NT 6.0; SLCC1; .NET CLR 2.0.50727; Media Center PC 5.0; .NET CLR 3.0.04506)"
81.84.242.108 - - [20/Jul/2007:05:03:08 -0400] "GET /images/store_xray_section.jpg HTTP/1.1" 304 - "http://www.aceonlinestore.com/cgi-bin/lansaweb?procfun+wordpr01+webfunc+M37" "Mozilla/4.0 (compatible; MSIE 7.0; Windows NT 6.0; SLCC1; .NET CLR 2.0.50727; Media Center PC 5.0; .NET CLR 3.0.04506)"
81.84.242.108 - - [20/Jul/2007:05:03:16 -0400] "GET /images/login_go-over.gif HTTP/1.1" 304 - "http://www.aceonlinestore.com/cgi-bin/lansaweb?procfun+wordpr01+webfunc+M37" "Mozilla/4.0 (compatible; MSIE 7.0; Windows NT 6.0; SLCC1; .NET CLR 2.0.50727; Media Center PC 5.0; .NET CLR 3.0.04506)"
81.84.242.108 - - [20/Jul/2007:05:03:17 -0400] "POST /CGI-BIN/LANSAWEB?WEBEVENT+L4D8A990211A30400CDE809P+M37+ENG HTTP/1.1" 200 30161 "http://www.aceonlinestore.com/cgi-bin/lansaweb?procfun+wordpr01+webfunc+M37" "Mozilla/4.0 (compatible; MSIE 7.0; Windows NT 6.0; SLCC1; .NET CLR 2.0.50727; Media Center PC 5.0; .NET CLR 3.0.04506)"
81.84.242.108 - - [20/Jul/2007:05:03:18 -0400] "GET /images/ace_logo_top.jpg HTTP/1.1" 304 - "https://www.aceonlinestore.com/CGI-BIN/LANSAWEB?WEBEVENT+L4D8A990211A30400CDE809P+M37+ENG" "Mozilla/4.0 (compatible; MSIE 7.0; Windows NT 6.0; SLCC1; .NET CLR 2.0.50727; Media Center PC 5.0; .NET CLR 3.0.04506)"
81.84.242.108 - - [20/Jul/2007:05:03:18 -0400] "GET /images/nav_upper_bgrd.jpg HTTP/1.1" 304 - "https://www.aceonlinestore.com/CGI-BIN/LANSAWEB?WEBEVENT+L4D8A990211A30400CDE809P+M37+ENG" "Mozilla/4.0 (compatible; MSIE 7.0; Windows NT 6.0; SLCC1; .NET CLR 2.0.50727; Media Center PC 5.0; .NET CLR 3.0.04506)"
81.84.242.108 - - [20/Jul/2007:05:03:18 -0400] "GET /images/nav04_about_off.jpg HTTP/1.1" 304 - "https://www.aceonlinestore.com/CGI-BIN/LANSAWEB?WEBEVENT+L4D8A990211A30400CDE809P+M37+ENG" "Mozilla/4.0 (compatible; MSIE 7.0; Windows NT 6.0; SLCC1; .NET CLR 2.0.50727; Media Center PC 5.0; .NET CLR 3.0.04506)"
81.84.242.108 - - [20/Jul/2007:05:03:18 -0400] "GET /images/nav04_shop_off.jpg HTTP/1.1" 304 - "https://www.aceonlinestore.com/CGI-BIN/LANSAWEB?WEBEVENT+L4D8A990211A30400CDE809P+M37+ENG" "Mozilla/4.0 (compatible; MSIE 7.0; Windows NT 6.0; SLCC1; .NET CLR 2.0.50727; Media Center PC 5.0; .NET CLR 3.0.04506)"
81.84.242.108 - - [20/Jul/2007:05:03:18 -0400] "GET /images/nav04_download_off.jpg HTTP/1.1" 304 - "https://www.aceonlinestore.com/CGI-BIN/LANSAWEB?WEBEVENT+L4D8A990211A30400CDE809P+M37+ENG" "Mozilla/4.0 (compatible; MSIE 7.0; Windows NT 6.0; SLCC1; .NET CLR 2.0.50727; Media Center PC 5.0; .NET CLR 3.0.04506)"
81.84.242.108 - - [20/Jul/2007:05:03:18 -0400] "GET /images/nav04_conven_off.jpg HTTP/1.1" 304 - "https://www.aceonlinestore.com/CGI-BIN/LANSAWEB?WEBEVENT+L4D8A990211A30400CDE809P+M37+ENG" "Mozilla/4.0 (compatible; MSIE 7.0; Windows NT 6.0; SLCC1; .NET CLR 2.0.50727; Media Center PC 5.0; .NET CLR 3.0.04506)"
81.84.242.108 - - [20/Jul/2007:05:03:19 -0400] "GET /images/ace_logo_bottom.jpg HTTP/1.1" 304 - "https://www.aceonlinestore.com/CGI-BIN/LANSAWEB?WEBEVENT+L4D8A990211A30400CDE809P+M37+ENG" "Mozilla/4.0 (compatible; MSIE 7.0; Windows NT 6.0; SLCC1; .NET CLR 2.0.50727; Media Center PC 5.0; .NET CLR 3.0.04506)"
81.84.242.108 - - [20/Jul/2007:05:03:19 -0400] "GET /images/nav04_contact_off.jpg HTTP/1.1" 304 - "https://www.aceonlinestore.com/CGI-BIN/LANSAWEB?WEBEVENT+L4D8A990211A30400CDE809P+M37+ENG" "Mozilla/4.0 (compatible; MSIE 7.0; Windows NT 6.0; SLCC1; .NET CLR 2.0.50727; Media Center PC 5.0; .NET CLR 3.0.04506)"
81.84.242.108 - - [20/Jul/2007:05:03:19 -0400] "GET /images/nav_store_head.jpg HTTP/1.1" 304 - "https://www.aceonlinestore.com/CGI-BIN/LANSAWEB?WEBEVENT+L4D8A990211A30400CDE809P+M37+ENG" "Mozilla/4.0 (compatible; MSIE 7.0; Windows NT 6.0; SLCC1; .NET CLR 2.0.50727; Media Center PC 5.0; .NET CLR 3.0.04506)"
81.84.242.108 - - [20/Jul/2007:05:03:19 -0400] "GET /images/nav_store_index_off.jpg HTTP/1.1" 304 - "https://www.aceonlinestore.com/CGI-BIN/LANSAWEB?WEBEVENT+L4D8A990211A30400CDE809P+M37+ENG" "Mozilla/4.0 (compatible; MSIE 7.0; Windows NT 6.0; SLCC1; .NET CLR 2.0.50727; Media Center PC 5.0; .NET CLR 3.0.04506)"
81.84.242.108 - - [20/Jul/2007:05:03:20 -0400] "GET /images/spacer.gif HTTP/1.1" 304 - "https://www.aceonlinestore.com/CGI-BIN/LANSAWEB?WEBEVENT+L4D8A990211A30400CDE809P+M37+ENG" "Mozilla/4.0 (compatible; MSIE 7.0; Windows NT 6.0; SLCC1; .NET CLR 2.0.50727; Media Center PC 5.0; .NET CLR 3.0.04506)"
81.84.242.108 - - [20/Jul/2007:05:03:20 -0400] "GET /images/login.gif HTTP/1.1" 304 - "https://www.aceonlinestore.com/CGI-BIN/LANSAWEB?WEBEVENT+L4D8A990211A30400CDE809P+M37+ENG" "Mozilla/4.0 (compatible; MSIE 7.0; Windows NT 6.0; SLCC1; .NET CLR 2.0.50727; Media Center PC 5.0; .NET CLR 3.0.04506)"
81.84.242.108 - - [20/Jul/2007:05:03:20 -0400] "GET /images/nav_lower_bgrd.jpg HTTP/1.1" 304 - "https://www.aceonlinestore.com/CGI-BIN/LANSAWEB?WEBEVENT+L4D8A990211A30400CDE809P+M37+ENG" "Mozilla/4.0 (compatible; MSIE 7.0; Windows NT 6.0; SLCC1; .NET CLR 2.0.50727; Media Center PC 5.0; .NET CLR 3.0.04506)"
81.84.242.108 - - [20/Jul/2007:05:03:20 -0400] "GET /images/psearch_go.gif HTTP/1.1" 304 - "https://www.aceonlinestore.com/CGI-BIN/LANSAWEB?WEBEVENT+L4D8A990211A30400CDE809P+M37+ENG" "Mozilla/4.0 (compatible; MSIE 7.0; Windows NT 6.0; SLCC1; .NET CLR 2.0.50727; Media Center PC 5.0; .NET CLR 3.0.04506)"
81.84.242.108 - - [20/Jul/2007:05:03:29 -0400] "GET /images/psearch_go-over.gif HTTP/1.1" 304 - "https://www.aceonlinestore.com/CGI-BIN/LANSAWEB?WEBEVENT+L4D8A990211A30400CDE809P+M37+ENG" "Mozilla/4.0 (compatible; MSIE 7.0; Windows NT 6.0; SLCC1; .NET CLR 2.0.50727; Media Center PC 5.0; .NET CLR 3.0.04506)"
81.84.242.108 - - [20/Jul/2007:05:03:30 -0400] "POST /CGI-BIN/LANSAWEB?WEBEVENT+L4D8A99021903E400DDD809P+M37+ENG HTTP/1.1" 200 39298 "https://www.aceonlinestore.com/CGI-BIN/LANSAWEB?WEBEVENT+L4D8A990211A30400CDE809P+M37+ENG" "Mozilla/4.0 (compatible; MSIE 7.0; Windows NT 6.0; SLCC1; .NET CLR 2.0.50727; Media Center PC 5.0; .NET CLR 3.0.04506)"
81.84.242.108 - - [20/Jul/2007:05:03:32 -0400] "GET /images/nav04_shop_over.jpg HTTP/1.1" 304 - "https://www.aceonlinestore.com/CGI-BIN/LANSAWEB?WEBEVENT+L4D8A99021903E400DDD809P+M37+ENG" "Mozilla/4.0 (compatible; MSIE 7.0; Windows NT 6.0; SLCC1; .NET CLR 2.0.50727; Media Center PC 5.0; .NET CLR 3.0.04506)"
81.84.242.108 - - [20/Jul/2007:05:03:33 -0400] "GET /images/nav04_myaccount_off.jpg HTTP/1.1" 304 - "https://www.aceonlinestore.com/CGI-BIN/LANSAWEB?WEBEVENT+L4D8A99021903E400DDD809P+M37+ENG" "Mozilla/4.0 (compatible; MSIE 7.0; Windows NT 6.0; SLCC1; .NET CLR 2.0.50727; Media Center PC 5.0; .NET CLR 3.0.04506)"
81.84.242.108 - - [20/Jul/2007:05:03:33 -0400] "GET /images/nav04_orderhistory_off.jpg HTTP/1.1" 304 - "https://www.aceonlinestore.com/CGI-BIN/LANSAWEB?WEBEVENT+L4D8A99021903E400DDD809P+M37+ENG" "Mozilla/4.0 (compatible; MSIE 7.0; Windows NT 6.0; SLCC1; .NET CLR 2.0.50727; Media Center PC 5.0; .NET CLR 3.0.04506)"
81.84.242.108 - - [20/Jul/2007:05:03:33 -0400] "GET /images/expressorder.gif HTTP/1.1" 304 - "https://www.aceonlinestore.com/CGI-BIN/LANSAWEB?WEBEVENT+L4D8A99021903E400DDD809P+M37+ENG" "Mozilla/4.0 (compatible; MSIE 7.0; Windows NT 6.0; SLCC1; .NET CLR 2.0.50727; Media Center PC 5.0; .NET CLR 3.0.04506)"
81.84.242.108 - - [20/Jul/2007:05:03:33 -0400] "GET /images/favorites.gif HTTP/1.1" 304 - "https://www.aceonlinestore.com/CGI-BIN/LANSAWEB?WEBEVENT+L4D8A99021903E400DDD809P+M37+ENG" "Mozilla/4.0 (compatible; MSIE 7.0; Windows NT 6.0; SLCC1; .NET CLR 2.0.50727; Media Center PC 5.0; .NET CLR 3.0.04506)"
81.84.242.108 - - [20/Jul/2007:05:03:34 -0400] "GET /images/search.gif HTTP/1.1" 304 - "https://www.aceonlinestore.com/CGI-BIN/LANSAWEB?WEBEVENT+L4D8A99021903E400DDD809P+M37+ENG" "Mozilla/4.0 (compatible; MSIE 7.0; Windows NT 6.0; SLCC1; .NET CLR 2.0.50727; Media Center PC 5.0; .NET CLR 3.0.04506)"
81.84.242.108 - - [20/Jul/2007:05:03:34 -0400] "GET /images/sale_promo-icon.gif HTTP/1.1" 304 - "https://www.aceonlinestore.com/CGI-BIN/LANSAWEB?WEBEVENT+L4D8A99021903E400DDD809P+M37+ENG" "Mozilla/4.0 (compatible; MSIE 7.0; Windows NT 6.0; SLCC1; .NET CLR 2.0.50727; Media Center PC 5.0; .NET CLR 3.0.04506)"
81.84.242.108 - - [20/Jul/2007:05:03:34 -0400] "GET /images/history.gif HTTP/1.1" 304 - "https://www.aceonlinestore.com/CGI-BIN/LANSAWEB?WEBEVENT+L4D8A99021903E400DDD809P+M37+ENG" "Mozilla/4.0 (compatible; MSIE 7.0; Windows NT 6.0; SLCC1; .NET CLR 2.0.50727; Media Center PC 5.0; .NET CLR 3.0.04506)"
81.84.242.108 - - [20/Jul/2007:05:03:34 -0400] "GET /images/store_anesth_section.jpg HTTP/1.1" 304 - "https://www.aceonlinestore.com/CGI-BIN/LANSAWEB?WEBEVENT+L4D8A99021903E400DDD809P+M37+ENG" "Mozilla/4.0 (compatible; MSIE 7.0; Windows NT 6.0; SLCC1; .NET CLR 2.0.50727; Media Center PC 5.0; .NET CLR 3.0.04506)"
81.84.242.108 - - [20/Jul/2007:05:03:35 -0400] "GET /images/store_bone_section2.jpg HTTP/1.1" 304 - "https://www.aceonlinestore.com/CGI-BIN/LANSAWEB?WEBEVENT+L4D8A99021903E400DDD809P+M37+ENG" "Mozilla/4.0 (compatible; MSIE 7.0; Windows NT 6.0; SLCC1; .NET CLR 2.0.50727; Media Center PC 5.0; .NET CLR 3.0.04506)"
81.84.242.108 - - [20/Jul/2007:05:03:35 -0400] "GET /images/store_cardiac_section.jpg HTTP/1.1" 304 - "https://www.aceonlinestore.com/CGI-BIN/LANSAWEB?WEBEVENT+L4D8A99021903E400DDD809P+M37+ENG" "Mozilla/4.0 (compatible; MSIE 7.0; Windows NT 6.0; SLCC1; .NET CLR 2.0.50727; Media Center PC 5.0; .NET CLR 3.0.04506)"
81.84.242.108 - - [20/Jul/2007:05:03:35 -0400] "GET /images/store_implant_section.jpg HTTP/1.1" 304 - "https://www.aceonlinestore.com/CGI-BIN/LANSAWEB?WEBEVENT+L4D8A99021903E400DDD809P+M37+ENG" "Mozilla/4.0 (compatible; MSIE 7.0; Windows NT 6.0; SLCC1; .NET CLR 2.0.50727; Media Center PC 5.0; .NET CLR 3.0.04506)"
81.84.242.108 - - [20/Jul/2007:05:03:35 -0400] "GET /images/store_gauze_section.jpg HTTP/