72.15.212.126 - - [20/Jul/2007:01:43:07 -0400] "GET /images/store_assess_section.jpg HTTP/1.1" 200 10059 "http://www.aceonlinestore.com/cgi-bin/lansaweb?procfun+wordpr01+webfunc+M37" "Mozilla/4.0 (compatible; MSIE 6.0; Windows NT 5.1; SV1; .NET CLR 1.1.4322)"
72.15.212.126 - - [20/Jul/2007:01:43:08 -0400] "GET /images/store_pharma_section.jpg HTTP/1.1" 200 7953 "http://www.aceonlinestore.com/cgi-bin/lansaweb?procfun+wordpr01+webfunc+M37" "Mozilla/4.0 (compatible; MSIE 6.0; Windows NT 5.1; SV1; .NET CLR 1.1.4322)"
72.15.212.126 - - [20/Jul/2007:01:43:08 -0400] "GET /images/store_iv_admin_section.jpg HTTP/1.1" 200 9115 "http://www.aceonlinestore.com/cgi-bin/lansaweb?procfun+wordpr01+webfunc+M37" "Mozilla/4.0 (compatible; MSIE 6.0; Windows NT 5.1; SV1; .NET CLR 1.1.4322)"
72.15.212.126 - - [20/Jul/2007:01:43:08 -0400] "GET /images/store_sterile_section.jpg HTTP/1.1" 200 9274 "http://www.aceonlinestore.com/cgi-bin/lansaweb?procfun+wordpr01+webfunc+M37" "Mozilla/4.0 (compatible; MSIE 6.0; Windows NT 5.1; SV1; .NET CLR 1.1.4322)"
72.15.212.126 - - [20/Jul/2007:01:43:08 -0400] "GET /images/store_blades_section.jpg HTTP/1.1" 200 24174 "http://www.aceonlinestore.com/cgi-bin/lansaweb?procfun+wordpr01+webfunc+M37" "Mozilla/4.0 (compatible; MSIE 6.0; Windows NT 5.1; SV1; .NET CLR 1.1.4322)"
72.15.212.126 - - [20/Jul/2007:01:43:08 -0400] "GET /images/store_burs_section.jpg HTTP/1.1" 200 10892 "http://www.aceonlinestore.com/cgi-bin/lansaweb?procfun+wordpr01+webfunc+M37" "Mozilla/4.0 (compatible; MSIE 6.0; Windows NT 5.1; SV1; .NET CLR 1.1.4322)"
72.15.212.126 - - [20/Jul/2007:01:43:08 -0400] "GET /images/store_saws_section.jpg HTTP/1.1" 200 10028 "http://www.aceonlinestore.com/cgi-bin/lansaweb?procfun+wordpr01+webfunc+M37" "Mozilla/4.0 (compatible; MSIE 6.0; Windows NT 5.1; SV1; .NET CLR 1.1.4322)"
72.15.212.126 - - [20/Jul/2007:01:43:09 -0400] "GET /images/store_sutures_section.jpg HTTP/1.1" 200 28375 "http://www.aceonlinestore.com/cgi-bin/lansaweb?procfun+wordpr01+webfunc+M37" "Mozilla/4.0 (compatible; MSIE 6.0; Windows NT 5.1; SV1; .NET CLR 1.1.4322)"
72.15.212.126 - - [20/Jul/2007:01:43:09 -0400] "GET /images/store_syringe_section.jpg HTTP/1.1" 200 9321 "http://www.aceonlinestore.com/cgi-bin/lansaweb?procfun+wordpr01+webfunc+M37" "Mozilla/4.0 (compatible; MSIE 6.0; Windows NT 5.1; SV1; .NET CLR 1.1.4322)"
72.15.212.126 - - [20/Jul/2007:01:43:09 -0400] "GET /images/store_xray_section.jpg HTTP/1.1" 200 8861 "http://www.aceonlinestore.com/cgi-bin/lansaweb?procfun+wordpr01+webfunc+M37" "Mozilla/4.0 (compatible; MSIE 6.0; Windows NT 5.1; SV1; .NET CLR 1.1.4322)"
72.15.212.126 - - [20/Jul/2007:01:43:24 -0400] "GET /images/psearch_go-over.gif HTTP/1.1" 200 302 "http://www.aceonlinestore.com/cgi-bin/lansaweb?procfun+wordpr01+webfunc+M37" "Mozilla/4.0 (compatible; MSIE 6.0; Windows NT 5.1; SV1; .NET CLR 1.1.4322)"
72.15.212.126 - - [20/Jul/2007:01:43:24 -0400] "POST /CGI-BIN/LANSAWEB?WEBEVENT+L4D8A6D001E43D4001FA809J+M37+ENG HTTP/1.1" 200 31663 "http://www.aceonlinestore.com/cgi-bin/lansaweb?procfun+wordpr01+webfunc+M37" "Mozilla/4.0 (compatible; MSIE 6.0; Windows NT 5.1; SV1; .NET CLR 1.1.4322)"
72.15.212.126 - - [20/Jul/2007:01:43:25 -0400] "GET /images/nav04_shop_off.jpg HTTP/1.1" 200 1390 "http://www.aceonlinestore.com/CGI-BIN/LANSAWEB?WEBEVENT+L4D8A6D001E43D4001FA809J+M37+ENG" "Mozilla/4.0 (compatible; MSIE 6.0; Windows NT 5.1; SV1; .NET CLR 1.1.4322)"
72.15.212.126 - - [20/Jul/2007:01:43:32 -0400] "GET /images/ace_logo_top_over.jpg HTTP/1.1" 200 2616 "http://www.aceonlinestore.com/CGI-BIN/LANSAWEB?WEBEVENT+L4D8A6D001E43D4001FA809J+M37+ENG" "Mozilla/4.0 (compatible; MSIE 6.0; Windows NT 5.1; SV1; .NET CLR 1.1.4322)"
72.15.212.126 - - [20/Jul/2007:01:43:33 -0400] "GET /images/over-store_anesth_section.jpg HTTP/1.1" 200 9173 "http://www.aceonlinestore.com/cgi-bin/lansaweb?procfun+wordpr01+webfunc+M37" "Mozilla/4.0 (compatible; MSIE 6.0; Windows NT 5.1; SV1; .NET CLR 1.1.4322)"
72.15.212.126 - - [20/Jul/2007:01:43:34 -0400] "GET /images/over-store_bone_section2.jpg HTTP/1.1" 200 7626 "http://www.aceonlinestore.com/cgi-bin/lansaweb?procfun+wordpr01+webfunc+M37" "Mozilla/4.0 (compatible; MSIE 6.0; Windows NT 5.1; SV1; .NET CLR 1.1.4322)"
72.15.212.126 - - [20/Jul/2007:01:43:34 -0400] "GET /images/over-store_handpc_section.jpg HTTP/1.1" 200 8331 "http://www.aceonlinestore.com/cgi-bin/lansaweb?procfun+wordpr01+webfunc+M37" "Mozilla/4.0 (compatible; MSIE 6.0; Windows NT 5.1; SV1; .NET CLR 1.1.4322)"
72.15.212.126 - - [20/Jul/2007:01:43:35 -0400] "GET /images/over-store_infection_section.jpg HTTP/1.1" 200 8680 "http://www.aceonlinestore.com/cgi-bin/lansaweb?procfun+wordpr01+webfunc+M37" "Mozilla/4.0 (compatible; MSIE 6.0; Windows NT 5.1; SV1; .NET CLR 1.1.4322)"
72.15.212.126 - - [20/Jul/2007:01:43:35 -0400] "GET /images/over-store_instr_section.jpg HTTP/1.1" 200 9238 "http://www.aceonlinestore.com/cgi-bin/lansaweb?procfun+wordpr01+webfunc+M37" "Mozilla/4.0 (compatible; MSIE 6.0; Windows NT 5.1; SV1; .NET CLR 1.1.4322)"
72.15.212.126 - - [20/Jul/2007:01:43:35 -0400] "GET /images/over-store_iv_admin_section.jpg HTTP/1.1" 200 8417 "http://www.aceonlinestore.com/cgi-bin/lansaweb?procfun+wordpr01+webfunc+M37" "Mozilla/4.0 (compatible; MSIE 6.0; Windows NT 5.1; SV1; .NET CLR 1.1.4322)"
72.15.212.126 - - [20/Jul/2007:01:43:44 -0400] "GET /images/over-store_burs_section.jpg HTTP/1.1" 200 9926 "http://www.aceonlinestore.com/cgi-bin/lansaweb?procfun+wordpr01+webfunc+M37" "Mozilla/4.0 (compatible; MSIE 6.0; Windows NT 5.1; SV1; .NET CLR 1.1.4322)"
72.15.212.126 - - [20/Jul/2007:01:43:44 -0400] "GET /images/over-store_sterile_section.jpg HTTP/1.1" 200 8414 "http://www.aceonlinestore.com/cgi-bin/lansaweb?procfun+wordpr01+webfunc+M37" "Mozilla/4.0 (compatible; MSIE 6.0; Windows NT 5.1; SV1; .NET CLR 1.1.4322)"
72.15.212.126 - - [20/Jul/2007:01:43:44 -0400] "GET /images/over-store_pharma_section.jpg HTTP/1.1" 200 7409 "http://www.aceonlinestore.com/cgi-bin/lansaweb?procfun+wordpr01+webfunc+M37" "Mozilla/4.0 (compatible; MSIE 6.0; Windows NT 5.1; SV1; .NET CLR 1.1.4322)"
72.15.212.126 - - [20/Jul/2007:01:43:47 -0400] "POST /CGI-BIN/LANSAWEB?WEBEVENT+L4D8A6D001DF3E40019A809J+M37+ENG HTTP/1.1" 200 37713 "http://www.aceonlinestore.com/cgi-bin/lansaweb?procfun+wordpr01+webfunc+M37" "Mozilla/4.0 (compatible; MSIE 6.0; Windows NT 5.1; SV1; .NET CLR 1.1.4322)"
72.15.212.126 - - [20/Jul/2007:01:43:48 -0400] "GET /images/index13_socketdress.jpg HTTP/1.1" 200 3674 "http://www.aceonlinestore.com/CGI-BIN/LANSAWEB?WEBEVENT+L4D8A6D001DF3E40019A809J+M37+ENG" "Mozilla/4.0 (compatible; MSIE 6.0; Windows NT 5.1; SV1; .NET CLR 1.1.4322)"
72.15.212.126 - - [20/Jul/2007:01:43:48 -0400] "GET /images/index13_dentanas.jpg HTTP/1.1" 200 4818 "http://www.aceonlinestore.com/CGI-BIN/LANSAWEB?WEBEVENT+L4D8A6D001DF3E40019A809J+M37+ENG" "Mozilla/4.0 (compatible; MSIE 6.0; Windows NT 5.1; SV1; .NET CLR 1.1.4322)"
72.15.212.126 - - [20/Jul/2007:01:43:48 -0400] "GET /images/index13_cl2drugs.jpg HTTP/1.1" 200 4914 "http://www.aceonlinestore.com/CGI-BIN/LANSAWEB?WEBEVENT+L4D8A6D001DF3E40019A809J+M37+ENG" "Mozilla/4.0 (compatible; MSIE 6.0; Windows NT 5.1; SV1; .NET CLR 1.1.4322)"
72.15.212.126 - - [20/Jul/2007:01:43:48 -0400] "GET /images/index13_dentneedl.jpg HTTP/1.1" 200 2496 "http://www.aceonlinestore.com/CGI-BIN/LANSAWEB?WEBEVENT+L4D8A6D001DF3E40019A809J+M37+ENG" "Mozilla/4.0 (compatible; MSIE 6.0; Windows NT 5.1; SV1; .NET CLR 1.1.4322)"
72.15.212.126 - - [20/Jul/2007:01:43:48 -0400] "GET /images/index13_hemoagt.jpg HTTP/1.1" 200 2246 "http://www.aceonlinestore.com/CGI-BIN/LANSAWEB?WEBEVENT+L4D8A6D001DF3E40019A809J+M37+ENG" "Mozilla/4.0 (compatible; MSIE 6.0; Windows NT 5.1; SV1; .NET CLR 1.1.4322)"
72.15.212.126 - - [20/Jul/2007:01:43:48 -0400] "GET /images/index13_medlabl.jpg HTTP/1.1" 200 6552 "http://www.aceonlinestore.com/CGI-BIN/LANSAWEB?WEBEVENT+L4D8A6D001DF3E40019A809J+M37+ENG" "Mozilla/4.0 (compatible; MSIE 6.0; Windows NT 5.1; SV1; .NET CLR 1.1.4322)"
72.15.212.126 - - [20/Jul/2007:01:43:48 -0400] "GET /images/index13_misc.jpg HTTP/1.1" 200 4185 "http://www.aceonlinestore.com/CGI-BIN/LANSAWEB?WEBEVENT+L4D8A6D001DF3E40019A809J+M37+ENG" "Mozilla/4.0 (compatible; MSIE 6.0; Windows NT 5.1; SV1; .NET CLR 1.1.4322)"
72.15.212.126 - - [20/Jul/2007:01:43:48 -0400] "GET /images/index13_pharma.jpg HTTP/1.1" 200 3347 "http://www.aceonlinestore.com/CGI-BIN/LANSAWEB?WEBEVENT+L4D8A6D001DF3E40019A809J+M37+ENG" "Mozilla/4.0 (compatible; MSIE 6.0; Windows NT 5.1; SV1; .NET CLR 1.1.4322)"
72.15.212.126 - - [20/Jul/2007:01:43:48 -0400] "GET /images/index13_transferunt.jpg HTTP/1.1" 200 3768 "http://www.aceonlinestore.com/CGI-BIN/LANSAWEB?WEBEVENT+L4D8A6D001DF3E40019A809J+M37+ENG" "Mozilla/4.0 (compatible; MSIE 6.0; Windows NT 5.1; SV1; .NET CLR 1.1.4322)"
72.15.212.126 - - [20/Jul/2007:01:43:48 -0400] "GET /images/index13_cl2drugs.jpg HTTP/1.1" 206 2245 "http://www.aceonlinestore.com/CGI-BIN/LANSAWEB?WEBEVENT+L4D8A6D001DF3E40019A809J+M37+ENG" "Mozilla/4.0 (compatible; MSIE 6.0; Windows NT 5.1; SV1; .NET CLR 1.1.4322)"
72.15.212.126 - - [20/Jul/2007:01:43:49 -0400] "GET /images/over-index13_dentneedl.jpg HTTP/1.1" 200 1922 "http://www.aceonlinestore.com/CGI-BIN/LANSAWEB?WEBEVENT+L4D8A6D001DF3E40019A809J+M37+ENG" "Mozilla/4.0 (compatible; MSIE 6.0; Windows NT 5.1; SV1; .NET CLR 1.1.4322)"
72.15.212.126 - - [20/Jul/2007:01:43:54 -0400] "GET /images/over-index13_pharma.jpg HTTP/1.1" 200 2319 "http://www.aceonlinestore.com/CGI-BIN/LANSAWEB?WEBEVENT+L4D8A6D001DF3E40019A809J+M37+ENG" "Mozilla/4.0 (compatible; MSIE 6.0; Windows NT 5.1; SV1; .NET CLR 1.1.4322)"
72.15.212.126 - - [20/Jul/2007:01:44:01 -0400] "GET /images/over-index13_pharma.jpg HTTP/1.1" 200 2319 "http://www.aceonlinestore.com/CGI-BIN/LANSAWEB?WEBEVENT+L4D8A6D001DF3E40019A809J+M37+ENG" "Mozilla/4.0 (compatible; MSIE 6.0; Windows NT 5.1; SV1; .NET CLR 1.1.4322)"
72.15.212.126 - - [20/Jul/2007:01:44:01 -0400] "POST /CGI-BIN/LANSAWEB?WEBEVENT+L4D8A6D0B17B3540031A809J+M37+ENG HTTP/1.1" 200 52953 "http://www.aceonlinestore.com/CGI-BIN/LANSAWEB?WEBEVENT+L4D8A6D001DF3E40019A809J+M37+ENG" "Mozilla/4.0 (compatible; MSIE 6.0; Windows NT 5.1; SV1; .NET CLR 1.1.4322)"
72.15.212.126 - - [20/Jul/2007:01:44:02 -0400] "GET /images/pf-a.gif HTTP/1.1" 200 798 "http://www.aceonlinestore.com/CGI-BIN/LANSAWEB?WEBEVENT+L4D8A6D0B17B3540031A809J+M37+ENG" "Mozilla/4.0 (compatible; MSIE 6.0; Windows NT 5.1; SV1; .NET CLR 1.1.4322)"
72.15.212.126 - - [20/Jul/2007:01:44:02 -0400] "GET /images/next.gif HTTP/1.1" 200 249 "http://www.aceonlinestore.com/CGI-BIN/LANSAWEB?WEBEVENT+L4D8A6D0B17B3540031A809J+M37+ENG" "Mozilla/4.0 (compatible; MSIE 6.0; Windows NT 5.1; SV1; .NET CLR 1.1.4322)"
72.15.212.126 - - [20/Jul/2007:01:44:02 -0400] "GET /images/space.gif HTTP/1.1" 200 43 "http://www.aceonlinestore.com/CGI-BIN/LANSAWEB?WEBEVENT+L4D8A6D0B17B3540031A809J+M37+ENG" "Mozilla/4.0 (compatible; MSIE 6.0; Windows NT 5.1; SV1; .NET CLR 1.1.4322)"
72.15.212.126 - - [20/Jul/2007:01:44:12 -0400] "POST /CGI-BIN/LANSAWEB?WEBEVENT+L4D8A6D0915E364004BB809J+M37+ENG HTTP/1.1" 200 53236 "http://www.aceonlinestore.com/CGI-BIN/LANSAWEB?WEBEVENT+L4D8A6D0B17B3540031A809J+M37+ENG" "Mozilla/4.0 (compatible; MSIE 6.0; Windows NT 5.1; SV1; .NET CLR 1.1.4322)"
72.15.212.126 - - [20/Jul/2007:01:44:13 -0400] "GET /images/prev.gif HTTP/1.1" 200 253 "http://www.aceonlinestore.com/CGI-BIN/LANSAWEB?WEBEVENT+L4D8A6D0915E364004BB809J+M37+ENG" "Mozilla/4.0 (compatible; MSIE 6.0; Windows NT 5.1; SV1; .NET CLR 1.1.4322)"
72.15.212.126 - - [20/Jul/2007:01:44:17 -0400] "POST /CGI-BIN/LANSAWEB?WEBEVENT+L4D8A6D03163304005D2809J+M37+ENG HTTP/1.1" 200 53247 "http://www.aceonlinestore.com/CGI-BIN/LANSAWEB?WEBEVENT+L4D8A6D0915E364004BB809J+M37+ENG" "Mozilla/4.0 (compatible; MSIE 6.0; Windows NT 5.1; SV1; .NET CLR 1.1.4322)"
72.15.212.126 - - [20/Jul/2007:01:44:20 -0400] "POST /CGI-BIN/LANSAWEB?WEBEVENT+L4D8A6D071993A40055E809J+M37+ENG HTTP/1.1" 200 53163 "http://www.aceonlinestore.com/CGI-BIN/LANSAWEB?WEBEVENT+L4D8A6D03163304005D2809J+M37+ENG" "Mozilla/4.0 (compatible; MSIE 6.0; Windows NT 5.1; SV1; .NET CLR 1.1.4322)"
209.59.12.99 - - [20/Jul/2007:01:45:15 -0400] "GET / HTTP/1.0" 200 367 "-" "check_http/1.81 (nagios-plugins 1.4)"
66.249.72.198 - - [20/Jul/2007:01:44:21 -0400] "GET /logs/access_log.Q107071900 HTTP/1.1" 200 3360342 "-" "Mozilla/5.0 (compatible; Googlebot/2.1; +http://www.google.com/bot.html)"
66.249.72.198 - - [20/Jul/2007:01:48:13 -0400] "GET /logs/access_log.Q107071500 HTTP/1.1" 200 739823 "-" "Mozilla/5.0 (compatible; Googlebot/2.1; +http://www.google.com/bot.html)"
209.59.12.99 - - [20/Jul/2007:01:50:15 -0400] "GET / HTTP/1.0" 200 367 "-" "check_http/1.81 (nagios-plugins 1.4)"
66.249.72.198 - - [20/Jul/2007:01:51:55 -0400] "GET /logs/access_log.Q107071600 HTTP/1.1" 200 3525628 "-" "Mozilla/5.0 (compatible; Googlebot/2.1; +http://www.google.com/bot.html)"
209.59.12.99 - - [20/Jul/2007:01:55:15 -0400] "GET / HTTP/1.0" 200 367 "-" "check_http/1.81 (nagios-plugins 1.4)"
76.167.138.167 - - [20/Jul/2007:01:55:27 -0400] "GET /images/monthly_specials.jpg HTTP/1.1" 200 58745 "http://us.f431.mail.yahoo.com/ym/ShowLetter?MsgId=1449_4732547_1771221_1205_510_0_32497_1052_1370779277&Idx=4&YY=96260&y5beta=yes&y5beta=yes&inc=25&order=down&sort=date&pos=0&view=a&head=b&box=Inbox" "Mozilla/5.0 (Macintosh; U; PPC Mac OS X; en) AppleWebKit/312.8.1 (KHTML, like Gecko) Safari/312.6"
38.99.203.110 - - [20/Jul/2007:01:57:13 -0400] "GET /robots.txt HTTP/1.1" 404 208 "-" "Java/1.7.0-ea"
38.99.203.110 - - [20/Jul/2007:01:57:13 -0400] "GET / HTTP/1.1" 200 367 "-" "panscient.com"
38.99.203.110 - - [20/Jul/2007:01:57:13 -0400] "GET /robots.txt HTTP/1.1" 404 208 "-" "Java/1.7.0-ea"
38.99.203.110 - - [20/Jul/2007:01:57:14 -0400] "GET /index.htm HTTP/1.1" 200 870 "-" "panscient.com"
38.99.203.110 - - [20/Jul/2007:01:57:15 -0400] "GET /CGI-BIN/LANSAWEB?PROCFUN+WORDPR01+WEBFUNC+M37+FUNCPARMS+STD_DESC(A0300): HTTP/1.1" 200 38205 "-" "panscient.com"
38.99.203.110 - - [20/Jul/2007:01:57:20 -0400] "GET /robots.txt HTTP/1.1" 404 208 "-" "Java/1.7.0-ea"
38.99.203.110 - - [20/Jul/2007:01:57:20 -0400] "GET /images/lcalen.htm HTTP/1.1" 200 7943 "-" "panscient.com"
38.99.203.110 - - [20/Jul/2007:01:57:22 -0400] "GET /CGI-BIN/LANSAWEB?WEBEVENT+L4D8A700E16839400395809K+M37+ENG HTTP/1.1" 500 197 "-" "panscient.com"
38.99.203.110 - - [20/Jul/2007:01:57:23 -0400] "GET /CGI-BIN/LANSAWEB?WEBEVENT+L4D8A700E16F354003F5809K+M37+ENG HTTP/1.1" 500 197 "-" "panscient.com"
38.99.203.110 - - [20/Jul/2007:01:57:24 -0400] "GET /CGI-BIN/LANSAWEB?WEBEVENT+L4D8A700E16D32400395809K+M37+ENG HTTP/1.1" 500 197 "-" "panscient.com"
38.99.203.110 - - [20/Jul/2007:01:57:28 -0400] "GET /robots.txt HTTP/1.1" 404 208 "-" "Java/1.7.0-ea"
38.99.203.110 - - [20/Jul/2007:01:57:28 -0400] "GET /CGI-BIN/LANSAWEB?WEBEVENT+L4D8A700E16A3B4003A5809K+M37+ENG HTTP/1.1" 500 197 "-" "panscient.com"
38.99.203.110 - - [20/Jul/2007:01:57:30 -0400] "GET /CGI-BIN/LANSAWEB?WEBEVENT+L4D8A700E174394003C5809K+M37+ENG HTTP/1.1" 500 197 "-" "panscient.com"
38.99.203.110 - - [20/Jul/2007:01:57:32 -0400] "GET /CGI-BIN/LANSAWEB?WEBEVENT+L4D8A700E1723F4003B5809K+M37+ENG HTTP/1.1" 500 197 "-" "panscient.com"
38.99.203.110 - - [20/Jul/2007:01:57:36 -0400] "GET /Includes/ HTTP/1.1" 200 220 "-" "panscient.com"
38.99.203.110 - - [20/Jul/2007:01:57:37 -0400] "GET /logs/ HTTP/1.1" 200 9056 "-" "panscient.com"
38.99.203.110 - - [20/Jul/2007:01:57:38 -0400] "GET /logs/error_log.Q107061600 HTTP/1.1" 200 24515 "-" "panscient.com"
38.99.203.110 - - [20/Jul/2007:01:57:39 -0400] "GET /logs/error_log.Q107052800 HTTP/1.1" 200 44200 "-" "panscient.com"
38.99.203.110 - - [20/Jul/2007:01:57:46 -0400] "GET /logs/error_log.Q107070100 HTTP/1.1" 200 35478 "-" "panscient.com"
38.99.203.110 - - [20/Jul/2007:01:57:53 -0400] "GET /logs/error_log.Q107061500 HTTP/1.1" 200 163398 "-" "panscient.com"
38.99.203.110 - - [20/Jul/2007:01:58:17 -0400] "GET /logs/error_log.Q107070300 HTTP/1.1" 200 83119 "-" "panscient.com"
38.99.203.110 - - [20/Jul/2007:01:58:38 -0400] "GET /logs/error_log.Q107061700 HTTP/1.1" 200 34865 "-" "panscient.com"
38.99.203.110 - - [20/Jul/2007:01:58:55 -0400] "GET /logs/error_log.Q107051600 HTTP/1.1" 200 12852 "-" "panscient.com"
38.99.203.110 - - [20/Jul/2007:01:59:03 -0400] "GET /logs/error_log.Q107051700 HTTP/1.1" 200 153817 "-" "panscient.com"
209.59.12.99 - - [20/Jul/2007:02:00:14 -0400] "GET / HTTP/1.0" 200 367 "-" "check_http/1.81 (nagios-plugins 1.4)"
38.99.203.110 - - [20/Jul/2007:01:59:30 -0400] "GET /logs/error_log.Q107061400 HTTP/1.1" 200 152917 "-" "panscient.com"
38.99.203.110 - - [20/Jul/2007:02:00:31 -0400] "GET /logs/error_log.Q107063000 HTTP/1.1" 200 47629 "-" "panscient.com"
38.99.203.110 - - [20/Jul/2007:02:00:39 -0400] "GET /logs/error_log.Q107061100 HTTP/1.1" 200 112972 "-" "panscient.com"
153.2.246.31 - - [20/Jul/2007:02:01:27 -0400] "GET /cgi-bin/lansaweb?procfun+wordpr01+webfunc+M37 HTTP/1.0" 200 38205 "http://www.acesurgical.com/home_July07.html" "Mozilla/4.0 (compatible; MSIE 6.0; Windows NT 5.0; .NET CLR 1.1.4322; .NET CLR 2.0.50727)"
153.2.246.31 - - [20/Jul/2007:02:01:28 -0400] "GET /images/nav04_shop_over.jpg HTTP/1.0" 304 - "http://www.aceonlinestore.com/cgi-bin/lansaweb?procfun+wordpr01+webfunc+M37" "Mozilla/4.0 (compatible; MSIE 6.0; Windows NT 5.0; .NET CLR 1.1.4322; .NET CLR 2.0.50727)"
153.2.246.31 - - [20/Jul/2007:02:01:28 -0400] "GET /images/ace_logo_top.jpg HTTP/1.0" 304 - "http://www.aceonlinestore.com/cgi-bin/lansaweb?procfun+wordpr01+webfunc+M37" "Mozilla/4.0 (compatible; MSIE 6.0; Windows NT 5.0; .NET CLR 1.1.4322; .NET CLR 2.0.50727)"
153.2.246.31 - - [20/Jul/2007:02:01:28 -0400] "GET /images/nav04_about_off.jpg HTTP/1.0" 304 - "http://www.aceonlinestore.com/cgi-bin/lansaweb?procfun+wordpr01+webfunc+M37" "Mozilla/4.0 (compatible; MSIE 6.0; Windows NT 5.0; .NET CLR 1.1.4322; .NET CLR 2.0.50727)"
153.2.246.31 - - [20/Jul/2007:02:01:28 -0400] "GET /images/nav04_conven_off.jpg HTTP/1.0" 304 - "http://www.aceonlinestore.com/cgi-bin/lansaweb?procfun+wordpr01+webfunc+M37" "Mozilla/4.0 (compatible; MSIE 6.0; Windows NT 5.0; .NET CLR 1.1.4322; .NET CLR 2.0.50727)"
153.2.246.31 - - [20/Jul/2007:02:01:28 -0400] "GET /images/nav_upper_bgrd.jpg HTTP/1.0" 304 - "http://www.aceonlinestore.com/cgi-bin/lansaweb?procfun+wordpr01+webfunc+M37" "Mozilla/4.0 (compatible; MSIE 6.0; Windows NT 5.0; .NET CLR 1.1.4322; .NET CLR 2.0.50727)"
153.2.246.31 - - [20/Jul/2007:02:01:28 -0400] "GET /images/nav04_download_off.jpg HTTP/1.0" 304 - "http://www.aceonlinestore.com/cgi-bin/lansaweb?procfun+wordpr01+webfunc+M37" "Mozilla/4.0 (compatible; MSIE 6.0; Windows NT 5.0; .NET CLR 1.1.4322; .NET CLR 2.0.50727)"
153.2.246.31 - - [20/Jul/2007:02:01:28 -0400] "GET /images/nav04_contact_off.jpg HTTP/1.0" 304 - "http://www.aceonlinestore.com/cgi-bin/lansaweb?procfun+wordpr01+webfunc+M37" "Mozilla/4.0 (compatible; MSIE 6.0; Windows NT 5.0; .NET CLR 1.1.4322; .NET CLR 2.0.50727)"
153.2.246.31 - - [20/Jul/2007:02:01:29 -0400] "GET /images/ace_logo_bottom.jpg HTTP/1.0" 304 - "http://www.aceonlinestore.com/cgi-bin/lansaweb?procfun+wordpr01+webfunc+M37" "Mozilla/4.0 (compatible; MSIE 6.0; Windows NT 5.0; .NET CLR 1.1.4322; .NET CLR 2.0.50727)"
153.2.246.31 - - [20/Jul/2007:02:01:29 -0400] "GET /images/nav_lower_bgrd.jpg HTTP/1.0" 200 2321 "http://www.aceonlinestore.com/cgi-bin/lansaweb?procfun+wordpr01+webfunc+M37" "Mozilla/4.0 (compatible; MSIE 6.0; Windows NT 5.0; .NET CLR 1.1.4322; .NET CLR 2.0.50727)"
153.2.246.31 - - [20/Jul/2007:02:01:29 -0400] "GET /images/nav_store_index_off.jpg HTTP/1.0" 304 - "http://www.aceonlinestore.com/cgi-bin/lansaweb?procfun+wordpr01+webfunc+M37" "Mozilla/4.0 (compatible; MSIE 6.0; Windows NT 5.0; .NET CLR 1.1.4322; .NET CLR 2.0.50727)"
153.2.246.31 - - [20/Jul/2007:02:01:29 -0400] "GET /images/nav_store_head.jpg HTTP/1.0" 304 - "http://www.aceonlinestore.com/cgi-bin/lansaweb?procfun+wordpr01+webfunc+M37" "Mozilla/4.0 (compatible; MSIE 6.0; Windows NT 5.0; .NET CLR 1.1.4322; .NET CLR 2.0.50727)"
153.2.246.31 - - [20/Jul/2007:02:01:29 -0400] "GET /images/spacer.gif HTTP/1.0" 304 - "http://www.aceonlinestore.com/cgi-bin/lansaweb?procfun+wordpr01+webfunc+M37" "Mozilla/4.0 (compatible; MSIE 6.0; Windows NT 5.0; .NET CLR 1.1.4322; .NET CLR 2.0.50727)"
153.2.246.31 - - [20/Jul/2007:02:01:29 -0400] "GET /images/login.gif HTTP/1.0" 304 - "http://www.aceonlinestore.com/cgi-bin/lansaweb?procfun+wordpr01+webfunc+M37" "Mozilla/4.0 (compatible; MSIE 6.0; Windows NT 5.0; .NET CLR 1.1.4322; .NET CLR 2.0.50727)"
153.2.246.31 - - [20/Jul/2007:02:01:29 -0400] "GET /images/login_go.gif HTTP/1.0" 304 - "http://www.aceonlinestore.com/cgi-bin/lansaweb?procfun+wordpr01+webfunc+M37" "Mozilla/4.0 (compatible; MSIE 6.0; Windows NT 5.0; .NET CLR 1.1.4322; .NET CLR 2.0.50727)"
153.2.246.31 - - [20/Jul/2007:02:01:29 -0400] "GET /images/search.gif HTTP/1.0" 304 - "http://www.aceonlinestore.com/cgi-bin/lansaweb?procfun+wordpr01+webfunc+M37" "Mozilla/4.0 (compatible; MSIE 6.0; Windows NT 5.0; .NET CLR 1.1.4322; .NET CLR 2.0.50727)"
153.2.246.31 - - [20/Jul/2007:02:01:29 -0400] "GET /images/psearch_go.gif HTTP/1.0" 304 - "http://www.aceonlinestore.com/cgi-bin/lansaweb?procfun+wordpr01+webfunc+M37" "Mozilla/4.0 (compatible; MSIE 6.0; Windows NT 5.0; .NET CLR 1.1.4322; .NET CLR 2.0.50727)"
153.2.246.31 - - [20/Jul/2007:02:01:29 -0400] "GET /images/sale_promo-icon.gif HTTP/1.0" 304 - "http://www.aceonlinestore.com/cgi-bin/lansaweb?procfun+wordpr01+webfunc+M37" "Mozilla/4.0 (compatible; MSIE 6.0; Windows NT 5.0; .NET CLR 1.1.4322; .NET CLR 2.0.50727)"
153.2.246.31 - - [20/Jul/2007:02:01:31 -0400] "GET /images/store_anesth_section.jpg HTTP/1.0" 304 - "http://www.aceonlinestore.com/cgi-bin/lansaweb?procfun+wordpr01+webfunc+M37" "Mozilla/4.0 (compatible; MSIE 6.0; Windows NT 5.0; .NET CLR 1.1.4322; .NET CLR 2.0.50727)"
153.2.246.31 - - [20/Jul/2007:02:01:31 -0400] "GET /images/store_bone_section2.jpg HTTP/1.0" 304 - "http://www.aceonlinestore.com/cgi-bin/lansaweb?procfun+wordpr01+webfunc+M37" "Mozilla/4.0 (compatible; MSIE 6.0; Windows NT 5.0; .NET CLR 1.1.4322; .NET CLR 2.0.50727)"
153.2.246.31 - - [20/Jul/2007:02:01:31 -0400] "GET /images/store_cardiac_section.jpg HTTP/1.0" 304 - "http://www.aceonlinestore.com/cgi-bin/lansaweb?procfun+wordpr01+webfunc+M37" "Mozilla/4.0 (compatible; MSIE 6.0; Windows NT 5.0; .NET CLR 1.1.4322; .NET CLR 2.0.50727)"
153.2.246.31 - - [20/Jul/2007:02:01:31 -0400] "GET /images/store_implant_section.jpg HTTP/1.0" 304 - "http://www.aceonlinestore.com/cgi-bin/lansaweb?procfun+wordpr01+webfunc+M37" "Mozilla/4.0 (compatible; MSIE 6.0; Windows NT 5.0; .NET CLR 1.1.4322; .NET CLR 2.0.50727)"
66.249.72.198 - - [20/Jul/2007:02:01:32 -0400] "GET /CGI-BIN/LANSAWEB?AIRADIO=D&ALSTCNT=CNTHOME&ALSTKEY=&ANEWCNT=&AOUITEM=0034196&AQSRKEY=&AR2DCNM=Membrane+Tacks&AR3DNAM=Bone+Grafting&AR4DCNM=&AWEBCNT=CNTHOME&AWEBCSTSAV=&AWEBCSTWRK=info&AWEBKEY=&AWEBSSN=L7C77124479E86836363E14E&AWORDSRC=&AYMAJORKEY=&SLSTCHN=10&SLSTDIV=0&SLSTPGN=0&SLSTSEQ=0&SLSTSEQMAX=0&SRCBOCD=&SRCINV=&SRCORD=&SRNCLAS=&SRNDIV=&SRNSUBS=&SRODIV=&SSAVDIV=0&SUBMIT.x=1&SUBMIT.y=1&SVODIV=&SWABOCD=0&SWAORD=0&SWEBCMP=1&SWEBID=1&SWEBORD=0&SWEBPRC=0.00&SWEBTOTVIR=0&SWSEQ=1&WEBEVENT%2BL7C7712447D78686E387EE4E%2BM37%2BENG=&_BUTTON=OK&_CALFLD=%26NULL&_COLORFLD=&_COLUMN=01&_EXCHALLBL=&_FUNCTION=WEBFUNC+&_LW3TRCID=&_NAME=%26NULL&_OFUNCTION=WEBFUNC&_OPROCESS=WORDPR01&_PANEL=WORDPR01++WEBFUNC001&_PARTITION=M37&_PROCESS=WORDPR01+&_ROW=01&_SELECT=00 HTTP/1.1" 408 514 "-" "Mozilla/5.0 (compatible; Googlebot/2.1; +http://www.google.com/bot.html)"
153.2.246.31 - - [20/Jul/2007:02:01:32 -0400] "GET /images/store_gauze_section.jpg HTTP/1.0" 304 - "http://www.aceonlinestore.com/cgi-bin/lansaweb?procfun+wordpr01+webfunc+M37" "Mozilla/4.0 (compatible; MSIE 6.0; Windows NT 5.0; .NET CLR 1.1.4322; .NET CLR 2.0.50727)"
153.2.246.31 - - [20/Jul/2007:02:01:32 -0400] "GET /images/store_handpc_section.jpg HTTP/1.0" 304 - "http://www.aceonlinestore.com/cgi-bin/lansaweb?procfun+wordpr01+webfunc+M37" "Mozilla/4.0 (compatible; MSIE 6.0; Windows NT 5.0; .NET CLR 1.1.4322; .NET CLR 2.0.50727)"
153.2.246.31 - - [20/Jul/2007:02:01:32 -0400] "GET /images/store_infection_section.jpg HTTP/1.0" 304 - "http://www.aceonlinestore.com/cgi-bin/lansaweb?procfun+wordpr01+webfunc+M37" "Mozilla/4.0 (compatible; MSIE 6.0; Windows NT 5.0; .NET CLR 1.1.4322; .NET CLR 2.0.50727)"
153.2.246.31 - - [20/Jul/2007:02:01:32 -0400] "GET /images/store_instr_section.jpg HTTP/1.0" 304 - "http://www.aceonlinestore.com/cgi-bin/lansaweb?procfun+wordpr01+webfunc+M37" "Mozilla/4.0 (compatible; MSIE 6.0; Windows NT 5.0; .NET CLR 1.1.4322; .NET CLR 2.0.50727)"
153.2.246.31 - - [20/Jul/2007:02:01:32 -0400] "GET /images/store_irrigate_section.gif HTTP/1.0" 304 - "http://www.aceonlinestore.com/cgi-bin/lansaweb?procfun+wordpr01+webfunc+M37" "Mozilla/4.0 (compatible; MSIE 6.0; Windows NT 5.0; .NET CLR 1.1.4322; .NET CLR 2.0.50727)"
153.2.246.31 - - [20/Jul/2007:02:01:32 -0400] "GET /images/store_iv_admin_section.jpg HTTP/1.0" 304 - "http://www.aceonlinestore.com/cgi-bin/lansaweb?procfun+wordpr01+webfunc+M37" "Mozilla/4.0 (compatible; MSIE 6.0; Windows NT 5.0; .NET CLR 1.1.4322; .NET CLR 2.0.50727)"
153.2.246.31 - - [20/Jul/2007:02:01:32 -0400] "GET /images/store_assess_section.jpg HTTP/1.0" 304 - "http://www.aceonlinestore.com/cgi-bin/lansaweb?procfun+wordpr01+webfunc+M37" "Mozilla/4.0 (compatible; MSIE 6.0; Windows NT 5.0; .NET CLR 1.1.4322; .NET CLR 2.0.50727)"
153.2.246.31 - - [20/Jul/2007:02:01:32 -0400] "GET /images/store_pharma_section.jpg HTTP/1.0" 304 - "http://www.aceonlinestore.com/cgi-bin/lansaweb?procfun+wordpr01+webfunc+M37" "Mozilla/4.0 (compatible; MSIE 6.0; Windows NT 5.0; .NET CLR 1.1.4322; .NET CLR 2.0.50727)"
153.2.246.31 - - [20/Jul/2007:02:01:32 -0400] "GET /images/store_sterile_section.jpg HTTP/1.0" 304 - "http://www.aceonlinestore.com/cgi-bin/lansaweb?procfun+wordpr01+webfunc+M37" "Mozilla/4.0 (compatible; MSIE 6.0; Windows NT 5.0; .NET CLR 1.1.4322; .NET CLR 2.0.50727)"
153.2.246.31 - - [20/Jul/2007:02:01:32 -0400] "GET /images/store_blades_section.jpg HTTP/1.0" 304 - "http://www.aceonlinestore.com/cgi-bin/lansaweb?procfun+wordpr01+webfunc+M37" "Mozilla/4.0 (compatible; MSIE 6.0; Windows NT 5.0; .NET CLR 1.1.4322; .NET CLR 2.0.50727)"
153.2.246.31 - - [20/Jul/2007:02:01:32 -0400] "GET /images/store_burs_section.jpg HTTP/1.0" 304 - "http://www.aceonlinestore.com/cgi-bin/lansaweb?procfun+wordpr01+webfunc+M37" "Mozilla/4.0 (compatible; MSIE 6.0; Windows NT 5.0; .NET CLR 1.1.4322; .NET CLR 2.0.50727)"
153.2.246.31 - - [20/Jul/2007:02:01:32 -0400] "GET /images/store_saws_section.jpg HTTP/1.0" 304 - "http://www.aceonlinestore.com/cgi-bin/lansaweb?procfun+wordpr01+webfunc+M37" "Mozilla/4.0 (compatible; MSIE 6.0; Windows NT 5.0; .NET CLR 1.1.4322; .NET CLR 2.0.50727)"
153.2.246.31 - - [20/Jul/2007:02:01:32 -0400] "GET /images/store_sutures_section.jpg HTTP/1.0" 304 - "http://www.aceonlinestore.com/cgi-bin/lansaweb?procfun+wordpr01+webfunc+M37" "Mozilla/4.0 (compatible; MSIE 6.0; Windows NT 5.0; .NET CLR 1.1.4322; .NET CLR 2.0.50727)"
153.2.246.31 - - [20/Jul/2007:02:01:33 -0400] "GET /images/store_syringe_section.jpg HTTP/1.0" 304 - "http://www.aceonlinestore.com/cgi-bin/lansaweb?procfun+wordpr01+webfunc+M37" "Mozilla/4.0 (compatible; MSIE 6.0; Windows NT 5.0; .NET CLR 1.1.4322; .NET CLR 2.0.50727)"
153.2.246.31 - - [20/Jul/2007:02:01:33 -0400] "GET /images/store_xray_section.jpg HTTP/1.0" 304 - "http://www.aceonlinestore.com/cgi-bin/lansaweb?procfun+wordpr01+webfunc+M37" "Mozilla/4.0 (compatible; MSIE 6.0; Windows NT 5.0; .NET CLR 1.1.4322; .NET CLR 2.0.50727)"
153.2.246.31 - - [20/Jul/2007:02:01:33 -0400] "GET /images/psearch_go-over.gif HTTP/1.0" 200 302 "http://www.aceonlinestore.com/cgi-bin/lansaweb?procfun+wordpr01+webfunc+M37" "Mozilla/4.0 (compatible; MSIE 6.0; Windows NT 5.0; .NET CLR 1.1.4322; .NET CLR 2.0.50727)"
153.2.246.31 - - [20/Jul/2007:02:01:36 -0400] "POST /CGI-BIN/LANSAWEB?WEBEVENT+L3D8A710E16D395002258001+M37+ENG HTTP/1.0" 200 38892 "http://www.aceonlinestore.com/cgi-bin/lansaweb?procfun+wordpr01+webfunc+M37" "Mozilla/4.0 (compatible; MSIE 6.0; Windows NT 5.0; .NET CLR 1.1.4322; .NET CLR 2.0.50727)"
38.99.203.110 - - [20/Jul/2007:02:01:19 -0400] "GET /logs/error_log.Q107061200 HTTP/1.1" 200 153976 "-" "panscient.com"
153.2.246.31 - - [20/Jul/2007:02:01:39 -0400] "GET /images/nav04_shop_off.jpg HTTP/1.0" 304 - "http://www.aceonlinestore.com/CGI-BIN/LANSAWEB?WEBEVENT+L3D8A710E16D395002258001+M37+ENG" "Mozilla/4.0 (compatible; MSIE 6.0; Windows NT 5.0; .NET CLR 1.1.4322; .NET CLR 2.0.50727)"
153.2.246.31 - - [20/Jul/2007:02:01:39 -0400] "GET /images/pf-a.gif HTTP/1.0" 304 - "http://www.aceonlinestore.com/CGI-BIN/LANSAWEB?WEBEVENT+L3D8A710E16D395002258001+M37+ENG" "Mozilla/4.0 (compatible; MSIE 6.0; Windows NT 5.0; .NET CLR 1.1.4322; .NET CLR 2.0.50727)"
153.2.246.31 - - [20/Jul/2007:02:01:39 -0400] "GET /images/space.gif HTTP/1.0" 304 - "http://www.aceonlinestore.com/CGI-BIN/LANSAWEB?WEBEVENT+L3D8A710E16D395002258001+M37+ENG" "Mozilla/4.0 (compatible; MSIE 6.0; Windows NT 5.0; .NET CLR 1.1.4322; .NET CLR 2.0.50727)"
66.249.72.198 - - [20/Jul/2007:02:01:46 -0400] "GET /CGI-BIN/LANSAWEB?AIRADIO=D&ALSTCNT=CNTHOME&ALSTKEY=&ANEWCNT=&AOUITEM=0034196&AQSRKEY=&AR2DCNM=Membrane+Tacks&AR3DNAM=Bone+Grafting&AR4DCNM=&AWEBCNT=CNTHOME&AWEBCSTSAV=&AWEBCSTWRK=secure&AWEBKEY=&AWEBSSN=L7C77124479E86836363E14E&AWORDSRC=&AYMAJORKEY=&SLSTCHN=10&SLSTDIV=0&SLSTPGN=0&SLSTSEQ=0&SLSTSEQMAX=0&SRCBOCD=&SRCINV=&SRCORD=&SRNCLAS=&SRNDIV=&SRNSUBS=&SRODIV=&SSAVDIV=0&SUBMIT.x=1&SUBMIT.y=1&SVODIV=&SWABOCD=0&SWAORD=0&SWEBCMP=1&SWEBID=1&SWEBORD=0&SWEBPRC=0.00&SWEBTOTVIR=0&SWSEQ=1&WEBEVENT%2BL7C7712447D78686E387EE4E%2BM37%2BENG=&_BUTTON=OK&_CALFLD=%26NULL&_COLORFLD=&_COLUMN=01&_EXCHALLBL=&_FUNCTION=WEBFUNC+&_LW3TRCID=&_NAME=%26NULL&_OFUNCTION=WEBFUNC&_OPROCESS=WORDPR01&_PANEL=WORDPR01++WEBFUNC001&_PARTITION=M37&_PROCESS=WORDPR01+&_ROW=01&_SELECT=00 HTTP/1.1" 408 514 "-" "Mozilla/5.0 (compatible; Googlebot/2.1; +http://www.google.com/bot.html)"
38.99.203.110 - - [20/Jul/2007:02:01:42 -0400] "GET /logs/error_log.Q107070200 HTTP/1.1" 200 151581 "-" "panscient.com"
66.249.72.198 - - [20/Jul/2007:02:02:02 -0400] "GET /CGI-BIN/LANSAWEB?AIRADIO=D&ALSTCNT=CNTHOME&ALSTKEY=&ANEWCNT=&AOUITEM=0034196&AQSRKEY=&AR2DCNM=Membrane+Tacks&AR3DNAM=Bone+Grafting&AR4DCNM=&AWEBCNT=CNTHOME&AWEBCSTSAV=&AWEBCSTWRK=supply&AWEBKEY=&AWEBSSN=L7C77124479E86836363E14E&AWORDSRC=&AYMAJORKEY=&SLSTCHN=10&SLSTDIV=0&SLSTPGN=0&SLSTSEQ=0&SLSTSEQMAX=0&SRCBOCD=&SRCINV=&SRCORD=&SRNCLAS=&SRNDIV=&SRNSUBS=&SRODIV=&SSAVDIV=0&SUBMIT.x=1&SUBMIT.y=1&SVODIV=&SWABOCD=0&SWAORD=0&SWEBCMP=1&SWEBID=1&SWEBORD=0&SWEBPRC=0.00&SWEBTOTVIR=0&SWSEQ=1&WEBEVENT%2BL7C7712447D78686E387EE4E%2BM37%2BENG=&_BUTTON=OK&_CALFLD=%26NULL&_COLORFLD=&_COLUMN=01&_EXCHALLBL=&_FUNCTION=WEBFUNC+&_LW3TRCID=&_NAME=%26NULL&_OFUNCTION=WEBFUNC&_OPROCESS=WORDPR01&_PANEL=WORDPR01++WEBFUNC001&_PARTITION=M37&_PROCESS=WORDPR01+&_ROW=01&_SELECT=00 HTTP/1.1" 408 514 "-" "Mozilla/5.0 (compatible; Googlebot/2.1; +http://www.google.com/bot.html)"
38.99.203.110 - - [20/Jul/2007:02:02:05 -0400] "GET /logs/error_log.Q107061300 HTTP/1.1" 200 67545 "-" "panscient.com"
38.99.203.110 - - [20/Jul/2007:02:02:17 -0400] "GET /logs/error_log.Q107052900 HTTP/1.1" 200 127998 "-" "panscient.com"
38.99.203.110 - - [20/Jul/2007:02:02:45 -0400] "GET /logs/error_log.Q107062900 HTTP/1.1" 200 67694 "-" "panscient.com"
38.99.203.110 - - [20/Jul/2007:02:02:56 -0400] "GET /logs/error_log.Q107060800 HTTP/1.1" 200 90127 "-" "panscient.com"
38.99.203.110 - - [20/Jul/2007:02:03:12 -0400] "GET /logs/error_log.Q107060900 HTTP/1.1" 200 22788 "-" "panscient.com"
38.99.203.110 - - [20/Jul/2007:02:03:18 -0400] "GET /logs/error_log.Q107071100 HTTP/1.1" 200 153004 "-" "panscient.com"
153.2.246.31 - - [20/Jul/2007:02:03:31 -0400] "POST /CGI-BIN/LANSAWEB?WEBEVENT+L3D8A7107167305003348001+M37+ENG HTTP/1.0" 200 43502 "http://www.aceonlinestore.com/CGI-BIN/LANSAWEB?WEBEVENT+L3D8A710E16D395002258001+M37+ENG" "Mozilla/4.0 (compatible; MSIE 6.0; Windows NT 5.0; .NET CLR 1.1.4322; .NET CLR 2.0.50727)"
38.99.203.110 - - [20/Jul/2007:02:03:40 -0400] "GET /logs/error_log.Q107070700 HTTP/1.1" 200 64674 "-" "panscient.com"
38.99.203.110 - - [20/Jul/2007:02:03:50 -0400] "GET /logs/error_log.Q107071500 HTTP/1.1" 200 39094 "-" "panscient.com"
38.99.203.110 - - [20/Jul/2007:02:04:06 -0400] "GET /logs/error_log.Q107071900 HTTP/1.1" 200 104502 "-" "panscient.com"
38.99.203.110 - - [20/Jul/2007:02:04:28 -0400] "GET /logs/error_log.Q107070500 HTTP/1.1" 200 141806 "-" "panscient.com"
38.99.203.110 - - [20/Jul/2007:02:04:57 -0400] "GET /logs/error_log.Q107070400 HTTP/1.1" 200 33193 "-" "panscient.com"
38.99.203.110 - - [20/Jul/2007:02:05:03 -0400] "GET /logs/error_log.Q107052600 HTTP/1.1" 200 24917 "-" "panscient.com"
209.59.12.99 - - [20/Jul/2007:02:05:15 -0400] "GET / HTTP/1.0" 200 367 "-" "check_http/1.81 (nagios-plugins 1.4)"
38.99.203.110 - - [20/Jul/2007:02:05:08 -0400] "GET /logs/error_log.Q107071800 HTTP/1.1" 200 121795 "-" "panscient.com"
38.99.203.110 - - [20/Jul/2007:02:05:34 -0400] "GET /logs/error_log.Q107062100 HTTP/1.1" 200 63686 "-" "panscient.com"
38.99.203.110 - - [20/Jul/2007:02:05:41 -0400] "GET /logs/error_log.Q107061900 HTTP/1.1" 200 120853 "-" "panscient.com"
38.99.203.110 - - [20/Jul/2007:02:05:59 -0400] "GET /logs/error_log.Q107060300 HTTP/1.1" 200 24971 "-" "panscient.com"
153.2.247.30 - - [20/Jul/2007:02:06:12 -0400] "POST /CGI-BIN/LANSAWEB?WEBEVENT+L3D8A71051C03B500A5B8001+M37+ENG HTTP/1.0" 200 38909 "http://www.aceonlinestore.com/CGI-BIN/LANSAWEB?WEBEVENT+L3D8A7107167305003348001+M37+ENG" "Mozilla/4.0 (compatible; MSIE 6.0; Windows NT 5.0; .NET CLR 1.1.4322; .NET CLR 2.0.50727)"
38.99.203.110 - - [20/Jul/2007:02:06:03 -0400] "GET /logs/error_log.Q107062000 HTTP/1.1" 200 103088 "-" "panscient.com"
38.99.203.110 - - [20/Jul/2007:02:06:47 -0400] "GET /logs/error_log.Q107062300 HTTP/1.1" 200 41411 "-" "panscient.com"
38.99.203.110 - - [20/Jul/2007:02:06:57 -0400] "GET /logs/error_log.Q107052000 HTTP/1.1" 200 41291 "-" "panscient.com"
72.15.212.126 - - [20/Jul/2007:02:07:35 -0400] "GET / HTTP/1.0" 200 367 "-" "Mozilla/4.0 (compatible; MSIE 5.0; Windows NT)"
72.15.212.126 - - [20/Jul/2007:02:07:35 -0400] "GET /Includes/ HTTP/1.0" 200 220 "-" "Mozilla/4.0 (compatible; MSIE 5.0; Windows NT)"
72.15.212.126 - - [20/Jul/2007:02:07:35 -0400] "GET /images/ HTTP/1.0" 200 47384 "-" "Mozilla/4.0 (compatible; MSIE 5.0; Windows NT)"
72.15.212.126 - - [20/Jul/2007:02:07:37 -0400] "GET /index.htm HTTP/1.0" 200 870 "-" "Mozilla/4.0 (compatible; MSIE 5.0; Windows NT)"
72.15.212.126 - - [20/Jul/2007:02:07:37 -0400] "GET /logs/ HTTP/1.0" 200 9056 "-" "Mozilla/4.0 (compatible; MSIE 5.0; Windows NT)"
72.15.212.126 - - [20/Jul/2007:02:07:37 -0400] "GET /scripts/ HTTP/1.0" 200 752 "-" "Mozilla/4.0 (compatible; MSIE 5.0; Windows NT)"
38.99.203.110 - - [20/Jul/2007:02:07:14 -0400] "GET /logs/error_log.Q107061000 HTTP/1.1" 200 85263 "-" "panscient.com"
38.99.203.110 - - [20/Jul/2007:02:07:55 -0400] "GET /logs/error_log.Q107052300 HTTP/1.1" 200 131335 "-" "panscient.com"
38.99.203.110 - - [20/Jul/2007:02:08:19 -0400] "GET /logs/error_log.Q107062200 HTTP/1.1" 200 65669 "-" "panscient.com"
38.99.203.110 - - [20/Jul/2007:02:08:29 -0400] "GET /logs/error_log.Q107062600 HTTP/1.1" 200 237577 "-" "panscient.com"
38.99.203.110 - - [20/Jul/2007:02:08:50 -0400] "GET /logs/error_log.Q107052200 HTTP/1.1" 200 167144 "-" "panscient.com"
38.99.203.110 - - [20/Jul/2007:02:09:06 -0400] "GET /logs/error_log.Q107061800 HTTP/1.1" 200 69299 "-" "panscient.com"
38.99.203.110 - - [20/Jul/2007:02:09:13 -0400] "GET /logs/error_log.Q107052100 HTTP/1.1" 200 147717 "-" "panscient.com"
38.99.203.110 - - [20/Jul/2007:02:09:24 -0400] "GET /logs/error_log.Q107060200 HTTP/1.1" 200 19074 "-" "panscient.com"
38.99.203.110 - - [20/Jul/2007:02:09:26 -0400] "GET /logs/error_log.Q107052700 HTTP/1.1" 200 63351 "-" "panscient.com"
38.99.203.110 - - [20/Jul/2007:02:09:32 -0400] "GET /logs/error_log.Q107062400 HTTP/1.1" 200 170476 "-" "panscient.com"
38.99.203.110 - - [20/Jul/2007:02:10:06 -0400] "GET /logs/error_log.Q107052400 HTTP/1.1" 200 48978 "-" "panscient.com"
209.59.12.99 - - [20/Jul/2007:02:10:15 -0400] "GET / HTTP/1.0" 200 367 "-" "check_http/1.81 (nagios-plugins 1.4)"
38.99.203.110 - - [20/Jul/2007:02:10:14 -0400] "GET /logs/error_log.Q107052500 HTTP/1.1" 200 77302 "-" "panscient.com"
38.99.203.110 - - [20/Jul/2007:02:10:30 -0400] "GET /logs/error_log.Q107062700 HTTP/1.1" 200 175027 "-" "panscient.com"
38.99.203.110 - - [20/Jul/2007:02:11:07 -0400] "GET /logs/error_log.Q107060100 HTTP/1.1" 200 71932 "-" "panscient.com"
38.99.203.110 - - [20/Jul/2007:02:11:17 -0400] "GET /logs/error_log.Q107071200 HTTP/1.1" 200 102316 "-" "panscient.com"
38.99.203.110 - - [20/Jul/2007:02:11:38 -0400] "GET /logs/error_log.Q107071000 HTTP/1.1" 200 87667 "-" "panscient.com"
38.99.203.110 - - [20/Jul/2007:02:12:07 -0400] "GET /logs/error_log.Q107071300 HTTP/1.1" 200 141900 "-" "panscient.com"
38.99.203.110 - - [20/Jul/2007:02:12:43 -0400] "GET /logs/error_log.Q107072000 HTTP/1.1" 200 3394 "-" "panscient.com"
38.99.203.110 - - [20/Jul/2007:02:12:56 -0400] "GET /logs/error_log.Q107051900 HTTP/1.1" 200 49616 "-" "panscient.com"
38.99.203.110 - - [20/Jul/2007:02:13:06 -0400] "GET /logs/error_log.Q107051800 HTTP/1.1" 200 100992 "-" "panscient.com"
153.2.247.31 - - [20/Jul/2007:02:13:57 -0400] "POST /CGI-BIN/LANSAWEB?WEBEVENT+L3D8A720E1183C5003718001+M37+ENG HTTP/1.0" 200 38903 "http://www.aceonlinestore.com/CGI-BIN/LANSAWEB?WEBEVENT+L3D8A71051C03B500A5B8001+M37+ENG" "Mozilla/4.0 (compatible; MSIE 6.0; Windows NT 5.0; .NET CLR 1.1.4322; .NET CLR 2.0.50727)"
38.99.203.110 - - [20/Jul/2007:02:13:38 -0400] "GET /logs/error_log.Q107062800 HTTP/1.1" 200 114357 "-" "panscient.com"
38.99.203.110 - - [20/Jul/2007:02:14:06 -0400] "GET /logs/error_log.Q107070800 HTTP/1.1" 200 38170 "-" "panscient.com"
38.99.203.110 - - [20/Jul/2007:02:14:14 -0400] "GET /logs/error_log.Q107070600 HTTP/1.1" 200 126147 "-" "panscient.com"
153.2.247.31 - - [20/Jul/2007:02:14:44 -0400] "GET /cgi-bin/lansaweb?procfun+wordpr01+webfunc+M37 HTTP/1.0" 200 38205 "http://www.acesurgical.com/home_July07.html" "Mozilla/4.0 (compatible; MSIE 6.0; Windows NT 5.0; .NET CLR 1.1.4322; .NET CLR 2.0.50727)"
153.2.247.31 - - [20/Jul/2007:02:14:52 -0400] "POST /CGI-BIN/LANSAWEB?WEBEVENT+L3D8A74051AA3150024F8002+M37+ENG HTTP/1.0" 200 38903 "http://www.aceonlinestore.com/cgi-bin/lansaweb?procfun+wordpr01+webfunc+M37" "Mozilla/4.0 (compatible; MSIE 6.0; Windows NT 5.0; .NET CLR 1.1.4322; .NET CLR 2.0.50727)"
38.99.203.110 - - [20/Jul/2007:02:14:49 -0400] "GET /logs/error_log.Q107060400 HTTP/1.1" 200 100299 "-" "panscient.com"
209.59.12.99 - - [20/Jul/2007:02:15:14 -0400] "GET / HTTP/1.0" 200 367 "-" "check_http/1.81 (nagios-plugins 1.4)"
38.99.203.110 - - [20/Jul/2007:02:15:27 -0400] "GET /logs/error_log.Q107070900 HTTP/1.1" 200 114344 "-" "panscient.com"
38.99.203.110 - - [20/Jul/2007:02:15:54 -0400] "GET /logs/error_log.Q107053000 HTTP/1.1" 200 79311 "-" "panscient.com"
38.99.203.110 - - [20/Jul/2007:02:16:25 -0400] "GET /logs/error_log.Q107053100 HTTP/1.1" 200 115138 "-" "panscient.com"
38.99.203.110 - - [20/Jul/2007:02:17:14 -0400] "GET /logs/error_log.Q107060500 HTTP/1.1" 200 96789 "-" "panscient.com"
38.99.203.110 - - [20/Jul/2007:02:17:27 -0400] "GET /logs/error_log.Q107071600 HTTP/1.1" 200 151273 "-" "panscient.com"
38.99.203.110 - - [20/Jul/2007:02:18:20 -0400] "GET /logs/error_log.Q107060700 HTTP/1.1" 200 58758 "-" "panscient.com"
38.99.203.110 - - [20/Jul/2007:02:18:47 -0400] "GET /logs/error_log.Q107071400 HTTP/1.1" 200 24463 "-" "panscient.com"
38.99.203.110 - - [20/Jul/2007:02:18:50 -0400] "GET /logs/error_log.Q107071700 HTTP/1.1" 200 110881 "-" "panscient.com"
38.99.203.110 - - [20/Jul/2007:02:19:14 -0400] "GET /logs/error_log.Q107062500 HTTP/1.1" 200 93622 "-" "panscient.com"
38.99.203.110 - - [20/Jul/2007:02:19:31 -0400] "GET /logs/error_log.Q107060600 HTTP/1.1" 200 75646 "-" "panscient.com"
38.99.203.110 - - [20/Jul/2007:02:19:46 -0400] "GET /logs/access_log.Q107070900 HTTP/1.1" 200 3869647 "-" "panscient.com"
209.59.12.99 - - [20/Jul/2007:02:20:15 -0400] "GET / HTTP/1.0" 200 367 "-" "check_http/1.81 (nagios-plugins 1.4)"
38.99.203.110 - - [20/Jul/2007:02:19:47 -0400] "GET /logs/access_log.Q107051600 HTTP/1.1" 200 301279 "-" "panscient.com"
153.2.246.30 - - [20/Jul/2007:02:20:38 -0400] "GET /images/ace_logo_top_over.jpg HTTP/1.0" 200 2616 "http://www.aceonlinestore.com/CGI-BIN/LANSAWEB?WEBEVENT+L3D8A74051AA3150024F8002+M37+ENG" "Mozilla/4.0 (compatible; MSIE 6.0; Windows NT 5.0; .NET CLR 1.1.4322; .NET CLR 2.0.50727)"
153.2.246.30 - - [20/Jul/2007:02:20:42 -0400] "POST /CGI-BIN/LANSAWEB?WEBEVENT+L3D8A740E16F395002E58002+M37+ENG HTTP/1.0" 200 38929 "http://www.aceonlinestore.com/CGI-BIN/LANSAWEB?WEBEVENT+L3D8A74051AA3150024F8002+M37+ENG" "Mozilla/4.0 (compatible; MSIE 6.0; Windows NT 5.0; .NET CLR 1.1.4322; .NET CLR 2.0.50727)"
38.99.203.110 - - [20/Jul/2007:02:20:42 -0400] "GET /logs/access_log.Q107070800 HTTP/1.1" 200 746033 "-" "panscient.com"
38.99.203.110 - - [20/Jul/2007:02:21:43 -0400] "GET /logs/access_log.Q107062900 HTTP/1.1" 200 2025609 "-" "panscient.com"
38.99.203.110 - - [20/Jul/2007:02:21:44 -0400] "GET /logs/access_log.Q107060100 HTTP/1.1" 200 3001380 "-" "panscient.com"
38.99.203.110 - - [20/Jul/2007:02:21:47 -0400] "GET /logs/access_log.Q107062800 HTTP/1.1" 200 2644594 "-" "panscient.com"
38.99.203.110 - - [20/Jul/2007:02:21:48 -0400] "GET /logs/access_log.Q107051900 HTTP/1.1" 200 985882 "-" "panscient.com"
38.99.203.110 - - [20/Jul/2007:02:22:44 -0400] "GET /logs/access_log.Q107071400 HTTP/1.1" 200 371980 "-" "panscient.com"
38.99.203.110 - - [20/Jul/2007:02:23:06 -0400] "GET /logs/access_log.Q107071500 HTTP/1.1" 200 739823 "-" "panscient.com"
38.99.203.110 - - [20/Jul/2007:02:24:06 -0400] "GET /logs/access_log.Q107060700 HTTP/1.1" 200 3448286 "-" "panscient.com"
38.99.203.110 - - [20/Jul/2007:02:24:07 -0400] "GET /logs/access_log.Q107070300 HTTP/1.1" 200 2244964 "-" "panscient.com"
38.99.203.110 - - [20/Jul/2007:02:24:08 -0400] "GET /logs/access_log.Q107060600 HTTP/1.1" 200 2658706 "-" "panscient.com"
38.99.203.110 - - [20/Jul/2007:02:24:09 -0400] "GET /logs/access_log.Q107060200 HTTP/1.1" 200 814311 "-" "panscient.com"
38.99.203.110 - - [20/Jul/2007:02:25:12 -0400] "GET /logs/access_log.Q107053100 HTTP/1.1" 200 2934640 "-" "panscient.com"
38.99.203.110 - - [20/Jul/2007:02:25:14 -0400] "GET /logs/access_log.Q107071600 HTTP/1.1" 200 3525628 "-" "panscient.com"
209.59.12.99 - - [20/Jul/2007:02:25:15 -0400] "GET / HTTP/1.0" 200 367 "-" "check_http/1.81 (nagios-plugins 1.4)"
38.99.203.110 - - [20/Jul/2007:02:25:15 -0400] "GET /logs/access_log.Q107053000 HTTP/1.1" 200 2613153 "-" "panscient.com"
38.99.203.110 - - [20/Jul/2007:02:25:16 -0400] "GET /logs/access_log.Q107070700 HTTP/1.1" 200 981738 "-" "panscient.com"
153.2.246.30 - - [20/Jul/2007:02:26:15 -0400] "GET /images/nav04_conven_over.jpg HTTP/1.0" 200 1587 "http://www.aceonlinestore.com/CGI-BIN/LANSAWEB?WEBEVENT+L3D8A740E16F395002E58002+M37+ENG" "Mozilla/4.0 (compatible; MSIE 6.0; Windows NT 5.0; .NET CLR 1.1.4322; .NET CLR 2.0.50727)"
38.99.203.110 - - [20/Jul/2007:02:26:12 -0400] "GET /logs/access_log.Q107060300 HTTP/1.1" 200 548872 "-" "panscient.com"
38.99.203.110 - - [20/Jul/2007:02:26:57 -0400] "GET /logs/access_log.Q107070400 HTTP/1.1" 200 1306644 "-" "panscient.com"
38.99.203.110 - - [20/Jul/2007:02:27:03 -0400] "GET /logs/access_log.Q107071900 HTTP/1.1" 200 3360342 "-" "panscient.com"
38.99.203.110 - - [20/Jul/2007:02:27:04 -0400] "GET /logs/access_log.Q107052200 HTTP/1.1" 200 3794564 "-" "panscient.com"
38.99.203.110 - - [20/Jul/2007:02:27:06 -0400] "GET /logs/access_log.Q107070500 HTTP/1.1" 200 2848706 "-" "panscient.com"
38.99.203.110 - - [20/Jul/2007:02:27:07 -0400] "GET /logs/access_log.Q107071700 HTTP/1.1" 200 3133465 "-" "panscient.com"
38.99.203.110 - - [20/Jul/2007:02:27:08 -0400] "GET /logs/access_log.Q107071800 HTTP/1.1" 200 3742357 "-" "panscient.com"
38.99.203.110 - - [20/Jul/2007:02:27:09 -0400] "GET /logs/access_log.Q107062500 HTTP/1.1" 200 3230553 "-" "panscient.com"
38.99.203.110 - - [20/Jul/2007:02:27:13 -0400] "GET /logs/access_log.Q107062400 HTTP/1.1" 200 831369 "-" "panscient.com"
38.99.203.110 - - [20/Jul/2007:02:28:18 -0400] "GET /logs/access_log.Q107071100 HTTP/1.1" 200 3422017 "-" "panscient.com"
38.99.203.110 - - [20/Jul/2007:02:28:19 -0400] "GET /logs/access_log.Q107070200 HTTP/1.1" 200 3311280 "-" "panscient.com"
38.99.203.110 - - [20/Jul/2007:02:28:20 -0400] "GET /logs/access_log.Q107062600 HTTP/1.1" 200 4409472 "-" "panscient.com"
38.99.203.110 - - [20/Jul/2007:02:28:21 -0400] "GET /logs/access_log.Q107071000 HTTP/1.1" 200 2376025 "-" "panscient.com"
38.99.203.110 - - [20/Jul/2007:02:28:22 -0400] "GET /logs/access_log.Q107052300 HTTP/1.1" 200 2869884 "-" "panscient.com"
209.59.12.99 - - [20/Jul/2007:02:30:14 -0400] "GET / HTTP/1.0" 200 367 "-" "check_http/1.81 (nagios-plugins 1.4)"
38.99.203.110 - - [20/Jul/2007:02:28:37 -0400] "GET /logs/access_log.Q107052000 HTTP/1.1" 200 957991 "-" "panscient.com"
38.99.203.110 - - [20/Jul/2007:02:31:07 -0400] "GET /logs/access_log.Q107052000 HTTP/1.1" 200 957991 "-" "panscient.com"
38.99.203.110 - - [20/Jul/2007:02:33:40 -0400] "GET /logs/access_log.Q107062700 HTTP/1.1" 200 3729852 "-" "panscient.com"
38.99.203.110 - - [20/Jul/2007:02:33:48 -0400] "GET /logs/access_log.Q107072000 HTTP/1.1" 200 95264 "-" "panscient.com"
209.59.12.99 - - [20/Jul/2007:02:35:15 -0400] "GET / HTTP/1.0" 200 367 "-" "check_http/1.81 (nagios-plugins 1.4)"
66.249.72.198 - - [20/Jul/2007:02:38:58 -0400] "GET /CGI-BIN/LANSAWEB?AIRADIO=D&ALSTCNT=CNTHOME&ALSTKEY=&ANEWCNT=&AOUITEM=0034196&AQSRKEY=&AR2DCNM=Membrane+Tacks&AR3DNAM=Bone+Grafting&AR4DCNM=&AWEBCNT=CNTHOME&AWEBCSTSAV=&AWEBCSTWRK=sign&AWEBKEY=&AWEBSSN=L7C77124479E86836363E14E&AWORDSRC=&AYMAJORKEY=&SLSTCHN=10&SLSTDIV=0&SLSTPGN=0&SLSTSEQ=0&SLSTSEQMAX=0&SRCBOCD=&SRCINV=&SRCORD=&SRNCLAS=&SRNDIV=&SRNSUBS=&SRODIV=&SSAVDIV=0&SUBMIT.x=1&SUBMIT.y=1&SVODIV=&SWABOCD=0&SWAORD=0&SWEBCMP=1&SWEBID=1&SWEBORD=0&SWEBPRC=0.00&SWEBTOTVIR=0&SWSEQ=1&WEBEVENT%2BL7C7712447D78686E387EE4E%2BM37%2BENG=&_BUTTON=OK&_CALFLD=%26NULL&_COLORFLD=&_COLUMN=01&_EXCHALLBL=&_FUNCTION=WEBFUNC+&_LW3TRCID=&_NAME=%26NULL&_OFUNCTION=WEBFUNC&_OPROCESS=WORDPR01&_PANEL=WORDPR01++WEBFUNC001&_PARTITION=M37&_PROCESS=WORDPR01+&_ROW=01&_SELECT=00 HTTP/1.1" 408 514 "-" "Mozilla/5.0 (compatible; Googlebot/2.1; +http://www.google.com/bot.html)"
209.59.12.99 - - [20/Jul/2007:02:40:15 -0400] "GET / HTTP/1.0" 200 367 "-" "check_http/1.81 (nagios-plugins 1.4)"
209.59.12.99 - - [20/Jul/2007:02:45:15 -0400] "GET / HTTP/1.0" 200 367 "-" "check_http/1.81 (nagios-plugins 1.4)"
192.138.72.196 - - [20/Jul/2007:02:49:33 -0400] "GET /images/nav04_contact_off.jpg HTTP/1.1" 304 - "-" "Mozilla/4.0 (compatible;)"
192.138.72.196 - - [20/Jul/2007:02:49:35 -0400] "GET /images/nav_upper_bgrd.jpg HTTP/1.1" 304 - "-" "Mozilla/4.0 (compatible;)"
192.138.72.196 - - [20/Jul/2007:02:49:42 -0400] "GET /images/sale_promo-icon.gif HTTP/1.1" 304 - "-" "Mozilla/4.0 (compatible;)"
192.138.72.196 - - [20/Jul/2007:02:49:44 -0400] "GET /images/nav_store_head.jpg HTTP/1.1" 304 - "-" "Mozilla/4.0 (compatible;)"
192.138.72.196 - - [20/Jul/2007:02:49:46 -0400] "GET /images/login.gif HTTP/1.1" 304 - "-" "Mozilla/4.0 (compatible;)"
192.138.72.196 - - [20/Jul/2007:02:50:02 -0400] "GET /images/ace_logo_bottom.jpg HTTP/1.1" 304 - "-" "Mozilla/4.0 (compatible;)"
192.138.72.196 - - [20/Jul/2007:02:50:03 -0400] "GET /images/spacer.gif HTTP/1.1" 304 - "-" "Mozilla/4.0 (compatible;)"
192.138.72.196 - - [20/Jul/2007:02:50:12 -0400] "GET /images/nav04_conven_off.jpg HTTP/1.1" 304 - "-" "Mozilla/4.0 (compatible;)"
209.59.12.99 - - [20/Jul/2007:02:50:15 -0400] "GET / HTTP/1.0" 200 367 "-" "check_http/1.81 (nagios-plugins 1.4)"
192.138.72.196 - - [20/Jul/2007:02:50:19 -0400] "GET /images/nav04_shop_over.jpg HTTP/1.1" 304 - "-" "Mozilla/4.0 (compatible;)"
192.138.72.196 - - [20/Jul/2007:02:50:28 -0400] "GET /images/psearch_go.gif HTTP/1.1" 304 - "-" "Mozilla/4.0 (compatible;)"
192.138.72.196 - - [20/Jul/2007:02:50:36 -0400] "GET /images/nav04_download_off.jpg HTTP/1.1" 304 - "-" "Mozilla/4.0 (compatible;)"
192.138.72.196 - - [20/Jul/2007:02:50:38 -0400] "GET /images/nav04_shop_off.jpg HTTP/1.1" 304 - "-" "Mozilla/4.0 (compatible;)"
192.138.72.196 - - [20/Jul/2007:02:50:56 -0400] "GET /images/nav04_about_off.jpg HTTP/1.1" 304 - "-" "Mozilla/4.0 (compatible;)"
192.138.72.196 - - [20/Jul/2007:02:50:58 -0400] "GET /images/ace_logo_top.jpg HTTP/1.1" 304 - "-" "Mozilla/4.0 (compatible;)"
192.138.72.196 - - [20/Jul/2007:02:51:00 -0400] "GET /images/login_go.gif HTTP/1.1" 304 - "-" "Mozilla/4.0 (compatible;)"
192.138.72.196 - - [20/Jul/2007:02:51:18 -0400] "GET /images/nav_lower_bgrd.jpg HTTP/1.1" 304 - "-" "Mozilla/4.0 (compatible;)"
192.138.72.196 - - [20/Jul/2007:02:51:23 -0400] "GET /images/nav_store_index_off.jpg HTTP/1.1" 304 - "-" "Mozilla/4.0 (compatible;)"
66.249.72.198 - - [20/Jul/2007:02:52:50 -0400] "GET /CGI-BIN/LANSAWEB?WEBEVENT+L2D609E0F8A92A400F66800J+M37+ENG HTTP/1.1" 500 197 "-" "Mozilla/5.0 (compatible; Googlebot/2.1; +http://www.google.com/bot.html)"
