205.188.117.80 - - [22/Jul/2007:01:20:15 -0400] "GET /images/index3_cylinder.jpg HTTP/1.1" 200 1390 "http://www.aceonlinestore.com/CGI-BIN/LANSAWEB?WEBEVENT+L7D8CEA031DE3C4004D0809H+M37+ENG" "Mozilla/4.0 (compatible; MSIE 7.0; AOL 9.0; Windows NT 5.1; .NET CLR 1.0.3705)"
205.188.116.12 - - [22/Jul/2007:01:20:16 -0400] "GET /images/index3_imp_air.jpg HTTP/1.1" 200 1763 "http://www.aceonlinestore.com/CGI-BIN/LANSAWEB?WEBEVENT+L7D8CEA031DE3C4004D0809H+M37+ENG" "Mozilla/4.0 (compatible; MSIE 7.0; AOL 9.0; Windows NT 5.1; .NET CLR 1.0.3705)"
205.188.117.133 - - [22/Jul/2007:01:20:16 -0400] "GET /images/index3_crestonome.jpg HTTP/1.1" 200 1509 "http://www.aceonlinestore.com/CGI-BIN/LANSAWEB?WEBEVENT+L7D8CEA031DE3C4004D0809H+M37+ENG" "Mozilla/4.0 (compatible; MSIE 7.0; AOL 9.0; Windows NT 5.1; .NET CLR 1.0.3705)"
205.188.117.79 - - [22/Jul/2007:01:20:16 -0400] "GET /images/index3_kirschner.jpg HTTP/1.1" 200 2017 "http://www.aceonlinestore.com/CGI-BIN/LANSAWEB?WEBEVENT+L7D8CEA031DE3C4004D0809H+M37+ENG" "Mozilla/4.0 (compatible; MSIE 7.0; AOL 9.0; Windows NT 5.1; .NET CLR 1.0.3705)"
205.188.117.16 - - [22/Jul/2007:01:20:16 -0400] "GET /images/index3_lindemann.jpg HTTP/1.1" 200 3788 "http://www.aceonlinestore.com/CGI-BIN/LANSAWEB?WEBEVENT+L7D8CEA031DE3C4004D0809H+M37+ENG" "Mozilla/4.0 (compatible; MSIE 7.0; AOL 9.0; Windows NT 5.1; .NET CLR 1.0.3705)"
205.188.116.140 - - [22/Jul/2007:01:20:16 -0400] "GET /images/index3.ovalbone.jpg HTTP/1.1" 200 2959 "http://www.aceonlinestore.com/CGI-BIN/LANSAWEB?WEBEVENT+L7D8CEA031DE3C4004D0809H+M37+ENG" "Mozilla/4.0 (compatible; MSIE 7.0; AOL 9.0; Windows NT 5.1; .NET CLR 1.0.3705)"
205.188.117.13 - - [22/Jul/2007:01:20:17 -0400] "GET /images/index3.roundburs.jpg HTTP/1.1" 200 3260 "http://www.aceonlinestore.com/CGI-BIN/LANSAWEB?WEBEVENT+L7D8CEA031DE3C4004D0809H+M37+ENG" "Mozilla/4.0 (compatible; MSIE 7.0; AOL 9.0; Windows NT 5.1; .NET CLR 1.0.3705)"
205.188.116.203 - - [22/Jul/2007:01:20:17 -0400] "GET /images/index3_sinus.jpg HTTP/1.1" 200 1410 "http://www.aceonlinestore.com/CGI-BIN/LANSAWEB?WEBEVENT+L7D8CEA031DE3C4004D0809H+M37+ENG" "Mozilla/4.0 (compatible; MSIE 7.0; AOL 9.0; Windows NT 5.1; .NET CLR 1.0.3705)"
205.188.116.7 - - [22/Jul/2007:01:20:18 -0400] "GET /images/index3_whiteburs.jpg HTTP/1.1" 200 2734 "http://www.aceonlinestore.com/CGI-BIN/LANSAWEB?WEBEVENT+L7D8CEA031DE3C4004D0809H+M37+ENG" "Mozilla/4.0 (compatible; MSIE 7.0; AOL 9.0; Windows NT 5.1; .NET CLR 1.0.3705)"
205.188.116.209 - - [22/Jul/2007:01:20:19 -0400] "GET /images/index3.taperburs HTTP/1.1" 404 221 "http://www.aceonlinestore.com/CGI-BIN/LANSAWEB?WEBEVENT+L7D8CEA031DE3C4004D0809H+M37+ENG" "Mozilla/4.0 (compatible; MSIE 7.0; AOL 9.0; Windows NT 5.1; .NET CLR 1.0.3705)"
205.188.117.133 - - [22/Jul/2007:01:20:19 -0400] "GET /images/index3_trephine.jpg HTTP/1.1" 200 5563 "http://www.aceonlinestore.com/CGI-BIN/LANSAWEB?WEBEVENT+L7D8CEA031DE3C4004D0809H+M37+ENG" "Mozilla/4.0 (compatible; MSIE 7.0; AOL 9.0; Windows NT 5.1; .NET CLR 1.0.3705)"
205.188.116.72 - - [22/Jul/2007:01:20:22 -0400] "GET /images/over-index3_kirschner.jpg HTTP/1.1" 200 1577 "http://www.aceonlinestore.com/CGI-BIN/LANSAWEB?WEBEVENT+L7D8CEA031DE3C4004D0809H+M37+ENG" "Mozilla/4.0 (compatible; MSIE 7.0; AOL 9.0; Windows NT 5.1; .NET CLR 1.0.3705)"
205.188.116.73 - - [22/Jul/2007:01:20:33 -0400] "GET /images/over-index3_cylinder.jpg HTTP/1.1" 200 1099 "http://www.aceonlinestore.com/CGI-BIN/LANSAWEB?WEBEVENT+L7D8CEA031DE3C4004D0809H+M37+ENG" "Mozilla/4.0 (compatible; MSIE 7.0; AOL 9.0; Windows NT 5.1; .NET CLR 1.0.3705)"
209.59.12.99 - - [22/Jul/2007:01:24:52 -0400] "GET / HTTP/1.0" 200 367 "-" "check_http/1.81 (nagios-plugins 1.4)"
209.59.12.99 - - [22/Jul/2007:01:29:52 -0400] "GET / HTTP/1.0" 200 367 "-" "check_http/1.81 (nagios-plugins 1.4)"
209.59.12.99 - - [22/Jul/2007:01:35:19 -0400] "GET / HTTP/1.0" 200 367 "-" "check_http/1.81 (nagios-plugins 1.4)"
209.59.12.99 - - [22/Jul/2007:01:40:20 -0400] "GET / HTTP/1.0" 200 367 "-" "check_http/1.81 (nagios-plugins 1.4)"
66.249.72.198 - - [22/Jul/2007:01:40:40 -0400] "GET /images/LCALEN.HTM HTTP/1.1" 200 7943 "-" "Mozilla/5.0 (compatible; Googlebot/2.1; +http://www.google.com/bot.html)"
209.59.12.99 - - [22/Jul/2007:01:45:19 -0400] "GET / HTTP/1.0" 200 367 "-" "check_http/1.81 (nagios-plugins 1.4)"
209.59.12.99 - - [22/Jul/2007:01:50:19 -0400] "GET / HTTP/1.0" 200 367 "-" "check_http/1.81 (nagios-plugins 1.4)"
209.59.12.99 - - [22/Jul/2007:01:55:20 -0400] "GET / HTTP/1.0" 200 367 "-" "check_http/1.81 (nagios-plugins 1.4)"
209.59.12.99 - - [22/Jul/2007:02:00:19 -0400] "GET / HTTP/1.0" 200 367 "-" "check_http/1.81 (nagios-plugins 1.4)"
209.59.12.99 - - [22/Jul/2007:02:05:19 -0400] "GET / HTTP/1.0" 200 367 "-" "check_http/1.81 (nagios-plugins 1.4)"
209.59.12.99 - - [22/Jul/2007:02:10:20 -0400] "GET / HTTP/1.0" 200 367 "-" "check_http/1.81 (nagios-plugins 1.4)"
209.59.12.99 - - [22/Jul/2007:02:15:29 -0400] "GET / HTTP/1.0" 200 367 "-" "check_http/1.81 (nagios-plugins 1.4)"
209.59.12.99 - - [22/Jul/2007:02:20:29 -0400] "GET / HTTP/1.0" 200 367 "-" "check_http/1.81 (nagios-plugins 1.4)"
209.59.12.99 - - [22/Jul/2007:02:25:29 -0400] "GET / HTTP/1.0" 200 367 "-" "check_http/1.81 (nagios-plugins 1.4)"
209.167.50.27 - - [22/Jul/2007:02:29:59 -0400] "GET /robots.txt HTTP/1.1" 404 208 "www.seventwentyfour.com/" "LinkWalker/2.0"
209.167.50.27 - - [22/Jul/2007:02:29:59 -0400] "GET / HTTP/1.1" 200 367 "http://www.dentalonline.net/kaynaklaralisveris.HTM" "LinkWalker/2.0"
209.167.50.27 - - [22/Jul/2007:02:30:14 -0400] "GET /index.htm HTTP/1.1" 200 870 "-" "LinkWalker/2.0"
209.59.12.99 - - [22/Jul/2007:02:30:28 -0400] "GET / HTTP/1.0" 200 367 "-" "check_http/1.81 (nagios-plugins 1.4)"
209.167.50.27 - - [22/Jul/2007:02:30:29 -0400] "GET /images/ HTTP/1.1" 200 47384 "-" "LinkWalker/2.0"
209.167.50.27 - - [22/Jul/2007:02:30:44 -0400] "GET /scripts/ HTTP/1.1" 200 752 "-" "LinkWalker/2.0"
209.167.50.27 - - [22/Jul/2007:02:30:59 -0400] "GET /logs/ HTTP/1.1" 200 9324 "-" "LinkWalker/2.0"
209.167.50.27 - - [22/Jul/2007:02:31:15 -0400] "GET /Includes/ HTTP/1.1" 200 220 "-" "LinkWalker/2.0"
209.167.50.27 - - [22/Jul/2007:02:31:29 -0400] "GET /scripts/browser_konq.js HTTP/1.1" 200 6887 "-" "LinkWalker/2.0"
209.167.50.27 - - [22/Jul/2007:02:31:44 -0400] "GET /scripts/dqm_loader.js HTTP/1.1" 200 3374 "-" "LinkWalker/2.0"
209.167.50.27 - - [22/Jul/2007:02:31:59 -0400] "GET /scripts/browser_ns.js HTTP/1.1" 200 9437 "-" "LinkWalker/2.0"
209.167.50.27 - - [22/Jul/2007:02:32:14 -0400] "GET /scripts/browser_opera.js HTTP/1.1" 200 8040 "-" "LinkWalker/2.0"
209.167.50.27 - - [22/Jul/2007:02:32:30 -0400] "GET /scripts/browser_ie.js HTTP/1.1" 200 10686 "-" "LinkWalker/2.0"
209.167.50.27 - - [22/Jul/2007:02:32:44 -0400] "GET /scripts/browser_opera7.js HTTP/1.1" 200 8675 "-" "LinkWalker/2.0"
209.167.50.27 - - [22/Jul/2007:02:33:00 -0400] "GET /scripts/browser_ice.js HTTP/1.1" 200 7226 "-" "LinkWalker/2.0"
209.167.50.27 - - [22/Jul/2007:02:33:14 -0400] "GET /scripts/browser_ee.js HTTP/1.1" 200 10423 "-" "LinkWalker/2.0"
209.167.50.27 - - [22/Jul/2007:02:33:29 -0400] "GET /scripts/browser_ns6.js HTTP/1.1" 200 8373 "-" "LinkWalker/2.0"
209.167.50.27 - - [22/Jul/2007:02:33:44 -0400] "GET /scripts/mydata.js HTTP/1.1" 200 5585 "-" "LinkWalker/2.0"
209.167.50.27 - - [22/Jul/2007:02:33:59 -0400] "GET /logs/access_log.Q107071600 HTTP/1.1" 200 3525628 "-" "LinkWalker/2.0"
209.167.50.27 - - [22/Jul/2007:02:34:15 -0400] "GET /logs/access_log.Q107071800 HTTP/1.1" 200 3742357 "-" "LinkWalker/2.0"
209.167.50.27 - - [22/Jul/2007:02:34:29 -0400] "GET /logs/access_log.Q107062200 HTTP/1.1" 200 1815546 "-" "LinkWalker/2.0"
209.167.50.27 - - [22/Jul/2007:02:34:45 -0400] "GET /logs/access_log.Q107052900 HTTP/1.1" 200 3369645 "-" "LinkWalker/2.0"
209.167.50.27 - - [22/Jul/2007:02:34:59 -0400] "GET /logs/error_log.Q107061000 HTTP/1.1" 200 85263 "-" "LinkWalker/2.0"
209.167.50.27 - - [22/Jul/2007:02:35:14 -0400] "GET /logs/error_log.Q107072000 HTTP/1.1" 200 47502 "-" "LinkWalker/2.0"
209.59.12.99 - - [22/Jul/2007:02:35:29 -0400] "GET / HTTP/1.0" 200 367 "-" "check_http/1.81 (nagios-plugins 1.4)"
209.167.50.27 - - [22/Jul/2007:02:35:30 -0400] "GET /logs/access_log.Q107052200 HTTP/1.1" 200 3794564 "-" "LinkWalker/2.0"
209.167.50.27 - - [22/Jul/2007:02:35:44 -0400] "GET /logs/access_log.Q107060500 HTTP/1.1" 200 3203183 "-" "LinkWalker/2.0"
209.167.50.27 - - [22/Jul/2007:02:36:00 -0400] "GET /logs/access_log.Q107060200 HTTP/1.1" 200 814311 "-" "LinkWalker/2.0"
209.167.50.27 - - [22/Jul/2007:02:36:14 -0400] "GET /logs/error_log.Q107061300 HTTP/1.1" 200 67545 "-" "LinkWalker/2.0"
209.167.50.27 - - [22/Jul/2007:02:36:30 -0400] "GET /logs/access_log.Q107060800 HTTP/1.1" 200 2972073 "-" "LinkWalker/2.0"
128.194.135.94 - - [22/Jul/2007:02:36:38 -0400] "GET /images/_notes/nav_store_fav_over_r1_c3.jpg.mno HTTP/1.1" 200 210 "-" "IRLbot/3.0 (compatible; MSIE 6.0; http://irl.cs.tamu.edu/crawler)"
209.167.50.27 - - [22/Jul/2007:02:36:45 -0400] "GET /logs/error_log.Q107062100 HTTP/1.1" 200 63686 "-" "LinkWalker/2.0"
209.167.50.27 - - [22/Jul/2007:02:36:59 -0400] "GET /logs/access_log.Q107061300 HTTP/1.1" 200 2982670 "-" "LinkWalker/2.0"
209.167.50.27 - - [22/Jul/2007:02:37:15 -0400] "GET /logs/error_log.Q107051700 HTTP/1.1" 200 153817 "-" "LinkWalker/2.0"
128.194.135.94 - - [22/Jul/2007:02:37:20 -0400] "GET /images/_notes/ace_bkgrd_white_r1_c2.jpg.mno HTTP/1.1" 200 254 "-" "IRLbot/3.0 (compatible; MSIE 6.0; http://irl.cs.tamu.edu/crawler)"
209.167.50.27 - - [22/Jul/2007:02:37:29 -0400] "GET /logs/access_log.Q107063000 HTTP/1.1" 200 1170276 "-" "LinkWalker/2.0"
209.167.50.27 - - [22/Jul/2007:02:37:45 -0400] "GET /logs/access_log.Q107060100 HTTP/1.1" 200 3001380 "-" "LinkWalker/2.0"
209.167.50.27 - - [22/Jul/2007:02:37:59 -0400] "GET /logs/error_log.Q107070500 HTTP/1.1" 200 141806 "-" "LinkWalker/2.0"
128.194.135.94 - - [22/Jul/2007:02:38:07 -0400] "GET /images/_notes/nav_lower_bgrd.jpg.mno HTTP/1.1" 200 266 "-" "IRLbot/3.0 (compatible; MSIE 6.0; http://irl.cs.tamu.edu/crawler)"
209.167.50.27 - - [22/Jul/2007:02:38:15 -0400] "GET /logs/access_log.Q107061100 HTTP/1.1" 200 2487501 "-" "LinkWalker/2.0"
209.167.50.27 - - [22/Jul/2007:02:38:30 -0400] "GET /logs/error_log.Q107052500 HTTP/1.1" 200 77302 "-" "LinkWalker/2.0"
209.167.50.27 - - [22/Jul/2007:02:38:44 -0400] "GET /logs/error_log.Q107052600 HTTP/1.1" 200 24917 "-" "LinkWalker/2.0"
128.194.135.94 - - [22/Jul/2007:02:38:56 -0400] "GET /images/_notes/download_cat_bone.jpg.mno HTTP/1.1" 200 260 "-" "IRLbot/3.0 (compatible; MSIE 6.0; http://irl.cs.tamu.edu/crawler)"
209.167.50.27 - - [22/Jul/2007:02:39:00 -0400] "GET /logs/access_log.Q107060600 HTTP/1.1" 200 2658706 "-" "LinkWalker/2.0"
209.167.50.27 - - [22/Jul/2007:02:39:14 -0400] "GET /logs/error_log.Q107061100 HTTP/1.1" 200 112972 "-" "LinkWalker/2.0"
209.167.50.27 - - [22/Jul/2007:02:39:30 -0400] "GET /logs/access_log.Q107051800 HTTP/1.1" 200 2816565 "-" "LinkWalker/2.0"
128.194.135.94 - - [22/Jul/2007:02:39:40 -0400] "GET /images/_notes/nav_store_fav_off_r1_c5.jpg.mno HTTP/1.1" 200 211 "-" "IRLbot/3.0 (compatible; MSIE 6.0; http://irl.cs.tamu.edu/crawler)"
209.167.50.27 - - [22/Jul/2007:02:39:45 -0400] "GET /logs/error_log.Q107062300 HTTP/1.1" 200 41411 "-" "LinkWalker/2.0"
209.167.50.27 - - [22/Jul/2007:02:40:00 -0400] "GET /logs/access_log.Q107061500 HTTP/1.1" 200 2074194 "-" "LinkWalker/2.0"
209.167.50.27 - - [22/Jul/2007:02:40:15 -0400] "GET /logs/access_log.Q107070700 HTTP/1.1" 200 981738 "-" "LinkWalker/2.0"
209.59.12.99 - - [22/Jul/2007:02:40:28 -0400] "GET / HTTP/1.0" 200 367 "-" "check_http/1.81 (nagios-plugins 1.4)"
209.167.50.27 - - [22/Jul/2007:02:40:29 -0400] "GET /logs/access_log.Q107071000 HTTP/1.1" 200 2376025 "-" "LinkWalker/2.0"
128.194.135.94 - - [22/Jul/2007:02:40:31 -0400] "GET /images/_notes/ace_bkgrd_wide_r3_c3.jpg.mno HTTP/1.1" 200 266 "-" "IRLbot/3.0 (compatible; MSIE 6.0; http://irl.cs.tamu.edu/crawler)"
209.167.50.27 - - [22/Jul/2007:02:40:45 -0400] "GET /logs/access_log.Q107072200 HTTP/1.1" 200 61659 "-" "LinkWalker/2.0"
209.167.50.27 - - [22/Jul/2007:02:41:00 -0400] "GET /logs/access_log.Q107061200 HTTP/1.1" 200 3130827 "-" "LinkWalker/2.0"
66.249.72.198 - - [22/Jul/2007:02:41:14 -0400] "GET /robots.txt HTTP/1.1" 404 208 "-" "Mozilla/5.0 (compatible; Googlebot/2.1; +http://www.google.com/bot.html)"
66.249.72.198 - - [22/Jul/2007:02:41:14 -0400] "GET /logs/error_log.Q107051800 HTTP/1.1" 304 - "-" "Mozilla/5.0 (compatible; Googlebot/2.1; +http://www.google.com/bot.html)"
209.167.50.27 - - [22/Jul/2007:02:41:15 -0400] "GET /logs/error_log.Q107071400 HTTP/1.1" 200 24463 "-" "LinkWalker/2.0"
128.194.135.94 - - [22/Jul/2007:02:41:17 -0400] "GET /images/_notes/ace_bkgrd_wide_r2_c1.gif.mno HTTP/1.1" 200 264 "-" "IRLbot/3.0 (compatible; MSIE 6.0; http://irl.cs.tamu.edu/crawler)"
209.167.50.27 - - [22/Jul/2007:02:41:30 -0400] "GET /logs/access_log.Q107052300 HTTP/1.1" 200 2869884 "-" "LinkWalker/2.0"
209.167.50.27 - - [22/Jul/2007:02:41:45 -0400] "GET /logs/access_log.Q107072100 HTTP/1.1" 200 734113 "-" "LinkWalker/2.0"
209.167.50.27 - - [22/Jul/2007:02:42:00 -0400] "GET /logs/access_log.Q107052600 HTTP/1.1" 200 842205 "-" "LinkWalker/2.0"
128.194.135.94 - - [22/Jul/2007:02:42:07 -0400] "GET /images/_notes/store_anim_r2_c1_f5.gif.mno HTTP/1.1" 200 250 "-" "IRLbot/3.0 (compatible; MSIE 6.0; http://irl.cs.tamu.edu/crawler)"
209.167.50.27 - - [22/Jul/2007:02:42:14 -0400] "GET /logs/error_log.Q107060700 HTTP/1.1" 200 58758 "-" "LinkWalker/2.0"
209.167.50.27 - - [22/Jul/2007:02:42:30 -0400] "GET /logs/error_log.Q107070100 HTTP/1.1" 200 35478 "-" "LinkWalker/2.0"
209.167.50.27 - - [22/Jul/2007:02:42:45 -0400] "GET /logs/error_log.Q107062800 HTTP/1.1" 200 114357 "-" "LinkWalker/2.0"
128.194.135.94 - - [22/Jul/2007:02:42:54 -0400] "GET /images/_notes/store_anim_r2_c1_f3.gif.mno HTTP/1.1" 200 250 "-" "IRLbot/3.0 (compatible; MSIE 6.0; http://irl.cs.tamu.edu/crawler)"
209.167.50.27 - - [22/Jul/2007:02:43:00 -0400] "GET /logs/access_log.Q107071700 HTTP/1.1" 200 3133465 "-" "LinkWalker/2.0"
209.167.50.27 - - [22/Jul/2007:02:43:15 -0400] "GET /logs/error_log.Q107071100 HTTP/1.1" 200 153004 "-" "LinkWalker/2.0"
209.167.50.27 - - [22/Jul/2007:02:43:30 -0400] "GET /logs/error_log.Q107070800 HTTP/1.1" 200 38170 "-" "LinkWalker/2.0"
128.194.135.94 - - [22/Jul/2007:02:43:43 -0400] "GET /images/_notes/banner_connect_off_r2_c1.gif.mno HTTP/1.1" 200 255 "-" "IRLbot/3.0 (compatible; MSIE 6.0; http://irl.cs.tamu.edu/crawler)"
209.167.50.27 - - [22/Jul/2007:02:43:45 -0400] "GET /logs/error_log.Q107062700 HTTP/1.1" 200 175027 "-" "LinkWalker/2.0"
209.167.50.27 - - [22/Jul/2007:02:44:00 -0400] "GET /logs/error_log.Q107061900 HTTP/1.1" 200 120853 "-" "LinkWalker/2.0"
209.167.50.27 - - [22/Jul/2007:02:44:15 -0400] "GET /logs/access_log.Q107052000 HTTP/1.1" 200 957991 "-" "LinkWalker/2.0"
209.167.50.27 - - [22/Jul/2007:02:44:30 -0400] "GET /logs/access_log.Q107053100 HTTP/1.1" 200 2934640 "-" "LinkWalker/2.0"
209.167.50.27 - - [22/Jul/2007:02:44:45 -0400] "GET /logs/access_log.Q107070200 HTTP/1.1" 200 3311280 "-" "LinkWalker/2.0"
209.167.50.27 - - [22/Jul/2007:02:45:00 -0400] "GET /logs/access_log.Q107061700 HTTP/1.1" 200 748099 "-" "LinkWalker/2.0"
209.167.50.27 - - [22/Jul/2007:02:45:15 -0400] "GET /logs/error_log.Q107062900 HTTP/1.1" 200 67694 "-" "LinkWalker/2.0"
209.59.12.99 - - [22/Jul/2007:02:45:28 -0400] "GET / HTTP/1.0" 200 367 "-" "check_http/1.81 (nagios-plugins 1.4)"
209.167.50.27 - - [22/Jul/2007:02:45:30 -0400] "GET /logs/access_log.Q107053000 HTTP/1.1" 200 2613153 "-" "LinkWalker/2.0"
209.167.50.27 - - [22/Jul/2007:02:45:46 -0400] "GET /logs/access_log.Q107062900 HTTP/1.1" 200 2025609 "-" "LinkWalker/2.0"
209.167.50.27 - - [22/Jul/2007:02:46:00 -0400] "GET /logs/access_log.Q107052700 HTTP/1.1" 200 1115113 "-" "LinkWalker/2.0"
209.167.50.27 - - [22/Jul/2007:02:46:15 -0400] "GET /logs/error_log.Q107051800 HTTP/1.1" 200 100992 "-" "LinkWalker/2.0"
209.167.50.27 - - [22/Jul/2007:02:46:30 -0400] "GET /logs/error_log.Q107053100 HTTP/1.1" 200 115138 "-" "LinkWalker/2.0"
209.167.50.27 - - [22/Jul/2007:02:46:45 -0400] "GET /logs/error_log.Q107052800 HTTP/1.1" 200 44200 "-" "LinkWalker/2.0"
209.167.50.27 - - [22/Jul/2007:02:47:01 -0400] "GET /logs/error_log.Q107052900 HTTP/1.1" 200 127998 "-" "LinkWalker/2.0"
209.167.50.27 - - [22/Jul/2007:02:47:15 -0400] "GET /logs/access_log.Q107061400 HTTP/1.1" 200 4300603 "-" "LinkWalker/2.0"
209.167.50.27 - - [22/Jul/2007:02:47:31 -0400] "GET /logs/error_log.Q107062600 HTTP/1.1" 200 237577 "-" "LinkWalker/2.0"
209.167.50.27 - - [22/Jul/2007:02:47:45 -0400] "GET /logs/access_log.Q107070500 HTTP/1.1" 200 2848706 "-" "LinkWalker/2.0"
209.167.50.27 - - [22/Jul/2007:02:48:00 -0400] "GET /logs/access_log.Q107052800 HTTP/1.1" 200 1249621 "-" "LinkWalker/2.0"
209.167.50.27 - - [22/Jul/2007:02:48:15 -0400] "GET /logs/access_log.Q107062400 HTTP/1.1" 200 831369 "-" "LinkWalker/2.0"
209.167.50.27 - - [22/Jul/2007:02:48:30 -0400] "GET /logs/access_log.Q107071100 HTTP/1.1" 200 3422017 "-" "LinkWalker/2.0"
209.167.50.27 - - [22/Jul/2007:02:48:46 -0400] "GET /logs/access_log.Q107051900 HTTP/1.1" 200 985882 "-" "LinkWalker/2.0"
209.167.50.27 - - [22/Jul/2007:02:49:00 -0400] "GET /logs/error_log.Q107060600 HTTP/1.1" 200 75646 "-" "LinkWalker/2.0"
209.167.50.27 - - [22/Jul/2007:02:49:16 -0400] "GET /logs/error_log.Q107070300 HTTP/1.1" 200 83119 "-" "LinkWalker/2.0"
209.167.50.27 - - [22/Jul/2007:02:49:30 -0400] "GET /logs/error_log.Q107070600 HTTP/1.1" 200 126147 "-" "LinkWalker/2.0"
209.167.50.27 - - [22/Jul/2007:02:49:45 -0400] "GET /logs/error_log.Q107061800 HTTP/1.1" 200 69299 "-" "LinkWalker/2.0"
209.167.50.27 - - [22/Jul/2007:02:50:01 -0400] "GET /logs/access_log.Q107061000 HTTP/1.1" 200 645670 "-" "LinkWalker/2.0"
209.167.50.27 - - [22/Jul/2007:02:50:15 -0400] "GET /logs/error_log.Q107070700 HTTP/1.1" 200 64674 "-" "LinkWalker/2.0"
209.59.12.99 - - [22/Jul/2007:02:50:29 -0400] "GET / HTTP/1.0" 200 367 "-" "check_http/1.81 (nagios-plugins 1.4)"
209.167.50.27 - - [22/Jul/2007:02:50:31 -0400] "GET /logs/access_log.Q107070400 HTTP/1.1" 200 1306644 "-" "LinkWalker/2.0"
209.167.50.27 - - [22/Jul/2007:02:50:45 -0400] "GET /logs/error_log.Q107061700 HTTP/1.1" 200 34865 "-" "LinkWalker/2.0"
209.167.50.27 - - [22/Jul/2007:02:51:01 -0400] "GET /logs/access_log.Q107071300 HTTP/1.1" 200 3826109 "-" "LinkWalker/2.0"
209.167.50.27 - - [22/Jul/2007:02:51:16 -0400] "GET /logs/error_log.Q107062400 HTTP/1.1" 200 170476 "-" "LinkWalker/2.0"
209.167.50.27 - - [22/Jul/2007:02:51:30 -0400] "GET /logs/error_log.Q107062200 HTTP/1.1" 200 65669 "-" "LinkWalker/2.0"
209.167.50.27 - - [22/Jul/2007:02:51:46 -0400] "GET /logs/access_log.Q107062800 HTTP/1.1" 200 2644594 "-" "LinkWalker/2.0"
209.167.50.27 - - [22/Jul/2007:02:52:00 -0400] "GET /logs/access_log.Q107052400 HTTP/1.1" 200 964705 "-" "LinkWalker/2.0"
209.167.50.27 - - [22/Jul/2007:02:52:16 -0400] "GET /logs/error_log.Q107051600 HTTP/1.1" 200 12852 "-" "LinkWalker/2.0"
209.167.50.27 - - [22/Jul/2007:02:52:30 -0400] "GET /logs/error_log.Q107051900 HTTP/1.1" 200 49616 "-" "LinkWalker/2.0"
209.167.50.27 - - [22/Jul/2007:02:52:46 -0400] "GET /logs/access_log.Q107061600 HTTP/1.1" 200 638695 "-" "LinkWalker/2.0"
209.167.50.27 - - [22/Jul/2007:02:53:01 -0400] "GET /logs/access_log.Q107062100 HTTP/1.1" 200 2702163 "-" "LinkWalker/2.0"
209.167.50.27 - - [22/Jul/2007:02:53:15 -0400] "GET /logs/access_log.Q107070800 HTTP/1.1" 200 746033 "-" "LinkWalker/2.0"
209.167.50.27 - - [22/Jul/2007:02:53:31 -0400] "GET /logs/error_log.Q107071200 HTTP/1.1" 200 102316 "-" "LinkWalker/2.0"
209.167.50.27 - - [22/Jul/2007:02:53:45 -0400] "GET /logs/error_log.Q107071500 HTTP/1.1" 200 39094 "-" "LinkWalker/2.0"
209.167.50.27 - - [22/Jul/2007:02:54:01 -0400] "GET /logs/access_log.Q107070900 HTTP/1.1" 200 3869647 "-" "LinkWalker/2.0"
209.167.50.27 - - [22/Jul/2007:02:54:16 -0400] "GET /logs/access_log.Q107060400 HTTP/1.1" 200 3180899 "-" "LinkWalker/2.0"
209.167.50.27 - - [22/Jul/2007:02:54:31 -0400] "GET /logs/error_log.Q107060800 HTTP/1.1" 200 90127 "-" "LinkWalker/2.0"
209.167.50.27 - - [22/Jul/2007:02:54:46 -0400] "GET /logs/access_log.Q107051600 HTTP/1.1" 200 301279 "-" "LinkWalker/2.0"
209.167.50.27 - - [22/Jul/2007:02:55:00 -0400] "GET /logs/access_log.Q107060300 HTTP/1.1" 200 548872 "-" "LinkWalker/2.0"
209.167.50.27 - - [22/Jul/2007:02:55:16 -0400] "GET /logs/error_log.Q107060300 HTTP/1.1" 200 24971 "-" "LinkWalker/2.0"
209.59.12.99 - - [22/Jul/2007:02:55:29 -0400] "GET / HTTP/1.0" 200 367 "-" "check_http/1.81 (nagios-plugins 1.4)"
209.167.50.27 - - [22/Jul/2007:02:55:30 -0400] "GET /logs/access_log.Q107071400 HTTP/1.1" 200 371980 "-" "LinkWalker/2.0"
209.167.50.27 - - [22/Jul/2007:02:55:46 -0400] "GET /logs/error_log.Q107071600 HTTP/1.1" 200 151273 "-" "LinkWalker/2.0"
209.167.50.27 - - [22/Jul/2007:02:56:01 -0400] "GET /logs/access_log.Q107061900 HTTP/1.1" 200 3387262 "-" "LinkWalker/2.0"
209.167.50.27 - - [22/Jul/2007:02:56:16 -0400] "GET /logs/error_log.Q107062500 HTTP/1.1" 200 93622 "-" "LinkWalker/2.0"
209.167.50.27 - - [22/Jul/2007:02:56:31 -0400] "GET /logs/error_log.Q107071300 HTTP/1.1" 200 141900 "-" "LinkWalker/2.0"
209.167.50.27 - - [22/Jul/2007:02:56:45 -0400] "GET /logs/error_log.Q107071700 HTTP/1.1" 200 110881 "-" "LinkWalker/2.0"
209.167.50.27 - - [22/Jul/2007:02:57:01 -0400] "GET /logs/error_log.Q107071900 HTTP/1.1" 200 104502 "-" "LinkWalker/2.0"
209.167.50.27 - - [22/Jul/2007:02:57:19 -0400] "GET /logs/access_log.Q107052500 HTTP/1.1" 200 2843701 "-" "LinkWalker/2.0"
209.167.50.27 - - [22/Jul/2007:02:57:31 -0400] "GET /logs/error_log.Q107052400 HTTP/1.1" 200 48978 "-" "LinkWalker/2.0"
209.167.50.27 - - [22/Jul/2007:02:57:46 -0400] "GET /logs/access_log.Q107071200 HTTP/1.1" 200 3244800 "-" "LinkWalker/2.0"
209.167.50.27 - - [22/Jul/2007:02:58:01 -0400] "GET /logs/access_log.Q107071500 HTTP/1.1" 200 739823 "-" "LinkWalker/2.0"
209.167.50.27 - - [22/Jul/2007:02:58:16 -0400] "GET /logs/access_log.Q107072000 HTTP/1.1" 200 2435513 "-" "LinkWalker/2.0"
209.167.50.27 - - [22/Jul/2007:02:58:31 -0400] "GET /logs/error_log.Q107061600 HTTP/1.1" 200 24515 "-" "LinkWalker/2.0"
209.167.50.27 - - [22/Jul/2007:02:58:46 -0400] "GET /logs/error_log.Q107063000 HTTP/1.1" 200 47629 "-" "LinkWalker/2.0"
209.167.50.27 - - [22/Jul/2007:02:59:01 -0400] "GET /logs/access_log.Q107070300 HTTP/1.1" 200 2244964 "-" "LinkWalker/2.0"
209.167.50.27 - - [22/Jul/2007:02:59:16 -0400] "GET /logs/error_log.Q107072100 HTTP/1.1" 200 39880 "-" "LinkWalker/2.0"
209.167.50.27 - - [22/Jul/2007:02:59:31 -0400] "GET /logs/error_log.Q107060200 HTTP/1.1" 200 19074 "-" "LinkWalker/2.0"
209.167.50.27 - - [22/Jul/2007:02:59:46 -0400] "GET /logs/access_log.Q107071900 HTTP/1.1" 200 3360342 "-" "LinkWalker/2.0"
209.167.50.27 - - [22/Jul/2007:03:00:01 -0400] "GET /logs/error_log.Q107052000 HTTP/1.1" 200 41291 "-" "LinkWalker/2.0"
209.167.50.27 - - [22/Jul/2007:03:00:16 -0400] "GET /logs/access_log.Q107062600 HTTP/1.1" 200 4409472 "-" "LinkWalker/2.0"
209.59.12.99 - - [22/Jul/2007:03:00:29 -0400] "GET / HTTP/1.0" 200 367 "-" "check_http/1.81 (nagios-plugins 1.4)"
209.167.50.27 - - [22/Jul/2007:03:00:31 -0400] "GET /logs/access_log.Q107062700 HTTP/1.1" 200 3729852 "-" "LinkWalker/2.0"
209.167.50.27 - - [22/Jul/2007:03:00:46 -0400] "GET /logs/access_log.Q107051700 HTTP/1.1" 200 3089678 "-" "LinkWalker/2.0"
209.167.50.27 - - [22/Jul/2007:03:01:01 -0400] "GET /logs/error_log.Q107071000 HTTP/1.1" 200 87667 "-" "LinkWalker/2.0"
209.167.50.27 - - [22/Jul/2007:03:01:16 -0400] "GET /logs/error_log.Q107052100 HTTP/1.1" 200 147717 "-" "LinkWalker/2.0"
209.167.50.27 - - [22/Jul/2007:03:01:32 -0400] "GET /logs/access_log.Q107060700 HTTP/1.1" 200 3448286 "-" "LinkWalker/2.0"
209.167.50.27 - - [22/Jul/2007:03:01:46 -0400] "GET /logs/error_log.Q107070200 HTTP/1.1" 200 151581 "-" "LinkWalker/2.0"
209.167.50.27 - - [22/Jul/2007:03:02:01 -0400] "GET /logs/access_log.Q107052100 HTTP/1.1" 200 3440926 "-" "LinkWalker/2.0"
209.167.50.27 - - [22/Jul/2007:03:02:16 -0400] "GET /logs/error_log.Q107070400 HTTP/1.1" 200 33193 "-" "LinkWalker/2.0"
209.167.50.27 - - [22/Jul/2007:03:02:31 -0400] "GET /logs/error_log.Q107061400 HTTP/1.1" 200 152917 "-" "LinkWalker/2.0"
209.167.50.27 - - [22/Jul/2007:03:02:47 -0400] "GET /logs/error_log.Q107061200 HTTP/1.1" 200 153976 "-" "LinkWalker/2.0"
209.167.50.27 - - [22/Jul/2007:03:03:01 -0400] "GET /logs/access_log.Q107062500 HTTP/1.1" 200 3230553 "-" "LinkWalker/2.0"
209.167.50.27 - - [22/Jul/2007:03:03:17 -0400] "GET /logs/access_log.Q107070600 HTTP/1.1" 200 3315733 "-" "LinkWalker/2.0"
209.167.50.27 - - [22/Jul/2007:03:03:31 -0400] "GET /logs/error_log.Q107060900 HTTP/1.1" 200 22788 "-" "LinkWalker/2.0"
209.167.50.27 - - [22/Jul/2007:03:03:46 -0400] "GET /logs/error_log.Q107052700 HTTP/1.1" 200 63351 "-" "LinkWalker/2.0"
209.167.50.27 - - [22/Jul/2007:03:04:01 -0400] "GET /logs/access_log.Q107062300 HTTP/1.1" 200 579091 "-" "LinkWalker/2.0"
209.167.50.27 - - [22/Jul/2007:03:04:16 -0400] "GET /logs/access_log.Q107070100 HTTP/1.1" 200 782594 "-" "LinkWalker/2.0"
209.167.50.27 - - [22/Jul/2007:03:04:32 -0400] "GET /logs/error_log.Q107061500 HTTP/1.1" 200 163398 "-" "LinkWalker/2.0"
209.167.50.27 - - [22/Jul/2007:03:04:46 -0400] "GET /logs/error_log.Q107062000 HTTP/1.1" 200 103088 "-" "LinkWalker/2.0"
209.167.50.27 - - [22/Jul/2007:03:05:02 -0400] "GET /logs/error_log.Q107060100 HTTP/1.1" 200 71932 "-" "LinkWalker/2.0"
209.167.50.27 - - [22/Jul/2007:03:05:16 -0400] "GET /logs/error_log.Q107070900 HTTP/1.1" 200 114344 "-" "LinkWalker/2.0"
209.59.12.99 - - [22/Jul/2007:03:05:29 -0400] "GET / HTTP/1.0" 200 367 "-" "check_http/1.81 (nagios-plugins 1.4)"
209.167.50.27 - - [22/Jul/2007:03:05:31 -0400] "GET /logs/access_log.Q107060900 HTTP/1.1" 200 711793 "-" "LinkWalker/2.0"
209.167.50.27 - - [22/Jul/2007:03:05:49 -0400] "GET /logs/error_log.Q107071800 HTTP/1.1" 200 121795 "-" "LinkWalker/2.0"
209.167.50.27 - - [22/Jul/2007:03:06:01 -0400] "GET /logs/error_log.Q107060500 HTTP/1.1" 200 96789 "-" "LinkWalker/2.0"
209.167.50.27 - - [22/Jul/2007:03:06:17 -0400] "GET /logs/error_log.Q107052200 HTTP/1.1" 200 167144 "-" "LinkWalker/2.0"
209.167.50.27 - - [22/Jul/2007:03:06:31 -0400] "GET /logs/error_log.Q107053000 HTTP/1.1" 200 79311 "-" "LinkWalker/2.0"
209.167.50.27 - - [22/Jul/2007:03:06:47 -0400] "GET /logs/access_log.Q107061800 HTTP/1.1" 200 3228430 "-" "LinkWalker/2.0"
209.167.50.27 - - [22/Jul/2007:03:07:01 -0400] "GET /logs/access_log.Q107062000 HTTP/1.1" 200 2834018 "-" "LinkWalker/2.0"
209.167.50.27 - - [22/Jul/2007:03:07:16 -0400] "GET /logs/error_log.Q107052300 HTTP/1.1" 200 131335 "-" "LinkWalker/2.0"
209.167.50.27 - - [22/Jul/2007:03:07:32 -0400] "GET /logs/error_log.Q107060400 HTTP/1.1" 200 100299 "-" "LinkWalker/2.0"
209.167.50.27 - - [22/Jul/2007:03:07:46 -0400] "GET /logs/error_log.Q107072200 HTTP/1.1" 200 1742 "-" "LinkWalker/2.0"
209.167.50.27 - - [22/Jul/2007:03:08:02 -0400] "GET /images/over-index5_retrctr.jpg HTTP/1.1" 200 2867 "-" "LinkWalker/2.0"
209.167.50.27 - - [22/Jul/2007:03:08:16 -0400] "GET /images/circle_about_over.jpg HTTP/1.1" 200 8017 "-" "LinkWalker/2.0"
209.167.50.27 - - [22/Jul/2007:03:08:32 -0400] "GET /images/circle_CD_coming.jpg HTTP/1.1" 200 5252 "-" "LinkWalker/2.0"
209.167.50.27 - - [22/Jul/2007:03:08:47 -0400] "GET /images/over-index5_surgscis.jpg HTTP/1.1" 200 2534 "-" "LinkWalker/2.0"
209.167.50.27 - - [22/Jul/2007:03:09:01 -0400] "GET /images/index_nuoss.jpg HTTP/1.1" 200 16069 "-" "LinkWalker/2.0"
209.167.50.27 - - [22/Jul/2007:03:09:17 -0400] "GET /images/nav04_products_over.jpg HTTP/1.1" 200 1285 "-" "LinkWalker/2.0"
209.167.50.27 - - [22/Jul/2007:03:09:31 -0400] "GET /images/bt_cal-b.gif HTTP/1.1" 200 506 "-" "LinkWalker/2.0"
209.167.50.27 - - [22/Jul/2007:03:09:47 -0400] "GET /images/index5_bonefrcps.jpg HTTP/1.1" 200 3587 "-" "LinkWalker/2.0"
209.167.50.27 - - [22/Jul/2007:03:10:01 -0400] "GET /images/index2_minblds.gif HTTP/1.1" 200 4244 "-" "LinkWalker/2.0"
209.167.50.27 - - [22/Jul/2007:03:10:17 -0400] "GET /images/index6_halfsheets.jpg HTTP/1.1" 200 1730 "-" "LinkWalker/2.0"
209.59.12.99 - - [22/Jul/2007:03:10:28 -0400] "GET / HTTP/1.0" 200 367 "-" "check_http/1.81 (nagios-plugins 1.4)"
209.167.50.27 - - [22/Jul/2007:03:10:32 -0400] "GET /images/bt_left-a.gif HTTP/1.1" 200 411 "-" "LinkWalker/2.0"
209.167.50.27 - - [22/Jul/2007:03:10:47 -0400] "GET /images/over-store_blades_section.jpg HTTP/1.1" 200 8357 "-" "LinkWalker/2.0"
209.167.50.27 - - [22/Jul/2007:03:11:02 -0400] "GET /images/download_autogft_lg.jpg HTTP/1.1" 200 20650 "-" "LinkWalker/2.0"
209.167.50.27 - - [22/Jul/2007:03:11:16 -0400] "GET /images/over-index7_look_sutures.jpg HTTP/1.1" 200 2933 "-" "LinkWalker/2.0"
209.167.50.27 - - [22/Jul/2007:03:11:32 -0400] "GET /images/over-index3_kirschner.jpg HTTP/1.1" 200 1577 "-" "LinkWalker/2.0"
209.167.50.27 - - [22/Jul/2007:03:11:47 -0400] "GET /images/spacer.gif HTTP/1.1" 200 55 "-" "LinkWalker/2.0"
209.167.50.27 - - [22/Jul/2007:03:12:02 -0400] "GET /images/over-index_bonemillsr.jpg HTTP/1.1" 200 2812 "-" "LinkWalker/2.0"
209.167.50.27 - - [22/Jul/2007:03:12:17 -0400] "GET /images/nav04_about_over.jpg HTTP/1.1" 200 1472 "-" "LinkWalker/2.0"
209.167.50.27 - - [22/Jul/2007:03:12:31 -0400] "GET /images/0034215_thumb.jpg HTTP/1.1" 200 1734 "-" "LinkWalker/2.0"
209.167.50.27 - - [22/Jul/2007:03:12:47 -0400] "GET /images/logo_1.gif HTTP/1.1" 200 382 "-" "LinkWalker/2.0"
209.167.50.27 - - [22/Jul/2007:03:13:02 -0400] "GET /images/over-index11_osseo.jpg HTTP/1.1" 200 2504 "-" "LinkWalker/2.0"
209.167.50.27 - - [22/Jul/2007:03:13:17 -0400] "GET /images/download_CD_lg.jpg HTTP/1.1" 200 18592 "-" "LinkWalker/2.0"
209.167.50.27 - - [22/Jul/2007:03:13:32 -0400] "GET /images/over-index4_surhandacc.jpg HTTP/1.1" 200 4604 "-" "LinkWalker/2.0"
209.167.50.27 - - [22/Jul/2007:03:13:47 -0400] "GET /images/7473000_full.jpg HTTP/1.1" 200 31507 "-" "LinkWalker/2.0"
209.167.50.27 - - [22/Jul/2007:03:14:02 -0400] "GET /images/index3_sinus.jpg HTTP/1.1" 200 1410 "-" "LinkWalker/2.0"
209.167.50.27 - - [22/Jul/2007:03:14:16 -0400] "GET /images/over-index11_compass.jpg HTTP/1.1" 200 3141 "-" "LinkWalker/2.0"
209.167.50.27 - - [22/Jul/2007:03:14:32 -0400] "GET /images/over-store_xray_section.jpg HTTP/1.1" 200 7946 "-" "LinkWalker/2.0"
209.167.50.27 - - [22/Jul/2007:03:14:47 -0400] "GET /images/login_go.gif HTTP/1.1" 200 296 "-" "LinkWalker/2.0"
209.167.50.27 - - [22/Jul/2007:03:15:02 -0400] "GET /images/index4_accessories.jpg HTTP/1.1" 200 4426 "-" "LinkWalker/2.0"
209.167.50.27 - - [22/Jul/2007:03:15:17 -0400] "GET /images/contact_fax_over.jpg HTTP/1.1" 200 4058 "-" "LinkWalker/2.0"
209.59.12.99 - - [22/Jul/2007:03:15:28 -0400] "GET / HTTP/1.0" 200 367 "-" "check_http/1.81 (nagios-plugins 1.4)"
209.167.50.27 - - [22/Jul/2007:03:15:32 -0400] "GET /images/over-index_orthoscrew.jpg HTTP/1.1" 200 12452 "-" "LinkWalker/2.0"
209.167.50.27 - - [22/Jul/2007:03:15:47 -0400] "GET /images/over-index_bone.jpg HTTP/1.1" 200 1741 "-" "LinkWalker/2.0"
209.167.50.27 - - [22/Jul/2007:03:16:02 -0400] "GET /images/over-index8_Acegz.jpg HTTP/1.1" 200 2192 "-" "LinkWalker/2.0"
209.167.50.27 - - [22/Jul/2007:03:16:17 -0400] "GET /images/download_cat_X.jpg HTTP/1.1" 200 4526 "-" "LinkWalker/2.0"
209.167.50.27 - - [22/Jul/2007:03:16:32 -0400] "GET /images/index2_csblades.jpg HTTP/1.1" 200 3428 "-" "LinkWalker/2.0"
209.167.50.27 - - [22/Jul/2007:03:16:47 -0400] "GET /images/over-index2_surgicalblades.jpg HTTP/1.1" 200 1677 "-" "LinkWalker/2.0"
209.167.50.27 - - [22/Jul/2007:03:17:02 -0400] "GET /images/nav_store_ckout_blue.jpg HTTP/1.1" 200 1212 "-" "LinkWalker/2.0"
209.167.50.27 - - [22/Jul/2007:03:17:17 -0400] "GET /images/688275_full.jpg HTTP/1.1" 200 10987 "-" "LinkWalker/2.0"
209.167.50.27 - - [22/Jul/2007:03:17:32 -0400] "GET /images/over-index7_ethsutures.jpg HTTP/1.1" 200 3398 "-" "LinkWalker/2.0"
209.167.50.27 - - [22/Jul/2007:03:17:47 -0400] "GET /images/index10_atlas.jpg HTTP/1.1" 200 3715 "-" "LinkWalker/2.0"
209.167.50.27 - - [22/Jul/2007:03:18:02 -0400] "GET /images/index6_icepacks.jpg HTTP/1.1" 200 5263 "-" "LinkWalker/2.0"
209.167.50.27 - - [22/Jul/2007:03:18:17 -0400] "GET /images/over-index3_whiteburs.jpg HTTP/1.1" 200 2198 "-" "LinkWalker/2.0"
209.167.50.27 - - [22/Jul/2007:03:18:32 -0400] "GET /images/nav04_home_over.jpg HTTP/1.1" 200 1063 "-" "LinkWalker/2.0"
209.167.50.27 - - [22/Jul/2007:03:18:47 -0400] "GET /images/larger_icons.png HTTP/1.1" 200 156925 "-" "LinkWalker/2.0"
209.167.50.27 - - [22/Jul/2007:03:19:03 -0400] "GET /images/index5_rootelv.jpg HTTP/1.1" 200 3266 "-" "LinkWalker/2.0"
209.167.50.27 - - [22/Jul/2007:03:19:17 -0400] "GET /images/9600050_full.jpg HTTP/1.1" 200 8053 "-" "LinkWalker/2.0"
209.167.50.27 - - [22/Jul/2007:03:19:33 -0400] "GET /images/contact_mail.jpg HTTP/1.1" 200 3441 "-" "LinkWalker/2.0"
209.167.50.27 - - [22/Jul/2007:03:19:47 -0400] "GET /images/index16_proapron.jpg HTTP/1.1" 200 3956 "-" "LinkWalker/2.0"
209.167.50.27 - - [22/Jul/2007:03:20:02 -0400] "GET /images/bt_fill-a.gif HTTP/1.1" 200 68 "-" "LinkWalker/2.0"
209.167.50.27 - - [22/Jul/2007:03:20:17 -0400] "GET /images/over-index7_hufriedy_sutures.jpg HTTP/1.1" 200 3081 "-" "LinkWalker/2.0"
209.59.12.99 - - [22/Jul/2007:03:20:29 -0400] "GET / HTTP/1.0" 200 367 "-" "check_http/1.81 (nagios-plugins 1.4)"
209.167.50.27 - - [22/Jul/2007:03:20:32 -0400] "GET /images/over-index_rcm.jpg HTTP/1.1" 200 1953 "-" "LinkWalker/2.0"
209.167.50.27 - - [22/Jul/2007:03:20:48 -0400] "GET /images/store_pharma_section.jpg HTTP/1.1" 200 7953 "-" "LinkWalker/2.0"
209.167.50.27 - - [22/Jul/2007:03:21:02 -0400] "GET /images/over-index19_stethosc.jpg HTTP/1.1" 200 2373 "-" "LinkWalker/2.0"
209.167.50.27 - - [22/Jul/2007:03:21:18 -0400] "GET /images/over-index5_plstcfill.jpg HTTP/1.1" 200 1750 "-" "LinkWalker/2.0"
209.167.50.27 - - [22/Jul/2007:03:21:32 -0400] "GET /images/menu_arrow.gif HTTP/1.1" 200 127 "-" "LinkWalker/2.0"
209.167.50.27 - - [22/Jul/2007:03:21:47 -0400] "GET /images/store_xray_section.jpg HTTP/1.1" 200 8861 "-" "LinkWalker/2.0"
209.167.50.27 - - [22/Jul/2007:03:22:03 -0400] "GET /images/index8_Ace_stergz.jpg HTTP/1.1" 200 2762 "-" "LinkWalker/2.0"
209.167.50.27 - - [22/Jul/2007:03:22:17 -0400] "GET /images/over-index18_needlcomb.jpg HTTP/1.1" 200 2153 "-" "LinkWalker/2.0"
209.167.50.27 - - [22/Jul/2007:03:22:33 -0400] "GET /images/home_welcome2.jpg HTTP/1.1" 200 28129 "-" "LinkWalker/2.0"
209.167.50.27 - - [22/Jul/2007:03:22:47 -0400] "GET /images/over-index6_bibs&towls.jpg HTTP/1.1" 200 2767 "-" "LinkWalker/2.0"
209.167.50.27 - - [22/Jul/2007:03:23:03 -0400] "GET /images/index_tacking_over.jpg HTTP/1.1" 200 2656 "-" "LinkWalker/2.0"
209.167.50.27 - - [22/Jul/2007:03:23:17 -0400] "GET /images/over-index9_%20cannula.jpg HTTP/1.1" 200 1675 "-" "LinkWalker/2.0"
209.167.50.27 - - [22/Jul/2007:03:23:32 -0400] "GET /images/index_screws_over.jpg HTTP/1.1" 200 2516 "-" "LinkWalker/2.0"
209.167.50.27 - - [22/Jul/2007:03:23:48 -0400] "GET /images/circle_CD_video.jpg HTTP/1.1" 200 5770 "-" "LinkWalker/2.0"
209.167.50.27 - - [22/Jul/2007:03:24:02 -0400] "GET /images/over-index3_cylinder.jpg HTTP/1.1" 200 1099 "-" "LinkWalker/2.0"
209.167.50.27 - - [22/Jul/2007:03:24:18 -0400] "GET /images/nav04_login_over.jpg HTTP/1.1" 200 1057 "-" "LinkWalker/2.0"
209.167.50.27 - - [22/Jul/2007:03:24:32 -0400] "GET /images/index6_scaps.jpg HTTP/1.1" 200 3814 "-" "LinkWalker/2.0"
209.167.50.27 - - [22/Jul/2007:03:24:48 -0400] "GET /images/login_go-over.gif HTTP/1.1" 200 302 "-" "LinkWalker/2.0"
209.167.50.27 - - [22/Jul/2007:03:25:03 -0400] "GET /images/over-store_irrigate_section.gif HTTP/1.1" 200 7421 "-" "LinkWalker/2.0"
209.167.50.27 - - [22/Jul/2007:03:25:17 -0400] "GET /images/processcard.gif HTTP/1.1" 200 420 "-" "LinkWalker/2.0"
209.59.12.99 - - [22/Jul/2007:03:25:28 -0400] "GET / HTTP/1.0" 200 367 "-" "check_http/1.81 (nagios-plugins 1.4)"
209.167.50.27 - - [22/Jul/2007:03:25:33 -0400] "GET /images/store_sutures_section.jpg HTTP/1.1" 200 28375 "-" "LinkWalker/2.0"
209.167.50.27 - - [22/Jul/2007:03:25:47 -0400] "GET /images/index2_minblds.jpg HTTP/1.1" 200 4362 "-" "LinkWalker/2.0"
209.167.50.27 - - [22/Jul/2007:03:26:03 -0400] "GET /images/0034211_full.jpg HTTP/1.1" 200 17733 "-" "LinkWalker/2.0"
209.167.50.27 - - [22/Jul/2007:03:26:18 -0400] "GET /images/over-index4_hoses.jpg HTTP/1.1" 200 2436 "-" "LinkWalker/2.0"
209.167.50.27 - - [22/Jul/2007:03:26:33 -0400] "GET /images/store_saws_sec_over.jpg HTTP/1.1" 200 9138 "-" "LinkWalker/2.0"
209.167.50.27 - - [22/Jul/2007:03:26:48 -0400] "GET /images/circle_about_off.jpg HTTP/1.1" 200 7916 "-" "LinkWalker/2.0"
209.167.50.27 - - [22/Jul/2007:03:27:02 -0400] "GET /images/nav04_orderhistory_over.jpg HTTP/1.1" 200 1620 "-" "LinkWalker/2.0"
209.167.50.27 - - [22/Jul/2007:03:27:18 -0400] "GET /images/nav_store_index.jpg HTTP/1.1" 200 805 "-" "LinkWalker/2.0"
209.167.50.27 - - [22/Jul/2007:03:27:32 -0400] "GET /images/home_welcome_bkgrd4.jpg HTTP/1.1" 200 438 "-" "LinkWalker/2.0"
209.167.50.27 - - [22/Jul/2007:03:27:48 -0400] "GET /images/over-index_freezedbone.jpg HTTP/1.1" 200 2257 "-" "LinkWalker/2.0"
209.167.50.27 - - [22/Jul/2007:03:28:03 -0400] "GET /images/nav04_about_off.jpg HTTP/1.1" 200 1255 "-" "LinkWalker/2.0"
209.167.50.27 - - [22/Jul/2007:03:28:18 -0400] "GET /images/over-index4_impairhand.jpg HTTP/1.1" 200 1464 "-" "LinkWalker/2.0"
209.167.50.27 - - [22/Jul/2007:03:28:33 -0400] "GET /images/store_gauze_sec_over.jpg HTTP/1.1" 200 8076 "-" "LinkWalker/2.0"
209.167.50.27 - - [22/Jul/2007:03:28:47 -0400] "GET /images/nav04_download_over.jpg HTTP/1.1" 200 1460 "-" "LinkWalker/2.0"
209.167.50.27 - - [22/Jul/2007:03:29:03 -0400] "GET /images/over-index8_strlgz.jpg HTTP/1.1" 200 1992 "-" "LinkWalker/2.0"
209.167.50.27 - - [22/Jul/2007:03:29:18 -0400] "GET /images/index5_microscis.jpg HTTP/1.1" 200 2226 "-" "LinkWalker/2.0"
209.167.50.27 - - [22/Jul/2007:03:29:33 -0400] "GET /images/over-index5_periolev.jpg HTTP/1.1" 200 2700 "-" "LinkWalker/2.0"
209.167.50.27 - - [22/Jul/2007:03:29:48 -0400] "GET /images/contact_phone_over.jpg HTTP/1.1" 200 4264 "-" "LinkWalker/2.0"
209.167.50.27 - - [22/Jul/2007:03:30:03 -0400] "GET /images/over-index7_acesutures.jpg HTTP/1.1" 200 3330 "-" "LinkWalker/2.0"
209.167.50.27 - - [22/Jul/2007:03:30:18 -0400] "GET /images/over-index_autografter.jpg HTTP/1.1" 200 2434 "-" "LinkWalker/2.0"
209.59.12.99 - - [22/Jul/2007:03:30:28 -0400] "GET / HTTP/1.0" 200 367 "-" "check_http/1.81 (nagios-plugins 1.4)"
209.167.50.27 - - [22/Jul/2007:03:30:32 -0400] "GET /images/over-index16_miscll.jpg HTTP/1.1" 200 2127 "-" "LinkWalker/2.0"
209.167.50.27 - - [22/Jul/2007:03:30:48 -0400] "GET /images/ACE_RCF_RCT_sellsheet.pdf HTTP/1.1" 200 735799 "-" "LinkWalker/2.0"
209.167.50.27 - - [22/Jul/2007:03:31:03 -0400] "GET /images/over-index5_mcrnedlhol.jpg HTTP/1.1" 200 1864 "-" "LinkWalker/2.0"
209.167.50.27 - - [22/Jul/2007:03:31:18 -0400] "GET /images/store_handpc_section.jpg HTTP/1.1" 200 23958 "-" "LinkWalker/2.0"
209.167.50.27 - - [22/Jul/2007:03:31:33 -0400] "GET /images/store_blades_section_over.jpg HTTP/1.1" 200 8357 "-" "LinkWalker/2.0"
209.167.50.27 - - [22/Jul/2007:03:31:48 -0400] "GET /images/login_left-space.gif HTTP/1.1" 200 45 "-" "LinkWalker/2.0"
209.167.50.27 - - [22/Jul/2007:03:32:03 -0400] "GET /images/ordering_icons_off.gif HTTP/1.1" 200 18150 "-" "LinkWalker/2.0"
209.167.50.27 - - [22/Jul/2007:03:32:18 -0400] "GET /images/over-index5_bngraf.jpg HTTP/1.1" 200 2305 "-" "LinkWalker/2.0"
209.59.12.99 - - [22/Jul/2007:03:35:29 -0400] "GET / HTTP/1.0" 200 367 "-" "check_http/1.81 (nagios-plugins 1.4)"
209.59.12.99 - - [22/Jul/2007:03:40:29 -0400] "GET / HTTP/1.0" 200 367 "-" "check_http/1.81 (nagios-plugins 1.4)"
209.59.12.99 - - [22/Jul/2007:03:45:29 -0400] "GET / HTTP/1.0" 200 367 "-" "check_http/1.81 (nagios-plugins 1.4)"
209.59.12.99 - - [22/Jul/2007:03:50:29 -0400] "GET / HTTP/1.0" 200 367 "-" "check_http/1.81 (nagios-plugins 1.4)"
209.59.12.99 - - [22/Jul/2007:03:55:29 -0400] "GET / HTTP/1.0" 200 367 "-" "check_http/1.81 (nagios-plugins 1.4)"
209.59.12.99 - - [22/Jul/2007:04:00:29 -0400] "GET / HTTP/1.0" 200 367 "-" "check_http/1.81 (nagios-plugins 1.4)"
209.59.12.99 - - [22/Jul/2007:04:05:29 -0400] "GET / HTTP/1.0" 200 367 "-" "check_http/1.81 (nagios-plugins 1.4)"
209.59.12.99 - - [22/Jul/2007:04:10:28 -0400] "GET / HTTP/1.0" 200 367 "-" "check_http/1.81 (nagios-plugins 1.4)"
71.139.161.245 - - [22/Jul/2007:04:10:53 -0400] "GET /images/monthly_specials.jpg HTTP/1.1" 200 58745 "http://by108fd.bay108.hotmail.msn.com/cgi-bin/getmsg?msg=377E6097-84FF-4F4F-9DAA-7CC04CB39847&mfs=&_HMaction=move&tobox=00000000-0000-0000-0000-000000000002&direction=next&wo=&curmbox=00000000%2d0000%2d0000%2d0000%2d000000000001&a=5e4730d65a8c9bafd55f594aae5b2aa83a2f6bcd4e96da86498a26d914102df3" "Mozilla/5.0 (Macintosh; U; PPC Mac OS X Mach-O; en-US; rv:1.8.1.5) Gecko/20070713 Firefox/2.0.0.5"
209.59.12.99 - - [22/Jul/2007:04:15:29 -0400] "GET / HTTP/1.0" 200 367 "-" "check_http/1.81 (nagios-plugins 1.4)"
209.59.12.99 - - [22/Jul/2007:04:20:28 -0400] "GET / HTTP/1.0" 200 367 "-" "check_http/1.81 (nagios-plugins 1.4)"
209.59.12.99 - - [22/Jul/2007:04:25:28 -0400] "GET / HTTP/1.0" 200 367 "-" "check_http/1.81 (nagios-plugins 1.4)"
209.59.12.99 - - [22/Jul/2007:04:30:29 -0400] "GET / HTTP/1.0" 200 367 "-" "check_http/1.81 (nagios-plugins 1.4)"
209.59.12.99 - - [22/Jul/2007:04:35:28 -0400] "GET / HTTP/1.0" 200 367 "-" "check_http/1.81 (nagios-plugins 1.4)"
209.59.12.99 - - [22/Jul/2007:04:40:29 -0400] "GET / HTTP/1.0" 200 367 "-" "check_http/1.81 (nagios-plugins 1.4)"
209.59.12.99 - - [22/Jul/2007:04:45:32 -0400] "GET / HTTP/1.0" 200 367 "-" "check_http/1.81 (nagios-plugins 1.4)"
66.98.148.24 - - [22/Jul/2007:04:46:40 -0400] "GET /robots.txt HTTP/1.1" 404 208 "www.aceonlinestore.com" "Pingdom GIGRIB (http://www.pingdom.com)"
66.98.148.24 - - [22/Jul/2007:04:49:17 -0400] "GET // HTTP/1.1" 200 410 "http://www.pingdom.com/tools/fpt/?url=www.aceonlinestore.com" "Pingdom GIGRIB (http://www.pingdom.com)"
209.59.12.99 - - [22/Jul/2007:04:50:31 -0400] "GET / HTTP/1.0" 200 367 "-" "check_http/1.81 (nagios-plugins 1.4)"
209.59.12.99 - - [22/Jul/2007:04:55:31 -0400] "GET / HTTP/1.0" 200 367 "-" "check_http/1.81 (nagios-plugins 1.4)"
209.59.12.99 - - [22/Jul/2007:05:00:32 -0400] "GET / HTTP/1.0" 200 367 "-" "check_http/1.81 (nagios-plugins 1.4)"
88.247.198.238 - - [22/Jul/2007:05:04:00 -0400] "GET / HTTP/1.1" 200 367 "http://www.dentalonline.net/kaynaklaralisveris.HTM" "Mozilla/4.0 (compatible; MSIE 6.0; Windows NT 5.1; SV1)"
209.59.12.99 - - [22/Jul/2007:05:05:31 -0400] "GET / HTTP/1.0" 200 367 "-" "check_http/1.81 (nagios-plugins 1.4)"
209.59.12.99 - - [22/Jul/2007:05:10:31 -0400] "GET / HTTP/1.0" 200 367 "-" "check_http/1.81 (nagios-plugins 1.4)"
209.59.12.99 - - [22/Jul/2007:05:15:31 -0400] "GET / HTTP/1.0" 200 367 "-" "check_http/1.81 (nagios-plugins 1.4)"
209.59.12.99 - - [22/Jul/2007:05:20:32 -0400] "GET / HTTP/1.0" 200 367 "-" "check_http/1.81 (nagios-plugins 1.4)"
209.59.12.99 - - [22/Jul/2007:05:25:31 -0400] "GET / HTTP/1.0" 200 367 "-" "check_http/1.81 (nagios-plugins 1.4)"
209.59.12.99 - - [22/Jul/2007:05:30:31 -0400] "GET / HTTP/1.0" 200 367 "-" "check_http/1.81 (nagios-plugins 1.4)"
209.59.12.99 - - [22/Jul/2007:05:35:32 -0400] "GET / HTTP/1.0" 200 367 "-" "check_http/1.81 (nagios-plugins 1.4)"
209.59.12.99 - - [22/Jul/2007:05:40:31 -0400] "GET / HTTP/1.0" 200 367 "-" "check_http/1.81 (nagios-plugins 1.4)"
128.194.135.94 - - [22/Jul/2007:05:42:31 -0400] "GET /images/_notes/download_coming_soon.jpg.mno HTTP/1.1" 200 260 "-" "IRLbot/3.0 (compatible; MSIE 6.0; http://irl.cs.tamu.edu/crawler)"
128.194.135.94 - - [22/Jul/2007:05:43:17 -0400] "GET /images/_notes/ace_bkgrd_white_r1_c1.gif.mno HTTP/1.1" 200 253 "-" "IRLbot/3.0 (compatible; MSIE 6.0; http://irl.cs.tamu.edu/crawler)"
128.194.135.94 - - [22/Jul/2007:05:44:06 -0400] "GET /logs/access_log.Q107060900 HTTP/1.1" 200 711793 "-" "IRLbot/3.0 (compatible; MSIE 6.0; http://irl.cs.tamu.edu/crawler)"
128.194.135.94 - - [22/Jul/2007:05:44:51 -0400] "GET /logs/access_log.Q107060500 HTTP/1.1" 200 3203183 "-" "IRLbot/3.0 (compatible; MSIE 6.0; http://irl.cs.tamu.edu/crawler)"
209.59.12.99 - - [22/Jul/2007:05:45:32 -0400] "GET / HTTP/1.0" 200 367 "-" "check_http/1.81 (nagios-plugins 1.4)"
128.194.135.94 - - [22/Jul/2007:05:45:39 -0400] "GET /images/_notes/nav_lower_blue.jpg.mno HTTP/1.1" 200 252 "-" "IRLbot/3.0 (compatible; MSIE 6.0; http://irl.cs.tamu.edu/crawler)"
128.194.135.94 - - [22/Jul/2007:05:46:22 -0400] "GET /images/_notes/nav_store_search_off_r1_c2.jpg.mno HTTP/1.1" 200 208 "-" "IRLbot/3.0 (compatible; MSIE 6.0; http://irl.cs.tamu.edu/crawler)"
128.194.135.94 - - [22/Jul/2007:05:47:09 -0400] "GET /logs/error_log.Q107061000 HTTP/1.1" 200 85263 "-" "IRLbot/3.0 (compatible; MSIE 6.0; http://irl.cs.tamu.edu/crawler)"
128.194.135.94 - - [22/Jul/2007:05:47:54 -0400] "GET /logs/error_log.Q107060900 HTTP/1.1" 200 22788 "-" "IRLbot/3.0 (compatible; MSIE 6.0; http://irl.cs.tamu.edu/crawler)"
128.194.135.94 - - [22/Jul/2007:05:48:40 -0400] "GET /images/_notes/nav_store_history_over_r1_c3.jpg.mno HTTP/1.1" 200 210 "-" "IRLbot/3.0 (compatible; MSIE 6.0; http://irl.cs.tamu.edu/crawler)"
128.194.135.94 - - [22/Jul/2007:05:49:27 -0400] "GET /images/_notes/ace_bkgrd_wide_r1_c1.gif.mno HTTP/1.1" 200 263 "-" "IRLbot/3.0 (compatible; MSIE 6.0; http://irl.cs.tamu.edu/crawler)"
209.59.12.99 - - [22/Jul/2007:05:50:32 -0400] "GET / HTTP/1.0" 200 367 "-" "check_http/1.81 (nagios-plugins 1.4)"
209.59.12.99 - - [22/Jul/2007:05:55:32 -0400] "GET / HTTP/1.0" 200 367 "-" "check_http/1.81 (nagios-plugins 1.4)"
209.59.12.99 - - [22/Jul/2007:06:00:33 -0400] "GET / HTTP/1.0" 200 367 "-" "check_http/1.81 (nagios-plugins 1.4)"
209.59.12.99 - - [22/Jul/2007:06:05:34 -0400] "GET / HTTP/1.0" 200 367 "-" "check_http/1.81 (nagios-plugins 1.4)"
209.59.12.99 - - [22/Jul/2007:06:10:35 -0400] "GET / HTTP/1.0" 200 367 "-" "check_http/1.81 (nagios-plugins 1.4)"
209.59.12.99 - - [22/Jul/2007:06:15:36 -0400] "GET / HTTP/1.0" 200 367 "-" "check_http/1.81 (nagios-plugins 1.4)"
209.59.12.99 - - [22/Jul/2007:06:20:35 -0400] "GET / HTTP/1.0" 200 367 "-" "check_http/1.81 (nagios-plugins 1.4)"
209.59.12.99 - - [22/Jul/2007:06:25:36 -0400] "GET / HTTP/1.0" 200 367 "-" "check_http/1.81 (nagios-plugins 1.4)"
209.59.12.99 - - [22/Jul/2007:06:30:35 -0400] "GET / HTTP/1.0" 200 367 "-" "check_http/1.81 (nagios-plugins 1.4)"
209.59.12.99 - - [22/Jul/2007:06:35:35 -0400] "GET / HTTP/1.0" 200 367 "-" "check_http/1.81 (nagios-plugins 1.4)"
209.59.12.99 - - [22/Jul/2007:06:40:35 -0400] "GET / HTTP/1.0" 200 367 "-" "check_http/1.81 (nagios-plugins 1.4)"
209.59.12.99 - - [22/Jul/2007:06:45:36 -0400] "GET / HTTP/1.0" 200 367 "-" "check_http/1.81 (nagios-plugins 1.4)"
209.59.12.99 - - [22/Jul/2007:06:50:36 -0400] "GET / HTTP/1.0" 200 367 "-" "check_http/1.81 (nagios-plugins 1.4)"
209.59.12.99 - - [22/Jul/2007:06:55:36 -0400] "GET / HTTP/1.0" 200 367 "-" "check_http/1.81 (nagios-plugins 1.4)"
209.59.12.99 - - [22/Jul/2007:07:00:37 -0400] "GET / HTTP/1.0" 200 367 "-" "check_http/1.81 (nagios-plugins 1.4)"
209.59.12.99 - - [22/Jul/2007:07:05:35 -0400] "GET / HTTP/1.0" 200 367 "-" "check_http/1.81 (nagios-plugins 1.4)"
209.59.12.99 - - [22/Jul/2007:07:10:36 -0400] "GET / HTTP/1.0" 200 367 "-" "check_http/1.81 (nagios-plugins 1.4)"
209.59.12.99 - - [22/Jul/2007:07:15:37 -0400] "GET / HTTP/1.0" 200 367 "-" "check_http/1.81 (nagios-plugins 1.4)"
192.138.53.36 - - [22/Jul/2007:07:18:43 -0400] "GET /images/store_xray_section.jpg HTTP/1.1" 304 - "-" "Mozilla/4.0 (compatible;)"
192.138.53.36 - - [22/Jul/2007:07:18:47 -0400] "GET /images/store_sutures_section.jpg HTTP/1.1" 304 - "-" "Mozilla/4.0 (compatible;)"
192.138.53.36 - - [22/Jul/2007:07:19:05 -0400] "GET /images/store_instr_section.jpg HTTP/1.1" 304 - "-" "Mozilla/4.0 (compatible;)"
192.138.53.36 - - [22/Jul/2007:07:19:08 -0400] "GET /images/store_iv_admin_section.jpg HTTP/1.1" 304 - "-" "Mozilla/4.0 (compatible;)"
192.138.53.36 - - [22/Jul/2007:07:19:22 -0400] "GET /images/store_bone_section2.jpg HTTP/1.1" 304 - "-" "Mozilla/4.0 (compatible;)"
192.138.53.36 - - [22/Jul/2007:07:19:30 -0400] "GET /images/store_syringe_section.jpg HTTP/1.1" 304 - "-" "Mozilla/4.0 (compatible;)"
192.138.53.36 - - [22/Jul/2007:07:19:33 -0400] "GET /images/store_pharma_section.jpg HTTP/1.1" 304 - "-" "Mozilla/4.0 (compatible;)"
192.138.53.36 - - [22/Jul/2007:07:19:38 -0400] "GET /images/store_assess_section.jpg HTTP/1.1" 304 - "-" "Mozilla/4.0 (compatible;)"
192.138.53.36 - - [22/Jul/2007:07:19:43 -0400] "GET /images/store_blades_section.jpg HTTP/1.1" 304 - "-" "Mozilla/4.0 (compatible;)"
192.138.53.36 - - [22/Jul/2007:07:19:48 -0400] "GET /images/store_saws_section.jpg HTTP/1.1" 304 - "-" "Mozilla/4.0 (compatible;)"
192.138.53.36 - - [22/Jul/2007:07:19:50 -0400] "GET /images/store_handpc_section.jpg HTTP/1.1" 304 - "-" "Mozilla/4.0 (compatible;)"
192.138.53.36 - - [22/Jul/2007:07:19:58 -0400] "GET /images/store_implant_section.jpg HTTP/1.1" 304 - "-" "Mozilla/4.0 (compatible;)"
192.138.53.36 - - [22/Jul/2007:07:20:03 -0400] "GET /images/store_gauze_section.jpg HTTP/1.1" 304 - "-" "Mozilla/4.0 (compatible;)"
192.138.53.36 - - [22/Jul/2007:07:20:11 -0400] "GET /images/store_irrigate_section.gif HTTP/1.1" 304 - "-" "Mozilla/4.0 (compatible;)"
192.138.53.36 - - [22/Jul/2007:07:20:16 -0400] "GET /images/store_infection_section.jpg HTTP/1.1" 304 - "-" "Mozilla/4.0 (compatible;)"
192.138.53.36 - - [22/Jul/2007:07:20:23 -0400] "GET /images/store_burs_section.jpg HTTP/1.1" 304 - "-" "Mozilla/4.0 (compatible;)"
192.138.53.36 - - [22/Jul/2007:07:20:31 -0400] "GET /images/store_sterile_section.jpg HTTP/1.1" 304 - "-" "Mozilla/4.0 (compatible;)"
209.59.12.99 - - [22/Jul/2007:07:20:37 -0400] "GET / HTTP/1.0" 200 367 "-" "check_http/1.81 (nagios-plugins 1.4)"
192.138.53.36 - - [22/Jul/2007:07:20:38 -0400] "GET /images/store_cardiac_section.jpg HTTP/1.1" 304 - "-" "Mozilla/4.0 (compatible;)"
192.138.53.36 - - [22/Jul/2007:07:20:42 -0400] "GET /images/store_anesth_section.jpg HTTP/1.1" 304 - "-" "Mozilla/4.0 (compatible;)"
