209.59.12.99 - - [30/Jul/2007:00:02:34 -0400] "GET / HTTP/1.0" 200 367 "-" "check_http/1.81 (nagios-plugins 1.4)"
209.59.12.99 - - [30/Jul/2007:00:07:34 -0400] "GET / HTTP/1.0" 200 367 "-" "check_http/1.81 (nagios-plugins 1.4)"
66.249.72.198 - - [30/Jul/2007:00:09:51 -0400] "GET /robots.txt HTTP/1.1" 404 208 "-" "Mozilla/5.0 (compatible; Googlebot/2.1; +http://www.google.com/bot.html)"
66.249.72.198 - - [30/Jul/2007:00:09:51 -0400] "GET /images/ACE_RCM_info.pdf HTTP/1.1" 304 - "-" "Mozilla/5.0 (compatible; Googlebot/2.1; +http://www.google.com/bot.html)"
209.59.12.99 - - [30/Jul/2007:00:12:34 -0400] "GET / HTTP/1.0" 200 367 "-" "check_http/1.81 (nagios-plugins 1.4)"
198.49.239.248 - - [30/Jul/2007:00:13:28 -0400] "GET /cgi-bin/lansaweb?procfun+wordpr01+webfunc+M37 HTTP/1.0" 200 38205 "http://www.acesurgical.com/home_July07.html" "Mozilla/4.0 (compatible; MSIE 6.0; Windows NT 5.1; SV1; .NET CLR 1.1.4322; .NET CLR 2.0.50727; .NET CLR 3.0.04506.30)"
198.49.239.248 - - [30/Jul/2007:00:13:29 -0400] "GET /images/nav04_about_off.jpg HTTP/1.0" 200 1255 "http://www.aceonlinestore.com/cgi-bin/lansaweb?procfun+wordpr01+webfunc+M37" "Mozilla/4.0 (compatible; MSIE 6.0; Windows NT 5.1; SV1; .NET CLR 1.1.4322; .NET CLR 2.0.50727; .NET CLR 3.0.04506.30)"
198.49.239.248 - - [30/Jul/2007:00:13:29 -0400] "GET /images/ace_logo_top.jpg HTTP/1.0" 200 2702 "http://www.aceonlinestore.com/cgi-bin/lansaweb?procfun+wordpr01+webfunc+M37" "Mozilla/4.0 (compatible; MSIE 6.0; Windows NT 5.1; SV1; .NET CLR 1.1.4322; .NET CLR 2.0.50727; .NET CLR 3.0.04506.30)"
198.49.239.248 - - [30/Jul/2007:00:13:29 -0400] "GET /images/nav04_shop_over.jpg HTTP/1.0" 200 1722 "http://www.aceonlinestore.com/cgi-bin/lansaweb?procfun+wordpr01+webfunc+M37" "Mozilla/4.0 (compatible; MSIE 6.0; Windows NT 5.1; SV1; .NET CLR 1.1.4322; .NET CLR 2.0.50727; .NET CLR 3.0.04506.30)"
198.49.239.248 - - [30/Jul/2007:00:13:30 -0400] "GET /images/nav04_conven_off.jpg HTTP/1.0" 200 1341 "http://www.aceonlinestore.com/cgi-bin/lansaweb?procfun+wordpr01+webfunc+M37" "Mozilla/4.0 (compatible; MSIE 6.0; Windows NT 5.1; SV1; .NET CLR 1.1.4322; .NET CLR 2.0.50727; .NET CLR 3.0.04506.30)"
198.49.239.248 - - [30/Jul/2007:00:13:30 -0400] "GET /images/nav04_download_off.jpg HTTP/1.0" 200 1206 "http://www.aceonlinestore.com/cgi-bin/lansaweb?procfun+wordpr01+webfunc+M37" "Mozilla/4.0 (compatible; MSIE 6.0; Windows NT 5.1; SV1; .NET CLR 1.1.4322; .NET CLR 2.0.50727; .NET CLR 3.0.04506.30)"
198.49.239.248 - - [30/Jul/2007:00:13:30 -0400] "GET /images/nav04_contact_off.jpg HTTP/1.0" 200 965 "http://www.aceonlinestore.com/cgi-bin/lansaweb?procfun+wordpr01+webfunc+M37" "Mozilla/4.0 (compatible; MSIE 6.0; Windows NT 5.1; SV1; .NET CLR 1.1.4322; .NET CLR 2.0.50727; .NET CLR 3.0.04506.30)"
198.49.239.248 - - [30/Jul/2007:00:13:31 -0400] "GET /images/ace_logo_bottom.jpg HTTP/1.0" 200 2447 "http://www.aceonlinestore.com/cgi-bin/lansaweb?procfun+wordpr01+webfunc+M37" "Mozilla/4.0 (compatible; MSIE 6.0; Windows NT 5.1; SV1; .NET CLR 1.1.4322; .NET CLR 2.0.50727; .NET CLR 3.0.04506.30)"
198.49.239.248 - - [30/Jul/2007:00:13:31 -0400] "GET /images/nav_store_head.jpg HTTP/1.0" 200 1953 "http://www.aceonlinestore.com/cgi-bin/lansaweb?procfun+wordpr01+webfunc+M37" "Mozilla/4.0 (compatible; MSIE 6.0; Windows NT 5.1; SV1; .NET CLR 1.1.4322; .NET CLR 2.0.50727; .NET CLR 3.0.04506.30)"
198.49.239.248 - - [30/Jul/2007:00:13:31 -0400] "GET /images/nav_store_index_off.jpg HTTP/1.0" 200 922 "http://www.aceonlinestore.com/cgi-bin/lansaweb?procfun+wordpr01+webfunc+M37" "Mozilla/4.0 (compatible; MSIE 6.0; Windows NT 5.1; SV1; .NET CLR 1.1.4322; .NET CLR 2.0.50727; .NET CLR 3.0.04506.30)"
198.49.239.248 - - [30/Jul/2007:00:13:31 -0400] "GET /images/nav_upper_bgrd.jpg HTTP/1.0" 200 2954 "http://www.aceonlinestore.com/cgi-bin/lansaweb?procfun+wordpr01+webfunc+M37" "Mozilla/4.0 (compatible; MSIE 6.0; Windows NT 5.1; SV1; .NET CLR 1.1.4322; .NET CLR 2.0.50727; .NET CLR 3.0.04506.30)"
198.49.239.248 - - [30/Jul/2007:00:13:32 -0400] "GET /images/nav_lower_bgrd.jpg HTTP/1.0" 200 2321 "http://www.aceonlinestore.com/cgi-bin/lansaweb?procfun+wordpr01+webfunc+M37" "Mozilla/4.0 (compatible; MSIE 6.0; Windows NT 5.1; SV1; .NET CLR 1.1.4322; .NET CLR 2.0.50727; .NET CLR 3.0.04506.30)"
198.49.239.248 - - [30/Jul/2007:00:13:32 -0400] "GET /images/spacer.gif HTTP/1.0" 200 55 "http://www.aceonlinestore.com/cgi-bin/lansaweb?procfun+wordpr01+webfunc+M37" "Mozilla/4.0 (compatible; MSIE 6.0; Windows NT 5.1; SV1; .NET CLR 1.1.4322; .NET CLR 2.0.50727; .NET CLR 3.0.04506.30)"
198.49.239.248 - - [30/Jul/2007:00:13:32 -0400] "GET /images/login.gif HTTP/1.0" 200 166 "http://www.aceonlinestore.com/cgi-bin/lansaweb?procfun+wordpr01+webfunc+M37" "Mozilla/4.0 (compatible; MSIE 6.0; Windows NT 5.1; SV1; .NET CLR 1.1.4322; .NET CLR 2.0.50727; .NET CLR 3.0.04506.30)"
198.49.239.248 - - [30/Jul/2007:00:13:32 -0400] "GET /images/login_go.gif HTTP/1.0" 200 296 "http://www.aceonlinestore.com/cgi-bin/lansaweb?procfun+wordpr01+webfunc+M37" "Mozilla/4.0 (compatible; MSIE 6.0; Windows NT 5.1; SV1; .NET CLR 1.1.4322; .NET CLR 2.0.50727; .NET CLR 3.0.04506.30)"
198.49.239.248 - - [30/Jul/2007:00:13:32 -0400] "GET /images/search.gif HTTP/1.0" 200 614 "http://www.aceonlinestore.com/cgi-bin/lansaweb?procfun+wordpr01+webfunc+M37" "Mozilla/4.0 (compatible; MSIE 6.0; Windows NT 5.1; SV1; .NET CLR 1.1.4322; .NET CLR 2.0.50727; .NET CLR 3.0.04506.30)"
198.49.239.248 - - [30/Jul/2007:00:13:34 -0400] "GET /images/psearch_go.gif HTTP/1.0" 200 296 "http://www.aceonlinestore.com/cgi-bin/lansaweb?procfun+wordpr01+webfunc+M37" "Mozilla/4.0 (compatible; MSIE 6.0; Windows NT 5.1; SV1; .NET CLR 1.1.4322; .NET CLR 2.0.50727; .NET CLR 3.0.04506.30)"
198.49.239.248 - - [30/Jul/2007:00:13:34 -0400] "GET /images/sale_promo-icon.gif HTTP/1.0" 200 402 "http://www.aceonlinestore.com/cgi-bin/lansaweb?procfun+wordpr01+webfunc+M37" "Mozilla/4.0 (compatible; MSIE 6.0; Windows NT 5.1; SV1; .NET CLR 1.1.4322; .NET CLR 2.0.50727; .NET CLR 3.0.04506.30)"
198.49.239.248 - - [30/Jul/2007:00:13:37 -0400] "GET /images/store_anesth_section.jpg HTTP/1.0" 200 10123 "http://www.aceonlinestore.com/cgi-bin/lansaweb?procfun+wordpr01+webfunc+M37" "Mozilla/4.0 (compatible; MSIE 6.0; Windows NT 5.1; SV1; .NET CLR 1.1.4322; .NET CLR 2.0.50727; .NET CLR 3.0.04506.30)"
198.49.239.248 - - [30/Jul/2007:00:13:37 -0400] "GET /images/store_cardiac_section.jpg HTTP/1.0" 200 25730 "http://www.aceonlinestore.com/cgi-bin/lansaweb?procfun+wordpr01+webfunc+M37" "Mozilla/4.0 (compatible; MSIE 6.0; Windows NT 5.1; SV1; .NET CLR 1.1.4322; .NET CLR 2.0.50727; .NET CLR 3.0.04506.30)"
198.49.239.248 - - [30/Jul/2007:00:13:37 -0400] "GET /images/store_implant_section.jpg HTTP/1.0" 200 8001 "http://www.aceonlinestore.com/cgi-bin/lansaweb?procfun+wordpr01+webfunc+M37" "Mozilla/4.0 (compatible; MSIE 6.0; Windows NT 5.1; SV1; .NET CLR 1.1.4322; .NET CLR 2.0.50727; .NET CLR 3.0.04506.30)"
198.49.239.248 - - [30/Jul/2007:00:13:37 -0400] "GET /images/store_bone_section2.jpg HTTP/1.0" 200 21458 "http://www.aceonlinestore.com/cgi-bin/lansaweb?procfun+wordpr01+webfunc+M37" "Mozilla/4.0 (compatible; MSIE 6.0; Windows NT 5.1; SV1; .NET CLR 1.1.4322; .NET CLR 2.0.50727; .NET CLR 3.0.04506.30)"
198.49.239.248 - - [30/Jul/2007:00:13:38 -0400] "GET /images/store_handpc_section.jpg HTTP/1.0" 200 23958 "http://www.aceonlinestore.com/cgi-bin/lansaweb?procfun+wordpr01+webfunc+M37" "Mozilla/4.0 (compatible; MSIE 6.0; Windows NT 5.1; SV1; .NET CLR 1.1.4322; .NET CLR 2.0.50727; .NET CLR 3.0.04506.30)"
198.49.239.248 - - [30/Jul/2007:00:13:38 -0400] "GET /images/store_gauze_section.jpg HTTP/1.0" 200 24119 "http://www.aceonlinestore.com/cgi-bin/lansaweb?procfun+wordpr01+webfunc+M37" "Mozilla/4.0 (compatible; MSIE 6.0; Windows NT 5.1; SV1; .NET CLR 1.1.4322; .NET CLR 2.0.50727; .NET CLR 3.0.04506.30)"
198.49.239.248 - - [30/Jul/2007:00:13:38 -0400] "GET /images/store_infection_section.jpg HTTP/1.0" 200 25264 "http://www.aceonlinestore.com/cgi-bin/lansaweb?procfun+wordpr01+webfunc+M37" "Mozilla/4.0 (compatible; MSIE 6.0; Windows NT 5.1; SV1; .NET CLR 1.1.4322; .NET CLR 2.0.50727; .NET CLR 3.0.04506.30)"
198.49.239.248 - - [30/Jul/2007:00:13:39 -0400] "GET /images/store_instr_section.jpg HTTP/1.0" 200 26432 "http://www.aceonlinestore.com/cgi-bin/lansaweb?procfun+wordpr01+webfunc+M37" "Mozilla/4.0 (compatible; MSIE 6.0; Windows NT 5.1; SV1; .NET CLR 1.1.4322; .NET CLR 2.0.50727; .NET CLR 3.0.04506.30)"
198.49.239.248 - - [30/Jul/2007:00:13:39 -0400] "GET /images/store_irrigate_section.gif HTTP/1.0" 200 10336 "http://www.aceonlinestore.com/cgi-bin/lansaweb?procfun+wordpr01+webfunc+M37" "Mozilla/4.0 (compatible; MSIE 6.0; Windows NT 5.1; SV1; .NET CLR 1.1.4322; .NET CLR 2.0.50727; .NET CLR 3.0.04506.30)"
198.49.239.248 - - [30/Jul/2007:00:13:39 -0400] "GET /images/store_iv_admin_section.jpg HTTP/1.0" 200 9115 "http://www.aceonlinestore.com/cgi-bin/lansaweb?procfun+wordpr01+webfunc+M37" "Mozilla/4.0 (compatible; MSIE 6.0; Windows NT 5.1; SV1; .NET CLR 1.1.4322; .NET CLR 2.0.50727; .NET CLR 3.0.04506.30)"
198.49.239.248 - - [30/Jul/2007:00:13:40 -0400] "GET /images/store_pharma_section.jpg HTTP/1.0" 200 7953 "http://www.aceonlinestore.com/cgi-bin/lansaweb?procfun+wordpr01+webfunc+M37" "Mozilla/4.0 (compatible; MSIE 6.0; Windows NT 5.1; SV1; .NET CLR 1.1.4322; .NET CLR 2.0.50727; .NET CLR 3.0.04506.30)"
198.49.239.248 - - [30/Jul/2007:00:13:40 -0400] "GET /images/store_sterile_section.jpg HTTP/1.0" 200 9274 "http://www.aceonlinestore.com/cgi-bin/lansaweb?procfun+wordpr01+webfunc+M37" "Mozilla/4.0 (compatible; MSIE 6.0; Windows NT 5.1; SV1; .NET CLR 1.1.4322; .NET CLR 2.0.50727; .NET CLR 3.0.04506.30)"
198.49.239.248 - - [30/Jul/2007:00:13:40 -0400] "GET /images/store_blades_section.jpg HTTP/1.0" 200 24174 "http://www.aceonlinestore.com/cgi-bin/lansaweb?procfun+wordpr01+webfunc+M37" "Mozilla/4.0 (compatible; MSIE 6.0; Windows NT 5.1; SV1; .NET CLR 1.1.4322; .NET CLR 2.0.50727; .NET CLR 3.0.04506.30)"
198.49.239.248 - - [30/Jul/2007:00:13:41 -0400] "GET /images/store_burs_section.jpg HTTP/1.0" 200 10892 "http://www.aceonlinestore.com/cgi-bin/lansaweb?procfun+wordpr01+webfunc+M37" "Mozilla/4.0 (compatible; MSIE 6.0; Windows NT 5.1; SV1; .NET CLR 1.1.4322; .NET CLR 2.0.50727; .NET CLR 3.0.04506.30)"
198.49.239.248 - - [30/Jul/2007:00:13:41 -0400] "GET /images/store_saws_section.jpg HTTP/1.0" 200 10028 "http://www.aceonlinestore.com/cgi-bin/lansaweb?procfun+wordpr01+webfunc+M37" "Mozilla/4.0 (compatible; MSIE 6.0; Windows NT 5.1; SV1; .NET CLR 1.1.4322; .NET CLR 2.0.50727; .NET CLR 3.0.04506.30)"
198.49.239.248 - - [30/Jul/2007:00:13:41 -0400] "GET /images/store_assess_section.jpg HTTP/1.0" 200 10059 "http://www.aceonlinestore.com/cgi-bin/lansaweb?procfun+wordpr01+webfunc+M37" "Mozilla/4.0 (compatible; MSIE 6.0; Windows NT 5.1; SV1; .NET CLR 1.1.4322; .NET CLR 2.0.50727; .NET CLR 3.0.04506.30)"
198.49.239.248 - - [30/Jul/2007:00:13:41 -0400] "GET /images/store_sutures_section.jpg HTTP/1.0" 200 28375 "http://www.aceonlinestore.com/cgi-bin/lansaweb?procfun+wordpr01+webfunc+M37" "Mozilla/4.0 (compatible; MSIE 6.0; Windows NT 5.1; SV1; .NET CLR 1.1.4322; .NET CLR 2.0.50727; .NET CLR 3.0.04506.30)"
198.49.239.248 - - [30/Jul/2007:00:13:42 -0400] "GET /images/store_syringe_section.jpg HTTP/1.0" 200 9321 "http://www.aceonlinestore.com/cgi-bin/lansaweb?procfun+wordpr01+webfunc+M37" "Mozilla/4.0 (compatible; MSIE 6.0; Windows NT 5.1; SV1; .NET CLR 1.1.4322; .NET CLR 2.0.50727; .NET CLR 3.0.04506.30)"
198.49.239.248 - - [30/Jul/2007:00:13:42 -0400] "GET /images/store_xray_section.jpg HTTP/1.0" 200 8861 "http://www.aceonlinestore.com/cgi-bin/lansaweb?procfun+wordpr01+webfunc+M37" "Mozilla/4.0 (compatible; MSIE 6.0; Windows NT 5.1; SV1; .NET CLR 1.1.4322; .NET CLR 2.0.50727; .NET CLR 3.0.04506.30)"
198.49.239.248 - - [30/Jul/2007:00:13:42 -0400] "GET /images/store_bone_section2.jpg HTTP/1.0" 304 - "http://www.aceonlinestore.com/cgi-bin/lansaweb?procfun+wordpr01+webfunc+M37" "Mozilla/4.0 (compatible; MSIE 6.0; Windows NT 5.1; SV1; .NET CLR 1.1.4322; .NET CLR 2.0.50727; .NET CLR 3.0.04506.30)"
198.49.239.248 - - [30/Jul/2007:00:13:42 -0400] "GET /images/store_anesth_section.jpg HTTP/1.0" 304 - "http://www.aceonlinestore.com/cgi-bin/lansaweb?procfun+wordpr01+webfunc+M37" "Mozilla/4.0 (compatible; MSIE 6.0; Windows NT 5.1; SV1; .NET CLR 1.1.4322; .NET CLR 2.0.50727; .NET CLR 3.0.04506.30)"
198.49.239.248 - - [30/Jul/2007:00:13:42 -0400] "GET /images/store_handpc_section.jpg HTTP/1.0" 304 - "http://www.aceonlinestore.com/cgi-bin/lansaweb?procfun+wordpr01+webfunc+M37" "Mozilla/4.0 (compatible; MSIE 6.0; Windows NT 5.1; SV1; .NET CLR 1.1.4322; .NET CLR 2.0.50727; .NET CLR 3.0.04506.30)"
198.49.239.248 - - [30/Jul/2007:00:13:50 -0400] "POST /CGI-BIN/LANSAWEB?WEBEVENT+L7D26EB025F232900B1A908D+M37+ENG HTTP/1.0" 200 31679 "http://www.aceonlinestore.com/cgi-bin/lansaweb?procfun+wordpr01+webfunc+M37" "Mozilla/4.0 (compatible; MSIE 6.0; Windows NT 5.1; SV1; .NET CLR 1.1.4322; .NET CLR 2.0.50727; .NET CLR 3.0.04506.30)"
198.49.239.248 - - [30/Jul/2007:00:13:51 -0400] "GET /images/nav04_shop_off.jpg HTTP/1.0" 200 1390 "http://www.aceonlinestore.com/CGI-BIN/LANSAWEB?WEBEVENT+L7D26EB025F232900B1A908D+M37+ENG" "Mozilla/4.0 (compatible; MSIE 6.0; Windows NT 5.1; SV1; .NET CLR 1.1.4322; .NET CLR 2.0.50727; .NET CLR 3.0.04506.30)"
198.49.239.248 - - [30/Jul/2007:00:14:03 -0400] "POST /CGI-BIN/LANSAWEB?WEBEVENT+L7D26EB075693D900CA3908D+M37+ENG HTTP/1.0" 200 51987 "http://www.aceonlinestore.com/CGI-BIN/LANSAWEB?WEBEVENT+L7D26EB025F232900B1A908D+M37+ENG" "Mozilla/4.0 (compatible; MSIE 6.0; Windows NT 5.1; SV1; .NET CLR 1.1.4322; .NET CLR 2.0.50727; .NET CLR 3.0.04506.30)"
198.49.239.248 - - [30/Jul/2007:00:14:05 -0400] "GET /images/pf-a.gif HTTP/1.0" 200 798 "http://www.aceonlinestore.com/CGI-BIN/LANSAWEB?WEBEVENT+L7D26EB075693D900CA3908D+M37+ENG" "Mozilla/4.0 (compatible; MSIE 6.0; Windows NT 5.1; SV1; .NET CLR 1.1.4322; .NET CLR 2.0.50727; .NET CLR 3.0.04506.30)"
198.49.239.248 - - [30/Jul/2007:00:14:05 -0400] "GET /images/items/5096000_THUMB.JPG HTTP/1.0" 200 2069 "http://www.aceonlinestore.com/CGI-BIN/LANSAWEB?WEBEVENT+L7D26EB075693D900CA3908D+M37+ENG" "Mozilla/4.0 (compatible; MSIE 6.0; Windows NT 5.1; SV1; .NET CLR 1.1.4322; .NET CLR 2.0.50727; .NET CLR 3.0.04506.30)"
198.49.239.248 - - [30/Jul/2007:00:14:05 -0400] "GET /images/items/CONFORM_THUMB.JPG HTTP/1.0" 200 1623 "http://www.aceonlinestore.com/CGI-BIN/LANSAWEB?WEBEVENT+L7D26EB075693D900CA3908D+M37+ENG" "Mozilla/4.0 (compatible; MSIE 6.0; Windows NT 5.1; SV1; .NET CLR 1.1.4322; .NET CLR 2.0.50727; .NET CLR 3.0.04506.30)"
198.49.239.248 - - [30/Jul/2007:00:14:05 -0400] "GET /images/space.gif HTTP/1.0" 200 43 "http://www.aceonlinestore.com/CGI-BIN/LANSAWEB?WEBEVENT+L7D26EB075693D900CA3908D+M37+ENG" "Mozilla/4.0 (compatible; MSIE 6.0; Windows NT 5.1; SV1; .NET CLR 1.1.4322; .NET CLR 2.0.50727; .NET CLR 3.0.04506.30)"
198.49.239.248 - - [30/Jul/2007:00:15:29 -0400] "GET /images/pf-b.gif HTTP/1.0" 200 813 "http://www.aceonlinestore.com/CGI-BIN/LANSAWEB?WEBEVENT+L7D26EB075693D900CA3908D+M37+ENG" "Mozilla/4.0 (compatible; MSIE 6.0; Windows NT 5.1; SV1; .NET CLR 1.1.4322; .NET CLR 2.0.50727; .NET CLR 3.0.04506.30)"
198.49.239.248 - - [30/Jul/2007:00:15:30 -0400] "GET /images/pf-a.gif HTTP/1.0" 304 - "http://www.aceonlinestore.com/CGI-BIN/LANSAWEB?WEBEVENT+L7D26EB075693D900CA3908D+M37+ENG" "Mozilla/4.0 (compatible; MSIE 6.0; Windows NT 5.1; SV1; .NET CLR 1.1.4322; .NET CLR 2.0.50727; .NET CLR 3.0.04506.30)"
198.49.239.248 - - [30/Jul/2007:00:15:30 -0400] "GET /CGI-BIN/LANSAWEB?PROCFUN+WORDPR01+PRTSRCH+M37+FUNCPARMS+WEBCMP(S0020):1+WEBSSN(A0240):L7D26EB0253D30900BA7908D+WEBSEQ(S0020):1+WEBPGN(S0070):19258+WEBID(S0020):1+WEBKEY(A0100):PRTITEMS HTTP/1.0" 200 42905 "-" "Mozilla/4.0 (compatible; MSIE 6.0; Windows NT 5.1; SV1; .NET CLR 1.1.4322; .NET CLR 2.0.50727; .NET CLR 3.0.04506.30)"
198.49.239.248 - - [30/Jul/2007:00:15:31 -0400] "GET /images/addtocart.gif HTTP/1.0" 200 591 "http://www.aceonlinestore.com/CGI-BIN/LANSAWEB?PROCFUN+WORDPR01+PRTSRCH+M37+FUNCPARMS+WEBCMP(S0020):1+WEBSSN(A0240):L7D26EB0253D30900BA7908D+WEBSEQ(S0020):1+WEBPGN(S0070):19258+WEBID(S0020):1+WEBKEY(A0100):PRTITEMS" "Mozilla/4.0 (compatible; MSIE 6.0; Windows NT 5.1; SV1; .NET CLR 1.1.4322; .NET CLR 2.0.50727; .NET CLR 3.0.04506.30)"
198.49.239.248 - - [30/Jul/2007:00:15:31 -0400] "GET /images/printheader.jpg HTTP/1.0" 200 16501 "http://www.aceonlinestore.com/CGI-BIN/LANSAWEB?PROCFUN+WORDPR01+PRTSRCH+M37+FUNCPARMS+WEBCMP(S0020):1+WEBSSN(A0240):L7D26EB0253D30900BA7908D+WEBSEQ(S0020):1+WEBPGN(S0070):19258+WEBID(S0020):1+WEBKEY(A0100):PRTITEMS" "Mozilla/4.0 (compatible; MSIE 6.0; Windows NT 5.1; SV1; .NET CLR 1.1.4322; .NET CLR 2.0.50727; .NET CLR 3.0.04506.30)"
198.49.239.248 - - [30/Jul/2007:00:15:31 -0400] "GET /images/items/5093000_THUMB.JPG HTTP/1.0" 404 228 "http://www.aceonlinestore.com/CGI-BIN/LANSAWEB?PROCFUN+WORDPR01+PRTSRCH+M37+FUNCPARMS+WEBCMP(S0020):1+WEBSSN(A0240):L7D26EB0253D30900BA7908D+WEBSEQ(S0020):1+WEBPGN(S0070):19258+WEBID(S0020):1+WEBKEY(A0100):PRTITEMS" "Mozilla/4.0 (compatible; MSIE 6.0; Windows NT 5.1; SV1; .NET CLR 1.1.4322; .NET CLR 2.0.50727; .NET CLR 3.0.04506.30)"
198.49.239.248 - - [30/Jul/2007:00:15:31 -0400] "GET /images/items/5096000_THUMB.JPG HTTP/1.0" 304 - "http://www.aceonlinestore.com/CGI-BIN/LANSAWEB?PROCFUN+WORDPR01+PRTSRCH+M37+FUNCPARMS+WEBCMP(S0020):1+WEBSSN(A0240):L7D26EB0253D30900BA7908D+WEBSEQ(S0020):1+WEBPGN(S0070):19258+WEBID(S0020):1+WEBKEY(A0100):PRTITEMS" "Mozilla/4.0 (compatible; MSIE 6.0; Windows NT 5.1; SV1; .NET CLR 1.1.4322; .NET CLR 2.0.50727; .NET CLR 3.0.04506.30)"
198.49.239.248 - - [30/Jul/2007:00:15:32 -0400] "GET /images/items/5098000_THUMB.JPG HTTP/1.0" 404 228 "http://www.aceonlinestore.com/CGI-BIN/LANSAWEB?PROCFUN+WORDPR01+PRTSRCH+M37+FUNCPARMS+WEBCMP(S0020):1+WEBSSN(A0240):L7D26EB0253D30900BA7908D+WEBSEQ(S0020):1+WEBPGN(S0070):19258+WEBID(S0020):1+WEBKEY(A0100):PRTITEMS" "Mozilla/4.0 (compatible; MSIE 6.0; Windows NT 5.1; SV1; .NET CLR 1.1.4322; .NET CLR 2.0.50727; .NET CLR 3.0.04506.30)"
198.49.239.248 - - [30/Jul/2007:00:15:32 -0400] "GET /images/items/CONFORM_THUMB.JPG HTTP/1.0" 304 - "http://www.aceonlinestore.com/CGI-BIN/LANSAWEB?PROCFUN+WORDPR01+PRTSRCH+M37+FUNCPARMS+WEBCMP(S0020):1+WEBSSN(A0240):L7D26EB0253D30900BA7908D+WEBSEQ(S0020):1+WEBPGN(S0070):19258+WEBID(S0020):1+WEBKEY(A0100):PRTITEMS" "Mozilla/4.0 (compatible; MSIE 6.0; Windows NT 5.1; SV1; .NET CLR 1.1.4322; .NET CLR 2.0.50727; .NET CLR 3.0.04506.30)"
209.59.12.99 - - [30/Jul/2007:00:17:33 -0400] "GET / HTTP/1.0" 200 367 "-" "check_http/1.81 (nagios-plugins 1.4)"
209.59.12.99 - - [30/Jul/2007:00:22:34 -0400] "GET / HTTP/1.0" 200 367 "-" "check_http/1.81 (nagios-plugins 1.4)"
209.59.12.99 - - [30/Jul/2007:00:27:34 -0400] "GET / HTTP/1.0" 200 367 "-" "check_http/1.81 (nagios-plugins 1.4)"
209.59.12.99 - - [30/Jul/2007:00:32:34 -0400] "GET / HTTP/1.0" 200 367 "-" "check_http/1.81 (nagios-plugins 1.4)"
209.59.12.99 - - [30/Jul/2007:00:37:34 -0400] "GET / HTTP/1.0" 200 367 "-" "check_http/1.81 (nagios-plugins 1.4)"
66.249.72.198 - - [30/Jul/2007:00:40:57 -0400] "GET /logs/error_log.Q107061100 HTTP/1.1" 200 112972 "-" "Mozilla/5.0 (compatible; Googlebot/2.1; +http://www.google.com/bot.html)"
209.59.12.99 - - [30/Jul/2007:00:42:34 -0400] "GET / HTTP/1.0" 200 367 "-" "check_http/1.81 (nagios-plugins 1.4)"
209.59.12.99 - - [30/Jul/2007:00:47:36 -0400] "GET / HTTP/1.0" 200 367 "-" "check_http/1.81 (nagios-plugins 1.4)"
209.59.12.99 - - [30/Jul/2007:00:52:36 -0400] "GET / HTTP/1.0" 200 367 "-" "check_http/1.81 (nagios-plugins 1.4)"
76.198.149.180 - - [30/Jul/2007:00:53:43 -0400] "POST /CGI-BIN/LANSAWEB?WEBEVENT+L5D245E015C33A900328908M+M37+ENG HTTP/1.1" 200 30820 "https://www.aceonlinestore.com/CGI-BIN/LANSAWEB?WEBEVENT+L5D245E0F5303A900222908M+M37+ENG" "Mozilla/5.0 (Windows; U; Windows NT 5.1; en-US; rv:1.8.1.5) Gecko/20070713 Firefox/2.0.0.5"
209.59.12.99 - - [30/Jul/2007:00:57:35 -0400] "GET / HTTP/1.0" 200 367 "-" "check_http/1.81 (nagios-plugins 1.4)"
131.51.128.21 - - [30/Jul/2007:00:59:40 -0400] "GET /images/over-store_infection_section.jpg HTTP/1.1" 304 - "-" "Mozilla/4.0 (compatible;)"
131.51.128.21 - - [30/Jul/2007:00:59:49 -0400] "GET /images/over-store_instr_section.jpg HTTP/1.1" 304 - "-" "Mozilla/4.0 (compatible;)"
131.51.128.21 - - [30/Jul/2007:01:00:30 -0400] "GET /images/psearch_go-over.gif HTTP/1.1" 304 - "-" "Mozilla/4.0 (compatible;)"
131.51.128.21 - - [30/Jul/2007:01:01:12 -0400] "GET /images/over-store_irrigate_section.gif HTTP/1.1" 304 - "-" "Mozilla/4.0 (compatible;)"
209.59.12.99 - - [30/Jul/2007:01:02:35 -0400] "GET / HTTP/1.0" 200 367 "-" "check_http/1.81 (nagios-plugins 1.4)"
209.59.12.99 - - [30/Jul/2007:01:07:34 -0400] "GET / HTTP/1.0" 200 367 "-" "check_http/1.81 (nagios-plugins 1.4)"
209.59.12.99 - - [30/Jul/2007:01:12:35 -0400] "GET / HTTP/1.0" 200 367 "-" "check_http/1.81 (nagios-plugins 1.4)"
209.59.12.99 - - [30/Jul/2007:01:17:34 -0400] "GET / HTTP/1.0" 200 367 "-" "check_http/1.81 (nagios-plugins 1.4)"
66.249.72.198 - - [30/Jul/2007:01:17:40 -0400] "GET /images/ACE_RCF_RCT_sellsheet.pdf HTTP/1.1" 304 - "-" "Mozilla/5.0 (compatible; Googlebot/2.1; +http://www.google.com/bot.html)"
76.198.149.180 - - [30/Jul/2007:01:20:15 -0400] "GET /images/nav04_conven_over.jpg HTTP/1.1" 200 1587 "https://www.aceonlinestore.com/CGI-BIN/LANSAWEB?WEBEVENT+L5D245E015C33A900328908M+M37+ENG" "Mozilla/5.0 (Windows; U; Windows NT 5.1; en-US; rv:1.8.1.5) Gecko/20070713 Firefox/2.0.0.5"
76.198.149.180 - - [30/Jul/2007:01:21:14 -0400] "GET /images/nav04_download_over.jpg HTTP/1.1" 200 1460 "https://www.aceonlinestore.com/CGI-BIN/LANSAWEB?WEBEVENT+L5D245E015C33A900328908M+M37+ENG" "Mozilla/5.0 (Windows; U; Windows NT 5.1; en-US; rv:1.8.1.5) Gecko/20070713 Firefox/2.0.0.5"
209.59.12.99 - - [30/Jul/2007:01:22:34 -0400] "GET / HTTP/1.0" 200 367 "-" "check_http/1.81 (nagios-plugins 1.4)"
209.59.12.99 - - [30/Jul/2007:01:27:35 -0400] "GET / HTTP/1.0" 200 367 "-" "check_http/1.81 (nagios-plugins 1.4)"
209.59.12.99 - - [30/Jul/2007:01:32:34 -0400] "GET / HTTP/1.0" 200 367 "-" "check_http/1.81 (nagios-plugins 1.4)"
209.59.12.99 - - [30/Jul/2007:01:37:35 -0400] "GET / HTTP/1.0" 200 367 "-" "check_http/1.81 (nagios-plugins 1.4)"
209.59.12.99 - - [30/Jul/2007:01:42:35 -0400] "GET / HTTP/1.0" 200 367 "-" "check_http/1.81 (nagios-plugins 1.4)"
209.59.12.99 - - [30/Jul/2007:01:47:35 -0400] "GET / HTTP/1.0" 200 367 "-" "check_http/1.81 (nagios-plugins 1.4)"
209.59.12.99 - - [30/Jul/2007:01:52:35 -0400] "GET / HTTP/1.0" 200 367 "-" "check_http/1.81 (nagios-plugins 1.4)"
66.249.72.198 - - [30/Jul/2007:01:54:27 -0400] "GET /logs/error_log.Q107060900 HTTP/1.1" 200 22788 "-" "Mozilla/5.0 (compatible; Googlebot/2.1; +http://www.google.com/bot.html)"
209.59.12.99 - - [30/Jul/2007:01:57:34 -0400] "GET / HTTP/1.0" 200 367 "-" "check_http/1.81 (nagios-plugins 1.4)"
209.59.12.99 - - [30/Jul/2007:02:02:34 -0400] "GET / HTTP/1.0" 200 367 "-" "check_http/1.81 (nagios-plugins 1.4)"
122.126.119.98 - - [30/Jul/2007:02:03:10 -0400] "GET /cgi-bin/lansaweb?procfun+wordpr01+webfunc+m37+funcparms+WEBKEY(A0100):PROMOS HTTP/1.1" 200 44594 "http://www.acesurgical.com/home_July07.html" "Mozilla/5.0 (Windows; U; Windows NT 5.1; zh-TW; rv:1.8.1.5) Gecko/20070713 Firefox/2.0.0.5"
122.126.119.98 - - [30/Jul/2007:02:03:11 -0400] "GET /images/ace_logo_top.jpg HTTP/1.1" 200 2702 "http://www.aceonlinestore.com/cgi-bin/lansaweb?procfun+wordpr01+webfunc+m37+funcparms+WEBKEY(A0100):PROMOS" "Mozilla/5.0 (Windows; U; Windows NT 5.1; zh-TW; rv:1.8.1.5) Gecko/20070713 Firefox/2.0.0.5"
122.126.119.98 - - [30/Jul/2007:02:03:11 -0400] "GET /images/nav04_about_off.jpg HTTP/1.1" 200 1255 "http://www.aceonlinestore.com/cgi-bin/lansaweb?procfun+wordpr01+webfunc+m37+funcparms+WEBKEY(A0100):PROMOS" "Mozilla/5.0 (Windows; U; Windows NT 5.1; zh-TW; rv:1.8.1.5) Gecko/20070713 Firefox/2.0.0.5"
122.126.119.98 - - [30/Jul/2007:02:03:11 -0400] "GET /images/nav04_shop_off.jpg HTTP/1.1" 200 1390 "http://www.aceonlinestore.com/cgi-bin/lansaweb?procfun+wordpr01+webfunc+m37+funcparms+WEBKEY(A0100):PROMOS" "Mozilla/5.0 (Windows; U; Windows NT 5.1; zh-TW; rv:1.8.1.5) Gecko/20070713 Firefox/2.0.0.5"
122.126.119.98 - - [30/Jul/2007:02:03:12 -0400] "GET /images/nav04_conven_off.jpg HTTP/1.1" 200 1341 "http://www.aceonlinestore.com/cgi-bin/lansaweb?procfun+wordpr01+webfunc+m37+funcparms+WEBKEY(A0100):PROMOS" "Mozilla/5.0 (Windows; U; Windows NT 5.1; zh-TW; rv:1.8.1.5) Gecko/20070713 Firefox/2.0.0.5"
122.126.119.98 - - [30/Jul/2007:02:03:12 -0400] "GET /images/nav04_download_off.jpg HTTP/1.1" 200 1206 "http://www.aceonlinestore.com/cgi-bin/lansaweb?procfun+wordpr01+webfunc+m37+funcparms+WEBKEY(A0100):PROMOS" "Mozilla/5.0 (Windows; U; Windows NT 5.1; zh-TW; rv:1.8.1.5) Gecko/20070713 Firefox/2.0.0.5"
122.126.119.98 - - [30/Jul/2007:02:03:12 -0400] "GET /images/nav04_contact_off.jpg HTTP/1.1" 200 965 "http://www.aceonlinestore.com/cgi-bin/lansaweb?procfun+wordpr01+webfunc+m37+funcparms+WEBKEY(A0100):PROMOS" "Mozilla/5.0 (Windows; U; Windows NT 5.1; zh-TW; rv:1.8.1.5) Gecko/20070713 Firefox/2.0.0.5"
122.126.119.98 - - [30/Jul/2007:02:03:12 -0400] "GET /images/ace_logo_bottom.jpg HTTP/1.1" 200 2447 "http://www.aceonlinestore.com/cgi-bin/lansaweb?procfun+wordpr01+webfunc+m37+funcparms+WEBKEY(A0100):PROMOS" "Mozilla/5.0 (Windows; U; Windows NT 5.1; zh-TW; rv:1.8.1.5) Gecko/20070713 Firefox/2.0.0.5"
122.126.119.98 - - [30/Jul/2007:02:03:13 -0400] "GET /images/nav_store_head.jpg HTTP/1.1" 200 1953 "http://www.aceonlinestore.com/cgi-bin/lansaweb?procfun+wordpr01+webfunc+m37+funcparms+WEBKEY(A0100):PROMOS" "Mozilla/5.0 (Windows; U; Windows NT 5.1; zh-TW; rv:1.8.1.5) Gecko/20070713 Firefox/2.0.0.5"
122.126.119.98 - - [30/Jul/2007:02:03:13 -0400] "GET /images/nav_store_index_off.jpg HTTP/1.1" 200 922 "http://www.aceonlinestore.com/cgi-bin/lansaweb?procfun+wordpr01+webfunc+m37+funcparms+WEBKEY(A0100):PROMOS" "Mozilla/5.0 (Windows; U; Windows NT 5.1; zh-TW; rv:1.8.1.5) Gecko/20070713 Firefox/2.0.0.5"
122.126.119.98 - - [30/Jul/2007:02:03:13 -0400] "GET /images/spacer.gif HTTP/1.1" 200 55 "http://www.aceonlinestore.com/cgi-bin/lansaweb?procfun+wordpr01+webfunc+m37+funcparms+WEBKEY(A0100):PROMOS" "Mozilla/5.0 (Windows; U; Windows NT 5.1; zh-TW; rv:1.8.1.5) Gecko/20070713 Firefox/2.0.0.5"
122.126.119.98 - - [30/Jul/2007:02:03:13 -0400] "GET /images/login.gif HTTP/1.1" 200 166 "http://www.aceonlinestore.com/cgi-bin/lansaweb?procfun+wordpr01+webfunc+m37+funcparms+WEBKEY(A0100):PROMOS" "Mozilla/5.0 (Windows; U; Windows NT 5.1; zh-TW; rv:1.8.1.5) Gecko/20070713 Firefox/2.0.0.5"
122.126.119.98 - - [30/Jul/2007:02:03:14 -0400] "GET /images/login_go.gif HTTP/1.1" 200 296 "http://www.aceonlinestore.com/cgi-bin/lansaweb?procfun+wordpr01+webfunc+m37+funcparms+WEBKEY(A0100):PROMOS" "Mozilla/5.0 (Windows; U; Windows NT 5.1; zh-TW; rv:1.8.1.5) Gecko/20070713 Firefox/2.0.0.5"
122.126.119.98 - - [30/Jul/2007:02:03:14 -0400] "GET /images/search.gif HTTP/1.1" 200 614 "http://www.aceonlinestore.com/cgi-bin/lansaweb?procfun+wordpr01+webfunc+m37+funcparms+WEBKEY(A0100):PROMOS" "Mozilla/5.0 (Windows; U; Windows NT 5.1; zh-TW; rv:1.8.1.5) Gecko/20070713 Firefox/2.0.0.5"
122.126.119.98 - - [30/Jul/2007:02:03:14 -0400] "GET /images/psearch_go.gif HTTP/1.1" 200 296 "http://www.aceonlinestore.com/cgi-bin/lansaweb?procfun+wordpr01+webfunc+m37+funcparms+WEBKEY(A0100):PROMOS" "Mozilla/5.0 (Windows; U; Windows NT 5.1; zh-TW; rv:1.8.1.5) Gecko/20070713 Firefox/2.0.0.5"
122.126.119.98 - - [30/Jul/2007:02:03:14 -0400] "GET /images/sale_promo-icon.gif HTTP/1.1" 200 402 "http://www.aceonlinestore.com/cgi-bin/lansaweb?procfun+wordpr01+webfunc+m37+funcparms+WEBKEY(A0100):PROMOS" "Mozilla/5.0 (Windows; U; Windows NT 5.1; zh-TW; rv:1.8.1.5) Gecko/20070713 Firefox/2.0.0.5"
122.126.119.98 - - [30/Jul/2007:02:03:14 -0400] "GET /images/items/CONFORM_THUMB.JPG HTTP/1.1" 200 1623 "http://www.aceonlinestore.com/cgi-bin/lansaweb?procfun+wordpr01+webfunc+m37+funcparms+WEBKEY(A0100):PROMOS" "Mozilla/5.0 (Windows; U; Windows NT 5.1; zh-TW; rv:1.8.1.5) Gecko/20070713 Firefox/2.0.0.5"
122.126.119.98 - - [30/Jul/2007:02:03:14 -0400] "GET /images/items/NUOSSCOLLAGEN_THUMB.JPG HTTP/1.1" 200 2818 "http://www.aceonlinestore.com/cgi-bin/lansaweb?procfun+wordpr01+webfunc+m37+funcparms+WEBKEY(A0100):PROMOS" "Mozilla/5.0 (Windows; U; Windows NT 5.1; zh-TW; rv:1.8.1.5) Gecko/20070713 Firefox/2.0.0.5"
122.126.119.98 - - [30/Jul/2007:02:03:15 -0400] "GET /images/nav_upper_bgrd.jpg HTTP/1.1" 200 2954 "http://www.aceonlinestore.com/cgi-bin/lansaweb?procfun+wordpr01+webfunc+m37+funcparms+WEBKEY(A0100):PROMOS" "Mozilla/5.0 (Windows; U; Windows NT 5.1; zh-TW; rv:1.8.1.5) Gecko/20070713 Firefox/2.0.0.5"
122.126.119.98 - - [30/Jul/2007:02:03:15 -0400] "GET /images/nav_lower_bgrd.jpg HTTP/1.1" 200 2321 "http://www.aceonlinestore.com/cgi-bin/lansaweb?procfun+wordpr01+webfunc+m37+funcparms+WEBKEY(A0100):PROMOS" "Mozilla/5.0 (Windows; U; Windows NT 5.1; zh-TW; rv:1.8.1.5) Gecko/20070713 Firefox/2.0.0.5"
122.126.119.98 - - [30/Jul/2007:02:03:15 -0400] "GET /favicon.ico HTTP/1.1" 404 209 "-" "Mozilla/5.0 (Windows; U; Windows NT 5.1; zh-TW; rv:1.8.1.5) Gecko/20070713 Firefox/2.0.0.5"
122.126.119.98 - - [30/Jul/2007:02:06:13 -0400] "GET /cgi-bin/LANSAWEB?PROCFUN+WORDPR01+FULLIMG+M37+FUNCPARMS+WEBCMP(S0020):1+WEBSSN(A0240):L7D2704065EA32900388908F+WSEQ(S0060):1+OUITEM(A0200):5099100 HTTP/1.1" 200 21812 "http://www.aceonlinestore.com/cgi-bin/lansaweb?procfun+wordpr01+webfunc+m37+funcparms+WEBKEY(A0100):PROMOS" "Mozilla/5.0 (Windows; U; Windows NT 5.1; zh-TW; rv:1.8.1.5) Gecko/20070713 Firefox/2.0.0.5"
122.126.119.98 - - [30/Jul/2007:02:06:15 -0400] "GET /images/items/NUOSSCOLLAGE_FULL.JPG HTTP/1.1" 404 232 "http://www.aceonlinestore.com/cgi-bin/LANSAWEB?PROCFUN+WORDPR01+FULLIMG+M37+FUNCPARMS+WEBCMP(S0020):1+WEBSSN(A0240):L7D2704065EA32900388908F+WSEQ(S0060):1+OUITEM(A0200):5099100" "Mozilla/5.0 (Windows; U; Windows NT 5.1; zh-TW; rv:1.8.1.5) Gecko/20070713 Firefox/2.0.0.5"
122.126.119.98 - - [30/Jul/2007:02:06:35 -0400] "GET /images/nav04_shop_over.jpg HTTP/1.1" 200 1722 "http://www.aceonlinestore.com/cgi-bin/lansaweb?procfun+wordpr01+webfunc+m37+funcparms+WEBKEY(A0100):PROMOS" "Mozilla/5.0 (Windows; U; Windows NT 5.1; zh-TW; rv:1.8.1.5) Gecko/20070713 Firefox/2.0.0.5"
122.126.119.98 - - [30/Jul/2007:02:06:35 -0400] "GET /images/nav04_shop_over.jpg HTTP/1.1" 200 1722 "http://www.aceonlinestore.com/cgi-bin/lansaweb?procfun+wordpr01+webfunc+m37+funcparms+WEBKEY(A0100):PROMOS" "Mozilla/5.0 (Windows; U; Windows NT 5.1; zh-TW; rv:1.8.1.5) Gecko/20070713 Firefox/2.0.0.5"
209.59.12.99 - - [30/Jul/2007:02:07:35 -0400] "GET / HTTP/1.0" 200 367 "-" "check_http/1.81 (nagios-plugins 1.4)"
209.59.12.99 - - [30/Jul/2007:02:12:34 -0400] "GET / HTTP/1.0" 200 367 "-" "check_http/1.81 (nagios-plugins 1.4)"
209.59.12.99 - - [30/Jul/2007:02:17:35 -0400] "GET / HTTP/1.0" 200 367 "-" "check_http/1.81 (nagios-plugins 1.4)"
209.59.12.99 - - [30/Jul/2007:02:22:34 -0400] "GET / HTTP/1.0" 200 367 "-" "check_http/1.81 (nagios-plugins 1.4)"
209.59.12.99 - - [30/Jul/2007:02:27:35 -0400] "GET / HTTP/1.0" 200 367 "-" "check_http/1.81 (nagios-plugins 1.4)"
66.249.72.198 - - [30/Jul/2007:02:31:08 -0400] "GET /logs/access_log.Q107061000 HTTP/1.1" 200 645670 "-" "Mozilla/5.0 (compatible; Googlebot/2.1; +http://www.google.com/bot.html)"
209.59.12.99 - - [30/Jul/2007:02:32:35 -0400] "GET / HTTP/1.0" 200 367 "-" "check_http/1.81 (nagios-plugins 1.4)"
209.59.12.99 - - [30/Jul/2007:02:37:35 -0400] "GET / HTTP/1.0" 200 367 "-" "check_http/1.81 (nagios-plugins 1.4)"
209.59.12.99 - - [30/Jul/2007:02:42:35 -0400] "GET / HTTP/1.0" 200 367 "-" "check_http/1.81 (nagios-plugins 1.4)"
209.59.12.99 - - [30/Jul/2007:02:47:35 -0400] "GET / HTTP/1.0" 200 367 "-" "check_http/1.81 (nagios-plugins 1.4)"
209.59.12.99 - - [30/Jul/2007:02:52:34 -0400] "GET / HTTP/1.0" 200 367 "-" "check_http/1.81 (nagios-plugins 1.4)"
209.59.12.99 - - [30/Jul/2007:02:57:36 -0400] "GET / HTTP/1.0" 200 367 "-" "check_http/1.81 (nagios-plugins 1.4)"
209.59.12.99 - - [30/Jul/2007:03:02:34 -0400] "GET / HTTP/1.0" 200 367 "-" "check_http/1.81 (nagios-plugins 1.4)"
209.59.12.99 - - [30/Jul/2007:03:07:35 -0400] "GET / HTTP/1.0" 200 367 "-" "check_http/1.81 (nagios-plugins 1.4)"
66.249.72.198 - - [30/Jul/2007:03:07:40 -0400] "GET /logs/error_log.Q107061300 HTTP/1.1" 304 - "-" "Mozilla/5.0 (compatible; Googlebot/2.1; +http://www.google.com/bot.html)"
209.59.12.99 - - [30/Jul/2007:03:12:34 -0400] "GET / HTTP/1.0" 200 367 "-" "check_http/1.81 (nagios-plugins 1.4)"
203.38.85.97 - - [30/Jul/2007:03:16:52 -0400] "GET /logs/error_log.Q107060900 HTTP/1.1" 200 22788 "http://www.google.com/search?q=LANSAWEB.PGM&rls=com.microsoft:en-au:IE-SearchBox&ie=UTF-8&oe=UTF-8&sourceid=ie7&rlz=1I7GZHZ" "Mozilla/4.0 (compatible; MSIE 7.0; Windows NT 5.1; .NET CLR 1.1.4322; InfoPath.1)"
203.38.85.97 - - [30/Jul/2007:03:16:55 -0400] "GET /favicon.ico HTTP/1.1" 404 209 "-" "Mozilla/4.0 (compatible; MSIE 7.0; Windows NT 5.1; .NET CLR 1.1.4322; InfoPath.1)"
203.38.85.97 - - [30/Jul/2007:03:17:03 -0400] "GET /logs/error_log.Q107052600 HTTP/1.1" 200 24917 "http://www.google.com/search?q=LANSAWEB.PGM&rls=com.microsoft:en-au:IE-SearchBox&ie=UTF-8&oe=UTF-8&sourceid=ie7&rlz=1I7GZHZ" "Mozilla/4.0 (compatible; MSIE 7.0; Windows NT 5.1; .NET CLR 1.1.4322; InfoPath.1)"
203.38.85.97 - - [30/Jul/2007:03:17:12 -0400] "GET / HTTP/1.1" 200 367 "-" "Mozilla/4.0 (compatible; MSIE 7.0; Windows NT 5.1; .NET CLR 1.1.4322; InfoPath.1)"
203.38.85.97 - - [30/Jul/2007:03:17:20 -0400] "GET /index.htm HTTP/1.1" 200 870 "http://www.aceonlinestore.com/" "Mozilla/4.0 (compatible; MSIE 7.0; Windows NT 5.1; .NET CLR 1.1.4322; InfoPath.1)"
203.38.85.97 - - [30/Jul/2007:03:17:20 -0400] "GET /CGI-BIN/LANSAWEB?PROCFUN+WORDPR01+WEBFUNC+M37+FUNCPARMS+STD_DESC(A0300):98092_________________________ HTTP/1.1" 200 38205 "-" "Mozilla/4.0 (compatible; MSIE 7.0; Windows NT 5.1; .NET CLR 1.1.4322; InfoPath.1)"
203.38.85.97 - - [30/Jul/2007:03:17:21 -0400] "GET /images/ace_logo_top.jpg HTTP/1.1" 200 2702 "http://www.aceonlinestore.com/CGI-BIN/LANSAWEB?PROCFUN+WORDPR01+WEBFUNC+M37+FUNCPARMS+STD_DESC(A0300):98092_________________________" "Mozilla/4.0 (compatible; MSIE 7.0; Windows NT 5.1; .NET CLR 1.1.4322; InfoPath.1)"
203.38.85.97 - - [30/Jul/2007:03:17:22 -0400] "GET /images/nav04_about_off.jpg HTTP/1.1" 200 1255 "http://www.aceonlinestore.com/CGI-BIN/LANSAWEB?PROCFUN+WORDPR01+WEBFUNC+M37+FUNCPARMS+STD_DESC(A0300):98092_________________________" "Mozilla/4.0 (compatible; MSIE 7.0; Windows NT 5.1; .NET CLR 1.1.4322; InfoPath.1)"
203.38.85.97 - - [30/Jul/2007:03:17:22 -0400] "GET /images/nav04_shop_over.jpg HTTP/1.1" 200 1722 "http://www.aceonlinestore.com/CGI-BIN/LANSAWEB?PROCFUN+WORDPR01+WEBFUNC+M37+FUNCPARMS+STD_DESC(A0300):98092_________________________" "Mozilla/4.0 (compatible; MSIE 7.0; Windows NT 5.1; .NET CLR 1.1.4322; InfoPath.1)"
203.38.85.97 - - [30/Jul/2007:03:17:22 -0400] "GET /images/nav04_conven_off.jpg HTTP/1.1" 200 1341 "http://www.aceonlinestore.com/CGI-BIN/LANSAWEB?PROCFUN+WORDPR01+WEBFUNC+M37+FUNCPARMS+STD_DESC(A0300):98092_________________________" "Mozilla/4.0 (compatible; MSIE 7.0; Windows NT 5.1; .NET CLR 1.1.4322; InfoPath.1)"
203.38.85.97 - - [30/Jul/2007:03:17:22 -0400] "GET /images/nav04_download_off.jpg HTTP/1.1" 200 1206 "http://www.aceonlinestore.com/CGI-BIN/LANSAWEB?PROCFUN+WORDPR01+WEBFUNC+M37+FUNCPARMS+STD_DESC(A0300):98092_________________________" "Mozilla/4.0 (compatible; MSIE 7.0; Windows NT 5.1; .NET CLR 1.1.4322; InfoPath.1)"
203.38.85.97 - - [30/Jul/2007:03:17:22 -0400] "GET /images/nav04_contact_off.jpg HTTP/1.1" 200 965 "http://www.aceonlinestore.com/CGI-BIN/LANSAWEB?PROCFUN+WORDPR01+WEBFUNC+M37+FUNCPARMS+STD_DESC(A0300):98092_________________________" "Mozilla/4.0 (compatible; MSIE 7.0; Windows NT 5.1; .NET CLR 1.1.4322; InfoPath.1)"
203.38.85.97 - - [30/Jul/2007:03:17:22 -0400] "GET /images/ace_logo_bottom.jpg HTTP/1.1" 200 2447 "http://www.aceonlinestore.com/CGI-BIN/LANSAWEB?PROCFUN+WORDPR01+WEBFUNC+M37+FUNCPARMS+STD_DESC(A0300):98092_________________________" "Mozilla/4.0 (compatible; MSIE 7.0; Windows NT 5.1; .NET CLR 1.1.4322; InfoPath.1)"
203.38.85.97 - - [30/Jul/2007:03:17:22 -0400] "GET /images/nav_store_head.jpg HTTP/1.1" 200 1953 "http://www.aceonlinestore.com/CGI-BIN/LANSAWEB?PROCFUN+WORDPR01+WEBFUNC+M37+FUNCPARMS+STD_DESC(A0300):98092_________________________" "Mozilla/4.0 (compatible; MSIE 7.0; Windows NT 5.1; .NET CLR 1.1.4322; InfoPath.1)"
203.38.85.97 - - [30/Jul/2007:03:17:22 -0400] "GET /images/nav_store_index_off.jpg HTTP/1.1" 200 922 "http://www.aceonlinestore.com/CGI-BIN/LANSAWEB?PROCFUN+WORDPR01+WEBFUNC+M37+FUNCPARMS+STD_DESC(A0300):98092_________________________" "Mozilla/4.0 (compatible; MSIE 7.0; Windows NT 5.1; .NET CLR 1.1.4322; InfoPath.1)"
203.38.85.97 - - [30/Jul/2007:03:17:23 -0400] "GET /images/spacer.gif HTTP/1.1" 200 55 "http://www.aceonlinestore.com/CGI-BIN/LANSAWEB?PROCFUN+WORDPR01+WEBFUNC+M37+FUNCPARMS+STD_DESC(A0300):98092_________________________" "Mozilla/4.0 (compatible; MSIE 7.0; Windows NT 5.1; .NET CLR 1.1.4322; InfoPath.1)"
203.38.85.97 - - [30/Jul/2007:03:17:23 -0400] "GET /images/nav_upper_bgrd.jpg HTTP/1.1" 200 2954 "http://www.aceonlinestore.com/CGI-BIN/LANSAWEB?PROCFUN+WORDPR01+WEBFUNC+M37+FUNCPARMS+STD_DESC(A0300):98092_________________________" "Mozilla/4.0 (compatible; MSIE 7.0; Windows NT 5.1; .NET CLR 1.1.4322; InfoPath.1)"
203.38.85.97 - - [30/Jul/2007:03:17:23 -0400] "GET /images/nav_lower_bgrd.jpg HTTP/1.1" 200 2321 "http://www.aceonlinestore.com/CGI-BIN/LANSAWEB?PROCFUN+WORDPR01+WEBFUNC+M37+FUNCPARMS+STD_DESC(A0300):98092_________________________" "Mozilla/4.0 (compatible; MSIE 7.0; Windows NT 5.1; .NET CLR 1.1.4322; InfoPath.1)"
203.38.85.97 - - [30/Jul/2007:03:17:23 -0400] "GET /images/login.gif HTTP/1.1" 200 166 "http://www.aceonlinestore.com/CGI-BIN/LANSAWEB?PROCFUN+WORDPR01+WEBFUNC+M37+FUNCPARMS+STD_DESC(A0300):98092_________________________" "Mozilla/4.0 (compatible; MSIE 7.0; Windows NT 5.1; .NET CLR 1.1.4322; InfoPath.1)"
203.38.85.97 - - [30/Jul/2007:03:17:23 -0400] "GET /images/login_go.gif HTTP/1.1" 200 296 "http://www.aceonlinestore.com/CGI-BIN/LANSAWEB?PROCFUN+WORDPR01+WEBFUNC+M37+FUNCPARMS+STD_DESC(A0300):98092_________________________" "Mozilla/4.0 (compatible; MSIE 7.0; Windows NT 5.1; .NET CLR 1.1.4322; InfoPath.1)"
203.38.85.97 - - [30/Jul/2007:03:17:23 -0400] "GET /images/search.gif HTTP/1.1" 200 614 "http://www.aceonlinestore.com/CGI-BIN/LANSAWEB?PROCFUN+WORDPR01+WEBFUNC+M37+FUNCPARMS+STD_DESC(A0300):98092_________________________" "Mozilla/4.0 (compatible; MSIE 7.0; Windows NT 5.1; .NET CLR 1.1.4322; InfoPath.1)"
203.38.85.97 - - [30/Jul/2007:03:17:23 -0400] "GET /images/psearch_go.gif HTTP/1.1" 200 296 "http://www.aceonlinestore.com/CGI-BIN/LANSAWEB?PROCFUN+WORDPR01+WEBFUNC+M37+FUNCPARMS+STD_DESC(A0300):98092_________________________" "Mozilla/4.0 (compatible; MSIE 7.0; Windows NT 5.1; .NET CLR 1.1.4322; InfoPath.1)"
203.38.85.97 - - [30/Jul/2007:03:17:23 -0400] "GET /images/sale_promo-icon.gif HTTP/1.1" 200 402 "http://www.aceonlinestore.com/CGI-BIN/LANSAWEB?PROCFUN+WORDPR01+WEBFUNC+M37+FUNCPARMS+STD_DESC(A0300):98092_________________________" "Mozilla/4.0 (compatible; MSIE 7.0; Windows NT 5.1; .NET CLR 1.1.4322; InfoPath.1)"
203.38.85.97 - - [30/Jul/2007:03:17:25 -0400] "GET /images/store_anesth_section.jpg HTTP/1.1" 200 10123 "http://www.aceonlinestore.com/CGI-BIN/LANSAWEB?PROCFUN+WORDPR01+WEBFUNC+M37+FUNCPARMS+STD_DESC(A0300):98092_________________________" "Mozilla/4.0 (compatible; MSIE 7.0; Windows NT 5.1; .NET CLR 1.1.4322; InfoPath.1)"
203.38.85.97 - - [30/Jul/2007:03:17:25 -0400] "GET /images/store_bone_section2.jpg HTTP/1.1" 200 21458 "http://www.aceonlinestore.com/CGI-BIN/LANSAWEB?PROCFUN+WORDPR01+WEBFUNC+M37+FUNCPARMS+STD_DESC(A0300):98092_________________________" "Mozilla/4.0 (compatible; MSIE 7.0; Windows NT 5.1; .NET CLR 1.1.4322; InfoPath.1)"
203.38.85.97 - - [30/Jul/2007:03:17:26 -0400] "GET /images/store_cardiac_section.jpg HTTP/1.1" 200 25730 "http://www.aceonlinestore.com/CGI-BIN/LANSAWEB?PROCFUN+WORDPR01+WEBFUNC+M37+FUNCPARMS+STD_DESC(A0300):98092_________________________" "Mozilla/4.0 (compatible; MSIE 7.0; Windows NT 5.1; .NET CLR 1.1.4322; InfoPath.1)"
203.38.85.97 - - [30/Jul/2007:03:17:26 -0400] "GET /images/store_gauze_section.jpg HTTP/1.1" 200 24119 "http://www.aceonlinestore.com/CGI-BIN/LANSAWEB?PROCFUN+WORDPR01+WEBFUNC+M37+FUNCPARMS+STD_DESC(A0300):98092_________________________" "Mozilla/4.0 (compatible; MSIE 7.0; Windows NT 5.1; .NET CLR 1.1.4322; InfoPath.1)"
203.38.85.97 - - [30/Jul/2007:03:17:27 -0400] "GET /images/store_handpc_section.jpg HTTP/1.1" 200 23958 "http://www.aceonlinestore.com/CGI-BIN/LANSAWEB?PROCFUN+WORDPR01+WEBFUNC+M37+FUNCPARMS+STD_DESC(A0300):98092_________________________" "Mozilla/4.0 (compatible; MSIE 7.0; Windows NT 5.1; .NET CLR 1.1.4322; InfoPath.1)"
203.38.85.97 - - [30/Jul/2007:03:17:27 -0400] "GET /images/store_infection_section.jpg HTTP/1.1" 200 25264 "http://www.aceonlinestore.com/CGI-BIN/LANSAWEB?PROCFUN+WORDPR01+WEBFUNC+M37+FUNCPARMS+STD_DESC(A0300):98092_________________________" "Mozilla/4.0 (compatible; MSIE 7.0; Windows NT 5.1; .NET CLR 1.1.4322; InfoPath.1)"
203.38.85.97 - - [30/Jul/2007:03:17:27 -0400] "GET /images/store_instr_section.jpg HTTP/1.1" 200 26432 "http://www.aceonlinestore.com/CGI-BIN/LANSAWEB?PROCFUN+WORDPR01+WEBFUNC+M37+FUNCPARMS+STD_DESC(A0300):98092_________________________" "Mozilla/4.0 (compatible; MSIE 7.0; Windows NT 5.1; .NET CLR 1.1.4322; InfoPath.1)"
203.38.85.97 - - [30/Jul/2007:03:17:27 -0400] "GET /images/store_implant_section.jpg HTTP/1.1" 200 8001 "http://www.aceonlinestore.com/CGI-BIN/LANSAWEB?PROCFUN+WORDPR01+WEBFUNC+M37+FUNCPARMS+STD_DESC(A0300):98092_________________________" "Mozilla/4.0 (compatible; MSIE 7.0; Windows NT 5.1; .NET CLR 1.1.4322; InfoPath.1)"
203.38.85.97 - - [30/Jul/2007:03:17:28 -0400] "GET /images/store_irrigate_section.gif HTTP/1.1" 200 10336 "http://www.aceonlinestore.com/CGI-BIN/LANSAWEB?PROCFUN+WORDPR01+WEBFUNC+M37+FUNCPARMS+STD_DESC(A0300):98092_________________________" "Mozilla/4.0 (compatible; MSIE 7.0; Windows NT 5.1; .NET CLR 1.1.4322; InfoPath.1)"
203.38.85.97 - - [30/Jul/2007:03:17:28 -0400] "GET /images/store_iv_admin_section.jpg HTTP/1.1" 200 9115 "http://www.aceonlinestore.com/CGI-BIN/LANSAWEB?PROCFUN+WORDPR01+WEBFUNC+M37+FUNCPARMS+STD_DESC(A0300):98092_________________________" "Mozilla/4.0 (compatible; MSIE 7.0; Windows NT 5.1; .NET CLR 1.1.4322; InfoPath.1)"
203.38.85.97 - - [30/Jul/2007:03:17:28 -0400] "GET /images/store_assess_section.jpg HTTP/1.1" 200 10059 "http://www.aceonlinestore.com/CGI-BIN/LANSAWEB?PROCFUN+WORDPR01+WEBFUNC+M37+FUNCPARMS+STD_DESC(A0300):98092_________________________" "Mozilla/4.0 (compatible; MSIE 7.0; Windows NT 5.1; .NET CLR 1.1.4322; InfoPath.1)"
203.38.85.97 - - [30/Jul/2007:03:17:28 -0400] "GET /images/store_pharma_section.jpg HTTP/1.1" 200 7953 "http://www.aceonlinestore.com/CGI-BIN/LANSAWEB?PROCFUN+WORDPR01+WEBFUNC+M37+FUNCPARMS+STD_DESC(A0300):98092_________________________" "Mozilla/4.0 (compatible; MSIE 7.0; Windows NT 5.1; .NET CLR 1.1.4322; InfoPath.1)"
203.38.85.97 - - [30/Jul/2007:03:17:29 -0400] "GET /images/store_sterile_section.jpg HTTP/1.1" 200 9274 "http://www.aceonlinestore.com/CGI-BIN/LANSAWEB?PROCFUN+WORDPR01+WEBFUNC+M37+FUNCPARMS+STD_DESC(A0300):98092_________________________" "Mozilla/4.0 (compatible; MSIE 7.0; Windows NT 5.1; .NET CLR 1.1.4322; InfoPath.1)"
203.38.85.97 - - [30/Jul/2007:03:17:29 -0400] "GET /images/store_blades_section.jpg HTTP/1.1" 200 24174 "http://www.aceonlinestore.com/CGI-BIN/LANSAWEB?PROCFUN+WORDPR01+WEBFUNC+M37+FUNCPARMS+STD_DESC(A0300):98092_________________________" "Mozilla/4.0 (compatible; MSIE 7.0; Windows NT 5.1; .NET CLR 1.1.4322; InfoPath.1)"
203.38.85.97 - - [30/Jul/2007:03:17:29 -0400] "GET /images/store_burs_section.jpg HTTP/1.1" 200 10892 "http://www.aceonlinestore.com/CGI-BIN/LANSAWEB?PROCFUN+WORDPR01+WEBFUNC+M37+FUNCPARMS+STD_DESC(A0300):98092_________________________" "Mozilla/4.0 (compatible; MSIE 7.0; Windows NT 5.1; .NET CLR 1.1.4322; InfoPath.1)"
203.38.85.97 - - [30/Jul/2007:03:17:29 -0400] "GET /images/store_saws_section.jpg HTTP/1.1" 200 10028 "http://www.aceonlinestore.com/CGI-BIN/LANSAWEB?PROCFUN+WORDPR01+WEBFUNC+M37+FUNCPARMS+STD_DESC(A0300):98092_________________________" "Mozilla/4.0 (compatible; MSIE 7.0; Windows NT 5.1; .NET CLR 1.1.4322; InfoPath.1)"
203.38.85.97 - - [30/Jul/2007:03:17:29 -0400] "GET /images/store_sutures_section.jpg HTTP/1.1" 200 28375 "http://www.aceonlinestore.com/CGI-BIN/LANSAWEB?PROCFUN+WORDPR01+WEBFUNC+M37+FUNCPARMS+STD_DESC(A0300):98092_________________________" "Mozilla/4.0 (compatible; MSIE 7.0; Windows NT 5.1; .NET CLR 1.1.4322; InfoPath.1)"
203.38.85.97 - - [30/Jul/2007:03:17:30 -0400] "GET /images/store_syringe_section.jpg HTTP/1.1" 200 9321 "http://www.aceonlinestore.com/CGI-BIN/LANSAWEB?PROCFUN+WORDPR01+WEBFUNC+M37+FUNCPARMS+STD_DESC(A0300):98092_________________________" "Mozilla/4.0 (compatible; MSIE 7.0; Windows NT 5.1; .NET CLR 1.1.4322; InfoPath.1)"
203.38.85.97 - - [30/Jul/2007:03:17:30 -0400] "GET /images/store_xray_section.jpg HTTP/1.1" 200 8861 "http://www.aceonlinestore.com/CGI-BIN/LANSAWEB?PROCFUN+WORDPR01+WEBFUNC+M37+FUNCPARMS+STD_DESC(A0300):98092_________________________" "Mozilla/4.0 (compatible; MSIE 7.0; Windows NT 5.1; .NET CLR 1.1.4322; InfoPath.1)"
203.38.85.97 - - [30/Jul/2007:03:17:30 -0400] "GET /CGI-BIN/LANSAWEB?PROCFUN+WORDPR01+WEBFUNC+M37+FUNCPARMS+STD_DESC(A0300):95778_________________________ HTTP/1.1" 200 38205 "-" "Mozilla/4.0 (compatible; MSIE 7.0; Windows NT 5.1; .NET CLR 1.1.4322; InfoPath.1)"
203.38.85.97 - - [30/Jul/2007:03:17:31 -0400] "GET /images/store_instr_section.jpg HTTP/1.1" 206 22567 "http://www.aceonlinestore.com/CGI-BIN/LANSAWEB?PROCFUN+WORDPR01+WEBFUNC+M37+FUNCPARMS+STD_DESC(A0300):95778_________________________" "Mozilla/4.0 (compatible; MSIE 7.0; Windows NT 5.1; .NET CLR 1.1.4322; InfoPath.1)"
203.38.85.97 - - [30/Jul/2007:03:17:31 -0400] "GET /images/store_saws_section.jpg HTTP/1.1" 206 2022 "http://www.aceonlinestore.com/CGI-BIN/LANSAWEB?PROCFUN+WORDPR01+WEBFUNC+M37+FUNCPARMS+STD_DESC(A0300):95778_________________________" "Mozilla/4.0 (compatible; MSIE 7.0; Windows NT 5.1; .NET CLR 1.1.4322; InfoPath.1)"
203.38.85.97 - - [30/Jul/2007:03:17:31 -0400] "GET /images/store_xray_section.jpg HTTP/1.1" 200 8861 "http://www.aceonlinestore.com/CGI-BIN/LANSAWEB?PROCFUN+WORDPR01+WEBFUNC+M37+FUNCPARMS+STD_DESC(A0300):95778_________________________" "Mozilla/4.0 (compatible; MSIE 7.0; Windows NT 5.1; .NET CLR 1.1.4322; InfoPath.1)"
203.38.85.97 - - [30/Jul/2007:03:17:32 -0400] "GET /images/ace_logo_top_over.jpg HTTP/1.1" 200 2616 "http://www.aceonlinestore.com/CGI-BIN/LANSAWEB?PROCFUN+WORDPR01+WEBFUNC+M37+FUNCPARMS+STD_DESC(A0300):95778_________________________" "Mozilla/4.0 (compatible; MSIE 7.0; Windows NT 5.1; .NET CLR 1.1.4322; InfoPath.1)"
203.38.85.97 - - [30/Jul/2007:03:17:33 -0400] "GET /images/ace_logo_top_over.jpg HTTP/1.1" 200 2616 "http://www.aceonlinestore.com/CGI-BIN/LANSAWEB?PROCFUN+WORDPR01+WEBFUNC+M37+FUNCPARMS+STD_DESC(A0300):95778_________________________" "Mozilla/4.0 (compatible; MSIE 7.0; Windows NT 5.1; .NET CLR 1.1.4322; InfoPath.1)"
209.59.12.99 - - [30/Jul/2007:03:17:34 -0400] "GET / HTTP/1.0" 200 367 "-" "check_http/1.81 (nagios-plugins 1.4)"
203.38.85.97 - - [30/Jul/2007:03:17:37 -0400] "GET /Includes/ HTTP/1.1" 200 220 "http://www.aceonlinestore.com/" "Mozilla/4.0 (compatible; MSIE 7.0; Windows NT 5.1; .NET CLR 1.1.4322; InfoPath.1)"
203.38.85.97 - - [30/Jul/2007:03:17:40 -0400] "GET /logs/ HTTP/1.1" 200 10396 "http://www.aceonlinestore.com/" "Mozilla/4.0 (compatible; MSIE 7.0; Windows NT 5.1; .NET CLR 1.1.4322; InfoPath.1)"
203.38.85.97 - - [30/Jul/2007:03:19:47 -0400] "GET /logs/error_log.Q107073000 HTTP/1.1" 200 2828 "http://www.aceonlinestore.com/logs/" "Mozilla/4.0 (compatible; MSIE 7.0; Windows NT 5.1; .NET CLR 1.1.4322; InfoPath.1)"
203.38.85.97 - - [30/Jul/2007:03:19:51 -0400] "GET /logs/error_log.Q107072900 HTTP/1.1" 200 31404 "http://www.aceonlinestore.com/logs/" "Mozilla/4.0 (compatible; MSIE 7.0; Windows NT 5.1; .NET CLR 1.1.4322; InfoPath.1)"
203.38.85.97 - - [30/Jul/2007:03:19:59 -0400] "GET /logs/error_log.Q107072800 HTTP/1.1" 200 32715 "http://www.aceonlinestore.com/logs/" "Mozilla/4.0 (compatible; MSIE 7.0; Windows NT 5.1; .NET CLR 1.1.4322; InfoPath.1)"
209.59.12.99 - - [30/Jul/2007:03:22:35 -0400] "GET / HTTP/1.0" 200 367 "-" "check_http/1.81 (nagios-plugins 1.4)"
209.59.12.99 - - [30/Jul/2007:03:27:35 -0400] "GET / HTTP/1.0" 200 367 "-" "check_http/1.81 (nagios-plugins 1.4)"
209.59.12.99 - - [30/Jul/2007:03:32:34 -0400] "GET / HTTP/1.0" 200 367 "-" "check_http/1.81 (nagios-plugins 1.4)"
209.59.12.99 - - [30/Jul/2007:03:37:35 -0400] "GET / HTTP/1.0" 200 367 "-" "check_http/1.81 (nagios-plugins 1.4)"
209.59.12.99 - - [30/Jul/2007:03:42:35 -0400] "GET / HTTP/1.0" 200 367 "-" "check_http/1.81 (nagios-plugins 1.4)"
66.249.72.198 - - [30/Jul/2007:03:44:27 -0400] "GET /logs/error_log.Q107061000 HTTP/1.1" 200 85263 "-" "Mozilla/5.0 (compatible; Googlebot/2.1; +http://www.google.com/bot.html)"
209.59.12.99 - - [30/Jul/2007:03:47:34 -0400] "GET / HTTP/1.0" 200 367 "-" "check_http/1.81 (nagios-plugins 1.4)"
209.59.12.99 - - [30/Jul/2007:03:52:35 -0400] "GET / HTTP/1.0" 200 367 "-" "check_http/1.81 (nagios-plugins 1.4)"
214.1.3.248 - - [30/Jul/2007:03:56:41 -0400] "GET /images/psearch_go.gif HTTP/1.1" 304 - "-" "Mozilla/4.0 (compatible;)"
214.1.3.248 - - [30/Jul/2007:03:57:03 -0400] "GET /images/ace_logo_top.jpg HTTP/1.1" 304 - "-" "Mozilla/4.0 (compatible;)"
214.1.3.248 - - [30/Jul/2007:03:57:07 -0400] "GET /images/nav_upper_bgrd.jpg HTTP/1.1" 304 - "-" "Mozilla/4.0 (compatible;)"
214.1.3.248 - - [30/Jul/2007:03:57:25 -0400] "GET /images/nav04_conven_off.jpg HTTP/1.1" 304 - "-" "Mozilla/4.0 (compatible;)"
209.59.12.99 - - [30/Jul/2007:03:57:34 -0400] "GET / HTTP/1.0" 200 367 "-" "check_http/1.81 (nagios-plugins 1.4)"
