71.43.227.252 - - [11/Aug/2007:10:49:17 -0400] "GET /images/store_saws_section.jpg HTTP/1.1" 200 10028 "http://www.aceonlinestore.com/CGI-BIN/LANSAWEB?WEBEVENT+L5D868F091664F800793A04R+M37+ENG" "Mozilla/5.0 (Macintosh; U; PPC Mac OS X; en) AppleWebKit/419.3 (KHTML, like Gecko) Safari/419.3"
71.43.227.252 - - [11/Aug/2007:10:49:18 -0400] "GET /favicon.ico HTTP/1.1" 404 209 "-" "Mozilla/5.0 (Macintosh; U; PPC Mac OS X; en) AppleWebKit/419.3 (KHTML, like Gecko) Safari/419.3"
71.43.227.252 - - [11/Aug/2007:10:49:19 -0400] "GET /images/store_gauze_section.jpg HTTP/1.1" 200 24119 "http://www.aceonlinestore.com/CGI-BIN/LANSAWEB?WEBEVENT+L5D868F091664F800793A04R+M37+ENG" "Mozilla/5.0 (Macintosh; U; PPC Mac OS X; en) AppleWebKit/419.3 (KHTML, like Gecko) Safari/419.3"
71.43.227.252 - - [11/Aug/2007:10:49:19 -0400] "GET /images/store_handpc_section.jpg HTTP/1.1" 200 23958 "http://www.aceonlinestore.com/CGI-BIN/LANSAWEB?WEBEVENT+L5D868F091664F800793A04R+M37+ENG" "Mozilla/5.0 (Macintosh; U; PPC Mac OS X; en) AppleWebKit/419.3 (KHTML, like Gecko) Safari/419.3"
71.43.227.252 - - [11/Aug/2007:10:49:19 -0400] "GET /images/store_irrigate_section.gif HTTP/1.1" 200 10336 "http://www.aceonlinestore.com/CGI-BIN/LANSAWEB?WEBEVENT+L5D868F091664F800793A04R+M37+ENG" "Mozilla/5.0 (Macintosh; U; PPC Mac OS X; en) AppleWebKit/419.3 (KHTML, like Gecko) Safari/419.3"
71.43.227.252 - - [11/Aug/2007:10:49:19 -0400] "GET /images/store_iv_admin_section.jpg HTTP/1.1" 200 9115 "http://www.aceonlinestore.com/CGI-BIN/LANSAWEB?WEBEVENT+L5D868F091664F800793A04R+M37+ENG" "Mozilla/5.0 (Macintosh; U; PPC Mac OS X; en) AppleWebKit/419.3 (KHTML, like Gecko) Safari/419.3"
71.43.227.252 - - [11/Aug/2007:10:49:19 -0400] "GET /images/store_infection_section.jpg HTTP/1.1" 200 25264 "http://www.aceonlinestore.com/CGI-BIN/LANSAWEB?WEBEVENT+L5D868F091664F800793A04R+M37+ENG" "Mozilla/5.0 (Macintosh; U; PPC Mac OS X; en) AppleWebKit/419.3 (KHTML, like Gecko) Safari/419.3"
71.43.227.252 - - [11/Aug/2007:10:49:19 -0400] "GET /images/store_sterile_section.jpg HTTP/1.1" 200 9274 "http://www.aceonlinestore.com/CGI-BIN/LANSAWEB?WEBEVENT+L5D868F091664F800793A04R+M37+ENG" "Mozilla/5.0 (Macintosh; U; PPC Mac OS X; en) AppleWebKit/419.3 (KHTML, like Gecko) Safari/419.3"
71.43.227.252 - - [11/Aug/2007:10:49:20 -0400] "GET /images/store_assess_section.jpg HTTP/1.1" 200 10059 "http://www.aceonlinestore.com/CGI-BIN/LANSAWEB?WEBEVENT+L5D868F091664F800793A04R+M37+ENG" "Mozilla/5.0 (Macintosh; U; PPC Mac OS X; en) AppleWebKit/419.3 (KHTML, like Gecko) Safari/419.3"
71.43.227.252 - - [11/Aug/2007:10:49:20 -0400] "GET /images/store_burs_section.jpg HTTP/1.1" 200 10892 "http://www.aceonlinestore.com/CGI-BIN/LANSAWEB?WEBEVENT+L5D868F091664F800793A04R+M37+ENG" "Mozilla/5.0 (Macintosh; U; PPC Mac OS X; en) AppleWebKit/419.3 (KHTML, like Gecko) Safari/419.3"
71.43.227.252 - - [11/Aug/2007:10:49:20 -0400] "GET /images/store_xray_section.jpg HTTP/1.1" 200 8861 "http://www.aceonlinestore.com/CGI-BIN/LANSAWEB?WEBEVENT+L5D868F091664F800793A04R+M37+ENG" "Mozilla/5.0 (Macintosh; U; PPC Mac OS X; en) AppleWebKit/419.3 (KHTML, like Gecko) Safari/419.3"
71.43.227.252 - - [11/Aug/2007:10:49:21 -0400] "GET /images/store_sutures_section.jpg HTTP/1.1" 200 28375 "http://www.aceonlinestore.com/CGI-BIN/LANSAWEB?WEBEVENT+L5D868F091664F800793A04R+M37+ENG" "Mozilla/5.0 (Macintosh; U; PPC Mac OS X; en) AppleWebKit/419.3 (KHTML, like Gecko) Safari/419.3"
71.43.227.252 - - [11/Aug/2007:10:49:21 -0400] "GET /images/store_blades_section.jpg HTTP/1.1" 200 24174 "http://www.aceonlinestore.com/CGI-BIN/LANSAWEB?WEBEVENT+L5D868F091664F800793A04R+M37+ENG" "Mozilla/5.0 (Macintosh; U; PPC Mac OS X; en) AppleWebKit/419.3 (KHTML, like Gecko) Safari/419.3"
71.43.227.252 - - [11/Aug/2007:10:49:22 -0400] "GET /images/store_syringe_section.jpg HTTP/1.1" 200 9321 "http://www.aceonlinestore.com/CGI-BIN/LANSAWEB?WEBEVENT+L5D868F091664F800793A04R+M37+ENG" "Mozilla/5.0 (Macintosh; U; PPC Mac OS X; en) AppleWebKit/419.3 (KHTML, like Gecko) Safari/419.3"
71.43.227.252 - - [11/Aug/2007:10:49:22 -0400] "GET /images/ace_logo_top_over.jpg HTTP/1.1" 200 2616 "http://www.aceonlinestore.com/CGI-BIN/LANSAWEB?WEBEVENT+L5D868F091664F800793A04R+M37+ENG" "Mozilla/5.0 (Macintosh; U; PPC Mac OS X; en) AppleWebKit/419.3 (KHTML, like Gecko) Safari/419.3"
71.43.227.252 - - [11/Aug/2007:10:50:45 -0400] "GET /cgi-bin/lansaweb?procfun+wordpr01+webfunc+M37 HTTP/1.1" 200 38205 "http://www.acesurgical.com/about.html" "Mozilla/5.0 (Macintosh; U; PPC Mac OS X; en) AppleWebKit/419.3 (KHTML, like Gecko) Safari/419.3"
71.43.227.252 - - [11/Aug/2007:10:50:46 -0400] "GET /favicon.ico HTTP/1.1" 404 209 "-" "Mozilla/5.0 (Macintosh; U; PPC Mac OS X; en) AppleWebKit/419.3 (KHTML, like Gecko) Safari/419.3"
71.43.227.252 - - [11/Aug/2007:10:51:17 -0400] "GET /images/over-store_anesth_section.jpg HTTP/1.1" 200 9173 "http://www.aceonlinestore.com/cgi-bin/lansaweb?procfun+wordpr01+webfunc+M37" "Mozilla/5.0 (Macintosh; U; PPC Mac OS X; en) AppleWebKit/419.3 (KHTML, like Gecko) Safari/419.3"
200.78.78.183 - - [11/Aug/2007:10:51:51 -0400] "GET /cgi-bin/lansaweb?procfun+wordpr01+webfunc+M37 HTTP/1.1" 200 38205 "http://www.acesurgical.com/home_Aug07.html" "Mozilla/4.0 (compatible; MSIE 6.0; Windows NT 5.1; SV1; .NET CLR 1.1.4322)"
71.43.227.252 - - [11/Aug/2007:10:51:50 -0400] "POST /CGI-BIN/LANSAWEB?WEBEVENT+L3D8690051AF45800827A05R+M37+ENG HTTP/1.1" 200 30480 "http://www.aceonlinestore.com/cgi-bin/lansaweb?procfun+wordpr01+webfunc+M37" "Mozilla/5.0 (Macintosh; U; PPC Mac OS X; en) AppleWebKit/419.3 (KHTML, like Gecko) Safari/419.3"
71.43.227.252 - - [11/Aug/2007:10:51:51 -0400] "GET /images/nav04_about_off.jpg HTTP/1.1" 200 1255 "https://www.aceonlinestore.com/CGI-BIN/LANSAWEB?WEBEVENT+L3D8690051AF45800827A05R+M37+ENG" "Mozilla/5.0 (Macintosh; U; PPC Mac OS X; en) AppleWebKit/419.3 (KHTML, like Gecko) Safari/419.3"
71.43.227.252 - - [11/Aug/2007:10:51:51 -0400] "GET /images/ace_logo_top.jpg HTTP/1.1" 200 2702 "https://www.aceonlinestore.com/CGI-BIN/LANSAWEB?WEBEVENT+L3D8690051AF45800827A05R+M37+ENG" "Mozilla/5.0 (Macintosh; U; PPC Mac OS X; en) AppleWebKit/419.3 (KHTML, like Gecko) Safari/419.3"
71.43.227.252 - - [11/Aug/2007:10:51:51 -0400] "GET /images/nav_upper_bgrd.jpg HTTP/1.1" 200 2954 "https://www.aceonlinestore.com/CGI-BIN/LANSAWEB?WEBEVENT+L3D8690051AF45800827A05R+M37+ENG" "Mozilla/5.0 (Macintosh; U; PPC Mac OS X; en) AppleWebKit/419.3 (KHTML, like Gecko) Safari/419.3"
71.43.227.252 - - [11/Aug/2007:10:51:51 -0400] "GET /images/nav04_contact_off.jpg HTTP/1.1" 200 965 "https://www.aceonlinestore.com/CGI-BIN/LANSAWEB?WEBEVENT+L3D8690051AF45800827A05R+M37+ENG" "Mozilla/5.0 (Macintosh; U; PPC Mac OS X; en) AppleWebKit/419.3 (KHTML, like Gecko) Safari/419.3"
71.43.227.252 - - [11/Aug/2007:10:51:51 -0400] "GET /images/nav04_download_off.jpg HTTP/1.1" 200 1206 "https://www.aceonlinestore.com/CGI-BIN/LANSAWEB?WEBEVENT+L3D8690051AF45800827A05R+M37+ENG" "Mozilla/5.0 (Macintosh; U; PPC Mac OS X; en) AppleWebKit/419.3 (KHTML, like Gecko) Safari/419.3"
71.43.227.252 - - [11/Aug/2007:10:51:51 -0400] "GET /images/nav04_shop_off.jpg HTTP/1.1" 200 1390 "https://www.aceonlinestore.com/CGI-BIN/LANSAWEB?WEBEVENT+L3D8690051AF45800827A05R+M37+ENG" "Mozilla/5.0 (Macintosh; U; PPC Mac OS X; en) AppleWebKit/419.3 (KHTML, like Gecko) Safari/419.3"
71.43.227.252 - - [11/Aug/2007:10:51:52 -0400] "GET /images/nav_store_index_off.jpg HTTP/1.1" 200 922 "https://www.aceonlinestore.com/CGI-BIN/LANSAWEB?WEBEVENT+L3D8690051AF45800827A05R+M37+ENG" "Mozilla/5.0 (Macintosh; U; PPC Mac OS X; en) AppleWebKit/419.3 (KHTML, like Gecko) Safari/419.3"
71.43.227.252 - - [11/Aug/2007:10:51:52 -0400] "GET /images/nav_store_head.jpg HTTP/1.1" 200 1953 "https://www.aceonlinestore.com/CGI-BIN/LANSAWEB?WEBEVENT+L3D8690051AF45800827A05R+M37+ENG" "Mozilla/5.0 (Macintosh; U; PPC Mac OS X; en) AppleWebKit/419.3 (KHTML, like Gecko) Safari/419.3"
71.43.227.252 - - [11/Aug/2007:10:51:52 -0400] "GET /images/nav_lower_bgrd.jpg HTTP/1.1" 200 2321 "https://www.aceonlinestore.com/CGI-BIN/LANSAWEB?WEBEVENT+L3D8690051AF45800827A05R+M37+ENG" "Mozilla/5.0 (Macintosh; U; PPC Mac OS X; en) AppleWebKit/419.3 (KHTML, like Gecko) Safari/419.3"
71.43.227.252 - - [11/Aug/2007:10:51:52 -0400] "GET /favicon.ico HTTP/1.1" 404 209 "-" "Mozilla/5.0 (Macintosh; U; PPC Mac OS X; en) AppleWebKit/419.3 (KHTML, like Gecko) Safari/419.3"
71.43.227.252 - - [11/Aug/2007:10:51:52 -0400] "GET /images/spacer.gif HTTP/1.1" 200 55 "https://www.aceonlinestore.com/CGI-BIN/LANSAWEB?WEBEVENT+L3D8690051AF45800827A05R+M37+ENG" "Mozilla/5.0 (Macintosh; U; PPC Mac OS X; en) AppleWebKit/419.3 (KHTML, like Gecko) Safari/419.3"
71.43.227.252 - - [11/Aug/2007:10:51:52 -0400] "GET /images/psearch_go.gif HTTP/1.1" 200 296 "https://www.aceonlinestore.com/CGI-BIN/LANSAWEB?WEBEVENT+L3D8690051AF45800827A05R+M37+ENG" "Mozilla/5.0 (Macintosh; U; PPC Mac OS X; en) AppleWebKit/419.3 (KHTML, like Gecko) Safari/419.3"
200.78.78.183 - - [11/Aug/2007:10:51:55 -0400] "GET /images/nav_upper_bgrd.jpg HTTP/1.1" 200 2954 "http://www.aceonlinestore.com/cgi-bin/lansaweb?procfun+wordpr01+webfunc+M37" "Mozilla/4.0 (compatible; MSIE 6.0; Windows NT 5.1; SV1; .NET CLR 1.1.4322)"
200.78.78.183 - - [11/Aug/2007:10:51:55 -0400] "GET /images/ace_logo_top.jpg HTTP/1.1" 200 2702 "http://www.aceonlinestore.com/cgi-bin/lansaweb?procfun+wordpr01+webfunc+M37" "Mozilla/4.0 (compatible; MSIE 6.0; Windows NT 5.1; SV1; .NET CLR 1.1.4322)"
200.78.78.183 - - [11/Aug/2007:10:51:56 -0400] "GET /images/nav04_about_off.jpg HTTP/1.1" 200 1255 "http://www.aceonlinestore.com/cgi-bin/lansaweb?procfun+wordpr01+webfunc+M37" "Mozilla/4.0 (compatible; MSIE 6.0; Windows NT 5.1; SV1; .NET CLR 1.1.4322)"
71.43.227.252 - - [11/Aug/2007:10:51:56 -0400] "GET /images/nav04_conven_off.jpg HTTP/1.1" 200 1341 "https://www.aceonlinestore.com/CGI-BIN/LANSAWEB?WEBEVENT+L3D8690051AF45800827A05R+M37+ENG" "Mozilla/5.0 (Macintosh; U; PPC Mac OS X; en) AppleWebKit/419.3 (KHTML, like Gecko) Safari/419.3"
71.43.227.252 - - [11/Aug/2007:10:51:56 -0400] "GET /images/ace_logo_bottom.jpg HTTP/1.1" 200 2447 "https://www.aceonlinestore.com/CGI-BIN/LANSAWEB?WEBEVENT+L3D8690051AF45800827A05R+M37+ENG" "Mozilla/5.0 (Macintosh; U; PPC Mac OS X; en) AppleWebKit/419.3 (KHTML, like Gecko) Safari/419.3"
71.43.227.252 - - [11/Aug/2007:10:51:56 -0400] "GET /images/login.gif HTTP/1.1" 200 166 "https://www.aceonlinestore.com/CGI-BIN/LANSAWEB?WEBEVENT+L3D8690051AF45800827A05R+M37+ENG" "Mozilla/5.0 (Macintosh; U; PPC Mac OS X; en) AppleWebKit/419.3 (KHTML, like Gecko) Safari/419.3"
200.78.78.183 - - [11/Aug/2007:10:51:56 -0400] "GET /images/nav04_shop_over.jpg HTTP/1.1" 200 1722 "http://www.aceonlinestore.com/cgi-bin/lansaweb?procfun+wordpr01+webfunc+M37" "Mozilla/4.0 (compatible; MSIE 6.0; Windows NT 5.1; SV1; .NET CLR 1.1.4322)"
200.78.78.183 - - [11/Aug/2007:10:51:57 -0400] "GET /images/nav04_download_off.jpg HTTP/1.1" 200 1206 "http://www.aceonlinestore.com/cgi-bin/lansaweb?procfun+wordpr01+webfunc+M37" "Mozilla/4.0 (compatible; MSIE 6.0; Windows NT 5.1; SV1; .NET CLR 1.1.4322)"
200.78.78.183 - - [11/Aug/2007:10:51:57 -0400] "GET /images/nav04_contact_off.jpg HTTP/1.1" 200 965 "http://www.aceonlinestore.com/cgi-bin/lansaweb?procfun+wordpr01+webfunc+M37" "Mozilla/4.0 (compatible; MSIE 6.0; Windows NT 5.1; SV1; .NET CLR 1.1.4322)"
200.78.78.183 - - [11/Aug/2007:10:51:57 -0400] "GET /images/nav04_conven_off.jpg HTTP/1.1" 200 1341 "http://www.aceonlinestore.com/cgi-bin/lansaweb?procfun+wordpr01+webfunc+M37" "Mozilla/4.0 (compatible; MSIE 6.0; Windows NT 5.1; SV1; .NET CLR 1.1.4322)"
200.78.78.183 - - [11/Aug/2007:10:51:58 -0400] "GET /images/ace_logo_bottom.jpg HTTP/1.1" 200 2447 "http://www.aceonlinestore.com/cgi-bin/lansaweb?procfun+wordpr01+webfunc+M37" "Mozilla/4.0 (compatible; MSIE 6.0; Windows NT 5.1; SV1; .NET CLR 1.1.4322)"
200.78.78.183 - - [11/Aug/2007:10:51:58 -0400] "GET /images/nav_store_head.jpg HTTP/1.1" 200 1953 "http://www.aceonlinestore.com/cgi-bin/lansaweb?procfun+wordpr01+webfunc+M37" "Mozilla/4.0 (compatible; MSIE 6.0; Windows NT 5.1; SV1; .NET CLR 1.1.4322)"
200.78.78.183 - - [11/Aug/2007:10:51:59 -0400] "GET /images/nav_store_index_off.jpg HTTP/1.1" 200 922 "http://www.aceonlinestore.com/cgi-bin/lansaweb?procfun+wordpr01+webfunc+M37" "Mozilla/4.0 (compatible; MSIE 6.0; Windows NT 5.1; SV1; .NET CLR 1.1.4322)"
200.78.78.183 - - [11/Aug/2007:10:51:59 -0400] "GET /images/spacer.gif HTTP/1.1" 200 55 "http://www.aceonlinestore.com/cgi-bin/lansaweb?procfun+wordpr01+webfunc+M37" "Mozilla/4.0 (compatible; MSIE 6.0; Windows NT 5.1; SV1; .NET CLR 1.1.4322)"
200.78.78.183 - - [11/Aug/2007:10:51:59 -0400] "GET /images/login.gif HTTP/1.1" 200 166 "http://www.aceonlinestore.com/cgi-bin/lansaweb?procfun+wordpr01+webfunc+M37" "Mozilla/4.0 (compatible; MSIE 6.0; Windows NT 5.1; SV1; .NET CLR 1.1.4322)"
200.78.78.183 - - [11/Aug/2007:10:52:00 -0400] "GET /images/login_go.gif HTTP/1.1" 200 296 "http://www.aceonlinestore.com/cgi-bin/lansaweb?procfun+wordpr01+webfunc+M37" "Mozilla/4.0 (compatible; MSIE 6.0; Windows NT 5.1; SV1; .NET CLR 1.1.4322)"
200.78.78.183 - - [11/Aug/2007:10:52:00 -0400] "GET /images/search.gif HTTP/1.1" 200 614 "http://www.aceonlinestore.com/cgi-bin/lansaweb?procfun+wordpr01+webfunc+M37" "Mozilla/4.0 (compatible; MSIE 6.0; Windows NT 5.1; SV1; .NET CLR 1.1.4322)"
200.78.78.183 - - [11/Aug/2007:10:52:00 -0400] "GET /images/nav_lower_bgrd.jpg HTTP/1.1" 200 2321 "http://www.aceonlinestore.com/cgi-bin/lansaweb?procfun+wordpr01+webfunc+M37" "Mozilla/4.0 (compatible; MSIE 6.0; Windows NT 5.1; SV1; .NET CLR 1.1.4322)"
200.78.78.183 - - [11/Aug/2007:10:52:00 -0400] "GET /images/psearch_go.gif HTTP/1.1" 200 296 "http://www.aceonlinestore.com/cgi-bin/lansaweb?procfun+wordpr01+webfunc+M37" "Mozilla/4.0 (compatible; MSIE 6.0; Windows NT 5.1; SV1; .NET CLR 1.1.4322)"
200.78.78.183 - - [11/Aug/2007:10:52:01 -0400] "GET /images/sale_promo-icon.gif HTTP/1.1" 200 402 "http://www.aceonlinestore.com/cgi-bin/lansaweb?procfun+wordpr01+webfunc+M37" "Mozilla/4.0 (compatible; MSIE 6.0; Windows NT 5.1; SV1; .NET CLR 1.1.4322)"
200.78.78.183 - - [11/Aug/2007:10:52:01 -0400] "GET /images/store_anesth_section.jpg HTTP/1.1" 200 10123 "http://www.aceonlinestore.com/cgi-bin/lansaweb?procfun+wordpr01+webfunc+M37" "Mozilla/4.0 (compatible; MSIE 6.0; Windows NT 5.1; SV1; .NET CLR 1.1.4322)"
200.78.78.183 - - [11/Aug/2007:10:52:01 -0400] "GET /images/store_bone_section2.jpg HTTP/1.1" 200 21458 "http://www.aceonlinestore.com/cgi-bin/lansaweb?procfun+wordpr01+webfunc+M37" "Mozilla/4.0 (compatible; MSIE 6.0; Windows NT 5.1; SV1; .NET CLR 1.1.4322)"
200.78.78.183 - - [11/Aug/2007:10:52:01 -0400] "GET /images/store_cardiac_section.jpg HTTP/1.1" 200 25730 "http://www.aceonlinestore.com/cgi-bin/lansaweb?procfun+wordpr01+webfunc+M37" "Mozilla/4.0 (compatible; MSIE 6.0; Windows NT 5.1; SV1; .NET CLR 1.1.4322)"
200.78.78.183 - - [11/Aug/2007:10:52:04 -0400] "GET /images/store_implant_section.jpg HTTP/1.1" 200 8001 "http://www.aceonlinestore.com/cgi-bin/lansaweb?procfun+wordpr01+webfunc+M37" "Mozilla/4.0 (compatible; MSIE 6.0; Windows NT 5.1; SV1; .NET CLR 1.1.4322)"
200.78.78.183 - - [11/Aug/2007:10:52:04 -0400] "GET /images/store_gauze_section.jpg HTTP/1.1" 200 24119 "http://www.aceonlinestore.com/cgi-bin/lansaweb?procfun+wordpr01+webfunc+M37" "Mozilla/4.0 (compatible; MSIE 6.0; Windows NT 5.1; SV1; .NET CLR 1.1.4322)"
200.78.78.183 - - [11/Aug/2007:10:52:04 -0400] "GET /images/store_handpc_section.jpg HTTP/1.1" 200 23958 "http://www.aceonlinestore.com/cgi-bin/lansaweb?procfun+wordpr01+webfunc+M37" "Mozilla/4.0 (compatible; MSIE 6.0; Windows NT 5.1; SV1; .NET CLR 1.1.4322)"
200.78.78.183 - - [11/Aug/2007:10:52:08 -0400] "GET /images/store_infection_section.jpg HTTP/1.1" 200 25264 "http://www.aceonlinestore.com/cgi-bin/lansaweb?procfun+wordpr01+webfunc+M37" "Mozilla/4.0 (compatible; MSIE 6.0; Windows NT 5.1; SV1; .NET CLR 1.1.4322)"
200.78.78.183 - - [11/Aug/2007:10:52:08 -0400] "GET /images/store_instr_section.jpg HTTP/1.1" 200 26432 "http://www.aceonlinestore.com/cgi-bin/lansaweb?procfun+wordpr01+webfunc+M37" "Mozilla/4.0 (compatible; MSIE 6.0; Windows NT 5.1; SV1; .NET CLR 1.1.4322)"
200.78.78.183 - - [11/Aug/2007:10:52:11 -0400] "GET /images/store_irrigate_section.gif HTTP/1.1" 200 10336 "http://www.aceonlinestore.com/cgi-bin/lansaweb?procfun+wordpr01+webfunc+M37" "Mozilla/4.0 (compatible; MSIE 6.0; Windows NT 5.1; SV1; .NET CLR 1.1.4322)"
200.78.78.183 - - [11/Aug/2007:10:52:12 -0400] "GET /images/store_iv_admin_section.jpg HTTP/1.1" 200 9115 "http://www.aceonlinestore.com/cgi-bin/lansaweb?procfun+wordpr01+webfunc+M37" "Mozilla/4.0 (compatible; MSIE 6.0; Windows NT 5.1; SV1; .NET CLR 1.1.4322)"
200.78.78.183 - - [11/Aug/2007:10:52:12 -0400] "GET /images/store_assess_section.jpg HTTP/1.1" 200 10059 "http://www.aceonlinestore.com/cgi-bin/lansaweb?procfun+wordpr01+webfunc+M37" "Mozilla/4.0 (compatible; MSIE 6.0; Windows NT 5.1; SV1; .NET CLR 1.1.4322)"
200.78.78.183 - - [11/Aug/2007:10:52:13 -0400] "GET /images/store_pharma_section.jpg HTTP/1.1" 200 7953 "http://www.aceonlinestore.com/cgi-bin/lansaweb?procfun+wordpr01+webfunc+M37" "Mozilla/4.0 (compatible; MSIE 6.0; Windows NT 5.1; SV1; .NET CLR 1.1.4322)"
200.78.78.183 - - [11/Aug/2007:10:52:14 -0400] "GET /images/store_sterile_section.jpg HTTP/1.1" 200 9274 "http://www.aceonlinestore.com/cgi-bin/lansaweb?procfun+wordpr01+webfunc+M37" "Mozilla/4.0 (compatible; MSIE 6.0; Windows NT 5.1; SV1; .NET CLR 1.1.4322)"
200.78.78.183 - - [11/Aug/2007:10:52:14 -0400] "GET /images/store_blades_section.jpg HTTP/1.1" 200 24174 "http://www.aceonlinestore.com/cgi-bin/lansaweb?procfun+wordpr01+webfunc+M37" "Mozilla/4.0 (compatible; MSIE 6.0; Windows NT 5.1; SV1; .NET CLR 1.1.4322)"
200.78.78.183 - - [11/Aug/2007:10:52:16 -0400] "GET /images/store_burs_section.jpg HTTP/1.1" 200 10892 "http://www.aceonlinestore.com/cgi-bin/lansaweb?procfun+wordpr01+webfunc+M37" "Mozilla/4.0 (compatible; MSIE 6.0; Windows NT 5.1; SV1; .NET CLR 1.1.4322)"
200.78.78.183 - - [11/Aug/2007:10:52:16 -0400] "GET /images/store_saws_section.jpg HTTP/1.1" 200 10028 "http://www.aceonlinestore.com/cgi-bin/lansaweb?procfun+wordpr01+webfunc+M37" "Mozilla/4.0 (compatible; MSIE 6.0; Windows NT 5.1; SV1; .NET CLR 1.1.4322)"
200.78.78.183 - - [11/Aug/2007:10:52:17 -0400] "GET /images/store_sutures_section.jpg HTTP/1.1" 200 28375 "http://www.aceonlinestore.com/cgi-bin/lansaweb?procfun+wordpr01+webfunc+M37" "Mozilla/4.0 (compatible; MSIE 6.0; Windows NT 5.1; SV1; .NET CLR 1.1.4322)"
200.78.78.183 - - [11/Aug/2007:10:52:17 -0400] "GET /images/store_xray_section.jpg HTTP/1.1" 200 8861 "http://www.aceonlinestore.com/cgi-bin/lansaweb?procfun+wordpr01+webfunc+M37" "Mozilla/4.0 (compatible; MSIE 6.0; Windows NT 5.1; SV1; .NET CLR 1.1.4322)"
200.78.78.183 - - [11/Aug/2007:10:52:18 -0400] "GET /images/store_syringe_section.jpg HTTP/1.1" 200 9321 "http://www.aceonlinestore.com/cgi-bin/lansaweb?procfun+wordpr01+webfunc+M37" "Mozilla/4.0 (compatible; MSIE 6.0; Windows NT 5.1; SV1; .NET CLR 1.1.4322)"
200.78.78.183 - - [11/Aug/2007:10:52:18 -0400] "GET /images/over-store_implant_section.jpg HTTP/1.1" 200 7534 "http://www.aceonlinestore.com/cgi-bin/lansaweb?procfun+wordpr01+webfunc+M37" "Mozilla/4.0 (compatible; MSIE 6.0; Windows NT 5.1; SV1; .NET CLR 1.1.4322)"
200.78.78.183 - - [11/Aug/2007:10:52:20 -0400] "POST /CGI-BIN/LANSAWEB?WEBEVENT+L0D36900330140400C2DA031+M37+ENG HTTP/1.1" 200 33565 "http://www.aceonlinestore.com/cgi-bin/lansaweb?procfun+wordpr01+webfunc+M37" "Mozilla/4.0 (compatible; MSIE 6.0; Windows NT 5.1; SV1; .NET CLR 1.1.4322)"
200.78.78.183 - - [11/Aug/2007:10:52:25 -0400] "GET /images/nav04_shop_off.jpg HTTP/1.1" 200 1390 "http://www.aceonlinestore.com/CGI-BIN/LANSAWEB?WEBEVENT+L0D36900330140400C2DA031+M37+ENG" "Mozilla/4.0 (compatible; MSIE 6.0; Windows NT 5.1; SV1; .NET CLR 1.1.4322)"
200.78.78.183 - - [11/Aug/2007:10:52:25 -0400] "GET /images/index12_drills.jpg HTTP/1.1" 200 3214 "http://www.aceonlinestore.com/CGI-BIN/LANSAWEB?WEBEVENT+L0D36900330140400C2DA031+M37+ENG" "Mozilla/4.0 (compatible; MSIE 6.0; Windows NT 5.1; SV1; .NET CLR 1.1.4322)"
200.78.78.183 - - [11/Aug/2007:10:52:25 -0400] "GET /images/index12_exhex.jpg HTTP/1.1" 200 2849 "http://www.aceonlinestore.com/CGI-BIN/LANSAWEB?WEBEVENT+L0D36900330140400C2DA031+M37+ENG" "Mozilla/4.0 (compatible; MSIE 6.0; Windows NT 5.1; SV1; .NET CLR 1.1.4322)"
200.78.78.183 - - [11/Aug/2007:10:52:25 -0400] "GET /images/index12_intconnct.jpg HTTP/1.1" 200 2999 "http://www.aceonlinestore.com/CGI-BIN/LANSAWEB?WEBEVENT+L0D36900330140400C2DA031+M37+ENG" "Mozilla/4.0 (compatible; MSIE 6.0; Windows NT 5.1; SV1; .NET CLR 1.1.4322)"
200.78.78.183 - - [11/Aug/2007:10:52:29 -0400] "GET /images/over-index12_intconnct.jpg HTTP/1.1" 200 2179 "http://www.aceonlinestore.com/CGI-BIN/LANSAWEB?WEBEVENT+L0D36900330140400C2DA031+M37+ENG" "Mozilla/4.0 (compatible; MSIE 6.0; Windows NT 5.1; SV1; .NET CLR 1.1.4322)"
200.78.78.183 - - [11/Aug/2007:10:53:00 -0400] "POST /CGI-BIN/LANSAWEB?WEBEVENT+L0D3690003624A400E49A031+M37+ENG HTTP/1.1" 200 36679 "http://www.aceonlinestore.com/CGI-BIN/LANSAWEB?WEBEVENT+L0D36900330140400C2DA031+M37+ENG" "Mozilla/4.0 (compatible; MSIE 6.0; Windows NT 5.1; SV1; .NET CLR 1.1.4322)"
200.78.78.183 - - [11/Aug/2007:10:53:04 -0400] "GET /images/intconnct.jpg HTTP/1.1" 404 218 "http://www.aceonlinestore.com/CGI-BIN/LANSAWEB?WEBEVENT+L0D3690003624A400E49A031+M37+ENG" "Mozilla/4.0 (compatible; MSIE 6.0; Windows NT 5.1; SV1; .NET CLR 1.1.4322)"
200.78.78.183 - - [11/Aug/2007:10:53:04 -0400] "GET /images/4_head_pros.jpg HTTP/1.1" 404 220 "http://www.aceonlinestore.com/CGI-BIN/LANSAWEB?WEBEVENT+L0D3690003624A400E49A031+M37+ENG" "Mozilla/4.0 (compatible; MSIE 6.0; Windows NT 5.1; SV1; .NET CLR 1.1.4322)"
200.78.78.183 - - [11/Aug/2007:10:53:04 -0400] "GET /images/5_head_pros.jpg HTTP/1.1" 404 220 "http://www.aceonlinestore.com/CGI-BIN/LANSAWEB?WEBEVENT+L0D3690003624A400E49A031+M37+ENG" "Mozilla/4.0 (compatible; MSIE 6.0; Windows NT 5.1; SV1; .NET CLR 1.1.4322)"
71.43.227.252 - - [11/Aug/2007:10:53:05 -0400] "GET /images/psearch_go-over.gif HTTP/1.1" 200 302 "https://www.aceonlinestore.com/CGI-BIN/LANSAWEB?WEBEVENT+L3D8690051AF45800827A05R+M37+ENG" "Mozilla/5.0 (Macintosh; U; PPC Mac OS X; en) AppleWebKit/419.3 (KHTML, like Gecko) Safari/419.3"
200.78.78.183 - - [11/Aug/2007:10:53:05 -0400] "GET /images/6_head_pros.jpeg HTTP/1.1" 404 221 "http://www.aceonlinestore.com/CGI-BIN/LANSAWEB?WEBEVENT+L0D3690003624A400E49A031+M37+ENG" "Mozilla/4.0 (compatible; MSIE 6.0; Windows NT 5.1; SV1; .NET CLR 1.1.4322)"
200.78.78.183 - - [11/Aug/2007:10:53:14 -0400] "GET /images/over-intconnct.jpg HTTP/1.1" 404 223 "http://www.aceonlinestore.com/CGI-BIN/LANSAWEB?WEBEVENT+L0D3690003624A400E49A031+M37+ENG" "Mozilla/4.0 (compatible; MSIE 6.0; Windows NT 5.1; SV1; .NET CLR 1.1.4322)"
200.78.78.183 - - [11/Aug/2007:10:53:15 -0400] "GET /images/intconnct.jpg HTTP/1.1" 404 218 "http://www.aceonlinestore.com/CGI-BIN/LANSAWEB?WEBEVENT+L0D3690003624A400E49A031+M37+ENG" "Mozilla/4.0 (compatible; MSIE 6.0; Windows NT 5.1; SV1; .NET CLR 1.1.4322)"
200.78.78.183 - - [11/Aug/2007:10:53:16 -0400] "GET /images/over-intconnct.jpg HTTP/1.1" 404 223 "http://www.aceonlinestore.com/CGI-BIN/LANSAWEB?WEBEVENT+L0D3690003624A400E49A031+M37+ENG" "Mozilla/4.0 (compatible; MSIE 6.0; Windows NT 5.1; SV1; .NET CLR 1.1.4322)"
200.78.78.183 - - [11/Aug/2007:10:53:16 -0400] "GET /images/intconnct.jpg HTTP/1.1" 404 218 "http://www.aceonlinestore.com/CGI-BIN/LANSAWEB?WEBEVENT+L0D3690003624A400E49A031+M37+ENG" "Mozilla/4.0 (compatible; MSIE 6.0; Windows NT 5.1; SV1; .NET CLR 1.1.4322)"
200.78.78.183 - - [11/Aug/2007:10:53:18 -0400] "POST /CGI-BIN/LANSAWEB?WEBEVENT+L0D3691053A6434000D4A031+M37+ENG HTTP/1.1" 200 53335 "http://www.aceonlinestore.com/CGI-BIN/LANSAWEB?WEBEVENT+L0D3690003624A400E49A031+M37+ENG" "Mozilla/4.0 (compatible; MSIE 6.0; Windows NT 5.1; SV1; .NET CLR 1.1.4322)"
200.78.78.183 - - [11/Aug/2007:10:53:23 -0400] "GET /images/pf-a.gif HTTP/1.1" 200 798 "http://www.aceonlinestore.com/CGI-BIN/LANSAWEB?WEBEVENT+L0D3691053A6434000D4A031+M37+ENG" "Mozilla/4.0 (compatible; MSIE 6.0; Windows NT 5.1; SV1; .NET CLR 1.1.4322)"
200.78.78.183 - - [11/Aug/2007:10:53:28 -0400] "GET /images/space.gif HTTP/1.1" 200 43 "http://www.aceonlinestore.com/CGI-BIN/LANSAWEB?WEBEVENT+L0D3691053A6434000D4A031+M37+ENG" "Mozilla/4.0 (compatible; MSIE 6.0; Windows NT 5.1; SV1; .NET CLR 1.1.4322)"
200.78.78.183 - - [11/Aug/2007:10:53:28 -0400] "GET /images/next.gif HTTP/1.1" 200 249 "http://www.aceonlinestore.com/CGI-BIN/LANSAWEB?WEBEVENT+L0D3691053A6434000D4A031+M37+ENG" "Mozilla/4.0 (compatible; MSIE 6.0; Windows NT 5.1; SV1; .NET CLR 1.1.4322)"
209.59.12.99 - - [11/Aug/2007:10:53:38 -0400] "GET / HTTP/1.0" 200 367 "-" "check_http/1.81 (nagios-plugins 1.4)"
200.78.78.183 - - [11/Aug/2007:10:54:15 -0400] "GET /images/intconnct.jpg HTTP/1.1" 404 218 "http://www.aceonlinestore.com/CGI-BIN/LANSAWEB?WEBEVENT+L0D3690003624A400E49A031+M37+ENG" "Mozilla/4.0 (compatible; MSIE 6.0; Windows NT 5.1; SV1; .NET CLR 1.1.4322)"
200.78.78.183 - - [11/Aug/2007:10:54:15 -0400] "GET /images/5_head_pros.jpg HTTP/1.1" 404 220 "http://www.aceonlinestore.com/CGI-BIN/LANSAWEB?WEBEVENT+L0D3690003624A400E49A031+M37+ENG" "Mozilla/4.0 (compatible; MSIE 6.0; Windows NT 5.1; SV1; .NET CLR 1.1.4322)"
200.78.78.183 - - [11/Aug/2007:10:54:16 -0400] "GET /images/4_head_pros.jpg HTTP/1.1" 404 220 "http://www.aceonlinestore.com/CGI-BIN/LANSAWEB?WEBEVENT+L0D3690003624A400E49A031+M37+ENG" "Mozilla/4.0 (compatible; MSIE 6.0; Windows NT 5.1; SV1; .NET CLR 1.1.4322)"
200.78.78.183 - - [11/Aug/2007:10:54:16 -0400] "GET /images/6_head_pros.jpeg HTTP/1.1" 404 221 "http://www.aceonlinestore.com/CGI-BIN/LANSAWEB?WEBEVENT+L0D3690003624A400E49A031+M37+ENG" "Mozilla/4.0 (compatible; MSIE 6.0; Windows NT 5.1; SV1; .NET CLR 1.1.4322)"
200.78.78.183 - - [11/Aug/2007:10:54:19 -0400] "GET /images/ace_logo_top_over.jpg HTTP/1.1" 200 2616 "http://www.aceonlinestore.com/CGI-BIN/LANSAWEB?WEBEVENT+L0D3690003624A400E49A031+M37+ENG" "Mozilla/4.0 (compatible; MSIE 6.0; Windows NT 5.1; SV1; .NET CLR 1.1.4322)"
71.43.227.252 - - [11/Aug/2007:10:54:26 -0400] "GET /images/ace_logo_top_over.jpg HTTP/1.1" 200 2616 "https://www.aceonlinestore.com/CGI-BIN/LANSAWEB?WEBEVENT+L3D8690051AF45800827A05R+M37+ENG" "Mozilla/5.0 (Macintosh; U; PPC Mac OS X; en) AppleWebKit/419.3 (KHTML, like Gecko) Safari/419.3"
200.78.78.183 - - [11/Aug/2007:10:54:27 -0400] "POST /CGI-BIN/LANSAWEB?WEBEVENT+L0D3690003624A400E49A031+M37+ENG HTTP/1.1" 200 36679 "http://www.aceonlinestore.com/CGI-BIN/LANSAWEB?WEBEVENT+L0D36900330140400C2DA031+M37+ENG" "Mozilla/4.0 (compatible; MSIE 6.0; Windows NT 5.1; SV1; .NET CLR 1.1.4322)"
200.78.78.183 - - [11/Aug/2007:10:54:30 -0400] "GET /images/ace_logo_top.jpg HTTP/1.1" 304 - "http://www.aceonlinestore.com/CGI-BIN/LANSAWEB?WEBEVENT+L0D3690003624A400E49A031+M37+ENG" "Mozilla/4.0 (compatible; MSIE 6.0; Windows NT 5.1; SV1; .NET CLR 1.1.4322)"
200.78.78.183 - - [11/Aug/2007:10:54:31 -0400] "GET /images/nav04_shop_off.jpg HTTP/1.1" 304 - "http://www.aceonlinestore.com/CGI-BIN/LANSAWEB?WEBEVENT+L0D3690003624A400E49A031+M37+ENG" "Mozilla/4.0 (compatible; MSIE 6.0; Windows NT 5.1; SV1; .NET CLR 1.1.4322)"
200.78.78.183 - - [11/Aug/2007:10:54:31 -0400] "GET /images/nav04_about_off.jpg HTTP/1.1" 304 - "http://www.aceonlinestore.com/CGI-BIN/LANSAWEB?WEBEVENT+L0D3690003624A400E49A031+M37+ENG" "Mozilla/4.0 (compatible; MSIE 6.0; Windows NT 5.1; SV1; .NET CLR 1.1.4322)"
200.78.78.183 - - [11/Aug/2007:10:54:31 -0400] "GET /images/nav04_conven_off.jpg HTTP/1.1" 304 - "http://www.aceonlinestore.com/CGI-BIN/LANSAWEB?WEBEVENT+L0D3690003624A400E49A031+M37+ENG" "Mozilla/4.0 (compatible; MSIE 6.0; Windows NT 5.1; SV1; .NET CLR 1.1.4322)"
200.78.78.183 - - [11/Aug/2007:10:54:31 -0400] "GET /images/nav_upper_bgrd.jpg HTTP/1.1" 304 - "http://www.aceonlinestore.com/CGI-BIN/LANSAWEB?WEBEVENT+L0D3690003624A400E49A031+M37+ENG" "Mozilla/4.0 (compatible; MSIE 6.0; Windows NT 5.1; SV1; .NET CLR 1.1.4322)"
200.78.78.183 - - [11/Aug/2007:10:54:32 -0400] "GET /images/nav04_contact_off.jpg HTTP/1.1" 304 - "http://www.aceonlinestore.com/CGI-BIN/LANSAWEB?WEBEVENT+L0D3690003624A400E49A031+M37+ENG" "Mozilla/4.0 (compatible; MSIE 6.0; Windows NT 5.1; SV1; .NET CLR 1.1.4322)"
200.78.78.183 - - [11/Aug/2007:10:54:32 -0400] "GET /images/nav04_download_off.jpg HTTP/1.1" 304 - "http://www.aceonlinestore.com/CGI-BIN/LANSAWEB?WEBEVENT+L0D3690003624A400E49A031+M37+ENG" "Mozilla/4.0 (compatible; MSIE 6.0; Windows NT 5.1; SV1; .NET CLR 1.1.4322)"
200.78.78.183 - - [11/Aug/2007:10:54:32 -0400] "GET /images/ace_logo_bottom.jpg HTTP/1.1" 304 - "http://www.aceonlinestore.com/CGI-BIN/LANSAWEB?WEBEVENT+L0D3690003624A400E49A031+M37+ENG" "Mozilla/4.0 (compatible; MSIE 6.0; Windows NT 5.1; SV1; .NET CLR 1.1.4322)"
200.78.78.183 - - [11/Aug/2007:10:54:32 -0400] "GET /images/nav_store_head.jpg HTTP/1.1" 304 - "http://www.aceonlinestore.com/CGI-BIN/LANSAWEB?WEBEVENT+L0D3690003624A400E49A031+M37+ENG" "Mozilla/4.0 (compatible; MSIE 6.0; Windows NT 5.1; SV1; .NET CLR 1.1.4322)"
200.78.78.183 - - [11/Aug/2007:10:54:32 -0400] "GET /images/nav_lower_bgrd.jpg HTTP/1.1" 304 - "http://www.aceonlinestore.com/CGI-BIN/LANSAWEB?WEBEVENT+L0D3690003624A400E49A031+M37+ENG" "Mozilla/4.0 (compatible; MSIE 6.0; Windows NT 5.1; SV1; .NET CLR 1.1.4322)"
200.78.78.183 - - [11/Aug/2007:10:54:33 -0400] "GET /images/nav_store_index_off.jpg HTTP/1.1" 304 - "http://www.aceonlinestore.com/CGI-BIN/LANSAWEB?WEBEVENT+L0D3690003624A400E49A031+M37+ENG" "Mozilla/4.0 (compatible; MSIE 6.0; Windows NT 5.1; SV1; .NET CLR 1.1.4322)"
200.78.78.183 - - [11/Aug/2007:10:54:33 -0400] "GET /images/spacer.gif HTTP/1.1" 304 - "http://www.aceonlinestore.com/CGI-BIN/LANSAWEB?WEBEVENT+L0D3690003624A400E49A031+M37+ENG" "Mozilla/4.0 (compatible; MSIE 6.0; Windows NT 5.1; SV1; .NET CLR 1.1.4322)"
200.78.78.183 - - [11/Aug/2007:10:54:33 -0400] "GET /images/login.gif HTTP/1.1" 304 - "http://www.aceonlinestore.com/CGI-BIN/LANSAWEB?WEBEVENT+L0D3690003624A400E49A031+M37+ENG" "Mozilla/4.0 (compatible; MSIE 6.0; Windows NT 5.1; SV1; .NET CLR 1.1.4322)"
200.78.78.183 - - [11/Aug/2007:10:54:33 -0400] "GET /images/login_go.gif HTTP/1.1" 304 - "http://www.aceonlinestore.com/CGI-BIN/LANSAWEB?WEBEVENT+L0D3690003624A400E49A031+M37+ENG" "Mozilla/4.0 (compatible; MSIE 6.0; Windows NT 5.1; SV1; .NET CLR 1.1.4322)"
200.78.78.183 - - [11/Aug/2007:10:54:33 -0400] "GET /images/search.gif HTTP/1.1" 304 - "http://www.aceonlinestore.com/CGI-BIN/LANSAWEB?WEBEVENT+L0D3690003624A400E49A031+M37+ENG" "Mozilla/4.0 (compatible; MSIE 6.0; Windows NT 5.1; SV1; .NET CLR 1.1.4322)"
200.78.78.183 - - [11/Aug/2007:10:54:34 -0400] "GET /images/psearch_go.gif HTTP/1.1" 304 - "http://www.aceonlinestore.com/CGI-BIN/LANSAWEB?WEBEVENT+L0D3690003624A400E49A031+M37+ENG" "Mozilla/4.0 (compatible; MSIE 6.0; Windows NT 5.1; SV1; .NET CLR 1.1.4322)"
200.78.78.183 - - [11/Aug/2007:10:54:34 -0400] "GET /images/sale_promo-icon.gif HTTP/1.1" 304 - "http://www.aceonlinestore.com/CGI-BIN/LANSAWEB?WEBEVENT+L0D3690003624A400E49A031+M37+ENG" "Mozilla/4.0 (compatible; MSIE 6.0; Windows NT 5.1; SV1; .NET CLR 1.1.4322)"
200.78.78.183 - - [11/Aug/2007:10:54:34 -0400] "GET /images/intconnct.jpg HTTP/1.1" 404 218 "http://www.aceonlinestore.com/CGI-BIN/LANSAWEB?WEBEVENT+L0D3690003624A400E49A031+M37+ENG" "Mozilla/4.0 (compatible; MSIE 6.0; Windows NT 5.1; SV1; .NET CLR 1.1.4322)"
200.78.78.183 - - [11/Aug/2007:10:54:34 -0400] "GET /images/4_head_pros.jpg HTTP/1.1" 404 220 "http://www.aceonlinestore.com/CGI-BIN/LANSAWEB?WEBEVENT+L0D3690003624A400E49A031+M37+ENG" "Mozilla/4.0 (compatible; MSIE 6.0; Windows NT 5.1; SV1; .NET CLR 1.1.4322)"
200.78.78.183 - - [11/Aug/2007:10:54:34 -0400] "GET /images/5_head_pros.jpg HTTP/1.1" 404 220 "http://www.aceonlinestore.com/CGI-BIN/LANSAWEB?WEBEVENT+L0D3690003624A400E49A031+M37+ENG" "Mozilla/4.0 (compatible; MSIE 6.0; Windows NT 5.1; SV1; .NET CLR 1.1.4322)"
200.78.78.183 - - [11/Aug/2007:10:54:35 -0400] "GET /images/6_head_pros.jpeg HTTP/1.1" 404 221 "http://www.aceonlinestore.com/CGI-BIN/LANSAWEB?WEBEVENT+L0D3690003624A400E49A031+M37+ENG" "Mozilla/4.0 (compatible; MSIE 6.0; Windows NT 5.1; SV1; .NET CLR 1.1.4322)"
71.43.227.252 - - [11/Aug/2007:10:54:52 -0400] "POST /CGI-BIN/LANSAWEB?WEBEVENT+L3D8690021AD42800CBBA05R+M37+ENG HTTP/1.1" 200 38212 "-" "Mozilla/5.0 (Macintosh; U; PPC Mac OS X; en) AppleWebKit/419.3 (KHTML, like Gecko) Safari/419.3"
71.43.227.252 - - [11/Aug/2007:10:54:54 -0400] "GET /favicon.ico HTTP/1.1" 404 209 "-" "Mozilla/5.0 (Macintosh; U; PPC Mac OS X; en) AppleWebKit/419.3 (KHTML, like Gecko) Safari/419.3"
71.43.227.252 - - [11/Aug/2007:10:54:56 -0400] "POST /CGI-BIN/LANSAWEB?WEBEVENT+L3D8690021AD42800CBBA05R+M37+ENG HTTP/1.1" 200 38212 "-" "Mozilla/5.0 (Macintosh; U; PPC Mac OS X; en) AppleWebKit/419.3 (KHTML, like Gecko) Safari/419.3"
71.43.227.252 - - [11/Aug/2007:10:55:02 -0400] "POST /CGI-BIN/LANSAWEB?WEBEVENT+L3D8691001D9448007C6A05R+M37+ENG HTTP/1.1" 200 31664 "http://www.aceonlinestore.com/CGI-BIN/LANSAWEB?WEBEVENT+L3D8690021AD42800CBBA05R+M37+ENG" "Mozilla/5.0 (Macintosh; U; PPC Mac OS X; en) AppleWebKit/419.3 (KHTML, like Gecko) Safari/419.3"
71.43.227.252 - - [11/Aug/2007:10:55:04 -0400] "GET /images/login_go.gif HTTP/1.1" 200 296 "https://www.aceonlinestore.com/CGI-BIN/LANSAWEB?WEBEVENT+L3D8691001D9448007C6A05R+M37+ENG" "Mozilla/5.0 (Macintosh; U; PPC Mac OS X; en) AppleWebKit/419.3 (KHTML, like Gecko) Safari/419.3"
71.43.227.252 - - [11/Aug/2007:10:55:04 -0400] "GET /images/search.gif HTTP/1.1" 200 614 "https://www.aceonlinestore.com/CGI-BIN/LANSAWEB?WEBEVENT+L3D8691001D9448007C6A05R+M37+ENG" "Mozilla/5.0 (Macintosh; U; PPC Mac OS X; en) AppleWebKit/419.3 (KHTML, like Gecko) Safari/419.3"
71.43.227.252 - - [11/Aug/2007:10:55:04 -0400] "GET /images/sale_promo-icon.gif HTTP/1.1" 200 402 "https://www.aceonlinestore.com/CGI-BIN/LANSAWEB?WEBEVENT+L3D8691001D9448007C6A05R+M37+ENG" "Mozilla/5.0 (Macintosh; U; PPC Mac OS X; en) AppleWebKit/419.3 (KHTML, like Gecko) Safari/419.3"
71.43.227.252 - - [11/Aug/2007:10:55:04 -0400] "GET /favicon.ico HTTP/1.1" 404 209 "-" "Mozilla/5.0 (Macintosh; U; PPC Mac OS X; en) AppleWebKit/419.3 (KHTML, like Gecko) Safari/419.3"
84.108.39.114 - - [11/Aug/2007:10:55:07 -0400] "GET /cgi-bin/lansaweb?procfun+wordpr01+webfunc+M37 HTTP/1.1" 200 38205 "http://www.acesurgical.com/home_Aug07.html" "Mozilla/4.0 (compatible; MSIE 7.0; Windows NT 5.1)"
84.108.39.114 - - [11/Aug/2007:10:55:13 -0400] "GET /images/ace_logo_top.jpg HTTP/1.1" 200 2702 "http://www.aceonlinestore.com/cgi-bin/lansaweb?procfun+wordpr01+webfunc+M37" "Mozilla/4.0 (compatible; MSIE 7.0; Windows NT 5.1)"
84.108.39.114 - - [11/Aug/2007:10:55:18 -0400] "GET /images/nav04_about_off.jpg HTTP/1.1" 200 1255 "http://www.aceonlinestore.com/cgi-bin/lansaweb?procfun+wordpr01+webfunc+M37" "Mozilla/4.0 (compatible; MSIE 7.0; Windows NT 5.1)"
84.108.39.114 - - [11/Aug/2007:10:55:19 -0400] "GET /images/nav04_shop_over.jpg HTTP/1.1" 200 1722 "http://www.aceonlinestore.com/cgi-bin/lansaweb?procfun+wordpr01+webfunc+M37" "Mozilla/4.0 (compatible; MSIE 7.0; Windows NT 5.1)"
84.108.39.114 - - [11/Aug/2007:10:55:21 -0400] "GET /images/nav04_conven_off.jpg HTTP/1.1" 200 1341 "http://www.aceonlinestore.com/cgi-bin/lansaweb?procfun+wordpr01+webfunc+M37" "Mozilla/4.0 (compatible; MSIE 7.0; Windows NT 5.1)"
84.108.39.114 - - [11/Aug/2007:10:55:23 -0400] "GET /images/nav04_download_off.jpg HTTP/1.1" 200 1206 "http://www.aceonlinestore.com/cgi-bin/lansaweb?procfun+wordpr01+webfunc+M37" "Mozilla/4.0 (compatible; MSIE 7.0; Windows NT 5.1)"
84.108.39.114 - - [11/Aug/2007:10:55:25 -0400] "GET /images/nav04_contact_off.jpg HTTP/1.1" 200 965 "http://www.aceonlinestore.com/cgi-bin/lansaweb?procfun+wordpr01+webfunc+M37" "Mozilla/4.0 (compatible; MSIE 7.0; Windows NT 5.1)"
84.108.39.114 - - [11/Aug/2007:10:55:26 -0400] "GET /images/ace_logo_bottom.jpg HTTP/1.1" 200 2447 "http://www.aceonlinestore.com/cgi-bin/lansaweb?procfun+wordpr01+webfunc+M37" "Mozilla/4.0 (compatible; MSIE 7.0; Windows NT 5.1)"
84.108.39.114 - - [11/Aug/2007:10:55:28 -0400] "GET /images/nav_store_head.jpg HTTP/1.1" 200 1953 "http://www.aceonlinestore.com/cgi-bin/lansaweb?procfun+wordpr01+webfunc+M37" "Mozilla/4.0 (compatible; MSIE 7.0; Windows NT 5.1)"
84.108.39.114 - - [11/Aug/2007:10:55:30 -0400] "GET /images/nav_store_index_off.jpg HTTP/1.1" 200 922 "http://www.aceonlinestore.com/cgi-bin/lansaweb?procfun+wordpr01+webfunc+M37" "Mozilla/4.0 (compatible; MSIE 7.0; Windows NT 5.1)"
84.108.39.114 - - [11/Aug/2007:10:55:32 -0400] "GET /images/spacer.gif HTTP/1.1" 200 55 "http://www.aceonlinestore.com/cgi-bin/lansaweb?procfun+wordpr01+webfunc+M37" "Mozilla/4.0 (compatible; MSIE 7.0; Windows NT 5.1)"
84.108.39.114 - - [11/Aug/2007:10:55:33 -0400] "GET /images/login.gif HTTP/1.1" 200 166 "http://www.aceonlinestore.com/cgi-bin/lansaweb?procfun+wordpr01+webfunc+M37" "Mozilla/4.0 (compatible; MSIE 7.0; Windows NT 5.1)"
84.108.39.114 - - [11/Aug/2007:10:55:35 -0400] "GET /images/nav_upper_bgrd.jpg HTTP/1.1" 200 2954 "http://www.aceonlinestore.com/cgi-bin/lansaweb?procfun+wordpr01+webfunc+M37" "Mozilla/4.0 (compatible; MSIE 7.0; Windows NT 5.1)"
84.108.39.114 - - [11/Aug/2007:10:55:36 -0400] "GET /images/login_go.gif HTTP/1.1" 200 296 "http://www.aceonlinestore.com/cgi-bin/lansaweb?procfun+wordpr01+webfunc+M37" "Mozilla/4.0 (compatible; MSIE 7.0; Windows NT 5.1)"
84.108.39.114 - - [11/Aug/2007:10:55:38 -0400] "GET /images/search.gif HTTP/1.1" 200 614 "http://www.aceonlinestore.com/cgi-bin/lansaweb?procfun+wordpr01+webfunc+M37" "Mozilla/4.0 (compatible; MSIE 7.0; Windows NT 5.1)"
84.108.39.114 - - [11/Aug/2007:10:55:40 -0400] "GET /images/psearch_go.gif HTTP/1.1" 200 296 "http://www.aceonlinestore.com/cgi-bin/lansaweb?procfun+wordpr01+webfunc+M37" "Mozilla/4.0 (compatible; MSIE 7.0; Windows NT 5.1)"
84.108.39.114 - - [11/Aug/2007:10:55:42 -0400] "GET /images/sale_promo-icon.gif HTTP/1.1" 200 402 "http://www.aceonlinestore.com/cgi-bin/lansaweb?procfun+wordpr01+webfunc+M37" "Mozilla/4.0 (compatible; MSIE 7.0; Windows NT 5.1)"
84.108.39.114 - - [11/Aug/2007:10:55:44 -0400] "GET /images/nav_lower_bgrd.jpg HTTP/1.1" 200 2321 "http://www.aceonlinestore.com/cgi-bin/lansaweb?procfun+wordpr01+webfunc+M37" "Mozilla/4.0 (compatible; MSIE 7.0; Windows NT 5.1)"
84.108.39.114 - - [11/Aug/2007:10:55:45 -0400] "GET /images/store_anesth_section.jpg HTTP/1.1" 200 10123 "http://www.aceonlinestore.com/cgi-bin/lansaweb?procfun+wordpr01+webfunc+M37" "Mozilla/4.0 (compatible; MSIE 7.0; Windows NT 5.1)"
84.108.39.114 - - [11/Aug/2007:10:55:47 -0400] "GET /images/store_bone_section2.jpg HTTP/1.1" 200 21458 "http://www.aceonlinestore.com/cgi-bin/lansaweb?procfun+wordpr01+webfunc+M37" "Mozilla/4.0 (compatible; MSIE 7.0; Windows NT 5.1)"
84.108.39.114 - - [11/Aug/2007:10:55:51 -0400] "GET /images/store_cardiac_section.jpg HTTP/1.1" 200 25730 "http://www.aceonlinestore.com/cgi-bin/lansaweb?procfun+wordpr01+webfunc+M37" "Mozilla/4.0 (compatible; MSIE 7.0; Windows NT 5.1)"
84.108.39.114 - - [11/Aug/2007:10:55:53 -0400] "GET /images/store_implant_section.jpg HTTP/1.1" 200 8001 "http://www.aceonlinestore.com/cgi-bin/lansaweb?procfun+wordpr01+webfunc+M37" "Mozilla/4.0 (compatible; MSIE 7.0; Windows NT 5.1)"
84.108.39.114 - - [11/Aug/2007:10:55:57 -0400] "GET /images/store_gauze_section.jpg HTTP/1.1" 200 24119 "http://www.aceonlinestore.com/cgi-bin/lansaweb?procfun+wordpr01+webfunc+M37" "Mozilla/4.0 (compatible; MSIE 7.0; Windows NT 5.1)"
84.108.39.114 - - [11/Aug/2007:10:55:57 -0400] "GET /images/store_handpc_section.jpg HTTP/1.1" 200 23958 "http://www.aceonlinestore.com/cgi-bin/lansaweb?procfun+wordpr01+webfunc+M37" "Mozilla/4.0 (compatible; MSIE 7.0; Windows NT 5.1)"
84.108.39.114 - - [11/Aug/2007:10:56:03 -0400] "GET /images/store_infection_section.jpg HTTP/1.1" 200 25264 "http://www.aceonlinestore.com/cgi-bin/lansaweb?procfun+wordpr01+webfunc+M37" "Mozilla/4.0 (compatible; MSIE 7.0; Windows NT 5.1)"
84.108.39.114 - - [11/Aug/2007:10:56:04 -0400] "GET /images/store_instr_section.jpg HTTP/1.1" 200 26432 "http://www.aceonlinestore.com/cgi-bin/lansaweb?procfun+wordpr01+webfunc+M37" "Mozilla/4.0 (compatible; MSIE 7.0; Windows NT 5.1)"
84.108.39.114 - - [11/Aug/2007:10:56:09 -0400] "GET /images/store_irrigate_section.gif HTTP/1.1" 200 10336 "http://www.aceonlinestore.com/cgi-bin/lansaweb?procfun+wordpr01+webfunc+M37" "Mozilla/4.0 (compatible; MSIE 7.0; Windows NT 5.1)"
84.108.39.114 - - [11/Aug/2007:10:56:09 -0400] "GET /images/store_iv_admin_section.jpg HTTP/1.1" 200 9115 "http://www.aceonlinestore.com/cgi-bin/lansaweb?procfun+wordpr01+webfunc+M37" "Mozilla/4.0 (compatible; MSIE 7.0; Windows NT 5.1)"
84.108.39.114 - - [11/Aug/2007:10:56:13 -0400] "GET /images/store_assess_section.jpg HTTP/1.1" 200 10059 "http://www.aceonlinestore.com/cgi-bin/lansaweb?procfun+wordpr01+webfunc+M37" "Mozilla/4.0 (compatible; MSIE 7.0; Windows NT 5.1)"
84.108.39.114 - - [11/Aug/2007:10:56:14 -0400] "GET /images/store_pharma_section.jpg HTTP/1.1" 200 7953 "http://www.aceonlinestore.com/cgi-bin/lansaweb?procfun+wordpr01+webfunc+M37" "Mozilla/4.0 (compatible; MSIE 7.0; Windows NT 5.1)"
71.43.227.252 - - [11/Aug/2007:10:56:14 -0400] "POST /CGI-BIN/LANSAWEB?WEBEVENT+L3D86910A11E418007FBA05R+M37+ENG HTTP/1.1" 200 38212 "https://www.aceonlinestore.com/CGI-BIN/LANSAWEB?WEBEVENT+L3D8691001D9448007C6A05R+M37+ENG" "Mozilla/5.0 (Macintosh; U; PPC Mac OS X; en) AppleWebKit/419.3 (KHTML, like Gecko) Safari/419.3"
71.43.227.252 - - [11/Aug/2007:10:56:15 -0400] "GET /images/store_anesth_section.jpg HTTP/1.1" 200 10123 "https://www.aceonlinestore.com/CGI-BIN/LANSAWEB?WEBEVENT+L3D86910A11E418007FBA05R+M37+ENG" "Mozilla/5.0 (Macintosh; U; PPC Mac OS X; en) AppleWebKit/419.3 (KHTML, like Gecko) Safari/419.3"
71.43.227.252 - - [11/Aug/2007:10:56:16 -0400] "GET /images/store_implant_section.jpg HTTP/1.1" 200 8001 "https://www.aceonlinestore.com/CGI-BIN/LANSAWEB?WEBEVENT+L3D86910A11E418007FBA05R+M37+ENG" "Mozilla/5.0 (Macintosh; U; PPC Mac OS X; en) AppleWebKit/419.3 (KHTML, like Gecko) Safari/419.3"
71.43.227.252 - - [11/Aug/2007:10:56:16 -0400] "GET /images/nav04_shop_over.jpg HTTP/1.1" 200 1722 "https://www.aceonlinestore.com/CGI-BIN/LANSAWEB?WEBEVENT+L3D86910A11E418007FBA05R+M37+ENG" "Mozilla/5.0 (Macintosh; U; PPC Mac OS X; en) AppleWebKit/419.3 (KHTML, like Gecko) Safari/419.3"
71.43.227.252 - - [11/Aug/2007:10:56:16 -0400] "GET /images/store_instr_section.jpg HTTP/1.1" 200 26432 "https://www.aceonlinestore.com/CGI-BIN/LANSAWEB?WEBEVENT+L3D86910A11E418007FBA05R+M37+ENG" "Mozilla/5.0 (Macintosh; U; PPC Mac OS X; en) AppleWebKit/419.3 (KHTML, like Gecko) Safari/419.3"
71.43.227.252 - - [11/Aug/2007:10:56:17 -0400] "GET /images/store_pharma_section.jpg HTTP/1.1" 200 7953 "https://www.aceonlinestore.com/CGI-BIN/LANSAWEB?WEBEVENT+L3D86910A11E418007FBA05R+M37+ENG" "Mozilla/5.0 (Macintosh; U; PPC Mac OS X; en) AppleWebKit/419.3 (KHTML, like Gecko) Safari/419.3"
71.43.227.252 - - [11/Aug/2007:10:56:17 -0400] "GET /images/store_saws_section.jpg HTTP/1.1" 200 10028 "https://www.aceonlinestore.com/CGI-BIN/LANSAWEB?WEBEVENT+L3D86910A11E418007FBA05R+M37+ENG" "Mozilla/5.0 (Macintosh; U; PPC Mac OS X; en) AppleWebKit/419.3 (KHTML, like Gecko) Safari/419.3"
71.43.227.252 - - [11/Aug/2007:10:56:17 -0400] "GET /favicon.ico HTTP/1.1" 404 209 "-" "Mozilla/5.0 (Macintosh; U; PPC Mac OS X; en) AppleWebKit/419.3 (KHTML, like Gecko) Safari/419.3"
71.43.227.252 - - [11/Aug/2007:10:56:16 -0400] "GET /images/store_bone_section2.jpg HTTP/1.1" 200 21458 "https://www.aceonlinestore.com/CGI-BIN/LANSAWEB?WEBEVENT+L3D86910A11E418007FBA05R+M37+ENG" "Mozilla/5.0 (Macintosh; U; PPC Mac OS X; en) AppleWebKit/419.3 (KHTML, like Gecko) Safari/419.3"
71.43.227.252 - - [11/Aug/2007:10:56:17 -0400] "GET /images/store_gauze_section.jpg HTTP/1.1" 200 24119 "https://www.aceonlinestore.com/CGI-BIN/LANSAWEB?WEBEVENT+L3D86910A11E418007FBA05R+M37+ENG" "Mozilla/5.0 (Macintosh; U; PPC Mac OS X; en) AppleWebKit/419.3 (KHTML, like Gecko) Safari/419.3"
84.108.39.114 - - [11/Aug/2007:10:56:18 -0400] "GET /images/store_sterile_section.jpg HTTP/1.1" 200 9274 "http://www.aceonlinestore.com/cgi-bin/lansaweb?procfun+wordpr01+webfunc+M37" "Mozilla/4.0 (compatible; MSIE 7.0; Windows NT 5.1)"
71.43.227.252 - - [11/Aug/2007:10:56:18 -0400] "GET /images/store_handpc_section.jpg HTTP/1.1" 200 23958 "https://www.aceonlinestore.com/CGI-BIN/LANSAWEB?WEBEVENT+L3D86910A11E418007FBA05R+M37+ENG" "Mozilla/5.0 (Macintosh; U; PPC Mac OS X; en) AppleWebKit/419.3 (KHTML, like Gecko) Safari/419.3"
71.43.227.252 - - [11/Aug/2007:10:56:18 -0400] "GET /images/store_iv_admin_section.jpg HTTP/1.1" 200 9115 "https://www.aceonlinestore.com/CGI-BIN/LANSAWEB?WEBEVENT+L3D86910A11E418007FBA05R+M37+ENG" "Mozilla/5.0 (Macintosh; U; PPC Mac OS X; en) AppleWebKit/419.3 (KHTML, like Gecko) Safari/419.3"
71.43.227.252 - - [11/Aug/2007:10:56:18 -0400] "GET /images/store_blades_section.jpg HTTP/1.1" 200 24174 "https://www.aceonlinestore.com/CGI-BIN/LANSAWEB?WEBEVENT+L3D86910A11E418007FBA05R+M37+ENG" "Mozilla/5.0 (Macintosh; U; PPC Mac OS X; en) AppleWebKit/419.3 (KHTML, like Gecko) Safari/419.3"
84.108.39.114 - - [11/Aug/2007:10:56:18 -0400] "GET /images/store_blades_section.jpg HTTP/1.1" 200 24174 "http://www.aceonlinestore.com/cgi-bin/lansaweb?procfun+wordpr01+webfunc+M37" "Mozilla/4.0 (compatible; MSIE 7.0; Windows NT 5.1)"
71.43.227.252 - - [11/Aug/2007:10:56:18 -0400] "GET /images/store_irrigate_section.gif HTTP/1.1" 200 10336 "https://www.aceonlinestore.com/CGI-BIN/LANSAWEB?WEBEVENT+L3D86910A11E418007FBA05R+M37+ENG" "Mozilla/5.0 (Macintosh; U; PPC Mac OS X; en) AppleWebKit/419.3 (KHTML, like Gecko) Safari/419.3"
71.43.227.252 - - [11/Aug/2007:10:56:19 -0400] "GET /images/store_syringe_section.jpg HTTP/1.1" 200 9321 "https://www.aceonlinestore.com/CGI-BIN/LANSAWEB?WEBEVENT+L3D86910A11E418007FBA05R+M37+ENG" "Mozilla/5.0 (Macintosh; U; PPC Mac OS X; en) AppleWebKit/419.3 (KHTML, like Gecko) Safari/419.3"
71.43.227.252 - - [11/Aug/2007:10:56:19 -0400] "GET /images/store_sterile_section.jpg HTTP/1.1" 200 9274 "https://www.aceonlinestore.com/CGI-BIN/LANSAWEB?WEBEVENT+L3D86910A11E418007FBA05R+M37+ENG" "Mozilla/5.0 (Macintosh; U; PPC Mac OS X; en) AppleWebKit/419.3 (KHTML, like Gecko) Safari/419.3"
71.43.227.252 - - [11/Aug/2007:10:56:19 -0400] "GET /images/store_sutures_section.jpg HTTP/1.1" 200 28375 "https://www.aceonlinestore.com/CGI-BIN/LANSAWEB?WEBEVENT+L3D86910A11E418007FBA05R+M37+ENG" "Mozilla/5.0 (Macintosh; U; PPC Mac OS X; en) AppleWebKit/419.3 (KHTML, like Gecko) Safari/419.3"
71.43.227.252 - - [11/Aug/2007:10:56:16 -0400] "GET /images/store_cardiac_section.jpg HTTP/1.1" 200 25730 "https://www.aceonlinestore.com/CGI-BIN/LANSAWEB?WEBEVENT+L3D86910A11E418007FBA05R+M37+ENG" "Mozilla/5.0 (Macintosh; U; PPC Mac OS X; en) AppleWebKit/419.3 (KHTML, like Gecko) Safari/419.3"
71.43.227.252 - - [11/Aug/2007:10:56:21 -0400] "GET /images/over-store_cardiac_section.jpg HTTP/1.1" 200 8882 "https://www.aceonlinestore.com/CGI-BIN/LANSAWEB?WEBEVENT+L3D86910A11E418007FBA05R+M37+ENG" "Mozilla/5.0 (Macintosh; U; PPC Mac OS X; en) AppleWebKit/419.3 (KHTML, like Gecko) Safari/419.3"
84.108.39.114 - - [11/Aug/2007:10:56:22 -0400] "GET /images/store_burs_section.jpg HTTP/1.1" 200 10892 "http://www.aceonlinestore.com/cgi-bin/lansaweb?procfun+wordpr01+webfunc+M37" "Mozilla/4.0 (compatible; MSIE 7.0; Windows NT 5.1)"
71.43.227.252 - - [11/Aug/2007:10:56:22 -0400] "GET /images/nav04_contact_over.jpg HTTP/1.1" 200 1183 "https://www.aceonlinestore.com/CGI-BIN/LANSAWEB?WEBEVENT+L3D86910A11E418007FBA05R+M37+ENG" "Mozilla/5.0 (Macintosh; U; PPC Mac OS X; en) AppleWebKit/419.3 (KHTML, like Gecko) Safari/419.3"
71.43.227.252 - - [11/Aug/2007:10:56:21 -0400] "GET /images/store_infection_section.jpg HTTP/1.1" 200 25264 "https://www.aceonlinestore.com/CGI-BIN/LANSAWEB?WEBEVENT+L3D86910A11E418007FBA05R+M37+ENG" "Mozilla/5.0 (Macintosh; U; PPC Mac OS X; en) AppleWebKit/419.3 (KHTML, like Gecko) Safari/419.3"
71.43.227.252 - - [11/Aug/2007:10:56:22 -0400] "GET /images/store_assess_section.jpg HTTP/1.1" 200 10059 "https://www.aceonlinestore.com/CGI-BIN/LANSAWEB?WEBEVENT+L3D86910A11E418007FBA05R+M37+ENG" "Mozilla/5.0 (Macintosh; U; PPC Mac OS X; en) AppleWebKit/419.3 (KHTML, like Gecko) Safari/419.3"
71.43.227.252 - - [11/Aug/2007:10:56:23 -0400] "GET /images/store_burs_section.jpg HTTP/1.1" 200 10892 "https://www.aceonlinestore.com/CGI-BIN/LANSAWEB?WEBEVENT+L3D86910A11E418007FBA05R+M37+ENG" "Mozilla/5.0 (Macintosh; U; PPC Mac OS X; en) AppleWebKit/419.3 (KHTML, like Gecko) Safari/419.3"
71.43.227.252 - - [11/Aug/2007:10:56:23 -0400] "GET /images/store_xray_section.jpg HTTP/1.1" 200 8861 "https://www.aceonlinestore.com/CGI-BIN/LANSAWEB?WEBEVENT+L3D86910A11E418007FBA05R+M37+ENG" "Mozilla/5.0 (Macintosh; U; PPC Mac OS X; en) AppleWebKit/419.3 (KHTML, like Gecko) Safari/419.3"
71.43.227.252 - - [11/Aug/2007:10:56:23 -0400] "GET /images/nav04_download_over.jpg HTTP/1.1" 200 1460 "https://www.aceonlinestore.com/CGI-BIN/LANSAWEB?WEBEVENT+L3D86910A11E418007FBA05R+M37+ENG" "Mozilla/5.0 (Macintosh; U; PPC Mac OS X; en) AppleWebKit/419.3 (KHTML, like Gecko) Safari/419.3"
71.43.227.252 - - [11/Aug/2007:10:56:23 -0400] "GET /images/nav04_conven_over.jpg HTTP/1.1" 200 1587 "https://www.aceonlinestore.com/CGI-BIN/LANSAWEB?WEBEVENT+L3D86910A11E418007FBA05R+M37+ENG" "Mozilla/5.0 (Macintosh; U; PPC Mac OS X; en) AppleWebKit/419.3 (KHTML, like Gecko) Safari/419.3"
84.108.39.114 - - [11/Aug/2007:10:56:25 -0400] "GET /images/store_saws_section.jpg HTTP/1.1" 200 10028 "http://www.aceonlinestore.com/cgi-bin/lansaweb?procfun+wordpr01+webfunc+M37" "Mozilla/4.0 (compatible; MSIE 7.0; Windows NT 5.1)"
71.43.227.252 - - [11/Aug/2007:10:56:27 -0400] "GET /images/nav04_about_over.jpg HTTP/1.1" 200 1472 "https://www.aceonlinestore.com/CGI-BIN/LANSAWEB?WEBEVENT+L3D86910A11E418007FBA05R+M37+ENG" "Mozilla/5.0 (Macintosh; U; PPC Mac OS X; en) AppleWebKit/419.3 (KHTML, like Gecko) Safari/419.3"
