121.108.211.105 - - [13/Aug/2007:01:52:58 -0400] "GET /images/nav04_contact_off.jpg HTTP/1.1" 200 965 "http://www.aceonlinestore.com/cgi-bin/lansaweb?procfun+wordpr01+webfunc+M37" "Mozilla/5.0 (Macintosh; U; Intel Mac OS X; ja-jp) AppleWebKit/419.3 (KHTML, like Gecko) Safari/419.3"
121.108.211.105 - - [13/Aug/2007:01:52:58 -0400] "GET /images/ace_logo_bottom.jpg HTTP/1.1" 200 2447 "http://www.aceonlinestore.com/cgi-bin/lansaweb?procfun+wordpr01+webfunc+M37" "Mozilla/5.0 (Macintosh; U; Intel Mac OS X; ja-jp) AppleWebKit/419.3 (KHTML, like Gecko) Safari/419.3"
121.108.211.105 - - [13/Aug/2007:01:52:58 -0400] "GET /images/spacer.gif HTTP/1.1" 200 55 "http://www.aceonlinestore.com/cgi-bin/lansaweb?procfun+wordpr01+webfunc+M37" "Mozilla/5.0 (Macintosh; U; Intel Mac OS X; ja-jp) AppleWebKit/419.3 (KHTML, like Gecko) Safari/419.3"
121.108.211.105 - - [13/Aug/2007:01:52:58 -0400] "GET /images/login.gif HTTP/1.1" 200 166 "http://www.aceonlinestore.com/cgi-bin/lansaweb?procfun+wordpr01+webfunc+M37" "Mozilla/5.0 (Macintosh; U; Intel Mac OS X; ja-jp) AppleWebKit/419.3 (KHTML, like Gecko) Safari/419.3"
121.108.211.105 - - [13/Aug/2007:01:52:58 -0400] "GET /images/nav_store_index_off.jpg HTTP/1.1" 200 922 "http://www.aceonlinestore.com/cgi-bin/lansaweb?procfun+wordpr01+webfunc+M37" "Mozilla/5.0 (Macintosh; U; Intel Mac OS X; ja-jp) AppleWebKit/419.3 (KHTML, like Gecko) Safari/419.3"
121.108.211.105 - - [13/Aug/2007:01:52:58 -0400] "GET /images/psearch_go.gif HTTP/1.1" 200 296 "http://www.aceonlinestore.com/cgi-bin/lansaweb?procfun+wordpr01+webfunc+M37" "Mozilla/5.0 (Macintosh; U; Intel Mac OS X; ja-jp) AppleWebKit/419.3 (KHTML, like Gecko) Safari/419.3"
121.108.211.105 - - [13/Aug/2007:01:52:58 -0400] "GET /images/sale_promo-icon.gif HTTP/1.1" 200 402 "http://www.aceonlinestore.com/cgi-bin/lansaweb?procfun+wordpr01+webfunc+M37" "Mozilla/5.0 (Macintosh; U; Intel Mac OS X; ja-jp) AppleWebKit/419.3 (KHTML, like Gecko) Safari/419.3"
121.108.211.105 - - [13/Aug/2007:01:52:58 -0400] "GET /images/search.gif HTTP/1.1" 200 614 "http://www.aceonlinestore.com/cgi-bin/lansaweb?procfun+wordpr01+webfunc+M37" "Mozilla/5.0 (Macintosh; U; Intel Mac OS X; ja-jp) AppleWebKit/419.3 (KHTML, like Gecko) Safari/419.3"
121.108.211.105 - - [13/Aug/2007:01:52:59 -0400] "GET /images/store_cardiac_section.jpg HTTP/1.1" 200 25730 "http://www.aceonlinestore.com/cgi-bin/lansaweb?procfun+wordpr01+webfunc+M37" "Mozilla/5.0 (Macintosh; U; Intel Mac OS X; ja-jp) AppleWebKit/419.3 (KHTML, like Gecko) Safari/419.3"
121.108.211.105 - - [13/Aug/2007:01:52:59 -0400] "GET /images/store_anesth_section.jpg HTTP/1.1" 200 10123 "http://www.aceonlinestore.com/cgi-bin/lansaweb?procfun+wordpr01+webfunc+M37" "Mozilla/5.0 (Macintosh; U; Intel Mac OS X; ja-jp) AppleWebKit/419.3 (KHTML, like Gecko) Safari/419.3"
121.108.211.105 - - [13/Aug/2007:01:52:59 -0400] "GET /images/store_bone_section2.jpg HTTP/1.1" 200 21458 "http://www.aceonlinestore.com/cgi-bin/lansaweb?procfun+wordpr01+webfunc+M37" "Mozilla/5.0 (Macintosh; U; Intel Mac OS X; ja-jp) AppleWebKit/419.3 (KHTML, like Gecko) Safari/419.3"
121.108.211.105 - - [13/Aug/2007:01:52:59 -0400] "GET /images/store_implant_section.jpg HTTP/1.1" 200 8001 "http://www.aceonlinestore.com/cgi-bin/lansaweb?procfun+wordpr01+webfunc+M37" "Mozilla/5.0 (Macintosh; U; Intel Mac OS X; ja-jp) AppleWebKit/419.3 (KHTML, like Gecko) Safari/419.3"
121.108.211.105 - - [13/Aug/2007:01:52:59 -0400] "GET /images/store_infection_section.jpg HTTP/1.1" 200 25264 "http://www.aceonlinestore.com/cgi-bin/lansaweb?procfun+wordpr01+webfunc+M37" "Mozilla/5.0 (Macintosh; U; Intel Mac OS X; ja-jp) AppleWebKit/419.3 (KHTML, like Gecko) Safari/419.3"
121.108.211.105 - - [13/Aug/2007:01:53:00 -0400] "GET /images/nav04_download_off.jpg HTTP/1.1" 200 1206 "http://www.aceonlinestore.com/cgi-bin/lansaweb?procfun+wordpr01+webfunc+M37" "Mozilla/5.0 (Macintosh; U; Intel Mac OS X; ja-jp) AppleWebKit/419.3 (KHTML, like Gecko) Safari/419.3"
121.108.211.105 - - [13/Aug/2007:01:53:00 -0400] "GET /images/nav_store_head.jpg HTTP/1.1" 200 1953 "http://www.aceonlinestore.com/cgi-bin/lansaweb?procfun+wordpr01+webfunc+M37" "Mozilla/5.0 (Macintosh; U; Intel Mac OS X; ja-jp) AppleWebKit/419.3 (KHTML, like Gecko) Safari/419.3"
121.108.211.105 - - [13/Aug/2007:01:53:01 -0400] "GET /images/login_go.gif HTTP/1.1" 200 296 "http://www.aceonlinestore.com/cgi-bin/lansaweb?procfun+wordpr01+webfunc+M37" "Mozilla/5.0 (Macintosh; U; Intel Mac OS X; ja-jp) AppleWebKit/419.3 (KHTML, like Gecko) Safari/419.3"
121.108.211.105 - - [13/Aug/2007:01:53:01 -0400] "GET /images/store_gauze_section.jpg HTTP/1.1" 200 24119 "http://www.aceonlinestore.com/cgi-bin/lansaweb?procfun+wordpr01+webfunc+M37" "Mozilla/5.0 (Macintosh; U; Intel Mac OS X; ja-jp) AppleWebKit/419.3 (KHTML, like Gecko) Safari/419.3"
121.108.211.105 - - [13/Aug/2007:01:53:01 -0400] "GET /favicon.ico HTTP/1.1" 404 209 "-" "Mozilla/5.0 (Macintosh; U; Intel Mac OS X; ja-jp) AppleWebKit/419.3 (KHTML, like Gecko) Safari/419.3"
121.108.211.105 - - [13/Aug/2007:01:53:01 -0400] "GET /images/store_blades_section.jpg HTTP/1.1" 200 24174 "http://www.aceonlinestore.com/cgi-bin/lansaweb?procfun+wordpr01+webfunc+M37" "Mozilla/5.0 (Macintosh; U; Intel Mac OS X; ja-jp) AppleWebKit/419.3 (KHTML, like Gecko) Safari/419.3"
121.108.211.105 - - [13/Aug/2007:01:53:02 -0400] "GET /images/store_instr_section.jpg HTTP/1.1" 200 26432 "http://www.aceonlinestore.com/cgi-bin/lansaweb?procfun+wordpr01+webfunc+M37" "Mozilla/5.0 (Macintosh; U; Intel Mac OS X; ja-jp) AppleWebKit/419.3 (KHTML, like Gecko) Safari/419.3"
121.108.211.105 - - [13/Aug/2007:01:53:02 -0400] "GET /images/store_iv_admin_section.jpg HTTP/1.1" 200 9115 "http://www.aceonlinestore.com/cgi-bin/lansaweb?procfun+wordpr01+webfunc+M37" "Mozilla/5.0 (Macintosh; U; Intel Mac OS X; ja-jp) AppleWebKit/419.3 (KHTML, like Gecko) Safari/419.3"
222.66.69.242 - - [13/Aug/2007:01:53:02 -0400] "GET /images/index8_pckingtp.jpg HTTP/1.1" 304 - "http://www.aceonlinestore.com/CGI-BIN/LANSAWEB?WEBEVENT+L0D689B093AB4B000DC4A031+M37+ENG" "Mozilla/4.0 (compatible; MSIE 6.0; Windows NT 5.1; SV1)"
121.108.211.105 - - [13/Aug/2007:01:53:02 -0400] "GET /images/store_sterile_section.jpg HTTP/1.1" 200 9274 "http://www.aceonlinestore.com/cgi-bin/lansaweb?procfun+wordpr01+webfunc+M37" "Mozilla/5.0 (Macintosh; U; Intel Mac OS X; ja-jp) AppleWebKit/419.3 (KHTML, like Gecko) Safari/419.3"
121.108.211.105 - - [13/Aug/2007:01:53:02 -0400] "GET /images/store_assess_section.jpg HTTP/1.1" 200 10059 "http://www.aceonlinestore.com/cgi-bin/lansaweb?procfun+wordpr01+webfunc+M37" "Mozilla/5.0 (Macintosh; U; Intel Mac OS X; ja-jp) AppleWebKit/419.3 (KHTML, like Gecko) Safari/419.3"
209.59.12.99 - - [13/Aug/2007:01:53:02 -0400] "GET / HTTP/1.0" 200 367 "-" "check_http/1.81 (nagios-plugins 1.4)"
121.108.211.105 - - [13/Aug/2007:01:53:03 -0400] "GET /images/store_sutures_section.jpg HTTP/1.1" 200 28375 "http://www.aceonlinestore.com/cgi-bin/lansaweb?procfun+wordpr01+webfunc+M37" "Mozilla/5.0 (Macintosh; U; Intel Mac OS X; ja-jp) AppleWebKit/419.3 (KHTML, like Gecko) Safari/419.3"
121.108.211.105 - - [13/Aug/2007:01:53:04 -0400] "GET /images/store_syringe_section.jpg HTTP/1.1" 200 9321 "http://www.aceonlinestore.com/cgi-bin/lansaweb?procfun+wordpr01+webfunc+M37" "Mozilla/5.0 (Macintosh; U; Intel Mac OS X; ja-jp) AppleWebKit/419.3 (KHTML, like Gecko) Safari/419.3"
121.108.211.105 - - [13/Aug/2007:01:53:05 -0400] "GET /images/store_burs_section.jpg HTTP/1.1" 200 10892 "http://www.aceonlinestore.com/cgi-bin/lansaweb?procfun+wordpr01+webfunc+M37" "Mozilla/5.0 (Macintosh; U; Intel Mac OS X; ja-jp) AppleWebKit/419.3 (KHTML, like Gecko) Safari/419.3"
121.108.211.105 - - [13/Aug/2007:01:53:05 -0400] "GET /images/store_handpc_section.jpg HTTP/1.1" 200 23958 "http://www.aceonlinestore.com/cgi-bin/lansaweb?procfun+wordpr01+webfunc+M37" "Mozilla/5.0 (Macintosh; U; Intel Mac OS X; ja-jp) AppleWebKit/419.3 (KHTML, like Gecko) Safari/419.3"
121.108.211.105 - - [13/Aug/2007:01:53:05 -0400] "GET /images/store_xray_section.jpg HTTP/1.1" 200 8861 "http://www.aceonlinestore.com/cgi-bin/lansaweb?procfun+wordpr01+webfunc+M37" "Mozilla/5.0 (Macintosh; U; Intel Mac OS X; ja-jp) AppleWebKit/419.3 (KHTML, like Gecko) Safari/419.3"
121.108.211.105 - - [13/Aug/2007:01:53:07 -0400] "GET /images/nav04_conven_over.jpg HTTP/1.1" 200 1587 "http://www.aceonlinestore.com/cgi-bin/lansaweb?procfun+wordpr01+webfunc+M37" "Mozilla/5.0 (Macintosh; U; Intel Mac OS X; ja-jp) AppleWebKit/419.3 (KHTML, like Gecko) Safari/419.3"
121.108.211.105 - - [13/Aug/2007:01:53:07 -0400] "GET /images/over-store_bone_section2.jpg HTTP/1.1" 200 7626 "http://www.aceonlinestore.com/cgi-bin/lansaweb?procfun+wordpr01+webfunc+M37" "Mozilla/5.0 (Macintosh; U; Intel Mac OS X; ja-jp) AppleWebKit/419.3 (KHTML, like Gecko) Safari/419.3"
121.108.211.105 - - [13/Aug/2007:01:53:08 -0400] "GET /images/over-store_cardiac_section.jpg HTTP/1.1" 200 8882 "http://www.aceonlinestore.com/cgi-bin/lansaweb?procfun+wordpr01+webfunc+M37" "Mozilla/5.0 (Macintosh; U; Intel Mac OS X; ja-jp) AppleWebKit/419.3 (KHTML, like Gecko) Safari/419.3"
121.108.211.105 - - [13/Aug/2007:01:53:08 -0400] "GET /images/store_irrigate_section.gif HTTP/1.1" 200 10336 "http://www.aceonlinestore.com/cgi-bin/lansaweb?procfun+wordpr01+webfunc+M37" "Mozilla/5.0 (Macintosh; U; Intel Mac OS X; ja-jp) AppleWebKit/419.3 (KHTML, like Gecko) Safari/419.3"
121.108.211.105 - - [13/Aug/2007:01:53:09 -0400] "GET /images/store_pharma_section.jpg HTTP/1.1" 200 7953 "http://www.aceonlinestore.com/cgi-bin/lansaweb?procfun+wordpr01+webfunc+M37" "Mozilla/5.0 (Macintosh; U; Intel Mac OS X; ja-jp) AppleWebKit/419.3 (KHTML, like Gecko) Safari/419.3"
121.108.211.105 - - [13/Aug/2007:01:53:10 -0400] "GET /images/store_saws_section.jpg HTTP/1.1" 200 10028 "http://www.aceonlinestore.com/cgi-bin/lansaweb?procfun+wordpr01+webfunc+M37" "Mozilla/5.0 (Macintosh; U; Intel Mac OS X; ja-jp) AppleWebKit/419.3 (KHTML, like Gecko) Safari/419.3"
121.108.211.105 - - [13/Aug/2007:01:53:14 -0400] "GET /images/over-store_instr_section.jpg HTTP/1.1" 200 9238 "http://www.aceonlinestore.com/cgi-bin/lansaweb?procfun+wordpr01+webfunc+M37" "Mozilla/5.0 (Macintosh; U; Intel Mac OS X; ja-jp) AppleWebKit/419.3 (KHTML, like Gecko) Safari/419.3"
121.108.211.105 - - [13/Aug/2007:01:53:14 -0400] "GET /images/over-store_anesth_section.jpg HTTP/1.1" 200 9173 "http://www.aceonlinestore.com/cgi-bin/lansaweb?procfun+wordpr01+webfunc+M37" "Mozilla/5.0 (Macintosh; U; Intel Mac OS X; ja-jp) AppleWebKit/419.3 (KHTML, like Gecko) Safari/419.3"
121.108.211.105 - - [13/Aug/2007:01:53:29 -0400] "POST /CGI-BIN/LANSAWEB?WEBEVENT+L7D889C081084B8000D8A046+M37+ENG HTTP/1.1" 200 40777 "http://www.aceonlinestore.com/cgi-bin/lansaweb?procfun+wordpr01+webfunc+M37" "Mozilla/5.0 (Macintosh; U; Intel Mac OS X; ja-jp) AppleWebKit/419.3 (KHTML, like Gecko) Safari/419.3"
121.108.211.105 - - [13/Aug/2007:01:53:30 -0400] "GET /images/nav04_shop_off.jpg HTTP/1.1" 200 1390 "http://www.aceonlinestore.com/CGI-BIN/LANSAWEB?WEBEVENT+L7D889C081084B8000D8A046+M37+ENG" "Mozilla/5.0 (Macintosh; U; Intel Mac OS X; ja-jp) AppleWebKit/419.3 (KHTML, like Gecko) Safari/419.3"
121.108.211.105 - - [13/Aug/2007:01:53:30 -0400] "GET /images/index_bonemills.jpg HTTP/1.1" 200 3935 "http://www.aceonlinestore.com/CGI-BIN/LANSAWEB?WEBEVENT+L7D889C081084B8000D8A046+M37+ENG" "Mozilla/5.0 (Macintosh; U; Intel Mac OS X; ja-jp) AppleWebKit/419.3 (KHTML, like Gecko) Safari/419.3"
121.108.211.105 - - [13/Aug/2007:01:53:30 -0400] "GET /images/index_allooss.jpg HTTP/1.1" 200 15388 "http://www.aceonlinestore.com/CGI-BIN/LANSAWEB?WEBEVENT+L7D889C081084B8000D8A046+M37+ENG" "Mozilla/5.0 (Macintosh; U; Intel Mac OS X; ja-jp) AppleWebKit/419.3 (KHTML, like Gecko) Safari/419.3"
121.108.211.105 - - [13/Aug/2007:01:53:30 -0400] "GET /images/index_autografter.jpg HTTP/1.1" 200 3481 "http://www.aceonlinestore.com/CGI-BIN/LANSAWEB?WEBEVENT+L7D889C081084B8000D8A046+M37+ENG" "Mozilla/5.0 (Macintosh; U; Intel Mac OS X; ja-jp) AppleWebKit/419.3 (KHTML, like Gecko) Safari/419.3"
121.108.211.105 - - [13/Aug/2007:01:53:30 -0400] "GET /images/index_calciumsulfate.jpg HTTP/1.1" 200 18566 "http://www.aceonlinestore.com/CGI-BIN/LANSAWEB?WEBEVENT+L7D889C081084B8000D8A046+M37+ENG" "Mozilla/5.0 (Macintosh; U; Intel Mac OS X; ja-jp) AppleWebKit/419.3 (KHTML, like Gecko) Safari/419.3"
121.108.211.105 - - [13/Aug/2007:01:53:31 -0400] "GET /images/index_rcm.jpg HTTP/1.1" 200 2754 "http://www.aceonlinestore.com/CGI-BIN/LANSAWEB?WEBEVENT+L7D889C081084B8000D8A046+M37+ENG" "Mozilla/5.0 (Macintosh; U; Intel Mac OS X; ja-jp) AppleWebKit/419.3 (KHTML, like Gecko) Safari/419.3"
121.108.211.105 - - [13/Aug/2007:01:53:31 -0400] "GET /images/index_tacking.jpg HTTP/1.1" 200 3917 "http://www.aceonlinestore.com/CGI-BIN/LANSAWEB?WEBEVENT+L7D889C081084B8000D8A046+M37+ENG" "Mozilla/5.0 (Macintosh; U; Intel Mac OS X; ja-jp) AppleWebKit/419.3 (KHTML, like Gecko) Safari/419.3"
121.108.211.105 - - [13/Aug/2007:01:53:31 -0400] "GET /images/index_ridgeexp.jpg HTTP/1.1" 200 4281 "http://www.aceonlinestore.com/CGI-BIN/LANSAWEB?WEBEVENT+L7D889C081084B8000D8A046+M37+ENG" "Mozilla/5.0 (Macintosh; U; Intel Mac OS X; ja-jp) AppleWebKit/419.3 (KHTML, like Gecko) Safari/419.3"
121.108.211.105 - - [13/Aug/2007:01:53:31 -0400] "GET /images/index_bone.jpg HTTP/1.1" 200 2499 "http://www.aceonlinestore.com/CGI-BIN/LANSAWEB?WEBEVENT+L7D889C081084B8000D8A046+M37+ENG" "Mozilla/5.0 (Macintosh; U; Intel Mac OS X; ja-jp) AppleWebKit/419.3 (KHTML, like Gecko) Safari/419.3"
121.108.211.105 - - [13/Aug/2007:01:53:31 -0400] "GET /images/index_prp.jpg HTTP/1.1" 200 4176 "http://www.aceonlinestore.com/CGI-BIN/LANSAWEB?WEBEVENT+L7D889C081084B8000D8A046+M37+ENG" "Mozilla/5.0 (Macintosh; U; Intel Mac OS X; ja-jp) AppleWebKit/419.3 (KHTML, like Gecko) Safari/419.3"
121.108.211.105 - - [13/Aug/2007:01:53:31 -0400] "GET /favicon.ico HTTP/1.1" 404 209 "-" "Mozilla/5.0 (Macintosh; U; Intel Mac OS X; ja-jp) AppleWebKit/419.3 (KHTML, like Gecko) Safari/419.3"
121.108.211.105 - - [13/Aug/2007:01:53:31 -0400] "GET /images/index_orthoscrew.jpg HTTP/1.1" 200 13536 "http://www.aceonlinestore.com/CGI-BIN/LANSAWEB?WEBEVENT+L7D889C081084B8000D8A046+M37+ENG" "Mozilla/5.0 (Macintosh; U; Intel Mac OS X; ja-jp) AppleWebKit/419.3 (KHTML, like Gecko) Safari/419.3"
121.108.211.105 - - [13/Aug/2007:01:53:31 -0400] "GET /images/index_sinus.jpg HTTP/1.1" 200 4773 "http://www.aceonlinestore.com/CGI-BIN/LANSAWEB?WEBEVENT+L7D889C081084B8000D8A046+M37+ENG" "Mozilla/5.0 (Macintosh; U; Intel Mac OS X; ja-jp) AppleWebKit/419.3 (KHTML, like Gecko) Safari/419.3"
121.108.211.105 - - [13/Aug/2007:01:53:31 -0400] "GET /images/index_liftkit.jpg HTTP/1.1" 200 5160 "http://www.aceonlinestore.com/CGI-BIN/LANSAWEB?WEBEVENT+L7D889C081084B8000D8A046+M37+ENG" "Mozilla/5.0 (Macintosh; U; Intel Mac OS X; ja-jp) AppleWebKit/419.3 (KHTML, like Gecko) Safari/419.3"
121.108.211.105 - - [13/Aug/2007:01:53:33 -0400] "GET /images/index_nuoss.jpg HTTP/1.1" 200 16069 "http://www.aceonlinestore.com/CGI-BIN/LANSAWEB?WEBEVENT+L7D889C081084B8000D8A046+M37+ENG" "Mozilla/5.0 (Macintosh; U; Intel Mac OS X; ja-jp) AppleWebKit/419.3 (KHTML, like Gecko) Safari/419.3"
222.66.69.242 - - [13/Aug/2007:01:53:33 -0400] "GET /images/index8_ace_nstergz.jpg HTTP/1.1" 304 - "http://www.aceonlinestore.com/CGI-BIN/LANSAWEB?WEBEVENT+L0D689B093AB4B000DC4A031+M37+ENG" "Mozilla/4.0 (compatible; MSIE 6.0; Windows NT 5.1; SV1)"
222.66.69.242 - - [13/Aug/2007:01:53:33 -0400] "GET /images/index8_3mtap.jpg HTTP/1.1" 304 - "http://www.aceonlinestore.com/CGI-BIN/LANSAWEB?WEBEVENT+L0D689B093AB4B000DC4A031+M37+ENG" "Mozilla/4.0 (compatible; MSIE 6.0; Windows NT 5.1; SV1)"
121.108.211.105 - - [13/Aug/2007:01:53:33 -0400] "GET /images/index_screws.jpg HTTP/1.1" 200 3624 "http://www.aceonlinestore.com/CGI-BIN/LANSAWEB?WEBEVENT+L7D889C081084B8000D8A046+M37+ENG" "Mozilla/5.0 (Macintosh; U; Intel Mac OS X; ja-jp) AppleWebKit/419.3 (KHTML, like Gecko) Safari/419.3"
222.66.69.242 - - [13/Aug/2007:01:53:34 -0400] "GET /images/index8_3mtap.jpg HTTP/1.1" 304 - "http://www.aceonlinestore.com/CGI-BIN/LANSAWEB?WEBEVENT+L0D689B093AB4B000DC4A031+M37+ENG" "Mozilla/4.0 (compatible; MSIE 6.0; Windows NT 5.1; SV1)"
222.66.69.242 - - [13/Aug/2007:01:53:34 -0400] "GET /images/index8_cotgzst.jpg HTTP/1.1" 304 - "http://www.aceonlinestore.com/CGI-BIN/LANSAWEB?WEBEVENT+L0D689B093AB4B000DC4A031+M37+ENG" "Mozilla/4.0 (compatible; MSIE 6.0; Windows NT 5.1; SV1)"
222.66.69.242 - - [13/Aug/2007:01:53:39 -0400] "GET /images/index8_ace_stergz.jpg HTTP/1.1" 304 - "http://www.aceonlinestore.com/CGI-BIN/LANSAWEB?WEBEVENT+L0D689B093AB4B000DC4A031+M37+ENG" "Mozilla/4.0 (compatible; MSIE 6.0; Windows NT 5.1; SV1)"
121.108.211.105 - - [13/Aug/2007:01:53:43 -0400] "GET /images/over-index_bonemills.jpg HTTP/1.1" 200 2812 "http://www.aceonlinestore.com/CGI-BIN/LANSAWEB?WEBEVENT+L7D889C081084B8000D8A046+M37+ENG" "Mozilla/5.0 (Macintosh; U; Intel Mac OS X; ja-jp) AppleWebKit/419.3 (KHTML, like Gecko) Safari/419.3"
121.108.211.105 - - [13/Aug/2007:01:53:44 -0400] "GET /images/over-index_calciumsulfate.jpg HTTP/1.1" 200 15407 "http://www.aceonlinestore.com/CGI-BIN/LANSAWEB?WEBEVENT+L7D889C081084B8000D8A046+M37+ENG" "Mozilla/5.0 (Macintosh; U; Intel Mac OS X; ja-jp) AppleWebKit/419.3 (KHTML, like Gecko) Safari/419.3"
69.107.72.15 - - [13/Aug/2007:01:54:15 -0400] "POST /CGI-BIN/LANSAWEB?WEBEVENT+L0D689B0032849002C04A022+M37+ENG HTTP/1.1" 200 38867 "http://www.aceonlinestore.com/cgi-bin/lansaweb?procfun+wordpr01+webfunc+M37" "Mozilla/4.0 (compatible; MSIE 6.0; Windows NT 5.1; SV1; YPC 3.2.0; .NET CLR 1.0.3705; .NET CLR 1.1.4322; Media Center PC 4.0; yplus 5.1.04b)"
121.108.211.105 - - [13/Aug/2007:01:54:17 -0400] "GET /favicon.ico HTTP/1.1" 404 209 "-" "Mozilla/5.0 (Macintosh; U; Intel Mac OS X; ja-jp) AppleWebKit/419.3 (KHTML, like Gecko) Safari/419.3"
121.108.211.105 - - [13/Aug/2007:01:54:18 -0400] "GET /images/ace_logo_top_over.jpg HTTP/1.1" 200 2616 "http://www.aceonlinestore.com/cgi-bin/lansaweb?procfun+wordpr01+webfunc+M37" "Mozilla/5.0 (Macintosh; U; Intel Mac OS X; ja-jp) AppleWebKit/419.3 (KHTML, like Gecko) Safari/419.3"
69.107.72.15 - - [13/Aug/2007:01:54:20 -0400] "GET /images/pf-a.gif HTTP/1.1" 200 798 "http://www.aceonlinestore.com/CGI-BIN/LANSAWEB?WEBEVENT+L0D689B0032849002C04A022+M37+ENG" "Mozilla/4.0 (compatible; MSIE 6.0; Windows NT 5.1; SV1; YPC 3.2.0; .NET CLR 1.0.3705; .NET CLR 1.1.4322; Media Center PC 4.0; yplus 5.1.04b)"
69.107.72.15 - - [13/Aug/2007:01:54:20 -0400] "GET /images/space.gif HTTP/1.1" 200 43 "http://www.aceonlinestore.com/CGI-BIN/LANSAWEB?WEBEVENT+L0D689B0032849002C04A022+M37+ENG" "Mozilla/4.0 (compatible; MSIE 6.0; Windows NT 5.1; SV1; YPC 3.2.0; .NET CLR 1.0.3705; .NET CLR 1.1.4322; Media Center PC 4.0; yplus 5.1.04b)"
121.108.211.105 - - [13/Aug/2007:01:54:22 -0400] "GET /images/over-store_irrigate_section.gif HTTP/1.1" 200 7421 "http://www.aceonlinestore.com/cgi-bin/lansaweb?procfun+wordpr01+webfunc+M37" "Mozilla/5.0 (Macintosh; U; Intel Mac OS X; ja-jp) AppleWebKit/419.3 (KHTML, like Gecko) Safari/419.3"
121.108.211.105 - - [13/Aug/2007:01:54:33 -0400] "POST /CGI-BIN/LANSAWEB?WEBEVENT+L7D889C081084B8000D8A046+M37+ENG HTTP/1.1" 200 48148 "http://www.aceonlinestore.com/cgi-bin/lansaweb?procfun+wordpr01+webfunc+M37" "Mozilla/5.0 (Macintosh; U; Intel Mac OS X; ja-jp) AppleWebKit/419.3 (KHTML, like Gecko) Safari/419.3"
121.108.211.105 - - [13/Aug/2007:01:54:34 -0400] "GET /images/index5_bonefrcps.jpg HTTP/1.1" 200 3587 "http://www.aceonlinestore.com/CGI-BIN/LANSAWEB?WEBEVENT+L7D889C081084B8000D8A046+M37+ENG" "Mozilla/5.0 (Macintosh; U; Intel Mac OS X; ja-jp) AppleWebKit/419.3 (KHTML, like Gecko) Safari/419.3"
121.108.211.105 - - [13/Aug/2007:01:54:34 -0400] "GET /images/index5_artic.jpg HTTP/1.1" 200 4791 "http://www.aceonlinestore.com/CGI-BIN/LANSAWEB?WEBEVENT+L7D889C081084B8000D8A046+M37+ENG" "Mozilla/5.0 (Macintosh; U; Intel Mac OS X; ja-jp) AppleWebKit/419.3 (KHTML, like Gecko) Safari/419.3"
121.108.211.105 - - [13/Aug/2007:01:54:34 -0400] "GET /images/index5_bngraf.jpg HTTP/1.1" 200 3051 "http://www.aceonlinestore.com/CGI-BIN/LANSAWEB?WEBEVENT+L7D889C081084B8000D8A046+M37+ENG" "Mozilla/5.0 (Macintosh; U; Intel Mac OS X; ja-jp) AppleWebKit/419.3 (KHTML, like Gecko) Safari/419.3"
121.108.211.105 - - [13/Aug/2007:01:54:34 -0400] "GET /images/index5_curette.jpg HTTP/1.1" 200 2388 "http://www.aceonlinestore.com/CGI-BIN/LANSAWEB?WEBEVENT+L7D889C081084B8000D8A046+M37+ENG" "Mozilla/5.0 (Macintosh; U; Intel Mac OS X; ja-jp) AppleWebKit/419.3 (KHTML, like Gecko) Safari/419.3"
121.108.211.105 - - [13/Aug/2007:01:54:34 -0400] "GET /images/index5_mirrors.jpg HTTP/1.1" 200 2655 "http://www.aceonlinestore.com/CGI-BIN/LANSAWEB?WEBEVENT+L7D889C081084B8000D8A046+M37+ENG" "Mozilla/5.0 (Macintosh; U; Intel Mac OS X; ja-jp) AppleWebKit/419.3 (KHTML, like Gecko) Safari/419.3"
121.108.211.105 - - [13/Aug/2007:01:54:36 -0400] "GET /images/index5_tisforc.jpg HTTP/1.1" 200 2873 "http://www.aceonlinestore.com/CGI-BIN/LANSAWEB?WEBEVENT+L7D889C081084B8000D8A046+M37+ENG" "Mozilla/5.0 (Macintosh; U; Intel Mac OS X; ja-jp) AppleWebKit/419.3 (KHTML, like Gecko) Safari/419.3"
121.108.211.105 - - [13/Aug/2007:01:54:36 -0400] "GET /images/index5_fractred.jpg HTTP/1.1" 200 3896 "http://www.aceonlinestore.com/CGI-BIN/LANSAWEB?WEBEVENT+L7D889C081084B8000D8A046+M37+ENG" "Mozilla/5.0 (Macintosh; U; Intel Mac OS X; ja-jp) AppleWebKit/419.3 (KHTML, like Gecko) Safari/419.3"
121.108.211.105 - - [13/Aug/2007:01:54:36 -0400] "GET /images/index5_caliper.jpg HTTP/1.1" 200 2483 "http://www.aceonlinestore.com/CGI-BIN/LANSAWEB?WEBEVENT+L7D889C081084B8000D8A046+M37+ENG" "Mozilla/5.0 (Macintosh; U; Intel Mac OS X; ja-jp) AppleWebKit/419.3 (KHTML, like Gecko) Safari/419.3"
121.108.211.105 - - [13/Aug/2007:01:54:36 -0400] "GET /images/index5_instrlub.jpg HTTP/1.1" 200 2931 "http://www.aceonlinestore.com/CGI-BIN/LANSAWEB?WEBEVENT+L7D889C081084B8000D8A046+M37+ENG" "Mozilla/5.0 (Macintosh; U; Intel Mac OS X; ja-jp) AppleWebKit/419.3 (KHTML, like Gecko) Safari/419.3"
121.108.211.105 - - [13/Aug/2007:01:54:36 -0400] "GET /images/index5_mallet.jpg HTTP/1.1" 200 1863 "http://www.aceonlinestore.com/CGI-BIN/LANSAWEB?WEBEVENT+L7D889C081084B8000D8A046+M37+ENG" "Mozilla/5.0 (Macintosh; U; Intel Mac OS X; ja-jp) AppleWebKit/419.3 (KHTML, like Gecko) Safari/419.3"
121.108.211.105 - - [13/Aug/2007:01:54:36 -0400] "GET /images/index5_mcrnedlhol.jpg HTTP/1.1" 200 2494 "http://www.aceonlinestore.com/CGI-BIN/LANSAWEB?WEBEVENT+L7D889C081084B8000D8A046+M37+ENG" "Mozilla/5.0 (Macintosh; U; Intel Mac OS X; ja-jp) AppleWebKit/419.3 (KHTML, like Gecko) Safari/419.3"
121.108.211.105 - - [13/Aug/2007:01:54:36 -0400] "GET /images/index5_probes.jpg HTTP/1.1" 200 3030 "http://www.aceonlinestore.com/CGI-BIN/LANSAWEB?WEBEVENT+L7D889C081084B8000D8A046+M37+ENG" "Mozilla/5.0 (Macintosh; U; Intel Mac OS X; ja-jp) AppleWebKit/419.3 (KHTML, like Gecko) Safari/419.3"
121.108.211.105 - - [13/Aug/2007:01:54:36 -0400] "GET /images/index5_microscis.jpg HTTP/1.1" 200 2226 "http://www.aceonlinestore.com/CGI-BIN/LANSAWEB?WEBEVENT+L7D889C081084B8000D8A046+M37+ENG" "Mozilla/5.0 (Macintosh; U; Intel Mac OS X; ja-jp) AppleWebKit/419.3 (KHTML, like Gecko) Safari/419.3"
121.108.211.105 - - [13/Aug/2007:01:54:37 -0400] "GET /images/index5_nedlhol.jpg HTTP/1.1" 200 4228 "http://www.aceonlinestore.com/CGI-BIN/LANSAWEB?WEBEVENT+L7D889C081084B8000D8A046+M37+ENG" "Mozilla/5.0 (Macintosh; U; Intel Mac OS X; ja-jp) AppleWebKit/419.3 (KHTML, like Gecko) Safari/419.3"
121.108.211.105 - - [13/Aug/2007:01:54:37 -0400] "GET /images/index5_periolev.jpg HTTP/1.1" 200 3646 "http://www.aceonlinestore.com/CGI-BIN/LANSAWEB?WEBEVENT+L7D889C081084B8000D8A046+M37+ENG" "Mozilla/5.0 (Macintosh; U; Intel Mac OS X; ja-jp) AppleWebKit/419.3 (KHTML, like Gecko) Safari/419.3"
121.108.211.105 - - [13/Aug/2007:01:54:37 -0400] "GET /images/index5_morslser.jpg HTTP/1.1" 200 1884 "http://www.aceonlinestore.com/CGI-BIN/LANSAWEB?WEBEVENT+L7D889C081084B8000D8A046+M37+ENG" "Mozilla/5.0 (Macintosh; U; Intel Mac OS X; ja-jp) AppleWebKit/419.3 (KHTML, like Gecko) Safari/419.3"
121.108.211.105 - - [13/Aug/2007:01:54:37 -0400] "GET /images/index5_plstcfill.jpg HTTP/1.1" 200 2179 "http://www.aceonlinestore.com/CGI-BIN/LANSAWEB?WEBEVENT+L7D889C081084B8000D8A046+M37+ENG" "Mozilla/5.0 (Macintosh; U; Intel Mac OS X; ja-jp) AppleWebKit/419.3 (KHTML, like Gecko) Safari/419.3"
121.108.211.105 - - [13/Aug/2007:01:54:37 -0400] "GET /images/index5_rongeur.jpg HTTP/1.1" 200 3803 "http://www.aceonlinestore.com/CGI-BIN/LANSAWEB?WEBEVENT+L7D889C081084B8000D8A046+M37+ENG" "Mozilla/5.0 (Macintosh; U; Intel Mac OS X; ja-jp) AppleWebKit/419.3 (KHTML, like Gecko) Safari/419.3"
121.108.211.105 - - [13/Aug/2007:01:54:37 -0400] "GET /images/index5_pliers.jpg HTTP/1.1" 200 2399 "http://www.aceonlinestore.com/CGI-BIN/LANSAWEB?WEBEVENT+L7D889C081084B8000D8A046+M37+ENG" "Mozilla/5.0 (Macintosh; U; Intel Mac OS X; ja-jp) AppleWebKit/419.3 (KHTML, like Gecko) Safari/419.3"
121.108.211.105 - - [13/Aug/2007:01:54:37 -0400] "GET /images/index5_rootelv.jpg HTTP/1.1" 200 3266 "http://www.aceonlinestore.com/CGI-BIN/LANSAWEB?WEBEVENT+L7D889C081084B8000D8A046+M37+ENG" "Mozilla/5.0 (Macintosh; U; Intel Mac OS X; ja-jp) AppleWebKit/419.3 (KHTML, like Gecko) Safari/419.3"
121.108.211.105 - - [13/Aug/2007:01:54:37 -0400] "GET /images/index5_spat_oste.jpg HTTP/1.1" 200 1734 "http://www.aceonlinestore.com/CGI-BIN/LANSAWEB?WEBEVENT+L7D889C081084B8000D8A046+M37+ENG" "Mozilla/5.0 (Macintosh; U; Intel Mac OS X; ja-jp) AppleWebKit/419.3 (KHTML, like Gecko) Safari/419.3"
121.108.211.105 - - [13/Aug/2007:01:54:37 -0400] "GET /favicon.ico HTTP/1.1" 404 209 "-" "Mozilla/5.0 (Macintosh; U; Intel Mac OS X; ja-jp) AppleWebKit/419.3 (KHTML, like Gecko) Safari/419.3"
121.108.211.105 - - [13/Aug/2007:01:54:39 -0400] "GET /images/index5_retrctr.jpg HTTP/1.1" 200 4110 "http://www.aceonlinestore.com/CGI-BIN/LANSAWEB?WEBEVENT+L7D889C081084B8000D8A046+M37+ENG" "Mozilla/5.0 (Macintosh; U; Intel Mac OS X; ja-jp) AppleWebKit/419.3 (KHTML, like Gecko) Safari/419.3"
121.108.211.105 - - [13/Aug/2007:01:54:39 -0400] "GET /images/index5_surgscis.jpg HTTP/1.1" 200 3404 "http://www.aceonlinestore.com/CGI-BIN/LANSAWEB?WEBEVENT+L7D889C081084B8000D8A046+M37+ENG" "Mozilla/5.0 (Macintosh; U; Intel Mac OS X; ja-jp) AppleWebKit/419.3 (KHTML, like Gecko) Safari/419.3"
121.108.211.105 - - [13/Aug/2007:01:54:39 -0400] "GET /images/index5_ssproducts.jpg HTTP/1.1" 200 3909 "http://www.aceonlinestore.com/CGI-BIN/LANSAWEB?WEBEVENT+L7D889C081084B8000D8A046+M37+ENG" "Mozilla/5.0 (Macintosh; U; Intel Mac OS X; ja-jp) AppleWebKit/419.3 (KHTML, like Gecko) Safari/419.3"
121.108.211.105 - - [13/Aug/2007:01:54:47 -0400] "POST /CGI-BIN/LANSAWEB?WEBEVENT+L7D889C061C34B8006FEA046+M37+ENG HTTP/1.1" 200 43036 "http://www.aceonlinestore.com/CGI-BIN/LANSAWEB?WEBEVENT+L7D889C081084B8000D8A046+M37+ENG" "Mozilla/5.0 (Macintosh; U; Intel Mac OS X; ja-jp) AppleWebKit/419.3 (KHTML, like Gecko) Safari/419.3"
121.108.211.105 - - [13/Aug/2007:01:54:50 -0400] "GET /favicon.ico HTTP/1.1" 404 209 "-" "Mozilla/5.0 (Macintosh; U; Intel Mac OS X; ja-jp) AppleWebKit/419.3 (KHTML, like Gecko) Safari/419.3"
121.108.211.105 - - [13/Aug/2007:01:54:50 -0400] "GET /images/space.gif HTTP/1.1" 200 43 "http://www.aceonlinestore.com/CGI-BIN/LANSAWEB?WEBEVENT+L7D889C061C34B8006FEA046+M37+ENG" "Mozilla/5.0 (Macintosh; U; Intel Mac OS X; ja-jp) AppleWebKit/419.3 (KHTML, like Gecko) Safari/419.3"
121.108.211.105 - - [13/Aug/2007:01:54:50 -0400] "GET /images/pf-a.gif HTTP/1.1" 200 798 "http://www.aceonlinestore.com/CGI-BIN/LANSAWEB?WEBEVENT+L7D889C061C34B8006FEA046+M37+ENG" "Mozilla/5.0 (Macintosh; U; Intel Mac OS X; ja-jp) AppleWebKit/419.3 (KHTML, like Gecko) Safari/419.3"
121.108.211.105 - - [13/Aug/2007:01:54:50 -0400] "GET /images/items/0501220_THUMB.JPG HTTP/1.1" 200 1923 "http://www.aceonlinestore.com/CGI-BIN/LANSAWEB?WEBEVENT+L7D889C061C34B8006FEA046+M37+ENG" "Mozilla/5.0 (Macintosh; U; Intel Mac OS X; ja-jp) AppleWebKit/419.3 (KHTML, like Gecko) Safari/419.3"
121.108.211.105 - - [13/Aug/2007:01:54:50 -0400] "GET /images/items/0602046_THUMB.JPG HTTP/1.1" 200 2626 "http://www.aceonlinestore.com/CGI-BIN/LANSAWEB?WEBEVENT+L7D889C061C34B8006FEA046+M37+ENG" "Mozilla/5.0 (Macintosh; U; Intel Mac OS X; ja-jp) AppleWebKit/419.3 (KHTML, like Gecko) Safari/419.3"
222.66.69.242 - - [13/Aug/2007:01:54:55 -0400] "GET /images/nav04_download_over.jpg HTTP/1.1" 200 1460 "http://www.aceonlinestore.com/CGI-BIN/LANSAWEB?WEBEVENT+L0D689B093AB4B000DC4A031+M37+ENG" "Mozilla/4.0 (compatible; MSIE 6.0; Windows NT 5.1; SV1)"
222.66.69.242 - - [13/Aug/2007:01:54:56 -0400] "GET /images/nav04_download_off.jpg HTTP/1.1" 304 - "http://www.aceonlinestore.com/CGI-BIN/LANSAWEB?WEBEVENT+L0D689B093AB4B000DC4A031+M37+ENG" "Mozilla/4.0 (compatible; MSIE 6.0; Windows NT 5.1; SV1)"
69.107.72.15 - - [13/Aug/2007:01:54:58 -0400] "GET /images/login_go-over.gif HTTP/1.1" 200 302 "http://www.aceonlinestore.com/CGI-BIN/LANSAWEB?WEBEVENT+L0D689B0032849002C04A022+M37+ENG" "Mozilla/4.0 (compatible; MSIE 6.0; Windows NT 5.1; SV1; YPC 3.2.0; .NET CLR 1.0.3705; .NET CLR 1.1.4322; Media Center PC 4.0; yplus 5.1.04b)"
222.66.69.242 - - [13/Aug/2007:01:54:59 -0400] "GET /favicon.ico HTTP/1.1" 404 209 "-" "Mozilla/4.0 (compatible; MSIE 6.0; Windows NT 5.1; SV1)"
222.66.69.242 - - [13/Aug/2007:01:54:59 -0400] "GET /images/nav04_about_off.jpg HTTP/1.1" 304 - "http://www.aceonlinestore.com/CGI-BIN/LANSAWEB?WEBEVENT+L0D689B093AB4B000DC4A031+M37+ENG" "Mozilla/4.0 (compatible; MSIE 6.0; Windows NT 5.1; SV1)"
222.66.69.242 - - [13/Aug/2007:01:54:59 -0400] "GET /images/ace_logo_top.jpg HTTP/1.1" 304 - "http://www.aceonlinestore.com/CGI-BIN/LANSAWEB?WEBEVENT+L0D689B093AB4B000DC4A031+M37+ENG" "Mozilla/4.0 (compatible; MSIE 6.0; Windows NT 5.1; SV1)"
121.108.211.105 - - [13/Aug/2007:01:55:07 -0400] "GET /images/pf-b.gif HTTP/1.1" 200 813 "http://www.aceonlinestore.com/CGI-BIN/LANSAWEB?WEBEVENT+L7D889C061C34B8006FEA046+M37+ENG" "Mozilla/5.0 (Macintosh; U; Intel Mac OS X; ja-jp) AppleWebKit/419.3 (KHTML, like Gecko) Safari/419.3"
69.107.72.15 - - [13/Aug/2007:01:55:08 -0400] "POST /CGI-BIN/LANSAWEB?WEBEVENT+L0D689C0539C440005DDA022+M37+ENG HTTP/1.1" 200 31669 "http://www.aceonlinestore.com/CGI-BIN/LANSAWEB?WEBEVENT+L0D689B0032849002C04A022+M37+ENG" "Mozilla/4.0 (compatible; MSIE 6.0; Windows NT 5.1; SV1; YPC 3.2.0; .NET CLR 1.0.3705; .NET CLR 1.1.4322; Media Center PC 4.0; yplus 5.1.04b)"
121.108.211.105 - - [13/Aug/2007:01:55:14 -0400] "GET /images/nav04_about_over.jpg HTTP/1.1" 200 1472 "http://www.aceonlinestore.com/CGI-BIN/LANSAWEB?WEBEVENT+L7D889C061C34B8006FEA046+M37+ENG" "Mozilla/5.0 (Macintosh; U; Intel Mac OS X; ja-jp) AppleWebKit/419.3 (KHTML, like Gecko) Safari/419.3"
121.108.211.105 - - [13/Aug/2007:01:55:15 -0400] "GET /favicon.ico HTTP/1.1" 404 209 "-" "Mozilla/5.0 (Macintosh; U; Intel Mac OS X; ja-jp) AppleWebKit/419.3 (KHTML, like Gecko) Safari/419.3"
69.107.72.15 - - [13/Aug/2007:01:55:23 -0400] "POST /CGI-BIN/LANSAWEB?WEBEVENT+L0D6