76.170.232.237 - - [22/Mar/2008:01:57:35 -0400] "GET /images/nav04_download_over.jpg HTTP/1.1" 200 1460 "http://www.aceonlinestore.com/CGI-BIN/LANSAWEB?WEBEVENT+L6E0FBA1A3F9519008C9B054+M37+ENG" "Mozilla/5.0 (Windows; U; Windows NT 5.1; ja; rv:1.8.1.12) Gecko/20080201 Firefox/2.0.0.12"
209.59.12.99 - - [22/Mar/2008:02:00:47 -0400] "GET / HTTP/1.0" 200 367 "-" "check_http/1.81 (nagios-plugins 1.4)"
76.170.232.237 - - [22/Mar/2008:02:04:23 -0400] "GET /images/nav04_download_over.jpg HTTP/1.1" 200 1460 "http://www.aceonlinestore.com/CGI-BIN/LANSAWEB?WEBEVENT+L6E0FBA1A3F9519008C9B054+M37+ENG" "Mozilla/5.0 (Windows; U; Windows NT 5.1; ja; rv:1.8.1.12) Gecko/20080201 Firefox/2.0.0.12"
76.170.232.237 - - [22/Mar/2008:02:04:24 -0400] "GET /CGI-BIN/LANSAWEB?WEBEVENT+L6E0FBA1A3F9519008C9B054+M37+ENG HTTP/1.1" 500 197 "-" "Mozilla/5.0 (Windows; U; Windows NT 5.1; ja; rv:1.8.1.12) Gecko/20080201 Firefox/2.0.0.12"
209.59.12.99 - - [22/Mar/2008:02:05:48 -0400] "GET / HTTP/1.0" 200 367 "-" "check_http/1.81 (nagios-plugins 1.4)"
209.59.12.99 - - [22/Mar/2008:02:10:48 -0400] "GET / HTTP/1.0" 200 367 "-" "check_http/1.81 (nagios-plugins 1.4)"
209.59.12.99 - - [22/Mar/2008:02:15:48 -0400] "GET / HTTP/1.0" 200 367 "-" "check_http/1.81 (nagios-plugins 1.4)"
209.59.12.99 - - [22/Mar/2008:02:20:48 -0400] "GET / HTTP/1.0" 200 367 "-" "check_http/1.81 (nagios-plugins 1.4)"
209.59.12.99 - - [22/Mar/2008:02:25:48 -0400] "GET / HTTP/1.0" 200 367 "-" "check_http/1.81 (nagios-plugins 1.4)"
209.59.12.99 - - [22/Mar/2008:02:30:54 -0400] "GET / HTTP/1.0" 200 367 "-" "check_http/1.81 (nagios-plugins 1.4)"
209.59.12.99 - - [22/Mar/2008:02:35:55 -0400] "GET / HTTP/1.0" 200 367 "-" "check_http/1.81 (nagios-plugins 1.4)"
66.249.72.203 - - [22/Mar/2008:02:36:22 -0400] "GET /CGI-BIN/LANSAWEB?WEBEVENT+L8E0B661999F477008DCB03K+M37+ENG HTTP/1.1" 500 197 "-" "Mozilla/5.0 (compatible; Googlebot/2.1; +http://www.google.com/bot.html)"
209.59.12.99 - - [22/Mar/2008:02:40:55 -0400] "GET / HTTP/1.0" 200 367 "-" "check_http/1.81 (nagios-plugins 1.4)"
209.59.12.99 - - [22/Mar/2008:02:54:41 -0400] "GET / HTTP/1.0" 200 367 "-" "check_http/1.81 (nagios-plugins 1.4)"
209.59.12.99 - - [22/Mar/2008:02:59:41 -0400] "GET / HTTP/1.0" 200 367 "-" "check_http/1.81 (nagios-plugins 1.4)"
209.59.12.99 - - [22/Mar/2008:03:04:41 -0400] "GET / HTTP/1.0" 200 367 "-" "check_http/1.81 (nagios-plugins 1.4)"
137.82.197.16 - - [22/Mar/2008:03:06:51 -0400] "GET /logs/error_log.Q108030900/modules/vwar/convert/mvcw_conver.php?step=1&vwar_root=http://bmcbeth.com/data/tmp/special.txt???? HTTP/1.1" 404 260 "-" "libwww-perl/5.65"
137.82.197.16 - - [22/Mar/2008:03:06:52 -0400] "GET /modules/vwar/convert/mvcw_conver.php?step=1&vwar_root=http://bmcbeth.com/data/tmp/special.txt???? HTTP/1.1" 404 234 "-" "libwww-perl/5.65"
137.82.197.16 - - [22/Mar/2008:03:06:52 -0400] "GET /logs/modules/vwar/convert/mvcw_conver.php?step=1&vwar_root=http://bmcbeth.com/data/tmp/special.txt???? HTTP/1.1" 404 239 "-" "libwww-perl/5.65"
137.82.197.16 - - [22/Mar/2008:03:08:33 -0400] "GET /logs/access_log.Q108021800/modules/vwar/convert/mvcw_conver.php?step=1&vwar_root=http://bmcbeth.com/data/tmp/special.txt???? HTTP/1.1" 404 261 "-" "libwww-perl/5.65"
137.82.197.16 - - [22/Mar/2008:03:08:34 -0400] "GET /modules/vwar/convert/mvcw_conver.php?step=1&vwar_root=http://bmcbeth.com/data/tmp/special.txt???? HTTP/1.1" 404 234 "-" "libwww-perl/5.65"
137.82.197.16 - - [22/Mar/2008:03:08:34 -0400] "GET /logs/modules/vwar/convert/mvcw_conver.php?step=1&vwar_root=http://bmcbeth.com/data/tmp/special.txt???? HTTP/1.1" 404 239 "-" "libwww-perl/5.65"
209.59.12.99 - - [22/Mar/2008:03:09:41 -0400] "GET / HTTP/1.0" 200 367 "-" "check_http/1.81 (nagios-plugins 1.4)"
137.82.197.16 - - [22/Mar/2008:03:09:49 -0400] "GET /modules/vwar/convert/mvcw_conver.php?step=1&vwar_root=http://bmcbeth.com/data/tmp/special.txt???? HTTP/1.1" 404 234 "-" "libwww-perl/5.65"
84.187.98.238 - - [22/Mar/2008:03:13:17 -0400] "GET /favicon.ico HTTP/1.1" 404 209 "-" "Mozilla/5.0 (Windows; U; Windows NT 5.1; en-US; rv:1.8.1.12) Gecko/20080201 Firefox/2.0.0.12"
84.187.98.238 - - [22/Mar/2008:03:10:53 -0400] "GET /logs/access_log.Q107072600 HTTP/1.1" 200 3516342 "http://www.google.de/search?client=firefox-a&rls=org.mozilla%3Aen-US%3Aofficial&channel=s&hl=de&q=%22GET+%2F+HTTP%2F1.0%22+500+-+%22-%22+%22check_http%2F1.81+%28nagios-plugins%29%22&meta=&btnG=Google-Suche" "Mozilla/5.0 (Windows; U; Windows NT 5.1; en-US; rv:1.8.1.12) Gecko/20080201 Firefox/2.0.0.12"
213.215.223.191 - - [22/Mar/2008:03:13:25 -0400] "GET /convert/mvcw.php?step=1&vwar_root=http://bmcbeth.com/data/tmp/special.txt???? HTTP/1.1" 404 214 "-" "libwww-perl/5.808"
213.215.223.191 - - [22/Mar/2008:03:13:39 -0400] "GET /logs/access_log.Q108021300/convert/mvcw.php?step=1&vwar_root=http://bmcbeth.com/data/tmp/special.txt???? HTTP/1.1" 404 241 "-" "libwww-perl/5.808"
213.215.223.191 - - [22/Mar/2008:03:13:40 -0400] "GET /convert/mvcw.php?step=1&vwar_root=http://bmcbeth.com/data/tmp/special.txt???? HTTP/1.1" 404 214 "-" "libwww-perl/5.808"
213.215.223.191 - - [22/Mar/2008:03:13:40 -0400] "GET /logs/convert/mvcw.php?step=1&vwar_root=http://bmcbeth.com/data/tmp/special.txt???? HTTP/1.1" 404 219 "-" "libwww-perl/5.808"
209.59.12.99 - - [22/Mar/2008:03:14:41 -0400] "GET / HTTP/1.0" 200 367 "-" "check_http/1.81 (nagios-plugins 1.4)"
209.59.12.99 - - [22/Mar/2008:03:19:41 -0400] "GET / HTTP/1.0" 200 367 "-" "check_http/1.81 (nagios-plugins 1.4)"
88.198.21.196 - - [22/Mar/2008:03:21:46 -0400] "GET /logs/convert/mvcw.php?vwar_root=http://bmcbeth.com/data/tmp/special.txt???? HTTP/1.1" 404 219 "-" "libwww-perl/5.805"
88.198.21.196 - - [22/Mar/2008:03:21:46 -0400] "GET /convert/mvcw.php?vwar_root=http://bmcbeth.com/data/tmp/special.txt???? HTTP/1.1" 404 214 "-" "libwww-perl/5.805"
209.59.12.99 - - [22/Mar/2008:03:24:41 -0400] "GET / HTTP/1.0" 200 367 "-" "check_http/1.81 (nagios-plugins 1.4)"
213.215.223.191 - - [22/Mar/2008:03:24:55 -0400] "GET /logs/convert/mvcw.php?step=1&vwar_root=http://bmcbeth.com/data/tmp/special.txt???? HTTP/1.1" 404 219 "-" "libwww-perl/5.808"
213.215.223.191 - - [22/Mar/2008:03:24:56 -0400] "GET /convert/mvcw.php?step=1&vwar_root=http://bmcbeth.com/data/tmp/special.txt???? HTTP/1.1" 404 214 "-" "libwww-perl/5.808"
137.82.197.16 - - [22/Mar/2008:03:27:08 -0400] "GET /logs/access_log.Q108022300/modules/vwar/convert/mvcw_conver.php?step=1&vwar_root=http://bmcbeth.com/data/tmp/special.txt???? HTTP/1.1" 404 261 "-" "libwww-perl/5.65"
209.59.12.99 - - [22/Mar/2008:03:29:42 -0400] "GET / HTTP/1.0" 200 367 "-" "check_http/1.81 (nagios-plugins 1.4)"
213.215.223.191 - - [22/Mar/2008:03:29:52 -0400] "GET /logs/error_log.Q108012200/convert/mvcw.php?step=1&vwar_root=http://bmcbeth.com/data/tmp/special.txt???? HTTP/1.1" 404 240 "-" "libwww-perl/5.808"
209.59.12.99 - - [22/Mar/2008:03:34:49 -0400] "GET / HTTP/1.0" 200 367 "-" "check_http/1.81 (nagios-plugins 1.4)"
209.59.12.99 - - [22/Mar/2008:03:39:51 -0400] "GET / HTTP/1.0" 200 367 "-" "check_http/1.81 (nagios-plugins 1.4)"
209.59.12.99 - - [22/Mar/2008:03:44:53 -0400] "GET / HTTP/1.0" 200 367 "-" "check_http/1.81 (nagios-plugins 1.4)"
209.59.12.99 - - [22/Mar/2008:03:49:53 -0400] "GET / HTTP/1.0" 200 367 "-" "check_http/1.81 (nagios-plugins 1.4)"
209.59.12.99 - - [22/Mar/2008:03:54:53 -0400] "GET / HTTP/1.0" 200 367 "-" "check_http/1.81 (nagios-plugins 1.4)"
209.59.12.99 - - [22/Mar/2008:03:59:54 -0400] "GET / HTTP/1.0" 200 367 "-" "check_http/1.81 (nagios-plugins 1.4)"
209.59.12.99 - - [22/Mar/2008:04:04:54 -0400] "GET / HTTP/1.0" 200 367 "-" "check_http/1.81 (nagios-plugins 1.4)"
209.59.12.99 - - [22/Mar/2008:04:09:55 -0400] "GET / HTTP/1.0" 200 367 "-" "check_http/1.81 (nagios-plugins 1.4)"
209.59.12.99 - - [22/Mar/2008:04:14:55 -0400] "GET / HTTP/1.0" 200 367 "-" "check_http/1.81 (nagios-plugins 1.4)"
209.59.12.99 - - [22/Mar/2008:04:19:55 -0400] "GET / HTTP/1.0" 200 367 "-" "check_http/1.81 (nagios-plugins 1.4)"
209.59.12.99 - - [22/Mar/2008:04:24:54 -0400] "GET / HTTP/1.0" 200 367 "-" "check_http/1.81 (nagios-plugins 1.4)"
74.6.30.234 - - [22/Mar/2008:04:25:55 -0400] "GET /robots.txt HTTP/1.0" 404 208 "-" "Mozilla/5.0 (compatible; Yahoo! Slurp; http://help.yahoo.com/help/us/ysearch/slurp)"
74.6.26.87 - - [22/Mar/2008:04:25:56 -0400] "GET / HTTP/1.0" 200 367 "-" "Mozilla/5.0 (compatible; Yahoo! Slurp; http://help.yahoo.com/help/us/ysearch/slurp)"
209.59.12.99 - - [22/Mar/2008:04:29:55 -0400] "GET / HTTP/1.0" 200 367 "-" "check_http/1.81 (nagios-plugins 1.4)"
66.212.23.249 - - [22/Mar/2008:04:34:10 -0400] "GET /logs/error_log.Q108030900/modules/vWar_Account/includes/functions_common.php?vwar_root2=http://www.motoxclub.org.au/forum/id.txt? HTTP/1.1" 404 274 "-" "libwww-perl/5.808"
66.212.23.249 - - [22/Mar/2008:04:34:10 -0400] "GET /modules/vWar_Account/includes/functions_common.php?vwar_root2=http://www.motoxclub.org.au/forum/id.txt? HTTP/1.1" 404 248 "-" "libwww-perl/5.808"
66.212.23.249 - - [22/Mar/2008:04:34:10 -0400] "GET /logs/modules/vWar_Account/includes/functions_common.php?vwar_root2=http://www.motoxclub.org.au/forum/id.txt? HTTP/1.1" 404 253 "-" "libwww-perl/5.808"
209.59.12.99 - - [22/Mar/2008:04:34:56 -0400] "GET / HTTP/1.0" 200 367 "-" "check_http/1.81 (nagios-plugins 1.4)"
209.59.12.99 - - [22/Mar/2008:04:39:55 -0400] "GET / HTTP/1.0" 200 367 "-" "check_http/1.81 (nagios-plugins 1.4)"
209.59.12.99 - - [22/Mar/2008:04:44:56 -0400] "GET / HTTP/1.0" 200 367 "-" "check_http/1.81 (nagios-plugins 1.4)"
209.59.12.99 - - [22/Mar/2008:04:49:57 -0400] "GET / HTTP/1.0" 200 367 "-" "check_http/1.81 (nagios-plugins 1.4)"
209.59.12.99 - - [22/Mar/2008:04:54:58 -0400] "GET / HTTP/1.0" 200 367 "-" "check_http/1.81 (nagios-plugins 1.4)"
209.59.12.99 - - [22/Mar/2008:04:59:58 -0400] "GET / HTTP/1.0" 200 367 "-" "check_http/1.81 (nagios-plugins 1.4)"
209.59.12.99 - - [22/Mar/2008:05:04:58 -0400] "GET / HTTP/1.0" 200 367 "-" "check_http/1.81 (nagios-plugins 1.4)"
209.59.12.99 - - [22/Mar/2008:05:09:58 -0400] "GET / HTTP/1.0" 200 367 "-" "check_http/1.81 (nagios-plugins 1.4)"
66.249.72.203 - - [22/Mar/2008:05:13:12 -0400] "GET /CGI-BIN/LANSAWEB?WEBEVENT+L8E0B661999D4370081CB03K+M37+ENG HTTP/1.1" 500 197 "-" "Mozilla/5.0 (compatible; Googlebot/2.1; +http://www.google.com/bot.html)"
92.48.64.140 - - [22/Mar/2008:05:14:33 -0400] "GET /modules/vwar/convert/mvcw_conver.php?step=1&vwar_root=http://www.nedaleko.ru/en/img/contr.txt? HTTP/1.1" 404 234 "-" "Mozilla/4.0 (compatible; MSIE 5.23; Mac_PowerPC)"
92.48.64.140 - - [22/Mar/2008:05:14:33 -0400] "GET /logs/modules/vwar/convert/mvcw_conver.php?step=1&vwar_root=http://www.nedaleko.ru/en/img/contr.txt? HTTP/1.1" 404 239 "-" "Avant Browser (http://www.avantbrowser.com)"
209.59.12.99 - - [22/Mar/2008:05:14:57 -0400] "GET / HTTP/1.0" 200 367 "-" "check_http/1.81 (nagios-plugins 1.4)"
74.6.29.51 - - [22/Mar/2008:05:15:28 -0400] "GET /logs/access_log.Q107082200 HTTP/1.0" 200 3794346 "-" "Mozilla/5.0 (compatible; Yahoo! Slurp; http://help.yahoo.com/help/us/ysearch/slurp)"
209.59.12.99 - - [22/Mar/2008:05:19:58 -0400] "GET / HTTP/1.0" 200 367 "-" "check_http/1.81 (nagios-plugins 1.4)"
74.6.22.50 - - [22/Mar/2008:05:23:01 -0400] "GET /logs/access_log.Q107101900 HTTP/1.0" 200 2684214 "-" "Mozilla/5.0 (compatible; Yahoo! Slurp; http://help.yahoo.com/help/us/ysearch/slurp)"
209.59.12.99 - - [22/Mar/2008:05:24:59 -0400] "GET / HTTP/1.0" 200 367 "-" "check_http/1.81 (nagios-plugins 1.4)"
209.59.12.99 - - [22/Mar/2008:05:29:59 -0400] "GET / HTTP/1.0" 200 367 "-" "check_http/1.81 (nagios-plugins 1.4)"
74.6.26.152 - - [22/Mar/2008:05:30:57 -0400] "GET /logs/access_log.Q107121200 HTTP/1.0" 200 3608235 "-" "Mozilla/5.0 (compatible; Yahoo! Slurp; http://help.yahoo.com/help/us/ysearch/slurp)"
209.59.12.99 - - [22/Mar/2008:05:34:59 -0400] "GET / HTTP/1.0" 200 367 "-" "check_http/1.81 (nagios-plugins 1.4)"
209.59.12.99 - - [22/Mar/2008:05:39:58 -0400] "GET / HTTP/1.0" 200 367 "-" "check_http/1.81 (nagios-plugins 1.4)"
209.59.12.99 - - [22/Mar/2008:05:44:59 -0400] "GET / HTTP/1.0" 200 367 "-" "check_http/1.81 (nagios-plugins 1.4)"
69.42.64.229 - - [22/Mar/2008:05:48:55 -0400] "GET /logs/access_log.Q108022300//index.php?option=com_log&Itemid=&mosConfig_absolute_path=http://12.30.229.109/images/.../di?? HTTP/1.1" 404 235 "-" "libwww-perl/5.803"
69.42.64.229 - - [22/Mar/2008:05:48:55 -0400] "GET //index.php?option=com_log&Itemid=&mosConfig_absolute_path=http://12.30.229.109/images/.../di?? HTTP/1.1" 404 208 "-" "libwww-perl/5.803"
69.42.64.229 - - [22/Mar/2008:05:48:55 -0400] "GET /logs//index.php?option=com_log&Itemid=&mosConfig_absolute_path=http://12.30.229.109/images/.../di?? HTTP/1.1" 404 213 "-" "libwww-perl/5.803"
209.59.12.99 - - [22/Mar/2008:05:49:59 -0400] "GET / HTTP/1.0" 200 367 "-" "check_http/1.81 (nagios-plugins 1.4)"
209.59.12.99 - - [22/Mar/2008:05:54:59 -0400] "GET / HTTP/1.0" 200 367 "-" "check_http/1.81 (nagios-plugins 1.4)"
209.59.12.99 - - [22/Mar/2008:06:00:00 -0400] "GET / HTTP/1.0" 200 367 "-" "check_http/1.81 (nagios-plugins 1.4)"
209.59.12.99 - - [22/Mar/2008:06:05:00 -0400] "GET / HTTP/1.0" 200 367 "-" "check_http/1.81 (nagios-plugins 1.4)"
209.59.12.99 - - [22/Mar/2008:06:10:00 -0400] "GET / HTTP/1.0" 200 367 "-" "check_http/1.81 (nagios-plugins 1.4)"
64.151.245.1 - - [22/Mar/2008:06:12:53 -0400] "GET /logs/error_log.Q108012200/convert/mvcw.php?step=1&vwar_root=http://12.30.229.109/images/.../di?? HTTP/1.1" 404 240 "-" "libwww-perl/5.805"
64.151.245.1 - - [22/Mar/2008:06:12:54 -0400] "GET /convert/mvcw.php?step=1&vwar_root=http://12.30.229.109/images/.../di?? HTTP/1.1" 404 214 "-" "libwww-perl/5.805"
64.151.245.1 - - [22/Mar/2008:06:12:54 -0400] "GET /logs/convert/mvcw.php?step=1&vwar_root=http://12.30.229.109/images/.../di?? HTTP/1.1" 404 219 "-" "libwww-perl/5.805"
64.151.245.1 - - [22/Mar/2008:06:13:24 -0400] "GET /logs/access_log.Q108021300/convert/mvcw.php?step=1&vwar_root=http://12.30.229.109/images/.../di?? HTTP/1.1" 404 241 "-" "libwww-perl/5.805"
80.86.194.23 - - [22/Mar/2008:06:13:31 -0400] "GET /logs/access_log.Q108021300/convert/mvcw.php?step=1&vwar_root=http://12.30.229.109/images/.../di?? HTTP/1.1" 404 241 "-" "libwww-perl/5.805"
80.86.194.23 - - [22/Mar/2008:06:13:32 -0400] "GET /logs/access_log.Q108021300/convert/mvcw.php?step=1&vwar_root=http://12.30.229.109/images/.../di?? HTTP/1.1" 404 241 "-" "libwww-perl/5.805"
80.86.194.23 - - [22/Mar/2008:06:13:32 -0400] "GET /convert/mvcw.php?step=1&vwar_root=http://12.30.229.109/images/.../di?? HTTP/1.1" 404 214 "-" "libwww-perl/5.805"
80.86.194.23 - - [22/Mar/2008:06:13:32 -0400] "GET /convert/mvcw.php?step=1&vwar_root=http://12.30.229.109/images/.../di?? HTTP/1.1" 404 214 "-" "libwww-perl/5.805"
80.86.194.23 - - [22/Mar/2008:06:13:32 -0400] "GET /logs/convert/mvcw.php?step=1&vwar_root=http://12.30.229.109/images/.../di?? HTTP/1.1" 404 219 "-" "libwww-perl/5.805"
80.86.194.23 - - [22/Mar/2008:06:13:33 -0400] "GET /logs/convert/mvcw.php?step=1&vwar_root=http://12.30.229.109/images/.../di?? HTTP/1.1" 404 219 "-" "libwww-perl/5.805"
64.151.245.1 - - [22/Mar/2008:06:13:56 -0400] "GET /logs/convert/mvcw.php?step=1&vwar_root=http://12.30.229.109/images/.../di?? HTTP/1.1" 404 219 "-" "libwww-perl/5.805"
64.151.245.1 - - [22/Mar/2008:06:13:57 -0400] "GET /convert/mvcw.php?step=1&vwar_root=http://12.30.229.109/images/.../di?? HTTP/1.1" 404 214 "-" "libwww-perl/5.805"
209.59.12.99 - - [22/Mar/2008:06:15:02 -0400] "GET / HTTP/1.0" 200 367 "-" "check_http/1.81 (nagios-plugins 1.4)"
209.59.12.99 - - [22/Mar/2008:06:20:28 -0400] "GET / HTTP/1.0" 200 367 "-" "check_http/1.81 (nagios-plugins 1.4)"
83.170.72.75 - - [22/Mar/2008:06:24:42 -0400] "GET //calendar//tools/errors.php?error=http://autogg.it/images/test.txt?? HTTP/1.1" 404 225 "-" "Mozilla/4.0 (compatible; MSIE 7.0b; Win32)"
83.170.72.75 - - [22/Mar/2008:06:24:43 -0400] "GET /logs//calendar//tools/errors.php?error=http://autogg.it/images/test.txt?? HTTP/1.1" 404 230 "-" "Mozilla/4.0 (compatible; MSIE 7.0b; Win32)"
209.59.12.99 - - [22/Mar/2008:06:25:29 -0400] "GET / HTTP/1.0" 200 367 "-" "check_http/1.81 (nagios-plugins 1.4)"
209.59.12.99 - - [22/Mar/2008:06:30:27 -0400] "GET / HTTP/1.0" 200 367 "-" "check_http/1.81 (nagios-plugins 1.4)"
209.59.12.99 - - [22/Mar/2008:06:35:28 -0400] "GET / HTTP/1.0" 200 367 "-" "check_http/1.81 (nagios-plugins 1.4)"
80.86.194.23 - - [22/Mar/2008:06:39:40 -0400] "GET /logs/error_log.Q108012200/convert/mvcw.php?step=1&vwar_root=http://12.30.229.109/images/.../di?? HTTP/1.1" 404 240 "-" "libwww-perl/5.805"
80.86.194.23 - - [22/Mar/2008:06:39:41 -0400] "GET /logs/error_log.Q108012200/convert/mvcw.php?step=1&vwar_root=http://12.30.229.109/images/.../di?? HTTP/1.1" 404 240 "-" "libwww-perl/5.805"
209.59.12.99 - - [22/Mar/2008:06:40:28 -0400] "GET / HTTP/1.0" 200 367 "-" "check_http/1.81 (nagios-plugins 1.4)"
209.59.12.99 - - [22/Mar/2008:06:45:27 -0400] "GET / HTTP/1.0" 200 367 "-" "check_http/1.81 (nagios-plugins 1.4)"
74.6.21.54 - - [22/Mar/2008:06:48:08 -0400] "GET /CGI-BIN/LANSAWEB?WEBEVENT+L0902C7298FF0D9AA9943E8O+M37+ENG HTTP/1.0" 500 197 "-" "Mozilla/5.0 (compatible; Yahoo! Slurp; http://help.yahoo.com/help/us/ysearch/slurp)"
209.59.12.99 - - [22/Mar/2008:06:50:28 -0400] "GET / HTTP/1.0" 200 367 "-" "check_http/1.81 (nagios-plugins 1.4)"
209.59.12.99 - - [22/Mar/2008:06:55:31 -0400] "GET / HTTP/1.0" 200 367 "-" "check_http/1.81 (nagios-plugins 1.4)"
70.85.192.194 - - [22/Mar/2008:06:58:12 -0400] "GET //calendar//tools/errors.php?error=http://www.moppy.be/test.txt??? HTTP/1.1" 404 225 "-" "Mozilla/4.0 (compatible; MSIE 6.0; America Online Browser 1.1; rev1.5; Windows NT 5.1;)"
70.85.192.194 - - [22/Mar/2008:06:58:12 -0400] "GET /logs//calendar//tools/errors.php?error=http://www.moppy.be/test.txt??? HTTP/1.1" 404 230 "-" "Mozilla/4.0 (compatible; MSIE 6.0; America Online Browser 1.1; rev1.5; Windows NT 5.1;)"
209.59.12.99 - - [22/Mar/2008:07:00:32 -0400] "GET / HTTP/1.0" 200 367 "-" "check_http/1.81 (nagios-plugins 1.4)"
74.6.26.171 - - [22/Mar/2008:07:03:41 -0400] "GET /logs/error_log.Q107111100 HTTP/1.0" 200 110324 "-" "Mozilla/5.0 (compatible; Yahoo! Slurp; http://help.yahoo.com/help/us/ysearch/slurp)"
209.59.12.99 - - [22/Mar/2008:07:05:33 -0400] "GET / HTTP/1.0" 200 367 "-" "check_http/1.81 (nagios-plugins 1.4)"
209.59.12.99 - - [22/Mar/2008:07:10:33 -0400] "GET / HTTP/1.0" 200 367 "-" "check_http/1.81 (nagios-plugins 1.4)"
216.143.186.32 - - [22/Mar/2008:07:13:21 -0400] "GET /logs/access_log.Q108022300///modules/Forums/admin/errors.php?error=http://www.cypcaribbean.org/cyp/phpBB/images/smiles/id2.txt?? HTTP/1.1" 404 258 "-" "libwww-perl/5.803"
216.143.186.32 - - [22/Mar/2008:07:13:21 -0400] "GET ///modules/Forums/admin/errors.php?error=http://www.cypcaribbean.org/cyp/phpBB/images/smiles/id2.txt?? HTTP/1.1" 404 231 "-" "libwww-perl/5.803"
216.143.186.32 - - [22/Mar/2008:07:13:21 -0400] "GET /logs///modules/Forums/admin/errors.php?error=http://www.cypcaribbean.org/cyp/phpBB/images/smiles/id2.txt?? HTTP/1.1" 404 236 "-" "libwww-perl/5.803"
209.59.12.99 - - [22/Mar/2008:07:15:33 -0400] "GET / HTTP/1.0" 200 367 "-" "check_http/1.81 (nagios-plugins 1.4)"
194.60.207.225 - - [22/Mar/2008:07:18:05 -0400] "GET /logs/access_log.Q107112600/index.php?mosConfig_absolute_path=http://www.bes.org.tr/imgcls/cmd2.txt????? HTTP/1.1" 404 234 "-" "libwww-perl/5.808"
194.60.207.225 - - [22/Mar/2008:07:18:06 -0400] "GET /index.php?mosConfig_absolute_path=http://www.bes.org.tr/imgcls/cmd2.txt????? HTTP/1.1" 404 207 "-" "libwww-perl/5.808"
194.60.207.225 - - [22/Mar/2008:07:18:06 -0400] "GET /logs/index.php?mosConfig_absolute_path=http://www.bes.org.tr/imgcls/cmd2.txt????? HTTP/1.1" 404 212 "-" "libwww-perl/5.808"
209.59.12.99 - - [22/Mar/2008:07:20:34 -0400] "GET / HTTP/1.0" 200 367 "-" "check_http/1.81 (nagios-plugins 1.4)"
209.59.12.99 - - [22/Mar/2008:07:25:34 -0400] "GET / HTTP/1.0" 200 367 "-" "check_http/1.81 (nagios-plugins 1.4)"
193.136.6.38 - - [22/Mar/2008:07:30:31 -0400] "GET /mambotscontent/amazonpartner.php?mosConfig_absolute_path=http://www.avsvpt.org/phpBB2/templates/fisubsilversh/admin/test.txt? HTTP/1.1" 404 230 "-" "Mozilla/4.0 (compatible; MSIE 6.0; Windows NT 5.1; SV1)"
193.136.6.38 - - [22/Mar/2008:07:30:31 -0400] "GET /logs/mambotscontent/amazonpartner.php?mosConfig_absolute_path=http://www.avsvpt.org/phpBB2/templates/fisubsilversh/admin/test.txt? HTTP/1.1" 404 235 "-" "Mozilla/4.0 (compatible; MSIE 6.0; Windows NT 5.1; SV1)"
193.136.6.38 - - [22/Mar/2008:07:32:27 -0400] "GET /wp-content/plugins/myflash/myflash-button.php?wpPATH=http://www.avsvpt.org/phpBB2/templates/fisubsilversh/admin/test.txt? HTTP/1.1" 404 243 "-" "Mozilla/4.0 (compatible; MSIE 6.0; Windows NT 5.1; SV1)"
193.136.6.38 - - [22/Mar/2008:07:32:28 -0400] "GET /logs/wp-content/plugins/myflash/myflash-button.php?wpPATH=http://www.avsvpt.org/phpBB2/templates/fisubsilversh/admin/test.txt? HTTP/1.1" 404 248 "-" "Mozilla/4.0 (compatible; MSIE 6.0; Windows NT 5.1; SV1)"
81.169.157.58 - - [22/Mar/2008:07:36:34 -0400] "GET /logs/modules/vwar/convert/mvcw_conver.php?step=1&vwar_root=http://autogg.it/images/test.txt?? HTTP/1.1" 404 239 "-" "MOT-MPx220/1.400 Mozilla/4.0 (compatible; MSIE 4.01; Windows CE; Smartphone;"
81.169.157.58 - - [22/Mar/2008:07:36:34 -0400] "GET /modules/vwar/convert/mvcw_conver.php?step=1&vwar_root=http://autogg.it/images/test.txt?? HTTP/1.1" 404 234 "-" "MOT-MPx220/1.400 Mozilla/4.0 (compatible; MSIE 4.01; Windows CE; Smartphone;"
209.59.12.99 - - [22/Mar/2008:07:48:10 -0400] "GET / HTTP/1.0" 200 367 "-" "check_http/1.81 (nagios-plugins 1.4)"
66.249.72.203 - - [22/Mar/2008:07:50:19 -0400] "GET /robots.txt HTTP/1.1" 404 208 "-" "Mozilla/5.0 (compatible; Googlebot/2.1; +http://www.google.com/bot.html)"
66.249.72.203 - - [22/Mar/2008:07:50:19 -0400] "GET /logs/access_log.Q107121000 HTTP/1.1" 304 - "-" "Mozilla/5.0 (compatible; Googlebot/2.1; +http://www.google.com/bot.html)"
89.108.67.111 - - [22/Mar/2008:07:50:46 -0400] "GET /logs/access_log.Q107112600/index.php?mosConfig_absolute_path=http://stmikx.freehoxt.com/Sekip/id.txt?? HTTP/1.1" 404 234 "-" "libwww-perl/5.805"
89.108.67.111 - - [22/Mar/2008:07:50:46 -0400] "GET /index.php?mosConfig_absolute_path=http://stmikx.freehoxt.com/Sekip/id.txt?? HTTP/1.1" 404 207 "-" "libwww-perl/5.805"
89.108.67.111 - - [22/Mar/2008:07:50:47 -0400] "GET /logs/index.php?mosConfig_absolute_path=http://stmikx.freehoxt.com/Sekip/id.txt?? HTTP/1.1" 404 212 "-" "libwww-perl/5.805"
216.143.186.32 - - [22/Mar/2008:07:52:06 -0400] "GET /logs/access_log.Q108022300//calendar//tools/errors.php?error=http://www.cypcaribbean.org/cyp/phpBB/images/smiles/id2.txt?? HTTP/1.1" 404 252 "-" "libwww-perl/5.803"
216.143.186.32 - - [22/Mar/2008:07:52:06 -0400] "GET //calendar//tools/errors.php?error=http://www.cypcaribbean.org/cyp/phpBB/images/smiles/id2.txt?? HTTP/1.1" 404 225 "-" "libwww-perl/5.803"
216.143.186.32 - - [22/Mar/2008:07:52:07 -0400] "GET /logs//calendar//tools/errors.php?error=http://www.cypcaribbean.org/cyp/phpBB/images/smiles/id2.txt?? HTTP/1.1" 404 230 "-" "libwww-perl/5.803"
209.59.12.99 - - [22/Mar/2008:07:53:10 -0400] "GET / HTTP/1.0" 200 367 "-" "check_http/1.81 (nagios-plugins 1.4)"
218.103.198.194 - - [22/Mar/2008:07:55:26 -0400] "GET /cgi-bin/lansaweb?procfun+wordpr01+webfunc+M37 HTTP/1.1" 200 38009 "http://www.acesurgical.com/about.html" "Mozilla/4.0 (compatible; MSIE 7.0; Windows NT 5.1; Avant Browser; .NET CLR 2.0.50727; InfoPath.2)"
218.103.198.194 - - [22/Mar/2008:07:55:28 -0400] "GET /images/ace_logo_top.jpg HTTP/1.1" 200 2702 "http://www.aceonlinestore.com/cgi-bin/lansaweb?procfun+wordpr01+webfunc+M37" "Mozilla/4.0 (compatible; MSIE 7.0; Windows NT 5.1; Avant Browser; .NET CLR 2.0.50727; InfoPath.2)"
218.103.198.194 - - [22/Mar/2008:07:55:28 -0400] "GET /images/nav04_shop_over.jpg HTTP/1.1" 200 1722 "http://www.aceonlinestore.com/cgi-bin/lansaweb?procfun+wordpr01+webfunc+M37" "Mozilla/4.0 (compatible; MSIE 7.0; Windows NT 5.1; Avant Browser; .NET CLR 2.0.50727; InfoPath.2)"
218.103.198.194 - - [22/Mar/2008:07:55:28 -0400] "GET /images/nav_upper_bgrd.jpg HTTP/1.1" 200 2954 "http://www.aceonlinestore.com/cgi-bin/lansaweb?procfun+wordpr01+webfunc+M37" "Mozilla/4.0 (compatible; MSIE 7.0; Windows NT 5.1; Avant Browser; .NET CLR 2.0.50727; InfoPath.2)"
218.103.198.194 - - [22/Mar/2008:07:55:28 -0400] "GET /images/nav04_about_off.jpg HTTP/1.1" 200 1255 "http://www.aceonlinestore.com/cgi-bin/lansaweb?procfun+wordpr01+webfunc+M37" "Mozilla/4.0 (compatible; MSIE 7.0; Windows NT 5.1; Avant Browser; .NET CLR 2.0.50727; InfoPath.2)"
218.103.198.194 - - [22/Mar/2008:07:55:28 -0400] "GET /images/nav04_conven_off.jpg HTTP/1.1" 200 1341 "http://www.aceonlinestore.com/cgi-bin/lansaweb?procfun+wordpr01+webfunc+M37" "Mozilla/4.0 (compatible; MSIE 7.0; Windows NT 5.1; Avant Browser; .NET CLR 2.0.50727; InfoPath.2)"
218.103.198.194 - - [22/Mar/2008:07:55:28 -0400] "GET /images/nav04_download_off.jpg HTTP/1.1" 200 1206 "http://www.aceonlinestore.com/cgi-bin/lansaweb?procfun+wordpr01+webfunc+M37" "Mozilla/4.0 (compatible; MSIE 7.0; Windows NT 5.1; Avant Browser; .NET CLR 2.0.50727; InfoPath.2)"
218.103.198.194 - - [22/Mar/2008:07:55:28 -0400] "GET /images/nav04_contact_off.jpg HTTP/1.1" 200 965 "http://www.aceonlinestore.com/cgi-bin/lansaweb?procfun+wordpr01+webfunc+M37" "Mozilla/4.0 (compatible; MSIE 7.0; Windows NT 5.1; Avant Browser; .NET CLR 2.0.50727; InfoPath.2)"
218.103.198.194 - - [22/Mar/2008:07:55:28 -0400] "GET /images/ace_logo_bottom.jpg HTTP/1.1" 200 2447 "http://www.aceonlinestore.com/cgi-bin/lansaweb?procfun+wordpr01+webfunc+M37" "Mozilla/4.0 (compatible; MSIE 7.0; Windows NT 5.1; Avant Browser; .NET CLR 2.0.50727; InfoPath.2)"
218.103.198.194 - - [22/Mar/2008:07:55:28 -0400] "GET /images/nav_store_head.jpg HTTP/1.1" 200 1953 "http://www.aceonlinestore.com/cgi-bin/lansaweb?procfun+wordpr01+webfunc+M37" "Mozilla/4.0 (compatible; MSIE 7.0; Windows NT 5.1; Avant Browser; .NET CLR 2.0.50727; InfoPath.2)"
218.103.198.194 - - [22/Mar/2008:07:55:28 -0400] "GET /images/nav_lower_bgrd.jpg HTTP/1.1" 200 2321 "http://www.aceonlinestore.com/cgi-bin/lansaweb?procfun+wordpr01+webfunc+M37" "Mozilla/4.0 (compatible; MSIE 7.0; Windows NT 5.1; Avant Browser; .NET CLR 2.0.50727; InfoPath.2)"
218.103.198.194 - - [22/Mar/2008:07:55:28 -0400] "GET /images/spacer.gif HTTP/1.1" 200 55 "http://www.aceonlinestore.com/cgi-bin/lansaweb?procfun+wordpr01+webfunc+M37" "Mozilla/4.0 (compatible; MSIE 7.0; Windows NT 5.1; Avant Browser; .NET CLR 2.0.50727; InfoPath.2)"
218.103.198.194 - - [22/Mar/2008:07:55:28 -0400] "GET /images/login.gif HTTP/1.1" 200 166 "http://www.aceonlinestore.com/cgi-bin/lansaweb?procfun+wordpr01+webfunc+M37" "Mozilla/4.0 (compatible; MSIE 7.0; Windows NT 5.1; Avant Browser; .NET CLR 2.0.50727; InfoPath.2)"
218.103.198.194 - - [22/Mar/2008:07:55:28 -0400] "GET /images/login_go.gif HTTP/1.1" 200 296 "http://www.aceonlinestore.com/cgi-bin/lansaweb?procfun+wordpr01+webfunc+M37" "Mozilla/4.0 (compatible; MSIE 7.0; Windows NT 5.1; Avant Browser; .NET CLR 2.0.50727; InfoPath.2)"
218.103.198.194 - - [22/Mar/2008:07:55:28 -0400] "GET /images/search.gif HTTP/1.1" 200 614 "http://www.aceonlinestore.com/cgi-bin/lansaweb?procfun+wordpr01+webfunc+M37" "Mozilla/4.0 (compatible; MSIE 7.0; Windows NT 5.1; Avant Browser; .NET CLR 2.0.50727; InfoPath.2)"
218.103.198.194 - - [22/Mar/2008:07:55:28 -0400] "GET /images/sale_promo-icon.gif HTTP/1.1" 200 402 "http://www.aceonlinestore.com/cgi-bin/lansaweb?procfun+wordpr01+webfunc+M37" "Mozilla/4.0 (compatible; MSIE 7.0; Windows NT 5.1; Avant Browser; .NET CLR 2.0.50727; InfoPath.2)"
218.103.198.194 - - [22/Mar/2008:07:55:28 -0400] "GET /images/psearch_go.gif HTTP/1.1" 200 296 "http://www.aceonlinestore.com/cgi-bin/lansaweb?procfun+wordpr01+webfunc+M37" "Mozilla/4.0 (compatible; MSIE 7.0; Windows NT 5.1; Avant Browser; .NET CLR 2.0.50727; InfoPath.2)"
218.103.198.194 - - [22/Mar/2008:07:55:28 -0400] "GET /favicon.ico HTTP/1.1" 404 209 "-" "Avant Browser"
218.103.198.194 - - [22/Mar/2008:07:55:29 -0400] "GET /images/store_anesth_section.jpg HTTP/1.1" 200 10123 "http://www.aceonlinestore.com/cgi-bin/lansaweb?procfun+wordpr01+webfunc+M37" "Mozilla/4.0 (compatible; MSIE 7.0; Windows NT 5.1; Avant Browser; .NET CLR 2.0.50727; InfoPath.2)"
218.103.198.194 - - [22/Mar/2008:07:55:29 -0400] "GET /images/store_bone_section2.jpg HTTP/1.1" 200 21458 "http://www.aceonlinestore.com/cgi-bin/lansaweb?procfun+wordpr01+webfunc+M37" "Mozilla/4.0 (compatible; MSIE 7.0; Windows NT 5.1; Avant Browser; .NET CLR 2.0.50727; InfoPath.2)"
218.103.198.194 - - [22/Mar/2008:07:55:29 -0400] "GET /images/store_cardiac_section.jpg HTTP/1.1" 200 25730 "http://www.aceonlinestore.com/cgi-bin/lansaweb?procfun+wordpr01+webfunc+M37" "Mozilla/4.0 (compatible; MSIE 7.0; Windows NT 5.1; Avant Browser; .NET CLR 2.0.50727; InfoPath.2)"
218.103.198.194 - - [22/Mar/2008:07:55:29 -0400] "GET /images/store_implant_section.jpg HTTP/1.1" 200 8001 "http://www.aceonlinestore.com/cgi-bin/lansaweb?procfun+wordpr01+webfunc+M37" "Mozilla/4.0 (compatible; MSIE 7.0; Windows NT 5.1; Avant Browser; .NET CLR 2.0.50727; InfoPath.2)"
218.103.198.194 - - [22/Mar/2008:07:55:29 -0400] "GET /images/store_gauze_section.jpg HTTP/1.1" 200 24119 "http://www.aceonlinestore.com/cgi-bin/lansaweb?procfun+wordpr01+webfunc+M37" "Mozilla/4.0 (compatible; MSIE 7.0; Windows NT 5.1; Avant Browser; .NET CLR 2.0.50727; InfoPath.2)"
218.103.198.194 - - [22/Mar/2008:07:55:29 -0400] "GET /images/store_handpc_section.jpg HTTP/1.1" 200 23958 "http://www.aceonlinestore.com/cgi-bin/lansaweb?procfun+wordpr01+webfunc+M37" "Mozilla/4.0 (compatible; MSIE 7.0; Windows NT 5.1; Avant Browser; .NET CLR 2.0.50727; InfoPath.2)"
218.103.198.194 - - [22/Mar/2008:07:55:29 -0400] "GET /images/store_infection_section.jpg HTTP/1.1" 200 25264 "http://www.aceonlinestore.com/cgi-bin/lansaweb?procfun+wordpr01+webfunc+M37" "Mozilla/4.0 (compatible; MSIE 7.0; Windows NT 5.1; Avant Browser; .NET CLR 2.0.50727; InfoPath.2)"
218.103.198.194 - - [22/Mar/2008:07:55:30 -0400] "GET /images/store_instr_section.jpg HTTP/1.1" 200 26432 "http://www.aceonlinestore.com/cgi-bin/lansaweb?procfun+wordpr01+webfunc+M37" "Mozilla/4.0 (compatible; MSIE 7.0; Windows NT 5.1; Avant Browser; .NET CLR 2.0.50727; InfoPath.2)"
218.103.198.194 - - [22/Mar/2008:07:55:30 -0400] "GET /images/store_irrigate_section.gif HTTP/1.1" 200 10336 "http://www.aceonlinestore.com/cgi-bin/lansaweb?procfun+wordpr01+webfunc+M37" "Mozilla/4.0 (compatible; MSIE 7.0; Windows NT 5.1; Avant Browser; .NET CLR 2.0.50727; InfoPath.2)"
218.103.198.194 - - [22/Mar/2008:07:55:30 -0400] "GET /images/store_iv_admin_section.jpg HTTP/1.1" 200 9115 "http://www.aceonlinestore.com/cgi-bin/lansaweb?procfun+wordpr01+webfunc+M37" "Mozilla/4.0 (compatible; MSIE 7.0; Windows NT 5.1; Avant Browser; .NET CLR 2.0.50727; InfoPath.2)"
218.103.198.194 - - [22/Mar/2008:07:55:30 -0400] "GET /images/store_assess_section.jpg HTTP/1.1" 200 10059 "http://www.aceonlinestore.com/cgi-bin/lansaweb?procfun+wordpr01+webfunc+M37" "Mozilla/4.0 (compatible; MSIE 7.0; Windows NT 5.1; Avant Browser; .NET CLR 2.0.50727; InfoPath.2)"
218.103.198.194 - - [22/Mar/2008:07:55:30 -0400] "GET /images/store_pharma_section.jpg HTTP/1.1" 200 7953 "http://www.aceonlinestore.com/cgi-bin/lansaweb?procfun+wordpr01+webfunc+M37" "Mozilla/4.0 (compatible; MSIE 7.0; Windows NT 5.1; Avant Browser; .NET CLR 2.0.50727; InfoPath.2)"
218.103.198.194 - - [22/Mar/2008:07:55:31 -0400] "GET /images/store_sterile_section.jpg HTTP/1.1" 200 9274 "http://www.aceonlinestore.com/cgi-bin/lansaweb?procfun+wordpr01+webfunc+M37" "Mozilla/4.0 (compatible; MSIE 7.0; Windows NT 5.1; Avant Browser; .NET CLR 2.0.50727; InfoPath.2)"
218.103.198.194 - - [22/Mar/2008:07:55:31 -0400] "GET /images/store_blades_section.jpg HTTP/1.1" 200 24174 "http://www.aceonlinestore.com/cgi-bin/lansaweb?procfun+wordpr01+webfunc+M37" "Mozilla/4.0 (compatible; MSIE 7.0; Windows NT 5.1; Avant Browser; .NET CLR 2.0.50727; InfoPath.2)"
218.103.198.194 - - [22/Mar/2008:07:55:31 -0400] "GET /images/store_saws_section.jpg HTTP/1.1" 200 10028 "http://www.aceonlinestore.com/cgi-bin/lansaweb?procfun+wordpr01+webfunc+M37" "Mozilla/4.0 (compatible; MSIE 7.0; Windows NT 5.1; Avant Browser; .NET CLR 2.0.50727; InfoPath.2)"
218.103.198.194 - - [22/Mar/2008:07:55:31 -0400] "GET /images/nav_store_index_off.jpg HTTP/1.1" 200 922 "http://www.aceonlinestore.com/cgi-bin/lansaweb?procfun+wordpr01+webfunc+M37" "Mozilla/4.0 (compatible; MSIE 7.0; Windows NT 5.1; Avant Browser; .NET CLR 2.0.50727; InfoPath.2)"
218.103.198.194 - - [22/Mar/2008:07:55:31 -0400] "GET /images/store_sutures_section.jpg HTTP/1.1" 200 28375 "http://www.aceonlinestore.com/cgi-bin/lansaweb?procfun+wordpr01+webfunc+M37" "Mozilla/4.0 (compatible; MSIE 7.0; Windows NT 5.1; Avant Browser; .NET CLR 2.0.50727; InfoPath.2)"
218.103.198.194 - - [22/Mar/2008:07:55:31 -0400] "GET /images/store_syringe_section.jpg HTTP/1.1" 200 9321 "http://www.aceonlinestore.com/cgi-bin/lansaweb?procfun+wordpr01+webfunc+M37" "Mozilla/4.0 (compatible; MSIE 7.0; Windows NT 5.1; Avant Browser; .NET CLR 2.0.50727; InfoPath.2)"
218.103.198.194 - - [22/Mar/2008:07:55:31 -0400] "GET /images/store_xray_section.jpg HTTP/1.1" 200 8861 "http://www.aceonlinestore.com/cgi-bin/lansaweb?procfun+wordpr01+webfunc+M37" "Mozilla/4.0 (compatible; MSIE 7.0; Windows NT 5.1; Avant Browser; .NET CLR 2.0.50727; InfoPath.2)"
218.103.198.194 - - [22/Mar/2008:07:55:31 -0400] "GET /images/store_burs_section.jpg HTTP/1.1" 200 10892 "http://www.aceonlinestore.com/cgi-bin/lansaweb?procfun+wordpr01+webfunc+M37" "Mozilla/4.0 (compatible; MSIE 7.0; Windows NT 5.1; Avant Browser; .NET CLR 2.0.50727; InfoPath.2)"
218.103.198.194 - - [22/Mar/2008:07:55:32 -0400] "GET /images/store_burs_section.jpg HTTP/1.1" 200 10892 "http://www.aceonlinestore.com/cgi-bin/lansaweb?procfun+wordpr01+webfunc+M37" "Mozilla/4.0 (compatible; MSIE 7.0; Windows NT 5.1; Avant Browser; .NET CLR 2.0.50727; InfoPath.2)"
218.103.198.194 - - [22/Mar/2008:07:55:32 -0400] "GET /images/over-store_xray_section.jpg HTTP/1.1" 200 7946 "http://www.aceonlinestore.com/cgi-bin/lansaweb?procfun+wordpr01+webfunc+M37" "Mozilla/4.0 (compatible; MSIE 7.0; Windows NT 5.1; Avant Browser; .NET CLR 2.0.50727; InfoPath.2)"
218.103.198.194 - - [22/Mar/2008:07:55:37 -0400] "GET /images/over-store_bone_section2.jpg HTTP/1.1" 200 7626 "http://www.aceonlinestore.com/cgi-bin/lansaweb?procfun+wordpr01+webfunc+M37" "Mozilla/4.0 (compatible; MSIE 7.0; Windows NT 5.1; Avant Browser; .NET CLR 2.0.50727; InfoPath.2)"
218.103.198.194 - - [22/Mar/2008:07:55:37 -0400] "GET /images/over-store_anesth_section.jpg HTTP/1.1" 200 9173 "http://www.aceonlinestore.com/cgi-bin/lansaweb?procfun+wordpr01+webfunc+M37" "Mozilla/4.0 (compatible; MSIE 7.0; Windows NT 5.1; Avant Browser; .NET CLR 2.0.50727; InfoPath.2)"
218.103.198.194 - - [22/Mar/2008:07:55:38 -0400] "GET /images/over-store_pharma_section.jpg HTTP/1.1" 200 7409 "http://www.aceonlinestore.com/cgi-bin/lansaweb?procfun+wordpr01+webfunc+M37" "Mozilla/4.0 (compatible; MSIE 7.0; Windows NT 5.1; Avant Browser; .NET CLR 2.0.50727; InfoPath.2)"
218.103.198.194 - - [22/Mar/2008:07:55:40 -0400] "GET /images/over-store_bone_section2.jpg HTTP/1.1" 200 7626 "http://www.aceonlinestore.com/cgi-bin/lansaweb?procfun+wordpr01+webfunc+M37" "Mozilla/4.0 (compatible; MSIE 7.0; Windows NT 5.1; Avant Browser; .NET CLR 2.0.50727; InfoPath.2)"
218.103.198.194 - - [22/Mar/2008:07:55:40 -0400] "POST /CGI-BIN/LANSAWEB?WEBEVENT+L6E000B1D3FF50900165C059+M37+ENG HTTP/1.1" 200 40755 "http://www.aceonlinestore.com/cgi-bin/lansaweb?procfun+wordpr01+webfunc+M37" "Mozilla/4.0 (compatible; MSIE 7.0; Windows NT 5.1; Avant Browser; .NET CLR 2.0.50727; InfoPath.2)"
218.103.198.194 - - [22/Mar/2008:07:55:42 -0400] "GET /images/nav04_shop_off.jpg HTTP/1.1" 200 1390 "http://www.aceonlinestore.com/CGI-BIN/LANSAWEB?WEBEVENT+L6E000B1D3FF50900165C059+M37+ENG" "Mozilla/4.0 (compatible; MSIE 7.0; Windows NT 5.1; Avant Browser; .NET CLR 2.0.50727; InfoPath.2)"
218.103.198.194 - - [22/Mar/2008:07:55:42 -0400] "GET /images/index_trufix.jpg HTTP/1.1" 200 4691 "http://www.aceonlinestore.com/CGI-BIN/LANSAWEB?WEBEVENT+L6E000B1D3FF50900165C059+M37+ENG" "Mozilla/4.0 (compatible; MSIE 7.0; Windows NT 5.1; Avant Browser; .NET CLR 2.0.50727; InfoPath.2)"
218.103.198.194 - - [22/Mar/2008:07:55:42 -0400] "GET /images/index_allooss.jpg HTTP/1.1" 200 15388 "http://www.aceonlinestore.com/CGI-BIN/LANSAWEB?WEBEVENT+L6E000B1D3FF50900165C059+M37+ENG" "Mozilla/4.0 (compatible; MSIE 7.0; Windows NT 5.1; Avant Browser; .NET CLR 2.0.50727; InfoPath.2)"
218.103.198.194 - - [22/Mar/2008:07:55:42 -0400] "GET /images/index_autografter.jpg HTTP/1.1" 200 3481 "http://www.aceonlinestore.com/CGI-BIN/LANSAWEB?WEBEVENT+L6E000B1D3FF50900165C059+M37+ENG" "Mozilla/4.0 (compatible; MSIE 7.0; Windows NT 5.1; Avant Browser; .NET CLR 2.0.50727; InfoPath.2)"
218.103.198.194 - - [22/Mar/2008:07:55:42 -0400] "GET /images/index_bonemills.jpg HTTP/1.1" 200 3935 "http://www.aceonlinestore.com/CGI-BIN/LANSAWEB?WEBEVENT+L6E000B1D3FF50900165C059+M37+ENG" "Mozilla/4.0 (compatible; MSIE 7.0; Windows NT 5.1; Avant Browser; .NET CLR 2.0.50727; InfoPath.2)"
218.103.198.194 - - [22/Mar/2008:07:55:42 -0400] "GET /images/index_calciumsulfate.jpg HTTP/1.1" 200 18566 "http://www.aceonlinestore.com/CGI-BIN/LANSAWEB?WEBEVENT+L6E000B1D3FF50900165C059+M37+ENG" "Mozilla/4.0 (compatible; MSIE 7.0; Windows NT 5.1; Avant Browser; .NET CLR 2.0.50727; InfoPath.2)"
218.103.198.194 - - [22/Mar/2008:07:55:42 -0400] "GET /images/index_bone.jpg HTTP/1.1" 200 2499 "http://www.aceonlinestore.com/CGI-BIN/LANSAWEB?WEBEVENT+L6E000B1D3FF50900165C059+M37+ENG" "Mozilla/4.0 (compatible; MSIE 7.0; Windows NT 5.1; Avant Browser; .NET CLR 2.0.50727; InfoPath.2)"
218.103.198.194 - - [22/Mar/2008:07:55:42 -0400] "GET /images/index_tacking.jpg HTTP/1.1" 200 3917 "http://www.aceonlinestore.com/CGI-BIN/LANSAWEB?WEBEVENT+L6E000B1D3FF50900165C059+M37+ENG" "Mozilla/4.0 (compatible; MSIE 7.0; Windows NT 5.1; Avant Browser; .NET CLR 2.0.50727; InfoPath.2)"
218.103.198.194 - - [22/Mar/2008:07:55:42 -0400] "GET /images/index_rcm.jpg HTTP/1.1" 200 2754 "http://www.aceonlinestore.com/CGI-BIN/LANSAWEB?WEBEVENT+L6E000B1D3FF50900165C059+M37+ENG" "Mozilla/4.0 (compatible; MSIE 7.0; Windows NT 5.1; Avant Browser; .NET CLR 2.0.50727; InfoPath.2)"
218.103.198.194 - - [22/Mar/2008:07:55:42 -0400] "GET /images/index_nuoss.jpg HTTP/1.1" 200 16069 "http://www.aceonlinestore.com/CGI-BIN/LANSAWEB?WEBEVENT+L6E000B1D3FF50900165C059+M37+ENG" "Mozilla/4.0 (compatible; MSIE 7.0; Windows NT 5.1; Avant Browser; .NET CLR 2.0.50727; InfoPath.2)"
218.103.198.194 - - [22/Mar/2008:07:55:43 -0400] "GET /images/index_orthoscrew.jpg HTTP/1.1" 200 13536 "http://www.aceonlinestore.com/CGI-BIN/LANSAWEB?WEBEVENT+L6E000B1D3FF50900165C059+M37+ENG" "Mozilla/4.0 (compatible; MSIE 7.0; Windows NT 5.1; Avant Browser; .NET CLR 2.0.50727; InfoPath.2)"
218.103.198.194 - - [22/Mar/2008:07:55:43 -0400] "GET /images/index_prp.jpg HTTP/1.1" 200 4176 "http://www.aceonlinestore.com/CGI-BIN/LANSAWEB?WEBEVENT+L6E000B1D3FF50900165C059+M37+ENG" "Mozilla/4.0 (compatible; MSIE 7.0; Windows NT 5.1; Avant Browser; .NET CLR 2.0.50727; InfoPath.2)"
218.103.198.194 - - [22/Mar/2008:07:55:43 -0400] "GET /images/index_ridgeexp.jpg HTTP/1.1" 200 4281 "http://www.aceonlinestore.com/CGI-BIN/LANSAWEB?WEBEVENT+L6E000B1D3FF50900165C059+M37+ENG" "Mozilla/4.0 (compatible; MSIE 7.0; Windows NT 5.1; Avant Browser; .NET CLR 2.0.50727; InfoPath.2)"
218.103.198.194 - - [22/Mar/2008:07:55:43 -0400] "GET /images/index_liftkit.jpg HTTP/1.1" 200 5160 "http://www.aceonlinestore.com/CGI-BIN/LANSAWEB?WEBEVENT+L6E000B1D3FF50900165C059+M37+ENG" "Mozilla/4.0 (compatible; MSIE 7.0; Windows NT 5.1; Avant Browser; .NET CLR 2.0.50727; InfoPath.2)"
218.103.198.194 - - [22/Mar/2008:07:55:43 -0400] "GET /images/index_sinus.jpg HTTP/1.1" 200 4773 "http://www.aceonlinestore.com/CGI-BIN/LANSAWEB?WEBEVENT+L6E000B1D3FF50900165C059+M37+ENG" "Mozilla/4.0 (compatible; MSIE 7.0; Windows NT 5.1; Avant Browser; .NET CLR 2.0.50727; InfoPath.2)"
218.103.198.194 - - [22/Mar/2008:07:55:44 -0400] "GET /images/over-index_rcm.jpg HTTP/1.1" 200 1953 "http://www.aceonlinestore.com/CGI-BIN/LANSAWEB?WEBEVENT+L6E000B1D3FF50900165C059+M37+ENG" "Mozilla/4.0 (compatible; MSIE 7.0; Windows NT 5.1; Avant Browser; .NET CLR 2.0.50727; InfoPath.2)"
218.103.198.194 - - [22/Mar/2008:07:55:49 -0400] "GET /images/over-index_nuoss.jpg HTTP/1.1" 200 14195 "http://www.aceonlinestore.com/CGI-BIN/LANSAWEB?WEBEVENT+L6E000B1D3FF50900165C059+M37+ENG" "Mozilla/4.0 (compatible; MSIE 7.0; Windows NT 5.1; Avant Browser; .NET CLR 2.0.50727; InfoPath.2)"
218.103.198.194 - - [22/Mar/2008:07:55:51 -0400] "GET /images/over-index_bone.jpg HTTP/1.1" 200 1741 "http://www.aceonlinestore.com/CGI-BIN/LANSAWEB?WEBEVENT+L6E000B1D3FF50900165C059+M37+ENG" "Mozilla/4.0 (compatible; MSIE 7.0; Windows NT 5.1; Avant Browser; .NET CLR 2.0.50727; InfoPath.2)"
218.103.198.194 - - [22/Mar/2008:07:55:53 -0400] "GET /images/over-index_tacking.jpg HTTP/1.1" 200 2656 "http://www.aceonlinestore.com/CGI-BIN/LANSAWEB?WEBEVENT+L6E000B1D3FF50900165C059+M37+ENG" "Mozilla/4.0 (compatible; MSIE 7.0; Windows NT 5.1; Avant Browser; .NET CLR 2.0.50727; InfoPath.2)"
218.103.198.194 - - [22/Mar/2008:07:55:55 -0400] "POST /CGI-BIN/LANSAWEB?WEBEVENT+L6E000B1A34750900264C059+M37+ENG HTTP/1.1" 200 59701 "http://www.aceonlinestore.com/CGI-BIN/LANSAWEB?WEBEVENT+L6E000B1D3FF50900165C059+M37+ENG" "Mozilla/4.0 (compatible; MSIE 7.0; Windows NT 5.1; Avant Browser; .NET CLR 2.0.50727; InfoPath.2)"
218.103.198.194 - - [22/Mar/2008:07:55:57 -0400] "GET /images/pf-a.gif HTTP/1.1" 200 798 "http://www.aceonlinestore.com/CGI-BIN/LANSAWEB?WEBEVENT+L6E000B1A34750900264C059+M37+ENG" "Mozilla/4.0 (compatible; MSIE 7.0; Windows NT 5.1; Avant Browser; .NET CLR 2.0.50727; InfoPath.2)"
218.103.198.194 - - [22/Mar/2008:07:55:57 -0400] "GET /images/items/5096000_THUMB.JPG HTTP/1.1" 200 2069 "http://www.aceonlinestore.com/CGI-BIN/LANSAWEB?WEBEVENT+L6E000B1A34750900264C059+M37+ENG" "Mozilla/4.0 (compatible; MSIE 7.0; Windows NT 5.1; Avant Browser; .NET CLR 2.0.50727; InfoPath.2)"
218.103.198.194 - - [22/Mar/2008:07:55:57 -0400] "GET /images/items/CONFORM_THUMB.JPG HTTP/1.1" 200 1623 "http://www.aceonlinestore.com/CGI-BIN/LANSAWEB?WEBEVENT+L6E000B1A34750900264C059+M37+ENG" "Mozilla/4.0 (compatible; MSIE 7.0; Windows NT 5.1; Avant Browser; .NET CLR 2.0.50727; InfoPath.2)"
218.103.198.194 - - [22/Mar/2008:07:55:57 -0400] "GET /images/items/3232000_THUMB.JPG HTTP/1.1" 200 1058 "http://www.aceonlinestore.com/CGI-BIN/LANSAWEB?WEBEVENT+L6E000B1A34750900264C059+M37+ENG" "Mozilla/4.0 (compatible; MSIE 7.0; Windows NT 5.1; Avant Browser; .NET CLR 2.0.50727; InfoPath.2)"
218.103.198.194 - - [22/Mar/2008:07:55:58 -0400] "GET /images/space.gif HTTP/1.1" 200 43 "http://www.aceonlinestore.com/CGI-BIN/LANSAWEB?WEBEVENT+L6E000B1A34750900264C059+M37+ENG" "Mozilla/4.0 (compatible; MSIE 7.0; Windows NT 5.1; Avant Browser; .NET CLR 2.0.50727; InfoPath.2)"
218.103.198.194 - - [22/Mar/2008:07:55:58 -0400] "GET /images/next.gif HTTP/1.1" 200 249 "http://www.aceonlinestore.com/CGI-BIN/LANSAWEB?WEBEVENT+L6E000B1A34750900264C059+M37+ENG" "Mozilla/4.0 (compatible; MSIE 7.0; Windows NT 5.1; Avant Browser; .NET CLR 2.0.50727; InfoPath.2)"
218.103.198.194 - - [22/Mar/2008:07:56:31 -0400] "GET /CGI-BIN/LANSAWEB?PROCFUN+WORDPR01+FULLIMG+M37+FUNCPARMS+WEBCMP(S0020):1+WEBSSN(A0240):L6E000B1D35F5C900134C059+WSEQ(S0060):1+OUITEM(A0200):5091520 HTTP/1.1" 200 21802 "-" "Mozilla/4.0 (compatible; MSIE 7.0; Windows NT 5.1; Avant Browser; .NET CLR 2.0.50727; InfoPath.2)"
218.103.198.194 - - [22/Mar/2008:07:56:31 -0400] "GET /favicon.ico HTTP/1.1" 404 209 "-" "Avant Browser"
218.103.198.194 - - [22/Mar/2008:07:56:32 -0400] "GET /images/items/CONFORM_FULL.JPG HTTP/1.1" 200 6929 "http://www.aceonlinestore.com/CGI-BIN/LANSAWEB?PROCFUN+WORDPR01+FULLIMG+M37+FUNCPARMS+WEBCMP(S0020):1+WEBSSN(A0240):L6E000B1D35F5C900134C059+WSEQ(S0060):1+OUITEM(A0200):5091520" "Mozilla/4.0 (compatible; MSIE 7.0; Windows NT 5.1; Avant Browser; .NET CLR 2.0.50727; InfoPath.2)"
218.103.198.194 - - [22/Mar/2008:07:56:49 -0400] "POST /CGI-BIN/LANSAWEB?WEBEVENT+L6E000B183B9549003D8C059+M37+ENG HTTP/1.1" 200 54645 "http://www.aceonlinestore.com/CGI-BIN/LANSAWEB?WEBEVENT+L6E000B1A34750900264C059+M37+ENG" "Mozilla/4.0 (compatible; MSIE 7.0; Windows NT 5.1; Avant Browser; .NET CLR 2.0.50727; InfoPath.2)"
218.103.198.194 - - [22/Mar/2008:07:56:51 -0400] "GET /images/ace_logo_top.jpg HTTP/1.1" 304 - "http://www.aceonlinestore.com/CGI-BIN/LANSAWEB?WEBEVENT+L6E000B183B9549003D8C059+M37+ENG" "Mozilla/4.0 (compatible; MSIE 7.0; Windows NT 5.1; Avant Browser; .NET CLR 2.0.50727; InfoPath.2)"
218.103.198.194 - - [22/Mar/2008:07:56:51 -0400] "GET /images/nav04_about_off.jpg HTTP/1.1" 304 - "http://www.aceonlinestore.com/CGI-BIN/LANSAWEB?WEBEVENT+L6E000B183B9549003D8C059+M37+ENG" "Mozilla/4.0 (compatible; MSIE 7.0; Windows NT 5.1; Avant Browser; .NET CLR 2.0.50727; InfoPath.2)"
218.103.198.194 - - [22/Mar/2008:07:56:51 -0400] "GET /images/nav04_shop_off.jpg HTTP/1.1" 304 - "http://www.aceonlinestore.com/CGI-BIN/LANSAWEB?WEBEVENT+L6E000B183B9549003D8C059+M37+ENG" "Mozilla/4.0 (compatible; MSIE 7.0; Windows NT 5.1; Avant Browser; .NET CLR 2.0.50727; InfoPath.2)"
218.103.198.194 - - [22/Mar/2008:07:56:51 -0400] "GET /images/nav04_download_off.jpg HTTP/1.1" 304 - "http://www.aceonlinestore.com/CGI-BIN/LANSAWEB?WEBEVENT+L6E000B183B9549003D8C059+M37+ENG" "Mozilla/4.0 (compatible; MSIE 7.0; Windows NT 5.1; Avant Browser; .NET CLR 2.0.50727; InfoPath.2)"
218.103.198.194 - - [22/Mar/2008:07:56:51 -0400] "GET /images/nav04_contact_off.jpg HTTP/1.1" 304 - "http://www.aceonlinestore.com/CGI-BIN/LANSAWEB?WEBEVENT+L6E000B183B9549003D8C059+M37+ENG" "Mozilla/4.0 (compatible; MSIE 7.0; Windows NT 5.1; Avant Browser; .NET CLR 2.0.50727; InfoPath.2)"
218.103.198.194 - - [22/Mar/2008:07:56:51 -0400] "GET /images/nav_upper_bgrd.jpg HTTP/1.1" 304 - "http://www.aceonlinestore.com/CGI-BIN/LANSAWEB?WEBEVENT+L6E000B183B9549003D8C059+M37+ENG" "Mozilla/4.0 (compatible; MSIE 7.0; Windows NT 5.1; Avant Browser; .NET CLR 2.0.50727; InfoPath.2)"
218.103.198.194 - - [22/Mar/2008:07:56:51 -0400] "GET /images/nav04_conven_off.jpg HTTP/1.1" 304 - "http://www.aceonlinestore.com/CGI-BIN/LANSAWEB?WEBEVENT+L6E000B183B9549003D8C059+M37+ENG" "Mozilla/4.0 (compatible; MSIE 7.0; Windows NT 5.1; Avant Browser; .NET CLR 2.0.50727; InfoPath.2)"
218.103.198.194 - - [22/Mar/2008:07:56:51 -0400] "GET /images/ace_logo_bottom.jpg HTTP/1.1" 304 - "http://www.aceonlinestore.com/CGI-BIN/LANSAWEB?WEBEVENT+L6E000B183B9549003D8C059+M37+ENG" "Mozilla/4.0 (compatible; MSIE 7.0; Windows NT 5.1; Avant Browser; .NET CLR 2.0.50727; InfoPath.2)"
218.103.198.194 - - [22/Mar/2008:07:56:51 -0400] "GET /images/nav_store_head.jpg HTTP/1.1" 304 - "http://www.aceonlinestore.com/CGI-BIN/LANSAWEB?WEBEVENT+L6E000B183B9549003D8C059+M37+ENG" "Mozilla/4.0 (compatible; MSIE 7.0; Windows NT 5.1; Avant Browser; .NET CLR 2.0.50727; InfoPath.2)"
218.103.198.194 - - [22/Mar/2008:07:56:52 -0400] "GET /images/nav_store_index_off.jpg HTTP/1.1" 304 - "http://www.aceonlinestore.com/CGI-BIN/LANSAWEB?WEBEVENT+L6E000B183B9549003D8C059+M37+ENG" "Mozilla/4.0 (compatible; MSIE 7.0; Windows NT 5.1; Avant Browser; .NET CLR 2.0.50727; InfoPath.2)"
218.103.198.194 - - [22/Mar/2008:07:56:52 -0400] "GET /images/spacer.gif HTTP/1.1" 304 - "http://www.aceonlinestore.com/CGI-BIN/LANSAWEB?WEBEVENT+L6E000B183B9549003D8C059+M37+ENG" "Mozilla/4.0 (compatible; MSIE 7.0; Windows NT 5.1; Avant Browser; .NET CLR 2.0.50727; InfoPath.2)"
218.103.198.194 - - [22/Mar/2008:07:56:52 -0400] "GET /images/login.gif HTTP/1.1" 304 - "http://www.aceonlinestore.com/CGI-BIN/LANSAWEB?WEBEVENT+L6E000B183B9549003D8C059+M37+ENG" "Mozilla/4.0 (compatible; MSIE 7.0; Windows NT 5.1; Avant Browser; .NET CLR 2.0.50727; InfoPath.2)"
218.103.198.194 - - [22/Mar/2008:07:56:52 -0400] "GET /images/login_go.gif HTTP/1.1" 304 - "http://www.aceonlinestore.com/CGI-BIN/LANSAWEB?WEBEVENT+L6E000B183B9549003D8C059+M37+ENG" "Mozilla/4.0 (compatible; MSIE 7.0; Windows NT 5.1; Avant Browser; .NET CLR 2.0.50727; InfoPath.2)"
218.103.198.194 - - [22/Mar/2008:07:56:52 -0400] "GET /images/nav_lower_bgrd.jpg HTTP/1.1" 304 - "http://www.aceonlinestore.com/CGI-BIN/LANSAWEB?WEBEVENT+L6E000B183B9549003D8C059+M37+ENG" "Mozilla/4.0 (compatible; MSIE 7.0; Windows NT 5.1; Avant Browser; .NET CLR 2.0.50727; InfoPath.2)"
218.103.198.194 - - [22/Mar/2008:07:56:52 -0400] "GET /images/search.gif HTTP/1.1" 304 - "http://www.aceonlinestore.com/CGI-BIN/LANSAWEB?WEBEVENT+L6E000B183B9549003D8C059+M37+ENG" "Mozilla/4.0 (compatible; MSIE 7.0; Windows NT 5.1; Avant Browser; .NET CLR 2.0.50727; InfoPath.2)"
218.103.198.194 - - [22/Mar/2008:07:56:52 -0400] "GET /images/psearch_go.gif HTTP/1.1" 304 - "http://www.aceonlinestore.com/CGI-BIN/LANSAWEB?WEBEVENT+L6E000B183B9549003D8C059+M37+ENG" "Mozilla/4.0 (compatible; MSIE 7.0; Windows NT 5.1; Avant Browser; .NET CLR 2.0.50727; InfoPath.2)"
218.103.198.194 - - [22/Mar/2008:07:56:52 -0400] "GET /images/sale_promo-icon.gif HTTP/1.1" 304 - "http://www.aceonlinestore.com/CGI-BIN/LANSAWEB?WEBEVENT+L6E000B183B9549003D8C059+M37+ENG" "Mozilla/4.0 (compatible; MSIE 7.0; Windows NT 5.1; Avant Browser; .NET CLR 2.0.50727; InfoPath.2)"
218.103.198.194 - - [22/Mar/2008:07:56:52 -0400] "GET /images/pf-a.gif HTTP/1.1" 304 - "http://www.aceonlinestore.com/CGI-BIN/LANSAWEB?WEBEVENT+L6E000B183B9549003D8C059+M37+ENG" "Mozilla/4.0 (compatible; MSIE 7.0; Windows NT 5.1; Avant Browser; .NET CLR 2.0.50727; InfoPath.2)"
218.103.198.194 - - [22/Mar/2008:07:56:52 -0400] "GET /images/items/3231000_THUMB.JPG HTTP/1.1" 200 3373 "http://www.aceonlinestore.com/CGI-BIN/LANSAWEB?WEBEVENT+L6E000B183B9549003D8C059+M37+ENG" "Mozilla/4.0 (compatible; MSIE 7.0; Windows NT 5.1; Avant Browser; .NET CLR 2.0.50727; InfoPath.2)"
