76.102.59.203 - - [10/Jun/2008:00:58:57 -0400] "GET /images/head_btn-conventions-over.gif HTTP/1.1" 200 1195 "http://www.aceonlinestore.com/cgi-bin/lansaweb?procfun+wordpr01+webfunc+M37+funcparms+WEBKEY(A0100):QSEARCH+IRADIO(A0010):D+QSRKEY(A0300):surgical sucction hose" "Mozilla/4.0 (compatible; MSIE 7.0; Windows NT 5.1; .NET CLR 1.1.4322)"
76.102.59.203 - - [10/Jun/2008:00:58:58 -0400] "GET /images/head_btn-products.gif HTTP/1.1" 304 - "http://www.aceonlinestore.com/cgi-bin/lansaweb?procfun+wordpr01+webfunc+M37+funcparms+WEBKEY(A0100):QSEARCH+IRADIO(A0010):D+QSRKEY(A0300):surgical sucction hose" "Mozilla/4.0 (compatible; MSIE 7.0; Windows NT 5.1; .NET CLR 1.1.4322)"
76.102.59.203 - - [10/Jun/2008:00:58:58 -0400] "GET /images/login_go.gif HTTP/1.1" 304 - "-" "Mozilla/4.0 (compatible; MSIE 7.0; Windows NT 5.1; .NET CLR 1.1.4322)"
76.102.59.203 - - [10/Jun/2008:00:58:58 -0400] "GET /images/psearch_go.gif HTTP/1.1" 304 - "-" "Mozilla/4.0 (compatible; MSIE 7.0; Windows NT 5.1; .NET CLR 1.1.4322)"
76.102.59.203 - - [10/Jun/2008:00:58:59 -0400] "GET /images/psearch_go-over.gif HTTP/1.1" 304 - "-" "Mozilla/4.0 (compatible; MSIE 7.0; Windows NT 5.1; .NET CLR 1.1.4322)"
76.102.59.203 - - [10/Jun/2008:00:59:00 -0400] "GET /images/login_go-over.gif HTTP/1.1" 304 - "-" "Mozilla/4.0 (compatible; MSIE 7.0; Windows NT 5.1; .NET CLR 1.1.4322)"
76.102.59.203 - - [10/Jun/2008:00:59:01 -0400] "GET /cgi-bin/lansaweb?procfun+wordpr01+webfunc+M37 HTTP/1.1" 200 75525 "-" "Mozilla/4.0 (compatible; MSIE 7.0; Windows NT 5.1; .NET CLR 1.1.4322)"
76.102.59.203 - - [10/Jun/2008:00:59:02 -0400] "GET /images/head_aceLogo.gif HTTP/1.1" 304 - "http://www.aceonlinestore.com/cgi-bin/lansaweb?procfun+wordpr01+webfunc+M37" "Mozilla/4.0 (compatible; MSIE 7.0; Windows NT 5.1; .NET CLR 1.1.4322)"
76.102.59.203 - - [10/Jun/2008:00:59:02 -0400] "GET /images/head_btn-shop.gif HTTP/1.1" 304 - "http://www.aceonlinestore.com/cgi-bin/lansaweb?procfun+wordpr01+webfunc+M37" "Mozilla/4.0 (compatible; MSIE 7.0; Windows NT 5.1; .NET CLR 1.1.4322)"
76.102.59.203 - - [10/Jun/2008:00:59:02 -0400] "GET /images/head_btn-catalogs.gif HTTP/1.1" 304 - "http://www.aceonlinestore.com/cgi-bin/lansaweb?procfun+wordpr01+webfunc+M37" "Mozilla/4.0 (compatible; MSIE 7.0; Windows NT 5.1; .NET CLR 1.1.4322)"
76.102.59.203 - - [10/Jun/2008:00:59:03 -0400] "GET /images/head_btn-brochures.gif HTTP/1.1" 304 - "http://www.aceonlinestore.com/cgi-bin/lansaweb?procfun+wordpr01+webfunc+M37" "Mozilla/4.0 (compatible; MSIE 7.0; Windows NT 5.1; .NET CLR 1.1.4322)"
76.102.59.203 - - [10/Jun/2008:00:59:03 -0400] "GET /images/head_btn-space1.gif HTTP/1.1" 304 - "http://www.aceonlinestore.com/cgi-bin/lansaweb?procfun+wordpr01+webfunc+M37" "Mozilla/4.0 (compatible; MSIE 7.0; Windows NT 5.1; .NET CLR 1.1.4322)"
76.102.59.203 - - [10/Jun/2008:00:59:03 -0400] "GET /images/head_surgical-supply.gif HTTP/1.1" 304 - "http://www.aceonlinestore.com/cgi-bin/lansaweb?procfun+wordpr01+webfunc+M37" "Mozilla/4.0 (compatible; MSIE 7.0; Windows NT 5.1; .NET CLR 1.1.4322)"
76.102.59.203 - - [10/Jun/2008:00:59:03 -0400] "GET /images/head_btn-aboutUs.gif HTTP/1.1" 304 - "http://www.aceonlinestore.com/cgi-bin/lansaweb?procfun+wordpr01+webfunc+M37" "Mozilla/4.0 (compatible; MSIE 7.0; Windows NT 5.1; .NET CLR 1.1.4322)"
76.102.59.203 - - [10/Jun/2008:00:59:04 -0400] "GET /images/head_btn-tutorials.gif HTTP/1.1" 304 - "http://www.aceonlinestore.com/cgi-bin/lansaweb?procfun+wordpr01+webfunc+M37" "Mozilla/4.0 (compatible; MSIE 7.0; Windows NT 5.1; .NET CLR 1.1.4322)"
76.102.59.203 - - [10/Jun/2008:00:59:04 -0400] "GET /images/head_btn-seminars.gif HTTP/1.1" 304 - "http://www.aceonlinestore.com/cgi-bin/lansaweb?procfun+wordpr01+webfunc+M37" "Mozilla/4.0 (compatible; MSIE 7.0; Windows NT 5.1; .NET CLR 1.1.4322)"
76.102.59.203 - - [10/Jun/2008:00:59:04 -0400] "GET /images/head_btn-conventions.gif HTTP/1.1" 304 - "http://www.aceonlinestore.com/cgi-bin/lansaweb?procfun+wordpr01+webfunc+M37" "Mozilla/4.0 (compatible; MSIE 7.0; Windows NT 5.1; .NET CLR 1.1.4322)"
76.102.59.203 - - [10/Jun/2008:00:59:04 -0400] "GET /images/head_btn-contactUs.gif HTTP/1.1" 304 - "http://www.aceonlinestore.com/cgi-bin/lansaweb?procfun+wordpr01+webfunc+M37" "Mozilla/4.0 (compatible; MSIE 7.0; Windows NT 5.1; .NET CLR 1.1.4322)"
76.102.59.203 - - [10/Jun/2008:00:59:04 -0400] "GET /images/head_btn-spacer2.gif HTTP/1.1" 304 - "http://www.aceonlinestore.com/cgi-bin/lansaweb?procfun+wordpr01+webfunc+M37" "Mozilla/4.0 (compatible; MSIE 7.0; Windows NT 5.1; .NET CLR 1.1.4322)"
76.102.59.203 - - [10/Jun/2008:00:59:05 -0400] "GET /images/blend.jpg HTTP/1.1" 304 - "http://www.aceonlinestore.com/cgi-bin/lansaweb?procfun+wordpr01+webfunc+M37" "Mozilla/4.0 (compatible; MSIE 7.0; Windows NT 5.1; .NET CLR 1.1.4322)"
76.102.59.203 - - [10/Jun/2008:00:59:05 -0400] "GET /images/cat_dot.gif HTTP/1.1" 200 45 "http://www.aceonlinestore.com/cgi-bin/lansaweb?procfun+wordpr01+webfunc+M37" "Mozilla/4.0 (compatible; MSIE 7.0; Windows NT 5.1; .NET CLR 1.1.4322)"
76.102.59.203 - - [10/Jun/2008:00:59:05 -0400] "GET /images/cat_link.gif HTTP/1.1" 200 46 "http://www.aceonlinestore.com/cgi-bin/lansaweb?procfun+wordpr01+webfunc+M37" "Mozilla/4.0 (compatible; MSIE 7.0; Windows NT 5.1; .NET CLR 1.1.4322)"
76.102.59.203 - - [10/Jun/2008:00:59:05 -0400] "GET /images/cat_expand.gif HTTP/1.1" 200 79 "http://www.aceonlinestore.com/cgi-bin/lansaweb?procfun+wordpr01+webfunc+M37" "Mozilla/4.0 (compatible; MSIE 7.0; Windows NT 5.1; .NET CLR 1.1.4322)"
76.102.59.203 - - [10/Jun/2008:00:59:05 -0400] "GET /images/head_btn-products-over.gif HTTP/1.1" 304 - "http://www.aceonlinestore.com/cgi-bin/lansaweb?procfun+wordpr01+webfunc+M37" "Mozilla/4.0 (compatible; MSIE 7.0; Windows NT 5.1; .NET CLR 1.1.4322)"
76.102.59.203 - - [10/Jun/2008:00:59:05 -0400] "GET /images/head_btn-shop-over.gif HTTP/1.1" 304 - "http://www.aceonlinestore.com/cgi-bin/lansaweb?procfun+wordpr01+webfunc+M37" "Mozilla/4.0 (compatible; MSIE 7.0; Windows NT 5.1; .NET CLR 1.1.4322)"
76.102.59.203 - - [10/Jun/2008:00:59:06 -0400] "GET /images/head_btn-catalog-over.gif HTTP/1.1" 304 - "http://www.aceonlinestore.com/cgi-bin/lansaweb?procfun+wordpr01+webfunc+M37" "Mozilla/4.0 (compatible; MSIE 7.0; Windows NT 5.1; .NET CLR 1.1.4322)"
76.102.59.203 - - [10/Jun/2008:00:59:06 -0400] "GET /images/head_btn-brochures-over.gif HTTP/1.1" 304 - "http://www.aceonlinestore.com/cgi-bin/lansaweb?procfun+wordpr01+webfunc+M37" "Mozilla/4.0 (compatible; MSIE 7.0; Windows NT 5.1; .NET CLR 1.1.4322)"
76.102.59.203 - - [10/Jun/2008:00:59:06 -0400] "GET /images/head_btn-aboutUs-over.gif HTTP/1.1" 304 - "http://www.aceonlinestore.com/cgi-bin/lansaweb?procfun+wordpr01+webfunc+M37" "Mozilla/4.0 (compatible; MSIE 7.0; Windows NT 5.1; .NET CLR 1.1.4322)"
76.102.59.203 - - [10/Jun/2008:00:59:06 -0400] "GET /images/head_btn-tutorials-over.gif HTTP/1.1" 304 - "http://www.aceonlinestore.com/cgi-bin/lansaweb?procfun+wordpr01+webfunc+M37" "Mozilla/4.0 (compatible; MSIE 7.0; Windows NT 5.1; .NET CLR 1.1.4322)"
76.102.59.203 - - [10/Jun/2008:00:59:38 -0400] "GET /images/cat_collapse.gif HTTP/1.1" 200 76 "http://www.aceonlinestore.com/cgi-bin/lansaweb?procfun+wordpr01+webfunc+M37" "Mozilla/4.0 (compatible; MSIE 7.0; Windows NT 5.1; .NET CLR 1.1.4322)"
163.16.195.253 - - [10/Jun/2008:01:00:38 -0400] "GET /logs//phpsecurityadmin/include/logout.php?PSA_PATH=http://www.geocities.com/matrix.cyber90/data.txt?? HTTP/1.1" 404 239 "-" "libwww-perl/5.803"
163.16.195.253 - - [10/Jun/2008:01:00:46 -0400] "GET //phpsecurityadmin/include/logout.php?PSA_PATH=http://www.geocities.com/matrix.cyber90/data.txt?? HTTP/1.1" 404 234 "-" "libwww-perl/5.803"
76.102.59.203 - - [10/Jun/2008:01:01:19 -0400] "POST /CGI-BIN/LANSAWEB?WEBEVENT+L8F64431D4199690036E208K+M37+ENG HTTP/1.1" 200 59675 "http://www.aceonlinestore.com/cgi-bin/lansaweb?procfun+wordpr01+webfunc+M37" "Mozilla/4.0 (compatible; MSIE 7.0; Windows NT 5.1; .NET CLR 1.1.4322)"
76.102.59.203 - - [10/Jun/2008:01:01:22 -0400] "GET /images/pf-a.gif HTTP/1.1" 200 798 "http://www.aceonlinestore.com/CGI-BIN/LANSAWEB?WEBEVENT+L8F64431D4199690036E208K+M37+ENG" "Mozilla/4.0 (compatible; MSIE 7.0; Windows NT 5.1; .NET CLR 1.1.4322)"
76.102.59.203 - - [10/Jun/2008:01:01:23 -0400] "GET /images/items/0011139_THUMB.JPG HTTP/1.1" 200 1584 "http://www.aceonlinestore.com/CGI-BIN/LANSAWEB?WEBEVENT+L8F64431D4199690036E208K+M37+ENG" "Mozilla/4.0 (compatible; MSIE 7.0; Windows NT 5.1; .NET CLR 1.1.4322)"
76.102.59.203 - - [10/Jun/2008:01:01:23 -0400] "GET /images/items/0011147_THUMB.JPG HTTP/1.1" 200 1300 "http://www.aceonlinestore.com/CGI-BIN/LANSAWEB?WEBEVENT+L8F64431D4199690036E208K+M37+ENG" "Mozilla/4.0 (compatible; MSIE 7.0; Windows NT 5.1; .NET CLR 1.1.4322)"
76.102.59.203 - - [10/Jun/2008:01:01:23 -0400] "GET /images/next.gif HTTP/1.1" 200 249 "http://www.aceonlinestore.com/CGI-BIN/LANSAWEB?WEBEVENT+L8F64431D4199690036E208K+M37+ENG" "Mozilla/4.0 (compatible; MSIE 7.0; Windows NT 5.1; .NET CLR 1.1.4322)"
76.102.59.203 - - [10/Jun/2008:01:01:23 -0400] "GET /images/space.gif HTTP/1.1" 200 43 "http://www.aceonlinestore.com/CGI-BIN/LANSAWEB?WEBEVENT+L8F64431D4199690036E208K+M37+ENG" "Mozilla/4.0 (compatible; MSIE 7.0; Windows NT 5.1; .NET CLR 1.1.4322)"
76.102.59.203 - - [10/Jun/2008:01:01:41 -0400] "POST /CGI-BIN/LANSAWEB?WEBEVENT+L8F64431142595900C3F208K+M37+ENG HTTP/1.1" 200 59573 "http://www.aceonlinestore.com/CGI-BIN/LANSAWEB?WEBEVENT+L8F64431D4199690036E208K+M37+ENG" "Mozilla/4.0 (compatible; MSIE 7.0; Windows NT 5.1; .NET CLR 1.1.4322)"
76.102.59.203 - - [10/Jun/2008:01:01:45 -0400] "GET /images/prev.gif HTTP/1.1" 200 253 "http://www.aceonlinestore.com/CGI-BIN/LANSAWEB?WEBEVENT+L8F64431142595900C3F208K+M37+ENG" "Mozilla/4.0 (compatible; MSIE 7.0; Windows NT 5.1; .NET CLR 1.1.4322)"
76.102.59.203 - - [10/Jun/2008:01:01:45 -0400] "GET /images/items/0012051_THUMB.JPG HTTP/1.1" 200 1382 "http://www.aceonlinestore.com/CGI-BIN/LANSAWEB?WEBEVENT+L8F64431142595900C3F208K+M37+ENG" "Mozilla/4.0 (compatible; MSIE 7.0; Windows NT 5.1; .NET CLR 1.1.4322)"
66.249.70.52 - - [10/Jun/2008:01:01:55 -0400] "GET /CGI-BIN/LANSAWEB?WEBEVENT+L1F6E531D4F796900AD2108S+M37+ENG HTTP/1.1" 500 197 "-" "Mozilla/5.0 (compatible; Googlebot/2.1; +http://www.google.com/bot.html)"
76.102.59.203 - - [10/Jun/2008:01:02:01 -0400] "POST /CGI-BIN/LANSAWEB?WEBEVENT+L8F6443164849B900D38208K+M37+ENG HTTP/1.1" 200 59169 "http://www.aceonlinestore.com/CGI-BIN/LANSAWEB?WEBEVENT+L8F64431142595900C3F208K+M37+ENG" "Mozilla/4.0 (compatible; MSIE 7.0; Windows NT 5.1; .NET CLR 1.1.4322)"
76.102.59.203 - - [10/Jun/2008:01:02:16 -0400] "POST /CGI-BIN/LANSAWEB?WEBEVENT+L8F64431A4F691900EC3208K+M37+ENG HTTP/1.1" 200 59210 "http://www.aceonlinestore.com/CGI-BIN/LANSAWEB?WEBEVENT+L8F6443164849B900D38208K+M37+ENG" "Mozilla/4.0 (compatible; MSIE 7.0; Windows NT 5.1; .NET CLR 1.1.4322)"
76.102.59.203 - - [10/Jun/2008:01:02:55 -0400] "POST /CGI-BIN/LANSAWEB?WEBEVENT+L8F64431D41C9E90030E208K+M37+ENG HTTP/1.1" 200 37692 "http://www.aceonlinestore.com/cgi-bin/lansaweb?procfun+wordpr01+webfunc+M37" "Mozilla/4.0 (compatible; MSIE 7.0; Windows NT 5.1; .NET CLR 1.1.4322)"
76.102.59.203 - - [10/Jun/2008:01:03:05 -0400] "POST /CGI-BIN/LANSAWEB?WEBEVENT+L8F64441D4349490012A208K+M37+ENG HTTP/1.1" 200 59542 "http://www.aceonlinestore.com/CGI-BIN/LANSAWEB?WEBEVENT+L8F64431D41C9E90030E208K+M37+ENG" "Mozilla/4.0 (compatible; MSIE 7.0; Windows NT 5.1; .NET CLR 1.1.4322)"
76.102.59.203 - - [10/Jun/2008:01:03:07 -0400] "GET /images/items/00320125_THUMB.JPG HTTP/1.1" 200 3160 "http://www.aceonlinestore.com/CGI-BIN/LANSAWEB?WEBEVENT+L8F64441D4349490012A208K+M37+ENG" "Mozilla/4.0 (compatible; MSIE 7.0; Windows NT 5.1; .NET CLR 1.1.4322)"
76.102.59.203 - - [10/Jun/2008:01:03:07 -0400] "GET /images/items/00320104_THUMB.JPG HTTP/1.1" 200 3198 "http://www.aceonlinestore.com/CGI-BIN/LANSAWEB?WEBEVENT+L8F64441D4349490012A208K+M37+ENG" "Mozilla/4.0 (compatible; MSIE 7.0; Windows NT 5.1; .NET CLR 1.1.4322)"
76.102.59.203 - - [10/Jun/2008:01:03:20 -0400] "POST /CGI-BIN/LANSAWEB?WEBEVENT+L8F6444174EB95900248208K+M37+ENG HTTP/1.1" 200 59425 "http://www.aceonlinestore.com/CGI-BIN/LANSAWEB?WEBEVENT+L8F64441D4349490012A208K+M37+ENG" "Mozilla/4.0 (compatible; MSIE 7.0; Windows NT 5.1; .NET CLR 1.1.4322)"
76.102.59.203 - - [10/Jun/2008:01:03:22 -0400] "GET /images/items/00320145_THUMB.JPG HTTP/1.1" 200 2238 "http://www.aceonlinestore.com/CGI-BIN/LANSAWEB?WEBEVENT+L8F6444174EB95900248208K+M37+ENG" "Mozilla/4.0 (compatible; MSIE 7.0; Windows NT 5.1; .NET CLR 1.1.4322)"
209.59.12.99 - - [10/Jun/2008:01:03:50 -0400] "GET / HTTP/1.0" 200 409 "-" "check_http/1.81 (nagios-plugins 1.4)"
76.102.59.203 - - [10/Jun/2008:01:04:13 -0400] "POST /CGI-BIN/LANSAWEB?WEBEVENT+L8F6444154E99290030C208K+M37+ENG HTTP/1.1" 200 51246 "http://www.aceonlinestore.com/CGI-BIN/LANSAWEB?WEBEVENT+L8F6444174EB95900248208K+M37+ENG" "Mozilla/4.0 (compatible; MSIE 7.0; Windows NT 5.1; .NET CLR 1.1.4322)"
76.102.59.203 - - [10/Jun/2008:01:04:36 -0400] "GET /CGI-BIN/LANSAWEB?PROCFUN+WORDPR01+FULLIMG+M37+FUNCPARMS+WEBCMP(S0020):1+WEBSSN(A0240):L8F64431D4B09990032B208K+WSEQ(S0060):1+OUITEM(A0200):00320145 HTTP/1.1" 200 26587 "-" "Mozilla/4.0 (compatible; MSIE 7.0; Windows NT 5.1; .NET CLR 1.1.4322)"
76.102.59.203 - - [10/Jun/2008:01:04:37 -0400] "GET /images/items/00320145_FULL.JPG HTTP/1.1" 200 9679 "http://www.aceonlinestore.com/CGI-BIN/LANSAWEB?PROCFUN+WORDPR01+FULLIMG+M37+FUNCPARMS+WEBCMP(S0020):1+WEBSSN(A0240):L8F64431D4B09990032B208K+WSEQ(S0060):1+OUITEM(A0200):00320145" "Mozilla/4.0 (compatible; MSIE 7.0; Windows NT 5.1; .NET CLR 1.1.4322)"
76.102.59.203 - - [10/Jun/2008:01:05:05 -0400] "GET /images/head_btn-tutorials.gif HTTP/1.1" 304 - "http://www.aceonlinestore.com/CGI-BIN/LANSAWEB?WEBEVENT+L8F6444174EB95900248208K+M37+ENG" "Mozilla/4.0 (compatible; MSIE 7.0; Windows NT 5.1; .NET CLR 1.1.4322)"
76.102.59.203 - - [10/Jun/2008:01:05:06 -0400] "GET /images/login_go.gif HTTP/1.1" 304 - "-" "Mozilla/4.0 (compatible; MSIE 7.0; Windows NT 5.1; .NET CLR 1.1.4322)"
76.102.59.203 - - [10/Jun/2008:01:05:06 -0400] "GET /images/psearch_go.gif HTTP/1.1" 304 - "-" "Mozilla/4.0 (compatible; MSIE 7.0; Windows NT 5.1; .NET CLR 1.1.4322)"
76.102.59.203 - - [10/Jun/2008:01:05:09 -0400] "GET /images/psearch_go-over.gif HTTP/1.1" 304 - "-" "Mozilla/4.0 (compatible; MSIE 7.0; Windows NT 5.1; .NET CLR 1.1.4322)"
76.102.59.203 - - [10/Jun/2008:01:05:09 -0400] "GET /images/login_go-over.gif HTTP/1.1" 304 - "-" "Mozilla/4.0 (compatible; MSIE 7.0; Windows NT 5.1; .NET CLR 1.1.4322)"
74.6.18.216 - - [10/Jun/2008:01:08:38 -0400] "GET /robots.txt HTTP/1.0" 404 208 "-" "Mozilla/5.0 (compatible; Yahoo! Slurp; http://help.yahoo.com/help/us/ysearch/slurp)"
74.6.18.216 - - [10/Jun/2008:01:08:38 -0400] "GET /CGI-BIN/LANSAWEB?WEBEVENT+L0912BB288B70283C664316A+M37+ENG HTTP/1.0" 500 197 "-" "Mozilla/5.0 (compatible; Yahoo! Slurp; http://help.yahoo.com/help/us/ysearch/slurp)"
209.59.12.99 - - [10/Jun/2008:01:08:50 -0400] "GET / HTTP/1.0" 200 409 "-" "check_http/1.81 (nagios-plugins 1.4)"
76.102.59.203 - - [10/Jun/2008:01:09:07 -0400] "GET /cgi-bin/lansaweb?procfun+wordpr01+webfunc+m37+funcparms+WEBKEY(A0100):PROMOS HTTP/1.1" 200 45965 "-" "Mozilla/4.0 (compatible; MSIE 7.0; Windows NT 5.1; .NET CLR 1.1.4322)"
76.102.59.203 - - [10/Jun/2008:01:09:12 -0400] "GET /images/head_aceLogo.gif HTTP/1.1" 304 - "http://www.aceonlinestore.com/cgi-bin/lansaweb?procfun+wordpr01+webfunc+m37+funcparms+WEBKEY(A0100):PROMOS" "Mozilla/4.0 (compatible; MSIE 7.0; Windows NT 5.1; .NET CLR 1.1.4322)"
76.102.59.203 - - [10/Jun/2008:01:09:12 -0400] "GET /images/head_btn-shop.gif HTTP/1.1" 304 - "http://www.aceonlinestore.com/cgi-bin/lansaweb?procfun+wordpr01+webfunc+m37+funcparms+WEBKEY(A0100):PROMOS" "Mozilla/4.0 (compatible; MSIE 7.0; Windows NT 5.1; .NET CLR 1.1.4322)"
76.102.59.203 - - [10/Jun/2008:01:09:12 -0400] "GET /images/head_btn-products.gif HTTP/1.1" 304 - "http://www.aceonlinestore.com/cgi-bin/lansaweb?procfun+wordpr01+webfunc+m37+funcparms+WEBKEY(A0100):PROMOS" "Mozilla/4.0 (compatible; MSIE 7.0; Windows NT 5.1; .NET CLR 1.1.4322)"
76.102.59.203 - - [10/Jun/2008:01:09:12 -0400] "GET /images/head_btn-catalogs.gif HTTP/1.1" 304 - "http://www.aceonlinestore.com/cgi-bin/lansaweb?procfun+wordpr01+webfunc+m37+funcparms+WEBKEY(A0100):PROMOS" "Mozilla/4.0 (compatible; MSIE 7.0; Windows NT 5.1; .NET CLR 1.1.4322)"
76.102.59.203 - - [10/Jun/2008:01:09:12 -0400] "GET /images/head_btn-brochures.gif HTTP/1.1" 304 - "http://www.aceonlinestore.com/cgi-bin/lansaweb?procfun+wordpr01+webfunc+m37+funcparms+WEBKEY(A0100):PROMOS" "Mozilla/4.0 (compatible; MSIE 7.0; Windows NT 5.1; .NET CLR 1.1.4322)"
76.102.59.203 - - [10/Jun/2008:01:09:12 -0400] "GET /images/head_btn-space1.gif HTTP/1.1" 304 - "http://www.aceonlinestore.com/cgi-bin/lansaweb?procfun+wordpr01+webfunc+m37+funcparms+WEBKEY(A0100):PROMOS" "Mozilla/4.0 (compatible; MSIE 7.0; Windows NT 5.1; .NET CLR 1.1.4322)"
76.102.59.203 - - [10/Jun/2008:01:09:12 -0400] "GET /images/head_surgical-supply.gif HTTP/1.1" 304 - "http://www.aceonlinestore.com/cgi-bin/lansaweb?procfun+wordpr01+webfunc+m37+funcparms+WEBKEY(A0100):PROMOS" "Mozilla/4.0 (compatible; MSIE 7.0; Windows NT 5.1; .NET CLR 1.1.4322)"
76.102.59.203 - - [10/Jun/2008:01:09:13 -0400] "GET /images/head_btn-aboutUs.gif HTTP/1.1" 304 - "http://www.aceonlinestore.com/cgi-bin/lansaweb?procfun+wordpr01+webfunc+m37+funcparms+WEBKEY(A0100):PROMOS" "Mozilla/4.0 (compatible; MSIE 7.0; Windows NT 5.1; .NET CLR 1.1.4322)"
76.102.59.203 - - [10/Jun/2008:01:09:13 -0400] "GET /images/head_btn-seminars.gif HTTP/1.1" 304 - "http://www.aceonlinestore.com/cgi-bin/lansaweb?procfun+wordpr01+webfunc+m37+funcparms+WEBKEY(A0100):PROMOS" "Mozilla/4.0 (compatible; MSIE 7.0; Windows NT 5.1; .NET CLR 1.1.4322)"
76.102.59.203 - - [10/Jun/2008:01:09:13 -0400] "GET /images/head_btn-conventions.gif HTTP/1.1" 304 - "http://www.aceonlinestore.com/cgi-bin/lansaweb?procfun+wordpr01+webfunc+m37+funcparms+WEBKEY(A0100):PROMOS" "Mozilla/4.0 (compatible; MSIE 7.0; Windows NT 5.1; .NET CLR 1.1.4322)"
76.102.59.203 - - [10/Jun/2008:01:09:13 -0400] "GET /images/head_btn-contactUs.gif HTTP/1.1" 304 - "http://www.aceonlinestore.com/cgi-bin/lansaweb?procfun+wordpr01+webfunc+m37+funcparms+WEBKEY(A0100):PROMOS" "Mozilla/4.0 (compatible; MSIE 7.0; Windows NT 5.1; .NET CLR 1.1.4322)"
76.102.59.203 - - [10/Jun/2008:01:09:13 -0400] "GET /images/head_btn-spacer2.gif HTTP/1.1" 304 - "http://www.aceonlinestore.com/cgi-bin/lansaweb?procfun+wordpr01+webfunc+m37+funcparms+WEBKEY(A0100):PROMOS" "Mozilla/4.0 (compatible; MSIE 7.0; Windows NT 5.1; .NET CLR 1.1.4322)"
76.102.59.203 - - [10/Jun/2008:01:09:13 -0400] "GET /images/blend.jpg HTTP/1.1" 304 - "http://www.aceonlinestore.com/cgi-bin/lansaweb?procfun+wordpr01+webfunc+m37+funcparms+WEBKEY(A0100):PROMOS" "Mozilla/4.0 (compatible; MSIE 7.0; Windows NT 5.1; .NET CLR 1.1.4322)"
76.102.59.203 - - [10/Jun/2008:01:09:13 -0400] "GET /images/items/5094000_THUMB.JPG HTTP/1.1" 200 1963 "http://www.aceonlinestore.com/cgi-bin/lansaweb?procfun+wordpr01+webfunc+m37+funcparms+WEBKEY(A0100):PROMOS" "Mozilla/4.0 (compatible; MSIE 7.0; Windows NT 5.1; .NET CLR 1.1.4322)"
76.102.59.203 - - [10/Jun/2008:01:09:13 -0400] "GET /images/items/5092000_THUMB.JPG HTTP/1.1" 200 2357 "http://www.aceonlinestore.com/cgi-bin/lansaweb?procfun+wordpr01+webfunc+m37+funcparms+WEBKEY(A0100):PROMOS" "Mozilla/4.0 (compatible; MSIE 7.0; Windows NT 5.1; .NET CLR 1.1.4322)"
76.102.59.203 - - [10/Jun/2008:01:09:14 -0400] "GET /images/items/5091000_THUMB.JPG HTTP/1.1" 200 1946 "http://www.aceonlinestore.com/cgi-bin/lansaweb?procfun+wordpr01+webfunc+m37+funcparms+WEBKEY(A0100):PROMOS" "Mozilla/4.0 (compatible; MSIE 7.0; Windows NT 5.1; .NET CLR 1.1.4322)"
76.102.59.203 - - [10/Jun/2008:01:09:14 -0400] "GET /images/head_btn-shop-over.gif HTTP/1.1" 304 - "http://www.aceonlinestore.com/cgi-bin/lansaweb?procfun+wordpr01+webfunc+m37+funcparms+WEBKEY(A0100):PROMOS" "Mozilla/4.0 (compatible; MSIE 7.0; Windows NT 5.1; .NET CLR 1.1.4322)"
76.102.59.203 - - [10/Jun/2008:01:09:14 -0400] "GET /images/head_aceLogo-over.gif HTTP/1.1" 304 - "http://www.aceonlinestore.com/cgi-bin/lansaweb?procfun+wordpr01+webfunc+m37+funcparms+WEBKEY(A0100):PROMOS" "Mozilla/4.0 (compatible; MSIE 7.0; Windows NT 5.1; .NET CLR 1.1.4322)"
76.102.59.203 - - [10/Jun/2008:01:09:14 -0400] "GET /images/head_btn-products-over.gif HTTP/1.1" 304 - "http://www.aceonlinestore.com/cgi-bin/lansaweb?procfun+wordpr01+webfunc+m37+funcparms+WEBKEY(A0100):PROMOS" "Mozilla/4.0 (compatible; MSIE 7.0; Windows NT 5.1; .NET CLR 1.1.4322)"
76.102.59.203 - - [10/Jun/2008:01:09:15 -0400] "GET /images/head_btn-catalog-over.gif HTTP/1.1" 304 - "http://www.aceonlinestore.com/cgi-bin/lansaweb?procfun+wordpr01+webfunc+m37+funcparms+WEBKEY(A0100):PROMOS" "Mozilla/4.0 (compatible; MSIE 7.0; Windows NT 5.1; .NET CLR 1.1.4322)"
76.102.59.203 - - [10/Jun/2008:01:09:15 -0400] "GET /images/head_btn-brochures-over.gif HTTP/1.1" 304 - "http://www.aceonlinestore.com/cgi-bin/lansaweb?procfun+wordpr01+webfunc+m37+funcparms+WEBKEY(A0100):PROMOS" "Mozilla/4.0 (compatible; MSIE 7.0; Windows NT 5.1; .NET CLR 1.1.4322)"
76.102.59.203 - - [10/Jun/2008:01:09:15 -0400] "GET /images/head_btn-aboutUs-over.gif HTTP/1.1" 304 - "http://www.aceonlinestore.com/cgi-bin/lansaweb?procfun+wordpr01+webfunc+m37+funcparms+WEBKEY(A0100):PROMOS" "Mozilla/4.0 (compatible; MSIE 7.0; Windows NT 5.1; .NET CLR 1.1.4322)"
76.102.59.203 - - [10/Jun/2008:01:09:15 -0400] "GET /images/head_btn-tutorials-over.gif HTTP/1.1" 304 - "http://www.aceonlinestore.com/cgi-bin/lansaweb?procfun+wordpr01+webfunc+m37+funcparms+WEBKEY(A0100):PROMOS" "Mozilla/4.0 (compatible; MSIE 7.0; Windows NT 5.1; .NET CLR 1.1.4322)"
76.102.59.203 - - [10/Jun/2008:01:09:15 -0400] "GET /images/head_btn-seminars-over.gif HTTP/1.1" 304 - "http://www.aceonlinestore.com/cgi-bin/lansaweb?procfun+wordpr01+webfunc+m37+funcparms+WEBKEY(A0100):PROMOS" "Mozilla/4.0 (compatible; MSIE 7.0; Windows NT 5.1; .NET CLR 1.1.4322)"
76.102.59.203 - - [10/Jun/2008:01:09:15 -0400] "GET /images/head_btn-conventions-over.gif HTTP/1.1" 304 - "http://www.aceonlinestore.com/cgi-bin/lansaweb?procfun+wordpr01+webfunc+m37+funcparms+WEBKEY(A0100):PROMOS" "Mozilla/4.0 (compatible; MSIE 7.0; Windows NT 5.1; .NET CLR 1.1.4322)"
76.102.59.203 - - [10/Jun/2008:01:09:15 -0400] "GET /images/head_btn-contactUs-over.gif HTTP/1.1" 304 - "http://www.aceonlinestore.com/cgi-bin/lansaweb?procfun+wordpr01+webfunc+m37+funcparms+WEBKEY(A0100):PROMOS" "Mozilla/4.0 (compatible; MSIE 7.0; Windows NT 5.1; .NET CLR 1.1.4322)"
66.249.70.52 - - [10/Jun/2008:01:09:25 -0400] "GET /images/4541802_thumb.jpg HTTP/1.1" 304 - "-" "Googlebot-Image/1.0"
74.6.18.216 - - [10/Jun/2008:01:09:26 -0400] "GET /CGI-BIN/LANSAWEB?WEBEVENT+L0912BB288B70283C664316A+M37+ENG HTTP/1.0" 500 197 "-" "Mozilla/5.0 (compatible; Yahoo! Slurp; http://help.yahoo.com/help/us/ysearch/slurp)"
198.173.255.213 - - [10/Jun/2008:01:10:03 -0400] "GET /logs/components/com_mp3_allopass/allopass.php?mosConfig_live_site=http://classyclassified.com/images/save.jpg? HTTP/1.1" 404 243 "-" "libwww-perl/5.65"
198.173.255.213 - - [10/Jun/2008:01:10:03 -0400] "GET /components/com_mp3_allopass/allopass.php?mosConfig_live_site=http://classyclassified.com/images/save.jpg? HTTP/1.1" 404 238 "-" "libwww-perl/5.65"
74.6.18.216 - - [10/Jun/2008:01:10:14 -0400] "GET /CGI-BIN/LANSAWEB?WEBEVENT+L0912BB288B70283C664316A+M37+ENG HTTP/1.0" 500 197 "-" "Mozilla/5.0 (compatible; Yahoo! Slurp; http://help.yahoo.com/help/us/ysearch/slurp)"
209.59.12.99 - - [10/Jun/2008:01:13:50 -0400] "GET / HTTP/1.0" 200 409 "-" "check_http/1.81 (nagios-plugins 1.4)"
66.249.70.52 - - [10/Jun/2008:01:15:30 -0400] "GET /logs/error_log.Q108060500 HTTP/1.1" 200 442380 "-" "Mozilla/5.0 (compatible; Googlebot/2.1; +http://www.google.com/bot.html)"
209.59.12.99 - - [10/Jun/2008:01:18:50 -0400] "GET / HTTP/1.0" 200 409 "-" "check_http/1.81 (nagios-plugins 1.4)"
66.249.70.52 - - [10/Jun/2008:01:20:53 -0400] "GET /logs/error_log.Q108060800 HTTP/1.1" 200 284396 "-" "Mozilla/5.0 (compatible; Googlebot/2.1; +http://www.google.com/bot.html)"
209.59.12.99 - - [10/Jun/2008:01:23:50 -0400] "GET / HTTP/1.0" 200 409 "-" "check_http/1.81 (nagios-plugins 1.4)"
67.15.114.74 - - [10/Jun/2008:01:25:31 -0400] "GET /logs//components/com_mp3_allopass/allopass.php?mosConfig_live_site=http://learn-more-today.com/error.txt?? HTTP/1.1" 404 244 "-" "libwww-perl/5.65"
67.15.114.74 - - [10/Jun/2008:01:25:31 -0400] "GET //components/com_mp3_allopass/allopass.php?mosConfig_live_site=http://learn-more-today.com/error.txt?? HTTP/1.1" 404 239 "-" "libwww-perl/5.65"
77.87.191.61 - - [10/Jun/2008:01:25:41 -0400] "GET /logs//index.php?sourcedir=http://www.felixtur.com.br/principal/cache/id.txt??? HTTP/1.1" 404 213 "-" "libwww-perl/5.76"
77.87.191.61 - - [10/Jun/2008:01:25:42 -0400] "GET //index.php?sourcedir=http://www.felixtur.com.br/principal/cache/id.txt??? HTTP/1.1" 404 208 "-" "libwww-perl/5.76"
77.221.130.15 - - [10/Jun/2008:01:25:55 -0400] "GET /logs//index.php?sourcedir=http://www.football-cmex.ru//poll/install/id.txt??? HTTP/1.1" 404 213 "-" "libwww-perl/5.803"
77.221.130.15 - - [10/Jun/2008:01:25:55 -0400] "GET //index.php?sourcedir=http://www.football-cmex.ru//poll/install/id.txt??? HTTP/1.1" 404 208 "-" "libwww-perl/5.803"
66.249.70.52 - - [10/Jun/2008:01:25:31 -0400] "GET /logs/access_log.Q108060100 HTTP/1.1" 200 1093807 "-" "Mozilla/5.0 (compatible; Googlebot/2.1; +http://www.google.com/bot.html)"
72.29.92.223 - - [10/Jun/2008:01:28:05 -0400] "GET /logs//components/com_mp3_allopass/allopass.php?mosConfig_live_site=http://learn-more-today.com/error.txt?? HTTP/1.1" 404 244 "-" "libwww-perl/5.810"
72.29.92.223 - - [10/Jun/2008:01:28:06 -0400] "GET //components/com_mp3_allopass/allopass.php?mosConfig_live_site=http://learn-more-today.com/error.txt?? HTTP/1.1" 404 239 "-" "libwww-perl/5.810"
72.29.92.223 - - [10/Jun/2008:01:28:13 -0400] "GET /logs//components/com_mp3_allopass/allopass.php?mosConfig_live_site=http://learn-more-today.com/error.txt?? HTTP/1.1" 404 244 "-" "libwww-perl/5.810"
72.29.92.223 - - [10/Jun/2008:01:28:13 -0400] "GET //components/com_mp3_allopass/allopass.php?mosConfig_live_site=http://learn-more-today.com/error.txt?? HTTP/1.1" 404 239 "-" "libwww-perl/5.810"
209.59.12.99 - - [10/Jun/2008:01:28:49 -0400] "GET / HTTP/1.0" 200 409 "-" "check_http/1.81 (nagios-plugins 1.4)"
66.249.70.52 - - [10/Jun/2008:01:30:23 -0400] "GET /logs/access_log.Q108060400 HTTP/1.1" 200 4153792 "-" "Mozilla/5.0 (compatible; Googlebot/2.1; +http://www.google.com/bot.html)"
209.59.12.99 - - [10/Jun/2008:01:33:50 -0400] "GET / HTTP/1.0" 200 409 "-" "check_http/1.81 (nagios-plugins 1.4)"
66.249.70.52 - - [10/Jun/2008:01:37:44 -0400] "GET /logs/access_log.Q108052500 HTTP/1.1" 200 970168 "-" "Mozilla/5.0 (compatible; Googlebot/2.1; +http://www.google.com/bot.html)"
209.59.12.99 - - [10/Jun/2008:01:38:50 -0400] "GET / HTTP/1.0" 200 409 "-" "check_http/1.81 (nagios-plugins 1.4)"
209.62.23.18 - - [10/Jun/2008:01:41:34 -0400] "GET /logs//123flashchat.php?e107path=http://learn-more-today.com/error.txt?? HTTP/1.1" 404 220 "-" "libwww-perl/5.79"
209.62.23.18 - - [10/Jun/2008:01:41:34 -0400] "GET //123flashchat.php?e107path=http://learn-more-today.com/error.txt?? HTTP/1.1" 404 215 "-" "libwww-perl/5.79"
67.15.114.74 - - [10/Jun/2008:01:41:35 -0400] "GET /logs//123flashchat.php?e107path=http://learn-more-today.com/error.txt?? HTTP/1.1" 404 220 "-" "libwww-perl/5.65"
67.15.114.74 - - [10/Jun/2008:01:41:35 -0400] "GET //123flashchat.php?e107path=http://learn-more-today.com/error.txt?? HTTP/1.1" 404 215 "-" "libwww-perl/5.65"
64.13.224.83 - - [10/Jun/2008:01:41:37 -0400] "GET /logs//123flashchat.php?e107path=http://learn-more-today.com/error.txt?? HTTP/1.1" 404 220 "-" "libwww-perl/5.805"
64.13.224.83 - - [10/Jun/2008:01:41:38 -0400] "GET //123flashchat.php?e107path=http://learn-more-today.com/error.txt?? HTTP/1.1" 404 215 "-" "libwww-perl/5.805"
64.13.224.83 - - [10/Jun/2008:01:41:38 -0400] "GET /logs//123flashchat.php?e107path=http://learn-more-today.com/error.txt?? HTTP/1.1" 404 220 "-" "libwww-perl/5.805"
64.13.224.83 - - [10/Jun/2008:01:41:39 -0400] "GET //123flashchat.php?e107path=http://learn-more-today.com/error.txt?? HTTP/1.1" 404 215 "-" "libwww-perl/5.805"
209.62.23.18 - - [10/Jun/2008:01:41:42 -0400] "GET /logs//123flashchat.php?e107path=http://learn-more-today.com/error.txt?? HTTP/1.1" 404 220 "-" "libwww-perl/5.79"
209.62.23.18 - - [10/Jun/2008:01:41:42 -0400] "GET //123flashchat.php?e107path=http://learn-more-today.com/error.txt?? HTTP/1.1" 404 215 "-" "libwww-perl/5.79"
209.59.12.99 - - [10/Jun/2008:01:43:49 -0400] "GET / HTTP/1.0" 200 409 "-" "check_http/1.81 (nagios-plugins 1.4)"
66.249.70.52 - - [10/Jun/2008:01:44:39 -0400] "GET /CGI-BIN/LANSAWEB?WEBEVENT+L0F741B1F7189B800A332072+M37+ENG HTTP/1.1" 500 197 "-" "Mozilla/5.0 (compatible; Googlebot/2.1; +http://www.google.com/bot.html)"
209.59.12.99 - - [10/Jun/2008:01:48:49 -0400] "GET / HTTP/1.0" 200 409 "-" "check_http/1.81 (nagios-plugins 1.4)"
72.29.92.223 - - [10/Jun/2008:01:49:34 -0400] "GET /logs//123flashchat.php?e107path=http://learn-more-today.com/error.txt?? HTTP/1.1" 404 220 "-" "libwww-perl/5.810"
72.29.92.223 - - [10/Jun/2008:01:49:35 -0400] "GET //123flashchat.php?e107path=http://learn-more-today.com/error.txt?? HTTP/1.1" 404 215 "-" "libwww-perl/5.810"
72.29.92.223 - - [10/Jun/2008:01:49:46 -0400] "GET /logs//123flashchat.php?e107path=http://learn-more-today.com/error.txt?? HTTP/1.1" 404 220 "-" "libwww-perl/5.810"
72.29.92.223 - - [10/Jun/2008:01:49:46 -0400] "GET //123flashchat.php?e107path=http://learn-more-today.com/error.txt?? HTTP/1.1" 404 215 "-" "libwww-perl/5.810"
62.2.100.138 - - [10/Jun/2008:01:50:16 -0400] "GET /logs/joomla/index.php?option=com_restaurante&task=http://h1.ripway.com/xispaika/id.txt? HTTP/1.1" 404 219 "-" "libwww-perl/5.803"
62.2.100.138 - - [10/Jun/2008:01:50:16 -0400] "GET /joomla/index.php?option=com_restaurante&task=http://h1.ripway.com/xispaika/id.txt? HTTP/1.1" 404 214 "-" "libwww-perl/5.803"
67.188.133.44 - - [10/Jun/2008:01:50:38 -0400] "GET /images/psearch_go.gif HTTP/1.1" 200 296 "http://www.acesurgical.com/home.html" "Mozilla/4.0 (compatible; MSIE 7.0; Windows NT 5.1; Comcast Install 1.0; .NET CLR 1.1.4322)"
67.188.133.44 - - [10/Jun/2008:01:50:38 -0400] "GET /images/login_go.gif HTTP/1.1" 200 296 "http://www.acesurgical.com/home.html" "Mozilla/4.0 (compatible; MSIE 7.0; Windows NT 5.1; Comcast Install 1.0; .NET CLR 1.1.4322)"
67.188.133.44 - - [10/Jun/2008:01:50:45 -0400] "GET /images/login_go-over.gif HTTP/1.1" 200 302 "http://www.acesurgical.com/home.html" "Mozilla/4.0 (compatible; MSIE 7.0; Windows NT 5.1; Comcast Install 1.0; .NET CLR 1.1.4322)"
67.188.133.44 - - [10/Jun/2008:01:50:45 -0400] "GET /images/psearch_go-over.gif HTTP/1.1" 200 302 "http://www.acesurgical.com/home.html" "Mozilla/4.0 (compatible; MSIE 7.0; Windows NT 5.1; Comcast Install 1.0; .NET CLR 1.1.4322)"
66.249.70.52 - - [10/Jun/2008:01:51:10 -0400] "GET /logs/error_log.Q108052700 HTTP/1.1" 200 381743 "-" "Mozilla/5.0 (compatible; Googlebot/2.1; +http://www.google.com/bot.html)"
67.15.48.60 - - [10/Jun/2008:01:51:36 -0400] "GET /logs//admin/classes/TplLoad.php?full_path_to_public_program=http://1285-2.1st-housing.de/skins/sys_cr4nk/i? HTTP/1.1" 404 229 "-" "cr4nk.ws/4.7 [de] (Windows 3.1; I) [crank]"
67.15.48.60 - - [10/Jun/2008:01:51:36 -0400] "GET /logs/errors.php?error=http://1285-2.1st-housing.de/skins/sys_cr4nk/i? HTTP/1.1" 404 213 "-" "cr4nk.ws/4.7 [de] (Windows 3.1; I) [crank]"
67.15.48.60 - - [10/Jun/2008:01:51:38 -0400] "GET //admin/classes/TplLoad.php?full_path_to_public_program=http://1285-2.1st-housing.de/skins/sys_cr4nk/i? HTTP/1.1" 404 224 "-" "cr4nk.ws/4.7 [de] (Windows 3.1; I) [crank]"
67.15.48.60 - - [10/Jun/2008:01:51:38 -0400] "GET /errors.php?error=http://1285-2.1st-housing.de/skins/sys_cr4nk/i? HTTP/1.1" 404 208 "-" "cr4nk.ws/4.7 [de] (Windows 3.1; I) [crank]"
117.18.241.183 - - [10/Jun/2008:01:53:18 -0400] "GET /images/psearch_go.gif HTTP/1.1" 200 296 "http://www.acesurgical.com/home.html" "Mozilla/4.0 (compatible; MSIE 6.0; Windows NT 5.1; SV1)"
117.18.241.183 - - [10/Jun/2008:01:53:18 -0400] "GET /images/login_go.gif HTTP/1.1" 200 296 "http://www.acesurgical.com/home.html" "Mozilla/4.0 (compatible; MSIE 6.0; Windows NT 5.1; SV1)"
117.18.241.183 - - [10/Jun/2008:01:53:27 -0400] "GET /images/psearch_go-over.gif HTTP/1.1" 200 302 "http://www.acesurgical.com/home.html" "Mozilla/4.0 (compatible; MSIE 6.0; Windows NT 5.1; SV1)"
117.18.241.183 - - [10/Jun/2008:01:53:27 -0400] "GET /images/login_go-over.gif HTTP/1.1" 200 302 "http://www.acesurgical.com/home.html" "Mozilla/4.0 (compatible; MSIE 6.0; Windows NT 5.1; SV1)"
209.59.12.99 - - [10/Jun/2008:01:53:50 -0400] "GET / HTTP/1.0" 200 409 "-" "check_http/1.81 (nagios-plugins 1.4)"
66.249.70.52 - - [10/Jun/2008:01:56:55 -0400] "GET /logs/error_log.Q108060600 HTTP/1.1" 200 454976 "-" "Mozilla/5.0 (compatible; Googlebot/2.1; +http://www.google.com/bot.html)"
117.18.241.183 - - [10/Jun/2008:01:57:31 -0400] "GET /images/login_go.gif HTTP/1.1" 304 - "http://www.acesurgical.com/contact.html" "Mozilla/4.0 (compatible; MSIE 6.0; Windows NT 5.1; SV1)"
117.18.241.183 - - [10/Jun/2008:01:57:31 -0400] "GET /images/psearch_go.gif HTTP/1.1" 304 - "http://www.acesurgical.com/contact.html" "Mozilla/4.0 (compatible; MSIE 6.0; Windows NT 5.1; SV1)"
117.18.241.183 - - [10/Jun/2008:01:57:37 -0400] "GET /images/psearch_go-over.gif HTTP/1.1" 304 - "http://www.acesurgical.com/contact.html" "Mozilla/4.0 (compatible; MSIE 6.0; Windows NT 5.1; SV1)"
117.18.241.183 - - [10/Jun/2008:01:57:37 -0400] "GET /images/login_go-over.gif HTTP/1.1" 304 - "http://www.acesurgical.com/contact.html" "Mozilla/4.0 (compatible; MSIE 6.0; Windows NT 5.1; SV1)"
85.114.141.48 - - [10/Jun/2008:01:58:31 -0400] "GET /logs/joomla/index.php?option=com_restaurante&task=http://h1.ripway.com/xispaika/id.txt? HTTP/1.1" 404 219 "-" "libwww-perl/5.805"
85.114.141.48 - - [10/Jun/2008:01:58:31 -0400] "GET /joomla/index.php?option=com_restaurante&task=http://h1.ripway.com/xispaika/id.txt? HTTP/1.1" 404 214 "-" "libwww-perl/5.805"
209.59.12.99 - - [10/Jun/2008:01:58:51 -0400] "GET / HTTP/1.0" 200 409 "-" "check_http/1.81 (nagios-plugins 1.4)"
74.218.24.8 - - [10/Jun/2008:02:00:02 -0400] "GET /logs//components/com_mp3_allopass/allopass.php?mosConfig_live_site=http://learn-more-today.com/error.txt?? HTTP/1.1" 404 244 "-" "libwww-perl/5.811"
74.218.24.8 - - [10/Jun/2008:02:00:12 -0400] "GET //components/com_mp3_allopass/allopass.php?mosConfig_live_site=http://learn-more-today.com/error.txt?? HTTP/1.1" 404 239 "-" "libwww-perl/5.811"
204.11.245.199 - - [10/Jun/2008:02:00:25 -0400] "GET /logs/index.php?redir=http://4wdnews.com.au/files/tol.txt?? HTTP/1.1" 404 212 "-" "libwww-perl/5.803"
204.11.245.202 - - [10/Jun/2008:02:00:25 -0400] "GET /logs/index.php?redir=http://www.ettoresquillace.com/README.txt? HTTP/1.1" 404 212 "-" "libwww-perl/5.803"
204.11.245.199 - - [10/Jun/2008:02:00:25 -0400] "GET /index.php?redir=http://4wdnews.com.au/files/tol.txt?? HTTP/1.1" 404 207 "-" "libwww-perl/5.803"
204.11.245.202 - - [10/Jun/2008:02:00:25 -0400] "GET /index.php?redir=http://www.ettoresquillace.com/README.txt? HTTP/1.1" 404 207 "-" "libwww-perl/5.803"
68.251.37.164 - - [10/Jun/2008:02:00:34 -0400] "GET /images/login_go.gif HTTP/1.1" 200 296 "https://www.aceonlinestore.com/CGI-BIN/LANSAWEB?WEBEVENT+L0F73D9167A79D00031C2081+M37+ENG" "Mozilla/4.0 (compatible; MSIE 7.0; Windows NT 5.1; .NET CLR 1.1.4322; IEMB3; IEMB3)"
68.251.37.164 - - [10/Jun/2008:02:00:34 -0400] "GET /images/psearch_go.gif HTTP/1.1" 200 296 "https://www.aceonlinestore.com/CGI-BIN/LANSAWEB?WEBEVENT+L0F73D9167A79D00031C2081+M37+ENG" "Mozilla/4.0 (compatible; MSIE 7.0; Windows NT 5.1; .NET CLR 1.1.4322; IEMB3; IEMB3)"
68.251.37.164 - - [10/Jun/2008:02:00:26 -0400] "POST /CGI-BIN/LANSAWEB?WEBEVENT+L0F73D9167A79D00031C2081+M37+ENG HTTP/1.1" 200 75297 "https://www.aceonlinestore.com/CGI-BIN/LANSAWEB?WEBEVENT+L0F73D81A7519B0007952081+M37+ENG" "Mozilla/4.0 (compatible; MSIE 7.0; Windows NT 5.1; .NET CLR 1.1.4322; IEMB3; IEMB3)"
68.251.37.164 - - [10/Jun/2008:02:00:36 -0400] "GET /images/cat_dot.gif HTTP/1.1" 200 45 "https://www.aceonlinestore.com/CGI-BIN/LANSAWEB?WEBEVENT+L0F73D9167A79D00031C2081+M37+ENG" "Mozilla/4.0 (compatible; MSIE 7.0; Windows NT 5.1; .NET CLR 1.1.4322; IEMB3; IEMB3)"
68.251.37.164 - - [10/Jun/2008:02:00:36 -0400] "GET /images/cat_link.gif HTTP/1.1" 200 46 "https://www.aceonlinestore.com/CGI-BIN/LANSAWEB?WEBEVENT+L0F73D9167A79D00031C2081+M37+ENG" "Mozilla/4.0 (compatible; MSIE 7.0; Windows NT 5.1; .NET CLR 1.1.4322; IEMB3; IEMB3)"
68.251.37.164 - - [10/Jun/2008:02:00:36 -0400] "GET /images/cat_expand.gif HTTP/1.1" 200 79 "https://www.aceonlinestore.com/CGI-BIN/LANSAWEB?WEBEVENT+L0F73D9167A79D00031C2081+M37+ENG" "Mozilla/4.0 (compatible; MSIE 7.0; Windows NT 5.1; .NET CLR 1.1.4322; IEMB3; IEMB3)"
68.251.37.164 - - [10/Jun/2008:02:00:36 -0400] "GET /images/head_aceLogo-over.gif HTTP/1.1" 200 1296 "https://www.aceonlinestore.com/CGI-BIN/LANSAWEB?WEBEVENT+L0F73D9167A79D00031C2081+M37+ENG" "Mozilla/4.0 (compatible; MSIE 7.0; Windows NT 5.1; .NET CLR 1.1.4322; IEMB3; IEMB3)"
68.251.37.164 - - [10/Jun/2008:02:00:36 -0400] "GET /images/head_btn-shop-over.gif HTTP/1.1" 200 1473 "https://www.aceonlinestore.com/CGI-BIN/LANSAWEB?WEBEVENT+L0F73D9167A79D00031C2081+M37+ENG" "Mozilla/4.0 (compatible; MSIE 7.0; Windows NT 5.1; .NET CLR 1.1.4322; IEMB3; IEMB3)"
68.251.37.164 - - [10/Jun/2008:02:00:36 -0400] "GET /images/head_btn-products-over.gif HTTP/1.1" 200 1396 "https://www.aceonlinestore.com/CGI-BIN/LANSAWEB?WEBEVENT+L0F73D9167A79D00031C2081+M37+ENG" "Mozilla/4.0 (compatible; MSIE 7.0; Windows NT 5.1; .NET CLR 1.1.4322; IEMB3; IEMB3)"
68.251.37.164 - - [10/Jun/2008:02:00:36 -0400] "GET /images/head_btn-catalog-over.gif HTTP/1.1" 200 1354 "https://www.aceonlinestore.com/CGI-BIN/LANSAWEB?WEBEVENT+L0F73D9167A79D00031C2081+M37+ENG" "Mozilla/4.0 (compatible; MSIE 7.0; Windows NT 5.1; .NET CLR 1.1.4322; IEMB3; IEMB3)"
68.251.37.164 - - [10/Jun/2008:02:00:36 -0400] "GET /images/head_btn-brochures-over.gif HTTP/1.1" 200 1392 "https://www.aceonlinestore.com/CGI-BIN/LANSAWEB?WEBEVENT+L0F73D9167A79D00031C2081+M37+ENG" "Mozilla/4.0 (compatible; MSIE 7.0; Windows NT 5.1; .NET CLR 1.1.4322; IEMB3; IEMB3)"
68.251.37.164 - - [10/Jun/2008:02:00:36 -0400] "GET /images/head_btn-aboutUs-over.gif HTTP/1.1" 200 1156 "https://www.aceonlinestore.com/CGI-BIN/LANSAWEB?WEBEVENT+L0F73D9167A79D00031C2081+M37+ENG" "Mozilla/4.0 (compatible; MSIE 7.0; Windows NT 5.1; .NET CLR 1.1.4322; IEMB3; IEMB3)"
68.251.37.164 - - [10/Jun/2008:02:00:37 -0400] "GET /images/head_btn-tutorials-over.gif HTTP/1.1" 200 1097 "https://www.aceonlinestore.com/CGI-BIN/LANSAWEB?WEBEVENT+L0F73D9167A79D00031C2081+M37+ENG" "Mozilla/4.0 (compatible; MSIE 7.0; Windows NT 5.1; .NET CLR 1.1.4322; IEMB3; IEMB3)"
68.251.37.164 - - [10/Jun/2008:02:00:37 -0400] "GET /images/head_btn-seminars-over.gif HTTP/1.1" 200 1089 "https://www.aceonlinestore.com/CGI-BIN/LANSAWEB?WEBEVENT+L0F73D9167A79D00031C2081+M37+ENG" "Mozilla/4.0 (compatible; MSIE 7.0; Windows NT 5.1; .NET CLR 1.1.4322; IEMB3; IEMB3)"
68.251.37.164 - - [10/Jun/2008:02:00:37 -0400] "GET /images/head_btn-conventions-over.gif HTTP/1.1" 200 1195 "https://www.aceonlinestore.com/CGI-BIN/LANSAWEB?WEBEVENT+L0F73D9167A79D00031C2081+M37+ENG" "Mozilla/4.0 (compatible; MSIE 7.0; Windows NT 5.1; .NET CLR 1.1.4322; IEMB3; IEMB3)"
68.251.37.164 - - [10/Jun/2008:02:00:37 -0400] "GET /images/head_btn-contactUs-over.gif HTTP/1.1" 200 1110 "https://www.aceonlinestore.com/CGI-BIN/LANSAWEB?WEBEVENT+L0F73D9167A79D00031C2081+M37+ENG" "Mozilla/4.0 (compatible; MSIE 7.0; Windows NT 5.1; .NET CLR 1.1.4322; IEMB3; IEMB3)"
68.251.37.164 - - [10/Jun/2008:02:00:45 -0400] "POST /CGI-BIN/LANSAWEB?WEBEVENT+LDF6450184B793900FBB2074+M37+ENG HTTP/1.1" 200 37458 "https://www.aceonlinestore.com/CGI-BIN/LANSAWEB?WEBEVENT+L0F73D9167A79D00031C2081+M37+ENG" "Mozilla/4.0 (compatible; MSIE 7.0; Windows NT 5.1; .NET CLR 1.1.4322; IEMB3; IEMB3)"
68.251.37.164 - - [10/Jun/2008:02:00:59 -0400] "GET /images/psearch_go-over.gif HTTP/1.1" 200 302 "https://www.aceonlinestore.com/CGI-BIN/LANSAWEB?WEBEVENT+LDF6450184B793900FBB2074+M37+ENG" "Mozilla/4.0 (compatible; MSIE 7.0; Windows NT 5.1; .NET CLR 1.1.4322; IEMB3; IEMB3)"
68.251.37.164 - - [10/Jun/2008:02:01:00 -0400] "POST /CGI-BIN/LANSAWEB?WEBEVENT+LDF64511A4E4909000F82074+M37+ENG HTTP/1.1" 200 35691 "https://www.aceonlinestore.com/CGI-BIN/LANSAWEB?WEBEVENT+LDF6450184B793900FBB2074+M37+ENG" "Mozilla/4.0 (compatible; MSIE 7.0; Windows NT 5.1; .NET CLR 1.1.4322; IEMB3; IEMB3)"
68.251.37.164 - - [10/Jun/2008:02:01:02 -0400] "POST /CGI-BIN/LANSAWEB?WEBEVENT+LDF64511A4E4909000F82074+M37+ENG HTTP/1.1" 200 35691 "https://www.aceonlinestore.com/CGI-BIN/LANSAWEB?WEBEVENT+LDF6450184B793900FBB2074+M37+ENG" "Mozilla/4.0 (compatible; MSIE 7.0; Windows NT 5.1; .NET CLR 1.1.4322; IEMB3; IEMB3)"
189.132.47.75 - - [10/Jun/2008:02:01:13 -0400] "GET /logs/joomla/index.php?option=com_restaurante&task=http://h1.ripway.com/xispaika/id.txt? HTTP/1.1" 404 219 "-" "libwww-perl/5.803"
189.132.47.75 - - [10/Jun/2008:02:01:13 -0400] "GET /joomla/index.php?option=com_restaurante&task=http://h1.ripway.com/xispaika/id.txt? HTTP/1.1" 404 214 "-" "libwww-perl/5.803"
68.251.37.164 - - [10/Jun/2008:02:01:14 -0400] "POST /CGI-BIN/LANSAWEB?WEBEVENT+LDF64511B4D39A9001F22074+M37+ENG HTTP/1.1" 200 75525 "https://www.aceonlinestore.com/CGI-BIN/LANSAWEB?WEBEVENT+LDF64511A4E4909000F82074+M37+ENG" "Mozilla/4.0 (compatible; MSIE 7.0; Windows NT 5.1; .NET CLR 1.1.4322; IEMB3; IEMB3)"
68.251.37.164 - - [10/Jun/2008:02:01:26 -0400] "POST /CGI-BIN/LANSAWEB?WEBEVENT+LDF6451164E9949002902074+M37+ENG HTTP/1.1" 200 37522 "https://www.aceonlinestore.com/CGI-BIN/LANSAWEB?WEBEVENT+LDF64511B4D39A9001F22074+M37+ENG" "Mozilla/4.0 (compatible; MSIE 7.0; Windows NT 5.1; .NET CLR 1.1.4322; IEMB3; IEMB3)"
68.251.37.164 - - [10/Jun/2008:02:01:48 -0400] "POST /CGI-BIN/LANSAWEB?WEBEVENT+LDF6451124FF979003942074+M37+ENG HTTP/1.1" 200 35755 "https://www.aceonlinestore.com/CGI-BIN/LANSAWEB?WEBEVENT+LDF6451164E9949002902074+M37+ENG" "Mozilla/4.0 (compatible; MSIE 7.0; Windows NT 5.1; .NET CLR 1.1.4322; IEMB3; IEMB3)"
68.251.37.164 - - [10/Jun/2008:02:01:58 -0400] "POST /CGI-BIN/LANSAWEB?WEBEVENT+LDF645117447939004442074+M37+ENG HTTP/1.1" 200 36020 "https://www.aceonlinestore.com/CGI-BIN/LANSAWEB?WEBEVENT+LDF6451124FF979003942074+M37+ENG" "Mozilla/4.0 (compatible; MSIE 7.0; Windows NT 5.1; .NET CLR 1.1.4322; IEMB3; IEMB3)"
66.249.70.52 - - [10/Jun/2008:02:01:56 -0400] "GET /logs/error_log.Q108053100 HTTP/1.1" 200 340005 "-" "Mozilla/5.0 (compatible; Googlebot/2.1; +http://www.google.com/bot.html)"
68.251.37.164 - - [10/Jun/2008:02:02:23 -0400] "POST /CGI-BIN/LANSAWEB?WEBEVENT+LDF6451104F09E9005A82074+M37+ENG HTTP/1.1" 200 34464 "https://www.aceonlinestore.com/CGI-BIN/LANSAWEB?WEBEVENT+LDF645117447939004442074+M37+ENG" "Mozilla/4.0 (compatible; MSIE 7.0; Windows NT 5.1; .NET CLR 1.1.4322; IEMB3; IEMB3)"
74.218.24.8 - - [10/Jun/2008:02:02:29 -0400] "GET /logs//components/com_mp3_allopass/allopass.php?mosConfig_live_site=http://learn-more-today.com/error.txt?? HTTP/1.1" 404 244 "-" "libwww-perl/5.811"
68.251.37.164 - - [10/Jun/2008:02:02:53 -0400] "POST /CGI-BIN/LANSAWEB?WEBEVENT+LDF645118459959006C62074+M37+ENG HTTP/1.1" 200 33254 "https://www.aceonlinestore.com/CGI-BIN/LANSAWEB?WEBEVENT+LDF6451104F09E9005A82074+M37+ENG" "Mozilla/4.0 (compatible; MSIE 7.0; Windows NT 5.1; .NET CLR 1.1.4322; IEMB3; IEMB3)"
68.251.37.164 - - [10/Jun/2008:02:03:08 -0400] "POST /CGI-BIN/LANSAWEB?WEBEVENT+LDF64511446A989008B72074+M37+ENG HTTP/1.1" 200 36020 "https://www.aceonlinestore.com/CGI-BIN/LANSAWEB?WEBEVENT+LDF645118459959006C62074+M37+ENG" "Mozilla/4.0 (compatible; MSIE 7.0; Windows NT 5.1; .NET CLR 1.1.4322; IEMB3; IEMB3)"
74.218.24.8 - - [10/Jun/2008:02:03:17 -0400] "GET /logs//components/com_mp3_allopass/allopass.php?mosConfig_live_site=http://learn-more-today.com/error.txt?? HTTP/1.1" 404 244 "-" "libwww-perl/5.811"
74.218.24.8 - - [10/Jun/2008:02:03:20 -0400] "GET //components/com_mp3_allopass/allopass.php?mosConfig_live_site=http://learn-more-today.com/error.txt?? HTTP/1.1" 404 239 "-" "libwww-perl/5.811"
74.218.24.8 - - [10/Jun/2008:02:03:44 -0400] "GET /logs//components/com_mp3_allopass/allopass.php?mosConfig_live_site=http://learn-more-today.com/error.txt?? HTTP/1.1" 404 244 "-" "libwww-perl/5.811"
74.218.24.8 - - [10/Jun/2008:02:03:44 -0400] "GET //components/com_mp3_allopass/allopass.php?mosConfig_live_site=http://learn-more-today.com/error.txt?? HTTP/1.1" 404 239 "-" "libwww-perl/5.811"
80.70.113.10 - - [10/Jun/2008:02:03:46 -0400] "GET /logs/joomla/index.php?option=com_restaurante&task=http://h1.ripway.com/xispaika/id.txt? HTTP/1.1" 404 219 "-" "libwww-perl/5.79"
80.70.113.10 - - [10/Jun/2008:02:03:48 -0400] "GET /joomla/index.php?option=com_restaurante&task=http://h1.ripway.com/xispaika/id.txt? HTTP/1.1" 404 214 "-" "libwww-perl/5.79"
209.59.12.99 - - [10/Jun/2008:02:03:51 -0400] "GET / HTTP/1.0" 200 409 "-" "check_http/1.81 (nagios-plugins 1.4)"
74.218.24.8 - - [10/Jun/2008:02:05:10 -0400] "GET /logs//components/com_mp3_allopass/allopass.php?mosConfig_live_site=http://learn-more-today.com/error.txt?? HTTP/1.1" 404 244 "-" "libwww-perl/5.811"
74.218.24.8 - - [10/Jun/2008:02:05:10 -0400] "GET //components/com_mp3_allopass/allopass.php?mosConfig_live_site=http://learn-more-today.com/error.txt?? HTTP/1.1" 404 239 "-" "libwww-perl/5.811"
69.111.167.100 - - [10/Jun/2008:02:05:36 -0400] "GET /images/login_go.gif HTTP/1.1" 200 296 "http://www.acesurgical.com/home.html" "Mozilla/5.0 (Windows; U; Windows NT 5.1; en-US; rv:1.8.1.14) Gecko/20080404 Firefox/2.0.0.14"
69.111.167.100 - - [10/Jun/2008:02:05:36 -0400] "GET /images/psearch_go.gif HTTP/1.1" 200 296 "http://www.acesurgical.com/home.html" "Mozilla/5.0 (Windows; U; Windows NT 5.1; en-US; rv:1.8.1.14) Gecko/20080404 Firefox/2.0.0.14"
69.111.167.100 - - [10/Jun/2008:02:05:40 -0400] "GET /images/login_go-over.gif HTTP/1.1" 200 302 "http://www.acesurgical.com/home.html" "Mozilla/5.0 (Windows; U; Windows NT 5.1; en-US; rv:1.8.1.14) Gecko/20080404 Firefox/2.0.0.14"
69.111.167.100 - - [10/Jun/2008:02:05:40 -0400] "GET /images/psearch_go-over.gif HTTP/1.1" 200 302 "http://www.acesurgical.com/home.html" "Mozilla/5.0 (Windows; U; Windows NT 5.1; en-US; rv:1.8.1.14) Gecko/20080404 Firefox/2.0.0.14"
74.218.24.8 - - [10/Jun/2008:02:06:39 -0400] "GET /logs//components/com_mp3_allopass/allopass.php?mosConfig_live_site=http://learn-more-today.com/error.txt?? HTTP/1.1" 404 244 "-" "libwww-perl/5.811"
74.218.24.8 - - [10/Jun/2008:02:06:39 -0400] "GET //components/com_mp3_allopass/allopass.php?mosConfig_live_site=http://learn-more-today.com/error.txt?? HTTP/1.1" 404 239 "-" "libwww-perl/5.811"
67.181.92.134 - - [10/Jun/2008:02:06:48 -0400] "GET /images/login_go.gif HTTP/1.1" 200 296 "http://www.acesurgical.com/home.html" "Mozilla/5.0 (Windows; U; Windows NT 5.1; en-US; rv:1.8.1.14) Gecko/20080404 Firefox/2.0.0.14"
67.181.92.134 - - [10/Jun/2008:02:06:48 -0400] "GET /images/psearch_go.gif HTTP/1.1" 200 296 "http://www.acesurgical.com/home.html" "Mozilla/5.0 (Windows; U; Windows NT 5.1; en-US; rv:1.8.1.14) Gecko/20080404 Firefox/2.0.0.14"
67.181.92.134 - - [10/Jun/2008:02:06:51 -0400] "GET /images/psearch_go-over.gif HTTP/1.1" 200 302 "http://www.acesurgical.com/home.html" "Mozilla/5.0 (Windows; U; Windows NT 5.1; en-US; rv:1.8.1.14) Gecko/20080404 Firefox/2.0.0.14"
67.181.92.134 - - [10/Jun/2008:02:06:51 -0400] "GET /images/login_go-over.gif HTTP/1.1" 200 302 "http://www.acesurgical.com/home.html" "Mozilla/5.0 (Windows; U; Windows NT 5.1; en-US; rv:1.8.1.14) Gecko/20080404 Firefox/2.0.0.14"
69.111.167.100 - - [10/Jun/2008:02:07:10 -0400] "GET /cgi-bin/lansaweb?procfun+wordpr01+webfunc+M37 HTTP/1.1" 200 75525 "http://www.acesurgical.com/about.html" "Mozilla/5.0 (Windows; U; Windows NT 5.1; en-US; rv:1.8.1.14) Gecko/20080404 Firefox/2.0.0.14"
74.218.24.8 - - [10/Jun/2008:02:07:11 -0400] "GET //components/com_mp3_allopass/allopass.php?mosConfig_live_site=http://learn-more-today.com/error.txt?? HTTP/1.1" 404 239 "-" "libwww-perl/5.811"
69.111.167.100 - - [10/Jun/2008:02:07:12 -0400] "GET /images/head_aceLogo.gif HTTP/1.1" 200 984 "http://www.aceonlinestore.com/cgi-bin/lansaweb?procfun+wordpr01+webfunc+M37" "Mozilla/5.0 (Windows; U; Windows NT 5.1; en-US; rv:1.8.1.14) Gecko/20080404 Firefox/2.0.0.14"
66.249.70.52 - - [10/Jun/2008:02:06:26 -0400] "GET /logs/access_log.Q108053100 HTTP/1.1" 200 1083614 "-" "Mozilla/5.0 (compatible; Googlebot/2.1; +http://www.google.com/bot.html)"
69.111.167.100 - - [10/Jun/2008:02:07:12 -0400] "GET /images/head_btn-shop.gif HTTP/1.1" 200 1970 "http://www.aceonlinestore.com/cgi-bin/lansaweb?procfun+wordpr01+webfunc+M37" "Mozilla/5.0 (Windows; U; Windows NT 5.1; en-US; rv:1.8.1.14) Gecko/20080404 Firefox/2.0.0.14"
69.111.167.100 - - [10/Jun/2008:02:07:13 -0400] "GET /images/head_btn-products.gif HTTP/1.1" 200 1531 "http://www.aceonlinestore.com/cgi-bin/lansaweb?procfun+wordpr01+webfunc+M37" "Mozilla/5.0 (Windows; U; Windows NT 5.1; en-US; rv:1.8.1.14) Gecko/20080404 Firefox/2.0.0.14"
69.111.167.100 - - [10/Jun/2008:02:07:13 -0400] "GET /images/head_btn-catalogs.gif HTTP/1.1" 200 1729 "http://www.aceonlinestore.com/cgi-bin/lansaweb?procfun+wordpr01+webfunc+M37" "Mozilla/5.0 (Windows; U; Windows NT 5.1; en-US; rv:1.8.1.14) Gecko/20080404 Firefox/2.0.0.14"
69.111.167.100 - - [10/Jun/2008:02:07:14 -0400] "GET /images/head_btn-brochures.gif HTTP/1.1" 200 1768 "http://www.aceonlinestore.com/cgi-bin/lansaweb?procfun+wordpr01+webfunc+M37" "Mozilla/5.0 (Windows; U; Windows NT 5.1; en-US; rv:1.8.1.14) Gecko/20080404 Firefox/2.0.0.14"
69.111.167.100 - - [10/Jun/2008:02:07:14 -0400] "GET /images/head_btn-space1.gif HTTP/1.1" 200 5036 "http://www.aceonlinestore.com/cgi-bin/lansaweb?procfun+wordpr01+webfunc+M37" "Mozilla/5.0 (Windows; U; Windows NT 5.1; en-US; rv:1.8.1.14) Gecko/20080404 Firefox/2.0.0.14"
