76.73.202.136 - - [20/Jul/2008:02:53:33 -0400] "GET /images/head_btn-catalogs.gif HTTP/1.1" 200 1729 "http://www.aceonlinestore.com/cgi-bin/lansaweb?procfun+wordpr01+webfunc+M37+funcparms+WEBKEY(A0100):QSEARCH+IRADIO(A0010):D+QSRKEY(A0300):PeriAcryl" "Mozilla/5.0 (Windows; U; Windows NT 6.0; en-US) AppleWebKit/525.19 (KHTML, like Gecko) Version/3.1.2 Safari/525.21"
76.73.202.136 - - [20/Jul/2008:02:53:33 -0400] "GET /images/head_btn-space1.gif HTTP/1.1" 200 5036 "http://www.aceonlinestore.com/cgi-bin/lansaweb?procfun+wordpr01+webfunc+M37+funcparms+WEBKEY(A0100):QSEARCH+IRADIO(A0010):D+QSRKEY(A0300):PeriAcryl" "Mozilla/5.0 (Windows; U; Windows NT 6.0; en-US) AppleWebKit/525.19 (KHTML, like Gecko) Version/3.1.2 Safari/525.21"
76.73.202.136 - - [20/Jul/2008:02:53:33 -0400] "GET /images/head_btn-conventions.gif HTTP/1.1" 200 1367 "http://www.aceonlinestore.com/cgi-bin/lansaweb?procfun+wordpr01+webfunc+M37+funcparms+WEBKEY(A0100):QSEARCH+IRADIO(A0010):D+QSRKEY(A0300):PeriAcryl" "Mozilla/5.0 (Windows; U; Windows NT 6.0; en-US) AppleWebKit/525.19 (KHTML, like Gecko) Version/3.1.2 Safari/525.21"
76.73.202.136 - - [20/Jul/2008:02:53:33 -0400] "GET /images/head_btn-tutorials.gif HTTP/1.1" 200 1160 "http://www.aceonlinestore.com/cgi-bin/lansaweb?procfun+wordpr01+webfunc+M37+funcparms+WEBKEY(A0100):QSEARCH+IRADIO(A0010):D+QSRKEY(A0300):PeriAcryl" "Mozilla/5.0 (Windows; U; Windows NT 6.0; en-US) AppleWebKit/525.19 (KHTML, like Gecko) Version/3.1.2 Safari/525.21"
76.73.202.136 - - [20/Jul/2008:02:53:33 -0400] "GET /images/head_btn-aboutUs.gif HTTP/1.1" 200 1459 "http://www.aceonlinestore.com/cgi-bin/lansaweb?procfun+wordpr01+webfunc+M37+funcparms+WEBKEY(A0100):QSEARCH+IRADIO(A0010):D+QSRKEY(A0300):PeriAcryl" "Mozilla/5.0 (Windows; U; Windows NT 6.0; en-US) AppleWebKit/525.19 (KHTML, like Gecko) Version/3.1.2 Safari/525.21"
76.73.202.136 - - [20/Jul/2008:02:53:33 -0400] "GET /images/head_btn-seminars.gif HTTP/1.1" 200 1250 "http://www.aceonlinestore.com/cgi-bin/lansaweb?procfun+wordpr01+webfunc+M37+funcparms+WEBKEY(A0100):QSEARCH+IRADIO(A0010):D+QSRKEY(A0300):PeriAcryl" "Mozilla/5.0 (Windows; U; Windows NT 6.0; en-US) AppleWebKit/525.19 (KHTML, like Gecko) Version/3.1.2 Safari/525.21"
76.73.202.136 - - [20/Jul/2008:02:53:33 -0400] "GET /favicon.ico HTTP/1.1" 404 209 "http://www.aceonlinestore.com/cgi-bin/lansaweb?procfun+wordpr01+webfunc+M37+funcparms+WEBKEY(A0100):QSEARCH+IRADIO(A0010):D+QSRKEY(A0300):PeriAcryl" "Mozilla/5.0 (Windows; U; Windows NT 6.0; en-US) AppleWebKit/525.19 (KHTML, like Gecko) Version/3.1.2 Safari/525.21"
76.73.202.136 - - [20/Jul/2008:02:53:33 -0400] "GET /images/head_btn-spacer2.gif HTTP/1.1" 200 2237 "http://www.aceonlinestore.com/cgi-bin/lansaweb?procfun+wordpr01+webfunc+M37+funcparms+WEBKEY(A0100):QSEARCH+IRADIO(A0010):D+QSRKEY(A0300):PeriAcryl" "Mozilla/5.0 (Windows; U; Windows NT 6.0; en-US) AppleWebKit/525.19 (KHTML, like Gecko) Version/3.1.2 Safari/525.21"
76.73.202.136 - - [20/Jul/2008:02:53:33 -0400] "GET /images/head_btn-contactUs.gif HTTP/1.1" 200 1235 "http://www.aceonlinestore.com/cgi-bin/lansaweb?procfun+wordpr01+webfunc+M37+funcparms+WEBKEY(A0100):QSEARCH+IRADIO(A0010):D+QSRKEY(A0300):PeriAcryl" "Mozilla/5.0 (Windows; U; Windows NT 6.0; en-US) AppleWebKit/525.19 (KHTML, like Gecko) Version/3.1.2 Safari/525.21"
76.73.202.136 - - [20/Jul/2008:02:53:34 -0400] "GET /images/blend.jpg HTTP/1.1" 200 405 "http://www.aceonlinestore.com/cgi-bin/lansaweb?procfun+wordpr01+webfunc+M37+funcparms+WEBKEY(A0100):QSEARCH+IRADIO(A0010):D+QSRKEY(A0300):PeriAcryl" "Mozilla/5.0 (Windows; U; Windows NT 6.0; en-US) AppleWebKit/525.19 (KHTML, like Gecko) Version/3.1.2 Safari/525.21"
76.73.202.136 - - [20/Jul/2008:02:53:34 -0400] "GET /images/pf-a.gif HTTP/1.1" 200 798 "http://www.aceonlinestore.com/cgi-bin/lansaweb?procfun+wordpr01+webfunc+M37+funcparms+WEBKEY(A0100):QSEARCH+IRADIO(A0010):D+QSRKEY(A0300):PeriAcryl" "Mozilla/5.0 (Windows; U; Windows NT 6.0; en-US) AppleWebKit/525.19 (KHTML, like Gecko) Version/3.1.2 Safari/525.21"
76.73.202.136 - - [20/Jul/2008:02:53:34 -0400] "GET /images/items/GLUSTITCH_THUMB.JPG HTTP/1.1" 200 1457 "http://www.aceonlinestore.com/cgi-bin/lansaweb?procfun+wordpr01+webfunc+M37+funcparms+WEBKEY(A0100):QSEARCH+IRADIO(A0010):D+QSRKEY(A0300):PeriAcryl" "Mozilla/5.0 (Windows; U; Windows NT 6.0; en-US) AppleWebKit/525.19 (KHTML, like Gecko) Version/3.1.2 Safari/525.21"
76.73.202.136 - - [20/Jul/2008:02:53:34 -0400] "GET /images/space.gif HTTP/1.1" 200 43 "http://www.aceonlinestore.com/cgi-bin/lansaweb?procfun+wordpr01+webfunc+M37+funcparms+WEBKEY(A0100):QSEARCH+IRADIO(A0010):D+QSRKEY(A0300):PeriAcryl" "Mozilla/5.0 (Windows; U; Windows NT 6.0; en-US) AppleWebKit/525.19 (KHTML, like Gecko) Version/3.1.2 Safari/525.21"
76.73.202.136 - - [20/Jul/2008:02:53:35 -0400] "GET /images/head_aceLogo-over.gif HTTP/1.1" 200 1296 "http://www.aceonlinestore.com/cgi-bin/lansaweb?procfun+wordpr01+webfunc+M37+funcparms+WEBKEY(A0100):QSEARCH+IRADIO(A0010):D+QSRKEY(A0300):PeriAcryl" "Mozilla/5.0 (Windows; U; Windows NT 6.0; en-US) AppleWebKit/525.19 (KHTML, like Gecko) Version/3.1.2 Safari/525.21"
76.73.202.136 - - [20/Jul/2008:02:53:35 -0400] "GET /images/head_btn-shop-over.gif HTTP/1.1" 200 1473 "http://www.aceonlinestore.com/cgi-bin/lansaweb?procfun+wordpr01+webfunc+M37+funcparms+WEBKEY(A0100):QSEARCH+IRADIO(A0010):D+QSRKEY(A0300):PeriAcryl" "Mozilla/5.0 (Windows; U; Windows NT 6.0; en-US) AppleWebKit/525.19 (KHTML, like Gecko) Version/3.1.2 Safari/525.21"
76.73.202.136 - - [20/Jul/2008:02:53:35 -0400] "GET /images/head_btn-catalog-over.gif HTTP/1.1" 200 1354 "http://www.aceonlinestore.com/cgi-bin/lansaweb?procfun+wordpr01+webfunc+M37+funcparms+WEBKEY(A0100):QSEARCH+IRADIO(A0010):D+QSRKEY(A0300):PeriAcryl" "Mozilla/5.0 (Windows; U; Windows NT 6.0; en-US) AppleWebKit/525.19 (KHTML, like Gecko) Version/3.1.2 Safari/525.21"
76.73.202.136 - - [20/Jul/2008:02:53:35 -0400] "GET /images/head_btn-products-over.gif HTTP/1.1" 200 1396 "http://www.aceonlinestore.com/cgi-bin/lansaweb?procfun+wordpr01+webfunc+M37+funcparms+WEBKEY(A0100):QSEARCH+IRADIO(A0010):D+QSRKEY(A0300):PeriAcryl" "Mozilla/5.0 (Windows; U; Windows NT 6.0; en-US) AppleWebKit/525.19 (KHTML, like Gecko) Version/3.1.2 Safari/525.21"
76.73.202.136 - - [20/Jul/2008:02:53:35 -0400] "GET /images/head_btn-aboutUs-over.gif HTTP/1.1" 200 1156 "http://www.aceonlinestore.com/cgi-bin/lansaweb?procfun+wordpr01+webfunc+M37+funcparms+WEBKEY(A0100):QSEARCH+IRADIO(A0010):D+QSRKEY(A0300):PeriAcryl" "Mozilla/5.0 (Windows; U; Windows NT 6.0; en-US) AppleWebKit/525.19 (KHTML, like Gecko) Version/3.1.2 Safari/525.21"
76.73.202.136 - - [20/Jul/2008:02:53:35 -0400] "GET /images/head_btn-tutorials-over.gif HTTP/1.1" 200 1097 "http://www.aceonlinestore.com/cgi-bin/lansaweb?procfun+wordpr01+webfunc+M37+funcparms+WEBKEY(A0100):QSEARCH+IRADIO(A0010):D+QSRKEY(A0300):PeriAcryl" "Mozilla/5.0 (Windows; U; Windows NT 6.0; en-US) AppleWebKit/525.19 (KHTML, like Gecko) Version/3.1.2 Safari/525.21"
76.73.202.136 - - [20/Jul/2008:02:53:35 -0400] "GET /images/head_btn-seminars-over.gif HTTP/1.1" 200 1089 "http://www.aceonlinestore.com/cgi-bin/lansaweb?procfun+wordpr01+webfunc+M37+funcparms+WEBKEY(A0100):QSEARCH+IRADIO(A0010):D+QSRKEY(A0300):PeriAcryl" "Mozilla/5.0 (Windows; U; Windows NT 6.0; en-US) AppleWebKit/525.19 (KHTML, like Gecko) Version/3.1.2 Safari/525.21"
76.73.202.136 - - [20/Jul/2008:02:53:35 -0400] "GET /images/head_btn-conventions-over.gif HTTP/1.1" 200 1195 "http://www.aceonlinestore.com/cgi-bin/lansaweb?procfun+wordpr01+webfunc+M37+funcparms+WEBKEY(A0100):QSEARCH+IRADIO(A0010):D+QSRKEY(A0300):PeriAcryl" "Mozilla/5.0 (Windows; U; Windows NT 6.0; en-US) AppleWebKit/525.19 (KHTML, like Gecko) Version/3.1.2 Safari/525.21"
76.73.202.136 - - [20/Jul/2008:02:53:39 -0400] "GET /images/head_btn-brochures-over.gif HTTP/1.1" 200 1392 "http://www.aceonlinestore.com/cgi-bin/lansaweb?procfun+wordpr01+webfunc+M37+funcparms+WEBKEY(A0100):QSEARCH+IRADIO(A0010):D+QSRKEY(A0300):PeriAcryl" "Mozilla/5.0 (Windows; U; Windows NT 6.0; en-US) AppleWebKit/525.19 (KHTML, like Gecko) Version/3.1.2 Safari/525.21"
76.73.202.136 - - [20/Jul/2008:02:53:40 -0400] "GET /images/head_btn-contactUs-over.gif HTTP/1.1" 200 1110 "http://www.aceonlinestore.com/cgi-bin/lansaweb?procfun+wordpr01+webfunc+M37+funcparms+WEBKEY(A0100):QSEARCH+IRADIO(A0010):D+QSRKEY(A0300):PeriAcryl" "Mozilla/5.0 (Windows; U; Windows NT 6.0; en-US) AppleWebKit/525.19 (KHTML, like Gecko) Version/3.1.2 Safari/525.21"
76.73.202.136 - - [20/Jul/2008:02:53:42 -0400] "GET /images/pf-b.gif HTTP/1.1" 200 813 "http://www.aceonlinestore.com/cgi-bin/lansaweb?procfun+wordpr01+webfunc+M37+funcparms+WEBKEY(A0100):QSEARCH+IRADIO(A0010):D+QSRKEY(A0300):PeriAcryl" "Mozilla/5.0 (Windows; U; Windows NT 6.0; en-US) AppleWebKit/525.19 (KHTML, like Gecko) Version/3.1.2 Safari/525.21"
76.73.202.136 - - [20/Jul/2008:02:53:59 -0400] "GET /images/login_go-over.gif HTTP/1.1" 200 302 "http://www.aceonlinestore.com/cgi-bin/lansaweb?procfun+wordpr01+webfunc+M37+funcparms+WEBKEY(A0100):QSEARCH+IRADIO(A0010):D+QSRKEY(A0300):PeriAcryl" "Mozilla/5.0 (Windows; U; Windows NT 6.0; en-US) AppleWebKit/525.19 (KHTML, like Gecko) Version/3.1.2 Safari/525.21"
208.80.193.28 - - [20/Jul/2008:02:54:21 -0400] "GET / HTTP/1.0" 200 409 "-" "Mozilla/4.0 (compatible; MSIE 7.0; Windows NT 6.0; SV1; SLCC1; .NET CLR 2.0.50727; .NET CLR 3.0.04506; .NET CLR 1.1.4322; Zango 10.0.370.0)"
209.59.12.99 - - [20/Jul/2008:02:55:56 -0400] "GET / HTTP/1.0" 200 409 "-" "check_http/1.81 (nagios-plugins 1.4)"
209.59.12.99 - - [20/Jul/2008:03:00:57 -0400] "GET / HTTP/1.0" 200 409 "-" "check_http/1.81 (nagios-plugins 1.4)"
209.59.12.99 - - [20/Jul/2008:03:05:56 -0400] "GET / HTTP/1.0" 200 409 "-" "check_http/1.81 (nagios-plugins 1.4)"
210.59.227.15 - - [20/Jul/2008:03:07:19 -0400] "GET /logs//index.php?_REQUEST=&_REQUEST[option]=com_content&_REQUEST[Itemid]=1&GLOBALS=&mosConfig_absolute_path=http://geocities.com/machinekill/cmd.txt?? HTTP/1.1" 404 213 "-" "libwww-perl/5.811"
210.59.227.15 - - [20/Jul/2008:03:07:19 -0400] "GET //index.php?_REQUEST=&_REQUEST[option]=com_content&_REQUEST[Itemid]=1&GLOBALS=&mosConfig_absolute_path=http://geocities.com/machinekill/cmd.txt?? HTTP/1.1" 404 208 "-" "libwww-perl/5.811"
209.59.12.99 - - [20/Jul/2008:03:10:57 -0400] "GET / HTTP/1.0" 200 409 "-" "check_http/1.81 (nagios-plugins 1.4)"
76.116.227.191 - - [20/Jul/2008:03:14:42 -0400] "GET /logs/access_log.Q108070700 HTTP/1.1" 200 3392213 "http://www.google.com/search?q=206.53.144.5&ie=utf-8&oe=utf-8&aq=t&rls=org.mozilla:en-US:official&client=firefox-a" "Mozilla/5.0 (Macintosh; U; Intel Mac OS X 10.5; en-US; rv:1.9.0.1) Gecko/2008070206 Firefox/3.0.1"
209.59.12.99 - - [20/Jul/2008:03:15:57 -0400] "GET / HTTP/1.0" 200 409 "-" "check_http/1.81 (nagios-plugins 1.4)"
209.59.12.99 - - [20/Jul/2008:03:20:57 -0400] "GET / HTTP/1.0" 200 409 "-" "check_http/1.81 (nagios-plugins 1.4)"
209.59.12.99 - - [20/Jul/2008:03:25:57 -0400] "GET / HTTP/1.0" 200 409 "-" "check_http/1.81 (nagios-plugins 1.4)"
209.59.12.99 - - [20/Jul/2008:03:30:57 -0400] "GET / HTTP/1.0" 200 409 "-" "check_http/1.81 (nagios-plugins 1.4)"
209.59.12.99 - - [20/Jul/2008:03:35:57 -0400] "GET / HTTP/1.0" 200 409 "-" "check_http/1.81 (nagios-plugins 1.4)"
209.59.12.99 - - [20/Jul/2008:03:40:57 -0400] "GET / HTTP/1.0" 200 409 "-" "check_http/1.81 (nagios-plugins 1.4)"
201.130.79.38 - - [20/Jul/2008:03:42:19 -0400] "GET /logs/error_log.Q107060500//cgi-awstats/awstats.pl?lang=it&output=notfounderror//ktmlpro/includes/ktedit/toolbar.php?dirDepth=http://www.themontyclub.co.uk/joomla/mambots/editors-xtd/xml/temp.txt? HTTP/1.1" 404 247 "-" "libwww-perl/5.79"
201.130.79.38 - - [20/Jul/2008:03:42:20 -0400] "GET //cgi-awstats/awstats.pl?lang=it&output=notfounderror//ktmlpro/includes/ktedit/toolbar.php?dirDepth=http://www.themontyclub.co.uk/joomla/mambots/editors-xtd/xml/temp.txt? HTTP/1.1" 404 221 "-" "libwww-perl/5.79"
201.130.79.38 - - [20/Jul/2008:03:42:20 -0400] "GET /logs//cgi-awstats/awstats.pl?lang=it&output=notfounderror//ktmlpro/includes/ktedit/toolbar.php?dirDepth=http://www.themontyclub.co.uk/joomla/mambots/editors-xtd/xml/temp.txt? HTTP/1.1" 404 226 "-" "libwww-perl/5.79"
195.70.36.107 - - [20/Jul/2008:03:45:16 -0400] "GET /logs//admin/classes/TplLoad.php?full_path_to_public_program=http://www.coronaclub.it/pk_gallery/photos/25/11828333/idilegal.txt??? HTTP/1.1" 404 229 "-" "libwww-perl/5.805"
195.70.36.107 - - [20/Jul/2008:03:45:17 -0400] "GET //admin/classes/TplLoad.php?full_path_to_public_program=http://www.coronaclub.it/pk_gallery/photos/25/11828333/idilegal.txt??? HTTP/1.1" 404 224 "-" "libwww-perl/5.805"
209.59.12.99 - - [20/Jul/2008:03:45:57 -0400] "GET / HTTP/1.0" 200 409 "-" "check_http/1.81 (nagios-plugins 1.4)"
195.70.36.107 - - [20/Jul/2008:03:46:28 -0400] "GET /logs//PhpLinkExchange/bits_listings.php?svr_rootP=http://www.coronaclub.it/pk_gallery/photos/25/11828333/idilegal.txt??? HTTP/1.1" 404 237 "-" "libwww-perl/5.805"
195.70.36.107 - - [20/Jul/2008:03:46:28 -0400] "GET //PhpLinkExchange/bits_listings.php?svr_rootP=http://www.coronaclub.it/pk_gallery/photos/25/11828333/idilegal.txt??? HTTP/1.1" 404 232 "-" "libwww-perl/5.805"
209.59.12.99 - - [20/Jul/2008:03:50:58 -0400] "GET / HTTP/1.0" 200 409 "-" "check_http/1.81 (nagios-plugins 1.4)"
201.130.79.38 - - [20/Jul/2008:03:53:00 -0400] "GET /logs/error_log.Q107060500//cgi-awstats/awstats.pl?lang=it&output=notfounderror//ktmlpro/includes/ktedit/toolbar.php?dirDepth=http://www.themontyclub.co.uk/joomla/mambots/editors-xtd/xml/temp.txt? HTTP/1.1" 404 247 "-" "libwww-perl/5.79"
201.130.79.38 - - [20/Jul/2008:03:53:00 -0400] "GET //cgi-awstats/awstats.pl?lang=it&output=notfounderror//ktmlpro/includes/ktedit/toolbar.php?dirDepth=http://www.themontyclub.co.uk/joomla/mambots/editors-xtd/xml/temp.txt? HTTP/1.1" 404 221 "-" "libwww-perl/5.79"
201.130.79.38 - - [20/Jul/2008:03:53:00 -0400] "GET /logs//cgi-awstats/awstats.pl?lang=it&output=notfounderror//ktmlpro/includes/ktedit/toolbar.php?dirDepth=http://www.themontyclub.co.uk/joomla/mambots/editors-xtd/xml/temp.txt? HTTP/1.1" 404 226 "-" "libwww-perl/5.79"
209.59.12.99 - - [20/Jul/2008:03:55:57 -0400] "GET / HTTP/1.0" 200 409 "-" "check_http/1.81 (nagios-plugins 1.4)"
201.130.79.38 - - [20/Jul/2008:03:57:10 -0400] "GET //cgi-awstats/awstats.pl?lang=it&output=notfounderror//ktmlpro/includes/ktedit/toolbar.php?dirDepth=http://www.themontyclub.co.uk/joomla/mambots/editors-xtd/xml/temp.txt? HTTP/1.1" 404 221 "-" "libwww-perl/5.79"
209.59.12.99 - - [20/Jul/2008:04:00:58 -0400] "GET / HTTP/1.0" 200 409 "-" "check_http/1.81 (nagios-plugins 1.4)"
209.59.12.99 - - [20/Jul/2008:04:08:07 -0400] "GET / HTTP/1.0" 200 409 "-" "check_http/1.81 (nagios-plugins 1.4)"
209.216.249.151 - - [20/Jul/2008:04:10:20 -0400] "GET /logs/error_log.Q107060500//cgi-awstats/awstats.pl?lang=it&output=notfounderror//ktmlpro/includes/ktedit/toolbar.php?dirDepth=http://thepornhandbook.com/templates/id.txt?? HTTP/1.1" 404 247 "-" "libwww-perl/5.79"
209.216.249.151 - - [20/Jul/2008:04:10:20 -0400] "GET //cgi-awstats/awstats.pl?lang=it&output=notfounderror//ktmlpro/includes/ktedit/toolbar.php?dirDepth=http://thepornhandbook.com/templates/id.txt?? HTTP/1.1" 404 221 "-" "libwww-perl/5.79"
209.216.249.151 - - [20/Jul/2008:04:10:20 -0400] "GET /logs//cgi-awstats/awstats.pl?lang=it&output=notfounderror//ktmlpro/includes/ktedit/toolbar.php?dirDepth=http://thepornhandbook.com/templates/id.txt?? HTTP/1.1" 404 226 "-" "libwww-perl/5.79"
209.59.12.99 - - [20/Jul/2008:04:13:07 -0400] "GET / HTTP/1.0" 200 409 "-" "check_http/1.81 (nagios-plugins 1.4)"
209.59.12.99 - - [20/Jul/2008:04:18:06 -0400] "GET / HTTP/1.0" 200 409 "-" "check_http/1.81 (nagios-plugins 1.4)"
209.59.12.99 - - [20/Jul/2008:04:23:07 -0400] "GET / HTTP/1.0" 200 409 "-" "check_http/1.81 (nagios-plugins 1.4)"
193.111.11.7 - - [20/Jul/2008:04:24:21 -0400] "GET /logs/dfd_cart/app.lib/product.control/core.php/product.control.config.php?set_depth=http://www.geocities.com/cripya/header.jpg? HTTP/1.1" 404 271 "-" "libwww-perl/5.805"
193.111.11.7 - - [20/Jul/2008:04:24:22 -0400] "GET /dfd_cart/app.lib/product.control/core.php/product.control.config.php?set_depth=http://www.geocities.com/cripya/header.jpg? HTTP/1.1" 404 266 "-" "libwww-perl/5.805"
209.59.12.99 - - [20/Jul/2008:04:28:06 -0400] "GET / HTTP/1.0" 200 409 "-" "check_http/1.81 (nagios-plugins 1.4)"
62.65.34.76 - - [20/Jul/2008:04:28:59 -0400] "GET //cgi-awstats/awstats.pl?lang=it&output=notfounderror//ktmlpro/includes/ktedit/toolbar.php?dirDepth=http://totalhardware.co.uk/mambots/.inuse/id.txt? HTTP/1.1" 404 221 "-" "libwww-perl/5.803"
209.59.12.99 - - [20/Jul/2008:04:33:07 -0400] "GET / HTTP/1.0" 200 409 "-" "check_http/1.81 (nagios-plugins 1.4)"
209.59.12.99 - - [20/Jul/2008:04:38:07 -0400] "GET / HTTP/1.0" 200 409 "-" "check_http/1.81 (nagios-plugins 1.4)"
209.59.12.99 - - [20/Jul/2008:04:43:08 -0400] "GET / HTTP/1.0" 200 409 "-" "check_http/1.81 (nagios-plugins 1.4)"
209.59.12.99 - - [20/Jul/2008:04:48:07 -0400] "GET / HTTP/1.0" 200 409 "-" "check_http/1.81 (nagios-plugins 1.4)"
209.59.12.99 - - [20/Jul/2008:04:53:08 -0400] "GET / HTTP/1.0" 200 409 "-" "check_http/1.81 (nagios-plugins 1.4)"
66.249.73.25 - - [20/Jul/2008:04:57:12 -0400] "GET /images/items/45415001_THUMB.JPG HTTP/1.1" 200 14884 "-" "Googlebot-Image/1.0"
209.59.12.99 - - [20/Jul/2008:04:58:08 -0400] "GET / HTTP/1.0" 200 409 "-" "check_http/1.81 (nagios-plugins 1.4)"
193.200.255.17 - - [20/Jul/2008:04:59:59 -0400] "GET /logs/errors.php?error=http://www.geocities.com/bambang_kesepian//id.txt?? HTTP/1.1" 404 213 "-" "libwww-perl/5.808"
193.200.255.17 - - [20/Jul/2008:05:00:03 -0400] "GET /errors.php?error=http://www.geocities.com/bambang_kesepian//id.txt?? HTTP/1.1" 404 208 "-" "libwww-perl/5.808"
209.59.12.99 - - [20/Jul/2008:05:03:08 -0400] "GET / HTTP/1.0" 200 409 "-" "check_http/1.81 (nagios-plugins 1.4)"
209.59.12.99 - - [20/Jul/2008:05:08:08 -0400] "GET / HTTP/1.0" 200 409 "-" "check_http/1.81 (nagios-plugins 1.4)"
87.118.118.156 - - [20/Jul/2008:05:09:38 -0400] "GET /logs//contenido/includes/include.newsletter_jobs_subnav.php?cfg[path][contenido]=http://aican.my5gb.com/id.txt? HTTP/1.1" 404 257 "-" "libwww-perl/5.805"
87.118.118.156 - - [20/Jul/2008:05:09:39 -0400] "GET //contenido/includes/include.newsletter_jobs_subnav.php?cfg[path][contenido]=http://aican.my5gb.com/id.txt? HTTP/1.1" 404 252 "-" "libwww-perl/5.805"
193.111.11.7 - - [20/Jul/2008:05:13:07 -0400] "GET /logs/dfd_cart/app.lib/product.control/core.php/customer.area/customer.browse.list.php?set_depth=http://www.geocities.com/cripya/header.jpg? HTTP/1.1" 404 283 "-" "libwww-perl/5.805"
209.59.12.99 - - [20/Jul/2008:05:13:07 -0400] "GET / HTTP/1.0" 200 409 "-" "check_http/1.81 (nagios-plugins 1.4)"
193.111.11.7 - - [20/Jul/2008:05:13:08 -0400] "GET /dfd_cart/app.lib/product.control/core.php/customer.area/customer.browse.list.php?set_depth=http://www.geocities.com/cripya/header.jpg? HTTP/1.1" 404 278 "-" "libwww-perl/5.805"
209.59.12.99 - - [20/Jul/2008:05:18:08 -0400] "GET / HTTP/1.0" 200 409 "-" "check_http/1.81 (nagios-plugins 1.4)"
209.59.12.99 - - [20/Jul/2008:05:23:08 -0400] "GET / HTTP/1.0" 200 409 "-" "check_http/1.81 (nagios-plugins 1.4)"
62.65.34.76 - - [20/Jul/2008:05:24:28 -0400] "GET /logs/error_log.Q107060500//cgi-awstats/awstats.pl?lang=it&output=notfounderror//ktmlpro/includes/ktedit/toolbar.php?dirDepth=http://totalhardware.co.uk/mambots/.inuse/id.txt? HTTP/1.1" 404 247 "-" "libwww-perl/5.803"
62.65.34.76 - - [20/Jul/2008:05:24:28 -0400] "GET /logs//cgi-awstats/awstats.pl?lang=it&output=notfounderror//ktmlpro/includes/ktedit/toolbar.php?dirDepth=http://totalhardware.co.uk/mambots/.inuse/id.txt? HTTP/1.1" 404 226 "-" "libwww-perl/5.803"
209.59.12.99 - - [20/Jul/2008:05:28:08 -0400] "GET / HTTP/1.0" 200 409 "-" "check_http/1.81 (nagios-plugins 1.4)"
193.200.255.17 - - [20/Jul/2008:05:29:27 -0400] "GET /logs/errors.php?error=http://www.gumgangfarm.com/shop/data/id.txt? HTTP/1.1" 404 213 "-" "libwww-perl/5.808"
193.200.255.17 - - [20/Jul/2008:05:29:30 -0400] "GET /errors.php?error=http://www.gumgangfarm.com/shop/data/id.txt? HTTP/1.1" 404 208 "-" "libwww-perl/5.808"
209.59.12.99 - - [20/Jul/2008:05:33:28 -0400] "GET / HTTP/1.0" 200 409 "-" "check_http/1.81 (nagios-plugins 1.4)"
205.189.117.113 - - [20/Jul/2008:05:36:42 -0400] "GET //cgi-awstats/awstats.pl?lang=it&output=notfounderror//ktmlpro/includes/ktedit/toolbar.php?dirDepth=http://electrometro.com.ve/wall/xpl/tst?? HTTP/1.1" 404 221 "-" "libwww-perl/5.79"
209.59.12.99 - - [20/Jul/2008:05:38:28 -0400] "GET / HTTP/1.0" 200 409 "-" "check_http/1.81 (nagios-plugins 1.4)"
75.125.201.18 - - [20/Jul/2008:05:40:55 -0400] "GET /logs//homepages/errors.php?error=http://www.6olab.com/components/com_remository_files/file_image_26/idnews.txt? HTTP/1.1" 404 224 "-" "libwww-perl/5.813"
75.125.201.18 - - [20/Jul/2008:05:40:56 -0400] "GET //homepages/errors.php?error=http://www.6olab.com/components/com_remository_files/file_image_26/idnews.txt? HTTP/1.1" 404 219 "-" "libwww-perl/5.813"
209.59.12.99 - - [20/Jul/2008:05:43:29 -0400] "GET / HTTP/1.0" 200 409 "-" "check_http/1.81 (nagios-plugins 1.4)"
87.106.65.144 - - [20/Jul/2008:05:44:08 -0400] "GET /logs//homepages/errors.php?error=http://www.6olab.com/components/com_remository_files/file_image_26/idnews.txt? HTTP/1.1" 404 224 "-" "libwww-perl/5.803"
87.106.65.144 - - [20/Jul/2008:05:44:08 -0400] "GET //homepages/errors.php?error=http://www.6olab.com/components/com_remository_files/file_image_26/idnews.txt? HTTP/1.1" 404 219 "-" "libwww-perl/5.803"
205.189.117.113 - - [20/Jul/2008:05:45:36 -0400] "GET /logs/error_log.Q107060500//cgi-awstats/awstats.pl?lang=it&output=notfounderror//ktmlpro/includes/ktedit/toolbar.php?dirDepth=http://electrometro.com.ve/wall/xpl/tst?? HTTP/1.1" 404 247 "-" "libwww-perl/5.79"
205.189.117.113 - - [20/Jul/2008:05:45:36 -0400] "GET //cgi-awstats/awstats.pl?lang=it&output=notfounderror//ktmlpro/includes/ktedit/toolbar.php?dirDepth=http://electrometro.com.ve/wall/xpl/tst?? HTTP/1.1" 404 221 "-" "libwww-perl/5.79"
205.189.117.113 - - [20/Jul/2008:05:45:36 -0400] "GET /logs//cgi-awstats/awstats.pl?lang=it&output=notfounderror//ktmlpro/includes/ktedit/toolbar.php?dirDepth=http://electrometro.com.ve/wall/xpl/tst?? HTTP/1.1" 404 226 "-" "libwww-perl/5.79"
209.59.12.99 - - [20/Jul/2008:05:48:28 -0400] "GET / HTTP/1.0" 200 409 "-" "check_http/1.81 (nagios-plugins 1.4)"
209.59.12.99 - - [20/Jul/2008:05:53:29 -0400] "GET / HTTP/1.0" 200 409 "-" "check_http/1.81 (nagios-plugins 1.4)"
209.59.12.99 - - [20/Jul/2008:05:58:30 -0400] "GET / HTTP/1.0" 200 409 "-" "check_http/1.81 (nagios-plugins 1.4)"
209.59.12.99 - - [20/Jul/2008:06:03:30 -0400] "GET / HTTP/1.0" 200 409 "-" "check_http/1.81 (nagios-plugins 1.4)"
209.59.12.99 - - [20/Jul/2008:06:08:44 -0400] "GET / HTTP/1.0" 200 409 "-" "check_http/1.81 (nagios-plugins 1.4)"
209.59.12.99 - - [20/Jul/2008:06:13:48 -0400] "GET / HTTP/1.0" 200 409 "-" "check_http/1.81 (nagios-plugins 1.4)"
193.111.11.7 - - [20/Jul/2008:06:14:21 -0400] "GET /logs/dfd_cart/app.lib/product.control/core.php/customer.area/customer.browse.search.php?set_depth=http://www.geocities.com/cripya/header.jpg? HTTP/1.1" 404 285 "-" "libwww-perl/5.805"
193.111.11.7 - - [20/Jul/2008:06:14:23 -0400] "GET /dfd_cart/app.lib/product.control/core.php/customer.area/customer.browse.search.php?set_depth=http://www.geocities.com/cripya/header.jpg? HTTP/1.1" 404 280 "-" "libwww-perl/5.805"
209.59.12.99 - - [20/Jul/2008:06:18:54 -0400] "GET / HTTP/1.0" 200 409 "-" "check_http/1.81 (nagios-plugins 1.4)"
209.59.12.99 - - [20/Jul/2008:06:23:55 -0400] "GET / HTTP/1.0" 200 409 "-" "check_http/1.81 (nagios-plugins 1.4)"
209.59.12.99 - - [20/Jul/2008:06:28:58 -0400] "GET / HTTP/1.0" 200 409 "-" "check_http/1.81 (nagios-plugins 1.4)"
72.29.87.80 - - [20/Jul/2008:06:33:13 -0400] "GET /logs/errors.php?error=http://www.h2u.nl//langs/a.txt?? HTTP/1.1" 404 213 "-" "libwww-perl/5.808"
72.29.87.80 - - [20/Jul/2008:06:33:13 -0400] "GET /errors.php?error=http://www.h2u.nl//langs/a.txt?? HTTP/1.1" 404 208 "-" "libwww-perl/5.808"
216.246.78.141 - - [20/Jul/2008:06:33:45 -0400] "GET /logs/errors.php?error=http://www.h2u.nl//langs/a.txt?? HTTP/1.1" 404 213 "-" "libwww-perl/5.811"
216.246.78.141 - - [20/Jul/2008:06:33:45 -0400] "GET /errors.php?error=http://www.h2u.nl//langs/a.txt?? HTTP/1.1" 404 208 "-" "libwww-perl/5.811"
209.59.12.99 - - [20/Jul/2008:06:33:55 -0400] "GET / HTTP/1.0" 200 409 "-" "check_http/1.81 (nagios-plugins 1.4)"
209.59.12.99 - - [20/Jul/2008:06:38:55 -0400] "GET / HTTP/1.0" 200 409 "-" "check_http/1.81 (nagios-plugins 1.4)"
209.59.12.99 - - [20/Jul/2008:06:44:01 -0400] "GET / HTTP/1.0" 200 409 "-" "check_http/1.81 (nagios-plugins 1.4)"
209.59.12.99 - - [20/Jul/2008:06:49:02 -0400] "GET / HTTP/1.0" 200 409 "-" "check_http/1.81 (nagios-plugins 1.4)"
64.13.251.55 - - [20/Jul/2008:06:54:01 -0400] "GET /logs//administrator/components/com_kochsuite/config.kochsuite.php?mosConfig_absolute_path=http://www.cyxla.com//et/etpro/id.txt?? HTTP/1.1" 404 263 "-" "libwww-perl/5.79"
64.13.251.55 - - [20/Jul/2008:06:54:01 -0400] "GET //administrator/components/com_kochsuite/config.kochsuite.php?mosConfig_absolute_path=http://www.cyxla.com//et/etpro/id.txt?? HTTP/1.1" 404 258 "-" "libwww-perl/5.79"
209.59.12.99 - - [20/Jul/2008:06:54:01 -0400] "GET / HTTP/1.0" 200 409 "-" "check_http/1.81 (nagios-plugins 1.4)"
209.59.12.99 - - [20/Jul/2008:06:59:02 -0400] "GET / HTTP/1.0" 200 409 "-" "check_http/1.81 (nagios-plugins 1.4)"
216.246.78.141 - - [20/Jul/2008:07:02:17 -0400] "GET /logs/error_log.Q108031900/modules/vwar/convert/mvcw_conver.php?step=1&vwar_root=http://www.h2u.nl//langs/a.txt?? HTTP/1.1" 404 260 "-" "libwww-perl/5.811"
216.246.78.141 - - [20/Jul/2008:07:02:17 -0400] "GET /modules/vwar/convert/mvcw_conver.php?step=1&vwar_root=http://www.h2u.nl//langs/a.txt?? HTTP/1.1" 404 234 "-" "libwww-perl/5.811"
216.246.78.141 - - [20/Jul/2008:07:02:17 -0400] "GET /logs/modules/vwar/convert/mvcw_conver.php?step=1&vwar_root=http://www.h2u.nl//langs/a.txt?? HTTP/1.1" 404 239 "-" "libwww-perl/5.811"
216.246.78.141 - - [20/Jul/2008:07:03:49 -0400] "GET /logs/error_log.Q108040800/modules/vwar/convert/mvcw_conver.php?step=1&vwar_root=http://www.h2u.nl//langs/a.txt?? HTTP/1.1" 404 260 "-" "libwww-perl/5.811"
209.59.12.99 - - [20/Jul/2008:07:04:01 -0400] "GET / HTTP/1.0" 200 409 "-" "check_http/1.81 (nagios-plugins 1.4)"
209.59.12.99 - - [20/Jul/2008:07:09:03 -0400] "GET / HTTP/1.0" 200 409 "-" "check_http/1.81 (nagios-plugins 1.4)"
209.59.12.99 - - [20/Jul/2008:07:14:02 -0400] "GET / HTTP/1.0" 200 409 "-" "check_http/1.81 (nagios-plugins 1.4)"
209.59.12.99 - - [20/Jul/2008:07:19:03 -0400] "GET / HTTP/1.0" 200 409 "-" "check_http/1.81 (nagios-plugins 1.4)"
216.18.5.126 - - [20/Jul/2008:07:23:05 -0400] "GET /logs/[MyAlbum_DIR]/language.inc.php?langs_dir=http://classyclassified.com/images/save.jpg? HTTP/1.1" 404 233 "-" "libwww-perl/5.805"
216.18.5.126 - - [20/Jul/2008:07:23:06 -0400] "GET /[MyAlbum_DIR]/language.inc.php?langs_dir=http://classyclassified.com/images/save.jpg? HTTP/1.1" 404 228 "-" "libwww-perl/5.805"
209.59.12.99 - - [20/Jul/2008:07:24:03 -0400] "GET / HTTP/1.0" 200 409 "-" "check_http/1.81 (nagios-plugins 1.4)"
209.59.12.99 - - [20/Jul/2008:07:29:04 -0400] "GET / HTTP/1.0" 200 409 "-" "check_http/1.81 (nagios-plugins 1.4)"
209.59.12.99 - - [20/Jul/2008:07:34:03 -0400] "GET / HTTP/1.0" 200 409 "-" "check_http/1.81 (nagios-plugins 1.4)"
209.59.12.99 - - [20/Jul/2008:07:39:04 -0400] "GET / HTTP/1.0" 200 409 "-" "check_http/1.81 (nagios-plugins 1.4)"
72.29.87.80 - - [20/Jul/2008:07:40:24 -0400] "GET /logs//contenido/includes/include.newsletter_jobs_subnav.php?cfg[path][contenido]=http://www.hotlinkfiles.com/files/1605016_lfsly/id4.txt?? HTTP/1.1" 404 257 "-" "libwww-perl/5.808"
72.29.87.80 - - [20/Jul/2008:07:40:24 -0400] "GET //contenido/includes/include.newsletter_jobs_subnav.php?cfg[path][contenido]=http://www.hotlinkfiles.com/files/1605016_lfsly/id4.txt?? HTTP/1.1" 404 252 "-" "libwww-perl/5.808"
87.106.101.24 - - [20/Jul/2008:07:43:07 -0400] "GET /logs//contenido/includes/include.newsletter_jobs_subnav.php?cfg[path][contenido]=http://www.cncascais.com/img/jpg.txt? HTTP/1.1" 404 257 "-" "libwww-perl/5.805"
87.106.101.24 - - [20/Jul/2008:07:43:07 -0400] "GET //contenido/includes/include.newsletter_jobs_subnav.php?cfg[path][contenido]=http://www.cncascais.com/img/jpg.txt? HTTP/1.1" 404 252 "-" "libwww-perl/5.805"
69.80.249.11 - - [20/Jul/2008:07:43:56 -0400] "GET /logs//contenido/includes/include.newsletter_jobs_subnav.php?cfg[path][contenido]=http://medisana.co.kr/test?? HTTP/1.1" 404 257 "-" "libwww-perl/5.813"
69.80.249.11 - - [20/Jul/2008:07:43:56 -0400] "GET //contenido/includes/include.newsletter_jobs_subnav.php?cfg[path][contenido]=http://medisana.co.kr/test?? HTTP/1.1" 404 252 "-" "libwww-perl/5.813"
69.80.249.11 - - [20/Jul/2008:07:43:57 -0400] "GET /logs//contenido/includes/include.newsletter_jobs_subnav.php?cfg[path][contenido]=http://genthal.com/data/alb.txt??? HTTP/1.1" 404 257 "-" "libwww-perl/5.813"
69.80.249.11 - - [20/Jul/2008:07:43:57 -0400] "GET //contenido/includes/include.newsletter_jobs_subnav.php?cfg[path][contenido]=http://genthal.com/data/alb.txt??? HTTP/1.1" 404 252 "-" "libwww-perl/5.813"
209.59.12.99 - - [20/Jul/2008:07:44:03 -0400] "GET / HTTP/1.0" 200 409 "-" "check_http/1.81 (nagios-plugins 1.4)"
87.106.98.71 - - [20/Jul/2008:07:44:34 -0400] "GET /logs//contenido/includes/include.newsletter_jobs_subnav.php?cfg[path][contenido]=http://www.cncascais.com/img/jpg.txt? HTTP/1.1" 404 257 "-" "libwww-perl/5.805"
87.106.98.71 - - [20/Jul/2008:07:44:34 -0400] "GET //contenido/includes/include.newsletter_jobs_subnav.php?cfg[path][contenido]=http://www.cncascais.com/img/jpg.txt? HTTP/1.1" 404 252 "-" "libwww-perl/5.805"
216.18.5.126 - - [20/Jul/2008:07:48:28 -0400] "GET /logs//components/com_facileforms/facileforms.frame.php?ff_compath=http://classyclassified.com/images/save.jpg? HTTP/1.1" 404 252 "-" "libwww-perl/5.805"
216.18.5.126 - - [20/Jul/2008:07:48:29 -0400] "GET //components/com_facileforms/facileforms.frame.php?ff_compath=http://classyclassified.com/images/save.jpg? HTTP/1.1" 404 247 "-" "libwww-perl/5.805"
209.59.12.99 - - [20/Jul/2008:07:49:04 -0400] "GET / HTTP/1.0" 200 409 "-" "check_http/1.81 (nagios-plugins 1.4)"
64.252.49.82 - - [20/Jul/2008:07:51:01 -0400] "GET /images/psearch_go.gif HTTP/1.1" 200 296 "http://www.acesurgical.com/home.html" "Mozilla/4.0 (compatible; MSIE 7.0; Windows NT 5.1; YPC 3.2.0; .NET CLR 1.1.4322; .NET CLR 2.0.50727)"
64.252.49.82 - - [20/Jul/2008:07:51:01 -0400] "GET /images/login_go.gif HTTP/1.1" 200 296 "http://www.acesurgical.com/home.html" "Mozilla/4.0 (compatible; MSIE 7.0; Windows NT 5.1; YPC 3.2.0; .NET CLR 1.1.4322; .NET CLR 2.0.50727)"
64.252.49.82 - - [20/Jul/2008:07:51:03 -0400] "GET /images/login_go-over.gif HTTP/1.1" 200 302 "http://www.acesurgical.com/home.html" "Mozilla/4.0 (compatible; MSIE 7.0; Windows NT 5.1; YPC 3.2.0; .NET CLR 1.1.4322; .NET CLR 2.0.50727)"
64.252.49.82 - - [20/Jul/2008:07:51:03 -0400] "GET /images/psearch_go-over.gif HTTP/1.1" 200 302 "http://www.acesurgical.com/home.html" "Mozilla/4.0 (compatible; MSIE 7.0; Windows NT 5.1; YPC 3.2.0; .NET CLR 1.1.4322; .NET CLR 2.0.50727)"
64.252.49.82 - - [20/Jul/2008:07:51:10 -0400] "POST /cgi-bin/lansaweb?procfun+wordpr01+webfunc+M37+funcparms+WEBKEY(A0100):CSTSIGN+WEBCSTWRK(A0070):fnvolpe HTTP/1.1" 200 35707 "http://www.acesurgical.com/home.html" "Mozilla/4.0 (compatible; MSIE 7.0; Windows NT 5.1; YPC 3.2.0; .NET CLR 1.1.4322; .NET CLR 2.0.50727)"
64.252.49.82 - - [20/Jul/2008:07:51:11 -0400] "GET /images/head_btn-shop.gif HTTP/1.1" 200 1970 "https://www.aceonlinestore.com/cgi-bin/lansaweb?procfun+wordpr01+webfunc+M37+funcparms+WEBKEY(A0100):CSTSIGN+WEBCSTWRK(A0070):fnvolpe" "Mozilla/4.0 (compatible; MSIE 7.0; Windows NT 5.1; YPC 3.2.0; .NET CLR 1.1.4322; .NET CLR 2.0.50727)"
64.252.49.82 - - [20/Jul/2008:07:51:11 -0400] "GET /images/head_aceLogo.gif HTTP/1.1" 200 984 "https://www.aceonlinestore.com/cgi-bin/lansaweb?procfun+wordpr01+webfunc+M37+funcparms+WEBKEY(A0100):CSTSIGN+WEBCSTWRK(A0070):fnvolpe" "Mozilla/4.0 (compatible; MSIE 7.0; Windows NT 5.1; YPC 3.2.0; .NET CLR 1.1.4322; .NET CLR 2.0.50727)"
64.252.49.82 - - [20/Jul/2008:07:51:11 -0400] "GET /images/head_btn-products.gif HTTP/1.1" 200 1531 "https://www.aceonlinestore.com/cgi-bin/lansaweb?procfun+wordpr01+webfunc+M37+funcparms+WEBKEY(A0100):CSTSIGN+WEBCSTWRK(A0070):fnvolpe" "Mozilla/4.0 (compatible; MSIE 7.0; Windows NT 5.1; YPC 3.2.0; .NET CLR 1.1.4322; .NET CLR 2.0.50727)"
64.252.49.82 - - [20/Jul/2008:07:51:11 -0400] "GET /images/head_btn-catalogs.gif HTTP/1.1" 200 1729 "https://www.aceonlinestore.com/cgi-bin/lansaweb?procfun+wordpr01+webfunc+M37+funcparms+WEBKEY(A0100):CSTSIGN+WEBCSTWRK(A0070):fnvolpe" "Mozilla/4.0 (compatible; MSIE 7.0; Windows NT 5.1; YPC 3.2.0; .NET CLR 1.1.4322; .NET CLR 2.0.50727)"
64.252.49.82 - - [20/Jul/2008:07:51:11 -0400] "GET /images/head_btn-brochures.gif HTTP/1.1" 200 1768 "https://www.aceonlinestore.com/cgi-bin/lansaweb?procfun+wordpr01+webfunc+M37+funcparms+WEBKEY(A0100):CSTSIGN+WEBCSTWRK(A0070):fnvolpe" "Mozilla/4.0 (compatible; MSIE 7.0; Windows NT 5.1; YPC 3.2.0; .NET CLR 1.1.4322; .NET CLR 2.0.50727)"
64.252.49.82 - - [20/Jul/2008:07:51:11 -0400] "GET /images/head_btn-space1.gif HTTP/1.1" 200 5036 "https://www.aceonlinestore.com/cgi-bin/lansaweb?procfun+wordpr01+webfunc+M37+funcparms+WEBKEY(A0100):CSTSIGN+WEBCSTWRK(A0070):fnvolpe" "Mozilla/4.0 (compatible; MSIE 7.0; Windows NT 5.1; YPC 3.2.0; .NET CLR 1.1.4322; .NET CLR 2.0.50727)"
64.252.49.82 - - [20/Jul/2008:07:51:11 -0400] "GET /images/head_btn-aboutUs.gif HTTP/1.1" 200 1459 "https://www.aceonlinestore.com/cgi-bin/lansaweb?procfun+wordpr01+webfunc+M37+funcparms+WEBKEY(A0100):CSTSIGN+WEBCSTWRK(A0070):fnvolpe" "Mozilla/4.0 (compatible; MSIE 7.0; Windows NT 5.1; YPC 3.2.0; .NET CLR 1.1.4322; .NET CLR 2.0.50727)"
64.252.49.82 - - [20/Jul/2008:07:51:11 -0400] "GET /images/head_surgical-supply.gif HTTP/1.1" 200 764 "https://www.aceonlinestore.com/cgi-bin/lansaweb?procfun+wordpr01+webfunc+M37+funcparms+WEBKEY(A0100):CSTSIGN+WEBCSTWRK(A0070):fnvolpe" "Mozilla/4.0 (compatible; MSIE 7.0; Windows NT 5.1; YPC 3.2.0; .NET CLR 1.1.4322; .NET CLR 2.0.50727)"
64.252.49.82 - - [20/Jul/2008:07:51:12 -0400] "GET /images/head_btn-tutorials.gif HTTP/1.1" 200 1160 "https://www.aceonlinestore.com/cgi-bin/lansaweb?procfun+wordpr01+webfunc+M37+funcparms+WEBKEY(A0100):CSTSIGN+WEBCSTWRK(A0070):fnvolpe" "Mozilla/4.0 (compatible; MSIE 7.0; Windows NT 5.1; YPC 3.2.0; .NET CLR 1.1.4322; .NET CLR 2.0.50727)"
64.252.49.82 - - [20/Jul/2008:07:51:12 -0400] "GET /images/head_btn-seminars.gif HTTP/1.1" 200 1250 "https://www.aceonlinestore.com/cgi-bin/lansaweb?procfun+wordpr01+webfunc+M37+funcparms+WEBKEY(A0100):CSTSIGN+WEBCSTWRK(A0070):fnvolpe" "Mozilla/4.0 (compatible; MSIE 7.0; Windows NT 5.1; YPC 3.2.0; .NET CLR 1.1.4322; .NET CLR 2.0.50727)"
64.252.49.82 - - [20/Jul/2008:07:51:12 -0400] "GET /images/head_btn-conventions.gif HTTP/1.1" 200 1367 "https://www.aceonlinestore.com/cgi-bin/lansaweb?procfun+wordpr01+webfunc+M37+funcparms+WEBKEY(A0100):CSTSIGN+WEBCSTWRK(A0070):fnvolpe" "Mozilla/4.0 (compatible; MSIE 7.0; Windows NT 5.1; YPC 3.2.0; .NET CLR 1.1.4322; .NET CLR 2.0.50727)"
64.252.49.82 - - [20/Jul/2008:07:51:12 -0400] "GET /images/head_btn-contactUs.gif HTTP/1.1" 200 1235 "https://www.aceonlinestore.com/cgi-bin/lansaweb?procfun+wordpr01+webfunc+M37+funcparms+WEBKEY(A0100):CSTSIGN+WEBCSTWRK(A0070):fnvolpe" "Mozilla/4.0 (compatible; MSIE 7.0; Windows NT 5.1; YPC 3.2.0; .NET CLR 1.1.4322; .NET CLR 2.0.50727)"
64.252.49.82 - - [20/Jul/2008:07:51:12 -0400] "GET /images/head_btn-spacer2.gif HTTP/1.1" 200 2237 "https://www.aceonlinestore.com/cgi-bin/lansaweb?procfun+wordpr01+webfunc+M37+funcparms+WEBKEY(A0100):CSTSIGN+WEBCSTWRK(A0070):fnvolpe" "Mozilla/4.0 (compatible; MSIE 7.0; Windows NT 5.1; YPC 3.2.0; .NET CLR 1.1.4322; .NET CLR 2.0.50727)"
64.252.49.82 - - [20/Jul/2008:07:51:12 -0400] "GET /images/login_go.gif HTTP/1.1" 200 296 "https://www.aceonlinestore.com/cgi-bin/lansaweb?procfun+wordpr01+webfunc+M37+funcparms+WEBKEY(A0100):CSTSIGN+WEBCSTWRK(A0070):fnvolpe" "Mozilla/4.0 (compatible; MSIE 7.0; Windows NT 5.1; YPC 3.2.0; .NET CLR 1.1.4322; .NET CLR 2.0.50727)"
64.252.49.82 - - [20/Jul/2008:07:51:12 -0400] "GET /images/blend.jpg HTTP/1.1" 200 405 "https://www.aceonlinestore.com/cgi-bin/lansaweb?procfun+wordpr01+webfunc+M37+funcparms+WEBKEY(A0100):CSTSIGN+WEBCSTWRK(A0070):fnvolpe" "Mozilla/4.0 (compatible; MSIE 7.0; Windows NT 5.1; YPC 3.2.0; .NET CLR 1.1.4322; .NET CLR 2.0.50727)"
64.252.49.82 - - [20/Jul/2008:07:51:12 -0400] "GET /favicon.ico HTTP/1.1" 404 209 "-" "Mozilla/4.0 (compatible; MSIE 7.0; Windows NT 5.1; YPC 3.2.0; .NET CLR 1.1.4322; .NET CLR 2.0.50727)"
64.252.49.82 - - [20/Jul/2008:07:51:12 -0400] "GET /images/head_aceLogo-over.gif HTTP/1.1" 200 1296 "https://www.aceonlinestore.com/cgi-bin/lansaweb?procfun+wordpr01+webfunc+M37+funcparms+WEBKEY(A0100):CSTSIGN+WEBCSTWRK(A0070):fnvolpe" "Mozilla/4.0 (compatible; MSIE 7.0; Windows NT 5.1; YPC 3.2.0; .NET CLR 1.1.4322; .NET CLR 2.0.50727)"
64.252.49.82 - - [20/Jul/2008:07:51:12 -0400] "GET /images/head_btn-shop-over.gif HTTP/1.1" 200 1473 "https://www.aceonlinestore.com/cgi-bin/lansaweb?procfun+wordpr01+webfunc+M37+funcparms+WEBKEY(A0100):CSTSIGN+WEBCSTWRK(A0070):fnvolpe" "Mozilla/4.0 (compatible; MSIE 7.0; Windows NT 5.1; YPC 3.2.0; .NET CLR 1.1.4322; .NET CLR 2.0.50727)"
64.252.49.82 - - [20/Jul/2008:07:51:12 -0400] "GET /images/head_btn-products-over.gif HTTP/1.1" 200 1396 "https://www.aceonlinestore.com/cgi-bin/lansaweb?procfun+wordpr01+webfunc+M37+funcparms+WEBKEY(A0100):CSTSIGN+WEBCSTWRK(A0070):fnvolpe" "Mozilla/4.0 (compatible; MSIE 7.0; Windows NT 5.1; YPC 3.2.0; .NET CLR 1.1.4322; .NET CLR 2.0.50727)"
64.252.49.82 - - [20/Jul/2008:07:51:14 -0400] "GET /images/head_btn-catalog-over.gif HTTP/1.1" 200 1354 "https://www.aceonlinestore.com/cgi-bin/lansaweb?procfun+wordpr01+webfunc+M37+funcparms+WEBKEY(A0100):CSTSIGN+WEBCSTWRK(A0070):fnvolpe" "Mozilla/4.0 (compatible; MSIE 7.0; Windows NT 5.1; YPC 3.2.0; .NET CLR 1.1.4322; .NET CLR 2.0.50727)"
64.252.49.82 - - [20/Jul/2008:07:51:14 -0400] "GET /images/head_btn-brochures-over.gif HTTP/1.1" 200 1392 "https://www.aceonlinestore.com/cgi-bin/lansaweb?procfun+wordpr01+webfunc+M37+funcparms+WEBKEY(A0100):CSTSIGN+WEBCSTWRK(A0070):fnvolpe" "Mozilla/4.0 (compatible; MSIE 7.0; Windows NT 5.1; YPC 3.2.0; .NET CLR 1.1.4322; .NET CLR 2.0.50727)"
64.252.49.82 - - [20/Jul/2008:07:51:14 -0400] "GET /images/head_btn-aboutUs-over.gif HTTP/1.1" 200 1156 "https://www.aceonlinestore.com/cgi-bin/lansaweb?procfun+wordpr01+webfunc+M37+funcparms+WEBKEY(A0100):CSTSIGN+WEBCSTWRK(A0070):fnvolpe" "Mozilla/4.0 (compatible; MSIE 7.0; Windows NT 5.1; YPC 3.2.0; .NET CLR 1.1.4322; .NET CLR 2.0.50727)"
64.252.49.82 - - [20/Jul/2008:07:51:14 -0400] "GET /images/head_btn-tutorials-over.gif HTTP/1.1" 200 1097 "https://www.aceonlinestore.com/cgi-bin/lansaweb?procfun+wordpr01+webfunc+M37+funcparms+WEBKEY(A0100):CSTSIGN+WEBCSTWRK(A0070):fnvolpe" "Mozilla/4.0 (compatible; MSIE 7.0; Windows NT 5.1; YPC 3.2.0; .NET CLR 1.1.4322; .NET CLR 2.0.50727)"
64.252.49.82 - - [20/Jul/2008:07:51:14 -0400] "GET /images/head_btn-seminars-over.gif HTTP/1.1" 200 1089 "https://www.aceonlinestore.com/cgi-bin/lansaweb?procfun+wordpr01+webfunc+M37+funcparms+WEBKEY(A0100):CSTSIGN+WEBCSTWRK(A0070):fnvolpe" "Mozilla/4.0 (compatible; MSIE 7.0; Windows NT 5.1; YPC 3.2.0; .NET CLR 1.1.4322; .NET CLR 2.0.50727)"
64.252.49.82 - - [20/Jul/2008:07:51:14 -0400] "GET /images/head_btn-conventions-over.gif HTTP/1.1" 200 1195 "https://www.aceonlinestore.com/cgi-bin/lansaweb?procfun+wordpr01+webfunc+M37+funcparms+WEBKEY(A0100):CSTSIGN+WEBCSTWRK(A0070):fnvolpe" "Mozilla/4.0 (compatible; MSIE 7.0; Windows NT 5.1; YPC 3.2.0; .NET CLR 1.1.4322; .NET CLR 2.0.50727)"
64.252.49.82 - - [20/Jul/2008:07:51:14 -0400] "GET /images/head_btn-contactUs-over.gif HTTP/1.1" 200 1110 "https://www.aceonlinestore.com/cgi-bin/lansaweb?procfun+wordpr01+webfunc+M37+funcparms+WEBKEY(A0100):CSTSIGN+WEBCSTWRK(A0070):fnvolpe" "Mozilla/4.0 (compatible; MSIE 7.0; Windows NT 5.1; YPC 3.2.0; .NET CLR 1.1.4322; .NET CLR 2.0.50727)"
64.252.49.82 - - [20/Jul/2008:07:52:08 -0400] "POST /CGI-BIN/LANSAWEB?WEBEVENT+L8F16E9281A62C300FFC5051+M37+ENG HTTP/1.1" 200 37458 "https://www.aceonlinestore.com/cgi-bin/lansaweb?procfun+wordpr01+webfunc+M37+funcparms+WEBKEY(A0100):CSTSIGN+WEBCSTWRK(A0070):fnvolpe" "Mozilla/4.0 (compatible; MSIE 7.0; Windows NT 5.1; YPC 3.2.0; .NET CLR 1.1.4322; .NET CLR 2.0.50727)"
64.252.49.82 - - [20/Jul/2008:07:52:09 -0400] "GET /images/psearch_go.gif HTTP/1.1" 200 296 "https://www.aceonlinestore.com/CGI-BIN/LANSAWEB?WEBEVENT+L8F16E9281A62C300FFC5051+M37+ENG" "Mozilla/4.0 (compatible; MSIE 7.0; Windows NT 5.1; YPC 3.2.0; .NET CLR 1.1.4322; .NET CLR 2.0.50727)"
64.252.49.82 - - [20/Jul/2008:07:52:14 -0400] "POST /CGI-BIN/LANSAWEB?WEBEVENT+L8F16E9281A62C300FFC5051+M37+ENG HTTP/1.1" 200 37666 "https://www.aceonlinestore.com/cgi-bin/lansaweb?procfun+wordpr01+webfunc+M37+funcparms+WEBKEY(A0100):CSTSIGN+WEBCSTWRK(A0070):fnvolpe" "Mozilla/4.0 (compatible; MSIE 7.0; Windows NT 5.1; YPC 3.2.0; .NET CLR 1.1.4322; .NET CLR 2.0.50727)"
64.252.49.82 - - [20/Jul/2008:07:52:22 -0400] "POST /CGI-BIN/LANSAWEB?WEBEVENT+L8F16EA251C72F3003D95051+M37+ENG HTTP/1.1" 200 75532 "https://www.aceonlinestore.com/CGI-BIN/LANSAWEB?WEBEVENT+L8F16E9281A62C300FFC5051+M37+ENG" "Mozilla/4.0 (compatible; MSIE 7.0; Windows NT 5.1; YPC 3.2.0; .NET CLR 1.1.4322; .NET CLR 2.0.50727)"
64.252.49.82 - - [20/Jul/2008:07:52:25 -0400] "GET /images/cat_dot.gif HTTP/1.1" 200 45 "https://www.aceonlinestore.com/CGI-BIN/LANSAWEB?WEBEVENT+L8F16EA251C72F3003D95051+M37+ENG" "Mozilla/4.0 (compatible; MSIE 7.0; Windows NT 5.1; YPC 3.2.0; .NET CLR 1.1.4322; .NET CLR 2.0.50727)"
64.252.49.82 - - [20/Jul/2008:07:52:25 -0400] "GET /images/cat_link.gif HTTP/1.1" 200 46 "https://www.aceonlinestore.com/CGI-BIN/LANSAWEB?WEBEVENT+L8F16EA251C72F3003D95051+M37+ENG" "Mozilla/4.0 (compatible; MSIE 7.0; Windows NT 5.1; YPC 3.2.0; .NET CLR 1.1.4322; .NET CLR 2.0.50727)"
64.252.49.82 - - [20/Jul/2008:07:52:25 -0400] "GET /images/cat_expand.gif HTTP/1.1" 200 79 "https://www.aceonlinestore.com/CGI-BIN/LANSAWEB?WEBEVENT+L8F16EA251C72F3003D95051+M37+ENG" "Mozilla/4.0 (compatible; MSIE 7.0; Windows NT 5.1; YPC 3.2.0; .NET CLR 1.1.4322; .NET CLR 2.0.50727)"
64.252.49.82 - - [20/Jul/2008:07:52:38 -0400] "GET /images/cat_collapse.gif HTTP/1.1" 200 76 "https://www.aceonlinestore.com/CGI-BIN/LANSAWEB?WEBEVENT+L8F16EA251C72F3003D95051+M37+ENG" "Mozilla/4.0 (compatible; MSIE 7.0; Windows NT 5.1; YPC 3.2.0; .NET CLR 1.1.4322; .NET CLR 2.0.50727)"
64.252.49.82 - - [20/Jul/2008:07:52:45 -0400] "POST /CGI-BIN/LANSAWEB?WEBEVENT+L8F16EA2D1462F3003E35051+M37+ENG HTTP/1.1" 200 59996 "-" "Mozilla/4.0 (compatible; MSIE 7.0; Windows NT 5.1; YPC 3.2.0; .NET CLR 1.1.4322; .NET CLR 2.0.50727)"
64.252.49.82 - - [20/Jul/2008:07:52:45 -0400] "GET /images/head_aceLogo.gif HTTP/1.1" 200 984 "http://www.aceonlinestore.com/CGI-BIN/LANSAWEB?WEBEVENT+L8F16EA2D1462F3003E35051+M37+ENG" "Mozilla/4.0 (compatible; MSIE 7.0; Windows NT 5.1; YPC 3.2.0; .NET CLR 1.1.4322; .NET CLR 2.0.50727)"
64.252.49.82 - - [20/Jul/2008:07:52:45 -0400] "GET /images/head_btn-shop.gif HTTP/1.1" 200 1970 "http://www.aceonlinestore.com/CGI-BIN/LANSAWEB?WEBEVENT+L8F16EA2D1462F3003E35051+M37+ENG" "Mozilla/4.0 (compatible; MSIE 7.0; Windows NT 5.1; YPC 3.2.0; .NET CLR 1.1.4322; .NET CLR 2.0.50727)"
64.252.49.82 - - [20/Jul/2008:07:52:45 -0400] "GET /images/head_btn-products.gif HTTP/1.1" 200 1531 "http://www.aceonlinestore.com/CGI-BIN/LANSAWEB?WEBEVENT+L8F16EA2D1462F3003E35051+M37+ENG" "Mozilla/4.0 (compatible; MSIE 7.0; Windows NT 5.1; YPC 3.2.0; .NET CLR 1.1.4322; .NET CLR 2.0.50727)"
64.252.49.82 - - [20/Jul/2008:07:52:46 -0400] "GET /images/head_btn-space1.gif HTTP/1.1" 200 5036 "http://www.aceonlinestore.com/CGI-BIN/LANSAWEB?WEBEVENT+L8F16EA2D1462F3003E35051+M37+ENG" "Mozilla/4.0 (compatible; MSIE 7.0; Windows NT 5.1; YPC 3.2.0; .NET CLR 1.1.4322; .NET CLR 2.0.50727)"
64.252.49.82 - - [20/Jul/2008:07:52:46 -0400] "GET /images/head_btn-brochures.gif HTTP/1.1" 200 1768 "http://www.aceonlinestore.com/CGI-BIN/LANSAWEB?WEBEVENT+L8F16EA2D1462F3003E35051+M37+ENG" "Mozilla/4.0 (compatible; MSIE 7.0; Windows NT 5.1; YPC 3.2.0; .NET CLR 1.1.4322; .NET CLR 2.0.50727)"
64.252.49.82 - - [20/Jul/2008:07:52:46 -0400] "GET /images/head_surgical-supply.gif HTTP/1.1" 200 764 "http://www.aceonlinestore.com/CGI-BIN/LANSAWEB?WEBEVENT+L8F16EA2D1462F3003E35051+M37+ENG" "Mozilla/4.0 (compatible; MSIE 7.0; Windows NT 5.1; YPC 3.2.0; .NET CLR 1.1.4322; .NET CLR 2.0.50727)"
64.252.49.82 - - [20/Jul/2008:07:52:46 -0400] "GET /images/head_btn-aboutUs.gif HTTP/1.1" 200 1459 "http://www.aceonlinestore.com/CGI-BIN/LANSAWEB?WEBEVENT+L8F16EA2D1462F3003E35051+M37+ENG" "Mozilla/4.0 (compatible; MSIE 7.0; Windows NT 5.1; YPC 3.2.0; .NET CLR 1.1.4322; .NET CLR 2.0.50727)"
64.252.49.82 - - [20/Jul/2008:07:52:46 -0400] "GET /images/head_btn-tutorials.gif HTTP/1.1" 200 1160 "http://www.aceonlinestore.com/CGI-BIN/LANSAWEB?WEBEVENT+L8F16EA2D1462F3003E35051+M37+ENG" "Mozilla/4.0 (compatible; MSIE 7.0; Windows NT 5.1; YPC 3.2.0; .NET CLR 1.1.4322; .NET CLR 2.0.50727)"
64.252.49.82 - - [20/Jul/2008:07:52:46 -0400] "GET /images/head_btn-seminars.gif HTTP/1.1" 200 1250 "http://www.aceonlinestore.com/CGI-BIN/LANSAWEB?WEBEVENT+L8F16EA2D1462F3003E35051+M37+ENG" "Mozilla/4.0 (compatible; MSIE 7.0; Windows NT 5.1; YPC 3.2.0; .NET CLR 1.1.4322; .NET CLR 2.0.50727)"
64.252.49.82 - - [20/Jul/2008:07:52:46 -0400] "GET /images/head_btn-conventions.gif HTTP/1.1" 200 1367 "http://www.aceonlinestore.com/CGI-BIN/LANSAWEB?WEBEVENT+L8F16EA2D1462F3003E35051+M37+ENG" "Mozilla/4.0 (compatible; MSIE 7.0; Windows NT 5.1; YPC 3.2.0; .NET CLR 1.1.4322; .NET CLR 2.0.50727)"
64.252.49.82 - - [20/Jul/2008:07:52:46 -0400] "GET /images/head_btn-contactUs.gif HTTP/1.1" 200 1235 "http://www.aceonlinestore.com/CGI-BIN/LANSAWEB?WEBEVENT+L8F16EA2D1462F3003E35051+M37+ENG" "Mozilla/4.0 (compatible; MSIE 7.0; Windows NT 5.1; YPC 3.2.0; .NET CLR 1.1.4322; .NET CLR 2.0.50727)"
64.252.49.82 - - [20/Jul/2008:07:52:46 -0400] "GET /images/head_btn-spacer2.gif HTTP/1.1" 200 2237 "http://www.aceonlinestore.com/CGI-BIN/LANSAWEB?WEBEVENT+L8F16EA2D1462F3003E35051+M37+ENG" "Mozilla/4.0 (compatible; MSIE 7.0; Windows NT 5.1; YPC 3.2.0; .NET CLR 1.1.4322; .NET CLR 2.0.50727)"
64.252.49.82 - - [20/Jul/2008:07:52:47 -0400] "GET /images/blend.jpg HTTP/1.1" 200 405 "http://www.aceonlinestore.com/CGI-BIN/LANSAWEB?WEBEVENT+L8F16EA2D1462F3003E35051+M37+ENG" "Mozilla/4.0 (compatible; MSIE 7.0; Windows NT 5.1; YPC 3.2.0; .NET CLR 1.1.4322; .NET CLR 2.0.50727)"
64.252.49.82 - - [20/Jul/2008:07:52:47 -0400] "GET /images/pf-a.gif HTTP/1.1" 200 798 "http://www.aceonlinestore.com/CGI-BIN/LANSAWEB?WEBEVENT+L8F16EA2D1462F3003E35051+M37+ENG" "Mozilla/4.0 (compatible; MSIE 7.0; Windows NT 5.1; YPC 3.2.0; .NET CLR 1.1.4322; .NET CLR 2.0.50727)"
64.252.49.82 - - [20/Jul/2008:07:52:47 -0400] "GET /images/items/0037215_THUMB.JPG HTTP/1.1" 200 2971 "http://www.aceonlinestore.com/CGI-BIN/LANSAWEB?WEBEVENT+L8F16EA2D1462F3003E35051+M37+ENG" "Mozilla/4.0 (compatible; MSIE 7.0; Windows NT 5.1; YPC 3.2.0; .NET CLR 1.1.4322; .NET CLR 2.0.50727)"
64.252.49.82 - - [20/Jul/2008:07:52:47 -0400] "GET /images/space.gif HTTP/1.1" 200 43 "http://www.aceonlinestore.com/CGI-BIN/LANSAWEB?WEBEVENT+L8F16EA2D1462F3003E35051+M37+ENG" "Mozilla/4.0 (compatible; MSIE 7.0; Windows NT 5.1; YPC 3.2.0; .NET CLR 1.1.4322; .NET CLR 2.0.50727)"
64.252.49.82 - - [20/Jul/2008:07:52:47 -0400] "GET /images/next.gif HTTP/1.1" 200 249 "http://www.aceonlinestore.com/CGI-BIN/LANSAWEB?WEBEVENT+L8F16EA2D1462F3003E35051+M37+ENG" "Mozilla/4.0 (compatible; MSIE 7.0; Windows NT 5.1; YPC 3.2.0; .NET CLR 1.1.4322; .NET CLR 2.0.50727)"
64.252.49.82 - - [20/Jul/2008:07:52:48 -0400] "GET /images/head_btn-catalogs.gif HTTP/1.1" 200 1729 "http://www.aceonlinestore.com/CGI-BIN/LANSAWEB?WEBEVENT+L8F16EA2D1462F3003E35051+M37+ENG" "Mozilla/4.0 (compatible; MSIE 7.0; Windows NT 5.1; YPC 3.2.0; .NET CLR 1.1.4322; .NET CLR 2.0.50727)"
64.252.49.82 - - [20/Jul/2008:07:52:49 -0400] "GET /favicon.ico HTTP/1.1" 404 209 "-" "Mozilla/4.0 (compatible; MSIE 7.0; Windows NT 5.1; YPC 3.2.0; .NET CLR 1.1.4322; .NET CLR 2.0.50727)"
64.252.49.82 - - [20/Jul/2008:07:52:49 -0400] "GET /images/head_aceLogo-over.gif HTTP/1.1" 200 1296 "http://www.aceonlinestore.com/CGI-BIN/LANSAWEB?WEBEVENT+L8F16EA2D1462F3003E35051+M37+ENG" "Mozilla/4.0 (compatible; MSIE 7.0; Windows NT 5.1; YPC 3.2.0; .NET CLR 1.1.4322; .NET CLR 2.0.50727)"
64.252.49.82 - - [20/Jul/2008:07:52:49 -0400] "GET /images/head_btn-shop-over.gif HTTP/1.1" 200 1473 "http://www.aceonlinestore.com/CGI-BIN/LANSAWEB?WEBEVENT+L8F16EA2D1462F3003E35051+M37+ENG" "Mozilla/4.0 (compatible; MSIE 7.0; Windows NT 5.1; YPC 3.2.0; .NET CLR 1.1.4322; .NET CLR 2.0.50727)"
64.252.49.82 - - [20/Jul/2008:07:52:49 -0400] "GET /images/head_btn-products-over.gif HTTP/1.1" 200 1396 "http://www.aceonlinestore.com/CGI-BIN/LANSAWEB?WEBEVENT+L8F16EA2D1462F3003E35051+M37+ENG" "Mozilla/4.0 (compatible; MSIE 7.0; Windows NT 5.1; YPC 3.2.0; .NET CLR 1.1.4322; .NET CLR 2.0.50727)"
64.252.49.82 - - [20/Jul/2008:07:52:49 -0400] "GET /images/head_btn-catalog-over.gif HTTP/1.1" 200 1354 "http://www.aceonlinestore.com/CGI-BIN/LANSAWEB?WEBEVENT+L8F16EA2D1462F3003E35051+M37+ENG" "Mozilla/4.0 (compatible; MSIE 7.0; Windows NT 5.1; YPC 3.2.0; .NET CLR 1.1.4322; .NET CLR 2.0.50727)"
64.252.49.82 - - [20/Jul/2008:07:52:49 -0400] "GET /images/head_btn-brochures-over.gif HTTP/1.1" 200 1392 "http://www.aceonlinestore.com/CGI-BIN/LANSAWEB?WEBEVENT+L8F16EA2D1462F3003E35051+M37+ENG" "Mozilla/4.0 (compatible; MSIE 7.0; Windows NT 5.1; YPC 3.2.0; .NET CLR 1.1.4322; .NET CLR 2.0.50727)"
