85.105.85.50 - - [12/May/2009:03:26:43 -0400] "GET /images/pf-b.gif HTTP/1.1" 200 813 "http://www.aceonlinestore.com/CGI-BIN/LANSAWEB?WEBEVENT+L504AD6458FE058005CDC04W+M37+ENG" "Mozilla/4.0 (compatible; MSIE 6.0; Windows NT 5.1; SV1; GTB6; InfoPath.1)"
85.105.85.50 - - [12/May/2009:03:26:43 -0400] "GET /images/pf-a.gif HTTP/1.1" 304 - "http://www.aceonlinestore.com/CGI-BIN/LANSAWEB?WEBEVENT+L504AD6458FE058005CDC04W+M37+ENG" "Mozilla/4.0 (compatible; MSIE 6.0; Windows NT 5.1; SV1; GTB6; InfoPath.1)"
85.105.85.50 - - [12/May/2009:03:26:43 -0400] "GET /images/head_btn-conventions.gif HTTP/1.1" 304 - "http://www.aceonlinestore.com/CGI-BIN/LANSAWEB?WEBEVENT+L504AD6458FE058005CDC04W+M37+ENG" "Mozilla/4.0 (compatible; MSIE 6.0; Windows NT 5.1; SV1; GTB6; InfoPath.1)"
85.105.85.50 - - [12/May/2009:03:26:43 -0400] "GET /images/head_btn-conventions-over.gif HTTP/1.1" 304 - "http://www.aceonlinestore.com/CGI-BIN/LANSAWEB?WEBEVENT+L504AD6458FE058005CDC04W+M37+ENG" "Mozilla/4.0 (compatible; MSIE 6.0; Windows NT 5.1; SV1; GTB6; InfoPath.1)"
217.199.222.19 - - [12/May/2009:03:26:45 -0400] "GET /logs/access_log.Q109042600/?_SERVER[DOCUMENT_ROOT]=http://www.xgamex.org/xgamex/id.txt?? HTTP/1.1" 404 225 "-" "Mozilla/5.0"
83.206.45.1 - - [12/May/2009:03:26:52 -0400] "GET /logs/error_log.Q109032500/index.php/component/option,com_joomap/Itemid,15/index.php?option=com_joomap&Itemid=&mosConfig_absolute_path=http://www.gitchigaming.com/.inv?? HTTP/1.1" 404 281 "-" "libwww-perl/5.803"
83.206.45.1 - - [12/May/2009:03:26:52 -0400] "GET /logs/access_log.Q109032500/index.php/component/option,com_joomap/Itemid,15/index.php?option=com_joomap&Itemid=&mosConfig_absolute_path=http://www.gitchigaming.com/.inv?? HTTP/1.1" 404 282 "-" "libwww-perl/5.803"
85.105.85.50 - - [12/May/2009:03:26:56 -0400] "GET /images/psearch_go-over.gif HTTP/1.1" 304 - "http://www.aceonlinestore.com/CGI-BIN/LANSAWEB?WEBEVENT+L504AD6458FE058005CDC04W+M37+ENG" "Mozilla/4.0 (compatible; MSIE 6.0; Windows NT 5.1; SV1; GTB6; InfoPath.1)"
85.105.85.50 - - [12/May/2009:03:26:57 -0400] "GET /images/psearch_go.gif HTTP/1.1" 304 - "http://www.aceonlinestore.com/CGI-BIN/LANSAWEB?WEBEVENT+L504AD6458FE058005CDC04W+M37+ENG" "Mozilla/4.0 (compatible; MSIE 6.0; Windows NT 5.1; SV1; GTB6; InfoPath.1)"
85.105.85.50 - - [12/May/2009:03:26:56 -0400] "POST /CGI-BIN/LANSAWEB?WEBEVENT+L504AD649868018006F6C04W+M37+ENG HTTP/1.1" 200 46512 "http://www.aceonlinestore.com/CGI-BIN/LANSAWEB?WEBEVENT+L504AD6458FE058005CDC04W+M37+ENG" "Mozilla/4.0 (compatible; MSIE 6.0; Windows NT 5.1; SV1; GTB6; InfoPath.1)"
85.105.85.50 - - [12/May/2009:03:26:58 -0400] "GET /images/head_aceLogo.gif HTTP/1.1" 304 - "http://www.aceonlinestore.com/CGI-BIN/LANSAWEB?WEBEVENT+L504AD649868018006F6C04W+M37+ENG" "Mozilla/4.0 (compatible; MSIE 6.0; Windows NT 5.1; SV1; GTB6; InfoPath.1)"
85.105.85.50 - - [12/May/2009:03:26:58 -0400] "GET /images/head_btn-shop.gif HTTP/1.1" 304 - "http://www.aceonlinestore.com/CGI-BIN/LANSAWEB?WEBEVENT+L504AD649868018006F6C04W+M37+ENG" "Mozilla/4.0 (compatible; MSIE 6.0; Windows NT 5.1; SV1; GTB6; InfoPath.1)"
85.105.85.50 - - [12/May/2009:03:26:58 -0400] "GET /images/head_btn-products.gif HTTP/1.1" 304 - "http://www.aceonlinestore.com/CGI-BIN/LANSAWEB?WEBEVENT+L504AD649868018006F6C04W+M37+ENG" "Mozilla/4.0 (compatible; MSIE 6.0; Windows NT 5.1; SV1; GTB6; InfoPath.1)"
85.105.85.50 - - [12/May/2009:03:26:58 -0400] "GET /images/head_btn-catalogs.gif HTTP/1.1" 304 - "http://www.aceonlinestore.com/CGI-BIN/LANSAWEB?WEBEVENT+L504AD649868018006F6C04W+M37+ENG" "Mozilla/4.0 (compatible; MSIE 6.0; Windows NT 5.1; SV1; GTB6; InfoPath.1)"
85.105.85.50 - - [12/May/2009:03:26:58 -0400] "GET /images/head_btn-brochures.gif HTTP/1.1" 304 - "http://www.aceonlinestore.com/CGI-BIN/LANSAWEB?WEBEVENT+L504AD649868018006F6C04W+M37+ENG" "Mozilla/4.0 (compatible; MSIE 6.0; Windows NT 5.1; SV1; GTB6; InfoPath.1)"
85.105.85.50 - - [12/May/2009:03:26:59 -0400] "GET /images/head_btn-space1.gif HTTP/1.1" 304 - "http://www.aceonlinestore.com/CGI-BIN/LANSAWEB?WEBEVENT+L504AD649868018006F6C04W+M37+ENG" "Mozilla/4.0 (compatible; MSIE 6.0; Windows NT 5.1; SV1; GTB6; InfoPath.1)"
85.105.85.50 - - [12/May/2009:03:26:59 -0400] "GET /images/head_surgical-supply.gif HTTP/1.1" 304 - "http://www.aceonlinestore.com/CGI-BIN/LANSAWEB?WEBEVENT+L504AD649868018006F6C04W+M37+ENG" "Mozilla/4.0 (compatible; MSIE 6.0; Windows NT 5.1; SV1; GTB6; InfoPath.1)"
85.105.85.50 - - [12/May/2009:03:26:59 -0400] "GET /images/head_btn-aboutUs.gif HTTP/1.1" 304 - "http://www.aceonlinestore.com/CGI-BIN/LANSAWEB?WEBEVENT+L504AD649868018006F6C04W+M37+ENG" "Mozilla/4.0 (compatible; MSIE 6.0; Windows NT 5.1; SV1; GTB6; InfoPath.1)"
85.105.85.50 - - [12/May/2009:03:26:59 -0400] "GET /images/head_btn-tutorials.gif HTTP/1.1" 304 - "http://www.aceonlinestore.com/CGI-BIN/LANSAWEB?WEBEVENT+L504AD649868018006F6C04W+M37+ENG" "Mozilla/4.0 (compatible; MSIE 6.0; Windows NT 5.1; SV1; GTB6; InfoPath.1)"
85.105.85.50 - - [12/May/2009:03:26:59 -0400] "GET /images/head_btn-seminars.gif HTTP/1.1" 304 - "http://www.aceonlinestore.com/CGI-BIN/LANSAWEB?WEBEVENT+L504AD649868018006F6C04W+M37+ENG" "Mozilla/4.0 (compatible; MSIE 6.0; Windows NT 5.1; SV1; GTB6; InfoPath.1)"
85.105.85.50 - - [12/May/2009:03:27:00 -0400] "GET /images/head_btn-contactUs.gif HTTP/1.1" 304 - "http://www.aceonlinestore.com/CGI-BIN/LANSAWEB?WEBEVENT+L504AD649868018006F6C04W+M37+ENG" "Mozilla/4.0 (compatible; MSIE 6.0; Windows NT 5.1; SV1; GTB6; InfoPath.1)"
85.105.85.50 - - [12/May/2009:03:27:00 -0400] "GET /images/head_btn-spacer2.gif HTTP/1.1" 304 - "http://www.aceonlinestore.com/CGI-BIN/LANSAWEB?WEBEVENT+L504AD649868018006F6C04W+M37+ENG" "Mozilla/4.0 (compatible; MSIE 6.0; Windows NT 5.1; SV1; GTB6; InfoPath.1)"
85.105.85.50 - - [12/May/2009:03:27:00 -0400] "GET /images/login_go.gif HTTP/1.1" 304 - "http://www.aceonlinestore.com/CGI-BIN/LANSAWEB?WEBEVENT+L504AD649868018006F6C04W+M37+ENG" "Mozilla/4.0 (compatible; MSIE 6.0; Windows NT 5.1; SV1; GTB6; InfoPath.1)"
85.105.85.50 - - [12/May/2009:03:27:00 -0400] "GET /images/blend.jpg HTTP/1.1" 304 - "http://www.aceonlinestore.com/CGI-BIN/LANSAWEB?WEBEVENT+L504AD649868018006F6C04W+M37+ENG" "Mozilla/4.0 (compatible; MSIE 6.0; Windows NT 5.1; SV1; GTB6; InfoPath.1)"
85.105.85.50 - - [12/May/2009:03:27:00 -0400] "GET /images/items/5094000_THUMB.JPG HTTP/1.1" 200 1963 "http://www.aceonlinestore.com/CGI-BIN/LANSAWEB?WEBEVENT+L504AD649868018006F6C04W+M37+ENG" "Mozilla/4.0 (compatible; MSIE 6.0; Windows NT 5.1; SV1; GTB6; InfoPath.1)"
85.105.85.50 - - [12/May/2009:03:27:00 -0400] "GET /images/space.gif HTTP/1.1" 304 - "http://www.aceonlinestore.com/CGI-BIN/LANSAWEB?WEBEVENT+L504AD649868018006F6C04W+M37+ENG" "Mozilla/4.0 (compatible; MSIE 6.0; Windows NT 5.1; SV1; GTB6; InfoPath.1)"
85.105.85.50 - - [12/May/2009:03:27:01 -0400] "GET /images/head_aceLogo-over.gif HTTP/1.1" 304 - "http://www.aceonlinestore.com/CGI-BIN/LANSAWEB?WEBEVENT+L504AD649868018006F6C04W+M37+ENG" "Mozilla/4.0 (compatible; MSIE 6.0; Windows NT 5.1; SV1; GTB6; InfoPath.1)"
85.105.85.50 - - [12/May/2009:03:27:01 -0400] "GET /images/head_btn-shop-over.gif HTTP/1.1" 304 - "http://www.aceonlinestore.com/CGI-BIN/LANSAWEB?WEBEVENT+L504AD649868018006F6C04W+M37+ENG" "Mozilla/4.0 (compatible; MSIE 6.0; Windows NT 5.1; SV1; GTB6; InfoPath.1)"
85.105.85.50 - - [12/May/2009:03:27:01 -0400] "GET /images/head_btn-products-over.gif HTTP/1.1" 304 - "http://www.aceonlinestore.com/CGI-BIN/LANSAWEB?WEBEVENT+L504AD649868018006F6C04W+M37+ENG" "Mozilla/4.0 (compatible; MSIE 6.0; Windows NT 5.1; SV1; GTB6; InfoPath.1)"
85.105.85.50 - - [12/May/2009:03:27:01 -0400] "GET /images/head_btn-catalog-over.gif HTTP/1.1" 304 - "http://www.aceonlinestore.com/CGI-BIN/LANSAWEB?WEBEVENT+L504AD649868018006F6C04W+M37+ENG" "Mozilla/4.0 (compatible; MSIE 6.0; Windows NT 5.1; SV1; GTB6; InfoPath.1)"
85.105.85.50 - - [12/May/2009:03:27:02 -0400] "GET /images/head_btn-brochures-over.gif HTTP/1.1" 304 - "http://www.aceonlinestore.com/CGI-BIN/LANSAWEB?WEBEVENT+L504AD649868018006F6C04W+M37+ENG" "Mozilla/4.0 (compatible; MSIE 6.0; Windows NT 5.1; SV1; GTB6; InfoPath.1)"
85.105.85.50 - - [12/May/2009:03:27:02 -0400] "GET /images/head_btn-aboutUs-over.gif HTTP/1.1" 304 - "http://www.aceonlinestore.com/CGI-BIN/LANSAWEB?WEBEVENT+L504AD649868018006F6C04W+M37+ENG" "Mozilla/4.0 (compatible; MSIE 6.0; Windows NT 5.1; SV1; GTB6; InfoPath.1)"
85.105.85.50 - - [12/May/2009:03:27:02 -0400] "GET /images/head_btn-tutorials-over.gif HTTP/1.1" 304 - "http://www.aceonlinestore.com/CGI-BIN/LANSAWEB?WEBEVENT+L504AD649868018006F6C04W+M37+ENG" "Mozilla/4.0 (compatible; MSIE 6.0; Windows NT 5.1; SV1; GTB6; InfoPath.1)"
85.105.85.50 - - [12/May/2009:03:27:02 -0400] "GET /images/head_btn-seminars-over.gif HTTP/1.1" 304 - "http://www.aceonlinestore.com/CGI-BIN/LANSAWEB?WEBEVENT+L504AD649868018006F6C04W+M37+ENG" "Mozilla/4.0 (compatible; MSIE 6.0; Windows NT 5.1; SV1; GTB6; InfoPath.1)"
85.105.85.50 - - [12/May/2009:03:27:02 -0400] "GET /CGI-BIN/LANSAWEB?PROCFUN+WORDPR01+FULLIMG+M37+FUNCPARMS+WEBCMP(S0020):1+WEBSSN(A0240):L504AD5488D50C800A44C04W+WSEQ(S0060):1+OUITEM(A0200):5094000 HTTP/1.1" 200 27010 "-" "Mozilla/4.0 (compatible; MSIE 6.0; Windows NT 5.1; SV1; GTB6; InfoPath.1)"
85.105.85.50 - - [12/May/2009:03:27:03 -0400] "GET /images/head_btn-conventions-over.gif HTTP/1.1" 304 - "http://www.aceonlinestore.com/CGI-BIN/LANSAWEB?WEBEVENT+L504AD649868018006F6C04W+M37+ENG" "Mozilla/4.0 (compatible; MSIE 6.0; Windows NT 5.1; SV1; GTB6; InfoPath.1)"
85.105.85.50 - - [12/May/2009:03:27:03 -0400] "GET /images/head_btn-contactUs-over.gif HTTP/1.1" 304 - "http://www.aceonlinestore.com/CGI-BIN/LANSAWEB?WEBEVENT+L504AD649868018006F6C04W+M37+ENG" "Mozilla/4.0 (compatible; MSIE 6.0; Windows NT 5.1; SV1; GTB6; InfoPath.1)"
85.105.85.50 - - [12/May/2009:03:27:03 -0400] "GET /images/items/5094000_FULL.JPG HTTP/1.1" 200 6375 "http://www.aceonlinestore.com/CGI-BIN/LANSAWEB?PROCFUN+WORDPR01+FULLIMG+M37+FUNCPARMS+WEBCMP(S0020):1+WEBSSN(A0240):L504AD5488D50C800A44C04W+WSEQ(S0060):1+OUITEM(A0200):5094000" "Mozilla/4.0 (compatible; MSIE 6.0; Windows NT 5.1; SV1; GTB6; InfoPath.1)"
83.206.45.1 - - [12/May/2009:03:27:17 -0400] "GET /logs/error_log.Q109011200/index.php/component/option,com_joomap/Itemid,15/index.php?option=com_joomap&Itemid=&mosConfig_absolute_path=http://www.gitchigaming.com/.inv?? HTTP/1.1" 404 281 "-" "libwww-perl/5.803"
83.206.45.1 - - [12/May/2009:03:27:17 -0400] "GET /logs/error_log.Q108111100/index.php/component/option,com_joomap/Itemid,15/index.php?option=com_joomap&Itemid=&mosConfig_absolute_path=http://www.gitchigaming.com/.inv?? HTTP/1.1" 404 281 "-" "libwww-perl/5.803"
85.105.85.50 - - [12/May/2009:03:27:24 -0400] "GET /images/psearch_go-over.gif HTTP/1.1" 304 - "http://www.aceonlinestore.com/CGI-BIN/LANSAWEB?WEBEVENT+L504AD649868018006F6C04W+M37+ENG" "Mozilla/4.0 (compatible; MSIE 6.0; Windows NT 5.1; SV1; GTB6; InfoPath.1)"
85.105.85.50 - - [12/May/2009:03:27:24 -0400] "GET /images/psearch_go.gif HTTP/1.1" 304 - "http://www.aceonlinestore.com/CGI-BIN/LANSAWEB?WEBEVENT+L504AD649868018006F6C04W+M37+ENG" "Mozilla/4.0 (compatible; MSIE 6.0; Windows NT 5.1; SV1; GTB6; InfoPath.1)"
85.105.85.50 - - [12/May/2009:03:27:24 -0400] "POST /CGI-BIN/LANSAWEB?WEBEVENT+L504AD64987304800F32C04W+M37+ENG HTTP/1.1" 200 46947 "http://www.aceonlinestore.com/CGI-BIN/LANSAWEB?WEBEVENT+L504AD649868018006F6C04W+M37+ENG" "Mozilla/4.0 (compatible; MSIE 6.0; Windows NT 5.1; SV1; GTB6; InfoPath.1)"
85.105.85.50 - - [12/May/2009:03:27:25 -0400] "GET /images/head_aceLogo.gif HTTP/1.1" 304 - "http://www.aceonlinestore.com/CGI-BIN/LANSAWEB?WEBEVENT+L504AD64987304800F32C04W+M37+ENG" "Mozilla/4.0 (compatible; MSIE 6.0; Windows NT 5.1; SV1; GTB6; InfoPath.1)"
85.105.85.50 - - [12/May/2009:03:27:25 -0400] "GET /images/head_btn-shop.gif HTTP/1.1" 304 - "http://www.aceonlinestore.com/CGI-BIN/LANSAWEB?WEBEVENT+L504AD64987304800F32C04W+M37+ENG" "Mozilla/4.0 (compatible; MSIE 6.0; Windows NT 5.1; SV1; GTB6; InfoPath.1)"
85.105.85.50 - - [12/May/2009:03:27:26 -0400] "GET /images/head_btn-products.gif HTTP/1.1" 304 - "http://www.aceonlinestore.com/CGI-BIN/LANSAWEB?WEBEVENT+L504AD64987304800F32C04W+M37+ENG" "Mozilla/4.0 (compatible; MSIE 6.0; Windows NT 5.1; SV1; GTB6; InfoPath.1)"
85.105.85.50 - - [12/May/2009:03:27:26 -0400] "GET /images/head_btn-catalogs.gif HTTP/1.1" 304 - "http://www.aceonlinestore.com/CGI-BIN/LANSAWEB?WEBEVENT+L504AD64987304800F32C04W+M37+ENG" "Mozilla/4.0 (compatible; MSIE 6.0; Windows NT 5.1; SV1; GTB6; InfoPath.1)"
85.105.85.50 - - [12/May/2009:03:27:26 -0400] "GET /images/head_btn-space1.gif HTTP/1.1" 304 - "http://www.aceonlinestore.com/CGI-BIN/LANSAWEB?WEBEVENT+L504AD64987304800F32C04W+M37+ENG" "Mozilla/4.0 (compatible; MSIE 6.0; Windows NT 5.1; SV1; GTB6; InfoPath.1)"
85.105.85.50 - - [12/May/2009:03:27:26 -0400] "GET /images/head_btn-brochures.gif HTTP/1.1" 304 - "http://www.aceonlinestore.com/CGI-BIN/LANSAWEB?WEBEVENT+L504AD64987304800F32C04W+M37+ENG" "Mozilla/4.0 (compatible; MSIE 6.0; Windows NT 5.1; SV1; GTB6; InfoPath.1)"
85.105.85.50 - - [12/May/2009:03:27:26 -0400] "GET /images/head_surgical-supply.gif HTTP/1.1" 304 - "http://www.aceonlinestore.com/CGI-BIN/LANSAWEB?WEBEVENT+L504AD64987304800F32C04W+M37+ENG" "Mozilla/4.0 (compatible; MSIE 6.0; Windows NT 5.1; SV1; GTB6; InfoPath.1)"
85.105.85.50 - - [12/May/2009:03:27:26 -0400] "GET /images/head_btn-aboutUs.gif HTTP/1.1" 304 - "http://www.aceonlinestore.com/CGI-BIN/LANSAWEB?WEBEVENT+L504AD64987304800F32C04W+M37+ENG" "Mozilla/4.0 (compatible; MSIE 6.0; Windows NT 5.1; SV1; GTB6; InfoPath.1)"
85.105.85.50 - - [12/May/2009:03:27:27 -0400] "GET /images/head_btn-tutorials.gif HTTP/1.1" 304 - "http://www.aceonlinestore.com/CGI-BIN/LANSAWEB?WEBEVENT+L504AD64987304800F32C04W+M37+ENG" "Mozilla/4.0 (compatible; MSIE 6.0; Windows NT 5.1; SV1; GTB6; InfoPath.1)"
85.105.85.50 - - [12/May/2009:03:27:27 -0400] "GET /images/head_btn-seminars.gif HTTP/1.1" 304 - "http://www.aceonlinestore.com/CGI-BIN/LANSAWEB?WEBEVENT+L504AD64987304800F32C04W+M37+ENG" "Mozilla/4.0 (compatible; MSIE 6.0; Windows NT 5.1; SV1; GTB6; InfoPath.1)"
85.105.85.50 - - [12/May/2009:03:27:27 -0400] "GET /images/head_btn-conventions.gif HTTP/1.1" 304 - "http://www.aceonlinestore.com/CGI-BIN/LANSAWEB?WEBEVENT+L504AD64987304800F32C04W+M37+ENG" "Mozilla/4.0 (compatible; MSIE 6.0; Windows NT 5.1; SV1; GTB6; InfoPath.1)"
85.105.85.50 - - [12/May/2009:03:27:27 -0400] "GET /images/head_btn-contactUs.gif HTTP/1.1" 304 - "http://www.aceonlinestore.com/CGI-BIN/LANSAWEB?WEBEVENT+L504AD64987304800F32C04W+M37+ENG" "Mozilla/4.0 (compatible; MSIE 6.0; Windows NT 5.1; SV1; GTB6; InfoPath.1)"
85.105.85.50 - - [12/May/2009:03:27:27 -0400] "GET /images/head_btn-spacer2.gif HTTP/1.1" 304 - "http://www.aceonlinestore.com/CGI-BIN/LANSAWEB?WEBEVENT+L504AD64987304800F32C04W+M37+ENG" "Mozilla/4.0 (compatible; MSIE 6.0; Windows NT 5.1; SV1; GTB6; InfoPath.1)"
85.105.85.50 - - [12/May/2009:03:27:27 -0400] "GET /images/login_go.gif HTTP/1.1" 304 - "http://www.aceonlinestore.com/CGI-BIN/LANSAWEB?WEBEVENT+L504AD64987304800F32C04W+M37+ENG" "Mozilla/4.0 (compatible; MSIE 6.0; Windows NT 5.1; SV1; GTB6; InfoPath.1)"
85.105.85.50 - - [12/May/2009:03:27:28 -0400] "GET /images/blend.jpg HTTP/1.1" 304 - "http://www.aceonlinestore.com/CGI-BIN/LANSAWEB?WEBEVENT+L504AD64987304800F32C04W+M37+ENG" "Mozilla/4.0 (compatible; MSIE 6.0; Windows NT 5.1; SV1; GTB6; InfoPath.1)"
85.105.85.50 - - [12/May/2009:03:27:28 -0400] "GET /images/pf-a.gif HTTP/1.1" 304 - "http://www.aceonlinestore.com/CGI-BIN/LANSAWEB?WEBEVENT+L504AD64987304800F32C04W+M37+ENG" "Mozilla/4.0 (compatible; MSIE 6.0; Windows NT 5.1; SV1; GTB6; InfoPath.1)"
85.105.85.50 - - [12/May/2009:03:27:28 -0400] "GET /images/items/5092000_THUMB.JPG HTTP/1.1" 200 2357 "http://www.aceonlinestore.com/CGI-BIN/LANSAWEB?WEBEVENT+L504AD64987304800F32C04W+M37+ENG" "Mozilla/4.0 (compatible; MSIE 6.0; Windows NT 5.1; SV1; GTB6; InfoPath.1)"
85.105.85.50 - - [12/May/2009:03:27:30 -0400] "GET /CGI-BIN/LANSAWEB?PROCFUN+WORDPR01+FULLIMG+M37+FUNCPARMS+WEBCMP(S0020):1+WEBSSN(A0240):L504AD5488D50C800A44C04W+WSEQ(S0060):1+OUITEM(A0200):5092000 HTTP/1.1" 200 27010 "-" "Mozilla/4.0 (compatible; MSIE 6.0; Windows NT 5.1; SV1; GTB6; InfoPath.1)"
85.105.85.50 - - [12/May/2009:03:27:31 -0400] "GET /images/items/5092000_FULL.JPG HTTP/1.1" 200 9236 "http://www.aceonlinestore.com/CGI-BIN/LANSAWEB?PROCFUN+WORDPR01+FULLIMG+M37+FUNCPARMS+WEBCMP(S0020):1+WEBSSN(A0240):L504AD5488D50C800A44C04W+WSEQ(S0060):1+OUITEM(A0200):5092000" "Mozilla/4.0 (compatible; MSIE 6.0; Windows NT 5.1; SV1; GTB6; InfoPath.1)"
85.105.85.50 - - [12/May/2009:03:27:34 -0400] "GET /images/head_btn-tutorials-over.gif HTTP/1.1" 304 - "http://www.aceonlinestore.com/CGI-BIN/LANSAWEB?WEBEVENT+L504AD64987304800F32C04W+M37+ENG" "Mozilla/4.0 (compatible; MSIE 6.0; Windows NT 5.1; SV1; GTB6; InfoPath.1)"
85.105.85.50 - - [12/May/2009:03:27:35 -0400] "GET /images/head_btn-tutorials.gif HTTP/1.1" 304 - "http://www.aceonlinestore.com/CGI-BIN/LANSAWEB?WEBEVENT+L504AD64987304800F32C04W+M37+ENG" "Mozilla/4.0 (compatible; MSIE 6.0; Windows NT 5.1; SV1; GTB6; InfoPath.1)"
85.105.85.50 - - [12/May/2009:03:27:37 -0400] "GET /images/head_btn-shop-over.gif HTTP/1.1" 304 - "http://www.aceonlinestore.com/CGI-BIN/LANSAWEB?WEBEVENT+L504AD64987304800F32C04W+M37+ENG" "Mozilla/4.0 (compatible; MSIE 6.0; Windows NT 5.1; SV1; GTB6; InfoPath.1)"
85.105.85.50 - - [12/May/2009:03:27:37 -0400] "GET /images/head_btn-shop.gif HTTP/1.1" 304 - "http://www.aceonlinestore.com/CGI-BIN/LANSAWEB?WEBEVENT+L504AD64987304800F32C04W+M37+ENG" "Mozilla/4.0 (compatible; MSIE 6.0; Windows NT 5.1; SV1; GTB6; InfoPath.1)"
85.105.85.50 - - [12/May/2009:03:27:37 -0400] "GET /images/head_btn-aboutUs.gif HTTP/1.1" 304 - "http://www.aceonlinestore.com/CGI-BIN/LANSAWEB?WEBEVENT+L504AD64987304800F32C04W+M37+ENG" "Mozilla/4.0 (compatible; MSIE 6.0; Windows NT 5.1; SV1; GTB6; InfoPath.1)"
83.206.45.1 - - [12/May/2009:03:27:40 -0400] "GET /logs/access_log.Q109031300/index.php/component/option,com_joomap/Itemid,15/index.php?option=com_joomap&Itemid=&mosConfig_absolute_path=http://www.gitchigaming.com/.inv?? HTTP/1.1" 404 282 "-" "libwww-perl/5.803"
83.206.45.1 - - [12/May/2009:03:27:46 -0400] "GET /logs/access_log.Q108082000/index.php/component/option,com_joomap/Itemid,15/index.php?option=com_joomap&Itemid=&mosConfig_absolute_path=http://www.gitchigaming.com/.inv?? HTTP/1.1" 404 282 "-" "libwww-perl/5.803"
83.206.45.1 - - [12/May/2009:03:27:46 -0400] "GET /logs/error_log.Q108082000/index.php/component/option,com_joomap/Itemid,15/index.php?option=com_joomap&Itemid=&mosConfig_absolute_path=http://www.gitchigaming.com/.inv?? HTTP/1.1" 404 281 "-" "libwww-perl/5.803"
83.206.45.1 - - [12/May/2009:03:27:46 -0400] "GET /logs/error_log.Q109040900/index.php/component/option,com_joomap/Itemid,15/index.php?option=com_joomap&Itemid=&mosConfig_absolute_path=http://www.gitchigaming.com/.inv?? HTTP/1.1" 404 281 "-" "libwww-perl/5.803"
83.206.45.1 - - [12/May/2009:03:27:46 -0400] "GET /logs/error_log.Q109020900/index.php/component/option,com_joomap/Itemid,15/index.php?option=com_joomap&Itemid=&mosConfig_absolute_path=http://www.gitchigaming.com/.inv?? HTTP/1.1" 404 281 "-" "libwww-perl/5.803"
83.206.45.1 - - [12/May/2009:03:27:47 -0400] "GET /logs/error_log.Q108051600/index.php/component/option,com_joomap/Itemid,15/index.php?option=com_joomap&Itemid=&mosConfig_absolute_path=http://www.gitchigaming.com/.inv?? HTTP/1.1" 404 281 "-" "libwww-perl/5.803"
83.206.45.1 - - [12/May/2009:03:27:47 -0400] "GET /logs/error_log.Q109031300/index.php/component/option,com_joomap/Itemid,15/index.php?option=com_joomap&Itemid=&mosConfig_absolute_path=http://www.gitchigaming.com/.inv?? HTTP/1.1" 404 281 "-" "libwww-perl/5.803"
83.206.45.1 - - [12/May/2009:03:27:54 -0400] "GET /logs/error_log.Q108091800/index.php/component/option,com_joomap/Itemid,15/index.php?option=com_joomap&Itemid=&mosConfig_absolute_path=http://www.gitchigaming.com/.inv?? HTTP/1.1" 404 281 "-" "libwww-perl/5.803"
83.206.45.1 - - [12/May/2009:03:27:54 -0400] "GET /logs/access_log.Q108091800/index.php/component/option,com_joomap/Itemid,15/index.php?option=com_joomap&Itemid=&mosConfig_absolute_path=http://www.gitchigaming.com/.inv?? HTTP/1.1" 404 282 "-" "libwww-perl/5.803"
83.206.45.1 - - [12/May/2009:03:27:54 -0400] "GET /logs/access_log.Q108091700/index.php/component/option,com_joomap/Itemid,15/index.php?option=com_joomap&Itemid=&mosConfig_absolute_path=http://www.gitchigaming.com/.inv?? HTTP/1.1" 404 282 "-" "libwww-perl/5.803"
83.206.45.1 - - [12/May/2009:03:27:54 -0400] "GET /logs/error_log.Q108091700/index.php/component/option,com_joomap/Itemid,15/index.php?option=com_joomap&Itemid=&mosConfig_absolute_path=http://www.gitchigaming.com/.inv?? HTTP/1.1" 404 281 "-" "libwww-perl/5.803"
110.45.144.106 - - [12/May/2009:03:27:59 -0400] "GET /logs/access_log.Q108100100//modules/xgallery/upgrade_album.php?GALLERY_BASEDIR=http://shw.or.kr/bbs/bbs_public/06notice/id1.txt? HTTP/1.1" 404 260 "-" "Mozilla/5.0"
110.45.144.106 - - [12/May/2009:03:27:59 -0400] "GET /logs/access_log.Q108090100//modules/xgallery/upgrade_album.php?GALLERY_BASEDIR=http://shw.or.kr/bbs/bbs_public/06notice/id1.txt? HTTP/1.1" 404 260 "-" "Mozilla/5.0"
209.59.12.99 - - [12/May/2009:03:28:02 -0400] "GET / HTTP/1.0" 200 409 "-" "check_http/1.81 (nagios-plugins 1.4)"
85.105.85.50 - - [12/May/2009:03:28:10 -0400] "GET /images/psearch_go-over.gif HTTP/1.1" 304 - "http://www.aceonlinestore.com/CGI-BIN/LANSAWEB?WEBEVENT+L504AD64987304800F32C04W+M37+ENG" "Mozilla/4.0 (compatible; MSIE 6.0; Windows NT 5.1; SV1; GTB6; InfoPath.1)"
85.105.85.50 - - [12/May/2009:03:28:10 -0400] "GET /images/psearch_go.gif HTTP/1.1" 304 - "http://www.aceonlinestore.com/CGI-BIN/LANSAWEB?WEBEVENT+L504AD64987304800F32C04W+M37+ENG" "Mozilla/4.0 (compatible; MSIE 6.0; Windows NT 5.1; SV1; GTB6; InfoPath.1)"
85.105.85.50 - - [12/May/2009:03:28:10 -0400] "POST /CGI-BIN/LANSAWEB?WEBEVENT+L504AD7438F40D800192C04W+M37+ENG HTTP/1.1" 200 45670 "http://www.aceonlinestore.com/CGI-BIN/LANSAWEB?WEBEVENT+L504AD64987304800F32C04W+M37+ENG" "Mozilla/4.0 (compatible; MSIE 6.0; Windows NT 5.1; SV1; GTB6; InfoPath.1)"
85.105.85.50 - - [12/May/2009:03:28:11 -0400] "GET /images/head_aceLogo.gif HTTP/1.1" 304 - "http://www.aceonlinestore.com/CGI-BIN/LANSAWEB?WEBEVENT+L504AD7438F40D800192C04W+M37+ENG" "Mozilla/4.0 (compatible; MSIE 6.0; Windows NT 5.1; SV1; GTB6; InfoPath.1)"
85.105.85.50 - - [12/May/2009:03:28:12 -0400] "GET /images/head_btn-products.gif HTTP/1.1" 304 - "http://www.aceonlinestore.com/CGI-BIN/LANSAWEB?WEBEVENT+L504AD7438F40D800192C04W+M37+ENG" "Mozilla/4.0 (compatible; MSIE 6.0; Windows NT 5.1; SV1; GTB6; InfoPath.1)"
93.187.232.189 - - [12/May/2009:03:28:12 -0400] "GET /logs/access_log.Q108062700/mvcw.php?step=1&vwar_root=http://www.ambient-arts.co.uk/us/id.txt??? HTTP/1.1" 404 233 "-" "libwww-perl/5.808"
85.105.85.50 - - [12/May/2009:03:28:12 -0400] "GET /images/head_btn-brochures.gif HTTP/1.1" 304 - "http://www.aceonlinestore.com/CGI-BIN/LANSAWEB?WEBEVENT+L504AD7438F40D800192C04W+M37+ENG" "Mozilla/4.0 (compatible; MSIE 6.0; Windows NT 5.1; SV1; GTB6; InfoPath.1)"
85.105.85.50 - - [12/May/2009:03:28:12 -0400] "GET /images/head_btn-catalogs.gif HTTP/1.1" 304 - "http://www.aceonlinestore.com/CGI-BIN/LANSAWEB?WEBEVENT+L504AD7438F40D800192C04W+M37+ENG" "Mozilla/4.0 (compatible; MSIE 6.0; Windows NT 5.1; SV1; GTB6; InfoPath.1)"
93.187.232.189 - - [12/May/2009:03:28:12 -0400] "GET /mvcw.php?step=1&vwar_root=http://www.ambient-arts.co.uk/us/id.txt??? HTTP/1.1" 404 206 "-" "libwww-perl/5.808"
85.105.85.50 - - [12/May/2009:03:28:12 -0400] "GET /images/head_btn-space1.gif HTTP/1.1" 304 - "http://www.aceonlinestore.com/CGI-BIN/LANSAWEB?WEBEVENT+L504AD7438F40D800192C04W+M37+ENG" "Mozilla/4.0 (compatible; MSIE 6.0; Windows NT 5.1; SV1; GTB6; InfoPath.1)"
93.187.232.189 - - [12/May/2009:03:28:12 -0400] "GET /logs/mvcw.php?step=1&vwar_root=http://www.ambient-arts.co.uk/us/id.txt??? HTTP/1.1" 404 211 "-" "libwww-perl/5.808"
85.105.85.50 - - [12/May/2009:03:28:12 -0400] "GET /images/head_surgical-supply.gif HTTP/1.1" 304 - "http://www.aceonlinestore.com/CGI-BIN/LANSAWEB?WEBEVENT+L504AD7438F40D800192C04W+M37+ENG" "Mozilla/4.0 (compatible; MSIE 6.0; Windows NT 5.1; SV1; GTB6; InfoPath.1)"
93.187.232.189 - - [12/May/2009:03:28:13 -0400] "GET /logs/access_log.Q108050200/mvcw.php?step=1&vwar_root=http://www.ambient-arts.co.uk/us/id.txt??? HTTP/1.1" 404 233 "-" "libwww-perl/5.808"
85.105.85.50 - - [12/May/2009:03:28:13 -0400] "GET /images/head_btn-seminars.gif HTTP/1.1" 304 - "http://www.aceonlinestore.com/CGI-BIN/LANSAWEB?WEBEVENT+L504AD7438F40D800192C04W+M37+ENG" "Mozilla/4.0 (compatible; MSIE 6.0; Windows NT 5.1; SV1; GTB6; InfoPath.1)"
85.105.85.50 - - [12/May/2009:03:28:13 -0400] "GET /images/head_btn-conventions.gif HTTP/1.1" 304 - "http://www.aceonlinestore.com/CGI-BIN/LANSAWEB?WEBEVENT+L504AD7438F40D800192C04W+M37+ENG" "Mozilla/4.0 (compatible; MSIE 6.0; Windows NT 5.1; SV1; GTB6; InfoPath.1)"
85.105.85.50 - - [12/May/2009:03:28:13 -0400] "GET /images/head_btn-contactUs.gif HTTP/1.1" 304 - "http://www.aceonlinestore.com/CGI-BIN/LANSAWEB?WEBEVENT+L504AD7438F40D800192C04W+M37+ENG" "Mozilla/4.0 (compatible; MSIE 6.0; Windows NT 5.1; SV1; GTB6; InfoPath.1)"
85.105.85.50 - - [12/May/2009:03:28:13 -0400] "GET /images/head_btn-spacer2.gif HTTP/1.1" 304 - "http://www.aceonlinestore.com/CGI-BIN/LANSAWEB?WEBEVENT+L504AD7438F40D800192C04W+M37+ENG" "Mozilla/4.0 (compatible; MSIE 6.0; Windows NT 5.1; SV1; GTB6; InfoPath.1)"
85.105.85.50 - - [12/May/2009:03:28:13 -0400] "GET /images/login_go.gif HTTP/1.1" 304 - "http://www.aceonlinestore.com/CGI-BIN/LANSAWEB?WEBEVENT+L504AD7438F40D800192C04W+M37+ENG" "Mozilla/4.0 (compatible; MSIE 6.0; Windows NT 5.1; SV1; GTB6; InfoPath.1)"
85.105.85.50 - - [12/May/2009:03:28:13 -0400] "GET /images/blend.jpg HTTP/1.1" 304 - "http://www.aceonlinestore.com/CGI-BIN/LANSAWEB?WEBEVENT+L504AD7438F40D800192C04W+M37+ENG" "Mozilla/4.0 (compatible; MSIE 6.0; Windows NT 5.1; SV1; GTB6; InfoPath.1)"
85.105.85.50 - - [12/May/2009:03:28:14 -0400] "GET /images/pf-a.gif HTTP/1.1" 304 - "http://www.aceonlinestore.com/CGI-BIN/LANSAWEB?WEBEVENT+L504AD7438F40D800192C04W+M37+ENG" "Mozilla/4.0 (compatible; MSIE 6.0; Windows NT 5.1; SV1; GTB6; InfoPath.1)"
85.105.85.50 - - [12/May/2009:03:28:14 -0400] "GET /images/items/3231000_THUMB.JPG HTTP/1.1" 200 3373 "http://www.aceonlinestore.com/CGI-BIN/LANSAWEB?WEBEVENT+L504AD7438F40D800192C04W+M37+ENG" "Mozilla/4.0 (compatible; MSIE 6.0; Windows NT 5.1; SV1; GTB6; InfoPath.1)"
85.105.85.50 - - [12/May/2009:03:28:14 -0400] "GET /images/space.gif HTTP/1.1" 304 - "http://www.aceonlinestore.com/CGI-BIN/LANSAWEB?WEBEVENT+L504AD7438F40D800192C04W+M37+ENG" "Mozilla/4.0 (compatible; MSIE 6.0; Windows NT 5.1; SV1; GTB6; InfoPath.1)"
85.105.85.50 - - [12/May/2009:03:28:14 -0400] "GET /images/head_btn-shop-over.gif HTTP/1.1" 304 - "http://www.aceonlinestore.com/CGI-BIN/LANSAWEB?WEBEVENT+L504AD7438F40D800192C04W+M37+ENG" "Mozilla/4.0 (compatible; MSIE 6.0; Windows NT 5.1; SV1; GTB6; InfoPath.1)"
85.105.85.50 - - [12/May/2009:03:28:14 -0400] "GET /images/head_aceLogo-over.gif HTTP/1.1" 304 - "http://www.aceonlinestore.com/CGI-BIN/LANSAWEB?WEBEVENT+L504AD7438F40D800192C04W+M37+ENG" "Mozilla/4.0 (compatible; MSIE 6.0; Windows NT 5.1; SV1; GTB6; InfoPath.1)"
85.105.85.50 - - [12/May/2009:03:28:15 -0400] "GET /images/head_btn-products-over.gif HTTP/1.1" 304 - "http://www.aceonlinestore.com/CGI-BIN/LANSAWEB?WEBEVENT+L504AD7438F40D800192C04W+M37+ENG" "Mozilla/4.0 (compatible; MSIE 6.0; Windows NT 5.1; SV1; GTB6; InfoPath.1)"
85.105.85.50 - - [12/May/2009:03:28:15 -0400] "GET /images/head_btn-catalog-over.gif HTTP/1.1" 304 - "http://www.aceonlinestore.com/CGI-BIN/LANSAWEB?WEBEVENT+L504AD7438F40D800192C04W+M37+ENG" "Mozilla/4.0 (compatible; MSIE 6.0; Windows NT 5.1; SV1; GTB6; InfoPath.1)"
85.105.85.50 - - [12/May/2009:03:28:15 -0400] "GET /images/head_btn-brochures-over.gif HTTP/1.1" 304 - "http://www.aceonlinestore.com/CGI-BIN/LANSAWEB?WEBEVENT+L504AD7438F40D800192C04W+M37+ENG" "Mozilla/4.0 (compatible; MSIE 6.0; Windows NT 5.1; SV1; GTB6; InfoPath.1)"
85.105.85.50 - - [12/May/2009:03:28:15 -0400] "GET /images/head_btn-aboutUs-over.gif HTTP/1.1" 304 - "http://www.aceonlinestore.com/CGI-BIN/LANSAWEB?WEBEVENT+L504AD7438F40D800192C04W+M37+ENG" "Mozilla/4.0 (compatible; MSIE 6.0; Windows NT 5.1; SV1; GTB6; InfoPath.1)"
85.105.85.50 - - [12/May/2009:03:28:15 -0400] "GET /images/head_btn-tutorials-over.gif HTTP/1.1" 304 - "http://www.aceonlinestore.com/CGI-BIN/LANSAWEB?WEBEVENT+L504AD7438F40D800192C04W+M37+ENG" "Mozilla/4.0 (compatible; MSIE 6.0; Windows NT 5.1; SV1; GTB6; InfoPath.1)"
85.105.85.50 - - [12/May/2009:03:28:15 -0400] "GET /images/head_btn-seminars-over.gif HTTP/1.1" 304 - "http://www.aceonlinestore.com/CGI-BIN/LANSAWEB?WEBEVENT+L504AD7438F40D800192C04W+M37+ENG" "Mozilla/4.0 (compatible; MSIE 6.0; Windows NT 5.1; SV1; GTB6; InfoPath.1)"
85.105.85.50 - - [12/May/2009:03:28:16 -0400] "GET /images/head_btn-conventions-over.gif HTTP/1.1" 304 - "http://www.aceonlinestore.com/CGI-BIN/LANSAWEB?WEBEVENT+L504AD7438F40D800192C04W+M37+ENG" "Mozilla/4.0 (compatible; MSIE 6.0; Windows NT 5.1; SV1; GTB6; InfoPath.1)"
85.105.85.50 - - [12/May/2009:03:28:16 -0400] "GET /images/head_btn-contactUs-over.gif HTTP/1.1" 304 - "http://www.aceonlinestore.com/CGI-BIN/LANSAWEB?WEBEVENT+L504AD7438F40D800192C04W+M37+ENG" "Mozilla/4.0 (compatible; MSIE 6.0; Windows NT 5.1; SV1; GTB6; InfoPath.1)"
85.105.85.50 - - [12/May/2009:03:28:16 -0400] "GET /CGI-BIN/LANSAWEB?PROCFUN+WORDPR01+FULLIMG+M37+FUNCPARMS+WEBCMP(S0020):1+WEBSSN(A0240):L504AD5488D50C800A44C04W+WSEQ(S0060):1+OUITEM(A0200):3231000 HTTP/1.1" 200 27010 "-" "Mozilla/4.0 (compatible; MSIE 6.0; Windows NT 5.1; SV1; GTB6; InfoPath.1)"
85.105.85.50 - - [12/May/2009:03:28:17 -0400] "GET /images/items/3231000_FULL.JPG HTTP/1.1" 200 23369 "http://www.aceonlinestore.com/CGI-BIN/LANSAWEB?PROCFUN+WORDPR01+FULLIMG+M37+FUNCPARMS+WEBCMP(S0020):1+WEBSSN(A0240):L504AD5488D50C800A44C04W+WSEQ(S0060):1+OUITEM(A0200):3231000" "Mozilla/4.0 (compatible; MSIE 6.0; Windows NT 5.1; SV1; GTB6; InfoPath.1)"
85.105.85.50 - - [12/May/2009:03:28:38 -0400] "GET /images/psearch_go-over.gif HTTP/1.1" 304 - "http://www.aceonlinestore.com/CGI-BIN/LANSAWEB?WEBEVENT+L504AD7438F40D800192C04W+M37+ENG" "Mozilla/4.0 (compatible; MSIE 6.0; Windows NT 5.1; SV1; GTB6; InfoPath.1)"
85.105.85.50 - - [12/May/2009:03:28:39 -0400] "GET /images/psearch_go.gif HTTP/1.1" 304 - "http://www.aceonlinestore.com/CGI-BIN/LANSAWEB?WEBEVENT+L504AD7438F40D800192C04W+M37+ENG" "Mozilla/4.0 (compatible; MSIE 6.0; Windows NT 5.1; SV1; GTB6; InfoPath.1)"
85.105.85.50 - - [12/May/2009:03:28:38 -0400] "POST /CGI-BIN/LANSAWEB?WEBEVENT+L504AD74F82C0780035AC04W+M37+ENG HTTP/1.1" 200 45661 "http://www.aceonlinestore.com/CGI-BIN/LANSAWEB?WEBEVENT+L504AD7438F40D800192C04W+M37+ENG" "Mozilla/4.0 (compatible; MSIE 6.0; Windows NT 5.1; SV1; GTB6; InfoPath.1)"
85.105.85.50 - - [12/May/2009:03:28:40 -0400] "GET /images/head_aceLogo.gif HTTP/1.1" 304 - "http://www.aceonlinestore.com/CGI-BIN/LANSAWEB?WEBEVENT+L504AD74F82C0780035AC04W+M37+ENG" "Mozilla/4.0 (compatible; MSIE 6.0; Windows NT 5.1; SV1; GTB6; InfoPath.1)"
85.105.85.50 - - [12/May/2009:03:28:40 -0400] "GET /images/head_btn-shop.gif HTTP/1.1" 304 - "http://www.aceonlinestore.com/CGI-BIN/LANSAWEB?WEBEVENT+L504AD74F82C0780035AC04W+M37+ENG" "Mozilla/4.0 (compatible; MSIE 6.0; Windows NT 5.1; SV1; GTB6; InfoPath.1)"
85.105.85.50 - - [12/May/2009:03:28:40 -0400] "GET /images/head_btn-products.gif HTTP/1.1" 304 - "http://www.aceonlinestore.com/CGI-BIN/LANSAWEB?WEBEVENT+L504AD74F82C0780035AC04W+M37+ENG" "Mozilla/4.0 (compatible; MSIE 6.0; Windows NT 5.1; SV1; GTB6; InfoPath.1)"
85.105.85.50 - - [12/May/2009:03:28:40 -0400] "GET /images/head_btn-catalogs.gif HTTP/1.1" 304 - "http://www.aceonlinestore.com/CGI-BIN/LANSAWEB?WEBEVENT+L504AD74F82C0780035AC04W+M37+ENG" "Mozilla/4.0 (compatible; MSIE 6.0; Windows NT 5.1; SV1; GTB6; InfoPath.1)"
85.105.85.50 - - [12/May/2009:03:28:40 -0400] "GET /images/head_btn-brochures.gif HTTP/1.1" 304 - "http://www.aceonlinestore.com/CGI-BIN/LANSAWEB?WEBEVENT+L504AD74F82C0780035AC04W+M37+ENG" "Mozilla/4.0 (compatible; MSIE 6.0; Windows NT 5.1; SV1; GTB6; InfoPath.1)"
85.105.85.50 - - [12/May/2009:03:28:41 -0400] "GET /images/head_btn-space1.gif HTTP/1.1" 304 - "http://www.aceonlinestore.com/CGI-BIN/LANSAWEB?WEBEVENT+L504AD74F82C0780035AC04W+M37+ENG" "Mozilla/4.0 (compatible; MSIE 6.0; Windows NT 5.1; SV1; GTB6; InfoPath.1)"
85.105.85.50 - - [12/May/2009:03:28:41 -0400] "GET /images/head_surgical-supply.gif HTTP/1.1" 304 - "http://www.aceonlinestore.com/CGI-BIN/LANSAWEB?WEBEVENT+L504AD74F82C0780035AC04W+M37+ENG" "Mozilla/4.0 (compatible; MSIE 6.0; Windows NT 5.1; SV1; GTB6; InfoPath.1)"
85.105.85.50 - - [12/May/2009:03:28:41 -0400] "GET /images/head_btn-aboutUs.gif HTTP/1.1" 304 - "http://www.aceonlinestore.com/CGI-BIN/LANSAWEB?WEBEVENT+L504AD74F82C0780035AC04W+M37+ENG" "Mozilla/4.0 (compatible; MSIE 6.0; Windows NT 5.1; SV1; GTB6; InfoPath.1)"
85.105.85.50 - - [12/May/2009:03:28:41 -0400] "GET /images/head_btn-tutorials.gif HTTP/1.1" 304 - "http://www.aceonlinestore.com/CGI-BIN/LANSAWEB?WEBEVENT+L504AD74F82C0780035AC04W+M37+ENG" "Mozilla/4.0 (compatible; MSIE 6.0; Windows NT 5.1; SV1; GTB6; InfoPath.1)"
85.105.85.50 - - [12/May/2009:03:28:41 -0400] "GET /images/head_btn-seminars.gif HTTP/1.1" 304 - "http://www.aceonlinestore.com/CGI-BIN/LANSAWEB?WEBEVENT+L504AD74F82C0780035AC04W+M37+ENG" "Mozilla/4.0 (compatible; MSIE 6.0; Windows NT 5.1; SV1; GTB6; InfoPath.1)"
85.105.85.50 - - [12/May/2009:03:28:41 -0400] "GET /images/head_btn-conventions.gif HTTP/1.1" 304 - "http://www.aceonlinestore.com/CGI-BIN/LANSAWEB?WEBEVENT+L504AD74F82C0780035AC04W+M37+ENG" "Mozilla/4.0 (compatible; MSIE 6.0; Windows NT 5.1; SV1; GTB6; InfoPath.1)"
85.105.85.50 - - [12/May/2009:03:28:42 -0400] "GET /images/head_btn-contactUs.gif HTTP/1.1" 304 - "http://www.aceonlinestore.com/CGI-BIN/LANSAWEB?WEBEVENT+L504AD74F82C0780035AC04W+M37+ENG" "Mozilla/4.0 (compatible; MSIE 6.0; Windows NT 5.1; SV1; GTB6; InfoPath.1)"
85.105.85.50 - - [12/May/2009:03:28:42 -0400] "GET /images/head_btn-spacer2.gif HTTP/1.1" 304 - "http://www.aceonlinestore.com/CGI-BIN/LANSAWEB?WEBEVENT+L504AD74F82C0780035AC04W+M37+ENG" "Mozilla/4.0 (compatible; MSIE 6.0; Windows NT 5.1; SV1; GTB6; InfoPath.1)"
85.105.85.50 - - [12/May/2009:03:28:42 -0400] "GET /images/login_go.gif HTTP/1.1" 304 - "http://www.aceonlinestore.com/CGI-BIN/LANSAWEB?WEBEVENT+L504AD74F82C0780035AC04W+M37+ENG" "Mozilla/4.0 (compatible; MSIE 6.0; Windows NT 5.1; SV1; GTB6; InfoPath.1)"
85.105.85.50 - - [12/May/2009:03:28:42 -0400] "GET /images/blend.jpg HTTP/1.1" 304 - "http://www.aceonlinestore.com/CGI-BIN/LANSAWEB?WEBEVENT+L504AD74F82C0780035AC04W+M37+ENG" "Mozilla/4.0 (compatible; MSIE 6.0; Windows NT 5.1; SV1; GTB6; InfoPath.1)"
85.105.85.50 - - [12/May/2009:03:28:42 -0400] "GET /images/pf-a.gif HTTP/1.1" 304 - "http://www.aceonlinestore.com/CGI-BIN/LANSAWEB?WEBEVENT+L504AD74F82C0780035AC04W+M37+ENG" "Mozilla/4.0 (compatible; MSIE 6.0; Windows NT 5.1; SV1; GTB6; InfoPath.1)"
85.105.85.50 - - [12/May/2009:03:28:42 -0400] "GET /images/items/3232000_THUMB.JPG HTTP/1.1" 200 1058 "http://www.aceonlinestore.com/CGI-BIN/LANSAWEB?WEBEVENT+L504AD74F82C0780035AC04W+M37+ENG" "Mozilla/4.0 (compatible; MSIE 6.0; Windows NT 5.1; SV1; GTB6; InfoPath.1)"
85.105.85.50 - - [12/May/2009:03:28:43 -0400] "GET /images/space.gif HTTP/1.1" 304 - "http://www.aceonlinestore.com/CGI-BIN/LANSAWEB?WEBEVENT+L504AD74F82C0780035AC04W+M37+ENG" "Mozilla/4.0 (compatible; MSIE 6.0; Windows NT 5.1; SV1; GTB6; InfoPath.1)"
85.105.85.50 - - [12/May/2009:03:28:45 -0400] "GET /CGI-BIN/LANSAWEB?PROCFUN+WORDPR01+FULLIMG+M37+FUNCPARMS+WEBCMP(S0020):1+WEBSSN(A0240):L504AD5488D50C800A44C04W+WSEQ(S0060):1+OUITEM(A0200):3232000 HTTP/1.1" 200 27010 "-" "Mozilla/4.0 (compatible; MSIE 6.0; Windows NT 5.1; SV1; GTB6; InfoPath.1)"
85.105.85.50 - - [12/May/2009:03:28:45 -0400] "GET /images/items/3232000_FULL.JPG HTTP/1.1" 200 3467 "http://www.aceonlinestore.com/CGI-BIN/LANSAWEB?PROCFUN+WORDPR01+FULLIMG+M37+FUNCPARMS+WEBCMP(S0020):1+WEBSSN(A0240):L504AD5488D50C800A44C04W+WSEQ(S0060):1+OUITEM(A0200):3232000" "Mozilla/4.0 (compatible; MSIE 6.0; Windows NT 5.1; SV1; GTB6; InfoPath.1)"
93.187.232.189 - - [12/May/2009:03:28:47 -0400] "GET /logs/access_log.Q108122200/spaw_control.class.php?spaw_root=http://www.ambient-arts.co.uk/us/id.txt??? HTTP/1.1" 404 247 "-" "libwww-perl/5.808"
93.187.232.189 - - [12/May/2009:03:28:47 -0400] "GET /spaw_control.class.php?spaw_root=http://www.ambient-arts.co.uk/us/id.txt??? HTTP/1.1" 404 220 "-" "libwww-perl/5.808"
93.187.232.189 - - [12/May/2009:03:28:51 -0400] "GET /logs/spaw_control.class.php?spaw_root=http://www.ambient-arts.co.uk/us/id.txt??? HTTP/1.1" 404 225 "-" "libwww-perl/5.808"
85.105.85.50 - - [12/May/2009:03:28:59 -0400] "GET /images/psearch_go.gif HTTP/1.1" 304 - "http://www.aceonlinestore.com/CGI-BIN/LANSAWEB?WEBEVENT+L504AD74F82C0780035AC04W+M37+ENG" "Mozilla/4.0 (compatible; MSIE 6.0; Windows NT 5.1; SV1; GTB6; InfoPath.1)"
72.30.142.126 - - [12/May/2009:03:29:00 -0400] "GET /logs/error_log.Q107082500 HTTP/1.0" 404 223 "-" "Mozilla/5.0 (compatible; Yahoo! Slurp/3.0; http://help.yahoo.com/help/us/ysearch/slurp)"
93.187.232.189 - - [12/May/2009:03:29:05 -0400] "GET /logs/access_log.Q108090400/spaw_control.class.php?spaw_root=http://www.ambient-arts.co.uk/us/id.txt??? HTTP/1.1" 404 247 "-" "libwww-perl/5.808"
85.105.85.50 - - [12/May/2009:03:29:06 -0400] "GET /images/psearch_go-over.gif HTTP/1.1" 304 - "http://www.aceonlinestore.com/CGI-BIN/LANSAWEB?WEBEVENT+L504AD74F82C0780035AC04W+M37+ENG" "Mozilla/4.0 (compatible; MSIE 6.0; Windows NT 5.1; SV1; GTB6; InfoPath.1)"
85.105.85.50 - - [12/May/2009:03:29:06 -0400] "POST /CGI-BIN/LANSAWEB?WEBEVENT+L504AD74A85E01800556C04W+M37+ENG HTTP/1.1" 200 45666 "http://www.aceonlinestore.com/CGI-BIN/LANSAWEB?WEBEVENT+L504AD74F82C0780035AC04W+M37+ENG" "Mozilla/4.0 (compatible; MSIE 6.0; Windows NT 5.1; SV1; GTB6; InfoPath.1)"
85.105.85.50 - - [12/May/2009:03:29:08 -0400] "GET /images/head_aceLogo.gif HTTP/1.1" 304 - "http://www.aceonlinestore.com/CGI-BIN/LANSAWEB?WEBEVENT+L504AD74A85E01800556C04W+M37+ENG" "Mozilla/4.0 (compatible; MSIE 6.0; Windows NT 5.1; SV1; GTB6; InfoPath.1)"
85.105.85.50 - - [12/May/2009:03:29:08 -0400] "GET /images/head_btn-shop.gif HTTP/1.1" 304 - "http://www.aceonlinestore.com/CGI-BIN/LANSAWEB?WEBEVENT+L504AD74A85E01800556C04W+M37+ENG" "Mozilla/4.0 (compatible; MSIE 6.0; Windows NT 5.1; SV1; GTB6; InfoPath.1)"
85.105.85.50 - - [12/May/2009:03:29:08 -0400] "GET /images/head_btn-products.gif HTTP/1.1" 304 - "http://www.aceonlinestore.com/CGI-BIN/LANSAWEB?WEBEVENT+L504AD74A85E01800556C04W+M37+ENG" "Mozilla/4.0 (compatible; MSIE 6.0; Windows NT 5.1; SV1; GTB6; InfoPath.1)"
85.105.85.50 - - [12/May/2009:03:29:09 -0400] "GET /images/head_btn-catalogs.gif HTTP/1.1" 304 - "http://www.aceonlinestore.com/CGI-BIN/LANSAWEB?WEBEVENT+L504AD74A85E01800556C04W+M37+ENG" "Mozilla/4.0 (compatible; MSIE 6.0; Windows NT 5.1; SV1; GTB6; InfoPath.1)"
85.105.85.50 - - [12/May/2009:03:29:09 -0400] "GET /images/head_btn-brochures.gif HTTP/1.1" 304 - "http://www.aceonlinestore.com/CGI-BIN/LANSAWEB?WEBEVENT+L504AD74A85E01800556C04W+M37+ENG" "Mozilla/4.0 (compatible; MSIE 6.0; Windows NT 5.1; SV1; GTB6; InfoPath.1)"
85.105.85.50 - - [12/May/2009:03:29:09 -0400] "GET /images/head_btn-space1.gif HTTP/1.1" 304 - "http://www.aceonlinestore.com/CGI-BIN/LANSAWEB?WEBEVENT+L504AD74A85E01800556C04W+M37+ENG" "Mozilla/4.0 (compatible; MSIE 6.0; Windows NT 5.1; SV1; GTB6; InfoPath.1)"
85.105.85.50 - - [12/May/2009:03:29:09 -0400] "GET /images/head_surgical-supply.gif HTTP/1.1" 304 - "http://www.aceonlinestore.com/CGI-BIN/LANSAWEB?WEBEVENT+L504AD74A85E01800556C04W+M37+ENG" "Mozilla/4.0 (compatible; MSIE 6.0; Windows NT 5.1; SV1; GTB6; InfoPath.1)"
85.105.85.50 - - [12/May/2009:03:29:09 -0400] "GET /images/head_btn-aboutUs.gif HTTP/1.1" 304 - "http://www.aceonlinestore.com/CGI-BIN/LANSAWEB?WEBEVENT+L504AD74A85E01800556C04W+M37+ENG" "Mozilla/4.0 (compatible; MSIE 6.0; Windows NT 5.1; SV1; GTB6; InfoPath.1)"
85.105.85.50 - - [12/May/2009:03:29:10 -0400] "GET /images/head_btn-tutorials.gif HTTP/1.1" 304 - "http://www.aceonlinestore.com/CGI-BIN/LANSAWEB?WEBEVENT+L504AD74A85E01800556C04W+M37+ENG" "Mozilla/4.0 (compatible; MSIE 6.0; Windows NT 5.1; SV1; GTB6; InfoPath.1)"
85.105.85.50 - - [12/May/2009:03:29:10 -0400] "GET /images/head_btn-conventions.gif HTTP/1.1" 304 - "http://www.aceonlinestore.com/CGI-BIN/LANSAWEB?WEBEVENT+L504AD74A85E01800556C04W+M37+ENG" "Mozilla/4.0 (compatible; MSIE 6.0; Windows NT 5.1; SV1; GTB6; InfoPath.1)"
85.105.85.50 - - [12/May/2009:03:29:10 -0400] "GET /images/head_btn-seminars.gif HTTP/1.1" 304 - "http://www.aceonlinestore.com/CGI-BIN/LANSAWEB?WEBEVENT+L504AD74A85E01800556C04W+M37+ENG" "Mozilla/4.0 (compatible; MSIE 6.0; Windows NT 5.1; SV1; GTB6; InfoPath.1)"
85.105.85.50 - - [12/May/2009:03:29:10 -0400] "GET /images/head_btn-contactUs.gif HTTP/1.1" 304 - "http://www.aceonlinestore.com/CGI-BIN/LANSAWEB?WEBEVENT+L504AD74A85E01800556C04W+M37+ENG" "Mozilla/4.0 (compatible; MSIE 6.0; Windows NT 5.1; SV1; GTB6; InfoPath.1)"
85.105.85.50 - - [12/May/2009:03:29:10 -0400] "GET /images/head_btn-spacer2.gif HTTP/1.1" 304 - "http://www.aceonlinestore.com/CGI-BIN/LANSAWEB?WEBEVENT+L504AD74A85E01800556C04W+M37+ENG" "Mozilla/4.0 (compatible; MSIE 6.0; Windows NT 5.1; SV1; GTB6; InfoPath.1)"
85.105.85.50 - - [12/May/2009:03:29:10 -0400] "GET /images/login_go.gif HTTP/1.1" 304 - "http://www.aceonlinestore.com/CGI-BIN/LANSAWEB?WEBEVENT+L504AD74A85E01800556C04W+M37+ENG" "Mozilla/4.0 (compatible; MSIE 6.0; Windows NT 5.1; SV1; GTB6; InfoPath.1)"
85.105.85.50 - - [12/May/2009:03:29:11 -0400] "GET /images/blend.jpg HTTP/1.1" 304 - "http://www.aceonlinestore.com/CGI-BIN/LANSAWEB?WEBEVENT+L504AD74A85E01800556C04W+M37+ENG" "Mozilla/4.0 (compatible; MSIE 6.0; Windows NT 5.1; SV1; GTB6; InfoPath.1)"
85.105.85.50 - - [12/May/2009:03:29:11 -0400] "GET /images/items/3233000_THUMB.JPG HTTP/1.1" 200 1941 "http://www.aceonlinestore.com/CGI-BIN/LANSAWEB?WEBEVENT+L504AD74A85E01800556C04W+M37+ENG" "Mozilla/4.0 (compatible; MSIE 6.0; Windows NT 5.1; SV1; GTB6; InfoPath.1)"
85.105.85.50 - - [12/May/2009:03:29:11 -0400] "GET /images/head_aceLogo-over.gif HTTP/1.1" 304 - "http://www.aceonlinestore.com/CGI-BIN/LANSAWEB?WEBEVENT+L504AD74A85E01800556C04W+M37+ENG" "Mozilla/4.0 (compatible; MSIE 6.0; Windows NT 5.1; SV1; GTB6; InfoPath.1)"
85.105.85.50 - - [12/May/2009:03:29:11 -0400] "GET /images/head_btn-shop-over.gif HTTP/1.1" 304 - "http://www.aceonlinestore.com/CGI-BIN/LANSAWEB?WEBEVENT+L504AD74A85E01800556C04W+M37+ENG" "Mozilla/4.0 (compatible; MSIE 6.0; Windows NT 5.1; SV1; GTB6; InfoPath.1)"
85.105.85.50 - - [12/May/2009:03:29:11 -0400] "GET /images/head_btn-products-over.gif HTTP/1.1" 304 - "http://www.aceonlinestore.com/CGI-BIN/LANSAWEB?WEBEVENT+L504AD74A85E01800556C04W+M37+ENG" "Mozilla/4.0 (compatible; MSIE 6.0; Windows NT 5.1; SV1; GTB6; InfoPath.1)"
85.105.85.50 - - [12/May/2009:03:29:11 -0400] "GET /images/head_btn-catalog-over.gif HTTP/1.1" 304 - "http://www.aceonlinestore.com/CGI-BIN/LANSAWEB?WEBEVENT+L504AD74A85E01800556C04W+M37+ENG" "Mozilla/4.0 (compatible; MSIE 6.0; Windows NT 5.1; SV1; GTB6; InfoPath.1)"
85.105.85.50 - - [12/May/2009:03:29:12 -0400] "GET /images/head_btn-brochures-over.gif HTTP/1.1" 304 - "http://www.aceonlinestore.com/CGI-BIN/LANSAWEB?WEBEVENT+L504AD74A85E01800556C04W+M37+ENG" "Mozilla/4.0 (compatible; MSIE 6.0; Windows NT 5.1; SV1; GTB6; InfoPath.1)"
85.105.85.50 - - [12/May/2009:03:29:12 -0400] "GET /images/head_btn-aboutUs-over.gif HTTP/1.1" 304 - "http://www.aceonlinestore.com/CGI-BIN/LANSAWEB?WEBEVENT+L504AD74A85E01800556C04W+M37+ENG" "Mozilla/4.0 (compatible; MSIE 6.0; Windows NT 5.1; SV1; GTB6; InfoPath.1)"
85.105.85.50 - - [12/May/2009:03:29:12 -0400] "GET /images/head_btn-tutorials-over.gif HTTP/1.1" 304 - "http://www.aceonlinestore.com/CGI-BIN/LANSAWEB?WEBEVENT+L504AD74A85E01800556C04W+M37+ENG" "Mozilla/4.0 (compatible; MSIE 6.0; Windows NT 5.1; SV1; GTB6; InfoPath.1)"
85.105.85.50 - - [12/May/2009:03:29:13 -0400] "GET /CGI-BIN/LANSAWEB?PROCFUN+WORDPR01+FULLIMG+M37+FUNCPARMS+WEBCMP(S0020):1+WEBSSN(A0240):L504AD5488D50C800A44C04W+WSEQ(S0060):1+OUITEM(A0200):3233000 HTTP/1.1" 200 27010 "-" "Mozilla/4.0 (compatible; MSIE 6.0; Windows NT 5.1; SV1; GTB6; InfoPath.1)"
85.105.85.50 - - [12/May/2009:03:29:13 -0400] "GET /images/head_btn-conventions-over.gif HTTP/1.1" 304 - "http://www.aceonlinestore.com/CGI-BIN/LANSAWEB?WEBEVENT+L504AD74A85E01800556C04W+M37+ENG" "Mozilla/4.0 (compatible; MSIE 6.0; Windows NT 5.1; SV1; GTB6; InfoPath.1)"
85.105.85.50 - - [12/May/2009:03:29:13 -0400] "GET /images/head_btn-contactUs-over.gif HTTP/1.1" 304 - "http://www.aceonlinestore.com/CGI-BIN/LANSAWEB?WEBEVENT+L504AD74A85E01800556C04W+M37+ENG" "Mozilla/4.0 (compatible; MSIE 6.0; Windows NT 5.1; SV1; GTB6; InfoPath.1)"
85.105.85.50 - - [12/May/2009:03:29:13 -0400] "GET /images/head_btn-seminars-over.gif HTTP/1.1" 304 - "http://www.aceonlinestore.com/CGI-BIN/LANSAWEB?WEBEVENT+L504AD74A85E01800556C04W+M37+ENG" "Mozilla/4.0 (compatible; MSIE 6.0; Windows NT 5.1; SV1; GTB6; InfoPath.1)"
85.105.85.50 - - [12/May/2009:03:29:14 -0400] "GET /images/items/3233000_FULL.JPG HTTP/1.1" 200 7678 "http://www.aceonlinestore.com/CGI-BIN/LANSAWEB?PROCFUN+WORDPR01+FULLIMG+M37+FUNCPARMS+WEBCMP(S0020):1+WEBSSN(A0240):L504AD5488D50C800A44C04W+WSEQ(S0060):1+OUITEM(A0200):3233000" "Mozilla/4.0 (compatible; MSIE 6.0; Windows NT 5.1; SV1; GTB6; InfoPath.1)"
86.122.170.50 - - [12/May/2009:03:29:15 -0400] "GET /logs/error_log.Q108061400//vwar/convert/mvcw.php?step=1&vwar_root=http://www.ladyboss.com.ua/images/fx29id2.txt??? HTTP/1.1" 404 246 "-" "Mozilla/5.0 (Macintosh; U; PPC Mac OS X Mach-O; en-US; rv:1.8b4) Gecko/20050908 Firefox/1.4"
85.105.85.50 - - [12/May/2009:03:29:19 -0400] "GET /images/psearch_go-over.gif HTTP/1.1" 304 - "http://www.aceonlinestore.com/CGI-BIN/LANSAWEB?WEBEVENT+L504AD74A85E01800556C04W+M37+ENG" "Mozilla/4.0 (compatible; MSIE 6.0; Windows NT 5.1; SV1; GTB6; InfoPath.1)"
85.105.85.50 - - [12/May/2009:03:29:19 -0400] "GET /images/psearch_go.gif HTTP/1.1" 304 - "http://www.aceonlinestore.com/CGI-BIN/LANSAWEB?WEBEVENT+L504AD74A85E01800556C04W+M37+ENG" "Mozilla/4.0 (compatible; MSIE 6.0; Windows NT 5.1; SV1; GTB6; InfoPath.1)"
193.34.167.192 - - [12/May/2009:03:29:20 -0400] "GET /logs//ashnews.php?pathtoashnews=http://iprayedforyoutoday.com/alba.txt? HTTP/1.1" 404 215 "-" "libwww-perl/5.808"
193.34.167.192 - - [12/May/2009:03:29:20 -0400] "GET //ashnews.php?pathtoashnews=http://iprayedforyoutoday.com/alba.txt? HTTP/1.1" 404 210 "-" "libwww-perl/5.808"
193.34.167.192 - - [12/May/2009:03:29:36 -0400] "GET /logs//ashnews.php?pathtoashnews=http://iprayedforyoutoday.com/alba.txt? HTTP/1.1" 404 215 "-" "libwww-perl/5.808"
193.34.167.192 - - [12/May/2009:03:29:36 -0400] "GET //ashnews.php?pathtoashnews=http://iprayedforyoutoday.com/alba.txt? HTTP/1.1" 404 210 "-" "libwww-perl/5.808"
110.45.144.106 - - [12/May/2009:03:29:58 -0400] "GET /logs/access_log.Q108100100//modules/My_eGallery/public/displayCategory.php?basepath=http://shw.or.kr/bbs/bbs_public/06notice/id1.txt? HTTP/1.1" 404 272 "-" "Mozilla/5.0"
110.45.144.106 - - [12/May/2009:03:29:59 -0400] "GET /logs/access_log.Q108100100//modules/My_eGallery/public/displayCategory.php?basepath=http://shw.or.kr/bbs/bbs_public/06notice/id1.txt? HTTP/1.1" 404 272 "-" "Mozilla/5.0"
85.105.85.50 - - [12/May/2009:03:30:00 -0400] "GET /images/psearch_go-over.gif HTTP/1.1" 304 - "http://www.aceonlinestore.com/CGI-BIN/LANSAWEB?WEBEVENT+L504AD74A85E01800556C04W+M37+ENG" "Mozilla/4.0 (compatible; MSIE 6.0; Windows NT 5.1; SV1; GTB6; InfoPath.1)"
85.105.85.50 - - [12/May/2009:03:30:00 -0400] "GET /images/psearch_go-over.gif HTTP/1.1" 304 - "http://www.aceonlinestore.com/CGI-BIN/LANSAWEB?WEBEVENT+L504AD74A85E01800556C04W+M37+ENG" "Mozilla/4.0 (compatible; MSIE 6.0; Windows NT 5.1; SV1; GTB6; InfoPath.1)"
85.105.85.50 - - [12/May/2009:03:30:01 -0400] "POST /CGI-BIN/LANSAWEB?WEBEVENT+L504AD7458210C8007C5C04W+M37+ENG HTTP/1.1" 200 38036 "http://www.aceonlinestore.com/CGI-BIN/LANSAWEB?WEBEVENT+L504AD74A85E01800556C04W+M37+ENG" "Mozilla/4.0 (compatible; MSIE 6.0; Windows NT 5.1; SV1; GTB6; InfoPath.1)"
110.45.144.106 - - [12/May/2009:03:30:02 -0400] "GET /logs/access_log.Q108100100//modules/My_eGallery/public/displayCategory.php?basepath=http://shw.or.kr/bbs/bbs_public/06notice/id1.txt? HTTP/1.1" 404 272 "-" "Mozilla/5.0"
85.105.85.50 - - [12/May/2009:03:30:02 -0400] "GET /images/head_aceLogo.gif HTTP/1.1" 304 - "http://www.aceonlinestore.com/CGI-BIN/LANSAWEB?WEBEVENT+L504AD7458210C8007C5C04W+M37+ENG" "Mozilla/4.0 (compatible; MSIE 6.0; Windows NT 5.1; SV1; GTB6; InfoPath.1)"
85.105.85.50 - - [12/May/2009:03:30:02 -0400] "GET /images/head_btn-shop.gif HTTP/1.1" 304 - "http://www.aceonlinestore.com/CGI-BIN/LANSAWEB?WEBEVENT+L504AD7458210C8007C5C04W+M37+ENG" "Mozilla/4.0 (compatible; MSIE 6.0; Windows NT 5.1; SV1; GTB6; InfoPath.1)"
85.105.85.50 - - [12/May/2009:03:30:02 -0400] "GET /images/head_btn-products.gif HTTP/1.1" 304 - "http://www.aceonlinestore.com/CGI-BIN/LANSAWEB?WEBEVENT+L504AD7458210C8007C5C04W+M37+ENG" "Mozilla/4.0 (compatible; MSIE 6.0; Windows NT 5.1; SV1; GTB6; InfoPath.1)"
85.105.85.50 - - [12/May/2009:03:30:02 -0400] "GET /images/head_btn-catalogs.gif HTTP/1.1" 304 - "http://www.aceonlinestore.com/CGI-BIN/LANSAWEB?WEBEVENT+L504AD7458210C8007C5C04W+M37+ENG" "Mozilla/4.0 (compatible; MSIE 6.0; Windows NT 5.1; SV1; GTB6; InfoPath.1)"
85.105.85.50 - - [12/May/2009:03:30:03 -0400] "GET /images/head_btn-brochures.gif HTTP/1.1" 304 - "http://www.aceonlinestore.com/CGI-BIN/LANSAWEB?WEBEVENT+L504AD7458210C8007C5C04W+M37+ENG" "Mozilla/4.0 (compatible; MSIE 6.0; Windows NT 5.1; SV1; GTB6; InfoPath.1)"
