80.91.189.12 - - [12/May/2009:03:37:38 -0400] "GET /logs/access_log.Q108100900%20%20////?_SERVER[DOCUMENT_ROOT]=http://www.ladyboss.com.ua/images/fx29id2.txt??? HTTP/1.1" 404 230 "-" "Mozilla/5.0"
110.45.144.106 - - [12/May/2009:03:37:42 -0400] "GET /logs/access_log.Q108091000%20%20/components/com_sitemap/sitemap.php?mosConfig_admin_path=http://shw.or.kr/bbs/bbs_public/06notice/id1.txt? HTTP/1.1" 404 261 "-" "Mozilla/5.0"
110.45.144.106 - - [12/May/2009:03:37:42 -0400] "GET /logs/access_log.Q108090200%20%20/components/com_sitemap/sitemap.php?mosConfig_admin_path=http://shw.or.kr/bbs/bbs_public/06notice/id1.txt? HTTP/1.1" 404 261 "-" "Mozilla/5.0"
69.172.126.16 - - [12/May/2009:03:37:52 -0400] "GET /logs/error_log.Q108082500/index.php?main=http://www.hakcan.com//modules/coppermine/themes/default/MADONGCMD.txt?? HTTP/1.1" 404 233 "-" "libwww-perl/5.803"
69.172.126.16 - - [12/May/2009:03:37:52 -0400] "GET /index.php?main=http://www.hakcan.com//modules/coppermine/themes/default/MADONGCMD.txt?? HTTP/1.1" 404 207 "-" "libwww-perl/5.803"
69.172.126.16 - - [12/May/2009:03:37:52 -0400] "GET /logs/index.php?main=http://www.hakcan.com//modules/coppermine/themes/default/MADONGCMD.txt?? HTTP/1.1" 404 212 "-" "libwww-perl/5.803"
72.32.210.206 - - [12/May/2009:03:38:08 -0400] "GET /logs/access_log.Q109022600/playing.php/common/db.php?commonpath=http://www.ladyboss.com.ua/images/fx29id2.txt??? HTTP/1.1" 404 250 "-" "Mozilla/5.0"
209.59.12.99 - - [12/May/2009:03:38:14 -0400] "GET / HTTP/1.0" 200 409 "-" "check_http/1.81 (nagios-plugins 1.4)"
218.150.79.146 - - [12/May/2009:03:38:20 -0400] "GET /logs/access_log.Q108112200%20%20/components/com_sitemap/sitemap.php?mosConfig_admin_path=http://www.powerledshop.com/tst//data/fx1?? HTTP/1.1" 404 261 "-" "Mozilla/5.0"
110.45.144.106 - - [12/May/2009:03:38:28 -0400] "GET /logs/access_log.Q108102400%20%20//administrator/components/com_serverstat/install.serverstat.php?mosConfig_absolute_path=http://shw.or.kr/bbs/bbs_public/06notice/id1.txt? HTTP/1.1" 404 290 "-" "Mozilla/5.0"
72.32.210.206 - - [12/May/2009:03:38:37 -0400] "GET /logs/access_log.Q108121300/playing.php/common/db.php?commonpath=http://www.ladyboss.com.ua/images/fx29id2.txt??? HTTP/1.1" 404 250 "-" "Mozilla/5.0"
218.150.79.146 - - [12/May/2009:03:38:40 -0400] "GET /logs/access_log.Q108091000%20%20/components/com_sitemap/sitemap.php?mosConfig_admin_path=http://www.powerledshop.com/tst//data/fx1?? HTTP/1.1" 404 261 "-" "Mozilla/5.0"
221.139.1.251 - - [12/May/2009:03:39:00 -0400] "GET //administrator/components/com_virtuemart/export.php?mosConfig_absolute_path=http://www.kortech.cn/bbs//skin/zero_vote/fx29id1.txt? HTTP/1.1" 404 249 "-" "Mozilla/5.0"
221.139.1.251 - - [12/May/2009:03:39:00 -0400] "GET /logs//administrator/components/com_virtuemart/export.php?mosConfig_absolute_path=http://www.kortech.cn/bbs//skin/zero_vote/fx29id1.txt? HTTP/1.1" 404 254 "-" "Mozilla/5.0"
221.139.1.251 - - [12/May/2009:03:39:00 -0400] "GET /logs/access_log.Q109041200%20%20//administrator/components/com_virtuemart/export.php?mosConfig_absolute_path=http://www.kortech.cn/bbs//skin/zero_vote/fx29id1.txt? HTTP/1.1" 404 278 "-" "Mozilla/5.0"
72.32.210.206 - - [12/May/2009:03:39:00 -0400] "GET /logs/access_log.Q108092700////?_SERVER[DOCUMENT_ROOT]=http://www.ladyboss.com.ua/images/fx29id2.txt??? HTTP/1.1" 404 228 "-" "Mozilla/5.0"
72.32.210.206 - - [12/May/2009:03:39:03 -0400] "GET /index.php?option=com_custompages&cpage=http://www.ladyboss.com.ua/images/fx29id2.txt??? HTTP/1.1" 404 207 "-" "Mozilla/5.0"
72.32.210.206 - - [12/May/2009:03:39:03 -0400] "GET /logs/index.php?option=com_custompages&cpage=http://www.ladyboss.com.ua/images/fx29id2.txt??? HTTP/1.1" 404 212 "-" "Mozilla/5.0"
72.32.210.206 - - [12/May/2009:03:39:03 -0400] "GET /logs/access_log.Q108111500/index.php?option=com_custompages&cpage=http://www.ladyboss.com.ua/images/fx29id2.txt??? HTTP/1.1" 404 234 "-" "Mozilla/5.0"
72.32.210.206 - - [12/May/2009:03:39:03 -0400] "GET /logs/access_log.Q108091300%20%20/index.php?option=com_custompages&cpage=http://www.ladyboss.com.ua/images/fx29id2.txt??? HTTP/1.1" 404 236 "-" "Mozilla/5.0"
72.32.210.206 - - [12/May/2009:03:39:03 -0400] "GET /logs/access_log.Q108111500%20%20/index.php?option=com_custompages&cpage=http://www.ladyboss.com.ua/images/fx29id2.txt??? HTTP/1.1" 404 236 "-" "Mozilla/5.0"
110.45.144.106 - - [12/May/2009:03:39:09 -0400] "GET /logs/access_log.Q108111500%20%20//administrator/components/com_serverstat/install.serverstat.php?mosConfig_absolute_path=http://shw.or.kr/bbs/bbs_public/06notice/id1.txt? HTTP/1.1" 404 290 "-" "Mozilla/5.0"
72.32.210.206 - - [12/May/2009:03:39:11 -0400] "GET /index.php?option=com_custompages&cpage=http://www.ladyboss.com.ua/images/fx29id2.txt??? HTTP/1.1" 404 207 "-" "Mozilla/5.0"
72.32.210.206 - - [12/May/2009:03:39:11 -0400] "GET /logs/index.php?option=com_custompages&cpage=http://www.ladyboss.com.ua/images/fx29id2.txt??? HTTP/1.1" 404 212 "-" "Mozilla/5.0"
72.32.210.206 - - [12/May/2009:03:39:11 -0400] "GET /logs/access_log.Q108111500/index.php?option=com_custompages&cpage=http://www.ladyboss.com.ua/images/fx29id2.txt??? HTTP/1.1" 404 234 "-" "Mozilla/5.0"
72.32.210.206 - - [12/May/2009:03:39:11 -0400] "GET /logs/access_log.Q108091300%20%20/index.php?option=com_custompages&cpage=http://www.ladyboss.com.ua/images/fx29id2.txt??? HTTP/1.1" 404 236 "-" "Mozilla/5.0"
72.32.210.206 - - [12/May/2009:03:39:11 -0400] "GET /logs/access_log.Q108111500%20%20/index.php?option=com_custompages&cpage=http://www.ladyboss.com.ua/images/fx29id2.txt??? HTTP/1.1" 404 236 "-" "Mozilla/5.0"
72.32.210.206 - - [12/May/2009:03:39:12 -0400] "GET /logs/access_log.Q109022600/playing.php/common/db.php?commonpath=http://www.ladyboss.com.ua/images/fx29id2.txt??? HTTP/1.1" 404 250 "-" "Mozilla/5.0"
72.32.210.206 - - [12/May/2009:03:39:14 -0400] "GET /logs/access_log.Q108100900////?_SERVER[DOCUMENT_ROOT]=http://www.ladyboss.com.ua/images/fx29id2.txt??? HTTP/1.1" 404 228 "-" "Mozilla/5.0"
218.150.79.146 - - [12/May/2009:03:39:53 -0400] "GET /logs/access_log.Q108112200%20%20/components/com_sitemap/sitemap.php?mosConfig_admin_path=http://www.powerledshop.com/tst//data/fx1?? HTTP/1.1" 404 261 "-" "Mozilla/5.0"
218.150.79.146 - - [12/May/2009:03:39:59 -0400] "GET /logs/access_log.Q108091000%20%20/components/com_sitemap/sitemap.php?mosConfig_admin_path=http://www.powerledshop.com/tst//data/fx1?? HTTP/1.1" 404 261 "-" "Mozilla/5.0"
88.191.103.144 - - [12/May/2009:03:40:13 -0400] "GET /logs/access_log.Q108053100/index.php?main=http://www.hakcan.com//modules/coppermine/themes/default/MADONGCMD.txt?? HTTP/1.1" 404 234 "-" "libwww-perl/5.825"
72.30.142.126 - - [12/May/2009:03:40:14 -0400] "GET /logs/error_log.Q107080100 HTTP/1.0" 404 223 "-" "Mozilla/5.0 (compatible; Yahoo! Slurp/3.0; http://help.yahoo.com/help/us/ysearch/slurp)"
72.32.210.206 - - [12/May/2009:03:40:17 -0400] "GET /logs/access_log.Q108091300/index.php?option=com_custompages&cpage=http://www.ladyboss.com.ua/images/fx29id2.txt??? HTTP/1.1" 404 234 "-" "Mozilla/5.0"
72.32.210.206 - - [12/May/2009:03:40:19 -0400] "GET /logs/access_log.Q108091300/index.php?option=com_custompages&cpage=http://www.ladyboss.com.ua/images/fx29id2.txt??? HTTP/1.1" 404 234 "-" "Mozilla/5.0"
77.221.151.178 - - [12/May/2009:03:40:39 -0400] "GET /logs/access_log.Q108092700////?_SERVER[DOCUMENT_ROOT]=http://www.ladyboss.com.ua/images/fx29id2.txt??? HTTP/1.1" 404 228 "-" "Mozilla/5.0"
77.221.151.178 - - [12/May/2009:03:40:49 -0400] "GET /logs/access_log.Q108100900////?_SERVER[DOCUMENT_ROOT]=http://www.ladyboss.com.ua/images/fx29id2.txt??? HTTP/1.1" 404 228 "-" "Mozilla/5.0"
69.172.126.16 - - [12/May/2009:03:41:01 -0400] "GET /logs/access_log.Q108053100/index.php?main=http://www.hakcan.com//modules/coppermine/themes/default/MADONGCMD.txt?? HTTP/1.1" 404 234 "-" "libwww-perl/5.803"
72.32.210.206 - - [12/May/2009:03:41:05 -0400] "GET /logs/index2.php?option=com_custompages&cpage=http://www.ladyboss.com.ua/images/fx29id2.txt??? HTTP/1.1" 404 213 "-" "Mozilla/5.0"
72.32.210.206 - - [12/May/2009:03:41:05 -0400] "GET /index2.php?option=com_custompages&cpage=http://www.ladyboss.com.ua/images/fx29id2.txt??? HTTP/1.1" 404 208 "-" "Mozilla/5.0"
72.32.210.206 - - [12/May/2009:03:41:05 -0400] "GET /logs/access_log.Q108091300%20%20/index2.php?option=com_custompages&cpage=http://www.ladyboss.com.ua/images/fx29id2.txt??? HTTP/1.1" 404 237 "-" "Mozilla/5.0"
72.32.210.206 - - [12/May/2009:03:41:05 -0400] "GET /logs/access_log.Q108111500/index2.php?option=com_custompages&cpage=http://www.ladyboss.com.ua/images/fx29id2.txt??? HTTP/1.1" 404 235 "-" "Mozilla/5.0"
72.32.210.206 - - [12/May/2009:03:41:05 -0400] "GET /logs/access_log.Q108111500%20%20/index2.php?option=com_custompages&cpage=http://www.ladyboss.com.ua/images/fx29id2.txt??? HTTP/1.1" 404 237 "-" "Mozilla/5.0"
72.32.210.206 - - [12/May/2009:03:41:06 -0400] "GET /index2.php?option=com_custompages&cpage=http://www.ladyboss.com.ua/images/fx29id2.txt??? HTTP/1.1" 404 208 "-" "Mozilla/5.0"
72.32.210.206 - - [12/May/2009:03:41:06 -0400] "GET /logs/access_log.Q108111500/index2.php?option=com_custompages&cpage=http://www.ladyboss.com.ua/images/fx29id2.txt??? HTTP/1.1" 404 235 "-" "Mozilla/5.0"
72.32.210.206 - - [12/May/2009:03:41:06 -0400] "GET /logs/index2.php?option=com_custompages&cpage=http://www.ladyboss.com.ua/images/fx29id2.txt??? HTTP/1.1" 404 213 "-" "Mozilla/5.0"
72.32.210.206 - - [12/May/2009:03:41:06 -0400] "GET /logs/access_log.Q108091300%20%20/index2.php?option=com_custompages&cpage=http://www.ladyboss.com.ua/images/fx29id2.txt??? HTTP/1.1" 404 237 "-" "Mozilla/5.0"
72.32.210.206 - - [12/May/2009:03:41:06 -0400] "GET /logs/access_log.Q108111500%20%20/index2.php?option=com_custompages&cpage=http://www.ladyboss.com.ua/images/fx29id2.txt??? HTTP/1.1" 404 237 "-" "Mozilla/5.0"
72.30.142.126 - - [12/May/2009:03:41:14 -0400] "GET /cgi-bin/lansaweb?procfun+wordpr01+webfunc+m37+funcparms+WEBKEY(A0100):PROMOS HTTP/1.0" 200 45921 "-" "Mozilla/5.0 (compatible; Yahoo! Slurp/3.0; http://help.yahoo.com/help/us/ysearch/slurp)"
72.32.210.206 - - [12/May/2009:03:41:52 -0400] "GET /logs/access_log.Q108091300/index2.php?option=com_custompages&cpage=http://www.ladyboss.com.ua/images/fx29id2.txt??? HTTP/1.1" 404 235 "-" "Mozilla/5.0"
72.32.210.206 - - [12/May/2009:03:41:54 -0400] "GET /logs/access_log.Q108091300/index2.php?option=com_custompages&cpage=http://www.ladyboss.com.ua/images/fx29id2.txt??? HTTP/1.1" 404 235 "-" "Mozilla/5.0"
80.86.82.88 - - [12/May/2009:03:42:16 -0400] "GET /logs/access_log.Q108060500//content/multithumb/multithumb?mosConfig_absolute_path=http://10thplanet.com/playlist/scan/id???? HTTP/1.1" 404 255 "-" "libwww-perl/5.825"
80.86.82.88 - - [12/May/2009:03:42:16 -0400] "GET /logs//content/multithumb/multithumb?mosConfig_absolute_path=http://10thplanet.com/playlist/scan/id???? HTTP/1.1" 404 233 "-" "libwww-perl/5.825"
80.86.82.88 - - [12/May/2009:03:42:16 -0400] "GET //content/multithumb/multithumb?mosConfig_absolute_path=http://10thplanet.com/playlist/scan/id???? HTTP/1.1" 404 228 "-" "libwww-perl/5.825"
80.86.82.88 - - [12/May/2009:03:42:16 -0400] "GET /logs/access_log.Q108110300//content/multithumb/multithumb?mosConfig_absolute_path=http://10thplanet.com/playlist/scan/id???? HTTP/1.1" 404 255 "-" "libwww-perl/5.825"
218.249.36.194 - - [12/May/2009:03:42:21 -0400] "GET /logs/access_log.Q108092700%20%20////?_SERVER[DOCUMENT_ROOT]=http://cuekh-bubekh.ucoz.com/id1.txt?????? HTTP/1.1" 404 230 "-" "Mozilla/5.0"
218.249.36.194 - - [12/May/2009:03:42:21 -0400] "GET /logs////?_SERVER[DOCUMENT_ROOT]=http://cuekh-bubekh.ucoz.com/id1.txt?????? HTTP/1.1" 200 1023 "-" "Mozilla/5.0"
218.249.36.194 - - [12/May/2009:03:42:21 -0400] "GET ////?_SERVER[DOCUMENT_ROOT]=http://cuekh-bubekh.ucoz.com/id1.txt?????? HTTP/1.1" 200 454 "-" "Mozilla/5.0"
72.32.210.206 - - [12/May/2009:03:43:03 -0400] "GET /logs/access_log.Q108090100/index.php?option=com_custompages&cpage=http://www.ladyboss.com.ua/images/fx29id2.txt??? HTTP/1.1" 404 234 "-" "Mozilla/5.0"
218.249.36.194 - - [12/May/2009:03:43:11 -0400] "GET /logs/access_log.Q108100900%20%20////?_SERVER[DOCUMENT_ROOT]=http://cuekh-bubekh.ucoz.com/id1.txt?????? HTTP/1.1" 404 230 "-" "Mozilla/5.0"
209.59.12.99 - - [12/May/2009:03:43:15 -0400] "GET / HTTP/1.0" 200 409 "-" "check_http/1.81 (nagios-plugins 1.4)"
72.30.142.126 - - [12/May/2009:03:43:26 -0400] "GET /logs/access_log.Q107120500 HTTP/1.0" 404 224 "-" "Mozilla/5.0 (compatible; Yahoo! Slurp/3.0; http://help.yahoo.com/help/us/ysearch/slurp)"
208.109.178.1 - - [12/May/2009:03:43:27 -0400] "GET /logs/access_log.Q108103100/e404.php?DOCUMENT_ROOT=http://theblythes.net/cal/db/log?? HTTP/1.1" 404 233 "-" "Mozilla/5.0"
208.109.178.1 - - [12/May/2009:03:43:27 -0400] "GET /logs/access_log.Q108103100/e404.php?DOCUMENT_ROOT=http://theblythes.net/cal/db/log?? HTTP/1.1" 404 233 "-" "Mozilla/5.0"
208.109.178.1 - - [12/May/2009:03:43:27 -0400] "GET /e404.php?DOCUMENT_ROOT=http://theblythes.net/cal/db/log?? HTTP/1.1" 404 206 "-" "Mozilla/5.0"
208.109.178.1 - - [12/May/2009:03:43:28 -0400] "GET /e404.php?DOCUMENT_ROOT=http://theblythes.net/cal/db/log?? HTTP/1.1" 404 206 "-" "Mozilla/5.0"
208.109.178.1 - - [12/May/2009:03:43:28 -0400] "GET /logs/access_log.Q108103100/e404.php?DOCUMENT_ROOT=http://theblythes.net/cal/db/log?? HTTP/1.1" 404 233 "-" "Mozilla/5.0"
208.109.178.1 - - [12/May/2009:03:43:28 -0400] "GET /logs/e404.php?DOCUMENT_ROOT=http://theblythes.net/cal/db/log?? HTTP/1.1" 404 211 "-" "Mozilla/5.0"
208.109.178.1 - - [12/May/2009:03:43:28 -0400] "GET /e404.php?DOCUMENT_ROOT=http://theblythes.net/cal/db/log?? HTTP/1.1" 404 206 "-" "Mozilla/5.0"
208.109.178.1 - - [12/May/2009:03:43:28 -0400] "GET /logs/e404.php?DOCUMENT_ROOT=http://theblythes.net/cal/db/log?? HTTP/1.1" 404 211 "-" "Mozilla/5.0"
208.109.178.1 - - [12/May/2009:03:43:29 -0400] "GET /logs/e404.php?DOCUMENT_ROOT=http://theblythes.net/cal/db/log?? HTTP/1.1" 404 211 "-" "Mozilla/5.0"
190.144.44.36 - - [12/May/2009:03:43:34 -0400] "GET /e404.php?DOCUMENT_ROOT=http://theblythes.net/cal/db/log?? HTTP/1.1" 404 206 "-" "Mozilla/5.0"
190.144.44.36 - - [12/May/2009:03:43:34 -0400] "GET /logs/access_log.Q108103100/e404.php?DOCUMENT_ROOT=http://theblythes.net/cal/db/log?? HTTP/1.1" 404 233 "-" "Mozilla/5.0"
190.144.44.36 - - [12/May/2009:03:43:35 -0400] "GET /logs/e404.php?DOCUMENT_ROOT=http://theblythes.net/cal/db/log?? HTTP/1.1" 404 211 "-" "Mozilla/5.0"
72.32.210.206 - - [12/May/2009:03:43:35 -0400] "GET /logs/access_log.Q108090100/index.php?option=com_custompages&cpage=http://www.ladyboss.com.ua/images/fx29id2.txt??? HTTP/1.1" 404 234 "-" "Mozilla/5.0"
208.109.178.1 - - [12/May/2009:03:43:37 -0400] "GET /e404.php?DOCUMENT_ROOT=http://theblythes.net/cal/db/log?? HTTP/1.1" 404 206 "-" "Mozilla/5.0"
208.109.178.1 - - [12/May/2009:03:43:37 -0400] "GET /logs/e404.php?DOCUMENT_ROOT=http://theblythes.net/cal/db/log?? HTTP/1.1" 404 211 "-" "Mozilla/5.0"
208.109.178.1 - - [12/May/2009:03:43:37 -0400] "GET /logs/access_log.Q108103100%20%20/e404.php?DOCUMENT_ROOT=http://theblythes.net/cal/db/log?? HTTP/1.1" 404 235 "-" "Mozilla/5.0"
208.109.178.1 - - [12/May/2009:03:43:38 -0400] "GET /logs/e404.php?DOCUMENT_ROOT=http://theblythes.net/cal/db/log?? HTTP/1.1" 404 211 "-" "Mozilla/5.0"
208.109.178.1 - - [12/May/2009:03:43:38 -0400] "GET /logs/access_log.Q108103100%20%20/e404.php?DOCUMENT_ROOT=http://theblythes.net/cal/db/log?? HTTP/1.1" 404 235 "-" "Mozilla/5.0"
208.109.178.1 - - [12/May/2009:03:43:38 -0400] "GET /logs/access_log.Q108103100%20%20/e404.php?DOCUMENT_ROOT=http://theblythes.net/cal/db/log?? HTTP/1.1" 404 235 "-" "Mozilla/5.0"
208.109.178.1 - - [12/May/2009:03:43:38 -0400] "GET /e404.php?DOCUMENT_ROOT=http://theblythes.net/cal/db/log?? HTTP/1.1" 404 206 "-" "Mozilla/5.0"
208.109.178.1 - - [12/May/2009:03:43:38 -0400] "GET /logs/e404.php?DOCUMENT_ROOT=http://theblythes.net/cal/db/log?? HTTP/1.1" 404 211 "-" "Mozilla/5.0"
208.109.178.1 - - [12/May/2009:03:43:39 -0400] "GET /e404.php?DOCUMENT_ROOT=http://theblythes.net/cal/db/log?? HTTP/1.1" 404 206 "-" "Mozilla/5.0"
208.109.178.1 - - [12/May/2009:03:43:54 -0400] "GET /logs/access_log.Q109010300/e404.php?DOCUMENT_ROOT=http://theblythes.net/cal/db/log?? HTTP/1.1" 404 233 "-" "Mozilla/5.0"
190.144.44.36 - - [12/May/2009:03:43:55 -0400] "GET /logs/access_log.Q109010300/e404.php?DOCUMENT_ROOT=http://theblythes.net/cal/db/log?? HTTP/1.1" 404 233 "-" "Mozilla/5.0"
208.109.178.1 - - [12/May/2009:03:43:55 -0400] "GET /logs/access_log.Q109010300/e404.php?DOCUMENT_ROOT=http://theblythes.net/cal/db/log?? HTTP/1.1" 404 233 "-" "Mozilla/5.0"
85.105.85.50 - - [12/May/2009:03:43:55 -0400] "GET /images/head_btn-aboutUs-over.gif HTTP/1.1" 304 - "http://www.aceonlinestore.com/CGI-BIN/LANSAWEB?WEBEVENT+L504AD8448A3058008C9C04W+M37+ENG" "Mozilla/4.0 (compatible; MSIE 6.0; Windows NT 5.1; SV1; GTB6; InfoPath.1)"
85.105.85.50 - - [12/May/2009:03:43:55 -0400] "GET /images/head_btn-aboutUs.gif HTTP/1.1" 304 - "http://www.aceonlinestore.com/CGI-BIN/LANSAWEB?WEBEVENT+L504AD8448A3058008C9C04W+M37+ENG" "Mozilla/4.0 (compatible; MSIE 6.0; Windows NT 5.1; SV1; GTB6; InfoPath.1)"
85.105.85.50 - - [12/May/2009:03:43:55 -0400] "GET /images/head_btn-shop-over.gif HTTP/1.1" 304 - "http://www.aceonlinestore.com/CGI-BIN/LANSAWEB?WEBEVENT+L504AD8448A3058008C9C04W+M37+ENG" "Mozilla/4.0 (compatible; MSIE 6.0; Windows NT 5.1; SV1; GTB6; InfoPath.1)"
208.109.178.1 - - [12/May/2009:03:43:55 -0400] "GET /logs/access_log.Q109010300/e404.php?DOCUMENT_ROOT=http://theblythes.net/cal/db/log?? HTTP/1.1" 404 233 "-" "Mozilla/5.0"
85.105.85.50 - - [12/May/2009:03:43:56 -0400] "GET /images/head_btn-shop.gif HTTP/1.1" 304 - "http://www.aceonlinestore.com/CGI-BIN/LANSAWEB?WEBEVENT+L504AD8448A3058008C9C04W+M37+ENG" "Mozilla/4.0 (compatible; MSIE 6.0; Windows NT 5.1; SV1; GTB6; InfoPath.1)"
85.105.85.50 - - [12/May/2009:03:43:55 -0400] "POST /CGI-BIN/LANSAWEB?WEBEVENT+L504AD84F85F0D8008D8C04W+M37+ENG HTTP/1.1" 200 76119 "http://www.aceonlinestore.com/CGI-BIN/LANSAWEB?WEBEVENT+L504AD8448A3058008C9C04W+M37+ENG" "Mozilla/4.0 (compatible; MSIE 6.0; Windows NT 5.1; SV1; GTB6; InfoPath.1)"
85.105.85.50 - - [12/May/2009:03:43:57 -0400] "GET /images/head_btn-products.gif HTTP/1.1" 304 - "http://www.aceonlinestore.com/CGI-BIN/LANSAWEB?WEBEVENT+L504AD84F85F0D8008D8C04W+M37+ENG" "Mozilla/4.0 (compatible; MSIE 6.0; Windows NT 5.1; SV1; GTB6; InfoPath.1)"
85.105.85.50 - - [12/May/2009:03:43:58 -0400] "GET /images/head_btn-catalogs.gif HTTP/1.1" 304 - "http://www.aceonlinestore.com/CGI-BIN/LANSAWEB?WEBEVENT+L504AD84F85F0D8008D8C04W+M37+ENG" "Mozilla/4.0 (compatible; MSIE 6.0; Windows NT 5.1; SV1; GTB6; InfoPath.1)"
85.105.85.50 - - [12/May/2009:03:43:58 -0400] "GET /images/head_btn-brochures.gif HTTP/1.1" 304 - "http://www.aceonlinestore.com/CGI-BIN/LANSAWEB?WEBEVENT+L504AD84F85F0D8008D8C04W+M37+ENG" "Mozilla/4.0 (compatible; MSIE 6.0; Windows NT 5.1; SV1; GTB6; InfoPath.1)"
85.105.85.50 - - [12/May/2009:03:43:58 -0400] "GET /images/head_btn-space1.gif HTTP/1.1" 304 - "http://www.aceonlinestore.com/CGI-BIN/LANSAWEB?WEBEVENT+L504AD84F85F0D8008D8C04W+M37+ENG" "Mozilla/4.0 (compatible; MSIE 6.0; Windows NT 5.1; SV1; GTB6; InfoPath.1)"
85.105.85.50 - - [12/May/2009:03:43:58 -0400] "GET /images/head_surgical-supply.gif HTTP/1.1" 304 - "http://www.aceonlinestore.com/CGI-BIN/LANSAWEB?WEBEVENT+L504AD84F85F0D8008D8C04W+M37+ENG" "Mozilla/4.0 (compatible; MSIE 6.0; Windows NT 5.1; SV1; GTB6; InfoPath.1)"
85.105.85.50 - - [12/May/2009:03:43:58 -0400] "GET /images/head_btn-aboutUs.gif HTTP/1.1" 304 - "http://www.aceonlinestore.com/CGI-BIN/LANSAWEB?WEBEVENT+L504AD84F85F0D8008D8C04W+M37+ENG" "Mozilla/4.0 (compatible; MSIE 6.0; Windows NT 5.1; SV1; GTB6; InfoPath.1)"
85.105.85.50 - - [12/May/2009:03:43:59 -0400] "GET /images/head_btn-tutorials.gif HTTP/1.1" 304 - "http://www.aceonlinestore.com/CGI-BIN/LANSAWEB?WEBEVENT+L504AD84F85F0D8008D8C04W+M37+ENG" "Mozilla/4.0 (compatible; MSIE 6.0; Windows NT 5.1; SV1; GTB6; InfoPath.1)"
85.105.85.50 - - [12/May/2009:03:43:59 -0400] "GET /images/head_btn-seminars.gif HTTP/1.1" 304 - "http://www.aceonlinestore.com/CGI-BIN/LANSAWEB?WEBEVENT+L504AD84F85F0D8008D8C04W+M37+ENG" "Mozilla/4.0 (compatible; MSIE 6.0; Windows NT 5.1; SV1; GTB6; InfoPath.1)"
85.105.85.50 - - [12/May/2009:03:43:59 -0400] "GET /images/head_btn-conventions.gif HTTP/1.1" 304 - "http://www.aceonlinestore.com/CGI-BIN/LANSAWEB?WEBEVENT+L504AD84F85F0D8008D8C04W+M37+ENG" "Mozilla/4.0 (compatible; MSIE 6.0; Windows NT 5.1; SV1; GTB6; InfoPath.1)"
85.105.85.50 - - [12/May/2009:03:43:59 -0400] "GET /images/head_btn-contactUs.gif HTTP/1.1" 304 - "http://www.aceonlinestore.com/CGI-BIN/LANSAWEB?WEBEVENT+L504AD84F85F0D8008D8C04W+M37+ENG" "Mozilla/4.0 (compatible; MSIE 6.0; Windows NT 5.1; SV1; GTB6; InfoPath.1)"
85.105.85.50 - - [12/May/2009:03:43:59 -0400] "GET /images/head_btn-spacer2.gif HTTP/1.1" 304 - "http://www.aceonlinestore.com/CGI-BIN/LANSAWEB?WEBEVENT+L504AD84F85F0D8008D8C04W+M37+ENG" "Mozilla/4.0 (compatible; MSIE 6.0; Windows NT 5.1; SV1; GTB6; InfoPath.1)"
85.105.85.50 - - [12/May/2009:03:43:59 -0400] "GET /images/login_go.gif HTTP/1.1" 304 - "http://www.aceonlinestore.com/CGI-BIN/LANSAWEB?WEBEVENT+L504AD84F85F0D8008D8C04W+M37+ENG" "Mozilla/4.0 (compatible; MSIE 6.0; Windows NT 5.1; SV1; GTB6; InfoPath.1)"
85.105.85.50 - - [12/May/2009:03:44:00 -0400] "GET /images/blend.jpg HTTP/1.1" 304 - "http://www.aceonlinestore.com/CGI-BIN/LANSAWEB?WEBEVENT+L504AD84F85F0D8008D8C04W+M37+ENG" "Mozilla/4.0 (compatible; MSIE 6.0; Windows NT 5.1; SV1; GTB6; InfoPath.1)"
85.105.85.50 - - [12/May/2009:03:44:00 -0400] "GET /images/cat_dot.gif HTTP/1.1" 200 45 "http://www.aceonlinestore.com/CGI-BIN/LANSAWEB?WEBEVENT+L504AD84F85F0D8008D8C04W+M37+ENG" "Mozilla/4.0 (compatible; MSIE 6.0; Windows NT 5.1; SV1; GTB6; InfoPath.1)"
85.105.85.50 - - [12/May/2009:03:44:00 -0400] "GET /images/cat_link.gif HTTP/1.1" 200 46 "http://www.aceonlinestore.com/CGI-BIN/LANSAWEB?WEBEVENT+L504AD84F85F0D8008D8C04W+M37+ENG" "Mozilla/4.0 (compatible; MSIE 6.0; Windows NT 5.1; SV1; GTB6; InfoPath.1)"
85.105.85.50 - - [12/May/2009:03:44:00 -0400] "GET /images/cat_expand.gif HTTP/1.1" 200 79 "http://www.aceonlinestore.com/CGI-BIN/LANSAWEB?WEBEVENT+L504AD84F85F0D8008D8C04W+M37+ENG" "Mozilla/4.0 (compatible; MSIE 6.0; Windows NT 5.1; SV1; GTB6; InfoPath.1)"
208.109.178.1 - - [12/May/2009:03:44:00 -0400] "GET /logs/access_log.Q109010300%20%20/e404.php?DOCUMENT_ROOT=http://theblythes.net/cal/db/log?? HTTP/1.1" 404 235 "-" "Mozilla/5.0"
85.105.85.50 - - [12/May/2009:03:44:01 -0400] "GET /images/head_btn-shop-over.gif HTTP/1.1" 304 - "http://www.aceonlinestore.com/CGI-BIN/LANSAWEB?WEBEVENT+L504AD84F85F0D8008D8C04W+M37+ENG" "Mozilla/4.0 (compatible; MSIE 6.0; Windows NT 5.1; SV1; GTB6; InfoPath.1)"
85.105.85.50 - - [12/May/2009:03:44:01 -0400] "GET /images/head_aceLogo-over.gif HTTP/1.1" 304 - "http://www.aceonlinestore.com/CGI-BIN/LANSAWEB?WEBEVENT+L504AD84F85F0D8008D8C04W+M37+ENG" "Mozilla/4.0 (compatible; MSIE 6.0; Windows NT 5.1; SV1; GTB6; InfoPath.1)"
85.105.85.50 - - [12/May/2009:03:44:01 -0400] "GET /images/head_btn-products-over.gif HTTP/1.1" 304 - "http://www.aceonlinestore.com/CGI-BIN/LANSAWEB?WEBEVENT+L504AD84F85F0D8008D8C04W+M37+ENG" "Mozilla/4.0 (compatible; MSIE 6.0; Windows NT 5.1; SV1; GTB6; InfoPath.1)"
85.105.85.50 - - [12/May/2009:03:44:01 -0400] "GET /images/head_btn-catalog-over.gif HTTP/1.1" 304 - "http://www.aceonlinestore.com/CGI-BIN/LANSAWEB?WEBEVENT+L504AD84F85F0D8008D8C04W+M37+ENG" "Mozilla/4.0 (compatible; MSIE 6.0; Windows NT 5.1; SV1; GTB6; InfoPath.1)"
208.109.178.1 - - [12/May/2009:03:44:01 -0400] "GET /logs/access_log.Q109010300%20%20/e404.php?DOCUMENT_ROOT=http://theblythes.net/cal/db/log?? HTTP/1.1" 404 235 "-" "Mozilla/5.0"
208.109.178.1 - - [12/May/2009:03:44:01 -0400] "GET /logs/access_log.Q109010300%20%20/e404.php?DOCUMENT_ROOT=http://theblythes.net/cal/db/log?? HTTP/1.1" 404 235 "-" "Mozilla/5.0"
85.105.85.50 - - [12/May/2009:03:44:01 -0400] "GET /images/head_btn-brochures-over.gif HTTP/1.1" 304 - "http://www.aceonlinestore.com/CGI-BIN/LANSAWEB?WEBEVENT+L504AD84F85F0D8008D8C04W+M37+ENG" "Mozilla/4.0 (compatible; MSIE 6.0; Windows NT 5.1; SV1; GTB6; InfoPath.1)"
85.105.85.50 - - [12/May/2009:03:44:01 -0400] "GET /images/head_btn-aboutUs-over.gif HTTP/1.1" 304 - "http://www.aceonlinestore.com/CGI-BIN/LANSAWEB?WEBEVENT+L504AD84F85F0D8008D8C04W+M37+ENG" "Mozilla/4.0 (compatible; MSIE 6.0; Windows NT 5.1; SV1; GTB6; InfoPath.1)"
85.105.85.50 - - [12/May/2009:03:44:02 -0400] "GET /images/head_btn-tutorials-over.gif HTTP/1.1" 304 - "http://www.aceonlinestore.com/CGI-BIN/LANSAWEB?WEBEVENT+L504AD84F85F0D8008D8C04W+M37+ENG" "Mozilla/4.0 (compatible; MSIE 6.0; Windows NT 5.1; SV1; GTB6; InfoPath.1)"
85.105.85.50 - - [12/May/2009:03:44:02 -0400] "GET /images/head_btn-seminars-over.gif HTTP/1.1" 304 - "http://www.aceonlinestore.com/CGI-BIN/LANSAWEB?WEBEVENT+L504AD84F85F0D8008D8C04W+M37+ENG" "Mozilla/4.0 (compatible; MSIE 6.0; Windows NT 5.1; SV1; GTB6; InfoPath.1)"
85.105.85.50 - - [12/May/2009:03:44:02 -0400] "GET /images/head_btn-conventions-over.gif HTTP/1.1" 304 - "http://www.aceonlinestore.com/CGI-BIN/LANSAWEB?WEBEVENT+L504AD84F85F0D8008D8C04W+M37+ENG" "Mozilla/4.0 (compatible; MSIE 6.0; Windows NT 5.1; SV1; GTB6; InfoPath.1)"
85.105.85.50 - - [12/May/2009:03:44:02 -0400] "GET /images/head_btn-contactUs-over.gif HTTP/1.1" 304 - "http://www.aceonlinestore.com/CGI-BIN/LANSAWEB?WEBEVENT+L504AD84F85F0D8008D8C04W+M37+ENG" "Mozilla/4.0 (compatible; MSIE 6.0; Windows NT 5.1; SV1; GTB6; InfoPath.1)"
202.71.102.239 - - [12/May/2009:03:44:06 -0400] "GET /logs/access_log.Q108103100/e404.php?DOCUMENT_ROOT=http://theblythes.net/cal/db/log?? HTTP/1.1" 404 233 "-" "Mozilla/5.0"
202.71.102.239 - - [12/May/2009:03:44:06 -0400] "GET /e404.php?DOCUMENT_ROOT=http://theblythes.net/cal/db/log?? HTTP/1.1" 404 206 "-" "Mozilla/5.0"
202.71.102.239 - - [12/May/2009:03:44:06 -0400] "GET /logs/e404.php?DOCUMENT_ROOT=http://theblythes.net/cal/db/log?? HTTP/1.1" 404 211 "-" "Mozilla/5.0"
190.144.44.36 - - [12/May/2009:03:44:07 -0400] "GET /logs/access_log.Q108103100%20%20/e404.php?DOCUMENT_ROOT=http://theblythes.net/cal/db/log?? HTTP/1.1" 404 235 "-" "Mozilla/5.0"
190.144.44.36 - - [12/May/2009:03:44:07 -0400] "GET /e404.php?DOCUMENT_ROOT=http://theblythes.net/cal/db/log?? HTTP/1.1" 404 206 "-" "Mozilla/5.0"
190.144.44.36 - - [12/May/2009:03:44:07 -0400] "GET /logs/e404.php?DOCUMENT_ROOT=http://theblythes.net/cal/db/log?? HTTP/1.1" 404 211 "-" "Mozilla/5.0"
85.105.85.50 - - [12/May/2009:03:44:09 -0400] "GET /images/cat_collapse.gif HTTP/1.1" 200 76 "http://www.aceonlinestore.com/CGI-BIN/LANSAWEB?WEBEVENT+L504AD84F85F0D8008D8C04W+M37+ENG" "Mozilla/4.0 (compatible; MSIE 6.0; Windows NT 5.1; SV1; GTB6; InfoPath.1)"
85.105.85.50 - - [12/May/2009:03:44:16 -0400] "POST /CGI-BIN/LANSAWEB?WEBEVENT+L105ADA459E40A500CDDC09B+M37+ENG HTTP/1.1" 200 69450 "http://www.aceonlinestore.com/CGI-BIN/LANSAWEB?WEBEVENT+L504AD84F85F0D8008D8C04W+M37+ENG" "Mozilla/4.0 (compatible; MSIE 6.0; Windows NT 5.1; SV1; GTB6; InfoPath.1)"
85.105.85.50 - - [12/May/2009:03:44:18 -0400] "GET /images/pf-a.gif HTTP/1.1" 304 - "http://www.aceonlinestore.com/CGI-BIN/LANSAWEB?WEBEVENT+L105ADA459E40A500CDDC09B+M37+ENG" "Mozilla/4.0 (compatible; MSIE 6.0; Windows NT 5.1; SV1; GTB6; InfoPath.1)"
85.105.85.50 - - [12/May/2009:03:44:18 -0400] "GET /images/items/ALLOOSS2_THUMB.JPG HTTP/1.1" 200 2001 "http://www.aceonlinestore.com/CGI-BIN/LANSAWEB?WEBEVENT+L105ADA459E40A500CDDC09B+M37+ENG" "Mozilla/4.0 (compatible; MSIE 6.0; Windows NT 5.1; SV1; GTB6; InfoPath.1)"
85.105.85.50 - - [12/May/2009:03:44:18 -0400] "GET /images/items/ALLOOSS1_THUMB.JPG HTTP/1.1" 304 - "http://www.aceonlinestore.com/CGI-BIN/LANSAWEB?WEBEVENT+L105ADA459E40A500CDDC09B+M37+ENG" "Mozilla/4.0 (compatible; MSIE 6.0; Windows NT 5.1; SV1; GTB6; InfoPath.1)"
85.105.85.50 - - [12/May/2009:03:44:18 -0400] "GET /images/space.gif HTTP/1.1" 304 - "http://www.aceonlinestore.com/CGI-BIN/LANSAWEB?WEBEVENT+L105ADA459E40A500CDDC09B+M37+ENG" "Mozilla/4.0 (compatible; MSIE 6.0; Windows NT 5.1; SV1; GTB6; InfoPath.1)"
85.105.85.50 - - [12/May/2009:03:44:18 -0400] "GET /images/next.gif HTTP/1.1" 200 249 "http://www.aceonlinestore.com/CGI-BIN/LANSAWEB?WEBEVENT+L105ADA459E40A500CDDC09B+M37+ENG" "Mozilla/4.0 (compatible; MSIE 6.0; Windows NT 5.1; SV1; GTB6; InfoPath.1)"
190.144.44.36 - - [12/May/2009:03:44:20 -0400] "GET /logs/access_log.Q109010300%20%20/e404.php?DOCUMENT_ROOT=http://theblythes.net/cal/db/log?? HTTP/1.1" 404 235 "-" "Mozilla/5.0"
202.71.102.239 - - [12/May/2009:03:44:39 -0400] "GET /logs/access_log.Q109010300/e404.php?DOCUMENT_ROOT=http://theblythes.net/cal/db/log?? HTTP/1.1" 404 233 "-" "Mozilla/5.0"
202.71.102.239 - - [12/May/2009:03:44:46 -0400] "GET /logs/e404.php?DOCUMENT_ROOT=http://theblythes.net/cal/db/log?? HTTP/1.1" 404 211 "-" "Mozilla/5.0"
202.71.102.239 - - [12/May/2009:03:44:46 -0400] "GET /e404.php?DOCUMENT_ROOT=http://theblythes.net/cal/db/log?? HTTP/1.1" 404 206 "-" "Mozilla/5.0"
202.71.102.239 - - [12/May/2009:03:44:46 -0400] "GET /logs/access_log.Q108103100%20%20/e404.php?DOCUMENT_ROOT=http://theblythes.net/cal/db/log?? HTTP/1.1" 404 235 "-" "Mozilla/5.0"
85.105.85.50 - - [12/May/2009:03:44:54 -0400] "POST /CGI-BIN/LANSAWEB?WEBEVENT+L105ADA459E40A500CDDC09B+M37+ENG HTTP/1.1" 200 49848 "http://www.aceonlinestore.com/CGI-BIN/LANSAWEB?WEBEVENT+L504AD84F85F0D8008D8C04W+M37+ENG" "Mozilla/4.0 (compatible; MSIE 6.0; Windows NT 5.1; SV1; GTB6; InfoPath.1)"
202.71.102.239 - - [12/May/2009:03:45:06 -0400] "GET /logs/access_log.Q109010300%20%20/e404.php?DOCUMENT_ROOT=http://theblythes.net/cal/db/log?? HTTP/1.1" 404 235 "-" "Mozilla/5.0"
208.109.178.1 - - [12/May/2009:03:45:15 -0400] "GET /logs/access_log.Q108103100/e404.php?DOCUMENT_ROOT=http://theblythes.net/cal/db/log?? HTTP/1.1" 404 233 "-" "Mozilla/5.0"
208.109.178.1 - - [12/May/2009:03:45:15 -0400] "GET /e404.php?DOCUMENT_ROOT=http://theblythes.net/cal/db/log?? HTTP/1.1" 404 206 "-" "Mozilla/5.0"
208.109.178.1 - - [12/May/2009:03:45:16 -0400] "GET /logs/e404.php?DOCUMENT_ROOT=http://theblythes.net/cal/db/log?? HTTP/1.1" 404 211 "-" "Mozilla/5.0"
208.109.178.1 - - [12/May/2009:03:45:16 -0400] "GET /logs/access_log.Q108103100/e404.php?DOCUMENT_ROOT=http://theblythes.net/cal/db/log?? HTTP/1.1" 404 233 "-" "Mozilla/5.0"
208.109.178.1 - - [12/May/2009:03:45:16 -0400] "GET /e404.php?DOCUMENT_ROOT=http://theblythes.net/cal/db/log?? HTTP/1.1" 404 206 "-" "Mozilla/5.0"
208.109.178.1 - - [12/May/2009:03:45:18 -0400] "GET /logs/e404.php?DOCUMENT_ROOT=http://theblythes.net/cal/db/log?? HTTP/1.1" 404 211 "-" "Mozilla/5.0"
208.109.178.1 - - [12/May/2009:03:45:20 -0400] "GET /e404.php?DOCUMENT_ROOT=http://theblythes.net/cal/db/log?? HTTP/1.1" 404 206 "-" "Mozilla/5.0"
208.109.178.1 - - [12/May/2009:03:45:20 -0400] "GET /logs/access_log.Q108103100/e404.php?DOCUMENT_ROOT=http://theblythes.net/cal/db/log?? HTTP/1.1" 404 233 "-" "Mozilla/5.0"
208.109.178.1 - - [12/May/2009:03:45:20 -0400] "GET /logs/e404.php?DOCUMENT_ROOT=http://theblythes.net/cal/db/log?? HTTP/1.1" 404 211 "-" "Mozilla/5.0"
190.144.44.36 - - [12/May/2009:03:45:22 -0400] "GET /e404.php?DOCUMENT_ROOT=http://theblythes.net/cal/db/log?? HTTP/1.1" 404 206 "-" "Mozilla/5.0"
190.144.44.36 - - [12/May/2009:03:45:22 -0400] "GET /logs/access_log.Q108103100/e404.php?DOCUMENT_ROOT=http://theblythes.net/cal/db/log?? HTTP/1.1" 404 233 "-" "Mozilla/5.0"
190.144.44.36 - - [12/May/2009:03:45:22 -0400] "GET /logs/e404.php?DOCUMENT_ROOT=http://theblythes.net/cal/db/log?? HTTP/1.1" 404 211 "-" "Mozilla/5.0"
66.232.102.70 - - [12/May/2009:03:45:32 -0400] "GET /logs//modules/errors.php?error=http://flyozoneusa.com/tmp/id1.txt?? HTTP/1.1" 404 222 "-" "Mozilla/5.0"
66.232.102.70 - - [12/May/2009:03:45:32 -0400] "GET //modules/errors.php?error=http://flyozoneusa.com/tmp/id1.txt?? HTTP/1.1" 404 217 "-" "Mozilla/5.0"
66.232.102.70 - - [12/May/2009:03:45:32 -0400] "GET /logs/access_log.Q109030500%20%20//modules/errors.php?error=http://flyozoneusa.com/tmp/id1.txt?? HTTP/1.1" 404 246 "-" "Mozilla/5.0"
208.64.202.135 - - [12/May/2009:03:45:33 -0400] "GET /oneadmin/newspublish/include.php?path[docroot]=http://theblythes.net/cal/mydb?? HTTP/1.1" 404 230 "-" "Mozilla/5.0"
208.64.202.135 - - [12/May/2009:03:45:33 -0400] "GET /logs/oneadmin/newspublish/include.php?path[docroot]=http://theblythes.net/cal/mydb?? HTTP/1.1" 404 235 "-" "Mozilla/5.0"
208.64.202.135 - - [12/May/2009:03:45:33 -0400] "GET /logs/access_log.Q109050700/oneadmin/newspublish/include.php?path[docroot]=http://theblythes.net/cal/mydb?? HTTP/1.1" 404 257 "-" "Mozilla/5.0"
208.64.202.135 - - [12/May/2009:03:45:35 -0400] "GET /oneadmin/newspublish/include.php?path[docroot]=http://theblythes.net/cal/mydb?? HTTP/1.1" 404 230 "-" "Mozilla/5.0"
208.64.202.135 - - [12/May/2009:03:45:35 -0400] "GET /logs/oneadmin/newspublish/include.php?path[docroot]=http://theblythes.net/cal/mydb?? HTTP/1.1" 404 235 "-" "Mozilla/5.0"
208.64.202.135 - - [12/May/2009:03:45:35 -0400] "GET /logs/access_log.Q109050700/oneadmin/newspublish/include.php?path[docroot]=http://theblythes.net/cal/mydb?? HTTP/1.1" 404 257 "-" "Mozilla/5.0"
190.144.44.36 - - [12/May/2009:03:45:47 -0400] "GET /logs/access_log.Q109050800/e404.php?DOCUMENT_ROOT=http://theblythes.net/cal/db/log?? HTTP/1.1" 404 233 "-" "Mozilla/5.0"
208.109.178.1 - - [12/May/2009:03:46:00 -0400] "GET /logs/access_log.Q108100500/e404.php?DOCUMENT_ROOT=http://theblythes.net/cal/db/log?? HTTP/1.1" 404 233 "-" "Mozilla/5.0"
208.109.178.1 - - [12/May/2009:03:46:04 -0400] "GET /logs/access_log.Q108100500/e404.php?DOCUMENT_ROOT=http://theblythes.net/cal/db/log?? HTTP/1.1" 404 233 "-" "Mozilla/5.0"
72.30.142.126 - - [12/May/2009:03:46:05 -0400] "GET /logs/access_log.Q108073000 HTTP/1.0" 404 224 "-" "Mozilla/5.0 (compatible; Yahoo! Slurp/3.0; http://help.yahoo.com/help/us/ysearch/slurp)"
208.109.178.1 - - [12/May/2009:03:46:06 -0400] "GET /logs/access_log.Q108100500/e404.php?DOCUMENT_ROOT=http://theblythes.net/cal/db/log?? HTTP/1.1" 404 233 "-" "Mozilla/5.0"
85.105.85.50 - - [12/May/2009:03:46:38 -0400] "POST /CGI-BIN/LANSAWEB?WEBEVENT+L105ADA459E40A500CDDC09B+M37+ENG HTTP/1.1" 200 61440 "http://www.aceonlinestore.com/CGI-BIN/LANSAWEB?WEBEVENT+L504AD84F85F0D8008D8C04W+M37+ENG" "Mozilla/4.0 (compatible; MSIE 6.0; Windows NT 5.1; SV1; GTB6; InfoPath.1)"
85.105.85.50 - - [12/May/2009:03:46:40 -0400] "GET /images/items/4002005_THUMB.JPG HTTP/1.1" 200 2506 "http://www.aceonlinestore.com/CGI-BIN/LANSAWEB?WEBEVENT+L105ADA459E40A500CDDC09B+M37+ENG" "Mozilla/4.0 (compatible; MSIE 6.0; Windows NT 5.1; SV1; GTB6; InfoPath.1)"
85.105.85.50 - - [12/May/2009:03:46:41 -0400] "GET /images/items/4000011_THUMB.JPG HTTP/1.1" 200 2529 "http://www.aceonlinestore.com/CGI-BIN/LANSAWEB?WEBEVENT+L105ADA459E40A500CDDC09B+M37+ENG" "Mozilla/4.0 (compatible; MSIE 6.0; Windows NT 5.1; SV1; GTB6; InfoPath.1)"
85.105.85.50 - - [12/May/2009:03:46:41 -0400] "GET /images/items/4000030_THUMB.JPG HTTP/1.1" 200 2601 "http://www.aceonlinestore.com/CGI-BIN/LANSAWEB?WEBEVENT+L105ADA459E40A500CDDC09B+M37+ENG" "Mozilla/4.0 (compatible; MSIE 6.0; Windows NT 5.1; SV1; GTB6; InfoPath.1)"
85.105.85.50 - - [12/May/2009:03:46:41 -0400] "GET /images/items/4000009_THUMB.JPG HTTP/1.1" 200 2460 "http://www.aceonlinestore.com/CGI-BIN/LANSAWEB?WEBEVENT+L105ADA459E40A500CDDC09B+M37+ENG" "Mozilla/4.0 (compatible; MSIE 6.0; Windows NT 5.1; SV1; GTB6; InfoPath.1)"
85.105.85.50 - - [12/May/2009:03:46:41 -0400] "GET /images/items/4001019_THUMB.JPG HTTP/1.1" 200 2413 "http://www.aceonlinestore.com/CGI-BIN/LANSAWEB?WEBEVENT+L105ADA459E40A500CDDC09B+M37+ENG" "Mozilla/4.0 (compatible; MSIE 6.0; Windows NT 5.1; SV1; GTB6; InfoPath.1)"
85.105.85.50 - - [12/May/2009:03:46:42 -0400] "GET /images/items/4000001_THUMB.JPG HTTP/1.1" 200 2563 "http://www.aceonlinestore.com/CGI-BIN/LANSAWEB?WEBEVENT+L105ADA459E40A500CDDC09B+M37+ENG" "Mozilla/4.0 (compatible; MSIE 6.0; Windows NT 5.1; SV1; GTB6; InfoPath.1)"
190.144.44.36 - - [12/May/2009:03:46:44 -0400] "GET /e404.php?DOCUMENT_ROOT=http://theblythes.net/cal/db/log?? HTTP/1.1" 404 206 "-" "Mozilla/5.0"
190.144.44.36 - - [12/May/2009:03:46:44 -0400] "GET /logs/access_log.Q108103100/e404.php?DOCUMENT_ROOT=http://theblythes.net/cal/db/log?? HTTP/1.1" 404 233 "-" "Mozilla/5.0"
190.144.44.36 - - [12/May/2009:03:46:44 -0400] "GET /logs/e404.php?DOCUMENT_ROOT=http://theblythes.net/cal/db/log?? HTTP/1.1" 404 211 "-" "Mozilla/5.0"
80.86.82.88 - - [12/May/2009:03:46:48 -0400] "GET /logs//content/multithumb/multithumb?mosConfig_absolute_path=http://10thplanet.com/playlist/scan/id???? HTTP/1.1" 404 233 "-" "libwww-perl/5.825"
80.86.82.88 - - [12/May/2009:03:46:48 -0400] "GET //content/multithumb/multithumb?mosConfig_absolute_path=http://10thplanet.com/playlist/scan/id???? HTTP/1.1" 404 228 "-" "libwww-perl/5.825"
85.105.85.50 - - [12/May/2009:03:46:51 -0400] "POST /CGI-BIN/LANSAWEB?WEBEVENT+L105ADA459E40A500CDDC09B+M37+ENG HTTP/1.1" 200 64808 "http://www.aceonlinestore.com/CGI-BIN/LANSAWEB?WEBEVENT+L504AD84F85F0D8008D8C04W+M37+ENG" "Mozilla/4.0 (compatible; MSIE 6.0; Windows NT 5.1; SV1; GTB6; InfoPath.1)"
85.105.85.50 - - [12/May/2009:03:46:54 -0400] "GET /images/items/45417901_THUMB.JPG HTTP/1.1" 200 14987 "http://www.aceonlinestore.com/CGI-BIN/LANSAWEB?WEBEVENT+L105ADA459E40A500CDDC09B+M37+ENG" "Mozilla/4.0 (compatible; MSIE 6.0; Windows NT 5.1; SV1; GTB6; InfoPath.1)"
85.105.85.50 - - [12/May/2009:03:46:54 -0400] "GET /images/items/45419001_THUMB.JPG HTTP/1.1" 200 14901 "http://www.aceonlinestore.com/CGI-BIN/LANSAWEB?WEBEVENT+L105ADA459E40A500CDDC09B+M37+ENG" "Mozilla/4.0 (compatible; MSIE 6.0; Windows NT 5.1; SV1; GTB6; InfoPath.1)"
72.32.210.206 - - [12/May/2009:03:46:54 -0400] "GET /logs/access_log.Q108090100/index2.php?option=com_custompages&cpage=http://www.ladyboss.com.ua/images/fx29id2.txt??? HTTP/1.1" 404 235 "-" "Mozilla/5.0"
85.105.85.50 - - [12/May/2009:03:46:54 -0400] "GET /images/items/45418015_THUMB.JPG HTTP/1.1" 200 16032 "http://www.aceonlinestore.com/CGI-BIN/LANSAWEB?WEBEVENT+L105ADA459E40A500CDDC09B+M37+ENG" "Mozilla/4.0 (compatible; MSIE 6.0; Windows NT 5.1; SV1; GTB6; InfoPath.1)"
85.105.85.50 - - [12/May/2009:03:46:54 -0400] "GET /images/items/45415001_THUMB.JPG HTTP/1.1" 200 14884 "http://www.aceonlinestore.com/CGI-BIN/LANSAWEB?WEBEVENT+L105ADA459E40A500CDDC09B+M37+ENG" "Mozilla/4.0 (compatible; MSIE 6.0; Windows NT 5.1; SV1; GTB6; InfoPath.1)"
85.105.85.50 - - [12/May/2009:03:46:55 -0400] "GET /images/items/45415201_THUMB.JPG HTTP/1.1" 200 14626 "http://www.aceonlinestore.com/CGI-BIN/LANSAWEB?WEBEVENT+L105ADA459E40A500CDDC09B+M37+ENG" "Mozilla/4.0 (compatible; MSIE 6.0; Windows NT 5.1; SV1; GTB6; InfoPath.1)"
85.105.85.50 - - [12/May/2009:03:46:55 -0400] "GET /images/items/TRUSCREWS_THUMB.JPG HTTP/1.1" 200 15579 "http://www.aceonlinestore.com/CGI-BIN/LANSAWEB?WEBEVENT+L105ADA459E40A500CDDC09B+M37+ENG" "Mozilla/4.0 (compatible; MSIE 6.0; Windows NT 5.1; SV1; GTB6; InfoPath.1)"
85.105.85.50 - - [12/May/2009:03:46:59 -0400] "GET /CGI-BIN/LANSAWEB?PROCFUN+WORDPR01+FULLIMG+M37+FUNCPARMS+WEBCMP(S0020):1+WEBSSN(A0240):L504AD5488D50C800A44C04W+WSEQ(S0060):1+OUITEM(A0200):45418015 HTTP/1.1" 200 27013 "-" "Mozilla/4.0 (compatible; MSIE 6.0; Windows NT 5.1; SV1; GTB6; InfoPath.1)"
85.105.85.50 - - [12/May/2009:03:47:00 -0400] "GET /images/items/45418015_FULL.JPG HTTP/1.1" 200 16075 "http://www.aceonlinestore.com/CGI-BIN/LANSAWEB?PROCFUN+WORDPR01+FULLIMG+M37+FUNCPARMS+WEBCMP(S0020):1+WEBSSN(A0240):L504AD5488D50C800A44C04W+WSEQ(S0060):1+OUITEM(A0200):45418015" "Mozilla/4.0 (compatible; MSIE 6.0; Windows NT 5.1; SV1; GTB6; InfoPath.1)"
190.144.44.36 - - [12/May/2009:03:47:04 -0400] "GET /logs/access_log.Q109050800/e404.php?DOCUMENT_ROOT=http://theblythes.net/cal/db/log?? HTTP/1.1" 404 233 "-" "Mozilla/5.0"
85.105.85.50 - - [12/May/2009:03:47:17 -0400] "GET /CGI-BIN/LANSAWEB?PROCFUN+WORDPR01+FULLIMG+M37+FUNCPARMS+WEBCMP(S0020):1+WEBSSN(A0240):L504AD5488D50C800A44C04W+WSEQ(S0060):1+OUITEM(A0200):45419001 HTTP/1.1" 200 27013 "-" "Mozilla/4.0 (compatible; MSIE 6.0; Windows NT 5.1; SV1; GTB6; InfoPath.1)"
85.105.85.50 - - [12/May/2009:03:47:18 -0400] "GET /images/items/45419001_FULL.JPG HTTP/1.1" 200 9069 "http://www.aceonlinestore.com/CGI-BIN/LANSAWEB?PROCFUN+WORDPR01+FULLIMG+M37+FUNCPARMS+WEBCMP(S0020):1+WEBSSN(A0240):L504AD5488D50C800A44C04W+WSEQ(S0060):1+OUITEM(A0200):45419001" "Mozilla/4.0 (compatible; MSIE 6.0; Windows NT 5.1; SV1; GTB6; InfoPath.1)"
208.109.178.1 - - [12/May/2009:03:47:21 -0400] "GET /e404.php?DOCUMENT_ROOT=http://theblythes.net/cal/db/log?? HTTP/1.1" 404 206 "-" "Mozilla/5.0"
208.109.178.1 - - [12/May/2009:03:47:21 -0400] "GET /e404.php?DOCUMENT_ROOT=http://theblythes.net/cal/db/log?? HTTP/1.1" 404 206 "-" "Mozilla/5.0"
208.109.178.1 - - [12/May/2009:03:47:21 -0400] "GET /logs/e404.php?DOCUMENT_ROOT=http://theblythes.net/cal/db/log?? HTTP/1.1" 404 211 "-" "Mozilla/5.0"
208.109.178.1 - - [12/May/2009:03:47:21 -0400] "GET /logs/e404.php?DOCUMENT_ROOT=http://theblythes.net/cal/db/log?? HTTP/1.1" 404 211 "-" "Mozilla/5.0"
208.109.178.1 - - [12/May/2009:03:47:21 -0400] "GET /e404.php?DOCUMENT_ROOT=http://theblythes.net/cal/db/log?? HTTP/1.1" 404 206 "-" "Mozilla/5.0"
208.109.178.1 - - [12/May/2009:03:47:21 -0400] "GET /logs/access_log.Q108103100/e404.php?DOCUMENT_ROOT=http://theblythes.net/cal/db/log?? HTTP/1.1" 404 233 "-" "Mozilla/5.0"
208.109.178.1 - - [12/May/2009:03:47:21 -0400] "GET /logs/access_log.Q108103100/e404.php?DOCUMENT_ROOT=http://theblythes.net/cal/db/log?? HTTP/1.1" 404 233 "-" "Mozilla/5.0"
208.109.178.1 - - [12/May/2009:03:47:21 -0400] "GET /logs/e404.php?DOCUMENT_ROOT=http://theblythes.net/cal/db/log?? HTTP/1.1" 404 211 "-" "Mozilla/5.0"
208.109.178.1 - - [12/May/2009:03:47:21 -0400] "GET /logs/access_log.Q108103100/e404.php?DOCUMENT_ROOT=http://theblythes.net/cal/db/log?? HTTP/1.1" 404 233 "-" "Mozilla/5.0"
85.105.85.50 - - [12/May/2009:03:47:24 -0400] "GET /CGI-BIN/LANSAWEB?PROCFUN+WORDPR01+FULLIMG+M37+FUNCPARMS+WEBCMP(S0020):1+WEBSSN(A0240):L504AD5488D50C800A44C04W+WSEQ(S0060):1+OUITEM(A0200):45417901 HTTP/1.1" 200 27013 "-" "Mozilla/4.0 (compatible; MSIE 6.0; Windows NT 5.1; SV1; GTB6; InfoPath.1)"
85.105.85.50 - - [12/May/2009:03:47:25 -0400] "GET /images/items/45417901_FULL.JPG HTTP/1.1" 200 9747 "http://www.aceonlinestore.com/CGI-BIN/LANSAWEB?PROCFUN+WORDPR01+FULLIMG+M37+FUNCPARMS+WEBCMP(S0020):1+WEBSSN(A0240):L504AD5488D50C800A44C04W+WSEQ(S0060):1+OUITEM(A0200):45417901" "Mozilla/4.0 (compatible; MSIE 6.0; Windows NT 5.1; SV1; GTB6; InfoPath.1)"
72.30.142.126 - - [12/May/2009:03:47:27 -0400] "GET /cgi-bin/lansaweb?procfun+wordpr01+webfunc+%20M37+funcparms+WEBKEY(A0100):DDCSRCH+RNDIV(S004):01+RNCLAS(S0040):12+RNSUBS%20(S0040):0 HTTP/1.0" 200 69450 "-" "Mozilla/5.0 (compatible; Yahoo! Slurp/3.0; http://help.yahoo.com/help/us/ysearch/slurp)"
85.105.85.50 - - [12/May/2009:03:47:31 -0400] "GET /CGI-BIN/LANSAWEB?PROCFUN+WORDPR01+FULLIMG+M37+FUNCPARMS+WEBCMP(S0020):1+WEBSSN(A0240):L504AD5488D50C800A44C04W+WSEQ(S0060):1+OUITEM(A0200):45415001 HTTP/1.1" 200 27013 "-" "Mozilla/4.0 (compatible; MSIE 6.0; Windows NT 5.1; SV1; GTB6; InfoPath.1)"
85.105.85.50 - - [12/May/2009:03:47:32 -0400] "GET /images/items/45415001_FULL.JPG HTTP/1.1" 200 7917 "http://www.aceonlinestore.com/CGI-BIN/LANSAWEB?PROCFUN+WORDPR01+FULLIMG+M37+FUNCPARMS+WEBCMP(S0020):1+WEBSSN(A0240):L504AD5488D50C800A44C04W+WSEQ(S0060):1+OUITEM(A0200):45415001" "Mozilla/4.0 (compatible; MSIE 6.0; Windows NT 5.1; SV1; GTB6; InfoPath.1)"
85.105.85.50 - - [12/May/2009:03:47:45 -0400] "GET /CGI-BIN/LANSAWEB?PROCFUN+WORDPR01+FULLIMG+M37+FUNCPARMS+WEBCMP(S0020):1+WEBSSN(A0240):L504AD5488D50C800A44C04W+WSEQ(S0060):1+OUITEM(A0200):45427206 HTTP/1.1" 200 27015 "-" "Mozilla/4.0 (compatible; MSIE 6.0; Windows NT 5.1; SV1; GTB6; InfoPath.1)"
85.105.85.50 - - [12/May/2009:03:47:45 -0400] "GET /images/items/TRUSCREWS_FULL.JPG HTTP/1.1" 200 12009 "http://www.aceonlinestore.com/CGI-BIN/LANSAWEB?PROCFUN+WORDPR01+FULLIMG+M37+FUNCPARMS+WEBCMP(S0020):1+WEBSSN(A0240):L504AD5488D50C800A44C04W+WSEQ(S0060):1+OUITEM(A0200):45427206" "Mozilla/4.0 (compatible; MSIE 6.0; Windows NT 5.1; SV1; GTB6; InfoPath.1)"
208.64.202.135 - - [12/May/2009:03:47:50 -0400] "GET /logs/access_log.Q109050700%20%20/oneadmin/newspublish/include.php?path[docroot]=http://theblythes.net/cal/mydb?? HTTP/1.1" 404 259 "-" "Mozilla/5.0"
122.153.212.195 - - [12/May/2009:03:47:51 -0400] "GET //phpopenchat/contrib/yabbse/poc.php?sourcedir=http://theblythes.net/cal/mydb?? HTTP/1.1" 404 233 "-" "Mozilla/5.0"
122.153.212.195 - - [12/May/2009:03:47:51 -0400] "GET /logs//phpopenchat/contrib/yabbse/poc.php?sourcedir=http://theblythes.net/cal/mydb?? HTTP/1.1" 404 238 "-" "Mozilla/5.0"
208.64.202.135 - - [12/May/2009:03:47:52 -0400] "GET /logs/access_log.Q109050700%20%20/oneadmin/newspublish/include.php?path[docroot]=http://theblythes.net/cal/mydb?? HTTP/1.1" 404 259 "-" "Mozilla/5.0"
85.105.85.50 - - [12/May/2009:03:47:57 -0400] "GET /images/head_aceLogo.gif HTTP/1.1" 304 - "http://www.aceonlinestore.com/CGI-BIN/LANSAWEB?WEBEVENT+L504AD84F85F0D8008D8C04W+M37+ENG" "Mozilla/4.0 (compatible; MSIE 6.0; Windows NT 5.1; SV1; GTB6; InfoPath.1)"
85.105.85.50 - - [12/May/2009:03:47:57 -0400] "GET /images/head_btn-shop.gif HTTP/1.1" 304 - "http://www.aceonlinestore.com/CGI-BIN/LANSAWEB?WEBEVENT+L504AD84F85F0D8008D8C04W+M37+ENG" "Mozilla/4.0 (compatible; MSIE 6.0; Windows NT 5.1; SV1; GTB6; InfoPath.1)"
85.105.85.50 - - [12/May/2009:03:47:58 -0400] "GET /images/head_btn-products.gif HTTP/1.1" 304 - "http://www.aceonlinestore.com/CGI-BIN/LANSAWEB?WEBEVENT+L504AD84F85F0D8008D8C04W+M37+ENG" "Mozilla/4.0 (compatible; MSIE 6.0; Windows NT 5.1; SV1; GTB6; InfoPath.1)"
85.105.85.50 - - [12/May/2009:03:47:58 -0400] "GET /images/head_btn-catalogs.gif HTTP/1.1" 304 - "http://www.aceonlinestore.com/CGI-BIN/LANSAWEB?WEBEVENT+L504AD84F85F0D8008D8C04W+M37+ENG" "Mozilla/4.0 (compatible; MSIE 6.0; Windows NT 5.1; SV1; GTB6; InfoPath.1)"
85.105.85.50 - - [12/May/2009:03:47:58 -0400] "GET /images/head_btn-brochures.gif HTTP/1.1" 304 - "http://www.aceonlinestore.com/CGI-BIN/LANSAWEB?WEBEVENT+L504AD84F85F0D8008D8C04W+M37+ENG" "Mozilla/4.0 (compatible; MSIE 6.0; Windows NT 5.1; SV1; GTB6; InfoPath.1)"
85.105.85.50 - - [12/May/2009:03:47:58 -0400] "GET /images/head_btn-space1.gif HTTP/1.1" 304 - "http://www.aceonlinestore.com/CGI-BIN/LANSAWEB?WEBEVENT+L504AD84F85F0D8008D8C04W+M37+ENG" "Mozilla/4.0 (compatible; MSIE 6.0; Windows NT 5.1; SV1; GTB6; InfoPath.1)"
85.105.85.50 - - [12/May/2009:03:47:58 -0400] "GET /images/head_surgical-supply.gif HTTP/1.1" 304 - "http://www.aceonlinestore.com/CGI-BIN/LANSAWEB?WEBEVENT+L504AD84F85F0D8008D8C04W+M37+ENG" "Mozilla/4.0 (compatible; MSIE 6.0; Windows NT 5.1; SV1; GTB6; InfoPath.1)"
85.105.85.50 - - [12/May/2009:03:47:58 -0400] "GET /images/head_btn-tutorials.gif HTTP/1.1" 304 - "http://www.aceonlinestore.com/CGI-BIN/LANSAWEB?WEBEVENT+L504AD84F85F0D8008D8C04W+M37+ENG" "Mozilla/4.0 (compatible; MSIE 6.0; Windows NT 5.1; SV1; GTB6; InfoPath.1)"
85.105.85.50 - - [12/May/2009:03:47:59 -0400] "GET /images/head_btn-seminars.gif HTTP/1.1" 304 - "http://www.aceonlinestore.com/CGI-BIN/LANSAWEB?WEBEVENT+L504AD84F85F0D8008D8C04W+M37+ENG" "Mozilla/4.0 (compatible; MSIE 6.0; Windows NT 5.1; SV1; GTB6; InfoPath.1)"
85.105.85.50 - - [12/May/2009:03:47:59 -0400] "GET /images/head_btn-conventions.gif HTTP/1.1" 304 - "http://www.aceonlinestore.com/CGI-BIN/LANSAWEB?WEBEVENT+L504AD84F85F0D8008D8C04W+M37+ENG" "Mozilla/4.0 (compatible; MSIE 6.0; Windows NT 5.1; SV1; GTB6; InfoPath.1)"
85.105.85.50 - - [12/May/2009:03:47:59 -0400] "GET /images/head_btn-contactUs.gif HTTP/1.1" 304 - "http://www.aceonlinestore.com/CGI-BIN/LANSAWEB?WEBEVENT+L504AD84F85F0D8008D8C04W+M37+ENG" "Mozilla/4.0 (compatible; MSIE 6.0; Windows NT 5.1; SV1; GTB6; InfoPath.1)"
85.105.85.50 - - [12/May/2009:03:47:59 -0400] "GET /images/head_btn-spacer2.gif HTTP/1.1" 304 - "http://www.aceonlinestore.com/CGI-BIN/LANSAWEB?WEBEVENT+L504AD84F85F0D8008D8C04W+M37+ENG" "Mozilla/4.0 (compatible; MSIE 6.0; Windows NT 5.1; SV1; GTB6; InfoPath.1)"
85.105.85.50 - - [12/May/2009:03:47:59 -0400] "GET /images/login_go.gif HTTP/1.1" 304 - "http://www.aceonlinestore.com/CGI-BIN/LANSAWEB?WEBEVENT+L504AD84F85F0D8008D8C04W+M37+ENG" "Mozilla/4.0 (compatible; MSIE 6.0; Windows NT 5.1; SV1; GTB6; InfoPath.1)"
85.105.85.50 - - [12/May/2009:03:47:59 -0400] "GET /images/psearch_go.gif HTTP/1.1" 304 - "http://www.aceonlinestore.com/CGI-BIN/LANSAWEB?WEBEVENT+L504AD84F85F0D8008D8C04W+M37+ENG" "Mozilla/4.0 (compatible; MSIE 6.0; Windows NT 5.1; SV1; GTB6; InfoPath.1)"
85.105.85.50 - - [12/May/2009:03:48:00 -0400] "GET /images/blend.jpg HTTP/1.1" 304 - "http://www.aceonlinestore.com/CGI-BIN/LANSAWEB?WEBEVENT+L504AD84F85F0D8008D8C04W+M37+ENG" "Mozilla/4.0 (compatible; MSIE 6.0; Windows NT 5.1; SV1; GTB6; InfoPath.1)"
85.105.85.50 - - [12/May/2009:03:48:00 -0400] "GET /images/cat_dot.gif HTTP/1.1" 304 - "http://www.aceonlinestore.com/CGI-BIN/LANSAWEB?WEBEVENT+L504AD84F85F0D8008D8C04W+M37+ENG" "Mozilla/4.0 (compatible; MSIE 6.0; Windows NT 5.1; SV1; GTB6; InfoPath.1)"
85.105.85.50 - - [12/May/2009:03:48:00 -0400] "GET /images/cat_link.gif HTTP/1.1" 304 - "http://www.aceonlinestore.com/CGI-BIN/LANSAWEB?WEBEVENT+L504AD84F85F0D8008D8C04W+M37+ENG" "Mozilla/4.0 (compatible; MSIE 6.0; Windows NT 5.1; SV1; GTB6; InfoPath.1)"
85.105.85.50 - - [12/May/2009:03:48:00 -0400] "GET /images/cat_expand.gif HTTP/1.1" 304 - "http://www.aceonlinestore.com/CGI-BIN/LANSAWEB?WEBEVENT+L504AD84F85F0D8008D8C04W+M37+ENG" "Mozilla/4.0 (compatible; MSIE 6.0; Windows NT 5.1; SV1; GTB6; InfoPath.1)"
85.105.85.50 - - [12/May/2009:03:48:00 -0400] "GET /images/head_btn-aboutUs.gif HTTP/1.1" 304 - "http://www.aceonlinestore.com/CGI-BIN/LANSAWEB?WEBEVENT+L504AD84F85F0D8008D8C04W+M37+ENG" "Mozilla/4.0 (compatible; MSIE 6.0; Windows NT 5.1; SV1; GTB6; InfoPath.1)"
